124.77.241.8 - - [13/Mar/2024:10:01:35 +0800] "GET /xingrg/check_reg.html?_=1710295304962 HTTP/1.1" 200 22
124.78.60.103 - - [13/Mar/2024:10:01:35 +0800] "GET /xingrg/check_reg.html?_=1710295295572 HTTP/1.1" 200 22
101.83.145.37 - - [13/Mar/2024:10:01:37 +0800] "GET /xingrg/all/function/internal_message.html?_=1710295298459&CODE_STATE=getMsg HTTP/1.1" 200 27
116.230.123.13 - - [13/Mar/2024:10:01:38 +0800] "GET /xingrg/all/function/internal_message.html?_=1710295295492&CODE_STATE=getMsg HTTP/1.1" 302 -
116.224.254.208 - - [13/Mar/2024:10:01:39 +0800] "GET /xingrg/all/function/internal_message.html?_=1710295299608&CODE_STATE=getMsg HTTP/1.1" 200 27
116.230.123.13 - - [13/Mar/2024:10:01:39 +0800] "GET /xingrg/check_reg.html?_=1710295298020 HTTP/1.1" 200 22
116.230.123.13 - - [13/Mar/2024:10:01:39 +0800] "GET /xingrg/all/function/internal_message.html?_=1710295298021&CODE_STATE=getMsg HTTP/1.1" 200 27
116.230.123.13 - - [13/Mar/2024:10:01:39 +0800] "GET /xingrg/kc/buy/cgsh_order_operate.html?command=get_materiel&rest_code=00111&code=00101008069&supplier_code=00100008&order_time=2024-03-13 HTTP/1.1" 200 412
222.70.115.1 - - [13/Mar/2024:10:01:43 +0800] "GET /xingrg/all/function/internal_message.html?_=1710295308556&CODE_STATE=getMsg HTTP/1.1" 200 27
116.238.97.31 - - [13/Mar/2024:10:01:44 +0800] "GET /xingrg/all/function/internal_message.html?_=1710295305180&CODE_STATE=getMsg HTTP/1.1" 200 27
116.238.97.31 - - [13/Mar/2024:10:01:44 +0800] "GET /xingrg/check_reg.html?_=1710295305428 HTTP/1.1" 200 22
124.77.241.8 - - [13/Mar/2024:10:01:45 +0800] "GET /xingrg/kc/buy/cgsh_order_operate.html?command=get_materiel&rest_code=00146&code=00101008248&supplier_code=00100005&order_time=2024-03-13 HTTP/1.1" 200 412
116.224.254.208 - - [13/Mar/2024:10:01:51 +0800] "GET /xingrg/all/function/internal_message.html?_=1710295310573&CODE_STATE=getMsg HTTP/1.1" 200 27
116.230.123.13 - - [13/Mar/2024:10:01:51 +0800] "GET /xingrg/kc/buy/cgsh_order_operate.html?command=get_materiel&rest_code=00111&code=00101008131&supplier_code=00100008&order_time=2024-03-13 HTTP/1.1" 200 408
101.228.147.14 - - [13/Mar/2024:10:01:52 +0800] "GET /xingrg/all/function/internal_message.html?_=1710295311045&CODE_STATE=getMsg HTTP/1.1" 200 27
114.89.91.180 - - [13/Mar/2024:10:02:01 +0800] "GET /xingrg/all/function/internal_message.html?_=1710295323805&CODE_STATE=getMsg HTTP/1.1" 200 27
101.83.145.37 - - [13/Mar/2024:10:02:05 +0800] "GET /xingrg/javascript/jquery_easy_ui/themes/default/images/tabs_active.png HTTP/1.1" 304 -
221.239.169.251 - - [13/Mar/2024:10:02:06 +0800] "GET /xingrg/all/function/internal_message.html?_=1710295324710&CODE_STATE=getMsg HTTP/1.1" 200 27
180.164.1.25 - - [13/Mar/2024:10:02:12 +0800] "GET /xingrg/all/function/internal_message.html?_=1710295332097&CODE_STATE=getMsg HTTP/1.1" 200 27
101.83.145.37 - - [13/Mar/2024:10:02:13 +0800] "GET /xingrg/all/function/internal_message.html?_=1710295096706&CODE_STATE=getMsg HTTP/1.1" 200 27
101.83.145.37 - - [13/Mar/2024:10:02:13 +0800] "GET /xingrg/kc/buy/cgsh_order_operate.html?command=get_materiel&rest_code=00105&code=00101006085&supplier_code=00100151&order_time=2024-03-13 HTTP/1.1" 200 409
114.89.91.180 - - [13/Mar/2024:10:02:16 +0800] "GET /xingrg/javascript/auto/indicator.gif HTTP/1.1" 404 1066
114.83.220.119 - - [13/Mar/2024:10:02:19 +0800] "GET /xingrg/all/function/internal_message.html?_=1710295337998&CODE_STATE=getMsg HTTP/1.1" 200 27
124.78.60.103 - - [13/Mar/2024:10:02:19 +0800] "GET /xingrg/all/function/internal_message.html?_=1710295339666&CODE_STATE=getMsg HTTP/1.1" 200 27
124.77.241.8 - - [13/Mar/2024:10:02:20 +0800] "GET /xingrg/kc/buy/cgsh_order_operate.html?command=get_materiel&rest_code=00146&code=00101008261&supplier_code=00100005&order_time=2024-03-13 HTTP/1.1" 200 429
124.77.241.8 - - [13/Mar/2024:10:02:20 +0800] "GET /xingrg/all/function/internal_message.html?_=1710295350621&CODE_STATE=getMsg HTTP/1.1" 200 27
222.69.133.156 - - [13/Mar/2024:10:02:22 +0800] "GET /xingrg/all/function/internal_message.html?_=1710295344330&CODE_STATE=getMsg HTTP/1.1" 200 27
101.83.145.37 - - [13/Mar/2024:10:02:25 +0800] "GET /xingrg/kc/buy/cgsh_order_operate.html?command=get_materiel&rest_code=00105&code=00101006359&supplier_code=00100151&order_time=2024-03-13 HTTP/1.1" 200 408
180.169.147.146 - - [13/Mar/2024:10:02:26 +0800] "GET /xingrg/check_reg.html?_=1710295345424 HTTP/1.1" 302 -
124.78.156.2 - - [13/Mar/2024:10:02:27 +0800] "GET /xingrg/check_reg.html?_=1710295346129 HTTP/1.1" 200 22
124.78.156.2 - - [13/Mar/2024:10:02:27 +0800] "GET /xingrg/all/function/internal_message.html?_=1710295346128&CODE_STATE=getMsg HTTP/1.1" 200 27
120.253.135.82 - - [13/Mar/2024:10:02:32 +0800] "GET /xingrg/all/function/internal_message.html?_=1710295191630&CODE_STATE=getMsg HTTP/1.1" 200 27
124.79.241.4 - - [13/Mar/2024:10:02:33 +0800] "GET /xingrg/all/function/internal_message.html?_=1710295372301&CODE_STATE=getMsg HTTP/1.1" 200 27
58.40.7.146 - - [13/Mar/2024:10:02:33 +0800] "GET /xingrg/all/function/internal_message.html?_=1710295353608&CODE_STATE=getMsg HTTP/1.1" 200 27
101.83.145.37 - - [13/Mar/2024:10:02:34 +0800] "GET /xingrg/kc/buy/cgsh_order_operate.html?command=get_materiel&rest_code=00105&code=00101006086&supplier_code=00100151&order_time=2024-03-13 HTTP/1.1" 200 415
101.83.145.37 - - [13/Mar/2024:10:02:37 +0800] "GET /xingrg/check_reg.html?_=1710295358460 HTTP/1.1" 200 22
101.83.145.37 - - [13/Mar/2024:10:02:37 +0800] "GET /xingrg/all/function/internal_message.html?_=1710295358464&CODE_STATE=getMsg HTTP/1.1" 200 27
116.230.123.13 - - [13/Mar/2024:10:02:38 +0800] "GET /xingrg/all/function/internal_message.html?_=1710295355482&CODE_STATE=getMsg HTTP/1.1" 302 -
116.224.254.208 - - [13/Mar/2024:10:02:39 +0800] "GET /xingrg/all/function/internal_message.html?_=1710295359585&CODE_STATE=getMsg HTTP/1.1" 200 27
116.230.123.13 - - [13/Mar/2024:10:02:39 +0800] "GET /xingrg/all/function/internal_message.html?_=1710295358023&CODE_STATE=getMsg HTTP/1.1" 200 27
116.224.254.208 - - [13/Mar/2024:10:02:39 +0800] "GET /xingrg/check_reg.html?_=1710295359864 HTTP/1.1" 200 22
124.77.241.8 - - [13/Mar/2024:10:02:41 +0800] "GET /xingrg/kc/buy/cgsh_order_operate.html?command=get_materiel&rest_code=00146&code=00101008224&supplier_code=00100005&order_time=2024-03-13 HTTP/1.1" 200 416
222.70.115.1 - - [13/Mar/2024:10:02:43 +0800] "GET /xingrg/check_reg.html?_=1710295368556 HTTP/1.1" 200 22
222.70.115.1 - - [13/Mar/2024:10:02:43 +0800] "GET /xingrg/all/function/internal_message.html?_=1710295368559&CODE_STATE=getMsg HTTP/1.1" 200 27
116.238.97.31 - - [13/Mar/2024:10:02:44 +0800] "GET /xingrg/all/function/internal_message.html?_=1710295365175&CODE_STATE=getMsg HTTP/1.1" 200 27
120.253.135.82 - - [13/Mar/2024:10:02:49 +0800] "GET /xingrg/check_reg.html?_=1710295208699 HTTP/1.1" 200 22
116.224.254.208 - - [13/Mar/2024:10:02:51 +0800] "GET /xingrg/all/function/internal_message.html?_=1710295370572&CODE_STATE=getMsg HTTP/1.1" 200 27
116.224.254.208 - - [13/Mar/2024:10:02:51 +0800] "GET /xingrg/check_reg.html?_=1710295370576 HTTP/1.1" 200 22
101.228.147.14 - - [13/Mar/2024:10:02:52 +0800] "GET /xingrg/all/function/internal_message.html?_=1710295371045&CODE_STATE=getMsg HTTP/1.1" 200 27
124.77.241.8 - - [13/Mar/2024:10:02:59 +0800] "GET /xingrg/kc/buy/cgsh_order_operate.html?command=get_materiel&rest_code=00146&code=00101008084&supplier_code=00100005&order_time=2024-03-13 HTTP/1.1" 200 412
116.230.123.13 - - [13/Mar/2024:10:02:59 +0800] "GET /xingrg/kc/buy/cgsh_order_operate.html?command=get_materiel&rest_code=00111&code=00101008353&supplier_code=00100008&order_time=2024-03-13 HTTP/1.1" 200 408
114.89.91.180 - - [13/Mar/2024:10:03:01 +0800] "GET /xingrg/all/function/internal_message.html?_=1710295383827&CODE_STATE=getMsg HTTP/1.1" 200 27
221.239.169.251 - - [13/Mar/2024:10:03:06 +0800] "GET /xingrg/all/function/internal_message.html?_=1710295384685&CODE_STATE=getMsg HTTP/1.1" 200 27
180.164.1.25 - - [13/Mar/2024:10:03:12 +0800] "GET /xingrg/all/function/internal_message.html?_=1710295392086&CODE_STATE=getMsg HTTP/1.1" 200 27
101.83.145.37 - - [13/Mar/2024:10:03:13 +0800] "GET /xingrg/all/function/internal_message.html?_=1710295156706&CODE_STATE=getMsg HTTP/1.1" 200 27
124.77.241.8 - - [13/Mar/2024:10:03:14 +0800] "GET /xingrg/kc/buy/cgsh_order_operate.html?command=get_materiel&rest_code=00146&code=00101008087&supplier_code=00100005&order_time=2024-03-13 HTTP/1.1" 200 412
114.83.220.119 - - [13/Mar/2024:10:03:19 +0800] "GET /xingrg/all/function/internal_message.html?_=1710295398000&CODE_STATE=getMsg HTTP/1.1" 200 27
124.78.60.103 - - [13/Mar/2024:10:03:19 +0800] "GET /xingrg/all/function/internal_message.html?_=1710295399648&CODE_STATE=getMsg HTTP/1.1" 200 27
124.77.241.8 - - [13/Mar/2024:10:03:20 +0800] "GET /xingrg/all/function/internal_message.html?_=1710295410631&CODE_STATE=getMsg HTTP/1.1" 200 27
222.69.133.156 - - [13/Mar/2024:10:03:22 +0800] "GET /xingrg/all/function/internal_message.html?_=1710295404345&CODE_STATE=getMsg HTTP/1.1" 200 27
124.78.156.2 - - [13/Mar/2024:10:03:27 +0800] "GET /xingrg/all/function/internal_message.html?_=1710295406117&CODE_STATE=getMsg HTTP/1.1" 200 27
180.163.30.85 - - [13/Mar/2024:10:03:27 +0800] "GET /xingrg/all/function/internal_message.html?_=1710295346128&CODE_STATE=getMsg HTTP/1.1" 302 -
180.163.28.180 - - [13/Mar/2024:10:03:27 +0800] "GET /xingrg/check_reg.html?_=1710295346129 HTTP/1.1" 302 -
180.163.30.85 - - [13/Mar/2024:10:03:27 +0800] "GET /xingrg/login.html HTTP/1.1" 200 7641
180.163.28.180 - - [13/Mar/2024:10:03:27 +0800] "GET /xingrg/login.html HTTP/1.1" 200 7641
124.77.241.8 - - [13/Mar/2024:10:03:27 +0800] "GET /xingrg/kc/buy/cgsh_order_operate.html?command=get_materiel&rest_code=00146&code=00101008148&supplier_code=00100005&order_time=2024-03-13 HTTP/1.1" 200 416
116.230.123.13 - - [13/Mar/2024:10:03:29 +0800] "GET /xingrg/kc/buy/cgsh_order_operate.html?command=get_materiel&rest_code=00111&code=00101008126&supplier_code=00100008&order_time=2024-03-13 HTTP/1.1" 200 412
120.253.135.82 - - [13/Mar/2024:10:03:32 +0800] "GET /xingrg/all/function/internal_message.html?_=1710295251646&CODE_STATE=getMsg HTTP/1.1" 200 27
124.79.241.4 - - [13/Mar/2024:10:03:33 +0800] "GET /xingrg/all/function/internal_message.html?_=1710295432299&CODE_STATE=getMsg HTTP/1.1" 200 27
58.40.7.146 - - [13/Mar/2024:10:03:33 +0800] "GET /xingrg/all/function/internal_message.html?_=1710295413613&CODE_STATE=getMsg HTTP/1.1" 200 27
101.83.145.37 - - [13/Mar/2024:10:03:37 +0800] "GET /xingrg/all/function/internal_message.html?_=1710295418580&CODE_STATE=getMsg HTTP/1.1" 200 27
116.230.123.13 - - [13/Mar/2024:10:03:38 +0800] "GET /xingrg/all/function/internal_message.html?_=1710295415497&CODE_STATE=getMsg HTTP/1.1" 302 -
114.89.91.180 - - [13/Mar/2024:10:03:39 +0800] "GET /xingrg/kc/buy/cgsh_order_operate.html?command=get_materiel&rest_code=00158&code=00102010491&supplier_code=00100151&order_time=2024-03-12 HTTP/1.1" 200 408
116.224.254.208 - - [13/Mar/2024:10:03:39 +0800] "GET /xingrg/all/function/internal_message.html?_=1710295419580&CODE_STATE=getMsg HTTP/1.1" 200 27
116.230.123.13 - - [13/Mar/2024:10:03:39 +0800] "GET /xingrg/all/function/internal_message.html?_=1710295418027&CODE_STATE=getMsg HTTP/1.1" 200 27
116.230.123.13 - - [13/Mar/2024:10:03:42 +0800] "GET /xingrg/kc/buy/cgsh_order_operate.html?command=get_materiel&rest_code=00111&code=00101008361&supplier_code=00100008&order_time=2024-03-13 HTTP/1.1" 200 408
124.77.241.8 - - [13/Mar/2024:10:03:43 +0800] "GET /xingrg/kc/buy/cgsh_order_operate.html?command=get_materiel&rest_code=00146&code=00101008067&supplier_code=00100005&order_time=2024-03-13 HTTP/1.1" 200 416
222.70.115.1 - - [13/Mar/2024:10:03:43 +0800] "GET /xingrg/all/function/internal_message.html?_=1710295428544&CODE_STATE=getMsg HTTP/1.1" 200 27
116.238.97.31 - - [13/Mar/2024:10:03:44 +0800] "GET /xingrg/all/function/internal_message.html?_=1710295425155&CODE_STATE=getMsg HTTP/1.1" 200 27
114.89.91.180 - - [13/Mar/2024:10:03:50 +0800] "GET /xingrg/kc/buy/cgsh_order_operate.html?command=get_materiel&rest_code=00158&code=00102034013&supplier_code=00100151&order_time=2024-03-12 HTTP/1.1" 200 405
116.224.254.208 - - [13/Mar/2024:10:03:51 +0800] "GET /xingrg/all/function/internal_message.html?_=1710295430562&CODE_STATE=getMsg HTTP/1.1" 200 27
101.228.147.14 - - [13/Mar/2024:10:03:52 +0800] "GET /xingrg/check_reg.html?_=1710295431044 HTTP/1.1" 200 22
101.228.147.14 - - [13/Mar/2024:10:03:52 +0800] "GET /xingrg/all/function/internal_message.html?_=1710295431050&CODE_STATE=getMsg HTTP/1.1" 200 27
116.230.123.13 - - [13/Mar/2024:10:03:55 +0800] "GET /xingrg/kc/buy/cgsh_order_operate.html?command=get_materiel&rest_code=00111&code=00101008355&supplier_code=00100008&order_time=2024-03-13 HTTP/1.1" 200 408
124.77.241.8 - - [13/Mar/2024:10:04:00 +0800] "GET /xingrg/kc/buy/cgsh_order_operate.html?command=get_materiel&rest_code=00146&code=00101008321&supplier_code=00100005&order_time=2024-03-13 HTTP/1.1" 200 412
114.89.91.180 - - [13/Mar/2024:10:04:01 +0800] "GET /xingrg/all/function/internal_message.html?_=1710295443829&CODE_STATE=getMsg HTTP/1.1" 200 27
221.239.169.251 - - [13/Mar/2024:10:04:06 +0800] "GET /xingrg/all/function/internal_message.html?_=1710295444673&CODE_STATE=getMsg HTTP/1.1" 200 27
116.230.123.13 - - [13/Mar/2024:10:04:09 +0800] "GET /xingrg/kc/buy/cgsh_order_operate.html?command=get_materiel&rest_code=00111&code=00101008356&supplier_code=00100008&order_time=2024-03-13 HTTP/1.1" 200 408
180.164.1.25 - - [13/Mar/2024:10:04:12 +0800] "GET /xingrg/all/function/internal_message.html?_=1710295452080&CODE_STATE=getMsg HTTP/1.1" 200 27
114.89.91.180 - - [13/Mar/2024:10:04:13 +0800] "GET /xingrg/kc/buy/cgsh_order_operate.html?command=get_materiel&rest_code=00158&code=00101008024&supplier_code=00100151&order_time=2024-03-12 HTTP/1.1" 200 408
101.83.145.37 - - [13/Mar/2024:10:04:13 +0800] "GET /xingrg/all/function/internal_message.html?_=1710295216706&CODE_STATE=getMsg HTTP/1.1" 200 27
124.77.241.8 - - [13/Mar/2024:10:04:14 +0800] "GET /xingrg/kc/buy/cgsh_order_operate.html?command=get_materiel&rest_code=00146&code=00101008213&supplier_code=00100005&order_time=2024-03-13 HTTP/1.1" 200 412
114.83.220.119 - - [13/Mar/2024:10:04:19 +0800] "GET /xingrg/all/function/internal_message.html?_=1710295458000&CODE_STATE=getMsg HTTP/1.1" 200 27
124.78.60.103 - - [13/Mar/2024:10:04:19 +0800] "GET /xingrg/all/function/internal_message.html?_=1710295459633&CODE_STATE=getMsg HTTP/1.1" 200 27
124.77.241.8 - - [13/Mar/2024:10:04:20 +0800] "GET /xingrg/all/function/internal_message.html?_=1710295470645&CODE_STATE=getMsg HTTP/1.1" 200 27
116.230.123.13 - - [13/Mar/2024:10:04:22 +0800] "GET /xingrg/kc/buy/cgsh_order_operate.html?command=get_materiel&rest_code=00111&code=00101008172&supplier_code=00100008&order_time=2024-03-13 HTTP/1.1" 200 412
222.69.133.156 - - [13/Mar/2024:10:04:22 +0800] "GET /xingrg/all/function/internal_message.html?_=1710295464329&CODE_STATE=getMsg HTTP/1.1" 200 27
124.78.156.2 - - [13/Mar/2024:10:04:27 +0800] "GET /xingrg/all/function/internal_message.html?_=1710295466126&CODE_STATE=getMsg HTTP/1.1" 200 27
180.163.29.212 - - [13/Mar/2024:10:04:27 +0800] "GET /xingrg/all/function/internal_message.html?_=1710295406117&CODE_STATE=getMsg HTTP/1.1" 302 -
180.163.29.212 - - [13/Mar/2024:10:04:27 +0800] "GET /xingrg/login.html HTTP/1.1" 200 7641
120.253.135.82 - - [13/Mar/2024:10:04:29 +0800] "GET /xingrg/kc/pszx/mdqp_order_list.html?state=10 HTTP/1.1" 200 10319
120.253.135.82 - - [13/Mar/2024:10:04:29 +0800] "GET /xingrg/dwr/interface/AjaxQqpsService.js HTTP/1.1" 200 16326
120.253.135.82 - - [13/Mar/2024:10:04:29 +0800] "GET /xingrg/dwr/interface/AjaxReportQueryService.js HTTP/1.1" 200 13203
120.253.135.82 - - [13/Mar/2024:10:04:29 +0800] "GET /xingrg/dwr/engine.js HTTP/1.1" 200 43631
58.40.7.146 - - [13/Mar/2024:10:04:32 +0800] "GET /xingrg/check_reg.html?_=1710295472311 HTTP/1.1" 200 22
120.253.135.82 - - [13/Mar/2024:10:04:32 +0800] "GET /xingrg/all/function/internal_message.html?_=1710295311659&CODE_STATE=getMsg HTTP/1.1" 200 27
124.79.241.4 - - [13/Mar/2024:10:04:33 +0800] "GET /xingrg/all/function/internal_message.html?_=1710295492297&CODE_STATE=getMsg HTTP/1.1" 200 27
58.40.7.146 - - [13/Mar/2024:10:04:33 +0800] "GET /xingrg/all/function/internal_message.html?_=1710295473720&CODE_STATE=getMsg HTTP/1.1" 200 27
124.77.241.8 - - [13/Mar/2024:10:04:34 +0800] "GET /xingrg/kc/buy/cgsh_order_operate.html?command=get_materiel&rest_code=00146&code=00101008403&supplier_code=00100005&order_time=2024-03-13 HTTP/1.1" 200 412
101.83.145.37 - - [13/Mar/2024:10:04:37 +0800] "GET /xingrg/all/function/internal_message.html?_=1710295478452&CODE_STATE=getMsg HTTP/1.1" 200 27
116.230.123.13 - - [13/Mar/2024:10:04:38 +0800] "GET /xingrg/check_reg.html?_=1710295475500 HTTP/1.1" 302 -
116.230.123.13 - - [13/Mar/2024:10:04:38 +0800] "GET /xingrg/all/function/internal_message.html?_=1710295475504&CODE_STATE=getMsg HTTP/1.1" 302 -
116.224.254.208 - - [13/Mar/2024:10:04:39 +0800] "GET /xingrg/all/function/internal_message.html?_=1710295479558&CODE_STATE=getMsg HTTP/1.1" 200 27
116.230.123.13 - - [13/Mar/2024:10:04:39 +0800] "GET /xingrg/all/function/internal_message.html?_=1710295478024&CODE_STATE=getMsg HTTP/1.1" 200 27
222.70.115.1 - - [13/Mar/2024:10:04:43 +0800] "GET /xingrg/all/function/internal_message.html?_=1710295488542&CODE_STATE=getMsg HTTP/1.1" 200 27
116.238.97.31 - - [13/Mar/2024:10:04:44 +0800] "GET /xingrg/all/function/internal_message.html?_=1710295485137&CODE_STATE=getMsg HTTP/1.1" 200 27
221.239.169.251 - - [13/Mar/2024:10:04:47 +0800] "GET /xingrg/check_reg.html?_=1710295486158 HTTP/1.1" 200 22
114.89.91.180 - - [13/Mar/2024:10:04:48 +0800] "GET /xingrg/kc/buy/cgsh_order_operate.html?command=get_materiel&rest_code=00158&code=00101008261&supplier_code=00100151&order_time=2024-03-12 HTTP/1.1" 200 429
124.77.241.8 - - [13/Mar/2024:10:04:48 +0800] "GET /xingrg/kc/buy/cgsh_order_operate.html?command=get_materiel&rest_code=00146&code=00101008175&supplier_code=00100005&order_time=2024-03-13 HTTP/1.1" 200 412
116.224.254.208 - - [13/Mar/2024:10:04:51 +0800] "GET /xingrg/all/function/internal_message.html?_=1710295490571&CODE_STATE=getMsg HTTP/1.1" 200 27
101.228.147.14 - - [13/Mar/2024:10:04:52 +0800] "GET /xingrg/all/function/internal_message.html?_=1710295491049&CODE_STATE=getMsg HTTP/1.1" 200 27
114.89.91.180 - - [13/Mar/2024:10:04:59 +0800] "GET /xingrg/kc/buy/cgsh_order_operate.html?command=get_materiel&rest_code=00158&code=00101008264&supplier_code=00100151&order_time=2024-03-12 HTTP/1.1" 200 432
114.89.91.180 - - [13/Mar/2024:10:05:01 +0800] "GET /xingrg/all/function/internal_message.html?_=1710295503830&CODE_STATE=getMsg HTTP/1.1" 200 27
114.89.91.180 - - [13/Mar/2024:10:05:01 +0800] "GET /xingrg/check_reg.html?_=1710295503834 HTTP/1.1" 200 22
180.169.147.146 - - [13/Mar/2024:10:05:02 +0800] "GET /xingrg/login.html HTTP/1.1" 200 7641
124.77.241.8 - - [13/Mar/2024:10:05:02 +0800] "GET /xingrg/kc/buy/cgsh_order_operate.html?command=get_materiel&rest_code=00146&code=00101008027&supplier_code=00100005&order_time=2024-03-13 HTTP/1.1" 200 408
114.89.91.180 - - [13/Mar/2024:10:05:03 +0800] "POST /xingrg/kc/buy/cgsh_order_operate.html HTTP/1.1" 200 2065
221.239.169.251 - - [13/Mar/2024:10:05:06 +0800] "GET /xingrg/all/function/internal_message.html?_=1710295504647&CODE_STATE=getMsg HTTP/1.1" 200 27
114.89.91.180 - - [13/Mar/2024:10:05:09 +0800] "GET /xingrg/kc/buy/cgsh_order_operate.html?command=get_materiel&rest_code=00158&code=00101008354&supplier_code=00100151&order_time=2024-03-12 HTTP/1.1" 200 432
116.230.123.13 - - [13/Mar/2024:10:05:09 +0800] "GET /xingrg/kc/buy/cgsh_order_operate.html?command=get_materiel&rest_code=00111&code=00101008213&supplier_code=00100008&order_time=2024-03-13 HTTP/1.1" 200 412
180.164.1.25 - - [13/Mar/2024:10:05:12 +0800] "GET /xingrg/all/function/internal_message.html?_=1710295512054&CODE_STATE=getMsg HTTP/1.1" 200 27
101.83.145.37 - - [13/Mar/2024:10:05:13 +0800] "GET /xingrg/all/function/internal_message.html?_=1710295276706&CODE_STATE=getMsg HTTP/1.1" 200 27
124.77.241.8 - - [13/Mar/2024:10:05:16 +0800] "GET /xingrg/kc/buy/cgsh_order_operate.html?command=get_materiel&rest_code=00146&code=00101008244&supplier_code=00100005&order_time=2024-03-13 HTTP/1.1" 200 408
114.83.220.119 - - [13/Mar/2024:10:05:19 +0800] "GET /xingrg/check_reg.html?_=1710295518002 HTTP/1.1" 200 22
114.83.220.119 - - [13/Mar/2024:10:05:19 +0800] "GET /xingrg/all/function/internal_message.html?_=1710295518005&CODE_STATE=getMsg HTTP/1.1" 200 27
124.78.60.103 - - [13/Mar/2024:10:05:19 +0800] "GET /xingrg/all/function/internal_message.html?_=1710295519618&CODE_STATE=getMsg HTTP/1.1" 200 27
180.169.147.146 - - [13/Mar/2024:10:05:19 +0800] "GET /favicon.ico HTTP/1.1" 404 -
124.77.241.8 - - [13/Mar/2024:10:05:20 +0800] "GET /xingrg/all/function/internal_message.html?_=1710295530659&CODE_STATE=getMsg HTTP/1.1" 200 27
116.230.123.13 - - [13/Mar/2024:10:05:22 +0800] "GET /xingrg/kc/buy/cgsh_order_operate.html?command=get_materiel&rest_code=00111&code=00101008360&supplier_code=00100008&order_time=2024-03-13 HTTP/1.1" 200 413
222.69.133.156 - - [13/Mar/2024:10:05:22 +0800] "GET /xingrg/all/function/internal_message.html?_=1710295524329&CODE_STATE=getMsg HTTP/1.1" 200 27
124.78.156.2 - - [13/Mar/2024:10:05:27 +0800] "GET /xingrg/all/function/internal_message.html?_=1710295526128&CODE_STATE=getMsg HTTP/1.1" 200 27
180.163.29.219 - - [13/Mar/2024:10:05:27 +0800] "GET /xingrg/all/function/internal_message.html?_=1710295466126&CODE_STATE=getMsg HTTP/1.1" 302 -
180.163.29.219 - - [13/Mar/2024:10:05:27 +0800] "GET /xingrg/login.html HTTP/1.1" 200 7641
120.253.135.82 - - [13/Mar/2024:10:05:32 +0800] "GET /xingrg/all/function/internal_message.html?_=1710295371672&CODE_STATE=getMsg HTTP/1.1" 200 27
124.79.241.4 - - [13/Mar/2024:10:05:33 +0800] "GET /xingrg/check_reg.html?_=1710295552311 HTTP/1.1" 200 22
124.79.241.4 - - [13/Mar/2024:10:05:33 +0800] "GET /xingrg/all/function/internal_message.html?_=1710295552312&CODE_STATE=getMsg HTTP/1.1" 200 27
58.40.7.146 - - [13/Mar/2024:10:05:33 +0800] "GET /xingrg/all/function/internal_message.html?_=1710295533816&CODE_STATE=getMsg HTTP/1.1" 200 27
116.230.123.13 - - [13/Mar/2024:10:05:36 +0800] "GET /xingrg/kc/buy/cgsh_order_operate.html?command=get_materiel&rest_code=00111&code=00101008286&supplier_code=00100008&order_time=2024-03-13 HTTP/1.1" 200 408
101.83.145.37 - - [13/Mar/2024:10:05:37 +0800] "GET /xingrg/all/function/internal_message.html?_=1710295538457&CODE_STATE=getMsg HTTP/1.1" 200 27
116.230.123.13 - - [13/Mar/2024:10:05:38 +0800] "GET /xingrg/all/function/internal_message.html?_=1710295535490&CODE_STATE=getMsg HTTP/1.1" 302 -
116.224.254.208 - - [13/Mar/2024:10:05:39 +0800] "GET /xingrg/all/function/internal_message.html?_=1710295539536&CODE_STATE=getMsg HTTP/1.1" 200 27
116.230.123.13 - - [13/Mar/2024:10:05:39 +0800] "POST /xingrg/kc/buy/cgsh_order_operate.html HTTP/1.1" 200 2065
124.77.241.8 - - [13/Mar/2024:10:05:39 +0800] "GET /xingrg/kc/buy/cgsh_order_operate.html?command=get_materiel&rest_code=00146&code=00101008112&supplier_code=00100005&order_time=2024-03-13 HTTP/1.1" 200 412
116.230.123.13 - - [13/Mar/2024:10:05:39 +0800] "GET /xingrg/all/function/internal_message.html?_=1710295538014&CODE_STATE=getMsg HTTP/1.1" 200 27
222.70.115.1 - - [13/Mar/2024:10:05:43 +0800] "GET /xingrg/all/function/internal_message.html?_=1710295548542&CODE_STATE=getMsg HTTP/1.1" 200 27
116.238.97.31 - - [13/Mar/2024:10:05:44 +0800] "GET /xingrg/all/function/internal_message.html?_=1710295545117&CODE_STATE=getMsg HTTP/1.1" 200 27
116.230.123.13 - - [13/Mar/2024:10:05:47 +0800] "GET /xingrg/kc/buy/cgsh_order_operate.html?command=get_materiel&rest_code=00111&code=00101008296&supplier_code=00100008&order_time=2024-03-13 HTTP/1.1" 200 416
114.89.91.180 - - [13/Mar/2024:10:05:50 +0800] "GET /xingrg/kc/buy/cgsh_order_operate.html?command=get_materiel&rest_code=00158&code=00102015039&supplier_code=00100151&order_time=2024-03-12 HTTP/1.1" 200 408
116.224.254.208 - - [13/Mar/2024:10:05:51 +0800] "GET /xingrg/all/function/internal_message.html?_=1710295550565&CODE_STATE=getMsg HTTP/1.1" 200 27
101.228.147.14 - - [13/Mar/2024:10:05:52 +0800] "GET /xingrg/all/function/internal_message.html?_=1710295551048&CODE_STATE=getMsg HTTP/1.1" 200 27
114.89.91.180 - - [13/Mar/2024:10:06:01 +0800] "GET /xingrg/all/function/internal_message.html?_=1710295563816&CODE_STATE=getMsg HTTP/1.1" 200 27
116.230.123.13 - - [13/Mar/2024:10:06:04 +0800] "GET /xingrg/kc/buy/cgsh_order_operate.html?command=get_materiel&rest_code=00111&code=00101008318&supplier_code=00100008&order_time=2024-03-13 HTTP/1.1" 200 408
124.77.241.8 - - [13/Mar/2024:10:06:04 +0800] "GET /xingrg/kc/buy/cgsh_order_operate.html?command=get_materiel&rest_code=00146&code=00101008354&supplier_code=00100005&order_time=2024-03-13 HTTP/1.1" 200 432
221.239.169.251 - - [13/Mar/2024:10:06:06 +0800] "GET /xingrg/all/function/internal_message.html?_=1710295564632&CODE_STATE=getMsg HTTP/1.1" 200 27
114.89.91.180 - - [13/Mar/2024:10:06:09 +0800] "GET /xingrg/kc/buy/cgsh_order_operate.html?command=get_materiel&rest_code=00158&code=00101013076&supplier_code=00100151&order_time=2024-03-12 HTTP/1.1" 200 440
180.164.1.25 - - [13/Mar/2024:10:06:12 +0800] "GET /xingrg/all/function/internal_message.html?_=1710295572037&CODE_STATE=getMsg HTTP/1.1" 200 27
180.164.1.25 - - [13/Mar/2024:10:06:12 +0800] "GET /xingrg/check_reg.html?_=1710295572377 HTTP/1.1" 200 22
101.83.145.37 - - [13/Mar/2024:10:06:13 +0800] "GET /xingrg/all/function/internal_message.html?_=1710295336707&CODE_STATE=getMsg HTTP/1.1" 200 27
101.83.145.37 - - [13/Mar/2024:10:06:13 +0800] "GET /xingrg/check_reg.html?_=1710295336710 HTTP/1.1" 200 22
114.83.220.119 - - [13/Mar/2024:10:06:19 +0800] "GET /xingrg/all/function/internal_message.html?_=1710295578005&CODE_STATE=getMsg HTTP/1.1" 200 27
124.78.60.103 - - [13/Mar/2024:10:06:19 +0800] "GET /xingrg/all/function/internal_message.html?_=1710295579601&CODE_STATE=getMsg HTTP/1.1" 200 27
124.77.241.8 - - [13/Mar/2024:10:06:20 +0800] "GET /xingrg/all/function/internal_message.html?_=1710295590673&CODE_STATE=getMsg HTTP/1.1" 200 27
222.69.133.156 - - [13/Mar/2024:10:06:22 +0800] "GET /xingrg/all/function/internal_message.html?_=1710295584329&CODE_STATE=getMsg HTTP/1.1" 200 27
222.69.133.156 - - [13/Mar/2024:10:06:22 +0800] "GET /xingrg/check_reg.html?_=1710295584333 HTTP/1.1" 200 22
114.89.91.180 - - [13/Mar/2024:10:06:23 +0800] "GET /xingrg/kc/buy/cgsh_order_operate.html?command=get_materiel&rest_code=00158&code=00101013017&supplier_code=00100151&order_time=2024-03-12 HTTP/1.1" 200 415
116.230.123.13 - - [13/Mar/2024:10:06:26 +0800] "GET /xingrg/kc/buy/cgsh_order_operate.html?command=get_materiel&rest_code=00111&code=00101008261&supplier_code=00100008&order_time=2024-03-13 HTTP/1.1" 200 431
124.78.156.2 - - [13/Mar/2024:10:06:27 +0800] "GET /xingrg/all/function/internal_message.html?_=1710295586129&CODE_STATE=getMsg HTTP/1.1" 200 27
180.163.29.212 - - [13/Mar/2024:10:06:27 +0800] "GET /xingrg/all/function/internal_message.html?_=1710295526128&CODE_STATE=getMsg HTTP/1.1" 302 -
180.163.29.212 - - [13/Mar/2024:10:06:27 +0800] "GET /xingrg/login.html HTTP/1.1" 200 7641
120.253.135.82 - - [13/Mar/2024:10:06:33 +0800] "GET /xingrg/all/function/internal_message.html?_=1710295431814&CODE_STATE=getMsg HTTP/1.1" 200 27
124.79.241.4 - - [13/Mar/2024:10:06:33 +0800] "GET /xingrg/all/function/internal_message.html?_=1710295612305&CODE_STATE=getMsg HTTP/1.1" 200 27
58.40.7.146 - - [13/Mar/2024:10:06:33 +0800] "GET /xingrg/all/function/internal_message.html?_=1710295593847&CODE_STATE=getMsg HTTP/1.1" 200 27
124.77.241.8 - - [13/Mar/2024:10:06:35 +0800] "GET /xingrg/check_reg.html?_=1710295604961 HTTP/1.1" 200 22
124.78.60.103 - - [13/Mar/2024:10:06:35 +0800] "GET /xingrg/check_reg.html?_=1710295595570 HTTP/1.1" 200 22
101.83.145.37 - - [13/Mar/2024:10:06:37 +0800] "GET /xingrg/all/function/internal_message.html?_=1710295598452&CODE_STATE=getMsg HTTP/1.1" 200 27
116.230.123.13 - - [13/Mar/2024:10:06:38 +0800] "GET /xingrg/all/function/internal_message.html?_=1710295595475&CODE_STATE=getMsg HTTP/1.1" 302 -
114.89.91.180 - - [13/Mar/2024:10:06:39 +0800] "GET /xingrg/kc/buy/cgsh_order_operate.html?command=get_materiel&rest_code=00158&code=00101008353&supplier_code=00100151&order_time=2024-03-12 HTTP/1.1" 200 408
116.224.254.208 - - [13/Mar/2024:10:06:39 +0800] "GET /xingrg/all/function/internal_message.html?_=1710295599516&CODE_STATE=getMsg HTTP/1.1" 200 27
116.230.123.13 - - [13/Mar/2024:10:06:39 +0800] "GET /xingrg/all/function/internal_message.html?_=1710295598018&CODE_STATE=getMsg HTTP/1.1" 200 27
116.230.123.13 - - [13/Mar/2024:10:06:39 +0800] "GET /xingrg/check_reg.html?_=1710295598020 HTTP/1.1" 200 22
222.70.115.1 - - [13/Mar/2024:10:06:43 +0800] "GET /xingrg/all/function/internal_message.html?_=1710295608542&CODE_STATE=getMsg HTTP/1.1" 200 27
116.238.97.31 - - [13/Mar/2024:10:06:44 +0800] "GET /xingrg/all/function/internal_message.html?_=1710295605092&CODE_STATE=getMsg HTTP/1.1" 200 27
116.238.97.31 - - [13/Mar/2024:10:06:44 +0800] "GET /xingrg/check_reg.html?_=1710295605386 HTTP/1.1" 200 22
114.89.91.180 - - [13/Mar/2024:10:06:45 +0800] "POST /xingrg/kc/buy/cgsh_order_operate.html HTTP/1.1" 200 2065
116.230.123.13 - - [13/Mar/2024:10:06:45 +0800] "GET /xingrg/kc/buy/cgsh_order_operate.html?command=get_materiel&rest_code=00111&code=00101008357&supplier_code=00100008&order_time=2024-03-13 HTTP/1.1" 200 408
116.224.254.208 - - [13/Mar/2024:10:06:51 +0800] "GET /xingrg/all/function/internal_message.html?_=1710295610554&CODE_STATE=getMsg HTTP/1.1" 200 27
101.228.147.14 - - [13/Mar/2024:10:06:52 +0800] "GET /xingrg/all/function/internal_message.html?_=1710295611035&CODE_STATE=getMsg HTTP/1.1" 200 27
124.77.241.8 - - [13/Mar/2024:10:06:54 +0800] "GET /xingrg/kc/buy/cgsh_order_operate.html?command=get_materiel&rest_code=00146&code=00101008351&supplier_code=00100005&order_time=2024-03-13 HTTP/1.1" 200 408
114.89.91.180 - - [13/Mar/2024:10:06:59 +0800] "GET /xingrg/kc/buy/cgsh_order_operate.html?command=get_materiel&rest_code=00158&code=00101019063&supplier_code=00100151&order_time=2024-03-12 HTTP/1.1" 200 461
114.89.91.180 - - [13/Mar/2024:10:07:01 +0800] "GET /xingrg/all/function/internal_message.html?_=1710295623823&CODE_STATE=getMsg HTTP/1.1" 200 27
116.230.123.13 - - [13/Mar/2024:10:07:03 +0800] "GET /xingrg/kc/buy/cgsh_order_operate.html?command=get_materiel&rest_code=00111&code=00101008338&supplier_code=00100008&order_time=2024-03-13 HTTP/1.1" 200 408
221.239.169.251 - - [13/Mar/2024:10:07:05 +0800] "GET /xingrg/all/function/internal_message.html?_=1710295624616&CODE_STATE=getMsg HTTP/1.1" 200 27
124.77.241.8 - - [13/Mar/2024:10:07:08 +0800] "GET /xingrg/kc/buy/cgsh_order_operate.html?command=get_materiel&rest_code=00146&code=00101008001&supplier_code=00100005&order_time=2024-03-13 HTTP/1.1" 200 432
180.164.1.25 - - [13/Mar/2024:10:07:12 +0800] "GET /xingrg/all/function/internal_message.html?_=1710295632027&CODE_STATE=getMsg HTTP/1.1" 200 27
116.230.123.13 - - [13/Mar/2024:10:07:13 +0800] "POST /xingrg/kc/buy/cgsh_order_operate.html HTTP/1.1" 200 2065
101.83.145.37 - - [13/Mar/2024:10:07:13 +0800] "GET /xingrg/all/function/internal_message.html?_=1710295396710&CODE_STATE=getMsg HTTP/1.1" 200 27
114.89.91.180 - - [13/Mar/2024:10:07:15 +0800] "GET /xingrg/kc/buy/cgsh_order_operate.html?command=get_materiel&rest_code=00158&code=00102026001&supplier_code=00100151&order_time=2024-03-12 HTTP/1.1" 200 410
114.83.220.119 - - [13/Mar/2024:10:07:19 +0800] "GET /xingrg/all/function/internal_message.html?_=1710295638007&CODE_STATE=getMsg HTTP/1.1" 200 27
124.78.60.103 - - [13/Mar/2024:10:07:19 +0800] "GET /xingrg/all/function/internal_message.html?_=1710295639585&CODE_STATE=getMsg HTTP/1.1" 200 27
124.77.241.8 - - [13/Mar/2024:10:07:20 +0800] "GET /xingrg/all/function/internal_message.html?_=1710295650686&CODE_STATE=getMsg HTTP/1.1" 200 27
222.69.133.156 - - [13/Mar/2024:10:07:22 +0800] "GET /xingrg/all/function/internal_message.html?_=1710295644329&CODE_STATE=getMsg HTTP/1.1" 200 27
180.169.147.146 - - [13/Mar/2024:10:07:26 +0800] "GET /xingrg/check_reg.html?_=1710295645412 HTTP/1.1" 302 -
124.78.156.2 - - [13/Mar/2024:10:07:27 +0800] "GET /xingrg/all/function/internal_message.html?_=1710295646119&CODE_STATE=getMsg HTTP/1.1" 200 27
124.78.156.2 - - [13/Mar/2024:10:07:27 +0800] "GET /xingrg/check_reg.html?_=1710295646123 HTTP/1.1" 200 22
120.253.135.82 - - [13/Mar/2024:10:07:33 +0800] "GET /xingrg/all/function/internal_message.html?_=1710295491824&CODE_STATE=getMsg HTTP/1.1" 200 27
124.79.241.4 - - [13/Mar/2024:10:07:33 +0800] "GET /xingrg/all/function/internal_message.html?_=1710295672301&CODE_STATE=getMsg HTTP/1.1" 200 27
58.40.7.146 - - [13/Mar/2024:10:07:33 +0800] "GET /xingrg/all/function/internal_message.html?_=1710295653868&CODE_STATE=getMsg HTTP/1.1" 200 27
124.77.241.8 - - [13/Mar/2024:10:07:34 +0800] "GET /xingrg/kc/buy/cgsh_order_operate.html?command=get_materiel&rest_code=00146&code=00101008003&supplier_code=00100005&order_time=2024-03-13 HTTP/1.1" 200 408
101.83.145.37 - - [13/Mar/2024:10:07:37 +0800] "GET /xingrg/all/function/internal_message.html?_=1710295658459&CODE_STATE=getMsg HTTP/1.1" 200 27
101.83.145.37 - - [13/Mar/2024:10:07:37 +0800] "GET /xingrg/check_reg.html?_=1710295658463 HTTP/1.1" 200 22
124.77.241.8 - - [13/Mar/2024:10:07:37 +0800] "POST /xingrg/kc/buy/cgsh_order_operate.html HTTP/1.1" 200 2065
116.230.123.13 - - [13/Mar/2024:10:07:38 +0800] "GET /xingrg/all/function/internal_message.html?_=1710295655479&CODE_STATE=getMsg HTTP/1.1" 302 -
116.230.123.13 - - [13/Mar/2024:10:07:38 +0800] "GET /xingrg/kc/buy/cgsh_order_operate.html?command=get_materiel&rest_code=00111&code=00101008049&supplier_code=00100008&order_time=2024-03-13 HTTP/1.1" 200 408
116.224.254.208 - - [13/Mar/2024:10:07:39 +0800] "GET /xingrg/all/function/internal_message.html?_=1710295659497&CODE_STATE=getMsg HTTP/1.1" 200 27
116.230.123.13 - - [13/Mar/2024:10:07:39 +0800] "GET /xingrg/all/function/internal_message.html?_=1710295658023&CODE_STATE=getMsg HTTP/1.1" 200 27
116.224.254.208 - - [13/Mar/2024:10:07:39 +0800] "GET /xingrg/check_reg.html?_=1710295659853 HTTP/1.1" 200 22
222.70.115.1 - - [13/Mar/2024:10:07:43 +0800] "GET /xingrg/all/function/internal_message.html?_=1710295668542&CODE_STATE=getMsg HTTP/1.1" 200 27
222.70.115.1 - - [13/Mar/2024:10:07:43 +0800] "GET /xingrg/check_reg.html?_=1710295668543 HTTP/1.1" 200 22
116.238.97.31 - - [13/Mar/2024:10:07:44 +0800] "GET /xingrg/all/function/internal_message.html?_=1710295665074&CODE_STATE=getMsg HTTP/1.1" 200 27
124.77.241.8 - - [13/Mar/2024:10:07:45 +0800] "GET /xingrg/kc/buy/cgsh_order_operate.html?command=get_materiel&rest_code=00146&code=00101008264&supplier_code=00100005&order_time=2024-03-13 HTTP/1.1" 200 432
120.253.135.82 - - [13/Mar/2024:10:07:50 +0800] "GET /xingrg/check_reg.html?_=1710295508821 HTTP/1.1" 200 22
116.224.254.208 - - [13/Mar/2024:10:07:51 +0800] "GET /xingrg/all/function/internal_message.html?_=1710295670570&CODE_STATE=getMsg HTTP/1.1" 200 27
116.224.254.208 - - [13/Mar/2024:10:07:51 +0800] "GET /xingrg/check_reg.html?_=1710295670573 HTTP/1.1" 200 22
101.228.147.14 - - [13/Mar/2024:10:07:52 +0800] "GET /xingrg/all/function/internal_message.html?_=1710295671038&CODE_STATE=getMsg HTTP/1.1" 200 27
116.230.123.13 - - [13/Mar/2024:10:07:54 +0800] "GET /xingrg/kc/buy/cgsh_order_operate.html?command=get_materiel&rest_code=00111&code=00101008244&supplier_code=00100008&order_time=2024-03-13 HTTP/1.1" 200 408
124.77.241.8 - - [13/Mar/2024:10:07:59 +0800] "GET /xingrg/kc/buy/cgsh_order_operate.html?command=get_materiel&rest_code=00146&code=00101008300&supplier_code=00100005&order_time=2024-03-13 HTTP/1.1" 200 412
114.89.91.180 - - [13/Mar/2024:10:08:01 +0800] "GET /xingrg/all/function/internal_message.html?_=1710295683811&CODE_STATE=getMsg HTTP/1.1" 200 27
221.239.169.251 - - [13/Mar/2024:10:08:05 +0800] "GET /xingrg/all/function/internal_message.html?_=1710295684604&CODE_STATE=getMsg HTTP/1.1" 200 27
124.77.241.8 - - [13/Mar/2024:10:08:11 +0800] "GET /xingrg/kc/buy/cgsh_order_operate.html?command=get_materiel&rest_code=00146&code=00101008357&supplier_code=00100005&order_time=2024-03-13 HTTP/1.1" 200 408
180.164.1.25 - - [13/Mar/2024:10:08:12 +0800] "GET /xingrg/all/function/internal_message.html?_=1710295692003&CODE_STATE=getMsg HTTP/1.1" 200 27
101.83.145.37 - - [13/Mar/2024:10:08:13 +0800] "GET /xingrg/all/function/internal_message.html?_=1710295456709&CODE_STATE=getMsg HTTP/1.1" 200 27
116.230.123.13 - - [13/Mar/2024:10:08:15 +0800] "GET /xingrg/kc/buy/cgsh_order_operate.html?command=get_materiel&rest_code=00111&code=00101008005&supplier_code=00100008&order_time=2024-03-13 HTTP/1.1" 200 412
114.83.220.119 - - [13/Mar/2024:10:08:19 +0800] "GET /xingrg/all/function/internal_message.html?_=1710295698012&CODE_STATE=getMsg HTTP/1.1" 200 27
124.78.60.103 - - [13/Mar/2024:10:08:19 +0800] "GET /xingrg/all/function/internal_message.html?_=1710295699568&CODE_STATE=getMsg HTTP/1.1" 200 27
124.77.241.8 - - [13/Mar/2024:10:08:20 +0800] "GET /xingrg/all/function/internal_message.html?_=1710295710699&CODE_STATE=getMsg HTTP/1.1" 200 27
222.69.133.156 - - [13/Mar/2024:10:08:22 +0800] "GET /xingrg/all/function/internal_message.html?_=1710295704348&CODE_STATE=getMsg HTTP/1.1" 200 27
124.77.241.8 - - [13/Mar/2024:10:08:25 +0800] "GET /xingrg/kc/buy/cgsh_order_operate.html?command=get_materiel&rest_code=00146&code=00101008296&supplier_code=00100005&order_time=2024-03-13 HTTP/1.1" 200 416
124.78.156.2 - - [13/Mar/2024:10:08:27 +0800] "GET /xingrg/all/function/internal_message.html?_=1710295706127&CODE_STATE=getMsg HTTP/1.1" 200 27
180.163.29.103 - - [13/Mar/2024:10:08:27 +0800] "GET /xingrg/check_reg.html?_=1710295646123 HTTP/1.1" 302 -
180.163.29.103 - - [13/Mar/2024:10:08:27 +0800] "GET /xingrg/login.html HTTP/1.1" 200 7641
180.163.28.109 - - [13/Mar/2024:10:08:28 +0800] "GET /xingrg/all/function/internal_message.html?_=1710295646119&CODE_STATE=getMsg HTTP/1.1" 302 -
180.163.28.109 - - [13/Mar/2024:10:08:28 +0800] "GET /xingrg/login.html HTTP/1.1" 200 7641
116.230.123.13 - - [13/Mar/2024:10:08:32 +0800] "GET /xingrg/kc/buy/cgsh_order_operate.html?command=get_materiel&rest_code=00111&code=00101008370&supplier_code=00100008&order_time=2024-03-13 HTTP/1.1" 200 412
120.253.135.82 - - [13/Mar/2024:10:08:33 +0800] "GET /xingrg/all/function/internal_message.html?_=1710295551837&CODE_STATE=getMsg HTTP/1.1" 200 27
124.79.241.4 - - [13/Mar/2024:10:08:33 +0800] "GET /xingrg/all/function/internal_message.html?_=1710295732300&CODE_STATE=getMsg HTTP/1.1" 200 27
58.40.7.146 - - [13/Mar/2024:10:08:33 +0800] "GET /xingrg/all/function/internal_message.html?_=1710295713900&CODE_STATE=getMsg HTTP/1.1" 200 27
124.77.241.8 - - [13/Mar/2024:10:08:36 +0800] "GET /xingrg/kc/buy/cgsh_order_operate.html?command=get_materiel&rest_code=00146&code=00101008005&supplier_code=00100005&order_time=2024-03-13 HTTP/1.1" 200 412
101.83.145.37 - - [13/Mar/2024:10:08:37 +0800] "GET /xingrg/all/function/internal_message.html?_=1710295718450&CODE_STATE=getMsg HTTP/1.1" 200 27
116.230.123.13 - - [13/Mar/2024:10:08:38 +0800] "GET /xingrg/all/function/internal_message.html?_=1710295715495&CODE_STATE=getMsg HTTP/1.1" 302 -
116.224.254.208 - - [13/Mar/2024:10:08:39 +0800] "GET /xingrg/all/function/internal_message.html?_=1710295719482&CODE_STATE=getMsg HTTP/1.1" 200 27
116.230.123.13 - - [13/Mar/2024:10:08:39 +0800] "GET /xingrg/all/function/internal_message.html?_=1710295718035&CODE_STATE=getMsg HTTP/1.1" 200 27
222.70.115.1 - - [13/Mar/2024:10:08:43 +0800] "GET /xingrg/all/function/internal_message.html?_=1710295728557&CODE_STATE=getMsg HTTP/1.1" 200 27
116.238.97.31 - - [13/Mar/2024:10:08:44 +0800] "GET /xingrg/all/function/internal_message.html?_=1710295725051&CODE_STATE=getMsg HTTP/1.1" 200 27
116.230.123.13 - - [13/Mar/2024:10:08:50 +0800] "POST /xingrg/kc/buy/cgsh_order_operate.html HTTP/1.1" 200 2065
116.224.254.208 - - [13/Mar/2024:10:08:51 +0800] "GET /xingrg/all/function/internal_message.html?_=1710295730562&CODE_STATE=getMsg HTTP/1.1" 200 27
101.228.147.14 - - [13/Mar/2024:10:08:52 +0800] "GET /xingrg/all/function/internal_message.html?_=1710295731047&CODE_STATE=getMsg HTTP/1.1" 200 27
101.228.147.14 - - [13/Mar/2024:10:08:52 +0800] "GET /xingrg/check_reg.html?_=1710295731054 HTTP/1.1" 200 22
116.230.123.13 - - [13/Mar/2024:10:08:57 +0800] "GET /xingrg/kc/buy/cgsh_order_operate.html?command=get_materiel&rest_code=00111&code=00101008141&supplier_code=00100008&order_time=2024-03-13 HTTP/1.1" 200 412
124.77.241.8 - - [13/Mar/2024:10:09:00 +0800] "GET /xingrg/kc/buy/cgsh_order_operate.html?command=get_materiel&rest_code=00146&code=00101008098&supplier_code=00100005&order_time=2024-03-13 HTTP/1.1" 200 412
114.89.91.180 - - [13/Mar/2024:10:09:01 +0800] "GET /xingrg/all/function/internal_message.html?_=1710295743830&CODE_STATE=getMsg HTTP/1.1" 200 27
124.77.241.8 - - [13/Mar/2024:10:09:03 +0800] "POST /xingrg/kc/buy/cgsh_order_operate.html HTTP/1.1" 200 2065
221.239.169.251 - - [13/Mar/2024:10:09:05 +0800] "GET /xingrg/all/function/internal_message.html?_=1710295744589&CODE_STATE=getMsg HTTP/1.1" 200 27
180.164.1.25 - - [13/Mar/2024:10:09:12 +0800] "GET /xingrg/all/function/internal_message.html?_=1710295751988&CODE_STATE=getMsg HTTP/1.1" 200 27
101.83.145.37 - - [13/Mar/2024:10:09:13 +0800] "GET /xingrg/all/function/internal_message.html?_=1710295516709&CODE_STATE=getMsg HTTP/1.1" 200 27
116.230.123.13 - - [13/Mar/2024:10:09:14 +0800] "GET /xingrg/kc/buy/cgsh_order_operate.html?command=get_materiel&rest_code=00111&code=00101008372&supplier_code=00100008&order_time=2024-03-13 HTTP/1.1" 200 408
114.83.220.119 - - [13/Mar/2024:10:09:19 +0800] "GET /xingrg/all/function/internal_message.html?_=1710295758017&CODE_STATE=getMsg HTTP/1.1" 200 27
124.78.60.103 - - [13/Mar/2024:10:09:19 +0800] "GET /xingrg/all/function/internal_message.html?_=1710295759553&CODE_STATE=getMsg HTTP/1.1" 200 27
124.77.241.8 - - [13/Mar/2024:10:09:20 +0800] "GET /xingrg/all/function/internal_message.html?_=1710295770713&CODE_STATE=getMsg HTTP/1.1" 200 27
222.69.133.156 - - [13/Mar/2024:10:09:22 +0800] "GET /xingrg/all/function/internal_message.html?_=1710295764329&CODE_STATE=getMsg HTTP/1.1" 200 27
124.77.241.8 - - [13/Mar/2024:10:09:26 +0800] "GET /xingrg/kc/buy/cgsh_order_operate.html?command=get_materiel&rest_code=00146&code=00101008291&supplier_code=00100005&order_time=2024-03-13 HTTP/1.1" 200 408
124.78.156.2 - - [13/Mar/2024:10:09:27 +0800] "GET /xingrg/all/function/internal_message.html?_=1710295766131&CODE_STATE=getMsg HTTP/1.1" 200 27
58.40.7.146 - - [13/Mar/2024:10:09:32 +0800] "GET /xingrg/check_reg.html?_=1710295772348 HTTP/1.1" 200 22
120.253.135.82 - - [13/Mar/2024:10:09:33 +0800] "GET /xingrg/all/function/internal_message.html?_=1710295611852&CODE_STATE=getMsg HTTP/1.1" 200 27
124.79.241.4 - - [13/Mar/2024:10:09:33 +0800] "GET /xingrg/all/function/internal_message.html?_=1710295792298&CODE_STATE=getMsg HTTP/1.1" 200 27
58.40.7.146 - - [13/Mar/2024:10:09:33 +0800] "GET /xingrg/all/function/internal_message.html?_=1710295773942&CODE_STATE=getMsg HTTP/1.1" 200 27
101.83.145.37 - - [13/Mar/2024:10:09:37 +0800] "GET /xingrg/all/function/internal_message.html?_=1710295778452&CODE_STATE=getMsg HTTP/1.1" 200 27
116.230.123.13 - - [13/Mar/2024:10:09:38 +0800] "GET /xingrg/all/function/internal_message.html?_=1710295775491&CODE_STATE=getMsg HTTP/1.1" 302 -
116.230.123.13 - - [13/Mar/2024:10:09:38 +0800] "GET /xingrg/check_reg.html?_=1710295775493 HTTP/1.1" 302 -
116.224.254.208 - - [13/Mar/2024:10:09:39 +0800] "GET /xingrg/all/function/internal_message.html?_=1710295779462&CODE_STATE=getMsg HTTP/1.1" 200 27
116.230.123.13 - - [13/Mar/2024:10:09:39 +0800] "GET /xingrg/all/function/internal_message.html?_=1710295778020&CODE_STATE=getMsg HTTP/1.1" 200 27
222.70.115.1 - - [13/Mar/2024:10:09:43 +0800] "GET /xingrg/all/function/internal_message.html?_=1710295788542&CODE_STATE=getMsg HTTP/1.1" 200 27
116.238.97.31 - - [13/Mar/2024:10:09:44 +0800] "GET /xingrg/all/function/internal_message.html?_=1710295785028&CODE_STATE=getMsg HTTP/1.1" 200 27
221.239.169.251 - - [13/Mar/2024:10:09:47 +0800] "GET /xingrg/check_reg.html?_=1710295786149 HTTP/1.1" 200 22
124.77.241.8 - - [13/Mar/2024:10:09:47 +0800] "GET /xingrg/kc/buy/cgsh_order_operate.html?command=get_materiel&rest_code=00146&code=00101008285&supplier_code=00100005&order_time=2024-03-13 HTTP/1.1" 200 413
116.224.254.208 - - [13/Mar/2024:10:09:51 +0800] "GET /xingrg/all/function/internal_message.html?_=1710295790572&CODE_STATE=getMsg HTTP/1.1" 200 27
101.228.147.14 - - [13/Mar/2024:10:09:52 +0800] "GET /xingrg/all/function/internal_message.html?_=1710295791039&CODE_STATE=getMsg HTTP/1.1" 200 27
116.230.123.13 - - [13/Mar/2024:10:09:59 +0800] "POST /xingrg/kc/buy/cgsh_order_operate.html HTTP/1.1" 200 37
114.89.91.180 - - [13/Mar/2024:10:10:01 +0800] "GET /xingrg/all/function/internal_message.html?_=1710295803813&CODE_STATE=getMsg HTTP/1.1" 200 27
114.89.91.180 - - [13/Mar/2024:10:10:01 +0800] "GET /xingrg/check_reg.html?_=1710295803818 HTTP/1.1" 200 22
124.77.241.8 - - [13/Mar/2024:10:10:01 +0800] "GET /xingrg/kc/buy/cgsh_order_operate.html?command=get_materiel&rest_code=00146&code=00101008242&supplier_code=00100005&order_time=2024-03-13 HTTP/1.1" 200 408
221.239.169.251 - - [13/Mar/2024:10:10:05 +0800] "GET /xingrg/all/function/internal_message.html?_=1710295804571&CODE_STATE=getMsg HTTP/1.1" 200 27
116.230.123.13 - - [13/Mar/2024:10:10:10 +0800] "POST /xingrg/kc/buy/cgsh_order_operate.html HTTP/1.1" 200 12
180.164.1.25 - - [13/Mar/2024:10:10:12 +0800] "GET /xingrg/all/function/internal_message.html?_=1710295811966&CODE_STATE=getMsg HTTP/1.1" 200 27
101.83.145.37 - - [13/Mar/2024:10:10:13 +0800] "GET /xingrg/all/function/internal_message.html?_=1710295576709&CODE_STATE=getMsg HTTP/1.1" 200 27
116.230.123.13 - - [13/Mar/2024:10:10:14 +0800] "GET /xingrg/kc/buy/cgsh_order_info.html?code=212024031303659 HTTP/1.1" 200 68520
116.230.123.13 - - [13/Mar/2024:10:10:15 +0800] "GET /xingrg/javascript/easyui/themes/default/validatebox.css HTTP/1.1" 404 1104
116.230.123.13 - - [13/Mar/2024:10:10:16 +0800] "POST /xingrg/kc/buy/cgsh_order_operate.html HTTP/1.1" 200 18327
114.83.220.119 - - [13/Mar/2024:10:10:19 +0800] "GET /xingrg/check_reg.html?_=1710295818006 HTTP/1.1" 200 22
114.83.220.119 - - [13/Mar/2024:10:10:19 +0800] "GET /xingrg/all/function/internal_message.html?_=1710295818008&CODE_STATE=getMsg HTTP/1.1" 200 27
124.78.60.103 - - [13/Mar/2024:10:10:19 +0800] "GET /xingrg/all/function/internal_message.html?_=1710295819538&CODE_STATE=getMsg HTTP/1.1" 200 27
124.77.241.8 - - [13/Mar/2024:10:10:20 +0800] "GET /xingrg/kc/buy/cgsh_order_operate.html?command=get_materiel&rest_code=00146&code=00101008283&supplier_code=00100005&order_time=2024-03-13 HTTP/1.1" 200 408
124.77.241.8 - - [13/Mar/2024:10:10:20 +0800] "GET /xingrg/all/function/internal_message.html?_=1710295830726&CODE_STATE=getMsg HTTP/1.1" 200 27
222.69.133.156 - - [13/Mar/2024:10:10:22 +0800] "GET /xingrg/all/function/internal_message.html?_=1710295824339&CODE_STATE=getMsg HTTP/1.1" 200 27
124.77.241.8 - - [13/Mar/2024:10:10:22 +0800] "POST /xingrg/kc/buy/cgsh_order_operate.html HTTP/1.1" 200 2065
124.78.156.2 - - [13/Mar/2024:10:10:27 +0800] "GET /xingrg/all/function/internal_message.html?_=1710295826135&CODE_STATE=getMsg HTTP/1.1" 200 27
116.230.123.13 - - [13/Mar/2024:10:10:30 +0800] "GET /xingrg/kc/print/load_config.html?kc_code=cgsh HTTP/1.1" 200 1927
116.230.123.13 - - [13/Mar/2024:10:10:31 +0800] "GET /xingrg/kc/print/load_data.html?order_code=212024031303659&kc_code=cgsh&condition= HTTP/1.1" 200 7383
124.77.241.8 - - [13/Mar/2024:10:10:31 +0800] "GET /xingrg/kc/buy/cgsh_order_operate.html?command=get_materiel&rest_code=00146&code=00101008161&supplier_code=00100005&order_time=2024-03-13 HTTP/1.1" 200 409
120.253.135.82 - - [13/Mar/2024:10:10:33 +0800] "GET /xingrg/all/function/internal_message.html?_=1710295671959&CODE_STATE=getMsg HTTP/1.1" 200 27
124.79.241.4 - - [13/Mar/2024:10:10:33 +0800] "GET /xingrg/all/function/internal_message.html?_=1710295852299&CODE_STATE=getMsg HTTP/1.1" 200 27
124.79.241.4 - - [13/Mar/2024:10:10:33 +0800] "GET /xingrg/check_reg.html?_=1710295852300 HTTP/1.1" 200 22
58.40.7.146 - - [13/Mar/2024:10:10:34 +0800] "GET /xingrg/all/function/internal_message.html?_=1710295833985&CODE_STATE=getMsg HTTP/1.1" 200 27
114.83.220.119 - - [13/Mar/2024:10:10:36 +0800] "GET /xingrg/kc/buy/cgsh_order_add.html HTTP/1.1" 200 73743
114.83.220.119 - - [13/Mar/2024:10:10:36 +0800] "POST /xingrg/kc/buy/cgsh_order_operate.html HTTP/1.1" 200 8245
114.83.220.119 - - [13/Mar/2024:10:10:36 +0800] "GET /xingrg/javascript/easyui/themes/default/validatebox.css HTTP/1.1" 404 1104
101.83.145.37 - - [13/Mar/2024:10:10:37 +0800] "GET /xingrg/all/function/internal_message.html?_=1710295838454&CODE_STATE=getMsg HTTP/1.1" 200 27
116.230.123.13 - - [13/Mar/2024:10:10:38 +0800] "GET /xingrg/all/function/internal_message.html?_=1710295835486&CODE_STATE=getMsg HTTP/1.1" 302 -
116.224.254.208 - - [13/Mar/2024:10:10:39 +0800] "GET /xingrg/all/function/internal_message.html?_=1710295839433&CODE_STATE=getMsg HTTP/1.1" 200 27
116.230.123.13 - - [13/Mar/2024:10:10:41 +0800] "GET /xingrg/all/function/internal_message.html?_=1710295840154&CODE_STATE=getMsg HTTP/1.1" 200 27
116.224.254.208 - - [13/Mar/2024:10:10:43 +0800] "POST /xingrg/services/DataTransmitService HTTP/1.1" 200 524
222.70.115.1 - - [13/Mar/2024:10:10:43 +0800] "GET /xingrg/all/function/internal_message.html?_=1710295848542&CODE_STATE=getMsg HTTP/1.1" 200 27
116.238.97.31 - - [13/Mar/2024:10:10:44 +0800] "GET /xingrg/all/function/internal_message.html?_=1710295845015&CODE_STATE=getMsg HTTP/1.1" 200 27
116.230.123.13 - - [13/Mar/2024:10:10:44 +0800] "GET /xingrg/kc/buy/cgsh_order_add.html HTTP/1.1" 200 73611
