116.224.254.208 - - [13/Mar/2024:11:37:09 +0800] "POST /xingrg/kc/buy/cgsh_order_operate.html HTTP/1.1" 200 619
180.164.1.25 - - [13/Mar/2024:11:37:11 +0800] "GET /xingrg/all/function/internal_message.html?_=1710301030563&CODE_STATE=getMsg HTTP/1.1" 200 27
116.224.254.208 - - [13/Mar/2024:11:37:11 +0800] "GET /xingrg/kc/print/load_data.html?order_code=212024031303753&kc_code=cgsh&condition= HTTP/1.1" 200 719
114.89.91.180 - - [13/Mar/2024:11:37:12 +0800] "GET /xingrg/kc/buy/cgsh_order_operate.html?command=get_materiel&rest_code=00158&code=00102002432&supplier_code=00100151&order_time=2024-03-13 HTTP/1.1" 200 411
180.164.1.25 - - [13/Mar/2024:11:37:13 +0800] "GET /xingrg/kc/buy/cgsh_order_operate.html?command=get_materiel_price&rest_code=00108&code=00101010355&unit_code=00100425&supplier_code=00100329&order_time=2024-03-13 HTTP/1.1" 200 29
101.83.145.37 - - [13/Mar/2024:11:37:15 +0800] "GET /xingrg/all/function/internal_message.html?_=1710300798932&CODE_STATE=getMsg HTTP/1.1" 200 27
116.224.254.208 - - [13/Mar/2024:11:37:16 +0800] "GET /xingrg/kc/buy/cgsh_order_add.html HTTP/1.1" 200 73253
116.224.254.208 - - [13/Mar/2024:11:37:16 +0800] "POST /xingrg/kc/buy/cgsh_order_operate.html HTTP/1.1" 200 8245
116.224.254.208 - - [13/Mar/2024:11:37:16 +0800] "GET /xingrg/javascript/easyui/themes/default/validatebox.css HTTP/1.1" 404 1104
114.83.220.119 - - [13/Mar/2024:11:37:17 +0800] "GET /xingrg/all/function/internal_message.html?_=1710301036325&CODE_STATE=getMsg HTTP/1.1" 200 27
116.224.254.208 - - [13/Mar/2024:11:37:17 +0800] "GET /xingrg/all/function/internal_message.html?_=1710301037779&CODE_STATE=getMsg HTTP/1.1" 200 27
124.78.60.103 - - [13/Mar/2024:11:37:18 +0800] "GET /xingrg/all/function/internal_message.html?_=1710301038069&CODE_STATE=getMsg HTTP/1.1" 200 27
114.83.220.119 - - [13/Mar/2024:11:37:19 +0800] "GET /xingrg/kc/buy/cgsh_order_operate.html?command=get_materiel&rest_code=00149&code=00101004063&supplier_code=00100094&order_time=2024-03-13 HTTP/1.1" 200 416
116.238.97.31 - - [13/Mar/2024:11:37:21 +0800] "GET /xingrg/all/function/internal_message.html?_=1710301043015&CODE_STATE=getMsg HTTP/1.1" 200 27
222.69.133.156 - - [13/Mar/2024:11:37:22 +0800] "GET /xingrg/all/function/internal_message.html?_=1710301042390&CODE_STATE=getMsg HTTP/1.1" 200 27
180.164.1.25 - - [13/Mar/2024:11:37:23 +0800] "POST /xingrg/kc/buy/cgsh_order_operate.html HTTP/1.1" 200 37
180.169.147.146 - - [13/Mar/2024:11:37:25 +0800] "GET /xingrg/check_reg.html?_=1710301045212 HTTP/1.1" 302 -
116.224.254.208 - - [13/Mar/2024:11:37:25 +0800] "GET /xingrg/kc/buy/cgsh_order_operate.html?command=get_materiel&rest_code=00151&code=00101001096&supplier_code=00100312&order_time=2024-03-13 HTTP/1.1" 200 413
180.164.1.25 - - [13/Mar/2024:11:37:26 +0800] "POST /xingrg/kc/buy/cgsh_order_operate.html HTTP/1.1" 200 2680
180.163.29.217 - - [13/Mar/2024:11:37:26 +0800] "GET /xingrg/all/function/internal_message.html?_=1710300985560&CODE_STATE=getMsg HTTP/1.1" 302 -
124.78.156.2 - - [13/Mar/2024:11:37:26 +0800] "GET /xingrg/all/function/internal_message.html?_=1710301045534&CODE_STATE=getMsg HTTP/1.1" 200 27
180.163.29.217 - - [13/Mar/2024:11:37:26 +0800] "GET /xingrg/login.html HTTP/1.1" 200 7641
114.83.220.119 - - [13/Mar/2024:11:37:30 +0800] "POST /xingrg/kc/buy/cgsh_order_operate.html HTTP/1.1" 200 37
180.164.1.25 - - [13/Mar/2024:11:37:30 +0800] "GET /xingrg/kc/print/load_data.html?order_code=212024031303754&kc_code=cgsh&condition= HTTP/1.1" 200 722
124.78.60.103 - - [13/Mar/2024:11:37:32 +0800] "GET /xingrg/kc/buy/cgsh_order_operate.html?command=get_materiel&rest_code=00141&code=00101008323&supplier_code=00100008&order_time=2024-03-13 HTTP/1.1" 200 408
124.79.241.4 - - [13/Mar/2024:11:37:33 +0800] "GET /xingrg/all/function/internal_message.html?_=1710301072378&CODE_STATE=getMsg HTTP/1.1" 200 27
114.89.91.180 - - [13/Mar/2024:11:37:33 +0800] "GET /xingrg/kc/buy/cgsh_order_operate.html?command=get_materiel&rest_code=00158&code=00102002015&supplier_code=00100151&order_time=2024-03-13 HTTP/1.1" 200 416
180.164.1.25 - - [13/Mar/2024:11:37:36 +0800] "GET /xingrg/kc/buy/cgsh_order_add.html HTTP/1.1" 200 73747
180.164.1.25 - - [13/Mar/2024:11:37:36 +0800] "POST /xingrg/kc/buy/cgsh_order_operate.html HTTP/1.1" 200 8245
180.164.1.25 - - [13/Mar/2024:11:37:36 +0800] "GET /xingrg/javascript/easyui/themes/default/validatebox.css HTTP/1.1" 404 1104
101.83.145.37 - - [13/Mar/2024:11:37:37 +0800] "GET /xingrg/all/function/internal_message.html?_=1710301058561&CODE_STATE=getMsg HTTP/1.1" 200 27
101.83.145.37 - - [13/Mar/2024:11:37:37 +0800] "GET /xingrg/check_reg.html?_=1710301058563 HTTP/1.1" 200 22
116.230.123.13 - - [13/Mar/2024:11:37:38 +0800] "GET /xingrg/all/function/internal_message.html?_=1710301055499&CODE_STATE=getMsg HTTP/1.1" 302 -
120.253.135.82 - - [13/Mar/2024:11:37:38 +0800] "GET /xingrg/all/function/internal_message.html?_=1710300897235&CODE_STATE=getMsg HTTP/1.1" 200 27
116.224.254.208 - - [13/Mar/2024:11:37:39 +0800] "POST /xingrg/kc/buy/cgsh_order_operate.html HTTP/1.1" 200 37
116.230.123.13 - - [13/Mar/2024:11:37:41 +0800] "GET /xingrg/all/function/internal_message.html?_=1710301059825&CODE_STATE=getMsg HTTP/1.1" 200 27
116.224.254.208 - - [13/Mar/2024:11:37:46 +0800] "POST /xingrg/kc/buy/cgsh_order_operate.html HTTP/1.1" 200 12
124.78.156.2 - - [13/Mar/2024:11:37:49 +0800] "GET /xingrg/all/function/internal_message.html?_=1710301069719&CODE_STATE=getMsg HTTP/1.1" 200 27
124.78.60.103 - - [13/Mar/2024:11:37:50 +0800] "GET /xingrg/kc/buy/cgsh_order_operate.html?command=get_materiel&rest_code=00141&code=00101008215&supplier_code=00100008&order_time=2024-03-13 HTTP/1.1" 200 413
120.253.135.82 - - [13/Mar/2024:11:37:50 +0800] "GET /xingrg/check_reg.html?_=1710300909193 HTTP/1.1" 200 22
116.224.254.208 - - [13/Mar/2024:11:37:51 +0800] "GET /xingrg/all/function/internal_message.html?_=1710301070559&CODE_STATE=getMsg HTTP/1.1" 200 27
116.224.254.208 - - [13/Mar/2024:11:37:51 +0800] "GET /xingrg/check_reg.html?_=1710301070563 HTTP/1.1" 200 22
114.83.220.119 - - [13/Mar/2024:11:37:52 +0800] "POST /xingrg/kc/buy/cgsh_order_operate.html HTTP/1.1" 200 12
101.228.147.14 - - [13/Mar/2024:11:37:52 +0800] "GET /xingrg/all/function/internal_message.html?_=1710301071061&CODE_STATE=getMsg HTTP/1.1" 200 27
114.83.220.119 - - [13/Mar/2024:11:37:54 +0800] "GET /xingrg/kc/buy/cgsh_order_info.html?code=212024031303755 HTTP/1.1" 200 68652
114.83.220.119 - - [13/Mar/2024:11:37:54 +0800] "GET /xingrg/javascript/easyui/themes/default/validatebox.css HTTP/1.1" 404 1104
114.83.220.119 - - [13/Mar/2024:11:37:55 +0800] "POST /xingrg/kc/buy/cgsh_order_operate.html HTTP/1.1" 200 1219
180.169.147.146 - - [13/Mar/2024:11:37:56 +0800] "POST /xingrg/dwr/call/plaincall/AjaxReportQueryService.refreshCache.dwr HTTP/1.1" 200 78
114.83.220.119 - - [13/Mar/2024:11:37:57 +0800] "GET /xingrg/kc/print/load_data.html?order_code=212024031303755&kc_code=cgsh&condition= HTTP/1.1" 200 1031
180.169.147.146 - - [13/Mar/2024:11:37:57 +0800] "POST /xingrg/all/report/load_report_page.html HTTP/1.1" 200 61572
180.169.147.146 - - [13/Mar/2024:11:37:57 +0800] "GET /xingrg/servlets/image?cache=0.6721756380665955&image=px HTTP/1.1" 200 807
180.169.147.146 - - [13/Mar/2024:11:37:57 +0800] "GET /xingrg/all/function/internal_message.html?_=1710301078275&CODE_STATE=getMsg HTTP/1.1" 200 27
180.164.1.25 - - [13/Mar/2024:11:37:59 +0800] "GET /xingrg/kc/buy/cgsh_order_operate.html?command=get_materiel&rest_code=00108&code=00101001284&supplier_code=00100319&order_time=2024-03-13 HTTP/1.1" 200 411
180.169.147.146 - - [13/Mar/2024:11:37:59 +0800] "GET /xingrg/all/report/report_query.html?isQuery=1&fileName=dma/new_5.0/menu/menu_hz.xml&queryString=(a.sale_day%2520between%252020240301%2520and%252020240331)%2520and%2520(a.sid%2520in%2520(18))%2520and%2520(a.tj_code%253D14)&queryText=%25E3%2580%2590%25E8%2590%25A5%25E4%25B8%259A%25E6%2597%25A5%25E6%259C%259F%253A2024-03-01%2520%25E8%2587%25B3%25202024-03-31%25E3%2580%2591%2520%25E5%25B9%25B6%25E4%25B8%2594%2520%2520%25E3%2580%2590%25E9%2597%25A8%25E5%25BA%2597%25E5%2590%258D%25E7%25A7%25B0%2520%253D%2520%25E6%25A6%2595%25E6%25B8%25AF%25E5%2590%258D%25E8%25BD%25A9%25E8%25BF%259C%25E6%25B4%258B%25E5%25BA%2597%25E3%2580%2591%2520%25E5%25B9%25B6%25E4%25B8%2594%2520%25E3%2580%2590%25E7%25BB%259F%25E8%25AE%25A1%25E7%25B1%25BB%25E5%2588%25AB%2520%253D%2520%25E7%25A4%25BC%25E7%259B%2592%25E3%2580%2591 HTTP/1.1" 200 54116
180.169.147.146 - - [13/Mar/2024:11:37:59 +0800] "GET /xingrg/dwr/engine.js HTTP/1.1" 200 43631
180.169.147.146 - - [13/Mar/2024:11:37:59 +0800] "GET /favicon.ico HTTP/1.1" 404 -
180.169.147.146 - - [13/Mar/2024:11:38:00 +0800] "POST /xingrg/all/report/load_report_page.html HTTP/1.1" 200 31523
180.169.147.146 - - [13/Mar/2024:11:38:00 +0800] "GET /xingrg/servlets/image?cache=0.7858339589806039&image=px HTTP/1.1" 200 807
114.89.91.180 - - [13/Mar/2024:11:38:00 +0800] "GET /xingrg/kc/buy/cgsh_order_operate.html?command=get_materiel&rest_code=00158&code=00101006088&supplier_code=00100151&order_time=2024-03-13 HTTP/1.1" 200 409
114.83.220.119 - - [13/Mar/2024:11:38:01 +0800] "GET /xingrg/kc/buy/cgsh_order_add.html HTTP/1.1" 200 73743
124.77.241.8 - - [13/Mar/2024:11:38:01 +0800] "GET /xingrg/all/function/internal_message.html?_=1710301091471&CODE_STATE=getMsg HTTP/1.1" 200 27
114.89.91.180 - - [13/Mar/2024:11:38:01 +0800] "GET /xingrg/all/function/internal_message.html?_=1710301083813&CODE_STATE=getMsg HTTP/1.1" 200 27
114.83.220.119 - - [13/Mar/2024:11:38:01 +0800] "POST /xingrg/kc/buy/cgsh_order_operate.html HTTP/1.1" 200 8245
114.83.220.119 - - [13/Mar/2024:11:38:01 +0800] "GET /xingrg/javascript/easyui/themes/default/validatebox.css HTTP/1.1" 404 1104
221.239.169.251 - - [13/Mar/2024:11:38:04 +0800] "GET /xingrg/all/function/internal_message.html?_=1710301083008&CODE_STATE=getMsg HTTP/1.1" 200 27
124.78.60.103 - - [13/Mar/2024:11:38:07 +0800] "GET /xingrg/kc/buy/cgsh_order_operate.html?command=get_materiel&rest_code=00141&code=00101008186&supplier_code=00100008&order_time=2024-03-13 HTTP/1.1" 200 408
180.164.1.25 - - [13/Mar/2024:11:38:11 +0800] "GET /xingrg/all/function/internal_message.html?_=1710301090540&CODE_STATE=getMsg HTTP/1.1" 200 27
101.83.145.37 - - [13/Mar/2024:11:38:15 +0800] "GET /xingrg/all/function/internal_message.html?_=1710300858917&CODE_STATE=getMsg HTTP/1.1" 200 27
180.164.1.25 - - [13/Mar/2024:11:38:16 +0800] "POST /xingrg/kc/buy/cgsh_order_operate.html HTTP/1.1" 200 37
114.83.220.119 - - [13/Mar/2024:11:38:17 +0800] "GET /xingrg/kc/buy/cgsh_order_operate.html?command=get_materiel&rest_code=00149&code=00101010079&supplier_code=00100336&order_time=2024-03-13 HTTP/1.1" 200 413
114.83.220.119 - - [13/Mar/2024:11:38:17 +0800] "GET /xingrg/all/function/internal_message.html?_=1710301096338&CODE_STATE=getMsg HTTP/1.1" 200 27
124.78.60.103 - - [13/Mar/2024:11:38:18 +0800] "GET /xingrg/all/function/internal_message.html?_=1710301098042&CODE_STATE=getMsg HTTP/1.1" 200 27
180.164.1.25 - - [13/Mar/2024:11:38:18 +0800] "POST /xingrg/kc/buy/cgsh_order_operate.html HTTP/1.1" 200 2657
116.238.97.31 - - [13/Mar/2024:11:38:21 +0800] "GET /xingrg/all/function/internal_message.html?_=1710301103002&CODE_STATE=getMsg HTTP/1.1" 200 27
180.164.1.25 - - [13/Mar/2024:11:38:21 +0800] "GET /xingrg/kc/print/load_data.html?order_code=212024031303757&kc_code=cgsh&condition= HTTP/1.1" 200 685
222.69.133.156 - - [13/Mar/2024:11:38:22 +0800] "GET /xingrg/all/function/internal_message.html?_=1710301102390&CODE_STATE=getMsg HTTP/1.1" 200 27
180.162.110.169 - - [13/Mar/2024:11:38:23 +0800] "GET /xingrg HTTP/1.1" 302 -
180.162.110.169 - - [13/Mar/2024:11:38:23 +0800] "GET /xingrg/ HTTP/1.1" 304 -
124.78.156.2 - - [13/Mar/2024:11:38:26 +0800] "GET /xingrg/all/function/internal_message.html?_=1710301105507&CODE_STATE=getMsg HTTP/1.1" 200 27
180.164.1.25 - - [13/Mar/2024:11:38:27 +0800] "GET /xingrg/kc/buy/cgsh_order_add.html HTTP/1.1" 200 73747
180.164.1.25 - - [13/Mar/2024:11:38:27 +0800] "POST /xingrg/kc/buy/cgsh_order_operate.html HTTP/1.1" 200 8245
180.164.1.25 - - [13/Mar/2024:11:38:28 +0800] "GET /xingrg/javascript/easyui/themes/default/validatebox.css HTTP/1.1" 404 1104
114.89.91.180 - - [13/Mar/2024:11:38:29 +0800] "GET /xingrg/kc/buy/cgsh_order_operate.html?command=get_materiel&rest_code=00158&code=00101016053&supplier_code=00100151&order_time=2024-03-13 HTTP/1.1" 200 408
124.79.241.4 - - [13/Mar/2024:11:38:33 +0800] "GET /xingrg/all/function/internal_message.html?_=1710301132376&CODE_STATE=getMsg HTTP/1.1" 200 27
101.83.145.37 - - [13/Mar/2024:11:38:37 +0800] "GET /xingrg/all/function/internal_message.html?_=1710301118582&CODE_STATE=getMsg HTTP/1.1" 200 27
116.230.123.13 - - [13/Mar/2024:11:38:38 +0800] "GET /xingrg/all/function/internal_message.html?_=1710301115495&CODE_STATE=getMsg HTTP/1.1" 302 -
120.253.135.82 - - [13/Mar/2024:11:38:38 +0800] "GET /xingrg/all/function/internal_message.html?_=1710300957242&CODE_STATE=getMsg HTTP/1.1" 200 27
180.162.110.169 - - [13/Mar/2024:11:38:39 +0800] "GET /xingrg/index.html HTTP/1.1" 302 -
180.162.110.169 - - [13/Mar/2024:11:38:39 +0800] "GET /xingrg/login.html HTTP/1.1" 200 7641
180.164.1.25 - - [13/Mar/2024:11:38:39 +0800] "GET /xingrg/kc/buy/cgsh_order_operate.html?command=get_materiel&rest_code=00108&code=00101005039&supplier_code=00100442&order_time=2024-03-13 HTTP/1.1" 200 419
180.162.110.169 - - [13/Mar/2024:11:38:40 +0800] "GET /favicon.ico HTTP/1.1" 404 -
180.162.110.169 - - [13/Mar/2024:11:38:40 +0800] "GET /xingrg/images/blue/jxLogo.png HTTP/1.1" 304 -
116.230.123.13 - - [13/Mar/2024:11:38:41 +0800] "GET /xingrg/all/function/internal_message.html?_=1710301119825&CODE_STATE=getMsg HTTP/1.1" 200 27
180.162.110.169 - - [13/Mar/2024:11:38:42 +0800] "GET /xingrg/images/blue/login_bg.png HTTP/1.1" 304 -
180.162.110.169 - - [13/Mar/2024:11:38:42 +0800] "GET /xingrg/images/blue/hj.png HTTP/1.1" 304 -
180.162.110.169 - - [13/Mar/2024:11:38:42 +0800] "GET /xingrg/images/blue/srbg.png HTTP/1.1" 304 -
180.162.110.169 - - [13/Mar/2024:11:38:43 +0800] "GET /favicon.ico HTTP/1.1" 404 -
114.83.220.119 - - [13/Mar/2024:11:38:46 +0800] "POST /xingrg/kc/buy/cgsh_order_operate.html HTTP/1.1" 200 37
180.162.110.169 - - [13/Mar/2024:11:38:47 +0800] "POST /xingrg/login.do HTTP/1.1" 302 -
180.162.110.169 - - [13/Mar/2024:11:38:48 +0800] "GET /xingrg/index.html?sysBaseUrl=http%3A%2F%2F180.169.147.146%3A18081%2Fxingrg%2F&costTime=880×tamp=1710301127937 HTTP/1.1" 200 17179
180.162.110.169 - - [13/Mar/2024:11:38:48 +0800] "GET /xingrg/javascript/jquery_easy_ui/themes/default/easyui.css HTTP/1.1" 304 -
180.162.110.169 - - [13/Mar/2024:11:38:48 +0800] "GET /xingrg/javascript/jquery_easy_ui/themes/icon.css HTTP/1.1" 304 -
180.162.110.169 - - [13/Mar/2024:11:38:48 +0800] "GET /xingrg/css/form.css HTTP/1.1" 304 -
180.162.110.169 - - [13/Mar/2024:11:38:48 +0800] "GET /xingrg/javascript/jquery-1.4.2.min.js HTTP/1.1" 304 -
180.162.110.169 - - [13/Mar/2024:11:38:48 +0800] "GET /xingrg/javascript/jquery_easy_ui/jquery.easyui.min.js HTTP/1.1" 304 -
180.162.110.169 - - [13/Mar/2024:11:38:48 +0800] "GET /xingrg/javascript/jquery_easy_ui/easyui-lang-zh_CN.js HTTP/1.1" 304 -
180.162.110.169 - - [13/Mar/2024:11:38:48 +0800] "GET /xingrg/javascript/jquery.form.js HTTP/1.1" 304 -
180.162.110.169 - - [13/Mar/2024:11:38:48 +0800] "GET /xingrg/javascript/jquery.utils.js HTTP/1.1" 304 -
180.162.110.169 - - [13/Mar/2024:11:38:48 +0800] "GET /xingrg/javascript/jquery.timers.js HTTP/1.1" 304 -
180.162.110.169 - - [13/Mar/2024:11:38:48 +0800] "GET /favicon.ico HTTP/1.1" 404 -
180.162.110.169 - - [13/Mar/2024:11:38:49 +0800] "GET /xingrg/javascript/jquery_easy_ui/themes/icons/settle_new.png HTTP/1.1" 304 -
180.162.110.169 - - [13/Mar/2024:11:38:49 +0800] "GET /xingrg/images/blue/navBackgound.jpg HTTP/1.1" 304 -
124.78.156.2 - - [13/Mar/2024:11:38:49 +0800] "GET /xingrg/check_reg.html?_=1710301129719 HTTP/1.1" 200 22
124.78.156.2 - - [13/Mar/2024:11:38:49 +0800] "GET /xingrg/all/function/internal_message.html?_=1710301129724&CODE_STATE=getMsg HTTP/1.1" 200 27
180.162.110.169 - - [13/Mar/2024:11:38:50 +0800] "POST /xingrg/all/common/load_tree.html?tree=area_rest_tree_json&manage=1 HTTP/1.1" 200 351
180.162.110.169 - - [13/Mar/2024:11:38:50 +0800] "GET /xingrg/check_reg.html?_=1710299577936 HTTP/1.1" 200 22
180.162.110.169 - - [13/Mar/2024:11:38:50 +0800] "GET /xingrg/all/function/internal_message.html?_=1710299577935&CODE_STATE=count HTTP/1.1" 200 11
180.162.110.169 - - [13/Mar/2024:11:38:50 +0800] "GET /xingrg/images/blue/pingpu.png HTTP/1.1" 304 -
180.162.110.169 - - [13/Mar/2024:11:38:50 +0800] "GET /xingrg/javascript/jquery_easy_ui/themes/default/images/tabs_leftarrow.png HTTP/1.1" 304 -
180.162.110.169 - - [13/Mar/2024:11:38:50 +0800] "GET /xingrg/javascript/jquery_easy_ui/themes/default/images/tabs_rightarrow.png HTTP/1.1" 304 -
180.162.110.169 - - [13/Mar/2024:11:38:50 +0800] "GET /xingrg/javascript/jquery_easy_ui/themes/default/images/panel_tool_collapse.gif HTTP/1.1" 304 -
180.162.110.169 - - [13/Mar/2024:11:38:51 +0800] "POST /xingrg/load_menu.html HTTP/1.1" 200 5138
116.224.254.208 - - [13/Mar/2024:11:38:51 +0800] "GET /xingrg/all/function/internal_message.html?_=1710301130578&CODE_STATE=getMsg HTTP/1.1" 200 27
180.162.110.169 - - [13/Mar/2024:11:38:51 +0800] "GET /xingrg/javascript/jquery_easy_ui/themes/default/images/tree_arrows.gif HTTP/1.1" 304 -
180.162.110.169 - - [13/Mar/2024:11:38:51 +0800] "GET /xingrg/javascript/jquery_easy_ui/themes/default/images/tree_folder_open.gif HTTP/1.1" 304 -
180.162.110.169 - - [13/Mar/2024:11:38:51 +0800] "GET /xingrg/javascript/jquery_easy_ui/themes/icons/search_new.png HTTP/1.1" 304 -
180.162.110.169 - - [13/Mar/2024:11:38:51 +0800] "GET /xingrg/javascript/jquery_easy_ui/themes/default/images/tree_folder.gif HTTP/1.1" 304 -
180.162.110.169 - - [13/Mar/2024:11:38:51 +0800] "GET /xingrg/javascript/jquery_easy_ui/themes/icons/storage_new.png HTTP/1.1" 304 -
180.162.110.169 - - [13/Mar/2024:11:38:51 +0800] "GET /xingrg/javascript/jquery_easy_ui/themes/icons/forms_new.png HTTP/1.1" 304 -
180.162.110.169 - - [13/Mar/2024:11:38:51 +0800] "GET /xingrg/javascript/jquery_easy_ui/themes/default/images/tree_file.gif HTTP/1.1" 304 -
101.228.147.14 - - [13/Mar/2024:11:38:52 +0800] "GET /xingrg/all/function/internal_message.html?_=1710301131063&CODE_STATE=getMsg HTTP/1.1" 200 27
101.228.147.14 - - [13/Mar/2024:11:38:52 +0800] "GET /xingrg/check_reg.html?_=1710301131064 HTTP/1.1" 200 22
180.164.1.25 - - [13/Mar/2024:11:38:52 +0800] "GET /xingrg/kc/buy/cgsh_order_operate.html?command=get_materiel&rest_code=00108&code=00101001052&supplier_code=00100442&order_time=2024-03-13 HTTP/1.1" 200 411
114.83.220.119 - - [13/Mar/2024:11:38:54 +0800] "POST /xingrg/kc/buy/cgsh_order_operate.html HTTP/1.1" 200 12
114.83.220.119 - - [13/Mar/2024:11:38:56 +0800] "GET /xingrg/kc/buy/cgsh_order_info.html?code=212024031303758 HTTP/1.1" 200 68652
114.83.220.119 - - [13/Mar/2024:11:38:56 +0800] "GET /xingrg/javascript/easyui/themes/default/validatebox.css HTTP/1.1" 404 1104
114.83.220.119 - - [13/Mar/2024:11:38:57 +0800] "POST /xingrg/kc/buy/cgsh_order_operate.html HTTP/1.1" 200 607
180.169.147.146 - - [13/Mar/2024:11:38:57 +0800] "GET /xingrg/all/function/internal_message.html?_=1710301138290&CODE_STATE=getMsg HTTP/1.1" 200 27
124.78.60.103 - - [13/Mar/2024:11:38:58 +0800] "GET /xingrg/kc/buy/cgsh_order_operate.html?command=get_materiel&rest_code=00141&code=00101008403&supplier_code=00100008&order_time=2024-03-13 HTTP/1.1" 200 412
114.83.220.119 - - [13/Mar/2024:11:38:59 +0800] "GET /xingrg/kc/print/load_data.html?order_code=212024031303758&kc_code=cgsh&condition= HTTP/1.1" 200 708
114.89.91.180 - - [13/Mar/2024:11:39:01 +0800] "GET /xingrg/all/function/internal_message.html?_=1710301143832&CODE_STATE=getMsg HTTP/1.1" 200 27
124.77.241.8 - - [13/Mar/2024:11:39:02 +0800] "GET /xingrg/all/function/internal_message.html?_=1710301152159&CODE_STATE=getMsg HTTP/1.1" 200 27
221.239.169.251 - - [13/Mar/2024:11:39:04 +0800] "GET /xingrg/all/function/internal_message.html?_=1710301142997&CODE_STATE=getMsg HTTP/1.1" 200 27
114.83.220.119 - - [13/Mar/2024:11:39:04 +0800] "GET /xingrg/kc/buy/cgsh_order_add.html HTTP/1.1" 200 73743
114.83.220.119 - - [13/Mar/2024:11:39:04 +0800] "POST /xingrg/kc/buy/cgsh_order_operate.html HTTP/1.1" 200 8245
114.83.220.119 - - [13/Mar/2024:11:39:04 +0800] "GET /xingrg/javascript/easyui/themes/default/validatebox.css HTTP/1.1" 404 1104
180.162.110.169 - - [13/Mar/2024:11:39:06 +0800] "GET /xingrg/kc/buy/buy_main.html HTTP/1.1" 200 12412
180.162.110.169 - - [13/Mar/2024:11:39:06 +0800] "GET /xingrg/javascript/jquery_easy_ui/themes/default/images/tabs_close.gif HTTP/1.1" 304 -
180.162.110.169 - - [13/Mar/2024:11:39:06 +0800] "GET /xingrg/css/blue.css HTTP/1.1" 304 -
180.162.110.169 - - [13/Mar/2024:11:39:06 +0800] "GET /xingrg/css/new_ie.css HTTP/1.1" 404 1036
180.162.110.169 - - [13/Mar/2024:11:39:06 +0800] "GET /xingrg/javascript/pic_change.js HTTP/1.1" 304 -
180.162.110.169 - - [13/Mar/2024:11:39:06 +0800] "GET /xingrg/javascript/jquery_ui/themes/humanity/humanity.css HTTP/1.1" 304 -
180.162.110.169 - - [13/Mar/2024:11:39:06 +0800] "GET /xingrg/javascript/ToolTips.js HTTP/1.1" 304 -
180.162.110.169 - - [13/Mar/2024:11:39:06 +0800] "GET /xingrg/javascript/myfunction.js HTTP/1.1" 304 -
180.162.110.169 - - [13/Mar/2024:11:39:06 +0800] "GET /xingrg/javascript/jquery_ui/jquery-ui.min.js HTTP/1.1" 304 -
180.162.110.169 - - [13/Mar/2024:11:39:06 +0800] "GET /xingrg/images/blue/button/cgxqd.gif HTTP/1.1" 304 -
180.162.110.169 - - [13/Mar/2024:11:39:06 +0800] "GET /xingrg/images/blue/button/cgydd.gif HTTP/1.1" 304 -
180.162.110.169 - - [13/Mar/2024:11:39:06 +0800] "GET /xingrg/images/blue/button/cgshd.gif HTTP/1.1" 304 -
180.162.110.169 - - [13/Mar/2024:11:39:06 +0800] "GET /xingrg/images/blue/button/kc.gif HTTP/1.1" 304 -
180.162.110.169 - - [13/Mar/2024:11:39:06 +0800] "GET /xingrg/images/blue/button/cgfkd.gif HTTP/1.1" 304 -
180.162.110.169 - - [13/Mar/2024:11:39:06 +0800] "GET /xingrg/images/blue/button/ckthd.gif HTTP/1.1" 304 -
180.162.110.169 - - [13/Mar/2024:11:39:06 +0800] "GET /xingrg/images/blue/pic_form2.gif HTTP/1.1" 304 -
180.162.110.169 - - [13/Mar/2024:11:39:06 +0800] "GET /xingrg/javascript/jquery_ui/themes/humanity/images/ui-bg_inset-soft_100_f4f0ec_1x100.png HTTP/1.1" 304 -
180.162.110.169 - - [13/Mar/2024:11:39:06 +0800] "GET /xingrg/images/blue/bg_dotted.jpg HTTP/1.1" 304 -
180.162.110.169 - - [13/Mar/2024:11:39:06 +0800] "GET /xingrg/images/blue/button/right_ah.jpg HTTP/1.1" 304 -
180.162.110.169 - - [13/Mar/2024:11:39:06 +0800] "GET /xingrg/images/blue/button/down_ah.jpg HTTP/1.1" 304 -
180.164.1.25 - - [13/Mar/2024:11:39:06 +0800] "POST /xingrg/kc/buy/cgsh_order_operate.html HTTP/1.1" 200 37
180.162.110.169 - - [13/Mar/2024:11:39:06 +0800] "GET /xingrg/javascript/jquery_ui/themes/humanity/images/ui-iconsnew.jpg HTTP/1.1" 304 -
180.162.110.169 - - [13/Mar/2024:11:39:06 +0800] "GET /xingrg/javascript/jquery_ui/themes/humanity/images/ui-icons_ffffff_256x240.png HTTP/1.1" 304 -
180.162.110.169 - - [13/Mar/2024:11:39:06 +0800] "GET /xingrg/javascript/jquery_ui/themes/humanity/images/ui-bg_glass_70_ede4d4_1x400.png HTTP/1.1" 304 -
180.162.110.169 - - [13/Mar/2024:11:39:06 +0800] "GET /xingrg/javascript/jquery_ui/themes/humanity/images/ui-icons_c47a23_256x240.png HTTP/1.1" 304 -
180.162.110.169 - - [13/Mar/2024:11:39:06 +0800] "GET /xingrg/images/yd/bt.gif HTTP/1.1" 404 1040
114.89.91.180 - - [13/Mar/2024:11:39:07 +0800] "GET /xingrg/kc/buy/cgsh_order_operate.html?command=get_materiel&rest_code=00158&code=00102002690&supplier_code=00100151&order_time=2024-03-13 HTTP/1.1" 200 417
180.162.110.169 - - [13/Mar/2024:11:39:07 +0800] "GET /xingrg/kc/buy/cgsh_order_list.html HTTP/1.1" 200 57886
180.162.110.169 - - [13/Mar/2024:11:39:07 +0800] "GET /xingrg/css/base.css HTTP/1.1" 304 -
180.162.110.169 - - [13/Mar/2024:11:39:07 +0800] "GET /xingrg/css/site.css HTTP/1.1" 304 -
180.162.110.169 - - [13/Mar/2024:11:39:07 +0800] "GET /xingrg/javascript/jquery_tools/datebox.css HTTP/1.1" 304 -
180.162.110.169 - - [13/Mar/2024:11:39:07 +0800] "GET /xingrg/javascript/easyui/themes/default/easyui.css HTTP/1.1" 304 -
180.162.110.169 - - [13/Mar/2024:11:39:07 +0800] "GET /xingrg/javascript/auto/jquery.autocomplete.css HTTP/1.1" 304 -
180.162.110.169 - - [13/Mar/2024:11:39:07 +0800] "GET /xingrg/javascript/easyui/themes/icon.css HTTP/1.1" 304 -
180.162.110.169 - - [13/Mar/2024:11:39:07 +0800] "GET /xingrg/javascript/jquery_tools/fix.css HTTP/1.1" 304 -
180.162.110.169 - - [13/Mar/2024:11:39:07 +0800] "GET /xingrg/javascript/jquery_tools/jquery.tools.min.js HTTP/1.1" 304 -
180.162.110.169 - - [13/Mar/2024:11:39:07 +0800] "GET /xingrg/javascript/jquery_tools/table.css HTTP/1.1" 304 -
180.162.110.169 - - [13/Mar/2024:11:39:07 +0800] "GET /xingrg/javascript/jquery_tools/jquery.tools.extend.js HTTP/1.1" 304 -
180.162.110.169 - - [13/Mar/2024:11:39:08 +0800] "GET /xingrg/javascript/jquery_tools/jquery.tools.hotkey.js HTTP/1.1" 304 -
180.162.110.169 - - [13/Mar/2024:11:39:08 +0800] "GET /xingrg/javascript/jquery_tools/jquery.tools.table.js HTTP/1.1" 304 -
180.162.110.169 - - [13/Mar/2024:11:39:08 +0800] "GET /xingrg/javascript/jquery_tools/list_manager.js HTTP/1.1" 304 -
180.162.110.169 - - [13/Mar/2024:11:39:08 +0800] "GET /xingrg/javascript/auto/jquery.autocomplete.js HTTP/1.1" 304 -
180.162.110.169 - - [13/Mar/2024:11:39:08 +0800] "GET /xingrg/javascript/easyui/easyloader.js HTTP/1.1" 304 -
180.162.110.169 - - [13/Mar/2024:11:39:08 +0800] "GET /xingrg/javascript/jquery.cookie.js HTTP/1.1" 304 -
180.162.110.169 - - [13/Mar/2024:11:39:08 +0800] "GET /xingrg/javascript/print/LodopFuncs.js HTTP/1.1" 304 -
180.164.1.25 - - [13/Mar/2024:11:39:08 +0800] "POST /xingrg/kc/buy/cgsh_order_operate.html HTTP/1.1" 200 3259
180.162.110.169 - - [13/Mar/2024:11:39:09 +0800] "GET /xingrg/javascript/easyui/themes/icons/field_new.png HTTP/1.1" 304 -
180.162.110.169 - - [13/Mar/2024:11:39:09 +0800] "GET /xingrg/javascript/easyui/themes/icons/check_new.png HTTP/1.1" 304 -
180.162.110.169 - - [13/Mar/2024:11:39:09 +0800] "GET /xingrg/javascript/easyui/themes/icons/cance_new.png HTTP/1.1" 304 -
180.162.110.169 - - [13/Mar/2024:11:39:09 +0800] "GET /xingrg/javascript/easyui/themes/icons/edit_add_new.png HTTP/1.1" 304 -
180.162.110.169 - - [13/Mar/2024:11:39:09 +0800] "GET /xingrg/javascript/easyui/themes/icons/import_new.png HTTP/1.1" 304 -
180.162.110.169 - - [13/Mar/2024:11:39:09 +0800] "GET /xingrg/javascript/easyui/plugins/jquery.parser.js HTTP/1.1" 304 -
180.162.110.169 - - [13/Mar/2024:11:39:09 +0800] "GET /xingrg/images/control/ajaxLoader.gif HTTP/1.1" 304 -
180.164.1.25 - - [13/Mar/2024:11:39:10 +0800] "GET /xingrg/kc/print/load_data.html?order_code=212024031303759&kc_code=cgsh&condition= HTTP/1.1" 200 922
180.164.1.25 - - [13/Mar/2024:11:39:11 +0800] "GET /xingrg/all/function/internal_message.html?_=1710301150542&CODE_STATE=getMsg HTTP/1.1" 200 27
124.78.60.103 - - [13/Mar/2024:11:39:13 +0800] "GET /xingrg/kc/buy/cgsh_order_operate.html?command=get_materiel&rest_code=00141&code=00101008358&supplier_code=00100008&order_time=2024-03-13 HTTP/1.1" 200 412
180.162.110.169 - - [13/Mar/2024:11:39:13 +0800] "POST /xingrg/kc/buy/cgsh_list_operate.html HTTP/1.1" 200 1386
180.164.1.25 - - [13/Mar/2024:11:39:15 +0800] "GET /xingrg/kc/buy/cgsh_order_add.html HTTP/1.1" 200 73747
180.164.1.25 - - [13/Mar/2024:11:39:15 +0800] "POST /xingrg/kc/buy/cgsh_order_operate.html HTTP/1.1" 200 8245
180.164.1.25 - - [13/Mar/2024:11:39:15 +0800] "GET /xingrg/javascript/easyui/themes/default/validatebox.css HTTP/1.1" 404 1104
101.83.145.37 - - [13/Mar/2024:11:39:15 +0800] "GET /xingrg/all/function/internal_message.html?_=1710300918902&CODE_STATE=getMsg HTTP/1.1" 200 27
114.83.220.119 - - [13/Mar/2024:11:39:16 +0800] "GET /xingrg/kc/buy/cgsh_order_operate.html?command=get_materiel&rest_code=00149&code=00101006001&supplier_code=00100574&order_time=2024-03-13 HTTP/1.1" 200 426
114.83.220.119 - - [13/Mar/2024:11:39:17 +0800] "GET /xingrg/all/function/internal_message.html?_=1710301156319&CODE_STATE=getMsg HTTP/1.1" 200 27
124.78.60.103 - - [13/Mar/2024:11:39:18 +0800] "GET /xingrg/all/function/internal_message.html?_=1710301158045&CODE_STATE=getMsg HTTP/1.1" 200 27
114.89.91.180 - - [13/Mar/2024:11:39:20 +0800] "GET /xingrg/kc/buy/cgsh_order_operate.html?command=get_materiel&rest_code=00158&code=00102015025&supplier_code=00100151&order_time=2024-03-13 HTTP/1.1" 200 412
116.238.97.31 - - [13/Mar/2024:11:39:21 +0800] "GET /xingrg/all/function/internal_message.html?_=1710301162991&CODE_STATE=getMsg HTTP/1.1" 200 27
222.69.133.156 - - [13/Mar/2024:11:39:22 +0800] "GET /xingrg/all/function/internal_message.html?_=1710301162390&CODE_STATE=getMsg HTTP/1.1" 200 27
124.78.60.103 - - [13/Mar/2024:11:39:24 +0800] "GET /xingrg/kc/buy/cgsh_order_operate.html?command=get_materiel&rest_code=00141&code=00101008502&supplier_code=00100008&order_time=2024-03-13 HTTP/1.1" 200 412
124.78.156.2 - - [13/Mar/2024:11:39:25 +0800] "GET /xingrg/check_reg.html?_=1710301164636 HTTP/1.1" 200 22
180.163.28.114 - - [13/Mar/2024:11:39:26 +0800] "GET /xingrg/all/function/internal_message.html?_=1710301105507&CODE_STATE=getMsg HTTP/1.1" 302 -
180.163.28.114 - - [13/Mar/2024:11:39:26 +0800] "GET /xingrg/login.html HTTP/1.1" 200 7641
124.78.156.2 - - [13/Mar/2024:11:39:26 +0800] "GET /xingrg/all/function/internal_message.html?_=1710301165483&CODE_STATE=getMsg HTTP/1.1" 200 27
114.83.220.119 - - [13/Mar/2024:11:39:33 +0800] "POST /xingrg/kc/buy/cgsh_order_operate.html HTTP/1.1" 200 37
124.79.241.4 - - [13/Mar/2024:11:39:33 +0800] "GET /xingrg/all/function/internal_message.html?_=1710301192375&CODE_STATE=getMsg HTTP/1.1" 200 27
180.164.1.25 - - [13/Mar/2024:11:39:33 +0800] "GET /xingrg/kc/buy/cgsh_order_operate.html?command=get_materiel&rest_code=00108&code=00102002167&supplier_code=00100337&order_time=2024-03-13 HTTP/1.1" 200 409
124.78.60.103 - - [13/Mar/2024:11:39:36 +0800] "GET /xingrg/kc/buy/cgsh_order_operate.html?command=get_materiel&rest_code=00141&code=00101008355&supplier_code=00100008&order_time=2024-03-13 HTTP/1.1" 200 408
101.83.145.37 - - [13/Mar/2024:11:39:37 +0800] "GET /xingrg/all/function/internal_message.html?_=1710301178568&CODE_STATE=getMsg HTTP/1.1" 200 27
116.230.123.13 - - [13/Mar/2024:11:39:38 +0800] "GET /xingrg/all/function/internal_message.html?_=1710301175491&CODE_STATE=getMsg HTTP/1.1" 302 -
116.230.123.13 - - [13/Mar/2024:11:39:38 +0800] "GET /xingrg/check_reg.html?_=1710301175489 HTTP/1.1" 302 -
120.253.135.82 - - [13/Mar/2024:11:39:38 +0800] "GET /xingrg/all/function/internal_message.html?_=1710301017254&CODE_STATE=getMsg HTTP/1.1" 200 27
114.83.220.119 - - [13/Mar/2024:11:39:40 +0800] "POST /xingrg/kc/buy/cgsh_order_operate.html HTTP/1.1" 200 12
116.224.254.208 - - [13/Mar/2024:11:39:40 +0800] "GET /xingrg/kc/buy/cgsh_order_info.html?code=212024031303756 HTTP/1.1" 200 68166
116.224.254.208 - - [13/Mar/2024:11:39:41 +0800] "GET /xingrg/javascript/easyui/themes/default/validatebox.css HTTP/1.1" 404 1104
116.230.123.13 - - [13/Mar/2024:11:39:41 +0800] "GET /xingrg/all/function/internal_message.html?_=1710301179809&CODE_STATE=getMsg HTTP/1.1" 200 27
116.224.254.208 - - [13/Mar/2024:11:39:42 +0800] "POST /xingrg/kc/buy/cgsh_order_operate.html HTTP/1.1" 200 616
114.83.220.119 - - [13/Mar/2024:11:39:42 +0800] "GET /xingrg/kc/buy/cgsh_order_info.html?code=212024031303760 HTTP/1.1" 200 68658
114.83.220.119 - - [13/Mar/2024:11:39:42 +0800] "GET /xingrg/javascript/easyui/themes/default/validatebox.css HTTP/1.1" 404 1104
114.83.220.119 - - [13/Mar/2024:11:39:43 +0800] "POST /xingrg/kc/buy/cgsh_order_operate.html HTTP/1.1" 200 622
116.224.254.208 - - [13/Mar/2024:11:39:43 +0800] "GET /xingrg/kc/print/load_data.html?order_code=212024031303756&kc_code=cgsh&condition= HTTP/1.1" 200 720
114.83.220.119 - - [13/Mar/2024:11:39:45 +0800] "GET /xingrg/kc/print/load_data.html?order_code=212024031303760&kc_code=cgsh&condition= HTTP/1.1" 200 730
180.164.1.25 - - [13/Mar/2024:11:39:47 +0800] "GET /xingrg/kc/buy/cgsh_order_operate.html?command=get_materiel&rest_code=00108&code=00101013205&supplier_code=00100337&order_time=2024-03-13 HTTP/1.1" 200 440
221.239.169.251 - - [13/Mar/2024:11:39:47 +0800] "GET /xingrg/check_reg.html?_=1710301185851 HTTP/1.1" 200 22
116.224.254.208 - - [13/Mar/2024:11:39:47 +0800] "GET /xingrg/kc/buy/cgsh_order_add.html HTTP/1.1" 200 73253
116.224.254.208 - - [13/Mar/2024:11:39:48 +0800] "POST /xingrg/kc/buy/cgsh_order_operate.html HTTP/1.1" 200 8245
124.78.60.103 - - [13/Mar/2024:11:39:48 +0800] "GET /xingrg/kc/buy/cgsh_order_operate.html?command=get_materiel&rest_code=00141&code=00101008321&supplier_code=00100008&order_time=2024-03-13 HTTP/1.1" 200 412
116.224.254.208 - - [13/Mar/2024:11:39:48 +0800] "GET /xingrg/javascript/easyui/themes/default/validatebox.css HTTP/1.1" 404 1104
180.162.110.169 - - [13/Mar/2024:11:39:49 +0800] "POST /xingrg/kc/buy/cgsh_list_operate.html HTTP/1.1" 200 614
124.78.156.2 - - [13/Mar/2024:11:39:49 +0800] "GET /xingrg/all/function/internal_message.html?_=1710301189721&CODE_STATE=getMsg HTTP/1.1" 200 27
114.83.220.119 - - [13/Mar/2024:11:39:49 +0800] "GET /xingrg/kc/buy/cgsh_order_add.html HTTP/1.1" 200 73743
114.83.220.119 - - [13/Mar/2024:11:39:50 +0800] "POST /xingrg/kc/buy/cgsh_order_operate.html HTTP/1.1" 200 8245
114.83.220.119 - - [13/Mar/2024:11:39:50 +0800] "GET /xingrg/javascript/easyui/themes/default/validatebox.css HTTP/1.1" 404 1104
180.162.110.169 - - [13/Mar/2024:11:39:50 +0800] "GET /xingrg/all/function/internal_message.html?_=1710299637938&CODE_STATE=getMsg HTTP/1.1" 200 27
116.224.254.208 - - [13/Mar/2024:11:39:51 +0800] "GET /xingrg/all/function/internal_message.html?_=1710301190571&CODE_STATE=getMsg HTTP/1.1" 200 27
101.228.147.14 - - [13/Mar/2024:11:39:52 +0800] "GET /xingrg/all/function/internal_message.html?_=1710301191062&CODE_STATE=getMsg HTTP/1.1" 200 27
180.162.110.169 - - [13/Mar/2024:11:39:53 +0800] "GET /xingrg/kc/buy/cgsh_order_info.html?code=212024031003135 HTTP/1.1" 200 72743
180.162.110.169 - - [13/Mar/2024:11:39:53 +0800] "GET /xingrg/javascript/jquery_tools/order_manager.js HTTP/1.1" 304 -
180.162.110.169 - - [13/Mar/2024:11:39:53 +0800] "GET /xingrg/javascript/convert.js HTTP/1.1" 304 -
180.162.110.169 - - [13/Mar/2024:11:39:53 +0800] "GET /xingrg/javascript/json2.js HTTP/1.1" 304 -
180.162.110.169 - - [13/Mar/2024:11:39:53 +0800] "GET /xingrg/javascript/print/kc_print.js HTTP/1.1" 304 -
180.162.110.169 - - [13/Mar/2024:11:39:53 +0800] "GET /xingrg/words/20240312190758_words.js HTTP/1.1" 200 1015516
180.162.110.169 - - [13/Mar/2024:11:39:53 +0800] "GET /xingrg/javascript/easyui/themes/default/images/menu_downarrow.png HTTP/1.1" 304 -
180.162.110.169 - - [13/Mar/2024:11:39:53 +0800] "GET /xingrg/javascript/easyui/themes/icons/print.png HTTP/1.1" 304 -
180.162.110.169 - - [13/Mar/2024:11:39:53 +0800] "GET /xingrg/javascript/easyui/themes/icons/ok.png HTTP/1.1" 304 -
180.162.110.169 - - [13/Mar/2024:11:39:53 +0800] "GET /xingrg/javascript/easyui/themes/icons/template_new.png HTTP/1.1" 304 -
180.162.110.169 - - [13/Mar/2024:11:39:53 +0800] "GET /xingrg/javascript/easyui/themes/icons/copy_new.png HTTP/1.1" 304 -
180.162.110.169 - - [13/Mar/2024:11:39:53 +0800] "GET /xingrg/javascript/easyui/themes/icons/cancel.png HTTP/1.1" 304 -
180.162.110.169 - - [13/Mar/2024:11:39:54 +0800] "GET /xingrg/javascript/easyui/themes/default/validatebox.css HTTP/1.1" 404 1104
180.162.110.169 - - [13/Mar/2024:11:39:54 +0800] "GET /xingrg/javascript/easyui/plugins/jquery.validatebox.js HTTP/1.1" 304 -
180.162.110.169 - - [13/Mar/2024:11:39:54 +0800] "GET /xingrg/all/common/auto_word.html?type=employee&rest_code=00143 HTTP/1.1" 200 55
180.162.110.169 - - [13/Mar/2024:11:39:54 +0800] "GET /xingrg/javascript/easyui/plugins/jquery.numberbox.js HTTP/1.1" 304 -
180.162.110.169 - - [13/Mar/2024:11:39:54 +0800] "GET /xingrg/all/common/auto_word.html?type=employee&rest_code=00143 HTTP/1.1" 200 55
180.162.110.169 - - [13/Mar/2024:11:39:55 +0800] "POST /xingrg/kc/buy/cgsh_order_operate.html HTTP/1.1" 200 7465
180.162.110.169 - - [13/Mar/2024:11:39:55 +0800] "GET /xingrg/javascript/easyui/themes/icons/edit_remove.png HTTP/1.1" 304 -
180.169.147.146 - - [13/Mar/2024:11:39:57 +0800] "GET /xingrg/all/function/internal_message.html?_=1710301198290&CODE_STATE=getMsg HTTP/1.1" 200 27
124.78.60.103 - - [13/Mar/2024:11:39:58 +0800] "GET /xingrg/kc/buy/cgsh_order_operate.html?command=get_materiel&rest_code=00141&code=00101008137&supplier_code=00100008&order_time=2024-03-13 HTTP/1.1" 200 408
116.224.254.208 - - [13/Mar/2024:11:40:00 +0800] "GET /xingrg/kc/buy/cgsh_order_operate.html?command=get_materiel&rest_code=00151&code=00101010714&supplier_code=00100329&order_time=2024-03-13 HTTP/1.1" 200 435
114.89.91.180 - - [13/Mar/2024:11:40:01 +0800] "GET /xingrg/check_reg.html?_=1710301203840 HTTP/1.1" 200 22
114.89.91.180 - - [13/Mar/2024:11:40:01 +0800] "GET /xingrg/all/function/internal_message.html?_=1710301203841&CODE_STATE=getMsg HTTP/1.1" 200 27
124.77.241.8 - - [13/Mar/2024:11:40:02 +0800] "GET /xingrg/all/function/internal_message.html?_=1710301212169&CODE_STATE=getMsg HTTP/1.1" 200 27
221.239.169.251 - - [13/Mar/2024:11:40:04 +0800] "GET /xingrg/all/function/internal_message.html?_=1710301202988&CODE_STATE=getMsg HTTP/1.1" 200 27
180.164.1.25 - - [13/Mar/2024:11:40:08 +0800] "POST /xingrg/kc/buy/cgsh_order_operate.html HTTP/1.1" 200 37
180.163.29.234 - - [13/Mar/2024:11:40:09 +0800] "GET /xingrg/kc/print/load_data.html?order_code=212024031303701&kc_code=cgsh&condition= HTTP/1.1" 302 -
180.163.29.234 - - [13/Mar/2024:11:40:09 +0800] "GET /xingrg/login.html HTTP/1.1" 200 7641
114.83.220.119 - - [13/Mar/2024:11:40:10 +0800] "GET /xingrg/kc/buy/cgsh_order_operate.html?command=get_materiel&rest_code=00149&code=00101001045&supplier_code=00100653&order_time=2024-03-13 HTTP/1.1" 200 423
124.78.60.103 - - [13/Mar/2024:11:40:10 +0800] "GET /xingrg/kc/buy/cgsh_order_operate.html?command=get_materiel&rest_code=00141&code=00101008213&supplier_code=00100008&order_time=2024-03-13 HTTP/1.1" 200 412
116.224.254.208 - - [13/Mar/2024:11:40:11 +0800] "GET /xingrg/kc/buy/cgsh_order_operate.html?command=get_materiel&rest_code=00151&code=00101020160&supplier_code=00100329&order_time=2024-03-13 HTTP/1.1" 200 414
180.164.1.25 - - [13/Mar/2024:11:40:11 +0800] "GET /xingrg/all/function/internal_message.html?_=1710301210531&CODE_STATE=getMsg HTTP/1.1" 200 27
180.164.1.25 - - [13/Mar/2024:11:40:11 +0800] "POST /xingrg/kc/buy/cgsh_order_operate.html HTTP/1.1" 200 3245
180.164.1.25 - - [13/Mar/2024:11:40:13 +0800] "GET /xingrg/kc/print/load_data.html?order_code=212024031303761&kc_code=cgsh&condition= HTTP/1.1" 200 902
101.83.145.37 - - [13/Mar/2024:11:40:15 +0800] "GET /xingrg/all/function/internal_message.html?_=1710300978887&CODE_STATE=getMsg HTTP/1.1" 200 27
124.78.156.2 - - [13/Mar/2024:11:40:16 +0800] "GET /xingrg/kc/buy/buy_main.html HTTP/1.1" 200 12412
124.78.156.2 - - [13/Mar/2024:11:40:16 +0800] "GET /xingrg/css/new_ie.css HTTP/1.1" 404 1036
101.83.145.37 - - [13/Mar/2024:11:40:16 +0800] "GET /xingrg/check_reg.html?_=1710300979420 HTTP/1.1" 200 22
124.78.156.2 - - [13/Mar/2024:11:40:17 +0800] "GET /xingrg/images/yd/bt.gif HTTP/1.1" 404 1040
114.83.220.119 - - [13/Mar/2024:11:40:17 +0800] "GET /xingrg/all/function/internal_message.html?_=1710301216295&CODE_STATE=getMsg HTTP/1.1" 200 27
116.224.254.208 - - [13/Mar/2024:11:40:17 +0800] "GET /xingrg/check_reg.html?_=1710301217755 HTTP/1.1" 200 22
116.224.254.208 - - [13/Mar/2024:11:40:17 +0800] "GET /xingrg/all/function/internal_message.html?_=1710301217758&CODE_STATE=getMsg HTTP/1.1" 200 27
124.78.60.103 - - [13/Mar/2024:11:40:18 +0800] "GET /xingrg/all/function/internal_message.html?_=1710301218029&CODE_STATE=getMsg HTTP/1.1" 200 27
124.78.156.2 - - [13/Mar/2024:11:40:18 +0800] "GET /xingrg/kc/buy/cgsh_order_list.html HTTP/1.1" 200 57880
180.164.1.25 - - [13/Mar/2024:11:40:18 +0800] "GET /xingrg/kc/buy/cgsh_order_add.html HTTP/1.1" 200 73747
180.164.1.25 - - [13/Mar/2024:11:40:18 +0800] "POST /xingrg/kc/buy/cgsh_order_operate.html HTTP/1.1" 200 8245
180.164.1.25 - - [13/Mar/2024:11:40:18 +0800] "GET /xingrg/javascript/easyui/themes/default/validatebox.css HTTP/1.1" 404 1104
116.224.254.208 - - [13/Mar/2024:11:40:19 +0800] "GET /xingrg/kc/buy/cgsh_order_operate.html?command=get_materiel&rest_code=00151&code=00101037330&supplier_code=00100329&order_time=2024-03-13 HTTP/1.1" 200 466
114.83.220.119 - - [13/Mar/2024:11:40:19 +0800] "GET /xingrg/check_reg.html?_=1710301218150 HTTP/1.1" 200 22
116.238.97.31 - - [13/Mar/2024:11:40:21 +0800] "GET /xingrg/all/function/internal_message.html?_=1710301222968&CODE_STATE=getMsg HTTP/1.1" 200 27
222.69.133.156 - - [13/Mar/2024:11:40:22 +0800] "GET /xingrg/all/function/internal_message.html?_=1710301222390&CODE_STATE=getMsg HTTP/1.1" 200 27
124.78.156.2 - - [13/Mar/2024:11:40:22 +0800] "POST /xingrg/kc/buy/cgsh_list_operate.html HTTP/1.1" 200 1378
124.78.60.103 - - [13/Mar/2024:11:40:24 +0800] "GET /xingrg/kc/buy/cgsh_order_operate.html?command=get_materiel&rest_code=00141&code=00101008296&supplier_code=00100008&order_time=2024-03-13 HTTP/1.1" 200 416
124.78.156.2 - - [13/Mar/2024:11:40:26 +0800] "GET /xingrg/all/function/internal_message.html?_=1710301225468&CODE_STATE=getMsg HTTP/1.1" 200 27
124.78.156.2 - - [13/Mar/2024:11:40:26 +0800] "GET /xingrg/kc/base/base_main.html HTTP/1.1" 200 12142
116.224.254.208 - - [13/Mar/2024:11:40:29 +0800] "GET /xingrg/kc/buy/cgsh_order_operate.html?command=get_materiel&rest_code=00151&code=00101020317&supplier_code=00100329&order_time=2024-03-13 HTTP/1.1" 200 438
180.164.1.25 - - [13/Mar/2024:11:40:33 +0800] "GET /xingrg/kc/buy/cgsh_order_operate.html?command=get_materiel&rest_code=00108&code=00101004051&supplier_code=00100312&order_time=2024-03-13 HTTP/1.1" 200 408
124.79.241.4 - - [13/Mar/2024:11:40:33 +0800] "GET /xingrg/check_reg.html?_=1710301252374 HTTP/1.1" 200 22
124.79.241.4 - - [13/Mar/2024:11:40:33 +0800] "GET /xingrg/all/function/internal_message.html?_=1710301252373&CODE_STATE=getMsg HTTP/1.1" 200 27
101.83.145.37 - - [13/Mar/2024:11:40:37 +0800] "GET /xingrg/all/function/internal_message.html?_=1710301238568&CODE_STATE=getMsg HTTP/1.1" 200 27
116.230.123.13 - - [13/Mar/2024:11:40:38 +0800] "GET /xingrg/all/function/internal_message.html?_=1710301235492&CODE_STATE=getMsg HTTP/1.1" 302 -
116.224.254.208 - - [13/Mar/2024:11:40:38 +0800] "POST /xingrg/kc/buy/cgsh_order_operate.html HTTP/1.1" 200 37
120.253.135.82 - - [13/Mar/2024:11:40:38 +0800] "GET /xingrg/all/function/internal_message.html?_=1710301077439&CODE_STATE=getMsg HTTP/1.1" 200 27
116.230.123.13 - - [13/Mar/2024:11:40:41 +0800] "GET /xingrg/all/function/internal_message.html?_=1710301239793&CODE_STATE=getMsg HTTP/1.1" 200 27
116.224.254.208 - - [13/Mar/2024:11:40:45 +0800] "POST /xingrg/kc/buy/cgsh_order_operate.html HTTP/1.1" 200 12
124.78.60.103 - - [13/Mar/2024:11:40:45 +0800] "GET /xingrg/kc/buy/cgsh_order_operate.html?command=get_materiel&rest_code=00141&code=00101008257&supplier_code=00100008&order_time=2024-03-13 HTTP/1.1" 200 416
116.224.254.208 - - [13/Mar/2024:11:40:47 +0800] "GET /xingrg/kc/buy/cgsh_order_info.html?code=212024031303762 HTTP/1.1" 200 68166
116.224.254.208 - - [13/Mar/2024:11:40:48 +0800] "GET /xingrg/javascript/easyui/themes/default/validatebox.css HTTP/1.1" 404 1104
180.162.110.169 - - [13/Mar/2024:11:40:50 +0800] "GET /xingrg/all/function/internal_message.html?_=1710299697946&CODE_STATE=getMsg HTTP/1.1" 200 27
180.164.1.25 - - [13/Mar/2024:11:40:51 +0800] "POST /xingrg/kc/buy/cgsh_order_operate.html HTTP/1.1" 200 37
116.224.254.208 - - [13/Mar/2024:11:40:51 +0800] "POST /xingrg/kc/buy/cgsh_order_operate.html HTTP/1.1" 200 2470
116.224.254.208 - - [13/Mar/2024:11:40:51 +0800] "GET /xingrg/all/function/internal_message.html?_=1710301250568&CODE_STATE=getMsg HTTP/1.1" 200 27
101.228.147.14 - - [13/Mar/2024:11:40:52 +0800] "GET /xingrg/all/function/internal_message.html?_=1710301251064&CODE_STATE=getMsg HTTP/1.1" 200 27
116.224.254.208 - - [13/Mar/2024:11:40:52 +0800] "GET /xingrg/kc/print/load_data.html?order_code=212024031303762&kc_code=cgsh&condition= HTTP/1.1" 200 1478
116.224.254.208 - - [13/Mar/2024:11:40:56 +0800] "GET /xingrg/kc/buy/cgsh_order_add.html HTTP/1.1" 200 73253
116.224.254.208 - - [13/Mar/2024:11:40:57 +0800] "POST /xingrg/kc/buy/cgsh_order_operate.html HTTP/1.1" 200 8245
116.224.254.208 - - [13/Mar/2024:11:40:57 +0800] "GET /xingrg/javascript/easyui/themes/default/validatebox.css HTTP/1.1" 404 1104
180.169.147.146 - - [13/Mar/2024:11:40:57 +0800] "GET /xingrg/check_reg.html?_=1710301258276 HTTP/1.1" 200 22
180.169.147.146 - - [13/Mar/2024:11:40:57 +0800] "GET /xingrg/all/function/internal_message.html?_=1710301258279&CODE_STATE=getMsg HTTP/1.1" 200 27
180.164.1.25 - - [13/Mar/2024:11:40:57 +0800] "POST /xingrg/kc/buy/cgsh_order_operate.html HTTP/1.1" 200 2656
114.89.91.180 - - [13/Mar/2024:11:41:01 +0800] "GET /xingrg/all/function/internal_message.html?_=1710301263836&CODE_STATE=getMsg HTTP/1.1" 200 27
124.77.241.8 - - [13/Mar/2024:11:41:02 +0800] "GET /xingrg/all/function/internal_message.html?_=1710301272844&CODE_STATE=getMsg HTTP/1.1" 200 27
221.239.169.251 - - [13/Mar/2024:11:41:04 +0800] "GET /xingrg/all/function/internal_message.html?_=1710301262981&CODE_STATE=getMsg HTTP/1.1" 200 27
120.253.135.82 - - [13/Mar/2024:11:41:04 +0800] "GET /favicon.ico HTTP/1.1" 404 -
116.224.254.208 - - [13/Mar/2024:11:41:06 +0800] "GET /xingrg/kc/buy/cgsh_order_operate.html?command=get_materiel&rest_code=00151&code=00101008113&supplier_code=00100325&order_time=2024-03-13 HTTP/1.1" 200 413
114.83.220.119 - - [13/Mar/2024:11:41:10 +0800] "POST /xingrg/kc/buy/cgsh_order_operate.html HTTP/1.1" 200 37
180.164.1.25 - - [13/Mar/2024:11:41:11 +0800] "GET /xingrg/all/function/internal_message.html?_=1710301270520&CODE_STATE=getMsg HTTP/1.1" 200 27
180.164.1.25 - - [13/Mar/2024:11:41:12 +0800] "GET /xingrg/check_reg.html?_=1710301272149 HTTP/1.1" 200 22
101.83.145.37 - - [13/Mar/2024:11:41:15 +0800] "GET /xingrg/all/function/internal_message.html?_=1710301038859&CODE_STATE=getMsg HTTP/1.1" 200 27
114.83.220.119 - - [13/Mar/2024:11:41:17 +0800] "GET /xingrg/all/function/internal_message.html?_=1710301276265&CODE_STATE=getMsg HTTP/1.1" 200 27
116.224.254.208 - - [13/Mar/2024:11:41:17 +0800] "GET /xingrg/all/function/internal_message.html?_=1710301277738&CODE_STATE=getMsg HTTP/1.1" 200 27
124.78.60.103 - - [13/Mar/2024:11:41:17 +0800] "GET /xingrg/all/function/internal_message.html?_=1710301278003&CODE_STATE=getMsg HTTP/1.1" 200 27
114.83.220.119 - - [13/Mar/2024:11:41:18 +0800] "POST /xingrg/kc/buy/cgsh_order_operate.html HTTP/1.1" 200 12
116.238.97.31 - - [13/Mar/2024:11:41:19 +0800] "POST /xingrg/kc/buy/cgsh_order_operate.html HTTP/1.1" 200 37
116.224.254.208 - - [13/Mar/2024:11:41:21 +0800] "POST /xingrg/services/DataTransmitService HTTP/1.1" 200 524
116.238.97.31 - - [13/Mar/2024:11:41:21 +0800] "POST /xingrg/kc/buy/cgsh_order_operate.html HTTP/1.1" 200 4509
116.238.97.31 - - [13/Mar/2024:11:41:21 +0800] "GET /xingrg/all/function/internal_message.html?_=1710301282937&CODE_STATE=getMsg HTTP/1.1" 200 27
116.238.97.31 - - [13/Mar/2024:11:41:21 +0800] "GET /xingrg/check_reg.html?_=1710301283087 HTTP/1.1" 200 22
114.83.220.119 - - [13/Mar/2024:11:41:21 +0800] "GET /xingrg/kc/buy/cgsh_order_info.html?code=212024031303764 HTTP/1.1" 200 68644
114.83.220.119 - - [13/Mar/2024:11:41:22 +0800] "GET /xingrg/javascript/easyui/themes/default/validatebox.css HTTP/1.1" 404 1104
222.69.133.156 - - [13/Mar/2024:11:41:22 +0800] "GET /xingrg/all/function/internal_message.html?_=1710301282393&CODE_STATE=getMsg HTTP/1.1" 200 27
222.69.133.156 - - [13/Mar/2024:11:41:22 +0800] "GET /xingrg/check_reg.html?_=1710301282397 HTTP/1.1" 200 22
114.83.220.119 - - [13/Mar/2024:11:41:23 +0800] "POST /xingrg/kc/buy/cgsh_order_operate.html HTTP/1.1" 200 620
120.253.135.82 - - [13/Mar/2024:11:41:23 +0800] "GET /xingrg/index.html?sysBaseUrl=http%3A%2F%2F180.169.147.146%3A18081%2Fxingrg%2F&costTime=42×tamp=1677553372900 HTTP/1.1" 302 -
120.253.135.82 - - [13/Mar/2024:11:41:23 +0800] "GET /xingrg/login.html HTTP/1.1" 200 7641
120.253.135.82 - - [13/Mar/2024:11:41:25 +0800] "GET /favicon.ico HTTP/1.1" 404 -
114.83.220.119 - - [13/Mar/2024:11:41:25 +0800] "GET /xingrg/kc/print/load_data.html?order_code=212024031303764&kc_code=cgsh&condition= HTTP/1.1" 200 698
124.78.156.2 - - [13/Mar/2024:11:41:26 +0800] "GET /xingrg/all/function/internal_message.html?_=1710301285439&CODE_STATE=getMsg HTTP/1.1" 200 27
124.78.60.103 - - [13/Mar/2024:11:41:28 +0800] "POST /xingrg/services/DataTransmitService HTTP/1.1" 200 524
124.78.60.103 - - [13/Mar/2024:11:41:29 +0800] "POST /xingrg/services/DataTransmitService HTTP/1.1" 200 412
114.83.220.119 - - [13/Mar/2024:11:41:31 +0800] "GET /xingrg/kc/buy/cgsh_order_add.html HTTP/1.1" 200 73743
114.83.220.119 - - [13/Mar/2024:11:41:31 +0800] "POST /xingrg/kc/buy/cgsh_order_operate.html HTTP/1.1" 200 8245
180.164.1.25 - - [13/Mar/2024:11:41:31 +0800] "GET /xingrg/kc/buy/cgsh_order_operate.html?command=get_materiel&rest_code=00108&code=00101004067&supplier_code=00100312&order_time=2024-03-13 HTTP/1.1" 200 413
114.83.220.119 - - [13/Mar/2024:11:41:31 +0800] "GET /xingrg/javascript/easyui/themes/default/validatebox.css HTTP/1.1" 404 1104
124.79.241.4 - - [13/Mar/2024:11:41:33 +0800] "GET /xingrg/all/function/internal_message.html?_=1710301312388&CODE_STATE=getMsg HTTP/1.1" 200 27
124.78.60.103 - - [13/Mar/2024:11:41:35 +0800] "GET /xingrg/check_reg.html?_=1710301295527 HTTP/1.1" 200 22
124.77.241.8 - - [13/Mar/2024:11:41:35 +0800] "GET /xingrg/check_reg.html?_=1710301305820 HTTP/1.1" 200 22
101.83.145.37 - - [13/Mar/2024:11:41:37 +0800] "GET /xingrg/all/function/internal_message.html?_=1710301298569&CODE_STATE=getMsg HTTP/1.1" 200 27
116.230.123.13 - - [13/Mar/2024:11:41:38 +0800] "GET /xingrg/all/function/internal_message.html?_=1710301295487&CODE_STATE=getMsg HTTP/1.1" 302 -
