116.238.97.31 - - [13/Mar/2024:09:51:48 +0800] "POST /xingrg/kc/buy/cgsh_order_operate.html HTTP/1.1" 200 15105
116.224.254.208 - - [13/Mar/2024:09:51:51 +0800] "GET /xingrg/all/function/internal_message.html?_=1710294710566&CODE_STATE=getMsg HTTP/1.1" 200 27
101.228.147.14 - - [13/Mar/2024:09:51:52 +0800] "GET /xingrg/all/function/internal_message.html?_=1710294711048&CODE_STATE=getMsg HTTP/1.1" 200 27
116.238.97.31 - - [13/Mar/2024:09:51:55 +0800] "POST /xingrg/kc/buy/cgsh_order_operate.html HTTP/1.1" 200 37
116.238.97.31 - - [13/Mar/2024:09:51:57 +0800] "POST /xingrg/kc/buy/cgsh_order_operate.html HTTP/1.1" 200 15105
116.238.97.31 - - [13/Mar/2024:09:51:59 +0800] "GET /xingrg/kc/buy/cgsh_order_add.html HTTP/1.1" 200 73690
116.238.97.31 - - [13/Mar/2024:09:51:59 +0800] "POST /xingrg/kc/buy/cgsh_order_operate.html HTTP/1.1" 200 8245
116.238.97.31 - - [13/Mar/2024:09:51:59 +0800] "GET /xingrg/javascript/easyui/themes/default/validatebox.css HTTP/1.1" 404 1104
116.238.97.31 - - [13/Mar/2024:09:52:00 +0800] "GET /xingrg/javascript/easyui/themes/default/tree.css HTTP/1.1" 404 1090
116.238.97.31 - - [13/Mar/2024:09:52:01 +0800] "POST /xingrg/all/common/load_tree.html?tree=supplier_tree_json&isDelete=1 HTTP/1.1" 200 78788
114.89.91.180 - - [13/Mar/2024:09:52:01 +0800] "GET /xingrg/all/function/internal_message.html?_=1710294723824&CODE_STATE=getMsg HTTP/1.1" 200 27
221.239.169.251 - - [13/Mar/2024:09:52:06 +0800] "GET /xingrg/all/function/internal_message.html?_=1710294724883&CODE_STATE=getMsg HTTP/1.1" 200 27
180.164.1.25 - - [13/Mar/2024:09:52:12 +0800] "GET /xingrg/all/function/internal_message.html?_=1710294732299&CODE_STATE=getMsg HTTP/1.1" 200 27
101.83.145.37 - - [13/Mar/2024:09:52:13 +0800] "GET /xingrg/all/function/internal_message.html?_=1710294496687&CODE_STATE=getMsg HTTP/1.1" 200 27
116.238.97.31 - - [13/Mar/2024:09:52:16 +0800] "GET /xingrg/kc/buy/cgsh_order_operate.html?command=get_materiel&rest_code=00102&code=00101008336&supplier_code=00100008&order_time=2024-03-13 HTTP/1.1" 200 412
114.83.220.119 - - [13/Mar/2024:09:52:19 +0800] "GET /xingrg/all/function/internal_message.html?_=1710294737980&CODE_STATE=getMsg HTTP/1.1" 200 27
124.78.60.103 - - [13/Mar/2024:09:52:19 +0800] "GET /xingrg/all/function/internal_message.html?_=1710294739825&CODE_STATE=getMsg HTTP/1.1" 200 27
124.77.241.8 - - [13/Mar/2024:09:52:20 +0800] "GET /xingrg/all/function/internal_message.html?_=1710294749843&CODE_STATE=getMsg HTTP/1.1" 200 27
222.69.133.156 - - [13/Mar/2024:09:52:22 +0800] "GET /xingrg/all/function/internal_message.html?_=1710294744341&CODE_STATE=getMsg HTTP/1.1" 200 27
116.238.97.31 - - [13/Mar/2024:09:52:25 +0800] "GET /xingrg/kc/buy/cgsh_order_operate.html?command=get_materiel&rest_code=00102&code=00101008161&supplier_code=00100008&order_time=2024-03-13 HTTP/1.1" 200 409
180.169.147.146 - - [13/Mar/2024:09:52:26 +0800] "GET /xingrg/check_reg.html?_=1710294745448 HTTP/1.1" 302 -
124.78.156.2 - - [13/Mar/2024:09:52:27 +0800] "GET /xingrg/all/function/internal_message.html?_=1710294746103&CODE_STATE=getMsg HTTP/1.1" 200 27
124.78.156.2 - - [13/Mar/2024:09:52:27 +0800] "GET /xingrg/check_reg.html?_=1710294746107 HTTP/1.1" 200 22
180.163.29.219 - - [13/Mar/2024:09:52:27 +0800] "GET /xingrg/all/function/internal_message.html?_=1710294686101&CODE_STATE=getMsg HTTP/1.1" 302 -
180.163.29.219 - - [13/Mar/2024:09:52:27 +0800] "GET /xingrg/login.html HTTP/1.1" 200 7641
120.253.135.82 - - [13/Mar/2024:09:52:32 +0800] "GET /xingrg/all/function/internal_message.html?_=1710294591032&CODE_STATE=getMsg HTTP/1.1" 200 27
58.40.7.146 - - [13/Mar/2024:09:52:33 +0800] "GET /xingrg/all/function/internal_message.html?_=1710294753280&CODE_STATE=getMsg HTTP/1.1" 200 27
101.83.145.37 - - [13/Mar/2024:09:52:37 +0800] "GET /xingrg/check_reg.html?_=1710294758436 HTTP/1.1" 200 22
101.83.145.37 - - [13/Mar/2024:09:52:37 +0800] "GET /xingrg/all/function/internal_message.html?_=1710294758432&CODE_STATE=getMsg HTTP/1.1" 200 27
116.230.123.13 - - [13/Mar/2024:09:52:38 +0800] "GET /xingrg/all/function/internal_message.html?_=1710294755488&CODE_STATE=getMsg HTTP/1.1" 302 -
116.224.254.208 - - [13/Mar/2024:09:52:39 +0800] "GET /xingrg/all/function/internal_message.html?_=1710294759779&CODE_STATE=getMsg HTTP/1.1" 200 27
116.224.254.208 - - [13/Mar/2024:09:52:39 +0800] "GET /xingrg/check_reg.html?_=1710294759887 HTTP/1.1" 200 22
222.70.115.1 - - [13/Mar/2024:09:52:43 +0800] "GET /xingrg/check_reg.html?_=1710294768527 HTTP/1.1" 200 22
222.70.115.1 - - [13/Mar/2024:09:52:43 +0800] "GET /xingrg/all/function/internal_message.html?_=1710294768530&CODE_STATE=getMsg HTTP/1.1" 200 27
116.238.97.31 - - [13/Mar/2024:09:52:44 +0800] "GET /xingrg/all/function/internal_message.html?_=1710294765256&CODE_STATE=getMsg HTTP/1.1" 200 27
120.253.135.82 - - [13/Mar/2024:09:52:49 +0800] "GET /xingrg/check_reg.html?_=1710294608686 HTTP/1.1" 200 22
116.238.97.31 - - [13/Mar/2024:09:52:50 +0800] "GET /xingrg/kc/buy/cgsh_order_operate.html?command=get_materiel&rest_code=00102&code=00101008038&supplier_code=00100008&order_time=2024-03-13 HTTP/1.1" 200 412
116.224.254.208 - - [13/Mar/2024:09:52:51 +0800] "GET /xingrg/check_reg.html?_=1710294770564 HTTP/1.1" 200 22
116.224.254.208 - - [13/Mar/2024:09:52:51 +0800] "GET /xingrg/all/function/internal_message.html?_=1710294770567&CODE_STATE=getMsg HTTP/1.1" 200 27
101.228.147.14 - - [13/Mar/2024:09:52:52 +0800] "GET /xingrg/all/function/internal_message.html?_=1710294771034&CODE_STATE=getMsg HTTP/1.1" 200 27
116.238.97.31 - - [13/Mar/2024:09:53:00 +0800] "GET /xingrg/kc/buy/cgsh_order_operate.html?command=get_materiel&rest_code=00102&code=00101008298&supplier_code=00100008&order_time=2024-03-13 HTTP/1.1" 200 412
114.89.91.180 - - [13/Mar/2024:09:53:01 +0800] "GET /xingrg/all/function/internal_message.html?_=1710294783821&CODE_STATE=getMsg HTTP/1.1" 200 27
221.239.169.251 - - [13/Mar/2024:09:53:06 +0800] "GET /xingrg/all/function/internal_message.html?_=1710294784870&CODE_STATE=getMsg HTTP/1.1" 200 27
180.164.1.25 - - [13/Mar/2024:09:53:12 +0800] "GET /xingrg/all/function/internal_message.html?_=1710294792275&CODE_STATE=getMsg HTTP/1.1" 200 27
101.83.145.37 - - [13/Mar/2024:09:53:13 +0800] "GET /xingrg/all/function/internal_message.html?_=1710294556687&CODE_STATE=getMsg HTTP/1.1" 200 27
116.238.97.31 - - [13/Mar/2024:09:53:16 +0800] "GET /xingrg/kc/buy/cgsh_order_operate.html?command=get_materiel&rest_code=00102&code=00101015056&supplier_code=00100008&order_time=2024-03-13 HTTP/1.1" 200 413
114.83.220.119 - - [13/Mar/2024:09:53:19 +0800] "GET /xingrg/all/function/internal_message.html?_=1710294797979&CODE_STATE=getMsg HTTP/1.1" 200 27
124.78.60.103 - - [13/Mar/2024:09:53:19 +0800] "GET /xingrg/all/function/internal_message.html?_=1710294799809&CODE_STATE=getMsg HTTP/1.1" 200 27
124.77.241.8 - - [13/Mar/2024:09:53:20 +0800] "GET /xingrg/all/function/internal_message.html?_=1710294809856&CODE_STATE=getMsg HTTP/1.1" 200 27
222.69.133.156 - - [13/Mar/2024:09:53:22 +0800] "GET /xingrg/all/function/internal_message.html?_=1710294804338&CODE_STATE=getMsg HTTP/1.1" 200 27
116.238.97.31 - - [13/Mar/2024:09:53:24 +0800] "GET /xingrg/kc/buy/cgsh_order_operate.html?command=get_materiel&rest_code=00102&code=00101008264&supplier_code=00100008&order_time=2024-03-13 HTTP/1.1" 200 432
124.78.156.2 - - [13/Mar/2024:09:53:27 +0800] "GET /xingrg/all/function/internal_message.html?_=1710294806109&CODE_STATE=getMsg HTTP/1.1" 200 27
180.163.29.234 - - [13/Mar/2024:09:53:27 +0800] "GET /xingrg/all/function/internal_message.html?_=1710294746103&CODE_STATE=getMsg HTTP/1.1" 302 -
180.163.29.234 - - [13/Mar/2024:09:53:27 +0800] "GET /xingrg/login.html HTTP/1.1" 200 7641
120.253.135.82 - - [13/Mar/2024:09:53:32 +0800] "GET /xingrg/all/function/internal_message.html?_=1710294651041&CODE_STATE=getMsg HTTP/1.1" 200 27
58.40.7.146 - - [13/Mar/2024:09:53:33 +0800] "GET /xingrg/all/function/internal_message.html?_=1710294813297&CODE_STATE=getMsg HTTP/1.1" 200 27
101.83.145.37 - - [13/Mar/2024:09:53:33 +0800] "POST /xingrg/services/DataTransmitService HTTP/1.1" 200 524
116.238.97.31 - - [13/Mar/2024:09:53:36 +0800] "GET /xingrg/kc/buy/cgsh_order_operate.html?command=get_materiel&rest_code=00102&code=00101008069&supplier_code=00100008&order_time=2024-03-13 HTTP/1.1" 200 412
101.83.145.37 - - [13/Mar/2024:09:53:37 +0800] "GET /xingrg/all/function/internal_message.html?_=1710294818435&CODE_STATE=getMsg HTTP/1.1" 200 27
116.230.123.13 - - [13/Mar/2024:09:53:38 +0800] "GET /xingrg/all/function/internal_message.html?_=1710294815487&CODE_STATE=getMsg HTTP/1.1" 302 -
116.224.254.208 - - [13/Mar/2024:09:53:39 +0800] "GET /xingrg/all/function/internal_message.html?_=1710294819764&CODE_STATE=getMsg HTTP/1.1" 200 27
222.70.115.1 - - [13/Mar/2024:09:53:43 +0800] "GET /xingrg/all/function/internal_message.html?_=1710294828529&CODE_STATE=getMsg HTTP/1.1" 200 27
116.238.97.31 - - [13/Mar/2024:09:53:44 +0800] "GET /xingrg/all/function/internal_message.html?_=1710294825244&CODE_STATE=getMsg HTTP/1.1" 200 27
116.238.97.31 - - [13/Mar/2024:09:53:45 +0800] "GET /xingrg/kc/buy/cgsh_order_operate.html?command=get_materiel&rest_code=00102&code=00101008131&supplier_code=00100008&order_time=2024-03-13 HTTP/1.1" 200 408
116.224.254.208 - - [13/Mar/2024:09:53:47 +0800] "POST /xingrg/services/DataTransmitService HTTP/1.1" 200 524
116.224.254.208 - - [13/Mar/2024:09:53:48 +0800] "POST /xingrg/services/DataTransmitService HTTP/1.1" 200 2075
116.224.254.208 - - [13/Mar/2024:09:53:49 +0800] "POST /xingrg/services/DataTransmitService HTTP/1.1" 200 126575
116.224.254.208 - - [13/Mar/2024:09:53:51 +0800] "GET /xingrg/all/function/internal_message.html?_=1710294830555&CODE_STATE=getMsg HTTP/1.1" 200 27
101.228.147.14 - - [13/Mar/2024:09:53:52 +0800] "GET /xingrg/check_reg.html?_=1710294831040 HTTP/1.1" 200 22
101.228.147.14 - - [13/Mar/2024:09:53:52 +0800] "GET /xingrg/all/function/internal_message.html?_=1710294831035&CODE_STATE=getMsg HTTP/1.1" 200 27
116.238.97.31 - - [13/Mar/2024:09:53:52 +0800] "GET /xingrg/kc/buy/cgsh_order_operate.html?command=get_materiel&rest_code=00102&code=00101008353&supplier_code=00100008&order_time=2024-03-13 HTTP/1.1" 200 408
114.89.91.180 - - [13/Mar/2024:09:54:01 +0800] "GET /xingrg/all/function/internal_message.html?_=1710294843826&CODE_STATE=getMsg HTTP/1.1" 200 27
116.238.97.31 - - [13/Mar/2024:09:54:02 +0800] "GET /xingrg/kc/buy/cgsh_order_operate.html?command=get_materiel&rest_code=00102&code=00101008356&supplier_code=00100008&order_time=2024-03-13 HTTP/1.1" 200 408
221.239.169.251 - - [13/Mar/2024:09:54:06 +0800] "GET /xingrg/all/function/internal_message.html?_=1710294844854&CODE_STATE=getMsg HTTP/1.1" 200 27
116.238.97.31 - - [13/Mar/2024:09:54:10 +0800] "GET /xingrg/kc/buy/cgsh_order_operate.html?command=get_materiel&rest_code=00102&code=00101008027&supplier_code=00100008&order_time=2024-03-13 HTTP/1.1" 200 408
180.164.1.25 - - [13/Mar/2024:09:54:12 +0800] "GET /xingrg/all/function/internal_message.html?_=1710294852254&CODE_STATE=getMsg HTTP/1.1" 200 27
101.83.145.37 - - [13/Mar/2024:09:54:13 +0800] "GET /xingrg/all/function/internal_message.html?_=1710294616688&CODE_STATE=getMsg HTTP/1.1" 200 27
114.83.220.119 - - [13/Mar/2024:09:54:19 +0800] "GET /xingrg/all/function/internal_message.html?_=1710294857979&CODE_STATE=getMsg HTTP/1.1" 200 27
124.78.60.103 - - [13/Mar/2024:09:54:19 +0800] "GET /xingrg/all/function/internal_message.html?_=1710294859794&CODE_STATE=getMsg HTTP/1.1" 200 27
124.77.241.8 - - [13/Mar/2024:09:54:20 +0800] "GET /xingrg/all/function/internal_message.html?_=1710294870008&CODE_STATE=getMsg HTTP/1.1" 200 27
180.163.29.217 - - [13/Mar/2024:09:54:20 +0800] "GET /xingrg/all/function/internal_message.html?_=1710293846080&CODE_STATE=getMsg HTTP/1.1" 302 -
180.163.29.217 - - [13/Mar/2024:09:54:21 +0800] "GET /xingrg/login.html HTTP/1.1" 200 7641
116.238.97.31 - - [13/Mar/2024:09:54:21 +0800] "GET /xingrg/kc/buy/cgsh_order_operate.html?command=get_materiel&rest_code=00102&code=00101008286&supplier_code=00100008&order_time=2024-03-13 HTTP/1.1" 200 408
222.69.133.156 - - [13/Mar/2024:09:54:22 +0800] "GET /xingrg/all/function/internal_message.html?_=1710294864327&CODE_STATE=getMsg HTTP/1.1" 200 27
124.78.156.2 - - [13/Mar/2024:09:54:26 +0800] "GET /xingrg/all/function/internal_message.html?_=1710294866095&CODE_STATE=getMsg HTTP/1.1" 200 27
180.163.29.103 - - [13/Mar/2024:09:54:27 +0800] "GET /xingrg/all/function/internal_message.html?_=1710294806109&CODE_STATE=getMsg HTTP/1.1" 302 -
180.163.29.103 - - [13/Mar/2024:09:54:27 +0800] "GET /xingrg/login.html HTTP/1.1" 200 7641
58.40.7.146 - - [13/Mar/2024:09:54:32 +0800] "GET /xingrg/check_reg.html?_=1710294872268 HTTP/1.1" 200 22
120.253.135.82 - - [13/Mar/2024:09:54:32 +0800] "GET /xingrg/all/function/internal_message.html?_=1710294711054&CODE_STATE=getMsg HTTP/1.1" 200 27
58.40.7.146 - - [13/Mar/2024:09:54:33 +0800] "GET /xingrg/all/function/internal_message.html?_=1710294873322&CODE_STATE=getMsg HTTP/1.1" 200 27
101.83.145.37 - - [13/Mar/2024:09:54:37 +0800] "GET /xingrg/all/function/internal_message.html?_=1710294878436&CODE_STATE=getMsg HTTP/1.1" 200 27
116.238.97.31 - - [13/Mar/2024:09:54:38 +0800] "GET /xingrg/kc/buy/cgsh_order_operate.html?command=get_materiel&rest_code=00102&code=00101008291&supplier_code=00100008&order_time=2024-03-13 HTTP/1.1" 200 408
116.230.123.13 - - [13/Mar/2024:09:54:38 +0800] "GET /xingrg/all/function/internal_message.html?_=1710294875493&CODE_STATE=getMsg HTTP/1.1" 302 -
116.230.123.13 - - [13/Mar/2024:09:54:38 +0800] "GET /xingrg/check_reg.html?_=1710294875494 HTTP/1.1" 302 -
116.224.254.208 - - [13/Mar/2024:09:54:39 +0800] "GET /xingrg/all/function/internal_message.html?_=1710294879755&CODE_STATE=getMsg HTTP/1.1" 200 27
222.70.115.1 - - [13/Mar/2024:09:54:43 +0800] "GET /xingrg/all/function/internal_message.html?_=1710294888529&CODE_STATE=getMsg HTTP/1.1" 200 27
116.238.97.31 - - [13/Mar/2024:09:54:44 +0800] "GET /xingrg/all/function/internal_message.html?_=1710294885218&CODE_STATE=getMsg HTTP/1.1" 200 27
221.239.169.251 - - [13/Mar/2024:09:54:47 +0800] "GET /xingrg/check_reg.html?_=1710294886182 HTTP/1.1" 200 22
116.224.254.208 - - [13/Mar/2024:09:54:51 +0800] "GET /xingrg/all/function/internal_message.html?_=1710294890559&CODE_STATE=getMsg HTTP/1.1" 200 27
101.228.147.14 - - [13/Mar/2024:09:54:52 +0800] "GET /xingrg/all/function/internal_message.html?_=1710294891039&CODE_STATE=getMsg HTTP/1.1" 200 27
116.238.97.31 - - [13/Mar/2024:09:54:54 +0800] "POST /xingrg/services/DataTransmitService HTTP/1.1" 200 524
116.238.97.31 - - [13/Mar/2024:09:54:56 +0800] "POST /xingrg/services/DataTransmitService HTTP/1.1" 200 2395
116.238.97.31 - - [13/Mar/2024:09:54:57 +0800] "POST /xingrg/services/DataTransmitService HTTP/1.1" 200 179612
116.238.97.31 - - [13/Mar/2024:09:54:57 +0800] "GET /xingrg/kc/buy/cgsh_order_operate.html?command=get_materiel&rest_code=00102&code=00101008100&supplier_code=00100008&order_time=2024-03-13 HTTP/1.1" 200 408
116.238.97.31 - - [13/Mar/2024:09:54:59 +0800] "POST /xingrg/kc/buy/cgsh_order_operate.html HTTP/1.1" 200 2065
114.89.91.180 - - [13/Mar/2024:09:55:01 +0800] "GET /xingrg/all/function/internal_message.html?_=1710294903825&CODE_STATE=getMsg HTTP/1.1" 200 27
114.89.91.180 - - [13/Mar/2024:09:55:01 +0800] "GET /xingrg/check_reg.html?_=1710294903828 HTTP/1.1" 200 22
116.238.97.31 - - [13/Mar/2024:09:55:05 +0800] "GET /xingrg/kc/buy/cgsh_order_operate.html?command=get_materiel&rest_code=00102&code=00101008042&supplier_code=00100008&order_time=2024-03-13 HTTP/1.1" 200 416
221.239.169.251 - - [13/Mar/2024:09:55:06 +0800] "GET /xingrg/all/function/internal_message.html?_=1710294904826&CODE_STATE=getMsg HTTP/1.1" 200 27
180.164.1.25 - - [13/Mar/2024:09:55:12 +0800] "GET /xingrg/all/function/internal_message.html?_=1710294912234&CODE_STATE=getMsg HTTP/1.1" 200 27
101.83.145.37 - - [13/Mar/2024:09:55:13 +0800] "GET /xingrg/all/function/internal_message.html?_=1710294676688&CODE_STATE=getMsg HTTP/1.1" 200 27
116.238.97.31 - - [13/Mar/2024:09:55:15 +0800] "GET /xingrg/kc/buy/cgsh_order_operate.html?command=get_materiel&rest_code=00102&code=00101015183&supplier_code=00100008&order_time=2024-03-13 HTTP/1.1" 200 421
114.83.220.119 - - [13/Mar/2024:09:55:19 +0800] "GET /xingrg/all/function/internal_message.html?_=1710294917979&CODE_STATE=getMsg HTTP/1.1" 200 27
114.83.220.119 - - [13/Mar/2024:09:55:19 +0800] "GET /xingrg/check_reg.html?_=1710294917981 HTTP/1.1" 200 22
124.78.156.2 - - [13/Mar/2024:09:55:19 +0800] "POST /xingrg/services/DataTransmitService HTTP/1.1" 200 524
124.78.60.103 - - [13/Mar/2024:09:55:19 +0800] "GET /xingrg/all/function/internal_message.html?_=1710294919776&CODE_STATE=getMsg HTTP/1.1" 200 27
124.77.241.8 - - [13/Mar/2024:09:55:20 +0800] "GET /xingrg/all/function/internal_message.html?_=1710294930026&CODE_STATE=getMsg HTTP/1.1" 200 27
222.69.133.156 - - [13/Mar/2024:09:55:22 +0800] "GET /xingrg/all/function/internal_message.html?_=1710294924348&CODE_STATE=getMsg HTTP/1.1" 200 27
116.238.97.31 - - [13/Mar/2024:09:55:26 +0800] "POST /xingrg/kc/buy/cgsh_order_operate.html HTTP/1.1" 200 37
124.78.156.2 - - [13/Mar/2024:09:55:26 +0800] "GET /xingrg/all/function/internal_message.html?_=1710294926098&CODE_STATE=getMsg HTTP/1.1" 200 27
180.163.29.103 - - [13/Mar/2024:09:55:27 +0800] "GET /xingrg/all/function/internal_message.html?_=1710294866095&CODE_STATE=getMsg HTTP/1.1" 302 -
180.163.29.103 - - [13/Mar/2024:09:55:27 +0800] "GET /xingrg/login.html HTTP/1.1" 200 7641
116.238.97.31 - - [13/Mar/2024:09:55:30 +0800] "POST /xingrg/kc/buy/cgsh_order_operate.html HTTP/1.1" 200 13881
120.253.135.82 - - [13/Mar/2024:09:55:32 +0800] "GET /xingrg/all/function/internal_message.html?_=1710294771195&CODE_STATE=getMsg HTTP/1.1" 200 27
58.40.7.146 - - [13/Mar/2024:09:55:33 +0800] "GET /xingrg/all/function/internal_message.html?_=1710294933343&CODE_STATE=getMsg HTTP/1.1" 200 27
101.83.145.37 - - [13/Mar/2024:09:55:37 +0800] "GET /xingrg/all/function/internal_message.html?_=1710294938424&CODE_STATE=getMsg HTTP/1.1" 200 27
116.230.123.13 - - [13/Mar/2024:09:55:38 +0800] "GET /xingrg/all/function/internal_message.html?_=1710294935483&CODE_STATE=getMsg HTTP/1.1" 302 -
116.238.97.31 - - [13/Mar/2024:09:55:38 +0800] "POST /xingrg/kc/buy/cgsh_list_operate.html HTTP/1.1" 200 1662
116.224.254.208 - - [13/Mar/2024:09:55:39 +0800] "GET /xingrg/all/function/internal_message.html?_=1710294939727&CODE_STATE=getMsg HTTP/1.1" 200 27
222.70.115.1 - - [13/Mar/2024:09:55:43 +0800] "GET /xingrg/all/function/internal_message.html?_=1710294948529&CODE_STATE=getMsg HTTP/1.1" 200 27
116.238.97.31 - - [13/Mar/2024:09:55:44 +0800] "GET /xingrg/all/function/internal_message.html?_=1710294945201&CODE_STATE=getMsg HTTP/1.1" 200 27
116.224.254.208 - - [13/Mar/2024:09:55:51 +0800] "GET /xingrg/all/function/internal_message.html?_=1710294950565&CODE_STATE=getMsg HTTP/1.1" 200 27
101.228.147.14 - - [13/Mar/2024:09:55:52 +0800] "GET /xingrg/all/function/internal_message.html?_=1710294951041&CODE_STATE=getMsg HTTP/1.1" 200 27
116.238.97.31 - - [13/Mar/2024:09:55:54 +0800] "POST /xingrg/kc/buy/cgsh_list_operate.html HTTP/1.1" 200 566
116.238.97.31 - - [13/Mar/2024:09:55:55 +0800] "GET /xingrg/kc/buy/cgsh_order_info.html?code=212024031303658 HTTP/1.1" 200 73699
116.238.97.31 - - [13/Mar/2024:09:55:55 +0800] "GET /xingrg/javascript/easyui/themes/default/validatebox.css HTTP/1.1" 404 1104
116.238.97.31 - - [13/Mar/2024:09:55:56 +0800] "POST /xingrg/kc/buy/cgsh_order_operate.html HTTP/1.1" 200 13881
114.89.91.180 - - [13/Mar/2024:09:56:01 +0800] "GET /xingrg/all/function/internal_message.html?_=1710294963819&CODE_STATE=getMsg HTTP/1.1" 200 27
116.238.97.31 - - [13/Mar/2024:09:56:02 +0800] "POST /xingrg/kc/buy/cgsh_order_operate.html HTTP/1.1" 200 37
221.239.169.251 - - [13/Mar/2024:09:56:06 +0800] "GET /xingrg/all/function/internal_message.html?_=1710294964813&CODE_STATE=getMsg HTTP/1.1" 200 27
116.238.97.31 - - [13/Mar/2024:09:56:12 +0800] "POST /xingrg/kc/buy/cgsh_order_operate.html HTTP/1.1" 200 12
180.164.1.25 - - [13/Mar/2024:09:56:12 +0800] "GET /xingrg/all/function/internal_message.html?_=1710294972216&CODE_STATE=getMsg HTTP/1.1" 200 27
180.164.1.25 - - [13/Mar/2024:09:56:12 +0800] "GET /xingrg/check_reg.html?_=1710294972400 HTTP/1.1" 200 22
101.83.145.37 - - [13/Mar/2024:09:56:13 +0800] "GET /xingrg/check_reg.html?_=1710294736689 HTTP/1.1" 200 22
101.83.145.37 - - [13/Mar/2024:09:56:13 +0800] "GET /xingrg/all/function/internal_message.html?_=1710294736692&CODE_STATE=getMsg HTTP/1.1" 200 27
114.83.220.119 - - [13/Mar/2024:09:56:14 +0800] "POST /xingrg/services/DataTransmitService HTTP/1.1" 200 524
116.238.97.31 - - [13/Mar/2024:09:56:14 +0800] "GET /xingrg/kc/buy/cgsh_order_info.html?code=212024031303658 HTTP/1.1" 200 68597
116.238.97.31 - - [13/Mar/2024:09:56:15 +0800] "GET /xingrg/javascript/easyui/themes/default/validatebox.css HTTP/1.1" 404 1104
116.238.97.31 - - [13/Mar/2024:09:56:16 +0800] "POST /xingrg/kc/buy/cgsh_order_operate.html HTTP/1.1" 200 11825
114.83.220.119 - - [13/Mar/2024:09:56:19 +0800] "GET /xingrg/all/function/internal_message.html?_=1710294977980&CODE_STATE=getMsg HTTP/1.1" 200 27
124.78.60.103 - - [13/Mar/2024:09:56:19 +0800] "GET /xingrg/all/function/internal_message.html?_=1710294979760&CODE_STATE=getMsg HTTP/1.1" 200 27
124.77.241.8 - - [13/Mar/2024:09:56:20 +0800] "GET /xingrg/all/function/internal_message.html?_=1710294990290&CODE_STATE=getMsg HTTP/1.1" 200 27
116.238.97.31 - - [13/Mar/2024:09:56:21 +0800] "POST /xingrg/kc/buy/cgsh_list_operate.html HTTP/1.1" 200 1378
222.69.133.156 - - [13/Mar/2024:09:56:22 +0800] "GET /xingrg/check_reg.html?_=1710294984326 HTTP/1.1" 200 22
222.69.133.156 - - [13/Mar/2024:09:56:22 +0800] "GET /xingrg/all/function/internal_message.html?_=1710294984329&CODE_STATE=getMsg HTTP/1.1" 200 27
116.238.97.31 - - [13/Mar/2024:09:56:23 +0800] "POST /xingrg/kc/buy/cgsh_list_operate.html HTTP/1.1" 200 566
116.238.97.31 - - [13/Mar/2024:09:56:24 +0800] "GET /xingrg/kc/buy/cgsh_order_info.html?code=212024031303652 HTTP/1.1" 200 73699
116.238.97.31 - - [13/Mar/2024:09:56:25 +0800] "GET /xingrg/javascript/easyui/themes/default/validatebox.css HTTP/1.1" 404 1104
116.238.97.31 - - [13/Mar/2024:09:56:26 +0800] "POST /xingrg/kc/buy/cgsh_order_operate.html HTTP/1.1" 200 15105
124.78.156.2 - - [13/Mar/2024:09:56:27 +0800] "GET /xingrg/all/function/internal_message.html?_=1710294986108&CODE_STATE=getMsg HTTP/1.1" 200 27
180.163.29.103 - - [13/Mar/2024:09:56:27 +0800] "GET /xingrg/all/function/internal_message.html?_=1710294926098&CODE_STATE=getMsg HTTP/1.1" 302 -
180.163.29.103 - - [13/Mar/2024:09:56:27 +0800] "GET /xingrg/login.html HTTP/1.1" 200 7641
116.230.123.13 - - [13/Mar/2024:09:56:29 +0800] "GET /xingrg/login.html HTTP/1.1" 200 7641
116.230.123.13 - - [13/Mar/2024:09:56:32 +0800] "GET /favicon.ico HTTP/1.1" 404 -
120.253.135.82 - - [13/Mar/2024:09:56:32 +0800] "GET /xingrg/all/function/internal_message.html?_=1710294831206&CODE_STATE=getMsg HTTP/1.1" 200 27
58.40.7.146 - - [13/Mar/2024:09:56:33 +0800] "GET /xingrg/all/function/internal_message.html?_=1710294993349&CODE_STATE=getMsg HTTP/1.1" 200 27
124.77.241.8 - - [13/Mar/2024:09:56:35 +0800] "GET /xingrg/check_reg.html?_=1710295004950 HTTP/1.1" 200 22
124.78.60.103 - - [13/Mar/2024:09:56:35 +0800] "GET /xingrg/check_reg.html?_=1710294995576 HTTP/1.1" 200 22
116.238.97.31 - - [13/Mar/2024:09:56:36 +0800] "POST /xingrg/kc/buy/cgsh_order_operate.html HTTP/1.1" 200 37
116.230.123.13 - - [13/Mar/2024:09:56:36 +0800] "POST /xingrg/login.do HTTP/1.1" 302 -
116.230.123.13 - - [13/Mar/2024:09:56:37 +0800] "GET /xingrg/index.html?sysBaseUrl=http%3A%2F%2F180.169.147.146%3A18081%2Fxingrg%2F&costTime=1445×tamp=1710294996982 HTTP/1.1" 200 17173
101.83.145.37 - - [13/Mar/2024:09:56:37 +0800] "GET /xingrg/all/function/internal_message.html?_=1710294998425&CODE_STATE=getMsg HTTP/1.1" 200 27
116.230.123.13 - - [13/Mar/2024:09:56:38 +0800] "GET /xingrg/all/function/internal_message.html?_=1710294995497&CODE_STATE=getMsg HTTP/1.1" 302 -
116.230.123.13 - - [13/Mar/2024:09:56:38 +0800] "GET /favicon.ico HTTP/1.1" 404 -
116.230.123.13 - - [13/Mar/2024:09:56:39 +0800] "POST /xingrg/all/common/load_tree.html?tree=area_rest_tree_json&manage=1 HTTP/1.1" 200 342
116.224.254.208 - - [13/Mar/2024:09:56:39 +0800] "GET /xingrg/all/function/internal_message.html?_=1710294999702&CODE_STATE=getMsg HTTP/1.1" 200 27
116.230.123.13 - - [13/Mar/2024:09:56:39 +0800] "GET /xingrg/all/function/internal_message.html?_=1710294997720&CODE_STATE=count HTTP/1.1" 200 11
116.230.123.13 - - [13/Mar/2024:09:56:39 +0800] "GET /xingrg/check_reg.html?_=1710294998014 HTTP/1.1" 200 22
116.230.123.13 - - [13/Mar/2024:09:56:41 +0800] "POST /xingrg/load_menu.html HTTP/1.1" 200 5138
222.70.115.1 - - [13/Mar/2024:09:56:43 +0800] "GET /xingrg/all/function/internal_message.html?_=1710295008529&CODE_STATE=getMsg HTTP/1.1" 200 27
116.238.97.31 - - [13/Mar/2024:09:56:44 +0800] "GET /xingrg/all/function/internal_message.html?_=1710295005186&CODE_STATE=getMsg HTTP/1.1" 200 27
116.238.97.31 - - [13/Mar/2024:09:56:44 +0800] "GET /xingrg/check_reg.html?_=1710295005406 HTTP/1.1" 200 22
116.238.97.31 - - [13/Mar/2024:09:56:46 +0800] "POST /xingrg/kc/buy/cgsh_order_operate.html HTTP/1.1" 200 12
116.224.254.208 - - [13/Mar/2024:09:56:51 +0800] "GET /xingrg/all/function/internal_message.html?_=1710295010563&CODE_STATE=getMsg HTTP/1.1" 200 27
101.228.147.14 - - [13/Mar/2024:09:56:52 +0800] "GET /xingrg/all/function/internal_message.html?_=1710295011049&CODE_STATE=getMsg HTTP/1.1" 200 27
114.89.91.180 - - [13/Mar/2024:09:57:01 +0800] "GET /xingrg/all/function/internal_message.html?_=1710295023837&CODE_STATE=getMsg HTTP/1.1" 200 27
114.83.220.119 - - [13/Mar/2024:09:57:05 +0800] "POST /xingrg/services/DataTransmitService HTTP/1.1" 200 501
221.239.169.251 - - [13/Mar/2024:09:57:06 +0800] "GET /xingrg/all/function/internal_message.html?_=1710295024800&CODE_STATE=getMsg HTTP/1.1" 200 27
180.163.30.85 - - [13/Mar/2024:09:57:10 +0800] "GET /xingrg/all/function/internal_message.html?_=1710294206095&CODE_STATE=getMsg HTTP/1.1" 302 -
180.163.30.85 - - [13/Mar/2024:09:57:10 +0800] "GET /xingrg/login.html HTTP/1.1" 200 7641
180.164.1.25 - - [13/Mar/2024:09:57:12 +0800] "GET /xingrg/all/function/internal_message.html?_=1710295032205&CODE_STATE=getMsg HTTP/1.1" 200 27
101.83.145.37 - - [13/Mar/2024:09:57:13 +0800] "GET /xingrg/all/function/internal_message.html?_=1710294796692&CODE_STATE=getMsg HTTP/1.1" 200 27
114.83.220.119 - - [13/Mar/2024:09:57:19 +0800] "GET /xingrg/all/function/internal_message.html?_=1710295037986&CODE_STATE=getMsg HTTP/1.1" 200 27
124.78.60.103 - - [13/Mar/2024:09:57:19 +0800] "GET /xingrg/all/function/internal_message.html?_=1710295039745&CODE_STATE=getMsg HTTP/1.1" 200 27
124.77.241.8 - - [13/Mar/2024:09:57:20 +0800] "GET /xingrg/all/function/internal_message.html?_=1710295050300&CODE_STATE=getMsg HTTP/1.1" 200 27
116.230.123.13 - - [13/Mar/2024:09:57:20 +0800] "GET /xingrg/kc/buy/cgsh_order_list.html HTTP/1.1" 200 57880
222.69.133.156 - - [13/Mar/2024:09:57:22 +0800] "GET /xingrg/all/function/internal_message.html?_=1710295044325&CODE_STATE=getMsg HTTP/1.1" 200 27
116.230.123.13 - - [13/Mar/2024:09:57:24 +0800] "POST /xingrg/kc/buy/cgsh_list_operate.html HTTP/1.1" 200 645
180.169.147.146 - - [13/Mar/2024:09:57:26 +0800] "GET /xingrg/check_reg.html?_=1710295045438 HTTP/1.1" 302 -
124.78.156.2 - - [13/Mar/2024:09:57:26 +0800] "GET /xingrg/all/function/internal_message.html?_=1710295046108&CODE_STATE=getMsg HTTP/1.1" 200 27
124.78.156.2 - - [13/Mar/2024:09:57:27 +0800] "GET /xingrg/check_reg.html?_=1710295046113 HTTP/1.1" 200 22
116.230.123.13 - - [13/Mar/2024:09:57:27 +0800] "GET /xingrg/kc/buy/cgsh_order_add.html HTTP/1.1" 200 73611
116.230.123.13 - - [13/Mar/2024:09:57:27 +0800] "GET /xingrg/words/20240312190758_words.js HTTP/1.1" 200 1015516
116.230.123.13 - - [13/Mar/2024:09:57:28 +0800] "GET /xingrg/javascript/easyui/themes/default/validatebox.css HTTP/1.1" 404 1104
116.230.123.13 - - [13/Mar/2024:09:57:28 +0800] "GET /xingrg/all/common/auto_word.html?type=employee&rest_code=00111 HTTP/1.1" 200 105
116.230.123.13 - - [13/Mar/2024:09:57:28 +0800] "GET /xingrg/all/common/auto_word.html?type=employee&rest_code=00111 HTTP/1.1" 200 105
116.230.123.13 - - [13/Mar/2024:09:57:28 +0800] "POST /xingrg/kc/buy/cgsh_order_operate.html HTTP/1.1" 200 8245
120.253.135.82 - - [13/Mar/2024:09:57:32 +0800] "GET /xingrg/all/function/internal_message.html?_=1710294891333&CODE_STATE=getMsg HTTP/1.1" 200 27
58.40.7.146 - - [13/Mar/2024:09:57:33 +0800] "GET /xingrg/all/function/internal_message.html?_=1710295053523&CODE_STATE=getMsg HTTP/1.1" 200 27
101.83.145.37 - - [13/Mar/2024:09:57:37 +0800] "GET /xingrg/all/function/internal_message.html?_=1710295058426&CODE_STATE=getMsg HTTP/1.1" 200 27
101.83.145.37 - - [13/Mar/2024:09:57:37 +0800] "GET /xingrg/check_reg.html?_=1710295058430 HTTP/1.1" 200 22
116.230.123.13 - - [13/Mar/2024:09:57:38 +0800] "GET /xingrg/all/function/internal_message.html?_=1710295055487&CODE_STATE=getMsg HTTP/1.1" 302 -
116.224.254.208 - - [13/Mar/2024:09:57:39 +0800] "GET /xingrg/all/function/internal_message.html?_=1710295059685&CODE_STATE=getMsg HTTP/1.1" 200 27
116.230.123.13 - - [13/Mar/2024:09:57:39 +0800] "GET /xingrg/all/function/internal_message.html?_=1710295058038&CODE_STATE=getMsg HTTP/1.1" 200 27
116.224.254.208 - - [13/Mar/2024:09:57:39 +0800] "GET /xingrg/check_reg.html?_=1710295059871 HTTP/1.1" 200 22
116.230.123.13 - - [13/Mar/2024:09:57:42 +0800] "GET /xingrg/javascript/auto/indicator.gif HTTP/1.1" 404 1066
222.70.115.1 - - [13/Mar/2024:09:57:43 +0800] "GET /xingrg/check_reg.html?_=1710295068529 HTTP/1.1" 200 22
116.230.123.13 - - [13/Mar/2024:09:57:43 +0800] "GET /xingrg/javascript/jquery_tools/images/prev.gif HTTP/1.1" 404 1086
222.70.115.1 - - [13/Mar/2024:09:57:43 +0800] "GET /xingrg/all/function/internal_message.html?_=1710295068532&CODE_STATE=getMsg HTTP/1.1" 200 27
116.230.123.13 - - [13/Mar/2024:09:57:43 +0800] "GET /xingrg/javascript/jquery_tools/images/next.gif HTTP/1.1" 404 1086
120.253.135.82 - - [13/Mar/2024:09:57:49 +0800] "GET /xingrg/check_reg.html?_=1710294908692 HTTP/1.1" 200 22
116.224.254.208 - - [13/Mar/2024:09:57:51 +0800] "GET /xingrg/all/function/internal_message.html?_=1710295070574&CODE_STATE=getMsg HTTP/1.1" 200 27
116.224.254.208 - - [13/Mar/2024:09:57:51 +0800] "GET /xingrg/check_reg.html?_=1710295070576 HTTP/1.1" 200 22
101.228.147.14 - - [13/Mar/2024:09:57:52 +0800] "GET /xingrg/all/function/internal_message.html?_=1710295071049&CODE_STATE=getMsg HTTP/1.1" 200 27
116.230.123.13 - - [13/Mar/2024:09:57:55 +0800] "GET /xingrg/kc/buy/cgsh_order_operate.html?command=get_materiel&rest_code=00111&code=00101010168&supplier_code=00100008&order_time=2024-03-13 HTTP/1.1" 200 413
114.89.91.180 - - [13/Mar/2024:09:58:01 +0800] "GET /xingrg/all/function/internal_message.html?_=1710295083837&CODE_STATE=getMsg HTTP/1.1" 200 27
221.239.169.251 - - [13/Mar/2024:09:58:06 +0800] "GET /xingrg/all/function/internal_message.html?_=1710295084784&CODE_STATE=getMsg HTTP/1.1" 200 27
116.230.123.13 - - [13/Mar/2024:09:58:12 +0800] "GET /xingrg/kc/buy/cgsh_order_operate.html?command=get_materiel&rest_code=00111&code=00101008196&supplier_code=00100008&order_time=2024-03-13 HTTP/1.1" 200 416
180.164.1.25 - - [13/Mar/2024:09:58:12 +0800] "GET /xingrg/all/function/internal_message.html?_=1710295092184&CODE_STATE=getMsg HTTP/1.1" 200 27
101.83.145.37 - - [13/Mar/2024:09:58:13 +0800] "GET /xingrg/all/function/internal_message.html?_=1710294856692&CODE_STATE=getMsg HTTP/1.1" 200 27
114.83.220.119 - - [13/Mar/2024:09:58:19 +0800] "GET /xingrg/all/function/internal_message.html?_=1710295097987&CODE_STATE=getMsg HTTP/1.1" 200 27
124.78.60.103 - - [13/Mar/2024:09:58:19 +0800] "GET /xingrg/all/function/internal_message.html?_=1710295099729&CODE_STATE=getMsg HTTP/1.1" 200 27
124.77.241.8 - - [13/Mar/2024:09:58:20 +0800] "GET /xingrg/all/function/internal_message.html?_=1710295110313&CODE_STATE=getMsg HTTP/1.1" 200 27
222.69.133.156 - - [13/Mar/2024:09:58:22 +0800] "GET /xingrg/all/function/internal_message.html?_=1710295104340&CODE_STATE=getMsg HTTP/1.1" 200 27
124.78.156.2 - - [13/Mar/2024:09:58:27 +0800] "GET /xingrg/all/function/internal_message.html?_=1710295106122&CODE_STATE=getMsg HTTP/1.1" 200 27
180.163.30.76 - - [13/Mar/2024:09:58:27 +0800] "GET /xingrg/all/function/internal_message.html?_=1710295046108&CODE_STATE=getMsg HTTP/1.1" 302 -
180.163.30.76 - - [13/Mar/2024:09:58:27 +0800] "GET /xingrg/login.html HTTP/1.1" 200 7641
180.163.28.143 - - [13/Mar/2024:09:58:27 +0800] "GET /xingrg/check_reg.html?_=1710295046113 HTTP/1.1" 302 -
180.163.28.143 - - [13/Mar/2024:09:58:27 +0800] "GET /xingrg/login.html HTTP/1.1" 200 7641
120.253.135.82 - - [13/Mar/2024:09:58:32 +0800] "GET /xingrg/all/function/internal_message.html?_=1710294951343&CODE_STATE=getMsg HTTP/1.1" 200 27
58.40.7.146 - - [13/Mar/2024:09:58:33 +0800] "GET /xingrg/all/function/internal_message.html?_=1710295113561&CODE_STATE=getMsg HTTP/1.1" 200 27
114.89.91.180 - - [13/Mar/2024:09:58:36 +0800] "GET /xingrg/kc/buy/buy_main.html HTTP/1.1" 200 12412
114.89.91.180 - - [13/Mar/2024:09:58:36 +0800] "GET /xingrg/css/new_ie.css HTTP/1.1" 404 1036
114.89.91.180 - - [13/Mar/2024:09:58:37 +0800] "GET /xingrg/images/yd/bt.gif HTTP/1.1" 404 1040
101.83.145.37 - - [13/Mar/2024:09:58:37 +0800] "GET /xingrg/all/function/internal_message.html?_=1710295118429&CODE_STATE=getMsg HTTP/1.1" 200 27
116.230.123.13 - - [13/Mar/2024:09:58:38 +0800] "GET /xingrg/all/function/internal_message.html?_=1710295115504&CODE_STATE=getMsg HTTP/1.1" 302 -
114.89.91.180 - - [13/Mar/2024:09:58:38 +0800] "GET /xingrg/kc/buy/cgsh_order_list.html HTTP/1.1" 200 57884
116.224.254.208 - - [13/Mar/2024:09:58:39 +0800] "GET /xingrg/all/function/internal_message.html?_=1710295119655&CODE_STATE=getMsg HTTP/1.1" 200 27
116.230.123.13 - - [13/Mar/2024:09:58:39 +0800] "GET /xingrg/all/function/internal_message.html?_=1710295118026&CODE_STATE=getMsg HTTP/1.1" 200 27
114.89.91.180 - - [13/Mar/2024:09:58:42 +0800] "POST /xingrg/kc/buy/cgsh_list_operate.html HTTP/1.1" 200 1369
222.70.115.1 - - [13/Mar/2024:09:58:43 +0800] "GET /xingrg/all/function/internal_message.html?_=1710295128531&CODE_STATE=getMsg HTTP/1.1" 200 27
114.89.91.180 - - [13/Mar/2024:09:58:45 +0800] "POST /xingrg/kc/buy/cgsh_list_operate.html HTTP/1.1" 200 580
114.89.91.180 - - [13/Mar/2024:09:58:47 +0800] "GET /xingrg/kc/buy/cgsh_order_info.html?code=212024031203590 HTTP/1.1" 200 72616
114.89.91.180 - - [13/Mar/2024:09:58:47 +0800] "GET /xingrg/words/20240312190758_words.js HTTP/1.1" 200 1015516
114.89.91.180 - - [13/Mar/2024:09:58:48 +0800] "GET /xingrg/javascript/easyui/themes/default/validatebox.css HTTP/1.1" 404 1104
114.89.91.180 - - [13/Mar/2024:09:58:48 +0800] "GET /xingrg/all/common/auto_word.html?type=employee&rest_code=00158 HTTP/1.1" 200 47
114.89.91.180 - - [13/Mar/2024:09:58:48 +0800] "GET /xingrg/all/common/auto_word.html?type=employee&rest_code=00158 HTTP/1.1" 200 47
114.89.91.180 - - [13/Mar/2024:09:58:49 +0800] "POST /xingrg/kc/buy/cgsh_order_operate.html HTTP/1.1" 200 6206
116.224.254.208 - - [13/Mar/2024:09:58:51 +0800] "GET /xingrg/all/function/internal_message.html?_=1710295130564&CODE_STATE=getMsg HTTP/1.1" 200 27
101.228.147.14 - - [13/Mar/2024:09:58:52 +0800] "GET /xingrg/check_reg.html?_=1710295131036 HTTP/1.1" 200 22
101.228.147.14 - - [13/Mar/2024:09:58:52 +0800] "GET /xingrg/all/function/internal_message.html?_=1710295131040&CODE_STATE=getMsg HTTP/1.1" 200 27
116.230.123.13 - - [13/Mar/2024:09:59:01 +0800] "GET /xingrg/kc/buy/cgsh_order_operate.html?command=get_materiel&rest_code=00111&code=00101008096&supplier_code=00100008&order_time=2024-03-13 HTTP/1.1" 200 412
114.89.91.180 - - [13/Mar/2024:09:59:01 +0800] "GET /xingrg/all/function/internal_message.html?_=1710295143815&CODE_STATE=getMsg HTTP/1.1" 200 27
221.239.169.251 - - [13/Mar/2024:09:59:06 +0800] "GET /xingrg/all/function/internal_message.html?_=1710295144772&CODE_STATE=getMsg HTTP/1.1" 200 27
180.164.1.25 - - [13/Mar/2024:09:59:12 +0800] "GET /xingrg/all/function/internal_message.html?_=1710295152161&CODE_STATE=getMsg HTTP/1.1" 200 27
101.83.145.37 - - [13/Mar/2024:09:59:13 +0800] "GET /xingrg/all/function/internal_message.html?_=1710294916692&CODE_STATE=getMsg HTTP/1.1" 200 27
116.230.123.13 - - [13/Mar/2024:09:59:16 +0800] "GET /xingrg/kc/buy/cgsh_order_operate.html?command=get_materiel&rest_code=00111&code=00101008038&supplier_code=00100008&order_time=2024-03-13 HTTP/1.1" 200 412
114.83.220.119 - - [13/Mar/2024:09:59:19 +0800] "GET /xingrg/all/function/internal_message.html?_=1710295157987&CODE_STATE=getMsg HTTP/1.1" 200 27
124.78.60.103 - - [13/Mar/2024:09:59:19 +0800] "GET /xingrg/all/function/internal_message.html?_=1710295159713&CODE_STATE=getMsg HTTP/1.1" 200 27
124.77.241.8 - - [13/Mar/2024:09:59:20 +0800] "GET /xingrg/all/function/internal_message.html?_=1710295170588&CODE_STATE=getMsg HTTP/1.1" 200 27
222.69.133.156 - - [13/Mar/2024:09:59:22 +0800] "GET /xingrg/all/function/internal_message.html?_=1710295164332&CODE_STATE=getMsg HTTP/1.1" 200 27
116.224.254.208 - - [13/Mar/2024:09:59:23 +0800] "POST /xingrg/services/DataTransmitService HTTP/1.1" 200 524
116.224.254.208 - - [13/Mar/2024:09:59:24 +0800] "POST /xingrg/services/DataTransmitService HTTP/1.1" 200 2075
116.224.254.208 - - [13/Mar/2024:09:59:25 +0800] "POST /xingrg/services/DataTransmitService HTTP/1.1" 200 126651
124.78.156.2 - - [13/Mar/2024:09:59:26 +0800] "GET /xingrg/all/function/internal_message.html?_=1710295166110&CODE_STATE=getMsg HTTP/1.1" 200 27
58.40.7.146 - - [13/Mar/2024:09:59:32 +0800] "GET /xingrg/check_reg.html?_=1710295172312 HTTP/1.1" 200 22
120.253.135.82 - - [13/Mar/2024:09:59:32 +0800] "GET /xingrg/all/function/internal_message.html?_=1710295011356&CODE_STATE=getMsg HTTP/1.1" 200 27
58.40.7.146 - - [13/Mar/2024:09:59:33 +0800] "GET /xingrg/all/function/internal_message.html?_=1710295173572&CODE_STATE=getMsg HTTP/1.1" 200 27
101.83.145.37 - - [13/Mar/2024:09:59:37 +0800] "GET /xingrg/all/function/internal_message.html?_=1710295178430&CODE_STATE=getMsg HTTP/1.1" 200 27
116.230.123.13 - - [13/Mar/2024:09:59:38 +0800] "GET /xingrg/check_reg.html?_=1710295175492 HTTP/1.1" 302 -
116.230.123.13 - - [13/Mar/2024:09:59:38 +0800] "GET /xingrg/all/function/internal_message.html?_=1710295175493&CODE_STATE=getMsg HTTP/1.1" 302 -
116.224.254.208 - - [13/Mar/2024:09:59:39 +0800] "GET /xingrg/all/function/internal_message.html?_=1710295179651&CODE_STATE=getMsg HTTP/1.1" 200 27
116.230.123.13 - - [13/Mar/2024:09:59:39 +0800] "GET /xingrg/all/function/internal_message.html?_=1710295178032&CODE_STATE=getMsg HTTP/1.1" 200 27
222.70.115.1 - - [13/Mar/2024:09:59:43 +0800] "GET /xingrg/all/function/internal_message.html?_=1710295188556&CODE_STATE=getMsg HTTP/1.1" 200 27
221.239.169.251 - - [13/Mar/2024:09:59:47 +0800] "GET /xingrg/check_reg.html?_=1710295186173 HTTP/1.1" 200 22
116.230.123.13 - - [13/Mar/2024:09:59:50 +0800] "GET /xingrg/kc/buy/cgsh_order_operate.html?command=get_materiel&rest_code=00111&code=00101008264&supplier_code=00100008&order_time=2024-03-13 HTTP/1.1" 200 432
116.224.254.208 - - [13/Mar/2024:09:59:51 +0800] "GET /xingrg/all/function/internal_message.html?_=1710295190578&CODE_STATE=getMsg HTTP/1.1" 200 27
101.228.147.14 - - [13/Mar/2024:09:59:52 +0800] "GET /xingrg/all/function/internal_message.html?_=1710295191039&CODE_STATE=getMsg HTTP/1.1" 200 27
114.89.91.180 - - [13/Mar/2024:10:00:01 +0800] "GET /xingrg/all/function/internal_message.html?_=1710295203819&CODE_STATE=getMsg HTTP/1.1" 200 27
114.89.91.180 - - [13/Mar/2024:10:00:01 +0800] "GET /xingrg/check_reg.html?_=1710295203829 HTTP/1.1" 200 22
221.239.169.251 - - [13/Mar/2024:10:00:06 +0800] "GET /xingrg/all/function/internal_message.html?_=1710295204757&CODE_STATE=getMsg HTTP/1.1" 200 27
116.230.123.13 - - [13/Mar/2024:10:00:09 +0800] "GET /xingrg/kc/buy/cgsh_order_operate.html?command=get_materiel&rest_code=00111&code=00101008271&supplier_code=00100008&order_time=2024-03-13 HTTP/1.1" 200 408
116.238.97.31 - - [13/Mar/2024:10:00:11 +0800] "GET /xingrg/kc/buy/cgsh_order_info.html?code=212024031303652 HTTP/1.1" 200 68597
116.238.97.31 - - [13/Mar/2024:10:00:11 +0800] "GET /xingrg/javascript/easyui/themes/default/validatebox.css HTTP/1.1" 404 1104
180.164.1.25 - - [13/Mar/2024:10:00:12 +0800] "GET /xingrg/all/function/internal_message.html?_=1710295212139&CODE_STATE=getMsg HTTP/1.1" 200 27
116.238.97.31 - - [13/Mar/2024:10:00:12 +0800] "POST /xingrg/kc/buy/cgsh_order_operate.html HTTP/1.1" 200 13050
101.83.145.37 - - [13/Mar/2024:10:00:13 +0800] "GET /xingrg/all/function/internal_message.html?_=1710294976718&CODE_STATE=getMsg HTTP/1.1" 200 27
114.83.220.119 - - [13/Mar/2024:10:00:19 +0800] "GET /xingrg/all/function/internal_message.html?_=1710295217987&CODE_STATE=getMsg HTTP/1.1" 200 27
114.83.220.119 - - [13/Mar/2024:10:00:19 +0800] "GET /xingrg/check_reg.html?_=1710295217990 HTTP/1.1" 200 22
124.78.60.103 - - [13/Mar/2024:10:00:19 +0800] "GET /xingrg/all/function/internal_message.html?_=1710295219696&CODE_STATE=getMsg HTTP/1.1" 200 27
124.77.241.8 - - [13/Mar/2024:10:00:20 +0800] "GET /xingrg/all/function/internal_message.html?_=1710295230590&CODE_STATE=getMsg HTTP/1.1" 200 27
222.69.133.156 - - [13/Mar/2024:10:00:22 +0800] "GET /xingrg/all/function/internal_message.html?_=1710295224333&CODE_STATE=getMsg HTTP/1.1" 200 27
124.78.156.2 - - [13/Mar/2024:10:00:27 +0800] "GET /xingrg/all/function/internal_message.html?_=1710295226112&CODE_STATE=getMsg HTTP/1.1" 200 27
116.230.123.13 - - [13/Mar/2024:10:00:28 +0800] "GET /xingrg/kc/buy/cgsh_order_operate.html?command=get_materiel&rest_code=00111&code=00101008350&supplier_code=00100008&order_time=2024-03-13 HTTP/1.1" 200 408
124.79.241.4 - - [13/Mar/2024:10:00:32 +0800] "POST /xingrg/login.do HTTP/1.1" 302 -
124.79.241.4 - - [13/Mar/2024:10:00:32 +0800] "GET /xingrg/index.html?sysBaseUrl=http%3A%2F%2F180.169.147.146%3A18081%2Fxingrg%2F&costTime=834×tamp=1710295232233 HTTP/1.1" 200 17179
120.253.135.82 - - [13/Mar/2024:10:00:32 +0800] "GET /xingrg/all/function/internal_message.html?_=1710295071490&CODE_STATE=getMsg HTTP/1.1" 200 27
124.79.241.4 - - [13/Mar/2024:10:00:33 +0800] "POST /xingrg/all/common/load_tree.html?tree=area_rest_tree_json&manage=1 HTTP/1.1" 200 351
124.79.241.4 - - [13/Mar/2024:10:00:33 +0800] "GET /xingrg/check_reg.html?_=1710295252294 HTTP/1.1" 200 22
124.79.241.4 - - [13/Mar/2024:10:00:33 +0800] "GET /xingrg/all/function/internal_message.html?_=1710295252294&CODE_STATE=count HTTP/1.1" 200 11
58.40.7.146 - - [13/Mar/2024:10:00:33 +0800] "GET /xingrg/all/function/internal_message.html?_=1710295233577&CODE_STATE=getMsg HTTP/1.1" 200 27
124.79.241.4 - - [13/Mar/2024:10:00:33 +0800] "POST /xingrg/load_menu.html HTTP/1.1" 200 5138
124.79.241.4 - - [13/Mar/2024:10:00:34 +0800] "GET /favicon.ico HTTP/1.1" 404 -
101.83.145.37 - - [13/Mar/2024:10:00:37 +0800] "GET /xingrg/all/function/internal_message.html?_=1710295238431&CODE_STATE=getMsg HTTP/1.1" 200 27
116.230.123.13 - - [13/Mar/2024:10:00:38 +0800] "GET /xingrg/all/function/internal_message.html?_=1710295235492&CODE_STATE=getMsg HTTP/1.1" 302 -
116.224.254.208 - - [13/Mar/2024:10:00:39 +0800] "GET /xingrg/all/function/internal_message.html?_=1710295239632&CODE_STATE=getMsg HTTP/1.1" 200 27
116.230.123.13 - - [13/Mar/2024:10:00:39 +0800] "GET /xingrg/all/function/internal_message.html?_=1710295238019&CODE_STATE=getMsg HTTP/1.1" 200 27
124.79.241.4 - - [13/Mar/2024:10:00:41 +0800] "GET /xingrg/kc/buy/cgsh_order_list.html HTTP/1.1" 200 57886
222.70.115.1 - - [13/Mar/2024:10:00:43 +0800] "GET /xingrg/all/function/internal_message.html?_=1710295248556&CODE_STATE=getMsg HTTP/1.1" 200 27
116.238.97.31 - - [13/Mar/2024:10:00:44 +0800] "GET /xingrg/all/function/internal_message.html?_=1710295245205&CODE_STATE=getMsg HTTP/1.1" 200 27
124.79.241.4 - - [13/Mar/2024:10:00:45 +0800] "POST /xingrg/kc/buy/cgsh_list_operate.html HTTP/1.1" 200 645
124.79.241.4 - - [13/Mar/2024:10:00:45 +0800] "GET /xingrg/kc/mdqp/qqps_order_list.html HTTP/1.1" 200 9222
124.79.241.4 - - [13/Mar/2024:10:00:45 +0800] "GET /xingrg/dwr/interface/AjaxQqpsService.js HTTP/1.1" 200 16326
124.79.241.4 - - [13/Mar/2024:10:00:45 +0800] "GET /xingrg/dwr/interface/AjaxReportQueryService.js HTTP/1.1" 200 13203
124.79.241.4 - - [13/Mar/2024:10:00:45 +0800] "GET /xingrg/dwr/engine.js HTTP/1.1" 200 43631
124.79.241.4 - - [13/Mar/2024:10:00:45 +0800] "GET /xingrg/dwr/util.js HTTP/1.1" 304 -
124.79.241.4 - - [13/Mar/2024:10:00:49 +0800] "GET /xingrg/kc/mdqp/pssh_order_list.html HTTP/1.1" 200 17885
124.79.241.4 - - [13/Mar/2024:10:00:50 +0800] "POST /xingrg/kc/mdqp/pssh_list_operate.html HTTP/1.1" 200 5362
116.224.254.208 - - [13/Mar/2024:10:00:51 +0800] "GET /xingrg/all/function/internal_message.html?_=1710295250573&CODE_STATE=getMsg HTTP/1.1" 200 27
101.228.147.14 - - [13/Mar/2024:10:00:52 +0800] "GET /xingrg/all/function/internal_message.html?_=1710295251040&CODE_STATE=getMsg HTTP/1.1" 200 27
124.79.241.4 - - [13/Mar/2024:10:00:52 +0800] "POST /xingrg/kc/mdqp/pssh_list_operate.html HTTP/1.1" 200 577
124.79.241.4 - - [13/Mar/2024:10:00:57 +0800] "POST /xingrg/kc/mdqp/pssh_list_operate.html HTTP/1.1" 200 563
124.79.241.4 - - [13/Mar/2024:10:01:00 +0800] "POST /xingrg/kc/mdqp/pssh_list_operate.html HTTP/1.1" 200 344
114.89.91.180 - - [13/Mar/2024:10:01:01 +0800] "GET /xingrg/all/function/internal_message.html?_=1710295263829&CODE_STATE=getMsg HTTP/1.1" 200 27
221.239.169.251 - - [13/Mar/2024:10:01:06 +0800] "GET /xingrg/all/function/internal_message.html?_=1710295264736&CODE_STATE=getMsg HTTP/1.1" 200 27
124.77.241.8 - - [13/Mar/2024:10:01:06 +0800] "GET /xingrg/kc/buy/cgsh_order_list.html HTTP/1.1" 200 57886
116.224.254.208 - - [13/Mar/2024:10:01:08 +0800] "GET /xingrg/kc/mdqp/pssh_order_list.html HTTP/1.1" 200 17887
124.77.241.8 - - [13/Mar/2024:10:01:08 +0800] "POST /xingrg/kc/buy/cgsh_list_operate.html HTTP/1.1" 200 645
116.224.254.208 - - [13/Mar/2024:10:01:08 +0800] "POST /xingrg/kc/mdqp/pssh_list_operate.html HTTP/1.1" 200 5370
116.224.254.208 - - [13/Mar/2024:10:01:11 +0800] "POST /xingrg/kc/mdqp/pssh_list_operate.html HTTP/1.1" 200 262
180.164.1.25 - - [13/Mar/2024:10:01:12 +0800] "GET /xingrg/all/function/internal_message.html?_=1710295272113&CODE_STATE=getMsg HTTP/1.1" 200 27
124.79.241.4 - - [13/Mar/2024:10:01:12 +0800] "GET /xingrg/kc/mdqp/pssh_order_info.html?code=312024031200227 HTTP/1.1" 200 17281
124.79.241.4 - - [13/Mar/2024:10:01:12 +0800] "GET /xingrg/javascript/jquery_tools/jquery-1.4.2.min.js HTTP/1.1" 404 1094
124.79.241.4 - - [13/Mar/2024:10:01:12 +0800] "GET /xingrg/words/20240312190758_words.js HTTP/1.1" 304 -
180.164.1.25 - - [13/Mar/2024:10:01:12 +0800] "GET /xingrg/check_reg.html?_=1710295272395 HTTP/1.1" 200 22
124.79.241.4 - - [13/Mar/2024:10:01:13 +0800] "GET /xingrg/javascript/easyui/themes/default/validatebox.css HTTP/1.1" 404 1104
124.79.241.4 - - [13/Mar/2024:10:01:13 +0800] "GET /xingrg/all/common/auto_word.html?type=base&rest_code=00104&rest_code=00104 HTTP/1.1" 200 1849
124.79.241.4 - - [13/Mar/2024:10:01:13 +0800] "POST /xingrg/kc/mdqp/pssh_order_operate.html HTTP/1.1" 200 2088
124.79.241.4 - - [13/Mar/2024:10:01:13 +0800] "GET /xingrg/all/common/auto_word.html?type=employee&rest_code=00104 HTTP/1.1" 200 245
101.83.145.37 - - [13/Mar/2024:10:01:13 +0800] "GET /xingrg/check_reg.html?_=1710295036718 HTTP/1.1" 200 22
101.83.145.37 - - [13/Mar/2024:10:01:13 +0800] "GET /xingrg/all/function/internal_message.html?_=1710295036721&CODE_STATE=getMsg HTTP/1.1" 200 27
116.224.254.208 - - [13/Mar/2024:10:01:13 +0800] "POST /xingrg/kc/mdqp/pssh_list_operate.html HTTP/1.1" 200 764
116.224.254.208 - - [13/Mar/2024:10:01:14 +0800] "POST /xingrg/kc/mdqp/pssh_list_operate.html HTTP/1.1" 200 780
124.77.241.8 - - [13/Mar/2024:10:01:18 +0800] "GET /xingrg/kc/buy/cgsh_order_add.html HTTP/1.1" 200 73655
124.77.241.8 - - [13/Mar/2024:10:01:19 +0800] "POST /xingrg/kc/buy/cgsh_order_operate.html HTTP/1.1" 200 8245
114.83.220.119 - - [13/Mar/2024:10:01:19 +0800] "GET /xingrg/all/function/internal_message.html?_=1710295277996&CODE_STATE=getMsg HTTP/1.1" 200 27
124.77.241.8 - - [13/Mar/2024:10:01:19 +0800] "GET /xingrg/javascript/easyui/themes/default/validatebox.css HTTP/1.1" 404 1104
124.77.241.8 - - [13/Mar/2024:10:01:19 +0800] "GET /xingrg/all/common/auto_word.html?type=employee&rest_code=00146 HTTP/1.1" 200 101
124.77.241.8 - - [13/Mar/2024:10:01:19 +0800] "GET /xingrg/all/common/auto_word.html?type=employee&rest_code=00146 HTTP/1.1" 200 101
124.78.60.103 - - [13/Mar/2024:10:01:19 +0800] "GET /xingrg/all/function/internal_message.html?_=1710295279681&CODE_STATE=getMsg HTTP/1.1" 200 27
124.77.241.8 - - [13/Mar/2024:10:01:20 +0800] "GET /xingrg/all/function/internal_message.html?_=1710295290604&CODE_STATE=getMsg HTTP/1.1" 200 27
222.69.133.156 - - [13/Mar/2024:10:01:22 +0800] "GET /xingrg/check_reg.html?_=1710295284333 HTTP/1.1" 200 22
222.69.133.156 - - [13/Mar/2024:10:01:22 +0800] "GET /xingrg/all/function/internal_message.html?_=1710295284336&CODE_STATE=getMsg HTTP/1.1" 200 27
124.78.156.2 - - [13/Mar/2024:10:01:27 +0800] "GET /xingrg/all/function/internal_message.html?_=1710295286114&CODE_STATE=getMsg HTTP/1.1" 200 27
180.163.29.206 - - [13/Mar/2024:10:01:27 +0800] "GET /xingrg/all/function/internal_message.html?_=1710295226112&CODE_STATE=getMsg HTTP/1.1" 302 -
180.163.29.206 - - [13/Mar/2024:10:01:27 +0800] "GET /xingrg/login.html HTTP/1.1" 200 7641
120.253.135.82 - - [13/Mar/2024:10:01:32 +0800] "GET /xingrg/all/function/internal_message.html?_=1710295131493&CODE_STATE=getMsg HTTP/1.1" 200 27
124.79.241.4 - - [13/Mar/2024:10:01:33 +0800] "GET /xingrg/all/function/internal_message.html?_=1710295312302&CODE_STATE=getMsg HTTP/1.1" 200 27
58.40.7.146 - - [13/Mar/2024:10:01:33 +0800] "GET /xingrg/all/function/internal_message.html?_=1710295293602&CODE_STATE=getMsg HTTP/1.1" 200 27
