116.224.254.208 - - [13/Mar/2024:11:27:51 +0800] "GET /xingrg/check_reg.html?_=1710300470588 HTTP/1.1" 200 22
116.230.123.13 - - [13/Mar/2024:11:27:52 +0800] "POST /xingrg/all/common/load_combo.html?type=base HTTP/1.1" 200 3142
101.228.147.14 - - [13/Mar/2024:11:27:52 +0800] "GET /xingrg/all/function/internal_message.html?_=1710300471068&CODE_STATE=getMsg HTTP/1.1" 200 27
116.224.254.208 - - [13/Mar/2024:11:27:52 +0800] "GET /xingrg/kc/buy/cgsh_order_operate.html?command=get_materiel&rest_code=00150&code=00101002006&supplier_code=00100091&order_time=2024-03-13 HTTP/1.1" 200 414
124.77.241.8 - - [13/Mar/2024:11:27:58 +0800] "GET /xingrg/all/function/internal_message.html?_=1710300488683&CODE_STATE=getMsg HTTP/1.1" 200 27
116.224.254.208 - - [13/Mar/2024:11:27:59 +0800] "GET /xingrg/kc/buy/cgsh_order_operate.html?command=get_materiel&rest_code=00150&code=00101003037&supplier_code=00100091&order_time=2024-03-13 HTTP/1.1" 200 418
180.163.28.109 - - [13/Mar/2024:11:28:00 +0800] "GET /xingrg/kc/buy/cgsh_order_operate.html?command=get_materiel&rest_code=00106&code=00101008361&supplier_code=00100008&order_time=2024-03-13 HTTP/1.1" 302 -
180.163.28.109 - - [13/Mar/2024:11:28:00 +0800] "GET /xingrg/login.html HTTP/1.1" 200 7641
124.78.156.2 - - [13/Mar/2024:11:28:00 +0800] "GET /xingrg/kc/buy/cgsh_order_operate.html?command=get_materiel&rest_code=00106&code=00101008368&supplier_code=00100008&order_time=2024-03-13 HTTP/1.1" 200 408
114.89.91.180 - - [13/Mar/2024:11:28:01 +0800] "GET /xingrg/all/function/internal_message.html?_=1710300483818&CODE_STATE=getMsg HTTP/1.1" 200 27
116.230.123.13 - - [13/Mar/2024:11:28:04 +0800] "GET /xingrg/kc/base/wldb_order_operate.html?command=get_materiel&rest_code=00111&base_code=0010283&code=00101019400 HTTP/1.1" 200 464
221.239.169.251 - - [13/Mar/2024:11:28:04 +0800] "GET /xingrg/all/function/internal_message.html?_=1710300483158&CODE_STATE=getMsg HTTP/1.1" 200 27
116.230.123.13 - - [13/Mar/2024:11:28:10 +0800] "GET /xingrg/kc/base/wldb_order_operate.html?command=get_materiel&rest_code=00111&base_code=0010283&code=00101019183 HTTP/1.1" 200 449
180.164.1.25 - - [13/Mar/2024:11:28:11 +0800] "GET /xingrg/all/function/internal_message.html?_=1710300490720&CODE_STATE=getMsg HTTP/1.1" 200 27
116.224.254.208 - - [13/Mar/2024:11:28:12 +0800] "POST /xingrg/kc/buy/cgsh_order_operate.html HTTP/1.1" 200 37
101.83.145.37 - - [13/Mar/2024:11:28:16 +0800] "GET /xingrg/all/function/internal_message.html?_=1710300259153&CODE_STATE=getMsg HTTP/1.1" 200 27
124.78.156.2 - - [13/Mar/2024:11:28:17 +0800] "POST /xingrg/kc/buy/cgsh_order_operate.html HTTP/1.1" 200 88
114.83.220.119 - - [13/Mar/2024:11:28:17 +0800] "GET /xingrg/all/function/internal_message.html?_=1710300496505&CODE_STATE=getMsg HTTP/1.1" 200 27
124.78.60.103 - - [13/Mar/2024:11:28:18 +0800] "GET /xingrg/all/function/internal_message.html?_=1710300498183&CODE_STATE=getMsg HTTP/1.1" 200 27
116.230.123.13 - - [13/Mar/2024:11:28:19 +0800] "GET /xingrg/kc/base/wldb_order_operate.html?command=get_materiel&rest_code=00111&base_code=0010283&code=00101019015 HTTP/1.1" 200 451
180.163.29.206 - - [13/Mar/2024:11:28:20 +0800] "GET /xingrg/all/function/internal_message.html?_=1710299124572&CODE_STATE=getMsg HTTP/1.1" 302 -
180.163.29.206 - - [13/Mar/2024:11:28:20 +0800] "GET /xingrg/login.html HTTP/1.1" 200 7641
116.238.97.31 - - [13/Mar/2024:11:28:21 +0800] "GET /xingrg/all/function/internal_message.html?_=1710300503124&CODE_STATE=getMsg HTTP/1.1" 200 27
222.69.133.156 - - [13/Mar/2024:11:28:22 +0800] "GET /xingrg/all/function/internal_message.html?_=1710300504338&CODE_STATE=getMsg HTTP/1.1" 200 27
124.78.156.2 - - [13/Mar/2024:11:28:22 +0800] "POST /xingrg/kc/buy/cgsh_order_operate.html HTTP/1.1" 200 37
180.163.29.79 - - [13/Mar/2024:11:28:26 +0800] "GET /xingrg/all/function/internal_message.html?_=1710300445767&CODE_STATE=getMsg HTTP/1.1" 302 -
180.163.29.79 - - [13/Mar/2024:11:28:26 +0800] "GET /xingrg/login.html HTTP/1.1" 200 7641
116.224.254.208 - - [13/Mar/2024:11:28:26 +0800] "POST /xingrg/kc/buy/cgsh_order_operate.html HTTP/1.1" 200 12
124.78.156.2 - - [13/Mar/2024:11:28:26 +0800] "GET /xingrg/all/function/internal_message.html?_=1710300505763&CODE_STATE=getMsg HTTP/1.1" 200 27
116.230.123.13 - - [13/Mar/2024:11:28:26 +0800] "GET /xingrg/kc/base/wldb_order_operate.html?command=get_materiel&rest_code=00111&base_code=0010283&code=00101019222 HTTP/1.1" 200 453
116.224.254.208 - - [13/Mar/2024:11:28:28 +0800] "GET /xingrg/all/function/internal_message.html?_=1710300508828&CODE_STATE=getMsg HTTP/1.1" 200 27
116.224.254.208 - - [13/Mar/2024:11:28:29 +0800] "GET /xingrg/kc/buy/cgsh_order_info.html?code=212024031303733 HTTP/1.1" 200 68612
116.224.254.208 - - [13/Mar/2024:11:28:29 +0800] "GET /xingrg/javascript/easyui/themes/default/validatebox.css HTTP/1.1" 404 1104
124.79.241.4 - - [13/Mar/2024:11:28:33 +0800] "GET /xingrg/all/function/internal_message.html?_=1710300532374&CODE_STATE=getMsg HTTP/1.1" 200 27
116.230.123.13 - - [13/Mar/2024:11:28:34 +0800] "GET /xingrg/kc/base/wldb_order_operate.html?command=get_materiel&rest_code=00111&base_code=0010283&code=00101019133 HTTP/1.1" 200 480
124.78.156.2 - - [13/Mar/2024:11:28:35 +0800] "POST /xingrg/kc/buy/cgsh_order_operate.html HTTP/1.1" 200 37
116.224.254.208 - - [13/Mar/2024:11:28:35 +0800] "POST /xingrg/kc/buy/cgsh_order_operate.html HTTP/1.1" 200 1210
101.83.145.37 - - [13/Mar/2024:11:28:37 +0800] "GET /xingrg/all/function/internal_message.html?_=1710300518539&CODE_STATE=getMsg HTTP/1.1" 200 27
120.253.135.82 - - [13/Mar/2024:11:28:37 +0800] "GET /xingrg/all/function/internal_message.html?_=1710300356496&CODE_STATE=getMsg HTTP/1.1" 200 27
116.230.123.13 - - [13/Mar/2024:11:28:38 +0800] "GET /xingrg/all/function/internal_message.html?_=1710300515482&CODE_STATE=getMsg HTTP/1.1" 302 -
124.78.156.2 - - [13/Mar/2024:11:28:39 +0800] "POST /xingrg/kc/buy/cgsh_order_operate.html HTTP/1.1" 200 12
116.230.123.13 - - [13/Mar/2024:11:28:41 +0800] "GET /xingrg/all/function/internal_message.html?_=1710300519403&CODE_STATE=getMsg HTTP/1.1" 200 27
124.78.156.2 - - [13/Mar/2024:11:28:41 +0800] "GET /xingrg/kc/buy/cgsh_order_info.html?code=212024031303735 HTTP/1.1" 200 68560
124.78.156.2 - - [13/Mar/2024:11:28:41 +0800] "GET /xingrg/javascript/easyui/themes/default/validatebox.css HTTP/1.1" 404 1104
124.78.156.2 - - [13/Mar/2024:11:28:42 +0800] "POST /xingrg/kc/buy/cgsh_order_operate.html HTTP/1.1" 200 2399
116.230.123.13 - - [13/Mar/2024:11:28:42 +0800] "GET /xingrg/kc/base/wldb_order_operate.html?command=get_materiel&rest_code=00111&base_code=0010283&code=00101019438 HTTP/1.1" 200 462
124.78.156.2 - - [13/Mar/2024:11:28:43 +0800] "POST /xingrg/kc/buy/cgsh_order_operate.html HTTP/1.1" 200 12711
124.78.156.2 - - [13/Mar/2024:11:28:45 +0800] "GET /xingrg/kc/print/load_data.html?order_code=212024031303735&kc_code=cgsh&condition= HTTP/1.1" 200 1396
116.230.123.13 - - [13/Mar/2024:11:28:47 +0800] "GET /xingrg/kc/base/wldb_order_operate.html?command=get_materiel&rest_code=00111&base_code=0010283&code=00101016076 HTTP/1.1" 200 477
124.78.156.2 - - [13/Mar/2024:11:28:49 +0800] "GET /xingrg/check_reg.html?_=1710300529694 HTTP/1.1" 200 22
124.78.156.2 - - [13/Mar/2024:11:28:49 +0800] "GET /xingrg/all/function/internal_message.html?_=1710300529697&CODE_STATE=getMsg HTTP/1.1" 200 27
116.224.254.208 - - [13/Mar/2024:11:28:51 +0800] "GET /xingrg/all/function/internal_message.html?_=1710300530562&CODE_STATE=getMsg HTTP/1.1" 200 27
101.228.147.14 - - [13/Mar/2024:11:28:52 +0800] "GET /xingrg/check_reg.html?_=1710300531067 HTTP/1.1" 200 22
101.228.147.14 - - [13/Mar/2024:11:28:52 +0800] "GET /xingrg/all/function/internal_message.html?_=1710300531069&CODE_STATE=getMsg HTTP/1.1" 200 27
116.230.123.13 - - [13/Mar/2024:11:28:56 +0800] "GET /xingrg/kc/base/wldb_order_operate.html?command=get_materiel&rest_code=00111&base_code=0010283&code=00101019391 HTTP/1.1" 200 485
124.77.241.8 - - [13/Mar/2024:11:28:59 +0800] "GET /xingrg/all/function/internal_message.html?_=1710300549266&CODE_STATE=getMsg HTTP/1.1" 200 27
114.89.91.180 - - [13/Mar/2024:11:29:01 +0800] "GET /xingrg/all/function/internal_message.html?_=1710300543819&CODE_STATE=getMsg HTTP/1.1" 200 27
124.78.156.2 - - [13/Mar/2024:11:29:01 +0800] "GET /xingrg/kc/buy/cgsh_order_add.html HTTP/1.1" 200 73649
124.78.156.2 - - [13/Mar/2024:11:29:02 +0800] "GET /xingrg/javascript/easyui/themes/default/validatebox.css HTTP/1.1" 404 1104
124.78.156.2 - - [13/Mar/2024:11:29:02 +0800] "POST /xingrg/kc/buy/cgsh_order_operate.html HTTP/1.1" 200 8245
116.230.123.13 - - [13/Mar/2024:11:29:03 +0800] "GET /xingrg/kc/base/wldb_order_operate.html?command=get_materiel&rest_code=00111&base_code=0010283&code=00101019175 HTTP/1.1" 200 439
124.78.156.2 - - [13/Mar/2024:11:29:04 +0800] "GET /xingrg/javascript/easyui/themes/default/tree.css HTTP/1.1" 404 1090
221.239.169.251 - - [13/Mar/2024:11:29:04 +0800] "GET /xingrg/all/function/internal_message.html?_=1710300543144&CODE_STATE=getMsg HTTP/1.1" 200 27
124.78.156.2 - - [13/Mar/2024:11:29:05 +0800] "POST /xingrg/all/common/load_tree.html?tree=supplier_tree_json&isDelete=1 HTTP/1.1" 200 78788
116.230.123.13 - - [13/Mar/2024:11:29:10 +0800] "GET /xingrg/kc/base/wldb_order_operate.html?command=get_materiel&rest_code=00111&base_code=0010283&code=00101016046 HTTP/1.1" 200 457
180.164.1.25 - - [13/Mar/2024:11:29:11 +0800] "GET /xingrg/all/function/internal_message.html?_=1710300550699&CODE_STATE=getMsg HTTP/1.1" 200 27
116.230.123.13 - - [13/Mar/2024:11:29:15 +0800] "GET /xingrg/kc/base/wldb_order_operate.html?command=get_materiel&rest_code=00111&base_code=0010283&code=00101016040 HTTP/1.1" 200 459
101.83.145.37 - - [13/Mar/2024:11:29:16 +0800] "GET /xingrg/all/function/internal_message.html?_=1710300319123&CODE_STATE=getMsg HTTP/1.1" 200 27
114.83.220.119 - - [13/Mar/2024:11:29:17 +0800] "GET /xingrg/all/function/internal_message.html?_=1710300556496&CODE_STATE=getMsg HTTP/1.1" 200 27
124.78.60.103 - - [13/Mar/2024:11:29:18 +0800] "GET /xingrg/all/function/internal_message.html?_=1710300558164&CODE_STATE=getMsg HTTP/1.1" 200 27
116.224.254.208 - - [13/Mar/2024:11:29:21 +0800] "GET /xingrg/kc/print/load_data.html?order_code=212024031303733&kc_code=cgsh&condition= HTTP/1.1" 200 1017
116.238.97.31 - - [13/Mar/2024:11:29:21 +0800] "GET /xingrg/all/function/internal_message.html?_=1710300563101&CODE_STATE=getMsg HTTP/1.1" 200 27
222.69.133.156 - - [13/Mar/2024:11:29:22 +0800] "GET /xingrg/all/function/internal_message.html?_=1710300564338&CODE_STATE=getMsg HTTP/1.1" 200 27
124.78.156.2 - - [13/Mar/2024:11:29:25 +0800] "GET /xingrg/check_reg.html?_=1710300564619 HTTP/1.1" 200 22
116.224.254.208 - - [13/Mar/2024:11:29:26 +0800] "GET /xingrg/kc/buy/cgsh_order_add.html HTTP/1.1" 200 73699
116.224.254.208 - - [13/Mar/2024:11:29:26 +0800] "POST /xingrg/kc/buy/cgsh_order_operate.html HTTP/1.1" 200 8245
116.224.254.208 - - [13/Mar/2024:11:29:26 +0800] "GET /xingrg/javascript/easyui/themes/default/validatebox.css HTTP/1.1" 404 1104
124.78.156.2 - - [13/Mar/2024:11:29:26 +0800] "GET /xingrg/all/function/internal_message.html?_=1710300565742&CODE_STATE=getMsg HTTP/1.1" 200 27
124.78.156.2 - - [13/Mar/2024:11:29:27 +0800] "GET /xingrg/kc/buy/cgsh_order_operate.html?command=get_materiel&rest_code=00106&code=00101015074&supplier_code=00100323&order_time=2024-03-13 HTTP/1.1" 200 408
116.224.254.208 - - [13/Mar/2024:11:29:27 +0800] "GET /xingrg/check_reg.html?_=1710300568037 HTTP/1.1" 200 22
116.224.254.208 - - [13/Mar/2024:11:29:28 +0800] "GET /xingrg/all/function/internal_message.html?_=1710300568804&CODE_STATE=getMsg HTTP/1.1" 200 27
124.79.241.4 - - [13/Mar/2024:11:29:33 +0800] "GET /xingrg/all/function/internal_message.html?_=1710300592372&CODE_STATE=getMsg HTTP/1.1" 200 27
101.83.145.37 - - [13/Mar/2024:11:29:37 +0800] "GET /xingrg/all/function/internal_message.html?_=1710300578540&CODE_STATE=getMsg HTTP/1.1" 200 27
124.78.156.2 - - [13/Mar/2024:11:29:37 +0800] "GET /xingrg/kc/buy/cgsh_order_operate.html?command=get_materiel&rest_code=00106&code=00101008352&supplier_code=00100008&order_time=2024-03-13 HTTP/1.1" 200 412
120.253.135.82 - - [13/Mar/2024:11:29:37 +0800] "GET /xingrg/all/function/internal_message.html?_=1710300416511&CODE_STATE=getMsg HTTP/1.1" 200 27
116.224.254.208 - - [13/Mar/2024:11:29:37 +0800] "GET /xingrg/kc/buy/cgsh_order_operate.html?command=get_materiel&rest_code=00150&code=00101014017&supplier_code=00100211&order_time=2024-03-13 HTTP/1.1" 200 419
116.230.123.13 - - [13/Mar/2024:11:29:38 +0800] "GET /xingrg/all/function/internal_message.html?_=1710300575499&CODE_STATE=getMsg HTTP/1.1" 302 -
116.230.123.13 - - [13/Mar/2024:11:29:38 +0800] "GET /xingrg/check_reg.html?_=1710300575501 HTTP/1.1" 302 -
116.230.123.13 - - [13/Mar/2024:11:29:41 +0800] "GET /xingrg/all/function/internal_message.html?_=1710300579381&CODE_STATE=getMsg HTTP/1.1" 200 27
116.230.123.13 - - [13/Mar/2024:11:29:43 +0800] "POST /xingrg/kc/base/wldb_order_operate.html HTTP/1.1" 200 37
221.239.169.251 - - [13/Mar/2024:11:29:47 +0800] "GET /xingrg/check_reg.html?_=1710300585884 HTTP/1.1" 200 22
116.224.254.208 - - [13/Mar/2024:11:29:48 +0800] "GET /xingrg/kc/buy/cgsh_order_operate.html?command=get_materiel&rest_code=00150&code=00101010636&supplier_code=00100211&order_time=2024-03-13 HTTP/1.1" 200 414
124.78.156.2 - - [13/Mar/2024:11:29:49 +0800] "GET /xingrg/all/function/internal_message.html?_=1710300589691&CODE_STATE=getMsg HTTP/1.1" 200 27
116.230.123.13 - - [13/Mar/2024:11:29:50 +0800] "POST /xingrg/kc/base/wldb_order_operate.html HTTP/1.1" 200 12
116.230.123.13 - - [13/Mar/2024:11:29:50 +0800] "POST /xingrg/kc/base/wldb_order_operate.html HTTP/1.1" 200 7144
124.78.156.2 - - [13/Mar/2024:11:29:50 +0800] "POST /xingrg/kc/buy/cgsh_order_operate.html HTTP/1.1" 200 2065
116.224.254.208 - - [13/Mar/2024:11:29:51 +0800] "GET /xingrg/all/function/internal_message.html?_=1710300590554&CODE_STATE=getMsg HTTP/1.1" 200 27
101.228.147.14 - - [13/Mar/2024:11:29:52 +0800] "GET /xingrg/all/function/internal_message.html?_=1710300591067&CODE_STATE=getMsg HTTP/1.1" 200 27
116.230.123.13 - - [13/Mar/2024:11:29:54 +0800] "GET /xingrg/kc/base/wldb_order_info.html?code=422024031300887 HTTP/1.1" 200 26261
116.230.123.13 - - [13/Mar/2024:11:29:55 +0800] "GET /xingrg/javascript/easyui/themes/default/validatebox.css HTTP/1.1" 404 1104
116.230.123.13 - - [13/Mar/2024:11:29:55 +0800] "POST /xingrg/kc/base/wldb_order_operate.html HTTP/1.1" 200 5324
116.224.254.208 - - [13/Mar/2024:11:29:58 +0800] "POST /xingrg/kc/buy/cgsh_order_operate.html HTTP/1.1" 200 37
124.78.156.2 - - [13/Mar/2024:11:29:58 +0800] "GET /xingrg/kc/buy/cgsh_order_operate.html?command=get_materiel&rest_code=00106&code=00101005056&supplier_code=00100323&order_time=2024-03-13 HTTP/1.1" 200 425
124.77.241.8 - - [13/Mar/2024:11:29:59 +0800] "GET /xingrg/all/function/internal_message.html?_=1710300609271&CODE_STATE=getMsg HTTP/1.1" 200 27
114.89.91.180 - - [13/Mar/2024:11:30:01 +0800] "GET /xingrg/check_reg.html?_=1710300603812 HTTP/1.1" 200 22
114.89.91.180 - - [13/Mar/2024:11:30:01 +0800] "GET /xingrg/all/function/internal_message.html?_=1710300603816&CODE_STATE=getMsg HTTP/1.1" 200 27
221.239.169.251 - - [13/Mar/2024:11:30:04 +0800] "GET /xingrg/all/function/internal_message.html?_=1710300603134&CODE_STATE=getMsg HTTP/1.1" 200 27
116.224.254.208 - - [13/Mar/2024:11:30:04 +0800] "POST /xingrg/kc/buy/cgsh_order_operate.html HTTP/1.1" 200 12
116.224.254.208 - - [13/Mar/2024:11:30:07 +0800] "GET /xingrg/kc/buy/cgsh_order_info.html?code=212024031303737 HTTP/1.1" 200 68606
116.224.254.208 - - [13/Mar/2024:11:30:07 +0800] "GET /xingrg/javascript/easyui/themes/default/validatebox.css HTTP/1.1" 404 1104
116.230.123.13 - - [13/Mar/2024:11:30:07 +0800] "GET /xingrg/kc/base/wldb_order_add.html HTTP/1.1" 200 30382
116.224.254.208 - - [13/Mar/2024:11:30:08 +0800] "POST /xingrg/kc/buy/cgsh_order_operate.html HTTP/1.1" 200 1210
116.230.123.13 - - [13/Mar/2024:11:30:09 +0800] "GET /xingrg/javascript/easyui/themes/default/validatebox.css HTTP/1.1" 404 1104
116.230.123.13 - - [13/Mar/2024:11:30:09 +0800] "POST /xingrg/kc/base/wldb_order_operate.html HTTP/1.1" 200 6806
116.224.254.208 - - [13/Mar/2024:11:30:09 +0800] "GET /xingrg/kc/print/load_data.html?order_code=212024031303737&kc_code=cgsh&condition= HTTP/1.1" 200 939
116.230.123.13 - - [13/Mar/2024:11:30:10 +0800] "POST /xingrg/all/common/load_combo.html?type=base HTTP/1.1" 200 3142
180.164.1.25 - - [13/Mar/2024:11:30:11 +0800] "GET /xingrg/all/function/internal_message.html?_=1710300610692&CODE_STATE=getMsg HTTP/1.1" 200 27
116.224.254.208 - - [13/Mar/2024:11:30:14 +0800] "GET /xingrg/kc/buy/cgsh_order_add.html HTTP/1.1" 200 73699
116.224.254.208 - - [13/Mar/2024:11:30:15 +0800] "POST /xingrg/kc/buy/cgsh_order_operate.html HTTP/1.1" 200 8245
116.224.254.208 - - [13/Mar/2024:11:30:15 +0800] "GET /xingrg/javascript/easyui/themes/default/validatebox.css HTTP/1.1" 404 1104
101.83.145.37 - - [13/Mar/2024:11:30:16 +0800] "GET /xingrg/all/function/internal_message.html?_=1710300379108&CODE_STATE=getMsg HTTP/1.1" 200 27
101.83.145.37 - - [13/Mar/2024:11:30:16 +0800] "GET /xingrg/check_reg.html?_=1710300379423 HTTP/1.1" 200 22
114.83.220.119 - - [13/Mar/2024:11:30:17 +0800] "GET /xingrg/all/function/internal_message.html?_=1710300616482&CODE_STATE=getMsg HTTP/1.1" 200 27
124.78.60.103 - - [13/Mar/2024:11:30:18 +0800] "GET /xingrg/all/function/internal_message.html?_=1710300618141&CODE_STATE=getMsg HTTP/1.1" 200 27
114.83.220.119 - - [13/Mar/2024:11:30:19 +0800] "GET /xingrg/check_reg.html?_=1710300618140 HTTP/1.1" 200 22
116.238.97.31 - - [13/Mar/2024:11:30:21 +0800] "GET /xingrg/all/function/internal_message.html?_=1710300623094&CODE_STATE=getMsg HTTP/1.1" 200 27
222.69.133.156 - - [13/Mar/2024:11:30:22 +0800] "GET /xingrg/all/function/internal_message.html?_=1710300624328&CODE_STATE=getMsg HTTP/1.1" 200 27
116.224.254.208 - - [13/Mar/2024:11:30:25 +0800] "GET /xingrg/kc/buy/cgsh_order_operate.html?command=get_materiel&rest_code=00150&code=00101001023&supplier_code=00100653&order_time=2024-03-13 HTTP/1.1" 200 413
124.78.156.2 - - [13/Mar/2024:11:30:26 +0800] "GET /xingrg/all/function/internal_message.html?_=1710300625717&CODE_STATE=getMsg HTTP/1.1" 200 27
116.230.123.13 - - [13/Mar/2024:11:30:28 +0800] "GET /xingrg/kc/base/wldb_order_operate.html?command=get_materiel&rest_code=00111&base_code=0010283&code=00101019257 HTTP/1.1" 200 480
116.224.254.208 - - [13/Mar/2024:11:30:28 +0800] "GET /xingrg/all/function/internal_message.html?_=1710300628798&CODE_STATE=getMsg HTTP/1.1" 200 27
124.78.156.2 - - [13/Mar/2024:11:30:32 +0800] "GET /xingrg/kc/buy/cgsh_order_operate.html?command=get_materiel&rest_code=00106&code=00101007057&supplier_code=00100323&order_time=2024-03-13 HTTP/1.1" 200 413
124.79.241.4 - - [13/Mar/2024:11:30:33 +0800] "GET /xingrg/check_reg.html?_=1710300652388 HTTP/1.1" 200 22
124.79.241.4 - - [13/Mar/2024:11:30:33 +0800] "GET /xingrg/all/function/internal_message.html?_=1710300652387&CODE_STATE=getMsg HTTP/1.1" 200 27
180.163.29.219 - - [13/Mar/2024:11:30:34 +0800] "GET /xingrg/kc/buy/cgsh_order_operate.html?command=get_materiel&rest_code=00106&code=00101008352&supplier_code=00100008&order_time=2024-03-13 HTTP/1.1" 302 -
180.163.29.219 - - [13/Mar/2024:11:30:34 +0800] "GET /xingrg/login.html HTTP/1.1" 200 7641
101.83.145.37 - - [13/Mar/2024:11:30:37 +0800] "GET /xingrg/all/function/internal_message.html?_=1710300638540&CODE_STATE=getMsg HTTP/1.1" 200 27
116.224.254.208 - - [13/Mar/2024:11:30:37 +0800] "POST /xingrg/kc/buy/cgsh_order_operate.html HTTP/1.1" 200 37
120.253.135.82 - - [13/Mar/2024:11:30:37 +0800] "GET /xingrg/all/function/internal_message.html?_=1710300476672&CODE_STATE=getMsg HTTP/1.1" 200 27
116.230.123.13 - - [13/Mar/2024:11:30:38 +0800] "GET /xingrg/all/function/internal_message.html?_=1710300635498&CODE_STATE=getMsg HTTP/1.1" 302 -
124.78.156.2 - - [13/Mar/2024:11:30:38 +0800] "GET /xingrg/kc/buy/cgsh_order_operate.html?command=get_materiel&rest_code=00106&code=00101008355&supplier_code=00100008&order_time=2024-03-13 HTTP/1.1" 200 408
116.230.123.13 - - [13/Mar/2024:11:30:43 +0800] "POST /xingrg/kc/base/wldb_order_operate.html HTTP/1.1" 200 37
116.224.254.208 - - [13/Mar/2024:11:30:45 +0800] "POST /xingrg/kc/buy/cgsh_order_operate.html HTTP/1.1" 200 12
124.78.156.2 - - [13/Mar/2024:11:30:49 +0800] "GET /xingrg/all/function/internal_message.html?_=1710300649689&CODE_STATE=getMsg HTTP/1.1" 200 27
124.78.156.2 - - [13/Mar/2024:11:30:49 +0800] "POST /xingrg/kc/buy/cgsh_order_operate.html HTTP/1.1" 200 37
116.230.123.13 - - [13/Mar/2024:11:30:50 +0800] "POST /xingrg/kc/base/wldb_order_operate.html HTTP/1.1" 200 12
116.230.123.13 - - [13/Mar/2024:11:30:50 +0800] "POST /xingrg/kc/base/wldb_order_operate.html HTTP/1.1" 200 3208
116.224.254.208 - - [13/Mar/2024:11:30:51 +0800] "GET /xingrg/all/function/internal_message.html?_=1710300650568&CODE_STATE=getMsg HTTP/1.1" 200 27
116.224.254.208 - - [13/Mar/2024:11:30:51 +0800] "GET /xingrg/kc/buy/cgsh_order_info.html?code=212024031303738 HTTP/1.1" 200 68600
116.224.254.208 - - [13/Mar/2024:11:30:51 +0800] "GET /xingrg/javascript/easyui/themes/default/validatebox.css HTTP/1.1" 404 1104
116.224.254.208 - - [13/Mar/2024:11:30:52 +0800] "GET /xingrg/kc/print/load_data.html?order_code=212024031303738&kc_code=cgsh&condition= HTTP/1.1" 200 699
101.228.147.14 - - [13/Mar/2024:11:30:52 +0800] "GET /xingrg/all/function/internal_message.html?_=1710300651067&CODE_STATE=getMsg HTTP/1.1" 200 27
116.230.123.13 - - [13/Mar/2024:11:30:52 +0800] "GET /xingrg/kc/base/wldb_order_info.html?code=422024031300888 HTTP/1.1" 200 26261
116.224.254.208 - - [13/Mar/2024:11:30:53 +0800] "POST /xingrg/kc/buy/cgsh_order_operate.html HTTP/1.1" 200 610
116.230.123.13 - - [13/Mar/2024:11:30:53 +0800] "GET /xingrg/javascript/easyui/themes/default/validatebox.css HTTP/1.1" 404 1104
116.230.123.13 - - [13/Mar/2024:11:30:53 +0800] "POST /xingrg/kc/base/wldb_order_operate.html HTTP/1.1" 200 1481
116.230.123.13 - - [13/Mar/2024:11:30:57 +0800] "GET /xingrg/kc/base/wldb_order_add.html HTTP/1.1" 200 30382
124.78.156.2 - - [13/Mar/2024:11:30:57 +0800] "POST /xingrg/kc/buy/cgsh_order_operate.html HTTP/1.1" 200 12
116.230.123.13 - - [13/Mar/2024:11:30:59 +0800] "GET /xingrg/javascript/easyui/themes/default/validatebox.css HTTP/1.1" 404 1104
116.230.123.13 - - [13/Mar/2024:11:30:59 +0800] "POST /xingrg/kc/base/wldb_order_operate.html HTTP/1.1" 200 6806
116.224.254.208 - - [13/Mar/2024:11:30:59 +0800] "GET /xingrg/kc/print/load_data.html?order_code=212024031303738&kc_code=cgsh&condition= HTTP/1.1" 200 699
124.78.156.2 - - [13/Mar/2024:11:30:59 +0800] "GET /xingrg/kc/buy/cgsh_order_info.html?code=212024031303739 HTTP/1.1" 200 68561
124.78.156.2 - - [13/Mar/2024:11:30:59 +0800] "GET /xingrg/javascript/easyui/themes/default/validatebox.css HTTP/1.1" 404 1104
124.77.241.8 - - [13/Mar/2024:11:31:00 +0800] "GET /xingrg/all/function/internal_message.html?_=1710300670002&CODE_STATE=getMsg HTTP/1.1" 200 27
116.230.123.13 - - [13/Mar/2024:11:31:00 +0800] "POST /xingrg/all/common/load_combo.html?type=base HTTP/1.1" 200 3142
124.78.156.2 - - [13/Mar/2024:11:31:01 +0800] "POST /xingrg/kc/buy/cgsh_order_operate.html HTTP/1.1" 200 1797
114.89.91.180 - - [13/Mar/2024:11:31:01 +0800] "GET /xingrg/all/function/internal_message.html?_=1710300663835&CODE_STATE=getMsg HTTP/1.1" 200 27
116.224.254.208 - - [13/Mar/2024:11:31:04 +0800] "GET /xingrg/kc/buy/cgsh_order_add.html HTTP/1.1" 200 73699
124.78.156.2 - - [13/Mar/2024:11:31:04 +0800] "GET /xingrg/kc/print/load_data.html?order_code=212024031303739&kc_code=cgsh&condition= HTTP/1.1" 200 1164
116.224.254.208 - - [13/Mar/2024:11:31:04 +0800] "POST /xingrg/kc/buy/cgsh_order_operate.html HTTP/1.1" 200 8245
221.239.169.251 - - [13/Mar/2024:11:31:04 +0800] "GET /xingrg/all/function/internal_message.html?_=1710300663107&CODE_STATE=getMsg HTTP/1.1" 200 27
116.224.254.208 - - [13/Mar/2024:11:31:04 +0800] "GET /xingrg/javascript/easyui/themes/default/validatebox.css HTTP/1.1" 404 1104
124.78.156.2 - - [13/Mar/2024:11:31:10 +0800] "GET /xingrg/kc/buy/cgsh_order_add.html HTTP/1.1" 200 73649
124.78.156.2 - - [13/Mar/2024:11:31:10 +0800] "POST /xingrg/kc/buy/cgsh_order_operate.html HTTP/1.1" 200 8245
124.78.156.2 - - [13/Mar/2024:11:31:10 +0800] "GET /xingrg/javascript/easyui/themes/default/validatebox.css HTTP/1.1" 404 1104
180.164.1.25 - - [13/Mar/2024:11:31:11 +0800] "GET /xingrg/all/function/internal_message.html?_=1710300670677&CODE_STATE=getMsg HTTP/1.1" 200 27
116.230.123.13 - - [13/Mar/2024:11:31:11 +0800] "GET /xingrg/kc/base/wldb_order_operate.html?command=get_materiel&rest_code=00111&base_code=0010283&code=00101013093 HTTP/1.1" 200 451
124.78.156.2 - - [13/Mar/2024:11:31:12 +0800] "GET /xingrg/javascript/easyui/themes/default/tree.css HTTP/1.1" 404 1090
180.164.1.25 - - [13/Mar/2024:11:31:12 +0800] "GET /xingrg/check_reg.html?_=1710300672177 HTTP/1.1" 200 22
124.78.156.2 - - [13/Mar/2024:11:31:13 +0800] "POST /xingrg/all/common/load_tree.html?tree=supplier_tree_json&isDelete=1 HTTP/1.1" 200 78788
116.224.254.208 - - [13/Mar/2024:11:31:15 +0800] "GET /xingrg/kc/buy/cgsh_order_operate.html?command=get_materiel&rest_code=00150&code=00101010453&supplier_code=00100323&order_time=2024-03-13 HTTP/1.1" 200 417
101.83.145.37 - - [13/Mar/2024:11:31:16 +0800] "GET /xingrg/all/function/internal_message.html?_=1710300439080&CODE_STATE=getMsg HTTP/1.1" 200 27
114.83.220.119 - - [13/Mar/2024:11:31:17 +0800] "GET /xingrg/all/function/internal_message.html?_=1710300676455&CODE_STATE=getMsg HTTP/1.1" 200 27
124.78.60.103 - - [13/Mar/2024:11:31:18 +0800] "GET /xingrg/all/function/internal_message.html?_=1710300678139&CODE_STATE=getMsg HTTP/1.1" 200 27
116.230.123.13 - - [13/Mar/2024:11:31:18 +0800] "POST /xingrg/kc/base/wldb_order_operate.html HTTP/1.1" 200 37
124.78.156.2 - - [13/Mar/2024:11:31:20 +0800] "GET /xingrg/kc/buy/cgsh_order_operate.html?command=get_materiel&rest_code=00106&code=00101008360&supplier_code=00100008&order_time=2024-03-13 HTTP/1.1" 200 413
116.238.97.31 - - [13/Mar/2024:11:31:21 +0800] "GET /xingrg/all/function/internal_message.html?_=1710300683080&CODE_STATE=getMsg HTTP/1.1" 200 27
116.238.97.31 - - [13/Mar/2024:11:31:21 +0800] "GET /xingrg/check_reg.html?_=1710300683110 HTTP/1.1" 200 22
222.69.133.156 - - [13/Mar/2024:11:31:22 +0800] "GET /xingrg/all/function/internal_message.html?_=1710300684344&CODE_STATE=getMsg HTTP/1.1" 200 27
222.69.133.156 - - [13/Mar/2024:11:31:22 +0800] "GET /xingrg/check_reg.html?_=1710300684348 HTTP/1.1" 200 22
116.230.123.13 - - [13/Mar/2024:11:31:25 +0800] "POST /xingrg/kc/base/wldb_order_operate.html HTTP/1.1" 200 12
116.230.123.13 - - [13/Mar/2024:11:31:25 +0800] "POST /xingrg/kc/base/wldb_order_operate.html HTTP/1.1" 200 2195
116.224.254.208 - - [13/Mar/2024:11:31:25 +0800] "GET /xingrg/kc/buy/cgsh_order_operate.html?command=get_materiel&rest_code=00150&code=00101006344&supplier_code=00100323&order_time=2024-03-13 HTTP/1.1" 200 425
180.163.28.114 - - [13/Mar/2024:11:31:26 +0800] "GET /xingrg/all/function/internal_message.html?_=1710300625717&CODE_STATE=getMsg HTTP/1.1" 302 -
180.163.28.114 - - [13/Mar/2024:11:31:26 +0800] "GET /xingrg/login.html HTTP/1.1" 200 7641
124.78.156.2 - - [13/Mar/2024:11:31:26 +0800] "GET /xingrg/all/function/internal_message.html?_=1710300685691&CODE_STATE=getMsg HTTP/1.1" 200 27
116.230.123.13 - - [13/Mar/2024:11:31:26 +0800] "GET /xingrg/kc/base/wldb_order_info.html?code=422024031300889 HTTP/1.1" 200 26260
116.230.123.13 - - [13/Mar/2024:11:31:28 +0800] "GET /xingrg/javascript/easyui/themes/default/validatebox.css HTTP/1.1" 404 1104
116.230.123.13 - - [13/Mar/2024:11:31:28 +0800] "POST /xingrg/kc/base/wldb_order_operate.html HTTP/1.1" 200 488
116.224.254.208 - - [13/Mar/2024:11:31:28 +0800] "GET /xingrg/all/function/internal_message.html?_=1710300688765&CODE_STATE=getMsg HTTP/1.1" 200 27
180.163.28.180 - - [13/Mar/2024:11:31:32 +0800] "GET /xingrg/kc/buy/cgsh_order_operate.html?command=get_materiel&rest_code=00106&code=00101008355&supplier_code=00100008&order_time=2024-03-13 HTTP/1.1" 302 -
180.163.28.180 - - [13/Mar/2024:11:31:32 +0800] "GET /xingrg/login.html HTTP/1.1" 200 7641
116.230.123.13 - - [13/Mar/2024:11:31:32 +0800] "GET /xingrg/kc/base/wldb_order_add.html HTTP/1.1" 200 30382
124.79.241.4 - - [13/Mar/2024:11:31:33 +0800] "GET /xingrg/all/function/internal_message.html?_=1710300712385&CODE_STATE=getMsg HTTP/1.1" 200 27
116.230.123.13 - - [13/Mar/2024:11:31:33 +0800] "GET /xingrg/javascript/easyui/themes/default/validatebox.css HTTP/1.1" 404 1104
116.230.123.13 - - [13/Mar/2024:11:31:33 +0800] "POST /xingrg/kc/base/wldb_order_operate.html HTTP/1.1" 200 6806
114.83.220.119 - - [13/Mar/2024:11:31:34 +0800] "POST /xingrg/kc/buy/cgsh_list_operate.html HTTP/1.1" 200 578
116.230.123.13 - - [13/Mar/2024:11:31:35 +0800] "POST /xingrg/all/common/load_combo.html?type=base HTTP/1.1" 200 3142
116.224.254.208 - - [13/Mar/2024:11:31:35 +0800] "POST /xingrg/kc/buy/cgsh_order_operate.html HTTP/1.1" 200 37
124.78.156.2 - - [13/Mar/2024:11:31:35 +0800] "GET /xingrg/kc/buy/cgsh_order_operate.html?command=get_materiel&rest_code=00106&code=00101008286&supplier_code=00100008&order_time=2024-03-13 HTTP/1.1" 200 408
124.78.60.103 - - [13/Mar/2024:11:31:35 +0800] "GET /xingrg/check_reg.html?_=1710300695568 HTTP/1.1" 200 22
124.77.241.8 - - [13/Mar/2024:11:31:35 +0800] "GET /xingrg/check_reg.html?_=1710300705808 HTTP/1.1" 200 22
114.83.220.119 - - [13/Mar/2024:11:31:36 +0800] "GET /xingrg/kc/buy/cgsh_order_info.html?code=212024031303664 HTTP/1.1" 200 73752
114.83.220.119 - - [13/Mar/2024:11:31:36 +0800] "GET /xingrg/javascript/easyui/themes/default/validatebox.css HTTP/1.1" 404 1104
101.83.145.37 - - [13/Mar/2024:11:31:37 +0800] "GET /xingrg/all/function/internal_message.html?_=1710300698541&CODE_STATE=getMsg HTTP/1.1" 200 27
124.78.156.2 - - [13/Mar/2024:11:31:37 +0800] "GET /xingrg/kc/buy/cgsh_order_operate.html?command=get_materiel&rest_code=00106&code=00101012122&supplier_code=00100325&order_time=2024-03-13 HTTP/1.1" 200 417
120.253.135.82 - - [13/Mar/2024:11:31:37 +0800] "GET /xingrg/all/function/internal_message.html?_=1710300536678&CODE_STATE=getMsg HTTP/1.1" 200 27
114.83.220.119 - - [13/Mar/2024:11:31:37 +0800] "POST /xingrg/kc/buy/cgsh_order_operate.html HTTP/1.1" 200 7992
116.230.123.13 - - [13/Mar/2024:11:31:38 +0800] "GET /xingrg/all/function/internal_message.html?_=1710300695484&CODE_STATE=getMsg HTTP/1.1" 302 -
124.78.156.2 - - [13/Mar/2024:11:31:38 +0800] "POST /xingrg/kc/buy/cgsh_order_operate.html HTTP/1.1" 200 2065
116.230.123.13 - - [13/Mar/2024:11:31:39 +0800] "GET /xingrg/check_reg.html?_=1710300698178 HTTP/1.1" 200 22
116.230.123.13 - - [13/Mar/2024:11:31:41 +0800] "GET /xingrg/all/function/internal_message.html?_=1710300699396&CODE_STATE=getMsg HTTP/1.1" 200 27
116.224.254.208 - - [13/Mar/2024:11:31:42 +0800] "POST /xingrg/kc/buy/cgsh_order_operate.html HTTP/1.1" 200 12
116.224.254.208 - - [13/Mar/2024:11:31:44 +0800] "GET /xingrg/kc/buy/cgsh_order_info.html?code=212024031303740 HTTP/1.1" 200 68611
116.224.254.208 - - [13/Mar/2024:11:31:44 +0800] "GET /xingrg/javascript/easyui/themes/default/validatebox.css HTTP/1.1" 404 1104
116.224.254.208 - - [13/Mar/2024:11:31:45 +0800] "POST /xingrg/kc/buy/cgsh_order_operate.html HTTP/1.1" 200 1215
124.78.156.2 - - [13/Mar/2024:11:31:46 +0800] "GET /xingrg/kc/buy/cgsh_order_operate.html?command=get_materiel&rest_code=00106&code=00101008318&supplier_code=00100008&order_time=2024-03-13 HTTP/1.1" 200 408
116.224.254.208 - - [13/Mar/2024:11:31:47 +0800] "GET /xingrg/kc/print/load_data.html?order_code=212024031303740&kc_code=cgsh&condition= HTTP/1.1" 200 957
116.230.123.13 - - [13/Mar/2024:11:31:48 +0800] "GET /xingrg/kc/base/wldb_order_operate.html?command=get_materiel&rest_code=00111&base_code=0010283&code=00101019373 HTTP/1.1" 200 466
124.78.156.2 - - [13/Mar/2024:11:31:49 +0800] "GET /xingrg/all/function/internal_message.html?_=1710300709702&CODE_STATE=getMsg HTTP/1.1" 200 27
116.224.254.208 - - [13/Mar/2024:11:31:51 +0800] "GET /xingrg/all/function/internal_message.html?_=1710300710558&CODE_STATE=getMsg HTTP/1.1" 200 27
116.224.254.208 - - [13/Mar/2024:11:31:52 +0800] "GET /xingrg/kc/buy/cgsh_order_add.html HTTP/1.1" 200 73699
101.228.147.14 - - [13/Mar/2024:11:31:52 +0800] "GET /xingrg/all/function/internal_message.html?_=1710300711065&CODE_STATE=getMsg HTTP/1.1" 200 27
116.224.254.208 - - [13/Mar/2024:11:31:52 +0800] "POST /xingrg/kc/buy/cgsh_order_operate.html HTTP/1.1" 200 8245
116.224.254.208 - - [13/Mar/2024:11:31:52 +0800] "GET /xingrg/javascript/easyui/themes/default/validatebox.css HTTP/1.1" 404 1104
114.83.220.119 - - [13/Mar/2024:11:31:55 +0800] "POST /xingrg/kc/buy/cgsh_order_operate.html HTTP/1.1" 200 37
116.230.123.13 - - [13/Mar/2024:11:31:56 +0800] "POST /xingrg/kc/base/wldb_order_operate.html HTTP/1.1" 200 37
124.78.156.2 - - [13/Mar/2024:11:31:56 +0800] "GET /xingrg/kc/buy/cgsh_order_operate.html?command=get_materiel&rest_code=00106&code=00101008261&supplier_code=00100008&order_time=2024-03-13 HTTP/1.1" 200 429
124.77.241.8 - - [13/Mar/2024:11:32:00 +0800] "GET /xingrg/all/function/internal_message.html?_=1710300730017&CODE_STATE=getMsg HTTP/1.1" 200 27
114.89.91.180 - - [13/Mar/2024:11:32:01 +0800] "GET /xingrg/all/function/internal_message.html?_=1710300723816&CODE_STATE=getMsg HTTP/1.1" 200 27
116.230.123.13 - - [13/Mar/2024:11:32:02 +0800] "POST /xingrg/kc/base/wldb_order_operate.html HTTP/1.1" 200 12
124.78.156.2 - - [13/Mar/2024:11:32:02 +0800] "POST /xingrg/kc/buy/cgsh_order_operate.html HTTP/1.1" 200 37
116.230.123.13 - - [13/Mar/2024:11:32:02 +0800] "POST /xingrg/kc/base/wldb_order_operate.html HTTP/1.1" 200 2208
116.224.254.208 - - [13/Mar/2024:11:32:03 +0800] "GET /xingrg/kc/buy/cgsh_order_operate.html?command=get_materiel&rest_code=00150&code=00101012046&supplier_code=00100487&order_time=2024-03-13 HTTP/1.1" 200 417
221.239.169.251 - - [13/Mar/2024:11:32:04 +0800] "GET /xingrg/all/function/internal_message.html?_=1710300723092&CODE_STATE=getMsg HTTP/1.1" 200 27
116.230.123.13 - - [13/Mar/2024:11:32:04 +0800] "GET /xingrg/kc/base/wldb_order_info.html?code=422024031300890 HTTP/1.1" 200 26257
116.230.123.13 - - [13/Mar/2024:11:32:05 +0800] "GET /xingrg/javascript/easyui/themes/default/validatebox.css HTTP/1.1" 404 1104
116.230.123.13 - - [13/Mar/2024:11:32:06 +0800] "POST /xingrg/kc/base/wldb_order_operate.html HTTP/1.1" 200 502
116.230.123.13 - - [13/Mar/2024:11:32:08 +0800] "GET /xingrg/kc/base/wldb_order_add.html HTTP/1.1" 200 30382
116.230.123.13 - - [13/Mar/2024:11:32:10 +0800] "GET /xingrg/javascript/easyui/themes/default/validatebox.css HTTP/1.1" 404 1104
116.230.123.13 - - [13/Mar/2024:11:32:10 +0800] "POST /xingrg/kc/base/wldb_order_operate.html HTTP/1.1" 200 6806
180.164.1.25 - - [13/Mar/2024:11:32:11 +0800] "GET /xingrg/all/function/internal_message.html?_=1710300730663&CODE_STATE=getMsg HTTP/1.1" 200 27
101.83.145.37 - - [13/Mar/2024:11:32:16 +0800] "GET /xingrg/all/function/internal_message.html?_=1710300499050&CODE_STATE=getMsg HTTP/1.1" 200 27
114.83.220.119 - - [13/Mar/2024:11:32:17 +0800] "GET /xingrg/all/function/internal_message.html?_=1710300736429&CODE_STATE=getMsg HTTP/1.1" 200 27
124.78.60.103 - - [13/Mar/2024:11:32:18 +0800] "GET /xingrg/all/function/internal_message.html?_=1710300738123&CODE_STATE=getMsg HTTP/1.1" 200 27
124.78.156.2 - - [13/Mar/2024:11:32:18 +0800] "POST /xingrg/kc/buy/cgsh_order_operate.html HTTP/1.1" 200 205
116.224.254.208 - - [13/Mar/2024:11:32:19 +0800] "POST /xingrg/kc/buy/cgsh_order_operate.html HTTP/1.1" 200 37
114.83.220.119 - - [13/Mar/2024:11:32:19 +0800] "POST /xingrg/kc/buy/cgsh_order_operate.html HTTP/1.1" 200 12
116.238.97.31 - - [13/Mar/2024:11:32:21 +0800] "GET /xingrg/all/function/internal_message.html?_=1710300743077&CODE_STATE=getMsg HTTP/1.1" 200 27
222.69.133.156 - - [13/Mar/2024:11:32:22 +0800] "GET /xingrg/all/function/internal_message.html?_=1710300744331&CODE_STATE=getMsg HTTP/1.1" 200 27
180.163.30.76 - - [13/Mar/2024:11:32:22 +0800] "GET /xingrg/check_reg.html?_=1710299064574 HTTP/1.1" 302 -
124.78.156.2 - - [13/Mar/2024:11:32:22 +0800] "POST /xingrg/kc/buy/cgsh_order_operate.html HTTP/1.1" 200 12
180.163.30.76 - - [13/Mar/2024:11:32:22 +0800] "GET /xingrg/login.html HTTP/1.1" 200 7641
180.169.147.146 - - [13/Mar/2024:11:32:25 +0800] "GET /xingrg/check_reg.html?_=1710300745232 HTTP/1.1" 302 -
124.78.156.2 - - [13/Mar/2024:11:32:26 +0800] "GET /xingrg/all/function/internal_message.html?_=1710300745682&CODE_STATE=getMsg HTTP/1.1" 200 27
116.224.254.208 - - [13/Mar/2024:11:32:28 +0800] "GET /xingrg/all/function/internal_message.html?_=1710300748745&CODE_STATE=getMsg HTTP/1.1" 200 27
180.163.29.79 - - [13/Mar/2024:11:32:29 +0800] "GET /xingrg/kc/buy/cgsh_order_operate.html?command=get_materiel&rest_code=00106&code=00101008286&supplier_code=00100008&order_time=2024-03-13 HTTP/1.1" 302 -
180.163.29.79 - - [13/Mar/2024:11:32:29 +0800] "GET /xingrg/login.html HTTP/1.1" 200 7641
116.230.123.13 - - [13/Mar/2024:11:32:32 +0800] "GET /xingrg/kc/base/wldb_order_operate.html?command=get_materiel&rest_code=00111&base_code=0010306&code=00102002454 HTTP/1.1" 200 449
124.78.156.2 - - [13/Mar/2024:11:32:33 +0800] "POST /xingrg/kc/buy/cgsh_order_operate.html HTTP/1.1" 200 37
124.79.241.4 - - [13/Mar/2024:11:32:33 +0800] "GET /xingrg/all/function/internal_message.html?_=1710300772384&CODE_STATE=getMsg HTTP/1.1" 200 27
116.224.254.208 - - [13/Mar/2024:11:32:37 +0800] "POST /xingrg/kc/buy/cgsh_order_operate.html HTTP/1.1" 200 64
101.83.145.37 - - [13/Mar/2024:11:32:37 +0800] "GET /xingrg/all/function/internal_message.html?_=1710300758543&CODE_STATE=getMsg HTTP/1.1" 200 27
101.83.145.37 - - [13/Mar/2024:11:32:37 +0800] "GET /xingrg/check_reg.html?_=1710300758547 HTTP/1.1" 200 22
114.83.220.119 - - [13/Mar/2024:11:32:37 +0800] "GET /xingrg/kc/buy/cgsh_order_info.html?code=212024031303664 HTTP/1.1" 200 68652
124.78.156.2 - - [13/Mar/2024:11:32:37 +0800] "GET /xingrg/kc/buy/cgsh_order_info.html?code=212024031303741 HTTP/1.1" 200 68562
114.83.220.119 - - [13/Mar/2024:11:32:37 +0800] "GET /xingrg/javascript/easyui/themes/default/validatebox.css HTTP/1.1" 404 1104
124.78.156.2 - - [13/Mar/2024:11:32:37 +0800] "GET /xingrg/javascript/easyui/themes/default/validatebox.css HTTP/1.1" 404 1104
120.253.135.82 - - [13/Mar/2024:11:32:38 +0800] "GET /xingrg/all/function/internal_message.html?_=1710300596849&CODE_STATE=getMsg HTTP/1.1" 200 27
116.230.123.13 - - [13/Mar/2024:11:32:38 +0800] "GET /xingrg/all/function/internal_message.html?_=1710300755496&CODE_STATE=getMsg HTTP/1.1" 302 -
114.83.220.119 - - [13/Mar/2024:11:32:38 +0800] "POST /xingrg/kc/buy/cgsh_order_operate.html HTTP/1.1" 200 5351
124.78.156.2 - - [13/Mar/2024:11:32:39 +0800] "POST /xingrg/kc/buy/cgsh_order_operate.html HTTP/1.1" 200 611
114.83.220.119 - - [13/Mar/2024:11:32:39 +0800] "POST /xingrg/kc/buy/cgsh_list_operate.html HTTP/1.1" 200 645
116.230.123.13 - - [13/Mar/2024:11:32:40 +0800] "POST /xingrg/kc/base/wldb_order_operate.html HTTP/1.1" 200 37
116.230.123.13 - - [13/Mar/2024:11:32:41 +0800] "GET /xingrg/all/function/internal_message.html?_=1710300759393&CODE_STATE=getMsg HTTP/1.1" 200 27
124.78.156.2 - - [13/Mar/2024:11:32:42 +0800] "GET /xingrg/kc/print/load_data.html?order_code=212024031303741&kc_code=cgsh&condition= HTTP/1.1" 200 702
180.164.1.25 - - [13/Mar/2024:11:32:43 +0800] "GET /xingrg/kc/buy/cgsh_order_add.html HTTP/1.1" 200 73747
180.164.1.25 - - [13/Mar/2024:11:32:43 +0800] "GET /xingrg/words/20240312190758_words.js HTTP/1.1" 304 -
180.164.1.25 - - [13/Mar/2024:11:32:43 +0800] "POST /xingrg/kc/buy/cgsh_order_operate.html HTTP/1.1" 200 8245
180.164.1.25 - - [13/Mar/2024:11:32:43 +0800] "GET /xingrg/javascript/easyui/themes/default/validatebox.css HTTP/1.1" 404 1104
116.224.254.208 - - [13/Mar/2024:11:32:46 +0800] "POST /xingrg/kc/buy/cgsh_order_operate.html HTTP/1.1" 200 37
124.78.156.2 - - [13/Mar/2024:11:32:46 +0800] "POST /xingrg/kc/buy/cgsh_order_operate.html HTTP/1.1" 200 18601
116.230.123.13 - - [13/Mar/2024:11:32:48 +0800] "POST /xingrg/kc/base/wldb_order_operate.html HTTP/1.1" 200 12
116.230.123.13 - - [13/Mar/2024:11:32:48 +0800] "POST /xingrg/kc/base/wldb_order_operate.html HTTP/1.1" 200 2200
116.224.254.208 - - [13/Mar/2024:11:32:48 +0800] "POST /xingrg/kc/buy/cgsh_order_operate.html HTTP/1.1" 200 3255
116.230.123.13 - - [13/Mar/2024:11:32:49 +0800] "GET /xingrg/kc/base/wldb_order_info.html?code=422024031300891 HTTP/1.1" 200 26260
124.78.156.2 - - [13/Mar/2024:11:32:49 +0800] "GET /xingrg/all/function/internal_message.html?_=1710300769709&CODE_STATE=getMsg HTTP/1.1" 200 27
116.230.123.13 - - [13/Mar/2024:11:32:50 +0800] "GET /xingrg/javascript/easyui/themes/default/validatebox.css HTTP/1.1" 404 1104
116.230.123.13 - - [13/Mar/2024:11:32:50 +0800] "POST /xingrg/kc/base/wldb_order_operate.html HTTP/1.1" 200 493
120.253.135.82 - - [13/Mar/2024:11:32:50 +0800] "GET /xingrg/check_reg.html?_=1710300609190 HTTP/1.1" 200 22
116.224.254.208 - - [13/Mar/2024:11:32:51 +0800] "GET /xingrg/all/function/internal_message.html?_=1710300770583&CODE_STATE=getMsg HTTP/1.1" 200 27
116.224.254.208 - - [13/Mar/2024:11:32:51 +0800] "GET /xingrg/check_reg.html?_=1710300770586 HTTP/1.1" 200 22
101.228.147.14 - - [13/Mar/2024:11:32:52 +0800] "GET /xingrg/all/function/internal_message.html?_=1710300771070&CODE_STATE=getMsg HTTP/1.1" 200 27
124.78.156.2 - - [13/Mar/2024:11:32:52 +0800] "POST /xingrg/kc/buy/cgsh_list_operate.html HTTP/1.1" 200 1378
116.230.123.13 - - [13/Mar/2024:11:32:52 +0800] "GET /xingrg/kc/base/wldb_order_add.html HTTP/1.1" 200 30382
116.230.123.13 - - [13/Mar/2024:11:32:54 +0800] "GET /xingrg/javascript/easyui/themes/default/validatebox.css HTTP/1.1" 404 1104
116.230.123.13 - - [13/Mar/2024:11:32:54 +0800] "POST /xingrg/kc/base/wldb_order_operate.html HTTP/1.1" 200 6806
116.224.254.208 - - [13/Mar/2024:11:32:54 +0800] "POST /xingrg/kc/buy/cgsh_order_operate.html HTTP/1.1" 200 37
124.78.156.2 - - [13/Mar/2024:11:32:55 +0800] "GET /xingrg/kc/base/base_main.html HTTP/1.1" 200 12142
124.78.156.2 - - [13/Mar/2024:11:32:55 +0800] "GET /xingrg/images/blue/button/wlsy.gif HTTP/1.1" 200 2536
124.78.156.2 - - [13/Mar/2024:11:32:55 +0800] "GET /xingrg/images/blue/button/ckpd.gif HTTP/1.1" 200 2051
124.78.156.2 - - [13/Mar/2024:11:32:55 +0800] "GET /xingrg/images/blue/button/yddb.gif HTTP/1.1" 200 2040
124.78.156.2 - - [13/Mar/2024:11:32:55 +0800] "GET /xingrg/images/blue/button/ckdb.gif HTTP/1.1" 200 1950
124.78.156.2 - - [13/Mar/2024:11:32:55 +0800] "GET /xingrg/images/blue/button/top_right.jpg HTTP/1.1" 200 1708
124.78.156.2 - - [13/Mar/2024:11:32:55 +0800] "GET /xingrg/images/blue/button/top_left.jpg HTTP/1.1" 200 1632
124.78.156.2 - - [13/Mar/2024:11:32:55 +0800] "GET /xingrg/images/blue/button/left_ah.jpg HTTP/1.1" 200 1643
124.78.156.2 - - [13/Mar/2024:11:32:55 +0800] "GET /xingrg/images/blue/button/down.jpg HTTP/1.1" 200 1560
124.78.156.2 - - [13/Mar/2024:11:32:55 +0800] "GET /xingrg/images/blue/button/bottom_left.jpg HTTP/1.1" 200 1524
124.78.156.2 - - [13/Mar/2024:11:32:55 +0800] "GET /xingrg/images/blue/button/bottom_right.jpg HTTP/1.1" 200 1436
124.78.156.2 - - [13/Mar/2024:11:32:57 +0800] "GET /xingrg/kc/base/wldb_order_list.html HTTP/1.1" 200 19051
124.78.156.2 - - [13/Mar/2024:11:32:58 +0800] "POST /xingrg/kc/base/wldb_list_operate.html HTTP/1.1" 200 2178
124.77.241.8 - - [13/Mar/2024:11:33:00 +0800] "GET /xingrg/all/function/internal_message.html?_=1710300790029&CODE_STATE=getMsg HTTP/1.1" 200 27
116.224.254.208 - - [13/Mar/2024:11:33:01 +0800] "POST /xingrg/kc/buy/cgsh_order_operate.html HTTP/1.1" 200 12
114.89.91.180 - - [13/Mar/2024:11:33:01 +0800] "GET /xingrg/all/function/internal_message.html?_=1710300783812&CODE_STATE=getMsg HTTP/1.1" 200 27
124.78.156.2 - - [13/Mar/2024:11:33:01 +0800] "GET /xingrg/kc/base/wldb_order_add.html HTTP/1.1" 200 30382
180.164.1.25 - - [13/Mar/2024:11:33:01 +0800] "GET /xingrg/kc/buy/cgsh_order_operate.html?command=get_materiel&rest_code=00108&code=00101001037&supplier_code=00100090&order_time=2024-03-13 HTTP/1.1" 200 418
124.78.156.2 - - [13/Mar/2024:11:33:01 +0800] "POST /xingrg/kc/base/wldb_order_operate.html HTTP/1.1" 200 6806
124.78.156.2 - - [13/Mar/2024:11:33:02 +0800] "GET /xingrg/all/common/auto_word.html?type=base&rest_code=00106 HTTP/1.1" 200 1799
124.78.156.2 - - [13/Mar/2024:11:33:02 +0800] "GET /xingrg/all/common/auto_word.html?type=base&rest_code=00106 HTTP/1.1" 200 1799
124.78.156.2 - - [13/Mar/2024:11:33:02 +0800] "GET /xingrg/javascript/easyui/themes/default/validatebox.css HTTP/1.1" 404 1104
116.224.254.208 - - [13/Mar/2024:11:33:03 +0800] "GET /xingrg/kc/buy/cgsh_order_info.html?code=212024031303742 HTTP/1.1" 200 68618
116.224.254.208 - - [13/Mar/2024:11:33:03 +0800] "GET /xingrg/javascript/easyui/themes/default/validatebox.css HTTP/1.1" 404 1104
221.239.169.251 - - [13/Mar/2024:11:33:04 +0800] "GET /xingrg/all/function/internal_message.html?_=1710300783083&CODE_STATE=getMsg HTTP/1.1" 200 27
116.224.254.208 - - [13/Mar/2024:11:33:05 +0800] "POST /xingrg/kc/buy/cgsh_order_operate.html HTTP/1.1" 200 1205
116.224.254.208 - - [13/Mar/2024:11:33:06 +0800] "GET /xingrg/kc/print/load_data.html?order_code=212024031303742&kc_code=cgsh&condition= HTTP/1.1" 200 941
124.78.156.2 - - [13/Mar/2024:11:33:10 +0800] "POST /xingrg/all/common/load_combo.html?type=base HTTP/1.1" 200 3227
180.164.1.25 - - [13/Mar/2024:11:33:11 +0800] "GET /xingrg/all/function/internal_message.html?_=1710300790654&CODE_STATE=getMsg HTTP/1.1" 200 27
116.224.254.208 - - [13/Mar/2024:11:33:11 +0800] "GET /xingrg/kc/buy/cgsh_order_add.html HTTP/1.1" 200 73699
116.224.254.208 - - [13/Mar/2024:11:33:11 +0800] "POST /xingrg/kc/buy/cgsh_order_operate.html HTTP/1.1" 200 8245
116.224.254.208 - - [13/Mar/2024:11:33:11 +0800] "GET /xingrg/javascript/easyui/themes/default/validatebox.css HTTP/1.1" 404 1104
124.78.156.2 - - [13/Mar/2024:11:33:13 +0800] "POST /xingrg/all/common/load_combo.html?type=base HTTP/1.1" 200 3227
180.164.1.25 - - [13/Mar/2024:11:33:14 +0800] "GET /xingrg/kc/buy/cgsh_order_operate.html?command=get_materiel&rest_code=00108&code=00101004094&supplier_code=00100090&order_time=2024-03-13 HTTP/1.1" 200 411
101.83.145.37 - - [13/Mar/2024:11:33:16 +0800] "GET /xingrg/all/function/internal_message.html?_=1710300559035&CODE_STATE=getMsg HTTP/1.1" 200 27
114.83.220.119 - - [13/Mar/2024:11:33:17 +0800] "GET /xingrg/all/function/internal_message.html?_=1710300796414&CODE_STATE=getMsg HTTP/1.1" 200 27
124.78.60.103 - - [13/Mar/2024:11:33:18 +0800] "GET /xingrg/all/function/internal_message.html?_=1710300798106&CODE_STATE=getMsg HTTP/1.1" 200 27
116.238.97.31 - - [13/Mar/2024:11:33:21 +0800] "GET /xingrg/all/function/internal_message.html?_=1710300803068&CODE_STATE=getMsg HTTP/1.1" 200 27
222.69.133.156 - - [13/Mar/2024:11:33:22 +0800] "GET /xingrg/all/function/internal_message.html?_=1710300804322&CODE_STATE=getMsg HTTP/1.1" 200 27
180.164.1.25 - - [13/Mar/2024:11:33:23 +0800] "POST /xingrg/kc/buy/cgsh_order_operate.html HTTP/1.1" 200 37
116.224.254.208 - - [13/Mar/2024:11:33:23 +0800] "GET /xingrg/kc/buy/cgsh_order_operate.html?command=get_materiel&rest_code=00150&code=00101008171&supplier_code=00100327&order_time=2024-03-13 HTTP/1.1" 200 421
180.164.1.25 - - [13/Mar/2024:11:33:25 +0800] "POST /xingrg/kc/buy/cgsh_order_operate.html HTTP/1.1" 200 3258
180.163.29.234 - - [13/Mar/2024:11:33:26 +0800] "GET /xingrg/all/function/internal_message.html?_=1710300745682&CODE_STATE=getMsg HTTP/1.1" 302 -
180.163.29.234 - - [13/Mar/2024:11:33:26 +0800] "GET /xingrg/login.html HTTP/1.1" 200 7641
124.78.156.2 - - [13/Mar/2024:11:33:26 +0800] "GET /xingrg/all/function/internal_message.html?_=1710300805634&CODE_STATE=getMsg HTTP/1.1" 200 27
180.164.1.25 - - [13/Mar/2024:11:33:27 +0800] "GET /xingrg/kc/print/load_data.html?order_code=212024031303743&kc_code=cgsh&condition= HTTP/1.1" 200 986
116.230.123.13 - - [13/Mar/2024:11:33:27 +0800] "POST /xingrg/kc/base/wldb_order_operate.html HTTP/1.1" 200 37
116.224.254.208 - - [13/Mar/2024:11:33:28 +0800] "GET /xingrg/all/function/internal_message.html?_=1710300808736&CODE_STATE=getMsg HTTP/1.1" 200 27
124.78.156.2 - - [13/Mar/2024:11:33:30 +0800] "GET /xingrg/javascript/auto/indicator.gif HTTP/1.1" 404 1066
124.78.156.2 - - [13/Mar/2024:11:33:31 +0800] "GET /xingrg/kc/base/wldb_order_operate.html?command=get_materiel&rest_code=00106&base_code=0010396&code=00101019359 HTTP/1.1" 200 462
116.230.123.13 - - [13/Mar/2024:11:33:33 +0800] "POST /xingrg/kc/base/wldb_order_operate.html HTTP/1.1" 200 12
116.230.123.13 - - [13/Mar/2024:11:33:33 +0800] "POST /xingrg/kc/base/wldb_order_operate.html HTTP/1.1" 200 2199
124.79.241.4 - - [13/Mar/2024:11:33:33 +0800] "GET /xingrg/all/function/internal_message.html?_=1710300832382&CODE_STATE=getMsg HTTP/1.1" 200 27
116.224.254.208 - - [13/Mar/2024:11:33:34 +0800] "GET /xingrg/kc/buy/cgsh_order_operate.html?command=get_materiel&rest_code=00150&code=00101044007&supplier_code=00100327&order_time=2024-03-13 HTTP/1.1" 200 407
180.164.1.25 - - [13/Mar/2024:11:33:36 +0800] "GET /xingrg/kc/buy/cgsh_order_add.html HTTP/1.1" 200 73747
180.164.1.25 - - [13/Mar/2024:11:33:36 +0800] "POST /xingrg/kc/buy/cgsh_order_operate.html HTTP/1.1" 200 8245
180.164.1.25 - - [13/Mar/2024:11:33:36 +0800] "GET /xingrg/javascript/easyui/themes/default/validatebox.css HTTP/1.1" 404 1104
101.83.145.37 - - [13/Mar/2024:11:33:37 +0800] "GET /xingrg/all/function/internal_message.html?_=1710300818546&CODE_STATE=getMsg HTTP/1.1" 200 27
120.253.135.82 - - [13/Mar/2024:11:33:38 +0800] "GET /xingrg/all/function/internal_message.html?_=1710300656861&CODE_STATE=getMsg HTTP/1.1" 200 27
116.230.123.13 - - [13/Mar/2024:11:33:38 +0800] "GET /xingrg/all/function/internal_message.html?_=1710300815497&CODE_STATE=getMsg HTTP/1.1" 302 -
114.83.220.119 - - [13/Mar/2024:11:33:39 +0800] "POST /xingrg/kc/buy/cgsh_list_operate.html HTTP/1.1" 200 645
116.230.123.13 - - [13/Mar/2024:11:33:40 +0800] "GET /xingrg/kc/base/wldb_order_info.html?code=422024031300892 HTTP/1.1" 200 26262
