180.164.1.25 - - [13/Mar/2024:11:46:55 +0800] "GET /xingrg/all/common/auto_word.html?type=base&rest_code=00108 HTTP/1.1" 200 1907
120.253.135.82 - - [13/Mar/2024:11:46:55 +0800] "POST /xingrg/dwr/call/plaincall/AjaxQqpsService.checkOrder.dwr HTTP/1.1" 200 79
101.83.145.37 - - [13/Mar/2024:11:46:55 +0800] "POST /xingrg/kc/base/wldb_order_operate.html HTTP/1.1" 200 37
114.83.220.119 - - [13/Mar/2024:11:46:56 +0800] "POST /xingrg/kc/buy/cgsh_order_operate.html HTTP/1.1" 200 12
101.83.145.37 - - [13/Mar/2024:11:46:56 +0800] "POST /xingrg/kc/base/wldb_order_operate.html HTTP/1.1" 200 3194
180.169.147.146 - - [13/Mar/2024:11:46:57 +0800] "GET /xingrg/all/function/internal_message.html?_=1710301618287&CODE_STATE=getMsg HTTP/1.1" 200 27
101.83.145.37 - - [13/Mar/2024:11:46:58 +0800] "GET /xingrg/kc/base/wldb_order_info.html?code=422024031300896 HTTP/1.1" 200 30393
114.83.220.119 - - [13/Mar/2024:11:46:58 +0800] "GET /xingrg/kc/buy/cgsh_order_info.html?code=212024031303775 HTTP/1.1" 200 68652
120.253.135.82 - - [13/Mar/2024:11:46:58 +0800] "GET /xingrg/kc/mdqp/qqps_order_info.html?code=302024031300187 HTTP/1.1" 200 24729
114.83.220.119 - - [13/Mar/2024:11:46:59 +0800] "GET /xingrg/javascript/easyui/themes/default/validatebox.css HTTP/1.1" 404 1104
101.83.145.37 - - [13/Mar/2024:11:46:59 +0800] "GET /xingrg/javascript/easyui/themes/default/validatebox.css HTTP/1.1" 404 1104
120.253.135.82 - - [13/Mar/2024:11:46:59 +0800] "GET /xingrg/dwr/interface/AjaxComOrderService.js HTTP/1.1" 200 18264
120.253.135.82 - - [13/Mar/2024:11:46:59 +0800] "GET /xingrg/dwr/interface/AjaxQqpsService.js HTTP/1.1" 200 16326
120.253.135.82 - - [13/Mar/2024:11:46:59 +0800] "GET /xingrg/dwr/engine.js HTTP/1.1" 200 43631
101.83.145.37 - - [13/Mar/2024:11:46:59 +0800] "POST /xingrg/kc/base/wldb_order_operate.html HTTP/1.1" 200 3194
114.83.220.119 - - [13/Mar/2024:11:47:00 +0800] "POST /xingrg/kc/buy/cgsh_order_operate.html HTTP/1.1" 200 615
120.253.135.82 - - [13/Mar/2024:11:47:00 +0800] "POST /xingrg/dwr/call/plaincall/AjaxQqpsService.loadMaterielItems.dwr HTTP/1.1" 200 3437
114.89.91.180 - - [13/Mar/2024:11:47:01 +0800] "GET /xingrg/all/function/internal_message.html?_=1710301623825&CODE_STATE=getMsg HTTP/1.1" 200 27
114.83.220.119 - - [13/Mar/2024:11:47:02 +0800] "GET /xingrg/kc/print/load_data.html?order_code=212024031303775&kc_code=cgsh&condition= HTTP/1.1" 200 753
180.164.1.25 - - [13/Mar/2024:11:47:02 +0800] "GET /xingrg/kc/base/wldb_order_operate.html?command=get_materiel&rest_code=00108&base_code=0010539&code=00102021018 HTTP/1.1" 200 444
221.239.169.251 - - [13/Mar/2024:11:47:04 +0800] "GET /xingrg/all/function/internal_message.html?_=1710301622857&CODE_STATE=getMsg HTTP/1.1" 200 27
124.77.241.8 - - [13/Mar/2024:11:47:04 +0800] "GET /xingrg/all/function/internal_message.html?_=1710301634432&CODE_STATE=getMsg HTTP/1.1" 200 27
116.232.194.112 - - [13/Mar/2024:11:47:04 +0800] "GET /xingrg/index.html?sysBaseUrl=http%3A%2F%2F180.169.147.146%3A18081%2Fxingrg%2F&costTime=1779×tamp=1684631389383 HTTP/1.1" 302 -
116.232.194.112 - - [13/Mar/2024:11:47:04 +0800] "GET /xingrg/login.html HTTP/1.1" 200 7641
116.232.194.112 - - [13/Mar/2024:11:47:06 +0800] "GET /favicon.ico HTTP/1.1" 404 -
114.83.220.119 - - [13/Mar/2024:11:47:06 +0800] "GET /xingrg/kc/buy/cgsh_order_add.html HTTP/1.1" 200 73743
114.83.220.119 - - [13/Mar/2024:11:47:07 +0800] "POST /xingrg/kc/buy/cgsh_order_operate.html HTTP/1.1" 200 8245
114.83.220.119 - - [13/Mar/2024:11:47:07 +0800] "GET /xingrg/javascript/easyui/themes/default/validatebox.css HTTP/1.1" 404 1104
101.83.145.37 - - [13/Mar/2024:11:47:08 +0800] "GET /xingrg/kc/base/wldb_order_add.html HTTP/1.1" 200 30382
101.83.145.37 - - [13/Mar/2024:11:47:08 +0800] "POST /xingrg/kc/base/wldb_order_operate.html HTTP/1.1" 200 6806
101.83.145.37 - - [13/Mar/2024:11:47:08 +0800] "GET /xingrg/javascript/easyui/themes/default/validatebox.css HTTP/1.1" 404 1104
180.164.1.25 - - [13/Mar/2024:11:47:12 +0800] "POST /xingrg/kc/base/wldb_order_operate.html HTTP/1.1" 200 37
180.164.1.25 - - [13/Mar/2024:11:47:13 +0800] "POST /xingrg/kc/base/wldb_order_operate.html HTTP/1.1" 200 2193
180.164.1.25 - - [13/Mar/2024:11:47:14 +0800] "GET /xingrg/kc/base/wldb_order_info.html?code=422024031300897 HTTP/1.1" 200 30403
180.164.1.25 - - [13/Mar/2024:11:47:14 +0800] "GET /xingrg/javascript/easyui/themes/default/validatebox.css HTTP/1.1" 404 1104
180.164.1.25 - - [13/Mar/2024:11:47:15 +0800] "POST /xingrg/kc/base/wldb_order_operate.html HTTP/1.1" 200 2193
120.253.135.82 - - [13/Mar/2024:11:47:15 +0800] "GET /xingrg/kc/mdqp/qqps_order_add.html HTTP/1.1" 200 26327
120.253.135.82 - - [13/Mar/2024:11:47:15 +0800] "GET /xingrg/dwr/interface/AjaxComOrderService.js HTTP/1.1" 200 18264
120.253.135.82 - - [13/Mar/2024:11:47:15 +0800] "GET /xingrg/dwr/interface/AjaxQqpsService.js HTTP/1.1" 200 16326
120.253.135.82 - - [13/Mar/2024:11:47:15 +0800] "GET /xingrg/dwr/engine.js HTTP/1.1" 200 43631
101.83.145.37 - - [13/Mar/2024:11:47:15 +0800] "GET /xingrg/all/function/internal_message.html?_=1710301398745&CODE_STATE=getMsg HTTP/1.1" 200 27
116.232.194.112 - - [13/Mar/2024:11:47:15 +0800] "POST /xingrg/login.do HTTP/1.1" 302 -
116.232.194.112 - - [13/Mar/2024:11:47:16 +0800] "GET /xingrg/index.html?sysBaseUrl=http%3A%2F%2F180.169.147.146%3A18081%2Fxingrg%2F&costTime=1004×tamp=1710301635964 HTTP/1.1" 200 17179
116.232.194.112 - - [13/Mar/2024:11:47:16 +0800] "GET /favicon.ico HTTP/1.1" 404 -
116.232.194.112 - - [13/Mar/2024:11:47:16 +0800] "GET /xingrg/all/function/internal_message.html?_=1710301612612&CODE_STATE=count HTTP/1.1" 200 11
116.232.194.112 - - [13/Mar/2024:11:47:16 +0800] "GET /xingrg/check_reg.html?_=1710301612612 HTTP/1.1" 200 22
116.232.194.112 - - [13/Mar/2024:11:47:16 +0800] "POST /xingrg/all/common/load_tree.html?tree=area_rest_tree_json&manage=1 HTTP/1.1" 200 351
180.164.1.25 - - [13/Mar/2024:11:47:16 +0800] "GET /xingrg/kc/base/wldb_order_add.html HTTP/1.1" 200 30392
116.232.194.112 - - [13/Mar/2024:11:47:16 +0800] "POST /xingrg/load_menu.html HTTP/1.1" 200 5138
180.164.1.25 - - [13/Mar/2024:11:47:17 +0800] "POST /xingrg/kc/base/wldb_order_operate.html HTTP/1.1" 200 6806
180.164.1.25 - - [13/Mar/2024:11:47:17 +0800] "GET /xingrg/javascript/easyui/themes/default/validatebox.css HTTP/1.1" 404 1104
114.83.220.119 - - [13/Mar/2024:11:47:17 +0800] "GET /xingrg/all/function/internal_message.html?_=1710301636132&CODE_STATE=getMsg HTTP/1.1" 200 27
114.83.220.119 - - [13/Mar/2024:11:47:17 +0800] "GET /xingrg/kc/buy/cgsh_order_operate.html?command=get_materiel&rest_code=00149&code=00101002009&supplier_code=00100088&order_time=2024-03-13 HTTP/1.1" 200 418
116.224.254.208 - - [13/Mar/2024:11:47:17 +0800] "GET /xingrg/all/function/internal_message.html?_=1710301637712&CODE_STATE=getMsg HTTP/1.1" 200 27
124.78.60.103 - - [13/Mar/2024:11:47:19 +0800] "GET /xingrg/all/function/internal_message.html?_=1710301639526&CODE_STATE=getMsg HTTP/1.1" 200 27
116.232.194.112 - - [13/Mar/2024:11:47:21 +0800] "GET /xingrg/kc/buy/buy_main.html HTTP/1.1" 200 12412
116.232.194.112 - - [13/Mar/2024:11:47:21 +0800] "GET /xingrg/css/new_ie.css HTTP/1.1" 404 1036
116.238.97.31 - - [13/Mar/2024:11:47:21 +0800] "GET /xingrg/all/function/internal_message.html?_=1710301642830&CODE_STATE=getMsg HTTP/1.1" 200 27
222.69.133.156 - - [13/Mar/2024:11:47:22 +0800] "GET /xingrg/all/function/internal_message.html?_=1710301642382&CODE_STATE=getMsg HTTP/1.1" 200 27
116.232.194.112 - - [13/Mar/2024:11:47:22 +0800] "GET /xingrg/images/yd/bt.gif HTTP/1.1" 404 1040
124.78.156.2 - - [13/Mar/2024:11:47:22 +0800] "GET /xingrg/kc/buy/cgsh_order_operate.html?command=get_materiel&rest_code=00106&code=00101008024&supplier_code=00100008&order_time=2024-03-13 HTTP/1.1" 200 408
116.232.194.112 - - [13/Mar/2024:11:47:23 +0800] "GET /xingrg/kc/buy/cgsh_order_list.html HTTP/1.1" 200 57886
180.164.1.25 - - [13/Mar/2024:11:47:23 +0800] "GET /xingrg/kc/base/wldb_order_operate.html?command=get_materiel&rest_code=00108&base_code=0010539&code=00102002321 HTTP/1.1" 200 449
180.169.147.146 - - [13/Mar/2024:11:47:25 +0800] "GET /xingrg/check_reg.html?_=1710301645195 HTTP/1.1" 302 -
180.163.29.103 - - [13/Mar/2024:11:47:26 +0800] "GET /xingrg/all/function/internal_message.html?_=1710301585314&CODE_STATE=getMsg HTTP/1.1" 302 -
124.78.156.2 - - [13/Mar/2024:11:47:26 +0800] "GET /xingrg/all/function/internal_message.html?_=1710301645291&CODE_STATE=getMsg HTTP/1.1" 200 27
180.163.29.103 - - [13/Mar/2024:11:47:26 +0800] "GET /xingrg/login.html HTTP/1.1" 200 7641
120.253.135.82 - - [13/Mar/2024:11:47:26 +0800] "GET /xingrg/javascript/auto/indicator.gif HTTP/1.1" 404 1066
116.232.194.112 - - [13/Mar/2024:11:47:27 +0800] "POST /xingrg/kc/buy/cgsh_list_operate.html HTTP/1.1" 200 645
180.163.28.109 - - [13/Mar/2024:11:47:28 +0800] "GET /xingrg/kc/buy/cgsh_order_operate.html?command=get_materiel&rest_code=00106&code=00101008244&supplier_code=00100008&order_time=2024-03-13 HTTP/1.1" 302 -
180.163.28.109 - - [13/Mar/2024:11:47:28 +0800] "GET /xingrg/login.html HTTP/1.1" 200 7641
124.78.156.2 - - [13/Mar/2024:11:47:28 +0800] "POST /xingrg/kc/buy/cgsh_order_operate.html HTTP/1.1" 200 2065
220.250.45.13 - - [13/Mar/2024:11:47:28 +0800] "GET /favicon.ico HTTP/1.1" 404 -
101.83.145.37 - - [13/Mar/2024:11:47:29 +0800] "GET /xingrg/kc/base/wldb_order_operate.html?command=get_materiel&rest_code=00105&base_code=0010508&code=00102002448 HTTP/1.1" 200 439
120.253.135.82 - - [13/Mar/2024:11:47:30 +0800] "POST /xingrg/dwr/call/plaincall/AjaxQqpsService.saveOrder.dwr HTTP/1.1" 200 78
180.164.1.25 - - [13/Mar/2024:11:47:32 +0800] "GET /xingrg/kc/base/wldb_order_operate.html?command=get_materiel&rest_code=00108&base_code=0010539&code=00102004030 HTTP/1.1" 200 442
114.83.220.119 - - [13/Mar/2024:11:47:32 +0800] "GET /xingrg/kc/buy/cgsh_order_operate.html?command=get_materiel&rest_code=00149&code=00101002042&supplier_code=00100088&order_time=2024-03-13 HTTP/1.1" 200 416
124.79.241.4 - - [13/Mar/2024:11:47:33 +0800] "GET /xingrg/all/function/internal_message.html?_=1710301672406&CODE_STATE=getMsg HTTP/1.1" 200 27
101.83.145.37 - - [13/Mar/2024:11:47:36 +0800] "POST /xingrg/kc/base/wldb_order_operate.html HTTP/1.1" 200 37
120.253.135.82 - - [13/Mar/2024:11:47:36 +0800] "POST /xingrg/dwr/call/plaincall/AjaxQqpsService.getMaterielByCode.dwr HTTP/1.1" 200 1631
180.164.1.25 - - [13/Mar/2024:11:47:37 +0800] "GET /xingrg/kc/base/wldb_order_operate.html?command=get_materiel&rest_code=00108&base_code=0010539&code=00102004026 HTTP/1.1" 200 442
101.83.145.37 - - [13/Mar/2024:11:47:37 +0800] "GET /xingrg/all/function/internal_message.html?_=1710301658564&CODE_STATE=getMsg HTTP/1.1" 200 27
101.83.145.37 - - [13/Mar/2024:11:47:37 +0800] "GET /xingrg/check_reg.html?_=1710301658570 HTTP/1.1" 200 22
101.83.145.37 - - [13/Mar/2024:11:47:37 +0800] "POST /xingrg/kc/base/wldb_order_operate.html HTTP/1.1" 200 2188
101.83.145.37 - - [13/Mar/2024:11:47:38 +0800] "GET /xingrg/kc/base/wldb_order_info.html?code=422024031300898 HTTP/1.1" 200 30395
116.230.123.13 - - [13/Mar/2024:11:47:38 +0800] "GET /xingrg/all/function/internal_message.html?_=1710301655484&CODE_STATE=getMsg HTTP/1.1" 302 -
101.83.145.37 - - [13/Mar/2024:11:47:38 +0800] "GET /xingrg/javascript/easyui/themes/default/validatebox.css HTTP/1.1" 404 1104
124.78.60.103 - - [13/Mar/2024:11:47:39 +0800] "GET /xingrg/kc/buy/cgsh_order_operate.html?command=get_materiel&rest_code=00141&code=00101008519&supplier_code=00100008&order_time=2024-03-13 HTTP/1.1" 200 408
120.253.135.82 - - [13/Mar/2024:11:47:39 +0800] "GET /xingrg/all/function/internal_message.html?_=1710301670482&CODE_STATE=getMsg HTTP/1.1" 200 27
120.253.135.82 - - [13/Mar/2024:11:47:39 +0800] "POST /xingrg/dwr/call/plaincall/AjaxQqpsService.saveMaterielItem.dwr HTTP/1.1" 200 78
120.253.135.82 - - [13/Mar/2024:11:47:39 +0800] "GET /xingrg/all/function/internal_message.html?_=1710301498000&CODE_STATE=getMsg HTTP/1.1" 200 27
101.83.145.37 - - [13/Mar/2024:11:47:39 +0800] "POST /xingrg/kc/base/wldb_order_operate.html HTTP/1.1" 200 2188
116.230.123.13 - - [13/Mar/2024:11:47:41 +0800] "GET /xingrg/all/function/internal_message.html?_=1710301659677&CODE_STATE=getMsg HTTP/1.1" 200 27
180.164.1.25 - - [13/Mar/2024:11:47:41 +0800] "GET /xingrg/kc/base/wldb_order_operate.html?command=get_materiel&rest_code=00108&base_code=0010539&code=00102004006 HTTP/1.1" 200 442
114.83.220.119 - - [13/Mar/2024:11:47:44 +0800] "POST /xingrg/kc/buy/cgsh_order_operate.html HTTP/1.1" 200 37
180.164.1.25 - - [13/Mar/2024:11:47:47 +0800] "POST /xingrg/kc/base/wldb_order_operate.html HTTP/1.1" 200 37
120.253.135.82 - - [13/Mar/2024:11:47:47 +0800] "POST /xingrg/dwr/call/plaincall/AjaxQqpsService.getMaterielByCode.dwr HTTP/1.1" 200 1581
180.164.1.25 - - [13/Mar/2024:11:47:48 +0800] "GET /xingrg/kc/base/wldb_order_info.html?code=422024031300899 HTTP/1.1" 200 30409
180.164.1.25 - - [13/Mar/2024:11:47:48 +0800] "POST /xingrg/kc/base/wldb_order_operate.html HTTP/1.1" 200 3636
180.164.1.25 - - [13/Mar/2024:11:47:48 +0800] "GET /xingrg/javascript/easyui/themes/default/validatebox.css HTTP/1.1" 404 1104
124.78.156.2 - - [13/Mar/2024:11:47:48 +0800] "POST /xingrg/kc/buy/cgsh_order_operate.html HTTP/1.1" 200 37
180.164.1.25 - - [13/Mar/2024:11:47:49 +0800] "POST /xingrg/kc/base/wldb_order_operate.html HTTP/1.1" 200 3636
114.89.91.180 - - [13/Mar/2024:11:47:49 +0800] "GET /xingrg/kc/buy/cgsh_order_operate.html?command=get_materiel&rest_code=00158&code=00102009751&supplier_code=00100151&order_time=2024-03-13 HTTP/1.1" 200 408
120.253.135.82 - - [13/Mar/2024:11:47:50 +0800] "POST /xingrg/dwr/call/plaincall/AjaxQqpsService.saveMaterielItem.dwr HTTP/1.1" 200 78
120.253.135.82 - - [13/Mar/2024:11:47:50 +0800] "GET /xingrg/check_reg.html?_=1710301509203 HTTP/1.1" 200 22
180.164.1.25 - - [13/Mar/2024:11:47:50 +0800] "GET /xingrg/kc/base/wldb_order_add.html HTTP/1.1" 200 30392
180.162.110.169 - - [13/Mar/2024:11:47:50 +0800] "GET /xingrg/all/function/internal_message.html?_=1710300117953&CODE_STATE=getMsg HTTP/1.1" 200 27
180.164.1.25 - - [13/Mar/2024:11:47:50 +0800] "POST /xingrg/kc/base/wldb_order_operate.html HTTP/1.1" 200 6806
180.164.1.25 - - [13/Mar/2024:11:47:50 +0800] "GET /xingrg/javascript/easyui/themes/default/validatebox.css HTTP/1.1" 404 1104
116.224.254.208 - - [13/Mar/2024:11:47:51 +0800] "GET /xingrg/check_reg.html?_=1710301670554 HTTP/1.1" 200 22
116.224.254.208 - - [13/Mar/2024:11:47:51 +0800] "GET /xingrg/all/function/internal_message.html?_=1710301670557&CODE_STATE=getMsg HTTP/1.1" 200 27
124.78.156.2 - - [13/Mar/2024:11:47:51 +0800] "POST /xingrg/kc/buy/cgsh_order_operate.html HTTP/1.1" 200 21552
101.228.147.14 - - [13/Mar/2024:11:47:52 +0800] "GET /xingrg/all/function/internal_message.html?_=1710301671064&CODE_STATE=getMsg HTTP/1.1" 200 27
124.78.60.103 - - [13/Mar/2024:11:47:53 +0800] "GET /xingrg/kc/buy/cgsh_order_operate.html?command=get_materiel&rest_code=00141&code=00101008350&supplier_code=00100008&order_time=2024-03-13 HTTP/1.1" 200 408
114.83.220.119 - - [13/Mar/2024:11:47:53 +0800] "POST /xingrg/kc/buy/cgsh_order_operate.html HTTP/1.1" 200 12
120.253.135.82 - - [13/Mar/2024:11:47:54 +0800] "POST /xingrg/dwr/call/plaincall/AjaxQqpsService.getMaterielByCode.dwr HTTP/1.1" 200 1576
114.83.220.119 - - [13/Mar/2024:11:47:56 +0800] "GET /xingrg/kc/buy/cgsh_order_info.html?code=212024031303776 HTTP/1.1" 200 68654
101.83.145.37 - - [13/Mar/2024:11:47:56 +0800] "GET /xingrg/kc/base/wldb_order_add.html HTTP/1.1" 200 30382
114.83.220.119 - - [13/Mar/2024:11:47:56 +0800] "GET /xingrg/javascript/easyui/themes/default/validatebox.css HTTP/1.1" 404 1104
120.253.135.82 - - [13/Mar/2024:11:47:57 +0800] "POST /xingrg/dwr/call/plaincall/AjaxQqpsService.saveMaterielItem.dwr HTTP/1.1" 200 78
101.83.145.37 - - [13/Mar/2024:11:47:57 +0800] "POST /xingrg/kc/base/wldb_order_operate.html HTTP/1.1" 200 6806
101.83.145.37 - - [13/Mar/2024:11:47:57 +0800] "GET /xingrg/javascript/easyui/themes/default/validatebox.css HTTP/1.1" 404 1104
114.83.220.119 - - [13/Mar/2024:11:47:57 +0800] "POST /xingrg/kc/buy/cgsh_order_operate.html HTTP/1.1" 200 1215
124.78.60.103 - - [13/Mar/2024:11:47:57 +0800] "POST /xingrg/kc/buy/cgsh_order_operate.html HTTP/1.1" 200 2065
180.169.147.146 - - [13/Mar/2024:11:47:57 +0800] "GET /xingrg/all/function/internal_message.html?_=1710301678287&CODE_STATE=getMsg HTTP/1.1" 200 27
180.164.1.25 - - [13/Mar/2024:11:47:58 +0800] "GET /xingrg/kc/base/wldb_order_operate.html?command=get_materiel&rest_code=00108&base_code=0010539&code=00102002204 HTTP/1.1" 200 446
114.83.220.119 - - [13/Mar/2024:11:47:59 +0800] "GET /xingrg/kc/print/load_data.html?order_code=212024031303776&kc_code=cgsh&condition= HTTP/1.1" 200 1023
114.89.91.180 - - [13/Mar/2024:11:48:01 +0800] "GET /xingrg/all/function/internal_message.html?_=1710301683820&CODE_STATE=getMsg HTTP/1.1" 200 27
114.89.91.180 - - [13/Mar/2024:11:48:02 +0800] "GET /xingrg/kc/buy/cgsh_order_operate.html?command=get_materiel&rest_code=00158&code=00102009995&supplier_code=00100151&order_time=2024-03-13 HTTP/1.1" 200 436
180.164.1.25 - - [13/Mar/2024:11:48:02 +0800] "GET /xingrg/kc/base/wldb_order_operate.html?command=get_materiel&rest_code=00108&base_code=0010539&code=00102002448 HTTP/1.1" 200 439
120.253.135.82 - - [13/Mar/2024:11:48:03 +0800] "POST /xingrg/dwr/call/plaincall/AjaxQqpsService.getMaterielByCode.dwr HTTP/1.1" 200 1574
221.239.169.251 - - [13/Mar/2024:11:48:04 +0800] "GET /xingrg/all/function/internal_message.html?_=1710301682835&CODE_STATE=getMsg HTTP/1.1" 200 27
124.77.241.8 - - [13/Mar/2024:11:48:04 +0800] "GET /xingrg/all/function/internal_message.html?_=1710301694445&CODE_STATE=getMsg HTTP/1.1" 200 27
120.253.135.82 - - [13/Mar/2024:11:48:05 +0800] "POST /xingrg/dwr/call/plaincall/AjaxQqpsService.saveMaterielItem.dwr HTTP/1.1" 200 78
120.253.135.82 - - [13/Mar/2024:11:48:07 +0800] "GET /xingrg/kc/pszx/mdqp_order_list.html?state=10 HTTP/1.1" 200 10757
120.253.135.82 - - [13/Mar/2024:11:48:07 +0800] "GET /xingrg/dwr/interface/AjaxQqpsService.js HTTP/1.1" 200 16326
120.253.135.82 - - [13/Mar/2024:11:48:07 +0800] "GET /xingrg/dwr/interface/AjaxReportQueryService.js HTTP/1.1" 200 13203
120.253.135.82 - - [13/Mar/2024:11:48:07 +0800] "GET /xingrg/dwr/engine.js HTTP/1.1" 200 43631
120.253.135.82 - - [13/Mar/2024:11:48:08 +0800] "POST /xingrg/dwr/call/plaincall/AjaxQqpsService.getMaterielByCode.dwr HTTP/1.1" 200 1672
180.164.1.25 - - [13/Mar/2024:11:48:08 +0800] "GET /xingrg/kc/base/wldb_order_operate.html?command=get_materiel&rest_code=00108&base_code=0010539&code=00102002022 HTTP/1.1" 200 472
180.164.1.25 - - [13/Mar/2024:11:48:10 +0800] "GET /xingrg/all/function/internal_message.html?_=1710301690430&CODE_STATE=getMsg HTTP/1.1" 200 27
120.253.135.82 - - [13/Mar/2024:11:48:12 +0800] "GET /xingrg/kc/pszx/mdps_order_list.html?orderType=0 HTTP/1.1" 200 21033
120.253.135.82 - - [13/Mar/2024:11:48:13 +0800] "POST /xingrg/kc/pszx/mdps_list_operate.html HTTP/1.1" 200 5364
180.164.1.25 - - [13/Mar/2024:11:48:13 +0800] "GET /xingrg/kc/base/wldb_order_operate.html?command=get_materiel&rest_code=00108&base_code=0010539&code=00102002679 HTTP/1.1" 200 459
120.253.135.82 - - [13/Mar/2024:11:48:14 +0800] "GET /xingrg/kc/pszx/mdps_order_add.html HTTP/1.1" 200 29102
120.253.135.82 - - [13/Mar/2024:11:48:15 +0800] "POST /xingrg/kc/pszx/mdps_order_operate.html HTTP/1.1" 200 7126
120.253.135.82 - - [13/Mar/2024:11:48:15 +0800] "GET /xingrg/javascript/easyui/themes/default/validatebox.css HTTP/1.1" 404 1104
101.83.145.37 - - [13/Mar/2024:11:48:15 +0800] "GET /xingrg/all/function/internal_message.html?_=1710301458728&CODE_STATE=getMsg HTTP/1.1" 200 27
120.253.135.82 - - [13/Mar/2024:11:48:16 +0800] "POST /xingrg/dwr/call/plaincall/AjaxQqpsService.saveMaterielItem.dwr HTTP/1.1" 200 79
101.83.145.37 - - [13/Mar/2024:11:48:16 +0800] "GET /xingrg/kc/base/wldb_order_operate.html?command=get_materiel&rest_code=00105&base_code=0010508&code=00102002204 HTTP/1.1" 200 448
116.232.194.112 - - [13/Mar/2024:11:48:16 +0800] "GET /xingrg/all/function/internal_message.html?_=1710301672632&CODE_STATE=getMsg HTTP/1.1" 200 27
114.83.220.119 - - [13/Mar/2024:11:48:17 +0800] "GET /xingrg/all/function/internal_message.html?_=1710301696107&CODE_STATE=getMsg HTTP/1.1" 200 27
116.224.254.208 - - [13/Mar/2024:11:48:17 +0800] "GET /xingrg/all/function/internal_message.html?_=1710301697700&CODE_STATE=getMsg HTTP/1.1" 200 27
124.78.60.103 - - [13/Mar/2024:11:48:18 +0800] "POST /xingrg/kc/buy/cgsh_order_operate.html HTTP/1.1" 200 37
124.78.60.103 - - [13/Mar/2024:11:48:19 +0800] "GET /xingrg/all/function/internal_message.html?_=1710301699678&CODE_STATE=getMsg HTTP/1.1" 200 27
116.232.194.112 - - [13/Mar/2024:11:48:20 +0800] "GET /xingrg/kc/buy/cgsh_order_add.html HTTP/1.1" 200 73743
116.232.194.112 - - [13/Mar/2024:11:48:20 +0800] "GET /xingrg/words/20240312190758_words.js HTTP/1.1" 304 -
124.78.60.103 - - [13/Mar/2024:11:48:20 +0800] "POST /xingrg/kc/buy/cgsh_order_operate.html HTTP/1.1" 200 20407
116.232.194.112 - - [13/Mar/2024:11:48:20 +0800] "POST /xingrg/kc/buy/cgsh_order_operate.html HTTP/1.1" 200 8245
116.232.194.112 - - [13/Mar/2024:11:48:20 +0800] "GET /xingrg/javascript/easyui/themes/default/validatebox.css HTTP/1.1" 404 1104
116.232.194.112 - - [13/Mar/2024:11:48:20 +0800] "GET /xingrg/all/common/auto_word.html?type=employee&rest_code=00155 HTTP/1.1" 200 255
116.232.194.112 - - [13/Mar/2024:11:48:20 +0800] "GET /xingrg/all/common/auto_word.html?type=employee&rest_code=00155 HTTP/1.1" 200 255
116.238.97.31 - - [13/Mar/2024:11:48:21 +0800] "GET /xingrg/all/function/internal_message.html?_=1710301702822&CODE_STATE=getMsg HTTP/1.1" 200 27
222.69.133.156 - - [13/Mar/2024:11:48:22 +0800] "GET /xingrg/all/function/internal_message.html?_=1710301702388&CODE_STATE=getMsg HTTP/1.1" 200 27
120.253.135.82 - - [13/Mar/2024:11:48:22 +0800] "POST /xingrg/all/common/load_combo.html?type=base HTTP/1.1" 200 1169
114.83.220.119 - - [13/Mar/2024:11:48:23 +0800] "GET /xingrg/kc/buy/cgsh_order_add.html HTTP/1.1" 200 73743
114.83.220.119 - - [13/Mar/2024:11:48:23 +0800] "POST /xingrg/kc/buy/cgsh_order_operate.html HTTP/1.1" 200 8245
114.83.220.119 - - [13/Mar/2024:11:48:23 +0800] "GET /xingrg/javascript/easyui/themes/default/validatebox.css HTTP/1.1" 404 1104
124.78.60.103 - - [13/Mar/2024:11:48:23 +0800] "GET /xingrg/kc/print/load_data.html?order_code=212024031303768&kc_code=cgsh&condition= HTTP/1.1" 200 7388
180.164.1.25 - - [13/Mar/2024:11:48:25 +0800] "POST /xingrg/kc/base/wldb_order_operate.html HTTP/1.1" 200 37
114.89.91.180 - - [13/Mar/2024:11:48:25 +0800] "GET /xingrg/kc/buy/cgsh_order_operate.html?command=get_materiel&rest_code=00158&code=00102011247&supplier_code=00100151&order_time=2024-03-13 HTTP/1.1" 200 408
180.164.1.25 - - [13/Mar/2024:11:48:25 +0800] "GET /xingrg/kc/base/wldb_order_info.html?code=422024031300900 HTTP/1.1" 200 30407
180.164.1.25 - - [13/Mar/2024:11:48:26 +0800] "POST /xingrg/kc/base/wldb_order_operate.html HTTP/1.1" 200 4159
124.78.156.2 - - [13/Mar/2024:11:48:26 +0800] "GET /xingrg/all/function/internal_message.html?_=1710301705273&CODE_STATE=getMsg HTTP/1.1" 200 27
180.164.1.25 - - [13/Mar/2024:11:48:26 +0800] "GET /xingrg/javascript/easyui/themes/default/validatebox.css HTTP/1.1" 404 1104
180.164.1.25 - - [13/Mar/2024:11:48:26 +0800] "POST /xingrg/kc/base/wldb_order_operate.html HTTP/1.1" 200 4159
180.164.1.25 - - [13/Mar/2024:11:48:27 +0800] "GET /xingrg/kc/base/wldb_order_add.html HTTP/1.1" 200 30392
180.164.1.25 - - [13/Mar/2024:11:48:28 +0800] "POST /xingrg/kc/base/wldb_order_operate.html HTTP/1.1" 200 6806
180.164.1.25 - - [13/Mar/2024:11:48:28 +0800] "GET /xingrg/javascript/easyui/themes/default/validatebox.css HTTP/1.1" 404 1104
120.253.135.82 - - [13/Mar/2024:11:48:33 +0800] "GET /xingrg/kc/pszx/mdps_order_operate.html?command=get_materiel&pszx_code=00101&rest_code=00147&base_code=0010246&code=00101034145 HTTP/1.1" 200 423
124.79.241.4 - - [13/Mar/2024:11:48:33 +0800] "GET /xingrg/all/function/internal_message.html?_=1710301732405&CODE_STATE=getMsg HTTP/1.1" 200 27
114.89.91.180 - - [13/Mar/2024:11:48:34 +0800] "GET /xingrg/kc/buy/cgsh_order_operate.html?command=get_materiel&rest_code=00158&code=00102010240&supplier_code=00100151&order_time=2024-03-13 HTTP/1.1" 200 413
114.83.220.119 - - [13/Mar/2024:11:48:36 +0800] "GET /xingrg/kc/buy/cgsh_order_operate.html?command=get_materiel&rest_code=00149&code=00101001140&supplier_code=00100319&order_time=2024-03-13 HTTP/1.1" 200 417
101.83.145.37 - - [13/Mar/2024:11:48:37 +0800] "GET /xingrg/all/function/internal_message.html?_=1710301718561&CODE_STATE=getMsg HTTP/1.1" 200 27
116.230.123.13 - - [13/Mar/2024:11:48:38 +0800] "GET /xingrg/all/function/internal_message.html?_=1710301715500&CODE_STATE=getMsg HTTP/1.1" 302 -
120.253.135.82 - - [13/Mar/2024:11:48:39 +0800] "GET /xingrg/all/function/internal_message.html?_=1710301730506&CODE_STATE=getMsg HTTP/1.1" 200 27
120.253.135.82 - - [13/Mar/2024:11:48:39 +0800] "GET /xingrg/all/function/internal_message.html?_=1710301558001&CODE_STATE=getMsg HTTP/1.1" 200 27
101.83.145.37 - - [13/Mar/2024:11:48:40 +0800] "GET /xingrg/kc/base/wldb_order_operate.html?command=get_materiel&rest_code=00105&base_code=0010508&code=00102002304 HTTP/1.1" 200 464
120.253.135.82 - - [13/Mar/2024:11:48:40 +0800] "POST /xingrg/kc/pszx/mdps_order_operate.html HTTP/1.1" 200 37
116.230.123.13 - - [13/Mar/2024:11:48:41 +0800] "GET /xingrg/all/function/internal_message.html?_=1710301719657&CODE_STATE=getMsg HTTP/1.1" 200 27
120.253.135.82 - - [13/Mar/2024:11:48:42 +0800] "GET /xingrg/kc/pszx/mdps_order_info.html?code=312024031300262 HTTP/1.1" 200 23978
120.253.135.82 - - [13/Mar/2024:11:48:43 +0800] "GET /xingrg/javascript/easyui/themes/default/validatebox.css HTTP/1.1" 404 1104
120.253.135.82 - - [13/Mar/2024:11:48:43 +0800] "POST /xingrg/kc/pszx/mdps_order_operate.html HTTP/1.1" 200 2279
120.253.135.82 - - [13/Mar/2024:11:48:46 +0800] "GET /xingrg/kc/pszx/mdps_order_add.html HTTP/1.1" 200 29102
114.89.91.180 - - [13/Mar/2024:11:48:46 +0800] "POST /xingrg/kc/buy/cgsh_order_operate.html HTTP/1.1" 200 2065
120.253.135.82 - - [13/Mar/2024:11:48:46 +0800] "POST /xingrg/kc/pszx/mdps_order_operate.html HTTP/1.1" 200 7126
120.253.135.82 - - [13/Mar/2024:11:48:46 +0800] "GET /xingrg/javascript/easyui/themes/default/validatebox.css HTTP/1.1" 404 1104
180.164.1.25 - - [13/Mar/2024:11:48:47 +0800] "GET /xingrg/kc/base/wldb_order_operate.html?command=get_materiel&rest_code=00108&base_code=0010539&code=00102034155 HTTP/1.1" 200 439
101.83.145.37 - - [13/Mar/2024:11:48:48 +0800] "POST /xingrg/kc/base/wldb_order_operate.html HTTP/1.1" 200 37
101.83.145.37 - - [13/Mar/2024:11:48:48 +0800] "POST /xingrg/kc/base/wldb_order_operate.html HTTP/1.1" 200 2695
101.83.145.37 - - [13/Mar/2024:11:48:49 +0800] "GET /xingrg/kc/base/wldb_order_info.html?code=422024031300901 HTTP/1.1" 200 30395
101.83.145.37 - - [13/Mar/2024:11:48:50 +0800] "GET /xingrg/javascript/easyui/themes/default/validatebox.css HTTP/1.1" 404 1104
101.83.145.37 - - [13/Mar/2024:11:48:50 +0800] "POST /xingrg/kc/base/wldb_order_operate.html HTTP/1.1" 200 2695
180.162.110.169 - - [13/Mar/2024:11:48:50 +0800] "GET /xingrg/check_reg.html?_=1710300177941 HTTP/1.1" 200 22
180.162.110.169 - - [13/Mar/2024:11:48:50 +0800] "GET /xingrg/all/function/internal_message.html?_=1710300177944&CODE_STATE=getMsg HTTP/1.1" 200 27
124.78.60.103 - - [13/Mar/2024:11:48:50 +0800] "POST /xingrg/kc/buy/cgsh_order_operate.html HTTP/1.1" 200 8245
124.78.60.103 - - [13/Mar/2024:11:48:50 +0800] "GET /xingrg/javascript/easyui/themes/default/validatebox.css HTTP/1.1" 404 1104
116.224.254.208 - - [13/Mar/2024:11:48:51 +0800] "GET /xingrg/all/function/internal_message.html?_=1710301730575&CODE_STATE=getMsg HTTP/1.1" 200 27
180.169.147.146 - - [13/Mar/2024:11:48:52 +0800] "GET /xingrg/login.html HTTP/1.1" 200 7641
101.228.147.14 - - [13/Mar/2024:11:48:52 +0800] "GET /xingrg/all/function/internal_message.html?_=1710301731064&CODE_STATE=getMsg HTTP/1.1" 200 27
101.228.147.14 - - [13/Mar/2024:11:48:52 +0800] "GET /xingrg/check_reg.html?_=1710301731067 HTTP/1.1" 200 22
180.169.147.146 - - [13/Mar/2024:11:48:52 +0800] "GET /favicon.ico HTTP/1.1" 404 -
120.253.135.82 - - [13/Mar/2024:11:48:55 +0800] "POST /xingrg/all/common/load_combo.html?type=base HTTP/1.1" 200 1169
114.83.220.119 - - [13/Mar/2024:11:48:56 +0800] "POST /xingrg/kc/buy/cgsh_order_operate.html HTTP/1.1" 200 37
180.169.147.146 - - [13/Mar/2024:11:48:57 +0800] "POST /xingrg/login.do HTTP/1.1" 302 -
180.169.147.146 - - [13/Mar/2024:11:48:57 +0800] "GET /xingrg/index.html?sysBaseUrl=http%3A%2F%2F180.169.147.146%3A18081%2Fxingrg%2F&costTime=806×tamp=1710301737356 HTTP/1.1" 200 17179
180.169.147.146 - - [13/Mar/2024:11:48:57 +0800] "GET /favicon.ico HTTP/1.1" 404 -
180.169.147.146 - - [13/Mar/2024:11:48:57 +0800] "GET /xingrg/check_reg.html?_=1710301737575 HTTP/1.1" 200 22
180.169.147.146 - - [13/Mar/2024:11:48:57 +0800] "GET /xingrg/all/function/internal_message.html?_=1710301737574&CODE_STATE=count HTTP/1.1" 200 11
180.169.147.146 - - [13/Mar/2024:11:48:57 +0800] "POST /xingrg/load_menu.html HTTP/1.1" 200 5138
180.169.147.146 - - [13/Mar/2024:11:48:57 +0800] "POST /xingrg/all/common/load_tree.html?tree=area_rest_tree_json&manage=1 HTTP/1.1" 200 351
180.169.147.146 - - [13/Mar/2024:11:48:57 +0800] "GET /xingrg/all/function/internal_message.html?_=1710301738289&CODE_STATE=getMsg HTTP/1.1" 200 27
116.232.194.112 - - [13/Mar/2024:11:48:59 +0800] "GET /xingrg/javascript/auto/indicator.gif HTTP/1.1" 404 1066
180.169.147.146 - - [13/Mar/2024:11:49:00 +0800] "GET /xingrg/kc/buy/buy_main.html HTTP/1.1" 200 12412
180.169.147.146 - - [13/Mar/2024:11:49:00 +0800] "GET /xingrg/css/new_ie.css HTTP/1.1" 404 1036
180.169.147.146 - - [13/Mar/2024:11:49:01 +0800] "GET /xingrg/images/yd/bt.gif HTTP/1.1" 404 1040
114.89.91.180 - - [13/Mar/2024:11:49:01 +0800] "GET /xingrg/all/function/internal_message.html?_=1710301743829&CODE_STATE=getMsg HTTP/1.1" 200 27
180.169.147.146 - - [13/Mar/2024:11:49:02 +0800] "GET /xingrg/kc/buy/cgsh_order_list.html HTTP/1.1" 200 8212
180.169.147.146 - - [13/Mar/2024:11:49:03 +0800] "GET /xingrg/kc/buy/cgsh_order_list.html HTTP/1.1" 200 8212
180.169.147.146 - - [13/Mar/2024:11:49:03 +0800] "GET /xingrg/kc/buy/cgsh_order_list.html HTTP/1.1" 200 57886
114.83.220.119 - - [13/Mar/2024:11:49:03 +0800] "POST /xingrg/kc/buy/cgsh_order_operate.html HTTP/1.1" 200 12
221.239.169.251 - - [13/Mar/2024:11:49:04 +0800] "GET /xingrg/all/function/internal_message.html?_=1710301742829&CODE_STATE=getMsg HTTP/1.1" 200 27
124.77.241.8 - - [13/Mar/2024:11:49:04 +0800] "GET /xingrg/all/function/internal_message.html?_=1710301754999&CODE_STATE=getMsg HTTP/1.1" 200 27
124.78.60.103 - - [13/Mar/2024:11:49:05 +0800] "GET /xingrg/kc/buy/cgsh_order_operate.html?command=get_materiel&rest_code=00141&code=00101006067&supplier_code=00100096&order_time=2024-03-13 HTTP/1.1" 200 409
180.164.1.25 - - [13/Mar/2024:11:49:06 +0800] "GET /xingrg/kc/base/wldb_order_operate.html?command=get_materiel&rest_code=00108&base_code=0010539&code=00102002036 HTTP/1.1" 200 445
114.83.220.119 - - [13/Mar/2024:11:49:06 +0800] "GET /xingrg/kc/buy/cgsh_order_info.html?code=212024031303777 HTTP/1.1" 200 68656
101.83.145.37 - - [13/Mar/2024:11:49:06 +0800] "GET /xingrg/kc/base/wldb_order_add.html HTTP/1.1" 200 30382
114.83.220.119 - - [13/Mar/2024:11:49:06 +0800] "GET /xingrg/javascript/easyui/themes/default/validatebox.css HTTP/1.1" 404 1104
101.83.145.37 - - [13/Mar/2024:11:49:06 +0800] "POST /xingrg/kc/base/wldb_order_operate.html HTTP/1.1" 200 6806
101.83.145.37 - - [13/Mar/2024:11:49:06 +0800] "GET /xingrg/javascript/easyui/themes/default/validatebox.css HTTP/1.1" 404 1104
114.83.220.119 - - [13/Mar/2024:11:49:07 +0800] "POST /xingrg/kc/buy/cgsh_order_operate.html HTTP/1.1" 200 614
116.232.194.112 - - [13/Mar/2024:11:49:08 +0800] "GET /xingrg/javascript/jquery_tools/images/prev.gif HTTP/1.1" 404 1086
116.232.194.112 - - [13/Mar/2024:11:49:08 +0800] "GET /xingrg/javascript/jquery_tools/images/next.gif HTTP/1.1" 404 1086
114.83.220.119 - - [13/Mar/2024:11:49:09 +0800] "GET /xingrg/kc/print/load_data.html?order_code=212024031303777&kc_code=cgsh&condition= HTTP/1.1" 200 719
120.253.135.82 - - [13/Mar/2024:11:49:09 +0800] "POST /xingrg/dwr/call/plaincall/AjaxQqpsService.checkOrder.dwr HTTP/1.1" 200 79
180.164.1.25 - - [13/Mar/2024:11:49:10 +0800] "GET /xingrg/all/function/internal_message.html?_=1710301750398&CODE_STATE=getMsg HTTP/1.1" 200 27
120.253.135.82 - - [13/Mar/2024:11:49:11 +0800] "GET /xingrg/kc/mdqp/qqps_order_info.html?code=302024031300188 HTTP/1.1" 200 24729
120.253.135.82 - - [13/Mar/2024:11:49:11 +0800] "GET /xingrg/dwr/interface/AjaxQqpsService.js HTTP/1.1" 200 16326
120.253.135.82 - - [13/Mar/2024:11:49:11 +0800] "GET /xingrg/dwr/interface/AjaxComOrderService.js HTTP/1.1" 200 18264
120.253.135.82 - - [13/Mar/2024:11:49:11 +0800] "GET /xingrg/dwr/engine.js HTTP/1.1" 200 43631
180.164.1.25 - - [13/Mar/2024:11:49:12 +0800] "POST /xingrg/kc/base/wldb_order_operate.html HTTP/1.1" 200 37
114.89.91.180 - - [13/Mar/2024:11:49:12 +0800] "GET /xingrg/kc/buy/cgsh_order_operate.html?command=get_materiel&rest_code=00158&code=00102002521&supplier_code=00100151&order_time=2024-03-13 HTTP/1.1" 200 409
180.164.1.25 - - [13/Mar/2024:11:49:12 +0800] "POST /xingrg/kc/base/wldb_order_operate.html HTTP/1.1" 200 4126
180.164.1.25 - - [13/Mar/2024:11:49:12 +0800] "GET /xingrg/kc/base/wldb_order_info.html?code=422024031300902 HTTP/1.1" 200 30407
180.164.1.25 - - [13/Mar/2024:11:49:13 +0800] "GET /xingrg/javascript/easyui/themes/default/validatebox.css HTTP/1.1" 404 1104
120.253.135.82 - - [13/Mar/2024:11:49:13 +0800] "POST /xingrg/dwr/call/plaincall/AjaxQqpsService.loadMaterielItems.dwr HTTP/1.1" 200 1466
180.164.1.25 - - [13/Mar/2024:11:49:13 +0800] "POST /xingrg/kc/base/wldb_order_operate.html HTTP/1.1" 200 4126
114.83.220.119 - - [13/Mar/2024:11:49:14 +0800] "GET /xingrg/kc/buy/cgsh_order_add.html HTTP/1.1" 200 73743
114.83.220.119 - - [13/Mar/2024:11:49:14 +0800] "POST /xingrg/kc/buy/cgsh_order_operate.html HTTP/1.1" 200 8245
114.83.220.119 - - [13/Mar/2024:11:49:14 +0800] "GET /xingrg/javascript/easyui/themes/default/validatebox.css HTTP/1.1" 404 1104
180.164.1.25 - - [13/Mar/2024:11:49:15 +0800] "GET /xingrg/kc/base/wldb_order_add.html HTTP/1.1" 200 30392
101.83.145.37 - - [13/Mar/2024:11:49:15 +0800] "GET /xingrg/all/function/internal_message.html?_=1710301518689&CODE_STATE=getMsg HTTP/1.1" 200 27
180.164.1.25 - - [13/Mar/2024:11:49:15 +0800] "POST /xingrg/kc/base/wldb_order_operate.html HTTP/1.1" 200 6806
120.253.135.82 - - [13/Mar/2024:11:49:15 +0800] "GET /xingrg/kc/mdqp/qp_main.html HTTP/1.1" 200 10633
180.164.1.25 - - [13/Mar/2024:11:49:15 +0800] "GET /xingrg/javascript/easyui/themes/default/validatebox.css HTTP/1.1" 404 1104
116.232.194.112 - - [13/Mar/2024:11:49:16 +0800] "GET /xingrg/all/function/internal_message.html?_=1710301732623&CODE_STATE=getMsg HTTP/1.1" 200 27
114.83.220.119 - - [13/Mar/2024:11:49:17 +0800] "GET /xingrg/all/function/internal_message.html?_=1710301756076&CODE_STATE=getMsg HTTP/1.1" 200 27
120.253.135.82 - - [13/Mar/2024:11:49:17 +0800] "GET /xingrg/kc/mdqp/qqps_order_list.html HTTP/1.1" 200 10079
120.253.135.82 - - [13/Mar/2024:11:49:17 +0800] "GET /xingrg/dwr/interface/AjaxQqpsService.js HTTP/1.1" 200 16326
120.253.135.82 - - [13/Mar/2024:11:49:17 +0800] "GET /xingrg/dwr/interface/AjaxReportQueryService.js HTTP/1.1" 200 13203
120.253.135.82 - - [13/Mar/2024:11:49:17 +0800] "GET /xingrg/dwr/engine.js HTTP/1.1" 200 43631
116.224.254.208 - - [13/Mar/2024:11:49:17 +0800] "GET /xingrg/all/function/internal_message.html?_=1710301757678&CODE_STATE=getMsg HTTP/1.1" 200 27
124.78.60.103 - - [13/Mar/2024:11:49:19 +0800] "GET /xingrg/all/function/internal_message.html?_=1710301759671&CODE_STATE=getMsg HTTP/1.1" 200 27
120.253.135.82 - - [13/Mar/2024:11:49:19 +0800] "GET /xingrg/kc/pszx/mdps_order_operate.html?command=get_materiel&pszx_code=00101&rest_code=00147&base_code=0010250&code=00102032034 HTTP/1.1" 200 453
180.164.1.25 - - [13/Mar/2024:11:49:19 +0800] "GET /xingrg/kc/base/wldb_order_list.html HTTP/1.1" 200 19061
180.164.1.25 - - [13/Mar/2024:11:49:20 +0800] "POST /xingrg/kc/base/wldb_list_operate.html HTTP/1.1" 200 3013
120.253.135.82 - - [13/Mar/2024:11:49:20 +0800] "GET /xingrg/kc/mdqp/qqps_order_list.html?isQuery=1&timeSelect=1&orderTime=day&startTime=2024-03-13&endTime=2024-03-13&state=all&query=%C8%B7++%B6%A8 HTTP/1.1" 200 10178
120.253.135.82 - - [13/Mar/2024:11:49:20 +0800] "GET /xingrg/dwr/interface/AjaxQqpsService.js HTTP/1.1" 200 16326
120.253.135.82 - - [13/Mar/2024:11:49:20 +0800] "GET /xingrg/dwr/interface/AjaxReportQueryService.js HTTP/1.1" 200 13203
120.253.135.82 - - [13/Mar/2024:11:49:20 +0800] "GET /xingrg/dwr/engine.js HTTP/1.1" 200 43631
116.232.194.112 - - [13/Mar/2024:11:49:21 +0800] "GET /xingrg/kc/buy/cgsh_order_operate.html?command=get_materiel&rest_code=00155&code=00101008349&supplier_code=00100005&order_time=2024-03-13 HTTP/1.1" 200 412
116.238.97.31 - - [13/Mar/2024:11:49:21 +0800] "GET /xingrg/all/function/internal_message.html?_=1710301762797&CODE_STATE=getMsg HTTP/1.1" 200 27
180.164.1.25 - - [13/Mar/2024:11:49:21 +0800] "POST /xingrg/kc/base/wldb_list_operate.html HTTP/1.1" 200 534
222.69.133.156 - - [13/Mar/2024:11:49:22 +0800] "GET /xingrg/all/function/internal_message.html?_=1710301762379&CODE_STATE=getMsg HTTP/1.1" 200 27
180.164.1.25 - - [13/Mar/2024:11:49:22 +0800] "GET /xingrg/kc/base/wldb_order_info.html?code=422024031300902 HTTP/1.1" 200 30407
180.164.1.25 - - [13/Mar/2024:11:49:22 +0800] "GET /xingrg/javascript/easyui/themes/default/validatebox.css HTTP/1.1" 404 1104
180.164.1.25 - - [13/Mar/2024:11:49:23 +0800] "POST /xingrg/kc/base/wldb_order_operate.html HTTP/1.1" 200 4126
124.78.60.103 - - [13/Mar/2024:11:49:23 +0800] "GET /xingrg/kc/buy/cgsh_order_operate.html?command=get_materiel&rest_code=00141&code=00101012001&supplier_code=00100096&order_time=2024-03-13 HTTP/1.1" 200 412
120.253.135.82 - - [13/Mar/2024:11:49:25 +0800] "GET /xingrg/kc/base/base_main.html HTTP/1.1" 200 12142
124.78.156.2 - - [13/Mar/2024:11:49:25 +0800] "GET /xingrg/check_reg.html?_=1710301764656 HTTP/1.1" 200 22
114.83.220.119 - - [13/Mar/2024:11:49:26 +0800] "GET /xingrg/kc/buy/cgsh_order_operate.html?command=get_materiel&rest_code=00149&code=00101001037&supplier_code=00100090&order_time=2024-03-13 HTTP/1.1" 200 418
124.78.156.2 - - [13/Mar/2024:11:49:26 +0800] "GET /xingrg/all/function/internal_message.html?_=1710301765254&CODE_STATE=getMsg HTTP/1.1" 200 27
120.253.135.82 - - [13/Mar/2024:11:49:26 +0800] "GET /xingrg/kc/base/check_order_list.html HTTP/1.1" 200 16174
120.253.135.82 - - [13/Mar/2024:11:49:27 +0800] "POST /xingrg/kc/base/check_list_operate.html HTTP/1.1" 200 781
114.89.91.180 - - [13/Mar/2024:11:49:27 +0800] "GET /xingrg/kc/buy/cgsh_order_operate.html?command=get_materiel&rest_code=00158&code=00102008007&supplier_code=00100151&order_time=2024-03-13 HTTP/1.1" 200 407
180.164.1.25 - - [13/Mar/2024:11:49:29 +0800] "POST /xingrg/kc/base/wldb_order_operate.html HTTP/1.1" 200 37
180.164.1.25 - - [13/Mar/2024:11:49:30 +0800] "GET /xingrg/kc/base/wldb_order_info.html?code=422024031300902 HTTP/1.1" 200 30407
180.164.1.25 - - [13/Mar/2024:11:49:30 +0800] "POST /xingrg/kc/base/wldb_order_operate.html HTTP/1.1" 200 4127
180.164.1.25 - - [13/Mar/2024:11:49:30 +0800] "GET /xingrg/javascript/easyui/themes/default/validatebox.css HTTP/1.1" 404 1104
120.253.135.82 - - [13/Mar/2024:11:49:30 +0800] "POST /xingrg/kc/base/check_list_operate.html HTTP/1.1" 200 5270
180.164.1.25 - - [13/Mar/2024:11:49:31 +0800] "POST /xingrg/kc/base/wldb_order_operate.html HTTP/1.1" 200 4127
180.164.1.25 - - [13/Mar/2024:11:49:32 +0800] "GET /xingrg/kc/base/wldb_order_add.html HTTP/1.1" 200 30392
180.164.1.25 - - [13/Mar/2024:11:49:32 +0800] "POST /xingrg/kc/base/wldb_order_operate.html HTTP/1.1" 200 6806
180.164.1.25 - - [13/Mar/2024:11:49:32 +0800] "GET /xingrg/javascript/easyui/themes/default/validatebox.css HTTP/1.1" 404 1104
120.253.135.82 - - [13/Mar/2024:11:49:33 +0800] "GET /xingrg/kc/report/report_main.html HTTP/1.1" 200 7340
124.79.241.4 - - [13/Mar/2024:11:49:33 +0800] "GET /xingrg/all/function/internal_message.html?_=1710301792404&CODE_STATE=getMsg HTTP/1.1" 200 27
120.253.135.82 - - [13/Mar/2024:11:49:35 +0800] "GET /xingrg/kc/buy/buy_main.html HTTP/1.1" 200 12412
120.253.135.82 - - [13/Mar/2024:11:49:35 +0800] "GET /xingrg/css/new_ie.css HTTP/1.1" 404 1036
120.253.135.82 - - [13/Mar/2024:11:49:36 +0800] "GET /xingrg/images/yd/bt.gif HTTP/1.1" 404 1040
120.253.135.82 - - [13/Mar/2024:11:49:37 +0800] "GET /xingrg/kc/buy/cgsh_order_list.html HTTP/1.1" 200 57884
101.83.145.37 - - [13/Mar/2024:11:49:37 +0800] "GET /xingrg/all/function/internal_message.html?_=1710301778563&CODE_STATE=getMsg HTTP/1.1" 200 27
120.253.135.82 - - [13/Mar/2024:11:49:37 +0800] "GET /xingrg/kc/pszx/mdps_order_operate.html?command=get_materiel&pszx_code=00101&rest_code=00147&base_code=0010250&code=00102002082 HTTP/1.1" 200 452
116.230.123.13 - - [13/Mar/2024:11:49:38 +0800] "GET /xingrg/check_reg.html?_=1710301775501 HTTP/1.1" 302 -
116.230.123.13 - - [13/Mar/2024:11:49:38 +0800] "GET /xingrg/all/function/internal_message.html?_=1710301775503&CODE_STATE=getMsg HTTP/1.1" 302 -
120.253.135.82 - - [13/Mar/2024:11:49:39 +0800] "GET /xingrg/all/function/internal_message.html?_=1710301790484&CODE_STATE=getMsg HTTP/1.1" 200 27
120.253.135.82 - - [13/Mar/2024:11:49:39 +0800] "GET /xingrg/all/function/internal_message.html?_=1710301618014&CODE_STATE=getMsg HTTP/1.1" 200 27
120.253.135.82 - - [13/Mar/2024:11:49:39 +0800] "POST /xingrg/kc/buy/cgsh_list_operate.html HTTP/1.1" 200 645
180.164.1.25 - - [13/Mar/2024:11:49:39 +0800] "GET /xingrg/kc/base/wldb_order_operate.html?command=get_materiel&rest_code=00108&base_code=0010538&code=00101016040 HTTP/1.1" 200 459
124.78.60.103 - - [13/Mar/2024:11:49:40 +0800] "GET /xingrg/kc/buy/cgsh_order_operate.html?command=get_materiel&rest_code=00141&code=00101018011&supplier_code=00100096&order_time=2024-03-13 HTTP/1.1" 200 413
120.253.135.82 - - [13/Mar/2024:11:49:40 +0800] "POST /xingrg/all/common/load_select.html HTTP/1.1" 200 25
116.230.123.13 - - [13/Mar/2024:11:49:41 +0800] "GET /xingrg/all/function/internal_message.html?_=1710301779641&CODE_STATE=getMsg HTTP/1.1" 200 27
120.253.135.82 - - [13/Mar/2024:11:49:42 +0800] "GET /xingrg/kc/pszx/mdps_order_operate.html?command=get_materiel_price&pszx_code=00101&rest_code=00147&base_code=0010250&code=00102002082&unit_code=00100337&order_time=2024-03-13 HTTP/1.1" 200 34
180.164.1.25 - - [13/Mar/2024:11:49:45 +0800] "POST /xingrg/kc/base/wldb_order_operate.html HTTP/1.1" 200 37
114.83.220.119 - - [13/Mar/2024:11:49:45 +0800] "POST /xingrg/kc/buy/cgsh_order_operate.html HTTP/1.1" 200 37
180.164.1.25 - - [13/Mar/2024:11:49:45 +0800] "POST /xingrg/kc/base/wldb_order_operate.html HTTP/1.1" 200 2199
180.164.1.25 - - [13/Mar/2024:11:49:46 +0800] "GET /xingrg/kc/base/wldb_order_info.html?code=422024031300903 HTTP/1.1" 200 30409
180.164.1.25 - - [13/Mar/2024:11:49:46 +0800] "GET /xingrg/javascript/easyui/themes/default/validatebox.css HTTP/1.1" 404 1104
221.239.169.251 - - [13/Mar/2024:11:49:47 +0800] "GET /xingrg/check_reg.html?_=1710301785815 HTTP/1.1" 200 22
180.164.1.25 - - [13/Mar/2024:11:49:47 +0800] "POST /xingrg/kc/base/wldb_order_operate.html HTTP/1.1" 200 2199
180.164.1.25 - - [13/Mar/2024:11:49:49 +0800] "GET /xingrg/kc/base/wldb_order_add.html HTTP/1.1" 200 30392
180.164.1.25 - - [13/Mar/2024:11:49:49 +0800] "POST /xingrg/kc/base/wldb_order_operate.html HTTP/1.1" 200 6806
180.164.1.25 - - [13/Mar/2024:11:49:49 +0800] "GET /xingrg/javascript/easyui/themes/default/validatebox.css HTTP/1.1" 404 1104
120.253.135.82 - - [13/Mar/2024:11:49:49 +0800] "POST /xingrg/kc/pszx/mdps_order_operate.html HTTP/1.1" 200 37
180.162.110.169 - - [13/Mar/2024:11:49:50 +0800] "GET /xingrg/all/function/internal_message.html?_=1710300237954&CODE_STATE=getMsg HTTP/1.1" 200 27
120.253.135.82 - - [13/Mar/2024:11:49:51 +0800] "GET /xingrg/kc/pszx/mdps_order_info.html?code=312024031300263 HTTP/1.1" 200 23978
116.224.254.208 - - [13/Mar/2024:11:49:51 +0800] "GET /xingrg/all/function/internal_message.html?_=1710301790571&CODE_STATE=getMsg HTTP/1.1" 200 27
120.253.135.82 - - [13/Mar/2024:11:49:51 +0800] "GET /xingrg/javascript/easyui/themes/default/validatebox.css HTTP/1.1" 404 1104
101.228.147.14 - - [13/Mar/2024:11:49:52 +0800] "GET /xingrg/all/function/internal_message.html?_=1710301791059&CODE_STATE=getMsg HTTP/1.1" 200 27
114.83.220.119 - - [13/Mar/2024:11:49:53 +0800] "POST /xingrg/kc/buy/cgsh_order_operate.html HTTP/1.1" 200 12
120.253.135.82 - - [13/Mar/2024:11:49:53 +0800] "POST /xingrg/kc/pszx/mdps_order_operate.html HTTP/1.1" 200 2293
120.253.135.82 - - [13/Mar/2024:11:49:55 +0800] "POST /xingrg/kc/pszx/mdps_list_operate.html HTTP/1.1" 200 5423
120.253.135.82 - - [13/Mar/2024:11:49:55 +0800] "POST /xingrg/kc/buy/cgsh_list_operate.html HTTP/1.1" 200 4796
114.83.220.119 - - [13/Mar/2024:11:49:55 +0800] "GET /xingrg/kc/buy/cgsh_order_info.html?code=212024031303778 HTTP/1.1" 200 68656
180.164.1.25 - - [13/Mar/2024:11:49:56 +0800] "GET /xingrg/kc/base/wldb_order_operate.html?command=get_materiel&rest_code=00108&base_code=0010538&code=00101019015 HTTP/1.1" 200 450
114.83.220.119 - - [13/Mar/2024:11:49:56 +0800] "GET /xingrg/words/20240312190758_words.js HTTP/1.1" 304 -
114.83.220.119 - - [13/Mar/2024:11:49:56 +0800] "GET /xingrg/javascript/easyui/themes/default/validatebox.css HTTP/1.1" 404 1104
124.78.156.2 - - [13/Mar/2024:11:49:57 +0800] "GET /xingrg/kc/buy/cgsh_order_operate.html?command=get_materiel&rest_code=00106&code=00101008150&supplier_code=00100008&order_time=2024-03-13 HTTP/1.1" 200 409
114.83.220.119 - - [13/Mar/2024:11:49:57 +0800] "POST /xingrg/kc/buy/cgsh_order_operate.html HTTP/1.1" 200 615
180.169.147.146 - - [13/Mar/2024:11:49:57 +0800] "GET /xingrg/all/function/internal_message.html?_=1710301797660&CODE_STATE=getMsg HTTP/1.1" 200 27
124.78.60.103 - - [13/Mar/2024:11:49:57 +0800] "GET /xingrg/kc/buy/cgsh_order_operate.html?command=get_materiel&rest_code=00141&code=00101010063&supplier_code=00100096&order_time=2024-03-13 HTTP/1.1" 200 408
180.169.147.146 - - [13/Mar/2024:11:49:57 +0800] "GET /xingrg/all/function/internal_message.html?_=1710301798313&CODE_STATE=getMsg HTTP/1.1" 200 27
114.89.91.180 - - [13/Mar/2024:11:50:01 +0800] "GET /xingrg/check_reg.html?_=1710301803823 HTTP/1.1" 200 22
114.89.91.180 - - [13/Mar/2024:11:50:01 +0800] "GET /xingrg/all/function/internal_message.html?_=1710301803828&CODE_STATE=getMsg HTTP/1.1" 200 27
221.239.169.251 - - [13/Mar/2024:11:50:04 +0800] "GET /xingrg/all/function/internal_message.html?_=1710301802805&CODE_STATE=getMsg HTTP/1.1" 200 27
124.77.241.8 - - [13/Mar/2024:11:50:04 +0800] "GET /xingrg/all/function/internal_message.html?_=1710301815006&CODE_STATE=getMsg HTTP/1.1" 200 27
120.253.135.82 - - [13/Mar/2024:11:50:05 +0800] "POST /xingrg/kc/pszx/mdps_list_operate.html HTTP/1.1" 200 5229
114.83.220.119 - - [13/Mar/2024:11:50:08 +0800] "GET /xingrg/kc/print/load_data.html?order_code=212024031303778&kc_code=cgsh&condition= HTTP/1.1" 200 783
120.253.135.82 - - [13/Mar/2024:11:50:09 +0800] "POST /xingrg/kc/pszx/mdps_list_operate.html HTTP/1.1" 200 2623
180.164.1.25 - - [13/Mar/2024:11:50:10 +0800] "GET /xingrg/all/function/internal_message.html?_=1710301810389&CODE_STATE=getMsg HTTP/1.1" 200 27
120.253.135.82 - - [13/Mar/2024:11:50:12 +0800] "POST /xingrg/kc/pszx/mdps_list_operate.html HTTP/1.1" 200 213
114.83.220.119 - - [13/Mar/2024:11:50:13 +0800] "GET /xingrg/kc/buy/cgsh_order_add.html HTTP/1.1" 200 73743
114.83.220.119 - - [13/Mar/2024:11:50:13 +0800] "POST /xingrg/kc/buy/cgsh_order_operate.html HTTP/1.1" 200 8245
114.83.220.119 - - [13/Mar/2024:11:50:13 +0800] "GET /xingrg/javascript/easyui/themes/default/validatebox.css HTTP/1.1" 404 1104
120.253.135.82 - - [13/Mar/2024:11:50:13 +0800] "POST /xingrg/kc/pszx/mdps_list_operate.html HTTP/1.1" 200 203
120.253.135.82 - - [13/Mar/2024:11:50:14 +0800] "GET /xingrg/kc/pszx/mdps_order_info.html?code=312024031300262 HTTP/1.1" 200 23978
120.253.135.82 - - [13/Mar/2024:11:50:15 +0800] "GET /xingrg/javascript/easyui/themes/default/validatebox.css HTTP/1.1" 404 1104
101.83.145.37 - - [13/Mar/2024:11:50:15 +0800] "GET /xingrg/all/function/internal_message.html?_=1710301578662&CODE_STATE=getMsg HTTP/1.1" 200 27
120.253.135.82 - - [13/Mar/2024:11:50:15 +0800] "POST /xingrg/kc/pszx/mdps_order_operate.html HTTP/1.1" 200 2279
101.83.145.37 - - [13/Mar/2024:11:50:16 +0800] "GET /xingrg/check_reg.html?_=1710301579452 HTTP/1.1" 200 22
116.232.194.112 - - [13/Mar/2024:11:50:16 +0800] "GET /xingrg/all/function/internal_message.html?_=1710301792623&CODE_STATE=getMsg HTTP/1.1" 200 27
101.83.145.37 - - [13/Mar/2024:11:50:17 +0800] "GET /xingrg/kc/base/wldb_order_operate.html?command=get_materiel&rest_code=00105&base_code=0010508&code=00102002497 HTTP/1.1" 200 439
114.83.220.119 - - [13/Mar/2024:11:50:17 +0800] "GET /xingrg/all/function/internal_message.html?_=1710301816083&CODE_STATE=getMsg HTTP/1.1" 200 27
116.224.254.208 - - [13/Mar/2024:11:50:17 +0800] "GET /xingrg/all/function/internal_message.html?_=1710301817662&CODE_STATE=getMsg HTTP/1.1" 200 27
116.224.254.208 - - [13/Mar/2024:11:50:17 +0800] "GET /xingrg/check_reg.html?_=1710301817761 HTTP/1.1" 200 22
120.253.135.82 - - [13/Mar/2024:11:50:17 +0800] "GET /xingrg/kc/print/load_data.html?order_code=312024031300262&kc_code=mdps&condition= HTTP/1.1" 200 679
114.83.220.119 - - [13/Mar/2024:11:50:19 +0800] "GET /xingrg/check_reg.html?_=1710301818170 HTTP/1.1" 200 22
124.78.60.103 - - [13/Mar/2024:11:50:19 +0800] "GET /xingrg/all/function/internal_message.html?_=1710301819654&CODE_STATE=getMsg HTTP/1.1" 200 27
116.238.97.31 - - [13/Mar/2024:11:50:21 +0800] "GET /xingrg/all/function/internal_message.html?_=1710301822788&CODE_STATE=getMsg HTTP/1.1" 200 27
222.69.133.156 - - [13/Mar/2024:11:50:22 +0800] "GET /xingrg/all/function/internal_message.html?_=1710301822394&CODE_STATE=getMsg HTTP/1.1" 200 27
