120.253.135.82 - - [13/Mar/2024:06:09:58 +0800] "GET /xingrg/all/function/internal_message.html?_=1710281236875&CODE_STATE=getMsg HTTP/1.1" 200 27
120.253.135.82 - - [13/Mar/2024:06:10:07 +0800] "POST /xingrg/kc/pszx/mdps_order_operate.html HTTP/1.1" 200 37
221.239.169.251 - - [13/Mar/2024:06:10:10 +0800] "GET /xingrg/all/function/internal_message.html?_=1710281408953&CODE_STATE=getMsg HTTP/1.1" 200 27
124.77.241.8 - - [13/Mar/2024:06:10:17 +0800] "POST /xingrg/kc/buy/cgsh_list_operate.html HTTP/1.1" 200 4
120.253.135.82 - - [13/Mar/2024:06:10:23 +0800] "GET /xingrg/kc/pszx/mdps_order_info.html?code=312024031300253 HTTP/1.1" 200 23982
124.78.60.103 - - [13/Mar/2024:06:10:23 +0800] "GET /xingrg/all/function/internal_message.html?_=1710281423797&CODE_STATE=getMsg HTTP/1.1" 200 27
120.253.135.82 - - [13/Mar/2024:06:10:24 +0800] "GET /xingrg/javascript/easyui/themes/default/validatebox.css HTTP/1.1" 404 1104
120.253.135.82 - - [13/Mar/2024:06:10:24 +0800] "POST /xingrg/kc/pszx/mdps_order_operate.html HTTP/1.1" 200 7382
120.253.135.82 - - [13/Mar/2024:06:10:26 +0800] "POST /xingrg/kc/pszx/mdps_list_operate.html HTTP/1.1" 200 2825
120.253.135.82 - - [13/Mar/2024:06:10:27 +0800] "POST /xingrg/kc/pszx/mdps_list_operate.html HTTP/1.1" 200 608
116.224.254.208 - - [13/Mar/2024:06:10:27 +0800] "GET /xingrg/all/function/internal_message.html?_=1710281426909&CODE_STATE=getMsg HTTP/1.1" 200 27
120.253.135.82 - - [13/Mar/2024:06:10:29 +0800] "GET /xingrg/kc/pszx/mdps_order_info.html?code=312024031300254 HTTP/1.1" 200 23982
120.253.135.82 - - [13/Mar/2024:06:10:29 +0800] "GET /xingrg/javascript/easyui/themes/default/validatebox.css HTTP/1.1" 404 1104
120.253.135.82 - - [13/Mar/2024:06:10:30 +0800] "POST /xingrg/kc/pszx/mdps_order_operate.html HTTP/1.1" 200 5257
120.253.135.82 - - [13/Mar/2024:06:10:32 +0800] "POST /xingrg/all/common/load_combo.html?type=base HTTP/1.1" 200 1169
120.253.135.82 - - [13/Mar/2024:06:10:36 +0800] "POST /xingrg/kc/pszx/mdps_order_operate.html HTTP/1.1" 200 37
120.253.135.82 - - [13/Mar/2024:06:10:37 +0800] "GET /xingrg/kc/pszx/mdps_order_info.html?code=312024031300254 HTTP/1.1" 200 23982
116.230.123.13 - - [13/Mar/2024:06:10:38 +0800] "GET /xingrg/all/function/internal_message.html?_=1710281435500&CODE_STATE=getMsg HTTP/1.1" 302 -
120.253.135.82 - - [13/Mar/2024:06:10:38 +0800] "GET /xingrg/javascript/easyui/themes/default/validatebox.css HTTP/1.1" 404 1104
116.224.254.208 - - [13/Mar/2024:06:10:38 +0800] "GET /xingrg/check_reg.html?_=1710281438256 HTTP/1.1" 200 22
120.253.135.82 - - [13/Mar/2024:06:10:38 +0800] "POST /xingrg/kc/pszx/mdps_order_operate.html HTTP/1.1" 200 5317
124.77.241.8 - - [13/Mar/2024:06:10:42 +0800] "POST /xingrg/kc/buy/cgsh_list_operate.html HTTP/1.1" 200 4209
124.77.241.8 - - [13/Mar/2024:06:10:49 +0800] "GET /xingrg/all/function/internal_message.html?_=1710281458666&CODE_STATE=getMsg HTTP/1.1" 200 27
116.224.254.208 - - [13/Mar/2024:06:10:51 +0800] "GET /xingrg/all/function/internal_message.html?_=1710281451471&CODE_STATE=getMsg HTTP/1.1" 200 27
120.253.135.82 - - [13/Mar/2024:06:10:58 +0800] "GET /xingrg/all/function/internal_message.html?_=1710281296939&CODE_STATE=getMsg HTTP/1.1" 200 27
120.253.135.82 - - [13/Mar/2024:06:11:02 +0800] "POST /xingrg/kc/pszx/mdps_order_operate.html HTTP/1.1" 200 37
120.253.135.82 - - [13/Mar/2024:06:11:04 +0800] "GET /xingrg/kc/pszx/mdps_order_info.html?code=312024031300254 HTTP/1.1" 200 23982
120.253.135.82 - - [13/Mar/2024:06:11:04 +0800] "GET /xingrg/javascript/easyui/themes/default/validatebox.css HTTP/1.1" 404 1104
120.253.135.82 - - [13/Mar/2024:06:11:05 +0800] "POST /xingrg/kc/pszx/mdps_order_operate.html HTTP/1.1" 200 5317
120.253.135.82 - - [13/Mar/2024:06:11:06 +0800] "POST /xingrg/kc/pszx/mdps_list_operate.html HTTP/1.1" 200 2824
120.253.135.82 - - [13/Mar/2024:06:11:07 +0800] "POST /xingrg/kc/pszx/mdps_list_operate.html HTTP/1.1" 200 339
120.253.135.82 - - [13/Mar/2024:06:11:08 +0800] "GET /xingrg/kc/pszx/mdps_order_info.html?code=312024030900159 HTTP/1.1" 200 23978
120.253.135.82 - - [13/Mar/2024:06:11:09 +0800] "GET /xingrg/javascript/easyui/themes/default/validatebox.css HTTP/1.1" 404 1104
120.253.135.82 - - [13/Mar/2024:06:11:10 +0800] "POST /xingrg/kc/pszx/mdps_order_operate.html HTTP/1.1" 200 2853
221.239.169.251 - - [13/Mar/2024:06:11:10 +0800] "GET /xingrg/all/function/internal_message.html?_=1710281468931&CODE_STATE=getMsg HTTP/1.1" 200 27
120.253.135.82 - - [13/Mar/2024:06:11:13 +0800] "POST /xingrg/kc/pszx/mdps_order_operate.html HTTP/1.1" 200 12
120.253.135.82 - - [13/Mar/2024:06:11:14 +0800] "POST /xingrg/kc/pszx/mdps_list_operate.html HTTP/1.1" 200 2451
120.253.135.82 - - [13/Mar/2024:06:11:17 +0800] "GET /xingrg/kc/pszx/mdqp_order_list.html?state=10 HTTP/1.1" 200 13204
120.253.135.82 - - [13/Mar/2024:06:11:17 +0800] "GET /xingrg/dwr/interface/AjaxQqpsService.js HTTP/1.1" 200 16326
120.253.135.82 - - [13/Mar/2024:06:11:17 +0800] "GET /xingrg/dwr/interface/AjaxReportQueryService.js HTTP/1.1" 200 13203
120.253.135.82 - - [13/Mar/2024:06:11:17 +0800] "GET /xingrg/dwr/engine.js HTTP/1.1" 200 43631
124.78.60.103 - - [13/Mar/2024:06:11:23 +0800] "GET /xingrg/all/function/internal_message.html?_=1710281483782&CODE_STATE=getMsg HTTP/1.1" 200 27
120.253.135.82 - - [13/Mar/2024:06:11:27 +0800] "GET /xingrg/kc/pszx/mdqp_order_info.html?code=302024030700082 HTTP/1.1" 200 13358
120.253.135.82 - - [13/Mar/2024:06:11:27 +0800] "GET /xingrg/dwr/interface/AjaxComOrderService.js HTTP/1.1" 200 18264
120.253.135.82 - - [13/Mar/2024:06:11:27 +0800] "GET /xingrg/dwr/interface/AjaxQqpsService.js HTTP/1.1" 200 16326
120.253.135.82 - - [13/Mar/2024:06:11:27 +0800] "GET /xingrg/dwr/engine.js HTTP/1.1" 200 43631
116.224.254.208 - - [13/Mar/2024:06:11:27 +0800] "GET /xingrg/all/function/internal_message.html?_=1710281486902&CODE_STATE=getMsg HTTP/1.1" 200 27
120.253.135.82 - - [13/Mar/2024:06:11:27 +0800] "POST /xingrg/dwr/call/plaincall/AjaxQqpsService.loadMaterielItems.dwr HTTP/1.1" 200 3120
124.77.241.8 - - [13/Mar/2024:06:11:35 +0800] "GET /xingrg/check_reg.html?_=1710281504513 HTTP/1.1" 200 22
124.78.60.103 - - [13/Mar/2024:06:11:35 +0800] "GET /xingrg/check_reg.html?_=1710281495631 HTTP/1.1" 200 22
116.230.123.13 - - [13/Mar/2024:06:11:38 +0800] "GET /xingrg/all/function/internal_message.html?_=1710281495489&CODE_STATE=getMsg HTTP/1.1" 302 -
120.253.135.82 - - [13/Mar/2024:06:11:39 +0800] "GET /xingrg/images/yd/bt.gif HTTP/1.1" 404 1040
120.253.135.82 - - [13/Mar/2024:06:11:39 +0800] "GET /xingrg/images/yd/bt2.gif HTTP/1.1" 404 1042
120.253.135.82 - - [13/Mar/2024:06:11:41 +0800] "GET /xingrg/kc/pszx/mdqp_order_list.html?isBack=1 HTTP/1.1" 302 -
120.253.135.82 - - [13/Mar/2024:06:11:41 +0800] "GET /xingrg/kc/pszx/mdqp_order_list.html?state=10 HTTP/1.1" 200 13204
120.253.135.82 - - [13/Mar/2024:06:11:41 +0800] "GET /xingrg/dwr/interface/AjaxReportQueryService.js HTTP/1.1" 200 13203
120.253.135.82 - - [13/Mar/2024:06:11:41 +0800] "GET /xingrg/dwr/interface/AjaxQqpsService.js HTTP/1.1" 200 16326
120.253.135.82 - - [13/Mar/2024:06:11:41 +0800] "GET /xingrg/dwr/engine.js HTTP/1.1" 200 43631
120.253.135.82 - - [13/Mar/2024:06:11:43 +0800] "GET /xingrg/kc/pszx/mdqp_order_info.html?code=302024031200182 HTTP/1.1" 200 13358
120.253.135.82 - - [13/Mar/2024:06:11:43 +0800] "GET /xingrg/dwr/interface/AjaxComOrderService.js HTTP/1.1" 200 18264
120.253.135.82 - - [13/Mar/2024:06:11:43 +0800] "GET /xingrg/dwr/engine.js HTTP/1.1" 200 43631
120.253.135.82 - - [13/Mar/2024:06:11:43 +0800] "GET /xingrg/dwr/interface/AjaxQqpsService.js HTTP/1.1" 200 16326
120.253.135.82 - - [13/Mar/2024:06:11:44 +0800] "POST /xingrg/dwr/call/plaincall/AjaxQqpsService.loadMaterielItems.dwr HTTP/1.1" 200 3291
124.77.241.8 - - [13/Mar/2024:06:11:48 +0800] "POST /xingrg/kc/buy/cgsh_list_operate.html HTTP/1.1" 200 4
116.224.254.208 - - [13/Mar/2024:06:11:51 +0800] "GET /xingrg/all/function/internal_message.html?_=1710281511474&CODE_STATE=getMsg HTTP/1.1" 200 27
120.253.135.82 - - [13/Mar/2024:06:11:55 +0800] "GET /xingrg/images/yd/bt.gif HTTP/1.1" 404 1040
120.253.135.82 - - [13/Mar/2024:06:11:55 +0800] "GET /xingrg/images/yd/bt2.gif HTTP/1.1" 404 1042
124.77.241.8 - - [13/Mar/2024:06:11:55 +0800] "POST /xingrg/kc/buy/cgsh_list_operate.html HTTP/1.1" 200 1395
120.253.135.82 - - [13/Mar/2024:06:11:58 +0800] "GET /xingrg/all/function/internal_message.html?_=1710281356995&CODE_STATE=getMsg HTTP/1.1" 200 27
120.253.135.82 - - [13/Mar/2024:06:12:01 +0800] "GET /xingrg/kc/pszx/mdqp_order_list.html?isBack=1 HTTP/1.1" 302 -
120.253.135.82 - - [13/Mar/2024:06:12:02 +0800] "GET /xingrg/kc/pszx/mdqp_order_list.html?state=10 HTTP/1.1" 200 13204
120.253.135.82 - - [13/Mar/2024:06:12:02 +0800] "GET /xingrg/dwr/interface/AjaxQqpsService.js HTTP/1.1" 200 16326
120.253.135.82 - - [13/Mar/2024:06:12:02 +0800] "GET /xingrg/dwr/interface/AjaxReportQueryService.js HTTP/1.1" 200 13203
120.253.135.82 - - [13/Mar/2024:06:12:02 +0800] "GET /xingrg/dwr/engine.js HTTP/1.1" 200 43631
124.77.241.8 - - [13/Mar/2024:06:12:03 +0800] "GET /xingrg/all/function/internal_message.html?_=1710281532564&CODE_STATE=getMsg HTTP/1.1" 200 27
120.253.135.82 - - [13/Mar/2024:06:12:08 +0800] "GET /xingrg/kc/pszx/jzcl_ps.html HTTP/1.1" 200 7683
124.77.241.8 - - [13/Mar/2024:06:12:08 +0800] "POST /xingrg/kc/buy/cgsh_list_operate.html HTTP/1.1" 200 4
120.253.135.82 - - [13/Mar/2024:06:12:08 +0800] "POST /xingrg/all/common/load_tree.html?tree=area_rest_tree_json HTTP/1.1" 200 3624
120.253.135.82 - - [13/Mar/2024:06:12:08 +0800] "POST /xingrg/kc/pszx/jzcl_ps_operate.html HTTP/1.1" 200 3119
120.253.135.82 - - [13/Mar/2024:06:12:08 +0800] "POST /xingrg/kc/pszx/jzcl_ps_operate.html HTTP/1.1" 200 3119
221.239.169.251 - - [13/Mar/2024:06:12:10 +0800] "GET /xingrg/all/function/internal_message.html?_=1710281528904&CODE_STATE=getMsg HTTP/1.1" 200 27
124.77.241.8 - - [13/Mar/2024:06:12:13 +0800] "POST /xingrg/kc/buy/cgsh_list_operate.html HTTP/1.1" 200 645
124.78.60.103 - - [13/Mar/2024:06:12:23 +0800] "GET /xingrg/all/function/internal_message.html?_=1710281543764&CODE_STATE=getMsg HTTP/1.1" 200 27
120.253.135.82 - - [13/Mar/2024:06:12:24 +0800] "POST /xingrg/kc/pszx/jzcl_ps_operate.html HTTP/1.1" 200 4
120.253.135.82 - - [13/Mar/2024:06:12:26 +0800] "GET /xingrg/kc/pszx/mdps_order_list.html HTTP/1.1" 200 21033
120.253.135.82 - - [13/Mar/2024:06:12:26 +0800] "POST /xingrg/kc/pszx/jzcl_ps_operate.html HTTP/1.1" 200 2195
120.253.135.82 - - [13/Mar/2024:06:12:26 +0800] "POST /xingrg/kc/pszx/mdps_list_operate.html HTTP/1.1" 200 5390
116.224.254.208 - - [13/Mar/2024:06:12:27 +0800] "GET /xingrg/all/function/internal_message.html?_=1710281546889&CODE_STATE=getMsg HTTP/1.1" 200 27
120.253.135.82 - - [13/Mar/2024:06:12:37 +0800] "POST /xingrg/kc/pszx/mdps_list_operate.html HTTP/1.1" 200 2454
116.230.123.13 - - [13/Mar/2024:06:12:38 +0800] "GET /xingrg/all/function/internal_message.html?_=1710281555487&CODE_STATE=getMsg HTTP/1.1" 302 -
120.253.135.82 - - [13/Mar/2024:06:12:39 +0800] "POST /xingrg/kc/pszx/mdps_list_operate.html HTTP/1.1" 200 205
120.253.135.82 - - [13/Mar/2024:06:12:48 +0800] "GET /xingrg/kc/pszx/mdps_order_info.html?code=312024030800148 HTTP/1.1" 200 23982
120.253.135.82 - - [13/Mar/2024:06:12:48 +0800] "GET /xingrg/javascript/easyui/themes/default/validatebox.css HTTP/1.1" 404 1104
120.253.135.82 - - [13/Mar/2024:06:12:49 +0800] "POST /xingrg/kc/pszx/mdps_order_operate.html HTTP/1.1" 200 2282
120.253.135.82 - - [13/Mar/2024:06:12:49 +0800] "GET /xingrg/check_reg.html?_=1710281408073 HTTP/1.1" 200 22
116.224.254.208 - - [13/Mar/2024:06:12:51 +0800] "GET /xingrg/all/function/internal_message.html?_=1710281571480&CODE_STATE=getMsg HTTP/1.1" 200 27
120.253.135.82 - - [13/Mar/2024:06:12:58 +0800] "GET /xingrg/all/function/internal_message.html?_=1710281417008&CODE_STATE=getMsg HTTP/1.1" 200 27
124.77.241.8 - - [13/Mar/2024:06:13:03 +0800] "GET /xingrg/all/function/internal_message.html?_=1710281592578&CODE_STATE=getMsg HTTP/1.1" 200 27
221.239.169.251 - - [13/Mar/2024:06:13:10 +0800] "GET /xingrg/all/function/internal_message.html?_=1710281588875&CODE_STATE=getMsg HTTP/1.1" 200 27
120.253.135.82 - - [13/Mar/2024:06:13:23 +0800] "POST /xingrg/kc/pszx/mdps_list_operate.html HTTP/1.1" 200 642
124.78.60.103 - - [13/Mar/2024:06:13:23 +0800] "GET /xingrg/all/function/internal_message.html?_=1710281603740&CODE_STATE=getMsg HTTP/1.1" 200 27
120.253.135.82 - - [13/Mar/2024:06:13:24 +0800] "GET /xingrg/kc/pszx/mdps_order_info.html?code=312024031300255 HTTP/1.1" 200 23982
120.253.135.82 - - [13/Mar/2024:06:13:25 +0800] "GET /xingrg/javascript/easyui/themes/default/validatebox.css HTTP/1.1" 404 1104
120.253.135.82 - - [13/Mar/2024:06:13:25 +0800] "POST /xingrg/kc/pszx/mdps_order_operate.html HTTP/1.1" 200 7247
116.224.254.208 - - [13/Mar/2024:06:13:27 +0800] "GET /xingrg/all/function/internal_message.html?_=1710281606884&CODE_STATE=getMsg HTTP/1.1" 200 27
120.253.135.82 - - [13/Mar/2024:06:13:28 +0800] "POST /xingrg/kc/pszx/mdps_order_operate.html HTTP/1.1" 200 37
120.253.135.82 - - [13/Mar/2024:06:13:30 +0800] "GET /xingrg/kc/pszx/mdps_order_info.html?code=312024031300255 HTTP/1.1" 200 23982
120.253.135.82 - - [13/Mar/2024:06:13:31 +0800] "GET /xingrg/javascript/easyui/themes/default/validatebox.css HTTP/1.1" 404 1104
120.253.135.82 - - [13/Mar/2024:06:13:31 +0800] "POST /xingrg/kc/pszx/mdps_order_operate.html HTTP/1.1" 200 7336
116.230.123.13 - - [13/Mar/2024:06:13:38 +0800] "GET /xingrg/all/function/internal_message.html?_=1710281615504&CODE_STATE=getMsg HTTP/1.1" 302 -
116.224.254.208 - - [13/Mar/2024:06:13:51 +0800] "GET /xingrg/all/function/internal_message.html?_=1710281631483&CODE_STATE=getMsg HTTP/1.1" 200 27
120.253.135.82 - - [13/Mar/2024:06:13:52 +0800] "GET /xingrg/kc/pszx/mdps_order_operate.html?command=get_materiel&pszx_code=00101&rest_code=00108&base_code=0010246&code=00101019161 HTTP/1.1" 200 420
120.253.135.82 - - [13/Mar/2024:06:13:58 +0800] "GET /xingrg/all/function/internal_message.html?_=1710281477024&CODE_STATE=getMsg HTTP/1.1" 200 27
116.230.123.13 - - [13/Mar/2024:06:14:00 +0800] "POST /xingrg/services/DataTransmitService HTTP/1.1" 200 524
116.230.123.13 - - [13/Mar/2024:06:14:01 +0800] "POST /xingrg/services/DataTransmitService HTTP/1.1" 200 412
124.77.241.8 - - [13/Mar/2024:06:14:03 +0800] "GET /xingrg/all/function/internal_message.html?_=1710281652591&CODE_STATE=getMsg HTTP/1.1" 200 27
221.239.169.251 - - [13/Mar/2024:06:14:10 +0800] "GET /xingrg/all/function/internal_message.html?_=1710281648863&CODE_STATE=getMsg HTTP/1.1" 200 27
120.253.135.82 - - [13/Mar/2024:06:14:16 +0800] "POST /xingrg/kc/pszx/mdps_order_operate.html HTTP/1.1" 200 37
120.253.135.82 - - [13/Mar/2024:06:14:17 +0800] "GET /xingrg/kc/pszx/mdps_order_info.html?code=312024031300255 HTTP/1.1" 200 23982
120.253.135.82 - - [13/Mar/2024:06:14:18 +0800] "GET /xingrg/javascript/easyui/themes/default/validatebox.css HTTP/1.1" 404 1104
120.253.135.82 - - [13/Mar/2024:06:14:18 +0800] "POST /xingrg/kc/pszx/mdps_order_operate.html HTTP/1.1" 200 7338
124.78.60.103 - - [13/Mar/2024:06:14:23 +0800] "GET /xingrg/all/function/internal_message.html?_=1710281663713&CODE_STATE=getMsg HTTP/1.1" 200 27
116.224.254.208 - - [13/Mar/2024:06:14:27 +0800] "GET /xingrg/all/function/internal_message.html?_=1710281666861&CODE_STATE=getMsg HTTP/1.1" 200 27
116.230.123.13 - - [13/Mar/2024:06:14:38 +0800] "GET /xingrg/check_reg.html?_=1710281675494 HTTP/1.1" 302 -
116.230.123.13 - - [13/Mar/2024:06:14:38 +0800] "GET /xingrg/all/function/internal_message.html?_=1710281675496&CODE_STATE=getMsg HTTP/1.1" 302 -
221.239.169.251 - - [13/Mar/2024:06:14:48 +0800] "GET /xingrg/check_reg.html?_=1710281686884 HTTP/1.1" 200 22
116.224.254.208 - - [13/Mar/2024:06:14:51 +0800] "GET /xingrg/check_reg.html?_=1710281691473 HTTP/1.1" 200 22
116.224.254.208 - - [13/Mar/2024:06:14:51 +0800] "GET /xingrg/all/function/internal_message.html?_=1710281691477&CODE_STATE=getMsg HTTP/1.1" 200 27
120.253.135.82 - - [13/Mar/2024:06:14:58 +0800] "GET /xingrg/all/function/internal_message.html?_=1710281537036&CODE_STATE=getMsg HTTP/1.1" 200 27
124.77.241.8 - - [13/Mar/2024:06:15:03 +0800] "GET /xingrg/all/function/internal_message.html?_=1710281712663&CODE_STATE=getMsg HTTP/1.1" 200 27
221.239.169.251 - - [13/Mar/2024:06:15:10 +0800] "GET /xingrg/all/function/internal_message.html?_=1710281708841&CODE_STATE=getMsg HTTP/1.1" 200 27
124.78.60.103 - - [13/Mar/2024:06:15:23 +0800] "GET /xingrg/all/function/internal_message.html?_=1710281723695&CODE_STATE=getMsg HTTP/1.1" 200 27
116.224.254.208 - - [13/Mar/2024:06:15:27 +0800] "GET /xingrg/all/function/internal_message.html?_=1710281726838&CODE_STATE=getMsg HTTP/1.1" 200 27
116.230.123.13 - - [13/Mar/2024:06:15:38 +0800] "GET /xingrg/all/function/internal_message.html?_=1710281735490&CODE_STATE=getMsg HTTP/1.1" 302 -
116.224.254.208 - - [13/Mar/2024:06:15:38 +0800] "GET /xingrg/check_reg.html?_=1710281738265 HTTP/1.1" 200 22
116.224.254.208 - - [13/Mar/2024:06:15:51 +0800] "GET /xingrg/all/function/internal_message.html?_=1710281751485&CODE_STATE=getMsg HTTP/1.1" 200 27
120.253.135.82 - - [13/Mar/2024:06:15:51 +0800] "POST /xingrg/kc/pszx/mdps_list_operate.html HTTP/1.1" 200 2454
120.253.135.82 - - [13/Mar/2024:06:15:53 +0800] "POST /xingrg/kc/pszx/mdps_list_operate.html HTTP/1.1" 200 205
120.253.135.82 - - [13/Mar/2024:06:15:55 +0800] "POST /xingrg/kc/pszx/mdps_list_operate.html HTTP/1.1" 200 591
120.253.135.82 - - [13/Mar/2024:06:15:56 +0800] "GET /xingrg/kc/pszx/mdps_order_info.html?code=312024031300256 HTTP/1.1" 200 23982
120.253.135.82 - - [13/Mar/2024:06:15:56 +0800] "GET /xingrg/javascript/easyui/themes/default/validatebox.css HTTP/1.1" 404 1104
120.253.135.82 - - [13/Mar/2024:06:15:57 +0800] "POST /xingrg/kc/pszx/mdps_order_operate.html HTTP/1.1" 200 7167
120.253.135.82 - - [13/Mar/2024:06:15:58 +0800] "GET /xingrg/all/function/internal_message.html?_=1710281597049&CODE_STATE=getMsg HTTP/1.1" 200 27
120.253.135.82 - - [13/Mar/2024:06:15:58 +0800] "POST /xingrg/all/common/load_combo.html?type=base HTTP/1.1" 200 1169
120.253.135.82 - - [13/Mar/2024:06:16:03 +0800] "POST /xingrg/kc/pszx/mdps_order_operate.html HTTP/1.1" 200 37
124.77.241.8 - - [13/Mar/2024:06:16:03 +0800] "GET /xingrg/all/function/internal_message.html?_=1710281772666&CODE_STATE=getMsg HTTP/1.1" 200 27
120.253.135.82 - - [13/Mar/2024:06:16:04 +0800] "GET /xingrg/kc/pszx/mdps_order_info.html?code=312024031300256 HTTP/1.1" 200 23982
120.253.135.82 - - [13/Mar/2024:06:16:05 +0800] "GET /xingrg/javascript/easyui/themes/default/validatebox.css HTTP/1.1" 404 1104
120.253.135.82 - - [13/Mar/2024:06:16:05 +0800] "POST /xingrg/kc/pszx/mdps_order_operate.html HTTP/1.1" 200 7255
221.239.169.251 - - [13/Mar/2024:06:16:10 +0800] "GET /xingrg/all/function/internal_message.html?_=1710281768827&CODE_STATE=getMsg HTTP/1.1" 200 27
124.78.60.103 - - [13/Mar/2024:06:16:23 +0800] "GET /xingrg/all/function/internal_message.html?_=1710281783671&CODE_STATE=getMsg HTTP/1.1" 200 27
116.224.254.208 - - [13/Mar/2024:06:16:27 +0800] "GET /xingrg/all/function/internal_message.html?_=1710281786825&CODE_STATE=getMsg HTTP/1.1" 200 27
120.253.135.82 - - [13/Mar/2024:06:16:33 +0800] "POST /xingrg/kc/pszx/mdps_list_operate.html HTTP/1.1" 200 2454
120.253.135.82 - - [13/Mar/2024:06:16:35 +0800] "POST /xingrg/kc/pszx/mdps_list_operate.html HTTP/1.1" 200 205
124.77.241.8 - - [13/Mar/2024:06:16:35 +0800] "GET /xingrg/check_reg.html?_=1710281804582 HTTP/1.1" 200 22
124.78.60.103 - - [13/Mar/2024:06:16:35 +0800] "GET /xingrg/check_reg.html?_=1710281795639 HTTP/1.1" 200 22
116.230.123.13 - - [13/Mar/2024:06:16:38 +0800] "GET /xingrg/all/function/internal_message.html?_=1710281795480&CODE_STATE=getMsg HTTP/1.1" 302 -
120.253.135.82 - - [13/Mar/2024:06:16:41 +0800] "GET /xingrg/kc/pszx/mdqp_order_list.html?state=10 HTTP/1.1" 200 12388
120.253.135.82 - - [13/Mar/2024:06:16:41 +0800] "GET /xingrg/dwr/interface/AjaxQqpsService.js HTTP/1.1" 200 16326
120.253.135.82 - - [13/Mar/2024:06:16:41 +0800] "GET /xingrg/dwr/interface/AjaxReportQueryService.js HTTP/1.1" 200 13203
120.253.135.82 - - [13/Mar/2024:06:16:41 +0800] "GET /xingrg/dwr/engine.js HTTP/1.1" 200 43631
120.253.135.82 - - [13/Mar/2024:06:16:44 +0800] "GET /xingrg/kc/pszx/mdqp_order_info.html?code=302024031200179 HTTP/1.1" 200 13346
120.253.135.82 - - [13/Mar/2024:06:16:44 +0800] "GET /xingrg/dwr/interface/AjaxQqpsService.js HTTP/1.1" 200 16326
120.253.135.82 - - [13/Mar/2024:06:16:44 +0800] "GET /xingrg/dwr/engine.js HTTP/1.1" 200 43631
120.253.135.82 - - [13/Mar/2024:06:16:44 +0800] "GET /xingrg/dwr/interface/AjaxComOrderService.js HTTP/1.1" 200 18264
120.253.135.82 - - [13/Mar/2024:06:16:45 +0800] "POST /xingrg/dwr/call/plaincall/AjaxQqpsService.loadMaterielItems.dwr HTTP/1.1" 200 2698
116.224.254.208 - - [13/Mar/2024:06:16:51 +0800] "GET /xingrg/all/function/internal_message.html?_=1710281811477&CODE_STATE=getMsg HTTP/1.1" 200 27
120.253.135.82 - - [13/Mar/2024:06:16:58 +0800] "GET /xingrg/all/function/internal_message.html?_=1710281657063&CODE_STATE=getMsg HTTP/1.1" 200 27
124.77.241.8 - - [13/Mar/2024:06:17:03 +0800] "GET /xingrg/all/function/internal_message.html?_=1710281832679&CODE_STATE=getMsg HTTP/1.1" 200 27
221.239.169.251 - - [13/Mar/2024:06:17:10 +0800] "GET /xingrg/all/function/internal_message.html?_=1710281828811&CODE_STATE=getMsg HTTP/1.1" 200 27
124.78.60.103 - - [13/Mar/2024:06:17:23 +0800] "GET /xingrg/all/function/internal_message.html?_=1710281843655&CODE_STATE=getMsg HTTP/1.1" 200 27
116.224.254.208 - - [13/Mar/2024:06:17:27 +0800] "GET /xingrg/all/function/internal_message.html?_=1710281846802&CODE_STATE=getMsg HTTP/1.1" 200 27
116.230.123.13 - - [13/Mar/2024:06:17:38 +0800] "GET /xingrg/all/function/internal_message.html?_=1710281855490&CODE_STATE=getMsg HTTP/1.1" 302 -
120.253.135.82 - - [13/Mar/2024:06:17:49 +0800] "GET /xingrg/check_reg.html?_=1710281708080 HTTP/1.1" 200 22
116.224.254.208 - - [13/Mar/2024:06:17:51 +0800] "GET /xingrg/all/function/internal_message.html?_=1710281871486&CODE_STATE=getMsg HTTP/1.1" 200 27
120.253.135.82 - - [13/Mar/2024:06:17:58 +0800] "GET /xingrg/all/function/internal_message.html?_=1710281717076&CODE_STATE=getMsg HTTP/1.1" 200 27
124.77.241.8 - - [13/Mar/2024:06:18:03 +0800] "GET /xingrg/all/function/internal_message.html?_=1710281892693&CODE_STATE=getMsg HTTP/1.1" 200 27
221.239.169.251 - - [13/Mar/2024:06:18:10 +0800] "GET /xingrg/all/function/internal_message.html?_=1710281888791&CODE_STATE=getMsg HTTP/1.1" 200 27
124.78.60.103 - - [13/Mar/2024:06:18:23 +0800] "GET /xingrg/all/function/internal_message.html?_=1710281903631&CODE_STATE=getMsg HTTP/1.1" 200 27
116.224.254.208 - - [13/Mar/2024:06:18:27 +0800] "GET /xingrg/all/function/internal_message.html?_=1710281906783&CODE_STATE=getMsg HTTP/1.1" 200 27
116.230.123.13 - - [13/Mar/2024:06:18:38 +0800] "GET /xingrg/all/function/internal_message.html?_=1710281915480&CODE_STATE=getMsg HTTP/1.1" 302 -
116.224.254.208 - - [13/Mar/2024:06:18:51 +0800] "GET /xingrg/all/function/internal_message.html?_=1710281931483&CODE_STATE=getMsg HTTP/1.1" 200 27
120.253.135.82 - - [13/Mar/2024:06:18:58 +0800] "GET /xingrg/all/function/internal_message.html?_=1710281777089&CODE_STATE=getMsg HTTP/1.1" 200 27
124.77.241.8 - - [13/Mar/2024:06:19:03 +0800] "GET /xingrg/all/function/internal_message.html?_=1710281952768&CODE_STATE=getMsg HTTP/1.1" 200 27
221.239.169.251 - - [13/Mar/2024:06:19:10 +0800] "GET /xingrg/all/function/internal_message.html?_=1710281948787&CODE_STATE=getMsg HTTP/1.1" 200 27
124.78.60.103 - - [13/Mar/2024:06:19:23 +0800] "GET /xingrg/all/function/internal_message.html?_=1710281963611&CODE_STATE=getMsg HTTP/1.1" 200 27
116.224.254.208 - - [13/Mar/2024:06:19:27 +0800] "GET /xingrg/all/function/internal_message.html?_=1710281966765&CODE_STATE=getMsg HTTP/1.1" 200 27
116.230.123.13 - - [13/Mar/2024:06:19:38 +0800] "GET /xingrg/check_reg.html?_=1710281975497 HTTP/1.1" 302 -
116.230.123.13 - - [13/Mar/2024:06:19:38 +0800] "GET /xingrg/all/function/internal_message.html?_=1710281975496&CODE_STATE=getMsg HTTP/1.1" 302 -
221.239.169.251 - - [13/Mar/2024:06:19:48 +0800] "GET /xingrg/check_reg.html?_=1710281986875 HTTP/1.1" 200 22
116.224.254.208 - - [13/Mar/2024:06:19:51 +0800] "GET /xingrg/check_reg.html?_=1710281991474 HTTP/1.1" 200 22
116.224.254.208 - - [13/Mar/2024:06:19:51 +0800] "GET /xingrg/all/function/internal_message.html?_=1710281991477&CODE_STATE=getMsg HTTP/1.1" 200 27
120.253.135.82 - - [13/Mar/2024:06:19:58 +0800] "GET /xingrg/all/function/internal_message.html?_=1710281837168&CODE_STATE=getMsg HTTP/1.1" 200 27
124.77.241.8 - - [13/Mar/2024:06:20:03 +0800] "GET /xingrg/all/function/internal_message.html?_=1710282012781&CODE_STATE=getMsg HTTP/1.1" 200 27
221.239.169.251 - - [13/Mar/2024:06:20:10 +0800] "GET /xingrg/all/function/internal_message.html?_=1710282008763&CODE_STATE=getMsg HTTP/1.1" 200 27
124.78.60.103 - - [13/Mar/2024:06:20:23 +0800] "GET /xingrg/all/function/internal_message.html?_=1710282023593&CODE_STATE=getMsg HTTP/1.1" 200 27
116.224.254.208 - - [13/Mar/2024:06:20:27 +0800] "GET /xingrg/all/function/internal_message.html?_=1710282026749&CODE_STATE=getMsg HTTP/1.1" 200 27
120.253.135.82 - - [13/Mar/2024:06:20:29 +0800] "GET /xingrg/images/yd/bt2.gif HTTP/1.1" 404 1042
120.253.135.82 - - [13/Mar/2024:06:20:29 +0800] "GET /xingrg/images/yd/bt.gif HTTP/1.1" 404 1040
120.253.135.82 - - [13/Mar/2024:06:20:30 +0800] "GET /xingrg/kc/pszx/mdqp_order_list.html?isBack=1 HTTP/1.1" 302 -
120.253.135.82 - - [13/Mar/2024:06:20:31 +0800] "GET /xingrg/kc/pszx/mdqp_order_list.html?state=10 HTTP/1.1" 200 12388
120.253.135.82 - - [13/Mar/2024:06:20:31 +0800] "GET /xingrg/css/blue.css HTTP/1.1" 304 -
120.253.135.82 - - [13/Mar/2024:06:20:31 +0800] "GET /xingrg/dwr/interface/AjaxQqpsService.js HTTP/1.1" 200 16326
120.253.135.82 - - [13/Mar/2024:06:20:31 +0800] "GET /xingrg/dwr/interface/AjaxReportQueryService.js HTTP/1.1" 200 13203
120.253.135.82 - - [13/Mar/2024:06:20:31 +0800] "GET /xingrg/dwr/util.js HTTP/1.1" 304 -
120.253.135.82 - - [13/Mar/2024:06:20:31 +0800] "GET /xingrg/javascript/pic_change.js HTTP/1.1" 304 -
120.253.135.82 - - [13/Mar/2024:06:20:31 +0800] "GET /xingrg/dwr/engine.js HTTP/1.1" 200 43631
120.253.135.82 - - [13/Mar/2024:06:20:31 +0800] "GET /xingrg/javascript/Calendar.js HTTP/1.1" 304 -
120.253.135.82 - - [13/Mar/2024:06:20:31 +0800] "GET /xingrg/javascript/myfunction.js HTTP/1.1" 304 -
120.253.135.82 - - [13/Mar/2024:06:20:31 +0800] "GET /xingrg/javascript/jquery_easy_ui/themes/default/easyui.css HTTP/1.1" 304 -
120.253.135.82 - - [13/Mar/2024:06:20:31 +0800] "GET /xingrg/javascript/jquery_easy_ui/themes/icon.css HTTP/1.1" 304 -
120.253.135.82 - - [13/Mar/2024:06:20:31 +0800] "GET /favicon.ico HTTP/1.1" 404 -
120.253.135.82 - - [13/Mar/2024:06:20:31 +0800] "GET /xingrg/javascript/jquery_easy_ui/themes/icons/uncheck_new.png HTTP/1.1" 304 -
120.253.135.82 - - [13/Mar/2024:06:20:31 +0800] "GET /xingrg/javascript/jquery_easy_ui/themes/icons/check_new.png HTTP/1.1" 304 -
120.253.135.82 - - [13/Mar/2024:06:20:31 +0800] "GET /xingrg/javascript/jquery_easy_ui/themes/icons/back_new.png HTTP/1.1" 304 -
120.253.135.82 - - [13/Mar/2024:06:20:32 +0800] "GET /xingrg/kc/pszx/mdqp_order_list.html?isBack=1 HTTP/1.1" 302 -
120.253.135.82 - - [13/Mar/2024:06:20:32 +0800] "GET /xingrg/kc/pszx/mdqp_order_list.html?state=10 HTTP/1.1" 200 12388
120.253.135.82 - - [13/Mar/2024:06:20:32 +0800] "GET /xingrg/dwr/interface/AjaxReportQueryService.js HTTP/1.1" 200 13203
120.253.135.82 - - [13/Mar/2024:06:20:32 +0800] "GET /xingrg/dwr/engine.js HTTP/1.1" 200 43631
120.253.135.82 - - [13/Mar/2024:06:20:32 +0800] "GET /xingrg/dwr/interface/AjaxQqpsService.js HTTP/1.1" 200 16326
120.253.135.82 - - [13/Mar/2024:06:20:36 +0800] "GET /xingrg/kc/pszx/mdqp_order_info.html?code=302024031200183 HTTP/1.1" 200 13346
120.253.135.82 - - [13/Mar/2024:06:20:36 +0800] "GET /xingrg/dwr/interface/AjaxComOrderService.js HTTP/1.1" 200 18264
120.253.135.82 - - [13/Mar/2024:06:20:36 +0800] "GET /xingrg/dwr/interface/AjaxQqpsService.js HTTP/1.1" 200 16326
120.253.135.82 - - [13/Mar/2024:06:20:36 +0800] "GET /xingrg/dwr/engine.js HTTP/1.1" 200 43631
120.253.135.82 - - [13/Mar/2024:06:20:37 +0800] "POST /xingrg/dwr/call/plaincall/AjaxQqpsService.loadMaterielItems.dwr HTTP/1.1" 200 679
116.230.123.13 - - [13/Mar/2024:06:20:38 +0800] "GET /xingrg/all/function/internal_message.html?_=1710282035492&CODE_STATE=getMsg HTTP/1.1" 302 -
116.224.254.208 - - [13/Mar/2024:06:20:38 +0800] "GET /xingrg/check_reg.html?_=1710282038266 HTTP/1.1" 200 22
116.224.254.208 - - [13/Mar/2024:06:20:51 +0800] "GET /xingrg/all/function/internal_message.html?_=1710282051481&CODE_STATE=getMsg HTTP/1.1" 200 27
120.253.135.82 - - [13/Mar/2024:06:20:58 +0800] "GET /xingrg/all/function/internal_message.html?_=1710281897179&CODE_STATE=getMsg HTTP/1.1" 200 27
120.253.135.82 - - [13/Mar/2024:06:20:59 +0800] "GET /xingrg/kc/pszx/mdqp_order_list.html?isBack=1 HTTP/1.1" 302 -
120.253.135.82 - - [13/Mar/2024:06:21:00 +0800] "GET /xingrg/kc/pszx/mdqp_order_list.html?state=10 HTTP/1.1" 200 12388
120.253.135.82 - - [13/Mar/2024:06:21:00 +0800] "GET /xingrg/dwr/interface/AjaxQqpsService.js HTTP/1.1" 200 16326
120.253.135.82 - - [13/Mar/2024:06:21:00 +0800] "GET /xingrg/dwr/interface/AjaxReportQueryService.js HTTP/1.1" 200 13203
120.253.135.82 - - [13/Mar/2024:06:21:00 +0800] "GET /xingrg/dwr/engine.js HTTP/1.1" 200 43631
120.253.135.82 - - [13/Mar/2024:06:21:03 +0800] "GET /xingrg/kc/pszx/jzcl_ps.html HTTP/1.1" 200 7683
120.253.135.82 - - [13/Mar/2024:06:21:03 +0800] "POST /xingrg/all/common/load_tree.html?tree=area_rest_tree_json HTTP/1.1" 200 3624
124.77.241.8 - - [13/Mar/2024:06:21:03 +0800] "GET /xingrg/all/function/internal_message.html?_=1710282072855&CODE_STATE=getMsg HTTP/1.1" 200 27
120.253.135.82 - - [13/Mar/2024:06:21:04 +0800] "POST /xingrg/kc/pszx/jzcl_ps_operate.html HTTP/1.1" 200 2195
120.253.135.82 - - [13/Mar/2024:06:21:04 +0800] "POST /xingrg/kc/pszx/jzcl_ps_operate.html HTTP/1.1" 200 2195
221.239.169.251 - - [13/Mar/2024:06:21:10 +0800] "GET /xingrg/all/function/internal_message.html?_=1710282068735&CODE_STATE=getMsg HTTP/1.1" 200 27
124.78.60.103 - - [13/Mar/2024:06:21:23 +0800] "GET /xingrg/all/function/internal_message.html?_=1710282083566&CODE_STATE=getMsg HTTP/1.1" 200 27
116.224.254.208 - - [13/Mar/2024:06:21:27 +0800] "GET /xingrg/all/function/internal_message.html?_=1710282086731&CODE_STATE=getMsg HTTP/1.1" 200 27
120.253.135.82 - - [13/Mar/2024:06:21:27 +0800] "POST /xingrg/kc/pszx/jzcl_ps_operate.html HTTP/1.1" 200 4
120.253.135.82 - - [13/Mar/2024:06:21:29 +0800] "GET /xingrg/kc/pszx/mdps_order_list.html HTTP/1.1" 200 21033
120.253.135.82 - - [13/Mar/2024:06:21:29 +0800] "POST /xingrg/kc/pszx/jzcl_ps_operate.html HTTP/1.1" 200 897
120.253.135.82 - - [13/Mar/2024:06:21:29 +0800] "POST /xingrg/kc/pszx/mdps_list_operate.html HTTP/1.1" 200 5392
120.253.135.82 - - [13/Mar/2024:06:21:32 +0800] "GET /xingrg/kc/pszx/jzcl_ps.html HTTP/1.1" 200 7683
120.253.135.82 - - [13/Mar/2024:06:21:32 +0800] "POST /xingrg/all/common/load_tree.html?tree=area_rest_tree_json HTTP/1.1" 200 3624
120.253.135.82 - - [13/Mar/2024:06:21:33 +0800] "POST /xingrg/kc/pszx/jzcl_ps_operate.html HTTP/1.1" 200 897
120.253.135.82 - - [13/Mar/2024:06:21:33 +0800] "POST /xingrg/kc/pszx/jzcl_ps_operate.html HTTP/1.1" 200 897
124.77.241.8 - - [13/Mar/2024:06:21:35 +0800] "GET /xingrg/check_reg.html?_=1710282104588 HTTP/1.1" 200 22
124.78.60.103 - - [13/Mar/2024:06:21:35 +0800] "GET /xingrg/check_reg.html?_=1710282095647 HTTP/1.1" 200 22
116.230.123.13 - - [13/Mar/2024:06:21:38 +0800] "GET /xingrg/all/function/internal_message.html?_=1710282095492&CODE_STATE=getMsg HTTP/1.1" 302 -
120.253.135.82 - - [13/Mar/2024:06:21:46 +0800] "POST /xingrg/kc/pszx/jzcl_ps_operate.html HTTP/1.1" 200 4
120.253.135.82 - - [13/Mar/2024:06:21:49 +0800] "GET /xingrg/kc/pszx/mdps_order_list.html HTTP/1.1" 200 21033
120.253.135.82 - - [13/Mar/2024:06:21:49 +0800] "POST /xingrg/kc/pszx/jzcl_ps_operate.html HTTP/1.1" 200 21
120.253.135.82 - - [13/Mar/2024:06:21:50 +0800] "POST /xingrg/kc/pszx/mdps_list_operate.html HTTP/1.1" 200 5367
116.224.254.208 - - [13/Mar/2024:06:21:51 +0800] "GET /xingrg/all/function/internal_message.html?_=1710282111480&CODE_STATE=getMsg HTTP/1.1" 200 27
120.253.135.82 - - [13/Mar/2024:06:21:58 +0800] "GET /xingrg/all/function/internal_message.html?_=1710281957194&CODE_STATE=getMsg HTTP/1.1" 200 27
124.77.241.8 - - [13/Mar/2024:06:22:03 +0800] "GET /xingrg/all/function/internal_message.html?_=1710282132856&CODE_STATE=getMsg HTTP/1.1" 200 27
221.239.169.251 - - [13/Mar/2024:06:22:10 +0800] "GET /xingrg/all/function/internal_message.html?_=1710282128723&CODE_STATE=getMsg HTTP/1.1" 200 27
124.78.60.103 - - [13/Mar/2024:06:22:23 +0800] "GET /xingrg/all/function/internal_message.html?_=1710282143543&CODE_STATE=getMsg HTTP/1.1" 200 27
116.224.254.208 - - [13/Mar/2024:06:22:27 +0800] "GET /xingrg/all/function/internal_message.html?_=1710282146714&CODE_STATE=getMsg HTTP/1.1" 200 27
116.230.123.13 - - [13/Mar/2024:06:22:38 +0800] "GET /xingrg/all/function/internal_message.html?_=1710282155484&CODE_STATE=getMsg HTTP/1.1" 302 -
120.253.135.82 - - [13/Mar/2024:06:22:48 +0800] "POST /xingrg/kc/pszx/mdps_list_operate.html HTTP/1.1" 200 2056
120.253.135.82 - - [13/Mar/2024:06:22:49 +0800] "GET /xingrg/check_reg.html?_=1710282008080 HTTP/1.1" 200 22
120.253.135.82 - - [13/Mar/2024:06:22:49 +0800] "POST /xingrg/kc/pszx/mdps_list_operate.html HTTP/1.1" 200 611
116.224.254.208 - - [13/Mar/2024:06:22:51 +0800] "GET /xingrg/all/function/internal_message.html?_=1710282171474&CODE_STATE=getMsg HTTP/1.1" 200 27
120.253.135.82 - - [13/Mar/2024:06:22:51 +0800] "GET /xingrg/kc/pszx/mdps_order_info.html?code=312024031300260 HTTP/1.1" 200 23976
120.253.135.82 - - [13/Mar/2024:06:22:51 +0800] "GET /xingrg/javascript/easyui/themes/default/validatebox.css HTTP/1.1" 404 1104
120.253.135.82 - - [13/Mar/2024:06:22:52 +0800] "POST /xingrg/kc/pszx/mdps_order_operate.html HTTP/1.1" 200 6219
120.253.135.82 - - [13/Mar/2024:06:22:55 +0800] "POST /xingrg/kc/pszx/mdps_order_operate.html HTTP/1.1" 200 37
120.253.135.82 - - [13/Mar/2024:06:22:56 +0800] "GET /xingrg/kc/pszx/mdps_order_info.html?code=312024031300260 HTTP/1.1" 200 23976
120.253.135.82 - - [13/Mar/2024:06:22:57 +0800] "GET /xingrg/javascript/easyui/themes/default/validatebox.css HTTP/1.1" 404 1104
120.253.135.82 - - [13/Mar/2024:06:22:57 +0800] "POST /xingrg/kc/pszx/mdps_order_operate.html HTTP/1.1" 200 6283
120.253.135.82 - - [13/Mar/2024:06:22:58 +0800] "GET /xingrg/all/function/internal_message.html?_=1710282017206&CODE_STATE=getMsg HTTP/1.1" 200 27
124.77.241.8 - - [13/Mar/2024:06:23:03 +0800] "GET /xingrg/all/function/internal_message.html?_=1710282192870&CODE_STATE=getMsg HTTP/1.1" 200 27
221.239.169.251 - - [13/Mar/2024:06:23:10 +0800] "GET /xingrg/all/function/internal_message.html?_=1710282188708&CODE_STATE=getMsg HTTP/1.1" 200 27
120.253.135.82 - - [13/Mar/2024:06:23:14 +0800] "POST /xingrg/kc/pszx/mdps_list_operate.html HTTP/1.1" 200 295
120.253.135.82 - - [13/Mar/2024:06:23:16 +0800] "GET /xingrg/kc/pszx/mdps_order_info.html?code=312024031300261 HTTP/1.1" 200 23976
120.253.135.82 - - [13/Mar/2024:06:23:17 +0800] "GET /xingrg/javascript/easyui/themes/default/validatebox.css HTTP/1.1" 404 1104
120.253.135.82 - - [13/Mar/2024:06:23:17 +0800] "POST /xingrg/kc/pszx/mdps_order_operate.html HTTP/1.1" 200 2785
120.253.135.82 - - [13/Mar/2024:06:23:20 +0800] "POST /xingrg/kc/pszx/mdps_order_operate.html HTTP/1.1" 200 37
120.253.135.82 - - [13/Mar/2024:06:23:21 +0800] "GET /xingrg/kc/pszx/mdps_order_info.html?code=312024031300261 HTTP/1.1" 200 23976
120.253.135.82 - - [13/Mar/2024:06:23:22 +0800] "GET /xingrg/javascript/easyui/themes/default/validatebox.css HTTP/1.1" 404 1104
120.253.135.82 - - [13/Mar/2024:06:23:22 +0800] "POST /xingrg/kc/pszx/mdps_order_operate.html HTTP/1.1" 200 2801
124.78.60.103 - - [13/Mar/2024:06:23:23 +0800] "GET /xingrg/all/function/internal_message.html?_=1710282203527&CODE_STATE=getMsg HTTP/1.1" 200 27
116.224.254.208 - - [13/Mar/2024:06:23:27 +0800] "GET /xingrg/all/function/internal_message.html?_=1710282206700&CODE_STATE=getMsg HTTP/1.1" 200 27
116.230.123.13 - - [13/Mar/2024:06:23:38 +0800] "GET /xingrg/all/function/internal_message.html?_=1710282215501&CODE_STATE=getMsg HTTP/1.1" 302 -
116.224.254.208 - - [13/Mar/2024:06:23:51 +0800] "GET /xingrg/all/function/internal_message.html?_=1710282231486&CODE_STATE=getMsg HTTP/1.1" 200 27
120.253.135.82 - - [13/Mar/2024:06:23:58 +0800] "GET /xingrg/all/function/internal_message.html?_=1710282077221&CODE_STATE=getMsg HTTP/1.1" 200 27
120.253.135.82 - - [13/Mar/2024:06:23:58 +0800] "POST /xingrg/kc/pszx/mdps_list_operate.html HTTP/1.1" 200 2056
124.77.241.8 - - [13/Mar/2024:06:24:03 +0800] "GET /xingrg/all/function/internal_message.html?_=1710282252946&CODE_STATE=getMsg HTTP/1.1" 200 27
221.239.169.251 - - [13/Mar/2024:06:24:10 +0800] "GET /xingrg/all/function/internal_message.html?_=1710282248693&CODE_STATE=getMsg HTTP/1.1" 200 27
120.253.135.82 - - [13/Mar/2024:06:24:13 +0800] "POST /xingrg/kc/pszx/mdps_list_operate.html HTTP/1.1" 200 2438
120.253.135.82 - - [13/Mar/2024:06:24:15 +0800] "POST /xingrg/kc/pszx/mdps_list_operate.html HTTP/1.1" 200 625
120.253.135.82 - - [13/Mar/2024:06:24:16 +0800] "GET /xingrg/kc/pszx/mdps_order_info.html?code=312024031300257 HTTP/1.1" 200 23978
120.253.135.82 - - [13/Mar/2024:06:24:16 +0800] "GET /xingrg/javascript/easyui/themes/default/validatebox.css HTTP/1.1" 404 1104
120.253.135.82 - - [13/Mar/2024:06:24:17 +0800] "POST /xingrg/kc/pszx/mdps_order_operate.html HTTP/1.1" 200 11893
120.253.135.82 - - [13/Mar/2024:06:24:19 +0800] "POST /xingrg/kc/pszx/mdps_order_operate.html HTTP/1.1" 200 37
120.253.135.82 - - [13/Mar/2024:06:24:21 +0800] "GET /xingrg/kc/pszx/mdps_order_info.html?code=312024031300257 HTTP/1.1" 200 23978
120.253.135.82 - - [13/Mar/2024:06:24:21 +0800] "GET /xingrg/javascript/easyui/themes/default/validatebox.css HTTP/1.1" 404 1104
120.253.135.82 - - [13/Mar/2024:06:24:22 +0800] "POST /xingrg/kc/pszx/mdps_order_operate.html HTTP/1.1" 200 12049
124.78.60.103 - - [13/Mar/2024:06:24:23 +0800] "GET /xingrg/all/function/internal_message.html?_=1710282263511&CODE_STATE=getMsg HTTP/1.1" 200 27
116.224.254.208 - - [13/Mar/2024:06:24:27 +0800] "GET /xingrg/all/function/internal_message.html?_=1710282266673&CODE_STATE=getMsg HTTP/1.1" 200 27
116.230.123.13 - - [13/Mar/2024:06:24:38 +0800] "GET /xingrg/check_reg.html?_=1710282275489 HTTP/1.1" 302 -
116.230.123.13 - - [13/Mar/2024:06:24:38 +0800] "GET /xingrg/all/function/internal_message.html?_=1710282275490&CODE_STATE=getMsg HTTP/1.1" 302 -
221.239.169.251 - - [13/Mar/2024:06:24:48 +0800] "GET /xingrg/check_reg.html?_=1710282286853 HTTP/1.1" 200 22
120.253.135.82 - - [13/Mar/2024:06:24:50 +0800] "POST /xingrg/all/common/load_select.html HTTP/1.1" 200 25
116.224.254.208 - - [13/Mar/2024:06:24:51 +0800] "GET /xingrg/check_reg.html?_=1710282291476 HTTP/1.1" 200 22
116.224.254.208 - - [13/Mar/2024:06:24:51 +0800] "GET /xingrg/all/function/internal_message.html?_=1710282291479&CODE_STATE=getMsg HTTP/1.1" 200 27
120.253.135.82 - - [13/Mar/2024:06:24:52 +0800] "GET /xingrg/kc/pszx/mdps_order_operate.html?command=get_materiel_price&pszx_code=00101&rest_code=00150&base_code=0010246&code=00101019111&unit_code=00100202&order_time=2024-03-14 HTTP/1.1" 200 33
120.253.135.82 - - [13/Mar/2024:06:24:58 +0800] "GET /xingrg/all/function/internal_message.html?_=1710282137233&CODE_STATE=getMsg HTTP/1.1" 200 27
124.77.241.8 - - [13/Mar/2024:06:25:03 +0800] "GET /xingrg/all/function/internal_message.html?_=1710282312959&CODE_STATE=getMsg HTTP/1.1" 200 27
221.239.169.251 - - [13/Mar/2024:06:25:10 +0800] "GET /xingrg/all/function/internal_message.html?_=1710282308673&CODE_STATE=getMsg HTTP/1.1" 200 27
124.78.60.103 - - [13/Mar/2024:06:25:23 +0800] "GET /xingrg/all/function/internal_message.html?_=1710282323488&CODE_STATE=getMsg HTTP/1.1" 200 27
116.224.254.208 - - [13/Mar/2024:06:25:27 +0800] "GET /xingrg/all/function/internal_message.html?_=1710282326644&CODE_STATE=getMsg HTTP/1.1" 200 27
120.253.135.82 - - [13/Mar/2024:06:25:31 +0800] "POST /xingrg/kc/pszx/mdps_order_operate.html HTTP/1.1" 200 37
120.253.135.82 - - [13/Mar/2024:06:25:32 +0800] "GET /xingrg/kc/pszx/mdps_order_info.html?code=312024031300257 HTTP/1.1" 200 23978
120.253.135.82 - - [13/Mar/2024:06:25:33 +0800] "GET /xingrg/javascript/easyui/themes/default/validatebox.css HTTP/1.1" 404 1104
120.253.135.82 - - [13/Mar/2024:06:25:33 +0800] "POST /xingrg/kc/pszx/mdps_order_operate.html HTTP/1.1" 200 12047
116.230.123.13 - - [13/Mar/2024:06:25:38 +0800] "GET /xingrg/all/function/internal_message.html?_=1710282335483&CODE_STATE=getMsg HTTP/1.1" 302 -
116.224.254.208 - - [13/Mar/2024:06:25:38 +0800] "GET /xingrg/check_reg.html?_=1710282338273 HTTP/1.1" 200 22
120.253.135.82 - - [13/Mar/2024:06:25:44 +0800] "POST /xingrg/kc/pszx/mdps_list_operate.html HTTP/1.1" 200 2438
120.253.135.82 - - [13/Mar/2024:06:25:45 +0800] "POST /xingrg/kc/pszx/mdps_list_operate.html HTTP/1.1" 200 208
120.253.135.82 - - [13/Mar/2024:06:25:47 +0800] "GET /xingrg/kc/pszx/mdps_order_info.html?code=312024031300258 HTTP/1.1" 200 23978
120.253.135.82 - - [13/Mar/2024:06:25:47 +0800] "GET /xingrg/javascript/easyui/themes/default/validatebox.css HTTP/1.1" 404 1104
120.253.135.82 - - [13/Mar/2024:06:25:48 +0800] "POST /xingrg/kc/pszx/mdps_order_operate.html HTTP/1.1" 200 2295
120.253.135.82 - - [13/Mar/2024:06:25:49 +0800] "POST /xingrg/all/common/load_combo.html?type=base HTTP/1.1" 200 1169
116.224.254.208 - - [13/Mar/2024:06:25:51 +0800] "GET /xingrg/all/function/internal_message.html?_=1710282351488&CODE_STATE=getMsg HTTP/1.1" 200 27
120.253.135.82 - - [13/Mar/2024:06:25:54 +0800] "POST /xingrg/kc/pszx/mdps_order_operate.html HTTP/1.1" 200 37
120.253.135.82 - - [13/Mar/2024:06:25:56 +0800] "GET /xingrg/kc/pszx/mdps_order_info.html?code=312024031300258 HTTP/1.1" 200 23976
120.253.135.82 - - [13/Mar/2024:06:25:57 +0800] "GET /xingrg/javascript/easyui/themes/default/validatebox.css HTTP/1.1" 404 1104
120.253.135.82 - - [13/Mar/2024:06:25:57 +0800] "POST /xingrg/kc/pszx/mdps_order_operate.html HTTP/1.1" 200 2303
120.253.135.82 - - [13/Mar/2024:06:25:58 +0800] "GET /xingrg/all/function/internal_message.html?_=1710282197247&CODE_STATE=getMsg HTTP/1.1" 200 27
124.77.241.8 - - [13/Mar/2024:06:26:03 +0800] "GET /xingrg/all/function/internal_message.html?_=1710282373035&CODE_STATE=getMsg HTTP/1.1" 200 27
221.239.169.251 - - [13/Mar/2024:06:26:10 +0800] "GET /xingrg/all/function/internal_message.html?_=1710282368644&CODE_STATE=getMsg HTTP/1.1" 200 27
124.78.60.103 - - [13/Mar/2024:06:26:23 +0800] "GET /xingrg/all/function/internal_message.html?_=1710282383473&CODE_STATE=getMsg HTTP/1.1" 200 27
116.224.254.208 - - [13/Mar/2024:06:26:27 +0800] "GET /xingrg/all/function/internal_message.html?_=1710282386626&CODE_STATE=getMsg HTTP/1.1" 200 27
120.253.135.82 - - [13/Mar/2024:06:26:35 +0800] "POST /xingrg/kc/pszx/mdps_list_operate.html HTTP/1.1" 200 2435
124.77.241.8 - - [13/Mar/2024:06:26:35 +0800] "GET /xingrg/check_reg.html?_=1710282404599 HTTP/1.1" 200 22
124.78.60.103 - - [13/Mar/2024:06:26:35 +0800] "GET /xingrg/check_reg.html?_=1710282395629 HTTP/1.1" 200 22
120.253.135.82 - - [13/Mar/2024:06:26:37 +0800] "POST /xingrg/kc/pszx/mdps_list_operate.html HTTP/1.1" 200 606
116.230.123.13 - - [13/Mar/2024:06:26:38 +0800] "GET /xingrg/all/function/internal_message.html?_=1710282395486&CODE_STATE=getMsg HTTP/1.1" 302 -
120.253.135.82 - - [13/Mar/2024:06:26:38 +0800] "POST /xingrg/kc/pszx/mdps_list_operate.html HTTP/1.1" 200 208
120.253.135.82 - - [13/Mar/2024:06:26:39 +0800] "GET /xingrg/kc/pszx/mdps_order_info.html?code=312024031300258 HTTP/1.1" 200 23976
120.253.135.82 - - [13/Mar/2024:06:26:40 +0800] "GET /xingrg/javascript/easyui/themes/default/validatebox.css HTTP/1.1" 404 1104
120.253.135.82 - - [13/Mar/2024:06:26:40 +0800] "POST /xingrg/kc/pszx/mdps_order_operate.html HTTP/1.1" 200 2303
120.253.135.82 - - [13/Mar/2024:06:26:44 +0800] "POST /xingrg/kc/pszx/mdps_list_operate.html HTTP/1.1" 200 2435
120.253.135.82 - - [13/Mar/2024:06:26:45 +0800] "POST /xingrg/kc/pszx/mdps_list_operate.html HTTP/1.1" 200 606
120.253.135.82 - - [13/Mar/2024:06:26:46 +0800] "GET /xingrg/kc/pszx/mdps_order_info.html?code=312024031300259 HTTP/1.1" 200 23978
120.253.135.82 - - [13/Mar/2024:06:26:47 +0800] "GET /xingrg/javascript/easyui/themes/default/validatebox.css HTTP/1.1" 404 1104
120.253.135.82 - - [13/Mar/2024:06:26:47 +0800] "POST /xingrg/kc/pszx/mdps_order_operate.html HTTP/1.1" 200 4735
120.253.135.82 - - [13/Mar/2024:06:26:48 +0800] "POST /xingrg/all/common/load_combo.html?type=base HTTP/1.1" 200 1169
116.224.254.208 - - [13/Mar/2024:06:26:51 +0800] "GET /xingrg/all/function/internal_message.html?_=1710282411489&CODE_STATE=getMsg HTTP/1.1" 200 27
120.253.135.82 - - [13/Mar/2024:06:26:52 +0800] "POST /xingrg/kc/pszx/mdps_order_operate.html HTTP/1.1" 200 37
120.253.135.82 - - [13/Mar/2024:06:26:54 +0800] "GET /xingrg/kc/pszx/mdps_order_info.html?code=312024031300259 HTTP/1.1" 200 23978
120.253.135.82 - - [13/Mar/2024:06:26:54 +0800] "GET /xingrg/javascript/easyui/themes/default/validatebox.css HTTP/1.1" 404 1104
120.253.135.82 - - [13/Mar/2024:06:26:55 +0800] "POST /xingrg/kc/pszx/mdps_order_operate.html HTTP/1.1" 200 4787
120.253.135.82 - - [13/Mar/2024:06:26:58 +0800] "GET /xingrg/all/function/internal_message.html?_=1710282257261&CODE_STATE=getMsg HTTP/1.1" 200 27
124.77.241.8 - - [13/Mar/2024:06:27:03 +0800] "GET /xingrg/all/function/internal_message.html?_=1710282433049&CODE_STATE=getMsg HTTP/1.1" 200 27
221.239.169.251 - - [13/Mar/2024:06:27:10 +0800] "GET /xingrg/all/function/internal_message.html?_=1710282428633&CODE_STATE=getMsg HTTP/1.1" 200 27
120.253.135.82 - - [13/Mar/2024:06:27:20 +0800] "POST /xingrg/kc/pszx/mdps_list_operate.html HTTP/1.1" 200 2435
124.78.60.103 - - [13/Mar/2024:06:27:23 +0800] "GET /xingrg/all/function/internal_message.html?_=1710282443456&CODE_STATE=getMsg HTTP/1.1" 200 27
116.224.254.208 - - [13/Mar/2024:06:27:27 +0800] "GET /xingrg/all/function/internal_message.html?_=1710282446601&CODE_STATE=getMsg HTTP/1.1" 200 27
116.230.123.13 - - [13/Mar/2024:06:27:38 +0800] "GET /xingrg/all/function/internal_message.html?_=1710282455494&CODE_STATE=getMsg HTTP/1.1" 302 -
120.253.135.82 - - [13/Mar/2024:06:27:40 +0800] "GET /xingrg/kc/pszx/mdqp_order_list.html?state=10 HTTP/1.1" 200 10319
120.253.135.82 - - [13/Mar/2024:06:27:40 +0800] "GET /xingrg/dwr/interface/AjaxQqpsService.js HTTP/1.1" 200 16326
120.253.135.82 - - [13/Mar/2024:06:27:40 +0800] "GET /xingrg/dwr/interface/AjaxReportQueryService.js HTTP/1.1" 200 13203
120.253.135.82 - - [13/Mar/2024:06:27:40 +0800] "GET /xingrg/dwr/engine.js HTTP/1.1" 200 43631
120.253.135.82 - - [13/Mar/2024:06:27:43 +0800] "GET /xingrg/kc/report/report_main.html HTTP/1.1" 200 8599
120.253.135.82 - - [13/Mar/2024:06:27:43 +0800] "GET /xingrg/javascript/jquery_ui/themes/humanity/humanity.css HTTP/1.1" 304 -
120.253.135.82 - - [13/Mar/2024:06:27:45 +0800] "GET /xingrg/kc/base/kc_stocks.html HTTP/1.1" 200 16554
120.253.135.82 - - [13/Mar/2024:06:27:45 +0800] "GET /xingrg/javascript/easyui/themes/sunny/easyui.css HTTP/1.1" 304 -
120.253.135.82 - - [13/Mar/2024:06:27:45 +0800] "GET /xingrg/javascript/easyui/themes/icons/print_new.png HTTP/1.1" 304 -
120.253.135.82 - - [13/Mar/2024:06:27:45 +0800] "GET /xingrg/javascript/easyui/themes/icons/refresh_new.png HTTP/1.1" 304 -
120.253.135.82 - - [13/Mar/2024:06:27:45 +0800] "GET /xingrg/javascript/easyui/themes/icons/filter_new.png HTTP/1.1" 304 -
120.253.135.82 - - [13/Mar/2024:06:27:45 +0800] "GET /xingrg/javascript/easyui/plugins/jquery.draggable.js HTTP/1.1" 304 -
120.253.135.82 - - [13/Mar/2024:06:27:45 +0800] "GET /xingrg/javascript/easyui/plugins/jquery.droppable.js HTTP/1.1" 304 -
120.253.135.82 - - [13/Mar/2024:06:27:45 +0800] "GET /xingrg/javascript/easyui/themes/default/tree.css HTTP/1.1" 404 1090
120.253.135.82 - - [13/Mar/2024:06:27:45 +0800] "GET /xingrg/javascript/easyui/plugins/jquery.tree.js HTTP/1.1" 304 -
120.253.135.82 - - [13/Mar/2024:06:27:45 +0800] "POST /xingrg/all/common/load_tree.html?tree=materiel_sort_tree_json HTTP/1.1" 200 9734
120.253.135.82 - - [13/Mar/2024:06:27:45 +0800] "GET /xingrg/javascript/easyui/themes/sunny/images/tree_arrows.gif HTTP/1.1" 304 -
120.253.135.82 - - [13/Mar/2024:06:27:45 +0800] "GET /xingrg/javascript/easyui/themes/sunny/images/tree_folder_open.gif HTTP/1.1" 304 -
120.253.135.82 - - [13/Mar/2024:06:27:45 +0800] "GET /xingrg/javascript/easyui/themes/sunny/images/tree_folder.gif HTTP/1.1" 304 -
120.253.135.82 - - [13/Mar/2024:06:27:45 +0800] "GET /xingrg/javascript/easyui/themes/sunny/images/tree_file.gif HTTP/1.1" 304 -
120.253.135.82 - - [13/Mar/2024:06:27:46 +0800] "POST /xingrg/all/common/load_combo.html?type=base HTTP/1.1" 200 1169
120.253.135.82 - - [13/Mar/2024:06:27:49 +0800] "GET /xingrg/check_reg.html?_=1710282308088 HTTP/1.1" 200 22
116.224.254.208 - - [13/Mar/2024:06:27:51 +0800] "GET /xingrg/all/function/internal_message.html?_=1710282471489&CODE_STATE=getMsg HTTP/1.1" 200 27
120.253.135.82 - - [13/Mar/2024:06:27:58 +0800] "GET /xingrg/all/function/internal_message.html?_=1710282317284&CODE_STATE=getMsg HTTP/1.1" 200 27
124.77.241.8 - - [13/Mar/2024:06:28:03 +0800] "GET /xingrg/all/function/internal_message.html?_=1710282493062&CODE_STATE=getMsg HTTP/1.1" 200 27
120.253.135.82 - - [13/Mar/2024:06:28:04 +0800] "POST /xingrg/kc/base/stock_operate.html HTTP/1.1" 200 1964
120.253.135.82 - - [13/Mar/2024:06:28:04 +0800] "GET /xingrg/javascript/jquery_tools/fix_table.js HTTP/1.1" 304 -
221.239.169.251 - - [13/Mar/2024:06:28:09 +0800] "GET /xingrg/all/function/internal_message.html?_=1710282488608&CODE_STATE=getMsg HTTP/1.1" 200 27
124.78.60.103 - - [13/Mar/2024:06:28:23 +0800] "GET /xingrg/all/function/internal_message.html?_=1710282503432&CODE_STATE=getMsg HTTP/1.1" 200 27
