101.83.145.37 - - [13/Mar/2024:11:11:45 +0800] "GET /xingrg/kc/buy/cgsh_order_info.html?code=212024031303692 HTTP/1.1" 200 73750
101.83.145.37 - - [13/Mar/2024:11:11:46 +0800] "GET /xingrg/javascript/easyui/themes/default/validatebox.css HTTP/1.1" 404 1104
101.83.145.37 - - [13/Mar/2024:11:11:46 +0800] "GET /xingrg/all/common/auto_word.html?type=employee&rest_code=00105 HTTP/1.1" 200 193
101.83.145.37 - - [13/Mar/2024:11:11:46 +0800] "GET /xingrg/all/common/auto_word.html?type=employee&rest_code=00105 HTTP/1.1" 200 193
101.83.145.37 - - [13/Mar/2024:11:11:47 +0800] "POST /xingrg/kc/buy/cgsh_order_operate.html HTTP/1.1" 200 6817
116.230.123.13 - - [13/Mar/2024:11:11:50 +0800] "GET /xingrg/kc/report/report_main.html HTTP/1.1" 200 7340
116.238.97.31 - - [13/Mar/2024:11:11:50 +0800] "POST /xingrg/kc/buy/cgsh_order_operate.html HTTP/1.1" 200 12
116.224.254.208 - - [13/Mar/2024:11:11:51 +0800] "GET /xingrg/all/function/internal_message.html?_=1710299510584&CODE_STATE=getMsg HTTP/1.1" 200 27
101.83.145.37 - - [13/Mar/2024:11:11:51 +0800] "GET /xingrg/kc/print/load_config.html?kc_code=cgsh HTTP/1.1" 200 1927
101.83.145.37 - - [13/Mar/2024:11:11:52 +0800] "GET /xingrg/kc/print/load_data.html?order_code=212024031303692&kc_code=cgsh&condition= HTTP/1.1" 200 2259
116.230.123.13 - - [13/Mar/2024:11:11:52 +0800] "POST /xingrg/kc/buy/cgsh_list_operate.html HTTP/1.1" 200 1390
101.228.147.14 - - [13/Mar/2024:11:11:52 +0800] "GET /xingrg/all/function/internal_message.html?_=1710299511065&CODE_STATE=getMsg HTTP/1.1" 200 27
116.238.97.31 - - [13/Mar/2024:11:11:53 +0800] "GET /xingrg/kc/buy/cgsh_order_info.html?code=212024031303699 HTTP/1.1" 200 68595
116.238.97.31 - - [13/Mar/2024:11:11:53 +0800] "GET /xingrg/javascript/easyui/themes/default/validatebox.css HTTP/1.1" 404 1104
116.238.97.31 - - [13/Mar/2024:11:11:54 +0800] "POST /xingrg/kc/buy/cgsh_order_operate.html HTTP/1.1" 200 4166
116.230.123.13 - - [13/Mar/2024:11:11:55 +0800] "GET /xingrg/all/report/report_query.html?fileName=kc/buy/gys_amount.xml&rh=99999 HTTP/1.1" 200 52006
116.230.123.13 - - [13/Mar/2024:11:11:55 +0800] "GET /xingrg/dwr/interface/AjaxReportQueryService.js HTTP/1.1" 200 13203
116.230.123.13 - - [13/Mar/2024:11:11:56 +0800] "GET /xingrg/dwr/engine.js HTTP/1.1" 200 43631
116.230.123.13 - - [13/Mar/2024:11:11:56 +0800] "GET /xingrg/dwr/util.js HTTP/1.1" 304 -
116.230.123.13 - - [13/Mar/2024:11:11:57 +0800] "POST /xingrg/dwr/call/plaincall/AjaxReportQueryService.getFixDate.dwr HTTP/1.1" 200 111
116.238.97.31 - - [13/Mar/2024:11:11:57 +0800] "GET /xingrg/kc/print/load_data.html?order_code=212024031303699&kc_code=cgsh&condition= HTTP/1.1" 200 2070
116.230.123.13 - - [13/Mar/2024:11:11:57 +0800] "POST /xingrg/dwr/call/plaincall/AjaxReportQueryService.getInitString.dwr HTTP/1.1" 200 1002
116.230.123.13 - - [13/Mar/2024:11:11:57 +0800] "POST /xingrg/all/common/load_tree.html?tree=materiel_sort_tree_json HTTP/1.1" 200 9734
116.230.123.13 - - [13/Mar/2024:11:11:57 +0800] "POST /xingrg/all/common/load_tree.html?tree=supplier_tree_json&manage=1 HTTP/1.1" 200 81197
124.77.241.8 - - [13/Mar/2024:11:11:58 +0800] "GET /xingrg/all/function/internal_message.html?_=1710299528153&CODE_STATE=getMsg HTTP/1.1" 200 27
114.89.91.180 - - [13/Mar/2024:11:12:01 +0800] "GET /xingrg/all/function/internal_message.html?_=1710299523806&CODE_STATE=getMsg HTTP/1.1" 200 27
116.238.97.31 - - [13/Mar/2024:11:12:01 +0800] "GET /xingrg/kc/buy/cgsh_order_add.html HTTP/1.1" 200 73690
116.238.97.31 - - [13/Mar/2024:11:12:01 +0800] "POST /xingrg/kc/buy/cgsh_order_operate.html HTTP/1.1" 200 8245
116.238.97.31 - - [13/Mar/2024:11:12:02 +0800] "GET /xingrg/javascript/easyui/themes/default/validatebox.css HTTP/1.1" 404 1104
116.238.97.31 - - [13/Mar/2024:11:12:02 +0800] "GET /xingrg/javascript/easyui/themes/default/tree.css HTTP/1.1" 404 1090
116.238.97.31 - - [13/Mar/2024:11:12:03 +0800] "POST /xingrg/all/common/load_tree.html?tree=supplier_tree_json&isDelete=1 HTTP/1.1" 200 78788
221.239.169.251 - - [13/Mar/2024:11:12:04 +0800] "GET /xingrg/all/function/internal_message.html?_=1710299523483&CODE_STATE=getMsg HTTP/1.1" 200 27
116.230.123.13 - - [13/Mar/2024:11:12:06 +0800] "GET /xingrg/kc/buy/cgsh_order_list.html HTTP/1.1" 200 57880
124.78.156.2 - - [13/Mar/2024:11:12:10 +0800] "GET /xingrg/kc/buy/cgsh_order_operate.html?command=get_materiel&rest_code=00106&code=00102035012&supplier_code=00100076&order_time=2024-03-13 HTTP/1.1" 200 417
116.230.123.13 - - [13/Mar/2024:11:12:11 +0800] "POST /xingrg/kc/buy/cgsh_list_operate.html HTTP/1.1" 200 1390
180.164.1.25 - - [13/Mar/2024:11:12:11 +0800] "GET /xingrg/all/function/internal_message.html?_=1710299530968&CODE_STATE=getMsg HTTP/1.1" 200 27
124.79.241.4 - - [13/Mar/2024:11:12:16 +0800] "POST /xingrg/services/DataTransmitService HTTP/1.1" 200 524
101.83.145.37 - - [13/Mar/2024:11:12:16 +0800] "GET /xingrg/all/function/internal_message.html?_=1710299299418&CODE_STATE=getMsg HTTP/1.1" 200 27
116.230.123.13 - - [13/Mar/2024:11:12:17 +0800] "GET /xingrg/javascript/jquery_tools/images/next.gif HTTP/1.1" 404 1086
116.230.123.13 - - [13/Mar/2024:11:12:17 +0800] "GET /xingrg/javascript/jquery_tools/images/prev.gif HTTP/1.1" 404 1086
114.83.220.119 - - [13/Mar/2024:11:12:18 +0800] "GET /xingrg/all/function/internal_message.html?_=1710299536860&CODE_STATE=getMsg HTTP/1.1" 200 27
124.78.60.103 - - [13/Mar/2024:11:12:18 +0800] "GET /xingrg/all/function/internal_message.html?_=1710299538490&CODE_STATE=getMsg HTTP/1.1" 200 27
116.238.97.31 - - [13/Mar/2024:11:12:19 +0800] "GET /xingrg/kc/buy/cgsh_order_operate.html?command=get_materiel&rest_code=00102&code=00101010161&supplier_code=00100663&order_time=2024-03-13 HTTP/1.1" 200 408
116.238.97.31 - - [13/Mar/2024:11:12:21 +0800] "GET /xingrg/all/function/internal_message.html?_=1710299543382&CODE_STATE=getMsg HTTP/1.1" 200 27
222.69.133.156 - - [13/Mar/2024:11:12:22 +0800] "GET /xingrg/all/function/internal_message.html?_=1710299544340&CODE_STATE=getMsg HTTP/1.1" 200 27
116.230.123.13 - - [13/Mar/2024:11:12:24 +0800] "GET /xingrg/javascript/easyui/themes/default/tree.css HTTP/1.1" 404 1090
116.230.123.13 - - [13/Mar/2024:11:12:25 +0800] "POST /xingrg/all/common/load_tree.html?tree=supplier_tree_json&manage=1 HTTP/1.1" 200 81197
180.169.147.146 - - [13/Mar/2024:11:12:25 +0800] "GET /xingrg/check_reg.html?_=1710299545269 HTTP/1.1" 302 -
124.78.156.2 - - [13/Mar/2024:11:12:26 +0800] "GET /xingrg/all/function/internal_message.html?_=1710299545465&CODE_STATE=getMsg HTTP/1.1" 200 27
180.163.29.79 - - [13/Mar/2024:11:12:27 +0800] "GET /xingrg/kc/buy/cgsh_order_operate.html?command=get_materiel&rest_code=00106&code=00102005326&supplier_code=00100076&order_time=2024-03-13 HTTP/1.1" 302 -
180.163.29.79 - - [13/Mar/2024:11:12:27 +0800] "GET /xingrg/login.html HTTP/1.1" 200 7641
116.224.254.208 - - [13/Mar/2024:11:12:27 +0800] "GET /xingrg/all/function/internal_message.html?_=1710299548036&CODE_STATE=getMsg HTTP/1.1" 200 27
101.83.145.37 - - [13/Mar/2024:11:12:27 +0800] "GET /xingrg/javascript/jquery_easy_ui/themes/icons/rest.png HTTP/1.1" 304 -
101.83.145.37 - - [13/Mar/2024:11:12:28 +0800] "GET /xingrg/javascript/jquery_easy_ui/themes/icons/area.png HTTP/1.1" 304 -
101.83.145.37 - - [13/Mar/2024:11:12:29 +0800] "GET /xingrg/kc/buy/cgsh_order_add.html HTTP/1.1" 200 73737
101.83.145.37 - - [13/Mar/2024:11:12:30 +0800] "POST /xingrg/kc/buy/cgsh_order_operate.html HTTP/1.1" 200 8245
101.83.145.37 - - [13/Mar/2024:11:12:30 +0800] "GET /xingrg/javascript/easyui/themes/default/validatebox.css HTTP/1.1" 404 1104
124.79.241.4 - - [13/Mar/2024:11:12:33 +0800] "GET /xingrg/all/function/internal_message.html?_=1710299572351&CODE_STATE=getMsg HTTP/1.1" 200 27
101.83.145.37 - - [13/Mar/2024:11:12:34 +0800] "GET /xingrg/javascript/auto/indicator.gif HTTP/1.1" 404 1066
120.253.135.82 - - [13/Mar/2024:11:12:36 +0800] "GET /xingrg/all/function/internal_message.html?_=1710299395393&CODE_STATE=getMsg HTTP/1.1" 200 27
124.77.241.8 - - [13/Mar/2024:11:12:37 +0800] "GET /xingrg/kc/buy/cgsh_order_operate.html?command=get_materiel&rest_code=00146&code=00101010842&supplier_code=00100575&order_time=2024-03-13 HTTP/1.1" 200 435
101.83.145.37 - - [13/Mar/2024:11:12:37 +0800] "GET /xingrg/check_reg.html?_=1710299558518 HTTP/1.1" 200 22
101.83.145.37 - - [13/Mar/2024:11:12:37 +0800] "GET /xingrg/all/function/internal_message.html?_=1710299558520&CODE_STATE=getMsg HTTP/1.1" 200 27
116.230.123.13 - - [13/Mar/2024:11:12:38 +0800] "GET /xingrg/all/function/internal_message.html?_=1710299555504&CODE_STATE=getMsg HTTP/1.1" 302 -
116.230.123.13 - - [13/Mar/2024:11:12:41 +0800] "GET /xingrg/all/function/internal_message.html?_=1710299559556&CODE_STATE=getMsg HTTP/1.1" 200 27
114.89.91.180 - - [13/Mar/2024:11:12:44 +0800] "GET /xingrg/kc/buy/cgsh_order_operate.html?command=get_materiel&rest_code=00158&code=00101020206&supplier_code=00100151&order_time=2024-03-13 HTTP/1.1" 200 409
124.78.156.2 - - [13/Mar/2024:11:12:45 +0800] "GET /xingrg/kc/buy/cgsh_order_operate.html?command=get_materiel&rest_code=00106&code=00102005114&supplier_code=00100076&order_time=2024-03-13 HTTP/1.1" 200 409
120.253.135.82 - - [13/Mar/2024:11:12:50 +0800] "GET /xingrg/check_reg.html?_=1710299409025 HTTP/1.1" 200 22
116.224.254.208 - - [13/Mar/2024:11:12:51 +0800] "GET /xingrg/check_reg.html?_=1710299570556 HTTP/1.1" 200 22
116.224.254.208 - - [13/Mar/2024:11:12:51 +0800] "GET /xingrg/all/function/internal_message.html?_=1710299570558&CODE_STATE=getMsg HTTP/1.1" 200 27
101.228.147.14 - - [13/Mar/2024:11:12:52 +0800] "GET /xingrg/all/function/internal_message.html?_=1710299571064&CODE_STATE=getMsg HTTP/1.1" 200 27
124.79.241.4 - - [13/Mar/2024:11:12:52 +0800] "POST /xingrg/services/DataTransmitService HTTP/1.1" 200 501
124.77.241.8 - - [13/Mar/2024:11:12:54 +0800] "POST /xingrg/kc/buy/cgsh_order_operate.html HTTP/1.1" 200 37
101.83.145.37 - - [13/Mar/2024:11:12:57 +0800] "GET /xingrg/kc/buy/cgsh_order_operate.html?command=get_materiel&rest_code=00105&code=00101010616&supplier_code=00100494&order_time=2024-03-13 HTTP/1.1" 200 409
124.77.241.8 - - [13/Mar/2024:11:12:57 +0800] "POST /xingrg/kc/buy/cgsh_order_operate.html HTTP/1.1" 200 2672
124.77.241.8 - - [13/Mar/2024:11:12:58 +0800] "GET /xingrg/all/function/internal_message.html?_=1710299588167&CODE_STATE=getMsg HTTP/1.1" 200 27
114.89.91.180 - - [13/Mar/2024:11:13:01 +0800] "GET /xingrg/all/function/internal_message.html?_=1710299583820&CODE_STATE=getMsg HTTP/1.1" 200 27
124.77.241.8 - - [13/Mar/2024:11:13:02 +0800] "GET /xingrg/kc/print/load_data.html?order_code=212024031303700&kc_code=cgsh&condition= HTTP/1.1" 200 696
221.239.169.251 - - [13/Mar/2024:11:13:04 +0800] "GET /xingrg/all/function/internal_message.html?_=1710299583455&CODE_STATE=getMsg HTTP/1.1" 200 27
124.78.156.2 - - [13/Mar/2024:11:13:06 +0800] "POST /xingrg/kc/buy/cgsh_order_operate.html HTTP/1.1" 200 37
116.238.97.31 - - [13/Mar/2024:11:13:09 +0800] "GET /xingrg/kc/buy/cgsh_order_operate.html?command=get_materiel&rest_code=00102&code=00101004056&supplier_code=00100663&order_time=2024-03-13 HTTP/1.1" 200 419
124.77.241.8 - - [13/Mar/2024:11:13:09 +0800] "GET /xingrg/kc/buy/cgsh_order_add.html HTTP/1.1" 200 73655
124.77.241.8 - - [13/Mar/2024:11:13:11 +0800] "POST /xingrg/kc/buy/cgsh_order_operate.html HTTP/1.1" 200 8245
124.77.241.8 - - [13/Mar/2024:11:13:11 +0800] "GET /xingrg/javascript/easyui/themes/default/validatebox.css HTTP/1.1" 404 1104
180.164.1.25 - - [13/Mar/2024:11:13:11 +0800] "GET /xingrg/all/function/internal_message.html?_=1710299590944&CODE_STATE=getMsg HTTP/1.1" 200 27
101.83.145.37 - - [13/Mar/2024:11:13:16 +0800] "POST /xingrg/kc/buy/cgsh_order_operate.html HTTP/1.1" 200 37
124.78.156.2 - - [13/Mar/2024:11:13:16 +0800] "POST /xingrg/kc/buy/cgsh_order_operate.html HTTP/1.1" 200 12
114.83.220.119 - - [13/Mar/2024:11:13:18 +0800] "GET /xingrg/all/function/internal_message.html?_=1710299596844&CODE_STATE=getMsg HTTP/1.1" 200 27
101.83.145.37 - - [13/Mar/2024:11:13:18 +0800] "POST /xingrg/kc/buy/cgsh_order_operate.html HTTP/1.1" 200 2658
124.78.60.103 - - [13/Mar/2024:11:13:18 +0800] "GET /xingrg/all/function/internal_message.html?_=1710299598473&CODE_STATE=getMsg HTTP/1.1" 200 27
124.78.156.2 - - [13/Mar/2024:11:13:20 +0800] "GET /xingrg/kc/buy/cgsh_order_info.html?code=212024031303701 HTTP/1.1" 200 68560
124.78.156.2 - - [13/Mar/2024:11:13:20 +0800] "GET /xingrg/javascript/easyui/themes/default/validatebox.css HTTP/1.1" 404 1104
124.78.156.2 - - [13/Mar/2024:11:13:21 +0800] "POST /xingrg/kc/buy/cgsh_order_operate.html HTTP/1.1" 200 2386
116.238.97.31 - - [13/Mar/2024:11:13:21 +0800] "GET /xingrg/kc/buy/cgsh_order_operate.html?command=get_materiel&rest_code=00102&code=00101001069&supplier_code=00100663&order_time=2024-03-13 HTTP/1.1" 200 409
116.238.97.31 - - [13/Mar/2024:11:13:21 +0800] "GET /xingrg/all/function/internal_message.html?_=1710299603351&CODE_STATE=getMsg HTTP/1.1" 200 27
101.83.145.37 - - [13/Mar/2024:11:13:22 +0800] "GET /xingrg/kc/print/load_data.html?order_code=212024031303702&kc_code=cgsh&condition= HTTP/1.1" 200 669
222.69.133.156 - - [13/Mar/2024:11:13:22 +0800] "GET /xingrg/all/function/internal_message.html?_=1710299604343&CODE_STATE=getMsg HTTP/1.1" 200 27
124.78.156.2 - - [13/Mar/2024:11:13:23 +0800] "GET /favicon.ico HTTP/1.1" 404 -
124.78.156.2 - - [13/Mar/2024:11:13:23 +0800] "GET /xingrg/kc/print/load_data.html?order_code=212024031303701&kc_code=cgsh&condition= HTTP/1.1" 200 1426
124.78.156.2 - - [13/Mar/2024:11:13:26 +0800] "GET /xingrg/all/function/internal_message.html?_=1710299605449&CODE_STATE=getMsg HTTP/1.1" 200 27
116.224.254.208 - - [13/Mar/2024:11:13:27 +0800] "GET /xingrg/all/function/internal_message.html?_=1710299608045&CODE_STATE=getMsg HTTP/1.1" 200 27
116.238.97.31 - - [13/Mar/2024:11:13:29 +0800] "GET /xingrg/kc/buy/cgsh_order_operate.html?command=get_materiel&rest_code=00102&code=00101002027&supplier_code=00100663&order_time=2024-03-13 HTTP/1.1" 200 413
116.230.123.13 - - [13/Mar/2024:11:13:29 +0800] "POST /xingrg/kc/buy/cgsh_list_operate.html HTTP/1.1" 200 1716
124.79.241.4 - - [13/Mar/2024:11:13:33 +0800] "GET /xingrg/all/function/internal_message.html?_=1710299632349&CODE_STATE=getMsg HTTP/1.1" 200 27
120.253.135.82 - - [13/Mar/2024:11:13:36 +0800] "GET /xingrg/all/function/internal_message.html?_=1710299455405&CODE_STATE=getMsg HTTP/1.1" 200 27
101.83.145.37 - - [13/Mar/2024:11:13:37 +0800] "GET /xingrg/all/function/internal_message.html?_=1710299618544&CODE_STATE=getMsg HTTP/1.1" 200 27
116.230.123.13 - - [13/Mar/2024:11:13:38 +0800] "POST /xingrg/kc/buy/cgsh_list_operate.html HTTP/1.1" 200 201
116.230.123.13 - - [13/Mar/2024:11:13:38 +0800] "GET /xingrg/all/function/internal_message.html?_=1710299615503&CODE_STATE=getMsg HTTP/1.1" 302 -
124.78.156.2 - - [13/Mar/2024:11:13:39 +0800] "GET /xingrg/kc/buy/cgsh_order_add.html HTTP/1.1" 200 73655
124.78.156.2 - - [13/Mar/2024:11:13:39 +0800] "POST /xingrg/kc/buy/cgsh_order_operate.html HTTP/1.1" 200 8245
124.78.156.2 - - [13/Mar/2024:11:13:40 +0800] "GET /xingrg/javascript/easyui/themes/default/validatebox.css HTTP/1.1" 404 1104
116.238.97.31 - - [13/Mar/2024:11:13:41 +0800] "GET /xingrg/kc/buy/cgsh_order_operate.html?command=get_materiel&rest_code=00102&code=00101002022&supplier_code=00100663&order_time=2024-03-13 HTTP/1.1" 200 409
116.230.123.13 - - [13/Mar/2024:11:13:41 +0800] "GET /xingrg/all/function/internal_message.html?_=1710299619540&CODE_STATE=getMsg HTTP/1.1" 200 27
116.230.123.13 - - [13/Mar/2024:11:13:41 +0800] "POST /xingrg/kc/buy/cgsh_list_operate.html HTTP/1.1" 200 201
180.163.29.79 - - [13/Mar/2024:11:13:43 +0800] "GET /xingrg/kc/buy/cgsh_order_operate.html?command=get_materiel&rest_code=00106&code=00102005114&supplier_code=00100076&order_time=2024-03-13 HTTP/1.1" 302 -
180.163.29.79 - - [13/Mar/2024:11:13:43 +0800] "GET /xingrg/login.html HTTP/1.1" 200 7641
101.83.145.37 - - [13/Mar/2024:11:13:45 +0800] "GET /xingrg/kc/buy/cgsh_order_add.html HTTP/1.1" 200 73737
124.78.156.2 - - [13/Mar/2024:11:13:45 +0800] "GET /xingrg/login.html?r=1 HTTP/1.1" 200 7641
124.78.156.2 - - [13/Mar/2024:11:13:45 +0800] "GET /xingrg/images/blue/jxLogo.png HTTP/1.1" 304 -
101.83.145.37 - - [13/Mar/2024:11:13:45 +0800] "POST /xingrg/kc/buy/cgsh_order_operate.html HTTP/1.1" 200 8245
101.83.145.37 - - [13/Mar/2024:11:13:45 +0800] "GET /xingrg/javascript/easyui/themes/default/validatebox.css HTTP/1.1" 404 1104
124.78.156.2 - - [13/Mar/2024:11:13:46 +0800] "GET /xingrg/images/blue/login_bg.png HTTP/1.1" 304 -
124.78.156.2 - - [13/Mar/2024:11:13:46 +0800] "GET /xingrg/images/blue/srbg.png HTTP/1.1" 304 -
124.78.156.2 - - [13/Mar/2024:11:13:46 +0800] "GET /xingrg/images/blue/hj.png HTTP/1.1" 304 -
180.163.29.206 - - [13/Mar/2024:11:13:46 +0800] "GET /xingrg/all/function/internal_message.html?_=1710298044549&CODE_STATE=getMsg HTTP/1.1" 302 -
180.163.29.206 - - [13/Mar/2024:11:13:46 +0800] "GET /xingrg/login.html HTTP/1.1" 200 7641
124.78.156.2 - - [13/Mar/2024:11:13:46 +0800] "GET /favicon.ico HTTP/1.1" 404 -
124.78.156.2 - - [13/Mar/2024:11:13:49 +0800] "POST /xingrg/login.do HTTP/1.1" 302 -
124.78.156.2 - - [13/Mar/2024:11:13:49 +0800] "GET /xingrg/index.html?sysBaseUrl=http%3A%2F%2F180.169.147.146%3A18081%2Fxingrg%2F&costTime=813×tamp=1710299629186 HTTP/1.1" 200 17173
124.78.156.2 - - [13/Mar/2024:11:13:49 +0800] "GET /xingrg/javascript/jquery_easy_ui/themes/default/easyui.css HTTP/1.1" 304 -
124.78.156.2 - - [13/Mar/2024:11:13:49 +0800] "GET /xingrg/javascript/jquery_easy_ui/themes/icon.css HTTP/1.1" 304 -
124.78.156.2 - - [13/Mar/2024:11:13:49 +0800] "GET /xingrg/css/form.css HTTP/1.1" 304 -
124.78.156.2 - - [13/Mar/2024:11:13:49 +0800] "GET /xingrg/javascript/jquery-1.4.2.min.js HTTP/1.1" 304 -
124.78.156.2 - - [13/Mar/2024:11:13:49 +0800] "GET /xingrg/javascript/jquery_easy_ui/jquery.easyui.min.js HTTP/1.1" 304 -
124.78.156.2 - - [13/Mar/2024:11:13:49 +0800] "GET /xingrg/javascript/jquery_easy_ui/easyui-lang-zh_CN.js HTTP/1.1" 304 -
124.78.156.2 - - [13/Mar/2024:11:13:49 +0800] "GET /xingrg/javascript/jquery.form.js HTTP/1.1" 304 -
124.78.156.2 - - [13/Mar/2024:11:13:49 +0800] "GET /xingrg/javascript/jquery.utils.js HTTP/1.1" 304 -
124.78.156.2 - - [13/Mar/2024:11:13:49 +0800] "GET /xingrg/javascript/jquery.timers.js HTTP/1.1" 304 -
124.78.156.2 - - [13/Mar/2024:11:13:49 +0800] "GET /favicon.ico HTTP/1.1" 404 -
124.78.156.2 - - [13/Mar/2024:11:13:49 +0800] "GET /xingrg/javascript/jquery_easy_ui/themes/icons/settle_new.png HTTP/1.1" 304 -
124.78.156.2 - - [13/Mar/2024:11:13:49 +0800] "GET /xingrg/images/blue/navBackgound.jpg HTTP/1.1" 304 -
124.78.156.2 - - [13/Mar/2024:11:13:49 +0800] "GET /xingrg/all/function/internal_message.html?_=1710299633159&CODE_STATE=count HTTP/1.1" 200 11
124.78.156.2 - - [13/Mar/2024:11:13:49 +0800] "POST /xingrg/all/common/load_tree.html?tree=area_rest_tree_json&manage=1 HTTP/1.1" 200 342
124.78.156.2 - - [13/Mar/2024:11:13:49 +0800] "GET /xingrg/javascript/jquery_easy_ui/themes/default/images/tabs_leftarrow.png HTTP/1.1" 304 -
124.78.156.2 - - [13/Mar/2024:11:13:49 +0800] "GET /xingrg/javascript/jquery_easy_ui/themes/default/images/tabs_rightarrow.png HTTP/1.1" 304 -
124.78.156.2 - - [13/Mar/2024:11:13:49 +0800] "GET /xingrg/images/blue/pingpu.png HTTP/1.1" 304 -
124.78.156.2 - - [13/Mar/2024:11:13:49 +0800] "GET /xingrg/javascript/jquery_easy_ui/themes/default/images/panel_tool_collapse.gif HTTP/1.1" 304 -
124.78.156.2 - - [13/Mar/2024:11:13:49 +0800] "GET /xingrg/check_reg.html?_=1710299633159 HTTP/1.1" 200 22
124.78.156.2 - - [13/Mar/2024:11:13:49 +0800] "POST /xingrg/load_menu.html HTTP/1.1" 200 5138
124.78.156.2 - - [13/Mar/2024:11:13:49 +0800] "GET /xingrg/javascript/jquery_easy_ui/themes/default/images/tree_arrows.gif HTTP/1.1" 304 -
124.78.156.2 - - [13/Mar/2024:11:13:49 +0800] "GET /xingrg/javascript/jquery_easy_ui/themes/default/images/tree_folder_open.gif HTTP/1.1" 304 -
124.78.156.2 - - [13/Mar/2024:11:13:49 +0800] "GET /xingrg/javascript/jquery_easy_ui/themes/icons/search_new.png HTTP/1.1" 304 -
124.78.156.2 - - [13/Mar/2024:11:13:49 +0800] "GET /xingrg/javascript/jquery_easy_ui/themes/icons/storage_new.png HTTP/1.1" 304 -
124.78.156.2 - - [13/Mar/2024:11:13:49 +0800] "GET /xingrg/javascript/jquery_easy_ui/themes/default/images/tree_folder.gif HTTP/1.1" 304 -
124.78.156.2 - - [13/Mar/2024:11:13:49 +0800] "GET /xingrg/javascript/jquery_easy_ui/themes/icons/forms_new.png HTTP/1.1" 304 -
124.78.156.2 - - [13/Mar/2024:11:13:49 +0800] "GET /xingrg/javascript/jquery_easy_ui/themes/default/images/tree_file.gif HTTP/1.1" 304 -
116.238.97.31 - - [13/Mar/2024:11:13:50 +0800] "POST /xingrg/kc/buy/cgsh_order_operate.html HTTP/1.1" 200 37
116.224.254.208 - - [13/Mar/2024:11:13:51 +0800] "GET /xingrg/all/function/internal_message.html?_=1710299630574&CODE_STATE=getMsg HTTP/1.1" 200 27
101.83.145.37 - - [13/Mar/2024:11:13:51 +0800] "GET /xingrg/javascript/jquery_tools/images/prev.gif HTTP/1.1" 404 1086
101.83.145.37 - - [13/Mar/2024:11:13:51 +0800] "GET /xingrg/javascript/jquery_tools/images/next.gif HTTP/1.1" 404 1086
124.78.156.2 - - [13/Mar/2024:11:13:51 +0800] "GET /xingrg/javascript/easyui/themes/default/tree.css HTTP/1.1" 404 1090
101.228.147.14 - - [13/Mar/2024:11:13:52 +0800] "GET /xingrg/all/function/internal_message.html?_=1710299631064&CODE_STATE=getMsg HTTP/1.1" 200 27
101.228.147.14 - - [13/Mar/2024:11:13:52 +0800] "GET /xingrg/check_reg.html?_=1710299631065 HTTP/1.1" 200 22
124.78.156.2 - - [13/Mar/2024:11:13:52 +0800] "POST /xingrg/all/common/load_tree.html?tree=supplier_tree_json&isDelete=1 HTTP/1.1" 200 78788
124.78.156.2 - - [13/Mar/2024:11:13:53 +0800] "GET /xingrg/kc/buy/buy_main.html HTTP/1.1" 200 12412
124.78.156.2 - - [13/Mar/2024:11:13:54 +0800] "GET /xingrg/javascript/jquery_easy_ui/themes/default/images/tabs_close.gif HTTP/1.1" 304 -
124.78.156.2 - - [13/Mar/2024:11:13:54 +0800] "GET /xingrg/css/blue.css HTTP/1.1" 304 -
124.78.156.2 - - [13/Mar/2024:11:13:54 +0800] "GET /xingrg/css/new_ie.css HTTP/1.1" 404 1036
124.78.156.2 - - [13/Mar/2024:11:13:54 +0800] "GET /xingrg/javascript/jquery_ui/themes/humanity/humanity.css HTTP/1.1" 304 -
124.78.156.2 - - [13/Mar/2024:11:13:54 +0800] "GET /xingrg/javascript/pic_change.js HTTP/1.1" 304 -
124.78.156.2 - - [13/Mar/2024:11:13:54 +0800] "GET /xingrg/javascript/ToolTips.js HTTP/1.1" 304 -
124.78.156.2 - - [13/Mar/2024:11:13:54 +0800] "GET /xingrg/javascript/myfunction.js HTTP/1.1" 304 -
124.78.156.2 - - [13/Mar/2024:11:13:54 +0800] "GET /xingrg/javascript/jquery_ui/jquery-ui.min.js HTTP/1.1" 304 -
124.78.156.2 - - [13/Mar/2024:11:13:54 +0800] "GET /xingrg/images/blue/button/cgxqd.gif HTTP/1.1" 304 -
124.78.156.2 - - [13/Mar/2024:11:13:54 +0800] "GET /xingrg/images/blue/button/cgydd.gif HTTP/1.1" 304 -
124.78.156.2 - - [13/Mar/2024:11:13:54 +0800] "GET /xingrg/images/blue/button/cgshd.gif HTTP/1.1" 304 -
124.78.156.2 - - [13/Mar/2024:11:13:54 +0800] "GET /xingrg/images/blue/button/kc.gif HTTP/1.1" 304 -
124.78.156.2 - - [13/Mar/2024:11:13:54 +0800] "GET /xingrg/images/blue/button/cgfkd.gif HTTP/1.1" 304 -
124.78.156.2 - - [13/Mar/2024:11:13:54 +0800] "GET /xingrg/images/blue/button/ckthd.gif HTTP/1.1" 304 -
124.78.156.2 - - [13/Mar/2024:11:13:54 +0800] "GET /xingrg/images/blue/pic_form2.gif HTTP/1.1" 304 -
124.78.156.2 - - [13/Mar/2024:11:13:54 +0800] "GET /xingrg/javascript/jquery_ui/themes/humanity/images/ui-bg_inset-soft_100_f4f0ec_1x100.png HTTP/1.1" 304 -
124.78.156.2 - - [13/Mar/2024:11:13:54 +0800] "GET /xingrg/images/blue/bg_dotted.jpg HTTP/1.1" 304 -
124.78.156.2 - - [13/Mar/2024:11:13:54 +0800] "GET /xingrg/images/blue/button/down_ah.jpg HTTP/1.1" 304 -
124.78.156.2 - - [13/Mar/2024:11:13:54 +0800] "GET /xingrg/images/blue/button/right_ah.jpg HTTP/1.1" 304 -
124.78.156.2 - - [13/Mar/2024:11:13:54 +0800] "GET /xingrg/javascript/jquery_ui/themes/humanity/images/ui-iconsnew.jpg HTTP/1.1" 304 -
124.78.156.2 - - [13/Mar/2024:11:13:54 +0800] "GET /xingrg/javascript/jquery_ui/themes/humanity/images/ui-icons_ffffff_256x240.png HTTP/1.1" 304 -
124.78.156.2 - - [13/Mar/2024:11:13:54 +0800] "GET /xingrg/javascript/jquery_ui/themes/humanity/images/ui-icons_c47a23_256x240.png HTTP/1.1" 304 -
124.78.156.2 - - [13/Mar/2024:11:13:54 +0800] "GET /xingrg/javascript/jquery_ui/themes/humanity/images/ui-bg_glass_70_ede4d4_1x400.png HTTP/1.1" 304 -
124.78.156.2 - - [13/Mar/2024:11:13:57 +0800] "GET /xingrg/images/yd/bt.gif HTTP/1.1" 404 1040
124.77.241.8 - - [13/Mar/2024:11:13:58 +0800] "GET /xingrg/all/function/internal_message.html?_=1710299648181&CODE_STATE=getMsg HTTP/1.1" 200 27
124.78.156.2 - - [13/Mar/2024:11:13:58 +0800] "GET /xingrg/kc/buy/cgsh_order_list.html HTTP/1.1" 200 57880
124.78.156.2 - - [13/Mar/2024:11:13:58 +0800] "GET /xingrg/css/base.css HTTP/1.1" 304 -
124.78.156.2 - - [13/Mar/2024:11:13:58 +0800] "GET /xingrg/css/site.css HTTP/1.1" 304 -
124.78.156.2 - - [13/Mar/2024:11:13:58 +0800] "GET /xingrg/javascript/jquery_tools/datebox.css HTTP/1.1" 304 -
124.78.156.2 - - [13/Mar/2024:11:13:58 +0800] "GET /xingrg/javascript/easyui/themes/default/easyui.css HTTP/1.1" 304 -
124.78.156.2 - - [13/Mar/2024:11:13:58 +0800] "GET /xingrg/javascript/easyui/themes/icon.css HTTP/1.1" 304 -
124.78.156.2 - - [13/Mar/2024:11:13:58 +0800] "GET /xingrg/javascript/auto/jquery.autocomplete.css HTTP/1.1" 304 -
124.78.156.2 - - [13/Mar/2024:11:13:58 +0800] "GET /xingrg/javascript/jquery_tools/fix.css HTTP/1.1" 304 -
124.78.156.2 - - [13/Mar/2024:11:13:58 +0800] "GET /xingrg/javascript/jquery_tools/table.css HTTP/1.1" 304 -
124.78.156.2 - - [13/Mar/2024:11:13:58 +0800] "GET /xingrg/javascript/jquery_tools/jquery.tools.min.js HTTP/1.1" 304 -
124.78.156.2 - - [13/Mar/2024:11:13:58 +0800] "GET /xingrg/javascript/jquery_tools/jquery.tools.extend.js HTTP/1.1" 304 -
124.78.156.2 - - [13/Mar/2024:11:13:58 +0800] "GET /xingrg/javascript/jquery_tools/jquery.tools.hotkey.js HTTP/1.1" 304 -
124.78.156.2 - - [13/Mar/2024:11:13:58 +0800] "GET /xingrg/javascript/jquery_tools/jquery.tools.table.js HTTP/1.1" 304 -
124.78.156.2 - - [13/Mar/2024:11:13:58 +0800] "GET /xingrg/javascript/jquery_tools/list_manager.js HTTP/1.1" 304 -
124.78.156.2 - - [13/Mar/2024:11:13:58 +0800] "GET /xingrg/javascript/auto/jquery.autocomplete.js HTTP/1.1" 304 -
124.78.156.2 - - [13/Mar/2024:11:13:58 +0800] "GET /xingrg/javascript/easyui/easyloader.js HTTP/1.1" 304 -
124.78.156.2 - - [13/Mar/2024:11:13:58 +0800] "GET /xingrg/javascript/jquery.cookie.js HTTP/1.1" 304 -
124.78.156.2 - - [13/Mar/2024:11:13:58 +0800] "GET /xingrg/javascript/print/LodopFuncs.js HTTP/1.1" 304 -
116.238.97.31 - - [13/Mar/2024:11:13:58 +0800] "POST /xingrg/kc/buy/cgsh_order_operate.html HTTP/1.1" 200 12
124.78.156.2 - - [13/Mar/2024:11:13:59 +0800] "GET /xingrg/javascript/easyui/themes/icons/cance_new.png HTTP/1.1" 304 -
124.78.156.2 - - [13/Mar/2024:11:13:59 +0800] "GET /xingrg/javascript/easyui/themes/icons/field_new.png HTTP/1.1" 304 -
124.78.156.2 - - [13/Mar/2024:11:13:59 +0800] "GET /xingrg/javascript/easyui/themes/icons/check_new.png HTTP/1.1" 304 -
124.78.156.2 - - [13/Mar/2024:11:13:59 +0800] "GET /xingrg/javascript/easyui/themes/icons/import_new.png HTTP/1.1" 304 -
124.78.156.2 - - [13/Mar/2024:11:13:59 +0800] "GET /xingrg/javascript/easyui/themes/icons/edit_add_new.png HTTP/1.1" 304 -
124.78.156.2 - - [13/Mar/2024:11:13:59 +0800] "GET /xingrg/javascript/easyui/plugins/jquery.parser.js HTTP/1.1" 304 -
124.78.156.2 - - [13/Mar/2024:11:13:59 +0800] "GET /xingrg/images/control/ajaxLoader.gif HTTP/1.1" 304 -
124.78.156.2 - - [13/Mar/2024:11:14:01 +0800] "POST /xingrg/kc/buy/cgsh_list_operate.html HTTP/1.1" 200 645
116.238.97.31 - - [13/Mar/2024:11:14:01 +0800] "GET /xingrg/kc/buy/cgsh_order_info.html?code=212024031303703 HTTP/1.1" 200 68597
114.89.91.180 - - [13/Mar/2024:11:14:01 +0800] "GET /xingrg/all/function/internal_message.html?_=1710299643818&CODE_STATE=getMsg HTTP/1.1" 200 27
116.238.97.31 - - [13/Mar/2024:11:14:01 +0800] "GET /xingrg/javascript/easyui/themes/default/validatebox.css HTTP/1.1" 404 1104
124.78.156.2 - - [13/Mar/2024:11:14:02 +0800] "GET /xingrg/kc/mdqp/qp_main.html HTTP/1.1" 200 10633
124.78.156.2 - - [13/Mar/2024:11:14:02 +0800] "GET /xingrg/images/blue/button/qqpsd.gif HTTP/1.1" 200 2548
124.78.156.2 - - [13/Mar/2024:11:14:02 +0800] "GET /xingrg/images/blue/button/pszx.gif HTTP/1.1" 200 2648
124.78.156.2 - - [13/Mar/2024:11:14:02 +0800] "GET /xingrg/images/blue/button/psshd.gif HTTP/1.1" 200 2692
116.238.97.31 - - [13/Mar/2024:11:14:02 +0800] "POST /xingrg/kc/buy/cgsh_order_operate.html HTTP/1.1" 200 2974
124.78.156.2 - - [13/Mar/2024:11:14:03 +0800] "GET /xingrg/images/yd/bt.gif HTTP/1.1" 404 1040
124.78.156.2 - - [13/Mar/2024:11:14:03 +0800] "GET /xingrg/kc/mdqp/pssh_order_list.html HTTP/1.1" 200 17845
124.78.156.2 - - [13/Mar/2024:11:14:04 +0800] "POST /xingrg/kc/mdqp/pssh_list_operate.html HTTP/1.1" 200 5312
221.239.169.251 - - [13/Mar/2024:11:14:04 +0800] "GET /xingrg/all/function/internal_message.html?_=1710299643432&CODE_STATE=getMsg HTTP/1.1" 200 27
116.238.97.31 - - [13/Mar/2024:11:14:05 +0800] "GET /xingrg/kc/print/load_data.html?order_code=212024031303703&kc_code=cgsh&condition= HTTP/1.1" 200 1589
101.83.145.37 - - [13/Mar/2024:11:14:07 +0800] "GET /xingrg/kc/buy/cgsh_order_operate.html?command=get_materiel&rest_code=00105&code=00101010584&supplier_code=00100327&order_time=2024-03-13 HTTP/1.1" 200 413
116.230.123.13 - - [13/Mar/2024:11:14:07 +0800] "POST /xingrg/kc/buy/cgsh_list_operate.html HTTP/1.1" 200 1716
116.238.97.31 - - [13/Mar/2024:11:14:10 +0800] "GET /xingrg/kc/buy/cgsh_order_add.html HTTP/1.1" 200 73690
116.238.97.31 - - [13/Mar/2024:11:14:10 +0800] "POST /xingrg/kc/buy/cgsh_order_operate.html HTTP/1.1" 200 8245
116.238.97.31 - - [13/Mar/2024:11:14:10 +0800] "GET /xingrg/javascript/easyui/themes/default/validatebox.css HTTP/1.1" 404 1104
180.164.1.25 - - [13/Mar/2024:11:14:11 +0800] "GET /xingrg/all/function/internal_message.html?_=1710299650929&CODE_STATE=getMsg HTTP/1.1" 200 27
124.78.156.2 - - [13/Mar/2024:11:14:13 +0800] "POST /xingrg/kc/mdqp/pssh_list_operate.html HTTP/1.1" 200 809
124.78.156.2 - - [13/Mar/2024:11:14:14 +0800] "GET /xingrg/kc/mdqp/pssh_order_info.html?code=312024031100204 HTTP/1.1" 200 17297
124.78.156.2 - - [13/Mar/2024:11:14:14 +0800] "GET /xingrg/javascript/jquery_tools/jquery-1.4.2.min.js HTTP/1.1" 404 1094
124.78.156.2 - - [13/Mar/2024:11:14:14 +0800] "GET /xingrg/javascript/jquery_tools/order_manager.js HTTP/1.1" 304 -
124.78.156.2 - - [13/Mar/2024:11:14:14 +0800] "GET /xingrg/javascript/convert.js HTTP/1.1" 304 -
124.78.156.2 - - [13/Mar/2024:11:14:14 +0800] "GET /xingrg/javascript/json2.js HTTP/1.1" 304 -
124.78.156.2 - - [13/Mar/2024:11:14:14 +0800] "GET /xingrg/javascript/print/kc_print.js HTTP/1.1" 304 -
124.78.156.2 - - [13/Mar/2024:11:14:14 +0800] "GET /xingrg/words/20240312190758_words.js HTTP/1.1" 200 1015516
124.78.156.2 - - [13/Mar/2024:11:14:14 +0800] "GET /xingrg/javascript/easyui/themes/icons/back_new.png HTTP/1.1" 200 3414
124.78.156.2 - - [13/Mar/2024:11:14:14 +0800] "GET /xingrg/javascript/easyui/themes/icons/ok.png HTTP/1.1" 200 883
124.78.156.2 - - [13/Mar/2024:11:14:14 +0800] "GET /xingrg/javascript/easyui/themes/icons/print.png HTTP/1.1" 304 -
124.78.156.2 - - [13/Mar/2024:11:14:14 +0800] "GET /xingrg/javascript/easyui/themes/default/images/menu_downarrow.png HTTP/1.1" 304 -
124.78.156.2 - - [13/Mar/2024:11:14:14 +0800] "GET /xingrg/javascript/easyui/themes/default/validatebox.css HTTP/1.1" 404 1104
124.78.156.2 - - [13/Mar/2024:11:14:14 +0800] "GET /xingrg/javascript/easyui/plugins/jquery.validatebox.js HTTP/1.1" 304 -
124.78.156.2 - - [13/Mar/2024:11:14:14 +0800] "GET /xingrg/javascript/easyui/plugins/jquery.numberbox.js HTTP/1.1" 304 -
124.78.156.2 - - [13/Mar/2024:11:14:14 +0800] "GET /xingrg/all/common/auto_word.html?type=employee&rest_code=00106 HTTP/1.1" 200 205
124.78.156.2 - - [13/Mar/2024:11:14:14 +0800] "GET /xingrg/all/common/auto_word.html?type=base&rest_code=00106&rest_code=00106 HTTP/1.1" 200 1799
124.78.156.2 - - [13/Mar/2024:11:14:15 +0800] "POST /xingrg/kc/mdqp/pssh_order_operate.html HTTP/1.1" 200 6443
101.83.145.37 - - [13/Mar/2024:11:14:16 +0800] "GET /xingrg/all/function/internal_message.html?_=1710299419418&CODE_STATE=getMsg HTTP/1.1" 200 27
124.78.156.2 - - [13/Mar/2024:11:14:17 +0800] "GET /xingrg/css/images/panel_loading.gif HTTP/1.1" 200 1737
124.78.156.2 - - [13/Mar/2024:11:14:17 +0800] "POST /xingrg/all/common/load_combo.html?type=employee HTTP/1.1" 200 365
114.83.220.119 - - [13/Mar/2024:11:14:18 +0800] "GET /xingrg/all/function/internal_message.html?_=1710299656830&CODE_STATE=getMsg HTTP/1.1" 200 27
124.78.60.103 - - [13/Mar/2024:11:14:18 +0800] "GET /xingrg/all/function/internal_message.html?_=1710299658459&CODE_STATE=getMsg HTTP/1.1" 200 27
124.78.156.2 - - [13/Mar/2024:11:14:19 +0800] "GET /xingrg/javascript/easyui/themes/default/images/button_plain_hover.png HTTP/1.1" 304 -
116.238.97.31 - - [13/Mar/2024:11:14:21 +0800] "GET /xingrg/all/function/internal_message.html?_=1710299663331&CODE_STATE=getMsg HTTP/1.1" 200 27
222.69.133.156 - - [13/Mar/2024:11:14:22 +0800] "GET /xingrg/all/function/internal_message.html?_=1710299664337&CODE_STATE=getMsg HTTP/1.1" 200 27
124.78.156.2 - - [13/Mar/2024:11:14:22 +0800] "POST /xingrg/kc/mdqp/pssh_order_operate.html HTTP/1.1" 200 37
124.78.156.2 - - [13/Mar/2024:11:14:25 +0800] "GET /xingrg/check_reg.html?_=1710299664604 HTTP/1.1" 200 22
180.163.29.206 - - [13/Mar/2024:11:14:26 +0800] "GET /xingrg/all/function/internal_message.html?_=1710299605449&CODE_STATE=getMsg HTTP/1.1" 302 -
124.78.156.2 - - [13/Mar/2024:11:14:26 +0800] "GET /xingrg/all/function/internal_message.html?_=1710299665423&CODE_STATE=getMsg HTTP/1.1" 200 27
180.163.29.206 - - [13/Mar/2024:11:14:26 +0800] "GET /xingrg/login.html HTTP/1.1" 200 7641
124.78.156.2 - - [13/Mar/2024:11:14:27 +0800] "POST /xingrg/kc/mdqp/pssh_order_operate.html HTTP/1.1" 200 12
116.224.254.208 - - [13/Mar/2024:11:14:28 +0800] "GET /xingrg/all/function/internal_message.html?_=1710299668042&CODE_STATE=getMsg HTTP/1.1" 200 27
116.224.254.208 - - [13/Mar/2024:11:14:28 +0800] "GET /xingrg/check_reg.html?_=1710299668045 HTTP/1.1" 200 22
101.83.145.37 - - [13/Mar/2024:11:14:28 +0800] "POST /xingrg/kc/buy/cgsh_order_operate.html HTTP/1.1" 200 37
124.78.156.2 - - [13/Mar/2024:11:14:28 +0800] "GET /xingrg/kc/mdqp/pssh_order_info.html?code=312024031100204 HTTP/1.1" 200 14386
124.78.156.2 - - [13/Mar/2024:11:14:28 +0800] "GET /xingrg/javascript/jquery_tools/jquery-1.4.2.min.js HTTP/1.1" 404 1094
124.78.156.2 - - [13/Mar/2024:11:14:28 +0800] "GET /xingrg/javascript/easyui/themes/icons/uncheck_new.png HTTP/1.1" 200 3197
124.78.156.2 - - [13/Mar/2024:11:14:29 +0800] "GET /xingrg/javascript/easyui/themes/default/validatebox.css HTTP/1.1" 404 1104
124.78.156.2 - - [13/Mar/2024:11:14:29 +0800] "POST /xingrg/kc/mdqp/pssh_order_operate.html HTTP/1.1" 200 6443
116.238.97.31 - - [13/Mar/2024:11:14:30 +0800] "GET /xingrg/kc/buy/cgsh_order_operate.html?command=get_materiel&rest_code=00102&code=00101006129&supplier_code=00100151&order_time=2024-03-13 HTTP/1.1" 200 439
101.83.145.37 - - [13/Mar/2024:11:14:30 +0800] "POST /xingrg/kc/buy/cgsh_order_operate.html HTTP/1.1" 200 2656
124.78.156.2 - - [13/Mar/2024:11:14:31 +0800] "GET /xingrg/kc/print/load_config.html?kc_code=pssh HTTP/1.1" 200 2368
124.78.156.2 - - [13/Mar/2024:11:14:32 +0800] "GET /xingrg/kc/print/load_data.html?order_code=312024031100204&kc_code=pssh&condition= HTTP/1.1" 200 2790
124.79.241.4 - - [13/Mar/2024:11:14:33 +0800] "GET /xingrg/all/function/internal_message.html?_=1710299692347&CODE_STATE=getMsg HTTP/1.1" 200 27
120.253.135.82 - - [13/Mar/2024:11:14:36 +0800] "GET /xingrg/all/function/internal_message.html?_=1710299515417&CODE_STATE=getMsg HTTP/1.1" 200 27
101.83.145.37 - - [13/Mar/2024:11:14:37 +0800] "GET /xingrg/all/function/internal_message.html?_=1710299678536&CODE_STATE=getMsg HTTP/1.1" 200 27
116.230.123.13 - - [13/Mar/2024:11:14:38 +0800] "GET /xingrg/check_reg.html?_=1710299675502 HTTP/1.1" 302 -
116.230.123.13 - - [13/Mar/2024:11:14:38 +0800] "GET /xingrg/all/function/internal_message.html?_=1710299675504&CODE_STATE=getMsg HTTP/1.1" 302 -
101.83.145.37 - - [13/Mar/2024:11:14:39 +0800] "GET /xingrg/kc/print/load_data.html?order_code=212024031303704&kc_code=cgsh&condition= HTTP/1.1" 200 659
116.230.123.13 - - [13/Mar/2024:11:14:41 +0800] "GET /xingrg/all/function/internal_message.html?_=1710299679517&CODE_STATE=getMsg HTTP/1.1" 200 27
124.78.156.2 - - [13/Mar/2024:11:14:45 +0800] "GET /xingrg/kc/mdqp/pssh_order_list.html?isBack=1 HTTP/1.1" 200 17845
124.78.156.2 - - [13/Mar/2024:11:14:45 +0800] "POST /xingrg/kc/mdqp/pssh_list_operate.html HTTP/1.1" 200 5337
116.230.123.13 - - [13/Mar/2024:11:14:47 +0800] "GET /xingrg/kc/buy/cgsh_order_list.html HTTP/1.1" 200 57880
221.239.169.251 - - [13/Mar/2024:11:14:47 +0800] "GET /xingrg/check_reg.html?_=1710299685950 HTTP/1.1" 200 22
124.78.156.2 - - [13/Mar/2024:11:14:49 +0800] "GET /xingrg/all/function/internal_message.html?_=1710299693172&CODE_STATE=getMsg HTTP/1.1" 200 27
124.78.156.2 - - [13/Mar/2024:11:14:49 +0800] "POST /xingrg/kc/mdqp/pssh_list_operate.html HTTP/1.1" 200 731
124.78.156.2 - - [13/Mar/2024:11:14:50 +0800] "GET /xingrg/kc/mdqp/pssh_order_info.html?code=312024031100201 HTTP/1.1" 200 17293
124.78.156.2 - - [13/Mar/2024:11:14:50 +0800] "GET /xingrg/javascript/jquery_tools/jquery-1.4.2.min.js HTTP/1.1" 404 1094
124.78.156.2 - - [13/Mar/2024:11:14:50 +0800] "GET /xingrg/javascript/easyui/themes/default/validatebox.css HTTP/1.1" 404 1104
124.78.156.2 - - [13/Mar/2024:11:14:50 +0800] "POST /xingrg/kc/mdqp/pssh_order_operate.html HTTP/1.1" 200 3112
116.224.254.208 - - [13/Mar/2024:11:14:51 +0800] "GET /xingrg/all/function/internal_message.html?_=1710299690574&CODE_STATE=getMsg HTTP/1.1" 200 27
116.230.123.13 - - [13/Mar/2024:11:14:51 +0800] "POST /xingrg/kc/buy/cgsh_list_operate.html HTTP/1.1" 200 1390
116.238.97.31 - - [13/Mar/2024:11:14:52 +0800] "GET /xingrg/kc/buy/cgsh_order_operate.html?command=get_materiel&rest_code=00102&code=00101006130&supplier_code=00100151&order_time=2024-03-13 HTTP/1.1" 200 437
101.228.147.14 - - [13/Mar/2024:11:14:52 +0800] "GET /xingrg/all/function/internal_message.html?_=1710299691064&CODE_STATE=getMsg HTTP/1.1" 200 27
124.78.156.2 - - [13/Mar/2024:11:14:55 +0800] "POST /xingrg/all/common/load_combo.html?type=employee HTTP/1.1" 200 365
116.230.123.13 - - [13/Mar/2024:11:14:55 +0800] "POST /xingrg/kc/buy/cgsh_list_operate.html HTTP/1.1" 200 201
116.230.123.13 - - [13/Mar/2024:11:14:58 +0800] "GET /xingrg/kc/buy/cgsh_order_info.html?code=212024031303696 HTTP/1.1" 200 73628
124.77.241.8 - - [13/Mar/2024:11:14:58 +0800] "GET /xingrg/all/function/internal_message.html?_=1710299708193&CODE_STATE=getMsg HTTP/1.1" 200 27
116.230.123.13 - - [13/Mar/2024:11:14:59 +0800] "GET /xingrg/javascript/easyui/themes/default/validatebox.css HTTP/1.1" 404 1104
116.230.123.13 - - [13/Mar/2024:11:15:00 +0800] "POST /xingrg/kc/buy/cgsh_order_operate.html HTTP/1.1" 200 2662
124.78.156.2 - - [13/Mar/2024:11:15:01 +0800] "POST /xingrg/kc/mdqp/pssh_order_operate.html HTTP/1.1" 200 37
114.89.91.180 - - [13/Mar/2024:11:15:01 +0800] "GET /xingrg/all/function/internal_message.html?_=1710299703828&CODE_STATE=getMsg HTTP/1.1" 200 27
114.89.91.180 - - [13/Mar/2024:11:15:01 +0800] "GET /xingrg/check_reg.html?_=1710299703833 HTTP/1.1" 200 22
124.78.156.2 - - [13/Mar/2024:11:15:04 +0800] "POST /xingrg/kc/mdqp/pssh_order_operate.html HTTP/1.1" 200 12
221.239.169.251 - - [13/Mar/2024:11:15:04 +0800] "GET /xingrg/all/function/internal_message.html?_=1710299703409&CODE_STATE=getMsg HTTP/1.1" 200 27
116.230.123.13 - - [13/Mar/2024:11:15:07 +0800] "POST /xingrg/kc/buy/cgsh_order_operate.html HTTP/1.1" 200 37
180.164.1.25 - - [13/Mar/2024:11:15:11 +0800] "GET /xingrg/all/function/internal_message.html?_=1710299710908&CODE_STATE=getMsg HTTP/1.1" 200 27
124.77.241.8 - - [13/Mar/2024:11:15:15 +0800] "GET /xingrg/kc/buy/cgsh_order_operate.html?command=get_materiel&rest_code=00146&code=00101002038&supplier_code=00100087&order_time=2024-03-13 HTTP/1.1" 200 416
101.83.145.37 - - [13/Mar/2024:11:15:16 +0800] "GET /xingrg/check_reg.html?_=1710299479394 HTTP/1.1" 200 22
101.83.145.37 - - [13/Mar/2024:11:15:16 +0800] "GET /xingrg/all/function/internal_message.html?_=1710299479397&CODE_STATE=getMsg HTTP/1.1" 200 27
101.83.145.37 - - [13/Mar/2024:11:15:16 +0800] "GET /xingrg/kc/buy/cgsh_order_add.html HTTP/1.1" 200 73737
101.83.145.37 - - [13/Mar/2024:11:15:16 +0800] "POST /xingrg/kc/buy/cgsh_order_operate.html HTTP/1.1" 200 8245
101.83.145.37 - - [13/Mar/2024:11:15:16 +0800] "GET /xingrg/javascript/easyui/themes/default/validatebox.css HTTP/1.1" 404 1104
114.83.220.119 - - [13/Mar/2024:11:15:18 +0800] "GET /xingrg/all/function/internal_message.html?_=1710299716801&CODE_STATE=getMsg HTTP/1.1" 200 27
124.78.60.103 - - [13/Mar/2024:11:15:18 +0800] "GET /xingrg/all/function/internal_message.html?_=1710299718441&CODE_STATE=getMsg HTTP/1.1" 200 27
116.230.123.13 - - [13/Mar/2024:11:15:18 +0800] "POST /xingrg/kc/buy/cgsh_order_operate.html HTTP/1.1" 200 12
114.83.220.119 - - [13/Mar/2024:11:15:19 +0800] "GET /xingrg/check_reg.html?_=1710299718114 HTTP/1.1" 200 22
124.78.156.2 - - [13/Mar/2024:11:15:20 +0800] "GET /xingrg/kc/mdqp/pssh_order_info.html?code=312024031100201 HTTP/1.1" 200 14382
124.78.156.2 - - [13/Mar/2024:11:15:20 +0800] "GET /xingrg/javascript/jquery_tools/jquery-1.4.2.min.js HTTP/1.1" 404 1094
124.78.156.2 - - [13/Mar/2024:11:15:20 +0800] "GET /xingrg/javascript/easyui/themes/default/validatebox.css HTTP/1.1" 404 1104
124.78.156.2 - - [13/Mar/2024:11:15:21 +0800] "POST /xingrg/kc/mdqp/pssh_order_operate.html HTTP/1.1" 200 3112
116.238.97.31 - - [13/Mar/2024:11:15:21 +0800] "GET /xingrg/all/function/internal_message.html?_=1710299723330&CODE_STATE=getMsg HTTP/1.1" 200 27
116.230.123.13 - - [13/Mar/2024:11:15:21 +0800] "GET /xingrg/kc/buy/cgsh_order_info.html?code=212024031303696 HTTP/1.1" 200 68528
222.69.133.156 - - [13/Mar/2024:11:15:22 +0800] "GET /xingrg/all/function/internal_message.html?_=1710299724327&CODE_STATE=getMsg HTTP/1.1" 200 27
116.230.123.13 - - [13/Mar/2024:11:15:22 +0800] "GET /xingrg/javascript/easyui/themes/default/validatebox.css HTTP/1.1" 404 1104
116.224.254.208 - - [13/Mar/2024:11:15:23 +0800] "GET /xingrg/kc/buy/cgsh_order_list.html HTTP/1.1" 200 57886
116.230.123.13 - - [13/Mar/2024:11:15:23 +0800] "POST /xingrg/kc/buy/cgsh_order_operate.html HTTP/1.1" 200 612
124.78.156.2 - - [13/Mar/2024:11:15:25 +0800] "GET /xingrg/kc/print/load_data.html?order_code=312024031100201&kc_code=pssh&condition= HTTP/1.1" 200 1487
124.78.156.2 - - [13/Mar/2024:11:15:26 +0800] "GET /xingrg/all/function/internal_message.html?_=1710299725403&CODE_STATE=getMsg HTTP/1.1" 200 27
116.224.254.208 - - [13/Mar/2024:11:15:27 +0800] "GET /xingrg/all/function/internal_message.html?_=1710299728039&CODE_STATE=getMsg HTTP/1.1" 200 27
124.77.241.8 - - [13/Mar/2024:11:15:28 +0800] "POST /xingrg/kc/buy/cgsh_order_operate.html HTTP/1.1" 200 37
116.224.254.208 - - [13/Mar/2024:11:15:28 +0800] "POST /xingrg/kc/buy/cgsh_list_operate.html HTTP/1.1" 200 645
124.78.156.2 - - [13/Mar/2024:11:15:30 +0800] "GET /xingrg/kc/buy/cgsh_order_operate.html?command=get_materiel&rest_code=00106&code=00102005126&supplier_code=00100077&order_time=2024-03-13 HTTP/1.1" 200 408
124.77.241.8 - - [13/Mar/2024:11:15:31 +0800] "POST /xingrg/kc/buy/cgsh_order_operate.html HTTP/1.1" 200 2663
124.79.241.4 - - [13/Mar/2024:11:15:33 +0800] "GET /xingrg/check_reg.html?_=1710299752363 HTTP/1.1" 200 22
124.79.241.4 - - [13/Mar/2024:11:15:33 +0800] "GET /xingrg/all/function/internal_message.html?_=1710299752361&CODE_STATE=getMsg HTTP/1.1" 200 27
116.238.97.31 - - [13/Mar/2024:11:15:34 +0800] "GET /xingrg/kc/buy/cgsh_order_operate.html?command=get_materiel&rest_code=00102&code=00101008286&supplier_code=00100151&order_time=2024-03-13 HTTP/1.1" 200 408
124.77.241.8 - - [13/Mar/2024:11:15:35 +0800] "GET /xingrg/kc/print/load_data.html?order_code=212024031303705&kc_code=cgsh&condition= HTTP/1.1" 200 724
120.253.135.82 - - [13/Mar/2024:11:15:36 +0800] "GET /xingrg/all/function/internal_message.html?_=1710299575583&CODE_STATE=getMsg HTTP/1.1" 200 27
222.70.115.1 - - [13/Mar/2024:11:15:37 +0800] "POST /xingrg/services/DataTransmitService HTTP/1.1" 200 524
116.230.123.13 - - [13/Mar/2024:11:15:37 +0800] "GET /xingrg/kc/buy/cgsh_order_add.html HTTP/1.1" 200 73611
101.83.145.37 - - [13/Mar/2024:11:15:37 +0800] "GET /xingrg/kc/buy/cgsh_order_operate.html?command=get_materiel&rest_code=00105&code=00101004017&supplier_code=00100323&order_time=2024-03-13 HTTP/1.1" 200 413
101.83.145.37 - - [13/Mar/2024:11:15:37 +0800] "GET /xingrg/all/function/internal_message.html?_=1710299738536&CODE_STATE=getMsg HTTP/1.1" 200 27
222.70.115.1 - - [13/Mar/2024:11:15:37 +0800] "POST /xingrg/services/DataTransmitService HTTP/1.1" 200 501
116.230.123.13 - - [13/Mar/2024:11:15:37 +0800] "POST /xingrg/kc/buy/cgsh_order_operate.html HTTP/1.1" 200 8245
116.230.123.13 - - [13/Mar/2024:11:15:38 +0800] "GET /xingrg/javascript/easyui/themes/default/validatebox.css HTTP/1.1" 404 1104
116.230.123.13 - - [13/Mar/2024:11:15:38 +0800] "GET /xingrg/all/function/internal_message.html?_=1710299735493&CODE_STATE=getMsg HTTP/1.1" 302 -
116.230.123.13 - - [13/Mar/2024:11:15:41 +0800] "GET /xingrg/all/function/internal_message.html?_=1710299739512&CODE_STATE=getMsg HTTP/1.1" 200 27
124.77.241.8 - - [13/Mar/2024:11:15:42 +0800] "GET /xingrg/kc/buy/cgsh_order_add.html HTTP/1.1" 200 73655
124.78.156.2 - - [13/Mar/2024:11:15:43 +0800] "GET /xingrg/kc/mdqp/pssh_order_list.html?isBack=1 HTTP/1.1" 200 17845
124.77.241.8 - - [13/Mar/2024:11:15:44 +0800] "POST /xingrg/kc/buy/cgsh_order_operate.html HTTP/1.1" 200 8245
124.77.241.8 - - [13/Mar/2024:11:15:44 +0800] "GET /xingrg/javascript/easyui/themes/default/validatebox.css HTTP/1.1" 404 1104
124.78.156.2 - - [13/Mar/2024:11:15:44 +0800] "POST /xingrg/kc/mdqp/pssh_list_operate.html HTTP/1.1" 200 5362
124.78.156.2 - - [13/Mar/2024:11:15:46 +0800] "POST /xingrg/kc/mdqp/pssh_list_operate.html HTTP/1.1" 200 556
124.78.156.2 - - [13/Mar/2024:11:15:47 +0800] "POST /xingrg/kc/mdqp/pssh_list_operate.html HTTP/1.1" 200 814
124.78.156.2 - - [13/Mar/2024:11:15:47 +0800] "GET /xingrg/kc/mdqp/pssh_order_info.html?code=312024031100200 HTTP/1.1" 200 17293
124.78.156.2 - - [13/Mar/2024:11:15:47 +0800] "GET /xingrg/javascript/jquery_tools/jquery-1.4.2.min.js HTTP/1.1" 404 1094
124.78.156.2 - - [13/Mar/2024:11:15:47 +0800] "GET /xingrg/javascript/easyui/themes/default/validatebox.css HTTP/1.1" 404 1104
124.78.156.2 - - [13/Mar/2024:11:15:47 +0800] "POST /xingrg/kc/mdqp/pssh_order_operate.html HTTP/1.1" 200 2103
116.238.97.31 - - [13/Mar/2024:11:15:48 +0800] "POST /xingrg/kc/buy/cgsh_order_operate.html HTTP/1.1" 200 37
124.78.156.2 - - [13/Mar/2024:11:15:49 +0800] "GET /xingrg/all/function/internal_message.html?_=1710299753174&CODE_STATE=getMsg HTTP/1.1" 200 27
116.238.97.31 - - [13/Mar/2024:11:15:50 +0800] "POST /xingrg/kc/buy/cgsh_order_operate.html HTTP/1.1" 200 4509
116.224.254.208 - - [13/Mar/2024:11:15:51 +0800] "GET /xingrg/all/function/internal_message.html?_=1710299750572&CODE_STATE=getMsg HTTP/1.1" 200 27
124.78.156.2 - - [13/Mar/2024:11:15:51 +0800] "POST /xingrg/all/common/load_combo.html?type=employee HTTP/1.1" 200 365
101.228.147.14 - - [13/Mar/2024:11:15:52 +0800] "GET /xingrg/all/function/internal_message.html?_=1710299751064&CODE_STATE=getMsg HTTP/1.1" 200 27
116.230.123.13 - - [13/Mar/2024:11:15:52 +0800] "GET /xingrg/kc/buy/cgsh_order_operate.html?command=get_materiel&rest_code=00111&code=00101001045&supplier_code=00100653&order_time=2024-03-13 HTTP/1.1" 200 422
124.78.156.2 - - [13/Mar/2024:11:15:53 +0800] "GET /xingrg/kc/buy/cgsh_order_operate.html?command=get_materiel&rest_code=00106&code=00102005265&supplier_code=00100077&order_time=2024-03-13 HTTP/1.1" 200 414
124.78.156.2 - - [13/Mar/2024:11:15:56 +0800] "POST /xingrg/kc/mdqp/pssh_order_operate.html HTTP/1.1" 200 37
124.77.241.8 - - [13/Mar/2024:11:15:58 +0800] "GET /xingrg/all/function/internal_message.html?_=1710299768208&CODE_STATE=getMsg HTTP/1.1" 200 27
124.78.156.2 - - [13/Mar/2024:11:15:59 +0800] "POST /xingrg/kc/mdqp/pssh_order_operate.html HTTP/1.1" 200 12
124.78.156.2 - - [13/Mar/2024:11:16:00 +0800] "GET /xingrg/kc/mdqp/pssh_order_info.html?code=312024031100200 HTTP/1.1" 200 14382
124.78.156.2 - - [13/Mar/2024:11:16:00 +0800] "GET /xingrg/javascript/jquery_tools/jquery-1.4.2.min.js HTTP/1.1" 404 1094
124.77.241.8 - - [13/Mar/2024:11:16:00 +0800] "GET /xingrg/kc/buy/cgsh_order_operate.html?command=get_materiel&rest_code=00146&code=00101013158&supplier_code=00100337&order_time=2024-03-13 HTTP/1.1" 200 409
124.78.156.2 - - [13/Mar/2024:11:16:00 +0800] "GET /xingrg/javascript/easyui/themes/default/validatebox.css HTTP/1.1" 404 1104
124.78.156.2 - - [13/Mar/2024:11:16:00 +0800] "POST /xingrg/kc/mdqp/pssh_order_operate.html HTTP/1.1" 200 2103
114.89.91.180 - - [13/Mar/2024:11:16:01 +0800] "GET /xingrg/all/function/internal_message.html?_=1710299763816&CODE_STATE=getMsg HTTP/1.1" 200 27
124.78.156.2 - - [13/Mar/2024:11:16:04 +0800] "GET /xingrg/kc/print/load_data.html?order_code=312024031100200&kc_code=pssh&condition= HTTP/1.1" 200 1181
221.239.169.251 - - [13/Mar/2024:11:16:04 +0800] "GET /xingrg/all/function/internal_message.html?_=1710299763394&CODE_STATE=getMsg HTTP/1.1" 200 27
116.230.123.13 - - [13/Mar/2024:11:16:05 +0800] "POST /xingrg/kc/buy/cgsh_order_operate.html HTTP/1.1" 200 37
101.83.145.37 - - [13/Mar/2024:11:16:10 +0800] "GET /xingrg/kc/buy/cgsh_order_operate.html?command=get_materiel&rest_code=00105&code=00101020113&supplier_code=00100323&order_time=2024-03-13 HTTP/1.1" 200 409
180.164.1.25 - - [13/Mar/2024:11:16:11 +0800] "GET /xingrg/all/function/internal_message.html?_=1710299770888&CODE_STATE=getMsg HTTP/1.1" 200 27
180.164.1.25 - - [13/Mar/2024:11:16:12 +0800] "GET /xingrg/check_reg.html?_=1710299772213 HTTP/1.1" 200 22
116.230.123.13 - - [13/Mar/2024:11:16:13 +0800] "POST /xingrg/kc/buy/cgsh_order_operate.html HTTP/1.1" 200 12
