101.83.145.37 - - [13/Mar/2024:11:20:54 +0800] "GET /xingrg/kc/buy/cgsh_order_operate.html?command=get_materiel&rest_code=00105&code=00101006136&supplier_code=00100096&order_time=2024-03-13 HTTP/1.1" 200 417
116.230.123.13 - - [13/Mar/2024:11:20:55 +0800] "GET /xingrg/kc/print/load_data.html?order_code=212024031303719&kc_code=cgsh&condition= HTTP/1.1" 200 951
124.77.241.8 - - [13/Mar/2024:11:20:58 +0800] "GET /xingrg/all/function/internal_message.html?_=1710300068277&CODE_STATE=getMsg HTTP/1.1" 200 27
116.224.254.208 - - [13/Mar/2024:11:21:01 +0800] "GET /xingrg/kc/buy/cgsh_order_operate.html?command=get_materiel&rest_code=00150&code=00101004010&supplier_code=00100317&order_time=2024-03-13 HTTP/1.1" 200 409
114.89.91.180 - - [13/Mar/2024:11:21:01 +0800] "GET /xingrg/all/function/internal_message.html?_=1710300063819&CODE_STATE=getMsg HTTP/1.1" 200 27
124.78.156.2 - - [13/Mar/2024:11:21:04 +0800] "GET /xingrg/kc/buy/cgsh_order_operate.html?command=get_materiel&rest_code=00106&code=00101010860&supplier_code=00100312&order_time=2024-03-13 HTTP/1.1" 200 415
221.239.169.251 - - [13/Mar/2024:11:21:04 +0800] "GET /xingrg/all/function/internal_message.html?_=1710300063308&CODE_STATE=getMsg HTTP/1.1" 200 27
124.77.241.8 - - [13/Mar/2024:11:21:08 +0800] "GET /xingrg/kc/buy/cgsh_order_add.html HTTP/1.1" 200 73655
124.77.241.8 - - [13/Mar/2024:11:21:10 +0800] "POST /xingrg/kc/buy/cgsh_order_operate.html HTTP/1.1" 200 8245
124.77.241.8 - - [13/Mar/2024:11:21:10 +0800] "GET /xingrg/javascript/easyui/themes/default/validatebox.css HTTP/1.1" 404 1104
180.164.1.25 - - [13/Mar/2024:11:21:11 +0800] "GET /xingrg/all/function/internal_message.html?_=1710300070787&CODE_STATE=getMsg HTTP/1.1" 200 27
180.164.1.25 - - [13/Mar/2024:11:21:12 +0800] "GET /xingrg/check_reg.html?_=1710300072208 HTTP/1.1" 200 22
101.83.145.37 - - [13/Mar/2024:11:21:16 +0800] "GET /xingrg/all/function/internal_message.html?_=1710299839281&CODE_STATE=getMsg HTTP/1.1" 200 27
116.224.254.208 - - [13/Mar/2024:11:21:17 +0800] "POST /xingrg/kc/buy/cgsh_order_operate.html HTTP/1.1" 200 37
114.83.220.119 - - [13/Mar/2024:11:21:17 +0800] "GET /xingrg/all/function/internal_message.html?_=1710300076657&CODE_STATE=getMsg HTTP/1.1" 200 27
124.78.60.103 - - [13/Mar/2024:11:21:18 +0800] "GET /xingrg/all/function/internal_message.html?_=1710300078329&CODE_STATE=getMsg HTTP/1.1" 200 27
180.163.30.85 - - [13/Mar/2024:11:21:18 +0800] "GET /xingrg/kc/base/wldb_order_operate.html?command=get_materiel&rest_code=00106&base_code=0010397&code=00102002287 HTTP/1.1" 302 -
180.163.30.85 - - [13/Mar/2024:11:21:18 +0800] "GET /xingrg/login.html HTTP/1.1" 200 7641
116.238.97.31 - - [13/Mar/2024:11:21:21 +0800] "GET /xingrg/check_reg.html?_=1710300083091 HTTP/1.1" 200 22
116.238.97.31 - - [13/Mar/2024:11:21:21 +0800] "GET /xingrg/all/function/internal_message.html?_=1710300083230&CODE_STATE=getMsg HTTP/1.1" 200 27
222.69.133.156 - - [13/Mar/2024:11:21:22 +0800] "GET /xingrg/all/function/internal_message.html?_=1710300084336&CODE_STATE=getMsg HTTP/1.1" 200 27
222.69.133.156 - - [13/Mar/2024:11:21:22 +0800] "GET /xingrg/check_reg.html?_=1710300084340 HTTP/1.1" 200 22
124.78.156.2 - - [13/Mar/2024:11:21:23 +0800] "GET /xingrg/javascript/easyui/themes/default/tree.css HTTP/1.1" 404 1090
124.78.156.2 - - [13/Mar/2024:11:21:24 +0800] "POST /xingrg/all/common/load_tree.html?tree=supplier_tree_json&isDelete=1 HTTP/1.1" 200 78788
124.78.156.2 - - [13/Mar/2024:11:21:25 +0800] "POST /xingrg/kc/buy/cgsh_order_operate.html HTTP/1.1" 200 37
180.163.30.85 - - [13/Mar/2024:11:21:26 +0800] "GET /xingrg/all/function/internal_message.html?_=1710300025310&CODE_STATE=getMsg HTTP/1.1" 302 -
180.163.30.85 - - [13/Mar/2024:11:21:26 +0800] "GET /xingrg/login.html HTTP/1.1" 200 7641
124.78.156.2 - - [13/Mar/2024:11:21:26 +0800] "GET /xingrg/all/function/internal_message.html?_=1710300085835&CODE_STATE=getMsg HTTP/1.1" 200 27
116.224.254.208 - - [13/Mar/2024:11:21:27 +0800] "POST /xingrg/kc/buy/cgsh_order_operate.html HTTP/1.1" 200 12
101.83.145.37 - - [13/Mar/2024:11:21:28 +0800] "GET /xingrg/kc/buy/cgsh_order_operate.html?command=get_materiel&rest_code=00105&code=00101007022&supplier_code=00100096&order_time=2024-03-13 HTTP/1.1" 200 413
116.224.254.208 - - [13/Mar/2024:11:21:28 +0800] "GET /xingrg/all/function/internal_message.html?_=1710300088864&CODE_STATE=getMsg HTTP/1.1" 200 27
180.163.28.109 - - [13/Mar/2024:11:21:29 +0800] "GET /xingrg/kc/print/load_data.html?order_code=212024031303718&kc_code=cgsh&condition= HTTP/1.1" 302 -
180.163.28.109 - - [13/Mar/2024:11:21:29 +0800] "GET /xingrg/login.html HTTP/1.1" 200 7641
124.79.241.4 - - [13/Mar/2024:11:21:33 +0800] "GET /xingrg/all/function/internal_message.html?_=1710300112377&CODE_STATE=getMsg HTTP/1.1" 200 27
124.78.156.2 - - [13/Mar/2024:11:21:34 +0800] "POST /xingrg/kc/buy/cgsh_order_operate.html HTTP/1.1" 200 12
116.224.254.208 - - [13/Mar/2024:11:21:35 +0800] "GET /xingrg/kc/buy/cgsh_order_info.html?code=212024031303720 HTTP/1.1" 200 68612
116.224.254.208 - - [13/Mar/2024:11:21:35 +0800] "GET /xingrg/javascript/easyui/themes/default/validatebox.css HTTP/1.1" 404 1104
124.78.60.103 - - [13/Mar/2024:11:21:35 +0800] "GET /xingrg/check_reg.html?_=1710300095548 HTTP/1.1" 200 22
124.77.241.8 - - [13/Mar/2024:11:21:35 +0800] "GET /xingrg/check_reg.html?_=1710300105793 HTTP/1.1" 200 22
116.224.254.208 - - [13/Mar/2024:11:21:36 +0800] "POST /xingrg/kc/buy/cgsh_order_operate.html HTTP/1.1" 200 3577
124.78.156.2 - - [13/Mar/2024:11:21:36 +0800] "GET /xingrg/kc/buy/cgsh_order_info.html?code=212024031303721 HTTP/1.1" 200 68562
124.78.156.2 - - [13/Mar/2024:11:21:37 +0800] "GET /xingrg/javascript/easyui/themes/default/validatebox.css HTTP/1.1" 404 1104
120.253.135.82 - - [13/Mar/2024:11:21:37 +0800] "GET /xingrg/all/function/internal_message.html?_=1710299936108&CODE_STATE=getMsg HTTP/1.1" 200 27
101.83.145.37 - - [13/Mar/2024:11:21:37 +0800] "GET /xingrg/all/function/internal_message.html?_=1710300098537&CODE_STATE=getMsg HTTP/1.1" 200 27
116.224.254.208 - - [13/Mar/2024:11:21:38 +0800] "GET /xingrg/kc/print/load_data.html?order_code=212024031303720&kc_code=cgsh&condition= HTTP/1.1" 200 1845
124.78.156.2 - - [13/Mar/2024:11:21:38 +0800] "POST /xingrg/kc/buy/cgsh_order_operate.html HTTP/1.1" 200 1804
116.230.123.13 - - [13/Mar/2024:11:21:38 +0800] "GET /xingrg/all/function/internal_message.html?_=1710300095478&CODE_STATE=getMsg HTTP/1.1" 302 -
124.77.241.8 - - [13/Mar/2024:11:21:38 +0800] "GET /xingrg/kc/buy/cgsh_order_operate.html?command=get_materiel&rest_code=00146&code=00101001036&supplier_code=00100653&order_time=2024-03-13 HTTP/1.1" 200 423
116.230.123.13 - - [13/Mar/2024:11:21:39 +0800] "GET /xingrg/check_reg.html?_=1710300098120 HTTP/1.1" 200 22
124.78.156.2 - - [13/Mar/2024:11:21:40 +0800] "GET /xingrg/kc/print/load_config.html?kc_code=cgsh HTTP/1.1" 200 1927
116.230.123.13 - - [13/Mar/2024:11:21:41 +0800] "GET /xingrg/all/function/internal_message.html?_=1710300099479&CODE_STATE=getMsg HTTP/1.1" 200 27
124.78.156.2 - - [13/Mar/2024:11:21:41 +0800] "GET /xingrg/kc/print/load_data.html?order_code=212024031303721&kc_code=cgsh&condition= HTTP/1.1" 200 1168
116.224.254.208 - - [13/Mar/2024:11:21:43 +0800] "GET /xingrg/kc/buy/cgsh_order_add.html HTTP/1.1" 200 73699
116.224.254.208 - - [13/Mar/2024:11:21:43 +0800] "POST /xingrg/kc/buy/cgsh_order_operate.html HTTP/1.1" 200 8245
116.224.254.208 - - [13/Mar/2024:11:21:43 +0800] "GET /xingrg/javascript/easyui/themes/default/validatebox.css HTTP/1.1" 404 1104
124.78.156.2 - - [13/Mar/2024:11:21:49 +0800] "GET /xingrg/all/function/internal_message.html?_=1710300109680&CODE_STATE=getMsg HTTP/1.1" 200 27
116.224.254.208 - - [13/Mar/2024:11:21:51 +0800] "GET /xingrg/all/function/internal_message.html?_=1710300110559&CODE_STATE=getMsg HTTP/1.1" 200 27
101.228.147.14 - - [13/Mar/2024:11:21:52 +0800] "GET /xingrg/all/function/internal_message.html?_=1710300111065&CODE_STATE=getMsg HTTP/1.1" 200 27
124.77.241.8 - - [13/Mar/2024:11:21:54 +0800] "POST /xingrg/kc/buy/cgsh_order_operate.html HTTP/1.1" 200 37
116.224.254.208 - - [13/Mar/2024:11:21:54 +0800] "GET /xingrg/kc/buy/cgsh_order_operate.html?command=get_materiel&rest_code=00150&code=00101018011&supplier_code=00100330&order_time=2024-03-13 HTTP/1.1" 200 413
124.77.241.8 - - [13/Mar/2024:11:21:57 +0800] "POST /xingrg/kc/buy/cgsh_order_operate.html HTTP/1.1" 200 2668
124.77.241.8 - - [13/Mar/2024:11:21:58 +0800] "GET /xingrg/all/function/internal_message.html?_=1710300128289&CODE_STATE=getMsg HTTP/1.1" 200 27
124.77.241.8 - - [13/Mar/2024:11:22:00 +0800] "GET /xingrg/kc/print/load_data.html?order_code=212024031303722&kc_code=cgsh&condition= HTTP/1.1" 200 672
114.89.91.180 - - [13/Mar/2024:11:22:01 +0800] "GET /xingrg/all/function/internal_message.html?_=1710300123806&CODE_STATE=getMsg HTTP/1.1" 200 27
124.78.156.2 - - [13/Mar/2024:11:22:02 +0800] "GET /xingrg/kc/buy/cgsh_order_add.html HTTP/1.1" 200 73649
124.78.156.2 - - [13/Mar/2024:11:22:02 +0800] "GET /xingrg/javascript/easyui/themes/default/validatebox.css HTTP/1.1" 404 1104
124.78.156.2 - - [13/Mar/2024:11:22:02 +0800] "POST /xingrg/kc/buy/cgsh_order_operate.html HTTP/1.1" 200 8245
116.224.254.208 - - [13/Mar/2024:11:22:02 +0800] "GET /xingrg/kc/buy/cgsh_order_operate.html?command=get_materiel&rest_code=00150&code=00101018007&supplier_code=00100330&order_time=2024-03-13 HTTP/1.1" 200 409
221.239.169.251 - - [13/Mar/2024:11:22:04 +0800] "GET /xingrg/all/function/internal_message.html?_=1710300123293&CODE_STATE=getMsg HTTP/1.1" 200 27
124.78.156.2 - - [13/Mar/2024:11:22:04 +0800] "GET /xingrg/javascript/easyui/themes/default/tree.css HTTP/1.1" 404 1090
124.78.156.2 - - [13/Mar/2024:11:22:05 +0800] "POST /xingrg/all/common/load_tree.html?tree=supplier_tree_json&isDelete=1 HTTP/1.1" 200 78788
124.77.241.8 - - [13/Mar/2024:11:22:08 +0800] "GET /xingrg/kc/buy/cgsh_order_add.html HTTP/1.1" 200 73655
124.77.241.8 - - [13/Mar/2024:11:22:10 +0800] "POST /xingrg/kc/buy/cgsh_order_operate.html HTTP/1.1" 200 8245
124.77.241.8 - - [13/Mar/2024:11:22:10 +0800] "GET /xingrg/javascript/easyui/themes/default/validatebox.css HTTP/1.1" 404 1104
180.164.1.25 - - [13/Mar/2024:11:22:11 +0800] "GET /xingrg/all/function/internal_message.html?_=1710300130784&CODE_STATE=getMsg HTTP/1.1" 200 27
116.224.254.208 - - [13/Mar/2024:11:22:11 +0800] "POST /xingrg/kc/buy/cgsh_order_operate.html HTTP/1.1" 200 37
101.83.145.37 - - [13/Mar/2024:11:22:16 +0800] "GET /xingrg/all/function/internal_message.html?_=1710299899248&CODE_STATE=getMsg HTTP/1.1" 200 27
114.83.220.119 - - [13/Mar/2024:11:22:17 +0800] "GET /xingrg/all/function/internal_message.html?_=1710300136646&CODE_STATE=getMsg HTTP/1.1" 200 27
124.78.60.103 - - [13/Mar/2024:11:22:18 +0800] "GET /xingrg/all/function/internal_message.html?_=1710300138311&CODE_STATE=getMsg HTTP/1.1" 200 27
116.224.254.208 - - [13/Mar/2024:11:22:18 +0800] "POST /xingrg/kc/buy/cgsh_order_operate.html HTTP/1.1" 200 12
116.224.254.208 - - [13/Mar/2024:11:22:20 +0800] "GET /xingrg/kc/buy/cgsh_order_info.html?code=212024031303723 HTTP/1.1" 200 68614
116.224.254.208 - - [13/Mar/2024:11:22:21 +0800] "GET /xingrg/javascript/easyui/themes/default/validatebox.css HTTP/1.1" 404 1104
116.238.97.31 - - [13/Mar/2024:11:22:21 +0800] "GET /xingrg/all/function/internal_message.html?_=1710300143228&CODE_STATE=getMsg HTTP/1.1" 200 27
222.69.133.156 - - [13/Mar/2024:11:22:22 +0800] "GET /xingrg/all/function/internal_message.html?_=1710300144335&CODE_STATE=getMsg HTTP/1.1" 200 27
120.253.135.82 - - [13/Mar/2024:11:22:23 +0800] "POST /xingrg/kc/buy/cgsh_order_operate.html HTTP/1.1" 200 37
116.224.254.208 - - [13/Mar/2024:11:22:23 +0800] "POST /xingrg/kc/buy/cgsh_order_operate.html HTTP/1.1" 200 1194
116.224.254.208 - - [13/Mar/2024:11:22:25 +0800] "GET /xingrg/kc/print/load_data.html?order_code=212024031303723&kc_code=cgsh&condition= HTTP/1.1" 200 940
180.169.147.146 - - [13/Mar/2024:11:22:25 +0800] "GET /xingrg/check_reg.html?_=1710300145240 HTTP/1.1" 302 -
120.253.135.82 - - [13/Mar/2024:11:22:26 +0800] "POST /xingrg/kc/buy/cgsh_order_operate.html HTTP/1.1" 200 6923
124.78.156.2 - - [13/Mar/2024:11:22:26 +0800] "GET /xingrg/all/function/internal_message.html?_=1710300145811&CODE_STATE=getMsg HTTP/1.1" 200 27
124.78.156.2 - - [13/Mar/2024:11:22:27 +0800] "GET /xingrg/kc/buy/cgsh_order_operate.html?command=get_materiel&rest_code=00106&code=00101002007&supplier_code=00100442&order_time=2024-03-13 HTTP/1.1" 200 409
116.224.254.208 - - [13/Mar/2024:11:22:28 +0800] "GET /xingrg/all/function/internal_message.html?_=1710300148838&CODE_STATE=getMsg HTTP/1.1" 200 27
124.77.241.8 - - [13/Mar/2024:11:22:29 +0800] "GET /xingrg/kc/buy/cgsh_order_operate.html?command=get_materiel&rest_code=00146&code=00101006362&supplier_code=00100327&order_time=2024-03-13 HTTP/1.1" 200 418
116.224.254.208 - - [13/Mar/2024:11:22:29 +0800] "GET /xingrg/kc/buy/cgsh_order_add.html HTTP/1.1" 200 73699
116.224.254.208 - - [13/Mar/2024:11:22:30 +0800] "POST /xingrg/kc/buy/cgsh_order_operate.html HTTP/1.1" 200 8245
116.224.254.208 - - [13/Mar/2024:11:22:30 +0800] "GET /xingrg/javascript/easyui/themes/default/validatebox.css HTTP/1.1" 404 1104
120.253.135.82 - - [13/Mar/2024:11:22:31 +0800] "GET /xingrg/kc/print/load_data.html?order_code=212024031303676&kc_code=cgsh&condition= HTTP/1.1" 200 2375
124.79.241.4 - - [13/Mar/2024:11:22:33 +0800] "GET /xingrg/all/function/internal_message.html?_=1710300172377&CODE_STATE=getMsg HTTP/1.1" 200 27
180.163.28.114 - - [13/Mar/2024:11:22:35 +0800] "GET /xingrg/kc/buy/cgsh_order_operate.html?command=get_materiel&rest_code=00106&code=00102026001&supplier_code=00100323&order_time=2024-03-13 HTTP/1.1" 302 -
180.163.28.114 - - [13/Mar/2024:11:22:35 +0800] "GET /xingrg/login.html HTTP/1.1" 200 7641
120.253.135.82 - - [13/Mar/2024:11:22:37 +0800] "GET /xingrg/all/function/internal_message.html?_=1710299996120&CODE_STATE=getMsg HTTP/1.1" 200 27
101.83.145.37 - - [13/Mar/2024:11:22:37 +0800] "GET /xingrg/all/function/internal_message.html?_=1710300158539&CODE_STATE=getMsg HTTP/1.1" 200 27
101.83.145.37 - - [13/Mar/2024:11:22:37 +0800] "GET /xingrg/check_reg.html?_=1710300158542 HTTP/1.1" 200 22
116.230.123.13 - - [13/Mar/2024:11:22:38 +0800] "GET /xingrg/all/function/internal_message.html?_=1710300155493&CODE_STATE=getMsg HTTP/1.1" 302 -
124.77.241.8 - - [13/Mar/2024:11:22:41 +0800] "POST /xingrg/kc/buy/cgsh_order_operate.html HTTP/1.1" 200 37
116.224.254.208 - - [13/Mar/2024:11:22:41 +0800] "GET /xingrg/kc/buy/cgsh_order_operate.html?command=get_materiel&rest_code=00150&code=00101001145&supplier_code=00100314&order_time=2024-03-13 HTTP/1.1" 200 414
116.230.123.13 - - [13/Mar/2024:11:22:41 +0800] "GET /xingrg/all/function/internal_message.html?_=1710300159463&CODE_STATE=getMsg HTTP/1.1" 200 27
124.77.241.8 - - [13/Mar/2024:11:22:44 +0800] "POST /xingrg/kc/buy/cgsh_order_operate.html HTTP/1.1" 200 2661
124.77.241.8 - - [13/Mar/2024:11:22:47 +0800] "GET /xingrg/kc/print/load_data.html?order_code=212024031303724&kc_code=cgsh&condition= HTTP/1.1" 200 676
124.78.156.2 - - [13/Mar/2024:11:22:49 +0800] "GET /xingrg/all/function/internal_message.html?_=1710300169670&CODE_STATE=getMsg HTTP/1.1" 200 27
120.253.135.82 - - [13/Mar/2024:11:22:50 +0800] "GET /xingrg/check_reg.html?_=1710300009185 HTTP/1.1" 200 22
116.224.254.208 - - [13/Mar/2024:11:22:51 +0800] "GET /xingrg/all/function/internal_message.html?_=1710300170563&CODE_STATE=getMsg HTTP/1.1" 200 27
116.224.254.208 - - [13/Mar/2024:11:22:51 +0800] "GET /xingrg/check_reg.html?_=1710300170566 HTTP/1.1" 200 22
116.224.254.208 - - [13/Mar/2024:11:22:51 +0800] "POST /xingrg/kc/buy/cgsh_order_operate.html HTTP/1.1" 200 37
101.228.147.14 - - [13/Mar/2024:11:22:52 +0800] "GET /xingrg/all/function/internal_message.html?_=1710300171064&CODE_STATE=getMsg HTTP/1.1" 200 27
124.78.156.2 - - [13/Mar/2024:11:22:53 +0800] "GET /xingrg/kc/buy/cgsh_order_operate.html?command=get_materiel&rest_code=00106&code=00101001052&supplier_code=00100442&order_time=2024-03-13 HTTP/1.1" 200 411
124.77.241.8 - - [13/Mar/2024:11:22:55 +0800] "GET /xingrg/kc/buy/cgsh_order_add.html HTTP/1.1" 200 73655
124.78.156.2 - - [13/Mar/2024:11:22:55 +0800] "GET /xingrg/kc/buy/cgsh_order_operate.html?command=get_materiel&rest_code=00106&code=00101008085&supplier_code=00100008&order_time=2024-03-13 HTTP/1.1" 200 412
124.77.241.8 - - [13/Mar/2024:11:22:56 +0800] "POST /xingrg/kc/buy/cgsh_order_operate.html HTTP/1.1" 200 8245
124.77.241.8 - - [13/Mar/2024:11:22:56 +0800] "GET /xingrg/javascript/easyui/themes/default/validatebox.css HTTP/1.1" 404 1104
116.224.254.208 - - [13/Mar/2024:11:22:58 +0800] "POST /xingrg/kc/buy/cgsh_order_operate.html HTTP/1.1" 200 12
124.77.241.8 - - [13/Mar/2024:11:22:58 +0800] "GET /xingrg/all/function/internal_message.html?_=1710300188302&CODE_STATE=getMsg HTTP/1.1" 200 27
116.224.254.208 - - [13/Mar/2024:11:23:00 +0800] "GET /xingrg/kc/buy/cgsh_order_info.html?code=212024031303725 HTTP/1.1" 200 68610
116.224.254.208 - - [13/Mar/2024:11:23:00 +0800] "GET /xingrg/javascript/easyui/themes/default/validatebox.css HTTP/1.1" 404 1104
114.89.91.180 - - [13/Mar/2024:11:23:01 +0800] "GET /xingrg/all/function/internal_message.html?_=1710300183824&CODE_STATE=getMsg HTTP/1.1" 200 27
101.83.145.37 - - [13/Mar/2024:11:23:04 +0800] "POST /xingrg/kc/buy/cgsh_order_operate.html HTTP/1.1" 200 37
116.224.254.208 - - [13/Mar/2024:11:23:04 +0800] "POST /xingrg/kc/buy/cgsh_order_operate.html HTTP/1.1" 200 611
221.239.169.251 - - [13/Mar/2024:11:23:04 +0800] "GET /xingrg/all/function/internal_message.html?_=1710300183269&CODE_STATE=getMsg HTTP/1.1" 200 27
116.224.254.208 - - [13/Mar/2024:11:23:06 +0800] "GET /xingrg/kc/print/load_data.html?order_code=212024031303725&kc_code=cgsh&condition= HTTP/1.1" 200 712
101.83.145.37 - - [13/Mar/2024:11:23:06 +0800] "POST /xingrg/kc/buy/cgsh_order_operate.html HTTP/1.1" 200 5029
101.83.145.37 - - [13/Mar/2024:11:23:09 +0800] "GET /xingrg/kc/print/load_data.html?order_code=212024031303726&kc_code=cgsh&condition= HTTP/1.1" 200 1547
180.163.28.109 - - [13/Mar/2024:11:23:09 +0800] "GET /xingrg/kc/base/wldb_order_list.html HTTP/1.1" 302 -
180.163.28.109 - - [13/Mar/2024:11:23:10 +0800] "GET /xingrg/login.html HTTP/1.1" 200 7641
124.77.241.8 - - [13/Mar/2024:11:23:10 +0800] "GET /xingrg/kc/buy/cgsh_order_operate.html?command=get_materiel&rest_code=00146&code=00101001093&supplier_code=00100090&order_time=2024-03-13 HTTP/1.1" 200 413
116.224.254.208 - - [13/Mar/2024:11:23:10 +0800] "GET /xingrg/kc/buy/cgsh_order_add.html HTTP/1.1" 200 73699
116.224.254.208 - - [13/Mar/2024:11:23:11 +0800] "POST /xingrg/kc/buy/cgsh_order_operate.html HTTP/1.1" 200 8245
116.224.254.208 - - [13/Mar/2024:11:23:11 +0800] "GET /xingrg/javascript/easyui/themes/default/validatebox.css HTTP/1.1" 404 1104
180.164.1.25 - - [13/Mar/2024:11:23:11 +0800] "GET /xingrg/all/function/internal_message.html?_=1710300190775&CODE_STATE=getMsg HTTP/1.1" 200 27
101.83.145.37 - - [13/Mar/2024:11:23:16 +0800] "GET /xingrg/all/function/internal_message.html?_=1710299959241&CODE_STATE=getMsg HTTP/1.1" 200 27
114.83.220.119 - - [13/Mar/2024:11:23:17 +0800] "GET /xingrg/all/function/internal_message.html?_=1710300196631&CODE_STATE=getMsg HTTP/1.1" 200 27
124.78.60.103 - - [13/Mar/2024:11:23:18 +0800] "GET /xingrg/all/function/internal_message.html?_=1710300198289&CODE_STATE=getMsg HTTP/1.1" 200 27
116.224.254.208 - - [13/Mar/2024:11:23:19 +0800] "GET /xingrg/kc/buy/cgsh_order_operate.html?command=get_materiel&rest_code=00150&code=00101001328&supplier_code=00100319&order_time=2024-03-13 HTTP/1.1" 200 398
124.78.156.2 - - [13/Mar/2024:11:23:20 +0800] "GET /xingrg/kc/buy/cgsh_order_operate.html?command=get_materiel&rest_code=00106&code=00101001061&supplier_code=00100442&order_time=2024-03-13 HTTP/1.1" 200 417
116.238.97.31 - - [13/Mar/2024:11:23:21 +0800] "GET /xingrg/all/function/internal_message.html?_=1710300203204&CODE_STATE=getMsg HTTP/1.1" 200 27
222.69.133.156 - - [13/Mar/2024:11:23:22 +0800] "GET /xingrg/all/function/internal_message.html?_=1710300204336&CODE_STATE=getMsg HTTP/1.1" 200 27
124.78.156.2 - - [13/Mar/2024:11:23:22 +0800] "GET /xingrg/kc/buy/cgsh_order_operate.html?command=get_materiel&rest_code=00106&code=00101008107&supplier_code=00100008&order_time=2024-03-13 HTTP/1.1" 200 412
180.163.29.234 - - [13/Mar/2024:11:23:26 +0800] "GET /xingrg/all/function/internal_message.html?_=1710300145811&CODE_STATE=getMsg HTTP/1.1" 302 -
180.163.29.234 - - [13/Mar/2024:11:23:26 +0800] "GET /xingrg/login.html HTTP/1.1" 200 7641
124.78.156.2 - - [13/Mar/2024:11:23:26 +0800] "GET /xingrg/all/function/internal_message.html?_=1710300205784&CODE_STATE=getMsg HTTP/1.1" 200 27
116.224.254.208 - - [13/Mar/2024:11:23:33 +0800] "POST /xingrg/kc/buy/cgsh_order_operate.html HTTP/1.1" 200 37
124.79.241.4 - - [13/Mar/2024:11:23:33 +0800] "GET /xingrg/all/function/internal_message.html?_=1710300232375&CODE_STATE=getMsg HTTP/1.1" 200 27
101.83.145.37 - - [13/Mar/2024:11:23:33 +0800] "POST /xingrg/services/DataTransmitService HTTP/1.1" 200 524
101.83.145.37 - - [13/Mar/2024:11:23:33 +0800] "POST /xingrg/services/DataTransmitService HTTP/1.1" 200 501
124.77.241.8 - - [13/Mar/2024:11:23:34 +0800] "GET /xingrg/kc/buy/cgsh_order_operate.html?command=get_materiel&rest_code=00146&code=00101001037&supplier_code=00100090&order_time=2024-03-13 HTTP/1.1" 200 418
120.253.135.82 - - [13/Mar/2024:11:23:37 +0800] "GET /xingrg/all/function/internal_message.html?_=1710300056132&CODE_STATE=getMsg HTTP/1.1" 200 27
101.83.145.37 - - [13/Mar/2024:11:23:37 +0800] "GET /xingrg/all/function/internal_message.html?_=1710300218541&CODE_STATE=getMsg HTTP/1.1" 200 27
116.230.123.13 - - [13/Mar/2024:11:23:38 +0800] "GET /xingrg/all/function/internal_message.html?_=1710300215483&CODE_STATE=getMsg HTTP/1.1" 302 -
116.224.254.208 - - [13/Mar/2024:11:23:40 +0800] "POST /xingrg/kc/buy/cgsh_order_operate.html HTTP/1.1" 200 12
116.230.123.13 - - [13/Mar/2024:11:23:41 +0800] "GET /xingrg/all/function/internal_message.html?_=1710300219448&CODE_STATE=getMsg HTTP/1.1" 200 27
116.224.254.208 - - [13/Mar/2024:11:23:42 +0800] "GET /xingrg/kc/buy/cgsh_order_info.html?code=212024031303727 HTTP/1.1" 200 68612
124.78.156.2 - - [13/Mar/2024:11:23:42 +0800] "GET /xingrg/kc/buy/cgsh_order_operate.html?command=get_materiel&rest_code=00106&code=00101008312&supplier_code=00100008&order_time=2024-03-13 HTTP/1.1" 200 412
116.224.254.208 - - [13/Mar/2024:11:23:42 +0800] "GET /xingrg/javascript/easyui/themes/default/validatebox.css HTTP/1.1" 404 1104
116.224.254.208 - - [13/Mar/2024:11:23:43 +0800] "POST /xingrg/kc/buy/cgsh_order_operate.html HTTP/1.1" 200 605
116.224.254.208 - - [13/Mar/2024:11:23:44 +0800] "GET /xingrg/kc/print/load_data.html?order_code=212024031303727&kc_code=cgsh&condition= HTTP/1.1" 200 706
116.224.254.208 - - [13/Mar/2024:11:23:49 +0800] "GET /xingrg/kc/buy/cgsh_order_add.html HTTP/1.1" 200 73699
124.78.156.2 - - [13/Mar/2024:11:23:49 +0800] "GET /xingrg/check_reg.html?_=1710300229673 HTTP/1.1" 200 22
124.78.156.2 - - [13/Mar/2024:11:23:49 +0800] "GET /xingrg/all/function/internal_message.html?_=1710300229677&CODE_STATE=getMsg HTTP/1.1" 200 27
116.224.254.208 - - [13/Mar/2024:11:23:49 +0800] "POST /xingrg/kc/buy/cgsh_order_operate.html HTTP/1.1" 200 8245
116.224.254.208 - - [13/Mar/2024:11:23:49 +0800] "GET /xingrg/javascript/easyui/themes/default/validatebox.css HTTP/1.1" 404 1104
124.77.241.8 - - [13/Mar/2024:11:23:50 +0800] "GET /xingrg/kc/buy/cgsh_order_operate.html?command=get_materiel&rest_code=00146&code=00101001125&supplier_code=00100090&order_time=2024-03-13 HTTP/1.1" 200 415
116.224.254.208 - - [13/Mar/2024:11:23:51 +0800] "GET /xingrg/all/function/internal_message.html?_=1710300230569&CODE_STATE=getMsg HTTP/1.1" 200 27
101.228.147.14 - - [13/Mar/2024:11:23:52 +0800] "GET /xingrg/all/function/internal_message.html?_=1710300231063&CODE_STATE=getMsg HTTP/1.1" 200 27
101.228.147.14 - - [13/Mar/2024:11:23:52 +0800] "GET /xingrg/check_reg.html?_=1710300231066 HTTP/1.1" 200 22
124.78.156.2 - - [13/Mar/2024:11:23:57 +0800] "GET /xingrg/kc/buy/cgsh_order_operate.html?command=get_materiel&rest_code=00106&code=00101008354&supplier_code=00100008&order_time=2024-03-13 HTTP/1.1" 200 432
124.77.241.8 - - [13/Mar/2024:11:23:58 +0800] "GET /xingrg/all/function/internal_message.html?_=1710300248632&CODE_STATE=getMsg HTTP/1.1" 200 27
116.224.254.208 - - [13/Mar/2024:11:23:58 +0800] "GET /xingrg/kc/buy/cgsh_order_operate.html?command=get_materiel&rest_code=00150&code=00101002038&supplier_code=00100087&order_time=2024-03-13 HTTP/1.1" 200 416
114.89.91.180 - - [13/Mar/2024:11:24:01 +0800] "GET /xingrg/all/function/internal_message.html?_=1710300243819&CODE_STATE=getMsg HTTP/1.1" 200 27
124.78.156.2 - - [13/Mar/2024:11:24:02 +0800] "GET /xingrg/kc/buy/cgsh_order_operate.html?command=get_materiel&rest_code=00106&code=00101001060&supplier_code=00100442&order_time=2024-03-13 HTTP/1.1" 200 419
221.239.169.251 - - [13/Mar/2024:11:24:04 +0800] "GET /xingrg/all/function/internal_message.html?_=1710300243239&CODE_STATE=getMsg HTTP/1.1" 200 27
124.77.241.8 - - [13/Mar/2024:11:24:06 +0800] "POST /xingrg/kc/buy/cgsh_order_operate.html HTTP/1.1" 200 37
180.164.1.25 - - [13/Mar/2024:11:24:11 +0800] "GET /xingrg/all/function/internal_message.html?_=1710300250750&CODE_STATE=getMsg HTTP/1.1" 200 27
116.224.254.208 - - [13/Mar/2024:11:24:12 +0800] "GET /xingrg/kc/buy/cgsh_order_operate.html?command=get_materiel&rest_code=00150&code=00101002002&supplier_code=00100087&order_time=2024-03-13 HTTP/1.1" 200 420
101.83.145.37 - - [13/Mar/2024:11:24:16 +0800] "GET /xingrg/all/function/internal_message.html?_=1710300019227&CODE_STATE=getMsg HTTP/1.1" 200 27
114.83.220.119 - - [13/Mar/2024:11:24:17 +0800] "GET /xingrg/all/function/internal_message.html?_=1710300256619&CODE_STATE=getMsg HTTP/1.1" 200 27
124.78.60.103 - - [13/Mar/2024:11:24:18 +0800] "GET /xingrg/all/function/internal_message.html?_=1710300258262&CODE_STATE=getMsg HTTP/1.1" 200 27
124.78.156.2 - - [13/Mar/2024:11:24:18 +0800] "GET /xingrg/kc/buy/cgsh_order_operate.html?command=get_materiel&rest_code=00106&code=00101008403&supplier_code=00100008&order_time=2024-03-13 HTTP/1.1" 200 412
116.238.97.31 - - [13/Mar/2024:11:24:21 +0800] "GET /xingrg/all/function/internal_message.html?_=1710300263186&CODE_STATE=getMsg HTTP/1.1" 200 27
222.69.133.156 - - [13/Mar/2024:11:24:22 +0800] "GET /xingrg/all/function/internal_message.html?_=1710300264331&CODE_STATE=getMsg HTTP/1.1" 200 27
116.224.254.208 - - [13/Mar/2024:11:24:25 +0800] "POST /xingrg/kc/buy/cgsh_order_operate.html HTTP/1.1" 200 37
124.78.156.2 - - [13/Mar/2024:11:24:25 +0800] "GET /xingrg/check_reg.html?_=1710300264610 HTTP/1.1" 200 22
124.78.156.2 - - [13/Mar/2024:11:24:26 +0800] "GET /xingrg/all/function/internal_message.html?_=1710300265773&CODE_STATE=getMsg HTTP/1.1" 200 27
116.224.254.208 - - [13/Mar/2024:11:24:27 +0800] "GET /xingrg/check_reg.html?_=1710300268029 HTTP/1.1" 200 22
116.224.254.208 - - [13/Mar/2024:11:24:28 +0800] "GET /xingrg/all/function/internal_message.html?_=1710300268847&CODE_STATE=getMsg HTTP/1.1" 200 27
120.253.135.82 - - [13/Mar/2024:11:24:29 +0800] "POST /xingrg/kc/buy/cgsh_order_operate.html HTTP/1.1" 200 37
124.79.241.4 - - [13/Mar/2024:11:24:33 +0800] "GET /xingrg/all/function/internal_message.html?_=1710300292374&CODE_STATE=getMsg HTTP/1.1" 200 27
116.224.254.208 - - [13/Mar/2024:11:24:33 +0800] "POST /xingrg/kc/buy/cgsh_order_operate.html HTTP/1.1" 200 12
124.78.156.2 - - [13/Mar/2024:11:24:34 +0800] "GET /xingrg/kc/buy/cgsh_order_operate.html?command=get_materiel&rest_code=00106&code=00101008283&supplier_code=00100008&order_time=2024-03-13 HTTP/1.1" 200 408
101.83.145.37 - - [13/Mar/2024:11:24:37 +0800] "GET /xingrg/all/function/internal_message.html?_=1710300278544&CODE_STATE=getMsg HTTP/1.1" 200 27
120.253.135.82 - - [13/Mar/2024:11:24:37 +0800] "GET /xingrg/all/function/internal_message.html?_=1710300116298&CODE_STATE=getMsg HTTP/1.1" 200 27
116.230.123.13 - - [13/Mar/2024:11:24:38 +0800] "GET /xingrg/all/function/internal_message.html?_=1710300275499&CODE_STATE=getMsg HTTP/1.1" 302 -
120.253.135.82 - - [13/Mar/2024:11:24:38 +0800] "POST /xingrg/kc/buy/cgsh_order_operate.html HTTP/1.1" 200 12
116.230.123.13 - - [13/Mar/2024:11:24:38 +0800] "GET /xingrg/check_reg.html?_=1710300275501 HTTP/1.1" 302 -
180.163.28.55 - - [13/Mar/2024:11:24:39 +0800] "GET /xingrg/kc/buy/cgsh_order_operate.html?command=get_materiel&rest_code=00106&code=00101008312&supplier_code=00100008&order_time=2024-03-13 HTTP/1.1" 302 -
180.163.28.55 - - [13/Mar/2024:11:24:39 +0800] "GET /xingrg/login.html HTTP/1.1" 200 7641
116.224.254.208 - - [13/Mar/2024:11:24:39 +0800] "GET /xingrg/kc/buy/cgsh_order_info.html?code=212024031303729 HTTP/1.1" 200 68608
116.224.254.208 - - [13/Mar/2024:11:24:39 +0800] "GET /xingrg/javascript/easyui/themes/default/validatebox.css HTTP/1.1" 404 1104
116.224.254.208 - - [13/Mar/2024:11:24:40 +0800] "POST /xingrg/kc/buy/cgsh_order_operate.html HTTP/1.1" 200 1217
116.230.123.13 - - [13/Mar/2024:11:24:41 +0800] "GET /xingrg/all/function/internal_message.html?_=1710300279431&CODE_STATE=getMsg HTTP/1.1" 200 27
120.253.135.82 - - [13/Mar/2024:11:24:41 +0800] "GET /xingrg/kc/buy/cgsh_order_info.html?code=212024031303676 HTTP/1.1" 200 67625
120.253.135.82 - - [13/Mar/2024:11:24:42 +0800] "GET /xingrg/javascript/easyui/themes/default/validatebox.css HTTP/1.1" 404 1104
116.224.254.208 - - [13/Mar/2024:11:24:42 +0800] "GET /xingrg/kc/print/load_data.html?order_code=212024031303729&kc_code=cgsh&condition= HTTP/1.1" 200 1006
120.253.135.82 - - [13/Mar/2024:11:24:43 +0800] "POST /xingrg/kc/buy/cgsh_order_operate.html HTTP/1.1" 200 4869
124.77.241.8 - - [13/Mar/2024:11:24:43 +0800] "POST /xingrg/kc/buy/cgsh_order_operate.html HTTP/1.1" 200 3857
221.239.169.251 - - [13/Mar/2024:11:24:47 +0800] "GET /xingrg/check_reg.html?_=1710300285911 HTTP/1.1" 200 22
124.77.241.8 - - [13/Mar/2024:11:24:47 +0800] "GET /xingrg/kc/print/load_data.html?order_code=212024031303728&kc_code=cgsh&condition= HTTP/1.1" 200 1210
116.224.254.208 - - [13/Mar/2024:11:24:48 +0800] "GET /xingrg/kc/buy/cgsh_order_add.html HTTP/1.1" 200 73699
116.224.254.208 - - [13/Mar/2024:11:24:48 +0800] "POST /xingrg/kc/buy/cgsh_order_operate.html HTTP/1.1" 200 8245
116.224.254.208 - - [13/Mar/2024:11:24:48 +0800] "GET /xingrg/javascript/easyui/themes/default/validatebox.css HTTP/1.1" 404 1104
120.253.135.82 - - [13/Mar/2024:11:24:48 +0800] "GET /xingrg/kc/buy/cgsh_order_info.html?code=212024031303676 HTTP/1.1" 200 67625
120.253.135.82 - - [13/Mar/2024:11:24:49 +0800] "GET /xingrg/javascript/easyui/themes/default/validatebox.css HTTP/1.1" 404 1104
124.78.156.2 - - [13/Mar/2024:11:24:49 +0800] "GET /xingrg/all/function/internal_message.html?_=1710300289669&CODE_STATE=getMsg HTTP/1.1" 200 27
120.253.135.82 - - [13/Mar/2024:11:24:50 +0800] "POST /xingrg/kc/buy/cgsh_order_operate.html HTTP/1.1" 200 4869
124.78.156.2 - - [13/Mar/2024:11:24:51 +0800] "GET /xingrg/kc/buy/cgsh_order_operate.html?command=get_materiel&rest_code=00106&code=00101008264&supplier_code=00100008&order_time=2024-03-13 HTTP/1.1" 200 432
116.224.254.208 - - [13/Mar/2024:11:24:51 +0800] "GET /xingrg/all/function/internal_message.html?_=1710300290569&CODE_STATE=getMsg HTTP/1.1" 200 27
101.228.147.14 - - [13/Mar/2024:11:24:52 +0800] "GET /xingrg/all/function/internal_message.html?_=1710300291064&CODE_STATE=getMsg HTTP/1.1" 200 27
120.253.135.82 - - [13/Mar/2024:11:24:54 +0800] "POST /xingrg/kc/buy/cgsh_list_operate.html HTTP/1.1" 200 645
116.224.254.208 - - [13/Mar/2024:11:24:55 +0800] "GET /xingrg/kc/buy/cgsh_order_operate.html?command=get_materiel&rest_code=00150&code=00102002167&supplier_code=00100337&order_time=2024-03-13 HTTP/1.1" 200 409
120.253.135.82 - - [13/Mar/2024:11:24:56 +0800] "GET /xingrg/kc/report/report_main.html HTTP/1.1" 200 8599
120.253.135.82 - - [13/Mar/2024:11:24:58 +0800] "GET /xingrg/kc/base/kc_stocks.html HTTP/1.1" 200 16554
120.253.135.82 - - [13/Mar/2024:11:24:58 +0800] "GET /xingrg/javascript/easyui/themes/default/tree.css HTTP/1.1" 404 1090
120.253.135.82 - - [13/Mar/2024:11:24:58 +0800] "POST /xingrg/all/common/load_tree.html?tree=materiel_sort_tree_json HTTP/1.1" 200 9734
124.77.241.8 - - [13/Mar/2024:11:24:58 +0800] "GET /xingrg/all/function/internal_message.html?_=1710300308641&CODE_STATE=getMsg HTTP/1.1" 200 27
120.253.135.82 - - [13/Mar/2024:11:24:59 +0800] "POST /xingrg/all/common/load_combo.html?type=base HTTP/1.1" 200 1169
114.89.91.180 - - [13/Mar/2024:11:25:01 +0800] "GET /xingrg/all/function/internal_message.html?_=1710300303808&CODE_STATE=getMsg HTTP/1.1" 200 27
114.89.91.180 - - [13/Mar/2024:11:25:01 +0800] "GET /xingrg/check_reg.html?_=1710300303811 HTTP/1.1" 200 22
221.239.169.251 - - [13/Mar/2024:11:25:04 +0800] "GET /xingrg/all/function/internal_message.html?_=1710300303216&CODE_STATE=getMsg HTTP/1.1" 200 27
120.253.135.82 - - [13/Mar/2024:11:25:05 +0800] "POST /xingrg/kc/base/stock_operate.html HTTP/1.1" 200 1487
180.164.1.25 - - [13/Mar/2024:11:25:11 +0800] "GET /xingrg/all/function/internal_message.html?_=1710300310743&CODE_STATE=getMsg HTTP/1.1" 200 27
116.224.254.208 - - [13/Mar/2024:11:25:13 +0800] "GET /xingrg/kc/buy/cgsh_order_operate.html?command=get_materiel&rest_code=00150&code=00101020133&supplier_code=00100337&order_time=2024-03-13 HTTP/1.1" 200 417
101.83.145.37 - - [13/Mar/2024:11:25:16 +0800] "GET /xingrg/all/function/internal_message.html?_=1710300079212&CODE_STATE=getMsg HTTP/1.1" 200 27
101.83.145.37 - - [13/Mar/2024:11:25:16 +0800] "GET /xingrg/check_reg.html?_=1710300079417 HTTP/1.1" 200 22
124.78.156.2 - - [13/Mar/2024:11:25:16 +0800] "GET /xingrg/kc/buy/cgsh_order_operate.html?command=get_materiel&rest_code=00106&code=00101008131&supplier_code=00100008&order_time=2024-03-13 HTTP/1.1" 200 408
114.83.220.119 - - [13/Mar/2024:11:25:17 +0800] "GET /xingrg/all/function/internal_message.html?_=1710300316591&CODE_STATE=getMsg HTTP/1.1" 200 27
124.78.60.103 - - [13/Mar/2024:11:25:18 +0800] "GET /xingrg/all/function/internal_message.html?_=1710300318247&CODE_STATE=getMsg HTTP/1.1" 200 27
114.83.220.119 - - [13/Mar/2024:11:25:19 +0800] "GET /xingrg/check_reg.html?_=1710300318123 HTTP/1.1" 200 22
124.78.156.2 - - [13/Mar/2024:11:25:19 +0800] "POST /xingrg/services/DataTransmitService HTTP/1.1" 200 524
116.238.97.31 - - [13/Mar/2024:11:25:21 +0800] "GET /xingrg/all/function/internal_message.html?_=1710300323168&CODE_STATE=getMsg HTTP/1.1" 200 27
222.69.133.156 - - [13/Mar/2024:11:25:22 +0800] "GET /xingrg/all/function/internal_message.html?_=1710300324322&CODE_STATE=getMsg HTTP/1.1" 200 27
124.78.156.2 - - [13/Mar/2024:11:25:26 +0800] "GET /xingrg/kc/buy/cgsh_order_operate.html?command=get_materiel&rest_code=00106&code=00101008353&supplier_code=00100008&order_time=2024-03-13 HTTP/1.1" 200 408
124.78.156.2 - - [13/Mar/2024:11:25:26 +0800] "GET /xingrg/all/function/internal_message.html?_=1710300325803&CODE_STATE=getMsg HTTP/1.1" 200 27
116.224.254.208 - - [13/Mar/2024:11:25:28 +0800] "GET /xingrg/all/function/internal_message.html?_=1710300328842&CODE_STATE=getMsg HTTP/1.1" 200 27
124.79.241.4 - - [13/Mar/2024:11:25:33 +0800] "GET /xingrg/all/function/internal_message.html?_=1710300352373&CODE_STATE=getMsg HTTP/1.1" 200 27
124.79.241.4 - - [13/Mar/2024:11:25:33 +0800] "GET /xingrg/check_reg.html?_=1710300352374 HTTP/1.1" 200 22
101.83.145.37 - - [13/Mar/2024:11:25:37 +0800] "GET /xingrg/all/function/internal_message.html?_=1710300338544&CODE_STATE=getMsg HTTP/1.1" 200 27
120.253.135.82 - - [13/Mar/2024:11:25:37 +0800] "GET /xingrg/all/function/internal_message.html?_=1710300176300&CODE_STATE=getMsg HTTP/1.1" 200 27
116.230.123.13 - - [13/Mar/2024:11:25:38 +0800] "GET /xingrg/all/function/internal_message.html?_=1710300335492&CODE_STATE=getMsg HTTP/1.1" 302 -
116.230.123.13 - - [13/Mar/2024:11:25:41 +0800] "GET /xingrg/all/function/internal_message.html?_=1710300339418&CODE_STATE=getMsg HTTP/1.1" 200 27
124.78.156.2 - - [13/Mar/2024:11:25:42 +0800] "GET /xingrg/kc/buy/cgsh_order_operate.html?command=get_materiel&rest_code=00106&code=00101008370&supplier_code=00100008&order_time=2024-03-13 HTTP/1.1" 200 412
116.224.254.208 - - [13/Mar/2024:11:25:47 +0800] "POST /xingrg/kc/buy/cgsh_order_operate.html HTTP/1.1" 200 37
124.78.156.2 - - [13/Mar/2024:11:25:49 +0800] "GET /xingrg/all/function/internal_message.html?_=1710300349671&CODE_STATE=getMsg HTTP/1.1" 200 27
116.224.254.208 - - [13/Mar/2024:11:25:51 +0800] "GET /xingrg/all/function/internal_message.html?_=1710300350559&CODE_STATE=getMsg HTTP/1.1" 200 27
101.228.147.14 - - [13/Mar/2024:11:25:52 +0800] "GET /xingrg/all/function/internal_message.html?_=1710300351063&CODE_STATE=getMsg HTTP/1.1" 200 27
116.224.254.208 - - [13/Mar/2024:11:25:55 +0800] "POST /xingrg/kc/buy/cgsh_order_operate.html HTTP/1.1" 200 12
116.224.254.208 - - [13/Mar/2024:11:25:57 +0800] "GET /xingrg/kc/buy/cgsh_order_info.html?code=212024031303730 HTTP/1.1" 200 68610
116.224.254.208 - - [13/Mar/2024:11:25:58 +0800] "GET /xingrg/javascript/easyui/themes/default/validatebox.css HTTP/1.1" 404 1104
124.77.241.8 - - [13/Mar/2024:11:25:58 +0800] "GET /xingrg/all/function/internal_message.html?_=1710300368655&CODE_STATE=getMsg HTTP/1.1" 200 27
116.224.254.208 - - [13/Mar/2024:11:25:59 +0800] "POST /xingrg/kc/buy/cgsh_order_operate.html HTTP/1.1" 200 1790
116.224.254.208 - - [13/Mar/2024:11:26:00 +0800] "GET /xingrg/kc/print/load_data.html?order_code=212024031303730&kc_code=cgsh&condition= HTTP/1.1" 200 1156
114.89.91.180 - - [13/Mar/2024:11:26:01 +0800] "GET /xingrg/all/function/internal_message.html?_=1710300363815&CODE_STATE=getMsg HTTP/1.1" 200 27
124.78.156.2 - - [13/Mar/2024:11:26:03 +0800] "GET /xingrg/kc/buy/cgsh_order_operate.html?command=get_materiel&rest_code=00106&code=00101008415&supplier_code=00100008&order_time=2024-03-13 HTTP/1.1" 200 412
221.239.169.251 - - [13/Mar/2024:11:26:04 +0800] "GET /xingrg/all/function/internal_message.html?_=1710300363201&CODE_STATE=getMsg HTTP/1.1" 200 27
116.224.254.208 - - [13/Mar/2024:11:26:05 +0800] "GET /xingrg/kc/buy/cgsh_order_add.html HTTP/1.1" 200 73699
124.78.156.2 - - [13/Mar/2024:11:26:05 +0800] "POST /xingrg/services/DataTransmitService HTTP/1.1" 200 501
116.224.254.208 - - [13/Mar/2024:11:26:06 +0800] "POST /xingrg/kc/buy/cgsh_order_operate.html HTTP/1.1" 200 8245
116.224.254.208 - - [13/Mar/2024:11:26:06 +0800] "GET /xingrg/javascript/easyui/themes/default/validatebox.css HTTP/1.1" 404 1104
180.164.1.25 - - [13/Mar/2024:11:26:11 +0800] "GET /xingrg/all/function/internal_message.html?_=1710300370726&CODE_STATE=getMsg HTTP/1.1" 200 27
180.164.1.25 - - [13/Mar/2024:11:26:12 +0800] "GET /xingrg/check_reg.html?_=1710300372188 HTTP/1.1" 200 22
116.224.254.208 - - [13/Mar/2024:11:26:15 +0800] "GET /xingrg/kc/buy/cgsh_order_operate.html?command=get_materiel&rest_code=00150&code=00101003006&supplier_code=00100092&order_time=2024-03-13 HTTP/1.1" 200 414
124.78.156.2 - - [13/Mar/2024:11:26:15 +0800] "GET /xingrg/kc/buy/cgsh_order_operate.html?command=get_materiel&rest_code=00106&code=00101008161&supplier_code=00100008&order_time=2024-03-13 HTTP/1.1" 200 409
101.83.145.37 - - [13/Mar/2024:11:26:16 +0800] "GET /xingrg/all/function/internal_message.html?_=1710300139183&CODE_STATE=getMsg HTTP/1.1" 200 27
114.83.220.119 - - [13/Mar/2024:11:26:17 +0800] "GET /xingrg/all/function/internal_message.html?_=1710300376565&CODE_STATE=getMsg HTTP/1.1" 200 27
124.78.60.103 - - [13/Mar/2024:11:26:18 +0800] "GET /xingrg/all/function/internal_message.html?_=1710300378221&CODE_STATE=getMsg HTTP/1.1" 200 27
116.238.97.31 - - [13/Mar/2024:11:26:21 +0800] "GET /xingrg/check_reg.html?_=1710300383107 HTTP/1.1" 200 22
116.238.97.31 - - [13/Mar/2024:11:26:21 +0800] "GET /xingrg/all/function/internal_message.html?_=1710300383153&CODE_STATE=getMsg HTTP/1.1" 200 27
222.69.133.156 - - [13/Mar/2024:11:26:22 +0800] "GET /xingrg/all/function/internal_message.html?_=1710300384346&CODE_STATE=getMsg HTTP/1.1" 200 27
222.69.133.156 - - [13/Mar/2024:11:26:22 +0800] "GET /xingrg/check_reg.html?_=1710300384349 HTTP/1.1" 200 22
116.224.254.208 - - [13/Mar/2024:11:26:25 +0800] "POST /xingrg/kc/buy/cgsh_order_operate.html HTTP/1.1" 200 37
124.78.156.2 - - [13/Mar/2024:11:26:26 +0800] "GET /xingrg/all/function/internal_message.html?_=1710300385802&CODE_STATE=getMsg HTTP/1.1" 200 27
116.224.254.208 - - [13/Mar/2024:11:26:28 +0800] "GET /xingrg/all/function/internal_message.html?_=1710300388821&CODE_STATE=getMsg HTTP/1.1" 200 27
116.230.123.13 - - [13/Mar/2024:11:26:31 +0800] "GET /xingrg/kc/base/wldb_order_list.html HTTP/1.1" 200 19051
116.230.123.13 - - [13/Mar/2024:11:26:32 +0800] "POST /xingrg/kc/base/wldb_list_operate.html HTTP/1.1" 200 928
116.224.254.208 - - [13/Mar/2024:11:26:32 +0800] "POST /xingrg/kc/buy/cgsh_order_operate.html HTTP/1.1" 200 12
124.79.241.4 - - [13/Mar/2024:11:26:33 +0800] "GET /xingrg/all/function/internal_message.html?_=1710300412392&CODE_STATE=getMsg HTTP/1.1" 200 27
116.224.254.208 - - [13/Mar/2024:11:26:34 +0800] "GET /xingrg/kc/buy/cgsh_order_info.html?code=212024031303731 HTTP/1.1" 200 68610
116.224.254.208 - - [13/Mar/2024:11:26:34 +0800] "GET /xingrg/javascript/easyui/themes/default/validatebox.css HTTP/1.1" 404 1104
124.78.60.103 - - [13/Mar/2024:11:26:35 +0800] "GET /xingrg/check_reg.html?_=1710300395537 HTTP/1.1" 200 22
116.224.254.208 - - [13/Mar/2024:11:26:35 +0800] "POST /xingrg/kc/buy/cgsh_order_operate.html HTTP/1.1" 200 611
124.77.241.8 - - [13/Mar/2024:11:26:35 +0800] "GET /xingrg/check_reg.html?_=1710300405801 HTTP/1.1" 200 22
116.224.254.208 - - [13/Mar/2024:11:26:36 +0800] "GET /xingrg/kc/print/load_data.html?order_code=212024031303731&kc_code=cgsh&condition= HTTP/1.1" 200 760
101.83.145.37 - - [13/Mar/2024:11:26:37 +0800] "GET /xingrg/all/function/internal_message.html?_=1710300398543&CODE_STATE=getMsg HTTP/1.1" 200 27
120.253.135.82 - - [13/Mar/2024:11:26:37 +0800] "GET /xingrg/all/function/internal_message.html?_=1710300236313&CODE_STATE=getMsg HTTP/1.1" 200 27
124.78.156.2 - - [13/Mar/2024:11:26:38 +0800] "GET /xingrg/kc/buy/cgsh_order_operate.html?command=get_materiel&rest_code=00106&code=00101008285&supplier_code=00100008&order_time=2024-03-13 HTTP/1.1" 200 413
116.230.123.13 - - [13/Mar/2024:11:26:38 +0800] "GET /xingrg/all/function/internal_message.html?_=1710300395492&CODE_STATE=getMsg HTTP/1.1" 302 -
180.163.29.79 - - [13/Mar/2024:11:26:39 +0800] "GET /xingrg/kc/buy/cgsh_order_operate.html?command=get_materiel&rest_code=00106&code=00101008370&supplier_code=00100008&order_time=2024-03-13 HTTP/1.1" 302 -
180.163.29.79 - - [13/Mar/2024:11:26:39 +0800] "GET /xingrg/login.html HTTP/1.1" 200 7641
116.230.123.13 - - [13/Mar/2024:11:26:39 +0800] "GET /xingrg/check_reg.html?_=1710300398124 HTTP/1.1" 200 22
116.230.123.13 - - [13/Mar/2024:11:26:41 +0800] "GET /xingrg/all/function/internal_message.html?_=1710300399409&CODE_STATE=getMsg HTTP/1.1" 200 27
116.224.254.208 - - [13/Mar/2024:11:26:41 +0800] "GET /xingrg/kc/buy/cgsh_order_add.html HTTP/1.1" 200 73699
116.224.254.208 - - [13/Mar/2024:11:26:41 +0800] "POST /xingrg/kc/buy/cgsh_order_operate.html HTTP/1.1" 200 8245
116.224.254.208 - - [13/Mar/2024:11:26:41 +0800] "GET /xingrg/javascript/easyui/themes/default/validatebox.css HTTP/1.1" 404 1104
124.78.156.2 - - [13/Mar/2024:11:26:49 +0800] "GET /xingrg/all/function/internal_message.html?_=1710300409673&CODE_STATE=getMsg HTTP/1.1" 200 27
116.224.254.208 - - [13/Mar/2024:11:26:50 +0800] "GET /xingrg/kc/buy/cgsh_order_operate.html?command=get_materiel&rest_code=00150&code=00101010161&supplier_code=00100316&order_time=2024-03-13 HTTP/1.1" 200 410
116.224.254.208 - - [13/Mar/2024:11:26:51 +0800] "GET /xingrg/all/function/internal_message.html?_=1710300410563&CODE_STATE=getMsg HTTP/1.1" 200 27
101.228.147.14 - - [13/Mar/2024:11:26:52 +0800] "GET /xingrg/all/function/internal_message.html?_=1710300411066&CODE_STATE=getMsg HTTP/1.1" 200 27
124.77.241.8 - - [13/Mar/2024:11:26:58 +0800] "GET /xingrg/all/function/internal_message.html?_=1710300428669&CODE_STATE=getMsg HTTP/1.1" 200 27
116.224.254.208 - - [13/Mar/2024:11:27:01 +0800] "POST /xingrg/kc/buy/cgsh_order_operate.html HTTP/1.1" 200 37
114.89.91.180 - - [13/Mar/2024:11:27:01 +0800] "GET /xingrg/all/function/internal_message.html?_=1710300423808&CODE_STATE=getMsg HTTP/1.1" 200 27
124.78.156.2 - - [13/Mar/2024:11:27:03 +0800] "GET /xingrg/kc/buy/cgsh_order_operate.html?command=get_materiel&rest_code=00106&code=00101008361&supplier_code=00100008&order_time=2024-03-13 HTTP/1.1" 200 408
221.239.169.251 - - [13/Mar/2024:11:27:04 +0800] "GET /xingrg/all/function/internal_message.html?_=1710300423183&CODE_STATE=getMsg HTTP/1.1" 200 27
114.83.220.119 - - [13/Mar/2024:11:27:05 +0800] "POST /xingrg/services/DataTransmitService HTTP/1.1" 200 524
114.83.220.119 - - [13/Mar/2024:11:27:06 +0800] "POST /xingrg/services/DataTransmitService HTTP/1.1" 200 412
180.163.30.27 - - [13/Mar/2024:11:27:06 +0800] "GET /xingrg/all/function/internal_message.html?_=1710298884569&CODE_STATE=getMsg HTTP/1.1" 302 -
180.163.30.27 - - [13/Mar/2024:11:27:07 +0800] "GET /xingrg/login.html HTTP/1.1" 200 7641
180.164.1.25 - - [13/Mar/2024:11:27:11 +0800] "GET /xingrg/all/function/internal_message.html?_=1710300430720&CODE_STATE=getMsg HTTP/1.1" 200 27
124.78.156.2 - - [13/Mar/2024:11:27:14 +0800] "GET /xingrg/kc/buy/cgsh_order_operate.html?command=get_materiel&rest_code=00106&code=00101008137&supplier_code=00100008&order_time=2024-03-13 HTTP/1.1" 200 408
101.83.145.37 - - [13/Mar/2024:11:27:16 +0800] "GET /xingrg/all/function/internal_message.html?_=1710300199168&CODE_STATE=getMsg HTTP/1.1" 200 27
114.83.220.119 - - [13/Mar/2024:11:27:17 +0800] "GET /xingrg/all/function/internal_message.html?_=1710300436534&CODE_STATE=getMsg HTTP/1.1" 200 27
124.78.60.103 - - [13/Mar/2024:11:27:18 +0800] "GET /xingrg/all/function/internal_message.html?_=1710300438201&CODE_STATE=getMsg HTTP/1.1" 200 27
116.238.97.31 - - [13/Mar/2024:11:27:21 +0800] "GET /xingrg/all/function/internal_message.html?_=1710300443147&CODE_STATE=getMsg HTTP/1.1" 200 27
222.69.133.156 - - [13/Mar/2024:11:27:22 +0800] "GET /xingrg/all/function/internal_message.html?_=1710300444326&CODE_STATE=getMsg HTTP/1.1" 200 27
180.169.147.146 - - [13/Mar/2024:11:27:25 +0800] "GET /xingrg/check_reg.html?_=1710300445238 HTTP/1.1" 302 -
124.78.156.2 - - [13/Mar/2024:11:27:26 +0800] "GET /xingrg/all/function/internal_message.html?_=1710300445767&CODE_STATE=getMsg HTTP/1.1" 200 27
124.78.156.2 - - [13/Mar/2024:11:27:28 +0800] "GET /xingrg/kc/buy/cgsh_order_operate.html?command=get_materiel&rest_code=00106&code=00101008357&supplier_code=00100008&order_time=2024-03-13 HTTP/1.1" 200 408
124.79.241.4 - - [13/Mar/2024:11:27:33 +0800] "GET /xingrg/all/function/internal_message.html?_=1710300472375&CODE_STATE=getMsg HTTP/1.1" 200 27
116.224.254.208 - - [13/Mar/2024:11:27:34 +0800] "POST /xingrg/kc/buy/cgsh_order_operate.html HTTP/1.1" 200 12
180.163.30.85 - - [13/Mar/2024:11:27:35 +0800] "GET /xingrg/kc/buy/cgsh_order_operate.html?command=get_materiel&rest_code=00106&code=00101008285&supplier_code=00100008&order_time=2024-03-13 HTTP/1.1" 302 -
180.163.30.85 - - [13/Mar/2024:11:27:35 +0800] "GET /xingrg/login.html HTTP/1.1" 200 7641
116.224.254.208 - - [13/Mar/2024:11:27:36 +0800] "GET /xingrg/kc/buy/cgsh_order_info.html?code=212024031303732 HTTP/1.1" 200 68612
116.224.254.208 - - [13/Mar/2024:11:27:37 +0800] "GET /xingrg/javascript/easyui/themes/default/validatebox.css HTTP/1.1" 404 1104
101.83.145.37 - - [13/Mar/2024:11:27:37 +0800] "GET /xingrg/check_reg.html?_=1710300458544 HTTP/1.1" 200 22
101.83.145.37 - - [13/Mar/2024:11:27:37 +0800] "GET /xingrg/all/function/internal_message.html?_=1710300458548&CODE_STATE=getMsg HTTP/1.1" 200 27
124.78.156.2 - - [13/Mar/2024:11:27:37 +0800] "GET /xingrg/kc/buy/cgsh_order_operate.html?command=get_materiel&rest_code=00106&code=00101008141&supplier_code=00100008&order_time=2024-03-13 HTTP/1.1" 200 412
120.253.135.82 - - [13/Mar/2024:11:27:37 +0800] "GET /xingrg/all/function/internal_message.html?_=1710300296487&CODE_STATE=getMsg HTTP/1.1" 200 27
116.224.254.208 - - [13/Mar/2024:11:27:38 +0800] "POST /xingrg/kc/buy/cgsh_order_operate.html HTTP/1.1" 200 604
116.230.123.13 - - [13/Mar/2024:11:27:38 +0800] "GET /xingrg/all/function/internal_message.html?_=1710300455492&CODE_STATE=getMsg HTTP/1.1" 302 -
116.224.254.208 - - [13/Mar/2024:11:27:39 +0800] "GET /xingrg/kc/print/load_data.html?order_code=212024031303732&kc_code=cgsh&condition= HTTP/1.1" 200 702
116.230.123.13 - - [13/Mar/2024:11:27:41 +0800] "GET /xingrg/all/function/internal_message.html?_=1710300459405&CODE_STATE=getMsg HTTP/1.1" 200 27
116.224.254.208 - - [13/Mar/2024:11:27:44 +0800] "GET /xingrg/kc/buy/cgsh_order_add.html HTTP/1.1" 200 73699
116.224.254.208 - - [13/Mar/2024:11:27:44 +0800] "POST /xingrg/kc/buy/cgsh_order_operate.html HTTP/1.1" 200 8245
116.224.254.208 - - [13/Mar/2024:11:27:44 +0800] "GET /xingrg/javascript/easyui/themes/default/validatebox.css HTTP/1.1" 404 1104
116.230.123.13 - - [13/Mar/2024:11:27:48 +0800] "GET /xingrg/kc/base/wldb_order_add.html HTTP/1.1" 200 30382
124.78.156.2 - - [13/Mar/2024:11:27:49 +0800] "GET /xingrg/all/function/internal_message.html?_=1710300469677&CODE_STATE=getMsg HTTP/1.1" 200 27
116.230.123.13 - - [13/Mar/2024:11:27:49 +0800] "GET /xingrg/all/common/auto_word.html?type=base&rest_code=00111 HTTP/1.1" 200 1753
116.230.123.13 - - [13/Mar/2024:11:27:49 +0800] "GET /xingrg/all/common/auto_word.html?type=base&rest_code=00111 HTTP/1.1" 200 1753
116.230.123.13 - - [13/Mar/2024:11:27:50 +0800] "GET /xingrg/javascript/easyui/themes/default/validatebox.css HTTP/1.1" 404 1104
116.230.123.13 - - [13/Mar/2024:11:27:50 +0800] "POST /xingrg/kc/base/wldb_order_operate.html HTTP/1.1" 200 6806
120.253.135.82 - - [13/Mar/2024:11:27:50 +0800] "GET /xingrg/check_reg.html?_=1710300309181 HTTP/1.1" 200 22
116.224.254.208 - - [13/Mar/2024:11:27:51 +0800] "GET /xingrg/all/function/internal_message.html?_=1710300470583&CODE_STATE=getMsg HTTP/1.1" 200 27
