116.238.97.31 - - [11/Mar/2024:11:23:52 +0800] "GET /xingrg/javascript/jquery_easy_ui/themes/default/images/button_span_bg.gif HTTP/1.1" 200 2061
116.238.97.31 - - [11/Mar/2024:11:23:52 +0800] "POST /xingrg/all/common/load_tree.html?tree=materiel_sort_tree_json HTTP/1.1" 200 9734
116.238.97.31 - - [11/Mar/2024:11:23:52 +0800] "GET /xingrg/javascript/jquery_easy_ui/themes/default/images/menu.gif HTTP/1.1" 200 834
116.238.97.31 - - [11/Mar/2024:11:23:52 +0800] "GET /xingrg/javascript/jquery_easy_ui/themes/default/images/button_a_bg.gif HTTP/1.1" 200 1194
116.238.97.31 - - [11/Mar/2024:11:23:52 +0800] "GET /xingrg/javascript/jquery_easy_ui/themes/icons/search.png HTTP/1.1" 200 813
116.238.97.31 - - [11/Mar/2024:11:23:52 +0800] "GET /xingrg/javascript/jquery_easy_ui/themes/default/images/calendar_nextmonth.gif HTTP/1.1" 200 64
116.238.97.31 - - [11/Mar/2024:11:23:52 +0800] "GET /xingrg/javascript/jquery_easy_ui/themes/default/images/calendar_prevyear.gif HTTP/1.1" 200 76
116.238.97.31 - - [11/Mar/2024:11:23:52 +0800] "GET /xingrg/javascript/jquery_easy_ui/themes/default/images/calendar_nextyear.gif HTTP/1.1" 200 75
116.238.97.31 - - [11/Mar/2024:11:23:52 +0800] "GET /xingrg/javascript/jquery_easy_ui/themes/default/images/tree_checkbox_0.gif HTTP/1.1" 200 168
124.78.60.103 - - [11/Mar/2024:11:23:54 +0800] "GET /xingrg/all/function/internal_message.html?_=1710127434378&CODE_STATE=getMsg HTTP/1.1" 200 27
180.163.29.217 - - [11/Mar/2024:11:23:55 +0800] "GET /xingrg/all/function/internal_message.html?_=1710127077167&CODE_STATE=getMsg HTTP/1.1" 302 -
180.163.29.217 - - [11/Mar/2024:11:23:55 +0800] "GET /xingrg/login.html HTTP/1.1" 200 7641
116.232.194.112 - - [11/Mar/2024:11:23:55 +0800] "GET /xingrg/all/function/internal_message.html?_=1710127414706&CODE_STATE=getMsg HTTP/1.1" 200 27
116.238.97.31 - - [11/Mar/2024:11:23:57 +0800] "GET /xingrg/javascript/jquery_easy_ui/themes/default/images/tree_checkbox_2.gif HTTP/1.1" 200 181
116.238.97.31 - - [11/Mar/2024:11:23:57 +0800] "GET /xingrg/javascript/jquery_easy_ui/themes/default/images/tree_checkbox_1.gif HTTP/1.1" 200 174
180.163.29.212 - - [11/Mar/2024:11:23:58 +0800] "GET /xingrg/all/function/internal_message.html?_=1710127378374&CODE_STATE=getMsg HTTP/1.1" 302 -
180.163.29.212 - - [11/Mar/2024:11:23:58 +0800] "GET /xingrg/login.html HTTP/1.1" 200 7641
116.237.78.42 - - [11/Mar/2024:11:23:58 +0800] "GET /xingrg/all/function/internal_message.html?_=1710127438359&CODE_STATE=getMsg HTTP/1.1" 200 27
116.238.97.31 - - [11/Mar/2024:11:24:00 +0800] "GET /xingrg/kc/base/crk_hz.html?_=1710127441675&command=get_cost_id&end_date=2024-03-11&start_date=2024-03-01 HTTP/1.1" 200 51
116.238.97.31 - - [11/Mar/2024:11:24:00 +0800] "GET /xingrg/all/report/report_query.html?isQuery=1&onlyBody=1&rh=99999&rw=1800&varString=start:20240301,cost_id:4948,mid:20240301&fileName=kc/base/crk_hz_type_by_base.xml&queryString=%20a.base_code%20in%20('0010490')%20%20and%20m.sort_code%20in%20('00101001','00101002','00101003','00101004','00101005','00101006','00101007','00101008','00101009','00101010','00101011','00101012','00101013','00101014','00101015','00101016','00101017','00101018','00101019','00101020','00101021','00101022','00101023','00101024','00101025','00101026','00101027','00101028','00101029','00101030','00101031','00101032','00101033','00101034','00101036','00101037','00101038','00101039','00101040','00101041','00101042','00101043','00101044','00101045')%20&queryText=ÈÕÆÚ£º2024-03-01ÖÁ2024-03-11%20²Ö¿â£ºÔ±¹¤²Í&tableQueryString=materiel_table$sp1$$sp$before_table$sp1$$sp$crk_table$sp1$order_day%20between%2020240301%20and%2020240311 HTTP/1.1" 200 49907
116.238.97.31 - - [11/Mar/2024:11:24:00 +0800] "GET /xingrg/javascript/multi_select/jqueryMultiSelect.css HTTP/1.1" 200 951
116.238.97.31 - - [11/Mar/2024:11:24:00 +0800] "GET /xingrg/javascript/calendar/timePicker.css HTTP/1.1" 200 523
116.238.97.31 - - [11/Mar/2024:11:24:00 +0800] "GET /xingrg/javascript/bigrid/fix.css HTTP/1.1" 200 1702
116.238.97.31 - - [11/Mar/2024:11:24:00 +0800] "GET /xingrg/dwr/interface/AjaxReportQueryService.js HTTP/1.1" 200 13203
116.238.97.31 - - [11/Mar/2024:11:24:00 +0800] "GET /xingrg/dwr/engine.js HTTP/1.1" 200 43631
116.238.97.31 - - [11/Mar/2024:11:24:00 +0800] "GET /xingrg/javascript/jqueryMultiSelect.js HTTP/1.1" 200 11866
116.238.97.31 - - [11/Mar/2024:11:24:00 +0800] "GET /xingrg/javascript/calendar/jquery.timePicker.min.js HTTP/1.1" 200 2997
116.238.97.31 - - [11/Mar/2024:11:24:00 +0800] "GET /xingrg/javascript/bigrid/fix.js HTTP/1.1" 200 6439
116.238.97.31 - - [11/Mar/2024:11:24:00 +0800] "GET /xingrg/images/control/loading.gif HTTP/1.1" 200 13463
116.238.97.31 - - [11/Mar/2024:11:24:00 +0800] "GET /xingrg/images/blue/button/advanceover.gif HTTP/1.1" 200 1347
116.238.97.31 - - [11/Mar/2024:11:24:00 +0800] "GET /xingrg/images/blue/button/advance2over.gif HTTP/1.1" 200 1336
116.238.97.31 - - [11/Mar/2024:11:24:00 +0800] "GET /xingrg/images/blue/button/back2over.gif HTTP/1.1" 200 1335
116.238.97.31 - - [11/Mar/2024:11:24:00 +0800] "GET /xingrg/images/blue/button/backover.gif HTTP/1.1" 200 1348
116.238.97.31 - - [11/Mar/2024:11:24:00 +0800] "GET /xingrg/javascript/jquery_easy_ui/themes/icons/help.png HTTP/1.1" 200 1187
101.83.145.37 - - [11/Mar/2024:11:24:01 +0800] "GET /xingrg/all/function/internal_message.html?_=1710127204158&CODE_STATE=getMsg HTTP/1.1" 200 27
114.83.218.176 - - [11/Mar/2024:11:24:04 +0800] "GET /xingrg/kc/buy/cgsh_order_list.html HTTP/1.1" 200 57886
116.238.97.31 - - [11/Mar/2024:11:24:04 +0800] "POST /xingrg/all/report/load_report_page.html HTTP/1.1" 200 94671
116.238.97.31 - - [11/Mar/2024:11:24:04 +0800] "GET /xingrg/servlets/image?cache=0.18325238418035839&image=px HTTP/1.1" 200 807
114.83.218.176 - - [11/Mar/2024:11:24:06 +0800] "POST /xingrg/kc/buy/cgsh_list_operate.html HTTP/1.1" 200 645
116.230.123.13 - - [11/Mar/2024:11:24:08 +0800] "GET /xingrg/check_reg.html?_=1710127447612 HTTP/1.1" 302 -
116.230.123.13 - - [11/Mar/2024:11:24:08 +0800] "GET /xingrg/all/function/internal_message.html?_=1710127447614&CODE_STATE=getMsg HTTP/1.1" 302 -
58.40.7.146 - - [11/Mar/2024:11:24:08 +0800] "GET /xingrg/all/function/internal_message.html?_=1710127448837&CODE_STATE=getMsg HTTP/1.1" 200 27
116.230.123.13 - - [11/Mar/2024:11:24:16 +0800] "GET /xingrg/kc/buy/cgsh_order_add.html HTTP/1.1" 200 73611
116.230.123.13 - - [11/Mar/2024:11:24:16 +0800] "POST /xingrg/kc/buy/cgsh_order_operate.html HTTP/1.1" 200 8245
116.230.123.13 - - [11/Mar/2024:11:24:16 +0800] "GET /xingrg/javascript/easyui/themes/default/validatebox.css HTTP/1.1" 404 1104
114.83.218.176 - - [11/Mar/2024:11:24:16 +0800] "GET /xingrg/all/function/internal_message.html?_=1710127455543&CODE_STATE=getMsg HTTP/1.1" 200 27
116.230.123.13 - - [11/Mar/2024:11:24:20 +0800] "GET /xingrg/all/function/internal_message.html?_=1710127459805&CODE_STATE=getMsg HTTP/1.1" 200 27
101.83.145.37 - - [11/Mar/2024:11:24:23 +0800] "GET /xingrg/all/function/internal_message.html?_=1710127463299&CODE_STATE=getMsg HTTP/1.1" 200 27
114.83.218.176 - - [11/Mar/2024:11:24:23 +0800] "POST /xingrg/kc/buy/cgsh_list_operate.html HTTP/1.1" 200 4718
101.228.147.14 - - [11/Mar/2024:11:24:23 +0800] "GET /xingrg/all/function/internal_message.html?_=1710127463400&CODE_STATE=getMsg HTTP/1.1" 200 27
114.83.218.176 - - [11/Mar/2024:11:24:29 +0800] "POST /xingrg/kc/buy/cgsh_list_operate.html HTTP/1.1" 200 202
180.164.1.25 - - [11/Mar/2024:11:24:29 +0800] "GET /xingrg/all/function/internal_message.html?_=1710127468617&CODE_STATE=getMsg HTTP/1.1" 200 27
124.77.241.9 - - [11/Mar/2024:11:24:29 +0800] "POST /xingrg/all/common/load_select.html HTTP/1.1" 200 25
222.69.132.250 - - [11/Mar/2024:11:24:30 +0800] "GET /xingrg/all/function/internal_message.html?_=1710127471806&CODE_STATE=getMsg HTTP/1.1" 200 27
222.70.115.1 - - [11/Mar/2024:11:24:31 +0800] "GET /xingrg/all/function/internal_message.html?_=1710127471823&CODE_STATE=getMsg HTTP/1.1" 200 27
114.83.218.176 - - [11/Mar/2024:11:24:32 +0800] "POST /xingrg/kc/buy/cgsh_list_operate.html HTTP/1.1" 200 354
218.79.29.78 - - [11/Mar/2024:11:24:32 +0800] "GET /xingrg/all/function/internal_message.html?_=1710127475466&CODE_STATE=getMsg HTTP/1.1" 200 27
114.83.218.176 - - [11/Mar/2024:11:24:35 +0800] "POST /xingrg/kc/buy/cgsh_list_operate.html HTTP/1.1" 200 202
116.224.254.208 - - [11/Mar/2024:11:24:35 +0800] "GET /xingrg/check_reg.html?_=1710127475629 HTTP/1.1" 200 22
116.224.254.208 - - [11/Mar/2024:11:24:35 +0800] "GET /xingrg/all/function/internal_message.html?_=1710127475630&CODE_STATE=getMsg HTTP/1.1" 200 27
116.230.123.13 - - [11/Mar/2024:11:24:35 +0800] "GET /xingrg/kc/buy/cgsh_order_operate.html?command=get_materiel&rest_code=00111&code=00101003041&supplier_code=00100094&order_time=2024-03-11 HTTP/1.1" 200 417
114.83.218.176 - - [11/Mar/2024:11:24:37 +0800] "POST /xingrg/kc/buy/cgsh_list_operate.html HTTP/1.1" 200 202
180.169.147.146 - - [11/Mar/2024:11:24:37 +0800] "GET /xingrg/check_reg.html?_=1710127475668 HTTP/1.1" 302 -
180.169.147.146 - - [11/Mar/2024:11:24:37 +0800] "GET /xingrg/all/function/internal_message.html?_=1710127475670&CODE_STATE=getMsg HTTP/1.1" 302 -
180.169.147.146 - - [11/Mar/2024:11:24:39 +0800] "GET /xingrg/all/function/internal_message.html?_=1710127479350&CODE_STATE=getMsg HTTP/1.1" 200 27
124.77.241.9 - - [11/Mar/2024:11:24:40 +0800] "GET /xingrg/kc/buy/cgsh_order_operate.html?command=get_materiel_price&rest_code=00146&code=00101012064&unit_code=00100040&supplier_code=00100033&order_time=2024-03-11 HTTP/1.1" 200 27
116.238.97.31 - - [11/Mar/2024:11:24:41 +0800] "GET /xingrg/kc/mdqp/pssh_order_list.html HTTP/1.1" 200 17889
114.83.218.176 - - [11/Mar/2024:11:24:41 +0800] "GET /xingrg/kc/buy/cgsh_order_add.html HTTP/1.1" 200 73743
114.83.218.176 - - [11/Mar/2024:11:24:41 +0800] "GET /xingrg/words/20240310120708_words.js HTTP/1.1" 304 -
114.83.218.176 - - [11/Mar/2024:11:24:42 +0800] "POST /xingrg/kc/buy/cgsh_order_operate.html HTTP/1.1" 200 8245
114.83.218.176 - - [11/Mar/2024:11:24:42 +0800] "GET /xingrg/javascript/easyui/themes/default/validatebox.css HTTP/1.1" 404 1104
116.238.97.31 - - [11/Mar/2024:11:24:42 +0800] "POST /xingrg/kc/mdqp/pssh_list_operate.html HTTP/1.1" 200 5241
124.79.241.4 - - [11/Mar/2024:11:24:42 +0800] "GET /xingrg/all/function/internal_message.html?_=1710127481500&CODE_STATE=getMsg HTTP/1.1" 200 27
124.77.241.9 - - [11/Mar/2024:11:24:43 +0800] "GET /xingrg/check_reg.html?_=1710127485267 HTTP/1.1" 200 22
116.238.97.31 - - [11/Mar/2024:11:24:45 +0800] "POST /xingrg/kc/mdqp/pssh_list_operate.html HTTP/1.1" 200 256
114.83.218.176 - - [11/Mar/2024:11:24:46 +0800] "GET /xingrg/kc/buy/cgsh_order_list.html HTTP/1.1" 200 57886
116.238.97.31 - - [11/Mar/2024:11:24:47 +0800] "POST /xingrg/kc/mdqp/pssh_list_operate.html HTTP/1.1" 200 256
116.238.97.31 - - [11/Mar/2024:11:24:47 +0800] "POST /xingrg/kc/mdqp/pssh_list_operate.html HTTP/1.1" 200 774
116.238.97.31 - - [11/Mar/2024:11:24:48 +0800] "POST /xingrg/kc/mdqp/pssh_list_operate.html HTTP/1.1" 200 461
116.238.97.31 - - [11/Mar/2024:11:24:48 +0800] "POST /xingrg/kc/mdqp/pssh_list_operate.html HTTP/1.1" 200 804
114.83.218.176 - - [11/Mar/2024:11:24:49 +0800] "POST /xingrg/kc/buy/cgsh_list_operate.html HTTP/1.1" 200 645
180.169.147.146 - - [11/Mar/2024:11:24:51 +0800] "GET /xingrg/all/function/internal_message.html?_=1710127491246&CODE_STATE=getMsg HTTP/1.1" 200 27
116.238.97.31 - - [11/Mar/2024:11:24:51 +0800] "POST /xingrg/kc/mdqp/pssh_list_operate.html HTTP/1.1" 200 800
114.83.218.176 - - [11/Mar/2024:11:24:51 +0800] "GET /xingrg/kc/buy/cgsh_order_add.html HTTP/1.1" 200 73743
114.83.218.176 - - [11/Mar/2024:11:24:51 +0800] "POST /xingrg/kc/buy/cgsh_order_operate.html HTTP/1.1" 200 8245
114.83.218.176 - - [11/Mar/2024:11:24:51 +0800] "GET /xingrg/javascript/easyui/themes/default/validatebox.css HTTP/1.1" 404 1104
116.238.97.31 - - [11/Mar/2024:11:24:53 +0800] "GET /xingrg/kc/mdqp/pssh_order_info.html?code=312024031000179 HTTP/1.1" 200 17275
116.238.97.31 - - [11/Mar/2024:11:24:53 +0800] "GET /xingrg/javascript/jquery_tools/jquery-1.4.2.min.js HTTP/1.1" 404 1094
116.238.97.31 - - [11/Mar/2024:11:24:53 +0800] "GET /xingrg/javascript/easyui/themes/default/validatebox.css HTTP/1.1" 404 1104
116.238.97.31 - - [11/Mar/2024:11:24:53 +0800] "POST /xingrg/kc/mdqp/pssh_order_operate.html HTTP/1.1" 200 7960
124.78.60.103 - - [11/Mar/2024:11:24:54 +0800] "GET /xingrg/all/function/internal_message.html?_=1710127494353&CODE_STATE=getMsg HTTP/1.1" 200 27
116.232.194.112 - - [11/Mar/2024:11:24:55 +0800] "GET /xingrg/all/function/internal_message.html?_=1710127474707&CODE_STATE=getMsg HTTP/1.1" 200 27
114.83.218.176 - - [11/Mar/2024:11:24:57 +0800] "GET /xingrg/javascript/jquery_tools/images/next.gif HTTP/1.1" 404 1086
114.83.218.176 - - [11/Mar/2024:11:24:57 +0800] "GET /xingrg/javascript/jquery_tools/images/prev.gif HTTP/1.1" 404 1086
116.237.78.42 - - [11/Mar/2024:11:24:58 +0800] "GET /xingrg/all/function/internal_message.html?_=1710127498340&CODE_STATE=getMsg HTTP/1.1" 200 27
116.224.254.208 - - [11/Mar/2024:11:24:58 +0800] "GET /xingrg/index.html?sysBaseUrl=http%3A%2F%2F180.169.147.146%3A18081%2Fxingrg%2F&costTime=14×tamp=1698040851670 HTTP/1.1" 302 -
116.224.254.208 - - [11/Mar/2024:11:24:58 +0800] "GET /xingrg/login.html HTTP/1.1" 200 7641
116.224.254.208 - - [11/Mar/2024:11:24:58 +0800] "GET /xingrg/images/blue/login_bg.png HTTP/1.1" 200 22101
116.224.254.208 - - [11/Mar/2024:11:24:58 +0800] "GET /xingrg/images/blue/hj.png HTTP/1.1" 200 1014
116.224.254.208 - - [11/Mar/2024:11:24:58 +0800] "GET /xingrg/images/blue/srbg.png HTTP/1.1" 200 138
116.224.254.208 - - [11/Mar/2024:11:24:59 +0800] "GET /favicon.ico HTTP/1.1" 404 -
116.224.254.208 - - [11/Mar/2024:11:24:59 +0800] "GET /xingrg/login.html HTTP/1.1" 200 7641
116.224.254.208 - - [11/Mar/2024:11:25:00 +0800] "GET /favicon.ico HTTP/1.1" 404 -
116.224.254.208 - - [11/Mar/2024:11:25:00 +0800] "GET /favicon.ico HTTP/1.1" 404 -
116.230.123.13 - - [11/Mar/2024:11:25:00 +0800] "POST /xingrg/kc/buy/cgsh_order_operate.html HTTP/1.1" 200 37
101.83.145.37 - - [11/Mar/2024:11:25:01 +0800] "GET /xingrg/all/function/internal_message.html?_=1710127264142&CODE_STATE=getMsg HTTP/1.1" 200 27
116.224.254.208 - - [11/Mar/2024:11:25:03 +0800] "POST /xingrg/login.do HTTP/1.1" 200 2421
116.224.254.208 - - [11/Mar/2024:11:25:04 +0800] "GET /xingrg/login.html HTTP/1.1" 200 7641
114.83.218.176 - - [11/Mar/2024:11:25:04 +0800] "GET /xingrg/kc/buy/cgsh_order_operate.html?command=get_materiel&rest_code=00149&code=00101037239&supplier_code=00100323&order_time=2024-03-11 HTTP/1.1" 200 410
116.228.172.94 - - [11/Mar/2024:11:25:07 +0800] "GET /xingrg/check_reg.html?_=1710127234574 HTTP/1.1" 302 -
116.230.123.13 - - [11/Mar/2024:11:25:08 +0800] "POST /xingrg/kc/buy/cgsh_order_operate.html HTTP/1.1" 200 12
116.230.123.13 - - [11/Mar/2024:11:25:08 +0800] "GET /xingrg/all/function/internal_message.html?_=1710127507612&CODE_STATE=getMsg HTTP/1.1" 302 -
58.40.7.146 - - [11/Mar/2024:11:25:08 +0800] "GET /xingrg/all/function/internal_message.html?_=1710127508845&CODE_STATE=getMsg HTTP/1.1" 200 27
116.230.123.13 - - [11/Mar/2024:11:25:10 +0800] "GET /xingrg/kc/buy/cgsh_order_info.html?code=212024031103216 HTTP/1.1" 200 68520
116.230.123.13 - - [11/Mar/2024:11:25:10 +0800] "GET /xingrg/javascript/easyui/themes/default/validatebox.css HTTP/1.1" 404 1104
116.230.123.13 - - [11/Mar/2024:11:25:11 +0800] "POST /xingrg/kc/buy/cgsh_order_operate.html HTTP/1.1" 200 616
114.83.218.176 - - [11/Mar/2024:11:25:13 +0800] "GET /xingrg/kc/buy/cgsh_order_operate.html?command=get_materiel&rest_code=00149&code=00101010348&supplier_code=00100323&order_time=2024-03-11 HTTP/1.1" 200 431
116.230.123.13 - - [11/Mar/2024:11:25:13 +0800] "GET /xingrg/kc/print/load_data.html?order_code=212024031103216&kc_code=cgsh&condition= HTTP/1.1" 200 784
116.224.254.208 - - [11/Mar/2024:11:25:13 +0800] "POST /xingrg/login.do HTTP/1.1" 302 -
116.224.254.208 - - [11/Mar/2024:11:25:13 +0800] "GET /xingrg/index.html?sysBaseUrl=http%3A%2F%2F180.169.147.146%3A18081%2Fxingrg%2F&costTime=1325×tamp=1710127513469 HTTP/1.1" 200 17177
116.224.254.208 - - [11/Mar/2024:11:25:13 +0800] "GET /favicon.ico HTTP/1.1" 404 -
116.224.254.208 - - [11/Mar/2024:11:25:13 +0800] "POST /xingrg/all/common/load_tree.html?tree=area_rest_tree_json&manage=1 HTTP/1.1" 200 476
116.224.254.208 - - [11/Mar/2024:11:25:13 +0800] "GET /xingrg/all/function/internal_message.html?_=1710127514165&CODE_STATE=count HTTP/1.1" 200 11
116.224.254.208 - - [11/Mar/2024:11:25:13 +0800] "GET /xingrg/check_reg.html?_=1710127514167 HTTP/1.1" 200 22
116.224.254.208 - - [11/Mar/2024:11:25:14 +0800] "POST /xingrg/load_menu.html HTTP/1.1" 200 5138
116.224.254.208 - - [11/Mar/2024:11:25:16 +0800] "GET /xingrg/kc/buy/cgsh_order_list.html HTTP/1.1" 200 57884
114.83.218.176 - - [11/Mar/2024:11:25:16 +0800] "GET /xingrg/all/function/internal_message.html?_=1710127515527&CODE_STATE=getMsg HTTP/1.1" 200 27
116.230.123.13 - - [11/Mar/2024:11:25:18 +0800] "GET /xingrg/kc/buy/cgsh_order_add.html HTTP/1.1" 200 73611
116.230.123.13 - - [11/Mar/2024:11:25:18 +0800] "POST /xingrg/kc/buy/cgsh_order_operate.html HTTP/1.1" 200 8245
116.230.123.13 - - [11/Mar/2024:11:25:18 +0800] "GET /xingrg/javascript/easyui/themes/default/validatebox.css HTTP/1.1" 404 1104
116.224.254.208 - - [11/Mar/2024:11:25:19 +0800] "POST /xingrg/kc/buy/cgsh_list_operate.html HTTP/1.1" 200 645
116.230.123.13 - - [11/Mar/2024:11:25:20 +0800] "GET /xingrg/all/function/internal_message.html?_=1710127519788&CODE_STATE=getMsg HTTP/1.1" 200 27
116.224.254.208 - - [11/Mar/2024:11:25:20 +0800] "GET /xingrg/javascript/jquery_tools/images/next.gif HTTP/1.1" 404 1086
116.224.254.208 - - [11/Mar/2024:11:25:20 +0800] "GET /xingrg/javascript/jquery_tools/images/prev.gif HTTP/1.1" 404 1086
116.230.123.13 - - [11/Mar/2024:11:25:20 +0800] "GET /xingrg/check_reg.html?_=1710127520300 HTTP/1.1" 200 22
101.83.145.37 - - [11/Mar/2024:11:25:23 +0800] "GET /xingrg/all/function/internal_message.html?_=1710127523299&CODE_STATE=getMsg HTTP/1.1" 200 27
101.228.147.14 - - [11/Mar/2024:11:25:23 +0800] "GET /xingrg/check_reg.html?_=1710127523397 HTTP/1.1" 200 22
101.228.147.14 - - [11/Mar/2024:11:25:23 +0800] "GET /xingrg/all/function/internal_message.html?_=1710127523400&CODE_STATE=getMsg HTTP/1.1" 200 27
116.230.123.13 - - [11/Mar/2024:11:25:28 +0800] "GET /xingrg/kc/buy/cgsh_order_operate.html?command=get_materiel&rest_code=00111&code=00101004051&supplier_code=00100312&order_time=2024-03-11 HTTP/1.1" 200 408
180.164.1.25 - - [11/Mar/2024:11:25:29 +0800] "GET /xingrg/all/function/internal_message.html?_=1710127528601&CODE_STATE=getMsg HTTP/1.1" 200 27
222.69.132.250 - - [11/Mar/2024:11:25:30 +0800] "GET /xingrg/all/function/internal_message.html?_=1710127531815&CODE_STATE=getMsg HTTP/1.1" 200 27
222.70.115.1 - - [11/Mar/2024:11:25:31 +0800] "GET /xingrg/all/function/internal_message.html?_=1710127531824&CODE_STATE=getMsg HTTP/1.1" 200 27
218.79.29.78 - - [11/Mar/2024:11:25:32 +0800] "GET /xingrg/all/function/internal_message.html?_=1710127535467&CODE_STATE=getMsg HTTP/1.1" 200 27
116.238.97.31 - - [11/Mar/2024:11:25:36 +0800] "GET /xingrg/kc/mdqp/pssh_order_info.html?code=312024031000179 HTTP/1.1" 200 17275
116.238.97.31 - - [11/Mar/2024:11:25:36 +0800] "GET /xingrg/javascript/jquery_tools/jquery-1.4.2.min.js HTTP/1.1" 404 1094
116.238.97.31 - - [11/Mar/2024:11:25:36 +0800] "GET /xingrg/javascript/easyui/themes/default/validatebox.css HTTP/1.1" 404 1104
116.238.97.31 - - [11/Mar/2024:11:25:36 +0800] "POST /xingrg/kc/mdqp/pssh_order_operate.html HTTP/1.1" 200 7960
180.169.147.146 - - [11/Mar/2024:11:25:37 +0800] "GET /xingrg/all/function/internal_message.html?_=1710127535675&CODE_STATE=getMsg HTTP/1.1" 302 -
116.238.97.31 - - [11/Mar/2024:11:25:37 +0800] "GET /xingrg/javascript/jquery_tools/images/prev.gif HTTP/1.1" 404 1086
116.238.97.31 - - [11/Mar/2024:11:25:37 +0800] "GET /xingrg/javascript/jquery_tools/images/next.gif HTTP/1.1" 404 1086
180.169.147.146 - - [11/Mar/2024:11:25:39 +0800] "GET /xingrg/all/function/internal_message.html?_=1710127539349&CODE_STATE=getMsg HTTP/1.1" 200 27
114.83.218.176 - - [11/Mar/2024:11:25:40 +0800] "GET /xingrg/kc/buy/cgsh_order_operate.html?command=get_materiel&rest_code=00149&code=00101001213&supplier_code=00100323&order_time=2024-03-11 HTTP/1.1" 200 438
116.238.97.31 - - [11/Mar/2024:11:25:40 +0800] "POST /xingrg/all/common/load_combo.html?type=employee HTTP/1.1" 200 353
116.224.254.208 - - [11/Mar/2024:11:25:43 +0800] "POST /xingrg/kc/buy/cgsh_list_operate.html HTTP/1.1" 200 4450
116.238.97.31 - - [11/Mar/2024:11:25:43 +0800] "POST /xingrg/kc/mdqp/pssh_order_operate.html HTTP/1.1" 200 37
116.238.97.31 - - [11/Mar/2024:11:25:45 +0800] "POST /xingrg/kc/mdqp/pssh_order_operate.html HTTP/1.1" 200 7960
116.230.123.13 - - [11/Mar/2024:11:25:45 +0800] "GET /xingrg/kc/buy/cgsh_order_operate.html?command=get_materiel&rest_code=00111&code=00101004050&supplier_code=00100312&order_time=2024-03-11 HTTP/1.1" 200 411
116.237.78.42 - - [11/Mar/2024:11:25:46 +0800] "GET /xingrg/check_reg.html?_=1710127546065 HTTP/1.1" 200 22
116.224.254.208 - - [11/Mar/2024:11:25:48 +0800] "POST /xingrg/kc/buy/cgsh_list_operate.html HTTP/1.1" 200 368
180.169.147.146 - - [11/Mar/2024:11:25:51 +0800] "GET /xingrg/all/function/internal_message.html?_=1710127551226&CODE_STATE=getMsg HTTP/1.1" 200 27
180.169.147.146 - - [11/Mar/2024:11:25:51 +0800] "GET /xingrg/check_reg.html?_=1710127551228 HTTP/1.1" 200 22
116.238.97.31 - - [11/Mar/2024:11:25:52 +0800] "POST /xingrg/kc/mdqp/pssh_order_operate.html HTTP/1.1" 200 37
116.238.97.31 - - [11/Mar/2024:11:25:52 +0800] "POST /xingrg/kc/mdqp/pssh_order_operate.html HTTP/1.1" 200 104
124.78.60.103 - - [11/Mar/2024:11:25:54 +0800] "GET /xingrg/all/function/internal_message.html?_=1710127554330&CODE_STATE=getMsg HTTP/1.1" 200 27
114.83.218.176 - - [11/Mar/2024:11:25:55 +0800] "GET /xingrg/kc/buy/cgsh_order_operate.html?command=get_materiel&rest_code=00149&code=00101016081&supplier_code=00100323&order_time=2024-03-11 HTTP/1.1" 200 447
124.78.60.103 - - [11/Mar/2024:11:25:55 +0800] "GET /xingrg/check_reg.html?_=1710127555700 HTTP/1.1" 200 22
116.232.194.112 - - [11/Mar/2024:11:25:55 +0800] "GET /xingrg/all/function/internal_message.html?_=1710127534708&CODE_STATE=getMsg HTTP/1.1" 200 27
116.238.97.31 - - [11/Mar/2024:11:25:56 +0800] "GET /xingrg/kc/mdqp/pssh_order_list.html?isBack=1 HTTP/1.1" 200 17889
116.224.254.208 - - [11/Mar/2024:11:25:56 +0800] "POST /xingrg/kc/buy/cgsh_list_operate.html HTTP/1.1" 200 4616
116.238.97.31 - - [11/Mar/2024:11:25:56 +0800] "POST /xingrg/kc/mdqp/pssh_list_operate.html HTTP/1.1" 200 5257
116.237.78.42 - - [11/Mar/2024:11:25:58 +0800] "GET /xingrg/all/function/internal_message.html?_=1710127558316&CODE_STATE=getMsg HTTP/1.1" 200 27
116.224.254.208 - - [11/Mar/2024:11:25:59 +0800] "POST /xingrg/kc/buy/cgsh_list_operate.html HTTP/1.1" 200 283
116.230.123.13 - - [11/Mar/2024:11:26:00 +0800] "GET /xingrg/kc/buy/cgsh_order_operate.html?command=get_materiel&rest_code=00111&code=00101001138&supplier_code=00100312&order_time=2024-03-11 HTTP/1.1" 200 413
101.83.145.37 - - [11/Mar/2024:11:26:01 +0800] "GET /xingrg/all/function/internal_message.html?_=1710127324128&CODE_STATE=getMsg HTTP/1.1" 200 27
116.238.97.31 - - [11/Mar/2024:11:26:05 +0800] "POST /xingrg/kc/mdqp/pssh_list_operate.html HTTP/1.1" 200 259
116.224.254.208 - - [11/Mar/2024:11:26:07 +0800] "GET /xingrg/kc/buy/cgsh_order_info.html?code=212024012912636 HTTP/1.1" 200 68152
116.224.254.208 - - [11/Mar/2024:11:26:07 +0800] "GET /xingrg/words/20240310120708_words.js HTTP/1.1" 304 -
116.224.254.208 - - [11/Mar/2024:11:26:07 +0800] "GET /xingrg/javascript/easyui/themes/default/validatebox.css HTTP/1.1" 404 1104
116.224.254.208 - - [11/Mar/2024:11:26:08 +0800] "POST /xingrg/kc/buy/cgsh_order_operate.html HTTP/1.1" 200 1229
114.83.218.176 - - [11/Mar/2024:11:26:08 +0800] "GET /xingrg/kc/buy/cgsh_order_operate.html?command=get_materiel&rest_code=00149&code=00101020108&supplier_code=00100323&order_time=2024-03-11 HTTP/1.1" 200 421
116.230.123.13 - - [11/Mar/2024:11:26:08 +0800] "GET /xingrg/all/function/internal_message.html?_=1710127567600&CODE_STATE=getMsg HTTP/1.1" 302 -
58.40.7.146 - - [11/Mar/2024:11:26:08 +0800] "GET /xingrg/all/function/internal_message.html?_=1710127568832&CODE_STATE=getMsg HTTP/1.1" 200 27
116.230.123.13 - - [11/Mar/2024:11:26:12 +0800] "GET /xingrg/kc/buy/cgsh_order_operate.html?command=get_materiel&rest_code=00111&code=00101004023&supplier_code=00100312&order_time=2024-03-11 HTTP/1.1" 200 409
116.238.97.31 - - [11/Mar/2024:11:26:12 +0800] "POST /xingrg/kc/mdqp/pssh_list_operate.html HTTP/1.1" 200 3189
116.238.97.31 - - [11/Mar/2024:11:26:12 +0800] "GET /xingrg/kc/mdqp/pssh_order_info.html?code=312024030400057 HTTP/1.1" 200 14384
116.238.97.31 - - [11/Mar/2024:11:26:12 +0800] "GET /xingrg/javascript/jquery_tools/jquery-1.4.2.min.js HTTP/1.1" 404 1094
116.238.97.31 - - [11/Mar/2024:11:26:12 +0800] "GET /xingrg/javascript/easyui/themes/icons/uncheck_new.png HTTP/1.1" 200 3197
116.238.97.31 - - [11/Mar/2024:11:26:12 +0800] "GET /xingrg/javascript/easyui/themes/default/validatebox.css HTTP/1.1" 404 1104
116.238.97.31 - - [11/Mar/2024:11:26:12 +0800] "POST /xingrg/kc/mdqp/pssh_order_operate.html HTTP/1.1" 200 535
116.224.254.208 - - [11/Mar/2024:11:26:14 +0800] "GET /xingrg/all/function/internal_message.html?_=1710127574199&CODE_STATE=getMsg HTTP/1.1" 200 27
116.238.97.31 - - [11/Mar/2024:11:26:15 +0800] "GET /xingrg/check_reg.html?_=1710127576987 HTTP/1.1" 200 22
116.230.123.13 - - [11/Mar/2024:11:26:20 +0800] "GET /xingrg/all/function/internal_message.html?_=1710127579770&CODE_STATE=getMsg HTTP/1.1" 200 27
116.238.97.31 - - [11/Mar/2024:11:26:21 +0800] "POST /xingrg/kc/mdqp/pssh_list_operate.html HTTP/1.1" 200 3189
101.83.145.37 - - [11/Mar/2024:11:26:23 +0800] "GET /xingrg/all/function/internal_message.html?_=1710127583301&CODE_STATE=getMsg HTTP/1.1" 200 27
101.83.145.37 - - [11/Mar/2024:11:26:23 +0800] "GET /xingrg/check_reg.html?_=1710127583303 HTTP/1.1" 200 22
101.228.147.14 - - [11/Mar/2024:11:26:23 +0800] "GET /xingrg/all/function/internal_message.html?_=1710127583384&CODE_STATE=getMsg HTTP/1.1" 200 27
124.77.241.9 - - [11/Mar/2024:11:26:25 +0800] "POST /xingrg/kc/buy/cgsh_order_operate.html HTTP/1.1" 200 37
114.83.218.176 - - [11/Mar/2024:11:26:25 +0800] "POST /xingrg/kc/buy/cgsh_order_operate.html HTTP/1.1" 200 64
114.89.91.180 - - [11/Mar/2024:11:26:27 +0800] "GET /xingrg/kc/buy/cgsh_order_operate.html?command=get_materiel&rest_code=00158&code=00101008355&supplier_code=00100659&order_time=2024-03-11 HTTP/1.1" 200 408
180.164.1.25 - - [11/Mar/2024:11:26:29 +0800] "GET /xingrg/all/function/internal_message.html?_=1710127588582&CODE_STATE=getMsg HTTP/1.1" 200 27
222.69.132.250 - - [11/Mar/2024:11:26:30 +0800] "GET /xingrg/all/function/internal_message.html?_=1710127591832&CODE_STATE=getMsg HTTP/1.1" 200 27
222.70.115.1 - - [11/Mar/2024:11:26:31 +0800] "GET /xingrg/all/function/internal_message.html?_=1710127591812&CODE_STATE=getMsg HTTP/1.1" 200 27
180.164.1.25 - - [11/Mar/2024:11:26:32 +0800] "GET /xingrg/check_reg.html?_=1710127591352 HTTP/1.1" 200 22
218.79.29.78 - - [11/Mar/2024:11:26:32 +0800] "GET /xingrg/check_reg.html?_=1710127595468 HTTP/1.1" 200 22
218.79.29.78 - - [11/Mar/2024:11:26:32 +0800] "GET /xingrg/all/function/internal_message.html?_=1710127595472&CODE_STATE=getMsg HTTP/1.1" 200 27
116.230.123.13 - - [11/Mar/2024:11:26:34 +0800] "POST /xingrg/kc/buy/cgsh_order_operate.html HTTP/1.1" 200 37
124.79.241.4 - - [11/Mar/2024:11:26:34 +0800] "GET /xingrg/login.html HTTP/1.1" 200 7641
124.79.241.4 - - [11/Mar/2024:11:26:34 +0800] "GET /favicon.ico HTTP/1.1" 404 -
124.79.241.4 - - [11/Mar/2024:11:26:36 +0800] "POST /xingrg/login.do HTTP/1.1" 302 -
124.79.241.4 - - [11/Mar/2024:11:26:36 +0800] "GET /xingrg/index.html?sysBaseUrl=http%3A%2F%2F180.169.147.146%3A18081%2Fxingrg%2F&costTime=822×tamp=1710127596750 HTTP/1.1" 200 17503
124.79.241.4 - - [11/Mar/2024:11:26:37 +0800] "GET /favicon.ico HTTP/1.1" 404 -
124.79.241.4 - - [11/Mar/2024:11:26:37 +0800] "POST /xingrg/all/common/load_tree.html?tree=area_rest_tree_json&manage=1 HTTP/1.1" 200 591
114.89.91.180 - - [11/Mar/2024:11:26:37 +0800] "GET /xingrg/kc/buy/cgsh_order_operate.html?command=get_materiel&rest_code=00158&code=00101008055&supplier_code=00100659&order_time=2024-03-11 HTTP/1.1" 200 408
124.79.241.4 - - [11/Mar/2024:11:26:37 +0800] "GET /xingrg/all/function/internal_message.html?_=1710127595823&CODE_STATE=count HTTP/1.1" 200 11
124.79.241.4 - - [11/Mar/2024:11:26:37 +0800] "GET /xingrg/check_reg.html?_=1710127595824 HTTP/1.1" 200 22
180.169.147.146 - - [11/Mar/2024:11:26:37 +0800] "GET /xingrg/all/function/internal_message.html?_=1710127595676&CODE_STATE=getMsg HTTP/1.1" 302 -
124.79.241.4 - - [11/Mar/2024:11:26:37 +0800] "POST /xingrg/load_menu.html HTTP/1.1" 200 11564
180.169.147.146 - - [11/Mar/2024:11:26:39 +0800] "GET /xingrg/check_reg.html?_=1710127599349 HTTP/1.1" 200 22
180.169.147.146 - - [11/Mar/2024:11:26:39 +0800] "GET /xingrg/all/function/internal_message.html?_=1710127599348&CODE_STATE=getMsg HTTP/1.1" 200 27
114.83.218.176 - - [11/Mar/2024:11:26:41 +0800] "POST /xingrg/kc/buy/cgsh_order_operate.html HTTP/1.1" 200 37
180.163.30.85 - - [11/Mar/2024:11:26:46 +0800] "GET /xingrg/check_reg.html?_=1710127546065 HTTP/1.1" 302 -
180.163.30.85 - - [11/Mar/2024:11:26:46 +0800] "GET /xingrg/login.html HTTP/1.1" 200 7641
114.89.91.180 - - [11/Mar/2024:11:26:47 +0800] "GET /xingrg/kc/buy/cgsh_order_operate.html?command=get_materiel&rest_code=00158&code=00101008268&supplier_code=00100659&order_time=2024-03-11 HTTP/1.1" 200 408
114.83.218.176 - - [11/Mar/2024:11:26:49 +0800] "POST /xingrg/kc/buy/cgsh_order_operate.html HTTP/1.1" 200 12
180.169.147.146 - - [11/Mar/2024:11:26:51 +0800] "GET /xingrg/all/function/internal_message.html?_=1710127611223&CODE_STATE=getMsg HTTP/1.1" 200 27
124.79.241.4 - - [11/Mar/2024:11:26:51 +0800] "POST /xingrg/all/user/operate.html HTTP/1.1" 200 36
124.79.241.4 - - [11/Mar/2024:11:26:51 +0800] "GET /xingrg/index.html?sysBaseUrl=http%3A%2F%2F180.169.147.146%3A18081%2Fxingrg%2F&costTime=822×tamp=1710127596750 HTTP/1.1" 200 17503
124.79.241.4 - - [11/Mar/2024:11:26:51 +0800] "GET /xingrg/javascript/jquery_easy_ui/themes/default/easyui.css HTTP/1.1" 304 -
124.79.241.4 - - [11/Mar/2024:11:26:51 +0800] "GET /xingrg/javascript/jquery_easy_ui/themes/icon.css HTTP/1.1" 304 -
124.79.241.4 - - [11/Mar/2024:11:26:51 +0800] "GET /xingrg/css/form.css HTTP/1.1" 304 -
124.79.241.4 - - [11/Mar/2024:11:26:51 +0800] "GET /xingrg/javascript/jquery-1.4.2.min.js HTTP/1.1" 304 -
124.79.241.4 - - [11/Mar/2024:11:26:51 +0800] "GET /xingrg/javascript/jquery_easy_ui/jquery.easyui.min.js HTTP/1.1" 304 -
124.79.241.4 - - [11/Mar/2024:11:26:51 +0800] "GET /xingrg/javascript/jquery_easy_ui/easyui-lang-zh_CN.js HTTP/1.1" 304 -
124.79.241.4 - - [11/Mar/2024:11:26:51 +0800] "GET /xingrg/javascript/jquery.form.js HTTP/1.1" 304 -
124.79.241.4 - - [11/Mar/2024:11:26:51 +0800] "GET /xingrg/javascript/jquery.utils.js HTTP/1.1" 304 -
124.79.241.4 - - [11/Mar/2024:11:26:51 +0800] "GET /xingrg/javascript/jquery.timers.js HTTP/1.1" 304 -
124.79.241.4 - - [11/Mar/2024:11:26:51 +0800] "GET /xingrg/images/blue/jxLogo.png HTTP/1.1" 304 -
124.79.241.4 - - [11/Mar/2024:11:26:51 +0800] "GET /xingrg/images/blue/navBackgound.jpg HTTP/1.1" 304 -
124.79.241.4 - - [11/Mar/2024:11:26:51 +0800] "GET /xingrg/javascript/jquery_easy_ui/themes/icons/settle_new.png HTTP/1.1" 304 -
124.79.241.4 - - [11/Mar/2024:11:26:51 +0800] "GET /xingrg/all/function/internal_message.html?_=1710127610594&CODE_STATE=count HTTP/1.1" 200 11
124.79.241.4 - - [11/Mar/2024:11:26:51 +0800] "GET /xingrg/check_reg.html?_=1710127610595 HTTP/1.1" 200 22
124.79.241.4 - - [11/Mar/2024:11:26:51 +0800] "GET /xingrg/javascript/jquery_easy_ui/themes/default/images/panel_tool_collapse.gif HTTP/1.1" 304 -
124.79.241.4 - - [11/Mar/2024:11:26:51 +0800] "GET /xingrg/javascript/jquery_easy_ui/themes/default/images/panel_tool_expand.gif HTTP/1.1" 304 -
124.79.241.4 - - [11/Mar/2024:11:26:51 +0800] "GET /xingrg/images/blue/pingpu.png HTTP/1.1" 304 -
124.79.241.4 - - [11/Mar/2024:11:26:51 +0800] "GET /xingrg/javascript/jquery_easy_ui/themes/default/images/tabs_rightarrow.png HTTP/1.1" 304 -
124.79.241.4 - - [11/Mar/2024:11:26:51 +0800] "GET /xingrg/javascript/jquery_easy_ui/themes/default/images/tabs_leftarrow.png HTTP/1.1" 304 -
124.79.241.4 - - [11/Mar/2024:11:26:51 +0800] "POST /xingrg/all/common/load_tree.html?tree=area_rest_tree_json&manage=1 HTTP/1.1" 200 591
124.79.241.4 - - [11/Mar/2024:11:26:51 +0800] "POST /xingrg/load_menu.html HTTP/1.1" 200 9959
116.230.123.13 - - [11/Mar/2024:11:26:53 +0800] "POST /xingrg/kc/buy/cgsh_order_operate.html HTTP/1.1" 200 12
124.79.241.4 - - [11/Mar/2024:11:26:53 +0800] "GET /xingrg/kc/report/report_main.html HTTP/1.1" 200 7340
124.78.60.103 - - [11/Mar/2024:11:26:54 +0800] "GET /xingrg/all/function/internal_message.html?_=1710127614319&CODE_STATE=getMsg HTTP/1.1" 200 27
116.232.194.112 - - [11/Mar/2024:11:26:55 +0800] "GET /xingrg/all/function/internal_message.html?_=1710127594708&CODE_STATE=getMsg HTTP/1.1" 200 27
114.89.91.180 - - [11/Mar/2024:11:26:56 +0800] "GET /xingrg/kc/buy/cgsh_order_operate.html?command=get_materiel&rest_code=00158&code=00101008024&supplier_code=00100659&order_time=2024-03-11 HTTP/1.1" 200 408
114.83.218.176 - - [11/Mar/2024:11:26:56 +0800] "GET /xingrg/kc/buy/cgsh_order_info.html?code=212024031103220 HTTP/1.1" 200 68655
114.83.218.176 - - [11/Mar/2024:11:26:57 +0800] "GET /xingrg/javascript/easyui/themes/default/validatebox.css HTTP/1.1" 404 1104
114.83.218.176 - - [11/Mar/2024:11:26:58 +0800] "POST /xingrg/kc/buy/cgsh_order_operate.html HTTP/1.1" 200 3034
116.237.78.42 - - [11/Mar/2024:11:26:58 +0800] "GET /xingrg/all/function/internal_message.html?_=1710127618298&CODE_STATE=getMsg HTTP/1.1" 200 27
124.79.241.4 - - [11/Mar/2024:11:26:59 +0800] "GET /xingrg/system/info/materiel_manager.html HTTP/1.1" 200 19497
124.79.241.4 - - [11/Mar/2024:11:26:59 +0800] "GET /xingrg/dwr/interface/AjaxBaseInfoService.js HTTP/1.1" 200 21363
124.79.241.4 - - [11/Mar/2024:11:26:59 +0800] "GET /xingrg/dwr/interface/AjaxComOrderService.js HTTP/1.1" 200 18264
124.79.241.4 - - [11/Mar/2024:11:26:59 +0800] "GET /xingrg/dwr/engine.js HTTP/1.1" 200 43631
124.79.241.4 - - [11/Mar/2024:11:27:00 +0800] "POST /xingrg/dwr/call/plaincall/AjaxBaseInfoService.getSubMaterielSorts.dwr HTTP/1.1" 200 219
124.79.241.4 - - [11/Mar/2024:11:27:00 +0800] "POST /xingrg/dwr/call/plaincall/AjaxBaseInfoService.getMateriels.dwr HTTP/1.1" 200 2930
101.83.145.37 - - [11/Mar/2024:11:27:01 +0800] "GET /xingrg/all/function/internal_message.html?_=1710127384107&CODE_STATE=getMsg HTTP/1.1" 200 27
114.83.218.176 - - [11/Mar/2024:11:27:01 +0800] "GET /xingrg/kc/print/load_data.html?order_code=212024031103220&kc_code=cgsh&condition= HTTP/1.1" 200 1683
124.79.241.4 - - [11/Mar/2024:11:27:02 +0800] "POST /xingrg/dwr/call/plaincall/AjaxBaseInfoService.getSubMaterielSorts.dwr HTTP/1.1" 200 4242
116.230.123.13 - - [11/Mar/2024:11:27:02 +0800] "GET /xingrg/kc/buy/cgsh_order_info.html?code=212024031103219 HTTP/1.1" 200 68524
124.79.241.4 - - [11/Mar/2024:11:27:02 +0800] "POST /xingrg/dwr/call/plaincall/AjaxBaseInfoService.getMateriels.dwr HTTP/1.1" 200 2928
116.230.123.13 - - [11/Mar/2024:11:27:02 +0800] "GET /xingrg/javascript/easyui/themes/default/validatebox.css HTTP/1.1" 404 1104
116.230.123.13 - - [11/Mar/2024:11:27:03 +0800] "POST /xingrg/kc/buy/cgsh_order_operate.html HTTP/1.1" 200 2382
114.89.91.180 - - [11/Mar/2024:11:27:05 +0800] "GET /xingrg/kc/buy/cgsh_order_operate.html?command=get_materiel&rest_code=00158&code=00101009124&supplier_code=00100659&order_time=2024-03-11 HTTP/1.1" 200 418
124.79.241.4 - - [11/Mar/2024:11:27:05 +0800] "POST /xingrg/dwr/call/plaincall/AjaxBaseInfoService.getMateriels.dwr HTTP/1.1" 200 3017
116.230.123.13 - - [11/Mar/2024:11:27:07 +0800] "GET /xingrg/kc/print/load_data.html?order_code=212024031103219&kc_code=cgsh&condition= HTTP/1.1" 200 1375
124.79.241.4 - - [11/Mar/2024:11:27:07 +0800] "GET /xingrg/system/info/materiel_info.html?code=00101006&isAdd=1 HTTP/1.1" 200 38311
124.79.241.4 - - [11/Mar/2024:11:27:07 +0800] "GET /xingrg/dwr/interface/AjaxGetFirstChart.js HTTP/1.1" 200 631
124.79.241.4 - - [11/Mar/2024:11:27:07 +0800] "GET /xingrg/dwr/engine.js HTTP/1.1" 200 43631
124.79.241.4 - - [11/Mar/2024:11:27:07 +0800] "GET /favicon.ico HTTP/1.1" 404 -
124.79.241.4 - - [11/Mar/2024:11:27:08 +0800] "POST /xingrg/dwr/call/plaincall/AjaxBaseInfoService.getMaterielInfo.dwr HTTP/1.1" 200 230
116.230.123.13 - - [11/Mar/2024:11:27:08 +0800] "GET /xingrg/all/function/internal_message.html?_=1710127627602&CODE_STATE=getMsg HTTP/1.1" 302 -
58.40.7.146 - - [11/Mar/2024:11:27:08 +0800] "GET /xingrg/all/function/internal_message.html?_=1710127628834&CODE_STATE=getMsg HTTP/1.1" 200 27
114.83.218.176 - - [11/Mar/2024:11:27:10 +0800] "GET /xingrg/check_reg.html?_=1710127628696 HTTP/1.1" 200 22
116.230.123.13 - - [11/Mar/2024:11:27:12 +0800] "GET /xingrg/kc/buy/cgsh_order_add.html HTTP/1.1" 200 73611
116.230.123.13 - - [11/Mar/2024:11:27:13 +0800] "POST /xingrg/kc/buy/cgsh_order_operate.html HTTP/1.1" 200 8245
116.230.123.13 - - [11/Mar/2024:11:27:13 +0800] "GET /xingrg/javascript/easyui/themes/default/validatebox.css HTTP/1.1" 404 1104
124.77.241.9 - - [11/Mar/2024:11:27:13 +0800] "POST /xingrg/kc/buy/cgsh_order_operate.html HTTP/1.1" 200 6202
116.224.254.208 - - [11/Mar/2024:11:27:14 +0800] "GET /xingrg/all/function/internal_message.html?_=1710127634183&CODE_STATE=getMsg HTTP/1.1" 200 27
114.89.91.180 - - [11/Mar/2024:11:27:16 +0800] "GET /xingrg/kc/buy/cgsh_order_operate.html?command=get_materiel&rest_code=00158&code=00101008234&supplier_code=00100659&order_time=2024-03-11 HTTP/1.1" 200 408
124.79.241.4 - - [11/Mar/2024:11:27:16 +0800] "GET /xingrg/system/info/materiel_info.html?code=00101006&isAdd=1 HTTP/1.1" 200 38311
124.79.241.4 - - [11/Mar/2024:11:27:16 +0800] "GET /xingrg/dwr/engine.js HTTP/1.1" 200 43631
124.79.241.4 - - [11/Mar/2024:11:27:16 +0800] "GET /favicon.ico HTTP/1.1" 404 -
124.79.241.4 - - [11/Mar/2024:11:27:16 +0800] "POST /xingrg/all/common/load_tree.html?tree=area_rest_tree_json HTTP/1.1" 200 3624
124.79.241.4 - - [11/Mar/2024:11:27:16 +0800] "POST /xingrg/dwr/call/plaincall/AjaxBaseInfoService.getMaterielInfo.dwr HTTP/1.1" 200 204
124.79.241.4 - - [11/Mar/2024:11:27:16 +0800] "POST /xingrg/all/common/load_tree.html?tree=area_rest_tree_json&defaultRests=undefined HTTP/1.1" 200 3624
114.83.218.176 - - [11/Mar/2024:11:27:16 +0800] "GET /xingrg/all/function/internal_message.html?_=1710127635538&CODE_STATE=getMsg HTTP/1.1" 200 27
116.230.123.13 - - [11/Mar/2024:11:27:20 +0800] "GET /xingrg/all/function/internal_message.html?_=1710127639746&CODE_STATE=getMsg HTTP/1.1" 200 27
101.83.145.37 - - [11/Mar/2024:11:27:23 +0800] "GET /xingrg/all/function/internal_message.html?_=1710127643328&CODE_STATE=getMsg HTTP/1.1" 200 27
101.228.147.14 - - [11/Mar/2024:11:27:23 +0800] "GET /xingrg/all/function/internal_message.html?_=1710127643398&CODE_STATE=getMsg HTTP/1.1" 200 27
116.230.123.13 - - [11/Mar/2024:11:27:24 +0800] "GET /xingrg/kc/buy/cgsh_order_operate.html?command=get_materiel&rest_code=00111&code=00101003035&supplier_code=00100497&order_time=2024-03-11 HTTP/1.1" 200 413
114.89.91.180 - - [11/Mar/2024:11:27:27 +0800] "GET /xingrg/kc/buy/cgsh_order_operate.html?command=get_materiel&rest_code=00158&code=00101008361&supplier_code=00100659&order_time=2024-03-11 HTTP/1.1" 200 408
180.164.1.25 - - [11/Mar/2024:11:27:29 +0800] "GET /xingrg/all/function/internal_message.html?_=1710127648560&CODE_STATE=getMsg HTTP/1.1" 200 27
222.69.132.250 - - [11/Mar/2024:11:27:30 +0800] "GET /xingrg/all/function/internal_message.html?_=1710127651826&CODE_STATE=getMsg HTTP/1.1" 200 27
222.70.115.1 - - [11/Mar/2024:11:27:31 +0800] "GET /xingrg/all/function/internal_message.html?_=1710127651814&CODE_STATE=getMsg HTTP/1.1" 200 27
222.70.115.1 - - [11/Mar/2024:11:27:31 +0800] "GET /xingrg/check_reg.html?_=1710127651817 HTTP/1.1" 200 22
218.79.29.78 - - [11/Mar/2024:11:27:32 +0800] "GET /xingrg/all/function/internal_message.html?_=1710127655461&CODE_STATE=getMsg HTTP/1.1" 200 27
124.79.241.4 - - [11/Mar/2024:11:27:34 +0800] "POST /xingrg/dwr/call/plaincall/AjaxGetFirstChart.getFirstChart.dwr HTTP/1.1" 200 80
180.163.29.206 - - [11/Mar/2024:11:27:36 +0800] "GET /xingrg/all/function/internal_message.html?_=1710127017186&CODE_STATE=getMsg HTTP/1.1" 302 -
180.163.29.206 - - [11/Mar/2024:11:27:36 +0800] "GET /xingrg/login.html HTTP/1.1" 200 7641
114.89.91.180 - - [11/Mar/2024:11:27:36 +0800] "GET /xingrg/kc/buy/cgsh_order_operate.html?command=get_materiel&rest_code=00158&code=00101008351&supplier_code=00100659&order_time=2024-03-11 HTTP/1.1" 200 408
124.79.241.4 - - [11/Mar/2024:11:27:37 +0800] "POST /xingrg/dwr/call/plaincall/AjaxBaseInfoService.changeUnitGroup.dwr HTTP/1.1" 200 243
180.169.147.146 - - [11/Mar/2024:11:27:37 +0800] "GET /xingrg/all/function/internal_message.html?_=1710127655677&CODE_STATE=getMsg HTTP/1.1" 302 -
116.230.123.13 - - [11/Mar/2024:11:27:37 +0800] "GET /xingrg/kc/buy/cgsh_order_operate.html?command=get_materiel&rest_code=00111&code=00101003006&supplier_code=00100497&order_time=2024-03-11 HTTP/1.1" 200 414
180.169.147.146 - - [11/Mar/2024:11:27:39 +0800] "GET /xingrg/all/function/internal_message.html?_=1710127659347&CODE_STATE=getMsg HTTP/1.1" 200 27
114.89.91.180 - - [11/Mar/2024:11:27:44 +0800] "GET /xingrg/kc/buy/cgsh_order_operate.html?command=get_materiel&rest_code=00158&code=00101008155&supplier_code=00100659&order_time=2024-03-11 HTTP/1.1" 200 408
180.169.147.146 - - [11/Mar/2024:11:27:51 +0800] "GET /xingrg/all/function/internal_message.html?_=1710127671226&CODE_STATE=getMsg HTTP/1.1" 200 27
124.79.241.4 - - [11/Mar/2024:11:27:51 +0800] "GET /xingrg/all/function/internal_message.html?_=1710127670615&CODE_STATE=getMsg HTTP/1.1" 200 27
114.83.218.176 - - [11/Mar/2024:11:27:51 +0800] "GET /xingrg/kc/buy/cgsh_order_add.html HTTP/1.1" 200 73743
114.83.218.176 - - [11/Mar/2024:11:27:52 +0800] "POST /xingrg/kc/buy/cgsh_order_operate.html HTTP/1.1" 200 8245
114.83.218.176 - - [11/Mar/2024:11:27:52 +0800] "GET /xingrg/javascript/easyui/themes/default/validatebox.css HTTP/1.1" 404 1104
114.89.91.180 - - [11/Mar/2024:11:27:54 +0800] "GET /xingrg/kc/buy/cgsh_order_operate.html?command=get_materiel&rest_code=00158&code=00101008005&supplier_code=00100659&order_time=2024-03-11 HTTP/1.1" 200 412
124.78.60.103 - - [11/Mar/2024:11:27:54 +0800] "GET /xingrg/all/function/internal_message.html?_=1710127674305&CODE_STATE=getMsg HTTP/1.1" 200 27
116.232.194.112 - - [11/Mar/2024:11:27:55 +0800] "GET /xingrg/all/function/internal_message.html?_=1710127654697&CODE_STATE=getMsg HTTP/1.1" 200 27
116.232.194.112 - - [11/Mar/2024:11:27:55 +0800] "GET /xingrg/check_reg.html?_=1710127654706 HTTP/1.1" 200 22
180.163.30.100 - - [11/Mar/2024:11:27:58 +0800] "GET /xingrg/all/function/internal_message.html?_=1710127618298&CODE_STATE=getMsg HTTP/1.1" 302 -
180.163.30.100 - - [11/Mar/2024:11:27:58 +0800] "GET /xingrg/login.html HTTP/1.1" 200 7641
116.237.78.42 - - [11/Mar/2024:11:27:58 +0800] "GET /xingrg/all/function/internal_message.html?_=1710127678281&CODE_STATE=getMsg HTTP/1.1" 200 27
172.20.0.100 - - [11/Mar/2024:11:27:58 +0800] "GET /xingrg/check_reg.html?_=1710127701278 HTTP/1.1" 302 -
101.83.145.37 - - [11/Mar/2024:11:28:01 +0800] "GET /xingrg/all/function/internal_message.html?_=1710127444092&CODE_STATE=getMsg HTTP/1.1" 200 27
101.83.145.37 - - [11/Mar/2024:11:28:01 +0800] "GET /xingrg/check_reg.html?_=1710127444439 HTTP/1.1" 200 22
116.224.254.208 - - [11/Mar/2024:11:28:04 +0800] "POST /xingrg/all/user/operate.html HTTP/1.1" 200 36
116.224.254.208 - - [11/Mar/2024:11:28:04 +0800] "GET /xingrg/index.html?sysBaseUrl=http%3A%2F%2F180.169.147.146%3A18081%2Fxingrg%2F&costTime=1325×tamp=1710127513469 HTTP/1.1" 200 17179
116.224.254.208 - - [11/Mar/2024:11:28:04 +0800] "GET /xingrg/javascript/jquery_easy_ui/themes/default/easyui.css HTTP/1.1" 304 -
116.224.254.208 - - [11/Mar/2024:11:28:04 +0800] "GET /xingrg/javascript/jquery_easy_ui/themes/icon.css HTTP/1.1" 304 -
116.224.254.208 - - [11/Mar/2024:11:28:04 +0800] "GET /xingrg/css/form.css HTTP/1.1" 304 -
116.224.254.208 - - [11/Mar/2024:11:28:04 +0800] "GET /xingrg/javascript/jquery-1.4.2.min.js HTTP/1.1" 304 -
116.224.254.208 - - [11/Mar/2024:11:28:04 +0800] "GET /xingrg/javascript/jquery_easy_ui/jquery.easyui.min.js HTTP/1.1" 304 -
116.224.254.208 - - [11/Mar/2024:11:28:04 +0800] "GET /xingrg/javascript/jquery_easy_ui/easyui-lang-zh_CN.js HTTP/1.1" 304 -
116.224.254.208 - - [11/Mar/2024:11:28:04 +0800] "GET /xingrg/javascript/jquery.form.js HTTP/1.1" 304 -
116.224.254.208 - - [11/Mar/2024:11:28:04 +0800] "GET /xingrg/javascript/jquery.utils.js HTTP/1.1" 304 -
116.224.254.208 - - [11/Mar/2024:11:28:04 +0800] "GET /xingrg/javascript/jquery.timers.js HTTP/1.1" 304 -
116.224.254.208 - - [11/Mar/2024:11:28:04 +0800] "GET /xingrg/images/blue/jxLogo.png HTTP/1.1" 304 -
116.224.254.208 - - [11/Mar/2024:11:28:04 +0800] "GET /xingrg/javascript/jquery_easy_ui/themes/icons/settle_new.png HTTP/1.1" 304 -
116.224.254.208 - - [11/Mar/2024:11:28:04 +0800] "GET /xingrg/images/blue/navBackgound.jpg HTTP/1.1" 304 -
116.224.254.208 - - [11/Mar/2024:11:28:04 +0800] "GET /xingrg/all/function/internal_message.html?_=1710127684958&CODE_STATE=count HTTP/1.1" 200 11
116.224.254.208 - - [11/Mar/2024:11:28:04 +0800] "GET /xingrg/images/blue/pingpu.png HTTP/1.1" 304 -
116.224.254.208 - - [11/Mar/2024:11:28:04 +0800] "GET /xingrg/javascript/jquery_easy_ui/themes/default/images/panel_tool_collapse.gif HTTP/1.1" 304 -
116.224.254.208 - - [11/Mar/2024:11:28:04 +0800] "GET /xingrg/check_reg.html?_=1710127684958 HTTP/1.1" 200 22
116.224.254.208 - - [11/Mar/2024:11:28:04 +0800] "GET /xingrg/javascript/jquery_easy_ui/themes/default/images/tabs_leftarrow.png HTTP/1.1" 304 -
116.224.254.208 - - [11/Mar/2024:11:28:04 +0800] "GET /xingrg/javascript/jquery_easy_ui/themes/default/images/tabs_rightarrow.png HTTP/1.1" 304 -
116.224.254.208 - - [11/Mar/2024:11:28:04 +0800] "POST /xingrg/all/common/load_tree.html?tree=area_rest_tree_json&manage=1 HTTP/1.1" 200 476
116.224.254.208 - - [11/Mar/2024:11:28:04 +0800] "POST /xingrg/load_menu.html HTTP/1.1" 200 5138
124.79.241.4 - - [11/Mar/2024:11:28:06 +0800] "POST /xingrg/dwr/call/plaincall/AjaxBaseInfoService.saveMateriel.dwr HTTP/1.1" 200 109
124.79.241.4 - - [11/Mar/2024:11:28:07 +0800] "POST /xingrg/dwr/call/plaincall/AjaxBaseInfoService.getMateriels.dwr HTTP/1.1" 200 3017
114.83.218.176 - - [11/Mar/2024:11:28:07 +0800] "GET /xingrg/kc/buy/cgsh_order_operate.html?command=get_materiel&rest_code=00149&code=00101003041&supplier_code=00100094&order_time=2024-03-11 HTTP/1.1" 200 415
116.230.123.13 - - [11/Mar/2024:11:28:08 +0800] "GET /xingrg/all/function/internal_message.html?_=1710127687614&CODE_STATE=getMsg HTTP/1.1" 302 -
58.40.7.146 - - [11/Mar/2024:11:28:08 +0800] "GET /xingrg/all/function/internal_message.html?_=1710127688826&CODE_STATE=getMsg HTTP/1.1" 200 27
58.40.7.146 - - [11/Mar/2024:11:28:08 +0800] "GET /xingrg/check_reg.html?_=1710127688829 HTTP/1.1" 200 22
124.79.241.4 - - [11/Mar/2024:11:28:09 +0800] "GET /xingrg/system/info/materiel_info.html?code=00101006&isAdd=1 HTTP/1.1" 200 38311
124.79.241.4 - - [11/Mar/2024:11:28:09 +0800] "GET /xingrg/dwr/interface/AjaxBaseInfoService.js HTTP/1.1" 200 21363
124.79.241.4 - - [11/Mar/2024:11:28:09 +0800] "GET /xingrg/dwr/interface/AjaxGetFirstChart.js HTTP/1.1" 200 631
124.79.241.4 - - [11/Mar/2024:11:28:09 +0800] "GET /xingrg/dwr/interface/AjaxComOrderService.js HTTP/1.1" 200 18264
124.79.241.4 - - [11/Mar/2024:11:28:09 +0800] "GET /xingrg/dwr/engine.js HTTP/1.1" 200 43631
124.79.241.4 - - [11/Mar/2024:11:28:09 +0800] "POST /xingrg/all/common/load_tree.html?tree=area_rest_tree_json HTTP/1.1" 200 3624
124.79.241.4 - - [11/Mar/2024:11:28:10 +0800] "POST /xingrg/dwr/call/plaincall/AjaxBaseInfoService.getMaterielInfo.dwr HTTP/1.1" 200 204
116.224.254.208 - - [11/Mar/2024:11:28:10 +0800] "GET /xingrg/kc/base/wldb_order_list.html HTTP/1.1" 200 19057
124.79.241.4 - - [11/Mar/2024:11:28:10 +0800] "POST /xingrg/all/common/load_tree.html?tree=area_rest_tree_json&defaultRests=undefined HTTP/1.1" 200 3624
116.224.254.208 - - [11/Mar/2024:11:28:10 +0800] "POST /xingrg/kc/base/wldb_list_operate.html HTTP/1.1" 200 928
114.83.218.176 - - [11/Mar/2024:11:28:16 +0800] "GET /xingrg/all/function/internal_message.html?_=1710127695553&CODE_STATE=getMsg HTTP/1.1" 200 27
116.230.123.13 - - [11/Mar/2024:11:28:17 +0800] "POST /xingrg/kc/buy/cgsh_order_operate.html HTTP/1.1" 200 37
124.77.241.9 - - [11/Mar/2024:11:28:17 +0800] "POST /xingrg/kc/buy/cgsh_order_operate.html HTTP/1.1" 200 64
116.224.254.208 - - [11/Mar/2024:11:28:17 +0800] "GET /xingrg/kc/base/wldb_order_add.html HTTP/1.1" 200 30388
116.224.254.208 - - [11/Mar/2024:11:28:17 +0800] "GET /xingrg/words/20240311112806_words.js HTTP/1.1" 200 1015289
116.224.254.208 - - [11/Mar/2024:11:28:18 +0800] "POST /xingrg/kc/base/wldb_order_operate.html HTTP/1.1" 200 6806
116.224.254.208 - - [11/Mar/2024:11:28:18 +0800] "GET /xingrg/all/common/auto_word.html?type=base&rest_code=00150 HTTP/1.1" 200 1853
116.224.254.208 - - [11/Mar/2024:11:28:18 +0800] "GET /xingrg/all/common/auto_word.html?type=base&rest_code=00150 HTTP/1.1" 200 1853
116.224.254.208 - - [11/Mar/2024:11:28:18 +0800] "GET /xingrg/javascript/easyui/themes/default/validatebox.css HTTP/1.1" 404 1104
114.89.91.180 - - [11/Mar/2024:11:28:19 +0800] "GET /xingrg/kc/buy/cgsh_order_operate.html?command=get_materiel&rest_code=00158&code=00101012051&supplier_code=00100659&order_time=2024-03-11 HTTP/1.1" 200 408
116.230.123.13 - - [11/Mar/2024:11:28:20 +0800] "GET /xingrg/all/function/internal_message.html?_=1710127699725&CODE_STATE=getMsg HTTP/1.1" 200 27
116.224.254.208 - - [11/Mar/2024:11:28:20 +0800] "GET /xingrg/javascript/auto/indicator.gif HTTP/1.1" 404 1066
