116.224.254.208 - - [11/Mar/2024:09:11:49 +0800] "GET /xingrg/all/function/internal_message.html?_=1710119509628&CODE_STATE=getMsg HTTP/1.1" 200 27
124.78.60.103 - - [11/Mar/2024:09:11:55 +0800] "GET /xingrg/all/function/internal_message.html?_=1710119515710&CODE_STATE=getMsg HTTP/1.1" 200 27
101.83.145.37 - - [11/Mar/2024:09:12:01 +0800] "GET /xingrg/all/function/internal_message.html?_=1710119284296&CODE_STATE=getMsg HTTP/1.1" 200 27
116.230.123.13 - - [11/Mar/2024:09:12:08 +0800] "GET /xingrg/all/function/internal_message.html?_=1710119527608&CODE_STATE=getMsg HTTP/1.1" 302 -
114.83.218.176 - - [11/Mar/2024:09:12:09 +0800] "GET /xingrg/check_reg.html?_=1710119528434 HTTP/1.1" 200 22
116.238.97.31 - - [11/Mar/2024:09:12:17 +0800] "GET /xingrg/kc/buy/cgsh_order_add.html HTTP/1.1" 200 73690
116.238.97.31 - - [11/Mar/2024:09:12:17 +0800] "POST /xingrg/kc/buy/cgsh_order_operate.html HTTP/1.1" 200 8245
116.238.97.31 - - [11/Mar/2024:09:12:17 +0800] "GET /xingrg/javascript/easyui/themes/default/validatebox.css HTTP/1.1" 404 1104
101.83.145.37 - - [11/Mar/2024:09:12:19 +0800] "GET /xingrg/kc/buy/cgsh_order_operate.html?command=get_materiel&rest_code=00105&code=00101008215&supplier_code=00100008&order_time=2024-03-11 HTTP/1.1" 200 413
114.83.218.176 - - [11/Mar/2024:09:12:19 +0800] "GET /xingrg/all/function/internal_message.html?_=1710119537913&CODE_STATE=getMsg HTTP/1.1" 200 27
116.238.97.31 - - [11/Mar/2024:09:12:20 +0800] "GET /xingrg/javascript/easyui/themes/default/tree.css HTTP/1.1" 404 1090
116.238.97.31 - - [11/Mar/2024:09:12:21 +0800] "POST /xingrg/all/common/load_tree.html?tree=supplier_tree_json&isDelete=1 HTTP/1.1" 200 78788
120.253.135.82 - - [11/Mar/2024:09:12:22 +0800] "GET /xingrg/all/function/internal_message.html?_=1710119381234&CODE_STATE=getMsg HTTP/1.1" 200 27
101.83.145.37 - - [11/Mar/2024:09:12:23 +0800] "GET /xingrg/all/function/internal_message.html?_=1710119543072&CODE_STATE=getMsg HTTP/1.1" 200 27
101.228.147.14 - - [11/Mar/2024:09:12:23 +0800] "GET /xingrg/all/function/internal_message.html?_=1710119543155&CODE_STATE=getMsg HTTP/1.1" 200 27
114.83.218.176 - - [11/Mar/2024:09:12:27 +0800] "GET /xingrg/kc/buy/cgsh_order_operate.html?command=get_materiel&rest_code=00149&code=00101006111&supplier_code=00100096&order_time=2024-03-11 HTTP/1.1" 200 409
222.69.132.250 - - [11/Mar/2024:09:12:30 +0800] "GET /xingrg/all/function/internal_message.html?_=1710119551823&CODE_STATE=getMsg HTTP/1.1" 200 27
222.70.115.1 - - [11/Mar/2024:09:12:31 +0800] "GET /xingrg/all/function/internal_message.html?_=1710119551494&CODE_STATE=getMsg HTTP/1.1" 200 27
222.70.115.1 - - [11/Mar/2024:09:12:31 +0800] "GET /xingrg/check_reg.html?_=1710119551497 HTTP/1.1" 200 22
180.164.1.25 - - [11/Mar/2024:09:12:31 +0800] "GET /xingrg/all/function/internal_message.html?_=1710119550802&CODE_STATE=getMsg HTTP/1.1" 200 27
218.79.29.78 - - [11/Mar/2024:09:12:32 +0800] "GET /xingrg/all/function/internal_message.html?_=1710119555357&CODE_STATE=getMsg HTTP/1.1" 200 27
180.169.147.146 - - [11/Mar/2024:09:12:37 +0800] "GET /xingrg/all/function/internal_message.html?_=1710119555677&CODE_STATE=getMsg HTTP/1.1" 302 -
114.83.218.176 - - [11/Mar/2024:09:12:38 +0800] "GET /xingrg/kc/buy/cgsh_order_operate.html?command=get_materiel&rest_code=00149&code=00101016104&supplier_code=00100096&order_time=2024-03-11 HTTP/1.1" 200 408
116.238.97.31 - - [11/Mar/2024:09:12:40 +0800] "GET /xingrg/kc/buy/cgsh_order_operate.html?command=get_materiel&rest_code=00102&code=00101001191&supplier_code=00100663&order_time=2024-03-11 HTTP/1.1" 200 413
116.224.254.208 - - [11/Mar/2024:09:12:44 +0800] "GET /xingrg/all/function/internal_message.html?_=1710119563419&CODE_STATE=getMsg HTTP/1.1" 200 27
116.224.254.208 - - [11/Mar/2024:09:12:44 +0800] "GET /xingrg/javascript/jquery_easy_ui/themes/default/images/tabs_active.png HTTP/1.1" 304 -
116.237.78.42 - - [11/Mar/2024:09:12:45 +0800] "GET /xingrg/all/function/internal_message.html?_=1710119565212&CODE_STATE=getMsg HTTP/1.1" 200 27
116.224.254.208 - - [11/Mar/2024:09:12:49 +0800] "GET /xingrg/all/function/internal_message.html?_=1710119569623&CODE_STATE=getMsg HTTP/1.1" 200 27
116.238.97.31 - - [11/Mar/2024:09:12:52 +0800] "GET /xingrg/kc/buy/cgsh_order_operate.html?command=get_materiel&rest_code=00102&code=00101005036&supplier_code=00100663&order_time=2024-03-11 HTTP/1.1" 200 409
114.83.218.176 - - [11/Mar/2024:09:12:53 +0800] "GET /xingrg/kc/buy/cgsh_order_operate.html?command=get_materiel&rest_code=00149&code=00101016038&supplier_code=00100096&order_time=2024-03-11 HTTP/1.1" 200 410
124.78.60.103 - - [11/Mar/2024:09:12:55 +0800] "GET /xingrg/all/function/internal_message.html?_=1710119575711&CODE_STATE=getMsg HTTP/1.1" 200 27
172.20.0.100 - - [11/Mar/2024:09:12:56 +0800] "GET /xingrg/check_reg.html?_=1710119598666 HTTP/1.1" 302 -
116.238.97.31 - - [11/Mar/2024:09:13:01 +0800] "GET /xingrg/kc/buy/cgsh_order_operate.html?command=get_materiel&rest_code=00102&code=00101002027&supplier_code=00100663&order_time=2024-03-11 HTTP/1.1" 200 413
101.83.145.37 - - [11/Mar/2024:09:13:01 +0800] "GET /xingrg/check_reg.html?_=1710119344317 HTTP/1.1" 200 22
101.83.145.37 - - [11/Mar/2024:09:13:01 +0800] "GET /xingrg/all/function/internal_message.html?_=1710119344321&CODE_STATE=getMsg HTTP/1.1" 200 27
180.163.29.234 - - [11/Mar/2024:09:13:06 +0800] "GET /xingrg/check_reg.html?_=1710119445210 HTTP/1.1" 302 -
180.163.29.234 - - [11/Mar/2024:09:13:07 +0800] "GET /xingrg/login.html HTTP/1.1" 200 7641
116.230.123.13 - - [11/Mar/2024:09:13:08 +0800] "GET /xingrg/all/function/internal_message.html?_=1710119587606&CODE_STATE=getMsg HTTP/1.1" 302 -
101.83.145.37 - - [11/Mar/2024:09:13:10 +0800] "GET /xingrg/kc/buy/cgsh_order_operate.html?command=get_materiel&rest_code=00105&code=00101008172&supplier_code=00100008&order_time=2024-03-11 HTTP/1.1" 200 412
114.83.218.176 - - [11/Mar/2024:09:13:14 +0800] "POST /xingrg/kc/buy/cgsh_order_operate.html HTTP/1.1" 200 37
116.238.97.31 - - [11/Mar/2024:09:13:16 +0800] "GET /xingrg/kc/buy/cgsh_order_operate.html?command=get_materiel&rest_code=00102&code=00101002022&supplier_code=00100663&order_time=2024-03-11 HTTP/1.1" 200 409
114.83.218.176 - - [11/Mar/2024:09:13:19 +0800] "GET /xingrg/all/function/internal_message.html?_=1710119597910&CODE_STATE=getMsg HTTP/1.1" 200 27
120.253.135.82 - - [11/Mar/2024:09:13:22 +0800] "GET /xingrg/all/function/internal_message.html?_=1710119441516&CODE_STATE=getMsg HTTP/1.1" 200 27
114.83.218.176 - - [11/Mar/2024:09:13:22 +0800] "POST /xingrg/kc/buy/cgsh_order_operate.html HTTP/1.1" 200 12
101.83.145.37 - - [11/Mar/2024:09:13:23 +0800] "GET /xingrg/all/function/internal_message.html?_=1710119603100&CODE_STATE=getMsg HTTP/1.1" 200 27
101.228.147.14 - - [11/Mar/2024:09:13:23 +0800] "GET /xingrg/all/function/internal_message.html?_=1710119603157&CODE_STATE=getMsg HTTP/1.1" 200 27
116.238.97.31 - - [11/Mar/2024:09:13:27 +0800] "POST /xingrg/kc/buy/cgsh_order_operate.html HTTP/1.1" 200 37
114.83.218.176 - - [11/Mar/2024:09:13:28 +0800] "GET /xingrg/kc/buy/cgsh_order_info.html?code=212024031103152 HTTP/1.1" 200 68642
114.83.218.176 - - [11/Mar/2024:09:13:28 +0800] "GET /xingrg/javascript/easyui/themes/default/validatebox.css HTTP/1.1" 404 1104
114.83.218.176 - - [11/Mar/2024:09:13:29 +0800] "POST /xingrg/kc/buy/cgsh_order_operate.html HTTP/1.1" 200 1782
222.69.132.250 - - [11/Mar/2024:09:13:30 +0800] "GET /xingrg/all/function/internal_message.html?_=1710119611822&CODE_STATE=getMsg HTTP/1.1" 200 27
222.69.132.250 - - [11/Mar/2024:09:13:30 +0800] "GET /xingrg/check_reg.html?_=1710119611824 HTTP/1.1" 200 22
222.70.115.1 - - [11/Mar/2024:09:13:31 +0800] "GET /xingrg/all/function/internal_message.html?_=1710119611497&CODE_STATE=getMsg HTTP/1.1" 200 27
114.83.218.176 - - [11/Mar/2024:09:13:31 +0800] "GET /xingrg/kc/print/load_data.html?order_code=212024031103152&kc_code=cgsh&condition= HTTP/1.1" 200 1124
180.164.1.25 - - [11/Mar/2024:09:13:31 +0800] "GET /xingrg/all/function/internal_message.html?_=1710119610780&CODE_STATE=getMsg HTTP/1.1" 200 27
218.79.29.78 - - [11/Mar/2024:09:13:32 +0800] "GET /xingrg/all/function/internal_message.html?_=1710119615360&CODE_STATE=getMsg HTTP/1.1" 200 27
114.83.218.176 - - [11/Mar/2024:09:13:36 +0800] "GET /xingrg/kc/buy/cgsh_order_add.html HTTP/1.1" 200 73743
116.238.97.31 - - [11/Mar/2024:09:13:36 +0800] "POST /xingrg/kc/buy/cgsh_order_operate.html HTTP/1.1" 200 4432
114.83.218.176 - - [11/Mar/2024:09:13:36 +0800] "POST /xingrg/kc/buy/cgsh_order_operate.html HTTP/1.1" 200 8245
114.83.218.176 - - [11/Mar/2024:09:13:36 +0800] "GET /xingrg/javascript/easyui/themes/default/validatebox.css HTTP/1.1" 404 1104
180.169.147.146 - - [11/Mar/2024:09:13:37 +0800] "GET /xingrg/all/function/internal_message.html?_=1710119615671&CODE_STATE=getMsg HTTP/1.1" 302 -
116.224.254.208 - - [11/Mar/2024:09:13:44 +0800] "GET /xingrg/all/function/internal_message.html?_=1710119623410&CODE_STATE=getMsg HTTP/1.1" 200 27
116.237.78.42 - - [11/Mar/2024:09:13:45 +0800] "GET /xingrg/all/function/internal_message.html?_=1710119625211&CODE_STATE=getMsg HTTP/1.1" 200 27
116.224.254.208 - - [11/Mar/2024:09:13:49 +0800] "GET /xingrg/all/function/internal_message.html?_=1710119629603&CODE_STATE=getMsg HTTP/1.1" 200 27
124.78.60.103 - - [11/Mar/2024:09:13:55 +0800] "GET /xingrg/all/function/internal_message.html?_=1710119635712&CODE_STATE=getMsg HTTP/1.1" 200 27
116.238.97.31 - - [11/Mar/2024:09:13:56 +0800] "POST /xingrg/kc/buy/cgsh_order_operate.html HTTP/1.1" 200 37
116.238.97.31 - - [11/Mar/2024:09:13:59 +0800] "POST /xingrg/kc/buy/cgsh_order_operate.html HTTP/1.1" 200 4432
101.83.145.37 - - [11/Mar/2024:09:14:01 +0800] "GET /xingrg/all/function/internal_message.html?_=1710119404309&CODE_STATE=getMsg HTTP/1.1" 200 27
101.83.145.37 - - [11/Mar/2024:09:14:04 +0800] "GET /xingrg/kc/buy/cgsh_order_operate.html?command=get_materiel&rest_code=00105&code=00101008061&supplier_code=00100008&order_time=2024-03-11 HTTP/1.1" 200 422
116.230.123.13 - - [11/Mar/2024:09:14:08 +0800] "GET /xingrg/all/function/internal_message.html?_=1710119647597&CODE_STATE=getMsg HTTP/1.1" 302 -
116.230.123.13 - - [11/Mar/2024:09:14:08 +0800] "GET /xingrg/check_reg.html?_=1710119647599 HTTP/1.1" 302 -
114.83.218.176 - - [11/Mar/2024:09:14:19 +0800] "GET /xingrg/all/function/internal_message.html?_=1710119657882&CODE_STATE=getMsg HTTP/1.1" 200 27
120.253.135.82 - - [11/Mar/2024:09:14:22 +0800] "GET /xingrg/all/function/internal_message.html?_=1710119501527&CODE_STATE=getMsg HTTP/1.1" 200 27
101.83.145.37 - - [11/Mar/2024:09:14:22 +0800] "GET /xingrg/kc/buy/cgsh_order_operate.html?command=get_materiel&rest_code=00105&code=00101008123&supplier_code=00100008&order_time=2024-03-11 HTTP/1.1" 200 412
101.83.145.37 - - [11/Mar/2024:09:14:23 +0800] "GET /xingrg/all/function/internal_message.html?_=1710119663101&CODE_STATE=getMsg HTTP/1.1" 200 27
101.228.147.14 - - [11/Mar/2024:09:14:23 +0800] "GET /xingrg/all/function/internal_message.html?_=1710119663146&CODE_STATE=getMsg HTTP/1.1" 200 27
222.69.132.250 - - [11/Mar/2024:09:14:30 +0800] "GET /xingrg/all/function/internal_message.html?_=1710119671828&CODE_STATE=getMsg HTTP/1.1" 200 27
222.70.115.1 - - [11/Mar/2024:09:14:31 +0800] "GET /xingrg/all/function/internal_message.html?_=1710119671496&CODE_STATE=getMsg HTTP/1.1" 200 27
180.164.1.25 - - [11/Mar/2024:09:14:31 +0800] "GET /xingrg/all/function/internal_message.html?_=1710119670759&CODE_STATE=getMsg HTTP/1.1" 200 27
218.79.29.78 - - [11/Mar/2024:09:14:32 +0800] "GET /xingrg/all/function/internal_message.html?_=1710119675363&CODE_STATE=getMsg HTTP/1.1" 200 27
180.169.147.146 - - [11/Mar/2024:09:14:37 +0800] "GET /xingrg/check_reg.html?_=1710119675664 HTTP/1.1" 302 -
180.169.147.146 - - [11/Mar/2024:09:14:37 +0800] "GET /xingrg/all/function/internal_message.html?_=1710119675670&CODE_STATE=getMsg HTTP/1.1" 302 -
124.77.241.9 - - [11/Mar/2024:09:14:42 +0800] "GET /xingrg/check_reg.html?_=1710119683864 HTTP/1.1" 200 22
116.224.254.208 - - [11/Mar/2024:09:14:44 +0800] "GET /xingrg/all/function/internal_message.html?_=1710119683389&CODE_STATE=getMsg HTTP/1.1" 200 27
116.237.78.42 - - [11/Mar/2024:09:14:45 +0800] "GET /xingrg/all/function/internal_message.html?_=1710119685223&CODE_STATE=getMsg HTTP/1.1" 200 27
101.83.145.37 - - [11/Mar/2024:09:14:45 +0800] "GET /xingrg/kc/buy/cgsh_order_operate.html?command=get_materiel&rest_code=00105&code=00101008032&supplier_code=00100008&order_time=2024-03-11 HTTP/1.1" 200 408
116.224.254.208 - - [11/Mar/2024:09:14:49 +0800] "GET /xingrg/all/function/internal_message.html?_=1710119689575&CODE_STATE=getMsg HTTP/1.1" 200 27
124.78.60.103 - - [11/Mar/2024:09:14:55 +0800] "GET /xingrg/all/function/internal_message.html?_=1710119695712&CODE_STATE=getMsg HTTP/1.1" 200 27
101.83.145.37 - - [11/Mar/2024:09:15:01 +0800] "GET /xingrg/all/function/internal_message.html?_=1710119464301&CODE_STATE=getMsg HTTP/1.1" 200 27
101.228.147.14 - - [11/Mar/2024:09:15:06 +0800] "POST /xingrg/kc/buy/cgsh_list_operate.html HTTP/1.1" 200 1387
116.230.123.13 - - [11/Mar/2024:09:15:08 +0800] "GET /xingrg/all/function/internal_message.html?_=1710119707615&CODE_STATE=getMsg HTTP/1.1" 302 -
101.228.147.14 - - [11/Mar/2024:09:15:11 +0800] "POST /xingrg/kc/buy/cgsh_list_operate.html HTTP/1.1" 200 607
101.228.147.14 - - [11/Mar/2024:09:15:13 +0800] "GET /xingrg/kc/buy/cgsh_order_info.html?code=212024030701882 HTTP/1.1" 200 72781
101.228.147.14 - - [11/Mar/2024:09:15:13 +0800] "GET /xingrg/javascript/easyui/themes/icons/copy_new.png HTTP/1.1" 304 -
101.228.147.14 - - [11/Mar/2024:09:15:13 +0800] "GET /xingrg/javascript/easyui/themes/icons/template_new.png HTTP/1.1" 304 -
101.228.147.14 - - [11/Mar/2024:09:15:13 +0800] "GET /xingrg/javascript/easyui/themes/icons/ok.png HTTP/1.1" 304 -
101.228.147.14 - - [11/Mar/2024:09:15:13 +0800] "GET /xingrg/javascript/easyui/themes/default/validatebox.css HTTP/1.1" 404 1104
101.228.147.14 - - [11/Mar/2024:09:15:13 +0800] "GET /xingrg/all/common/auto_word.html?type=employee&rest_code=00142 HTTP/1.1" 200 105
101.228.147.14 - - [11/Mar/2024:09:15:13 +0800] "GET /xingrg/all/common/auto_word.html?type=employee&rest_code=00142 HTTP/1.1" 200 105
101.228.147.14 - - [11/Mar/2024:09:15:14 +0800] "POST /xingrg/kc/buy/cgsh_order_operate.html HTTP/1.1" 200 21371
114.83.218.176 - - [11/Mar/2024:09:15:15 +0800] "GET /xingrg/kc/buy/cgsh_order_operate.html?command=get_materiel&rest_code=00149&code=00102034131&supplier_code=00100075&order_time=2024-03-11 HTTP/1.1" 200 431
124.77.241.9 - - [11/Mar/2024:09:15:18 +0800] "GET /xingrg/kc/buy/cgsh_order_operate.html?command=get_materiel&rest_code=00146&code=00101008037&supplier_code=00100005&order_time=2024-03-11 HTTP/1.1" 200 415
114.83.218.176 - - [11/Mar/2024:09:15:19 +0800] "GET /xingrg/all/function/internal_message.html?_=1710119717866&CODE_STATE=getMsg HTTP/1.1" 200 27
120.253.135.82 - - [11/Mar/2024:09:15:23 +0800] "GET /xingrg/all/function/internal_message.html?_=1710119561834&CODE_STATE=getMsg HTTP/1.1" 200 27
101.83.145.37 - - [11/Mar/2024:09:15:23 +0800] "GET /xingrg/all/function/internal_message.html?_=1710119723104&CODE_STATE=getMsg HTTP/1.1" 200 27
101.228.147.14 - - [11/Mar/2024:09:15:23 +0800] "GET /xingrg/check_reg.html?_=1710119723181 HTTP/1.1" 200 22
101.228.147.14 - - [11/Mar/2024:09:15:23 +0800] "GET /xingrg/all/function/internal_message.html?_=1710119723178&CODE_STATE=getMsg HTTP/1.1" 200 27
222.69.132.250 - - [11/Mar/2024:09:15:30 +0800] "GET /xingrg/all/function/internal_message.html?_=1710119731827&CODE_STATE=getMsg HTTP/1.1" 200 27
222.70.115.1 - - [11/Mar/2024:09:15:31 +0800] "GET /xingrg/all/function/internal_message.html?_=1710119731494&CODE_STATE=getMsg HTTP/1.1" 200 27
180.164.1.25 - - [11/Mar/2024:09:15:31 +0800] "GET /xingrg/all/function/internal_message.html?_=1710119730741&CODE_STATE=getMsg HTTP/1.1" 200 27
114.83.218.176 - - [11/Mar/2024:09:15:31 +0800] "POST /xingrg/kc/buy/cgsh_order_operate.html HTTP/1.1" 200 37
218.79.29.78 - - [11/Mar/2024:09:15:32 +0800] "GET /xingrg/all/function/internal_message.html?_=1710119735364&CODE_STATE=getMsg HTTP/1.1" 200 27
101.83.145.37 - - [11/Mar/2024:09:15:34 +0800] "GET /xingrg/kc/buy/cgsh_order_operate.html?command=get_materiel&rest_code=00105&code=00101008351&supplier_code=00100008&order_time=2024-03-11 HTTP/1.1" 200 408
180.169.147.146 - - [11/Mar/2024:09:15:37 +0800] "GET /xingrg/all/function/internal_message.html?_=1710119735685&CODE_STATE=getMsg HTTP/1.1" 302 -
114.83.218.176 - - [11/Mar/2024:09:15:39 +0800] "POST /xingrg/kc/buy/cgsh_order_operate.html HTTP/1.1" 200 12
101.228.147.14 - - [11/Mar/2024:09:15:41 +0800] "GET /xingrg/javascript/auto/indicator.gif HTTP/1.1" 404 1066
114.83.218.176 - - [11/Mar/2024:09:15:42 +0800] "GET /xingrg/kc/buy/cgsh_order_info.html?code=212024031103154 HTTP/1.1" 200 68656
114.83.218.176 - - [11/Mar/2024:09:15:43 +0800] "GET /xingrg/javascript/easyui/themes/default/validatebox.css HTTP/1.1" 404 1104
114.83.218.176 - - [11/Mar/2024:09:15:44 +0800] "POST /xingrg/kc/buy/cgsh_order_operate.html HTTP/1.1" 200 626
116.224.254.208 - - [11/Mar/2024:09:15:44 +0800] "GET /xingrg/all/function/internal_message.html?_=1710119743369&CODE_STATE=getMsg HTTP/1.1" 200 27
116.237.78.42 - - [11/Mar/2024:09:15:45 +0800] "GET /xingrg/all/function/internal_message.html?_=1710119745229&CODE_STATE=getMsg HTTP/1.1" 200 27
116.237.78.42 - - [11/Mar/2024:09:15:45 +0800] "GET /xingrg/check_reg.html?_=1710119745225 HTTP/1.1" 200 22
180.163.29.234 - - [11/Mar/2024:09:15:45 +0800] "GET /xingrg/all/function/internal_message.html?_=1710119685223&CODE_STATE=getMsg HTTP/1.1" 302 -
180.163.29.234 - - [11/Mar/2024:09:15:45 +0800] "GET /xingrg/login.html HTTP/1.1" 200 7641
114.83.218.176 - - [11/Mar/2024:09:15:45 +0800] "GET /xingrg/kc/print/load_data.html?order_code=212024031103154&kc_code=cgsh&condition= HTTP/1.1" 200 742
101.228.147.14 - - [11/Mar/2024:09:15:48 +0800] "GET /xingrg/kc/buy/cgsh_order_operate.html?command=get_materiel&rest_code=00142&code=00102026001&supplier_code=00100207&order_time=2024-03-10 HTTP/1.1" 200 410
116.224.254.208 - - [11/Mar/2024:09:15:49 +0800] "GET /xingrg/all/function/internal_message.html?_=1710119749555&CODE_STATE=getMsg HTTP/1.1" 200 27
116.224.254.208 - - [11/Mar/2024:09:15:49 +0800] "GET /xingrg/check_reg.html?_=1710119749725 HTTP/1.1" 200 22
120.253.135.82 - - [11/Mar/2024:09:15:53 +0800] "GET /xingrg/check_reg.html?_=1710119592310 HTTP/1.1" 200 22
124.78.60.103 - - [11/Mar/2024:09:15:55 +0800] "GET /xingrg/check_reg.html?_=1710119755704 HTTP/1.1" 200 22
124.78.60.103 - - [11/Mar/2024:09:15:55 +0800] "GET /xingrg/all/function/internal_message.html?_=1710119755708&CODE_STATE=getMsg HTTP/1.1" 200 27
114.83.218.176 - - [11/Mar/2024:09:15:57 +0800] "GET /xingrg/kc/buy/cgsh_order_add.html HTTP/1.1" 200 73743
114.83.218.176 - - [11/Mar/2024:09:15:57 +0800] "POST /xingrg/kc/buy/cgsh_order_operate.html HTTP/1.1" 200 8245
114.83.218.176 - - [11/Mar/2024:09:15:57 +0800] "GET /xingrg/javascript/easyui/themes/default/validatebox.css HTTP/1.1" 404 1104
101.83.145.37 - - [11/Mar/2024:09:16:01 +0800] "GET /xingrg/all/function/internal_message.html?_=1710119524302&CODE_STATE=getMsg HTTP/1.1" 200 27
116.230.123.13 - - [11/Mar/2024:09:16:08 +0800] "GET /xingrg/all/function/internal_message.html?_=1710119767601&CODE_STATE=getMsg HTTP/1.1" 302 -
101.83.145.37 - - [11/Mar/2024:09:16:11 +0800] "GET /xingrg/kc/buy/cgsh_order_operate.html?command=get_materiel&rest_code=00105&code=00101008300&supplier_code=00100008&order_time=2024-03-11 HTTP/1.1" 200 412
114.83.218.176 - - [11/Mar/2024:09:16:15 +0800] "GET /xingrg/kc/buy/cgsh_order_operate.html?command=get_materiel&rest_code=00149&code=00101009049&supplier_code=00100201&order_time=2024-03-11 HTTP/1.1" 200 416
116.238.97.31 - - [11/Mar/2024:09:16:15 +0800] "GET /xingrg/check_reg.html?_=1710119777137 HTTP/1.1" 200 22
120.253.135.82 - - [11/Mar/2024:09:16:16 +0800] "POST /xingrg/kc/pszx/mdps_list_operate.html HTTP/1.1" 200 2792
120.253.135.82 - - [11/Mar/2024:09:16:16 +0800] "GET /xingrg/kc/pszx/mdqp_order_list.html?state=10 HTTP/1.1" 200 10755
120.253.135.82 - - [11/Mar/2024:09:16:16 +0800] "GET /xingrg/dwr/interface/AjaxQqpsService.js HTTP/1.1" 200 16326
120.253.135.82 - - [11/Mar/2024:09:16:16 +0800] "GET /xingrg/dwr/interface/AjaxReportQueryService.js HTTP/1.1" 200 13203
120.253.135.82 - - [11/Mar/2024:09:16:16 +0800] "GET /xingrg/dwr/engine.js HTTP/1.1" 200 43631
120.253.135.82 - - [11/Mar/2024:09:16:18 +0800] "GET /xingrg/kc/pszx/mdqp_order_info.html?code=302024031100151 HTTP/1.1" 200 13338
120.253.135.82 - - [11/Mar/2024:09:16:18 +0800] "GET /xingrg/dwr/interface/AjaxComOrderService.js HTTP/1.1" 200 18264
120.253.135.82 - - [11/Mar/2024:09:16:18 +0800] "GET /xingrg/dwr/interface/AjaxQqpsService.js HTTP/1.1" 200 16326
120.253.135.82 - - [11/Mar/2024:09:16:18 +0800] "GET /xingrg/dwr/engine.js HTTP/1.1" 200 43631
114.83.218.176 - - [11/Mar/2024:09:16:19 +0800] "GET /xingrg/all/function/internal_message.html?_=1710119777848&CODE_STATE=getMsg HTTP/1.1" 200 27
120.253.135.82 - - [11/Mar/2024:09:16:20 +0800] "POST /xingrg/dwr/call/plaincall/AjaxQqpsService.loadMaterielItems.dwr HTTP/1.1" 200 2091
120.253.135.82 - - [11/Mar/2024:09:16:23 +0800] "GET /xingrg/all/function/internal_message.html?_=1710119621837&CODE_STATE=getMsg HTTP/1.1" 200 27
101.83.145.37 - - [11/Mar/2024:09:16:23 +0800] "GET /xingrg/check_reg.html?_=1710119783094 HTTP/1.1" 200 22
101.83.145.37 - - [11/Mar/2024:09:16:23 +0800] "GET /xingrg/all/function/internal_message.html?_=1710119783097&CODE_STATE=getMsg HTTP/1.1" 200 27
101.228.147.14 - - [11/Mar/2024:09:16:23 +0800] "GET /xingrg/all/function/internal_message.html?_=1710119783177&CODE_STATE=getMsg HTTP/1.1" 200 27
180.163.30.85 - - [11/Mar/2024:09:16:25 +0800] "GET /xingrg/all/function/internal_message.html?_=1710119625211&CODE_STATE=getMsg HTTP/1.1" 302 -
180.163.30.85 - - [11/Mar/2024:09:16:25 +0800] "GET /xingrg/login.html HTTP/1.1" 200 7641
114.83.218.176 - - [11/Mar/2024:09:16:30 +0800] "GET /xingrg/kc/buy/cgsh_order_operate.html?command=get_materiel&rest_code=00149&code=00101009062&supplier_code=00100201&order_time=2024-03-11 HTTP/1.1" 200 412
222.69.132.250 - - [11/Mar/2024:09:16:30 +0800] "GET /xingrg/all/function/internal_message.html?_=1710119791826&CODE_STATE=getMsg HTTP/1.1" 200 27
222.70.115.1 - - [11/Mar/2024:09:16:31 +0800] "GET /xingrg/all/function/internal_message.html?_=1710119791509&CODE_STATE=getMsg HTTP/1.1" 200 27
180.164.1.25 - - [11/Mar/2024:09:16:31 +0800] "GET /xingrg/all/function/internal_message.html?_=1710119790715&CODE_STATE=getMsg HTTP/1.1" 200 27
180.164.1.25 - - [11/Mar/2024:09:16:32 +0800] "GET /xingrg/check_reg.html?_=1710119791699 HTTP/1.1" 200 22
116.224.254.208 - - [11/Mar/2024:09:16:32 +0800] "GET /xingrg/check_reg.html?_=1710119791930 HTTP/1.1" 200 22
218.79.29.78 - - [11/Mar/2024:09:16:32 +0800] "GET /xingrg/check_reg.html?_=1710119795353 HTTP/1.1" 200 22
218.79.29.78 - - [11/Mar/2024:09:16:32 +0800] "GET /xingrg/all/function/internal_message.html?_=1710119795357&CODE_STATE=getMsg HTTP/1.1" 200 27
180.169.147.146 - - [11/Mar/2024:09:16:37 +0800] "GET /xingrg/all/function/internal_message.html?_=1710119795673&CODE_STATE=getMsg HTTP/1.1" 302 -
180.169.147.146 - - [11/Mar/2024:09:16:38 +0800] "GET /xingrg/check_reg.html?_=1710119798571 HTTP/1.1" 200 22
114.83.218.176 - - [11/Mar/2024:09:16:39 +0800] "GET /xingrg/kc/buy/cgsh_order_operate.html?command=get_materiel&rest_code=00149&code=00101009011&supplier_code=00100201&order_time=2024-03-11 HTTP/1.1" 200 416
116.224.254.208 - - [11/Mar/2024:09:16:44 +0800] "GET /xingrg/all/function/internal_message.html?_=1710119803349&CODE_STATE=getMsg HTTP/1.1" 200 27
180.163.30.27 - - [11/Mar/2024:09:16:45 +0800] "GET /xingrg/check_reg.html?_=1710119745225 HTTP/1.1" 302 -
180.163.30.27 - - [11/Mar/2024:09:16:45 +0800] "GET /xingrg/login.html HTTP/1.1" 200 7641
180.163.29.79 - - [11/Mar/2024:09:16:45 +0800] "GET /xingrg/all/function/internal_message.html?_=1710119745229&CODE_STATE=getMsg HTTP/1.1" 302 -
116.237.78.42 - - [11/Mar/2024:09:16:45 +0800] "GET /xingrg/all/function/internal_message.html?_=1710119805229&CODE_STATE=getMsg HTTP/1.1" 200 27
180.163.29.79 - - [11/Mar/2024:09:16:45 +0800] "GET /xingrg/login.html HTTP/1.1" 200 7641
116.224.254.208 - - [11/Mar/2024:09:16:49 +0800] "GET /xingrg/all/function/internal_message.html?_=1710119809552&CODE_STATE=getMsg HTTP/1.1" 200 27
114.83.218.176 - - [11/Mar/2024:09:16:50 +0800] "GET /xingrg/kc/buy/cgsh_order_operate.html?command=get_materiel&rest_code=00149&code=00101009124&supplier_code=00100201&order_time=2024-03-11 HTTP/1.1" 200 416
124.78.60.103 - - [11/Mar/2024:09:16:55 +0800] "GET /xingrg/all/function/internal_message.html?_=1710119815705&CODE_STATE=getMsg HTTP/1.1" 200 27
101.83.145.37 - - [11/Mar/2024:09:17:01 +0800] "GET /xingrg/all/function/internal_message.html?_=1710119584302&CODE_STATE=getMsg HTTP/1.1" 200 27
101.83.145.37 - - [11/Mar/2024:09:17:04 +0800] "GET /xingrg/kc/buy/cgsh_order_operate.html?command=get_materiel&rest_code=00105&code=00101008332&supplier_code=00100008&order_time=2024-03-11 HTTP/1.1" 200 412
116.230.123.13 - - [11/Mar/2024:09:17:08 +0800] "GET /xingrg/all/function/internal_message.html?_=1710119827616&CODE_STATE=getMsg HTTP/1.1" 302 -
114.83.218.176 - - [11/Mar/2024:09:17:09 +0800] "GET /xingrg/check_reg.html?_=1710119828448 HTTP/1.1" 200 22
101.83.145.37 - - [11/Mar/2024:09:17:12 +0800] "POST /xingrg/kc/buy/cgsh_order_operate.html HTTP/1.1" 200 2065
101.228.147.14 - - [11/Mar/2024:09:17:13 +0800] "GET /xingrg/kc/buy/cgsh_order_operate.html?command=get_materiel&rest_code=00142&code=00101003002&supplier_code=00100207&order_time=2024-03-10 HTTP/1.1" 200 411
124.77.241.9 - - [11/Mar/2024:09:17:13 +0800] "GET /xingrg/kc/buy/cgsh_order_operate.html?command=get_materiel&rest_code=00146&code=00101008257&supplier_code=00100005&order_time=2024-03-11 HTTP/1.1" 200 416
114.83.218.176 - - [11/Mar/2024:09:17:19 +0800] "GET /xingrg/all/function/internal_message.html?_=1710119837832&CODE_STATE=getMsg HTTP/1.1" 200 27
120.253.135.82 - - [11/Mar/2024:09:17:23 +0800] "GET /xingrg/all/function/internal_message.html?_=1710119681848&CODE_STATE=getMsg HTTP/1.1" 200 27
101.83.145.37 - - [11/Mar/2024:09:17:23 +0800] "GET /xingrg/all/function/internal_message.html?_=1710119843097&CODE_STATE=getMsg HTTP/1.1" 200 27
101.228.147.14 - - [11/Mar/2024:09:17:23 +0800] "GET /xingrg/all/function/internal_message.html?_=1710119843177&CODE_STATE=getMsg HTTP/1.1" 200 27
101.83.145.37 - - [11/Mar/2024:09:17:28 +0800] "GET /xingrg/kc/buy/cgsh_order_operate.html?command=get_materiel&rest_code=00105&code=00101008248&supplier_code=00100008&order_time=2024-03-11 HTTP/1.1" 200 412
222.69.132.250 - - [11/Mar/2024:09:17:30 +0800] "GET /xingrg/all/function/internal_message.html?_=1710119851823&CODE_STATE=getMsg HTTP/1.1" 200 27
222.70.115.1 - - [11/Mar/2024:09:17:31 +0800] "GET /xingrg/check_reg.html?_=1710119851507 HTTP/1.1" 200 22
222.70.115.1 - - [11/Mar/2024:09:17:31 +0800] "GET /xingrg/all/function/internal_message.html?_=1710119851507&CODE_STATE=getMsg HTTP/1.1" 200 27
180.164.1.25 - - [11/Mar/2024:09:17:31 +0800] "GET /xingrg/all/function/internal_message.html?_=1710119850700&CODE_STATE=getMsg HTTP/1.1" 200 27
120.253.135.82 - - [11/Mar/2024:09:17:32 +0800] "GET /xingrg/images/yd/bt.gif HTTP/1.1" 404 1040
120.253.135.82 - - [11/Mar/2024:09:17:32 +0800] "GET /xingrg/images/yd/bt2.gif HTTP/1.1" 404 1042
218.79.29.78 - - [11/Mar/2024:09:17:32 +0800] "GET /xingrg/all/function/internal_message.html?_=1710119855357&CODE_STATE=getMsg HTTP/1.1" 200 27
180.169.147.146 - - [11/Mar/2024:09:17:37 +0800] "GET /xingrg/all/function/internal_message.html?_=1710119855681&CODE_STATE=getMsg HTTP/1.1" 302 -
124.77.241.9 - - [11/Mar/2024:09:17:38 +0800] "GET /xingrg/kc/buy/cgsh_order_operate.html?command=get_materiel&rest_code=00146&code=00101008331&supplier_code=00100005&order_time=2024-03-11 HTTP/1.1" 200 416
116.224.254.208 - - [11/Mar/2024:09:17:44 +0800] "GET /xingrg/all/function/internal_message.html?_=1710119863334&CODE_STATE=getMsg HTTP/1.1" 200 27
116.237.78.42 - - [11/Mar/2024:09:17:45 +0800] "GET /xingrg/all/function/internal_message.html?_=1710119865217&CODE_STATE=getMsg HTTP/1.1" 200 27
101.83.145.37 - - [11/Mar/2024:09:17:47 +0800] "GET /xingrg/kc/buy/cgsh_order_operate.html?command=get_materiel&rest_code=00105&code=00101008041&supplier_code=00100008&order_time=2024-03-11 HTTP/1.1" 200 408
116.224.254.208 - - [11/Mar/2024:09:17:49 +0800] "GET /xingrg/all/function/internal_message.html?_=1710119869531&CODE_STATE=getMsg HTTP/1.1" 200 27
124.78.60.103 - - [11/Mar/2024:09:17:55 +0800] "GET /xingrg/all/function/internal_message.html?_=1710119875701&CODE_STATE=getMsg HTTP/1.1" 200 27
172.20.0.100 - - [11/Mar/2024:09:17:56 +0800] "GET /xingrg/check_reg.html?_=1710119898748 HTTP/1.1" 302 -
101.83.145.37 - - [11/Mar/2024:09:18:01 +0800] "GET /xingrg/check_reg.html?_=1710119644313 HTTP/1.1" 200 22
101.83.145.37 - - [11/Mar/2024:09:18:01 +0800] "GET /xingrg/all/function/internal_message.html?_=1710119644309&CODE_STATE=getMsg HTTP/1.1" 200 27
101.228.147.14 - - [11/Mar/2024:09:18:03 +0800] "GET /xingrg/kc/buy/cgsh_order_operate.html?command=get_materiel&rest_code=00142&code=00101010965&supplier_code=00100207&order_time=2024-03-10 HTTP/1.1" 200 425
116.230.123.13 - - [11/Mar/2024:09:18:08 +0800] "GET /xingrg/all/function/internal_message.html?_=1710119887616&CODE_STATE=getMsg HTTP/1.1" 302 -
114.83.218.176 - - [11/Mar/2024:09:18:19 +0800] "GET /xingrg/all/function/internal_message.html?_=1710119897803&CODE_STATE=getMsg HTTP/1.1" 200 27
120.253.135.82 - - [11/Mar/2024:09:18:21 +0800] "GET /xingrg/kc/pszx/mdqp_order_list.html?isBack=1 HTTP/1.1" 302 -
120.253.135.82 - - [11/Mar/2024:09:18:21 +0800] "GET /xingrg/kc/pszx/mdqp_order_list.html?state=10 HTTP/1.1" 200 10755
120.253.135.82 - - [11/Mar/2024:09:18:21 +0800] "GET /xingrg/dwr/interface/AjaxQqpsService.js HTTP/1.1" 200 16326
120.253.135.82 - - [11/Mar/2024:09:18:21 +0800] "GET /xingrg/dwr/interface/AjaxReportQueryService.js HTTP/1.1" 200 13203
120.253.135.82 - - [11/Mar/2024:09:18:21 +0800] "GET /xingrg/dwr/engine.js HTTP/1.1" 200 43631
101.83.145.37 - - [11/Mar/2024:09:18:23 +0800] "GET /xingrg/all/function/internal_message.html?_=1710119903098&CODE_STATE=getMsg HTTP/1.1" 200 27
120.253.135.82 - - [11/Mar/2024:09:18:23 +0800] "GET /xingrg/all/function/internal_message.html?_=1710119741862&CODE_STATE=getMsg HTTP/1.1" 200 27
101.228.147.14 - - [11/Mar/2024:09:18:23 +0800] "GET /xingrg/all/function/internal_message.html?_=1710119903178&CODE_STATE=getMsg HTTP/1.1" 200 27
120.253.135.82 - - [11/Mar/2024:09:18:23 +0800] "GET /xingrg/kc/pszx/ps_main.html?isBack=1 HTTP/1.1" 200 13401
120.253.135.82 - - [11/Mar/2024:09:18:24 +0800] "GET /xingrg/images/blue/button/jzcgd.gif HTTP/1.1" 304 -
120.253.135.82 - - [11/Mar/2024:09:18:24 +0800] "GET /xingrg/images/blue/button/cgydd.gif HTTP/1.1" 304 -
120.253.135.82 - - [11/Mar/2024:09:18:24 +0800] "GET /xingrg/images/blue/button/ckpd.gif HTTP/1.1" 304 -
120.253.135.82 - - [11/Mar/2024:09:18:24 +0800] "GET /xingrg/images/blue/button/left_down_ah.jpg HTTP/1.1" 304 -
120.253.135.82 - - [11/Mar/2024:09:18:24 +0800] "GET /xingrg/images/blue/button/right_down_ah.jpg HTTP/1.1" 304 -
120.253.135.82 - - [11/Mar/2024:09:18:24 +0800] "GET /xingrg/images/blue/button/line.jpg HTTP/1.1" 304 -
120.253.135.82 - - [11/Mar/2024:09:18:24 +0800] "GET /xingrg/images/blue/button/yddb.gif HTTP/1.1" 304 -
120.253.135.82 - - [11/Mar/2024:09:18:24 +0800] "GET /xingrg/images/blue/button/fdps2.gif HTTP/1.1" 304 -
120.253.135.82 - - [11/Mar/2024:09:18:24 +0800] "GET /xingrg/images/blue/button/fdqpd.gif HTTP/1.1" 304 -
120.253.135.82 - - [11/Mar/2024:09:18:24 +0800] "GET /xingrg/images/blue/button/down_ah.jpg HTTP/1.1" 304 -
120.253.135.82 - - [11/Mar/2024:09:18:24 +0800] "GET /xingrg/images/blue/bg_dotted.jpg HTTP/1.1" 304 -
120.253.135.82 - - [11/Mar/2024:09:18:24 +0800] "GET /xingrg/images/blue/button/pszx.gif HTTP/1.1" 304 -
120.253.135.82 - - [11/Mar/2024:09:18:24 +0800] "GET /xingrg/images/blue/pic_form2.gif HTTP/1.1" 304 -
120.253.135.82 - - [11/Mar/2024:09:18:25 +0800] "GET /xingrg/kc/pszx/mdqp_order_list.html?state=10 HTTP/1.1" 200 10755
120.253.135.82 - - [11/Mar/2024:09:18:25 +0800] "GET /xingrg/dwr/interface/AjaxReportQueryService.js HTTP/1.1" 200 13203
120.253.135.82 - - [11/Mar/2024:09:18:25 +0800] "GET /xingrg/dwr/interface/AjaxQqpsService.js HTTP/1.1" 200 16326
120.253.135.82 - - [11/Mar/2024:09:18:25 +0800] "GET /xingrg/dwr/engine.js HTTP/1.1" 200 43631
124.77.241.9 - - [11/Mar/2024:09:18:29 +0800] "GET /xingrg/kc/buy/cgsh_order_operate.html?command=get_materiel&rest_code=00146&code=00101008096&supplier_code=00100005&order_time=2024-03-11 HTTP/1.1" 200 412
222.69.132.250 - - [11/Mar/2024:09:18:30 +0800] "GET /xingrg/all/function/internal_message.html?_=1710119911824&CODE_STATE=getMsg HTTP/1.1" 200 27
222.69.132.250 - - [11/Mar/2024:09:18:30 +0800] "GET /xingrg/check_reg.html?_=1710119911829 HTTP/1.1" 200 22
222.70.115.1 - - [11/Mar/2024:09:18:31 +0800] "GET /xingrg/all/function/internal_message.html?_=1710119911506&CODE_STATE=getMsg HTTP/1.1" 200 27
180.164.1.25 - - [11/Mar/2024:09:18:31 +0800] "GET /xingrg/all/function/internal_message.html?_=1710119910681&CODE_STATE=getMsg HTTP/1.1" 200 27
218.79.29.78 - - [11/Mar/2024:09:18:32 +0800] "GET /xingrg/all/function/internal_message.html?_=1710119915358&CODE_STATE=getMsg HTTP/1.1" 200 27
180.169.147.146 - - [11/Mar/2024:09:18:37 +0800] "GET /xingrg/all/function/internal_message.html?_=1710119915671&CODE_STATE=getMsg HTTP/1.1" 302 -
101.228.147.14 - - [11/Mar/2024:09:18:41 +0800] "GET /xingrg/kc/buy/cgsh_order_operate.html?command=get_materiel&rest_code=00142&code=00101023072&supplier_code=00100207&order_time=2024-03-10 HTTP/1.1" 200 453
116.237.78.42 - - [11/Mar/2024:09:18:45 +0800] "GET /xingrg/all/function/internal_message.html?_=1710119925232&CODE_STATE=getMsg HTTP/1.1" 200 27
116.224.254.208 - - [11/Mar/2024:09:18:49 +0800] "GET /xingrg/login.html HTTP/1.1" 200 7641
116.224.254.208 - - [11/Mar/2024:09:18:49 +0800] "GET /xingrg/all/function/internal_message.html?_=1710119929525&CODE_STATE=getMsg HTTP/1.1" 200 27
116.224.254.208 - - [11/Mar/2024:09:18:49 +0800] "GET /favicon.ico HTTP/1.1" 404 -
124.78.60.103 - - [11/Mar/2024:09:18:55 +0800] "GET /xingrg/all/function/internal_message.html?_=1710119935708&CODE_STATE=getMsg HTTP/1.1" 200 27
101.83.145.37 - - [11/Mar/2024:09:18:55 +0800] "GET /xingrg/kc/buy/cgsh_order_operate.html?command=get_materiel&rest_code=00105&code=00101008207&supplier_code=00100008&order_time=2024-03-11 HTTP/1.1" 200 408
101.228.147.14 - - [11/Mar/2024:09:18:58 +0800] "POST /xingrg/kc/buy/cgsh_order_operate.html HTTP/1.1" 200 2065
101.83.145.37 - - [11/Mar/2024:09:19:01 +0800] "GET /xingrg/all/function/internal_message.html?_=1710119704320&CODE_STATE=getMsg HTTP/1.1" 200 27
116.224.254.208 - - [11/Mar/2024:09:19:01 +0800] "POST /xingrg/login.do HTTP/1.1" 302 -
116.224.254.208 - - [11/Mar/2024:09:19:01 +0800] "GET /xingrg/index.html?sysBaseUrl=http%3A%2F%2F180.169.147.146%3A18081%2Fxingrg%2F&costTime=818×tamp=1710119941699 HTTP/1.1" 200 17179
116.224.254.208 - - [11/Mar/2024:09:19:01 +0800] "GET /favicon.ico HTTP/1.1" 404 -
116.224.254.208 - - [11/Mar/2024:09:19:02 +0800] "GET /xingrg/all/function/internal_message.html?_=1710119941291&CODE_STATE=count HTTP/1.1" 200 11
116.224.254.208 - - [11/Mar/2024:09:19:02 +0800] "GET /xingrg/check_reg.html?_=1710119941292 HTTP/1.1" 200 22
116.224.254.208 - - [11/Mar/2024:09:19:02 +0800] "POST /xingrg/all/common/load_tree.html?tree=area_rest_tree_json&manage=1 HTTP/1.1" 200 476
116.224.254.208 - - [11/Mar/2024:09:19:02 +0800] "POST /xingrg/load_menu.html HTTP/1.1" 200 5138
116.230.123.13 - - [11/Mar/2024:09:19:08 +0800] "GET /xingrg/check_reg.html?_=1710119947604 HTTP/1.1" 302 -
116.230.123.13 - - [11/Mar/2024:09:19:08 +0800] "GET /xingrg/all/function/internal_message.html?_=1710119947609&CODE_STATE=getMsg HTTP/1.1" 302 -
124.77.241.9 - - [11/Mar/2024:09:19:13 +0800] "POST /xingrg/kc/buy/cgsh_order_operate.html HTTP/1.1" 200 2065
114.83.218.176 - - [11/Mar/2024:09:19:14 +0800] "POST /xingrg/kc/buy/cgsh_order_operate.html HTTP/1.1" 200 37
101.228.147.14 - - [11/Mar/2024:09:19:19 +0800] "GET /xingrg/kc/buy/cgsh_order_operate.html?command=get_materiel&rest_code=00142&code=00101008301&supplier_code=00100207&order_time=2024-03-10 HTTP/1.1" 200 423
124.77.241.9 - - [11/Mar/2024:09:19:21 +0800] "GET /xingrg/kc/buy/cgsh_order_operate.html?command=get_materiel&rest_code=00146&code=00101008038&supplier_code=00100005&order_time=2024-03-11 HTTP/1.1" 200 412
101.83.145.37 - - [11/Mar/2024:09:19:23 +0800] "GET /xingrg/all/function/internal_message.html?_=1710119963099&CODE_STATE=getMsg HTTP/1.1" 200 27
101.228.147.14 - - [11/Mar/2024:09:19:23 +0800] "GET /xingrg/all/function/internal_message.html?_=1710119963180&CODE_STATE=getMsg HTTP/1.1" 200 27
120.253.135.82 - - [11/Mar/2024:09:19:23 +0800] "GET /xingrg/all/function/internal_message.html?_=1710119802118&CODE_STATE=getMsg HTTP/1.1" 200 27
222.69.132.250 - - [11/Mar/2024:09:19:30 +0800] "GET /xingrg/all/function/internal_message.html?_=1710119971833&CODE_STATE=getMsg HTTP/1.1" 200 27
114.83.218.176 - - [11/Mar/2024:09:19:31 +0800] "POST /xingrg/kc/buy/cgsh_order_operate.html HTTP/1.1" 200 12
222.70.115.1 - - [11/Mar/2024:09:19:31 +0800] "GET /xingrg/all/function/internal_message.html?_=1710119971505&CODE_STATE=getMsg HTTP/1.1" 200 27
180.164.1.25 - - [11/Mar/2024:09:19:31 +0800] "GET /xingrg/all/function/internal_message.html?_=1710119970659&CODE_STATE=getMsg HTTP/1.1" 200 27
218.79.29.78 - - [11/Mar/2024:09:19:32 +0800] "GET /xingrg/all/function/internal_message.html?_=1710119975362&CODE_STATE=getMsg HTTP/1.1" 200 27
101.83.145.37 - - [11/Mar/2024:09:19:34 +0800] "GET /xingrg/kc/buy/cgsh_order_operate.html?command=get_materiel&rest_code=00105&code=00101008038&supplier_code=00100008&order_time=2024-03-11 HTTP/1.1" 200 412
124.77.241.9 - - [11/Mar/2024:09:19:36 +0800] "GET /xingrg/kc/buy/cgsh_order_operate.html?command=get_materiel&rest_code=00146&code=00101008361&supplier_code=00100005&order_time=2024-03-11 HTTP/1.1" 200 408
114.83.218.176 - - [11/Mar/2024:09:19:37 +0800] "GET /xingrg/kc/buy/cgsh_order_info.html?code=212024031103155 HTTP/1.1" 200 68652
180.169.147.146 - - [11/Mar/2024:09:19:37 +0800] "GET /xingrg/check_reg.html?_=1710119975662 HTTP/1.1" 302 -
180.169.147.146 - - [11/Mar/2024:09:19:37 +0800] "GET /xingrg/all/function/internal_message.html?_=1710119975668&CODE_STATE=getMsg HTTP/1.1" 302 -
114.83.218.176 - - [11/Mar/2024:09:19:37 +0800] "GET /xingrg/javascript/easyui/themes/default/validatebox.css HTTP/1.1" 404 1104
101.228.147.14 - - [11/Mar/2024:09:19:41 +0800] "POST /xingrg/kc/buy/cgsh_order_operate.html HTTP/1.1" 200 37
114.83.218.176 - - [11/Mar/2024:09:19:41 +0800] "POST /xingrg/kc/buy/cgsh_order_operate.html HTTP/1.1" 200 2390
124.77.241.9 - - [11/Mar/2024:09:19:42 +0800] "GET /xingrg/check_reg.html?_=1710119983878 HTTP/1.1" 200 22
101.228.147.14 - - [11/Mar/2024:09:19:44 +0800] "POST /xingrg/kc/buy/cgsh_order_operate.html HTTP/1.1" 200 24399
116.224.254.208 - - [11/Mar/2024:09:19:44 +0800] "GET /xingrg/javascript/jquery_easy_ui/themes/icons/area.png HTTP/1.1" 304 -
116.224.254.208 - - [11/Mar/2024:09:19:44 +0800] "GET /xingrg/javascript/jquery_easy_ui/themes/icons/rest.png HTTP/1.1" 304 -
116.224.254.208 - - [11/Mar/2024:09:19:44 +0800] "GET /xingrg/javascript/jquery_easy_ui/themes/default/images/button_a_bg.gif HTTP/1.1" 304 -
116.224.254.208 - - [11/Mar/2024:09:19:44 +0800] "GET /xingrg/javascript/jquery_easy_ui/themes/default/images/button_span_bg.gif HTTP/1.1" 304 -
116.224.254.208 - - [11/Mar/2024:09:19:44 +0800] "GET /xingrg/javascript/jquery_easy_ui/themes/default/images/panel_title.png HTTP/1.1" 304 -
116.224.254.208 - - [11/Mar/2024:09:19:44 +0800] "GET /xingrg/javascript/jquery_easy_ui/themes/default/images/panel_tools.gif HTTP/1.1" 304 -
116.224.254.208 - - [11/Mar/2024:09:19:44 +0800] "GET /xingrg/javascript/jquery_easy_ui/themes/icons/ok.png HTTP/1.1" 304 -
116.237.78.42 - - [11/Mar/2024:09:19:45 +0800] "GET /xingrg/all/function/internal_message.html?_=1710119985223&CODE_STATE=getMsg HTTP/1.1" 200 27
116.224.254.208 - - [11/Mar/2024:09:19:47 +0800] "POST /xingrg/all/user/operate.html HTTP/1.1" 200 36
116.224.254.208 - - [11/Mar/2024:09:19:47 +0800] "GET /xingrg/index.html?sysBaseUrl=http%3A%2F%2F180.169.147.146%3A18081%2Fxingrg%2F&costTime=818×tamp=1710119941699 HTTP/1.1" 200 17177
116.224.254.208 - - [11/Mar/2024:09:19:47 +0800] "GET /xingrg/javascript/jquery_easy_ui/themes/default/easyui.css HTTP/1.1" 304 -
116.224.254.208 - - [11/Mar/2024:09:19:47 +0800] "GET /xingrg/javascript/jquery_easy_ui/themes/icon.css HTTP/1.1" 304 -
116.224.254.208 - - [11/Mar/2024:09:19:47 +0800] "GET /xingrg/css/form.css HTTP/1.1" 304 -
116.224.254.208 - - [11/Mar/2024:09:19:47 +0800] "GET /xingrg/javascript/jquery-1.4.2.min.js HTTP/1.1" 304 -
116.224.254.208 - - [11/Mar/2024:09:19:47 +0800] "GET /xingrg/javascript/jquery_easy_ui/jquery.easyui.min.js HTTP/1.1" 304 -
116.224.254.208 - - [11/Mar/2024:09:19:47 +0800] "GET /xingrg/javascript/jquery_easy_ui/easyui-lang-zh_CN.js HTTP/1.1" 304 -
116.224.254.208 - - [11/Mar/2024:09:19:47 +0800] "GET /xingrg/javascript/jquery.form.js HTTP/1.1" 304 -
116.224.254.208 - - [11/Mar/2024:09:19:47 +0800] "GET /xingrg/javascript/jquery.utils.js HTTP/1.1" 304 -
116.224.254.208 - - [11/Mar/2024:09:19:47 +0800] "GET /xingrg/javascript/jquery.timers.js HTTP/1.1" 304 -
116.224.254.208 - - [11/Mar/2024:09:19:47 +0800] "GET /xingrg/images/blue/jxLogo.png HTTP/1.1" 304 -
116.224.254.208 - - [11/Mar/2024:09:19:47 +0800] "GET /xingrg/images/blue/navBackgound.jpg HTTP/1.1" 304 -
116.224.254.208 - - [11/Mar/2024:09:19:47 +0800] "GET /xingrg/javascript/jquery_easy_ui/themes/icons/settle_new.png HTTP/1.1" 304 -
116.224.254.208 - - [11/Mar/2024:09:19:47 +0800] "GET /xingrg/all/function/internal_message.html?_=1710119986973&CODE_STATE=count HTTP/1.1" 200 11
116.224.254.208 - - [11/Mar/2024:09:19:47 +0800] "GET /xingrg/check_reg.html?_=1710119986973 HTTP/1.1" 200 22
116.224.254.208 - - [11/Mar/2024:09:19:47 +0800] "GET /xingrg/images/blue/pingpu.png HTTP/1.1" 304 -
116.224.254.208 - - [11/Mar/2024:09:19:47 +0800] "GET /xingrg/javascript/jquery_easy_ui/themes/default/images/tabs_rightarrow.png HTTP/1.1" 304 -
116.224.254.208 - - [11/Mar/2024:09:19:47 +0800] "GET /xingrg/javascript/jquery_easy_ui/themes/default/images/panel_tool_collapse.gif HTTP/1.1" 304 -
116.224.254.208 - - [11/Mar/2024:09:19:47 +0800] "GET /xingrg/javascript/jquery_easy_ui/themes/default/images/tabs_leftarrow.png HTTP/1.1" 304 -
116.224.254.208 - - [11/Mar/2024:09:19:47 +0800] "POST /xingrg/all/common/load_tree.html?tree=area_rest_tree_json&manage=1 HTTP/1.1" 200 476
116.224.254.208 - - [11/Mar/2024:09:19:47 +0800] "POST /xingrg/load_menu.html HTTP/1.1" 200 5138
116.224.254.208 - - [11/Mar/2024:09:19:49 +0800] "GET /xingrg/all/function/internal_message.html?_=1710119989501&CODE_STATE=getMsg HTTP/1.1" 200 27
114.83.218.176 - - [11/Mar/2024:09:19:49 +0800] "GET /xingrg/kc/print/load_data.html?order_code=212024031103155&kc_code=cgsh&condition= HTTP/1.1" 200 1398
116.224.254.208 - - [11/Mar/2024:09:19:51 +0800] "GET /xingrg/kc/buy/cgsh_order_list.html HTTP/1.1" 200 57884
116.224.254.208 - - [11/Mar/2024:09:19:53 +0800] "POST /xingrg/kc/buy/cgsh_list_operate.html HTTP/1.1" 200 645
114.83.218.176 - - [11/Mar/2024:09:19:54 +0800] "GET /xingrg/kc/buy/cgsh_order_add.html HTTP/1.1" 200 73743
114.83.218.176 - - [11/Mar/2024:09:19:54 +0800] "POST /xingrg/kc/buy/cgsh_order_operate.html HTTP/1.1" 200 8245
114.83.218.176 - - [11/Mar/2024:09:19:54 +0800] "GET /xingrg/javascript/easyui/themes/default/validatebox.css HTTP/1.1" 404 1104
124.78.60.103 - - [11/Mar/2024:09:19:55 +0800] "GET /xingrg/all/function/internal_message.html?_=1710119995707&CODE_STATE=getMsg HTTP/1.1" 200 27
116.224.254.208 - - [11/Mar/2024:09:19:56 +0800] "GET /xingrg/kc/buy/cgsh_order_add.html HTTP/1.1" 200 73265
116.224.254.208 - - [11/Mar/2024:09:19:56 +0800] "POST /xingrg/kc/buy/cgsh_order_operate.html HTTP/1.1" 200 8245
116.224.254.208 - - [11/Mar/2024:09:19:56 +0800] "GET /xingrg/javascript/easyui/themes/default/validatebox.css HTTP/1.1" 404 1104
116.224.254.208 - - [11/Mar/2024:09:19:56 +0800] "GET /xingrg/all/common/auto_word.html?type=employee&rest_code=00151 HTTP/1.1" 200 293
116.224.254.208 - - [11/Mar/2024:09:19:56 +0800] "GET /xingrg/all/common/auto_word.html?type=employee&rest_code=00151 HTTP/1.1" 200 293
101.83.145.37 - - [11/Mar/2024:09:19:58 +0800] "GET /xingrg/kc/buy/cgsh_order_operate.html?command=get_materiel&rest_code=00105&code=00101008502&supplier_code=00100008&order_time=2024-03-11 HTTP/1.1" 200 412
116.224.254.208 - - [11/Mar/2024:09:20:00 +0800] "GET /xingrg/javascript/auto/indicator.gif HTTP/1.1" 404 1066
101.83.145.37 - - [11/Mar/2024:09:20:01 +0800] "GET /xingrg/all/function/internal_message.html?_=1710119764305&CODE_STATE=getMsg HTTP/1.1" 200 27
101.83.145.37 - - [11/Mar/2024:09:20:02 +0800] "POST /xingrg/kc/buy/cgsh_order_operate.html HTTP/1.1" 200 2065
116.230.123.13 - - [11/Mar/2024:09:20:08 +0800] "GET /xingrg/all/function/internal_message.html?_=1710120007598&CODE_STATE=getMsg HTTP/1.1" 302 -
114.83.218.176 - - [11/Mar/2024:09:20:18 +0800] "GET /xingrg/kc/buy/cgsh_order_operate.html?command=get_materiel&rest_code=00149&code=00101004051&supplier_code=00100083&order_time=2024-03-11 HTTP/1.1" 200 408
114.83.218.176 - - [11/Mar/2024:09:20:19 +0800] "GET /xingrg/all/function/internal_message.html?_=1710120017823&CODE_STATE=getMsg HTTP/1.1" 200 27
101.83.145.37 - - [11/Mar/2024:09:20:22 +0800] "GET /xingrg/kc/buy/cgsh_order_operate.html?command=get_materiel&rest_code=00105&code=00101008064&supplier_code=00100008&order_time=2024-03-11 HTTP/1.1" 200 412
101.83.145.37 - - [11/Mar/2024:09:20:23 +0800] "GET /xingrg/all/function/internal_message.html?_=1710120023099&CODE_STATE=getMsg HTTP/1.1" 200 27
124.77.241.9 - - [11/Mar/2024:09:20:23 +0800] "GET /xingrg/kc/buy/cgsh_order_operate.html?command=get_materiel&rest_code=00146&code=00101008356&supplier_code=00100005&order_time=2024-03-11 HTTP/1.1" 200 408
101.228.147.14 - - [11/Mar/2024:09:20:23 +0800] "GET /xingrg/check_reg.html?_=1710120023181 HTTP/1.1" 200 22
101.228.147.14 - - [11/Mar/2024:09:20:23 +0800] "GET /xingrg/all/function/internal_message.html?_=1710120023176&CODE_STATE=getMsg HTTP/1.1" 200 27
120.253.135.82 - - [11/Mar/2024:09:20:23 +0800] "GET /xingrg/all/function/internal_message.html?_=1710119862123&CODE_STATE=getMsg HTTP/1.1" 200 27
114.83.218.176 - - [11/Mar/2024:09:20:27 +0800] "GET /xingrg/kc/buy/cgsh_order_operate.html?command=get_materiel&rest_code=00149&code=00101004067&supplier_code=00100083&order_time=2024-03-11 HTTP/1.1" 200 413
116.224.254.208 - - [11/Mar/2024:09:20:30 +0800] "GET /xingrg/kc/buy/cgsh_order_operate.html?command=get_materiel&rest_code=00151&code=00101009013&supplier_code=00100022&order_time=2024-03-11 HTTP/1.1" 200 420
222.69.132.250 - - [11/Mar/2024:09:20:30 +0800] "GET /xingrg/all/function/internal_message.html?_=1710120031813&CODE_STATE=getMsg HTTP/1.1" 200 27
222.70.115.1 - - [11/Mar/2024:09:20:31 +0800] "GET /xingrg/all/function/internal_message.html?_=1710120031528&CODE_STATE=getMsg HTTP/1.1" 200 27
180.164.1.25 - - [11/Mar/2024:09:20:31 +0800] "GET /xingrg/all/function/internal_message.html?_=1710120030634&CODE_STATE=getMsg HTTP/1.1" 200 27
218.79.29.78 - - [11/Mar/2024:09:20:32 +0800] "GET /xingrg/all/function/internal_message.html?_=1710120035362&CODE_STATE=getMsg HTTP/1.1" 200 27
180.169.147.146 - - [11/Mar/2024:09:20:37 +0800] "GET /xingrg/all/function/internal_message.html?_=1710120035688&CODE_STATE=getMsg HTTP/1.1" 302 -
124.77.241.9 - - [11/Mar/2024:09:20:41 +0800] "GET /xingrg/kc/buy/cgsh_order_operate.html?command=get_materiel&rest_code=00146&code=00101008196&supplier_code=00100005&order_time=2024-03-11 HTTP/1.1" 200 416
116.237.78.42 - - [11/Mar/2024:09:20:45 +0800] "GET /xingrg/all/function/internal_message.html?_=1710120045235&CODE_STATE=getMsg HTTP/1.1" 200 27
116.237.78.42 - - [11/Mar/2024:09:20:45 +0800] "GET /xingrg/check_reg.html?_=1710120045239 HTTP/1.1" 200 22
180.163.30.85 - - [11/Mar/2024:09:20:45 +0800] "GET /xingrg/all/function/internal_message.html?_=1710119985223&CODE_STATE=getMsg HTTP/1.1" 302 -
180.163.30.85 - - [11/Mar/2024:09:20:45 +0800] "GET /xingrg/login.html HTTP/1.1" 200 7641
101.83.145.37 - - [11/Mar/2024:09:20:45 +0800] "GET /xingrg/kc/buy/cgsh_order_operate.html?command=get_materiel&rest_code=00105&code=00101008087&supplier_code=00100008&order_time=2024-03-11 HTTP/1.1" 200 412
116.224.254.208 - - [11/Mar/2024:09:20:47 +0800] "GET /xingrg/all/function/internal_message.html?_=1710120046994&CODE_STATE=getMsg HTTP/1.1" 200 27
116.224.254.208 - - [11/Mar/2024:09:20:49 +0800] "GET /xingrg/all/function/internal_message.html?_=1710120049477&CODE_STATE=getMsg HTTP/1.1" 200 27
116.224.254.208 - - [11/Mar/2024:09:20:49 +0800] "GET /xingrg/check_reg.html?_=1710120049724 HTTP/1.1" 200 22
124.77.241.9 - - [11/Mar/2024:09:20:51 +0800] "POST /xingrg/kc/buy/cgsh_order_operate.html HTTP/1.1" 200 2065
120.253.135.82 - - [11/Mar/2024:09:20:53 +0800] "GET /xingrg/check_reg.html?_=1710119892561 HTTP/1.1" 200 22
124.78.60.103 - - [11/Mar/2024:09:20:55 +0800] "GET /xingrg/check_reg.html?_=1710120055707 HTTP/1.1" 200 22
124.78.60.103 - - [11/Mar/2024:09:20:55 +0800] "GET /xingrg/all/function/internal_message.html?_=1710120055718&CODE_STATE=getMsg HTTP/1.1" 200 27
124.77.241.9 - - [11/Mar/2024:09:20:58 +0800] "GET /xingrg/kc/buy/cgsh_order_operate.html?command=get_materiel&rest_code=00146&code=00101008197&supplier_code=00100005&order_time=2024-03-11 HTTP/1.1" 200 416
101.228.147.14 - - [11/Mar/2024:09:21:00 +0800] "POST /xingrg/kc/buy/cgsh_list_operate.html HTTP/1.1" 200 1387
101.83.145.37 - - [11/Mar/2024:09:21:01 +0800] "GET /xingrg/all/function/internal_message.html?_=1710119824302&CODE_STATE=getMsg HTTP/1.1" 200 27
