222.69.132.250 - - [11/Mar/2024:10:27:30 +0800] "GET /xingrg/all/function/internal_message.html?_=1710124051827&CODE_STATE=getMsg HTTP/1.1" 200 27
180.164.1.25 - - [11/Mar/2024:10:27:30 +0800] "GET /xingrg/all/function/internal_message.html?_=1710124049684&CODE_STATE=getMsg HTTP/1.1" 200 27
116.237.78.42 - - [11/Mar/2024:10:27:30 +0800] "GET /xingrg/kc/report/report_main.html HTTP/1.1" 200 7340
222.70.115.1 - - [11/Mar/2024:10:27:31 +0800] "GET /xingrg/all/function/internal_message.html?_=1710124051684&CODE_STATE=getMsg HTTP/1.1" 200 27
222.70.115.1 - - [11/Mar/2024:10:27:31 +0800] "GET /xingrg/check_reg.html?_=1710124051686 HTTP/1.1" 200 22
58.40.7.146 - - [11/Mar/2024:10:27:32 +0800] "GET /xingrg/all/function/internal_message.html?_=1710124057963&CODE_STATE=getMsg HTTP/1.1" 200 27
120.253.135.82 - - [11/Mar/2024:10:27:32 +0800] "GET /xingrg/all/function/internal_message.html?_=1710123891582&CODE_STATE=getMsg HTTP/1.1" 200 27
218.79.29.78 - - [11/Mar/2024:10:27:32 +0800] "GET /xingrg/all/function/internal_message.html?_=1710124055412&CODE_STATE=getMsg HTTP/1.1" 200 27
114.83.218.176 - - [11/Mar/2024:10:27:34 +0800] "GET /xingrg/kc/mdqp/qqps_order_add.html HTTP/1.1" 200 28317
114.83.218.176 - - [11/Mar/2024:10:27:34 +0800] "GET /xingrg/dwr/interface/AjaxComOrderService.js HTTP/1.1" 200 18264
114.83.218.176 - - [11/Mar/2024:10:27:34 +0800] "GET /xingrg/dwr/interface/AjaxQqpsService.js HTTP/1.1" 200 16326
114.83.218.176 - - [11/Mar/2024:10:27:34 +0800] "GET /xingrg/dwr/engine.js HTTP/1.1" 200 43631
124.78.60.103 - - [11/Mar/2024:10:27:34 +0800] "GET /xingrg/kc/buy/cgsh_order_operate.html?command=get_materiel&rest_code=00141&code=00101008300&supplier_code=00100008&order_time=2024-03-11 HTTP/1.1" 200 412
116.224.254.208 - - [11/Mar/2024:10:27:35 +0800] "GET /xingrg/all/function/internal_message.html?_=1710124055636&CODE_STATE=getMsg HTTP/1.1" 200 27
180.169.147.146 - - [11/Mar/2024:10:27:37 +0800] "GET /xingrg/all/function/internal_message.html?_=1710124055668&CODE_STATE=getMsg HTTP/1.1" 302 -
116.237.78.42 - - [11/Mar/2024:10:27:39 +0800] "GET /xingrg/all/report/report_query.html?fileName=kc/buy/gys_amount.xml&rh=99999 HTTP/1.1" 200 52006
116.237.78.42 - - [11/Mar/2024:10:27:39 +0800] "GET /xingrg/javascript/calendar/timePicker.css HTTP/1.1" 304 -
116.237.78.42 - - [11/Mar/2024:10:27:39 +0800] "GET /xingrg/javascript/bigrid/fix.css HTTP/1.1" 304 -
116.237.78.42 - - [11/Mar/2024:10:27:39 +0800] "GET /xingrg/dwr/interface/AjaxReportQueryService.js HTTP/1.1" 200 13203
116.237.78.42 - - [11/Mar/2024:10:27:39 +0800] "GET /xingrg/dwr/engine.js HTTP/1.1" 200 43631
116.237.78.42 - - [11/Mar/2024:10:27:39 +0800] "GET /xingrg/javascript/calendar/jquery.timePicker.min.js HTTP/1.1" 304 -
116.237.78.42 - - [11/Mar/2024:10:27:39 +0800] "GET /xingrg/javascript/bigrid/fix.js HTTP/1.1" 304 -
116.237.78.42 - - [11/Mar/2024:10:27:41 +0800] "POST /xingrg/dwr/call/plaincall/AjaxReportQueryService.getFixDate.dwr HTTP/1.1" 200 111
116.237.78.42 - - [11/Mar/2024:10:27:41 +0800] "POST /xingrg/all/common/load_tree.html?tree=supplier_tree_json&manage=1 HTTP/1.1" 200 81197
116.237.78.42 - - [11/Mar/2024:10:27:41 +0800] "POST /xingrg/dwr/call/plaincall/AjaxReportQueryService.getInitString.dwr HTTP/1.1" 200 1023
116.237.78.42 - - [11/Mar/2024:10:27:41 +0800] "POST /xingrg/all/common/load_tree.html?tree=materiel_sort_tree_json HTTP/1.1" 200 9734
116.238.97.31 - - [11/Mar/2024:10:27:41 +0800] "POST /xingrg/services/DataTransmitService HTTP/1.1" 200 524
116.232.194.112 - - [11/Mar/2024:10:27:43 +0800] "GET /xingrg/kc/buy/cgsh_order_operate.html?command=get_materiel&rest_code=00155&code=00101008361&supplier_code=00100005&order_time=2024-03-11 HTTP/1.1" 200 408
116.237.78.42 - - [11/Mar/2024:10:27:43 +0800] "GET /xingrg/javascript/multi_select/dropdown.gif HTTP/1.1" 200 61
116.230.123.13 - - [11/Mar/2024:10:27:46 +0800] "GET /xingrg/kc/buy/cgsh_order_operate.html?command=get_materiel&rest_code=00111&code=00101008150&supplier_code=00100008&order_time=2024-03-11 HTTP/1.1" 200 409
124.78.60.103 - - [11/Mar/2024:10:27:47 +0800] "GET /xingrg/kc/buy/cgsh_order_operate.html?command=get_materiel&rest_code=00141&code=00101008251&supplier_code=00100008&order_time=2024-03-11 HTTP/1.1" 200 408
180.169.147.146 - - [11/Mar/2024:10:27:51 +0800] "GET /xingrg/all/function/internal_message.html?_=1710124071188&CODE_STATE=getMsg HTTP/1.1" 200 27
180.163.29.79 - - [11/Mar/2024:10:27:54 +0800] "GET /xingrg/all/function/internal_message.html?_=1710124014660&CODE_STATE=getMsg HTTP/1.1" 302 -
180.163.29.79 - - [11/Mar/2024:10:27:54 +0800] "GET /xingrg/login.html HTTP/1.1" 200 7641
124.78.60.103 - - [11/Mar/2024:10:27:55 +0800] "GET /xingrg/all/function/internal_message.html?_=1710124075286&CODE_STATE=getMsg HTTP/1.1" 200 27
116.232.194.112 - - [11/Mar/2024:10:27:55 +0800] "GET /xingrg/check_reg.html?_=1710124054705 HTTP/1.1" 200 22
116.232.194.112 - - [11/Mar/2024:10:27:55 +0800] "GET /xingrg/all/function/internal_message.html?_=1710124054708&CODE_STATE=getMsg HTTP/1.1" 200 27
124.78.60.103 - - [11/Mar/2024:10:27:56 +0800] "GET /xingrg/kc/buy/cgsh_order_operate.html?command=get_materiel&rest_code=00141&code=00101008213&supplier_code=00100008&order_time=2024-03-11 HTTP/1.1" 200 412
116.237.78.42 - - [11/Mar/2024:10:27:56 +0800] "POST /xingrg/dwr/call/plaincall/AjaxReportQueryService.getFixDate.dwr HTTP/1.1" 200 111
116.237.78.42 - - [11/Mar/2024:10:27:56 +0800] "GET /xingrg/all/function/internal_message.html?_=1710124076981&CODE_STATE=getMsg HTTP/1.1" 200 27
116.232.194.112 - - [11/Mar/2024:10:27:57 +0800] "GET /xingrg/kc/buy/cgsh_order_operate.html?command=get_materiel&rest_code=00155&code=00101008264&supplier_code=00100005&order_time=2024-03-11 HTTP/1.1" 200 432
172.20.0.100 - - [11/Mar/2024:10:27:58 +0800] "GET /xingrg/check_reg.html?_=1710124100364 HTTP/1.1" 302 -
124.78.60.103 - - [11/Mar/2024:10:28:00 +0800] "POST /xingrg/kc/buy/cgsh_order_operate.html HTTP/1.1" 200 2065
101.83.145.37 - - [11/Mar/2024:10:28:01 +0800] "GET /xingrg/check_reg.html?_=1710123844380 HTTP/1.1" 200 22
101.83.145.37 - - [11/Mar/2024:10:28:01 +0800] "GET /xingrg/all/function/internal_message.html?_=1710123844384&CODE_STATE=getMsg HTTP/1.1" 200 27
124.78.60.103 - - [11/Mar/2024:10:28:06 +0800] "GET /xingrg/kc/buy/cgsh_order_operate.html?command=get_materiel&rest_code=00141&code=00101008360&supplier_code=00100008&order_time=2024-03-11 HTTP/1.1" 200 413
116.230.123.13 - - [11/Mar/2024:10:28:08 +0800] "GET /xingrg/all/function/internal_message.html?_=1710124087624&CODE_STATE=getMsg HTTP/1.1" 302 -
58.40.7.146 - - [11/Mar/2024:10:28:08 +0800] "GET /xingrg/check_reg.html?_=1710124088815 HTTP/1.1" 200 22
58.40.7.146 - - [11/Mar/2024:10:28:08 +0800] "GET /xingrg/all/function/internal_message.html?_=1710124088817&CODE_STATE=getMsg HTTP/1.1" 200 27
116.238.97.31 - - [11/Mar/2024:10:28:09 +0800] "POST /xingrg/services/DataTransmitService HTTP/1.1" 200 501
116.238.97.31 - - [11/Mar/2024:10:28:10 +0800] "POST /xingrg/services/DataTransmitService HTTP/1.1" 200 501
180.163.28.114 - - [11/Mar/2024:10:28:10 +0800] "GET /xingrg/all/function/internal_message.html?_=1710123467562&CODE_STATE=getMsg HTTP/1.1" 302 -
180.163.28.114 - - [11/Mar/2024:10:28:11 +0800] "GET /xingrg/login.html HTTP/1.1" 200 7641
116.232.194.112 - - [11/Mar/2024:10:28:13 +0800] "GET /xingrg/kc/buy/cgsh_order_operate.html?command=get_materiel&rest_code=00155&code=00101008286&supplier_code=00100005&order_time=2024-03-11 HTTP/1.1" 200 408
101.83.145.37 - - [11/Mar/2024:10:28:15 +0800] "GET /xingrg/kc/buy/cgsh_order_operate.html?command=get_materiel&rest_code=00105&code=00101006129&supplier_code=00100096&order_time=2024-03-11 HTTP/1.1" 200 441
116.237.78.42 - - [11/Mar/2024:10:28:16 +0800] "GET /xingrg/javascript/jquery_easy_ui/themes/default/images/tree_checkbox_1.gif HTTP/1.1" 200 174
116.237.78.42 - - [11/Mar/2024:10:28:16 +0800] "GET /xingrg/javascript/jquery_easy_ui/themes/default/images/tree_checkbox_2.gif HTTP/1.1" 200 181
114.83.218.176 - - [11/Mar/2024:10:28:18 +0800] "GET /xingrg/all/function/internal_message.html?_=1710124096601&CODE_STATE=getMsg HTTP/1.1" 200 27
116.237.78.42 - - [11/Mar/2024:10:28:19 +0800] "POST /xingrg/dwr/call/plaincall/AjaxReportQueryService.refreshCache.dwr HTTP/1.1" 200 78
114.89.91.180 - - [11/Mar/2024:10:28:20 +0800] "GET /xingrg/all/function/internal_message.html?_=1710124100308&CODE_STATE=getMsg HTTP/1.1" 200 27
116.237.78.42 - - [11/Mar/2024:10:28:20 +0800] "POST /xingrg/all/report/load_report_page.html HTTP/1.1" 200 8916
116.237.78.42 - - [11/Mar/2024:10:28:20 +0800] "GET /xingrg/servlets/image?cache=0.04375916608762842&image=px HTTP/1.1" 200 807
116.230.123.13 - - [11/Mar/2024:10:28:21 +0800] "GET /xingrg/all/function/internal_message.html?_=1710124100389&CODE_STATE=getMsg HTTP/1.1" 200 27
124.78.60.103 - - [11/Mar/2024:10:28:22 +0800] "GET /xingrg/kc/buy/cgsh_order_operate.html?command=get_materiel&rest_code=00141&code=00101008224&supplier_code=00100008&order_time=2024-03-11 HTTP/1.1" 200 416
101.83.145.37 - - [11/Mar/2024:10:28:23 +0800] "GET /xingrg/all/function/internal_message.html?_=1710124103224&CODE_STATE=getMsg HTTP/1.1" 200 27
101.228.147.14 - - [11/Mar/2024:10:28:23 +0800] "GET /xingrg/all/function/internal_message.html?_=1710124103286&CODE_STATE=getMsg HTTP/1.1" 200 27
116.238.97.31 - - [11/Mar/2024:10:28:23 +0800] "POST /xingrg/services/DataTransmitService HTTP/1.1" 200 501
222.69.132.250 - - [11/Mar/2024:10:28:30 +0800] "GET /xingrg/all/function/internal_message.html?_=1710124111818&CODE_STATE=getMsg HTTP/1.1" 200 27
222.69.132.250 - - [11/Mar/2024:10:28:30 +0800] "GET /xingrg/check_reg.html?_=1710124111822 HTTP/1.1" 200 22
180.164.1.25 - - [11/Mar/2024:10:28:30 +0800] "GET /xingrg/all/function/internal_message.html?_=1710124109661&CODE_STATE=getMsg HTTP/1.1" 200 27
222.70.115.1 - - [11/Mar/2024:10:28:31 +0800] "GET /xingrg/all/function/internal_message.html?_=1710124111685&CODE_STATE=getMsg HTTP/1.1" 200 27
120.253.135.82 - - [11/Mar/2024:10:28:32 +0800] "GET /xingrg/check_reg.html?_=1710123950847 HTTP/1.1" 200 22
58.40.7.146 - - [11/Mar/2024:10:28:32 +0800] "GET /xingrg/all/function/internal_message.html?_=1710124117979&CODE_STATE=getMsg HTTP/1.1" 200 27
120.253.135.82 - - [11/Mar/2024:10:28:32 +0800] "GET /xingrg/all/function/internal_message.html?_=1710123951640&CODE_STATE=getMsg HTTP/1.1" 200 27
218.79.29.78 - - [11/Mar/2024:10:28:32 +0800] "GET /xingrg/all/function/internal_message.html?_=1710124115415&CODE_STATE=getMsg HTTP/1.1" 200 27
116.224.254.208 - - [11/Mar/2024:10:28:35 +0800] "GET /xingrg/all/function/internal_message.html?_=1710124115626&CODE_STATE=getMsg HTTP/1.1" 200 27
180.169.147.146 - - [11/Mar/2024:10:28:37 +0800] "GET /xingrg/all/function/internal_message.html?_=1710124115682&CODE_STATE=getMsg HTTP/1.1" 302 -
116.238.97.31 - - [11/Mar/2024:10:28:39 +0800] "POST /xingrg/services/DataTransmitService HTTP/1.1" 200 501
116.238.97.31 - - [11/Mar/2024:10:28:40 +0800] "POST /xingrg/services/DataTransmitService HTTP/1.1" 200 501
116.238.97.31 - - [11/Mar/2024:10:28:40 +0800] "POST /xingrg/services/DataTransmitService HTTP/1.1" 200 501
116.230.123.13 - - [11/Mar/2024:10:28:42 +0800] "POST /xingrg/kc/buy/cgsh_order_operate.html HTTP/1.1" 200 37
116.232.194.112 - - [11/Mar/2024:10:28:43 +0800] "GET /xingrg/kc/buy/cgsh_order_operate.html?command=get_materiel&rest_code=00155&code=00101008131&supplier_code=00100005&order_time=2024-03-11 HTTP/1.1" 200 408
116.238.97.31 - - [11/Mar/2024:10:28:48 +0800] "POST /xingrg/services/DataTransmitService HTTP/1.1" 200 501
124.78.60.103 - - [11/Mar/2024:10:28:48 +0800] "GET /xingrg/kc/buy/cgsh_order_operate.html?command=get_materiel&rest_code=00141&code=00101008072&supplier_code=00100008&order_time=2024-03-11 HTTP/1.1" 200 408
116.238.97.31 - - [11/Mar/2024:10:28:49 +0800] "POST /xingrg/services/DataTransmitService HTTP/1.1" 200 501
116.238.97.31 - - [11/Mar/2024:10:28:50 +0800] "POST /xingrg/services/DataTransmitService HTTP/1.1" 200 501
180.169.147.146 - - [11/Mar/2024:10:28:51 +0800] "GET /xingrg/all/function/internal_message.html?_=1710124131181&CODE_STATE=getMsg HTTP/1.1" 200 27
116.238.97.31 - - [11/Mar/2024:10:28:51 +0800] "POST /xingrg/services/DataTransmitService HTTP/1.1" 200 412
124.78.60.103 - - [11/Mar/2024:10:28:52 +0800] "POST /xingrg/kc/buy/cgsh_order_operate.html HTTP/1.1" 200 2065
116.230.123.13 - - [11/Mar/2024:10:28:53 +0800] "POST /xingrg/kc/buy/cgsh_order_operate.html HTTP/1.1" 200 12
124.78.60.103 - - [11/Mar/2024:10:28:55 +0800] "GET /xingrg/all/function/internal_message.html?_=1710124135262&CODE_STATE=getMsg HTTP/1.1" 200 27
116.232.194.112 - - [11/Mar/2024:10:28:55 +0800] "GET /xingrg/all/function/internal_message.html?_=1710124114717&CODE_STATE=getMsg HTTP/1.1" 200 27
116.237.78.42 - - [11/Mar/2024:10:28:56 +0800] "GET /xingrg/all/function/internal_message.html?_=1710124136965&CODE_STATE=getMsg HTTP/1.1" 200 27
180.163.30.85 - - [11/Mar/2024:10:28:57 +0800] "GET /xingrg/all/function/internal_message.html?_=1710124076981&CODE_STATE=getMsg HTTP/1.1" 302 -
180.163.30.85 - - [11/Mar/2024:10:28:57 +0800] "GET /xingrg/login.html HTTP/1.1" 200 7641
116.230.123.13 - - [11/Mar/2024:10:28:58 +0800] "GET /xingrg/kc/buy/cgsh_order_info.html?code=212024031103173 HTTP/1.1" 200 68520
116.230.123.13 - - [11/Mar/2024:10:28:58 +0800] "GET /xingrg/javascript/easyui/themes/default/validatebox.css HTTP/1.1" 404 1104
124.78.60.103 - - [11/Mar/2024:10:28:59 +0800] "GET /xingrg/kc/buy/cgsh_order_operate.html?command=get_materiel&rest_code=00141&code=00101008370&supplier_code=00100008&order_time=2024-03-11 HTTP/1.1" 200 412
116.230.123.13 - - [11/Mar/2024:10:28:59 +0800] "POST /xingrg/kc/buy/cgsh_order_operate.html HTTP/1.1" 200 18326
116.238.97.31 - - [11/Mar/2024:10:29:00 +0800] "GET /xingrg/kc/buy/cgsh_order_list.html HTTP/1.1" 200 57880
101.83.145.37 - - [11/Mar/2024:10:29:01 +0800] "GET /xingrg/all/function/internal_message.html?_=1710123904393&CODE_STATE=getMsg HTTP/1.1" 200 27
116.230.123.13 - - [11/Mar/2024:10:29:01 +0800] "GET /xingrg/kc/print/load_config.html?kc_code=cgsh HTTP/1.1" 200 1927
116.230.123.13 - - [11/Mar/2024:10:29:02 +0800] "GET /xingrg/kc/print/load_data.html?order_code=212024031103173&kc_code=cgsh&condition= HTTP/1.1" 200 7369
116.238.97.31 - - [11/Mar/2024:10:29:02 +0800] "POST /xingrg/kc/buy/cgsh_list_operate.html HTTP/1.1" 200 645
116.238.97.31 - - [11/Mar/2024:10:29:05 +0800] "GET /xingrg/kc/buy/cgsh_order_add.html HTTP/1.1" 200 73690
116.238.97.31 - - [11/Mar/2024:10:29:05 +0800] "POST /xingrg/kc/buy/cgsh_order_operate.html HTTP/1.1" 200 8245
116.238.97.31 - - [11/Mar/2024:10:29:05 +0800] "GET /xingrg/javascript/easyui/themes/default/validatebox.css HTTP/1.1" 404 1104
101.83.145.37 - - [11/Mar/2024:10:29:06 +0800] "GET /xingrg/kc/buy/cgsh_order_operate.html?command=get_materiel&rest_code=00105&code=00101006122&supplier_code=00100096&order_time=2024-03-11 HTTP/1.1" 200 411
116.230.123.13 - - [11/Mar/2024:10:29:08 +0800] "GET /xingrg/check_reg.html?_=1710124147604 HTTP/1.1" 302 -
116.230.123.13 - - [11/Mar/2024:10:29:08 +0800] "GET /xingrg/all/function/internal_message.html?_=1710124147604&CODE_STATE=getMsg HTTP/1.1" 302 -
116.238.97.31 - - [11/Mar/2024:10:29:08 +0800] "POST /xingrg/services/DataTransmitService HTTP/1.1" 200 524
58.40.7.146 - - [11/Mar/2024:10:29:08 +0800] "GET /xingrg/all/function/internal_message.html?_=1710124148803&CODE_STATE=getMsg HTTP/1.1" 200 27
116.238.97.31 - - [11/Mar/2024:10:29:11 +0800] "POST /xingrg/services/DataTransmitService HTTP/1.1" 200 501
116.238.97.31 - - [11/Mar/2024:10:29:13 +0800] "GET /xingrg/kc/buy/cgsh_order_operate.html?command=get_materiel&rest_code=00102&code=00101016104&supplier_code=00100151&order_time=2024-03-11 HTTP/1.1" 200 408
124.78.60.103 - - [11/Mar/2024:10:29:13 +0800] "GET /xingrg/kc/buy/cgsh_order_operate.html?command=get_materiel&rest_code=00141&code=00101008274&supplier_code=00100008&order_time=2024-03-11 HTTP/1.1" 200 412
114.83.218.176 - - [11/Mar/2024:10:29:18 +0800] "GET /xingrg/all/function/internal_message.html?_=1710124156592&CODE_STATE=getMsg HTTP/1.1" 200 27
180.163.29.206 - - [11/Mar/2024:10:29:18 +0800] "GET /xingrg/kc/print/load_data.html?order_code=212024031103168&kc_code=cgsh HTTP/1.1" 302 -
180.163.29.206 - - [11/Mar/2024:10:29:19 +0800] "GET /xingrg/login.html HTTP/1.1" 200 7641
114.89.91.180 - - [11/Mar/2024:10:29:20 +0800] "GET /xingrg/all/function/internal_message.html?_=1710124160285&CODE_STATE=getMsg HTTP/1.1" 200 27
116.230.123.13 - - [11/Mar/2024:10:29:21 +0800] "GET /xingrg/all/function/internal_message.html?_=1710124160392&CODE_STATE=getMsg HTTP/1.1" 200 27
101.83.145.37 - - [11/Mar/2024:10:29:23 +0800] "GET /xingrg/all/function/internal_message.html?_=1710124163224&CODE_STATE=getMsg HTTP/1.1" 200 27
101.228.147.14 - - [11/Mar/2024:10:29:23 +0800] "GET /xingrg/all/function/internal_message.html?_=1710124163288&CODE_STATE=getMsg HTTP/1.1" 200 27
124.78.60.103 - - [11/Mar/2024:10:29:29 +0800] "GET /xingrg/kc/buy/cgsh_order_operate.html?command=get_materiel&rest_code=00141&code=00101008285&supplier_code=00100008&order_time=2024-03-11 HTTP/1.1" 200 413
180.164.1.25 - - [11/Mar/2024:10:29:30 +0800] "GET /xingrg/all/function/internal_message.html?_=1710124169643&CODE_STATE=getMsg HTTP/1.1" 200 27
222.69.132.250 - - [11/Mar/2024:10:29:30 +0800] "GET /xingrg/all/function/internal_message.html?_=1710124171830&CODE_STATE=getMsg HTTP/1.1" 200 27
222.70.115.1 - - [11/Mar/2024:10:29:31 +0800] "GET /xingrg/all/function/internal_message.html?_=1710124171685&CODE_STATE=getMsg HTTP/1.1" 200 27
58.40.7.146 - - [11/Mar/2024:10:29:32 +0800] "GET /xingrg/check_reg.html?_=1710124177982 HTTP/1.1" 200 22
58.40.7.146 - - [11/Mar/2024:10:29:32 +0800] "GET /xingrg/all/function/internal_message.html?_=1710124177984&CODE_STATE=getMsg HTTP/1.1" 200 27
120.253.135.82 - - [11/Mar/2024:10:29:32 +0800] "GET /xingrg/all/function/internal_message.html?_=1710124011640&CODE_STATE=getMsg HTTP/1.1" 200 27
218.79.29.78 - - [11/Mar/2024:10:29:32 +0800] "GET /xingrg/all/function/internal_message.html?_=1710124175417&CODE_STATE=getMsg HTTP/1.1" 200 27
116.224.254.208 - - [11/Mar/2024:10:29:35 +0800] "GET /xingrg/all/function/internal_message.html?_=1710124175622&CODE_STATE=getMsg HTTP/1.1" 200 27
116.224.254.208 - - [11/Mar/2024:10:29:35 +0800] "GET /xingrg/check_reg.html?_=1710124175623 HTTP/1.1" 200 22
116.237.78.42 - - [11/Mar/2024:10:29:36 +0800] "POST /xingrg/dwr/call/plaincall/AjaxReportQueryService.refreshCache.dwr HTTP/1.1" 200 78
180.169.147.146 - - [11/Mar/2024:10:29:37 +0800] "GET /xingrg/check_reg.html?_=1710124175681 HTTP/1.1" 302 -
180.169.147.146 - - [11/Mar/2024:10:29:37 +0800] "GET /xingrg/all/function/internal_message.html?_=1710124175687&CODE_STATE=getMsg HTTP/1.1" 302 -
116.237.78.42 - - [11/Mar/2024:10:29:38 +0800] "POST /xingrg/all/report/load_report_page.html HTTP/1.1" 200 8940
116.237.78.42 - - [11/Mar/2024:10:29:38 +0800] "GET /xingrg/servlets/image?cache=0.9588026528992682&image=px HTTP/1.1" 200 807
124.77.241.9 - - [11/Mar/2024:10:29:42 +0800] "GET /xingrg/check_reg.html?_=1710124184464 HTTP/1.1" 200 22
180.169.147.146 - - [11/Mar/2024:10:29:51 +0800] "GET /xingrg/all/function/internal_message.html?_=1710124191179&CODE_STATE=getMsg HTTP/1.1" 200 27
124.78.60.103 - - [11/Mar/2024:10:29:55 +0800] "GET /xingrg/all/function/internal_message.html?_=1710124195245&CODE_STATE=getMsg HTTP/1.1" 200 27
116.232.194.112 - - [11/Mar/2024:10:29:55 +0800] "GET /xingrg/all/function/internal_message.html?_=1710124174714&CODE_STATE=getMsg HTTP/1.1" 200 27
116.237.78.42 - - [11/Mar/2024:10:29:56 +0800] "GET /xingrg/all/function/internal_message.html?_=1710124196940&CODE_STATE=getMsg HTTP/1.1" 200 27
101.83.145.37 - - [11/Mar/2024:10:30:01 +0800] "GET /xingrg/all/function/internal_message.html?_=1710123964396&CODE_STATE=getMsg HTTP/1.1" 200 27
124.78.60.103 - - [11/Mar/2024:10:30:01 +0800] "GET /xingrg/kc/buy/cgsh_order_operate.html?command=get_materiel&rest_code=00141&code=00101008223&supplier_code=00100008&order_time=2024-03-11 HTTP/1.1" 200 412
124.78.60.103 - - [11/Mar/2024:10:30:06 +0800] "POST /xingrg/kc/buy/cgsh_order_operate.html HTTP/1.1" 200 2065
116.228.172.94 - - [11/Mar/2024:10:30:07 +0800] "GET /xingrg/check_reg.html?_=1710123934692 HTTP/1.1" 302 -
116.230.123.13 - - [11/Mar/2024:10:30:08 +0800] "GET /xingrg/all/function/internal_message.html?_=1710124207612&CODE_STATE=getMsg HTTP/1.1" 302 -
58.40.7.146 - - [11/Mar/2024:10:30:08 +0800] "GET /xingrg/all/function/internal_message.html?_=1710124208809&CODE_STATE=getMsg HTTP/1.1" 200 27
116.232.194.112 - - [11/Mar/2024:10:30:10 +0800] "GET /xingrg/kc/buy/cgsh_order_operate.html?command=get_materiel&rest_code=00155&code=00101008694&supplier_code=00100005&order_time=2024-03-11 HTTP/1.1" 200 420
101.93.221.250 - - [11/Mar/2024:10:30:10 +0800] "POST /xingrg/services/DataTransmitService HTTP/1.1" 200 524
101.93.221.250 - - [11/Mar/2024:10:30:12 +0800] "POST /xingrg/services/DataTransmitService HTTP/1.1" 200 501
116.237.78.42 - - [11/Mar/2024:10:30:15 +0800] "GET /xingrg/all/report/report_query.html?isQuery=1&fileName=kc/buy/wlcg_cate_hz.xml&queryString=(CONVERT(char(10)%252Ca.order_time%252C%2520120)%253E%253D'2024-02-01')%2520and%2520(CONVERT(char(10)%252Ca.order_time%252C%2520120)%253C%253D'2024-02-29')%2520and%2520(a.supplier_code%2520in%2520('00100075'))%2520and%2520(a.number%253E0%2520and%2520a.supplier_code%253D'00100075')&queryText=%25E3%2580%2590%25E9%2587%2587%25E8%25B4%25AD%25E6%2597%25A5%25E6%259C%259F%253A2024-02-01%2520%25E8%2587%25B3%25202024-02-29%25E3%2580%2591%2520%25E5%25B9%25B6%25E4%25B8%2594%2520%2520%25E3%2580%2590%25E4%25BE%259B%25E5%25BA%2594%25E5%2595%2586%2520%253D%2520%25E8%2589%25BA%25E6%2589%25AC%25E5%25B9%25BF%25E5%2591%258A%25EF%25BC%2588%25E5%25BC%25A0%25E5%25B0%25A4%25E5%2582%25B2%25EF%25BC%2589%25E3%2580%2591%2520%25E5%25B9%25B6%25E4%25B8%2594%2520%25E3%2580%2590%25E4%25BE%259B%25E5%25BA%2594%25E5%2595%2586%253D%25E8%2589%25BA%25E6%2589%25AC%25E5%25B9%25BF%25E5%2591%258A%25EF%25BC%2588%25E5%25BC%25A0%25E5%25B0%25A4%25E5%2582%25B2%25EF%25BC%2589%25E3%2580%2591 HTTP/1.1" 200 54496
116.237.78.42 - - [11/Mar/2024:10:30:15 +0800] "GET /xingrg/dwr/interface/AjaxReportQueryService.js HTTP/1.1" 200 13203
116.237.78.42 - - [11/Mar/2024:10:30:15 +0800] "GET /xingrg/dwr/engine.js HTTP/1.1" 200 43631
124.78.60.103 - - [11/Mar/2024:10:30:16 +0800] "GET /xingrg/kc/buy/cgsh_order_operate.html?command=get_materiel&rest_code=00141&code=00101008558&supplier_code=00100008&order_time=2024-03-11 HTTP/1.1" 200 409
114.83.218.176 - - [11/Mar/2024:10:30:18 +0800] "GET /xingrg/all/function/internal_message.html?_=1710124216567&CODE_STATE=getMsg HTTP/1.1" 200 27
114.89.91.180 - - [11/Mar/2024:10:30:20 +0800] "GET /xingrg/all/function/internal_message.html?_=1710124220301&CODE_STATE=getMsg HTTP/1.1" 200 27
116.237.78.42 - - [11/Mar/2024:10:30:21 +0800] "POST /xingrg/all/report/load_report_page.html HTTP/1.1" 200 8718
116.230.123.13 - - [11/Mar/2024:10:30:21 +0800] "GET /xingrg/check_reg.html?_=1710124220398 HTTP/1.1" 200 22
116.230.123.13 - - [11/Mar/2024:10:30:21 +0800] "GET /xingrg/all/function/internal_message.html?_=1710124220391&CODE_STATE=getMsg HTTP/1.1" 200 27
116.237.78.42 - - [11/Mar/2024:10:30:21 +0800] "GET /xingrg/servlets/image?cache=0.23951822765399555&image=px HTTP/1.1" 200 807
101.83.145.37 - - [11/Mar/2024:10:30:23 +0800] "GET /xingrg/all/function/internal_message.html?_=1710124223224&CODE_STATE=getMsg HTTP/1.1" 200 27
101.228.147.14 - - [11/Mar/2024:10:30:23 +0800] "GET /xingrg/check_reg.html?_=1710124223288 HTTP/1.1" 200 22
101.228.147.14 - - [11/Mar/2024:10:30:23 +0800] "GET /xingrg/all/function/internal_message.html?_=1710124223286&CODE_STATE=getMsg HTTP/1.1" 200 27
116.237.78.42 - - [11/Mar/2024:10:30:25 +0800] "POST /xingrg/all/report/load_report_page.html HTTP/1.1" 200 33245
116.237.78.42 - - [11/Mar/2024:10:30:26 +0800] "GET /xingrg/servlets/image?cache=0.5977083296306492&image=px HTTP/1.1" 200 807
180.164.1.25 - - [11/Mar/2024:10:30:30 +0800] "GET /xingrg/all/function/internal_message.html?_=1710124229625&CODE_STATE=getMsg HTTP/1.1" 200 27
222.69.132.250 - - [11/Mar/2024:10:30:30 +0800] "GET /xingrg/all/function/internal_message.html?_=1710124231839&CODE_STATE=getMsg HTTP/1.1" 200 27
222.70.115.1 - - [11/Mar/2024:10:30:31 +0800] "GET /xingrg/all/function/internal_message.html?_=1710124231686&CODE_STATE=getMsg HTTP/1.1" 200 27
58.40.7.146 - - [11/Mar/2024:10:30:32 +0800] "GET /xingrg/all/function/internal_message.html?_=1710124237977&CODE_STATE=getMsg HTTP/1.1" 200 27
120.253.135.82 - - [11/Mar/2024:10:30:32 +0800] "GET /xingrg/all/function/internal_message.html?_=1710124071654&CODE_STATE=getMsg HTTP/1.1" 200 27
218.79.29.78 - - [11/Mar/2024:10:30:32 +0800] "GET /xingrg/all/function/internal_message.html?_=1710124235417&CODE_STATE=getMsg HTTP/1.1" 200 27
116.230.123.13 - - [11/Mar/2024:10:30:34 +0800] "GET /xingrg/kc/buy/cgsh_order_add.html HTTP/1.1" 200 73611
124.78.60.103 - - [11/Mar/2024:10:30:34 +0800] "GET /xingrg/kc/buy/cgsh_order_operate.html?command=get_materiel&rest_code=00141&code=00101008150&supplier_code=00100008&order_time=2024-03-11 HTTP/1.1" 200 409
116.230.123.13 - - [11/Mar/2024:10:30:34 +0800] "POST /xingrg/kc/buy/cgsh_order_operate.html HTTP/1.1" 200 8245
116.230.123.13 - - [11/Mar/2024:10:30:34 +0800] "GET /xingrg/javascript/easyui/themes/default/validatebox.css HTTP/1.1" 404 1104
116.224.254.208 - - [11/Mar/2024:10:30:35 +0800] "GET /xingrg/all/function/internal_message.html?_=1710124235636&CODE_STATE=getMsg HTTP/1.1" 200 27
180.169.147.146 - - [11/Mar/2024:10:30:37 +0800] "GET /xingrg/all/function/internal_message.html?_=1710124235671&CODE_STATE=getMsg HTTP/1.1" 302 -
180.163.29.217 - - [11/Mar/2024:10:30:39 +0800] "GET /xingrg/servlets/image?cache=0.9588026528992682&image=px HTTP/1.1" 200 807
116.237.78.42 - - [11/Mar/2024:10:30:40 +0800] "POST /xingrg/kc/buy/cgsh_list_operate.html HTTP/1.1" 200 1380
116.237.78.42 - - [11/Mar/2024:10:30:45 +0800] "GET /xingrg/check_reg.html?_=1710124245342 HTTP/1.1" 200 22
116.237.78.42 - - [11/Mar/2024:10:30:45 +0800] "GET /xingrg/javascript/easyui/themes/default/tree.css HTTP/1.1" 404 1090
116.237.78.42 - - [11/Mar/2024:10:30:46 +0800] "POST /xingrg/all/common/load_tree.html?tree=supplier_tree_json&manage=1 HTTP/1.1" 200 81197
180.169.147.146 - - [11/Mar/2024:10:30:51 +0800] "GET /xingrg/all/function/internal_message.html?_=1710124251187&CODE_STATE=getMsg HTTP/1.1" 200 27
180.169.147.146 - - [11/Mar/2024:10:30:51 +0800] "GET /xingrg/check_reg.html?_=1710124251190 HTTP/1.1" 200 22
124.78.60.103 - - [11/Mar/2024:10:30:52 +0800] "GET /xingrg/kc/buy/cgsh_order_operate.html?command=get_materiel&rest_code=00141&code=00101008168&supplier_code=00100008&order_time=2024-03-11 HTTP/1.1" 200 412
124.78.60.103 - - [11/Mar/2024:10:30:55 +0800] "GET /xingrg/all/function/internal_message.html?_=1710124255327&CODE_STATE=getMsg HTTP/1.1" 200 27
116.232.194.112 - - [11/Mar/2024:10:30:55 +0800] "GET /xingrg/all/function/internal_message.html?_=1710124234704&CODE_STATE=getMsg HTTP/1.1" 200 27
124.78.60.103 - - [11/Mar/2024:10:30:55 +0800] "GET /xingrg/check_reg.html?_=1710124255868 HTTP/1.1" 200 22
116.237.78.42 - - [11/Mar/2024:10:30:56 +0800] "GET /xingrg/all/function/internal_message.html?_=1710124256918&CODE_STATE=getMsg HTTP/1.1" 200 27
101.83.145.37 - - [11/Mar/2024:10:31:01 +0800] "GET /xingrg/all/function/internal_message.html?_=1710124024375&CODE_STATE=getMsg HTTP/1.1" 200 27
124.78.60.103 - - [11/Mar/2024:10:31:05 +0800] "GET /xingrg/kc/buy/cgsh_order_operate.html?command=get_materiel&rest_code=00141&code=00101008312&supplier_code=00100008&order_time=2024-03-11 HTTP/1.1" 200 412
116.230.123.13 - - [11/Mar/2024:10:31:08 +0800] "GET /xingrg/all/function/internal_message.html?_=1710124267610&CODE_STATE=getMsg HTTP/1.1" 302 -
58.40.7.146 - - [11/Mar/2024:10:31:08 +0800] "GET /xingrg/all/function/internal_message.html?_=1710124268812&CODE_STATE=getMsg HTTP/1.1" 200 27
116.237.78.42 - - [11/Mar/2024:10:31:10 +0800] "POST /xingrg/kc/buy/cgsh_list_operate.html HTTP/1.1" 200 4735
180.163.28.109 - - [11/Mar/2024:10:31:15 +0800] "GET /xingrg/all/report/report_query.html?isQuery=1&fileName=kc/buy/wlcg_cate_hz.xml&queryString=(CONVERT(char(10)%2Ca.order_time%2C%20120)%3E%3D'2024-02-01')%20and%20(CONVERT(char(10)%2Ca.order_time%2C%20120)%3C%3D'2024-02-29')%20and%20(a.supplier_code%20in%20('00100075'))%20and%20(a.number%3E0%20and%20a.supplier_code%3D'00100075')&queryText=%E3%80%90%E9%87%87%E8%B4%AD%E6%97%A5%E6%9C%9F%3A2024-02-01%20%E8%87%B3%202024-02-29%E3%80%91%20%E5%B9%B6%E4%B8%94%20%20%E3%80%90%E4%BE%9B%E5%BA%94%E5%95%86%20%3D%20%E8%89%BA%E6%89%AC%E5%B9%BF%E5%91%8A%EF%BC%88%E5%BC%A0%E5%B0%A4%E5%82%B2%EF%BC%89%E3%80%91%20%E5%B9%B6%E4%B8%94%20%E3%80%90%E4%BE%9B%E5%BA%94%E5%95%86%3D%E8%89%BA%E6%89%AC%E5%B9%BF%E5%91%8A%EF%BC%88%E5%BC%A0%E5%B0%A4%E5%82%B2%EF%BC%89%E3%80%91 HTTP/1.1" 302 -
180.163.28.109 - - [11/Mar/2024:10:31:15 +0800] "GET /xingrg/login.html HTTP/1.1" 200 7641
116.238.97.31 - - [11/Mar/2024:10:31:15 +0800] "GET /xingrg/check_reg.html?_=1710124277119 HTTP/1.1" 200 22
114.83.218.176 - - [11/Mar/2024:10:31:17 +0800] "GET /xingrg/all/function/internal_message.html?_=1710124276537&CODE_STATE=getMsg HTTP/1.1" 200 27
124.78.60.103 - - [11/Mar/2024:10:31:19 +0800] "GET /xingrg/kc/buy/cgsh_order_operate.html?command=get_materiel&rest_code=00141&code=00101008674&supplier_code=00100008&order_time=2024-03-11 HTTP/1.1" 200 413
114.89.91.180 - - [11/Mar/2024:10:31:20 +0800] "GET /xingrg/check_reg.html?_=1710124280293 HTTP/1.1" 200 22
114.89.91.180 - - [11/Mar/2024:10:31:20 +0800] "GET /xingrg/all/function/internal_message.html?_=1710124280298&CODE_STATE=getMsg HTTP/1.1" 200 27
116.230.123.13 - - [11/Mar/2024:10:31:21 +0800] "GET /xingrg/all/function/internal_message.html?_=1710124280397&CODE_STATE=getMsg HTTP/1.1" 200 27
101.83.145.37 - - [11/Mar/2024:10:31:23 +0800] "GET /xingrg/all/function/internal_message.html?_=1710124283222&CODE_STATE=getMsg HTTP/1.1" 200 27
101.83.145.37 - - [11/Mar/2024:10:31:23 +0800] "GET /xingrg/check_reg.html?_=1710124283224 HTTP/1.1" 200 22
101.228.147.14 - - [11/Mar/2024:10:31:23 +0800] "GET /xingrg/all/function/internal_message.html?_=1710124283287&CODE_STATE=getMsg HTTP/1.1" 200 27
124.78.60.103 - - [11/Mar/2024:10:31:26 +0800] "POST /xingrg/kc/buy/cgsh_order_operate.html HTTP/1.1" 200 2065
180.164.1.25 - - [11/Mar/2024:10:31:30 +0800] "GET /xingrg/all/function/internal_message.html?_=1710124289602&CODE_STATE=getMsg HTTP/1.1" 200 27
222.69.132.250 - - [11/Mar/2024:10:31:30 +0800] "GET /xingrg/all/function/internal_message.html?_=1710124291828&CODE_STATE=getMsg HTTP/1.1" 200 27
222.70.115.1 - - [11/Mar/2024:10:31:31 +0800] "GET /xingrg/all/function/internal_message.html?_=1710124291687&CODE_STATE=getMsg HTTP/1.1" 200 27
58.40.7.146 - - [11/Mar/2024:10:31:32 +0800] "GET /xingrg/all/function/internal_message.html?_=1710124297978&CODE_STATE=getMsg HTTP/1.1" 200 27
180.164.1.25 - - [11/Mar/2024:10:31:32 +0800] "GET /xingrg/check_reg.html?_=1710124291495 HTTP/1.1" 200 22
218.79.29.78 - - [11/Mar/2024:10:31:32 +0800] "GET /xingrg/all/function/internal_message.html?_=1710124295419&CODE_STATE=getMsg HTTP/1.1" 200 27
218.79.29.78 - - [11/Mar/2024:10:31:32 +0800] "GET /xingrg/check_reg.html?_=1710124295422 HTTP/1.1" 200 22
120.253.135.82 - - [11/Mar/2024:10:31:32 +0800] "GET /xingrg/all/function/internal_message.html?_=1710124131723&CODE_STATE=getMsg HTTP/1.1" 200 27
124.78.60.103 - - [11/Mar/2024:10:31:33 +0800] "GET /xingrg/kc/buy/cgsh_order_operate.html?command=get_materiel&rest_code=00141&code=00101008114&supplier_code=00100008&order_time=2024-03-11 HTTP/1.1" 200 412
116.224.254.208 - - [11/Mar/2024:10:31:35 +0800] "GET /xingrg/all/function/internal_message.html?_=1710124295632&CODE_STATE=getMsg HTTP/1.1" 200 27
180.169.147.146 - - [11/Mar/2024:10:31:37 +0800] "GET /xingrg/all/function/internal_message.html?_=1710124295666&CODE_STATE=getMsg HTTP/1.1" 302 -
180.169.147.146 - - [11/Mar/2024:10:31:51 +0800] "GET /xingrg/all/function/internal_message.html?_=1710124311186&CODE_STATE=getMsg HTTP/1.1" 200 27
124.78.60.103 - - [11/Mar/2024:10:31:55 +0800] "GET /xingrg/all/function/internal_message.html?_=1710124315289&CODE_STATE=getMsg HTTP/1.1" 200 27
101.83.145.37 - - [11/Mar/2024:10:31:55 +0800] "GET /xingrg/javascript/jquery_easy_ui/themes/default/images/tabs_active.png HTTP/1.1" 304 -
116.232.194.112 - - [11/Mar/2024:10:31:55 +0800] "GET /xingrg/all/function/internal_message.html?_=1710124294692&CODE_STATE=getMsg HTTP/1.1" 200 27
116.232.194.112 - - [11/Mar/2024:10:31:56 +0800] "GET /xingrg/kc/buy/cgsh_order_operate.html?command=get_materiel&rest_code=00155&code=00101008353&supplier_code=00100005&order_time=2024-03-11 HTTP/1.1" 200 408
116.237.78.42 - - [11/Mar/2024:10:31:56 +0800] "GET /xingrg/all/function/internal_message.html?_=1710124316901&CODE_STATE=getMsg HTTP/1.1" 200 27
101.83.145.37 - - [11/Mar/2024:10:32:01 +0800] "GET /xingrg/all/function/internal_message.html?_=1710124084377&CODE_STATE=getMsg HTTP/1.1" 200 27
101.83.145.37 - - [11/Mar/2024:10:32:03 +0800] "POST /xingrg/kc/buy/cgsh_order_operate.html HTTP/1.1" 200 37
101.83.145.37 - - [11/Mar/2024:10:32:05 +0800] "POST /xingrg/kc/buy/cgsh_order_operate.html HTTP/1.1" 200 3867
124.78.60.103 - - [11/Mar/2024:10:32:07 +0800] "POST /xingrg/kc/buy/cgsh_order_operate.html HTTP/1.1" 200 2065
116.230.123.13 - - [11/Mar/2024:10:32:08 +0800] "GET /xingrg/all/function/internal_message.html?_=1710124327599&CODE_STATE=getMsg HTTP/1.1" 302 -
58.40.7.146 - - [11/Mar/2024:10:32:08 +0800] "GET /xingrg/all/function/internal_message.html?_=1710124328814&CODE_STATE=getMsg HTTP/1.1" 200 27
101.83.145.37 - - [11/Mar/2024:10:32:08 +0800] "GET /xingrg/kc/print/load_data.html?order_code=212024031103174&kc_code=cgsh&condition= HTTP/1.1" 200 1119
114.83.218.176 - - [11/Mar/2024:10:32:10 +0800] "GET /xingrg/check_reg.html?_=1710124328583 HTTP/1.1" 200 22
124.78.60.103 - - [11/Mar/2024:10:32:14 +0800] "GET /xingrg/kc/buy/cgsh_order_operate.html?command=get_materiel&rest_code=00141&code=00101008338&supplier_code=00100008&order_time=2024-03-11 HTTP/1.1" 200 408
114.83.218.176 - - [11/Mar/2024:10:32:17 +0800] "GET /xingrg/all/function/internal_message.html?_=1710124336525&CODE_STATE=getMsg HTTP/1.1" 200 27
116.232.194.112 - - [11/Mar/2024:10:32:20 +0800] "GET /xingrg/kc/buy/cgsh_order_operate.html?command=get_materiel&rest_code=00155&code=00101008312&supplier_code=00100005&order_time=2024-03-11 HTTP/1.1" 200 412
114.89.91.180 - - [11/Mar/2024:10:32:20 +0800] "GET /xingrg/all/function/internal_message.html?_=1710124340293&CODE_STATE=getMsg HTTP/1.1" 200 27
116.230.123.13 - - [11/Mar/2024:10:32:21 +0800] "GET /xingrg/all/function/internal_message.html?_=1710124340398&CODE_STATE=getMsg HTTP/1.1" 200 27
101.83.145.37 - - [11/Mar/2024:10:32:23 +0800] "GET /xingrg/all/function/internal_message.html?_=1710124343223&CODE_STATE=getMsg HTTP/1.1" 200 27
101.228.147.14 - - [11/Mar/2024:10:32:23 +0800] "GET /xingrg/all/function/internal_message.html?_=1710124343287&CODE_STATE=getMsg HTTP/1.1" 200 27
116.230.123.13 - - [11/Mar/2024:10:32:25 +0800] "GET /xingrg/kc/buy/cgsh_order_operate.html?command=get_materiel&rest_code=00111&code=00101007090&supplier_code=00100096&order_time=2024-03-11 HTTP/1.1" 200 413
124.78.60.103 - - [11/Mar/2024:10:32:28 +0800] "GET /xingrg/kc/buy/cgsh_order_operate.html?command=get_materiel&rest_code=00141&code=00101008331&supplier_code=00100008&order_time=2024-03-11 HTTP/1.1" 200 416
180.164.1.25 - - [11/Mar/2024:10:32:30 +0800] "GET /xingrg/all/function/internal_message.html?_=1710124349597&CODE_STATE=getMsg HTTP/1.1" 200 27
222.69.132.250 - - [11/Mar/2024:10:32:30 +0800] "GET /xingrg/all/function/internal_message.html?_=1710124351819&CODE_STATE=getMsg HTTP/1.1" 200 27
222.70.115.1 - - [11/Mar/2024:10:32:31 +0800] "GET /xingrg/check_reg.html?_=1710124351687 HTTP/1.1" 200 22
222.70.115.1 - - [11/Mar/2024:10:32:31 +0800] "GET /xingrg/all/function/internal_message.html?_=1710124351690&CODE_STATE=getMsg HTTP/1.1" 200 27
58.40.7.146 - - [11/Mar/2024:10:32:32 +0800] "GET /xingrg/all/function/internal_message.html?_=1710124357974&CODE_STATE=getMsg HTTP/1.1" 200 27
218.79.29.78 - - [11/Mar/2024:10:32:32 +0800] "GET /xingrg/all/function/internal_message.html?_=1710124355423&CODE_STATE=getMsg HTTP/1.1" 200 27
120.253.135.82 - - [11/Mar/2024:10:32:32 +0800] "GET /xingrg/all/function/internal_message.html?_=1710124191728&CODE_STATE=getMsg HTTP/1.1" 200 27
116.232.194.112 - - [11/Mar/2024:10:32:33 +0800] "GET /xingrg/kc/buy/cgsh_order_operate.html?command=get_materiel&rest_code=00155&code=00101008283&supplier_code=00100005&order_time=2024-03-11 HTTP/1.1" 200 408
116.224.254.208 - - [11/Mar/2024:10:32:35 +0800] "GET /xingrg/all/function/internal_message.html?_=1710124355630&CODE_STATE=getMsg HTTP/1.1" 200 27
180.169.147.146 - - [11/Mar/2024:10:32:37 +0800] "GET /xingrg/all/function/internal_message.html?_=1710124355670&CODE_STATE=getMsg HTTP/1.1" 302 -
116.237.78.42 - - [11/Mar/2024:10:32:38 +0800] "POST /xingrg/kc/buy/cgsh_list_operate.html HTTP/1.1" 200 286
124.78.60.103 - - [11/Mar/2024:10:32:41 +0800] "GET /xingrg/kc/buy/cgsh_order_operate.html?command=get_materiel&rest_code=00141&code=00101008519&supplier_code=00100008&order_time=2024-03-11 HTTP/1.1" 200 408
116.232.194.112 - - [11/Mar/2024:10:32:44 +0800] "GET /xingrg/kc/buy/cgsh_order_operate.html?command=get_materiel&rest_code=00155&code=00101009021&supplier_code=00100005&order_time=2024-03-11 HTTP/1.1" 200 417
116.230.123.13 - - [11/Mar/2024:10:32:45 +0800] "GET /xingrg/kc/buy/cgsh_order_operate.html?command=get_materiel&rest_code=00111&code=00101007085&supplier_code=00100096&order_time=2024-03-11 HTTP/1.1" 200 413
180.169.147.146 - - [11/Mar/2024:10:32:51 +0800] "GET /xingrg/all/function/internal_message.html?_=1710124371180&CODE_STATE=getMsg HTTP/1.1" 200 27
124.78.60.103 - - [11/Mar/2024:10:32:55 +0800] "GET /xingrg/all/function/internal_message.html?_=1710124375276&CODE_STATE=getMsg HTTP/1.1" 200 27
116.232.194.112 - - [11/Mar/2024:10:32:55 +0800] "GET /xingrg/all/function/internal_message.html?_=1710124354709&CODE_STATE=getMsg HTTP/1.1" 200 27
116.232.194.112 - - [11/Mar/2024:10:32:55 +0800] "GET /xingrg/check_reg.html?_=1710124354712 HTTP/1.1" 200 22
180.163.30.100 - - [11/Mar/2024:10:32:56 +0800] "GET /xingrg/all/function/internal_message.html?_=1710124316901&CODE_STATE=getMsg HTTP/1.1" 302 -
180.163.30.100 - - [11/Mar/2024:10:32:56 +0800] "GET /xingrg/login.html HTTP/1.1" 200 7641
116.237.78.42 - - [11/Mar/2024:10:32:56 +0800] "GET /xingrg/all/function/internal_message.html?_=1710124376887&CODE_STATE=getMsg HTTP/1.1" 200 27
116.232.194.112 - - [11/Mar/2024:10:32:56 +0800] "GET /xingrg/kc/buy/cgsh_order_operate.html?command=get_materiel&rest_code=00155&code=00101009011&supplier_code=00100005&order_time=2024-03-11 HTTP/1.1" 200 416
172.20.0.100 - - [11/Mar/2024:10:32:58 +0800] "GET /xingrg/check_reg.html?_=1710124400494 HTTP/1.1" 302 -
116.230.123.13 - - [11/Mar/2024:10:32:59 +0800] "GET /xingrg/kc/buy/cgsh_order_operate.html?command=get_materiel&rest_code=00111&code=00101007022&supplier_code=00100096&order_time=2024-03-11 HTTP/1.1" 200 413
101.83.145.37 - - [11/Mar/2024:10:33:01 +0800] "GET /xingrg/check_reg.html?_=1710124144383 HTTP/1.1" 200 22
101.83.145.37 - - [11/Mar/2024:10:33:01 +0800] "GET /xingrg/all/function/internal_message.html?_=1710124144382&CODE_STATE=getMsg HTTP/1.1" 200 27
116.238.97.31 - - [11/Mar/2024:10:33:04 +0800] "GET /xingrg/kc/buy/cgsh_order_operate.html?command=get_materiel&rest_code=00102&code=00101006130&supplier_code=00100151&order_time=2024-03-11 HTTP/1.1" 200 437
116.230.123.13 - - [11/Mar/2024:10:33:08 +0800] "GET /xingrg/all/function/internal_message.html?_=1710124387615&CODE_STATE=getMsg HTTP/1.1" 302 -
58.40.7.146 - - [11/Mar/2024:10:33:08 +0800] "GET /xingrg/all/function/internal_message.html?_=1710124388816&CODE_STATE=getMsg HTTP/1.1" 200 27
58.40.7.146 - - [11/Mar/2024:10:33:08 +0800] "GET /xingrg/check_reg.html?_=1710124388818 HTTP/1.1" 200 22
116.232.194.112 - - [11/Mar/2024:10:33:11 +0800] "GET /xingrg/kc/buy/cgsh_order_operate.html?command=get_materiel&rest_code=00155&code=00101008175&supplier_code=00100005&order_time=2024-03-11 HTTP/1.1" 200 412
114.83.218.176 - - [11/Mar/2024:10:33:17 +0800] "GET /xingrg/all/function/internal_message.html?_=1710124396515&CODE_STATE=getMsg HTTP/1.1" 200 27
114.89.91.180 - - [11/Mar/2024:10:33:20 +0800] "GET /xingrg/all/function/internal_message.html?_=1710124400291&CODE_STATE=getMsg HTTP/1.1" 200 27
116.230.123.13 - - [11/Mar/2024:10:33:21 +0800] "GET /xingrg/all/function/internal_message.html?_=1710124400403&CODE_STATE=getMsg HTTP/1.1" 200 27
222.70.115.1 - - [11/Mar/2024:10:33:21 +0800] "GET /favicon.ico HTTP/1.1" 404 -
101.83.145.37 - - [11/Mar/2024:10:33:23 +0800] "GET /xingrg/all/function/internal_message.html?_=1710124403223&CODE_STATE=getMsg HTTP/1.1" 200 27
101.228.147.14 - - [11/Mar/2024:10:33:23 +0800] "GET /xingrg/all/function/internal_message.html?_=1710124403286&CODE_STATE=getMsg HTTP/1.1" 200 27
124.78.60.103 - - [11/Mar/2024:10:33:29 +0800] "POST /xingrg/kc/buy/cgsh_order_operate.html HTTP/1.1" 200 37
180.164.1.25 - - [11/Mar/2024:10:33:30 +0800] "GET /xingrg/all/function/internal_message.html?_=1710124409582&CODE_STATE=getMsg HTTP/1.1" 200 27
222.69.132.250 - - [11/Mar/2024:10:33:30 +0800] "GET /xingrg/all/function/internal_message.html?_=1710124411811&CODE_STATE=getMsg HTTP/1.1" 200 27
222.69.132.250 - - [11/Mar/2024:10:33:30 +0800] "GET /xingrg/check_reg.html?_=1710124411814 HTTP/1.1" 200 22
222.70.115.1 - - [11/Mar/2024:10:33:31 +0800] "GET /xingrg/all/function/internal_message.html?_=1710124411688&CODE_STATE=getMsg HTTP/1.1" 200 27
116.232.194.112 - - [11/Mar/2024:10:33:32 +0800] "GET /xingrg/kc/buy/cgsh_order_operate.html?command=get_materiel&rest_code=00155&code=00101008447&supplier_code=00100005&order_time=2024-03-11 HTTP/1.1" 200 413
120.253.135.82 - - [11/Mar/2024:10:33:32 +0800] "GET /xingrg/check_reg.html?_=1710124250916 HTTP/1.1" 200 22
58.40.7.146 - - [11/Mar/2024:10:33:32 +0800] "GET /xingrg/all/function/internal_message.html?_=1710124417970&CODE_STATE=getMsg HTTP/1.1" 200 27
218.79.29.78 - - [11/Mar/2024:10:33:32 +0800] "GET /xingrg/all/function/internal_message.html?_=1710124415425&CODE_STATE=getMsg HTTP/1.1" 200 27
120.253.135.82 - - [11/Mar/2024:10:33:32 +0800] "GET /xingrg/all/function/internal_message.html?_=1710124251741&CODE_STATE=getMsg HTTP/1.1" 200 27
116.237.78.42 - - [11/Mar/2024:10:33:33 +0800] "POST /xingrg/kc/buy/cgsh_list_operate.html HTTP/1.1" 200 4735
116.224.254.208 - - [11/Mar/2024:10:33:35 +0800] "GET /xingrg/all/function/internal_message.html?_=1710124415631&CODE_STATE=getMsg HTTP/1.1" 200 27
116.232.194.112 - - [11/Mar/2024:10:33:36 +0800] "POST /xingrg/kc/buy/cgsh_order_operate.html HTTP/1.1" 200 2065
180.169.147.146 - - [11/Mar/2024:10:33:37 +0800] "GET /xingrg/all/function/internal_message.html?_=1710124415685&CODE_STATE=getMsg HTTP/1.1" 302 -
116.238.97.31 - - [11/Mar/2024:10:33:39 +0800] "GET /xingrg/kc/buy/cgsh_order_operate.html?command=get_materiel&rest_code=00102&code=00101006129&supplier_code=00100151&order_time=2024-03-11 HTTP/1.1" 200 439
116.237.78.42 - - [11/Mar/2024:10:33:41 +0800] "POST /xingrg/kc/buy/cgsh_list_operate.html HTTP/1.1" 200 286
116.232.194.112 - - [11/Mar/2024:10:33:43 +0800] "GET /xingrg/kc/buy/cgsh_order_operate.html?command=get_materiel&rest_code=00155&code=00101008331&supplier_code=00100005&order_time=2024-03-11 HTTP/1.1" 200 416
180.169.147.146 - - [11/Mar/2024:10:33:51 +0800] "GET /xingrg/all/function/internal_message.html?_=1710124431175&CODE_STATE=getMsg HTTP/1.1" 200 27
116.232.194.112 - - [11/Mar/2024:10:33:55 +0800] "GET /xingrg/all/function/internal_message.html?_=1710124414701&CODE_STATE=getMsg HTTP/1.1" 200 27
116.237.78.42 - - [11/Mar/2024:10:33:56 +0800] "GET /xingrg/all/function/internal_message.html?_=1710124436864&CODE_STATE=getMsg HTTP/1.1" 200 27
114.83.218.176 - - [11/Mar/2024:10:33:59 +0800] "GET /favicon.ico HTTP/1.1" 404 -
116.237.78.42 - - [11/Mar/2024:10:34:00 +0800] "GET /xingrg/javascript/multi_select/dropdown_hover.gif HTTP/1.1" 200 61
101.83.145.37 - - [11/Mar/2024:10:34:01 +0800] "GET /xingrg/all/function/internal_message.html?_=1710124204382&CODE_STATE=getMsg HTTP/1.1" 200 27
116.238.97.31 - - [11/Mar/2024:10:34:01 +0800] "POST /xingrg/kc/buy/cgsh_order_operate.html HTTP/1.1" 200 37
116.232.194.112 - - [11/Mar/2024:10:34:08 +0800] "GET /xingrg/kc/buy/cgsh_order_operate.html?command=get_materiel&rest_code=00155&code=00101009031&supplier_code=00100005&order_time=2024-03-11 HTTP/1.1" 200 413
116.230.123.13 - - [11/Mar/2024:10:34:08 +0800] "GET /xingrg/check_reg.html?_=1710124447614 HTTP/1.1" 302 -
116.230.123.13 - - [11/Mar/2024:10:34:08 +0800] "GET /xingrg/all/function/internal_message.html?_=1710124447615&CODE_STATE=getMsg HTTP/1.1" 302 -
58.40.7.146 - - [11/Mar/2024:10:34:08 +0800] "GET /xingrg/all/function/internal_message.html?_=1710124448804&CODE_STATE=getMsg HTTP/1.1" 200 27
116.238.97.31 - - [11/Mar/2024:10:34:09 +0800] "POST /xingrg/kc/buy/cgsh_order_operate.html HTTP/1.1" 200 12
116.237.78.42 - - [11/Mar/2024:10:34:17 +0800] "POST /xingrg/dwr/call/plaincall/AjaxReportQueryService.refreshCache.dwr HTTP/1.1" 200 78
116.238.97.31 - - [11/Mar/2024:10:34:17 +0800] "POST /xingrg/kc/buy/cgsh_order_operate.html HTTP/1.1" 200 78
114.83.218.176 - - [11/Mar/2024:10:34:17 +0800] "GET /xingrg/all/function/internal_message.html?_=1710124456502&CODE_STATE=getMsg HTTP/1.1" 200 27
124.78.60.103 - - [11/Mar/2024:10:34:18 +0800] "POST /xingrg/kc/buy/cgsh_order_operate.html HTTP/1.1" 200 12
116.237.78.42 - - [11/Mar/2024:10:34:19 +0800] "POST /xingrg/all/report/load_report_page.html HTTP/1.1" 200 9008
116.238.97.31 - - [11/Mar/2024:10:34:19 +0800] "GET /xingrg/kc/buy/cgsh_order_info.html?code=212024031103176 HTTP/1.1" 200 68587
116.237.78.42 - - [11/Mar/2024:10:34:19 +0800] "GET /xingrg/servlets/image?cache=0.034164854981728054&image=px HTTP/1.1" 200 807
116.238.97.31 - - [11/Mar/2024:10:34:19 +0800] "GET /xingrg/javascript/easyui/themes/default/validatebox.css HTTP/1.1" 404 1104
114.89.91.180 - - [11/Mar/2024:10:34:20 +0800] "GET /xingrg/all/function/internal_message.html?_=1710124460295&CODE_STATE=getMsg HTTP/1.1" 200 27
116.238.97.31 - - [11/Mar/2024:10:34:20 +0800] "POST /xingrg/kc/buy/cgsh_order_operate.html HTTP/1.1" 200 1257
116.230.123.13 - - [11/Mar/2024:10:34:21 +0800] "GET /xingrg/all/function/internal_message.html?_=1710124460389&CODE_STATE=getMsg HTTP/1.1" 200 27
124.78.60.103 - - [11/Mar/2024:10:34:22 +0800] "GET /xingrg/kc/buy/cgsh_order_info.html?code=212024031103175 HTTP/1.1" 200 68564
116.238.97.31 - - [11/Mar/2024:10:34:22 +0800] "GET /xingrg/kc/print/load_data.html?order_code=212024031103176&kc_code=cgsh&condition= HTTP/1.1" 200 944
124.78.60.103 - - [11/Mar/2024:10:34:22 +0800] "GET /xingrg/javascript/easyui/themes/default/validatebox.css HTTP/1.1" 404 1104
101.83.145.37 - - [11/Mar/2024:10:34:23 +0800] "GET /xingrg/all/function/internal_message.html?_=1710124463222&CODE_STATE=getMsg HTTP/1.1" 200 27
101.228.147.14 - - [11/Mar/2024:10:34:23 +0800] "GET /xingrg/all/function/internal_message.html?_=1710124463285&CODE_STATE=getMsg HTTP/1.1" 200 27
124.78.60.103 - - [11/Mar/2024:10:34:23 +0800] "POST /xingrg/kc/buy/cgsh_order_operate.html HTTP/1.1" 200 31895
116.232.194.112 - - [11/Mar/2024:10:34:28 +0800] "GET /xingrg/kc/buy/cgsh_order_operate.html?command=get_materiel&rest_code=00155&code=00101009175&supplier_code=00100005&order_time=2024-03-11 HTTP/1.1" 200 415
180.164.1.25 - - [11/Mar/2024:10:34:30 +0800] "GET /xingrg/all/function/internal_message.html?_=1710124469557&CODE_STATE=getMsg HTTP/1.1" 200 27
222.69.132.250 - - [11/Mar/2024:10:34:30 +0800] "GET /xingrg/all/function/internal_message.html?_=1710124471830&CODE_STATE=getMsg HTTP/1.1" 200 27
222.70.115.1 - - [11/Mar/2024:10:34:31 +0800] "GET /xingrg/all/function/internal_message.html?_=1710124471689&CODE_STATE=getMsg HTTP/1.1" 200 27
58.40.7.146 - - [11/Mar/2024:10:34:32 +0800] "GET /xingrg/all/function/internal_message.html?_=1710124477973&CODE_STATE=getMsg HTTP/1.1" 200 27
58.40.7.146 - - [11/Mar/2024:10:34:32 +0800] "GET /xingrg/check_reg.html?_=1710124477977 HTTP/1.1" 200 22
218.79.29.78 - - [11/Mar/2024:10:34:32 +0800] "GET /xingrg/all/function/internal_message.html?_=1710124475416&CODE_STATE=getMsg HTTP/1.1" 200 27
120.253.135.82 - - [11/Mar/2024:10:34:32 +0800] "GET /xingrg/all/function/internal_message.html?_=1710124311755&CODE_STATE=getMsg HTTP/1.1" 200 27
116.224.254.208 - - [11/Mar/2024:10:34:35 +0800] "GET /xingrg/check_reg.html?_=1710124475628 HTTP/1.1" 200 22
116.224.254.208 - - [11/Mar/2024:10:34:35 +0800] "GET /xingrg/all/function/internal_message.html?_=1710124475631&CODE_STATE=getMsg HTTP/1.1" 200 27
180.169.147.146 - - [11/Mar/2024:10:34:37 +0800] "GET /xingrg/check_reg.html?_=1710124475676 HTTP/1.1" 302 -
180.169.147.146 - - [11/Mar/2024:10:34:37 +0800] "GET /xingrg/all/function/internal_message.html?_=1710124475679&CODE_STATE=getMsg HTTP/1.1" 302 -
124.77.241.9 - - [11/Mar/2024:10:34:42 +0800] "GET /xingrg/check_reg.html?_=1710124484470 HTTP/1.1" 200 22
116.238.97.31 - - [11/Mar/2024:10:34:43 +0800] "GET /xingrg/login.html HTTP/1.1" 200 7641
116.238.97.31 - - [11/Mar/2024:10:34:43 +0800] "GET /favicon.ico HTTP/1.1" 404 -
116.232.194.112 - - [11/Mar/2024:10:34:44 +0800] "GET /xingrg/kc/buy/cgsh_order_operate.html?command=get_materiel&rest_code=00155&code=00101008103&supplier_code=00100005&order_time=2024-03-11 HTTP/1.1" 200 417
116.238.97.31 - - [11/Mar/2024:10:34:45 +0800] "POST /xingrg/login.do HTTP/1.1" 302 -
116.238.97.31 - - [11/Mar/2024:10:34:45 +0800] "GET /xingrg/index.html?sysBaseUrl=http%3A%2F%2F180.169.147.146%3A18081%2Fxingrg%2F&costTime=816×tamp=1710124485402 HTTP/1.1" 200 17173
116.238.97.31 - - [11/Mar/2024:10:34:45 +0800] "GET /favicon.ico HTTP/1.1" 404 -
116.238.97.31 - - [11/Mar/2024:10:34:45 +0800] "GET /xingrg/check_reg.html?_=1710124488052 HTTP/1.1" 200 22
