180.164.1.25 - - [11/Mar/2024:07:38:11 +0800] "GET /xingrg/all/function/internal_message.html?_=1710113890186&CODE_STATE=getMsg HTTP/1.1" 200 27
218.79.29.78 - - [11/Mar/2024:07:38:32 +0800] "GET /xingrg/all/function/internal_message.html?_=1710113915275&CODE_STATE=getMsg HTTP/1.1" 200 27
116.224.254.208 - - [11/Mar/2024:07:38:48 +0800] "GET /xingrg/all/function/internal_message.html?_=1710113929045&CODE_STATE=getMsg HTTP/1.1" 200 27
124.78.60.103 - - [11/Mar/2024:07:38:55 +0800] "GET /xingrg/all/function/internal_message.html?_=1710113935743&CODE_STATE=getMsg HTTP/1.1" 200 27
120.253.135.82 - - [11/Mar/2024:07:38:58 +0800] "GET /xingrg/all/function/internal_message.html?_=1710113777456&CODE_STATE=getMsg HTTP/1.1" 200 27
116.238.97.31 - - [11/Mar/2024:07:38:59 +0800] "GET /xingrg/all/function/internal_message.html?_=1710113939606&CODE_STATE=getMsg HTTP/1.1" 200 27
116.230.123.13 - - [11/Mar/2024:07:39:08 +0800] "GET /xingrg/check_reg.html?_=1710114002158 HTTP/1.1" 302 -
116.230.123.13 - - [11/Mar/2024:07:39:08 +0800] "GET /xingrg/all/function/internal_message.html?_=1710114002160&CODE_STATE=getMsg HTTP/1.1" 302 -
180.164.1.25 - - [11/Mar/2024:07:39:11 +0800] "GET /xingrg/all/function/internal_message.html?_=1710113950159&CODE_STATE=getMsg HTTP/1.1" 200 27
218.79.29.78 - - [11/Mar/2024:07:39:33 +0800] "GET /xingrg/all/function/internal_message.html?_=1710113975277&CODE_STATE=getMsg HTTP/1.1" 200 27
116.224.254.208 - - [11/Mar/2024:07:39:48 +0800] "GET /xingrg/all/function/internal_message.html?_=1710113989036&CODE_STATE=getMsg HTTP/1.1" 200 27
124.78.60.103 - - [11/Mar/2024:07:39:55 +0800] "GET /xingrg/all/function/internal_message.html?_=1710113995732&CODE_STATE=getMsg HTTP/1.1" 200 27
116.238.97.31 - - [11/Mar/2024:07:39:59 +0800] "GET /xingrg/all/function/internal_message.html?_=1710113999600&CODE_STATE=getMsg HTTP/1.1" 200 27
120.253.135.82 - - [11/Mar/2024:07:39:59 +0800] "GET /xingrg/all/function/internal_message.html?_=1710113837843&CODE_STATE=getMsg HTTP/1.1" 200 27
116.230.123.13 - - [11/Mar/2024:07:40:08 +0800] "GET /xingrg/all/function/internal_message.html?_=1710114062170&CODE_STATE=getMsg HTTP/1.1" 302 -
180.164.1.25 - - [11/Mar/2024:07:40:10 +0800] "GET /xingrg/all/function/internal_message.html?_=1710114010132&CODE_STATE=getMsg HTTP/1.1" 200 27
218.79.29.78 - - [11/Mar/2024:07:40:32 +0800] "GET /xingrg/all/function/internal_message.html?_=1710114035278&CODE_STATE=getMsg HTTP/1.1" 200 27
116.224.254.208 - - [11/Mar/2024:07:40:48 +0800] "GET /xingrg/all/function/internal_message.html?_=1710114049052&CODE_STATE=getMsg HTTP/1.1" 200 27
116.224.254.208 - - [11/Mar/2024:07:40:48 +0800] "GET /xingrg/check_reg.html?_=1710114049055 HTTP/1.1" 200 22
120.253.135.82 - - [11/Mar/2024:07:40:52 +0800] "GET /xingrg/check_reg.html?_=1710113891700 HTTP/1.1" 200 22
124.78.60.103 - - [11/Mar/2024:07:40:55 +0800] "GET /xingrg/all/function/internal_message.html?_=1710114055739&CODE_STATE=getMsg HTTP/1.1" 200 27
124.78.60.103 - - [11/Mar/2024:07:40:55 +0800] "GET /xingrg/check_reg.html?_=1710114055743 HTTP/1.1" 200 22
116.238.97.31 - - [11/Mar/2024:07:40:59 +0800] "GET /xingrg/all/function/internal_message.html?_=1710114059602&CODE_STATE=getMsg HTTP/1.1" 200 27
120.253.135.82 - - [11/Mar/2024:07:40:59 +0800] "GET /xingrg/all/function/internal_message.html?_=1710113897855&CODE_STATE=getMsg HTTP/1.1" 200 27
116.238.97.31 - - [11/Mar/2024:07:41:06 +0800] "GET /xingrg/kc/buy/cgsh_order_operate.html?command=get_materiel&rest_code=00102&code=00101008354&supplier_code=00100008&order_time=2024-03-11 HTTP/1.1" 200 412
116.230.123.13 - - [11/Mar/2024:07:41:08 +0800] "GET /xingrg/all/function/internal_message.html?_=1710114122166&CODE_STATE=getMsg HTTP/1.1" 302 -
180.164.1.25 - - [11/Mar/2024:07:41:10 +0800] "GET /xingrg/all/function/internal_message.html?_=1710114070117&CODE_STATE=getMsg HTTP/1.1" 200 27
116.238.97.31 - - [11/Mar/2024:07:41:14 +0800] "GET /xingrg/kc/buy/cgsh_order_operate.html?command=get_materiel&rest_code=00102&code=00101008095&supplier_code=00100008&order_time=2024-03-11 HTTP/1.1" 200 413
116.238.97.31 - - [11/Mar/2024:07:41:23 +0800] "GET /xingrg/kc/buy/cgsh_order_operate.html?command=get_materiel&rest_code=00102&code=00101008110&supplier_code=00100008&order_time=2024-03-11 HTTP/1.1" 200 409
218.79.29.78 - - [11/Mar/2024:07:41:33 +0800] "GET /xingrg/all/function/internal_message.html?_=1710114095279&CODE_STATE=getMsg HTTP/1.1" 200 27
218.79.29.78 - - [11/Mar/2024:07:41:33 +0800] "GET /xingrg/check_reg.html?_=1710114095284 HTTP/1.1" 200 22
116.238.97.31 - - [11/Mar/2024:07:41:33 +0800] "GET /xingrg/kc/buy/cgsh_order_operate.html?command=get_materiel&rest_code=00102&code=00101008038&supplier_code=00100008&order_time=2024-03-11 HTTP/1.1" 200 412
116.238.97.31 - - [11/Mar/2024:07:41:42 +0800] "GET /xingrg/kc/buy/cgsh_order_operate.html?command=get_materiel&rest_code=00102&code=00101008350&supplier_code=00100008&order_time=2024-03-11 HTTP/1.1" 200 408
116.224.254.208 - - [11/Mar/2024:07:41:48 +0800] "GET /xingrg/all/function/internal_message.html?_=1710114109042&CODE_STATE=getMsg HTTP/1.1" 200 27
116.238.97.31 - - [11/Mar/2024:07:41:53 +0800] "GET /xingrg/kc/buy/cgsh_order_operate.html?command=get_materiel&rest_code=00102&code=00101008368&supplier_code=00100008&order_time=2024-03-11 HTTP/1.1" 200 408
124.78.60.103 - - [11/Mar/2024:07:41:55 +0800] "GET /xingrg/all/function/internal_message.html?_=1710114115733&CODE_STATE=getMsg HTTP/1.1" 200 27
116.238.97.31 - - [11/Mar/2024:07:41:59 +0800] "GET /xingrg/check_reg.html?_=1710114119598 HTTP/1.1" 200 22
116.238.97.31 - - [11/Mar/2024:07:41:59 +0800] "GET /xingrg/all/function/internal_message.html?_=1710114119599&CODE_STATE=getMsg HTTP/1.1" 200 27
120.253.135.82 - - [11/Mar/2024:07:41:59 +0800] "GET /xingrg/all/function/internal_message.html?_=1710113957859&CODE_STATE=getMsg HTTP/1.1" 200 27
116.238.97.31 - - [11/Mar/2024:07:42:04 +0800] "GET /xingrg/kc/buy/cgsh_order_operate.html?command=get_materiel&rest_code=00102&code=00101008069&supplier_code=00100008&order_time=2024-03-11 HTTP/1.1" 200 412
116.230.123.13 - - [11/Mar/2024:07:42:08 +0800] "GET /xingrg/all/function/internal_message.html?_=1710114182151&CODE_STATE=getMsg HTTP/1.1" 302 -
180.164.1.25 - - [11/Mar/2024:07:42:10 +0800] "GET /xingrg/all/function/internal_message.html?_=1710114130092&CODE_STATE=getMsg HTTP/1.1" 200 27
116.238.97.31 - - [11/Mar/2024:07:42:15 +0800] "GET /xingrg/kc/buy/cgsh_order_operate.html?command=get_materiel&rest_code=00102&code=00101008131&supplier_code=00100008&order_time=2024-03-11 HTTP/1.1" 200 408
116.238.97.31 - - [11/Mar/2024:07:42:23 +0800] "GET /xingrg/kc/buy/cgsh_order_operate.html?command=get_materiel&rest_code=00102&code=00101008353&supplier_code=00100008&order_time=2024-03-11 HTTP/1.1" 200 408
180.164.1.25 - - [11/Mar/2024:07:42:27 +0800] "GET /xingrg/check_reg.html?_=1710114146778 HTTP/1.1" 200 22
116.238.97.31 - - [11/Mar/2024:07:42:31 +0800] "GET /xingrg/kc/buy/cgsh_order_operate.html?command=get_materiel&rest_code=00102&code=00101008037&supplier_code=00100008&order_time=2024-03-11 HTTP/1.1" 200 413
218.79.29.78 - - [11/Mar/2024:07:42:33 +0800] "GET /xingrg/all/function/internal_message.html?_=1710114155286&CODE_STATE=getMsg HTTP/1.1" 200 27
116.238.97.31 - - [11/Mar/2024:07:42:40 +0800] "GET /xingrg/kc/buy/cgsh_order_operate.html?command=get_materiel&rest_code=00102&code=00101008230&supplier_code=00100008&order_time=2024-03-11 HTTP/1.1" 200 408
116.224.254.208 - - [11/Mar/2024:07:42:48 +0800] "GET /xingrg/all/function/internal_message.html?_=1710114169055&CODE_STATE=getMsg HTTP/1.1" 200 27
116.238.97.31 - - [11/Mar/2024:07:42:50 +0800] "GET /xingrg/kc/buy/cgsh_order_operate.html?command=get_materiel&rest_code=00102&code=00101008286&supplier_code=00100008&order_time=2024-03-11 HTTP/1.1" 200 408
172.20.0.100 - - [11/Mar/2024:07:42:55 +0800] "GET /xingrg/check_reg.html?_=1710114197509 HTTP/1.1" 302 -
124.78.60.103 - - [11/Mar/2024:07:42:55 +0800] "GET /xingrg/all/function/internal_message.html?_=1710114175740&CODE_STATE=getMsg HTTP/1.1" 200 27
116.238.97.31 - - [11/Mar/2024:07:42:59 +0800] "GET /xingrg/all/function/internal_message.html?_=1710114179581&CODE_STATE=getMsg HTTP/1.1" 200 27
116.238.97.31 - - [11/Mar/2024:07:42:59 +0800] "GET /xingrg/kc/buy/cgsh_order_operate.html?command=get_materiel&rest_code=00102&code=00101008161&supplier_code=00100008&order_time=2024-03-11 HTTP/1.1" 200 409
120.253.135.82 - - [11/Mar/2024:07:42:59 +0800] "GET /xingrg/all/function/internal_message.html?_=1710114018254&CODE_STATE=getMsg HTTP/1.1" 200 27
116.238.97.31 - - [11/Mar/2024:07:43:08 +0800] "GET /xingrg/kc/buy/cgsh_order_operate.html?command=get_materiel&rest_code=00102&code=00101008285&supplier_code=00100008&order_time=2024-03-11 HTTP/1.1" 200 413
116.230.123.13 - - [11/Mar/2024:07:43:08 +0800] "GET /xingrg/all/function/internal_message.html?_=1710114242164&CODE_STATE=getMsg HTTP/1.1" 302 -
180.164.1.25 - - [11/Mar/2024:07:43:10 +0800] "GET /xingrg/all/function/internal_message.html?_=1710114190065&CODE_STATE=getMsg HTTP/1.1" 200 27
116.238.97.31 - - [11/Mar/2024:07:43:18 +0800] "GET /xingrg/kc/buy/cgsh_order_operate.html?command=get_materiel&rest_code=00102&code=00101008694&supplier_code=00100008&order_time=2024-03-11 HTTP/1.1" 200 420
116.238.97.31 - - [11/Mar/2024:07:43:28 +0800] "GET /xingrg/kc/buy/cgsh_order_operate.html?command=get_materiel&rest_code=00102&code=00101008257&supplier_code=00100008&order_time=2024-03-11 HTTP/1.1" 200 416
218.79.29.78 - - [11/Mar/2024:07:43:33 +0800] "GET /xingrg/all/function/internal_message.html?_=1710114215286&CODE_STATE=getMsg HTTP/1.1" 200 27
116.238.97.31 - - [11/Mar/2024:07:43:37 +0800] "GET /xingrg/kc/buy/cgsh_order_operate.html?command=get_materiel&rest_code=00102&code=00101015183&supplier_code=00100008&order_time=2024-03-11 HTTP/1.1" 200 421
116.238.97.31 - - [11/Mar/2024:07:43:46 +0800] "GET /xingrg/kc/buy/cgsh_order_operate.html?command=get_materiel&rest_code=00102&code=00101013030&supplier_code=00100008&order_time=2024-03-11 HTTP/1.1" 200 409
116.224.254.208 - - [11/Mar/2024:07:43:48 +0800] "GET /xingrg/all/function/internal_message.html?_=1710114229056&CODE_STATE=getMsg HTTP/1.1" 200 27
116.238.97.31 - - [11/Mar/2024:07:43:49 +0800] "POST /xingrg/kc/buy/cgsh_order_operate.html HTTP/1.1" 200 2065
124.78.60.103 - - [11/Mar/2024:07:43:55 +0800] "GET /xingrg/all/function/internal_message.html?_=1710114235736&CODE_STATE=getMsg HTTP/1.1" 200 27
116.238.97.31 - - [11/Mar/2024:07:43:58 +0800] "POST /xingrg/kc/buy/cgsh_order_operate.html HTTP/1.1" 200 37
120.253.135.82 - - [11/Mar/2024:07:43:59 +0800] "GET /xingrg/all/function/internal_message.html?_=1710114078262&CODE_STATE=getMsg HTTP/1.1" 200 27
116.238.97.31 - - [11/Mar/2024:07:44:01 +0800] "POST /xingrg/kc/buy/cgsh_order_operate.html HTTP/1.1" 200 13305
116.230.123.13 - - [11/Mar/2024:07:44:08 +0800] "GET /xingrg/check_reg.html?_=1710114302155 HTTP/1.1" 302 -
116.230.123.13 - - [11/Mar/2024:07:44:08 +0800] "GET /xingrg/all/function/internal_message.html?_=1710114302157&CODE_STATE=getMsg HTTP/1.1" 302 -
180.164.1.25 - - [11/Mar/2024:07:44:10 +0800] "GET /xingrg/all/function/internal_message.html?_=1710114250038&CODE_STATE=getMsg HTTP/1.1" 200 27
116.238.97.31 - - [11/Mar/2024:07:44:10 +0800] "GET /xingrg/kc/buy/cgsh_order_operate.html?command=get_materiel&rest_code=00102&code=00101010168&supplier_code=00100008&order_time=2024-03-11 HTTP/1.1" 200 413
114.83.218.176 - - [11/Mar/2024:07:44:20 +0800] "POST /xingrg/services/DataTransmitService HTTP/1.1" 200 524
116.238.97.31 - - [11/Mar/2024:07:44:20 +0800] "GET /xingrg/kc/buy/cgsh_order_operate.html?command=get_materiel&rest_code=00102&code=00101008114&supplier_code=00100008&order_time=2024-03-11 HTTP/1.1" 200 412
218.79.29.78 - - [11/Mar/2024:07:44:33 +0800] "GET /xingrg/all/function/internal_message.html?_=1710114275291&CODE_STATE=getMsg HTTP/1.1" 200 27
116.238.97.31 - - [11/Mar/2024:07:44:34 +0800] "GET /xingrg/kc/buy/cgsh_order_operate.html?command=get_materiel&rest_code=00102&code=00101015046&supplier_code=00100008&order_time=2024-03-11 HTTP/1.1" 200 412
116.238.97.31 - - [11/Mar/2024:07:44:42 +0800] "GET /xingrg/kc/buy/cgsh_order_operate.html?command=get_materiel&rest_code=00102&code=00101008704&supplier_code=00100008&order_time=2024-03-11 HTTP/1.1" 200 409
116.238.97.31 - - [11/Mar/2024:07:44:44 +0800] "POST /xingrg/kc/buy/cgsh_order_operate.html HTTP/1.1" 200 2065
116.224.254.208 - - [11/Mar/2024:07:44:48 +0800] "GET /xingrg/all/function/internal_message.html?_=1710114289045&CODE_STATE=getMsg HTTP/1.1" 200 27
116.238.97.31 - - [11/Mar/2024:07:44:50 +0800] "GET /xingrg/kc/buy/cgsh_order_operate.html?command=get_materiel&rest_code=00102&code=00101008591&supplier_code=00100008&order_time=2024-03-11 HTTP/1.1" 200 409
124.78.60.103 - - [11/Mar/2024:07:44:55 +0800] "GET /xingrg/all/function/internal_message.html?_=1710114295753&CODE_STATE=getMsg HTTP/1.1" 200 27
116.238.97.31 - - [11/Mar/2024:07:44:59 +0800] "GET /xingrg/all/function/internal_message.html?_=1710114299609&CODE_STATE=getMsg HTTP/1.1" 200 27
120.253.135.82 - - [11/Mar/2024:07:44:59 +0800] "GET /xingrg/all/function/internal_message.html?_=1710114138655&CODE_STATE=getMsg HTTP/1.1" 200 27
116.230.123.13 - - [11/Mar/2024:07:45:08 +0800] "GET /xingrg/all/function/internal_message.html?_=1710114362170&CODE_STATE=getMsg HTTP/1.1" 302 -
180.164.1.25 - - [11/Mar/2024:07:45:10 +0800] "GET /xingrg/all/function/internal_message.html?_=1710114310024&CODE_STATE=getMsg HTTP/1.1" 200 27
116.238.97.31 - - [11/Mar/2024:07:45:26 +0800] "GET /xingrg/kc/buy/cgsh_order_operate.html?command=get_materiel&rest_code=00102&code=00101008312&supplier_code=00100008&order_time=2024-03-11 HTTP/1.1" 200 412
218.79.29.78 - - [11/Mar/2024:07:45:33 +0800] "GET /xingrg/all/function/internal_message.html?_=1710114335291&CODE_STATE=getMsg HTTP/1.1" 200 27
116.238.97.31 - - [11/Mar/2024:07:45:37 +0800] "GET /xingrg/kc/buy/cgsh_order_operate.html?command=get_materiel&rest_code=00102&code=00101008403&supplier_code=00100008&order_time=2024-03-11 HTTP/1.1" 200 412
116.238.97.31 - - [11/Mar/2024:07:45:46 +0800] "GET /xingrg/kc/buy/cgsh_order_operate.html?command=get_materiel&rest_code=00102&code=00101008355&supplier_code=00100008&order_time=2024-03-11 HTTP/1.1" 200 408
116.238.97.31 - - [11/Mar/2024:07:45:48 +0800] "POST /xingrg/kc/buy/cgsh_order_operate.html HTTP/1.1" 200 2065
116.224.254.208 - - [11/Mar/2024:07:45:48 +0800] "GET /xingrg/all/function/internal_message.html?_=1710114349044&CODE_STATE=getMsg HTTP/1.1" 200 27
116.224.254.208 - - [11/Mar/2024:07:45:48 +0800] "GET /xingrg/check_reg.html?_=1710114349047 HTTP/1.1" 200 22
120.253.135.82 - - [11/Mar/2024:07:45:52 +0800] "GET /xingrg/check_reg.html?_=1710114191705 HTTP/1.1" 200 22
116.238.97.31 - - [11/Mar/2024:07:45:55 +0800] "GET /xingrg/kc/buy/cgsh_order_operate.html?command=get_materiel&rest_code=00102&code=00101008251&supplier_code=00100008&order_time=2024-03-11 HTTP/1.1" 200 408
124.78.60.103 - - [11/Mar/2024:07:45:55 +0800] "GET /xingrg/check_reg.html?_=1710114355730 HTTP/1.1" 200 22
124.78.60.103 - - [11/Mar/2024:07:45:55 +0800] "GET /xingrg/all/function/internal_message.html?_=1710114355734&CODE_STATE=getMsg HTTP/1.1" 200 27
116.238.97.31 - - [11/Mar/2024:07:45:59 +0800] "GET /xingrg/all/function/internal_message.html?_=1710114359591&CODE_STATE=getMsg HTTP/1.1" 200 27
120.253.135.82 - - [11/Mar/2024:07:45:59 +0800] "GET /xingrg/all/function/internal_message.html?_=1710114198665&CODE_STATE=getMsg HTTP/1.1" 200 27
116.238.97.31 - - [11/Mar/2024:07:46:05 +0800] "GET /xingrg/kc/buy/cgsh_order_operate.html?command=get_materiel&rest_code=00102&code=00101008291&supplier_code=00100008&order_time=2024-03-11 HTTP/1.1" 200 408
116.230.123.13 - - [11/Mar/2024:07:46:08 +0800] "GET /xingrg/all/function/internal_message.html?_=1710114422161&CODE_STATE=getMsg HTTP/1.1" 302 -
180.164.1.25 - - [11/Mar/2024:07:46:10 +0800] "GET /xingrg/all/function/internal_message.html?_=1710114370020&CODE_STATE=getMsg HTTP/1.1" 200 27
116.238.97.31 - - [11/Mar/2024:07:46:13 +0800] "GET /xingrg/kc/buy/cgsh_order_operate.html?command=get_materiel&rest_code=00102&code=00101008261&supplier_code=00100008&order_time=2024-03-11 HTTP/1.1" 200 410
116.238.97.31 - - [11/Mar/2024:07:46:23 +0800] "GET /xingrg/kc/buy/cgsh_order_operate.html?command=get_materiel&rest_code=00102&code=00101008331&supplier_code=00100008&order_time=2024-03-11 HTTP/1.1" 200 418
218.79.29.78 - - [11/Mar/2024:07:46:33 +0800] "GET /xingrg/check_reg.html?_=1710114395292 HTTP/1.1" 200 22
218.79.29.78 - - [11/Mar/2024:07:46:33 +0800] "GET /xingrg/all/function/internal_message.html?_=1710114395297&CODE_STATE=getMsg HTTP/1.1" 200 27
116.238.97.31 - - [11/Mar/2024:07:46:34 +0800] "GET /xingrg/kc/buy/cgsh_order_operate.html?command=get_materiel&rest_code=00102&code=00101008005&supplier_code=00100008&order_time=2024-03-11 HTTP/1.1" 200 412
116.238.97.31 - - [11/Mar/2024:07:46:36 +0800] "POST /xingrg/kc/buy/cgsh_order_operate.html HTTP/1.1" 200 2065
116.238.97.31 - - [11/Mar/2024:07:46:44 +0800] "GET /xingrg/kc/buy/cgsh_order_operate.html?command=get_materiel&rest_code=00102&code=00101008372&supplier_code=00100008&order_time=2024-03-11 HTTP/1.1" 200 408
116.224.254.208 - - [11/Mar/2024:07:46:48 +0800] "GET /xingrg/all/function/internal_message.html?_=1710114409036&CODE_STATE=getMsg HTTP/1.1" 200 27
116.238.97.31 - - [11/Mar/2024:07:46:53 +0800] "GET /xingrg/kc/buy/cgsh_order_operate.html?command=get_materiel&rest_code=00102&code=00101008042&supplier_code=00100008&order_time=2024-03-11 HTTP/1.1" 200 416
124.78.60.103 - - [11/Mar/2024:07:46:55 +0800] "GET /xingrg/all/function/internal_message.html?_=1710114415747&CODE_STATE=getMsg HTTP/1.1" 200 27
116.238.97.31 - - [11/Mar/2024:07:46:59 +0800] "GET /xingrg/all/function/internal_message.html?_=1710114419584&CODE_STATE=getMsg HTTP/1.1" 200 27
116.238.97.31 - - [11/Mar/2024:07:46:59 +0800] "GET /xingrg/check_reg.html?_=1710114419588 HTTP/1.1" 200 22
120.253.135.82 - - [11/Mar/2024:07:46:59 +0800] "GET /xingrg/all/function/internal_message.html?_=1710114258687&CODE_STATE=getMsg HTTP/1.1" 200 27
116.230.123.13 - - [11/Mar/2024:07:47:08 +0800] "GET /xingrg/all/function/internal_message.html?_=1710114482156&CODE_STATE=getMsg HTTP/1.1" 302 -
116.238.97.31 - - [11/Mar/2024:07:47:08 +0800] "POST /xingrg/kc/buy/cgsh_order_operate.html HTTP/1.1" 200 37
180.164.1.25 - - [11/Mar/2024:07:47:10 +0800] "GET /xingrg/all/function/internal_message.html?_=1710114429982&CODE_STATE=getMsg HTTP/1.1" 200 27
116.238.97.31 - - [11/Mar/2024:07:47:12 +0800] "POST /xingrg/kc/buy/cgsh_order_operate.html HTTP/1.1" 200 22791
120.253.135.82 - - [11/Mar/2024:07:47:13 +0800] "POST /xingrg/kc/pszx/mdps_list_operate.html HTTP/1.1" 200 3503
120.253.135.82 - - [11/Mar/2024:07:47:16 +0800] "POST /xingrg/kc/pszx/mdps_list_operate.html HTTP/1.1" 200 3503
120.253.135.82 - - [11/Mar/2024:07:47:16 +0800] "POST /xingrg/kc/pszx/mdps_list_operate.html HTTP/1.1" 200 3503
180.164.1.25 - - [11/Mar/2024:07:47:27 +0800] "GET /xingrg/check_reg.html?_=1710114446753 HTTP/1.1" 200 22
120.253.135.82 - - [11/Mar/2024:07:47:30 +0800] "POST /xingrg/kc/pszx/mdps_list_operate.html HTTP/1.1" 200 2438
218.79.29.78 - - [11/Mar/2024:07:47:32 +0800] "GET /xingrg/all/function/internal_message.html?_=1710114455284&CODE_STATE=getMsg HTTP/1.1" 200 27
120.253.135.82 - - [11/Mar/2024:07:47:35 +0800] "POST /xingrg/kc/pszx/mdps_list_operate.html HTTP/1.1" 200 293
120.253.135.82 - - [11/Mar/2024:07:47:36 +0800] "GET /xingrg/kc/pszx/mdps_order_info.html?code=312024031000175 HTTP/1.1" 200 23978
120.253.135.82 - - [11/Mar/2024:07:47:36 +0800] "GET /xingrg/javascript/easyui/themes/default/validatebox.css HTTP/1.1" 404 1104
120.253.135.82 - - [11/Mar/2024:07:47:37 +0800] "POST /xingrg/kc/pszx/mdps_order_operate.html HTTP/1.1" 200 2803
120.253.135.82 - - [11/Mar/2024:07:47:44 +0800] "POST /xingrg/kc/pszx/mdps_order_operate.html HTTP/1.1" 200 37
116.224.254.208 - - [11/Mar/2024:07:47:48 +0800] "GET /xingrg/all/function/internal_message.html?_=1710114469044&CODE_STATE=getMsg HTTP/1.1" 200 27
120.253.135.82 - - [11/Mar/2024:07:47:48 +0800] "POST /xingrg/kc/pszx/mdps_order_operate.html HTTP/1.1" 200 12
172.20.0.100 - - [11/Mar/2024:07:47:55 +0800] "GET /xingrg/check_reg.html?_=1710114497554 HTTP/1.1" 302 -
124.78.60.103 - - [11/Mar/2024:07:47:55 +0800] "GET /xingrg/all/function/internal_message.html?_=1710114475750&CODE_STATE=getMsg HTTP/1.1" 200 27
120.253.135.82 - - [11/Mar/2024:07:47:56 +0800] "GET /xingrg/kc/pszx/mdps_order_info.html?code=312024031000175 HTTP/1.1" 200 19638
120.253.135.82 - - [11/Mar/2024:07:47:57 +0800] "GET /xingrg/javascript/easyui/themes/default/validatebox.css HTTP/1.1" 404 1104
120.253.135.82 - - [11/Mar/2024:07:47:57 +0800] "POST /xingrg/kc/pszx/mdps_order_operate.html HTTP/1.1" 200 1022
116.238.97.31 - - [11/Mar/2024:07:47:59 +0800] "GET /xingrg/all/function/internal_message.html?_=1710114479565&CODE_STATE=getMsg HTTP/1.1" 200 27
120.253.135.82 - - [11/Mar/2024:07:47:59 +0800] "POST /xingrg/kc/pszx/mdps_list_operate.html HTTP/1.1" 200 2064
120.253.135.82 - - [11/Mar/2024:07:48:00 +0800] "GET /xingrg/all/function/internal_message.html?_=1710114319020&CODE_STATE=getMsg HTTP/1.1" 200 27
120.253.135.82 - - [11/Mar/2024:07:48:02 +0800] "POST /xingrg/kc/pszx/mdps_list_operate.html HTTP/1.1" 200 623
120.253.135.82 - - [11/Mar/2024:07:48:03 +0800] "GET /xingrg/kc/pszx/mdps_order_info.html?code=312024031000174 HTTP/1.1" 200 23978
120.253.135.82 - - [11/Mar/2024:07:48:03 +0800] "GET /xingrg/javascript/easyui/themes/default/validatebox.css HTTP/1.1" 404 1104
120.253.135.82 - - [11/Mar/2024:07:48:04 +0800] "POST /xingrg/kc/pszx/mdps_order_operate.html HTTP/1.1" 200 10454
120.253.135.82 - - [11/Mar/2024:07:48:07 +0800] "POST /xingrg/kc/pszx/mdps_order_operate.html HTTP/1.1" 200 37
116.230.123.13 - - [11/Mar/2024:07:48:08 +0800] "GET /xingrg/all/function/internal_message.html?_=1710114542165&CODE_STATE=getMsg HTTP/1.1" 302 -
180.164.1.25 - - [11/Mar/2024:07:48:10 +0800] "GET /xingrg/all/function/internal_message.html?_=1710114489968&CODE_STATE=getMsg HTTP/1.1" 200 27
120.253.135.82 - - [11/Mar/2024:07:48:12 +0800] "POST /xingrg/kc/pszx/mdps_order_operate.html HTTP/1.1" 200 12
120.253.135.82 - - [11/Mar/2024:07:48:14 +0800] "GET /xingrg/kc/pszx/mdps_order_info.html?code=312024031000174 HTTP/1.1" 200 19638
120.253.135.82 - - [11/Mar/2024:07:48:15 +0800] "GET /xingrg/javascript/easyui/themes/default/validatebox.css HTTP/1.1" 404 1104
120.253.135.82 - - [11/Mar/2024:07:48:15 +0800] "POST /xingrg/kc/pszx/mdps_order_operate.html HTTP/1.1" 200 8606
120.253.135.82 - - [11/Mar/2024:07:48:31 +0800] "POST /xingrg/kc/pszx/mdps_list_operate.html HTTP/1.1" 200 1690
120.253.135.82 - - [11/Mar/2024:07:48:32 +0800] "POST /xingrg/kc/pszx/mdps_list_operate.html HTTP/1.1" 200 512
218.79.29.78 - - [11/Mar/2024:07:48:32 +0800] "GET /xingrg/all/function/internal_message.html?_=1710114515283&CODE_STATE=getMsg HTTP/1.1" 200 27
120.253.135.82 - - [11/Mar/2024:07:48:34 +0800] "GET /xingrg/kc/pszx/mdps_order_info.html?code=312024031000173 HTTP/1.1" 200 23978
120.253.135.82 - - [11/Mar/2024:07:48:34 +0800] "GET /xingrg/javascript/easyui/themes/default/validatebox.css HTTP/1.1" 404 1104
120.253.135.82 - - [11/Mar/2024:07:48:34 +0800] "POST /xingrg/kc/pszx/mdps_order_operate.html HTTP/1.1" 200 4265
120.253.135.82 - - [11/Mar/2024:07:48:39 +0800] "POST /xingrg/kc/pszx/mdps_order_operate.html HTTP/1.1" 200 37
120.253.135.82 - - [11/Mar/2024:07:48:43 +0800] "POST /xingrg/kc/pszx/mdps_order_operate.html HTTP/1.1" 200 12
116.224.254.208 - - [11/Mar/2024:07:48:48 +0800] "GET /xingrg/all/function/internal_message.html?_=1710114529034&CODE_STATE=getMsg HTTP/1.1" 200 27
124.78.60.103 - - [11/Mar/2024:07:48:55 +0800] "GET /xingrg/all/function/internal_message.html?_=1710114535749&CODE_STATE=getMsg HTTP/1.1" 200 27
116.238.97.31 - - [11/Mar/2024:07:48:59 +0800] "GET /xingrg/all/function/internal_message.html?_=1710114539565&CODE_STATE=getMsg HTTP/1.1" 200 27
116.230.123.13 - - [11/Mar/2024:07:49:08 +0800] "GET /xingrg/check_reg.html?_=1710114602162 HTTP/1.1" 302 -
116.230.123.13 - - [11/Mar/2024:07:49:08 +0800] "GET /xingrg/all/function/internal_message.html?_=1710114602163&CODE_STATE=getMsg HTTP/1.1" 302 -
180.164.1.25 - - [11/Mar/2024:07:49:10 +0800] "GET /xingrg/all/function/internal_message.html?_=1710114549945&CODE_STATE=getMsg HTTP/1.1" 200 27
120.253.135.82 - - [11/Mar/2024:07:49:10 +0800] "GET /xingrg/kc/pszx/mdps_order_info.html?code=312024031000173 HTTP/1.1" 200 19638
120.253.135.82 - - [11/Mar/2024:07:49:11 +0800] "GET /xingrg/all/function/internal_message.html?_=1710114390450&CODE_STATE=getMsg HTTP/1.1" 200 27
120.253.135.82 - - [11/Mar/2024:07:49:11 +0800] "GET /xingrg/javascript/easyui/themes/default/validatebox.css HTTP/1.1" 404 1104
120.253.135.82 - - [11/Mar/2024:07:49:11 +0800] "POST /xingrg/kc/pszx/mdps_order_operate.html HTTP/1.1" 200 2470
120.253.135.82 - - [11/Mar/2024:07:49:13 +0800] "POST /xingrg/kc/pszx/mdps_list_operate.html HTTP/1.1" 200 868
120.253.135.82 - - [11/Mar/2024:07:49:15 +0800] "GET /xingrg/kc/pszx/mdps_order_list.html?orderType=0 HTTP/1.1" 200 21033
120.253.135.82 - - [11/Mar/2024:07:49:16 +0800] "POST /xingrg/kc/pszx/mdps_list_operate.html HTTP/1.1" 200 5312
120.253.135.82 - - [11/Mar/2024:07:49:19 +0800] "GET /xingrg/kc/pszx/mdqp_order_list.html?state=10 HTTP/1.1" 200 10319
120.253.135.82 - - [11/Mar/2024:07:49:19 +0800] "GET /xingrg/dwr/interface/AjaxReportQueryService.js HTTP/1.1" 200 13203
120.253.135.82 - - [11/Mar/2024:07:49:19 +0800] "GET /xingrg/dwr/interface/AjaxQqpsService.js HTTP/1.1" 200 16326
120.253.135.82 - - [11/Mar/2024:07:49:19 +0800] "GET /xingrg/dwr/engine.js HTTP/1.1" 200 43631
120.253.135.82 - - [11/Mar/2024:07:49:24 +0800] "GET /xingrg/kc/pszx/mdps_order_list.html?orderType=0 HTTP/1.1" 200 21033
120.253.135.82 - - [11/Mar/2024:07:49:24 +0800] "POST /xingrg/kc/pszx/mdps_list_operate.html HTTP/1.1" 200 5312
120.253.135.82 - - [11/Mar/2024:07:49:29 +0800] "POST /xingrg/kc/pszx/mdps_list_operate.html HTTP/1.1" 200 3497
120.253.135.82 - - [11/Mar/2024:07:49:30 +0800] "POST /xingrg/kc/pszx/mdps_list_operate.html HTTP/1.1" 200 647
120.253.135.82 - - [11/Mar/2024:07:49:32 +0800] "POST /xingrg/kc/pszx/mdps_list_operate.html HTTP/1.1" 200 202
218.79.29.78 - - [11/Mar/2024:07:49:33 +0800] "GET /xingrg/all/function/internal_message.html?_=1710114575286&CODE_STATE=getMsg HTTP/1.1" 200 27
120.253.135.82 - - [11/Mar/2024:07:49:33 +0800] "POST /xingrg/kc/pszx/mdps_list_operate.html HTTP/1.1" 200 644
120.253.135.82 - - [11/Mar/2024:07:49:35 +0800] "POST /xingrg/kc/pszx/mdps_list_operate.html HTTP/1.1" 200 620
120.253.135.82 - - [11/Mar/2024:07:49:38 +0800] "GET /xingrg/kc/pszx/mdps_order_info.html?code=312024031000178 HTTP/1.1" 200 23972
120.253.135.82 - - [11/Mar/2024:07:49:39 +0800] "GET /xingrg/javascript/easyui/themes/default/validatebox.css HTTP/1.1" 404 1104
120.253.135.82 - - [11/Mar/2024:07:49:39 +0800] "POST /xingrg/kc/pszx/mdps_order_operate.html HTTP/1.1" 200 5308
120.253.135.82 - - [11/Mar/2024:07:49:46 +0800] "GET /xingrg/kc/pszx/mdps_order_info.html?code=312024031000178 HTTP/1.1" 200 23972
120.253.135.82 - - [11/Mar/2024:07:49:47 +0800] "GET /xingrg/javascript/easyui/themes/default/validatebox.css HTTP/1.1" 404 1104
120.253.135.82 - - [11/Mar/2024:07:49:47 +0800] "POST /xingrg/kc/pszx/mdps_order_operate.html HTTP/1.1" 200 5308
116.224.254.208 - - [11/Mar/2024:07:49:48 +0800] "GET /xingrg/all/function/internal_message.html?_=1710114589045&CODE_STATE=getMsg HTTP/1.1" 200 27
120.253.135.82 - - [11/Mar/2024:07:49:49 +0800] "POST /xingrg/kc/pszx/mdps_list_operate.html HTTP/1.1" 200 3497
120.253.135.82 - - [11/Mar/2024:07:49:50 +0800] "POST /xingrg/kc/pszx/mdps_list_operate.html HTTP/1.1" 200 367
120.253.135.82 - - [11/Mar/2024:07:49:52 +0800] "POST /xingrg/kc/pszx/mdps_list_operate.html HTTP/1.1" 200 201
124.78.60.103 - - [11/Mar/2024:07:49:55 +0800] "GET /xingrg/all/function/internal_message.html?_=1710114595748&CODE_STATE=getMsg HTTP/1.1" 200 27
120.253.135.82 - - [11/Mar/2024:07:49:57 +0800] "GET /xingrg/kc/pszx/mdps_order_info.html?code=312024031000177 HTTP/1.1" 200 23972
120.253.135.82 - - [11/Mar/2024:07:49:57 +0800] "GET /xingrg/javascript/easyui/themes/default/validatebox.css HTTP/1.1" 404 1104
120.253.135.82 - - [11/Mar/2024:07:49:58 +0800] "POST /xingrg/kc/pszx/mdps_order_operate.html HTTP/1.1" 200 3292
116.238.97.31 - - [11/Mar/2024:07:49:58 +0800] "GET /xingrg/all/function/internal_message.html?_=1710114599535&CODE_STATE=getMsg HTTP/1.1" 200 27
120.253.135.82 - - [11/Mar/2024:07:50:02 +0800] "POST /xingrg/kc/pszx/mdps_list_operate.html HTTP/1.1" 200 3497
120.253.135.82 - - [11/Mar/2024:07:50:03 +0800] "POST /xingrg/kc/pszx/mdps_list_operate.html HTTP/1.1" 200 620
120.253.135.82 - - [11/Mar/2024:07:50:06 +0800] "GET /xingrg/kc/pszx/mdps_order_info.html?code=312024031000178 HTTP/1.1" 200 23972
120.253.135.82 - - [11/Mar/2024:07:50:07 +0800] "GET /xingrg/javascript/easyui/themes/default/validatebox.css HTTP/1.1" 404 1104
120.253.135.82 - - [11/Mar/2024:07:50:07 +0800] "POST /xingrg/kc/pszx/mdps_order_operate.html HTTP/1.1" 200 5308
116.230.123.13 - - [11/Mar/2024:07:50:08 +0800] "GET /xingrg/all/function/internal_message.html?_=1710114662153&CODE_STATE=getMsg HTTP/1.1" 302 -
180.164.1.25 - - [11/Mar/2024:07:50:10 +0800] "GET /xingrg/all/function/internal_message.html?_=1710114609925&CODE_STATE=getMsg HTTP/1.1" 200 27
120.253.135.82 - - [11/Mar/2024:07:50:11 +0800] "GET /xingrg/all/function/internal_message.html?_=1710114450464&CODE_STATE=getMsg HTTP/1.1" 200 27
218.79.29.78 - - [11/Mar/2024:07:50:32 +0800] "GET /xingrg/all/function/internal_message.html?_=1710114635287&CODE_STATE=getMsg HTTP/1.1" 200 27
116.224.254.208 - - [11/Mar/2024:07:50:48 +0800] "GET /xingrg/all/function/internal_message.html?_=1710114649040&CODE_STATE=getMsg HTTP/1.1" 200 27
116.224.254.208 - - [11/Mar/2024:07:50:48 +0800] "GET /xingrg/check_reg.html?_=1710114649043 HTTP/1.1" 200 22
120.253.135.82 - - [11/Mar/2024:07:50:52 +0800] "GET /xingrg/check_reg.html?_=1710114491711 HTTP/1.1" 200 22
124.78.60.103 - - [11/Mar/2024:07:50:55 +0800] "GET /xingrg/check_reg.html?_=1710114655752 HTTP/1.1" 200 22
124.78.60.103 - - [11/Mar/2024:07:50:55 +0800] "GET /xingrg/all/function/internal_message.html?_=1710114655763&CODE_STATE=getMsg HTTP/1.1" 200 27
116.238.97.31 - - [11/Mar/2024:07:50:58 +0800] "GET /xingrg/all/function/internal_message.html?_=1710114659542&CODE_STATE=getMsg HTTP/1.1" 200 27
116.230.123.13 - - [11/Mar/2024:07:51:08 +0800] "GET /xingrg/all/function/internal_message.html?_=1710114722170&CODE_STATE=getMsg HTTP/1.1" 302 -
180.164.1.25 - - [11/Mar/2024:07:51:10 +0800] "GET /xingrg/all/function/internal_message.html?_=1710114669901&CODE_STATE=getMsg HTTP/1.1" 200 27
120.253.135.82 - - [11/Mar/2024:07:51:11 +0800] "GET /xingrg/all/function/internal_message.html?_=1710114510478&CODE_STATE=getMsg HTTP/1.1" 200 27
116.238.97.31 - - [11/Mar/2024:07:51:31 +0800] "POST /xingrg/kc/buy/cgsh_order_operate.html HTTP/1.1" 200 37
218.79.29.78 - - [11/Mar/2024:07:51:33 +0800] "GET /xingrg/all/function/internal_message.html?_=1710114695288&CODE_STATE=getMsg HTTP/1.1" 200 27
218.79.29.78 - - [11/Mar/2024:07:51:33 +0800] "GET /xingrg/check_reg.html?_=1710114695291 HTTP/1.1" 200 22
116.238.97.31 - - [11/Mar/2024:07:51:34 +0800] "POST /xingrg/kc/buy/cgsh_order_operate.html HTTP/1.1" 200 22794
116.238.97.31 - - [11/Mar/2024:07:51:42 +0800] "POST /xingrg/kc/buy/cgsh_order_operate.html HTTP/1.1" 200 37
116.224.254.208 - - [11/Mar/2024:07:51:48 +0800] "GET /xingrg/all/function/internal_message.html?_=1710114709049&CODE_STATE=getMsg HTTP/1.1" 200 27
116.238.97.31 - - [11/Mar/2024:07:51:51 +0800] "POST /xingrg/kc/buy/cgsh_order_operate.html HTTP/1.1" 200 12
116.238.97.31 - - [11/Mar/2024:07:51:53 +0800] "GET /xingrg/kc/buy/cgsh_order_info.html?code=212024031103139 HTTP/1.1" 200 68597
116.238.97.31 - - [11/Mar/2024:07:51:54 +0800] "GET /xingrg/javascript/easyui/themes/default/validatebox.css HTTP/1.1" 404 1104
116.238.97.31 - - [11/Mar/2024:07:51:55 +0800] "POST /xingrg/kc/buy/cgsh_order_operate.html HTTP/1.1" 200 20739
124.78.60.103 - - [11/Mar/2024:07:51:55 +0800] "GET /xingrg/all/function/internal_message.html?_=1710114715752&CODE_STATE=getMsg HTTP/1.1" 200 27
116.238.97.31 - - [11/Mar/2024:07:51:58 +0800] "GET /xingrg/all/function/internal_message.html?_=1710114719519&CODE_STATE=getMsg HTTP/1.1" 200 27
116.238.97.31 - - [11/Mar/2024:07:51:59 +0800] "GET /xingrg/check_reg.html?_=1710114719599 HTTP/1.1" 200 22
116.230.123.13 - - [11/Mar/2024:07:52:08 +0800] "GET /xingrg/all/function/internal_message.html?_=1710114782161&CODE_STATE=getMsg HTTP/1.1" 302 -
180.164.1.25 - - [11/Mar/2024:07:52:10 +0800] "GET /xingrg/all/function/internal_message.html?_=1710114729884&CODE_STATE=getMsg HTTP/1.1" 200 27
120.253.135.82 - - [11/Mar/2024:07:52:11 +0800] "GET /xingrg/all/function/internal_message.html?_=1710114570491&CODE_STATE=getMsg HTTP/1.1" 200 27
180.164.1.25 - - [11/Mar/2024:07:52:27 +0800] "GET /xingrg/check_reg.html?_=1710114746746 HTTP/1.1" 200 22
218.79.29.78 - - [11/Mar/2024:07:52:32 +0800] "GET /xingrg/all/function/internal_message.html?_=1710114755292&CODE_STATE=getMsg HTTP/1.1" 200 27
116.224.254.208 - - [11/Mar/2024:07:52:48 +0800] "GET /xingrg/all/function/internal_message.html?_=1710114769036&CODE_STATE=getMsg HTTP/1.1" 200 27
172.20.0.100 - - [11/Mar/2024:07:52:55 +0800] "GET /xingrg/check_reg.html?_=1710114797587 HTTP/1.1" 302 -
124.78.60.103 - - [11/Mar/2024:07:52:55 +0800] "GET /xingrg/all/function/internal_message.html?_=1710114775745&CODE_STATE=getMsg HTTP/1.1" 200 27
116.238.97.31 - - [11/Mar/2024:07:52:58 +0800] "GET /xingrg/all/function/internal_message.html?_=1710114779501&CODE_STATE=getMsg HTTP/1.1" 200 27
116.230.123.13 - - [11/Mar/2024:07:53:08 +0800] "GET /xingrg/all/function/internal_message.html?_=1710114842165&CODE_STATE=getMsg HTTP/1.1" 302 -
180.164.1.25 - - [11/Mar/2024:07:53:10 +0800] "GET /xingrg/all/function/internal_message.html?_=1710114789861&CODE_STATE=getMsg HTTP/1.1" 200 27
120.253.135.82 - - [11/Mar/2024:07:53:11 +0800] "GET /xingrg/all/function/internal_message.html?_=1710114630767&CODE_STATE=getMsg HTTP/1.1" 200 27
218.79.29.78 - - [11/Mar/2024:07:53:33 +0800] "GET /xingrg/all/function/internal_message.html?_=1710114815292&CODE_STATE=getMsg HTTP/1.1" 200 27
116.224.254.208 - - [11/Mar/2024:07:53:48 +0800] "GET /xingrg/all/function/internal_message.html?_=1710114829050&CODE_STATE=getMsg HTTP/1.1" 200 27
124.78.60.103 - - [11/Mar/2024:07:53:55 +0800] "GET /xingrg/all/function/internal_message.html?_=1710114835739&CODE_STATE=getMsg HTTP/1.1" 200 27
116.238.97.31 - - [11/Mar/2024:07:53:58 +0800] "GET /xingrg/all/function/internal_message.html?_=1710114839477&CODE_STATE=getMsg HTTP/1.1" 200 27
116.230.123.13 - - [11/Mar/2024:07:54:00 +0800] "POST /xingrg/services/DataTransmitService HTTP/1.1" 200 524
116.230.123.13 - - [11/Mar/2024:07:54:08 +0800] "GET /xingrg/check_reg.html?_=1710114902151 HTTP/1.1" 302 -
116.230.123.13 - - [11/Mar/2024:07:54:08 +0800] "GET /xingrg/all/function/internal_message.html?_=1710114902153&CODE_STATE=getMsg HTTP/1.1" 302 -
180.164.1.25 - - [11/Mar/2024:07:54:10 +0800] "GET /xingrg/all/function/internal_message.html?_=1710114849834&CODE_STATE=getMsg HTTP/1.1" 200 27
120.253.135.82 - - [11/Mar/2024:07:54:11 +0800] "GET /xingrg/all/function/internal_message.html?_=1710114690769&CODE_STATE=getMsg HTTP/1.1" 200 27
218.79.29.78 - - [11/Mar/2024:07:54:32 +0800] "GET /xingrg/all/function/internal_message.html?_=1710114875293&CODE_STATE=getMsg HTTP/1.1" 200 27
116.224.254.208 - - [11/Mar/2024:07:54:48 +0800] "GET /xingrg/all/function/internal_message.html?_=1710114889045&CODE_STATE=getMsg HTTP/1.1" 200 27
124.78.60.103 - - [11/Mar/2024:07:54:55 +0800] "GET /xingrg/all/function/internal_message.html?_=1710114895737&CODE_STATE=getMsg HTTP/1.1" 200 27
116.238.97.31 - - [11/Mar/2024:07:54:58 +0800] "GET /xingrg/all/function/internal_message.html?_=1710114899464&CODE_STATE=getMsg HTTP/1.1" 200 27
116.230.123.13 - - [11/Mar/2024:07:55:08 +0800] "GET /xingrg/all/function/internal_message.html?_=1710114962162&CODE_STATE=getMsg HTTP/1.1" 302 -
180.164.1.25 - - [11/Mar/2024:07:55:10 +0800] "GET /xingrg/all/function/internal_message.html?_=1710114909809&CODE_STATE=getMsg HTTP/1.1" 200 27
120.253.135.82 - - [11/Mar/2024:07:55:12 +0800] "GET /xingrg/all/function/internal_message.html?_=1710114751035&CODE_STATE=getMsg HTTP/1.1" 200 27
218.79.29.78 - - [11/Mar/2024:07:55:33 +0800] "GET /xingrg/all/function/internal_message.html?_=1710114935299&CODE_STATE=getMsg HTTP/1.1" 200 27
116.224.254.208 - - [11/Mar/2024:07:55:48 +0800] "GET /xingrg/check_reg.html?_=1710114949037 HTTP/1.1" 200 22
116.224.254.208 - - [11/Mar/2024:07:55:48 +0800] "GET /xingrg/all/function/internal_message.html?_=1710114949040&CODE_STATE=getMsg HTTP/1.1" 200 27
120.253.135.82 - - [11/Mar/2024:07:55:52 +0800] "GET /xingrg/check_reg.html?_=1710114791716 HTTP/1.1" 200 22
124.78.60.103 - - [11/Mar/2024:07:55:55 +0800] "GET /xingrg/all/function/internal_message.html?_=1710114955726&CODE_STATE=getMsg HTTP/1.1" 200 27
124.78.60.103 - - [11/Mar/2024:07:55:55 +0800] "GET /xingrg/check_reg.html?_=1710114955731 HTTP/1.1" 200 22
116.238.97.31 - - [11/Mar/2024:07:55:58 +0800] "GET /xingrg/all/function/internal_message.html?_=1710114959441&CODE_STATE=getMsg HTTP/1.1" 200 27
116.230.123.13 - - [11/Mar/2024:07:56:08 +0800] "GET /xingrg/all/function/internal_message.html?_=1710115022176&CODE_STATE=getMsg HTTP/1.1" 302 -
180.164.1.25 - - [11/Mar/2024:07:56:10 +0800] "GET /xingrg/all/function/internal_message.html?_=1710114969788&CODE_STATE=getMsg HTTP/1.1" 200 27
120.253.135.82 - - [11/Mar/2024:07:56:12 +0800] "GET /xingrg/all/function/internal_message.html?_=1710114811046&CODE_STATE=getMsg HTTP/1.1" 200 27
218.79.29.78 - - [11/Mar/2024:07:56:33 +0800] "GET /xingrg/check_reg.html?_=1710114995300 HTTP/1.1" 200 22
218.79.29.78 - - [11/Mar/2024:07:56:33 +0800] "GET /xingrg/all/function/internal_message.html?_=1710114995303&CODE_STATE=getMsg HTTP/1.1" 200 27
116.224.254.208 - - [11/Mar/2024:07:56:48 +0800] "GET /xingrg/all/function/internal_message.html?_=1710115009057&CODE_STATE=getMsg HTTP/1.1" 200 27
124.78.60.103 - - [11/Mar/2024:07:56:55 +0800] "GET /xingrg/all/function/internal_message.html?_=1710115015745&CODE_STATE=getMsg HTTP/1.1" 200 27
116.238.97.31 - - [11/Mar/2024:07:56:58 +0800] "GET /xingrg/all/function/internal_message.html?_=1710115019420&CODE_STATE=getMsg HTTP/1.1" 200 27
116.238.97.31 - - [11/Mar/2024:07:56:59 +0800] "GET /xingrg/check_reg.html?_=1710115019607 HTTP/1.1" 200 22
116.230.123.13 - - [11/Mar/2024:07:57:08 +0800] "GET /xingrg/all/function/internal_message.html?_=1710115082176&CODE_STATE=getMsg HTTP/1.1" 302 -
180.164.1.25 - - [11/Mar/2024:07:57:10 +0800] "GET /xingrg/all/function/internal_message.html?_=1710115029772&CODE_STATE=getMsg HTTP/1.1" 200 27
120.253.135.82 - - [11/Mar/2024:07:57:12 +0800] "GET /xingrg/all/function/internal_message.html?_=1710114871058&CODE_STATE=getMsg HTTP/1.1" 200 27
180.164.1.25 - - [11/Mar/2024:07:57:27 +0800] "GET /xingrg/check_reg.html?_=1710115046738 HTTP/1.1" 200 22
218.79.29.78 - - [11/Mar/2024:07:57:32 +0800] "GET /xingrg/all/function/internal_message.html?_=1710115055290&CODE_STATE=getMsg HTTP/1.1" 200 27
116.224.254.208 - - [11/Mar/2024:07:57:48 +0800] "GET /xingrg/all/function/internal_message.html?_=1710115069046&CODE_STATE=getMsg HTTP/1.1" 200 27
172.20.0.100 - - [11/Mar/2024:07:57:55 +0800] "GET /xingrg/check_reg.html?_=1710115097643 HTTP/1.1" 302 -
124.78.60.103 - - [11/Mar/2024:07:57:55 +0800] "GET /xingrg/all/function/internal_message.html?_=1710115075736&CODE_STATE=getMsg HTTP/1.1" 200 27
116.238.97.31 - - [11/Mar/2024:07:57:58 +0800] "GET /xingrg/all/function/internal_message.html?_=1710115079421&CODE_STATE=getMsg HTTP/1.1" 200 27
116.230.123.13 - - [11/Mar/2024:07:58:08 +0800] "GET /xingrg/all/function/internal_message.html?_=1710115142168&CODE_STATE=getMsg HTTP/1.1" 302 -
180.164.1.25 - - [11/Mar/2024:07:58:10 +0800] "GET /xingrg/all/function/internal_message.html?_=1710115089766&CODE_STATE=getMsg HTTP/1.1" 200 27
120.253.135.82 - - [11/Mar/2024:07:58:12 +0800] "GET /xingrg/all/function/internal_message.html?_=1710114931472&CODE_STATE=getMsg HTTP/1.1" 200 27
218.79.29.78 - - [11/Mar/2024:07:58:32 +0800] "GET /xingrg/all/function/internal_message.html?_=1710115115290&CODE_STATE=getMsg HTTP/1.1" 200 27
116.224.254.208 - - [11/Mar/2024:07:58:48 +0800] "GET /xingrg/all/function/internal_message.html?_=1710115129035&CODE_STATE=getMsg HTTP/1.1" 200 27
124.78.60.103 - - [11/Mar/2024:07:58:55 +0800] "GET /xingrg/all/function/internal_message.html?_=1710115135728&CODE_STATE=getMsg HTTP/1.1" 200 27
116.238.97.31 - - [11/Mar/2024:07:58:58 +0800] "GET /xingrg/all/function/internal_message.html?_=1710115139398&CODE_STATE=getMsg HTTP/1.1" 200 27
116.230.123.13 - - [11/Mar/2024:07:59:08 +0800] "GET /xingrg/check_reg.html?_=1710115202159 HTTP/1.1" 302 -
116.230.123.13 - - [11/Mar/2024:07:59:08 +0800] "GET /xingrg/all/function/internal_message.html?_=1710115202162&CODE_STATE=getMsg HTTP/1.1" 302 -
180.164.1.25 - - [11/Mar/2024:07:59:10 +0800] "GET /xingrg/all/function/internal_message.html?_=1710115149739&CODE_STATE=getMsg HTTP/1.1" 200 27
120.253.135.82 - - [11/Mar/2024:07:59:12 +0800] "GET /xingrg/all/function/internal_message.html?_=1710114991475&CODE_STATE=getMsg HTTP/1.1" 200 27
218.79.29.78 - - [11/Mar/2024:07:59:32 +0800] "GET /xingrg/all/function/internal_message.html?_=1710115175291&CODE_STATE=getMsg HTTP/1.1" 200 27
116.224.254.208 - - [11/Mar/2024:07:59:48 +0800] "GET /xingrg/all/function/internal_message.html?_=1710115189038&CODE_STATE=getMsg HTTP/1.1" 200 27
124.78.60.103 - - [11/Mar/2024:07:59:55 +0800] "GET /xingrg/all/function/internal_message.html?_=1710115195746&CODE_STATE=getMsg HTTP/1.1" 200 27
116.238.97.31 - - [11/Mar/2024:07:59:58 +0800] "GET /xingrg/all/function/internal_message.html?_=1710115199375&CODE_STATE=getMsg HTTP/1.1" 200 27
116.230.123.13 - - [11/Mar/2024:08:00:08 +0800] "GET /xingrg/all/function/internal_message.html?_=1710115262173&CODE_STATE=getMsg HTTP/1.1" 302 -
180.164.1.25 - - [11/Mar/2024:08:00:10 +0800] "GET /xingrg/all/function/internal_message.html?_=1710115209720&CODE_STATE=getMsg HTTP/1.1" 200 27
120.253.135.82 - - [11/Mar/2024:08:00:13 +0800] "GET /xingrg/all/function/internal_message.html?_=1710115051912&CODE_STATE=getMsg HTTP/1.1" 200 27
218.79.29.78 - - [11/Mar/2024:08:00:32 +0800] "GET /xingrg/all/function/internal_message.html?_=1710115235292&CODE_STATE=getMsg HTTP/1.1" 200 27
116.224.254.208 - - [11/Mar/2024:08:00:48 +0800] "GET /xingrg/check_reg.html?_=1710115249055 HTTP/1.1" 200 22
116.224.254.208 - - [11/Mar/2024:08:00:48 +0800] "GET /xingrg/all/function/internal_message.html?_=1710115249058&CODE_STATE=getMsg HTTP/1.1" 200 27
120.253.135.82 - - [11/Mar/2024:08:00:52 +0800] "GET /xingrg/check_reg.html?_=1710115091738 HTTP/1.1" 200 22
124.78.60.103 - - [11/Mar/2024:08:00:55 +0800] "GET /xingrg/check_reg.html?_=1710115255741 HTTP/1.1" 200 22
124.78.60.103 - - [11/Mar/2024:08:00:55 +0800] "GET /xingrg/all/function/internal_message.html?_=1710115255744&CODE_STATE=getMsg HTTP/1.1" 200 27
116.238.97.31 - - [11/Mar/2024:08:00:58 +0800] "GET /xingrg/all/function/internal_message.html?_=1710115259355&CODE_STATE=getMsg HTTP/1.1" 200 27
116.230.123.13 - - [11/Mar/2024:08:01:08 +0800] "GET /xingrg/all/function/internal_message.html?_=1710115322173&CODE_STATE=getMsg HTTP/1.1" 302 -
180.164.1.25 - - [11/Mar/2024:08:01:10 +0800] "GET /xingrg/all/function/internal_message.html?_=1710115269716&CODE_STATE=getMsg HTTP/1.1" 200 27
120.253.135.82 - - [11/Mar/2024:08:01:13 +0800] "GET /xingrg/all/function/internal_message.html?_=1710115111940&CODE_STATE=getMsg HTTP/1.1" 200 27
218.79.29.78 - - [11/Mar/2024:08:01:33 +0800] "GET /xingrg/all/function/internal_message.html?_=1710115295298&CODE_STATE=getMsg HTTP/1.1" 200 27
218.79.29.78 - - [11/Mar/2024:08:01:33 +0800] "GET /xingrg/check_reg.html?_=1710115295301 HTTP/1.1" 200 22
116.224.254.208 - - [11/Mar/2024:08:01:48 +0800] "GET /xingrg/all/function/internal_message.html?_=1710115309047&CODE_STATE=getMsg HTTP/1.1" 200 27
124.78.60.103 - - [11/Mar/2024:08:01:55 +0800] "GET /xingrg/all/function/internal_message.html?_=1710115315739&CODE_STATE=getMsg HTTP/1.1" 200 27
116.238.97.31 - - [11/Mar/2024:08:01:58 +0800] "GET /xingrg/all/function/internal_message.html?_=1710115319340&CODE_STATE=getMsg HTTP/1.1" 200 27
116.238.97.31 - - [11/Mar/2024:08:01:59 +0800] "GET /xingrg/check_reg.html?_=1710115319603 HTTP/1.1" 200 22
116.230.123.13 - - [11/Mar/2024:08:02:08 +0800] "GET /xingrg/all/function/internal_message.html?_=1710115382160&CODE_STATE=getMsg HTTP/1.1" 302 -
180.164.1.25 - - [11/Mar/2024:08:02:10 +0800] "GET /xingrg/all/function/internal_message.html?_=1710115329702&CODE_STATE=getMsg HTTP/1.1" 200 27
120.253.135.82 - - [11/Mar/2024:08:02:13 +0800] "GET /xingrg/all/function/internal_message.html?_=1710115171953&CODE_STATE=getMsg HTTP/1.1" 200 27
180.164.1.25 - - [11/Mar/2024:08:02:27 +0800] "GET /xingrg/check_reg.html?_=1710115346723 HTTP/1.1" 200 22
218.79.29.78 - - [11/Mar/2024:08:02:32 +0800] "GET /xingrg/all/function/internal_message.html?_=1710115355302&CODE_STATE=getMsg HTTP/1.1" 200 27
116.224.254.208 - - [11/Mar/2024:08:02:48 +0800] "GET /xingrg/all/function/internal_message.html?_=1710115369041&CODE_STATE=getMsg HTTP/1.1" 200 27
172.20.0.100 - - [11/Mar/2024:08:02:55 +0800] "GET /xingrg/check_reg.html?_=1710115397682 HTTP/1.1" 302 -
124.78.60.103 - - [11/Mar/2024:08:02:55 +0800] "GET /xingrg/all/function/internal_message.html?_=1710115375735&CODE_STATE=getMsg HTTP/1.1" 200 27
116.238.97.31 - - [11/Mar/2024:08:02:58 +0800] "GET /xingrg/all/function/internal_message.html?_=1710115379339&CODE_STATE=getMsg HTTP/1.1" 200 27
116.230.123.13 - - [11/Mar/2024:08:03:08 +0800] "GET /xingrg/all/function/internal_message.html?_=1710115442166&CODE_STATE=getMsg HTTP/1.1" 302 -
180.164.1.25 - - [11/Mar/2024:08:03:10 +0800] "GET /xingrg/all/function/internal_message.html?_=1710115389692&CODE_STATE=getMsg HTTP/1.1" 200 27
120.253.135.82 - - [11/Mar/2024:08:03:13 +0800] "GET /xingrg/all/function/internal_message.html?_=1710115232382&CODE_STATE=getMsg HTTP/1.1" 200 27
218.79.29.78 - - [11/Mar/2024:08:03:33 +0800] "GET /xingrg/all/function/internal_message.html?_=1710115415302&CODE_STATE=getMsg HTTP/1.1" 200 27
116.224.254.208 - - [11/Mar/2024:08:03:48 +0800] "GET /xingrg/all/function/internal_message.html?_=1710115429059&CODE_STATE=getMsg HTTP/1.1" 200 27
124.78.60.103 - - [11/Mar/2024:08:03:55 +0800] "GET /xingrg/all/function/internal_message.html?_=1710115435728&CODE_STATE=getMsg HTTP/1.1" 200 27
116.238.97.31 - - [11/Mar/2024:08:03:58 +0800] "GET /xingrg/all/function/internal_message.html?_=1710115439323&CODE_STATE=getMsg HTTP/1.1" 200 27
116.230.123.13 - - [11/Mar/2024:08:04:08 +0800] "GET /xingrg/check_reg.html?_=1710115502158 HTTP/1.1" 302 -
116.230.123.13 - - [11/Mar/2024:08:04:08 +0800] "GET /xingrg/all/function/internal_message.html?_=1710115502161&CODE_STATE=getMsg HTTP/1.1" 302 -
180.164.1.25 - - [11/Mar/2024:08:04:10 +0800] "GET /xingrg/all/function/internal_message.html?_=1710115449669&CODE_STATE=getMsg HTTP/1.1" 200 27
120.253.135.82 - - [11/Mar/2024:08:04:13 +0800] "GET /xingrg/all/function/internal_message.html?_=1710115292407&CODE_STATE=getMsg HTTP/1.1" 200 27
218.79.29.78 - - [11/Mar/2024:08:04:32 +0800] "GET /xingrg/all/function/internal_message.html?_=1710115475306&CODE_STATE=getMsg HTTP/1.1" 200 27
116.224.254.208 - - [11/Mar/2024:08:04:48 +0800] "GET /xingrg/all/function/internal_message.html?_=1710115489047&CODE_STATE=getMsg HTTP/1.1" 200 27
124.78.60.103 - - [11/Mar/2024:08:04:55 +0800] "GET /xingrg/all/function/internal_message.html?_=1710115495737&CODE_STATE=getMsg HTTP/1.1" 200 27
116.238.97.31 - - [11/Mar/2024:08:04:58 +0800] "GET /xingrg/all/function/internal_message.html?_=1710115499303&CODE_STATE=getMsg HTTP/1.1" 200 27
116.230.123.13 - - [11/Mar/2024:08:05:08 +0800] "GET /xingrg/all/function/internal_message.html?_=1710115562174&CODE_STATE=getMsg HTTP/1.1" 302 -
180.164.1.25 - - [11/Mar/2024:08:05:10 +0800] "GET /xingrg/all/function/internal_message.html?_=1710115509653&CODE_STATE=getMsg HTTP/1.1" 200 27
120.253.135.82 - - [11/Mar/2024:08:05:14 +0800] "GET /xingrg/all/function/internal_message.html?_=1710115352835&CODE_STATE=getMsg HTTP/1.1" 200 27
218.79.29.78 - - [11/Mar/2024:08:05:32 +0800] "GET /xingrg/all/function/internal_message.html?_=1710115535292&CODE_STATE=getMsg HTTP/1.1" 200 27
116.224.254.208 - - [11/Mar/2024:08:05:48 +0800] "GET /xingrg/all/function/internal_message.html?_=1710115549040&CODE_STATE=getMsg HTTP/1.1" 200 27
116.224.254.208 - - [11/Mar/2024:08:05:48 +0800] "GET /xingrg/check_reg.html?_=1710115549043 HTTP/1.1" 200 22
120.253.135.82 - - [11/Mar/2024:08:05:52 +0800] "GET /xingrg/check_reg.html?_=1710115391744 HTTP/1.1" 200 22
124.78.60.103 - - [11/Mar/2024:08:05:55 +0800] "GET /xingrg/all/function/internal_message.html?_=1710115555730&CODE_STATE=getMsg HTTP/1.1" 200 27
124.78.60.103 - - [11/Mar/2024:08:05:55 +0800] "GET /xingrg/check_reg.html?_=1710115555733 HTTP/1.1" 200 22
116.238.97.31 - - [11/Mar/2024:08:05:58 +0800] "GET /xingrg/all/function/internal_message.html?_=1710115559280&CODE_STATE=getMsg HTTP/1.1" 200 27
116.230.123.13 - - [11/Mar/2024:08:06:08 +0800] "GET /xingrg/all/function/internal_message.html?_=1710115622171&CODE_STATE=getMsg HTTP/1.1" 302 -
180.164.1.25 - - [11/Mar/2024:08:06:10 +0800] "GET /xingrg/all/function/internal_message.html?_=1710115569637&CODE_STATE=getMsg HTTP/1.1" 200 27
120.253.135.82 - - [11/Mar/2024:08:06:14 +0800] "GET /xingrg/all/function/internal_message.html?_=1710115412851&CODE_STATE=getMsg HTTP/1.1" 200 27
218.79.29.78 - - [11/Mar/2024:08:06:32 +0800] "GET /xingrg/all/function/internal_message.html?_=1710115595294&CODE_STATE=getMsg HTTP/1.1" 200 27
218.79.29.78 - - [11/Mar/2024:08:06:32 +0800] "GET /xingrg/check_reg.html?_=1710115595298 HTTP/1.1" 200 22
