180.169.147.146 - - [11/Mar/2024:09:30:37 +0800] "GET /xingrg/all/function/internal_message.html?_=1710120635671&CODE_STATE=getMsg HTTP/1.1" 302 -
116.237.78.42 - - [11/Mar/2024:09:30:45 +0800] "GET /xingrg/all/function/internal_message.html?_=1710120645240&CODE_STATE=getMsg HTTP/1.1" 200 27
116.237.78.42 - - [11/Mar/2024:09:30:45 +0800] "GET /xingrg/check_reg.html?_=1710120645248 HTTP/1.1" 200 22
116.224.254.208 - - [11/Mar/2024:09:30:47 +0800] "GET /xingrg/all/function/internal_message.html?_=1710120647115&CODE_STATE=getMsg HTTP/1.1" 200 27
116.224.254.208 - - [11/Mar/2024:09:30:49 +0800] "GET /xingrg/all/function/internal_message.html?_=1710120649297&CODE_STATE=getMsg HTTP/1.1" 200 27
116.224.254.208 - - [11/Mar/2024:09:30:49 +0800] "GET /xingrg/check_reg.html?_=1710120649733 HTTP/1.1" 200 22
120.253.135.82 - - [11/Mar/2024:09:30:53 +0800] "GET /xingrg/check_reg.html?_=1710120492572 HTTP/1.1" 200 22
124.78.60.103 - - [11/Mar/2024:09:30:55 +0800] "GET /xingrg/check_reg.html?_=1710120655697 HTTP/1.1" 200 22
124.78.60.103 - - [11/Mar/2024:09:30:55 +0800] "GET /xingrg/all/function/internal_message.html?_=1710120655701&CODE_STATE=getMsg HTTP/1.1" 200 27
101.83.145.37 - - [11/Mar/2024:09:31:01 +0800] "GET /xingrg/all/function/internal_message.html?_=1710120424323&CODE_STATE=getMsg HTTP/1.1" 200 27
116.230.123.13 - - [11/Mar/2024:09:31:08 +0800] "GET /xingrg/all/function/internal_message.html?_=1710120667611&CODE_STATE=getMsg HTTP/1.1" 302 -
116.238.97.31 - - [11/Mar/2024:09:31:15 +0800] "GET /xingrg/check_reg.html?_=1710120677101 HTTP/1.1" 200 22
114.83.218.176 - - [11/Mar/2024:09:31:19 +0800] "GET /xingrg/all/function/internal_message.html?_=1710120677642&CODE_STATE=getMsg HTTP/1.1" 200 27
101.83.145.37 - - [11/Mar/2024:09:31:23 +0800] "GET /xingrg/check_reg.html?_=1710120683117 HTTP/1.1" 200 22
101.83.145.37 - - [11/Mar/2024:09:31:23 +0800] "GET /xingrg/all/function/internal_message.html?_=1710120683118&CODE_STATE=getMsg HTTP/1.1" 200 27
101.228.147.14 - - [11/Mar/2024:09:31:23 +0800] "GET /xingrg/all/function/internal_message.html?_=1710120683180&CODE_STATE=getMsg HTTP/1.1" 200 27
120.253.135.82 - - [11/Mar/2024:09:31:24 +0800] "GET /xingrg/all/function/internal_message.html?_=1710120523240&CODE_STATE=getMsg HTTP/1.1" 200 27
222.69.132.250 - - [11/Mar/2024:09:31:30 +0800] "GET /xingrg/all/function/internal_message.html?_=1710120691827&CODE_STATE=getMsg HTTP/1.1" 200 27
180.164.1.25 - - [11/Mar/2024:09:31:31 +0800] "GET /xingrg/all/function/internal_message.html?_=1710120690447&CODE_STATE=getMsg HTTP/1.1" 200 27
222.70.115.1 - - [11/Mar/2024:09:31:31 +0800] "GET /xingrg/all/function/internal_message.html?_=1710120691556&CODE_STATE=getMsg HTTP/1.1" 200 27
180.164.1.25 - - [11/Mar/2024:09:31:32 +0800] "GET /xingrg/check_reg.html?_=1710120691644 HTTP/1.1" 200 22
218.79.29.78 - - [11/Mar/2024:09:31:32 +0800] "GET /xingrg/check_reg.html?_=1710120695372 HTTP/1.1" 200 22
218.79.29.78 - - [11/Mar/2024:09:31:32 +0800] "GET /xingrg/all/function/internal_message.html?_=1710120695376&CODE_STATE=getMsg HTTP/1.1" 200 27
116.238.97.31 - - [11/Mar/2024:09:31:33 +0800] "GET /xingrg/kc/mdqp/qqps_order_list.html HTTP/1.1" 200 9222
116.238.97.31 - - [11/Mar/2024:09:31:33 +0800] "GET /xingrg/dwr/interface/AjaxQqpsService.js HTTP/1.1" 200 16326
116.238.97.31 - - [11/Mar/2024:09:31:33 +0800] "GET /xingrg/dwr/interface/AjaxReportQueryService.js HTTP/1.1" 200 13203
116.238.97.31 - - [11/Mar/2024:09:31:33 +0800] "GET /xingrg/dwr/engine.js HTTP/1.1" 200 43631
180.169.147.146 - - [11/Mar/2024:09:31:37 +0800] "GET /xingrg/all/function/internal_message.html?_=1710120695677&CODE_STATE=getMsg HTTP/1.1" 302 -
180.169.147.146 - - [11/Mar/2024:09:31:38 +0800] "GET /xingrg/check_reg.html?_=1710120698586 HTTP/1.1" 200 22
116.238.97.31 - - [11/Mar/2024:09:31:40 +0800] "GET /xingrg/kc/mdqp/qqps_order_list.html?isQuery=1&timeSelect=1&orderTime=day&startTime=2024-03-09&endTime=2024-03-09&state=all&query=%C8%B7++%B6%A8 HTTP/1.1" 200 11391
116.238.97.31 - - [11/Mar/2024:09:31:40 +0800] "GET /xingrg/dwr/interface/AjaxQqpsService.js HTTP/1.1" 200 16326
116.238.97.31 - - [11/Mar/2024:09:31:40 +0800] "GET /xingrg/dwr/interface/AjaxReportQueryService.js HTTP/1.1" 200 13203
116.238.97.31 - - [11/Mar/2024:09:31:40 +0800] "GET /xingrg/dwr/engine.js HTTP/1.1" 200 43631
116.238.97.31 - - [11/Mar/2024:09:31:41 +0800] "GET /xingrg/kc/mdqp/qqps_order_info.html?code=302024030900125 HTTP/1.1" 200 26710
116.238.97.31 - - [11/Mar/2024:09:31:41 +0800] "GET /xingrg/dwr/interface/AjaxComOrderService.js HTTP/1.1" 200 18264
116.238.97.31 - - [11/Mar/2024:09:31:41 +0800] "GET /xingrg/dwr/interface/AjaxQqpsService.js HTTP/1.1" 200 16326
116.238.97.31 - - [11/Mar/2024:09:31:41 +0800] "GET /xingrg/dwr/engine.js HTTP/1.1" 200 43631
116.238.97.31 - - [11/Mar/2024:09:31:42 +0800] "POST /xingrg/dwr/call/plaincall/AjaxQqpsService.loadMaterielItems.dwr HTTP/1.1" 200 2768
116.237.78.42 - - [11/Mar/2024:09:31:45 +0800] "GET /xingrg/all/function/internal_message.html?_=1710120705251&CODE_STATE=getMsg HTTP/1.1" 200 27
180.163.29.219 - - [11/Mar/2024:09:31:45 +0800] "GET /xingrg/all/function/internal_message.html?_=1710120645240&CODE_STATE=getMsg HTTP/1.1" 302 -
180.163.29.219 - - [11/Mar/2024:09:31:45 +0800] "GET /xingrg/login.html HTTP/1.1" 200 7641
116.224.254.208 - - [11/Mar/2024:09:31:47 +0800] "GET /xingrg/all/function/internal_message.html?_=1710120707128&CODE_STATE=getMsg HTTP/1.1" 200 27
116.224.254.208 - - [11/Mar/2024:09:31:49 +0800] "GET /xingrg/all/function/internal_message.html?_=1710120709281&CODE_STATE=getMsg HTTP/1.1" 200 27
124.78.60.103 - - [11/Mar/2024:09:31:55 +0800] "GET /xingrg/all/function/internal_message.html?_=1710120715688&CODE_STATE=getMsg HTTP/1.1" 200 27
101.83.145.37 - - [11/Mar/2024:09:32:01 +0800] "GET /xingrg/all/function/internal_message.html?_=1710120484323&CODE_STATE=getMsg HTTP/1.1" 200 27
116.230.123.13 - - [11/Mar/2024:09:32:08 +0800] "GET /xingrg/all/function/internal_message.html?_=1710120727607&CODE_STATE=getMsg HTTP/1.1" 302 -
114.83.218.176 - - [11/Mar/2024:09:32:09 +0800] "GET /xingrg/check_reg.html?_=1710120728468 HTTP/1.1" 200 22
114.83.218.176 - - [11/Mar/2024:09:32:19 +0800] "GET /xingrg/all/function/internal_message.html?_=1710120737612&CODE_STATE=getMsg HTTP/1.1" 200 27
101.83.145.37 - - [11/Mar/2024:09:32:23 +0800] "GET /xingrg/all/function/internal_message.html?_=1710120743122&CODE_STATE=getMsg HTTP/1.1" 200 27
101.228.147.14 - - [11/Mar/2024:09:32:23 +0800] "GET /xingrg/all/function/internal_message.html?_=1710120743182&CODE_STATE=getMsg HTTP/1.1" 200 27
120.253.135.82 - - [11/Mar/2024:09:32:24 +0800] "GET /xingrg/all/function/internal_message.html?_=1710120583253&CODE_STATE=getMsg HTTP/1.1" 200 27
222.69.132.250 - - [11/Mar/2024:09:32:30 +0800] "GET /xingrg/all/function/internal_message.html?_=1710120751826&CODE_STATE=getMsg HTTP/1.1" 200 27
180.164.1.25 - - [11/Mar/2024:09:32:31 +0800] "GET /xingrg/all/function/internal_message.html?_=1710120750436&CODE_STATE=getMsg HTTP/1.1" 200 27
222.70.115.1 - - [11/Mar/2024:09:32:31 +0800] "GET /xingrg/check_reg.html?_=1710120751557 HTTP/1.1" 200 22
222.70.115.1 - - [11/Mar/2024:09:32:31 +0800] "GET /xingrg/all/function/internal_message.html?_=1710120751558&CODE_STATE=getMsg HTTP/1.1" 200 27
218.79.29.78 - - [11/Mar/2024:09:32:32 +0800] "GET /xingrg/all/function/internal_message.html?_=1710120755362&CODE_STATE=getMsg HTTP/1.1" 200 27
180.169.147.146 - - [11/Mar/2024:09:32:37 +0800] "GET /xingrg/all/function/internal_message.html?_=1710120755664&CODE_STATE=getMsg HTTP/1.1" 302 -
116.237.78.42 - - [11/Mar/2024:09:32:45 +0800] "GET /xingrg/all/function/internal_message.html?_=1710120765247&CODE_STATE=getMsg HTTP/1.1" 200 27
180.163.30.85 - - [11/Mar/2024:09:32:45 +0800] "GET /xingrg/all/function/internal_message.html?_=1710120705251&CODE_STATE=getMsg HTTP/1.1" 302 -
180.163.30.85 - - [11/Mar/2024:09:32:45 +0800] "GET /xingrg/login.html HTTP/1.1" 200 7641
124.77.241.9 - - [11/Mar/2024:09:32:45 +0800] "GET /xingrg/kc/buy/cgsh_order_operate.html?command=get_materiel&rest_code=00146&code=00101008558&supplier_code=00100005&order_time=2024-03-11 HTTP/1.1" 200 409
116.224.254.208 - - [11/Mar/2024:09:32:47 +0800] "GET /xingrg/all/function/internal_message.html?_=1710120767125&CODE_STATE=getMsg HTTP/1.1" 200 27
116.224.254.208 - - [11/Mar/2024:09:32:49 +0800] "GET /xingrg/all/function/internal_message.html?_=1710120769265&CODE_STATE=getMsg HTTP/1.1" 200 27
124.78.60.103 - - [11/Mar/2024:09:32:55 +0800] "GET /xingrg/all/function/internal_message.html?_=1710120775701&CODE_STATE=getMsg HTTP/1.1" 200 27
172.20.0.100 - - [11/Mar/2024:09:32:57 +0800] "GET /xingrg/check_reg.html?_=1710120799187 HTTP/1.1" 302 -
101.83.145.37 - - [11/Mar/2024:09:33:01 +0800] "GET /xingrg/check_reg.html?_=1710120544324 HTTP/1.1" 200 22
101.83.145.37 - - [11/Mar/2024:09:33:01 +0800] "GET /xingrg/all/function/internal_message.html?_=1710120544327&CODE_STATE=getMsg HTTP/1.1" 200 27
124.77.241.9 - - [11/Mar/2024:09:33:06 +0800] "GET /xingrg/kc/buy/cgsh_order_operate.html?command=get_materiel&rest_code=00146&code=00101008209&supplier_code=00100005&order_time=2024-03-11 HTTP/1.1" 200 408
116.230.123.13 - - [11/Mar/2024:09:33:08 +0800] "GET /xingrg/all/function/internal_message.html?_=1710120787603&CODE_STATE=getMsg HTTP/1.1" 302 -
114.83.218.176 - - [11/Mar/2024:09:33:19 +0800] "GET /xingrg/all/function/internal_message.html?_=1710120797596&CODE_STATE=getMsg HTTP/1.1" 200 27
101.83.145.37 - - [11/Mar/2024:09:33:23 +0800] "GET /xingrg/all/function/internal_message.html?_=1710120803125&CODE_STATE=getMsg HTTP/1.1" 200 27
101.228.147.14 - - [11/Mar/2024:09:33:23 +0800] "GET /xingrg/all/function/internal_message.html?_=1710120803182&CODE_STATE=getMsg HTTP/1.1" 200 27
120.253.135.82 - - [11/Mar/2024:09:33:24 +0800] "GET /xingrg/all/function/internal_message.html?_=1710120643519&CODE_STATE=getMsg HTTP/1.1" 200 27
222.69.132.250 - - [11/Mar/2024:09:33:30 +0800] "GET /xingrg/check_reg.html?_=1710120811826 HTTP/1.1" 200 22
222.69.132.250 - - [11/Mar/2024:09:33:30 +0800] "GET /xingrg/all/function/internal_message.html?_=1710120811830&CODE_STATE=getMsg HTTP/1.1" 200 27
180.164.1.25 - - [11/Mar/2024:09:33:31 +0800] "GET /xingrg/all/function/internal_message.html?_=1710120810415&CODE_STATE=getMsg HTTP/1.1" 200 27
222.70.115.1 - - [11/Mar/2024:09:33:31 +0800] "GET /xingrg/all/function/internal_message.html?_=1710120811556&CODE_STATE=getMsg HTTP/1.1" 200 27
218.79.29.78 - - [11/Mar/2024:09:33:32 +0800] "GET /xingrg/all/function/internal_message.html?_=1710120815363&CODE_STATE=getMsg HTTP/1.1" 200 27
180.169.147.146 - - [11/Mar/2024:09:33:37 +0800] "GET /xingrg/all/function/internal_message.html?_=1710120815680&CODE_STATE=getMsg HTTP/1.1" 302 -
124.77.241.9 - - [11/Mar/2024:09:33:42 +0800] "GET /xingrg/kc/buy/cgsh_order_operate.html?command=get_materiel&rest_code=00146&code=00101008061&supplier_code=00100005&order_time=2024-03-11 HTTP/1.1" 200 422
116.237.78.42 - - [11/Mar/2024:09:33:45 +0800] "GET /xingrg/all/function/internal_message.html?_=1710120825252&CODE_STATE=getMsg HTTP/1.1" 200 27
180.163.30.85 - - [11/Mar/2024:09:33:45 +0800] "GET /xingrg/all/function/internal_message.html?_=1710120765247&CODE_STATE=getMsg HTTP/1.1" 302 -
180.163.30.85 - - [11/Mar/2024:09:33:45 +0800] "GET /xingrg/login.html HTTP/1.1" 200 7641
116.224.254.208 - - [11/Mar/2024:09:33:47 +0800] "GET /xingrg/all/function/internal_message.html?_=1710120827148&CODE_STATE=getMsg HTTP/1.1" 200 27
116.224.254.208 - - [11/Mar/2024:09:33:49 +0800] "GET /xingrg/all/function/internal_message.html?_=1710120829265&CODE_STATE=getMsg HTTP/1.1" 200 27
124.77.241.9 - - [11/Mar/2024:09:33:49 +0800] "POST /xingrg/kc/buy/cgsh_order_operate.html HTTP/1.1" 200 2065
124.78.60.103 - - [11/Mar/2024:09:33:55 +0800] "GET /xingrg/all/function/internal_message.html?_=1710120835699&CODE_STATE=getMsg HTTP/1.1" 200 27
101.83.145.37 - - [11/Mar/2024:09:34:01 +0800] "GET /xingrg/all/function/internal_message.html?_=1710120604326&CODE_STATE=getMsg HTTP/1.1" 200 27
116.230.123.13 - - [11/Mar/2024:09:34:08 +0800] "GET /xingrg/check_reg.html?_=1710120847623 HTTP/1.1" 302 -
116.230.123.13 - - [11/Mar/2024:09:34:08 +0800] "GET /xingrg/all/function/internal_message.html?_=1710120847621&CODE_STATE=getMsg HTTP/1.1" 302 -
124.77.241.9 - - [11/Mar/2024:09:34:12 +0800] "GET /xingrg/kc/buy/cgsh_order_operate.html?command=get_materiel&rest_code=00146&code=00101009004&supplier_code=00100005&order_time=2024-03-11 HTTP/1.1" 200 409
114.83.218.176 - - [11/Mar/2024:09:34:19 +0800] "GET /xingrg/all/function/internal_message.html?_=1710120857580&CODE_STATE=getMsg HTTP/1.1" 200 27
101.83.145.37 - - [11/Mar/2024:09:34:23 +0800] "GET /xingrg/all/function/internal_message.html?_=1710120863120&CODE_STATE=getMsg HTTP/1.1" 200 27
101.228.147.14 - - [11/Mar/2024:09:34:23 +0800] "GET /xingrg/all/function/internal_message.html?_=1710120863182&CODE_STATE=getMsg HTTP/1.1" 200 27
120.253.135.82 - - [11/Mar/2024:09:34:24 +0800] "GET /xingrg/all/function/internal_message.html?_=1710120703530&CODE_STATE=getMsg HTTP/1.1" 200 27
222.69.132.250 - - [11/Mar/2024:09:34:30 +0800] "GET /xingrg/all/function/internal_message.html?_=1710120871831&CODE_STATE=getMsg HTTP/1.1" 200 27
180.164.1.25 - - [11/Mar/2024:09:34:31 +0800] "GET /xingrg/all/function/internal_message.html?_=1710120870391&CODE_STATE=getMsg HTTP/1.1" 200 27
222.70.115.1 - - [11/Mar/2024:09:34:31 +0800] "GET /xingrg/all/function/internal_message.html?_=1710120871553&CODE_STATE=getMsg HTTP/1.1" 200 27
218.79.29.78 - - [11/Mar/2024:09:34:32 +0800] "GET /xingrg/all/function/internal_message.html?_=1710120875369&CODE_STATE=getMsg HTTP/1.1" 200 27
116.238.97.31 - - [11/Mar/2024:09:34:33 +0800] "GET /xingrg/kc/base/wldb_order_list.html HTTP/1.1" 200 19051
116.238.97.31 - - [11/Mar/2024:09:34:33 +0800] "POST /xingrg/kc/base/wldb_list_operate.html HTTP/1.1" 200 928
116.238.97.31 - - [11/Mar/2024:09:34:34 +0800] "GET /xingrg/kc/base/wldb_order_add.html HTTP/1.1" 200 30378
116.238.97.31 - - [11/Mar/2024:09:34:34 +0800] "GET /xingrg/words/20240310120708_words.js HTTP/1.1" 304 -
116.238.97.31 - - [11/Mar/2024:09:34:34 +0800] "POST /xingrg/kc/base/wldb_order_operate.html HTTP/1.1" 200 6806
116.238.97.31 - - [11/Mar/2024:09:34:34 +0800] "GET /xingrg/all/common/auto_word.html?type=base&rest_code=00102 HTTP/1.1" 200 1857
116.238.97.31 - - [11/Mar/2024:09:34:34 +0800] "GET /xingrg/all/common/auto_word.html?type=base&rest_code=00102 HTTP/1.1" 200 1857
116.238.97.31 - - [11/Mar/2024:09:34:34 +0800] "GET /xingrg/javascript/easyui/themes/default/validatebox.css HTTP/1.1" 404 1104
116.238.97.31 - - [11/Mar/2024:09:34:35 +0800] "POST /xingrg/all/common/load_combo.html?type=base HTTP/1.1" 200 3321
180.169.147.146 - - [11/Mar/2024:09:34:37 +0800] "GET /xingrg/check_reg.html?_=1710120875675 HTTP/1.1" 302 -
180.169.147.146 - - [11/Mar/2024:09:34:37 +0800] "GET /xingrg/all/function/internal_message.html?_=1710120875681&CODE_STATE=getMsg HTTP/1.1" 302 -
124.77.241.9 - - [11/Mar/2024:09:34:38 +0800] "GET /xingrg/kc/buy/cgsh_order_operate.html?command=get_materiel&rest_code=00146&code=00101008704&supplier_code=00100005&order_time=2024-03-11 HTTP/1.1" 200 409
124.77.241.9 - - [11/Mar/2024:09:34:42 +0800] "GET /xingrg/check_reg.html?_=1710120883890 HTTP/1.1" 200 22
116.238.97.31 - - [11/Mar/2024:09:34:42 +0800] "GET /xingrg/kc/base/wldb_order_operate.html?command=get_materiel&rest_code=00102&base_code=0010477&code=00102002006 HTTP/1.1" 200 468
180.163.28.114 - - [11/Mar/2024:09:34:45 +0800] "GET /xingrg/all/function/internal_message.html?_=1710120825252&CODE_STATE=getMsg HTTP/1.1" 302 -
180.163.28.114 - - [11/Mar/2024:09:34:45 +0800] "GET /xingrg/login.html HTTP/1.1" 200 7641
116.237.78.42 - - [11/Mar/2024:09:34:45 +0800] "GET /xingrg/all/function/internal_message.html?_=1710120885251&CODE_STATE=getMsg HTTP/1.1" 200 27
116.224.254.208 - - [11/Mar/2024:09:34:47 +0800] "GET /xingrg/all/function/internal_message.html?_=1710120887158&CODE_STATE=getMsg HTTP/1.1" 200 27
116.224.254.208 - - [11/Mar/2024:09:34:47 +0800] "GET /xingrg/check_reg.html?_=1710120887164 HTTP/1.1" 200 22
116.224.254.208 - - [11/Mar/2024:09:34:49 +0800] "GET /xingrg/all/function/internal_message.html?_=1710120889246&CODE_STATE=getMsg HTTP/1.1" 200 27
124.78.60.103 - - [11/Mar/2024:09:34:55 +0800] "GET /xingrg/all/function/internal_message.html?_=1710120895696&CODE_STATE=getMsg HTTP/1.1" 200 27
124.77.241.9 - - [11/Mar/2024:09:34:56 +0800] "GET /xingrg/kc/buy/cgsh_order_operate.html?command=get_materiel&rest_code=00146&code=00101008123&supplier_code=00100005&order_time=2024-03-11 HTTP/1.1" 200 412
101.83.145.37 - - [11/Mar/2024:09:35:01 +0800] "GET /xingrg/all/function/internal_message.html?_=1710120664327&CODE_STATE=getMsg HTTP/1.1" 200 27
116.230.123.13 - - [11/Mar/2024:09:35:08 +0800] "GET /xingrg/all/function/internal_message.html?_=1710120907614&CODE_STATE=getMsg HTTP/1.1" 302 -
124.77.241.9 - - [11/Mar/2024:09:35:14 +0800] "GET /xingrg/kc/buy/cgsh_order_operate.html?command=get_materiel&rest_code=00146&code=00101015046&supplier_code=00100005&order_time=2024-03-11 HTTP/1.1" 200 412
114.83.218.176 - - [11/Mar/2024:09:35:19 +0800] "GET /xingrg/all/function/internal_message.html?_=1710120917550&CODE_STATE=getMsg HTTP/1.1" 200 27
101.83.145.37 - - [11/Mar/2024:09:35:23 +0800] "GET /xingrg/all/function/internal_message.html?_=1710120923123&CODE_STATE=getMsg HTTP/1.1" 200 27
101.228.147.14 - - [11/Mar/2024:09:35:23 +0800] "GET /xingrg/check_reg.html?_=1710120923213 HTTP/1.1" 200 22
101.228.147.14 - - [11/Mar/2024:09:35:23 +0800] "GET /xingrg/all/function/internal_message.html?_=1710120923184&CODE_STATE=getMsg HTTP/1.1" 200 27
120.253.135.82 - - [11/Mar/2024:09:35:25 +0800] "GET /xingrg/all/function/internal_message.html?_=1710120763800&CODE_STATE=getMsg HTTP/1.1" 200 27
222.69.132.250 - - [11/Mar/2024:09:35:30 +0800] "GET /xingrg/all/function/internal_message.html?_=1710120931807&CODE_STATE=getMsg HTTP/1.1" 200 27
180.164.1.25 - - [11/Mar/2024:09:35:31 +0800] "GET /xingrg/all/function/internal_message.html?_=1710120930376&CODE_STATE=getMsg HTTP/1.1" 200 27
222.70.115.1 - - [11/Mar/2024:09:35:31 +0800] "GET /xingrg/all/function/internal_message.html?_=1710120931552&CODE_STATE=getMsg HTTP/1.1" 200 27
218.79.29.78 - - [11/Mar/2024:09:35:32 +0800] "GET /xingrg/all/function/internal_message.html?_=1710120935371&CODE_STATE=getMsg HTTP/1.1" 200 27
124.77.241.9 - - [11/Mar/2024:09:35:35 +0800] "POST /xingrg/kc/buy/cgsh_order_operate.html HTTP/1.1" 200 37
180.169.147.146 - - [11/Mar/2024:09:35:37 +0800] "GET /xingrg/all/function/internal_message.html?_=1710120935671&CODE_STATE=getMsg HTTP/1.1" 302 -
124.77.241.9 - - [11/Mar/2024:09:35:45 +0800] "POST /xingrg/kc/buy/cgsh_order_operate.html HTTP/1.1" 200 38755
116.237.78.42 - - [11/Mar/2024:09:35:45 +0800] "GET /xingrg/check_reg.html?_=1710120945260 HTTP/1.1" 200 22
116.237.78.42 - - [11/Mar/2024:09:35:45 +0800] "GET /xingrg/all/function/internal_message.html?_=1710120945251&CODE_STATE=getMsg HTTP/1.1" 200 27
180.163.28.114 - - [11/Mar/2024:09:35:45 +0800] "GET /xingrg/all/function/internal_message.html?_=1710120885251&CODE_STATE=getMsg HTTP/1.1" 302 -
180.163.28.114 - - [11/Mar/2024:09:35:45 +0800] "GET /xingrg/login.html HTTP/1.1" 200 7641
116.224.254.208 - - [11/Mar/2024:09:35:47 +0800] "GET /xingrg/all/function/internal_message.html?_=1710120947170&CODE_STATE=getMsg HTTP/1.1" 200 27
116.224.254.208 - - [11/Mar/2024:09:35:49 +0800] "GET /xingrg/all/function/internal_message.html?_=1710120949222&CODE_STATE=getMsg HTTP/1.1" 200 27
116.224.254.208 - - [11/Mar/2024:09:35:49 +0800] "GET /xingrg/check_reg.html?_=1710120949725 HTTP/1.1" 200 22
120.253.135.82 - - [11/Mar/2024:09:35:53 +0800] "GET /xingrg/check_reg.html?_=1710120792575 HTTP/1.1" 200 22
124.78.60.103 - - [11/Mar/2024:09:35:55 +0800] "GET /xingrg/check_reg.html?_=1710120955693 HTTP/1.1" 200 22
124.78.60.103 - - [11/Mar/2024:09:35:55 +0800] "GET /xingrg/all/function/internal_message.html?_=1710120955697&CODE_STATE=getMsg HTTP/1.1" 200 27
180.163.29.212 - - [11/Mar/2024:09:35:55 +0800] "GET /xingrg/check_reg.html?_=1710120645248 HTTP/1.1" 302 -
180.163.29.212 - - [11/Mar/2024:09:35:55 +0800] "GET /xingrg/login.html HTTP/1.1" 200 7641
101.83.145.37 - - [11/Mar/2024:09:36:01 +0800] "GET /xingrg/all/function/internal_message.html?_=1710120724328&CODE_STATE=getMsg HTTP/1.1" 200 27
116.230.123.13 - - [11/Mar/2024:09:36:08 +0800] "GET /xingrg/all/function/internal_message.html?_=1710120967606&CODE_STATE=getMsg HTTP/1.1" 302 -
116.238.97.31 - - [11/Mar/2024:09:36:15 +0800] "GET /xingrg/check_reg.html?_=1710120977076 HTTP/1.1" 200 22
114.83.218.176 - - [11/Mar/2024:09:36:19 +0800] "GET /xingrg/all/function/internal_message.html?_=1710120977533&CODE_STATE=getMsg HTTP/1.1" 200 27
101.83.145.37 - - [11/Mar/2024:09:36:23 +0800] "GET /xingrg/check_reg.html?_=1710120983124 HTTP/1.1" 200 22
101.83.145.37 - - [11/Mar/2024:09:36:23 +0800] "GET /xingrg/all/function/internal_message.html?_=1710120983128&CODE_STATE=getMsg HTTP/1.1" 200 27
101.228.147.14 - - [11/Mar/2024:09:36:23 +0800] "GET /xingrg/all/function/internal_message.html?_=1710120983218&CODE_STATE=getMsg HTTP/1.1" 200 27
120.253.135.82 - - [11/Mar/2024:09:36:25 +0800] "GET /xingrg/all/function/internal_message.html?_=1710120823808&CODE_STATE=getMsg HTTP/1.1" 200 27
222.69.132.250 - - [11/Mar/2024:09:36:30 +0800] "GET /xingrg/all/function/internal_message.html?_=1710120991816&CODE_STATE=getMsg HTTP/1.1" 200 27
180.164.1.25 - - [11/Mar/2024:09:36:31 +0800] "GET /xingrg/all/function/internal_message.html?_=1710120990352&CODE_STATE=getMsg HTTP/1.1" 200 27
222.70.115.1 - - [11/Mar/2024:09:36:31 +0800] "GET /xingrg/all/function/internal_message.html?_=1710120991549&CODE_STATE=getMsg HTTP/1.1" 200 27
180.164.1.25 - - [11/Mar/2024:09:36:32 +0800] "GET /xingrg/check_reg.html?_=1710120991628 HTTP/1.1" 200 22
218.79.29.78 - - [11/Mar/2024:09:36:32 +0800] "GET /xingrg/all/function/internal_message.html?_=1710120995373&CODE_STATE=getMsg HTTP/1.1" 200 27
218.79.29.78 - - [11/Mar/2024:09:36:32 +0800] "GET /xingrg/check_reg.html?_=1710120995377 HTTP/1.1" 200 22
180.169.147.146 - - [11/Mar/2024:09:36:37 +0800] "GET /xingrg/all/function/internal_message.html?_=1710120995682&CODE_STATE=getMsg HTTP/1.1" 302 -
180.169.147.146 - - [11/Mar/2024:09:36:38 +0800] "GET /xingrg/check_reg.html?_=1710120998582 HTTP/1.1" 200 22
116.238.97.31 - - [11/Mar/2024:09:36:42 +0800] "GET /xingrg/kc/buy/cgsh_order_list.html HTTP/1.1" 200 57880
116.237.78.42 - - [11/Mar/2024:09:36:45 +0800] "GET /xingrg/all/function/internal_message.html?_=1710121005266&CODE_STATE=getMsg HTTP/1.1" 200 27
180.163.28.143 - - [11/Mar/2024:09:36:45 +0800] "GET /xingrg/all/function/internal_message.html?_=1710120945251&CODE_STATE=getMsg HTTP/1.1" 302 -
180.163.28.143 - - [11/Mar/2024:09:36:45 +0800] "GET /xingrg/login.html HTTP/1.1" 200 7641
116.238.97.31 - - [11/Mar/2024:09:36:46 +0800] "POST /xingrg/kc/buy/cgsh_list_operate.html HTTP/1.1" 200 1378
116.224.254.208 - - [11/Mar/2024:09:36:47 +0800] "GET /xingrg/all/function/internal_message.html?_=1710121007204&CODE_STATE=getMsg HTTP/1.1" 200 27
116.224.254.208 - - [11/Mar/2024:09:36:49 +0800] "GET /xingrg/all/function/internal_message.html?_=1710121009206&CODE_STATE=getMsg HTTP/1.1" 200 27
116.238.97.31 - - [11/Mar/2024:09:36:49 +0800] "POST /xingrg/kc/buy/cgsh_list_operate.html HTTP/1.1" 200 421
116.238.97.31 - - [11/Mar/2024:09:36:52 +0800] "GET /xingrg/kc/buy/cgsh_order_info.html?code=212024031103153 HTTP/1.1" 200 73699
116.238.97.31 - - [11/Mar/2024:09:36:52 +0800] "GET /xingrg/javascript/easyui/themes/default/validatebox.css HTTP/1.1" 404 1104
116.238.97.31 - - [11/Mar/2024:09:36:53 +0800] "POST /xingrg/kc/buy/cgsh_order_operate.html HTTP/1.1" 200 4432
124.78.60.103 - - [11/Mar/2024:09:36:55 +0800] "GET /xingrg/all/function/internal_message.html?_=1710121015688&CODE_STATE=getMsg HTTP/1.1" 200 27
124.77.241.9 - - [11/Mar/2024:09:36:57 +0800] "POST /xingrg/kc/buy/cgsh_order_operate.html HTTP/1.1" 200 37
101.83.145.37 - - [11/Mar/2024:09:37:01 +0800] "GET /xingrg/all/function/internal_message.html?_=1710120784329&CODE_STATE=getMsg HTTP/1.1" 200 27
124.77.241.9 - - [11/Mar/2024:09:37:05 +0800] "POST /xingrg/kc/buy/cgsh_order_operate.html HTTP/1.1" 200 38755
116.230.123.13 - - [11/Mar/2024:09:37:08 +0800] "GET /xingrg/all/function/internal_message.html?_=1710121027620&CODE_STATE=getMsg HTTP/1.1" 302 -
180.164.1.25 - - [11/Mar/2024:09:37:09 +0800] "POST /xingrg/services/DataTransmitService HTTP/1.1" 200 524
114.83.218.176 - - [11/Mar/2024:09:37:09 +0800] "GET /xingrg/check_reg.html?_=1710121028487 HTTP/1.1" 200 22
124.77.241.9 - - [11/Mar/2024:09:37:13 +0800] "GET /xingrg/kc/print/load_config.html?kc_code=cgsh HTTP/1.1" 200 1927
124.77.241.9 - - [11/Mar/2024:09:37:13 +0800] "GET /xingrg/kc/print/load_data.html?order_code=212024031103150&kc_code=cgsh&condition= HTTP/1.1" 200 14376
114.83.218.176 - - [11/Mar/2024:09:37:18 +0800] "GET /xingrg/all/function/internal_message.html?_=1710121037504&CODE_STATE=getMsg HTTP/1.1" 200 27
101.83.145.37 - - [11/Mar/2024:09:37:23 +0800] "GET /xingrg/all/function/internal_message.html?_=1710121043128&CODE_STATE=getMsg HTTP/1.1" 200 27
101.228.147.14 - - [11/Mar/2024:09:37:23 +0800] "GET /xingrg/all/function/internal_message.html?_=1710121043207&CODE_STATE=getMsg HTTP/1.1" 200 27
120.253.135.82 - - [11/Mar/2024:09:37:25 +0800] "GET /xingrg/all/function/internal_message.html?_=1710120883820&CODE_STATE=getMsg HTTP/1.1" 200 27
222.69.132.250 - - [11/Mar/2024:09:37:30 +0800] "GET /xingrg/all/function/internal_message.html?_=1710121051827&CODE_STATE=getMsg HTTP/1.1" 200 27
180.164.1.25 - - [11/Mar/2024:09:37:31 +0800] "GET /xingrg/all/function/internal_message.html?_=1710121050347&CODE_STATE=getMsg HTTP/1.1" 200 27
222.70.115.1 - - [11/Mar/2024:09:37:31 +0800] "GET /xingrg/all/function/internal_message.html?_=1710121051548&CODE_STATE=getMsg HTTP/1.1" 200 27
222.70.115.1 - - [11/Mar/2024:09:37:31 +0800] "GET /xingrg/check_reg.html?_=1710121051549 HTTP/1.1" 200 22
218.79.29.78 - - [11/Mar/2024:09:37:32 +0800] "GET /xingrg/all/function/internal_message.html?_=1710121055377&CODE_STATE=getMsg HTTP/1.1" 200 27
116.238.97.31 - - [11/Mar/2024:09:37:33 +0800] "GET /favicon.ico HTTP/1.1" 404 -
180.169.147.146 - - [11/Mar/2024:09:37:37 +0800] "GET /xingrg/all/function/internal_message.html?_=1710121055674&CODE_STATE=getMsg HTTP/1.1" 302 -
116.237.78.42 - - [11/Mar/2024:09:37:45 +0800] "GET /xingrg/all/function/internal_message.html?_=1710121065261&CODE_STATE=getMsg HTTP/1.1" 200 27
116.224.254.208 - - [11/Mar/2024:09:37:47 +0800] "GET /xingrg/all/function/internal_message.html?_=1710121067197&CODE_STATE=getMsg HTTP/1.1" 200 27
116.224.254.208 - - [11/Mar/2024:09:37:49 +0800] "GET /xingrg/all/function/internal_message.html?_=1710121069191&CODE_STATE=getMsg HTTP/1.1" 200 27
124.78.60.103 - - [11/Mar/2024:09:37:55 +0800] "GET /xingrg/all/function/internal_message.html?_=1710121075707&CODE_STATE=getMsg HTTP/1.1" 200 27
172.20.0.100 - - [11/Mar/2024:09:37:57 +0800] "GET /xingrg/check_reg.html?_=1710121099315 HTTP/1.1" 302 -
101.83.145.37 - - [11/Mar/2024:09:38:01 +0800] "GET /xingrg/check_reg.html?_=1710120844329 HTTP/1.1" 200 22
101.83.145.37 - - [11/Mar/2024:09:38:01 +0800] "GET /xingrg/all/function/internal_message.html?_=1710120844332&CODE_STATE=getMsg HTTP/1.1" 200 27
116.230.123.13 - - [11/Mar/2024:09:38:08 +0800] "GET /xingrg/all/function/internal_message.html?_=1710121087618&CODE_STATE=getMsg HTTP/1.1" 302 -
114.83.218.176 - - [11/Mar/2024:09:38:18 +0800] "GET /xingrg/all/function/internal_message.html?_=1710121097482&CODE_STATE=getMsg HTTP/1.1" 200 27
101.83.145.37 - - [11/Mar/2024:09:38:23 +0800] "GET /xingrg/all/function/internal_message.html?_=1710121103118&CODE_STATE=getMsg HTTP/1.1" 200 27
101.228.147.14 - - [11/Mar/2024:09:38:23 +0800] "GET /xingrg/all/function/internal_message.html?_=1710121103215&CODE_STATE=getMsg HTTP/1.1" 200 27
120.253.135.82 - - [11/Mar/2024:09:38:25 +0800] "GET /xingrg/all/function/internal_message.html?_=1710120944082&CODE_STATE=getMsg HTTP/1.1" 200 27
222.69.132.250 - - [11/Mar/2024:09:38:30 +0800] "GET /xingrg/check_reg.html?_=1710121111821 HTTP/1.1" 200 22
222.69.132.250 - - [11/Mar/2024:09:38:30 +0800] "GET /xingrg/all/function/internal_message.html?_=1710121111824&CODE_STATE=getMsg HTTP/1.1" 200 27
180.164.1.25 - - [11/Mar/2024:09:38:31 +0800] "GET /xingrg/all/function/internal_message.html?_=1710121110328&CODE_STATE=getMsg HTTP/1.1" 200 27
222.70.115.1 - - [11/Mar/2024:09:38:31 +0800] "GET /xingrg/all/function/internal_message.html?_=1710121111547&CODE_STATE=getMsg HTTP/1.1" 200 27
218.79.29.78 - - [11/Mar/2024:09:38:32 +0800] "GET /xingrg/all/function/internal_message.html?_=1710121115378&CODE_STATE=getMsg HTTP/1.1" 200 27
180.169.147.146 - - [11/Mar/2024:09:38:37 +0800] "GET /xingrg/all/function/internal_message.html?_=1710121115671&CODE_STATE=getMsg HTTP/1.1" 302 -
180.163.28.114 - - [11/Mar/2024:09:38:45 +0800] "GET /xingrg/all/function/internal_message.html?_=1710121065261&CODE_STATE=getMsg HTTP/1.1" 302 -
180.163.28.114 - - [11/Mar/2024:09:38:45 +0800] "GET /xingrg/login.html HTTP/1.1" 200 7641
116.237.78.42 - - [11/Mar/2024:09:38:45 +0800] "GET /xingrg/all/function/internal_message.html?_=1710121125260&CODE_STATE=getMsg HTTP/1.1" 200 27
116.224.254.208 - - [11/Mar/2024:09:38:47 +0800] "GET /xingrg/all/function/internal_message.html?_=1710121127226&CODE_STATE=getMsg HTTP/1.1" 200 27
116.224.254.208 - - [11/Mar/2024:09:38:48 +0800] "GET /xingrg/all/function/internal_message.html?_=1710121129166&CODE_STATE=getMsg HTTP/1.1" 200 27
124.78.60.103 - - [11/Mar/2024:09:38:55 +0800] "GET /xingrg/all/function/internal_message.html?_=1710121135698&CODE_STATE=getMsg HTTP/1.1" 200 27
101.83.145.37 - - [11/Mar/2024:09:39:01 +0800] "GET /xingrg/all/function/internal_message.html?_=1710120904332&CODE_STATE=getMsg HTTP/1.1" 200 27
116.230.123.13 - - [11/Mar/2024:09:39:08 +0800] "GET /xingrg/all/function/internal_message.html?_=1710121147615&CODE_STATE=getMsg HTTP/1.1" 302 -
116.230.123.13 - - [11/Mar/2024:09:39:08 +0800] "GET /xingrg/check_reg.html?_=1710121147617 HTTP/1.1" 302 -
116.224.254.208 - - [11/Mar/2024:09:39:12 +0800] "GET /xingrg/kc/buy/cgsh_order_list.html HTTP/1.1" 200 57886
116.224.254.208 - - [11/Mar/2024:09:39:14 +0800] "POST /xingrg/kc/buy/cgsh_list_operate.html HTTP/1.1" 200 645
114.83.218.176 - - [11/Mar/2024:09:39:16 +0800] "GET /xingrg/kc/mdqp/qqps_order_list.html HTTP/1.1" 200 9222
114.83.218.176 - - [11/Mar/2024:09:39:16 +0800] "GET /xingrg/dwr/interface/AjaxQqpsService.js HTTP/1.1" 200 16326
114.83.218.176 - - [11/Mar/2024:09:39:16 +0800] "GET /xingrg/dwr/interface/AjaxReportQueryService.js HTTP/1.1" 200 13203
124.79.241.4 - - [11/Mar/2024:09:39:16 +0800] "POST /xingrg/services/DataTransmitService HTTP/1.1" 200 524
114.83.218.176 - - [11/Mar/2024:09:39:16 +0800] "GET /xingrg/dwr/engine.js HTTP/1.1" 200 43631
114.83.218.176 - - [11/Mar/2024:09:39:16 +0800] "GET /xingrg/dwr/util.js HTTP/1.1" 200 35990
114.83.218.176 - - [11/Mar/2024:09:39:18 +0800] "GET /xingrg/all/function/internal_message.html?_=1710121157493&CODE_STATE=getMsg HTTP/1.1" 200 27
114.83.218.176 - - [11/Mar/2024:09:39:19 +0800] "GET /xingrg/kc/mdqp/qqps_order_add.html HTTP/1.1" 200 28317
114.83.218.176 - - [11/Mar/2024:09:39:19 +0800] "GET /xingrg/dwr/interface/AjaxComOrderService.js HTTP/1.1" 200 18264
114.83.218.176 - - [11/Mar/2024:09:39:19 +0800] "GET /xingrg/dwr/interface/AjaxQqpsService.js HTTP/1.1" 200 16326
114.83.218.176 - - [11/Mar/2024:09:39:19 +0800] "GET /xingrg/dwr/engine.js HTTP/1.1" 200 43631
116.224.254.208 - - [11/Mar/2024:09:39:22 +0800] "GET /xingrg/kc/buy/cgsh_order_add.html HTTP/1.1" 200 73699
116.224.254.208 - - [11/Mar/2024:09:39:22 +0800] "POST /xingrg/kc/buy/cgsh_order_operate.html HTTP/1.1" 200 8245
116.224.254.208 - - [11/Mar/2024:09:39:22 +0800] "GET /xingrg/javascript/easyui/themes/default/validatebox.css HTTP/1.1" 404 1104
101.83.145.37 - - [11/Mar/2024:09:39:23 +0800] "GET /xingrg/all/function/internal_message.html?_=1710121163119&CODE_STATE=getMsg HTTP/1.1" 200 27
101.228.147.14 - - [11/Mar/2024:09:39:23 +0800] "GET /xingrg/all/function/internal_message.html?_=1710121163216&CODE_STATE=getMsg HTTP/1.1" 200 27
120.253.135.82 - - [11/Mar/2024:09:39:25 +0800] "GET /xingrg/all/function/internal_message.html?_=1710121004081&CODE_STATE=getMsg HTTP/1.1" 200 27
114.83.218.176 - - [11/Mar/2024:09:39:26 +0800] "POST /xingrg/dwr/call/plaincall/AjaxQqpsService.saveOrder.dwr HTTP/1.1" 200 78
114.83.218.176 - - [11/Mar/2024:09:39:30 +0800] "POST /xingrg/dwr/call/plaincall/AjaxQqpsService.getMaterielByCode.dwr HTTP/1.1" 200 2839
222.69.132.250 - - [11/Mar/2024:09:39:30 +0800] "GET /xingrg/all/function/internal_message.html?_=1710121171818&CODE_STATE=getMsg HTTP/1.1" 200 27
180.164.1.25 - - [11/Mar/2024:09:39:31 +0800] "GET /xingrg/all/function/internal_message.html?_=1710121170312&CODE_STATE=getMsg HTTP/1.1" 200 27
222.70.115.1 - - [11/Mar/2024:09:39:31 +0800] "GET /xingrg/all/function/internal_message.html?_=1710121171560&CODE_STATE=getMsg HTTP/1.1" 200 27
114.83.218.176 - - [11/Mar/2024:09:39:32 +0800] "POST /xingrg/dwr/call/plaincall/AjaxQqpsService.saveMaterielItem.dwr HTTP/1.1" 200 78
218.79.29.78 - - [11/Mar/2024:09:39:32 +0800] "GET /xingrg/all/function/internal_message.html?_=1710121175380&CODE_STATE=getMsg HTTP/1.1" 200 27
114.83.218.176 - - [11/Mar/2024:09:39:33 +0800] "POST /xingrg/dwr/call/plaincall/AjaxQqpsService.getMaterielByCode.dwr HTTP/1.1" 200 2836
114.83.218.176 - - [11/Mar/2024:09:39:35 +0800] "POST /xingrg/dwr/call/plaincall/AjaxQqpsService.saveMaterielItem.dwr HTTP/1.1" 200 78
180.169.147.146 - - [11/Mar/2024:09:39:37 +0800] "GET /xingrg/all/function/internal_message.html?_=1710121175684&CODE_STATE=getMsg HTTP/1.1" 302 -
180.169.147.146 - - [11/Mar/2024:09:39:37 +0800] "GET /xingrg/check_reg.html?_=1710121175686 HTTP/1.1" 302 -
114.83.218.176 - - [11/Mar/2024:09:39:37 +0800] "POST /xingrg/dwr/call/plaincall/AjaxQqpsService.getMaterielByCode.dwr HTTP/1.1" 200 2810
114.83.218.176 - - [11/Mar/2024:09:39:39 +0800] "POST /xingrg/dwr/call/plaincall/AjaxQqpsService.saveMaterielItem.dwr HTTP/1.1" 200 78
124.77.241.9 - - [11/Mar/2024:09:39:42 +0800] "GET /xingrg/check_reg.html?_=1710121183896 HTTP/1.1" 200 22
114.83.218.176 - - [11/Mar/2024:09:39:44 +0800] "POST /xingrg/dwr/call/plaincall/AjaxQqpsService.getMaterielByCode.dwr HTTP/1.1" 200 2831
180.163.29.234 - - [11/Mar/2024:09:39:45 +0800] "GET /xingrg/all/function/internal_message.html?_=1710121125260&CODE_STATE=getMsg HTTP/1.1" 302 -
116.237.78.42 - - [11/Mar/2024:09:39:45 +0800] "GET /xingrg/all/function/internal_message.html?_=1710121185266&CODE_STATE=getMsg HTTP/1.1" 200 27
180.163.29.234 - - [11/Mar/2024:09:39:45 +0800] "GET /xingrg/login.html HTTP/1.1" 200 7641
114.83.218.176 - - [11/Mar/2024:09:39:45 +0800] "POST /xingrg/dwr/call/plaincall/AjaxQqpsService.saveMaterielItem.dwr HTTP/1.1" 200 78
116.224.254.208 - - [11/Mar/2024:09:39:47 +0800] "GET /xingrg/check_reg.html?_=1710121187238 HTTP/1.1" 200 22
116.224.254.208 - - [11/Mar/2024:09:39:47 +0800] "GET /xingrg/all/function/internal_message.html?_=1710121187240&CODE_STATE=getMsg HTTP/1.1" 200 27
116.224.254.208 - - [11/Mar/2024:09:39:48 +0800] "GET /xingrg/all/function/internal_message.html?_=1710121189153&CODE_STATE=getMsg HTTP/1.1" 200 27
114.83.218.176 - - [11/Mar/2024:09:39:49 +0800] "POST /xingrg/dwr/call/plaincall/AjaxQqpsService.getMaterielByCode.dwr HTTP/1.1" 200 2823
116.224.254.208 - - [11/Mar/2024:09:39:52 +0800] "GET /xingrg/kc/buy/cgsh_order_operate.html?command=get_materiel&rest_code=00150&code=00101008565&supplier_code=00100151&order_time=2024-03-11 HTTP/1.1" 200 409
116.237.78.42 - - [11/Mar/2024:09:39:55 +0800] "GET /xingrg/kc/buy/buy_main.html HTTP/1.1" 200 12412
116.237.78.42 - - [11/Mar/2024:09:39:55 +0800] "GET /xingrg/css/new_ie.css HTTP/1.1" 404 1036
124.78.60.103 - - [11/Mar/2024:09:39:55 +0800] "GET /xingrg/all/function/internal_message.html?_=1710121195694&CODE_STATE=getMsg HTTP/1.1" 200 27
114.83.218.176 - - [11/Mar/2024:09:39:55 +0800] "POST /xingrg/dwr/call/plaincall/AjaxQqpsService.getMaterielByCode.dwr HTTP/1.1" 200 2847
116.237.78.42 - - [11/Mar/2024:09:39:56 +0800] "GET /xingrg/images/yd/bt.gif HTTP/1.1" 404 1040
116.237.78.42 - - [11/Mar/2024:09:39:57 +0800] "GET /xingrg/kc/buy/cgsh_order_list.html HTTP/1.1" 200 57880
114.83.218.176 - - [11/Mar/2024:09:39:58 +0800] "POST /xingrg/dwr/call/plaincall/AjaxQqpsService.saveMaterielItem.dwr HTTP/1.1" 200 79
116.237.78.42 - - [11/Mar/2024:09:40:00 +0800] "POST /xingrg/kc/buy/cgsh_list_operate.html HTTP/1.1" 200 645
101.83.145.37 - - [11/Mar/2024:09:40:01 +0800] "GET /xingrg/all/function/internal_message.html?_=1710120964332&CODE_STATE=getMsg HTTP/1.1" 200 27
114.83.218.176 - - [11/Mar/2024:09:40:03 +0800] "POST /xingrg/dwr/call/plaincall/AjaxQqpsService.getMaterielByCode.dwr HTTP/1.1" 200 2842
116.237.78.42 - - [11/Mar/2024:09:40:03 +0800] "GET /xingrg/kc/buy/cgsh_order_add.html HTTP/1.1" 200 73655
116.237.78.42 - - [11/Mar/2024:09:40:03 +0800] "GET /xingrg/javascript/easyui/themes/icons/cancel.png HTTP/1.1" 304 -
116.237.78.42 - - [11/Mar/2024:09:40:03 +0800] "POST /xingrg/kc/buy/cgsh_order_operate.html HTTP/1.1" 200 8245
116.237.78.42 - - [11/Mar/2024:09:40:04 +0800] "GET /xingrg/javascript/easyui/themes/default/validatebox.css HTTP/1.1" 404 1104
116.237.78.42 - - [11/Mar/2024:09:40:04 +0800] "GET /xingrg/all/common/auto_word.html?type=employee&rest_code=00106 HTTP/1.1" 200 205
116.237.78.42 - - [11/Mar/2024:09:40:04 +0800] "GET /xingrg/all/common/auto_word.html?type=employee&rest_code=00106 HTTP/1.1" 200 205
114.83.218.176 - - [11/Mar/2024:09:40:05 +0800] "POST /xingrg/dwr/call/plaincall/AjaxQqpsService.saveMaterielItem.dwr HTTP/1.1" 200 79
116.230.123.13 - - [11/Mar/2024:09:40:08 +0800] "GET /xingrg/all/function/internal_message.html?_=1710121207607&CODE_STATE=getMsg HTTP/1.1" 302 -
114.83.218.176 - - [11/Mar/2024:09:40:09 +0800] "POST /xingrg/dwr/call/plaincall/AjaxQqpsService.getMaterielByCode.dwr HTTP/1.1" 200 2801
114.83.218.176 - - [11/Mar/2024:09:40:11 +0800] "POST /xingrg/dwr/call/plaincall/AjaxQqpsService.saveMaterielItem.dwr HTTP/1.1" 200 79
116.230.123.13 - - [11/Mar/2024:09:40:12 +0800] "GET /xingrg/login.html HTTP/1.1" 200 7641
116.237.78.42 - - [11/Mar/2024:09:40:13 +0800] "GET /xingrg/javascript/easyui/themes/default/tree.css HTTP/1.1" 404 1090
116.237.78.42 - - [11/Mar/2024:09:40:13 +0800] "POST /xingrg/all/common/load_tree.html?tree=supplier_tree_json&isDelete=1 HTTP/1.1" 200 78788
116.230.123.13 - - [11/Mar/2024:09:40:13 +0800] "GET /favicon.ico HTTP/1.1" 404 -
114.83.218.176 - - [11/Mar/2024:09:40:15 +0800] "POST /xingrg/dwr/call/plaincall/AjaxQqpsService.getMaterielByCode.dwr HTTP/1.1" 200 2838
116.237.78.42 - - [11/Mar/2024:09:40:16 +0800] "GET /xingrg/javascript/easyui/themes/default/images/tree_folder_open.gif HTTP/1.1" 304 -
116.237.78.42 - - [11/Mar/2024:09:40:16 +0800] "GET /xingrg/javascript/easyui/themes/default/images/tree_folder.gif HTTP/1.1" 304 -
114.83.218.176 - - [11/Mar/2024:09:40:17 +0800] "POST /xingrg/dwr/call/plaincall/AjaxQqpsService.saveMaterielItem.dwr HTTP/1.1" 200 79
114.83.218.176 - - [11/Mar/2024:09:40:18 +0800] "GET /xingrg/all/function/internal_message.html?_=1710121217465&CODE_STATE=getMsg HTTP/1.1" 200 27
114.83.218.176 - - [11/Mar/2024:09:40:19 +0800] "POST /xingrg/dwr/call/plaincall/AjaxQqpsService.getMaterielByCode.dwr HTTP/1.1" 200 2838
116.230.123.13 - - [11/Mar/2024:09:40:20 +0800] "POST /xingrg/login.do HTTP/1.1" 302 -
116.230.123.13 - - [11/Mar/2024:09:40:20 +0800] "GET /xingrg/index.html?sysBaseUrl=http%3A%2F%2F180.169.147.146%3A18081%2Fxingrg%2F&costTime=1046×tamp=1710121220542 HTTP/1.1" 200 17173
116.230.123.13 - - [11/Mar/2024:09:40:20 +0800] "GET /favicon.ico HTTP/1.1" 404 -
116.230.123.13 - - [11/Mar/2024:09:40:20 +0800] "GET /xingrg/all/function/internal_message.html?_=1710121220327&CODE_STATE=count HTTP/1.1" 200 11
116.230.123.13 - - [11/Mar/2024:09:40:20 +0800] "GET /xingrg/check_reg.html?_=1710121220327 HTTP/1.1" 200 22
116.230.123.13 - - [11/Mar/2024:09:40:21 +0800] "POST /xingrg/all/common/load_tree.html?tree=area_rest_tree_json&manage=1 HTTP/1.1" 200 342
116.230.123.13 - - [11/Mar/2024:09:40:21 +0800] "POST /xingrg/load_menu.html HTTP/1.1" 200 5138
114.83.218.176 - - [11/Mar/2024:09:40:22 +0800] "POST /xingrg/dwr/call/plaincall/AjaxQqpsService.saveMaterielItem.dwr HTTP/1.1" 200 79
101.83.145.37 - - [11/Mar/2024:09:40:23 +0800] "GET /xingrg/all/function/internal_message.html?_=1710121223121&CODE_STATE=getMsg HTTP/1.1" 200 27
101.228.147.14 - - [11/Mar/2024:09:40:23 +0800] "GET /xingrg/check_reg.html?_=1710121223215 HTTP/1.1" 200 22
101.228.147.14 - - [11/Mar/2024:09:40:23 +0800] "GET /xingrg/all/function/internal_message.html?_=1710121223217&CODE_STATE=getMsg HTTP/1.1" 200 27
116.230.123.13 - - [11/Mar/2024:09:40:24 +0800] "GET /xingrg/kc/buy/cgsh_order_list.html HTTP/1.1" 200 57880
120.253.135.82 - - [11/Mar/2024:09:40:25 +0800] "GET /xingrg/all/function/internal_message.html?_=1710121064351&CODE_STATE=getMsg HTTP/1.1" 200 27
116.237.78.42 - - [11/Mar/2024:09:40:27 +0800] "GET /xingrg/javascript/auto/indicator.gif HTTP/1.1" 404 1066
114.83.218.176 - - [11/Mar/2024:09:40:27 +0800] "POST /xingrg/dwr/call/plaincall/AjaxQqpsService.getMaterielByCode.dwr HTTP/1.1" 200 2824
116.230.123.13 - - [11/Mar/2024:09:40:27 +0800] "POST /xingrg/kc/buy/cgsh_list_operate.html HTTP/1.1" 200 645
116.230.123.13 - - [11/Mar/2024:09:40:28 +0800] "GET /xingrg/kc/buy/cgsh_order_add.html HTTP/1.1" 200 73611
116.230.123.13 - - [11/Mar/2024:09:40:28 +0800] "GET /xingrg/words/20240310120708_words.js HTTP/1.1" 304 -
116.230.123.13 - - [11/Mar/2024:09:40:29 +0800] "POST /xingrg/kc/buy/cgsh_order_operate.html HTTP/1.1" 200 8245
116.230.123.13 - - [11/Mar/2024:09:40:29 +0800] "GET /xingrg/javascript/easyui/themes/default/validatebox.css HTTP/1.1" 404 1104
114.83.218.176 - - [11/Mar/2024:09:40:29 +0800] "POST /xingrg/dwr/call/plaincall/AjaxQqpsService.saveMaterielItem.dwr HTTP/1.1" 200 79
116.230.123.13 - - [11/Mar/2024:09:40:29 +0800] "GET /xingrg/all/common/auto_word.html?type=employee&rest_code=00111 HTTP/1.1" 200 105
116.230.123.13 - - [11/Mar/2024:09:40:29 +0800] "GET /xingrg/all/common/auto_word.html?type=employee&rest_code=00111 HTTP/1.1" 200 105
222.69.132.250 - - [11/Mar/2024:09:40:30 +0800] "GET /xingrg/all/function/internal_message.html?_=1710121231808&CODE_STATE=getMsg HTTP/1.1" 200 27
124.77.241.9 - - [11/Mar/2024:09:40:31 +0800] "GET /xingrg/kc/buy/cgsh_order_add.html HTTP/1.1" 200 73655
180.164.1.25 - - [11/Mar/2024:09:40:31 +0800] "GET /xingrg/all/function/internal_message.html?_=1710121230295&CODE_STATE=getMsg HTTP/1.1" 200 27
222.70.115.1 - - [11/Mar/2024:09:40:31 +0800] "GET /xingrg/all/function/internal_message.html?_=1710121231546&CODE_STATE=getMsg HTTP/1.1" 200 27
124.77.241.9 - - [11/Mar/2024:09:40:32 +0800] "POST /xingrg/kc/buy/cgsh_order_operate.html HTTP/1.1" 200 8245
116.237.78.42 - - [11/Mar/2024:09:40:32 +0800] "GET /xingrg/kc/buy/cgsh_order_operate.html?command=get_materiel&rest_code=00106&code=00101008147&supplier_code=00100009&order_time=2024-03-11 HTTP/1.1" 200 416
124.77.241.9 - - [11/Mar/2024:09:40:32 +0800] "GET /xingrg/javascript/easyui/themes/default/validatebox.css HTTP/1.1" 404 1104
218.79.29.78 - - [11/Mar/2024:09:40:32 +0800] "GET /xingrg/all/function/internal_message.html?_=1710121235385&CODE_STATE=getMsg HTTP/1.1" 200 27
116.238.97.31 - - [11/Mar/2024:09:40:37 +0800] "POST /xingrg/kc/buy/cgsh_order_operate.html HTTP/1.1" 200 37
180.169.147.146 - - [11/Mar/2024:09:40:37 +0800] "GET /xingrg/all/function/internal_message.html?_=1710121235678&CODE_STATE=getMsg HTTP/1.1" 302 -
116.237.78.42 - - [11/Mar/2024:09:40:45 +0800] "GET /xingrg/all/function/internal_message.html?_=1710121245265&CODE_STATE=getMsg HTTP/1.1" 200 27
116.237.78.42 - - [11/Mar/2024:09:40:45 +0800] "GET /xingrg/check_reg.html?_=1710121245269 HTTP/1.1" 200 22
114.83.218.176 - - [11/Mar/2024:09:40:46 +0800] "POST /xingrg/dwr/call/plaincall/AjaxQqpsService.getMaterielByCode.dwr HTTP/1.1" 200 2823
116.224.254.208 - - [11/Mar/2024:09:40:47 +0800] "GET /xingrg/all/function/internal_message.html?_=1710121247245&CODE_STATE=getMsg HTTP/1.1" 200 27
114.83.218.176 - - [11/Mar/2024:09:40:48 +0800] "POST /xingrg/dwr/call/plaincall/AjaxQqpsService.saveMaterielItem.dwr HTTP/1.1" 200 79
116.224.254.208 - - [11/Mar/2024:09:40:48 +0800] "GET /xingrg/all/function/internal_message.html?_=1710121249133&CODE_STATE=getMsg HTTP/1.1" 200 27
116.224.254.208 - - [11/Mar/2024:09:40:49 +0800] "GET /xingrg/check_reg.html?_=1710121249723 HTTP/1.1" 200 22
180.169.147.146 - - [11/Mar/2024:09:40:50 +0800] "POST /xingrg/all/user/operate.html HTTP/1.1" 200 36
180.169.147.146 - - [11/Mar/2024:09:40:50 +0800] "GET /xingrg/index.html?sysBaseUrl=http%3A%2F%2F180.169.147.146%3A18081%2Fxingrg%2F&costTime=835×tamp=1710049310990 HTTP/1.1" 200 17509
180.169.147.146 - - [11/Mar/2024:09:40:50 +0800] "GET /xingrg/javascript/jquery_easy_ui/themes/default/easyui.css HTTP/1.1" 304 -
180.169.147.146 - - [11/Mar/2024:09:40:50 +0800] "GET /xingrg/javascript/jquery_easy_ui/themes/icon.css HTTP/1.1" 304 -
180.169.147.146 - - [11/Mar/2024:09:40:50 +0800] "GET /xingrg/css/form.css HTTP/1.1" 304 -
180.169.147.146 - - [11/Mar/2024:09:40:50 +0800] "GET /xingrg/javascript/jquery-1.4.2.min.js HTTP/1.1" 304 -
180.169.147.146 - - [11/Mar/2024:09:40:50 +0800] "GET /xingrg/javascript/jquery_easy_ui/jquery.easyui.min.js HTTP/1.1" 304 -
180.169.147.146 - - [11/Mar/2024:09:40:50 +0800] "GET /xingrg/javascript/jquery_easy_ui/easyui-lang-zh_CN.js HTTP/1.1" 304 -
180.169.147.146 - - [11/Mar/2024:09:40:50 +0800] "GET /xingrg/javascript/jquery.form.js HTTP/1.1" 304 -
180.169.147.146 - - [11/Mar/2024:09:40:50 +0800] "GET /xingrg/javascript/jquery.utils.js HTTP/1.1" 304 -
180.169.147.146 - - [11/Mar/2024:09:40:51 +0800] "GET /xingrg/javascript/jquery.timers.js HTTP/1.1" 304 -
180.169.147.146 - - [11/Mar/2024:09:40:51 +0800] "GET /xingrg/images/blue/jxLogo.png HTTP/1.1" 304 -
180.169.147.146 - - [11/Mar/2024:09:40:51 +0800] "GET /xingrg/images/blue/navBackgound.jpg HTTP/1.1" 304 -
180.169.147.146 - - [11/Mar/2024:09:40:51 +0800] "GET /xingrg/javascript/jquery_easy_ui/themes/icons/settle_new.png HTTP/1.1" 304 -
180.169.147.146 - - [11/Mar/2024:09:40:51 +0800] "GET /xingrg/all/function/internal_message.html?_=1710121251105&CODE_STATE=count HTTP/1.1" 200 11
180.169.147.146 - - [11/Mar/2024:09:40:51 +0800] "GET /xingrg/check_reg.html?_=1710121251107 HTTP/1.1" 200 22
180.169.147.146 - - [11/Mar/2024:09:40:51 +0800] "GET /xingrg/javascript/jquery_easy_ui/themes/default/images/tabs_rightarrow.png HTTP/1.1" 304 -
180.169.147.146 - - [11/Mar/2024:09:40:51 +0800] "GET /xingrg/images/blue/pingpu.png HTTP/1.1" 304 -
180.169.147.146 - - [11/Mar/2024:09:40:51 +0800] "GET /xingrg/javascript/jquery_easy_ui/themes/default/images/panel_tool_collapse.gif HTTP/1.1" 304 -
180.169.147.146 - - [11/Mar/2024:09:40:51 +0800] "GET /xingrg/javascript/jquery_easy_ui/themes/default/images/panel_tool_expand.gif HTTP/1.1" 304 -
180.169.147.146 - - [11/Mar/2024:09:40:51 +0800] "GET /xingrg/javascript/jquery_easy_ui/themes/default/images/tabs_leftarrow.png HTTP/1.1" 304 -
180.169.147.146 - - [11/Mar/2024:09:40:51 +0800] "POST /xingrg/all/common/load_tree.html?tree=area_rest_tree_json&manage=1 HTTP/1.1" 200 3624
180.169.147.146 - - [11/Mar/2024:09:40:51 +0800] "POST /xingrg/load_menu.html HTTP/1.1" 200 9959
180.163.28.143 - - [11/Mar/2024:09:40:51 +0800] "GET /xingrg/check_reg.html?_=1710120945260 HTTP/1.1" 302 -
180.163.28.143 - - [11/Mar/2024:09:40:52 +0800] "GET /xingrg/login.html HTTP/1.1" 200 7641
180.169.147.146 - - [11/Mar/2024:09:40:52 +0800] "GET /xingrg/kc/report/report_main.html HTTP/1.1" 200 7340
120.253.135.82 - - [11/Mar/2024:09:40:53 +0800] "GET /xingrg/check_reg.html?_=1710121092585 HTTP/1.1" 200 22
124.78.60.103 - - [11/Mar/2024:09:40:55 +0800] "GET /xingrg/check_reg.html?_=1710121255696 HTTP/1.1" 200 22
124.78.60.103 - - [11/Mar/2024:09:40:55 +0800] "GET /xingrg/all/function/internal_message.html?_=1710121255699&CODE_STATE=getMsg HTTP/1.1" 200 27
180.169.147.146 - - [11/Mar/2024:09:40:56 +0800] "GET /xingrg/all/report/report_query.html?fileName=kc/buy/gys_amount.xml&rh=99999 HTTP/1.1" 200 52006
180.169.147.146 - - [11/Mar/2024:09:40:56 +0800] "GET /xingrg/dwr/interface/AjaxReportQueryService.js HTTP/1.1" 200 13203
180.169.147.146 - - [11/Mar/2024:09:40:56 +0800] "GET /xingrg/dwr/engine.js HTTP/1.1" 200 43631
180.169.147.146 - - [11/Mar/2024:09:40:56 +0800] "GET /xingrg/dwr/util.js HTTP/1.1" 200 35990
114.83.218.176 - - [11/Mar/2024:09:40:56 +0800] "POST /xingrg/dwr/call/plaincall/AjaxQqpsService.getMaterielByCode.dwr HTTP/1.1" 200 2832
180.163.29.103 - - [11/Mar/2024:09:40:56 +0800] "GET /xingrg/kc/buy/cgsh_order_list.html HTTP/1.1" 302 -
180.163.29.103 - - [11/Mar/2024:09:40:56 +0800] "GET /xingrg/login.html HTTP/1.1" 200 7641
180.169.147.146 - - [11/Mar/2024:09:40:56 +0800] "POST /xingrg/dwr/call/plaincall/AjaxReportQueryService.getFixDate.dwr HTTP/1.1" 200 111
180.169.147.146 - - [11/Mar/2024:09:40:57 +0800] "POST /xingrg/dwr/call/plaincall/AjaxReportQueryService.getInitString.dwr HTTP/1.1" 200 1083
180.169.147.146 - - [11/Mar/2024:09:40:57 +0800] "POST /xingrg/all/common/load_tree.html?tree=materiel_sort_tree_json HTTP/1.1" 200 9734
180.169.147.146 - - [11/Mar/2024:09:40:57 +0800] "POST /xingrg/all/common/load_tree.html?tree=supplier_tree_json&manage=1 HTTP/1.1" 200 81197
116.237.78.42 - - [11/Mar/2024:09:40:57 +0800] "POST /xingrg/kc/buy/cgsh_order_operate.html HTTP/1.1" 200 37
180.163.29.206 - - [11/Mar/2024:09:40:58 +0800] "GET /xingrg/all/function/internal_message.html?_=1710121005266&CODE_STATE=getMsg HTTP/1.1" 302 -
180.163.29.206 - - [11/Mar/2024:09:40:58 +0800] "GET /xingrg/login.html HTTP/1.1" 200 7641
114.83.218.176 - - [11/Mar/2024:09:40:59 +0800] "POST /xingrg/dwr/call/plaincall/AjaxQqpsService.saveMaterielItem.dwr HTTP/1.1" 200 79
