124.78.60.103 - - [10/Mar/2024:10:59:46 +0800] "GET /xingrg/kc/buy/cgsh_order_operate.html?command=get_materiel&rest_code=00141&code=00101008069&supplier_code=00100008&order_time=2024-03-10 HTTP/1.1" 200 412
116.230.123.13 - - [10/Mar/2024:10:59:49 +0800] "POST /xingrg/kc/buy/cgsh_order_operate.html HTTP/1.1" 200 12
120.253.135.82 - - [10/Mar/2024:10:59:49 +0800] "GET /xingrg/all/function/internal_message.html?_=1710039426429&CODE_STATE=getMsg HTTP/1.1" 200 27
124.78.60.103 - - [10/Mar/2024:10:59:59 +0800] "GET /xingrg/kc/buy/cgsh_order_operate.html?command=get_materiel&rest_code=00141&code=00101008368&supplier_code=00100008&order_time=2024-03-10 HTTP/1.1" 200 408
116.224.254.208 - - [10/Mar/2024:11:00:01 +0800] "POST /xingrg/kc/buy/cgsh_order_operate.html HTTP/1.1" 200 12
116.230.123.13 - - [10/Mar/2024:11:00:02 +0800] "GET /xingrg/kc/buy/cgsh_order_info.html?code=212024031002884 HTTP/1.1" 200 68524
116.230.123.13 - - [10/Mar/2024:11:00:02 +0800] "GET /xingrg/javascript/easyui/themes/default/validatebox.css HTTP/1.1" 404 1104
116.224.254.208 - - [10/Mar/2024:11:00:04 +0800] "GET /xingrg/kc/buy/cgsh_order_info.html?code=212024031002883 HTTP/1.1" 200 68154
101.83.145.37 - - [10/Mar/2024:11:00:04 +0800] "GET /xingrg/all/function/internal_message.html?_=1710039366995&CODE_STATE=getMsg HTTP/1.1" 200 27
116.224.254.208 - - [10/Mar/2024:11:00:04 +0800] "GET /xingrg/words/20240310095931_words.js HTTP/1.1" 304 -
116.224.254.208 - - [10/Mar/2024:11:00:04 +0800] "GET /xingrg/javascript/easyui/themes/default/validatebox.css HTTP/1.1" 404 1104
116.230.123.13 - - [10/Mar/2024:11:00:04 +0800] "POST /xingrg/kc/buy/cgsh_order_operate.html HTTP/1.1" 200 615
180.164.1.25 - - [10/Mar/2024:11:00:05 +0800] "GET /xingrg/check_reg.html?_=1710039604674 HTTP/1.1" 302 -
116.224.254.208 - - [10/Mar/2024:11:00:06 +0800] "POST /xingrg/kc/buy/cgsh_order_operate.html HTTP/1.1" 200 613
124.77.241.9 - - [10/Mar/2024:11:00:06 +0800] "GET /xingrg/kc/buy/cgsh_order_operate.html?command=get_materiel&rest_code=00146&code=00101010792&supplier_code=00100327&order_time=2024-03-10 HTTP/1.1" 200 410
116.224.254.208 - - [10/Mar/2024:11:00:09 +0800] "GET /xingrg/kc/print/load_data.html?order_code=212024031002883&kc_code=cgsh&condition= HTTP/1.1" 200 697
116.230.123.13 - - [10/Mar/2024:11:00:11 +0800] "GET /xingrg/all/function/internal_message.html?_=1710039610932&CODE_STATE=getMsg HTTP/1.1" 200 27
124.78.60.103 - - [10/Mar/2024:11:00:11 +0800] "GET /xingrg/kc/buy/cgsh_order_operate.html?command=get_materiel&rest_code=00141&code=00101008353&supplier_code=00100008&order_time=2024-03-10 HTTP/1.1" 200 408
116.224.254.208 - - [10/Mar/2024:11:00:13 +0800] "GET /xingrg/kc/buy/cgsh_order_add.html HTTP/1.1" 200 73253
116.224.254.208 - - [10/Mar/2024:11:00:14 +0800] "POST /xingrg/kc/buy/cgsh_order_operate.html HTTP/1.1" 200 8245
116.224.254.208 - - [10/Mar/2024:11:00:14 +0800] "GET /xingrg/javascript/easyui/themes/default/validatebox.css HTTP/1.1" 404 1104
116.224.254.208 - - [10/Mar/2024:11:00:19 +0800] "GET /xingrg/all/function/internal_message.html?_=1710039619645&CODE_STATE=getMsg HTTP/1.1" 200 27
116.238.97.31 - - [10/Mar/2024:11:00:21 +0800] "GET /xingrg/all/function/internal_message.html?_=1710039621692&CODE_STATE=getMsg HTTP/1.1" 200 27
116.238.97.31 - - [10/Mar/2024:11:00:21 +0800] "GET /xingrg/check_reg.html?_=1710039621698 HTTP/1.1" 200 22
124.77.241.9 - - [10/Mar/2024:11:00:23 +0800] "POST /xingrg/kc/buy/cgsh_order_operate.html HTTP/1.1" 200 37
116.230.123.13 - - [10/Mar/2024:11:00:24 +0800] "GET /xingrg/kc/print/load_data.html?order_code=212024031002884&kc_code=cgsh&condition= HTTP/1.1" 200 774
124.77.241.9 - - [10/Mar/2024:11:00:27 +0800] "POST /xingrg/kc/buy/cgsh_order_operate.html HTTP/1.1" 200 3251
116.224.254.208 - - [10/Mar/2024:11:00:27 +0800] "GET /xingrg/kc/buy/cgsh_order_operate.html?command=get_materiel&rest_code=00151&code=00101010310&supplier_code=00100314&order_time=2024-03-10 HTTP/1.1" 200 423
124.77.241.9 - - [10/Mar/2024:11:00:30 +0800] "GET /xingrg/kc/print/load_data.html?order_code=212024031002885&kc_code=cgsh&condition= HTTP/1.1" 200 906
124.78.60.103 - - [10/Mar/2024:11:00:31 +0800] "GET /xingrg/kc/buy/cgsh_order_operate.html?command=get_materiel&rest_code=00141&code=00101008355&supplier_code=00100008&order_time=2024-03-10 HTTP/1.1" 200 408
124.77.241.9 - - [10/Mar/2024:11:00:32 +0800] "GET /xingrg/check_reg.html?_=1710039658632 HTTP/1.1" 200 22
124.77.241.9 - - [10/Mar/2024:11:00:32 +0800] "GET /xingrg/all/function/internal_message.html?_=1710039658803&CODE_STATE=getMsg HTTP/1.1" 200 27
116.230.123.13 - - [10/Mar/2024:11:00:34 +0800] "GET /xingrg/kc/buy/cgsh_order_add.html HTTP/1.1" 200 73611
116.230.123.13 - - [10/Mar/2024:11:00:36 +0800] "POST /xingrg/kc/buy/cgsh_order_operate.html HTTP/1.1" 200 8245
116.230.123.13 - - [10/Mar/2024:11:00:36 +0800] "GET /xingrg/javascript/easyui/themes/default/validatebox.css HTTP/1.1" 404 1104
124.77.241.9 - - [10/Mar/2024:11:00:37 +0800] "GET /xingrg/kc/buy/cgsh_order_add.html HTTP/1.1" 200 73655
124.77.241.9 - - [10/Mar/2024:11:00:38 +0800] "POST /xingrg/kc/buy/cgsh_order_operate.html HTTP/1.1" 200 8245
124.77.241.9 - - [10/Mar/2024:11:00:38 +0800] "GET /xingrg/javascript/easyui/themes/default/validatebox.css HTTP/1.1" 404 1104
101.83.145.37 - - [10/Mar/2024:11:00:38 +0800] "GET /xingrg/javascript/jquery_easy_ui/themes/icons/rest.png HTTP/1.1" 304 -
101.83.145.37 - - [10/Mar/2024:11:00:38 +0800] "GET /xingrg/javascript/jquery_easy_ui/themes/icons/area.png HTTP/1.1" 304 -
124.78.60.103 - - [10/Mar/2024:11:00:40 +0800] "GET /xingrg/all/function/internal_message.html?_=1710039640355&CODE_STATE=getMsg HTTP/1.1" 200 27
180.169.147.146 - - [10/Mar/2024:11:00:40 +0800] "GET /xingrg/all/function/internal_message.html?_=1710039640240&CODE_STATE=getMsg HTTP/1.1" 200 27
116.224.254.208 - - [10/Mar/2024:11:00:41 +0800] "POST /xingrg/kc/buy/cgsh_order_operate.html HTTP/1.1" 200 37
124.78.60.103 - - [10/Mar/2024:11:00:45 +0800] "GET /xingrg/kc/buy/cgsh_order_operate.html?command=get_materiel&rest_code=00141&code=00101008037&supplier_code=00100008&order_time=2024-03-10 HTTP/1.1" 200 413
120.253.135.82 - - [10/Mar/2024:11:00:49 +0800] "GET /xingrg/all/function/internal_message.html?_=1710039486446&CODE_STATE=getMsg HTTP/1.1" 200 27
116.230.123.13 - - [10/Mar/2024:11:00:53 +0800] "GET /xingrg/kc/buy/cgsh_order_operate.html?command=get_materiel&rest_code=00111&code=00101012114&supplier_code=00100326&order_time=2024-03-10 HTTP/1.1" 200 417
116.224.254.208 - - [10/Mar/2024:11:00:54 +0800] "POST /xingrg/kc/buy/cgsh_order_operate.html HTTP/1.1" 200 12
101.83.145.37 - - [10/Mar/2024:11:00:55 +0800] "GET /xingrg/javascript/easyui/themes/default/images/button_plain_hover.png HTTP/1.1" 304 -
101.83.145.37 - - [10/Mar/2024:11:00:55 +0800] "GET /xingrg/javascript/jquery_easy_ui/themes/default/images/tabs_active.png HTTP/1.1" 304 -
116.224.254.208 - - [10/Mar/2024:11:00:57 +0800] "GET /xingrg/kc/buy/cgsh_order_info.html?code=212024031002886 HTTP/1.1" 200 68164
116.224.254.208 - - [10/Mar/2024:11:00:57 +0800] "GET /xingrg/javascript/easyui/themes/default/validatebox.css HTTP/1.1" 404 1104
116.224.254.208 - - [10/Mar/2024:11:00:59 +0800] "POST /xingrg/kc/buy/cgsh_order_operate.html HTTP/1.1" 200 618
124.78.60.103 - - [10/Mar/2024:11:01:00 +0800] "GET /xingrg/kc/buy/cgsh_order_operate.html?command=get_materiel&rest_code=00141&code=00101008360&supplier_code=00100008&order_time=2024-03-10 HTTP/1.1" 200 413
116.224.254.208 - - [10/Mar/2024:11:01:01 +0800] "GET /xingrg/kc/print/load_data.html?order_code=212024031002886&kc_code=cgsh&condition= HTTP/1.1" 200 710
101.83.145.37 - - [10/Mar/2024:11:01:04 +0800] "GET /xingrg/all/function/internal_message.html?_=1710039426986&CODE_STATE=getMsg HTTP/1.1" 200 27
124.77.241.9 - - [10/Mar/2024:11:01:06 +0800] "GET /xingrg/kc/buy/cgsh_order_operate.html?command=get_materiel&rest_code=00146&code=00101014017&supplier_code=00100211&order_time=2024-03-10 HTTP/1.1" 200 419
116.224.254.208 - - [10/Mar/2024:11:01:09 +0800] "POST /xingrg/all/user/operate.html HTTP/1.1" 200 36
116.224.254.208 - - [10/Mar/2024:11:01:09 +0800] "GET /xingrg/index.html?sysBaseUrl=http%3A%2F%2F180.169.147.146%3A18081%2Fxingrg%2F&costTime=222×tamp=1710038036910 HTTP/1.1" 200 17179
116.224.254.208 - - [10/Mar/2024:11:01:09 +0800] "GET /xingrg/javascript/jquery_easy_ui/themes/default/easyui.css HTTP/1.1" 304 -
116.224.254.208 - - [10/Mar/2024:11:01:09 +0800] "GET /xingrg/javascript/jquery_easy_ui/themes/icon.css HTTP/1.1" 304 -
116.224.254.208 - - [10/Mar/2024:11:01:09 +0800] "GET /xingrg/css/form.css HTTP/1.1" 304 -
116.224.254.208 - - [10/Mar/2024:11:01:09 +0800] "GET /xingrg/javascript/jquery-1.4.2.min.js HTTP/1.1" 304 -
116.224.254.208 - - [10/Mar/2024:11:01:09 +0800] "GET /xingrg/javascript/jquery_easy_ui/jquery.easyui.min.js HTTP/1.1" 304 -
116.224.254.208 - - [10/Mar/2024:11:01:10 +0800] "GET /xingrg/javascript/jquery_easy_ui/easyui-lang-zh_CN.js HTTP/1.1" 304 -
116.224.254.208 - - [10/Mar/2024:11:01:10 +0800] "GET /xingrg/javascript/jquery.form.js HTTP/1.1" 304 -
116.224.254.208 - - [10/Mar/2024:11:01:10 +0800] "GET /xingrg/javascript/jquery.utils.js HTTP/1.1" 304 -
116.224.254.208 - - [10/Mar/2024:11:01:10 +0800] "GET /xingrg/javascript/jquery.timers.js HTTP/1.1" 304 -
116.224.254.208 - - [10/Mar/2024:11:01:10 +0800] "GET /xingrg/images/blue/jxLogo.png HTTP/1.1" 304 -
116.224.254.208 - - [10/Mar/2024:11:01:10 +0800] "GET /xingrg/images/blue/navBackgound.jpg HTTP/1.1" 304 -
116.224.254.208 - - [10/Mar/2024:11:01:10 +0800] "GET /xingrg/javascript/jquery_easy_ui/themes/icons/settle_new.png HTTP/1.1" 304 -
116.224.254.208 - - [10/Mar/2024:11:01:10 +0800] "GET /xingrg/all/function/internal_message.html?_=1710039670179&CODE_STATE=count HTTP/1.1" 200 11
116.224.254.208 - - [10/Mar/2024:11:01:10 +0800] "GET /xingrg/check_reg.html?_=1710039670179 HTTP/1.1" 200 22
116.224.254.208 - - [10/Mar/2024:11:01:10 +0800] "GET /xingrg/javascript/jquery_easy_ui/themes/default/images/tabs_rightarrow.png HTTP/1.1" 304 -
116.224.254.208 - - [10/Mar/2024:11:01:10 +0800] "GET /xingrg/images/blue/pingpu.png HTTP/1.1" 304 -
116.224.254.208 - - [10/Mar/2024:11:01:10 +0800] "GET /xingrg/javascript/jquery_easy_ui/themes/default/images/panel_tool_collapse.gif HTTP/1.1" 304 -
116.224.254.208 - - [10/Mar/2024:11:01:10 +0800] "GET /xingrg/javascript/jquery_easy_ui/themes/default/images/tabs_leftarrow.png HTTP/1.1" 304 -
116.224.254.208 - - [10/Mar/2024:11:01:10 +0800] "POST /xingrg/all/common/load_tree.html?tree=area_rest_tree_json&manage=1 HTTP/1.1" 200 476
116.224.254.208 - - [10/Mar/2024:11:01:10 +0800] "POST /xingrg/load_menu.html HTTP/1.1" 200 5138
116.230.123.13 - - [10/Mar/2024:11:01:11 +0800] "GET /xingrg/all/function/internal_message.html?_=1710039670917&CODE_STATE=getMsg HTTP/1.1" 200 27
116.224.254.208 - - [10/Mar/2024:11:01:12 +0800] "GET /xingrg/kc/buy/cgsh_order_list.html HTTP/1.1" 200 57886
116.237.76.68 - - [10/Mar/2024:11:01:13 +0800] "GET /xingrg/login.html?r=1 HTTP/1.1" 200 7641
124.78.60.103 - - [10/Mar/2024:11:01:13 +0800] "GET /xingrg/kc/buy/cgsh_order_operate.html?command=get_materiel&rest_code=00141&code=00101008286&supplier_code=00100008&order_time=2024-03-10 HTTP/1.1" 200 408
116.237.76.68 - - [10/Mar/2024:11:01:13 +0800] "GET /favicon.ico HTTP/1.1" 404 -
116.230.123.13 - - [10/Mar/2024:11:01:13 +0800] "GET /xingrg/kc/buy/cgsh_order_operate.html?command=get_materiel&rest_code=00111&code=00101010576&supplier_code=00100326&order_time=2024-03-10 HTTP/1.1" 200 417
116.224.254.208 - - [10/Mar/2024:11:01:15 +0800] "POST /xingrg/kc/buy/cgsh_list_operate.html HTTP/1.1" 200 645
116.237.76.68 - - [10/Mar/2024:11:01:16 +0800] "POST /xingrg/login.do HTTP/1.1" 302 -
116.237.76.68 - - [10/Mar/2024:11:01:17 +0800] "GET /xingrg/index.html?sysBaseUrl=http%3A%2F%2F180.169.147.146%3A18081%2Fxingrg%2F&costTime=1609×tamp=1710039676814 HTTP/1.1" 200 17173
116.224.254.208 - - [10/Mar/2024:11:01:17 +0800] "GET /xingrg/kc/buy/cgsh_order_add.html HTTP/1.1" 200 73699
116.237.76.68 - - [10/Mar/2024:11:01:17 +0800] "GET /favicon.ico HTTP/1.1" 404 -
116.237.76.68 - - [10/Mar/2024:11:01:17 +0800] "GET /xingrg/check_reg.html?_=1710039679088 HTTP/1.1" 200 22
116.237.76.68 - - [10/Mar/2024:11:01:17 +0800] "GET /xingrg/all/function/internal_message.html?_=1710039679087&CODE_STATE=count HTTP/1.1" 200 11
116.237.76.68 - - [10/Mar/2024:11:01:17 +0800] "POST /xingrg/all/common/load_tree.html?tree=area_rest_tree_json&manage=1 HTTP/1.1" 200 342
116.224.254.208 - - [10/Mar/2024:11:01:17 +0800] "POST /xingrg/kc/buy/cgsh_order_operate.html HTTP/1.1" 200 8245
116.224.254.208 - - [10/Mar/2024:11:01:17 +0800] "GET /xingrg/javascript/easyui/themes/default/validatebox.css HTTP/1.1" 404 1104
116.237.76.68 - - [10/Mar/2024:11:01:17 +0800] "POST /xingrg/load_menu.html HTTP/1.1" 200 5138
116.224.254.208 - - [10/Mar/2024:11:01:18 +0800] "GET /xingrg/javascript/auto/indicator.gif HTTP/1.1" 404 1066
116.237.76.68 - - [10/Mar/2024:11:01:18 +0800] "GET /xingrg/kc/buy/buy_main.html HTTP/1.1" 200 12412
116.237.76.68 - - [10/Mar/2024:11:01:18 +0800] "GET /xingrg/css/new_ie.css HTTP/1.1" 404 1036
116.237.76.68 - - [10/Mar/2024:11:01:19 +0800] "GET /xingrg/images/yd/bt.gif HTTP/1.1" 404 1040
116.237.76.68 - - [10/Mar/2024:11:01:21 +0800] "GET /xingrg/kc/buy/cgsh_order_list.html HTTP/1.1" 200 57880
116.238.97.31 - - [10/Mar/2024:11:01:21 +0800] "GET /xingrg/all/function/internal_message.html?_=1710039681685&CODE_STATE=getMsg HTTP/1.1" 200 27
124.78.60.103 - - [10/Mar/2024:11:01:24 +0800] "GET /xingrg/kc/buy/cgsh_order_operate.html?command=get_materiel&rest_code=00141&code=00101023033&supplier_code=00100008&order_time=2024-03-10 HTTP/1.1" 200 409
124.78.60.103 - - [10/Mar/2024:11:01:28 +0800] "POST /xingrg/kc/buy/cgsh_order_operate.html HTTP/1.1" 200 2065
116.230.123.13 - - [10/Mar/2024:11:01:32 +0800] "POST /xingrg/kc/buy/cgsh_order_operate.html HTTP/1.1" 200 37
124.77.241.9 - - [10/Mar/2024:11:01:32 +0800] "GET /xingrg/all/function/internal_message.html?_=1710039718816&CODE_STATE=getMsg HTTP/1.1" 200 27
124.77.241.9 - - [10/Mar/2024:11:01:39 +0800] "POST /xingrg/kc/buy/cgsh_order_operate.html HTTP/1.1" 200 37
116.224.254.208 - - [10/Mar/2024:11:01:39 +0800] "GET /xingrg/kc/buy/cgsh_order_operate.html?command=get_materiel&rest_code=00150&code=00101002042&supplier_code=00100094&order_time=2024-03-10 HTTP/1.1" 200 416
124.78.60.103 - - [10/Mar/2024:11:01:40 +0800] "GET /xingrg/all/function/internal_message.html?_=1710039700351&CODE_STATE=getMsg HTTP/1.1" 200 27
180.169.147.146 - - [10/Mar/2024:11:01:40 +0800] "GET /xingrg/all/function/internal_message.html?_=1710039700253&CODE_STATE=getMsg HTTP/1.1" 200 27
124.78.60.103 - - [10/Mar/2024:11:01:41 +0800] "GET /xingrg/kc/buy/cgsh_order_operate.html?command=get_materiel&rest_code=00141&code=00101008173&supplier_code=00100008&order_time=2024-03-10 HTTP/1.1" 200 413
124.77.241.9 - - [10/Mar/2024:11:01:42 +0800] "POST /xingrg/kc/buy/cgsh_order_operate.html HTTP/1.1" 200 2666
124.77.241.9 - - [10/Mar/2024:11:01:46 +0800] "GET /xingrg/kc/print/load_data.html?order_code=212024031002888&kc_code=cgsh&condition= HTTP/1.1" 200 677
101.83.145.37 - - [10/Mar/2024:11:01:49 +0800] "GET /xingrg/kc/buy/buy_main.html HTTP/1.1" 200 12412
101.83.145.37 - - [10/Mar/2024:11:01:49 +0800] "GET /xingrg/css/new_ie.css HTTP/1.1" 404 1036
120.253.135.82 - - [10/Mar/2024:11:01:49 +0800] "GET /xingrg/check_reg.html?_=1710039546253 HTTP/1.1" 200 22
120.253.135.82 - - [10/Mar/2024:11:01:49 +0800] "GET /xingrg/all/function/internal_message.html?_=1710039546459&CODE_STATE=getMsg HTTP/1.1" 200 27
101.83.145.37 - - [10/Mar/2024:11:01:50 +0800] "GET /xingrg/images/yd/bt.gif HTTP/1.1" 404 1040
101.83.145.37 - - [10/Mar/2024:11:01:51 +0800] "GET /xingrg/kc/buy/cgsh_order_list.html HTTP/1.1" 200 57880
116.230.123.13 - - [10/Mar/2024:11:01:52 +0800] "POST /xingrg/kc/buy/cgsh_order_operate.html HTTP/1.1" 200 12
124.77.241.9 - - [10/Mar/2024:11:01:52 +0800] "GET /xingrg/kc/buy/cgsh_order_add.html HTTP/1.1" 200 73655
116.237.76.68 - - [10/Mar/2024:11:01:53 +0800] "POST /xingrg/kc/buy/cgsh_list_operate.html HTTP/1.1" 200 1378
124.77.241.9 - - [10/Mar/2024:11:01:53 +0800] "POST /xingrg/kc/buy/cgsh_order_operate.html HTTP/1.1" 200 8245
124.77.241.9 - - [10/Mar/2024:11:01:53 +0800] "GET /xingrg/javascript/easyui/themes/default/validatebox.css HTTP/1.1" 404 1104
116.230.123.13 - - [10/Mar/2024:11:01:55 +0800] "GET /xingrg/kc/buy/cgsh_order_info.html?code=212024031002887 HTTP/1.1" 200 68524
116.230.123.13 - - [10/Mar/2024:11:01:55 +0800] "GET /xingrg/javascript/easyui/themes/default/validatebox.css HTTP/1.1" 404 1104
116.224.254.208 - - [10/Mar/2024:11:01:56 +0800] "POST /xingrg/kc/buy/cgsh_order_operate.html HTTP/1.1" 200 37
116.237.76.68 - - [10/Mar/2024:11:01:56 +0800] "GET /xingrg/login.html?r=1 HTTP/1.1" 200 7641
116.237.76.68 - - [10/Mar/2024:11:01:56 +0800] "GET /favicon.ico HTTP/1.1" 404 -
116.230.123.13 - - [10/Mar/2024:11:01:57 +0800] "POST /xingrg/kc/buy/cgsh_order_operate.html HTTP/1.1" 200 1208
124.78.60.103 - - [10/Mar/2024:11:01:58 +0800] "GET /xingrg/kc/buy/cgsh_order_operate.html?command=get_materiel&rest_code=00141&code=00101008113&supplier_code=00100008&order_time=2024-03-10 HTTP/1.1" 200 413
116.237.76.68 - - [10/Mar/2024:11:01:58 +0800] "POST /xingrg/login.do HTTP/1.1" 302 -
116.237.76.68 - - [10/Mar/2024:11:01:58 +0800] "GET /xingrg/index.html?sysBaseUrl=http%3A%2F%2F180.169.147.146%3A18081%2Fxingrg%2F&costTime=859×tamp=1710039718725 HTTP/1.1" 200 17173
116.237.76.68 - - [10/Mar/2024:11:01:58 +0800] "GET /xingrg/check_reg.html?_=1710039720656 HTTP/1.1" 200 22
116.237.76.68 - - [10/Mar/2024:11:01:58 +0800] "GET /xingrg/all/function/internal_message.html?_=1710039720656&CODE_STATE=count HTTP/1.1" 200 11
116.237.76.68 - - [10/Mar/2024:11:01:59 +0800] "GET /favicon.ico HTTP/1.1" 404 -
116.237.76.68 - - [10/Mar/2024:11:01:59 +0800] "POST /xingrg/all/common/load_tree.html?tree=area_rest_tree_json&manage=1 HTTP/1.1" 200 342
116.237.76.68 - - [10/Mar/2024:11:01:59 +0800] "POST /xingrg/load_menu.html HTTP/1.1" 200 5138
116.237.76.68 - - [10/Mar/2024:11:02:00 +0800] "GET /xingrg/kc/buy/buy_main.html HTTP/1.1" 200 12412
116.237.76.68 - - [10/Mar/2024:11:02:00 +0800] "GET /xingrg/css/new_ie.css HTTP/1.1" 404 1036
116.230.123.13 - - [10/Mar/2024:11:02:01 +0800] "GET /xingrg/kc/print/load_data.html?order_code=212024031002887&kc_code=cgsh&condition= HTTP/1.1" 200 937
116.237.76.68 - - [10/Mar/2024:11:02:01 +0800] "GET /xingrg/images/yd/bt.gif HTTP/1.1" 404 1040
116.237.76.68 - - [10/Mar/2024:11:02:03 +0800] "GET /xingrg/kc/buy/cgsh_order_list.html HTTP/1.1" 200 57880
116.224.254.208 - - [10/Mar/2024:11:02:03 +0800] "POST /xingrg/kc/buy/cgsh_order_operate.html HTTP/1.1" 200 12
101.83.145.37 - - [10/Mar/2024:11:02:04 +0800] "GET /xingrg/all/function/internal_message.html?_=1710039487021&CODE_STATE=getMsg HTTP/1.1" 200 27
101.83.145.37 - - [10/Mar/2024:11:02:06 +0800] "POST /xingrg/kc/buy/cgsh_list_operate.html HTTP/1.1" 200 1631
116.237.76.68 - - [10/Mar/2024:11:02:07 +0800] "POST /xingrg/kc/buy/cgsh_list_operate.html HTTP/1.1" 200 1378
116.224.254.208 - - [10/Mar/2024:11:02:08 +0800] "GET /xingrg/kc/buy/cgsh_order_info.html?code=212024031002889 HTTP/1.1" 200 68608
116.224.254.208 - - [10/Mar/2024:11:02:08 +0800] "GET /xingrg/javascript/easyui/themes/default/validatebox.css HTTP/1.1" 404 1104
116.224.254.208 - - [10/Mar/2024:11:02:09 +0800] "POST /xingrg/kc/buy/cgsh_order_operate.html HTTP/1.1" 200 617
116.224.254.208 - - [10/Mar/2024:11:02:10 +0800] "GET /xingrg/all/function/internal_message.html?_=1710039730210&CODE_STATE=getMsg HTTP/1.1" 200 27
124.77.241.9 - - [10/Mar/2024:11:02:10 +0800] "GET /xingrg/kc/buy/cgsh_order_operate.html?command=get_materiel&rest_code=00146&code=00101010310&supplier_code=00100314&order_time=2024-03-10 HTTP/1.1" 200 423
101.83.145.37 - - [10/Mar/2024:11:02:10 +0800] "GET /xingrg/kc/buy/cgsh_order_add.html HTTP/1.1" 200 73737
101.83.145.37 - - [10/Mar/2024:11:02:10 +0800] "GET /xingrg/javascript/jquery_tools/order_manager.js HTTP/1.1" 304 -
101.83.145.37 - - [10/Mar/2024:11:02:10 +0800] "GET /xingrg/javascript/convert.js HTTP/1.1" 304 -
101.83.145.37 - - [10/Mar/2024:11:02:10 +0800] "GET /xingrg/javascript/json2.js HTTP/1.1" 304 -
101.83.145.37 - - [10/Mar/2024:11:02:10 +0800] "GET /xingrg/javascript/print/kc_print.js HTTP/1.1" 304 -
101.83.145.37 - - [10/Mar/2024:11:02:10 +0800] "GET /xingrg/words/20240310095931_words.js HTTP/1.1" 200 1015055
101.83.145.37 - - [10/Mar/2024:11:02:11 +0800] "GET /xingrg/javascript/easyui/themes/icons/cancel.png HTTP/1.1" 304 -
101.83.145.37 - - [10/Mar/2024:11:02:11 +0800] "GET /xingrg/javascript/easyui/themes/icons/template_new.png HTTP/1.1" 304 -
101.83.145.37 - - [10/Mar/2024:11:02:11 +0800] "GET /xingrg/javascript/easyui/themes/default/images/menu_downarrow.png HTTP/1.1" 304 -
101.83.145.37 - - [10/Mar/2024:11:02:11 +0800] "GET /xingrg/javascript/easyui/themes/icons/print.png HTTP/1.1" 304 -
116.230.123.13 - - [10/Mar/2024:11:02:11 +0800] "GET /xingrg/all/function/internal_message.html?_=1710039730905&CODE_STATE=getMsg HTTP/1.1" 200 27
101.83.145.37 - - [10/Mar/2024:11:02:11 +0800] "GET /xingrg/javascript/easyui/themes/icons/copy_new.png HTTP/1.1" 304 -
101.83.145.37 - - [10/Mar/2024:11:02:11 +0800] "GET /xingrg/javascript/easyui/themes/icons/ok.png HTTP/1.1" 304 -
101.83.145.37 - - [10/Mar/2024:11:02:11 +0800] "POST /xingrg/kc/buy/cgsh_order_operate.html HTTP/1.1" 200 8245
101.83.145.37 - - [10/Mar/2024:11:02:11 +0800] "GET /xingrg/javascript/easyui/themes/default/validatebox.css HTTP/1.1" 404 1104
101.83.145.37 - - [10/Mar/2024:11:02:11 +0800] "GET /xingrg/javascript/easyui/plugins/jquery.validatebox.js HTTP/1.1" 304 -
101.83.145.37 - - [10/Mar/2024:11:02:11 +0800] "GET /xingrg/all/common/auto_word.html?type=employee&rest_code=00105 HTTP/1.1" 200 193
101.83.145.37 - - [10/Mar/2024:11:02:11 +0800] "GET /xingrg/all/common/auto_word.html?type=employee&rest_code=00105 HTTP/1.1" 200 193
101.83.145.37 - - [10/Mar/2024:11:02:11 +0800] "GET /xingrg/javascript/easyui/themes/icons/edit_remove.png HTTP/1.1" 304 -
101.83.145.37 - - [10/Mar/2024:11:02:11 +0800] "GET /xingrg/javascript/easyui/plugins/jquery.numberbox.js HTTP/1.1" 304 -
116.224.254.208 - - [10/Mar/2024:11:02:13 +0800] "GET /xingrg/kc/print/load_data.html?order_code=212024031002889&kc_code=cgsh&condition= HTTP/1.1" 200 794
124.78.60.103 - - [10/Mar/2024:11:02:18 +0800] "GET /xingrg/kc/buy/cgsh_order_operate.html?command=get_materiel&rest_code=00141&code=00101008005&supplier_code=00100008&order_time=2024-03-10 HTTP/1.1" 200 412
101.83.145.37 - - [10/Mar/2024:11:02:19 +0800] "GET /xingrg/javascript/auto/indicator.gif HTTP/1.1" 404 1066
116.238.97.31 - - [10/Mar/2024:11:02:21 +0800] "GET /xingrg/all/function/internal_message.html?_=1710039741699&CODE_STATE=getMsg HTTP/1.1" 200 27
116.230.123.13 - - [10/Mar/2024:11:02:24 +0800] "GET /xingrg/kc/buy/cgsh_order_add.html HTTP/1.1" 200 73611
124.77.241.9 - - [10/Mar/2024:11:02:25 +0800] "POST /xingrg/kc/buy/cgsh_order_operate.html HTTP/1.1" 200 37
116.230.123.13 - - [10/Mar/2024:11:02:25 +0800] "GET /xingrg/javascript/easyui/themes/default/validatebox.css HTTP/1.1" 404 1104
116.230.123.13 - - [10/Mar/2024:11:02:25 +0800] "POST /xingrg/kc/buy/cgsh_order_operate.html HTTP/1.1" 200 8245
116.224.254.208 - - [10/Mar/2024:11:02:26 +0800] "GET /xingrg/kc/buy/cgsh_order_add.html HTTP/1.1" 200 73699
116.224.254.208 - - [10/Mar/2024:11:02:26 +0800] "POST /xingrg/kc/buy/cgsh_order_operate.html HTTP/1.1" 200 8245
116.224.254.208 - - [10/Mar/2024:11:02:26 +0800] "GET /xingrg/javascript/easyui/themes/default/validatebox.css HTTP/1.1" 404 1104
180.164.1.25 - - [10/Mar/2024:11:02:26 +0800] "GET /xingrg/kc/buy/cgsh_order_add.html HTTP/1.1" 302 -
180.164.1.25 - - [10/Mar/2024:11:02:26 +0800] "GET /xingrg/login.html HTTP/1.1" 200 7641
180.164.1.25 - - [10/Mar/2024:11:02:26 +0800] "GET /xingrg/login.html HTTP/1.1" 200 7641
180.164.1.25 - - [10/Mar/2024:11:02:26 +0800] "GET /favicon.ico HTTP/1.1" 404 -
124.77.241.9 - - [10/Mar/2024:11:02:29 +0800] "POST /xingrg/kc/buy/cgsh_order_operate.html HTTP/1.1" 200 2668
180.164.1.25 - - [10/Mar/2024:11:02:30 +0800] "POST /xingrg/login.do HTTP/1.1" 302 -
180.164.1.25 - - [10/Mar/2024:11:02:30 +0800] "GET /xingrg/index.html?sysBaseUrl=http%3A%2F%2F180.169.147.146%3A18081%2Fxingrg%2F&costTime=803×tamp=1710039750269 HTTP/1.1" 200 17183
180.164.1.25 - - [10/Mar/2024:11:02:30 +0800] "GET /favicon.ico HTTP/1.1" 404 -
180.164.1.25 - - [10/Mar/2024:11:02:30 +0800] "GET /xingrg/check_reg.html?_=1710039749996 HTTP/1.1" 200 22
180.164.1.25 - - [10/Mar/2024:11:02:30 +0800] "POST /xingrg/all/common/load_tree.html?tree=area_rest_tree_json&manage=1 HTTP/1.1" 200 357
180.164.1.25 - - [10/Mar/2024:11:02:30 +0800] "GET /xingrg/all/function/internal_message.html?_=1710039749996&CODE_STATE=count HTTP/1.1" 200 11
180.164.1.25 - - [10/Mar/2024:11:02:30 +0800] "POST /xingrg/load_menu.html HTTP/1.1" 200 5138
124.77.241.9 - - [10/Mar/2024:11:02:32 +0800] "GET /xingrg/all/function/internal_message.html?_=1710039778830&CODE_STATE=getMsg HTTP/1.1" 200 27
124.77.241.9 - - [10/Mar/2024:11:02:32 +0800] "GET /xingrg/kc/print/load_data.html?order_code=212024031002890&kc_code=cgsh&condition= HTTP/1.1" 200 684
116.224.254.208 - - [10/Mar/2024:11:02:34 +0800] "GET /xingrg/kc/buy/cgsh_order_operate.html?command=get_materiel&rest_code=00150&code=00101002006&supplier_code=00100091&order_time=2024-03-10 HTTP/1.1" 200 414
180.164.1.25 - - [10/Mar/2024:11:02:34 +0800] "GET /xingrg/kc/buy/cgsh_order_list.html HTTP/1.1" 200 57890
124.78.60.103 - - [10/Mar/2024:11:02:36 +0800] "GET /xingrg/kc/buy/cgsh_order_operate.html?command=get_materiel&rest_code=00141&code=00101009010&supplier_code=00100008&order_time=2024-03-10 HTTP/1.1" 200 416
101.83.145.37 - - [10/Mar/2024:11:02:37 +0800] "GET /xingrg/kc/buy/cgsh_order_operate.html?command=get_materiel&rest_code=00105&code=00101011005&supplier_code=00100052&order_time=2024-03-10 HTTP/1.1" 200 408
124.77.241.9 - - [10/Mar/2024:11:02:39 +0800] "GET /xingrg/kc/buy/cgsh_order_add.html HTTP/1.1" 200 73655
124.77.241.9 - - [10/Mar/2024:11:02:39 +0800] "POST /xingrg/kc/buy/cgsh_order_operate.html HTTP/1.1" 200 8245
124.77.241.9 - - [10/Mar/2024:11:02:39 +0800] "GET /xingrg/javascript/easyui/themes/default/validatebox.css HTTP/1.1" 404 1104
124.78.60.103 - - [10/Mar/2024:11:02:40 +0800] "GET /xingrg/all/function/internal_message.html?_=1710039760316&CODE_STATE=getMsg HTTP/1.1" 200 27
180.169.147.146 - - [10/Mar/2024:11:02:40 +0800] "GET /xingrg/all/function/internal_message.html?_=1710039760250&CODE_STATE=getMsg HTTP/1.1" 200 27
116.224.254.208 - - [10/Mar/2024:11:02:43 +0800] "POST /xingrg/kc/buy/cgsh_order_operate.html HTTP/1.1" 200 37
116.230.123.13 - - [10/Mar/2024:11:02:43 +0800] "GET /xingrg/kc/buy/cgsh_order_operate.html?command=get_materiel&rest_code=00111&code=00101010310&supplier_code=00100314&order_time=2024-03-10 HTTP/1.1" 200 423
172.20.0.100 - - [10/Mar/2024:11:02:46 +0800] "GET /xingrg/check_reg.html?_=1710039785093 HTTP/1.1" 302 -
116.224.254.208 - - [10/Mar/2024:11:02:49 +0800] "POST /xingrg/kc/buy/cgsh_order_operate.html HTTP/1.1" 200 12
120.253.135.82 - - [10/Mar/2024:11:02:49 +0800] "GET /xingrg/all/function/internal_message.html?_=1710039606472&CODE_STATE=getMsg HTTP/1.1" 200 27
116.224.254.208 - - [10/Mar/2024:11:02:51 +0800] "GET /xingrg/kc/buy/cgsh_order_info.html?code=212024031002891 HTTP/1.1" 200 68612
124.77.241.9 - - [10/Mar/2024:11:02:51 +0800] "POST /xingrg/services/DataTransmitService HTTP/1.1" 200 524
116.224.254.208 - - [10/Mar/2024:11:02:51 +0800] "GET /xingrg/javascript/easyui/themes/default/validatebox.css HTTP/1.1" 404 1104
124.77.241.9 - - [10/Mar/2024:11:02:52 +0800] "POST /xingrg/services/DataTransmitService HTTP/1.1" 200 2331
116.224.254.208 - - [10/Mar/2024:11:02:52 +0800] "POST /xingrg/kc/buy/cgsh_order_operate.html HTTP/1.1" 200 611
124.77.241.9 - - [10/Mar/2024:11:02:55 +0800] "POST /xingrg/services/DataTransmitService HTTP/1.1" 200 524
124.77.241.9 - - [10/Mar/2024:11:02:56 +0800] "POST /xingrg/services/DataTransmitService HTTP/1.1" 200 2331
116.230.123.13 - - [10/Mar/2024:11:02:57 +0800] "POST /xingrg/kc/buy/cgsh_order_operate.html HTTP/1.1" 200 37
116.224.254.208 - - [10/Mar/2024:11:02:57 +0800] "GET /xingrg/kc/print/load_data.html?order_code=212024031002891&kc_code=cgsh&condition= HTTP/1.1" 200 778
124.77.241.9 - - [10/Mar/2024:11:02:58 +0800] "POST /xingrg/services/DataTransmitService HTTP/1.1" 200 524
180.164.1.25 - - [10/Mar/2024:11:02:58 +0800] "POST /xingrg/kc/buy/cgsh_list_operate.html HTTP/1.1" 200 2899
116.237.76.68 - - [10/Mar/2024:11:02:59 +0800] "GET /xingrg/all/function/internal_message.html?_=1710039780662&CODE_STATE=getMsg HTTP/1.1" 200 27
124.77.241.9 - - [10/Mar/2024:11:02:59 +0800] "POST /xingrg/services/DataTransmitService HTTP/1.1" 200 2331
124.78.60.103 - - [10/Mar/2024:11:03:01 +0800] "GET /xingrg/kc/buy/cgsh_order_operate.html?command=get_materiel&rest_code=00141&code=00101008323&supplier_code=00100008&order_time=2024-03-10 HTTP/1.1" 200 408
116.224.254.208 - - [10/Mar/2024:11:03:03 +0800] "GET /xingrg/kc/buy/cgsh_order_add.html HTTP/1.1" 200 73699
116.224.254.208 - - [10/Mar/2024:11:03:03 +0800] "POST /xingrg/kc/buy/cgsh_order_operate.html HTTP/1.1" 200 8245
116.224.254.208 - - [10/Mar/2024:11:03:03 +0800] "GET /xingrg/javascript/easyui/themes/default/validatebox.css HTTP/1.1" 404 1104
101.83.145.37 - - [10/Mar/2024:11:03:04 +0800] "GET /xingrg/all/function/internal_message.html?_=1710039547024&CODE_STATE=getMsg HTTP/1.1" 200 27
116.237.76.68 - - [10/Mar/2024:11:03:04 +0800] "POST /xingrg/kc/buy/cgsh_list_operate.html HTTP/1.1" 200 566
116.230.123.13 - - [10/Mar/2024:11:03:05 +0800] "POST /xingrg/kc/buy/cgsh_order_operate.html HTTP/1.1" 200 12
116.237.76.68 - - [10/Mar/2024:11:03:06 +0800] "GET /xingrg/kc/buy/cgsh_order_info.html?code=212024031002861 HTTP/1.1" 200 73658
116.237.76.68 - - [10/Mar/2024:11:03:06 +0800] "GET /xingrg/words/20240310095931_words.js HTTP/1.1" 304 -
116.237.76.68 - - [10/Mar/2024:11:03:06 +0800] "GET /xingrg/javascript/easyui/themes/default/validatebox.css HTTP/1.1" 404 1104
116.237.76.68 - - [10/Mar/2024:11:03:07 +0800] "GET /xingrg/all/common/auto_word.html?type=employee&rest_code=00106 HTTP/1.1" 200 205
116.237.76.68 - - [10/Mar/2024:11:03:07 +0800] "GET /xingrg/all/common/auto_word.html?type=employee&rest_code=00106 HTTP/1.1" 200 205
116.230.123.13 - - [10/Mar/2024:11:03:08 +0800] "GET /xingrg/kc/buy/cgsh_order_info.html?code=212024031002892 HTTP/1.1" 200 68522
124.77.241.9 - - [10/Mar/2024:11:03:08 +0800] "POST /xingrg/services/DataTransmitService HTTP/1.1" 200 524
116.237.76.68 - - [10/Mar/2024:11:03:08 +0800] "POST /xingrg/kc/buy/cgsh_order_operate.html HTTP/1.1" 200 14446
116.230.123.13 - - [10/Mar/2024:11:03:08 +0800] "GET /xingrg/javascript/easyui/themes/default/validatebox.css HTTP/1.1" 404 1104
124.77.241.9 - - [10/Mar/2024:11:03:09 +0800] "POST /xingrg/services/DataTransmitService HTTP/1.1" 200 2331
116.230.123.13 - - [10/Mar/2024:11:03:09 +0800] "POST /xingrg/kc/buy/cgsh_order_operate.html HTTP/1.1" 200 617
116.224.254.208 - - [10/Mar/2024:11:03:10 +0800] "GET /xingrg/all/function/internal_message.html?_=1710039790190&CODE_STATE=getMsg HTTP/1.1" 200 27
124.77.241.9 - - [10/Mar/2024:11:03:10 +0800] "GET /xingrg/kc/buy/cgsh_order_operate.html?command=get_materiel&rest_code=00146&code=00101001322&supplier_code=00100653&order_time=2024-03-10 HTTP/1.1" 200 426
116.230.123.13 - - [10/Mar/2024:11:03:11 +0800] "GET /xingrg/all/function/internal_message.html?_=1710039790895&CODE_STATE=getMsg HTTP/1.1" 200 27
124.77.241.9 - - [10/Mar/2024:11:03:11 +0800] "POST /xingrg/services/DataTransmitService HTTP/1.1" 200 524
124.77.241.9 - - [10/Mar/2024:11:03:12 +0800] "POST /xingrg/services/DataTransmitService HTTP/1.1" 200 2331
116.224.254.208 - - [10/Mar/2024:11:03:12 +0800] "GET /xingrg/kc/buy/cgsh_order_operate.html?command=get_materiel&rest_code=00150&code=00101010027&supplier_code=00100330&order_time=2024-03-10 HTTP/1.1" 200 409
116.230.123.13 - - [10/Mar/2024:11:03:12 +0800] "GET /xingrg/kc/print/load_data.html?order_code=212024031002892&kc_code=cgsh&condition= HTTP/1.1" 200 709
124.77.241.9 - - [10/Mar/2024:11:03:13 +0800] "POST /xingrg/services/DataTransmitService HTTP/1.1" 200 524
124.77.241.9 - - [10/Mar/2024:11:03:14 +0800] "POST /xingrg/services/DataTransmitService HTTP/1.1" 200 2331
180.164.1.25 - - [10/Mar/2024:11:03:15 +0800] "GET /xingrg/kc/buy/cgsh_order_add.html HTTP/1.1" 200 73747
180.164.1.25 - - [10/Mar/2024:11:03:15 +0800] "GET /xingrg/words/20240310095931_words.js HTTP/1.1" 200 1015055
180.164.1.25 - - [10/Mar/2024:11:03:16 +0800] "POST /xingrg/kc/buy/cgsh_order_operate.html HTTP/1.1" 200 8245
124.77.241.9 - - [10/Mar/2024:11:03:16 +0800] "POST /xingrg/services/DataTransmitService HTTP/1.1" 200 524
180.164.1.25 - - [10/Mar/2024:11:03:16 +0800] "GET /xingrg/javascript/easyui/themes/default/validatebox.css HTTP/1.1" 404 1104
124.78.60.103 - - [10/Mar/2024:11:03:16 +0800] "GET /xingrg/kc/buy/cgsh_order_operate.html?command=get_materiel&rest_code=00141&code=00101008354&supplier_code=00100008&order_time=2024-03-10 HTTP/1.1" 200 412
124.77.241.9 - - [10/Mar/2024:11:03:17 +0800] "POST /xingrg/services/DataTransmitService HTTP/1.1" 200 2331
124.78.60.103 - - [10/Mar/2024:11:03:19 +0800] "POST /xingrg/kc/buy/cgsh_order_operate.html HTTP/1.1" 200 2065
116.230.123.13 - - [10/Mar/2024:11:03:20 +0800] "GET /xingrg/kc/base/yddb_order_list.html HTTP/1.1" 200 16656
116.230.123.13 - - [10/Mar/2024:11:03:21 +0800] "POST /xingrg/kc/base/yddb_list_operate.html HTTP/1.1" 200 636
116.238.97.31 - - [10/Mar/2024:11:03:21 +0800] "GET /xingrg/all/function/internal_message.html?_=1710039801701&CODE_STATE=getMsg HTTP/1.1" 200 27
116.224.254.208 - - [10/Mar/2024:11:03:22 +0800] "POST /xingrg/kc/buy/cgsh_order_operate.html HTTP/1.1" 200 37
124.78.60.103 - - [10/Mar/2024:11:03:24 +0800] "GET /xingrg/kc/buy/cgsh_order_operate.html?command=get_materiel&rest_code=00141&code=00101008096&supplier_code=00100008&order_time=2024-03-10 HTTP/1.1" 200 412
116.237.76.68 - - [10/Mar/2024:11:03:26 +0800] "GET /xingrg/javascript/auto/indicator.gif HTTP/1.1" 404 1066
116.224.254.208 - - [10/Mar/2024:11:03:29 +0800] "POST /xingrg/kc/buy/cgsh_order_operate.html HTTP/1.1" 200 12
180.164.1.25 - - [10/Mar/2024:11:03:30 +0800] "GET /xingrg/all/function/internal_message.html?_=1710039810005&CODE_STATE=getMsg HTTP/1.1" 200 27
124.77.241.9 - - [10/Mar/2024:11:03:30 +0800] "GET /xingrg/kc/buy/cgsh_order_operate.html?command=get_materiel&rest_code=00146&code=00101001036&supplier_code=00100653&order_time=2024-03-10 HTTP/1.1" 200 423
116.224.254.208 - - [10/Mar/2024:11:03:32 +0800] "GET /xingrg/kc/buy/cgsh_order_info.html?code=212024031002893 HTTP/1.1" 200 68614
116.224.254.208 - - [10/Mar/2024:11:03:32 +0800] "GET /xingrg/javascript/easyui/themes/default/validatebox.css HTTP/1.1" 404 1104
124.77.241.9 - - [10/Mar/2024:11:03:32 +0800] "GET /xingrg/all/function/internal_message.html?_=1710039838843&CODE_STATE=getMsg HTTP/1.1" 200 27
101.83.145.37 - - [10/Mar/2024:11:03:33 +0800] "GET /xingrg/kc/buy/cgsh_order_operate.html?command=get_materiel&rest_code=00105&code=00101011001&supplier_code=00100052&order_time=2024-03-10 HTTP/1.1" 200 423
116.224.254.208 - - [10/Mar/2024:11:03:33 +0800] "POST /xingrg/kc/buy/cgsh_order_operate.html HTTP/1.1" 200 603
116.230.123.13 - - [10/Mar/2024:11:03:33 +0800] "POST /xingrg/kc/base/yddb_list_operate.html HTTP/1.1" 200 1334
116.230.123.13 - - [10/Mar/2024:11:03:36 +0800] "POST /xingrg/kc/base/yddb_list_operate.html HTTP/1.1" 200 201
116.230.123.13 - - [10/Mar/2024:11:03:37 +0800] "GET /xingrg/kc/base/yddb_order_info.html?code=482024030200006 HTTP/1.1" 200 31723
116.230.123.13 - - [10/Mar/2024:11:03:37 +0800] "GET /xingrg/css/blue.css HTTP/1.1" 200 15949
116.230.123.13 - - [10/Mar/2024:11:03:37 +0800] "GET /xingrg/dwr/interface/AjaxComOrderService.js HTTP/1.1" 200 18264
116.230.123.13 - - [10/Mar/2024:11:03:37 +0800] "GET /xingrg/dwr/interface/AjaxYddbService.js HTTP/1.1" 200 13201
116.230.123.13 - - [10/Mar/2024:11:03:37 +0800] "GET /xingrg/dwr/engine.js HTTP/1.1" 200 43631
116.230.123.13 - - [10/Mar/2024:11:03:37 +0800] "GET /xingrg/dwr/util.js HTTP/1.1" 200 35990
116.230.123.13 - - [10/Mar/2024:11:03:37 +0800] "GET /xingrg/javascript/Calendar.js HTTP/1.1" 200 31561
116.230.123.13 - - [10/Mar/2024:11:03:37 +0800] "GET /xingrg/javascript/checkform.js HTTP/1.1" 200 18351
116.230.123.13 - - [10/Mar/2024:11:03:37 +0800] "GET /xingrg/javascript/myfunction.js HTTP/1.1" 200 24559
116.230.123.13 - - [10/Mar/2024:11:03:37 +0800] "GET /xingrg/javascript/Grid.js HTTP/1.1" 200 58908
116.230.123.13 - - [10/Mar/2024:11:03:37 +0800] "GET /xingrg/javascript/AjaxInfoList.js HTTP/1.1" 200 3774
116.230.123.13 - - [10/Mar/2024:11:03:37 +0800] "GET /xingrg/javascript/ToolTips.js HTTP/1.1" 200 5615
116.224.254.208 - - [10/Mar/2024:11:03:37 +0800] "GET /xingrg/kc/print/load_data.html?order_code=212024031002893&kc_code=cgsh&condition= HTTP/1.1" 200 713
116.230.123.13 - - [10/Mar/2024:11:03:37 +0800] "GET /xingrg/javascript/jquery_easy_ui/themes/icons/edit_add_new.png HTTP/1.1" 200 2997
116.230.123.13 - - [10/Mar/2024:11:03:37 +0800] "GET /xingrg/javascript/jquery_easy_ui/themes/icons/check_new.png HTTP/1.1" 200 3224
116.230.123.13 - - [10/Mar/2024:11:03:37 +0800] "GET /xingrg/javascript/jquery_easy_ui/themes/icons/print.png HTTP/1.1" 200 1057
116.230.123.13 - - [10/Mar/2024:11:03:37 +0800] "GET /xingrg/javascript/jquery_easy_ui/themes/default/images/menu_downarrow.png HTTP/1.1" 200 173
116.230.123.13 - - [10/Mar/2024:11:03:38 +0800] "GET /xingrg/javascript/jquery_easy_ui/themes/icons/back_new.png HTTP/1.1" 200 3414
116.230.123.13 - - [10/Mar/2024:11:03:38 +0800] "GET /xingrg/images/blue/wait.gif HTTP/1.1" 200 1100
116.230.123.13 - - [10/Mar/2024:11:03:38 +0800] "GET /xingrg/images/blue/kc_tab_mid.gif HTTP/1.1" 200 44
116.230.123.13 - - [10/Mar/2024:11:03:38 +0800] "GET /xingrg/images/blue/kc_tab_right.gif HTTP/1.1" 200 643
116.230.123.13 - - [10/Mar/2024:11:03:38 +0800] "GET /xingrg/images/blue/kc_tab_left.gif HTTP/1.1" 200 188
116.230.123.13 - - [10/Mar/2024:11:03:38 +0800] "POST /xingrg/dwr/call/plaincall/AjaxYddbService.loadMaterielItems.dwr HTTP/1.1" 200 392
116.237.76.68 - - [10/Mar/2024:11:03:39 +0800] "GET /xingrg/kc/buy/cgsh_order_operate.html?command=get_materiel&rest_code=00106&code=00101008300&supplier_code=00100008&order_time=2024-03-10 HTTP/1.1" 200 412
124.78.60.103 - - [10/Mar/2024:11:03:40 +0800] "GET /xingrg/all/function/internal_message.html?_=1710039820322&CODE_STATE=getMsg HTTP/1.1" 200 27
180.169.147.146 - - [10/Mar/2024:11:03:40 +0800] "GET /xingrg/all/function/internal_message.html?_=1710039820246&CODE_STATE=getMsg HTTP/1.1" 200 27
116.230.123.13 - - [10/Mar/2024:11:03:45 +0800] "POST /xingrg/dwr/call/plaincall/AjaxYddbService.saveOrder.dwr HTTP/1.1" 200 78
116.224.254.208 - - [10/Mar/2024:11:03:46 +0800] "GET /xingrg/kc/buy/cgsh_order_add.html HTTP/1.1" 200 73699
116.224.254.208 - - [10/Mar/2024:11:03:46 +0800] "POST /xingrg/kc/buy/cgsh_order_operate.html HTTP/1.1" 200 8245
116.224.254.208 - - [10/Mar/2024:11:03:46 +0800] "GET /xingrg/javascript/easyui/themes/default/validatebox.css HTTP/1.1" 404 1104
124.78.60.103 - - [10/Mar/2024:11:03:46 +0800] "GET /xingrg/kc/buy/cgsh_order_operate.html?command=get_materiel&rest_code=00141&code=00101008283&supplier_code=00100008&order_time=2024-03-10 HTTP/1.1" 200 408
120.253.135.82 - - [10/Mar/2024:11:03:49 +0800] "GET /xingrg/all/function/internal_message.html?_=1710039666486&CODE_STATE=getMsg HTTP/1.1" 200 27
116.230.123.13 - - [10/Mar/2024:11:03:50 +0800] "GET /xingrg/javascript/jquery_easy_ui/themes/default/images/button_plain_hover.png HTTP/1.1" 200 252
116.230.123.13 - - [10/Mar/2024:11:03:54 +0800] "POST /xingrg/dwr/call/plaincall/AjaxYddbService.objCheckOrder.dwr HTTP/1.1" 200 78
116.230.123.13 - - [10/Mar/2024:11:03:56 +0800] "GET /xingrg/kc/base/yddb_order_info.html?code=482024030200006 HTTP/1.1" 200 31844
116.230.123.13 - - [10/Mar/2024:11:03:56 +0800] "GET /xingrg/dwr/interface/AjaxComOrderService.js HTTP/1.1" 200 18264
116.230.123.13 - - [10/Mar/2024:11:03:56 +0800] "GET /xingrg/dwr/engine.js HTTP/1.1" 200 43631
116.230.123.13 - - [10/Mar/2024:11:03:56 +0800] "GET /xingrg/dwr/interface/AjaxYddbService.js HTTP/1.1" 200 13201
116.230.123.13 - - [10/Mar/2024:11:03:57 +0800] "POST /xingrg/dwr/call/plaincall/AjaxYddbService.loadMaterielItems.dwr HTTP/1.1" 200 392
124.78.60.103 - - [10/Mar/2024:11:03:57 +0800] "GET /xingrg/kc/buy/cgsh_order_operate.html?command=get_materiel&rest_code=00141&code=00101008502&supplier_code=00100008&order_time=2024-03-10 HTTP/1.1" 200 412
116.224.254.208 - - [10/Mar/2024:11:03:58 +0800] "GET /xingrg/kc/buy/cgsh_order_operate.html?command=get_materiel&rest_code=00150&code=00101004051&supplier_code=00100317&order_time=2024-03-10 HTTP/1.1" 200 410
116.237.76.68 - - [10/Mar/2024:11:03:59 +0800] "GET /xingrg/all/function/internal_message.html?_=1710039840662&CODE_STATE=getMsg HTTP/1.1" 200 27
116.230.123.13 - - [10/Mar/2024:11:04:00 +0800] "GET /xingrg/check_reg.html?_=1710039840355 HTTP/1.1" 200 22
101.83.145.37 - - [10/Mar/2024:11:04:04 +0800] "GET /xingrg/check_reg.html?_=1710039607011 HTTP/1.1" 200 22
101.83.145.37 - - [10/Mar/2024:11:04:04 +0800] "GET /xingrg/all/function/internal_message.html?_=1710039607015&CODE_STATE=getMsg HTTP/1.1" 200 27
116.230.123.13 - - [10/Mar/2024:11:04:04 +0800] "GET /xingrg/kc/buy/cgsh_order_list.html HTTP/1.1" 200 57880
124.77.241.9 - - [10/Mar/2024:11:04:05 +0800] "POST /xingrg/kc/buy/cgsh_order_operate.html HTTP/1.1" 200 37
124.77.241.9 - - [10/Mar/2024:11:04:08 +0800] "POST /xingrg/kc/buy/cgsh_order_operate.html HTTP/1.1" 200 3268
116.230.123.13 - - [10/Mar/2024:11:04:08 +0800] "POST /xingrg/kc/buy/cgsh_list_operate.html HTTP/1.1" 200 645
101.83.145.37 - - [10/Mar/2024:11:04:09 +0800] "POST /xingrg/kc/buy/cgsh_order_operate.html HTTP/1.1" 200 88
116.237.76.68 - - [10/Mar/2024:11:04:10 +0800] "GET /xingrg/kc/buy/cgsh_order_operate.html?command=get_materiel&rest_code=00106&code=00101008247&supplier_code=00100008&order_time=2024-03-10 HTTP/1.1" 200 412
116.224.254.208 - - [10/Mar/2024:11:04:10 +0800] "GET /xingrg/all/function/internal_message.html?_=1710039850183&CODE_STATE=getMsg HTTP/1.1" 200 27
116.224.254.208 - - [10/Mar/2024:11:04:10 +0800] "GET /xingrg/kc/buy/cgsh_order_operate.html?command=get_materiel&rest_code=00150&code=00101004067&supplier_code=00100317&order_time=2024-03-10 HTTP/1.1" 200 413
116.230.123.13 - - [10/Mar/2024:11:04:11 +0800] "GET /xingrg/all/function/internal_message.html?_=1710039850882&CODE_STATE=getMsg HTTP/1.1" 200 27
124.78.60.103 - - [10/Mar/2024:11:04:11 +0800] "GET /xingrg/kc/buy/cgsh_order_operate.html?command=get_materiel&rest_code=00141&code=00101008126&supplier_code=00100008&order_time=2024-03-10 HTTP/1.1" 200 412
124.77.241.9 - - [10/Mar/2024:11:04:12 +0800] "GET /xingrg/kc/print/load_data.html?order_code=212024031002894&kc_code=cgsh&condition= HTTP/1.1" 200 915
124.78.60.103 - - [10/Mar/2024:11:04:18 +0800] "POST /xingrg/kc/buy/cgsh_order_operate.html HTTP/1.1" 200 2065
101.83.145.37 - - [10/Mar/2024:11:04:19 +0800] "POST /xingrg/kc/buy/cgsh_order_operate.html HTTP/1.1" 200 37
124.77.241.9 - - [10/Mar/2024:11:04:19 +0800] "GET /xingrg/kc/buy/cgsh_order_add.html HTTP/1.1" 200 73655
124.77.241.9 - - [10/Mar/2024:11:04:19 +0800] "POST /xingrg/kc/buy/cgsh_order_operate.html HTTP/1.1" 200 8245
124.77.241.9 - - [10/Mar/2024:11:04:20 +0800] "GET /xingrg/javascript/easyui/themes/default/validatebox.css HTTP/1.1" 404 1104
116.224.254.208 - - [10/Mar/2024:11:04:21 +0800] "GET /xingrg/kc/buy/cgsh_order_operate.html?command=get_materiel&rest_code=00150&code=00101004046&supplier_code=00100317&order_time=2024-03-10 HTTP/1.1" 200 418
101.83.145.37 - - [10/Mar/2024:11:04:21 +0800] "POST /xingrg/kc/buy/cgsh_order_operate.html HTTP/1.1" 200 3260
116.238.97.31 - - [10/Mar/2024:11:04:21 +0800] "GET /xingrg/all/function/internal_message.html?_=1710039861676&CODE_STATE=getMsg HTTP/1.1" 200 27
116.237.76.68 - - [10/Mar/2024:11:04:23 +0800] "GET /xingrg/kc/buy/cgsh_order_operate.html?command=get_materiel&rest_code=00106&code=00101008098&supplier_code=00100008&order_time=2024-03-10 HTTP/1.1" 200 412
101.83.145.37 - - [10/Mar/2024:11:04:24 +0800] "GET /xingrg/kc/print/load_config.html?kc_code=cgsh HTTP/1.1" 200 1927
101.83.145.37 - - [10/Mar/2024:11:04:24 +0800] "GET /xingrg/kc/print/load_data.html?order_code=212024031002896&kc_code=cgsh&condition= HTTP/1.1" 200 954
124.78.60.103 - - [10/Mar/2024:11:04:25 +0800] "GET /xingrg/kc/buy/cgsh_order_operate.html?command=get_materiel&rest_code=00141&code=00101008024&supplier_code=00100008&order_time=2024-03-10 HTTP/1.1" 200 408
180.164.1.25 - - [10/Mar/2024:11:04:30 +0800] "GET /xingrg/all/function/internal_message.html?_=1710039870005&CODE_STATE=getMsg HTTP/1.1" 200 27
116.224.254.208 - - [10/Mar/2024:11:04:30 +0800] "POST /xingrg/kc/buy/cgsh_order_operate.html HTTP/1.1" 200 37
120.253.135.82 - - [10/Mar/2024:11:04:31 +0800] "GET /xingrg/kc/pszx/mdqp_order_list.html?state=10 HTTP/1.1" 200 10319
120.253.135.82 - - [10/Mar/2024:11:04:31 +0800] "GET /xingrg/dwr/interface/AjaxReportQueryService.js HTTP/1.1" 200 13203
120.253.135.82 - - [10/Mar/2024:11:04:31 +0800] "GET /xingrg/dwr/engine.js HTTP/1.1" 200 43631
120.253.135.82 - - [10/Mar/2024:11:04:31 +0800] "GET /xingrg/dwr/interface/AjaxQqpsService.js HTTP/1.1" 200 16326
124.77.241.9 - - [10/Mar/2024:11:04:32 +0800] "GET /xingrg/all/function/internal_message.html?_=1710039898856&CODE_STATE=getMsg HTTP/1.1" 200 27
124.78.60.103 - - [10/Mar/2024:11:04:36 +0800] "GET /xingrg/kc/buy/cgsh_order_operate.html?command=get_materiel&rest_code=00141&code=00101008356&supplier_code=00100008&order_time=2024-03-10 HTTP/1.1" 200 408
120.253.135.82 - - [10/Mar/2024:11:04:36 +0800] "GET /xingrg/kc/pszx/mdqp_order_list.html?state=10 HTTP/1.1" 200 10319
120.253.135.82 - - [10/Mar/2024:11:04:36 +0800] "GET /xingrg/dwr/interface/AjaxQqpsService.js HTTP/1.1" 200 16326
120.253.135.82 - - [10/Mar/2024:11:04:36 +0800] "GET /xingrg/dwr/interface/AjaxReportQueryService.js HTTP/1.1" 200 13203
120.253.135.82 - - [10/Mar/2024:11:04:36 +0800] "GET /xingrg/dwr/engine.js HTTP/1.1" 200 43631
116.224.254.208 - - [10/Mar/2024:11:04:38 +0800] "POST /xingrg/kc/buy/cgsh_order_operate.html HTTP/1.1" 200 12
124.78.60.103 - - [10/Mar/2024:11:04:40 +0800] "GET /xingrg/check_reg.html?_=1710039880114 HTTP/1.1" 200 22
124.78.60.103 - - [10/Mar/2024:11:04:40 +0800] "GET /xingrg/all/function/internal_message.html?_=1710039880298&CODE_STATE=getMsg HTTP/1.1" 200 27
180.169.147.146 - - [10/Mar/2024:11:04:40 +0800] "GET /xingrg/all/function/internal_message.html?_=1710039880239&CODE_STATE=getMsg HTTP/1.1" 200 27
180.169.147.146 - - [10/Mar/2024:11:04:40 +0800] "GET /xingrg/check_reg.html?_=1710039880241 HTTP/1.1" 200 22
120.253.135.82 - - [10/Mar/2024:11:04:44 +0800] "GET /xingrg/kc/pszx/mdqp_order_list.html?state=10 HTTP/1.1" 200 10319
120.253.135.82 - - [10/Mar/2024:11:04:44 +0800] "GET /xingrg/dwr/interface/AjaxReportQueryService.js HTTP/1.1" 200 13203
120.253.135.82 - - [10/Mar/2024:11:04:44 +0800] "GET /xingrg/dwr/interface/AjaxQqpsService.js HTTP/1.1" 200 16326
120.253.135.82 - - [10/Mar/2024:11:04:44 +0800] "GET /xingrg/dwr/engine.js HTTP/1.1" 200 43631
116.224.254.208 - - [10/Mar/2024:11:04:45 +0800] "GET /xingrg/kc/buy/cgsh_order_info.html?code=212024031002897 HTTP/1.1" 200 68612
116.224.254.208 - - [10/Mar/2024:11:04:45 +0800] "GET /xingrg/javascript/easyui/themes/default/validatebox.css HTTP/1.1" 404 1104
116.224.254.208 - - [10/Mar/2024:11:04:46 +0800] "POST /xingrg/kc/buy/cgsh_order_operate.html HTTP/1.1" 200 1801
116.232.194.112 - - [10/Mar/2024:11:04:49 +0800] "GET /xingrg/index.html?sysBaseUrl=http%3A%2F%2F180.169.147.146%3A18081%2Fxingrg%2F&costTime=1277×tamp=1606817596806 HTTP/1.1" 302 -
116.232.194.112 - - [10/Mar/2024:11:04:49 +0800] "GET /xingrg/login.html HTTP/1.1" 200 7641
120.253.135.82 - - [10/Mar/2024:11:04:49 +0800] "GET /xingrg/all/function/internal_message.html?_=1710039726500&CODE_STATE=getMsg HTTP/1.1" 200 27
116.232.194.112 - - [10/Mar/2024:11:04:50 +0800] "GET /favicon.ico HTTP/1.1" 404 -
116.224.254.208 - - [10/Mar/2024:11:04:52 +0800] "POST /xingrg/kc/buy/cgsh_order_operate.html HTTP/1.1" 200 12
116.224.254.208 - - [10/Mar/2024:11:04:54 +0800] "GET /xingrg/kc/buy/cgsh_order_info.html?code=212024031002897 HTTP/1.1" 200 73712
116.224.254.208 - - [10/Mar/2024:11:04:54 +0800] "GET /xingrg/javascript/easyui/themes/default/validatebox.css HTTP/1.1" 404 1104
116.224.254.208 - - [10/Mar/2024:11:04:55 +0800] "POST /xingrg/kc/buy/cgsh_order_operate.html HTTP/1.1" 200 3851
124.78.60.103 - - [10/Mar/2024:11:04:56 +0800] "GET /xingrg/kc/buy/cgsh_order_operate.html?command=get_materiel&rest_code=00141&code=00101010234&supplier_code=00100008&order_time=2024-03-10 HTTP/1.1" 200 412
116.232.194.112 - - [10/Mar/2024:11:04:57 +0800] "POST /xingrg/login.do HTTP/1.1" 302 -
116.232.194.112 - - [10/Mar/2024:11:04:58 +0800] "GET /xingrg/index.html?sysBaseUrl=http%3A%2F%2F180.169.147.146%3A18081%2Fxingrg%2F&costTime=814×tamp=1710039897987 HTTP/1.1" 200 17179
116.232.194.112 - - [10/Mar/2024:11:04:58 +0800] "GET /favicon.ico HTTP/1.1" 404 -
116.232.194.112 - - [10/Mar/2024:11:04:58 +0800] "GET /xingrg/check_reg.html?_=1710039878071 HTTP/1.1" 200 22
116.232.194.112 - - [10/Mar/2024:11:04:58 +0800] "POST /xingrg/all/common/load_tree.html?tree=area_rest_tree_json&manage=1 HTTP/1.1" 200 351
116.232.194.112 - - [10/Mar/2024:11:04:58 +0800] "GET /xingrg/all/function/internal_message.html?_=1710039878070&CODE_STATE=count HTTP/1.1" 200 11
116.232.194.112 - - [10/Mar/2024:11:04:58 +0800] "POST /xingrg/load_menu.html HTTP/1.1" 200 5138
116.237.76.68 - - [10/Mar/2024:11:04:59 +0800] "GET /xingrg/all/function/internal_message.html?_=1710039900668&CODE_STATE=getMsg HTTP/1.1" 200 27
120.253.135.82 - - [10/Mar/2024:11:05:01 +0800] "GET /xingrg/kc/pszx/mdps_order_list.html?orderType=0 HTTP/1.1" 200 21033
