120.253.135.82 - - [10/Mar/2024:11:05:02 +0800] "POST /xingrg/kc/pszx/mdps_list_operate.html HTTP/1.1" 200 5283
101.83.145.37 - - [10/Mar/2024:11:05:04 +0800] "GET /xingrg/all/function/internal_message.html?_=1710039667012&CODE_STATE=getMsg HTTP/1.1" 200 27
116.224.254.208 - - [10/Mar/2024:11:05:06 +0800] "POST /xingrg/kc/buy/cgsh_order_operate.html HTTP/1.1" 200 37
124.77.241.9 - - [10/Mar/2024:11:05:07 +0800] "GET /xingrg/kc/buy/cgsh_order_operate.html?command=get_materiel&rest_code=00146&code=00101004034&supplier_code=00100085&order_time=2024-03-10 HTTP/1.1" 200 418
120.253.135.82 - - [10/Mar/2024:11:05:07 +0800] "POST /xingrg/kc/pszx/mdps_list_operate.html HTTP/1.1" 200 2792
124.78.60.103 - - [10/Mar/2024:11:05:08 +0800] "GET /xingrg/kc/buy/cgsh_order_operate.html?command=get_materiel&rest_code=00141&code=00101008300&supplier_code=00100008&order_time=2024-03-10 HTTP/1.1" 200 412
116.237.76.68 - - [10/Mar/2024:11:05:08 +0800] "GET /xingrg/kc/buy/cgsh_order_operate.html?command=get_materiel&rest_code=00106&code=00101008358&supplier_code=00100008&order_time=2024-03-10 HTTP/1.1" 200 412
120.253.135.82 - - [10/Mar/2024:11:05:09 +0800] "POST /xingrg/kc/pszx/mdps_list_operate.html HTTP/1.1" 200 566
116.224.254.208 - - [10/Mar/2024:11:05:10 +0800] "GET /xingrg/all/function/internal_message.html?_=1710039910182&CODE_STATE=getMsg HTTP/1.1" 200 27
116.230.123.13 - - [10/Mar/2024:11:05:11 +0800] "GET /xingrg/all/function/internal_message.html?_=1710039910859&CODE_STATE=getMsg HTTP/1.1" 200 27
120.253.135.82 - - [10/Mar/2024:11:05:11 +0800] "GET /xingrg/kc/pszx/mdps_order_info.html?code=312024030900167 HTTP/1.1" 200 23976
120.253.135.82 - - [10/Mar/2024:11:05:12 +0800] "GET /xingrg/javascript/easyui/themes/default/validatebox.css HTTP/1.1" 404 1104
116.224.254.208 - - [10/Mar/2024:11:05:13 +0800] "POST /xingrg/kc/buy/cgsh_order_operate.html HTTP/1.1" 200 12
120.253.135.82 - - [10/Mar/2024:11:05:13 +0800] "POST /xingrg/kc/pszx/mdps_order_operate.html HTTP/1.1" 200 4391
116.224.254.208 - - [10/Mar/2024:11:05:15 +0800] "GET /xingrg/kc/buy/cgsh_order_info.html?code=212024031002897 HTTP/1.1" 200 68612
116.224.254.208 - - [10/Mar/2024:11:05:15 +0800] "GET /xingrg/javascript/easyui/themes/default/validatebox.css HTTP/1.1" 404 1104
116.224.254.208 - - [10/Mar/2024:11:05:17 +0800] "POST /xingrg/kc/buy/cgsh_order_operate.html HTTP/1.1" 200 1803
124.78.60.103 - - [10/Mar/2024:11:05:19 +0800] "GET /xingrg/kc/buy/cgsh_order_operate.html?command=get_materiel&rest_code=00141&code=00101008251&supplier_code=00100008&order_time=2024-03-10 HTTP/1.1" 200 408
116.224.254.208 - - [10/Mar/2024:11:05:19 +0800] "GET /xingrg/kc/print/load_data.html?order_code=212024031002897&kc_code=cgsh&condition= HTTP/1.1" 200 1174
116.238.97.31 - - [10/Mar/2024:11:05:21 +0800] "GET /xingrg/all/function/internal_message.html?_=1710039921683&CODE_STATE=getMsg HTTP/1.1" 200 27
116.238.97.31 - - [10/Mar/2024:11:05:21 +0800] "GET /xingrg/check_reg.html?_=1710039921686 HTTP/1.1" 200 22
116.224.254.208 - - [10/Mar/2024:11:05:24 +0800] "GET /xingrg/kc/buy/cgsh_order_add.html HTTP/1.1" 200 73699
116.224.254.208 - - [10/Mar/2024:11:05:24 +0800] "POST /xingrg/kc/buy/cgsh_order_operate.html HTTP/1.1" 200 8245
116.224.254.208 - - [10/Mar/2024:11:05:24 +0800] "GET /xingrg/javascript/easyui/themes/default/validatebox.css HTTP/1.1" 404 1104
124.77.241.9 - - [10/Mar/2024:11:05:30 +0800] "POST /xingrg/kc/buy/cgsh_order_operate.html HTTP/1.1" 200 37
180.164.1.25 - - [10/Mar/2024:11:05:30 +0800] "GET /xingrg/all/function/internal_message.html?_=1710039930022&CODE_STATE=getMsg HTTP/1.1" 200 27
116.224.254.208 - - [10/Mar/2024:11:05:37 +0800] "GET /xingrg/kc/buy/cgsh_order_operate.html?command=get_materiel&rest_code=00150&code=00101012049&supplier_code=00100338&order_time=2024-03-10 HTTP/1.1" 200 430
124.77.241.9 - - [10/Mar/2024:11:05:38 +0800] "POST /xingrg/kc/buy/cgsh_order_operate.html HTTP/1.1" 200 2664
124.78.60.103 - - [10/Mar/2024:11:05:40 +0800] "GET /xingrg/all/function/internal_message.html?_=1710039940274&CODE_STATE=getMsg HTTP/1.1" 200 27
180.169.147.146 - - [10/Mar/2024:11:05:40 +0800] "GET /xingrg/all/function/internal_message.html?_=1710039940243&CODE_STATE=getMsg HTTP/1.1" 200 27
116.224.254.208 - - [10/Mar/2024:11:05:41 +0800] "POST /xingrg/all/common/load_select.html HTTP/1.1" 200 25
124.77.241.9 - - [10/Mar/2024:11:05:42 +0800] "GET /xingrg/check_reg.html?_=1710039968417 HTTP/1.1" 200 22
124.77.241.9 - - [10/Mar/2024:11:05:42 +0800] "GET /xingrg/all/function/internal_message.html?_=1710039968418&CODE_STATE=getMsg HTTP/1.1" 200 27
124.77.241.9 - - [10/Mar/2024:11:05:43 +0800] "GET /xingrg/kc/print/load_data.html?order_code=212024031002898&kc_code=cgsh&condition= HTTP/1.1" 200 743
116.224.254.208 - - [10/Mar/2024:11:05:45 +0800] "GET /xingrg/kc/buy/cgsh_order_operate.html?command=get_materiel_price&rest_code=00150&code=00101012049&unit_code=00100086&supplier_code=00100338&order_time=2024-03-10 HTTP/1.1" 200 29
120.253.135.82 - - [10/Mar/2024:11:05:49 +0800] "GET /xingrg/all/function/internal_message.html?_=1710039786513&CODE_STATE=getMsg HTTP/1.1" 200 27
116.237.76.68 - - [10/Mar/2024:11:05:51 +0800] "GET /xingrg/kc/buy/cgsh_order_operate.html?command=get_materiel&rest_code=00106&code=00101008321&supplier_code=00100008&order_time=2024-03-10 HTTP/1.1" 200 412
124.77.241.9 - - [10/Mar/2024:11:05:52 +0800] "GET /xingrg/kc/buy/cgsh_order_add.html HTTP/1.1" 200 73655
180.164.1.25 - - [10/Mar/2024:11:05:52 +0800] "POST /xingrg/services/DataTransmitService HTTP/1.1" 200 524
124.77.241.9 - - [10/Mar/2024:11:05:53 +0800] "POST /xingrg/kc/buy/cgsh_order_operate.html HTTP/1.1" 200 8245
124.77.241.9 - - [10/Mar/2024:11:05:53 +0800] "GET /xingrg/javascript/easyui/themes/default/validatebox.css HTTP/1.1" 404 1104
180.164.1.25 - - [10/Mar/2024:11:05:53 +0800] "POST /xingrg/services/DataTransmitService HTTP/1.1" 200 412
120.253.135.82 - - [10/Mar/2024:11:05:55 +0800] "GET /xingrg/kc/pszx/mdps_order_operate.html?command=get_materiel&pszx_code=00101&rest_code=00103&base_code=0010246&code=00101026179 HTTP/1.1" 200 450
116.237.76.68 - - [10/Mar/2024:11:05:56 +0800] "POST /xingrg/kc/buy/cgsh_order_operate.html HTTP/1.1" 200 2065
116.232.194.112 - - [10/Mar/2024:11:05:58 +0800] "GET /xingrg/all/function/internal_message.html?_=1710039938108&CODE_STATE=getMsg HTTP/1.1" 200 27
116.237.76.68 - - [10/Mar/2024:11:05:59 +0800] "GET /xingrg/all/function/internal_message.html?_=1710039960666&CODE_STATE=getMsg HTTP/1.1" 200 27
101.83.145.37 - - [10/Mar/2024:11:06:04 +0800] "GET /xingrg/all/function/internal_message.html?_=1710039727012&CODE_STATE=getMsg HTTP/1.1" 200 27
120.253.135.82 - - [10/Mar/2024:11:06:06 +0800] "POST /xingrg/kc/pszx/mdps_order_operate.html HTTP/1.1" 200 37
120.253.135.82 - - [10/Mar/2024:11:06:07 +0800] "GET /xingrg/kc/pszx/mdps_order_info.html?code=312024030900167 HTTP/1.1" 200 23976
120.253.135.82 - - [10/Mar/2024:11:06:08 +0800] "GET /xingrg/javascript/easyui/themes/default/validatebox.css HTTP/1.1" 404 1104
120.253.135.82 - - [10/Mar/2024:11:06:08 +0800] "POST /xingrg/kc/pszx/mdps_order_operate.html HTTP/1.1" 200 4903
116.224.254.208 - - [10/Mar/2024:11:06:10 +0800] "GET /xingrg/check_reg.html?_=1710039970198 HTTP/1.1" 200 22
116.224.254.208 - - [10/Mar/2024:11:06:10 +0800] "GET /xingrg/all/function/internal_message.html?_=1710039970202&CODE_STATE=getMsg HTTP/1.1" 200 27
116.237.76.68 - - [10/Mar/2024:11:06:10 +0800] "GET /xingrg/kc/buy/cgsh_order_operate.html?command=get_materiel&rest_code=00106&code=00101008370&supplier_code=00100008&order_time=2024-03-10 HTTP/1.1" 200 412
116.230.123.13 - - [10/Mar/2024:11:06:11 +0800] "GET /xingrg/all/function/internal_message.html?_=1710039970843&CODE_STATE=getMsg HTTP/1.1" 200 27
120.253.135.82 - - [10/Mar/2024:11:06:12 +0800] "POST /xingrg/kc/pszx/mdps_list_operate.html HTTP/1.1" 200 217
120.253.135.82 - - [10/Mar/2024:11:06:13 +0800] "GET /xingrg/kc/pszx/mdps_order_info.html?code=312024030900169 HTTP/1.1" 200 23974
120.253.135.82 - - [10/Mar/2024:11:06:14 +0800] "GET /xingrg/javascript/easyui/themes/default/validatebox.css HTTP/1.1" 404 1104
120.253.135.82 - - [10/Mar/2024:11:06:14 +0800] "POST /xingrg/kc/pszx/mdps_order_operate.html HTTP/1.1" 200 2303
101.83.145.37 - - [10/Mar/2024:11:06:15 +0800] "GET /xingrg/kc/buy/cgsh_order_add.html HTTP/1.1" 200 73737
101.83.145.37 - - [10/Mar/2024:11:06:16 +0800] "POST /xingrg/kc/buy/cgsh_order_operate.html HTTP/1.1" 200 8245
101.83.145.37 - - [10/Mar/2024:11:06:16 +0800] "GET /xingrg/javascript/easyui/themes/default/validatebox.css HTTP/1.1" 404 1104
120.253.135.82 - - [10/Mar/2024:11:06:17 +0800] "GET /xingrg/css/images/panel_loading.gif HTTP/1.1" 304 -
120.253.135.82 - - [10/Mar/2024:11:06:17 +0800] "POST /xingrg/all/common/load_combo.html?type=base HTTP/1.1" 200 1169
116.224.254.208 - - [10/Mar/2024:11:06:18 +0800] "POST /xingrg/kc/buy/cgsh_order_operate.html HTTP/1.1" 200 37
124.77.241.9 - - [10/Mar/2024:11:06:20 +0800] "GET /xingrg/kc/buy/cgsh_order_operate.html?command=get_materiel&rest_code=00146&code=00101010079&supplier_code=00100336&order_time=2024-03-10 HTTP/1.1" 200 413
116.238.97.31 - - [10/Mar/2024:11:06:21 +0800] "GET /xingrg/all/function/internal_message.html?_=1710039981675&CODE_STATE=getMsg HTTP/1.1" 200 27
116.224.254.208 - - [10/Mar/2024:11:06:25 +0800] "POST /xingrg/kc/buy/cgsh_order_operate.html HTTP/1.1" 200 12
116.224.254.208 - - [10/Mar/2024:11:06:27 +0800] "GET /xingrg/kc/buy/cgsh_order_info.html?code=212024031002899 HTTP/1.1" 200 68612
116.224.254.208 - - [10/Mar/2024:11:06:27 +0800] "GET /xingrg/words/20240310095931_words.js HTTP/1.1" 304 -
116.224.254.208 - - [10/Mar/2024:11:06:27 +0800] "GET /xingrg/javascript/easyui/themes/default/validatebox.css HTTP/1.1" 404 1104
116.224.254.208 - - [10/Mar/2024:11:06:28 +0800] "POST /xingrg/kc/buy/cgsh_order_operate.html HTTP/1.1" 200 622
120.253.135.82 - - [10/Mar/2024:11:06:30 +0800] "GET /xingrg/kc/pszx/mdps_order_operate.html?command=get_materiel&pszx_code=00101&rest_code=00103&base_code=0010246&code=00101027001 HTTP/1.1" 200 471
180.164.1.25 - - [10/Mar/2024:11:06:30 +0800] "GET /xingrg/all/function/internal_message.html?_=1710039990002&CODE_STATE=getMsg HTTP/1.1" 200 27
120.253.135.82 - - [10/Mar/2024:11:06:31 +0800] "POST /xingrg/all/common/load_select.html HTTP/1.1" 200 25
120.253.135.82 - - [10/Mar/2024:11:06:33 +0800] "GET /xingrg/kc/pszx/mdps_order_operate.html?command=get_materiel_price&pszx_code=00101&rest_code=00103&base_code=0010246&code=00101027001&unit_code=00100157&order_time=2024-03-11 HTTP/1.1" 200 35
124.77.241.9 - - [10/Mar/2024:11:06:36 +0800] "POST /xingrg/kc/buy/cgsh_order_operate.html HTTP/1.1" 200 37
116.224.254.208 - - [10/Mar/2024:11:06:37 +0800] "GET /xingrg/kc/print/load_data.html?order_code=212024031002899&kc_code=cgsh&condition= HTTP/1.1" 200 727
116.237.76.68 - - [10/Mar/2024:11:06:38 +0800] "GET /xingrg/kc/buy/cgsh_order_operate.html?command=get_materiel&rest_code=00106&code=00101008283&supplier_code=00100008&order_time=2024-03-10 HTTP/1.1" 200 408
124.78.60.103 - - [10/Mar/2024:11:06:40 +0800] "GET /xingrg/all/function/internal_message.html?_=1710040000253&CODE_STATE=getMsg HTTP/1.1" 200 27
180.169.147.146 - - [10/Mar/2024:11:06:40 +0800] "GET /xingrg/all/function/internal_message.html?_=1710040000234&CODE_STATE=getMsg HTTP/1.1" 200 27
120.253.135.82 - - [10/Mar/2024:11:06:41 +0800] "POST /xingrg/kc/pszx/mdps_order_operate.html HTTP/1.1" 200 37
120.253.135.82 - - [10/Mar/2024:11:06:42 +0800] "GET /xingrg/kc/pszx/mdps_order_info.html?code=312024030900169 HTTP/1.1" 200 23976
120.253.135.82 - - [10/Mar/2024:11:06:43 +0800] "GET /xingrg/javascript/easyui/themes/default/validatebox.css HTTP/1.1" 404 1104
120.253.135.82 - - [10/Mar/2024:11:06:43 +0800] "POST /xingrg/kc/pszx/mdps_order_operate.html HTTP/1.1" 200 2306
116.224.254.208 - - [10/Mar/2024:11:06:44 +0800] "GET /xingrg/kc/buy/cgsh_order_add.html HTTP/1.1" 200 73699
116.224.254.208 - - [10/Mar/2024:11:06:44 +0800] "POST /xingrg/kc/buy/cgsh_order_operate.html HTTP/1.1" 200 8245
116.224.254.208 - - [10/Mar/2024:11:06:44 +0800] "GET /xingrg/javascript/easyui/themes/default/validatebox.css HTTP/1.1" 404 1104
120.253.135.82 - - [10/Mar/2024:11:06:46 +0800] "POST /xingrg/kc/pszx/mdps_list_operate.html HTTP/1.1" 200 2796
101.83.145.37 - - [10/Mar/2024:11:06:46 +0800] "GET /xingrg/kc/buy/cgsh_order_operate.html?command=get_materiel&rest_code=00105&code=00101007048&supplier_code=00100096&order_time=2024-03-10 HTTP/1.1" 200 408
120.253.135.82 - - [10/Mar/2024:11:06:49 +0800] "GET /xingrg/check_reg.html?_=1710039846248 HTTP/1.1" 200 22
120.253.135.82 - - [10/Mar/2024:11:06:49 +0800] "GET /xingrg/all/function/internal_message.html?_=1710039846527&CODE_STATE=getMsg HTTP/1.1" 200 27
120.253.135.82 - - [10/Mar/2024:11:06:51 +0800] "POST /xingrg/kc/pszx/mdps_list_operate.html HTTP/1.1" 200 657
120.253.135.82 - - [10/Mar/2024:11:06:52 +0800] "GET /xingrg/kc/pszx/mdps_order_info.html?code=312024030900167 HTTP/1.1" 200 23976
120.253.135.82 - - [10/Mar/2024:11:06:53 +0800] "GET /xingrg/javascript/easyui/themes/default/validatebox.css HTTP/1.1" 404 1104
120.253.135.82 - - [10/Mar/2024:11:06:53 +0800] "POST /xingrg/kc/pszx/mdps_order_operate.html HTTP/1.1" 200 4903
124.77.241.9 - - [10/Mar/2024:11:06:57 +0800] "POST /xingrg/kc/buy/cgsh_order_operate.html HTTP/1.1" 200 2657
116.232.194.112 - - [10/Mar/2024:11:06:58 +0800] "GET /xingrg/all/function/internal_message.html?_=1710039998085&CODE_STATE=getMsg HTTP/1.1" 200 27
116.237.76.68 - - [10/Mar/2024:11:06:59 +0800] "GET /xingrg/check_reg.html?_=1710040020670 HTTP/1.1" 200 22
116.237.76.68 - - [10/Mar/2024:11:06:59 +0800] "GET /xingrg/all/function/internal_message.html?_=1710040020673&CODE_STATE=getMsg HTTP/1.1" 200 27
124.77.241.9 - - [10/Mar/2024:11:06:59 +0800] "GET /xingrg/all/function/internal_message.html?_=1710040046043&CODE_STATE=getMsg HTTP/1.1" 200 27
120.253.135.82 - - [10/Mar/2024:11:06:59 +0800] "POST /xingrg/all/common/load_combo.html?type=base HTTP/1.1" 200 1169
116.224.254.208 - - [10/Mar/2024:11:07:00 +0800] "GET /xingrg/kc/buy/cgsh_order_operate.html?command=get_materiel&rest_code=00150&code=00101014017&supplier_code=00100211&order_time=2024-03-10 HTTP/1.1" 200 419
124.77.241.9 - - [10/Mar/2024:11:07:00 +0800] "GET /xingrg/kc/print/load_data.html?order_code=212024031002900&kc_code=cgsh&condition= HTTP/1.1" 200 679
116.237.76.68 - - [10/Mar/2024:11:07:01 +0800] "GET /xingrg/kc/buy/cgsh_order_operate.html?command=get_materiel&rest_code=00106&code=00101008264&supplier_code=00100008&order_time=2024-03-10 HTTP/1.1" 200 412
101.83.145.37 - - [10/Mar/2024:11:07:04 +0800] "GET /xingrg/all/function/internal_message.html?_=1710039787015&CODE_STATE=getMsg HTTP/1.1" 200 27
120.253.135.82 - - [10/Mar/2024:11:07:08 +0800] "POST /xingrg/kc/pszx/mdps_order_operate.html HTTP/1.1" 200 37
120.253.135.82 - - [10/Mar/2024:11:07:10 +0800] "GET /xingrg/kc/pszx/mdps_order_info.html?code=312024030900167 HTTP/1.1" 200 23974
116.224.254.208 - - [10/Mar/2024:11:07:10 +0800] "GET /xingrg/all/function/internal_message.html?_=1710040030200&CODE_STATE=getMsg HTTP/1.1" 200 27
120.253.135.82 - - [10/Mar/2024:11:07:10 +0800] "GET /xingrg/javascript/easyui/themes/default/validatebox.css HTTP/1.1" 404 1104
120.253.135.82 - - [10/Mar/2024:11:07:10 +0800] "POST /xingrg/kc/pszx/mdps_order_operate.html HTTP/1.1" 200 4385
116.230.123.13 - - [10/Mar/2024:11:07:10 +0800] "GET /xingrg/all/function/internal_message.html?_=1710040030828&CODE_STATE=getMsg HTTP/1.1" 200 27
116.224.254.208 - - [10/Mar/2024:11:07:13 +0800] "GET /xingrg/kc/buy/cgsh_order_operate.html?command=get_materiel&rest_code=00150&code=00101010636&supplier_code=00100211&order_time=2024-03-10 HTTP/1.1" 200 414
116.238.97.31 - - [10/Mar/2024:11:07:21 +0800] "GET /xingrg/all/function/internal_message.html?_=1710040041694&CODE_STATE=getMsg HTTP/1.1" 200 27
116.224.254.208 - - [10/Mar/2024:11:07:23 +0800] "POST /xingrg/kc/buy/cgsh_order_operate.html HTTP/1.1" 200 37
120.253.135.82 - - [10/Mar/2024:11:07:29 +0800] "POST /xingrg/kc/pszx/mdps_order_operate.html HTTP/1.1" 200 37
116.224.254.208 - - [10/Mar/2024:11:07:30 +0800] "POST /xingrg/kc/buy/cgsh_order_operate.html HTTP/1.1" 200 12
180.164.1.25 - - [10/Mar/2024:11:07:30 +0800] "GET /xingrg/check_reg.html?_=1710040050023 HTTP/1.1" 200 22
180.164.1.25 - - [10/Mar/2024:11:07:30 +0800] "GET /xingrg/all/function/internal_message.html?_=1710040050026&CODE_STATE=getMsg HTTP/1.1" 200 27
120.253.135.82 - - [10/Mar/2024:11:07:31 +0800] "GET /xingrg/kc/pszx/mdps_order_info.html?code=312024030900167 HTTP/1.1" 200 23974
120.253.135.82 - - [10/Mar/2024:11:07:31 +0800] "GET /xingrg/javascript/easyui/themes/default/validatebox.css HTTP/1.1" 404 1104
120.253.135.82 - - [10/Mar/2024:11:07:32 +0800] "POST /xingrg/kc/pszx/mdps_order_operate.html HTTP/1.1" 200 4385
120.253.135.82 - - [10/Mar/2024:11:07:33 +0800] "POST /xingrg/kc/pszx/mdps_list_operate.html HTTP/1.1" 200 2792
116.224.254.208 - - [10/Mar/2024:11:07:33 +0800] "GET /xingrg/kc/buy/cgsh_order_info.html?code=212024031002901 HTTP/1.1" 200 68606
116.224.254.208 - - [10/Mar/2024:11:07:33 +0800] "GET /xingrg/javascript/easyui/themes/default/validatebox.css HTTP/1.1" 404 1104
116.237.76.68 - - [10/Mar/2024:11:07:34 +0800] "GET /xingrg/kc/buy/cgsh_order_operate.html?command=get_materiel&rest_code=00106&code=00101008126&supplier_code=00100008&order_time=2024-03-10 HTTP/1.1" 200 412
116.224.254.208 - - [10/Mar/2024:11:07:34 +0800] "POST /xingrg/kc/buy/cgsh_order_operate.html HTTP/1.1" 200 1209
116.224.254.208 - - [10/Mar/2024:11:07:35 +0800] "GET /xingrg/kc/print/load_data.html?order_code=212024031002901&kc_code=cgsh&condition= HTTP/1.1" 200 938
120.253.135.82 - - [10/Mar/2024:11:07:37 +0800] "GET /xingrg/kc/buy/cgsh_order_list.html HTTP/1.1" 200 57880
116.237.76.68 - - [10/Mar/2024:11:07:39 +0800] "POST /xingrg/kc/buy/cgsh_order_operate.html HTTP/1.1" 200 2065
120.253.135.82 - - [10/Mar/2024:11:07:40 +0800] "POST /xingrg/kc/buy/cgsh_list_operate.html HTTP/1.1" 200 645
124.78.60.103 - - [10/Mar/2024:11:07:40 +0800] "GET /xingrg/all/function/internal_message.html?_=1710040060242&CODE_STATE=getMsg HTTP/1.1" 200 27
180.169.147.146 - - [10/Mar/2024:11:07:40 +0800] "GET /xingrg/all/function/internal_message.html?_=1710040060244&CODE_STATE=getMsg HTTP/1.1" 200 27
116.224.254.208 - - [10/Mar/2024:11:07:40 +0800] "GET /xingrg/kc/buy/cgsh_order_add.html HTTP/1.1" 200 73699
116.224.254.208 - - [10/Mar/2024:11:07:41 +0800] "POST /xingrg/kc/buy/cgsh_order_operate.html HTTP/1.1" 200 8245
116.224.254.208 - - [10/Mar/2024:11:07:41 +0800] "GET /xingrg/javascript/easyui/themes/default/validatebox.css HTTP/1.1" 404 1104
120.253.135.82 - - [10/Mar/2024:11:07:42 +0800] "GET /xingrg/kc/buy/cgsh_order_add.html HTTP/1.1" 200 72719
120.253.135.82 - - [10/Mar/2024:11:07:42 +0800] "GET /xingrg/javascript/easyui/themes/icons/template_new.png HTTP/1.1" 304 -
120.253.135.82 - - [10/Mar/2024:11:07:42 +0800] "POST /xingrg/kc/buy/cgsh_order_operate.html HTTP/1.1" 200 8245
120.253.135.82 - - [10/Mar/2024:11:07:42 +0800] "GET /xingrg/all/common/auto_word.html?type=employee&rest_code=00101 HTTP/1.1" 200 1019
120.253.135.82 - - [10/Mar/2024:11:07:42 +0800] "GET /xingrg/javascript/easyui/themes/default/validatebox.css HTTP/1.1" 404 1104
120.253.135.82 - - [10/Mar/2024:11:07:42 +0800] "GET /xingrg/all/common/auto_word.html?type=employee&rest_code=00101 HTTP/1.1" 200 1019
172.20.0.100 - - [10/Mar/2024:11:07:46 +0800] "GET /xingrg/check_reg.html?_=1710040085143 HTTP/1.1" 302 -
101.83.145.37 - - [10/Mar/2024:11:07:46 +0800] "GET /xingrg/kc/buy/cgsh_order_operate.html?command=get_materiel&rest_code=00105&code=00101007022&supplier_code=00100096&order_time=2024-03-10 HTTP/1.1" 200 413
124.79.241.4 - - [10/Mar/2024:11:07:48 +0800] "POST /xingrg/services/DataTransmitService HTTP/1.1" 200 524
120.253.135.82 - - [10/Mar/2024:11:07:48 +0800] "POST /xingrg/all/common/load_combo.html?type=employee HTTP/1.1" 200 1834
124.79.241.4 - - [10/Mar/2024:11:07:49 +0800] "POST /xingrg/services/DataTransmitService HTTP/1.1" 200 412
120.253.135.82 - - [10/Mar/2024:11:07:49 +0800] "GET /xingrg/all/function/internal_message.html?_=1710039906541&CODE_STATE=getMsg HTTP/1.1" 200 27
116.237.76.68 - - [10/Mar/2024:11:07:52 +0800] "GET /xingrg/kc/buy/cgsh_order_operate.html?command=get_materiel&rest_code=00106&code=00101008356&supplier_code=00100008&order_time=2024-03-10 HTTP/1.1" 200 408
116.224.254.208 - - [10/Mar/2024:11:07:52 +0800] "GET /xingrg/kc/buy/cgsh_order_operate.html?command=get_materiel&rest_code=00150&code=00101001023&supplier_code=00100653&order_time=2024-03-10 HTTP/1.1" 200 413
116.232.194.112 - - [10/Mar/2024:11:07:58 +0800] "GET /xingrg/all/function/internal_message.html?_=1710040058073&CODE_STATE=getMsg HTTP/1.1" 200 27
116.237.76.68 - - [10/Mar/2024:11:07:59 +0800] "GET /xingrg/all/function/internal_message.html?_=1710040080670&CODE_STATE=getMsg HTTP/1.1" 200 27
124.77.241.9 - - [10/Mar/2024:11:08:00 +0800] "GET /xingrg/all/function/internal_message.html?_=1710040106226&CODE_STATE=getMsg HTTP/1.1" 200 27
101.83.145.37 - - [10/Mar/2024:11:08:04 +0800] "GET /xingrg/all/function/internal_message.html?_=1710039847017&CODE_STATE=getMsg HTTP/1.1" 200 27
116.224.254.208 - - [10/Mar/2024:11:08:07 +0800] "POST /xingrg/kc/buy/cgsh_order_operate.html HTTP/1.1" 200 37
116.224.254.208 - - [10/Mar/2024:11:08:10 +0800] "GET /xingrg/all/function/internal_message.html?_=1710040090186&CODE_STATE=getMsg HTTP/1.1" 200 27
116.230.123.13 - - [10/Mar/2024:11:08:10 +0800] "GET /xingrg/all/function/internal_message.html?_=1710040090813&CODE_STATE=getMsg HTTP/1.1" 200 27
116.232.194.112 - - [10/Mar/2024:11:08:12 +0800] "GET /xingrg/kc/buy/buy_main.html HTTP/1.1" 200 12412
116.232.194.112 - - [10/Mar/2024:11:08:12 +0800] "GET /xingrg/css/new_ie.css HTTP/1.1" 404 1036
116.232.194.112 - - [10/Mar/2024:11:08:13 +0800] "GET /xingrg/images/yd/bt.gif HTTP/1.1" 404 1040
116.232.194.112 - - [10/Mar/2024:11:08:14 +0800] "GET /xingrg/kc/buy/cgsh_order_list.html HTTP/1.1" 200 57886
116.224.254.208 - - [10/Mar/2024:11:08:14 +0800] "POST /xingrg/kc/buy/cgsh_order_operate.html HTTP/1.1" 200 12
120.253.135.82 - - [10/Mar/2024:11:08:15 +0800] "GET /xingrg/kc/buy/cgsh_order_operate.html?command=get_materiel&rest_code=00101&code=00101029022&supplier_code=00100540&order_time=2024-03-10 HTTP/1.1" 200 451
116.232.194.112 - - [10/Mar/2024:11:08:17 +0800] "POST /xingrg/kc/buy/cgsh_list_operate.html HTTP/1.1" 200 645
116.224.254.208 - - [10/Mar/2024:11:08:17 +0800] "GET /xingrg/kc/buy/cgsh_order_info.html?code=212024031002902 HTTP/1.1" 200 68600
116.224.254.208 - - [10/Mar/2024:11:08:17 +0800] "GET /xingrg/javascript/easyui/themes/default/validatebox.css HTTP/1.1" 404 1104
116.232.194.112 - - [10/Mar/2024:11:08:20 +0800] "GET /xingrg/kc/buy/cgsh_order_add.html HTTP/1.1" 200 73743
116.232.194.112 - - [10/Mar/2024:11:08:20 +0800] "GET /xingrg/words/20240310095931_words.js HTTP/1.1" 304 -
120.253.135.82 - - [10/Mar/2024:11:08:20 +0800] "POST /xingrg/all/common/load_select.html HTTP/1.1" 200 25
116.232.194.112 - - [10/Mar/2024:11:08:20 +0800] "POST /xingrg/kc/buy/cgsh_order_operate.html HTTP/1.1" 200 8245
116.232.194.112 - - [10/Mar/2024:11:08:21 +0800] "GET /xingrg/javascript/easyui/themes/default/validatebox.css HTTP/1.1" 404 1104
116.232.194.112 - - [10/Mar/2024:11:08:21 +0800] "GET /xingrg/all/common/auto_word.html?type=employee&rest_code=00155 HTTP/1.1" 200 255
116.232.194.112 - - [10/Mar/2024:11:08:21 +0800] "GET /xingrg/all/common/auto_word.html?type=employee&rest_code=00155 HTTP/1.1" 200 255
101.83.145.37 - - [10/Mar/2024:11:08:21 +0800] "POST /xingrg/kc/buy/cgsh_order_operate.html HTTP/1.1" 200 37
116.224.254.208 - - [10/Mar/2024:11:08:21 +0800] "POST /xingrg/kc/buy/cgsh_order_operate.html HTTP/1.1" 200 610
116.238.97.31 - - [10/Mar/2024:11:08:21 +0800] "GET /xingrg/all/function/internal_message.html?_=1710040101689&CODE_STATE=getMsg HTTP/1.1" 200 27
101.83.145.37 - - [10/Mar/2024:11:08:23 +0800] "POST /xingrg/kc/buy/cgsh_order_operate.html HTTP/1.1" 200 3830
116.232.194.112 - - [10/Mar/2024:11:08:24 +0800] "GET /xingrg/javascript/auto/indicator.gif HTTP/1.1" 404 1066
116.224.254.208 - - [10/Mar/2024:11:08:24 +0800] "GET /xingrg/kc/print/load_data.html?order_code=212024031002902&kc_code=cgsh&condition= HTTP/1.1" 200 699
120.253.135.82 - - [10/Mar/2024:11:08:26 +0800] "GET /xingrg/kc/buy/cgsh_order_operate.html?command=get_materiel_price&rest_code=00101&code=00101029022&unit_code=00100157&supplier_code=00100540&order_time=2024-03-10 HTTP/1.1" 200 29
101.83.145.37 - - [10/Mar/2024:11:08:28 +0800] "GET /xingrg/kc/print/load_data.html?order_code=212024031002903&kc_code=cgsh&condition= HTTP/1.1" 200 1088
116.224.254.208 - - [10/Mar/2024:11:08:29 +0800] "GET /xingrg/kc/buy/cgsh_order_add.html HTTP/1.1" 200 73699
116.224.254.208 - - [10/Mar/2024:11:08:29 +0800] "POST /xingrg/kc/buy/cgsh_order_operate.html HTTP/1.1" 200 8245
116.224.254.208 - - [10/Mar/2024:11:08:29 +0800] "GET /xingrg/javascript/easyui/themes/default/validatebox.css HTTP/1.1" 404 1104
180.164.1.25 - - [10/Mar/2024:11:08:30 +0800] "GET /xingrg/all/function/internal_message.html?_=1710040110005&CODE_STATE=getMsg HTTP/1.1" 200 27
116.237.76.68 - - [10/Mar/2024:11:08:31 +0800] "GET /xingrg/kc/buy/cgsh_order_operate.html?command=get_materiel&rest_code=00106&code=00101008027&supplier_code=00100008&order_time=2024-03-10 HTTP/1.1" 200 408
116.232.194.112 - - [10/Mar/2024:11:08:38 +0800] "GET /xingrg/javascript/jquery_tools/images/prev.gif HTTP/1.1" 404 1086
116.232.194.112 - - [10/Mar/2024:11:08:38 +0800] "GET /xingrg/javascript/jquery_tools/images/next.gif HTTP/1.1" 404 1086
124.78.60.103 - - [10/Mar/2024:11:08:40 +0800] "GET /xingrg/all/function/internal_message.html?_=1710040120226&CODE_STATE=getMsg HTTP/1.1" 200 27
180.169.147.146 - - [10/Mar/2024:11:08:40 +0800] "GET /xingrg/all/function/internal_message.html?_=1710040120246&CODE_STATE=getMsg HTTP/1.1" 200 27
167.94.138.124 - - [10/Mar/2024:11:08:44 +0800] "GET / HTTP/1.1" 404 -
167.94.138.124 - - [10/Mar/2024:11:08:44 +0800] "PRI * HTTP/2.0" 505 -
120.253.135.82 - - [10/Mar/2024:11:08:47 +0800] "GET /xingrg/kc/buy/cgsh_order_operate.html?command=get_materiel&rest_code=00101&code=00101029118&supplier_code=00100540&order_time=2024-03-10 HTTP/1.1" 200 442
116.232.194.112 - - [10/Mar/2024:11:08:49 +0800] "GET /xingrg/kc/buy/cgsh_order_operate.html?command=get_materiel&rest_code=00155&code=00101012032&supplier_code=00100012&order_time=2024-03-10 HTTP/1.1" 200 416
120.253.135.82 - - [10/Mar/2024:11:08:49 +0800] "POST /xingrg/all/common/load_select.html HTTP/1.1" 200 25
120.253.135.82 - - [10/Mar/2024:11:08:49 +0800] "GET /xingrg/all/function/internal_message.html?_=1710039966557&CODE_STATE=getMsg HTTP/1.1" 200 27
120.253.135.82 - - [10/Mar/2024:11:08:54 +0800] "GET /xingrg/kc/buy/cgsh_order_operate.html?command=get_materiel_price&rest_code=00101&code=00101029118&unit_code=00100157&supplier_code=00100540&order_time=2024-03-10 HTTP/1.1" 200 29
116.224.254.208 - - [10/Mar/2024:11:08:54 +0800] "GET /xingrg/kc/buy/cgsh_order_operate.html?command=get_materiel&rest_code=00150&code=00101010282&supplier_code=00100574&order_time=2024-03-10 HTTP/1.1" 200 413
116.232.194.112 - - [10/Mar/2024:11:08:58 +0800] "GET /xingrg/all/function/internal_message.html?_=1710040118088&CODE_STATE=getMsg HTTP/1.1" 200 27
116.237.76.68 - - [10/Mar/2024:11:08:59 +0800] "GET /xingrg/all/function/internal_message.html?_=1710040140666&CODE_STATE=getMsg HTTP/1.1" 200 27
116.237.76.68 - - [10/Mar/2024:11:08:59 +0800] "GET /xingrg/kc/buy/cgsh_order_operate.html?command=get_materiel&rest_code=00106&code=00101008037&supplier_code=00100008&order_time=2024-03-10 HTTP/1.1" 200 415
124.77.241.9 - - [10/Mar/2024:11:09:00 +0800] "GET /xingrg/all/function/internal_message.html?_=1710040166243&CODE_STATE=getMsg HTTP/1.1" 200 27
116.230.123.13 - - [10/Mar/2024:11:09:00 +0800] "GET /xingrg/check_reg.html?_=1710040140345 HTTP/1.1" 200 22
101.83.145.37 - - [10/Mar/2024:11:09:04 +0800] "GET /xingrg/check_reg.html?_=1710039907021 HTTP/1.1" 200 22
101.83.145.37 - - [10/Mar/2024:11:09:04 +0800] "GET /xingrg/all/function/internal_message.html?_=1710039907024&CODE_STATE=getMsg HTTP/1.1" 200 27
116.224.254.208 - - [10/Mar/2024:11:09:10 +0800] "GET /xingrg/all/function/internal_message.html?_=1710040150185&CODE_STATE=getMsg HTTP/1.1" 200 27
116.230.123.13 - - [10/Mar/2024:11:09:10 +0800] "GET /xingrg/all/function/internal_message.html?_=1710040150800&CODE_STATE=getMsg HTTP/1.1" 200 27
116.224.254.208 - - [10/Mar/2024:11:09:11 +0800] "POST /xingrg/kc/buy/cgsh_order_operate.html HTTP/1.1" 200 37
120.253.135.82 - - [10/Mar/2024:11:09:14 +0800] "GET /xingrg/kc/buy/cgsh_order_operate.html?command=get_materiel&rest_code=00101&code=00101029011&supplier_code=00100540&order_time=2024-03-10 HTTP/1.1" 200 460
124.78.60.103 - - [10/Mar/2024:11:09:14 +0800] "GET /xingrg/kc/buy/cgsh_order_operate.html?command=get_materiel&rest_code=00141&code=00101008108&supplier_code=00100008&order_time=2024-03-10 HTTP/1.1" 200 412
116.237.76.68 - - [10/Mar/2024:11:09:16 +0800] "GET /xingrg/kc/buy/cgsh_order_operate.html?command=get_materiel&rest_code=00106&code=00101008224&supplier_code=00100008&order_time=2024-03-10 HTTP/1.1" 200 416
120.253.135.82 - - [10/Mar/2024:11:09:16 +0800] "POST /xingrg/all/common/load_select.html HTTP/1.1" 200 25
124.78.60.103 - - [10/Mar/2024:11:09:17 +0800] "POST /xingrg/kc/buy/cgsh_order_operate.html HTTP/1.1" 200 2065
116.237.76.68 - - [10/Mar/2024:11:09:19 +0800] "POST /xingrg/kc/buy/cgsh_order_operate.html HTTP/1.1" 200 2065
116.230.123.13 - - [10/Mar/2024:11:09:20 +0800] "GET /xingrg/kc/buy/cgsh_order_add.html HTTP/1.1" 200 73611
116.224.254.208 - - [10/Mar/2024:11:09:20 +0800] "POST /xingrg/kc/buy/cgsh_order_operate.html HTTP/1.1" 200 12
116.230.123.13 - - [10/Mar/2024:11:09:21 +0800] "POST /xingrg/kc/buy/cgsh_order_operate.html HTTP/1.1" 200 8245
116.230.123.13 - - [10/Mar/2024:11:09:21 +0800] "GET /xingrg/javascript/easyui/themes/default/validatebox.css HTTP/1.1" 404 1104
116.238.97.31 - - [10/Mar/2024:11:09:21 +0800] "GET /xingrg/all/function/internal_message.html?_=1710040161688&CODE_STATE=getMsg HTTP/1.1" 200 27
120.253.135.82 - - [10/Mar/2024:11:09:22 +0800] "GET /xingrg/kc/buy/cgsh_order_operate.html?command=get_materiel_price&rest_code=00101&code=00101029011&unit_code=00100157&supplier_code=00100540&order_time=2024-03-10 HTTP/1.1" 200 29
116.230.123.13 - - [10/Mar/2024:11:09:23 +0800] "GET /xingrg/javascript/easyui/themes/default/tree.css HTTP/1.1" 404 1090
124.78.60.103 - - [10/Mar/2024:11:09:24 +0800] "GET /xingrg/kc/buy/cgsh_order_operate.html?command=get_materiel&rest_code=00141&code=00101008257&supplier_code=00100008&order_time=2024-03-10 HTTP/1.1" 200 416
116.230.123.13 - - [10/Mar/2024:11:09:24 +0800] "POST /xingrg/all/common/load_tree.html?tree=supplier_tree_json&isDelete=1 HTTP/1.1" 200 78788
116.224.254.208 - - [10/Mar/2024:11:09:25 +0800] "GET /xingrg/kc/buy/cgsh_order_info.html?code=212024031002904 HTTP/1.1" 200 68614
116.224.254.208 - - [10/Mar/2024:11:09:25 +0800] "GET /xingrg/javascript/easyui/themes/default/validatebox.css HTTP/1.1" 404 1104
116.224.254.208 - - [10/Mar/2024:11:09:26 +0800] "POST /xingrg/kc/buy/cgsh_order_operate.html HTTP/1.1" 200 608
180.164.1.25 - - [10/Mar/2024:11:09:30 +0800] "GET /xingrg/all/function/internal_message.html?_=1710040170010&CODE_STATE=getMsg HTTP/1.1" 200 27
116.237.76.68 - - [10/Mar/2024:11:09:30 +0800] "GET /xingrg/kc/buy/cgsh_order_operate.html?command=get_materiel&rest_code=00106&code=00101008042&supplier_code=00100008&order_time=2024-03-10 HTTP/1.1" 200 416
124.78.60.103 - - [10/Mar/2024:11:09:33 +0800] "GET /xingrg/kc/buy/cgsh_order_operate.html?command=get_materiel&rest_code=00141&code=00101008261&supplier_code=00100008&order_time=2024-03-10 HTTP/1.1" 200 408
124.77.241.9 - - [10/Mar/2024:11:09:37 +0800] "GET /xingrg/kc/buy/cgsh_order_add.html HTTP/1.1" 200 73655
116.232.194.112 - - [10/Mar/2024:11:09:38 +0800] "GET /xingrg/kc/buy/cgsh_order_operate.html?command=get_materiel&rest_code=00155&code=00101016030&supplier_code=00100012&order_time=2024-03-10 HTTP/1.1" 200 412
124.77.241.9 - - [10/Mar/2024:11:09:38 +0800] "POST /xingrg/kc/buy/cgsh_order_operate.html HTTP/1.1" 200 8245
124.77.241.9 - - [10/Mar/2024:11:09:39 +0800] "GET /xingrg/javascript/easyui/themes/default/validatebox.css HTTP/1.1" 404 1104
124.78.60.103 - - [10/Mar/2024:11:09:40 +0800] "GET /xingrg/check_reg.html?_=1710040180114 HTTP/1.1" 200 22
124.78.60.103 - - [10/Mar/2024:11:09:40 +0800] "GET /xingrg/all/function/internal_message.html?_=1710040180207&CODE_STATE=getMsg HTTP/1.1" 200 27
180.169.147.146 - - [10/Mar/2024:11:09:40 +0800] "GET /xingrg/check_reg.html?_=1710040180244 HTTP/1.1" 200 22
180.169.147.146 - - [10/Mar/2024:11:09:40 +0800] "GET /xingrg/all/function/internal_message.html?_=1710040180245&CODE_STATE=getMsg HTTP/1.1" 200 27
124.78.60.103 - - [10/Mar/2024:11:09:44 +0800] "GET /xingrg/kc/buy/cgsh_order_operate.html?command=get_materiel&rest_code=00141&code=00101008372&supplier_code=00100008&order_time=2024-03-10 HTTP/1.1" 200 408
120.253.135.82 - - [10/Mar/2024:11:09:46 +0800] "GET /xingrg/kc/buy/cgsh_order_operate.html?command=get_materiel&rest_code=00101&code=00101028002&supplier_code=00100540&order_time=2024-03-10 HTTP/1.1" 200 456
116.237.76.68 - - [10/Mar/2024:11:09:46 +0800] "GET /xingrg/kc/buy/cgsh_order_operate.html?command=get_materiel&rest_code=00106&code=00101008161&supplier_code=00100008&order_time=2024-03-10 HTTP/1.1" 200 409
120.253.135.82 - - [10/Mar/2024:11:09:48 +0800] "POST /xingrg/all/common/load_select.html HTTP/1.1" 200 25
120.253.135.82 - - [10/Mar/2024:11:09:49 +0800] "GET /xingrg/all/function/internal_message.html?_=1710040026567&CODE_STATE=getMsg HTTP/1.1" 200 27
116.224.254.208 - - [10/Mar/2024:11:09:50 +0800] "GET /xingrg/kc/print/load_data.html?order_code=212024031002904&kc_code=cgsh&condition= HTTP/1.1" 200 703
120.253.135.82 - - [10/Mar/2024:11:09:53 +0800] "GET /xingrg/kc/buy/cgsh_order_operate.html?command=get_materiel_price&rest_code=00101&code=00101028002&unit_code=00100157&supplier_code=00100540&order_time=2024-03-10 HTTP/1.1" 200 29
116.232.194.112 - - [10/Mar/2024:11:09:54 +0800] "GET /xingrg/kc/buy/cgsh_order_operate.html?command=get_materiel&rest_code=00155&code=00101011005&supplier_code=00100012&order_time=2024-03-10 HTTP/1.1" 200 408
116.224.254.208 - - [10/Mar/2024:11:09:55 +0800] "GET /xingrg/kc/buy/cgsh_order_add.html HTTP/1.1" 200 73699
116.224.254.208 - - [10/Mar/2024:11:09:56 +0800] "POST /xingrg/kc/buy/cgsh_order_operate.html HTTP/1.1" 200 8245
116.224.254.208 - - [10/Mar/2024:11:09:56 +0800] "GET /xingrg/javascript/easyui/themes/default/validatebox.css HTTP/1.1" 404 1104
116.232.194.112 - - [10/Mar/2024:11:09:58 +0800] "GET /xingrg/check_reg.html?_=1710040178077 HTTP/1.1" 200 22
116.232.194.112 - - [10/Mar/2024:11:09:58 +0800] "GET /xingrg/all/function/internal_message.html?_=1710040178082&CODE_STATE=getMsg HTTP/1.1" 200 27
116.237.76.68 - - [10/Mar/2024:11:09:59 +0800] "GET /xingrg/all/function/internal_message.html?_=1710040200683&CODE_STATE=getMsg HTTP/1.1" 200 27
124.77.241.9 - - [10/Mar/2024:11:10:00 +0800] "GET /xingrg/all/function/internal_message.html?_=1710040226255&CODE_STATE=getMsg HTTP/1.1" 200 27
124.78.60.103 - - [10/Mar/2024:11:10:02 +0800] "GET /xingrg/kc/buy/cgsh_order_operate.html?command=get_materiel&rest_code=00141&code=00101008274&supplier_code=00100008&order_time=2024-03-10 HTTP/1.1" 200 412
101.83.145.37 - - [10/Mar/2024:11:10:04 +0800] "GET /xingrg/all/function/internal_message.html?_=1710039967025&CODE_STATE=getMsg HTTP/1.1" 200 27
116.237.76.68 - - [10/Mar/2024:11:10:04 +0800] "GET /xingrg/kc/buy/cgsh_order_operate.html?command=get_materiel&rest_code=00106&code=00101008375&supplier_code=00100008&order_time=2024-03-10 HTTP/1.1" 200 416
116.230.123.13 - - [10/Mar/2024:11:10:06 +0800] "GET /xingrg/kc/buy/cgsh_order_operate.html?command=get_materiel&rest_code=00111&code=00101001060&supplier_code=00100042&order_time=2024-03-10 HTTP/1.1" 200 419
116.224.254.208 - - [10/Mar/2024:11:10:10 +0800] "GET /xingrg/all/function/internal_message.html?_=1710040210177&CODE_STATE=getMsg HTTP/1.1" 200 27
116.230.123.13 - - [10/Mar/2024:11:10:10 +0800] "GET /xingrg/all/function/internal_message.html?_=1710040210787&CODE_STATE=getMsg HTTP/1.1" 200 27
124.78.60.103 - - [10/Mar/2024:11:10:13 +0800] "POST /xingrg/kc/buy/cgsh_order_operate.html HTTP/1.1" 200 2065
116.232.194.112 - - [10/Mar/2024:11:10:14 +0800] "POST /xingrg/kc/buy/cgsh_order_operate.html HTTP/1.1" 200 37
116.224.254.208 - - [10/Mar/2024:11:10:14 +0800] "GET /xingrg/kc/buy/cgsh_order_operate.html?command=get_materiel&rest_code=00150&code=00101007168&supplier_code=00100326&order_time=2024-03-10 HTTP/1.1" 200 410
116.230.123.13 - - [10/Mar/2024:11:10:20 +0800] "GET /xingrg/kc/buy/cgsh_order_operate.html?command=get_materiel&rest_code=00111&code=00101010161&supplier_code=00100042&order_time=2024-03-10 HTTP/1.1" 200 408
116.238.97.31 - - [10/Mar/2024:11:10:21 +0800] "GET /xingrg/check_reg.html?_=1710040221680 HTTP/1.1" 200 22
116.238.97.31 - - [10/Mar/2024:11:10:21 +0800] "GET /xingrg/all/function/internal_message.html?_=1710040221683&CODE_STATE=getMsg HTTP/1.1" 200 27
116.237.76.68 - - [10/Mar/2024:11:10:23 +0800] "GET /xingrg/kc/buy/cgsh_order_operate.html?command=get_materiel&rest_code=00106&code=00101008103&supplier_code=00100008&order_time=2024-03-10 HTTP/1.1" 200 417
116.224.254.208 - - [10/Mar/2024:11:10:24 +0800] "GET /xingrg/kc/buy/cgsh_order_operate.html?command=get_materiel&rest_code=00150&code=00102026001&supplier_code=00100326&order_time=2024-03-10 HTTP/1.1" 200 409
120.253.135.82 - - [10/Mar/2024:11:10:29 +0800] "POST /xingrg/kc/buy/cgsh_order_operate.html HTTP/1.1" 200 37
180.164.1.25 - - [10/Mar/2024:11:10:30 +0800] "GET /xingrg/all/function/internal_message.html?_=1710040230021&CODE_STATE=getMsg HTTP/1.1" 200 27
116.224.254.208 - - [10/Mar/2024:11:10:36 +0800] "POST /xingrg/kc/buy/cgsh_order_operate.html HTTP/1.1" 200 37
120.253.135.82 - - [10/Mar/2024:11:10:36 +0800] "POST /xingrg/kc/buy/cgsh_order_operate.html HTTP/1.1" 200 4579
116.230.123.13 - - [10/Mar/2024:11:10:38 +0800] "GET /xingrg/kc/buy/cgsh_order_operate.html?command=get_materiel&rest_code=00111&code=00101005036&supplier_code=00100042&order_time=2024-03-10 HTTP/1.1" 200 409
124.78.60.103 - - [10/Mar/2024:11:10:38 +0800] "GET /xingrg/kc/buy/cgsh_order_operate.html?command=get_materiel&rest_code=00141&code=00101008223&supplier_code=00100008&order_time=2024-03-10 HTTP/1.1" 200 412
120.253.135.82 - - [10/Mar/2024:11:10:39 +0800] "GET /xingrg/kc/print/load_config.html?kc_code=cgsh HTTP/1.1" 200 1927
124.78.60.103 - - [10/Mar/2024:11:10:40 +0800] "GET /xingrg/all/function/internal_message.html?_=1710040240194&CODE_STATE=getMsg HTTP/1.1" 200 27
120.253.135.82 - - [10/Mar/2024:11:10:40 +0800] "GET /xingrg/kc/print/load_data.html?order_code=212024031002906&kc_code=cgsh&condition= HTTP/1.1" 200 1488
180.169.147.146 - - [10/Mar/2024:11:10:40 +0800] "GET /xingrg/all/function/internal_message.html?_=1710040240235&CODE_STATE=getMsg HTTP/1.1" 200 27
124.77.241.9 - - [10/Mar/2024:11:10:42 +0800] "GET /xingrg/check_reg.html?_=1710040268422 HTTP/1.1" 200 22
116.224.254.208 - - [10/Mar/2024:11:10:45 +0800] "POST /xingrg/kc/buy/cgsh_order_operate.html HTTP/1.1" 200 12
120.253.135.82 - - [10/Mar/2024:11:10:49 +0800] "GET /xingrg/all/function/internal_message.html?_=1710040086581&CODE_STATE=getMsg HTTP/1.1" 200 27
116.224.254.208 - - [10/Mar/2024:11:10:53 +0800] "GET /xingrg/kc/buy/cgsh_order_info.html?code=212024031002907 HTTP/1.1" 200 68612
116.224.254.208 - - [10/Mar/2024:11:10:53 +0800] "GET /xingrg/javascript/easyui/themes/default/validatebox.css HTTP/1.1" 404 1104
124.78.60.103 - - [10/Mar/2024:11:10:54 +0800] "GET /xingrg/kc/buy/cgsh_order_operate.html?command=get_materiel&rest_code=00141&code=00101008674&supplier_code=00100008&order_time=2024-03-10 HTTP/1.1" 200 413
116.224.254.208 - - [10/Mar/2024:11:10:54 +0800] "POST /xingrg/kc/buy/cgsh_order_operate.html HTTP/1.1" 200 1191
124.77.241.9 - - [10/Mar/2024:11:10:55 +0800] "GET /xingrg/kc/buy/cgsh_order_operate.html?command=get_materiel&rest_code=00146&code=00101010645&supplier_code=00100325&order_time=2024-03-10 HTTP/1.1" 200 432
116.224.254.208 - - [10/Mar/2024:11:10:56 +0800] "GET /xingrg/kc/print/load_data.html?order_code=212024031002907&kc_code=cgsh&condition= HTTP/1.1" 200 931
116.230.123.13 - - [10/Mar/2024:11:10:57 +0800] "GET /xingrg/kc/buy/cgsh_order_operate.html?command=get_materiel&rest_code=00111&code=00101001191&supplier_code=00100042&order_time=2024-03-10 HTTP/1.1" 200 413
116.237.76.68 - - [10/Mar/2024:11:10:59 +0800] "GET /xingrg/all/function/internal_message.html?_=1710040260675&CODE_STATE=getMsg HTTP/1.1" 200 27
124.77.241.9 - - [10/Mar/2024:11:11:00 +0800] "GET /xingrg/all/function/internal_message.html?_=1710040286269&CODE_STATE=getMsg HTTP/1.1" 200 27
116.224.254.208 - - [10/Mar/2024:11:11:01 +0800] "GET /xingrg/kc/buy/cgsh_order_add.html HTTP/1.1" 200 73699
116.224.254.208 - - [10/Mar/2024:11:11:01 +0800] "POST /xingrg/kc/buy/cgsh_order_operate.html HTTP/1.1" 200 8245
116.224.254.208 - - [10/Mar/2024:11:11:01 +0800] "GET /xingrg/javascript/easyui/themes/default/validatebox.css HTTP/1.1" 404 1104
116.237.76.68 - - [10/Mar/2024:11:11:02 +0800] "GET /xingrg/kc/buy/cgsh_order_operate.html?command=get_materiel&rest_code=00106&code=00101010168&supplier_code=00100008&order_time=2024-03-10 HTTP/1.1" 200 413
101.83.145.37 - - [10/Mar/2024:11:11:04 +0800] "GET /xingrg/all/function/internal_message.html?_=1710040027025&CODE_STATE=getMsg HTTP/1.1" 200 27
116.224.254.208 - - [10/Mar/2024:11:11:10 +0800] "GET /xingrg/all/function/internal_message.html?_=1710040270206&CODE_STATE=getMsg HTTP/1.1" 200 27
116.224.254.208 - - [10/Mar/2024:11:11:10 +0800] "GET /xingrg/check_reg.html?_=1710040270209 HTTP/1.1" 200 22
116.224.254.208 - - [10/Mar/2024:11:11:10 +0800] "GET /xingrg/kc/buy/cgsh_order_operate.html?command=get_materiel&rest_code=00150&code=00101001169&supplier_code=00100545&order_time=2024-03-10 HTTP/1.1" 200 417
124.78.60.103 - - [10/Mar/2024:11:11:12 +0800] "GET /xingrg/kc/buy/cgsh_order_operate.html?command=get_materiel&rest_code=00141&code=00101008716&supplier_code=00100008&order_time=2024-03-10 HTTP/1.1" 200 412
116.230.123.13 - - [10/Mar/2024:11:11:16 +0800] "POST /xingrg/kc/buy/cgsh_order_operate.html HTTP/1.1" 200 37
124.77.241.9 - - [10/Mar/2024:11:11:19 +0800] "GET /xingrg/kc/buy/cgsh_order_operate.html?command=get_materiel&rest_code=00146&code=00101007038&supplier_code=00100325&order_time=2024-03-10 HTTP/1.1" 200 422
124.78.60.103 - - [10/Mar/2024:11:11:20 +0800] "GET /xingrg/kc/buy/cgsh_order_operate.html?command=get_materiel&rest_code=00141&code=00101008095&supplier_code=00100008&order_time=2024-03-10 HTTP/1.1" 200 413
116.238.97.31 - - [10/Mar/2024:11:11:21 +0800] "GET /xingrg/all/function/internal_message.html?_=1710040281699&CODE_STATE=getMsg HTTP/1.1" 200 27
116.224.254.208 - - [10/Mar/2024:11:11:22 +0800] "GET /xingrg/kc/buy/cgsh_order_operate.html?command=get_materiel&rest_code=00150&code=00101001140&supplier_code=00100545&order_time=2024-03-10 HTTP/1.1" 200 417
116.237.76.68 - - [10/Mar/2024:11:11:23 +0800] "GET /xingrg/kc/buy/cgsh_order_operate.html?command=get_materiel&rest_code=00106&code=00101008223&supplier_code=00100008&order_time=2024-03-10 HTTP/1.1" 200 412
116.230.123.13 - - [10/Mar/2024:11:11:23 +0800] "POST /xingrg/kc/buy/cgsh_order_operate.html HTTP/1.1" 200 12
124.78.60.103 - - [10/Mar/2024:11:11:24 +0800] "POST /xingrg/kc/buy/cgsh_order_operate.html HTTP/1.1" 200 2065
116.230.123.13 - - [10/Mar/2024:11:11:26 +0800] "GET /xingrg/kc/buy/cgsh_order_info.html?code=212024031002908 HTTP/1.1" 200 68520
116.230.123.13 - - [10/Mar/2024:11:11:26 +0800] "GET /xingrg/javascript/easyui/themes/default/validatebox.css HTTP/1.1" 404 1104
116.230.123.13 - - [10/Mar/2024:11:11:28 +0800] "POST /xingrg/kc/buy/cgsh_order_operate.html HTTP/1.1" 200 2379
116.237.76.68 - - [10/Mar/2024:11:11:29 +0800] "POST /xingrg/kc/buy/cgsh_order_operate.html HTTP/1.1" 200 2065
116.230.123.13 - - [10/Mar/2024:11:11:30 +0800] "GET /xingrg/kc/print/load_data.html?order_code=212024031002908&kc_code=cgsh&condition= HTTP/1.1" 200 1406
180.164.1.25 - - [10/Mar/2024:11:11:30 +0800] "GET /xingrg/all/function/internal_message.html?_=1710040290013&CODE_STATE=getMsg HTTP/1.1" 200 27
124.78.60.103 - - [10/Mar/2024:11:11:37 +0800] "GET /xingrg/kc/buy/cgsh_order_operate.html?command=get_materiel&rest_code=00141&code=00101008172&supplier_code=00100008&order_time=2024-03-10 HTTP/1.1" 200 412
124.77.241.9 - - [10/Mar/2024:11:11:37 +0800] "GET /xingrg/kc/buy/cgsh_order_operate.html?command=get_materiel&rest_code=00146&code=00101010082&supplier_code=00100325&order_time=2024-03-10 HTTP/1.1" 200 425
124.78.60.103 - - [10/Mar/2024:11:11:40 +0800] "GET /xingrg/all/function/internal_message.html?_=1710040300192&CODE_STATE=getMsg HTTP/1.1" 200 27
116.237.76.68 - - [10/Mar/2024:11:11:40 +0800] "GET /xingrg/kc/buy/cgsh_order_operate.html?command=get_materiel&rest_code=00106&code=00101008633&supplier_code=00100008&order_time=2024-03-10 HTTP/1.1" 200 414
180.169.147.146 - - [10/Mar/2024:11:11:40 +0800] "GET /xingrg/all/function/internal_message.html?_=1710040300247&CODE_STATE=getMsg HTTP/1.1" 200 27
116.224.254.208 - - [10/Mar/2024:11:11:43 +0800] "GET /xingrg/kc/buy/cgsh_order_operate.html?command=get_materiel&rest_code=00150&code=00101001125&supplier_code=00100545&order_time=2024-03-10 HTTP/1.1" 200 416
124.78.60.103 - - [10/Mar/2024:11:11:46 +0800] "GET /xingrg/kc/buy/cgsh_order_operate.html?command=get_materiel&rest_code=00141&code=00101008224&supplier_code=00100008&order_time=2024-03-10 HTTP/1.1" 200 416
116.230.123.13 - - [10/Mar/2024:11:11:47 +0800] "GET /xingrg/kc/buy/cgsh_order_add.html HTTP/1.1" 200 73611
116.230.123.13 - - [10/Mar/2024:11:11:47 +0800] "POST /xingrg/kc/buy/cgsh_order_operate.html HTTP/1.1" 200 8245
116.230.123.13 - - [10/Mar/2024:11:11:47 +0800] "GET /xingrg/javascript/easyui/themes/default/validatebox.css HTTP/1.1" 404 1104
120.253.135.82 - - [10/Mar/2024:11:11:49 +0800] "GET /xingrg/check_reg.html?_=1710040146323 HTTP/1.1" 200 22
120.253.135.82 - - [10/Mar/2024:11:11:49 +0800] "GET /xingrg/all/function/internal_message.html?_=1710040146594&CODE_STATE=getMsg HTTP/1.1" 200 27
124.77.241.9 - - [10/Mar/2024:11:11:55 +0800] "POST /xingrg/kc/buy/cgsh_order_operate.html HTTP/1.1" 200 37
124.78.60.103 - - [10/Mar/2024:11:11:57 +0800] "GET /xingrg/kc/buy/cgsh_order_operate.html?command=get_materiel&rest_code=00141&code=00101008331&supplier_code=00100008&order_time=2024-03-10 HTTP/1.1" 200 416
116.237.76.68 - - [10/Mar/2024:11:11:59 +0800] "GET /xingrg/check_reg.html?_=1710040320666 HTTP/1.1" 200 22
116.237.76.68 - - [10/Mar/2024:11:11:59 +0800] "GET /xingrg/all/function/internal_message.html?_=1710040320670&CODE_STATE=getMsg HTTP/1.1" 200 27
124.77.241.9 - - [10/Mar/2024:11:11:59 +0800] "POST /xingrg/kc/buy/cgsh_order_operate.html HTTP/1.1" 200 3869
116.237.76.68 - - [10/Mar/2024:11:12:00 +0800] "GET /xingrg/kc/buy/cgsh_order_operate.html?command=get_materiel&rest_code=00106&code=00101008168&supplier_code=00100008&order_time=2024-03-10 HTTP/1.1" 200 412
124.77.241.9 - - [10/Mar/2024:11:12:00 +0800] "GET /xingrg/all/function/internal_message.html?_=1710040346283&CODE_STATE=getMsg HTTP/1.1" 200 27
101.83.145.37 - - [10/Mar/2024:11:12:04 +0800] "GET /xingrg/all/function/internal_message.html?_=1710040087026&CODE_STATE=getMsg HTTP/1.1" 200 27
116.224.254.208 - - [10/Mar/2024:11:12:10 +0800] "GET /xingrg/all/function/internal_message.html?_=1710040330191&CODE_STATE=getMsg HTTP/1.1" 200 27
124.77.241.9 - - [10/Mar/2024:11:12:10 +0800] "GET /xingrg/kc/print/load_data.html?order_code=212024031002909&kc_code=cgsh&condition= HTTP/1.1" 200 1160
116.230.123.13 - - [10/Mar/2024:11:12:10 +0800] "GET /xingrg/all/function/internal_message.html?_=1710040330796&CODE_STATE=getMsg HTTP/1.1" 200 27
124.78.60.103 - - [10/Mar/2024:11:12:12 +0800] "GET /xingrg/kc/buy/cgsh_order_operate.html?command=get_materiel&rest_code=00141&code=00101008285&supplier_code=00100008&order_time=2024-03-10 HTTP/1.1" 200 413
116.237.76.68 - - [10/Mar/2024:11:12:14 +0800] "GET /xingrg/kc/buy/cgsh_order_operate.html?command=get_materiel&rest_code=00106&code=00101008110&supplier_code=00100008&order_time=2024-03-10 HTTP/1.1" 200 409
124.78.60.103 - - [10/Mar/2024:11:12:16 +0800] "POST /xingrg/kc/buy/cgsh_order_operate.html HTTP/1.1" 200 2065
124.77.241.9 - - [10/Mar/2024:11:12:16 +0800] "GET /xingrg/kc/buy/cgsh_order_add.html HTTP/1.1" 200 73655
124.77.241.9 - - [10/Mar/2024:11:12:17 +0800] "POST /xingrg/kc/buy/cgsh_order_operate.html HTTP/1.1" 200 8245
124.77.241.9 - - [10/Mar/2024:11:12:17 +0800] "GET /xingrg/javascript/easyui/themes/default/validatebox.css HTTP/1.1" 404 1104
116.224.254.208 - - [10/Mar/2024:11:12:18 +0800] "GET /xingrg/kc/buy/cgsh_order_operate.html?command=get_materiel&rest_code=00150&code=00101001037&supplier_code=00100545&order_time=2024-03-10 HTTP/1.1" 200 418
116.238.97.31 - - [10/Mar/2024:11:12:21 +0800] "GET /xingrg/all/function/internal_message.html?_=1710040341696&CODE_STATE=getMsg HTTP/1.1" 200 27
124.78.60.103 - - [10/Mar/2024:11:12:22 +0800] "GET /xingrg/kc/buy/cgsh_order_operate.html?command=get_materiel&rest_code=00141&code=00101008350&supplier_code=00100008&order_time=2024-03-10 HTTP/1.1" 200 408
116.237.76.68 - - [10/Mar/2024:11:12:29 +0800] "GET /xingrg/kc/buy/cgsh_order_operate.html?command=get_materiel&rest_code=00106&code=00101008095&supplier_code=00100008&order_time=2024-03-10 HTTP/1.1" 200 413
180.164.1.25 - - [10/Mar/2024:11:12:30 +0800] "GET /xingrg/all/function/internal_message.html?_=1710040350012&CODE_STATE=getMsg HTTP/1.1" 200 27
180.164.1.25 - - [10/Mar/2024:11:12:30 +0800] "GET /xingrg/check_reg.html?_=1710040350015 HTTP/1.1" 200 22
116.237.76.68 - - [10/Mar/2024:11:12:31 +0800] "POST /xingrg/kc/buy/cgsh_order_operate.html HTTP/1.1" 200 2065
