114.83.222.94 - - [10/Mar/2024:11:28:00 +0800] "POST /xingrg/kc/buy/cgsh_order_operate.html HTTP/1.1" 200 8245
114.83.222.94 - - [10/Mar/2024:11:28:00 +0800] "GET /xingrg/javascript/easyui/themes/default/validatebox.css HTTP/1.1" 404 1104
124.77.241.9 - - [10/Mar/2024:11:28:01 +0800] "GET /xingrg/all/function/internal_message.html?_=1710041307953&CODE_STATE=getMsg HTTP/1.1" 200 27
101.83.145.37 - - [10/Mar/2024:11:28:04 +0800] "GET /xingrg/all/function/internal_message.html?_=1710041047043&CODE_STATE=getMsg HTTP/1.1" 200 27
124.78.60.103 - - [10/Mar/2024:11:28:04 +0800] "GET /xingrg/kc/buy/cgsh_order_info.html?code=212024031002940 HTTP/1.1" 200 68566
124.78.60.103 - - [10/Mar/2024:11:28:05 +0800] "GET /xingrg/javascript/easyui/themes/default/validatebox.css HTTP/1.1" 404 1104
124.78.60.103 - - [10/Mar/2024:11:28:06 +0800] "POST /xingrg/kc/buy/cgsh_order_operate.html HTTP/1.1" 200 609
124.78.60.103 - - [10/Mar/2024:11:28:07 +0800] "GET /xingrg/kc/print/load_data.html?order_code=212024031002940&kc_code=cgsh&condition= HTTP/1.1" 200 789
116.224.254.208 - - [10/Mar/2024:11:28:10 +0800] "GET /xingrg/all/function/internal_message.html?_=1710041290131&CODE_STATE=getMsg HTTP/1.1" 200 27
114.83.222.94 - - [10/Mar/2024:11:28:10 +0800] "GET /xingrg/kc/buy/cgsh_order_operate.html?command=get_materiel&rest_code=00149&code=00101004069&supplier_code=00100323&order_time=2024-03-10 HTTP/1.1" 200 418
116.230.123.13 - - [10/Mar/2024:11:28:10 +0800] "GET /xingrg/all/function/internal_message.html?_=1710041290597&CODE_STATE=getMsg HTTP/1.1" 200 27
116.232.194.112 - - [10/Mar/2024:11:28:12 +0800] "GET /xingrg/all/function/internal_message.html?_=1710041272534&CODE_STATE=getMsg HTTP/1.1" 200 27
116.237.76.68 - - [10/Mar/2024:11:28:12 +0800] "GET /xingrg/kc/buy/cgsh_order_operate.html?command=get_materiel&rest_code=00106&code=00101015195&supplier_code=00100008&order_time=2024-03-10 HTTP/1.1" 200 412
124.78.60.103 - - [10/Mar/2024:11:28:13 +0800] "POST /xingrg/kc/buy/cgsh_order_operate.html HTTP/1.1" 200 8245
124.78.60.103 - - [10/Mar/2024:11:28:13 +0800] "GET /xingrg/javascript/easyui/themes/default/validatebox.css HTTP/1.1" 404 1104
58.40.7.146 - - [10/Mar/2024:11:28:18 +0800] "GET /xingrg/all/function/internal_message.html?_=1710041298036&CODE_STATE=getMsg HTTP/1.1" 200 27
116.238.97.31 - - [10/Mar/2024:11:28:21 +0800] "GET /xingrg/all/function/internal_message.html?_=1710041301685&CODE_STATE=getMsg HTTP/1.1" 200 27
114.83.222.94 - - [10/Mar/2024:11:28:23 +0800] "POST /xingrg/kc/buy/cgsh_order_operate.html HTTP/1.1" 200 37
124.78.60.103 - - [10/Mar/2024:11:28:26 +0800] "GET /xingrg/kc/buy/cgsh_order_operate.html?command=get_materiel&rest_code=00141&code=00101008721&supplier_code=00100487&order_time=2024-03-10 HTTP/1.1" 200 409
180.164.1.25 - - [10/Mar/2024:11:28:30 +0800] "GET /xingrg/all/function/internal_message.html?_=1710041310012&CODE_STATE=getMsg HTTP/1.1" 200 27
120.253.135.82 - - [10/Mar/2024:11:28:33 +0800] "POST /xingrg/kc/buy/cgsh_order_operate.html HTTP/1.1" 200 37
124.78.60.103 - - [10/Mar/2024:11:28:37 +0800] "POST /xingrg/kc/buy/cgsh_order_operate.html HTTP/1.1" 200 37
114.83.222.94 - - [10/Mar/2024:11:28:38 +0800] "POST /xingrg/kc/buy/cgsh_order_operate.html HTTP/1.1" 200 12
124.78.60.103 - - [10/Mar/2024:11:28:40 +0800] "GET /xingrg/all/function/internal_message.html?_=1710041320112&CODE_STATE=getMsg HTTP/1.1" 200 27
180.169.147.146 - - [10/Mar/2024:11:28:40 +0800] "GET /xingrg/all/function/internal_message.html?_=1710041320241&CODE_STATE=getMsg HTTP/1.1" 200 27
124.78.60.103 - - [10/Mar/2024:11:28:46 +0800] "POST /xingrg/kc/buy/cgsh_order_operate.html HTTP/1.1" 200 12
114.83.222.94 - - [10/Mar/2024:11:28:46 +0800] "GET /xingrg/kc/print/load_data.html?order_code=212024031002941&kc_code=cgsh&condition= HTTP/1.1" 200 718
114.83.222.94 - - [10/Mar/2024:11:28:47 +0800] "GET /xingrg/kc/buy/cgsh_order_info.html?code=212024031002941 HTTP/1.1" 200 68655
114.83.222.94 - - [10/Mar/2024:11:28:47 +0800] "GET /xingrg/words/20240310095931_words.js HTTP/1.1" 304 -
114.83.222.94 - - [10/Mar/2024:11:28:48 +0800] "GET /xingrg/javascript/easyui/themes/default/validatebox.css HTTP/1.1" 404 1104
114.83.222.94 - - [10/Mar/2024:11:28:49 +0800] "GET /xingrg/all/function/internal_message.html?_=1710041327877&CODE_STATE=getMsg HTTP/1.1" 200 27
114.83.222.94 - - [10/Mar/2024:11:28:49 +0800] "POST /xingrg/kc/buy/cgsh_order_operate.html HTTP/1.1" 200 612
120.253.135.82 - - [10/Mar/2024:11:28:50 +0800] "GET /xingrg/all/function/internal_message.html?_=1710041167044&CODE_STATE=getMsg HTTP/1.1" 200 27
116.224.254.208 - - [10/Mar/2024:11:28:50 +0800] "GET /xingrg/kc/base/wldb_order_add.html HTTP/1.1" 200 30388
116.224.254.208 - - [10/Mar/2024:11:28:51 +0800] "POST /xingrg/kc/base/wldb_order_operate.html HTTP/1.1" 200 6806
116.224.254.208 - - [10/Mar/2024:11:28:51 +0800] "GET /xingrg/javascript/easyui/themes/default/validatebox.css HTTP/1.1" 404 1104
124.78.60.103 - - [10/Mar/2024:11:28:52 +0800] "GET /xingrg/kc/print/load_data.html?order_code=212024031002942&kc_code=cgsh&condition= HTTP/1.1" 200 711
120.253.135.82 - - [10/Mar/2024:11:28:52 +0800] "POST /xingrg/kc/buy/cgsh_order_operate.html HTTP/1.1" 200 12
116.237.76.68 - - [10/Mar/2024:11:28:53 +0800] "GET /xingrg/all/function/internal_message.html?_=1710041334698&CODE_STATE=getMsg HTTP/1.1" 200 27
124.78.60.103 - - [10/Mar/2024:11:28:53 +0800] "GET /xingrg/kc/buy/cgsh_order_info.html?code=212024031002942 HTTP/1.1" 200 68574
124.78.60.103 - - [10/Mar/2024:11:28:53 +0800] "GET /xingrg/javascript/easyui/themes/default/validatebox.css HTTP/1.1" 404 1104
124.78.60.103 - - [10/Mar/2024:11:28:54 +0800] "POST /xingrg/kc/buy/cgsh_order_operate.html HTTP/1.1" 200 604
120.253.135.82 - - [10/Mar/2024:11:28:55 +0800] "GET /xingrg/kc/buy/cgsh_order_info.html?code=212024031002906 HTTP/1.1" 200 67626
120.253.135.82 - - [10/Mar/2024:11:28:56 +0800] "GET /xingrg/javascript/easyui/themes/default/validatebox.css HTTP/1.1" 404 1104
116.224.254.208 - - [10/Mar/2024:11:28:57 +0800] "GET /xingrg/kc/base/wldb_order_operate.html?command=get_materiel&rest_code=00150&base_code=0010446&code=00102002204 HTTP/1.1" 200 447
120.253.135.82 - - [10/Mar/2024:11:28:57 +0800] "POST /xingrg/kc/buy/cgsh_order_operate.html HTTP/1.1" 200 2529
124.78.60.103 - - [10/Mar/2024:11:28:57 +0800] "POST /xingrg/kc/buy/cgsh_order_operate.html HTTP/1.1" 200 8245
124.78.60.103 - - [10/Mar/2024:11:28:57 +0800] "GET /xingrg/javascript/easyui/themes/default/validatebox.css HTTP/1.1" 404 1104
114.83.222.94 - - [10/Mar/2024:11:28:59 +0800] "GET /xingrg/kc/buy/cgsh_order_add.html HTTP/1.1" 200 73743
114.83.222.94 - - [10/Mar/2024:11:28:59 +0800] "POST /xingrg/kc/buy/cgsh_order_operate.html HTTP/1.1" 200 8245
114.83.222.94 - - [10/Mar/2024:11:28:59 +0800] "GET /xingrg/javascript/easyui/themes/default/validatebox.css HTTP/1.1" 404 1104
120.253.135.82 - - [10/Mar/2024:11:29:00 +0800] "GET /xingrg/kc/buy/cgsh_order_add.html HTTP/1.1" 200 72719
116.230.123.13 - - [10/Mar/2024:11:29:00 +0800] "GET /xingrg/check_reg.html?_=1710041340367 HTTP/1.1" 200 22
120.253.135.82 - - [10/Mar/2024:11:29:00 +0800] "POST /xingrg/kc/buy/cgsh_order_operate.html HTTP/1.1" 200 8245
120.253.135.82 - - [10/Mar/2024:11:29:00 +0800] "GET /xingrg/javascript/easyui/themes/default/validatebox.css HTTP/1.1" 404 1104
116.224.254.208 - - [10/Mar/2024:11:29:01 +0800] "GET /xingrg/kc/base/wldb_order_operate.html?command=get_materiel&rest_code=00150&base_code=0010446&code=00102002448 HTTP/1.1" 200 439
124.77.241.9 - - [10/Mar/2024:11:29:02 +0800] "GET /xingrg/all/function/internal_message.html?_=1710041367964&CODE_STATE=getMsg HTTP/1.1" 200 27
101.83.145.37 - - [10/Mar/2024:11:29:04 +0800] "GET /xingrg/all/function/internal_message.html?_=1710041107040&CODE_STATE=getMsg HTTP/1.1" 200 27
101.83.145.37 - - [10/Mar/2024:11:29:04 +0800] "GET /xingrg/check_reg.html?_=1710041107043 HTTP/1.1" 200 22
101.83.145.37 - - [10/Mar/2024:11:29:06 +0800] "GET /xingrg/kc/buy/cgsh_order_add.html HTTP/1.1" 200 73737
101.83.145.37 - - [10/Mar/2024:11:29:06 +0800] "GET /xingrg/words/20240310095931_words.js HTTP/1.1" 304 -
101.83.145.37 - - [10/Mar/2024:11:29:07 +0800] "POST /xingrg/kc/buy/cgsh_order_operate.html HTTP/1.1" 200 8245
101.83.145.37 - - [10/Mar/2024:11:29:07 +0800] "GET /xingrg/javascript/easyui/themes/default/validatebox.css HTTP/1.1" 404 1104
116.224.254.208 - - [10/Mar/2024:11:29:07 +0800] "POST /xingrg/kc/base/wldb_order_operate.html HTTP/1.1" 200 37
124.78.60.103 - - [10/Mar/2024:11:29:07 +0800] "GET /xingrg/kc/buy/cgsh_order_operate.html?command=get_materiel&rest_code=00141&code=00101002006&supplier_code=00100091&order_time=2024-03-10 HTTP/1.1" 200 414
120.253.135.82 - - [10/Mar/2024:11:29:09 +0800] "POST /xingrg/all/common/load_combo.html?type=employee HTTP/1.1" 200 1834
116.224.254.208 - - [10/Mar/2024:11:29:10 +0800] "GET /xingrg/all/function/internal_message.html?_=1710041350099&CODE_STATE=getMsg HTTP/1.1" 200 27
114.83.222.94 - - [10/Mar/2024:11:29:10 +0800] "GET /xingrg/kc/buy/cgsh_order_operate.html?command=get_materiel&rest_code=00149&code=00101003047&supplier_code=00100094&order_time=2024-03-10 HTTP/1.1" 200 424
116.230.123.13 - - [10/Mar/2024:11:29:10 +0800] "GET /xingrg/all/function/internal_message.html?_=1710041350573&CODE_STATE=getMsg HTTP/1.1" 200 27
116.232.194.112 - - [10/Mar/2024:11:29:12 +0800] "GET /xingrg/all/function/internal_message.html?_=1710041332509&CODE_STATE=getMsg HTTP/1.1" 200 27
116.232.194.112 - - [10/Mar/2024:11:29:12 +0800] "GET /xingrg/check_reg.html?_=1710041332599 HTTP/1.1" 200 22
116.224.254.208 - - [10/Mar/2024:11:29:13 +0800] "POST /xingrg/kc/base/wldb_order_operate.html HTTP/1.1" 200 12
116.224.254.208 - - [10/Mar/2024:11:29:13 +0800] "POST /xingrg/kc/base/wldb_order_operate.html HTTP/1.1" 200 2674
116.224.254.208 - - [10/Mar/2024:11:29:14 +0800] "GET /xingrg/kc/base/wldb_order_info.html?code=422024031000690 HTTP/1.1" 200 26266
116.224.254.208 - - [10/Mar/2024:11:29:15 +0800] "GET /xingrg/javascript/easyui/themes/default/validatebox.css HTTP/1.1" 404 1104
116.224.254.208 - - [10/Mar/2024:11:29:15 +0800] "POST /xingrg/kc/base/wldb_order_operate.html HTTP/1.1" 200 957
116.224.254.208 - - [10/Mar/2024:11:29:16 +0800] "GET /xingrg/kc/base/wldb_order_add.html HTTP/1.1" 200 30388
116.224.254.208 - - [10/Mar/2024:11:29:17 +0800] "POST /xingrg/kc/base/wldb_order_operate.html HTTP/1.1" 200 6806
116.224.254.208 - - [10/Mar/2024:11:29:17 +0800] "GET /xingrg/javascript/easyui/themes/default/validatebox.css HTTP/1.1" 404 1104
58.40.7.146 - - [10/Mar/2024:11:29:18 +0800] "GET /xingrg/all/function/internal_message.html?_=1710041358042&CODE_STATE=getMsg HTTP/1.1" 200 27
116.238.97.31 - - [10/Mar/2024:11:29:21 +0800] "GET /xingrg/all/function/internal_message.html?_=1710041361689&CODE_STATE=getMsg HTTP/1.1" 200 27
114.83.222.94 - - [10/Mar/2024:11:29:23 +0800] "POST /xingrg/kc/buy/cgsh_order_operate.html HTTP/1.1" 200 37
124.78.60.103 - - [10/Mar/2024:11:29:23 +0800] "GET /xingrg/kc/buy/cgsh_order_operate.html?command=get_materiel&rest_code=00141&code=00101002034&supplier_code=00100091&order_time=2024-03-10 HTTP/1.1" 200 411
120.253.135.82 - - [10/Mar/2024:11:29:23 +0800] "GET /xingrg/kc/buy/cgsh_order_operate.html?command=get_materiel&rest_code=00101&code=00102002163&supplier_code=00100127&order_time=2024-03-10 HTTP/1.1" 200 416
116.237.76.68 - - [10/Mar/2024:11:29:24 +0800] "GET /xingrg/kc/buy/cgsh_order_operate.html?command=get_materiel&rest_code=00106&code=00101015221&supplier_code=00100008&order_time=2024-03-10 HTTP/1.1" 200 403
116.224.254.208 - - [10/Mar/2024:11:29:24 +0800] "GET /xingrg/kc/base/wldb_order_operate.html?command=get_materiel&rest_code=00150&base_code=0010445&code=00101016094 HTTP/1.1" 200 469
180.164.1.25 - - [10/Mar/2024:11:29:30 +0800] "GET /xingrg/all/function/internal_message.html?_=1710041370023&CODE_STATE=getMsg HTTP/1.1" 200 27
116.237.76.68 - - [10/Mar/2024:11:29:31 +0800] "POST /xingrg/kc/buy/cgsh_order_operate.html HTTP/1.1" 200 2065
120.253.135.82 - - [10/Mar/2024:11:29:32 +0800] "GET /xingrg/login.html HTTP/1.1" 200 7641
124.78.60.103 - - [10/Mar/2024:11:29:34 +0800] "POST /xingrg/kc/buy/cgsh_order_operate.html HTTP/1.1" 200 37
120.253.135.82 - - [10/Mar/2024:11:29:39 +0800] "POST /xingrg/kc/buy/cgsh_order_operate.html HTTP/1.1" 200 88
101.83.145.37 - - [10/Mar/2024:11:29:39 +0800] "GET /xingrg/kc/buy/cgsh_order_operate.html?command=get_materiel&rest_code=00105&code=00101004101&supplier_code=00100086&order_time=2024-03-10 HTTP/1.1" 200 415
114.83.222.94 - - [10/Mar/2024:11:29:39 +0800] "POST /xingrg/kc/buy/cgsh_order_operate.html HTTP/1.1" 200 12
116.224.254.208 - - [10/Mar/2024:11:29:39 +0800] "GET /xingrg/kc/base/wldb_order_operate.html?command=get_materiel&rest_code=00150&base_code=0010445&code=00101019133 HTTP/1.1" 200 480
124.78.60.103 - - [10/Mar/2024:11:29:40 +0800] "GET /xingrg/all/function/internal_message.html?_=1710041380096&CODE_STATE=getMsg HTTP/1.1" 200 27
124.78.60.103 - - [10/Mar/2024:11:29:40 +0800] "GET /xingrg/check_reg.html?_=1710041380109 HTTP/1.1" 200 22
120.253.135.82 - - [10/Mar/2024:11:29:40 +0800] "POST /xingrg/login.do HTTP/1.1" 302 -
180.169.147.146 - - [10/Mar/2024:11:29:40 +0800] "GET /xingrg/all/function/internal_message.html?_=1710041380241&CODE_STATE=getMsg HTTP/1.1" 200 27
180.169.147.146 - - [10/Mar/2024:11:29:40 +0800] "GET /xingrg/check_reg.html?_=1710041380242 HTTP/1.1" 200 22
116.237.76.68 - - [10/Mar/2024:11:29:40 +0800] "GET /xingrg/kc/buy/cgsh_order_operate.html?command=get_materiel&rest_code=00106&code=00101008041&supplier_code=00100008&order_time=2024-03-10 HTTP/1.1" 200 408
120.253.135.82 - - [10/Mar/2024:11:29:41 +0800] "POST /xingrg/login.do HTTP/1.1" 302 -
120.253.135.82 - - [10/Mar/2024:11:29:41 +0800] "GET /xingrg/index.html?sysBaseUrl=http%3A%2F%2F180.169.147.146%3A18081%2Fxingrg%2F&costTime=1327×tamp=1710041381326 HTTP/1.1" 200 17173
120.253.135.82 - - [10/Mar/2024:11:29:41 +0800] "GET /xingrg/check_reg.html?_=1710041553189 HTTP/1.1" 200 22
120.253.135.82 - - [10/Mar/2024:11:29:41 +0800] "POST /xingrg/load_menu.html HTTP/1.1" 200 6743
120.253.135.82 - - [10/Mar/2024:11:29:42 +0800] "POST /xingrg/all/common/load_tree.html?tree=area_rest_tree_json&manage=1 HTTP/1.1" 200 344
120.253.135.82 - - [10/Mar/2024:11:29:42 +0800] "GET /xingrg/all/function/internal_message.html?_=1710041553188&CODE_STATE=count HTTP/1.1" 200 11
124.78.60.103 - - [10/Mar/2024:11:29:45 +0800] "POST /xingrg/kc/buy/cgsh_order_operate.html HTTP/1.1" 200 12
114.83.222.94 - - [10/Mar/2024:11:29:46 +0800] "GET /xingrg/kc/buy/cgsh_order_info.html?code=212024031002943 HTTP/1.1" 200 68652
114.83.222.94 - - [10/Mar/2024:11:29:47 +0800] "GET /xingrg/kc/print/load_data.html?order_code=212024031002943&kc_code=cgsh&condition= HTTP/1.1" 200 800
114.83.222.94 - - [10/Mar/2024:11:29:47 +0800] "GET /xingrg/javascript/easyui/themes/default/validatebox.css HTTP/1.1" 404 1104
124.78.60.103 - - [10/Mar/2024:11:29:48 +0800] "POST /xingrg/services/DataTransmitService HTTP/1.1" 200 524
120.253.135.82 - - [10/Mar/2024:11:29:48 +0800] "GET /xingrg/kc/buy/cgsh_order_list.html HTTP/1.1" 200 57880
124.78.60.103 - - [10/Mar/2024:11:29:48 +0800] "GET /xingrg/kc/buy/cgsh_order_info.html?code=212024031002944 HTTP/1.1" 200 68568
114.83.222.94 - - [10/Mar/2024:11:29:48 +0800] "POST /xingrg/kc/buy/cgsh_order_operate.html HTTP/1.1" 200 621
124.78.60.103 - - [10/Mar/2024:11:29:49 +0800] "GET /xingrg/javascript/easyui/themes/default/validatebox.css HTTP/1.1" 404 1104
114.83.222.94 - - [10/Mar/2024:11:29:49 +0800] "GET /xingrg/check_reg.html?_=1710041387859 HTTP/1.1" 200 22
114.83.222.94 - - [10/Mar/2024:11:29:49 +0800] "GET /xingrg/all/function/internal_message.html?_=1710041387861&CODE_STATE=getMsg HTTP/1.1" 200 27
124.78.60.103 - - [10/Mar/2024:11:29:49 +0800] "POST /xingrg/services/DataTransmitService HTTP/1.1" 200 412
116.224.254.208 - - [10/Mar/2024:11:29:50 +0800] "GET /xingrg/kc/base/wldb_order_operate.html?command=get_materiel&rest_code=00150&base_code=0010445&code=00101019267 HTTP/1.1" 200 480
120.253.135.82 - - [10/Mar/2024:11:29:50 +0800] "GET /xingrg/all/function/internal_message.html?_=1710041227057&CODE_STATE=getMsg HTTP/1.1" 200 27
120.253.135.82 - - [10/Mar/2024:11:29:52 +0800] "POST /xingrg/kc/buy/cgsh_order_operate.html HTTP/1.1" 200 37
124.78.60.103 - - [10/Mar/2024:11:29:52 +0800] "POST /xingrg/kc/buy/cgsh_order_operate.html HTTP/1.1" 200 1202
114.83.222.94 - - [10/Mar/2024:11:29:52 +0800] "GET /xingrg/kc/print/load_data.html?order_code=212024031002943&kc_code=cgsh&condition= HTTP/1.1" 200 800
116.237.76.68 - - [10/Mar/2024:11:29:53 +0800] "GET /xingrg/check_reg.html?_=1710041394637 HTTP/1.1" 200 22
116.237.76.68 - - [10/Mar/2024:11:29:53 +0800] "GET /xingrg/all/function/internal_message.html?_=1710041394673&CODE_STATE=getMsg HTTP/1.1" 200 27
124.78.60.103 - - [10/Mar/2024:11:29:54 +0800] "GET /xingrg/kc/print/load_data.html?order_code=212024031002944&kc_code=cgsh&condition= HTTP/1.1" 200 1002
120.253.135.82 - - [10/Mar/2024:11:29:55 +0800] "POST /xingrg/kc/buy/cgsh_list_operate.html HTTP/1.1" 200 1387
116.224.254.208 - - [10/Mar/2024:11:29:56 +0800] "GET /xingrg/kc/base/wldb_order_operate.html?command=get_materiel&rest_code=00150&base_code=0010445&code=00101019258 HTTP/1.1" 200 483
114.83.222.94 - - [10/Mar/2024:11:29:58 +0800] "GET /xingrg/kc/buy/cgsh_order_add.html HTTP/1.1" 200 73743
114.83.222.94 - - [10/Mar/2024:11:29:58 +0800] "POST /xingrg/kc/buy/cgsh_order_operate.html HTTP/1.1" 200 8245
114.83.222.94 - - [10/Mar/2024:11:29:58 +0800] "GET /xingrg/javascript/easyui/themes/default/validatebox.css HTTP/1.1" 404 1104
120.253.135.82 - - [10/Mar/2024:11:29:59 +0800] "GET /xingrg/kc/buy/cgsh_order_add.html HTTP/1.1" 200 72713
120.253.135.82 - - [10/Mar/2024:11:29:59 +0800] "POST /xingrg/kc/buy/cgsh_order_operate.html HTTP/1.1" 200 2668
120.253.135.82 - - [10/Mar/2024:11:29:59 +0800] "GET /xingrg/words/20240310095931_words.js HTTP/1.1" 200 1015055
124.78.60.103 - - [10/Mar/2024:11:29:59 +0800] "POST /xingrg/kc/buy/cgsh_order_operate.html HTTP/1.1" 200 8245
120.253.135.82 - - [10/Mar/2024:11:29:59 +0800] "POST /xingrg/kc/buy/cgsh_order_operate.html HTTP/1.1" 200 8245
124.78.60.103 - - [10/Mar/2024:11:29:59 +0800] "GET /xingrg/javascript/easyui/themes/default/validatebox.css HTTP/1.1" 404 1104
120.253.135.82 - - [10/Mar/2024:11:29:59 +0800] "GET /xingrg/javascript/easyui/themes/default/validatebox.css HTTP/1.1" 404 1104
120.253.135.82 - - [10/Mar/2024:11:29:59 +0800] "GET /xingrg/all/common/auto_word.html?type=employee&rest_code=00101 HTTP/1.1" 200 1019
120.253.135.82 - - [10/Mar/2024:11:29:59 +0800] "GET /xingrg/all/common/auto_word.html?type=employee&rest_code=00101 HTTP/1.1" 200 1019
120.253.135.82 - - [10/Mar/2024:11:30:00 +0800] "POST /xingrg/all/common/load_combo.html?type=employee HTTP/1.1" 200 1834
124.77.241.9 - - [10/Mar/2024:11:30:02 +0800] "GET /xingrg/all/function/internal_message.html?_=1710041428338&CODE_STATE=getMsg HTTP/1.1" 200 27
101.83.145.37 - - [10/Mar/2024:11:30:04 +0800] "GET /xingrg/all/function/internal_message.html?_=1710041167046&CODE_STATE=getMsg HTTP/1.1" 200 27
116.224.254.208 - - [10/Mar/2024:11:30:04 +0800] "GET /xingrg/kc/base/wldb_order_operate.html?command=get_materiel&rest_code=00150&base_code=0010445&code=00101019110 HTTP/1.1" 200 474
116.237.76.68 - - [10/Mar/2024:11:30:06 +0800] "POST /xingrg/kc/buy/cgsh_order_operate.html HTTP/1.1" 200 37
120.253.135.82 - - [10/Mar/2024:11:30:06 +0800] "GET /xingrg/kc/print/load_data.html?order_code=212024031002946&kc_code=cgsh&condition= HTTP/1.1" 200 739
101.83.145.37 - - [10/Mar/2024:11:30:08 +0800] "GET /xingrg/kc/buy/cgsh_order_operate.html?command=get_materiel&rest_code=00105&code=00101004122&supplier_code=00100086&order_time=2024-03-10 HTTP/1.1" 200 415
114.83.222.94 - - [10/Mar/2024:11:30:08 +0800] "GET /xingrg/kc/buy/cgsh_order_operate.html?command=get_materiel&rest_code=00149&code=00101002006&supplier_code=00100091&order_time=2024-03-10 HTTP/1.1" 200 414
116.237.76.68 - - [10/Mar/2024:11:30:08 +0800] "POST /xingrg/kc/buy/cgsh_order_operate.html HTTP/1.1" 200 34592
116.224.254.208 - - [10/Mar/2024:11:30:10 +0800] "GET /xingrg/all/function/internal_message.html?_=1710041410077&CODE_STATE=getMsg HTTP/1.1" 200 27
116.224.254.208 - - [10/Mar/2024:11:30:10 +0800] "GET /xingrg/kc/base/wldb_order_operate.html?command=get_materiel&rest_code=00150&base_code=0010445&code=00101019175 HTTP/1.1" 200 439
116.230.123.13 - - [10/Mar/2024:11:30:10 +0800] "GET /xingrg/all/function/internal_message.html?_=1710041410558&CODE_STATE=getMsg HTTP/1.1" 200 27
116.232.194.112 - - [10/Mar/2024:11:30:12 +0800] "GET /xingrg/all/function/internal_message.html?_=1710041392489&CODE_STATE=getMsg HTTP/1.1" 200 27
124.78.60.103 - - [10/Mar/2024:11:30:12 +0800] "GET /xingrg/kc/buy/cgsh_order_operate.html?command=get_materiel&rest_code=00141&code=00101003006&supplier_code=00100092&order_time=2024-03-10 HTTP/1.1" 200 414
116.237.76.68 - - [10/Mar/2024:11:30:14 +0800] "GET /xingrg/kc/buy/cgsh_order_add.html HTTP/1.1" 200 73649
116.237.76.68 - - [10/Mar/2024:11:30:15 +0800] "POST /xingrg/kc/buy/cgsh_order_operate.html HTTP/1.1" 200 8245
116.237.76.68 - - [10/Mar/2024:11:30:15 +0800] "GET /xingrg/javascript/easyui/themes/default/validatebox.css HTTP/1.1" 404 1104
116.237.76.68 - - [10/Mar/2024:11:30:16 +0800] "GET /xingrg/javascript/easyui/themes/default/tree.css HTTP/1.1" 404 1090
116.237.76.68 - - [10/Mar/2024:11:30:17 +0800] "POST /xingrg/all/common/load_tree.html?tree=supplier_tree_json&isDelete=1 HTTP/1.1" 200 78788
116.224.254.208 - - [10/Mar/2024:11:30:17 +0800] "GET /xingrg/kc/base/wldb_order_operate.html?command=get_materiel&rest_code=00150&base_code=0010445&code=00101019450 HTTP/1.1" 200 482
120.253.135.82 - - [10/Mar/2024:11:30:17 +0800] "GET /xingrg/kc/buy/cgsh_order_operate.html?command=get_materiel&rest_code=00101&code=00101020335&supplier_code=00100106&order_time=2024-03-10 HTTP/1.1" 200 436
120.253.135.82 - - [10/Mar/2024:11:30:17 +0800] "POST /xingrg/kc/buy/cgsh_order_operate.html HTTP/1.1" 200 37
58.40.7.146 - - [10/Mar/2024:11:30:18 +0800] "GET /xingrg/all/function/internal_message.html?_=1710041418044&CODE_STATE=getMsg HTTP/1.1" 200 27
222.69.135.252 - - [10/Mar/2024:11:30:20 +0800] "GET /xingrg/check_reg.html?_=1710041421941 HTTP/1.1" 302 -
116.238.97.31 - - [10/Mar/2024:11:30:21 +0800] "GET /xingrg/all/function/internal_message.html?_=1710041421684&CODE_STATE=getMsg HTTP/1.1" 200 27
116.238.97.31 - - [10/Mar/2024:11:30:21 +0800] "GET /xingrg/check_reg.html?_=1710041421687 HTTP/1.1" 200 22
116.224.254.208 - - [10/Mar/2024:11:30:23 +0800] "GET /xingrg/kc/base/wldb_order_operate.html?command=get_materiel&rest_code=00150&base_code=0010445&code=00101019391 HTTP/1.1" 200 485
114.83.222.94 - - [10/Mar/2024:11:30:27 +0800] "POST /xingrg/kc/buy/cgsh_order_operate.html HTTP/1.1" 200 37
180.164.1.25 - - [10/Mar/2024:11:30:30 +0800] "GET /xingrg/all/function/internal_message.html?_=1710041430023&CODE_STATE=getMsg HTTP/1.1" 200 27
124.78.60.103 - - [10/Mar/2024:11:30:31 +0800] "POST /xingrg/kc/buy/cgsh_order_operate.html HTTP/1.1" 200 88
116.224.254.208 - - [10/Mar/2024:11:30:31 +0800] "GET /xingrg/kc/base/wldb_order_operate.html?command=get_materiel&rest_code=00150&base_code=0010445&code=00101019253 HTTP/1.1" 200 482
101.83.145.37 - - [10/Mar/2024:11:30:34 +0800] "GET /xingrg/kc/buy/cgsh_order_operate.html?command=get_materiel&rest_code=00105&code=00101004094&supplier_code=00100086&order_time=2024-03-10 HTTP/1.1" 200 411
124.78.60.103 - - [10/Mar/2024:11:30:39 +0800] "POST /xingrg/kc/buy/cgsh_order_operate.html HTTP/1.1" 200 37
114.83.222.94 - - [10/Mar/2024:11:30:39 +0800] "POST /xingrg/kc/buy/cgsh_order_operate.html HTTP/1.1" 200 12
116.224.254.208 - - [10/Mar/2024:11:30:39 +0800] "GET /xingrg/kc/base/wldb_order_operate.html?command=get_materiel&rest_code=00150&base_code=0010445&code=00101019438 HTTP/1.1" 200 460
180.169.147.146 - - [10/Mar/2024:11:30:40 +0800] "GET /xingrg/all/function/internal_message.html?_=1710041440254&CODE_STATE=getMsg HTTP/1.1" 200 27
120.253.135.82 - - [10/Mar/2024:11:30:41 +0800] "GET /xingrg/kc/buy/cgsh_order_operate.html?command=get_materiel&rest_code=00101&code=00101013092&supplier_code=00100106&order_time=2024-03-10 HTTP/1.1" 200 413
120.253.135.82 - - [10/Mar/2024:11:30:41 +0800] "GET /xingrg/all/function/internal_message.html?_=1710041613199&CODE_STATE=getMsg HTTP/1.1" 200 27
114.83.222.94 - - [10/Mar/2024:11:30:42 +0800] "GET /xingrg/kc/buy/cgsh_order_info.html?code=212024031002947 HTTP/1.1" 200 68656
124.77.241.9 - - [10/Mar/2024:11:30:42 +0800] "GET /xingrg/check_reg.html?_=1710041468445 HTTP/1.1" 200 22
114.83.222.94 - - [10/Mar/2024:11:30:42 +0800] "GET /xingrg/javascript/easyui/themes/default/validatebox.css HTTP/1.1" 404 1104
114.83.222.94 - - [10/Mar/2024:11:30:43 +0800] "POST /xingrg/kc/buy/cgsh_order_operate.html HTTP/1.1" 200 612
116.224.254.208 - - [10/Mar/2024:11:30:44 +0800] "GET /xingrg/kc/base/wldb_order_operate.html?command=get_materiel&rest_code=00150&base_code=0010445&code=00101019187 HTTP/1.1" 200 479
114.83.222.94 - - [10/Mar/2024:11:30:45 +0800] "GET /xingrg/kc/print/load_data.html?order_code=212024031002947&kc_code=cgsh&condition= HTTP/1.1" 200 786
116.232.194.112 - - [10/Mar/2024:11:30:45 +0800] "GET /xingrg/kc/buy/cgsh_order_operate.html?command=get_materiel&rest_code=00155&code=00101002027&supplier_code=00100199&order_time=2024-03-10 HTTP/1.1" 200 413
114.83.222.94 - - [10/Mar/2024:11:30:49 +0800] "GET /xingrg/all/function/internal_message.html?_=1710041447892&CODE_STATE=getMsg HTTP/1.1" 200 27
116.224.254.208 - - [10/Mar/2024:11:30:49 +0800] "GET /xingrg/kc/base/wldb_order_operate.html?command=get_materiel&rest_code=00150&base_code=0010445&code=00101019400 HTTP/1.1" 200 465
114.83.222.94 - - [10/Mar/2024:11:30:50 +0800] "GET /xingrg/kc/buy/cgsh_order_add.html HTTP/1.1" 200 73743
114.83.222.94 - - [10/Mar/2024:11:30:50 +0800] "POST /xingrg/kc/buy/cgsh_order_operate.html HTTP/1.1" 200 8245
114.83.222.94 - - [10/Mar/2024:11:30:50 +0800] "GET /xingrg/javascript/easyui/themes/default/validatebox.css HTTP/1.1" 404 1104
116.237.76.68 - - [10/Mar/2024:11:30:53 +0800] "GET /xingrg/all/function/internal_message.html?_=1710041454665&CODE_STATE=getMsg HTTP/1.1" 200 27
101.83.145.37 - - [10/Mar/2024:11:30:54 +0800] "POST /xingrg/kc/buy/cgsh_order_operate.html HTTP/1.1" 200 37
116.224.254.208 - - [10/Mar/2024:11:30:55 +0800] "GET /xingrg/kc/base/wldb_order_operate.html?command=get_materiel&rest_code=00150&base_code=0010445&code=00101019183 HTTP/1.1" 200 449
101.83.145.37 - - [10/Mar/2024:11:30:56 +0800] "POST /xingrg/kc/buy/cgsh_order_operate.html HTTP/1.1" 200 3848
120.253.135.82 - - [10/Mar/2024:11:30:58 +0800] "GET /xingrg/kc/buy/cgsh_order_operate.html?command=get_materiel&rest_code=00101&code=00101019378&supplier_code=00100106&order_time=2024-03-10 HTTP/1.1" 200 422
114.83.222.94 - - [10/Mar/2024:11:30:58 +0800] "GET /xingrg/kc/buy/cgsh_order_operate.html?command=get_materiel&rest_code=00149&code=00101002038&supplier_code=00100087&order_time=2024-03-10 HTTP/1.1" 200 417
101.83.145.37 - - [10/Mar/2024:11:30:59 +0800] "GET /xingrg/kc/print/load_data.html?order_code=212024031002950&kc_code=cgsh&condition= HTTP/1.1" 200 1195
116.232.194.112 - - [10/Mar/2024:11:31:00 +0800] "GET /xingrg/kc/buy/cgsh_order_operate.html?command=get_materiel&rest_code=00155&code=00101010161&supplier_code=00100199&order_time=2024-03-10 HTTP/1.1" 200 409
124.77.241.9 - - [10/Mar/2024:11:31:02 +0800] "GET /xingrg/all/function/internal_message.html?_=1710041488351&CODE_STATE=getMsg HTTP/1.1" 200 27
116.224.254.208 - - [10/Mar/2024:11:31:02 +0800] "GET /xingrg/kc/base/wldb_order_operate.html?command=get_materiel&rest_code=00150&base_code=0010445&code=00101019185 HTTP/1.1" 200 469
101.83.145.37 - - [10/Mar/2024:11:31:04 +0800] "GET /xingrg/all/function/internal_message.html?_=1710041227055&CODE_STATE=getMsg HTTP/1.1" 200 27
116.224.254.208 - - [10/Mar/2024:11:31:08 +0800] "GET /xingrg/kc/base/wldb_order_operate.html?command=get_materiel&rest_code=00150&base_code=0010445&code=00101019529 HTTP/1.1" 200 476
116.224.254.208 - - [10/Mar/2024:11:31:10 +0800] "GET /xingrg/all/function/internal_message.html?_=1710041470069&CODE_STATE=getMsg HTTP/1.1" 200 27
116.224.254.208 - - [10/Mar/2024:11:31:10 +0800] "GET /xingrg/check_reg.html?_=1710041470257 HTTP/1.1" 200 22
116.230.123.13 - - [10/Mar/2024:11:31:10 +0800] "GET /xingrg/all/function/internal_message.html?_=1710041470542&CODE_STATE=getMsg HTTP/1.1" 200 27
116.232.194.112 - - [10/Mar/2024:11:31:12 +0800] "GET /xingrg/all/function/internal_message.html?_=1710041452473&CODE_STATE=getMsg HTTP/1.1" 200 27
120.253.135.82 - - [10/Mar/2024:11:31:14 +0800] "POST /xingrg/kc/buy/cgsh_order_operate.html HTTP/1.1" 200 37
116.237.76.68 - - [10/Mar/2024:11:31:16 +0800] "GET /xingrg/kc/buy/cgsh_order_operate.html?command=get_materiel&rest_code=00106&code=00101011001&supplier_code=00100096&order_time=2024-03-10 HTTP/1.1" 200 422
116.232.194.112 - - [10/Mar/2024:11:31:17 +0800] "GET /xingrg/kc/buy/cgsh_order_operate.html?command=get_materiel&rest_code=00155&code=00101001191&supplier_code=00100199&order_time=2024-03-10 HTTP/1.1" 200 415
58.40.7.146 - - [10/Mar/2024:11:31:18 +0800] "GET /xingrg/all/function/internal_message.html?_=1710041478031&CODE_STATE=getMsg HTTP/1.1" 200 27
120.253.135.82 - - [10/Mar/2024:11:31:18 +0800] "POST /xingrg/kc/buy/cgsh_order_operate.html HTTP/1.1" 200 3888
114.83.222.94 - - [10/Mar/2024:11:31:18 +0800] "POST /xingrg/kc/buy/cgsh_order_operate.html HTTP/1.1" 200 88
120.253.135.82 - - [10/Mar/2024:11:31:21 +0800] "GET /xingrg/kc/buy/cgsh_order_add.html HTTP/1.1" 200 72713
120.253.135.82 - - [10/Mar/2024:11:31:21 +0800] "POST /xingrg/kc/buy/cgsh_order_operate.html HTTP/1.1" 200 8245
120.253.135.82 - - [10/Mar/2024:11:31:21 +0800] "GET /xingrg/javascript/easyui/themes/default/validatebox.css HTTP/1.1" 404 1104
120.253.135.82 - - [10/Mar/2024:11:31:21 +0800] "GET /xingrg/all/common/auto_word.html?type=employee&rest_code=00101 HTTP/1.1" 200 1019
116.238.97.31 - - [10/Mar/2024:11:31:21 +0800] "GET /xingrg/all/function/internal_message.html?_=1710041481677&CODE_STATE=getMsg HTTP/1.1" 200 27
120.253.135.82 - - [10/Mar/2024:11:31:21 +0800] "GET /xingrg/all/common/auto_word.html?type=employee&rest_code=00101 HTTP/1.1" 200 1019
120.253.135.82 - - [10/Mar/2024:11:31:22 +0800] "POST /xingrg/all/common/load_combo.html?type=employee HTTP/1.1" 200 1834
124.78.60.103 - - [10/Mar/2024:11:31:23 +0800] "POST /xingrg/kc/buy/cgsh_order_operate.html HTTP/1.1" 200 12
101.83.145.37 - - [10/Mar/2024:11:31:26 +0800] "GET /xingrg/kc/buy/cgsh_order_add.html HTTP/1.1" 200 73737
120.253.135.82 - - [10/Mar/2024:11:31:27 +0800] "POST /xingrg/kc/buy/cgsh_order_operate.html HTTP/1.1" 200 12
101.83.145.37 - - [10/Mar/2024:11:31:27 +0800] "POST /xingrg/kc/buy/cgsh_order_operate.html HTTP/1.1" 200 8245
101.83.145.37 - - [10/Mar/2024:11:31:27 +0800] "GET /xingrg/javascript/easyui/themes/default/validatebox.css HTTP/1.1" 404 1104
124.78.60.103 - - [10/Mar/2024:11:31:27 +0800] "GET /xingrg/kc/buy/cgsh_order_info.html?code=212024031002949 HTTP/1.1" 200 68566
124.78.60.103 - - [10/Mar/2024:11:31:28 +0800] "GET /xingrg/javascript/easyui/themes/default/validatebox.css HTTP/1.1" 404 1104
114.83.222.94 - - [10/Mar/2024:11:31:30 +0800] "POST /xingrg/kc/buy/cgsh_order_operate.html HTTP/1.1" 200 37
124.78.60.103 - - [10/Mar/2024:11:31:30 +0800] "POST /xingrg/kc/buy/cgsh_order_operate.html HTTP/1.1" 200 610
120.253.135.82 - - [10/Mar/2024:11:31:30 +0800] "GET /xingrg/all/function/internal_message.html?_=1710041326929&CODE_STATE=getMsg HTTP/1.1" 200 27
180.164.1.25 - - [10/Mar/2024:11:31:30 +0800] "GET /xingrg/all/function/internal_message.html?_=1710041490016&CODE_STATE=getMsg HTTP/1.1" 200 27
120.253.135.82 - - [10/Mar/2024:11:31:30 +0800] "GET /xingrg/kc/buy/cgsh_order_info.html?code=212024031002946 HTTP/1.1" 200 67634
120.253.135.82 - - [10/Mar/2024:11:31:31 +0800] "GET /xingrg/javascript/easyui/themes/default/validatebox.css HTTP/1.1" 404 1104
124.78.60.103 - - [10/Mar/2024:11:31:32 +0800] "GET /xingrg/kc/print/load_data.html?order_code=212024031002949&kc_code=cgsh&condition= HTTP/1.1" 200 768
120.253.135.82 - - [10/Mar/2024:11:31:32 +0800] "POST /xingrg/kc/buy/cgsh_order_operate.html HTTP/1.1" 200 618
124.78.60.103 - - [10/Mar/2024:11:31:35 +0800] "POST /xingrg/kc/buy/cgsh_order_operate.html HTTP/1.1" 200 8245
124.78.60.103 - - [10/Mar/2024:11:31:36 +0800] "GET /xingrg/javascript/easyui/themes/default/validatebox.css HTTP/1.1" 404 1104
116.232.194.112 - - [10/Mar/2024:11:31:37 +0800] "POST /xingrg/kc/buy/cgsh_order_operate.html HTTP/1.1" 200 37
116.237.76.68 - - [10/Mar/2024:11:31:38 +0800] "GET /xingrg/kc/buy/cgsh_order_operate.html?command=get_materiel&rest_code=00106&code=00101011013&supplier_code=00100096&order_time=2024-03-10 HTTP/1.1" 200 412
120.253.135.82 - - [10/Mar/2024:11:31:39 +0800] "GET /xingrg/kc/buy/cgsh_order_operate.html?command=get_materiel&rest_code=00101&code=00101013172&supplier_code=00100115&order_time=2024-03-10 HTTP/1.1" 200 409
124.78.60.103 - - [10/Mar/2024:11:31:40 +0800] "GET /xingrg/all/function/internal_message.html?_=1710041500103&CODE_STATE=getMsg HTTP/1.1" 200 27
116.232.194.112 - - [10/Mar/2024:11:31:40 +0800] "POST /xingrg/kc/buy/cgsh_order_operate.html HTTP/1.1" 200 3839
180.169.147.146 - - [10/Mar/2024:11:31:40 +0800] "GET /xingrg/all/function/internal_message.html?_=1710041500253&CODE_STATE=getMsg HTTP/1.1" 200 27
120.253.135.82 - - [10/Mar/2024:11:31:41 +0800] "GET /xingrg/all/function/internal_message.html?_=1710041673202&CODE_STATE=getMsg HTTP/1.1" 200 27
116.232.194.112 - - [10/Mar/2024:11:31:41 +0800] "GET /xingrg/kc/print/load_data.html?order_code=212024031002954&kc_code=cgsh&condition= HTTP/1.1" 200 1122
114.83.222.94 - - [10/Mar/2024:11:31:42 +0800] "POST /xingrg/kc/buy/cgsh_order_operate.html HTTP/1.1" 200 12
124.78.60.103 - - [10/Mar/2024:11:31:44 +0800] "GET /xingrg/kc/buy/cgsh_order_operate.html?command=get_materiel&rest_code=00141&code=00101010876&supplier_code=00100336&order_time=2024-03-10 HTTP/1.1" 200 416
114.83.222.94 - - [10/Mar/2024:11:31:44 +0800] "GET /xingrg/kc/buy/cgsh_order_info.html?code=212024031002953 HTTP/1.1" 200 68652
114.83.222.94 - - [10/Mar/2024:11:31:44 +0800] "GET /xingrg/javascript/easyui/themes/default/validatebox.css HTTP/1.1" 404 1104
120.253.135.82 - - [10/Mar/2024:11:31:45 +0800] "POST /xingrg/kc/buy/cgsh_list_operate.html HTTP/1.1" 200 1383
101.83.145.37 - - [10/Mar/2024:11:31:45 +0800] "GET /xingrg/kc/buy/cgsh_order_operate.html?command=get_materiel&rest_code=00105&code=00101010161&supplier_code=00100334&order_time=2024-03-10 HTTP/1.1" 200 408
114.83.222.94 - - [10/Mar/2024:11:31:46 +0800] "POST /xingrg/kc/buy/cgsh_order_operate.html HTTP/1.1" 200 613
116.232.194.112 - - [10/Mar/2024:11:31:47 +0800] "GET /xingrg/kc/buy/cgsh_order_add.html HTTP/1.1" 200 73743
116.232.194.112 - - [10/Mar/2024:11:31:47 +0800] "POST /xingrg/kc/buy/cgsh_order_operate.html HTTP/1.1" 200 8245
116.232.194.112 - - [10/Mar/2024:11:31:47 +0800] "GET /xingrg/javascript/easyui/themes/default/validatebox.css HTTP/1.1" 404 1104
114.83.222.94 - - [10/Mar/2024:11:31:48 +0800] "GET /xingrg/kc/print/load_data.html?order_code=212024031002953&kc_code=cgsh&condition= HTTP/1.1" 200 759
114.83.222.94 - - [10/Mar/2024:11:31:49 +0800] "GET /xingrg/all/function/internal_message.html?_=1710041507888&CODE_STATE=getMsg HTTP/1.1" 200 27
120.253.135.82 - - [10/Mar/2024:11:31:49 +0800] "GET /xingrg/check_reg.html?_=1710041346523 HTTP/1.1" 200 22
124.78.60.103 - - [10/Mar/2024:11:31:50 +0800] "GET /xingrg/kc/buy/cgsh_order_operate.html?command=get_materiel&rest_code=00141&code=00101010885&supplier_code=00100336&order_time=2024-03-10 HTTP/1.1" 200 423
114.83.222.94 - - [10/Mar/2024:11:31:52 +0800] "GET /xingrg/kc/buy/cgsh_order_add.html HTTP/1.1" 200 73743
114.83.222.94 - - [10/Mar/2024:11:31:52 +0800] "POST /xingrg/kc/buy/cgsh_order_operate.html HTTP/1.1" 200 8245
114.83.222.94 - - [10/Mar/2024:11:31:52 +0800] "GET /xingrg/javascript/easyui/themes/default/validatebox.css HTTP/1.1" 404 1104
116.237.76.68 - - [10/Mar/2024:11:31:53 +0800] "GET /xingrg/all/function/internal_message.html?_=1710041514655&CODE_STATE=getMsg HTTP/1.1" 200 27
116.238.97.31 - - [10/Mar/2024:11:31:55 +0800] "GET /xingrg/kc/base/wldb_order_list.html HTTP/1.1" 200 19051
116.238.97.31 - - [10/Mar/2024:11:31:56 +0800] "POST /xingrg/kc/base/wldb_list_operate.html HTTP/1.1" 200 928
116.238.97.31 - - [10/Mar/2024:11:31:56 +0800] "GET /xingrg/kc/base/wldb_order_add.html HTTP/1.1" 200 30378
116.238.97.31 - - [10/Mar/2024:11:31:56 +0800] "GET /xingrg/words/20240310095931_words.js HTTP/1.1" 304 -
116.238.97.31 - - [10/Mar/2024:11:31:57 +0800] "POST /xingrg/kc/base/wldb_order_operate.html HTTP/1.1" 200 6806
116.238.97.31 - - [10/Mar/2024:11:31:57 +0800] "GET /xingrg/javascript/easyui/themes/default/validatebox.css HTTP/1.1" 404 1104
120.253.135.82 - - [10/Mar/2024:11:31:57 +0800] "POST /xingrg/kc/buy/cgsh_list_operate.html HTTP/1.1" 200 367
120.253.135.82 - - [10/Mar/2024:11:31:59 +0800] "GET /xingrg/kc/buy/cgsh_order_info.html?code=212024031002951 HTTP/1.1" 200 72724
120.253.135.82 - - [10/Mar/2024:11:31:59 +0800] "GET /xingrg/kc/buy/cgsh_order_operate.html?command=get_materiel&rest_code=00101&code=00101010057&supplier_code=00100115&order_time=2024-03-10 HTTP/1.1" 200 419
120.253.135.82 - - [10/Mar/2024:11:31:59 +0800] "GET /xingrg/javascript/easyui/themes/default/validatebox.css HTTP/1.1" 404 1104
120.253.135.82 - - [10/Mar/2024:11:32:00 +0800] "POST /xingrg/kc/buy/cgsh_order_operate.html HTTP/1.1" 200 3888
124.77.241.9 - - [10/Mar/2024:11:32:02 +0800] "GET /xingrg/all/function/internal_message.html?_=1710041548364&CODE_STATE=getMsg HTTP/1.1" 200 27
116.238.97.31 - - [10/Mar/2024:11:32:03 +0800] "POST /xingrg/all/common/load_combo.html?type=base HTTP/1.1" 200 3321
101.83.145.37 - - [10/Mar/2024:11:32:04 +0800] "GET /xingrg/all/function/internal_message.html?_=1710041287052&CODE_STATE=getMsg HTTP/1.1" 200 27
116.237.76.68 - - [10/Mar/2024:11:32:04 +0800] "GET /xingrg/kc/buy/cgsh_order_operate.html?command=get_materiel&rest_code=00106&code=00101011010&supplier_code=00100096&order_time=2024-03-10 HTTP/1.1" 200 418
116.238.97.31 - - [10/Mar/2024:11:32:08 +0800] "POST /xingrg/all/common/load_combo.html?type=base HTTP/1.1" 200 3321
114.83.222.94 - - [10/Mar/2024:11:32:09 +0800] "GET /xingrg/kc/buy/cgsh_order_operate.html?command=get_materiel&rest_code=00149&code=00101001322&supplier_code=00100653&order_time=2024-03-10 HTTP/1.1" 200 426
116.224.254.208 - - [10/Mar/2024:11:32:10 +0800] "GET /xingrg/all/function/internal_message.html?_=1710041530060&CODE_STATE=getMsg HTTP/1.1" 200 27
116.230.123.13 - - [10/Mar/2024:11:32:10 +0800] "GET /xingrg/all/function/internal_message.html?_=1710041530533&CODE_STATE=getMsg HTTP/1.1" 200 27
116.232.194.112 - - [10/Mar/2024:11:32:12 +0800] "GET /xingrg/all/function/internal_message.html?_=1710041512450&CODE_STATE=getMsg HTTP/1.1" 200 27
116.238.97.31 - - [10/Mar/2024:11:32:13 +0800] "GET /xingrg/javascript/auto/indicator.gif HTTP/1.1" 404 1066
120.253.135.82 - - [10/Mar/2024:11:32:15 +0800] "POST /xingrg/kc/buy/cgsh_order_operate.html HTTP/1.1" 200 37
58.40.7.146 - - [10/Mar/2024:11:32:18 +0800] "GET /xingrg/all/function/internal_message.html?_=1710041538034&CODE_STATE=getMsg HTTP/1.1" 200 27
58.40.7.146 - - [10/Mar/2024:11:32:18 +0800] "GET /xingrg/check_reg.html?_=1710041538035 HTTP/1.1" 200 22
116.238.97.31 - - [10/Mar/2024:11:32:20 +0800] "GET /xingrg/kc/base/wldb_order_operate.html?command=get_materiel&rest_code=00102&base_code=0010480&code=00101025034 HTTP/1.1" 200 465
116.238.97.31 - - [10/Mar/2024:11:32:21 +0800] "GET /xingrg/all/function/internal_message.html?_=1710041541696&CODE_STATE=getMsg HTTP/1.1" 200 27
124.78.60.103 - - [10/Mar/2024:11:32:22 +0800] "POST /xingrg/kc/buy/cgsh_order_operate.html HTTP/1.1" 200 37
120.253.135.82 - - [10/Mar/2024:11:32:22 +0800] "POST /xingrg/kc/buy/cgsh_order_operate.html HTTP/1.1" 200 3265
116.232.194.112 - - [10/Mar/2024:11:32:24 +0800] "GET /xingrg/kc/buy/cgsh_order_operate.html?command=get_materiel&rest_code=00155&code=00101007072&supplier_code=00100002&order_time=2024-03-10 HTTP/1.1" 200 419
114.83.222.94 - - [10/Mar/2024:11:32:26 +0800] "POST /xingrg/kc/buy/cgsh_order_operate.html HTTP/1.1" 200 88
116.237.76.68 - - [10/Mar/2024:11:32:26 +0800] "GET /xingrg/kc/buy/cgsh_order_operate.html?command=get_materiel&rest_code=00106&code=00101011005&supplier_code=00100096&order_time=2024-03-10 HTTP/1.1" 200 410
120.253.135.82 - - [10/Mar/2024:11:32:27 +0800] "GET /xingrg/kc/print/load_data.html?order_code=212024031002951&kc_code=cgsh&condition= HTTP/1.1" 200 1224
120.253.135.82 - - [10/Mar/2024:11:32:28 +0800] "GET /xingrg/kc/buy/cgsh_order_add.html HTTP/1.1" 200 72713
120.253.135.82 - - [10/Mar/2024:11:32:29 +0800] "POST /xingrg/kc/buy/cgsh_order_operate.html HTTP/1.1" 200 8245
120.253.135.82 - - [10/Mar/2024:11:32:29 +0800] "GET /xingrg/javascript/easyui/themes/default/validatebox.css HTTP/1.1" 404 1104
120.253.135.82 - - [10/Mar/2024:11:32:29 +0800] "GET /xingrg/all/common/auto_word.html?type=employee&rest_code=00101 HTTP/1.1" 200 1019
120.253.135.82 - - [10/Mar/2024:11:32:29 +0800] "GET /xingrg/all/common/auto_word.html?type=employee&rest_code=00101 HTTP/1.1" 200 1019
120.253.135.82 - - [10/Mar/2024:11:32:30 +0800] "GET /xingrg/all/function/internal_message.html?_=1710041386943&CODE_STATE=getMsg HTTP/1.1" 200 27
180.164.1.25 - - [10/Mar/2024:11:32:30 +0800] "GET /xingrg/check_reg.html?_=1710041550021 HTTP/1.1" 200 22
180.164.1.25 - - [10/Mar/2024:11:32:30 +0800] "GET /xingrg/all/function/internal_message.html?_=1710041550022&CODE_STATE=getMsg HTTP/1.1" 200 27
120.253.135.82 - - [10/Mar/2024:11:32:33 +0800] "POST /xingrg/all/common/load_combo.html?type=employee HTTP/1.1" 200 1834
124.78.60.103 - - [10/Mar/2024:11:32:34 +0800] "POST /xingrg/kc/buy/cgsh_order_operate.html HTTP/1.1" 200 12
116.224.254.208 - - [10/Mar/2024:11:32:36 +0800] "POST /xingrg/kc/base/wldb_order_operate.html HTTP/1.1" 200 37
116.224.254.208 - - [10/Mar/2024:11:32:37 +0800] "POST /xingrg/kc/base/wldb_order_operate.html HTTP/1.1" 200 9318
124.78.60.103 - - [10/Mar/2024:11:32:40 +0800] "GET /xingrg/all/function/internal_message.html?_=1710041560074&CODE_STATE=getMsg HTTP/1.1" 200 27
116.238.97.31 - - [10/Mar/2024:11:32:40 +0800] "POST /xingrg/kc/base/wldb_order_operate.html HTTP/1.1" 200 64
180.169.147.146 - - [10/Mar/2024:11:32:40 +0800] "GET /xingrg/all/function/internal_message.html?_=1710041560254&CODE_STATE=getMsg HTTP/1.1" 200 27
124.78.60.103 - - [10/Mar/2024:11:32:40 +0800] "GET /xingrg/kc/buy/cgsh_order_info.html?code=212024031002956 HTTP/1.1" 200 68564
124.78.60.103 - - [10/Mar/2024:11:32:41 +0800] "GET /xingrg/javascript/easyui/themes/default/validatebox.css HTTP/1.1" 404 1104
120.253.135.82 - - [10/Mar/2024:11:32:41 +0800] "GET /xingrg/all/function/internal_message.html?_=1710041733215&CODE_STATE=getMsg HTTP/1.1" 200 27
116.232.194.112 - - [10/Mar/2024:11:32:46 +0800] "GET /xingrg/kc/buy/cgsh_order_operate.html?command=get_materiel&rest_code=00155&code=00101007022&supplier_code=00100002&order_time=2024-03-10 HTTP/1.1" 200 23
172.20.0.100 - - [10/Mar/2024:11:32:46 +0800] "GET /xingrg/check_reg.html?_=1710041585722 HTTP/1.1" 302 -
116.238.97.31 - - [10/Mar/2024:11:32:48 +0800] "POST /xingrg/kc/base/wldb_order_operate.html HTTP/1.1" 200 37
114.83.222.94 - - [10/Mar/2024:11:32:49 +0800] "GET /xingrg/all/function/internal_message.html?_=1710041567864&CODE_STATE=getMsg HTTP/1.1" 200 27
114.83.222.94 - - [10/Mar/2024:11:32:49 +0800] "POST /xingrg/kc/buy/cgsh_order_operate.html HTTP/1.1" 200 37
124.78.60.103 - - [10/Mar/2024:11:32:49 +0800] "POST /xingrg/kc/buy/cgsh_order_operate.html HTTP/1.1" 200 1219
116.238.97.31 - - [10/Mar/2024:11:32:50 +0800] "POST /xingrg/kc/base/wldb_order_operate.html HTTP/1.1" 200 2210
116.237.76.68 - - [10/Mar/2024:11:32:51 +0800] "GET /xingrg/kc/buy/cgsh_order_operate.html?command=get_materiel&rest_code=00106&code=00101016080&supplier_code=00100096&order_time=2024-03-10 HTTP/1.1" 200 408
116.237.76.68 - - [10/Mar/2024:11:32:53 +0800] "GET /xingrg/all/function/internal_message.html?_=1710041574652&CODE_STATE=getMsg HTTP/1.1" 200 27
124.78.60.103 - - [10/Mar/2024:11:32:54 +0800] "GET /xingrg/kc/print/load_data.html?order_code=212024031002956&kc_code=cgsh&condition= HTTP/1.1" 200 2278
101.83.145.37 - - [10/Mar/2024:11:32:55 +0800] "POST /xingrg/kc/buy/cgsh_order_operate.html HTTP/1.1" 200 88
124.78.60.103 - - [10/Mar/2024:11:32:55 +0800] "GET /xingrg/kc/print/load_data.html?order_code=212024031002956&kc_code=cgsh&condition= HTTP/1.1" 200 953
116.238.97.31 - - [10/Mar/2024:11:32:56 +0800] "GET /xingrg/kc/base/wldb_order_info.html?code=422024031000693 HTTP/1.1" 200 30391
116.238.97.31 - - [10/Mar/2024:11:32:56 +0800] "GET /xingrg/javascript/easyui/themes/default/validatebox.css HTTP/1.1" 404 1104
116.224.254.208 - - [10/Mar/2024:11:33:00 +0800] "POST /xingrg/kc/base/wldb_order_operate.html HTTP/1.1" 200 12
116.238.97.31 - - [10/Mar/2024:11:33:00 +0800] "POST /xingrg/kc/base/wldb_order_operate.html HTTP/1.1" 200 2210
124.78.60.103 - - [10/Mar/2024:11:33:00 +0800] "POST /xingrg/kc/buy/cgsh_order_operate.html HTTP/1.1" 200 8245
124.78.60.103 - - [10/Mar/2024:11:33:00 +0800] "GET /xingrg/javascript/easyui/themes/default/validatebox.css HTTP/1.1" 404 1104
124.77.241.9 - - [10/Mar/2024:11:33:02 +0800] "GET /xingrg/all/function/internal_message.html?_=1710041608613&CODE_STATE=getMsg HTTP/1.1" 200 27
116.232.194.112 - - [10/Mar/2024:11:33:03 +0800] "GET /xingrg/index.html?sysBaseUrl=http%3A%2F%2F180.169.147.146%3A18081%2Fxingrg%2F&costTime=1277×tamp=1606817596806 HTTP/1.1" 302 -
116.232.194.112 - - [10/Mar/2024:11:33:03 +0800] "GET /xingrg/login.html HTTP/1.1" 200 7641
116.224.254.208 - - [10/Mar/2024:11:33:03 +0800] "GET /xingrg/kc/base/wldb_order_info.html?code=422024031000691 HTTP/1.1" 200 26269
116.224.254.208 - - [10/Mar/2024:11:33:03 +0800] "GET /xingrg/words/20240310095931_words.js HTTP/1.1" 304 -
116.232.194.112 - - [10/Mar/2024:11:33:03 +0800] "GET /favicon.ico HTTP/1.1" 404 -
116.224.254.208 - - [10/Mar/2024:11:33:03 +0800] "GET /xingrg/javascript/easyui/themes/default/validatebox.css HTTP/1.1" 404 1104
116.224.254.208 - - [10/Mar/2024:11:33:03 +0800] "POST /xingrg/kc/base/wldb_order_operate.html HTTP/1.1" 200 7435
101.83.145.37 - - [10/Mar/2024:11:33:04 +0800] "GET /xingrg/all/function/internal_message.html?_=1710041347051&CODE_STATE=getMsg HTTP/1.1" 200 27
101.83.145.37 - - [10/Mar/2024:11:33:05 +0800] "POST /xingrg/kc/buy/cgsh_order_operate.html HTTP/1.1" 200 37
120.253.135.82 - - [10/Mar/2024:11:33:06 +0800] "GET /xingrg/kc/buy/cgsh_order_operate.html?command=get_materiel&rest_code=00101&code=00101012020&supplier_code=00100101&order_time=2024-03-10 HTTP/1.1" 200 408
114.83.222.94 - - [10/Mar/2024:11:33:06 +0800] "POST /xingrg/kc/buy/cgsh_order_operate.html HTTP/1.1" 200 12
101.83.145.37 - - [10/Mar/2024:11:33:07 +0800] "POST /xingrg/kc/buy/cgsh_order_operate.html HTTP/1.1" 200 3237
116.224.254.208 - - [10/Mar/2024:11:33:09 +0800] "GET /xingrg/all/function/internal_message.html?_=1710041590030&CODE_STATE=getMsg HTTP/1.1" 200 27
114.83.222.94 - - [10/Mar/2024:11:33:10 +0800] "GET /xingrg/kc/buy/cgsh_order_info.html?code=212024031002958 HTTP/1.1" 200 68644
116.230.123.13 - - [10/Mar/2024:11:33:10 +0800] "GET /xingrg/all/function/internal_message.html?_=1710041590529&CODE_STATE=getMsg HTTP/1.1" 200 27
114.83.222.94 - - [10/Mar/2024:11:33:10 +0800] "GET /xingrg/javascript/easyui/themes/default/validatebox.css HTTP/1.1" 404 1104
101.83.145.37 - - [10/Mar/2024:11:33:11 +0800] "GET /xingrg/kc/print/load_data.html?order_code=212024031002960&kc_code=cgsh&condition= HTTP/1.1" 200 882
114.83.222.94 - - [10/Mar/2024:11:33:11 +0800] "GET /xingrg/kc/print/load_data.html?order_code=212024031002958&kc_code=cgsh&condition= HTTP/1.1" 200 711
116.238.97.31 - - [10/Mar/2024:11:33:11 +0800] "POST /xingrg/kc/base/wldb_order_operate.html HTTP/1.1" 200 37
124.78.60.103 - - [10/Mar/2024:11:33:12 +0800] "GET /xingrg/kc/buy/cgsh_order_operate.html?command=get_materiel&rest_code=00141&code=00101007032&supplier_code=00100328&order_time=2024-03-10 HTTP/1.1" 200 413
116.232.194.112 - - [10/Mar/2024:11:33:12 +0800] "POST /xingrg/kc/buy/cgsh_list_operate.html HTTP/1.1" 200 1675
114.83.222.94 - - [10/Mar/2024:11:33:12 +0800] "POST /xingrg/kc/buy/cgsh_order_operate.html HTTP/1.1" 200 613
116.232.194.112 - - [10/Mar/2024:11:33:12 +0800] "POST /xingrg/login.do HTTP/1.1" 302 -
116.232.194.112 - - [10/Mar/2024:11:33:12 +0800] "GET /xingrg/index.html?sysBaseUrl=http%3A%2F%2F180.169.147.146%3A18081%2Fxingrg%2F&costTime=3512×tamp=1710041592738 HTTP/1.1" 200 17179
116.232.194.112 - - [10/Mar/2024:11:33:13 +0800] "GET /xingrg/all/function/internal_message.html?_=1710041572777&CODE_STATE=count HTTP/1.1" 200 11
116.232.194.112 - - [10/Mar/2024:11:33:13 +0800] "GET /xingrg/check_reg.html?_=1710041572778 HTTP/1.1" 200 22
116.232.194.112 - - [10/Mar/2024:11:33:13 +0800] "GET /favicon.ico HTTP/1.1" 404 -
116.232.194.112 - - [10/Mar/2024:11:33:13 +0800] "POST /xingrg/all/common/load_tree.html?tree=area_rest_tree_json&manage=1 HTTP/1.1" 200 351
116.232.194.112 - - [10/Mar/2024:11:33:13 +0800] "POST /xingrg/load_menu.html HTTP/1.1" 200 5138
114.83.222.94 - - [10/Mar/2024:11:33:13 +0800] "GET /xingrg/kc/print/load_data.html?order_code=212024031002958&kc_code=cgsh&condition= HTTP/1.1" 200 711
116.232.194.112 - - [10/Mar/2024:11:33:14 +0800] "GET /xingrg/kc/buy/buy_main.html HTTP/1.1" 200 12412
116.232.194.112 - - [10/Mar/2024:11:33:14 +0800] "GET /xingrg/css/new_ie.css HTTP/1.1" 404 1036
116.232.194.112 - - [10/Mar/2024:11:33:14 +0800] "GET /xingrg/images/yd/bt.gif HTTP/1.1" 404 1040
116.232.194.112 - - [10/Mar/2024:11:33:16 +0800] "GET /xingrg/kc/buy/cgsh_order_list.html HTTP/1.1" 200 8212
116.232.194.112 - - [10/Mar/2024:11:33:16 +0800] "GET /xingrg/kc/buy/cgsh_order_list.html HTTP/1.1" 200 57886
