101.83.145.37 - - [10/Mar/2024:10:44:15 +0800] "GET /xingrg/javascript/jquery_tools/jquery.tools.table.js HTTP/1.1" 304 -
101.83.145.37 - - [10/Mar/2024:10:44:15 +0800] "GET /xingrg/javascript/jquery_tools/jquery.tools.hotkey.js HTTP/1.1" 304 -
101.83.145.37 - - [10/Mar/2024:10:44:15 +0800] "GET /xingrg/javascript/jquery_tools/list_manager.js HTTP/1.1" 304 -
101.83.145.37 - - [10/Mar/2024:10:44:15 +0800] "GET /xingrg/javascript/auto/jquery.autocomplete.js HTTP/1.1" 304 -
101.83.145.37 - - [10/Mar/2024:10:44:15 +0800] "GET /xingrg/javascript/easyui/easyloader.js HTTP/1.1" 304 -
101.83.145.37 - - [10/Mar/2024:10:44:15 +0800] "GET /xingrg/javascript/jquery.cookie.js HTTP/1.1" 304 -
101.83.145.37 - - [10/Mar/2024:10:44:15 +0800] "GET /xingrg/javascript/print/LodopFuncs.js HTTP/1.1" 304 -
101.83.145.37 - - [10/Mar/2024:10:44:16 +0800] "GET /xingrg/javascript/easyui/themes/icons/import_new.png HTTP/1.1" 304 -
101.83.145.37 - - [10/Mar/2024:10:44:16 +0800] "GET /xingrg/javascript/easyui/themes/icons/check_new.png HTTP/1.1" 304 -
101.83.145.37 - - [10/Mar/2024:10:44:16 +0800] "GET /xingrg/javascript/easyui/themes/icons/field_new.png HTTP/1.1" 304 -
101.83.145.37 - - [10/Mar/2024:10:44:17 +0800] "GET /xingrg/javascript/easyui/themes/icons/cance_new.png HTTP/1.1" 304 -
101.83.145.37 - - [10/Mar/2024:10:44:17 +0800] "GET /xingrg/javascript/easyui/themes/icons/edit_add_new.png HTTP/1.1" 304 -
101.83.145.37 - - [10/Mar/2024:10:44:17 +0800] "GET /xingrg/javascript/easyui/plugins/jquery.parser.js HTTP/1.1" 304 -
101.83.145.37 - - [10/Mar/2024:10:44:17 +0800] "GET /xingrg/images/control/ajaxLoader.gif HTTP/1.1" 304 -
124.77.241.9 - - [10/Mar/2024:10:44:19 +0800] "GET /xingrg/kc/buy/cgsh_order_add.html HTTP/1.1" 200 73655
124.77.241.9 - - [10/Mar/2024:10:44:19 +0800] "POST /xingrg/kc/buy/cgsh_order_operate.html HTTP/1.1" 200 8245
124.77.241.9 - - [10/Mar/2024:10:44:19 +0800] "GET /xingrg/javascript/easyui/themes/default/validatebox.css HTTP/1.1" 404 1104
116.238.97.31 - - [10/Mar/2024:10:44:21 +0800] "GET /xingrg/all/function/internal_message.html?_=1710038661685&CODE_STATE=getMsg HTTP/1.1" 200 27
116.237.76.68 - - [10/Mar/2024:10:44:23 +0800] "GET /xingrg/all/function/internal_message.html?_=1710038664841&CODE_STATE=getMsg HTTP/1.1" 200 27
101.83.145.37 - - [10/Mar/2024:10:44:23 +0800] "POST /xingrg/kc/buy/cgsh_list_operate.html HTTP/1.1" 200 1631
116.224.254.208 - - [10/Mar/2024:10:44:29 +0800] "GET /xingrg/kc/buy/cgsh_order_info.html?code=212024031002851 HTTP/1.1" 200 68162
116.224.254.208 - - [10/Mar/2024:10:44:30 +0800] "GET /xingrg/javascript/easyui/themes/default/validatebox.css HTTP/1.1" 404 1104
116.224.254.208 - - [10/Mar/2024:10:44:31 +0800] "POST /xingrg/kc/buy/cgsh_order_operate.html HTTP/1.1" 200 1829
124.77.241.9 - - [10/Mar/2024:10:44:32 +0800] "GET /xingrg/all/function/internal_message.html?_=1710038698429&CODE_STATE=getMsg HTTP/1.1" 200 27
124.77.241.9 - - [10/Mar/2024:10:44:38 +0800] "GET /xingrg/kc/buy/cgsh_order_operate.html?command=get_materiel&rest_code=00146&code=00101001037&supplier_code=00100090&order_time=2024-03-10 HTTP/1.1" 200 418
180.169.147.146 - - [10/Mar/2024:10:44:40 +0800] "GET /xingrg/check_reg.html?_=1710038680241 HTTP/1.1" 200 22
180.169.147.146 - - [10/Mar/2024:10:44:40 +0800] "GET /xingrg/all/function/internal_message.html?_=1710038680245&CODE_STATE=getMsg HTTP/1.1" 200 27
116.237.76.68 - - [10/Mar/2024:10:44:41 +0800] "GET /xingrg/kc/buy/cgsh_order_operate.html?command=get_materiel&rest_code=00106&code=00101008125&supplier_code=00100008&order_time=2024-03-10 HTTP/1.1" 200 413
116.224.254.208 - - [10/Mar/2024:10:44:46 +0800] "GET /xingrg/kc/print/load_data.html?order_code=212024031002851&kc_code=cgsh&condition= HTTP/1.1" 200 1242
116.237.76.68 - - [10/Mar/2024:10:44:57 +0800] "GET /xingrg/kc/buy/cgsh_order_operate.html?command=get_materiel&rest_code=00106&code=00101008351&supplier_code=00100008&order_time=2024-03-10 HTTP/1.1" 200 408
124.77.241.9 - - [10/Mar/2024:10:44:59 +0800] "GET /xingrg/kc/buy/cgsh_order_operate.html?command=get_materiel&rest_code=00146&code=00101001140&supplier_code=00100090&order_time=2024-03-10 HTTP/1.1" 200 417
101.83.145.37 - - [10/Mar/2024:10:45:04 +0800] "GET /xingrg/all/function/internal_message.html?_=1710038466987&CODE_STATE=getMsg HTTP/1.1" 200 27
116.230.123.13 - - [10/Mar/2024:10:45:11 +0800] "GET /xingrg/all/function/internal_message.html?_=1710038711105&CODE_STATE=getMsg HTTP/1.1" 200 27
124.78.60.103 - - [10/Mar/2024:10:45:12 +0800] "POST /xingrg/services/DataTransmitService HTTP/1.1" 200 524
116.237.76.68 - - [10/Mar/2024:10:45:13 +0800] "GET /xingrg/kc/buy/cgsh_order_operate.html?command=get_materiel&rest_code=00106&code=00101008110&supplier_code=00100008&order_time=2024-03-10 HTTP/1.1" 200 409
124.77.241.9 - - [10/Mar/2024:10:45:18 +0800] "GET /xingrg/kc/buy/cgsh_order_operate.html?command=get_materiel&rest_code=00146&code=00101001169&supplier_code=00100090&order_time=2024-03-10 HTTP/1.1" 200 415
116.224.254.208 - - [10/Mar/2024:10:45:19 +0800] "GET /xingrg/all/function/internal_message.html?_=1710038719891&CODE_STATE=getMsg HTTP/1.1" 200 27
116.238.97.31 - - [10/Mar/2024:10:45:21 +0800] "GET /xingrg/all/function/internal_message.html?_=1710038721696&CODE_STATE=getMsg HTTP/1.1" 200 27
116.238.97.31 - - [10/Mar/2024:10:45:21 +0800] "GET /xingrg/check_reg.html?_=1710038721741 HTTP/1.1" 200 22
116.237.76.68 - - [10/Mar/2024:10:45:23 +0800] "GET /xingrg/all/function/internal_message.html?_=1710038724891&CODE_STATE=getMsg HTTP/1.1" 200 27
116.237.76.68 - - [10/Mar/2024:10:45:32 +0800] "GET /xingrg/kc/buy/cgsh_order_operate.html?command=get_materiel&rest_code=00106&code=00101008096&supplier_code=00100008&order_time=2024-03-10 HTTP/1.1" 200 412
124.77.241.9 - - [10/Mar/2024:10:45:32 +0800] "GET /xingrg/check_reg.html?_=1710038758286 HTTP/1.1" 200 22
124.77.241.9 - - [10/Mar/2024:10:45:32 +0800] "GET /xingrg/all/function/internal_message.html?_=1710038758442&CODE_STATE=getMsg HTTP/1.1" 200 27
124.77.241.9 - - [10/Mar/2024:10:45:33 +0800] "GET /xingrg/kc/buy/cgsh_order_operate.html?command=get_materiel&rest_code=00146&code=00101001125&supplier_code=00100090&order_time=2024-03-10 HTTP/1.1" 200 415
180.169.147.146 - - [10/Mar/2024:10:45:40 +0800] "GET /xingrg/all/function/internal_message.html?_=1710038740232&CODE_STATE=getMsg HTTP/1.1" 200 27
116.237.76.68 - - [10/Mar/2024:10:45:46 +0800] "GET /xingrg/kc/buy/cgsh_order_operate.html?command=get_materiel&rest_code=00106&code=00101008038&supplier_code=00100008&order_time=2024-03-10 HTTP/1.1" 200 412
124.77.241.9 - - [10/Mar/2024:10:46:03 +0800] "GET /xingrg/kc/buy/cgsh_order_operate.html?command=get_materiel&rest_code=00146&code=00101001149&supplier_code=00100090&order_time=2024-03-10 HTTP/1.1" 200 413
101.83.145.37 - - [10/Mar/2024:10:46:04 +0800] "GET /xingrg/all/function/internal_message.html?_=1710038526988&CODE_STATE=getMsg HTTP/1.1" 200 27
101.83.145.37 - - [10/Mar/2024:10:46:04 +0800] "GET /xingrg/javascript/jquery_tools/images/next.gif HTTP/1.1" 404 1086
101.83.145.37 - - [10/Mar/2024:10:46:04 +0800] "GET /xingrg/javascript/jquery_tools/images/prev.gif HTTP/1.1" 404 1086
116.230.123.13 - - [10/Mar/2024:10:46:11 +0800] "GET /xingrg/all/function/internal_message.html?_=1710038771080&CODE_STATE=getMsg HTTP/1.1" 200 27
116.224.254.208 - - [10/Mar/2024:10:46:19 +0800] "GET /xingrg/all/function/internal_message.html?_=1710038779873&CODE_STATE=getMsg HTTP/1.1" 200 27
124.77.241.9 - - [10/Mar/2024:10:46:20 +0800] "POST /xingrg/kc/buy/cgsh_order_operate.html HTTP/1.1" 200 37
116.238.97.31 - - [10/Mar/2024:10:46:21 +0800] "GET /xingrg/all/function/internal_message.html?_=1710038781685&CODE_STATE=getMsg HTTP/1.1" 200 27
116.237.76.68 - - [10/Mar/2024:10:46:23 +0800] "GET /xingrg/kc/buy/cgsh_order_operate.html?command=get_materiel&rest_code=00106&code=00101008283&supplier_code=00100008&order_time=2024-03-10 HTTP/1.1" 200 408
116.237.76.68 - - [10/Mar/2024:10:46:23 +0800] "GET /xingrg/all/function/internal_message.html?_=1710038784924&CODE_STATE=getMsg HTTP/1.1" 200 27
124.77.241.9 - - [10/Mar/2024:10:46:24 +0800] "POST /xingrg/kc/buy/cgsh_order_operate.html HTTP/1.1" 200 5050
124.77.241.9 - - [10/Mar/2024:10:46:28 +0800] "GET /xingrg/kc/print/load_data.html?order_code=212024031002859&kc_code=cgsh&condition= HTTP/1.1" 200 1675
124.77.241.9 - - [10/Mar/2024:10:46:29 +0800] "POST /xingrg/services/DataTransmitService HTTP/1.1" 200 524
124.77.241.9 - - [10/Mar/2024:10:46:32 +0800] "POST /xingrg/services/DataTransmitService HTTP/1.1" 200 412
124.77.241.9 - - [10/Mar/2024:10:46:32 +0800] "GET /xingrg/all/function/internal_message.html?_=1710038818456&CODE_STATE=getMsg HTTP/1.1" 200 27
124.77.241.9 - - [10/Mar/2024:10:46:33 +0800] "GET /xingrg/kc/buy/cgsh_order_add.html HTTP/1.1" 200 73655
124.77.241.9 - - [10/Mar/2024:10:46:33 +0800] "POST /xingrg/services/DataTransmitService HTTP/1.1" 200 524
124.77.241.9 - - [10/Mar/2024:10:46:34 +0800] "POST /xingrg/kc/buy/cgsh_order_operate.html HTTP/1.1" 200 8245
124.77.241.9 - - [10/Mar/2024:10:46:34 +0800] "GET /xingrg/javascript/easyui/themes/default/validatebox.css HTTP/1.1" 404 1104
124.77.241.9 - - [10/Mar/2024:10:46:36 +0800] "POST /xingrg/services/DataTransmitService HTTP/1.1" 200 412
124.77.241.9 - - [10/Mar/2024:10:46:36 +0800] "POST /xingrg/services/DataTransmitService HTTP/1.1" 200 524
116.237.76.68 - - [10/Mar/2024:10:46:38 +0800] "GET /xingrg/kc/buy/cgsh_order_operate.html?command=get_materiel&rest_code=00106&code=00101008352&supplier_code=00100008&order_time=2024-03-10 HTTP/1.1" 200 412
124.77.241.9 - - [10/Mar/2024:10:46:39 +0800] "POST /xingrg/services/DataTransmitService HTTP/1.1" 200 412
180.169.147.146 - - [10/Mar/2024:10:46:40 +0800] "GET /xingrg/all/function/internal_message.html?_=1710038800241&CODE_STATE=getMsg HTTP/1.1" 200 27
124.77.241.9 - - [10/Mar/2024:10:46:42 +0800] "POST /xingrg/services/DataTransmitService HTTP/1.1" 200 524
120.253.135.82 - - [10/Mar/2024:10:46:43 +0800] "GET /xingrg/login.html HTTP/1.1" 200 7641
120.253.135.82 - - [10/Mar/2024:10:46:43 +0800] "GET /xingrg/images/blue/jxLogo.png HTTP/1.1" 304 -
120.253.135.82 - - [10/Mar/2024:10:46:43 +0800] "GET /xingrg/images/blue/hj.png HTTP/1.1" 304 -
120.253.135.82 - - [10/Mar/2024:10:46:43 +0800] "GET /xingrg/images/blue/login_bg.png HTTP/1.1" 304 -
120.253.135.82 - - [10/Mar/2024:10:46:43 +0800] "GET /xingrg/images/blue/srbg.png HTTP/1.1" 304 -
120.253.135.82 - - [10/Mar/2024:10:46:43 +0800] "GET /favicon.ico HTTP/1.1" 404 -
124.77.241.9 - - [10/Mar/2024:10:46:45 +0800] "POST /xingrg/services/DataTransmitService HTTP/1.1" 200 412
124.77.241.9 - - [10/Mar/2024:10:46:47 +0800] "POST /xingrg/services/DataTransmitService HTTP/1.1" 200 524
120.253.135.82 - - [10/Mar/2024:10:46:48 +0800] "POST /xingrg/login.do HTTP/1.1" 302 -
120.253.135.82 - - [10/Mar/2024:10:46:49 +0800] "GET /xingrg/index.html?sysBaseUrl=http%3A%2F%2F180.169.147.146%3A18081%2Fxingrg%2F&costTime=872×tamp=1710038808955 HTTP/1.1" 200 17173
120.253.135.82 - - [10/Mar/2024:10:46:49 +0800] "GET /xingrg/javascript/jquery_easy_ui/themes/default/easyui.css HTTP/1.1" 304 -
120.253.135.82 - - [10/Mar/2024:10:46:49 +0800] "GET /xingrg/javascript/jquery_easy_ui/themes/icon.css HTTP/1.1" 304 -
120.253.135.82 - - [10/Mar/2024:10:46:49 +0800] "GET /xingrg/css/form.css HTTP/1.1" 304 -
120.253.135.82 - - [10/Mar/2024:10:46:49 +0800] "GET /xingrg/javascript/jquery.utils.js HTTP/1.1" 304 -
120.253.135.82 - - [10/Mar/2024:10:46:49 +0800] "GET /xingrg/javascript/jquery_easy_ui/jquery.easyui.min.js HTTP/1.1" 304 -
120.253.135.82 - - [10/Mar/2024:10:46:49 +0800] "GET /xingrg/javascript/jquery-1.4.2.min.js HTTP/1.1" 304 -
120.253.135.82 - - [10/Mar/2024:10:46:49 +0800] "GET /xingrg/javascript/jquery.timers.js HTTP/1.1" 304 -
120.253.135.82 - - [10/Mar/2024:10:46:49 +0800] "GET /xingrg/javascript/jquery_easy_ui/easyui-lang-zh_CN.js HTTP/1.1" 304 -
120.253.135.82 - - [10/Mar/2024:10:46:49 +0800] "GET /xingrg/javascript/jquery.form.js HTTP/1.1" 304 -
120.253.135.82 - - [10/Mar/2024:10:46:49 +0800] "GET /xingrg/images/blue/navBackgound.jpg HTTP/1.1" 304 -
120.253.135.82 - - [10/Mar/2024:10:46:49 +0800] "GET /xingrg/images/blue/pingpu.png HTTP/1.1" 304 -
120.253.135.82 - - [10/Mar/2024:10:46:49 +0800] "GET /xingrg/javascript/jquery_easy_ui/themes/default/images/panel_tool_collapse.gif HTTP/1.1" 304 -
120.253.135.82 - - [10/Mar/2024:10:46:49 +0800] "GET /xingrg/javascript/jquery_easy_ui/themes/default/images/tabs_rightarrow.png HTTP/1.1" 304 -
120.253.135.82 - - [10/Mar/2024:10:46:49 +0800] "GET /xingrg/javascript/jquery_easy_ui/themes/default/images/tabs_leftarrow.png HTTP/1.1" 304 -
120.253.135.82 - - [10/Mar/2024:10:46:49 +0800] "GET /xingrg/javascript/jquery_easy_ui/themes/icons/settle_new.png HTTP/1.1" 304 -
120.253.135.82 - - [10/Mar/2024:10:46:49 +0800] "POST /xingrg/all/common/load_tree.html?tree=area_rest_tree_json&manage=1 HTTP/1.1" 200 344
120.253.135.82 - - [10/Mar/2024:10:46:49 +0800] "GET /xingrg/javascript/jquery_easy_ui/themes/default/images/tree_arrows.gif HTTP/1.1" 304 -
120.253.135.82 - - [10/Mar/2024:10:46:49 +0800] "GET /favicon.ico HTTP/1.1" 404 -
120.253.135.82 - - [10/Mar/2024:10:46:49 +0800] "GET /xingrg/check_reg.html?_=1710038646189 HTTP/1.1" 200 22
124.77.241.9 - - [10/Mar/2024:10:46:49 +0800] "POST /xingrg/services/DataTransmitService HTTP/1.1" 200 412
120.253.135.82 - - [10/Mar/2024:10:46:49 +0800] "GET /xingrg/all/function/internal_message.html?_=1710038646188&CODE_STATE=count HTTP/1.1" 200 11
120.253.135.82 - - [10/Mar/2024:10:46:49 +0800] "POST /xingrg/load_menu.html HTTP/1.1" 200 6743
124.77.241.9 - - [10/Mar/2024:10:46:49 +0800] "POST /xingrg/services/DataTransmitService HTTP/1.1" 200 524
120.253.135.82 - - [10/Mar/2024:10:46:49 +0800] "GET /xingrg/javascript/jquery_easy_ui/themes/default/images/tree_folder_open.gif HTTP/1.1" 304 -
120.253.135.82 - - [10/Mar/2024:10:46:49 +0800] "GET /xingrg/javascript/jquery_easy_ui/themes/default/images/tree_folder.gif HTTP/1.1" 304 -
120.253.135.82 - - [10/Mar/2024:10:46:49 +0800] "GET /xingrg/javascript/jquery_easy_ui/themes/icons/search_new.png HTTP/1.1" 304 -
120.253.135.82 - - [10/Mar/2024:10:46:49 +0800] "GET /xingrg/javascript/jquery_easy_ui/themes/icons/storage_new.png HTTP/1.1" 304 -
120.253.135.82 - - [10/Mar/2024:10:46:49 +0800] "GET /xingrg/javascript/jquery_easy_ui/themes/icons/forms_new.png HTTP/1.1" 304 -
120.253.135.82 - - [10/Mar/2024:10:46:49 +0800] "GET /xingrg/javascript/jquery_easy_ui/themes/icons/delivery_new.png HTTP/1.1" 304 -
120.253.135.82 - - [10/Mar/2024:10:46:49 +0800] "GET /xingrg/javascript/jquery_easy_ui/themes/default/images/tree_file.gif HTTP/1.1" 304 -
124.77.241.9 - - [10/Mar/2024:10:46:52 +0800] "POST /xingrg/services/DataTransmitService HTTP/1.1" 200 412
124.77.241.9 - - [10/Mar/2024:10:46:52 +0800] "GET /xingrg/kc/buy/cgsh_order_operate.html?command=get_materiel&rest_code=00146&code=00101012045&supplier_code=00100326&order_time=2024-03-10 HTTP/1.1" 200 409
120.253.135.82 - - [10/Mar/2024:10:46:54 +0800] "GET /xingrg/javascript/jquery_easy_ui/themes/default/images/tabs_close.gif HTTP/1.1" 304 -
116.237.76.68 - - [10/Mar/2024:10:46:54 +0800] "GET /xingrg/kc/buy/cgsh_order_operate.html?command=get_materiel&rest_code=00106&code=00101008368&supplier_code=00100008&order_time=2024-03-10 HTTP/1.1" 200 408
120.253.135.82 - - [10/Mar/2024:10:46:54 +0800] "GET /xingrg/kc/pszx/mdqp_order_list.html?state=10 HTTP/1.1" 200 10751
120.253.135.82 - - [10/Mar/2024:10:46:54 +0800] "GET /xingrg/css/blue.css HTTP/1.1" 304 -
120.253.135.82 - - [10/Mar/2024:10:46:54 +0800] "GET /xingrg/javascript/pic_change.js HTTP/1.1" 304 -
120.253.135.82 - - [10/Mar/2024:10:46:54 +0800] "GET /xingrg/javascript/Calendar.js HTTP/1.1" 304 -
120.253.135.82 - - [10/Mar/2024:10:46:54 +0800] "GET /xingrg/dwr/interface/AjaxReportQueryService.js HTTP/1.1" 200 13203
120.253.135.82 - - [10/Mar/2024:10:46:54 +0800] "GET /xingrg/javascript/myfunction.js HTTP/1.1" 304 -
120.253.135.82 - - [10/Mar/2024:10:46:54 +0800] "GET /xingrg/dwr/interface/AjaxQqpsService.js HTTP/1.1" 200 16326
120.253.135.82 - - [10/Mar/2024:10:46:54 +0800] "GET /xingrg/dwr/engine.js HTTP/1.1" 200 43631
120.253.135.82 - - [10/Mar/2024:10:46:54 +0800] "GET /xingrg/dwr/util.js HTTP/1.1" 200 35990
120.253.135.82 - - [10/Mar/2024:10:46:54 +0800] "GET /xingrg/javascript/jquery_easy_ui/themes/icons/back_new.png HTTP/1.1" 304 -
120.253.135.82 - - [10/Mar/2024:10:46:54 +0800] "GET /xingrg/javascript/jquery_easy_ui/themes/icons/uncheck_new.png HTTP/1.1" 304 -
120.253.135.82 - - [10/Mar/2024:10:46:54 +0800] "GET /xingrg/javascript/jquery_easy_ui/themes/icons/check_new.png HTTP/1.1" 304 -
120.253.135.82 - - [10/Mar/2024:10:46:59 +0800] "GET /xingrg/kc/pszx/mdqp_order_info.html?code=302024031000126 HTTP/1.1" 200 13338
120.253.135.82 - - [10/Mar/2024:10:46:59 +0800] "GET /xingrg/javascript/AjaxInfoList.js HTTP/1.1" 304 -
120.253.135.82 - - [10/Mar/2024:10:46:59 +0800] "GET /xingrg/javascript/checkform.js HTTP/1.1" 304 -
120.253.135.82 - - [10/Mar/2024:10:46:59 +0800] "GET /xingrg/javascript/Grid.js HTTP/1.1" 304 -
120.253.135.82 - - [10/Mar/2024:10:46:59 +0800] "GET /xingrg/javascript/print/kc_print.js HTTP/1.1" 304 -
120.253.135.82 - - [10/Mar/2024:10:46:59 +0800] "GET /xingrg/javascript/tools/jquery.qtip-1.0.0-rc3.min.js HTTP/1.1" 304 -
120.253.135.82 - - [10/Mar/2024:10:46:59 +0800] "GET /xingrg/dwr/engine.js HTTP/1.1" 200 43631
120.253.135.82 - - [10/Mar/2024:10:46:59 +0800] "GET /xingrg/dwr/interface/AjaxComOrderService.js HTTP/1.1" 200 18264
120.253.135.82 - - [10/Mar/2024:10:46:59 +0800] "GET /xingrg/dwr/interface/AjaxQqpsService.js HTTP/1.1" 200 16326
120.253.135.82 - - [10/Mar/2024:10:46:59 +0800] "GET /xingrg/javascript/print/LodopFuncs.js HTTP/1.1" 304 -
120.253.135.82 - - [10/Mar/2024:10:46:59 +0800] "GET /xingrg/javascript/auto/jquery.autocomplete.js HTTP/1.1" 304 -
120.253.135.82 - - [10/Mar/2024:10:46:59 +0800] "GET /xingrg/javascript/ToolTips.js HTTP/1.1" 304 -
120.253.135.82 - - [10/Mar/2024:10:47:00 +0800] "GET /xingrg/javascript/jquery_easy_ui/themes/icons/print.png HTTP/1.1" 304 -
120.253.135.82 - - [10/Mar/2024:10:47:00 +0800] "GET /xingrg/javascript/jquery_easy_ui/themes/default/images/menu_downarrow.png HTTP/1.1" 304 -
120.253.135.82 - - [10/Mar/2024:10:47:00 +0800] "GET /xingrg/images/blue/button/kc_tab_edit.gif HTTP/1.1" 304 -
120.253.135.82 - - [10/Mar/2024:10:47:00 +0800] "GET /xingrg/images/blue/button/kc_tab_save.gif HTTP/1.1" 304 -
120.253.135.82 - - [10/Mar/2024:10:47:00 +0800] "GET /xingrg/images/blue/kc_tab_left.gif HTTP/1.1" 304 -
120.253.135.82 - - [10/Mar/2024:10:47:00 +0800] "GET /xingrg/images/blue/kc_tab_right.gif HTTP/1.1" 304 -
120.253.135.82 - - [10/Mar/2024:10:47:00 +0800] "GET /xingrg/images/blue/kc_tab_mid.gif HTTP/1.1" 304 -
120.253.135.82 - - [10/Mar/2024:10:47:00 +0800] "GET /xingrg/images/blue/kc_tab2_right.gif HTTP/1.1" 304 -
120.253.135.82 - - [10/Mar/2024:10:47:00 +0800] "GET /xingrg/images/blue/kc_tab2_left.gif HTTP/1.1" 304 -
120.253.135.82 - - [10/Mar/2024:10:47:00 +0800] "GET /xingrg/images/blue/wait.gif HTTP/1.1" 304 -
120.253.135.82 - - [10/Mar/2024:10:47:00 +0800] "POST /xingrg/dwr/call/plaincall/AjaxQqpsService.loadMaterielItems.dwr HTTP/1.1" 200 329
124.77.241.9 - - [10/Mar/2024:10:47:01 +0800] "POST /xingrg/services/DataTransmitService HTTP/1.1" 200 524
124.77.241.9 - - [10/Mar/2024:10:47:03 +0800] "POST /xingrg/services/DataTransmitService HTTP/1.1" 200 412
101.83.145.37 - - [10/Mar/2024:10:47:04 +0800] "GET /xingrg/all/function/internal_message.html?_=1710038586994&CODE_STATE=getMsg HTTP/1.1" 200 27
120.253.135.82 - - [10/Mar/2024:10:47:06 +0800] "GET /xingrg/javascript/jquery_easy_ui/themes/default/images/button_plain_hover.png HTTP/1.1" 304 -
124.77.241.9 - - [10/Mar/2024:10:47:07 +0800] "POST /xingrg/services/DataTransmitService HTTP/1.1" 200 524
120.253.135.82 - - [10/Mar/2024:10:47:07 +0800] "GET /xingrg/kc/pszx/mdqp_order_list.html?isBack=1 HTTP/1.1" 302 -
124.77.241.9 - - [10/Mar/2024:10:47:08 +0800] "POST /xingrg/kc/buy/cgsh_order_operate.html HTTP/1.1" 200 37
120.253.135.82 - - [10/Mar/2024:10:47:08 +0800] "GET /xingrg/kc/pszx/mdqp_order_list.html?state=10 HTTP/1.1" 200 10751
120.253.135.82 - - [10/Mar/2024:10:47:08 +0800] "GET /xingrg/css/blue.css HTTP/1.1" 304 -
120.253.135.82 - - [10/Mar/2024:10:47:08 +0800] "GET /xingrg/javascript/myfunction.js HTTP/1.1" 304 -
120.253.135.82 - - [10/Mar/2024:10:47:08 +0800] "GET /xingrg/javascript/Calendar.js HTTP/1.1" 304 -
120.253.135.82 - - [10/Mar/2024:10:47:08 +0800] "GET /xingrg/dwr/util.js HTTP/1.1" 304 -
120.253.135.82 - - [10/Mar/2024:10:47:08 +0800] "GET /xingrg/javascript/pic_change.js HTTP/1.1" 304 -
120.253.135.82 - - [10/Mar/2024:10:47:08 +0800] "GET /xingrg/dwr/interface/AjaxReportQueryService.js HTTP/1.1" 200 13203
120.253.135.82 - - [10/Mar/2024:10:47:08 +0800] "GET /xingrg/dwr/interface/AjaxQqpsService.js HTTP/1.1" 200 16326
120.253.135.82 - - [10/Mar/2024:10:47:08 +0800] "GET /xingrg/javascript/jquery_easy_ui/themes/default/easyui.css HTTP/1.1" 304 -
120.253.135.82 - - [10/Mar/2024:10:47:08 +0800] "GET /xingrg/javascript/jquery_easy_ui/themes/icon.css HTTP/1.1" 304 -
120.253.135.82 - - [10/Mar/2024:10:47:08 +0800] "GET /xingrg/dwr/engine.js HTTP/1.1" 200 43631
120.253.135.82 - - [10/Mar/2024:10:47:08 +0800] "GET /favicon.ico HTTP/1.1" 404 -
120.253.135.82 - - [10/Mar/2024:10:47:08 +0800] "GET /xingrg/javascript/jquery_easy_ui/themes/icons/uncheck_new.png HTTP/1.1" 304 -
120.253.135.82 - - [10/Mar/2024:10:47:08 +0800] "GET /xingrg/javascript/jquery_easy_ui/themes/icons/check_new.png HTTP/1.1" 304 -
120.253.135.82 - - [10/Mar/2024:10:47:08 +0800] "GET /xingrg/javascript/jquery_easy_ui/themes/icons/back_new.png HTTP/1.1" 304 -
124.77.241.9 - - [10/Mar/2024:10:47:09 +0800] "POST /xingrg/services/DataTransmitService HTTP/1.1" 200 412
124.77.241.9 - - [10/Mar/2024:10:47:10 +0800] "POST /xingrg/services/DataTransmitService HTTP/1.1" 200 524
116.237.76.68 - - [10/Mar/2024:10:47:10 +0800] "GET /xingrg/kc/buy/cgsh_order_operate.html?command=get_materiel&rest_code=00106&code=00101008131&supplier_code=00100008&order_time=2024-03-10 HTTP/1.1" 200 408
116.230.123.13 - - [10/Mar/2024:10:47:11 +0800] "GET /xingrg/all/function/internal_message.html?_=1710038831072&CODE_STATE=getMsg HTTP/1.1" 200 27
124.77.241.9 - - [10/Mar/2024:10:47:12 +0800] "POST /xingrg/services/DataTransmitService HTTP/1.1" 200 412
222.70.115.1 - - [10/Mar/2024:10:47:14 +0800] "GET /favicon.ico HTTP/1.1" 404 -
116.224.254.208 - - [10/Mar/2024:10:47:19 +0800] "GET /xingrg/check_reg.html?_=1710038839858 HTTP/1.1" 200 22
116.224.254.208 - - [10/Mar/2024:10:47:19 +0800] "GET /xingrg/all/function/internal_message.html?_=1710038839865&CODE_STATE=getMsg HTTP/1.1" 200 27
116.238.97.31 - - [10/Mar/2024:10:47:21 +0800] "GET /xingrg/all/function/internal_message.html?_=1710038841700&CODE_STATE=getMsg HTTP/1.1" 200 27
124.77.241.9 - - [10/Mar/2024:10:47:22 +0800] "POST /xingrg/kc/buy/cgsh_order_operate.html HTTP/1.1" 200 2654
116.237.76.68 - - [10/Mar/2024:10:47:23 +0800] "GET /xingrg/check_reg.html?_=1710038844847 HTTP/1.1" 200 22
116.237.76.68 - - [10/Mar/2024:10:47:23 +0800] "GET /xingrg/all/function/internal_message.html?_=1710038844892&CODE_STATE=getMsg HTTP/1.1" 200 27
120.253.135.82 - - [10/Mar/2024:10:47:27 +0800] "GET /xingrg/kc/pszx/mdqp_order_list.html?isBack=1 HTTP/1.1" 302 -
116.237.76.68 - - [10/Mar/2024:10:47:27 +0800] "POST /xingrg/kc/buy/cgsh_order_operate.html HTTP/1.1" 200 37
120.253.135.82 - - [10/Mar/2024:10:47:27 +0800] "GET /xingrg/images/yd/bt.gif HTTP/1.1" 404 1040
120.253.135.82 - - [10/Mar/2024:10:47:27 +0800] "GET /xingrg/images/yd/bt2.gif HTTP/1.1" 404 1042
124.77.241.9 - - [10/Mar/2024:10:47:27 +0800] "GET /xingrg/kc/print/load_data.html?order_code=212024031002860&kc_code=cgsh&condition= HTTP/1.1" 200 685
120.253.135.82 - - [10/Mar/2024:10:47:27 +0800] "GET /xingrg/kc/pszx/mdqp_order_list.html?state=10 HTTP/1.1" 200 10751
120.253.135.82 - - [10/Mar/2024:10:47:27 +0800] "GET /xingrg/dwr/interface/AjaxQqpsService.js HTTP/1.1" 200 16326
120.253.135.82 - - [10/Mar/2024:10:47:27 +0800] "GET /xingrg/dwr/interface/AjaxReportQueryService.js HTTP/1.1" 200 13203
120.253.135.82 - - [10/Mar/2024:10:47:27 +0800] "GET /xingrg/dwr/engine.js HTTP/1.1" 200 43631
116.237.76.68 - - [10/Mar/2024:10:47:29 +0800] "POST /xingrg/kc/buy/cgsh_order_operate.html HTTP/1.1" 200 7950
124.77.241.9 - - [10/Mar/2024:10:47:30 +0800] "POST /xingrg/services/DataTransmitService HTTP/1.1" 200 524
124.77.241.9 - - [10/Mar/2024:10:47:31 +0800] "POST /xingrg/services/DataTransmitService HTTP/1.1" 200 2331
124.77.241.9 - - [10/Mar/2024:10:47:32 +0800] "GET /xingrg/all/function/internal_message.html?_=1710038878470&CODE_STATE=getMsg HTTP/1.1" 200 27
124.77.241.9 - - [10/Mar/2024:10:47:33 +0800] "GET /xingrg/kc/buy/cgsh_order_add.html HTTP/1.1" 200 73655
124.77.241.9 - - [10/Mar/2024:10:47:33 +0800] "POST /xingrg/kc/buy/cgsh_order_operate.html HTTP/1.1" 200 8245
124.77.241.9 - - [10/Mar/2024:10:47:34 +0800] "GET /xingrg/javascript/easyui/themes/default/validatebox.css HTTP/1.1" 404 1104
124.77.241.9 - - [10/Mar/2024:10:47:35 +0800] "POST /xingrg/services/DataTransmitService HTTP/1.1" 200 524
124.77.241.9 - - [10/Mar/2024:10:47:36 +0800] "POST /xingrg/services/DataTransmitService HTTP/1.1" 200 2331
180.169.147.146 - - [10/Mar/2024:10:47:40 +0800] "GET /xingrg/all/function/internal_message.html?_=1710038860259&CODE_STATE=getMsg HTTP/1.1" 200 27
172.20.0.100 - - [10/Mar/2024:10:47:46 +0800] "GET /xingrg/check_reg.html?_=1710038885017 HTTP/1.1" 302 -
120.253.135.82 - - [10/Mar/2024:10:47:49 +0800] "GET /xingrg/all/function/internal_message.html?_=1710038706191&CODE_STATE=getMsg HTTP/1.1" 200 27
124.77.241.9 - - [10/Mar/2024:10:47:58 +0800] "POST /xingrg/services/DataTransmitService HTTP/1.1" 200 524
124.77.241.9 - - [10/Mar/2024:10:47:59 +0800] "POST /xingrg/services/DataTransmitService HTTP/1.1" 200 2331
124.77.241.9 - - [10/Mar/2024:10:48:02 +0800] "POST /xingrg/services/DataTransmitService HTTP/1.1" 200 524
124.77.241.9 - - [10/Mar/2024:10:48:03 +0800] "POST /xingrg/services/DataTransmitService HTTP/1.1" 200 2331
101.83.145.37 - - [10/Mar/2024:10:48:04 +0800] "GET /xingrg/all/function/internal_message.html?_=1710038646991&CODE_STATE=getMsg HTTP/1.1" 200 27
124.77.241.9 - - [10/Mar/2024:10:48:08 +0800] "GET /xingrg/kc/buy/cgsh_order_operate.html?command=get_materiel&rest_code=00146&code=00101004017&supplier_code=00100323&order_time=2024-03-10 HTTP/1.1" 200 413
116.230.123.13 - - [10/Mar/2024:10:48:11 +0800] "GET /xingrg/all/function/internal_message.html?_=1710038891044&CODE_STATE=getMsg HTTP/1.1" 200 27
116.224.254.208 - - [10/Mar/2024:10:48:19 +0800] "GET /xingrg/all/function/internal_message.html?_=1710038899847&CODE_STATE=getMsg HTTP/1.1" 200 27
116.238.97.31 - - [10/Mar/2024:10:48:21 +0800] "GET /xingrg/all/function/internal_message.html?_=1710038901699&CODE_STATE=getMsg HTTP/1.1" 200 27
116.237.76.68 - - [10/Mar/2024:10:48:23 +0800] "GET /xingrg/all/function/internal_message.html?_=1710038904875&CODE_STATE=getMsg HTTP/1.1" 200 27
124.77.241.9 - - [10/Mar/2024:10:48:27 +0800] "GET /xingrg/kc/buy/cgsh_order_operate.html?command=get_materiel&rest_code=00146&code=00101037236&supplier_code=00100323&order_time=2024-03-10 HTTP/1.1" 200 417
124.77.241.9 - - [10/Mar/2024:10:48:32 +0800] "GET /xingrg/all/function/internal_message.html?_=1710038938483&CODE_STATE=getMsg HTTP/1.1" 200 27
124.77.241.9 - - [10/Mar/2024:10:48:33 +0800] "POST /xingrg/services/DataTransmitService HTTP/1.1" 200 524
124.77.241.9 - - [10/Mar/2024:10:48:34 +0800] "POST /xingrg/services/DataTransmitService HTTP/1.1" 200 2331
124.77.241.9 - - [10/Mar/2024:10:48:34 +0800] "POST /xingrg/services/DataTransmitService HTTP/1.1" 200 524
124.77.241.9 - - [10/Mar/2024:10:48:35 +0800] "POST /xingrg/services/DataTransmitService HTTP/1.1" 200 2331
180.169.147.146 - - [10/Mar/2024:10:48:40 +0800] "GET /xingrg/all/function/internal_message.html?_=1710038920246&CODE_STATE=getMsg HTTP/1.1" 200 27
124.77.241.9 - - [10/Mar/2024:10:48:43 +0800] "POST /xingrg/services/DataTransmitService HTTP/1.1" 200 524
124.77.241.9 - - [10/Mar/2024:10:48:44 +0800] "POST /xingrg/services/DataTransmitService HTTP/1.1" 200 2331
120.253.135.82 - - [10/Mar/2024:10:48:49 +0800] "GET /xingrg/all/function/internal_message.html?_=1710038766204&CODE_STATE=getMsg HTTP/1.1" 200 27
124.77.241.9 - - [10/Mar/2024:10:48:50 +0800] "POST /xingrg/services/DataTransmitService HTTP/1.1" 200 524
124.77.241.9 - - [10/Mar/2024:10:48:50 +0800] "POST /xingrg/services/DataTransmitService HTTP/1.1" 200 2331
124.78.60.103 - - [10/Mar/2024:10:48:51 +0800] "GET /xingrg/check_reg.html?_=1710038931482 HTTP/1.1" 302 -
116.230.123.13 - - [10/Mar/2024:10:49:00 +0800] "GET /xingrg/check_reg.html?_=1710038940365 HTTP/1.1" 200 22
120.253.135.82 - - [10/Mar/2024:10:49:02 +0800] "GET /xingrg/kc/pszx/mdqp_order_list.html?state=10 HTTP/1.1" 200 10751
120.253.135.82 - - [10/Mar/2024:10:49:02 +0800] "GET /xingrg/dwr/interface/AjaxQqpsService.js HTTP/1.1" 200 16326
120.253.135.82 - - [10/Mar/2024:10:49:02 +0800] "GET /xingrg/dwr/interface/AjaxReportQueryService.js HTTP/1.1" 200 13203
120.253.135.82 - - [10/Mar/2024:10:49:02 +0800] "GET /xingrg/dwr/engine.js HTTP/1.1" 200 43631
101.83.145.37 - - [10/Mar/2024:10:49:04 +0800] "GET /xingrg/check_reg.html?_=1710038706993 HTTP/1.1" 200 22
101.83.145.37 - - [10/Mar/2024:10:49:04 +0800] "GET /xingrg/all/function/internal_message.html?_=1710038706997&CODE_STATE=getMsg HTTP/1.1" 200 27
124.77.241.9 - - [10/Mar/2024:10:49:05 +0800] "POST /xingrg/services/DataTransmitService HTTP/1.1" 200 524
120.253.135.82 - - [10/Mar/2024:10:49:05 +0800] "GET /xingrg/javascript/jquery_easy_ui/themes/icons/area.png HTTP/1.1" 304 -
120.253.135.82 - - [10/Mar/2024:10:49:05 +0800] "GET /xingrg/javascript/jquery_easy_ui/themes/icons/manage.png HTTP/1.1" 304 -
124.77.241.9 - - [10/Mar/2024:10:49:06 +0800] "POST /xingrg/services/DataTransmitService HTTP/1.1" 200 2331
124.77.241.9 - - [10/Mar/2024:10:49:06 +0800] "POST /xingrg/kc/buy/cgsh_order_operate.html HTTP/1.1" 200 37
120.253.135.82 - - [10/Mar/2024:10:49:09 +0800] "GET /xingrg/kc/pszx/jzcl_ps.html HTTP/1.1" 200 7683
120.253.135.82 - - [10/Mar/2024:10:49:09 +0800] "GET /xingrg/javascript/step/step.css HTTP/1.1" 304 -
120.253.135.82 - - [10/Mar/2024:10:49:09 +0800] "GET /xingrg/css/table.css HTTP/1.1" 304 -
120.253.135.82 - - [10/Mar/2024:10:49:09 +0800] "GET /xingrg/javascript/step/images/navCurrentBtn.gif HTTP/1.1" 304 -
120.253.135.82 - - [10/Mar/2024:10:49:09 +0800] "GET /xingrg/javascript/jquery_easy_ui/themes/default/images/button_a_bg.gif HTTP/1.1" 304 -
120.253.135.82 - - [10/Mar/2024:10:49:09 +0800] "GET /xingrg/javascript/jquery_easy_ui/themes/default/images/button_span_bg.gif HTTP/1.1" 304 -
120.253.135.82 - - [10/Mar/2024:10:49:09 +0800] "GET /xingrg/javascript/jquery_easy_ui/themes/icons/search.png HTTP/1.1" 304 -
120.253.135.82 - - [10/Mar/2024:10:49:09 +0800] "GET /xingrg/javascript/jquery_easy_ui/themes/default/images/combo_arrow_dot.gif HTTP/1.1" 304 -
120.253.135.82 - - [10/Mar/2024:10:49:09 +0800] "GET /xingrg/javascript/jquery_easy_ui/themes/default/images/calendar_prevyear.gif HTTP/1.1" 304 -
120.253.135.82 - - [10/Mar/2024:10:49:09 +0800] "GET /xingrg/javascript/jquery_easy_ui/themes/default/images/calendar_nextmonth.gif HTTP/1.1" 304 -
120.253.135.82 - - [10/Mar/2024:10:49:09 +0800] "GET /xingrg/javascript/jquery_easy_ui/themes/default/images/calendar_prevmonth.gif HTTP/1.1" 304 -
120.253.135.82 - - [10/Mar/2024:10:49:09 +0800] "GET /xingrg/javascript/jquery_easy_ui/themes/default/images/calendar_nextyear.gif HTTP/1.1" 304 -
120.253.135.82 - - [10/Mar/2024:10:49:09 +0800] "POST /xingrg/all/common/load_tree.html?tree=area_rest_tree_json HTTP/1.1" 200 3624
120.253.135.82 - - [10/Mar/2024:10:49:09 +0800] "GET /xingrg/images/control/ajaxLoader.gif HTTP/1.1" 304 -
120.253.135.82 - - [10/Mar/2024:10:49:09 +0800] "GET /xingrg/javascript/jquery_easy_ui/themes/default/images/datagrid_header_bg.gif HTTP/1.1" 304 -
120.253.135.82 - - [10/Mar/2024:10:49:09 +0800] "GET /xingrg/javascript/jquery_easy_ui/themes/default/images/pagination_loading.gif HTTP/1.1" 304 -
120.253.135.82 - - [10/Mar/2024:10:49:10 +0800] "GET /xingrg/javascript/jquery_easy_ui/themes/default/images/tree_checkbox_0.gif HTTP/1.1" 304 -
120.253.135.82 - - [10/Mar/2024:10:49:10 +0800] "GET /xingrg/javascript/jquery_easy_ui/themes/icons/rest.png HTTP/1.1" 304 -
120.253.135.82 - - [10/Mar/2024:10:49:10 +0800] "POST /xingrg/kc/pszx/jzcl_ps_operate.html HTTP/1.1" 200 385
120.253.135.82 - - [10/Mar/2024:10:49:10 +0800] "POST /xingrg/kc/pszx/jzcl_ps_operate.html HTTP/1.1" 200 385
124.77.241.9 - - [10/Mar/2024:10:49:10 +0800] "POST /xingrg/kc/buy/cgsh_order_operate.html HTTP/1.1" 200 3256
116.230.123.13 - - [10/Mar/2024:10:49:10 +0800] "GET /xingrg/kc/buy/cgsh_order_operate.html?command=get_materiel&rest_code=00111&code=00101004050&supplier_code=00100312&order_time=2024-03-10 HTTP/1.1" 200 409
116.230.123.13 - - [10/Mar/2024:10:49:11 +0800] "GET /xingrg/all/function/internal_message.html?_=1710038951016&CODE_STATE=getMsg HTTP/1.1" 200 27
124.77.241.9 - - [10/Mar/2024:10:49:13 +0800] "GET /xingrg/kc/print/load_data.html?order_code=212024031002862&kc_code=cgsh&condition= HTTP/1.1" 200 919
124.77.241.9 - - [10/Mar/2024:10:49:15 +0800] "POST /xingrg/services/DataTransmitService HTTP/1.1" 200 524
124.77.241.9 - - [10/Mar/2024:10:49:16 +0800] "POST /xingrg/services/DataTransmitService HTTP/1.1" 200 2331
120.253.135.82 - - [10/Mar/2024:10:49:17 +0800] "POST /xingrg/kc/pszx/jzcl_ps_operate.html HTTP/1.1" 200 4
120.253.135.82 - - [10/Mar/2024:10:49:17 +0800] "GET /xingrg/javascript/step/images/navDoneBtn.gif HTTP/1.1" 304 -
120.253.135.82 - - [10/Mar/2024:10:49:17 +0800] "GET /xingrg/javascript/step/images/navLastDoneBtn.gif HTTP/1.1" 304 -
120.253.135.82 - - [10/Mar/2024:10:49:17 +0800] "GET /xingrg/javascript/step/images/navBtn.gif HTTP/1.1" 200 361
120.253.135.82 - - [10/Mar/2024:10:49:17 +0800] "GET /xingrg/javascript/step/images/navBtn.gif HTTP/1.1" 200 361
124.77.241.9 - - [10/Mar/2024:10:49:17 +0800] "POST /xingrg/services/DataTransmitService HTTP/1.1" 200 524
124.77.241.9 - - [10/Mar/2024:10:49:18 +0800] "POST /xingrg/services/DataTransmitService HTTP/1.1" 200 2331
120.253.135.82 - - [10/Mar/2024:10:49:19 +0800] "POST /xingrg/kc/pszx/jzcl_ps_operate.html HTTP/1.1" 200 21
124.77.241.9 - - [10/Mar/2024:10:49:19 +0800] "POST /xingrg/services/DataTransmitService HTTP/1.1" 200 524
116.224.254.208 - - [10/Mar/2024:10:49:19 +0800] "GET /xingrg/all/function/internal_message.html?_=1710038959821&CODE_STATE=getMsg HTTP/1.1" 200 27
120.253.135.82 - - [10/Mar/2024:10:49:19 +0800] "GET /xingrg/kc/pszx/mdps_order_list.html HTTP/1.1" 200 21033
124.77.241.9 - - [10/Mar/2024:10:49:19 +0800] "GET /xingrg/kc/buy/cgsh_order_add.html HTTP/1.1" 200 73655
120.253.135.82 - - [10/Mar/2024:10:49:19 +0800] "GET /xingrg/javascript/jquery_tools/datebox.css HTTP/1.1" 304 -
120.253.135.82 - - [10/Mar/2024:10:49:19 +0800] "GET /xingrg/css/base.css HTTP/1.1" 304 -
120.253.135.82 - - [10/Mar/2024:10:49:19 +0800] "GET /xingrg/css/site.css HTTP/1.1" 304 -
120.253.135.82 - - [10/Mar/2024:10:49:19 +0800] "GET /xingrg/javascript/jquery_tools/jquery.tools.min.js HTTP/1.1" 304 -
120.253.135.82 - - [10/Mar/2024:10:49:19 +0800] "GET /xingrg/javascript/easyui/themes/icon.css HTTP/1.1" 304 -
120.253.135.82 - - [10/Mar/2024:10:49:19 +0800] "GET /xingrg/javascript/jquery_tools/jquery.tools.table.js HTTP/1.1" 304 -
120.253.135.82 - - [10/Mar/2024:10:49:19 +0800] "GET /xingrg/javascript/easyui/easyloader.js HTTP/1.1" 304 -
120.253.135.82 - - [10/Mar/2024:10:49:19 +0800] "GET /xingrg/javascript/jquery_tools/jquery.tools.extend.js HTTP/1.1" 304 -
120.253.135.82 - - [10/Mar/2024:10:49:19 +0800] "GET /xingrg/javascript/jquery_tools/fix.css HTTP/1.1" 304 -
120.253.135.82 - - [10/Mar/2024:10:49:19 +0800] "GET /xingrg/javascript/jquery_tools/table.css HTTP/1.1" 304 -
120.253.135.82 - - [10/Mar/2024:10:49:19 +0800] "GET /xingrg/javascript/easyui/themes/default/easyui.css HTTP/1.1" 304 -
120.253.135.82 - - [10/Mar/2024:10:49:19 +0800] "GET /xingrg/javascript/jquery_tools/jquery.tools.hotkey.js HTTP/1.1" 304 -
120.253.135.82 - - [10/Mar/2024:10:49:19 +0800] "GET /xingrg/javascript/auto/jquery.autocomplete.css HTTP/1.1" 304 -
120.253.135.82 - - [10/Mar/2024:10:49:19 +0800] "GET /xingrg/javascript/jquery.cookie.js HTTP/1.1" 304 -
120.253.135.82 - - [10/Mar/2024:10:49:19 +0800] "GET /xingrg/javascript/jquery_tools/list_manager.js HTTP/1.1" 304 -
120.253.135.82 - - [10/Mar/2024:10:49:20 +0800] "GET /xingrg/javascript/easyui/themes/icons/edit_add_new.png HTTP/1.1" 304 -
120.253.135.82 - - [10/Mar/2024:10:49:20 +0800] "GET /xingrg/javascript/easyui/themes/icons/cance_new.png HTTP/1.1" 304 -
120.253.135.82 - - [10/Mar/2024:10:49:20 +0800] "GET /xingrg/javascript/easyui/themes/icons/check_new.png HTTP/1.1" 304 -
120.253.135.82 - - [10/Mar/2024:10:49:20 +0800] "GET /xingrg/javascript/easyui/themes/icons/field_new.png HTTP/1.1" 304 -
120.253.135.82 - - [10/Mar/2024:10:49:20 +0800] "GET /xingrg/javascript/easyui/themes/icons/uncheck_new.png HTTP/1.1" 304 -
120.253.135.82 - - [10/Mar/2024:10:49:20 +0800] "GET /xingrg/javascript/easyui/themes/icons/import_new.png HTTP/1.1" 304 -
120.253.135.82 - - [10/Mar/2024:10:49:20 +0800] "GET /xingrg/javascript/easyui/plugins/jquery.parser.js HTTP/1.1" 304 -
124.77.241.9 - - [10/Mar/2024:10:49:20 +0800] "POST /xingrg/kc/buy/cgsh_order_operate.html HTTP/1.1" 200 8245
120.253.135.82 - - [10/Mar/2024:10:49:20 +0800] "POST /xingrg/kc/pszx/mdps_list_operate.html HTTP/1.1" 200 5283
124.77.241.9 - - [10/Mar/2024:10:49:20 +0800] "GET /xingrg/javascript/easyui/themes/default/validatebox.css HTTP/1.1" 404 1104
124.77.241.9 - - [10/Mar/2024:10:49:20 +0800] "POST /xingrg/services/DataTransmitService HTTP/1.1" 200 2331
116.237.76.68 - - [10/Mar/2024:10:49:20 +0800] "GET /xingrg/kc/buy/cgsh_order_operate.html?command=get_materiel&rest_code=00106&code=00101008353&supplier_code=00100008&order_time=2024-03-10 HTTP/1.1" 200 408
116.230.123.13 - - [10/Mar/2024:10:49:20 +0800] "GET /xingrg/javascript/jquery_easy_ui/themes/icons/rest.png HTTP/1.1" 200 695
116.230.123.13 - - [10/Mar/2024:10:49:20 +0800] "GET /xingrg/javascript/jquery_easy_ui/themes/icons/area.png HTTP/1.1" 200 262
124.77.241.9 - - [10/Mar/2024:10:49:21 +0800] "POST /xingrg/services/DataTransmitService HTTP/1.1" 200 524
116.238.97.31 - - [10/Mar/2024:10:49:21 +0800] "GET /xingrg/all/function/internal_message.html?_=1710038961686&CODE_STATE=getMsg HTTP/1.1" 200 27
124.77.241.9 - - [10/Mar/2024:10:49:22 +0800] "POST /xingrg/services/DataTransmitService HTTP/1.1" 200 2331
120.253.135.82 - - [10/Mar/2024:10:49:22 +0800] "GET /xingrg/javascript/auto/indicator.gif HTTP/1.1" 404 1066
116.237.76.68 - - [10/Mar/2024:10:49:23 +0800] "GET /xingrg/all/function/internal_message.html?_=1710038964855&CODE_STATE=getMsg HTTP/1.1" 200 27
120.253.135.82 - - [10/Mar/2024:10:49:25 +0800] "POST /xingrg/kc/pszx/mdps_list_operate.html HTTP/1.1" 200 3133
124.77.241.9 - - [10/Mar/2024:10:49:25 +0800] "POST /xingrg/services/DataTransmitService HTTP/1.1" 200 524
124.77.241.9 - - [10/Mar/2024:10:49:26 +0800] "POST /xingrg/services/DataTransmitService HTTP/1.1" 200 2331
120.253.135.82 - - [10/Mar/2024:10:49:26 +0800] "POST /xingrg/kc/pszx/mdps_list_operate.html HTTP/1.1" 200 202
124.77.241.9 - - [10/Mar/2024:10:49:28 +0800] "POST /xingrg/services/DataTransmitService HTTP/1.1" 200 524
120.253.135.82 - - [10/Mar/2024:10:49:28 +0800] "GET /xingrg/kc/pszx/mdps_order_info.html?code=312024031000189 HTTP/1.1" 200 23972
120.253.135.82 - - [10/Mar/2024:10:49:28 +0800] "GET /xingrg/javascript/convert.js HTTP/1.1" 304 -
120.253.135.82 - - [10/Mar/2024:10:49:28 +0800] "GET /xingrg/javascript/jquery_tools/order_manager.js HTTP/1.1" 304 -
120.253.135.82 - - [10/Mar/2024:10:49:28 +0800] "GET /xingrg/javascript/json2.js HTTP/1.1" 304 -
120.253.135.82 - - [10/Mar/2024:10:49:28 +0800] "GET /xingrg/words/20240310095931_words.js HTTP/1.1" 304 -
120.253.135.82 - - [10/Mar/2024:10:49:28 +0800] "GET /xingrg/javascript/easyui/themes/icons/copy_new.png HTTP/1.1" 304 -
120.253.135.82 - - [10/Mar/2024:10:49:28 +0800] "GET /xingrg/javascript/easyui/themes/icons/ok.png HTTP/1.1" 304 -
120.253.135.82 - - [10/Mar/2024:10:49:28 +0800] "GET /xingrg/javascript/easyui/themes/icons/cancel.png HTTP/1.1" 304 -
120.253.135.82 - - [10/Mar/2024:10:49:28 +0800] "GET /xingrg/javascript/easyui/themes/default/images/menu_downarrow.png HTTP/1.1" 304 -
120.253.135.82 - - [10/Mar/2024:10:49:28 +0800] "GET /xingrg/javascript/easyui/themes/icons/print.png HTTP/1.1" 304 -
120.253.135.82 - - [10/Mar/2024:10:49:28 +0800] "GET /xingrg/javascript/easyui/plugins/jquery.validatebox.js HTTP/1.1" 304 -
120.253.135.82 - - [10/Mar/2024:10:49:28 +0800] "GET /xingrg/javascript/easyui/themes/default/validatebox.css HTTP/1.1" 404 1104
120.253.135.82 - - [10/Mar/2024:10:49:28 +0800] "GET /xingrg/javascript/easyui/plugins/jquery.numberbox.js HTTP/1.1" 304 -
120.253.135.82 - - [10/Mar/2024:10:49:29 +0800] "GET /xingrg/all/common/auto_word.html?type=base&rest_code=00101 HTTP/1.1" 200 671
124.77.241.9 - - [10/Mar/2024:10:49:29 +0800] "POST /xingrg/services/DataTransmitService HTTP/1.1" 200 2331
120.253.135.82 - - [10/Mar/2024:10:49:29 +0800] "POST /xingrg/kc/pszx/mdps_order_operate.html HTTP/1.1" 200 2271
120.253.135.82 - - [10/Mar/2024:10:49:29 +0800] "GET /xingrg/javascript/easyui/themes/icons/edit_remove.png HTTP/1.1" 304 -
120.253.135.82 - - [10/Mar/2024:10:49:30 +0800] "GET /xingrg/javascript/easyui/themes/default/images/button_plain_hover.png HTTP/1.1" 304 -
124.77.241.9 - - [10/Mar/2024:10:49:32 +0800] "GET /xingrg/all/function/internal_message.html?_=1710038998497&CODE_STATE=getMsg HTTP/1.1" 200 27
120.253.135.82 - - [10/Mar/2024:10:49:32 +0800] "POST /xingrg/kc/pszx/mdps_order_operate.html HTTP/1.1" 200 37
120.253.135.82 - - [10/Mar/2024:10:49:34 +0800] "GET /xingrg/kc/pszx/mdps_order_info.html?code=312024031000189 HTTP/1.1" 200 23972
124.77.241.9 - - [10/Mar/2024:10:49:34 +0800] "POST /xingrg/services/DataTransmitService HTTP/1.1" 200 524
120.253.135.82 - - [10/Mar/2024:10:49:34 +0800] "GET /xingrg/javascript/easyui/themes/default/validatebox.css HTTP/1.1" 404 1104
120.253.135.82 - - [10/Mar/2024:10:49:35 +0800] "POST /xingrg/kc/pszx/mdps_order_operate.html HTTP/1.1" 200 2278
124.77.241.9 - - [10/Mar/2024:10:49:35 +0800] "POST /xingrg/services/DataTransmitService HTTP/1.1" 200 2331
124.77.241.9 - - [10/Mar/2024:10:49:38 +0800] "POST /xingrg/services/DataTransmitService HTTP/1.1" 200 524
180.169.147.146 - - [10/Mar/2024:10:49:40 +0800] "GET /xingrg/check_reg.html?_=1710038980237 HTTP/1.1" 200 22
180.169.147.146 - - [10/Mar/2024:10:49:40 +0800] "GET /xingrg/all/function/internal_message.html?_=1710038980240&CODE_STATE=getMsg HTTP/1.1" 200 27
124.77.241.9 - - [10/Mar/2024:10:49:40 +0800] "POST /xingrg/services/DataTransmitService HTTP/1.1" 200 412
124.77.241.9 - - [10/Mar/2024:10:49:41 +0800] "POST /xingrg/services/DataTransmitService HTTP/1.1" 200 524
116.237.76.68 - - [10/Mar/2024:10:49:45 +0800] "GET /xingrg/kc/buy/cgsh_order_operate.html?command=get_materiel&rest_code=00106&code=00101008356&supplier_code=00100008&order_time=2024-03-10 HTTP/1.1" 200 408
124.77.241.9 - - [10/Mar/2024:10:49:45 +0800] "POST /xingrg/services/DataTransmitService HTTP/1.1" 200 412
124.77.241.9 - - [10/Mar/2024:10:49:46 +0800] "POST /xingrg/services/DataTransmitService HTTP/1.1" 200 524
120.253.135.82 - - [10/Mar/2024:10:49:47 +0800] "GET /xingrg/kc/pszx/mdps_order_info.html?code=312024031000189 HTTP/1.1" 200 23972
120.253.135.82 - - [10/Mar/2024:10:49:47 +0800] "GET /xingrg/javascript/easyui/themes/default/validatebox.css HTTP/1.1" 404 1104
120.253.135.82 - - [10/Mar/2024:10:49:48 +0800] "POST /xingrg/kc/pszx/mdps_order_operate.html HTTP/1.1" 200 2278
124.77.241.9 - - [10/Mar/2024:10:49:49 +0800] "POST /xingrg/services/DataTransmitService HTTP/1.1" 200 412
124.77.241.9 - - [10/Mar/2024:10:49:49 +0800] "POST /xingrg/services/DataTransmitService HTTP/1.1" 200 524
120.253.135.82 - - [10/Mar/2024:10:49:49 +0800] "GET /xingrg/all/function/internal_message.html?_=1710038826218&CODE_STATE=getMsg HTTP/1.1" 200 27
120.253.135.82 - - [10/Mar/2024:10:49:50 +0800] "POST /xingrg/kc/pszx/mdps_list_operate.html HTTP/1.1" 200 3133
124.77.241.9 - - [10/Mar/2024:10:49:50 +0800] "GET /xingrg/kc/buy/cgsh_order_operate.html?command=get_materiel&rest_code=00146&code=00101004063&supplier_code=00100094&order_time=2024-03-10 HTTP/1.1" 200 416
124.77.241.9 - - [10/Mar/2024:10:49:51 +0800] "POST /xingrg/services/DataTransmitService HTTP/1.1" 200 412
124.77.241.9 - - [10/Mar/2024:10:49:54 +0800] "POST /xingrg/services/DataTransmitService HTTP/1.1" 200 524
124.77.241.9 - - [10/Mar/2024:10:49:57 +0800] "POST /xingrg/services/DataTransmitService HTTP/1.1" 200 412
124.77.241.9 - - [10/Mar/2024:10:49:58 +0800] "POST /xingrg/services/DataTransmitService HTTP/1.1" 200 524
116.237.76.68 - - [10/Mar/2024:10:49:59 +0800] "GET /xingrg/kc/buy/cgsh_order_operate.html?command=get_materiel&rest_code=00106&code=00101008286&supplier_code=00100008&order_time=2024-03-10 HTTP/1.1" 200 408
101.83.145.37 - - [10/Mar/2024:10:50:04 +0800] "GET /xingrg/all/function/internal_message.html?_=1710038766990&CODE_STATE=getMsg HTTP/1.1" 200 27
124.77.241.9 - - [10/Mar/2024:10:50:09 +0800] "POST /xingrg/services/DataTransmitService HTTP/1.1" 200 412
124.77.241.9 - - [10/Mar/2024:10:50:11 +0800] "POST /xingrg/kc/buy/cgsh_order_operate.html HTTP/1.1" 200 37
124.77.241.9 - - [10/Mar/2024:10:50:13 +0800] "POST /xingrg/services/DataTransmitService HTTP/1.1" 200 524
116.230.123.13 - - [10/Mar/2024:10:50:15 +0800] "POST /xingrg/kc/buy/cgsh_order_operate.html HTTP/1.1" 200 37
124.77.241.9 - - [10/Mar/2024:10:50:15 +0800] "POST /xingrg/kc/buy/cgsh_order_operate.html HTTP/1.1" 200 2665
124.77.241.9 - - [10/Mar/2024:10:50:15 +0800] "POST /xingrg/services/DataTransmitService HTTP/1.1" 200 412
120.253.135.82 - - [10/Mar/2024:10:50:17 +0800] "POST /xingrg/kc/pszx/mdps_list_operate.html HTTP/1.1" 200 201
116.230.123.13 - - [10/Mar/2024:10:50:18 +0800] "POST /xingrg/kc/buy/cgsh_order_operate.html HTTP/1.1" 200 3249
116.230.123.13 - - [10/Mar/2024:10:50:18 +0800] "POST /xingrg/services/DataTransmitService HTTP/1.1" 200 524
120.253.135.82 - - [10/Mar/2024:10:50:19 +0800] "POST /xingrg/kc/pszx/mdps_list_operate.html HTTP/1.1" 200 444
116.224.254.208 - - [10/Mar/2024:10:50:19 +0800] "GET /xingrg/all/function/internal_message.html?_=1710039019802&CODE_STATE=getMsg HTTP/1.1" 200 27
124.77.241.9 - - [10/Mar/2024:10:50:21 +0800] "GET /xingrg/kc/print/load_data.html?order_code=212024031002863&kc_code=cgsh&condition= HTTP/1.1" 200 756
120.253.135.82 - - [10/Mar/2024:10:50:21 +0800] "POST /xingrg/kc/pszx/mdps_list_operate.html HTTP/1.1" 200 620
116.238.97.31 - - [10/Mar/2024:10:50:21 +0800] "GET /xingrg/all/function/internal_message.html?_=1710039021679&CODE_STATE=getMsg HTTP/1.1" 200 27
116.238.97.31 - - [10/Mar/2024:10:50:21 +0800] "GET /xingrg/check_reg.html?_=1710039021725 HTTP/1.1" 200 22
116.230.123.13 - - [10/Mar/2024:10:50:21 +0800] "GET /xingrg/kc/print/load_data.html?order_code=212024031002864&kc_code=cgsh&condition= HTTP/1.1" 200 897
116.237.76.68 - - [10/Mar/2024:10:50:22 +0800] "GET /xingrg/kc/buy/cgsh_order_operate.html?command=get_materiel&rest_code=00106&code=00101008108&supplier_code=00100008&order_time=2024-03-10 HTTP/1.1" 200 412
116.237.76.68 - - [10/Mar/2024:10:50:23 +0800] "GET /xingrg/all/function/internal_message.html?_=1710039024851&CODE_STATE=getMsg HTTP/1.1" 200 27
120.253.135.82 - - [10/Mar/2024:10:50:28 +0800] "POST /xingrg/kc/pszx/mdps_list_operate.html HTTP/1.1" 200 644
120.253.135.82 - - [10/Mar/2024:10:50:30 +0800] "POST /xingrg/kc/pszx/mdps_list_operate.html HTTP/1.1" 200 202
124.77.241.9 - - [10/Mar/2024:10:50:31 +0800] "GET /xingrg/kc/buy/cgsh_order_add.html HTTP/1.1" 200 73655
124.77.241.9 - - [10/Mar/2024:10:50:32 +0800] "POST /xingrg/kc/buy/cgsh_order_operate.html HTTP/1.1" 200 8245
124.77.241.9 - - [10/Mar/2024:10:50:32 +0800] "GET /xingrg/check_reg.html?_=1710039058624 HTTP/1.1" 200 22
124.77.241.9 - - [10/Mar/2024:10:50:32 +0800] "GET /xingrg/all/function/internal_message.html?_=1710039058625&CODE_STATE=getMsg HTTP/1.1" 200 27
124.77.241.9 - - [10/Mar/2024:10:50:32 +0800] "GET /xingrg/javascript/easyui/themes/default/validatebox.css HTTP/1.1" 404 1104
120.253.135.82 - - [10/Mar/2024:10:50:40 +0800] "GET /xingrg/kc/pszx/mdqp_order_list.html?state=10 HTTP/1.1" 200 10319
120.253.135.82 - - [10/Mar/2024:10:50:40 +0800] "GET /xingrg/dwr/interface/AjaxReportQueryService.js HTTP/1.1" 200 13203
120.253.135.82 - - [10/Mar/2024:10:50:40 +0800] "GET /xingrg/dwr/interface/AjaxQqpsService.js HTTP/1.1" 200 16326
120.253.135.82 - - [10/Mar/2024:10:50:40 +0800] "GET /xingrg/dwr/engine.js HTTP/1.1" 200 43631
180.169.147.146 - - [10/Mar/2024:10:50:40 +0800] "GET /xingrg/all/function/internal_message.html?_=1710039040250&CODE_STATE=getMsg HTTP/1.1" 200 27
124.77.241.9 - - [10/Mar/2024:10:50:47 +0800] "GET /xingrg/kc/buy/cgsh_order_operate.html?command=get_materiel&rest_code=00146&code=00101002006&supplier_code=00100091&order_time=2024-03-10 HTTP/1.1" 200 414
120.253.135.82 - - [10/Mar/2024:10:50:49 +0800] "GET /xingrg/all/function/internal_message.html?_=1710038886243&CODE_STATE=getMsg HTTP/1.1" 200 27
124.77.241.9 - - [10/Mar/2024:10:50:55 +0800] "POST /xingrg/services/DataTransmitService HTTP/1.1" 200 524
124.77.241.9 - - [10/Mar/2024:10:50:57 +0800] "POST /xingrg/services/DataTransmitService HTTP/1.1" 200 412
124.77.241.9 - - [10/Mar/2024:10:50:59 +0800] "POST /xingrg/kc/buy/cgsh_order_operate.html HTTP/1.1" 200 37
124.77.241.9 - - [10/Mar/2024:10:51:03 +0800] "POST /xingrg/kc/buy/cgsh_order_operate.html HTTP/1.1" 200 2661
101.83.145.37 - - [10/Mar/2024:10:51:04 +0800] "GET /xingrg/all/function/internal_message.html?_=1710038826998&CODE_STATE=getMsg HTTP/1.1" 200 27
124.77.241.9 - - [10/Mar/2024:10:51:07 +0800] "GET /xingrg/kc/print/load_data.html?order_code=212024031002865&kc_code=cgsh&condition= HTTP/1.1" 200 749
