124.77.241.9 - - [10/Mar/2024:10:51:09 +0800] "POST /xingrg/services/DataTransmitService HTTP/1.1" 200 524
116.230.123.13 - - [10/Mar/2024:10:51:09 +0800] "POST /xingrg/services/DataTransmitService HTTP/1.1" 200 501
124.77.241.9 - - [10/Mar/2024:10:51:10 +0800] "POST /xingrg/services/DataTransmitService HTTP/1.1" 200 2331
116.230.123.13 - - [10/Mar/2024:10:51:11 +0800] "POST /xingrg/services/DataTransmitService HTTP/1.1" 200 501
116.230.123.13 - - [10/Mar/2024:10:51:11 +0800] "GET /xingrg/all/function/internal_message.html?_=1710039071030&CODE_STATE=getMsg HTTP/1.1" 200 27
124.77.241.9 - - [10/Mar/2024:10:51:13 +0800] "GET /xingrg/kc/buy/cgsh_order_add.html HTTP/1.1" 200 73655
124.77.241.9 - - [10/Mar/2024:10:51:13 +0800] "POST /xingrg/kc/buy/cgsh_order_operate.html HTTP/1.1" 200 8245
124.77.241.9 - - [10/Mar/2024:10:51:13 +0800] "GET /xingrg/javascript/easyui/themes/default/validatebox.css HTTP/1.1" 404 1104
116.237.76.68 - - [10/Mar/2024:10:51:14 +0800] "POST /xingrg/kc/buy/cgsh_order_operate.html HTTP/1.1" 200 2065
116.224.254.208 - - [10/Mar/2024:10:51:19 +0800] "GET /xingrg/all/function/internal_message.html?_=1710039079786&CODE_STATE=getMsg HTTP/1.1" 200 27
116.238.97.31 - - [10/Mar/2024:10:51:21 +0800] "GET /xingrg/all/function/internal_message.html?_=1710039081685&CODE_STATE=getMsg HTTP/1.1" 200 27
120.253.135.82 - - [10/Mar/2024:10:51:22 +0800] "GET /xingrg/kc/pszx/mdps_order_list.html?orderType=0 HTTP/1.1" 200 21033
120.253.135.82 - - [10/Mar/2024:10:51:22 +0800] "POST /xingrg/kc/pszx/mdps_list_operate.html HTTP/1.1" 200 5283
116.237.76.68 - - [10/Mar/2024:10:51:23 +0800] "GET /xingrg/all/function/internal_message.html?_=1710039084838&CODE_STATE=getMsg HTTP/1.1" 200 27
172.20.0.100 - - [10/Mar/2024:10:51:26 +0800] "GET /favicon.ico HTTP/1.1" 404 -
116.237.76.68 - - [10/Mar/2024:10:51:27 +0800] "GET /xingrg/kc/buy/cgsh_order_operate.html?command=get_materiel&rest_code=00106&code=00101008318&supplier_code=00100008&order_time=2024-03-10 HTTP/1.1" 200 408
124.77.241.9 - - [10/Mar/2024:10:51:30 +0800] "POST /xingrg/services/DataTransmitService HTTP/1.1" 200 524
116.230.123.13 - - [10/Mar/2024:10:51:30 +0800] "POST /xingrg/services/DataTransmitService HTTP/1.1" 200 501
124.77.241.9 - - [10/Mar/2024:10:51:32 +0800] "GET /xingrg/all/function/internal_message.html?_=1710039118634&CODE_STATE=getMsg HTTP/1.1" 200 27
120.253.135.82 - - [10/Mar/2024:10:51:33 +0800] "POST /xingrg/kc/pszx/mdps_list_operate.html HTTP/1.1" 200 2065
124.77.241.9 - - [10/Mar/2024:10:51:33 +0800] "GET /xingrg/kc/buy/cgsh_order_operate.html?command=get_materiel&rest_code=00146&code=00101007233&supplier_code=00100570&order_time=2024-03-10 HTTP/1.1" 200 400
120.253.135.82 - - [10/Mar/2024:10:51:34 +0800] "POST /xingrg/kc/pszx/mdps_list_operate.html HTTP/1.1" 200 622
120.253.135.82 - - [10/Mar/2024:10:51:36 +0800] "GET /xingrg/kc/pszx/mdps_order_info.html?code=312024031000186 HTTP/1.1" 200 23978
120.253.135.82 - - [10/Mar/2024:10:51:36 +0800] "GET /xingrg/javascript/easyui/themes/default/validatebox.css HTTP/1.1" 404 1104
120.253.135.82 - - [10/Mar/2024:10:51:37 +0800] "POST /xingrg/kc/pszx/mdps_order_operate.html HTTP/1.1" 200 14516
180.169.147.146 - - [10/Mar/2024:10:51:40 +0800] "GET /xingrg/all/function/internal_message.html?_=1710039100248&CODE_STATE=getMsg HTTP/1.1" 200 27
101.83.145.37 - - [10/Mar/2024:10:51:43 +0800] "GET /xingrg/javascript/auto/indicator.gif HTTP/1.1" 404 1066
120.253.135.82 - - [10/Mar/2024:10:51:49 +0800] "GET /xingrg/check_reg.html?_=1710038946185 HTTP/1.1" 200 22
120.253.135.82 - - [10/Mar/2024:10:51:49 +0800] "GET /xingrg/all/function/internal_message.html?_=1710038946261&CODE_STATE=getMsg HTTP/1.1" 200 27
116.230.123.13 - - [10/Mar/2024:10:51:49 +0800] "POST /xingrg/services/DataTransmitService HTTP/1.1" 200 501
124.77.241.9 - - [10/Mar/2024:10:51:49 +0800] "POST /xingrg/services/DataTransmitService HTTP/1.1" 200 412
124.77.241.9 - - [10/Mar/2024:10:51:50 +0800] "POST /xingrg/services/DataTransmitService HTTP/1.1" 200 524
116.237.76.68 - - [10/Mar/2024:10:51:50 +0800] "GET /xingrg/kc/buy/cgsh_order_operate.html?command=get_materiel&rest_code=00106&code=00101008163&supplier_code=00100008&order_time=2024-03-10 HTTP/1.1" 200 409
124.77.241.9 - - [10/Mar/2024:10:51:50 +0800] "GET /xingrg/kc/buy/cgsh_order_operate.html?command=get_materiel&rest_code=00146&code=00101010936&supplier_code=00100570&order_time=2024-03-10 HTTP/1.1" 200 417
116.230.123.13 - - [10/Mar/2024:10:51:51 +0800] "POST /xingrg/services/DataTransmitService HTTP/1.1" 200 501
116.230.123.13 - - [10/Mar/2024:10:51:52 +0800] "POST /xingrg/services/DataTransmitService HTTP/1.1" 200 501
101.83.145.37 - - [10/Mar/2024:10:51:56 +0800] "POST /xingrg/kc/buy/cgsh_list_operate.html HTTP/1.1" 200 4327
116.230.123.13 - - [10/Mar/2024:10:52:01 +0800] "POST /xingrg/services/DataTransmitService HTTP/1.1" 200 501
124.77.241.9 - - [10/Mar/2024:10:52:01 +0800] "POST /xingrg/services/DataTransmitService HTTP/1.1" 200 412
116.230.123.13 - - [10/Mar/2024:10:52:02 +0800] "POST /xingrg/services/DataTransmitService HTTP/1.1" 200 501
124.77.241.9 - - [10/Mar/2024:10:52:03 +0800] "GET /xingrg/kc/buy/cgsh_order_operate.html?command=get_materiel&rest_code=00146&code=00101018039&supplier_code=00100570&order_time=2024-03-10 HTTP/1.1" 200 422
101.83.145.37 - - [10/Mar/2024:10:52:04 +0800] "GET /xingrg/all/function/internal_message.html?_=1710038886989&CODE_STATE=getMsg HTTP/1.1" 200 27
116.230.123.13 - - [10/Mar/2024:10:52:04 +0800] "POST /xingrg/services/DataTransmitService HTTP/1.1" 200 501
124.77.241.9 - - [10/Mar/2024:10:52:04 +0800] "POST /xingrg/services/DataTransmitService HTTP/1.1" 200 524
116.230.123.13 - - [10/Mar/2024:10:52:04 +0800] "POST /xingrg/services/DataTransmitService HTTP/1.1" 200 412
124.77.241.9 - - [10/Mar/2024:10:52:07 +0800] "POST /xingrg/services/DataTransmitService HTTP/1.1" 200 412
116.230.123.13 - - [10/Mar/2024:10:52:11 +0800] "GET /xingrg/all/function/internal_message.html?_=1710039131020&CODE_STATE=getMsg HTTP/1.1" 200 27
124.77.241.9 - - [10/Mar/2024:10:52:12 +0800] "POST /xingrg/services/DataTransmitService HTTP/1.1" 200 524
116.237.76.68 - - [10/Mar/2024:10:52:12 +0800] "GET /xingrg/kc/buy/cgsh_order_operate.html?command=get_materiel&rest_code=00106&code=00101008411&supplier_code=00100008&order_time=2024-03-10 HTTP/1.1" 200 413
124.77.241.9 - - [10/Mar/2024:10:52:13 +0800] "POST /xingrg/services/DataTransmitService HTTP/1.1" 200 2331
116.230.123.13 - - [10/Mar/2024:10:52:13 +0800] "POST /xingrg/kc/buy/cgsh_order_operate.html HTTP/1.1" 200 37
124.77.241.9 - - [10/Mar/2024:10:52:15 +0800] "POST /xingrg/services/DataTransmitService HTTP/1.1" 200 524
124.77.241.9 - - [10/Mar/2024:10:52:16 +0800] "POST /xingrg/services/DataTransmitService HTTP/1.1" 200 2331
124.77.241.9 - - [10/Mar/2024:10:52:17 +0800] "POST /xingrg/services/DataTransmitService HTTP/1.1" 200 524
124.77.241.9 - - [10/Mar/2024:10:52:18 +0800] "POST /xingrg/services/DataTransmitService HTTP/1.1" 200 2331
124.77.241.9 - - [10/Mar/2024:10:52:18 +0800] "POST /xingrg/services/DataTransmitService HTTP/1.1" 200 524
124.77.241.9 - - [10/Mar/2024:10:52:19 +0800] "POST /xingrg/services/DataTransmitService HTTP/1.1" 200 2331
116.224.254.208 - - [10/Mar/2024:10:52:19 +0800] "GET /xingrg/all/function/internal_message.html?_=1710039139773&CODE_STATE=getMsg HTTP/1.1" 200 27
116.224.254.208 - - [10/Mar/2024:10:52:19 +0800] "GET /xingrg/check_reg.html?_=1710039139881 HTTP/1.1" 200 22
124.77.241.9 - - [10/Mar/2024:10:52:19 +0800] "POST /xingrg/kc/buy/cgsh_order_operate.html HTTP/1.1" 200 37
124.77.241.9 - - [10/Mar/2024:10:52:20 +0800] "POST /xingrg/services/DataTransmitService HTTP/1.1" 200 524
116.238.97.31 - - [10/Mar/2024:10:52:21 +0800] "GET /xingrg/all/function/internal_message.html?_=1710039141696&CODE_STATE=getMsg HTTP/1.1" 200 27
124.77.241.9 - - [10/Mar/2024:10:52:21 +0800] "POST /xingrg/services/DataTransmitService HTTP/1.1" 200 2331
116.237.76.68 - - [10/Mar/2024:10:52:23 +0800] "GET /xingrg/all/function/internal_message.html?_=1710039144889&CODE_STATE=getMsg HTTP/1.1" 200 27
116.237.76.68 - - [10/Mar/2024:10:52:23 +0800] "GET /xingrg/check_reg.html?_=1710039144892 HTTP/1.1" 200 22
116.230.123.13 - - [10/Mar/2024:10:52:24 +0800] "POST /xingrg/kc/buy/cgsh_order_operate.html HTTP/1.1" 200 12
124.77.241.9 - - [10/Mar/2024:10:52:24 +0800] "POST /xingrg/kc/buy/cgsh_order_operate.html HTTP/1.1" 200 3858
124.77.241.9 - - [10/Mar/2024:10:52:25 +0800] "POST /xingrg/services/DataTransmitService HTTP/1.1" 200 524
124.77.241.9 - - [10/Mar/2024:10:52:26 +0800] "POST /xingrg/services/DataTransmitService HTTP/1.1" 200 2331
116.230.123.13 - - [10/Mar/2024:10:52:27 +0800] "GET /xingrg/kc/buy/cgsh_order_info.html?code=212024031002864 HTTP/1.1" 200 68524
124.77.241.9 - - [10/Mar/2024:10:52:27 +0800] "POST /xingrg/services/DataTransmitService HTTP/1.1" 200 524
116.230.123.13 - - [10/Mar/2024:10:52:27 +0800] "GET /xingrg/javascript/easyui/themes/default/validatebox.css HTTP/1.1" 404 1104
124.77.241.9 - - [10/Mar/2024:10:52:28 +0800] "POST /xingrg/services/DataTransmitService HTTP/1.1" 200 2331
124.77.241.9 - - [10/Mar/2024:10:52:28 +0800] "POST /xingrg/services/DataTransmitService HTTP/1.1" 200 524
116.230.123.13 - - [10/Mar/2024:10:52:28 +0800] "POST /xingrg/kc/buy/cgsh_order_operate.html HTTP/1.1" 200 1199
124.77.241.9 - - [10/Mar/2024:10:52:28 +0800] "GET /xingrg/kc/print/load_data.html?order_code=212024031002866&kc_code=cgsh&condition= HTTP/1.1" 200 1140
124.77.241.9 - - [10/Mar/2024:10:52:29 +0800] "POST /xingrg/services/DataTransmitService HTTP/1.1" 200 2331
124.77.241.9 - - [10/Mar/2024:10:52:31 +0800] "POST /xingrg/services/DataTransmitService HTTP/1.1" 200 524
124.77.241.9 - - [10/Mar/2024:10:52:31 +0800] "POST /xingrg/services/DataTransmitService HTTP/1.1" 200 2331
124.77.241.9 - - [10/Mar/2024:10:52:32 +0800] "GET /xingrg/all/function/internal_message.html?_=1710039178695&CODE_STATE=getMsg HTTP/1.1" 200 27
116.230.123.13 - - [10/Mar/2024:10:52:33 +0800] "GET /xingrg/kc/buy/cgsh_order_add.html HTTP/1.1" 200 73611
116.230.123.13 - - [10/Mar/2024:10:52:34 +0800] "GET /xingrg/javascript/easyui/themes/default/validatebox.css HTTP/1.1" 404 1104
116.230.123.13 - - [10/Mar/2024:10:52:34 +0800] "POST /xingrg/kc/buy/cgsh_order_operate.html HTTP/1.1" 200 8245
124.77.241.9 - - [10/Mar/2024:10:52:34 +0800] "GET /xingrg/kc/buy/cgsh_order_add.html HTTP/1.1" 200 73655
124.77.241.9 - - [10/Mar/2024:10:52:35 +0800] "POST /xingrg/kc/buy/cgsh_order_operate.html HTTP/1.1" 200 8245
124.77.241.9 - - [10/Mar/2024:10:52:35 +0800] "GET /xingrg/javascript/easyui/themes/default/validatebox.css HTTP/1.1" 404 1104
180.169.147.146 - - [10/Mar/2024:10:52:40 +0800] "GET /xingrg/all/function/internal_message.html?_=1710039160243&CODE_STATE=getMsg HTTP/1.1" 200 27
116.237.76.68 - - [10/Mar/2024:10:52:44 +0800] "GET /xingrg/kc/buy/cgsh_order_operate.html?command=get_materiel&rest_code=00106&code=00101008357&supplier_code=00100008&order_time=2024-03-10 HTTP/1.1" 200 408
124.77.241.9 - - [10/Mar/2024:10:52:46 +0800] "POST /xingrg/services/DataTransmitService HTTP/1.1" 200 524
172.20.0.100 - - [10/Mar/2024:10:52:46 +0800] "GET /xingrg/check_reg.html?_=1710039185023 HTTP/1.1" 302 -
124.77.241.9 - - [10/Mar/2024:10:52:49 +0800] "POST /xingrg/services/DataTransmitService HTTP/1.1" 200 412
120.253.135.82 - - [10/Mar/2024:10:52:49 +0800] "GET /xingrg/all/function/internal_message.html?_=1710039006286&CODE_STATE=getMsg HTTP/1.1" 200 27
124.77.241.9 - - [10/Mar/2024:10:52:51 +0800] "POST /xingrg/services/DataTransmitService HTTP/1.1" 200 524
124.77.241.9 - - [10/Mar/2024:10:52:53 +0800] "GET /xingrg/kc/buy/cgsh_order_operate.html?command=get_materiel&rest_code=00146&code=00101012046&supplier_code=00100487&order_time=2024-03-10 HTTP/1.1" 200 417
124.77.241.9 - - [10/Mar/2024:10:52:54 +0800] "POST /xingrg/services/DataTransmitService HTTP/1.1" 200 412
124.77.241.9 - - [10/Mar/2024:10:52:54 +0800] "POST /xingrg/services/DataTransmitService HTTP/1.1" 200 524
124.77.241.9 - - [10/Mar/2024:10:52:57 +0800] "POST /xingrg/services/DataTransmitService HTTP/1.1" 200 412
116.230.123.13 - - [10/Mar/2024:10:52:57 +0800] "GET /xingrg/kc/buy/cgsh_order_operate.html?command=get_materiel&rest_code=00111&code=00101001008&supplier_code=00100482&order_time=2024-03-10 HTTP/1.1" 200 415
116.237.76.68 - - [10/Mar/2024:10:53:01 +0800] "GET /xingrg/kc/buy/cgsh_order_operate.html?command=get_materiel&rest_code=00106&code=00101008005&supplier_code=00100008&order_time=2024-03-10 HTTP/1.1" 200 412
124.77.241.9 - - [10/Mar/2024:10:53:03 +0800] "POST /xingrg/services/DataTransmitService HTTP/1.1" 200 524
101.83.145.37 - - [10/Mar/2024:10:53:04 +0800] "GET /xingrg/all/function/internal_message.html?_=1710038946985&CODE_STATE=getMsg HTTP/1.1" 200 27
124.77.241.9 - - [10/Mar/2024:10:53:04 +0800] "POST /xingrg/services/DataTransmitService HTTP/1.1" 200 2331
120.253.135.82 - - [10/Mar/2024:10:53:05 +0800] "GET /xingrg/kc/pszx/mdps_order_operate.html?command=get_materiel&pszx_code=00101&rest_code=00144&base_code=0010246&code=00101013225 HTTP/1.1" 200 437
116.237.76.68 - - [10/Mar/2024:10:53:06 +0800] "POST /xingrg/kc/buy/cgsh_order_operate.html HTTP/1.1" 200 2065
124.77.241.9 - - [10/Mar/2024:10:53:07 +0800] "POST /xingrg/kc/buy/cgsh_order_operate.html HTTP/1.1" 200 37
120.253.135.82 - - [10/Mar/2024:10:53:10 +0800] "POST /xingrg/all/common/load_select.html HTTP/1.1" 200 25
116.230.123.13 - - [10/Mar/2024:10:53:11 +0800] "GET /xingrg/all/function/internal_message.html?_=1710039190993&CODE_STATE=getMsg HTTP/1.1" 200 27
120.253.135.82 - - [10/Mar/2024:10:53:12 +0800] "GET /xingrg/kc/pszx/mdps_order_operate.html?command=get_materiel_price&pszx_code=00101&rest_code=00144&base_code=0010246&code=00101013225&unit_code=00100112&order_time=2024-03-11 HTTP/1.1" 200 49
124.77.241.9 - - [10/Mar/2024:10:53:13 +0800] "POST /xingrg/kc/buy/cgsh_order_operate.html HTTP/1.1" 200 2660
124.77.241.9 - - [10/Mar/2024:10:53:17 +0800] "POST /xingrg/services/DataTransmitService HTTP/1.1" 200 524
116.230.123.13 - - [10/Mar/2024:10:53:18 +0800] "POST /xingrg/kc/buy/cgsh_order_operate.html HTTP/1.1" 200 37
124.77.241.9 - - [10/Mar/2024:10:53:18 +0800] "GET /xingrg/kc/print/load_data.html?order_code=212024031002867&kc_code=cgsh&condition= HTTP/1.1" 200 684
124.77.241.9 - - [10/Mar/2024:10:53:19 +0800] "POST /xingrg/services/DataTransmitService HTTP/1.1" 200 2331
124.77.241.9 - - [10/Mar/2024:10:53:19 +0800] "POST /xingrg/services/DataTransmitService HTTP/1.1" 200 524
116.224.254.208 - - [10/Mar/2024:10:53:19 +0800] "GET /xingrg/all/function/internal_message.html?_=1710039199754&CODE_STATE=getMsg HTTP/1.1" 200 27
124.77.241.9 - - [10/Mar/2024:10:53:20 +0800] "POST /xingrg/services/DataTransmitService HTTP/1.1" 200 2331
116.237.76.68 - - [10/Mar/2024:10:53:21 +0800] "GET /xingrg/kc/buy/cgsh_order_operate.html?command=get_materiel&rest_code=00106&code=00101008098&supplier_code=00100008&order_time=2024-03-10 HTTP/1.1" 200 412
116.238.97.31 - - [10/Mar/2024:10:53:21 +0800] "GET /xingrg/all/function/internal_message.html?_=1710039201687&CODE_STATE=getMsg HTTP/1.1" 200 27
116.237.76.68 - - [10/Mar/2024:10:53:23 +0800] "GET /xingrg/all/function/internal_message.html?_=1710039204874&CODE_STATE=getMsg HTTP/1.1" 200 27
116.230.123.13 - - [10/Mar/2024:10:53:25 +0800] "POST /xingrg/kc/buy/cgsh_order_operate.html HTTP/1.1" 200 12
116.230.123.13 - - [10/Mar/2024:10:53:28 +0800] "GET /xingrg/kc/buy/cgsh_order_info.html?code=212024031002868 HTTP/1.1" 200 68528
116.230.123.13 - - [10/Mar/2024:10:53:28 +0800] "GET /xingrg/javascript/easyui/themes/default/validatebox.css HTTP/1.1" 404 1104
124.77.241.9 - - [10/Mar/2024:10:53:29 +0800] "GET /xingrg/kc/buy/cgsh_order_add.html HTTP/1.1" 200 73655
124.77.241.9 - - [10/Mar/2024:10:53:30 +0800] "POST /xingrg/kc/buy/cgsh_order_operate.html HTTP/1.1" 200 8245
124.77.241.9 - - [10/Mar/2024:10:53:30 +0800] "GET /xingrg/javascript/easyui/themes/default/validatebox.css HTTP/1.1" 404 1104
116.230.123.13 - - [10/Mar/2024:10:53:31 +0800] "POST /xingrg/kc/buy/cgsh_order_operate.html HTTP/1.1" 200 612
124.77.241.9 - - [10/Mar/2024:10:53:32 +0800] "GET /xingrg/all/function/internal_message.html?_=1710039238706&CODE_STATE=getMsg HTTP/1.1" 200 27
120.253.135.82 - - [10/Mar/2024:10:53:33 +0800] "GET /xingrg/kc/pszx/mdps_order_info.html?code=312024031000186 HTTP/1.1" 200 23978
120.253.135.82 - - [10/Mar/2024:10:53:33 +0800] "GET /xingrg/javascript/easyui/themes/default/validatebox.css HTTP/1.1" 404 1104
120.253.135.82 - - [10/Mar/2024:10:53:34 +0800] "POST /xingrg/kc/pszx/mdps_order_operate.html HTTP/1.1" 200 14516
116.230.123.13 - - [10/Mar/2024:10:53:35 +0800] "GET /xingrg/kc/print/load_data.html?order_code=212024031002868&kc_code=cgsh&condition= HTTP/1.1" 200 705
180.169.147.146 - - [10/Mar/2024:10:53:40 +0800] "GET /xingrg/all/function/internal_message.html?_=1710039220232&CODE_STATE=getMsg HTTP/1.1" 200 27
116.237.76.68 - - [10/Mar/2024:10:53:42 +0800] "GET /xingrg/kc/buy/cgsh_order_operate.html?command=get_materiel&rest_code=00106&code=00101008272&supplier_code=00100008&order_time=2024-03-10 HTTP/1.1" 200 412
124.77.241.9 - - [10/Mar/2024:10:53:43 +0800] "POST /xingrg/services/DataTransmitService HTTP/1.1" 200 524
116.230.123.13 - - [10/Mar/2024:10:53:44 +0800] "GET /xingrg/kc/buy/cgsh_order_add.html HTTP/1.1" 200 73611
116.230.123.13 - - [10/Mar/2024:10:53:45 +0800] "GET /xingrg/javascript/easyui/themes/default/validatebox.css HTTP/1.1" 404 1104
116.230.123.13 - - [10/Mar/2024:10:53:45 +0800] "POST /xingrg/kc/buy/cgsh_order_operate.html HTTP/1.1" 200 8245
124.77.241.9 - - [10/Mar/2024:10:53:46 +0800] "POST /xingrg/services/DataTransmitService HTTP/1.1" 200 412
120.253.135.82 - - [10/Mar/2024:10:53:49 +0800] "GET /xingrg/all/function/internal_message.html?_=1710039066288&CODE_STATE=getMsg HTTP/1.1" 200 27
124.78.60.103 - - [10/Mar/2024:10:53:51 +0800] "GET /xingrg/check_reg.html?_=1710039231477 HTTP/1.1" 302 -
124.77.241.9 - - [10/Mar/2024:10:53:53 +0800] "POST /xingrg/services/DataTransmitService HTTP/1.1" 200 524
124.77.241.9 - - [10/Mar/2024:10:53:56 +0800] "POST /xingrg/services/DataTransmitService HTTP/1.1" 200 412
116.237.76.68 - - [10/Mar/2024:10:54:00 +0800] "POST /xingrg/kc/buy/cgsh_order_operate.html HTTP/1.1" 200 37
116.230.123.13 - - [10/Mar/2024:10:54:00 +0800] "GET /xingrg/check_reg.html?_=1710039240364 HTTP/1.1" 200 22
124.77.241.9 - - [10/Mar/2024:10:54:01 +0800] "GET /xingrg/kc/buy/cgsh_order_operate.html?command=get_materiel&rest_code=00146&code=00101004104&supplier_code=00100086&order_time=2024-03-10 HTTP/1.1" 200 408
124.77.241.9 - - [10/Mar/2024:10:54:02 +0800] "POST /xingrg/services/DataTransmitService HTTP/1.1" 200 524
116.237.76.68 - - [10/Mar/2024:10:54:02 +0800] "POST /xingrg/kc/buy/cgsh_order_operate.html HTTP/1.1" 200 14446
116.230.123.13 - - [10/Mar/2024:10:54:02 +0800] "GET /xingrg/kc/buy/cgsh_order_operate.html?command=get_materiel&rest_code=00111&code=00101004098&supplier_code=00100086&order_time=2024-03-10 HTTP/1.1" 200 419
101.83.145.37 - - [10/Mar/2024:10:54:04 +0800] "GET /xingrg/all/function/internal_message.html?_=1710039006994&CODE_STATE=getMsg HTTP/1.1" 200 27
101.83.145.37 - - [10/Mar/2024:10:54:04 +0800] "GET /xingrg/check_reg.html?_=1710039006997 HTTP/1.1" 200 22
124.77.241.9 - - [10/Mar/2024:10:54:05 +0800] "POST /xingrg/services/DataTransmitService HTTP/1.1" 200 412
124.77.241.9 - - [10/Mar/2024:10:54:06 +0800] "POST /xingrg/services/DataTransmitService HTTP/1.1" 200 524
120.253.135.82 - - [10/Mar/2024:10:54:07 +0800] "POST /xingrg/kc/pszx/mdps_list_operate.html HTTP/1.1" 200 2065
124.77.241.9 - - [10/Mar/2024:10:54:09 +0800] "POST /xingrg/services/DataTransmitService HTTP/1.1" 200 412
116.230.123.13 - - [10/Mar/2024:10:54:11 +0800] "GET /xingrg/all/function/internal_message.html?_=1710039250965&CODE_STATE=getMsg HTTP/1.1" 200 27
124.77.241.9 - - [10/Mar/2024:10:54:15 +0800] "POST /xingrg/services/DataTransmitService HTTP/1.1" 200 524
124.77.241.9 - - [10/Mar/2024:10:54:16 +0800] "POST /xingrg/services/DataTransmitService HTTP/1.1" 200 2331
124.77.241.9 - - [10/Mar/2024:10:54:18 +0800] "POST /xingrg/services/DataTransmitService HTTP/1.1" 200 524
124.77.241.9 - - [10/Mar/2024:10:54:19 +0800] "POST /xingrg/services/DataTransmitService HTTP/1.1" 200 2331
124.78.60.103 - - [10/Mar/2024:10:54:19 +0800] "GET /xingrg/kc/print/load_data.html?order_code=212024031002840&kc_code=cgsh&condition= HTTP/1.1" 302 -
124.77.241.9 - - [10/Mar/2024:10:54:19 +0800] "POST /xingrg/services/DataTransmitService HTTP/1.1" 200 524
116.224.254.208 - - [10/Mar/2024:10:54:20 +0800] "GET /xingrg/all/function/internal_message.html?_=1710039259739&CODE_STATE=getMsg HTTP/1.1" 200 27
124.77.241.9 - - [10/Mar/2024:10:54:20 +0800] "POST /xingrg/services/DataTransmitService HTTP/1.1" 200 2331
124.77.241.9 - - [10/Mar/2024:10:54:20 +0800] "GET /xingrg/kc/buy/cgsh_order_operate.html?command=get_materiel&rest_code=00146&code=00101004065&supplier_code=00100086&order_time=2024-03-10 HTTP/1.1" 200 413
116.238.97.31 - - [10/Mar/2024:10:54:21 +0800] "GET /xingrg/all/function/internal_message.html?_=1710039261680&CODE_STATE=getMsg HTTP/1.1" 200 27
124.77.241.9 - - [10/Mar/2024:10:54:23 +0800] "POST /xingrg/services/DataTransmitService HTTP/1.1" 200 524
124.77.241.9 - - [10/Mar/2024:10:54:24 +0800] "POST /xingrg/services/DataTransmitService HTTP/1.1" 200 2331
116.224.254.208 - - [10/Mar/2024:10:54:27 +0800] "GET /xingrg/kc/buy/cgsh_order_add.html HTTP/1.1" 200 73253
116.224.254.208 - - [10/Mar/2024:10:54:27 +0800] "GET /xingrg/words/20240310095931_words.js HTTP/1.1" 304 -
116.224.254.208 - - [10/Mar/2024:10:54:27 +0800] "POST /xingrg/kc/buy/cgsh_order_operate.html HTTP/1.1" 200 8245
116.224.254.208 - - [10/Mar/2024:10:54:27 +0800] "GET /xingrg/javascript/easyui/themes/default/validatebox.css HTTP/1.1" 404 1104
124.77.241.9 - - [10/Mar/2024:10:54:32 +0800] "GET /xingrg/all/function/internal_message.html?_=1710039298720&CODE_STATE=getMsg HTTP/1.1" 200 27
124.78.60.103 - - [10/Mar/2024:10:54:36 +0800] "GET /xingrg/login.html HTTP/1.1" 200 7641
124.78.60.103 - - [10/Mar/2024:10:54:37 +0800] "GET /favicon.ico HTTP/1.1" 404 -
124.77.241.9 - - [10/Mar/2024:10:54:38 +0800] "POST /xingrg/kc/buy/cgsh_order_operate.html HTTP/1.1" 200 37
124.78.60.103 - - [10/Mar/2024:10:54:39 +0800] "POST /xingrg/login.do HTTP/1.1" 302 -
124.78.60.103 - - [10/Mar/2024:10:54:39 +0800] "GET /xingrg/index.html?sysBaseUrl=http%3A%2F%2F180.169.147.146%3A18081%2Fxingrg%2F&costTime=1554×tamp=1710039279494 HTTP/1.1" 200 17179
124.78.60.103 - - [10/Mar/2024:10:54:39 +0800] "GET /favicon.ico HTTP/1.1" 404 -
124.78.60.103 - - [10/Mar/2024:10:54:40 +0800] "GET /xingrg/check_reg.html?_=1710039280107 HTTP/1.1" 200 22
124.78.60.103 - - [10/Mar/2024:10:54:40 +0800] "POST /xingrg/all/common/load_tree.html?tree=area_rest_tree_json&manage=1 HTTP/1.1" 200 351
124.78.60.103 - - [10/Mar/2024:10:54:40 +0800] "GET /xingrg/all/function/internal_message.html?_=1710039280106&CODE_STATE=count HTTP/1.1" 200 11
124.78.60.103 - - [10/Mar/2024:10:54:40 +0800] "POST /xingrg/load_menu.html HTTP/1.1" 200 5138
180.169.147.146 - - [10/Mar/2024:10:54:40 +0800] "GET /xingrg/all/function/internal_message.html?_=1710039280243&CODE_STATE=getMsg HTTP/1.1" 200 27
180.169.147.146 - - [10/Mar/2024:10:54:40 +0800] "GET /xingrg/check_reg.html?_=1710039280248 HTTP/1.1" 200 22
116.224.254.208 - - [10/Mar/2024:10:54:42 +0800] "GET /xingrg/javascript/auto/indicator.gif HTTP/1.1" 404 1066
124.77.241.9 - - [10/Mar/2024:10:54:42 +0800] "POST /xingrg/kc/buy/cgsh_order_operate.html HTTP/1.1" 200 3250
124.77.241.9 - - [10/Mar/2024:10:54:44 +0800] "POST /xingrg/services/DataTransmitService HTTP/1.1" 200 524
124.78.60.103 - - [10/Mar/2024:10:54:46 +0800] "GET /xingrg/css/new_ie.css HTTP/1.1" 404 1036
124.78.60.103 - - [10/Mar/2024:10:54:46 +0800] "GET /xingrg/images/yd/bt.gif HTTP/1.1" 404 1040
124.77.241.9 - - [10/Mar/2024:10:54:49 +0800] "GET /xingrg/kc/print/load_data.html?order_code=212024031002869&kc_code=cgsh&condition= HTTP/1.1" 200 971
120.253.135.82 - - [10/Mar/2024:10:54:49 +0800] "GET /xingrg/all/function/internal_message.html?_=1710039126342&CODE_STATE=getMsg HTTP/1.1" 200 27
116.230.123.13 - - [10/Mar/2024:10:54:55 +0800] "POST /xingrg/kc/buy/cgsh_order_operate.html HTTP/1.1" 200 37
116.224.254.208 - - [10/Mar/2024:10:54:58 +0800] "GET /xingrg/kc/buy/cgsh_order_operate.html?command=get_materiel&rest_code=00151&code=00101010161&supplier_code=00100334&order_time=2024-03-10 HTTP/1.1" 200 410
124.78.60.103 - - [10/Mar/2024:10:54:58 +0800] "POST /xingrg/kc/buy/cgsh_list_operate.html HTTP/1.1" 200 645
101.83.145.37 - - [10/Mar/2024:10:55:04 +0800] "GET /xingrg/all/function/internal_message.html?_=1710039066995&CODE_STATE=getMsg HTTP/1.1" 200 27
180.164.1.25 - - [10/Mar/2024:10:55:05 +0800] "GET /xingrg/check_reg.html?_=1710039304678 HTTP/1.1" 302 -
124.78.60.103 - - [10/Mar/2024:10:55:05 +0800] "GET /xingrg/javascript/jquery_tools/images/next.gif HTTP/1.1" 404 1086
124.78.60.103 - - [10/Mar/2024:10:55:05 +0800] "GET /xingrg/javascript/jquery_tools/images/prev.gif HTTP/1.1" 404 1086
116.230.123.13 - - [10/Mar/2024:10:55:08 +0800] "POST /xingrg/kc/buy/cgsh_order_operate.html HTTP/1.1" 200 12
116.224.254.208 - - [10/Mar/2024:10:55:14 +0800] "POST /xingrg/kc/buy/cgsh_order_operate.html HTTP/1.1" 200 37
116.230.123.13 - - [10/Mar/2024:10:55:16 +0800] "GET /xingrg/kc/buy/cgsh_order_info.html?code=212024031002870 HTTP/1.1" 200 68524
116.230.123.13 - - [10/Mar/2024:10:55:17 +0800] "GET /xingrg/javascript/easyui/themes/default/validatebox.css HTTP/1.1" 404 1104
116.230.123.13 - - [10/Mar/2024:10:55:19 +0800] "POST /xingrg/kc/buy/cgsh_order_operate.html HTTP/1.1" 200 617
116.224.254.208 - - [10/Mar/2024:10:55:19 +0800] "GET /xingrg/all/function/internal_message.html?_=1710039319726&CODE_STATE=getMsg HTTP/1.1" 200 27
116.238.97.31 - - [10/Mar/2024:10:55:21 +0800] "GET /xingrg/all/function/internal_message.html?_=1710039321690&CODE_STATE=getMsg HTTP/1.1" 200 27
116.238.97.31 - - [10/Mar/2024:10:55:21 +0800] "GET /xingrg/check_reg.html?_=1710039321694 HTTP/1.1" 200 22
116.224.254.208 - - [10/Mar/2024:10:55:26 +0800] "POST /xingrg/kc/buy/cgsh_order_operate.html HTTP/1.1" 200 12
116.224.254.208 - - [10/Mar/2024:10:55:30 +0800] "GET /xingrg/kc/buy/cgsh_order_info.html?code=212024031002871 HTTP/1.1" 200 68166
116.224.254.208 - - [10/Mar/2024:10:55:30 +0800] "GET /xingrg/javascript/easyui/themes/default/validatebox.css HTTP/1.1" 404 1104
124.77.241.9 - - [10/Mar/2024:10:55:30 +0800] "GET /xingrg/kc/buy/cgsh_order_add.html HTTP/1.1" 200 73655
124.77.241.9 - - [10/Mar/2024:10:55:31 +0800] "GET /xingrg/javascript/easyui/themes/default/validatebox.css HTTP/1.1" 404 1104
124.77.241.9 - - [10/Mar/2024:10:55:31 +0800] "POST /xingrg/kc/buy/cgsh_order_operate.html HTTP/1.1" 200 8245
124.78.60.103 - - [10/Mar/2024:10:55:31 +0800] "POST /xingrg/kc/buy/cgsh_list_operate.html HTTP/1.1" 200 1390
116.224.254.208 - - [10/Mar/2024:10:55:32 +0800] "POST /xingrg/kc/buy/cgsh_order_operate.html HTTP/1.1" 200 610
124.77.241.9 - - [10/Mar/2024:10:55:32 +0800] "GET /xingrg/check_reg.html?_=1710039358625 HTTP/1.1" 200 22
124.77.241.9 - - [10/Mar/2024:10:55:32 +0800] "GET /xingrg/all/function/internal_message.html?_=1710039358734&CODE_STATE=getMsg HTTP/1.1" 200 27
124.78.60.103 - - [10/Mar/2024:10:55:35 +0800] "POST /xingrg/kc/buy/cgsh_list_operate.html HTTP/1.1" 200 566
116.224.254.208 - - [10/Mar/2024:10:55:36 +0800] "GET /xingrg/kc/print/load_data.html?order_code=212024031002871&kc_code=cgsh&condition= HTTP/1.1" 200 710
124.78.60.103 - - [10/Mar/2024:10:55:36 +0800] "GET /xingrg/javascript/easyui/themes/default/validatebox.css HTTP/1.1" 404 1104
124.78.60.103 - - [10/Mar/2024:10:55:38 +0800] "POST /xingrg/kc/buy/cgsh_order_operate.html HTTP/1.1" 200 14249
124.78.60.103 - - [10/Mar/2024:10:55:40 +0800] "GET /xingrg/all/function/internal_message.html?_=1710039340107&CODE_STATE=getMsg HTTP/1.1" 200 27
180.169.147.146 - - [10/Mar/2024:10:55:40 +0800] "GET /xingrg/all/function/internal_message.html?_=1710039340249&CODE_STATE=getMsg HTTP/1.1" 200 27
124.78.60.103 - - [10/Mar/2024:10:55:40 +0800] "GET /xingrg/kc/print/load_data.html?order_code=212024031002840&kc_code=cgsh&condition= HTTP/1.1" 200 5847
116.224.254.208 - - [10/Mar/2024:10:55:41 +0800] "GET /xingrg/kc/buy/cgsh_order_add.html HTTP/1.1" 200 73253
116.224.254.208 - - [10/Mar/2024:10:55:42 +0800] "POST /xingrg/kc/buy/cgsh_order_operate.html HTTP/1.1" 200 8245
116.224.254.208 - - [10/Mar/2024:10:55:42 +0800] "GET /xingrg/javascript/easyui/themes/default/validatebox.css HTTP/1.1" 404 1104
120.253.135.82 - - [10/Mar/2024:10:55:49 +0800] "GET /xingrg/all/function/internal_message.html?_=1710039186346&CODE_STATE=getMsg HTTP/1.1" 200 27
116.224.254.208 - - [10/Mar/2024:10:55:53 +0800] "GET /xingrg/kc/buy/cgsh_order_operate.html?command=get_materiel&rest_code=00151&code=00101001096&supplier_code=00100312&order_time=2024-03-10 HTTP/1.1" 200 413
116.230.123.13 - - [10/Mar/2024:10:55:59 +0800] "GET /xingrg/kc/print/load_data.html?order_code=212024031002870&kc_code=cgsh&condition= HTTP/1.1" 200 775
116.230.123.13 - - [10/Mar/2024:10:56:00 +0800] "GET /xingrg/javascript/jquery_easy_ui/themes/default/images/tabs_active.png HTTP/1.1" 200 2894
101.83.145.37 - - [10/Mar/2024:10:56:04 +0800] "GET /xingrg/all/function/internal_message.html?_=1710039126990&CODE_STATE=getMsg HTTP/1.1" 200 27
116.224.254.208 - - [10/Mar/2024:10:56:05 +0800] "POST /xingrg/kc/buy/cgsh_order_operate.html HTTP/1.1" 200 37
116.230.123.13 - - [10/Mar/2024:10:56:08 +0800] "GET /xingrg/kc/buy/cgsh_order_add.html HTTP/1.1" 200 73611
116.230.123.13 - - [10/Mar/2024:10:56:09 +0800] "GET /xingrg/javascript/easyui/themes/default/validatebox.css HTTP/1.1" 404 1104
116.230.123.13 - - [10/Mar/2024:10:56:09 +0800] "POST /xingrg/kc/buy/cgsh_order_operate.html HTTP/1.1" 200 8245
116.230.123.13 - - [10/Mar/2024:10:56:11 +0800] "GET /xingrg/all/function/internal_message.html?_=1710039370975&CODE_STATE=getMsg HTTP/1.1" 200 27
116.224.254.208 - - [10/Mar/2024:10:56:14 +0800] "POST /xingrg/kc/buy/cgsh_order_operate.html HTTP/1.1" 200 12
124.77.241.9 - - [10/Mar/2024:10:56:15 +0800] "POST /xingrg/services/DataTransmitService HTTP/1.1" 200 501
116.224.254.208 - - [10/Mar/2024:10:56:17 +0800] "GET /xingrg/kc/buy/cgsh_order_info.html?code=212024031002872 HTTP/1.1" 200 68166
116.224.254.208 - - [10/Mar/2024:10:56:17 +0800] "GET /xingrg/javascript/easyui/themes/default/validatebox.css HTTP/1.1" 404 1104
116.224.254.208 - - [10/Mar/2024:10:56:18 +0800] "POST /xingrg/kc/buy/cgsh_order_operate.html HTTP/1.1" 200 616
124.77.241.9 - - [10/Mar/2024:10:56:18 +0800] "POST /xingrg/services/DataTransmitService HTTP/1.1" 200 501
116.224.254.208 - - [10/Mar/2024:10:56:19 +0800] "GET /xingrg/all/function/internal_message.html?_=1710039379726&CODE_STATE=getMsg HTTP/1.1" 200 27
116.238.97.31 - - [10/Mar/2024:10:56:21 +0800] "GET /xingrg/all/function/internal_message.html?_=1710039381692&CODE_STATE=getMsg HTTP/1.1" 200 27
116.224.254.208 - - [10/Mar/2024:10:56:22 +0800] "GET /xingrg/kc/print/load_data.html?order_code=212024031002872&kc_code=cgsh&condition= HTTP/1.1" 200 720
124.78.60.103 - - [10/Mar/2024:10:56:23 +0800] "POST /xingrg/kc/buy/cgsh_order_operate.html HTTP/1.1" 200 8245
124.78.60.103 - - [10/Mar/2024:10:56:23 +0800] "GET /xingrg/javascript/easyui/themes/default/validatebox.css HTTP/1.1" 404 1104
124.77.241.9 - - [10/Mar/2024:10:56:23 +0800] "POST /xingrg/services/DataTransmitService HTTP/1.1" 200 412
116.230.123.13 - - [10/Mar/2024:10:56:26 +0800] "GET /xingrg/kc/buy/cgsh_order_operate.html?command=get_materiel&rest_code=00111&code=00101001140&supplier_code=00100319&order_time=2024-03-10 HTTP/1.1" 200 417
124.77.241.9 - - [10/Mar/2024:10:56:26 +0800] "GET /xingrg/kc/buy/cgsh_order_operate.html?command=get_materiel&rest_code=00146&code=00101010737&supplier_code=00100575&order_time=2024-03-10 HTTP/1.1" 200 432
124.78.60.103 - - [10/Mar/2024:10:56:30 +0800] "GET /xingrg/javascript/auto/indicator.gif HTTP/1.1" 404 1066
124.77.241.9 - - [10/Mar/2024:10:56:32 +0800] "GET /xingrg/all/function/internal_message.html?_=1710039418747&CODE_STATE=getMsg HTTP/1.1" 200 27
116.224.254.208 - - [10/Mar/2024:10:56:36 +0800] "GET /xingrg/kc/buy/cgsh_order_add.html HTTP/1.1" 200 73253
116.224.254.208 - - [10/Mar/2024:10:56:36 +0800] "POST /xingrg/kc/buy/cgsh_order_operate.html HTTP/1.1" 200 8245
116.224.254.208 - - [10/Mar/2024:10:56:36 +0800] "GET /xingrg/javascript/easyui/themes/default/validatebox.css HTTP/1.1" 404 1104
124.78.60.103 - - [10/Mar/2024:10:56:40 +0800] "GET /xingrg/all/function/internal_message.html?_=1710039400125&CODE_STATE=getMsg HTTP/1.1" 200 27
180.169.147.146 - - [10/Mar/2024:10:56:40 +0800] "GET /xingrg/all/function/internal_message.html?_=1710039400254&CODE_STATE=getMsg HTTP/1.1" 200 27
124.77.241.9 - - [10/Mar/2024:10:56:45 +0800] "POST /xingrg/kc/buy/cgsh_order_operate.html HTTP/1.1" 200 37
116.224.254.208 - - [10/Mar/2024:10:56:47 +0800] "GET /xingrg/kc/buy/cgsh_order_operate.html?command=get_materiel&rest_code=00151&code=00101010079&supplier_code=00100336&order_time=2024-03-10 HTTP/1.1" 200 413
124.77.241.9 - - [10/Mar/2024:10:56:47 +0800] "POST /xingrg/kc/buy/cgsh_order_operate.html HTTP/1.1" 200 2677
124.78.60.103 - - [10/Mar/2024:10:56:47 +0800] "GET /xingrg/kc/buy/cgsh_order_operate.html?command=get_materiel&rest_code=00141&code=00101008091&supplier_code=00100008&order_time=2024-03-10 HTTP/1.1" 200 412
116.230.123.13 - - [10/Mar/2024:10:56:49 +0800] "POST /xingrg/kc/buy/cgsh_order_operate.html HTTP/1.1" 200 88
120.253.135.82 - - [10/Mar/2024:10:56:49 +0800] "GET /xingrg/check_reg.html?_=1710039246217 HTTP/1.1" 200 22
120.253.135.82 - - [10/Mar/2024:10:56:49 +0800] "GET /xingrg/all/function/internal_message.html?_=1710039246360&CODE_STATE=getMsg HTTP/1.1" 200 27
124.77.241.9 - - [10/Mar/2024:10:56:51 +0800] "GET /xingrg/kc/print/load_data.html?order_code=212024031002873&kc_code=cgsh&condition= HTTP/1.1" 200 705
124.77.241.9 - - [10/Mar/2024:10:56:57 +0800] "GET /xingrg/kc/buy/cgsh_order_add.html HTTP/1.1" 200 73655
124.77.241.9 - - [10/Mar/2024:10:56:57 +0800] "POST /xingrg/kc/buy/cgsh_order_operate.html HTTP/1.1" 200 8245
124.77.241.9 - - [10/Mar/2024:10:56:57 +0800] "GET /xingrg/javascript/easyui/themes/default/validatebox.css HTTP/1.1" 404 1104
116.224.254.208 - - [10/Mar/2024:10:57:01 +0800] "POST /xingrg/kc/buy/cgsh_order_operate.html HTTP/1.1" 200 64
116.230.123.13 - - [10/Mar/2024:10:57:01 +0800] "POST /xingrg/kc/buy/cgsh_order_operate.html HTTP/1.1" 200 37
124.78.60.103 - - [10/Mar/2024:10:57:03 +0800] "GET /xingrg/kc/buy/cgsh_order_operate.html?command=get_materiel&rest_code=00141&code=00101008196&supplier_code=00100008&order_time=2024-03-10 HTTP/1.1" 200 416
101.83.145.37 - - [10/Mar/2024:10:57:04 +0800] "GET /xingrg/all/function/internal_message.html?_=1710039186984&CODE_STATE=getMsg HTTP/1.1" 200 27
116.224.254.208 - - [10/Mar/2024:10:57:08 +0800] "POST /xingrg/kc/buy/cgsh_order_operate.html HTTP/1.1" 200 37
116.224.254.208 - - [10/Mar/2024:10:57:10 +0800] "POST /xingrg/kc/buy/cgsh_order_operate.html HTTP/1.1" 200 2667
116.230.123.13 - - [10/Mar/2024:10:57:11 +0800] "GET /xingrg/all/function/internal_message.html?_=1710039430960&CODE_STATE=getMsg HTTP/1.1" 200 27
116.230.123.13 - - [10/Mar/2024:10:57:13 +0800] "POST /xingrg/kc/buy/cgsh_order_operate.html HTTP/1.1" 200 12
116.230.123.13 - - [10/Mar/2024:10:57:17 +0800] "GET /xingrg/kc/buy/cgsh_order_info.html?code=212024031002876 HTTP/1.1" 200 68524
116.224.254.208 - - [10/Mar/2024:10:57:17 +0800] "POST /xingrg/kc/buy/cgsh_order_operate.html HTTP/1.1" 200 37
124.77.241.9 - - [10/Mar/2024:10:57:17 +0800] "GET /xingrg/kc/buy/cgsh_order_operate.html?command=get_materiel&rest_code=00146&code=00101010869&supplier_code=00100329&order_time=2024-03-10 HTTP/1.1" 200 438
116.230.123.13 - - [10/Mar/2024:10:57:17 +0800] "GET /xingrg/javascript/easyui/themes/default/validatebox.css HTTP/1.1" 404 1104
116.230.123.13 - - [10/Mar/2024:10:57:18 +0800] "POST /xingrg/kc/buy/cgsh_order_operate.html HTTP/1.1" 200 613
116.224.254.208 - - [10/Mar/2024:10:57:19 +0800] "GET /xingrg/all/function/internal_message.html?_=1710039439700&CODE_STATE=getMsg HTTP/1.1" 200 27
116.224.254.208 - - [10/Mar/2024:10:57:19 +0800] "GET /xingrg/check_reg.html?_=1710039439869 HTTP/1.1" 200 22
116.238.97.31 - - [10/Mar/2024:10:57:21 +0800] "GET /xingrg/all/function/internal_message.html?_=1710039441693&CODE_STATE=getMsg HTTP/1.1" 200 27
116.230.123.13 - - [10/Mar/2024:10:57:24 +0800] "GET /xingrg/kc/print/load_data.html?order_code=212024031002876&kc_code=cgsh&condition= HTTP/1.1" 200 713
116.224.254.208 - - [10/Mar/2024:10:57:24 +0800] "POST /xingrg/kc/buy/cgsh_order_operate.html HTTP/1.1" 200 12
116.224.254.208 - - [10/Mar/2024:10:57:26 +0800] "GET /xingrg/kc/buy/cgsh_order_info.html?code=212024031002877 HTTP/1.1" 200 68162
116.224.254.208 - - [10/Mar/2024:10:57:27 +0800] "GET /xingrg/javascript/easyui/themes/default/validatebox.css HTTP/1.1" 404 1104
116.224.254.208 - - [10/Mar/2024:10:57:29 +0800] "POST /xingrg/kc/buy/cgsh_order_operate.html HTTP/1.1" 200 617
124.77.241.9 - - [10/Mar/2024:10:57:32 +0800] "GET /xingrg/all/function/internal_message.html?_=1710039478761&CODE_STATE=getMsg HTTP/1.1" 200 27
116.230.123.13 - - [10/Mar/2024:10:57:34 +0800] "GET /xingrg/kc/buy/cgsh_order_add.html HTTP/1.1" 200 73611
116.230.123.13 - - [10/Mar/2024:10:57:35 +0800] "GET /xingrg/javascript/easyui/themes/default/validatebox.css HTTP/1.1" 404 1104
116.230.123.13 - - [10/Mar/2024:10:57:35 +0800] "POST /xingrg/kc/buy/cgsh_order_operate.html HTTP/1.1" 200 8245
124.77.241.9 - - [10/Mar/2024:10:57:37 +0800] "POST /xingrg/kc/buy/cgsh_order_operate.html HTTP/1.1" 200 37
116.224.254.208 - - [10/Mar/2024:10:57:38 +0800] "GET /xingrg/kc/print/load_data.html?order_code=212024031002877&kc_code=cgsh&condition= HTTP/1.1" 200 715
124.78.60.103 - - [10/Mar/2024:10:57:40 +0800] "GET /xingrg/all/function/internal_message.html?_=1710039460121&CODE_STATE=getMsg HTTP/1.1" 200 27
180.169.147.146 - - [10/Mar/2024:10:57:40 +0800] "GET /xingrg/all/function/internal_message.html?_=1710039460258&CODE_STATE=getMsg HTTP/1.1" 200 27
124.78.60.103 - - [10/Mar/2024:10:57:41 +0800] "GET /xingrg/kc/buy/cgsh_order_operate.html?command=get_materiel&rest_code=00141&code=00101008740&supplier_code=00100008&order_time=2024-03-10 HTTP/1.1" 200 413
116.224.254.208 - - [10/Mar/2024:10:57:44 +0800] "GET /xingrg/kc/buy/cgsh_order_add.html HTTP/1.1" 200 73253
116.224.254.208 - - [10/Mar/2024:10:57:44 +0800] "GET /xingrg/javascript/easyui/themes/default/validatebox.css HTTP/1.1" 404 1104
116.224.254.208 - - [10/Mar/2024:10:57:44 +0800] "POST /xingrg/kc/buy/cgsh_order_operate.html HTTP/1.1" 200 8245
172.20.0.100 - - [10/Mar/2024:10:57:46 +0800] "GET /xingrg/check_reg.html?_=1710039485044 HTTP/1.1" 302 -
124.77.241.9 - - [10/Mar/2024:10:57:48 +0800] "POST /xingrg/kc/buy/cgsh_order_operate.html HTTP/1.1" 200 2677
120.253.135.82 - - [10/Mar/2024:10:57:49 +0800] "GET /xingrg/all/function/internal_message.html?_=1710039306373&CODE_STATE=getMsg HTTP/1.1" 200 27
116.230.123.13 - - [10/Mar/2024:10:57:50 +0800] "GET /xingrg/kc/buy/cgsh_order_operate.html?command=get_materiel&rest_code=00111&code=00101001037&supplier_code=00100090&order_time=2024-03-10 HTTP/1.1" 200 418
124.78.60.103 - - [10/Mar/2024:10:57:54 +0800] "GET /xingrg/kc/buy/cgsh_order_operate.html?command=get_materiel&rest_code=00141&code=00101008437&supplier_code=00100008&order_time=2024-03-10 HTTP/1.1" 200 410
116.238.97.31 - - [10/Mar/2024:10:57:55 +0800] "GET /xingrg/kc/buy/cgsh_order_list.html HTTP/1.1" 200 57880
124.77.241.9 - - [10/Mar/2024:10:57:56 +0800] "GET /xingrg/kc/print/load_data.html?order_code=212024031002878&kc_code=cgsh&condition= HTTP/1.1" 200 706
116.224.254.208 - - [10/Mar/2024:10:57:57 +0800] "GET /xingrg/kc/buy/cgsh_order_operate.html?command=get_materiel&rest_code=00151&code=00101010088&supplier_code=00100325&order_time=2024-03-10 HTTP/1.1" 200 418
124.77.241.9 - - [10/Mar/2024:10:58:02 +0800] "GET /xingrg/kc/buy/cgsh_order_add.html HTTP/1.1" 200 73655
124.77.241.9 - - [10/Mar/2024:10:58:03 +0800] "POST /xingrg/kc/buy/cgsh_order_operate.html HTTP/1.1" 200 8245
124.77.241.9 - - [10/Mar/2024:10:58:03 +0800] "GET /xingrg/javascript/easyui/themes/default/validatebox.css HTTP/1.1" 404 1104
101.83.145.37 - - [10/Mar/2024:10:58:04 +0800] "GET /xingrg/all/function/internal_message.html?_=1710039246981&CODE_STATE=getMsg HTTP/1.1" 200 27
116.230.123.13 - - [10/Mar/2024:10:58:06 +0800] "POST /xingrg/kc/buy/cgsh_order_operate.html HTTP/1.1" 200 37
116.238.97.31 - - [10/Mar/2024:10:58:07 +0800] "POST /xingrg/kc/buy/cgsh_list_operate.html HTTP/1.1" 200 1365
116.224.254.208 - - [10/Mar/2024:10:58:09 +0800] "GET /xingrg/kc/buy/cgsh_order_operate.html?command=get_materiel&rest_code=00151&code=00101010237&supplier_code=00100325&order_time=2024-03-10 HTTP/1.1" 200 412
124.78.60.103 - - [10/Mar/2024:10:58:11 +0800] "GET /xingrg/kc/buy/cgsh_order_operate.html?command=get_materiel&rest_code=00141&code=00101008085&supplier_code=00100008&order_time=2024-03-10 HTTP/1.1" 200 412
116.230.123.13 - - [10/Mar/2024:10:58:11 +0800] "GET /xingrg/all/function/internal_message.html?_=1710039490949&CODE_STATE=getMsg HTTP/1.1" 200 27
116.238.97.31 - - [10/Mar/2024:10:58:14 +0800] "POST /xingrg/kc/buy/cgsh_list_operate.html HTTP/1.1" 200 506
116.224.254.208 - - [10/Mar/2024:10:58:19 +0800] "GET /xingrg/all/function/internal_message.html?_=1710039499680&CODE_STATE=getMsg HTTP/1.1" 200 27
116.224.254.208 - - [10/Mar/2024:10:58:21 +0800] "POST /xingrg/kc/buy/cgsh_order_operate.html HTTP/1.1" 200 37
116.230.123.13 - - [10/Mar/2024:10:58:21 +0800] "POST /xingrg/kc/buy/cgsh_order_operate.html HTTP/1.1" 200 12
116.238.97.31 - - [10/Mar/2024:10:58:21 +0800] "GET /xingrg/all/function/internal_message.html?_=1710039501695&CODE_STATE=getMsg HTTP/1.1" 200 27
124.78.60.103 - - [10/Mar/2024:10:58:25 +0800] "GET /xingrg/kc/buy/cgsh_order_operate.html?command=get_materiel&rest_code=00141&code=00101008198&supplier_code=00100008&order_time=2024-03-10 HTTP/1.1" 200 413
116.238.97.31 - - [10/Mar/2024:10:58:25 +0800] "GET /xingrg/kc/buy/cgsh_order_info.html?code=212024031002856 HTTP/1.1" 200 73689
116.238.97.31 - - [10/Mar/2024:10:58:25 +0800] "GET /xingrg/words/20240310095931_words.js HTTP/1.1" 304 -
116.238.97.31 - - [10/Mar/2024:10:58:25 +0800] "GET /xingrg/javascript/easyui/themes/default/validatebox.css HTTP/1.1" 404 1104
124.77.241.9 - - [10/Mar/2024:10:58:26 +0800] "GET /xingrg/kc/buy/cgsh_order_operate.html?command=get_materiel&rest_code=00146&code=00101006310&supplier_code=00100505&order_time=2024-03-10 HTTP/1.1" 200 415
116.238.97.31 - - [10/Mar/2024:10:58:27 +0800] "POST /xingrg/kc/buy/cgsh_order_operate.html HTTP/1.1" 200 5029
124.77.241.9 - - [10/Mar/2024:10:58:32 +0800] "GET /xingrg/all/function/internal_message.html?_=1710039538775&CODE_STATE=getMsg HTTP/1.1" 200 27
116.224.254.208 - - [10/Mar/2024:10:58:32 +0800] "POST /xingrg/kc/buy/cgsh_order_operate.html HTTP/1.1" 200 12
116.230.123.13 - - [10/Mar/2024:10:58:34 +0800] "GET /xingrg/kc/buy/cgsh_order_info.html?code=212024031002879 HTTP/1.1" 200 68524
116.230.123.13 - - [10/Mar/2024:10:58:34 +0800] "GET /xingrg/javascript/easyui/themes/default/validatebox.css HTTP/1.1" 404 1104
116.224.254.208 - - [10/Mar/2024:10:58:35 +0800] "GET /xingrg/kc/buy/cgsh_order_info.html?code=212024031002880 HTTP/1.1" 200 68166
116.224.254.208 - - [10/Mar/2024:10:58:35 +0800] "GET /xingrg/javascript/easyui/themes/default/validatebox.css HTTP/1.1" 404 1104
124.78.60.103 - - [10/Mar/2024:10:58:35 +0800] "GET /xingrg/kc/buy/cgsh_order_operate.html?command=get_materiel&rest_code=00141&code=00101008125&supplier_code=00100008&order_time=2024-03-10 HTTP/1.1" 200 413
116.230.123.13 - - [10/Mar/2024:10:58:36 +0800] "POST /xingrg/kc/buy/cgsh_order_operate.html HTTP/1.1" 200 613
116.238.97.31 - - [10/Mar/2024:10:58:37 +0800] "POST /xingrg/kc/buy/cgsh_order_operate.html HTTP/1.1" 200 37
116.224.254.208 - - [10/Mar/2024:10:58:37 +0800] "POST /xingrg/kc/buy/cgsh_order_operate.html HTTP/1.1" 200 1204
116.224.254.208 - - [10/Mar/2024:10:58:39 +0800] "GET /xingrg/kc/print/load_data.html?order_code=212024031002880&kc_code=cgsh&condition= HTTP/1.1" 200 944
124.78.60.103 - - [10/Mar/2024:10:58:40 +0800] "GET /xingrg/all/function/internal_message.html?_=1710039520399&CODE_STATE=getMsg HTTP/1.1" 200 27
180.169.147.146 - - [10/Mar/2024:10:58:40 +0800] "GET /xingrg/all/function/internal_message.html?_=1710039520237&CODE_STATE=getMsg HTTP/1.1" 200 27
116.224.254.208 - - [10/Mar/2024:10:58:43 +0800] "GET /xingrg/kc/buy/cgsh_order_add.html HTTP/1.1" 200 73253
116.224.254.208 - - [10/Mar/2024:10:58:44 +0800] "POST /xingrg/kc/buy/cgsh_order_operate.html HTTP/1.1" 200 8245
116.224.254.208 - - [10/Mar/2024:10:58:44 +0800] "GET /xingrg/javascript/easyui/themes/default/validatebox.css HTTP/1.1" 404 1104
124.78.60.103 - - [10/Mar/2024:10:58:47 +0800] "GET /xingrg/kc/buy/cgsh_order_operate.html?command=get_materiel&rest_code=00141&code=00101008275&supplier_code=00100008&order_time=2024-03-10 HTTP/1.1" 200 416
116.238.97.31 - - [10/Mar/2024:10:58:48 +0800] "POST /xingrg/kc/buy/cgsh_order_operate.html HTTP/1.1" 200 12
120.253.135.82 - - [10/Mar/2024:10:58:49 +0800] "GET /xingrg/all/function/internal_message.html?_=1710039366387&CODE_STATE=getMsg HTTP/1.1" 200 27
116.230.123.13 - - [10/Mar/2024:10:58:52 +0800] "GET /xingrg/kc/print/load_data.html?order_code=212024031002879&kc_code=cgsh&condition= HTTP/1.1" 200 774
116.238.97.31 - - [10/Mar/2024:10:58:52 +0800] "GET /xingrg/kc/buy/cgsh_order_info.html?code=212024031002856 HTTP/1.1" 200 68587
116.238.97.31 - - [10/Mar/2024:10:58:52 +0800] "GET /xingrg/javascript/easyui/themes/default/validatebox.css HTTP/1.1" 404 1104
116.238.97.31 - - [10/Mar/2024:10:58:53 +0800] "POST /xingrg/kc/buy/cgsh_order_operate.html HTTP/1.1" 200 2978
116.224.254.208 - - [10/Mar/2024:10:58:54 +0800] "GET /xingrg/kc/buy/cgsh_order_operate.html?command=get_materiel&rest_code=00151&code=00101006119&supplier_code=00100547&order_time=2024-03-10 HTTP/1.1" 200 418
124.78.60.103 - - [10/Mar/2024:10:58:57 +0800] "GET /xingrg/kc/buy/cgsh_order_operate.html?command=get_materiel&rest_code=00141&code=00101008298&supplier_code=00100008&order_time=2024-03-10 HTTP/1.1" 200 412
116.230.123.13 - - [10/Mar/2024:10:58:59 +0800] "GET /xingrg/kc/buy/cgsh_order_add.html HTTP/1.1" 200 73611
116.230.123.13 - - [10/Mar/2024:10:59:00 +0800] "GET /xingrg/javascript/easyui/themes/default/validatebox.css HTTP/1.1" 404 1104
116.230.123.13 - - [10/Mar/2024:10:59:00 +0800] "POST /xingrg/kc/buy/cgsh_order_operate.html HTTP/1.1" 200 8245
116.230.123.13 - - [10/Mar/2024:10:59:00 +0800] "GET /xingrg/check_reg.html?_=1710039540346 HTTP/1.1" 200 22
101.83.145.37 - - [10/Mar/2024:10:59:04 +0800] "GET /xingrg/all/function/internal_message.html?_=1710039306990&CODE_STATE=getMsg HTTP/1.1" 200 27
101.83.145.37 - - [10/Mar/2024:10:59:04 +0800] "GET /xingrg/check_reg.html?_=1710039306993 HTTP/1.1" 200 22
124.77.241.9 - - [10/Mar/2024:10:59:10 +0800] "POST /xingrg/kc/buy/cgsh_order_operate.html HTTP/1.1" 200 37
116.230.123.13 - - [10/Mar/2024:10:59:11 +0800] "GET /xingrg/all/function/internal_message.html?_=1710039550953&CODE_STATE=getMsg HTTP/1.1" 200 27
124.77.241.9 - - [10/Mar/2024:10:59:14 +0800] "POST /xingrg/kc/buy/cgsh_order_operate.html HTTP/1.1" 200 2662
124.78.60.103 - - [10/Mar/2024:10:59:14 +0800] "GET /xingrg/kc/buy/cgsh_order_operate.html?command=get_materiel&rest_code=00141&code=00101008264&supplier_code=00100008&order_time=2024-03-10 HTTP/1.1" 200 412
116.224.254.208 - - [10/Mar/2024:10:59:15 +0800] "POST /xingrg/kc/buy/cgsh_order_operate.html HTTP/1.1" 200 88
124.77.241.9 - - [10/Mar/2024:10:59:18 +0800] "GET /xingrg/kc/print/load_data.html?order_code=212024031002881&kc_code=cgsh&condition= HTTP/1.1" 200 679
116.224.254.208 - - [10/Mar/2024:10:59:19 +0800] "GET /xingrg/all/function/internal_message.html?_=1710039559659&CODE_STATE=getMsg HTTP/1.1" 200 27
116.238.97.31 - - [10/Mar/2024:10:59:21 +0800] "GET /xingrg/all/function/internal_message.html?_=1710039561681&CODE_STATE=getMsg HTTP/1.1" 200 27
124.77.241.9 - - [10/Mar/2024:10:59:26 +0800] "GET /xingrg/kc/buy/cgsh_order_add.html HTTP/1.1" 200 73655
116.224.254.208 - - [10/Mar/2024:10:59:26 +0800] "POST /xingrg/kc/buy/cgsh_order_operate.html HTTP/1.1" 200 37
124.77.241.9 - - [10/Mar/2024:10:59:26 +0800] "POST /xingrg/kc/buy/cgsh_order_operate.html HTTP/1.1" 200 8245
124.77.241.9 - - [10/Mar/2024:10:59:27 +0800] "GET /xingrg/javascript/easyui/themes/default/validatebox.css HTTP/1.1" 404 1104
124.77.241.9 - - [10/Mar/2024:10:59:32 +0800] "GET /xingrg/all/function/internal_message.html?_=1710039598789&CODE_STATE=getMsg HTTP/1.1" 200 27
116.230.123.13 - - [10/Mar/2024:10:59:35 +0800] "POST /xingrg/kc/buy/cgsh_order_operate.html HTTP/1.1" 200 37
124.78.60.103 - - [10/Mar/2024:10:59:35 +0800] "GET /xingrg/kc/buy/cgsh_order_operate.html?command=get_materiel&rest_code=00141&code=00101008352&supplier_code=00100008&order_time=2024-03-10 HTTP/1.1" 200 412
116.224.254.208 - - [10/Mar/2024:10:59:35 +0800] "POST /xingrg/kc/buy/cgsh_order_operate.html HTTP/1.1" 200 2663
124.78.60.103 - - [10/Mar/2024:10:59:40 +0800] "GET /xingrg/check_reg.html?_=1710039580139 HTTP/1.1" 200 22
124.78.60.103 - - [10/Mar/2024:10:59:40 +0800] "GET /xingrg/all/function/internal_message.html?_=1710039580370&CODE_STATE=getMsg HTTP/1.1" 200 27
180.169.147.146 - - [10/Mar/2024:10:59:40 +0800] "GET /xingrg/check_reg.html?_=1710039580263 HTTP/1.1" 200 22
180.169.147.146 - - [10/Mar/2024:10:59:40 +0800] "GET /xingrg/all/function/internal_message.html?_=1710039580256&CODE_STATE=getMsg HTTP/1.1" 200 27
116.224.254.208 - - [10/Mar/2024:10:59:44 +0800] "POST /xingrg/kc/buy/cgsh_order_operate.html HTTP/1.1" 200 37
124.77.241.9 - - [10/Mar/2024:10:59:45 +0800] "GET /xingrg/kc/buy/cgsh_order_operate.html?command=get_materiel&rest_code=00146&code=00101010327&supplier_code=00100327&order_time=2024-03-10 HTTP/1.1" 200 417
