61.170.235.169 - - [09/Mar/2024:09:25:51 +0800] "GET /xingrg/kc/buy/cgsh_order_operate.html?command=get_materiel&rest_code=00106&code=00101008161&supplier_code=00100008&order_time=2024-03-09 HTTP/1.1" 200 409
221.239.169.251 - - [09/Mar/2024:09:25:53 +0800] "GET /xingrg/check_reg.html?_=1709947552939 HTTP/1.1" 200 22
61.170.235.169 - - [09/Mar/2024:09:25:56 +0800] "POST /xingrg/kc/buy/cgsh_order_operate.html HTTP/1.1" 200 2065
101.83.145.37 - - [09/Mar/2024:09:25:57 +0800] "GET /xingrg/all/function/internal_message.html?_=1709947558544&CODE_STATE=getMsg HTTP/1.1" 200 27
116.238.97.31 - - [09/Mar/2024:09:26:04 +0800] "GET /xingrg/all/function/internal_message.html?_=1709947565932&CODE_STATE=getMsg HTTP/1.1" 200 27
116.228.172.94 - - [09/Mar/2024:09:26:07 +0800] "GET /xingrg/all/function/internal_message.html?_=1709947294750&CODE_STATE=getMsg HTTP/1.1" 200 27
180.164.1.25 - - [09/Mar/2024:09:26:08 +0800] "GET /xingrg/kc/buy/cgsh_order_operate.html?command=get_materiel&rest_code=00108&code=00101008286&supplier_code=00100007&order_time=2024-03-09 HTTP/1.1" 200 408
180.164.1.25 - - [09/Mar/2024:09:26:10 +0800] "POST /xingrg/kc/buy/cgsh_order_operate.html HTTP/1.1" 200 2065
61.170.235.169 - - [09/Mar/2024:09:26:11 +0800] "GET /xingrg/kc/buy/cgsh_order_operate.html?command=get_materiel&rest_code=00106&code=00101008338&supplier_code=00100008&order_time=2024-03-09 HTTP/1.1" 200 408
101.83.145.37 - - [09/Mar/2024:09:26:13 +0800] "GET /xingrg/all/function/internal_message.html?_=1709947336254&CODE_STATE=getMsg HTTP/1.1" 200 27
116.224.254.208 - - [09/Mar/2024:09:26:13 +0800] "GET /xingrg/all/function/internal_message.html?_=1709947574073&CODE_STATE=getMsg HTTP/1.1" 200 27
180.164.1.25 - - [09/Mar/2024:09:26:15 +0800] "GET /xingrg/kc/buy/cgsh_order_operate.html?command=get_materiel&rest_code=00108&code=00101008131&supplier_code=00100007&order_time=2024-03-09 HTTP/1.1" 200 408
61.170.235.169 - - [09/Mar/2024:09:26:19 +0800] "GET /xingrg/all/function/internal_message.html?_=1709947579685&CODE_STATE=getMsg HTTP/1.1" 200 27
180.164.1.25 - - [09/Mar/2024:09:26:20 +0800] "GET /xingrg/all/function/internal_message.html?_=1709947580021&CODE_STATE=getMsg HTTP/1.1" 200 27
120.253.135.82 - - [09/Mar/2024:09:26:23 +0800] "GET /xingrg/all/function/internal_message.html?_=1709947420661&CODE_STATE=getMsg HTTP/1.1" 200 27
180.164.1.25 - - [09/Mar/2024:09:26:23 +0800] "GET /xingrg/kc/buy/cgsh_order_operate.html?command=get_materiel&rest_code=00108&code=00101008353&supplier_code=00100007&order_time=2024-03-09 HTTP/1.1" 200 408
61.170.235.169 - - [09/Mar/2024:09:26:27 +0800] "GET /xingrg/kc/buy/cgsh_order_operate.html?command=get_materiel&rest_code=00106&code=00101008103&supplier_code=00100008&order_time=2024-03-09 HTTP/1.1" 200 417
58.40.7.146 - - [09/Mar/2024:09:26:30 +0800] "GET /xingrg/all/function/internal_message.html?_=1709947590001&CODE_STATE=getMsg HTTP/1.1" 200 27
116.224.254.208 - - [09/Mar/2024:09:26:31 +0800] "GET /xingrg/all/function/internal_message.html?_=1709947591509&CODE_STATE=getMsg HTTP/1.1" 200 27
221.239.169.251 - - [09/Mar/2024:09:26:35 +0800] "GET /xingrg/all/function/internal_message.html?_=1709947595077&CODE_STATE=getMsg HTTP/1.1" 200 27
124.78.60.103 - - [09/Mar/2024:09:26:36 +0800] "GET /xingrg/all/function/internal_message.html?_=1709947596956&CODE_STATE=getMsg HTTP/1.1" 200 27
180.164.1.25 - - [09/Mar/2024:09:26:37 +0800] "GET /xingrg/kc/buy/cgsh_order_operate.html?command=get_materiel&rest_code=00108&code=00101008355&supplier_code=00100007&order_time=2024-03-09 HTTP/1.1" 200 408
116.238.97.31 - - [09/Mar/2024:09:26:39 +0800] "POST /xingrg/kc/buy/cgsh_order_operate.html HTTP/1.1" 200 37
222.69.135.20 - - [09/Mar/2024:09:26:39 +0800] "GET /xingrg/all/function/internal_message.html?_=1709947601231&CODE_STATE=getMsg HTTP/1.1" 200 27
116.238.97.31 - - [09/Mar/2024:09:26:41 +0800] "POST /xingrg/kc/buy/cgsh_order_operate.html HTTP/1.1" 200 18638
61.170.235.169 - - [09/Mar/2024:09:26:42 +0800] "GET /xingrg/kc/buy/cgsh_order_operate.html?command=get_materiel&rest_code=00106&code=00101008207&supplier_code=00100008&order_time=2024-03-09 HTTP/1.1" 200 408
120.253.135.82 - - [09/Mar/2024:09:26:43 +0800] "GET /xingrg/all/function/internal_message.html?_=1709947774239&CODE_STATE=getMsg HTTP/1.1" 200 27
114.83.222.94 - - [09/Mar/2024:09:26:47 +0800] "GET /xingrg/all/function/internal_message.html?_=1709947606303&CODE_STATE=getMsg HTTP/1.1" 200 27
116.230.123.13 - - [09/Mar/2024:09:26:48 +0800] "GET /xingrg/all/function/internal_message.html?_=1709947606536&CODE_STATE=getMsg HTTP/1.1" 200 27
180.164.1.25 - - [09/Mar/2024:09:26:50 +0800] "GET /xingrg/kc/buy/cgsh_order_operate.html?command=get_materiel&rest_code=00108&code=00101008038&supplier_code=00100007&order_time=2024-03-09 HTTP/1.1" 200 412
101.83.145.37 - - [09/Mar/2024:09:26:57 +0800] "GET /xingrg/all/function/internal_message.html?_=1709947618544&CODE_STATE=getMsg HTTP/1.1" 200 27
101.83.145.37 - - [09/Mar/2024:09:26:57 +0800] "GET /xingrg/check_reg.html?_=1709947618546 HTTP/1.1" 200 22
180.164.1.25 - - [09/Mar/2024:09:26:59 +0800] "GET /xingrg/kc/buy/cgsh_order_operate.html?command=get_materiel&rest_code=00108&code=00101008370&supplier_code=00100007&order_time=2024-03-09 HTTP/1.1" 200 412
180.164.1.25 - - [09/Mar/2024:09:27:02 +0800] "POST /xingrg/kc/buy/cgsh_order_operate.html HTTP/1.1" 200 2065
116.238.97.31 - - [09/Mar/2024:09:27:04 +0800] "GET /xingrg/all/function/internal_message.html?_=1709947625903&CODE_STATE=getMsg HTTP/1.1" 200 27
116.228.172.94 - - [09/Mar/2024:09:27:07 +0800] "GET /xingrg/all/function/internal_message.html?_=1709947354750&CODE_STATE=getMsg HTTP/1.1" 200 27
180.164.1.25 - - [09/Mar/2024:09:27:08 +0800] "GET /xingrg/kc/buy/cgsh_order_operate.html?command=get_materiel&rest_code=00108&code=00101009036&supplier_code=00100007&order_time=2024-03-09 HTTP/1.1" 200 415
116.238.97.31 - - [09/Mar/2024:09:27:08 +0800] "GET /xingrg/javascript/jquery_easy_ui/themes/default/images/tabs_active.png HTTP/1.1" 200 2894
61.170.235.169 - - [09/Mar/2024:09:27:12 +0800] "POST /xingrg/kc/buy/cgsh_order_operate.html HTTP/1.1" 200 2065
101.83.145.37 - - [09/Mar/2024:09:27:13 +0800] "GET /xingrg/all/function/internal_message.html?_=1709947396254&CODE_STATE=getMsg HTTP/1.1" 200 27
116.224.254.208 - - [09/Mar/2024:09:27:13 +0800] "GET /xingrg/all/function/internal_message.html?_=1709947634080&CODE_STATE=getMsg HTTP/1.1" 200 27
116.224.254.208 - - [09/Mar/2024:09:27:13 +0800] "GET /xingrg/check_reg.html?_=1709947634084 HTTP/1.1" 200 22
61.170.235.169 - - [09/Mar/2024:09:27:19 +0800] "GET /xingrg/all/function/internal_message.html?_=1709947639692&CODE_STATE=getMsg HTTP/1.1" 200 27
180.164.1.25 - - [09/Mar/2024:09:27:20 +0800] "GET /xingrg/all/function/internal_message.html?_=1709947640003&CODE_STATE=getMsg HTTP/1.1" 200 27
180.164.1.25 - - [09/Mar/2024:09:27:23 +0800] "POST /xingrg/kc/buy/cgsh_order_operate.html HTTP/1.1" 200 37
120.253.135.82 - - [09/Mar/2024:09:27:23 +0800] "GET /xingrg/all/function/internal_message.html?_=1709947480864&CODE_STATE=getMsg HTTP/1.1" 200 27
116.238.97.31 - - [09/Mar/2024:09:27:25 +0800] "POST /xingrg/kc/buy/cgsh_list_operate.html HTTP/1.1" 200 1662
61.170.235.169 - - [09/Mar/2024:09:27:26 +0800] "GET /xingrg/kc/buy/cgsh_order_operate.html?command=get_materiel&rest_code=00106&code=00101008357&supplier_code=00100008&order_time=2024-03-09 HTTP/1.1" 200 23
180.164.1.25 - - [09/Mar/2024:09:27:27 +0800] "POST /xingrg/kc/buy/cgsh_order_operate.html HTTP/1.1" 200 38170
222.69.135.20 - - [09/Mar/2024:09:27:29 +0800] "GET /xingrg/check_reg.html?_=1709947651144 HTTP/1.1" 200 22
58.40.7.146 - - [09/Mar/2024:09:27:30 +0800] "GET /xingrg/all/function/internal_message.html?_=1709947650004&CODE_STATE=getMsg HTTP/1.1" 200 27
116.224.254.208 - - [09/Mar/2024:09:27:31 +0800] "GET /xingrg/all/function/internal_message.html?_=1709947651485&CODE_STATE=getMsg HTTP/1.1" 200 27
116.224.254.208 - - [09/Mar/2024:09:27:31 +0800] "GET /xingrg/check_reg.html?_=1709947651699 HTTP/1.1" 200 22
180.164.1.25 - - [09/Mar/2024:09:27:35 +0800] "GET /xingrg/kc/print/load_config.html?kc_code=cgsh HTTP/1.1" 200 1927
221.239.169.251 - - [09/Mar/2024:09:27:35 +0800] "GET /xingrg/all/function/internal_message.html?_=1709947655061&CODE_STATE=getMsg HTTP/1.1" 200 27
172.20.0.100 - - [09/Mar/2024:09:27:36 +0800] "GET /xingrg/check_reg.html?_=1709947670852 HTTP/1.1" 302 -
116.238.97.31 - - [09/Mar/2024:09:27:36 +0800] "POST /xingrg/kc/buy/cgsh_list_operate.html HTTP/1.1" 200 575
124.78.60.103 - - [09/Mar/2024:09:27:36 +0800] "GET /xingrg/all/function/internal_message.html?_=1709947656957&CODE_STATE=getMsg HTTP/1.1" 200 27
124.78.60.103 - - [09/Mar/2024:09:27:36 +0800] "GET /xingrg/check_reg.html?_=1709947656968 HTTP/1.1" 200 22
116.238.97.31 - - [09/Mar/2024:09:27:37 +0800] "GET /xingrg/kc/buy/cgsh_order_info.html?code=212024030902376 HTTP/1.1" 200 73699
116.238.97.31 - - [09/Mar/2024:09:27:38 +0800] "GET /xingrg/javascript/easyui/themes/default/validatebox.css HTTP/1.1" 404 1104
222.69.135.20 - - [09/Mar/2024:09:27:39 +0800] "GET /xingrg/all/function/internal_message.html?_=1709947661225&CODE_STATE=getMsg HTTP/1.1" 200 27
61.170.235.169 - - [09/Mar/2024:09:27:40 +0800] "POST /xingrg/kc/buy/cgsh_order_operate.html HTTP/1.1" 200 37
116.238.97.31 - - [09/Mar/2024:09:27:40 +0800] "POST /xingrg/kc/buy/cgsh_order_operate.html HTTP/1.1" 200 16284
180.164.1.25 - - [09/Mar/2024:09:27:40 +0800] "GET /xingrg/kc/print/load_data.html?order_code=212024030902378&kc_code=cgsh&condition= HTTP/1.1" 200 14170
61.170.235.169 - - [09/Mar/2024:09:27:43 +0800] "POST /xingrg/kc/buy/cgsh_order_operate.html HTTP/1.1" 200 18612
120.253.135.82 - - [09/Mar/2024:09:27:43 +0800] "GET /xingrg/all/function/internal_message.html?_=1709947834243&CODE_STATE=getMsg HTTP/1.1" 200 27
114.83.222.94 - - [09/Mar/2024:09:27:47 +0800] "GET /xingrg/all/function/internal_message.html?_=1709947666276&CODE_STATE=getMsg HTTP/1.1" 200 27
116.230.123.13 - - [09/Mar/2024:09:27:48 +0800] "GET /xingrg/all/function/internal_message.html?_=1709947666531&CODE_STATE=getMsg HTTP/1.1" 200 27
116.230.123.13 - - [09/Mar/2024:09:27:48 +0800] "GET /xingrg/check_reg.html?_=1709947666534 HTTP/1.1" 200 22
61.170.235.169 - - [09/Mar/2024:09:27:53 +0800] "GET /xingrg/login.html?r=1 HTTP/1.1" 200 7641
61.170.235.169 - - [09/Mar/2024:09:27:53 +0800] "GET /favicon.ico HTTP/1.1" 404 -
180.164.1.25 - - [09/Mar/2024:09:27:53 +0800] "GET /xingrg/kc/buy/cgsh_order_add.html HTTP/1.1" 200 73747
180.164.1.25 - - [09/Mar/2024:09:27:54 +0800] "POST /xingrg/kc/buy/cgsh_order_operate.html HTTP/1.1" 200 8245
180.164.1.25 - - [09/Mar/2024:09:27:54 +0800] "GET /xingrg/javascript/easyui/themes/default/validatebox.css HTTP/1.1" 404 1104
61.170.235.169 - - [09/Mar/2024:09:27:55 +0800] "POST /xingrg/login.do HTTP/1.1" 302 -
61.170.235.169 - - [09/Mar/2024:09:27:55 +0800] "GET /xingrg/index.html?sysBaseUrl=http%3A%2F%2F180.169.147.146%3A18081%2Fxingrg%2F&costTime=801×tamp=1709947675863 HTTP/1.1" 200 17173
61.170.235.169 - - [09/Mar/2024:09:27:56 +0800] "GET /favicon.ico HTTP/1.1" 404 -
61.170.235.169 - - [09/Mar/2024:09:27:56 +0800] "GET /xingrg/all/function/internal_message.html?_=1709947676753&CODE_STATE=count HTTP/1.1" 200 11
61.170.235.169 - - [09/Mar/2024:09:27:56 +0800] "GET /xingrg/check_reg.html?_=1709947676754 HTTP/1.1" 200 22
61.170.235.169 - - [09/Mar/2024:09:27:56 +0800] "POST /xingrg/all/common/load_tree.html?tree=area_rest_tree_json&manage=1 HTTP/1.1" 200 342
61.170.235.169 - - [09/Mar/2024:09:27:56 +0800] "POST /xingrg/load_menu.html HTTP/1.1" 200 5138
101.83.145.37 - - [09/Mar/2024:09:27:57 +0800] "GET /xingrg/all/function/internal_message.html?_=1709947678545&CODE_STATE=getMsg HTTP/1.1" 200 27
116.238.97.31 - - [09/Mar/2024:09:27:57 +0800] "POST /xingrg/kc/buy/cgsh_order_operate.html HTTP/1.1" 200 37
61.170.235.169 - - [09/Mar/2024:09:27:58 +0800] "GET /xingrg/kc/buy/buy_main.html HTTP/1.1" 200 12412
61.170.235.169 - - [09/Mar/2024:09:27:58 +0800] "GET /xingrg/css/new_ie.css HTTP/1.1" 404 1036
61.170.235.169 - - [09/Mar/2024:09:27:59 +0800] "GET /xingrg/images/yd/bt.gif HTTP/1.1" 404 1040
116.238.97.31 - - [09/Mar/2024:09:28:00 +0800] "POST /xingrg/kc/buy/cgsh_order_operate.html HTTP/1.1" 200 16284
61.170.235.169 - - [09/Mar/2024:09:28:00 +0800] "GET /xingrg/kc/buy/cgsh_order_list.html HTTP/1.1" 200 57880
116.238.97.31 - - [09/Mar/2024:09:28:04 +0800] "GET /xingrg/all/function/internal_message.html?_=1709947685878&CODE_STATE=getMsg HTTP/1.1" 200 27
61.170.235.169 - - [09/Mar/2024:09:28:04 +0800] "POST /xingrg/kc/buy/cgsh_list_operate.html HTTP/1.1" 200 1380
116.238.97.31 - - [09/Mar/2024:09:28:07 +0800] "POST /xingrg/kc/buy/cgsh_list_operate.html HTTP/1.1" 200 1662
116.228.172.94 - - [09/Mar/2024:09:28:07 +0800] "GET /xingrg/all/function/internal_message.html?_=1709947414747&CODE_STATE=getMsg HTTP/1.1" 200 27
61.170.235.169 - - [09/Mar/2024:09:28:07 +0800] "POST /xingrg/kc/buy/cgsh_list_operate.html HTTP/1.1" 200 563
61.170.235.169 - - [09/Mar/2024:09:28:09 +0800] "GET /xingrg/kc/buy/cgsh_order_info.html?code=212024030902382 HTTP/1.1" 200 73658
61.170.235.169 - - [09/Mar/2024:09:28:09 +0800] "GET /xingrg/javascript/easyui/themes/default/validatebox.css HTTP/1.1" 404 1104
61.170.235.169 - - [09/Mar/2024:09:28:09 +0800] "GET /xingrg/all/common/auto_word.html?type=employee&rest_code=00106 HTTP/1.1" 200 205
61.170.235.169 - - [09/Mar/2024:09:28:10 +0800] "GET /xingrg/all/common/auto_word.html?type=employee&rest_code=00106 HTTP/1.1" 200 205
61.170.235.169 - - [09/Mar/2024:09:28:10 +0800] "POST /xingrg/kc/buy/cgsh_order_operate.html HTTP/1.1" 200 18612
116.230.123.13 - - [09/Mar/2024:09:28:11 +0800] "GET /xingrg/kc/buy/cgsh_order_operate.html?command=get_materiel&rest_code=00111&code=00101008353&supplier_code=00100008&order_time=2024-03-09 HTTP/1.1" 200 408
116.238.97.31 - - [09/Mar/2024:09:28:13 +0800] "POST /xingrg/kc/buy/cgsh_list_operate.html HTTP/1.1" 200 575
101.83.145.37 - - [09/Mar/2024:09:28:13 +0800] "GET /xingrg/all/function/internal_message.html?_=1709947456255&CODE_STATE=getMsg HTTP/1.1" 200 27
116.224.254.208 - - [09/Mar/2024:09:28:13 +0800] "GET /xingrg/all/function/internal_message.html?_=1709947694082&CODE_STATE=getMsg HTTP/1.1" 200 27
61.170.235.169 - - [09/Mar/2024:09:28:16 +0800] "GET /xingrg/javascript/auto/indicator.gif HTTP/1.1" 404 1066
180.164.1.25 - - [09/Mar/2024:09:28:20 +0800] "GET /xingrg/all/function/internal_message.html?_=1709947699976&CODE_STATE=getMsg HTTP/1.1" 200 27
61.170.235.169 - - [09/Mar/2024:09:28:21 +0800] "GET /xingrg/kc/buy/cgsh_order_operate.html?command=get_materiel&rest_code=00106&code=00101008357&supplier_code=00100008&order_time=2024-03-09 HTTP/1.1" 200 408
116.238.97.31 - - [09/Mar/2024:09:28:21 +0800] "GET /xingrg/kc/buy/cgsh_order_info.html?code=212024030902376 HTTP/1.1" 200 73699
116.238.97.31 - - [09/Mar/2024:09:28:22 +0800] "GET /xingrg/javascript/easyui/themes/default/validatebox.css HTTP/1.1" 404 1104
116.238.97.31 - - [09/Mar/2024:09:28:23 +0800] "POST /xingrg/kc/buy/cgsh_order_operate.html HTTP/1.1" 200 16284
120.253.135.82 - - [09/Mar/2024:09:28:23 +0800] "GET /xingrg/all/function/internal_message.html?_=1709947540876&CODE_STATE=getMsg HTTP/1.1" 200 27
58.40.7.146 - - [09/Mar/2024:09:28:30 +0800] "GET /xingrg/all/function/internal_message.html?_=1709947710006&CODE_STATE=getMsg HTTP/1.1" 200 27
180.164.1.25 - - [09/Mar/2024:09:28:30 +0800] "GET /xingrg/check_reg.html?_=1709947709794 HTTP/1.1" 200 22
116.224.254.208 - - [09/Mar/2024:09:28:31 +0800] "GET /xingrg/all/function/internal_message.html?_=1709947711474&CODE_STATE=getMsg HTTP/1.1" 200 27
116.238.97.31 - - [09/Mar/2024:09:28:31 +0800] "POST /xingrg/kc/buy/cgsh_order_operate.html HTTP/1.1" 200 37
221.239.169.251 - - [09/Mar/2024:09:28:35 +0800] "GET /xingrg/all/function/internal_message.html?_=1709947715049&CODE_STATE=getMsg HTTP/1.1" 200 27
124.78.60.103 - - [09/Mar/2024:09:28:36 +0800] "GET /xingrg/all/function/internal_message.html?_=1709947716941&CODE_STATE=getMsg HTTP/1.1" 200 27
116.230.123.13 - - [09/Mar/2024:09:28:39 +0800] "GET /xingrg/kc/buy/cgsh_order_operate.html?command=get_materiel&rest_code=00111&code=00101008242&supplier_code=00100008&order_time=2024-03-09 HTTP/1.1" 200 408
222.69.135.20 - - [09/Mar/2024:09:28:39 +0800] "GET /xingrg/all/function/internal_message.html?_=1709947721206&CODE_STATE=getMsg HTTP/1.1" 200 27
116.238.97.31 - - [09/Mar/2024:09:28:40 +0800] "POST /xingrg/kc/buy/cgsh_order_operate.html HTTP/1.1" 200 12
120.253.135.82 - - [09/Mar/2024:09:28:43 +0800] "GET /xingrg/all/function/internal_message.html?_=1709947894248&CODE_STATE=getMsg HTTP/1.1" 200 27
116.238.97.31 - - [09/Mar/2024:09:28:45 +0800] "GET /xingrg/kc/buy/cgsh_order_info.html?code=212024030902376 HTTP/1.1" 200 68597
116.238.97.31 - - [09/Mar/2024:09:28:45 +0800] "GET /xingrg/javascript/easyui/themes/default/validatebox.css HTTP/1.1" 404 1104
116.238.97.31 - - [09/Mar/2024:09:28:46 +0800] "POST /xingrg/kc/buy/cgsh_order_operate.html HTTP/1.1" 200 14229
114.83.222.94 - - [09/Mar/2024:09:28:47 +0800] "GET /xingrg/all/function/internal_message.html?_=1709947726263&CODE_STATE=getMsg HTTP/1.1" 200 27
116.230.123.13 - - [09/Mar/2024:09:28:48 +0800] "GET /xingrg/all/function/internal_message.html?_=1709947726526&CODE_STATE=getMsg HTTP/1.1" 200 27
116.238.97.31 - - [09/Mar/2024:09:28:51 +0800] "POST /xingrg/kc/buy/cgsh_list_operate.html HTTP/1.1" 200 1380
116.230.123.13 - - [09/Mar/2024:09:28:56 +0800] "GET /xingrg/kc/buy/cgsh_order_operate.html?command=get_materiel&rest_code=00111&code=00101008087&supplier_code=00100008&order_time=2024-03-09 HTTP/1.1" 200 412
61.170.235.169 - - [09/Mar/2024:09:28:56 +0800] "GET /xingrg/all/function/internal_message.html?_=1709947736774&CODE_STATE=getMsg HTTP/1.1" 200 27
101.83.145.37 - - [09/Mar/2024:09:28:57 +0800] "GET /xingrg/all/function/internal_message.html?_=1709947738569&CODE_STATE=getMsg HTTP/1.1" 200 27
116.238.97.31 - - [09/Mar/2024:09:28:59 +0800] "POST /xingrg/kc/buy/cgsh_list_operate.html HTTP/1.1" 200 576
116.238.97.31 - - [09/Mar/2024:09:29:02 +0800] "GET /xingrg/check_reg.html?_=1709947744115 HTTP/1.1" 200 22
116.230.123.13 - - [09/Mar/2024:09:29:03 +0800] "POST /xingrg/kc/buy/cgsh_order_operate.html HTTP/1.1" 200 2065
116.238.97.31 - - [09/Mar/2024:09:29:04 +0800] "GET /xingrg/all/function/internal_message.html?_=1709947745861&CODE_STATE=getMsg HTTP/1.1" 200 27
61.170.235.169 - - [09/Mar/2024:09:29:06 +0800] "GET /xingrg/kc/buy/cgsh_order_operate.html?command=get_materiel&rest_code=00106&code=00101010168&supplier_code=00100008&order_time=2024-03-09 HTTP/1.1" 200 413
116.228.172.94 - - [09/Mar/2024:09:29:07 +0800] "GET /xingrg/all/function/internal_message.html?_=1709947474753&CODE_STATE=getMsg HTTP/1.1" 200 27
116.230.123.13 - - [09/Mar/2024:09:29:10 +0800] "GET /xingrg/kc/buy/cgsh_order_operate.html?command=get_materiel&rest_code=00111&code=00101008361&supplier_code=00100008&order_time=2024-03-09 HTTP/1.1" 200 408
101.83.145.37 - - [09/Mar/2024:09:29:13 +0800] "GET /xingrg/all/function/internal_message.html?_=1709947516240&CODE_STATE=getMsg HTTP/1.1" 200 27
116.224.254.208 - - [09/Mar/2024:09:29:13 +0800] "GET /xingrg/all/function/internal_message.html?_=1709947754080&CODE_STATE=getMsg HTTP/1.1" 200 27
180.164.1.25 - - [09/Mar/2024:09:29:20 +0800] "GET /xingrg/all/function/internal_message.html?_=1709947759959&CODE_STATE=getMsg HTTP/1.1" 200 27
116.230.123.13 - - [09/Mar/2024:09:29:22 +0800] "GET /xingrg/kc/buy/cgsh_order_operate.html?command=get_materiel&rest_code=00111&code=00101008355&supplier_code=00100008&order_time=2024-03-09 HTTP/1.1" 200 408
120.253.135.82 - - [09/Mar/2024:09:29:24 +0800] "GET /xingrg/all/function/internal_message.html?_=1709947601065&CODE_STATE=getMsg HTTP/1.1" 200 27
58.40.7.146 - - [09/Mar/2024:09:29:30 +0800] "GET /xingrg/all/function/internal_message.html?_=1709947769993&CODE_STATE=getMsg HTTP/1.1" 200 27
116.224.254.208 - - [09/Mar/2024:09:29:31 +0800] "GET /xingrg/all/function/internal_message.html?_=1709947771453&CODE_STATE=getMsg HTTP/1.1" 200 27
221.239.169.251 - - [09/Mar/2024:09:29:35 +0800] "GET /xingrg/all/function/internal_message.html?_=1709947775025&CODE_STATE=getMsg HTTP/1.1" 200 27
124.78.60.103 - - [09/Mar/2024:09:29:36 +0800] "GET /xingrg/all/function/internal_message.html?_=1709947776956&CODE_STATE=getMsg HTTP/1.1" 200 27
116.230.123.13 - - [09/Mar/2024:09:29:39 +0800] "GET /xingrg/kc/buy/cgsh_order_operate.html?command=get_materiel&rest_code=00111&code=00101008172&supplier_code=00100008&order_time=2024-03-09 HTTP/1.1" 200 412
222.69.135.20 - - [09/Mar/2024:09:29:39 +0800] "GET /xingrg/all/function/internal_message.html?_=1709947781191&CODE_STATE=getMsg HTTP/1.1" 200 27
116.238.97.31 - - [09/Mar/2024:09:29:40 +0800] "GET /xingrg/kc/buy/cgsh_order_info.html?code=212024030902381 HTTP/1.1" 200 73699
116.238.97.31 - - [09/Mar/2024:09:29:41 +0800] "GET /xingrg/javascript/easyui/themes/default/validatebox.css HTTP/1.1" 404 1104
116.238.97.31 - - [09/Mar/2024:09:29:42 +0800] "POST /xingrg/kc/buy/cgsh_order_operate.html HTTP/1.1" 200 18638
120.253.135.82 - - [09/Mar/2024:09:29:43 +0800] "GET /xingrg/all/function/internal_message.html?_=1709947954313&CODE_STATE=getMsg HTTP/1.1" 200 27
114.83.222.94 - - [09/Mar/2024:09:29:47 +0800] "GET /xingrg/all/function/internal_message.html?_=1709947786240&CODE_STATE=getMsg HTTP/1.1" 200 27
114.83.222.94 - - [09/Mar/2024:09:29:47 +0800] "GET /xingrg/check_reg.html?_=1709947786415 HTTP/1.1" 200 22
116.230.123.13 - - [09/Mar/2024:09:29:48 +0800] "GET /xingrg/all/function/internal_message.html?_=1709947786538&CODE_STATE=getMsg HTTP/1.1" 200 27
116.238.97.31 - - [09/Mar/2024:09:29:49 +0800] "POST /xingrg/kc/buy/cgsh_order_operate.html HTTP/1.1" 200 37
116.230.123.13 - - [09/Mar/2024:09:29:51 +0800] "GET /xingrg/kc/buy/cgsh_order_operate.html?command=get_materiel&rest_code=00111&code=00101008213&supplier_code=00100008&order_time=2024-03-09 HTTP/1.1" 200 412
180.164.1.25 - - [09/Mar/2024:09:29:51 +0800] "GET /xingrg/kc/buy/cgsh_order_operate.html?command=get_materiel&rest_code=00108&code=00101007071&supplier_code=00100002&order_time=2024-03-09 HTTP/1.1" 200 417
120.253.135.82 - - [09/Mar/2024:09:29:51 +0800] "GET /xingrg/check_reg.html?_=1709947628597 HTTP/1.1" 200 22
61.170.235.169 - - [09/Mar/2024:09:29:56 +0800] "GET /xingrg/all/function/internal_message.html?_=1709947796762&CODE_STATE=getMsg HTTP/1.1" 200 27
101.83.145.37 - - [09/Mar/2024:09:29:57 +0800] "GET /xingrg/all/function/internal_message.html?_=1709947798569&CODE_STATE=getMsg HTTP/1.1" 200 27
116.238.97.31 - - [09/Mar/2024:09:29:58 +0800] "POST /xingrg/kc/buy/cgsh_order_operate.html HTTP/1.1" 200 12
116.238.97.31 - - [09/Mar/2024:09:30:00 +0800] "GET /xingrg/kc/buy/cgsh_order_info.html?code=212024030902381 HTTP/1.1" 200 68597
116.238.97.31 - - [09/Mar/2024:09:30:01 +0800] "GET /xingrg/javascript/easyui/themes/default/validatebox.css HTTP/1.1" 404 1104
180.164.1.25 - - [09/Mar/2024:09:30:01 +0800] "GET /xingrg/kc/buy/cgsh_order_operate.html?command=get_materiel&rest_code=00108&code=00101007072&supplier_code=00100002&order_time=2024-03-09 HTTP/1.1" 200 419
116.238.97.31 - - [09/Mar/2024:09:30:02 +0800] "POST /xingrg/kc/buy/cgsh_order_operate.html HTTP/1.1" 200 16582
116.238.97.31 - - [09/Mar/2024:09:30:04 +0800] "GET /xingrg/all/function/internal_message.html?_=1709947805846&CODE_STATE=getMsg HTTP/1.1" 200 27
116.238.97.31 - - [09/Mar/2024:09:30:06 +0800] "POST /xingrg/kc/buy/cgsh_list_operate.html HTTP/1.1" 200 645
116.228.172.94 - - [09/Mar/2024:09:30:07 +0800] "GET /xingrg/check_reg.html?_=1709947534747 HTTP/1.1" 200 22
116.228.172.94 - - [09/Mar/2024:09:30:07 +0800] "GET /xingrg/all/function/internal_message.html?_=1709947534749&CODE_STATE=getMsg HTTP/1.1" 200 27
61.170.235.169 - - [09/Mar/2024:09:30:09 +0800] "GET /xingrg/kc/buy/cgsh_order_operate.html?command=get_materiel&rest_code=00106&code=00101008223&supplier_code=00100008&order_time=2024-03-09 HTTP/1.1" 200 412
101.83.145.37 - - [09/Mar/2024:09:30:13 +0800] "GET /xingrg/all/function/internal_message.html?_=1709947576240&CODE_STATE=getMsg HTTP/1.1" 200 27
101.83.145.37 - - [09/Mar/2024:09:30:13 +0800] "GET /xingrg/check_reg.html?_=1709947576243 HTTP/1.1" 200 22
116.224.254.208 - - [09/Mar/2024:09:30:13 +0800] "GET /xingrg/all/function/internal_message.html?_=1709947814081&CODE_STATE=getMsg HTTP/1.1" 200 27
116.230.123.13 - - [09/Mar/2024:09:30:14 +0800] "POST /xingrg/kc/buy/cgsh_order_operate.html HTTP/1.1" 200 2065
180.164.1.25 - - [09/Mar/2024:09:30:20 +0800] "GET /xingrg/all/function/internal_message.html?_=1709947819937&CODE_STATE=getMsg HTTP/1.1" 200 27
120.253.135.82 - - [09/Mar/2024:09:30:24 +0800] "GET /xingrg/all/function/internal_message.html?_=1709947661074&CODE_STATE=getMsg HTTP/1.1" 200 27
116.230.123.13 - - [09/Mar/2024:09:30:27 +0800] "GET /xingrg/kc/buy/cgsh_order_operate.html?command=get_materiel&rest_code=00111&code=00101008286&supplier_code=00100008&order_time=2024-03-09 HTTP/1.1" 200 408
61.170.235.169 - - [09/Mar/2024:09:30:27 +0800] "GET /xingrg/kc/buy/cgsh_order_operate.html?command=get_materiel&rest_code=00106&code=00101008633&supplier_code=00100008&order_time=2024-03-09 HTTP/1.1" 200 414
58.40.7.146 - - [09/Mar/2024:09:30:30 +0800] "GET /xingrg/all/function/internal_message.html?_=1709947829996&CODE_STATE=getMsg HTTP/1.1" 200 27
58.40.7.146 - - [09/Mar/2024:09:30:30 +0800] "GET /xingrg/check_reg.html?_=1709947829997 HTTP/1.1" 200 22
61.170.235.169 - - [09/Mar/2024:09:30:30 +0800] "POST /xingrg/kc/buy/cgsh_order_operate.html HTTP/1.1" 200 2065
116.224.254.208 - - [09/Mar/2024:09:30:31 +0800] "GET /xingrg/all/function/internal_message.html?_=1709947831433&CODE_STATE=getMsg HTTP/1.1" 200 27
221.239.169.251 - - [09/Mar/2024:09:30:35 +0800] "GET /xingrg/all/function/internal_message.html?_=1709947835012&CODE_STATE=getMsg HTTP/1.1" 200 27
124.78.60.103 - - [09/Mar/2024:09:30:36 +0800] "GET /xingrg/all/function/internal_message.html?_=1709947836956&CODE_STATE=getMsg HTTP/1.1" 200 27
222.69.135.20 - - [09/Mar/2024:09:30:39 +0800] "GET /xingrg/all/function/internal_message.html?_=1709947841169&CODE_STATE=getMsg HTTP/1.1" 200 27
61.170.235.169 - - [09/Mar/2024:09:30:40 +0800] "GET /xingrg/kc/buy/cgsh_order_operate.html?command=get_materiel&rest_code=00106&code=00101008350&supplier_code=00100008&order_time=2024-03-09 HTTP/1.1" 200 408
120.253.135.82 - - [09/Mar/2024:09:30:43 +0800] "GET /xingrg/all/function/internal_message.html?_=1709948014257&CODE_STATE=getMsg HTTP/1.1" 200 27
120.253.135.82 - - [09/Mar/2024:09:30:43 +0800] "GET /xingrg/check_reg.html?_=1709948014259 HTTP/1.1" 200 22
114.83.222.94 - - [09/Mar/2024:09:30:47 +0800] "GET /xingrg/all/function/internal_message.html?_=1709947846210&CODE_STATE=getMsg HTTP/1.1" 200 27
116.230.123.13 - - [09/Mar/2024:09:30:48 +0800] "GET /xingrg/all/function/internal_message.html?_=1709947846575&CODE_STATE=getMsg HTTP/1.1" 200 27
180.164.1.25 - - [09/Mar/2024:09:30:48 +0800] "POST /xingrg/kc/buy/cgsh_order_operate.html HTTP/1.1" 200 37
116.230.123.13 - - [09/Mar/2024:09:30:52 +0800] "GET /xingrg/kc/buy/cgsh_order_operate.html?command=get_materiel&rest_code=00111&code=00101008224&supplier_code=00100008&order_time=2024-03-09 HTTP/1.1" 200 416
180.164.1.25 - - [09/Mar/2024:09:30:53 +0800] "POST /xingrg/kc/buy/cgsh_order_operate.html HTTP/1.1" 200 3260
221.239.169.251 - - [09/Mar/2024:09:30:53 +0800] "GET /xingrg/check_reg.html?_=1709947852955 HTTP/1.1" 200 22
180.164.1.25 - - [09/Mar/2024:09:30:54 +0800] "GET /xingrg/kc/print/load_data.html?order_code=212024030902383&kc_code=cgsh&condition= HTTP/1.1" 200 997
61.170.235.169 - - [09/Mar/2024:09:30:56 +0800] "GET /xingrg/all/function/internal_message.html?_=1709947856755&CODE_STATE=getMsg HTTP/1.1" 200 27
101.83.145.37 - - [09/Mar/2024:09:30:57 +0800] "GET /xingrg/all/function/internal_message.html?_=1709947858569&CODE_STATE=getMsg HTTP/1.1" 200 27
180.164.1.25 - - [09/Mar/2024:09:30:59 +0800] "GET /xingrg/kc/buy/cgsh_order_add.html HTTP/1.1" 200 73747
180.164.1.25 - - [09/Mar/2024:09:30:59 +0800] "POST /xingrg/kc/buy/cgsh_order_operate.html HTTP/1.1" 200 8245
180.164.1.25 - - [09/Mar/2024:09:30:59 +0800] "GET /xingrg/javascript/easyui/themes/default/validatebox.css HTTP/1.1" 404 1104
116.238.97.31 - - [09/Mar/2024:09:31:04 +0800] "GET /xingrg/all/function/internal_message.html?_=1709947865828&CODE_STATE=getMsg HTTP/1.1" 200 27
61.170.235.169 - - [09/Mar/2024:09:31:07 +0800] "GET /xingrg/kc/buy/cgsh_order_operate.html?command=get_materiel&rest_code=00106&code=00101008110&supplier_code=00100008&order_time=2024-03-09 HTTP/1.1" 200 409
116.228.172.94 - - [09/Mar/2024:09:31:07 +0800] "GET /xingrg/all/function/internal_message.html?_=1709947594754&CODE_STATE=getMsg HTTP/1.1" 200 27
180.164.1.25 - - [09/Mar/2024:09:31:08 +0800] "GET /xingrg/kc/buy/cgsh_order_operate.html?command=get_materiel&rest_code=00108&code=00101006111&supplier_code=00100012&order_time=2024-03-09 HTTP/1.1" 200 409
101.83.145.37 - - [09/Mar/2024:09:31:13 +0800] "GET /xingrg/all/function/internal_message.html?_=1709947636243&CODE_STATE=getMsg HTTP/1.1" 200 27
116.224.254.208 - - [09/Mar/2024:09:31:13 +0800] "GET /xingrg/all/function/internal_message.html?_=1709947874084&CODE_STATE=getMsg HTTP/1.1" 200 27
180.164.1.25 - - [09/Mar/2024:09:31:19 +0800] "GET /xingrg/kc/buy/cgsh_order_operate.html?command=get_materiel&rest_code=00108&code=00101006019&supplier_code=00100012&order_time=2024-03-09 HTTP/1.1" 200 417
180.164.1.25 - - [09/Mar/2024:09:31:20 +0800] "GET /xingrg/all/function/internal_message.html?_=1709947879920&CODE_STATE=getMsg HTTP/1.1" 200 27
120.253.135.82 - - [09/Mar/2024:09:31:24 +0800] "GET /xingrg/all/function/internal_message.html?_=1709947721088&CODE_STATE=getMsg HTTP/1.1" 200 27
180.164.1.25 - - [09/Mar/2024:09:31:27 +0800] "GET /xingrg/kc/buy/cgsh_order_operate.html?command=get_materiel&rest_code=00108&code=00101001191&supplier_code=00100012&order_time=2024-03-09 HTTP/1.1" 200 413
61.170.235.169 - - [09/Mar/2024:09:31:28 +0800] "GET /xingrg/kc/buy/cgsh_order_operate.html?command=get_materiel&rest_code=00106&code=00101008095&supplier_code=00100008&order_time=2024-03-09 HTTP/1.1" 200 413
58.40.7.146 - - [09/Mar/2024:09:31:30 +0800] "GET /xingrg/all/function/internal_message.html?_=1709947889997&CODE_STATE=getMsg HTTP/1.1" 200 27
116.224.254.208 - - [09/Mar/2024:09:31:31 +0800] "GET /xingrg/all/function/internal_message.html?_=1709947891418&CODE_STATE=getMsg HTTP/1.1" 200 27
180.164.1.25 - - [09/Mar/2024:09:31:35 +0800] "GET /xingrg/kc/buy/cgsh_order_operate.html?command=get_materiel&rest_code=00108&code=00102005375&supplier_code=00100012&order_time=2024-03-09 HTTP/1.1" 200 408
221.239.169.251 - - [09/Mar/2024:09:31:35 +0800] "GET /xingrg/all/function/internal_message.html?_=1709947894986&CODE_STATE=getMsg HTTP/1.1" 200 27
124.78.60.103 - - [09/Mar/2024:09:31:36 +0800] "GET /xingrg/all/function/internal_message.html?_=1709947896954&CODE_STATE=getMsg HTTP/1.1" 200 27
222.69.135.20 - - [09/Mar/2024:09:31:39 +0800] "GET /xingrg/all/function/internal_message.html?_=1709947901165&CODE_STATE=getMsg HTTP/1.1" 200 27
180.164.1.25 - - [09/Mar/2024:09:31:40 +0800] "GET /xingrg/kc/buy/cgsh_order_operate.html?command=get_materiel&rest_code=00108&code=00101002027&supplier_code=00100012&order_time=2024-03-09 HTTP/1.1" 200 413
120.253.135.82 - - [09/Mar/2024:09:31:43 +0800] "GET /xingrg/all/function/internal_message.html?_=1709948074261&CODE_STATE=getMsg HTTP/1.1" 200 27
61.170.235.169 - - [09/Mar/2024:09:31:44 +0800] "GET /xingrg/kc/buy/cgsh_order_operate.html?command=get_materiel&rest_code=00106&code=00101008114&supplier_code=00100008&order_time=2024-03-09 HTTP/1.1" 200 412
114.83.222.94 - - [09/Mar/2024:09:31:47 +0800] "GET /xingrg/all/function/internal_message.html?_=1709947906180&CODE_STATE=getMsg HTTP/1.1" 200 27
61.170.235.169 - - [09/Mar/2024:09:31:48 +0800] "POST /xingrg/kc/buy/cgsh_order_operate.html HTTP/1.1" 200 2065
116.230.123.13 - - [09/Mar/2024:09:31:48 +0800] "GET /xingrg/all/function/internal_message.html?_=1709947906549&CODE_STATE=getMsg HTTP/1.1" 200 27
180.164.1.25 - - [09/Mar/2024:09:31:49 +0800] "POST /xingrg/kc/buy/cgsh_order_operate.html HTTP/1.1" 200 37
180.164.1.25 - - [09/Mar/2024:09:31:51 +0800] "POST /xingrg/kc/buy/cgsh_order_operate.html HTTP/1.1" 200 4439
180.164.1.25 - - [09/Mar/2024:09:31:52 +0800] "GET /xingrg/kc/print/load_data.html?order_code=212024030902384&kc_code=cgsh&condition= HTTP/1.1" 200 1462
61.170.235.169 - - [09/Mar/2024:09:31:56 +0800] "GET /xingrg/all/function/internal_message.html?_=1709947916762&CODE_STATE=getMsg HTTP/1.1" 200 27
180.164.1.25 - - [09/Mar/2024:09:31:57 +0800] "GET /xingrg/kc/buy/cgsh_order_add.html HTTP/1.1" 200 73747
180.164.1.25 - - [09/Mar/2024:09:31:57 +0800] "POST /xingrg/kc/buy/cgsh_order_operate.html HTTP/1.1" 200 8245
180.164.1.25 - - [09/Mar/2024:09:31:57 +0800] "GET /xingrg/javascript/easyui/themes/default/validatebox.css HTTP/1.1" 404 1104
101.83.145.37 - - [09/Mar/2024:09:31:57 +0800] "GET /xingrg/all/function/internal_message.html?_=1709947918572&CODE_STATE=getMsg HTTP/1.1" 200 27
101.83.145.37 - - [09/Mar/2024:09:31:57 +0800] "GET /xingrg/check_reg.html?_=1709947918576 HTTP/1.1" 200 22
61.170.235.169 - - [09/Mar/2024:09:31:58 +0800] "GET /xingrg/kc/buy/cgsh_order_operate.html?command=get_materiel&rest_code=00106&code=00101008361&supplier_code=00100008&order_time=2024-03-09 HTTP/1.1" 200 408
116.238.97.31 - - [09/Mar/2024:09:32:04 +0800] "GET /xingrg/all/function/internal_message.html?_=1709947925799&CODE_STATE=getMsg HTTP/1.1" 200 27
180.164.1.25 - - [09/Mar/2024:09:32:06 +0800] "GET /xingrg/kc/buy/cgsh_order_operate.html?command=get_materiel&rest_code=00108&code=00101016025&supplier_code=00100036&order_time=2024-03-09 HTTP/1.1" 200 408
116.228.172.94 - - [09/Mar/2024:09:32:07 +0800] "GET /xingrg/all/function/internal_message.html?_=1709947654745&CODE_STATE=getMsg HTTP/1.1" 200 27
116.238.97.31 - - [09/Mar/2024:09:32:12 +0800] "GET /xingrg/kc/base/yddb_order_list.html HTTP/1.1" 200 16656
116.238.97.31 - - [09/Mar/2024:09:32:13 +0800] "POST /xingrg/kc/base/yddb_list_operate.html HTTP/1.1" 200 636
101.83.145.37 - - [09/Mar/2024:09:32:13 +0800] "GET /xingrg/all/function/internal_message.html?_=1709947696244&CODE_STATE=getMsg HTTP/1.1" 200 27
116.224.254.208 - - [09/Mar/2024:09:32:13 +0800] "GET /xingrg/check_reg.html?_=1709947934085 HTTP/1.1" 200 22
116.224.254.208 - - [09/Mar/2024:09:32:13 +0800] "GET /xingrg/all/function/internal_message.html?_=1709947934087&CODE_STATE=getMsg HTTP/1.1" 200 27
116.238.97.31 - - [09/Mar/2024:09:32:15 +0800] "POST /xingrg/kc/base/yddb_list_operate.html HTTP/1.1" 200 1835
180.164.1.25 - - [09/Mar/2024:09:32:17 +0800] "GET /xingrg/kc/buy/cgsh_order_operate.html?command=get_materiel&rest_code=00108&code=00101016030&supplier_code=00100036&order_time=2024-03-09 HTTP/1.1" 200 412
180.164.1.25 - - [09/Mar/2024:09:32:20 +0800] "GET /xingrg/all/function/internal_message.html?_=1709947939900&CODE_STATE=getMsg HTTP/1.1" 200 27
120.253.135.82 - - [09/Mar/2024:09:32:24 +0800] "GET /xingrg/all/function/internal_message.html?_=1709947781287&CODE_STATE=getMsg HTTP/1.1" 200 27
180.164.1.25 - - [09/Mar/2024:09:32:25 +0800] "GET /xingrg/kc/buy/cgsh_order_operate.html?command=get_materiel&rest_code=00108&code=00101012032&supplier_code=00100036&order_time=2024-03-09 HTTP/1.1" 200 416
222.69.135.20 - - [09/Mar/2024:09:32:29 +0800] "GET /xingrg/check_reg.html?_=1709947951140 HTTP/1.1" 200 22
58.40.7.146 - - [09/Mar/2024:09:32:30 +0800] "GET /xingrg/all/function/internal_message.html?_=1709947950001&CODE_STATE=getMsg HTTP/1.1" 200 27
116.224.254.208 - - [09/Mar/2024:09:32:31 +0800] "GET /xingrg/all/function/internal_message.html?_=1709947951400&CODE_STATE=getMsg HTTP/1.1" 200 27
116.224.254.208 - - [09/Mar/2024:09:32:31 +0800] "GET /xingrg/check_reg.html?_=1709947951695 HTTP/1.1" 200 22
180.164.1.25 - - [09/Mar/2024:09:32:33 +0800] "GET /xingrg/kc/buy/cgsh_order_operate.html?command=get_materiel&rest_code=00108&code=00101011013&supplier_code=00100036&order_time=2024-03-09 HTTP/1.1" 200 413
221.239.169.251 - - [09/Mar/2024:09:32:35 +0800] "GET /xingrg/all/function/internal_message.html?_=1709947954972&CODE_STATE=getMsg HTTP/1.1" 200 27
172.20.0.100 - - [09/Mar/2024:09:32:36 +0800] "GET /xingrg/check_reg.html?_=1709947970893 HTTP/1.1" 302 -
124.78.60.103 - - [09/Mar/2024:09:32:36 +0800] "GET /xingrg/all/function/internal_message.html?_=1709947956955&CODE_STATE=getMsg HTTP/1.1" 200 27
124.78.60.103 - - [09/Mar/2024:09:32:36 +0800] "GET /xingrg/check_reg.html?_=1709947956959 HTTP/1.1" 200 22
222.69.135.20 - - [09/Mar/2024:09:32:39 +0800] "GET /xingrg/all/function/internal_message.html?_=1709947961161&CODE_STATE=getMsg HTTP/1.1" 200 27
180.164.1.25 - - [09/Mar/2024:09:32:43 +0800] "POST /xingrg/kc/buy/cgsh_order_operate.html HTTP/1.1" 200 37
61.170.235.169 - - [09/Mar/2024:09:32:43 +0800] "GET /xingrg/kc/buy/cgsh_order_operate.html?command=get_materiel&rest_code=00106&code=00101008209&supplier_code=00100008&order_time=2024-03-09 HTTP/1.1" 200 408
120.253.135.82 - - [09/Mar/2024:09:32:43 +0800] "GET /xingrg/all/function/internal_message.html?_=1709948134266&CODE_STATE=getMsg HTTP/1.1" 200 27
180.164.1.25 - - [09/Mar/2024:09:32:45 +0800] "POST /xingrg/kc/buy/cgsh_order_operate.html HTTP/1.1" 200 4433
180.164.1.25 - - [09/Mar/2024:09:32:46 +0800] "GET /xingrg/kc/print/load_data.html?order_code=212024030902385&kc_code=cgsh&condition= HTTP/1.1" 200 1437
114.83.222.94 - - [09/Mar/2024:09:32:47 +0800] "GET /xingrg/all/function/internal_message.html?_=1709947966169&CODE_STATE=getMsg HTTP/1.1" 200 27
116.230.123.13 - - [09/Mar/2024:09:32:48 +0800] "GET /xingrg/check_reg.html?_=1709947966526 HTTP/1.1" 200 22
116.230.123.13 - - [09/Mar/2024:09:32:48 +0800] "GET /xingrg/all/function/internal_message.html?_=1709947966529&CODE_STATE=getMsg HTTP/1.1" 200 27
180.164.1.25 - - [09/Mar/2024:09:32:50 +0800] "GET /xingrg/kc/buy/cgsh_order_add.html HTTP/1.1" 200 73747
180.164.1.25 - - [09/Mar/2024:09:32:51 +0800] "POST /xingrg/kc/buy/cgsh_order_operate.html HTTP/1.1" 200 8245
180.164.1.25 - - [09/Mar/2024:09:32:51 +0800] "GET /xingrg/javascript/easyui/themes/default/validatebox.css HTTP/1.1" 404 1104
61.170.235.169 - - [09/Mar/2024:09:32:56 +0800] "GET /xingrg/check_reg.html?_=1709947976786 HTTP/1.1" 200 22
61.170.235.169 - - [09/Mar/2024:09:32:56 +0800] "GET /xingrg/all/function/internal_message.html?_=1709947976787&CODE_STATE=getMsg HTTP/1.1" 200 27
101.83.145.37 - - [09/Mar/2024:09:32:57 +0800] "GET /xingrg/all/function/internal_message.html?_=1709947978577&CODE_STATE=getMsg HTTP/1.1" 200 27
61.170.235.169 - - [09/Mar/2024:09:33:00 +0800] "GET /xingrg/kc/buy/cgsh_order_operate.html?command=get_materiel&rest_code=00106&code=00101008172&supplier_code=00100008&order_time=2024-03-09 HTTP/1.1" 200 412
180.164.1.25 - - [09/Mar/2024:09:33:01 +0800] "GET /xingrg/kc/buy/cgsh_order_operate.html?command=get_materiel&rest_code=00108&code=00101008646&supplier_code=00100623&order_time=2024-03-09 HTTP/1.1" 200 413
116.238.97.31 - - [09/Mar/2024:09:33:04 +0800] "GET /xingrg/all/function/internal_message.html?_=1709947985795&CODE_STATE=getMsg HTTP/1.1" 200 27
116.228.172.94 - - [09/Mar/2024:09:33:07 +0800] "GET /xingrg/all/function/internal_message.html?_=1709947714755&CODE_STATE=getMsg HTTP/1.1" 200 27
180.164.1.25 - - [09/Mar/2024:09:33:08 +0800] "GET /xingrg/kc/buy/cgsh_order_operate.html?command=get_materiel&rest_code=00108&code=00101008559&supplier_code=00100623&order_time=2024-03-09 HTTP/1.1" 200 432
101.83.145.37 - - [09/Mar/2024:09:33:13 +0800] "GET /xingrg/all/function/internal_message.html?_=1709947756245&CODE_STATE=getMsg HTTP/1.1" 200 27
116.224.254.208 - - [09/Mar/2024:09:33:13 +0800] "GET /xingrg/all/function/internal_message.html?_=1709947994089&CODE_STATE=getMsg HTTP/1.1" 200 27
116.230.123.13 - - [09/Mar/2024:09:33:16 +0800] "GET /xingrg/kc/buy/cgsh_order_operate.html?command=get_materiel&rest_code=00111&code=00101008161&supplier_code=00100008&order_time=2024-03-09 HTTP/1.1" 200 409
61.170.235.169 - - [09/Mar/2024:09:33:16 +0800] "GET /xingrg/kc/buy/cgsh_order_operate.html?command=get_materiel&rest_code=00106&code=00101008155&supplier_code=00100008&order_time=2024-03-09 HTTP/1.1" 200 408
180.164.1.25 - - [09/Mar/2024:09:33:20 +0800] "GET /xingrg/all/function/internal_message.html?_=1709947999871&CODE_STATE=getMsg HTTP/1.1" 200 27
180.164.1.25 - - [09/Mar/2024:09:33:20 +0800] "POST /xingrg/kc/buy/cgsh_order_operate.html HTTP/1.1" 200 37
120.253.135.82 - - [09/Mar/2024:09:33:24 +0800] "GET /xingrg/all/function/internal_message.html?_=1709947841302&CODE_STATE=getMsg HTTP/1.1" 200 27
180.164.1.25 - - [09/Mar/2024:09:33:27 +0800] "POST /xingrg/kc/buy/cgsh_order_operate.html HTTP/1.1" 200 2658
58.40.7.146 - - [09/Mar/2024:09:33:30 +0800] "GET /xingrg/all/function/internal_message.html?_=1709948010004&CODE_STATE=getMsg HTTP/1.1" 200 27
180.164.1.25 - - [09/Mar/2024:09:33:30 +0800] "GET /xingrg/check_reg.html?_=1709948009767 HTTP/1.1" 200 22
180.164.1.25 - - [09/Mar/2024:09:33:31 +0800] "GET /xingrg/kc/print/load_data.html?order_code=212024030902386&kc_code=cgsh&condition= HTTP/1.1" 200 686
116.224.254.208 - - [09/Mar/2024:09:33:31 +0800] "GET /xingrg/all/function/internal_message.html?_=1709948011372&CODE_STATE=getMsg HTTP/1.1" 200 27
61.170.235.169 - - [09/Mar/2024:09:33:32 +0800] "GET /xingrg/kc/buy/cgsh_order_operate.html?command=get_materiel&rest_code=00106&code=00101008061&supplier_code=00100008&order_time=2024-03-09 HTTP/1.1" 200 422
221.239.169.251 - - [09/Mar/2024:09:33:35 +0800] "GET /xingrg/all/function/internal_message.html?_=1709948014946&CODE_STATE=getMsg HTTP/1.1" 200 27
61.170.235.169 - - [09/Mar/2024:09:33:35 +0800] "POST /xingrg/kc/buy/cgsh_order_operate.html HTTP/1.1" 200 2065
124.78.60.103 - - [09/Mar/2024:09:33:36 +0800] "GET /xingrg/all/function/internal_message.html?_=1709948016955&CODE_STATE=getMsg HTTP/1.1" 200 27
222.69.135.20 - - [09/Mar/2024:09:33:39 +0800] "GET /xingrg/all/function/internal_message.html?_=1709948021140&CODE_STATE=getMsg HTTP/1.1" 200 27
116.230.123.13 - - [09/Mar/2024:09:33:42 +0800] "GET /xingrg/kc/buy/cgsh_order_operate.html?command=get_materiel&rest_code=00111&code=00101009155&supplier_code=00100008&order_time=2024-03-09 HTTP/1.1" 200 416
120.253.135.82 - - [09/Mar/2024:09:33:43 +0800] "GET /xingrg/all/function/internal_message.html?_=1709948194269&CODE_STATE=getMsg HTTP/1.1" 200 27
180.164.1.25 - - [09/Mar/2024:09:33:43 +0800] "GET /xingrg/kc/buy/cgsh_order_add.html HTTP/1.1" 200 73747
180.164.1.25 - - [09/Mar/2024:09:33:44 +0800] "POST /xingrg/kc/buy/cgsh_order_operate.html HTTP/1.1" 200 8245
180.164.1.25 - - [09/Mar/2024:09:33:44 +0800] "GET /xingrg/javascript/easyui/themes/default/validatebox.css HTTP/1.1" 404 1104
114.83.222.94 - - [09/Mar/2024:09:33:45 +0800] "GET /xingrg/kc/buy/cgsh_order_operate.html?command=get_materiel&rest_code=00149&code=00101016030&supplier_code=00100096&order_time=2024-03-09 HTTP/1.1" 200 412
114.83.222.94 - - [09/Mar/2024:09:33:47 +0800] "GET /xingrg/all/function/internal_message.html?_=1709948026158&CODE_STATE=getMsg HTTP/1.1" 200 27
116.230.123.13 - - [09/Mar/2024:09:33:48 +0800] "GET /xingrg/all/function/internal_message.html?_=1709948026532&CODE_STATE=getMsg HTTP/1.1" 200 27
116.230.123.13 - - [09/Mar/2024:09:33:51 +0800] "POST /xingrg/kc/buy/cgsh_order_operate.html HTTP/1.1" 200 2065
61.170.235.169 - - [09/Mar/2024:09:33:56 +0800] "GET /xingrg/all/function/internal_message.html?_=1709948036767&CODE_STATE=getMsg HTTP/1.1" 200 27
101.83.145.37 - - [09/Mar/2024:09:33:57 +0800] "GET /xingrg/all/function/internal_message.html?_=1709948038577&CODE_STATE=getMsg HTTP/1.1" 200 27
116.230.123.13 - - [09/Mar/2024:09:34:00 +0800] "GET /xingrg/kc/buy/cgsh_order_operate.html?command=get_materiel&rest_code=00111&code=00101008415&supplier_code=00100008&order_time=2024-03-09 HTTP/1.1" 200 414
116.238.97.31 - - [09/Mar/2024:09:34:02 +0800] "GET /xingrg/check_reg.html?_=1709948044126 HTTP/1.1" 200 22
116.238.97.31 - - [09/Mar/2024:09:34:04 +0800] "GET /xingrg/all/function/internal_message.html?_=1709948045772&CODE_STATE=getMsg HTTP/1.1" 200 27
61.170.235.169 - - [09/Mar/2024:09:34:05 +0800] "GET /xingrg/kc/buy/cgsh_order_operate.html?command=get_materiel&rest_code=00106&code=00101008706&supplier_code=00100008&order_time=2024-03-09 HTTP/1.1" 200 413
116.228.172.94 - - [09/Mar/2024:09:34:07 +0800] "GET /xingrg/all/function/internal_message.html?_=1709947774744&CODE_STATE=getMsg HTTP/1.1" 200 27
101.83.145.37 - - [09/Mar/2024:09:34:13 +0800] "GET /xingrg/all/function/internal_message.html?_=1709947816245&CODE_STATE=getMsg HTTP/1.1" 200 27
116.224.254.208 - - [09/Mar/2024:09:34:13 +0800] "GET /xingrg/all/function/internal_message.html?_=1709948054091&CODE_STATE=getMsg HTTP/1.1" 200 27
116.230.123.13 - - [09/Mar/2024:09:34:18 +0800] "GET /xingrg/kc/buy/cgsh_order_operate.html?command=get_materiel&rest_code=00111&code=00101008296&supplier_code=00100008&order_time=2024-03-09 HTTP/1.1" 200 416
180.164.1.25 - - [09/Mar/2024:09:34:20 +0800] "GET /xingrg/all/function/internal_message.html?_=1709948059845&CODE_STATE=getMsg HTTP/1.1" 200 27
120.253.135.82 - - [09/Mar/2024:09:34:24 +0800] "GET /xingrg/all/function/internal_message.html?_=1709947901493&CODE_STATE=getMsg HTTP/1.1" 200 27
61.170.235.169 - - [09/Mar/2024:09:34:28 +0800] "POST /xingrg/kc/buy/cgsh_order_operate.html HTTP/1.1" 200 37
58.40.7.146 - - [09/Mar/2024:09:34:30 +0800] "GET /xingrg/all/function/internal_message.html?_=1709948070006&CODE_STATE=getMsg HTTP/1.1" 200 27
61.170.235.169 - - [09/Mar/2024:09:34:30 +0800] "POST /xingrg/kc/buy/cgsh_order_operate.html HTTP/1.1" 200 26888
116.224.254.208 - - [09/Mar/2024:09:34:31 +0800] "GET /xingrg/all/function/internal_message.html?_=1709948071347&CODE_STATE=getMsg HTTP/1.1" 200 27
221.239.169.251 - - [09/Mar/2024:09:34:35 +0800] "GET /xingrg/all/function/internal_message.html?_=1709948074930&CODE_STATE=getMsg HTTP/1.1" 200 27
116.230.123.13 - - [09/Mar/2024:09:34:36 +0800] "GET /xingrg/kc/buy/cgsh_order_operate.html?command=get_materiel&rest_code=00111&code=00101008106&supplier_code=00100008&order_time=2024-03-09 HTTP/1.1" 200 412
124.78.60.103 - - [09/Mar/2024:09:34:36 +0800] "GET /xingrg/all/function/internal_message.html?_=1709948076954&CODE_STATE=getMsg HTTP/1.1" 200 27
61.170.235.169 - - [09/Mar/2024:09:34:37 +0800] "GET /xingrg/kc/buy/cgsh_order_add.html HTTP/1.1" 200 73649
61.170.235.169 - - [09/Mar/2024:09:34:37 +0800] "POST /xingrg/kc/buy/cgsh_order_operate.html HTTP/1.1" 200 8245
61.170.235.169 - - [09/Mar/2024:09:34:37 +0800] "GET /xingrg/javascript/easyui/themes/default/validatebox.css HTTP/1.1" 404 1104
61.170.235.169 - - [09/Mar/2024:09:34:38 +0800] "GET /xingrg/javascript/easyui/themes/default/tree.css HTTP/1.1" 404 1090
61.170.235.169 - - [09/Mar/2024:09:34:39 +0800] "POST /xingrg/all/common/load_tree.html?tree=supplier_tree_json&isDelete=1 HTTP/1.1" 200 78788
222.69.135.20 - - [09/Mar/2024:09:34:39 +0800] "GET /xingrg/all/function/internal_message.html?_=1709948081117&CODE_STATE=getMsg HTTP/1.1" 200 27
120.253.135.82 - - [09/Mar/2024:09:34:43 +0800] "GET /xingrg/all/function/internal_message.html?_=1709948254274&CODE_STATE=getMsg HTTP/1.1" 200 27
114.83.222.94 - - [09/Mar/2024:09:34:47 +0800] "GET /xingrg/all/function/internal_message.html?_=1709948086130&CODE_STATE=getMsg HTTP/1.1" 200 27
114.83.222.94 - - [09/Mar/2024:09:34:47 +0800] "GET /xingrg/check_reg.html?_=1709948086399 HTTP/1.1" 200 22
116.230.123.13 - - [09/Mar/2024:09:34:48 +0800] "GET /xingrg/all/function/internal_message.html?_=1709948086567&CODE_STATE=getMsg HTTP/1.1" 200 27
120.253.135.82 - - [09/Mar/2024:09:34:51 +0800] "GET /xingrg/check_reg.html?_=1709947928603 HTTP/1.1" 200 22
61.170.235.169 - - [09/Mar/2024:09:34:56 +0800] "GET /xingrg/all/function/internal_message.html?_=1709948096786&CODE_STATE=getMsg HTTP/1.1" 200 27
101.83.145.37 - - [09/Mar/2024:09:34:57 +0800] "GET /xingrg/all/function/internal_message.html?_=1709948098577&CODE_STATE=getMsg HTTP/1.1" 200 27
116.238.97.31 - - [09/Mar/2024:09:35:04 +0800] "GET /xingrg/all/function/internal_message.html?_=1709948105748&CODE_STATE=getMsg HTTP/1.1" 200 27
116.228.172.94 - - [09/Mar/2024:09:35:07 +0800] "GET /xingrg/all/function/internal_message.html?_=1709947834750&CODE_STATE=getMsg HTTP/1.1" 200 27
116.228.172.94 - - [09/Mar/2024:09:35:07 +0800] "GET /xingrg/check_reg.html?_=1709947834752 HTTP/1.1" 200 22
101.83.145.37 - - [09/Mar/2024:09:35:13 +0800] "GET /xingrg/check_reg.html?_=1709947876246 HTTP/1.1" 200 22
101.83.145.37 - - [09/Mar/2024:09:35:13 +0800] "GET /xingrg/all/function/internal_message.html?_=1709947876249&CODE_STATE=getMsg HTTP/1.1" 200 27
116.224.254.208 - - [09/Mar/2024:09:35:13 +0800] "GET /xingrg/all/function/internal_message.html?_=1709948114092&CODE_STATE=getMsg HTTP/1.1" 200 27
180.164.1.25 - - [09/Mar/2024:09:35:20 +0800] "GET /xingrg/all/function/internal_message.html?_=1709948119845&CODE_STATE=getMsg HTTP/1.1" 200 27
61.170.235.169 - - [09/Mar/2024:09:35:23 +0800] "GET /xingrg/kc/buy/cgsh_order_operate.html?command=get_materiel&rest_code=00106&code=00101011001&supplier_code=00100096&order_time=2024-03-09 HTTP/1.1" 200 422
120.253.135.82 - - [09/Mar/2024:09:35:24 +0800] "GET /xingrg/all/function/internal_message.html?_=1709947961501&CODE_STATE=getMsg HTTP/1.1" 200 27
58.40.7.146 - - [09/Mar/2024:09:35:30 +0800] "GET /xingrg/check_reg.html?_=1709948130010 HTTP/1.1" 200 22
58.40.7.146 - - [09/Mar/2024:09:35:30 +0800] "GET /xingrg/all/function/internal_message.html?_=1709948130011&CODE_STATE=getMsg HTTP/1.1" 200 27
116.224.254.208 - - [09/Mar/2024:09:35:31 +0800] "GET /xingrg/all/function/internal_message.html?_=1709948131318&CODE_STATE=getMsg HTTP/1.1" 200 27
221.239.169.251 - - [09/Mar/2024:09:35:35 +0800] "GET /xingrg/all/function/internal_message.html?_=1709948134919&CODE_STATE=getMsg HTTP/1.1" 200 27
124.78.60.103 - - [09/Mar/2024:09:35:36 +0800] "GET /xingrg/all/function/internal_message.html?_=1709948136954&CODE_STATE=getMsg HTTP/1.1" 200 27
222.69.135.20 - - [09/Mar/2024:09:35:39 +0800] "GET /xingrg/all/function/internal_message.html?_=1709948141091&CODE_STATE=getMsg HTTP/1.1" 200 27
