116.230.116.59 - - [08/Mar/2024:09:37:30 +0800] "GET /xingrg/all/function/internal_message.html?_=1709861867847&CODE_STATE=getMsg HTTP/1.1" 200 27
116.230.123.13 - - [08/Mar/2024:09:37:30 +0800] "GET /xingrg/all/function/internal_message.html?_=1709861849261&CODE_STATE=getMsg HTTP/1.1" 200 27
222.70.115.1 - - [08/Mar/2024:09:37:33 +0800] "GET /xingrg/check_reg.html?_=1709861856999 HTTP/1.1" 200 22
222.70.115.1 - - [08/Mar/2024:09:37:33 +0800] "GET /xingrg/all/function/internal_message.html?_=1709861857005&CODE_STATE=getMsg HTTP/1.1" 200 27
124.78.159.51 - - [08/Mar/2024:09:37:40 +0800] "GET /xingrg/kc/buy/cgsh_order_operate.html?command=get_materiel&rest_code=00106&code=00101008298&supplier_code=00100008&order_time=2024-03-08 HTTP/1.1" 200 412
124.78.60.103 - - [08/Mar/2024:09:37:40 +0800] "GET /xingrg/all/function/internal_message.html?_=1709861860577&CODE_STATE=getMsg HTTP/1.1" 200 27
221.239.169.251 - - [08/Mar/2024:09:37:45 +0800] "GET /xingrg/all/function/internal_message.html?_=1709861864743&CODE_STATE=getMsg HTTP/1.1" 200 27
116.232.194.112 - - [08/Mar/2024:09:37:50 +0800] "GET /xingrg/check_reg.html?_=1709861851766 HTTP/1.1" 200 22
116.232.194.112 - - [08/Mar/2024:09:37:50 +0800] "GET /xingrg/all/function/internal_message.html?_=1709861851766&CODE_STATE=getMsg HTTP/1.1" 200 27
180.169.147.146 - - [08/Mar/2024:09:37:54 +0800] "GET /xingrg/all/function/internal_message.html?_=1709861874656&CODE_STATE=getMsg HTTP/1.1" 200 27
180.169.147.146 - - [08/Mar/2024:09:37:54 +0800] "GET /xingrg/check_reg.html?_=1709861874662 HTTP/1.1" 200 22
124.78.159.51 - - [08/Mar/2024:09:37:55 +0800] "GET /xingrg/kc/buy/cgsh_order_operate.html?command=get_materiel&rest_code=00106&code=00101008283&supplier_code=00100008&order_time=2024-03-08 HTTP/1.1" 200 408
114.83.222.94 - - [08/Mar/2024:09:37:55 +0800] "GET /xingrg/kc/buy/cgsh_order_operate.html?command=get_materiel&rest_code=00149&code=00101008415&supplier_code=00100008&order_time=2024-03-08 HTTP/1.1" 200 412
120.253.135.82 - - [08/Mar/2024:09:37:56 +0800] "GET /xingrg/check_reg.html?_=1709861713714 HTTP/1.1" 200 22
116.238.97.31 - - [08/Mar/2024:09:37:57 +0800] "GET /xingrg/all/function/internal_message.html?_=1709861877605&CODE_STATE=getMsg HTTP/1.1" 200 27
116.238.97.31 - - [08/Mar/2024:09:37:58 +0800] "GET /xingrg/check_reg.html?_=1709861878449 HTTP/1.1" 200 22
114.83.222.94 - - [08/Mar/2024:09:38:00 +0800] "GET /xingrg/all/function/internal_message.html?_=1709861879275&CODE_STATE=getMsg HTTP/1.1" 200 27
180.169.147.146 - - [08/Mar/2024:09:38:05 +0800] "GET /xingrg/all/function/internal_message.html?_=1709861884456&CODE_STATE=getMsg HTTP/1.1" 200 27
116.228.172.94 - - [08/Mar/2024:09:38:07 +0800] "GET /xingrg/all/function/internal_message.html?_=1709861614750&CODE_STATE=getMsg HTTP/1.1" 200 27
116.224.254.208 - - [08/Mar/2024:09:38:11 +0800] "GET /xingrg/all/function/internal_message.html?_=1709861891390&CODE_STATE=getMsg HTTP/1.1" 200 27
180.164.1.25 - - [08/Mar/2024:09:38:11 +0800] "GET /xingrg/kc/buy/cgsh_order_operate.html?command=get_materiel&rest_code=00108&code=00101008357&supplier_code=00100007&order_time=2024-03-08 HTTP/1.1" 200 408
124.78.159.51 - - [08/Mar/2024:09:38:14 +0800] "GET /xingrg/kc/buy/cgsh_order_operate.html?command=get_materiel&rest_code=00106&code=00101008502&supplier_code=00100008&order_time=2024-03-08 HTTP/1.1" 200 412
116.224.254.208 - - [08/Mar/2024:09:38:14 +0800] "GET /xingrg/all/function/internal_message.html?_=1709861895048&CODE_STATE=getMsg HTTP/1.1" 200 27
101.83.145.37 - - [08/Mar/2024:09:38:16 +0800] "GET /xingrg/all/function/internal_message.html?_=1709861658826&CODE_STATE=getMsg HTTP/1.1" 200 27
180.164.1.25 - - [08/Mar/2024:09:38:18 +0800] "POST /xingrg/kc/buy/cgsh_order_operate.html HTTP/1.1" 200 2065
180.171.62.200 - - [08/Mar/2024:09:38:19 +0800] "GET /xingrg/all/function/internal_message.html?_=1709861908081&CODE_STATE=getMsg HTTP/1.1" 200 27
101.83.145.37 - - [08/Mar/2024:09:38:23 +0800] "GET /xingrg/all/function/internal_message.html?_=1709861903225&CODE_STATE=getMsg HTTP/1.1" 200 27
101.83.145.37 - - [08/Mar/2024:09:38:23 +0800] "GET /xingrg/check_reg.html?_=1709861903975 HTTP/1.1" 200 22
222.69.135.192 - - [08/Mar/2024:09:38:27 +0800] "GET /xingrg/all/function/internal_message.html?_=1709861907368&CODE_STATE=getMsg HTTP/1.1" 200 27
124.78.159.51 - - [08/Mar/2024:09:38:29 +0800] "GET /xingrg/all/function/internal_message.html?_=1709861909224&CODE_STATE=getMsg HTTP/1.1" 200 27
120.253.135.82 - - [08/Mar/2024:09:38:29 +0800] "GET /xingrg/all/function/internal_message.html?_=1709861746643&CODE_STATE=getMsg HTTP/1.1" 200 27
116.230.123.13 - - [08/Mar/2024:09:38:30 +0800] "GET /xingrg/all/function/internal_message.html?_=1709861909247&CODE_STATE=getMsg HTTP/1.1" 200 27
116.230.116.59 - - [08/Mar/2024:09:38:31 +0800] "GET /xingrg/all/function/internal_message.html?_=1709861929103&CODE_STATE=getMsg HTTP/1.1" 200 27
114.83.222.94 - - [08/Mar/2024:09:38:31 +0800] "POST /xingrg/kc/buy/cgsh_order_operate.html HTTP/1.1" 200 37
180.164.1.25 - - [08/Mar/2024:09:38:32 +0800] "GET /xingrg/kc/buy/cgsh_order_operate.html?command=get_materiel&rest_code=00108&code=00101008360&supplier_code=00100007&order_time=2024-03-08 HTTP/1.1" 200 413
222.70.115.1 - - [08/Mar/2024:09:38:33 +0800] "GET /xingrg/all/function/internal_message.html?_=1709861917003&CODE_STATE=getMsg HTTP/1.1" 200 27
114.83.222.94 - - [08/Mar/2024:09:38:36 +0800] "POST /xingrg/kc/buy/cgsh_order_operate.html HTTP/1.1" 200 31089
114.83.222.94 - - [08/Mar/2024:09:38:37 +0800] "GET /xingrg/kc/print/load_config.html?kc_code=cgsh HTTP/1.1" 200 1927
114.83.222.94 - - [08/Mar/2024:09:38:38 +0800] "GET /xingrg/kc/print/load_data.html?order_code=212024030802063&kc_code=cgsh&condition= HTTP/1.1" 200 11458
124.78.60.103 - - [08/Mar/2024:09:38:40 +0800] "GET /xingrg/all/function/internal_message.html?_=1709861920554&CODE_STATE=getMsg HTTP/1.1" 200 27
180.164.1.25 - - [08/Mar/2024:09:38:42 +0800] "GET /xingrg/kc/buy/cgsh_order_operate.html?command=get_materiel&rest_code=00108&code=00101008010&supplier_code=00100007&order_time=2024-03-08 HTTP/1.1" 200 412
221.239.169.251 - - [08/Mar/2024:09:38:45 +0800] "GET /xingrg/all/function/internal_message.html?_=1709861924742&CODE_STATE=getMsg HTTP/1.1" 200 27
116.224.254.208 - - [08/Mar/2024:09:38:47 +0800] "GET /xingrg/check_reg.html?_=1709861927686 HTTP/1.1" 200 22
124.78.159.51 - - [08/Mar/2024:09:38:49 +0800] "GET /xingrg/kc/buy/cgsh_order_operate.html?command=get_materiel&rest_code=00106&code=00101008027&supplier_code=00100008&order_time=2024-03-08 HTTP/1.1" 200 408
116.232.194.112 - - [08/Mar/2024:09:38:50 +0800] "GET /xingrg/all/function/internal_message.html?_=1709861911755&CODE_STATE=getMsg HTTP/1.1" 200 27
180.169.147.146 - - [08/Mar/2024:09:38:54 +0800] "GET /xingrg/all/function/internal_message.html?_=1709861934797&CODE_STATE=getMsg HTTP/1.1" 200 27
116.238.97.31 - - [08/Mar/2024:09:38:57 +0800] "GET /xingrg/all/function/internal_message.html?_=1709861937589&CODE_STATE=getMsg HTTP/1.1" 200 27
114.83.222.94 - - [08/Mar/2024:09:39:04 +0800] "POST /xingrg/kc/buy/cgsh_order_operate.html HTTP/1.1" 200 37
180.169.147.146 - - [08/Mar/2024:09:39:05 +0800] "GET /xingrg/check_reg.html?_=1709861944445 HTTP/1.1" 200 22
180.169.147.146 - - [08/Mar/2024:09:39:05 +0800] "GET /xingrg/all/function/internal_message.html?_=1709861944450&CODE_STATE=getMsg HTTP/1.1" 200 27
180.164.1.25 - - [08/Mar/2024:09:39:07 +0800] "GET /xingrg/kc/buy/cgsh_order_operate.html?command=get_materiel&rest_code=00108&code=00101008125&supplier_code=00100007&order_time=2024-03-08 HTTP/1.1" 200 413
116.228.172.94 - - [08/Mar/2024:09:39:07 +0800] "GET /xingrg/all/function/internal_message.html?_=1709861674742&CODE_STATE=getMsg HTTP/1.1" 200 27
116.224.254.208 - - [08/Mar/2024:09:39:11 +0800] "GET /xingrg/all/function/internal_message.html?_=1709861951363&CODE_STATE=getMsg HTTP/1.1" 200 27
124.78.159.51 - - [08/Mar/2024:09:39:14 +0800] "GET /xingrg/kc/buy/cgsh_order_operate.html?command=get_materiel&rest_code=00106&code=00101008037&supplier_code=00100008&order_time=2024-03-08 HTTP/1.1" 200 415
116.224.254.208 - - [08/Mar/2024:09:39:14 +0800] "GET /xingrg/check_reg.html?_=1709861955036 HTTP/1.1" 200 22
116.224.254.208 - - [08/Mar/2024:09:39:14 +0800] "GET /xingrg/all/function/internal_message.html?_=1709861955038&CODE_STATE=getMsg HTTP/1.1" 200 27
101.83.145.37 - - [08/Mar/2024:09:39:15 +0800] "GET /xingrg/all/function/internal_message.html?_=1709861718796&CODE_STATE=getMsg HTTP/1.1" 200 27
114.83.222.94 - - [08/Mar/2024:09:39:16 +0800] "POST /xingrg/kc/buy/cgsh_order_operate.html HTTP/1.1" 200 12
124.78.159.51 - - [08/Mar/2024:09:39:17 +0800] "POST /xingrg/kc/buy/cgsh_order_operate.html HTTP/1.1" 200 2065
180.171.62.200 - - [08/Mar/2024:09:39:19 +0800] "GET /xingrg/all/function/internal_message.html?_=1709861968083&CODE_STATE=getMsg HTTP/1.1" 200 27
180.164.1.25 - - [08/Mar/2024:09:39:21 +0800] "GET /xingrg/kc/buy/cgsh_order_operate.html?command=get_materiel&rest_code=00108&code=00101008038&supplier_code=00100007&order_time=2024-03-08 HTTP/1.1" 200 412
101.83.145.37 - - [08/Mar/2024:09:39:23 +0800] "GET /xingrg/all/function/internal_message.html?_=1709861963197&CODE_STATE=getMsg HTTP/1.1" 200 27
222.69.135.192 - - [08/Mar/2024:09:39:27 +0800] "GET /xingrg/all/function/internal_message.html?_=1709861967352&CODE_STATE=getMsg HTTP/1.1" 200 27
124.78.159.51 - - [08/Mar/2024:09:39:28 +0800] "GET /xingrg/all/function/internal_message.html?_=1709861969194&CODE_STATE=getMsg HTTP/1.1" 200 27
124.78.159.51 - - [08/Mar/2024:09:39:29 +0800] "GET /xingrg/check_reg.html?_=1709861969259 HTTP/1.1" 200 22
120.253.135.82 - - [08/Mar/2024:09:39:29 +0800] "GET /xingrg/all/function/internal_message.html?_=1709861806657&CODE_STATE=getMsg HTTP/1.1" 200 27
116.230.123.13 - - [08/Mar/2024:09:39:30 +0800] "GET /xingrg/all/function/internal_message.html?_=1709861969233&CODE_STATE=getMsg HTTP/1.1" 200 27
116.230.116.59 - - [08/Mar/2024:09:39:31 +0800] "GET /xingrg/all/function/internal_message.html?_=1709861989108&CODE_STATE=getMsg HTTP/1.1" 200 27
180.164.1.25 - - [08/Mar/2024:09:39:33 +0800] "GET /xingrg/kc/buy/cgsh_order_operate.html?command=get_materiel&rest_code=00108&code=00101008119&supplier_code=00100007&order_time=2024-03-08 HTTP/1.1" 200 412
222.70.115.1 - - [08/Mar/2024:09:39:33 +0800] "GET /xingrg/all/function/internal_message.html?_=1709861976990&CODE_STATE=getMsg HTTP/1.1" 200 27
114.83.222.94 - - [08/Mar/2024:09:39:37 +0800] "GET /xingrg/kc/buy/cgsh_order_info.html?code=212024030802063 HTTP/1.1" 200 68652
114.83.222.94 - - [08/Mar/2024:09:39:38 +0800] "GET /xingrg/javascript/easyui/themes/default/validatebox.css HTTP/1.1" 404 1104
114.83.222.94 - - [08/Mar/2024:09:39:39 +0800] "POST /xingrg/kc/buy/cgsh_order_operate.html HTTP/1.1" 200 29034
124.78.60.103 - - [08/Mar/2024:09:39:40 +0800] "GET /xingrg/all/function/internal_message.html?_=1709861980530&CODE_STATE=getMsg HTTP/1.1" 200 27
221.239.169.251 - - [08/Mar/2024:09:39:45 +0800] "GET /xingrg/all/function/internal_message.html?_=1709861984745&CODE_STATE=getMsg HTTP/1.1" 200 27
221.239.169.251 - - [08/Mar/2024:09:39:45 +0800] "GET /xingrg/check_reg.html?_=1709861984747 HTTP/1.1" 200 22
180.164.1.25 - - [08/Mar/2024:09:39:49 +0800] "GET /xingrg/kc/buy/cgsh_order_operate.html?command=get_materiel&rest_code=00108&code=00101008674&supplier_code=00100007&order_time=2024-03-08 HTTP/1.1" 200 413
116.232.194.112 - - [08/Mar/2024:09:39:50 +0800] "GET /xingrg/all/function/internal_message.html?_=1709861971758&CODE_STATE=getMsg HTTP/1.1" 200 27
180.164.1.25 - - [08/Mar/2024:09:39:52 +0800] "POST /xingrg/kc/buy/cgsh_order_operate.html HTTP/1.1" 200 2065
124.78.159.51 - - [08/Mar/2024:09:39:54 +0800] "GET /xingrg/kc/buy/cgsh_order_operate.html?command=get_materiel&rest_code=00106&code=00101008224&supplier_code=00100008&order_time=2024-03-08 HTTP/1.1" 200 416
180.169.147.146 - - [08/Mar/2024:09:39:54 +0800] "GET /xingrg/all/function/internal_message.html?_=1709861994772&CODE_STATE=getMsg HTTP/1.1" 200 27
116.232.194.112 - - [08/Mar/2024:09:39:54 +0800] "POST /xingrg/services/DataTransmitService HTTP/1.1" 200 524
116.238.97.31 - - [08/Mar/2024:09:39:57 +0800] "GET /xingrg/all/function/internal_message.html?_=1709861997561&CODE_STATE=getMsg HTTP/1.1" 200 27
114.83.222.94 - - [08/Mar/2024:09:40:00 +0800] "GET /xingrg/all/function/internal_message.html?_=1709861999280&CODE_STATE=getMsg HTTP/1.1" 200 27
114.83.222.94 - - [08/Mar/2024:09:40:00 +0800] "GET /xingrg/check_reg.html?_=1709861999294 HTTP/1.1" 200 22
180.164.1.25 - - [08/Mar/2024:09:40:04 +0800] "GET /xingrg/kc/buy/cgsh_order_operate.html?command=get_materiel&rest_code=00108&code=00101008356&supplier_code=00100007&order_time=2024-03-08 HTTP/1.1" 200 408
180.169.147.146 - - [08/Mar/2024:09:40:05 +0800] "GET /xingrg/all/function/internal_message.html?_=1709862004453&CODE_STATE=getMsg HTTP/1.1" 200 27
116.228.172.94 - - [08/Mar/2024:09:40:07 +0800] "GET /xingrg/all/function/internal_message.html?_=1709861734760&CODE_STATE=getMsg HTTP/1.1" 200 27
116.228.172.94 - - [08/Mar/2024:09:40:07 +0800] "GET /xingrg/check_reg.html?_=1709861734763 HTTP/1.1" 200 22
116.224.254.208 - - [08/Mar/2024:09:40:11 +0800] "GET /xingrg/all/function/internal_message.html?_=1709862011340&CODE_STATE=getMsg HTTP/1.1" 200 27
180.164.1.25 - - [08/Mar/2024:09:40:14 +0800] "GET /xingrg/kc/buy/cgsh_order_operate.html?command=get_materiel&rest_code=00108&code=00101008353&supplier_code=00100007&order_time=2024-03-08 HTTP/1.1" 200 408
116.224.254.208 - - [08/Mar/2024:09:40:14 +0800] "GET /xingrg/all/function/internal_message.html?_=1709862015043&CODE_STATE=getMsg HTTP/1.1" 200 27
101.83.145.37 - - [08/Mar/2024:09:40:15 +0800] "GET /xingrg/all/function/internal_message.html?_=1709861778780&CODE_STATE=getMsg HTTP/1.1" 200 27
124.78.159.51 - - [08/Mar/2024:09:40:16 +0800] "GET /xingrg/kc/buy/cgsh_order_operate.html?command=get_materiel&rest_code=00106&code=00101008108&supplier_code=00100008&order_time=2024-03-08 HTTP/1.1" 200 412
180.171.62.200 - - [08/Mar/2024:09:40:19 +0800] "GET /xingrg/all/function/internal_message.html?_=1709862028084&CODE_STATE=getMsg HTTP/1.1" 200 27
124.78.60.103 - - [08/Mar/2024:09:40:21 +0800] "GET /xingrg/check_reg.html?_=1709862021902 HTTP/1.1" 200 22
114.83.222.94 - - [08/Mar/2024:09:40:22 +0800] "GET /xingrg/kc/buy/cgsh_order_add.html HTTP/1.1" 200 73743
114.83.222.94 - - [08/Mar/2024:09:40:22 +0800] "POST /xingrg/kc/buy/cgsh_order_operate.html HTTP/1.1" 200 8245
114.83.222.94 - - [08/Mar/2024:09:40:22 +0800] "GET /xingrg/javascript/easyui/themes/default/validatebox.css HTTP/1.1" 404 1104
101.83.145.37 - - [08/Mar/2024:09:40:23 +0800] "GET /xingrg/all/function/internal_message.html?_=1709862023175&CODE_STATE=getMsg HTTP/1.1" 200 27
120.253.135.82 - - [08/Mar/2024:09:40:24 +0800] "POST /xingrg/kc/pszx/mdps_list_operate.html HTTP/1.1" 200 3565
180.164.1.25 - - [08/Mar/2024:09:40:26 +0800] "GET /xingrg/kc/buy/cgsh_order_operate.html?command=get_materiel&rest_code=00108&code=00101008182&supplier_code=00100007&order_time=2024-03-08 HTTP/1.1" 200 412
222.69.135.192 - - [08/Mar/2024:09:40:27 +0800] "GET /xingrg/all/function/internal_message.html?_=1709862027328&CODE_STATE=getMsg HTTP/1.1" 200 27
222.69.135.192 - - [08/Mar/2024:09:40:27 +0800] "GET /xingrg/check_reg.html?_=1709862027653 HTTP/1.1" 200 22
124.78.159.51 - - [08/Mar/2024:09:40:28 +0800] "GET /xingrg/all/function/internal_message.html?_=1709862029166&CODE_STATE=getMsg HTTP/1.1" 200 27
120.253.135.82 - - [08/Mar/2024:09:40:29 +0800] "GET /xingrg/all/function/internal_message.html?_=1709861866671&CODE_STATE=getMsg HTTP/1.1" 200 27
120.253.135.82 - - [08/Mar/2024:09:40:29 +0800] "GET /xingrg/kc/pszx/mdth_order_list.html HTTP/1.1" 200 18457
120.253.135.82 - - [08/Mar/2024:09:40:30 +0800] "POST /xingrg/kc/pszx/mdth_order_new_list.html HTTP/1.1" 200 4744
116.230.116.59 - - [08/Mar/2024:09:40:30 +0800] "GET /xingrg/check_reg.html?_=1709862048014 HTTP/1.1" 200 22
116.230.123.13 - - [08/Mar/2024:09:40:30 +0800] "GET /xingrg/all/function/internal_message.html?_=1709862029217&CODE_STATE=getMsg HTTP/1.1" 200 27
116.230.116.59 - - [08/Mar/2024:09:40:31 +0800] "GET /xingrg/all/function/internal_message.html?_=1709862049120&CODE_STATE=getMsg HTTP/1.1" 200 27
120.253.135.82 - - [08/Mar/2024:09:40:32 +0800] "POST /xingrg/kc/pszx/mdth_order_new_list.html HTTP/1.1" 200 278
222.70.115.1 - - [08/Mar/2024:09:40:33 +0800] "GET /xingrg/all/function/internal_message.html?_=1709862036994&CODE_STATE=getMsg HTTP/1.1" 200 27
120.253.135.82 - - [08/Mar/2024:09:40:33 +0800] "GET /xingrg/kc/pszx/mdth_order_info.html?code=322024022900008 HTTP/1.1" 200 22267
120.253.135.82 - - [08/Mar/2024:09:40:34 +0800] "GET /xingrg/javascript/easyui/themes/default/validatebox.css HTTP/1.1" 404 1104
120.253.135.82 - - [08/Mar/2024:09:40:34 +0800] "POST /xingrg/kc/pszx/mdth_order_new_info.html HTTP/1.1" 200 559
120.253.135.82 - - [08/Mar/2024:09:40:35 +0800] "POST /xingrg/all/common/load_combo.html?type=base HTTP/1.1" 200 1169
124.78.60.103 - - [08/Mar/2024:09:40:40 +0800] "GET /xingrg/all/function/internal_message.html?_=1709862040529&CODE_STATE=getMsg HTTP/1.1" 200 27
180.164.1.25 - - [08/Mar/2024:09:40:41 +0800] "GET /xingrg/kc/buy/cgsh_order_operate.html?command=get_materiel&rest_code=00108&code=00101008694&supplier_code=00100007&order_time=2024-03-08 HTTP/1.1" 200 420
120.253.135.82 - - [08/Mar/2024:09:40:42 +0800] "POST /xingrg/kc/pszx/mdth_order_new_info.html HTTP/1.1" 200 37
120.253.135.82 - - [08/Mar/2024:09:40:44 +0800] "POST /xingrg/kc/pszx/mdth_order_new_info.html HTTP/1.1" 200 559
221.239.169.251 - - [08/Mar/2024:09:40:45 +0800] "GET /xingrg/all/function/internal_message.html?_=1709862044746&CODE_STATE=getMsg HTTP/1.1" 200 27
120.253.135.82 - - [08/Mar/2024:09:40:50 +0800] "GET /xingrg/kc/pszx/mdth_order_info.html?code=322024022900008 HTTP/1.1" 200 22265
116.232.194.112 - - [08/Mar/2024:09:40:50 +0800] "GET /xingrg/all/function/internal_message.html?_=1709862031781&CODE_STATE=getMsg HTTP/1.1" 200 27
120.253.135.82 - - [08/Mar/2024:09:40:50 +0800] "GET /xingrg/javascript/easyui/themes/default/validatebox.css HTTP/1.1" 404 1104
120.253.135.82 - - [08/Mar/2024:09:40:50 +0800] "POST /xingrg/kc/pszx/mdth_order_new_info.html HTTP/1.1" 200 559
180.164.1.25 - - [08/Mar/2024:09:40:52 +0800] "GET /xingrg/kc/buy/cgsh_order_operate.html?command=get_materiel&rest_code=00108&code=00101008331&supplier_code=00100007&order_time=2024-03-08 HTTP/1.1" 200 416
180.164.1.25 - - [08/Mar/2024:09:40:54 +0800] "POST /xingrg/kc/buy/cgsh_order_operate.html HTTP/1.1" 200 2065
180.169.147.146 - - [08/Mar/2024:09:40:54 +0800] "GET /xingrg/all/function/internal_message.html?_=1709862054762&CODE_STATE=getMsg HTTP/1.1" 200 27
114.89.91.180 - - [08/Mar/2024:09:40:56 +0800] "GET /xingrg/login.html HTTP/1.1" 200 7641
114.89.91.180 - - [08/Mar/2024:09:40:56 +0800] "GET /favicon.ico HTTP/1.1" 404 -
124.78.159.51 - - [08/Mar/2024:09:40:57 +0800] "GET /xingrg/kc/buy/cgsh_order_operate.html?command=get_materiel&rest_code=00106&code=00101008370&supplier_code=00100008&order_time=2024-03-08 HTTP/1.1" 200 412
120.253.135.82 - - [08/Mar/2024:09:40:57 +0800] "POST /xingrg/kc/pszx/mdth_order_new_info.html HTTP/1.1" 200 37
116.238.97.31 - - [08/Mar/2024:09:40:57 +0800] "GET /xingrg/all/function/internal_message.html?_=1709862057555&CODE_STATE=getMsg HTTP/1.1" 200 27
114.89.91.180 - - [08/Mar/2024:09:40:58 +0800] "GET /xingrg/login.html HTTP/1.1" 200 7641
114.89.91.180 - - [08/Mar/2024:09:40:58 +0800] "GET /favicon.ico HTTP/1.1" 404 -
120.253.135.82 - - [08/Mar/2024:09:40:58 +0800] "POST /xingrg/kc/pszx/mdth_order_new_info.html HTTP/1.1" 200 559
114.89.91.180 - - [08/Mar/2024:09:41:00 +0800] "POST /xingrg/login.do HTTP/1.1" 302 -
114.89.91.180 - - [08/Mar/2024:09:41:00 +0800] "GET /xingrg/index.html?sysBaseUrl=http%3A%2F%2F180.169.147.146%3A18081%2Fxingrg%2F&costTime=1834×tamp=1709862060151 HTTP/1.1" 200 17177
114.89.91.180 - - [08/Mar/2024:09:41:00 +0800] "GET /favicon.ico HTTP/1.1" 404 -
114.83.222.94 - - [08/Mar/2024:09:41:00 +0800] "GET /xingrg/all/function/internal_message.html?_=1709862059265&CODE_STATE=getMsg HTTP/1.1" 200 27
114.89.91.180 - - [08/Mar/2024:09:41:00 +0800] "GET /xingrg/all/function/internal_message.html?_=1709862060642&CODE_STATE=count HTTP/1.1" 200 11
114.89.91.180 - - [08/Mar/2024:09:41:00 +0800] "GET /xingrg/check_reg.html?_=1709862060643 HTTP/1.1" 200 22
114.89.91.180 - - [08/Mar/2024:09:41:00 +0800] "POST /xingrg/all/common/load_tree.html?tree=area_rest_tree_json&manage=1 HTTP/1.1" 200 601
114.89.91.180 - - [08/Mar/2024:09:41:00 +0800] "POST /xingrg/load_menu.html HTTP/1.1" 200 5138
180.164.1.25 - - [08/Mar/2024:09:41:02 +0800] "GET /xingrg/kc/buy/cgsh_order_operate.html?command=get_materiel&rest_code=00108&code=00101008283&supplier_code=00100007&order_time=2024-03-08 HTTP/1.1" 200 408
120.253.135.82 - - [08/Mar/2024:09:41:02 +0800] "POST /xingrg/kc/pszx/mdth_order_new_info.html HTTP/1.1" 200 12
124.78.159.51 - - [08/Mar/2024:09:41:03 +0800] "POST /xingrg/kc/buy/cgsh_order_operate.html HTTP/1.1" 200 2065
120.253.135.82 - - [08/Mar/2024:09:41:04 +0800] "GET /xingrg/kc/pszx/mdth_order_info.html?code=322024022900008 HTTP/1.1" 200 20265
180.169.147.146 - - [08/Mar/2024:09:41:05 +0800] "GET /xingrg/all/function/internal_message.html?_=1709862064449&CODE_STATE=getMsg HTTP/1.1" 200 27
120.253.135.82 - - [08/Mar/2024:09:41:05 +0800] "GET /xingrg/javascript/easyui/themes/default/validatebox.css HTTP/1.1" 404 1104
120.253.135.82 - - [08/Mar/2024:09:41:05 +0800] "POST /xingrg/kc/pszx/mdth_order_new_info.html HTTP/1.1" 200 559
120.253.135.82 - - [08/Mar/2024:09:41:07 +0800] "POST /xingrg/kc/pszx/mdth_order_new_list.html HTTP/1.1" 200 4737
116.228.172.94 - - [08/Mar/2024:09:41:07 +0800] "GET /xingrg/all/function/internal_message.html?_=1709861794764&CODE_STATE=getMsg HTTP/1.1" 200 27
120.253.135.82 - - [08/Mar/2024:09:41:10 +0800] "GET /xingrg/kc/report/report_main.html HTTP/1.1" 200 8599
180.164.1.25 - - [08/Mar/2024:09:41:11 +0800] "GET /xingrg/kc/buy/cgsh_order_operate.html?command=get_materiel&rest_code=00108&code=00101008230&supplier_code=00100007&order_time=2024-03-08 HTTP/1.1" 200 408
116.224.254.208 - - [08/Mar/2024:09:41:11 +0800] "GET /xingrg/all/function/internal_message.html?_=1709862071315&CODE_STATE=getMsg HTTP/1.1" 200 27
116.224.254.208 - - [08/Mar/2024:09:41:14 +0800] "GET /xingrg/all/function/internal_message.html?_=1709862075042&CODE_STATE=getMsg HTTP/1.1" 200 27
101.83.145.37 - - [08/Mar/2024:09:41:15 +0800] "GET /xingrg/check_reg.html?_=1709861838277 HTTP/1.1" 200 22
101.83.145.37 - - [08/Mar/2024:09:41:15 +0800] "GET /xingrg/all/function/internal_message.html?_=1709861838764&CODE_STATE=getMsg HTTP/1.1" 200 27
116.238.97.31 - - [08/Mar/2024:09:41:16 +0800] "GET /xingrg/login.html HTTP/1.1" 200 7641
180.171.62.200 - - [08/Mar/2024:09:41:19 +0800] "GET /xingrg/all/function/internal_message.html?_=1709862088084&CODE_STATE=getMsg HTTP/1.1" 200 27
116.238.97.31 - - [08/Mar/2024:09:41:20 +0800] "GET /favicon.ico HTTP/1.1" 404 -
116.238.97.31 - - [08/Mar/2024:09:41:21 +0800] "GET /favicon.ico HTTP/1.1" 404 -
101.83.145.37 - - [08/Mar/2024:09:41:23 +0800] "GET /xingrg/all/function/internal_message.html?_=1709862083149&CODE_STATE=getMsg HTTP/1.1" 200 27
180.164.1.25 - - [08/Mar/2024:09:41:23 +0800] "GET /xingrg/kc/buy/cgsh_order_operate.html?command=get_materiel&rest_code=00108&code=00101008077&supplier_code=00100007&order_time=2024-03-08 HTTP/1.1" 200 416
222.69.135.192 - - [08/Mar/2024:09:41:27 +0800] "GET /xingrg/all/function/internal_message.html?_=1709862087317&CODE_STATE=getMsg HTTP/1.1" 200 27
124.78.159.51 - - [08/Mar/2024:09:41:28 +0800] "GET /xingrg/kc/buy/cgsh_order_operate.html?command=get_materiel&rest_code=00106&code=00101008042&supplier_code=00100008&order_time=2024-03-08 HTTP/1.1" 200 416
124.78.159.51 - - [08/Mar/2024:09:41:28 +0800] "GET /xingrg/all/function/internal_message.html?_=1709862089149&CODE_STATE=getMsg HTTP/1.1" 200 27
120.253.135.82 - - [08/Mar/2024:09:41:29 +0800] "GET /xingrg/all/function/internal_message.html?_=1709861926749&CODE_STATE=getMsg HTTP/1.1" 200 27
116.238.97.31 - - [08/Mar/2024:09:41:29 +0800] "POST /xingrg/login.do HTTP/1.1" 302 -
116.238.97.31 - - [08/Mar/2024:09:41:29 +0800] "GET /xingrg/index.html?sysBaseUrl=http%3A%2F%2F180.169.147.146%3A18081%2Fxingrg%2F&costTime=1122×tamp=1709862089524 HTTP/1.1" 200 17503
116.238.97.31 - - [08/Mar/2024:09:41:30 +0800] "GET /favicon.ico HTTP/1.1" 404 -
116.230.123.13 - - [08/Mar/2024:09:41:30 +0800] "GET /xingrg/all/function/internal_message.html?_=1709862089203&CODE_STATE=getMsg HTTP/1.1" 200 27
116.230.123.13 - - [08/Mar/2024:09:41:30 +0800] "GET /xingrg/check_reg.html?_=1709862089268 HTTP/1.1" 200 22
116.238.97.31 - - [08/Mar/2024:09:41:30 +0800] "POST /xingrg/all/common/load_tree.html?tree=area_rest_tree_json&manage=1 HTTP/1.1" 200 3624
116.238.97.31 - - [08/Mar/2024:09:41:30 +0800] "GET /xingrg/all/function/internal_message.html?_=1709862091101&CODE_STATE=count HTTP/1.1" 200 11
116.238.97.31 - - [08/Mar/2024:09:41:30 +0800] "GET /xingrg/check_reg.html?_=1709862091103 HTTP/1.1" 200 22
116.238.97.31 - - [08/Mar/2024:09:41:31 +0800] "POST /xingrg/load_menu.html HTTP/1.1" 200 11443
116.230.116.59 - - [08/Mar/2024:09:41:31 +0800] "GET /xingrg/all/function/internal_message.html?_=1709862109134&CODE_STATE=getMsg HTTP/1.1" 200 27
222.70.115.1 - - [08/Mar/2024:09:41:33 +0800] "GET /xingrg/all/function/internal_message.html?_=1709862096998&CODE_STATE=getMsg HTTP/1.1" 200 27
116.238.97.31 - - [08/Mar/2024:09:41:33 +0800] "POST /xingrg/all/user/operate.html HTTP/1.1" 200 36
116.238.97.31 - - [08/Mar/2024:09:41:33 +0800] "GET /xingrg/index.html?sysBaseUrl=http%3A%2F%2F180.169.147.146%3A18081%2Fxingrg%2F&costTime=1122×tamp=1709862089524 HTTP/1.1" 200 17503
116.238.97.31 - - [08/Mar/2024:09:41:34 +0800] "GET /xingrg/javascript/jquery_easy_ui/themes/default/easyui.css HTTP/1.1" 304 -
116.238.97.31 - - [08/Mar/2024:09:41:34 +0800] "GET /xingrg/javascript/jquery_easy_ui/themes/icon.css HTTP/1.1" 304 -
116.238.97.31 - - [08/Mar/2024:09:41:34 +0800] "GET /xingrg/css/form.css HTTP/1.1" 304 -
116.238.97.31 - - [08/Mar/2024:09:41:34 +0800] "GET /xingrg/javascript/jquery-1.4.2.min.js HTTP/1.1" 304 -
116.238.97.31 - - [08/Mar/2024:09:41:34 +0800] "GET /xingrg/javascript/jquery_easy_ui/jquery.easyui.min.js HTTP/1.1" 304 -
116.238.97.31 - - [08/Mar/2024:09:41:34 +0800] "GET /xingrg/javascript/jquery_easy_ui/easyui-lang-zh_CN.js HTTP/1.1" 304 -
116.238.97.31 - - [08/Mar/2024:09:41:34 +0800] "GET /xingrg/javascript/jquery.form.js HTTP/1.1" 304 -
116.238.97.31 - - [08/Mar/2024:09:41:34 +0800] "GET /xingrg/javascript/jquery.utils.js HTTP/1.1" 304 -
116.238.97.31 - - [08/Mar/2024:09:41:34 +0800] "GET /xingrg/javascript/jquery.timers.js HTTP/1.1" 304 -
116.238.97.31 - - [08/Mar/2024:09:41:34 +0800] "GET /xingrg/images/blue/jxLogo.png HTTP/1.1" 304 -
116.238.97.31 - - [08/Mar/2024:09:41:34 +0800] "GET /xingrg/images/blue/navBackgound.jpg HTTP/1.1" 304 -
116.238.97.31 - - [08/Mar/2024:09:41:34 +0800] "GET /xingrg/javascript/jquery_easy_ui/themes/icons/settle_new.png HTTP/1.1" 304 -
116.238.97.31 - - [08/Mar/2024:09:41:34 +0800] "GET /xingrg/all/function/internal_message.html?_=1709862094566&CODE_STATE=count HTTP/1.1" 200 11
116.238.97.31 - - [08/Mar/2024:09:41:34 +0800] "GET /xingrg/check_reg.html?_=1709862094567 HTTP/1.1" 200 22
116.238.97.31 - - [08/Mar/2024:09:41:34 +0800] "GET /xingrg/images/blue/pingpu.png HTTP/1.1" 304 -
116.238.97.31 - - [08/Mar/2024:09:41:34 +0800] "GET /xingrg/javascript/jquery_easy_ui/themes/default/images/panel_tool_expand.gif HTTP/1.1" 304 -
116.238.97.31 - - [08/Mar/2024:09:41:34 +0800] "GET /xingrg/javascript/jquery_easy_ui/themes/default/images/panel_tool_collapse.gif HTTP/1.1" 304 -
116.238.97.31 - - [08/Mar/2024:09:41:34 +0800] "GET /xingrg/javascript/jquery_easy_ui/themes/default/images/tabs_rightarrow.png HTTP/1.1" 304 -
116.238.97.31 - - [08/Mar/2024:09:41:34 +0800] "GET /xingrg/javascript/jquery_easy_ui/themes/default/images/tabs_leftarrow.png HTTP/1.1" 304 -
116.238.97.31 - - [08/Mar/2024:09:41:34 +0800] "POST /xingrg/all/common/load_tree.html?tree=area_rest_tree_json&manage=1 HTTP/1.1" 200 3624
116.238.97.31 - - [08/Mar/2024:09:41:34 +0800] "POST /xingrg/load_menu.html HTTP/1.1" 200 9959
114.89.91.180 - - [08/Mar/2024:09:41:37 +0800] "GET /xingrg/kc/report/report_main.html HTTP/1.1" 200 7340
116.238.97.31 - - [08/Mar/2024:09:41:38 +0800] "GET /xingrg/kc/buy/cgsh_order_list.html HTTP/1.1" 200 58135
114.89.91.180 - - [08/Mar/2024:09:41:39 +0800] "GET /xingrg/all/report/report_query.html?fileName=kc/buy/gys_amount.xml&rh=99999 HTTP/1.1" 200 52006
114.89.91.180 - - [08/Mar/2024:09:41:39 +0800] "GET /xingrg/dwr/interface/AjaxReportQueryService.js HTTP/1.1" 200 13203
114.89.91.180 - - [08/Mar/2024:09:41:39 +0800] "GET /xingrg/dwr/util.js HTTP/1.1" 304 -
114.89.91.180 - - [08/Mar/2024:09:41:39 +0800] "GET /xingrg/dwr/engine.js HTTP/1.1" 200 43631
114.89.91.180 - - [08/Mar/2024:09:41:39 +0800] "POST /xingrg/dwr/call/plaincall/AjaxReportQueryService.getFixDate.dwr HTTP/1.1" 200 111
114.89.91.180 - - [08/Mar/2024:09:41:39 +0800] "POST /xingrg/dwr/call/plaincall/AjaxReportQueryService.getInitString.dwr HTTP/1.1" 200 366
180.164.1.25 - - [08/Mar/2024:09:41:40 +0800] "GET /xingrg/kc/buy/cgsh_order_operate.html?command=get_materiel&rest_code=00108&code=00101009010&supplier_code=00100007&order_time=2024-03-08 HTTP/1.1" 200 416
114.89.91.180 - - [08/Mar/2024:09:41:40 +0800] "POST /xingrg/all/common/load_tree.html?tree=materiel_sort_tree_json HTTP/1.1" 200 9734
114.89.91.180 - - [08/Mar/2024:09:41:40 +0800] "POST /xingrg/all/common/load_tree.html?tree=supplier_tree_json&manage=1 HTTP/1.1" 200 81197
124.78.60.103 - - [08/Mar/2024:09:41:40 +0800] "GET /xingrg/all/function/internal_message.html?_=1709862100512&CODE_STATE=getMsg HTTP/1.1" 200 27
116.238.97.31 - - [08/Mar/2024:09:41:43 +0800] "GET /xingrg/kc/base/wldb_order_list.html HTTP/1.1" 200 19306
116.238.97.31 - - [08/Mar/2024:09:41:43 +0800] "POST /xingrg/kc/buy/cgsh_list_operate.html HTTP/1.1" 200 645
222.70.115.1 - - [08/Mar/2024:09:41:43 +0800] "POST /xingrg/services/DataTransmitService HTTP/1.1" 200 524
116.238.97.31 - - [08/Mar/2024:09:41:44 +0800] "POST /xingrg/kc/base/wldb_list_operate.html HTTP/1.1" 200 928
221.239.169.251 - - [08/Mar/2024:09:41:45 +0800] "GET /xingrg/all/function/internal_message.html?_=1709862104750&CODE_STATE=getMsg HTTP/1.1" 200 27
114.89.91.180 - - [08/Mar/2024:09:41:49 +0800] "GET /xingrg/kc/buy/buy_main.html HTTP/1.1" 200 12412
114.89.91.180 - - [08/Mar/2024:09:41:49 +0800] "GET /xingrg/css/new_ie.css HTTP/1.1" 404 1036
116.238.97.31 - - [08/Mar/2024:09:41:49 +0800] "POST /xingrg/kc/base/wldb_list_operate.html HTTP/1.1" 200 6105
114.89.91.180 - - [08/Mar/2024:09:41:50 +0800] "GET /xingrg/images/yd/bt.gif HTTP/1.1" 404 1040
116.232.194.112 - - [08/Mar/2024:09:41:50 +0800] "GET /xingrg/all/function/internal_message.html?_=1709862091767&CODE_STATE=getMsg HTTP/1.1" 200 27
114.89.91.180 - - [08/Mar/2024:09:41:51 +0800] "GET /xingrg/kc/buy/cgsh_order_list.html HTTP/1.1" 200 57884
116.238.97.31 - - [08/Mar/2024:09:41:52 +0800] "GET /xingrg/kc/base/yddb_order_list.html HTTP/1.1" 200 16656
116.238.97.31 - - [08/Mar/2024:09:41:53 +0800] "POST /xingrg/kc/base/yddb_list_operate.html HTTP/1.1" 200 636
114.89.91.180 - - [08/Mar/2024:09:41:54 +0800] "POST /xingrg/kc/buy/cgsh_list_operate.html HTTP/1.1" 200 645
180.169.147.146 - - [08/Mar/2024:09:41:54 +0800] "GET /xingrg/all/function/internal_message.html?_=1709862114741&CODE_STATE=getMsg HTTP/1.1" 200 27
116.238.97.31 - - [08/Mar/2024:09:41:57 +0800] "GET /xingrg/all/function/internal_message.html?_=1709862117538&CODE_STATE=getMsg HTTP/1.1" 200 27
116.238.97.31 - - [08/Mar/2024:09:41:58 +0800] "POST /xingrg/kc/base/yddb_list_operate.html HTTP/1.1" 200 4284
116.238.97.31 - - [08/Mar/2024:09:41:59 +0800] "POST /xingrg/kc/base/yddb_list_operate.html HTTP/1.1" 200 211
114.83.222.94 - - [08/Mar/2024:09:42:00 +0800] "GET /xingrg/all/function/internal_message.html?_=1709862119235&CODE_STATE=getMsg HTTP/1.1" 200 27
114.89.91.180 - - [08/Mar/2024:09:42:00 +0800] "GET /xingrg/all/function/internal_message.html?_=1709862120662&CODE_STATE=getMsg HTTP/1.1" 200 27
116.238.97.31 - - [08/Mar/2024:09:42:01 +0800] "GET /xingrg/kc/base/yddb_order_info.html?code=482024030700041 HTTP/1.1" 200 30087
116.238.97.31 - - [08/Mar/2024:09:42:01 +0800] "GET /xingrg/dwr/interface/AjaxComOrderService.js HTTP/1.1" 200 18264
116.238.97.31 - - [08/Mar/2024:09:42:01 +0800] "GET /xingrg/dwr/interface/AjaxYddbService.js HTTP/1.1" 200 13201
116.238.97.31 - - [08/Mar/2024:09:42:01 +0800] "GET /xingrg/dwr/engine.js HTTP/1.1" 200 43631
116.238.97.31 - - [08/Mar/2024:09:42:01 +0800] "GET /xingrg/dwr/util.js HTTP/1.1" 304 -
116.238.97.31 - - [08/Mar/2024:09:42:01 +0800] "GET /xingrg/images/blue/kc_tab_left.gif HTTP/1.1" 304 -
116.238.97.31 - - [08/Mar/2024:09:42:01 +0800] "GET /xingrg/images/blue/kc_tab_mid.gif HTTP/1.1" 304 -
116.238.97.31 - - [08/Mar/2024:09:42:01 +0800] "GET /xingrg/images/blue/kc_tab_right.gif HTTP/1.1" 304 -
116.238.97.31 - - [08/Mar/2024:09:42:02 +0800] "POST /xingrg/dwr/call/plaincall/AjaxYddbService.loadMaterielItems.dwr HTTP/1.1" 200 429
114.89.91.180 - - [08/Mar/2024:09:42:04 +0800] "GET /xingrg/javascript/easyui/plugins/jquery.draggable.js HTTP/1.1" 200 6121
114.89.91.180 - - [08/Mar/2024:09:42:04 +0800] "GET /xingrg/css/images/panel_loading.gif HTTP/1.1" 200 1737
114.89.91.180 - - [08/Mar/2024:09:42:04 +0800] "GET /xingrg/javascript/easyui/plugins/jquery.droppable.js HTTP/1.1" 200 1167
114.89.91.180 - - [08/Mar/2024:09:42:04 +0800] "GET /xingrg/javascript/easyui/plugins/jquery.tree.js HTTP/1.1" 200 20874
114.89.91.180 - - [08/Mar/2024:09:42:04 +0800] "GET /xingrg/javascript/easyui/themes/default/tree.css HTTP/1.1" 404 1090
180.169.147.146 - - [08/Mar/2024:09:42:05 +0800] "GET /xingrg/all/function/internal_message.html?_=1709862124444&CODE_STATE=getMsg HTTP/1.1" 200 27
114.89.91.180 - - [08/Mar/2024:09:42:05 +0800] "POST /xingrg/all/common/load_tree.html?tree=supplier_tree_json&manage=1 HTTP/1.1" 200 81197
114.89.91.180 - - [08/Mar/2024:09:42:06 +0800] "GET /xingrg/javascript/easyui/themes/default/images/tree_folder_open.gif HTTP/1.1" 200 956
114.89.91.180 - - [08/Mar/2024:09:42:06 +0800] "GET /xingrg/javascript/easyui/themes/default/images/tree_file.gif HTTP/1.1" 200 118
114.89.91.180 - - [08/Mar/2024:09:42:06 +0800] "GET /xingrg/javascript/easyui/themes/default/images/tree_arrows.gif HTTP/1.1" 200 617
114.89.91.180 - - [08/Mar/2024:09:42:06 +0800] "GET /xingrg/javascript/easyui/themes/default/images/tree_folder.gif HTTP/1.1" 200 952
114.89.91.180 - - [08/Mar/2024:09:42:06 +0800] "GET /xingrg/javascript/easyui/themes/default/images/tree_checkbox_0.gif HTTP/1.1" 200 168
116.228.172.94 - - [08/Mar/2024:09:42:07 +0800] "GET /xingrg/all/function/internal_message.html?_=1709861854754&CODE_STATE=getMsg HTTP/1.1" 200 27
116.238.97.31 - - [08/Mar/2024:09:42:09 +0800] "POST /xingrg/dwr/call/plaincall/AjaxYddbService.uncheckOrder.dwr HTTP/1.1" 200 78
124.78.159.51 - - [08/Mar/2024:09:42:10 +0800] "GET /xingrg/kc/buy/cgsh_order_operate.html?command=get_materiel&rest_code=00106&code=00101008161&supplier_code=00100008&order_time=2024-03-08 HTTP/1.1" 200 409
116.224.254.208 - - [08/Mar/2024:09:42:11 +0800] "GET /xingrg/all/function/internal_message.html?_=1709862131302&CODE_STATE=getMsg HTTP/1.1" 200 27
114.89.91.180 - - [08/Mar/2024:09:42:11 +0800] "GET /xingrg/javascript/auto/indicator.gif HTTP/1.1" 404 1066
116.224.254.208 - - [08/Mar/2024:09:42:14 +0800] "GET /xingrg/all/function/internal_message.html?_=1709862135032&CODE_STATE=getMsg HTTP/1.1" 200 27
101.83.145.37 - - [08/Mar/2024:09:42:15 +0800] "GET /xingrg/all/function/internal_message.html?_=1709861898748&CODE_STATE=getMsg HTTP/1.1" 200 27
180.164.1.25 - - [08/Mar/2024:09:42:17 +0800] "GET /xingrg/kc/buy/cgsh_order_operate.html?command=get_materiel&rest_code=00108&code=00101009124&supplier_code=00100007&order_time=2024-03-08 HTTP/1.1" 200 416
116.238.97.31 - - [08/Mar/2024:09:42:17 +0800] "GET /xingrg/kc/base/yddb_order_list.html HTTP/1.1" 200 16656
116.238.97.31 - - [08/Mar/2024:09:42:18 +0800] "POST /xingrg/kc/base/yddb_list_operate.html HTTP/1.1" 200 1331
180.171.62.200 - - [08/Mar/2024:09:42:19 +0800] "GET /xingrg/all/function/internal_message.html?_=1709862148087&CODE_STATE=getMsg HTTP/1.1" 200 27
180.171.62.200 - - [08/Mar/2024:09:42:19 +0800] "GET /xingrg/check_reg.html?_=1709862148089 HTTP/1.1" 200 22
116.238.97.31 - - [08/Mar/2024:09:42:19 +0800] "POST /xingrg/kc/base/yddb_list_operate.html HTTP/1.1" 200 211
116.238.97.31 - - [08/Mar/2024:09:42:20 +0800] "GET /xingrg/kc/base/yddb_order_info.html?code=482024030700041 HTTP/1.1" 200 31652
116.238.97.31 - - [08/Mar/2024:09:42:20 +0800] "GET /xingrg/dwr/interface/AjaxComOrderService.js HTTP/1.1" 200 18264
116.238.97.31 - - [08/Mar/2024:09:42:20 +0800] "GET /xingrg/dwr/interface/AjaxYddbService.js HTTP/1.1" 200 13201
116.238.97.31 - - [08/Mar/2024:09:42:20 +0800] "GET /xingrg/dwr/engine.js HTTP/1.1" 200 43631
116.238.97.31 - - [08/Mar/2024:09:42:20 +0800] "GET /xingrg/javascript/jquery_easy_ui/themes/icons/check_new.png HTTP/1.1" 200 3224
116.238.97.31 - - [08/Mar/2024:09:42:20 +0800] "GET /xingrg/javascript/jquery_easy_ui/themes/icons/cance_new.png HTTP/1.1" 200 3986
116.238.97.31 - - [08/Mar/2024:09:42:20 +0800] "GET /xingrg/images/blue/button/kc_tab_edit.gif HTTP/1.1" 200 551
116.238.97.31 - - [08/Mar/2024:09:42:20 +0800] "GET /xingrg/images/blue/button/kc_tab_add.gif HTTP/1.1" 200 375
116.238.97.31 - - [08/Mar/2024:09:42:20 +0800] "GET /xingrg/images/blue/button/kc_tab_save.gif HTTP/1.1" 200 777
116.238.97.31 - - [08/Mar/2024:09:42:20 +0800] "GET /xingrg/images/blue/button/kc_tab_del.gif HTTP/1.1" 200 383
116.238.97.31 - - [08/Mar/2024:09:42:20 +0800] "GET /xingrg/images/blue/kc_tab2_right.gif HTTP/1.1" 200 192
116.238.97.31 - - [08/Mar/2024:09:42:20 +0800] "GET /xingrg/images/blue/kc_tab2_left.gif HTTP/1.1" 200 625
116.238.97.31 - - [08/Mar/2024:09:42:21 +0800] "POST /xingrg/dwr/call/plaincall/AjaxYddbService.loadMaterielItems.dwr HTTP/1.1" 200 429
180.164.1.25 - - [08/Mar/2024:09:42:22 +0800] "GET /xingrg/check_reg.html?_=1709862142346 HTTP/1.1" 200 22
101.83.145.37 - - [08/Mar/2024:09:42:23 +0800] "GET /xingrg/all/function/internal_message.html?_=1709862143131&CODE_STATE=getMsg HTTP/1.1" 200 27
172.20.0.100 - - [08/Mar/2024:09:42:24 +0800] "GET /xingrg/check_reg.html?_=1709862156074 HTTP/1.1" 302 -
222.69.135.192 - - [08/Mar/2024:09:42:27 +0800] "GET /xingrg/all/function/internal_message.html?_=1709862147298&CODE_STATE=getMsg HTTP/1.1" 200 27
124.78.159.51 - - [08/Mar/2024:09:42:28 +0800] "GET /xingrg/all/function/internal_message.html?_=1709862149128&CODE_STATE=getMsg HTTP/1.1" 200 27
120.253.135.82 - - [08/Mar/2024:09:42:29 +0800] "GET /xingrg/all/function/internal_message.html?_=1709861986760&CODE_STATE=getMsg HTTP/1.1" 200 27
114.89.91.180 - - [08/Mar/2024:09:42:30 +0800] "POST /xingrg/kc/buy/cgsh_list_operate.html HTTP/1.1" 200 2689
116.230.123.13 - - [08/Mar/2024:09:42:30 +0800] "GET /xingrg/all/function/internal_message.html?_=1709862149174&CODE_STATE=getMsg HTTP/1.1" 200 27
116.238.97.31 - - [08/Mar/2024:09:42:30 +0800] "POST /xingrg/dwr/call/plaincall/AjaxYddbService.deleteOrder.dwr HTTP/1.1" 200 78
116.230.116.59 - - [08/Mar/2024:09:42:31 +0800] "GET /xingrg/all/function/internal_message.html?_=1709862169147&CODE_STATE=getMsg HTTP/1.1" 200 27
116.238.97.31 - - [08/Mar/2024:09:42:32 +0800] "GET /xingrg/kc/base/yddb_order_list.html HTTP/1.1" 200 16656
116.238.97.31 - - [08/Mar/2024:09:42:32 +0800] "POST /xingrg/kc/base/yddb_list_operate.html HTTP/1.1" 200 636
222.70.115.1 - - [08/Mar/2024:09:42:33 +0800] "GET /xingrg/all/function/internal_message.html?_=1709862157000&CODE_STATE=getMsg HTTP/1.1" 200 27
222.70.115.1 - - [08/Mar/2024:09:42:33 +0800] "GET /xingrg/check_reg.html?_=1709862157005 HTTP/1.1" 200 22
116.238.97.31 - - [08/Mar/2024:09:42:35 +0800] "GET /xingrg/kc/base/yddb_order_add.html HTTP/1.1" 200 30039
116.238.97.31 - - [08/Mar/2024:09:42:35 +0800] "GET /xingrg/dwr/interface/AjaxComOrderService.js HTTP/1.1" 200 18264
116.238.97.31 - - [08/Mar/2024:09:42:35 +0800] "GET /xingrg/dwr/interface/AjaxYddbService.js HTTP/1.1" 200 13201
116.238.97.31 - - [08/Mar/2024:09:42:35 +0800] "GET /xingrg/dwr/engine.js HTTP/1.1" 200 43631
124.78.159.51 - - [08/Mar/2024:09:42:37 +0800] "GET /xingrg/kc/buy/cgsh_order_operate.html?command=get_materiel&rest_code=00106&code=00101008103&supplier_code=00100008&order_time=2024-03-08 HTTP/1.1" 200 417
120.253.135.82 - - [08/Mar/2024:09:42:38 +0800] "GET /xingrg/kc/pszx/mdqp_order_list.html?state=10 HTTP/1.1" 200 10319
116.238.97.31 - - [08/Mar/2024:09:42:38 +0800] "POST /xingrg/dwr/call/plaincall/AjaxYddbService.getRestBases.dwr HTTP/1.1" 200 1067
120.253.135.82 - - [08/Mar/2024:09:42:38 +0800] "GET /xingrg/dwr/interface/AjaxQqpsService.js HTTP/1.1" 200 16326
120.253.135.82 - - [08/Mar/2024:09:42:38 +0800] "GET /xingrg/dwr/interface/AjaxReportQueryService.js HTTP/1.1" 200 13203
120.253.135.82 - - [08/Mar/2024:09:42:38 +0800] "GET /xingrg/dwr/engine.js HTTP/1.1" 200 43631
124.78.60.103 - - [08/Mar/2024:09:42:40 +0800] "GET /xingrg/all/function/internal_message.html?_=1709862160494&CODE_STATE=getMsg HTTP/1.1" 200 27
116.238.97.31 - - [08/Mar/2024:09:42:45 +0800] "POST /xingrg/dwr/call/plaincall/AjaxYddbService.saveOrder.dwr HTTP/1.1" 200 78
221.239.169.251 - - [08/Mar/2024:09:42:45 +0800] "GET /xingrg/all/function/internal_message.html?_=1709862164753&CODE_STATE=getMsg HTTP/1.1" 200 27
116.238.97.31 - - [08/Mar/2024:09:42:47 +0800] "POST /xingrg/dwr/call/plaincall/AjaxComOrderService.getMaterielSearchList.dwr HTTP/1.1" 200 533024
116.238.97.31 - - [08/Mar/2024:09:42:48 +0800] "POST /xingrg/dwr/call/plaincall/AjaxComOrderService.getMaterielSearchList.dwr HTTP/1.1" 200 561
116.238.97.31 - - [08/Mar/2024:09:42:49 +0800] "POST /xingrg/dwr/call/plaincall/AjaxComOrderService.getMaterielSearchList.dwr HTTP/1.1" 200 561
116.232.194.112 - - [08/Mar/2024:09:42:50 +0800] "GET /xingrg/check_reg.html?_=1709862151764 HTTP/1.1" 200 22
116.232.194.112 - - [08/Mar/2024:09:42:50 +0800] "GET /xingrg/all/function/internal_message.html?_=1709862151770&CODE_STATE=getMsg HTTP/1.1" 200 27
116.238.97.31 - - [08/Mar/2024:09:42:51 +0800] "POST /xingrg/dwr/call/plaincall/AjaxComOrderService.getMaterielSearchList.dwr HTTP/1.1" 200 25345
116.238.97.31 - - [08/Mar/2024:09:42:52 +0800] "POST /xingrg/dwr/call/plaincall/AjaxComOrderService.getMaterielSearchList.dwr HTTP/1.1" 200 728
116.238.97.31 - - [08/Mar/2024:09:42:53 +0800] "POST /xingrg/dwr/call/plaincall/AjaxYddbService.getMaterielByMap.dwr HTTP/1.1" 200 2829
124.78.159.51 - - [08/Mar/2024:09:42:54 +0800] "GET /xingrg/kc/buy/cgsh_order_operate.html?command=get_materiel&rest_code=00106&code=00101008415&supplier_code=00100008&order_time=2024-03-08 HTTP/1.1" 200 412
180.169.147.146 - - [08/Mar/2024:09:42:54 +0800] "GET /xingrg/check_reg.html?_=1709862174659 HTTP/1.1" 200 22
180.169.147.146 - - [08/Mar/2024:09:42:54 +0800] "GET /xingrg/all/function/internal_message.html?_=1709862174739&CODE_STATE=getMsg HTTP/1.1" 200 27
116.238.97.31 - - [08/Mar/2024:09:42:56 +0800] "POST /xingrg/dwr/call/plaincall/AjaxYddbService.saveMaterielItem.dwr HTTP/1.1" 200 78
120.253.135.82 - - [08/Mar/2024:09:42:56 +0800] "GET /xingrg/check_reg.html?_=1709862013774 HTTP/1.1" 200 22
116.238.97.31 - - [08/Mar/2024:09:42:57 +0800] "GET /xingrg/all/function/internal_message.html?_=1709862177505&CODE_STATE=getMsg HTTP/1.1" 200 27
116.238.97.31 - - [08/Mar/2024:09:42:58 +0800] "GET /xingrg/images/yd/bt.gif HTTP/1.1" 404 1040
114.83.222.94 - - [08/Mar/2024:09:43:00 +0800] "GET /xingrg/all/function/internal_message.html?_=1709862179209&CODE_STATE=getMsg HTTP/1.1" 200 27
114.89.91.180 - - [08/Mar/2024:09:43:00 +0800] "GET /xingrg/all/function/internal_message.html?_=1709862180673&CODE_STATE=getMsg HTTP/1.1" 200 27
180.164.1.25 - - [08/Mar/2024:09:43:00 +0800] "POST /xingrg/kc/buy/cgsh_order_operate.html HTTP/1.1" 200 2065
180.169.147.146 - - [08/Mar/2024:09:43:05 +0800] "GET /xingrg/all/function/internal_message.html?_=1709862184462&CODE_STATE=getMsg HTTP/1.1" 200 27
116.228.172.94 - - [08/Mar/2024:09:43:07 +0800] "GET /xingrg/all/function/internal_message.html?_=1709861914750&CODE_STATE=getMsg HTTP/1.1" 200 27
116.238.97.31 - - [08/Mar/2024:09:43:08 +0800] "POST /xingrg/dwr/call/plaincall/AjaxYddbService.checkOrder.dwr HTTP/1.1" 200 78
116.238.97.31 - - [08/Mar/2024:09:43:10 +0800] "GET /xingrg/kc/base/yddb_order_info.html?code=482024030800047 HTTP/1.1" 200 29829
116.238.97.31 - - [08/Mar/2024:09:43:10 +0800] "GET /xingrg/dwr/interface/AjaxYddbService.js HTTP/1.1" 200 13201
116.238.97.31 - - [08/Mar/2024:09:43:10 +0800] "GET /xingrg/dwr/interface/AjaxComOrderService.js HTTP/1.1" 200 18264
116.238.97.31 - - [08/Mar/2024:09:43:10 +0800] "GET /xingrg/dwr/engine.js HTTP/1.1" 200 43631
116.238.97.31 - - [08/Mar/2024:09:43:10 +0800] "POST /xingrg/dwr/call/plaincall/AjaxYddbService.loadMaterielItems.dwr HTTP/1.1" 200 429
116.224.254.208 - - [08/Mar/2024:09:43:11 +0800] "GET /xingrg/all/function/internal_message.html?_=1709862191281&CODE_STATE=getMsg HTTP/1.1" 200 27
116.238.97.31 - - [08/Mar/2024:09:43:13 +0800] "GET /xingrg/kc/base/yddb_order_report.html?fileType=servlets/html&code=482024030800047&reportName=ck_order_report&subName=yddb HTTP/1.1" 302 -
116.238.97.31 - - [08/Mar/2024:09:43:13 +0800] "GET /xingrg/servlets/html?sysBaseUrl=http%3A%2F%2F180.169.147.146%3A18081%2Fxingrg%2F&costTime=570×tamp=1709862193143 HTTP/1.1" 200 14755
116.238.97.31 - - [08/Mar/2024:09:43:13 +0800] "GET /xingrg/servlets/image?image=px HTTP/1.1" 200 807
116.238.97.31 - - [08/Mar/2024:09:43:13 +0800] "GET /favicon.ico HTTP/1.1" 404 -
116.224.254.208 - - [08/Mar/2024:09:43:14 +0800] "GET /xingrg/all/function/internal_message.html?_=1709862195040&CODE_STATE=getMsg HTTP/1.1" 200 27
101.83.145.37 - - [08/Mar/2024:09:43:15 +0800] "GET /xingrg/all/function/internal_message.html?_=1709861958734&CODE_STATE=getMsg HTTP/1.1" 200 27
180.171.62.200 - - [08/Mar/2024:09:43:19 +0800] "GET /xingrg/all/function/internal_message.html?_=1709862208091&CODE_STATE=getMsg HTTP/1.1" 200 27
124.78.159.51 - - [08/Mar/2024:09:43:19 +0800] "GET /xingrg/kc/buy/cgsh_order_operate.html?command=get_materiel&rest_code=00106&code=00101008368&supplier_code=00100008&order_time=2024-03-08 HTTP/1.1" 200 408
101.83.145.37 - - [08/Mar/2024:09:43:23 +0800] "GET /xingrg/all/function/internal_message.html?_=1709862203111&CODE_STATE=getMsg HTTP/1.1" 200 27
101.83.145.37 - - [08/Mar/2024:09:43:23 +0800] "GET /xingrg/check_reg.html?_=1709862203950 HTTP/1.1" 200 22
180.164.1.25 - - [08/Mar/2024:09:43:24 +0800] "GET /xingrg/kc/buy/cgsh_order_operate.html?command=get_materiel&rest_code=00108&code=00101008368&supplier_code=00100007&order_time=2024-03-08 HTTP/1.1" 200 408
222.69.135.192 - - [08/Mar/2024:09:43:27 +0800] "GET /xingrg/all/function/internal_message.html?_=1709862207286&CODE_STATE=getMsg HTTP/1.1" 200 27
124.78.159.51 - - [08/Mar/2024:09:43:28 +0800] "GET /xingrg/all/function/internal_message.html?_=1709862209101&CODE_STATE=getMsg HTTP/1.1" 200 27
120.253.135.82 - - [08/Mar/2024:09:43:29 +0800] "GET /xingrg/all/function/internal_message.html?_=1709862046774&CODE_STATE=getMsg HTTP/1.1" 200 27
116.230.123.13 - - [08/Mar/2024:09:43:30 +0800] "GET /xingrg/all/function/internal_message.html?_=1709862209157&CODE_STATE=getMsg HTTP/1.1" 200 27
116.238.97.31 - - [08/Mar/2024:09:43:31 +0800] "POST /xingrg/kc/base/yddb_list_operate.html HTTP/1.1" 200 1835
116.230.116.59 - - [08/Mar/2024:09:43:32 +0800] "GET /xingrg/all/function/internal_message.html?_=1709862229887&CODE_STATE=getMsg HTTP/1.1" 200 27
116.238.97.31 - - [08/Mar/2024:09:43:32 +0800] "POST /xingrg/kc/base/yddb_list_operate.html HTTP/1.1" 200 211
222.70.115.1 - - [08/Mar/2024:09:43:33 +0800] "GET /xingrg/all/function/internal_message.html?_=1709862216989&CODE_STATE=getMsg HTTP/1.1" 200 27
124.78.60.103 - - [08/Mar/2024:09:43:40 +0800] "GET /xingrg/all/function/internal_message.html?_=1709862220472&CODE_STATE=getMsg HTTP/1.1" 200 27
124.78.159.51 - - [08/Mar/2024:09:43:44 +0800] "GET /xingrg/kc/buy/cgsh_order_operate.html?command=get_materiel&rest_code=00106&code=00101008350&supplier_code=00100008&order_time=2024-03-08 HTTP/1.1" 200 408
221.239.169.251 - - [08/Mar/2024:09:43:45 +0800] "GET /xingrg/all/function/internal_message.html?_=1709862224753&CODE_STATE=getMsg HTTP/1.1" 200 27
116.224.254.208 - - [08/Mar/2024:09:43:47 +0800] "GET /xingrg/check_reg.html?_=1709862227677 HTTP/1.1" 200 22
124.78.159.51 - - [08/Mar/2024:09:43:49 +0800] "POST /xingrg/kc/buy/cgsh_order_operate.html HTTP/1.1" 200 2065
116.232.194.112 - - [08/Mar/2024:09:43:50 +0800] "GET /xingrg/all/function/internal_message.html?_=1709862211758&CODE_STATE=getMsg HTTP/1.1" 200 27
116.230.116.59 - - [08/Mar/2024:09:43:54 +0800] "GET /xingrg/kc/buy/cgsh_order_list.html HTTP/1.1" 200 57886
180.164.1.25 - - [08/Mar/2024:09:43:54 +0800] "GET /xingrg/kc/buy/cgsh_order_operate.html?command=get_materiel&rest_code=00108&code=00101020082&supplier_code=00100007&order_time=2024-03-08 HTTP/1.1" 200 409
180.169.147.146 - - [08/Mar/2024:09:43:54 +0800] "GET /xingrg/all/function/internal_message.html?_=1709862234719&CODE_STATE=getMsg HTTP/1.1" 200 27
116.238.97.31 - - [08/Mar/2024:09:43:57 +0800] "GET /xingrg/all/function/internal_message.html?_=1709862237490&CODE_STATE=getMsg HTTP/1.1" 200 27
116.230.116.59 - - [08/Mar/2024:09:43:57 +0800] "POST /xingrg/kc/buy/cgsh_list_operate.html HTTP/1.1" 200 645
114.83.222.94 - - [08/Mar/2024:09:44:00 +0800] "GET /xingrg/all/function/internal_message.html?_=1709862239179&CODE_STATE=getMsg HTTP/1.1" 200 27
114.89.91.180 - - [08/Mar/2024:09:44:00 +0800] "GET /xingrg/all/function/internal_message.html?_=1709862240653&CODE_STATE=getMsg HTTP/1.1" 200 27
180.169.147.146 - - [08/Mar/2024:09:44:05 +0800] "GET /xingrg/check_reg.html?_=1709862244463 HTTP/1.1" 200 22
