124.78.159.51 - - [08/Mar/2024:10:46:40 +0800] "GET /xingrg/all/function/internal_message.html?_=1709866000096&CODE_STATE=getMsg HTTP/1.1" 200 27
116.230.116.59 - - [08/Mar/2024:10:46:42 +0800] "POST /xingrg/kc/buy/cgsh_order_operate.html HTTP/1.1" 200 2065
221.239.169.251 - - [08/Mar/2024:10:46:45 +0800] "GET /xingrg/all/function/internal_message.html?_=1709866004830&CODE_STATE=getMsg HTTP/1.1" 200 27
116.230.123.13 - - [08/Mar/2024:10:46:46 +0800] "GET /xingrg/check_reg.html?_=1709866009335 HTTP/1.1" 200 22
116.238.97.31 - - [08/Mar/2024:10:46:47 +0800] "POST /xingrg/kc/base/wldb_order_operate.html HTTP/1.1" 200 37
116.232.194.112 - - [08/Mar/2024:10:46:50 +0800] "GET /xingrg/all/function/internal_message.html?_=1709865991764&CODE_STATE=getMsg HTTP/1.1" 200 27
120.253.135.82 - - [08/Mar/2024:10:46:52 +0800] "GET /xingrg/all/function/internal_message.html?_=1709865849705&CODE_STATE=getMsg HTTP/1.1" 200 27
116.238.97.31 - - [08/Mar/2024:10:46:53 +0800] "POST /xingrg/kc/base/wldb_order_operate.html HTTP/1.1" 200 12
116.238.97.31 - - [08/Mar/2024:10:46:53 +0800] "POST /xingrg/kc/base/wldb_order_operate.html HTTP/1.1" 200 2722
116.230.116.59 - - [08/Mar/2024:10:46:53 +0800] "GET /xingrg/kc/buy/cgsh_order_operate.html?command=get_materiel&rest_code=00146&code=00101008264&supplier_code=00100005&order_time=2024-03-08 HTTP/1.1" 200 432
116.230.116.59 - - [08/Mar/2024:10:46:57 +0800] "GET /xingrg/all/function/internal_message.html?_=1709866034946&CODE_STATE=getMsg HTTP/1.1" 200 27
116.238.97.31 - - [08/Mar/2024:10:46:57 +0800] "GET /xingrg/kc/base/wldb_order_info.html?code=422024030800533 HTTP/1.1" 200 26255
116.238.97.31 - - [08/Mar/2024:10:46:57 +0800] "GET /xingrg/javascript/easyui/themes/default/validatebox.css HTTP/1.1" 404 1104
116.238.97.31 - - [08/Mar/2024:10:46:58 +0800] "POST /xingrg/kc/base/wldb_order_operate.html HTTP/1.1" 200 1005
114.83.222.94 - - [08/Mar/2024:10:46:59 +0800] "GET /xingrg/all/function/internal_message.html?_=1709866018105&CODE_STATE=getMsg HTTP/1.1" 200 27
114.89.91.180 - - [08/Mar/2024:10:47:00 +0800] "GET /xingrg/all/function/internal_message.html?_=1709866020663&CODE_STATE=getMsg HTTP/1.1" 200 27
180.164.1.25 - - [08/Mar/2024:10:47:04 +0800] "GET /xingrg/all/function/internal_message.html?_=1709866024039&CODE_STATE=getMsg HTTP/1.1" 200 27
180.169.147.146 - - [08/Mar/2024:10:47:05 +0800] "GET /xingrg/all/function/internal_message.html?_=1709866024441&CODE_STATE=getMsg HTTP/1.1" 200 27
116.238.97.31 - - [08/Mar/2024:10:47:06 +0800] "GET /xingrg/kc/base/wldb_order_add.html HTTP/1.1" 200 30378
116.238.97.31 - - [08/Mar/2024:10:47:06 +0800] "POST /xingrg/kc/base/wldb_order_operate.html HTTP/1.1" 200 6806
116.238.97.31 - - [08/Mar/2024:10:47:06 +0800] "GET /xingrg/javascript/easyui/themes/default/validatebox.css HTTP/1.1" 404 1104
116.238.97.31 - - [08/Mar/2024:10:47:07 +0800] "POST /xingrg/all/common/load_combo.html?type=base HTTP/1.1" 200 3321
116.230.116.59 - - [08/Mar/2024:10:47:07 +0800] "GET /xingrg/kc/buy/cgsh_order_operate.html?command=get_materiel&rest_code=00146&code=00101008296&supplier_code=00100005&order_time=2024-03-08 HTTP/1.1" 200 416
116.228.172.94 - - [08/Mar/2024:10:47:07 +0800] "GET /xingrg/all/function/internal_message.html?_=1709865754761&CODE_STATE=getMsg HTTP/1.1" 200 27
116.238.97.31 - - [08/Mar/2024:10:47:09 +0800] "POST /xingrg/all/common/load_combo.html?type=base HTTP/1.1" 200 3321
116.224.254.208 - - [08/Mar/2024:10:47:10 +0800] "GET /xingrg/all/function/internal_message.html?_=1709866030158&CODE_STATE=getMsg HTTP/1.1" 200 27
124.78.159.51 - - [08/Mar/2024:10:47:13 +0800] "GET /xingrg/check_reg.html?_=1709866033238 HTTP/1.1" 200 22
124.78.159.51 - - [08/Mar/2024:10:47:13 +0800] "GET /xingrg/all/function/internal_message.html?_=1709866033242&CODE_STATE=getMsg HTTP/1.1" 200 27
120.253.135.82 - - [08/Mar/2024:10:47:13 +0800] "GET /xingrg/kc/pszx/mdqp_order_list.html?state=10 HTTP/1.1" 200 10319
120.253.135.82 - - [08/Mar/2024:10:47:13 +0800] "GET /xingrg/dwr/interface/AjaxQqpsService.js HTTP/1.1" 200 16326
120.253.135.82 - - [08/Mar/2024:10:47:13 +0800] "GET /xingrg/dwr/interface/AjaxReportQueryService.js HTTP/1.1" 200 13203
120.253.135.82 - - [08/Mar/2024:10:47:13 +0800] "GET /xingrg/dwr/engine.js HTTP/1.1" 200 43631
116.238.97.31 - - [08/Mar/2024:10:47:14 +0800] "GET /xingrg/kc/base/wldb_order_operate.html?command=get_materiel&rest_code=00102&base_code=0010476&code=00101013257 HTTP/1.1" 200 443
116.224.254.208 - - [08/Mar/2024:10:47:14 +0800] "GET /xingrg/all/function/internal_message.html?_=1709866035040&CODE_STATE=getMsg HTTP/1.1" 200 27
101.83.145.37 - - [08/Mar/2024:10:47:15 +0800] "GET /xingrg/all/function/internal_message.html?_=1709865798328&CODE_STATE=getMsg HTTP/1.1" 200 27
180.171.62.200 - - [08/Mar/2024:10:47:19 +0800] "GET /xingrg/check_reg.html?_=1709866048102 HTTP/1.1" 200 22
180.171.62.200 - - [08/Mar/2024:10:47:19 +0800] "GET /xingrg/all/function/internal_message.html?_=1709866048106&CODE_STATE=getMsg HTTP/1.1" 200 27
101.228.147.14 - - [08/Mar/2024:10:47:19 +0800] "GET /xingrg/all/function/internal_message.html?_=1709866039103&CODE_STATE=getMsg HTTP/1.1" 200 27
101.83.145.37 - - [08/Mar/2024:10:47:21 +0800] "GET /xingrg/all/function/internal_message.html?_=1709866041580&CODE_STATE=getMsg HTTP/1.1" 200 27
116.238.97.31 - - [08/Mar/2024:10:47:21 +0800] "GET /xingrg/kc/base/wldb_order_operate.html?command=get_materiel&rest_code=00102&base_code=0010476&code=00101019134 HTTP/1.1" 200 480
222.69.135.192 - - [08/Mar/2024:10:47:26 +0800] "GET /xingrg/all/function/internal_message.html?_=1709866046279&CODE_STATE=getMsg HTTP/1.1" 200 27
172.20.0.100 - - [08/Mar/2024:10:47:27 +0800] "GET /xingrg/check_reg.html?_=1709866058747 HTTP/1.1" 302 -
124.78.159.51 - - [08/Mar/2024:10:47:28 +0800] "GET /xingrg/all/function/internal_message.html?_=1709866048172&CODE_STATE=getMsg HTTP/1.1" 200 27
116.238.97.31 - - [08/Mar/2024:10:47:28 +0800] "GET /xingrg/kc/base/wldb_order_operate.html?command=get_materiel&rest_code=00102&base_code=0010476&code=00101019536 HTTP/1.1" 200 471
116.230.123.13 - - [08/Mar/2024:10:47:29 +0800] "GET /xingrg/all/function/internal_message.html?_=1709866048177&CODE_STATE=getMsg HTTP/1.1" 200 27
116.238.97.31 - - [08/Mar/2024:10:47:33 +0800] "GET /xingrg/kc/base/wldb_order_operate.html?command=get_materiel&rest_code=00102&base_code=0010476&code=00101019405 HTTP/1.1" 200 482
222.70.115.1 - - [08/Mar/2024:10:47:33 +0800] "GET /xingrg/check_reg.html?_=1709866057130 HTTP/1.1" 200 22
222.70.115.1 - - [08/Mar/2024:10:47:33 +0800] "GET /xingrg/all/function/internal_message.html?_=1709866057133&CODE_STATE=getMsg HTTP/1.1" 200 27
116.238.97.31 - - [08/Mar/2024:10:47:37 +0800] "GET /xingrg/kc/base/wldb_order_operate.html?command=get_materiel&rest_code=00102&base_code=0010476&code=00101019127 HTTP/1.1" 200 480
124.78.60.103 - - [08/Mar/2024:10:47:39 +0800] "GET /xingrg/all/function/internal_message.html?_=1709866059402&CODE_STATE=getMsg HTTP/1.1" 200 27
124.78.159.51 - - [08/Mar/2024:10:47:40 +0800] "GET /xingrg/all/function/internal_message.html?_=1709866060106&CODE_STATE=getMsg HTTP/1.1" 200 27
116.230.116.59 - - [08/Mar/2024:10:47:42 +0800] "GET /xingrg/kc/buy/cgsh_order_operate.html?command=get_materiel&rest_code=00146&code=00101008213&supplier_code=00100005&order_time=2024-03-08 HTTP/1.1" 200 412
116.238.97.31 - - [08/Mar/2024:10:47:43 +0800] "GET /xingrg/kc/base/wldb_order_operate.html?command=get_materiel&rest_code=00102&base_code=0010476&code=00101019066 HTTP/1.1" 200 455
221.239.169.251 - - [08/Mar/2024:10:47:45 +0800] "GET /xingrg/all/function/internal_message.html?_=1709866064844&CODE_STATE=getMsg HTTP/1.1" 200 27
116.232.194.112 - - [08/Mar/2024:10:47:50 +0800] "GET /xingrg/all/function/internal_message.html?_=1709866051765&CODE_STATE=getMsg HTTP/1.1" 200 27
116.232.194.112 - - [08/Mar/2024:10:47:50 +0800] "GET /xingrg/check_reg.html?_=1709866051767 HTTP/1.1" 200 22
116.238.97.31 - - [08/Mar/2024:10:47:52 +0800] "GET /xingrg/kc/base/wldb_order_operate.html?command=get_materiel&rest_code=00102&base_code=0010476&code=00101019297 HTTP/1.1" 200 476
116.238.97.31 - - [08/Mar/2024:10:47:56 +0800] "GET /xingrg/all/function/internal_message.html?_=1709866076697&CODE_STATE=getMsg HTTP/1.1" 200 27
116.230.116.59 - - [08/Mar/2024:10:47:57 +0800] "GET /xingrg/all/function/internal_message.html?_=1709866094960&CODE_STATE=getMsg HTTP/1.1" 200 27
116.238.97.31 - - [08/Mar/2024:10:47:57 +0800] "GET /xingrg/kc/base/wldb_order_operate.html?command=get_materiel&rest_code=00102&base_code=0010476&code=00101019063 HTTP/1.1" 200 462
116.238.97.31 - - [08/Mar/2024:10:47:58 +0800] "GET /xingrg/check_reg.html?_=1709866078340 HTTP/1.1" 200 22
114.83.222.94 - - [08/Mar/2024:10:47:59 +0800] "GET /xingrg/all/function/internal_message.html?_=1709866078092&CODE_STATE=getMsg HTTP/1.1" 200 27
114.89.91.180 - - [08/Mar/2024:10:48:00 +0800] "GET /xingrg/all/function/internal_message.html?_=1709866080667&CODE_STATE=getMsg HTTP/1.1" 200 27
116.230.116.59 - - [08/Mar/2024:10:48:01 +0800] "GET /xingrg/kc/buy/cgsh_order_operate.html?command=get_materiel&rest_code=00146&code=00101016122&supplier_code=00100005&order_time=2024-03-08 HTTP/1.1" 200 409
120.253.135.82 - - [08/Mar/2024:10:48:02 +0800] "GET /xingrg/login.html HTTP/1.1" 200 7641
120.253.135.82 - - [08/Mar/2024:10:48:02 +0800] "GET /xingrg/images/blue/jxLogo.png HTTP/1.1" 304 -
120.253.135.82 - - [08/Mar/2024:10:48:02 +0800] "GET /xingrg/images/blue/login_bg.png HTTP/1.1" 304 -
120.253.135.82 - - [08/Mar/2024:10:48:02 +0800] "GET /xingrg/images/blue/hj.png HTTP/1.1" 304 -
120.253.135.82 - - [08/Mar/2024:10:48:02 +0800] "GET /xingrg/images/blue/srbg.png HTTP/1.1" 304 -
120.253.135.82 - - [08/Mar/2024:10:48:02 +0800] "GET /favicon.ico HTTP/1.1" 404 -
180.164.1.25 - - [08/Mar/2024:10:48:04 +0800] "GET /xingrg/all/function/internal_message.html?_=1709866084021&CODE_STATE=getMsg HTTP/1.1" 200 27
180.169.147.146 - - [08/Mar/2024:10:48:05 +0800] "GET /xingrg/all/function/internal_message.html?_=1709866084461&CODE_STATE=getMsg HTTP/1.1" 200 27
116.228.172.94 - - [08/Mar/2024:10:48:07 +0800] "GET /xingrg/all/function/internal_message.html?_=1709865814743&CODE_STATE=getMsg HTTP/1.1" 200 27
116.224.254.208 - - [08/Mar/2024:10:48:10 +0800] "GET /xingrg/all/function/internal_message.html?_=1709866090145&CODE_STATE=getMsg HTTP/1.1" 200 27
120.253.135.82 - - [08/Mar/2024:10:48:10 +0800] "POST /xingrg/login.do HTTP/1.1" 302 -
120.253.135.82 - - [08/Mar/2024:10:48:10 +0800] "GET /xingrg/index.html?sysBaseUrl=http%3A%2F%2F180.169.147.146%3A18081%2Fxingrg%2F&costTime=819×tamp=1709866090754 HTTP/1.1" 200 17173
120.253.135.82 - - [08/Mar/2024:10:48:10 +0800] "GET /xingrg/javascript/jquery_easy_ui/themes/icon.css HTTP/1.1" 304 -
120.253.135.82 - - [08/Mar/2024:10:48:10 +0800] "GET /xingrg/javascript/jquery_easy_ui/themes/default/easyui.css HTTP/1.1" 304 -
120.253.135.82 - - [08/Mar/2024:10:48:10 +0800] "GET /xingrg/javascript/jquery.form.js HTTP/1.1" 304 -
120.253.135.82 - - [08/Mar/2024:10:48:10 +0800] "GET /xingrg/css/form.css HTTP/1.1" 304 -
120.253.135.82 - - [08/Mar/2024:10:48:10 +0800] "GET /xingrg/javascript/jquery.utils.js HTTP/1.1" 304 -
120.253.135.82 - - [08/Mar/2024:10:48:10 +0800] "GET /xingrg/javascript/jquery_easy_ui/easyui-lang-zh_CN.js HTTP/1.1" 304 -
120.253.135.82 - - [08/Mar/2024:10:48:10 +0800] "GET /xingrg/javascript/jquery.timers.js HTTP/1.1" 304 -
120.253.135.82 - - [08/Mar/2024:10:48:10 +0800] "GET /xingrg/javascript/jquery-1.4.2.min.js HTTP/1.1" 304 -
120.253.135.82 - - [08/Mar/2024:10:48:10 +0800] "GET /xingrg/javascript/jquery_easy_ui/jquery.easyui.min.js HTTP/1.1" 304 -
120.253.135.82 - - [08/Mar/2024:10:48:11 +0800] "GET /favicon.ico HTTP/1.1" 404 -
120.253.135.82 - - [08/Mar/2024:10:48:11 +0800] "GET /xingrg/images/blue/pingpu.png HTTP/1.1" 304 -
120.253.135.82 - - [08/Mar/2024:10:48:11 +0800] "GET /xingrg/javascript/jquery_easy_ui/themes/icons/settle_new.png HTTP/1.1" 304 -
120.253.135.82 - - [08/Mar/2024:10:48:11 +0800] "GET /xingrg/javascript/jquery_easy_ui/themes/default/images/tabs_leftarrow.png HTTP/1.1" 304 -
120.253.135.82 - - [08/Mar/2024:10:48:11 +0800] "GET /xingrg/javascript/jquery_easy_ui/themes/default/images/tabs_rightarrow.png HTTP/1.1" 304 -
120.253.135.82 - - [08/Mar/2024:10:48:11 +0800] "GET /xingrg/images/blue/navBackgound.jpg HTTP/1.1" 304 -
120.253.135.82 - - [08/Mar/2024:10:48:11 +0800] "GET /xingrg/javascript/jquery_easy_ui/themes/default/images/panel_tool_collapse.gif HTTP/1.1" 304 -
120.253.135.82 - - [08/Mar/2024:10:48:11 +0800] "POST /xingrg/all/common/load_tree.html?tree=area_rest_tree_json&manage=1 HTTP/1.1" 200 344
120.253.135.82 - - [08/Mar/2024:10:48:11 +0800] "GET /xingrg/check_reg.html?_=1709865928616 HTTP/1.1" 200 22
120.253.135.82 - - [08/Mar/2024:10:48:11 +0800] "GET /xingrg/all/function/internal_message.html?_=1709865928616&CODE_STATE=count HTTP/1.1" 200 11
120.253.135.82 - - [08/Mar/2024:10:48:11 +0800] "GET /xingrg/javascript/jquery_easy_ui/themes/default/images/tree_arrows.gif HTTP/1.1" 304 -
120.253.135.82 - - [08/Mar/2024:10:48:11 +0800] "POST /xingrg/load_menu.html HTTP/1.1" 200 6743
120.253.135.82 - - [08/Mar/2024:10:48:11 +0800] "GET /xingrg/javascript/jquery_easy_ui/themes/default/images/tree_file.gif HTTP/1.1" 304 -
120.253.135.82 - - [08/Mar/2024:10:48:11 +0800] "GET /xingrg/javascript/jquery_easy_ui/themes/icons/storage_new.png HTTP/1.1" 304 -
120.253.135.82 - - [08/Mar/2024:10:48:11 +0800] "GET /xingrg/javascript/jquery_easy_ui/themes/icons/forms_new.png HTTP/1.1" 304 -
120.253.135.82 - - [08/Mar/2024:10:48:11 +0800] "GET /xingrg/javascript/jquery_easy_ui/themes/default/images/tree_folder_open.gif HTTP/1.1" 304 -
120.253.135.82 - - [08/Mar/2024:10:48:11 +0800] "GET /xingrg/javascript/jquery_easy_ui/themes/icons/delivery_new.png HTTP/1.1" 304 -
120.253.135.82 - - [08/Mar/2024:10:48:11 +0800] "GET /xingrg/javascript/jquery_easy_ui/themes/default/images/tree_folder.gif HTTP/1.1" 304 -
120.253.135.82 - - [08/Mar/2024:10:48:11 +0800] "GET /xingrg/javascript/jquery_easy_ui/themes/icons/search_new.png HTTP/1.1" 304 -
124.78.159.51 - - [08/Mar/2024:10:48:13 +0800] "GET /xingrg/all/function/internal_message.html?_=1709866093228&CODE_STATE=getMsg HTTP/1.1" 200 27
116.230.116.59 - - [08/Mar/2024:10:48:14 +0800] "GET /xingrg/kc/buy/cgsh_order_operate.html?command=get_materiel&rest_code=00146&code=00101008285&supplier_code=00100005&order_time=2024-03-08 HTTP/1.1" 200 413
120.253.135.82 - - [08/Mar/2024:10:48:14 +0800] "GET /xingrg/javascript/jquery_easy_ui/themes/default/images/tabs_close.gif HTTP/1.1" 304 -
120.253.135.82 - - [08/Mar/2024:10:48:14 +0800] "GET /xingrg/kc/pszx/mdqp_order_list.html?state=10 HTTP/1.1" 200 10319
120.253.135.82 - - [08/Mar/2024:10:48:14 +0800] "GET /xingrg/css/blue.css HTTP/1.1" 304 -
120.253.135.82 - - [08/Mar/2024:10:48:14 +0800] "GET /xingrg/javascript/pic_change.js HTTP/1.1" 304 -
120.253.135.82 - - [08/Mar/2024:10:48:14 +0800] "GET /xingrg/dwr/interface/AjaxReportQueryService.js HTTP/1.1" 200 13203
120.253.135.82 - - [08/Mar/2024:10:48:14 +0800] "GET /xingrg/dwr/util.js HTTP/1.1" 304 -
120.253.135.82 - - [08/Mar/2024:10:48:14 +0800] "GET /xingrg/javascript/myfunction.js HTTP/1.1" 304 -
120.253.135.82 - - [08/Mar/2024:10:48:14 +0800] "GET /xingrg/javascript/Calendar.js HTTP/1.1" 304 -
120.253.135.82 - - [08/Mar/2024:10:48:14 +0800] "GET /xingrg/dwr/interface/AjaxQqpsService.js HTTP/1.1" 200 16326
120.253.135.82 - - [08/Mar/2024:10:48:14 +0800] "GET /xingrg/dwr/engine.js HTTP/1.1" 200 43631
116.238.97.31 - - [08/Mar/2024:10:48:14 +0800] "POST /xingrg/kc/base/wldb_order_operate.html HTTP/1.1" 200 37
120.253.135.82 - - [08/Mar/2024:10:48:14 +0800] "GET /xingrg/javascript/jquery_easy_ui/themes/icons/check_new.png HTTP/1.1" 304 -
120.253.135.82 - - [08/Mar/2024:10:48:14 +0800] "GET /xingrg/javascript/jquery_easy_ui/themes/icons/back_new.png HTTP/1.1" 304 -
120.253.135.82 - - [08/Mar/2024:10:48:14 +0800] "GET /xingrg/javascript/jquery_easy_ui/themes/icons/uncheck_new.png HTTP/1.1" 304 -
116.224.254.208 - - [08/Mar/2024:10:48:14 +0800] "GET /xingrg/all/function/internal_message.html?_=1709866095034&CODE_STATE=getMsg HTTP/1.1" 200 27
101.83.145.37 - - [08/Mar/2024:10:48:15 +0800] "GET /xingrg/all/function/internal_message.html?_=1709865858328&CODE_STATE=getMsg HTTP/1.1" 200 27
120.253.135.82 - - [08/Mar/2024:10:48:16 +0800] "GET /xingrg/kc/pszx/mdps_order_list.html?orderType=0 HTTP/1.1" 200 21033
120.253.135.82 - - [08/Mar/2024:10:48:16 +0800] "GET /xingrg/css/site.css HTTP/1.1" 304 -
120.253.135.82 - - [08/Mar/2024:10:48:16 +0800] "GET /xingrg/javascript/easyui/themes/default/easyui.css HTTP/1.1" 304 -
120.253.135.82 - - [08/Mar/2024:10:48:16 +0800] "GET /xingrg/javascript/jquery_tools/datebox.css HTTP/1.1" 304 -
120.253.135.82 - - [08/Mar/2024:10:48:16 +0800] "GET /xingrg/css/base.css HTTP/1.1" 304 -
120.253.135.82 - - [08/Mar/2024:10:48:16 +0800] "GET /xingrg/javascript/easyui/themes/icon.css HTTP/1.1" 304 -
120.253.135.82 - - [08/Mar/2024:10:48:16 +0800] "GET /xingrg/javascript/auto/jquery.autocomplete.css HTTP/1.1" 304 -
120.253.135.82 - - [08/Mar/2024:10:48:16 +0800] "GET /xingrg/javascript/jquery_tools/fix.css HTTP/1.1" 304 -
120.253.135.82 - - [08/Mar/2024:10:48:16 +0800] "GET /xingrg/javascript/jquery_tools/table.css HTTP/1.1" 304 -
120.253.135.82 - - [08/Mar/2024:10:48:16 +0800] "GET /xingrg/javascript/jquery_tools/jquery.tools.hotkey.js HTTP/1.1" 304 -
120.253.135.82 - - [08/Mar/2024:10:48:16 +0800] "GET /xingrg/javascript/jquery_tools/list_manager.js HTTP/1.1" 304 -
120.253.135.82 - - [08/Mar/2024:10:48:16 +0800] "GET /xingrg/javascript/easyui/easyloader.js HTTP/1.1" 304 -
120.253.135.82 - - [08/Mar/2024:10:48:16 +0800] "GET /xingrg/javascript/jquery_tools/jquery.tools.table.js HTTP/1.1" 304 -
120.253.135.82 - - [08/Mar/2024:10:48:16 +0800] "GET /xingrg/javascript/auto/jquery.autocomplete.js HTTP/1.1" 304 -
120.253.135.82 - - [08/Mar/2024:10:48:16 +0800] "GET /xingrg/javascript/jquery_tools/jquery.tools.min.js HTTP/1.1" 304 -
120.253.135.82 - - [08/Mar/2024:10:48:16 +0800] "GET /xingrg/javascript/jquery.cookie.js HTTP/1.1" 304 -
120.253.135.82 - - [08/Mar/2024:10:48:16 +0800] "GET /xingrg/javascript/jquery_tools/jquery.tools.extend.js HTTP/1.1" 304 -
120.253.135.82 - - [08/Mar/2024:10:48:16 +0800] "GET /xingrg/javascript/print/LodopFuncs.js HTTP/1.1" 304 -
120.253.135.82 - - [08/Mar/2024:10:48:16 +0800] "GET /xingrg/javascript/easyui/themes/icons/edit_add_new.png HTTP/1.1" 304 -
120.253.135.82 - - [08/Mar/2024:10:48:16 +0800] "GET /xingrg/javascript/easyui/themes/icons/cance_new.png HTTP/1.1" 304 -
120.253.135.82 - - [08/Mar/2024:10:48:16 +0800] "GET /xingrg/javascript/easyui/themes/icons/check_new.png HTTP/1.1" 304 -
120.253.135.82 - - [08/Mar/2024:10:48:16 +0800] "GET /xingrg/javascript/easyui/themes/icons/field_new.png HTTP/1.1" 304 -
120.253.135.82 - - [08/Mar/2024:10:48:16 +0800] "GET /xingrg/javascript/easyui/themes/icons/uncheck_new.png HTTP/1.1" 304 -
120.253.135.82 - - [08/Mar/2024:10:48:16 +0800] "GET /xingrg/javascript/easyui/themes/icons/import_new.png HTTP/1.1" 304 -
120.253.135.82 - - [08/Mar/2024:10:48:16 +0800] "GET /xingrg/javascript/easyui/plugins/jquery.parser.js HTTP/1.1" 304 -
120.253.135.82 - - [08/Mar/2024:10:48:16 +0800] "GET /xingrg/images/control/ajaxLoader.gif HTTP/1.1" 304 -
120.253.135.82 - - [08/Mar/2024:10:48:16 +0800] "GET /xingrg/javascript/jquery_easy_ui/themes/icons/area.png HTTP/1.1" 304 -
120.253.135.82 - - [08/Mar/2024:10:48:16 +0800] "GET /xingrg/javascript/jquery_easy_ui/themes/icons/manage.png HTTP/1.1" 304 -
120.253.135.82 - - [08/Mar/2024:10:48:17 +0800] "POST /xingrg/kc/pszx/mdps_list_operate.html HTTP/1.1" 200 5351
116.230.116.59 - - [08/Mar/2024:10:48:17 +0800] "POST /xingrg/kc/buy/cgsh_order_operate.html HTTP/1.1" 200 2065
120.253.135.82 - - [08/Mar/2024:10:48:18 +0800] "GET /xingrg/javascript/auto/indicator.gif HTTP/1.1" 404 1066
180.171.62.200 - - [08/Mar/2024:10:48:19 +0800] "GET /xingrg/all/function/internal_message.html?_=1709866108108&CODE_STATE=getMsg HTTP/1.1" 200 27
101.228.147.14 - - [08/Mar/2024:10:48:19 +0800] "GET /xingrg/all/function/internal_message.html?_=1709866099103&CODE_STATE=getMsg HTTP/1.1" 200 27
116.238.97.31 - - [08/Mar/2024:10:48:21 +0800] "POST /xingrg/kc/base/wldb_order_operate.html HTTP/1.1" 200 12
116.238.97.31 - - [08/Mar/2024:10:48:21 +0800] "POST /xingrg/kc/base/wldb_order_operate.html HTTP/1.1" 200 5729
101.83.145.37 - - [08/Mar/2024:10:48:21 +0800] "GET /xingrg/all/function/internal_message.html?_=1709866101564&CODE_STATE=getMsg HTTP/1.1" 200 27
116.238.97.31 - - [08/Mar/2024:10:48:22 +0800] "GET /xingrg/kc/base/wldb_order_info.html?code=422024030800534 HTTP/1.1" 200 26255
116.238.97.31 - - [08/Mar/2024:10:48:22 +0800] "GET /xingrg/javascript/easyui/themes/default/validatebox.css HTTP/1.1" 404 1104
116.238.97.31 - - [08/Mar/2024:10:48:22 +0800] "POST /xingrg/kc/base/wldb_order_operate.html HTTP/1.1" 200 3943
101.83.145.37 - - [08/Mar/2024:10:48:23 +0800] "GET /xingrg/check_reg.html?_=1709866103698 HTTP/1.1" 200 22
120.253.135.82 - - [08/Mar/2024:10:48:25 +0800] "POST /xingrg/kc/pszx/mdps_list_operate.html HTTP/1.1" 200 3547
222.69.135.192 - - [08/Mar/2024:10:48:26 +0800] "GET /xingrg/all/function/internal_message.html?_=1709866106260&CODE_STATE=getMsg HTTP/1.1" 200 27
116.230.116.59 - - [08/Mar/2024:10:48:27 +0800] "GET /xingrg/kc/buy/cgsh_order_operate.html?command=get_materiel&rest_code=00146&code=00101008242&supplier_code=00100005&order_time=2024-03-08 HTTP/1.1" 200 408
124.78.159.51 - - [08/Mar/2024:10:48:28 +0800] "GET /xingrg/all/function/internal_message.html?_=1709866108157&CODE_STATE=getMsg HTTP/1.1" 200 27
120.253.135.82 - - [08/Mar/2024:10:48:28 +0800] "POST /xingrg/kc/pszx/mdps_list_operate.html HTTP/1.1" 200 202
120.253.135.82 - - [08/Mar/2024:10:48:29 +0800] "GET /xingrg/kc/pszx/mdps_order_info.html?code=312024030700112 HTTP/1.1" 200 23978
120.253.135.82 - - [08/Mar/2024:10:48:29 +0800] "GET /xingrg/javascript/print/kc_print.js HTTP/1.1" 304 -
120.253.135.82 - - [08/Mar/2024:10:48:29 +0800] "GET /xingrg/javascript/json2.js HTTP/1.1" 304 -
120.253.135.82 - - [08/Mar/2024:10:48:29 +0800] "GET /xingrg/javascript/jquery_tools/order_manager.js HTTP/1.1" 304 -
120.253.135.82 - - [08/Mar/2024:10:48:29 +0800] "GET /xingrg/javascript/convert.js HTTP/1.1" 304 -
120.253.135.82 - - [08/Mar/2024:10:48:29 +0800] "GET /xingrg/words/20240306163720_words.js HTTP/1.1" 304 -
116.230.123.13 - - [08/Mar/2024:10:48:29 +0800] "GET /xingrg/all/function/internal_message.html?_=1709866108150&CODE_STATE=getMsg HTTP/1.1" 200 27
120.253.135.82 - - [08/Mar/2024:10:48:29 +0800] "GET /xingrg/javascript/easyui/themes/icons/copy_new.png HTTP/1.1" 304 -
120.253.135.82 - - [08/Mar/2024:10:48:29 +0800] "GET /xingrg/javascript/easyui/themes/default/images/menu_downarrow.png HTTP/1.1" 304 -
120.253.135.82 - - [08/Mar/2024:10:48:29 +0800] "GET /xingrg/javascript/easyui/themes/icons/cancel.png HTTP/1.1" 304 -
120.253.135.82 - - [08/Mar/2024:10:48:29 +0800] "GET /xingrg/javascript/easyui/themes/icons/print.png HTTP/1.1" 304 -
120.253.135.82 - - [08/Mar/2024:10:48:29 +0800] "GET /xingrg/javascript/easyui/themes/icons/ok.png HTTP/1.1" 304 -
120.253.135.82 - - [08/Mar/2024:10:48:29 +0800] "GET /xingrg/javascript/easyui/themes/default/validatebox.css HTTP/1.1" 404 1104
120.253.135.82 - - [08/Mar/2024:10:48:29 +0800] "GET /xingrg/javascript/easyui/plugins/jquery.validatebox.js HTTP/1.1" 304 -
120.253.135.82 - - [08/Mar/2024:10:48:29 +0800] "GET /xingrg/javascript/easyui/plugins/jquery.numberbox.js HTTP/1.1" 304 -
120.253.135.82 - - [08/Mar/2024:10:48:29 +0800] "GET /xingrg/all/common/auto_word.html?type=base&rest_code=00101 HTTP/1.1" 200 671
120.253.135.82 - - [08/Mar/2024:10:48:30 +0800] "POST /xingrg/kc/pszx/mdps_order_operate.html HTTP/1.1" 200 2274
120.253.135.82 - - [08/Mar/2024:10:48:30 +0800] "GET /xingrg/javascript/easyui/themes/icons/edit_remove.png HTTP/1.1" 304 -
120.253.135.82 - - [08/Mar/2024:10:48:31 +0800] "GET /xingrg/javascript/easyui/themes/default/images/button_plain_hover.png HTTP/1.1" 304 -
120.253.135.82 - - [08/Mar/2024:10:48:32 +0800] "GET /xingrg/kc/print/load_config.html?kc_code=mdps HTTP/1.1" 200 2390
120.253.135.82 - - [08/Mar/2024:10:48:32 +0800] "GET /xingrg/kc/print/load_data.html?order_code=312024030700112&kc_code=mdps&condition= HTTP/1.1" 200 674
222.70.115.1 - - [08/Mar/2024:10:48:33 +0800] "GET /xingrg/all/function/internal_message.html?_=1709866117117&CODE_STATE=getMsg HTTP/1.1" 200 27
124.78.60.103 - - [08/Mar/2024:10:48:39 +0800] "GET /xingrg/all/function/internal_message.html?_=1709866119388&CODE_STATE=getMsg HTTP/1.1" 200 27
124.78.159.51 - - [08/Mar/2024:10:48:40 +0800] "GET /xingrg/all/function/internal_message.html?_=1709866120101&CODE_STATE=getMsg HTTP/1.1" 200 27
116.230.116.59 - - [08/Mar/2024:10:48:41 +0800] "GET /xingrg/kc/buy/cgsh_order_operate.html?command=get_materiel&rest_code=00146&code=00101008283&supplier_code=00100005&order_time=2024-03-08 HTTP/1.1" 200 408
221.239.169.251 - - [08/Mar/2024:10:48:45 +0800] "GET /xingrg/all/function/internal_message.html?_=1709866124829&CODE_STATE=getMsg HTTP/1.1" 200 27
116.224.254.208 - - [08/Mar/2024:10:48:47 +0800] "GET /xingrg/check_reg.html?_=1709866127694 HTTP/1.1" 200 22
116.232.194.112 - - [08/Mar/2024:10:48:50 +0800] "GET /xingrg/all/function/internal_message.html?_=1709866111754&CODE_STATE=getMsg HTTP/1.1" 200 27
116.230.116.59 - - [08/Mar/2024:10:48:56 +0800] "GET /xingrg/check_reg.html?_=1709866154179 HTTP/1.1" 200 22
116.238.97.31 - - [08/Mar/2024:10:48:56 +0800] "GET /xingrg/all/function/internal_message.html?_=1709866136673&CODE_STATE=getMsg HTTP/1.1" 200 27
116.230.116.59 - - [08/Mar/2024:10:48:56 +0800] "GET /xingrg/kc/buy/cgsh_order_operate.html?command=get_materiel&rest_code=00146&code=00101008298&supplier_code=00100005&order_time=2024-03-08 HTTP/1.1" 200 412
116.230.116.59 - - [08/Mar/2024:10:48:57 +0800] "GET /xingrg/all/function/internal_message.html?_=1709866154973&CODE_STATE=getMsg HTTP/1.1" 200 27
114.83.222.94 - - [08/Mar/2024:10:48:59 +0800] "GET /xingrg/all/function/internal_message.html?_=1709866138063&CODE_STATE=getMsg HTTP/1.1" 200 27
114.89.91.180 - - [08/Mar/2024:10:49:00 +0800] "GET /xingrg/all/function/internal_message.html?_=1709866140661&CODE_STATE=getMsg HTTP/1.1" 200 27
180.164.1.25 - - [08/Mar/2024:10:49:04 +0800] "GET /xingrg/all/function/internal_message.html?_=1709866144016&CODE_STATE=getMsg HTTP/1.1" 200 27
180.164.1.25 - - [08/Mar/2024:10:49:04 +0800] "GET /xingrg/check_reg.html?_=1709866144258 HTTP/1.1" 200 22
180.169.147.146 - - [08/Mar/2024:10:49:05 +0800] "GET /xingrg/check_reg.html?_=1709866144454 HTTP/1.1" 200 22
180.169.147.146 - - [08/Mar/2024:10:49:05 +0800] "GET /xingrg/all/function/internal_message.html?_=1709866144460&CODE_STATE=getMsg HTTP/1.1" 200 27
116.228.172.94 - - [08/Mar/2024:10:49:07 +0800] "GET /xingrg/all/function/internal_message.html?_=1709865874758&CODE_STATE=getMsg HTTP/1.1" 200 27
116.224.254.208 - - [08/Mar/2024:10:49:10 +0800] "GET /xingrg/all/function/internal_message.html?_=1709866150118&CODE_STATE=getMsg HTTP/1.1" 200 27
120.253.135.82 - - [08/Mar/2024:10:49:11 +0800] "GET /xingrg/all/function/internal_message.html?_=1709865988623&CODE_STATE=getMsg HTTP/1.1" 200 27
180.169.147.146 - - [08/Mar/2024:10:49:11 +0800] "GET /favicon.ico HTTP/1.1" 404 -
116.230.116.59 - - [08/Mar/2024:10:49:12 +0800] "POST /xingrg/services/DataTransmitService HTTP/1.1" 200 524
124.78.159.51 - - [08/Mar/2024:10:49:13 +0800] "GET /xingrg/all/function/internal_message.html?_=1709866153228&CODE_STATE=getMsg HTTP/1.1" 200 27
116.230.116.59 - - [08/Mar/2024:10:49:13 +0800] "POST /xingrg/services/DataTransmitService HTTP/1.1" 200 412
116.224.254.208 - - [08/Mar/2024:10:49:14 +0800] "GET /xingrg/all/function/internal_message.html?_=1709866155041&CODE_STATE=getMsg HTTP/1.1" 200 27
116.224.254.208 - - [08/Mar/2024:10:49:14 +0800] "GET /xingrg/check_reg.html?_=1709866155046 HTTP/1.1" 200 22
101.83.145.37 - - [08/Mar/2024:10:49:15 +0800] "GET /xingrg/all/function/internal_message.html?_=1709865918328&CODE_STATE=getMsg HTTP/1.1" 200 27
116.230.116.59 - - [08/Mar/2024:10:49:15 +0800] "POST /xingrg/services/DataTransmitService HTTP/1.1" 200 524
116.230.116.59 - - [08/Mar/2024:10:49:17 +0800] "POST /xingrg/services/DataTransmitService HTTP/1.1" 200 2331
180.171.62.200 - - [08/Mar/2024:10:49:19 +0800] "GET /xingrg/all/function/internal_message.html?_=1709866168094&CODE_STATE=getMsg HTTP/1.1" 200 27
101.228.147.14 - - [08/Mar/2024:10:49:19 +0800] "GET /xingrg/all/function/internal_message.html?_=1709866159101&CODE_STATE=getMsg HTTP/1.1" 200 27
116.230.116.59 - - [08/Mar/2024:10:49:20 +0800] "POST /xingrg/services/DataTransmitService HTTP/1.1" 200 524
101.83.145.37 - - [08/Mar/2024:10:49:21 +0800] "GET /xingrg/all/function/internal_message.html?_=1709866161528&CODE_STATE=getMsg HTTP/1.1" 200 27
116.230.116.59 - - [08/Mar/2024:10:49:21 +0800] "POST /xingrg/services/DataTransmitService HTTP/1.1" 200 2331
116.230.116.59 - - [08/Mar/2024:10:49:22 +0800] "GET /xingrg/kc/buy/cgsh_order_operate.html?command=get_materiel&rest_code=00146&code=00101009155&supplier_code=00100005&order_time=2024-03-08 HTTP/1.1" 200 416
116.230.116.59 - - [08/Mar/2024:10:49:23 +0800] "POST /xingrg/services/DataTransmitService HTTP/1.1" 200 524
116.230.116.59 - - [08/Mar/2024:10:49:24 +0800] "POST /xingrg/services/DataTransmitService HTTP/1.1" 200 2331
116.230.116.59 - - [08/Mar/2024:10:49:25 +0800] "POST /xingrg/services/DataTransmitService HTTP/1.1" 200 524
222.69.135.192 - - [08/Mar/2024:10:49:26 +0800] "GET /xingrg/all/function/internal_message.html?_=1709866166236&CODE_STATE=getMsg HTTP/1.1" 200 27
116.230.116.59 - - [08/Mar/2024:10:49:27 +0800] "POST /xingrg/services/DataTransmitService HTTP/1.1" 200 2331
124.78.159.51 - - [08/Mar/2024:10:49:27 +0800] "GET /xingrg/all/function/internal_message.html?_=1709866168142&CODE_STATE=getMsg HTTP/1.1" 200 27
124.78.159.51 - - [08/Mar/2024:10:49:28 +0800] "GET /xingrg/check_reg.html?_=1709866169112 HTTP/1.1" 200 22
116.230.123.13 - - [08/Mar/2024:10:49:29 +0800] "GET /xingrg/all/function/internal_message.html?_=1709866168122&CODE_STATE=getMsg HTTP/1.1" 200 27
222.70.115.1 - - [08/Mar/2024:10:49:33 +0800] "GET /xingrg/all/function/internal_message.html?_=1709866177118&CODE_STATE=getMsg HTTP/1.1" 200 27
116.230.116.59 - - [08/Mar/2024:10:49:37 +0800] "POST /xingrg/services/DataTransmitService HTTP/1.1" 200 524
116.238.97.31 - - [08/Mar/2024:10:49:37 +0800] "GET /xingrg/kc/base/wldb_order_add.html HTTP/1.1" 200 30378
116.238.97.31 - - [08/Mar/2024:10:49:37 +0800] "POST /xingrg/kc/base/wldb_order_operate.html HTTP/1.1" 200 6806
116.238.97.31 - - [08/Mar/2024:10:49:37 +0800] "GET /xingrg/javascript/easyui/themes/default/validatebox.css HTTP/1.1" 404 1104
116.230.116.59 - - [08/Mar/2024:10:49:38 +0800] "POST /xingrg/services/DataTransmitService HTTP/1.1" 200 412
116.238.97.31 - - [08/Mar/2024:10:49:38 +0800] "POST /xingrg/all/common/load_combo.html?type=base HTTP/1.1" 200 3321
124.78.60.103 - - [08/Mar/2024:10:49:39 +0800] "GET /xingrg/all/function/internal_message.html?_=1709866179370&CODE_STATE=getMsg HTTP/1.1" 200 27
124.78.159.51 - - [08/Mar/2024:10:49:40 +0800] "GET /xingrg/all/function/internal_message.html?_=1709866180091&CODE_STATE=getMsg HTTP/1.1" 200 27
116.238.97.31 - - [08/Mar/2024:10:49:41 +0800] "POST /xingrg/all/common/load_combo.html?type=base HTTP/1.1" 200 3321
116.230.116.59 - - [08/Mar/2024:10:49:42 +0800] "POST /xingrg/services/DataTransmitService HTTP/1.1" 200 524
116.230.116.59 - - [08/Mar/2024:10:49:43 +0800] "POST /xingrg/services/DataTransmitService HTTP/1.1" 200 412
124.78.159.51 - - [08/Mar/2024:10:49:43 +0800] "GET /xingrg/kc/base/base_main.html HTTP/1.1" 200 12142
124.78.159.51 - - [08/Mar/2024:10:49:43 +0800] "GET /xingrg/images/blue/button/wlsy.gif HTTP/1.1" 200 2536
124.78.159.51 - - [08/Mar/2024:10:49:43 +0800] "GET /xingrg/images/blue/button/ckpd.gif HTTP/1.1" 200 2051
124.78.159.51 - - [08/Mar/2024:10:49:43 +0800] "GET /xingrg/images/blue/button/ckdb.gif HTTP/1.1" 200 1950
124.78.159.51 - - [08/Mar/2024:10:49:43 +0800] "GET /xingrg/images/blue/button/yddb.gif HTTP/1.1" 200 2040
124.78.159.51 - - [08/Mar/2024:10:49:43 +0800] "GET /xingrg/images/blue/button/left_ah.jpg HTTP/1.1" 200 1643
124.78.159.51 - - [08/Mar/2024:10:49:43 +0800] "GET /xingrg/images/blue/button/bottom_left.jpg HTTP/1.1" 200 1524
124.78.159.51 - - [08/Mar/2024:10:49:43 +0800] "GET /xingrg/images/blue/button/bottom_right.jpg HTTP/1.1" 200 1436
124.78.159.51 - - [08/Mar/2024:10:49:43 +0800] "GET /xingrg/images/blue/button/top_right.jpg HTTP/1.1" 200 1708
124.78.159.51 - - [08/Mar/2024:10:49:43 +0800] "GET /xingrg/images/blue/button/top_left.jpg HTTP/1.1" 200 1632
124.78.159.51 - - [08/Mar/2024:10:49:43 +0800] "GET /xingrg/images/blue/button/down.jpg HTTP/1.1" 200 1560
116.230.116.59 - - [08/Mar/2024:10:49:43 +0800] "POST /xingrg/services/DataTransmitService HTTP/1.1" 200 524
116.230.116.59 - - [08/Mar/2024:10:49:45 +0800] "POST /xingrg/services/DataTransmitService HTTP/1.1" 200 412
221.239.169.251 - - [08/Mar/2024:10:49:45 +0800] "GET /xingrg/check_reg.html?_=1709866184846 HTTP/1.1" 200 22
221.239.169.251 - - [08/Mar/2024:10:49:45 +0800] "GET /xingrg/all/function/internal_message.html?_=1709866184844&CODE_STATE=getMsg HTTP/1.1" 200 27
116.230.116.59 - - [08/Mar/2024:10:49:45 +0800] "POST /xingrg/services/DataTransmitService HTTP/1.1" 200 524
124.78.159.51 - - [08/Mar/2024:10:49:46 +0800] "GET /xingrg/kc/base/yddb_order_list.html HTTP/1.1" 200 16656
116.230.116.59 - - [08/Mar/2024:10:49:46 +0800] "POST /xingrg/services/DataTransmitService HTTP/1.1" 200 412
116.230.116.59 - - [08/Mar/2024:10:49:46 +0800] "POST /xingrg/services/DataTransmitService HTTP/1.1" 200 524
124.78.159.51 - - [08/Mar/2024:10:49:47 +0800] "POST /xingrg/kc/base/yddb_list_operate.html HTTP/1.1" 200 636
116.230.116.59 - - [08/Mar/2024:10:49:48 +0800] "POST /xingrg/services/DataTransmitService HTTP/1.1" 200 412
116.230.116.59 - - [08/Mar/2024:10:49:48 +0800] "POST /xingrg/services/DataTransmitService HTTP/1.1" 200 524
116.230.116.59 - - [08/Mar/2024:10:49:49 +0800] "POST /xingrg/services/DataTransmitService HTTP/1.1" 200 412
116.230.116.59 - - [08/Mar/2024:10:49:49 +0800] "POST /xingrg/services/DataTransmitService HTTP/1.1" 200 524
116.232.194.112 - - [08/Mar/2024:10:49:50 +0800] "GET /xingrg/all/function/internal_message.html?_=1709866171762&CODE_STATE=getMsg HTTP/1.1" 200 27
124.78.159.51 - - [08/Mar/2024:10:49:50 +0800] "POST /xingrg/kc/base/yddb_list_operate.html HTTP/1.1" 200 4287
116.230.116.59 - - [08/Mar/2024:10:49:50 +0800] "POST /xingrg/services/DataTransmitService HTTP/1.1" 200 412
116.230.116.59 - - [08/Mar/2024:10:49:51 +0800] "POST /xingrg/services/DataTransmitService HTTP/1.1" 200 524
116.230.116.59 - - [08/Mar/2024:10:49:52 +0800] "POST /xingrg/services/DataTransmitService HTTP/1.1" 200 412
116.230.116.59 - - [08/Mar/2024:10:49:52 +0800] "POST /xingrg/services/DataTransmitService HTTP/1.1" 200 524
116.230.116.59 - - [08/Mar/2024:10:49:54 +0800] "POST /xingrg/services/DataTransmitService HTTP/1.1" 200 412
116.230.116.59 - - [08/Mar/2024:10:49:54 +0800] "POST /xingrg/services/DataTransmitService HTTP/1.1" 200 524
116.230.116.59 - - [08/Mar/2024:10:49:55 +0800] "POST /xingrg/services/DataTransmitService HTTP/1.1" 200 2331
116.238.97.31 - - [08/Mar/2024:10:49:56 +0800] "GET /xingrg/all/function/internal_message.html?_=1709866196663&CODE_STATE=getMsg HTTP/1.1" 200 27
116.230.116.59 - - [08/Mar/2024:10:49:57 +0800] "GET /xingrg/all/function/internal_message.html?_=1709866215070&CODE_STATE=getMsg HTTP/1.1" 200 27
124.78.159.51 - - [08/Mar/2024:10:49:57 +0800] "GET /xingrg/kc/base/base_main.html HTTP/1.1" 200 12142
114.83.222.94 - - [08/Mar/2024:10:49:59 +0800] "GET /xingrg/all/function/internal_message.html?_=1709866198051&CODE_STATE=getMsg HTTP/1.1" 200 27
114.83.222.94 - - [08/Mar/2024:10:50:00 +0800] "GET /xingrg/check_reg.html?_=1709866199414 HTTP/1.1" 200 22
114.89.91.180 - - [08/Mar/2024:10:50:00 +0800] "GET /xingrg/all/function/internal_message.html?_=1709866200663&CODE_STATE=getMsg HTTP/1.1" 200 27
124.78.159.51 - - [08/Mar/2024:10:50:02 +0800] "GET /xingrg/kc/base/wldb_order_list.html HTTP/1.1" 200 19051
124.78.159.51 - - [08/Mar/2024:10:50:03 +0800] "POST /xingrg/kc/base/wldb_list_operate.html HTTP/1.1" 200 928
180.164.1.25 - - [08/Mar/2024:10:50:04 +0800] "GET /xingrg/all/function/internal_message.html?_=1709866204003&CODE_STATE=getMsg HTTP/1.1" 200 27
180.169.147.146 - - [08/Mar/2024:10:50:05 +0800] "GET /xingrg/all/function/internal_message.html?_=1709866204452&CODE_STATE=getMsg HTTP/1.1" 200 27
124.78.159.51 - - [08/Mar/2024:10:50:05 +0800] "GET /xingrg/kc/base/wldb_order_add.html HTTP/1.1" 200 30382
124.78.159.51 - - [08/Mar/2024:10:50:05 +0800] "POST /xingrg/kc/base/wldb_order_operate.html HTTP/1.1" 200 6806
124.78.159.51 - - [08/Mar/2024:10:50:05 +0800] "GET /xingrg/all/common/auto_word.html?type=base&rest_code=00106 HTTP/1.1" 200 1799
124.78.159.51 - - [08/Mar/2024:10:50:05 +0800] "GET /xingrg/all/common/auto_word.html?type=base&rest_code=00106 HTTP/1.1" 200 1799
124.78.159.51 - - [08/Mar/2024:10:50:05 +0800] "GET /xingrg/javascript/easyui/themes/default/validatebox.css HTTP/1.1" 404 1104
124.78.159.51 - - [08/Mar/2024:10:50:07 +0800] "POST /xingrg/all/common/load_combo.html?type=base HTTP/1.1" 200 3227
116.228.172.94 - - [08/Mar/2024:10:50:07 +0800] "GET /xingrg/all/function/internal_message.html?_=1709865934767&CODE_STATE=getMsg HTTP/1.1" 200 27
116.228.172.94 - - [08/Mar/2024:10:50:07 +0800] "GET /xingrg/check_reg.html?_=1709865934777 HTTP/1.1" 200 22
116.230.116.59 - - [08/Mar/2024:10:50:09 +0800] "POST /xingrg/services/DataTransmitService HTTP/1.1" 200 524
116.224.254.208 - - [08/Mar/2024:10:50:10 +0800] "GET /xingrg/all/function/internal_message.html?_=1709866210093&CODE_STATE=getMsg HTTP/1.1" 200 27
116.230.116.59 - - [08/Mar/2024:10:50:10 +0800] "POST /xingrg/services/DataTransmitService HTTP/1.1" 200 2331
120.253.135.82 - - [08/Mar/2024:10:50:11 +0800] "GET /xingrg/all/function/internal_message.html?_=1709866048646&CODE_STATE=getMsg HTTP/1.1" 200 27
124.78.159.51 - - [08/Mar/2024:10:50:11 +0800] "POST /xingrg/all/common/load_combo.html?type=base HTTP/1.1" 200 3227
124.78.159.51 - - [08/Mar/2024:10:50:13 +0800] "GET /xingrg/all/function/internal_message.html?_=1709866213254&CODE_STATE=getMsg HTTP/1.1" 200 27
116.224.254.208 - - [08/Mar/2024:10:50:14 +0800] "GET /xingrg/all/function/internal_message.html?_=1709866215034&CODE_STATE=getMsg HTTP/1.1" 200 27
101.83.145.37 - - [08/Mar/2024:10:50:15 +0800] "GET /xingrg/all/function/internal_message.html?_=1709865978329&CODE_STATE=getMsg HTTP/1.1" 200 27
180.171.62.200 - - [08/Mar/2024:10:50:19 +0800] "GET /xingrg/all/function/internal_message.html?_=1709866228095&CODE_STATE=getMsg HTTP/1.1" 200 27
101.228.147.14 - - [08/Mar/2024:10:50:19 +0800] "GET /xingrg/all/function/internal_message.html?_=1709866219100&CODE_STATE=getMsg HTTP/1.1" 200 27
101.83.145.37 - - [08/Mar/2024:10:50:21 +0800] "GET /xingrg/all/function/internal_message.html?_=1709866221501&CODE_STATE=getMsg HTTP/1.1" 200 27
116.230.116.59 - - [08/Mar/2024:10:50:21 +0800] "POST /xingrg/services/DataTransmitService HTTP/1.1" 200 524
124.78.60.103 - - [08/Mar/2024:10:50:21 +0800] "GET /xingrg/check_reg.html?_=1709866221676 HTTP/1.1" 200 22
116.230.116.59 - - [08/Mar/2024:10:50:23 +0800] "POST /xingrg/services/DataTransmitService HTTP/1.1" 200 2331
116.230.116.59 - - [08/Mar/2024:10:50:24 +0800] "POST /xingrg/services/DataTransmitService HTTP/1.1" 200 524
116.230.116.59 - - [08/Mar/2024:10:50:25 +0800] "POST /xingrg/services/DataTransmitService HTTP/1.1" 200 2331
222.69.135.192 - - [08/Mar/2024:10:50:26 +0800] "GET /xingrg/all/function/internal_message.html?_=1709866226223&CODE_STATE=getMsg HTTP/1.1" 200 27
116.230.116.59 - - [08/Mar/2024:10:50:26 +0800] "POST /xingrg/services/DataTransmitService HTTP/1.1" 200 524
222.69.135.192 - - [08/Mar/2024:10:50:27 +0800] "GET /xingrg/check_reg.html?_=1709866227645 HTTP/1.1" 200 22
124.78.159.51 - - [08/Mar/2024:10:50:27 +0800] "GET /xingrg/all/function/internal_message.html?_=1709866228114&CODE_STATE=getMsg HTTP/1.1" 200 27
116.230.116.59 - - [08/Mar/2024:10:50:28 +0800] "POST /xingrg/services/DataTransmitService HTTP/1.1" 200 2331
116.230.116.59 - - [08/Mar/2024:10:50:28 +0800] "POST /xingrg/services/DataTransmitService HTTP/1.1" 200 524
116.230.123.13 - - [08/Mar/2024:10:50:29 +0800] "GET /xingrg/all/function/internal_message.html?_=1709866228101&CODE_STATE=getMsg HTTP/1.1" 200 27
116.230.116.59 - - [08/Mar/2024:10:50:29 +0800] "POST /xingrg/services/DataTransmitService HTTP/1.1" 200 2331
116.230.116.59 - - [08/Mar/2024:10:50:30 +0800] "POST /xingrg/services/DataTransmitService HTTP/1.1" 200 524
116.230.116.59 - - [08/Mar/2024:10:50:31 +0800] "POST /xingrg/services/DataTransmitService HTTP/1.1" 200 2331
222.70.115.1 - - [08/Mar/2024:10:50:33 +0800] "GET /xingrg/all/function/internal_message.html?_=1709866237147&CODE_STATE=getMsg HTTP/1.1" 200 27
116.230.116.59 - - [08/Mar/2024:10:50:33 +0800] "POST /xingrg/services/DataTransmitService HTTP/1.1" 200 524
116.230.116.59 - - [08/Mar/2024:10:50:34 +0800] "POST /xingrg/services/DataTransmitService HTTP/1.1" 200 2331
116.230.123.13 - - [08/Mar/2024:10:50:37 +0800] "GET /xingrg/kc/buy/cgsh_order_add.html HTTP/1.1" 200 73611
116.230.123.13 - - [08/Mar/2024:10:50:38 +0800] "POST /xingrg/kc/buy/cgsh_order_operate.html HTTP/1.1" 200 8245
116.230.123.13 - - [08/Mar/2024:10:50:38 +0800] "GET /xingrg/javascript/easyui/themes/default/validatebox.css HTTP/1.1" 404 1104
124.78.60.103 - - [08/Mar/2024:10:50:39 +0800] "GET /xingrg/all/function/internal_message.html?_=1709866239363&CODE_STATE=getMsg HTTP/1.1" 200 27
124.78.159.51 - - [08/Mar/2024:10:50:40 +0800] "GET /xingrg/all/function/internal_message.html?_=1709866240101&CODE_STATE=getMsg HTTP/1.1" 200 27
221.239.169.251 - - [08/Mar/2024:10:50:45 +0800] "GET /xingrg/all/function/internal_message.html?_=1709866244835&CODE_STATE=getMsg HTTP/1.1" 200 27
116.230.116.59 - - [08/Mar/2024:10:50:49 +0800] "POST /xingrg/services/DataTransmitService HTTP/1.1" 200 524
116.232.194.112 - - [08/Mar/2024:10:50:50 +0800] "GET /xingrg/all/function/internal_message.html?_=1709866231758&CODE_STATE=getMsg HTTP/1.1" 200 27
116.230.116.59 - - [08/Mar/2024:10:50:51 +0800] "POST /xingrg/services/DataTransmitService HTTP/1.1" 200 2331
116.230.116.59 - - [08/Mar/2024:10:50:51 +0800] "GET /xingrg/kc/buy/cgsh_order_operate.html?command=get_materiel&rest_code=00146&code=00101008161&supplier_code=00100005&order_time=2024-03-08 HTTP/1.1" 200 411
116.230.116.59 - - [08/Mar/2024:10:50:53 +0800] "POST /xingrg/services/DataTransmitService HTTP/1.1" 200 524
116.230.116.59 - - [08/Mar/2024:10:50:55 +0800] "POST /xingrg/services/DataTransmitService HTTP/1.1" 200 2331
116.238.97.31 - - [08/Mar/2024:10:50:56 +0800] "GET /xingrg/all/function/internal_message.html?_=1709866256631&CODE_STATE=getMsg HTTP/1.1" 200 27
116.230.123.13 - - [08/Mar/2024:10:50:56 +0800] "GET /xingrg/kc/buy/cgsh_order_operate.html?command=get_materiel&rest_code=00111&code=00101018019&supplier_code=00100042&order_time=2024-03-08 HTTP/1.1" 200 421
116.230.116.59 - - [08/Mar/2024:10:50:56 +0800] "POST /xingrg/services/DataTransmitService HTTP/1.1" 200 524
116.230.116.59 - - [08/Mar/2024:10:50:57 +0800] "GET /xingrg/all/function/internal_message.html?_=1709866275078&CODE_STATE=getMsg HTTP/1.1" 200 27
116.230.116.59 - - [08/Mar/2024:10:50:58 +0800] "POST /xingrg/services/DataTransmitService HTTP/1.1" 200 2331
114.83.222.94 - - [08/Mar/2024:10:50:59 +0800] "GET /xingrg/all/function/internal_message.html?_=1709866258029&CODE_STATE=getMsg HTTP/1.1" 200 27
116.230.116.59 - - [08/Mar/2024:10:50:59 +0800] "POST /xingrg/services/DataTransmitService HTTP/1.1" 200 524
114.89.91.180 - - [08/Mar/2024:10:51:00 +0800] "GET /xingrg/all/function/internal_message.html?_=1709866260668&CODE_STATE=getMsg HTTP/1.1" 200 27
114.89.91.180 - - [08/Mar/2024:10:51:00 +0800] "GET /xingrg/check_reg.html?_=1709866260676 HTTP/1.1" 200 22
116.230.116.59 - - [08/Mar/2024:10:51:01 +0800] "POST /xingrg/services/DataTransmitService HTTP/1.1" 200 2331
116.230.116.59 - - [08/Mar/2024:10:51:02 +0800] "POST /xingrg/services/DataTransmitService HTTP/1.1" 200 524
116.230.116.59 - - [08/Mar/2024:10:51:03 +0800] "POST /xingrg/services/DataTransmitService HTTP/1.1" 200 2331
116.230.116.59 - - [08/Mar/2024:10:51:04 +0800] "POST /xingrg/services/DataTransmitService HTTP/1.1" 200 524
180.164.1.25 - - [08/Mar/2024:10:51:04 +0800] "GET /xingrg/all/function/internal_message.html?_=1709866263992&CODE_STATE=getMsg HTTP/1.1" 200 27
180.169.147.146 - - [08/Mar/2024:10:51:05 +0800] "GET /xingrg/all/function/internal_message.html?_=1709866264451&CODE_STATE=getMsg HTTP/1.1" 200 27
116.230.116.59 - - [08/Mar/2024:10:51:05 +0800] "POST /xingrg/services/DataTransmitService HTTP/1.1" 200 2331
116.228.172.94 - - [08/Mar/2024:10:51:07 +0800] "GET /xingrg/all/function/internal_message.html?_=1709865994759&CODE_STATE=getMsg HTTP/1.1" 200 27
116.230.116.59 - - [08/Mar/2024:10:51:09 +0800] "POST /xingrg/services/DataTransmitService HTTP/1.1" 200 524
116.224.254.208 - - [08/Mar/2024:10:51:10 +0800] "GET /xingrg/all/function/internal_message.html?_=1709866270109&CODE_STATE=getMsg HTTP/1.1" 200 27
116.230.116.59 - - [08/Mar/2024:10:51:10 +0800] "POST /xingrg/services/DataTransmitService HTTP/1.1" 200 2331
116.230.123.13 - - [08/Mar/2024:10:51:11 +0800] "GET /xingrg/kc/buy/cgsh_order_operate.html?command=get_materiel&rest_code=00111&code=00101018011&supplier_code=00100042&order_time=2024-03-08 HTTP/1.1" 200 413
116.230.116.59 - - [08/Mar/2024:10:51:11 +0800] "POST /xingrg/services/DataTransmitService HTTP/1.1" 200 524
124.78.159.51 - - [08/Mar/2024:10:51:13 +0800] "GET /xingrg/all/function/internal_message.html?_=1709866273243&CODE_STATE=getMsg HTTP/1.1" 200 27
116.230.116.59 - - [08/Mar/2024:10:51:13 +0800] "POST /xingrg/services/DataTransmitService HTTP/1.1" 200 2331
116.230.116.59 - - [08/Mar/2024:10:51:13 +0800] "POST /xingrg/services/DataTransmitService HTTP/1.1" 200 524
116.224.254.208 - - [08/Mar/2024:10:51:14 +0800] "GET /xingrg/all/function/internal_message.html?_=1709866275043&CODE_STATE=getMsg HTTP/1.1" 200 27
116.230.116.59 - - [08/Mar/2024:10:51:15 +0800] "POST /xingrg/services/DataTransmitService HTTP/1.1" 200 2331
116.230.116.59 - - [08/Mar/2024:10:51:15 +0800] "POST /xingrg/services/DataTransmitService HTTP/1.1" 200 524
101.83.145.37 - - [08/Mar/2024:10:51:15 +0800] "GET /xingrg/check_reg.html?_=1709866038329 HTTP/1.1" 200 22
101.83.145.37 - - [08/Mar/2024:10:51:15 +0800] "GET /xingrg/all/function/internal_message.html?_=1709866038332&CODE_STATE=getMsg HTTP/1.1" 200 27
116.230.116.59 - - [08/Mar/2024:10:51:16 +0800] "POST /xingrg/services/DataTransmitService HTTP/1.1" 200 2331
116.230.116.59 - - [08/Mar/2024:10:51:16 +0800] "POST /xingrg/kc/buy/cgsh_order_operate.html HTTP/1.1" 200 2065
116.230.116.59 - - [08/Mar/2024:10:51:16 +0800] "POST /xingrg/services/DataTransmitService HTTP/1.1" 200 524
116.230.116.59 - - [08/Mar/2024:10:51:18 +0800] "POST /xingrg/services/DataTransmitService HTTP/1.1" 200 412
180.171.62.200 - - [08/Mar/2024:10:51:19 +0800] "GET /xingrg/all/function/internal_message.html?_=1709866288095&CODE_STATE=getMsg HTTP/1.1" 200 27
101.228.147.14 - - [08/Mar/2024:10:51:19 +0800] "GET /xingrg/all/function/internal_message.html?_=1709866279125&CODE_STATE=getMsg HTTP/1.1" 200 27
101.228.147.14 - - [08/Mar/2024:10:51:19 +0800] "GET /xingrg/check_reg.html?_=1709866279127 HTTP/1.1" 200 22
116.230.116.59 - - [08/Mar/2024:10:51:19 +0800] "POST /xingrg/services/DataTransmitService HTTP/1.1" 200 524
116.230.116.59 - - [08/Mar/2024:10:51:20 +0800] "POST /xingrg/services/DataTransmitService HTTP/1.1" 200 412
116.230.123.13 - - [08/Mar/2024:10:51:21 +0800] "GET /xingrg/kc/buy/cgsh_order_operate.html?command=get_materiel&rest_code=00111&code=00101010161&supplier_code=00100042&order_time=2024-03-08 HTTP/1.1" 200 408
101.83.145.37 - - [08/Mar/2024:10:51:21 +0800] "GET /xingrg/all/function/internal_message.html?_=1709866281481&CODE_STATE=getMsg HTTP/1.1" 200 27
116.230.116.59 - - [08/Mar/2024:10:51:23 +0800] "POST /xingrg/services/DataTransmitService HTTP/1.1" 200 524
116.230.116.59 - - [08/Mar/2024:10:51:24 +0800] "POST /xingrg/services/DataTransmitService HTTP/1.1" 200 412
116.230.116.59 - - [08/Mar/2024:10:51:24 +0800] "POST /xingrg/services/DataTransmitService HTTP/1.1" 200 524
116.230.116.59 - - [08/Mar/2024:10:51:26 +0800] "POST /xingrg/services/DataTransmitService HTTP/1.1" 200 412
116.230.116.59 - - [08/Mar/2024:10:51:26 +0800] "POST /xingrg/services/DataTransmitService HTTP/1.1" 200 524
222.69.135.192 - - [08/Mar/2024:10:51:26 +0800] "GET /xingrg/all/function/internal_message.html?_=1709866286205&CODE_STATE=getMsg HTTP/1.1" 200 27
116.230.116.59 - - [08/Mar/2024:10:51:27 +0800] "POST /xingrg/services/DataTransmitService HTTP/1.1" 200 412
116.230.116.59 - - [08/Mar/2024:10:51:27 +0800] "POST /xingrg/services/DataTransmitService HTTP/1.1" 200 524
124.78.159.51 - - [08/Mar/2024:10:51:27 +0800] "GET /xingrg/all/function/internal_message.html?_=1709866288111&CODE_STATE=getMsg HTTP/1.1" 200 27
116.230.116.59 - - [08/Mar/2024:10:51:28 +0800] "POST /xingrg/services/DataTransmitService HTTP/1.1" 200 412
116.230.123.13 - - [08/Mar/2024:10:51:29 +0800] "GET /xingrg/all/function/internal_message.html?_=1709866288091&CODE_STATE=getMsg HTTP/1.1" 200 27
116.230.116.59 - - [08/Mar/2024:10:51:30 +0800] "POST /xingrg/services/DataTransmitService HTTP/1.1" 200 524
116.230.116.59 - - [08/Mar/2024:10:51:30 +0800] "GET /xingrg/kc/buy/cgsh_order_operate.html?command=get_materiel&rest_code=00146&code=00101008274&supplier_code=00100005&order_time=2024-03-08 HTTP/1.1" 200 412
116.230.123.13 - - [08/Mar/2024:10:51:30 +0800] "GET /xingrg/check_reg.html?_=1709866289348 HTTP/1.1" 200 22
116.230.116.59 - - [08/Mar/2024:10:51:31 +0800] "POST /xingrg/services/DataTransmitService HTTP/1.1" 200 412
116.230.116.59 - - [08/Mar/2024:10:51:32 +0800] "POST /xingrg/services/DataTransmitService HTTP/1.1" 200 524
