120.253.135.82 - - [08/Mar/2024:07:35:35 +0800] "POST /xingrg/kc/buy/cgsh_order_operate.html HTTP/1.1" 200 3257
116.230.116.59 - - [08/Mar/2024:07:35:39 +0800] "GET /xingrg/all/function/internal_message.html?_=1709854557048&CODE_STATE=getMsg HTTP/1.1" 200 27
124.78.60.103 - - [08/Mar/2024:07:35:42 +0800] "GET /xingrg/all/function/internal_message.html?_=1709854542391&CODE_STATE=getMsg HTTP/1.1" 200 27
221.239.169.251 - - [08/Mar/2024:07:35:45 +0800] "GET /xingrg/all/function/internal_message.html?_=1709854544585&CODE_STATE=getMsg HTTP/1.1" 200 27
120.253.135.82 - - [08/Mar/2024:07:35:48 +0800] "POST /xingrg/kc/buy/cgsh_order_operate.html HTTP/1.1" 200 37
120.253.135.82 - - [08/Mar/2024:07:35:50 +0800] "POST /xingrg/kc/buy/cgsh_order_operate.html HTTP/1.1" 200 3257
180.169.147.146 - - [08/Mar/2024:07:35:52 +0800] "GET /xingrg/check_reg.html?_=1709854551847 HTTP/1.1" 200 22
180.169.147.146 - - [08/Mar/2024:07:35:52 +0800] "GET /xingrg/all/function/internal_message.html?_=1709854551849&CODE_STATE=getMsg HTTP/1.1" 200 27
116.228.172.94 - - [08/Mar/2024:07:36:07 +0800] "GET /xingrg/all/function/internal_message.html?_=1709854294763&CODE_STATE=getMsg HTTP/1.1" 200 27
180.171.62.200 - - [08/Mar/2024:07:36:19 +0800] "GET /xingrg/all/function/internal_message.html?_=1709854588063&CODE_STATE=getMsg HTTP/1.1" 200 27
120.253.135.82 - - [08/Mar/2024:07:36:25 +0800] "GET /xingrg/all/function/internal_message.html?_=1709854423364&CODE_STATE=getMsg HTTP/1.1" 200 27
116.224.254.208 - - [08/Mar/2024:07:36:28 +0800] "GET /xingrg/all/function/internal_message.html?_=1709854589095&CODE_STATE=getMsg HTTP/1.1" 200 27
120.253.135.82 - - [08/Mar/2024:07:36:32 +0800] "GET /xingrg/kc/print/load_config.html?kc_code=cgsh HTTP/1.1" 200 1927
120.253.135.82 - - [08/Mar/2024:07:36:32 +0800] "GET /xingrg/kc/print/load_data.html?order_code=212024030802031&kc_code=cgsh&condition= HTTP/1.1" 200 933
116.230.116.59 - - [08/Mar/2024:07:36:39 +0800] "GET /xingrg/all/function/internal_message.html?_=1709854617061&CODE_STATE=getMsg HTTP/1.1" 200 27
124.78.60.103 - - [08/Mar/2024:07:36:42 +0800] "GET /xingrg/all/function/internal_message.html?_=1709854602367&CODE_STATE=getMsg HTTP/1.1" 200 27
221.239.169.251 - - [08/Mar/2024:07:36:45 +0800] "GET /xingrg/all/function/internal_message.html?_=1709854604601&CODE_STATE=getMsg HTTP/1.1" 200 27
180.169.147.146 - - [08/Mar/2024:07:36:52 +0800] "GET /xingrg/all/function/internal_message.html?_=1709854611836&CODE_STATE=getMsg HTTP/1.1" 200 27
116.228.172.94 - - [08/Mar/2024:07:37:07 +0800] "GET /xingrg/all/function/internal_message.html?_=1709854354763&CODE_STATE=getMsg HTTP/1.1" 200 27
180.171.62.200 - - [08/Mar/2024:07:37:19 +0800] "GET /xingrg/all/function/internal_message.html?_=1709854648061&CODE_STATE=getMsg HTTP/1.1" 200 27
180.171.62.200 - - [08/Mar/2024:07:37:19 +0800] "GET /xingrg/check_reg.html?_=1709854648065 HTTP/1.1" 200 22
180.164.1.25 - - [08/Mar/2024:07:37:22 +0800] "GET /xingrg/check_reg.html?_=1709854642659 HTTP/1.1" 200 22
172.20.0.100 - - [08/Mar/2024:07:37:23 +0800] "GET /xingrg/check_reg.html?_=1709854654620 HTTP/1.1" 302 -
120.253.135.82 - - [08/Mar/2024:07:37:26 +0800] "GET /xingrg/all/function/internal_message.html?_=1709854483378&CODE_STATE=getMsg HTTP/1.1" 200 27
116.224.254.208 - - [08/Mar/2024:07:37:28 +0800] "GET /xingrg/all/function/internal_message.html?_=1709854649091&CODE_STATE=getMsg HTTP/1.1" 200 27
116.230.116.59 - - [08/Mar/2024:07:37:40 +0800] "GET /xingrg/all/function/internal_message.html?_=1709854678003&CODE_STATE=getMsg HTTP/1.1" 200 27
124.78.60.103 - - [08/Mar/2024:07:37:42 +0800] "GET /xingrg/all/function/internal_message.html?_=1709854662353&CODE_STATE=getMsg HTTP/1.1" 200 27
221.239.169.251 - - [08/Mar/2024:07:37:45 +0800] "GET /xingrg/all/function/internal_message.html?_=1709854664588&CODE_STATE=getMsg HTTP/1.1" 200 27
180.169.147.146 - - [08/Mar/2024:07:37:52 +0800] "GET /xingrg/all/function/internal_message.html?_=1709854671847&CODE_STATE=getMsg HTTP/1.1" 200 27
116.228.172.94 - - [08/Mar/2024:07:38:07 +0800] "GET /xingrg/all/function/internal_message.html?_=1709854414765&CODE_STATE=getMsg HTTP/1.1" 200 27
180.171.62.200 - - [08/Mar/2024:07:38:19 +0800] "GET /xingrg/all/function/internal_message.html?_=1709854708066&CODE_STATE=getMsg HTTP/1.1" 200 27
120.253.135.82 - - [08/Mar/2024:07:38:25 +0800] "GET /xingrg/check_reg.html?_=1709854542454 HTTP/1.1" 200 22
120.253.135.82 - - [08/Mar/2024:07:38:25 +0800] "POST /xingrg/kc/buy/cgsh_order_operate.html HTTP/1.1" 200 37
116.224.254.208 - - [08/Mar/2024:07:38:29 +0800] "GET /xingrg/all/function/internal_message.html?_=1709854709107&CODE_STATE=getMsg HTTP/1.1" 200 27
116.224.254.208 - - [08/Mar/2024:07:38:29 +0800] "GET /xingrg/check_reg.html?_=1709854709108 HTTP/1.1" 200 22
120.253.135.82 - - [08/Mar/2024:07:38:33 +0800] "POST /xingrg/kc/buy/cgsh_order_operate.html HTTP/1.1" 200 12
116.230.116.59 - - [08/Mar/2024:07:38:40 +0800] "GET /xingrg/all/function/internal_message.html?_=1709854738010&CODE_STATE=getMsg HTTP/1.1" 200 27
124.78.60.103 - - [08/Mar/2024:07:38:42 +0800] "GET /xingrg/all/function/internal_message.html?_=1709854722340&CODE_STATE=getMsg HTTP/1.1" 200 27
221.239.169.251 - - [08/Mar/2024:07:38:45 +0800] "GET /xingrg/all/function/internal_message.html?_=1709854724603&CODE_STATE=getMsg HTTP/1.1" 200 27
120.253.135.82 - - [08/Mar/2024:07:38:50 +0800] "GET /xingrg/all/function/internal_message.html?_=1709854567938&CODE_STATE=getMsg HTTP/1.1" 200 27
120.253.135.82 - - [08/Mar/2024:07:38:50 +0800] "GET /xingrg/kc/buy/cgsh_order_info.html?code=212024030802031 HTTP/1.1" 200 67634
120.253.135.82 - - [08/Mar/2024:07:38:51 +0800] "GET /xingrg/javascript/easyui/themes/default/validatebox.css HTTP/1.1" 404 1104
120.253.135.82 - - [08/Mar/2024:07:38:52 +0800] "POST /xingrg/kc/buy/cgsh_order_operate.html HTTP/1.1" 200 1207
180.169.147.146 - - [08/Mar/2024:07:38:52 +0800] "GET /xingrg/all/function/internal_message.html?_=1709854731846&CODE_STATE=getMsg HTTP/1.1" 200 27
116.228.172.94 - - [08/Mar/2024:07:39:07 +0800] "GET /xingrg/all/function/internal_message.html?_=1709854474766&CODE_STATE=getMsg HTTP/1.1" 200 27
120.253.135.82 - - [08/Mar/2024:07:39:16 +0800] "GET /xingrg/kc/buy/cgsh_order_add.html HTTP/1.1" 200 72719
120.253.135.82 - - [08/Mar/2024:07:39:17 +0800] "POST /xingrg/kc/buy/cgsh_order_operate.html HTTP/1.1" 200 8245
120.253.135.82 - - [08/Mar/2024:07:39:17 +0800] "GET /xingrg/javascript/easyui/themes/default/validatebox.css HTTP/1.1" 404 1104
180.171.62.200 - - [08/Mar/2024:07:39:19 +0800] "GET /xingrg/all/function/internal_message.html?_=1709854768067&CODE_STATE=getMsg HTTP/1.1" 200 27
116.224.254.208 - - [08/Mar/2024:07:39:28 +0800] "GET /xingrg/all/function/internal_message.html?_=1709854769095&CODE_STATE=getMsg HTTP/1.1" 200 27
120.253.135.82 - - [08/Mar/2024:07:39:36 +0800] "POST /xingrg/all/common/load_combo.html?type=employee HTTP/1.1" 200 1834
180.164.1.25 - - [08/Mar/2024:07:39:37 +0800] "POST /xingrg/services/DataTransmitService HTTP/1.1" 200 524
116.230.116.59 - - [08/Mar/2024:07:39:42 +0800] "GET /xingrg/all/function/internal_message.html?_=1709854799576&CODE_STATE=getMsg HTTP/1.1" 200 27
124.78.60.103 - - [08/Mar/2024:07:39:42 +0800] "GET /xingrg/all/function/internal_message.html?_=1709854782315&CODE_STATE=getMsg HTTP/1.1" 200 27
221.239.169.251 - - [08/Mar/2024:07:39:45 +0800] "GET /xingrg/check_reg.html?_=1709854784587 HTTP/1.1" 200 22
221.239.169.251 - - [08/Mar/2024:07:39:45 +0800] "GET /xingrg/all/function/internal_message.html?_=1709854784591&CODE_STATE=getMsg HTTP/1.1" 200 27
120.253.135.82 - - [08/Mar/2024:07:39:50 +0800] "GET /xingrg/all/function/internal_message.html?_=1709854627944&CODE_STATE=getMsg HTTP/1.1" 200 27
120.253.135.82 - - [08/Mar/2024:07:39:51 +0800] "GET /xingrg/kc/buy/cgsh_order_operate.html?command=get_materiel&rest_code=00101&code=00101029097&supplier_code=00100097&order_time=2024-03-08 HTTP/1.1" 200 473
180.169.147.146 - - [08/Mar/2024:07:39:52 +0800] "GET /xingrg/all/function/internal_message.html?_=1709854791846&CODE_STATE=getMsg HTTP/1.1" 200 27
120.253.135.82 - - [08/Mar/2024:07:39:53 +0800] "POST /xingrg/all/common/load_select.html HTTP/1.1" 200 25
120.253.135.82 - - [08/Mar/2024:07:39:59 +0800] "GET /xingrg/kc/buy/cgsh_order_operate.html?command=get_materiel_price&rest_code=00101&code=00101029097&unit_code=00100157&supplier_code=00100097&order_time=2024-03-08 HTTP/1.1" 200 31
116.228.172.94 - - [08/Mar/2024:07:40:07 +0800] "GET /xingrg/check_reg.html?_=1709854534749 HTTP/1.1" 200 22
116.228.172.94 - - [08/Mar/2024:07:40:07 +0800] "GET /xingrg/all/function/internal_message.html?_=1709854534752&CODE_STATE=getMsg HTTP/1.1" 200 27
180.171.62.200 - - [08/Mar/2024:07:40:19 +0800] "GET /xingrg/all/function/internal_message.html?_=1709854828067&CODE_STATE=getMsg HTTP/1.1" 200 27
124.78.60.103 - - [08/Mar/2024:07:40:22 +0800] "GET /xingrg/check_reg.html?_=1709854822356 HTTP/1.1" 200 22
116.230.116.59 - - [08/Mar/2024:07:40:25 +0800] "GET /xingrg/check_reg.html?_=1709854842483 HTTP/1.1" 200 22
116.224.254.208 - - [08/Mar/2024:07:40:28 +0800] "GET /xingrg/all/function/internal_message.html?_=1709854829094&CODE_STATE=getMsg HTTP/1.1" 200 27
116.230.116.59 - - [08/Mar/2024:07:40:42 +0800] "GET /xingrg/all/function/internal_message.html?_=1709854859596&CODE_STATE=getMsg HTTP/1.1" 200 27
124.78.60.103 - - [08/Mar/2024:07:40:42 +0800] "GET /xingrg/all/function/internal_message.html?_=1709854842301&CODE_STATE=getMsg HTTP/1.1" 200 27
221.239.169.251 - - [08/Mar/2024:07:40:45 +0800] "GET /xingrg/all/function/internal_message.html?_=1709854844589&CODE_STATE=getMsg HTTP/1.1" 200 27
120.253.135.82 - - [08/Mar/2024:07:40:50 +0800] "GET /xingrg/all/function/internal_message.html?_=1709854687957&CODE_STATE=getMsg HTTP/1.1" 200 27
120.253.135.82 - - [08/Mar/2024:07:40:50 +0800] "POST /xingrg/kc/buy/cgsh_order_operate.html HTTP/1.1" 200 37
180.169.147.146 - - [08/Mar/2024:07:40:52 +0800] "GET /xingrg/all/function/internal_message.html?_=1709854851841&CODE_STATE=getMsg HTTP/1.1" 200 27
180.169.147.146 - - [08/Mar/2024:07:40:52 +0800] "GET /xingrg/check_reg.html?_=1709854851842 HTTP/1.1" 200 22
120.253.135.82 - - [08/Mar/2024:07:40:54 +0800] "POST /xingrg/kc/buy/cgsh_order_operate.html HTTP/1.1" 200 2701
116.228.172.94 - - [08/Mar/2024:07:41:07 +0800] "GET /xingrg/all/function/internal_message.html?_=1709854594751&CODE_STATE=getMsg HTTP/1.1" 200 27
180.171.62.200 - - [08/Mar/2024:07:41:19 +0800] "GET /xingrg/all/function/internal_message.html?_=1709854888069&CODE_STATE=getMsg HTTP/1.1" 200 27
116.224.254.208 - - [08/Mar/2024:07:41:28 +0800] "GET /xingrg/all/function/internal_message.html?_=1709854889079&CODE_STATE=getMsg HTTP/1.1" 200 27
120.253.135.82 - - [08/Mar/2024:07:41:39 +0800] "GET /xingrg/kc/print/load_data.html?order_code=212024030802032&kc_code=cgsh&condition= HTTP/1.1" 200 709
116.230.116.59 - - [08/Mar/2024:07:41:42 +0800] "GET /xingrg/all/function/internal_message.html?_=1709854919609&CODE_STATE=getMsg HTTP/1.1" 200 27
124.78.60.103 - - [08/Mar/2024:07:41:42 +0800] "GET /xingrg/all/function/internal_message.html?_=1709854902282&CODE_STATE=getMsg HTTP/1.1" 200 27
221.239.169.251 - - [08/Mar/2024:07:41:45 +0800] "GET /xingrg/all/function/internal_message.html?_=1709854904589&CODE_STATE=getMsg HTTP/1.1" 200 27
120.253.135.82 - - [08/Mar/2024:07:41:50 +0800] "GET /xingrg/all/function/internal_message.html?_=1709854747971&CODE_STATE=getMsg HTTP/1.1" 200 27
180.169.147.146 - - [08/Mar/2024:07:41:52 +0800] "GET /xingrg/all/function/internal_message.html?_=1709854911840&CODE_STATE=getMsg HTTP/1.1" 200 27
116.228.172.94 - - [08/Mar/2024:07:42:07 +0800] "GET /xingrg/all/function/internal_message.html?_=1709854654755&CODE_STATE=getMsg HTTP/1.1" 200 27
180.171.62.200 - - [08/Mar/2024:07:42:19 +0800] "GET /xingrg/check_reg.html?_=1709854948070 HTTP/1.1" 200 22
180.171.62.200 - - [08/Mar/2024:07:42:19 +0800] "GET /xingrg/all/function/internal_message.html?_=1709854948075&CODE_STATE=getMsg HTTP/1.1" 200 27
180.164.1.25 - - [08/Mar/2024:07:42:22 +0800] "GET /xingrg/check_reg.html?_=1709854942653 HTTP/1.1" 200 22
172.20.0.100 - - [08/Mar/2024:07:42:23 +0800] "GET /xingrg/check_reg.html?_=1709854954656 HTTP/1.1" 302 -
116.224.254.208 - - [08/Mar/2024:07:42:28 +0800] "GET /xingrg/all/function/internal_message.html?_=1709854949090&CODE_STATE=getMsg HTTP/1.1" 200 27
124.78.60.103 - - [08/Mar/2024:07:42:42 +0800] "GET /xingrg/all/function/internal_message.html?_=1709854962272&CODE_STATE=getMsg HTTP/1.1" 200 27
116.230.116.59 - - [08/Mar/2024:07:42:43 +0800] "GET /xingrg/all/function/internal_message.html?_=1709854980640&CODE_STATE=getMsg HTTP/1.1" 200 27
221.239.169.251 - - [08/Mar/2024:07:42:45 +0800] "GET /xingrg/all/function/internal_message.html?_=1709854964600&CODE_STATE=getMsg HTTP/1.1" 200 27
120.253.135.82 - - [08/Mar/2024:07:42:50 +0800] "GET /xingrg/all/function/internal_message.html?_=1709854808037&CODE_STATE=getMsg HTTP/1.1" 200 27
180.169.147.146 - - [08/Mar/2024:07:42:52 +0800] "GET /xingrg/all/function/internal_message.html?_=1709854971852&CODE_STATE=getMsg HTTP/1.1" 200 27
116.228.172.94 - - [08/Mar/2024:07:43:07 +0800] "GET /xingrg/all/function/internal_message.html?_=1709854714747&CODE_STATE=getMsg HTTP/1.1" 200 27
180.171.62.200 - - [08/Mar/2024:07:43:19 +0800] "GET /xingrg/all/function/internal_message.html?_=1709855008061&CODE_STATE=getMsg HTTP/1.1" 200 27
120.253.135.82 - - [08/Mar/2024:07:43:25 +0800] "GET /xingrg/check_reg.html?_=1709854842461 HTTP/1.1" 200 22
116.224.254.208 - - [08/Mar/2024:07:43:28 +0800] "GET /xingrg/all/function/internal_message.html?_=1709855009103&CODE_STATE=getMsg HTTP/1.1" 200 27
116.224.254.208 - - [08/Mar/2024:07:43:29 +0800] "GET /xingrg/check_reg.html?_=1709855009104 HTTP/1.1" 200 22
124.78.60.103 - - [08/Mar/2024:07:43:42 +0800] "GET /xingrg/all/function/internal_message.html?_=1709855022256&CODE_STATE=getMsg HTTP/1.1" 200 27
116.230.116.59 - - [08/Mar/2024:07:43:43 +0800] "GET /xingrg/all/function/internal_message.html?_=1709855040652&CODE_STATE=getMsg HTTP/1.1" 200 27
221.239.169.251 - - [08/Mar/2024:07:43:45 +0800] "GET /xingrg/all/function/internal_message.html?_=1709855024603&CODE_STATE=getMsg HTTP/1.1" 200 27
120.253.135.82 - - [08/Mar/2024:07:43:50 +0800] "GET /xingrg/all/function/internal_message.html?_=1709854868045&CODE_STATE=getMsg HTTP/1.1" 200 27
180.169.147.146 - - [08/Mar/2024:07:43:52 +0800] "GET /xingrg/all/function/internal_message.html?_=1709855031839&CODE_STATE=getMsg HTTP/1.1" 200 27
120.253.135.82 - - [08/Mar/2024:07:43:54 +0800] "POST /xingrg/kc/buy/cgsh_list_operate.html HTTP/1.1" 200 1369
120.253.135.82 - - [08/Mar/2024:07:44:01 +0800] "GET /xingrg/kc/pszx/mdqp_order_list.html?state=10 HTTP/1.1" 200 10319
120.253.135.82 - - [08/Mar/2024:07:44:01 +0800] "GET /xingrg/dwr/interface/AjaxQqpsService.js HTTP/1.1" 200 16326
120.253.135.82 - - [08/Mar/2024:07:44:01 +0800] "GET /xingrg/dwr/interface/AjaxReportQueryService.js HTTP/1.1" 200 13203
120.253.135.82 - - [08/Mar/2024:07:44:01 +0800] "GET /xingrg/dwr/engine.js HTTP/1.1" 200 43631
120.253.135.82 - - [08/Mar/2024:07:44:04 +0800] "POST /xingrg/kc/buy/cgsh_list_operate.html HTTP/1.1" 200 1369
116.228.172.94 - - [08/Mar/2024:07:44:07 +0800] "GET /xingrg/all/function/internal_message.html?_=1709854774759&CODE_STATE=getMsg HTTP/1.1" 200 27
180.171.62.200 - - [08/Mar/2024:07:44:19 +0800] "GET /xingrg/all/function/internal_message.html?_=1709855068063&CODE_STATE=getMsg HTTP/1.1" 200 27
87.236.176.205 - - [08/Mar/2024:07:44:22 +0800] "GET / HTTP/1.1" 404 -
116.224.254.208 - - [08/Mar/2024:07:44:28 +0800] "GET /xingrg/all/function/internal_message.html?_=1709855069094&CODE_STATE=getMsg HTTP/1.1" 200 27
124.78.60.103 - - [08/Mar/2024:07:44:42 +0800] "GET /xingrg/all/function/internal_message.html?_=1709855082229&CODE_STATE=getMsg HTTP/1.1" 200 27
116.230.116.59 - - [08/Mar/2024:07:44:44 +0800] "GET /xingrg/all/function/internal_message.html?_=1709855101542&CODE_STATE=getMsg HTTP/1.1" 200 27
221.239.169.251 - - [08/Mar/2024:07:44:45 +0800] "GET /xingrg/check_reg.html?_=1709855084602 HTTP/1.1" 200 22
221.239.169.251 - - [08/Mar/2024:07:44:45 +0800] "GET /xingrg/all/function/internal_message.html?_=1709855084603&CODE_STATE=getMsg HTTP/1.1" 200 27
120.253.135.82 - - [08/Mar/2024:07:44:46 +0800] "GET /xingrg/kc/pszx/mdqp_order_list.html?state=10 HTTP/1.1" 200 10319
120.253.135.82 - - [08/Mar/2024:07:44:46 +0800] "GET /xingrg/dwr/interface/AjaxQqpsService.js HTTP/1.1" 200 16326
120.253.135.82 - - [08/Mar/2024:07:44:46 +0800] "GET /xingrg/dwr/interface/AjaxReportQueryService.js HTTP/1.1" 200 13203
120.253.135.82 - - [08/Mar/2024:07:44:46 +0800] "GET /xingrg/dwr/engine.js HTTP/1.1" 200 43631
120.253.135.82 - - [08/Mar/2024:07:44:49 +0800] "GET /xingrg/kc/buy/cgsh_order_list.html HTTP/1.1" 200 57880
120.253.135.82 - - [08/Mar/2024:07:44:50 +0800] "GET /xingrg/all/function/internal_message.html?_=1709854928058&CODE_STATE=getMsg HTTP/1.1" 200 27
180.169.147.146 - - [08/Mar/2024:07:44:52 +0800] "GET /xingrg/all/function/internal_message.html?_=1709855091856&CODE_STATE=getMsg HTTP/1.1" 200 27
120.253.135.82 - - [08/Mar/2024:07:44:53 +0800] "POST /xingrg/kc/buy/cgsh_list_operate.html HTTP/1.1" 200 1369
120.253.135.82 - - [08/Mar/2024:07:44:57 +0800] "GET /xingrg/kc/pszx/mdqp_order_list.html?state=10 HTTP/1.1" 200 10319
120.253.135.82 - - [08/Mar/2024:07:44:57 +0800] "GET /xingrg/dwr/interface/AjaxQqpsService.js HTTP/1.1" 200 16326
120.253.135.82 - - [08/Mar/2024:07:44:57 +0800] "GET /xingrg/dwr/interface/AjaxReportQueryService.js HTTP/1.1" 200 13203
120.253.135.82 - - [08/Mar/2024:07:44:57 +0800] "GET /xingrg/dwr/engine.js HTTP/1.1" 200 43631
120.253.135.82 - - [08/Mar/2024:07:45:00 +0800] "GET /xingrg/kc/pszx/mdth_order_list.html HTTP/1.1" 200 18457
120.253.135.82 - - [08/Mar/2024:07:45:01 +0800] "POST /xingrg/kc/pszx/mdth_order_new_list.html HTTP/1.1" 200 4737
120.253.135.82 - - [08/Mar/2024:07:45:04 +0800] "GET /xingrg/kc/pszx/mdqp_order_list.html?state=10 HTTP/1.1" 200 10319
120.253.135.82 - - [08/Mar/2024:07:45:04 +0800] "GET /xingrg/dwr/interface/AjaxQqpsService.js HTTP/1.1" 200 16326
120.253.135.82 - - [08/Mar/2024:07:45:04 +0800] "GET /xingrg/dwr/interface/AjaxReportQueryService.js HTTP/1.1" 200 13203
120.253.135.82 - - [08/Mar/2024:07:45:04 +0800] "GET /xingrg/dwr/engine.js HTTP/1.1" 200 43631
116.228.172.94 - - [08/Mar/2024:07:45:07 +0800] "GET /xingrg/check_reg.html?_=1709854834757 HTTP/1.1" 200 22
116.228.172.94 - - [08/Mar/2024:07:45:07 +0800] "GET /xingrg/all/function/internal_message.html?_=1709854834759&CODE_STATE=getMsg HTTP/1.1" 200 27
180.171.62.200 - - [08/Mar/2024:07:45:19 +0800] "GET /xingrg/all/function/internal_message.html?_=1709855128064&CODE_STATE=getMsg HTTP/1.1" 200 27
124.78.60.103 - - [08/Mar/2024:07:45:22 +0800] "GET /xingrg/check_reg.html?_=1709855122331 HTTP/1.1" 200 22
116.230.116.59 - - [08/Mar/2024:07:45:25 +0800] "GET /xingrg/check_reg.html?_=1709855142489 HTTP/1.1" 200 22
120.253.135.82 - - [08/Mar/2024:07:45:27 +0800] "GET /xingrg/kc/report/report_main.html HTTP/1.1" 200 8599
116.224.254.208 - - [08/Mar/2024:07:45:28 +0800] "GET /xingrg/all/function/internal_message.html?_=1709855129084&CODE_STATE=getMsg HTTP/1.1" 200 27
120.253.135.82 - - [08/Mar/2024:07:45:29 +0800] "GET /xingrg/kc/base/kc_stocks.html HTTP/1.1" 200 16554
120.253.135.82 - - [08/Mar/2024:07:45:29 +0800] "GET /xingrg/javascript/easyui/themes/default/tree.css HTTP/1.1" 404 1090
120.253.135.82 - - [08/Mar/2024:07:45:29 +0800] "POST /xingrg/all/common/load_tree.html?tree=materiel_sort_tree_json HTTP/1.1" 200 9734
120.253.135.82 - - [08/Mar/2024:07:45:33 +0800] "GET /xingrg/kc/pszx/mdqp_order_list.html?state=10 HTTP/1.1" 200 10319
120.253.135.82 - - [08/Mar/2024:07:45:33 +0800] "GET /xingrg/dwr/interface/AjaxQqpsService.js HTTP/1.1" 200 16326
120.253.135.82 - - [08/Mar/2024:07:45:33 +0800] "GET /xingrg/dwr/interface/AjaxReportQueryService.js HTTP/1.1" 200 13203
120.253.135.82 - - [08/Mar/2024:07:45:33 +0800] "GET /xingrg/dwr/engine.js HTTP/1.1" 200 43631
124.78.60.103 - - [08/Mar/2024:07:45:42 +0800] "GET /xingrg/all/function/internal_message.html?_=1709855142219&CODE_STATE=getMsg HTTP/1.1" 200 27
120.253.135.82 - - [08/Mar/2024:07:45:42 +0800] "GET /xingrg/kc/pszx/mdqp_order_list.html?state=10 HTTP/1.1" 200 10319
120.253.135.82 - - [08/Mar/2024:07:45:42 +0800] "GET /xingrg/dwr/interface/AjaxQqpsService.js HTTP/1.1" 200 16326
120.253.135.82 - - [08/Mar/2024:07:45:42 +0800] "GET /xingrg/dwr/interface/AjaxReportQueryService.js HTTP/1.1" 200 13203
120.253.135.82 - - [08/Mar/2024:07:45:42 +0800] "GET /xingrg/dwr/engine.js HTTP/1.1" 200 43631
116.230.116.59 - - [08/Mar/2024:07:45:44 +0800] "GET /xingrg/all/function/internal_message.html?_=1709855161553&CODE_STATE=getMsg HTTP/1.1" 200 27
221.239.169.251 - - [08/Mar/2024:07:45:45 +0800] "GET /xingrg/all/function/internal_message.html?_=1709855144603&CODE_STATE=getMsg HTTP/1.1" 200 27
120.253.135.82 - - [08/Mar/2024:07:45:50 +0800] "GET /xingrg/all/function/internal_message.html?_=1709854988115&CODE_STATE=getMsg HTTP/1.1" 200 27
180.169.147.146 - - [08/Mar/2024:07:45:52 +0800] "GET /xingrg/check_reg.html?_=1709855151845 HTTP/1.1" 200 22
180.169.147.146 - - [08/Mar/2024:07:45:52 +0800] "GET /xingrg/all/function/internal_message.html?_=1709855151846&CODE_STATE=getMsg HTTP/1.1" 200 27
116.228.172.94 - - [08/Mar/2024:07:46:07 +0800] "GET /xingrg/all/function/internal_message.html?_=1709854894746&CODE_STATE=getMsg HTTP/1.1" 200 27
180.171.62.200 - - [08/Mar/2024:07:46:19 +0800] "GET /xingrg/all/function/internal_message.html?_=1709855188064&CODE_STATE=getMsg HTTP/1.1" 200 27
120.253.135.82 - - [08/Mar/2024:07:46:27 +0800] "GET /xingrg/kc/pszx/mdqp_order_list.html?state=10 HTTP/1.1" 200 10319
120.253.135.82 - - [08/Mar/2024:07:46:27 +0800] "GET /xingrg/dwr/interface/AjaxQqpsService.js HTTP/1.1" 200 16326
120.253.135.82 - - [08/Mar/2024:07:46:27 +0800] "GET /xingrg/dwr/engine.js HTTP/1.1" 200 43631
120.253.135.82 - - [08/Mar/2024:07:46:27 +0800] "GET /xingrg/dwr/interface/AjaxReportQueryService.js HTTP/1.1" 200 13203
116.224.254.208 - - [08/Mar/2024:07:46:28 +0800] "GET /xingrg/all/function/internal_message.html?_=1709855189087&CODE_STATE=getMsg HTTP/1.1" 200 27
120.253.135.82 - - [08/Mar/2024:07:46:33 +0800] "GET /xingrg/kc/pszx/mdth_order_list.html HTTP/1.1" 200 18457
120.253.135.82 - - [08/Mar/2024:07:46:33 +0800] "POST /xingrg/kc/pszx/mdth_order_new_list.html HTTP/1.1" 200 4737
120.253.135.82 - - [08/Mar/2024:07:46:36 +0800] "GET /xingrg/kc/pszx/mdqp_order_list.html?state=10 HTTP/1.1" 200 10319
120.253.135.82 - - [08/Mar/2024:07:46:36 +0800] "GET /xingrg/dwr/interface/AjaxQqpsService.js HTTP/1.1" 200 16326
120.253.135.82 - - [08/Mar/2024:07:46:36 +0800] "GET /xingrg/dwr/interface/AjaxReportQueryService.js HTTP/1.1" 200 13203
120.253.135.82 - - [08/Mar/2024:07:46:36 +0800] "GET /xingrg/dwr/engine.js HTTP/1.1" 200 43631
124.78.60.103 - - [08/Mar/2024:07:46:42 +0800] "GET /xingrg/all/function/internal_message.html?_=1709855202204&CODE_STATE=getMsg HTTP/1.1" 200 27
116.230.116.59 - - [08/Mar/2024:07:46:44 +0800] "GET /xingrg/all/function/internal_message.html?_=1709855221566&CODE_STATE=getMsg HTTP/1.1" 200 27
221.239.169.251 - - [08/Mar/2024:07:46:45 +0800] "GET /xingrg/all/function/internal_message.html?_=1709855204604&CODE_STATE=getMsg HTTP/1.1" 200 27
120.253.135.82 - - [08/Mar/2024:07:46:50 +0800] "GET /xingrg/all/function/internal_message.html?_=1709855048170&CODE_STATE=getMsg HTTP/1.1" 200 27
180.169.147.146 - - [08/Mar/2024:07:46:52 +0800] "GET /xingrg/all/function/internal_message.html?_=1709855211846&CODE_STATE=getMsg HTTP/1.1" 200 27
116.228.172.94 - - [08/Mar/2024:07:47:07 +0800] "GET /xingrg/all/function/internal_message.html?_=1709854954765&CODE_STATE=getMsg HTTP/1.1" 200 27
180.171.62.200 - - [08/Mar/2024:07:47:19 +0800] "GET /xingrg/all/function/internal_message.html?_=1709855248066&CODE_STATE=getMsg HTTP/1.1" 200 27
180.171.62.200 - - [08/Mar/2024:07:47:19 +0800] "GET /xingrg/check_reg.html?_=1709855248069 HTTP/1.1" 200 22
120.253.135.82 - - [08/Mar/2024:07:47:22 +0800] "GET /xingrg/kc/pszx/mdqp_order_list.html?state=10 HTTP/1.1" 200 10319
120.253.135.82 - - [08/Mar/2024:07:47:22 +0800] "GET /xingrg/dwr/interface/AjaxQqpsService.js HTTP/1.1" 200 16326
120.253.135.82 - - [08/Mar/2024:07:47:22 +0800] "GET /xingrg/dwr/interface/AjaxReportQueryService.js HTTP/1.1" 200 13203
120.253.135.82 - - [08/Mar/2024:07:47:22 +0800] "GET /xingrg/dwr/engine.js HTTP/1.1" 200 43631
180.164.1.25 - - [08/Mar/2024:07:47:22 +0800] "GET /xingrg/check_reg.html?_=1709855242625 HTTP/1.1" 200 22
172.20.0.100 - - [08/Mar/2024:07:47:23 +0800] "GET /xingrg/check_reg.html?_=1709855254700 HTTP/1.1" 302 -
116.224.254.208 - - [08/Mar/2024:07:47:28 +0800] "GET /xingrg/all/function/internal_message.html?_=1709855249101&CODE_STATE=getMsg HTTP/1.1" 200 27
124.78.60.103 - - [08/Mar/2024:07:47:42 +0800] "GET /xingrg/all/function/internal_message.html?_=1709855262186&CODE_STATE=getMsg HTTP/1.1" 200 27
116.230.116.59 - - [08/Mar/2024:07:47:45 +0800] "GET /xingrg/all/function/internal_message.html?_=1709855282520&CODE_STATE=getMsg HTTP/1.1" 200 27
221.239.169.251 - - [08/Mar/2024:07:47:45 +0800] "GET /xingrg/all/function/internal_message.html?_=1709855264605&CODE_STATE=getMsg HTTP/1.1" 200 27
120.253.135.82 - - [08/Mar/2024:07:47:48 +0800] "GET /xingrg/kc/pszx/mdqp_order_list.html?state=10 HTTP/1.1" 200 10319
120.253.135.82 - - [08/Mar/2024:07:47:48 +0800] "GET /xingrg/dwr/interface/AjaxQqpsService.js HTTP/1.1" 200 16326
120.253.135.82 - - [08/Mar/2024:07:47:48 +0800] "GET /xingrg/dwr/interface/AjaxReportQueryService.js HTTP/1.1" 200 13203
120.253.135.82 - - [08/Mar/2024:07:47:48 +0800] "GET /xingrg/dwr/engine.js HTTP/1.1" 200 43631
120.253.135.82 - - [08/Mar/2024:07:47:50 +0800] "GET /xingrg/all/function/internal_message.html?_=1709855108196&CODE_STATE=getMsg HTTP/1.1" 200 27
120.253.135.82 - - [08/Mar/2024:07:47:52 +0800] "GET /xingrg/kc/pszx/mdps_order_list.html?orderType=0 HTTP/1.1" 200 21033
180.169.147.146 - - [08/Mar/2024:07:47:52 +0800] "GET /xingrg/all/function/internal_message.html?_=1709855271838&CODE_STATE=getMsg HTTP/1.1" 200 27
120.253.135.82 - - [08/Mar/2024:07:47:53 +0800] "POST /xingrg/kc/pszx/mdps_list_operate.html HTTP/1.1" 200 5362
116.228.172.94 - - [08/Mar/2024:07:48:07 +0800] "GET /xingrg/all/function/internal_message.html?_=1709855014749&CODE_STATE=getMsg HTTP/1.1" 200 27
180.171.62.200 - - [08/Mar/2024:07:48:19 +0800] "GET /xingrg/all/function/internal_message.html?_=1709855308093&CODE_STATE=getMsg HTTP/1.1" 200 27
120.253.135.82 - - [08/Mar/2024:07:48:25 +0800] "GET /xingrg/check_reg.html?_=1709855142466 HTTP/1.1" 200 22
116.224.254.208 - - [08/Mar/2024:07:48:29 +0800] "GET /xingrg/all/function/internal_message.html?_=1709855309097&CODE_STATE=getMsg HTTP/1.1" 200 27
116.224.254.208 - - [08/Mar/2024:07:48:29 +0800] "GET /xingrg/check_reg.html?_=1709855309100 HTTP/1.1" 200 22
120.253.135.82 - - [08/Mar/2024:07:48:37 +0800] "GET /xingrg/kc/pszx/mdqp_order_list.html?state=10 HTTP/1.1" 200 10319
120.253.135.82 - - [08/Mar/2024:07:48:37 +0800] "GET /xingrg/dwr/interface/AjaxQqpsService.js HTTP/1.1" 200 16326
120.253.135.82 - - [08/Mar/2024:07:48:37 +0800] "GET /xingrg/dwr/interface/AjaxReportQueryService.js HTTP/1.1" 200 13203
120.253.135.82 - - [08/Mar/2024:07:48:37 +0800] "GET /xingrg/dwr/engine.js HTTP/1.1" 200 43631
120.253.135.82 - - [08/Mar/2024:07:48:41 +0800] "GET /xingrg/kc/buy/cgsh_order_list.html HTTP/1.1" 200 57880
124.78.60.103 - - [08/Mar/2024:07:48:42 +0800] "GET /xingrg/all/function/internal_message.html?_=1709855322171&CODE_STATE=getMsg HTTP/1.1" 200 27
116.230.116.59 - - [08/Mar/2024:07:48:45 +0800] "GET /xingrg/all/function/internal_message.html?_=1709855342529&CODE_STATE=getMsg HTTP/1.1" 200 27
221.239.169.251 - - [08/Mar/2024:07:48:45 +0800] "GET /xingrg/all/function/internal_message.html?_=1709855324605&CODE_STATE=getMsg HTTP/1.1" 200 27
120.253.135.82 - - [08/Mar/2024:07:48:45 +0800] "POST /xingrg/kc/buy/cgsh_list_operate.html HTTP/1.1" 200 1369
120.253.135.82 - - [08/Mar/2024:07:48:50 +0800] "GET /xingrg/all/function/internal_message.html?_=1709855168206&CODE_STATE=getMsg HTTP/1.1" 200 27
180.169.147.146 - - [08/Mar/2024:07:48:52 +0800] "GET /xingrg/all/function/internal_message.html?_=1709855331846&CODE_STATE=getMsg HTTP/1.1" 200 27
120.253.135.82 - - [08/Mar/2024:07:48:54 +0800] "GET /xingrg/kc/pszx/mdqp_order_list.html?state=10 HTTP/1.1" 200 10319
120.253.135.82 - - [08/Mar/2024:07:48:54 +0800] "GET /xingrg/dwr/interface/AjaxQqpsService.js HTTP/1.1" 200 16326
120.253.135.82 - - [08/Mar/2024:07:48:54 +0800] "GET /xingrg/dwr/interface/AjaxReportQueryService.js HTTP/1.1" 200 13203
120.253.135.82 - - [08/Mar/2024:07:48:54 +0800] "GET /xingrg/dwr/engine.js HTTP/1.1" 200 43631
120.253.135.82 - - [08/Mar/2024:07:48:58 +0800] "GET /xingrg/kc/pszx/mdps_order_list.html?orderType=0 HTTP/1.1" 200 21033
120.253.135.82 - - [08/Mar/2024:07:48:58 +0800] "POST /xingrg/kc/pszx/mdps_list_operate.html HTTP/1.1" 200 5362
120.253.135.82 - - [08/Mar/2024:07:49:06 +0800] "GET /xingrg/kc/pszx/mdth_order_list.html HTTP/1.1" 200 18457
120.253.135.82 - - [08/Mar/2024:07:49:06 +0800] "POST /xingrg/kc/pszx/mdth_order_new_list.html HTTP/1.1" 200 4737
116.228.172.94 - - [08/Mar/2024:07:49:07 +0800] "GET /xingrg/all/function/internal_message.html?_=1709855074748&CODE_STATE=getMsg HTTP/1.1" 200 27
180.171.62.200 - - [08/Mar/2024:07:49:19 +0800] "GET /xingrg/all/function/internal_message.html?_=1709855368064&CODE_STATE=getMsg HTTP/1.1" 200 27
116.224.254.208 - - [08/Mar/2024:07:49:28 +0800] "GET /xingrg/all/function/internal_message.html?_=1709855369099&CODE_STATE=getMsg HTTP/1.1" 200 27
120.253.135.82 - - [08/Mar/2024:07:49:31 +0800] "POST /xingrg/kc/pszx/mdth_order_new_list.html HTTP/1.1" 200 5182
120.253.135.82 - - [08/Mar/2024:07:49:38 +0800] "POST /xingrg/kc/pszx/mdth_order_new_list.html HTTP/1.1" 200 299
120.253.135.82 - - [08/Mar/2024:07:49:40 +0800] "POST /xingrg/kc/pszx/mdth_order_new_list.html HTTP/1.1" 200 454
124.78.60.103 - - [08/Mar/2024:07:49:42 +0800] "GET /xingrg/all/function/internal_message.html?_=1709855382152&CODE_STATE=getMsg HTTP/1.1" 200 27
120.253.135.82 - - [08/Mar/2024:07:49:43 +0800] "POST /xingrg/kc/pszx/mdth_order_new_list.html HTTP/1.1" 200 294
221.239.169.251 - - [08/Mar/2024:07:49:45 +0800] "GET /xingrg/check_reg.html?_=1709855384618 HTTP/1.1" 200 22
221.239.169.251 - - [08/Mar/2024:07:49:45 +0800] "GET /xingrg/all/function/internal_message.html?_=1709855384604&CODE_STATE=getMsg HTTP/1.1" 200 27
120.253.135.82 - - [08/Mar/2024:07:49:45 +0800] "POST /xingrg/kc/pszx/mdth_order_new_list.html HTTP/1.1" 200 606
116.230.116.59 - - [08/Mar/2024:07:49:45 +0800] "GET /xingrg/all/function/internal_message.html?_=1709855403287&CODE_STATE=getMsg HTTP/1.1" 200 27
120.253.135.82 - - [08/Mar/2024:07:49:48 +0800] "POST /xingrg/kc/pszx/mdth_order_new_list.html HTTP/1.1" 200 588
120.253.135.82 - - [08/Mar/2024:07:49:50 +0800] "GET /xingrg/all/function/internal_message.html?_=1709855228220&CODE_STATE=getMsg HTTP/1.1" 200 27
120.253.135.82 - - [08/Mar/2024:07:49:51 +0800] "POST /xingrg/kc/pszx/mdth_order_new_list.html HTTP/1.1" 200 278
180.169.147.146 - - [08/Mar/2024:07:49:52 +0800] "GET /xingrg/all/function/internal_message.html?_=1709855391840&CODE_STATE=getMsg HTTP/1.1" 200 27
120.253.135.82 - - [08/Mar/2024:07:49:57 +0800] "GET /xingrg/kc/pszx/mdth_order_info.html?code=322024022900008 HTTP/1.1" 200 20267
120.253.135.82 - - [08/Mar/2024:07:49:57 +0800] "GET /xingrg/javascript/easyui/themes/default/validatebox.css HTTP/1.1" 404 1104
120.253.135.82 - - [08/Mar/2024:07:49:57 +0800] "POST /xingrg/kc/pszx/mdth_order_new_info.html HTTP/1.1" 200 559
116.228.172.94 - - [08/Mar/2024:07:50:07 +0800] "GET /xingrg/all/function/internal_message.html?_=1709855134755&CODE_STATE=getMsg HTTP/1.1" 200 27
116.228.172.94 - - [08/Mar/2024:07:50:07 +0800] "GET /xingrg/check_reg.html?_=1709855134757 HTTP/1.1" 200 22
120.253.135.82 - - [08/Mar/2024:07:50:13 +0800] "POST /xingrg/kc/pszx/mdth_order_new_info.html HTTP/1.1" 200 125
180.171.62.200 - - [08/Mar/2024:07:50:19 +0800] "GET /xingrg/all/function/internal_message.html?_=1709855428065&CODE_STATE=getMsg HTTP/1.1" 200 27
124.78.60.103 - - [08/Mar/2024:07:50:22 +0800] "GET /xingrg/check_reg.html?_=1709855422322 HTTP/1.1" 200 22
120.253.135.82 - - [08/Mar/2024:07:50:23 +0800] "POST /xingrg/kc/pszx/mdth_order_new_list.html HTTP/1.1" 200 615
116.230.116.59 - - [08/Mar/2024:07:50:25 +0800] "GET /xingrg/check_reg.html?_=1709855442495 HTTP/1.1" 200 22
120.253.135.82 - - [08/Mar/2024:07:50:27 +0800] "POST /xingrg/kc/pszx/mdth_order_new_list.html HTTP/1.1" 200 211
116.224.254.208 - - [08/Mar/2024:07:50:28 +0800] "GET /xingrg/all/function/internal_message.html?_=1709855429096&CODE_STATE=getMsg HTTP/1.1" 200 27
124.78.60.103 - - [08/Mar/2024:07:50:42 +0800] "GET /xingrg/all/function/internal_message.html?_=1709855442133&CODE_STATE=getMsg HTTP/1.1" 200 27
221.239.169.251 - - [08/Mar/2024:07:50:45 +0800] "GET /xingrg/all/function/internal_message.html?_=1709855444605&CODE_STATE=getMsg HTTP/1.1" 200 27
116.230.116.59 - - [08/Mar/2024:07:50:45 +0800] "GET /xingrg/all/function/internal_message.html?_=1709855463288&CODE_STATE=getMsg HTTP/1.1" 200 27
120.253.135.82 - - [08/Mar/2024:07:50:50 +0800] "GET /xingrg/all/function/internal_message.html?_=1709855288233&CODE_STATE=getMsg HTTP/1.1" 200 27
180.169.147.146 - - [08/Mar/2024:07:50:52 +0800] "GET /xingrg/all/function/internal_message.html?_=1709855451849&CODE_STATE=getMsg HTTP/1.1" 200 27
180.169.147.146 - - [08/Mar/2024:07:50:52 +0800] "GET /xingrg/check_reg.html?_=1709855451851 HTTP/1.1" 200 22
116.228.172.94 - - [08/Mar/2024:07:51:07 +0800] "GET /xingrg/all/function/internal_message.html?_=1709855194746&CODE_STATE=getMsg HTTP/1.1" 200 27
120.253.135.82 - - [08/Mar/2024:07:51:09 +0800] "GET /xingrg/kc/pszx/mdth_order_info.html?code=322024022900008 HTTP/1.1" 200 20267
120.253.135.82 - - [08/Mar/2024:07:51:09 +0800] "GET /xingrg/javascript/easyui/themes/default/validatebox.css HTTP/1.1" 404 1104
120.253.135.82 - - [08/Mar/2024:07:51:09 +0800] "POST /xingrg/kc/pszx/mdth_order_new_info.html HTTP/1.1" 200 559
180.171.62.200 - - [08/Mar/2024:07:51:19 +0800] "GET /xingrg/all/function/internal_message.html?_=1709855488066&CODE_STATE=getMsg HTTP/1.1" 200 27
116.224.254.208 - - [08/Mar/2024:07:51:28 +0800] "GET /xingrg/all/function/internal_message.html?_=1709855489087&CODE_STATE=getMsg HTTP/1.1" 200 27
124.78.60.103 - - [08/Mar/2024:07:51:42 +0800] "GET /xingrg/all/function/internal_message.html?_=1709855502123&CODE_STATE=getMsg HTTP/1.1" 200 27
221.239.169.251 - - [08/Mar/2024:07:51:45 +0800] "GET /xingrg/all/function/internal_message.html?_=1709855504605&CODE_STATE=getMsg HTTP/1.1" 200 27
116.230.116.59 - - [08/Mar/2024:07:51:45 +0800] "GET /xingrg/all/function/internal_message.html?_=1709855523303&CODE_STATE=getMsg HTTP/1.1" 200 27
120.253.135.82 - - [08/Mar/2024:07:51:50 +0800] "GET /xingrg/all/function/internal_message.html?_=1709855348247&CODE_STATE=getMsg HTTP/1.1" 200 27
180.169.147.146 - - [08/Mar/2024:07:51:52 +0800] "GET /xingrg/all/function/internal_message.html?_=1709855511841&CODE_STATE=getMsg HTTP/1.1" 200 27
116.228.172.94 - - [08/Mar/2024:07:52:07 +0800] "GET /xingrg/all/function/internal_message.html?_=1709855254752&CODE_STATE=getMsg HTTP/1.1" 200 27
180.171.62.200 - - [08/Mar/2024:07:52:19 +0800] "GET /xingrg/all/function/internal_message.html?_=1709855548067&CODE_STATE=getMsg HTTP/1.1" 200 27
180.171.62.200 - - [08/Mar/2024:07:52:19 +0800] "GET /xingrg/check_reg.html?_=1709855548070 HTTP/1.1" 200 22
180.164.1.25 - - [08/Mar/2024:07:52:22 +0800] "GET /xingrg/check_reg.html?_=1709855542605 HTTP/1.1" 200 22
172.20.0.100 - - [08/Mar/2024:07:52:23 +0800] "GET /xingrg/check_reg.html?_=1709855554739 HTTP/1.1" 302 -
116.224.254.208 - - [08/Mar/2024:07:52:28 +0800] "GET /xingrg/all/function/internal_message.html?_=1709855549092&CODE_STATE=getMsg HTTP/1.1" 200 27
124.78.60.103 - - [08/Mar/2024:07:52:42 +0800] "GET /xingrg/all/function/internal_message.html?_=1709855562103&CODE_STATE=getMsg HTTP/1.1" 200 27
221.239.169.251 - - [08/Mar/2024:07:52:45 +0800] "GET /xingrg/all/function/internal_message.html?_=1709855564604&CODE_STATE=getMsg HTTP/1.1" 200 27
116.230.116.59 - - [08/Mar/2024:07:52:46 +0800] "GET /xingrg/all/function/internal_message.html?_=1709855584319&CODE_STATE=getMsg HTTP/1.1" 200 27
120.253.135.82 - - [08/Mar/2024:07:52:50 +0800] "GET /xingrg/all/function/internal_message.html?_=1709855408261&CODE_STATE=getMsg HTTP/1.1" 200 27
180.169.147.146 - - [08/Mar/2024:07:52:52 +0800] "GET /xingrg/all/function/internal_message.html?_=1709855571852&CODE_STATE=getMsg HTTP/1.1" 200 27
116.228.172.94 - - [08/Mar/2024:07:53:07 +0800] "GET /xingrg/all/function/internal_message.html?_=1709855314745&CODE_STATE=getMsg HTTP/1.1" 200 27
180.171.62.200 - - [08/Mar/2024:07:53:19 +0800] "GET /xingrg/all/function/internal_message.html?_=1709855608071&CODE_STATE=getMsg HTTP/1.1" 200 27
120.253.135.82 - - [08/Mar/2024:07:53:25 +0800] "GET /xingrg/check_reg.html?_=1709855442534 HTTP/1.1" 200 22
116.224.254.208 - - [08/Mar/2024:07:53:28 +0800] "GET /xingrg/all/function/internal_message.html?_=1709855609096&CODE_STATE=getMsg HTTP/1.1" 200 27
116.224.254.208 - - [08/Mar/2024:07:53:28 +0800] "GET /xingrg/check_reg.html?_=1709855609096 HTTP/1.1" 200 22
124.78.60.103 - - [08/Mar/2024:07:53:42 +0800] "GET /xingrg/all/function/internal_message.html?_=1709855622076&CODE_STATE=getMsg HTTP/1.1" 200 27
221.239.169.251 - - [08/Mar/2024:07:53:45 +0800] "GET /xingrg/all/function/internal_message.html?_=1709855624617&CODE_STATE=getMsg HTTP/1.1" 200 27
116.230.116.59 - - [08/Mar/2024:07:53:46 +0800] "GET /xingrg/all/function/internal_message.html?_=1709855644328&CODE_STATE=getMsg HTTP/1.1" 200 27
120.253.135.82 - - [08/Mar/2024:07:53:50 +0800] "GET /xingrg/all/function/internal_message.html?_=1709855468274&CODE_STATE=getMsg HTTP/1.1" 200 27
180.169.147.146 - - [08/Mar/2024:07:53:52 +0800] "GET /xingrg/all/function/internal_message.html?_=1709855631843&CODE_STATE=getMsg HTTP/1.1" 200 27
116.228.172.94 - - [08/Mar/2024:07:54:07 +0800] "GET /xingrg/all/function/internal_message.html?_=1709855374758&CODE_STATE=getMsg HTTP/1.1" 200 27
180.171.62.200 - - [08/Mar/2024:07:54:19 +0800] "GET /xingrg/all/function/internal_message.html?_=1709855668072&CODE_STATE=getMsg HTTP/1.1" 200 27
116.224.254.208 - - [08/Mar/2024:07:54:28 +0800] "GET /xingrg/all/function/internal_message.html?_=1709855669083&CODE_STATE=getMsg HTTP/1.1" 200 27
124.78.60.103 - - [08/Mar/2024:07:54:42 +0800] "GET /xingrg/all/function/internal_message.html?_=1709855682060&CODE_STATE=getMsg HTTP/1.1" 200 27
221.239.169.251 - - [08/Mar/2024:07:54:45 +0800] "GET /xingrg/all/function/internal_message.html?_=1709855684622&CODE_STATE=getMsg HTTP/1.1" 200 27
221.239.169.251 - - [08/Mar/2024:07:54:45 +0800] "GET /xingrg/check_reg.html?_=1709855684625 HTTP/1.1" 200 22
116.230.116.59 - - [08/Mar/2024:07:54:47 +0800] "GET /xingrg/all/function/internal_message.html?_=1709855705197&CODE_STATE=getMsg HTTP/1.1" 200 27
120.253.135.82 - - [08/Mar/2024:07:54:50 +0800] "GET /xingrg/all/function/internal_message.html?_=1709855528288&CODE_STATE=getMsg HTTP/1.1" 200 27
180.169.147.146 - - [08/Mar/2024:07:54:52 +0800] "GET /xingrg/all/function/internal_message.html?_=1709855691844&CODE_STATE=getMsg HTTP/1.1" 200 27
116.228.172.94 - - [08/Mar/2024:07:55:07 +0800] "GET /xingrg/check_reg.html?_=1709855434753 HTTP/1.1" 200 22
116.228.172.94 - - [08/Mar/2024:07:55:07 +0800] "GET /xingrg/all/function/internal_message.html?_=1709855434759&CODE_STATE=getMsg HTTP/1.1" 200 27
180.171.62.200 - - [08/Mar/2024:07:55:19 +0800] "GET /xingrg/all/function/internal_message.html?_=1709855728075&CODE_STATE=getMsg HTTP/1.1" 200 27
124.78.60.103 - - [08/Mar/2024:07:55:22 +0800] "GET /xingrg/check_reg.html?_=1709855722300 HTTP/1.1" 200 22
116.230.116.59 - - [08/Mar/2024:07:55:25 +0800] "GET /xingrg/check_reg.html?_=1709855742503 HTTP/1.1" 200 22
116.224.254.208 - - [08/Mar/2024:07:55:28 +0800] "GET /xingrg/all/function/internal_message.html?_=1709855729094&CODE_STATE=getMsg HTTP/1.1" 200 27
124.78.60.103 - - [08/Mar/2024:07:55:42 +0800] "GET /xingrg/all/function/internal_message.html?_=1709855742044&CODE_STATE=getMsg HTTP/1.1" 200 27
221.239.169.251 - - [08/Mar/2024:07:55:45 +0800] "GET /xingrg/all/function/internal_message.html?_=1709855744623&CODE_STATE=getMsg HTTP/1.1" 200 27
116.230.116.59 - - [08/Mar/2024:07:55:47 +0800] "GET /xingrg/all/function/internal_message.html?_=1709855765198&CODE_STATE=getMsg HTTP/1.1" 200 27
120.253.135.82 - - [08/Mar/2024:07:55:50 +0800] "GET /xingrg/all/function/internal_message.html?_=1709855588345&CODE_STATE=getMsg HTTP/1.1" 200 27
180.169.147.146 - - [08/Mar/2024:07:55:52 +0800] "GET /xingrg/all/function/internal_message.html?_=1709855751839&CODE_STATE=getMsg HTTP/1.1" 200 27
180.169.147.146 - - [08/Mar/2024:07:55:52 +0800] "GET /xingrg/check_reg.html?_=1709855751840 HTTP/1.1" 200 22
116.228.172.94 - - [08/Mar/2024:07:56:07 +0800] "GET /xingrg/all/function/internal_message.html?_=1709855494753&CODE_STATE=getMsg HTTP/1.1" 200 27
180.171.62.200 - - [08/Mar/2024:07:56:19 +0800] "GET /xingrg/all/function/internal_message.html?_=1709855788076&CODE_STATE=getMsg HTTP/1.1" 200 27
116.224.254.208 - - [08/Mar/2024:07:56:28 +0800] "GET /xingrg/all/function/internal_message.html?_=1709855789089&CODE_STATE=getMsg HTTP/1.1" 200 27
124.78.60.103 - - [08/Mar/2024:07:56:41 +0800] "GET /xingrg/all/function/internal_message.html?_=1709855802025&CODE_STATE=getMsg HTTP/1.1" 200 27
221.239.169.251 - - [08/Mar/2024:07:56:45 +0800] "GET /xingrg/all/function/internal_message.html?_=1709855804622&CODE_STATE=getMsg HTTP/1.1" 200 27
116.230.116.59 - - [08/Mar/2024:07:56:47 +0800] "GET /xingrg/all/function/internal_message.html?_=1709855825211&CODE_STATE=getMsg HTTP/1.1" 200 27
120.253.135.82 - - [08/Mar/2024:07:56:50 +0800] "GET /xingrg/all/function/internal_message.html?_=1709855648346&CODE_STATE=getMsg HTTP/1.1" 200 27
180.169.147.146 - - [08/Mar/2024:07:56:52 +0800] "GET /xingrg/all/function/internal_message.html?_=1709855811852&CODE_STATE=getMsg HTTP/1.1" 200 27
116.228.172.94 - - [08/Mar/2024:07:57:07 +0800] "GET /xingrg/all/function/internal_message.html?_=1709855554744&CODE_STATE=getMsg HTTP/1.1" 200 27
120.253.135.82 - - [08/Mar/2024:07:57:12 +0800] "POST /xingrg/kc/pszx/mdth_order_new_list.html HTTP/1.1" 200 5182
120.253.135.82 - - [08/Mar/2024:07:57:14 +0800] "GET /xingrg/javascript/jquery_easy_ui/themes/default/images/tabs_active.png HTTP/1.1" 304 -
120.253.135.82 - - [08/Mar/2024:07:57:16 +0800] "GET /xingrg/kc/pszx/mdqp_order_list.html?state=10 HTTP/1.1" 200 10319
120.253.135.82 - - [08/Mar/2024:07:57:16 +0800] "GET /xingrg/dwr/interface/AjaxQqpsService.js HTTP/1.1" 200 16326
120.253.135.82 - - [08/Mar/2024:07:57:16 +0800] "GET /xingrg/dwr/interface/AjaxReportQueryService.js HTTP/1.1" 200 13203
120.253.135.82 - - [08/Mar/2024:07:57:16 +0800] "GET /xingrg/dwr/engine.js HTTP/1.1" 200 43631
180.171.62.200 - - [08/Mar/2024:07:57:19 +0800] "GET /xingrg/all/function/internal_message.html?_=1709855848081&CODE_STATE=getMsg HTTP/1.1" 200 27
180.171.62.200 - - [08/Mar/2024:07:57:19 +0800] "GET /xingrg/check_reg.html?_=1709855848078 HTTP/1.1" 200 22
180.164.1.25 - - [08/Mar/2024:07:57:22 +0800] "GET /xingrg/check_reg.html?_=1709855842595 HTTP/1.1" 200 22
172.20.0.100 - - [08/Mar/2024:07:57:23 +0800] "GET /xingrg/check_reg.html?_=1709855854776 HTTP/1.1" 302 -
116.224.254.208 - - [08/Mar/2024:07:57:28 +0800] "GET /xingrg/all/function/internal_message.html?_=1709855849097&CODE_STATE=getMsg HTTP/1.1" 200 27
124.78.60.103 - - [08/Mar/2024:07:57:41 +0800] "GET /xingrg/all/function/internal_message.html?_=1709855862012&CODE_STATE=getMsg HTTP/1.1" 200 27
221.239.169.251 - - [08/Mar/2024:07:57:45 +0800] "GET /xingrg/all/function/internal_message.html?_=1709855864624&CODE_STATE=getMsg HTTP/1.1" 200 27
116.230.116.59 - - [08/Mar/2024:07:57:48 +0800] "GET /xingrg/all/function/internal_message.html?_=1709855886011&CODE_STATE=getMsg HTTP/1.1" 200 27
180.169.147.146 - - [08/Mar/2024:07:57:52 +0800] "GET /xingrg/all/function/internal_message.html?_=1709855871840&CODE_STATE=getMsg HTTP/1.1" 200 27
116.228.172.94 - - [08/Mar/2024:07:58:07 +0800] "GET /xingrg/all/function/internal_message.html?_=1709855614752&CODE_STATE=getMsg HTTP/1.1" 200 27
180.171.62.200 - - [08/Mar/2024:07:58:19 +0800] "GET /xingrg/all/function/internal_message.html?_=1709855908067&CODE_STATE=getMsg HTTP/1.1" 200 27
116.224.254.208 - - [08/Mar/2024:07:58:28 +0800] "GET /xingrg/check_reg.html?_=1709855909083 HTTP/1.1" 200 22
116.224.254.208 - - [08/Mar/2024:07:58:28 +0800] "GET /xingrg/all/function/internal_message.html?_=1709855909085&CODE_STATE=getMsg HTTP/1.1" 200 27
124.78.60.103 - - [08/Mar/2024:07:58:41 +0800] "GET /xingrg/all/function/internal_message.html?_=1709855921990&CODE_STATE=getMsg HTTP/1.1" 200 27
221.239.169.251 - - [08/Mar/2024:07:58:45 +0800] "GET /xingrg/all/function/internal_message.html?_=1709855924622&CODE_STATE=getMsg HTTP/1.1" 200 27
116.230.116.59 - - [08/Mar/2024:07:58:48 +0800] "GET /xingrg/all/function/internal_message.html?_=1709855946018&CODE_STATE=getMsg HTTP/1.1" 200 27
180.169.147.146 - - [08/Mar/2024:07:58:52 +0800] "GET /xingrg/all/function/internal_message.html?_=1709855931844&CODE_STATE=getMsg HTTP/1.1" 200 27
116.228.172.94 - - [08/Mar/2024:07:59:07 +0800] "GET /xingrg/all/function/internal_message.html?_=1709855674762&CODE_STATE=getMsg HTTP/1.1" 200 27
180.171.62.200 - - [08/Mar/2024:07:59:19 +0800] "GET /xingrg/all/function/internal_message.html?_=1709855968068&CODE_STATE=getMsg HTTP/1.1" 200 27
116.224.254.208 - - [08/Mar/2024:07:59:28 +0800] "GET /xingrg/all/function/internal_message.html?_=1709855969091&CODE_STATE=getMsg HTTP/1.1" 200 27
124.78.60.103 - - [08/Mar/2024:07:59:41 +0800] "GET /xingrg/all/function/internal_message.html?_=1709855981979&CODE_STATE=getMsg HTTP/1.1" 200 27
221.239.169.251 - - [08/Mar/2024:07:59:45 +0800] "GET /xingrg/all/function/internal_message.html?_=1709855984622&CODE_STATE=getMsg HTTP/1.1" 200 27
221.239.169.251 - - [08/Mar/2024:07:59:45 +0800] "GET /xingrg/check_reg.html?_=1709855984634 HTTP/1.1" 200 22
116.230.116.59 - - [08/Mar/2024:07:59:49 +0800] "GET /xingrg/all/function/internal_message.html?_=1709856006859&CODE_STATE=getMsg HTTP/1.1" 200 27
180.169.147.146 - - [08/Mar/2024:07:59:52 +0800] "GET /xingrg/all/function/internal_message.html?_=1709855991839&CODE_STATE=getMsg HTTP/1.1" 200 27
116.228.172.94 - - [08/Mar/2024:08:00:07 +0800] "GET /xingrg/check_reg.html?_=1709855734747 HTTP/1.1" 200 22
116.228.172.94 - - [08/Mar/2024:08:00:07 +0800] "GET /xingrg/all/function/internal_message.html?_=1709855734755&CODE_STATE=getMsg HTTP/1.1" 200 27
180.171.62.200 - - [08/Mar/2024:08:00:19 +0800] "GET /xingrg/all/function/internal_message.html?_=1709856028069&CODE_STATE=getMsg HTTP/1.1" 200 27
124.78.60.103 - - [08/Mar/2024:08:00:22 +0800] "GET /xingrg/check_reg.html?_=1709856022288 HTTP/1.1" 200 22
116.230.116.59 - - [08/Mar/2024:08:00:25 +0800] "GET /xingrg/check_reg.html?_=1709856042506 HTTP/1.1" 200 22
116.224.254.208 - - [08/Mar/2024:08:00:28 +0800] "GET /xingrg/all/function/internal_message.html?_=1709856029094&CODE_STATE=getMsg HTTP/1.1" 200 27
124.78.60.103 - - [08/Mar/2024:08:00:41 +0800] "GET /xingrg/all/function/internal_message.html?_=1709856041961&CODE_STATE=getMsg HTTP/1.1" 200 27
221.239.169.251 - - [08/Mar/2024:08:00:45 +0800] "GET /xingrg/all/function/internal_message.html?_=1709856044621&CODE_STATE=getMsg HTTP/1.1" 200 27
116.230.116.59 - - [08/Mar/2024:08:00:49 +0800] "GET /xingrg/all/function/internal_message.html?_=1709856066872&CODE_STATE=getMsg HTTP/1.1" 200 27
180.169.147.146 - - [08/Mar/2024:08:00:52 +0800] "GET /xingrg/all/function/internal_message.html?_=1709856051853&CODE_STATE=getMsg HTTP/1.1" 200 27
180.169.147.146 - - [08/Mar/2024:08:00:52 +0800] "GET /xingrg/check_reg.html?_=1709856051855 HTTP/1.1" 200 22
116.228.172.94 - - [08/Mar/2024:08:01:07 +0800] "GET /xingrg/all/function/internal_message.html?_=1709855794751&CODE_STATE=getMsg HTTP/1.1" 200 27
180.171.62.200 - - [08/Mar/2024:08:01:19 +0800] "GET /xingrg/all/function/internal_message.html?_=1709856088069&CODE_STATE=getMsg HTTP/1.1" 200 27
116.224.254.208 - - [08/Mar/2024:08:01:28 +0800] "GET /xingrg/all/function/internal_message.html?_=1709856089096&CODE_STATE=getMsg HTTP/1.1" 200 27
124.78.60.103 - - [08/Mar/2024:08:01:41 +0800] "GET /xingrg/all/function/internal_message.html?_=1709856101941&CODE_STATE=getMsg HTTP/1.1" 200 27
221.239.169.251 - - [08/Mar/2024:08:01:45 +0800] "GET /xingrg/all/function/internal_message.html?_=1709856104621&CODE_STATE=getMsg HTTP/1.1" 200 27
116.230.116.59 - - [08/Mar/2024:08:01:49 +0800] "GET /xingrg/all/function/internal_message.html?_=1709856126886&CODE_STATE=getMsg HTTP/1.1" 200 27
180.169.147.146 - - [08/Mar/2024:08:01:52 +0800] "GET /xingrg/all/function/internal_message.html?_=1709856111849&CODE_STATE=getMsg HTTP/1.1" 200 27
116.228.172.94 - - [08/Mar/2024:08:02:07 +0800] "GET /xingrg/all/function/internal_message.html?_=1709855854755&CODE_STATE=getMsg HTTP/1.1" 200 27
180.171.62.200 - - [08/Mar/2024:08:02:19 +0800] "GET /xingrg/all/function/internal_message.html?_=1709856148071&CODE_STATE=getMsg HTTP/1.1" 200 27
180.171.62.200 - - [08/Mar/2024:08:02:19 +0800] "GET /xingrg/check_reg.html?_=1709856148074 HTTP/1.1" 200 22
180.164.1.25 - - [08/Mar/2024:08:02:22 +0800] "GET /xingrg/check_reg.html?_=1709856142591 HTTP/1.1" 200 22
172.20.0.100 - - [08/Mar/2024:08:02:23 +0800] "GET /xingrg/check_reg.html?_=1709856154821 HTTP/1.1" 302 -
116.224.254.208 - - [08/Mar/2024:08:02:28 +0800] "GET /xingrg/all/function/internal_message.html?_=1709856149085&CODE_STATE=getMsg HTTP/1.1" 200 27
124.78.60.103 - - [08/Mar/2024:08:02:41 +0800] "GET /xingrg/all/function/internal_message.html?_=1709856161920&CODE_STATE=getMsg HTTP/1.1" 200 27
221.239.169.251 - - [08/Mar/2024:08:02:45 +0800] "GET /xingrg/all/function/internal_message.html?_=1709856164621&CODE_STATE=getMsg HTTP/1.1" 200 27
