116.230.116.59 - - [08/Mar/2024:10:34:20 +0800] "POST /xingrg/services/DataTransmitService HTTP/1.1" 200 524
114.83.222.94 - - [08/Mar/2024:10:34:20 +0800] "GET /xingrg/kc/buy/cgsh_order_add.html HTTP/1.1" 200 73743
114.83.222.94 - - [08/Mar/2024:10:34:21 +0800] "POST /xingrg/kc/buy/cgsh_order_operate.html HTTP/1.1" 200 8245
114.83.222.94 - - [08/Mar/2024:10:34:21 +0800] "GET /xingrg/javascript/easyui/themes/default/validatebox.css HTTP/1.1" 404 1104
116.230.116.59 - - [08/Mar/2024:10:34:21 +0800] "POST /xingrg/services/DataTransmitService HTTP/1.1" 200 412
101.83.145.37 - - [08/Mar/2024:10:34:21 +0800] "GET /xingrg/all/function/internal_message.html?_=1709865261896&CODE_STATE=getMsg HTTP/1.1" 200 27
116.230.116.59 - - [08/Mar/2024:10:34:22 +0800] "POST /xingrg/services/DataTransmitService HTTP/1.1" 200 524
116.230.116.59 - - [08/Mar/2024:10:34:23 +0800] "POST /xingrg/services/DataTransmitService HTTP/1.1" 200 412
116.230.116.59 - - [08/Mar/2024:10:34:24 +0800] "POST /xingrg/services/DataTransmitService HTTP/1.1" 200 524
124.78.159.51 - - [08/Mar/2024:10:34:24 +0800] "GET /xingrg/kc/buy/cgsh_order_operate.html?command=get_materiel&rest_code=00106&code=00101006133&supplier_code=00100096&order_time=2024-03-08 HTTP/1.1" 200 413
116.230.116.59 - - [08/Mar/2024:10:34:25 +0800] "POST /xingrg/services/DataTransmitService HTTP/1.1" 200 412
116.230.116.59 - - [08/Mar/2024:10:34:26 +0800] "POST /xingrg/services/DataTransmitService HTTP/1.1" 200 524
222.69.135.192 - - [08/Mar/2024:10:34:26 +0800] "GET /xingrg/all/function/internal_message.html?_=1709865266479&CODE_STATE=getMsg HTTP/1.1" 200 27
116.230.116.59 - - [08/Mar/2024:10:34:27 +0800] "POST /xingrg/services/DataTransmitService HTTP/1.1" 200 2331
124.78.159.51 - - [08/Mar/2024:10:34:28 +0800] "GET /xingrg/all/function/internal_message.html?_=1709865268367&CODE_STATE=getMsg HTTP/1.1" 200 27
124.78.159.51 - - [08/Mar/2024:10:34:28 +0800] "GET /xingrg/check_reg.html?_=1709865269164 HTTP/1.1" 200 22
114.83.222.94 - - [08/Mar/2024:10:34:29 +0800] "GET /xingrg/kc/buy/cgsh_order_operate.html?command=get_materiel&rest_code=00149&code=00101009049&supplier_code=00100201&order_time=2024-03-08 HTTP/1.1" 200 416
116.230.123.13 - - [08/Mar/2024:10:34:29 +0800] "GET /xingrg/kc/buy/cgsh_order_operate.html?command=get_materiel&rest_code=00111&code=00101001138&supplier_code=00100312&order_time=2024-03-08 HTTP/1.1" 200 413
116.230.123.13 - - [08/Mar/2024:10:34:29 +0800] "GET /xingrg/all/function/internal_message.html?_=1709865268368&CODE_STATE=getMsg HTTP/1.1" 200 27
222.70.115.1 - - [08/Mar/2024:10:34:33 +0800] "GET /xingrg/all/function/internal_message.html?_=1709865277095&CODE_STATE=getMsg HTTP/1.1" 200 27
124.78.60.103 - - [08/Mar/2024:10:34:39 +0800] "GET /xingrg/all/function/internal_message.html?_=1709865279590&CODE_STATE=getMsg HTTP/1.1" 200 27
124.78.159.51 - - [08/Mar/2024:10:34:40 +0800] "GET /xingrg/all/function/internal_message.html?_=1709865280108&CODE_STATE=getMsg HTTP/1.1" 200 27
116.230.116.59 - - [08/Mar/2024:10:34:41 +0800] "POST /xingrg/services/DataTransmitService HTTP/1.1" 200 524
116.230.116.59 - - [08/Mar/2024:10:34:42 +0800] "POST /xingrg/services/DataTransmitService HTTP/1.1" 200 2331
221.239.169.251 - - [08/Mar/2024:10:34:45 +0800] "GET /xingrg/check_reg.html?_=1709865284829 HTTP/1.1" 200 22
221.239.169.251 - - [08/Mar/2024:10:34:45 +0800] "GET /xingrg/all/function/internal_message.html?_=1709865284828&CODE_STATE=getMsg HTTP/1.1" 200 27
116.230.116.59 - - [08/Mar/2024:10:34:48 +0800] "POST /xingrg/services/DataTransmitService HTTP/1.1" 200 524
124.78.159.51 - - [08/Mar/2024:10:34:48 +0800] "GET /xingrg/kc/buy/cgsh_order_operate.html?command=get_materiel&rest_code=00106&code=00101006184&supplier_code=00100096&order_time=2024-03-08 HTTP/1.1" 200 410
116.230.116.59 - - [08/Mar/2024:10:34:49 +0800] "POST /xingrg/services/DataTransmitService HTTP/1.1" 200 2331
116.232.194.112 - - [08/Mar/2024:10:34:50 +0800] "GET /xingrg/all/function/internal_message.html?_=1709865271773&CODE_STATE=getMsg HTTP/1.1" 200 27
116.230.116.59 - - [08/Mar/2024:10:34:51 +0800] "POST /xingrg/services/DataTransmitService HTTP/1.1" 200 524
120.253.135.82 - - [08/Mar/2024:10:34:51 +0800] "GET /xingrg/all/function/internal_message.html?_=1709865129073&CODE_STATE=getMsg HTTP/1.1" 200 27
116.230.116.59 - - [08/Mar/2024:10:34:53 +0800] "POST /xingrg/services/DataTransmitService HTTP/1.1" 200 2331
114.83.222.94 - - [08/Mar/2024:10:34:53 +0800] "GET /xingrg/kc/buy/cgsh_order_operate.html?command=get_materiel&rest_code=00149&code=00101009062&supplier_code=00100201&order_time=2024-03-08 HTTP/1.1" 200 412
116.230.116.59 - - [08/Mar/2024:10:34:55 +0800] "POST /xingrg/services/DataTransmitService HTTP/1.1" 200 524
116.238.97.31 - - [08/Mar/2024:10:34:56 +0800] "GET /xingrg/all/function/internal_message.html?_=1709865296824&CODE_STATE=getMsg HTTP/1.1" 200 27
116.230.116.59 - - [08/Mar/2024:10:34:56 +0800] "GET /xingrg/all/function/internal_message.html?_=1709865314737&CODE_STATE=getMsg HTTP/1.1" 200 27
116.230.116.59 - - [08/Mar/2024:10:34:57 +0800] "POST /xingrg/services/DataTransmitService HTTP/1.1" 200 2331
116.230.116.59 - - [08/Mar/2024:10:34:58 +0800] "POST /xingrg/services/DataTransmitService HTTP/1.1" 200 524
114.83.222.94 - - [08/Mar/2024:10:34:59 +0800] "GET /xingrg/all/function/internal_message.html?_=1709865298316&CODE_STATE=getMsg HTTP/1.1" 200 27
116.230.116.59 - - [08/Mar/2024:10:35:00 +0800] "POST /xingrg/services/DataTransmitService HTTP/1.1" 200 2331
114.83.222.94 - - [08/Mar/2024:10:35:00 +0800] "GET /xingrg/check_reg.html?_=1709865299403 HTTP/1.1" 200 22
114.89.91.180 - - [08/Mar/2024:10:35:00 +0800] "GET /xingrg/all/function/internal_message.html?_=1709865300662&CODE_STATE=getMsg HTTP/1.1" 200 27
114.83.222.94 - - [08/Mar/2024:10:35:02 +0800] "GET /xingrg/kc/buy/cgsh_order_operate.html?command=get_materiel&rest_code=00149&code=00101009011&supplier_code=00100201&order_time=2024-03-08 HTTP/1.1" 200 416
116.230.116.59 - - [08/Mar/2024:10:35:03 +0800] "POST /xingrg/services/DataTransmitService HTTP/1.1" 200 524
180.164.1.25 - - [08/Mar/2024:10:35:04 +0800] "GET /xingrg/all/function/internal_message.html?_=1709865304223&CODE_STATE=getMsg HTTP/1.1" 200 27
116.230.116.59 - - [08/Mar/2024:10:35:04 +0800] "POST /xingrg/services/DataTransmitService HTTP/1.1" 200 2331
180.169.147.146 - - [08/Mar/2024:10:35:05 +0800] "GET /xingrg/all/function/internal_message.html?_=1709865304451&CODE_STATE=getMsg HTTP/1.1" 200 27
116.230.116.59 - - [08/Mar/2024:10:35:06 +0800] "POST /xingrg/services/DataTransmitService HTTP/1.1" 200 524
116.228.172.94 - - [08/Mar/2024:10:35:07 +0800] "GET /xingrg/check_reg.html?_=1709865034757 HTTP/1.1" 200 22
116.228.172.94 - - [08/Mar/2024:10:35:07 +0800] "GET /xingrg/all/function/internal_message.html?_=1709865034760&CODE_STATE=getMsg HTTP/1.1" 200 27
116.230.116.59 - - [08/Mar/2024:10:35:08 +0800] "POST /xingrg/services/DataTransmitService HTTP/1.1" 200 2331
116.224.254.208 - - [08/Mar/2024:10:35:10 +0800] "GET /xingrg/all/function/internal_message.html?_=1709865310425&CODE_STATE=getMsg HTTP/1.1" 200 27
114.83.222.94 - - [08/Mar/2024:10:35:11 +0800] "GET /xingrg/kc/buy/cgsh_order_operate.html?command=get_materiel&rest_code=00149&code=00101009119&supplier_code=00100201&order_time=2024-03-08 HTTP/1.1" 200 417
124.78.159.51 - - [08/Mar/2024:10:35:13 +0800] "GET /xingrg/all/function/internal_message.html?_=1709865313193&CODE_STATE=getMsg HTTP/1.1" 200 27
116.224.254.208 - - [08/Mar/2024:10:35:14 +0800] "GET /xingrg/all/function/internal_message.html?_=1709865315038&CODE_STATE=getMsg HTTP/1.1" 200 27
116.230.116.59 - - [08/Mar/2024:10:35:14 +0800] "POST /xingrg/services/DataTransmitService HTTP/1.1" 200 524
101.83.145.37 - - [08/Mar/2024:10:35:15 +0800] "GET /xingrg/all/function/internal_message.html?_=1709865078331&CODE_STATE=getMsg HTTP/1.1" 200 27
116.238.97.31 - - [08/Mar/2024:10:35:15 +0800] "GET /xingrg/all/function/internal_message.html?_=1709865315955&CODE_STATE=getMsg HTTP/1.1" 200 27
116.230.116.59 - - [08/Mar/2024:10:35:16 +0800] "POST /xingrg/services/DataTransmitService HTTP/1.1" 200 2331
116.230.116.59 - - [08/Mar/2024:10:35:18 +0800] "POST /xingrg/services/DataTransmitService HTTP/1.1" 200 524
116.230.123.13 - - [08/Mar/2024:10:35:18 +0800] "POST /xingrg/kc/buy/cgsh_order_operate.html HTTP/1.1" 200 37
101.228.147.14 - - [08/Mar/2024:10:35:19 +0800] "GET /xingrg/all/function/internal_message.html?_=1709865319087&CODE_STATE=getMsg HTTP/1.1" 200 27
180.171.62.200 - - [08/Mar/2024:10:35:19 +0800] "GET /xingrg/all/function/internal_message.html?_=1709865328095&CODE_STATE=getMsg HTTP/1.1" 200 27
116.230.116.59 - - [08/Mar/2024:10:35:19 +0800] "POST /xingrg/services/DataTransmitService HTTP/1.1" 200 2331
116.230.116.59 - - [08/Mar/2024:10:35:20 +0800] "POST /xingrg/services/DataTransmitService HTTP/1.1" 200 524
124.78.60.103 - - [08/Mar/2024:10:35:21 +0800] "GET /xingrg/check_reg.html?_=1709865321717 HTTP/1.1" 200 22
101.83.145.37 - - [08/Mar/2024:10:35:21 +0800] "GET /xingrg/all/function/internal_message.html?_=1709865321864&CODE_STATE=getMsg HTTP/1.1" 200 27
116.230.116.59 - - [08/Mar/2024:10:35:22 +0800] "POST /xingrg/services/DataTransmitService HTTP/1.1" 200 2331
114.83.222.94 - - [08/Mar/2024:10:35:24 +0800] "GET /xingrg/kc/buy/cgsh_order_operate.html?command=get_materiel&rest_code=00149&code=00101009120&supplier_code=00100201&order_time=2024-03-08 HTTP/1.1" 200 417
116.230.116.59 - - [08/Mar/2024:10:35:25 +0800] "POST /xingrg/kc/buy/cgsh_list_operate.html HTTP/1.1" 200 566
222.69.135.192 - - [08/Mar/2024:10:35:26 +0800] "GET /xingrg/all/function/internal_message.html?_=1709865326463&CODE_STATE=getMsg HTTP/1.1" 200 27
222.69.135.192 - - [08/Mar/2024:10:35:27 +0800] "GET /xingrg/check_reg.html?_=1709865327644 HTTP/1.1" 200 22
116.230.116.59 - - [08/Mar/2024:10:35:27 +0800] "GET /xingrg/kc/buy/cgsh_order_info.html?code=212024030802070 HTTP/1.1" 200 73664
116.230.116.59 - - [08/Mar/2024:10:35:27 +0800] "GET /xingrg/javascript/json2.js HTTP/1.1" 304 -
116.230.116.59 - - [08/Mar/2024:10:35:27 +0800] "GET /xingrg/javascript/print/kc_print.js HTTP/1.1" 304 -
116.230.116.59 - - [08/Mar/2024:10:35:27 +0800] "GET /xingrg/javascript/convert.js HTTP/1.1" 304 -
116.230.116.59 - - [08/Mar/2024:10:35:27 +0800] "GET /xingrg/javascript/jquery_tools/order_manager.js HTTP/1.1" 304 -
116.230.116.59 - - [08/Mar/2024:10:35:27 +0800] "GET /xingrg/javascript/pic_change.js HTTP/1.1" 304 -
116.230.116.59 - - [08/Mar/2024:10:35:27 +0800] "GET /xingrg/words/20240306163720_words.js HTTP/1.1" 304 -
124.78.159.51 - - [08/Mar/2024:10:35:28 +0800] "GET /xingrg/all/function/internal_message.html?_=1709865328352&CODE_STATE=getMsg HTTP/1.1" 200 27
116.230.123.13 - - [08/Mar/2024:10:35:28 +0800] "POST /xingrg/kc/buy/cgsh_order_operate.html HTTP/1.1" 200 12
116.230.116.59 - - [08/Mar/2024:10:35:28 +0800] "GET /xingrg/javascript/easyui/themes/default/validatebox.css HTTP/1.1" 404 1104
116.230.116.59 - - [08/Mar/2024:10:35:28 +0800] "GET /xingrg/javascript/easyui/plugins/jquery.validatebox.js HTTP/1.1" 304 -
116.230.116.59 - - [08/Mar/2024:10:35:28 +0800] "GET /xingrg/javascript/easyui/plugins/jquery.numberbox.js HTTP/1.1" 304 -
116.230.116.59 - - [08/Mar/2024:10:35:28 +0800] "GET /xingrg/all/common/auto_word.html?type=employee&rest_code=00146 HTTP/1.1" 200 101
116.230.116.59 - - [08/Mar/2024:10:35:28 +0800] "GET /xingrg/all/common/auto_word.html?type=employee&rest_code=00146 HTTP/1.1" 200 101
116.230.116.59 - - [08/Mar/2024:10:35:29 +0800] "POST /xingrg/kc/buy/cgsh_order_operate.html HTTP/1.1" 200 7995
222.70.115.1 - - [08/Mar/2024:10:35:33 +0800] "GET /xingrg/all/function/internal_message.html?_=1709865337096&CODE_STATE=getMsg HTTP/1.1" 200 27
116.230.116.59 - - [08/Mar/2024:10:35:33 +0800] "POST /xingrg/services/DataTransmitService HTTP/1.1" 200 524
116.230.116.59 - - [08/Mar/2024:10:35:34 +0800] "POST /xingrg/services/DataTransmitService HTTP/1.1" 200 412
116.230.123.13 - - [08/Mar/2024:10:35:34 +0800] "GET /xingrg/kc/buy/cgsh_order_info.html?code=212024030802089 HTTP/1.1" 200 68524
116.230.123.13 - - [08/Mar/2024:10:35:35 +0800] "GET /xingrg/javascript/easyui/themes/default/validatebox.css HTTP/1.1" 404 1104
116.230.123.13 - - [08/Mar/2024:10:35:36 +0800] "POST /xingrg/kc/buy/cgsh_order_operate.html HTTP/1.1" 200 4764
116.230.116.59 - - [08/Mar/2024:10:35:37 +0800] "POST /xingrg/services/DataTransmitService HTTP/1.1" 200 524
116.230.116.59 - - [08/Mar/2024:10:35:39 +0800] "POST /xingrg/services/DataTransmitService HTTP/1.1" 200 2331
124.78.60.103 - - [08/Mar/2024:10:35:39 +0800] "GET /xingrg/all/function/internal_message.html?_=1709865339581&CODE_STATE=getMsg HTTP/1.1" 200 27
124.78.159.51 - - [08/Mar/2024:10:35:40 +0800] "GET /xingrg/all/function/internal_message.html?_=1709865340106&CODE_STATE=getMsg HTTP/1.1" 200 27
116.230.116.59 - - [08/Mar/2024:10:35:40 +0800] "POST /xingrg/services/DataTransmitService HTTP/1.1" 200 524
116.230.116.59 - - [08/Mar/2024:10:35:42 +0800] "POST /xingrg/services/DataTransmitService HTTP/1.1" 200 2331
114.83.222.94 - - [08/Mar/2024:10:35:43 +0800] "GET /xingrg/kc/buy/cgsh_order_operate.html?command=get_materiel&rest_code=00149&code=00101009178&supplier_code=00100201&order_time=2024-03-08 HTTP/1.1" 200 413
116.230.123.13 - - [08/Mar/2024:10:35:44 +0800] "GET /xingrg/kc/print/load_data.html?order_code=212024030802089&kc_code=cgsh&condition= HTTP/1.1" 200 2286
221.239.169.251 - - [08/Mar/2024:10:35:45 +0800] "GET /xingrg/all/function/internal_message.html?_=1709865344815&CODE_STATE=getMsg HTTP/1.1" 200 27
116.230.116.59 - - [08/Mar/2024:10:35:48 +0800] "GET /xingrg/javascript/auto/indicator.gif HTTP/1.1" 404 1066
116.232.194.112 - - [08/Mar/2024:10:35:50 +0800] "GET /xingrg/all/function/internal_message.html?_=1709865331757&CODE_STATE=getMsg HTTP/1.1" 200 27
116.230.123.13 - - [08/Mar/2024:10:35:51 +0800] "GET /xingrg/kc/buy/cgsh_order_add.html HTTP/1.1" 200 73611
120.253.135.82 - - [08/Mar/2024:10:35:51 +0800] "GET /xingrg/all/function/internal_message.html?_=1709865189181&CODE_STATE=getMsg HTTP/1.1" 200 27
116.230.123.13 - - [08/Mar/2024:10:35:51 +0800] "POST /xingrg/kc/buy/cgsh_order_operate.html HTTP/1.1" 200 8245
116.230.123.13 - - [08/Mar/2024:10:35:51 +0800] "GET /xingrg/javascript/easyui/themes/default/validatebox.css HTTP/1.1" 404 1104
116.230.116.59 - - [08/Mar/2024:10:35:55 +0800] "GET /xingrg/kc/buy/cgsh_order_operate.html?command=get_materiel&rest_code=00146&code=00101008239&supplier_code=00100005&order_time=2024-03-08 HTTP/1.1" 200 416
116.238.97.31 - - [08/Mar/2024:10:35:56 +0800] "GET /xingrg/all/function/internal_message.html?_=1709865356799&CODE_STATE=getMsg HTTP/1.1" 200 27
116.230.116.59 - - [08/Mar/2024:10:35:56 +0800] "GET /xingrg/all/function/internal_message.html?_=1709865374750&CODE_STATE=getMsg HTTP/1.1" 200 27
114.83.222.94 - - [08/Mar/2024:10:35:59 +0800] "GET /xingrg/all/function/internal_message.html?_=1709865358289&CODE_STATE=getMsg HTTP/1.1" 200 27
114.89.91.180 - - [08/Mar/2024:10:36:00 +0800] "GET /xingrg/all/function/internal_message.html?_=1709865360665&CODE_STATE=getMsg HTTP/1.1" 200 27
114.89.91.180 - - [08/Mar/2024:10:36:00 +0800] "GET /xingrg/check_reg.html?_=1709865360670 HTTP/1.1" 200 22
180.164.1.25 - - [08/Mar/2024:10:36:04 +0800] "GET /xingrg/all/function/internal_message.html?_=1709865364201&CODE_STATE=getMsg HTTP/1.1" 200 27
180.169.147.146 - - [08/Mar/2024:10:36:05 +0800] "GET /xingrg/all/function/internal_message.html?_=1709865364463&CODE_STATE=getMsg HTTP/1.1" 200 27
114.83.222.94 - - [08/Mar/2024:10:36:06 +0800] "POST /xingrg/kc/buy/cgsh_order_operate.html HTTP/1.1" 200 64
124.78.159.51 - - [08/Mar/2024:10:36:07 +0800] "POST /xingrg/kc/buy/cgsh_order_operate.html HTTP/1.1" 200 37
116.228.172.94 - - [08/Mar/2024:10:36:07 +0800] "GET /xingrg/all/function/internal_message.html?_=1709865094753&CODE_STATE=getMsg HTTP/1.1" 200 27
116.230.123.13 - - [08/Mar/2024:10:36:09 +0800] "GET /xingrg/kc/buy/cgsh_order_operate.html?command=get_materiel&rest_code=00111&code=00101001045&supplier_code=00100653&order_time=2024-03-08 HTTP/1.1" 200 423
124.78.159.51 - - [08/Mar/2024:10:36:09 +0800] "POST /xingrg/kc/buy/cgsh_order_operate.html HTTP/1.1" 200 12782
116.230.116.59 - - [08/Mar/2024:10:36:10 +0800] "POST /xingrg/services/DataTransmitService HTTP/1.1" 200 524
116.224.254.208 - - [08/Mar/2024:10:36:10 +0800] "GET /xingrg/all/function/internal_message.html?_=1709865370396&CODE_STATE=getMsg HTTP/1.1" 200 27
116.230.116.59 - - [08/Mar/2024:10:36:11 +0800] "POST /xingrg/services/DataTransmitService HTTP/1.1" 200 2331
124.78.159.51 - - [08/Mar/2024:10:36:13 +0800] "GET /xingrg/all/function/internal_message.html?_=1709865373186&CODE_STATE=getMsg HTTP/1.1" 200 27
124.78.159.51 - - [08/Mar/2024:10:36:14 +0800] "GET /xingrg/kc/buy/buy_main.html HTTP/1.1" 200 12412
124.78.159.51 - - [08/Mar/2024:10:36:14 +0800] "GET /xingrg/css/new_ie.css HTTP/1.1" 404 1036
116.224.254.208 - - [08/Mar/2024:10:36:14 +0800] "GET /xingrg/all/function/internal_message.html?_=1709865375049&CODE_STATE=getMsg HTTP/1.1" 200 27
124.78.159.51 - - [08/Mar/2024:10:36:15 +0800] "GET /xingrg/images/yd/bt.gif HTTP/1.1" 404 1040
101.83.145.37 - - [08/Mar/2024:10:36:15 +0800] "GET /xingrg/check_reg.html?_=1709865138332 HTTP/1.1" 200 22
101.83.145.37 - - [08/Mar/2024:10:36:15 +0800] "GET /xingrg/all/function/internal_message.html?_=1709865138335&CODE_STATE=getMsg HTTP/1.1" 200 27
116.238.97.31 - - [08/Mar/2024:10:36:15 +0800] "GET /xingrg/all/function/internal_message.html?_=1709865375939&CODE_STATE=getMsg HTTP/1.1" 200 27
124.78.159.51 - - [08/Mar/2024:10:36:16 +0800] "GET /xingrg/kc/buy/cgsh_order_list.html HTTP/1.1" 200 57880
116.230.116.59 - - [08/Mar/2024:10:36:16 +0800] "POST /xingrg/services/DataTransmitService HTTP/1.1" 200 524
116.230.116.59 - - [08/Mar/2024:10:36:16 +0800] "GET /xingrg/kc/buy/cgsh_order_operate.html?command=get_materiel&rest_code=00146&code=00101008096&supplier_code=00100005&order_time=2024-03-08 HTTP/1.1" 200 412
116.230.116.59 - - [08/Mar/2024:10:36:18 +0800] "POST /xingrg/services/DataTransmitService HTTP/1.1" 200 2331
180.171.62.200 - - [08/Mar/2024:10:36:19 +0800] "GET /xingrg/all/function/internal_message.html?_=1709865388097&CODE_STATE=getMsg HTTP/1.1" 200 27
101.228.147.14 - - [08/Mar/2024:10:36:19 +0800] "GET /xingrg/check_reg.html?_=1709865379114 HTTP/1.1" 200 22
101.228.147.14 - - [08/Mar/2024:10:36:19 +0800] "GET /xingrg/all/function/internal_message.html?_=1709865379115&CODE_STATE=getMsg HTTP/1.1" 200 27
101.83.145.37 - - [08/Mar/2024:10:36:21 +0800] "GET /xingrg/all/function/internal_message.html?_=1709865381835&CODE_STATE=getMsg HTTP/1.1" 200 27
124.78.159.51 - - [08/Mar/2024:10:36:22 +0800] "POST /xingrg/kc/buy/cgsh_list_operate.html HTTP/1.1" 200 1648
222.69.135.192 - - [08/Mar/2024:10:36:26 +0800] "GET /xingrg/all/function/internal_message.html?_=1709865386455&CODE_STATE=getMsg HTTP/1.1" 200 27
124.78.159.51 - - [08/Mar/2024:10:36:28 +0800] "GET /xingrg/all/function/internal_message.html?_=1709865388337&CODE_STATE=getMsg HTTP/1.1" 200 27
116.230.123.13 - - [08/Mar/2024:10:36:29 +0800] "POST /xingrg/kc/buy/cgsh_order_operate.html HTTP/1.1" 200 64
114.83.222.94 - - [08/Mar/2024:10:36:29 +0800] "POST /xingrg/kc/buy/cgsh_order_operate.html HTTP/1.1" 200 37
222.70.115.1 - - [08/Mar/2024:10:36:33 +0800] "GET /xingrg/all/function/internal_message.html?_=1709865397102&CODE_STATE=getMsg HTTP/1.1" 200 27
116.238.97.31 - - [08/Mar/2024:10:36:34 +0800] "GET /xingrg/check_reg.html?_=1709865394693 HTTP/1.1" 200 22
114.83.222.94 - - [08/Mar/2024:10:36:36 +0800] "POST /xingrg/kc/buy/cgsh_order_operate.html HTTP/1.1" 200 12
114.83.222.94 - - [08/Mar/2024:10:36:39 +0800] "GET /xingrg/kc/buy/cgsh_order_info.html?code=212024030802092 HTTP/1.1" 200 68652
124.78.60.103 - - [08/Mar/2024:10:36:39 +0800] "GET /xingrg/all/function/internal_message.html?_=1709865399564&CODE_STATE=getMsg HTTP/1.1" 200 27
114.83.222.94 - - [08/Mar/2024:10:36:39 +0800] "GET /xingrg/javascript/easyui/themes/default/validatebox.css HTTP/1.1" 404 1104
124.78.159.51 - - [08/Mar/2024:10:36:40 +0800] "GET /xingrg/check_reg.html?_=1709865400095 HTTP/1.1" 200 22
124.78.159.51 - - [08/Mar/2024:10:36:40 +0800] "GET /xingrg/all/function/internal_message.html?_=1709865400102&CODE_STATE=getMsg HTTP/1.1" 200 27
116.230.123.13 - - [08/Mar/2024:10:36:41 +0800] "POST /xingrg/kc/buy/cgsh_order_operate.html HTTP/1.1" 200 37
114.83.222.94 - - [08/Mar/2024:10:36:41 +0800] "POST /xingrg/kc/buy/cgsh_order_operate.html HTTP/1.1" 200 3578
114.83.222.94 - - [08/Mar/2024:10:36:43 +0800] "GET /xingrg/kc/print/load_data.html?order_code=212024030802092&kc_code=cgsh&condition= HTTP/1.1" 200 1855
116.230.123.13 - - [08/Mar/2024:10:36:43 +0800] "POST /xingrg/kc/buy/cgsh_order_operate.html HTTP/1.1" 200 2670
221.239.169.251 - - [08/Mar/2024:10:36:45 +0800] "GET /xingrg/all/function/internal_message.html?_=1709865404815&CODE_STATE=getMsg HTTP/1.1" 200 27
114.83.222.94 - - [08/Mar/2024:10:36:47 +0800] "GET /xingrg/kc/buy/cgsh_order_add.html HTTP/1.1" 200 73743
114.83.222.94 - - [08/Mar/2024:10:36:48 +0800] "POST /xingrg/kc/buy/cgsh_order_operate.html HTTP/1.1" 200 8245
114.83.222.94 - - [08/Mar/2024:10:36:48 +0800] "GET /xingrg/javascript/easyui/themes/default/validatebox.css HTTP/1.1" 404 1104
116.230.116.59 - - [08/Mar/2024:10:36:48 +0800] "POST /xingrg/services/DataTransmitService HTTP/1.1" 200 524
116.230.116.59 - - [08/Mar/2024:10:36:49 +0800] "POST /xingrg/services/DataTransmitService HTTP/1.1" 200 2331
116.230.123.13 - - [08/Mar/2024:10:36:50 +0800] "POST /xingrg/kc/buy/cgsh_order_operate.html HTTP/1.1" 200 37
116.232.194.112 - - [08/Mar/2024:10:36:50 +0800] "GET /xingrg/all/function/internal_message.html?_=1709865391769&CODE_STATE=getMsg HTTP/1.1" 200 27
120.253.135.82 - - [08/Mar/2024:10:36:51 +0800] "GET /xingrg/all/function/internal_message.html?_=1709865249194&CODE_STATE=getMsg HTTP/1.1" 200 27
116.238.97.31 - - [08/Mar/2024:10:36:56 +0800] "GET /xingrg/all/function/internal_message.html?_=1709865416796&CODE_STATE=getMsg HTTP/1.1" 200 27
116.230.116.59 - - [08/Mar/2024:10:36:56 +0800] "GET /xingrg/all/function/internal_message.html?_=1709865434764&CODE_STATE=getMsg HTTP/1.1" 200 27
114.83.222.94 - - [08/Mar/2024:10:36:59 +0800] "GET /xingrg/kc/buy/cgsh_order_operate.html?command=get_materiel&rest_code=00149&code=00101028011&supplier_code=00100019&order_time=2024-03-08 HTTP/1.1" 200 454
114.83.222.94 - - [08/Mar/2024:10:36:59 +0800] "GET /xingrg/all/function/internal_message.html?_=1709865418267&CODE_STATE=getMsg HTTP/1.1" 200 27
114.89.91.180 - - [08/Mar/2024:10:37:00 +0800] "GET /xingrg/all/function/internal_message.html?_=1709865420656&CODE_STATE=getMsg HTTP/1.1" 200 27
116.230.123.13 - - [08/Mar/2024:10:37:00 +0800] "POST /xingrg/kc/buy/cgsh_order_operate.html HTTP/1.1" 200 12
116.230.116.59 - - [08/Mar/2024:10:37:00 +0800] "POST /xingrg/services/DataTransmitService HTTP/1.1" 200 524
116.230.116.59 - - [08/Mar/2024:10:37:02 +0800] "POST /xingrg/services/DataTransmitService HTTP/1.1" 200 2331
116.230.123.13 - - [08/Mar/2024:10:37:03 +0800] "GET /xingrg/kc/buy/cgsh_order_info.html?code=212024030802094 HTTP/1.1" 200 68512
116.230.123.13 - - [08/Mar/2024:10:37:03 +0800] "GET /xingrg/javascript/easyui/themes/default/validatebox.css HTTP/1.1" 404 1104
116.230.116.59 - - [08/Mar/2024:10:37:04 +0800] "POST /xingrg/services/DataTransmitService HTTP/1.1" 200 524
116.230.123.13 - - [08/Mar/2024:10:37:04 +0800] "POST /xingrg/kc/buy/cgsh_order_operate.html HTTP/1.1" 200 620
180.164.1.25 - - [08/Mar/2024:10:37:04 +0800] "GET /xingrg/all/function/internal_message.html?_=1709865424175&CODE_STATE=getMsg HTTP/1.1" 200 27
180.169.147.146 - - [08/Mar/2024:10:37:05 +0800] "GET /xingrg/all/function/internal_message.html?_=1709865424453&CODE_STATE=getMsg HTTP/1.1" 200 27
116.230.116.59 - - [08/Mar/2024:10:37:05 +0800] "POST /xingrg/services/DataTransmitService HTTP/1.1" 200 2331
116.228.172.94 - - [08/Mar/2024:10:37:07 +0800] "GET /xingrg/all/function/internal_message.html?_=1709865154751&CODE_STATE=getMsg HTTP/1.1" 200 27
116.230.116.59 - - [08/Mar/2024:10:37:08 +0800] "POST /xingrg/services/DataTransmitService HTTP/1.1" 200 524
114.83.222.94 - - [08/Mar/2024:10:37:09 +0800] "GET /xingrg/kc/buy/cgsh_order_operate.html?command=get_materiel&rest_code=00149&code=00101029005&supplier_code=00100019&order_time=2024-03-08 HTTP/1.1" 200 436
116.224.254.208 - - [08/Mar/2024:10:37:10 +0800] "GET /xingrg/all/function/internal_message.html?_=1709865430381&CODE_STATE=getMsg HTTP/1.1" 200 27
116.230.116.59 - - [08/Mar/2024:10:37:10 +0800] "POST /xingrg/services/DataTransmitService HTTP/1.1" 200 2331
116.230.123.13 - - [08/Mar/2024:10:37:12 +0800] "GET /xingrg/kc/print/load_data.html?order_code=212024030802094&kc_code=cgsh&condition= HTTP/1.1" 200 689
124.78.159.51 - - [08/Mar/2024:10:37:13 +0800] "GET /xingrg/all/function/internal_message.html?_=1709865433235&CODE_STATE=getMsg HTTP/1.1" 200 27
124.78.159.51 - - [08/Mar/2024:10:37:13 +0800] "GET /xingrg/check_reg.html?_=1709865433237 HTTP/1.1" 200 22
116.230.116.59 - - [08/Mar/2024:10:37:13 +0800] "GET /xingrg/kc/buy/cgsh_order_operate.html?command=get_materiel&rest_code=00146&code=00101008148&supplier_code=00100005&order_time=2024-03-08 HTTP/1.1" 200 416
120.253.135.82 - - [08/Mar/2024:10:37:14 +0800] "GET /xingrg/kc/pszx/mdqp_order_list.html?state=10 HTTP/1.1" 200 10319
120.253.135.82 - - [08/Mar/2024:10:37:14 +0800] "GET /xingrg/dwr/interface/AjaxQqpsService.js HTTP/1.1" 200 16326
120.253.135.82 - - [08/Mar/2024:10:37:14 +0800] "GET /xingrg/dwr/interface/AjaxReportQueryService.js HTTP/1.1" 200 13203
120.253.135.82 - - [08/Mar/2024:10:37:14 +0800] "GET /xingrg/dwr/engine.js HTTP/1.1" 200 43631
116.224.254.208 - - [08/Mar/2024:10:37:14 +0800] "GET /xingrg/all/function/internal_message.html?_=1709865435050&CODE_STATE=getMsg HTTP/1.1" 200 27
101.83.145.37 - - [08/Mar/2024:10:37:15 +0800] "GET /xingrg/all/function/internal_message.html?_=1709865198320&CODE_STATE=getMsg HTTP/1.1" 200 27
116.238.97.31 - - [08/Mar/2024:10:37:15 +0800] "GET /xingrg/all/function/internal_message.html?_=1709865435911&CODE_STATE=getMsg HTTP/1.1" 200 27
120.253.135.82 - - [08/Mar/2024:10:37:16 +0800] "GET /xingrg/kc/pszx/mdqp_order_list.html?state=10 HTTP/1.1" 200 10319
120.253.135.82 - - [08/Mar/2024:10:37:16 +0800] "GET /xingrg/dwr/interface/AjaxQqpsService.js HTTP/1.1" 200 16326
120.253.135.82 - - [08/Mar/2024:10:37:16 +0800] "GET /xingrg/dwr/interface/AjaxReportQueryService.js HTTP/1.1" 200 13203
120.253.135.82 - - [08/Mar/2024:10:37:16 +0800] "GET /xingrg/dwr/engine.js HTTP/1.1" 200 43631
101.228.147.14 - - [08/Mar/2024:10:37:19 +0800] "GET /xingrg/all/function/internal_message.html?_=1709865439099&CODE_STATE=getMsg HTTP/1.1" 200 27
180.171.62.200 - - [08/Mar/2024:10:37:19 +0800] "GET /xingrg/all/function/internal_message.html?_=1709865448098&CODE_STATE=getMsg HTTP/1.1" 200 27
180.171.62.200 - - [08/Mar/2024:10:37:19 +0800] "GET /xingrg/check_reg.html?_=1709865448101 HTTP/1.1" 200 22
116.230.123.13 - - [08/Mar/2024:10:37:19 +0800] "GET /xingrg/kc/buy/cgsh_order_add.html HTTP/1.1" 200 73611
116.230.123.13 - - [08/Mar/2024:10:37:19 +0800] "POST /xingrg/kc/buy/cgsh_order_operate.html HTTP/1.1" 200 8245
116.230.123.13 - - [08/Mar/2024:10:37:19 +0800] "GET /xingrg/javascript/easyui/themes/default/validatebox.css HTTP/1.1" 404 1104
120.253.135.82 - - [08/Mar/2024:10:37:19 +0800] "GET /xingrg/kc/pszx/mdps_order_list.html?orderType=0 HTTP/1.1" 200 21033
120.253.135.82 - - [08/Mar/2024:10:37:20 +0800] "POST /xingrg/kc/pszx/mdps_list_operate.html HTTP/1.1" 200 5351
114.83.222.94 - - [08/Mar/2024:10:37:20 +0800] "GET /xingrg/kc/buy/cgsh_order_operate.html?command=get_materiel&rest_code=00149&code=00101029011&supplier_code=00100019&order_time=2024-03-08 HTTP/1.1" 200 460
101.83.145.37 - - [08/Mar/2024:10:37:21 +0800] "GET /xingrg/all/function/internal_message.html?_=1709865441814&CODE_STATE=getMsg HTTP/1.1" 200 27
116.230.116.59 - - [08/Mar/2024:10:37:25 +0800] "POST /xingrg/services/DataTransmitService HTTP/1.1" 200 524
222.69.135.192 - - [08/Mar/2024:10:37:26 +0800] "GET /xingrg/all/function/internal_message.html?_=1709865446427&CODE_STATE=getMsg HTTP/1.1" 200 27
116.230.116.59 - - [08/Mar/2024:10:37:26 +0800] "POST /xingrg/services/DataTransmitService HTTP/1.1" 200 2331
172.20.0.100 - - [08/Mar/2024:10:37:27 +0800] "GET /xingrg/check_reg.html?_=1709865458670 HTTP/1.1" 302 -
116.238.97.31 - - [08/Mar/2024:10:37:27 +0800] "GET /favicon.ico HTTP/1.1" 404 -
124.78.159.51 - - [08/Mar/2024:10:37:28 +0800] "GET /xingrg/all/function/internal_message.html?_=1709865448322&CODE_STATE=getMsg HTTP/1.1" 200 27
120.253.135.82 - - [08/Mar/2024:10:37:29 +0800] "POST /xingrg/kc/pszx/mdps_list_operate.html HTTP/1.1" 200 2440
116.230.123.13 - - [08/Mar/2024:10:37:29 +0800] "GET /xingrg/all/function/internal_message.html?_=1709865448380&CODE_STATE=getMsg HTTP/1.1" 200 27
116.230.123.13 - - [08/Mar/2024:10:37:30 +0800] "GET /xingrg/kc/buy/cgsh_order_operate.html?command=get_materiel&rest_code=00111&code=00101002006&supplier_code=00100091&order_time=2024-03-08 HTTP/1.1" 200 414
116.230.116.59 - - [08/Mar/2024:10:37:32 +0800] "POST /xingrg/services/DataTransmitService HTTP/1.1" 200 524
120.253.135.82 - - [08/Mar/2024:10:37:32 +0800] "GET /xingrg/kc/pszx/mdps_order_add.html HTTP/1.1" 200 29102
120.253.135.82 - - [08/Mar/2024:10:37:33 +0800] "POST /xingrg/kc/pszx/mdps_order_operate.html HTTP/1.1" 200 7126
222.70.115.1 - - [08/Mar/2024:10:37:33 +0800] "GET /xingrg/all/function/internal_message.html?_=1709865457129&CODE_STATE=getMsg HTTP/1.1" 200 27
222.70.115.1 - - [08/Mar/2024:10:37:33 +0800] "GET /xingrg/check_reg.html?_=1709865457133 HTTP/1.1" 200 22
120.253.135.82 - - [08/Mar/2024:10:37:33 +0800] "GET /xingrg/javascript/easyui/themes/default/validatebox.css HTTP/1.1" 404 1104
116.230.116.59 - - [08/Mar/2024:10:37:33 +0800] "POST /xingrg/services/DataTransmitService HTTP/1.1" 200 2331
114.83.222.94 - - [08/Mar/2024:10:37:37 +0800] "GET /xingrg/kc/buy/cgsh_order_operate.html?command=get_materiel&rest_code=00149&code=00101029002&supplier_code=00100019&order_time=2024-03-08 HTTP/1.1" 200 450
124.78.60.103 - - [08/Mar/2024:10:37:39 +0800] "GET /xingrg/all/function/internal_message.html?_=1709865459554&CODE_STATE=getMsg HTTP/1.1" 200 27
124.78.159.51 - - [08/Mar/2024:10:37:40 +0800] "GET /xingrg/all/function/internal_message.html?_=1709865460106&CODE_STATE=getMsg HTTP/1.1" 200 27
116.230.116.59 - - [08/Mar/2024:10:37:41 +0800] "POST /xingrg/services/DataTransmitService HTTP/1.1" 200 524
120.253.135.82 - - [08/Mar/2024:10:37:41 +0800] "POST /xingrg/all/common/load_combo.html?type=base HTTP/1.1" 200 1169
116.230.116.59 - - [08/Mar/2024:10:37:42 +0800] "POST /xingrg/services/DataTransmitService HTTP/1.1" 200 2331
116.230.123.13 - - [08/Mar/2024:10:37:43 +0800] "GET /xingrg/kc/buy/cgsh_order_operate.html?command=get_materiel&rest_code=00111&code=00101003037&supplier_code=00100091&order_time=2024-03-08 HTTP/1.1" 200 418
116.230.116.59 - - [08/Mar/2024:10:37:45 +0800] "POST /xingrg/services/DataTransmitService HTTP/1.1" 200 524
221.239.169.251 - - [08/Mar/2024:10:37:45 +0800] "GET /xingrg/all/function/internal_message.html?_=1709865464818&CODE_STATE=getMsg HTTP/1.1" 200 27
116.230.116.59 - - [08/Mar/2024:10:37:46 +0800] "POST /xingrg/services/DataTransmitService HTTP/1.1" 200 2331
120.253.135.82 - - [08/Mar/2024:10:37:49 +0800] "GET /xingrg/kc/pszx/mdps_order_operate.html?command=get_materiel&pszx_code=00101&rest_code=00147&base_code=0010246&code=00101016019 HTTP/1.1" 200 450
114.83.222.94 - - [08/Mar/2024:10:37:49 +0800] "GET /xingrg/kc/buy/cgsh_order_operate.html?command=get_materiel&rest_code=00149&code=00101029025&supplier_code=00100019&order_time=2024-03-08 HTTP/1.1" 200 444
116.232.194.112 - - [08/Mar/2024:10:37:50 +0800] "GET /xingrg/check_reg.html?_=1709865451761 HTTP/1.1" 200 22
116.232.194.112 - - [08/Mar/2024:10:37:50 +0800] "GET /xingrg/all/function/internal_message.html?_=1709865451764&CODE_STATE=getMsg HTTP/1.1" 200 27
120.253.135.82 - - [08/Mar/2024:10:37:51 +0800] "POST /xingrg/all/common/load_select.html HTTP/1.1" 200 25
120.253.135.82 - - [08/Mar/2024:10:37:51 +0800] "GET /xingrg/all/function/internal_message.html?_=1709865309208&CODE_STATE=getMsg HTTP/1.1" 200 27
120.253.135.82 - - [08/Mar/2024:10:37:53 +0800] "GET /xingrg/kc/pszx/mdps_order_operate.html?command=get_materiel_price&pszx_code=00101&rest_code=00147&base_code=0010246&code=00101016019&unit_code=00100088&order_time=2024-03-08 HTTP/1.1" 200 35
120.253.135.82 - - [08/Mar/2024:10:37:56 +0800] "GET /xingrg/check_reg.html?_=1709865313921 HTTP/1.1" 200 22
116.238.97.31 - - [08/Mar/2024:10:37:56 +0800] "GET /xingrg/all/function/internal_message.html?_=1709865476772&CODE_STATE=getMsg HTTP/1.1" 200 27
116.230.116.59 - - [08/Mar/2024:10:37:56 +0800] "GET /xingrg/all/function/internal_message.html?_=1709865494777&CODE_STATE=getMsg HTTP/1.1" 200 27
116.238.97.31 - - [08/Mar/2024:10:37:58 +0800] "GET /xingrg/check_reg.html?_=1709865478376 HTTP/1.1" 200 22
114.83.222.94 - - [08/Mar/2024:10:37:59 +0800] "GET /xingrg/all/function/internal_message.html?_=1709865478241&CODE_STATE=getMsg HTTP/1.1" 200 27
114.89.91.180 - - [08/Mar/2024:10:38:00 +0800] "GET /xingrg/all/function/internal_message.html?_=1709865480660&CODE_STATE=getMsg HTTP/1.1" 200 27
180.164.1.25 - - [08/Mar/2024:10:38:04 +0800] "GET /xingrg/all/function/internal_message.html?_=1709865484151&CODE_STATE=getMsg HTTP/1.1" 200 27
180.169.147.146 - - [08/Mar/2024:10:38:05 +0800] "GET /xingrg/all/function/internal_message.html?_=1709865484447&CODE_STATE=getMsg HTTP/1.1" 200 27
120.253.135.82 - - [08/Mar/2024:10:38:06 +0800] "POST /xingrg/kc/pszx/mdps_order_operate.html HTTP/1.1" 200 37
116.228.172.94 - - [08/Mar/2024:10:38:07 +0800] "GET /xingrg/all/function/internal_message.html?_=1709865214743&CODE_STATE=getMsg HTTP/1.1" 200 27
120.253.135.82 - - [08/Mar/2024:10:38:08 +0800] "GET /xingrg/kc/pszx/mdps_order_info.html?code=312024030800146 HTTP/1.1" 200 23978
120.253.135.82 - - [08/Mar/2024:10:38:09 +0800] "GET /xingrg/javascript/easyui/themes/default/validatebox.css HTTP/1.1" 404 1104
120.253.135.82 - - [08/Mar/2024:10:38:09 +0800] "POST /xingrg/kc/pszx/mdps_order_operate.html HTTP/1.1" 200 2284
116.224.254.208 - - [08/Mar/2024:10:38:10 +0800] "GET /xingrg/all/function/internal_message.html?_=1709865490353&CODE_STATE=getMsg HTTP/1.1" 200 27
124.78.159.51 - - [08/Mar/2024:10:38:13 +0800] "GET /xingrg/all/function/internal_message.html?_=1709865493205&CODE_STATE=getMsg HTTP/1.1" 200 27
120.253.135.82 - - [08/Mar/2024:10:38:13 +0800] "POST /xingrg/kc/pszx/mdps_list_operate.html HTTP/1.1" 200 205
116.224.254.208 - - [08/Mar/2024:10:38:14 +0800] "GET /xingrg/all/function/internal_message.html?_=1709865495050&CODE_STATE=getMsg HTTP/1.1" 200 27
101.83.145.37 - - [08/Mar/2024:10:38:15 +0800] "GET /xingrg/all/function/internal_message.html?_=1709865258320&CODE_STATE=getMsg HTTP/1.1" 200 27
116.238.97.31 - - [08/Mar/2024:10:38:15 +0800] "GET /xingrg/all/function/internal_message.html?_=1709865495904&CODE_STATE=getMsg HTTP/1.1" 200 27
120.253.135.82 - - [08/Mar/2024:10:38:15 +0800] "POST /xingrg/kc/pszx/mdps_list_operate.html HTTP/1.1" 200 2811
116.230.123.13 - - [08/Mar/2024:10:38:17 +0800] "POST /xingrg/kc/buy/cgsh_order_operate.html HTTP/1.1" 200 37
120.253.135.82 - - [08/Mar/2024:10:38:17 +0800] "POST /xingrg/kc/pszx/mdps_list_operate.html HTTP/1.1" 200 205
180.171.62.200 - - [08/Mar/2024:10:38:19 +0800] "GET /xingrg/all/function/internal_message.html?_=1709865508102&CODE_STATE=getMsg HTTP/1.1" 200 27
101.228.147.14 - - [08/Mar/2024:10:38:19 +0800] "GET /xingrg/all/function/internal_message.html?_=1709865499105&CODE_STATE=getMsg HTTP/1.1" 200 27
114.83.222.94 - - [08/Mar/2024:10:38:19 +0800] "GET /xingrg/kc/buy/cgsh_order_operate.html?command=get_materiel&rest_code=00149&code=00101028045&supplier_code=00100019&order_time=2024-03-08 HTTP/1.1" 200 432
120.253.135.82 - - [08/Mar/2024:10:38:19 +0800] "GET /xingrg/kc/pszx/mdps_order_info.html?code=312024030800146 HTTP/1.1" 200 23978
120.253.135.82 - - [08/Mar/2024:10:38:20 +0800] "GET /xingrg/javascript/easyui/themes/default/validatebox.css HTTP/1.1" 404 1104
120.253.135.82 - - [08/Mar/2024:10:38:20 +0800] "POST /xingrg/kc/pszx/mdps_order_operate.html HTTP/1.1" 200 2284
101.83.145.37 - - [08/Mar/2024:10:38:21 +0800] "GET /xingrg/all/function/internal_message.html?_=1709865501788&CODE_STATE=getMsg HTTP/1.1" 200 27
101.83.145.37 - - [08/Mar/2024:10:38:23 +0800] "GET /xingrg/check_reg.html?_=1709865503723 HTTP/1.1" 200 22
222.69.135.192 - - [08/Mar/2024:10:38:26 +0800] "GET /xingrg/all/function/internal_message.html?_=1709865506406&CODE_STATE=getMsg HTTP/1.1" 200 27
124.78.159.51 - - [08/Mar/2024:10:38:28 +0800] "GET /xingrg/all/function/internal_message.html?_=1709865508307&CODE_STATE=getMsg HTTP/1.1" 200 27
120.253.135.82 - - [08/Mar/2024:10:38:28 +0800] "GET /xingrg/kc/print/load_data.html?order_code=312024030800146&kc_code=mdps&condition= HTTP/1.1" 200 684
116.230.123.13 - - [08/Mar/2024:10:38:29 +0800] "GET /xingrg/all/function/internal_message.html?_=1709865508362&CODE_STATE=getMsg HTTP/1.1" 200 27
222.70.115.1 - - [08/Mar/2024:10:38:33 +0800] "GET /xingrg/all/function/internal_message.html?_=1709865517130&CODE_STATE=getMsg HTTP/1.1" 200 27
120.253.135.82 - - [08/Mar/2024:10:38:34 +0800] "POST /xingrg/kc/pszx/mdps_list_operate.html HTTP/1.1" 200 2811
116.230.123.13 - - [08/Mar/2024:10:38:34 +0800] "POST /xingrg/kc/buy/cgsh_order_operate.html HTTP/1.1" 200 12
116.230.123.13 - - [08/Mar/2024:10:38:37 +0800] "GET /xingrg/kc/buy/cgsh_order_info.html?code=212024030802095 HTTP/1.1" 200 68524
116.230.123.13 - - [08/Mar/2024:10:38:38 +0800] "GET /xingrg/javascript/easyui/themes/default/validatebox.css HTTP/1.1" 404 1104
124.78.60.103 - - [08/Mar/2024:10:38:39 +0800] "GET /xingrg/all/function/internal_message.html?_=1709865519541&CODE_STATE=getMsg HTTP/1.1" 200 27
124.78.159.51 - - [08/Mar/2024:10:38:40 +0800] "GET /xingrg/all/function/internal_message.html?_=1709865520101&CODE_STATE=getMsg HTTP/1.1" 200 27
114.83.222.94 - - [08/Mar/2024:10:38:41 +0800] "POST /xingrg/kc/buy/cgsh_order_operate.html HTTP/1.1" 200 37
116.230.123.13 - - [08/Mar/2024:10:38:41 +0800] "POST /xingrg/kc/buy/cgsh_order_operate.html HTTP/1.1" 200 1212
116.230.123.13 - - [08/Mar/2024:10:38:44 +0800] "GET /xingrg/kc/print/load_data.html?order_code=212024030802095&kc_code=cgsh&condition= HTTP/1.1" 200 1011
221.239.169.251 - - [08/Mar/2024:10:38:45 +0800] "GET /xingrg/all/function/internal_message.html?_=1709865524826&CODE_STATE=getMsg HTTP/1.1" 200 27
116.224.254.208 - - [08/Mar/2024:10:38:47 +0800] "GET /xingrg/check_reg.html?_=1709865527695 HTTP/1.1" 200 22
116.232.194.112 - - [08/Mar/2024:10:38:50 +0800] "GET /xingrg/all/function/internal_message.html?_=1709865511757&CODE_STATE=getMsg HTTP/1.1" 200 27
120.253.135.82 - - [08/Mar/2024:10:38:51 +0800] "GET /xingrg/all/function/internal_message.html?_=1709865369325&CODE_STATE=getMsg HTTP/1.1" 200 27
116.230.116.59 - - [08/Mar/2024:10:38:52 +0800] "POST /xingrg/services/DataTransmitService HTTP/1.1" 200 524
114.83.222.94 - - [08/Mar/2024:10:38:52 +0800] "POST /xingrg/kc/buy/cgsh_order_operate.html HTTP/1.1" 200 12
116.230.116.59 - - [08/Mar/2024:10:38:54 +0800] "POST /xingrg/services/DataTransmitService HTTP/1.1" 200 2331
116.230.116.59 - - [08/Mar/2024:10:38:56 +0800] "GET /xingrg/check_reg.html?_=1709865554172 HTTP/1.1" 200 22
116.238.97.31 - - [08/Mar/2024:10:38:56 +0800] "GET /xingrg/all/function/internal_message.html?_=1709865536770&CODE_STATE=getMsg HTTP/1.1" 200 27
116.230.116.59 - - [08/Mar/2024:10:38:56 +0800] "GET /xingrg/all/function/internal_message.html?_=1709865554802&CODE_STATE=getMsg HTTP/1.1" 200 27
116.230.123.13 - - [08/Mar/2024:10:38:56 +0800] "GET /xingrg/kc/buy/cgsh_order_add.html HTTP/1.1" 200 73611
116.230.123.13 - - [08/Mar/2024:10:38:57 +0800] "POST /xingrg/kc/buy/cgsh_order_operate.html HTTP/1.1" 200 8245
116.230.123.13 - - [08/Mar/2024:10:38:57 +0800] "GET /xingrg/javascript/easyui/themes/default/validatebox.css HTTP/1.1" 404 1104
114.83.222.94 - - [08/Mar/2024:10:39:00 +0800] "GET /xingrg/kc/buy/cgsh_order_info.html?code=212024030802096 HTTP/1.1" 200 68650
114.89.91.180 - - [08/Mar/2024:10:39:00 +0800] "GET /xingrg/all/function/internal_message.html?_=1709865540663&CODE_STATE=getMsg HTTP/1.1" 200 27
114.83.222.94 - - [08/Mar/2024:10:39:01 +0800] "GET /xingrg/javascript/easyui/themes/default/validatebox.css HTTP/1.1" 404 1104
114.83.222.94 - - [08/Mar/2024:10:39:02 +0800] "POST /xingrg/kc/buy/cgsh_order_operate.html HTTP/1.1" 200 3737
114.83.222.94 - - [08/Mar/2024:10:39:03 +0800] "GET /xingrg/kc/print/load_data.html?order_code=212024030802096&kc_code=cgsh&condition= HTTP/1.1" 200 2061
180.164.1.25 - - [08/Mar/2024:10:39:04 +0800] "GET /xingrg/all/function/internal_message.html?_=1709865544137&CODE_STATE=getMsg HTTP/1.1" 200 27
180.164.1.25 - - [08/Mar/2024:10:39:04 +0800] "GET /xingrg/check_reg.html?_=1709865544295 HTTP/1.1" 200 22
180.169.147.146 - - [08/Mar/2024:10:39:05 +0800] "GET /xingrg/all/function/internal_message.html?_=1709865544463&CODE_STATE=getMsg HTTP/1.1" 200 27
180.169.147.146 - - [08/Mar/2024:10:39:05 +0800] "GET /xingrg/check_reg.html?_=1709865544468 HTTP/1.1" 200 22
116.228.172.94 - - [08/Mar/2024:10:39:07 +0800] "GET /xingrg/all/function/internal_message.html?_=1709865274749&CODE_STATE=getMsg HTTP/1.1" 200 27
116.230.123.13 - - [08/Mar/2024:10:39:08 +0800] "GET /xingrg/kc/buy/cgsh_order_operate.html?command=get_materiel&rest_code=00111&code=00101001140&supplier_code=00100319&order_time=2024-03-08 HTTP/1.1" 200 417
116.230.116.59 - - [08/Mar/2024:10:39:09 +0800] "POST /xingrg/services/DataTransmitService HTTP/1.1" 200 524
116.224.254.208 - - [08/Mar/2024:10:39:10 +0800] "GET /xingrg/all/function/internal_message.html?_=1709865550331&CODE_STATE=getMsg HTTP/1.1" 200 27
116.230.116.59 - - [08/Mar/2024:10:39:10 +0800] "POST /xingrg/services/DataTransmitService HTTP/1.1" 200 2331
116.230.116.59 - - [08/Mar/2024:10:39:11 +0800] "POST /xingrg/services/DataTransmitService HTTP/1.1" 200 524
124.78.159.51 - - [08/Mar/2024:10:39:13 +0800] "GET /xingrg/all/function/internal_message.html?_=1709865553205&CODE_STATE=getMsg HTTP/1.1" 200 27
116.230.116.59 - - [08/Mar/2024:10:39:13 +0800] "POST /xingrg/services/DataTransmitService HTTP/1.1" 200 2331
116.230.116.59 - - [08/Mar/2024:10:39:14 +0800] "POST /xingrg/services/DataTransmitService HTTP/1.1" 200 524
116.224.254.208 - - [08/Mar/2024:10:39:14 +0800] "GET /xingrg/check_reg.html?_=1709865555038 HTTP/1.1" 200 22
116.224.254.208 - - [08/Mar/2024:10:39:14 +0800] "GET /xingrg/all/function/internal_message.html?_=1709865555040&CODE_STATE=getMsg HTTP/1.1" 200 27
116.238.97.31 - - [08/Mar/2024:10:39:15 +0800] "GET /xingrg/all/function/internal_message.html?_=1709865555876&CODE_STATE=getMsg HTTP/1.1" 200 27
101.83.145.37 - - [08/Mar/2024:10:39:15 +0800] "GET /xingrg/all/function/internal_message.html?_=1709865318320&CODE_STATE=getMsg HTTP/1.1" 200 27
116.230.116.59 - - [08/Mar/2024:10:39:16 +0800] "POST /xingrg/services/DataTransmitService HTTP/1.1" 200 2331
116.230.116.59 - - [08/Mar/2024:10:39:16 +0800] "POST /xingrg/services/DataTransmitService HTTP/1.1" 200 524
116.230.116.59 - - [08/Mar/2024:10:39:18 +0800] "POST /xingrg/services/DataTransmitService HTTP/1.1" 200 2331
101.228.147.14 - - [08/Mar/2024:10:39:19 +0800] "GET /xingrg/all/function/internal_message.html?_=1709865559105&CODE_STATE=getMsg HTTP/1.1" 200 27
180.171.62.200 - - [08/Mar/2024:10:39:19 +0800] "GET /xingrg/all/function/internal_message.html?_=1709865568104&CODE_STATE=getMsg HTTP/1.1" 200 27
116.230.116.59 - - [08/Mar/2024:10:39:19 +0800] "POST /xingrg/services/DataTransmitService HTTP/1.1" 200 524
116.230.116.59 - - [08/Mar/2024:10:39:21 +0800] "POST /xingrg/services/DataTransmitService HTTP/1.1" 200 2331
101.83.145.37 - - [08/Mar/2024:10:39:21 +0800] "GET /xingrg/all/function/internal_message.html?_=1709865561761&CODE_STATE=getMsg HTTP/1.1" 200 27
116.230.123.13 - - [08/Mar/2024:10:39:22 +0800] "GET /xingrg/kc/buy/cgsh_order_operate.html?command=get_materiel&rest_code=00111&code=00101001093&supplier_code=00100319&order_time=2024-03-08 HTTP/1.1" 200 413
116.230.116.59 - - [08/Mar/2024:10:39:22 +0800] "POST /xingrg/services/DataTransmitService HTTP/1.1" 200 524
116.230.116.59 - - [08/Mar/2024:10:39:23 +0800] "POST /xingrg/services/DataTransmitService HTTP/1.1" 200 2331
116.230.116.59 - - [08/Mar/2024:10:39:23 +0800] "POST /xingrg/services/DataTransmitService HTTP/1.1" 200 524
116.230.116.59 - - [08/Mar/2024:10:39:25 +0800] "POST /xingrg/services/DataTransmitService HTTP/1.1" 200 412
222.69.135.192 - - [08/Mar/2024:10:39:26 +0800] "GET /xingrg/all/function/internal_message.html?_=1709865566402&CODE_STATE=getMsg HTTP/1.1" 200 27
124.78.159.51 - - [08/Mar/2024:10:39:28 +0800] "GET /xingrg/all/function/internal_message.html?_=1709865568292&CODE_STATE=getMsg HTTP/1.1" 200 27
116.230.116.59 - - [08/Mar/2024:10:39:28 +0800] "POST /xingrg/services/DataTransmitService HTTP/1.1" 200 524
124.78.159.51 - - [08/Mar/2024:10:39:28 +0800] "GET /xingrg/check_reg.html?_=1709865569137 HTTP/1.1" 200 22
116.230.116.59 - - [08/Mar/2024:10:39:29 +0800] "POST /xingrg/services/DataTransmitService HTTP/1.1" 200 2331
116.230.123.13 - - [08/Mar/2024:10:39:29 +0800] "GET /xingrg/all/function/internal_message.html?_=1709865568336&CODE_STATE=getMsg HTTP/1.1" 200 27
222.70.115.1 - - [08/Mar/2024:10:39:33 +0800] "GET /xingrg/all/function/internal_message.html?_=1709865577130&CODE_STATE=getMsg HTTP/1.1" 200 27
180.164.1.25 - - [08/Mar/2024:10:39:37 +0800] "POST /xingrg/services/DataTransmitService HTTP/1.1" 200 524
180.164.1.25 - - [08/Mar/2024:10:39:38 +0800] "POST /xingrg/services/DataTransmitService HTTP/1.1" 200 412
124.78.60.103 - - [08/Mar/2024:10:39:39 +0800] "GET /xingrg/all/function/internal_message.html?_=1709865579520&CODE_STATE=getMsg HTTP/1.1" 200 27
124.78.159.51 - - [08/Mar/2024:10:39:40 +0800] "GET /xingrg/all/function/internal_message.html?_=1709865580104&CODE_STATE=getMsg HTTP/1.1" 200 27
116.230.123.13 - - [08/Mar/2024:10:39:41 +0800] "POST /xingrg/kc/buy/cgsh_order_operate.html HTTP/1.1" 200 37
221.239.169.251 - - [08/Mar/2024:10:39:45 +0800] "GET /xingrg/all/function/internal_message.html?_=1709865584824&CODE_STATE=getMsg HTTP/1.1" 200 27
221.239.169.251 - - [08/Mar/2024:10:39:45 +0800] "GET /xingrg/check_reg.html?_=1709865584827 HTTP/1.1" 200 22
116.230.123.13 - - [08/Mar/2024:10:39:48 +0800] "POST /xingrg/kc/buy/cgsh_order_operate.html HTTP/1.1" 200 12
116.230.123.13 - - [08/Mar/2024:10:39:50 +0800] "GET /xingrg/kc/buy/cgsh_order_info.html?code=212024030802097 HTTP/1.1" 200 68524
116.232.194.112 - - [08/Mar/2024:10:39:50 +0800] "GET /xingrg/all/function/internal_message.html?_=1709865571765&CODE_STATE=getMsg HTTP/1.1" 200 27
116.230.123.13 - - [08/Mar/2024:10:39:50 +0800] "GET /xingrg/javascript/easyui/themes/default/validatebox.css HTTP/1.1" 404 1104
116.230.123.13 - - [08/Mar/2024:10:39:51 +0800] "POST /xingrg/kc/buy/cgsh_order_operate.html HTTP/1.1" 200 1209
120.253.135.82 - - [08/Mar/2024:10:39:51 +0800] "GET /xingrg/all/function/internal_message.html?_=1709865429328&CODE_STATE=getMsg HTTP/1.1" 200 27
116.230.123.13 - - [08/Mar/2024:10:39:53 +0800] "GET /xingrg/kc/print/load_data.html?order_code=212024030802097&kc_code=cgsh&condition= HTTP/1.1" 200 936
116.238.97.31 - - [08/Mar/2024:10:39:56 +0800] "GET /xingrg/all/function/internal_message.html?_=1709865596745&CODE_STATE=getMsg HTTP/1.1" 200 27
116.230.116.59 - - [08/Mar/2024:10:39:56 +0800] "GET /xingrg/all/function/internal_message.html?_=1709865614805&CODE_STATE=getMsg HTTP/1.1" 200 27
114.83.222.94 - - [08/Mar/2024:10:39:59 +0800] "GET /xingrg/all/function/internal_message.html?_=1709865598253&CODE_STATE=getMsg HTTP/1.1" 200 27
114.83.222.94 - - [08/Mar/2024:10:40:00 +0800] "GET /xingrg/check_reg.html?_=1709865599393 HTTP/1.1" 200 22
114.89.91.180 - - [08/Mar/2024:10:40:00 +0800] "GET /xingrg/all/function/internal_message.html?_=1709865600662&CODE_STATE=getMsg HTTP/1.1" 200 27
116.230.116.59 - - [08/Mar/2024:10:40:02 +0800] "POST /xingrg/services/DataTransmitService HTTP/1.1" 200 524
116.230.116.59 - - [08/Mar/2024:10:40:04 +0800] "POST /xingrg/services/DataTransmitService HTTP/1.1" 200 2331
180.164.1.25 - - [08/Mar/2024:10:40:04 +0800] "GET /xingrg/all/function/internal_message.html?_=1709865604113&CODE_STATE=getMsg HTTP/1.1" 200 27
116.230.116.59 - - [08/Mar/2024:10:40:04 +0800] "POST /xingrg/services/DataTransmitService HTTP/1.1" 200 524
116.230.123.13 - - [08/Mar/2024:10:40:05 +0800] "GET /xingrg/kc/buy/cgsh_order_add.html HTTP/1.1" 200 73611
180.169.147.146 - - [08/Mar/2024:10:40:05 +0800] "GET /xingrg/all/function/internal_message.html?_=1709865604452&CODE_STATE=getMsg HTTP/1.1" 200 27
116.230.123.13 - - [08/Mar/2024:10:40:05 +0800] "POST /xingrg/kc/buy/cgsh_order_operate.html HTTP/1.1" 200 8245
116.230.123.13 - - [08/Mar/2024:10:40:05 +0800] "GET /xingrg/javascript/easyui/themes/default/validatebox.css HTTP/1.1" 404 1104
116.230.116.59 - - [08/Mar/2024:10:40:06 +0800] "POST /xingrg/services/DataTransmitService HTTP/1.1" 200 2331
116.228.172.94 - - [08/Mar/2024:10:40:07 +0800] "GET /xingrg/all/function/internal_message.html?_=1709865334750&CODE_STATE=getMsg HTTP/1.1" 200 27
116.228.172.94 - - [08/Mar/2024:10:40:07 +0800] "GET /xingrg/check_reg.html?_=1709865334753 HTTP/1.1" 200 22
116.224.254.208 - - [08/Mar/2024:10:40:10 +0800] "GET /xingrg/all/function/internal_message.html?_=1709865610312&CODE_STATE=getMsg HTTP/1.1" 200 27
124.78.159.51 - - [08/Mar/2024:10:40:13 +0800] "GET /xingrg/all/function/internal_message.html?_=1709865613205&CODE_STATE=getMsg HTTP/1.1" 200 27
116.224.254.208 - - [08/Mar/2024:10:40:14 +0800] "GET /xingrg/all/function/internal_message.html?_=1709865615028&CODE_STATE=getMsg HTTP/1.1" 200 27
116.238.97.31 - - [08/Mar/2024:10:40:15 +0800] "GET /xingrg/all/function/internal_message.html?_=1709865615862&CODE_STATE=getMsg HTTP/1.1" 200 27
