116.232.194.112 - - [07/Mar/2024:09:06:21 +0800] "GET /xingrg/all/function/internal_message.html?_=1709773560716&CODE_STATE=getMsg HTTP/1.1" 200 27
116.232.194.112 - - [07/Mar/2024:09:06:22 +0800] "GET /xingrg/all/function/internal_message.html?_=1709773561784&CODE_STATE=getMsg HTTP/1.1" 200 27
180.164.1.25 - - [07/Mar/2024:09:06:24 +0800] "GET /xingrg/all/function/internal_message.html?_=1709773583901&CODE_STATE=getMsg HTTP/1.1" 200 27
114.83.221.70 - - [07/Mar/2024:09:06:32 +0800] "GET /xingrg/all/function/internal_message.html?_=1709773593483&CODE_STATE=getMsg HTTP/1.1" 200 27
114.83.221.70 - - [07/Mar/2024:09:06:32 +0800] "GET /xingrg/check_reg.html?_=1709773593570 HTTP/1.1" 200 22
116.230.116.59 - - [07/Mar/2024:09:06:34 +0800] "GET /xingrg/all/function/internal_message.html?_=1709773608176&CODE_STATE=getMsg HTTP/1.1" 200 27
116.224.254.208 - - [07/Mar/2024:09:06:34 +0800] "GET /xingrg/all/function/internal_message.html?_=1709773594869&CODE_STATE=getMsg HTTP/1.1" 200 27
120.253.135.82 - - [07/Mar/2024:09:06:35 +0800] "GET /xingrg/all/function/internal_message.html?_=1709773433241&CODE_STATE=getMsg HTTP/1.1" 200 27
116.232.194.112 - - [07/Mar/2024:09:06:38 +0800] "GET /xingrg/all/function/internal_message.html?_=1709773577169&CODE_STATE=getMsg HTTP/1.1" 200 27
124.78.60.103 - - [07/Mar/2024:09:06:38 +0800] "GET /favicon.ico HTTP/1.1" 404 -
120.253.135.82 - - [07/Mar/2024:09:06:46 +0800] "GET /xingrg/all/function/internal_message.html?_=1709773606485&CODE_STATE=getMsg HTTP/1.1" 200 27
180.169.147.146 - - [07/Mar/2024:09:06:51 +0800] "GET /xingrg/all/function/internal_message.html?_=1709773611058&CODE_STATE=getMsg HTTP/1.1" 302 -
222.70.115.1 - - [07/Mar/2024:09:06:52 +0800] "GET /xingrg/all/function/internal_message.html?_=1709773613655&CODE_STATE=getMsg HTTP/1.1" 200 27
172.20.0.100 - - [07/Mar/2024:09:06:54 +0800] "GET /xingrg/all/function/internal_message.html?_=1709773614186&CODE_STATE=getMsg HTTP/1.1" 200 27
124.78.60.103 - - [07/Mar/2024:09:06:58 +0800] "GET /favicon.ico HTTP/1.1" 404 -
114.83.221.70 - - [07/Mar/2024:09:07:02 +0800] "GET /xingrg/kc/buy/cgsh_order_operate.html?command=get_materiel&rest_code=00154&code=00101008353&supplier_code=00100417&order_time=2024-03-07 HTTP/1.1" 200 408
180.164.1.25 - - [07/Mar/2024:09:07:05 +0800] "POST /xingrg/services/DataTransmitService HTTP/1.1" 200 524
124.78.60.103 - - [07/Mar/2024:09:07:05 +0800] "GET /xingrg/all/function/internal_message.html?_=1709773625575&CODE_STATE=getMsg HTTP/1.1" 200 27
116.224.254.208 - - [07/Mar/2024:09:07:06 +0800] "GET /xingrg/all/function/internal_message.html?_=1709773625856&CODE_STATE=getMsg HTTP/1.1" 200 27
116.224.254.208 - - [07/Mar/2024:09:07:06 +0800] "GET /xingrg/check_reg.html?_=1709773626059 HTTP/1.1" 200 22
116.228.172.94 - - [07/Mar/2024:09:07:07 +0800] "GET /xingrg/all/function/internal_message.html?_=1709773354740&CODE_STATE=getMsg HTTP/1.1" 200 27
180.169.147.146 - - [07/Mar/2024:09:07:10 +0800] "GET /xingrg/check_reg.html?_=1709773630479 HTTP/1.1" 200 22
180.169.147.146 - - [07/Mar/2024:09:07:10 +0800] "GET /xingrg/all/function/internal_message.html?_=1709773630482&CODE_STATE=getMsg HTTP/1.1" 200 27
172.20.0.100 - - [07/Mar/2024:09:07:15 +0800] "GET /xingrg/check_reg.html?_=1709773642850 HTTP/1.1" 302 -
172.20.0.100 - - [07/Mar/2024:09:07:16 +0800] "GET /xingrg/all/function/internal_message.html?_=1709773643802&CODE_STATE=getMsg HTTP/1.1" 302 -
116.232.194.112 - - [07/Mar/2024:09:07:21 +0800] "GET /xingrg/all/function/internal_message.html?_=1709773620698&CODE_STATE=getMsg HTTP/1.1" 200 27
116.232.194.112 - - [07/Mar/2024:09:07:22 +0800] "GET /xingrg/check_reg.html?_=1709773621795 HTTP/1.1" 200 22
116.232.194.112 - - [07/Mar/2024:09:07:22 +0800] "GET /xingrg/all/function/internal_message.html?_=1709773621797&CODE_STATE=getMsg HTTP/1.1" 200 27
180.164.1.25 - - [07/Mar/2024:09:07:24 +0800] "GET /xingrg/all/function/internal_message.html?_=1709773643915&CODE_STATE=getMsg HTTP/1.1" 200 27
114.83.221.70 - - [07/Mar/2024:09:07:28 +0800] "GET /xingrg/kc/buy/cgsh_order_operate.html?command=get_materiel&rest_code=00154&code=00101008108&supplier_code=00100417&order_time=2024-03-07 HTTP/1.1" 200 412
114.83.221.70 - - [07/Mar/2024:09:07:32 +0800] "GET /xingrg/all/function/internal_message.html?_=1709773653463&CODE_STATE=getMsg HTTP/1.1" 200 27
116.224.254.208 - - [07/Mar/2024:09:07:34 +0800] "GET /xingrg/all/function/internal_message.html?_=1709773654865&CODE_STATE=getMsg HTTP/1.1" 200 27
116.230.116.59 - - [07/Mar/2024:09:07:34 +0800] "GET /xingrg/all/function/internal_message.html?_=1709773668510&CODE_STATE=getMsg HTTP/1.1" 200 27
120.253.135.82 - - [07/Mar/2024:09:07:35 +0800] "GET /xingrg/all/function/internal_message.html?_=1709773493405&CODE_STATE=getMsg HTTP/1.1" 200 27
116.232.194.112 - - [07/Mar/2024:09:07:38 +0800] "GET /xingrg/check_reg.html?_=1709773637035 HTTP/1.1" 200 22
116.232.194.112 - - [07/Mar/2024:09:07:38 +0800] "GET /xingrg/all/function/internal_message.html?_=1709773637157&CODE_STATE=getMsg HTTP/1.1" 200 27
114.83.221.70 - - [07/Mar/2024:09:07:41 +0800] "GET /xingrg/kc/buy/cgsh_order_operate.html?command=get_materiel&rest_code=00154&code=00101008350&supplier_code=00100417&order_time=2024-03-07 HTTP/1.1" 200 408
120.253.135.82 - - [07/Mar/2024:09:07:46 +0800] "GET /xingrg/all/function/internal_message.html?_=1709773666484&CODE_STATE=getMsg HTTP/1.1" 200 27
180.169.147.146 - - [07/Mar/2024:09:07:51 +0800] "GET /xingrg/all/function/internal_message.html?_=1709773671054&CODE_STATE=getMsg HTTP/1.1" 302 -
222.70.115.1 - - [07/Mar/2024:09:07:52 +0800] "GET /xingrg/all/function/internal_message.html?_=1709773673657&CODE_STATE=getMsg HTTP/1.1" 200 27
172.20.0.100 - - [07/Mar/2024:09:07:54 +0800] "GET /xingrg/all/function/internal_message.html?_=1709773674190&CODE_STATE=getMsg HTTP/1.1" 200 27
114.83.221.70 - - [07/Mar/2024:09:08:05 +0800] "GET /xingrg/kc/buy/cgsh_order_operate.html?command=get_materiel&rest_code=00154&code=00101008300&supplier_code=00100417&order_time=2024-03-07 HTTP/1.1" 200 412
124.78.60.103 - - [07/Mar/2024:09:08:05 +0800] "GET /xingrg/all/function/internal_message.html?_=1709773685552&CODE_STATE=getMsg HTTP/1.1" 200 27
116.224.254.208 - - [07/Mar/2024:09:08:06 +0800] "GET /xingrg/all/function/internal_message.html?_=1709773685840&CODE_STATE=getMsg HTTP/1.1" 200 27
116.228.172.94 - - [07/Mar/2024:09:08:07 +0800] "GET /xingrg/all/function/internal_message.html?_=1709773414756&CODE_STATE=getMsg HTTP/1.1" 200 27
180.169.147.146 - - [07/Mar/2024:09:08:10 +0800] "GET /xingrg/all/function/internal_message.html?_=1709773690478&CODE_STATE=getMsg HTTP/1.1" 200 27
116.224.254.208 - - [07/Mar/2024:09:08:15 +0800] "GET /xingrg/kc/buy/cgsh_order_list.html HTTP/1.1" 200 57886
172.20.0.100 - - [07/Mar/2024:09:08:16 +0800] "GET /xingrg/all/function/internal_message.html?_=1709773703848&CODE_STATE=getMsg HTTP/1.1" 302 -
116.224.254.208 - - [07/Mar/2024:09:08:17 +0800] "POST /xingrg/kc/buy/cgsh_list_operate.html HTTP/1.1" 200 645
114.83.221.70 - - [07/Mar/2024:09:08:19 +0800] "GET /xingrg/kc/buy/cgsh_order_operate.html?command=get_materiel&rest_code=00154&code=00101008155&supplier_code=00100417&order_time=2024-03-07 HTTP/1.1" 200 408
116.224.254.208 - - [07/Mar/2024:09:08:20 +0800] "GET /xingrg/javascript/jquery_tools/images/next.gif HTTP/1.1" 404 1086
116.224.254.208 - - [07/Mar/2024:09:08:20 +0800] "GET /xingrg/javascript/jquery_tools/images/prev.gif HTTP/1.1" 404 1086
116.232.194.112 - - [07/Mar/2024:09:08:21 +0800] "GET /xingrg/all/function/internal_message.html?_=1709773680689&CODE_STATE=getMsg HTTP/1.1" 200 27
116.232.194.112 - - [07/Mar/2024:09:08:22 +0800] "GET /xingrg/all/function/internal_message.html?_=1709773681795&CODE_STATE=getMsg HTTP/1.1" 200 27
180.164.1.25 - - [07/Mar/2024:09:08:24 +0800] "GET /xingrg/check_reg.html?_=1709773703903 HTTP/1.1" 200 22
180.164.1.25 - - [07/Mar/2024:09:08:24 +0800] "GET /xingrg/all/function/internal_message.html?_=1709773703905&CODE_STATE=getMsg HTTP/1.1" 200 27
116.224.254.208 - - [07/Mar/2024:09:08:29 +0800] "POST /xingrg/kc/buy/cgsh_list_operate.html HTTP/1.1" 200 1990
114.83.221.70 - - [07/Mar/2024:09:08:32 +0800] "GET /xingrg/all/function/internal_message.html?_=1709773713457&CODE_STATE=getMsg HTTP/1.1" 200 27
116.224.254.208 - - [07/Mar/2024:09:08:33 +0800] "POST /xingrg/kc/buy/cgsh_list_operate.html HTTP/1.1" 200 199
116.224.254.208 - - [07/Mar/2024:09:08:34 +0800] "GET /xingrg/all/function/internal_message.html?_=1709773714858&CODE_STATE=getMsg HTTP/1.1" 200 27
116.224.254.208 - - [07/Mar/2024:09:08:34 +0800] "GET /xingrg/check_reg.html?_=1709773714859 HTTP/1.1" 200 22
116.230.116.59 - - [07/Mar/2024:09:08:34 +0800] "GET /xingrg/all/function/internal_message.html?_=1709773728516&CODE_STATE=getMsg HTTP/1.1" 200 27
114.83.221.70 - - [07/Mar/2024:09:08:35 +0800] "GET /xingrg/kc/buy/cgsh_order_operate.html?command=get_materiel&rest_code=00154&code=00101008372&supplier_code=00100417&order_time=2024-03-07 HTTP/1.1" 200 408
120.253.135.82 - - [07/Mar/2024:09:08:35 +0800] "GET /xingrg/all/function/internal_message.html?_=1709773553409&CODE_STATE=getMsg HTTP/1.1" 200 27
116.224.254.208 - - [07/Mar/2024:09:08:35 +0800] "GET /xingrg/kc/buy/cgsh_order_info.html?code=212024030701727 HTTP/1.1" 200 68598
116.224.254.208 - - [07/Mar/2024:09:08:36 +0800] "GET /xingrg/javascript/easyui/themes/default/validatebox.css HTTP/1.1" 404 1104
116.224.254.208 - - [07/Mar/2024:09:08:37 +0800] "POST /xingrg/kc/buy/cgsh_order_operate.html HTTP/1.1" 200 604
116.232.194.112 - - [07/Mar/2024:09:08:38 +0800] "GET /xingrg/all/function/internal_message.html?_=1709773697171&CODE_STATE=getMsg HTTP/1.1" 200 27
116.232.194.112 - - [07/Mar/2024:09:08:38 +0800] "GET /xingrg/check_reg.html?_=1709773697172 HTTP/1.1" 200 22
116.224.254.208 - - [07/Mar/2024:09:08:44 +0800] "POST /xingrg/kc/buy/cgsh_order_operate.html HTTP/1.1" 200 12
120.253.135.82 - - [07/Mar/2024:09:08:46 +0800] "GET /xingrg/all/function/internal_message.html?_=1709773726468&CODE_STATE=getMsg HTTP/1.1" 200 27
180.169.147.146 - - [07/Mar/2024:09:08:51 +0800] "GET /xingrg/all/function/internal_message.html?_=1709773731042&CODE_STATE=getMsg HTTP/1.1" 302 -
114.83.221.70 - - [07/Mar/2024:09:08:51 +0800] "GET /xingrg/kc/buy/cgsh_order_operate.html?command=get_materiel&rest_code=00154&code=00101008087&supplier_code=00100417&order_time=2024-03-07 HTTP/1.1" 200 412
222.70.115.1 - - [07/Mar/2024:09:08:52 +0800] "GET /xingrg/all/function/internal_message.html?_=1709773733659&CODE_STATE=getMsg HTTP/1.1" 200 27
172.20.0.100 - - [07/Mar/2024:09:08:54 +0800] "GET /xingrg/all/function/internal_message.html?_=1709773734192&CODE_STATE=getMsg HTTP/1.1" 200 27
116.224.254.208 - - [07/Mar/2024:09:08:56 +0800] "GET /xingrg/kc/buy/cgsh_order_info.html?code=212024030701727 HTTP/1.1" 200 73698
116.224.254.208 - - [07/Mar/2024:09:08:57 +0800] "GET /xingrg/javascript/easyui/themes/default/validatebox.css HTTP/1.1" 404 1104
116.224.254.208 - - [07/Mar/2024:09:08:58 +0800] "POST /xingrg/kc/buy/cgsh_order_operate.html HTTP/1.1" 200 2654
124.78.60.103 - - [07/Mar/2024:09:09:05 +0800] "GET /xingrg/all/function/internal_message.html?_=1709773745535&CODE_STATE=getMsg HTTP/1.1" 200 27
116.224.254.208 - - [07/Mar/2024:09:09:06 +0800] "GET /xingrg/all/function/internal_message.html?_=1709773745818&CODE_STATE=getMsg HTTP/1.1" 200 27
116.228.172.94 - - [07/Mar/2024:09:09:07 +0800] "GET /xingrg/all/function/internal_message.html?_=1709773474745&CODE_STATE=getMsg HTTP/1.1" 200 27
180.169.147.146 - - [07/Mar/2024:09:09:10 +0800] "GET /xingrg/all/function/internal_message.html?_=1709773750483&CODE_STATE=getMsg HTTP/1.1" 200 27
116.224.254.208 - - [07/Mar/2024:09:09:13 +0800] "POST /xingrg/kc/buy/cgsh_order_operate.html HTTP/1.1" 200 37
116.224.254.208 - - [07/Mar/2024:09:09:16 +0800] "POST /xingrg/kc/buy/cgsh_order_operate.html HTTP/1.1" 200 2654
172.20.0.100 - - [07/Mar/2024:09:09:16 +0800] "GET /xingrg/all/function/internal_message.html?_=1709773763861&CODE_STATE=getMsg HTTP/1.1" 302 -
116.232.194.112 - - [07/Mar/2024:09:09:21 +0800] "GET /xingrg/all/function/internal_message.html?_=1709773740685&CODE_STATE=getMsg HTTP/1.1" 200 27
116.232.194.112 - - [07/Mar/2024:09:09:22 +0800] "GET /xingrg/all/function/internal_message.html?_=1709773741784&CODE_STATE=getMsg HTTP/1.1" 200 27
116.224.254.208 - - [07/Mar/2024:09:09:23 +0800] "GET /xingrg/index.html?sysBaseUrl=http%3A%2F%2F180.169.147.146%3A18081%2Fxingrg%2F&costTime=14×tamp=1698040851670 HTTP/1.1" 302 -
116.224.254.208 - - [07/Mar/2024:09:09:23 +0800] "GET /xingrg/login.html HTTP/1.1" 200 7641
116.224.254.208 - - [07/Mar/2024:09:09:24 +0800] "GET /xingrg/images/blue/login_bg.png HTTP/1.1" 200 22101
116.224.254.208 - - [07/Mar/2024:09:09:24 +0800] "GET /xingrg/images/blue/srbg.png HTTP/1.1" 200 138
116.224.254.208 - - [07/Mar/2024:09:09:24 +0800] "GET /xingrg/images/blue/hj.png HTTP/1.1" 200 1014
116.224.254.208 - - [07/Mar/2024:09:09:24 +0800] "GET /favicon.ico HTTP/1.1" 404 -
180.164.1.25 - - [07/Mar/2024:09:09:24 +0800] "GET /xingrg/all/function/internal_message.html?_=1709773763905&CODE_STATE=getMsg HTTP/1.1" 200 27
114.83.221.70 - - [07/Mar/2024:09:09:25 +0800] "GET /xingrg/kc/buy/cgsh_order_operate.html?command=get_materiel&rest_code=00154&code=00101008356&supplier_code=00100417&order_time=2024-03-07 HTTP/1.1" 200 408
116.224.254.208 - - [07/Mar/2024:09:09:30 +0800] "POST /xingrg/login.do HTTP/1.1" 302 -
116.224.254.208 - - [07/Mar/2024:09:09:30 +0800] "GET /xingrg/index.html?sysBaseUrl=http%3A%2F%2F180.169.147.146%3A18081%2Fxingrg%2F&costTime=802×tamp=1709773770537 HTTP/1.1" 200 17177
116.224.254.208 - - [07/Mar/2024:09:09:30 +0800] "GET /favicon.ico HTTP/1.1" 404 -
116.224.254.208 - - [07/Mar/2024:09:09:31 +0800] "POST /xingrg/all/common/load_tree.html?tree=area_rest_tree_json&manage=1 HTTP/1.1" 200 476
116.224.254.208 - - [07/Mar/2024:09:09:31 +0800] "GET /xingrg/all/function/internal_message.html?_=1709773771210&CODE_STATE=count HTTP/1.1" 200 11
116.224.254.208 - - [07/Mar/2024:09:09:31 +0800] "GET /xingrg/check_reg.html?_=1709773771210 HTTP/1.1" 200 22
116.224.254.208 - - [07/Mar/2024:09:09:31 +0800] "POST /xingrg/load_menu.html HTTP/1.1" 200 5138
114.83.221.70 - - [07/Mar/2024:09:09:32 +0800] "GET /xingrg/all/function/internal_message.html?_=1709773773465&CODE_STATE=getMsg HTTP/1.1" 200 27
116.224.254.208 - - [07/Mar/2024:09:09:33 +0800] "GET /xingrg/kc/buy/cgsh_order_list.html HTTP/1.1" 200 57884
116.230.116.59 - - [07/Mar/2024:09:09:34 +0800] "GET /xingrg/check_reg.html?_=1709773787921 HTTP/1.1" 200 22
116.230.116.59 - - [07/Mar/2024:09:09:34 +0800] "GET /xingrg/all/function/internal_message.html?_=1709773788529&CODE_STATE=getMsg HTTP/1.1" 200 27
120.253.135.82 - - [07/Mar/2024:09:09:35 +0800] "GET /xingrg/all/function/internal_message.html?_=1709773613569&CODE_STATE=getMsg HTTP/1.1" 200 27
116.224.254.208 - - [07/Mar/2024:09:09:36 +0800] "POST /xingrg/kc/buy/cgsh_list_operate.html HTTP/1.1" 200 645
116.232.194.112 - - [07/Mar/2024:09:09:38 +0800] "GET /xingrg/all/function/internal_message.html?_=1709773757162&CODE_STATE=getMsg HTTP/1.1" 200 27
116.224.254.208 - - [07/Mar/2024:09:09:40 +0800] "POST /xingrg/all/user/operate.html HTTP/1.1" 200 36
116.224.254.208 - - [07/Mar/2024:09:09:40 +0800] "GET /xingrg/index.html?sysBaseUrl=http%3A%2F%2F180.169.147.146%3A18081%2Fxingrg%2F&costTime=802×tamp=1709773770537 HTTP/1.1" 200 17179
116.224.254.208 - - [07/Mar/2024:09:09:40 +0800] "GET /xingrg/javascript/jquery_easy_ui/themes/default/easyui.css HTTP/1.1" 304 -
116.224.254.208 - - [07/Mar/2024:09:09:40 +0800] "GET /xingrg/javascript/jquery_easy_ui/themes/icon.css HTTP/1.1" 304 -
116.224.254.208 - - [07/Mar/2024:09:09:40 +0800] "GET /xingrg/css/form.css HTTP/1.1" 304 -
116.224.254.208 - - [07/Mar/2024:09:09:40 +0800] "GET /xingrg/javascript/jquery-1.4.2.min.js HTTP/1.1" 304 -
116.224.254.208 - - [07/Mar/2024:09:09:40 +0800] "GET /xingrg/javascript/jquery_easy_ui/jquery.easyui.min.js HTTP/1.1" 304 -
116.224.254.208 - - [07/Mar/2024:09:09:40 +0800] "GET /xingrg/javascript/jquery_easy_ui/easyui-lang-zh_CN.js HTTP/1.1" 304 -
116.224.254.208 - - [07/Mar/2024:09:09:40 +0800] "GET /xingrg/javascript/jquery.form.js HTTP/1.1" 304 -
116.224.254.208 - - [07/Mar/2024:09:09:40 +0800] "GET /xingrg/javascript/jquery.utils.js HTTP/1.1" 304 -
116.224.254.208 - - [07/Mar/2024:09:09:40 +0800] "GET /xingrg/javascript/jquery.timers.js HTTP/1.1" 304 -
116.224.254.208 - - [07/Mar/2024:09:09:40 +0800] "GET /xingrg/images/blue/jxLogo.png HTTP/1.1" 304 -
116.224.254.208 - - [07/Mar/2024:09:09:40 +0800] "GET /xingrg/images/blue/navBackgound.jpg HTTP/1.1" 304 -
116.224.254.208 - - [07/Mar/2024:09:09:40 +0800] "GET /xingrg/javascript/jquery_easy_ui/themes/icons/settle_new.png HTTP/1.1" 304 -
116.224.254.208 - - [07/Mar/2024:09:09:40 +0800] "GET /xingrg/check_reg.html?_=1709773780448 HTTP/1.1" 200 22
116.224.254.208 - - [07/Mar/2024:09:09:40 +0800] "GET /xingrg/all/function/internal_message.html?_=1709773780446&CODE_STATE=count HTTP/1.1" 200 11
116.224.254.208 - - [07/Mar/2024:09:09:40 +0800] "GET /xingrg/javascript/jquery_easy_ui/themes/default/images/tabs_rightarrow.png HTTP/1.1" 304 -
116.224.254.208 - - [07/Mar/2024:09:09:40 +0800] "GET /xingrg/javascript/jquery_easy_ui/themes/default/images/tabs_leftarrow.png HTTP/1.1" 304 -
116.224.254.208 - - [07/Mar/2024:09:09:40 +0800] "GET /xingrg/javascript/jquery_easy_ui/themes/default/images/panel_tool_collapse.gif HTTP/1.1" 304 -
116.224.254.208 - - [07/Mar/2024:09:09:40 +0800] "GET /xingrg/images/blue/pingpu.png HTTP/1.1" 304 -
116.224.254.208 - - [07/Mar/2024:09:09:40 +0800] "POST /xingrg/all/common/load_tree.html?tree=area_rest_tree_json&manage=1 HTTP/1.1" 200 476
116.224.254.208 - - [07/Mar/2024:09:09:40 +0800] "POST /xingrg/load_menu.html HTTP/1.1" 200 5138
116.224.254.208 - - [07/Mar/2024:09:09:42 +0800] "GET /xingrg/kc/buy/cgsh_order_list.html HTTP/1.1" 200 57886
114.83.221.70 - - [07/Mar/2024:09:09:45 +0800] "GET /xingrg/kc/buy/cgsh_order_operate.html?command=get_materiel&rest_code=00154&code=00101012070&supplier_code=00100417&order_time=2024-03-07 HTTP/1.1" 200 412
180.163.29.217 - - [07/Mar/2024:09:09:46 +0800] "GET /xingrg/all/function/internal_message.html?_=1709773726468&CODE_STATE=getMsg HTTP/1.1" 302 -
180.163.29.217 - - [07/Mar/2024:09:09:46 +0800] "GET /xingrg/login.html HTTP/1.1" 200 7641
120.253.135.82 - - [07/Mar/2024:09:09:46 +0800] "GET /xingrg/all/function/internal_message.html?_=1709773786455&CODE_STATE=getMsg HTTP/1.1" 200 27
120.253.135.82 - - [07/Mar/2024:09:09:46 +0800] "GET /xingrg/check_reg.html?_=1709773786457 HTTP/1.1" 200 22
116.224.254.208 - - [07/Mar/2024:09:09:46 +0800] "POST /xingrg/kc/buy/cgsh_list_operate.html HTTP/1.1" 200 1372
180.169.147.146 - - [07/Mar/2024:09:09:51 +0800] "GET /xingrg/all/function/internal_message.html?_=1709773791053&CODE_STATE=getMsg HTTP/1.1" 302 -
222.70.115.1 - - [07/Mar/2024:09:09:52 +0800] "GET /xingrg/all/function/internal_message.html?_=1709773793660&CODE_STATE=getMsg HTTP/1.1" 200 27
222.70.115.1 - - [07/Mar/2024:09:09:52 +0800] "GET /xingrg/check_reg.html?_=1709773793665 HTTP/1.1" 200 22
172.20.0.100 - - [07/Mar/2024:09:09:54 +0800] "GET /xingrg/all/function/internal_message.html?_=1709773794178&CODE_STATE=getMsg HTTP/1.1" 200 27
116.224.254.208 - - [07/Mar/2024:09:09:56 +0800] "POST /xingrg/kc/buy/cgsh_list_operate.html HTTP/1.1" 200 199
114.83.221.70 - - [07/Mar/2024:09:09:57 +0800] "GET /xingrg/kc/buy/cgsh_order_operate.html?command=get_materiel&rest_code=00154&code=00101008261&supplier_code=00100417&order_time=2024-03-07 HTTP/1.1" 200 408
120.253.135.82 - - [07/Mar/2024:09:09:59 +0800] "GET /xingrg/check_reg.html?_=1709773636792 HTTP/1.1" 200 22
116.224.254.208 - - [07/Mar/2024:09:10:01 +0800] "GET /xingrg/kc/buy/cgsh_order_info.html?code=212024030701727 HTTP/1.1" 200 73698
116.224.254.208 - - [07/Mar/2024:09:10:01 +0800] "GET /xingrg/javascript/easyui/themes/default/validatebox.css HTTP/1.1" 404 1104
116.224.254.208 - - [07/Mar/2024:09:10:01 +0800] "GET /xingrg/all/common/auto_word.html?type=employee&rest_code=00150 HTTP/1.1" 200 159
116.224.254.208 - - [07/Mar/2024:09:10:01 +0800] "GET /xingrg/all/common/auto_word.html?type=employee&rest_code=00150 HTTP/1.1" 200 159
116.224.254.208 - - [07/Mar/2024:09:10:02 +0800] "POST /xingrg/kc/buy/cgsh_order_operate.html HTTP/1.1" 200 2654
124.78.60.103 - - [07/Mar/2024:09:10:05 +0800] "GET /xingrg/all/function/internal_message.html?_=1709773805516&CODE_STATE=getMsg HTTP/1.1" 200 27
116.224.254.208 - - [07/Mar/2024:09:10:06 +0800] "GET /xingrg/all/function/internal_message.html?_=1709773805802&CODE_STATE=getMsg HTTP/1.1" 200 27
116.228.172.94 - - [07/Mar/2024:09:10:07 +0800] "GET /xingrg/check_reg.html?_=1709773534766 HTTP/1.1" 200 22
116.228.172.94 - - [07/Mar/2024:09:10:07 +0800] "GET /xingrg/all/function/internal_message.html?_=1709773534762&CODE_STATE=getMsg HTTP/1.1" 200 27
180.169.147.146 - - [07/Mar/2024:09:10:10 +0800] "GET /xingrg/all/function/internal_message.html?_=1709773810478&CODE_STATE=getMsg HTTP/1.1" 200 27
116.224.254.208 - - [07/Mar/2024:09:10:13 +0800] "POST /xingrg/kc/buy/cgsh_order_operate.html HTTP/1.1" 200 37
114.83.221.70 - - [07/Mar/2024:09:10:13 +0800] "GET /xingrg/kc/buy/cgsh_order_operate.html?command=get_materiel&rest_code=00154&code=00101008286&supplier_code=00100417&order_time=2024-03-07 HTTP/1.1" 200 408
172.20.0.100 - - [07/Mar/2024:09:10:16 +0800] "GET /xingrg/all/function/internal_message.html?_=1709773823922&CODE_STATE=getMsg HTTP/1.1" 302 -
116.224.254.208 - - [07/Mar/2024:09:10:20 +0800] "POST /xingrg/kc/buy/cgsh_order_operate.html HTTP/1.1" 200 12
116.232.194.112 - - [07/Mar/2024:09:10:21 +0800] "GET /xingrg/all/function/internal_message.html?_=1709773800678&CODE_STATE=getMsg HTTP/1.1" 200 27
116.232.194.112 - - [07/Mar/2024:09:10:22 +0800] "GET /xingrg/all/function/internal_message.html?_=1709773801776&CODE_STATE=getMsg HTTP/1.1" 200 27
116.224.254.208 - - [07/Mar/2024:09:10:23 +0800] "GET /xingrg/kc/buy/cgsh_order_info.html?code=212024030701727 HTTP/1.1" 200 68598
116.224.254.208 - - [07/Mar/2024:09:10:24 +0800] "GET /xingrg/javascript/easyui/themes/default/validatebox.css HTTP/1.1" 404 1104
180.164.1.25 - - [07/Mar/2024:09:10:24 +0800] "GET /xingrg/all/function/internal_message.html?_=1709773823894&CODE_STATE=getMsg HTTP/1.1" 200 27
116.224.254.208 - - [07/Mar/2024:09:10:25 +0800] "POST /xingrg/kc/buy/cgsh_order_operate.html HTTP/1.1" 200 604
124.78.60.103 - - [07/Mar/2024:09:10:26 +0800] "GET /xingrg/check_reg.html?_=1709773826073 HTTP/1.1" 200 22
116.224.254.208 - - [07/Mar/2024:09:10:29 +0800] "GET /xingrg/kc/print/load_config.html?kc_code=cgsh HTTP/1.1" 200 1927
116.224.254.208 - - [07/Mar/2024:09:10:29 +0800] "GET /xingrg/kc/print/load_data.html?order_code=212024030701727&kc_code=cgsh&condition= HTTP/1.1" 200 684
114.83.221.70 - - [07/Mar/2024:09:10:30 +0800] "GET /xingrg/kc/buy/cgsh_order_operate.html?command=get_materiel&rest_code=00154&code=00101012029&supplier_code=00100417&order_time=2024-03-07 HTTP/1.1" 200 412
114.83.221.70 - - [07/Mar/2024:09:10:32 +0800] "GET /xingrg/all/function/internal_message.html?_=1709773833464&CODE_STATE=getMsg HTTP/1.1" 200 27
116.230.116.59 - - [07/Mar/2024:09:10:34 +0800] "GET /xingrg/all/function/internal_message.html?_=1709773848542&CODE_STATE=getMsg HTTP/1.1" 200 27
120.253.135.82 - - [07/Mar/2024:09:10:35 +0800] "GET /xingrg/all/function/internal_message.html?_=1709773673577&CODE_STATE=getMsg HTTP/1.1" 200 27
116.232.194.112 - - [07/Mar/2024:09:10:38 +0800] "GET /xingrg/all/function/internal_message.html?_=1709773817178&CODE_STATE=getMsg HTTP/1.1" 200 27
114.83.221.70 - - [07/Mar/2024:09:10:40 +0800] "GET /xingrg/kc/buy/cgsh_order_operate.html?command=get_materiel&rest_code=00154&code=00101008354&supplier_code=00100417&order_time=2024-03-07 HTTP/1.1" 200 412
116.224.254.208 - - [07/Mar/2024:09:10:40 +0800] "GET /xingrg/all/function/internal_message.html?_=1709773840453&CODE_STATE=getMsg HTTP/1.1" 200 27
180.164.1.25 - - [07/Mar/2024:09:10:41 +0800] "GET /xingrg/javascript/jquery_easy_ui/themes/default/images/tabs_active.png HTTP/1.1" 200 2894
180.164.1.25 - - [07/Mar/2024:09:10:42 +0800] "POST /xingrg/kc/base/wldb_list_operate.html HTTP/1.1" 200 2603
180.163.30.100 - - [07/Mar/2024:09:10:46 +0800] "GET /xingrg/check_reg.html?_=1709773786457 HTTP/1.1" 302 -
180.163.30.100 - - [07/Mar/2024:09:10:46 +0800] "GET /xingrg/login.html HTTP/1.1" 200 7641
120.253.135.82 - - [07/Mar/2024:09:10:46 +0800] "GET /xingrg/all/function/internal_message.html?_=1709773846442&CODE_STATE=getMsg HTTP/1.1" 200 27
180.169.147.146 - - [07/Mar/2024:09:10:51 +0800] "GET /xingrg/all/function/internal_message.html?_=1709773851049&CODE_STATE=getMsg HTTP/1.1" 302 -
180.169.147.146 - - [07/Mar/2024:09:10:51 +0800] "GET /xingrg/check_reg.html?_=1709773851055 HTTP/1.1" 302 -
222.70.115.1 - - [07/Mar/2024:09:10:52 +0800] "GET /xingrg/all/function/internal_message.html?_=1709773853650&CODE_STATE=getMsg HTTP/1.1" 200 27
172.20.0.100 - - [07/Mar/2024:09:10:54 +0800] "GET /xingrg/all/function/internal_message.html?_=1709773854181&CODE_STATE=getMsg HTTP/1.1" 200 27
172.20.0.100 - - [07/Mar/2024:09:10:54 +0800] "GET /xingrg/check_reg.html?_=1709773854183 HTTP/1.1" 200 22
124.78.60.103 - - [07/Mar/2024:09:11:05 +0800] "GET /xingrg/all/function/internal_message.html?_=1709773865513&CODE_STATE=getMsg HTTP/1.1" 200 27
180.164.1.25 - - [07/Mar/2024:09:11:05 +0800] "POST /xingrg/kc/base/wldb_list_operate.html HTTP/1.1" 200 4
116.224.254.208 - - [07/Mar/2024:09:11:06 +0800] "GET /xingrg/all/function/internal_message.html?_=1709773865780&CODE_STATE=getMsg HTTP/1.1" 200 27
116.228.172.94 - - [07/Mar/2024:09:11:07 +0800] "GET /xingrg/all/function/internal_message.html?_=1709773594764&CODE_STATE=getMsg HTTP/1.1" 200 27
180.164.1.25 - - [07/Mar/2024:09:11:08 +0800] "POST /xingrg/kc/base/wldb_list_operate.html HTTP/1.1" 200 928
180.169.147.146 - - [07/Mar/2024:09:11:10 +0800] "GET /xingrg/all/function/internal_message.html?_=1709773870479&CODE_STATE=getMsg HTTP/1.1" 200 27
120.253.135.82 - - [07/Mar/2024:09:11:12 +0800] "GET /xingrg/kc/report/report_main.html HTTP/1.1" 200 8599
114.83.221.70 - - [07/Mar/2024:09:11:13 +0800] "POST /xingrg/kc/buy/cgsh_order_operate.html HTTP/1.1" 200 37
172.20.0.100 - - [07/Mar/2024:09:11:16 +0800] "GET /xingrg/all/function/internal_message.html?_=1709773883934&CODE_STATE=getMsg HTTP/1.1" 302 -
120.253.135.82 - - [07/Mar/2024:09:11:16 +0800] "POST /xingrg/all/user/operate.html HTTP/1.1" 200 36
120.253.135.82 - - [07/Mar/2024:09:11:17 +0800] "GET /xingrg/index.html?sysBaseUrl=http%3A%2F%2F180.169.147.146%3A18081%2Fxingrg%2F&costTime=821×tamp=1709772193228 HTTP/1.1" 200 17503
120.253.135.82 - - [07/Mar/2024:09:11:17 +0800] "GET /xingrg/all/function/internal_message.html?_=1709773877728&CODE_STATE=count HTTP/1.1" 200 11
120.253.135.82 - - [07/Mar/2024:09:11:17 +0800] "GET /xingrg/check_reg.html?_=1709773877729 HTTP/1.1" 200 22
120.253.135.82 - - [07/Mar/2024:09:11:17 +0800] "POST /xingrg/all/common/load_tree.html?tree=area_rest_tree_json&manage=1 HTTP/1.1" 200 3624
120.253.135.82 - - [07/Mar/2024:09:11:17 +0800] "POST /xingrg/load_menu.html HTTP/1.1" 200 9959
120.253.135.82 - - [07/Mar/2024:09:11:19 +0800] "GET /xingrg/kc/report/report_main.html HTTP/1.1" 200 7340
120.253.135.82 - - [07/Mar/2024:09:11:21 +0800] "GET /xingrg/kc/base/kc_stocks.html HTTP/1.1" 200 16554
114.83.221.70 - - [07/Mar/2024:09:11:21 +0800] "POST /xingrg/kc/buy/cgsh_order_operate.html HTTP/1.1" 200 12
120.253.135.82 - - [07/Mar/2024:09:11:21 +0800] "GET /xingrg/javascript/easyui/themes/default/tree.css HTTP/1.1" 404 1090
120.253.135.82 - - [07/Mar/2024:09:11:21 +0800] "GET /xingrg/all/common/auto_word.html?type=base&rest_code=00102 HTTP/1.1" 200 1857
120.253.135.82 - - [07/Mar/2024:09:11:21 +0800] "POST /xingrg/all/common/load_tree.html?tree=materiel_sort_tree_json HTTP/1.1" 200 9734
116.232.194.112 - - [07/Mar/2024:09:11:21 +0800] "GET /xingrg/all/function/internal_message.html?_=1709773860662&CODE_STATE=getMsg HTTP/1.1" 200 27
116.232.194.112 - - [07/Mar/2024:09:11:22 +0800] "GET /xingrg/all/function/internal_message.html?_=1709773861781&CODE_STATE=getMsg HTTP/1.1" 200 27
114.83.221.70 - - [07/Mar/2024:09:11:23 +0800] "GET /xingrg/kc/buy/cgsh_order_info.html?code=212024030701730 HTTP/1.1" 200 67770
114.83.221.70 - - [07/Mar/2024:09:11:24 +0800] "GET /xingrg/javascript/easyui/themes/default/validatebox.css HTTP/1.1" 404 1104
120.253.135.82 - - [07/Mar/2024:09:11:24 +0800] "POST /xingrg/all/common/load_combo.html?type=base HTTP/1.1" 200 3321
180.164.1.25 - - [07/Mar/2024:09:11:24 +0800] "GET /xingrg/all/function/internal_message.html?_=1709773883893&CODE_STATE=getMsg HTTP/1.1" 200 27
114.83.221.70 - - [07/Mar/2024:09:11:25 +0800] "POST /xingrg/kc/buy/cgsh_order_operate.html HTTP/1.1" 200 7664
114.83.221.70 - - [07/Mar/2024:09:11:27 +0800] "GET /xingrg/kc/print/load_config.html?kc_code=cgsh HTTP/1.1" 200 1927
114.83.221.70 - - [07/Mar/2024:09:11:28 +0800] "GET /xingrg/kc/print/load_data.html?order_code=212024030701730&kc_code=cgsh&condition= HTTP/1.1" 200 3361
114.83.221.70 - - [07/Mar/2024:09:11:32 +0800] "GET /xingrg/all/function/internal_message.html?_=1709773893454&CODE_STATE=getMsg HTTP/1.1" 200 27
114.83.221.70 - - [07/Mar/2024:09:11:32 +0800] "GET /xingrg/check_reg.html?_=1709773893555 HTTP/1.1" 200 22
180.164.1.25 - - [07/Mar/2024:09:11:34 +0800] "GET /xingrg/kc/buy/cgsh_order_list.html HTTP/1.1" 200 57890
180.164.1.25 - - [07/Mar/2024:09:11:34 +0800] "GET /xingrg/javascript/easyui/themes/icons/import_new.png HTTP/1.1" 200 1247
180.164.1.25 - - [07/Mar/2024:09:11:34 +0800] "GET /xingrg/javascript/easyui/themes/icons/check_new.png HTTP/1.1" 200 3224
180.164.1.25 - - [07/Mar/2024:09:11:34 +0800] "GET /xingrg/javascript/easyui/themes/icons/cance_new.png HTTP/1.1" 200 3986
180.164.1.25 - - [07/Mar/2024:09:11:34 +0800] "GET /xingrg/javascript/easyui/themes/icons/field_new.png HTTP/1.1" 200 1097
180.164.1.25 - - [07/Mar/2024:09:11:34 +0800] "GET /xingrg/javascript/easyui/themes/icons/edit_add_new.png HTTP/1.1" 200 2997
116.230.116.59 - - [07/Mar/2024:09:11:34 +0800] "GET /xingrg/all/function/internal_message.html?_=1709773908556&CODE_STATE=getMsg HTTP/1.1" 200 27
120.253.135.82 - - [07/Mar/2024:09:11:35 +0800] "GET /xingrg/all/function/internal_message.html?_=1709773733590&CODE_STATE=getMsg HTTP/1.1" 200 27
114.83.221.70 - - [07/Mar/2024:09:11:36 +0800] "GET /xingrg/login.html HTTP/1.1" 200 7641
114.83.221.70 - - [07/Mar/2024:09:11:36 +0800] "GET /favicon.ico HTTP/1.1" 404 -
120.253.135.82 - - [07/Mar/2024:09:11:37 +0800] "POST /xingrg/kc/base/stock_operate.html HTTP/1.1" 200 1445
116.232.194.112 - - [07/Mar/2024:09:11:38 +0800] "GET /xingrg/all/function/internal_message.html?_=1709773877168&CODE_STATE=getMsg HTTP/1.1" 200 27
114.83.221.70 - - [07/Mar/2024:09:11:38 +0800] "POST /xingrg/login.do HTTP/1.1" 302 -
114.83.221.70 - - [07/Mar/2024:09:11:38 +0800] "GET /xingrg/index.html?sysBaseUrl=http%3A%2F%2F180.169.147.146%3A18081%2Fxingrg%2F&costTime=796×tamp=1709773898861 HTTP/1.1" 200 17179
114.83.221.70 - - [07/Mar/2024:09:11:39 +0800] "GET /favicon.ico HTTP/1.1" 404 -
114.83.221.70 - - [07/Mar/2024:09:11:39 +0800] "GET /xingrg/check_reg.html?_=1709773900011 HTTP/1.1" 200 22
114.83.221.70 - - [07/Mar/2024:09:11:39 +0800] "GET /xingrg/all/function/internal_message.html?_=1709773900011&CODE_STATE=count HTTP/1.1" 200 11
114.83.221.70 - - [07/Mar/2024:09:11:39 +0800] "POST /xingrg/all/common/load_tree.html?tree=area_rest_tree_json&manage=1 HTTP/1.1" 200 351
114.83.221.70 - - [07/Mar/2024:09:11:39 +0800] "POST /xingrg/load_menu.html HTTP/1.1" 200 5138
116.224.254.208 - - [07/Mar/2024:09:11:40 +0800] "GET /xingrg/all/function/internal_message.html?_=1709773900467&CODE_STATE=getMsg HTTP/1.1" 200 27
114.83.221.70 - - [07/Mar/2024:09:11:44 +0800] "GET /xingrg/kc/buy/cgsh_order_list.html HTTP/1.1" 200 57886
114.83.221.70 - - [07/Mar/2024:09:11:48 +0800] "POST /xingrg/kc/buy/cgsh_list_operate.html HTTP/1.1" 200 1372
180.169.147.146 - - [07/Mar/2024:09:11:51 +0800] "GET /xingrg/all/function/internal_message.html?_=1709773911053&CODE_STATE=getMsg HTTP/1.1" 302 -
222.70.115.1 - - [07/Mar/2024:09:11:52 +0800] "GET /xingrg/all/function/internal_message.html?_=1709773913648&CODE_STATE=getMsg HTTP/1.1" 200 27
172.20.0.100 - - [07/Mar/2024:09:11:54 +0800] "GET /xingrg/all/function/internal_message.html?_=1709773914183&CODE_STATE=getMsg HTTP/1.1" 200 27
120.253.135.82 - - [07/Mar/2024:09:11:57 +0800] "POST /xingrg/kc/base/stock_operate.html HTTP/1.1" 200 1447
180.164.1.25 - - [07/Mar/2024:09:12:03 +0800] "POST /xingrg/kc/buy/cgsh_list_operate.html HTTP/1.1" 200 4283
124.78.60.103 - - [07/Mar/2024:09:12:05 +0800] "GET /xingrg/all/function/internal_message.html?_=1709773925497&CODE_STATE=getMsg HTTP/1.1" 200 27
116.224.254.208 - - [07/Mar/2024:09:12:06 +0800] "GET /xingrg/all/function/internal_message.html?_=1709773925761&CODE_STATE=getMsg HTTP/1.1" 200 27
116.224.254.208 - - [07/Mar/2024:09:12:06 +0800] "GET /xingrg/check_reg.html?_=1709773926057 HTTP/1.1" 200 22
116.228.172.94 - - [07/Mar/2024:09:12:07 +0800] "GET /xingrg/all/function/internal_message.html?_=1709773654754&CODE_STATE=getMsg HTTP/1.1" 200 27
180.169.147.146 - - [07/Mar/2024:09:12:10 +0800] "GET /xingrg/all/function/internal_message.html?_=1709773930483&CODE_STATE=getMsg HTTP/1.1" 200 27
180.169.147.146 - - [07/Mar/2024:09:12:10 +0800] "GET /xingrg/check_reg.html?_=1709773930486 HTTP/1.1" 200 22
180.164.1.25 - - [07/Mar/2024:09:12:11 +0800] "POST /xingrg/kc/buy/cgsh_list_operate.html HTTP/1.1" 200 201
172.20.0.100 - - [07/Mar/2024:09:12:15 +0800] "GET /xingrg/check_reg.html?_=1709773942872 HTTP/1.1" 302 -
172.20.0.100 - - [07/Mar/2024:09:12:16 +0800] "GET /xingrg/all/function/internal_message.html?_=1709773943948&CODE_STATE=getMsg HTTP/1.1" 302 -
120.253.135.82 - - [07/Mar/2024:09:12:17 +0800] "GET /xingrg/all/function/internal_message.html?_=1709773937722&CODE_STATE=getMsg HTTP/1.1" 200 27
120.253.135.82 - - [07/Mar/2024:09:12:19 +0800] "POST /xingrg/kc/base/stock_operate.html HTTP/1.1" 200 1698
116.232.194.112 - - [07/Mar/2024:09:12:21 +0800] "GET /xingrg/all/function/internal_message.html?_=1709773920635&CODE_STATE=getMsg HTTP/1.1" 200 27
116.232.194.112 - - [07/Mar/2024:09:12:22 +0800] "GET /xingrg/all/function/internal_message.html?_=1709773921796&CODE_STATE=getMsg HTTP/1.1" 200 27
116.232.194.112 - - [07/Mar/2024:09:12:22 +0800] "GET /xingrg/check_reg.html?_=1709773921798 HTTP/1.1" 200 22
180.164.1.25 - - [07/Mar/2024:09:12:24 +0800] "GET /xingrg/all/function/internal_message.html?_=1709773943891&CODE_STATE=getMsg HTTP/1.1" 200 27
120.253.135.82 - - [07/Mar/2024:09:12:28 +0800] "POST /xingrg/kc/base/stock_operate.html HTTP/1.1" 200 765
116.230.116.59 - - [07/Mar/2024:09:12:35 +0800] "GET /xingrg/all/function/internal_message.html?_=1709773969167&CODE_STATE=getMsg HTTP/1.1" 200 27
120.253.135.82 - - [07/Mar/2024:09:12:35 +0800] "POST /xingrg/kc/base/stock_operate.html HTTP/1.1" 200 1437
120.253.135.82 - - [07/Mar/2024:09:12:36 +0800] "GET /xingrg/all/function/internal_message.html?_=1709773793759&CODE_STATE=getMsg HTTP/1.1" 200 27
116.232.194.112 - - [07/Mar/2024:09:12:38 +0800] "GET /xingrg/check_reg.html?_=1709773937033 HTTP/1.1" 200 22
116.232.194.112 - - [07/Mar/2024:09:12:38 +0800] "GET /xingrg/all/function/internal_message.html?_=1709773937156&CODE_STATE=getMsg HTTP/1.1" 200 27
114.83.221.70 - - [07/Mar/2024:09:12:39 +0800] "GET /xingrg/all/function/internal_message.html?_=1709773960024&CODE_STATE=getMsg HTTP/1.1" 200 27
116.224.254.208 - - [07/Mar/2024:09:12:40 +0800] "GET /xingrg/all/function/internal_message.html?_=1709773960455&CODE_STATE=getMsg HTTP/1.1" 200 27
180.164.1.25 - - [07/Mar/2024:09:12:42 +0800] "GET /xingrg/kc/buy/cgsh_order_info.html?code=212024030601632 HTTP/1.1" 200 73756
180.164.1.25 - - [07/Mar/2024:09:12:42 +0800] "GET /xingrg/words/20240306163720_words.js HTTP/1.1" 304 -
180.164.1.25 - - [07/Mar/2024:09:12:42 +0800] "GET /xingrg/javascript/easyui/themes/icons/cancel.png HTTP/1.1" 200 1133
180.164.1.25 - - [07/Mar/2024:09:12:42 +0800] "GET /xingrg/javascript/easyui/themes/icons/print.png HTTP/1.1" 200 1057
180.164.1.25 - - [07/Mar/2024:09:12:42 +0800] "GET /xingrg/javascript/easyui/themes/default/images/menu_downarrow.png HTTP/1.1" 200 173
180.164.1.25 - - [07/Mar/2024:09:12:42 +0800] "GET /xingrg/javascript/easyui/themes/icons/ok.png HTTP/1.1" 200 883
180.164.1.25 - - [07/Mar/2024:09:12:42 +0800] "GET /xingrg/javascript/easyui/themes/icons/template_new.png HTTP/1.1" 200 3956
180.164.1.25 - - [07/Mar/2024:09:12:42 +0800] "GET /xingrg/javascript/easyui/themes/icons/copy_new.png HTTP/1.1" 200 815
180.164.1.25 - - [07/Mar/2024:09:12:43 +0800] "GET /xingrg/javascript/easyui/themes/default/validatebox.css HTTP/1.1" 404 1104
180.164.1.25 - - [07/Mar/2024:09:12:43 +0800] "GET /xingrg/all/common/auto_word.html?type=employee&rest_code=00108 HTTP/1.1" 200 101
180.164.1.25 - - [07/Mar/2024:09:12:43 +0800] "GET /xingrg/all/common/auto_word.html?type=employee&rest_code=00108 HTTP/1.1" 200 101
180.164.1.25 - - [07/Mar/2024:09:12:44 +0800] "POST /xingrg/kc/buy/cgsh_order_operate.html HTTP/1.1" 200 2662
180.164.1.25 - - [07/Mar/2024:09:12:44 +0800] "GET /xingrg/javascript/easyui/themes/icons/edit_remove.png HTTP/1.1" 200 625
180.164.1.25 - - [07/Mar/2024:09:12:49 +0800] "GET /xingrg/javascript/auto/indicator.gif HTTP/1.1" 404 1066
180.164.1.25 - - [07/Mar/2024:09:12:50 +0800] "GET /xingrg/javascript/jquery_tools/images/prev.gif HTTP/1.1" 404 1086
180.164.1.25 - - [07/Mar/2024:09:12:50 +0800] "GET /xingrg/javascript/jquery_tools/images/next.gif HTTP/1.1" 404 1086
180.169.147.146 - - [07/Mar/2024:09:12:51 +0800] "GET /xingrg/all/function/internal_message.html?_=1709773971044&CODE_STATE=getMsg HTTP/1.1" 302 -
222.70.115.1 - - [07/Mar/2024:09:12:52 +0800] "GET /xingrg/all/function/internal_message.html?_=1709773973655&CODE_STATE=getMsg HTTP/1.1" 200 27
172.20.0.100 - - [07/Mar/2024:09:12:54 +0800] "GET /xingrg/all/function/internal_message.html?_=1709773974185&CODE_STATE=getMsg HTTP/1.1" 200 27
124.78.60.103 - - [07/Mar/2024:09:13:05 +0800] "GET /xingrg/all/function/internal_message.html?_=1709773985484&CODE_STATE=getMsg HTTP/1.1" 200 27
116.224.254.208 - - [07/Mar/2024:09:13:06 +0800] "GET /xingrg/all/function/internal_message.html?_=1709773985734&CODE_STATE=getMsg HTTP/1.1" 200 27
116.228.172.94 - - [07/Mar/2024:09:13:07 +0800] "GET /xingrg/all/function/internal_message.html?_=1709773714755&CODE_STATE=getMsg HTTP/1.1" 200 27
180.169.147.146 - - [07/Mar/2024:09:13:10 +0800] "GET /xingrg/all/function/internal_message.html?_=1709773990490&CODE_STATE=getMsg HTTP/1.1" 200 27
114.83.221.70 - - [07/Mar/2024:09:13:15 +0800] "GET /xingrg/kc/buy/cgsh_order_add.html HTTP/1.1" 200 72859
114.83.221.70 - - [07/Mar/2024:09:13:15 +0800] "POST /xingrg/kc/buy/cgsh_order_operate.html HTTP/1.1" 200 8245
114.83.221.70 - - [07/Mar/2024:09:13:15 +0800] "GET /xingrg/javascript/easyui/themes/default/validatebox.css HTTP/1.1" 404 1104
114.83.221.70 - - [07/Mar/2024:09:13:16 +0800] "GET /xingrg/all/common/auto_word.html?type=employee&rest_code=00154 HTTP/1.1" 200 101
114.83.221.70 - - [07/Mar/2024:09:13:16 +0800] "GET /xingrg/all/common/auto_word.html?type=employee&rest_code=00154 HTTP/1.1" 200 101
172.20.0.100 - - [07/Mar/2024:09:13:16 +0800] "GET /xingrg/all/function/internal_message.html?_=1709774004012&CODE_STATE=getMsg HTTP/1.1" 302 -
180.163.30.76 - - [07/Mar/2024:09:13:17 +0800] "GET /xingrg/all/function/internal_message.html?_=1709773937722&CODE_STATE=getMsg HTTP/1.1" 302 -
180.163.30.76 - - [07/Mar/2024:09:13:17 +0800] "GET /xingrg/login.html HTTP/1.1" 200 7641
120.253.135.82 - - [07/Mar/2024:09:13:17 +0800] "GET /xingrg/all/function/internal_message.html?_=1709773997723&CODE_STATE=getMsg HTTP/1.1" 200 27
116.232.194.112 - - [07/Mar/2024:09:13:21 +0800] "GET /xingrg/all/function/internal_message.html?_=1709773980620&CODE_STATE=getMsg HTTP/1.1" 200 27
116.232.194.112 - - [07/Mar/2024:09:13:22 +0800] "GET /xingrg/all/function/internal_message.html?_=1709773981797&CODE_STATE=getMsg HTTP/1.1" 200 27
180.164.1.25 - - [07/Mar/2024:09:13:24 +0800] "GET /xingrg/javascript/easyui/themes/default/images/button_plain_hover.png HTTP/1.1" 200 144
180.164.1.25 - - [07/Mar/2024:09:13:28 +0800] "POST /xingrg/kc/buy/cgsh_order_operate.html HTTP/1.1" 200 37
114.83.221.70 - - [07/Mar/2024:09:13:30 +0800] "GET /xingrg/javascript/auto/indicator.gif HTTP/1.1" 404 1066
180.164.1.25 - - [07/Mar/2024:09:13:30 +0800] "POST /xingrg/kc/buy/cgsh_order_operate.html HTTP/1.1" 200 2662
116.230.116.59 - - [07/Mar/2024:09:13:35 +0800] "GET /xingrg/all/function/internal_message.html?_=1709774029176&CODE_STATE=getMsg HTTP/1.1" 200 27
120.253.135.82 - - [07/Mar/2024:09:13:36 +0800] "GET /xingrg/all/function/internal_message.html?_=1709773853773&CODE_STATE=getMsg HTTP/1.1" 200 27
180.164.1.25 - - [07/Mar/2024:09:13:37 +0800] "GET /xingrg/kc/buy/cgsh_order_list.html HTTP/1.1" 200 57890
116.232.194.112 - - [07/Mar/2024:09:13:38 +0800] "GET /xingrg/all/function/internal_message.html?_=1709773997168&CODE_STATE=getMsg HTTP/1.1" 200 27
116.232.194.112 - - [07/Mar/2024:09:13:38 +0800] "GET /xingrg/check_reg.html?_=1709773997170 HTTP/1.1" 200 22
114.83.221.70 - - [07/Mar/2024:09:13:39 +0800] "GET /xingrg/all/function/internal_message.html?_=1709774020042&CODE_STATE=getMsg HTTP/1.1" 200 27
116.224.254.208 - - [07/Mar/2024:09:13:40 +0800] "GET /xingrg/all/function/internal_message.html?_=1709774020468&CODE_STATE=getMsg HTTP/1.1" 200 27
114.83.221.70 - - [07/Mar/2024:09:13:41 +0800] "GET /xingrg/kc/buy/cgsh_order_operate.html?command=get_materiel&rest_code=00154&code=00101008261&supplier_code=00100417&order_time=2024-03-07 HTTP/1.1" 200 408
180.169.147.146 - - [07/Mar/2024:09:13:51 +0800] "GET /xingrg/all/function/internal_message.html?_=1709774031061&CODE_STATE=getMsg HTTP/1.1" 302 -
222.70.115.1 - - [07/Mar/2024:09:13:52 +0800] "GET /xingrg/all/function/internal_message.html?_=1709774033658&CODE_STATE=getMsg HTTP/1.1" 200 27
172.20.0.100 - - [07/Mar/2024:09:13:54 +0800] "GET /xingrg/all/function/internal_message.html?_=1709774034188&CODE_STATE=getMsg HTTP/1.1" 200 27
114.83.221.70 - - [07/Mar/2024:09:14:01 +0800] "GET /xingrg/kc/buy/cgsh_order_operate.html?command=get_materiel&rest_code=00154&code=00101008049&supplier_code=00100417&order_time=2024-03-07 HTTP/1.1" 200 408
124.78.60.103 - - [07/Mar/2024:09:14:05 +0800] "GET /xingrg/all/function/internal_message.html?_=1709774045468&CODE_STATE=getMsg HTTP/1.1" 200 27
180.164.1.25 - - [07/Mar/2024:09:14:05 +0800] "POST /xingrg/kc/buy/cgsh_list_operate.html HTTP/1.1" 200 4295
116.224.254.208 - - [07/Mar/2024:09:14:06 +0800] "GET /xingrg/all/function/internal_message.html?_=1709774045707&CODE_STATE=getMsg HTTP/1.1" 200 27
116.228.172.94 - - [07/Mar/2024:09:14:07 +0800] "GET /xingrg/all/function/internal_message.html?_=1709773774756&CODE_STATE=getMsg HTTP/1.1" 200 27
180.169.147.146 - - [07/Mar/2024:09:14:10 +0800] "GET /xingrg/all/function/internal_message.html?_=1709774050469&CODE_STATE=getMsg HTTP/1.1" 200 27
172.20.0.100 - - [07/Mar/2024:09:14:16 +0800] "GET /xingrg/all/function/internal_message.html?_=1709774064022&CODE_STATE=getMsg HTTP/1.1" 302 -
120.253.135.82 - - [07/Mar/2024:09:14:17 +0800] "GET /xingrg/all/function/internal_message.html?_=1709774057718&CODE_STATE=getMsg HTTP/1.1" 200 27
180.163.28.109 - - [07/Mar/2024:09:14:17 +0800] "GET /xingrg/all/function/internal_message.html?_=1709773997723&CODE_STATE=getMsg HTTP/1.1" 302 -
180.163.28.109 - - [07/Mar/2024:09:14:18 +0800] "GET /xingrg/login.html HTTP/1.1" 200 7641
116.232.194.112 - - [07/Mar/2024:09:14:21 +0800] "GET /xingrg/all/function/internal_message.html?_=1709774040592&CODE_STATE=getMsg HTTP/1.1" 200 27
116.232.194.112 - - [07/Mar/2024:09:14:22 +0800] "GET /xingrg/all/function/internal_message.html?_=1709774041798&CODE_STATE=getMsg HTTP/1.1" 200 27
180.164.1.25 - - [07/Mar/2024:09:14:24 +0800] "GET /xingrg/all/function/internal_message.html?_=1709774063893&CODE_STATE=getMsg HTTP/1.1" 200 27
116.230.116.59 - - [07/Mar/2024:09:14:34 +0800] "GET /xingrg/check_reg.html?_=1709774088404 HTTP/1.1" 200 22
116.230.116.59 - - [07/Mar/2024:09:14:35 +0800] "GET /xingrg/all/function/internal_message.html?_=1709774089189&CODE_STATE=getMsg HTTP/1.1" 200 27
120.253.135.82 - - [07/Mar/2024:09:14:36 +0800] "GET /xingrg/all/function/internal_message.html?_=1709773913929&CODE_STATE=getMsg HTTP/1.1" 200 27
116.232.194.112 - - [07/Mar/2024:09:14:38 +0800] "GET /xingrg/all/function/internal_message.html?_=1709774057168&CODE_STATE=getMsg HTTP/1.1" 200 27
114.83.221.70 - - [07/Mar/2024:09:14:39 +0800] "GET /xingrg/all/function/internal_message.html?_=1709774080034&CODE_STATE=getMsg HTTP/1.1" 200 27
116.224.254.208 - - [07/Mar/2024:09:14:40 +0800] "GET /xingrg/check_reg.html?_=1709774080463 HTTP/1.1" 200 22
116.224.254.208 - - [07/Mar/2024:09:14:40 +0800] "GET /xingrg/all/function/internal_message.html?_=1709774080467&CODE_STATE=getMsg HTTP/1.1" 200 27
180.169.147.146 - - [07/Mar/2024:09:14:51 +0800] "GET /xingrg/all/function/internal_message.html?_=1709774091041&CODE_STATE=getMsg HTTP/1.1" 302 -
222.70.115.1 - - [07/Mar/2024:09:14:52 +0800] "GET /xingrg/all/function/internal_message.html?_=1709774093659&CODE_STATE=getMsg HTTP/1.1" 200 27
222.70.115.1 - - [07/Mar/2024:09:14:52 +0800] "GET /xingrg/check_reg.html?_=1709774093667 HTTP/1.1" 200 22
172.20.0.100 - - [07/Mar/2024:09:14:54 +0800] "GET /xingrg/all/function/internal_message.html?_=1709774094189&CODE_STATE=getMsg HTTP/1.1" 200 27
120.253.135.82 - - [07/Mar/2024:09:14:59 +0800] "GET /xingrg/check_reg.html?_=1709773936810 HTTP/1.1" 200 22
116.238.97.31 - - [07/Mar/2024:09:15:04 +0800] "POST /xingrg/services/DataTransmitService HTTP/1.1" 200 524
124.78.60.103 - - [07/Mar/2024:09:15:05 +0800] "GET /xingrg/all/function/internal_message.html?_=1709774105451&CODE_STATE=getMsg HTTP/1.1" 200 27
116.224.254.208 - - [07/Mar/2024:09:15:05 +0800] "GET /xingrg/all/function/internal_message.html?_=1709774105685&CODE_STATE=getMsg HTTP/1.1" 200 27
116.228.172.94 - - [07/Mar/2024:09:15:07 +0800] "GET /xingrg/all/function/internal_message.html?_=1709773834753&CODE_STATE=getMsg HTTP/1.1" 200 27
116.228.172.94 - - [07/Mar/2024:09:15:07 +0800] "GET /xingrg/check_reg.html?_=1709773834757 HTTP/1.1" 200 22
180.169.147.146 - - [07/Mar/2024:09:15:10 +0800] "GET /xingrg/all/function/internal_message.html?_=1709774110491&CODE_STATE=getMsg HTTP/1.1" 200 27
180.164.1.25 - - [07/Mar/2024:09:15:10 +0800] "POST /xingrg/kc/buy/cgsh_list_operate.html HTTP/1.1" 200 4
172.20.0.100 - - [07/Mar/2024:09:15:16 +0800] "GET /xingrg/all/function/internal_message.html?_=1709774124094&CODE_STATE=getMsg HTTP/1.1" 302 -
180.163.28.143 - - [07/Mar/2024:09:15:17 +0800] "GET /xingrg/all/function/internal_message.html?_=1709774057718&CODE_STATE=getMsg HTTP/1.1" 302 -
180.163.28.143 - - [07/Mar/2024:09:15:17 +0800] "GET /xingrg/login.html HTTP/1.1" 200 7641
120.253.135.82 - - [07/Mar/2024:09:15:17 +0800] "GET /xingrg/all/function/internal_message.html?_=1709774117713&CODE_STATE=getMsg HTTP/1.1" 200 27
116.232.194.112 - - [07/Mar/2024:09:15:21 +0800] "GET /xingrg/all/function/internal_message.html?_=1709774100573&CODE_STATE=getMsg HTTP/1.1" 200 27
116.232.194.112 - - [07/Mar/2024:09:15:22 +0800] "GET /xingrg/all/function/internal_message.html?_=1709774101796&CODE_STATE=getMsg HTTP/1.1" 200 27
180.164.1.25 - - [07/Mar/2024:09:15:24 +0800] "GET /xingrg/all/function/internal_message.html?_=1709774123886&CODE_STATE=getMsg HTTP/1.1" 200 27
124.78.60.103 - - [07/Mar/2024:09:15:26 +0800] "GET /xingrg/check_reg.html?_=1709774126059 HTTP/1.1" 200 22
180.164.1.25 - - [07/Mar/2024:09:15:29 +0800] "POST /xingrg/kc/buy/cgsh_list_operate.html HTTP/1.1" 200 2909
180.164.1.25 - - [07/Mar/2024:09:15:34 +0800] "POST /xingrg/kc/buy/cgsh_list_operate.html HTTP/1.1" 200 211
116.230.116.59 - - [07/Mar/2024:09:15:35 +0800] "GET /xingrg/all/function/internal_message.html?_=1709774149203&CODE_STATE=getMsg HTTP/1.1" 200 27
120.253.135.82 - - [07/Mar/2024:09:15:36 +0800] "GET /xingrg/all/function/internal_message.html?_=1709773973950&CODE_STATE=getMsg HTTP/1.1" 200 27
116.232.194.112 - - [07/Mar/2024:09:15:38 +0800] "GET /xingrg/all/function/internal_message.html?_=1709774117169&CODE_STATE=getMsg HTTP/1.1" 200 27
114.83.221.70 - - [07/Mar/2024:09:15:39 +0800] "GET /xingrg/all/function/internal_message.html?_=1709774140017&CODE_STATE=getMsg HTTP/1.1" 200 27
116.224.254.208 - - [07/Mar/2024:09:15:40 +0800] "GET /xingrg/all/function/internal_message.html?_=1709774140468&CODE_STATE=getMsg HTTP/1.1" 200 27
180.169.147.146 - - [07/Mar/2024:09:15:51 +0800] "GET /xingrg/all/function/internal_message.html?_=1709774151047&CODE_STATE=getMsg HTTP/1.1" 302 -
180.169.147.146 - - [07/Mar/2024:09:15:51 +0800] "GET /xingrg/check_reg.html?_=1709774151049 HTTP/1.1" 302 -
222.70.115.1 - - [07/Mar/2024:09:15:52 +0800] "GET /xingrg/all/function/internal_message.html?_=1709774153676&CODE_STATE=getMsg HTTP/1.1" 200 27
172.20.0.100 - - [07/Mar/2024:09:15:54 +0800] "GET /xingrg/check_reg.html?_=1709774154192 HTTP/1.1" 200 22
172.20.0.100 - - [07/Mar/2024:09:15:54 +0800] "GET /xingrg/all/function/internal_message.html?_=1709774154194&CODE_STATE=getMsg HTTP/1.1" 200 27
124.78.60.103 - - [07/Mar/2024:09:16:05 +0800] "GET /xingrg/all/function/internal_message.html?_=1709774165436&CODE_STATE=getMsg HTTP/1.1" 200 27
116.224.254.208 - - [07/Mar/2024:09:16:05 +0800] "GET /xingrg/all/function/internal_message.html?_=1709774165659&CODE_STATE=getMsg HTTP/1.1" 200 27
116.228.172.94 - - [07/Mar/2024:09:16:07 +0800] "GET /xingrg/all/function/internal_message.html?_=1709773894760&CODE_STATE=getMsg HTTP/1.1" 200 27
180.169.147.146 - - [07/Mar/2024:09:16:10 +0800] "GET /xingrg/all/function/internal_message.html?_=1709774170467&CODE_STATE=getMsg HTTP/1.1" 200 27
172.20.0.100 - - [07/Mar/2024:09:16:16 +0800] "GET /xingrg/all/function/internal_message.html?_=1709774184097&CODE_STATE=getMsg HTTP/1.1" 302 -
120.253.135.82 - - [07/Mar/2024:09:16:17 +0800] "GET /xingrg/check_reg.html?_=1709774177703 HTTP/1.1" 200 22
