180.164.1.25 - - [07/Mar/2024:09:39:24 +0800] "GET /xingrg/all/function/internal_message.html?_=1709775563469&CODE_STATE=getMsg HTTP/1.1" 200 27
101.228.147.14 - - [07/Mar/2024:09:39:30 +0800] "GET /xingrg/javascript/jquery_easy_ui/themes/default/images/tabs_close.gif HTTP/1.1" 304 -
101.228.147.14 - - [07/Mar/2024:09:39:30 +0800] "GET /xingrg/kc/buy/cgsh_order_list.html HTTP/1.1" 200 57886
101.228.147.14 - - [07/Mar/2024:09:39:30 +0800] "GET /xingrg/css/base.css HTTP/1.1" 304 -
101.228.147.14 - - [07/Mar/2024:09:39:30 +0800] "GET /xingrg/css/site.css HTTP/1.1" 304 -
101.228.147.14 - - [07/Mar/2024:09:39:30 +0800] "GET /xingrg/javascript/jquery_tools/datebox.css HTTP/1.1" 304 -
101.228.147.14 - - [07/Mar/2024:09:39:31 +0800] "GET /xingrg/javascript/jquery_tools/jquery.tools.min.js HTTP/1.1" 304 -
101.228.147.14 - - [07/Mar/2024:09:39:31 +0800] "GET /xingrg/javascript/easyui/themes/default/easyui.css HTTP/1.1" 304 -
101.228.147.14 - - [07/Mar/2024:09:39:31 +0800] "GET /xingrg/javascript/jquery_tools/table.css HTTP/1.1" 304 -
101.228.147.14 - - [07/Mar/2024:09:39:31 +0800] "GET /xingrg/javascript/easyui/themes/icon.css HTTP/1.1" 304 -
101.228.147.14 - - [07/Mar/2024:09:39:31 +0800] "GET /xingrg/javascript/auto/jquery.autocomplete.css HTTP/1.1" 304 -
101.228.147.14 - - [07/Mar/2024:09:39:31 +0800] "GET /xingrg/javascript/jquery_tools/fix.css HTTP/1.1" 304 -
101.228.147.14 - - [07/Mar/2024:09:39:31 +0800] "GET /xingrg/javascript/jquery_tools/jquery.tools.hotkey.js HTTP/1.1" 304 -
101.228.147.14 - - [07/Mar/2024:09:39:31 +0800] "GET /xingrg/javascript/jquery_tools/jquery.tools.extend.js HTTP/1.1" 304 -
101.228.147.14 - - [07/Mar/2024:09:39:31 +0800] "GET /xingrg/javascript/jquery_tools/jquery.tools.table.js HTTP/1.1" 304 -
101.228.147.14 - - [07/Mar/2024:09:39:31 +0800] "GET /xingrg/javascript/jquery_tools/list_manager.js HTTP/1.1" 304 -
101.228.147.14 - - [07/Mar/2024:09:39:31 +0800] "GET /xingrg/javascript/easyui/easyloader.js HTTP/1.1" 304 -
101.228.147.14 - - [07/Mar/2024:09:39:31 +0800] "GET /xingrg/javascript/auto/jquery.autocomplete.js HTTP/1.1" 304 -
101.228.147.14 - - [07/Mar/2024:09:39:31 +0800] "GET /xingrg/javascript/jquery.cookie.js HTTP/1.1" 304 -
101.228.147.14 - - [07/Mar/2024:09:39:31 +0800] "GET /xingrg/javascript/print/LodopFuncs.js HTTP/1.1" 304 -
101.228.147.14 - - [07/Mar/2024:09:39:31 +0800] "GET /xingrg/javascript/easyui/themes/icons/edit_add_new.png HTTP/1.1" 304 -
101.228.147.14 - - [07/Mar/2024:09:39:31 +0800] "GET /xingrg/javascript/easyui/themes/icons/cance_new.png HTTP/1.1" 304 -
101.228.147.14 - - [07/Mar/2024:09:39:31 +0800] "GET /xingrg/javascript/easyui/themes/icons/check_new.png HTTP/1.1" 304 -
101.228.147.14 - - [07/Mar/2024:09:39:31 +0800] "GET /xingrg/javascript/easyui/themes/icons/field_new.png HTTP/1.1" 304 -
101.228.147.14 - - [07/Mar/2024:09:39:31 +0800] "GET /xingrg/javascript/easyui/themes/icons/import_new.png HTTP/1.1" 304 -
101.228.147.14 - - [07/Mar/2024:09:39:31 +0800] "GET /xingrg/javascript/easyui/plugins/jquery.parser.js HTTP/1.1" 304 -
101.228.147.14 - - [07/Mar/2024:09:39:31 +0800] "GET /xingrg/images/control/ajaxLoader.gif HTTP/1.1" 304 -
116.224.254.208 - - [07/Mar/2024:09:39:32 +0800] "GET /xingrg/all/function/internal_message.html?_=1709775572545&CODE_STATE=getMsg HTTP/1.1" 200 27
58.40.7.146 - - [07/Mar/2024:09:39:33 +0800] "GET /favicon.ico HTTP/1.1" 404 -
101.228.147.14 - - [07/Mar/2024:09:39:35 +0800] "POST /xingrg/kc/buy/cgsh_list_operate.html HTTP/1.1" 200 1378
116.230.116.59 - - [07/Mar/2024:09:39:36 +0800] "GET /xingrg/check_reg.html?_=1709775590588 HTTP/1.1" 200 22
101.83.145.37 - - [07/Mar/2024:09:39:37 +0800] "GET /xingrg/all/function/internal_message.html?_=1709775339728&CODE_STATE=getMsg HTTP/1.1" 200 27
116.230.116.59 - - [07/Mar/2024:09:39:38 +0800] "GET /xingrg/all/function/internal_message.html?_=1709775591869&CODE_STATE=getMsg HTTP/1.1" 200 27
116.232.194.112 - - [07/Mar/2024:09:39:38 +0800] "GET /xingrg/all/function/internal_message.html?_=1709775557171&CODE_STATE=getMsg HTTP/1.1" 200 27
120.253.135.82 - - [07/Mar/2024:09:39:39 +0800] "GET /xingrg/all/function/internal_message.html?_=1709775416601&CODE_STATE=getMsg HTTP/1.1" 200 27
114.83.222.94 - - [07/Mar/2024:09:39:39 +0800] "GET /xingrg/all/function/internal_message.html?_=1709775577689&CODE_STATE=getMsg HTTP/1.1" 200 27
114.83.221.70 - - [07/Mar/2024:09:39:40 +0800] "GET /xingrg/kc/buy/cgsh_order_operate.html?command=get_materiel&rest_code=00154&code=00101008270&supplier_code=00100417&order_time=2024-03-07 HTTP/1.1" 200 412
114.83.221.70 - - [07/Mar/2024:09:39:43 +0800] "GET /xingrg/all/function/internal_message.html?_=1709775584053&CODE_STATE=getMsg HTTP/1.1" 200 27
180.169.147.146 - - [07/Mar/2024:09:39:51 +0800] "GET /xingrg/all/function/internal_message.html?_=1709775591050&CODE_STATE=getMsg HTTP/1.1" 302 -
222.70.115.1 - - [07/Mar/2024:09:39:52 +0800] "GET /xingrg/all/function/internal_message.html?_=1709775593701&CODE_STATE=getMsg HTTP/1.1" 200 27
222.70.115.1 - - [07/Mar/2024:09:39:52 +0800] "GET /xingrg/check_reg.html?_=1709775593704 HTTP/1.1" 200 22
172.20.0.100 - - [07/Mar/2024:09:39:54 +0800] "GET /xingrg/all/function/internal_message.html?_=1709775594180&CODE_STATE=getMsg HTTP/1.1" 200 27
120.253.135.82 - - [07/Mar/2024:09:39:59 +0800] "GET /xingrg/check_reg.html?_=1709775436840 HTTP/1.1" 200 22
180.169.147.146 - - [07/Mar/2024:09:40:03 +0800] "GET /xingrg/all/function/internal_message.html?_=1709775603303&CODE_STATE=getMsg HTTP/1.1" 200 27
124.78.60.103 - - [07/Mar/2024:09:40:05 +0800] "GET /xingrg/all/function/internal_message.html?_=1709775605234&CODE_STATE=getMsg HTTP/1.1" 200 27
116.224.254.208 - - [07/Mar/2024:09:40:05 +0800] "GET /xingrg/all/function/internal_message.html?_=1709775605229&CODE_STATE=getMsg HTTP/1.1" 200 27
116.228.172.94 - - [07/Mar/2024:09:40:07 +0800] "GET /xingrg/all/function/internal_message.html?_=1709775334746&CODE_STATE=getMsg HTTP/1.1" 200 27
116.228.172.94 - - [07/Mar/2024:09:40:07 +0800] "GET /xingrg/check_reg.html?_=1709775334749 HTTP/1.1" 200 22
58.40.7.146 - - [07/Mar/2024:09:40:07 +0800] "GET /xingrg/all/function/internal_message.html?_=1709775607934&CODE_STATE=getMsg HTTP/1.1" 200 27
116.238.97.31 - - [07/Mar/2024:09:40:08 +0800] "GET /xingrg/all/function/internal_message.html?_=1709775610623&CODE_STATE=getMsg HTTP/1.1" 200 27
58.40.7.146 - - [07/Mar/2024:09:40:12 +0800] "POST /xingrg/all/user/operate.html HTTP/1.1" 200 36
58.40.7.146 - - [07/Mar/2024:09:40:12 +0800] "GET /xingrg/index.html?sysBaseUrl=http%3A%2F%2F180.169.147.146%3A18081%2Fxingrg%2F&costTime=825×tamp=1709775547642 HTTP/1.1" 200 17179
101.228.147.14 - - [07/Mar/2024:09:40:12 +0800] "GET /xingrg/check_reg.html?_=1709775610447 HTTP/1.1" 200 22
101.228.147.14 - - [07/Mar/2024:09:40:12 +0800] "GET /xingrg/all/function/internal_message.html?_=1709775610451&CODE_STATE=getMsg HTTP/1.1" 200 27
58.40.7.146 - - [07/Mar/2024:09:40:12 +0800] "GET /xingrg/javascript/jquery_easy_ui/themes/default/easyui.css HTTP/1.1" 304 -
58.40.7.146 - - [07/Mar/2024:09:40:12 +0800] "GET /xingrg/javascript/jquery_easy_ui/themes/icon.css HTTP/1.1" 304 -
58.40.7.146 - - [07/Mar/2024:09:40:12 +0800] "GET /xingrg/css/form.css HTTP/1.1" 304 -
58.40.7.146 - - [07/Mar/2024:09:40:12 +0800] "GET /xingrg/javascript/jquery-1.4.2.min.js HTTP/1.1" 304 -
58.40.7.146 - - [07/Mar/2024:09:40:12 +0800] "GET /xingrg/javascript/jquery_easy_ui/jquery.easyui.min.js HTTP/1.1" 304 -
58.40.7.146 - - [07/Mar/2024:09:40:12 +0800] "GET /xingrg/javascript/jquery_easy_ui/easyui-lang-zh_CN.js HTTP/1.1" 304 -
58.40.7.146 - - [07/Mar/2024:09:40:12 +0800] "GET /xingrg/javascript/jquery.form.js HTTP/1.1" 304 -
58.40.7.146 - - [07/Mar/2024:09:40:12 +0800] "GET /xingrg/javascript/jquery.utils.js HTTP/1.1" 304 -
58.40.7.146 - - [07/Mar/2024:09:40:12 +0800] "GET /xingrg/javascript/jquery.timers.js HTTP/1.1" 304 -
58.40.7.146 - - [07/Mar/2024:09:40:12 +0800] "GET /xingrg/images/blue/jxLogo.png HTTP/1.1" 304 -
58.40.7.146 - - [07/Mar/2024:09:40:12 +0800] "GET /xingrg/all/function/internal_message.html?_=1709775612462&CODE_STATE=count HTTP/1.1" 200 11
58.40.7.146 - - [07/Mar/2024:09:40:12 +0800] "GET /xingrg/check_reg.html?_=1709775612464 HTTP/1.1" 200 22
58.40.7.146 - - [07/Mar/2024:09:40:12 +0800] "GET /xingrg/javascript/jquery_easy_ui/themes/default/images/panel_tool_collapse.gif HTTP/1.1" 304 -
58.40.7.146 - - [07/Mar/2024:09:40:12 +0800] "GET /xingrg/javascript/jquery_easy_ui/themes/default/images/tabs_rightarrow.png HTTP/1.1" 304 -
58.40.7.146 - - [07/Mar/2024:09:40:12 +0800] "GET /xingrg/javascript/jquery_easy_ui/themes/default/images/tabs_leftarrow.png HTTP/1.1" 304 -
58.40.7.146 - - [07/Mar/2024:09:40:12 +0800] "GET /xingrg/images/blue/pingpu.png HTTP/1.1" 304 -
58.40.7.146 - - [07/Mar/2024:09:40:12 +0800] "GET /xingrg/javascript/jquery_easy_ui/themes/icons/settle_new.png HTTP/1.1" 304 -
58.40.7.146 - - [07/Mar/2024:09:40:12 +0800] "GET /xingrg/images/blue/navBackgound.jpg HTTP/1.1" 304 -
58.40.7.146 - - [07/Mar/2024:09:40:12 +0800] "POST /xingrg/all/common/load_tree.html?tree=area_rest_tree_json&manage=1 HTTP/1.1" 200 3624
58.40.7.146 - - [07/Mar/2024:09:40:12 +0800] "POST /xingrg/load_menu.html HTTP/1.1" 200 5138
58.40.7.146 - - [07/Mar/2024:09:40:14 +0800] "GET /xingrg/kc/buy/buy_main.html HTTP/1.1" 200 12412
58.40.7.146 - - [07/Mar/2024:09:40:14 +0800] "GET /xingrg/css/new_ie.css HTTP/1.1" 404 1036
58.40.7.146 - - [07/Mar/2024:09:40:16 +0800] "GET /xingrg/kc/buy/cgsh_order_list.html HTTP/1.1" 200 57886
222.70.115.1 - - [07/Mar/2024:09:40:17 +0800] "POST /xingrg/services/DataTransmitService HTTP/1.1" 200 524
172.20.0.100 - - [07/Mar/2024:09:40:17 +0800] "GET /xingrg/all/function/internal_message.html?_=1709775624770&CODE_STATE=getMsg HTTP/1.1" 302 -
120.253.135.82 - - [07/Mar/2024:09:40:17 +0800] "GET /xingrg/all/function/internal_message.html?_=1709775617585&CODE_STATE=getMsg HTTP/1.1" 200 27
116.232.194.112 - - [07/Mar/2024:09:40:21 +0800] "GET /xingrg/all/function/internal_message.html?_=1709775600140&CODE_STATE=getMsg HTTP/1.1" 200 27
114.83.221.70 - - [07/Mar/2024:09:40:23 +0800] "GET /xingrg/system/info/materiel_import.html?isSelect=1&singleSelect=false HTTP/1.1" 200 5600
114.83.221.70 - - [07/Mar/2024:09:40:23 +0800] "GET /xingrg/css/xtree.css HTTP/1.1" 200 880
114.83.221.70 - - [07/Mar/2024:09:40:23 +0800] "GET /xingrg/javascript/jquery_ui/themes/base/base.css HTTP/1.1" 200 28568
114.83.221.70 - - [07/Mar/2024:09:40:23 +0800] "GET /xingrg/javascript/jquery_easy_ui/themes/icons/search.png HTTP/1.1" 200 813
114.83.221.70 - - [07/Mar/2024:09:40:23 +0800] "GET /xingrg/javascript/jquery_easy_ui/themes/icons/edit_add.png HTTP/1.1" 200 1088
114.83.221.70 - - [07/Mar/2024:09:40:23 +0800] "GET /xingrg/javascript/jquery_easy_ui/themes/default/images/datagrid_header_bg.gif HTTP/1.1" 200 97
114.83.221.70 - - [07/Mar/2024:09:40:23 +0800] "GET /xingrg/javascript/jquery_easy_ui/themes/default/images/pagination_first.gif HTTP/1.1" 200 925
114.83.221.70 - - [07/Mar/2024:09:40:23 +0800] "GET /xingrg/javascript/jquery_easy_ui/themes/default/images/pagination_prev.gif HTTP/1.1" 200 879
114.83.221.70 - - [07/Mar/2024:09:40:23 +0800] "GET /xingrg/javascript/jquery_easy_ui/themes/default/images/pagination_next.gif HTTP/1.1" 200 875
114.83.221.70 - - [07/Mar/2024:09:40:23 +0800] "GET /xingrg/javascript/jquery_easy_ui/themes/default/images/pagination_last.gif HTTP/1.1" 200 923
114.83.221.70 - - [07/Mar/2024:09:40:23 +0800] "GET /xingrg/javascript/jquery_easy_ui/themes/default/images/pagination_load.png HTTP/1.1" 200 827
114.83.221.70 - - [07/Mar/2024:09:40:23 +0800] "GET /favicon.ico HTTP/1.1" 404 -
114.83.221.70 - - [07/Mar/2024:09:40:23 +0800] "POST /xingrg/all/common/load_tree.html?tree=materiel_sort_tree_json HTTP/1.1" 200 9734
180.164.1.25 - - [07/Mar/2024:09:40:24 +0800] "GET /xingrg/all/function/internal_message.html?_=1709775623450&CODE_STATE=getMsg HTTP/1.1" 200 27
124.78.60.103 - - [07/Mar/2024:09:40:25 +0800] "GET /xingrg/check_reg.html?_=1709775625955 HTTP/1.1" 200 22
116.238.97.31 - - [07/Mar/2024:09:40:30 +0800] "GET /xingrg/kc/buy/cgsh_order_add.html HTTP/1.1" 200 73690
116.238.97.31 - - [07/Mar/2024:09:40:30 +0800] "POST /xingrg/kc/buy/cgsh_order_operate.html HTTP/1.1" 200 8245
116.238.97.31 - - [07/Mar/2024:09:40:30 +0800] "GET /xingrg/javascript/easyui/themes/default/validatebox.css HTTP/1.1" 404 1104
116.224.254.208 - - [07/Mar/2024:09:40:32 +0800] "GET /xingrg/all/function/internal_message.html?_=1709775632545&CODE_STATE=getMsg HTTP/1.1" 200 27
101.83.145.37 - - [07/Mar/2024:09:40:37 +0800] "GET /xingrg/check_reg.html?_=1709775399729 HTTP/1.1" 200 22
101.83.145.37 - - [07/Mar/2024:09:40:37 +0800] "GET /xingrg/all/function/internal_message.html?_=1709775399732&CODE_STATE=getMsg HTTP/1.1" 200 27
116.230.116.59 - - [07/Mar/2024:09:40:38 +0800] "GET /xingrg/all/function/internal_message.html?_=1709775651884&CODE_STATE=getMsg HTTP/1.1" 200 27
116.232.194.112 - - [07/Mar/2024:09:40:38 +0800] "GET /xingrg/all/function/internal_message.html?_=1709775617172&CODE_STATE=getMsg HTTP/1.1" 200 27
120.253.135.82 - - [07/Mar/2024:09:40:39 +0800] "GET /xingrg/all/function/internal_message.html?_=1709775476605&CODE_STATE=getMsg HTTP/1.1" 200 27
116.238.97.31 - - [07/Mar/2024:09:40:39 +0800] "POST /xingrg/kc/buy/cgsh_list_operate.html HTTP/1.1" 200 645
114.83.222.94 - - [07/Mar/2024:09:40:39 +0800] "GET /xingrg/all/function/internal_message.html?_=1709775637661&CODE_STATE=getMsg HTTP/1.1" 200 27
114.83.221.70 - - [07/Mar/2024:09:40:43 +0800] "GET /xingrg/all/function/internal_message.html?_=1709775644051&CODE_STATE=getMsg HTTP/1.1" 200 27
116.238.97.31 - - [07/Mar/2024:09:40:48 +0800] "POST /xingrg/kc/buy/cgsh_list_operate.html HTTP/1.1" 200 4721
180.169.147.146 - - [07/Mar/2024:09:40:51 +0800] "GET /xingrg/check_reg.html?_=1709775651047 HTTP/1.1" 302 -
180.169.147.146 - - [07/Mar/2024:09:40:51 +0800] "GET /xingrg/all/function/internal_message.html?_=1709775651052&CODE_STATE=getMsg HTTP/1.1" 302 -
222.70.115.1 - - [07/Mar/2024:09:40:52 +0800] "GET /xingrg/all/function/internal_message.html?_=1709775653731&CODE_STATE=getMsg HTTP/1.1" 200 27
172.20.0.100 - - [07/Mar/2024:09:40:54 +0800] "GET /xingrg/all/function/internal_message.html?_=1709775654181&CODE_STATE=getMsg HTTP/1.1" 200 27
172.20.0.100 - - [07/Mar/2024:09:40:54 +0800] "GET /xingrg/check_reg.html?_=1709775654182 HTTP/1.1" 200 22
116.238.97.31 - - [07/Mar/2024:09:41:00 +0800] "GET /xingrg/kc/buy/cgsh_order_add.html HTTP/1.1" 200 73690
116.238.97.31 - - [07/Mar/2024:09:41:01 +0800] "POST /xingrg/kc/buy/cgsh_order_operate.html HTTP/1.1" 200 8245
116.238.97.31 - - [07/Mar/2024:09:41:01 +0800] "GET /xingrg/javascript/easyui/themes/default/validatebox.css HTTP/1.1" 404 1104
116.238.97.31 - - [07/Mar/2024:09:41:02 +0800] "GET /xingrg/javascript/easyui/themes/default/tree.css HTTP/1.1" 404 1090
116.238.97.31 - - [07/Mar/2024:09:41:02 +0800] "POST /xingrg/all/common/load_tree.html?tree=supplier_tree_json&isDelete=1 HTTP/1.1" 200 78788
180.169.147.146 - - [07/Mar/2024:09:41:03 +0800] "GET /xingrg/all/function/internal_message.html?_=1709775663291&CODE_STATE=getMsg HTTP/1.1" 200 27
124.78.60.103 - - [07/Mar/2024:09:41:05 +0800] "GET /xingrg/all/function/internal_message.html?_=1709775665221&CODE_STATE=getMsg HTTP/1.1" 200 27
116.224.254.208 - - [07/Mar/2024:09:41:05 +0800] "GET /xingrg/all/function/internal_message.html?_=1709775665207&CODE_STATE=getMsg HTTP/1.1" 200 27
116.228.172.94 - - [07/Mar/2024:09:41:07 +0800] "GET /xingrg/all/function/internal_message.html?_=1709775394764&CODE_STATE=getMsg HTTP/1.1" 200 27
116.238.97.31 - - [07/Mar/2024:09:41:08 +0800] "GET /xingrg/check_reg.html?_=1709775670317 HTTP/1.1" 200 22
116.238.97.31 - - [07/Mar/2024:09:41:08 +0800] "GET /xingrg/all/function/internal_message.html?_=1709775670606&CODE_STATE=getMsg HTTP/1.1" 200 27
101.228.147.14 - - [07/Mar/2024:09:41:12 +0800] "GET /xingrg/all/function/internal_message.html?_=1709775670452&CODE_STATE=getMsg HTTP/1.1" 200 27
58.40.7.146 - - [07/Mar/2024:09:41:12 +0800] "GET /xingrg/all/function/internal_message.html?_=1709775672456&CODE_STATE=getMsg HTTP/1.1" 200 27
180.163.28.143 - - [07/Mar/2024:09:41:17 +0800] "GET /xingrg/all/function/internal_message.html?_=1709775617585&CODE_STATE=getMsg HTTP/1.1" 302 -
120.253.135.82 - - [07/Mar/2024:09:41:17 +0800] "GET /xingrg/all/function/internal_message.html?_=1709775677578&CODE_STATE=getMsg HTTP/1.1" 200 27
120.253.135.82 - - [07/Mar/2024:09:41:17 +0800] "GET /xingrg/check_reg.html?_=1709775677580 HTTP/1.1" 200 22
172.20.0.100 - - [07/Mar/2024:09:41:17 +0800] "GET /xingrg/all/function/internal_message.html?_=1709775684780&CODE_STATE=getMsg HTTP/1.1" 302 -
180.163.28.143 - - [07/Mar/2024:09:41:18 +0800] "GET /xingrg/login.html HTTP/1.1" 200 7641
116.232.194.112 - - [07/Mar/2024:09:41:21 +0800] "GET /xingrg/all/function/internal_message.html?_=1709775660131&CODE_STATE=getMsg HTTP/1.1" 200 27
180.164.1.25 - - [07/Mar/2024:09:41:24 +0800] "GET /xingrg/all/function/internal_message.html?_=1709775683436&CODE_STATE=getMsg HTTP/1.1" 200 27
116.224.254.208 - - [07/Mar/2024:09:41:32 +0800] "GET /xingrg/all/function/internal_message.html?_=1709775692534&CODE_STATE=getMsg HTTP/1.1" 200 27
101.83.145.37 - - [07/Mar/2024:09:41:37 +0800] "GET /xingrg/all/function/internal_message.html?_=1709775459733&CODE_STATE=getMsg HTTP/1.1" 200 27
116.230.116.59 - - [07/Mar/2024:09:41:38 +0800] "GET /xingrg/all/function/internal_message.html?_=1709775711897&CODE_STATE=getMsg HTTP/1.1" 200 27
116.232.194.112 - - [07/Mar/2024:09:41:38 +0800] "GET /xingrg/all/function/internal_message.html?_=1709775677166&CODE_STATE=getMsg HTTP/1.1" 200 27
120.253.135.82 - - [07/Mar/2024:09:41:39 +0800] "GET /xingrg/all/function/internal_message.html?_=1709775536619&CODE_STATE=getMsg HTTP/1.1" 200 27
114.83.222.94 - - [07/Mar/2024:09:41:39 +0800] "GET /xingrg/all/function/internal_message.html?_=1709775697644&CODE_STATE=getMsg HTTP/1.1" 200 27
114.83.222.94 - - [07/Mar/2024:09:41:39 +0800] "GET /xingrg/check_reg.html?_=1709775697871 HTTP/1.1" 200 22
114.83.221.70 - - [07/Mar/2024:09:41:43 +0800] "GET /xingrg/all/function/internal_message.html?_=1709775704032&CODE_STATE=getMsg HTTP/1.1" 200 27
116.238.97.31 - - [07/Mar/2024:09:41:47 +0800] "GET /xingrg/kc/buy/cgsh_order_operate.html?command=get_materiel&rest_code=00102&code=00101041054&supplier_code=00100008&order_time=2024-03-07 HTTP/1.1" 200 422
180.169.147.146 - - [07/Mar/2024:09:41:51 +0800] "GET /xingrg/all/function/internal_message.html?_=1709775711045&CODE_STATE=getMsg HTTP/1.1" 302 -
222.70.115.1 - - [07/Mar/2024:09:41:52 +0800] "GET /xingrg/all/function/internal_message.html?_=1709775713730&CODE_STATE=getMsg HTTP/1.1" 200 27
172.20.0.100 - - [07/Mar/2024:09:41:54 +0800] "GET /xingrg/all/function/internal_message.html?_=1709775714183&CODE_STATE=getMsg HTTP/1.1" 200 27
180.169.147.146 - - [07/Mar/2024:09:42:03 +0800] "GET /xingrg/all/function/internal_message.html?_=1709775723295&CODE_STATE=getMsg HTTP/1.1" 200 27
124.78.60.103 - - [07/Mar/2024:09:42:05 +0800] "GET /xingrg/all/function/internal_message.html?_=1709775725204&CODE_STATE=getMsg HTTP/1.1" 200 27
116.224.254.208 - - [07/Mar/2024:09:42:05 +0800] "GET /xingrg/all/function/internal_message.html?_=1709775725193&CODE_STATE=getMsg HTTP/1.1" 200 27
116.224.254.208 - - [07/Mar/2024:09:42:06 +0800] "GET /xingrg/check_reg.html?_=1709775726050 HTTP/1.1" 200 22
116.228.172.94 - - [07/Mar/2024:09:42:07 +0800] "GET /xingrg/all/function/internal_message.html?_=1709775454760&CODE_STATE=getMsg HTTP/1.1" 200 27
116.238.97.31 - - [07/Mar/2024:09:42:08 +0800] "GET /xingrg/all/function/internal_message.html?_=1709775730589&CODE_STATE=getMsg HTTP/1.1" 200 27
114.83.221.70 - - [07/Mar/2024:09:42:09 +0800] "GET /xingrg/check_reg.html?_=1709775730311 HTTP/1.1" 200 22
101.228.147.14 - - [07/Mar/2024:09:42:12 +0800] "GET /xingrg/all/function/internal_message.html?_=1709775730454&CODE_STATE=getMsg HTTP/1.1" 200 27
58.40.7.146 - - [07/Mar/2024:09:42:12 +0800] "GET /xingrg/all/function/internal_message.html?_=1709775732446&CODE_STATE=getMsg HTTP/1.1" 200 27
172.20.0.100 - - [07/Mar/2024:09:42:15 +0800] "GET /xingrg/check_reg.html?_=1709775743076 HTTP/1.1" 302 -
180.163.30.85 - - [07/Mar/2024:09:42:17 +0800] "GET /xingrg/all/function/internal_message.html?_=1709775677578&CODE_STATE=getMsg HTTP/1.1" 302 -
180.163.29.103 - - [07/Mar/2024:09:42:17 +0800] "GET /xingrg/check_reg.html?_=1709775677580 HTTP/1.1" 302 -
120.253.135.82 - - [07/Mar/2024:09:42:17 +0800] "GET /xingrg/all/function/internal_message.html?_=1709775737583&CODE_STATE=getMsg HTTP/1.1" 200 27
172.20.0.100 - - [07/Mar/2024:09:42:17 +0800] "GET /xingrg/all/function/internal_message.html?_=1709775744823&CODE_STATE=getMsg HTTP/1.1" 302 -
180.163.29.103 - - [07/Mar/2024:09:42:17 +0800] "GET /xingrg/login.html HTTP/1.1" 200 7641
180.163.30.85 - - [07/Mar/2024:09:42:17 +0800] "GET /xingrg/login.html HTTP/1.1" 200 7641
116.232.194.112 - - [07/Mar/2024:09:42:21 +0800] "GET /xingrg/all/function/internal_message.html?_=1709775720117&CODE_STATE=getMsg HTTP/1.1" 200 27
180.164.1.25 - - [07/Mar/2024:09:42:24 +0800] "GET /xingrg/all/function/internal_message.html?_=1709775743427&CODE_STATE=getMsg HTTP/1.1" 200 27
116.224.254.208 - - [07/Mar/2024:09:42:32 +0800] "GET /xingrg/all/function/internal_message.html?_=1709775752540&CODE_STATE=getMsg HTTP/1.1" 200 27
116.224.254.208 - - [07/Mar/2024:09:42:32 +0800] "GET /xingrg/check_reg.html?_=1709775752542 HTTP/1.1" 200 22
101.83.145.37 - - [07/Mar/2024:09:42:37 +0800] "GET /xingrg/all/function/internal_message.html?_=1709775519745&CODE_STATE=getMsg HTTP/1.1" 200 27
116.232.194.112 - - [07/Mar/2024:09:42:38 +0800] "GET /xingrg/check_reg.html?_=1709775737031 HTTP/1.1" 200 22
116.232.194.112 - - [07/Mar/2024:09:42:38 +0800] "GET /xingrg/all/function/internal_message.html?_=1709775737174&CODE_STATE=getMsg HTTP/1.1" 200 27
116.230.116.59 - - [07/Mar/2024:09:42:38 +0800] "GET /xingrg/all/function/internal_message.html?_=1709775772239&CODE_STATE=getMsg HTTP/1.1" 200 27
114.83.222.94 - - [07/Mar/2024:09:42:39 +0800] "GET /xingrg/all/function/internal_message.html?_=1709775757625&CODE_STATE=getMsg HTTP/1.1" 200 27
120.253.135.82 - - [07/Mar/2024:09:42:39 +0800] "GET /xingrg/all/function/internal_message.html?_=1709775596877&CODE_STATE=getMsg HTTP/1.1" 200 27
58.40.7.146 - - [07/Mar/2024:09:42:41 +0800] "POST /xingrg/kc/buy/cgsh_list_operate.html HTTP/1.1" 200 4636
114.83.221.70 - - [07/Mar/2024:09:42:43 +0800] "GET /xingrg/all/function/internal_message.html?_=1709775764020&CODE_STATE=getMsg HTTP/1.1" 200 27
180.169.147.146 - - [07/Mar/2024:09:42:51 +0800] "GET /xingrg/all/function/internal_message.html?_=1709775771062&CODE_STATE=getMsg HTTP/1.1" 302 -
222.70.115.1 - - [07/Mar/2024:09:42:52 +0800] "GET /xingrg/all/function/internal_message.html?_=1709775773731&CODE_STATE=getMsg HTTP/1.1" 200 27
172.20.0.100 - - [07/Mar/2024:09:42:54 +0800] "GET /xingrg/all/function/internal_message.html?_=1709775774193&CODE_STATE=getMsg HTTP/1.1" 200 27
58.40.7.146 - - [07/Mar/2024:09:43:02 +0800] "GET /xingrg/javascript/auto/indicator.gif HTTP/1.1" 404 1066
180.169.147.146 - - [07/Mar/2024:09:43:03 +0800] "GET /xingrg/check_reg.html?_=1709775783296 HTTP/1.1" 200 22
180.169.147.146 - - [07/Mar/2024:09:43:03 +0800] "GET /xingrg/all/function/internal_message.html?_=1709775783300&CODE_STATE=getMsg HTTP/1.1" 200 27
124.78.60.103 - - [07/Mar/2024:09:43:05 +0800] "GET /xingrg/all/function/internal_message.html?_=1709775785190&CODE_STATE=getMsg HTTP/1.1" 200 27
116.224.254.208 - - [07/Mar/2024:09:43:05 +0800] "GET /xingrg/all/function/internal_message.html?_=1709775785174&CODE_STATE=getMsg HTTP/1.1" 200 27
116.228.172.94 - - [07/Mar/2024:09:43:07 +0800] "GET /xingrg/all/function/internal_message.html?_=1709775514750&CODE_STATE=getMsg HTTP/1.1" 200 27
116.238.97.31 - - [07/Mar/2024:09:43:08 +0800] "GET /xingrg/all/function/internal_message.html?_=1709775790574&CODE_STATE=getMsg HTTP/1.1" 200 27
101.228.147.14 - - [07/Mar/2024:09:43:12 +0800] "GET /xingrg/all/function/internal_message.html?_=1709775790456&CODE_STATE=getMsg HTTP/1.1" 200 27
58.40.7.146 - - [07/Mar/2024:09:43:12 +0800] "POST /xingrg/kc/buy/cgsh_list_operate.html HTTP/1.1" 200 4449
58.40.7.146 - - [07/Mar/2024:09:43:12 +0800] "GET /xingrg/all/function/internal_message.html?_=1709775792448&CODE_STATE=getMsg HTTP/1.1" 200 27
116.238.97.31 - - [07/Mar/2024:09:43:15 +0800] "GET /xingrg/kc/buy/cgsh_order_operate.html?command=get_materiel&rest_code=00102&code=00101020139&supplier_code=00100008&order_time=2024-03-07 HTTP/1.1" 200 436
120.253.135.82 - - [07/Mar/2024:09:43:17 +0800] "GET /xingrg/all/function/internal_message.html?_=1709775797577&CODE_STATE=getMsg HTTP/1.1" 200 27
172.20.0.100 - - [07/Mar/2024:09:43:17 +0800] "GET /xingrg/all/function/internal_message.html?_=1709775804877&CODE_STATE=getMsg HTTP/1.1" 302 -
116.232.194.112 - - [07/Mar/2024:09:43:21 +0800] "GET /xingrg/all/function/internal_message.html?_=1709775780106&CODE_STATE=getMsg HTTP/1.1" 200 27
180.164.1.25 - - [07/Mar/2024:09:43:24 +0800] "GET /xingrg/all/function/internal_message.html?_=1709775803405&CODE_STATE=getMsg HTTP/1.1" 200 27
180.164.1.25 - - [07/Mar/2024:09:43:24 +0800] "GET /xingrg/check_reg.html?_=1709775803839 HTTP/1.1" 200 22
58.40.7.146 - - [07/Mar/2024:09:43:26 +0800] "POST /xingrg/kc/buy/cgsh_list_operate.html HTTP/1.1" 200 384
58.40.7.146 - - [07/Mar/2024:09:43:29 +0800] "POST /xingrg/kc/buy/cgsh_list_operate.html HTTP/1.1" 200 201
116.224.254.208 - - [07/Mar/2024:09:43:32 +0800] "GET /xingrg/all/function/internal_message.html?_=1709775812533&CODE_STATE=getMsg HTTP/1.1" 200 27
58.40.7.146 - - [07/Mar/2024:09:43:33 +0800] "POST /xingrg/kc/buy/cgsh_list_operate.html HTTP/1.1" 200 202
114.83.221.70 - - [07/Mar/2024:09:43:34 +0800] "GET /xingrg/kc/buy/cgsh_order_operate.html?command=get_materiel&rest_code=00154&code=00101012029&supplier_code=00100417&order_time=2024-03-07 HTTP/1.1" 200 412
101.83.145.37 - - [07/Mar/2024:09:43:37 +0800] "GET /xingrg/all/function/internal_message.html?_=1709775579745&CODE_STATE=getMsg HTTP/1.1" 200 27
116.232.194.112 - - [07/Mar/2024:09:43:38 +0800] "GET /xingrg/check_reg.html?_=1709775797172 HTTP/1.1" 200 22
116.232.194.112 - - [07/Mar/2024:09:43:38 +0800] "GET /xingrg/all/function/internal_message.html?_=1709775797177&CODE_STATE=getMsg HTTP/1.1" 200 27
116.230.116.59 - - [07/Mar/2024:09:43:38 +0800] "GET /xingrg/all/function/internal_message.html?_=1709775832252&CODE_STATE=getMsg HTTP/1.1" 200 27
114.83.222.94 - - [07/Mar/2024:09:43:39 +0800] "GET /xingrg/all/function/internal_message.html?_=1709775817595&CODE_STATE=getMsg HTTP/1.1" 200 27
120.253.135.82 - - [07/Mar/2024:09:43:39 +0800] "GET /xingrg/all/function/internal_message.html?_=1709775656881&CODE_STATE=getMsg HTTP/1.1" 200 27
114.83.221.70 - - [07/Mar/2024:09:43:43 +0800] "GET /xingrg/all/function/internal_message.html?_=1709775824013&CODE_STATE=getMsg HTTP/1.1" 200 27
114.83.221.70 - - [07/Mar/2024:09:43:47 +0800] "GET /xingrg/kc/buy/cgsh_order_operate.html?command=get_materiel&rest_code=00154&code=00101008361&supplier_code=00100417&order_time=2024-03-07 HTTP/1.1" 200 408
180.169.147.146 - - [07/Mar/2024:09:43:51 +0800] "GET /xingrg/all/function/internal_message.html?_=1709775831041&CODE_STATE=getMsg HTTP/1.1" 302 -
222.70.115.1 - - [07/Mar/2024:09:43:52 +0800] "GET /xingrg/all/function/internal_message.html?_=1709775833734&CODE_STATE=getMsg HTTP/1.1" 200 27
172.20.0.100 - - [07/Mar/2024:09:43:54 +0800] "GET /xingrg/all/function/internal_message.html?_=1709775834180&CODE_STATE=getMsg HTTP/1.1" 200 27
180.169.147.146 - - [07/Mar/2024:09:44:03 +0800] "GET /xingrg/all/function/internal_message.html?_=1709775843294&CODE_STATE=getMsg HTTP/1.1" 200 27
124.78.60.103 - - [07/Mar/2024:09:44:05 +0800] "GET /xingrg/all/function/internal_message.html?_=1709775845171&CODE_STATE=getMsg HTTP/1.1" 200 27
116.224.254.208 - - [07/Mar/2024:09:44:05 +0800] "GET /xingrg/all/function/internal_message.html?_=1709775845147&CODE_STATE=getMsg HTTP/1.1" 200 27
114.83.221.70 - - [07/Mar/2024:09:44:05 +0800] "GET /xingrg/kc/buy/cgsh_order_operate.html?command=get_materiel&rest_code=00154&code=00101008286&supplier_code=00100417&order_time=2024-03-07 HTTP/1.1" 200 408
116.228.172.94 - - [07/Mar/2024:09:44:07 +0800] "GET /xingrg/all/function/internal_message.html?_=1709775574754&CODE_STATE=getMsg HTTP/1.1" 200 27
116.238.97.31 - - [07/Mar/2024:09:44:08 +0800] "GET /xingrg/all/function/internal_message.html?_=1709775850550&CODE_STATE=getMsg HTTP/1.1" 200 27
101.228.147.14 - - [07/Mar/2024:09:44:12 +0800] "GET /xingrg/all/function/internal_message.html?_=1709775850443&CODE_STATE=getMsg HTTP/1.1" 200 27
58.40.7.146 - - [07/Mar/2024:09:44:12 +0800] "GET /xingrg/all/function/internal_message.html?_=1709775852444&CODE_STATE=getMsg HTTP/1.1" 200 27
116.238.97.31 - - [07/Mar/2024:09:44:12 +0800] "GET /xingrg/kc/buy/cgsh_order_operate.html?command=get_materiel&rest_code=00102&code=00101008261&supplier_code=00100008&order_time=2024-03-07 HTTP/1.1" 200 408
180.163.29.206 - - [07/Mar/2024:09:44:17 +0800] "GET /xingrg/all/function/internal_message.html?_=1709775797577&CODE_STATE=getMsg HTTP/1.1" 302 -
120.253.135.82 - - [07/Mar/2024:09:44:17 +0800] "GET /xingrg/all/function/internal_message.html?_=1709775857563&CODE_STATE=getMsg HTTP/1.1" 200 27
172.20.0.100 - - [07/Mar/2024:09:44:17 +0800] "GET /xingrg/all/function/internal_message.html?_=1709775864882&CODE_STATE=getMsg HTTP/1.1" 302 -
180.163.29.206 - - [07/Mar/2024:09:44:17 +0800] "GET /xingrg/login.html HTTP/1.1" 200 7641
116.232.194.112 - - [07/Mar/2024:09:44:21 +0800] "GET /xingrg/all/function/internal_message.html?_=1709775840090&CODE_STATE=getMsg HTTP/1.1" 200 27
116.238.97.31 - - [07/Mar/2024:09:44:21 +0800] "GET /xingrg/kc/buy/cgsh_order_operate.html?command=get_materiel&rest_code=00102&code=00101008338&supplier_code=00100008&order_time=2024-03-07 HTTP/1.1" 200 410
180.164.1.25 - - [07/Mar/2024:09:44:24 +0800] "GET /xingrg/all/function/internal_message.html?_=1709775863396&CODE_STATE=getMsg HTTP/1.1" 200 27
116.224.254.208 - - [07/Mar/2024:09:44:32 +0800] "GET /xingrg/all/function/internal_message.html?_=1709775872548&CODE_STATE=getMsg HTTP/1.1" 200 27
116.238.97.31 - - [07/Mar/2024:09:44:33 +0800] "GET /xingrg/kc/buy/cgsh_order_operate.html?command=get_materiel&rest_code=00102&code=00101008141&supplier_code=00100008&order_time=2024-03-07 HTTP/1.1" 200 412
101.83.145.37 - - [07/Mar/2024:09:44:37 +0800] "GET /xingrg/all/function/internal_message.html?_=1709775639746&CODE_STATE=getMsg HTTP/1.1" 200 27
116.230.116.59 - - [07/Mar/2024:09:44:37 +0800] "GET /xingrg/check_reg.html?_=1709775890914 HTTP/1.1" 200 22
116.232.194.112 - - [07/Mar/2024:09:44:38 +0800] "GET /xingrg/all/function/internal_message.html?_=1709775857174&CODE_STATE=getMsg HTTP/1.1" 200 27
116.230.116.59 - - [07/Mar/2024:09:44:38 +0800] "GET /xingrg/all/function/internal_message.html?_=1709775892265&CODE_STATE=getMsg HTTP/1.1" 200 27
114.83.222.94 - - [07/Mar/2024:09:44:39 +0800] "GET /xingrg/all/function/internal_message.html?_=1709775877577&CODE_STATE=getMsg HTTP/1.1" 200 27
120.253.135.82 - - [07/Mar/2024:09:44:39 +0800] "GET /xingrg/all/function/internal_message.html?_=1709775717124&CODE_STATE=getMsg HTTP/1.1" 200 27
114.83.221.70 - - [07/Mar/2024:09:44:43 +0800] "GET /xingrg/all/function/internal_message.html?_=1709775883995&CODE_STATE=getMsg HTTP/1.1" 200 27
114.83.221.70 - - [07/Mar/2024:09:44:51 +0800] "GET /xingrg/kc/buy/cgsh_order_operate.html?command=get_materiel&rest_code=00154&code=00101008372&supplier_code=00100417&order_time=2024-03-07 HTTP/1.1" 200 408
180.169.147.146 - - [07/Mar/2024:09:44:51 +0800] "GET /xingrg/all/function/internal_message.html?_=1709775891050&CODE_STATE=getMsg HTTP/1.1" 302 -
222.70.115.1 - - [07/Mar/2024:09:44:52 +0800] "GET /xingrg/check_reg.html?_=1709775893733 HTTP/1.1" 200 22
222.70.115.1 - - [07/Mar/2024:09:44:52 +0800] "GET /xingrg/all/function/internal_message.html?_=1709775893738&CODE_STATE=getMsg HTTP/1.1" 200 27
172.20.0.100 - - [07/Mar/2024:09:44:54 +0800] "GET /xingrg/all/function/internal_message.html?_=1709775894183&CODE_STATE=getMsg HTTP/1.1" 200 27
120.253.135.82 - - [07/Mar/2024:09:44:59 +0800] "GET /xingrg/check_reg.html?_=1709775736853 HTTP/1.1" 200 22
180.169.147.146 - - [07/Mar/2024:09:45:03 +0800] "GET /xingrg/all/function/internal_message.html?_=1709775903297&CODE_STATE=getMsg HTTP/1.1" 200 27
124.78.60.103 - - [07/Mar/2024:09:45:05 +0800] "GET /xingrg/all/function/internal_message.html?_=1709775905147&CODE_STATE=getMsg HTTP/1.1" 200 27
116.224.254.208 - - [07/Mar/2024:09:45:05 +0800] "GET /xingrg/all/function/internal_message.html?_=1709775905123&CODE_STATE=getMsg HTTP/1.1" 200 27
114.83.221.70 - - [07/Mar/2024:09:45:06 +0800] "GET /xingrg/kc/buy/cgsh_order_operate.html?command=get_materiel&rest_code=00154&code=00101008005&supplier_code=00100417&order_time=2024-03-07 HTTP/1.1" 200 412
116.228.172.94 - - [07/Mar/2024:09:45:07 +0800] "GET /xingrg/check_reg.html?_=1709775634747 HTTP/1.1" 200 22
116.228.172.94 - - [07/Mar/2024:09:45:07 +0800] "GET /xingrg/all/function/internal_message.html?_=1709775634750&CODE_STATE=getMsg HTTP/1.1" 200 27
116.238.97.31 - - [07/Mar/2024:09:45:08 +0800] "GET /xingrg/all/function/internal_message.html?_=1709775910533&CODE_STATE=getMsg HTTP/1.1" 200 27
101.228.147.14 - - [07/Mar/2024:09:45:12 +0800] "GET /xingrg/check_reg.html?_=1709775910467 HTTP/1.1" 200 22
101.228.147.14 - - [07/Mar/2024:09:45:12 +0800] "GET /xingrg/all/function/internal_message.html?_=1709775910465&CODE_STATE=getMsg HTTP/1.1" 200 27
58.40.7.146 - - [07/Mar/2024:09:45:12 +0800] "GET /xingrg/check_reg.html?_=1709775912446 HTTP/1.1" 200 22
58.40.7.146 - - [07/Mar/2024:09:45:12 +0800] "GET /xingrg/all/function/internal_message.html?_=1709775912448&CODE_STATE=getMsg HTTP/1.1" 200 27
101.228.147.14 - - [07/Mar/2024:09:45:14 +0800] "GET /xingrg/javascript/easyui/themes/default/images/button_plain_hover.png HTTP/1.1" 304 -
120.253.135.82 - - [07/Mar/2024:09:45:17 +0800] "GET /xingrg/all/function/internal_message.html?_=1709775917567&CODE_STATE=getMsg HTTP/1.1" 200 27
172.20.0.100 - - [07/Mar/2024:09:45:17 +0800] "GET /xingrg/all/function/internal_message.html?_=1709775924940&CODE_STATE=getMsg HTTP/1.1" 302 -
116.232.194.112 - - [07/Mar/2024:09:45:21 +0800] "GET /xingrg/all/function/internal_message.html?_=1709775900061&CODE_STATE=getMsg HTTP/1.1" 200 27
180.164.1.25 - - [07/Mar/2024:09:45:24 +0800] "GET /xingrg/all/function/internal_message.html?_=1709775923375&CODE_STATE=getMsg HTTP/1.1" 200 27
124.78.60.103 - - [07/Mar/2024:09:45:25 +0800] "GET /xingrg/check_reg.html?_=1709775925947 HTTP/1.1" 200 22
180.164.1.25 - - [07/Mar/2024:09:45:30 +0800] "GET /xingrg/kc/base/yddb_order_list.html HTTP/1.1" 200 16666
180.164.1.25 - - [07/Mar/2024:09:45:30 +0800] "POST /xingrg/kc/base/yddb_list_operate.html HTTP/1.1" 200 636
116.224.254.208 - - [07/Mar/2024:09:45:32 +0800] "GET /xingrg/all/function/internal_message.html?_=1709775932536&CODE_STATE=getMsg HTTP/1.1" 200 27
180.164.1.25 - - [07/Mar/2024:09:45:32 +0800] "POST /xingrg/kc/base/yddb_list_operate.html HTTP/1.1" 200 4446
180.164.1.25 - - [07/Mar/2024:09:45:34 +0800] "POST /xingrg/kc/base/yddb_list_operate.html HTTP/1.1" 200 297
101.83.145.37 - - [07/Mar/2024:09:45:37 +0800] "GET /xingrg/all/function/internal_message.html?_=1709775699746&CODE_STATE=getMsg HTTP/1.1" 200 27
101.83.145.37 - - [07/Mar/2024:09:45:37 +0800] "GET /xingrg/check_reg.html?_=1709775699750 HTTP/1.1" 200 22
116.232.194.112 - - [07/Mar/2024:09:45:38 +0800] "GET /xingrg/all/function/internal_message.html?_=1709775917173&CODE_STATE=getMsg HTTP/1.1" 200 27
116.230.116.59 - - [07/Mar/2024:09:45:38 +0800] "GET /xingrg/all/function/internal_message.html?_=1709775952279&CODE_STATE=getMsg HTTP/1.1" 200 27
114.83.222.94 - - [07/Mar/2024:09:45:39 +0800] "GET /xingrg/all/function/internal_message.html?_=1709775937564&CODE_STATE=getMsg HTTP/1.1" 200 27
120.253.135.82 - - [07/Mar/2024:09:45:39 +0800] "GET /xingrg/all/function/internal_message.html?_=1709775777145&CODE_STATE=getMsg HTTP/1.1" 200 27
114.83.221.70 - - [07/Mar/2024:09:45:43 +0800] "GET /xingrg/all/function/internal_message.html?_=1709775943975&CODE_STATE=getMsg HTTP/1.1" 200 27
116.232.194.112 - - [07/Mar/2024:09:45:45 +0800] "GET /xingrg/kc/mdqp/qqps_order_info.html?code=302024030700081 HTTP/1.1" 200 28655
116.232.194.112 - - [07/Mar/2024:09:45:45 +0800] "GET /xingrg/dwr/interface/AjaxComOrderService.js HTTP/1.1" 200 18264
116.232.194.112 - - [07/Mar/2024:09:45:45 +0800] "GET /xingrg/dwr/interface/AjaxQqpsService.js HTTP/1.1" 200 16326
116.232.194.112 - - [07/Mar/2024:09:45:45 +0800] "GET /xingrg/dwr/engine.js HTTP/1.1" 200 43631
116.232.194.112 - - [07/Mar/2024:09:45:46 +0800] "POST /xingrg/dwr/call/plaincall/AjaxQqpsService.loadMaterielItems.dwr HTTP/1.1" 200 386
116.232.194.112 - - [07/Mar/2024:09:45:50 +0800] "GET /xingrg/javascript/auto/indicator.gif HTTP/1.1" 404 1066
180.164.1.25 - - [07/Mar/2024:09:45:51 +0800] "GET /xingrg/kc/mdqp/qqps_order_list.html HTTP/1.1" 200 9222
180.164.1.25 - - [07/Mar/2024:09:45:51 +0800] "GET /xingrg/css/blue.css HTTP/1.1" 200 15949
180.164.1.25 - - [07/Mar/2024:09:45:51 +0800] "GET /xingrg/javascript/jquery_easy_ui/themes/default/easyui.css HTTP/1.1" 200 26500
180.164.1.25 - - [07/Mar/2024:09:45:51 +0800] "GET /xingrg/dwr/interface/AjaxQqpsService.js HTTP/1.1" 200 16326
180.164.1.25 - - [07/Mar/2024:09:45:51 +0800] "GET /xingrg/javascript/Calendar.js HTTP/1.1" 200 31561
180.164.1.25 - - [07/Mar/2024:09:45:51 +0800] "GET /xingrg/dwr/util.js HTTP/1.1" 200 35990
180.164.1.25 - - [07/Mar/2024:09:45:51 +0800] "GET /xingrg/dwr/interface/AjaxReportQueryService.js HTTP/1.1" 200 13203
180.164.1.25 - - [07/Mar/2024:09:45:51 +0800] "GET /xingrg/dwr/engine.js HTTP/1.1" 200 43631
180.164.1.25 - - [07/Mar/2024:09:45:51 +0800] "GET /xingrg/javascript/jquery_easy_ui/themes/icon.css HTTP/1.1" 200 3949
180.164.1.25 - - [07/Mar/2024:09:45:51 +0800] "GET /xingrg/javascript/ToolTips.js HTTP/1.1" 200 5615
180.164.1.25 - - [07/Mar/2024:09:45:51 +0800] "GET /xingrg/javascript/myfunction.js HTTP/1.1" 200 24559
180.164.1.25 - - [07/Mar/2024:09:45:51 +0800] "GET /xingrg/javascript/jquery_easy_ui/themes/icons/uncheck_new.png HTTP/1.1" 200 3197
180.164.1.25 - - [07/Mar/2024:09:45:51 +0800] "GET /xingrg/javascript/jquery_easy_ui/themes/icons/check_new.png HTTP/1.1" 200 3224
180.164.1.25 - - [07/Mar/2024:09:45:51 +0800] "GET /xingrg/javascript/jquery_easy_ui/themes/icons/edit_add_new.png HTTP/1.1" 200 2997
180.164.1.25 - - [07/Mar/2024:09:45:51 +0800] "GET /xingrg/javascript/jquery_easy_ui/themes/icons/cance_new.png HTTP/1.1" 200 3986
180.169.147.146 - - [07/Mar/2024:09:45:51 +0800] "GET /xingrg/check_reg.html?_=1709775951053 HTTP/1.1" 302 -
180.169.147.146 - - [07/Mar/2024:09:45:51 +0800] "GET /xingrg/all/function/internal_message.html?_=1709775951059&CODE_STATE=getMsg HTTP/1.1" 302 -
180.164.1.25 - - [07/Mar/2024:09:45:51 +0800] "GET /xingrg/javascript/jquery_easy_ui/themes/default/images/button_plain_hover.png HTTP/1.1" 200 252
222.70.115.1 - - [07/Mar/2024:09:45:52 +0800] "GET /xingrg/all/function/internal_message.html?_=1709775953739&CODE_STATE=getMsg HTTP/1.1" 200 27
180.164.1.25 - - [07/Mar/2024:09:45:52 +0800] "GET /xingrg/kc/mdqp/qqps_order_add.html HTTP/1.1" 200 28241
180.164.1.25 - - [07/Mar/2024:09:45:52 +0800] "GET /xingrg/javascript/jquery-1.4.2.min.js HTTP/1.1" 200 72205
180.164.1.25 - - [07/Mar/2024:09:45:52 +0800] "GET /xingrg/javascript/jquery_easy_ui/jquery.easyui.min.js HTTP/1.1" 200 213662
180.164.1.25 - - [07/Mar/2024:09:45:52 +0800] "GET /xingrg/javascript/jquery_easy_ui/easyui-lang-zh_CN.js HTTP/1.1" 200 1900
180.164.1.25 - - [07/Mar/2024:09:45:52 +0800] "GET /xingrg/javascript/tools/jquery.qtip-1.0.0-rc3.min.js HTTP/1.1" 200 38404
180.164.1.25 - - [07/Mar/2024:09:45:52 +0800] "GET /xingrg/dwr/interface/AjaxComOrderService.js HTTP/1.1" 200 18264
180.164.1.25 - - [07/Mar/2024:09:45:52 +0800] "GET /xingrg/dwr/interface/AjaxQqpsService.js HTTP/1.1" 200 16326
180.164.1.25 - - [07/Mar/2024:09:45:52 +0800] "GET /xingrg/javascript/AjaxInfoList.js HTTP/1.1" 200 3774
180.164.1.25 - - [07/Mar/2024:09:45:52 +0800] "GET /xingrg/dwr/engine.js HTTP/1.1" 200 43631
180.164.1.25 - - [07/Mar/2024:09:45:52 +0800] "GET /xingrg/javascript/Grid.js HTTP/1.1" 200 58908
180.164.1.25 - - [07/Mar/2024:09:45:52 +0800] "GET /xingrg/javascript/jquery_easy_ui/themes/icons/template_new.png HTTP/1.1" 200 3956
180.164.1.25 - - [07/Mar/2024:09:45:52 +0800] "GET /xingrg/javascript/jquery_easy_ui/themes/icons/copy_new.png HTTP/1.1" 200 815
180.164.1.25 - - [07/Mar/2024:09:45:52 +0800] "GET /xingrg/javascript/jquery_easy_ui/themes/icons/ok.png HTTP/1.1" 200 883
180.164.1.25 - - [07/Mar/2024:09:45:52 +0800] "GET /xingrg/javascript/jquery_easy_ui/themes/icons/print.png HTTP/1.1" 200 1057
180.164.1.25 - - [07/Mar/2024:09:45:52 +0800] "GET /xingrg/javascript/jquery_easy_ui/themes/default/images/menu_downarrow.png HTTP/1.1" 200 173
180.164.1.25 - - [07/Mar/2024:09:45:52 +0800] "GET /xingrg/javascript/jquery_easy_ui/themes/icons/back_new.png HTTP/1.1" 200 3414
180.164.1.25 - - [07/Mar/2024:09:45:53 +0800] "GET /xingrg/images/blue/button/kc_tab_add.gif HTTP/1.1" 200 375
180.164.1.25 - - [07/Mar/2024:09:45:53 +0800] "GET /xingrg/images/blue/button/kc_tab_edit.gif HTTP/1.1" 200 551
180.164.1.25 - - [07/Mar/2024:09:45:53 +0800] "GET /xingrg/images/blue/button/kc_tab_del.gif HTTP/1.1" 200 383
180.164.1.25 - - [07/Mar/2024:09:45:53 +0800] "GET /xingrg/images/blue/button/kc_tab_save.gif HTTP/1.1" 200 777
180.164.1.25 - - [07/Mar/2024:09:45:53 +0800] "GET /xingrg/javascript/jquery_easy_ui/themes/default/images/combo_arrow_dot.gif HTTP/1.1" 200 79
180.164.1.25 - - [07/Mar/2024:09:45:53 +0800] "GET /xingrg/images/blue/kc_tab_mid.gif HTTP/1.1" 200 44
180.164.1.25 - - [07/Mar/2024:09:45:53 +0800] "GET /xingrg/images/blue/kc_tab_left.gif HTTP/1.1" 200 188
180.164.1.25 - - [07/Mar/2024:09:45:53 +0800] "GET /xingrg/images/blue/kc_tab_right.gif HTTP/1.1" 200 643
180.164.1.25 - - [07/Mar/2024:09:45:53 +0800] "GET /xingrg/images/blue/kc_tab2_right.gif HTTP/1.1" 200 192
180.164.1.25 - - [07/Mar/2024:09:45:53 +0800] "GET /xingrg/images/blue/kc_tab2_left.gif HTTP/1.1" 200 625
172.20.0.100 - - [07/Mar/2024:09:45:54 +0800] "GET /xingrg/check_reg.html?_=1709775954186 HTTP/1.1" 200 22
172.20.0.100 - - [07/Mar/2024:09:45:54 +0800] "GET /xingrg/all/function/internal_message.html?_=1709775954187&CODE_STATE=getMsg HTTP/1.1" 200 27
116.232.194.112 - - [07/Mar/2024:09:45:54 +0800] "POST /xingrg/dwr/call/plaincall/AjaxQqpsService.getMaterielByCode.dwr HTTP/1.1" 200 2824
180.164.1.25 - - [07/Mar/2024:09:46:00 +0800] "GET /xingrg/images/blue/wait.gif HTTP/1.1" 200 1100
180.164.1.25 - - [07/Mar/2024:09:46:01 +0800] "POST /xingrg/dwr/call/plaincall/AjaxQqpsService.saveOrder.dwr HTTP/1.1" 200 78
180.169.147.146 - - [07/Mar/2024:09:46:03 +0800] "GET /xingrg/all/function/internal_message.html?_=1709775963293&CODE_STATE=getMsg HTTP/1.1" 200 27
124.78.60.103 - - [07/Mar/2024:09:46:05 +0800] "GET /xingrg/all/function/internal_message.html?_=1709775965127&CODE_STATE=getMsg HTTP/1.1" 200 27
116.224.254.208 - - [07/Mar/2024:09:46:05 +0800] "GET /xingrg/all/function/internal_message.html?_=1709775965118&CODE_STATE=getMsg HTTP/1.1" 200 27
114.83.221.70 - - [07/Mar/2024:09:46:05 +0800] "POST /xingrg/kc/buy/cgsh_order_operate.html HTTP/1.1" 200 2065
116.232.194.112 - - [07/Mar/2024:09:46:06 +0800] "POST /xingrg/dwr/call/plaincall/AjaxQqpsService.saveMaterielItem.dwr HTTP/1.1" 200 78
116.228.172.94 - - [07/Mar/2024:09:46:07 +0800] "GET /xingrg/all/function/internal_message.html?_=1709775694770&CODE_STATE=getMsg HTTP/1.1" 200 27
116.238.97.31 - - [07/Mar/2024:09:46:08 +0800] "GET /xingrg/check_reg.html?_=1709775970317 HTTP/1.1" 200 22
116.238.97.31 - - [07/Mar/2024:09:46:08 +0800] "GET /xingrg/all/function/internal_message.html?_=1709775970518&CODE_STATE=getMsg HTTP/1.1" 200 27
116.232.194.112 - - [07/Mar/2024:09:46:08 +0800] "GET /xingrg/images/yd/bt2.gif HTTP/1.1" 404 1042
101.228.147.14 - - [07/Mar/2024:09:46:12 +0800] "GET /xingrg/all/function/internal_message.html?_=1709775970452&CODE_STATE=getMsg HTTP/1.1" 200 27
58.40.7.146 - - [07/Mar/2024:09:46:12 +0800] "GET /xingrg/all/function/internal_message.html?_=1709775972446&CODE_STATE=getMsg HTTP/1.1" 200 27
180.164.1.25 - - [07/Mar/2024:09:46:14 +0800] "POST /xingrg/dwr/call/plaincall/AjaxQqpsService.getMaterielByCode.dwr HTTP/1.1" 200 2956
114.83.221.70 - - [07/Mar/2024:09:46:16 +0800] "GET /xingrg/kc/buy/cgsh_order_operate.html?command=get_materiel&rest_code=00154&code=00101008220&supplier_code=00100417&order_time=2024-03-07 HTTP/1.1" 200 412
120.253.135.82 - - [07/Mar/2024:09:46:17 +0800] "GET /xingrg/check_reg.html?_=1709775977562 HTTP/1.1" 200 22
180.163.30.85 - - [07/Mar/2024:09:46:17 +0800] "GET /xingrg/all/function/internal_message.html?_=1709775917567&CODE_STATE=getMsg HTTP/1.1" 302 -
120.253.135.82 - - [07/Mar/2024:09:46:17 +0800] "GET /xingrg/all/function/internal_message.html?_=1709775977564&CODE_STATE=getMsg HTTP/1.1" 200 27
172.20.0.100 - - [07/Mar/2024:09:46:17 +0800] "GET /xingrg/all/function/internal_message.html?_=1709775984957&CODE_STATE=getMsg HTTP/1.1" 302 -
180.163.30.85 - - [07/Mar/2024:09:46:18 +0800] "GET /xingrg/login.html HTTP/1.1" 200 7641
180.164.1.25 - - [07/Mar/2024:09:46:19 +0800] "POST /xingrg/dwr/call/plaincall/AjaxQqpsService.saveMaterielItem.dwr HTTP/1.1" 200 78
116.232.194.112 - - [07/Mar/2024:09:46:21 +0800] "GET /xingrg/all/function/internal_message.html?_=1709775960045&CODE_STATE=getMsg HTTP/1.1" 200 27
180.164.1.25 - - [07/Mar/2024:09:46:24 +0800] "GET /xingrg/all/function/internal_message.html?_=1709775983360&CODE_STATE=getMsg HTTP/1.1" 200 27
116.224.254.208 - - [07/Mar/2024:09:46:32 +0800] "GET /xingrg/all/function/internal_message.html?_=1709775992531&CODE_STATE=getMsg HTTP/1.1" 200 27
101.83.145.37 - - [07/Mar/2024:09:46:37 +0800] "GET /xingrg/all/function/internal_message.html?_=1709775759750&CODE_STATE=getMsg HTTP/1.1" 200 27
116.232.194.112 - - [07/Mar/2024:09:46:38 +0800] "GET /xingrg/all/function/internal_message.html?_=1709775977157&CODE_STATE=getMsg HTTP/1.1" 200 27
116.230.116.59 - - [07/Mar/2024:09:46:38 +0800] "GET /xingrg/all/function/internal_message.html?_=1709776012292&CODE_STATE=getMsg HTTP/1.1" 200 27
114.83.222.94 - - [07/Mar/2024:09:46:39 +0800] "GET /xingrg/all/function/internal_message.html?_=1709775997534&CODE_STATE=getMsg HTTP/1.1" 200 27
114.83.222.94 - - [07/Mar/2024:09:46:39 +0800] "GET /xingrg/check_reg.html?_=1709775997862 HTTP/1.1" 200 22
120.253.135.82 - - [07/Mar/2024:09:46:39 +0800] "GET /xingrg/all/function/internal_message.html?_=1709775837155&CODE_STATE=getMsg HTTP/1.1" 200 27
114.83.221.70 - - [07/Mar/2024:09:46:41 +0800] "GET /xingrg/kc/buy/cgsh_order_operate.html?command=get_materiel&rest_code=00154&code=00101008268&supplier_code=00100417&order_time=2024-03-07 HTTP/1.1" 200 408
114.83.221.70 - - [07/Mar/2024:09:46:43 +0800] "GET /xingrg/all/function/internal_message.html?_=1709776003963&CODE_STATE=getMsg HTTP/1.1" 200 27
180.169.147.146 - - [07/Mar/2024:09:46:51 +0800] "GET /xingrg/all/function/internal_message.html?_=1709776011048&CODE_STATE=getMsg HTTP/1.1" 302 -
222.70.115.1 - - [07/Mar/2024:09:46:52 +0800] "GET /xingrg/all/function/internal_message.html?_=1709776013728&CODE_STATE=getMsg HTTP/1.1" 200 27
172.20.0.100 - - [07/Mar/2024:09:46:54 +0800] "GET /xingrg/all/function/internal_message.html?_=1709776014189&CODE_STATE=getMsg HTTP/1.1" 200 27
180.169.147.146 - - [07/Mar/2024:09:47:03 +0800] "GET /xingrg/all/function/internal_message.html?_=1709776023300&CODE_STATE=getMsg HTTP/1.1" 200 27
124.78.60.103 - - [07/Mar/2024:09:47:05 +0800] "GET /xingrg/all/function/internal_message.html?_=1709776025116&CODE_STATE=getMsg HTTP/1.1" 200 27
116.224.254.208 - - [07/Mar/2024:09:47:05 +0800] "GET /xingrg/all/function/internal_message.html?_=1709776025110&CODE_STATE=getMsg HTTP/1.1" 200 27
116.224.254.208 - - [07/Mar/2024:09:47:06 +0800] "GET /xingrg/check_reg.html?_=1709776026041 HTTP/1.1" 200 22
116.228.172.94 - - [07/Mar/2024:09:47:07 +0800] "GET /xingrg/all/function/internal_message.html?_=1709775754755&CODE_STATE=getMsg HTTP/1.1" 200 27
116.238.97.31 - - [07/Mar/2024:09:47:08 +0800] "GET /xingrg/all/function/internal_message.html?_=1709776030513&CODE_STATE=getMsg HTTP/1.1" 200 27
114.83.221.70 - - [07/Mar/2024:09:47:09 +0800] "GET /xingrg/check_reg.html?_=1709776030314 HTTP/1.1" 200 22
101.228.147.14 - - [07/Mar/2024:09:47:12 +0800] "GET /xingrg/all/function/internal_message.html?_=1709776030453&CODE_STATE=getMsg HTTP/1.1" 200 27
58.40.7.146 - - [07/Mar/2024:09:47:12 +0800] "GET /xingrg/all/function/internal_message.html?_=1709776032444&CODE_STATE=getMsg HTTP/1.1" 200 27
114.83.221.70 - - [07/Mar/2024:09:47:15 +0800] "POST /xingrg/kc/buy/cgsh_order_operate.html HTTP/1.1" 200 37
172.20.0.100 - - [07/Mar/2024:09:47:15 +0800] "GET /xingrg/check_reg.html?_=1709776043097 HTTP/1.1" 302 -
180.163.30.85 - - [07/Mar/2024:09:47:17 +0800] "GET /xingrg/all/function/internal_message.html?_=1709775977564&CODE_STATE=getMsg HTTP/1.1" 302 -
180.163.30.100 - - [07/Mar/2024:09:47:17 +0800] "GET /xingrg/check_reg.html?_=1709775977562 HTTP/1.1" 302 -
120.253.135.82 - - [07/Mar/2024:09:47:17 +0800] "GET /xingrg/all/function/internal_message.html?_=1709776037550&CODE_STATE=getMsg HTTP/1.1" 200 27
180.163.30.85 - - [07/Mar/2024:09:47:17 +0800] "GET /xingrg/login.html HTTP/1.1" 200 7641
172.20.0.100 - - [07/Mar/2024:09:47:17 +0800] "GET /xingrg/all/function/internal_message.html?_=1709776044970&CODE_STATE=getMsg HTTP/1.1" 302 -
180.163.30.100 - - [07/Mar/2024:09:47:17 +0800] "GET /xingrg/login.html HTTP/1.1" 200 7641
116.232.194.112 - - [07/Mar/2024:09:47:20 +0800] "GET /xingrg/kc/mdqp/qqps_order_list.html?isBack=1 HTTP/1.1" 200 10483
116.232.194.112 - - [07/Mar/2024:09:47:20 +0800] "GET /xingrg/dwr/interface/AjaxQqpsService.js HTTP/1.1" 200 16326
116.232.194.112 - - [07/Mar/2024:09:47:20 +0800] "GET /xingrg/dwr/interface/AjaxReportQueryService.js HTTP/1.1" 200 13203
