120.253.135.82 - - [05/Mar/2024:10:39:45 +0800] "GET /xingrg/index.html?sysBaseUrl=http%3A%2F%2F180.169.147.146%3A18081%2Fxingrg%2F&costTime=850×tamp=1709606385607 HTTP/1.1" 200 17173
116.230.116.59 - - [05/Mar/2024:10:39:45 +0800] "GET /xingrg/all/function/internal_message.html?_=1709606391531&CODE_STATE=getMsg HTTP/1.1" 200 27
120.253.135.82 - - [05/Mar/2024:10:39:45 +0800] "GET /xingrg/all/function/internal_message.html?_=1709606555686&CODE_STATE=count HTTP/1.1" 200 11
120.253.135.82 - - [05/Mar/2024:10:39:45 +0800] "GET /xingrg/check_reg.html?_=1709606555688 HTTP/1.1" 200 22
120.253.135.82 - - [05/Mar/2024:10:39:46 +0800] "POST /xingrg/all/common/load_tree.html?tree=area_rest_tree_json&manage=1 HTTP/1.1" 200 344
120.253.135.82 - - [05/Mar/2024:10:39:46 +0800] "POST /xingrg/load_menu.html HTTP/1.1" 200 6743
101.83.145.37 - - [05/Mar/2024:10:39:46 +0800] "POST /xingrg/services/DataTransmitService HTTP/1.1" 200 412
114.89.91.180 - - [05/Mar/2024:10:39:46 +0800] "GET /xingrg/all/function/internal_message.html?_=1709606386117&CODE_STATE=getMsg HTTP/1.1" 200 27
124.78.57.58 - - [05/Mar/2024:10:39:47 +0800] "GET /xingrg/kc/buy/cgsh_order_operate.html?command=get_materiel&rest_code=00141&code=00101008131&supplier_code=00100008&order_time=2024-03-05 HTTP/1.1" 200 408
124.78.57.58 - - [05/Mar/2024:10:39:50 +0800] "POST /xingrg/kc/buy/cgsh_list_operate.html HTTP/1.1" 200 986
116.230.116.59 - - [05/Mar/2024:10:39:51 +0800] "POST /xingrg/kc/buy/cgsh_order_operate.html HTTP/1.1" 200 37
116.224.254.208 - - [05/Mar/2024:10:39:52 +0800] "GET /xingrg/all/function/internal_message.html?_=1709606392580&CODE_STATE=getMsg HTTP/1.1" 200 27
116.230.116.59 - - [05/Mar/2024:10:39:53 +0800] "POST /xingrg/kc/buy/cgsh_order_operate.html HTTP/1.1" 200 2660
124.79.241.4 - - [05/Mar/2024:10:39:54 +0800] "GET /xingrg/all/function/internal_message.html?_=1709606390686&CODE_STATE=getMsg HTTP/1.1" 200 27
116.237.73.188 - - [05/Mar/2024:10:39:54 +0800] "GET /xingrg/all/function/internal_message.html?_=1709606396766&CODE_STATE=getMsg HTTP/1.1" 200 27
101.83.145.37 - - [05/Mar/2024:10:39:55 +0800] "GET /xingrg/kc/buy/cgsh_order_operate.html?command=get_materiel&rest_code=00105&code=00101005036&supplier_code=00100096&order_time=2024-03-05 HTTP/1.1" 200 409
116.230.116.59 - - [05/Mar/2024:10:39:56 +0800] "GET /xingrg/kc/print/load_data.html?order_code=212024030501208&kc_code=cgsh&condition= HTTP/1.1" 200 694
101.83.145.37 - - [05/Mar/2024:10:39:58 +0800] "GET /xingrg/all/function/internal_message.html?_=1709606162382&CODE_STATE=getMsg HTTP/1.1" 200 27
124.78.57.58 - - [05/Mar/2024:10:39:59 +0800] "POST /xingrg/all/user/operate.html HTTP/1.1" 200 36
124.78.57.58 - - [05/Mar/2024:10:39:59 +0800] "GET /xingrg/index.html?sysBaseUrl=http%3A%2F%2F180.169.147.146%3A18081%2Fxingrg%2F&costTime=1146×tamp=1709606353568 HTTP/1.1" 200 17509
124.78.57.58 - - [05/Mar/2024:10:39:59 +0800] "GET /xingrg/javascript/jquery_easy_ui/themes/default/easyui.css HTTP/1.1" 304 -
124.78.57.58 - - [05/Mar/2024:10:39:59 +0800] "GET /xingrg/javascript/jquery_easy_ui/themes/icon.css HTTP/1.1" 304 -
124.78.57.58 - - [05/Mar/2024:10:39:59 +0800] "GET /xingrg/css/form.css HTTP/1.1" 304 -
124.78.57.58 - - [05/Mar/2024:10:39:59 +0800] "GET /xingrg/javascript/jquery-1.4.2.min.js HTTP/1.1" 304 -
124.78.57.58 - - [05/Mar/2024:10:39:59 +0800] "GET /xingrg/javascript/jquery_easy_ui/jquery.easyui.min.js HTTP/1.1" 304 -
124.78.57.58 - - [05/Mar/2024:10:39:59 +0800] "GET /xingrg/javascript/jquery_easy_ui/easyui-lang-zh_CN.js HTTP/1.1" 304 -
124.78.57.58 - - [05/Mar/2024:10:40:00 +0800] "GET /xingrg/javascript/jquery.form.js HTTP/1.1" 304 -
124.78.57.58 - - [05/Mar/2024:10:40:00 +0800] "GET /xingrg/javascript/jquery.utils.js HTTP/1.1" 304 -
124.78.57.58 - - [05/Mar/2024:10:40:00 +0800] "GET /xingrg/javascript/jquery.timers.js HTTP/1.1" 304 -
124.78.57.58 - - [05/Mar/2024:10:40:00 +0800] "GET /xingrg/images/blue/jxLogo.png HTTP/1.1" 304 -
124.78.57.58 - - [05/Mar/2024:10:40:00 +0800] "GET /xingrg/javascript/jquery_easy_ui/themes/icons/settle_new.png HTTP/1.1" 304 -
124.78.57.58 - - [05/Mar/2024:10:40:00 +0800] "GET /xingrg/images/blue/navBackgound.jpg HTTP/1.1" 304 -
124.78.57.58 - - [05/Mar/2024:10:40:00 +0800] "GET /xingrg/all/function/internal_message.html?_=1709606400123&CODE_STATE=count HTTP/1.1" 200 11
124.78.57.58 - - [05/Mar/2024:10:40:00 +0800] "GET /xingrg/check_reg.html?_=1709606400124 HTTP/1.1" 200 22
124.78.57.58 - - [05/Mar/2024:10:40:00 +0800] "GET /xingrg/javascript/jquery_easy_ui/themes/default/images/panel_tool_expand.gif HTTP/1.1" 304 -
124.78.57.58 - - [05/Mar/2024:10:40:00 +0800] "GET /xingrg/javascript/jquery_easy_ui/themes/default/images/tabs_rightarrow.png HTTP/1.1" 304 -
124.78.57.58 - - [05/Mar/2024:10:40:00 +0800] "GET /xingrg/javascript/jquery_easy_ui/themes/default/images/panel_tool_collapse.gif HTTP/1.1" 304 -
124.78.57.58 - - [05/Mar/2024:10:40:00 +0800] "GET /xingrg/images/blue/pingpu.png HTTP/1.1" 304 -
124.78.57.58 - - [05/Mar/2024:10:40:00 +0800] "GET /xingrg/javascript/jquery_easy_ui/themes/default/images/tabs_leftarrow.png HTTP/1.1" 304 -
124.78.57.58 - - [05/Mar/2024:10:40:00 +0800] "POST /xingrg/all/common/load_tree.html?tree=area_rest_tree_json&manage=1 HTTP/1.1" 200 3624
124.78.57.58 - - [05/Mar/2024:10:40:00 +0800] "POST /xingrg/load_menu.html HTTP/1.1" 200 9959
124.78.57.58 - - [05/Mar/2024:10:40:03 +0800] "GET /xingrg/kc/buy/cgsh_order_list.html HTTP/1.1" 200 58141
124.78.57.58 - - [05/Mar/2024:10:40:03 +0800] "GET /xingrg/kc/buy/cgsh_order_operate.html?command=get_materiel&rest_code=00141&code=00101008355&supplier_code=00100008&order_time=2024-03-05 HTTP/1.1" 200 408
120.253.135.82 - - [05/Mar/2024:10:40:03 +0800] "GET /xingrg/check_reg.html?_=1709606240261 HTTP/1.1" 200 22
116.232.194.112 - - [05/Mar/2024:10:40:04 +0800] "GET /xingrg/all/function/internal_message.html?_=1709606387942&CODE_STATE=getMsg HTTP/1.1" 200 27
180.169.147.146 - - [05/Mar/2024:10:40:04 +0800] "GET /xingrg/all/function/internal_message.html?_=1709606404803&CODE_STATE=getMsg HTTP/1.1" 200 27
124.78.57.58 - - [05/Mar/2024:10:40:05 +0800] "POST /xingrg/kc/buy/cgsh_list_operate.html HTTP/1.1" 200 986
101.83.145.37 - - [05/Mar/2024:10:40:06 +0800] "GET /xingrg/all/function/internal_message.html?_=1709606407548&CODE_STATE=getMsg HTTP/1.1" 200 27
120.253.135.82 - - [05/Mar/2024:10:40:07 +0800] "GET /xingrg/all/function/internal_message.html?_=1709606243968&CODE_STATE=getMsg HTTP/1.1" 200 27
116.230.123.13 - - [05/Mar/2024:10:40:08 +0800] "GET /xingrg/check_reg.html?_=1709606408383 HTTP/1.1" 200 22
101.83.241.137 - - [05/Mar/2024:10:40:10 +0800] "GET /xingrg/all/function/internal_message.html?_=1709606410364&CODE_STATE=getMsg HTTP/1.1" 200 27
101.83.241.137 - - [05/Mar/2024:10:40:11 +0800] "GET /xingrg/check_reg.html?_=1709606410849 HTTP/1.1" 200 22
124.78.57.58 - - [05/Mar/2024:10:40:11 +0800] "GET /xingrg/kc/buy/cgsh_order_operate.html?command=get_materiel&rest_code=00141&code=00101008037&supplier_code=00100008&order_time=2024-03-05 HTTP/1.1" 200 413
116.230.123.13 - - [05/Mar/2024:10:40:14 +0800] "POST /xingrg/kc/buy/cgsh_list_operate.html HTTP/1.1" 200 6147
124.78.57.58 - - [05/Mar/2024:10:40:14 +0800] "GET /xingrg/javascript/auto/indicator.gif HTTP/1.1" 404 1066
116.230.123.13 - - [05/Mar/2024:10:40:19 +0800] "POST /xingrg/kc/buy/cgsh_list_operate.html HTTP/1.1" 200 199
116.230.123.13 - - [05/Mar/2024:10:40:19 +0800] "GET /xingrg/all/function/internal_message.html?_=1709606419779&CODE_STATE=getMsg HTTP/1.1" 200 27
124.78.57.58 - - [05/Mar/2024:10:40:20 +0800] "GET /xingrg/kc/buy/cgsh_order_operate.html?command=get_materiel&rest_code=00141&code=00101008286&supplier_code=00100008&order_time=2024-03-05 HTTP/1.1" 200 408
116.230.116.59 - - [05/Mar/2024:10:40:20 +0800] "GET /xingrg/kc/buy/cgsh_order_add.html HTTP/1.1" 200 73655
116.230.116.59 - - [05/Mar/2024:10:40:21 +0800] "POST /xingrg/kc/buy/cgsh_order_operate.html HTTP/1.1" 200 8245
116.230.116.59 - - [05/Mar/2024:10:40:21 +0800] "GET /xingrg/javascript/easyui/themes/default/validatebox.css HTTP/1.1" 404 1104
116.224.254.208 - - [05/Mar/2024:10:40:21 +0800] "GET /xingrg/all/function/internal_message.html?_=1709606422024&CODE_STATE=getMsg HTTP/1.1" 200 27
116.230.123.13 - - [05/Mar/2024:10:40:22 +0800] "POST /xingrg/kc/buy/cgsh_list_operate.html HTTP/1.1" 200 273
124.78.57.58 - - [05/Mar/2024:10:40:22 +0800] "POST /xingrg/kc/buy/cgsh_list_operate.html HTTP/1.1" 200 1894
124.78.57.58 - - [05/Mar/2024:10:40:25 +0800] "POST /xingrg/kc/buy/cgsh_list_operate.html HTTP/1.1" 200 584
180.169.147.146 - - [05/Mar/2024:10:40:26 +0800] "GET /xingrg/all/function/internal_message.html?_=1709606425746&CODE_STATE=getMsg HTTP/1.1" 302 -
101.228.147.14 - - [05/Mar/2024:10:40:27 +0800] "GET /xingrg/all/function/internal_message.html?_=1709606427021&CODE_STATE=getMsg HTTP/1.1" 200 27
101.228.147.14 - - [05/Mar/2024:10:40:27 +0800] "GET /xingrg/check_reg.html?_=1709606427025 HTTP/1.1" 200 22
124.79.241.4 - - [05/Mar/2024:10:40:28 +0800] "GET /xingrg/check_reg.html?_=1709606443474 HTTP/1.1" 200 22
124.79.241.4 - - [05/Mar/2024:10:40:28 +0800] "GET /xingrg/all/function/internal_message.html?_=1709606443474&CODE_STATE=getMsg HTTP/1.1" 200 27
58.40.7.146 - - [05/Mar/2024:10:40:29 +0800] "GET /xingrg/login.html HTTP/1.1" 200 7641
58.40.7.146 - - [05/Mar/2024:10:40:30 +0800] "GET /favicon.ico HTTP/1.1" 404 -
124.78.57.58 - - [05/Mar/2024:10:40:31 +0800] "POST /xingrg/kc/buy/cgsh_list_operate.html HTTP/1.1" 200 4
222.70.115.1 - - [05/Mar/2024:10:40:31 +0800] "GET /xingrg/all/function/internal_message.html?_=1709606433687&CODE_STATE=getMsg HTTP/1.1" 200 27
180.169.147.146 - - [05/Mar/2024:10:40:32 +0800] "GET /xingrg/all/function/internal_message.html?_=1709606430290&CODE_STATE=getMsg HTTP/1.1" 200 27
58.40.7.146 - - [05/Mar/2024:10:40:33 +0800] "POST /xingrg/login.do HTTP/1.1" 302 -
58.40.7.146 - - [05/Mar/2024:10:40:33 +0800] "GET /xingrg/index.html?sysBaseUrl=http%3A%2F%2F180.169.147.146%3A18081%2Fxingrg%2F&costTime=1506×tamp=1709606433800 HTTP/1.1" 200 17503
58.40.7.146 - - [05/Mar/2024:10:40:34 +0800] "GET /favicon.ico HTTP/1.1" 404 -
58.40.7.146 - - [05/Mar/2024:10:40:34 +0800] "GET /xingrg/all/function/internal_message.html?_=1709606439348&CODE_STATE=count HTTP/1.1" 200 11
58.40.7.146 - - [05/Mar/2024:10:40:34 +0800] "GET /xingrg/check_reg.html?_=1709606439349 HTTP/1.1" 200 22
58.40.7.146 - - [05/Mar/2024:10:40:34 +0800] "POST /xingrg/load_menu.html HTTP/1.1" 200 11564
124.78.57.58 - - [05/Mar/2024:10:40:34 +0800] "POST /xingrg/kc/buy/cgsh_list_operate.html HTTP/1.1" 200 986
58.40.7.146 - - [05/Mar/2024:10:40:34 +0800] "POST /xingrg/all/common/load_tree.html?tree=area_rest_tree_json&manage=1 HTTP/1.1" 200 3624
58.40.7.146 - - [05/Mar/2024:10:40:35 +0800] "GET /xingrg/all/function/internal_message.html?_=1709606435366&CODE_STATE=getMsg HTTP/1.1" 200 27
180.164.1.25 - - [05/Mar/2024:10:40:37 +0800] "GET /xingrg/all/function/internal_message.html?_=1709606437644&CODE_STATE=getMsg HTTP/1.1" 200 27
124.78.57.58 - - [05/Mar/2024:10:40:38 +0800] "GET /xingrg/kc/buy/cgsh_order_operate.html?command=get_materiel&rest_code=00141&code=00101010168&supplier_code=00100008&order_time=2024-03-05 HTTP/1.1" 200 413
124.78.57.58 - - [05/Mar/2024:10:40:45 +0800] "GET /xingrg/all/function/internal_message.html?_=1709606445572&CODE_STATE=getMsg HTTP/1.1" 200 27
116.230.116.59 - - [05/Mar/2024:10:40:45 +0800] "GET /xingrg/all/function/internal_message.html?_=1709606451544&CODE_STATE=getMsg HTTP/1.1" 200 27
120.253.135.82 - - [05/Mar/2024:10:40:45 +0800] "GET /xingrg/all/function/internal_message.html?_=1709606615699&CODE_STATE=getMsg HTTP/1.1" 200 27
114.89.91.180 - - [05/Mar/2024:10:40:46 +0800] "GET /xingrg/all/function/internal_message.html?_=1709606446103&CODE_STATE=getMsg HTTP/1.1" 200 27
114.89.91.180 - - [05/Mar/2024:10:40:47 +0800] "GET /xingrg/check_reg.html?_=1709606447601 HTTP/1.1" 200 22
116.224.254.208 - - [05/Mar/2024:10:40:52 +0800] "GET /xingrg/all/function/internal_message.html?_=1709606452559&CODE_STATE=getMsg HTTP/1.1" 200 27
124.79.241.4 - - [05/Mar/2024:10:40:54 +0800] "GET /xingrg/all/function/internal_message.html?_=1709606450740&CODE_STATE=getMsg HTTP/1.1" 200 27
116.237.73.188 - - [05/Mar/2024:10:40:54 +0800] "GET /xingrg/all/function/internal_message.html?_=1709606456794&CODE_STATE=getMsg HTTP/1.1" 200 27
116.230.116.59 - - [05/Mar/2024:10:40:57 +0800] "GET /xingrg/kc/buy/cgsh_order_operate.html?command=get_materiel&rest_code=00146&code=00101006129&supplier_code=00100012&order_time=2024-03-05 HTTP/1.1" 200 439
101.83.145.37 - - [05/Mar/2024:10:40:58 +0800] "GET /xingrg/all/function/internal_message.html?_=1709606222377&CODE_STATE=getMsg HTTP/1.1" 200 27
124.78.57.58 - - [05/Mar/2024:10:41:00 +0800] "GET /xingrg/all/function/internal_message.html?_=1709606460128&CODE_STATE=getMsg HTTP/1.1" 200 27
180.169.147.146 - - [05/Mar/2024:10:41:04 +0800] "GET /xingrg/all/function/internal_message.html?_=1709606464798&CODE_STATE=getMsg HTTP/1.1" 200 27
116.232.194.112 - - [05/Mar/2024:10:41:04 +0800] "GET /xingrg/all/function/internal_message.html?_=1709606447930&CODE_STATE=getMsg HTTP/1.1" 200 27
124.78.57.58 - - [05/Mar/2024:10:41:04 +0800] "GET /xingrg/check_reg.html?_=1709606464847 HTTP/1.1" 200 22
101.83.145.37 - - [05/Mar/2024:10:41:06 +0800] "GET /xingrg/all/function/internal_message.html?_=1709606467520&CODE_STATE=getMsg HTTP/1.1" 200 27
120.253.135.82 - - [05/Mar/2024:10:41:07 +0800] "GET /xingrg/all/function/internal_message.html?_=1709606303988&CODE_STATE=getMsg HTTP/1.1" 200 27
101.83.241.137 - - [05/Mar/2024:10:41:10 +0800] "GET /xingrg/all/function/internal_message.html?_=1709606470353&CODE_STATE=getMsg HTTP/1.1" 200 27
124.78.57.58 - - [05/Mar/2024:10:41:15 +0800] "GET /xingrg/kc/buy/cgsh_order_operate.html?command=get_materiel&rest_code=00141&code=00101008403&supplier_code=00100008&order_time=2024-03-05 HTTP/1.1" 200 412
116.230.116.59 - - [05/Mar/2024:10:41:18 +0800] "GET /xingrg/kc/buy/cgsh_order_operate.html?command=get_materiel&rest_code=00146&code=00101006111&supplier_code=00100012&order_time=2024-03-05 HTTP/1.1" 200 409
116.230.123.13 - - [05/Mar/2024:10:41:19 +0800] "GET /xingrg/all/function/internal_message.html?_=1709606479756&CODE_STATE=getMsg HTTP/1.1" 200 27
116.224.254.208 - - [05/Mar/2024:10:41:21 +0800] "GET /xingrg/all/function/internal_message.html?_=1709606482041&CODE_STATE=getMsg HTTP/1.1" 200 27
180.169.147.146 - - [05/Mar/2024:10:41:25 +0800] "GET /xingrg/all/function/internal_message.html?_=1709606485735&CODE_STATE=getMsg HTTP/1.1" 302 -
101.228.147.14 - - [05/Mar/2024:10:41:27 +0800] "GET /xingrg/all/function/internal_message.html?_=1709606487023&CODE_STATE=getMsg HTTP/1.1" 200 27
124.79.241.4 - - [05/Mar/2024:10:41:28 +0800] "GET /xingrg/all/function/internal_message.html?_=1709606503472&CODE_STATE=getMsg HTTP/1.1" 200 27
124.78.57.58 - - [05/Mar/2024:10:41:30 +0800] "GET /xingrg/kc/buy/cgsh_order_operate.html?command=get_materiel&rest_code=00141&code=00101008358&supplier_code=00100008&order_time=2024-03-05 HTTP/1.1" 200 412
222.70.115.1 - - [05/Mar/2024:10:41:31 +0800] "GET /xingrg/check_reg.html?_=1709606493687 HTTP/1.1" 200 22
222.70.115.1 - - [05/Mar/2024:10:41:31 +0800] "GET /xingrg/all/function/internal_message.html?_=1709606493693&CODE_STATE=getMsg HTTP/1.1" 200 27
180.169.147.146 - - [05/Mar/2024:10:41:32 +0800] "GET /xingrg/all/function/internal_message.html?_=1709606490288&CODE_STATE=getMsg HTTP/1.1" 200 27
116.230.116.59 - - [05/Mar/2024:10:41:34 +0800] "GET /xingrg/kc/buy/cgsh_order_operate.html?command=get_materiel&rest_code=00146&code=00101006065&supplier_code=00100012&order_time=2024-03-05 HTTP/1.1" 200 409
58.40.7.146 - - [05/Mar/2024:10:41:34 +0800] "GET /xingrg/all/function/internal_message.html?_=1709606499364&CODE_STATE=getMsg HTTP/1.1" 200 27
58.40.7.146 - - [05/Mar/2024:10:41:35 +0800] "GET /xingrg/all/function/internal_message.html?_=1709606495352&CODE_STATE=getMsg HTTP/1.1" 200 27
180.164.1.25 - - [05/Mar/2024:10:41:37 +0800] "GET /xingrg/check_reg.html?_=1709606497637 HTTP/1.1" 200 22
180.164.1.25 - - [05/Mar/2024:10:41:37 +0800] "GET /xingrg/all/function/internal_message.html?_=1709606497640&CODE_STATE=getMsg HTTP/1.1" 200 27
116.237.73.188 - - [05/Mar/2024:10:41:40 +0800] "GET /xingrg/kc/buy/cgsh_order_operate.html?command=get_materiel&rest_code=00106&code=00101008032&supplier_code=00100008&order_time=2024-03-05 HTTP/1.1" 200 408
124.78.57.58 - - [05/Mar/2024:10:41:41 +0800] "GET /xingrg/kc/buy/cgsh_order_operate.html?command=get_materiel&rest_code=00141&code=00101008038&supplier_code=00100008&order_time=2024-03-05 HTTP/1.1" 200 412
124.78.57.58 - - [05/Mar/2024:10:41:45 +0800] "GET /xingrg/all/function/internal_message.html?_=1709606505543&CODE_STATE=getMsg HTTP/1.1" 200 27
116.230.116.59 - - [05/Mar/2024:10:41:45 +0800] "GET /xingrg/all/function/internal_message.html?_=1709606511558&CODE_STATE=getMsg HTTP/1.1" 200 27
124.78.57.58 - - [05/Mar/2024:10:41:45 +0800] "POST /xingrg/kc/buy/cgsh_order_operate.html HTTP/1.1" 200 2065
120.253.135.82 - - [05/Mar/2024:10:41:45 +0800] "GET /xingrg/all/function/internal_message.html?_=1709606675702&CODE_STATE=getMsg HTTP/1.1" 200 27
114.89.91.180 - - [05/Mar/2024:10:41:46 +0800] "GET /xingrg/all/function/internal_message.html?_=1709606506082&CODE_STATE=getMsg HTTP/1.1" 200 27
58.40.7.146 - - [05/Mar/2024:10:41:49 +0800] "GET /xingrg/check_reg.html?_=1709606509729 HTTP/1.1" 200 22
222.69.134.177 - - [05/Mar/2024:10:41:51 +0800] "GET /xingrg/check_reg.html?_=1709606513256 HTTP/1.1" 200 22
116.224.254.208 - - [05/Mar/2024:10:41:52 +0800] "GET /xingrg/all/function/internal_message.html?_=1709606512555&CODE_STATE=getMsg HTTP/1.1" 200 27
116.224.254.208 - - [05/Mar/2024:10:41:53 +0800] "GET /xingrg/check_reg.html?_=1709606513683 HTTP/1.1" 200 22
124.79.241.4 - - [05/Mar/2024:10:41:54 +0800] "GET /xingrg/all/function/internal_message.html?_=1709606510759&CODE_STATE=getMsg HTTP/1.1" 200 27
116.237.73.188 - - [05/Mar/2024:10:41:54 +0800] "GET /xingrg/all/function/internal_message.html?_=1709606516793&CODE_STATE=getMsg HTTP/1.1" 200 27
116.230.116.59 - - [05/Mar/2024:10:41:55 +0800] "POST /xingrg/kc/buy/cgsh_order_operate.html HTTP/1.1" 200 37
116.230.116.59 - - [05/Mar/2024:10:41:58 +0800] "POST /xingrg/kc/buy/cgsh_order_operate.html HTTP/1.1" 200 3868
124.78.57.58 - - [05/Mar/2024:10:41:58 +0800] "GET /xingrg/kc/buy/cgsh_order_operate.html?command=get_materiel&rest_code=00141&code=00101008298&supplier_code=00100008&order_time=2024-03-05 HTTP/1.1" 200 412
101.83.145.37 - - [05/Mar/2024:10:41:58 +0800] "GET /xingrg/all/function/internal_message.html?_=1709606282383&CODE_STATE=getMsg HTTP/1.1" 200 27
124.78.57.58 - - [05/Mar/2024:10:42:00 +0800] "GET /xingrg/all/function/internal_message.html?_=1709606520127&CODE_STATE=getMsg HTTP/1.1" 200 27
116.230.116.59 - - [05/Mar/2024:10:42:01 +0800] "GET /xingrg/kc/print/load_data.html?order_code=212024030501209&kc_code=cgsh&condition= HTTP/1.1" 200 1250
180.169.147.146 - - [05/Mar/2024:10:42:04 +0800] "GET /xingrg/check_reg.html?_=1709606524795 HTTP/1.1" 200 22
180.169.147.146 - - [05/Mar/2024:10:42:04 +0800] "GET /xingrg/all/function/internal_message.html?_=1709606524800&CODE_STATE=getMsg HTTP/1.1" 200 27
116.232.194.112 - - [05/Mar/2024:10:42:04 +0800] "GET /xingrg/all/function/internal_message.html?_=1709606507937&CODE_STATE=getMsg HTTP/1.1" 200 27
116.237.73.188 - - [05/Mar/2024:10:42:05 +0800] "GET /xingrg/kc/buy/cgsh_order_operate.html?command=get_materiel&rest_code=00106&code=00101010168&supplier_code=00100008&order_time=2024-03-05 HTTP/1.1" 200 413
101.83.145.37 - - [05/Mar/2024:10:42:06 +0800] "GET /xingrg/all/function/internal_message.html?_=1709606527499&CODE_STATE=getMsg HTTP/1.1" 200 27
120.253.135.82 - - [05/Mar/2024:10:42:07 +0800] "GET /xingrg/all/function/internal_message.html?_=1709606364087&CODE_STATE=getMsg HTTP/1.1" 200 27
101.83.145.37 - - [05/Mar/2024:10:42:07 +0800] "GET /xingrg/check_reg.html?_=1709606528797 HTTP/1.1" 200 22
101.83.241.137 - - [05/Mar/2024:10:42:10 +0800] "GET /xingrg/all/function/internal_message.html?_=1709606530340&CODE_STATE=getMsg HTTP/1.1" 200 27
116.230.116.59 - - [05/Mar/2024:10:42:16 +0800] "GET /xingrg/check_reg.html?_=1709606541916 HTTP/1.1" 200 22
116.230.123.13 - - [05/Mar/2024:10:42:19 +0800] "GET /xingrg/all/function/internal_message.html?_=1709606539736&CODE_STATE=getMsg HTTP/1.1" 200 27
116.230.116.59 - - [05/Mar/2024:10:42:21 +0800] "GET /xingrg/kc/buy/cgsh_order_add.html HTTP/1.1" 200 73655
116.224.254.208 - - [05/Mar/2024:10:42:21 +0800] "GET /xingrg/all/function/internal_message.html?_=1709606542040&CODE_STATE=getMsg HTTP/1.1" 200 27
116.230.116.59 - - [05/Mar/2024:10:42:22 +0800] "POST /xingrg/kc/buy/cgsh_order_operate.html HTTP/1.1" 200 8245
116.230.116.59 - - [05/Mar/2024:10:42:22 +0800] "GET /xingrg/javascript/easyui/themes/default/validatebox.css HTTP/1.1" 404 1104
101.83.145.37 - - [05/Mar/2024:10:42:22 +0800] "POST /xingrg/kc/buy/cgsh_order_operate.html HTTP/1.1" 200 37
124.78.57.58 - - [05/Mar/2024:10:42:24 +0800] "GET /xingrg/kc/buy/cgsh_order_operate.html?command=get_materiel&rest_code=00141&code=00101008502&supplier_code=00100008&order_time=2024-03-05 HTTP/1.1" 200 412
101.83.145.37 - - [05/Mar/2024:10:42:25 +0800] "POST /xingrg/kc/buy/cgsh_order_operate.html HTTP/1.1" 200 7955
180.169.147.146 - - [05/Mar/2024:10:42:25 +0800] "GET /xingrg/check_reg.html?_=1709606545725 HTTP/1.1" 302 -
180.169.147.146 - - [05/Mar/2024:10:42:25 +0800] "GET /xingrg/all/function/internal_message.html?_=1709606545727&CODE_STATE=getMsg HTTP/1.1" 302 -
116.232.194.112 - - [05/Mar/2024:10:42:26 +0800] "POST /xingrg/kc/buy/cgsh_list_operate.html HTTP/1.1" 200 3157
101.228.147.14 - - [05/Mar/2024:10:42:27 +0800] "GET /xingrg/all/function/internal_message.html?_=1709606547057&CODE_STATE=getMsg HTTP/1.1" 200 27
124.79.241.4 - - [05/Mar/2024:10:42:28 +0800] "GET /xingrg/all/function/internal_message.html?_=1709606563472&CODE_STATE=getMsg HTTP/1.1" 200 27
101.83.145.37 - - [05/Mar/2024:10:42:30 +0800] "GET /xingrg/kc/print/load_config.html?kc_code=cgsh HTTP/1.1" 200 1927
116.232.194.112 - - [05/Mar/2024:10:42:30 +0800] "POST /xingrg/kc/buy/cgsh_list_operate.html HTTP/1.1" 200 347
116.238.97.31 - - [05/Mar/2024:10:42:30 +0800] "GET /xingrg/check_reg.html?_=1709606551038 HTTP/1.1" 200 22
222.70.115.1 - - [05/Mar/2024:10:42:31 +0800] "GET /xingrg/all/function/internal_message.html?_=1709606553676&CODE_STATE=getMsg HTTP/1.1" 200 27
101.83.145.37 - - [05/Mar/2024:10:42:31 +0800] "GET /xingrg/kc/print/load_data.html?order_code=212024030501210&kc_code=cgsh&condition= HTTP/1.1" 200 2635
116.232.194.112 - - [05/Mar/2024:10:42:31 +0800] "GET /xingrg/kc/buy/cgsh_order_info.html?code=212024030501178 HTTP/1.1" 200 73752
116.232.194.112 - - [05/Mar/2024:10:42:32 +0800] "GET /xingrg/javascript/easyui/themes/default/validatebox.css HTTP/1.1" 404 1104
180.169.147.146 - - [05/Mar/2024:10:42:32 +0800] "GET /xingrg/all/function/internal_message.html?_=1709606550286&CODE_STATE=getMsg HTTP/1.1" 200 27
116.232.194.112 - - [05/Mar/2024:10:42:33 +0800] "POST /xingrg/kc/buy/cgsh_order_operate.html HTTP/1.1" 200 3844
58.40.7.146 - - [05/Mar/2024:10:42:34 +0800] "GET /xingrg/all/function/internal_message.html?_=1709606559355&CODE_STATE=getMsg HTTP/1.1" 200 27
58.40.7.146 - - [05/Mar/2024:10:42:35 +0800] "GET /xingrg/all/function/internal_message.html?_=1709606555323&CODE_STATE=getMsg HTTP/1.1" 200 27
180.164.1.25 - - [05/Mar/2024:10:42:37 +0800] "GET /xingrg/all/function/internal_message.html?_=1709606557642&CODE_STATE=getMsg HTTP/1.1" 200 27
116.237.73.188 - - [05/Mar/2024:10:42:39 +0800] "GET /xingrg/kc/buy/cgsh_order_operate.html?command=get_materiel&rest_code=00106&code=00101008103&supplier_code=00100008&order_time=2024-03-05 HTTP/1.1" 200 417
124.78.57.58 - - [05/Mar/2024:10:42:40 +0800] "GET /xingrg/kc/buy/cgsh_order_operate.html?command=get_materiel&rest_code=00141&code=00101008069&supplier_code=00100008&order_time=2024-03-05 HTTP/1.1" 200 412
116.230.116.59 - - [05/Mar/2024:10:42:41 +0800] "GET /xingrg/kc/buy/cgsh_order_operate.html?command=get_materiel&rest_code=00146&code=00101002027&supplier_code=00100199&order_time=2024-03-05 HTTP/1.1" 200 413
124.78.57.58 - - [05/Mar/2024:10:42:45 +0800] "GET /xingrg/all/function/internal_message.html?_=1709606565536&CODE_STATE=getMsg HTTP/1.1" 200 27
116.230.116.59 - - [05/Mar/2024:10:42:45 +0800] "GET /xingrg/all/function/internal_message.html?_=1709606571571&CODE_STATE=getMsg HTTP/1.1" 200 27
120.253.135.82 - - [05/Mar/2024:10:42:45 +0800] "GET /xingrg/all/function/internal_message.html?_=1709606735705&CODE_STATE=getMsg HTTP/1.1" 200 27
114.89.91.180 - - [05/Mar/2024:10:42:46 +0800] "GET /xingrg/all/function/internal_message.html?_=1709606566071&CODE_STATE=getMsg HTTP/1.1" 200 27
116.232.194.112 - - [05/Mar/2024:10:42:48 +0800] "POST /xingrg/kc/buy/cgsh_order_operate.html HTTP/1.1" 200 37
116.224.254.208 - - [05/Mar/2024:10:42:52 +0800] "GET /xingrg/all/function/internal_message.html?_=1709606572532&CODE_STATE=getMsg HTTP/1.1" 200 27
124.79.241.4 - - [05/Mar/2024:10:42:53 +0800] "GET /xingrg/check_reg.html?_=1709606570139 HTTP/1.1" 200 22
116.232.194.112 - - [05/Mar/2024:10:42:54 +0800] "POST /xingrg/kc/buy/cgsh_order_operate.html HTTP/1.1" 200 3841
116.237.73.188 - - [05/Mar/2024:10:42:54 +0800] "GET /xingrg/all/function/internal_message.html?_=1709606576795&CODE_STATE=getMsg HTTP/1.1" 200 27
116.237.73.188 - - [05/Mar/2024:10:42:54 +0800] "GET /xingrg/check_reg.html?_=1709606576798 HTTP/1.1" 200 22
124.79.241.4 - - [05/Mar/2024:10:42:55 +0800] "GET /xingrg/all/function/internal_message.html?_=1709606571398&CODE_STATE=getMsg HTTP/1.1" 200 27
124.78.57.58 - - [05/Mar/2024:10:42:55 +0800] "POST /xingrg/kc/buy/cgsh_order_operate.html HTTP/1.1" 200 2065
101.83.145.37 - - [05/Mar/2024:10:42:58 +0800] "GET /xingrg/all/function/internal_message.html?_=1709606342393&CODE_STATE=getMsg HTTP/1.1" 200 27
116.237.73.188 - - [05/Mar/2024:10:43:00 +0800] "GET /xingrg/kc/buy/cgsh_order_operate.html?command=get_materiel&rest_code=00106&code=00101008137&supplier_code=00100008&order_time=2024-03-05 HTTP/1.1" 200 408
124.78.57.58 - - [05/Mar/2024:10:43:00 +0800] "GET /xingrg/all/function/internal_message.html?_=1709606580126&CODE_STATE=getMsg HTTP/1.1" 200 27
116.230.116.59 - - [05/Mar/2024:10:43:02 +0800] "GET /xingrg/kc/buy/cgsh_order_operate.html?command=get_materiel&rest_code=00146&code=00101002007&supplier_code=00100199&order_time=2024-03-05 HTTP/1.1" 200 409
116.232.194.112 - - [05/Mar/2024:10:43:04 +0800] "GET /xingrg/all/function/internal_message.html?_=1709606567895&CODE_STATE=getMsg HTTP/1.1" 200 27
180.169.147.146 - - [05/Mar/2024:10:43:04 +0800] "GET /xingrg/all/function/internal_message.html?_=1709606584789&CODE_STATE=getMsg HTTP/1.1" 200 27
101.83.145.37 - - [05/Mar/2024:10:43:06 +0800] "GET /xingrg/all/function/internal_message.html?_=1709606587473&CODE_STATE=getMsg HTTP/1.1" 200 27
120.253.135.82 - - [05/Mar/2024:10:43:07 +0800] "GET /xingrg/all/function/internal_message.html?_=1709606424089&CODE_STATE=getMsg HTTP/1.1" 200 27
101.83.241.137 - - [05/Mar/2024:10:43:10 +0800] "GET /xingrg/all/function/internal_message.html?_=1709606590315&CODE_STATE=getMsg HTTP/1.1" 200 27
124.78.57.58 - - [05/Mar/2024:10:43:10 +0800] "GET /xingrg/kc/buy/cgsh_order_operate.html?command=get_materiel&rest_code=00141&code=00101008024&supplier_code=00100008&order_time=2024-03-05 HTTP/1.1" 200 408
116.230.116.59 - - [05/Mar/2024:10:43:17 +0800] "GET /xingrg/kc/buy/cgsh_order_operate.html?command=get_materiel&rest_code=00146&code=00101001099&supplier_code=00100199&order_time=2024-03-05 HTTP/1.1" 200 409
116.230.123.13 - - [05/Mar/2024:10:43:19 +0800] "GET /xingrg/all/function/internal_message.html?_=1709606599714&CODE_STATE=getMsg HTTP/1.1" 200 27
116.224.254.208 - - [05/Mar/2024:10:43:21 +0800] "GET /xingrg/all/function/internal_message.html?_=1709606602034&CODE_STATE=getMsg HTTP/1.1" 200 27
124.78.57.58 - - [05/Mar/2024:10:43:25 +0800] "GET /xingrg/kc/buy/cgsh_order_operate.html?command=get_materiel&rest_code=00141&code=00101008137&supplier_code=00100008&order_time=2024-03-05 HTTP/1.1" 200 408
180.169.147.146 - - [05/Mar/2024:10:43:26 +0800] "GET /xingrg/all/function/internal_message.html?_=1709606605735&CODE_STATE=getMsg HTTP/1.1" 302 -
101.228.147.14 - - [05/Mar/2024:10:43:27 +0800] "GET /xingrg/all/function/internal_message.html?_=1709606607048&CODE_STATE=getMsg HTTP/1.1" 200 27
124.79.241.4 - - [05/Mar/2024:10:43:28 +0800] "GET /xingrg/all/function/internal_message.html?_=1709606623471&CODE_STATE=getMsg HTTP/1.1" 200 27
116.237.73.188 - - [05/Mar/2024:10:43:30 +0800] "GET /xingrg/kc/buy/cgsh_order_operate.html?command=get_materiel&rest_code=00106&code=00101015022&supplier_code=00100008&order_time=2024-03-05 HTTP/1.1" 200 408
222.70.115.1 - - [05/Mar/2024:10:43:31 +0800] "GET /xingrg/all/function/internal_message.html?_=1709606613677&CODE_STATE=getMsg HTTP/1.1" 200 27
180.169.147.146 - - [05/Mar/2024:10:43:32 +0800] "GET /xingrg/all/function/internal_message.html?_=1709606610284&CODE_STATE=getMsg HTTP/1.1" 200 27
180.169.147.146 - - [05/Mar/2024:10:43:32 +0800] "GET /xingrg/check_reg.html?_=1709606610285 HTTP/1.1" 200 22
116.230.116.59 - - [05/Mar/2024:10:43:34 +0800] "GET /xingrg/kc/buy/cgsh_order_operate.html?command=get_materiel&rest_code=00146&code=00101004030&supplier_code=00100199&order_time=2024-03-05 HTTP/1.1" 200 408
58.40.7.146 - - [05/Mar/2024:10:43:34 +0800] "GET /xingrg/all/function/internal_message.html?_=1709606619369&CODE_STATE=getMsg HTTP/1.1" 200 27
58.40.7.146 - - [05/Mar/2024:10:43:35 +0800] "GET /xingrg/all/function/internal_message.html?_=1709606615292&CODE_STATE=getMsg HTTP/1.1" 200 27
124.78.57.58 - - [05/Mar/2024:10:43:36 +0800] "GET /xingrg/kc/buy/cgsh_order_operate.html?command=get_materiel&rest_code=00141&code=00101008213&supplier_code=00100008&order_time=2024-03-05 HTTP/1.1" 200 412
180.164.1.25 - - [05/Mar/2024:10:43:37 +0800] "GET /xingrg/all/function/internal_message.html?_=1709606617650&CODE_STATE=getMsg HTTP/1.1" 200 27
172.20.0.100 - - [05/Mar/2024:10:43:38 +0800] "GET /favicon.ico HTTP/1.1" 404 -
124.78.57.58 - - [05/Mar/2024:10:43:44 +0800] "GET /xingrg/kc/buy/cgsh_order_operate.html?command=get_materiel&rest_code=00141&code=00101008360&supplier_code=00100008&order_time=2024-03-05 HTTP/1.1" 200 413
124.78.57.58 - - [05/Mar/2024:10:43:45 +0800] "GET /xingrg/all/function/internal_message.html?_=1709606625527&CODE_STATE=getMsg HTTP/1.1" 200 27
116.230.116.59 - - [05/Mar/2024:10:43:45 +0800] "GET /xingrg/all/function/internal_message.html?_=1709606631585&CODE_STATE=getMsg HTTP/1.1" 200 27
120.253.135.82 - - [05/Mar/2024:10:43:45 +0800] "GET /xingrg/all/function/internal_message.html?_=1709606795708&CODE_STATE=getMsg HTTP/1.1" 200 27
114.89.91.180 - - [05/Mar/2024:10:43:46 +0800] "GET /xingrg/all/function/internal_message.html?_=1709606626060&CODE_STATE=getMsg HTTP/1.1" 200 27
124.78.57.58 - - [05/Mar/2024:10:43:50 +0800] "POST /xingrg/kc/buy/cgsh_order_operate.html HTTP/1.1" 200 2065
116.224.254.208 - - [05/Mar/2024:10:43:52 +0800] "GET /xingrg/all/function/internal_message.html?_=1709606632510&CODE_STATE=getMsg HTTP/1.1" 200 27
116.237.73.188 - - [05/Mar/2024:10:43:54 +0800] "GET /xingrg/all/function/internal_message.html?_=1709606636799&CODE_STATE=getMsg HTTP/1.1" 200 27
124.79.241.4 - - [05/Mar/2024:10:43:55 +0800] "GET /xingrg/all/function/internal_message.html?_=1709606631378&CODE_STATE=getMsg HTTP/1.1" 200 27
116.237.73.188 - - [05/Mar/2024:10:43:56 +0800] "POST /xingrg/kc/buy/cgsh_order_operate.html HTTP/1.1" 200 75
101.83.145.37 - - [05/Mar/2024:10:43:58 +0800] "GET /xingrg/all/function/internal_message.html?_=1709606402394&CODE_STATE=getMsg HTTP/1.1" 200 27
101.83.145.37 - - [05/Mar/2024:10:43:58 +0800] "GET /xingrg/check_reg.html?_=1709606402397 HTTP/1.1" 200 22
116.230.116.59 - - [05/Mar/2024:10:43:58 +0800] "GET /xingrg/kc/buy/cgsh_order_operate.html?command=get_materiel&rest_code=00146&code=00101004040&supplier_code=00100199&order_time=2024-03-05 HTTP/1.1" 200 412
124.78.57.58 - - [05/Mar/2024:10:44:00 +0800] "GET /xingrg/all/function/internal_message.html?_=1709606640140&CODE_STATE=getMsg HTTP/1.1" 200 27
124.78.57.58 - - [05/Mar/2024:10:44:02 +0800] "GET /xingrg/kc/buy/cgsh_order_operate.html?command=get_materiel&rest_code=00141&code=00101008224&supplier_code=00100008&order_time=2024-03-05 HTTP/1.1" 200 416
116.232.194.112 - - [05/Mar/2024:10:44:04 +0800] "GET /xingrg/all/function/internal_message.html?_=1709606627875&CODE_STATE=getMsg HTTP/1.1" 200 27
180.169.147.146 - - [05/Mar/2024:10:44:04 +0800] "GET /xingrg/all/function/internal_message.html?_=1709606644800&CODE_STATE=getMsg HTTP/1.1" 200 27
116.232.194.112 - - [05/Mar/2024:10:44:05 +0800] "GET /xingrg/check_reg.html?_=1709606628489 HTTP/1.1" 200 22
101.83.145.37 - - [05/Mar/2024:10:44:06 +0800] "GET /xingrg/all/function/internal_message.html?_=1709606647441&CODE_STATE=getMsg HTTP/1.1" 200 27
120.253.135.82 - - [05/Mar/2024:10:44:07 +0800] "GET /xingrg/all/function/internal_message.html?_=1709606484234&CODE_STATE=getMsg HTTP/1.1" 200 27
101.83.241.137 - - [05/Mar/2024:10:44:10 +0800] "GET /xingrg/all/function/internal_message.html?_=1709606650291&CODE_STATE=getMsg HTTP/1.1" 200 27
124.78.57.58 - - [05/Mar/2024:10:44:15 +0800] "GET /xingrg/kc/buy/cgsh_order_operate.html?command=get_materiel&rest_code=00141&code=00101008357&supplier_code=00100008&order_time=2024-03-05 HTTP/1.1" 200 408
116.230.123.13 - - [05/Mar/2024:10:44:19 +0800] "GET /xingrg/all/function/internal_message.html?_=1709606659693&CODE_STATE=getMsg HTTP/1.1" 200 27
116.224.254.208 - - [05/Mar/2024:10:44:21 +0800] "GET /xingrg/check_reg.html?_=1709606662023 HTTP/1.1" 200 22
116.224.254.208 - - [05/Mar/2024:10:44:21 +0800] "GET /xingrg/all/function/internal_message.html?_=1709606662027&CODE_STATE=getMsg HTTP/1.1" 200 27
116.230.116.59 - - [05/Mar/2024:10:44:23 +0800] "POST /xingrg/kc/buy/cgsh_order_operate.html HTTP/1.1" 200 64
116.237.73.188 - - [05/Mar/2024:10:44:23 +0800] "POST /xingrg/kc/buy/cgsh_order_operate.html HTTP/1.1" 200 37
116.237.73.188 - - [05/Mar/2024:10:44:25 +0800] "POST /xingrg/kc/buy/cgsh_order_operate.html HTTP/1.1" 200 25146
180.169.147.146 - - [05/Mar/2024:10:44:26 +0800] "GET /xingrg/all/function/internal_message.html?_=1709606665737&CODE_STATE=getMsg HTTP/1.1" 302 -
101.228.147.14 - - [05/Mar/2024:10:44:27 +0800] "GET /xingrg/all/function/internal_message.html?_=1709606667047&CODE_STATE=getMsg HTTP/1.1" 200 27
124.78.57.58 - - [05/Mar/2024:10:44:27 +0800] "GET /xingrg/kc/buy/cgsh_order_operate.html?command=get_materiel&rest_code=00141&code=00101008072&supplier_code=00100008&order_time=2024-03-05 HTTP/1.1" 200 408
124.79.241.4 - - [05/Mar/2024:10:44:28 +0800] "GET /xingrg/all/function/internal_message.html?_=1709606683470&CODE_STATE=getMsg HTTP/1.1" 200 27
222.70.115.1 - - [05/Mar/2024:10:44:31 +0800] "GET /xingrg/all/function/internal_message.html?_=1709606673678&CODE_STATE=getMsg HTTP/1.1" 200 27
180.169.147.146 - - [05/Mar/2024:10:44:32 +0800] "GET /xingrg/all/function/internal_message.html?_=1709606670283&CODE_STATE=getMsg HTTP/1.1" 200 27
116.230.116.59 - - [05/Mar/2024:10:44:33 +0800] "POST /xingrg/kc/buy/cgsh_order_operate.html HTTP/1.1" 200 37
58.40.7.146 - - [05/Mar/2024:10:44:34 +0800] "GET /xingrg/all/function/internal_message.html?_=1709606679362&CODE_STATE=getMsg HTTP/1.1" 200 27
58.40.7.146 - - [05/Mar/2024:10:44:35 +0800] "GET /xingrg/all/function/internal_message.html?_=1709606675264&CODE_STATE=getMsg HTTP/1.1" 200 27
116.230.116.59 - - [05/Mar/2024:10:44:36 +0800] "POST /xingrg/kc/buy/cgsh_order_operate.html HTTP/1.1" 200 5026
180.164.1.25 - - [05/Mar/2024:10:44:37 +0800] "GET /xingrg/all/function/internal_message.html?_=1709606677645&CODE_STATE=getMsg HTTP/1.1" 200 27
116.230.116.59 - - [05/Mar/2024:10:44:39 +0800] "GET /xingrg/kc/print/load_data.html?order_code=212024030501212&kc_code=cgsh&condition= HTTP/1.1" 200 1573
124.78.57.58 - - [05/Mar/2024:10:44:45 +0800] "GET /xingrg/all/function/internal_message.html?_=1709606685567&CODE_STATE=getMsg HTTP/1.1" 200 27
116.230.116.59 - - [05/Mar/2024:10:44:45 +0800] "GET /xingrg/all/function/internal_message.html?_=1709606691599&CODE_STATE=getMsg HTTP/1.1" 200 27
120.253.135.82 - - [05/Mar/2024:10:44:45 +0800] "GET /xingrg/all/function/internal_message.html?_=1709606855707&CODE_STATE=getMsg HTTP/1.1" 200 27
120.253.135.82 - - [05/Mar/2024:10:44:45 +0800] "GET /xingrg/check_reg.html?_=1709606855711 HTTP/1.1" 200 22
114.89.91.180 - - [05/Mar/2024:10:44:46 +0800] "GET /xingrg/all/function/internal_message.html?_=1709606686039&CODE_STATE=getMsg HTTP/1.1" 200 27
124.78.57.58 - - [05/Mar/2024:10:44:50 +0800] "GET /xingrg/kc/buy/cgsh_order_operate.html?command=get_materiel&rest_code=00141&code=00101009155&supplier_code=00100008&order_time=2024-03-05 HTTP/1.1" 200 416
116.224.254.208 - - [05/Mar/2024:10:44:52 +0800] "GET /xingrg/all/function/internal_message.html?_=1709606692504&CODE_STATE=getMsg HTTP/1.1" 200 27
116.237.73.188 - - [05/Mar/2024:10:44:54 +0800] "GET /xingrg/all/function/internal_message.html?_=1709606696800&CODE_STATE=getMsg HTTP/1.1" 200 27
124.79.241.4 - - [05/Mar/2024:10:44:55 +0800] "GET /xingrg/all/function/internal_message.html?_=1709606691364&CODE_STATE=getMsg HTTP/1.1" 200 27
124.78.57.58 - - [05/Mar/2024:10:44:57 +0800] "POST /xingrg/kc/buy/cgsh_order_operate.html HTTP/1.1" 200 2065
101.83.145.37 - - [05/Mar/2024:10:44:58 +0800] "GET /xingrg/all/function/internal_message.html?_=1709606462397&CODE_STATE=getMsg HTTP/1.1" 200 27
124.78.57.58 - - [05/Mar/2024:10:45:00 +0800] "GET /xingrg/check_reg.html?_=1709606700140 HTTP/1.1" 200 22
124.78.57.58 - - [05/Mar/2024:10:45:00 +0800] "GET /xingrg/all/function/internal_message.html?_=1709606700141&CODE_STATE=getMsg HTTP/1.1" 200 27
120.253.135.82 - - [05/Mar/2024:10:45:03 +0800] "GET /xingrg/check_reg.html?_=1709606540267 HTTP/1.1" 200 22
116.232.194.112 - - [05/Mar/2024:10:45:04 +0800] "GET /xingrg/all/function/internal_message.html?_=1709606687872&CODE_STATE=getMsg HTTP/1.1" 200 27
180.169.147.146 - - [05/Mar/2024:10:45:04 +0800] "GET /xingrg/all/function/internal_message.html?_=1709606704803&CODE_STATE=getMsg HTTP/1.1" 200 27
101.83.145.37 - - [05/Mar/2024:10:45:06 +0800] "GET /xingrg/all/function/internal_message.html?_=1709606707420&CODE_STATE=getMsg HTTP/1.1" 200 27
120.253.135.82 - - [05/Mar/2024:10:45:07 +0800] "GET /xingrg/all/function/internal_message.html?_=1709606544240&CODE_STATE=getMsg HTTP/1.1" 200 27
124.78.57.58 - - [05/Mar/2024:10:45:08 +0800] "GET /xingrg/kc/buy/cgsh_order_operate.html?command=get_materiel&rest_code=00141&code=00101008059&supplier_code=00100008&order_time=2024-03-05 HTTP/1.1" 200 408
116.230.123.13 - - [05/Mar/2024:10:45:08 +0800] "GET /xingrg/check_reg.html?_=1709606708361 HTTP/1.1" 200 22
101.83.241.137 - - [05/Mar/2024:10:45:10 +0800] "GET /xingrg/all/function/internal_message.html?_=1709606710271&CODE_STATE=getMsg HTTP/1.1" 200 27
101.83.241.137 - - [05/Mar/2024:10:45:10 +0800] "GET /xingrg/check_reg.html?_=1709606710851 HTTP/1.1" 200 22
116.230.123.13 - - [05/Mar/2024:10:45:19 +0800] "GET /xingrg/all/function/internal_message.html?_=1709606719666&CODE_STATE=getMsg HTTP/1.1" 200 27
124.78.57.58 - - [05/Mar/2024:10:45:20 +0800] "GET /xingrg/kc/buy/cgsh_order_operate.html?command=get_materiel&rest_code=00141&code=00101008274&supplier_code=00100008&order_time=2024-03-05 HTTP/1.1" 200 412
116.224.254.208 - - [05/Mar/2024:10:45:21 +0800] "GET /xingrg/all/function/internal_message.html?_=1709606722036&CODE_STATE=getMsg HTTP/1.1" 200 27
180.169.147.146 - - [05/Mar/2024:10:45:26 +0800] "GET /xingrg/all/function/internal_message.html?_=1709606725740&CODE_STATE=getMsg HTTP/1.1" 302 -
101.228.147.14 - - [05/Mar/2024:10:45:27 +0800] "GET /xingrg/all/function/internal_message.html?_=1709606727050&CODE_STATE=getMsg HTTP/1.1" 200 27
101.228.147.14 - - [05/Mar/2024:10:45:27 +0800] "GET /xingrg/check_reg.html?_=1709606727051 HTTP/1.1" 200 22
124.79.241.4 - - [05/Mar/2024:10:45:28 +0800] "GET /xingrg/all/function/internal_message.html?_=1709606743468&CODE_STATE=getMsg HTTP/1.1" 200 27
124.79.241.4 - - [05/Mar/2024:10:45:28 +0800] "GET /xingrg/check_reg.html?_=1709606743469 HTTP/1.1" 200 22
222.70.115.1 - - [05/Mar/2024:10:45:31 +0800] "GET /xingrg/all/function/internal_message.html?_=1709606733676&CODE_STATE=getMsg HTTP/1.1" 200 27
180.169.147.146 - - [05/Mar/2024:10:45:32 +0800] "GET /xingrg/all/function/internal_message.html?_=1709606730281&CODE_STATE=getMsg HTTP/1.1" 200 27
58.40.7.146 - - [05/Mar/2024:10:45:34 +0800] "GET /xingrg/check_reg.html?_=1709606739379 HTTP/1.1" 200 22
58.40.7.146 - - [05/Mar/2024:10:45:34 +0800] "GET /xingrg/all/function/internal_message.html?_=1709606739381&CODE_STATE=getMsg HTTP/1.1" 200 27
58.40.7.146 - - [05/Mar/2024:10:45:36 +0800] "GET /xingrg/all/function/internal_message.html?_=1709606735939&CODE_STATE=getMsg HTTP/1.1" 200 27
180.164.1.25 - - [05/Mar/2024:10:45:37 +0800] "GET /xingrg/all/function/internal_message.html?_=1709606737643&CODE_STATE=getMsg HTTP/1.1" 200 27
124.78.57.58 - - [05/Mar/2024:10:45:45 +0800] "GET /xingrg/all/function/internal_message.html?_=1709606745535&CODE_STATE=getMsg HTTP/1.1" 200 27
116.232.194.112 - - [05/Mar/2024:10:45:45 +0800] "POST /xingrg/kc/buy/cgsh_order_operate.html HTTP/1.1" 200 37
120.253.135.82 - - [05/Mar/2024:10:45:45 +0800] "GET /xingrg/all/function/internal_message.html?_=1709606915710&CODE_STATE=getMsg HTTP/1.1" 200 27
116.230.116.59 - - [05/Mar/2024:10:45:46 +0800] "GET /xingrg/all/function/internal_message.html?_=1709606751821&CODE_STATE=getMsg HTTP/1.1" 200 27
114.89.91.180 - - [05/Mar/2024:10:45:46 +0800] "GET /xingrg/all/function/internal_message.html?_=1709606746024&CODE_STATE=getMsg HTTP/1.1" 200 27
114.89.91.180 - - [05/Mar/2024:10:45:47 +0800] "GET /xingrg/check_reg.html?_=1709606747600 HTTP/1.1" 200 22
116.232.194.112 - - [05/Mar/2024:10:45:48 +0800] "POST /xingrg/kc/buy/cgsh_order_operate.html HTTP/1.1" 200 3841
101.83.145.37 - - [05/Mar/2024:10:45:48 +0800] "GET /xingrg/kc/buy/cgsh_order_add.html HTTP/1.1" 200 73737
101.83.145.37 - - [05/Mar/2024:10:45:49 +0800] "POST /xingrg/kc/buy/cgsh_order_operate.html HTTP/1.1" 200 8245
101.83.145.37 - - [05/Mar/2024:10:45:49 +0800] "GET /xingrg/javascript/easyui/themes/default/validatebox.css HTTP/1.1" 404 1104
124.78.57.58 - - [05/Mar/2024:10:45:50 +0800] "GET /xingrg/kc/buy/cgsh_order_operate.html?command=get_materiel&rest_code=00141&code=00101008215&supplier_code=00100008&order_time=2024-03-05 HTTP/1.1" 200 413
116.224.254.208 - - [05/Mar/2024:10:45:52 +0800] "GET /xingrg/all/function/internal_message.html?_=1709606752484&CODE_STATE=getMsg HTTP/1.1" 200 27
116.237.73.188 - - [05/Mar/2024:10:45:54 +0800] "GET /xingrg/all/function/internal_message.html?_=1709606756800&CODE_STATE=getMsg HTTP/1.1" 200 27
124.79.241.4 - - [05/Mar/2024:10:45:55 +0800] "GET /xingrg/all/function/internal_message.html?_=1709606751347&CODE_STATE=getMsg HTTP/1.1" 200 27
101.83.145.37 - - [05/Mar/2024:10:45:58 +0800] "GET /xingrg/all/function/internal_message.html?_=1709606522401&CODE_STATE=getMsg HTTP/1.1" 200 27
124.78.57.58 - - [05/Mar/2024:10:46:00 +0800] "GET /xingrg/all/function/internal_message.html?_=1709606760139&CODE_STATE=getMsg HTTP/1.1" 200 27
116.232.194.112 - - [05/Mar/2024:10:46:04 +0800] "GET /xingrg/all/function/internal_message.html?_=1709606747863&CODE_STATE=getMsg HTTP/1.1" 200 27
180.169.147.146 - - [05/Mar/2024:10:46:04 +0800] "GET /xingrg/all/function/internal_message.html?_=1709606764806&CODE_STATE=getMsg HTTP/1.1" 200 27
101.83.145.37 - - [05/Mar/2024:10:46:06 +0800] "GET /xingrg/all/function/internal_message.html?_=1709606767399&CODE_STATE=getMsg HTTP/1.1" 200 27
124.78.57.58 - - [05/Mar/2024:10:46:06 +0800] "GET /xingrg/check_reg.html?_=1709606766580 HTTP/1.1" 200 22
120.253.135.82 - - [05/Mar/2024:10:46:07 +0800] "GET /xingrg/all/function/internal_message.html?_=1709606604255&CODE_STATE=getMsg HTTP/1.1" 200 27
101.83.241.137 - - [05/Mar/2024:10:46:10 +0800] "GET /xingrg/all/function/internal_message.html?_=1709606770253&CODE_STATE=getMsg HTTP/1.1" 200 27
124.78.57.58 - - [05/Mar/2024:10:46:12 +0800] "GET /xingrg/kc/buy/cgsh_order_operate.html?command=get_materiel&rest_code=00141&code=00101008150&supplier_code=00100008&order_time=2024-03-05 HTTP/1.1" 200 409
116.230.123.13 - - [05/Mar/2024:10:46:19 +0800] "GET /xingrg/all/function/internal_message.html?_=1709606779639&CODE_STATE=getMsg HTTP/1.1" 200 27
116.224.254.208 - - [05/Mar/2024:10:46:21 +0800] "GET /xingrg/all/function/internal_message.html?_=1709606782032&CODE_STATE=getMsg HTTP/1.1" 200 27
116.238.97.31 - - [05/Mar/2024:10:46:25 +0800] "GET /xingrg/kc/base/wldb_order_add.html HTTP/1.1" 200 30378
180.169.147.146 - - [05/Mar/2024:10:46:25 +0800] "GET /xingrg/all/function/internal_message.html?_=1709606785735&CODE_STATE=getMsg HTTP/1.1" 302 -
116.238.97.31 - - [05/Mar/2024:10:46:26 +0800] "POST /xingrg/kc/base/wldb_order_operate.html HTTP/1.1" 200 6806
116.238.97.31 - - [05/Mar/2024:10:46:26 +0800] "GET /xingrg/javascript/easyui/themes/default/validatebox.css HTTP/1.1" 404 1104
101.228.147.14 - - [05/Mar/2024:10:46:27 +0800] "GET /xingrg/all/function/internal_message.html?_=1709606787054&CODE_STATE=getMsg HTTP/1.1" 200 27
116.238.97.31 - - [05/Mar/2024:10:46:28 +0800] "POST /xingrg/all/common/load_combo.html?type=base HTTP/1.1" 200 3321
124.79.241.4 - - [05/Mar/2024:10:46:28 +0800] "GET /xingrg/all/function/internal_message.html?_=1709606803467&CODE_STATE=getMsg HTTP/1.1" 200 27
116.238.97.31 - - [05/Mar/2024:10:46:31 +0800] "POST /xingrg/all/common/load_combo.html?type=base HTTP/1.1" 200 3321
222.70.115.1 - - [05/Mar/2024:10:46:31 +0800] "GET /xingrg/all/function/internal_message.html?_=1709606793678&CODE_STATE=getMsg HTTP/1.1" 200 27
222.70.115.1 - - [05/Mar/2024:10:46:31 +0800] "GET /xingrg/check_reg.html?_=1709606793683 HTTP/1.1" 200 22
180.169.147.146 - - [05/Mar/2024:10:46:32 +0800] "GET /xingrg/all/function/internal_message.html?_=1709606790295&CODE_STATE=getMsg HTTP/1.1" 200 27
58.40.7.146 - - [05/Mar/2024:10:46:34 +0800] "GET /xingrg/all/function/internal_message.html?_=1709606799368&CODE_STATE=getMsg HTTP/1.1" 200 27
58.40.7.146 - - [05/Mar/2024:10:46:35 +0800] "GET /xingrg/all/function/internal_message.html?_=1709606795918&CODE_STATE=getMsg HTTP/1.1" 200 27
101.83.145.37 - - [05/Mar/2024:10:46:37 +0800] "GET /xingrg/kc/buy/cgsh_order_operate.html?command=get_materiel&rest_code=00105&code=00101008197&supplier_code=00100008&order_time=2024-03-05 HTTP/1.1" 200 416
180.164.1.25 - - [05/Mar/2024:10:46:37 +0800] "GET /xingrg/check_reg.html?_=1709606797638 HTTP/1.1" 200 22
180.164.1.25 - - [05/Mar/2024:10:46:37 +0800] "GET /xingrg/all/function/internal_message.html?_=1709606797640&CODE_STATE=getMsg HTTP/1.1" 200 27
124.78.57.58 - - [05/Mar/2024:10:46:45 +0800] "GET /xingrg/all/function/internal_message.html?_=1709606805506&CODE_STATE=getMsg HTTP/1.1" 200 27
120.253.135.82 - - [05/Mar/2024:10:46:45 +0800] "GET /xingrg/all/function/internal_message.html?_=1709606975713&CODE_STATE=getMsg HTTP/1.1" 200 27
116.230.116.59 - - [05/Mar/2024:10:46:46 +0800] "GET /xingrg/all/function/internal_message.html?_=1709606811829&CODE_STATE=getMsg HTTP/1.1" 200 27
114.89.91.180 - - [05/Mar/2024:10:46:46 +0800] "GET /xingrg/all/function/internal_message.html?_=1709606806000&CODE_STATE=getMsg HTTP/1.1" 200 27
58.40.7.146 - - [05/Mar/2024:10:46:49 +0800] "GET /xingrg/check_reg.html?_=1709606809725 HTTP/1.1" 200 22
222.69.134.177 - - [05/Mar/2024:10:46:51 +0800] "GET /xingrg/check_reg.html?_=1709606813246 HTTP/1.1" 200 22
116.238.97.31 - - [05/Mar/2024:10:46:52 +0800] "GET /xingrg/kc/base/wldb_order_operate.html?command=get_materiel&rest_code=00102&base_code=0010476&code=00101019079 HTTP/1.1" 200 479
116.224.254.208 - - [05/Mar/2024:10:46:52 +0800] "GET /xingrg/all/function/internal_message.html?_=1709606812458&CODE_STATE=getMsg HTTP/1.1" 200 27
116.224.254.208 - - [05/Mar/2024:10:46:53 +0800] "GET /xingrg/check_reg.html?_=1709606813671 HTTP/1.1" 200 22
124.78.57.58 - - [05/Mar/2024:10:46:54 +0800] "POST /xingrg/kc/buy/cgsh_order_operate.html HTTP/1.1" 200 2065
116.237.73.188 - - [05/Mar/2024:10:46:54 +0800] "GET /xingrg/all/function/internal_message.html?_=1709606816801&CODE_STATE=getMsg HTTP/1.1" 200 27
124.79.241.4 - - [05/Mar/2024:10:46:55 +0800] "GET /xingrg/all/function/internal_message.html?_=1709606811684&CODE_STATE=getMsg HTTP/1.1" 200 27
116.238.97.31 - - [05/Mar/2024:10:46:58 +0800] "GET /xingrg/kc/base/wldb_order_operate.html?command=get_materiel&rest_code=00102&base_code=0010476&code=00101019063 HTTP/1.1" 200 462
101.83.145.37 - - [05/Mar/2024:10:46:58 +0800] "GET /xingrg/all/function/internal_message.html?_=1709606582404&CODE_STATE=getMsg HTTP/1.1" 200 27
124.78.57.58 - - [05/Mar/2024:10:46:59 +0800] "GET /xingrg/kc/buy/cgsh_order_operate.html?command=get_materiel&rest_code=00141&code=00101008353&supplier_code=00100008&order_time=2024-03-05 HTTP/1.1" 200 408
124.78.57.58 - - [05/Mar/2024:10:47:00 +0800] "GET /xingrg/all/function/internal_message.html?_=1709606820138&CODE_STATE=getMsg HTTP/1.1" 200 27
116.232.194.112 - - [05/Mar/2024:10:47:04 +0800] "GET /xingrg/all/function/internal_message.html?_=1709606807847&CODE_STATE=getMsg HTTP/1.1" 200 27
180.169.147.146 - - [05/Mar/2024:10:47:04 +0800] "GET /xingrg/all/function/internal_message.html?_=1709606824803&CODE_STATE=getMsg HTTP/1.1" 200 27
180.169.147.146 - - [05/Mar/2024:10:47:04 +0800] "GET /xingrg/check_reg.html?_=1709606824810 HTTP/1.1" 200 22
101.83.145.37 - - [05/Mar/2024:10:47:06 +0800] "GET /xingrg/all/function/internal_message.html?_=1709606827370&CODE_STATE=getMsg HTTP/1.1" 200 27
101.83.145.37 - - [05/Mar/2024:10:47:07 +0800] "GET /xingrg/check_reg.html?_=1709606828791 HTTP/1.1" 200 22
120.253.135.82 - - [05/Mar/2024:10:47:07 +0800] "GET /xingrg/all/function/internal_message.html?_=1709606664399&CODE_STATE=getMsg HTTP/1.1" 200 27
116.238.97.31 - - [05/Mar/2024:10:47:09 +0800] "POST /xingrg/kc/base/wldb_order_operate.html HTTP/1.1" 200 37
