116.237.73.188 - - [05/Mar/2024:10:54:24 +0800] "GET /xingrg/kc/buy/cgsh_order_operate.html?command=get_materiel&rest_code=00106&code=00101006111&supplier_code=00100096&order_time=2024-03-05 HTTP/1.1" 200 409
180.169.147.146 - - [05/Mar/2024:10:54:25 +0800] "GET /xingrg/all/function/internal_message.html?_=1709607265738&CODE_STATE=getMsg HTTP/1.1" 302 -
101.228.147.14 - - [05/Mar/2024:10:54:27 +0800] "GET /xingrg/all/function/internal_message.html?_=1709607267047&CODE_STATE=getMsg HTTP/1.1" 200 27
101.83.145.37 - - [05/Mar/2024:10:54:27 +0800] "GET /xingrg/kc/buy/cgsh_order_operate.html?command=get_materiel&rest_code=00105&code=00101008108&supplier_code=00100008&order_time=2024-03-05 HTTP/1.1" 200 412
124.79.241.4 - - [05/Mar/2024:10:54:28 +0800] "GET /xingrg/all/function/internal_message.html?_=1709607283496&CODE_STATE=getMsg HTTP/1.1" 200 27
222.70.115.1 - - [05/Mar/2024:10:54:31 +0800] "GET /xingrg/all/function/internal_message.html?_=1709607273698&CODE_STATE=getMsg HTTP/1.1" 200 27
180.169.147.146 - - [05/Mar/2024:10:54:32 +0800] "GET /xingrg/all/function/internal_message.html?_=1709607270316&CODE_STATE=getMsg HTTP/1.1" 200 27
58.40.7.146 - - [05/Mar/2024:10:54:34 +0800] "GET /xingrg/all/function/internal_message.html?_=1709607279367&CODE_STATE=getMsg HTTP/1.1" 200 27
58.40.7.146 - - [05/Mar/2024:10:54:35 +0800] "GET /xingrg/all/function/internal_message.html?_=1709607275884&CODE_STATE=getMsg HTTP/1.1" 200 27
180.164.1.25 - - [05/Mar/2024:10:54:37 +0800] "GET /xingrg/all/function/internal_message.html?_=1709607277640&CODE_STATE=getMsg HTTP/1.1" 200 27
124.78.57.58 - - [05/Mar/2024:10:54:41 +0800] "GET /xingrg/all/function/internal_message.html?_=1709607281926&CODE_STATE=getMsg HTTP/1.1" 200 27
120.253.135.82 - - [05/Mar/2024:10:54:45 +0800] "GET /xingrg/all/function/internal_message.html?_=1709607455735&CODE_STATE=getMsg HTTP/1.1" 200 27
120.253.135.82 - - [05/Mar/2024:10:54:45 +0800] "GET /xingrg/check_reg.html?_=1709607455736 HTTP/1.1" 200 22
114.89.91.180 - - [05/Mar/2024:10:54:46 +0800] "GET /xingrg/all/function/internal_message.html?_=1709607285858&CODE_STATE=getMsg HTTP/1.1" 200 27
180.169.147.146 - - [05/Mar/2024:10:54:46 +0800] "GET /xingrg/check_reg.html?_=1709607286305 HTTP/1.1" 200 22
180.169.147.146 - - [05/Mar/2024:10:54:46 +0800] "GET /xingrg/all/function/internal_message.html?_=1709607286306&CODE_STATE=getMsg HTTP/1.1" 200 27
116.230.116.59 - - [05/Mar/2024:10:54:46 +0800] "GET /xingrg/all/function/internal_message.html?_=1709607292478&CODE_STATE=getMsg HTTP/1.1" 200 27
116.224.254.208 - - [05/Mar/2024:10:54:52 +0800] "GET /xingrg/all/function/internal_message.html?_=1709607292285&CODE_STATE=getMsg HTTP/1.1" 200 27
116.237.73.188 - - [05/Mar/2024:10:54:54 +0800] "GET /xingrg/all/function/internal_message.html?_=1709607296827&CODE_STATE=getMsg HTTP/1.1" 200 27
101.83.145.37 - - [05/Mar/2024:10:54:58 +0800] "GET /xingrg/all/function/internal_message.html?_=1709607062397&CODE_STATE=getMsg HTTP/1.1" 200 27
101.83.145.37 - - [05/Mar/2024:10:54:59 +0800] "GET /xingrg/kc/buy/cgsh_order_operate.html?command=get_materiel&rest_code=00105&code=00101008161&supplier_code=00100008&order_time=2024-03-05 HTTP/1.1" 200 409
124.78.57.58 - - [05/Mar/2024:10:55:00 +0800] "GET /xingrg/all/function/internal_message.html?_=1709607300157&CODE_STATE=getMsg HTTP/1.1" 200 27
124.78.57.58 - - [05/Mar/2024:10:55:00 +0800] "GET /xingrg/check_reg.html?_=1709607300158 HTTP/1.1" 200 22
124.79.241.4 - - [05/Mar/2024:10:55:01 +0800] "GET /xingrg/all/function/internal_message.html?_=1709607297896&CODE_STATE=getMsg HTTP/1.1" 200 27
120.253.135.82 - - [05/Mar/2024:10:55:03 +0800] "GET /xingrg/check_reg.html?_=1709607140282 HTTP/1.1" 200 22
116.232.194.112 - - [05/Mar/2024:10:55:04 +0800] "GET /xingrg/all/function/internal_message.html?_=1709607287726&CODE_STATE=getMsg HTTP/1.1" 200 27
180.169.147.146 - - [05/Mar/2024:10:55:04 +0800] "GET /xingrg/all/function/internal_message.html?_=1709607304787&CODE_STATE=getMsg HTTP/1.1" 200 27
101.83.145.37 - - [05/Mar/2024:10:55:05 +0800] "GET /xingrg/all/function/internal_message.html?_=1709607307190&CODE_STATE=getMsg HTTP/1.1" 200 27
120.253.135.82 - - [05/Mar/2024:10:55:08 +0800] "GET /xingrg/all/function/internal_message.html?_=1709607144810&CODE_STATE=getMsg HTTP/1.1" 200 27
116.230.123.13 - - [05/Mar/2024:10:55:08 +0800] "GET /xingrg/check_reg.html?_=1709607308346 HTTP/1.1" 200 22
101.83.241.137 - - [05/Mar/2024:10:55:10 +0800] "GET /xingrg/all/function/internal_message.html?_=1709607310078&CODE_STATE=getMsg HTTP/1.1" 200 27
101.83.241.137 - - [05/Mar/2024:10:55:11 +0800] "GET /xingrg/check_reg.html?_=1709607310881 HTTP/1.1" 200 22
180.169.147.146 - - [05/Mar/2024:10:55:14 +0800] "GET /xingrg/kc/report/report_main.html HTTP/1.1" 302 -
180.169.147.146 - - [05/Mar/2024:10:55:14 +0800] "GET /xingrg/login.html HTTP/1.1" 200 7641
180.169.147.146 - - [05/Mar/2024:10:55:14 +0800] "GET /xingrg/javascript/jquery_easy_ui/themes/default/images/tabs_close.gif HTTP/1.1" 200 829
180.169.147.146 - - [05/Mar/2024:10:55:14 +0800] "GET /xingrg/login.html HTTP/1.1" 200 7641
180.169.147.146 - - [05/Mar/2024:10:55:15 +0800] "GET /favicon.ico HTTP/1.1" 404 -
116.230.123.13 - - [05/Mar/2024:10:55:19 +0800] "GET /xingrg/all/function/internal_message.html?_=1709607319466&CODE_STATE=getMsg HTTP/1.1" 200 27
180.169.147.146 - - [05/Mar/2024:10:55:21 +0800] "POST /xingrg/login.do HTTP/1.1" 302 -
180.169.147.146 - - [05/Mar/2024:10:55:21 +0800] "GET /xingrg/index.html?sysBaseUrl=http%3A%2F%2F180.169.147.146%3A18081%2Fxingrg%2F&costTime=854×tamp=1709607321797 HTTP/1.1" 200 17503
180.169.147.146 - - [05/Mar/2024:10:55:21 +0800] "GET /favicon.ico HTTP/1.1" 404 -
116.224.254.208 - - [05/Mar/2024:10:55:21 +0800] "GET /xingrg/all/function/internal_message.html?_=1709607322032&CODE_STATE=getMsg HTTP/1.1" 200 27
180.169.147.146 - - [05/Mar/2024:10:55:22 +0800] "GET /xingrg/all/function/internal_message.html?_=1709607321825&CODE_STATE=count HTTP/1.1" 200 11
180.169.147.146 - - [05/Mar/2024:10:55:22 +0800] "GET /xingrg/check_reg.html?_=1709607321826 HTTP/1.1" 200 22
180.169.147.146 - - [05/Mar/2024:10:55:22 +0800] "POST /xingrg/all/common/load_tree.html?tree=area_rest_tree_json&manage=1 HTTP/1.1" 200 2231
180.169.147.146 - - [05/Mar/2024:10:55:22 +0800] "POST /xingrg/load_menu.html HTTP/1.1" 200 11564
101.228.147.14 - - [05/Mar/2024:10:55:27 +0800] "GET /xingrg/all/function/internal_message.html?_=1709607327047&CODE_STATE=getMsg HTTP/1.1" 200 27
101.228.147.14 - - [05/Mar/2024:10:55:27 +0800] "GET /xingrg/check_reg.html?_=1709607327048 HTTP/1.1" 200 22
124.79.241.4 - - [05/Mar/2024:10:55:28 +0800] "GET /xingrg/check_reg.html?_=1709607343493 HTTP/1.1" 200 22
124.79.241.4 - - [05/Mar/2024:10:55:28 +0800] "GET /xingrg/all/function/internal_message.html?_=1709607343494&CODE_STATE=getMsg HTTP/1.1" 200 27
222.70.115.1 - - [05/Mar/2024:10:55:31 +0800] "GET /xingrg/all/function/internal_message.html?_=1709607333714&CODE_STATE=getMsg HTTP/1.1" 200 27
180.169.147.146 - - [05/Mar/2024:10:55:32 +0800] "GET /xingrg/all/function/internal_message.html?_=1709607330314&CODE_STATE=getMsg HTTP/1.1" 200 27
180.169.147.146 - - [05/Mar/2024:10:55:33 +0800] "GET /xingrg/kc/report/report_main.html HTTP/1.1" 200 8599
180.169.147.146 - - [05/Mar/2024:10:55:33 +0800] "GET /xingrg/javascript/jquery_ui/themes/humanity/humanity.css HTTP/1.1" 200 27801
180.169.147.146 - - [05/Mar/2024:10:55:33 +0800] "GET /xingrg/javascript/pic_change.js HTTP/1.1" 200 4739
180.169.147.146 - - [05/Mar/2024:10:55:33 +0800] "GET /xingrg/css/blue.css HTTP/1.1" 200 15949
180.169.147.146 - - [05/Mar/2024:10:55:33 +0800] "GET /xingrg/javascript/myfunction.js HTTP/1.1" 200 24559
180.169.147.146 - - [05/Mar/2024:10:55:33 +0800] "GET /xingrg/javascript/json2.js HTTP/1.1" 200 11259
180.169.147.146 - - [05/Mar/2024:10:55:33 +0800] "GET /xingrg/javascript/jquery_easy_ui/themes/icons/back_new.png HTTP/1.1" 200 3414
58.40.7.146 - - [05/Mar/2024:10:55:34 +0800] "GET /xingrg/check_reg.html?_=1709607339357 HTTP/1.1" 200 22
58.40.7.146 - - [05/Mar/2024:10:55:34 +0800] "GET /xingrg/all/function/internal_message.html?_=1709607339358&CODE_STATE=getMsg HTTP/1.1" 200 27
116.237.73.188 - - [05/Mar/2024:10:55:35 +0800] "GET /xingrg/kc/buy/cgsh_order_operate.html?command=get_materiel&rest_code=00106&code=00101006133&supplier_code=00100096&order_time=2024-03-05 HTTP/1.1" 200 415
58.40.7.146 - - [05/Mar/2024:10:55:35 +0800] "GET /xingrg/all/function/internal_message.html?_=1709607335859&CODE_STATE=getMsg HTTP/1.1" 200 27
180.169.147.146 - - [05/Mar/2024:10:55:36 +0800] "GET /xingrg/kc/base/crk_hz.html HTTP/1.1" 200 11247
180.169.147.146 - - [05/Mar/2024:10:55:36 +0800] "GET /xingrg/javascript/step/step.css HTTP/1.1" 200 999
180.169.147.146 - - [05/Mar/2024:10:55:36 +0800] "GET /xingrg/css/table.css HTTP/1.1" 200 3684
180.169.147.146 - - [05/Mar/2024:10:55:36 +0800] "POST /xingrg/kc/cost/cost_operate.html?command=get_base_tree HTTP/1.1" 200 1008
180.169.147.146 - - [05/Mar/2024:10:55:36 +0800] "GET /xingrg/javascript/jquery_easy_ui/themes/icons/search.png HTTP/1.1" 200 813
180.169.147.146 - - [05/Mar/2024:10:55:36 +0800] "GET /xingrg/javascript/jquery_easy_ui/themes/default/images/menu_downarrow.png HTTP/1.1" 200 173
180.169.147.146 - - [05/Mar/2024:10:55:36 +0800] "GET /xingrg/javascript/jquery_easy_ui/themes/icons/print.png HTTP/1.1" 200 1057
180.169.147.146 - - [05/Mar/2024:10:55:36 +0800] "GET /xingrg/javascript/jquery_easy_ui/themes/default/images/menu.gif HTTP/1.1" 200 834
180.169.147.146 - - [05/Mar/2024:10:55:36 +0800] "GET /xingrg/javascript/jquery_easy_ui/themes/default/images/combo_arrow_dot.gif HTTP/1.1" 200 79
180.169.147.146 - - [05/Mar/2024:10:55:36 +0800] "GET /xingrg/javascript/jquery_easy_ui/themes/default/images/calendar_prevmonth.gif HTTP/1.1" 200 66
180.169.147.146 - - [05/Mar/2024:10:55:36 +0800] "GET /xingrg/javascript/jquery_easy_ui/themes/default/images/calendar_nextmonth.gif HTTP/1.1" 200 64
180.169.147.146 - - [05/Mar/2024:10:55:36 +0800] "GET /xingrg/javascript/jquery_easy_ui/themes/default/images/calendar_prevyear.gif HTTP/1.1" 200 76
180.169.147.146 - - [05/Mar/2024:10:55:36 +0800] "GET /xingrg/javascript/jquery_easy_ui/themes/default/images/calendar_nextyear.gif HTTP/1.1" 200 75
180.169.147.146 - - [05/Mar/2024:10:55:36 +0800] "POST /xingrg/all/common/load_tree.html?tree=materiel_sort_tree_json HTTP/1.1" 200 9734
180.169.147.146 - - [05/Mar/2024:10:55:36 +0800] "GET /xingrg/javascript/jquery_easy_ui/themes/default/images/tree_checkbox_0.gif HTTP/1.1" 200 168
180.164.1.25 - - [05/Mar/2024:10:55:37 +0800] "GET /xingrg/all/function/internal_message.html?_=1709607337633&CODE_STATE=getMsg HTTP/1.1" 200 27
180.169.147.146 - - [05/Mar/2024:10:55:38 +0800] "GET /xingrg/javascript/jquery_easy_ui/themes/default/images/tabs_active.png HTTP/1.1" 200 2894
180.169.147.146 - - [05/Mar/2024:10:55:39 +0800] "GET /xingrg/all/common/get_data_part.html?part=previousMonth&_=1709607339328 HTTP/1.1" 200 41
101.83.145.37 - - [05/Mar/2024:10:55:40 +0800] "GET /xingrg/kc/buy/cgsh_order_operate.html?command=get_materiel&rest_code=00105&code=00101008003&supplier_code=00100008&order_time=2024-03-05 HTTP/1.1" 200 408
116.232.194.112 - - [05/Mar/2024:10:55:41 +0800] "POST /xingrg/kc/buy/cgsh_list_operate.html HTTP/1.1" 200 3157
124.78.57.58 - - [05/Mar/2024:10:55:41 +0800] "GET /xingrg/check_reg.html?_=1709607341928 HTTP/1.1" 200 22
124.78.57.58 - - [05/Mar/2024:10:55:41 +0800] "GET /xingrg/all/function/internal_message.html?_=1709607341932&CODE_STATE=getMsg HTTP/1.1" 200 27
180.169.147.146 - - [05/Mar/2024:10:55:44 +0800] "POST /xingrg/all/user/operate.html HTTP/1.1" 200 36
180.169.147.146 - - [05/Mar/2024:10:55:44 +0800] "GET /xingrg/index.html?sysBaseUrl=http%3A%2F%2F180.169.147.146%3A18081%2Fxingrg%2F&costTime=854×tamp=1709607321797 HTTP/1.1" 200 17503
180.169.147.146 - - [05/Mar/2024:10:55:44 +0800] "GET /xingrg/javascript/jquery_easy_ui/themes/default/easyui.css HTTP/1.1" 304 -
180.169.147.146 - - [05/Mar/2024:10:55:44 +0800] "GET /xingrg/javascript/jquery_easy_ui/themes/icon.css HTTP/1.1" 304 -
180.169.147.146 - - [05/Mar/2024:10:55:44 +0800] "GET /xingrg/css/form.css HTTP/1.1" 304 -
180.169.147.146 - - [05/Mar/2024:10:55:44 +0800] "GET /xingrg/javascript/jquery-1.4.2.min.js HTTP/1.1" 304 -
180.169.147.146 - - [05/Mar/2024:10:55:44 +0800] "GET /xingrg/javascript/jquery_easy_ui/jquery.easyui.min.js HTTP/1.1" 304 -
180.169.147.146 - - [05/Mar/2024:10:55:44 +0800] "GET /xingrg/javascript/jquery_easy_ui/easyui-lang-zh_CN.js HTTP/1.1" 304 -
180.169.147.146 - - [05/Mar/2024:10:55:44 +0800] "GET /xingrg/javascript/jquery.form.js HTTP/1.1" 304 -
180.169.147.146 - - [05/Mar/2024:10:55:44 +0800] "GET /xingrg/javascript/jquery.utils.js HTTP/1.1" 304 -
180.169.147.146 - - [05/Mar/2024:10:55:44 +0800] "GET /xingrg/javascript/jquery.timers.js HTTP/1.1" 304 -
180.169.147.146 - - [05/Mar/2024:10:55:44 +0800] "GET /xingrg/images/blue/jxLogo.png HTTP/1.1" 304 -
180.169.147.146 - - [05/Mar/2024:10:55:44 +0800] "GET /xingrg/images/blue/navBackgound.jpg HTTP/1.1" 304 -
180.169.147.146 - - [05/Mar/2024:10:55:44 +0800] "GET /xingrg/javascript/jquery_easy_ui/themes/icons/settle_new.png HTTP/1.1" 304 -
180.169.147.146 - - [05/Mar/2024:10:55:44 +0800] "GET /xingrg/all/function/internal_message.html?_=1709607344478&CODE_STATE=count HTTP/1.1" 200 11
180.169.147.146 - - [05/Mar/2024:10:55:44 +0800] "GET /xingrg/check_reg.html?_=1709607344480 HTTP/1.1" 200 22
180.169.147.146 - - [05/Mar/2024:10:55:44 +0800] "GET /xingrg/images/blue/pingpu.png HTTP/1.1" 304 -
180.169.147.146 - - [05/Mar/2024:10:55:44 +0800] "GET /xingrg/javascript/jquery_easy_ui/themes/default/images/tabs_leftarrow.png HTTP/1.1" 304 -
180.169.147.146 - - [05/Mar/2024:10:55:44 +0800] "GET /xingrg/javascript/jquery_easy_ui/themes/default/images/tabs_rightarrow.png HTTP/1.1" 304 -
180.169.147.146 - - [05/Mar/2024:10:55:44 +0800] "GET /xingrg/javascript/jquery_easy_ui/themes/default/images/panel_tool_expand.gif HTTP/1.1" 304 -
180.169.147.146 - - [05/Mar/2024:10:55:44 +0800] "GET /xingrg/javascript/jquery_easy_ui/themes/default/images/panel_tool_collapse.gif HTTP/1.1" 304 -
180.169.147.146 - - [05/Mar/2024:10:55:44 +0800] "POST /xingrg/all/common/load_tree.html?tree=area_rest_tree_json&manage=1 HTTP/1.1" 200 2231
180.169.147.146 - - [05/Mar/2024:10:55:44 +0800] "POST /xingrg/load_menu.html HTTP/1.1" 200 9959
180.169.147.146 - - [05/Mar/2024:10:55:45 +0800] "GET /xingrg/kc/report/report_main.html HTTP/1.1" 200 7340
120.253.135.82 - - [05/Mar/2024:10:55:45 +0800] "GET /xingrg/all/function/internal_message.html?_=1709607515737&CODE_STATE=getMsg HTTP/1.1" 200 27
114.89.91.180 - - [05/Mar/2024:10:55:46 +0800] "GET /xingrg/all/function/internal_message.html?_=1709607345840&CODE_STATE=getMsg HTTP/1.1" 200 27
180.169.147.146 - - [05/Mar/2024:10:55:46 +0800] "GET /xingrg/all/function/internal_message.html?_=1709607346300&CODE_STATE=getMsg HTTP/1.1" 200 27
116.230.116.59 - - [05/Mar/2024:10:55:46 +0800] "GET /xingrg/all/function/internal_message.html?_=1709607352482&CODE_STATE=getMsg HTTP/1.1" 200 27
180.169.147.146 - - [05/Mar/2024:10:55:47 +0800] "GET /xingrg/kc/base/crk_hz.html HTTP/1.1" 200 11247
180.169.147.146 - - [05/Mar/2024:10:55:47 +0800] "POST /xingrg/kc/cost/cost_operate.html?command=get_base_tree HTTP/1.1" 200 2657
180.169.147.146 - - [05/Mar/2024:10:55:47 +0800] "POST /xingrg/all/common/load_tree.html?tree=materiel_sort_tree_json HTTP/1.1" 200 9734
114.89.91.180 - - [05/Mar/2024:10:55:47 +0800] "GET /xingrg/check_reg.html?_=1709607347609 HTTP/1.1" 200 22
180.169.147.146 - - [05/Mar/2024:10:55:48 +0800] "GET /xingrg/all/common/get_data_part.html?part=previousMonth&_=1709607348676 HTTP/1.1" 200 41
180.169.147.146 - - [05/Mar/2024:10:55:51 +0800] "GET /xingrg/javascript/jquery_easy_ui/themes/default/images/tree_checkbox_1.gif HTTP/1.1" 200 174
180.169.147.146 - - [05/Mar/2024:10:55:51 +0800] "GET /xingrg/javascript/jquery_easy_ui/themes/default/images/tree_checkbox_2.gif HTTP/1.1" 200 181
116.224.254.208 - - [05/Mar/2024:10:55:52 +0800] "GET /xingrg/all/function/internal_message.html?_=1709607352265&CODE_STATE=getMsg HTTP/1.1" 200 27
180.169.147.146 - - [05/Mar/2024:10:55:54 +0800] "GET /xingrg/kc/base/crk_hz.html?_=1709607353773&command=get_cost_id&end_date=2024-02-29&start_date=2024-02-01 HTTP/1.1" 200 51
180.169.147.146 - - [05/Mar/2024:10:55:54 +0800] "GET /xingrg/all/report/report_query.html?isQuery=1&onlyBody=1&rh=99999&rw=1800&varString=start:20240201,cost_id:4865,mid:20240201&fileName=kc/base/crk_hz_type_by_base.xml&queryString=%20a.base_code%20in%20('0010513')%20%20and%20m.sort_code%20in%20('00101001','00101002','00101003','00101004','00101005','00101006','00101007','00101008','00101009','00101010','00101011','00101012','00101013','00101014','00101015','00101016','00101017','00101018','00101019','00101020','00101021','00101022','00101023','00101024','00101025','00101026','00101027','00101028','00101029','00101030','00101031','00101032','00101033','00101034','00101036','00101037','00101038','00101039','00101040','00101041','00101042','00101043','00101044','00101045')%20&queryText=ÈÕÆÚ£º2024-02-01ÖÁ2024-02-29%20²Ö¿â£ºÔÁ²Ë&tableQueryString=materiel_table$sp1$$sp$before_table$sp1$$sp$crk_table$sp1$order_day%20between%2020240201%20and%2020240229 HTTP/1.1" 200 49906
180.169.147.146 - - [05/Mar/2024:10:55:54 +0800] "GET /xingrg/javascript/multi_select/jqueryMultiSelect.css HTTP/1.1" 200 951
180.169.147.146 - - [05/Mar/2024:10:55:54 +0800] "GET /xingrg/javascript/calendar/timePicker.css HTTP/1.1" 200 523
180.169.147.146 - - [05/Mar/2024:10:55:54 +0800] "GET /xingrg/javascript/bigrid/fix.css HTTP/1.1" 200 1702
180.169.147.146 - - [05/Mar/2024:10:55:54 +0800] "GET /xingrg/dwr/interface/AjaxReportQueryService.js HTTP/1.1" 200 13203
180.169.147.146 - - [05/Mar/2024:10:55:54 +0800] "GET /xingrg/dwr/engine.js HTTP/1.1" 200 43631
180.169.147.146 - - [05/Mar/2024:10:55:54 +0800] "GET /xingrg/dwr/util.js HTTP/1.1" 200 35990
180.169.147.146 - - [05/Mar/2024:10:55:54 +0800] "GET /xingrg/javascript/jqueryMultiSelect.js HTTP/1.1" 200 11866
180.169.147.146 - - [05/Mar/2024:10:55:54 +0800] "GET /xingrg/javascript/Calendar.js HTTP/1.1" 200 31561
180.169.147.146 - - [05/Mar/2024:10:55:54 +0800] "GET /xingrg/javascript/calendar/jquery.timePicker.min.js HTTP/1.1" 200 2997
180.169.147.146 - - [05/Mar/2024:10:55:54 +0800] "GET /xingrg/javascript/bigrid/fix.js HTTP/1.1" 200 6439
180.169.147.146 - - [05/Mar/2024:10:55:54 +0800] "GET /xingrg/images/control/loading.gif HTTP/1.1" 200 13463
180.169.147.146 - - [05/Mar/2024:10:55:54 +0800] "GET /xingrg/images/blue/button/advanceover.gif HTTP/1.1" 200 1347
180.169.147.146 - - [05/Mar/2024:10:55:54 +0800] "GET /xingrg/images/blue/button/advance2over.gif HTTP/1.1" 200 1336
180.169.147.146 - - [05/Mar/2024:10:55:54 +0800] "GET /xingrg/images/blue/button/back2over.gif HTTP/1.1" 200 1335
180.169.147.146 - - [05/Mar/2024:10:55:54 +0800] "GET /xingrg/images/blue/button/backover.gif HTTP/1.1" 200 1348
180.169.147.146 - - [05/Mar/2024:10:55:54 +0800] "GET /xingrg/javascript/jquery_easy_ui/themes/icons/help.png HTTP/1.1" 200 1187
116.237.73.188 - - [05/Mar/2024:10:55:55 +0800] "GET /xingrg/all/function/internal_message.html?_=1709607356832&CODE_STATE=getMsg HTTP/1.1" 200 27
180.169.147.146 - - [05/Mar/2024:10:55:57 +0800] "POST /xingrg/all/report/load_report_page.html HTTP/1.1" 200 94822
180.169.147.146 - - [05/Mar/2024:10:55:57 +0800] "GET /xingrg/servlets/image?cache=0.7150067441729615&image=px HTTP/1.1" 200 807
101.83.145.37 - - [05/Mar/2024:10:55:58 +0800] "GET /xingrg/all/function/internal_message.html?_=1709607122395&CODE_STATE=getMsg HTTP/1.1" 200 27
124.78.57.58 - - [05/Mar/2024:10:56:00 +0800] "GET /xingrg/all/function/internal_message.html?_=1709607360157&CODE_STATE=getMsg HTTP/1.1" 200 27
116.232.194.112 - - [05/Mar/2024:10:56:00 +0800] "POST /xingrg/kc/buy/cgsh_list_operate.html HTTP/1.1" 200 582
124.79.241.4 - - [05/Mar/2024:10:56:01 +0800] "GET /xingrg/all/function/internal_message.html?_=1709607357869&CODE_STATE=getMsg HTTP/1.1" 200 27
116.232.194.112 - - [05/Mar/2024:10:56:01 +0800] "GET /xingrg/kc/buy/cgsh_order_info.html?code=212024030501194 HTTP/1.1" 200 73752
116.232.194.112 - - [05/Mar/2024:10:56:01 +0800] "GET /xingrg/javascript/easyui/themes/default/validatebox.css HTTP/1.1" 404 1104
116.232.194.112 - - [05/Mar/2024:10:56:02 +0800] "POST /xingrg/kc/buy/cgsh_order_operate.html HTTP/1.1" 200 34073
116.232.194.112 - - [05/Mar/2024:10:56:04 +0800] "GET /xingrg/all/function/internal_message.html?_=1709607347709&CODE_STATE=getMsg HTTP/1.1" 200 27
180.169.147.146 - - [05/Mar/2024:10:56:04 +0800] "GET /xingrg/all/function/internal_message.html?_=1709607364800&CODE_STATE=getMsg HTTP/1.1" 200 27
101.83.145.37 - - [05/Mar/2024:10:56:05 +0800] "GET /xingrg/all/function/internal_message.html?_=1709607367161&CODE_STATE=getMsg HTTP/1.1" 200 27
116.232.194.112 - - [05/Mar/2024:10:56:06 +0800] "GET /xingrg/kc/print/load_data.html?order_code=212024030501194&kc_code=cgsh HTTP/1.1" 200 12643
120.253.135.82 - - [05/Mar/2024:10:56:08 +0800] "GET /xingrg/all/function/internal_message.html?_=1709607204819&CODE_STATE=getMsg HTTP/1.1" 200 27
101.83.241.137 - - [05/Mar/2024:10:56:10 +0800] "GET /xingrg/all/function/internal_message.html?_=1709607370053&CODE_STATE=getMsg HTTP/1.1" 200 27
116.237.73.188 - - [05/Mar/2024:10:56:16 +0800] "GET /xingrg/kc/buy/cgsh_order_operate.html?command=get_materiel&rest_code=00106&code=00101016017&supplier_code=00100096&order_time=2024-03-05 HTTP/1.1" 200 408
116.230.123.13 - - [05/Mar/2024:10:56:19 +0800] "GET /xingrg/all/function/internal_message.html?_=1709607379439&CODE_STATE=getMsg HTTP/1.1" 200 27
116.224.254.208 - - [05/Mar/2024:10:56:21 +0800] "GET /xingrg/all/function/internal_message.html?_=1709607382030&CODE_STATE=getMsg HTTP/1.1" 200 27
101.228.147.14 - - [05/Mar/2024:10:56:27 +0800] "GET /xingrg/all/function/internal_message.html?_=1709607387046&CODE_STATE=getMsg HTTP/1.1" 200 27
124.79.241.4 - - [05/Mar/2024:10:56:28 +0800] "GET /xingrg/all/function/internal_message.html?_=1709607403492&CODE_STATE=getMsg HTTP/1.1" 200 27
180.169.147.146 - - [05/Mar/2024:10:56:29 +0800] "GET /xingrg/kc/buy/cgsh_order_add.html HTTP/1.1" 200 73702
180.169.147.146 - - [05/Mar/2024:10:56:29 +0800] "GET /xingrg/words/20240304184635_words.js HTTP/1.1" 200 1014517
180.169.147.146 - - [05/Mar/2024:10:56:29 +0800] "POST /xingrg/kc/buy/cgsh_order_operate.html HTTP/1.1" 200 8245
180.169.147.146 - - [05/Mar/2024:10:56:29 +0800] "GET /xingrg/javascript/easyui/themes/default/validatebox.css HTTP/1.1" 404 1104
180.169.147.146 - - [05/Mar/2024:10:56:29 +0800] "GET /xingrg/all/common/auto_word.html?type=employee&rest_code=00147 HTTP/1.1" 200 101
180.169.147.146 - - [05/Mar/2024:10:56:29 +0800] "GET /xingrg/all/common/auto_word.html?type=employee&rest_code=00147 HTTP/1.1" 200 101
180.169.147.146 - - [05/Mar/2024:10:56:30 +0800] "GET /xingrg/javascript/auto/indicator.gif HTTP/1.1" 404 1066
180.169.147.146 - - [05/Mar/2024:10:56:31 +0800] "GET /xingrg/javascript/jquery_tools/images/next.gif HTTP/1.1" 404 1086
180.169.147.146 - - [05/Mar/2024:10:56:31 +0800] "GET /xingrg/javascript/jquery_tools/images/prev.gif HTTP/1.1" 404 1086
222.70.115.1 - - [05/Mar/2024:10:56:31 +0800] "GET /xingrg/check_reg.html?_=1709607393702 HTTP/1.1" 200 22
222.70.115.1 - - [05/Mar/2024:10:56:31 +0800] "GET /xingrg/all/function/internal_message.html?_=1709607393704&CODE_STATE=getMsg HTTP/1.1" 200 27
180.169.147.146 - - [05/Mar/2024:10:56:32 +0800] "GET /xingrg/all/function/internal_message.html?_=1709607390313&CODE_STATE=getMsg HTTP/1.1" 200 27
58.40.7.146 - - [05/Mar/2024:10:56:34 +0800] "GET /xingrg/all/function/internal_message.html?_=1709607399365&CODE_STATE=getMsg HTTP/1.1" 200 27
180.169.147.146 - - [05/Mar/2024:10:56:34 +0800] "GET /xingrg/kc/base/check_order_list.html HTTP/1.1" 200 16176
180.169.147.146 - - [05/Mar/2024:10:56:35 +0800] "POST /xingrg/kc/base/check_list_operate.html HTTP/1.1" 200 3930
58.40.7.146 - - [05/Mar/2024:10:56:35 +0800] "GET /xingrg/all/function/internal_message.html?_=1709607395845&CODE_STATE=getMsg HTTP/1.1" 200 27
116.237.73.188 - - [05/Mar/2024:10:56:37 +0800] "GET /xingrg/kc/buy/cgsh_order_operate.html?command=get_materiel&rest_code=00106&code=00101012025&supplier_code=00100096&order_time=2024-03-05 HTTP/1.1" 200 412
180.164.1.25 - - [05/Mar/2024:10:56:37 +0800] "GET /xingrg/all/function/internal_message.html?_=1709607397645&CODE_STATE=getMsg HTTP/1.1" 200 27
180.164.1.25 - - [05/Mar/2024:10:56:37 +0800] "GET /xingrg/check_reg.html?_=1709607397646 HTTP/1.1" 200 22
180.169.147.146 - - [05/Mar/2024:10:56:37 +0800] "GET /xingrg/kc/base/check_order_info.html?code=452024022900352 HTTP/1.1" 200 26444
180.169.147.146 - - [05/Mar/2024:10:56:37 +0800] "GET /xingrg/dwr/interface/AjaxComOrderService.js HTTP/1.1" 200 18264
180.169.147.146 - - [05/Mar/2024:10:56:37 +0800] "GET /xingrg/dwr/interface/AjaxCheckService.js HTTP/1.1" 200 14003
180.169.147.146 - - [05/Mar/2024:10:56:37 +0800] "GET /xingrg/dwr/engine.js HTTP/1.1" 200 43631
180.169.147.146 - - [05/Mar/2024:10:56:37 +0800] "GET /xingrg/dwr/util.js HTTP/1.1" 200 35990
180.169.147.146 - - [05/Mar/2024:10:56:38 +0800] "POST /xingrg/dwr/call/plaincall/AjaxCheckService.loadOrderItems.dwr HTTP/1.1" 200 41638
116.232.194.112 - - [05/Mar/2024:10:56:38 +0800] "POST /xingrg/kc/buy/cgsh_list_operate.html HTTP/1.1" 200 3157
124.78.57.58 - - [05/Mar/2024:10:56:41 +0800] "GET /xingrg/all/function/internal_message.html?_=1709607401927&CODE_STATE=getMsg HTTP/1.1" 200 27
180.169.147.146 - - [05/Mar/2024:10:56:44 +0800] "GET /xingrg/all/function/internal_message.html?_=1709607404486&CODE_STATE=getMsg HTTP/1.1" 200 27
120.253.135.82 - - [05/Mar/2024:10:56:45 +0800] "GET /xingrg/all/function/internal_message.html?_=1709607575743&CODE_STATE=getMsg HTTP/1.1" 200 27
114.89.91.180 - - [05/Mar/2024:10:56:46 +0800] "GET /xingrg/all/function/internal_message.html?_=1709607405820&CODE_STATE=getMsg HTTP/1.1" 200 27
180.169.147.146 - - [05/Mar/2024:10:56:46 +0800] "GET /xingrg/all/function/internal_message.html?_=1709607406303&CODE_STATE=getMsg HTTP/1.1" 200 27
116.230.116.59 - - [05/Mar/2024:10:56:46 +0800] "GET /xingrg/all/function/internal_message.html?_=1709607412697&CODE_STATE=getMsg HTTP/1.1" 200 27
58.40.7.146 - - [05/Mar/2024:10:56:49 +0800] "GET /xingrg/check_reg.html?_=1709607409676 HTTP/1.1" 200 22
222.69.134.177 - - [05/Mar/2024:10:56:51 +0800] "GET /xingrg/check_reg.html?_=1709607413233 HTTP/1.1" 200 22
116.224.254.208 - - [05/Mar/2024:10:56:52 +0800] "GET /xingrg/all/function/internal_message.html?_=1709607412243&CODE_STATE=getMsg HTTP/1.1" 200 27
116.224.254.208 - - [05/Mar/2024:10:56:53 +0800] "GET /xingrg/check_reg.html?_=1709607413671 HTTP/1.1" 200 22
116.237.73.188 - - [05/Mar/2024:10:56:55 +0800] "GET /xingrg/all/function/internal_message.html?_=1709607416825&CODE_STATE=getMsg HTTP/1.1" 200 27
101.83.145.37 - - [05/Mar/2024:10:56:58 +0800] "GET /xingrg/all/function/internal_message.html?_=1709607182397&CODE_STATE=getMsg HTTP/1.1" 200 27
124.78.57.58 - - [05/Mar/2024:10:57:00 +0800] "GET /xingrg/all/function/internal_message.html?_=1709607420155&CODE_STATE=getMsg HTTP/1.1" 200 27
180.169.147.146 - - [05/Mar/2024:10:57:00 +0800] "POST /xingrg/dwr/call/plaincall/AjaxCheckService.setItemNumber.dwr HTTP/1.1" 200 76
124.79.241.4 - - [05/Mar/2024:10:57:01 +0800] "GET /xingrg/all/function/internal_message.html?_=1709607417854&CODE_STATE=getMsg HTTP/1.1" 200 27
180.169.147.146 - - [05/Mar/2024:10:57:01 +0800] "POST /xingrg/dwr/call/plaincall/AjaxCheckService.setItemNumber.dwr HTTP/1.1" 200 76
180.169.147.146 - - [05/Mar/2024:10:57:02 +0800] "POST /xingrg/dwr/call/plaincall/AjaxCheckService.setItemNumber.dwr HTTP/1.1" 200 76
116.232.194.112 - - [05/Mar/2024:10:57:02 +0800] "POST /xingrg/services/DataTransmitService HTTP/1.1" 200 524
180.169.147.146 - - [05/Mar/2024:10:57:03 +0800] "POST /xingrg/dwr/call/plaincall/AjaxCheckService.setItemNumber.dwr HTTP/1.1" 200 76
116.232.194.112 - - [05/Mar/2024:10:57:03 +0800] "POST /xingrg/services/DataTransmitService HTTP/1.1" 200 412
116.232.194.112 - - [05/Mar/2024:10:57:04 +0800] "GET /xingrg/all/function/internal_message.html?_=1709607407688&CODE_STATE=getMsg HTTP/1.1" 200 27
180.169.147.146 - - [05/Mar/2024:10:57:04 +0800] "POST /xingrg/dwr/call/plaincall/AjaxCheckService.setItemNumber.dwr HTTP/1.1" 200 76
180.169.147.146 - - [05/Mar/2024:10:57:04 +0800] "GET /xingrg/check_reg.html?_=1709607424800 HTTP/1.1" 200 22
180.169.147.146 - - [05/Mar/2024:10:57:04 +0800] "GET /xingrg/all/function/internal_message.html?_=1709607424803&CODE_STATE=getMsg HTTP/1.1" 200 27
101.83.145.37 - - [05/Mar/2024:10:57:05 +0800] "GET /xingrg/all/function/internal_message.html?_=1709607427135&CODE_STATE=getMsg HTTP/1.1" 200 27
180.169.147.146 - - [05/Mar/2024:10:57:06 +0800] "POST /xingrg/dwr/call/plaincall/AjaxCheckService.setItemNumber.dwr HTTP/1.1" 200 76
180.169.147.146 - - [05/Mar/2024:10:57:06 +0800] "POST /xingrg/dwr/call/plaincall/AjaxCheckService.setItemNumber.dwr HTTP/1.1" 200 76
180.169.147.146 - - [05/Mar/2024:10:57:07 +0800] "POST /xingrg/dwr/call/plaincall/AjaxCheckService.setItemNumber.dwr HTTP/1.1" 200 76
101.83.145.37 - - [05/Mar/2024:10:57:07 +0800] "GET /xingrg/check_reg.html?_=1709607428823 HTTP/1.1" 200 22
180.169.147.146 - - [05/Mar/2024:10:57:07 +0800] "POST /xingrg/dwr/call/plaincall/AjaxCheckService.setItemNumber.dwr HTTP/1.1" 200 76
120.253.135.82 - - [05/Mar/2024:10:57:08 +0800] "GET /xingrg/all/function/internal_message.html?_=1709607264950&CODE_STATE=getMsg HTTP/1.1" 200 27
116.237.73.188 - - [05/Mar/2024:10:57:09 +0800] "GET /xingrg/kc/buy/cgsh_order_operate.html?command=get_materiel&rest_code=00106&code=00101007090&supplier_code=00100096&order_time=2024-03-05 HTTP/1.1" 200 413
101.83.241.137 - - [05/Mar/2024:10:57:10 +0800] "GET /xingrg/all/function/internal_message.html?_=1709607430026&CODE_STATE=getMsg HTTP/1.1" 200 27
180.169.147.146 - - [05/Mar/2024:10:57:13 +0800] "POST /xingrg/dwr/call/plaincall/AjaxCheckService.setItemNumber.dwr HTTP/1.1" 200 77
180.169.147.146 - - [05/Mar/2024:10:57:16 +0800] "POST /xingrg/dwr/call/plaincall/AjaxCheckService.setItemNumber.dwr HTTP/1.1" 200 77
116.230.116.59 - - [05/Mar/2024:10:57:16 +0800] "GET /xingrg/check_reg.html?_=1709607442326 HTTP/1.1" 200 22
180.169.147.146 - - [05/Mar/2024:10:57:16 +0800] "POST /xingrg/dwr/call/plaincall/AjaxCheckService.setItemNumber.dwr HTTP/1.1" 200 77
180.169.147.146 - - [05/Mar/2024:10:57:17 +0800] "POST /xingrg/dwr/call/plaincall/AjaxCheckService.setItemNumber.dwr HTTP/1.1" 200 77
116.230.123.13 - - [05/Mar/2024:10:57:19 +0800] "GET /xingrg/all/function/internal_message.html?_=1709607439413&CODE_STATE=getMsg HTTP/1.1" 200 27
180.169.147.146 - - [05/Mar/2024:10:57:20 +0800] "POST /xingrg/dwr/call/plaincall/AjaxCheckService.setItemNumber.dwr HTTP/1.1" 200 77
180.169.147.146 - - [05/Mar/2024:10:57:21 +0800] "POST /xingrg/dwr/call/plaincall/AjaxCheckService.setItemNumber.dwr HTTP/1.1" 200 77
116.224.254.208 - - [05/Mar/2024:10:57:21 +0800] "GET /xingrg/all/function/internal_message.html?_=1709607442021&CODE_STATE=getMsg HTTP/1.1" 200 27
180.169.147.146 - - [05/Mar/2024:10:57:22 +0800] "POST /xingrg/dwr/call/plaincall/AjaxCheckService.setItemNumber.dwr HTTP/1.1" 200 77
180.169.147.146 - - [05/Mar/2024:10:57:23 +0800] "POST /xingrg/dwr/call/plaincall/AjaxCheckService.setItemNumber.dwr HTTP/1.1" 200 77
180.169.147.146 - - [05/Mar/2024:10:57:25 +0800] "POST /xingrg/dwr/call/plaincall/AjaxCheckService.setItemNumber.dwr HTTP/1.1" 200 77
180.169.147.146 - - [05/Mar/2024:10:57:26 +0800] "POST /xingrg/dwr/call/plaincall/AjaxCheckService.setItemNumber.dwr HTTP/1.1" 200 77
101.228.147.14 - - [05/Mar/2024:10:57:27 +0800] "GET /xingrg/all/function/internal_message.html?_=1709607447071&CODE_STATE=getMsg HTTP/1.1" 200 27
180.169.147.146 - - [05/Mar/2024:10:57:27 +0800] "POST /xingrg/dwr/call/plaincall/AjaxCheckService.setItemNumber.dwr HTTP/1.1" 200 77
180.169.147.146 - - [05/Mar/2024:10:57:27 +0800] "POST /xingrg/dwr/call/plaincall/AjaxCheckService.setItemNumber.dwr HTTP/1.1" 200 77
180.169.147.146 - - [05/Mar/2024:10:57:28 +0800] "POST /xingrg/dwr/call/plaincall/AjaxCheckService.setItemNumber.dwr HTTP/1.1" 200 77
124.79.241.4 - - [05/Mar/2024:10:57:28 +0800] "GET /xingrg/all/function/internal_message.html?_=1709607463491&CODE_STATE=getMsg HTTP/1.1" 200 27
116.238.97.31 - - [05/Mar/2024:10:57:30 +0800] "GET /xingrg/check_reg.html?_=1709607451049 HTTP/1.1" 200 22
222.70.115.1 - - [05/Mar/2024:10:57:31 +0800] "GET /xingrg/all/function/internal_message.html?_=1709607453701&CODE_STATE=getMsg HTTP/1.1" 200 27
180.169.147.146 - - [05/Mar/2024:10:57:32 +0800] "GET /xingrg/all/function/internal_message.html?_=1709607450310&CODE_STATE=getMsg HTTP/1.1" 200 27
58.40.7.146 - - [05/Mar/2024:10:57:34 +0800] "GET /xingrg/all/function/internal_message.html?_=1709607459355&CODE_STATE=getMsg HTTP/1.1" 200 27
58.40.7.146 - - [05/Mar/2024:10:57:35 +0800] "GET /xingrg/all/function/internal_message.html?_=1709607455818&CODE_STATE=getMsg HTTP/1.1" 200 27
180.169.147.146 - - [05/Mar/2024:10:57:35 +0800] "POST /xingrg/dwr/call/plaincall/AjaxCheckService.setItemNumber.dwr HTTP/1.1" 200 77
180.164.1.25 - - [05/Mar/2024:10:57:37 +0800] "GET /xingrg/all/function/internal_message.html?_=1709607457645&CODE_STATE=getMsg HTTP/1.1" 200 27
124.78.57.58 - - [05/Mar/2024:10:57:41 +0800] "GET /xingrg/all/function/internal_message.html?_=1709607461931&CODE_STATE=getMsg HTTP/1.1" 200 27
180.169.147.146 - - [05/Mar/2024:10:57:44 +0800] "GET /xingrg/all/function/internal_message.html?_=1709607464487&CODE_STATE=getMsg HTTP/1.1" 200 27
120.253.135.82 - - [05/Mar/2024:10:57:45 +0800] "GET /xingrg/all/function/internal_message.html?_=1709607635746&CODE_STATE=getMsg HTTP/1.1" 200 27
114.89.91.180 - - [05/Mar/2024:10:57:46 +0800] "GET /xingrg/all/function/internal_message.html?_=1709607465797&CODE_STATE=getMsg HTTP/1.1" 200 27
180.169.147.146 - - [05/Mar/2024:10:57:46 +0800] "GET /xingrg/all/function/internal_message.html?_=1709607466303&CODE_STATE=getMsg HTTP/1.1" 200 27
116.230.116.59 - - [05/Mar/2024:10:57:46 +0800] "GET /xingrg/all/function/internal_message.html?_=1709607472711&CODE_STATE=getMsg HTTP/1.1" 200 27
116.237.73.188 - - [05/Mar/2024:10:57:50 +0800] "GET /xingrg/kc/buy/cgsh_order_operate.html?command=get_materiel&rest_code=00106&code=00101007072&supplier_code=00100096&order_time=2024-03-05 HTTP/1.1" 200 419
116.224.254.208 - - [05/Mar/2024:10:57:52 +0800] "GET /xingrg/all/function/internal_message.html?_=1709607472224&CODE_STATE=getMsg HTTP/1.1" 200 27
124.79.241.4 - - [05/Mar/2024:10:57:54 +0800] "GET /xingrg/check_reg.html?_=1709607470168 HTTP/1.1" 200 22
116.237.73.188 - - [05/Mar/2024:10:57:55 +0800] "GET /xingrg/check_reg.html?_=1709607476845 HTTP/1.1" 200 22
116.237.73.188 - - [05/Mar/2024:10:57:55 +0800] "GET /xingrg/all/function/internal_message.html?_=1709607476846&CODE_STATE=getMsg HTTP/1.1" 200 27
101.83.145.37 - - [05/Mar/2024:10:57:55 +0800] "GET /xingrg/kc/buy/cgsh_order_operate.html?command=get_materiel&rest_code=00105&code=00101008132&supplier_code=00100008&order_time=2024-03-05 HTTP/1.1" 200 408
180.169.147.146 - - [05/Mar/2024:10:57:56 +0800] "POST /xingrg/dwr/call/plaincall/AjaxCheckService.setItemNumber.dwr HTTP/1.1" 200 77
180.169.147.146 - - [05/Mar/2024:10:57:58 +0800] "POST /xingrg/dwr/call/plaincall/AjaxCheckService.setItemNumber.dwr HTTP/1.1" 200 77
101.83.145.37 - - [05/Mar/2024:10:57:58 +0800] "GET /xingrg/all/function/internal_message.html?_=1709607242391&CODE_STATE=getMsg HTTP/1.1" 200 27
124.78.57.58 - - [05/Mar/2024:10:58:00 +0800] "GET /xingrg/all/function/internal_message.html?_=1709607480154&CODE_STATE=getMsg HTTP/1.1" 200 27
180.169.147.146 - - [05/Mar/2024:10:58:00 +0800] "POST /xingrg/dwr/call/plaincall/AjaxCheckService.setItemNumber.dwr HTTP/1.1" 200 77
124.79.241.4 - - [05/Mar/2024:10:58:01 +0800] "GET /xingrg/all/function/internal_message.html?_=1709607477835&CODE_STATE=getMsg HTTP/1.1" 200 27
180.169.147.146 - - [05/Mar/2024:10:58:02 +0800] "POST /xingrg/dwr/call/plaincall/AjaxCheckService.setItemNumber.dwr HTTP/1.1" 200 77
180.169.147.146 - - [05/Mar/2024:10:58:02 +0800] "POST /xingrg/dwr/call/plaincall/AjaxCheckService.setItemNumber.dwr HTTP/1.1" 200 77
180.169.147.146 - - [05/Mar/2024:10:58:03 +0800] "POST /xingrg/dwr/call/plaincall/AjaxCheckService.setItemNumber.dwr HTTP/1.1" 200 77
116.232.194.112 - - [05/Mar/2024:10:58:04 +0800] "GET /xingrg/all/function/internal_message.html?_=1709607467670&CODE_STATE=getMsg HTTP/1.1" 200 27
180.169.147.146 - - [05/Mar/2024:10:58:04 +0800] "GET /xingrg/all/function/internal_message.html?_=1709607484799&CODE_STATE=getMsg HTTP/1.1" 200 27
180.169.147.146 - - [05/Mar/2024:10:58:05 +0800] "POST /xingrg/dwr/call/plaincall/AjaxCheckService.setItemNumber.dwr HTTP/1.1" 200 77
101.83.145.37 - - [05/Mar/2024:10:58:05 +0800] "GET /xingrg/all/function/internal_message.html?_=1709607487117&CODE_STATE=getMsg HTTP/1.1" 200 27
180.169.147.146 - - [05/Mar/2024:10:58:06 +0800] "POST /xingrg/dwr/call/plaincall/AjaxCheckService.setItemNumber.dwr HTTP/1.1" 200 77
180.169.147.146 - - [05/Mar/2024:10:58:06 +0800] "POST /xingrg/dwr/call/plaincall/AjaxCheckService.setItemNumber.dwr HTTP/1.1" 200 77
180.169.147.146 - - [05/Mar/2024:10:58:07 +0800] "POST /xingrg/dwr/call/plaincall/AjaxCheckService.setItemNumber.dwr HTTP/1.1" 200 77
120.253.135.82 - - [05/Mar/2024:10:58:08 +0800] "GET /xingrg/all/function/internal_message.html?_=1709607324966&CODE_STATE=getMsg HTTP/1.1" 200 27
101.83.241.137 - - [05/Mar/2024:10:58:10 +0800] "GET /xingrg/all/function/internal_message.html?_=1709607490011&CODE_STATE=getMsg HTTP/1.1" 200 27
180.169.147.146 - - [05/Mar/2024:10:58:10 +0800] "POST /xingrg/dwr/call/plaincall/AjaxCheckService.setItemNumber.dwr HTTP/1.1" 200 77
180.169.147.146 - - [05/Mar/2024:10:58:11 +0800] "POST /xingrg/dwr/call/plaincall/AjaxCheckService.setItemNumber.dwr HTTP/1.1" 200 77
180.169.147.146 - - [05/Mar/2024:10:58:12 +0800] "POST /xingrg/dwr/call/plaincall/AjaxCheckService.setItemNumber.dwr HTTP/1.1" 200 77
180.169.147.146 - - [05/Mar/2024:10:58:17 +0800] "POST /xingrg/dwr/call/plaincall/AjaxCheckService.setItemNumber.dwr HTTP/1.1" 200 77
116.230.123.13 - - [05/Mar/2024:10:58:19 +0800] "GET /xingrg/all/function/internal_message.html?_=1709607499384&CODE_STATE=getMsg HTTP/1.1" 200 27
180.169.147.146 - - [05/Mar/2024:10:58:20 +0800] "POST /xingrg/dwr/call/plaincall/AjaxCheckService.setItemNumber.dwr HTTP/1.1" 200 77
116.224.254.208 - - [05/Mar/2024:10:58:21 +0800] "GET /xingrg/all/function/internal_message.html?_=1709607502030&CODE_STATE=getMsg HTTP/1.1" 200 27
180.169.147.146 - - [05/Mar/2024:10:58:22 +0800] "POST /xingrg/dwr/call/plaincall/AjaxCheckService.setItemNumber.dwr HTTP/1.1" 200 77
180.169.147.146 - - [05/Mar/2024:10:58:23 +0800] "POST /xingrg/dwr/call/plaincall/AjaxCheckService.setItemNumber.dwr HTTP/1.1" 200 77
180.169.147.146 - - [05/Mar/2024:10:58:23 +0800] "POST /xingrg/dwr/call/plaincall/AjaxCheckService.setItemNumber.dwr HTTP/1.1" 200 77
101.83.145.37 - - [05/Mar/2024:10:58:23 +0800] "POST /xingrg/kc/buy/cgsh_order_operate.html HTTP/1.1" 200 37
180.169.147.146 - - [05/Mar/2024:10:58:25 +0800] "POST /xingrg/dwr/call/plaincall/AjaxCheckService.setItemNumber.dwr HTTP/1.1" 200 77
116.237.73.188 - - [05/Mar/2024:10:58:25 +0800] "GET /xingrg/kc/buy/cgsh_order_operate.html?command=get_materiel&rest_code=00106&code=00101007128&supplier_code=00100096&order_time=2024-03-05 HTTP/1.1" 200 406
101.83.145.37 - - [05/Mar/2024:10:58:26 +0800] "POST /xingrg/kc/buy/cgsh_order_operate.html HTTP/1.1" 200 10337
101.228.147.14 - - [05/Mar/2024:10:58:27 +0800] "GET /xingrg/all/function/internal_message.html?_=1709607507069&CODE_STATE=getMsg HTTP/1.1" 200 27
180.169.147.146 - - [05/Mar/2024:10:58:27 +0800] "POST /xingrg/dwr/call/plaincall/AjaxCheckService.setItemNumber.dwr HTTP/1.1" 200 77
180.169.147.146 - - [05/Mar/2024:10:58:28 +0800] "POST /xingrg/dwr/call/plaincall/AjaxCheckService.setItemNumber.dwr HTTP/1.1" 200 77
180.169.147.146 - - [05/Mar/2024:10:58:28 +0800] "POST /xingrg/dwr/call/plaincall/AjaxCheckService.setItemNumber.dwr HTTP/1.1" 200 77
124.79.241.4 - - [05/Mar/2024:10:58:28 +0800] "GET /xingrg/all/function/internal_message.html?_=1709607523490&CODE_STATE=getMsg HTTP/1.1" 200 27
180.169.147.146 - - [05/Mar/2024:10:58:29 +0800] "POST /xingrg/dwr/call/plaincall/AjaxCheckService.setItemNumber.dwr HTTP/1.1" 200 77
180.169.147.146 - - [05/Mar/2024:10:58:29 +0800] "POST /xingrg/dwr/call/plaincall/AjaxCheckService.setItemNumber.dwr HTTP/1.1" 200 77
180.169.147.146 - - [05/Mar/2024:10:58:30 +0800] "POST /xingrg/dwr/call/plaincall/AjaxCheckService.setItemNumber.dwr HTTP/1.1" 200 77
222.70.115.1 - - [05/Mar/2024:10:58:31 +0800] "GET /xingrg/all/function/internal_message.html?_=1709607513704&CODE_STATE=getMsg HTTP/1.1" 200 27
180.169.147.146 - - [05/Mar/2024:10:58:32 +0800] "GET /xingrg/all/function/internal_message.html?_=1709607510309&CODE_STATE=getMsg HTTP/1.1" 200 27
180.169.147.146 - - [05/Mar/2024:10:58:32 +0800] "GET /xingrg/check_reg.html?_=1709607510310 HTTP/1.1" 200 22
180.169.147.146 - - [05/Mar/2024:10:58:33 +0800] "POST /xingrg/dwr/call/plaincall/AjaxCheckService.setItemNumber.dwr HTTP/1.1" 200 77
180.169.147.146 - - [05/Mar/2024:10:58:33 +0800] "POST /xingrg/dwr/call/plaincall/AjaxCheckService.setItemNumber.dwr HTTP/1.1" 200 77
58.40.7.146 - - [05/Mar/2024:10:58:34 +0800] "GET /xingrg/all/function/internal_message.html?_=1709607519371&CODE_STATE=getMsg HTTP/1.1" 200 27
180.169.147.146 - - [05/Mar/2024:10:58:34 +0800] "POST /xingrg/dwr/call/plaincall/AjaxCheckService.setItemNumber.dwr HTTP/1.1" 200 77
180.169.147.146 - - [05/Mar/2024:10:58:35 +0800] "POST /xingrg/dwr/call/plaincall/AjaxCheckService.setItemNumber.dwr HTTP/1.1" 200 77
58.40.7.146 - - [05/Mar/2024:10:58:35 +0800] "GET /xingrg/all/function/internal_message.html?_=1709607515804&CODE_STATE=getMsg HTTP/1.1" 200 27
180.169.147.146 - - [05/Mar/2024:10:58:36 +0800] "POST /xingrg/dwr/call/plaincall/AjaxCheckService.setItemNumber.dwr HTTP/1.1" 200 77
180.169.147.146 - - [05/Mar/2024:10:58:37 +0800] "POST /xingrg/dwr/call/plaincall/AjaxCheckService.setItemNumber.dwr HTTP/1.1" 200 77
180.164.1.25 - - [05/Mar/2024:10:58:37 +0800] "GET /xingrg/all/function/internal_message.html?_=1709607517632&CODE_STATE=getMsg HTTP/1.1" 200 27
180.169.147.146 - - [05/Mar/2024:10:58:37 +0800] "POST /xingrg/dwr/call/plaincall/AjaxCheckService.setItemNumber.dwr HTTP/1.1" 200 77
180.169.147.146 - - [05/Mar/2024:10:58:38 +0800] "POST /xingrg/dwr/call/plaincall/AjaxCheckService.setItemNumber.dwr HTTP/1.1" 200 77
180.169.147.146 - - [05/Mar/2024:10:58:39 +0800] "POST /xingrg/dwr/call/plaincall/AjaxCheckService.setItemNumber.dwr HTTP/1.1" 200 77
180.169.147.146 - - [05/Mar/2024:10:58:39 +0800] "POST /xingrg/dwr/call/plaincall/AjaxCheckService.setItemNumber.dwr HTTP/1.1" 200 77
180.169.147.146 - - [05/Mar/2024:10:58:40 +0800] "POST /xingrg/dwr/call/plaincall/AjaxCheckService.setItemNumber.dwr HTTP/1.1" 200 77
180.169.147.146 - - [05/Mar/2024:10:58:41 +0800] "POST /xingrg/dwr/call/plaincall/AjaxCheckService.setItemNumber.dwr HTTP/1.1" 200 77
180.169.147.146 - - [05/Mar/2024:10:58:41 +0800] "POST /xingrg/dwr/call/plaincall/AjaxCheckService.setItemNumber.dwr HTTP/1.1" 200 77
124.78.57.58 - - [05/Mar/2024:10:58:41 +0800] "GET /xingrg/all/function/internal_message.html?_=1709607521935&CODE_STATE=getMsg HTTP/1.1" 200 27
180.169.147.146 - - [05/Mar/2024:10:58:42 +0800] "POST /xingrg/dwr/call/plaincall/AjaxCheckService.setItemNumber.dwr HTTP/1.1" 200 77
180.169.147.146 - - [05/Mar/2024:10:58:43 +0800] "POST /xingrg/dwr/call/plaincall/AjaxCheckService.setItemNumber.dwr HTTP/1.1" 200 77
180.169.147.146 - - [05/Mar/2024:10:58:44 +0800] "POST /xingrg/dwr/call/plaincall/AjaxCheckService.setItemNumber.dwr HTTP/1.1" 200 77
180.169.147.146 - - [05/Mar/2024:10:58:44 +0800] "GET /xingrg/all/function/internal_message.html?_=1709607524489&CODE_STATE=getMsg HTTP/1.1" 200 27
180.169.147.146 - - [05/Mar/2024:10:58:44 +0800] "POST /xingrg/dwr/call/plaincall/AjaxCheckService.setItemNumber.dwr HTTP/1.1" 200 77
120.253.135.82 - - [05/Mar/2024:10:58:45 +0800] "GET /xingrg/all/function/internal_message.html?_=1709607695745&CODE_STATE=getMsg HTTP/1.1" 200 27
114.89.91.180 - - [05/Mar/2024:10:58:46 +0800] "GET /xingrg/all/function/internal_message.html?_=1709607525781&CODE_STATE=getMsg HTTP/1.1" 200 27
180.169.147.146 - - [05/Mar/2024:10:58:46 +0800] "GET /xingrg/all/function/internal_message.html?_=1709607526305&CODE_STATE=getMsg HTTP/1.1" 200 27
116.230.116.59 - - [05/Mar/2024:10:58:46 +0800] "GET /xingrg/all/function/internal_message.html?_=1709607532724&CODE_STATE=getMsg HTTP/1.1" 200 27
180.169.147.146 - - [05/Mar/2024:10:58:48 +0800] "GET /xingrg/kc/base/crk_hz.html?_=1709607528016&command=get_cost_id&end_date=2024-02-29&start_date=2024-02-01 HTTP/1.1" 200 51
180.169.147.146 - - [05/Mar/2024:10:58:48 +0800] "GET /xingrg/all/report/report_query.html?isQuery=1&onlyBody=1&rh=99999&rw=1800&varString=start:20240201,cost_id:4865,mid:20240201&fileName=kc/base/crk_hz_type_by_base.xml&queryString=%20a.base_code%20in%20('0010513','0010824')%20%20and%20m.sort_code%20in%20('00101001','00101002','00101003','00101004','00101005','00101006','00101007','00101008','00101009','00101010','00101011','00101012','00101013','00101014','00101015','00101016','00101017','00101018','00101019','00101020','00101021','00101022','00101023','00101024','00101025','00101026','00101027','00101028','00101029','00101030','00101031','00101032','00101033','00101034','00101036','00101037','00101038','00101039','00101040','00101041','00101042','00101043','00101044','00101045')%20&queryText=ÈÕÆÚ£º2024-02-01ÖÁ2024-02-29%20²Ö¿â£ºÔÁ²Ë,ÉÏʲ&tableQueryString=materiel_table$sp1$$sp$before_table$sp1$$sp$crk_table$sp1$order_day%20between%2020240201%20and%2020240229 HTTP/1.1" 200 49920
180.169.147.146 - - [05/Mar/2024:10:58:48 +0800] "GET /xingrg/dwr/interface/AjaxReportQueryService.js HTTP/1.1" 200 13203
180.169.147.146 - - [05/Mar/2024:10:58:48 +0800] "GET /xingrg/dwr/engine.js HTTP/1.1" 200 43631
124.79.241.4 - - [05/Mar/2024:10:58:50 +0800] "POST /xingrg/services/DataTransmitService HTTP/1.1" 200 524
180.169.147.146 - - [05/Mar/2024:10:58:52 +0800] "POST /xingrg/all/report/load_report_page.html HTTP/1.1" 200 118725
180.169.147.146 - - [05/Mar/2024:10:58:52 +0800] "GET /xingrg/servlets/image?cache=0.2789281716214689&image=px HTTP/1.1" 200 807
116.224.254.208 - - [05/Mar/2024:10:58:52 +0800] "GET /xingrg/all/function/internal_message.html?_=1709607532196&CODE_STATE=getMsg HTTP/1.1" 200 27
116.237.73.188 - - [05/Mar/2024:10:58:55 +0800] "GET /xingrg/all/function/internal_message.html?_=1709607536856&CODE_STATE=getMsg HTTP/1.1" 200 27
101.83.145.37 - - [05/Mar/2024:10:58:58 +0800] "GET /xingrg/all/function/internal_message.html?_=1709607302419&CODE_STATE=getMsg HTTP/1.1" 200 27
101.83.145.37 - - [05/Mar/2024:10:58:58 +0800] "GET /xingrg/check_reg.html?_=1709607302423 HTTP/1.1" 200 22
124.78.57.58 - - [05/Mar/2024:10:59:00 +0800] "GET /xingrg/all/function/internal_message.html?_=1709607540152&CODE_STATE=getMsg HTTP/1.1" 200 27
124.79.241.4 - - [05/Mar/2024:10:59:01 +0800] "GET /xingrg/all/function/internal_message.html?_=1709607537813&CODE_STATE=getMsg HTTP/1.1" 200 27
180.169.147.146 - - [05/Mar/2024:10:59:02 +0800] "GET /xingrg/kc/base/check_order_list.html?isBack=1 HTTP/1.1" 200 16176
180.169.147.146 - - [05/Mar/2024:10:59:03 +0800] "POST /xingrg/kc/base/check_list_operate.html HTTP/1.1" 200 3930
116.232.194.112 - - [05/Mar/2024:10:59:04 +0800] "GET /xingrg/all/function/internal_message.html?_=1709607527650&CODE_STATE=getMsg HTTP/1.1" 200 27
180.169.147.146 - - [05/Mar/2024:10:59:04 +0800] "GET /xingrg/all/function/internal_message.html?_=1709607544797&CODE_STATE=getMsg HTTP/1.1" 200 27
116.232.194.112 - - [05/Mar/2024:10:59:05 +0800] "GET /xingrg/check_reg.html?_=1709607528444 HTTP/1.1" 200 22
101.83.145.37 - - [05/Mar/2024:10:59:05 +0800] "GET /xingrg/all/function/internal_message.html?_=1709607547096&CODE_STATE=getMsg HTTP/1.1" 200 27
120.253.135.82 - - [05/Mar/2024:10:59:08 +0800] "GET /xingrg/all/function/internal_message.html?_=1709607385120&CODE_STATE=getMsg HTTP/1.1" 200 27
101.83.241.137 - - [05/Mar/2024:10:59:10 +0800] "GET /xingrg/all/function/internal_message.html?_=1709607549985&CODE_STATE=getMsg HTTP/1.1" 200 27
116.230.123.13 - - [05/Mar/2024:10:59:19 +0800] "GET /xingrg/all/function/internal_message.html?_=1709607559359&CODE_STATE=getMsg HTTP/1.1" 200 27
116.224.254.208 - - [05/Mar/2024:10:59:21 +0800] "GET /xingrg/check_reg.html?_=1709607562025 HTTP/1.1" 200 22
116.224.254.208 - - [05/Mar/2024:10:59:21 +0800] "GET /xingrg/all/function/internal_message.html?_=1709607562026&CODE_STATE=getMsg HTTP/1.1" 200 27
101.228.147.14 - - [05/Mar/2024:10:59:27 +0800] "GET /xingrg/all/function/internal_message.html?_=1709607567068&CODE_STATE=getMsg HTTP/1.1" 200 27
124.79.241.4 - - [05/Mar/2024:10:59:29 +0800] "GET /xingrg/all/function/internal_message.html?_=1709607583504&CODE_STATE=getMsg HTTP/1.1" 200 27
180.169.147.146 - - [05/Mar/2024:10:59:29 +0800] "GET /xingrg/kc/base/check_order_add.html HTTP/1.1" 200 26402
180.169.147.146 - - [05/Mar/2024:10:59:29 +0800] "GET /xingrg/dwr/interface/AjaxComOrderService.js HTTP/1.1" 200 18264
180.169.147.146 - - [05/Mar/2024:10:59:29 +0800] "GET /xingrg/dwr/interface/AjaxCheckService.js HTTP/1.1" 200 14003
180.169.147.146 - - [05/Mar/2024:10:59:29 +0800] "GET /xingrg/dwr/engine.js HTTP/1.1" 200 43631
222.70.115.1 - - [05/Mar/2024:10:59:31 +0800] "GET /xingrg/all/function/internal_message.html?_=1709607573707&CODE_STATE=getMsg HTTP/1.1" 200 27
180.169.147.146 - - [05/Mar/2024:10:59:32 +0800] "GET /xingrg/all/function/internal_message.html?_=1709607570307&CODE_STATE=getMsg HTTP/1.1" 200 27
58.40.7.146 - - [05/Mar/2024:10:59:34 +0800] "GET /xingrg/all/function/internal_message.html?_=1709607579366&CODE_STATE=getMsg HTTP/1.1" 200 27
58.40.7.146 - - [05/Mar/2024:10:59:35 +0800] "GET /xingrg/all/function/internal_message.html?_=1709607575776&CODE_STATE=getMsg HTTP/1.1" 200 27
