180.169.147.146 - - [05/Mar/2024:09:09:44 +0800] "GET /xingrg/all/function/internal_message.html?_=1709600984774&CODE_STATE=getMsg HTTP/1.1" 200 27
124.78.57.58 - - [05/Mar/2024:09:09:47 +0800] "GET /xingrg/all/function/internal_message.html?_=1709600987057&CODE_STATE=getMsg HTTP/1.1" 200 27
222.69.134.177 - - [05/Mar/2024:09:09:48 +0800] "GET /xingrg/kc/base/wldb_order_operate.html?command=get_materiel&rest_code=00154&base_code=0010724&code=00101019738 HTTP/1.1" 200 469
116.224.254.208 - - [05/Mar/2024:09:09:52 +0800] "GET /xingrg/all/function/internal_message.html?_=1709600991980&CODE_STATE=getMsg HTTP/1.1" 200 27
222.69.134.177 - - [05/Mar/2024:09:09:56 +0800] "GET /xingrg/kc/base/wldb_order_operate.html?command=get_materiel&rest_code=00154&base_code=0010724&code=00101040002 HTTP/1.1" 200 461
180.169.147.146 - - [05/Mar/2024:09:09:58 +0800] "POST /xingrg/kc/buy/cgsh_list_operate.html HTTP/1.1" 200 6164
116.230.123.13 - - [05/Mar/2024:09:09:59 +0800] "GET /xingrg/login.html HTTP/1.1" 200 7641
222.69.134.177 - - [05/Mar/2024:09:10:00 +0800] "POST /xingrg/all/common/load_select.html HTTP/1.1" 200 25
116.230.123.13 - - [05/Mar/2024:09:10:00 +0800] "GET /favicon.ico HTTP/1.1" 404 -
222.69.134.177 - - [05/Mar/2024:09:10:03 +0800] "GET /xingrg/kc/base/wldb_order_operate.html?command=get_materiel_price&rest_code=00154&base_code=0010724&code=00101040002&unit_code=00100619 HTTP/1.1" 200 37
116.230.123.13 - - [05/Mar/2024:09:10:06 +0800] "POST /xingrg/login.do HTTP/1.1" 302 -
116.230.123.13 - - [05/Mar/2024:09:10:06 +0800] "GET /xingrg/index.html?sysBaseUrl=http%3A%2F%2F180.169.147.146%3A18081%2Fxingrg%2F&costTime=1310×tamp=1709601006648 HTTP/1.1" 200 17173
101.83.145.37 - - [05/Mar/2024:09:10:07 +0800] "GET /xingrg/all/function/internal_message.html?_=1709601008671&CODE_STATE=getMsg HTTP/1.1" 200 27
116.230.123.13 - - [05/Mar/2024:09:10:07 +0800] "POST /xingrg/all/common/load_tree.html?tree=area_rest_tree_json&manage=1 HTTP/1.1" 200 342
116.230.123.13 - - [05/Mar/2024:09:10:08 +0800] "GET /xingrg/all/function/internal_message.html?_=1709601008210&CODE_STATE=count HTTP/1.1" 200 11
116.230.123.13 - - [05/Mar/2024:09:10:08 +0800] "GET /xingrg/check_reg.html?_=1709601008211 HTTP/1.1" 200 22
116.230.123.13 - - [05/Mar/2024:09:10:08 +0800] "GET /favicon.ico HTTP/1.1" 404 -
116.230.123.13 - - [05/Mar/2024:09:10:08 +0800] "POST /xingrg/load_menu.html HTTP/1.1" 200 5138
222.69.134.177 - - [05/Mar/2024:09:10:08 +0800] "GET /xingrg/kc/base/wldb_order_operate.html?command=get_materiel&rest_code=00154&base_code=0010724&code=00101019164 HTTP/1.1" 200 466
116.224.254.208 - - [05/Mar/2024:09:10:08 +0800] "GET /xingrg/all/function/internal_message.html?_=1709601008829&CODE_STATE=getMsg HTTP/1.1" 200 27
116.230.123.13 - - [05/Mar/2024:09:10:11 +0800] "GET /xingrg/kc/buy/cgsh_order_list.html HTTP/1.1" 200 57880
116.230.123.13 - - [05/Mar/2024:09:10:14 +0800] "POST /xingrg/kc/buy/cgsh_list_operate.html HTTP/1.1" 200 986
222.69.134.177 - - [05/Mar/2024:09:10:17 +0800] "GET /xingrg/kc/base/wldb_order_operate.html?command=get_materiel&rest_code=00154&base_code=0010724&code=00101022027 HTTP/1.1" 200 433
172.20.0.100 - - [05/Mar/2024:09:10:18 +0800] "GET /xingrg/all/function/internal_message.html?_=1709601018238&CODE_STATE=getMsg HTTP/1.1" 200 27
116.230.123.13 - - [05/Mar/2024:09:10:19 +0800] "GET /xingrg/kc/buy/cgsh_order_add.html HTTP/1.1" 200 73611
116.230.123.13 - - [05/Mar/2024:09:10:19 +0800] "GET /xingrg/words/20240304184635_words.js HTTP/1.1" 200 1014517
116.230.123.13 - - [05/Mar/2024:09:10:20 +0800] "POST /xingrg/kc/buy/cgsh_order_operate.html HTTP/1.1" 200 8245
116.230.123.13 - - [05/Mar/2024:09:10:20 +0800] "GET /xingrg/javascript/easyui/themes/default/validatebox.css HTTP/1.1" 404 1104
116.230.123.13 - - [05/Mar/2024:09:10:20 +0800] "GET /xingrg/all/common/auto_word.html?type=employee&rest_code=00111 HTTP/1.1" 200 105
116.230.123.13 - - [05/Mar/2024:09:10:20 +0800] "GET /xingrg/all/common/auto_word.html?type=employee&rest_code=00111 HTTP/1.1" 200 105
222.69.134.177 - - [05/Mar/2024:09:10:23 +0800] "GET /xingrg/kc/base/wldb_order_operate.html?command=get_materiel&rest_code=00154&base_code=0010724&code=00101022026 HTTP/1.1" 200 433
116.230.123.13 - - [05/Mar/2024:09:10:24 +0800] "GET /xingrg/javascript/auto/indicator.gif HTTP/1.1" 404 1066
222.69.134.177 - - [05/Mar/2024:09:10:33 +0800] "GET /xingrg/kc/base/wldb_order_operate.html?command=get_materiel&rest_code=00154&base_code=0010724&code=00101040001 HTTP/1.1" 200 469
222.69.134.177 - - [05/Mar/2024:09:10:36 +0800] "POST /xingrg/all/common/load_select.html HTTP/1.1" 200 25
58.40.7.146 - - [05/Mar/2024:09:10:37 +0800] "GET /xingrg/all/function/internal_message.html?_=1709601037416&CODE_STATE=getMsg HTTP/1.1" 200 27
116.230.123.13 - - [05/Mar/2024:09:10:37 +0800] "GET /xingrg/kc/buy/cgsh_order_operate.html?command=get_materiel&rest_code=00111&code=00101008196&supplier_code=00100008&order_time=2024-03-05 HTTP/1.1" 200 416
222.69.134.177 - - [05/Mar/2024:09:10:39 +0800] "GET /xingrg/kc/base/wldb_order_operate.html?command=get_materiel_price&rest_code=00154&base_code=0010724&code=00101040001&unit_code=00100619 HTTP/1.1" 200 37
180.169.147.146 - - [05/Mar/2024:09:10:44 +0800] "GET /xingrg/all/function/internal_message.html?_=1709601044777&CODE_STATE=getMsg HTTP/1.1" 200 27
222.69.134.177 - - [05/Mar/2024:09:10:46 +0800] "GET /xingrg/kc/base/wldb_order_operate.html?command=get_materiel&rest_code=00154&base_code=0010724&code=00101020335 HTTP/1.1" 200 456
124.78.57.58 - - [05/Mar/2024:09:10:47 +0800] "GET /xingrg/all/function/internal_message.html?_=1709601047036&CODE_STATE=getMsg HTTP/1.1" 200 27
180.169.147.146 - - [05/Mar/2024:09:10:50 +0800] "POST /xingrg/kc/buy/cgsh_list_operate.html HTTP/1.1" 200 2984
116.224.254.208 - - [05/Mar/2024:09:10:52 +0800] "GET /xingrg/all/function/internal_message.html?_=1709601051990&CODE_STATE=getMsg HTTP/1.1" 200 27
116.230.123.13 - - [05/Mar/2024:09:10:55 +0800] "GET /xingrg/kc/buy/cgsh_order_operate.html?command=get_materiel&rest_code=00111&code=00101013179&supplier_code=00100008&order_time=2024-03-05 HTTP/1.1" 200 412
222.69.134.177 - - [05/Mar/2024:09:11:04 +0800] "GET /xingrg/kc/base/wldb_order_operate.html?command=get_materiel&rest_code=00154&base_code=0010724&code=00101019071 HTTP/1.1" 200 471
180.169.147.146 - - [05/Mar/2024:09:11:04 +0800] "POST /xingrg/all/user/operate.html HTTP/1.1" 200 36
180.169.147.146 - - [05/Mar/2024:09:11:05 +0800] "GET /xingrg/javascript/jquery_easy_ui/themes/default/easyui.css HTTP/1.1" 304 -
180.169.147.146 - - [05/Mar/2024:09:11:05 +0800] "GET /xingrg/index.html?sysBaseUrl=http%3A%2F%2F180.169.147.146%3A18081%2Fxingrg%2F&costTime=861×tamp=1709600802897 HTTP/1.1" 200 17503
180.169.147.146 - - [05/Mar/2024:09:11:05 +0800] "GET /xingrg/javascript/jquery_easy_ui/themes/icon.css HTTP/1.1" 304 -
180.169.147.146 - - [05/Mar/2024:09:11:05 +0800] "GET /xingrg/css/form.css HTTP/1.1" 304 -
180.169.147.146 - - [05/Mar/2024:09:11:05 +0800] "GET /xingrg/javascript/jquery-1.4.2.min.js HTTP/1.1" 304 -
180.169.147.146 - - [05/Mar/2024:09:11:05 +0800] "GET /xingrg/javascript/jquery_easy_ui/jquery.easyui.min.js HTTP/1.1" 304 -
124.78.57.58 - - [05/Mar/2024:09:11:05 +0800] "GET /xingrg/check_reg.html?_=1709601065123 HTTP/1.1" 200 22
180.169.147.146 - - [05/Mar/2024:09:11:05 +0800] "GET /xingrg/javascript/jquery_easy_ui/easyui-lang-zh_CN.js HTTP/1.1" 304 -
180.169.147.146 - - [05/Mar/2024:09:11:05 +0800] "GET /xingrg/javascript/jquery.form.js HTTP/1.1" 304 -
180.169.147.146 - - [05/Mar/2024:09:11:05 +0800] "GET /xingrg/javascript/jquery.utils.js HTTP/1.1" 304 -
180.169.147.146 - - [05/Mar/2024:09:11:05 +0800] "GET /xingrg/javascript/jquery.timers.js HTTP/1.1" 304 -
180.169.147.146 - - [05/Mar/2024:09:11:05 +0800] "GET /xingrg/images/blue/jxLogo.png HTTP/1.1" 304 -
180.169.147.146 - - [05/Mar/2024:09:11:05 +0800] "GET /xingrg/images/blue/navBackgound.jpg HTTP/1.1" 304 -
180.169.147.146 - - [05/Mar/2024:09:11:05 +0800] "GET /xingrg/javascript/jquery_easy_ui/themes/icons/settle_new.png HTTP/1.1" 304 -
180.169.147.146 - - [05/Mar/2024:09:11:05 +0800] "GET /xingrg/all/function/internal_message.html?_=1709601065286&CODE_STATE=count HTTP/1.1" 200 11
180.169.147.146 - - [05/Mar/2024:09:11:05 +0800] "GET /xingrg/check_reg.html?_=1709601065288 HTTP/1.1" 200 22
180.169.147.146 - - [05/Mar/2024:09:11:05 +0800] "GET /xingrg/javascript/jquery_easy_ui/themes/default/images/tabs_rightarrow.png HTTP/1.1" 304 -
180.169.147.146 - - [05/Mar/2024:09:11:05 +0800] "GET /xingrg/javascript/jquery_easy_ui/themes/default/images/panel_tool_collapse.gif HTTP/1.1" 304 -
180.169.147.146 - - [05/Mar/2024:09:11:05 +0800] "GET /xingrg/javascript/jquery_easy_ui/themes/default/images/tabs_leftarrow.png HTTP/1.1" 304 -
180.169.147.146 - - [05/Mar/2024:09:11:05 +0800] "GET /xingrg/javascript/jquery_easy_ui/themes/default/images/panel_tool_expand.gif HTTP/1.1" 304 -
180.169.147.146 - - [05/Mar/2024:09:11:05 +0800] "GET /xingrg/images/blue/pingpu.png HTTP/1.1" 304 -
180.169.147.146 - - [05/Mar/2024:09:11:05 +0800] "POST /xingrg/all/common/load_tree.html?tree=area_rest_tree_json&manage=1 HTTP/1.1" 200 3624
180.169.147.146 - - [05/Mar/2024:09:11:05 +0800] "POST /xingrg/load_menu.html HTTP/1.1" 200 11564
180.169.147.146 - - [05/Mar/2024:09:11:06 +0800] "GET /xingrg/kc/report/report_main.html HTTP/1.1" 200 8599
101.83.145.37 - - [05/Mar/2024:09:11:07 +0800] "GET /xingrg/all/function/internal_message.html?_=1709601068658&CODE_STATE=getMsg HTTP/1.1" 200 27
116.230.123.13 - - [05/Mar/2024:09:11:07 +0800] "GET /xingrg/kc/buy/cgsh_order_operate.html?command=get_materiel&rest_code=00111&code=00101008403&supplier_code=00100008&order_time=2024-03-05 HTTP/1.1" 200 412
180.169.147.146 - - [05/Mar/2024:09:11:07 +0800] "GET /xingrg/all/report/report_query.html?fileName=kc/buy/gys_amount_base_rest.xml HTTP/1.1" 200 51664
180.169.147.146 - - [05/Mar/2024:09:11:07 +0800] "GET /xingrg/dwr/interface/AjaxReportQueryService.js HTTP/1.1" 200 13203
180.169.147.146 - - [05/Mar/2024:09:11:07 +0800] "GET /xingrg/dwr/engine.js HTTP/1.1" 200 43631
180.169.147.146 - - [05/Mar/2024:09:11:07 +0800] "POST /xingrg/dwr/call/plaincall/AjaxReportQueryService.getFixDate.dwr HTTP/1.1" 200 111
116.230.123.13 - - [05/Mar/2024:09:11:08 +0800] "GET /xingrg/all/function/internal_message.html?_=1709601068225&CODE_STATE=getMsg HTTP/1.1" 200 27
180.169.147.146 - - [05/Mar/2024:09:11:08 +0800] "POST /xingrg/all/common/load_tree.html?tree=area_rest_tree_json&manage=1 HTTP/1.1" 200 3624
116.224.254.208 - - [05/Mar/2024:09:11:08 +0800] "GET /xingrg/all/function/internal_message.html?_=1709601068804&CODE_STATE=getMsg HTTP/1.1" 200 27
180.169.147.146 - - [05/Mar/2024:09:11:08 +0800] "POST /xingrg/all/common/load_tree.html?tree=supplier_tree_json&manage=1 HTTP/1.1" 200 81197
222.69.134.177 - - [05/Mar/2024:09:11:14 +0800] "GET /xingrg/kc/base/wldb_order_operate.html?command=get_materiel&rest_code=00154&base_code=0010724&code=00101019249 HTTP/1.1" 200 470
172.20.0.100 - - [05/Mar/2024:09:11:18 +0800] "GET /xingrg/all/function/internal_message.html?_=1709601078209&CODE_STATE=getMsg HTTP/1.1" 200 27
180.169.147.146 - - [05/Mar/2024:09:11:24 +0800] "POST /xingrg/dwr/call/plaincall/AjaxReportQueryService.refreshCache.dwr HTTP/1.1" 200 78
180.169.147.146 - - [05/Mar/2024:09:11:26 +0800] "POST /xingrg/all/report/load_report_page.html HTTP/1.1" 200 53155
180.169.147.146 - - [05/Mar/2024:09:11:26 +0800] "GET /xingrg/servlets/image?cache=0.8275029785090386&image=px HTTP/1.1" 200 807
180.169.147.146 - - [05/Mar/2024:09:11:33 +0800] "POST /xingrg/all/report/report_print.html HTTP/1.1" 200 7680
222.69.134.177 - - [05/Mar/2024:09:11:35 +0800] "POST /xingrg/kc/base/wldb_order_operate.html HTTP/1.1" 200 37
58.40.7.146 - - [05/Mar/2024:09:11:37 +0800] "GET /xingrg/all/function/internal_message.html?_=1709601097387&CODE_STATE=getMsg HTTP/1.1" 200 27
116.224.254.208 - - [05/Mar/2024:09:11:39 +0800] "POST /xingrg/all/user/operate.html HTTP/1.1" 200 36
116.224.254.208 - - [05/Mar/2024:09:11:39 +0800] "GET /xingrg/index.html?sysBaseUrl=http%3A%2F%2F180.169.147.146%3A18081%2Fxingrg%2F&costTime=922×tamp=1709600948179 HTTP/1.1" 200 17179
116.224.254.208 - - [05/Mar/2024:09:11:39 +0800] "GET /xingrg/javascript/jquery_easy_ui/themes/default/easyui.css HTTP/1.1" 304 -
116.224.254.208 - - [05/Mar/2024:09:11:39 +0800] "GET /xingrg/javascript/jquery_easy_ui/themes/icon.css HTTP/1.1" 304 -
116.224.254.208 - - [05/Mar/2024:09:11:39 +0800] "GET /xingrg/css/form.css HTTP/1.1" 304 -
116.224.254.208 - - [05/Mar/2024:09:11:39 +0800] "GET /xingrg/javascript/jquery-1.4.2.min.js HTTP/1.1" 304 -
116.224.254.208 - - [05/Mar/2024:09:11:39 +0800] "GET /xingrg/javascript/jquery_easy_ui/jquery.easyui.min.js HTTP/1.1" 304 -
116.224.254.208 - - [05/Mar/2024:09:11:39 +0800] "GET /xingrg/javascript/jquery_easy_ui/easyui-lang-zh_CN.js HTTP/1.1" 304 -
116.224.254.208 - - [05/Mar/2024:09:11:39 +0800] "GET /xingrg/javascript/jquery.form.js HTTP/1.1" 304 -
116.224.254.208 - - [05/Mar/2024:09:11:39 +0800] "GET /xingrg/javascript/jquery.utils.js HTTP/1.1" 304 -
116.224.254.208 - - [05/Mar/2024:09:11:39 +0800] "GET /xingrg/javascript/jquery.timers.js HTTP/1.1" 304 -
116.224.254.208 - - [05/Mar/2024:09:11:39 +0800] "GET /xingrg/images/blue/jxLogo.png HTTP/1.1" 304 -
116.224.254.208 - - [05/Mar/2024:09:11:39 +0800] "GET /xingrg/images/blue/navBackgound.jpg HTTP/1.1" 304 -
116.224.254.208 - - [05/Mar/2024:09:11:39 +0800] "GET /xingrg/javascript/jquery_easy_ui/themes/icons/settle_new.png HTTP/1.1" 304 -
116.224.254.208 - - [05/Mar/2024:09:11:39 +0800] "GET /xingrg/all/function/internal_message.html?_=1709601099606&CODE_STATE=count HTTP/1.1" 200 11
116.224.254.208 - - [05/Mar/2024:09:11:39 +0800] "GET /xingrg/javascript/jquery_easy_ui/themes/default/images/tabs_leftarrow.png HTTP/1.1" 304 -
116.224.254.208 - - [05/Mar/2024:09:11:39 +0800] "GET /xingrg/check_reg.html?_=1709601099606 HTTP/1.1" 200 22
116.224.254.208 - - [05/Mar/2024:09:11:39 +0800] "GET /xingrg/javascript/jquery_easy_ui/themes/default/images/tabs_rightarrow.png HTTP/1.1" 304 -
116.224.254.208 - - [05/Mar/2024:09:11:39 +0800] "GET /xingrg/images/blue/pingpu.png HTTP/1.1" 304 -
116.224.254.208 - - [05/Mar/2024:09:11:39 +0800] "GET /xingrg/javascript/jquery_easy_ui/themes/default/images/panel_tool_collapse.gif HTTP/1.1" 304 -
116.224.254.208 - - [05/Mar/2024:09:11:39 +0800] "POST /xingrg/load_menu.html HTTP/1.1" 200 5138
116.224.254.208 - - [05/Mar/2024:09:11:39 +0800] "POST /xingrg/all/common/load_tree.html?tree=area_rest_tree_json&manage=1 HTTP/1.1" 200 476
116.224.254.208 - - [05/Mar/2024:09:11:42 +0800] "GET /xingrg/kc/buy/cgsh_order_list.html HTTP/1.1" 200 57886
116.224.254.208 - - [05/Mar/2024:09:11:44 +0800] "POST /xingrg/kc/buy/cgsh_list_operate.html HTTP/1.1" 200 986
222.69.134.177 - - [05/Mar/2024:09:11:44 +0800] "POST /xingrg/kc/base/wldb_order_operate.html HTTP/1.1" 200 12
222.69.134.177 - - [05/Mar/2024:09:11:45 +0800] "POST /xingrg/kc/base/wldb_order_operate.html HTTP/1.1" 200 8142
116.224.254.208 - - [05/Mar/2024:09:11:46 +0800] "GET /xingrg/kc/buy/cgsh_order_add.html HTTP/1.1" 200 73699
116.224.254.208 - - [05/Mar/2024:09:11:46 +0800] "POST /xingrg/kc/buy/cgsh_order_operate.html HTTP/1.1" 200 8245
222.69.134.177 - - [05/Mar/2024:09:11:46 +0800] "GET /xingrg/kc/base/wldb_order_info.html?code=422024030500317 HTTP/1.1" 200 26267
116.224.254.208 - - [05/Mar/2024:09:11:46 +0800] "GET /xingrg/javascript/easyui/themes/default/validatebox.css HTTP/1.1" 404 1104
116.224.254.208 - - [05/Mar/2024:09:11:46 +0800] "GET /xingrg/all/common/auto_word.html?type=employee&rest_code=00150 HTTP/1.1" 200 159
116.224.254.208 - - [05/Mar/2024:09:11:46 +0800] "GET /xingrg/all/common/auto_word.html?type=employee&rest_code=00150 HTTP/1.1" 200 159
124.78.57.58 - - [05/Mar/2024:09:11:47 +0800] "GET /xingrg/all/function/internal_message.html?_=1709601107019&CODE_STATE=getMsg HTTP/1.1" 200 27
222.69.134.177 - - [05/Mar/2024:09:11:47 +0800] "GET /xingrg/javascript/easyui/themes/default/validatebox.css HTTP/1.1" 404 1104
222.69.134.177 - - [05/Mar/2024:09:11:47 +0800] "POST /xingrg/kc/base/wldb_order_operate.html HTTP/1.1" 200 6298
116.224.254.208 - - [05/Mar/2024:09:11:49 +0800] "GET /xingrg/javascript/auto/indicator.gif HTTP/1.1" 404 1066
116.230.123.13 - - [05/Mar/2024:09:11:49 +0800] "GET /xingrg/kc/buy/cgsh_order_operate.html?command=get_materiel&rest_code=00111&code=00101008358&supplier_code=00100008&order_time=2024-03-05 HTTP/1.1" 200 412
58.40.7.146 - - [05/Mar/2024:09:11:50 +0800] "GET /xingrg/check_reg.html?_=1709601110093 HTTP/1.1" 200 22
222.69.134.177 - - [05/Mar/2024:09:11:50 +0800] "GET /xingrg/kc/base/wldb_order_add.html HTTP/1.1" 200 30388
222.69.134.177 - - [05/Mar/2024:09:11:51 +0800] "POST /xingrg/kc/base/wldb_order_operate.html HTTP/1.1" 200 6806
222.69.134.177 - - [05/Mar/2024:09:11:51 +0800] "GET /xingrg/javascript/easyui/themes/default/validatebox.css HTTP/1.1" 404 1104
222.69.134.177 - - [05/Mar/2024:09:11:51 +0800] "GET /xingrg/check_reg.html?_=1709601113505 HTTP/1.1" 200 22
116.224.254.208 - - [05/Mar/2024:09:11:52 +0800] "GET /xingrg/all/function/internal_message.html?_=1709601111990&CODE_STATE=getMsg HTTP/1.1" 200 27
222.69.134.177 - - [05/Mar/2024:09:11:53 +0800] "POST /xingrg/all/common/load_combo.html?type=base HTTP/1.1" 200 1491
222.69.134.177 - - [05/Mar/2024:09:11:55 +0800] "POST /xingrg/all/common/load_combo.html?type=base HTTP/1.1" 200 1491
116.224.254.208 - - [05/Mar/2024:09:11:57 +0800] "GET /xingrg/kc/buy/cgsh_order_operate.html?command=get_materiel&rest_code=00150&code=00101002022&supplier_code=00100151&order_time=2024-03-05 HTTP/1.1" 200 411
116.230.123.13 - - [05/Mar/2024:09:12:04 +0800] "GET /xingrg/kc/buy/cgsh_order_operate.html?command=get_materiel&rest_code=00111&code=00101008096&supplier_code=00100008&order_time=2024-03-05 HTTP/1.1" 200 412
180.169.147.146 - - [05/Mar/2024:09:12:05 +0800] "GET /xingrg/all/function/internal_message.html?_=1709601125317&CODE_STATE=getMsg HTTP/1.1" 200 27
222.69.134.177 - - [05/Mar/2024:09:12:06 +0800] "GET /xingrg/kc/base/wldb_order_operate.html?command=get_materiel&rest_code=00154&base_code=0010726&code=00101028025 HTTP/1.1" 200 477
101.83.145.37 - - [05/Mar/2024:09:12:07 +0800] "GET /xingrg/check_reg.html?_=1709601128674 HTTP/1.1" 200 22
101.83.145.37 - - [05/Mar/2024:09:12:07 +0800] "GET /xingrg/all/function/internal_message.html?_=1709601128672&CODE_STATE=getMsg HTTP/1.1" 200 27
116.230.123.13 - - [05/Mar/2024:09:12:08 +0800] "GET /xingrg/all/function/internal_message.html?_=1709601128217&CODE_STATE=getMsg HTTP/1.1" 200 27
222.69.134.177 - - [05/Mar/2024:09:12:09 +0800] "POST /xingrg/all/common/load_select.html HTTP/1.1" 200 25
222.69.134.177 - - [05/Mar/2024:09:12:11 +0800] "GET /xingrg/kc/base/wldb_order_operate.html?command=get_materiel_price&rest_code=00154&base_code=0010726&code=00101028025&unit_code=00100157 HTTP/1.1" 200 36
222.69.134.177 - - [05/Mar/2024:09:12:16 +0800] "GET /xingrg/kc/base/wldb_order_operate.html?command=get_materiel&rest_code=00154&base_code=0010726&code=00101027072 HTTP/1.1" 200 457
116.230.123.13 - - [05/Mar/2024:09:12:17 +0800] "GET /xingrg/kc/buy/cgsh_order_operate.html?command=get_materiel&rest_code=00111&code=00101008350&supplier_code=00100008&order_time=2024-03-05 HTTP/1.1" 200 408
172.20.0.100 - - [05/Mar/2024:09:12:18 +0800] "GET /xingrg/all/function/internal_message.html?_=1709601138183&CODE_STATE=getMsg HTTP/1.1" 200 27
222.69.134.177 - - [05/Mar/2024:09:12:21 +0800] "POST /xingrg/all/common/load_select.html HTTP/1.1" 200 25
222.69.134.177 - - [05/Mar/2024:09:12:24 +0800] "GET /xingrg/kc/base/wldb_order_operate.html?command=get_materiel_price&rest_code=00154&base_code=0010726&code=00101027072&unit_code=00100189 HTTP/1.1" 200 35
222.69.134.177 - - [05/Mar/2024:09:12:28 +0800] "GET /xingrg/kc/base/wldb_order_operate.html?command=get_materiel&rest_code=00154&base_code=0010726&code=00101028062 HTTP/1.1" 200 465
222.69.134.177 - - [05/Mar/2024:09:12:33 +0800] "POST /xingrg/all/common/load_select.html HTTP/1.1" 200 25
116.230.123.13 - - [05/Mar/2024:09:12:34 +0800] "GET /xingrg/kc/buy/cgsh_order_operate.html?command=get_materiel&rest_code=00111&code=00101008415&supplier_code=00100008&order_time=2024-03-05 HTTP/1.1" 200 412
222.69.134.177 - - [05/Mar/2024:09:12:36 +0800] "GET /xingrg/kc/base/wldb_order_operate.html?command=get_materiel_price&rest_code=00154&base_code=0010726&code=00101028062&unit_code=00100157 HTTP/1.1" 200 33
58.40.7.146 - - [05/Mar/2024:09:12:37 +0800] "GET /xingrg/all/function/internal_message.html?_=1709601157359&CODE_STATE=getMsg HTTP/1.1" 200 27
116.224.254.208 - - [05/Mar/2024:09:12:39 +0800] "GET /xingrg/all/function/internal_message.html?_=1709601159640&CODE_STATE=getMsg HTTP/1.1" 200 27
222.69.134.177 - - [05/Mar/2024:09:12:40 +0800] "GET /xingrg/kc/base/wldb_order_operate.html?command=get_materiel&rest_code=00154&base_code=0010726&code=00101028002 HTTP/1.1" 200 477
222.69.134.177 - - [05/Mar/2024:09:12:44 +0800] "POST /xingrg/all/common/load_select.html HTTP/1.1" 200 25
116.224.254.208 - - [05/Mar/2024:09:12:45 +0800] "GET /xingrg/kc/buy/cgsh_order_operate.html?command=get_materiel&rest_code=00150&code=00101005037&supplier_code=00100151&order_time=2024-03-05 HTTP/1.1" 200 409
124.78.57.58 - - [05/Mar/2024:09:12:47 +0800] "GET /xingrg/all/function/internal_message.html?_=1709601167002&CODE_STATE=getMsg HTTP/1.1" 200 27
222.69.134.177 - - [05/Mar/2024:09:12:47 +0800] "GET /xingrg/kc/base/wldb_order_operate.html?command=get_materiel_price&rest_code=00154&base_code=0010726&code=00101028002&unit_code=00100157 HTTP/1.1" 200 36
116.224.254.208 - - [05/Mar/2024:09:12:52 +0800] "GET /xingrg/check_reg.html?_=1709601171967 HTTP/1.1" 200 22
116.224.254.208 - - [05/Mar/2024:09:12:52 +0800] "GET /xingrg/all/function/internal_message.html?_=1709601171970&CODE_STATE=getMsg HTTP/1.1" 200 27
222.69.134.177 - - [05/Mar/2024:09:12:54 +0800] "GET /xingrg/kc/base/wldb_order_operate.html?command=get_materiel&rest_code=00154&base_code=0010726&code=00101029002 HTTP/1.1" 200 470
116.224.254.208 - - [05/Mar/2024:09:12:55 +0800] "POST /xingrg/kc/buy/cgsh_order_operate.html HTTP/1.1" 200 37
116.230.123.13 - - [05/Mar/2024:09:12:57 +0800] "GET /xingrg/kc/buy/cgsh_order_operate.html?command=get_materiel&rest_code=00111&code=00101008370&supplier_code=00100008&order_time=2024-03-05 HTTP/1.1" 200 412
222.69.134.177 - - [05/Mar/2024:09:13:01 +0800] "POST /xingrg/all/common/load_select.html HTTP/1.1" 200 25
222.69.134.177 - - [05/Mar/2024:09:13:04 +0800] "GET /xingrg/kc/base/wldb_order_operate.html?command=get_materiel_price&rest_code=00154&base_code=0010726&code=00101029002&unit_code=00100157 HTTP/1.1" 200 34
180.164.1.25 - - [05/Mar/2024:09:13:04 +0800] "GET /favicon.ico HTTP/1.1" 404 -
180.169.147.146 - - [05/Mar/2024:09:13:05 +0800] "GET /xingrg/all/function/internal_message.html?_=1709601185300&CODE_STATE=getMsg HTTP/1.1" 200 27
101.83.145.37 - - [05/Mar/2024:09:13:07 +0800] "GET /xingrg/all/function/internal_message.html?_=1709601188672&CODE_STATE=getMsg HTTP/1.1" 200 27
116.230.123.13 - - [05/Mar/2024:09:13:08 +0800] "GET /xingrg/all/function/internal_message.html?_=1709601188223&CODE_STATE=getMsg HTTP/1.1" 200 27
222.69.134.177 - - [05/Mar/2024:09:13:08 +0800] "GET /xingrg/kc/base/wldb_order_operate.html?command=get_materiel&rest_code=00154&base_code=0010726&code=00101029011 HTTP/1.1" 200 478
116.230.123.13 - - [05/Mar/2024:09:13:10 +0800] "GET /xingrg/kc/buy/cgsh_order_operate.html?command=get_materiel&rest_code=00111&code=00101008356&supplier_code=00100008&order_time=2024-03-05 HTTP/1.1" 200 408
222.69.134.177 - - [05/Mar/2024:09:13:13 +0800] "POST /xingrg/all/common/load_select.html HTTP/1.1" 200 25
116.224.254.208 - - [05/Mar/2024:09:13:15 +0800] "POST /xingrg/kc/buy/cgsh_order_operate.html HTTP/1.1" 200 12
222.69.134.177 - - [05/Mar/2024:09:13:15 +0800] "GET /xingrg/kc/base/wldb_order_operate.html?command=get_materiel_price&rest_code=00154&base_code=0010726&code=00101029011&unit_code=00100157 HTTP/1.1" 200 33
116.224.254.208 - - [05/Mar/2024:09:13:17 +0800] "GET /xingrg/kc/buy/cgsh_order_info.html?code=212024030501170 HTTP/1.1" 200 68598
116.224.254.208 - - [05/Mar/2024:09:13:18 +0800] "GET /xingrg/javascript/easyui/themes/default/validatebox.css HTTP/1.1" 404 1104
172.20.0.100 - - [05/Mar/2024:09:13:18 +0800] "GET /xingrg/all/function/internal_message.html?_=1709601198170&CODE_STATE=getMsg HTTP/1.1" 200 27
116.224.254.208 - - [05/Mar/2024:09:13:19 +0800] "POST /xingrg/kc/buy/cgsh_order_operate.html HTTP/1.1" 200 603
116.224.254.208 - - [05/Mar/2024:09:13:21 +0800] "GET /xingrg/kc/print/load_config.html?kc_code=cgsh HTTP/1.1" 200 1927
222.69.134.177 - - [05/Mar/2024:09:13:22 +0800] "GET /xingrg/kc/base/wldb_order_operate.html?command=get_materiel&rest_code=00154&base_code=0010726&code=00101029022 HTTP/1.1" 200 472
116.224.254.208 - - [05/Mar/2024:09:13:22 +0800] "GET /xingrg/kc/print/load_data.html?order_code=212024030501170&kc_code=cgsh&condition= HTTP/1.1" 200 683
116.230.123.13 - - [05/Mar/2024:09:13:24 +0800] "GET /xingrg/kc/buy/cgsh_order_operate.html?command=get_materiel&rest_code=00111&code=00101008027&supplier_code=00100008&order_time=2024-03-05 HTTP/1.1" 200 408
222.69.134.177 - - [05/Mar/2024:09:13:25 +0800] "POST /xingrg/all/common/load_select.html HTTP/1.1" 200 25
222.69.134.177 - - [05/Mar/2024:09:13:27 +0800] "GET /xingrg/kc/base/wldb_order_operate.html?command=get_materiel_price&rest_code=00154&base_code=0010726&code=00101029022&unit_code=00100157 HTTP/1.1" 200 35
116.224.254.208 - - [05/Mar/2024:09:13:28 +0800] "GET /xingrg/kc/base/wldb_order_list.html HTTP/1.1" 200 19057
116.224.254.208 - - [05/Mar/2024:09:13:29 +0800] "POST /xingrg/kc/base/wldb_list_operate.html HTTP/1.1" 200 928
58.40.7.146 - - [05/Mar/2024:09:13:37 +0800] "GET /xingrg/all/function/internal_message.html?_=1709601217347&CODE_STATE=getMsg HTTP/1.1" 200 27
116.224.254.208 - - [05/Mar/2024:09:13:39 +0800] "GET /xingrg/all/function/internal_message.html?_=1709601219630&CODE_STATE=getMsg HTTP/1.1" 200 27
222.69.134.177 - - [05/Mar/2024:09:13:40 +0800] "GET /xingrg/kc/base/wldb_order_operate.html?command=get_materiel&rest_code=00154&base_code=0010726&code=00101029003 HTTP/1.1" 200 474
116.230.123.13 - - [05/Mar/2024:09:13:45 +0800] "GET /xingrg/kc/buy/cgsh_order_operate.html?command=get_materiel&rest_code=00111&code=00101008230&supplier_code=00100008&order_time=2024-03-05 HTTP/1.1" 200 408
222.69.134.177 - - [05/Mar/2024:09:13:45 +0800] "POST /xingrg/all/common/load_select.html HTTP/1.1" 200 25
124.78.57.58 - - [05/Mar/2024:09:13:46 +0800] "GET /xingrg/all/function/internal_message.html?_=1709601226984&CODE_STATE=getMsg HTTP/1.1" 200 27
222.69.134.177 - - [05/Mar/2024:09:13:50 +0800] "GET /xingrg/kc/base/wldb_order_operate.html?command=get_materiel_price&rest_code=00154&base_code=0010726&code=00101029003&unit_code=00100179 HTTP/1.1" 200 35
116.224.254.208 - - [05/Mar/2024:09:13:52 +0800] "GET /xingrg/all/function/internal_message.html?_=1709601231981&CODE_STATE=getMsg HTTP/1.1" 200 27
222.69.134.177 - - [05/Mar/2024:09:14:02 +0800] "GET /xingrg/kc/base/wldb_order_operate.html?command=get_materiel&rest_code=00154&base_code=0010726&code=00101029023 HTTP/1.1" 200 476
116.230.123.13 - - [05/Mar/2024:09:14:04 +0800] "GET /xingrg/kc/buy/cgsh_order_operate.html?command=get_materiel&rest_code=00111&code=00101008286&supplier_code=00100008&order_time=2024-03-05 HTTP/1.1" 200 408
180.169.147.146 - - [05/Mar/2024:09:14:05 +0800] "GET /xingrg/all/function/internal_message.html?_=1709601245304&CODE_STATE=getMsg HTTP/1.1" 200 27
222.69.134.177 - - [05/Mar/2024:09:14:06 +0800] "POST /xingrg/all/common/load_select.html HTTP/1.1" 200 25
101.83.145.37 - - [05/Mar/2024:09:14:07 +0800] "GET /xingrg/all/function/internal_message.html?_=1709601248659&CODE_STATE=getMsg HTTP/1.1" 200 27
116.230.123.13 - - [05/Mar/2024:09:14:08 +0800] "GET /xingrg/all/function/internal_message.html?_=1709601248227&CODE_STATE=getMsg HTTP/1.1" 200 27
222.69.134.177 - - [05/Mar/2024:09:14:08 +0800] "GET /xingrg/kc/base/wldb_order_operate.html?command=get_materiel_price&rest_code=00154&base_code=0010726&code=00101029023&unit_code=00100179 HTTP/1.1" 200 35
222.69.134.177 - - [05/Mar/2024:09:14:13 +0800] "GET /xingrg/kc/base/wldb_order_operate.html?command=get_materiel&rest_code=00154&base_code=0010726&code=00101029009 HTTP/1.1" 200 478
222.69.134.177 - - [05/Mar/2024:09:14:16 +0800] "POST /xingrg/all/common/load_select.html HTTP/1.1" 200 25
172.20.0.100 - - [05/Mar/2024:09:14:18 +0800] "GET /xingrg/all/function/internal_message.html?_=1709601258142&CODE_STATE=getMsg HTTP/1.1" 200 27
222.69.134.177 - - [05/Mar/2024:09:14:19 +0800] "GET /xingrg/kc/base/wldb_order_operate.html?command=get_materiel_price&rest_code=00154&base_code=0010726&code=00101029009&unit_code=00100179 HTTP/1.1" 200 35
222.69.134.177 - - [05/Mar/2024:09:14:23 +0800] "GET /xingrg/kc/base/wldb_order_operate.html?command=get_materiel&rest_code=00154&base_code=0010726&code=00101020383 HTTP/1.1" 200 470
172.20.0.100 - - [05/Mar/2024:09:14:32 +0800] "GET /xingrg/check_reg.html?_=1709601272382 HTTP/1.1" 200 22
101.83.241.137 - - [05/Mar/2024:09:14:33 +0800] "GET /favicon.ico HTTP/1.1" 404 -
58.40.7.146 - - [05/Mar/2024:09:14:37 +0800] "GET /xingrg/all/function/internal_message.html?_=1709601277316&CODE_STATE=getMsg HTTP/1.1" 200 27
116.230.123.13 - - [05/Mar/2024:09:14:37 +0800] "GET /xingrg/kc/buy/cgsh_order_operate.html?command=get_materiel&rest_code=00111&code=00101008224&supplier_code=00100008&order_time=2024-03-05 HTTP/1.1" 200 416
116.224.254.208 - - [05/Mar/2024:09:14:39 +0800] "GET /xingrg/all/function/internal_message.html?_=1709601279623&CODE_STATE=getMsg HTTP/1.1" 200 27
124.78.57.58 - - [05/Mar/2024:09:14:46 +0800] "GET /xingrg/all/function/internal_message.html?_=1709601286966&CODE_STATE=getMsg HTTP/1.1" 200 27
116.230.123.13 - - [05/Mar/2024:09:14:47 +0800] "GET /xingrg/kc/buy/cgsh_order_operate.html?command=get_materiel&rest_code=00111&code=00101008169&supplier_code=00100008&order_time=2024-03-05 HTTP/1.1" 200 412
222.69.134.177 - - [05/Mar/2024:09:14:49 +0800] "GET /xingrg/kc/base/wldb_order_operate.html?command=get_materiel&rest_code=00154&base_code=0010726&code=00101029094 HTTP/1.1" 200 461
116.224.254.208 - - [05/Mar/2024:09:14:52 +0800] "GET /xingrg/all/function/internal_message.html?_=1709601291983&CODE_STATE=getMsg HTTP/1.1" 200 27
222.69.134.177 - - [05/Mar/2024:09:14:53 +0800] "POST /xingrg/all/common/load_select.html HTTP/1.1" 200 25
222.69.134.177 - - [05/Mar/2024:09:14:54 +0800] "GET /xingrg/kc/base/wldb_order_operate.html?command=get_materiel_price&rest_code=00154&base_code=0010726&code=00101029094&unit_code=00100179 HTTP/1.1" 200 35
101.83.241.137 - - [05/Mar/2024:09:15:01 +0800] "GET /xingrg/login.html?sysBaseUrl=http%3A%2F%2F180.169.147.146%3A18081%2Fxingrg%2F&costTime=31×tamp=1615347190560 HTTP/1.1" 200 7641
222.69.134.177 - - [05/Mar/2024:09:15:02 +0800] "POST /xingrg/kc/base/wldb_order_operate.html HTTP/1.1" 200 37
101.83.241.137 - - [05/Mar/2024:09:15:02 +0800] "GET /favicon.ico HTTP/1.1" 404 -
116.230.123.13 - - [05/Mar/2024:09:15:02 +0800] "GET /xingrg/kc/buy/cgsh_order_operate.html?command=get_materiel&rest_code=00111&code=00101008359&supplier_code=00100008&order_time=2024-03-05 HTTP/1.1" 200 408
180.169.147.146 - - [05/Mar/2024:09:15:05 +0800] "GET /xingrg/all/function/internal_message.html?_=1709601305307&CODE_STATE=getMsg HTTP/1.1" 200 27
101.83.145.37 - - [05/Mar/2024:09:15:07 +0800] "GET /xingrg/all/function/internal_message.html?_=1709601308660&CODE_STATE=getMsg HTTP/1.1" 200 27
116.230.123.13 - - [05/Mar/2024:09:15:08 +0800] "GET /xingrg/check_reg.html?_=1709601308220 HTTP/1.1" 200 22
116.230.123.13 - - [05/Mar/2024:09:15:08 +0800] "GET /xingrg/all/function/internal_message.html?_=1709601308222&CODE_STATE=getMsg HTTP/1.1" 200 27
222.69.134.177 - - [05/Mar/2024:09:15:09 +0800] "POST /xingrg/kc/base/wldb_order_operate.html HTTP/1.1" 200 12
222.69.134.177 - - [05/Mar/2024:09:15:09 +0800] "POST /xingrg/kc/base/wldb_order_operate.html HTTP/1.1" 200 7749
101.83.241.137 - - [05/Mar/2024:09:15:10 +0800] "POST /xingrg/login.do HTTP/1.1" 302 -
101.83.241.137 - - [05/Mar/2024:09:15:10 +0800] "POST /xingrg/login.do HTTP/1.1" 302 -
101.83.241.137 - - [05/Mar/2024:09:15:10 +0800] "GET /xingrg/index.html?sysBaseUrl=http%3A%2F%2F180.169.147.146%3A18081%2Fxingrg%2F&costTime=1474×tamp=1709601310444 HTTP/1.1" 200 17179
101.83.241.137 - - [05/Mar/2024:09:15:10 +0800] "GET /favicon.ico HTTP/1.1" 404 -
101.83.241.137 - - [05/Mar/2024:09:15:10 +0800] "POST /xingrg/all/common/load_tree.html?tree=area_rest_tree_json&manage=1 HTTP/1.1" 200 351
101.83.241.137 - - [05/Mar/2024:09:15:10 +0800] "GET /xingrg/all/function/internal_message.html?_=1709601310685&CODE_STATE=count HTTP/1.1" 200 11
101.83.241.137 - - [05/Mar/2024:09:15:10 +0800] "GET /xingrg/check_reg.html?_=1709601310686 HTTP/1.1" 200 22
101.83.241.137 - - [05/Mar/2024:09:15:11 +0800] "POST /xingrg/load_menu.html HTTP/1.1" 200 5138
116.230.123.13 - - [05/Mar/2024:09:15:17 +0800] "GET /xingrg/kc/buy/cgsh_order_operate.html?command=get_materiel&rest_code=00111&code=00101008005&supplier_code=00100008&order_time=2024-03-05 HTTP/1.1" 200 412
172.20.0.100 - - [05/Mar/2024:09:15:18 +0800] "GET /xingrg/all/function/internal_message.html?_=1709601318119&CODE_STATE=getMsg HTTP/1.1" 200 27
101.83.241.137 - - [05/Mar/2024:09:15:19 +0800] "GET /xingrg/kc/buy/cgsh_order_list.html HTTP/1.1" 200 57886
101.83.241.137 - - [05/Mar/2024:09:15:24 +0800] "POST /xingrg/kc/buy/cgsh_list_operate.html HTTP/1.1" 200 1875
222.69.134.177 - - [05/Mar/2024:09:15:24 +0800] "GET /xingrg/kc/base/wldb_order_info.html?code=422024030500318 HTTP/1.1" 200 26265
222.69.134.177 - - [05/Mar/2024:09:15:25 +0800] "GET /xingrg/javascript/easyui/themes/default/validatebox.css HTTP/1.1" 404 1104
222.69.134.177 - - [05/Mar/2024:09:15:25 +0800] "POST /xingrg/kc/base/wldb_order_operate.html HTTP/1.1" 200 5927
101.83.241.137 - - [05/Mar/2024:09:15:33 +0800] "POST /xingrg/kc/buy/cgsh_list_operate.html HTTP/1.1" 200 580
101.83.241.137 - - [05/Mar/2024:09:15:36 +0800] "GET /xingrg/kc/buy/cgsh_order_info.html?code=212024030401109 HTTP/1.1" 200 73756
101.83.241.137 - - [05/Mar/2024:09:15:36 +0800] "GET /xingrg/words/20240304184635_words.js HTTP/1.1" 200 1014517
101.83.241.137 - - [05/Mar/2024:09:15:36 +0800] "GET /xingrg/javascript/easyui/themes/default/validatebox.css HTTP/1.1" 404 1104
101.83.241.137 - - [05/Mar/2024:09:15:36 +0800] "GET /xingrg/all/common/auto_word.html?type=employee&rest_code=00149 HTTP/1.1" 200 147
101.83.241.137 - - [05/Mar/2024:09:15:36 +0800] "GET /xingrg/all/common/auto_word.html?type=employee&rest_code=00149 HTTP/1.1" 200 147
58.40.7.146 - - [05/Mar/2024:09:15:37 +0800] "GET /xingrg/all/function/internal_message.html?_=1709601337289&CODE_STATE=getMsg HTTP/1.1" 200 27
101.83.241.137 - - [05/Mar/2024:09:15:37 +0800] "POST /xingrg/kc/buy/cgsh_order_operate.html HTTP/1.1" 200 6233
116.224.254.208 - - [05/Mar/2024:09:15:39 +0800] "GET /xingrg/all/function/internal_message.html?_=1709601339623&CODE_STATE=getMsg HTTP/1.1" 200 27
101.83.241.137 - - [05/Mar/2024:09:15:40 +0800] "GET /xingrg/javascript/auto/indicator.gif HTTP/1.1" 404 1066
114.89.91.180 - - [05/Mar/2024:09:15:44 +0800] "GET /xingrg/login.html HTTP/1.1" 200 7641
114.89.91.180 - - [05/Mar/2024:09:15:45 +0800] "GET /xingrg/images/blue/login_bg.png HTTP/1.1" 200 22101
114.89.91.180 - - [05/Mar/2024:09:15:45 +0800] "GET /xingrg/images/blue/hj.png HTTP/1.1" 200 1014
114.89.91.180 - - [05/Mar/2024:09:15:45 +0800] "GET /xingrg/images/blue/srbg.png HTTP/1.1" 200 138
116.230.123.13 - - [05/Mar/2024:09:15:45 +0800] "GET /xingrg/kc/buy/cgsh_order_operate.html?command=get_materiel&rest_code=00111&code=00101008372&supplier_code=00100008&order_time=2024-03-05 HTTP/1.1" 200 408
114.89.91.180 - - [05/Mar/2024:09:15:45 +0800] "GET /favicon.ico HTTP/1.1" 404 -
124.78.57.58 - - [05/Mar/2024:09:15:46 +0800] "GET /xingrg/all/function/internal_message.html?_=1709601346948&CODE_STATE=getMsg HTTP/1.1" 200 27
114.89.91.180 - - [05/Mar/2024:09:15:47 +0800] "POST /xingrg/login.do HTTP/1.1" 302 -
114.89.91.180 - - [05/Mar/2024:09:15:47 +0800] "GET /xingrg/index.html?sysBaseUrl=http%3A%2F%2F180.169.147.146%3A18081%2Fxingrg%2F&costTime=868×tamp=1709601347276 HTTP/1.1" 200 17177
114.89.91.180 - - [05/Mar/2024:09:15:47 +0800] "GET /favicon.ico HTTP/1.1" 404 -
114.89.91.180 - - [05/Mar/2024:09:15:47 +0800] "GET /xingrg/all/function/internal_message.html?_=1709601351565&CODE_STATE=count HTTP/1.1" 200 11
114.89.91.180 - - [05/Mar/2024:09:15:47 +0800] "GET /xingrg/check_reg.html?_=1709601351565 HTTP/1.1" 200 22
114.89.91.180 - - [05/Mar/2024:09:15:47 +0800] "POST /xingrg/all/common/load_tree.html?tree=area_rest_tree_json&manage=1 HTTP/1.1" 200 601
114.89.91.180 - - [05/Mar/2024:09:15:47 +0800] "POST /xingrg/load_menu.html HTTP/1.1" 200 5138
114.89.91.180 - - [05/Mar/2024:09:15:48 +0800] "GET /xingrg/kc/mdqp/qp_main.html HTTP/1.1" 200 10633
114.89.91.180 - - [05/Mar/2024:09:15:49 +0800] "GET /xingrg/images/yd/bt.gif HTTP/1.1" 404 1040
114.89.91.180 - - [05/Mar/2024:09:15:49 +0800] "GET /xingrg/kc/mdqp/qqps_order_list.html HTTP/1.1" 200 9222
114.89.91.180 - - [05/Mar/2024:09:15:49 +0800] "GET /xingrg/dwr/interface/AjaxQqpsService.js HTTP/1.1" 200 16326
114.89.91.180 - - [05/Mar/2024:09:15:49 +0800] "GET /xingrg/dwr/interface/AjaxReportQueryService.js HTTP/1.1" 200 13203
114.89.91.180 - - [05/Mar/2024:09:15:49 +0800] "GET /xingrg/dwr/engine.js HTTP/1.1" 200 43631
114.89.91.180 - - [05/Mar/2024:09:15:49 +0800] "GET /xingrg/dwr/util.js HTTP/1.1" 304 -
116.230.123.13 - - [05/Mar/2024:09:15:50 +0800] "POST /xingrg/kc/buy/cgsh_order_operate.html HTTP/1.1" 200 2065
114.89.91.180 - - [05/Mar/2024:09:15:51 +0800] "GET /xingrg/kc/mdqp/qqps_order_add.html HTTP/1.1" 200 25935
114.89.91.180 - - [05/Mar/2024:09:15:51 +0800] "GET /xingrg/dwr/interface/AjaxComOrderService.js HTTP/1.1" 200 18264
114.89.91.180 - - [05/Mar/2024:09:15:51 +0800] "GET /xingrg/dwr/interface/AjaxQqpsService.js HTTP/1.1" 200 16326
114.89.91.180 - - [05/Mar/2024:09:15:51 +0800] "GET /xingrg/dwr/engine.js HTTP/1.1" 200 43631
114.89.91.180 - - [05/Mar/2024:09:15:51 +0800] "GET /xingrg/words/20240304184635_words.js HTTP/1.1" 200 1014517
116.224.254.208 - - [05/Mar/2024:09:15:52 +0800] "GET /xingrg/all/function/internal_message.html?_=1709601351982&CODE_STATE=getMsg HTTP/1.1" 200 27
101.83.241.137 - - [05/Mar/2024:09:15:55 +0800] "POST /xingrg/kc/buy/cgsh_order_operate.html HTTP/1.1" 200 37
114.89.91.180 - - [05/Mar/2024:09:16:02 +0800] "POST /xingrg/dwr/call/plaincall/AjaxQqpsService.saveOrder.dwr HTTP/1.1" 200 78
101.83.241.137 - - [05/Mar/2024:09:16:03 +0800] "POST /xingrg/kc/buy/cgsh_order_operate.html HTTP/1.1" 200 12
124.78.57.58 - - [05/Mar/2024:09:16:05 +0800] "GET /xingrg/check_reg.html?_=1709601365113 HTTP/1.1" 200 22
180.169.147.146 - - [05/Mar/2024:09:16:05 +0800] "GET /xingrg/check_reg.html?_=1709601365296 HTTP/1.1" 200 22
180.169.147.146 - - [05/Mar/2024:09:16:05 +0800] "GET /xingrg/all/function/internal_message.html?_=1709601365298&CODE_STATE=getMsg HTTP/1.1" 200 27
114.89.91.180 - - [05/Mar/2024:09:16:06 +0800] "GET /xingrg/javascript/auto/indicator.gif HTTP/1.1" 404 1066
114.89.91.180 - - [05/Mar/2024:09:16:07 +0800] "POST /xingrg/dwr/call/plaincall/AjaxQqpsService.getMaterielByCode.dwr HTTP/1.1" 200 1359
101.83.145.37 - - [05/Mar/2024:09:16:07 +0800] "GET /xingrg/all/function/internal_message.html?_=1709601368659&CODE_STATE=getMsg HTTP/1.1" 200 27
101.83.241.137 - - [05/Mar/2024:09:16:07 +0800] "GET /xingrg/kc/buy/cgsh_order_info.html?code=212024030401109 HTTP/1.1" 200 68656
116.230.123.13 - - [05/Mar/2024:09:16:08 +0800] "GET /xingrg/all/function/internal_message.html?_=1709601368218&CODE_STATE=getMsg HTTP/1.1" 200 27
101.83.241.137 - - [05/Mar/2024:09:16:08 +0800] "GET /xingrg/javascript/easyui/themes/default/validatebox.css HTTP/1.1" 404 1104
101.83.241.137 - - [05/Mar/2024:09:16:09 +0800] "POST /xingrg/kc/buy/cgsh_order_operate.html HTTP/1.1" 200 4177
101.83.241.137 - - [05/Mar/2024:09:16:10 +0800] "GET /xingrg/all/function/internal_message.html?_=1709601370696&CODE_STATE=getMsg HTTP/1.1" 200 27
114.89.91.180 - - [05/Mar/2024:09:16:11 +0800] "POST /xingrg/dwr/call/plaincall/AjaxQqpsService.saveMaterielItem.dwr HTTP/1.1" 200 78
114.89.91.180 - - [05/Mar/2024:09:16:13 +0800] "POST /xingrg/dwr/call/plaincall/AjaxQqpsService.checkOrder.dwr HTTP/1.1" 200 78
172.20.0.100 - - [05/Mar/2024:09:16:18 +0800] "GET /xingrg/all/function/internal_message.html?_=1709601378092&CODE_STATE=getMsg HTTP/1.1" 200 27
101.83.241.137 - - [05/Mar/2024:09:16:21 +0800] "GET /xingrg/kc/buy/cgsh_order_add.html HTTP/1.1" 200 73743
101.83.241.137 - - [05/Mar/2024:09:16:22 +0800] "POST /xingrg/kc/buy/cgsh_order_operate.html HTTP/1.1" 200 8245
101.83.241.137 - - [05/Mar/2024:09:16:22 +0800] "GET /xingrg/javascript/easyui/themes/default/validatebox.css HTTP/1.1" 404 1104
101.83.241.137 - - [05/Mar/2024:09:16:27 +0800] "GET /xingrg/javascript/jquery_tools/images/prev.gif HTTP/1.1" 404 1086
101.83.241.137 - - [05/Mar/2024:09:16:27 +0800] "GET /xingrg/javascript/jquery_tools/images/next.gif HTTP/1.1" 404 1086
180.169.147.146 - - [05/Mar/2024:09:16:30 +0800] "POST /xingrg/dwr/call/plaincall/AjaxReportQueryService.refreshCache.dwr HTTP/1.1" 200 78
180.169.147.146 - - [05/Mar/2024:09:16:32 +0800] "POST /xingrg/all/report/load_report_page.html HTTP/1.1" 200 52680
180.169.147.146 - - [05/Mar/2024:09:16:32 +0800] "GET /xingrg/servlets/image?cache=0.0638911954635698&image=px HTTP/1.1" 200 807
180.164.1.25 - - [05/Mar/2024:09:16:33 +0800] "GET /xingrg/login.html HTTP/1.1" 200 7641
180.164.1.25 - - [05/Mar/2024:09:16:33 +0800] "GET /xingrg/images/blue/jxLogo.png HTTP/1.1" 304 -
180.164.1.25 - - [05/Mar/2024:09:16:34 +0800] "GET /xingrg/images/blue/login_bg.png HTTP/1.1" 304 -
180.164.1.25 - - [05/Mar/2024:09:16:34 +0800] "GET /xingrg/images/blue/hj.png HTTP/1.1" 304 -
180.164.1.25 - - [05/Mar/2024:09:16:34 +0800] "GET /xingrg/images/blue/srbg.png HTTP/1.1" 304 -
180.164.1.25 - - [05/Mar/2024:09:16:34 +0800] "GET /favicon.ico HTTP/1.1" 404 -
116.224.254.208 - - [05/Mar/2024:09:16:35 +0800] "GET /xingrg/javascript/jquery_easy_ui/themes/default/images/tabs_active.png HTTP/1.1" 304 -
180.164.1.25 - - [05/Mar/2024:09:16:36 +0800] "POST /xingrg/login.do HTTP/1.1" 302 -
180.164.1.25 - - [05/Mar/2024:09:16:37 +0800] "GET /xingrg/index.html?sysBaseUrl=http%3A%2F%2F180.169.147.146%3A18081%2Fxingrg%2F&costTime=890×tamp=1709601396954 HTTP/1.1" 200 17183
180.164.1.25 - - [05/Mar/2024:09:16:37 +0800] "GET /xingrg/javascript/jquery_easy_ui/themes/default/easyui.css HTTP/1.1" 304 -
180.164.1.25 - - [05/Mar/2024:09:16:37 +0800] "GET /xingrg/javascript/jquery_easy_ui/themes/icon.css HTTP/1.1" 304 -
180.164.1.25 - - [05/Mar/2024:09:16:37 +0800] "GET /xingrg/css/form.css HTTP/1.1" 304 -
180.164.1.25 - - [05/Mar/2024:09:16:37 +0800] "GET /xingrg/javascript/jquery-1.4.2.min.js HTTP/1.1" 304 -
180.164.1.25 - - [05/Mar/2024:09:16:37 +0800] "GET /favicon.ico HTTP/1.1" 404 -
58.40.7.146 - - [05/Mar/2024:09:16:37 +0800] "GET /xingrg/all/function/internal_message.html?_=1709601397274&CODE_STATE=getMsg HTTP/1.1" 200 27
180.164.1.25 - - [05/Mar/2024:09:16:37 +0800] "GET /xingrg/javascript/jquery_easy_ui/jquery.easyui.min.js HTTP/1.1" 304 -
180.164.1.25 - - [05/Mar/2024:09:16:37 +0800] "GET /xingrg/javascript/jquery_easy_ui/easyui-lang-zh_CN.js HTTP/1.1" 304 -
180.164.1.25 - - [05/Mar/2024:09:16:37 +0800] "GET /xingrg/javascript/jquery.form.js HTTP/1.1" 304 -
180.164.1.25 - - [05/Mar/2024:09:16:37 +0800] "GET /xingrg/javascript/jquery.utils.js HTTP/1.1" 304 -
180.164.1.25 - - [05/Mar/2024:09:16:37 +0800] "GET /xingrg/javascript/jquery.timers.js HTTP/1.1" 304 -
180.164.1.25 - - [05/Mar/2024:09:16:37 +0800] "GET /xingrg/javascript/jquery_easy_ui/themes/icons/settle_new.png HTTP/1.1" 304 -
180.164.1.25 - - [05/Mar/2024:09:16:37 +0800] "GET /xingrg/images/blue/navBackgound.jpg HTTP/1.1" 304 -
180.164.1.25 - - [05/Mar/2024:09:16:37 +0800] "POST /xingrg/all/common/load_tree.html?tree=area_rest_tree_json&manage=1 HTTP/1.1" 200 357
180.164.1.25 - - [05/Mar/2024:09:16:37 +0800] "GET /xingrg/all/function/internal_message.html?_=1709601396135&CODE_STATE=count HTTP/1.1" 200 11
180.164.1.25 - - [05/Mar/2024:09:16:37 +0800] "GET /xingrg/check_reg.html?_=1709601396136 HTTP/1.1" 200 22
180.164.1.25 - - [05/Mar/2024:09:16:37 +0800] "GET /xingrg/javascript/jquery_easy_ui/themes/default/images/panel_tool_collapse.gif HTTP/1.1" 304 -
180.164.1.25 - - [05/Mar/2024:09:16:37 +0800] "GET /xingrg/images/blue/pingpu.png HTTP/1.1" 304 -
180.164.1.25 - - [05/Mar/2024:09:16:37 +0800] "GET /xingrg/javascript/jquery_easy_ui/themes/default/images/tabs_leftarrow.png HTTP/1.1" 304 -
180.164.1.25 - - [05/Mar/2024:09:16:37 +0800] "GET /xingrg/javascript/jquery_easy_ui/themes/default/images/tabs_rightarrow.png HTTP/1.1" 304 -
180.164.1.25 - - [05/Mar/2024:09:16:37 +0800] "POST /xingrg/load_menu.html HTTP/1.1" 200 5138
180.164.1.25 - - [05/Mar/2024:09:16:37 +0800] "GET /xingrg/javascript/jquery_easy_ui/themes/default/images/tree_arrows.gif HTTP/1.1" 304 -
180.164.1.25 - - [05/Mar/2024:09:16:37 +0800] "GET /xingrg/javascript/jquery_easy_ui/themes/default/images/tree_folder_open.gif HTTP/1.1" 304 -
180.164.1.25 - - [05/Mar/2024:09:16:37 +0800] "GET /xingrg/javascript/jquery_easy_ui/themes/icons/search_new.png HTTP/1.1" 304 -
180.164.1.25 - - [05/Mar/2024:09:16:37 +0800] "GET /xingrg/javascript/jquery_easy_ui/themes/default/images/tree_folder.gif HTTP/1.1" 304 -
180.164.1.25 - - [05/Mar/2024:09:16:37 +0800] "GET /xingrg/javascript/jquery_easy_ui/themes/icons/storage_new.png HTTP/1.1" 304 -
180.164.1.25 - - [05/Mar/2024:09:16:37 +0800] "GET /xingrg/javascript/jquery_easy_ui/themes/icons/forms_new.png HTTP/1.1" 304 -
180.164.1.25 - - [05/Mar/2024:09:16:37 +0800] "GET /xingrg/javascript/jquery_easy_ui/themes/default/images/tree_file.gif HTTP/1.1" 304 -
116.224.254.208 - - [05/Mar/2024:09:16:39 +0800] "GET /xingrg/check_reg.html?_=1709601399620 HTTP/1.1" 200 22
116.224.254.208 - - [05/Mar/2024:09:16:39 +0800] "GET /xingrg/all/function/internal_message.html?_=1709601399623&CODE_STATE=getMsg HTTP/1.1" 200 27
124.78.57.58 - - [05/Mar/2024:09:16:46 +0800] "GET /xingrg/all/function/internal_message.html?_=1709601406942&CODE_STATE=getMsg HTTP/1.1" 200 27
101.83.241.137 - - [05/Mar/2024:09:16:47 +0800] "GET /xingrg/kc/buy/cgsh_order_operate.html?command=get_materiel&rest_code=00149&code=00101008175&supplier_code=00100008&order_time=2024-03-05 HTTP/1.1" 200 412
58.40.7.146 - - [05/Mar/2024:09:16:50 +0800] "GET /xingrg/check_reg.html?_=1709601410072 HTTP/1.1" 200 22
116.230.123.13 - - [05/Mar/2024:09:16:50 +0800] "GET /xingrg/kc/buy/cgsh_order_operate.html?command=get_materiel&rest_code=00111&code=00101008058&supplier_code=00100008&order_time=2024-03-05 HTTP/1.1" 200 408
222.69.134.177 - - [05/Mar/2024:09:16:51 +0800] "GET /xingrg/check_reg.html?_=1709601413502 HTTP/1.1" 200 22
116.224.254.208 - - [05/Mar/2024:09:16:52 +0800] "GET /xingrg/all/function/internal_message.html?_=1709601411974&CODE_STATE=getMsg HTTP/1.1" 200 27
114.89.91.180 - - [05/Mar/2024:09:17:05 +0800] "GET /xingrg/kc/mdqp/qqps_order_info.html?code=302024030500035 HTTP/1.1" 200 24329
114.89.91.180 - - [05/Mar/2024:09:17:05 +0800] "GET /xingrg/dwr/interface/AjaxComOrderService.js HTTP/1.1" 200 18264
114.89.91.180 - - [05/Mar/2024:09:17:05 +0800] "GET /xingrg/dwr/interface/AjaxQqpsService.js HTTP/1.1" 200 16326
114.89.91.180 - - [05/Mar/2024:09:17:05 +0800] "GET /xingrg/dwr/engine.js HTTP/1.1" 200 43631
180.169.147.146 - - [05/Mar/2024:09:17:05 +0800] "GET /xingrg/all/function/internal_message.html?_=1709601425313&CODE_STATE=getMsg HTTP/1.1" 200 27
114.89.91.180 - - [05/Mar/2024:09:17:06 +0800] "POST /xingrg/dwr/call/plaincall/AjaxQqpsService.loadMaterielItems.dwr HTTP/1.1" 200 338
101.83.145.37 - - [05/Mar/2024:09:17:07 +0800] "GET /xingrg/all/function/internal_message.html?_=1709601428686&CODE_STATE=getMsg HTTP/1.1" 200 27
101.83.145.37 - - [05/Mar/2024:09:17:07 +0800] "GET /xingrg/check_reg.html?_=1709601428689 HTTP/1.1" 200 22
116.230.123.13 - - [05/Mar/2024:09:17:08 +0800] "GET /xingrg/all/function/internal_message.html?_=1709601428228&CODE_STATE=getMsg HTTP/1.1" 200 27
101.83.241.137 - - [05/Mar/2024:09:17:09 +0800] "GET /xingrg/kc/buy/cgsh_order_operate.html?command=get_materiel&rest_code=00149&code=00101008041&supplier_code=00100008&order_time=2024-03-05 HTTP/1.1" 200 408
101.83.241.137 - - [05/Mar/2024:09:17:10 +0800] "GET /xingrg/all/function/internal_message.html?_=1709601430697&CODE_STATE=getMsg HTTP/1.1" 200 27
114.89.91.180 - - [05/Mar/2024:09:17:11 +0800] "GET /xingrg/kc/buy/buy_main.html HTTP/1.1" 200 12412
114.89.91.180 - - [05/Mar/2024:09:17:11 +0800] "GET /xingrg/css/new_ie.css HTTP/1.1" 404 1036
116.230.123.13 - - [05/Mar/2024:09:17:12 +0800] "GET /xingrg/kc/buy/cgsh_order_operate.html?command=get_materiel&rest_code=00111&code=00101008106&supplier_code=00100008&order_time=2024-03-05 HTTP/1.1" 200 412
114.89.91.180 - - [05/Mar/2024:09:17:12 +0800] "GET /xingrg/kc/buy/cgsh_order_list.html HTTP/1.1" 200 57884
114.89.91.180 - - [05/Mar/2024:09:17:15 +0800] "POST /xingrg/kc/buy/cgsh_list_operate.html HTTP/1.1" 200 986
172.20.0.100 - - [05/Mar/2024:09:17:18 +0800] "GET /xingrg/all/function/internal_message.html?_=1709601438070&CODE_STATE=getMsg HTTP/1.1" 200 27
101.83.241.137 - - [05/Mar/2024:09:17:20 +0800] "GET /xingrg/kc/buy/cgsh_order_operate.html?command=get_materiel&rest_code=00149&code=00101008612&supplier_code=00100008&order_time=2024-03-05 HTTP/1.1" 200 420
101.83.241.137 - - [05/Mar/2024:09:17:29 +0800] "GET /xingrg/kc/buy/cgsh_order_operate.html?command=get_materiel&rest_code=00149&code=00101008163&supplier_code=00100008&order_time=2024-03-05 HTTP/1.1" 200 409
58.40.7.146 - - [05/Mar/2024:09:17:37 +0800] "GET /xingrg/all/function/internal_message.html?_=1709601457245&CODE_STATE=getMsg HTTP/1.1" 200 27
180.164.1.25 - - [05/Mar/2024:09:17:37 +0800] "GET /xingrg/all/function/internal_message.html?_=1709601456152&CODE_STATE=getMsg HTTP/1.1" 200 27
