58.40.7.146 - - [05/Mar/2024:06:55:40 +0800] "GET /xingrg/all/function/internal_message.html?_=1709592940395&CODE_STATE=getMsg HTTP/1.1" 200 27
120.253.135.82 - - [05/Mar/2024:06:55:44 +0800] "POST /xingrg/kc/base/stock_operate.html HTTP/1.1" 200 1451
124.78.57.58 - - [05/Mar/2024:06:55:49 +0800] "GET /xingrg/all/function/internal_message.html?_=1709592949067&CODE_STATE=getMsg HTTP/1.1" 200 27
116.230.123.13 - - [05/Mar/2024:06:55:53 +0800] "GET /xingrg/check_reg.html?_=1709592953360 HTTP/1.1" 200 22
120.253.135.82 - - [05/Mar/2024:06:55:53 +0800] "POST /xingrg/kc/base/stock_operate.html HTTP/1.1" 200 1710
124.78.57.58 - - [05/Mar/2024:06:56:05 +0800] "GET /xingrg/check_reg.html?_=1709592965557 HTTP/1.1" 200 22
116.224.254.208 - - [05/Mar/2024:06:56:05 +0800] "GET /xingrg/all/function/internal_message.html?_=1709592965662&CODE_STATE=getMsg HTTP/1.1" 200 27
116.224.254.208 - - [05/Mar/2024:06:56:05 +0800] "GET /xingrg/check_reg.html?_=1709592965664 HTTP/1.1" 200 22
120.253.135.82 - - [05/Mar/2024:06:56:06 +0800] "GET /xingrg/all/function/internal_message.html?_=1709592802984&CODE_STATE=getMsg HTTP/1.1" 200 27
120.253.135.82 - - [05/Mar/2024:06:56:29 +0800] "GET /favicon.ico HTTP/1.1" 404 -
116.230.123.13 - - [05/Mar/2024:06:56:30 +0800] "GET /xingrg/all/function/internal_message.html?_=1709592991052&CODE_STATE=getMsg HTTP/1.1" 200 27
58.40.7.146 - - [05/Mar/2024:06:56:40 +0800] "GET /xingrg/all/function/internal_message.html?_=1709593000381&CODE_STATE=getMsg HTTP/1.1" 200 27
124.78.57.58 - - [05/Mar/2024:06:56:49 +0800] "GET /xingrg/all/function/internal_message.html?_=1709593009051&CODE_STATE=getMsg HTTP/1.1" 200 27
58.40.7.146 - - [05/Mar/2024:06:56:50 +0800] "GET /xingrg/check_reg.html?_=1709593010633 HTTP/1.1" 200 22
120.253.135.82 - - [05/Mar/2024:06:56:51 +0800] "POST /xingrg/kc/base/stock_operate.html HTTP/1.1" 200 1461
222.69.134.177 - - [05/Mar/2024:06:56:52 +0800] "GET /xingrg/check_reg.html?_=1709593013886 HTTP/1.1" 200 22
120.253.135.82 - - [05/Mar/2024:06:57:02 +0800] "GET /xingrg/check_reg.html?_=1709592858744 HTTP/1.1" 200 22
116.224.254.208 - - [05/Mar/2024:06:57:05 +0800] "GET /xingrg/all/function/internal_message.html?_=1709593025661&CODE_STATE=getMsg HTTP/1.1" 200 27
120.253.135.82 - - [05/Mar/2024:06:57:06 +0800] "GET /xingrg/all/function/internal_message.html?_=1709592862999&CODE_STATE=getMsg HTTP/1.1" 200 27
120.253.135.82 - - [05/Mar/2024:06:57:29 +0800] "POST /xingrg/kc/base/stock_operate.html HTTP/1.1" 200 1451
116.230.123.13 - - [05/Mar/2024:06:57:30 +0800] "GET /xingrg/all/function/internal_message.html?_=1709593051036&CODE_STATE=getMsg HTTP/1.1" 200 27
58.40.7.146 - - [05/Mar/2024:06:57:40 +0800] "GET /xingrg/all/function/internal_message.html?_=1709593060356&CODE_STATE=getMsg HTTP/1.1" 200 27
124.78.57.58 - - [05/Mar/2024:06:57:49 +0800] "GET /xingrg/all/function/internal_message.html?_=1709593069029&CODE_STATE=getMsg HTTP/1.1" 200 27
120.253.135.82 - - [05/Mar/2024:06:58:03 +0800] "POST /xingrg/kc/base/stock_operate.html HTTP/1.1" 200 1463
116.224.254.208 - - [05/Mar/2024:06:58:05 +0800] "GET /xingrg/all/function/internal_message.html?_=1709593085650&CODE_STATE=getMsg HTTP/1.1" 200 27
120.253.135.82 - - [05/Mar/2024:06:58:06 +0800] "GET /xingrg/all/function/internal_message.html?_=1709592923012&CODE_STATE=getMsg HTTP/1.1" 200 27
120.253.135.82 - - [05/Mar/2024:06:58:09 +0800] "POST /xingrg/kc/base/stock_operate.html HTTP/1.1" 200 1457
61.170.234.196 - - [05/Mar/2024:06:58:18 +0800] "POST /xingrg/services/DataTransmitService HTTP/1.1" 200 524
116.230.123.13 - - [05/Mar/2024:06:58:30 +0800] "GET /xingrg/all/function/internal_message.html?_=1709593111021&CODE_STATE=getMsg HTTP/1.1" 200 27
120.253.135.82 - - [05/Mar/2024:06:58:39 +0800] "POST /xingrg/kc/base/stock_operate.html HTTP/1.1" 200 1461
58.40.7.146 - - [05/Mar/2024:06:58:40 +0800] "GET /xingrg/all/function/internal_message.html?_=1709593120327&CODE_STATE=getMsg HTTP/1.1" 200 27
124.78.57.58 - - [05/Mar/2024:06:58:49 +0800] "GET /xingrg/all/function/internal_message.html?_=1709593129011&CODE_STATE=getMsg HTTP/1.1" 200 27
120.253.135.82 - - [05/Mar/2024:06:58:59 +0800] "POST /xingrg/kc/base/stock_operate.html HTTP/1.1" 200 1467
116.224.254.208 - - [05/Mar/2024:06:59:05 +0800] "GET /xingrg/all/function/internal_message.html?_=1709593145657&CODE_STATE=getMsg HTTP/1.1" 200 27
120.253.135.82 - - [05/Mar/2024:06:59:06 +0800] "GET /xingrg/all/function/internal_message.html?_=1709592983047&CODE_STATE=getMsg HTTP/1.1" 200 27
120.253.135.82 - - [05/Mar/2024:06:59:07 +0800] "POST /xingrg/kc/base/stock_operate.html HTTP/1.1" 200 1454
120.253.135.82 - - [05/Mar/2024:06:59:14 +0800] "POST /xingrg/kc/base/stock_operate.html HTTP/1.1" 200 1714
120.253.135.82 - - [05/Mar/2024:06:59:22 +0800] "POST /xingrg/kc/base/stock_operate.html HTTP/1.1" 200 1719
116.230.123.13 - - [05/Mar/2024:06:59:30 +0800] "GET /xingrg/all/function/internal_message.html?_=1709593171005&CODE_STATE=getMsg HTTP/1.1" 200 27
58.40.7.146 - - [05/Mar/2024:06:59:40 +0800] "GET /xingrg/all/function/internal_message.html?_=1709593180312&CODE_STATE=getMsg HTTP/1.1" 200 27
124.78.57.58 - - [05/Mar/2024:06:59:48 +0800] "GET /xingrg/all/function/internal_message.html?_=1709593188988&CODE_STATE=getMsg HTTP/1.1" 200 27
120.253.135.82 - - [05/Mar/2024:06:59:52 +0800] "POST /xingrg/kc/base/stock_operate.html HTTP/1.1" 200 1730
120.253.135.82 - - [05/Mar/2024:07:00:00 +0800] "POST /xingrg/kc/base/stock_operate.html HTTP/1.1" 200 1754
116.224.254.208 - - [05/Mar/2024:07:00:05 +0800] "GET /xingrg/all/function/internal_message.html?_=1709593205650&CODE_STATE=getMsg HTTP/1.1" 200 27
120.253.135.82 - - [05/Mar/2024:07:00:06 +0800] "GET /xingrg/all/function/internal_message.html?_=1709593043055&CODE_STATE=getMsg HTTP/1.1" 200 27
116.230.123.13 - - [05/Mar/2024:07:00:30 +0800] "GET /xingrg/all/function/internal_message.html?_=1709593230990&CODE_STATE=getMsg HTTP/1.1" 200 27
58.40.7.146 - - [05/Mar/2024:07:00:40 +0800] "GET /xingrg/all/function/internal_message.html?_=1709593240283&CODE_STATE=getMsg HTTP/1.1" 200 27
124.78.57.58 - - [05/Mar/2024:07:00:48 +0800] "GET /xingrg/all/function/internal_message.html?_=1709593248966&CODE_STATE=getMsg HTTP/1.1" 200 27
124.78.57.58 - - [05/Mar/2024:07:01:05 +0800] "GET /xingrg/check_reg.html?_=1709593265539 HTTP/1.1" 200 22
116.224.254.208 - - [05/Mar/2024:07:01:05 +0800] "GET /xingrg/all/function/internal_message.html?_=1709593265665&CODE_STATE=getMsg HTTP/1.1" 200 27
116.224.254.208 - - [05/Mar/2024:07:01:05 +0800] "GET /xingrg/check_reg.html?_=1709593265666 HTTP/1.1" 200 22
101.83.145.37 - - [05/Mar/2024:07:01:05 +0800] "POST /xingrg/services/DataTransmitService HTTP/1.1" 200 524
120.253.135.82 - - [05/Mar/2024:07:01:06 +0800] "GET /xingrg/all/function/internal_message.html?_=1709593103070&CODE_STATE=getMsg HTTP/1.1" 200 27
58.40.7.146 - - [05/Mar/2024:07:01:40 +0800] "GET /xingrg/all/function/internal_message.html?_=1709593300253&CODE_STATE=getMsg HTTP/1.1" 200 27
124.78.57.58 - - [05/Mar/2024:07:01:48 +0800] "GET /xingrg/all/function/internal_message.html?_=1709593308961&CODE_STATE=getMsg HTTP/1.1" 200 27
58.40.7.146 - - [05/Mar/2024:07:01:50 +0800] "GET /xingrg/check_reg.html?_=1709593310614 HTTP/1.1" 200 22
222.69.134.177 - - [05/Mar/2024:07:01:52 +0800] "GET /xingrg/check_reg.html?_=1709593313875 HTTP/1.1" 200 22
120.253.135.82 - - [05/Mar/2024:07:02:02 +0800] "GET /xingrg/check_reg.html?_=1709593158874 HTTP/1.1" 200 22
116.224.254.208 - - [05/Mar/2024:07:02:05 +0800] "GET /xingrg/all/function/internal_message.html?_=1709593325664&CODE_STATE=getMsg HTTP/1.1" 200 27
120.253.135.82 - - [05/Mar/2024:07:02:06 +0800] "GET /xingrg/all/function/internal_message.html?_=1709593163082&CODE_STATE=getMsg HTTP/1.1" 200 27
120.253.135.82 - - [05/Mar/2024:07:02:16 +0800] "POST /xingrg/kc/base/stock_operate.html HTTP/1.1" 200 1730
58.40.7.146 - - [05/Mar/2024:07:02:40 +0800] "GET /xingrg/all/function/internal_message.html?_=1709593360224&CODE_STATE=getMsg HTTP/1.1" 200 27
120.253.135.82 - - [05/Mar/2024:07:02:42 +0800] "POST /xingrg/kc/base/stock_operate.html HTTP/1.1" 200 1730
124.78.57.58 - - [05/Mar/2024:07:02:48 +0800] "GET /xingrg/all/function/internal_message.html?_=1709593368941&CODE_STATE=getMsg HTTP/1.1" 200 27
116.224.254.208 - - [05/Mar/2024:07:03:05 +0800] "GET /xingrg/all/function/internal_message.html?_=1709593385657&CODE_STATE=getMsg HTTP/1.1" 200 27
120.253.135.82 - - [05/Mar/2024:07:03:06 +0800] "GET /xingrg/all/function/internal_message.html?_=1709593223096&CODE_STATE=getMsg HTTP/1.1" 200 27
58.40.7.146 - - [05/Mar/2024:07:03:40 +0800] "GET /xingrg/all/function/internal_message.html?_=1709593420195&CODE_STATE=getMsg HTTP/1.1" 200 27
124.78.57.58 - - [05/Mar/2024:07:03:48 +0800] "GET /xingrg/all/function/internal_message.html?_=1709593428922&CODE_STATE=getMsg HTTP/1.1" 200 27
116.224.254.208 - - [05/Mar/2024:07:04:05 +0800] "GET /xingrg/all/function/internal_message.html?_=1709593445648&CODE_STATE=getMsg HTTP/1.1" 200 27
120.253.135.82 - - [05/Mar/2024:07:04:06 +0800] "GET /xingrg/all/function/internal_message.html?_=1709593283109&CODE_STATE=getMsg HTTP/1.1" 200 27
58.40.7.146 - - [05/Mar/2024:07:04:40 +0800] "GET /xingrg/all/function/internal_message.html?_=1709593480179&CODE_STATE=getMsg HTTP/1.1" 200 27
124.78.57.58 - - [05/Mar/2024:07:04:48 +0800] "GET /xingrg/all/function/internal_message.html?_=1709593488904&CODE_STATE=getMsg HTTP/1.1" 200 27
120.253.135.82 - - [05/Mar/2024:07:04:53 +0800] "POST /xingrg/kc/base/stock_operate.html HTTP/1.1" 200 1480
120.253.135.82 - - [05/Mar/2024:07:05:02 +0800] "POST /xingrg/kc/base/stock_operate.html HTTP/1.1" 200 1483
116.224.254.208 - - [05/Mar/2024:07:05:05 +0800] "GET /xingrg/all/function/internal_message.html?_=1709593505659&CODE_STATE=getMsg HTTP/1.1" 200 27
120.253.135.82 - - [05/Mar/2024:07:05:06 +0800] "GET /xingrg/all/function/internal_message.html?_=1709593343123&CODE_STATE=getMsg HTTP/1.1" 200 27
120.253.135.82 - - [05/Mar/2024:07:05:33 +0800] "POST /xingrg/kc/base/stock_operate.html HTTP/1.1" 200 1471
58.40.7.146 - - [05/Mar/2024:07:05:40 +0800] "GET /xingrg/all/function/internal_message.html?_=1709593540153&CODE_STATE=getMsg HTTP/1.1" 200 27
124.78.57.58 - - [05/Mar/2024:07:05:48 +0800] "GET /xingrg/all/function/internal_message.html?_=1709593548883&CODE_STATE=getMsg HTTP/1.1" 200 27
124.78.57.58 - - [05/Mar/2024:07:06:05 +0800] "GET /xingrg/check_reg.html?_=1709593565522 HTTP/1.1" 200 22
116.224.254.208 - - [05/Mar/2024:07:06:05 +0800] "GET /xingrg/all/function/internal_message.html?_=1709593565654&CODE_STATE=getMsg HTTP/1.1" 200 27
116.224.254.208 - - [05/Mar/2024:07:06:05 +0800] "GET /xingrg/check_reg.html?_=1709593565657 HTTP/1.1" 200 22
120.253.135.82 - - [05/Mar/2024:07:06:06 +0800] "GET /xingrg/all/function/internal_message.html?_=1709593403137&CODE_STATE=getMsg HTTP/1.1" 200 27
58.40.7.146 - - [05/Mar/2024:07:06:40 +0800] "GET /xingrg/all/function/internal_message.html?_=1709593600138&CODE_STATE=getMsg HTTP/1.1" 200 27
124.78.57.58 - - [05/Mar/2024:07:06:48 +0800] "GET /xingrg/all/function/internal_message.html?_=1709593608867&CODE_STATE=getMsg HTTP/1.1" 200 27
58.40.7.146 - - [05/Mar/2024:07:06:50 +0800] "GET /xingrg/check_reg.html?_=1709593610594 HTTP/1.1" 200 22
222.69.134.177 - - [05/Mar/2024:07:06:52 +0800] "GET /xingrg/check_reg.html?_=1709593613866 HTTP/1.1" 200 22
120.253.135.82 - - [05/Mar/2024:07:06:56 +0800] "POST /xingrg/kc/base/stock_operate.html HTTP/1.1" 200 1469
120.253.135.82 - - [05/Mar/2024:07:07:02 +0800] "GET /xingrg/check_reg.html?_=1709593458878 HTTP/1.1" 200 22
120.253.135.82 - - [05/Mar/2024:07:07:02 +0800] "POST /xingrg/kc/base/stock_operate.html HTTP/1.1" 200 1473
116.224.254.208 - - [05/Mar/2024:07:07:05 +0800] "GET /xingrg/all/function/internal_message.html?_=1709593625655&CODE_STATE=getMsg HTTP/1.1" 200 27
120.253.135.82 - - [05/Mar/2024:07:07:06 +0800] "GET /xingrg/all/function/internal_message.html?_=1709593463150&CODE_STATE=getMsg HTTP/1.1" 200 27
120.253.135.82 - - [05/Mar/2024:07:07:12 +0800] "POST /xingrg/kc/base/stock_operate.html HTTP/1.1" 200 1965
58.40.7.146 - - [05/Mar/2024:07:07:40 +0800] "GET /xingrg/all/function/internal_message.html?_=1709593660111&CODE_STATE=getMsg HTTP/1.1" 200 27
124.78.57.58 - - [05/Mar/2024:07:07:48 +0800] "GET /xingrg/all/function/internal_message.html?_=1709593668845&CODE_STATE=getMsg HTTP/1.1" 200 27
116.224.254.208 - - [05/Mar/2024:07:08:05 +0800] "GET /xingrg/all/function/internal_message.html?_=1709593685665&CODE_STATE=getMsg HTTP/1.1" 200 27
120.253.135.82 - - [05/Mar/2024:07:08:06 +0800] "GET /xingrg/all/function/internal_message.html?_=1709593523165&CODE_STATE=getMsg HTTP/1.1" 200 27
58.40.7.146 - - [05/Mar/2024:07:08:40 +0800] "GET /xingrg/all/function/internal_message.html?_=1709593720097&CODE_STATE=getMsg HTTP/1.1" 200 27
101.93.222.14 - - [05/Mar/2024:07:08:40 +0800] "POST /xingrg/services/DataTransmitService HTTP/1.1" 200 524
124.78.57.58 - - [05/Mar/2024:07:08:48 +0800] "GET /xingrg/all/function/internal_message.html?_=1709593728824&CODE_STATE=getMsg HTTP/1.1" 200 27
116.224.254.208 - - [05/Mar/2024:07:09:05 +0800] "GET /xingrg/all/function/internal_message.html?_=1709593745660&CODE_STATE=getMsg HTTP/1.1" 200 27
120.253.135.82 - - [05/Mar/2024:07:09:06 +0800] "GET /xingrg/all/function/internal_message.html?_=1709593583294&CODE_STATE=getMsg HTTP/1.1" 200 27
58.40.7.146 - - [05/Mar/2024:07:09:40 +0800] "GET /xingrg/all/function/internal_message.html?_=1709593780083&CODE_STATE=getMsg HTTP/1.1" 200 27
124.78.57.58 - - [05/Mar/2024:07:09:48 +0800] "GET /xingrg/all/function/internal_message.html?_=1709593788806&CODE_STATE=getMsg HTTP/1.1" 200 27
116.224.254.208 - - [05/Mar/2024:07:10:05 +0800] "GET /xingrg/all/function/internal_message.html?_=1709593805652&CODE_STATE=getMsg HTTP/1.1" 200 27
120.253.135.82 - - [05/Mar/2024:07:10:06 +0800] "GET /xingrg/all/function/internal_message.html?_=1709593643300&CODE_STATE=getMsg HTTP/1.1" 200 27
58.40.7.146 - - [05/Mar/2024:07:10:40 +0800] "GET /xingrg/all/function/internal_message.html?_=1709593840069&CODE_STATE=getMsg HTTP/1.1" 200 27
124.78.57.58 - - [05/Mar/2024:07:10:48 +0800] "GET /xingrg/all/function/internal_message.html?_=1709593848787&CODE_STATE=getMsg HTTP/1.1" 200 27
124.78.57.58 - - [05/Mar/2024:07:11:05 +0800] "GET /xingrg/check_reg.html?_=1709593865496 HTTP/1.1" 200 22
116.224.254.208 - - [05/Mar/2024:07:11:05 +0800] "GET /xingrg/all/function/internal_message.html?_=1709593865654&CODE_STATE=getMsg HTTP/1.1" 200 27
116.224.254.208 - - [05/Mar/2024:07:11:05 +0800] "GET /xingrg/check_reg.html?_=1709593865656 HTTP/1.1" 200 22
120.253.135.82 - - [05/Mar/2024:07:11:07 +0800] "GET /xingrg/all/function/internal_message.html?_=1709593703453&CODE_STATE=getMsg HTTP/1.1" 200 27
58.40.7.146 - - [05/Mar/2024:07:11:40 +0800] "GET /xingrg/all/function/internal_message.html?_=1709593900055&CODE_STATE=getMsg HTTP/1.1" 200 27
124.78.57.58 - - [05/Mar/2024:07:11:48 +0800] "GET /xingrg/all/function/internal_message.html?_=1709593908775&CODE_STATE=getMsg HTTP/1.1" 200 27
58.40.7.146 - - [05/Mar/2024:07:11:50 +0800] "GET /xingrg/check_reg.html?_=1709593910572 HTTP/1.1" 200 22
222.69.134.177 - - [05/Mar/2024:07:11:52 +0800] "GET /xingrg/check_reg.html?_=1709593913844 HTTP/1.1" 200 22
120.253.135.82 - - [05/Mar/2024:07:12:02 +0800] "GET /xingrg/check_reg.html?_=1709593758881 HTTP/1.1" 200 22
116.224.254.208 - - [05/Mar/2024:07:12:05 +0800] "GET /xingrg/all/function/internal_message.html?_=1709593925671&CODE_STATE=getMsg HTTP/1.1" 200 27
120.253.135.82 - - [05/Mar/2024:07:12:07 +0800] "GET /xingrg/all/function/internal_message.html?_=1709593763468&CODE_STATE=getMsg HTTP/1.1" 200 27
58.40.7.146 - - [05/Mar/2024:07:12:40 +0800] "GET /xingrg/all/function/internal_message.html?_=1709593960026&CODE_STATE=getMsg HTTP/1.1" 200 27
124.78.57.58 - - [05/Mar/2024:07:12:48 +0800] "GET /xingrg/all/function/internal_message.html?_=1709593968758&CODE_STATE=getMsg HTTP/1.1" 200 27
116.224.254.208 - - [05/Mar/2024:07:13:05 +0800] "GET /xingrg/all/function/internal_message.html?_=1709593985667&CODE_STATE=getMsg HTTP/1.1" 200 27
120.253.135.82 - - [05/Mar/2024:07:13:07 +0800] "GET /xingrg/all/function/internal_message.html?_=1709593823482&CODE_STATE=getMsg HTTP/1.1" 200 27
120.253.135.82 - - [05/Mar/2024:07:13:38 +0800] "GET /xingrg/kc/buy/cgsh_order_list.html HTTP/1.1" 200 57880
58.40.7.146 - - [05/Mar/2024:07:13:40 +0800] "GET /xingrg/all/function/internal_message.html?_=1709594020013&CODE_STATE=getMsg HTTP/1.1" 200 27
120.253.135.82 - - [05/Mar/2024:07:13:43 +0800] "POST /xingrg/kc/buy/cgsh_list_operate.html HTTP/1.1" 200 1842
120.253.135.82 - - [05/Mar/2024:07:13:46 +0800] "POST /xingrg/kc/buy/cgsh_list_operate.html HTTP/1.1" 200 284
124.78.57.58 - - [05/Mar/2024:07:13:48 +0800] "GET /xingrg/all/function/internal_message.html?_=1709594028739&CODE_STATE=getMsg HTTP/1.1" 200 27
120.253.135.82 - - [05/Mar/2024:07:13:54 +0800] "GET /xingrg/kc/buy/cgsh_order_info.html?code=212024030401123 HTTP/1.1" 200 72716
120.253.135.82 - - [05/Mar/2024:07:13:54 +0800] "GET /xingrg/javascript/easyui/themes/icons/template_new.png HTTP/1.1" 304 -
120.253.135.82 - - [05/Mar/2024:07:13:55 +0800] "GET /xingrg/javascript/easyui/themes/default/validatebox.css HTTP/1.1" 404 1104
120.253.135.82 - - [05/Mar/2024:07:13:56 +0800] "POST /xingrg/kc/buy/cgsh_order_operate.html HTTP/1.1" 200 3272
116.224.254.208 - - [05/Mar/2024:07:14:05 +0800] "GET /xingrg/all/function/internal_message.html?_=1709594045666&CODE_STATE=getMsg HTTP/1.1" 200 27
120.253.135.82 - - [05/Mar/2024:07:14:07 +0800] "GET /xingrg/all/function/internal_message.html?_=1709593883494&CODE_STATE=getMsg HTTP/1.1" 200 27
120.253.135.82 - - [05/Mar/2024:07:14:07 +0800] "POST /xingrg/kc/buy/cgsh_order_operate.html HTTP/1.1" 200 37
120.253.135.82 - - [05/Mar/2024:07:14:09 +0800] "POST /xingrg/kc/buy/cgsh_order_operate.html HTTP/1.1" 200 3272
120.253.135.82 - - [05/Mar/2024:07:14:32 +0800] "POST /xingrg/kc/buy/cgsh_order_operate.html HTTP/1.1" 200 37
120.253.135.82 - - [05/Mar/2024:07:14:33 +0800] "POST /xingrg/kc/buy/cgsh_order_operate.html HTTP/1.1" 200 3272
120.253.135.82 - - [05/Mar/2024:07:14:36 +0800] "GET /xingrg/kc/print/load_config.html?kc_code=cgsh HTTP/1.1" 200 1927
120.253.135.82 - - [05/Mar/2024:07:14:36 +0800] "GET /xingrg/kc/print/load_data.html?order_code=212024030401123&kc_code=cgsh&condition= HTTP/1.1" 200 914
58.40.7.146 - - [05/Mar/2024:07:14:40 +0800] "GET /xingrg/all/function/internal_message.html?_=1709594079983&CODE_STATE=getMsg HTTP/1.1" 200 27
124.78.57.58 - - [05/Mar/2024:07:14:48 +0800] "GET /xingrg/all/function/internal_message.html?_=1709594088716&CODE_STATE=getMsg HTTP/1.1" 200 27
116.224.254.208 - - [05/Mar/2024:07:15:05 +0800] "GET /xingrg/all/function/internal_message.html?_=1709594105665&CODE_STATE=getMsg HTTP/1.1" 200 27
120.253.135.82 - - [05/Mar/2024:07:15:07 +0800] "GET /xingrg/all/function/internal_message.html?_=1709593943509&CODE_STATE=getMsg HTTP/1.1" 200 27
58.40.7.146 - - [05/Mar/2024:07:15:39 +0800] "GET /xingrg/all/function/internal_message.html?_=1709594139969&CODE_STATE=getMsg HTTP/1.1" 200 27
124.78.57.58 - - [05/Mar/2024:07:15:48 +0800] "GET /xingrg/all/function/internal_message.html?_=1709594148696&CODE_STATE=getMsg HTTP/1.1" 200 27
124.78.57.58 - - [05/Mar/2024:07:16:05 +0800] "GET /xingrg/check_reg.html?_=1709594165471 HTTP/1.1" 200 22
116.224.254.208 - - [05/Mar/2024:07:16:05 +0800] "GET /xingrg/check_reg.html?_=1709594165663 HTTP/1.1" 200 22
116.224.254.208 - - [05/Mar/2024:07:16:05 +0800] "GET /xingrg/all/function/internal_message.html?_=1709594165668&CODE_STATE=getMsg HTTP/1.1" 200 27
120.253.135.82 - - [05/Mar/2024:07:16:07 +0800] "GET /xingrg/all/function/internal_message.html?_=1709594003647&CODE_STATE=getMsg HTTP/1.1" 200 27
58.40.7.146 - - [05/Mar/2024:07:16:39 +0800] "GET /xingrg/all/function/internal_message.html?_=1709594199941&CODE_STATE=getMsg HTTP/1.1" 200 27
124.78.57.58 - - [05/Mar/2024:07:16:48 +0800] "GET /xingrg/all/function/internal_message.html?_=1709594208685&CODE_STATE=getMsg HTTP/1.1" 200 27
58.40.7.146 - - [05/Mar/2024:07:16:50 +0800] "GET /xingrg/check_reg.html?_=1709594210554 HTTP/1.1" 200 22
222.69.134.177 - - [05/Mar/2024:07:16:52 +0800] "GET /xingrg/check_reg.html?_=1709594213825 HTTP/1.1" 200 22
120.253.135.82 - - [05/Mar/2024:07:17:01 +0800] "POST /xingrg/kc/buy/cgsh_order_operate.html HTTP/1.1" 200 37
116.224.254.208 - - [05/Mar/2024:07:17:05 +0800] "GET /xingrg/all/function/internal_message.html?_=1709594225666&CODE_STATE=getMsg HTTP/1.1" 200 27
120.253.135.82 - - [05/Mar/2024:07:17:07 +0800] "GET /xingrg/check_reg.html?_=1709594063787 HTTP/1.1" 200 22
120.253.135.82 - - [05/Mar/2024:07:17:07 +0800] "GET /xingrg/all/function/internal_message.html?_=1709594063788&CODE_STATE=getMsg HTTP/1.1" 200 27
120.253.135.82 - - [05/Mar/2024:07:17:09 +0800] "POST /xingrg/kc/buy/cgsh_order_operate.html HTTP/1.1" 200 12
120.253.135.82 - - [05/Mar/2024:07:17:11 +0800] "GET /xingrg/kc/buy/cgsh_order_info.html?code=212024030401123 HTTP/1.1" 200 67616
120.253.135.82 - - [05/Mar/2024:07:17:12 +0800] "GET /xingrg/javascript/easyui/themes/default/validatebox.css HTTP/1.1" 404 1104
120.253.135.82 - - [05/Mar/2024:07:17:13 +0800] "POST /xingrg/kc/buy/cgsh_order_operate.html HTTP/1.1" 200 1222
120.253.135.82 - - [05/Mar/2024:07:17:18 +0800] "GET /xingrg/kc/pszx/mdps_order_list.html?orderType=0 HTTP/1.1" 200 21033
120.253.135.82 - - [05/Mar/2024:07:17:19 +0800] "POST /xingrg/kc/pszx/mdps_list_operate.html HTTP/1.1" 200 5169
120.253.135.82 - - [05/Mar/2024:07:17:20 +0800] "POST /xingrg/kc/buy/cgsh_list_operate.html HTTP/1.1" 200 986
120.253.135.82 - - [05/Mar/2024:07:17:28 +0800] "POST /xingrg/kc/pszx/mdps_list_operate.html HTTP/1.1" 200 2055
120.253.135.82 - - [05/Mar/2024:07:17:29 +0800] "POST /xingrg/kc/pszx/mdps_list_operate.html HTTP/1.1" 200 284
120.253.135.82 - - [05/Mar/2024:07:17:30 +0800] "GET /xingrg/kc/pszx/mdps_order_info.html?code=312024030400056 HTTP/1.1" 200 23976
120.253.135.82 - - [05/Mar/2024:07:17:31 +0800] "GET /xingrg/javascript/easyui/themes/default/validatebox.css HTTP/1.1" 404 1104
120.253.135.82 - - [05/Mar/2024:07:17:31 +0800] "POST /xingrg/kc/pszx/mdps_order_operate.html HTTP/1.1" 200 2780
58.40.7.146 - - [05/Mar/2024:07:17:39 +0800] "GET /xingrg/all/function/internal_message.html?_=1709594259914&CODE_STATE=getMsg HTTP/1.1" 200 27
124.78.57.58 - - [05/Mar/2024:07:17:48 +0800] "GET /xingrg/all/function/internal_message.html?_=1709594268657&CODE_STATE=getMsg HTTP/1.1" 200 27
120.253.135.82 - - [05/Mar/2024:07:17:53 +0800] "POST /xingrg/kc/pszx/mdps_order_operate.html HTTP/1.1" 200 37
120.253.135.82 - - [05/Mar/2024:07:17:58 +0800] "GET /xingrg/kc/pszx/mdps_order_info.html?code=312024030400056 HTTP/1.1" 200 23982
120.253.135.82 - - [05/Mar/2024:07:17:58 +0800] "GET /xingrg/javascript/easyui/themes/default/validatebox.css HTTP/1.1" 404 1104
120.253.135.82 - - [05/Mar/2024:07:17:59 +0800] "POST /xingrg/kc/pszx/mdps_order_operate.html HTTP/1.1" 200 2780
120.253.135.82 - - [05/Mar/2024:07:18:02 +0800] "GET /xingrg/kc/pszx/mdps_order_info.html?code=312024030400056 HTTP/1.1" 200 23982
120.253.135.82 - - [05/Mar/2024:07:18:03 +0800] "GET /xingrg/javascript/easyui/themes/default/validatebox.css HTTP/1.1" 404 1104
120.253.135.82 - - [05/Mar/2024:07:18:03 +0800] "POST /xingrg/kc/pszx/mdps_order_operate.html HTTP/1.1" 200 2780
116.224.254.208 - - [05/Mar/2024:07:18:05 +0800] "GET /xingrg/all/function/internal_message.html?_=1709594285654&CODE_STATE=getMsg HTTP/1.1" 200 27
120.253.135.82 - - [05/Mar/2024:07:18:07 +0800] "GET /xingrg/all/function/internal_message.html?_=1709594123799&CODE_STATE=getMsg HTTP/1.1" 200 27
120.253.135.82 - - [05/Mar/2024:07:18:10 +0800] "POST /xingrg/kc/pszx/mdps_order_operate.html HTTP/1.1" 200 37
120.253.135.82 - - [05/Mar/2024:07:18:11 +0800] "GET /xingrg/kc/pszx/mdps_order_info.html?code=312024030400056 HTTP/1.1" 200 23982
120.253.135.82 - - [05/Mar/2024:07:18:12 +0800] "GET /xingrg/javascript/easyui/themes/default/validatebox.css HTTP/1.1" 404 1104
120.253.135.82 - - [05/Mar/2024:07:18:12 +0800] "POST /xingrg/kc/pszx/mdps_order_operate.html HTTP/1.1" 200 2780
120.253.135.82 - - [05/Mar/2024:07:18:13 +0800] "POST /xingrg/kc/pszx/mdps_list_operate.html HTTP/1.1" 200 2064
120.253.135.82 - - [05/Mar/2024:07:18:15 +0800] "POST /xingrg/kc/pszx/mdps_list_operate.html HTTP/1.1" 200 208
120.253.135.82 - - [05/Mar/2024:07:18:18 +0800] "POST /xingrg/kc/pszx/mdps_list_operate.html HTTP/1.1" 200 284
120.253.135.82 - - [05/Mar/2024:07:18:20 +0800] "GET /xingrg/kc/pszx/mdps_order_info.html?code=312024030400054 HTTP/1.1" 200 23976
120.253.135.82 - - [05/Mar/2024:07:18:21 +0800] "GET /xingrg/javascript/easyui/themes/default/validatebox.css HTTP/1.1" 404 1104
120.253.135.82 - - [05/Mar/2024:07:18:21 +0800] "POST /xingrg/kc/pszx/mdps_order_operate.html HTTP/1.1" 200 2288
120.253.135.82 - - [05/Mar/2024:07:18:25 +0800] "POST /xingrg/kc/pszx/mdps_list_operate.html HTTP/1.1" 200 2064
120.253.135.82 - - [05/Mar/2024:07:18:26 +0800] "POST /xingrg/kc/pszx/mdps_list_operate.html HTTP/1.1" 200 284
58.40.7.146 - - [05/Mar/2024:07:18:39 +0800] "GET /xingrg/all/function/internal_message.html?_=1709594319900&CODE_STATE=getMsg HTTP/1.1" 200 27
120.253.135.82 - - [05/Mar/2024:07:18:45 +0800] "POST /xingrg/kc/pszx/mdps_list_operate.html HTTP/1.1" 200 3130
120.253.135.82 - - [05/Mar/2024:07:18:46 +0800] "POST /xingrg/kc/pszx/mdps_list_operate.html HTTP/1.1" 200 291
124.78.57.58 - - [05/Mar/2024:07:18:48 +0800] "GET /xingrg/all/function/internal_message.html?_=1709594328642&CODE_STATE=getMsg HTTP/1.1" 200 27
120.253.135.82 - - [05/Mar/2024:07:18:48 +0800] "POST /xingrg/kc/pszx/mdps_list_operate.html HTTP/1.1" 200 450
120.253.135.82 - - [05/Mar/2024:07:18:50 +0800] "POST /xingrg/kc/pszx/mdps_list_operate.html HTTP/1.1" 200 205
120.253.135.82 - - [05/Mar/2024:07:18:52 +0800] "GET /xingrg/kc/pszx/mdps_order_info.html?code=312024030400057 HTTP/1.1" 200 23970
120.253.135.82 - - [05/Mar/2024:07:18:52 +0800] "GET /xingrg/javascript/easyui/themes/default/validatebox.css HTTP/1.1" 404 1104
120.253.135.82 - - [05/Mar/2024:07:18:53 +0800] "POST /xingrg/kc/pszx/mdps_order_operate.html HTTP/1.1" 200 2285
120.253.135.82 - - [05/Mar/2024:07:19:04 +0800] "POST /xingrg/kc/pszx/mdps_order_operate.html HTTP/1.1" 200 37
116.224.254.208 - - [05/Mar/2024:07:19:05 +0800] "GET /xingrg/all/function/internal_message.html?_=1709594345645&CODE_STATE=getMsg HTTP/1.1" 200 27
120.253.135.82 - - [05/Mar/2024:07:19:06 +0800] "GET /xingrg/kc/pszx/mdps_order_info.html?code=312024030400057 HTTP/1.1" 200 23976
120.253.135.82 - - [05/Mar/2024:07:19:06 +0800] "GET /xingrg/javascript/easyui/themes/default/validatebox.css HTTP/1.1" 404 1104
120.253.135.82 - - [05/Mar/2024:07:19:07 +0800] "POST /xingrg/kc/pszx/mdps_order_operate.html HTTP/1.1" 200 2285
120.253.135.82 - - [05/Mar/2024:07:19:07 +0800] "GET /xingrg/all/function/internal_message.html?_=1709594183812&CODE_STATE=getMsg HTTP/1.1" 200 27
120.253.135.82 - - [05/Mar/2024:07:19:23 +0800] "POST /xingrg/kc/pszx/mdps_order_operate.html HTTP/1.1" 200 37
120.253.135.82 - - [05/Mar/2024:07:19:25 +0800] "GET /xingrg/kc/pszx/mdps_order_info.html?code=312024030400057 HTTP/1.1" 200 23976
120.253.135.82 - - [05/Mar/2024:07:19:25 +0800] "GET /xingrg/javascript/easyui/themes/default/validatebox.css HTTP/1.1" 404 1104
120.253.135.82 - - [05/Mar/2024:07:19:26 +0800] "POST /xingrg/kc/pszx/mdps_order_operate.html HTTP/1.1" 200 2285
120.253.135.82 - - [05/Mar/2024:07:19:27 +0800] "POST /xingrg/kc/pszx/mdps_list_operate.html HTTP/1.1" 200 3139
58.40.7.146 - - [05/Mar/2024:07:19:39 +0800] "GET /xingrg/all/function/internal_message.html?_=1709594379870&CODE_STATE=getMsg HTTP/1.1" 200 27
120.253.135.82 - - [05/Mar/2024:07:19:40 +0800] "POST /xingrg/kc/pszx/mdps_list_operate.html HTTP/1.1" 200 2042
120.253.135.82 - - [05/Mar/2024:07:19:42 +0800] "POST /xingrg/kc/pszx/mdps_list_operate.html HTTP/1.1" 200 202
120.253.135.82 - - [05/Mar/2024:07:19:44 +0800] "POST /xingrg/kc/pszx/mdps_list_operate.html HTTP/1.1" 200 205
120.253.135.82 - - [05/Mar/2024:07:19:45 +0800] "GET /xingrg/kc/pszx/mdps_order_info.html?code=312024030400058 HTTP/1.1" 200 23970
120.253.135.82 - - [05/Mar/2024:07:19:45 +0800] "GET /xingrg/javascript/easyui/themes/default/validatebox.css HTTP/1.1" 404 1104
120.253.135.82 - - [05/Mar/2024:07:19:46 +0800] "POST /xingrg/kc/pszx/mdps_order_operate.html HTTP/1.1" 200 2285
124.78.57.58 - - [05/Mar/2024:07:19:48 +0800] "GET /xingrg/all/function/internal_message.html?_=1709594388622&CODE_STATE=getMsg HTTP/1.1" 200 27
120.253.135.82 - - [05/Mar/2024:07:19:58 +0800] "POST /xingrg/kc/pszx/mdps_order_operate.html HTTP/1.1" 200 37
120.253.135.82 - - [05/Mar/2024:07:20:04 +0800] "GET /xingrg/kc/pszx/mdps_order_info.html?code=312024030400058 HTTP/1.1" 200 23976
120.253.135.82 - - [05/Mar/2024:07:20:05 +0800] "GET /xingrg/javascript/easyui/themes/default/validatebox.css HTTP/1.1" 404 1104
116.224.254.208 - - [05/Mar/2024:07:20:05 +0800] "GET /xingrg/all/function/internal_message.html?_=1709594405651&CODE_STATE=getMsg HTTP/1.1" 200 27
120.253.135.82 - - [05/Mar/2024:07:20:05 +0800] "POST /xingrg/kc/pszx/mdps_order_operate.html HTTP/1.1" 200 2285
120.253.135.82 - - [05/Mar/2024:07:20:06 +0800] "POST /xingrg/kc/pszx/mdps_list_operate.html HTTP/1.1" 200 2051
120.253.135.82 - - [05/Mar/2024:07:20:07 +0800] "GET /xingrg/all/function/internal_message.html?_=1709594243827&CODE_STATE=getMsg HTTP/1.1" 200 27
120.253.135.82 - - [05/Mar/2024:07:20:23 +0800] "POST /xingrg/kc/pszx/mdps_list_operate.html HTTP/1.1" 200 1687
120.253.135.82 - - [05/Mar/2024:07:20:24 +0800] "POST /xingrg/kc/pszx/mdps_list_operate.html HTTP/1.1" 200 205
120.253.135.82 - - [05/Mar/2024:07:20:31 +0800] "GET /xingrg/kc/pszx/mdps_order_info.html?code=312024030400060 HTTP/1.1" 200 23976
120.253.135.82 - - [05/Mar/2024:07:20:31 +0800] "GET /xingrg/javascript/easyui/themes/default/validatebox.css HTTP/1.1" 404 1104
120.253.135.82 - - [05/Mar/2024:07:20:32 +0800] "POST /xingrg/kc/pszx/mdps_order_operate.html HTTP/1.1" 200 2285
58.40.7.146 - - [05/Mar/2024:07:20:39 +0800] "GET /xingrg/all/function/internal_message.html?_=1709594439842&CODE_STATE=getMsg HTTP/1.1" 200 27
120.253.135.82 - - [05/Mar/2024:07:20:42 +0800] "POST /xingrg/kc/pszx/mdps_order_operate.html HTTP/1.1" 200 37
120.253.135.82 - - [05/Mar/2024:07:20:43 +0800] "GET /xingrg/kc/pszx/mdps_order_info.html?code=312024030400060 HTTP/1.1" 200 23982
120.253.135.82 - - [05/Mar/2024:07:20:44 +0800] "GET /xingrg/javascript/easyui/themes/default/validatebox.css HTTP/1.1" 404 1104
120.253.135.82 - - [05/Mar/2024:07:20:45 +0800] "POST /xingrg/kc/pszx/mdps_order_operate.html HTTP/1.1" 200 2285
124.78.57.58 - - [05/Mar/2024:07:20:48 +0800] "GET /xingrg/all/function/internal_message.html?_=1709594448607&CODE_STATE=getMsg HTTP/1.1" 200 27
120.253.135.82 - - [05/Mar/2024:07:20:51 +0800] "POST /xingrg/kc/pszx/mdps_list_operate.html HTTP/1.1" 200 1696
120.253.135.82 - - [05/Mar/2024:07:21:02 +0800] "POST /xingrg/kc/pszx/mdps_list_operate.html HTTP/1.1" 200 2057
120.253.135.82 - - [05/Mar/2024:07:21:03 +0800] "POST /xingrg/kc/pszx/mdps_list_operate.html HTTP/1.1" 200 213
120.253.135.82 - - [05/Mar/2024:07:21:05 +0800] "POST /xingrg/kc/pszx/mdps_list_operate.html HTTP/1.1" 200 205
124.78.57.58 - - [05/Mar/2024:07:21:05 +0800] "GET /xingrg/check_reg.html?_=1709594465445 HTTP/1.1" 200 22
116.224.254.208 - - [05/Mar/2024:07:21:05 +0800] "GET /xingrg/all/function/internal_message.html?_=1709594465668&CODE_STATE=getMsg HTTP/1.1" 200 27
116.224.254.208 - - [05/Mar/2024:07:21:05 +0800] "GET /xingrg/check_reg.html?_=1709594465669 HTTP/1.1" 200 22
120.253.135.82 - - [05/Mar/2024:07:21:07 +0800] "GET /xingrg/kc/pszx/mdps_order_info.html?code=312024030400059 HTTP/1.1" 200 23976
120.253.135.82 - - [05/Mar/2024:07:21:07 +0800] "GET /xingrg/all/function/internal_message.html?_=1709594303839&CODE_STATE=getMsg HTTP/1.1" 200 27
120.253.135.82 - - [05/Mar/2024:07:21:07 +0800] "GET /xingrg/javascript/easyui/themes/default/validatebox.css HTTP/1.1" 404 1104
120.253.135.82 - - [05/Mar/2024:07:21:08 +0800] "POST /xingrg/kc/pszx/mdps_order_operate.html HTTP/1.1" 200 2285
120.253.135.82 - - [05/Mar/2024:07:21:17 +0800] "POST /xingrg/kc/pszx/mdps_order_operate.html HTTP/1.1" 200 37
120.253.135.82 - - [05/Mar/2024:07:21:18 +0800] "GET /xingrg/kc/pszx/mdps_order_info.html?code=312024030400059 HTTP/1.1" 200 23982
120.253.135.82 - - [05/Mar/2024:07:21:19 +0800] "GET /xingrg/javascript/easyui/themes/default/validatebox.css HTTP/1.1" 404 1104
120.253.135.82 - - [05/Mar/2024:07:21:19 +0800] "POST /xingrg/kc/pszx/mdps_order_operate.html HTTP/1.1" 200 2285
120.253.135.82 - - [05/Mar/2024:07:21:20 +0800] "POST /xingrg/kc/pszx/mdps_list_operate.html HTTP/1.1" 200 2066
120.253.135.82 - - [05/Mar/2024:07:21:21 +0800] "POST /xingrg/kc/pszx/mdps_list_operate.html HTTP/1.1" 200 213
120.253.135.82 - - [05/Mar/2024:07:21:24 +0800] "GET /xingrg/kc/pszx/mdps_order_info.html?code=312024030200039 HTTP/1.1" 200 23978
120.253.135.82 - - [05/Mar/2024:07:21:25 +0800] "GET /xingrg/javascript/easyui/themes/default/validatebox.css HTTP/1.1" 404 1104
120.253.135.82 - - [05/Mar/2024:07:21:25 +0800] "POST /xingrg/kc/pszx/mdps_order_operate.html HTTP/1.1" 200 2285
120.253.135.82 - - [05/Mar/2024:07:21:27 +0800] "POST /xingrg/kc/pszx/mdps_list_operate.html HTTP/1.1" 200 2066
58.40.7.146 - - [05/Mar/2024:07:21:39 +0800] "GET /xingrg/all/function/internal_message.html?_=1709594499813&CODE_STATE=getMsg HTTP/1.1" 200 27
124.78.57.58 - - [05/Mar/2024:07:21:48 +0800] "GET /xingrg/all/function/internal_message.html?_=1709594508601&CODE_STATE=getMsg HTTP/1.1" 200 27
120.253.135.82 - - [05/Mar/2024:07:21:49 +0800] "POST /xingrg/kc/pszx/mdps_list_operate.html HTTP/1.1" 200 2066
120.253.135.82 - - [05/Mar/2024:07:21:49 +0800] "GET /xingrg/kc/buy/cgsh_order_list.html HTTP/1.1" 200 57880
58.40.7.146 - - [05/Mar/2024:07:21:50 +0800] "GET /xingrg/check_reg.html?_=1709594510532 HTTP/1.1" 200 22
120.253.135.82 - - [05/Mar/2024:07:21:51 +0800] "POST /xingrg/kc/buy/cgsh_list_operate.html HTTP/1.1" 200 986
222.69.134.177 - - [05/Mar/2024:07:21:52 +0800] "GET /xingrg/check_reg.html?_=1709594513824 HTTP/1.1" 200 22
120.253.135.82 - - [05/Mar/2024:07:21:53 +0800] "GET /xingrg/kc/buy/cgsh_order_add.html HTTP/1.1" 200 72719
120.253.135.82 - - [05/Mar/2024:07:21:53 +0800] "POST /xingrg/kc/buy/cgsh_order_operate.html HTTP/1.1" 200 8245
120.253.135.82 - - [05/Mar/2024:07:21:53 +0800] "GET /xingrg/javascript/easyui/themes/default/validatebox.css HTTP/1.1" 404 1104
120.253.135.82 - - [05/Mar/2024:07:22:02 +0800] "POST /xingrg/all/common/load_combo.html?type=employee HTTP/1.1" 200 1834
116.224.254.208 - - [05/Mar/2024:07:22:05 +0800] "GET /xingrg/all/function/internal_message.html?_=1709594525662&CODE_STATE=getMsg HTTP/1.1" 200 27
120.253.135.82 - - [05/Mar/2024:07:22:07 +0800] "GET /xingrg/check_reg.html?_=1709594363793 HTTP/1.1" 200 22
120.253.135.82 - - [05/Mar/2024:07:22:07 +0800] "GET /xingrg/all/function/internal_message.html?_=1709594363869&CODE_STATE=getMsg HTTP/1.1" 200 27
120.253.135.82 - - [05/Mar/2024:07:22:16 +0800] "GET /xingrg/kc/buy/cgsh_order_operate.html?command=get_materiel&rest_code=00101&code=00102002556&supplier_code=00100097&order_time=2024-03-05 HTTP/1.1" 200 424
58.40.7.146 - - [05/Mar/2024:07:22:39 +0800] "GET /xingrg/all/function/internal_message.html?_=1709594559786&CODE_STATE=getMsg HTTP/1.1" 200 27
124.78.57.58 - - [05/Mar/2024:07:22:48 +0800] "GET /xingrg/all/function/internal_message.html?_=1709594568589&CODE_STATE=getMsg HTTP/1.1" 200 27
120.253.135.82 - - [05/Mar/2024:07:22:58 +0800] "POST /xingrg/kc/buy/cgsh_order_operate.html HTTP/1.1" 200 37
116.224.254.208 - - [05/Mar/2024:07:23:05 +0800] "GET /xingrg/all/function/internal_message.html?_=1709594585651&CODE_STATE=getMsg HTTP/1.1" 200 27
120.253.135.82 - - [05/Mar/2024:07:23:30 +0800] "POST /xingrg/kc/buy/cgsh_order_operate.html HTTP/1.1" 200 2669
120.253.135.82 - - [05/Mar/2024:07:23:32 +0800] "GET /xingrg/all/function/internal_message.html?_=1709594448921&CODE_STATE=getMsg HTTP/1.1" 200 27
120.253.135.82 - - [05/Mar/2024:07:23:33 +0800] "GET /xingrg/kc/print/load_data.html?order_code=212024030501163&kc_code=cgsh&condition= HTTP/1.1" 200 678
58.40.7.146 - - [05/Mar/2024:07:23:39 +0800] "GET /xingrg/all/function/internal_message.html?_=1709594619772&CODE_STATE=getMsg HTTP/1.1" 200 27
124.78.57.58 - - [05/Mar/2024:07:23:48 +0800] "GET /xingrg/all/function/internal_message.html?_=1709594628571&CODE_STATE=getMsg HTTP/1.1" 200 27
116.224.254.208 - - [05/Mar/2024:07:24:05 +0800] "GET /xingrg/all/function/internal_message.html?_=1709594645666&CODE_STATE=getMsg HTTP/1.1" 200 27
116.238.97.31 - - [05/Mar/2024:07:24:25 +0800] "GET /xingrg/all/function/internal_message.html?_=1709594665150&CODE_STATE=getMsg HTTP/1.1" 302 -
116.238.97.31 - - [05/Mar/2024:07:24:25 +0800] "GET /xingrg/check_reg.html?_=1709594665151 HTTP/1.1" 302 -
116.238.97.31 - - [05/Mar/2024:07:24:25 +0800] "GET /xingrg/login.html HTTP/1.1" 200 7641
116.238.97.31 - - [05/Mar/2024:07:24:25 +0800] "GET /xingrg/login.html HTTP/1.1" 200 7641
120.253.135.82 - - [05/Mar/2024:07:24:32 +0800] "GET /xingrg/all/function/internal_message.html?_=1709594509087&CODE_STATE=getMsg HTTP/1.1" 200 27
116.230.116.59 - - [05/Mar/2024:07:24:35 +0800] "POST /xingrg/services/DataTransmitService HTTP/1.1" 200 524
116.230.116.59 - - [05/Mar/2024:07:24:36 +0800] "POST /xingrg/services/DataTransmitService HTTP/1.1" 200 412
58.40.7.146 - - [05/Mar/2024:07:24:39 +0800] "GET /xingrg/all/function/internal_message.html?_=1709594679744&CODE_STATE=getMsg HTTP/1.1" 200 27
124.78.57.58 - - [05/Mar/2024:07:24:48 +0800] "GET /xingrg/all/function/internal_message.html?_=1709594688553&CODE_STATE=getMsg HTTP/1.1" 200 27
116.224.254.208 - - [05/Mar/2024:07:25:05 +0800] "GET /xingrg/all/function/internal_message.html?_=1709594705657&CODE_STATE=getMsg HTTP/1.1" 200 27
116.238.97.31 - - [05/Mar/2024:07:25:24 +0800] "GET /xingrg/all/function/internal_message.html?_=1709594725123&CODE_STATE=getMsg HTTP/1.1" 302 -
120.253.135.82 - - [05/Mar/2024:07:25:32 +0800] "GET /xingrg/all/function/internal_message.html?_=1709594569089&CODE_STATE=getMsg HTTP/1.1" 200 27
58.40.7.146 - - [05/Mar/2024:07:25:39 +0800] "GET /xingrg/all/function/internal_message.html?_=1709594739729&CODE_STATE=getMsg HTTP/1.1" 200 27
124.78.57.58 - - [05/Mar/2024:07:25:48 +0800] "GET /xingrg/all/function/internal_message.html?_=1709594748527&CODE_STATE=getMsg HTTP/1.1" 200 27
124.78.57.58 - - [05/Mar/2024:07:26:05 +0800] "GET /xingrg/check_reg.html?_=1709594765438 HTTP/1.1" 200 22
116.224.254.208 - - [05/Mar/2024:07:26:05 +0800] "GET /xingrg/all/function/internal_message.html?_=1709594765649&CODE_STATE=getMsg HTTP/1.1" 200 27
116.224.254.208 - - [05/Mar/2024:07:26:05 +0800] "GET /xingrg/check_reg.html?_=1709594765651 HTTP/1.1" 200 22
116.238.97.31 - - [05/Mar/2024:07:26:24 +0800] "GET /xingrg/all/function/internal_message.html?_=1709594785096&CODE_STATE=getMsg HTTP/1.1" 302 -
120.253.135.82 - - [05/Mar/2024:07:26:32 +0800] "GET /xingrg/all/function/internal_message.html?_=1709594629260&CODE_STATE=getMsg HTTP/1.1" 200 27
58.40.7.146 - - [05/Mar/2024:07:26:39 +0800] "GET /xingrg/all/function/internal_message.html?_=1709594799699&CODE_STATE=getMsg HTTP/1.1" 200 27
124.78.57.58 - - [05/Mar/2024:07:26:48 +0800] "GET /xingrg/all/function/internal_message.html?_=1709594808519&CODE_STATE=getMsg HTTP/1.1" 200 27
58.40.7.146 - - [05/Mar/2024:07:26:50 +0800] "GET /xingrg/check_reg.html?_=1709594810513 HTTP/1.1" 200 22
222.69.134.177 - - [05/Mar/2024:07:26:52 +0800] "GET /xingrg/check_reg.html?_=1709594813823 HTTP/1.1" 200 22
116.224.254.208 - - [05/Mar/2024:07:27:05 +0800] "GET /xingrg/all/function/internal_message.html?_=1709594825665&CODE_STATE=getMsg HTTP/1.1" 200 27
120.253.135.82 - - [05/Mar/2024:07:27:07 +0800] "GET /xingrg/check_reg.html?_=1709594663796 HTTP/1.1" 200 22
116.238.97.31 - - [05/Mar/2024:07:27:24 +0800] "GET /xingrg/all/function/internal_message.html?_=1709594845067&CODE_STATE=getMsg HTTP/1.1" 302 -
120.253.135.82 - - [05/Mar/2024:07:27:32 +0800] "GET /xingrg/all/function/internal_message.html?_=1709594689271&CODE_STATE=getMsg HTTP/1.1" 200 27
58.40.7.146 - - [05/Mar/2024:07:27:39 +0800] "GET /xingrg/all/function/internal_message.html?_=1709594859671&CODE_STATE=getMsg HTTP/1.1" 200 27
124.78.57.58 - - [05/Mar/2024:07:27:48 +0800] "GET /xingrg/all/function/internal_message.html?_=1709594868505&CODE_STATE=getMsg HTTP/1.1" 200 27
116.224.254.208 - - [05/Mar/2024:07:28:05 +0800] "GET /xingrg/all/function/internal_message.html?_=1709594885657&CODE_STATE=getMsg HTTP/1.1" 200 27
116.238.97.31 - - [05/Mar/2024:07:28:24 +0800] "GET /xingrg/all/function/internal_message.html?_=1709594905042&CODE_STATE=getMsg HTTP/1.1" 302 -
120.253.135.82 - - [05/Mar/2024:07:28:32 +0800] "GET /xingrg/all/function/internal_message.html?_=1709594749285&CODE_STATE=getMsg HTTP/1.1" 200 27
58.40.7.146 - - [05/Mar/2024:07:28:39 +0800] "GET /xingrg/all/function/internal_message.html?_=1709594919640&CODE_STATE=getMsg HTTP/1.1" 200 27
124.78.57.58 - - [05/Mar/2024:07:28:48 +0800] "GET /xingrg/all/function/internal_message.html?_=1709594928482&CODE_STATE=getMsg HTTP/1.1" 200 27
116.224.254.208 - - [05/Mar/2024:07:29:05 +0800] "GET /xingrg/all/function/internal_message.html?_=1709594945652&CODE_STATE=getMsg HTTP/1.1" 200 27
116.238.97.31 - - [05/Mar/2024:07:29:24 +0800] "GET /xingrg/all/function/internal_message.html?_=1709594965033&CODE_STATE=getMsg HTTP/1.1" 302 -
116.238.97.31 - - [05/Mar/2024:07:29:25 +0800] "GET /xingrg/check_reg.html?_=1709594965142 HTTP/1.1" 302 -
120.253.135.82 - - [05/Mar/2024:07:29:33 +0800] "GET /xingrg/all/function/internal_message.html?_=1709594809463&CODE_STATE=getMsg HTTP/1.1" 200 27
58.40.7.146 - - [05/Mar/2024:07:29:39 +0800] "GET /xingrg/all/function/internal_message.html?_=1709594979614&CODE_STATE=getMsg HTTP/1.1" 200 27
124.78.57.58 - - [05/Mar/2024:07:29:48 +0800] "GET /xingrg/all/function/internal_message.html?_=1709594988458&CODE_STATE=getMsg HTTP/1.1" 200 27
116.224.254.208 - - [05/Mar/2024:07:30:05 +0800] "GET /xingrg/all/function/internal_message.html?_=1709595005656&CODE_STATE=getMsg HTTP/1.1" 200 27
116.238.97.31 - - [05/Mar/2024:07:30:24 +0800] "GET /xingrg/all/function/internal_message.html?_=1709595025020&CODE_STATE=getMsg HTTP/1.1" 302 -
120.253.135.82 - - [05/Mar/2024:07:30:33 +0800] "GET /xingrg/all/function/internal_message.html?_=1709594869469&CODE_STATE=getMsg HTTP/1.1" 200 27
58.40.7.146 - - [05/Mar/2024:07:30:39 +0800] "GET /xingrg/all/function/internal_message.html?_=1709595039588&CODE_STATE=getMsg HTTP/1.1" 200 27
124.78.57.58 - - [05/Mar/2024:07:30:48 +0800] "GET /xingrg/all/function/internal_message.html?_=1709595048436&CODE_STATE=getMsg HTTP/1.1" 200 27
124.78.57.58 - - [05/Mar/2024:07:31:05 +0800] "GET /xingrg/check_reg.html?_=1709595065415 HTTP/1.1" 200 22
116.224.254.208 - - [05/Mar/2024:07:31:05 +0800] "GET /xingrg/check_reg.html?_=1709595065652 HTTP/1.1" 200 22
116.224.254.208 - - [05/Mar/2024:07:31:05 +0800] "GET /xingrg/all/function/internal_message.html?_=1709595065655&CODE_STATE=getMsg HTTP/1.1" 200 27
116.238.97.31 - - [05/Mar/2024:07:31:24 +0800] "GET /xingrg/all/function/internal_message.html?_=1709595084990&CODE_STATE=getMsg HTTP/1.1" 302 -
120.253.135.82 - - [05/Mar/2024:07:31:33 +0800] "GET /xingrg/all/function/internal_message.html?_=1709594929738&CODE_STATE=getMsg HTTP/1.1" 200 27
58.40.7.146 - - [05/Mar/2024:07:31:39 +0800] "GET /xingrg/all/function/internal_message.html?_=1709595099575&CODE_STATE=getMsg HTTP/1.1" 200 27
124.78.57.58 - - [05/Mar/2024:07:31:48 +0800] "GET /xingrg/all/function/internal_message.html?_=1709595108435&CODE_STATE=getMsg HTTP/1.1" 200 27
58.40.7.146 - - [05/Mar/2024:07:31:50 +0800] "GET /xingrg/check_reg.html?_=1709595110497 HTTP/1.1" 200 22
222.69.134.177 - - [05/Mar/2024:07:31:52 +0800] "GET /xingrg/check_reg.html?_=1709595113803 HTTP/1.1" 200 22
124.78.57.58 - - [05/Mar/2024:07:32:02 +0800] "POST /xingrg/services/DataTransmitService HTTP/1.1" 200 524
116.224.254.208 - - [05/Mar/2024:07:32:05 +0800] "GET /xingrg/all/function/internal_message.html?_=1709595125666&CODE_STATE=getMsg HTTP/1.1" 200 27
120.253.135.82 - - [05/Mar/2024:07:32:07 +0800] "GET /xingrg/check_reg.html?_=1709594963805 HTTP/1.1" 200 22
116.238.97.31 - - [05/Mar/2024:07:32:24 +0800] "GET /xingrg/all/function/internal_message.html?_=1709595144962&CODE_STATE=getMsg HTTP/1.1" 302 -
120.253.135.82 - - [05/Mar/2024:07:32:33 +0800] "GET /xingrg/all/function/internal_message.html?_=1709594989746&CODE_STATE=getMsg HTTP/1.1" 200 27
58.40.7.146 - - [05/Mar/2024:07:32:39 +0800] "GET /xingrg/all/function/internal_message.html?_=1709595159560&CODE_STATE=getMsg HTTP/1.1" 200 27
124.78.57.58 - - [05/Mar/2024:07:32:48 +0800] "GET /xingrg/all/function/internal_message.html?_=1709595168408&CODE_STATE=getMsg HTTP/1.1" 200 27
116.224.254.208 - - [05/Mar/2024:07:33:05 +0800] "GET /xingrg/all/function/internal_message.html?_=1709595185670&CODE_STATE=getMsg HTTP/1.1" 200 27
116.238.97.31 - - [05/Mar/2024:07:33:24 +0800] "GET /xingrg/all/function/internal_message.html?_=1709595204932&CODE_STATE=getMsg HTTP/1.1" 302 -
180.164.1.25 - - [05/Mar/2024:07:33:33 +0800] "POST /xingrg/services/DataTransmitService HTTP/1.1" 200 524
120.253.135.82 - - [05/Mar/2024:07:33:33 +0800] "GET /xingrg/all/function/internal_message.html?_=1709595049772&CODE_STATE=getMsg HTTP/1.1" 200 27
58.40.7.146 - - [05/Mar/2024:07:33:39 +0800] "GET /xingrg/all/function/internal_message.html?_=1709595219531&CODE_STATE=getMsg HTTP/1.1" 200 27
124.78.57.58 - - [05/Mar/2024:07:33:48 +0800] "GET /xingrg/all/function/internal_message.html?_=1709595228397&CODE_STATE=getMsg HTTP/1.1" 200 27
116.224.254.208 - - [05/Mar/2024:07:34:05 +0800] "GET /xingrg/all/function/internal_message.html?_=1709595245662&CODE_STATE=getMsg HTTP/1.1" 200 27
116.238.97.31 - - [05/Mar/2024:07:34:24 +0800] "GET /xingrg/all/function/internal_message.html?_=1709595264921&CODE_STATE=getMsg HTTP/1.1" 302 -
116.238.97.31 - - [05/Mar/2024:07:34:24 +0800] "GET /xingrg/check_reg.html?_=1709595265127 HTTP/1.1" 302 -
120.253.135.82 - - [05/Mar/2024:07:34:33 +0800] "GET /xingrg/all/function/internal_message.html?_=1709595110046&CODE_STATE=getMsg HTTP/1.1" 200 27
58.40.7.146 - - [05/Mar/2024:07:34:39 +0800] "GET /xingrg/all/function/internal_message.html?_=1709595279517&CODE_STATE=getMsg HTTP/1.1" 200 27
124.78.57.58 - - [05/Mar/2024:07:34:48 +0800] "GET /xingrg/all/function/internal_message.html?_=1709595288380&CODE_STATE=getMsg HTTP/1.1" 200 27
116.224.254.208 - - [05/Mar/2024:07:35:05 +0800] "GET /xingrg/all/function/internal_message.html?_=1709595305655&CODE_STATE=getMsg HTTP/1.1" 200 27
116.238.97.31 - - [05/Mar/2024:07:35:24 +0800] "GET /xingrg/all/function/internal_message.html?_=1709595324897&CODE_STATE=getMsg HTTP/1.1" 302 -
120.253.135.82 - - [05/Mar/2024:07:35:33 +0800] "GET /xingrg/all/function/internal_message.html?_=1709595170052&CODE_STATE=getMsg HTTP/1.1" 200 27
58.40.7.146 - - [05/Mar/2024:07:35:39 +0800] "GET /xingrg/all/function/internal_message.html?_=1709595339486&CODE_STATE=getMsg HTTP/1.1" 200 27
124.78.57.58 - - [05/Mar/2024:07:35:48 +0800] "GET /xingrg/all/function/internal_message.html?_=1709595348358&CODE_STATE=getMsg HTTP/1.1" 200 27
124.78.57.58 - - [05/Mar/2024:07:36:05 +0800] "GET /xingrg/check_reg.html?_=1709595365400 HTTP/1.1" 200 22
116.224.254.208 - - [05/Mar/2024:07:36:05 +0800] "GET /xingrg/check_reg.html?_=1709595365653 HTTP/1.1" 200 22
116.224.254.208 - - [05/Mar/2024:07:36:05 +0800] "GET /xingrg/all/function/internal_message.html?_=1709595365657&CODE_STATE=getMsg HTTP/1.1" 200 27
116.238.97.31 - - [05/Mar/2024:07:36:24 +0800] "GET /xingrg/all/function/internal_message.html?_=1709595384883&CODE_STATE=getMsg HTTP/1.1" 302 -
120.253.135.82 - - [05/Mar/2024:07:36:33 +0800] "GET /xingrg/all/function/internal_message.html?_=1709595230302&CODE_STATE=getMsg HTTP/1.1" 200 27
58.40.7.146 - - [05/Mar/2024:07:36:39 +0800] "GET /xingrg/all/function/internal_message.html?_=1709595399459&CODE_STATE=getMsg HTTP/1.1" 200 27
124.78.57.58 - - [05/Mar/2024:07:36:48 +0800] "GET /xingrg/all/function/internal_message.html?_=1709595408343&CODE_STATE=getMsg HTTP/1.1" 200 27
58.40.7.146 - - [05/Mar/2024:07:36:50 +0800] "GET /xingrg/check_reg.html?_=1709595410475 HTTP/1.1" 200 22
222.69.134.177 - - [05/Mar/2024:07:36:52 +0800] "GET /xingrg/check_reg.html?_=1709595413802 HTTP/1.1" 200 22
116.224.254.208 - - [05/Mar/2024:07:37:05 +0800] "GET /xingrg/all/function/internal_message.html?_=1709595425672&CODE_STATE=getMsg HTTP/1.1" 200 27
120.253.135.82 - - [05/Mar/2024:07:37:07 +0800] "GET /xingrg/check_reg.html?_=1709595263818 HTTP/1.1" 200 22
116.238.97.31 - - [05/Mar/2024:07:37:24 +0800] "GET /xingrg/all/function/internal_message.html?_=1709595444869&CODE_STATE=getMsg HTTP/1.1" 302 -
120.253.135.82 - - [05/Mar/2024:07:37:33 +0800] "GET /xingrg/all/function/internal_message.html?_=1709595290323&CODE_STATE=getMsg HTTP/1.1" 200 27
58.40.7.146 - - [05/Mar/2024:07:37:39 +0800] "GET /xingrg/all/function/internal_message.html?_=1709595459430&CODE_STATE=getMsg HTTP/1.1" 200 27
124.78.57.58 - - [05/Mar/2024:07:37:48 +0800] "GET /xingrg/all/function/internal_message.html?_=1709595468318&CODE_STATE=getMsg HTTP/1.1" 200 27
116.224.254.208 - - [05/Mar/2024:07:38:05 +0800] "GET /xingrg/all/function/internal_message.html?_=1709595485650&CODE_STATE=getMsg HTTP/1.1" 200 27
120.253.135.82 - - [05/Mar/2024:07:38:18 +0800] "POST /xingrg/kc/buy/cgsh_order_operate.html HTTP/1.1" 200 37
116.238.97.31 - - [05/Mar/2024:07:38:24 +0800] "GET /xingrg/all/function/internal_message.html?_=1709595504848&CODE_STATE=getMsg HTTP/1.1" 302 -
120.253.135.82 - - [05/Mar/2024:07:38:31 +0800] "POST /xingrg/kc/buy/cgsh_order_operate.html HTTP/1.1" 200 12
58.40.7.146 - - [05/Mar/2024:07:38:39 +0800] "GET /xingrg/all/function/internal_message.html?_=1709595519417&CODE_STATE=getMsg HTTP/1.1" 200 27
124.78.57.58 - - [05/Mar/2024:07:38:48 +0800] "GET /xingrg/all/function/internal_message.html?_=1709595528295&CODE_STATE=getMsg HTTP/1.1" 200 27
