180.164.1.25 - - [05/Mar/2024:10:59:37 +0800] "GET /xingrg/all/function/internal_message.html?_=1709607577644&CODE_STATE=getMsg HTTP/1.1" 200 27
116.237.73.188 - - [05/Mar/2024:10:59:41 +0800] "POST /xingrg/kc/buy/cgsh_order_operate.html HTTP/1.1" 200 37
124.78.57.58 - - [05/Mar/2024:10:59:41 +0800] "GET /xingrg/all/function/internal_message.html?_=1709607581921&CODE_STATE=getMsg HTTP/1.1" 200 27
101.83.145.37 - - [05/Mar/2024:10:59:42 +0800] "GET /xingrg/kc/buy/cgsh_order_operate.html?command=get_materiel&rest_code=00105&code=00101008223&supplier_code=00100008&order_time=2024-03-05 HTTP/1.1" 200 412
180.169.147.146 - - [05/Mar/2024:10:59:44 +0800] "GET /xingrg/all/function/internal_message.html?_=1709607584553&CODE_STATE=getMsg HTTP/1.1" 200 27
120.253.135.82 - - [05/Mar/2024:10:59:45 +0800] "GET /xingrg/all/function/internal_message.html?_=1709607755749&CODE_STATE=getMsg HTTP/1.1" 200 27
120.253.135.82 - - [05/Mar/2024:10:59:45 +0800] "GET /xingrg/check_reg.html?_=1709607755752 HTTP/1.1" 200 22
114.89.91.180 - - [05/Mar/2024:10:59:45 +0800] "GET /xingrg/all/function/internal_message.html?_=1709607585765&CODE_STATE=getMsg HTTP/1.1" 200 27
180.169.147.146 - - [05/Mar/2024:10:59:46 +0800] "GET /xingrg/all/function/internal_message.html?_=1709607586319&CODE_STATE=getMsg HTTP/1.1" 200 27
180.169.147.146 - - [05/Mar/2024:10:59:46 +0800] "GET /xingrg/check_reg.html?_=1709607586321 HTTP/1.1" 200 22
116.230.116.59 - - [05/Mar/2024:10:59:47 +0800] "GET /xingrg/all/function/internal_message.html?_=1709607592943&CODE_STATE=getMsg HTTP/1.1" 200 27
180.169.147.146 - - [05/Mar/2024:10:59:50 +0800] "GET /xingrg/kc/buy/cgsh_order_operate.html?command=get_materiel&rest_code=00147&code=00101001174&supplier_code=00100314&order_time=2024-03-02 HTTP/1.1" 200 416
116.224.254.208 - - [05/Mar/2024:10:59:52 +0800] "GET /xingrg/all/function/internal_message.html?_=1709607592176&CODE_STATE=getMsg HTTP/1.1" 200 27
116.237.73.188 - - [05/Mar/2024:10:59:55 +0800] "GET /xingrg/all/function/internal_message.html?_=1709607596858&CODE_STATE=getMsg HTTP/1.1" 200 27
116.237.73.188 - - [05/Mar/2024:10:59:55 +0800] "POST /xingrg/kc/buy/cgsh_order_operate.html HTTP/1.1" 200 8599
101.83.145.37 - - [05/Mar/2024:10:59:58 +0800] "GET /xingrg/all/function/internal_message.html?_=1709607362399&CODE_STATE=getMsg HTTP/1.1" 200 27
124.78.57.58 - - [05/Mar/2024:11:00:00 +0800] "GET /xingrg/all/function/internal_message.html?_=1709607600179&CODE_STATE=getMsg HTTP/1.1" 200 27
124.78.57.58 - - [05/Mar/2024:11:00:00 +0800] "GET /xingrg/check_reg.html?_=1709607600180 HTTP/1.1" 200 22
124.79.241.4 - - [05/Mar/2024:11:00:01 +0800] "GET /xingrg/all/function/internal_message.html?_=1709607597847&CODE_STATE=getMsg HTTP/1.1" 200 27
120.253.135.82 - - [05/Mar/2024:11:00:03 +0800] "GET /xingrg/check_reg.html?_=1709607440278 HTTP/1.1" 200 22
116.232.194.112 - - [05/Mar/2024:11:00:04 +0800] "GET /xingrg/all/function/internal_message.html?_=1709607587629&CODE_STATE=getMsg HTTP/1.1" 200 27
180.169.147.146 - - [05/Mar/2024:11:00:04 +0800] "GET /xingrg/all/function/internal_message.html?_=1709607604795&CODE_STATE=getMsg HTTP/1.1" 200 27
180.169.147.146 - - [05/Mar/2024:11:00:05 +0800] "POST /xingrg/kc/buy/cgsh_order_operate.html HTTP/1.1" 200 37
101.83.145.37 - - [05/Mar/2024:11:00:05 +0800] "GET /xingrg/all/function/internal_message.html?_=1709607607065&CODE_STATE=getMsg HTTP/1.1" 200 27
180.169.147.146 - - [05/Mar/2024:11:00:06 +0800] "POST /xingrg/kc/buy/cgsh_order_operate.html HTTP/1.1" 200 2663
180.169.147.146 - - [05/Mar/2024:11:00:07 +0800] "GET /xingrg/kc/print/load_config.html?kc_code=cgsh HTTP/1.1" 200 1927
116.230.123.13 - - [05/Mar/2024:11:00:08 +0800] "GET /xingrg/check_reg.html?_=1709607608324 HTTP/1.1" 200 22
180.169.147.146 - - [05/Mar/2024:11:00:08 +0800] "GET /xingrg/kc/print/load_data.html?order_code=212024030501217&kc_code=cgsh&condition= HTTP/1.1" 200 686
120.253.135.82 - - [05/Mar/2024:11:00:08 +0800] "GET /xingrg/all/function/internal_message.html?_=1709607445161&CODE_STATE=getMsg HTTP/1.1" 200 27
101.83.241.137 - - [05/Mar/2024:11:00:10 +0800] "GET /xingrg/all/function/internal_message.html?_=1709607609956&CODE_STATE=getMsg HTTP/1.1" 200 27
101.83.241.137 - - [05/Mar/2024:11:00:11 +0800] "GET /xingrg/check_reg.html?_=1709607610882 HTTP/1.1" 200 22
101.83.145.37 - - [05/Mar/2024:11:00:11 +0800] "GET /xingrg/kc/buy/cgsh_order_operate.html?command=get_materiel&rest_code=00105&code=00101008168&supplier_code=00100008&order_time=2024-03-05 HTTP/1.1" 200 412
180.169.147.146 - - [05/Mar/2024:11:00:18 +0800] "GET /xingrg/kc/base/crk_hz.html?_=1709607618132&command=get_cost_id&end_date=2024-02-29&start_date=2024-02-01 HTTP/1.1" 200 51
180.169.147.146 - - [05/Mar/2024:11:00:18 +0800] "GET /xingrg/all/report/report_query.html?isQuery=1&onlyBody=1&rh=99999&rw=1800&varString=start:20240201,cost_id:4865,mid:20240201&fileName=kc/base/crk_hz_type_by_base.xml&queryString=%20a.base_code%20in%20('0010513','0010824')%20%20and%20m.sort_code%20in%20('00101001','00101002','00101003','00101004','00101005','00101006','00101007','00101008','00101009','00101010','00101011','00101012','00101013','00101014','00101015','00101016','00101017','00101018','00101019','00101020','00101021','00101022','00101023','00101024','00101025','00101026','00101027','00101028','00101029','00101030','00101031','00101032','00101033','00101034','00101036','00101037','00101038','00101039','00101040','00101041','00101042','00101043','00101044','00101045')%20&queryText=ÈÕÆÚ£º2024-02-01ÖÁ2024-02-29%20²Ö¿â£ºÔÁ²Ë,ÉÏʲ&tableQueryString=materiel_table$sp1$$sp$before_table$sp1$$sp$crk_table$sp1$order_day%20between%2020240201%20and%2020240229 HTTP/1.1" 200 49920
180.169.147.146 - - [05/Mar/2024:11:00:18 +0800] "GET /xingrg/dwr/interface/AjaxReportQueryService.js HTTP/1.1" 200 13203
180.169.147.146 - - [05/Mar/2024:11:00:18 +0800] "GET /xingrg/dwr/engine.js HTTP/1.1" 200 43631
116.230.123.13 - - [05/Mar/2024:11:00:19 +0800] "GET /xingrg/all/function/internal_message.html?_=1709607619329&CODE_STATE=getMsg HTTP/1.1" 200 27
180.169.147.146 - - [05/Mar/2024:11:00:21 +0800] "POST /xingrg/all/report/load_report_page.html HTTP/1.1" 200 118725
180.169.147.146 - - [05/Mar/2024:11:00:21 +0800] "GET /xingrg/servlets/image?cache=0.7584064731389498&image=px HTTP/1.1" 200 807
116.224.254.208 - - [05/Mar/2024:11:00:21 +0800] "GET /xingrg/all/function/internal_message.html?_=1709607622033&CODE_STATE=getMsg HTTP/1.1" 200 27
180.169.147.146 - - [05/Mar/2024:11:00:25 +0800] "GET /xingrg/kc/buy/cgsh_order_add.html HTTP/1.1" 200 73702
180.169.147.146 - - [05/Mar/2024:11:00:25 +0800] "POST /xingrg/kc/buy/cgsh_order_operate.html HTTP/1.1" 200 8245
180.169.147.146 - - [05/Mar/2024:11:00:25 +0800] "GET /xingrg/javascript/easyui/themes/default/validatebox.css HTTP/1.1" 404 1104
180.169.147.146 - - [05/Mar/2024:11:00:25 +0800] "GET /xingrg/all/report/report_query.html?isQuery=1&fileName=kc/base/crk_detail_by_small.xml&rh=99999&queryString=&queryText=%25E3%2580%2590%25E4%25BB%2593%25E5%25BA%2593%25E5%2590%258D%25E7%25A7%25B0%253A%25E7%25B2%25A4%25E8%258F%259C%25E3%2580%2591%25E3%2580%2590%25E4%25B8%259A%25E5%258A%25A1%25E7%25B1%25BB%25E5%259E%258B%25EF%25BC%259A%25E5%2586%2585%25E9%2583%25A8%25E8%25B0%2583%25E5%2585%25A5%25E3%2580%2591%2520%253F%253F%253F%253F%253F2024-02-01%253F%253F2024-02-29%2520%253F%253F%253F%253F%253F%253F%253F%252C%253F%253F%253F&tableQueryString=crk_table%2524sp1%2524order_day%2520between%252020240201%2520and%252020240229%2520and%2520(base_code%253D'0010513')%2520and%2520(src_order_type%2520in%2520(42))%2520and%2520(is_rk%2520in%2520(1)) HTTP/1.1" 200 53786
180.169.147.146 - - [05/Mar/2024:11:00:26 +0800] "GET /xingrg/dwr/interface/AjaxReportQueryService.js HTTP/1.1" 200 13203
180.169.147.146 - - [05/Mar/2024:11:00:26 +0800] "GET /xingrg/dwr/engine.js HTTP/1.1" 200 43631
180.169.147.146 - - [05/Mar/2024:11:00:26 +0800] "GET /xingrg/javascript/jquery_easy_ui/themes/icons/pencil.png HTTP/1.1" 200 713
180.169.147.146 - - [05/Mar/2024:11:00:26 +0800] "GET /xingrg/javascript/jquery_easy_ui/themes/default/images/menu_rightarrow.png HTTP/1.1" 200 3617
180.169.147.146 - - [05/Mar/2024:11:00:27 +0800] "GET /xingrg/javascript/auto/indicator.gif HTTP/1.1" 404 1066
180.169.147.146 - - [05/Mar/2024:11:00:27 +0800] "POST /xingrg/all/report/load_report_page.html HTTP/1.1" 200 52067
180.169.147.146 - - [05/Mar/2024:11:00:27 +0800] "GET /xingrg/servlets/image?cache=0.18701785780371993&image=px HTTP/1.1" 200 807
101.228.147.14 - - [05/Mar/2024:11:00:27 +0800] "GET /xingrg/check_reg.html?_=1709607627074 HTTP/1.1" 200 22
101.228.147.14 - - [05/Mar/2024:11:00:27 +0800] "GET /xingrg/all/function/internal_message.html?_=1709607627070&CODE_STATE=getMsg HTTP/1.1" 200 27
180.169.147.146 - - [05/Mar/2024:11:00:27 +0800] "GET /xingrg/javascript/jquery_tools/images/prev.gif HTTP/1.1" 404 1086
180.169.147.146 - - [05/Mar/2024:11:00:27 +0800] "GET /xingrg/javascript/jquery_tools/images/next.gif HTTP/1.1" 404 1086
124.79.241.4 - - [05/Mar/2024:11:00:29 +0800] "GET /xingrg/check_reg.html?_=1709607643503 HTTP/1.1" 200 22
124.79.241.4 - - [05/Mar/2024:11:00:29 +0800] "GET /xingrg/all/function/internal_message.html?_=1709607643504&CODE_STATE=getMsg HTTP/1.1" 200 27
222.70.115.1 - - [05/Mar/2024:11:00:31 +0800] "GET /xingrg/all/function/internal_message.html?_=1709607633735&CODE_STATE=getMsg HTTP/1.1" 200 27
180.169.147.146 - - [05/Mar/2024:11:00:32 +0800] "GET /xingrg/all/function/internal_message.html?_=1709607630322&CODE_STATE=getMsg HTTP/1.1" 200 27
58.40.7.146 - - [05/Mar/2024:11:00:34 +0800] "GET /xingrg/check_reg.html?_=1709607639366 HTTP/1.1" 200 22
58.40.7.146 - - [05/Mar/2024:11:00:34 +0800] "GET /xingrg/all/function/internal_message.html?_=1709607639369&CODE_STATE=getMsg HTTP/1.1" 200 27
180.169.147.146 - - [05/Mar/2024:11:00:34 +0800] "GET /xingrg/all/report/report_query.html?isQuery=1&fileName=kc/base/crk_detail_by_small.xml&rh=99999&queryString=&queryText=%25E3%2580%2590%25E4%25BB%2593%25E5%25BA%2593%25E5%2590%258D%25E7%25A7%25B0%253A%25E4%25B8%258A%25E4%25BB%2580%25E3%2580%2591%25E3%2580%2590%25E4%25B8%259A%25E5%258A%25A1%25E7%25B1%25BB%25E5%259E%258B%25EF%25BC%259A%25E5%2586%2585%25E9%2583%25A8%25E8%25B0%2583%25E5%2585%25A5%25E3%2580%2591%2520%253F%253F%253F%253F%253F2024-02-01%253F%253F2024-02-29%2520%253F%253F%253F%253F%253F%253F%253F%252C%253F%253F%253F&tableQueryString=crk_table%2524sp1%2524order_day%2520between%252020240201%2520and%252020240229%2520and%2520(base_code%253D'0010824')%2520and%2520(src_order_type%2520in%2520(42))%2520and%2520(is_rk%2520in%2520(1)) HTTP/1.1" 200 53786
180.169.147.146 - - [05/Mar/2024:11:00:35 +0800] "GET /xingrg/dwr/interface/AjaxReportQueryService.js HTTP/1.1" 200 13203
180.169.147.146 - - [05/Mar/2024:11:00:35 +0800] "GET /xingrg/dwr/engine.js HTTP/1.1" 200 43631
58.40.7.146 - - [05/Mar/2024:11:00:35 +0800] "GET /xingrg/all/function/internal_message.html?_=1709607635762&CODE_STATE=getMsg HTTP/1.1" 200 27
180.169.147.146 - - [05/Mar/2024:11:00:36 +0800] "POST /xingrg/all/report/load_report_page.html HTTP/1.1" 200 32421
180.169.147.146 - - [05/Mar/2024:11:00:36 +0800] "GET /xingrg/servlets/image?cache=0.6550669544129047&image=px HTTP/1.1" 200 807
180.164.1.25 - - [05/Mar/2024:11:00:37 +0800] "GET /xingrg/all/function/internal_message.html?_=1709607637636&CODE_STATE=getMsg HTTP/1.1" 200 27
180.169.147.146 - - [05/Mar/2024:11:00:38 +0800] "GET /xingrg/kc/buy/cgsh_order_operate.html?command=get_materiel&rest_code=00147&code=00101007085&supplier_code=00100328&order_time=2024-03-02 HTTP/1.1" 200 413
124.78.57.58 - - [05/Mar/2024:11:00:41 +0800] "GET /xingrg/all/function/internal_message.html?_=1709607641928&CODE_STATE=getMsg HTTP/1.1" 200 27
124.78.57.58 - - [05/Mar/2024:11:00:41 +0800] "GET /xingrg/check_reg.html?_=1709607641932 HTTP/1.1" 200 22
180.169.147.146 - - [05/Mar/2024:11:00:44 +0800] "GET /xingrg/check_reg.html?_=1709607644502 HTTP/1.1" 200 22
180.169.147.146 - - [05/Mar/2024:11:00:44 +0800] "GET /xingrg/all/function/internal_message.html?_=1709607644543&CODE_STATE=getMsg HTTP/1.1" 200 27
101.83.145.37 - - [05/Mar/2024:11:00:45 +0800] "GET /xingrg/kc/buy/cgsh_order_operate.html?command=get_materiel&rest_code=00105&code=00101009140&supplier_code=00100008&order_time=2024-03-05 HTTP/1.1" 200 412
114.89.91.180 - - [05/Mar/2024:11:00:45 +0800] "GET /xingrg/all/function/internal_message.html?_=1709607645740&CODE_STATE=getMsg HTTP/1.1" 200 27
120.253.135.82 - - [05/Mar/2024:11:00:45 +0800] "GET /xingrg/all/function/internal_message.html?_=1709607815751&CODE_STATE=getMsg HTTP/1.1" 200 27
180.169.147.146 - - [05/Mar/2024:11:00:46 +0800] "GET /xingrg/all/function/internal_message.html?_=1709607646307&CODE_STATE=getMsg HTTP/1.1" 200 27
116.230.116.59 - - [05/Mar/2024:11:00:47 +0800] "GET /xingrg/all/function/internal_message.html?_=1709607652955&CODE_STATE=getMsg HTTP/1.1" 200 27
180.169.147.146 - - [05/Mar/2024:11:00:47 +0800] "GET /xingrg/all/report/report_query.html?isQuery=1&fileName=kc/base/crk_detail_by_small.xml&rh=99999&queryString=&queryText=%25E3%2580%2590%25E4%25BB%2593%25E5%25BA%2593%25E5%2590%258D%25E7%25A7%25B0%253A%25E7%25B2%25A4%25E8%258F%259C%25E3%2580%2591%25E3%2580%2590%25E4%25B8%259A%25E5%258A%25A1%25E7%25B1%25BB%25E5%259E%258B%25EF%25BC%259A%25E5%2586%2585%25E9%2583%25A8%25E8%25B0%2583%25E5%2587%25BA%25E3%2580%2591%2520%253F%253F%253F%253F%253F2024-02-01%253F%253F2024-02-29%2520%253F%253F%253F%253F%253F%253F%253F%252C%253F%253F%253F&tableQueryString=crk_table%2524sp1%2524order_day%2520between%252020240201%2520and%252020240229%2520and%2520(base_code%253D'0010513')%2520and%2520(src_order_type%2520in%2520(42))%2520and%2520(is_rk%2520in%2520(0)) HTTP/1.1" 200 53786
180.169.147.146 - - [05/Mar/2024:11:00:47 +0800] "GET /xingrg/dwr/interface/AjaxReportQueryService.js HTTP/1.1" 200 13203
180.169.147.146 - - [05/Mar/2024:11:00:47 +0800] "GET /xingrg/dwr/engine.js HTTP/1.1" 200 43631
114.89.91.180 - - [05/Mar/2024:11:00:47 +0800] "GET /xingrg/check_reg.html?_=1709607647615 HTTP/1.1" 200 22
180.169.147.146 - - [05/Mar/2024:11:00:48 +0800] "POST /xingrg/all/report/load_report_page.html HTTP/1.1" 200 20479
180.169.147.146 - - [05/Mar/2024:11:00:48 +0800] "GET /xingrg/servlets/image?cache=0.14260314976517785&image=px HTTP/1.1" 200 807
180.169.147.146 - - [05/Mar/2024:11:00:48 +0800] "POST /xingrg/kc/buy/cgsh_order_operate.html HTTP/1.1" 200 37
172.20.0.100 - - [05/Mar/2024:11:00:48 +0800] "GET /xingrg/index.html?sysBaseUrl=http%3A%2F%2F172.17.0.8%3A18081%2Fxingrg%2F&costTime=213×tamp=1585200360465 HTTP/1.1" 302 -
172.20.0.100 - - [05/Mar/2024:11:00:48 +0800] "GET /xingrg/login.html HTTP/1.1" 200 7636
172.20.0.100 - - [05/Mar/2024:11:00:49 +0800] "GET /favicon.ico HTTP/1.1" 404 -
172.20.0.100 - - [05/Mar/2024:11:00:50 +0800] "GET /xingrg/index.html?sysBaseUrl=http%3A%2F%2F172.17.0.8%3A18081%2Fxingrg%2F&costTime=213×tamp=1585200360465 HTTP/1.1" 302 -
172.20.0.100 - - [05/Mar/2024:11:00:50 +0800] "GET /xingrg/login.html HTTP/1.1" 200 7636
172.20.0.100 - - [05/Mar/2024:11:00:50 +0800] "GET /xingrg/index.html?sysBaseUrl=http%3A%2F%2F172.17.0.8%3A18081%2Fxingrg%2F&costTime=213×tamp=1585200360465 HTTP/1.1" 302 -
172.20.0.100 - - [05/Mar/2024:11:00:50 +0800] "GET /xingrg/login.html HTTP/1.1" 200 7636
180.169.147.146 - - [05/Mar/2024:11:00:50 +0800] "POST /xingrg/kc/buy/cgsh_order_operate.html HTTP/1.1" 200 2657
172.20.0.100 - - [05/Mar/2024:11:00:51 +0800] "GET /favicon.ico HTTP/1.1" 404 -
180.169.147.146 - - [05/Mar/2024:11:00:51 +0800] "GET /xingrg/kc/print/load_data.html?order_code=212024030501218&kc_code=cgsh&condition= HTTP/1.1" 200 685
116.224.254.208 - - [05/Mar/2024:11:00:52 +0800] "GET /xingrg/all/function/internal_message.html?_=1709607652163&CODE_STATE=getMsg HTTP/1.1" 200 27
172.20.0.100 - - [05/Mar/2024:11:00:54 +0800] "POST /xingrg/login.do HTTP/1.1" 302 -
172.20.0.100 - - [05/Mar/2024:11:00:54 +0800] "GET /xingrg/index.html?sysBaseUrl=http%3A%2F%2F172.20.0.8%3A18081%2Fxingrg%2F&costTime=863×tamp=1709607654109 HTTP/1.1" 200 17448
172.20.0.100 - - [05/Mar/2024:11:00:54 +0800] "GET /favicon.ico HTTP/1.1" 404 -
172.20.0.100 - - [05/Mar/2024:11:00:54 +0800] "GET /xingrg/all/function/internal_message.html?_=1709607654118&CODE_STATE=count HTTP/1.1" 200 11
172.20.0.100 - - [05/Mar/2024:11:00:54 +0800] "GET /xingrg/check_reg.html?_=1709607654118 HTTP/1.1" 200 22
172.20.0.100 - - [05/Mar/2024:11:00:54 +0800] "POST /xingrg/all/common/load_tree.html?tree=area_rest_tree_json&manage=1 HTTP/1.1" 200 3624
172.20.0.100 - - [05/Mar/2024:11:00:54 +0800] "POST /xingrg/load_menu.html HTTP/1.1" 200 11529
116.237.73.188 - - [05/Mar/2024:11:00:55 +0800] "GET /xingrg/all/function/internal_message.html?_=1709607656859&CODE_STATE=getMsg HTTP/1.1" 200 27
180.169.147.146 - - [05/Mar/2024:11:00:55 +0800] "GET /xingrg/kc/buy/cgsh_order_add.html HTTP/1.1" 200 73702
180.169.147.146 - - [05/Mar/2024:11:00:56 +0800] "POST /xingrg/kc/buy/cgsh_order_operate.html HTTP/1.1" 200 8245
180.169.147.146 - - [05/Mar/2024:11:00:56 +0800] "GET /xingrg/javascript/easyui/themes/default/validatebox.css HTTP/1.1" 404 1104
180.169.147.146 - - [05/Mar/2024:11:00:57 +0800] "GET /xingrg/javascript/auto/indicator.gif HTTP/1.1" 404 1066
101.83.145.37 - - [05/Mar/2024:11:00:58 +0800] "GET /xingrg/all/function/internal_message.html?_=1709607422414&CODE_STATE=getMsg HTTP/1.1" 200 27
180.169.147.146 - - [05/Mar/2024:11:00:59 +0800] "GET /xingrg/javascript/jquery_tools/images/prev.gif HTTP/1.1" 404 1086
180.169.147.146 - - [05/Mar/2024:11:00:59 +0800] "GET /xingrg/javascript/jquery_tools/images/next.gif HTTP/1.1" 404 1086
120.253.135.82 - - [05/Mar/2024:11:00:59 +0800] "GET /xingrg/kc/pszx/mdps_order_list.html?orderType=0 HTTP/1.1" 200 21033
172.20.0.100 - - [05/Mar/2024:11:00:59 +0800] "GET /xingrg/system/info/materiel_manager.html HTTP/1.1" 200 19442
172.20.0.100 - - [05/Mar/2024:11:00:59 +0800] "GET /xingrg/dwr/interface/AjaxBaseInfoService.js HTTP/1.1" 200 21363
172.20.0.100 - - [05/Mar/2024:11:00:59 +0800] "GET /xingrg/dwr/interface/AjaxComOrderService.js HTTP/1.1" 200 18264
172.20.0.100 - - [05/Mar/2024:11:00:59 +0800] "GET /xingrg/dwr/engine.js HTTP/1.1" 200 43631
120.253.135.82 - - [05/Mar/2024:11:00:59 +0800] "POST /xingrg/kc/pszx/mdps_list_operate.html HTTP/1.1" 200 5220
124.78.57.58 - - [05/Mar/2024:11:01:00 +0800] "GET /xingrg/all/function/internal_message.html?_=1709607660179&CODE_STATE=getMsg HTTP/1.1" 200 27
172.20.0.100 - - [05/Mar/2024:11:01:00 +0800] "POST /xingrg/dwr/call/plaincall/AjaxBaseInfoService.getSubMaterielSorts.dwr HTTP/1.1" 200 219
172.20.0.100 - - [05/Mar/2024:11:01:00 +0800] "POST /xingrg/dwr/call/plaincall/AjaxBaseInfoService.getMateriels.dwr HTTP/1.1" 200 2930
124.79.241.4 - - [05/Mar/2024:11:01:01 +0800] "GET /xingrg/all/function/internal_message.html?_=1709607657824&CODE_STATE=getMsg HTTP/1.1" 200 27
120.253.135.82 - - [05/Mar/2024:11:01:02 +0800] "GET /xingrg/kc/pszx/mdps_order_add.html HTTP/1.1" 200 29102
120.253.135.82 - - [05/Mar/2024:11:01:02 +0800] "POST /xingrg/kc/pszx/mdps_order_operate.html HTTP/1.1" 200 7126
120.253.135.82 - - [05/Mar/2024:11:01:02 +0800] "GET /xingrg/all/common/auto_word.html?type=base&rest_code=00101 HTTP/1.1" 200 671
120.253.135.82 - - [05/Mar/2024:11:01:02 +0800] "GET /xingrg/javascript/easyui/themes/default/validatebox.css HTTP/1.1" 404 1104
172.20.0.100 - - [05/Mar/2024:11:01:03 +0800] "POST /xingrg/load_menu.html HTTP/1.1" 200 10512
120.253.135.82 - - [05/Mar/2024:11:01:04 +0800] "POST /xingrg/all/common/load_combo.html?type=base HTTP/1.1" 200 1169
116.232.194.112 - - [05/Mar/2024:11:01:04 +0800] "GET /xingrg/all/function/internal_message.html?_=1709607647626&CODE_STATE=getMsg HTTP/1.1" 200 27
180.169.147.146 - - [05/Mar/2024:11:01:04 +0800] "GET /xingrg/all/function/internal_message.html?_=1709607664804&CODE_STATE=getMsg HTTP/1.1" 200 27
172.20.0.100 - - [05/Mar/2024:11:01:05 +0800] "GET /xingrg/kc/report/report_main.html HTTP/1.1" 200 8579
101.83.145.37 - - [05/Mar/2024:11:01:05 +0800] "GET /xingrg/all/function/internal_message.html?_=1709607667039&CODE_STATE=getMsg HTTP/1.1" 200 27
120.253.135.82 - - [05/Mar/2024:11:01:08 +0800] "GET /xingrg/all/function/internal_message.html?_=1709607505174&CODE_STATE=getMsg HTTP/1.1" 200 27
180.169.147.146 - - [05/Mar/2024:11:01:09 +0800] "GET /xingrg/kc/buy/cgsh_order_operate.html?command=get_materiel&rest_code=00147&code=00101010108&supplier_code=00100336&order_time=2024-03-02 HTTP/1.1" 200 421
101.83.241.137 - - [05/Mar/2024:11:01:10 +0800] "GET /xingrg/all/function/internal_message.html?_=1709607669931&CODE_STATE=getMsg HTTP/1.1" 200 27
172.20.0.100 - - [05/Mar/2024:11:01:10 +0800] "POST /xingrg/all/user/operate.html HTTP/1.1" 200 36
172.20.0.100 - - [05/Mar/2024:11:01:10 +0800] "GET /xingrg/index.html?sysBaseUrl=http%3A%2F%2F172.20.0.8%3A18081%2Fxingrg%2F&costTime=863×tamp=1709607654109 HTTP/1.1" 200 17448
172.20.0.100 - - [05/Mar/2024:11:01:10 +0800] "GET /xingrg/javascript/jquery_easy_ui/themes/default/easyui.css HTTP/1.1" 304 -
172.20.0.100 - - [05/Mar/2024:11:01:10 +0800] "GET /xingrg/javascript/jquery_easy_ui/themes/icon.css HTTP/1.1" 304 -
172.20.0.100 - - [05/Mar/2024:11:01:10 +0800] "GET /xingrg/css/form.css HTTP/1.1" 304 -
172.20.0.100 - - [05/Mar/2024:11:01:10 +0800] "GET /xingrg/javascript/jquery-1.4.2.min.js HTTP/1.1" 304 -
172.20.0.100 - - [05/Mar/2024:11:01:10 +0800] "GET /xingrg/javascript/jquery_easy_ui/jquery.easyui.min.js HTTP/1.1" 304 -
172.20.0.100 - - [05/Mar/2024:11:01:10 +0800] "GET /xingrg/javascript/jquery_easy_ui/easyui-lang-zh_CN.js HTTP/1.1" 304 -
172.20.0.100 - - [05/Mar/2024:11:01:10 +0800] "GET /xingrg/javascript/jquery.form.js HTTP/1.1" 304 -
172.20.0.100 - - [05/Mar/2024:11:01:10 +0800] "GET /xingrg/javascript/jquery.utils.js HTTP/1.1" 304 -
172.20.0.100 - - [05/Mar/2024:11:01:10 +0800] "GET /xingrg/javascript/jquery.timers.js HTTP/1.1" 304 -
172.20.0.100 - - [05/Mar/2024:11:01:10 +0800] "GET /xingrg/images/blue/jxLogo.png HTTP/1.1" 304 -
172.20.0.100 - - [05/Mar/2024:11:01:10 +0800] "GET /xingrg/javascript/jquery_easy_ui/themes/icons/settle_new.png HTTP/1.1" 304 -
172.20.0.100 - - [05/Mar/2024:11:01:10 +0800] "GET /xingrg/images/blue/navBackgound.jpg HTTP/1.1" 304 -
172.20.0.100 - - [05/Mar/2024:11:01:10 +0800] "GET /xingrg/all/function/internal_message.html?_=1709607670446&CODE_STATE=count HTTP/1.1" 200 11
172.20.0.100 - - [05/Mar/2024:11:01:10 +0800] "GET /xingrg/check_reg.html?_=1709607670447 HTTP/1.1" 200 22
172.20.0.100 - - [05/Mar/2024:11:01:10 +0800] "GET /xingrg/javascript/jquery_easy_ui/themes/default/images/panel_tool_collapse.gif HTTP/1.1" 304 -
172.20.0.100 - - [05/Mar/2024:11:01:10 +0800] "GET /xingrg/javascript/jquery_easy_ui/themes/default/images/tabs_rightarrow.png HTTP/1.1" 304 -
172.20.0.100 - - [05/Mar/2024:11:01:10 +0800] "GET /xingrg/javascript/jquery_easy_ui/themes/default/images/panel_tool_expand.gif HTTP/1.1" 304 -
172.20.0.100 - - [05/Mar/2024:11:01:10 +0800] "GET /xingrg/images/blue/pingpu.png HTTP/1.1" 304 -
172.20.0.100 - - [05/Mar/2024:11:01:10 +0800] "GET /xingrg/javascript/jquery_easy_ui/themes/default/images/tabs_leftarrow.png HTTP/1.1" 304 -
172.20.0.100 - - [05/Mar/2024:11:01:11 +0800] "POST /xingrg/all/common/load_tree.html?tree=area_rest_tree_json&manage=1 HTTP/1.1" 200 3624
172.20.0.100 - - [05/Mar/2024:11:01:11 +0800] "POST /xingrg/load_menu.html HTTP/1.1" 200 9924
172.20.0.100 - - [05/Mar/2024:11:01:12 +0800] "GET /xingrg/kc/report/report_main.html HTTP/1.1" 200 7320
120.253.135.82 - - [05/Mar/2024:11:01:14 +0800] "GET /xingrg/kc/pszx/mdps_order_operate.html?command=get_materiel&pszx_code=00101&rest_code=&base_code=0010250&code=00101017003 HTTP/1.1" 200 435
180.169.147.146 - - [05/Mar/2024:11:01:19 +0800] "POST /xingrg/kc/buy/cgsh_order_operate.html HTTP/1.1" 200 37
116.230.123.13 - - [05/Mar/2024:11:01:19 +0800] "GET /xingrg/all/function/internal_message.html?_=1709607679305&CODE_STATE=getMsg HTTP/1.1" 200 27
180.169.147.146 - - [05/Mar/2024:11:01:20 +0800] "GET /xingrg/kc/base/crk_hz.html?_=1709607680032&command=get_cost_id&end_date=2024-02-29&start_date=2024-02-01 HTTP/1.1" 200 51
180.169.147.146 - - [05/Mar/2024:11:01:20 +0800] "GET /xingrg/all/report/report_query.html?isQuery=1&onlyBody=1&rh=99999&rw=1800&varString=start:20240201,cost_id:4865,mid:20240201&fileName=kc/base/crk_hz_type_by_base.xml&queryString=%20a.base_code%20in%20('0010512','0010514','0010515','0010516','0010517','0010518')%20%20and%20m.sort_code%20in%20('00101001','00101002','00101003','00101004','00101005','00101006','00101007','00101008','00101009','00101010','00101011','00101012','00101013','00101014','00101015','00101016','00101017','00101018','00101019','00101020','00101021','00101022','00101023','00101024','00101025','00101026','00101027','00101028','00101029','00101030','00101031','00101032','00101033','00101034','00101036','00101037','00101038','00101039','00101040','00101041','00101042','00101043','00101044','00101045')%20&queryText=ÈÕÆÚ£º2024-02-01ÖÁ2024-02-29%20²Ö¿â£ºº£ÏʳØ,º£ÅÉ,Àä²Ë,ÉÕ±,´ÌÉí,µãÐÄ&tableQueryString=materiel_table$sp1$$sp$before_table$sp1$$sp$crk_table$sp1$order_day%20between%2020240201%20and%2020240229 HTTP/1.1" 200 49981
180.169.147.146 - - [05/Mar/2024:11:01:20 +0800] "GET /xingrg/dwr/interface/AjaxReportQueryService.js HTTP/1.1" 200 13203
180.169.147.146 - - [05/Mar/2024:11:01:20 +0800] "GET /xingrg/dwr/engine.js HTTP/1.1" 200 43631
180.169.147.146 - - [05/Mar/2024:11:01:21 +0800] "POST /xingrg/kc/buy/cgsh_order_operate.html HTTP/1.1" 200 2665
116.224.254.208 - - [05/Mar/2024:11:01:21 +0800] "GET /xingrg/all/function/internal_message.html?_=1709607682026&CODE_STATE=getMsg HTTP/1.1" 200 27
101.83.145.37 - - [05/Mar/2024:11:01:22 +0800] "GET /xingrg/kc/buy/cgsh_order_operate.html?command=get_materiel&rest_code=00105&code=00101008105&supplier_code=00100008&order_time=2024-03-05 HTTP/1.1" 200 413
180.169.147.146 - - [05/Mar/2024:11:01:24 +0800] "POST /xingrg/all/report/load_report_page.html HTTP/1.1" 200 214144
180.169.147.146 - - [05/Mar/2024:11:01:24 +0800] "GET /xingrg/kc/print/load_data.html?order_code=212024030501219&kc_code=cgsh&condition= HTTP/1.1" 200 687
180.169.147.146 - - [05/Mar/2024:11:01:24 +0800] "GET /xingrg/servlets/image?cache=0.7353139700681439&image=px HTTP/1.1" 200 807
101.228.147.14 - - [05/Mar/2024:11:01:27 +0800] "GET /xingrg/all/function/internal_message.html?_=1709607687074&CODE_STATE=getMsg HTTP/1.1" 200 27
124.79.241.4 - - [05/Mar/2024:11:01:29 +0800] "GET /xingrg/all/function/internal_message.html?_=1709607703501&CODE_STATE=getMsg HTTP/1.1" 200 27
180.169.147.146 - - [05/Mar/2024:11:01:29 +0800] "GET /xingrg/kc/buy/cgsh_order_add.html HTTP/1.1" 200 73702
180.169.147.146 - - [05/Mar/2024:11:01:29 +0800] "POST /xingrg/kc/buy/cgsh_order_operate.html HTTP/1.1" 200 8245
180.169.147.146 - - [05/Mar/2024:11:01:29 +0800] "GET /xingrg/javascript/easyui/themes/default/validatebox.css HTTP/1.1" 404 1104
101.83.145.37 - - [05/Mar/2024:11:01:30 +0800] "POST /xingrg/kc/buy/cgsh_order_operate.html HTTP/1.1" 200 2065
222.70.115.1 - - [05/Mar/2024:11:01:31 +0800] "GET /xingrg/check_reg.html?_=1709607693738 HTTP/1.1" 200 22
222.70.115.1 - - [05/Mar/2024:11:01:31 +0800] "GET /xingrg/all/function/internal_message.html?_=1709607693742&CODE_STATE=getMsg HTTP/1.1" 200 27
180.169.147.146 - - [05/Mar/2024:11:01:32 +0800] "GET /xingrg/all/function/internal_message.html?_=1709607690319&CODE_STATE=getMsg HTTP/1.1" 200 27
180.169.147.146 - - [05/Mar/2024:11:01:32 +0800] "GET /xingrg/javascript/auto/indicator.gif HTTP/1.1" 404 1066
180.169.147.146 - - [05/Mar/2024:11:01:33 +0800] "GET /xingrg/javascript/jquery_tools/images/prev.gif HTTP/1.1" 404 1086
180.169.147.146 - - [05/Mar/2024:11:01:33 +0800] "GET /xingrg/javascript/jquery_tools/images/next.gif HTTP/1.1" 404 1086
58.40.7.146 - - [05/Mar/2024:11:01:34 +0800] "GET /xingrg/all/function/internal_message.html?_=1709607699360&CODE_STATE=getMsg HTTP/1.1" 200 27
58.40.7.146 - - [05/Mar/2024:11:01:35 +0800] "GET /xingrg/all/function/internal_message.html?_=1709607695748&CODE_STATE=getMsg HTTP/1.1" 200 27
180.164.1.25 - - [05/Mar/2024:11:01:37 +0800] "GET /xingrg/all/function/internal_message.html?_=1709607697631&CODE_STATE=getMsg HTTP/1.1" 200 27
180.164.1.25 - - [05/Mar/2024:11:01:37 +0800] "GET /xingrg/check_reg.html?_=1709607697634 HTTP/1.1" 200 22
124.78.57.58 - - [05/Mar/2024:11:01:41 +0800] "GET /xingrg/all/function/internal_message.html?_=1709607701921&CODE_STATE=getMsg HTTP/1.1" 200 27
180.169.147.146 - - [05/Mar/2024:11:01:44 +0800] "GET /xingrg/all/report/report_query.html?isQuery=1&fileName=kc/base/crk_detail_by_small.xml&rh=99999&queryString=&queryText=%25E3%2580%2590%25E4%25BB%2593%25E5%25BA%2593%25E5%2590%258D%25E7%25A7%25B0%253A%25E6%25B5%25B7%25E9%25B2%259C%25E6%25B1%25A0%25E3%2580%2591%25E3%2580%2590%25E4%25B8%259A%25E5%258A%25A1%25E7%25B1%25BB%25E5%259E%258B%25EF%25BC%259A%25E5%2586%2585%25E9%2583%25A8%25E8%25B0%2583%25E5%2587%25BA%25E3%2580%2591%2520%253F%253F%253F%253F%253F2024-02-01%253F%253F2024-02-29%2520%253F%253F%253F%253F%253F%253F%253F%253F%252C%253F%253F%253F%253F%252C%253F%253F%253F%252C%253F%253F%25C2%25B1%252C%253F%253F%253F%253F%252C%253F%253F%253F%253F&tableQueryString=crk_table%2524sp1%2524order_day%2520between%252020240201%2520and%252020240229%2520and%2520(base_code%253D'0010512')%2520and%2520(src_order_type%2520in%2520(42))%2520and%2520(is_rk%2520in%2520(0)) HTTP/1.1" 200 53832
180.169.147.146 - - [05/Mar/2024:11:01:44 +0800] "GET /xingrg/dwr/interface/AjaxReportQueryService.js HTTP/1.1" 200 13203
180.169.147.146 - - [05/Mar/2024:11:01:44 +0800] "GET /xingrg/dwr/engine.js HTTP/1.1" 200 43631
180.169.147.146 - - [05/Mar/2024:11:01:44 +0800] "GET /xingrg/all/function/internal_message.html?_=1709607704517&CODE_STATE=getMsg HTTP/1.1" 200 27
180.169.147.146 - - [05/Mar/2024:11:01:44 +0800] "GET /xingrg/kc/buy/cgsh_order_operate.html?command=get_materiel&rest_code=00147&code=00101013206&supplier_code=00100337&order_time=2024-03-02 HTTP/1.1" 200 413
180.169.147.146 - - [05/Mar/2024:11:01:45 +0800] "POST /xingrg/all/report/load_report_page.html HTTP/1.1" 200 21518
180.169.147.146 - - [05/Mar/2024:11:01:45 +0800] "GET /xingrg/servlets/image?cache=0.9886312696041543&image=px HTTP/1.1" 200 807
114.89.91.180 - - [05/Mar/2024:11:01:45 +0800] "GET /xingrg/all/function/internal_message.html?_=1709607705716&CODE_STATE=getMsg HTTP/1.1" 200 27
120.253.135.82 - - [05/Mar/2024:11:01:45 +0800] "GET /xingrg/all/function/internal_message.html?_=1709607875754&CODE_STATE=getMsg HTTP/1.1" 200 27
180.169.147.146 - - [05/Mar/2024:11:01:46 +0800] "GET /xingrg/all/function/internal_message.html?_=1709607706321&CODE_STATE=getMsg HTTP/1.1" 200 27
116.230.116.59 - - [05/Mar/2024:11:01:47 +0800] "GET /xingrg/all/function/internal_message.html?_=1709607713161&CODE_STATE=getMsg HTTP/1.1" 200 27
120.253.135.82 - - [05/Mar/2024:11:01:48 +0800] "GET /xingrg/kc/pszx/mdps_order_operate.html?command=get_materiel&pszx_code=00101&rest_code=&base_code=0010250&code=00102002603 HTTP/1.1" 200 431
58.40.7.146 - - [05/Mar/2024:11:01:49 +0800] "GET /xingrg/check_reg.html?_=1709607709656 HTTP/1.1" 200 22
222.69.134.177 - - [05/Mar/2024:11:01:51 +0800] "GET /xingrg/check_reg.html?_=1709607713234 HTTP/1.1" 200 22
116.224.254.208 - - [05/Mar/2024:11:01:52 +0800] "GET /xingrg/all/function/internal_message.html?_=1709607712151&CODE_STATE=getMsg HTTP/1.1" 200 27
180.169.147.146 - - [05/Mar/2024:11:01:53 +0800] "POST /xingrg/kc/buy/cgsh_order_operate.html HTTP/1.1" 200 37
116.224.254.208 - - [05/Mar/2024:11:01:53 +0800] "GET /xingrg/check_reg.html?_=1709607713681 HTTP/1.1" 200 22
180.169.147.146 - - [05/Mar/2024:11:01:54 +0800] "POST /xingrg/kc/buy/cgsh_order_operate.html HTTP/1.1" 200 2657
116.237.73.188 - - [05/Mar/2024:11:01:55 +0800] "GET /xingrg/all/function/internal_message.html?_=1709607716858&CODE_STATE=getMsg HTTP/1.1" 200 27
180.169.147.146 - - [05/Mar/2024:11:01:55 +0800] "GET /xingrg/kc/print/load_data.html?order_code=212024030501220&kc_code=cgsh&condition= HTTP/1.1" 200 682
101.83.145.37 - - [05/Mar/2024:11:01:58 +0800] "GET /xingrg/all/function/internal_message.html?_=1709607482401&CODE_STATE=getMsg HTTP/1.1" 200 27
180.169.147.146 - - [05/Mar/2024:11:01:59 +0800] "GET /xingrg/kc/buy/cgsh_order_add.html HTTP/1.1" 200 73702
180.169.147.146 - - [05/Mar/2024:11:01:59 +0800] "POST /xingrg/kc/buy/cgsh_order_operate.html HTTP/1.1" 200 8245
180.169.147.146 - - [05/Mar/2024:11:01:59 +0800] "GET /xingrg/javascript/easyui/themes/default/validatebox.css HTTP/1.1" 404 1104
124.78.57.58 - - [05/Mar/2024:11:02:00 +0800] "GET /xingrg/all/function/internal_message.html?_=1709607720177&CODE_STATE=getMsg HTTP/1.1" 200 27
124.79.241.4 - - [05/Mar/2024:11:02:01 +0800] "GET /xingrg/all/function/internal_message.html?_=1709607717823&CODE_STATE=getMsg HTTP/1.1" 200 27
180.169.147.146 - - [05/Mar/2024:11:02:01 +0800] "GET /xingrg/javascript/auto/indicator.gif HTTP/1.1" 404 1066
180.169.147.146 - - [05/Mar/2024:11:02:01 +0800] "POST /xingrg/all/report/load_report_page.html HTTP/1.1" 200 42556
180.169.147.146 - - [05/Mar/2024:11:02:01 +0800] "GET /xingrg/servlets/image?cache=0.3969600196515706&image=px HTTP/1.1" 200 807
180.169.147.146 - - [05/Mar/2024:11:02:02 +0800] "GET /xingrg/javascript/jquery_tools/images/next.gif HTTP/1.1" 404 1086
180.169.147.146 - - [05/Mar/2024:11:02:02 +0800] "GET /xingrg/javascript/jquery_tools/images/prev.gif HTTP/1.1" 404 1086
101.83.145.37 - - [05/Mar/2024:11:02:02 +0800] "GET /xingrg/kc/buy/cgsh_order_operate.html?command=get_materiel&rest_code=00105&code=00101008119&supplier_code=00100008&order_time=2024-03-05 HTTP/1.1" 200 413
116.232.194.112 - - [05/Mar/2024:11:02:04 +0800] "GET /xingrg/all/function/internal_message.html?_=1709607707608&CODE_STATE=getMsg HTTP/1.1" 200 27
180.169.147.146 - - [05/Mar/2024:11:02:04 +0800] "GET /xingrg/check_reg.html?_=1709607724803 HTTP/1.1" 200 22
180.169.147.146 - - [05/Mar/2024:11:02:04 +0800] "GET /xingrg/all/function/internal_message.html?_=1709607724805&CODE_STATE=getMsg HTTP/1.1" 200 27
101.83.145.37 - - [05/Mar/2024:11:02:05 +0800] "GET /xingrg/all/function/internal_message.html?_=1709607727008&CODE_STATE=getMsg HTTP/1.1" 200 27
101.83.145.37 - - [05/Mar/2024:11:02:07 +0800] "GET /xingrg/check_reg.html?_=1709607728821 HTTP/1.1" 200 22
120.253.135.82 - - [05/Mar/2024:11:02:08 +0800] "GET /xingrg/all/function/internal_message.html?_=1709607565280&CODE_STATE=getMsg HTTP/1.1" 200 27
101.83.241.137 - - [05/Mar/2024:11:02:10 +0800] "GET /xingrg/all/function/internal_message.html?_=1709607729917&CODE_STATE=getMsg HTTP/1.1" 200 27
172.20.0.100 - - [05/Mar/2024:11:02:10 +0800] "GET /xingrg/all/function/internal_message.html?_=1709607730460&CODE_STATE=getMsg HTTP/1.1" 200 27
180.169.147.146 - - [05/Mar/2024:11:02:13 +0800] "GET /xingrg/kc/buy/cgsh_order_operate.html?command=get_materiel&rest_code=00147&code=00101012049&supplier_code=00100338&order_time=2024-03-02 HTTP/1.1" 200 430
180.169.147.146 - - [05/Mar/2024:11:02:14 +0800] "POST /xingrg/all/common/load_select.html HTTP/1.1" 200 25
116.230.116.59 - - [05/Mar/2024:11:02:16 +0800] "GET /xingrg/check_reg.html?_=1709607742332 HTTP/1.1" 200 22
180.169.147.146 - - [05/Mar/2024:11:02:18 +0800] "GET /xingrg/kc/buy/cgsh_order_operate.html?command=get_materiel_price&rest_code=00147&code=00101012049&unit_code=00100085&supplier_code=00100338&order_time=2024-03-02 HTTP/1.1" 200 27
116.230.123.13 - - [05/Mar/2024:11:02:19 +0800] "GET /xingrg/all/function/internal_message.html?_=1709607739285&CODE_STATE=getMsg HTTP/1.1" 200 27
116.224.254.208 - - [05/Mar/2024:11:02:21 +0800] "GET /xingrg/all/function/internal_message.html?_=1709607742042&CODE_STATE=getMsg HTTP/1.1" 200 27
180.169.147.146 - - [05/Mar/2024:11:02:22 +0800] "GET /xingrg/kc/buy/cgsh_order_operate.html?command=get_materiel_price&rest_code=00147&code=00101012049&unit_code=00100086&supplier_code=00100338&order_time=2024-03-02 HTTP/1.1" 200 29
180.169.147.146 - - [05/Mar/2024:11:02:23 +0800] "POST /xingrg/all/report/load_report_page.html HTTP/1.1" 200 21518
180.169.147.146 - - [05/Mar/2024:11:02:23 +0800] "GET /xingrg/servlets/image?cache=0.9528069507452981&image=px HTTP/1.1" 200 807
101.228.147.14 - - [05/Mar/2024:11:02:27 +0800] "GET /xingrg/all/function/internal_message.html?_=1709607747069&CODE_STATE=getMsg HTTP/1.1" 200 27
124.79.241.4 - - [05/Mar/2024:11:02:29 +0800] "GET /xingrg/all/function/internal_message.html?_=1709607763500&CODE_STATE=getMsg HTTP/1.1" 200 27
116.238.97.31 - - [05/Mar/2024:11:02:30 +0800] "GET /xingrg/check_reg.html?_=1709607751029 HTTP/1.1" 200 22
222.70.115.1 - - [05/Mar/2024:11:02:31 +0800] "GET /xingrg/all/function/internal_message.html?_=1709607753726&CODE_STATE=getMsg HTTP/1.1" 200 27
180.169.147.146 - - [05/Mar/2024:11:02:32 +0800] "GET /xingrg/all/function/internal_message.html?_=1709607750318&CODE_STATE=getMsg HTTP/1.1" 200 27
180.169.147.146 - - [05/Mar/2024:11:02:32 +0800] "POST /xingrg/kc/buy/cgsh_order_operate.html HTTP/1.1" 200 37
180.169.147.146 - - [05/Mar/2024:11:02:33 +0800] "POST /xingrg/kc/buy/cgsh_order_operate.html HTTP/1.1" 200 2668
58.40.7.146 - - [05/Mar/2024:11:02:34 +0800] "GET /xingrg/all/function/internal_message.html?_=1709607759364&CODE_STATE=getMsg HTTP/1.1" 200 27
180.169.147.146 - - [05/Mar/2024:11:02:35 +0800] "GET /xingrg/kc/print/load_data.html?order_code=212024030501221&kc_code=cgsh&condition= HTTP/1.1" 200 689
58.40.7.146 - - [05/Mar/2024:11:02:35 +0800] "GET /xingrg/all/function/internal_message.html?_=1709607755750&CODE_STATE=getMsg HTTP/1.1" 200 27
180.164.1.25 - - [05/Mar/2024:11:02:37 +0800] "GET /xingrg/all/function/internal_message.html?_=1709607757645&CODE_STATE=getMsg HTTP/1.1" 200 27
180.169.147.146 - - [05/Mar/2024:11:02:38 +0800] "GET /xingrg/kc/buy/cgsh_order_add.html HTTP/1.1" 200 73702
180.169.147.146 - - [05/Mar/2024:11:02:38 +0800] "POST /xingrg/kc/buy/cgsh_order_operate.html HTTP/1.1" 200 8245
180.169.147.146 - - [05/Mar/2024:11:02:38 +0800] "GET /xingrg/javascript/easyui/themes/default/validatebox.css HTTP/1.1" 404 1104
180.169.147.146 - - [05/Mar/2024:11:02:39 +0800] "GET /xingrg/javascript/auto/indicator.gif HTTP/1.1" 404 1066
180.169.147.146 - - [05/Mar/2024:11:02:41 +0800] "GET /xingrg/javascript/jquery_tools/images/next.gif HTTP/1.1" 404 1086
180.169.147.146 - - [05/Mar/2024:11:02:41 +0800] "GET /xingrg/javascript/jquery_tools/images/prev.gif HTTP/1.1" 404 1086
124.78.57.58 - - [05/Mar/2024:11:02:41 +0800] "GET /xingrg/all/function/internal_message.html?_=1709607761924&CODE_STATE=getMsg HTTP/1.1" 200 27
180.169.147.146 - - [05/Mar/2024:11:02:44 +0800] "GET /xingrg/all/function/internal_message.html?_=1709607764499&CODE_STATE=getMsg HTTP/1.1" 200 27
114.89.91.180 - - [05/Mar/2024:11:02:45 +0800] "GET /xingrg/all/function/internal_message.html?_=1709607765699&CODE_STATE=getMsg HTTP/1.1" 200 27
120.253.135.82 - - [05/Mar/2024:11:02:45 +0800] "GET /xingrg/all/function/internal_message.html?_=1709607935756&CODE_STATE=getMsg HTTP/1.1" 200 27
180.169.147.146 - - [05/Mar/2024:11:02:46 +0800] "GET /xingrg/all/function/internal_message.html?_=1709607766314&CODE_STATE=getMsg HTTP/1.1" 200 27
116.230.116.59 - - [05/Mar/2024:11:02:47 +0800] "GET /xingrg/all/function/internal_message.html?_=1709607773169&CODE_STATE=getMsg HTTP/1.1" 200 27
180.169.147.146 - - [05/Mar/2024:11:02:49 +0800] "POST /xingrg/all/report/load_report_page.html HTTP/1.1" 200 42478
180.169.147.146 - - [05/Mar/2024:11:02:49 +0800] "GET /xingrg/servlets/image?cache=0.43936207746539&image=px HTTP/1.1" 200 807
180.169.147.146 - - [05/Mar/2024:11:02:50 +0800] "GET /xingrg/kc/buy/cgsh_order_operate.html?command=get_materiel&rest_code=00147&code=00101004090&supplier_code=00100312&order_time=2024-03-02 HTTP/1.1" 200 405
116.224.254.208 - - [05/Mar/2024:11:02:52 +0800] "GET /xingrg/all/function/internal_message.html?_=1709607772133&CODE_STATE=getMsg HTTP/1.1" 200 27
124.79.241.4 - - [05/Mar/2024:11:02:53 +0800] "GET /xingrg/check_reg.html?_=1709607770144 HTTP/1.1" 200 22
116.237.73.188 - - [05/Mar/2024:11:02:55 +0800] "GET /xingrg/check_reg.html?_=1709607776874 HTTP/1.1" 200 22
116.237.73.188 - - [05/Mar/2024:11:02:55 +0800] "GET /xingrg/all/function/internal_message.html?_=1709607776871&CODE_STATE=getMsg HTTP/1.1" 200 27
101.83.145.37 - - [05/Mar/2024:11:02:58 +0800] "GET /xingrg/all/function/internal_message.html?_=1709607542419&CODE_STATE=getMsg HTTP/1.1" 200 27
124.78.57.58 - - [05/Mar/2024:11:03:00 +0800] "GET /xingrg/all/function/internal_message.html?_=1709607780192&CODE_STATE=getMsg HTTP/1.1" 200 27
124.79.241.4 - - [05/Mar/2024:11:03:01 +0800] "GET /xingrg/all/function/internal_message.html?_=1709607777810&CODE_STATE=getMsg HTTP/1.1" 200 27
180.169.147.146 - - [05/Mar/2024:11:03:03 +0800] "GET /xingrg/kc/buy/cgsh_order_operate.html?command=get_materiel&rest_code=00147&code=00101004047&supplier_code=00100312&order_time=2024-03-02 HTTP/1.1" 200 434
116.232.194.112 - - [05/Mar/2024:11:03:04 +0800] "GET /xingrg/all/function/internal_message.html?_=1709607767594&CODE_STATE=getMsg HTTP/1.1" 200 27
180.169.147.146 - - [05/Mar/2024:11:03:04 +0800] "GET /xingrg/all/function/internal_message.html?_=1709607784798&CODE_STATE=getMsg HTTP/1.1" 200 27
101.83.145.37 - - [05/Mar/2024:11:03:05 +0800] "GET /xingrg/all/function/internal_message.html?_=1709607786983&CODE_STATE=getMsg HTTP/1.1" 200 27
101.83.145.37 - - [05/Mar/2024:11:03:07 +0800] "POST /xingrg/kc/buy/cgsh_order_operate.html HTTP/1.1" 200 37
120.253.135.82 - - [05/Mar/2024:11:03:08 +0800] "GET /xingrg/all/function/internal_message.html?_=1709607625279&CODE_STATE=getMsg HTTP/1.1" 200 27
101.83.145.37 - - [05/Mar/2024:11:03:09 +0800] "POST /xingrg/kc/buy/cgsh_order_operate.html HTTP/1.1" 200 13294
101.83.241.137 - - [05/Mar/2024:11:03:10 +0800] "GET /xingrg/all/function/internal_message.html?_=1709607789907&CODE_STATE=getMsg HTTP/1.1" 200 27
172.20.0.100 - - [05/Mar/2024:11:03:10 +0800] "GET /xingrg/all/function/internal_message.html?_=1709607790450&CODE_STATE=getMsg HTTP/1.1" 200 27
180.169.147.146 - - [05/Mar/2024:11:03:12 +0800] "GET /xingrg/kc/buy/cgsh_order_operate.html?command=get_materiel&rest_code=00147&code=00101004067&supplier_code=00100312&order_time=2024-03-02 HTTP/1.1" 200 413
116.230.123.13 - - [05/Mar/2024:11:03:19 +0800] "GET /xingrg/all/function/internal_message.html?_=1709607799258&CODE_STATE=getMsg HTTP/1.1" 200 27
180.169.147.146 - - [05/Mar/2024:11:03:21 +0800] "GET /xingrg/kc/buy/cgsh_order_operate.html?command=get_materiel&rest_code=00147&code=00101004057&supplier_code=00100312&order_time=2024-03-02 HTTP/1.1" 200 409
116.224.254.208 - - [05/Mar/2024:11:03:21 +0800] "GET /xingrg/all/function/internal_message.html?_=1709607802041&CODE_STATE=getMsg HTTP/1.1" 200 27
101.228.147.14 - - [05/Mar/2024:11:03:27 +0800] "GET /xingrg/all/function/internal_message.html?_=1709607807071&CODE_STATE=getMsg HTTP/1.1" 200 27
124.79.241.4 - - [05/Mar/2024:11:03:29 +0800] "GET /xingrg/all/function/internal_message.html?_=1709607823498&CODE_STATE=getMsg HTTP/1.1" 200 27
180.169.147.146 - - [05/Mar/2024:11:03:30 +0800] "GET /xingrg/kc/buy/cgsh_order_operate.html?command=get_materiel&rest_code=00147&code=00101004023&supplier_code=00100312&order_time=2024-03-02 HTTP/1.1" 200 430
222.70.115.1 - - [05/Mar/2024:11:03:31 +0800] "GET /xingrg/all/function/internal_message.html?_=1709607813730&CODE_STATE=getMsg HTTP/1.1" 200 27
180.169.147.146 - - [05/Mar/2024:11:03:32 +0800] "GET /xingrg/check_reg.html?_=1709607810319 HTTP/1.1" 200 22
180.169.147.146 - - [05/Mar/2024:11:03:32 +0800] "GET /xingrg/all/function/internal_message.html?_=1709607810321&CODE_STATE=getMsg HTTP/1.1" 200 27
58.40.7.146 - - [05/Mar/2024:11:03:34 +0800] "GET /xingrg/all/function/internal_message.html?_=1709607819358&CODE_STATE=getMsg HTTP/1.1" 200 27
58.40.7.146 - - [05/Mar/2024:11:03:35 +0800] "GET /xingrg/all/function/internal_message.html?_=1709607815764&CODE_STATE=getMsg HTTP/1.1" 200 27
180.164.1.25 - - [05/Mar/2024:11:03:37 +0800] "GET /xingrg/all/function/internal_message.html?_=1709607817635&CODE_STATE=getMsg HTTP/1.1" 200 27
124.78.57.58 - - [05/Mar/2024:11:03:41 +0800] "GET /xingrg/all/function/internal_message.html?_=1709607821924&CODE_STATE=getMsg HTTP/1.1" 200 27
180.169.147.146 - - [05/Mar/2024:11:03:44 +0800] "GET /xingrg/all/function/internal_message.html?_=1709607824494&CODE_STATE=getMsg HTTP/1.1" 200 27
180.169.147.146 - - [05/Mar/2024:11:03:45 +0800] "GET /xingrg/kc/buy/cgsh_order_operate.html?command=get_materiel&rest_code=00147&code=00101001045&supplier_code=00100312&order_time=2024-03-02 HTTP/1.1" 200 423
114.89.91.180 - - [05/Mar/2024:11:03:45 +0800] "GET /xingrg/all/function/internal_message.html?_=1709607825674&CODE_STATE=getMsg HTTP/1.1" 200 27
120.253.135.82 - - [05/Mar/2024:11:03:46 +0800] "GET /xingrg/all/function/internal_message.html?_=1709607995759&CODE_STATE=getMsg HTTP/1.1" 200 27
180.169.147.146 - - [05/Mar/2024:11:03:46 +0800] "GET /xingrg/all/function/internal_message.html?_=1709607826316&CODE_STATE=getMsg HTTP/1.1" 200 27
116.230.116.59 - - [05/Mar/2024:11:03:47 +0800] "GET /xingrg/all/function/internal_message.html?_=1709607833182&CODE_STATE=getMsg HTTP/1.1" 200 27
116.224.254.208 - - [05/Mar/2024:11:03:52 +0800] "GET /xingrg/all/function/internal_message.html?_=1709607832103&CODE_STATE=getMsg HTTP/1.1" 200 27
116.237.73.188 - - [05/Mar/2024:11:03:55 +0800] "GET /xingrg/all/function/internal_message.html?_=1709607837101&CODE_STATE=getMsg HTTP/1.1" 200 27
116.237.73.188 - - [05/Mar/2024:11:03:58 +0800] "POST /xingrg/kc/buy/cgsh_order_operate.html HTTP/1.1" 200 37
101.83.145.37 - - [05/Mar/2024:11:03:58 +0800] "GET /xingrg/all/function/internal_message.html?_=1709607602429&CODE_STATE=getMsg HTTP/1.1" 200 27
101.83.145.37 - - [05/Mar/2024:11:03:58 +0800] "GET /xingrg/check_reg.html?_=1709607602432 HTTP/1.1" 200 22
124.78.57.58 - - [05/Mar/2024:11:04:00 +0800] "GET /xingrg/all/function/internal_message.html?_=1709607840191&CODE_STATE=getMsg HTTP/1.1" 200 27
116.237.73.188 - - [05/Mar/2024:11:04:00 +0800] "POST /xingrg/kc/buy/cgsh_order_operate.html HTTP/1.1" 200 8599
124.79.241.4 - - [05/Mar/2024:11:04:01 +0800] "GET /xingrg/all/function/internal_message.html?_=1709607837785&CODE_STATE=getMsg HTTP/1.1" 200 27
116.232.194.112 - - [05/Mar/2024:11:04:04 +0800] "GET /xingrg/all/function/internal_message.html?_=1709607827568&CODE_STATE=getMsg HTTP/1.1" 200 27
180.169.147.146 - - [05/Mar/2024:11:04:04 +0800] "GET /xingrg/all/function/internal_message.html?_=1709607844805&CODE_STATE=getMsg HTTP/1.1" 200 27
116.232.194.112 - - [05/Mar/2024:11:04:05 +0800] "GET /xingrg/check_reg.html?_=1709607828420 HTTP/1.1" 200 22
101.83.145.37 - - [05/Mar/2024:11:04:05 +0800] "GET /xingrg/all/function/internal_message.html?_=1709607846958&CODE_STATE=getMsg HTTP/1.1" 200 27
120.253.135.82 - - [05/Mar/2024:11:04:08 +0800] "GET /xingrg/all/function/internal_message.html?_=1709607685375&CODE_STATE=getMsg HTTP/1.1" 200 27
101.83.241.137 - - [05/Mar/2024:11:04:10 +0800] "GET /xingrg/all/function/internal_message.html?_=1709607849893&CODE_STATE=getMsg HTTP/1.1" 200 27
172.20.0.100 - - [05/Mar/2024:11:04:10 +0800] "GET /xingrg/all/function/internal_message.html?_=1709607850454&CODE_STATE=getMsg HTTP/1.1" 200 27
180.169.147.146 - - [05/Mar/2024:11:04:17 +0800] "POST /xingrg/kc/buy/cgsh_order_operate.html HTTP/1.1" 200 37
180.169.147.146 - - [05/Mar/2024:11:04:19 +0800] "POST /xingrg/kc/buy/cgsh_order_operate.html HTTP/1.1" 200 6242
116.230.123.13 - - [05/Mar/2024:11:04:19 +0800] "GET /xingrg/all/function/internal_message.html?_=1709607859229&CODE_STATE=getMsg HTTP/1.1" 200 27
180.169.147.146 - - [05/Mar/2024:11:04:20 +0800] "GET /xingrg/kc/print/load_data.html?order_code=212024030501222&kc_code=cgsh&condition= HTTP/1.1" 200 2069
116.224.254.208 - - [05/Mar/2024:11:04:21 +0800] "GET /xingrg/check_reg.html?_=1709607862042 HTTP/1.1" 200 22
116.224.254.208 - - [05/Mar/2024:11:04:21 +0800] "GET /xingrg/all/function/internal_message.html?_=1709607862044&CODE_STATE=getMsg HTTP/1.1" 200 27
180.169.147.146 - - [05/Mar/2024:11:04:23 +0800] "GET /xingrg/kc/buy/cgsh_order_add.html HTTP/1.1" 200 73702
180.169.147.146 - - [05/Mar/2024:11:04:23 +0800] "POST /xingrg/kc/buy/cgsh_order_operate.html HTTP/1.1" 200 8245
180.169.147.146 - - [05/Mar/2024:11:04:23 +0800] "GET /xingrg/javascript/easyui/themes/default/validatebox.css HTTP/1.1" 404 1104
180.169.147.146 - - [05/Mar/2024:11:04:24 +0800] "GET /xingrg/javascript/auto/indicator.gif HTTP/1.1" 404 1066
180.169.147.146 - - [05/Mar/2024:11:04:25 +0800] "GET /xingrg/javascript/jquery_tools/images/prev.gif HTTP/1.1" 404 1086
180.169.147.146 - - [05/Mar/2024:11:04:25 +0800] "GET /xingrg/javascript/jquery_tools/images/next.gif HTTP/1.1" 404 1086
101.228.147.14 - - [05/Mar/2024:11:04:27 +0800] "GET /xingrg/all/function/internal_message.html?_=1709607867071&CODE_STATE=getMsg HTTP/1.1" 200 27
116.237.73.188 - - [05/Mar/2024:11:04:28 +0800] "GET /xingrg/kc/buy/buy_main.html HTTP/1.1" 200 12412
116.237.73.188 - - [05/Mar/2024:11:04:28 +0800] "GET /xingrg/css/new_ie.css HTTP/1.1" 404 1036
124.79.241.4 - - [05/Mar/2024:11:04:29 +0800] "GET /xingrg/all/function/internal_message.html?_=1709607883497&CODE_STATE=getMsg HTTP/1.1" 200 27
116.237.73.188 - - [05/Mar/2024:11:04:29 +0800] "GET /xingrg/images/yd/bt.gif HTTP/1.1" 404 1040
116.237.73.188 - - [05/Mar/2024:11:04:30 +0800] "GET /xingrg/kc/buy/cgsh_order_list.html HTTP/1.1" 200 57880
222.70.115.1 - - [05/Mar/2024:11:04:31 +0800] "GET /xingrg/all/function/internal_message.html?_=1709607873728&CODE_STATE=getMsg HTTP/1.1" 200 27
180.169.147.146 - - [05/Mar/2024:11:04:32 +0800] "GET /xingrg/all/function/internal_message.html?_=1709607870587&CODE_STATE=getMsg HTTP/1.1" 200 27
58.40.7.146 - - [05/Mar/2024:11:04:34 +0800] "GET /xingrg/all/function/internal_message.html?_=1709607879367&CODE_STATE=getMsg HTTP/1.1" 200 27
58.40.7.146 - - [05/Mar/2024:11:04:35 +0800] "GET /xingrg/all/function/internal_message.html?_=1709607875767&CODE_STATE=getMsg HTTP/1.1" 200 27
116.237.73.188 - - [05/Mar/2024:11:04:35 +0800] "POST /xingrg/kc/buy/cgsh_list_operate.html HTTP/1.1" 200 2267
