101.83.241.137 - - [05/Mar/2024:09:17:37 +0800] "GET /xingrg/kc/buy/cgsh_order_operate.html?command=get_materiel&rest_code=00149&code=00101008674&supplier_code=00100008&order_time=2024-03-05 HTTP/1.1" 200 413
116.224.254.208 - - [05/Mar/2024:09:17:39 +0800] "GET /xingrg/all/function/internal_message.html?_=1709601459624&CODE_STATE=getMsg HTTP/1.1" 200 27
180.164.1.25 - - [05/Mar/2024:09:17:41 +0800] "GET /xingrg/javascript/jquery_easy_ui/themes/icons/area.png HTTP/1.1" 200 262
180.164.1.25 - - [05/Mar/2024:09:17:41 +0800] "GET /xingrg/javascript/jquery_easy_ui/themes/icons/rest.png HTTP/1.1" 200 695
180.164.1.25 - - [05/Mar/2024:09:17:43 +0800] "GET /xingrg/javascript/jquery_easy_ui/themes/default/images/tabs_close.gif HTTP/1.1" 304 -
180.164.1.25 - - [05/Mar/2024:09:17:44 +0800] "GET /xingrg/kc/buy/cgsh_order_list.html HTTP/1.1" 200 57890
180.164.1.25 - - [05/Mar/2024:09:17:44 +0800] "GET /xingrg/css/base.css HTTP/1.1" 304 -
180.164.1.25 - - [05/Mar/2024:09:17:44 +0800] "GET /xingrg/css/site.css HTTP/1.1" 304 -
180.164.1.25 - - [05/Mar/2024:09:17:44 +0800] "GET /xingrg/javascript/jquery_tools/datebox.css HTTP/1.1" 304 -
180.164.1.25 - - [05/Mar/2024:09:17:44 +0800] "GET /xingrg/javascript/easyui/themes/default/easyui.css HTTP/1.1" 304 -
180.164.1.25 - - [05/Mar/2024:09:17:44 +0800] "GET /xingrg/javascript/easyui/themes/icon.css HTTP/1.1" 304 -
180.164.1.25 - - [05/Mar/2024:09:17:44 +0800] "GET /xingrg/javascript/auto/jquery.autocomplete.css HTTP/1.1" 304 -
180.164.1.25 - - [05/Mar/2024:09:17:44 +0800] "GET /xingrg/javascript/jquery_tools/fix.css HTTP/1.1" 304 -
180.164.1.25 - - [05/Mar/2024:09:17:44 +0800] "GET /xingrg/javascript/jquery_tools/table.css HTTP/1.1" 304 -
180.164.1.25 - - [05/Mar/2024:09:17:44 +0800] "GET /xingrg/javascript/jquery_tools/jquery.tools.min.js HTTP/1.1" 304 -
180.164.1.25 - - [05/Mar/2024:09:17:44 +0800] "GET /xingrg/javascript/jquery_tools/jquery.tools.extend.js HTTP/1.1" 304 -
180.164.1.25 - - [05/Mar/2024:09:17:44 +0800] "GET /xingrg/javascript/jquery_tools/jquery.tools.hotkey.js HTTP/1.1" 304 -
180.164.1.25 - - [05/Mar/2024:09:17:44 +0800] "GET /xingrg/javascript/jquery_tools/jquery.tools.table.js HTTP/1.1" 304 -
180.164.1.25 - - [05/Mar/2024:09:17:44 +0800] "GET /xingrg/javascript/jquery_tools/list_manager.js HTTP/1.1" 304 -
180.164.1.25 - - [05/Mar/2024:09:17:44 +0800] "GET /xingrg/javascript/auto/jquery.autocomplete.js HTTP/1.1" 304 -
180.164.1.25 - - [05/Mar/2024:09:17:44 +0800] "GET /xingrg/javascript/easyui/easyloader.js HTTP/1.1" 304 -
180.164.1.25 - - [05/Mar/2024:09:17:44 +0800] "GET /xingrg/javascript/jquery.cookie.js HTTP/1.1" 304 -
180.164.1.25 - - [05/Mar/2024:09:17:44 +0800] "GET /xingrg/javascript/print/LodopFuncs.js HTTP/1.1" 304 -
180.164.1.25 - - [05/Mar/2024:09:17:45 +0800] "GET /xingrg/javascript/easyui/themes/icons/edit_add_new.png HTTP/1.1" 304 -
180.164.1.25 - - [05/Mar/2024:09:17:45 +0800] "GET /xingrg/javascript/easyui/themes/icons/cance_new.png HTTP/1.1" 304 -
180.164.1.25 - - [05/Mar/2024:09:17:45 +0800] "GET /xingrg/javascript/easyui/themes/icons/check_new.png HTTP/1.1" 304 -
180.164.1.25 - - [05/Mar/2024:09:17:45 +0800] "GET /xingrg/javascript/easyui/themes/icons/field_new.png HTTP/1.1" 304 -
180.164.1.25 - - [05/Mar/2024:09:17:45 +0800] "GET /xingrg/javascript/easyui/themes/icons/import_new.png HTTP/1.1" 304 -
180.164.1.25 - - [05/Mar/2024:09:17:45 +0800] "GET /xingrg/javascript/easyui/plugins/jquery.parser.js HTTP/1.1" 304 -
180.164.1.25 - - [05/Mar/2024:09:17:45 +0800] "GET /xingrg/images/control/ajaxLoader.gif HTTP/1.1" 304 -
124.78.57.58 - - [05/Mar/2024:09:17:46 +0800] "GET /xingrg/all/function/internal_message.html?_=1709601466921&CODE_STATE=getMsg HTTP/1.1" 200 27
180.164.1.25 - - [05/Mar/2024:09:17:47 +0800] "POST /xingrg/kc/buy/cgsh_list_operate.html HTTP/1.1" 200 986
114.89.91.180 - - [05/Mar/2024:09:17:47 +0800] "GET /xingrg/all/function/internal_message.html?_=1709601467595&CODE_STATE=getMsg HTTP/1.1" 200 27
116.224.254.208 - - [05/Mar/2024:09:17:52 +0800] "GET /xingrg/check_reg.html?_=1709601471994 HTTP/1.1" 200 22
116.224.254.208 - - [05/Mar/2024:09:17:52 +0800] "GET /xingrg/all/function/internal_message.html?_=1709601471994&CODE_STATE=getMsg HTTP/1.1" 200 27
116.230.123.13 - - [05/Mar/2024:09:17:53 +0800] "POST /xingrg/kc/buy/cgsh_order_operate.html HTTP/1.1" 200 37
101.83.241.137 - - [05/Mar/2024:09:17:56 +0800] "GET /xingrg/kc/buy/cgsh_order_operate.html?command=get_materiel&rest_code=00149&code=00101008038&supplier_code=00100008&order_time=2024-03-05 HTTP/1.1" 200 412
180.164.1.25 - - [05/Mar/2024:09:17:57 +0800] "GET /xingrg/javascript/easyui/themes/default/images/button_plain_hover.png HTTP/1.1" 304 -
180.164.1.25 - - [05/Mar/2024:09:17:58 +0800] "GET /xingrg/kc/buy/cgsh_order_add.html HTTP/1.1" 200 73747
180.164.1.25 - - [05/Mar/2024:09:17:58 +0800] "GET /xingrg/javascript/pic_change.js HTTP/1.1" 304 -
180.164.1.25 - - [05/Mar/2024:09:17:58 +0800] "GET /xingrg/javascript/jquery_tools/order_manager.js HTTP/1.1" 304 -
180.164.1.25 - - [05/Mar/2024:09:17:58 +0800] "GET /xingrg/javascript/convert.js HTTP/1.1" 304 -
180.164.1.25 - - [05/Mar/2024:09:17:58 +0800] "GET /xingrg/javascript/json2.js HTTP/1.1" 304 -
180.164.1.25 - - [05/Mar/2024:09:17:58 +0800] "GET /xingrg/javascript/print/kc_print.js HTTP/1.1" 304 -
180.164.1.25 - - [05/Mar/2024:09:17:58 +0800] "GET /xingrg/words/20240304184635_words.js HTTP/1.1" 200 1014517
180.164.1.25 - - [05/Mar/2024:09:17:58 +0800] "GET /xingrg/javascript/easyui/themes/icons/copy_new.png HTTP/1.1" 304 -
180.164.1.25 - - [05/Mar/2024:09:17:58 +0800] "GET /xingrg/javascript/easyui/themes/icons/template_new.png HTTP/1.1" 304 -
180.164.1.25 - - [05/Mar/2024:09:17:58 +0800] "GET /xingrg/javascript/easyui/themes/icons/ok.png HTTP/1.1" 304 -
180.164.1.25 - - [05/Mar/2024:09:17:58 +0800] "GET /xingrg/javascript/easyui/themes/icons/print.png HTTP/1.1" 304 -
180.164.1.25 - - [05/Mar/2024:09:17:58 +0800] "GET /xingrg/javascript/easyui/themes/icons/cancel.png HTTP/1.1" 304 -
180.164.1.25 - - [05/Mar/2024:09:17:58 +0800] "GET /xingrg/javascript/easyui/themes/default/images/menu_downarrow.png HTTP/1.1" 304 -
180.164.1.25 - - [05/Mar/2024:09:17:58 +0800] "POST /xingrg/kc/buy/cgsh_order_operate.html HTTP/1.1" 200 8245
180.164.1.25 - - [05/Mar/2024:09:17:58 +0800] "GET /xingrg/javascript/easyui/themes/default/validatebox.css HTTP/1.1" 404 1104
180.164.1.25 - - [05/Mar/2024:09:17:58 +0800] "GET /xingrg/javascript/easyui/plugins/jquery.validatebox.js HTTP/1.1" 304 -
180.164.1.25 - - [05/Mar/2024:09:17:58 +0800] "GET /xingrg/all/common/auto_word.html?type=employee&rest_code=00108 HTTP/1.1" 200 101
180.164.1.25 - - [05/Mar/2024:09:17:58 +0800] "GET /xingrg/all/common/auto_word.html?type=employee&rest_code=00108 HTTP/1.1" 200 101
180.164.1.25 - - [05/Mar/2024:09:17:58 +0800] "GET /xingrg/javascript/easyui/plugins/jquery.numberbox.js HTTP/1.1" 304 -
180.164.1.25 - - [05/Mar/2024:09:17:58 +0800] "GET /xingrg/javascript/easyui/themes/icons/edit_remove.png HTTP/1.1" 304 -
180.169.147.146 - - [05/Mar/2024:09:18:05 +0800] "GET /xingrg/all/function/internal_message.html?_=1709601485307&CODE_STATE=getMsg HTTP/1.1" 200 27
101.83.241.137 - - [05/Mar/2024:09:18:06 +0800] "GET /xingrg/kc/buy/cgsh_order_operate.html?command=get_materiel&rest_code=00149&code=00101008298&supplier_code=00100008&order_time=2024-03-05 HTTP/1.1" 200 412
101.83.145.37 - - [05/Mar/2024:09:18:07 +0800] "GET /xingrg/all/function/internal_message.html?_=1709601488689&CODE_STATE=getMsg HTTP/1.1" 200 27
101.83.241.137 - - [05/Mar/2024:09:18:10 +0800] "GET /xingrg/all/function/internal_message.html?_=1709601490707&CODE_STATE=getMsg HTTP/1.1" 200 27
101.83.241.137 - - [05/Mar/2024:09:18:17 +0800] "GET /xingrg/kc/buy/cgsh_order_operate.html?command=get_materiel&rest_code=00149&code=00101008069&supplier_code=00100008&order_time=2024-03-05 HTTP/1.1" 200 412
172.20.0.100 - - [05/Mar/2024:09:18:18 +0800] "GET /xingrg/all/function/internal_message.html?_=1709601498042&CODE_STATE=getMsg HTTP/1.1" 200 27
116.230.123.13 - - [05/Mar/2024:09:18:21 +0800] "GET /xingrg/all/function/internal_message.html?_=1709601501128&CODE_STATE=getMsg HTTP/1.1" 200 27
116.230.123.13 - - [05/Mar/2024:09:18:28 +0800] "POST /xingrg/kc/buy/cgsh_order_operate.html HTTP/1.1" 200 12
116.230.123.13 - - [05/Mar/2024:09:18:30 +0800] "GET /xingrg/kc/buy/cgsh_order_info.html?code=212024030501171 HTTP/1.1" 200 68520
116.230.123.13 - - [05/Mar/2024:09:18:30 +0800] "GET /xingrg/javascript/easyui/themes/default/validatebox.css HTTP/1.1" 404 1104
116.230.123.13 - - [05/Mar/2024:09:18:31 +0800] "POST /xingrg/kc/buy/cgsh_order_operate.html HTTP/1.1" 200 13018
116.230.123.13 - - [05/Mar/2024:09:18:33 +0800] "GET /xingrg/kc/print/load_config.html?kc_code=cgsh HTTP/1.1" 200 1927
116.230.123.13 - - [05/Mar/2024:09:18:34 +0800] "GET /xingrg/kc/print/load_data.html?order_code=212024030501171&kc_code=cgsh&condition= HTTP/1.1" 200 5389
58.40.7.146 - - [05/Mar/2024:09:18:37 +0800] "GET /xingrg/all/function/internal_message.html?_=1709601517224&CODE_STATE=getMsg HTTP/1.1" 200 27
180.164.1.25 - - [05/Mar/2024:09:18:37 +0800] "GET /xingrg/all/function/internal_message.html?_=1709601516146&CODE_STATE=getMsg HTTP/1.1" 200 27
116.224.254.208 - - [05/Mar/2024:09:18:39 +0800] "GET /xingrg/all/function/internal_message.html?_=1709601519618&CODE_STATE=getMsg HTTP/1.1" 200 27
116.230.123.13 - - [05/Mar/2024:09:18:39 +0800] "GET /xingrg/kc/buy/cgsh_order_add.html HTTP/1.1" 200 73611
116.230.123.13 - - [05/Mar/2024:09:18:40 +0800] "POST /xingrg/kc/buy/cgsh_order_operate.html HTTP/1.1" 200 8245
116.230.123.13 - - [05/Mar/2024:09:18:40 +0800] "GET /xingrg/javascript/easyui/themes/default/validatebox.css HTTP/1.1" 404 1104
101.83.241.137 - - [05/Mar/2024:09:18:40 +0800] "GET /xingrg/kc/buy/cgsh_order_operate.html?command=get_materiel&rest_code=00149&code=00101008368&supplier_code=00100008&order_time=2024-03-05 HTTP/1.1" 200 408
124.78.57.58 - - [05/Mar/2024:09:18:46 +0800] "GET /xingrg/all/function/internal_message.html?_=1709601526907&CODE_STATE=getMsg HTTP/1.1" 200 27
114.89.91.180 - - [05/Mar/2024:09:18:47 +0800] "GET /xingrg/all/function/internal_message.html?_=1709601527589&CODE_STATE=getMsg HTTP/1.1" 200 27
116.224.254.208 - - [05/Mar/2024:09:18:52 +0800] "GET /xingrg/all/function/internal_message.html?_=1709601531987&CODE_STATE=getMsg HTTP/1.1" 200 27
101.83.241.137 - - [05/Mar/2024:09:18:53 +0800] "GET /xingrg/kc/buy/cgsh_order_operate.html?command=get_materiel&rest_code=00149&code=00101008131&supplier_code=00100008&order_time=2024-03-05 HTTP/1.1" 200 408
180.169.147.146 - - [05/Mar/2024:09:19:05 +0800] "GET /xingrg/all/function/internal_message.html?_=1709601545308&CODE_STATE=getMsg HTTP/1.1" 200 27
101.83.145.37 - - [05/Mar/2024:09:19:07 +0800] "GET /xingrg/all/function/internal_message.html?_=1709601548690&CODE_STATE=getMsg HTTP/1.1" 200 27
101.83.241.137 - - [05/Mar/2024:09:19:09 +0800] "GET /xingrg/kc/buy/cgsh_order_operate.html?command=get_materiel&rest_code=00149&code=00101008353&supplier_code=00100008&order_time=2024-03-05 HTTP/1.1" 200 408
101.83.241.137 - - [05/Mar/2024:09:19:10 +0800] "GET /xingrg/all/function/internal_message.html?_=1709601550695&CODE_STATE=getMsg HTTP/1.1" 200 27
172.20.0.100 - - [05/Mar/2024:09:19:18 +0800] "GET /xingrg/all/function/internal_message.html?_=1709601558013&CODE_STATE=getMsg HTTP/1.1" 200 27
116.230.123.13 - - [05/Mar/2024:09:19:21 +0800] "GET /xingrg/all/function/internal_message.html?_=1709601561109&CODE_STATE=getMsg HTTP/1.1" 200 27
116.230.123.13 - - [05/Mar/2024:09:19:23 +0800] "GET /xingrg/kc/buy/cgsh_order_operate.html?command=get_materiel&rest_code=00111&code=00101006133&supplier_code=00100096&order_time=2024-03-05 HTTP/1.1" 200 413
101.83.241.137 - - [05/Mar/2024:09:19:30 +0800] "GET /xingrg/kc/buy/cgsh_order_operate.html?command=get_materiel&rest_code=00149&code=00101008355&supplier_code=00100008&order_time=2024-03-05 HTTP/1.1" 200 408
172.20.0.100 - - [05/Mar/2024:09:19:32 +0800] "GET /xingrg/check_reg.html?_=1709601572375 HTTP/1.1" 200 22
101.83.145.37 - - [05/Mar/2024:09:19:34 +0800] "POST /xingrg/services/DataTransmitService HTTP/1.1" 200 524
58.40.7.146 - - [05/Mar/2024:09:19:37 +0800] "GET /xingrg/all/function/internal_message.html?_=1709601577196&CODE_STATE=getMsg HTTP/1.1" 200 27
180.164.1.25 - - [05/Mar/2024:09:19:37 +0800] "GET /xingrg/all/function/internal_message.html?_=1709601576148&CODE_STATE=getMsg HTTP/1.1" 200 27
116.224.254.208 - - [05/Mar/2024:09:19:39 +0800] "GET /xingrg/all/function/internal_message.html?_=1709601579619&CODE_STATE=getMsg HTTP/1.1" 200 27
124.78.57.58 - - [05/Mar/2024:09:19:46 +0800] "GET /xingrg/all/function/internal_message.html?_=1709601586897&CODE_STATE=getMsg HTTP/1.1" 200 27
114.89.91.180 - - [05/Mar/2024:09:19:47 +0800] "GET /xingrg/all/function/internal_message.html?_=1709601587567&CODE_STATE=getMsg HTTP/1.1" 200 27
101.83.241.137 - - [05/Mar/2024:09:19:51 +0800] "GET /xingrg/kc/buy/cgsh_order_operate.html?command=get_materiel&rest_code=00149&code=00101008209&supplier_code=00100008&order_time=2024-03-05 HTTP/1.1" 200 408
116.224.254.208 - - [05/Mar/2024:09:19:52 +0800] "GET /xingrg/all/function/internal_message.html?_=1709601591987&CODE_STATE=getMsg HTTP/1.1" 200 27
36.112.213.61 - - [05/Mar/2024:09:19:58 +0800] "GET / HTTP/1.0" 404 -
116.230.123.13 - - [05/Mar/2024:09:20:00 +0800] "GET /xingrg/kc/buy/cgsh_order_operate.html?command=get_materiel&rest_code=00111&code=00101006128&supplier_code=00100096&order_time=2024-03-05 HTTP/1.1" 200 435
180.169.147.146 - - [05/Mar/2024:09:20:05 +0800] "GET /xingrg/all/function/internal_message.html?_=1709601605312&CODE_STATE=getMsg HTTP/1.1" 200 27
101.83.145.37 - - [05/Mar/2024:09:20:07 +0800] "GET /xingrg/all/function/internal_message.html?_=1709601608691&CODE_STATE=getMsg HTTP/1.1" 200 27
116.230.123.13 - - [05/Mar/2024:09:20:08 +0800] "GET /xingrg/check_reg.html?_=1709601608236 HTTP/1.1" 200 22
101.83.241.137 - - [05/Mar/2024:09:20:09 +0800] "GET /xingrg/kc/buy/cgsh_order_operate.html?command=get_materiel&rest_code=00149&code=00101008356&supplier_code=00100008&order_time=2024-03-05 HTTP/1.1" 200 408
101.83.241.137 - - [05/Mar/2024:09:20:10 +0800] "GET /xingrg/check_reg.html?_=1709601610738 HTTP/1.1" 200 22
101.83.241.137 - - [05/Mar/2024:09:20:10 +0800] "GET /xingrg/all/function/internal_message.html?_=1709601610740&CODE_STATE=getMsg HTTP/1.1" 200 27
172.20.0.100 - - [05/Mar/2024:09:20:18 +0800] "GET /xingrg/all/function/internal_message.html?_=1709601617988&CODE_STATE=getMsg HTTP/1.1" 200 27
101.83.241.137 - - [05/Mar/2024:09:20:20 +0800] "GET /xingrg/kc/buy/cgsh_order_operate.html?command=get_materiel&rest_code=00149&code=00101008251&supplier_code=00100008&order_time=2024-03-05 HTTP/1.1" 200 408
180.169.147.146 - - [05/Mar/2024:09:20:20 +0800] "GET /xingrg/all/report/report_query.html?fileName=kc/buy/gys_amount_base_rest.xml HTTP/1.1" 200 51664
180.169.147.146 - - [05/Mar/2024:09:20:20 +0800] "GET /xingrg/dwr/interface/AjaxReportQueryService.js HTTP/1.1" 200 13203
180.169.147.146 - - [05/Mar/2024:09:20:20 +0800] "GET /xingrg/dwr/engine.js HTTP/1.1" 200 43631
180.169.147.146 - - [05/Mar/2024:09:20:20 +0800] "POST /xingrg/dwr/call/plaincall/AjaxReportQueryService.getFixDate.dwr HTTP/1.1" 200 111
116.230.123.13 - - [05/Mar/2024:09:20:21 +0800] "GET /xingrg/all/function/internal_message.html?_=1709601621085&CODE_STATE=getMsg HTTP/1.1" 200 27
180.169.147.146 - - [05/Mar/2024:09:20:21 +0800] "POST /xingrg/all/common/load_tree.html?tree=area_rest_tree_json&manage=1 HTTP/1.1" 200 3624
180.169.147.146 - - [05/Mar/2024:09:20:21 +0800] "POST /xingrg/all/common/load_tree.html?tree=supplier_tree_json&manage=1 HTTP/1.1" 200 81197
116.230.123.13 - - [05/Mar/2024:09:20:29 +0800] "GET /xingrg/kc/buy/cgsh_order_operate.html?command=get_materiel&rest_code=00111&code=00101006111&supplier_code=00100096&order_time=2024-03-05 HTTP/1.1" 200 409
101.83.241.137 - - [05/Mar/2024:09:20:33 +0800] "GET /xingrg/kc/buy/cgsh_order_operate.html?command=get_materiel&rest_code=00149&code=00101008137&supplier_code=00100008&order_time=2024-03-05 HTTP/1.1" 200 408
58.40.7.146 - - [05/Mar/2024:09:20:37 +0800] "GET /xingrg/all/function/internal_message.html?_=1709601637167&CODE_STATE=getMsg HTTP/1.1" 200 27
180.164.1.25 - - [05/Mar/2024:09:20:37 +0800] "GET /xingrg/all/function/internal_message.html?_=1709601636140&CODE_STATE=getMsg HTTP/1.1" 200 27
116.224.254.208 - - [05/Mar/2024:09:20:39 +0800] "GET /xingrg/all/function/internal_message.html?_=1709601639609&CODE_STATE=getMsg HTTP/1.1" 200 27
180.169.147.146 - - [05/Mar/2024:09:20:44 +0800] "POST /xingrg/dwr/call/plaincall/AjaxReportQueryService.refreshCache.dwr HTTP/1.1" 200 78
124.78.57.58 - - [05/Mar/2024:09:20:46 +0800] "GET /xingrg/all/function/internal_message.html?_=1709601646877&CODE_STATE=getMsg HTTP/1.1" 200 27
180.169.147.146 - - [05/Mar/2024:09:20:46 +0800] "POST /xingrg/all/report/load_report_page.html HTTP/1.1" 200 52795
180.169.147.146 - - [05/Mar/2024:09:20:46 +0800] "GET /xingrg/servlets/image?cache=0.05519555454764147&image=px HTTP/1.1" 200 807
114.89.91.180 - - [05/Mar/2024:09:20:47 +0800] "GET /xingrg/all/function/internal_message.html?_=1709601647550&CODE_STATE=getMsg HTTP/1.1" 200 27
114.89.91.180 - - [05/Mar/2024:09:20:47 +0800] "GET /xingrg/check_reg.html?_=1709601647586 HTTP/1.1" 200 22
101.83.241.137 - - [05/Mar/2024:09:20:49 +0800] "GET /xingrg/kc/buy/cgsh_order_operate.html?command=get_materiel&rest_code=00149&code=00101008172&supplier_code=00100008&order_time=2024-03-05 HTTP/1.1" 200 412
116.224.254.208 - - [05/Mar/2024:09:20:52 +0800] "GET /xingrg/all/function/internal_message.html?_=1709601651979&CODE_STATE=getMsg HTTP/1.1" 200 27
116.230.123.13 - - [05/Mar/2024:09:20:53 +0800] "GET /xingrg/kc/buy/cgsh_order_operate.html?command=get_materiel&rest_code=00111&code=00101007085&supplier_code=00100096&order_time=2024-03-05 HTTP/1.1" 200 413
180.169.147.146 - - [05/Mar/2024:09:20:54 +0800] "POST /xingrg/all/report/report_print.html HTTP/1.1" 200 7680
101.83.241.137 - - [05/Mar/2024:09:21:00 +0800] "GET /xingrg/kc/buy/cgsh_order_operate.html?command=get_materiel&rest_code=00149&code=00101008027&supplier_code=00100008&order_time=2024-03-05 HTTP/1.1" 200 408
101.83.241.137 - - [05/Mar/2024:09:21:04 +0800] "POST /xingrg/kc/buy/cgsh_order_operate.html HTTP/1.1" 200 2065
124.78.57.58 - - [05/Mar/2024:09:21:05 +0800] "GET /xingrg/check_reg.html?_=1709601665099 HTTP/1.1" 200 22
180.169.147.146 - - [05/Mar/2024:09:21:05 +0800] "GET /xingrg/check_reg.html?_=1709601665312 HTTP/1.1" 200 22
180.169.147.146 - - [05/Mar/2024:09:21:05 +0800] "GET /xingrg/all/function/internal_message.html?_=1709601665321&CODE_STATE=getMsg HTTP/1.1" 200 27
101.83.145.37 - - [05/Mar/2024:09:21:07 +0800] "GET /xingrg/all/function/internal_message.html?_=1709601668692&CODE_STATE=getMsg HTTP/1.1" 200 27
101.83.145.37 - - [05/Mar/2024:09:21:10 +0800] "GET /xingrg/kc/buy/cgsh_order_list.html HTTP/1.1" 200 57880
101.83.241.137 - - [05/Mar/2024:09:21:10 +0800] "GET /xingrg/all/function/internal_message.html?_=1709601670737&CODE_STATE=getMsg HTTP/1.1" 200 27
116.230.123.13 - - [05/Mar/2024:09:21:11 +0800] "POST /xingrg/kc/buy/cgsh_order_operate.html HTTP/1.1" 200 37
101.83.145.37 - - [05/Mar/2024:09:21:13 +0800] "POST /xingrg/kc/buy/cgsh_list_operate.html HTTP/1.1" 200 986
101.83.241.137 - - [05/Mar/2024:09:21:13 +0800] "GET /xingrg/kc/buy/cgsh_order_operate.html?command=get_materiel&rest_code=00149&code=00101008213&supplier_code=00100008&order_time=2024-03-05 HTTP/1.1" 200 412
172.20.0.100 - - [05/Mar/2024:09:21:18 +0800] "GET /xingrg/all/function/internal_message.html?_=1709601677960&CODE_STATE=getMsg HTTP/1.1" 200 27
116.230.123.13 - - [05/Mar/2024:09:21:18 +0800] "POST /xingrg/kc/buy/cgsh_order_operate.html HTTP/1.1" 200 12
116.230.123.13 - - [05/Mar/2024:09:21:20 +0800] "GET /xingrg/kc/buy/cgsh_order_info.html?code=212024030501172 HTTP/1.1" 200 68510
116.230.123.13 - - [05/Mar/2024:09:21:21 +0800] "GET /xingrg/javascript/easyui/themes/default/validatebox.css HTTP/1.1" 404 1104
116.230.123.13 - - [05/Mar/2024:09:21:21 +0800] "GET /xingrg/all/function/internal_message.html?_=1709601681087&CODE_STATE=getMsg HTTP/1.1" 200 27
116.230.123.13 - - [05/Mar/2024:09:21:22 +0800] "POST /xingrg/kc/buy/cgsh_order_operate.html HTTP/1.1" 200 2407
101.83.241.137 - - [05/Mar/2024:09:21:23 +0800] "GET /xingrg/kc/buy/cgsh_order_operate.html?command=get_materiel&rest_code=00149&code=00101008360&supplier_code=00100008&order_time=2024-03-05 HTTP/1.1" 200 413
101.83.145.37 - - [05/Mar/2024:09:21:23 +0800] "GET /xingrg/javascript/auto/indicator.gif HTTP/1.1" 404 1066
116.230.123.13 - - [05/Mar/2024:09:21:25 +0800] "GET /xingrg/kc/print/load_data.html?order_code=212024030501172&kc_code=cgsh&condition= HTTP/1.1" 200 1373
116.224.254.208 - - [05/Mar/2024:09:21:26 +0800] "POST /xingrg/all/user/operate.html HTTP/1.1" 200 36
116.224.254.208 - - [05/Mar/2024:09:21:26 +0800] "GET /xingrg/index.html?sysBaseUrl=http%3A%2F%2F180.169.147.146%3A18081%2Fxingrg%2F&costTime=922×tamp=1709600948179 HTTP/1.1" 200 17177
116.224.254.208 - - [05/Mar/2024:09:21:26 +0800] "GET /xingrg/javascript/jquery_easy_ui/themes/default/easyui.css HTTP/1.1" 304 -
116.224.254.208 - - [05/Mar/2024:09:21:26 +0800] "GET /xingrg/javascript/jquery_easy_ui/themes/icon.css HTTP/1.1" 304 -
116.224.254.208 - - [05/Mar/2024:09:21:26 +0800] "GET /xingrg/css/form.css HTTP/1.1" 304 -
116.224.254.208 - - [05/Mar/2024:09:21:26 +0800] "GET /xingrg/javascript/jquery-1.4.2.min.js HTTP/1.1" 304 -
116.224.254.208 - - [05/Mar/2024:09:21:26 +0800] "GET /xingrg/javascript/jquery_easy_ui/jquery.easyui.min.js HTTP/1.1" 304 -
116.224.254.208 - - [05/Mar/2024:09:21:27 +0800] "GET /xingrg/javascript/jquery_easy_ui/easyui-lang-zh_CN.js HTTP/1.1" 304 -
116.224.254.208 - - [05/Mar/2024:09:21:27 +0800] "GET /xingrg/javascript/jquery.form.js HTTP/1.1" 304 -
116.224.254.208 - - [05/Mar/2024:09:21:27 +0800] "GET /xingrg/javascript/jquery.utils.js HTTP/1.1" 304 -
116.224.254.208 - - [05/Mar/2024:09:21:27 +0800] "GET /xingrg/javascript/jquery.timers.js HTTP/1.1" 304 -
116.224.254.208 - - [05/Mar/2024:09:21:27 +0800] "GET /xingrg/images/blue/jxLogo.png HTTP/1.1" 304 -
116.224.254.208 - - [05/Mar/2024:09:21:27 +0800] "GET /xingrg/javascript/jquery_easy_ui/themes/icons/settle_new.png HTTP/1.1" 304 -
116.224.254.208 - - [05/Mar/2024:09:21:27 +0800] "GET /xingrg/images/blue/navBackgound.jpg HTTP/1.1" 304 -
116.224.254.208 - - [05/Mar/2024:09:21:27 +0800] "GET /xingrg/all/function/internal_message.html?_=1709601687199&CODE_STATE=count HTTP/1.1" 200 11
116.224.254.208 - - [05/Mar/2024:09:21:27 +0800] "GET /xingrg/javascript/jquery_easy_ui/themes/default/images/panel_tool_collapse.gif HTTP/1.1" 304 -
116.224.254.208 - - [05/Mar/2024:09:21:27 +0800] "GET /xingrg/javascript/jquery_easy_ui/themes/default/images/tabs_leftarrow.png HTTP/1.1" 304 -
116.224.254.208 - - [05/Mar/2024:09:21:27 +0800] "GET /xingrg/check_reg.html?_=1709601687199 HTTP/1.1" 200 22
116.224.254.208 - - [05/Mar/2024:09:21:27 +0800] "GET /xingrg/javascript/jquery_easy_ui/themes/default/images/tabs_rightarrow.png HTTP/1.1" 304 -
116.224.254.208 - - [05/Mar/2024:09:21:27 +0800] "GET /xingrg/images/blue/pingpu.png HTTP/1.1" 304 -
116.224.254.208 - - [05/Mar/2024:09:21:27 +0800] "POST /xingrg/all/common/load_tree.html?tree=area_rest_tree_json&manage=1 HTTP/1.1" 200 476
116.224.254.208 - - [05/Mar/2024:09:21:27 +0800] "POST /xingrg/load_menu.html HTTP/1.1" 200 5138
116.224.254.208 - - [05/Mar/2024:09:21:29 +0800] "GET /xingrg/kc/mdqp/pssh_order_list.html HTTP/1.1" 200 17438
101.83.145.37 - - [05/Mar/2024:09:21:30 +0800] "POST /xingrg/kc/buy/cgsh_list_operate.html HTTP/1.1" 200 1869
116.224.254.208 - - [05/Mar/2024:09:21:30 +0800] "POST /xingrg/kc/mdqp/pssh_list_operate.html HTTP/1.1" 200 5419
116.224.254.208 - - [05/Mar/2024:09:21:31 +0800] "POST /xingrg/kc/mdqp/pssh_list_operate.html HTTP/1.1" 200 259
116.224.254.208 - - [05/Mar/2024:09:21:33 +0800] "GET /xingrg/kc/mdqp/pssh_order_info.html?code=312024030200044 HTTP/1.1" 200 17276
116.224.254.208 - - [05/Mar/2024:09:21:33 +0800] "GET /xingrg/javascript/jquery_tools/jquery-1.4.2.min.js HTTP/1.1" 404 1094
116.224.254.208 - - [05/Mar/2024:09:21:33 +0800] "GET /xingrg/javascript/easyui/themes/icons/back_new.png HTTP/1.1" 200 3414
116.224.254.208 - - [05/Mar/2024:09:21:33 +0800] "GET /xingrg/javascript/easyui/themes/default/validatebox.css HTTP/1.1" 404 1104
116.224.254.208 - - [05/Mar/2024:09:21:33 +0800] "GET /xingrg/all/common/auto_word.html?type=employee&rest_code=00151 HTTP/1.1" 200 293
116.224.254.208 - - [05/Mar/2024:09:21:33 +0800] "GET /xingrg/all/common/auto_word.html?type=base&rest_code=00151&rest_code=00151 HTTP/1.1" 200 1315
116.224.254.208 - - [05/Mar/2024:09:21:33 +0800] "POST /xingrg/kc/mdqp/pssh_order_operate.html HTTP/1.1" 200 528
101.83.241.137 - - [05/Mar/2024:09:21:35 +0800] "GET /xingrg/kc/buy/cgsh_order_operate.html?command=get_materiel&rest_code=00149&code=00101008286&supplier_code=00100008&order_time=2024-03-05 HTTP/1.1" 200 408
116.224.254.208 - - [05/Mar/2024:09:21:35 +0800] "GET /xingrg/javascript/auto/indicator.gif HTTP/1.1" 404 1066
58.40.7.146 - - [05/Mar/2024:09:21:37 +0800] "GET /xingrg/all/function/internal_message.html?_=1709601697154&CODE_STATE=getMsg HTTP/1.1" 200 27
116.224.254.208 - - [05/Mar/2024:09:21:37 +0800] "GET /xingrg/css/images/panel_loading.gif HTTP/1.1" 200 1737
116.224.254.208 - - [05/Mar/2024:09:21:37 +0800] "POST /xingrg/all/common/load_combo.html?type=employee HTTP/1.1" 200 532
180.164.1.25 - - [05/Mar/2024:09:21:37 +0800] "GET /xingrg/check_reg.html?_=1709601696155 HTTP/1.1" 200 22
180.164.1.25 - - [05/Mar/2024:09:21:37 +0800] "GET /xingrg/all/function/internal_message.html?_=1709601696157&CODE_STATE=getMsg HTTP/1.1" 200 27
101.83.241.137 - - [05/Mar/2024:09:21:39 +0800] "GET /favicon.ico HTTP/1.1" 404 -
116.224.254.208 - - [05/Mar/2024:09:21:40 +0800] "POST /xingrg/kc/mdqp/pssh_order_operate.html HTTP/1.1" 200 37
116.224.254.208 - - [05/Mar/2024:09:21:42 +0800] "POST /xingrg/kc/mdqp/pssh_order_operate.html HTTP/1.1" 200 12
116.224.254.208 - - [05/Mar/2024:09:21:44 +0800] "GET /xingrg/kc/mdqp/pssh_order_info.html?code=312024030200044 HTTP/1.1" 200 14394
116.224.254.208 - - [05/Mar/2024:09:21:44 +0800] "GET /xingrg/javascript/jquery_tools/jquery-1.4.2.min.js HTTP/1.1" 404 1094
116.224.254.208 - - [05/Mar/2024:09:21:44 +0800] "GET /xingrg/javascript/easyui/themes/icons/uncheck_new.png HTTP/1.1" 200 3197
116.224.254.208 - - [05/Mar/2024:09:21:44 +0800] "GET /xingrg/javascript/easyui/themes/default/validatebox.css HTTP/1.1" 404 1104
116.224.254.208 - - [05/Mar/2024:09:21:44 +0800] "POST /xingrg/kc/mdqp/pssh_order_operate.html HTTP/1.1" 200 528
116.224.254.208 - - [05/Mar/2024:09:21:46 +0800] "GET /xingrg/kc/print/load_config.html?kc_code=pssh HTTP/1.1" 200 2368
116.224.254.208 - - [05/Mar/2024:09:21:46 +0800] "GET /xingrg/kc/print/load_data.html?order_code=312024030200044&kc_code=pssh&condition= HTTP/1.1" 200 668
124.78.57.58 - - [05/Mar/2024:09:21:46 +0800] "GET /xingrg/all/function/internal_message.html?_=1709601706866&CODE_STATE=getMsg HTTP/1.1" 200 27
114.89.91.180 - - [05/Mar/2024:09:21:47 +0800] "GET /xingrg/all/function/internal_message.html?_=1709601707531&CODE_STATE=getMsg HTTP/1.1" 200 27
101.83.241.137 - - [05/Mar/2024:09:21:48 +0800] "GET /xingrg/kc/buy/cgsh_order_operate.html?command=get_materiel&rest_code=00149&code=00101008291&supplier_code=00100008&order_time=2024-03-05 HTTP/1.1" 200 408
58.40.7.146 - - [05/Mar/2024:09:21:50 +0800] "GET /xingrg/check_reg.html?_=1709601710046 HTTP/1.1" 200 22
222.69.134.177 - - [05/Mar/2024:09:21:51 +0800] "GET /xingrg/check_reg.html?_=1709601713482 HTTP/1.1" 200 22
116.224.254.208 - - [05/Mar/2024:09:21:52 +0800] "GET /xingrg/all/function/internal_message.html?_=1709601711974&CODE_STATE=getMsg HTTP/1.1" 200 27
101.83.241.137 - - [05/Mar/2024:09:21:59 +0800] "GET /xingrg/kc/buy/cgsh_order_operate.html?command=get_materiel&rest_code=00149&code=00101008108&supplier_code=00100008&order_time=2024-03-05 HTTP/1.1" 200 412
180.169.147.146 - - [05/Mar/2024:09:22:05 +0800] "GET /xingrg/all/function/internal_message.html?_=1709601725325&CODE_STATE=getMsg HTTP/1.1" 200 27
101.83.145.37 - - [05/Mar/2024:09:22:07 +0800] "GET /xingrg/all/function/internal_message.html?_=1709601728704&CODE_STATE=getMsg HTTP/1.1" 200 27
101.83.145.37 - - [05/Mar/2024:09:22:07 +0800] "GET /xingrg/check_reg.html?_=1709601728701 HTTP/1.1" 200 22
101.83.241.137 - - [05/Mar/2024:09:22:09 +0800] "POST /xingrg/kc/buy/cgsh_order_operate.html HTTP/1.1" 200 2065
101.83.241.137 - - [05/Mar/2024:09:22:10 +0800] "GET /xingrg/all/function/internal_message.html?_=1709601730703&CODE_STATE=getMsg HTTP/1.1" 200 27
101.83.241.137 - - [05/Mar/2024:09:22:14 +0800] "GET /xingrg/kc/buy/cgsh_order_operate.html?command=get_materiel&rest_code=00149&code=00101008169&supplier_code=00100008&order_time=2024-03-05 HTTP/1.1" 200 412
172.20.0.100 - - [05/Mar/2024:09:22:18 +0800] "GET /xingrg/all/function/internal_message.html?_=1709601737933&CODE_STATE=getMsg HTTP/1.1" 200 27
116.230.123.13 - - [05/Mar/2024:09:22:21 +0800] "GET /xingrg/all/function/internal_message.html?_=1709601741062&CODE_STATE=getMsg HTTP/1.1" 200 27
101.83.241.137 - - [05/Mar/2024:09:22:25 +0800] "GET /xingrg/kc/buy/cgsh_order_operate.html?command=get_materiel&rest_code=00149&code=00101008318&supplier_code=00100008&order_time=2024-03-05 HTTP/1.1" 200 408
116.224.254.208 - - [05/Mar/2024:09:22:27 +0800] "GET /xingrg/all/function/internal_message.html?_=1709601747210&CODE_STATE=getMsg HTTP/1.1" 200 27
101.83.241.137 - - [05/Mar/2024:09:22:34 +0800] "GET /xingrg/kc/buy/cgsh_order_operate.html?command=get_materiel&rest_code=00149&code=00101008161&supplier_code=00100008&order_time=2024-03-05 HTTP/1.1" 200 409
58.40.7.146 - - [05/Mar/2024:09:22:37 +0800] "GET /xingrg/all/function/internal_message.html?_=1709601757125&CODE_STATE=getMsg HTTP/1.1" 200 27
180.164.1.25 - - [05/Mar/2024:09:22:37 +0800] "GET /xingrg/all/function/internal_message.html?_=1709601757626&CODE_STATE=getMsg HTTP/1.1" 200 27
124.78.57.58 - - [05/Mar/2024:09:22:46 +0800] "GET /xingrg/all/function/internal_message.html?_=1709601766849&CODE_STATE=getMsg HTTP/1.1" 200 27
114.89.91.180 - - [05/Mar/2024:09:22:47 +0800] "GET /xingrg/all/function/internal_message.html?_=1709601767514&CODE_STATE=getMsg HTTP/1.1" 200 27
116.224.254.208 - - [05/Mar/2024:09:22:52 +0800] "GET /xingrg/all/function/internal_message.html?_=1709601771977&CODE_STATE=getMsg HTTP/1.1" 200 27
116.224.254.208 - - [05/Mar/2024:09:22:52 +0800] "GET /xingrg/check_reg.html?_=1709601771980 HTTP/1.1" 200 22
101.83.241.137 - - [05/Mar/2024:09:22:55 +0800] "GET /xingrg/kc/buy/cgsh_order_operate.html?command=get_materiel&rest_code=00149&code=00101008211&supplier_code=00100008&order_time=2024-03-05 HTTP/1.1" 200 412
180.169.147.146 - - [05/Mar/2024:09:23:05 +0800] "GET /xingrg/all/function/internal_message.html?_=1709601785301&CODE_STATE=getMsg HTTP/1.1" 200 27
101.83.241.137 - - [05/Mar/2024:09:23:05 +0800] "GET /xingrg/kc/buy/cgsh_order_operate.html?command=get_materiel&rest_code=00149&code=00101008332&supplier_code=00100008&order_time=2024-03-05 HTTP/1.1" 200 412
101.83.145.37 - - [05/Mar/2024:09:23:07 +0800] "GET /xingrg/all/function/internal_message.html?_=1709601788701&CODE_STATE=getMsg HTTP/1.1" 200 27
101.83.241.137 - - [05/Mar/2024:09:23:10 +0800] "GET /xingrg/all/function/internal_message.html?_=1709601790712&CODE_STATE=getMsg HTTP/1.1" 200 27
172.20.0.100 - - [05/Mar/2024:09:23:18 +0800] "GET /xingrg/all/function/internal_message.html?_=1709601797905&CODE_STATE=getMsg HTTP/1.1" 200 27
116.230.123.13 - - [05/Mar/2024:09:23:20 +0800] "GET /xingrg/all/function/internal_message.html?_=1709601801046&CODE_STATE=getMsg HTTP/1.1" 200 27
101.83.241.137 - - [05/Mar/2024:09:23:21 +0800] "POST /xingrg/kc/buy/cgsh_order_operate.html HTTP/1.1" 200 2065
116.224.254.208 - - [05/Mar/2024:09:23:27 +0800] "GET /xingrg/all/function/internal_message.html?_=1709601807215&CODE_STATE=getMsg HTTP/1.1" 200 27
101.83.241.137 - - [05/Mar/2024:09:23:32 +0800] "GET /xingrg/kc/buy/cgsh_order_operate.html?command=get_materiel&rest_code=00149&code=00101008338&supplier_code=00100008&order_time=2024-03-05 HTTP/1.1" 200 408
58.40.7.146 - - [05/Mar/2024:09:23:37 +0800] "GET /xingrg/all/function/internal_message.html?_=1709601817111&CODE_STATE=getMsg HTTP/1.1" 200 27
180.164.1.25 - - [05/Mar/2024:09:23:37 +0800] "GET /xingrg/all/function/internal_message.html?_=1709601817631&CODE_STATE=getMsg HTTP/1.1" 200 27
124.78.57.58 - - [05/Mar/2024:09:23:46 +0800] "GET /xingrg/all/function/internal_message.html?_=1709601826832&CODE_STATE=getMsg HTTP/1.1" 200 27
114.89.91.180 - - [05/Mar/2024:09:23:47 +0800] "GET /xingrg/all/function/internal_message.html?_=1709601827499&CODE_STATE=getMsg HTTP/1.1" 200 27
116.224.254.208 - - [05/Mar/2024:09:23:52 +0800] "GET /xingrg/all/function/internal_message.html?_=1709601831972&CODE_STATE=getMsg HTTP/1.1" 200 27
101.83.241.137 - - [05/Mar/2024:09:24:03 +0800] "GET /xingrg/kc/buy/cgsh_order_operate.html?command=get_materiel&rest_code=00149&code=00101008349&supplier_code=00100008&order_time=2024-03-05 HTTP/1.1" 200 414
116.230.123.13 - - [05/Mar/2024:09:24:04 +0800] "GET /xingrg/kc/buy/cgsh_order_add.html HTTP/1.1" 200 73611
116.230.123.13 - - [05/Mar/2024:09:24:04 +0800] "POST /xingrg/kc/buy/cgsh_order_operate.html HTTP/1.1" 200 8245
116.230.123.13 - - [05/Mar/2024:09:24:04 +0800] "GET /xingrg/javascript/easyui/themes/default/validatebox.css HTTP/1.1" 404 1104
180.169.147.146 - - [05/Mar/2024:09:24:05 +0800] "GET /xingrg/all/function/internal_message.html?_=1709601845310&CODE_STATE=getMsg HTTP/1.1" 200 27
101.83.145.37 - - [05/Mar/2024:09:24:07 +0800] "GET /xingrg/all/function/internal_message.html?_=1709601848696&CODE_STATE=getMsg HTTP/1.1" 200 27
101.83.241.137 - - [05/Mar/2024:09:24:10 +0800] "GET /xingrg/all/function/internal_message.html?_=1709601850715&CODE_STATE=getMsg HTTP/1.1" 200 27
116.230.123.13 - - [05/Mar/2024:09:24:11 +0800] "GET /xingrg/javascript/jquery_tools/images/prev.gif HTTP/1.1" 404 1086
116.230.123.13 - - [05/Mar/2024:09:24:11 +0800] "GET /xingrg/javascript/jquery_tools/images/next.gif HTTP/1.1" 404 1086
172.20.0.100 - - [05/Mar/2024:09:24:18 +0800] "GET /xingrg/all/function/internal_message.html?_=1709601857887&CODE_STATE=getMsg HTTP/1.1" 200 27
116.230.123.13 - - [05/Mar/2024:09:24:18 +0800] "GET /xingrg/kc/buy/cgsh_order_operate.html?command=get_materiel&rest_code=00111&code=00101002027&supplier_code=00100199&order_time=2024-03-05 HTTP/1.1" 200 413
116.230.123.13 - - [05/Mar/2024:09:24:20 +0800] "GET /xingrg/all/function/internal_message.html?_=1709601861028&CODE_STATE=getMsg HTTP/1.1" 200 27
101.83.241.137 - - [05/Mar/2024:09:24:23 +0800] "GET /xingrg/kc/buy/cgsh_order_operate.html?command=get_materiel&rest_code=00149&code=00101008100&supplier_code=00100008&order_time=2024-03-05 HTTP/1.1" 200 408
116.224.254.208 - - [05/Mar/2024:09:24:27 +0800] "GET /xingrg/all/function/internal_message.html?_=1709601867212&CODE_STATE=getMsg HTTP/1.1" 200 27
116.230.123.13 - - [05/Mar/2024:09:24:32 +0800] "POST /xingrg/kc/buy/cgsh_order_operate.html HTTP/1.1" 200 37
172.20.0.100 - - [05/Mar/2024:09:24:32 +0800] "GET /xingrg/check_reg.html?_=1709601872373 HTTP/1.1" 200 22
101.83.241.137 - - [05/Mar/2024:09:24:34 +0800] "GET /xingrg/kc/buy/cgsh_order_operate.html?command=get_materiel&rest_code=00149&code=00101009155&supplier_code=00100008&order_time=2024-03-05 HTTP/1.1" 200 416
58.40.7.146 - - [05/Mar/2024:09:24:37 +0800] "GET /xingrg/all/function/internal_message.html?_=1709601877083&CODE_STATE=getMsg HTTP/1.1" 200 27
180.164.1.25 - - [05/Mar/2024:09:24:37 +0800] "GET /xingrg/all/function/internal_message.html?_=1709601877652&CODE_STATE=getMsg HTTP/1.1" 200 27
101.83.241.137 - - [05/Mar/2024:09:24:39 +0800] "POST /xingrg/kc/buy/cgsh_order_operate.html HTTP/1.1" 200 2065
116.230.123.13 - - [05/Mar/2024:09:24:40 +0800] "POST /xingrg/kc/buy/cgsh_order_operate.html HTTP/1.1" 200 12
116.230.123.13 - - [05/Mar/2024:09:24:42 +0800] "GET /xingrg/kc/buy/cgsh_order_info.html?code=212024030501173 HTTP/1.1" 200 68518
116.230.123.13 - - [05/Mar/2024:09:24:43 +0800] "GET /xingrg/javascript/easyui/themes/default/validatebox.css HTTP/1.1" 404 1104
116.230.123.13 - - [05/Mar/2024:09:24:44 +0800] "POST /xingrg/kc/buy/cgsh_order_operate.html HTTP/1.1" 200 610
101.83.241.137 - - [05/Mar/2024:09:24:45 +0800] "GET /xingrg/kc/buy/cgsh_order_operate.html?command=get_materiel&rest_code=00149&code=00101008005&supplier_code=00100008&order_time=2024-03-05 HTTP/1.1" 200 412
124.78.57.58 - - [05/Mar/2024:09:24:46 +0800] "GET /xingrg/all/function/internal_message.html?_=1709601886831&CODE_STATE=getMsg HTTP/1.1" 200 27
114.89.91.180 - - [05/Mar/2024:09:24:47 +0800] "GET /xingrg/all/function/internal_message.html?_=1709601887481&CODE_STATE=getMsg HTTP/1.1" 200 27
116.224.254.208 - - [05/Mar/2024:09:24:52 +0800] "GET /xingrg/all/function/internal_message.html?_=1709601891974&CODE_STATE=getMsg HTTP/1.1" 200 27
116.230.123.13 - - [05/Mar/2024:09:24:54 +0800] "GET /xingrg/kc/print/load_data.html?order_code=212024030501173&kc_code=cgsh&condition= HTTP/1.1" 200 696
101.83.241.137 - - [05/Mar/2024:09:24:58 +0800] "GET /xingrg/kc/buy/cgsh_order_operate.html?command=get_materiel&rest_code=00149&code=00101008370&supplier_code=00100008&order_time=2024-03-05 HTTP/1.1" 200 412
180.169.147.146 - - [05/Mar/2024:09:25:05 +0800] "GET /xingrg/all/function/internal_message.html?_=1709601905319&CODE_STATE=getMsg HTTP/1.1" 200 27
101.83.145.37 - - [05/Mar/2024:09:25:07 +0800] "GET /xingrg/all/function/internal_message.html?_=1709601908696&CODE_STATE=getMsg HTTP/1.1" 200 27
116.230.123.13 - - [05/Mar/2024:09:25:08 +0800] "GET /xingrg/check_reg.html?_=1709601908248 HTTP/1.1" 200 22
101.83.241.137 - - [05/Mar/2024:09:25:10 +0800] "GET /xingrg/all/function/internal_message.html?_=1709601910713&CODE_STATE=getMsg HTTP/1.1" 200 27
101.83.241.137 - - [05/Mar/2024:09:25:10 +0800] "GET /xingrg/check_reg.html?_=1709601910720 HTTP/1.1" 200 22
172.20.0.100 - - [05/Mar/2024:09:25:18 +0800] "GET /xingrg/all/function/internal_message.html?_=1709601917871&CODE_STATE=getMsg HTTP/1.1" 200 27
116.230.123.13 - - [05/Mar/2024:09:25:20 +0800] "GET /xingrg/all/function/internal_message.html?_=1709601921012&CODE_STATE=getMsg HTTP/1.1" 200 27
101.83.241.137 - - [05/Mar/2024:09:25:26 +0800] "GET /xingrg/kc/buy/cgsh_order_operate.html?command=get_materiel&rest_code=00149&code=00101008141&supplier_code=00100008&order_time=2024-03-05 HTTP/1.1" 200 412
116.224.254.208 - - [05/Mar/2024:09:25:27 +0800] "GET /xingrg/all/function/internal_message.html?_=1709601927223&CODE_STATE=getMsg HTTP/1.1" 200 27
101.83.241.137 - - [05/Mar/2024:09:25:35 +0800] "GET /xingrg/kc/buy/cgsh_order_operate.html?command=get_materiel&rest_code=00149&code=00101008042&supplier_code=00100008&order_time=2024-03-05 HTTP/1.1" 200 416
58.40.7.146 - - [05/Mar/2024:09:25:37 +0800] "GET /xingrg/all/function/internal_message.html?_=1709601937069&CODE_STATE=getMsg HTTP/1.1" 200 27
180.164.1.25 - - [05/Mar/2024:09:25:37 +0800] "GET /xingrg/all/function/internal_message.html?_=1709601937642&CODE_STATE=getMsg HTTP/1.1" 200 27
124.78.57.58 - - [05/Mar/2024:09:25:46 +0800] "GET /xingrg/all/function/internal_message.html?_=1709601946818&CODE_STATE=getMsg HTTP/1.1" 200 27
114.89.91.180 - - [05/Mar/2024:09:25:47 +0800] "GET /xingrg/all/function/internal_message.html?_=1709601947454&CODE_STATE=getMsg HTTP/1.1" 200 27
114.89.91.180 - - [05/Mar/2024:09:25:47 +0800] "GET /xingrg/check_reg.html?_=1709601947611 HTTP/1.1" 200 22
116.224.254.208 - - [05/Mar/2024:09:25:52 +0800] "GET /xingrg/all/function/internal_message.html?_=1709601951975&CODE_STATE=getMsg HTTP/1.1" 200 27
124.78.57.58 - - [05/Mar/2024:09:26:05 +0800] "GET /xingrg/check_reg.html?_=1709601965086 HTTP/1.1" 200 22
180.169.147.146 - - [05/Mar/2024:09:26:05 +0800] "GET /xingrg/check_reg.html?_=1709601965316 HTTP/1.1" 200 22
180.169.147.146 - - [05/Mar/2024:09:26:05 +0800] "GET /xingrg/all/function/internal_message.html?_=1709601965325&CODE_STATE=getMsg HTTP/1.1" 200 27
101.83.145.37 - - [05/Mar/2024:09:26:07 +0800] "GET /xingrg/all/function/internal_message.html?_=1709601968708&CODE_STATE=getMsg HTTP/1.1" 200 27
101.83.241.137 - - [05/Mar/2024:09:26:08 +0800] "GET /xingrg/kc/buy/cgsh_order_operate.html?command=get_materiel&rest_code=00149&code=00101008058&supplier_code=00100008&order_time=2024-03-05 HTTP/1.1" 200 408
101.83.241.137 - - [05/Mar/2024:09:26:10 +0800] "GET /xingrg/all/function/internal_message.html?_=1709601970712&CODE_STATE=getMsg HTTP/1.1" 200 27
101.83.241.137 - - [05/Mar/2024:09:26:15 +0800] "POST /xingrg/kc/buy/cgsh_order_operate.html HTTP/1.1" 200 2065
172.20.0.100 - - [05/Mar/2024:09:26:18 +0800] "GET /xingrg/all/function/internal_message.html?_=1709601977843&CODE_STATE=getMsg HTTP/1.1" 200 27
101.83.241.137 - - [05/Mar/2024:09:26:20 +0800] "GET /xingrg/kc/buy/cgsh_order_operate.html?command=get_materiel&rest_code=00149&code=00101008706&supplier_code=00100008&order_time=2024-03-05 HTTP/1.1" 200 413
116.230.123.13 - - [05/Mar/2024:09:26:20 +0800] "GET /xingrg/all/function/internal_message.html?_=1709601980982&CODE_STATE=getMsg HTTP/1.1" 200 27
116.224.254.208 - - [05/Mar/2024:09:26:27 +0800] "GET /xingrg/check_reg.html?_=1709601987214 HTTP/1.1" 200 22
116.224.254.208 - - [05/Mar/2024:09:26:27 +0800] "GET /xingrg/all/function/internal_message.html?_=1709601987217&CODE_STATE=getMsg HTTP/1.1" 200 27
180.169.147.146 - - [05/Mar/2024:09:26:31 +0800] "POST /xingrg/dwr/call/plaincall/AjaxReportQueryService.refreshCache.dwr HTTP/1.1" 200 78
180.169.147.146 - - [05/Mar/2024:09:26:34 +0800] "POST /xingrg/all/report/load_report_page.html HTTP/1.1" 200 89
101.83.241.137 - - [05/Mar/2024:09:26:36 +0800] "GET /xingrg/kc/buy/cgsh_order_operate.html?command=get_materiel&rest_code=00149&code=00101008285&supplier_code=00100008&order_time=2024-03-05 HTTP/1.1" 200 413
58.40.7.146 - - [05/Mar/2024:09:26:37 +0800] "GET /xingrg/all/function/internal_message.html?_=1709601997057&CODE_STATE=getMsg HTTP/1.1" 200 27
180.164.1.25 - - [05/Mar/2024:09:26:37 +0800] "GET /xingrg/check_reg.html?_=1709601997630 HTTP/1.1" 200 22
180.164.1.25 - - [05/Mar/2024:09:26:37 +0800] "GET /xingrg/all/function/internal_message.html?_=1709601997632&CODE_STATE=getMsg HTTP/1.1" 200 27
180.169.147.146 - - [05/Mar/2024:09:26:39 +0800] "POST /xingrg/dwr/call/plaincall/AjaxReportQueryService.refreshCache.dwr HTTP/1.1" 200 78
180.169.147.146 - - [05/Mar/2024:09:26:42 +0800] "POST /xingrg/all/report/load_report_page.html HTTP/1.1" 200 52682
180.169.147.146 - - [05/Mar/2024:09:26:42 +0800] "GET /xingrg/servlets/image?cache=0.3942029808646479&image=px HTTP/1.1" 200 807
124.78.57.58 - - [05/Mar/2024:09:26:46 +0800] "GET /xingrg/all/function/internal_message.html?_=1709602006809&CODE_STATE=getMsg HTTP/1.1" 200 27
180.169.147.146 - - [05/Mar/2024:09:26:47 +0800] "GET /xingrg/login.html HTTP/1.1" 200 7641
114.89.91.180 - - [05/Mar/2024:09:26:47 +0800] "GET /xingrg/all/function/internal_message.html?_=1709602007429&CODE_STATE=getMsg HTTP/1.1" 200 27
58.40.7.146 - - [05/Mar/2024:09:26:50 +0800] "GET /xingrg/check_reg.html?_=1709602010026 HTTP/1.1" 200 22
222.69.134.177 - - [05/Mar/2024:09:26:51 +0800] "GET /xingrg/check_reg.html?_=1709602013461 HTTP/1.1" 200 22
116.224.254.208 - - [05/Mar/2024:09:26:52 +0800] "GET /xingrg/all/function/internal_message.html?_=1709602011977&CODE_STATE=getMsg HTTP/1.1" 200 27
180.169.147.146 - - [05/Mar/2024:09:27:01 +0800] "GET /xingrg/login.html HTTP/1.1" 200 7641
180.169.147.146 - - [05/Mar/2024:09:27:01 +0800] "GET /xingrg/images/blue/jxLogo.png HTTP/1.1" 200 6156
180.169.147.146 - - [05/Mar/2024:09:27:01 +0800] "GET /xingrg/images/blue/login_bg.png HTTP/1.1" 200 22101
180.169.147.146 - - [05/Mar/2024:09:27:01 +0800] "GET /xingrg/images/blue/hj.png HTTP/1.1" 200 1014
180.169.147.146 - - [05/Mar/2024:09:27:01 +0800] "GET /xingrg/images/blue/srbg.png HTTP/1.1" 200 138
180.169.147.146 - - [05/Mar/2024:09:27:02 +0800] "GET /favicon.ico HTTP/1.1" 404 -
116.232.194.112 - - [05/Mar/2024:09:27:02 +0800] "POST /xingrg/services/DataTransmitService HTTP/1.1" 200 524
180.169.147.146 - - [05/Mar/2024:09:27:05 +0800] "GET /xingrg/all/function/internal_message.html?_=1709602025322&CODE_STATE=getMsg HTTP/1.1" 200 27
101.83.145.37 - - [05/Mar/2024:09:27:07 +0800] "GET /xingrg/check_reg.html?_=1709602028704 HTTP/1.1" 200 22
101.83.145.37 - - [05/Mar/2024:09:27:07 +0800] "GET /xingrg/all/function/internal_message.html?_=1709602028707&CODE_STATE=getMsg HTTP/1.1" 200 27
180.169.147.146 - - [05/Mar/2024:09:27:07 +0800] "GET /xingrg/login.html HTTP/1.1" 200 7641
180.169.147.146 - - [05/Mar/2024:09:27:08 +0800] "GET /favicon.ico HTTP/1.1" 404 -
101.83.241.137 - - [05/Mar/2024:09:27:10 +0800] "GET /xingrg/all/function/internal_message.html?_=1709602030711&CODE_STATE=getMsg HTTP/1.1" 200 27
172.20.0.100 - - [05/Mar/2024:09:27:18 +0800] "GET /xingrg/all/function/internal_message.html?_=1709602037817&CODE_STATE=getMsg HTTP/1.1" 200 27
180.169.147.146 - - [05/Mar/2024:09:27:19 +0800] "POST /xingrg/login.do HTTP/1.1" 302 -
180.169.147.146 - - [05/Mar/2024:09:27:19 +0800] "GET /xingrg/index.html?sysBaseUrl=http%3A%2F%2F180.169.147.146%3A18081%2Fxingrg%2F&costTime=858×tamp=1709602039830 HTTP/1.1" 200 17503
180.169.147.146 - - [05/Mar/2024:09:27:19 +0800] "GET /xingrg/javascript/jquery_easy_ui/themes/default/easyui.css HTTP/1.1" 200 26500
180.169.147.146 - - [05/Mar/2024:09:27:19 +0800] "GET /xingrg/javascript/jquery_easy_ui/themes/icon.css HTTP/1.1" 200 3949
180.169.147.146 - - [05/Mar/2024:09:27:19 +0800] "GET /xingrg/css/form.css HTTP/1.1" 200 893
180.169.147.146 - - [05/Mar/2024:09:27:19 +0800] "GET /xingrg/javascript/jquery-1.4.2.min.js HTTP/1.1" 200 72205
180.169.147.146 - - [05/Mar/2024:09:27:19 +0800] "GET /xingrg/javascript/jquery_easy_ui/jquery.easyui.min.js HTTP/1.1" 200 213662
180.169.147.146 - - [05/Mar/2024:09:27:19 +0800] "GET /xingrg/javascript/jquery_easy_ui/easyui-lang-zh_CN.js HTTP/1.1" 200 1900
180.169.147.146 - - [05/Mar/2024:09:27:19 +0800] "GET /xingrg/javascript/jquery.form.js HTTP/1.1" 200 23110
180.169.147.146 - - [05/Mar/2024:09:27:19 +0800] "GET /xingrg/javascript/jquery.timers.js HTTP/1.1" 200 3532
180.169.147.146 - - [05/Mar/2024:09:27:19 +0800] "GET /xingrg/javascript/jquery.utils.js HTTP/1.1" 200 11805
180.169.147.146 - - [05/Mar/2024:09:27:20 +0800] "GET /favicon.ico HTTP/1.1" 404 -
180.169.147.146 - - [05/Mar/2024:09:27:20 +0800] "GET /xingrg/images/blue/navBackgound.jpg HTTP/1.1" 200 12378
180.169.147.146 - - [05/Mar/2024:09:27:20 +0800] "GET /xingrg/javascript/jquery_easy_ui/themes/icons/settle_new.png HTTP/1.1" 200 826
180.169.147.146 - - [05/Mar/2024:09:27:20 +0800] "POST /xingrg/all/common/load_tree.html?tree=area_rest_tree_json&manage=1 HTTP/1.1" 200 2231
180.169.147.146 - - [05/Mar/2024:09:27:20 +0800] "GET /xingrg/all/function/internal_message.html?_=1709602040071&CODE_STATE=count HTTP/1.1" 200 11
180.169.147.146 - - [05/Mar/2024:09:27:20 +0800] "GET /xingrg/check_reg.html?_=1709602040073 HTTP/1.1" 200 22
180.169.147.146 - - [05/Mar/2024:09:27:20 +0800] "GET /xingrg/images/blue/pingpu.png HTTP/1.1" 200 231
180.169.147.146 - - [05/Mar/2024:09:27:20 +0800] "GET /xingrg/javascript/jquery_easy_ui/themes/default/images/tabs_leftarrow.png HTTP/1.1" 200 389
180.169.147.146 - - [05/Mar/2024:09:27:20 +0800] "GET /xingrg/javascript/jquery_easy_ui/themes/default/images/tabs_rightarrow.png HTTP/1.1" 200 395
180.169.147.146 - - [05/Mar/2024:09:27:20 +0800] "GET /xingrg/javascript/jquery_easy_ui/themes/default/images/panel_tool_expand.gif HTTP/1.1" 200 247
180.169.147.146 - - [05/Mar/2024:09:27:20 +0800] "GET /xingrg/javascript/jquery_easy_ui/themes/default/images/panel_tool_collapse.gif HTTP/1.1" 200 246
180.169.147.146 - - [05/Mar/2024:09:27:20 +0800] "POST /xingrg/load_menu.html HTTP/1.1" 200 11564
180.169.147.146 - - [05/Mar/2024:09:27:20 +0800] "GET /xingrg/javascript/jquery_easy_ui/themes/default/images/tree_arrows.gif HTTP/1.1" 200 1043
180.169.147.146 - - [05/Mar/2024:09:27:20 +0800] "GET /xingrg/javascript/jquery_easy_ui/themes/default/images/tree_folder_open.gif HTTP/1.1" 200 956
180.169.147.146 - - [05/Mar/2024:09:27:20 +0800] "GET /xingrg/javascript/jquery_easy_ui/themes/icons/search_new.png HTTP/1.1" 200 586
180.169.147.146 - - [05/Mar/2024:09:27:20 +0800] "GET /xingrg/javascript/jquery_easy_ui/themes/icons/delivery_new.png HTTP/1.1" 200 700
180.169.147.146 - - [05/Mar/2024:09:27:20 +0800] "GET /xingrg/javascript/jquery_easy_ui/themes/icons/storage_new.png HTTP/1.1" 200 853
180.169.147.146 - - [05/Mar/2024:09:27:20 +0800] "GET /xingrg/javascript/jquery_easy_ui/themes/icons/checkout_new.png HTTP/1.1" 200 744
180.169.147.146 - - [05/Mar/2024:09:27:20 +0800] "GET /xingrg/javascript/jquery_easy_ui/themes/icons/forms_new.png HTTP/1.1" 200 350
180.169.147.146 - - [05/Mar/2024:09:27:20 +0800] "GET /xingrg/javascript/jquery_easy_ui/themes/icons/setting_new.png HTTP/1.1" 200 450
180.169.147.146 - - [05/Mar/2024:09:27:20 +0800] "GET /xingrg/javascript/jquery_easy_ui/themes/icons/systemset_new.png HTTP/1.1" 200 606
180.169.147.146 - - [05/Mar/2024:09:27:20 +0800] "GET /xingrg/javascript/jquery_easy_ui/themes/default/images/tree_file.gif HTTP/1.1" 200 118
180.169.147.146 - - [05/Mar/2024:09:27:20 +0800] "GET /xingrg/javascript/jquery_easy_ui/themes/default/images/tree_folder.gif HTTP/1.1" 200 952
116.230.123.13 - - [05/Mar/2024:09:27:20 +0800] "GET /xingrg/all/function/internal_message.html?_=1709602040965&CODE_STATE=getMsg HTTP/1.1" 200 27
180.169.147.146 - - [05/Mar/2024:09:27:22 +0800] "GET /xingrg/javascript/jquery_easy_ui/themes/icons/area.png HTTP/1.1" 200 262
180.169.147.146 - - [05/Mar/2024:09:27:22 +0800] "GET /xingrg/javascript/jquery_easy_ui/themes/icons/manage.png HTTP/1.1" 200 696
180.169.147.146 - - [05/Mar/2024:09:27:22 +0800] "GET /xingrg/javascript/jquery_easy_ui/themes/icons/rest.png HTTP/1.1" 200 695
