116.237.73.188 - - [05/Mar/2024:10:10:53 +0800] "GET /xingrg/images/blue/button/kc.gif HTTP/1.1" 304 -
116.237.73.188 - - [05/Mar/2024:10:10:53 +0800] "GET /xingrg/images/blue/button/ckthd.gif HTTP/1.1" 304 -
116.237.73.188 - - [05/Mar/2024:10:10:53 +0800] "GET /xingrg/images/blue/pic_form2.gif HTTP/1.1" 304 -
116.237.73.188 - - [05/Mar/2024:10:10:53 +0800] "GET /xingrg/images/blue/bg_dotted.jpg HTTP/1.1" 304 -
116.237.73.188 - - [05/Mar/2024:10:10:53 +0800] "GET /xingrg/javascript/jquery_ui/themes/humanity/images/ui-bg_inset-soft_100_f4f0ec_1x100.png HTTP/1.1" 304 -
116.237.73.188 - - [05/Mar/2024:10:10:53 +0800] "GET /xingrg/images/blue/button/down_ah.jpg HTTP/1.1" 304 -
116.237.73.188 - - [05/Mar/2024:10:10:53 +0800] "GET /xingrg/images/blue/button/right_ah.jpg HTTP/1.1" 304 -
116.237.73.188 - - [05/Mar/2024:10:10:53 +0800] "GET /xingrg/javascript/jquery_ui/themes/humanity/images/ui-iconsnew.jpg HTTP/1.1" 304 -
116.237.73.188 - - [05/Mar/2024:10:10:53 +0800] "GET /xingrg/javascript/jquery_ui/themes/humanity/images/ui-icons_ffffff_256x240.png HTTP/1.1" 304 -
116.237.73.188 - - [05/Mar/2024:10:10:53 +0800] "GET /xingrg/javascript/jquery_ui/themes/humanity/images/ui-icons_c47a23_256x240.png HTTP/1.1" 304 -
116.237.73.188 - - [05/Mar/2024:10:10:53 +0800] "GET /xingrg/javascript/jquery_ui/themes/humanity/images/ui-bg_glass_70_ede4d4_1x400.png HTTP/1.1" 304 -
58.39.109.113 - - [05/Mar/2024:10:10:54 +0800] "GET /xingrg/kc/base/base_main.html HTTP/1.1" 200 12142
116.237.73.188 - - [05/Mar/2024:10:10:54 +0800] "GET /xingrg/images/yd/bt.gif HTTP/1.1" 404 1040
116.232.194.112 - - [05/Mar/2024:10:10:56 +0800] "GET /xingrg/kc/buy/cgsh_order_operate.html?command=get_materiel&rest_code=00155&code=00101008024&supplier_code=00100005&order_time=2024-03-05 HTTP/1.1" 200 408
58.39.109.113 - - [05/Mar/2024:10:10:57 +0800] "GET /xingrg/all/function/internal_message.html?_=1709604657799&CODE_STATE=getMsg HTTP/1.1" 200 27
124.79.241.4 - - [05/Mar/2024:10:10:57 +0800] "GET /xingrg/all/report/report_print.html?isPrint=1&fileName=kc/cost/crk_define_by_materiel.xml&condition=%20a.base_code%20in%20('0010288')%20%20and%20m.sort_code%20in%20('00101001','00101002','00101003','00101004','00101005','00101006','00101007','00101008','00101009','00101010','00101011','00101012','00101013','00101014','00101015','00101016','00101017','00101018','00101019','00101020','00101021','00101022','00101023','00101024','00101025','00101026','00101027','00101028','00101029','00101030','00101031','00101032','00101033','00101034','00101036','00101037','00101038','00101039','00101040','00101041','00101042','00101043','00101044','00101045')%20&condition_show=Ô·ݣº2024Äê2ÔÂ%20²Ö¿â£ºº£ÏʳØ&tableQueryString=materiel_table$sp1$$sp$before_table$sp1$$sp$crk_table$sp1$order_day%20between%2020240201%20and%2020240229&fileType=servlets/xls&varString=cost_id:4907,rk_cost:cgsh_rk_money-cgth_ck_money$add$pssh_rk_money-psth_ck_money$add$yddb_rk_money$add$qt_rk_money$add$wldb_rk_money$add$check_rk_money,ck_cost:cgsh_rk_money-cgth_ck_money$add$pssh_rk_money-psth_ck_money$add$yddb_rk_money$add$qt_rk_money$add$wldb_rk_money$add$check_rk_money,rk_nums:cgsh_rk_number-cgth_ck_number$add$pssh_rk_number-psth_ck_number$add$yddb_rk_number$add$qt_rk_number$add$wldb_rk_number$add$check_rk_number,ck_nums:cgsh_rk_number-cgth_ck_number$add$pssh_rk_number-psth_ck_number$add$yddb_rk_number$add$qt_rk_number$add$wldb_rk_number$add$check_rk_number HTTP/1.1" 200 42548
58.39.109.113 - - [05/Mar/2024:10:10:57 +0800] "GET /xingrg/kc/base/check_order_list.html HTTP/1.1" 200 8212
58.39.109.113 - - [05/Mar/2024:10:10:58 +0800] "GET /xingrg/kc/base/check_order_list.html HTTP/1.1" 200 16174
116.237.73.188 - - [05/Mar/2024:10:10:58 +0800] "GET /xingrg/kc/buy/cgsh_order_list.html HTTP/1.1" 200 57880
116.237.73.188 - - [05/Mar/2024:10:10:58 +0800] "GET /xingrg/css/base.css HTTP/1.1" 304 -
116.237.73.188 - - [05/Mar/2024:10:10:58 +0800] "GET /xingrg/css/site.css HTTP/1.1" 304 -
116.237.73.188 - - [05/Mar/2024:10:10:58 +0800] "GET /xingrg/javascript/jquery_tools/datebox.css HTTP/1.1" 304 -
116.237.73.188 - - [05/Mar/2024:10:10:58 +0800] "GET /xingrg/javascript/easyui/themes/default/easyui.css HTTP/1.1" 304 -
116.237.73.188 - - [05/Mar/2024:10:10:58 +0800] "GET /xingrg/javascript/easyui/themes/icon.css HTTP/1.1" 304 -
116.237.73.188 - - [05/Mar/2024:10:10:58 +0800] "GET /xingrg/javascript/auto/jquery.autocomplete.css HTTP/1.1" 304 -
116.237.73.188 - - [05/Mar/2024:10:10:58 +0800] "GET /xingrg/javascript/jquery_tools/fix.css HTTP/1.1" 304 -
116.237.73.188 - - [05/Mar/2024:10:10:58 +0800] "GET /xingrg/javascript/jquery_tools/table.css HTTP/1.1" 304 -
116.237.73.188 - - [05/Mar/2024:10:10:58 +0800] "GET /xingrg/javascript/jquery_tools/jquery.tools.min.js HTTP/1.1" 304 -
116.237.73.188 - - [05/Mar/2024:10:10:58 +0800] "GET /xingrg/javascript/jquery_tools/jquery.tools.extend.js HTTP/1.1" 304 -
116.237.73.188 - - [05/Mar/2024:10:10:58 +0800] "GET /xingrg/javascript/jquery_tools/jquery.tools.hotkey.js HTTP/1.1" 304 -
116.237.73.188 - - [05/Mar/2024:10:10:58 +0800] "GET /xingrg/javascript/jquery_tools/jquery.tools.table.js HTTP/1.1" 304 -
116.237.73.188 - - [05/Mar/2024:10:10:58 +0800] "GET /xingrg/javascript/jquery_tools/list_manager.js HTTP/1.1" 304 -
116.237.73.188 - - [05/Mar/2024:10:10:58 +0800] "GET /xingrg/javascript/auto/jquery.autocomplete.js HTTP/1.1" 304 -
116.237.73.188 - - [05/Mar/2024:10:10:58 +0800] "GET /xingrg/javascript/easyui/easyloader.js HTTP/1.1" 304 -
116.237.73.188 - - [05/Mar/2024:10:10:58 +0800] "GET /xingrg/javascript/jquery.cookie.js HTTP/1.1" 304 -
116.237.73.188 - - [05/Mar/2024:10:10:58 +0800] "GET /xingrg/javascript/print/LodopFuncs.js HTTP/1.1" 304 -
116.237.73.188 - - [05/Mar/2024:10:10:58 +0800] "GET /xingrg/javascript/easyui/themes/icons/edit_add_new.png HTTP/1.1" 304 -
116.237.73.188 - - [05/Mar/2024:10:10:58 +0800] "GET /xingrg/javascript/easyui/themes/icons/cance_new.png HTTP/1.1" 304 -
116.237.73.188 - - [05/Mar/2024:10:10:58 +0800] "GET /xingrg/javascript/easyui/themes/icons/check_new.png HTTP/1.1" 304 -
116.237.73.188 - - [05/Mar/2024:10:10:58 +0800] "GET /xingrg/javascript/easyui/themes/icons/field_new.png HTTP/1.1" 304 -
116.237.73.188 - - [05/Mar/2024:10:10:58 +0800] "GET /xingrg/javascript/easyui/themes/icons/import_new.png HTTP/1.1" 304 -
116.237.73.188 - - [05/Mar/2024:10:10:58 +0800] "GET /xingrg/javascript/easyui/plugins/jquery.parser.js HTTP/1.1" 304 -
116.237.73.188 - - [05/Mar/2024:10:10:58 +0800] "GET /xingrg/images/control/ajaxLoader.gif HTTP/1.1" 304 -
58.39.109.113 - - [05/Mar/2024:10:10:58 +0800] "POST /xingrg/kc/base/check_list_operate.html HTTP/1.1" 200 1896
116.237.73.188 - - [05/Mar/2024:10:11:00 +0800] "POST /xingrg/kc/buy/cgsh_list_operate.html HTTP/1.1" 200 986
58.39.109.113 - - [05/Mar/2024:10:11:00 +0800] "GET /xingrg/kc/base/check_order_info.html?code=452024030300053 HTTP/1.1" 200 25536
58.39.109.113 - - [05/Mar/2024:10:11:00 +0800] "GET /xingrg/dwr/interface/AjaxComOrderService.js HTTP/1.1" 200 18264
58.39.109.113 - - [05/Mar/2024:10:11:00 +0800] "GET /xingrg/dwr/util.js HTTP/1.1" 304 -
58.39.109.113 - - [05/Mar/2024:10:11:00 +0800] "GET /xingrg/dwr/interface/AjaxCheckService.js HTTP/1.1" 200 14003
58.39.109.113 - - [05/Mar/2024:10:11:00 +0800] "GET /xingrg/dwr/engine.js HTTP/1.1" 200 43631
58.39.109.113 - - [05/Mar/2024:10:11:01 +0800] "POST /xingrg/dwr/call/plaincall/AjaxCheckService.loadOrderItems.dwr HTTP/1.1" 200 76420
116.232.194.112 - - [05/Mar/2024:10:11:01 +0800] "POST /xingrg/kc/buy/cgsh_order_operate.html HTTP/1.1" 200 2065
180.169.147.146 - - [05/Mar/2024:10:11:04 +0800] "GET /xingrg/all/function/internal_message.html?_=1709604664778&CODE_STATE=getMsg HTTP/1.1" 200 27
124.78.57.58 - - [05/Mar/2024:10:11:04 +0800] "GET /xingrg/check_reg.html?_=1709604664940 HTTP/1.1" 200 22
116.232.194.112 - - [05/Mar/2024:10:11:05 +0800] "GET /xingrg/all/function/internal_message.html?_=1709604648254&CODE_STATE=getMsg HTTP/1.1" 200 27
120.253.135.82 - - [05/Mar/2024:10:11:06 +0800] "GET /xingrg/all/function/internal_message.html?_=1709604502942&CODE_STATE=getMsg HTTP/1.1" 200 27
101.83.145.37 - - [05/Mar/2024:10:11:07 +0800] "GET /xingrg/all/function/internal_message.html?_=1709604668190&CODE_STATE=getMsg HTTP/1.1" 200 27
120.253.135.82 - - [05/Mar/2024:10:11:07 +0800] "GET /xingrg/all/function/internal_message.html?_=1709604837022&CODE_STATE=getMsg HTTP/1.1" 200 27
116.237.73.188 - - [05/Mar/2024:10:11:08 +0800] "GET /xingrg/javascript/easyui/themes/default/images/button_plain_hover.png HTTP/1.1" 304 -
116.237.73.188 - - [05/Mar/2024:10:11:10 +0800] "GET /xingrg/kc/buy/cgsh_order_add.html HTTP/1.1" 200 73649
116.237.73.188 - - [05/Mar/2024:10:11:10 +0800] "GET /xingrg/javascript/convert.js HTTP/1.1" 304 -
116.237.73.188 - - [05/Mar/2024:10:11:10 +0800] "GET /xingrg/javascript/jquery_tools/order_manager.js HTTP/1.1" 304 -
116.237.73.188 - - [05/Mar/2024:10:11:10 +0800] "GET /xingrg/javascript/json2.js HTTP/1.1" 304 -
116.237.73.188 - - [05/Mar/2024:10:11:10 +0800] "GET /xingrg/javascript/print/kc_print.js HTTP/1.1" 304 -
116.237.73.188 - - [05/Mar/2024:10:11:10 +0800] "GET /xingrg/words/20240304184635_words.js HTTP/1.1" 200 1014517
116.237.73.188 - - [05/Mar/2024:10:11:10 +0800] "GET /xingrg/javascript/easyui/themes/icons/template_new.png HTTP/1.1" 200 3956
116.237.73.188 - - [05/Mar/2024:10:11:10 +0800] "GET /xingrg/javascript/easyui/themes/icons/copy_new.png HTTP/1.1" 304 -
116.237.73.188 - - [05/Mar/2024:10:11:10 +0800] "GET /xingrg/javascript/easyui/themes/icons/print.png HTTP/1.1" 304 -
116.237.73.188 - - [05/Mar/2024:10:11:10 +0800] "GET /xingrg/javascript/easyui/themes/icons/ok.png HTTP/1.1" 200 883
116.237.73.188 - - [05/Mar/2024:10:11:10 +0800] "GET /xingrg/javascript/easyui/themes/default/images/menu_downarrow.png HTTP/1.1" 304 -
116.237.73.188 - - [05/Mar/2024:10:11:10 +0800] "GET /xingrg/javascript/easyui/themes/icons/cancel.png HTTP/1.1" 304 -
116.237.73.188 - - [05/Mar/2024:10:11:10 +0800] "POST /xingrg/kc/buy/cgsh_order_operate.html HTTP/1.1" 200 8245
116.237.73.188 - - [05/Mar/2024:10:11:10 +0800] "GET /xingrg/javascript/easyui/themes/default/validatebox.css HTTP/1.1" 404 1104
116.237.73.188 - - [05/Mar/2024:10:11:10 +0800] "GET /xingrg/javascript/easyui/plugins/jquery.validatebox.js HTTP/1.1" 304 -
116.237.73.188 - - [05/Mar/2024:10:11:10 +0800] "GET /xingrg/all/common/auto_word.html?type=employee&rest_code=00106 HTTP/1.1" 200 205
116.237.73.188 - - [05/Mar/2024:10:11:10 +0800] "GET /xingrg/javascript/easyui/themes/icons/edit_remove.png HTTP/1.1" 304 -
116.237.73.188 - - [05/Mar/2024:10:11:10 +0800] "GET /xingrg/javascript/easyui/plugins/jquery.numberbox.js HTTP/1.1" 304 -
116.237.73.188 - - [05/Mar/2024:10:11:10 +0800] "GET /xingrg/all/common/auto_word.html?type=employee&rest_code=00106 HTTP/1.1" 200 205
101.83.241.137 - - [05/Mar/2024:10:11:10 +0800] "GET /xingrg/all/function/internal_message.html?_=1709604670791&CODE_STATE=getMsg HTTP/1.1" 200 27
116.237.73.188 - - [05/Mar/2024:10:11:12 +0800] "GET /xingrg/javascript/easyui/plugins/jquery.draggable.js HTTP/1.1" 200 6121
116.237.73.188 - - [05/Mar/2024:10:11:12 +0800] "GET /xingrg/css/images/panel_loading.gif HTTP/1.1" 200 1737
116.237.73.188 - - [05/Mar/2024:10:11:12 +0800] "GET /xingrg/javascript/easyui/plugins/jquery.droppable.js HTTP/1.1" 200 1167
116.237.73.188 - - [05/Mar/2024:10:11:12 +0800] "GET /xingrg/javascript/easyui/themes/default/tree.css HTTP/1.1" 404 1090
116.237.73.188 - - [05/Mar/2024:10:11:12 +0800] "GET /xingrg/javascript/easyui/plugins/jquery.tree.js HTTP/1.1" 200 20874
116.237.73.188 - - [05/Mar/2024:10:11:13 +0800] "POST /xingrg/all/common/load_tree.html?tree=supplier_tree_json&isDelete=1 HTTP/1.1" 200 78788
116.232.194.112 - - [05/Mar/2024:10:11:13 +0800] "GET /xingrg/kc/buy/cgsh_order_operate.html?command=get_materiel&rest_code=00155&code=00101008356&supplier_code=00100005&order_time=2024-03-05 HTTP/1.1" 200 408
116.237.73.188 - - [05/Mar/2024:10:11:14 +0800] "GET /xingrg/javascript/easyui/themes/default/images/tree_folder_open.gif HTTP/1.1" 200 956
116.237.73.188 - - [05/Mar/2024:10:11:14 +0800] "GET /xingrg/javascript/easyui/themes/default/images/tree_arrows.gif HTTP/1.1" 200 617
116.237.73.188 - - [05/Mar/2024:10:11:14 +0800] "GET /xingrg/javascript/easyui/themes/default/images/tree_folder.gif HTTP/1.1" 200 952
116.237.73.188 - - [05/Mar/2024:10:11:14 +0800] "GET /xingrg/javascript/easyui/themes/default/images/tree_file.gif HTTP/1.1" 200 118
116.230.116.59 - - [05/Mar/2024:10:11:16 +0800] "GET /xingrg/all/function/internal_message.html?_=1709604681854&CODE_STATE=getMsg HTTP/1.1" 200 27
101.83.241.137 - - [05/Mar/2024:10:11:17 +0800] "GET /xingrg/kc/buy/cgsh_order_operate.html?command=get_materiel&rest_code=00149&code=00101010161&supplier_code=00100039&order_time=2024-03-05 HTTP/1.1" 200 410
116.230.123.13 - - [05/Mar/2024:10:11:20 +0800] "GET /xingrg/all/function/internal_message.html?_=1709604680108&CODE_STATE=getMsg HTTP/1.1" 200 27
116.224.254.208 - - [05/Mar/2024:10:11:21 +0800] "GET /xingrg/all/function/internal_message.html?_=1709604682038&CODE_STATE=getMsg HTTP/1.1" 200 27
180.169.147.146 - - [05/Mar/2024:10:11:25 +0800] "GET /xingrg/all/function/internal_message.html?_=1709604685741&CODE_STATE=getMsg HTTP/1.1" 200 27
101.228.147.14 - - [05/Mar/2024:10:11:27 +0800] "GET /xingrg/all/function/internal_message.html?_=1709604686976&CODE_STATE=getMsg HTTP/1.1" 200 27
116.232.194.112 - - [05/Mar/2024:10:11:27 +0800] "GET /xingrg/kc/buy/cgsh_order_operate.html?command=get_materiel&rest_code=00155&code=00101008205&supplier_code=00100005&order_time=2024-03-05 HTTP/1.1" 200 412
124.79.241.4 - - [05/Mar/2024:10:11:28 +0800] "GET /xingrg/all/function/internal_message.html?_=1709604703391&CODE_STATE=getMsg HTTP/1.1" 200 27
101.83.241.137 - - [05/Mar/2024:10:11:34 +0800] "GET /xingrg/kc/buy/cgsh_order_operate.html?command=get_materiel&rest_code=00149&code=00101005037&supplier_code=00100039&order_time=2024-03-05 HTTP/1.1" 200 409
58.40.7.146 - - [05/Mar/2024:10:11:36 +0800] "GET /xingrg/all/function/internal_message.html?_=1709604696004&CODE_STATE=getMsg HTTP/1.1" 200 27
180.164.1.25 - - [05/Mar/2024:10:11:37 +0800] "GET /xingrg/all/function/internal_message.html?_=1709604697627&CODE_STATE=getMsg HTTP/1.1" 200 27
180.164.1.25 - - [05/Mar/2024:10:11:37 +0800] "GET /xingrg/check_reg.html?_=1709604697631 HTTP/1.1" 200 22
120.253.135.82 - - [05/Mar/2024:10:11:41 +0800] "POST /xingrg/kc/buy/cgsh_order_operate.html HTTP/1.1" 200 37
124.78.57.58 - - [05/Mar/2024:10:11:46 +0800] "GET /xingrg/all/function/internal_message.html?_=1709604706076&CODE_STATE=getMsg HTTP/1.1" 200 27
114.89.91.180 - - [05/Mar/2024:10:11:46 +0800] "GET /xingrg/all/function/internal_message.html?_=1709604706624&CODE_STATE=getMsg HTTP/1.1" 200 27
101.83.241.137 - - [05/Mar/2024:10:11:46 +0800] "POST /xingrg/kc/buy/cgsh_order_operate.html HTTP/1.1" 200 37
124.79.241.4 - - [05/Mar/2024:10:11:47 +0800] "GET /xingrg/all/function/internal_message.html?_=1709604703358&CODE_STATE=getMsg HTTP/1.1" 200 27
116.232.194.112 - - [05/Mar/2024:10:11:49 +0800] "GET /xingrg/kc/buy/cgsh_order_operate.html?command=get_materiel&rest_code=00155&code=00101008272&supplier_code=00100005&order_time=2024-03-05 HTTP/1.1" 200 412
58.40.7.146 - - [05/Mar/2024:10:11:49 +0800] "GET /xingrg/check_reg.html?_=1709604709850 HTTP/1.1" 200 22
222.69.134.177 - - [05/Mar/2024:10:11:51 +0800] "GET /xingrg/check_reg.html?_=1709604713357 HTTP/1.1" 200 22
116.237.73.188 - - [05/Mar/2024:10:11:51 +0800] "GET /xingrg/all/function/internal_message.html?_=1709604713594&CODE_STATE=getMsg HTTP/1.1" 200 27
120.253.135.82 - - [05/Mar/2024:10:11:51 +0800] "POST /xingrg/kc/buy/cgsh_order_operate.html HTTP/1.1" 200 12
116.224.254.208 - - [05/Mar/2024:10:11:53 +0800] "GET /xingrg/all/function/internal_message.html?_=1709604712994&CODE_STATE=getMsg HTTP/1.1" 200 27
116.224.254.208 - - [05/Mar/2024:10:11:53 +0800] "GET /xingrg/check_reg.html?_=1709604713654 HTTP/1.1" 200 22
58.39.109.113 - - [05/Mar/2024:10:11:57 +0800] "GET /xingrg/all/function/internal_message.html?_=1709604717782&CODE_STATE=getMsg HTTP/1.1" 200 27
101.83.241.137 - - [05/Mar/2024:10:11:59 +0800] "POST /xingrg/kc/buy/cgsh_order_operate.html HTTP/1.1" 200 12
120.253.135.82 - - [05/Mar/2024:10:12:00 +0800] "GET /xingrg/kc/buy/cgsh_order_info.html?code=212024030501189 HTTP/1.1" 200 67621
120.253.135.82 - - [05/Mar/2024:10:12:00 +0800] "GET /xingrg/javascript/easyui/themes/default/validatebox.css HTTP/1.1" 404 1104
120.253.135.82 - - [05/Mar/2024:10:12:01 +0800] "POST /xingrg/kc/buy/cgsh_order_operate.html HTTP/1.1" 200 1209
180.169.147.146 - - [05/Mar/2024:10:12:04 +0800] "GET /xingrg/all/function/internal_message.html?_=1709604724788&CODE_STATE=getMsg HTTP/1.1" 200 27
180.169.147.146 - - [05/Mar/2024:10:12:04 +0800] "GET /xingrg/check_reg.html?_=1709604724792 HTTP/1.1" 200 22
116.232.194.112 - - [05/Mar/2024:10:12:05 +0800] "GET /xingrg/all/function/internal_message.html?_=1709604708231&CODE_STATE=getMsg HTTP/1.1" 200 27
116.230.116.59 - - [05/Mar/2024:10:12:05 +0800] "GET /xingrg/kc/buy/cgsh_order_operate.html?command=get_materiel&rest_code=00146&code=00101008148&supplier_code=00100005&order_time=2024-03-05 HTTP/1.1" 200 416
120.253.135.82 - - [05/Mar/2024:10:12:06 +0800] "POST /xingrg/kc/buy/cgsh_list_operate.html HTTP/1.1" 200 354
120.253.135.82 - - [05/Mar/2024:10:12:06 +0800] "GET /xingrg/all/function/internal_message.html?_=1709604562949&CODE_STATE=getMsg HTTP/1.1" 200 27
101.83.145.37 - - [05/Mar/2024:10:12:07 +0800] "GET /xingrg/all/function/internal_message.html?_=1709604728158&CODE_STATE=getMsg HTTP/1.1" 200 27
120.253.135.82 - - [05/Mar/2024:10:12:07 +0800] "GET /xingrg/all/function/internal_message.html?_=1709604897025&CODE_STATE=getMsg HTTP/1.1" 200 27
101.83.145.37 - - [05/Mar/2024:10:12:07 +0800] "GET /xingrg/check_reg.html?_=1709604728755 HTTP/1.1" 200 22
180.169.147.146 - - [05/Mar/2024:10:12:09 +0800] "GET /xingrg/login.html HTTP/1.1" 200 7641
116.230.116.59 - - [05/Mar/2024:10:12:16 +0800] "GET /xingrg/check_reg.html?_=1709604741667 HTTP/1.1" 200 22
116.230.116.59 - - [05/Mar/2024:10:12:16 +0800] "GET /xingrg/all/function/internal_message.html?_=1709604741866&CODE_STATE=getMsg HTTP/1.1" 200 27
120.253.135.82 - - [05/Mar/2024:10:12:18 +0800] "GET /xingrg/kc/buy/cgsh_order_info.html?code=212024030501190 HTTP/1.1" 200 72730
101.83.241.137 - - [05/Mar/2024:10:12:18 +0800] "GET /xingrg/kc/buy/cgsh_order_info.html?code=212024030501197 HTTP/1.1" 200 68652
58.39.109.113 - - [05/Mar/2024:10:12:18 +0800] "POST /xingrg/dwr/call/plaincall/AjaxCheckService.setItemNumber.dwr HTTP/1.1" 200 76
101.83.241.137 - - [05/Mar/2024:10:12:18 +0800] "GET /xingrg/javascript/easyui/themes/default/validatebox.css HTTP/1.1" 404 1104
120.253.135.82 - - [05/Mar/2024:10:12:18 +0800] "GET /xingrg/javascript/easyui/themes/default/validatebox.css HTTP/1.1" 404 1104
120.253.135.82 - - [05/Mar/2024:10:12:19 +0800] "POST /xingrg/kc/buy/cgsh_order_operate.html HTTP/1.1" 200 3860
101.83.241.137 - - [05/Mar/2024:10:12:19 +0800] "POST /xingrg/kc/buy/cgsh_order_operate.html HTTP/1.1" 200 2383
116.230.123.13 - - [05/Mar/2024:10:12:20 +0800] "GET /xingrg/all/function/internal_message.html?_=1709604740092&CODE_STATE=getMsg HTTP/1.1" 200 27
116.224.254.208 - - [05/Mar/2024:10:12:21 +0800] "GET /xingrg/all/function/internal_message.html?_=1709604742034&CODE_STATE=getMsg HTTP/1.1" 200 27
180.169.147.146 - - [05/Mar/2024:10:12:22 +0800] "GET /favicon.ico HTTP/1.1" 404 -
101.83.241.137 - - [05/Mar/2024:10:12:23 +0800] "GET /xingrg/kc/print/load_data.html?order_code=212024030501197&kc_code=cgsh&condition= HTTP/1.1" 200 1391
180.169.147.146 - - [05/Mar/2024:10:12:25 +0800] "GET /xingrg/check_reg.html?_=1709604745741 HTTP/1.1" 200 22
180.169.147.146 - - [05/Mar/2024:10:12:25 +0800] "GET /xingrg/all/function/internal_message.html?_=1709604745743&CODE_STATE=getMsg HTTP/1.1" 200 27
101.228.147.14 - - [05/Mar/2024:10:12:27 +0800] "GET /xingrg/all/function/internal_message.html?_=1709604747007&CODE_STATE=getMsg HTTP/1.1" 200 27
58.39.109.113 - - [05/Mar/2024:10:12:28 +0800] "GET /xingrg/kc/base/check_order_info.html?code=452024030300051 HTTP/1.1" 200 25536
58.39.109.113 - - [05/Mar/2024:10:12:28 +0800] "GET /xingrg/dwr/interface/AjaxComOrderService.js HTTP/1.1" 200 18264
58.39.109.113 - - [05/Mar/2024:10:12:28 +0800] "GET /xingrg/dwr/interface/AjaxCheckService.js HTTP/1.1" 200 14003
58.39.109.113 - - [05/Mar/2024:10:12:28 +0800] "GET /xingrg/dwr/engine.js HTTP/1.1" 200 43631
124.79.241.4 - - [05/Mar/2024:10:12:28 +0800] "GET /xingrg/all/function/internal_message.html?_=1709604763390&CODE_STATE=getMsg HTTP/1.1" 200 27
58.39.109.113 - - [05/Mar/2024:10:12:29 +0800] "POST /xingrg/dwr/call/plaincall/AjaxCheckService.loadOrderItems.dwr HTTP/1.1" 200 121677
116.238.97.31 - - [05/Mar/2024:10:12:31 +0800] "GET /xingrg/check_reg.html?_=1709604751120 HTTP/1.1" 200 22
58.40.7.146 - - [05/Mar/2024:10:12:35 +0800] "GET /xingrg/all/function/internal_message.html?_=1709604755978&CODE_STATE=getMsg HTTP/1.1" 200 27
101.83.241.137 - - [05/Mar/2024:10:12:36 +0800] "GET /xingrg/kc/buy/cgsh_order_add.html HTTP/1.1" 200 73743
101.83.241.137 - - [05/Mar/2024:10:12:37 +0800] "POST /xingrg/kc/buy/cgsh_order_operate.html HTTP/1.1" 200 8245
101.83.241.137 - - [05/Mar/2024:10:12:37 +0800] "GET /xingrg/javascript/easyui/themes/default/validatebox.css HTTP/1.1" 404 1104
180.164.1.25 - - [05/Mar/2024:10:12:37 +0800] "GET /xingrg/all/function/internal_message.html?_=1709604757654&CODE_STATE=getMsg HTTP/1.1" 200 27
116.230.116.59 - - [05/Mar/2024:10:12:37 +0800] "GET /xingrg/kc/buy/cgsh_order_operate.html?command=get_materiel&rest_code=00146&code=00101008356&supplier_code=00100005&order_time=2024-03-05 HTTP/1.1" 200 408
116.232.194.112 - - [05/Mar/2024:10:12:40 +0800] "GET /xingrg/kc/buy/cgsh_order_operate.html?command=get_materiel&rest_code=00155&code=00101008059&supplier_code=00100005&order_time=2024-03-05 HTTP/1.1" 200 408
124.78.57.58 - - [05/Mar/2024:10:12:46 +0800] "GET /xingrg/all/function/internal_message.html?_=1709604766054&CODE_STATE=getMsg HTTP/1.1" 200 27
114.89.91.180 - - [05/Mar/2024:10:12:46 +0800] "GET /xingrg/all/function/internal_message.html?_=1709604766614&CODE_STATE=getMsg HTTP/1.1" 200 27
124.79.241.4 - - [05/Mar/2024:10:12:46 +0800] "GET /xingrg/all/function/internal_message.html?_=1709604763344&CODE_STATE=getMsg HTTP/1.1" 200 27
116.237.73.188 - - [05/Mar/2024:10:12:51 +0800] "GET /xingrg/all/function/internal_message.html?_=1709604773580&CODE_STATE=getMsg HTTP/1.1" 200 27
116.224.254.208 - - [05/Mar/2024:10:12:53 +0800] "GET /xingrg/all/function/internal_message.html?_=1709604772956&CODE_STATE=getMsg HTTP/1.1" 200 27
58.39.109.113 - - [05/Mar/2024:10:12:57 +0800] "GET /xingrg/all/function/internal_message.html?_=1709604777785&CODE_STATE=getMsg HTTP/1.1" 200 27
116.230.116.59 - - [05/Mar/2024:10:12:57 +0800] "GET /xingrg/kc/buy/cgsh_order_operate.html?command=get_materiel&rest_code=00146&code=00101008137&supplier_code=00100005&order_time=2024-03-05 HTTP/1.1" 200 408
101.83.241.137 - - [05/Mar/2024:10:12:59 +0800] "GET /xingrg/kc/buy/cgsh_order_operate.html?command=get_materiel&rest_code=00149&code=00101011003&supplier_code=00100051&order_time=2024-03-05 HTTP/1.1" 200 413
58.39.109.113 - - [05/Mar/2024:10:13:01 +0800] "POST /xingrg/dwr/call/plaincall/AjaxCheckService.setItemNumber.dwr HTTP/1.1" 200 76
120.253.135.82 - - [05/Mar/2024:10:13:04 +0800] "GET /xingrg/kc/buy/cgsh_order_operate.html?command=get_materiel&rest_code=00101&code=00102002370&supplier_code=00100281&order_time=2024-03-05 HTTP/1.1" 200 427
180.169.147.146 - - [05/Mar/2024:10:13:04 +0800] "GET /xingrg/all/function/internal_message.html?_=1709604784789&CODE_STATE=getMsg HTTP/1.1" 200 27
116.232.194.112 - - [05/Mar/2024:10:13:05 +0800] "GET /xingrg/all/function/internal_message.html?_=1709604768214&CODE_STATE=getMsg HTTP/1.1" 200 27
120.253.135.82 - - [05/Mar/2024:10:13:06 +0800] "GET /xingrg/all/function/internal_message.html?_=1709604622963&CODE_STATE=getMsg HTTP/1.1" 200 27
101.83.145.37 - - [05/Mar/2024:10:13:06 +0800] "GET /xingrg/all/function/internal_message.html?_=1709604788136&CODE_STATE=getMsg HTTP/1.1" 200 27
180.169.147.146 - - [05/Mar/2024:10:13:07 +0800] "POST /xingrg/login.do HTTP/1.1" 200 2421
120.253.135.82 - - [05/Mar/2024:10:13:07 +0800] "GET /xingrg/all/function/internal_message.html?_=1709604957027&CODE_STATE=getMsg HTTP/1.1" 200 27
120.253.135.82 - - [05/Mar/2024:10:13:07 +0800] "GET /xingrg/check_reg.html?_=1709604957029 HTTP/1.1" 200 22
180.169.147.146 - - [05/Mar/2024:10:13:08 +0800] "GET /favicon.ico HTTP/1.1" 404 -
101.83.241.137 - - [05/Mar/2024:10:13:11 +0800] "GET /xingrg/all/function/internal_message.html?_=1709604790820&CODE_STATE=getMsg HTTP/1.1" 200 27
58.39.109.113 - - [05/Mar/2024:10:13:11 +0800] "POST /xingrg/dwr/call/plaincall/AjaxCheckService.setItemNumber.dwr HTTP/1.1" 200 76
180.169.147.146 - - [05/Mar/2024:10:13:12 +0800] "GET /xingrg/login.html HTTP/1.1" 200 7641
180.169.147.146 - - [05/Mar/2024:10:13:12 +0800] "GET /favicon.ico HTTP/1.1" 404 -
116.230.116.59 - - [05/Mar/2024:10:13:16 +0800] "GET /xingrg/all/function/internal_message.html?_=1709604801880&CODE_STATE=getMsg HTTP/1.1" 200 27
101.83.241.137 - - [05/Mar/2024:10:13:18 +0800] "POST /xingrg/kc/buy/cgsh_order_operate.html HTTP/1.1" 200 37
116.230.123.13 - - [05/Mar/2024:10:13:20 +0800] "GET /xingrg/all/function/internal_message.html?_=1709604800077&CODE_STATE=getMsg HTTP/1.1" 200 27
58.39.109.113 - - [05/Mar/2024:10:13:20 +0800] "POST /xingrg/dwr/call/plaincall/AjaxCheckService.setItemNumber.dwr HTTP/1.1" 200 76
180.169.147.146 - - [05/Mar/2024:10:13:21 +0800] "POST /xingrg/login.do HTTP/1.1" 302 -
180.169.147.146 - - [05/Mar/2024:10:13:21 +0800] "GET /xingrg/index.html?sysBaseUrl=http%3A%2F%2F180.169.147.146%3A18081%2Fxingrg%2F&costTime=2819×tamp=1709604801531 HTTP/1.1" 200 17503
116.224.254.208 - - [05/Mar/2024:10:13:21 +0800] "GET /xingrg/all/function/internal_message.html?_=1709604802032&CODE_STATE=getMsg HTTP/1.1" 200 27
180.169.147.146 - - [05/Mar/2024:10:13:22 +0800] "GET /favicon.ico HTTP/1.1" 404 -
180.169.147.146 - - [05/Mar/2024:10:13:23 +0800] "POST /xingrg/all/common/load_tree.html?tree=area_rest_tree_json&manage=1 HTTP/1.1" 200 3624
180.169.147.146 - - [05/Mar/2024:10:13:23 +0800] "GET /xingrg/all/function/internal_message.html?_=1709604801371&CODE_STATE=count HTTP/1.1" 200 11
180.169.147.146 - - [05/Mar/2024:10:13:23 +0800] "GET /xingrg/check_reg.html?_=1709604801415 HTTP/1.1" 200 22
180.169.147.146 - - [05/Mar/2024:10:13:24 +0800] "POST /xingrg/load_menu.html HTTP/1.1" 200 11443
180.169.147.146 - - [05/Mar/2024:10:13:25 +0800] "GET /xingrg/all/function/internal_message.html?_=1709604805728&CODE_STATE=getMsg HTTP/1.1" 200 27
101.228.147.14 - - [05/Mar/2024:10:13:27 +0800] "GET /xingrg/all/function/internal_message.html?_=1709604806992&CODE_STATE=getMsg HTTP/1.1" 200 27
116.232.194.112 - - [05/Mar/2024:10:13:27 +0800] "POST /xingrg/kc/buy/cgsh_order_operate.html HTTP/1.1" 200 37
58.39.109.113 - - [05/Mar/2024:10:13:28 +0800] "POST /xingrg/kc/base/check_list_operate.html HTTP/1.1" 200 1896
124.79.241.4 - - [05/Mar/2024:10:13:28 +0800] "GET /xingrg/all/function/internal_message.html?_=1709604823389&CODE_STATE=getMsg HTTP/1.1" 200 27
180.169.147.146 - - [05/Mar/2024:10:13:31 +0800] "POST /xingrg/all/user/operate.html HTTP/1.1" 200 36
180.169.147.146 - - [05/Mar/2024:10:13:31 +0800] "GET /xingrg/index.html?sysBaseUrl=http%3A%2F%2F180.169.147.146%3A18081%2Fxingrg%2F&costTime=2819×tamp=1709604801531 HTTP/1.1" 200 17509
180.169.147.146 - - [05/Mar/2024:10:13:32 +0800] "GET /xingrg/javascript/jquery_easy_ui/themes/default/easyui.css HTTP/1.1" 304 -
180.169.147.146 - - [05/Mar/2024:10:13:32 +0800] "GET /xingrg/javascript/jquery_easy_ui/themes/icon.css HTTP/1.1" 304 -
180.169.147.146 - - [05/Mar/2024:10:13:32 +0800] "GET /xingrg/css/form.css HTTP/1.1" 304 -
180.169.147.146 - - [05/Mar/2024:10:13:32 +0800] "GET /xingrg/javascript/jquery-1.4.2.min.js HTTP/1.1" 304 -
180.169.147.146 - - [05/Mar/2024:10:13:32 +0800] "GET /xingrg/javascript/jquery_easy_ui/jquery.easyui.min.js HTTP/1.1" 304 -
180.169.147.146 - - [05/Mar/2024:10:13:32 +0800] "GET /xingrg/javascript/jquery_easy_ui/easyui-lang-zh_CN.js HTTP/1.1" 304 -
180.169.147.146 - - [05/Mar/2024:10:13:32 +0800] "GET /xingrg/javascript/jquery.form.js HTTP/1.1" 304 -
180.169.147.146 - - [05/Mar/2024:10:13:32 +0800] "GET /xingrg/javascript/jquery.utils.js HTTP/1.1" 304 -
180.169.147.146 - - [05/Mar/2024:10:13:32 +0800] "GET /xingrg/javascript/jquery.timers.js HTTP/1.1" 304 -
180.169.147.146 - - [05/Mar/2024:10:13:32 +0800] "GET /xingrg/images/blue/jxLogo.png HTTP/1.1" 304 -
180.169.147.146 - - [05/Mar/2024:10:13:32 +0800] "GET /xingrg/images/blue/navBackgound.jpg HTTP/1.1" 304 -
180.169.147.146 - - [05/Mar/2024:10:13:32 +0800] "GET /xingrg/javascript/jquery_easy_ui/themes/icons/settle_new.png HTTP/1.1" 304 -
180.169.147.146 - - [05/Mar/2024:10:13:32 +0800] "GET /xingrg/all/function/internal_message.html?_=1709604810253&CODE_STATE=count HTTP/1.1" 200 11
180.169.147.146 - - [05/Mar/2024:10:13:32 +0800] "GET /xingrg/check_reg.html?_=1709604810254 HTTP/1.1" 200 22
180.169.147.146 - - [05/Mar/2024:10:13:32 +0800] "GET /xingrg/javascript/jquery_easy_ui/themes/default/images/tabs_leftarrow.png HTTP/1.1" 304 -
180.169.147.146 - - [05/Mar/2024:10:13:32 +0800] "GET /xingrg/javascript/jquery_easy_ui/themes/default/images/panel_tool_collapse.gif HTTP/1.1" 304 -
180.169.147.146 - - [05/Mar/2024:10:13:32 +0800] "GET /xingrg/javascript/jquery_easy_ui/themes/default/images/panel_tool_expand.gif HTTP/1.1" 304 -
180.169.147.146 - - [05/Mar/2024:10:13:32 +0800] "GET /xingrg/javascript/jquery_easy_ui/themes/default/images/tabs_rightarrow.png HTTP/1.1" 304 -
180.169.147.146 - - [05/Mar/2024:10:13:32 +0800] "GET /xingrg/images/blue/pingpu.png HTTP/1.1" 304 -
180.169.147.146 - - [05/Mar/2024:10:13:32 +0800] "POST /xingrg/all/common/load_tree.html?tree=area_rest_tree_json&manage=1 HTTP/1.1" 200 3624
180.169.147.146 - - [05/Mar/2024:10:13:32 +0800] "POST /xingrg/load_menu.html HTTP/1.1" 200 9959
116.230.116.59 - - [05/Mar/2024:10:13:33 +0800] "GET /xingrg/kc/buy/cgsh_order_operate.html?command=get_materiel&rest_code=00146&code=00101008360&supplier_code=00100005&order_time=2024-03-05 HTTP/1.1" 200 413
180.169.147.146 - - [05/Mar/2024:10:13:33 +0800] "GET /xingrg/kc/base/base_main.html HTTP/1.1" 200 12142
58.40.7.146 - - [05/Mar/2024:10:13:35 +0800] "GET /xingrg/all/function/internal_message.html?_=1709604815964&CODE_STATE=getMsg HTTP/1.1" 200 27
180.169.147.146 - - [05/Mar/2024:10:13:36 +0800] "GET /xingrg/kc/base/check_order_list.html HTTP/1.1" 200 16437
180.164.1.25 - - [05/Mar/2024:10:13:37 +0800] "GET /xingrg/all/function/internal_message.html?_=1709604817637&CODE_STATE=getMsg HTTP/1.1" 200 27
101.83.241.137 - - [05/Mar/2024:10:13:38 +0800] "POST /xingrg/kc/buy/cgsh_order_operate.html HTTP/1.1" 200 12
180.169.147.146 - - [05/Mar/2024:10:13:39 +0800] "POST /xingrg/kc/base/check_list_operate.html HTTP/1.1" 200 3930
101.83.241.137 - - [05/Mar/2024:10:13:42 +0800] "GET /xingrg/kc/buy/cgsh_order_info.html?code=212024030501198 HTTP/1.1" 200 68652
180.169.147.146 - - [05/Mar/2024:10:13:43 +0800] "GET /xingrg/kc/base/check_order_info.html?code=452024022900352 HTTP/1.1" 200 26444
101.83.241.137 - - [05/Mar/2024:10:13:43 +0800] "GET /xingrg/javascript/easyui/themes/default/validatebox.css HTTP/1.1" 404 1104
180.169.147.146 - - [05/Mar/2024:10:13:43 +0800] "GET /xingrg/dwr/interface/AjaxComOrderService.js HTTP/1.1" 200 18264
180.169.147.146 - - [05/Mar/2024:10:13:43 +0800] "GET /xingrg/dwr/interface/AjaxCheckService.js HTTP/1.1" 200 14003
180.169.147.146 - - [05/Mar/2024:10:13:43 +0800] "GET /xingrg/dwr/engine.js HTTP/1.1" 200 43631
180.169.147.146 - - [05/Mar/2024:10:13:44 +0800] "GET /xingrg/dwr/util.js HTTP/1.1" 304 -
120.253.135.82 - - [05/Mar/2024:10:13:45 +0800] "POST /xingrg/kc/buy/cgsh_order_operate.html HTTP/1.1" 200 37
101.83.241.137 - - [05/Mar/2024:10:13:45 +0800] "POST /xingrg/kc/buy/cgsh_order_operate.html HTTP/1.1" 200 1197
124.78.57.58 - - [05/Mar/2024:10:13:46 +0800] "GET /xingrg/all/function/internal_message.html?_=1709604826038&CODE_STATE=getMsg HTTP/1.1" 200 27
114.89.91.180 - - [05/Mar/2024:10:13:46 +0800] "GET /xingrg/all/function/internal_message.html?_=1709604826600&CODE_STATE=getMsg HTTP/1.1" 200 27
124.79.241.4 - - [05/Mar/2024:10:13:46 +0800] "GET /xingrg/all/function/internal_message.html?_=1709604823333&CODE_STATE=getMsg HTTP/1.1" 200 27
120.253.135.82 - - [05/Mar/2024:10:13:47 +0800] "POST /xingrg/kc/buy/cgsh_order_operate.html HTTP/1.1" 200 3878
101.83.241.137 - - [05/Mar/2024:10:13:51 +0800] "GET /xingrg/kc/print/load_data.html?order_code=212024030501198&kc_code=cgsh&condition= HTTP/1.1" 200 948
116.237.73.188 - - [05/Mar/2024:10:13:51 +0800] "GET /xingrg/all/function/internal_message.html?_=1709604833584&CODE_STATE=getMsg HTTP/1.1" 200 27
116.224.254.208 - - [05/Mar/2024:10:13:53 +0800] "GET /xingrg/all/function/internal_message.html?_=1709604832943&CODE_STATE=getMsg HTTP/1.1" 200 27
180.169.147.146 - - [05/Mar/2024:10:13:53 +0800] "POST /xingrg/dwr/call/plaincall/AjaxCheckService.loadOrderItems.dwr HTTP/1.1" 200 41638
116.230.116.59 - - [05/Mar/2024:10:13:54 +0800] "GET /xingrg/kc/buy/cgsh_order_operate.html?command=get_materiel&rest_code=00146&code=00101008196&supplier_code=00100005&order_time=2024-03-05 HTTP/1.1" 200 416
58.39.109.113 - - [05/Mar/2024:10:13:57 +0800] "GET /xingrg/all/function/internal_message.html?_=1709604837776&CODE_STATE=getMsg HTTP/1.1" 200 27
120.253.135.82 - - [05/Mar/2024:10:13:59 +0800] "POST /xingrg/kc/buy/cgsh_order_operate.html HTTP/1.1" 200 37
120.253.135.82 - - [05/Mar/2024:10:14:02 +0800] "POST /xingrg/kc/buy/cgsh_order_operate.html HTTP/1.1" 200 3878
120.253.135.82 - - [05/Mar/2024:10:14:04 +0800] "GET /xingrg/kc/print/load_data.html?order_code=212024030501190&kc_code=cgsh&condition= HTTP/1.1" 200 1154
180.169.147.146 - - [05/Mar/2024:10:14:04 +0800] "GET /xingrg/all/function/internal_message.html?_=1709604844794&CODE_STATE=getMsg HTTP/1.1" 200 27
120.253.135.82 - - [05/Mar/2024:10:14:06 +0800] "GET /xingrg/all/function/internal_message.html?_=1709604682976&CODE_STATE=getMsg HTTP/1.1" 200 27
101.83.145.37 - - [05/Mar/2024:10:14:06 +0800] "GET /xingrg/all/function/internal_message.html?_=1709604848118&CODE_STATE=getMsg HTTP/1.1" 200 27
120.253.135.82 - - [05/Mar/2024:10:14:07 +0800] "GET /xingrg/all/function/internal_message.html?_=1709605017031&CODE_STATE=getMsg HTTP/1.1" 200 27
101.83.241.137 - - [05/Mar/2024:10:14:10 +0800] "GET /xingrg/all/function/internal_message.html?_=1709604850798&CODE_STATE=getMsg HTTP/1.1" 200 27
116.230.116.59 - - [05/Mar/2024:10:14:13 +0800] "GET /xingrg/kc/buy/cgsh_order_operate.html?command=get_materiel&rest_code=00146&code=00101008136&supplier_code=00100005&order_time=2024-03-05 HTTP/1.1" 200 413
58.39.109.113 - - [05/Mar/2024:10:14:14 +0800] "POST /xingrg/kc/base/check_list_operate.html HTTP/1.1" 200 4
116.230.116.59 - - [05/Mar/2024:10:14:16 +0800] "GET /xingrg/all/function/internal_message.html?_=1709604861894&CODE_STATE=getMsg HTTP/1.1" 200 27
116.230.123.13 - - [05/Mar/2024:10:14:20 +0800] "GET /xingrg/all/function/internal_message.html?_=1709604860072&CODE_STATE=getMsg HTTP/1.1" 200 27
116.224.254.208 - - [05/Mar/2024:10:14:21 +0800] "GET /xingrg/check_reg.html?_=1709604862027 HTTP/1.1" 200 22
116.224.254.208 - - [05/Mar/2024:10:14:21 +0800] "GET /xingrg/all/function/internal_message.html?_=1709604862029&CODE_STATE=getMsg HTTP/1.1" 200 27
116.230.116.59 - - [05/Mar/2024:10:14:22 +0800] "POST /xingrg/kc/buy/cgsh_order_operate.html HTTP/1.1" 200 2065
180.169.147.146 - - [05/Mar/2024:10:14:25 +0800] "GET /xingrg/all/function/internal_message.html?_=1709604865744&CODE_STATE=getMsg HTTP/1.1" 200 27
101.228.147.14 - - [05/Mar/2024:10:14:27 +0800] "GET /xingrg/all/function/internal_message.html?_=1709604866994&CODE_STATE=getMsg HTTP/1.1" 200 27
124.79.241.4 - - [05/Mar/2024:10:14:28 +0800] "POST /xingrg/dwr/call/plaincall/AjaxCheckService.setItemNumber.dwr HTTP/1.1" 200 76
124.79.241.4 - - [05/Mar/2024:10:14:28 +0800] "GET /xingrg/all/function/internal_message.html?_=1709604883417&CODE_STATE=getMsg HTTP/1.1" 200 27
124.79.241.4 - - [05/Mar/2024:10:14:30 +0800] "POST /xingrg/dwr/call/plaincall/AjaxCheckService.setItemNumber.dwr HTTP/1.1" 200 76
180.169.147.146 - - [05/Mar/2024:10:14:32 +0800] "GET /xingrg/all/function/internal_message.html?_=1709604870264&CODE_STATE=getMsg HTTP/1.1" 200 27
58.40.7.146 - - [05/Mar/2024:10:14:35 +0800] "GET /xingrg/all/function/internal_message.html?_=1709604875949&CODE_STATE=getMsg HTTP/1.1" 200 27
180.164.1.25 - - [05/Mar/2024:10:14:37 +0800] "GET /xingrg/all/function/internal_message.html?_=1709604877643&CODE_STATE=getMsg HTTP/1.1" 200 27
124.79.241.4 - - [05/Mar/2024:10:14:37 +0800] "POST /xingrg/dwr/call/plaincall/AjaxCheckService.setItemNumber.dwr HTTP/1.1" 200 76
124.79.241.4 - - [05/Mar/2024:10:14:39 +0800] "POST /xingrg/dwr/call/plaincall/AjaxCheckService.setItemNumber.dwr HTTP/1.1" 200 76
124.79.241.4 - - [05/Mar/2024:10:14:40 +0800] "POST /xingrg/dwr/call/plaincall/AjaxCheckService.setItemNumber.dwr HTTP/1.1" 200 76
172.20.0.100 - - [05/Mar/2024:10:14:43 +0800] "GET /xingrg/index.html?sysBaseUrl=http%3A%2F%2F172.17.0.8%3A18081%2Fxingrg%2F&costTime=213×tamp=1585200360465 HTTP/1.1" 200 17452
172.20.0.100 - - [05/Mar/2024:10:14:44 +0800] "GET /xingrg/all/function/internal_message.html?_=1709604884483&CODE_STATE=count HTTP/1.1" 200 11
172.20.0.100 - - [05/Mar/2024:10:14:44 +0800] "GET /xingrg/check_reg.html?_=1709604884483 HTTP/1.1" 200 22
172.20.0.100 - - [05/Mar/2024:10:14:44 +0800] "GET /favicon.ico HTTP/1.1" 404 -
172.20.0.100 - - [05/Mar/2024:10:14:44 +0800] "POST /xingrg/all/common/load_tree.html?tree=area_rest_tree_json&manage=1 HTTP/1.1" 200 3624
172.20.0.100 - - [05/Mar/2024:10:14:45 +0800] "POST /xingrg/load_menu.html HTTP/1.1" 200 9924
124.79.241.4 - - [05/Mar/2024:10:14:45 +0800] "POST /xingrg/dwr/call/plaincall/AjaxCheckService.setItemNumber.dwr HTTP/1.1" 200 76
124.78.57.58 - - [05/Mar/2024:10:14:46 +0800] "GET /xingrg/all/function/internal_message.html?_=1709604886012&CODE_STATE=getMsg HTTP/1.1" 200 27
114.89.91.180 - - [05/Mar/2024:10:14:46 +0800] "GET /xingrg/all/function/internal_message.html?_=1709604886580&CODE_STATE=getMsg HTTP/1.1" 200 27
124.79.241.4 - - [05/Mar/2024:10:14:46 +0800] "GET /xingrg/check_reg.html?_=1709604883143 HTTP/1.1" 200 22
124.79.241.4 - - [05/Mar/2024:10:14:47 +0800] "GET /xingrg/all/function/internal_message.html?_=1709604883335&CODE_STATE=getMsg HTTP/1.1" 200 27
124.79.241.4 - - [05/Mar/2024:10:14:48 +0800] "POST /xingrg/dwr/call/plaincall/AjaxCheckService.setItemNumber.dwr HTTP/1.1" 200 76
172.20.0.100 - - [05/Mar/2024:10:14:49 +0800] "GET /xingrg/kc/base/check_order_list.html HTTP/1.1" 200 16414
124.79.241.4 - - [05/Mar/2024:10:14:49 +0800] "POST /xingrg/dwr/call/plaincall/AjaxCheckService.setItemNumber.dwr HTTP/1.1" 200 76
172.20.0.100 - - [05/Mar/2024:10:14:50 +0800] "POST /xingrg/kc/base/check_list_operate.html HTTP/1.1" 200 781
172.20.0.100 - - [05/Mar/2024:10:14:51 +0800] "GET /xingrg/kc/cost/cost_list.html HTTP/1.1" 200 6073
172.20.0.100 - - [05/Mar/2024:10:14:51 +0800] "GET /xingrg/dwr/interface/AjaxReportQueryService.js HTTP/1.1" 200 13203
172.20.0.100 - - [05/Mar/2024:10:14:51 +0800] "GET /xingrg/dwr/engine.js HTTP/1.1" 200 43631
172.20.0.100 - - [05/Mar/2024:10:14:51 +0800] "GET /xingrg/kc/cost/cost_operate.html?_=1709604891116&command=load_cost_list HTTP/1.1" 200 2598
116.237.73.188 - - [05/Mar/2024:10:14:51 +0800] "GET /xingrg/all/function/internal_message.html?_=1709604893586&CODE_STATE=getMsg HTTP/1.1" 200 27
172.20.0.100 - - [05/Mar/2024:10:14:52 +0800] "GET /xingrg/kc/cost/cost_page.html HTTP/1.1" 200 4078
172.20.0.100 - - [05/Mar/2024:10:14:52 +0800] "GET /xingrg/dwr/interface/AjaxReportQueryService.js HTTP/1.1" 200 13203
172.20.0.100 - - [05/Mar/2024:10:14:52 +0800] "GET /xingrg/dwr/engine.js HTTP/1.1" 200 43631
116.224.254.208 - - [05/Mar/2024:10:14:53 +0800] "GET /xingrg/all/function/internal_message.html?_=1709604892926&CODE_STATE=getMsg HTTP/1.1" 200 27
124.79.241.4 - - [05/Mar/2024:10:14:53 +0800] "POST /xingrg/dwr/call/plaincall/AjaxCheckService.setItemNumber.dwr HTTP/1.1" 200 76
124.79.241.4 - - [05/Mar/2024:10:14:54 +0800] "POST /xingrg/dwr/call/plaincall/AjaxCheckService.setItemNumber.dwr HTTP/1.1" 200 77
172.20.0.100 - - [05/Mar/2024:10:14:55 +0800] "POST /xingrg/kc/cost/cost_operate.html HTTP/1.1" 200 4
124.79.241.4 - - [05/Mar/2024:10:14:56 +0800] "POST /xingrg/dwr/call/plaincall/AjaxCheckService.setItemNumber.dwr HTTP/1.1" 200 77
172.20.0.100 - - [05/Mar/2024:10:14:56 +0800] "GET /xingrg/kc/cost/cost_page.html HTTP/1.1" 200 4348
172.20.0.100 - - [05/Mar/2024:10:14:56 +0800] "GET /xingrg/css/blue.css HTTP/1.1" 304 -
172.20.0.100 - - [05/Mar/2024:10:14:56 +0800] "GET /xingrg/javascript/jquery_easy_ui/themes/default/easyui.css HTTP/1.1" 304 -
172.20.0.100 - - [05/Mar/2024:10:14:56 +0800] "GET /xingrg/javascript/jquery_easy_ui/themes/icon.css HTTP/1.1" 304 -
172.20.0.100 - - [05/Mar/2024:10:14:56 +0800] "GET /xingrg/javascript/step/step.css HTTP/1.1" 304 -
172.20.0.100 - - [05/Mar/2024:10:14:56 +0800] "GET /xingrg/css/table.css HTTP/1.1" 304 -
172.20.0.100 - - [05/Mar/2024:10:14:56 +0800] "GET /xingrg/dwr/interface/AjaxReportQueryService.js HTTP/1.1" 200 13203
172.20.0.100 - - [05/Mar/2024:10:14:56 +0800] "GET /xingrg/dwr/engine.js HTTP/1.1" 200 43631
172.20.0.100 - - [05/Mar/2024:10:14:56 +0800] "GET /xingrg/dwr/util.js HTTP/1.1" 304 -
172.20.0.100 - - [05/Mar/2024:10:14:56 +0800] "GET /xingrg/javascript/jquery-1.4.2.min.js HTTP/1.1" 304 -
172.20.0.100 - - [05/Mar/2024:10:14:56 +0800] "GET /xingrg/javascript/jquery_easy_ui/jquery.easyui.min.js HTTP/1.1" 304 -
172.20.0.100 - - [05/Mar/2024:10:14:56 +0800] "GET /xingrg/javascript/jquery_easy_ui/easyui-lang-zh_CN.js HTTP/1.1" 304 -
172.20.0.100 - - [05/Mar/2024:10:14:56 +0800] "GET /xingrg/javascript/jquery.utils.js HTTP/1.1" 304 -
172.20.0.100 - - [05/Mar/2024:10:14:56 +0800] "GET /xingrg/images/control/ajaxLoader.gif HTTP/1.1" 304 -
124.79.241.4 - - [05/Mar/2024:10:14:57 +0800] "POST /xingrg/dwr/call/plaincall/AjaxCheckService.setItemNumber.dwr HTTP/1.1" 200 77
124.79.241.4 - - [05/Mar/2024:10:14:59 +0800] "POST /xingrg/dwr/call/plaincall/AjaxCheckService.setItemNumber.dwr HTTP/1.1" 200 77
116.230.116.59 - - [05/Mar/2024:10:15:00 +0800] "GET /xingrg/kc/buy/cgsh_order_operate.html?command=get_materiel&rest_code=00146&code=00101008069&supplier_code=00100005&order_time=2024-03-05 HTTP/1.1" 200 412
124.79.241.4 - - [05/Mar/2024:10:15:03 +0800] "POST /xingrg/dwr/call/plaincall/AjaxCheckService.setItemNumber.dwr HTTP/1.1" 200 77
120.253.135.82 - - [05/Mar/2024:10:15:03 +0800] "GET /xingrg/check_reg.html?_=1709604740082 HTTP/1.1" 200 22
180.169.147.146 - - [05/Mar/2024:10:15:04 +0800] "GET /xingrg/all/function/internal_message.html?_=1709604904794&CODE_STATE=getMsg HTTP/1.1" 200 27
120.253.135.82 - - [05/Mar/2024:10:15:06 +0800] "GET /xingrg/all/function/internal_message.html?_=1709604742989&CODE_STATE=getMsg HTTP/1.1" 200 27
101.83.145.37 - - [05/Mar/2024:10:15:06 +0800] "GET /xingrg/all/function/internal_message.html?_=1709604908099&CODE_STATE=getMsg HTTP/1.1" 200 27
120.253.135.82 - - [05/Mar/2024:10:15:07 +0800] "GET /xingrg/all/function/internal_message.html?_=1709605077033&CODE_STATE=getMsg HTTP/1.1" 200 27
116.230.123.13 - - [05/Mar/2024:10:15:08 +0800] "GET /xingrg/check_reg.html?_=1709604908322 HTTP/1.1" 200 22
101.83.241.137 - - [05/Mar/2024:10:15:10 +0800] "GET /xingrg/kc/buy/cgsh_order_add.html HTTP/1.1" 200 73743
101.83.241.137 - - [05/Mar/2024:10:15:10 +0800] "POST /xingrg/kc/buy/cgsh_order_operate.html HTTP/1.1" 200 8245
101.83.241.137 - - [05/Mar/2024:10:15:10 +0800] "GET /xingrg/javascript/easyui/themes/default/validatebox.css HTTP/1.1" 404 1104
58.39.109.113 - - [05/Mar/2024:10:15:10 +0800] "GET /xingrg/all/function/internal_message.html?_=1709604911598&CODE_STATE=getMsg HTTP/1.1" 200 27
58.39.109.113 - - [05/Mar/2024:10:15:10 +0800] "GET /xingrg/check_reg.html?_=1709604911596 HTTP/1.1" 200 22
58.39.109.113 - - [05/Mar/2024:10:15:10 +0800] "POST /xingrg/kc/base/check_list_operate.html HTTP/1.1" 200 781
101.83.241.137 - - [05/Mar/2024:10:15:10 +0800] "GET /xingrg/all/function/internal_message.html?_=1709604910782&CODE_STATE=getMsg HTTP/1.1" 200 27
101.83.241.137 - - [05/Mar/2024:10:15:10 +0800] "GET /xingrg/check_reg.html?_=1709604910802 HTTP/1.1" 200 22
116.230.116.59 - - [05/Mar/2024:10:15:15 +0800] "GET /xingrg/kc/buy/cgsh_order_operate.html?command=get_materiel&rest_code=00146&code=00101008286&supplier_code=00100005&order_time=2024-03-05 HTTP/1.1" 200 408
124.79.241.4 - - [05/Mar/2024:10:15:16 +0800] "POST /xingrg/dwr/call/plaincall/AjaxCheckService.setItemNumber.dwr HTTP/1.1" 200 77
124.79.241.4 - - [05/Mar/2024:10:15:16 +0800] "POST /xingrg/dwr/call/plaincall/AjaxCheckService.setItemNumber.dwr HTTP/1.1" 200 77
124.79.241.4 - - [05/Mar/2024:10:15:16 +0800] "POST /xingrg/dwr/call/plaincall/AjaxCheckService.setItemNumber.dwr HTTP/1.1" 200 77
116.230.116.59 - - [05/Mar/2024:10:15:16 +0800] "GET /xingrg/all/function/internal_message.html?_=1709604921909&CODE_STATE=getMsg HTTP/1.1" 200 27
124.79.241.4 - - [05/Mar/2024:10:15:16 +0800] "POST /xingrg/dwr/call/plaincall/AjaxCheckService.setItemNumber.dwr HTTP/1.1" 200 77
172.20.0.100 - - [05/Mar/2024:10:15:17 +0800] "POST /xingrg/kc/cost/cost_operate.html HTTP/1.1" 200 4
116.230.123.13 - - [05/Mar/2024:10:15:20 +0800] "GET /xingrg/all/function/internal_message.html?_=1709604920057&CODE_STATE=getMsg HTTP/1.1" 200 27
124.79.241.4 - - [05/Mar/2024:10:15:21 +0800] "POST /xingrg/dwr/call/plaincall/AjaxCheckService.setItemNumber.dwr HTTP/1.1" 200 77
116.224.254.208 - - [05/Mar/2024:10:15:22 +0800] "GET /xingrg/all/function/internal_message.html?_=1709604922037&CODE_STATE=getMsg HTTP/1.1" 200 27
124.79.241.4 - - [05/Mar/2024:10:15:23 +0800] "POST /xingrg/dwr/call/plaincall/AjaxCheckService.setItemNumber.dwr HTTP/1.1" 200 77
124.79.241.4 - - [05/Mar/2024:10:15:24 +0800] "POST /xingrg/dwr/call/plaincall/AjaxCheckService.setItemNumber.dwr HTTP/1.1" 200 77
120.253.135.82 - - [05/Mar/2024:10:15:25 +0800] "POST /xingrg/kc/buy/cgsh_order_operate.html HTTP/1.1" 200 37
180.169.147.146 - - [05/Mar/2024:10:15:25 +0800] "GET /xingrg/all/function/internal_message.html?_=1709604925741&CODE_STATE=getMsg HTTP/1.1" 200 27
124.79.241.4 - - [05/Mar/2024:10:15:26 +0800] "POST /xingrg/dwr/call/plaincall/AjaxCheckService.setItemNumber.dwr HTTP/1.1" 200 77
101.228.147.14 - - [05/Mar/2024:10:15:27 +0800] "GET /xingrg/check_reg.html?_=1709604926994 HTTP/1.1" 200 22
101.228.147.14 - - [05/Mar/2024:10:15:27 +0800] "GET /xingrg/all/function/internal_message.html?_=1709604926993&CODE_STATE=getMsg HTTP/1.1" 200 27
116.230.116.59 - - [05/Mar/2024:10:15:27 +0800] "GET /xingrg/kc/buy/cgsh_order_operate.html?command=get_materiel&rest_code=00146&code=00101008131&supplier_code=00100005&order_time=2024-03-05 HTTP/1.1" 200 408
124.79.241.4 - - [05/Mar/2024:10:15:28 +0800] "GET /xingrg/check_reg.html?_=1709604943422 HTTP/1.1" 200 22
124.79.241.4 - - [05/Mar/2024:10:15:28 +0800] "GET /xingrg/all/function/internal_message.html?_=1709604943421&CODE_STATE=getMsg HTTP/1.1" 200 27
124.79.241.4 - - [05/Mar/2024:10:15:29 +0800] "POST /xingrg/dwr/call/plaincall/AjaxCheckService.setItemNumber.dwr HTTP/1.1" 200 77
124.79.241.4 - - [05/Mar/2024:10:15:32 +0800] "POST /xingrg/dwr/call/plaincall/AjaxCheckService.setItemNumber.dwr HTTP/1.1" 200 77
180.169.147.146 - - [05/Mar/2024:10:15:32 +0800] "GET /xingrg/all/function/internal_message.html?_=1709604930263&CODE_STATE=getMsg HTTP/1.1" 200 27
124.79.241.4 - - [05/Mar/2024:10:15:34 +0800] "POST /xingrg/dwr/call/plaincall/AjaxCheckService.setItemNumber.dwr HTTP/1.1" 200 77
120.253.135.82 - - [05/Mar/2024:10:15:34 +0800] "POST /xingrg/kc/buy/cgsh_order_operate.html HTTP/1.1" 200 12
172.20.0.100 - - [05/Mar/2024:10:15:35 +0800] "GET /xingrg/kc/cost/cost_page.html HTTP/1.1" 200 4078
172.20.0.100 - - [05/Mar/2024:10:15:35 +0800] "GET /xingrg/css/blue.css HTTP/1.1" 304 -
172.20.0.100 - - [05/Mar/2024:10:15:35 +0800] "GET /xingrg/javascript/jquery_easy_ui/themes/default/easyui.css HTTP/1.1" 304 -
172.20.0.100 - - [05/Mar/2024:10:15:35 +0800] "GET /xingrg/javascript/jquery_easy_ui/themes/icon.css HTTP/1.1" 304 -
172.20.0.100 - - [05/Mar/2024:10:15:35 +0800] "GET /xingrg/javascript/step/step.css HTTP/1.1" 304 -
172.20.0.100 - - [05/Mar/2024:10:15:35 +0800] "GET /xingrg/css/table.css HTTP/1.1" 304 -
172.20.0.100 - - [05/Mar/2024:10:15:35 +0800] "GET /xingrg/dwr/interface/AjaxReportQueryService.js HTTP/1.1" 200 13203
172.20.0.100 - - [05/Mar/2024:10:15:35 +0800] "GET /xingrg/dwr/engine.js HTTP/1.1" 200 43631
172.20.0.100 - - [05/Mar/2024:10:15:35 +0800] "GET /xingrg/dwr/util.js HTTP/1.1" 304 -
172.20.0.100 - - [05/Mar/2024:10:15:35 +0800] "GET /xingrg/javascript/jquery-1.4.2.min.js HTTP/1.1" 304 -
172.20.0.100 - - [05/Mar/2024:10:15:35 +0800] "GET /xingrg/javascript/jquery_easy_ui/jquery.easyui.min.js HTTP/1.1" 304 -
58.40.7.146 - - [05/Mar/2024:10:15:35 +0800] "GET /xingrg/all/function/internal_message.html?_=1709604935920&CODE_STATE=getMsg HTTP/1.1" 200 27
172.20.0.100 - - [05/Mar/2024:10:15:35 +0800] "GET /xingrg/javascript/jquery_easy_ui/easyui-lang-zh_CN.js HTTP/1.1" 304 -
172.20.0.100 - - [05/Mar/2024:10:15:35 +0800] "GET /xingrg/javascript/jquery.utils.js HTTP/1.1" 304 -
172.20.0.100 - - [05/Mar/2024:10:15:36 +0800] "GET /xingrg/images/control/ajaxLoader.gif HTTP/1.1" 304 -
120.253.135.82 - - [05/Mar/2024:10:15:37 +0800] "GET /xingrg/kc/buy/cgsh_order_info.html?code=212024030501190 HTTP/1.1" 200 67630
180.164.1.25 - - [05/Mar/2024:10:15:37 +0800] "GET /xingrg/all/function/internal_message.html?_=1709604937638&CODE_STATE=getMsg HTTP/1.1" 200 27
124.79.241.4 - - [05/Mar/2024:10:15:37 +0800] "POST /xingrg/dwr/call/plaincall/AjaxCheckService.setItemNumber.dwr HTTP/1.1" 200 77
