116.232.194.112 - - [03/Mar/2024:11:11:46 +0800] "POST /xingrg/kc/buy/cgsh_order_operate.html HTTP/1.1" 200 37
124.78.67.200 - - [03/Mar/2024:11:11:46 +0800] "GET /xingrg/all/function/internal_message.html?_=1709435506844&CODE_STATE=getMsg HTTP/1.1" 200 27
124.78.158.238 - - [03/Mar/2024:11:11:47 +0800] "GET /xingrg/all/function/internal_message.html?_=1709435507860&CODE_STATE=getMsg HTTP/1.1" 200 27
120.253.135.82 - - [03/Mar/2024:11:11:48 +0800] "POST /xingrg/dwr/call/plaincall/AjaxCgthService.getMaterielByMap.dwr HTTP/1.1" 200 541
180.169.147.146 - - [03/Mar/2024:11:11:48 +0800] "GET /xingrg/kc/base/stock_detail.html?m=00101034146 HTTP/1.1" 200 7405
116.224.254.208 - - [03/Mar/2024:11:11:48 +0800] "GET /xingrg/kc/mdqp/pssh_order_list.html HTTP/1.1" 200 17849
124.78.158.238 - - [03/Mar/2024:11:11:49 +0800] "GET /xingrg/check_reg.html?_=1709435509257 HTTP/1.1" 200 22
124.78.158.238 - - [03/Mar/2024:11:11:49 +0800] "GET /xingrg/all/function/internal_message.html?_=1709435509304&CODE_STATE=getMsg HTTP/1.1" 200 27
114.89.91.180 - - [03/Mar/2024:11:11:49 +0800] "GET /xingrg/all/function/internal_message.html?_=1709435509279&CODE_STATE=getMsg HTTP/1.1" 200 27
116.224.254.208 - - [03/Mar/2024:11:11:49 +0800] "POST /xingrg/kc/mdqp/pssh_list_operate.html HTTP/1.1" 200 5383
124.78.158.238 - - [03/Mar/2024:11:11:49 +0800] "POST /xingrg/kc/buy/cgsh_order_operate.html HTTP/1.1" 200 37
124.78.67.200 - - [03/Mar/2024:11:11:49 +0800] "POST /xingrg/kc/buy/cgsh_order_operate.html HTTP/1.1" 200 39013
116.232.194.112 - - [03/Mar/2024:11:11:49 +0800] "POST /xingrg/kc/buy/cgsh_order_operate.html HTTP/1.1" 200 26346
101.83.145.37 - - [03/Mar/2024:11:11:51 +0800] "GET /xingrg/check_reg.html?_=1709435511436 HTTP/1.1" 200 22
101.83.145.37 - - [03/Mar/2024:11:11:51 +0800] "GET /xingrg/all/function/internal_message.html?_=1709435511441&CODE_STATE=getMsg HTTP/1.1" 200 27
116.230.112.23 - - [03/Mar/2024:11:11:51 +0800] "GET /xingrg/all/function/internal_message.html?_=1709435537604&CODE_STATE=getMsg HTTP/1.1" 200 27
180.169.147.146 - - [03/Mar/2024:11:11:53 +0800] "GET /xingrg/check_reg.html?_=1709435513043 HTTP/1.1" 200 22
180.169.147.146 - - [03/Mar/2024:11:11:53 +0800] "GET /xingrg/all/function/internal_message.html?_=1709435513046&CODE_STATE=getMsg HTTP/1.1" 200 27
124.78.67.200 - - [03/Mar/2024:11:11:53 +0800] "GET /xingrg/kc/print/load_data.html?order_code=212024030300676&kc_code=cgsh&condition= HTTP/1.1" 200 15207
180.169.147.146 - - [03/Mar/2024:11:11:53 +0800] "GET /xingrg/kc/base/stock_operate.html?_=1709435513556&command=get_report_file&start_day=20240101 HTTP/1.1" 200 53
180.169.147.146 - - [03/Mar/2024:11:11:53 +0800] "GET /xingrg/all/report/report_query.html?isQuery=1&onlyBody=1&rh=2000&fileName=kc/base/kc_stock_detail_new.xml&queryString=(1=1)&queryText=&tableQueryString=init_table$sp1$$sp$crk_table$sp1$order_day%20between%2020240101%20and%2020240331&varString=start_day:20240101,materiel_code:00101034146,cost_id:4812,end_date:20231231 HTTP/1.1" 200 48701
180.169.147.146 - - [03/Mar/2024:11:11:53 +0800] "GET /xingrg/dwr/interface/AjaxReportQueryService.js HTTP/1.1" 200 13203
180.169.147.146 - - [03/Mar/2024:11:11:53 +0800] "GET /xingrg/dwr/engine.js HTTP/1.1" 200 43631
120.253.135.82 - - [03/Mar/2024:11:11:54 +0800] "POST /xingrg/dwr/call/plaincall/AjaxComOrderService.getMaterielSearchList.dwr HTTP/1.1" 200 76
120.253.135.82 - - [03/Mar/2024:11:11:54 +0800] "POST /xingrg/dwr/call/plaincall/AjaxComOrderService.getMaterielSearchList.dwr HTTP/1.1" 200 76
180.169.147.146 - - [03/Mar/2024:11:11:55 +0800] "POST /xingrg/all/report/load_report_page.html HTTP/1.1" 200 29859
180.169.147.146 - - [03/Mar/2024:11:11:55 +0800] "GET /xingrg/servlets/image?cache=0.7616063413621494&image=px HTTP/1.1" 200 807
116.224.254.208 - - [03/Mar/2024:11:11:55 +0800] "POST /xingrg/all/user/operate.html HTTP/1.1" 200 36
116.224.254.208 - - [03/Mar/2024:11:11:55 +0800] "GET /xingrg/index.html?sysBaseUrl=http%3A%2F%2F180.169.147.146%3A18081%2Fxingrg%2F&costTime=912×tamp=1709434114313 HTTP/1.1" 200 17177
116.224.254.208 - - [03/Mar/2024:11:11:55 +0800] "GET /xingrg/javascript/jquery_easy_ui/themes/default/easyui.css HTTP/1.1" 304 -
116.224.254.208 - - [03/Mar/2024:11:11:55 +0800] "GET /xingrg/javascript/jquery_easy_ui/themes/icon.css HTTP/1.1" 304 -
116.224.254.208 - - [03/Mar/2024:11:11:55 +0800] "GET /xingrg/css/form.css HTTP/1.1" 304 -
116.224.254.208 - - [03/Mar/2024:11:11:55 +0800] "GET /xingrg/javascript/jquery-1.4.2.min.js HTTP/1.1" 304 -
116.224.254.208 - - [03/Mar/2024:11:11:55 +0800] "GET /xingrg/javascript/jquery_easy_ui/jquery.easyui.min.js HTTP/1.1" 304 -
116.224.254.208 - - [03/Mar/2024:11:11:55 +0800] "GET /xingrg/javascript/jquery_easy_ui/easyui-lang-zh_CN.js HTTP/1.1" 304 -
116.224.254.208 - - [03/Mar/2024:11:11:55 +0800] "GET /xingrg/javascript/jquery.form.js HTTP/1.1" 304 -
116.224.254.208 - - [03/Mar/2024:11:11:55 +0800] "GET /xingrg/javascript/jquery.utils.js HTTP/1.1" 304 -
116.224.254.208 - - [03/Mar/2024:11:11:55 +0800] "GET /xingrg/javascript/jquery.timers.js HTTP/1.1" 304 -
116.224.254.208 - - [03/Mar/2024:11:11:55 +0800] "GET /xingrg/images/blue/jxLogo.png HTTP/1.1" 304 -
116.224.254.208 - - [03/Mar/2024:11:11:55 +0800] "GET /xingrg/images/blue/navBackgound.jpg HTTP/1.1" 304 -
116.224.254.208 - - [03/Mar/2024:11:11:55 +0800] "GET /xingrg/javascript/jquery_easy_ui/themes/icons/settle_new.png HTTP/1.1" 304 -
116.224.254.208 - - [03/Mar/2024:11:11:55 +0800] "GET /xingrg/all/function/internal_message.html?_=1709435515849&CODE_STATE=count HTTP/1.1" 200 11
116.224.254.208 - - [03/Mar/2024:11:11:55 +0800] "GET /xingrg/javascript/jquery_easy_ui/themes/default/images/tabs_rightarrow.png HTTP/1.1" 304 -
116.224.254.208 - - [03/Mar/2024:11:11:55 +0800] "GET /xingrg/javascript/jquery_easy_ui/themes/default/images/tabs_leftarrow.png HTTP/1.1" 304 -
116.224.254.208 - - [03/Mar/2024:11:11:56 +0800] "POST /xingrg/all/common/load_tree.html?tree=area_rest_tree_json&manage=1 HTTP/1.1" 200 476
116.224.254.208 - - [03/Mar/2024:11:11:56 +0800] "GET /xingrg/javascript/jquery_easy_ui/themes/default/images/panel_tool_collapse.gif HTTP/1.1" 304 -
116.224.254.208 - - [03/Mar/2024:11:11:56 +0800] "GET /xingrg/images/blue/pingpu.png HTTP/1.1" 304 -
116.224.254.208 - - [03/Mar/2024:11:11:56 +0800] "GET /xingrg/check_reg.html?_=1709435515850 HTTP/1.1" 200 22
180.164.1.25 - - [03/Mar/2024:11:11:56 +0800] "GET /xingrg/all/function/internal_message.html?_=1709435514682&CODE_STATE=getMsg HTTP/1.1" 200 27
116.230.123.13 - - [03/Mar/2024:11:11:56 +0800] "GET /xingrg/login.html HTTP/1.1" 200 7641
120.253.135.82 - - [03/Mar/2024:11:11:56 +0800] "POST /xingrg/dwr/call/plaincall/AjaxComOrderService.getMaterielSearchList.dwr HTTP/1.1" 200 20105
116.224.254.208 - - [03/Mar/2024:11:11:56 +0800] "POST /xingrg/load_menu.html HTTP/1.1" 200 5138
116.230.123.13 - - [03/Mar/2024:11:11:56 +0800] "GET /favicon.ico HTTP/1.1" 404 -
120.253.135.82 - - [03/Mar/2024:11:11:57 +0800] "POST /xingrg/dwr/call/plaincall/AjaxComOrderService.getMaterielSearchList.dwr HTTP/1.1" 200 808
180.169.147.146 - - [03/Mar/2024:11:11:58 +0800] "GET /xingrg/kc/guide/show_order.html?code=212024013113691&type=21 HTTP/1.1" 302 -
116.224.254.208 - - [03/Mar/2024:11:11:58 +0800] "GET /xingrg/kc/buy/cgsh_order_list.html HTTP/1.1" 200 57801
124.78.158.238 - - [03/Mar/2024:11:11:59 +0800] "POST /xingrg/kc/buy/cgsh_order_operate.html HTTP/1.1" 200 12
180.169.147.146 - - [03/Mar/2024:11:12:00 +0800] "GET /xingrg/kc/buy/cgsh_order_info.html?code=212024013113691&sysBaseUrl=http%3A%2F%2F180.169.147.146%3A18081%2Fxingrg%2F&costTime=1×tamp=1709435518288 HTTP/1.1" 200 68819
180.169.147.146 - - [03/Mar/2024:11:12:00 +0800] "GET /favicon.ico HTTP/1.1" 404 -
180.169.147.146 - - [03/Mar/2024:11:12:00 +0800] "GET /xingrg/javascript/easyui/themes/default/validatebox.css HTTP/1.1" 404 1104
116.224.254.208 - - [03/Mar/2024:11:12:01 +0800] "POST /xingrg/kc/buy/cgsh_list_operate.html HTTP/1.1" 200 986
124.78.158.238 - - [03/Mar/2024:11:12:01 +0800] "GET /xingrg/kc/buy/cgsh_order_info.html?code=212024030300677 HTTP/1.1" 200 68467
180.169.147.146 - - [03/Mar/2024:11:12:02 +0800] "POST /xingrg/kc/buy/cgsh_order_operate.html HTTP/1.1" 200 1213
124.78.158.238 - - [03/Mar/2024:11:12:02 +0800] "GET /xingrg/javascript/easyui/themes/default/validatebox.css HTTP/1.1" 404 1104
120.253.135.82 - - [03/Mar/2024:11:12:02 +0800] "POST /xingrg/dwr/call/plaincall/AjaxCgthService.getMaterielByMap.dwr HTTP/1.1" 200 1760
124.78.158.238 - - [03/Mar/2024:11:12:03 +0800] "POST /xingrg/kc/buy/cgsh_order_operate.html HTTP/1.1" 200 610
116.224.254.208 - - [03/Mar/2024:11:12:03 +0800] "GET /xingrg/kc/buy/cgsh_order_add.html HTTP/1.1" 200 73170
116.224.254.208 - - [03/Mar/2024:11:12:04 +0800] "POST /xingrg/kc/buy/cgsh_order_operate.html HTTP/1.1" 200 8245
116.224.254.208 - - [03/Mar/2024:11:12:04 +0800] "GET /xingrg/javascript/easyui/themes/default/validatebox.css HTTP/1.1" 404 1104
116.224.254.208 - - [03/Mar/2024:11:12:04 +0800] "GET /xingrg/all/common/auto_word.html?type=employee&rest_code=00151 HTTP/1.1" 200 293
116.224.254.208 - - [03/Mar/2024:11:12:04 +0800] "GET /xingrg/all/common/auto_word.html?type=employee&rest_code=00151 HTTP/1.1" 200 293
116.232.194.112 - - [03/Mar/2024:11:12:05 +0800] "POST /xingrg/kc/buy/cgsh_order_operate.html HTTP/1.1" 200 37
116.230.123.13 - - [03/Mar/2024:11:12:05 +0800] "POST /xingrg/login.do HTTP/1.1" 302 -
116.230.123.13 - - [03/Mar/2024:11:12:05 +0800] "GET /xingrg/index.html?sysBaseUrl=http%3A%2F%2F180.169.147.146%3A18081%2Fxingrg%2F&costTime=875×tamp=1709435525591 HTTP/1.1" 200 17419
116.230.123.13 - - [03/Mar/2024:11:12:05 +0800] "GET /favicon.ico HTTP/1.1" 404 -
116.230.123.13 - - [03/Mar/2024:11:12:06 +0800] "GET /xingrg/check_reg.html?_=1709435527035 HTTP/1.1" 200 22
116.230.123.13 - - [03/Mar/2024:11:12:06 +0800] "GET /xingrg/all/function/internal_message.html?_=1709435527034&CODE_STATE=count HTTP/1.1" 200 11
116.230.123.13 - - [03/Mar/2024:11:12:06 +0800] "POST /xingrg/all/common/load_tree.html?tree=area_rest_tree_json&manage=1 HTTP/1.1" 200 470
124.78.158.238 - - [03/Mar/2024:11:12:06 +0800] "GET /xingrg/kc/print/load_data.html?order_code=212024030300677&kc_code=cgsh&condition= HTTP/1.1" 200 684
116.230.123.13 - - [03/Mar/2024:11:12:06 +0800] "POST /xingrg/load_menu.html HTTP/1.1" 200 9959
116.224.254.208 - - [03/Mar/2024:11:12:06 +0800] "GET /xingrg/javascript/auto/indicator.gif HTTP/1.1" 404 1066
124.79.245.19 - - [03/Mar/2024:11:12:06 +0800] "GET /xingrg/all/function/internal_message.html?_=1709435525572&CODE_STATE=getMsg HTTP/1.1" 200 27
116.238.97.31 - - [03/Mar/2024:11:12:06 +0800] "POST /xingrg/services/DataTransmitService HTTP/1.1" 200 524
222.69.134.231 - - [03/Mar/2024:11:12:06 +0800] "GET /xingrg/all/function/internal_message.html?_=1709435527352&CODE_STATE=getMsg HTTP/1.1" 200 27
124.78.67.200 - - [03/Mar/2024:11:12:07 +0800] "GET /xingrg/check_reg.html?_=1709435527326 HTTP/1.1" 200 22
116.238.97.31 - - [03/Mar/2024:11:12:07 +0800] "POST /xingrg/services/DataTransmitService HTTP/1.1" 200 2395
120.253.135.82 - - [03/Mar/2024:11:12:08 +0800] "POST /xingrg/dwr/call/plaincall/AjaxCgthService.saveMaterielItem.dwr HTTP/1.1" 200 78
116.230.123.13 - - [03/Mar/2024:11:12:08 +0800] "POST /xingrg/all/user/operate.html HTTP/1.1" 200 36
116.230.123.13 - - [03/Mar/2024:11:12:09 +0800] "GET /xingrg/index.html?sysBaseUrl=http%3A%2F%2F180.169.147.146%3A18081%2Fxingrg%2F&costTime=875×tamp=1709435525591 HTTP/1.1" 200 17413
116.230.123.13 - - [03/Mar/2024:11:12:09 +0800] "GET /xingrg/javascript/jquery_easy_ui/themes/default/easyui.css HTTP/1.1" 304 -
116.230.123.13 - - [03/Mar/2024:11:12:09 +0800] "GET /xingrg/javascript/jquery_easy_ui/themes/icon.css HTTP/1.1" 304 -
116.230.123.13 - - [03/Mar/2024:11:12:09 +0800] "GET /xingrg/css/form.css HTTP/1.1" 304 -
116.230.123.13 - - [03/Mar/2024:11:12:09 +0800] "GET /xingrg/javascript/jquery-1.4.2.min.js HTTP/1.1" 304 -
116.230.123.13 - - [03/Mar/2024:11:12:09 +0800] "GET /xingrg/javascript/jquery_easy_ui/jquery.easyui.min.js HTTP/1.1" 304 -
116.230.123.13 - - [03/Mar/2024:11:12:09 +0800] "GET /xingrg/javascript/jquery_easy_ui/easyui-lang-zh_CN.js HTTP/1.1" 304 -
116.230.123.13 - - [03/Mar/2024:11:12:09 +0800] "GET /xingrg/javascript/jquery.form.js HTTP/1.1" 304 -
116.230.123.13 - - [03/Mar/2024:11:12:09 +0800] "GET /xingrg/javascript/jquery.timers.js HTTP/1.1" 304 -
116.230.123.13 - - [03/Mar/2024:11:12:09 +0800] "GET /xingrg/javascript/jquery.utils.js HTTP/1.1" 304 -
116.230.123.13 - - [03/Mar/2024:11:12:09 +0800] "GET /xingrg/images/blue/jxLogo.png HTTP/1.1" 304 -
116.230.123.13 - - [03/Mar/2024:11:12:09 +0800] "GET /xingrg/images/blue/navBackgound.jpg HTTP/1.1" 304 -
116.230.123.13 - - [03/Mar/2024:11:12:09 +0800] "GET /xingrg/javascript/jquery_easy_ui/themes/icons/settle_new.png HTTP/1.1" 304 -
116.238.97.31 - - [03/Mar/2024:11:12:09 +0800] "POST /xingrg/services/DataTransmitService HTTP/1.1" 200 179404
116.230.123.13 - - [03/Mar/2024:11:12:09 +0800] "GET /xingrg/all/function/internal_message.html?_=1709435530175&CODE_STATE=count HTTP/1.1" 200 11
116.230.123.13 - - [03/Mar/2024:11:12:09 +0800] "GET /xingrg/check_reg.html?_=1709435530191 HTTP/1.1" 200 22
116.230.123.13 - - [03/Mar/2024:11:12:09 +0800] "GET /xingrg/javascript/jquery_easy_ui/themes/default/images/tabs_leftarrow.png HTTP/1.1" 304 -
116.232.194.112 - - [03/Mar/2024:11:12:09 +0800] "POST /xingrg/kc/buy/cgsh_order_operate.html HTTP/1.1" 200 26346
116.230.123.13 - - [03/Mar/2024:11:12:09 +0800] "GET /xingrg/javascript/jquery_easy_ui/themes/default/images/panel_tool_expand.gif HTTP/1.1" 304 -
116.230.123.13 - - [03/Mar/2024:11:12:09 +0800] "GET /xingrg/javascript/jquery_easy_ui/themes/default/images/panel_tool_collapse.gif HTTP/1.1" 304 -
116.230.123.13 - - [03/Mar/2024:11:12:09 +0800] "POST /xingrg/all/common/load_tree.html?tree=area_rest_tree_json&manage=1 HTTP/1.1" 200 470
116.230.123.13 - - [03/Mar/2024:11:12:09 +0800] "GET /xingrg/javascript/jquery_easy_ui/themes/default/images/tabs_rightarrow.png HTTP/1.1" 304 -
116.230.123.13 - - [03/Mar/2024:11:12:09 +0800] "GET /xingrg/images/blue/pingpu.png HTTP/1.1" 304 -
120.253.135.82 - - [03/Mar/2024:11:12:09 +0800] "GET /xingrg/images/yd/bt2.gif HTTP/1.1" 404 1042
116.230.123.13 - - [03/Mar/2024:11:12:09 +0800] "POST /xingrg/load_menu.html HTTP/1.1" 200 9959
124.78.158.238 - - [03/Mar/2024:11:12:10 +0800] "GET /xingrg/all/function/internal_message.html?_=1709435530947&CODE_STATE=getMsg HTTP/1.1" 200 27
180.169.147.146 - - [03/Mar/2024:11:12:11 +0800] "GET /xingrg/all/function/internal_message.html?_=1709435531264&CODE_STATE=getMsg HTTP/1.1" 200 27
124.78.158.238 - - [03/Mar/2024:11:12:12 +0800] "GET /xingrg/kc/buy/cgsh_order_add.html HTTP/1.1" 200 73566
124.78.158.238 - - [03/Mar/2024:11:12:12 +0800] "POST /xingrg/kc/buy/cgsh_order_operate.html HTTP/1.1" 200 8245
124.78.158.238 - - [03/Mar/2024:11:12:12 +0800] "GET /xingrg/javascript/easyui/themes/default/validatebox.css HTTP/1.1" 404 1104
116.224.254.208 - - [03/Mar/2024:11:12:12 +0800] "GET /xingrg/kc/buy/cgsh_order_operate.html?command=get_materiel&rest_code=00151&code=00101010079&supplier_code=00100336&order_time=2024-03-03 HTTP/1.1" 200 413
124.78.158.238 - - [03/Mar/2024:11:12:13 +0800] "GET /xingrg/javascript/easyui/themes/default/tree.css HTTP/1.1" 404 1090
124.78.158.238 - - [03/Mar/2024:11:12:14 +0800] "POST /xingrg/all/common/load_tree.html?tree=supplier_tree_json&isDelete=1 HTTP/1.1" 200 78681
218.81.65.124 - - [03/Mar/2024:11:12:17 +0800] "GET /xingrg/index.html?sysBaseUrl=http%3A%2F%2F180.169.147.146%3A18081%2Fxingrg%2F&costTime=44×tamp=1622098168715 HTTP/1.1" 302 -
218.81.65.124 - - [03/Mar/2024:11:12:17 +0800] "GET /xingrg/login.html HTTP/1.1" 200 7641
218.81.65.124 - - [03/Mar/2024:11:12:17 +0800] "GET /favicon.ico HTTP/1.1" 404 -
218.81.65.124 - - [03/Mar/2024:11:12:18 +0800] "GET /xingrg/all/function/internal_message.html?_=1709435538406&CODE_STATE=getMsg HTTP/1.1" 200 27
180.169.147.146 - - [03/Mar/2024:11:12:19 +0800] "GET /xingrg/javascript/easyui/themes/sunny/images/ui-bg_gloss-wave_60_fece2f_500x100.png HTTP/1.1" 200 3512
120.253.135.82 - - [03/Mar/2024:11:12:21 +0800] "GET /xingrg/kc/print/load_config.html?_=1709435377388&kc_code=cgth HTTP/1.1" 200 2458
114.83.217.226 - - [03/Mar/2024:11:12:21 +0800] "GET /xingrg/all/function/internal_message.html?_=1709435541897&CODE_STATE=getMsg HTTP/1.1" 200 27
120.253.135.82 - - [03/Mar/2024:11:12:22 +0800] "GET /xingrg/kc/print/load_data.html?_=1709435377596&order_code=232024030300010&kc_code=cgth&condition= HTTP/1.1" 200 566
116.224.254.208 - - [03/Mar/2024:11:12:22 +0800] "POST /xingrg/kc/buy/cgsh_order_operate.html HTTP/1.1" 200 37
180.169.147.146 - - [03/Mar/2024:11:12:23 +0800] "POST /xingrg/kc/base/stock_operate.html HTTP/1.1" 200 1712
218.81.65.124 - - [03/Mar/2024:11:12:24 +0800] "POST /xingrg/login.do HTTP/1.1" 302 -
218.81.65.124 - - [03/Mar/2024:11:12:24 +0800] "POST /xingrg/login.do HTTP/1.1" 302 -
218.81.65.124 - - [03/Mar/2024:11:12:24 +0800] "GET /xingrg/index.html?sysBaseUrl=http%3A%2F%2F180.169.147.146%3A18081%2Fxingrg%2F&costTime=1407×tamp=1709435544679 HTTP/1.1" 200 17179
218.81.65.124 - - [03/Mar/2024:11:12:24 +0800] "GET /favicon.ico HTTP/1.1" 404 -
218.81.65.124 - - [03/Mar/2024:11:12:24 +0800] "GET /xingrg/all/function/internal_message.html?_=1709435545014&CODE_STATE=count HTTP/1.1" 200 11
218.81.65.124 - - [03/Mar/2024:11:12:25 +0800] "GET /xingrg/check_reg.html?_=1709435545015 HTTP/1.1" 200 22
218.81.65.124 - - [03/Mar/2024:11:12:25 +0800] "POST /xingrg/all/common/load_tree.html?tree=area_rest_tree_json&manage=1 HTTP/1.1" 200 351
218.81.65.124 - - [03/Mar/2024:11:12:25 +0800] "POST /xingrg/load_menu.html HTTP/1.1" 200 5138
116.238.97.31 - - [03/Mar/2024:11:12:25 +0800] "GET /xingrg/all/function/internal_message.html?_=1709435545598&CODE_STATE=getMsg HTTP/1.1" 200 27
114.83.217.226 - - [03/Mar/2024:11:12:25 +0800] "POST /xingrg/services/DataTransmitService HTTP/1.1" 200 524
114.83.217.226 - - [03/Mar/2024:11:12:26 +0800] "POST /xingrg/services/DataTransmitService HTTP/1.1" 200 2063
180.169.147.146 - - [03/Mar/2024:11:12:27 +0800] "GET /xingrg/kc/base/stock_detail.html?m=00101034150 HTTP/1.1" 200 7409
101.83.145.37 - - [03/Mar/2024:11:12:28 +0800] "GET /xingrg/javascript/jquery_easy_ui/themes/default/images/tabs_active.png HTTP/1.1" 304 -
114.83.217.226 - - [03/Mar/2024:11:12:28 +0800] "POST /xingrg/services/DataTransmitService HTTP/1.1" 200 151283
124.78.158.238 - - [03/Mar/2024:11:12:29 +0800] "GET /xingrg/kc/buy/cgsh_order_operate.html?command=get_materiel&rest_code=00106&code=00101004051&supplier_code=00100312&order_time=2024-03-03 HTTP/1.1" 200 408
116.232.194.112 - - [03/Mar/2024:11:12:29 +0800] "GET /xingrg/kc/buy/cgsh_order_add.html HTTP/1.1" 200 73660
116.232.194.112 - - [03/Mar/2024:11:12:30 +0800] "POST /xingrg/kc/buy/cgsh_order_operate.html HTTP/1.1" 200 8245
116.232.194.112 - - [03/Mar/2024:11:12:30 +0800] "GET /xingrg/javascript/easyui/themes/default/validatebox.css HTTP/1.1" 404 1104
120.253.135.82 - - [03/Mar/2024:11:12:30 +0800] "GET /xingrg/check_reg.html?_=1709435386608 HTTP/1.1" 200 22
116.224.254.208 - - [03/Mar/2024:11:12:31 +0800] "POST /xingrg/kc/buy/cgsh_order_operate.html HTTP/1.1" 200 12
116.224.254.208 - - [03/Mar/2024:11:12:33 +0800] "GET /xingrg/kc/buy/cgsh_order_info.html?code=212024030300678 HTTP/1.1" 200 68079
116.224.254.208 - - [03/Mar/2024:11:12:33 +0800] "GET /xingrg/javascript/easyui/themes/default/validatebox.css HTTP/1.1" 404 1104
116.224.254.208 - - [03/Mar/2024:11:12:34 +0800] "POST /xingrg/kc/buy/cgsh_order_operate.html HTTP/1.1" 200 617
116.238.97.31 - - [03/Mar/2024:11:12:34 +0800] "GET /xingrg/all/function/internal_message.html?_=1709435555739&CODE_STATE=getMsg HTTP/1.1" 200 27
218.81.65.124 - - [03/Mar/2024:11:12:35 +0800] "GET /xingrg/kc/base/wldb_order_list.html HTTP/1.1" 200 19019
116.224.254.208 - - [03/Mar/2024:11:12:35 +0800] "GET /xingrg/kc/print/load_data.html?order_code=212024030300678&kc_code=cgsh&condition= HTTP/1.1" 200 715
218.81.65.124 - - [03/Mar/2024:11:12:36 +0800] "POST /xingrg/kc/base/wldb_list_operate.html HTTP/1.1" 200 928
180.169.147.146 - - [03/Mar/2024:11:12:38 +0800] "GET /xingrg/all/function/internal_message.html?_=1709435558610&CODE_STATE=getMsg HTTP/1.1" 200 27
101.83.145.37 - - [03/Mar/2024:11:12:39 +0800] "GET /xingrg/kc/base/check_order_info.html?code=452024030300045 HTTP/1.1" 200 22864
101.83.145.37 - - [03/Mar/2024:11:12:39 +0800] "GET /xingrg/dwr/interface/AjaxComOrderService.js HTTP/1.1" 200 18264
101.83.145.37 - - [03/Mar/2024:11:12:39 +0800] "GET /xingrg/dwr/interface/AjaxCheckService.js HTTP/1.1" 200 14003
101.83.145.37 - - [03/Mar/2024:11:12:39 +0800] "GET /xingrg/dwr/engine.js HTTP/1.1" 200 43631
101.83.145.37 - - [03/Mar/2024:11:12:39 +0800] "POST /xingrg/dwr/call/plaincall/AjaxCheckService.loadOrderItems.dwr HTTP/1.1" 200 2528
101.83.145.37 - - [03/Mar/2024:11:12:41 +0800] "GET /xingrg/all/function/internal_message.html?_=1709435324941&CODE_STATE=getMsg HTTP/1.1" 200 27
116.224.254.208 - - [03/Mar/2024:11:12:42 +0800] "GET /xingrg/kc/buy/cgsh_order_add.html HTTP/1.1" 200 73170
180.169.147.146 - - [03/Mar/2024:11:12:42 +0800] "GET /xingrg/kc/base/stock_operate.html?_=1709435562309&command=get_report_file&start_day=20231201 HTTP/1.1" 200 53
116.224.254.208 - - [03/Mar/2024:11:12:42 +0800] "POST /xingrg/kc/buy/cgsh_order_operate.html HTTP/1.1" 200 8245
180.169.147.146 - - [03/Mar/2024:11:12:42 +0800] "GET /xingrg/all/report/report_query.html?isQuery=1&onlyBody=1&rh=2000&fileName=kc/base/kc_stock_detail_new.xml&queryString=(1=1)&queryText=&tableQueryString=init_table$sp1$$sp$crk_table$sp1$order_day%20between%2020231201%20and%2020240331&varString=start_day:20231201,materiel_code:00101034150,cost_id:4738,end_date:20231130 HTTP/1.1" 200 48701
116.224.254.208 - - [03/Mar/2024:11:12:42 +0800] "GET /xingrg/javascript/easyui/themes/default/validatebox.css HTTP/1.1" 404 1104
180.169.147.146 - - [03/Mar/2024:11:12:42 +0800] "GET /xingrg/dwr/interface/AjaxReportQueryService.js HTTP/1.1" 200 13203
180.169.147.146 - - [03/Mar/2024:11:12:42 +0800] "GET /xingrg/dwr/engine.js HTTP/1.1" 200 43631
218.81.65.124 - - [03/Mar/2024:11:12:42 +0800] "GET /xingrg/kc/base/wldb_order_list.html HTTP/1.1" 200 19019
218.81.65.124 - - [03/Mar/2024:11:12:43 +0800] "POST /xingrg/kc/base/wldb_list_operate.html HTTP/1.1" 200 928
180.169.147.146 - - [03/Mar/2024:11:12:43 +0800] "POST /xingrg/all/report/load_report_page.html HTTP/1.1" 200 89
116.232.194.112 - - [03/Mar/2024:11:12:45 +0800] "GET /xingrg/all/function/internal_message.html?_=1709435549684&CODE_STATE=getMsg HTTP/1.1" 200 27
101.228.147.14 - - [03/Mar/2024:11:12:46 +0800] "GET /xingrg/all/function/internal_message.html?_=1709435566740&CODE_STATE=getMsg HTTP/1.1" 200 27
124.78.67.200 - - [03/Mar/2024:11:12:46 +0800] "GET /xingrg/all/function/internal_message.html?_=1709435566825&CODE_STATE=getMsg HTTP/1.1" 200 27
124.78.158.238 - - [03/Mar/2024:11:12:47 +0800] "GET /xingrg/all/function/internal_message.html?_=1709435567860&CODE_STATE=getMsg HTTP/1.1" 200 27
120.253.135.82 - - [03/Mar/2024:11:12:48 +0800] "POST /xingrg/dwr/call/plaincall/AjaxCgthService.saveOrder.dwr HTTP/1.1" 200 79
180.169.147.146 - - [03/Mar/2024:11:12:48 +0800] "GET /xingrg/kc/base/stock_operate.html?_=1709435568537&command=get_report_file&start_day=20231001 HTTP/1.1" 200 53
180.169.147.146 - - [03/Mar/2024:11:12:48 +0800] "GET /xingrg/all/report/report_query.html?isQuery=1&onlyBody=1&rh=2000&fileName=kc/base/kc_stock_detail_new.xml&queryString=(1=1)&queryText=&tableQueryString=init_table$sp1$$sp$crk_table$sp1$order_day%20between%2020231001%20and%2020240331&varString=start_day:20231001,materiel_code:00101034150,cost_id:4618,end_date:20230930 HTTP/1.1" 200 48701
180.169.147.146 - - [03/Mar/2024:11:12:48 +0800] "GET /xingrg/dwr/interface/AjaxReportQueryService.js HTTP/1.1" 200 13203
180.169.147.146 - - [03/Mar/2024:11:12:48 +0800] "GET /xingrg/dwr/engine.js HTTP/1.1" 200 43631
124.78.158.238 - - [03/Mar/2024:11:12:49 +0800] "GET /xingrg/all/function/internal_message.html?_=1709435569289&CODE_STATE=getMsg HTTP/1.1" 200 27
114.89.91.180 - - [03/Mar/2024:11:12:49 +0800] "GET /xingrg/all/function/internal_message.html?_=1709435569268&CODE_STATE=getMsg HTTP/1.1" 200 27
180.169.147.146 - - [03/Mar/2024:11:12:50 +0800] "POST /xingrg/all/report/load_report_page.html HTTP/1.1" 200 89
218.81.65.124 - - [03/Mar/2024:11:12:50 +0800] "GET /xingrg/kc/buy/cgsh_order_list.html HTTP/1.1" 200 57803
101.83.145.37 - - [03/Mar/2024:11:12:51 +0800] "GET /xingrg/all/function/internal_message.html?_=1709435571441&CODE_STATE=getMsg HTTP/1.1" 200 27
124.78.158.238 - - [03/Mar/2024:11:12:51 +0800] "GET /xingrg/kc/buy/cgsh_order_operate.html?command=get_materiel&rest_code=00106&code=00101004046&supplier_code=00100312&order_time=2024-03-03 HTTP/1.1" 200 418
116.230.112.23 - - [03/Mar/2024:11:12:51 +0800] "GET /xingrg/all/function/internal_message.html?_=1709435597620&CODE_STATE=getMsg HTTP/1.1" 200 27
218.81.65.124 - - [03/Mar/2024:11:12:52 +0800] "POST /xingrg/kc/buy/cgsh_list_operate.html HTTP/1.1" 200 986
180.169.147.146 - - [03/Mar/2024:11:12:53 +0800] "GET /xingrg/all/function/internal_message.html?_=1709435573019&CODE_STATE=getMsg HTTP/1.1" 200 27
180.169.147.146 - - [03/Mar/2024:11:12:54 +0800] "GET /xingrg/kc/base/stock_operate.html?_=1709435574290&command=get_report_file&start_day=20230801 HTTP/1.1" 200 53
180.169.147.146 - - [03/Mar/2024:11:12:54 +0800] "GET /xingrg/all/report/report_query.html?isQuery=1&onlyBody=1&rh=2000&fileName=kc/base/kc_stock_detail_new.xml&queryString=(1=1)&queryText=&tableQueryString=init_table$sp1$$sp$crk_table$sp1$order_day%20between%2020230801%20and%2020240331&varString=start_day:20230801,materiel_code:00101034150,cost_id:4519,end_date:20230731 HTTP/1.1" 200 48701
180.169.147.146 - - [03/Mar/2024:11:12:54 +0800] "GET /xingrg/dwr/interface/AjaxReportQueryService.js HTTP/1.1" 200 13203
180.169.147.146 - - [03/Mar/2024:11:12:54 +0800] "GET /xingrg/dwr/engine.js HTTP/1.1" 200 43631
116.224.254.208 - - [03/Mar/2024:11:12:55 +0800] "GET /xingrg/all/function/internal_message.html?_=1709435575860&CODE_STATE=getMsg HTTP/1.1" 200 27
180.164.1.25 - - [03/Mar/2024:11:12:56 +0800] "GET /xingrg/all/function/internal_message.html?_=1709435574675&CODE_STATE=getMsg HTTP/1.1" 200 27
116.224.254.208 - - [03/Mar/2024:11:12:56 +0800] "GET /xingrg/kc/buy/cgsh_order_operate.html?command=get_materiel&rest_code=00151&code=00101010861&supplier_code=00100329&order_time=2024-03-03 HTTP/1.1" 200 414
120.253.135.82 - - [03/Mar/2024:11:12:57 +0800] "POST /xingrg/dwr/call/plaincall/AjaxCgthService.checkOrder.dwr HTTP/1.1" 200 79
180.169.147.146 - - [03/Mar/2024:11:12:57 +0800] "POST /xingrg/all/report/load_report_page.html HTTP/1.1" 200 89
218.81.65.124 - - [03/Mar/2024:11:13:00 +0800] "GET /xingrg/kc/buy/cgsh_order_add.html HTTP/1.1" 200 73566
218.81.65.124 - - [03/Mar/2024:11:13:00 +0800] "GET /xingrg/javascript/easyui/themes/default/validatebox.css HTTP/1.1" 404 1104
218.81.65.124 - - [03/Mar/2024:11:13:00 +0800] "POST /xingrg/kc/buy/cgsh_order_operate.html HTTP/1.1" 200 8245
218.81.65.124 - - [03/Mar/2024:11:13:00 +0800] "GET /xingrg/all/common/auto_word.html?type=employee&rest_code=00148 HTTP/1.1" 200 197
218.81.65.124 - - [03/Mar/2024:11:13:00 +0800] "GET /xingrg/all/common/auto_word.html?type=employee&rest_code=00148 HTTP/1.1" 200 197
101.83.145.37 - - [03/Mar/2024:11:13:03 +0800] "POST /xingrg/services/DataTransmitService HTTP/1.1" 200 524
218.81.65.124 - - [03/Mar/2024:11:13:04 +0800] "GET /xingrg/javascript/auto/indicator.gif HTTP/1.1" 404 1066
218.81.65.124 - - [03/Mar/2024:11:13:04 +0800] "GET /xingrg/javascript/jquery_tools/images/prev.gif HTTP/1.1" 404 1086
218.81.65.124 - - [03/Mar/2024:11:13:04 +0800] "GET /xingrg/javascript/jquery_tools/images/next.gif HTTP/1.1" 404 1086
120.253.135.82 - - [03/Mar/2024:11:13:04 +0800] "GET /xingrg/kc/buy/cgth_order_info.html?code=232024030300010&part=buyck HTTP/1.1" 200 72867
120.253.135.82 - - [03/Mar/2024:11:13:04 +0800] "GET /xingrg/dwr/interface/AjaxComOrderService.js HTTP/1.1" 200 18264
120.253.135.82 - - [03/Mar/2024:11:13:04 +0800] "GET /xingrg/dwr/engine.js HTTP/1.1" 200 43631
120.253.135.82 - - [03/Mar/2024:11:13:04 +0800] "GET /xingrg/dwr/interface/AjaxCgthService.js HTTP/1.1" 200 14519
116.224.254.208 - - [03/Mar/2024:11:13:05 +0800] "POST /xingrg/kc/buy/cgsh_order_operate.html HTTP/1.1" 200 37
124.79.245.19 - - [03/Mar/2024:11:13:06 +0800] "GET /xingrg/check_reg.html?_=1709435585451 HTTP/1.1" 200 22
124.79.245.19 - - [03/Mar/2024:11:13:06 +0800] "GET /xingrg/all/function/internal_message.html?_=1709435585556&CODE_STATE=getMsg HTTP/1.1" 200 27
222.69.134.231 - - [03/Mar/2024:11:13:06 +0800] "GET /xingrg/all/function/internal_message.html?_=1709435587332&CODE_STATE=getMsg HTTP/1.1" 200 27
120.253.135.82 - - [03/Mar/2024:11:13:07 +0800] "POST /xingrg/all/common/load_tree.html?tree=supplier_tree_json&isDelete=1 HTTP/1.1" 200 78681
116.230.123.13 - - [03/Mar/2024:11:13:09 +0800] "GET /xingrg/all/function/internal_message.html?_=1709435590198&CODE_STATE=getMsg HTTP/1.1" 200 27
120.253.135.82 - - [03/Mar/2024:11:13:10 +0800] "POST /xingrg/dwr/call/plaincall/AjaxCgthService.loadMaterielItems.dwr HTTP/1.1" 200 813
116.230.123.13 - - [03/Mar/2024:11:13:10 +0800] "GET /xingrg/kc/buy/buy_main.html HTTP/1.1" 200 12412
116.230.123.13 - - [03/Mar/2024:11:13:10 +0800] "GET /xingrg/css/new_ie.css HTTP/1.1" 404 1036
124.78.158.238 - - [03/Mar/2024:11:13:10 +0800] "GET /xingrg/all/function/internal_message.html?_=1709435590946&CODE_STATE=getMsg HTTP/1.1" 200 27
116.230.123.13 - - [03/Mar/2024:11:13:10 +0800] "GET /xingrg/images/yd/bt.gif HTTP/1.1" 404 1040
124.78.158.238 - - [03/Mar/2024:11:13:10 +0800] "GET /xingrg/check_reg.html?_=1709435590948 HTTP/1.1" 200 22
180.169.147.146 - - [03/Mar/2024:11:13:11 +0800] "GET /xingrg/all/function/internal_message.html?_=1709435591247&CODE_STATE=getMsg HTTP/1.1" 200 27
116.230.123.13 - - [03/Mar/2024:11:13:11 +0800] "GET /xingrg/kc/buy/cgsh_order_list.html HTTP/1.1" 200 57797
116.230.112.23 - - [03/Mar/2024:11:13:14 +0800] "POST /xingrg/kc/buy/cgsh_order_operate.html HTTP/1.1" 200 37
124.78.158.238 - - [03/Mar/2024:11:13:15 +0800] "GET /xingrg/kc/buy/cgsh_order_operate.html?command=get_materiel&rest_code=00106&code=00101004067&supplier_code=00100312&order_time=2024-03-03 HTTP/1.1" 200 413
218.81.65.124 - - [03/Mar/2024:11:13:18 +0800] "GET /xingrg/all/function/internal_message.html?_=1709435598411&CODE_STATE=getMsg HTTP/1.1" 200 27
116.230.112.23 - - [03/Mar/2024:11:13:18 +0800] "POST /xingrg/kc/buy/cgsh_order_operate.html HTTP/1.1" 200 38751
116.224.254.208 - - [03/Mar/2024:11:13:18 +0800] "POST /xingrg/kc/buy/cgsh_order_operate.html HTTP/1.1" 200 12
114.83.217.226 - - [03/Mar/2024:11:13:21 +0800] "GET /xingrg/all/function/internal_message.html?_=1709435601868&CODE_STATE=getMsg HTTP/1.1" 200 27
116.230.123.13 - - [03/Mar/2024:11:13:21 +0800] "POST /xingrg/kc/buy/cgsh_list_operate.html HTTP/1.1" 200 1859
116.224.254.208 - - [03/Mar/2024:11:13:22 +0800] "GET /xingrg/kc/buy/cgsh_order_info.html?code=212024030300679 HTTP/1.1" 200 68083
116.224.254.208 - - [03/Mar/2024:11:13:22 +0800] "GET /xingrg/javascript/easyui/themes/default/validatebox.css HTTP/1.1" 404 1104
116.224.254.208 - - [03/Mar/2024:11:13:23 +0800] "POST /xingrg/kc/buy/cgsh_order_operate.html HTTP/1.1" 200 608
218.81.65.124 - - [03/Mar/2024:11:13:23 +0800] "GET /xingrg/kc/buy/cgsh_order_operate.html?command=get_materiel&rest_code=00148&code=00101006164&supplier_code=00100326&order_time=2024-03-03 HTTP/1.1" 200 415
116.230.123.13 - - [03/Mar/2024:11:13:24 +0800] "POST /xingrg/kc/buy/cgsh_list_operate.html HTTP/1.1" 200 574
218.81.65.124 - - [03/Mar/2024:11:13:24 +0800] "GET /xingrg/all/function/internal_message.html?_=1709435605025&CODE_STATE=getMsg HTTP/1.1" 200 27
116.238.97.31 - - [03/Mar/2024:11:13:25 +0800] "GET /xingrg/all/function/internal_message.html?_=1709435605575&CODE_STATE=getMsg HTTP/1.1" 200 27
116.230.123.13 - - [03/Mar/2024:11:13:27 +0800] "GET /xingrg/kc/buy/cgsh_order_add.html HTTP/1.1" 200 73528
116.230.123.13 - - [03/Mar/2024:11:13:27 +0800] "POST /xingrg/kc/buy/cgsh_order_operate.html HTTP/1.1" 200 8245
116.230.123.13 - - [03/Mar/2024:11:13:27 +0800] "GET /xingrg/javascript/easyui/themes/default/validatebox.css HTTP/1.1" 404 1104
116.230.123.13 - - [03/Mar/2024:11:13:27 +0800] "GET /xingrg/all/common/auto_word.html?type=employee&rest_code=00111 HTTP/1.1" 200 105
116.230.123.13 - - [03/Mar/2024:11:13:27 +0800] "GET /xingrg/all/common/auto_word.html?type=employee&rest_code=00111 HTTP/1.1" 200 105
116.230.112.23 - - [03/Mar/2024:11:13:28 +0800] "GET /xingrg/kc/print/load_config.html?kc_code=cgsh HTTP/1.1" 200 1927
116.230.123.13 - - [03/Mar/2024:11:13:28 +0800] "GET /xingrg/javascript/auto/indicator.gif HTTP/1.1" 404 1066
116.230.112.23 - - [03/Mar/2024:11:13:28 +0800] "GET /xingrg/kc/print/load_data.html?order_code=212024030300652&kc_code=cgsh&condition= HTTP/1.1" 200 14372
116.232.194.112 - - [03/Mar/2024:11:13:31 +0800] "GET /xingrg/kc/buy/cgsh_order_operate.html?command=get_materiel&rest_code=00155&code=00101006389&supplier_code=00100327&order_time=2024-03-03 HTTP/1.1" 200 404
116.230.123.13 - - [03/Mar/2024:11:13:31 +0800] "GET /xingrg/javascript/jquery_tools/images/prev.gif HTTP/1.1" 404 1086
116.230.123.13 - - [03/Mar/2024:11:13:31 +0800] "GET /xingrg/javascript/jquery_tools/images/next.gif HTTP/1.1" 404 1086
116.238.97.31 - - [03/Mar/2024:11:13:34 +0800] "GET /xingrg/all/function/internal_message.html?_=1709435615727&CODE_STATE=getMsg HTTP/1.1" 200 27
116.224.254.208 - - [03/Mar/2024:11:13:37 +0800] "GET /xingrg/kc/print/load_data.html?order_code=212024030300679&kc_code=cgsh&condition= HTTP/1.1" 200 712
180.169.147.146 - - [03/Mar/2024:11:13:38 +0800] "GET /xingrg/all/function/internal_message.html?_=1709435618606&CODE_STATE=getMsg HTTP/1.1" 200 27
124.78.158.238 - - [03/Mar/2024:11:13:39 +0800] "GET /xingrg/kc/buy/cgsh_order_operate.html?command=get_materiel&rest_code=00106&code=00101004027&supplier_code=00100312&order_time=2024-03-03 HTTP/1.1" 200 409
116.224.254.208 - - [03/Mar/2024:11:13:41 +0800] "GET /xingrg/kc/buy/cgsh_order_add.html HTTP/1.1" 200 73170
116.224.254.208 - - [03/Mar/2024:11:13:41 +0800] "POST /xingrg/kc/buy/cgsh_order_operate.html HTTP/1.1" 200 8245
116.224.254.208 - - [03/Mar/2024:11:13:41 +0800] "GET /xingrg/javascript/easyui/themes/default/validatebox.css HTTP/1.1" 404 1104
101.83.145.37 - - [03/Mar/2024:11:13:41 +0800] "GET /xingrg/all/function/internal_message.html?_=1709435384920&CODE_STATE=getMsg HTTP/1.1" 200 27
116.232.194.112 - - [03/Mar/2024:11:13:45 +0800] "GET /xingrg/all/function/internal_message.html?_=1709435609391&CODE_STATE=getMsg HTTP/1.1" 200 27
101.228.147.14 - - [03/Mar/2024:11:13:46 +0800] "GET /xingrg/all/function/internal_message.html?_=1709435626740&CODE_STATE=getMsg HTTP/1.1" 200 27
124.78.67.200 - - [03/Mar/2024:11:13:46 +0800] "GET /xingrg/all/function/internal_message.html?_=1709435626816&CODE_STATE=getMsg HTTP/1.1" 200 27
124.78.158.238 - - [03/Mar/2024:11:13:47 +0800] "GET /xingrg/all/function/internal_message.html?_=1709435627877&CODE_STATE=getMsg HTTP/1.1" 200 27
124.78.158.238 - - [03/Mar/2024:11:13:49 +0800] "GET /xingrg/all/function/internal_message.html?_=1709435629260&CODE_STATE=getMsg HTTP/1.1" 200 27
114.89.91.180 - - [03/Mar/2024:11:13:49 +0800] "GET /xingrg/all/function/internal_message.html?_=1709435629273&CODE_STATE=getMsg HTTP/1.1" 200 27
218.81.65.124 - - [03/Mar/2024:11:13:50 +0800] "POST /xingrg/kc/buy/cgsh_order_operate.html HTTP/1.1" 200 37
101.83.145.37 - - [03/Mar/2024:11:13:51 +0800] "GET /xingrg/all/function/internal_message.html?_=1709435631441&CODE_STATE=getMsg HTTP/1.1" 200 27
116.230.123.13 - - [03/Mar/2024:11:13:51 +0800] "GET /xingrg/kc/buy/cgsh_order_operate.html?command=get_materiel&rest_code=00111&code=00101001060&supplier_code=00100042&order_time=2024-03-03 HTTP/1.1" 200 419
116.230.112.23 - - [03/Mar/2024:11:13:51 +0800] "GET /xingrg/check_reg.html?_=1709435657971 HTTP/1.1" 200 22
116.230.112.23 - - [03/Mar/2024:11:13:51 +0800] "GET /xingrg/all/function/internal_message.html?_=1709435657972&CODE_STATE=getMsg HTTP/1.1" 200 27
116.224.254.208 - - [03/Mar/2024:11:13:52 +0800] "GET /xingrg/kc/buy/cgsh_order_operate.html?command=get_materiel&rest_code=00151&code=00101008113&supplier_code=00100325&order_time=2024-03-03 HTTP/1.1" 200 413
124.78.158.238 - - [03/Mar/2024:11:13:52 +0800] "GET /xingrg/kc/buy/cgsh_order_operate.html?command=get_materiel&rest_code=00106&code=00101004071&supplier_code=00100312&order_time=2024-03-03 HTTP/1.1" 200 409
180.169.147.146 - - [03/Mar/2024:11:13:53 +0800] "GET /xingrg/all/function/internal_message.html?_=1709435633039&CODE_STATE=getMsg HTTP/1.1" 200 27
116.224.254.208 - - [03/Mar/2024:11:13:55 +0800] "GET /xingrg/all/function/internal_message.html?_=1709435635885&CODE_STATE=getMsg HTTP/1.1" 200 27
180.164.1.25 - - [03/Mar/2024:11:13:56 +0800] "GET /xingrg/all/function/internal_message.html?_=1709435634669&CODE_STATE=getMsg HTTP/1.1" 200 27
218.81.65.124 - - [03/Mar/2024:11:13:56 +0800] "POST /xingrg/kc/buy/cgsh_order_operate.html HTTP/1.1" 200 12
120.253.135.82 - - [03/Mar/2024:11:13:58 +0800] "GET /xingrg/kc/buy/cgth_order_list.html?isBack=1 HTTP/1.1" 200 57193
218.81.65.124 - - [03/Mar/2024:11:13:59 +0800] "GET /xingrg/kc/buy/cgsh_order_info.html?code=212024030300680 HTTP/1.1" 200 68477
116.232.194.112 - - [03/Mar/2024:11:13:59 +0800] "GET /xingrg/kc/buy/cgsh_order_operate.html?command=get_materiel&rest_code=00155&code=00101008402&supplier_code=00100327&order_time=2024-03-03 HTTP/1.1" 200 410
218.81.65.124 - - [03/Mar/2024:11:13:59 +0800] "GET /xingrg/javascript/easyui/themes/default/validatebox.css HTTP/1.1" 404 1104
218.81.65.124 - - [03/Mar/2024:11:14:00 +0800] "POST /xingrg/kc/buy/cgsh_order_operate.html HTTP/1.1" 200 612
120.253.135.82 - - [03/Mar/2024:11:14:00 +0800] "POST /xingrg/kc/buy/cgth_list_operate.html HTTP/1.1" 200 1035
101.83.145.37 - - [03/Mar/2024:11:14:02 +0800] "GET /xingrg/kc/buy/buy_main.html HTTP/1.1" 200 12412
101.83.145.37 - - [03/Mar/2024:11:14:02 +0800] "GET /xingrg/css/new_ie.css HTTP/1.1" 404 1036
101.83.145.37 - - [03/Mar/2024:11:14:02 +0800] "GET /xingrg/javascript/jquery_ui/themes/humanity/humanity.css HTTP/1.1" 304 -
101.83.145.37 - - [03/Mar/2024:11:14:02 +0800] "GET /xingrg/javascript/ToolTips.js HTTP/1.1" 304 -
101.83.145.37 - - [03/Mar/2024:11:14:02 +0800] "GET /xingrg/javascript/jquery_ui/jquery-ui.min.js HTTP/1.1" 304 -
101.83.145.37 - - [03/Mar/2024:11:14:02 +0800] "GET /xingrg/images/blue/button/cgxqd.gif HTTP/1.1" 304 -
101.83.145.37 - - [03/Mar/2024:11:14:02 +0800] "GET /xingrg/images/blue/button/cgydd.gif HTTP/1.1" 304 -
101.83.145.37 - - [03/Mar/2024:11:14:02 +0800] "GET /xingrg/images/blue/button/cgshd.gif HTTP/1.1" 304 -
101.83.145.37 - - [03/Mar/2024:11:14:02 +0800] "GET /xingrg/images/blue/button/cgfkd.gif HTTP/1.1" 304 -
101.83.145.37 - - [03/Mar/2024:11:14:02 +0800] "GET /xingrg/images/blue/button/ckthd.gif HTTP/1.1" 304 -
101.83.145.37 - - [03/Mar/2024:11:14:02 +0800] "GET /xingrg/images/blue/button/down_ah.jpg HTTP/1.1" 304 -
101.83.145.37 - - [03/Mar/2024:11:14:02 +0800] "GET /xingrg/javascript/jquery_ui/themes/humanity/images/ui-bg_inset-soft_100_f4f0ec_1x100.png HTTP/1.1" 304 -
101.83.145.37 - - [03/Mar/2024:11:14:02 +0800] "GET /xingrg/javascript/jquery_ui/themes/humanity/images/ui-iconsnew.jpg HTTP/1.1" 304 -
101.83.145.37 - - [03/Mar/2024:11:14:02 +0800] "GET /xingrg/javascript/jquery_ui/themes/humanity/images/ui-icons_ffffff_256x240.png HTTP/1.1" 304 -
101.83.145.37 - - [03/Mar/2024:11:14:02 +0800] "GET /xingrg/javascript/jquery_ui/themes/humanity/images/ui-icons_c47a23_256x240.png HTTP/1.1" 304 -
101.83.145.37 - - [03/Mar/2024:11:14:02 +0800] "GET /xingrg/javascript/jquery_ui/themes/humanity/images/ui-bg_glass_70_ede4d4_1x400.png HTTP/1.1" 304 -
101.83.145.37 - - [03/Mar/2024:11:14:03 +0800] "GET /xingrg/images/yd/bt.gif HTTP/1.1" 404 1040
120.253.135.82 - - [03/Mar/2024:11:14:03 +0800] "GET /xingrg/kc/buy/cgsh_order_list.html HTTP/1.1" 200 57797
101.83.145.37 - - [03/Mar/2024:11:14:05 +0800] "GET /xingrg/kc/buy/cgsh_order_list.html HTTP/1.1" 200 57797
101.83.145.37 - - [03/Mar/2024:11:14:05 +0800] "GET /xingrg/javascript/easyui/themes/icons/import_new.png HTTP/1.1" 304 -
218.81.65.124 - - [03/Mar/2024:11:14:06 +0800] "POST /xingrg/kc/buy/cgsh_order_operate.html HTTP/1.1" 200 12
124.79.245.19 - - [03/Mar/2024:11:14:06 +0800] "GET /xingrg/all/function/internal_message.html?_=1709435645544&CODE_STATE=getMsg HTTP/1.1" 200 27
222.69.134.231 - - [03/Mar/2024:11:14:06 +0800] "GET /xingrg/all/function/internal_message.html?_=1709435647310&CODE_STATE=getMsg HTTP/1.1" 200 27
120.253.135.82 - - [03/Mar/2024:11:14:06 +0800] "POST /xingrg/kc/buy/cgsh_list_operate.html HTTP/1.1" 200 986
124.78.158.238 - - [03/Mar/2024:11:14:07 +0800] "GET /xingrg/kc/buy/cgsh_order_operate.html?command=get_materiel&rest_code=00106&code=00101001096&supplier_code=00100312&order_time=2024-03-03 HTTP/1.1" 200 413
116.230.123.13 - - [03/Mar/2024:11:14:09 +0800] "GET /xingrg/all/function/internal_message.html?_=1709435650212&CODE_STATE=getMsg HTTP/1.1" 200 27
218.81.65.124 - - [03/Mar/2024:11:14:09 +0800] "GET /xingrg/kc/buy/cgsh_order_info.html?code=212024030300680 HTTP/1.1" 200 73579
101.83.145.37 - - [03/Mar/2024:11:14:09 +0800] "POST /xingrg/kc/buy/cgsh_list_operate.html HTTP/1.1" 200 1841
218.81.65.124 - - [03/Mar/2024:11:14:09 +0800] "GET /xingrg/javascript/easyui/themes/default/validatebox.css HTTP/1.1" 404 1104
116.224.254.208 - - [03/Mar/2024:11:14:10 +0800] "GET /xingrg/kc/buy/cgsh_order_operate.html?command=get_materiel&rest_code=00151&code=00101010432&supplier_code=00100325&order_time=2024-03-03 HTTP/1.1" 200 427
218.81.65.124 - - [03/Mar/2024:11:14:10 +0800] "POST /xingrg/kc/buy/cgsh_order_operate.html HTTP/1.1" 200 2662
124.78.158.238 - - [03/Mar/2024:11:14:10 +0800] "GET /xingrg/all/function/internal_message.html?_=1709435650947&CODE_STATE=getMsg HTTP/1.1" 200 27
116.230.123.13 - - [03/Mar/2024:11:14:10 +0800] "GET /xingrg/kc/buy/cgsh_order_operate.html?command=get_materiel&rest_code=00111&code=00101005037&supplier_code=00100042&order_time=2024-03-03 HTTP/1.1" 200 409
180.169.147.146 - - [03/Mar/2024:11:14:11 +0800] "GET /xingrg/all/function/internal_message.html?_=1709435651231&CODE_STATE=getMsg HTTP/1.1" 200 27
180.169.147.146 - - [03/Mar/2024:11:14:12 +0800] "GET /xingrg/check_reg.html?_=1709435652402 HTTP/1.1" 200 22
218.81.65.124 - - [03/Mar/2024:11:14:18 +0800] "GET /xingrg/all/function/internal_message.html?_=1709435658407&CODE_STATE=getMsg HTTP/1.1" 200 27
116.224.254.208 - - [03/Mar/2024:11:14:21 +0800] "GET /xingrg/kc/buy/cgsh_order_operate.html?command=get_materiel&rest_code=00151&code=00101010646&supplier_code=00100325&order_time=2024-03-03 HTTP/1.1" 200 422
114.83.217.226 - - [03/Mar/2024:11:14:21 +0800] "GET /xingrg/all/function/internal_message.html?_=1709435661843&CODE_STATE=getMsg HTTP/1.1" 200 27
124.78.158.238 - - [03/Mar/2024:11:14:21 +0800] "GET /xingrg/kc/buy/cgsh_order_operate.html?command=get_materiel&rest_code=00106&code=00101001156&supplier_code=00100312&order_time=2024-03-03 HTTP/1.1" 200 409
114.83.217.226 - - [03/Mar/2024:11:14:23 +0800] "GET /xingrg/check_reg.html?_=1709435663691 HTTP/1.1" 200 22
218.81.65.124 - - [03/Mar/2024:11:14:24 +0800] "GET /xingrg/all/function/internal_message.html?_=1709435665025&CODE_STATE=getMsg HTTP/1.1" 200 27
116.238.97.31 - - [03/Mar/2024:11:14:25 +0800] "GET /xingrg/all/function/internal_message.html?_=1709435665557&CODE_STATE=getMsg HTTP/1.1" 200 27
114.89.91.180 - - [03/Mar/2024:11:14:25 +0800] "GET /xingrg/check_reg.html?_=1709435665482 HTTP/1.1" 200 22
116.230.123.13 - - [03/Mar/2024:11:14:26 +0800] "GET /xingrg/kc/buy/cgsh_order_operate.html?command=get_materiel&rest_code=00111&code=00101005036&supplier_code=00100042&order_time=2024-03-03 HTTP/1.1" 200 409
116.238.97.31 - - [03/Mar/2024:11:14:27 +0800] "GET /xingrg/check_reg.html?_=1709435667913 HTTP/1.1" 200 22
114.83.217.226 - - [03/Mar/2024:11:14:27 +0800] "POST /xingrg/services/DataTransmitService HTTP/1.1" 200 524
114.83.217.226 - - [03/Mar/2024:11:14:28 +0800] "POST /xingrg/services/DataTransmitService HTTP/1.1" 200 501
114.83.217.226 - - [03/Mar/2024:11:14:28 +0800] "POST /xingrg/services/DataTransmitService HTTP/1.1" 200 501
114.83.217.226 - - [03/Mar/2024:11:14:29 +0800] "POST /xingrg/services/DataTransmitService HTTP/1.1" 200 501
116.224.254.208 - - [03/Mar/2024:11:14:29 +0800] "GET /xingrg/kc/buy/cgsh_order_operate.html?command=get_materiel&rest_code=00151&code=00101001249&supplier_code=00100325&order_time=2024-03-03 HTTP/1.1" 200 438
114.83.217.226 - - [03/Mar/2024:11:14:29 +0800] "POST /xingrg/services/DataTransmitService HTTP/1.1" 200 501
114.83.217.226 - - [03/Mar/2024:11:14:30 +0800] "POST /xingrg/services/DataTransmitService HTTP/1.1" 200 412
120.253.135.82 - - [03/Mar/2024:11:14:33 +0800] "POST /xingrg/kc/buy/cgsh_list_operate.html HTTP/1.1" 200 986
116.238.97.31 - - [03/Mar/2024:11:14:34 +0800] "GET /xingrg/all/function/internal_message.html?_=1709435675708&CODE_STATE=getMsg HTTP/1.1" 200 27
120.253.135.82 - - [03/Mar/2024:11:14:36 +0800] "GET /xingrg/kc/buy/cgsh_order_add.html HTTP/1.1" 200 72636
120.253.135.82 - - [03/Mar/2024:11:14:37 +0800] "POST /xingrg/kc/buy/cgsh_order_operate.html HTTP/1.1" 200 8245
120.253.135.82 - - [03/Mar/2024:11:14:37 +0800] "GET /xingrg/javascript/easyui/themes/default/validatebox.css HTTP/1.1" 404 1104
116.238.97.31 - - [03/Mar/2024:11:14:37 +0800] "POST /xingrg/services/DataTransmitService HTTP/1.1" 200 524
180.169.147.146 - - [03/Mar/2024:11:14:38 +0800] "GET /xingrg/all/function/internal_message.html?_=1709435678604&CODE_STATE=getMsg HTTP/1.1" 200 27
116.238.97.31 - - [03/Mar/2024:11:14:38 +0800] "POST /xingrg/services/DataTransmitService HTTP/1.1" 200 2395
116.238.97.31 - - [03/Mar/2024:11:14:40 +0800] "POST /xingrg/services/DataTransmitService HTTP/1.1" 200 179324
101.83.145.37 - - [03/Mar/2024:11:14:41 +0800] "GET /xingrg/all/function/internal_message.html?_=1709435444906&CODE_STATE=getMsg HTTP/1.1" 200 27
101.83.145.37 - - [03/Mar/2024:11:14:41 +0800] "GET /xingrg/check_reg.html?_=1709435445144 HTTP/1.1" 200 22
116.224.254.208 - - [03/Mar/2024:11:14:44 +0800] "POST /xingrg/kc/buy/cgsh_order_operate.html HTTP/1.1" 200 37
116.232.194.112 - - [03/Mar/2024:11:14:45 +0800] "GET /xingrg/all/function/internal_message.html?_=1709435669370&CODE_STATE=getMsg HTTP/1.1" 200 27
116.232.194.112 - - [03/Mar/2024:11:14:45 +0800] "GET /xingrg/check_reg.html?_=1709435670079 HTTP/1.1" 200 22
116.230.123.13 - - [03/Mar/2024:11:14:46 +0800] "GET /xingrg/kc/buy/cgsh_order_operate.html?command=get_materiel&rest_code=00111&code=00101018011&supplier_code=00100042&order_time=2024-03-03 HTTP/1.1" 200 413
124.78.158.238 - - [03/Mar/2024:11:14:46 +0800] "GET /xingrg/kc/buy/cgsh_order_operate.html?command=get_materiel&rest_code=00106&code=00101010860&supplier_code=00100312&order_time=2024-03-03 HTTP/1.1" 200 415
101.228.147.14 - - [03/Mar/2024:11:14:46 +0800] "GET /xingrg/all/function/internal_message.html?_=1709435686724&CODE_STATE=getMsg HTTP/1.1" 200 27
124.78.67.200 - - [03/Mar/2024:11:14:46 +0800] "GET /xingrg/all/function/internal_message.html?_=1709435686802&CODE_STATE=getMsg HTTP/1.1" 200 27
124.78.158.238 - - [03/Mar/2024:11:14:47 +0800] "GET /xingrg/all/function/internal_message.html?_=1709435687874&CODE_STATE=getMsg HTTP/1.1" 200 27
124.78.158.238 - - [03/Mar/2024:11:14:49 +0800] "GET /xingrg/all/function/internal_message.html?_=1709435689299&CODE_STATE=getMsg HTTP/1.1" 200 27
114.89.91.180 - - [03/Mar/2024:11:14:49 +0800] "GET /xingrg/all/function/internal_message.html?_=1709435689259&CODE_STATE=getMsg HTTP/1.1" 200 27
101.83.145.37 - - [03/Mar/2024:11:14:51 +0800] "GET /xingrg/all/function/internal_message.html?_=1709435691444&CODE_STATE=getMsg HTTP/1.1" 200 27
116.230.112.23 - - [03/Mar/2024:11:14:51 +0800] "GET /xingrg/all/function/internal_message.html?_=1709435717975&CODE_STATE=getMsg HTTP/1.1" 200 27
116.230.112.23 - - [03/Mar/2024:11:14:51 +0800] "GET /xingrg/kc/buy/cgsh_order_add.html HTTP/1.1" 200 73572
116.224.254.208 - - [03/Mar/2024:11:14:52 +0800] "POST /xingrg/kc/buy/cgsh_order_operate.html HTTP/1.1" 200 12
180.169.147.146 - - [03/Mar/2024:11:14:53 +0800] "GET /xingrg/all/function/internal_message.html?_=1709435693023&CODE_STATE=getMsg HTTP/1.1" 200 27
116.230.112.23 - - [03/Mar/2024:11:14:54 +0800] "POST /xingrg/kc/buy/cgsh_order_operate.html HTTP/1.1" 200 8245
116.230.112.23 - - [03/Mar/2024:11:14:54 +0800] "GET /xingrg/javascript/easyui/themes/default/validatebox.css HTTP/1.1" 404 1104
116.224.254.208 - - [03/Mar/2024:11:14:54 +0800] "GET /xingrg/kc/buy/cgsh_order_info.html?code=212024030300681 HTTP/1.1" 200 68083
120.253.135.82 - - [03/Mar/2024:11:14:55 +0800] "POST /xingrg/all/common/load_combo.html?type=employee HTTP/1.1" 200 1749
116.224.254.208 - - [03/Mar/2024:11:14:55 +0800] "GET /xingrg/javascript/easyui/themes/default/validatebox.css HTTP/1.1" 404 1104
218.81.65.124 - - [03/Mar/2024:11:14:55 +0800] "POST /xingrg/kc/buy/cgsh_order_operate.html HTTP/1.1" 200 37
116.224.254.208 - - [03/Mar/2024:11:14:56 +0800] "GET /xingrg/all/function/internal_message.html?_=1709435695866&CODE_STATE=getMsg HTTP/1.1" 200 27
180.164.1.25 - - [03/Mar/2024:11:14:56 +0800] "GET /xingrg/all/function/internal_message.html?_=1709435694656&CODE_STATE=getMsg HTTP/1.1" 200 27
116.224.254.208 - - [03/Mar/2024:11:14:56 +0800] "POST /xingrg/kc/buy/cgsh_order_operate.html HTTP/1.1" 200 2438
116.232.194.112 - - [03/Mar/2024:11:14:57 +0800] "GET /xingrg/kc/buy/cgsh_order_operate.html?command=get_materiel&rest_code=00155&code=00101010691&supplier_code=00100327&order_time=2024-03-03 HTTP/1.1" 200 411
180.164.1.25 - - [03/Mar/2024:11:14:57 +0800] "GET /xingrg/check_reg.html?_=1709435695837 HTTP/1.1" 200 22
116.224.254.208 - - [03/Mar/2024:11:14:59 +0800] "GET /xingrg/kc/print/load_data.html?order_code=212024030300681&kc_code=cgsh&condition= HTTP/1.1" 200 1444
