116.230.123.13 - - [03/Mar/2024:11:15:01 +0800] "GET /xingrg/kc/buy/cgsh_order_operate.html?command=get_materiel&rest_code=00111&code=00101010161&supplier_code=00100042&order_time=2024-03-03 HTTP/1.1" 200 408
218.81.65.124 - - [03/Mar/2024:11:15:06 +0800] "POST /xingrg/kc/buy/cgsh_order_operate.html HTTP/1.1" 200 12
124.79.245.19 - - [03/Mar/2024:11:15:06 +0800] "GET /xingrg/all/function/internal_message.html?_=1709435705537&CODE_STATE=getMsg HTTP/1.1" 200 27
222.69.134.231 - - [03/Mar/2024:11:15:06 +0800] "GET /xingrg/all/function/internal_message.html?_=1709435707299&CODE_STATE=getMsg HTTP/1.1" 200 27
218.81.65.124 - - [03/Mar/2024:11:15:09 +0800] "GET /xingrg/kc/buy/cgsh_order_info.html?code=212024030300680 HTTP/1.1" 200 68477
116.230.123.13 - - [03/Mar/2024:11:15:09 +0800] "GET /xingrg/all/function/internal_message.html?_=1709435710207&CODE_STATE=getMsg HTTP/1.1" 200 27
218.81.65.124 - - [03/Mar/2024:11:15:09 +0800] "GET /xingrg/javascript/easyui/themes/default/validatebox.css HTTP/1.1" 404 1104
124.78.158.238 - - [03/Mar/2024:11:15:10 +0800] "GET /xingrg/all/function/internal_message.html?_=1709435710946&CODE_STATE=getMsg HTTP/1.1" 200 27
180.169.147.146 - - [03/Mar/2024:11:15:11 +0800] "GET /xingrg/all/function/internal_message.html?_=1709435711216&CODE_STATE=getMsg HTTP/1.1" 200 27
116.232.194.112 - - [03/Mar/2024:11:15:11 +0800] "POST /xingrg/kc/buy/cgsh_order_operate.html HTTP/1.1" 200 37
218.81.65.124 - - [03/Mar/2024:11:15:11 +0800] "POST /xingrg/kc/buy/cgsh_order_operate.html HTTP/1.1" 200 612
218.81.65.124 - - [03/Mar/2024:11:15:13 +0800] "GET /xingrg/kc/print/load_config.html?kc_code=cgsh HTTP/1.1" 200 1927
120.253.135.82 - - [03/Mar/2024:11:15:13 +0800] "GET /xingrg/kc/buy/cgsh_order_operate.html?command=get_materiel&rest_code=00101&code=00101045001&supplier_code=00100100&order_time=2024-03-03 HTTP/1.1" 200 445
218.81.65.124 - - [03/Mar/2024:11:15:14 +0800] "GET /xingrg/kc/print/load_data.html?order_code=212024030300680&kc_code=cgsh&condition= HTTP/1.1" 200 708
116.238.97.31 - - [03/Mar/2024:11:15:14 +0800] "POST /xingrg/services/DataTransmitService HTTP/1.1" 200 524
120.253.135.82 - - [03/Mar/2024:11:15:17 +0800] "POST /xingrg/all/common/load_select.html HTTP/1.1" 200 25
218.81.65.124 - - [03/Mar/2024:11:15:18 +0800] "GET /xingrg/check_reg.html?_=1709435718421 HTTP/1.1" 200 22
218.81.65.124 - - [03/Mar/2024:11:15:18 +0800] "GET /xingrg/all/function/internal_message.html?_=1709435718424&CODE_STATE=getMsg HTTP/1.1" 200 27
116.230.123.13 - - [03/Mar/2024:11:15:18 +0800] "POST /xingrg/kc/buy/cgsh_order_operate.html HTTP/1.1" 200 37
116.232.194.112 - - [03/Mar/2024:11:15:18 +0800] "POST /xingrg/kc/buy/cgsh_order_operate.html HTTP/1.1" 200 3843
116.230.123.13 - - [03/Mar/2024:11:15:20 +0800] "POST /xingrg/kc/buy/cgsh_order_operate.html HTTP/1.1" 200 5020
116.230.112.23 - - [03/Mar/2024:11:15:20 +0800] "GET /xingrg/kc/buy/cgsh_order_operate.html?command=get_materiel&rest_code=00146&code=00101009109&supplier_code=00100023&order_time=2024-03-03 HTTP/1.1" 200 415
114.83.217.226 - - [03/Mar/2024:11:15:21 +0800] "GET /xingrg/all/function/internal_message.html?_=1709435721825&CODE_STATE=getMsg HTTP/1.1" 200 27
116.230.123.13 - - [03/Mar/2024:11:15:21 +0800] "GET /xingrg/kc/print/load_config.html?kc_code=cgsh HTTP/1.1" 200 1927
116.230.123.13 - - [03/Mar/2024:11:15:22 +0800] "GET /xingrg/kc/print/load_data.html?order_code=212024030300683&kc_code=cgsh&condition= HTTP/1.1" 200 1598
120.253.135.82 - - [03/Mar/2024:11:15:23 +0800] "GET /xingrg/kc/buy/cgsh_order_operate.html?command=get_materiel_price&rest_code=00101&code=00101045001&unit_code=00100188&supplier_code=00100100&order_time=2024-03-03 HTTP/1.1" 200 28
116.238.97.31 - - [03/Mar/2024:11:15:23 +0800] "GET /xingrg/check_reg.html?_=1709435724069 HTTP/1.1" 200 22
218.81.65.124 - - [03/Mar/2024:11:15:24 +0800] "GET /xingrg/all/function/internal_message.html?_=1709435725023&CODE_STATE=getMsg HTTP/1.1" 200 27
116.238.97.31 - - [03/Mar/2024:11:15:25 +0800] "GET /xingrg/all/function/internal_message.html?_=1709435725555&CODE_STATE=getMsg HTTP/1.1" 200 27
101.83.145.37 - - [03/Mar/2024:11:15:26 +0800] "GET /xingrg/kc/buy/cgsh_order_add.html HTTP/1.1" 200 73654
101.83.145.37 - - [03/Mar/2024:11:15:26 +0800] "GET /xingrg/javascript/jquery_tools/order_manager.js HTTP/1.1" 304 -
101.83.145.37 - - [03/Mar/2024:11:15:26 +0800] "GET /xingrg/javascript/json2.js HTTP/1.1" 304 -
101.83.145.37 - - [03/Mar/2024:11:15:26 +0800] "GET /xingrg/words/20240229092203_words.js HTTP/1.1" 200 1014224
101.83.145.37 - - [03/Mar/2024:11:15:26 +0800] "GET /xingrg/javascript/easyui/themes/icons/template_new.png HTTP/1.1" 304 -
101.83.145.37 - - [03/Mar/2024:11:15:26 +0800] "GET /xingrg/javascript/easyui/themes/icons/ok.png HTTP/1.1" 304 -
101.83.145.37 - - [03/Mar/2024:11:15:26 +0800] "GET /xingrg/javascript/easyui/themes/icons/copy_new.png HTTP/1.1" 304 -
101.83.145.37 - - [03/Mar/2024:11:15:26 +0800] "GET /xingrg/javascript/easyui/themes/icons/print.png HTTP/1.1" 304 -
101.83.145.37 - - [03/Mar/2024:11:15:26 +0800] "GET /xingrg/javascript/easyui/themes/default/images/menu_downarrow.png HTTP/1.1" 304 -
101.83.145.37 - - [03/Mar/2024:11:15:26 +0800] "GET /xingrg/javascript/easyui/themes/icons/cancel.png HTTP/1.1" 304 -
101.83.145.37 - - [03/Mar/2024:11:15:27 +0800] "POST /xingrg/kc/buy/cgsh_order_operate.html HTTP/1.1" 200 8245
101.83.145.37 - - [03/Mar/2024:11:15:27 +0800] "GET /xingrg/javascript/easyui/themes/default/validatebox.css HTTP/1.1" 404 1104
101.83.145.37 - - [03/Mar/2024:11:15:27 +0800] "GET /xingrg/javascript/easyui/plugins/jquery.validatebox.js HTTP/1.1" 304 -
101.83.145.37 - - [03/Mar/2024:11:15:27 +0800] "GET /xingrg/javascript/easyui/plugins/jquery.numberbox.js HTTP/1.1" 304 -
101.83.145.37 - - [03/Mar/2024:11:15:27 +0800] "GET /xingrg/all/common/auto_word.html?type=employee&rest_code=00105 HTTP/1.1" 200 193
101.83.145.37 - - [03/Mar/2024:11:15:27 +0800] "GET /xingrg/all/common/auto_word.html?type=employee&rest_code=00105 HTTP/1.1" 200 193
101.83.145.37 - - [03/Mar/2024:11:15:27 +0800] "GET /xingrg/javascript/easyui/themes/icons/edit_remove.png HTTP/1.1" 304 -
124.78.158.238 - - [03/Mar/2024:11:15:27 +0800] "POST /xingrg/kc/buy/cgsh_order_operate.html HTTP/1.1" 200 37
116.232.194.112 - - [03/Mar/2024:11:15:28 +0800] "GET /xingrg/kc/print/load_data.html?order_code=212024030300682&kc_code=cgsh&condition= HTTP/1.1" 200 1135
116.238.97.31 - - [03/Mar/2024:11:15:34 +0800] "GET /xingrg/all/function/internal_message.html?_=1709435735691&CODE_STATE=getMsg HTTP/1.1" 200 27
124.78.158.238 - - [03/Mar/2024:11:15:35 +0800] "POST /xingrg/kc/buy/cgsh_order_operate.html HTTP/1.1" 200 12
124.78.158.238 - - [03/Mar/2024:11:15:37 +0800] "GET /xingrg/kc/buy/cgsh_order_info.html?code=212024030300684 HTTP/1.1" 200 68479
124.78.158.238 - - [03/Mar/2024:11:15:37 +0800] "GET /xingrg/javascript/easyui/themes/default/validatebox.css HTTP/1.1" 404 1104
180.169.147.146 - - [03/Mar/2024:11:15:38 +0800] "GET /xingrg/all/function/internal_message.html?_=1709435738598&CODE_STATE=getMsg HTTP/1.1" 200 27
124.78.158.238 - - [03/Mar/2024:11:15:38 +0800] "POST /xingrg/kc/buy/cgsh_order_operate.html HTTP/1.1" 200 4760
116.230.112.23 - - [03/Mar/2024:11:15:39 +0800] "GET /xingrg/kc/buy/cgsh_order_operate.html?command=get_materiel&rest_code=00146&code=00101009062&supplier_code=00100023&order_time=2024-03-03 HTTP/1.1" 200 414
101.83.145.37 - - [03/Mar/2024:11:15:41 +0800] "GET /xingrg/all/function/internal_message.html?_=1709435504933&CODE_STATE=getMsg HTTP/1.1" 200 27
120.253.135.82 - - [03/Mar/2024:11:15:41 +0800] "GET /xingrg/kc/buy/cgsh_order_operate.html?command=get_materiel&rest_code=00101&code=00101019005&supplier_code=00100100&order_time=2024-03-03 HTTP/1.1" 200 478
124.78.158.238 - - [03/Mar/2024:11:15:42 +0800] "GET /xingrg/kc/print/load_data.html?order_code=212024030300684&kc_code=cgsh&condition= HTTP/1.1" 200 2293
116.232.194.112 - - [03/Mar/2024:11:15:45 +0800] "GET /xingrg/all/function/internal_message.html?_=1709435729359&CODE_STATE=getMsg HTTP/1.1" 200 27
120.253.135.82 - - [03/Mar/2024:11:15:46 +0800] "POST /xingrg/all/common/load_select.html HTTP/1.1" 200 25
101.228.147.14 - - [03/Mar/2024:11:15:46 +0800] "GET /xingrg/check_reg.html?_=1709435746724 HTTP/1.1" 200 22
101.228.147.14 - - [03/Mar/2024:11:15:46 +0800] "GET /xingrg/all/function/internal_message.html?_=1709435746725&CODE_STATE=getMsg HTTP/1.1" 200 27
124.78.67.200 - - [03/Mar/2024:11:15:46 +0800] "GET /xingrg/all/function/internal_message.html?_=1709435746779&CODE_STATE=getMsg HTTP/1.1" 200 27
124.78.158.238 - - [03/Mar/2024:11:15:47 +0800] "GET /xingrg/check_reg.html?_=1709435747875 HTTP/1.1" 200 22
124.78.158.238 - - [03/Mar/2024:11:15:48 +0800] "GET /xingrg/all/function/internal_message.html?_=1709435747876&CODE_STATE=getMsg HTTP/1.1" 200 27
124.78.158.238 - - [03/Mar/2024:11:15:48 +0800] "GET /xingrg/kc/buy/cgsh_order_add.html HTTP/1.1" 200 73566
124.78.158.238 - - [03/Mar/2024:11:15:48 +0800] "GET /xingrg/javascript/easyui/themes/default/validatebox.css HTTP/1.1" 404 1104
124.78.158.238 - - [03/Mar/2024:11:15:48 +0800] "POST /xingrg/kc/buy/cgsh_order_operate.html HTTP/1.1" 200 8245
124.78.158.238 - - [03/Mar/2024:11:15:49 +0800] "GET /xingrg/all/function/internal_message.html?_=1709435749270&CODE_STATE=getMsg HTTP/1.1" 200 27
114.89.91.180 - - [03/Mar/2024:11:15:49 +0800] "GET /xingrg/all/function/internal_message.html?_=1709435749266&CODE_STATE=getMsg HTTP/1.1" 200 27
114.89.91.180 - - [03/Mar/2024:11:15:49 +0800] "GET /xingrg/check_reg.html?_=1709435749272 HTTP/1.1" 200 22
124.78.158.238 - - [03/Mar/2024:11:15:50 +0800] "GET /xingrg/javascript/easyui/themes/default/tree.css HTTP/1.1" 404 1090
101.83.145.37 - - [03/Mar/2024:11:15:51 +0800] "GET /xingrg/all/function/internal_message.html?_=1709435751445&CODE_STATE=getMsg HTTP/1.1" 200 27
124.78.158.238 - - [03/Mar/2024:11:15:51 +0800] "POST /xingrg/all/common/load_tree.html?tree=supplier_tree_json&isDelete=1 HTTP/1.1" 200 78681
120.253.135.82 - - [03/Mar/2024:11:15:51 +0800] "GET /xingrg/kc/buy/cgsh_order_operate.html?command=get_materiel_price&rest_code=00101&code=00101019005&unit_code=00100178&supplier_code=00100100&order_time=2024-03-03 HTTP/1.1" 200 27
116.230.112.23 - - [03/Mar/2024:11:15:51 +0800] "GET /xingrg/all/function/internal_message.html?_=1709435777988&CODE_STATE=getMsg HTTP/1.1" 200 27
180.169.147.146 - - [03/Mar/2024:11:15:53 +0800] "GET /xingrg/all/function/internal_message.html?_=1709435753033&CODE_STATE=getMsg HTTP/1.1" 200 27
116.232.194.112 - - [03/Mar/2024:11:15:55 +0800] "GET /xingrg/kc/buy/cgsh_order_add.html HTTP/1.1" 200 73660
116.232.194.112 - - [03/Mar/2024:11:15:55 +0800] "POST /xingrg/kc/buy/cgsh_order_operate.html HTTP/1.1" 200 8245
116.232.194.112 - - [03/Mar/2024:11:15:55 +0800] "GET /xingrg/javascript/easyui/themes/default/validatebox.css HTTP/1.1" 404 1104
116.224.254.208 - - [03/Mar/2024:11:15:55 +0800] "GET /xingrg/all/function/internal_message.html?_=1709435755873&CODE_STATE=getMsg HTTP/1.1" 200 27
116.230.112.23 - - [03/Mar/2024:11:15:56 +0800] "GET /xingrg/kc/buy/cgsh_order_operate.html?command=get_materiel&rest_code=00146&code=00101009021&supplier_code=00100023&order_time=2024-03-03 HTTP/1.1" 200 417
180.164.1.25 - - [03/Mar/2024:11:15:56 +0800] "GET /xingrg/all/function/internal_message.html?_=1709435754629&CODE_STATE=getMsg HTTP/1.1" 200 27
116.232.194.112 - - [03/Mar/2024:11:15:58 +0800] "GET /xingrg/javascript/auto/indicator.gif HTTP/1.1" 404 1066
116.232.194.112 - - [03/Mar/2024:11:15:59 +0800] "GET /xingrg/javascript/jquery_tools/images/prev.gif HTTP/1.1" 404 1086
116.232.194.112 - - [03/Mar/2024:11:15:59 +0800] "GET /xingrg/javascript/jquery_tools/images/next.gif HTTP/1.1" 404 1086
101.83.145.37 - - [03/Mar/2024:11:16:00 +0800] "GET /xingrg/javascript/auto/indicator.gif HTTP/1.1" 404 1066
101.83.145.37 - - [03/Mar/2024:11:16:04 +0800] "POST /xingrg/services/DataTransmitService HTTP/1.1" 200 524
116.238.97.31 - - [03/Mar/2024:11:16:04 +0800] "POST /xingrg/services/DataTransmitService HTTP/1.1" 200 501
101.83.145.37 - - [03/Mar/2024:11:16:05 +0800] "POST /xingrg/services/DataTransmitService HTTP/1.1" 200 501
124.79.245.19 - - [03/Mar/2024:11:16:06 +0800] "GET /xingrg/all/function/internal_message.html?_=1709435765523&CODE_STATE=getMsg HTTP/1.1" 200 27
222.69.134.231 - - [03/Mar/2024:11:16:06 +0800] "GET /xingrg/all/function/internal_message.html?_=1709435767274&CODE_STATE=getMsg HTTP/1.1" 200 27
222.69.134.231 - - [03/Mar/2024:11:16:07 +0800] "GET /xingrg/check_reg.html?_=1709435767849 HTTP/1.1" 200 22
218.81.65.124 - - [03/Mar/2024:11:16:07 +0800] "GET /xingrg/kc/buy/cgsh_order_list.html HTTP/1.1" 200 57803
116.230.123.13 - - [03/Mar/2024:11:16:09 +0800] "GET /xingrg/all/function/internal_message.html?_=1709435770213&CODE_STATE=getMsg HTTP/1.1" 200 27
120.253.135.82 - - [03/Mar/2024:11:16:09 +0800] "GET /xingrg/kc/buy/cgsh_order_operate.html?command=get_materiel&rest_code=00101&code=00101020022&supplier_code=00100100&order_time=2024-03-03 HTTP/1.1" 200 413
218.81.65.124 - - [03/Mar/2024:11:16:09 +0800] "POST /xingrg/kc/buy/cgsh_list_operate.html HTTP/1.1" 200 986
124.78.158.238 - - [03/Mar/2024:11:16:10 +0800] "GET /xingrg/all/function/internal_message.html?_=1709435770945&CODE_STATE=getMsg HTTP/1.1" 200 27
180.169.147.146 - - [03/Mar/2024:11:16:11 +0800] "GET /xingrg/all/function/internal_message.html?_=1709435771199&CODE_STATE=getMsg HTTP/1.1" 200 27
218.81.65.124 - - [03/Mar/2024:11:16:11 +0800] "GET /xingrg/kc/base/check_order_list.html HTTP/1.1" 200 16138
218.81.65.124 - - [03/Mar/2024:11:16:11 +0800] "POST /xingrg/kc/base/check_list_operate.html HTTP/1.1" 200 2208
116.230.112.23 - - [03/Mar/2024:11:16:14 +0800] "POST /xingrg/kc/buy/cgsh_order_operate.html HTTP/1.1" 200 37
116.232.194.112 - - [03/Mar/2024:11:16:17 +0800] "GET /xingrg/kc/buy/cgsh_order_operate.html?command=get_materiel&rest_code=00155&code=00101001284&supplier_code=00100090&order_time=2024-03-03 HTTP/1.1" 200 411
218.81.65.124 - - [03/Mar/2024:11:16:18 +0800] "GET /xingrg/all/function/internal_message.html?_=1709435778419&CODE_STATE=getMsg HTTP/1.1" 200 27
120.253.135.82 - - [03/Mar/2024:11:16:20 +0800] "GET /xingrg/kc/buy/cgsh_order_operate.html?command=get_materiel&rest_code=00101&code=00101010908&supplier_code=00100100&order_time=2024-03-03 HTTP/1.1" 200 432
114.83.217.226 - - [03/Mar/2024:11:16:21 +0800] "GET /xingrg/all/function/internal_message.html?_=1709435781812&CODE_STATE=getMsg HTTP/1.1" 200 27
218.81.65.124 - - [03/Mar/2024:11:16:25 +0800] "GET /xingrg/all/function/internal_message.html?_=1709435785034&CODE_STATE=getMsg HTTP/1.1" 200 27
116.238.97.31 - - [03/Mar/2024:11:16:25 +0800] "GET /xingrg/all/function/internal_message.html?_=1709435785538&CODE_STATE=getMsg HTTP/1.1" 200 27
101.83.145.37 - - [03/Mar/2024:11:16:28 +0800] "GET /xingrg/kc/buy/cgsh_order_operate.html?command=get_materiel&rest_code=00105&code=00101002006&supplier_code=00100091&order_time=2024-03-03 HTTP/1.1" 200 414
124.78.158.238 - - [03/Mar/2024:11:16:31 +0800] "GET /xingrg/kc/buy/cgsh_order_operate.html?command=get_materiel&rest_code=00106&code=00101005088&supplier_code=00100086&order_time=2024-03-03 HTTP/1.1" 200 414
116.230.112.23 - - [03/Mar/2024:11:16:31 +0800] "POST /xingrg/kc/buy/cgsh_order_operate.html HTTP/1.1" 200 3848
218.81.65.124 - - [03/Mar/2024:11:16:33 +0800] "POST /xingrg/kc/base/check_list_operate.html HTTP/1.1" 200 4
116.238.97.31 - - [03/Mar/2024:11:16:34 +0800] "GET /xingrg/all/function/internal_message.html?_=1709435795674&CODE_STATE=getMsg HTTP/1.1" 200 27
116.230.112.23 - - [03/Mar/2024:11:16:35 +0800] "GET /xingrg/kc/print/load_data.html?order_code=212024030300685&kc_code=cgsh&condition= HTTP/1.1" 200 1157
218.81.65.124 - - [03/Mar/2024:11:16:37 +0800] "POST /xingrg/kc/base/check_list_operate.html HTTP/1.1" 200 1884
120.253.135.82 - - [03/Mar/2024:11:16:37 +0800] "GET /xingrg/kc/buy/cgsh_order_operate.html?command=get_materiel&rest_code=00101&code=00101019135&supplier_code=00100100&order_time=2024-03-03 HTTP/1.1" 200 471
180.169.147.146 - - [03/Mar/2024:11:16:38 +0800] "GET /xingrg/all/function/internal_message.html?_=1709435798603&CODE_STATE=getMsg HTTP/1.1" 200 27
180.169.147.146 - - [03/Mar/2024:11:16:38 +0800] "GET /xingrg/check_reg.html?_=1709435798605 HTTP/1.1" 200 22
120.253.135.82 - - [03/Mar/2024:11:16:39 +0800] "POST /xingrg/all/common/load_select.html HTTP/1.1" 200 25
101.83.145.37 - - [03/Mar/2024:11:16:41 +0800] "GET /xingrg/all/function/internal_message.html?_=1709435564851&CODE_STATE=getMsg HTTP/1.1" 200 27
116.230.112.23 - - [03/Mar/2024:11:16:43 +0800] "GET /xingrg/kc/buy/cgsh_order_add.html HTTP/1.1" 200 73572
116.230.112.23 - - [03/Mar/2024:11:16:45 +0800] "POST /xingrg/kc/buy/cgsh_order_operate.html HTTP/1.1" 200 8245
116.232.194.112 - - [03/Mar/2024:11:16:45 +0800] "GET /xingrg/all/function/internal_message.html?_=1709435789352&CODE_STATE=getMsg HTTP/1.1" 200 27
116.230.112.23 - - [03/Mar/2024:11:16:45 +0800] "GET /xingrg/javascript/easyui/themes/default/validatebox.css HTTP/1.1" 404 1104
101.228.147.14 - - [03/Mar/2024:11:16:46 +0800] "GET /xingrg/all/function/internal_message.html?_=1709435806722&CODE_STATE=getMsg HTTP/1.1" 200 27
124.78.158.238 - - [03/Mar/2024:11:16:46 +0800] "POST /xingrg/kc/buy/cgsh_order_operate.html HTTP/1.1" 200 37
124.78.67.200 - - [03/Mar/2024:11:16:46 +0800] "GET /xingrg/all/function/internal_message.html?_=1709435806760&CODE_STATE=getMsg HTTP/1.1" 200 27
120.253.135.82 - - [03/Mar/2024:11:16:47 +0800] "GET /xingrg/kc/buy/cgsh_order_operate.html?command=get_materiel_price&rest_code=00101&code=00101019135&unit_code=00100201&supplier_code=00100100&order_time=2024-03-03 HTTP/1.1" 200 29
124.78.158.238 - - [03/Mar/2024:11:16:47 +0800] "GET /xingrg/all/function/internal_message.html?_=1709435807869&CODE_STATE=getMsg HTTP/1.1" 200 27
124.78.158.238 - - [03/Mar/2024:11:16:49 +0800] "GET /xingrg/check_reg.html?_=1709435809272 HTTP/1.1" 200 22
124.78.158.238 - - [03/Mar/2024:11:16:49 +0800] "GET /xingrg/all/function/internal_message.html?_=1709435809277&CODE_STATE=getMsg HTTP/1.1" 200 27
114.89.91.180 - - [03/Mar/2024:11:16:49 +0800] "GET /xingrg/all/function/internal_message.html?_=1709435809274&CODE_STATE=getMsg HTTP/1.1" 200 27
101.83.145.37 - - [03/Mar/2024:11:16:51 +0800] "GET /xingrg/check_reg.html?_=1709435811447 HTTP/1.1" 200 22
101.83.145.37 - - [03/Mar/2024:11:16:51 +0800] "GET /xingrg/all/function/internal_message.html?_=1709435811450&CODE_STATE=getMsg HTTP/1.1" 200 27
218.81.65.124 - - [03/Mar/2024:11:16:51 +0800] "GET /xingrg/kc/base/wldb_order_list.html HTTP/1.1" 200 19019
116.230.112.23 - - [03/Mar/2024:11:16:51 +0800] "GET /xingrg/all/function/internal_message.html?_=1709435838002&CODE_STATE=getMsg HTTP/1.1" 200 27
116.232.194.112 - - [03/Mar/2024:11:16:51 +0800] "POST /xingrg/kc/buy/cgsh_order_operate.html HTTP/1.1" 200 37
218.81.65.124 - - [03/Mar/2024:11:16:52 +0800] "POST /xingrg/kc/base/wldb_list_operate.html HTTP/1.1" 200 928
180.169.147.146 - - [03/Mar/2024:11:16:53 +0800] "GET /xingrg/all/function/internal_message.html?_=1709435813036&CODE_STATE=getMsg HTTP/1.1" 200 27
180.169.147.146 - - [03/Mar/2024:11:16:53 +0800] "GET /xingrg/check_reg.html?_=1709435813039 HTTP/1.1" 200 22
218.81.65.124 - - [03/Mar/2024:11:16:54 +0800] "GET /xingrg/kc/buy/cgsh_order_list.html HTTP/1.1" 200 57803
116.232.194.112 - - [03/Mar/2024:11:16:55 +0800] "POST /xingrg/kc/buy/cgsh_order_operate.html HTTP/1.1" 200 2658
116.224.254.208 - - [03/Mar/2024:11:16:55 +0800] "GET /xingrg/check_reg.html?_=1709435815865 HTTP/1.1" 200 22
116.224.254.208 - - [03/Mar/2024:11:16:55 +0800] "GET /xingrg/all/function/internal_message.html?_=1709435815868&CODE_STATE=getMsg HTTP/1.1" 200 27
180.164.1.25 - - [03/Mar/2024:11:16:56 +0800] "GET /xingrg/all/function/internal_message.html?_=1709435814613&CODE_STATE=getMsg HTTP/1.1" 200 27
116.232.194.112 - - [03/Mar/2024:11:16:56 +0800] "GET /xingrg/kc/print/load_data.html?order_code=212024030300687&kc_code=cgsh&condition= HTTP/1.1" 200 747
124.78.158.238 - - [03/Mar/2024:11:16:58 +0800] "POST /xingrg/kc/buy/cgsh_order_operate.html HTTP/1.1" 200 12
124.78.158.238 - - [03/Mar/2024:11:17:00 +0800] "GET /xingrg/kc/buy/cgsh_order_info.html?code=212024030300686 HTTP/1.1" 200 68479
124.78.158.238 - - [03/Mar/2024:11:17:00 +0800] "GET /xingrg/javascript/easyui/themes/default/validatebox.css HTTP/1.1" 404 1104
101.83.145.37 - - [03/Mar/2024:11:17:01 +0800] "POST /xingrg/kc/buy/cgsh_order_operate.html HTTP/1.1" 200 37
124.78.158.238 - - [03/Mar/2024:11:17:01 +0800] "POST /xingrg/kc/buy/cgsh_order_operate.html HTTP/1.1" 200 612
218.81.65.124 - - [03/Mar/2024:11:17:02 +0800] "POST /xingrg/kc/buy/cgsh_list_operate.html HTTP/1.1" 200 986
124.78.158.238 - - [03/Mar/2024:11:17:04 +0800] "GET /xingrg/kc/print/load_data.html?order_code=212024030300686&kc_code=cgsh&condition= HTTP/1.1" 200 767
101.83.145.37 - - [03/Mar/2024:11:17:04 +0800] "POST /xingrg/kc/buy/cgsh_order_operate.html HTTP/1.1" 200 2661
218.81.65.124 - - [03/Mar/2024:11:17:05 +0800] "GET /xingrg/kc/base/wldb_order_list.html HTTP/1.1" 200 19019
218.81.65.124 - - [03/Mar/2024:11:17:05 +0800] "POST /xingrg/kc/base/wldb_list_operate.html HTTP/1.1" 200 928
116.230.112.23 - - [03/Mar/2024:11:17:06 +0800] "GET /xingrg/kc/buy/cgsh_order_operate.html?command=get_materiel&rest_code=00146&code=00101001111&supplier_code=00100041&order_time=2024-03-03 HTTP/1.1" 200 410
124.79.245.19 - - [03/Mar/2024:11:17:06 +0800] "GET /xingrg/all/function/internal_message.html?_=1709435825513&CODE_STATE=getMsg HTTP/1.1" 200 27
116.232.194.112 - - [03/Mar/2024:11:17:06 +0800] "GET /xingrg/kc/buy/cgsh_order_add.html HTTP/1.1" 200 73660
222.69.134.231 - - [03/Mar/2024:11:17:06 +0800] "GET /xingrg/all/function/internal_message.html?_=1709435827270&CODE_STATE=getMsg HTTP/1.1" 200 27
120.253.135.82 - - [03/Mar/2024:11:17:07 +0800] "GET /xingrg/kc/buy/cgsh_order_operate.html?command=get_materiel&rest_code=00101&code=00101019907&supplier_code=00100100&order_time=2024-03-03 HTTP/1.1" 200 459
116.232.194.112 - - [03/Mar/2024:11:17:07 +0800] "POST /xingrg/kc/buy/cgsh_order_operate.html HTTP/1.1" 200 8245
116.232.194.112 - - [03/Mar/2024:11:17:07 +0800] "GET /xingrg/javascript/easyui/themes/default/validatebox.css HTTP/1.1" 404 1104
124.78.67.200 - - [03/Mar/2024:11:17:07 +0800] "GET /xingrg/check_reg.html?_=1709435827322 HTTP/1.1" 200 22
101.83.145.37 - - [03/Mar/2024:11:17:08 +0800] "GET /xingrg/kc/print/load_config.html?kc_code=cgsh HTTP/1.1" 200 1927
101.83.145.37 - - [03/Mar/2024:11:17:08 +0800] "GET /xingrg/kc/print/load_data.html?order_code=212024030300688&kc_code=cgsh&condition= HTTP/1.1" 200 740
116.230.123.13 - - [03/Mar/2024:11:17:09 +0800] "GET /xingrg/all/function/internal_message.html?_=1709435830202&CODE_STATE=getMsg HTTP/1.1" 200 27
116.230.123.13 - - [03/Mar/2024:11:17:09 +0800] "GET /xingrg/check_reg.html?_=1709435830199 HTTP/1.1" 200 22
124.78.158.238 - - [03/Mar/2024:11:17:09 +0800] "GET /xingrg/kc/buy/cgsh_order_add.html HTTP/1.1" 200 73566
124.78.158.238 - - [03/Mar/2024:11:17:09 +0800] "POST /xingrg/kc/buy/cgsh_order_operate.html HTTP/1.1" 200 8245
124.78.158.238 - - [03/Mar/2024:11:17:09 +0800] "GET /xingrg/javascript/easyui/themes/default/validatebox.css HTTP/1.1" 404 1104
124.78.158.238 - - [03/Mar/2024:11:17:10 +0800] "GET /xingrg/all/function/internal_message.html?_=1709435830943&CODE_STATE=getMsg HTTP/1.1" 200 27
180.169.147.146 - - [03/Mar/2024:11:17:10 +0800] "GET /xingrg/all/function/internal_message.html?_=1709435831183&CODE_STATE=getMsg HTTP/1.1" 200 27
120.253.135.82 - - [03/Mar/2024:11:17:11 +0800] "POST /xingrg/all/common/load_select.html HTTP/1.1" 200 25
124.78.158.238 - - [03/Mar/2024:11:17:11 +0800] "GET /xingrg/javascript/easyui/themes/default/tree.css HTTP/1.1" 404 1090
124.78.158.238 - - [03/Mar/2024:11:17:12 +0800] "POST /xingrg/all/common/load_tree.html?tree=supplier_tree_json&isDelete=1 HTTP/1.1" 200 78681
116.230.123.13 - - [03/Mar/2024:11:17:16 +0800] "GET /xingrg/kc/buy/cgsh_order_add.html HTTP/1.1" 200 73528
120.253.135.82 - - [03/Mar/2024:11:17:16 +0800] "GET /xingrg/kc/buy/cgsh_order_operate.html?command=get_materiel_price&rest_code=00101&code=00101019907&unit_code=00100157&supplier_code=00100100&order_time=2024-03-03 HTTP/1.1" 200 30
116.230.123.13 - - [03/Mar/2024:11:17:16 +0800] "POST /xingrg/kc/buy/cgsh_order_operate.html HTTP/1.1" 200 8245
116.230.123.13 - - [03/Mar/2024:11:17:16 +0800] "GET /xingrg/javascript/easyui/themes/default/validatebox.css HTTP/1.1" 404 1104
218.81.65.124 - - [03/Mar/2024:11:17:18 +0800] "GET /xingrg/all/function/internal_message.html?_=1709435838403&CODE_STATE=getMsg HTTP/1.1" 200 27
114.83.217.226 - - [03/Mar/2024:11:17:21 +0800] "GET /xingrg/all/function/internal_message.html?_=1709435841788&CODE_STATE=getMsg HTTP/1.1" 200 27
116.238.97.31 - - [03/Mar/2024:11:17:25 +0800] "GET /xingrg/all/function/internal_message.html?_=1709435845515&CODE_STATE=getMsg HTTP/1.1" 200 27
116.230.112.23 - - [03/Mar/2024:11:17:26 +0800] "GET /xingrg/kc/buy/cgsh_order_operate.html?command=get_materiel&rest_code=00146&code=00101010161&supplier_code=00100041&order_time=2024-03-03 HTTP/1.1" 200 408
124.78.158.238 - - [03/Mar/2024:11:17:29 +0800] "GET /xingrg/kc/buy/cgsh_order_operate.html?command=get_materiel&rest_code=00106&code=00101023021&supplier_code=00100316&order_time=2024-03-03 HTTP/1.1" 200 409
116.232.194.112 - - [03/Mar/2024:11:17:30 +0800] "GET /xingrg/kc/buy/cgsh_order_operate.html?command=get_materiel&rest_code=00155&code=00101002006&supplier_code=00100091&order_time=2024-03-03 HTTP/1.1" 200 414
120.253.135.82 - - [03/Mar/2024:11:17:30 +0800] "GET /xingrg/check_reg.html?_=1709435686612 HTTP/1.1" 200 22
116.230.123.13 - - [03/Mar/2024:11:17:31 +0800] "GET /xingrg/kc/buy/cgsh_order_operate.html?command=get_materiel&rest_code=00111&code=00101007085&supplier_code=00100096&order_time=2024-03-03 HTTP/1.1" 200 413
120.253.135.82 - - [03/Mar/2024:11:17:31 +0800] "GET /xingrg/kc/buy/cgsh_order_operate.html?command=get_materiel&rest_code=00101&code=00101019112&supplier_code=00100100&order_time=2024-03-03 HTTP/1.1" 200 425
116.238.97.31 - - [03/Mar/2024:11:17:34 +0800] "GET /xingrg/all/function/internal_message.html?_=1709435855661&CODE_STATE=getMsg HTTP/1.1" 200 27
101.83.145.37 - - [03/Mar/2024:11:17:36 +0800] "GET /xingrg/kc/buy/cgsh_order_add.html HTTP/1.1" 200 73654
101.83.145.37 - - [03/Mar/2024:11:17:36 +0800] "POST /xingrg/kc/buy/cgsh_order_operate.html HTTP/1.1" 200 8245
101.83.145.37 - - [03/Mar/2024:11:17:36 +0800] "GET /xingrg/javascript/easyui/themes/default/validatebox.css HTTP/1.1" 404 1104
180.169.147.146 - - [03/Mar/2024:11:17:38 +0800] "GET /xingrg/all/function/internal_message.html?_=1709435858602&CODE_STATE=getMsg HTTP/1.1" 200 27
101.83.145.37 - - [03/Mar/2024:11:17:41 +0800] "GET /xingrg/all/function/internal_message.html?_=1709435624836&CODE_STATE=getMsg HTTP/1.1" 200 27
116.230.112.23 - - [03/Mar/2024:11:17:42 +0800] "GET /xingrg/kc/buy/cgsh_order_operate.html?command=get_materiel&rest_code=00146&code=00101001032&supplier_code=00100041&order_time=2024-03-03 HTTP/1.1" 200 413
116.232.194.112 - - [03/Mar/2024:11:17:43 +0800] "GET /xingrg/kc/buy/cgsh_order_operate.html?command=get_materiel&rest_code=00155&code=00101003037&supplier_code=00100091&order_time=2024-03-03 HTTP/1.1" 200 418
116.232.194.112 - - [03/Mar/2024:11:17:45 +0800] "GET /xingrg/all/function/internal_message.html?_=1709435849338&CODE_STATE=getMsg HTTP/1.1" 200 27
101.228.147.14 - - [03/Mar/2024:11:17:46 +0800] "GET /xingrg/all/function/internal_message.html?_=1709435866728&CODE_STATE=getMsg HTTP/1.1" 200 27
124.78.67.200 - - [03/Mar/2024:11:17:46 +0800] "GET /xingrg/all/function/internal_message.html?_=1709435866759&CODE_STATE=getMsg HTTP/1.1" 200 27
124.78.158.238 - - [03/Mar/2024:11:17:47 +0800] "GET /xingrg/all/function/internal_message.html?_=1709435867865&CODE_STATE=getMsg HTTP/1.1" 200 27
124.78.158.238 - - [03/Mar/2024:11:17:48 +0800] "POST /xingrg/kc/buy/cgsh_order_operate.html HTTP/1.1" 200 37
114.89.91.180 - - [03/Mar/2024:11:17:49 +0800] "GET /xingrg/all/function/internal_message.html?_=1709435869274&CODE_STATE=getMsg HTTP/1.1" 200 27
101.83.145.37 - - [03/Mar/2024:11:17:51 +0800] "GET /xingrg/all/function/internal_message.html?_=1709435871450&CODE_STATE=getMsg HTTP/1.1" 200 27
120.253.135.82 - - [03/Mar/2024:11:17:51 +0800] "GET /xingrg/kc/buy/cgsh_order_operate.html?command=get_materiel&rest_code=00101&code=00101019282&supplier_code=00100100&order_time=2024-03-03 HTTP/1.1" 200 440
116.230.112.23 - - [03/Mar/2024:11:17:51 +0800] "GET /xingrg/all/function/internal_message.html?_=1709435898016&CODE_STATE=getMsg HTTP/1.1" 200 27
180.169.147.146 - - [03/Mar/2024:11:17:53 +0800] "GET /xingrg/all/function/internal_message.html?_=1709435873033&CODE_STATE=getMsg HTTP/1.1" 200 27
116.224.254.208 - - [03/Mar/2024:11:17:55 +0800] "GET /xingrg/all/function/internal_message.html?_=1709435875863&CODE_STATE=getMsg HTTP/1.1" 200 27
124.78.158.238 - - [03/Mar/2024:11:17:56 +0800] "POST /xingrg/kc/buy/cgsh_order_operate.html HTTP/1.1" 200 12
180.164.1.25 - - [03/Mar/2024:11:17:56 +0800] "GET /xingrg/all/function/internal_message.html?_=1709435874607&CODE_STATE=getMsg HTTP/1.1" 200 27
124.78.158.238 - - [03/Mar/2024:11:17:56 +0800] "POST /xingrg/services/DataTransmitService HTTP/1.1" 200 524
124.78.158.238 - - [03/Mar/2024:11:17:58 +0800] "GET /xingrg/kc/buy/cgsh_order_info.html?code=212024030300689 HTTP/1.1" 200 68479
124.78.158.238 - - [03/Mar/2024:11:17:58 +0800] "POST /xingrg/services/DataTransmitService HTTP/1.1" 200 412
124.78.158.238 - - [03/Mar/2024:11:17:58 +0800] "GET /xingrg/javascript/easyui/themes/default/validatebox.css HTTP/1.1" 404 1104
116.232.194.112 - - [03/Mar/2024:11:18:00 +0800] "POST /xingrg/kc/buy/cgsh_order_operate.html HTTP/1.1" 200 37
124.78.158.238 - - [03/Mar/2024:11:18:00 +0800] "POST /xingrg/kc/buy/cgsh_order_operate.html HTTP/1.1" 200 606
116.230.112.23 - - [03/Mar/2024:11:18:03 +0800] "GET /xingrg/kc/buy/cgsh_order_operate.html?command=get_materiel&rest_code=00146&code=00101005037&supplier_code=00100041&order_time=2024-03-03 HTTP/1.1" 200 409
101.83.145.37 - - [03/Mar/2024:11:18:03 +0800] "GET /xingrg/kc/buy/cgsh_order_operate.html?command=get_materiel&rest_code=00105&code=00101001140&supplier_code=00100319&order_time=2024-03-03 HTTP/1.1" 200 415
124.78.158.238 - - [03/Mar/2024:11:18:03 +0800] "GET /xingrg/kc/print/load_data.html?order_code=212024030300689&kc_code=cgsh&condition= HTTP/1.1" 200 702
120.253.135.82 - - [03/Mar/2024:11:18:06 +0800] "GET /xingrg/kc/buy/cgsh_order_operate.html?command=get_materiel&rest_code=00101&code=00101019376&supplier_code=00100100&order_time=2024-03-03 HTTP/1.1" 200 475
222.69.134.231 - - [03/Mar/2024:11:18:06 +0800] "GET /xingrg/all/function/internal_message.html?_=1709435887248&CODE_STATE=getMsg HTTP/1.1" 200 27
124.79.245.19 - - [03/Mar/2024:11:18:06 +0800] "GET /xingrg/check_reg.html?_=1709435885658 HTTP/1.1" 200 22
124.79.245.19 - - [03/Mar/2024:11:18:06 +0800] "GET /xingrg/all/function/internal_message.html?_=1709435885659&CODE_STATE=getMsg HTTP/1.1" 200 27
120.253.135.82 - - [03/Mar/2024:11:18:07 +0800] "POST /xingrg/all/common/load_select.html HTTP/1.1" 200 25
116.232.194.112 - - [03/Mar/2024:11:18:08 +0800] "POST /xingrg/kc/buy/cgsh_order_operate.html HTTP/1.1" 200 3260
124.78.158.238 - - [03/Mar/2024:11:18:08 +0800] "GET /xingrg/kc/buy/cgsh_order_add.html HTTP/1.1" 200 73566
124.78.158.238 - - [03/Mar/2024:11:18:08 +0800] "POST /xingrg/kc/buy/cgsh_order_operate.html HTTP/1.1" 200 8245
124.78.158.238 - - [03/Mar/2024:11:18:08 +0800] "GET /xingrg/javascript/easyui/themes/default/validatebox.css HTTP/1.1" 404 1104
116.230.123.13 - - [03/Mar/2024:11:18:09 +0800] "GET /xingrg/all/function/internal_message.html?_=1709435890208&CODE_STATE=getMsg HTTP/1.1" 200 27
124.78.158.238 - - [03/Mar/2024:11:18:10 +0800] "GET /xingrg/all/function/internal_message.html?_=1709435890943&CODE_STATE=getMsg HTTP/1.1" 200 27
124.78.158.238 - - [03/Mar/2024:11:18:10 +0800] "GET /xingrg/javascript/easyui/themes/default/tree.css HTTP/1.1" 404 1090
124.78.158.238 - - [03/Mar/2024:11:18:10 +0800] "GET /xingrg/check_reg.html?_=1709435890945 HTTP/1.1" 200 22
180.169.147.146 - - [03/Mar/2024:11:18:10 +0800] "GET /xingrg/all/function/internal_message.html?_=1709435891192&CODE_STATE=getMsg HTTP/1.1" 200 27
124.78.158.238 - - [03/Mar/2024:11:18:11 +0800] "POST /xingrg/all/common/load_tree.html?tree=supplier_tree_json&isDelete=1 HTTP/1.1" 200 78681
120.253.135.82 - - [03/Mar/2024:11:18:12 +0800] "GET /xingrg/kc/buy/cgsh_order_operate.html?command=get_materiel_price&rest_code=00101&code=00101019376&unit_code=00100231&supplier_code=00100100&order_time=2024-03-03 HTTP/1.1" 200 30
116.232.194.112 - - [03/Mar/2024:11:18:12 +0800] "GET /xingrg/kc/print/load_data.html?order_code=212024030300690&kc_code=cgsh&condition= HTTP/1.1" 200 991
116.230.112.23 - - [03/Mar/2024:11:18:16 +0800] "GET /xingrg/kc/buy/cgsh_order_operate.html?command=get_materiel&rest_code=00146&code=00101006067&supplier_code=00100041&order_time=2024-03-03 HTTP/1.1" 200 409
116.224.254.208 - - [03/Mar/2024:11:18:17 +0800] "POST /xingrg/services/DataTransmitService HTTP/1.1" 200 524
218.81.65.124 - - [03/Mar/2024:11:18:18 +0800] "GET /xingrg/all/function/internal_message.html?_=1709435898416&CODE_STATE=getMsg HTTP/1.1" 200 27
116.224.254.208 - - [03/Mar/2024:11:18:19 +0800] "POST /xingrg/services/DataTransmitService HTTP/1.1" 200 412
114.83.217.226 - - [03/Mar/2024:11:18:21 +0800] "GET /xingrg/all/function/internal_message.html?_=1709435901763&CODE_STATE=getMsg HTTP/1.1" 200 27
116.232.194.112 - - [03/Mar/2024:11:18:21 +0800] "GET /xingrg/kc/buy/cgsh_order_add.html HTTP/1.1" 200 73660
116.232.194.112 - - [03/Mar/2024:11:18:21 +0800] "POST /xingrg/kc/buy/cgsh_order_operate.html HTTP/1.1" 200 8245
116.232.194.112 - - [03/Mar/2024:11:18:22 +0800] "GET /xingrg/javascript/easyui/themes/default/validatebox.css HTTP/1.1" 404 1104
116.238.97.31 - - [03/Mar/2024:11:18:25 +0800] "GET /xingrg/all/function/internal_message.html?_=1709435905495&CODE_STATE=getMsg HTTP/1.1" 200 27
116.230.112.23 - - [03/Mar/2024:11:18:32 +0800] "GET /xingrg/kc/buy/cgsh_order_operate.html?command=get_materiel&rest_code=00146&code=00101018011&supplier_code=00100041&order_time=2024-03-03 HTTP/1.1" 200 413
114.89.91.180 - - [03/Mar/2024:11:18:33 +0800] "GET /xingrg/javascript/jquery_easy_ui/themes/default/images/button_plain_hover.png HTTP/1.1" 200 252
116.238.97.31 - - [03/Mar/2024:11:18:34 +0800] "GET /xingrg/all/function/internal_message.html?_=1709435915656&CODE_STATE=getMsg HTTP/1.1" 200 27
180.169.147.146 - - [03/Mar/2024:11:18:38 +0800] "GET /xingrg/all/function/internal_message.html?_=1709435918603&CODE_STATE=getMsg HTTP/1.1" 200 27
101.83.145.37 - - [03/Mar/2024:11:18:41 +0800] "GET /xingrg/all/function/internal_message.html?_=1709435684820&CODE_STATE=getMsg HTTP/1.1" 200 27
116.232.194.112 - - [03/Mar/2024:11:18:44 +0800] "GET /xingrg/kc/buy/cgsh_order_operate.html?command=get_materiel&rest_code=00155&code=00101001115&supplier_code=00100089&order_time=2024-03-03 HTTP/1.1" 200 415
116.232.194.112 - - [03/Mar/2024:11:18:45 +0800] "GET /xingrg/all/function/internal_message.html?_=1709435909325&CODE_STATE=getMsg HTTP/1.1" 200 27
124.78.158.238 - - [03/Mar/2024:11:18:45 +0800] "GET /xingrg/kc/buy/cgsh_order_operate.html?command=get_materiel&rest_code=00106&code=00101002006&supplier_code=00100091&order_time=2024-03-03 HTTP/1.1" 200 414
101.228.147.14 - - [03/Mar/2024:11:18:46 +0800] "GET /xingrg/all/function/internal_message.html?_=1709435926741&CODE_STATE=getMsg HTTP/1.1" 200 27
124.78.67.200 - - [03/Mar/2024:11:18:46 +0800] "GET /xingrg/all/function/internal_message.html?_=1709435926754&CODE_STATE=getMsg HTTP/1.1" 200 27
124.78.158.238 - - [03/Mar/2024:11:18:47 +0800] "GET /xingrg/all/function/internal_message.html?_=1709435927858&CODE_STATE=getMsg HTTP/1.1" 200 27
124.78.158.238 - - [03/Mar/2024:11:18:49 +0800] "GET /xingrg/all/function/internal_message.html?_=1709435929294&CODE_STATE=getMsg HTTP/1.1" 200 27
114.89.91.180 - - [03/Mar/2024:11:18:49 +0800] "GET /xingrg/all/function/internal_message.html?_=1709435929267&CODE_STATE=getMsg HTTP/1.1" 200 27
124.78.67.200 - - [03/Mar/2024:11:18:49 +0800] "POST /xingrg/kc/buy/cgsh_order_operate.html HTTP/1.1" 200 8245
124.78.67.200 - - [03/Mar/2024:11:18:49 +0800] "GET /xingrg/javascript/easyui/themes/default/validatebox.css HTTP/1.1" 404 1104
116.230.112.23 - - [03/Mar/2024:11:18:50 +0800] "GET /xingrg/kc/buy/cgsh_order_operate.html?command=get_materiel&rest_code=00146&code=00101001191&supplier_code=00100041&order_time=2024-03-03 HTTP/1.1" 200 413
101.83.145.37 - - [03/Mar/2024:11:18:51 +0800] "GET /xingrg/all/function/internal_message.html?_=1709435931435&CODE_STATE=getMsg HTTP/1.1" 200 27
116.230.112.23 - - [03/Mar/2024:11:18:51 +0800] "GET /xingrg/check_reg.html?_=1709435957967 HTTP/1.1" 200 22
116.230.112.23 - - [03/Mar/2024:11:18:51 +0800] "GET /xingrg/all/function/internal_message.html?_=1709435958030&CODE_STATE=getMsg HTTP/1.1" 200 27
180.169.147.146 - - [03/Mar/2024:11:18:53 +0800] "GET /xingrg/all/function/internal_message.html?_=1709435933034&CODE_STATE=getMsg HTTP/1.1" 200 27
116.224.254.208 - - [03/Mar/2024:11:18:55 +0800] "GET /xingrg/all/function/internal_message.html?_=1709435935868&CODE_STATE=getMsg HTTP/1.1" 200 27
180.164.1.25 - - [03/Mar/2024:11:18:56 +0800] "GET /xingrg/all/function/internal_message.html?_=1709435934604&CODE_STATE=getMsg HTTP/1.1" 200 27
124.78.158.238 - - [03/Mar/2024:11:19:01 +0800] "POST /xingrg/kc/buy/cgsh_order_operate.html HTTP/1.1" 200 37
116.230.112.23 - - [03/Mar/2024:11:19:04 +0800] "GET /xingrg/kc/buy/cgsh_order_operate.html?command=get_materiel&rest_code=00146&code=00101001160&supplier_code=00100041&order_time=2024-03-03 HTTP/1.1" 200 408
120.253.135.82 - - [03/Mar/2024:11:19:05 +0800] "POST /xingrg/kc/buy/cgsh_order_operate.html HTTP/1.1" 200 88
222.69.134.231 - - [03/Mar/2024:11:19:06 +0800] "GET /xingrg/all/function/internal_message.html?_=1709435947227&CODE_STATE=getMsg HTTP/1.1" 200 27
124.79.245.19 - - [03/Mar/2024:11:19:06 +0800] "GET /xingrg/all/function/internal_message.html?_=1709435945653&CODE_STATE=getMsg HTTP/1.1" 200 27
116.230.123.13 - - [03/Mar/2024:11:19:09 +0800] "GET /xingrg/all/function/internal_message.html?_=1709435950216&CODE_STATE=getMsg HTTP/1.1" 200 27
116.232.194.112 - - [03/Mar/2024:11:19:10 +0800] "POST /xingrg/kc/buy/cgsh_order_operate.html HTTP/1.1" 200 37
124.78.158.238 - - [03/Mar/2024:11:19:10 +0800] "GET /xingrg/all/function/internal_message.html?_=1709435950944&CODE_STATE=getMsg HTTP/1.1" 200 27
180.169.147.146 - - [03/Mar/2024:11:19:10 +0800] "GET /xingrg/all/function/internal_message.html?_=1709435951164&CODE_STATE=getMsg HTTP/1.1" 200 27
180.169.147.146 - - [03/Mar/2024:11:19:12 +0800] "GET /xingrg/check_reg.html?_=1709435952429 HTTP/1.1" 200 22
180.169.147.146 - - [03/Mar/2024:11:19:15 +0800] "GET /xingrg/kc/report/report_main.html HTTP/1.1" 200 7340
180.169.147.146 - - [03/Mar/2024:11:19:17 +0800] "GET /xingrg/kc/base/kc_stocks.html HTTP/1.1" 200 16554
180.169.147.146 - - [03/Mar/2024:11:19:17 +0800] "GET /xingrg/javascript/easyui/themes/default/tree.css HTTP/1.1" 404 1090
180.169.147.146 - - [03/Mar/2024:11:19:17 +0800] "POST /xingrg/all/common/load_tree.html?tree=materiel_sort_tree_json HTTP/1.1" 200 9734
120.253.135.82 - - [03/Mar/2024:11:19:17 +0800] "POST /xingrg/kc/buy/cgsh_order_operate.html HTTP/1.1" 200 37
116.232.194.112 - - [03/Mar/2024:11:19:17 +0800] "POST /xingrg/kc/buy/cgsh_order_operate.html HTTP/1.1" 200 2657
218.81.65.124 - - [03/Mar/2024:11:19:18 +0800] "GET /xingrg/all/function/internal_message.html?_=1709435958412&CODE_STATE=getMsg HTTP/1.1" 200 27
124.78.158.238 - - [03/Mar/2024:11:19:18 +0800] "POST /xingrg/kc/buy/cgsh_order_operate.html HTTP/1.1" 200 12
120.253.135.82 - - [03/Mar/2024:11:19:20 +0800] "POST /xingrg/kc/buy/cgsh_order_operate.html HTTP/1.1" 200 7641
116.232.194.112 - - [03/Mar/2024:11:19:20 +0800] "GET /xingrg/kc/print/load_data.html?order_code=212024030300693&kc_code=cgsh&condition= HTTP/1.1" 200 754
124.78.158.238 - - [03/Mar/2024:11:19:21 +0800] "GET /xingrg/kc/buy/cgsh_order_info.html?code=212024030300691 HTTP/1.1" 200 68479
114.83.217.226 - - [03/Mar/2024:11:19:21 +0800] "GET /xingrg/all/function/internal_message.html?_=1709435961740&CODE_STATE=getMsg HTTP/1.1" 200 27
124.78.158.238 - - [03/Mar/2024:11:19:21 +0800] "GET /xingrg/javascript/easyui/themes/default/validatebox.css HTTP/1.1" 404 1104
124.78.67.200 - - [03/Mar/2024:11:19:22 +0800] "GET /xingrg/kc/buy/cgsh_order_operate.html?command=get_materiel&rest_code=00141&code=00101031001&supplier_code=00100240&order_time=2024-03-03 HTTP/1.1" 200 419
180.169.147.146 - - [03/Mar/2024:11:19:22 +0800] "POST /xingrg/kc/base/stock_operate.html HTTP/1.1" 200 3380
124.78.158.238 - - [03/Mar/2024:11:19:22 +0800] "POST /xingrg/kc/buy/cgsh_order_operate.html HTTP/1.1" 200 611
114.83.217.226 - - [03/Mar/2024:11:19:23 +0800] "GET /xingrg/check_reg.html?_=1709435963696 HTTP/1.1" 200 22
116.230.112.23 - - [03/Mar/2024:11:19:24 +0800] "GET /xingrg/kc/buy/cgsh_order_operate.html?command=get_materiel&rest_code=00146&code=00101018019&supplier_code=00100041&order_time=2024-03-03 HTTP/1.1" 200 421
180.169.147.146 - - [03/Mar/2024:11:19:25 +0800] "GET /xingrg/kc/base/stock_detail.html?m=00101010202 HTTP/1.1" 200 7400
116.238.97.31 - - [03/Mar/2024:11:19:25 +0800] "GET /xingrg/all/function/internal_message.html?_=1709435965468&CODE_STATE=getMsg HTTP/1.1" 200 27
114.89.91.180 - - [03/Mar/2024:11:19:25 +0800] "GET /xingrg/check_reg.html?_=1709435965471 HTTP/1.1" 200 22
116.238.97.31 - - [03/Mar/2024:11:19:27 +0800] "GET /xingrg/check_reg.html?_=1709435967931 HTTP/1.1" 200 22
101.83.145.37 - - [03/Mar/2024:11:19:28 +0800] "POST /xingrg/kc/buy/cgsh_order_operate.html HTTP/1.1" 200 37
124.78.158.238 - - [03/Mar/2024:11:19:28 +0800] "GET /xingrg/kc/print/load_data.html?order_code=212024030300691&kc_code=cgsh&condition= HTTP/1.1" 200 769
180.169.147.146 - - [03/Mar/2024:11:19:28 +0800] "GET /xingrg/kc/base/stock_operate.html?_=1709435968582&command=get_report_file&start_day=20240201 HTTP/1.1" 200 53
180.169.147.146 - - [03/Mar/2024:11:19:28 +0800] "GET /xingrg/all/report/report_query.html?isQuery=1&onlyBody=1&rh=2000&fileName=kc/base/kc_stock_detail_new.xml&queryString=(1=1)&queryText=&tableQueryString=init_table$sp1$$sp$crk_table$sp1$order_day%20between%2020240201%20and%2020240331&varString=start_day:20240201,materiel_code:00101010202,cost_id:4865,end_date:20240131 HTTP/1.1" 200 48701
180.169.147.146 - - [03/Mar/2024:11:19:28 +0800] "GET /xingrg/dwr/interface/AjaxReportQueryService.js HTTP/1.1" 200 13203
180.169.147.146 - - [03/Mar/2024:11:19:28 +0800] "GET /xingrg/dwr/engine.js HTTP/1.1" 200 43631
180.169.147.146 - - [03/Mar/2024:11:19:30 +0800] "POST /xingrg/all/report/load_report_page.html HTTP/1.1" 200 20152
180.169.147.146 - - [03/Mar/2024:11:19:30 +0800] "GET /xingrg/servlets/image?cache=0.9823235972248475&image=px HTTP/1.1" 200 807
101.83.145.37 - - [03/Mar/2024:11:19:30 +0800] "POST /xingrg/kc/buy/cgsh_order_operate.html HTTP/1.1" 200 2664
120.253.135.82 - - [03/Mar/2024:11:19:33 +0800] "GET /xingrg/kc/buy/cgsh_order_operate.html?command=get_materiel&rest_code=00101&code=00101019401&supplier_code=00100100&order_time=2024-03-03 HTTP/1.1" 200 455
101.83.145.37 - - [03/Mar/2024:11:19:34 +0800] "GET /xingrg/kc/print/load_data.html?order_code=212024030300695&kc_code=cgsh&condition= HTTP/1.1" 200 681
124.78.158.238 - - [03/Mar/2024:11:19:34 +0800] "GET /xingrg/kc/buy/cgsh_order_add.html HTTP/1.1" 200 73566
116.238.97.31 - - [03/Mar/2024:11:19:34 +0800] "GET /xingrg/all/function/internal_message.html?_=1709435975637&CODE_STATE=getMsg HTTP/1.1" 200 27
124.78.158.238 - - [03/Mar/2024:11:19:34 +0800] "POST /xingrg/kc/buy/cgsh_order_operate.html HTTP/1.1" 200 8245
124.78.158.238 - - [03/Mar/2024:11:19:34 +0800] "GET /xingrg/javascript/easyui/themes/default/validatebox.css HTTP/1.1" 404 1104
124.78.158.238 - - [03/Mar/2024:11:19:37 +0800] "GET /xingrg/javascript/easyui/themes/default/tree.css HTTP/1.1" 404 1090
124.78.158.238 - - [03/Mar/2024:11:19:37 +0800] "POST /xingrg/all/common/load_tree.html?tree=supplier_tree_json&isDelete=1 HTTP/1.1" 200 78681
180.169.147.146 - - [03/Mar/2024:11:19:38 +0800] "GET /xingrg/all/function/internal_message.html?_=1709435978599&CODE_STATE=getMsg HTTP/1.1" 200 27
101.83.145.37 - - [03/Mar/2024:11:19:41 +0800] "GET /xingrg/all/function/internal_message.html?_=1709435744800&CODE_STATE=getMsg HTTP/1.1" 200 27
101.83.145.37 - - [03/Mar/2024:11:19:41 +0800] "GET /xingrg/check_reg.html?_=1709435745146 HTTP/1.1" 200 22
116.232.194.112 - - [03/Mar/2024:11:19:42 +0800] "GET /xingrg/kc/buy/cgsh_order_add.html HTTP/1.1" 200 73660
116.232.194.112 - - [03/Mar/2024:11:19:42 +0800] "POST /xingrg/kc/buy/cgsh_order_operate.html HTTP/1.1" 200 8245
116.232.194.112 - - [03/Mar/2024:11:19:43 +0800] "GET /xingrg/javascript/easyui/themes/default/validatebox.css HTTP/1.1" 404 1104
116.232.194.112 - - [03/Mar/2024:11:19:45 +0800] "GET /xingrg/all/function/internal_message.html?_=1709435969497&CODE_STATE=getMsg HTTP/1.1" 200 27
116.232.194.112 - - [03/Mar/2024:11:19:45 +0800] "GET /xingrg/check_reg.html?_=1709435970076 HTTP/1.1" 200 22
101.228.147.14 - - [03/Mar/2024:11:19:46 +0800] "GET /xingrg/all/function/internal_message.html?_=1709435986755&CODE_STATE=getMsg HTTP/1.1" 200 27
124.78.67.200 - - [03/Mar/2024:11:19:46 +0800] "GET /xingrg/all/function/internal_message.html?_=1709435986743&CODE_STATE=getMsg HTTP/1.1" 200 27
124.78.158.238 - - [03/Mar/2024:11:19:47 +0800] "GET /xingrg/all/function/internal_message.html?_=1709435987869&CODE_STATE=getMsg HTTP/1.1" 200 27
124.78.158.238 - - [03/Mar/2024:11:19:49 +0800] "GET /xingrg/all/function/internal_message.html?_=1709435989270&CODE_STATE=getMsg HTTP/1.1" 200 27
114.89.91.180 - - [03/Mar/2024:11:19:49 +0800] "GET /xingrg/all/function/internal_message.html?_=1709435989274&CODE_STATE=getMsg HTTP/1.1" 200 27
120.253.135.82 - - [03/Mar/2024:11:19:50 +0800] "GET /xingrg/kc/buy/cgsh_order_operate.html?command=get_materiel&rest_code=00101&code=00101019422&supplier_code=00100100&order_time=2024-03-03 HTTP/1.1" 200 473
101.83.145.37 - - [03/Mar/2024:11:19:51 +0800] "GET /xingrg/all/function/internal_message.html?_=1709435991436&CODE_STATE=getMsg HTTP/1.1" 200 27
120.253.135.82 - - [03/Mar/2024:11:19:51 +0800] "POST /xingrg/all/common/load_select.html HTTP/1.1" 200 25
116.230.112.23 - - [03/Mar/2024:11:19:51 +0800] "GET /xingrg/all/function/internal_message.html?_=1709436018044&CODE_STATE=getMsg HTTP/1.1" 200 27
180.169.147.146 - - [03/Mar/2024:11:19:53 +0800] "GET /xingrg/all/function/internal_message.html?_=1709435993029&CODE_STATE=getMsg HTTP/1.1" 200 27
101.83.145.37 - - [03/Mar/2024:11:19:55 +0800] "GET /xingrg/kc/buy/cgsh_order_add.html HTTP/1.1" 200 73654
101.83.145.37 - - [03/Mar/2024:11:19:55 +0800] "POST /xingrg/kc/buy/cgsh_order_operate.html HTTP/1.1" 200 8245
101.83.145.37 - - [03/Mar/2024:11:19:55 +0800] "GET /xingrg/javascript/easyui/themes/default/validatebox.css HTTP/1.1" 404 1104
116.224.254.208 - - [03/Mar/2024:11:19:55 +0800] "GET /xingrg/all/function/internal_message.html?_=1709435995857&CODE_STATE=getMsg HTTP/1.1" 200 27
180.164.1.25 - - [03/Mar/2024:11:19:56 +0800] "GET /xingrg/all/function/internal_message.html?_=1709435994604&CODE_STATE=getMsg HTTP/1.1" 200 27
124.78.67.200 - - [03/Mar/2024:11:19:56 +0800] "POST /xingrg/kc/buy/cgsh_order_operate.html HTTP/1.1" 200 37
180.169.147.146 - - [03/Mar/2024:11:19:57 +0800] "GET /xingrg/kc/base/crk_hz.html HTTP/1.1" 200 11247
180.169.147.146 - - [03/Mar/2024:11:19:57 +0800] "GET /xingrg/javascript/step/step.css HTTP/1.1" 200 999
180.164.1.25 - - [03/Mar/2024:11:19:57 +0800] "GET /xingrg/check_reg.html?_=1709435995806 HTTP/1.1" 200 22
180.169.147.146 - - [03/Mar/2024:11:19:57 +0800] "POST /xingrg/kc/cost/cost_operate.html?command=get_base_tree HTTP/1.1" 200 2657
180.169.147.146 - - [03/Mar/2024:11:19:57 +0800] "POST /xingrg/all/common/load_tree.html?tree=materiel_sort_tree_json HTTP/1.1" 200 9734
124.78.158.238 - - [03/Mar/2024:11:19:58 +0800] "GET /xingrg/kc/buy/cgsh_order_operate.html?command=get_materiel&rest_code=00106&code=00101004034&supplier_code=00100085&order_time=2024-03-03 HTTP/1.1" 200 418
120.253.135.82 - - [03/Mar/2024:11:19:58 +0800] "GET /xingrg/kc/buy/cgsh_order_operate.html?command=get_materiel_price&rest_code=00101&code=00101019422&unit_code=00100179&supplier_code=00100100&order_time=2024-03-03 HTTP/1.1" 200 29
180.169.147.146 - - [03/Mar/2024:11:19:59 +0800] "GET /xingrg/all/common/get_data_part.html?part=previousMonth&_=1709435999424 HTTP/1.1" 200 41
180.169.147.146 - - [03/Mar/2024:11:20:02 +0800] "GET /xingrg/kc/base/crk_hz.html?_=1709436002295&command=get_cost_id&end_date=2024-02-29&start_date=2024-02-01 HTTP/1.1" 200 51
180.169.147.146 - - [03/Mar/2024:11:20:02 +0800] "GET /xingrg/all/report/report_query.html?isQuery=1&onlyBody=1&rh=99999&rw=1800&varString=start:20240201,cost_id:4865,mid:20240201&fileName=kc/base/crk_hz_type_by_base.xml&queryString=%20a.base_code%20in%20('0010518')%20&queryText=ÈÕÆÚ£º2024-02-01ÖÁ2024-02-29%20²Ö¿â£ºµãÐÄ&tableQueryString=materiel_table$sp1$$sp$before_table$sp1$$sp$crk_table$sp1$order_day%20between%2020240201%20and%2020240229 HTTP/1.1" 200 49399
180.169.147.146 - - [03/Mar/2024:11:20:02 +0800] "GET /xingrg/dwr/interface/AjaxReportQueryService.js HTTP/1.1" 200 13203
180.169.147.146 - - [03/Mar/2024:11:20:02 +0800] "GET /xingrg/dwr/engine.js HTTP/1.1" 200 43631
222.69.134.231 - - [03/Mar/2024:11:20:06 +0800] "GET /xingrg/all/function/internal_message.html?_=1709436007207&CODE_STATE=getMsg HTTP/1.1" 200 27
124.79.245.19 - - [03/Mar/2024:11:20:06 +0800] "GET /xingrg/all/function/internal_message.html?_=1709436005635&CODE_STATE=getMsg HTTP/1.1" 200 27
180.169.147.146 - - [03/Mar/2024:11:20:07 +0800] "POST /xingrg/all/report/load_report_page.html HTTP/1.1" 200 94756
180.169.147.146 - - [03/Mar/2024:11:20:07 +0800] "GET /xingrg/servlets/image?cache=0.44724600448472174&image=px HTTP/1.1" 200 807
