58.39.109.113 - - [03/Mar/2024:11:45:58 +0800] "GET /xingrg/all/function/internal_message.html?_=1709437560504&CODE_STATE=count HTTP/1.1" 200 11
58.39.109.113 - - [03/Mar/2024:11:45:58 +0800] "POST /xingrg/all/common/load_tree.html?tree=area_rest_tree_json&manage=1 HTTP/1.1" 200 348
58.39.109.113 - - [03/Mar/2024:11:45:58 +0800] "POST /xingrg/load_menu.html HTTP/1.1" 200 5138
116.230.112.23 - - [03/Mar/2024:11:45:58 +0800] "GET /xingrg/check_reg.html?_=1709437585203 HTTP/1.1" 200 22
116.230.112.23 - - [03/Mar/2024:11:45:58 +0800] "GET /xingrg/all/function/internal_message.html?_=1709437585323&CODE_STATE=getMsg HTTP/1.1" 200 27
116.232.194.112 - - [03/Mar/2024:11:46:00 +0800] "GET /xingrg/all/function/internal_message.html?_=1709437545170&CODE_STATE=getMsg HTTP/1.1" 200 27
58.39.109.113 - - [03/Mar/2024:11:46:03 +0800] "GET /xingrg/kc/base/base_main.html HTTP/1.1" 200 12142
116.238.97.31 - - [03/Mar/2024:11:46:03 +0800] "GET /xingrg/all/function/internal_message.html?_=1709437563996&CODE_STATE=getMsg HTTP/1.1" 200 27
58.39.109.113 - - [03/Mar/2024:11:46:05 +0800] "GET /xingrg/kc/base/wldb_order_list.html HTTP/1.1" 200 19017
222.69.134.231 - - [03/Mar/2024:11:46:06 +0800] "GET /xingrg/all/function/internal_message.html?_=1709437566769&CODE_STATE=getMsg HTTP/1.1" 200 27
58.39.109.113 - - [03/Mar/2024:11:46:06 +0800] "POST /xingrg/kc/base/wldb_list_operate.html HTTP/1.1" 200 928
222.69.134.231 - - [03/Mar/2024:11:46:07 +0800] "GET /xingrg/check_reg.html?_=1709437567850 HTTP/1.1" 200 22
58.39.109.113 - - [03/Mar/2024:11:46:09 +0800] "GET /xingrg/kc/base/wldb_order_add.html HTTP/1.1" 200 30348
58.39.109.113 - - [03/Mar/2024:11:46:09 +0800] "GET /xingrg/words/20240229092203_words.js HTTP/1.1" 304 -
58.39.109.113 - - [03/Mar/2024:11:46:09 +0800] "POST /xingrg/kc/base/wldb_order_operate.html HTTP/1.1" 200 6806
58.39.109.113 - - [03/Mar/2024:11:46:09 +0800] "GET /xingrg/all/common/auto_word.html?type=base&rest_code=00157 HTTP/1.1" 200 781
58.39.109.113 - - [03/Mar/2024:11:46:09 +0800] "GET /xingrg/javascript/easyui/themes/default/validatebox.css HTTP/1.1" 404 1104
58.39.109.113 - - [03/Mar/2024:11:46:09 +0800] "GET /xingrg/all/common/auto_word.html?type=base&rest_code=00157 HTTP/1.1" 200 781
124.78.158.238 - - [03/Mar/2024:11:46:10 +0800] "GET /xingrg/all/function/internal_message.html?_=1709437570389&CODE_STATE=getMsg HTTP/1.1" 200 27
58.39.109.113 - - [03/Mar/2024:11:46:11 +0800] "GET /xingrg/javascript/auto/indicator.gif HTTP/1.1" 404 1066
114.83.217.226 - - [03/Mar/2024:11:46:11 +0800] "GET /xingrg/all/function/internal_message.html?_=1709437571775&CODE_STATE=getMsg HTTP/1.1" 200 27
58.39.109.113 - - [03/Mar/2024:11:46:15 +0800] "GET /xingrg/javascript/jquery_tools/images/prev.gif HTTP/1.1" 404 1086
58.39.109.113 - - [03/Mar/2024:11:46:15 +0800] "GET /xingrg/javascript/jquery_tools/images/next.gif HTTP/1.1" 404 1086
218.81.65.124 - - [03/Mar/2024:11:46:18 +0800] "GET /xingrg/all/function/internal_message.html?_=1709437578407&CODE_STATE=getMsg HTTP/1.1" 200 27
116.232.194.112 - - [03/Mar/2024:11:46:19 +0800] "GET /xingrg/all/function/internal_message.html?_=1709437563625&CODE_STATE=getMsg HTTP/1.1" 200 27
58.39.109.113 - - [03/Mar/2024:11:46:20 +0800] "GET /xingrg/kc/base/wldb_order_operate.html?command=get_materiel&rest_code=00157&base_code=0010867&code=00101008354 HTTP/1.1" 200 435
114.83.217.226 - - [03/Mar/2024:11:46:21 +0800] "GET /xingrg/all/function/internal_message.html?_=1709437581172&CODE_STATE=getMsg HTTP/1.1" 200 27
116.230.123.13 - - [03/Mar/2024:11:46:26 +0800] "GET /xingrg/all/function/internal_message.html?_=1709437586313&CODE_STATE=getMsg HTTP/1.1" 302 -
58.39.109.113 - - [03/Mar/2024:11:46:27 +0800] "GET /xingrg/kc/base/wldb_order_operate.html?command=get_materiel&rest_code=00157&base_code=0010867&code=00101010632 HTTP/1.1" 200 428
101.83.145.37 - - [03/Mar/2024:11:46:27 +0800] "GET /xingrg/all/function/internal_message.html?_=1709437350758&CODE_STATE=getMsg HTTP/1.1" 200 27
124.79.245.19 - - [03/Mar/2024:11:46:30 +0800] "GET /xingrg/all/function/internal_message.html?_=1709437589279&CODE_STATE=getMsg HTTP/1.1" 200 27
114.83.217.226 - - [03/Mar/2024:11:46:30 +0800] "GET /xingrg/all/function/internal_message.html?_=1709437590628&CODE_STATE=getMsg HTTP/1.1" 200 27
58.39.109.113 - - [03/Mar/2024:11:46:31 +0800] "GET /xingrg/kc/base/wldb_order_operate.html?command=get_materiel&rest_code=00157&base_code=0010867&code=00101010822 HTTP/1.1" 200 454
116.238.97.31 - - [03/Mar/2024:11:46:34 +0800] "GET /xingrg/all/function/internal_message.html?_=1709437595239&CODE_STATE=getMsg HTTP/1.1" 200 27
124.78.67.200 - - [03/Mar/2024:11:46:36 +0800] "GET /xingrg/all/function/internal_message.html?_=1709437596976&CODE_STATE=getMsg HTTP/1.1" 200 27
124.78.67.200 - - [03/Mar/2024:11:46:36 +0800] "GET /xingrg/check_reg.html?_=1709437596979 HTTP/1.1" 200 22
58.39.109.113 - - [03/Mar/2024:11:46:37 +0800] "GET /xingrg/kc/base/wldb_order_operate.html?command=get_materiel&rest_code=00157&base_code=0010867&code=00101008264 HTTP/1.1" 200 435
180.169.147.146 - - [03/Mar/2024:11:46:38 +0800] "GET /xingrg/check_reg.html?_=1709437598593 HTTP/1.1" 200 22
180.169.147.146 - - [03/Mar/2024:11:46:38 +0800] "GET /xingrg/all/function/internal_message.html?_=1709437598685&CODE_STATE=getMsg HTTP/1.1" 200 27
58.39.109.113 - - [03/Mar/2024:11:46:40 +0800] "GET /xingrg/kc/base/wldb_order_operate.html?command=get_materiel&rest_code=00157&base_code=0010867&code=00101012070 HTTP/1.1" 200 433
180.169.147.146 - - [03/Mar/2024:11:46:43 +0800] "GET /xingrg/all/function/internal_message.html?_=1709437603672&CODE_STATE=getMsg HTTP/1.1" 200 27
116.238.97.31 - - [03/Mar/2024:11:46:44 +0800] "GET /xingrg/check_reg.html?_=1709437639534 HTTP/1.1" 200 22
116.238.97.31 - - [03/Mar/2024:11:46:44 +0800] "GET /xingrg/all/function/internal_message.html?_=1709437639536&CODE_STATE=getMsg HTTP/1.1" 200 27
116.232.194.112 - - [03/Mar/2024:11:46:44 +0800] "GET /xingrg/all/function/internal_message.html?_=1709437588855&CODE_STATE=getMsg HTTP/1.1" 200 27
101.228.147.14 - - [03/Mar/2024:11:46:46 +0800] "GET /xingrg/all/function/internal_message.html?_=1709437606776&CODE_STATE=getMsg HTTP/1.1" 200 27
116.230.123.13 - - [03/Mar/2024:11:46:47 +0800] "GET /xingrg/all/function/internal_message.html?_=1709437608406&CODE_STATE=getMsg HTTP/1.1" 200 27
124.78.158.238 - - [03/Mar/2024:11:46:47 +0800] "GET /xingrg/all/function/internal_message.html?_=1709437607872&CODE_STATE=getMsg HTTP/1.1" 200 27
58.39.109.113 - - [03/Mar/2024:11:46:48 +0800] "GET /xingrg/kc/base/wldb_order_operate.html?command=get_materiel&rest_code=00157&base_code=0010867&code=00101012029 HTTP/1.1" 200 432
114.89.91.180 - - [03/Mar/2024:11:46:49 +0800] "GET /xingrg/all/function/internal_message.html?_=1709437609261&CODE_STATE=getMsg HTTP/1.1" 200 27
101.83.145.37 - - [03/Mar/2024:11:46:51 +0800] "GET /xingrg/all/function/internal_message.html?_=1709437611468&CODE_STATE=getMsg HTTP/1.1" 200 27
101.83.145.37 - - [03/Mar/2024:11:46:51 +0800] "GET /xingrg/check_reg.html?_=1709437611473 HTTP/1.1" 200 22
58.39.109.113 - - [03/Mar/2024:11:46:52 +0800] "GET /xingrg/kc/base/wldb_order_operate.html?command=get_materiel&rest_code=00157&base_code=0010867&code=00101008355 HTTP/1.1" 200 429
180.169.147.146 - - [03/Mar/2024:11:46:53 +0800] "GET /xingrg/all/function/internal_message.html?_=1709437613058&CODE_STATE=getMsg HTTP/1.1" 200 27
180.169.147.146 - - [03/Mar/2024:11:46:53 +0800] "GET /xingrg/check_reg.html?_=1709437613062 HTTP/1.1" 200 22
180.164.1.25 - - [03/Mar/2024:11:46:55 +0800] "GET /xingrg/all/function/internal_message.html?_=1709437614227&CODE_STATE=getMsg HTTP/1.1" 200 27
116.224.254.208 - - [03/Mar/2024:11:46:55 +0800] "GET /xingrg/all/function/internal_message.html?_=1709437615855&CODE_STATE=getMsg HTTP/1.1" 200 27
116.224.254.208 - - [03/Mar/2024:11:46:55 +0800] "GET /xingrg/check_reg.html?_=1709437615857 HTTP/1.1" 200 22
58.39.109.113 - - [03/Mar/2024:11:46:57 +0800] "GET /xingrg/kc/base/wldb_order_operate.html?command=get_materiel&rest_code=00157&base_code=0010867&code=00101008268 HTTP/1.1" 200 431
58.39.109.113 - - [03/Mar/2024:11:46:58 +0800] "GET /xingrg/all/function/internal_message.html?_=1709437620507&CODE_STATE=getMsg HTTP/1.1" 200 27
116.230.112.23 - - [03/Mar/2024:11:46:58 +0800] "GET /xingrg/all/function/internal_message.html?_=1709437645336&CODE_STATE=getMsg HTTP/1.1" 200 27
116.232.194.112 - - [03/Mar/2024:11:47:00 +0800] "GET /xingrg/all/function/internal_message.html?_=1709437605171&CODE_STATE=getMsg HTTP/1.1" 200 27
58.39.109.113 - - [03/Mar/2024:11:47:03 +0800] "GET /xingrg/kc/base/wldb_order_operate.html?command=get_materiel&rest_code=00157&base_code=0010867&code=00101008108 HTTP/1.1" 200 433
116.238.97.31 - - [03/Mar/2024:11:47:03 +0800] "GET /xingrg/check_reg.html?_=1709437623996 HTTP/1.1" 200 22
116.238.97.31 - - [03/Mar/2024:11:47:03 +0800] "GET /xingrg/all/function/internal_message.html?_=1709437623998&CODE_STATE=getMsg HTTP/1.1" 200 27
222.69.134.231 - - [03/Mar/2024:11:47:06 +0800] "GET /xingrg/all/function/internal_message.html?_=1709437626760&CODE_STATE=getMsg HTTP/1.1" 200 27
58.39.109.113 - - [03/Mar/2024:11:47:09 +0800] "GET /xingrg/kc/base/wldb_order_operate.html?command=get_materiel&rest_code=00157&base_code=0010867&code=00101008005 HTTP/1.1" 200 433
124.78.158.238 - - [03/Mar/2024:11:47:10 +0800] "GET /xingrg/all/function/internal_message.html?_=1709437630388&CODE_STATE=getMsg HTTP/1.1" 200 27
114.83.217.226 - - [03/Mar/2024:11:47:11 +0800] "GET /xingrg/all/function/internal_message.html?_=1709437631780&CODE_STATE=getMsg HTTP/1.1" 200 27
218.81.65.124 - - [03/Mar/2024:11:47:18 +0800] "GET /xingrg/all/function/internal_message.html?_=1709437638419&CODE_STATE=getMsg HTTP/1.1" 200 27
58.39.109.113 - - [03/Mar/2024:11:47:19 +0800] "GET /xingrg/kc/base/wldb_order_operate.html?command=get_materiel&rest_code=00157&base_code=0010867&code=00101018027 HTTP/1.1" 200 435
116.232.194.112 - - [03/Mar/2024:11:47:19 +0800] "GET /xingrg/all/function/internal_message.html?_=1709437623638&CODE_STATE=getMsg HTTP/1.1" 200 27
114.83.217.226 - - [03/Mar/2024:11:47:21 +0800] "GET /xingrg/all/function/internal_message.html?_=1709437641159&CODE_STATE=getMsg HTTP/1.1" 200 27
58.39.109.113 - - [03/Mar/2024:11:47:23 +0800] "GET /xingrg/kc/base/wldb_order_operate.html?command=get_materiel&rest_code=00157&base_code=0010867&code=00101008205 HTTP/1.1" 200 434
116.230.123.13 - - [03/Mar/2024:11:47:26 +0800] "GET /xingrg/all/function/internal_message.html?_=1709437646309&CODE_STATE=getMsg HTTP/1.1" 302 -
101.83.145.37 - - [03/Mar/2024:11:47:27 +0800] "GET /xingrg/all/function/internal_message.html?_=1709437410754&CODE_STATE=getMsg HTTP/1.1" 200 27
58.39.109.113 - - [03/Mar/2024:11:47:29 +0800] "GET /xingrg/kc/base/wldb_order_operate.html?command=get_materiel&rest_code=00157&base_code=0010867&code=00101008356 HTTP/1.1" 200 430
124.79.245.19 - - [03/Mar/2024:11:47:30 +0800] "GET /xingrg/all/function/internal_message.html?_=1709437649280&CODE_STATE=getMsg HTTP/1.1" 200 27
114.83.217.226 - - [03/Mar/2024:11:47:30 +0800] "GET /xingrg/all/function/internal_message.html?_=1709437650637&CODE_STATE=getMsg HTTP/1.1" 200 27
114.83.217.226 - - [03/Mar/2024:11:47:30 +0800] "GET /xingrg/check_reg.html?_=1709437650641 HTTP/1.1" 200 22
116.238.97.31 - - [03/Mar/2024:11:47:34 +0800] "GET /xingrg/all/function/internal_message.html?_=1709437655222&CODE_STATE=getMsg HTTP/1.1" 200 27
124.78.67.200 - - [03/Mar/2024:11:47:36 +0800] "GET /xingrg/all/function/internal_message.html?_=1709437656975&CODE_STATE=getMsg HTTP/1.1" 200 27
58.39.109.113 - - [03/Mar/2024:11:47:37 +0800] "GET /xingrg/kc/base/wldb_order_operate.html?command=get_materiel&rest_code=00157&base_code=0010867&code=00101013074 HTTP/1.1" 200 435
180.169.147.146 - - [03/Mar/2024:11:47:38 +0800] "GET /xingrg/all/function/internal_message.html?_=1709437658665&CODE_STATE=getMsg HTTP/1.1" 200 27
180.169.147.146 - - [03/Mar/2024:11:47:43 +0800] "GET /xingrg/all/function/internal_message.html?_=1709437663672&CODE_STATE=getMsg HTTP/1.1" 200 27
116.238.97.31 - - [03/Mar/2024:11:47:44 +0800] "GET /xingrg/all/function/internal_message.html?_=1709437699547&CODE_STATE=getMsg HTTP/1.1" 200 27
116.232.194.112 - - [03/Mar/2024:11:47:44 +0800] "GET /xingrg/all/function/internal_message.html?_=1709437648834&CODE_STATE=getMsg HTTP/1.1" 200 27
101.228.147.14 - - [03/Mar/2024:11:47:46 +0800] "GET /xingrg/all/function/internal_message.html?_=1709437666776&CODE_STATE=getMsg HTTP/1.1" 200 27
116.230.123.13 - - [03/Mar/2024:11:47:47 +0800] "GET /xingrg/all/function/internal_message.html?_=1709437668417&CODE_STATE=getMsg HTTP/1.1" 200 27
124.78.158.238 - - [03/Mar/2024:11:47:47 +0800] "GET /xingrg/all/function/internal_message.html?_=1709437667875&CODE_STATE=getMsg HTTP/1.1" 200 27
114.89.91.180 - - [03/Mar/2024:11:47:49 +0800] "GET /xingrg/all/function/internal_message.html?_=1709437669261&CODE_STATE=getMsg HTTP/1.1" 200 27
101.83.145.37 - - [03/Mar/2024:11:47:51 +0800] "GET /xingrg/all/function/internal_message.html?_=1709437671473&CODE_STATE=getMsg HTTP/1.1" 200 27
180.169.147.146 - - [03/Mar/2024:11:47:53 +0800] "GET /xingrg/all/function/internal_message.html?_=1709437673052&CODE_STATE=getMsg HTTP/1.1" 200 27
58.39.109.113 - - [03/Mar/2024:11:47:53 +0800] "GET /xingrg/kc/base/wldb_order_operate.html?command=get_materiel&rest_code=00157&base_code=0010867&code=00101008049 HTTP/1.1" 200 428
180.164.1.25 - - [03/Mar/2024:11:47:55 +0800] "GET /xingrg/all/function/internal_message.html?_=1709437674212&CODE_STATE=getMsg HTTP/1.1" 200 27
116.224.254.208 - - [03/Mar/2024:11:47:55 +0800] "GET /xingrg/all/function/internal_message.html?_=1709437675851&CODE_STATE=getMsg HTTP/1.1" 200 27
58.39.109.113 - - [03/Mar/2024:11:47:57 +0800] "GET /xingrg/kc/base/wldb_order_operate.html?command=get_materiel&rest_code=00157&base_code=0010867&code=00101008024 HTTP/1.1" 200 428
58.39.109.113 - - [03/Mar/2024:11:47:58 +0800] "GET /xingrg/all/function/internal_message.html?_=1709437680515&CODE_STATE=getMsg HTTP/1.1" 200 27
116.230.112.23 - - [03/Mar/2024:11:47:58 +0800] "GET /xingrg/all/function/internal_message.html?_=1709437705350&CODE_STATE=getMsg HTTP/1.1" 200 27
116.232.194.112 - - [03/Mar/2024:11:48:00 +0800] "GET /xingrg/all/function/internal_message.html?_=1709437665170&CODE_STATE=getMsg HTTP/1.1" 200 27
58.39.109.113 - - [03/Mar/2024:11:48:02 +0800] "GET /xingrg/kc/base/wldb_order_operate.html?command=get_materiel&rest_code=00157&base_code=0010867&code=00101008321 HTTP/1.1" 200 432
116.238.97.31 - - [03/Mar/2024:11:48:03 +0800] "GET /xingrg/all/function/internal_message.html?_=1709437683996&CODE_STATE=getMsg HTTP/1.1" 200 27
222.69.134.231 - - [03/Mar/2024:11:48:06 +0800] "GET /xingrg/all/function/internal_message.html?_=1709437686736&CODE_STATE=getMsg HTTP/1.1" 200 27
120.253.135.82 - - [03/Mar/2024:11:48:09 +0800] "GET /xingrg/check_reg.html?_=1709437525518 HTTP/1.1" 200 22
124.78.158.238 - - [03/Mar/2024:11:48:10 +0800] "GET /xingrg/all/function/internal_message.html?_=1709437690382&CODE_STATE=getMsg HTTP/1.1" 200 27
58.39.109.113 - - [03/Mar/2024:11:48:11 +0800] "GET /xingrg/kc/base/wldb_order_operate.html?command=get_materiel&rest_code=00157&base_code=0010867&code=00101008300 HTTP/1.1" 200 433
114.83.217.226 - - [03/Mar/2024:11:48:11 +0800] "GET /xingrg/check_reg.html?_=1709437691777 HTTP/1.1" 200 22
114.83.217.226 - - [03/Mar/2024:11:48:11 +0800] "GET /xingrg/all/function/internal_message.html?_=1709437691780&CODE_STATE=getMsg HTTP/1.1" 200 27
218.81.65.124 - - [03/Mar/2024:11:48:18 +0800] "GET /xingrg/all/function/internal_message.html?_=1709437698416&CODE_STATE=getMsg HTTP/1.1" 200 27
116.232.194.112 - - [03/Mar/2024:11:48:19 +0800] "GET /xingrg/all/function/internal_message.html?_=1709437683637&CODE_STATE=getMsg HTTP/1.1" 200 27
114.83.217.226 - - [03/Mar/2024:11:48:20 +0800] "GET /xingrg/all/function/internal_message.html?_=1709437701139&CODE_STATE=getMsg HTTP/1.1" 200 27
116.230.123.13 - - [03/Mar/2024:11:48:26 +0800] "GET /xingrg/all/function/internal_message.html?_=1709437706305&CODE_STATE=getMsg HTTP/1.1" 302 -
101.83.145.37 - - [03/Mar/2024:11:48:27 +0800] "GET /xingrg/all/function/internal_message.html?_=1709437470754&CODE_STATE=getMsg HTTP/1.1" 200 27
58.39.109.113 - - [03/Mar/2024:11:48:28 +0800] "GET /xingrg/kc/base/wldb_order_operate.html?command=get_materiel&rest_code=00157&base_code=0010867&code=00101008261 HTTP/1.1" 200 431
114.83.217.226 - - [03/Mar/2024:11:48:30 +0800] "GET /xingrg/all/function/internal_message.html?_=1709437710633&CODE_STATE=getMsg HTTP/1.1" 200 27
124.79.245.19 - - [03/Mar/2024:11:48:30 +0800] "GET /xingrg/all/function/internal_message.html?_=1709437709267&CODE_STATE=getMsg HTTP/1.1" 200 27
116.238.97.31 - - [03/Mar/2024:11:48:34 +0800] "GET /xingrg/all/function/internal_message.html?_=1709437715201&CODE_STATE=getMsg HTTP/1.1" 200 27
124.78.67.200 - - [03/Mar/2024:11:48:36 +0800] "GET /xingrg/all/function/internal_message.html?_=1709437716973&CODE_STATE=getMsg HTTP/1.1" 200 27
180.169.147.146 - - [03/Mar/2024:11:48:38 +0800] "GET /xingrg/all/function/internal_message.html?_=1709437718637&CODE_STATE=getMsg HTTP/1.1" 200 27
58.39.109.113 - - [03/Mar/2024:11:48:38 +0800] "GET /xingrg/kc/base/wldb_order_operate.html?command=get_materiel&rest_code=00157&base_code=0010867&code=00101010133 HTTP/1.1" 200 439
58.39.109.113 - - [03/Mar/2024:11:48:42 +0800] "POST /xingrg/kc/base/wldb_order_operate.html HTTP/1.1" 200 1710
120.253.135.82 - - [03/Mar/2024:11:48:42 +0800] "GET /xingrg/kc/buy/cgsh_order_list.html HTTP/1.1" 200 57797
180.169.147.146 - - [03/Mar/2024:11:48:43 +0800] "GET /xingrg/all/function/internal_message.html?_=1709437723673&CODE_STATE=getMsg HTTP/1.1" 200 27
116.238.97.31 - - [03/Mar/2024:11:48:44 +0800] "GET /xingrg/all/function/internal_message.html?_=1709437759530&CODE_STATE=getMsg HTTP/1.1" 200 27
116.232.194.112 - - [03/Mar/2024:11:48:44 +0800] "GET /xingrg/all/function/internal_message.html?_=1709437708814&CODE_STATE=getMsg HTTP/1.1" 200 27
101.228.147.14 - - [03/Mar/2024:11:48:46 +0800] "GET /xingrg/all/function/internal_message.html?_=1709437726775&CODE_STATE=getMsg HTTP/1.1" 200 27
116.230.123.13 - - [03/Mar/2024:11:48:47 +0800] "GET /xingrg/check_reg.html?_=1709437728415 HTTP/1.1" 200 22
116.230.123.13 - - [03/Mar/2024:11:48:47 +0800] "GET /xingrg/all/function/internal_message.html?_=1709437728418&CODE_STATE=getMsg HTTP/1.1" 200 27
124.78.158.238 - - [03/Mar/2024:11:48:47 +0800] "GET /xingrg/all/function/internal_message.html?_=1709437727876&CODE_STATE=getMsg HTTP/1.1" 200 27
114.89.91.180 - - [03/Mar/2024:11:48:49 +0800] "GET /xingrg/all/function/internal_message.html?_=1709437729262&CODE_STATE=getMsg HTTP/1.1" 200 27
101.83.145.37 - - [03/Mar/2024:11:48:51 +0800] "GET /xingrg/all/function/internal_message.html?_=1709437731474&CODE_STATE=getMsg HTTP/1.1" 200 27
58.39.109.113 - - [03/Mar/2024:11:48:52 +0800] "GET /xingrg/kc/base/wldb_order_operate.html?command=get_materiel&rest_code=00157&base_code=0010867&code=00101011001 HTTP/1.1" 200 444
180.169.147.146 - - [03/Mar/2024:11:48:53 +0800] "GET /xingrg/all/function/internal_message.html?_=1709437733054&CODE_STATE=getMsg HTTP/1.1" 200 27
180.164.1.25 - - [03/Mar/2024:11:48:55 +0800] "GET /xingrg/all/function/internal_message.html?_=1709437734202&CODE_STATE=getMsg HTTP/1.1" 200 27
116.224.254.208 - - [03/Mar/2024:11:48:55 +0800] "GET /xingrg/all/function/internal_message.html?_=1709437735867&CODE_STATE=getMsg HTTP/1.1" 200 27
58.39.109.113 - - [03/Mar/2024:11:48:58 +0800] "GET /xingrg/all/function/internal_message.html?_=1709437740515&CODE_STATE=getMsg HTTP/1.1" 200 27
116.232.194.112 - - [03/Mar/2024:11:49:00 +0800] "GET /xingrg/all/function/internal_message.html?_=1709437725170&CODE_STATE=getMsg HTTP/1.1" 200 27
116.232.194.112 - - [03/Mar/2024:11:49:00 +0800] "GET /xingrg/check_reg.html?_=1709437725171 HTTP/1.1" 200 22
116.230.123.13 - - [03/Mar/2024:11:49:01 +0800] "GET /xingrg/login.html HTTP/1.1" 200 7641
116.230.123.13 - - [03/Mar/2024:11:49:01 +0800] "GET /favicon.ico HTTP/1.1" 404 -
116.238.97.31 - - [03/Mar/2024:11:49:03 +0800] "GET /xingrg/all/function/internal_message.html?_=1709437743996&CODE_STATE=getMsg HTTP/1.1" 200 27
222.69.134.231 - - [03/Mar/2024:11:49:06 +0800] "GET /xingrg/all/function/internal_message.html?_=1709437746714&CODE_STATE=getMsg HTTP/1.1" 200 27
116.230.112.23 - - [03/Mar/2024:11:49:08 +0800] "GET /xingrg/login.html HTTP/1.1" 200 7641
116.230.112.23 - - [03/Mar/2024:11:49:09 +0800] "GET /favicon.ico HTTP/1.1" 404 -
116.230.123.13 - - [03/Mar/2024:11:49:09 +0800] "POST /xingrg/login.do HTTP/1.1" 302 -
116.230.123.13 - - [03/Mar/2024:11:49:09 +0800] "GET /xingrg/index.html?sysBaseUrl=http%3A%2F%2F180.169.147.146%3A18081%2Fxingrg%2F&costTime=802×tamp=1709437749680 HTTP/1.1" 200 17419
58.39.109.113 - - [03/Mar/2024:11:49:09 +0800] "GET /xingrg/kc/base/wldb_order_operate.html?command=get_materiel&rest_code=00157&base_code=0010867&code=00101012077 HTTP/1.1" 200 436
116.230.123.13 - - [03/Mar/2024:11:49:09 +0800] "GET /favicon.ico HTTP/1.1" 404 -
116.230.123.13 - - [03/Mar/2024:11:49:10 +0800] "POST /xingrg/all/common/load_tree.html?tree=area_rest_tree_json&manage=1 HTTP/1.1" 200 470
116.230.123.13 - - [03/Mar/2024:11:49:10 +0800] "GET /xingrg/check_reg.html?_=1709437750963 HTTP/1.1" 200 22
116.230.123.13 - - [03/Mar/2024:11:49:10 +0800] "GET /xingrg/all/function/internal_message.html?_=1709437750962&CODE_STATE=count HTTP/1.1" 200 11
116.230.123.13 - - [03/Mar/2024:11:49:10 +0800] "POST /xingrg/load_menu.html HTTP/1.1" 200 9959
124.78.158.238 - - [03/Mar/2024:11:49:10 +0800] "GET /xingrg/all/function/internal_message.html?_=1709437750379&CODE_STATE=getMsg HTTP/1.1" 200 27
114.83.217.226 - - [03/Mar/2024:11:49:11 +0800] "GET /xingrg/all/function/internal_message.html?_=1709437751779&CODE_STATE=getMsg HTTP/1.1" 200 27
116.230.112.23 - - [03/Mar/2024:11:49:11 +0800] "POST /xingrg/login.do HTTP/1.1" 302 -
116.230.112.23 - - [03/Mar/2024:11:49:11 +0800] "GET /xingrg/index.html?sysBaseUrl=http%3A%2F%2F180.169.147.146%3A18081%2Fxingrg%2F&costTime=818×tamp=1709437751900 HTTP/1.1" 200 17179
116.230.112.23 - - [03/Mar/2024:11:49:11 +0800] "GET /xingrg/javascript/jquery_easy_ui/themes/default/easyui.css HTTP/1.1" 304 -
116.230.112.23 - - [03/Mar/2024:11:49:12 +0800] "GET /xingrg/css/form.css HTTP/1.1" 304 -
116.230.112.23 - - [03/Mar/2024:11:49:12 +0800] "GET /xingrg/javascript/jquery_easy_ui/jquery.easyui.min.js HTTP/1.1" 304 -
116.230.112.23 - - [03/Mar/2024:11:49:12 +0800] "GET /xingrg/javascript/jquery_easy_ui/themes/icon.css HTTP/1.1" 304 -
116.230.112.23 - - [03/Mar/2024:11:49:12 +0800] "GET /xingrg/javascript/jquery-1.4.2.min.js HTTP/1.1" 304 -
116.230.112.23 - - [03/Mar/2024:11:49:12 +0800] "GET /xingrg/javascript/jquery.form.js HTTP/1.1" 304 -
116.230.112.23 - - [03/Mar/2024:11:49:12 +0800] "GET /xingrg/javascript/jquery_easy_ui/easyui-lang-zh_CN.js HTTP/1.1" 304 -
116.230.112.23 - - [03/Mar/2024:11:49:12 +0800] "GET /xingrg/javascript/jquery.timers.js HTTP/1.1" 304 -
116.230.112.23 - - [03/Mar/2024:11:49:12 +0800] "GET /xingrg/javascript/jquery.utils.js HTTP/1.1" 304 -
116.230.112.23 - - [03/Mar/2024:11:49:12 +0800] "GET /favicon.ico HTTP/1.1" 404 -
116.230.112.23 - - [03/Mar/2024:11:49:12 +0800] "POST /xingrg/all/common/load_tree.html?tree=area_rest_tree_json&manage=1 HTTP/1.1" 200 479
116.230.112.23 - - [03/Mar/2024:11:49:12 +0800] "GET /xingrg/all/function/internal_message.html?_=1709437778584&CODE_STATE=count HTTP/1.1" 200 11
116.230.112.23 - - [03/Mar/2024:11:49:12 +0800] "GET /xingrg/check_reg.html?_=1709437778584 HTTP/1.1" 200 22
116.230.112.23 - - [03/Mar/2024:11:49:12 +0800] "POST /xingrg/load_menu.html HTTP/1.1" 200 5138
116.230.123.13 - - [03/Mar/2024:11:49:12 +0800] "POST /xingrg/all/user/operate.html HTTP/1.1" 200 36
116.230.123.13 - - [03/Mar/2024:11:49:12 +0800] "GET /xingrg/index.html?sysBaseUrl=http%3A%2F%2F180.169.147.146%3A18081%2Fxingrg%2F&costTime=802×tamp=1709437749680 HTTP/1.1" 200 17413
116.230.123.13 - - [03/Mar/2024:11:49:12 +0800] "GET /xingrg/javascript/jquery_easy_ui/themes/default/easyui.css HTTP/1.1" 304 -
116.230.123.13 - - [03/Mar/2024:11:49:12 +0800] "GET /xingrg/javascript/jquery_easy_ui/themes/icon.css HTTP/1.1" 304 -
116.230.123.13 - - [03/Mar/2024:11:49:12 +0800] "GET /xingrg/css/form.css HTTP/1.1" 304 -
116.230.123.13 - - [03/Mar/2024:11:49:12 +0800] "GET /xingrg/javascript/jquery-1.4.2.min.js HTTP/1.1" 304 -
116.230.123.13 - - [03/Mar/2024:11:49:12 +0800] "GET /xingrg/javascript/jquery_easy_ui/jquery.easyui.min.js HTTP/1.1" 304 -
116.230.123.13 - - [03/Mar/2024:11:49:12 +0800] "GET /xingrg/javascript/jquery_easy_ui/easyui-lang-zh_CN.js HTTP/1.1" 304 -
116.230.123.13 - - [03/Mar/2024:11:49:12 +0800] "GET /xingrg/javascript/jquery.form.js HTTP/1.1" 304 -
116.230.123.13 - - [03/Mar/2024:11:49:12 +0800] "GET /xingrg/javascript/jquery.utils.js HTTP/1.1" 304 -
116.230.123.13 - - [03/Mar/2024:11:49:12 +0800] "GET /xingrg/javascript/jquery.timers.js HTTP/1.1" 304 -
116.230.123.13 - - [03/Mar/2024:11:49:12 +0800] "GET /xingrg/images/blue/jxLogo.png HTTP/1.1" 304 -
116.230.123.13 - - [03/Mar/2024:11:49:12 +0800] "GET /xingrg/images/blue/navBackgound.jpg HTTP/1.1" 304 -
116.230.123.13 - - [03/Mar/2024:11:49:12 +0800] "GET /xingrg/javascript/jquery_easy_ui/themes/icons/settle_new.png HTTP/1.1" 304 -
116.230.123.13 - - [03/Mar/2024:11:49:12 +0800] "GET /xingrg/all/function/internal_message.html?_=1709437753594&CODE_STATE=count HTTP/1.1" 200 11
116.230.123.13 - - [03/Mar/2024:11:49:12 +0800] "GET /xingrg/check_reg.html?_=1709437753595 HTTP/1.1" 200 22
116.230.123.13 - - [03/Mar/2024:11:49:12 +0800] "GET /xingrg/javascript/jquery_easy_ui/themes/default/images/tabs_leftarrow.png HTTP/1.1" 304 -
116.230.123.13 - - [03/Mar/2024:11:49:12 +0800] "GET /xingrg/javascript/jquery_easy_ui/themes/default/images/panel_tool_collapse.gif HTTP/1.1" 304 -
116.230.123.13 - - [03/Mar/2024:11:49:12 +0800] "GET /xingrg/javascript/jquery_easy_ui/themes/default/images/panel_tool_expand.gif HTTP/1.1" 304 -
116.230.123.13 - - [03/Mar/2024:11:49:12 +0800] "GET /xingrg/javascript/jquery_easy_ui/themes/default/images/tabs_rightarrow.png HTTP/1.1" 304 -
116.230.123.13 - - [03/Mar/2024:11:49:12 +0800] "GET /xingrg/images/blue/pingpu.png HTTP/1.1" 304 -
116.230.123.13 - - [03/Mar/2024:11:49:12 +0800] "POST /xingrg/all/common/load_tree.html?tree=area_rest_tree_json&manage=1 HTTP/1.1" 200 470
116.230.123.13 - - [03/Mar/2024:11:49:12 +0800] "POST /xingrg/load_menu.html HTTP/1.1" 200 9959
116.230.123.13 - - [03/Mar/2024:11:49:13 +0800] "GET /xingrg/kc/buy/buy_main.html HTTP/1.1" 200 12412
116.230.123.13 - - [03/Mar/2024:11:49:13 +0800] "GET /xingrg/css/new_ie.css HTTP/1.1" 404 1036
116.230.123.13 - - [03/Mar/2024:11:49:14 +0800] "GET /xingrg/images/yd/bt.gif HTTP/1.1" 404 1040
116.230.123.13 - - [03/Mar/2024:11:49:15 +0800] "GET /xingrg/kc/buy/cgsh_order_list.html HTTP/1.1" 200 57797
116.230.112.23 - - [03/Mar/2024:11:49:16 +0800] "GET /xingrg/kc/buy/cgsh_order_list.html HTTP/1.1" 200 57803
58.39.109.113 - - [03/Mar/2024:11:49:16 +0800] "GET /xingrg/kc/base/wldb_order_operate.html?command=get_materiel&rest_code=00157&base_code=0010867&code=00101008351 HTTP/1.1" 200 430
116.230.112.23 - - [03/Mar/2024:11:49:16 +0800] "GET /xingrg/css/base.css HTTP/1.1" 304 -
116.230.112.23 - - [03/Mar/2024:11:49:16 +0800] "GET /xingrg/css/site.css HTTP/1.1" 304 -
116.230.112.23 - - [03/Mar/2024:11:49:16 +0800] "GET /xingrg/javascript/jquery_tools/datebox.css HTTP/1.1" 304 -
116.230.112.23 - - [03/Mar/2024:11:49:16 +0800] "GET /xingrg/javascript/easyui/themes/default/easyui.css HTTP/1.1" 304 -
116.230.112.23 - - [03/Mar/2024:11:49:16 +0800] "GET /xingrg/javascript/easyui/themes/icon.css HTTP/1.1" 304 -
116.230.112.23 - - [03/Mar/2024:11:49:16 +0800] "GET /xingrg/javascript/auto/jquery.autocomplete.css HTTP/1.1" 304 -
116.230.112.23 - - [03/Mar/2024:11:49:16 +0800] "GET /xingrg/javascript/jquery_tools/jquery.tools.min.js HTTP/1.1" 304 -
116.230.112.23 - - [03/Mar/2024:11:49:16 +0800] "GET /xingrg/javascript/auto/jquery.autocomplete.js HTTP/1.1" 304 -
116.230.112.23 - - [03/Mar/2024:11:49:16 +0800] "GET /xingrg/javascript/jquery_tools/jquery.tools.table.js HTTP/1.1" 304 -
116.230.112.23 - - [03/Mar/2024:11:49:16 +0800] "GET /xingrg/javascript/jquery_tools/list_manager.js HTTP/1.1" 304 -
116.230.112.23 - - [03/Mar/2024:11:49:16 +0800] "GET /xingrg/javascript/jquery_tools/jquery.tools.extend.js HTTP/1.1" 304 -
116.230.112.23 - - [03/Mar/2024:11:49:16 +0800] "GET /xingrg/javascript/jquery_tools/table.css HTTP/1.1" 304 -
116.230.112.23 - - [03/Mar/2024:11:49:16 +0800] "GET /xingrg/javascript/jquery_tools/fix.css HTTP/1.1" 304 -
116.230.112.23 - - [03/Mar/2024:11:49:16 +0800] "GET /xingrg/javascript/jquery.cookie.js HTTP/1.1" 304 -
116.230.112.23 - - [03/Mar/2024:11:49:16 +0800] "GET /xingrg/javascript/easyui/easyloader.js HTTP/1.1" 304 -
116.230.112.23 - - [03/Mar/2024:11:49:16 +0800] "GET /xingrg/javascript/print/LodopFuncs.js HTTP/1.1" 304 -
116.230.112.23 - - [03/Mar/2024:11:49:16 +0800] "GET /xingrg/javascript/jquery_tools/jquery.tools.hotkey.js HTTP/1.1" 304 -
116.230.112.23 - - [03/Mar/2024:11:49:16 +0800] "GET /xingrg/javascript/easyui/plugins/jquery.parser.js HTTP/1.1" 304 -
218.81.65.124 - - [03/Mar/2024:11:49:18 +0800] "GET /xingrg/all/function/internal_message.html?_=1709437758412&CODE_STATE=getMsg HTTP/1.1" 200 27
116.232.194.112 - - [03/Mar/2024:11:49:19 +0800] "GET /xingrg/all/function/internal_message.html?_=1709437743632&CODE_STATE=getMsg HTTP/1.1" 200 27
58.39.109.113 - - [03/Mar/2024:11:49:20 +0800] "GET /xingrg/kc/base/wldb_order_operate.html?command=get_materiel&rest_code=00157&base_code=0010867&code=00101008155 HTTP/1.1" 200 428
114.83.217.226 - - [03/Mar/2024:11:49:20 +0800] "GET /xingrg/all/function/internal_message.html?_=1709437761119&CODE_STATE=getMsg HTTP/1.1" 200 27
114.83.217.226 - - [03/Mar/2024:11:49:23 +0800] "GET /xingrg/check_reg.html?_=1709437763600 HTTP/1.1" 200 22
114.89.91.180 - - [03/Mar/2024:11:49:25 +0800] "GET /xingrg/check_reg.html?_=1709437765395 HTTP/1.1" 200 22
116.230.123.13 - - [03/Mar/2024:11:49:26 +0800] "GET /xingrg/all/function/internal_message.html?_=1709437766318&CODE_STATE=getMsg HTTP/1.1" 302 -
58.39.109.113 - - [03/Mar/2024:11:49:26 +0800] "GET /xingrg/kc/base/wldb_order_operate.html?command=get_materiel&rest_code=00157&base_code=0010867&code=00101008464 HTTP/1.1" 200 449
116.238.97.31 - - [03/Mar/2024:11:49:27 +0800] "GET /xingrg/check_reg.html?_=1709437767992 HTTP/1.1" 200 22
101.83.145.37 - - [03/Mar/2024:11:49:27 +0800] "GET /xingrg/all/function/internal_message.html?_=1709437530756&CODE_STATE=getMsg HTTP/1.1" 200 27
101.83.145.37 - - [03/Mar/2024:11:49:27 +0800] "GET /xingrg/check_reg.html?_=1709437530760 HTTP/1.1" 200 22
58.39.109.113 - - [03/Mar/2024:11:49:30 +0800] "POST /xingrg/kc/base/wldb_order_operate.html HTTP/1.1" 200 1710
114.83.217.226 - - [03/Mar/2024:11:49:30 +0800] "GET /xingrg/all/function/internal_message.html?_=1709437770639&CODE_STATE=getMsg HTTP/1.1" 200 27
124.79.245.19 - - [03/Mar/2024:11:49:31 +0800] "GET /xingrg/all/function/internal_message.html?_=1709437769673&CODE_STATE=getMsg HTTP/1.1" 200 27
116.238.97.31 - - [03/Mar/2024:11:49:34 +0800] "GET /xingrg/all/function/internal_message.html?_=1709437775186&CODE_STATE=getMsg HTTP/1.1" 200 27
58.39.109.113 - - [03/Mar/2024:11:49:35 +0800] "GET /xingrg/kc/base/wldb_order_operate.html?command=get_materiel&rest_code=00157&base_code=0010867&code=00101005094 HTTP/1.1" 200 438
124.78.67.200 - - [03/Mar/2024:11:49:36 +0800] "GET /xingrg/all/function/internal_message.html?_=1709437776973&CODE_STATE=getMsg HTTP/1.1" 200 27
180.169.147.146 - - [03/Mar/2024:11:49:38 +0800] "GET /xingrg/all/function/internal_message.html?_=1709437778634&CODE_STATE=getMsg HTTP/1.1" 200 27
180.169.147.146 - - [03/Mar/2024:11:49:43 +0800] "GET /xingrg/check_reg.html?_=1709437783673 HTTP/1.1" 200 22
180.169.147.146 - - [03/Mar/2024:11:49:43 +0800] "GET /xingrg/all/function/internal_message.html?_=1709437783677&CODE_STATE=getMsg HTTP/1.1" 200 27
116.238.97.31 - - [03/Mar/2024:11:49:44 +0800] "GET /xingrg/all/function/internal_message.html?_=1709437819543&CODE_STATE=getMsg HTTP/1.1" 200 27
116.232.194.112 - - [03/Mar/2024:11:49:44 +0800] "GET /xingrg/all/function/internal_message.html?_=1709437768796&CODE_STATE=getMsg HTTP/1.1" 200 27
116.232.194.112 - - [03/Mar/2024:11:49:45 +0800] "GET /xingrg/check_reg.html?_=1709437769989 HTTP/1.1" 200 22
101.228.147.14 - - [03/Mar/2024:11:49:46 +0800] "GET /xingrg/all/function/internal_message.html?_=1709437786802&CODE_STATE=getMsg HTTP/1.1" 200 27
58.39.109.113 - - [03/Mar/2024:11:49:46 +0800] "GET /xingrg/kc/base/wldb_order_operate.html?command=get_materiel&rest_code=00157&base_code=0010867&code=00101011005 HTTP/1.1" 200 428
124.78.158.238 - - [03/Mar/2024:11:49:47 +0800] "GET /xingrg/all/function/internal_message.html?_=1709437787852&CODE_STATE=getMsg HTTP/1.1" 200 27
114.89.91.180 - - [03/Mar/2024:11:49:49 +0800] "GET /xingrg/all/function/internal_message.html?_=1709437789261&CODE_STATE=getMsg HTTP/1.1" 200 27
101.83.145.37 - - [03/Mar/2024:11:49:51 +0800] "GET /xingrg/all/function/internal_message.html?_=1709437791461&CODE_STATE=getMsg HTTP/1.1" 200 27
180.169.147.146 - - [03/Mar/2024:11:49:53 +0800] "GET /xingrg/all/function/internal_message.html?_=1709437793052&CODE_STATE=getMsg HTTP/1.1" 200 27
180.164.1.25 - - [03/Mar/2024:11:49:55 +0800] "GET /xingrg/all/function/internal_message.html?_=1709437794181&CODE_STATE=getMsg HTTP/1.1" 200 27
116.224.254.208 - - [03/Mar/2024:11:49:55 +0800] "GET /xingrg/all/function/internal_message.html?_=1709437795875&CODE_STATE=getMsg HTTP/1.1" 200 27
180.164.1.25 - - [03/Mar/2024:11:49:57 +0800] "GET /xingrg/check_reg.html?_=1709437795694 HTTP/1.1" 200 22
58.39.109.113 - - [03/Mar/2024:11:49:58 +0800] "GET /xingrg/all/function/internal_message.html?_=1709437800526&CODE_STATE=getMsg HTTP/1.1" 200 27
116.232.194.112 - - [03/Mar/2024:11:50:00 +0800] "GET /xingrg/all/function/internal_message.html?_=1709437785169&CODE_STATE=getMsg HTTP/1.1" 200 27
58.39.109.113 - - [03/Mar/2024:11:50:03 +0800] "GET /xingrg/kc/base/wldb_order_operate.html?command=get_materiel&rest_code=00157&base_code=0010867&code=00101008286 HTTP/1.1" 200 428
116.238.97.31 - - [03/Mar/2024:11:50:03 +0800] "GET /xingrg/all/function/internal_message.html?_=1709437803996&CODE_STATE=getMsg HTTP/1.1" 200 27
222.69.134.231 - - [03/Mar/2024:11:50:06 +0800] "GET /xingrg/all/function/internal_message.html?_=1709437806689&CODE_STATE=getMsg HTTP/1.1" 200 27
120.253.135.82 - - [03/Mar/2024:11:50:06 +0800] "GET /xingrg/kc/buy/cgsh_order_list.html HTTP/1.1" 200 57797
124.78.158.238 - - [03/Mar/2024:11:50:10 +0800] "GET /xingrg/check_reg.html?_=1709437810379 HTTP/1.1" 200 22
124.78.158.238 - - [03/Mar/2024:11:50:10 +0800] "GET /xingrg/all/function/internal_message.html?_=1709437810381&CODE_STATE=getMsg HTTP/1.1" 200 27
58.39.109.113 - - [03/Mar/2024:11:50:10 +0800] "GET /xingrg/kc/base/wldb_order_operate.html?command=get_materiel&rest_code=00157&base_code=0010867&code=00101008298 HTTP/1.1" 200 433
114.83.217.226 - - [03/Mar/2024:11:50:11 +0800] "GET /xingrg/all/function/internal_message.html?_=1709437811793&CODE_STATE=getMsg HTTP/1.1" 200 27
116.230.112.23 - - [03/Mar/2024:11:50:12 +0800] "GET /xingrg/all/function/internal_message.html?_=1709437838591&CODE_STATE=getMsg HTTP/1.1" 200 27
116.230.123.13 - - [03/Mar/2024:11:50:12 +0800] "GET /xingrg/all/function/internal_message.html?_=1709437813602&CODE_STATE=getMsg HTTP/1.1" 200 27
218.81.65.124 - - [03/Mar/2024:11:50:18 +0800] "GET /xingrg/check_reg.html?_=1709437818408 HTTP/1.1" 200 22
218.81.65.124 - - [03/Mar/2024:11:50:18 +0800] "GET /xingrg/all/function/internal_message.html?_=1709437818410&CODE_STATE=getMsg HTTP/1.1" 200 27
116.232.194.112 - - [03/Mar/2024:11:50:19 +0800] "GET /xingrg/check_reg.html?_=1709437803626 HTTP/1.1" 200 22
116.232.194.112 - - [03/Mar/2024:11:50:19 +0800] "GET /xingrg/all/function/internal_message.html?_=1709437803628&CODE_STATE=getMsg HTTP/1.1" 200 27
58.39.109.113 - - [03/Mar/2024:11:50:20 +0800] "GET /xingrg/kc/base/wldb_order_operate.html?command=get_materiel&rest_code=00157&base_code=0010867&code=00101013092 HTTP/1.1" 200 435
114.83.217.226 - - [03/Mar/2024:11:50:20 +0800] "GET /xingrg/all/function/internal_message.html?_=1709437821107&CODE_STATE=getMsg HTTP/1.1" 200 27
58.39.109.113 - - [03/Mar/2024:11:50:22 +0800] "POST /xingrg/kc/base/wldb_order_operate.html HTTP/1.1" 200 1710
58.39.109.113 - - [03/Mar/2024:11:50:26 +0800] "GET /xingrg/kc/base/wldb_order_operate.html?command=get_materiel&rest_code=00157&base_code=0010867&code=00101040019 HTTP/1.1" 200 457
101.83.145.37 - - [03/Mar/2024:11:50:27 +0800] "GET /xingrg/all/function/internal_message.html?_=1709437590757&CODE_STATE=getMsg HTTP/1.1" 200 27
124.79.245.19 - - [03/Mar/2024:11:50:30 +0800] "GET /xingrg/check_reg.html?_=1709437829272 HTTP/1.1" 200 22
114.83.217.226 - - [03/Mar/2024:11:50:30 +0800] "GET /xingrg/all/function/internal_message.html?_=1709437830655&CODE_STATE=getMsg HTTP/1.1" 200 27
124.79.245.19 - - [03/Mar/2024:11:50:30 +0800] "GET /xingrg/all/function/internal_message.html?_=1709437829649&CODE_STATE=getMsg HTTP/1.1" 200 27
116.238.97.31 - - [03/Mar/2024:11:50:34 +0800] "GET /xingrg/all/function/internal_message.html?_=1709437835181&CODE_STATE=getMsg HTTP/1.1" 200 27
124.78.67.200 - - [03/Mar/2024:11:50:36 +0800] "GET /xingrg/all/function/internal_message.html?_=1709437836974&CODE_STATE=getMsg HTTP/1.1" 200 27
180.169.147.146 - - [03/Mar/2024:11:50:38 +0800] "GET /xingrg/all/function/internal_message.html?_=1709437838606&CODE_STATE=getMsg HTTP/1.1" 200 27
180.169.147.146 - - [03/Mar/2024:11:50:43 +0800] "GET /xingrg/all/function/internal_message.html?_=1709437843661&CODE_STATE=getMsg HTTP/1.1" 200 27
116.238.97.31 - - [03/Mar/2024:11:50:44 +0800] "GET /xingrg/all/function/internal_message.html?_=1709437879542&CODE_STATE=getMsg HTTP/1.1" 200 27
116.232.194.112 - - [03/Mar/2024:11:50:44 +0800] "GET /xingrg/all/function/internal_message.html?_=1709437828777&CODE_STATE=getMsg HTTP/1.1" 200 27
101.228.147.14 - - [03/Mar/2024:11:50:46 +0800] "GET /xingrg/check_reg.html?_=1709437846802 HTTP/1.1" 200 22
101.228.147.14 - - [03/Mar/2024:11:50:46 +0800] "GET /xingrg/all/function/internal_message.html?_=1709437846805&CODE_STATE=getMsg HTTP/1.1" 200 27
124.78.158.238 - - [03/Mar/2024:11:50:47 +0800] "GET /xingrg/all/function/internal_message.html?_=1709437847858&CODE_STATE=getMsg HTTP/1.1" 200 27
124.78.158.238 - - [03/Mar/2024:11:50:48 +0800] "GET /xingrg/check_reg.html?_=1709437847860 HTTP/1.1" 200 22
58.39.109.113 - - [03/Mar/2024:11:50:48 +0800] "GET /xingrg/kc/base/wldb_order_operate.html?command=get_materiel&rest_code=00157&base_code=0010867&code=00101016094 HTTP/1.1" 200 469
114.89.91.180 - - [03/Mar/2024:11:50:49 +0800] "GET /xingrg/all/function/internal_message.html?_=1709437849261&CODE_STATE=getMsg HTTP/1.1" 200 27
114.89.91.180 - - [03/Mar/2024:11:50:49 +0800] "GET /xingrg/check_reg.html?_=1709437849263 HTTP/1.1" 200 22
101.83.145.37 - - [03/Mar/2024:11:50:51 +0800] "GET /xingrg/all/function/internal_message.html?_=1709437851463&CODE_STATE=getMsg HTTP/1.1" 200 27
180.169.147.146 - - [03/Mar/2024:11:50:53 +0800] "GET /xingrg/all/function/internal_message.html?_=1709437853049&CODE_STATE=getMsg HTTP/1.1" 200 27
180.164.1.25 - - [03/Mar/2024:11:50:55 +0800] "GET /xingrg/all/function/internal_message.html?_=1709437854169&CODE_STATE=getMsg HTTP/1.1" 200 27
116.224.254.208 - - [03/Mar/2024:11:50:55 +0800] "GET /xingrg/all/function/internal_message.html?_=1709437855858&CODE_STATE=getMsg HTTP/1.1" 200 27
58.39.109.113 - - [03/Mar/2024:11:50:58 +0800] "GET /xingrg/check_reg.html?_=1709437860510 HTTP/1.1" 200 22
58.39.109.113 - - [03/Mar/2024:11:50:58 +0800] "GET /xingrg/all/function/internal_message.html?_=1709437860511&CODE_STATE=getMsg HTTP/1.1" 200 27
116.232.194.112 - - [03/Mar/2024:11:51:00 +0800] "GET /xingrg/all/function/internal_message.html?_=1709437845171&CODE_STATE=getMsg HTTP/1.1" 200 27
116.238.97.31 - - [03/Mar/2024:11:51:03 +0800] "GET /xingrg/all/function/internal_message.html?_=1709437864010&CODE_STATE=getMsg HTTP/1.1" 200 27
58.39.109.113 - - [03/Mar/2024:11:51:05 +0800] "GET /xingrg/kc/base/wldb_order_operate.html?command=get_materiel&rest_code=00157&base_code=0010867&code=00101013139 HTTP/1.1" 200 450
222.69.134.231 - - [03/Mar/2024:11:51:06 +0800] "GET /xingrg/all/function/internal_message.html?_=1709437866671&CODE_STATE=getMsg HTTP/1.1" 200 27
222.69.134.231 - - [03/Mar/2024:11:51:07 +0800] "GET /xingrg/check_reg.html?_=1709437867852 HTTP/1.1" 200 22
124.78.158.238 - - [03/Mar/2024:11:51:10 +0800] "GET /xingrg/all/function/internal_message.html?_=1709437870376&CODE_STATE=getMsg HTTP/1.1" 200 27
114.83.217.226 - - [03/Mar/2024:11:51:11 +0800] "GET /xingrg/all/function/internal_message.html?_=1709437871789&CODE_STATE=getMsg HTTP/1.1" 200 27
116.230.112.23 - - [03/Mar/2024:11:51:12 +0800] "GET /xingrg/all/function/internal_message.html?_=1709437898606&CODE_STATE=getMsg HTTP/1.1" 200 27
116.230.123.13 - - [03/Mar/2024:11:51:12 +0800] "GET /xingrg/all/function/internal_message.html?_=1709437873599&CODE_STATE=getMsg HTTP/1.1" 200 27
58.39.109.113 - - [03/Mar/2024:11:51:12 +0800] "POST /xingrg/kc/base/wldb_order_operate.html HTTP/1.1" 200 37
58.39.109.113 - - [03/Mar/2024:11:51:13 +0800] "POST /xingrg/kc/base/wldb_order_operate.html HTTP/1.1" 200 16966
58.39.109.113 - - [03/Mar/2024:11:51:14 +0800] "GET /xingrg/kc/base/wldb_order_info.html?code=422024030300214 HTTP/1.1" 200 30361
58.39.109.113 - - [03/Mar/2024:11:51:14 +0800] "GET /xingrg/javascript/easyui/themes/default/validatebox.css HTTP/1.1" 404 1104
58.39.109.113 - - [03/Mar/2024:11:51:15 +0800] "POST /xingrg/kc/base/wldb_order_operate.html HTTP/1.1" 200 16966
218.81.65.124 - - [03/Mar/2024:11:51:18 +0800] "GET /xingrg/all/function/internal_message.html?_=1709437878420&CODE_STATE=getMsg HTTP/1.1" 200 27
116.232.194.112 - - [03/Mar/2024:11:51:19 +0800] "GET /xingrg/all/function/internal_message.html?_=1709437863616&CODE_STATE=getMsg HTTP/1.1" 200 27
58.39.109.113 - - [03/Mar/2024:11:51:19 +0800] "POST /xingrg/kc/base/wldb_list_operate.html HTTP/1.1" 200 1775
114.83.217.226 - - [03/Mar/2024:11:51:20 +0800] "GET /xingrg/all/function/internal_message.html?_=1709437881103&CODE_STATE=getMsg HTTP/1.1" 200 27
101.83.145.37 - - [03/Mar/2024:11:51:27 +0800] "GET /xingrg/all/function/internal_message.html?_=1709437650757&CODE_STATE=getMsg HTTP/1.1" 200 27
114.83.217.226 - - [03/Mar/2024:11:51:30 +0800] "GET /xingrg/all/function/internal_message.html?_=1709437890647&CODE_STATE=getMsg HTTP/1.1" 200 27
124.79.245.19 - - [03/Mar/2024:11:51:30 +0800] "GET /xingrg/all/function/internal_message.html?_=1709437889625&CODE_STATE=getMsg HTTP/1.1" 200 27
116.238.97.31 - - [03/Mar/2024:11:51:34 +0800] "GET /xingrg/all/function/internal_message.html?_=1709437895165&CODE_STATE=getMsg HTTP/1.1" 200 27
124.78.67.200 - - [03/Mar/2024:11:51:36 +0800] "GET /xingrg/all/function/internal_message.html?_=1709437896972&CODE_STATE=getMsg HTTP/1.1" 200 27
124.78.67.200 - - [03/Mar/2024:11:51:36 +0800] "GET /xingrg/check_reg.html?_=1709437896974 HTTP/1.1" 200 22
180.169.147.146 - - [03/Mar/2024:11:51:38 +0800] "GET /xingrg/check_reg.html?_=1709437898606 HTTP/1.1" 200 22
180.169.147.146 - - [03/Mar/2024:11:51:38 +0800] "GET /xingrg/all/function/internal_message.html?_=1709437898607&CODE_STATE=getMsg HTTP/1.1" 200 27
180.169.147.146 - - [03/Mar/2024:11:51:43 +0800] "GET /xingrg/all/function/internal_message.html?_=1709437903662&CODE_STATE=getMsg HTTP/1.1" 200 27
116.238.97.31 - - [03/Mar/2024:11:51:44 +0800] "GET /xingrg/check_reg.html?_=1709437939555 HTTP/1.1" 200 22
116.238.97.31 - - [03/Mar/2024:11:51:44 +0800] "GET /xingrg/all/function/internal_message.html?_=1709437939557&CODE_STATE=getMsg HTTP/1.1" 200 27
116.232.194.112 - - [03/Mar/2024:11:51:44 +0800] "GET /xingrg/all/function/internal_message.html?_=1709437888751&CODE_STATE=getMsg HTTP/1.1" 200 27
120.253.135.82 - - [03/Mar/2024:11:51:45 +0800] "GET /xingrg/login.html HTTP/1.1" 200 7641
101.228.147.14 - - [03/Mar/2024:11:51:46 +0800] "GET /xingrg/all/function/internal_message.html?_=1709437906804&CODE_STATE=getMsg HTTP/1.1" 200 27
124.78.158.238 - - [03/Mar/2024:11:51:47 +0800] "GET /xingrg/all/function/internal_message.html?_=1709437907873&CODE_STATE=getMsg HTTP/1.1" 200 27
114.89.91.180 - - [03/Mar/2024:11:51:49 +0800] "GET /xingrg/all/function/internal_message.html?_=1709437909262&CODE_STATE=getMsg HTTP/1.1" 200 27
120.253.135.82 - - [03/Mar/2024:11:51:49 +0800] "GET /favicon.ico HTTP/1.1" 404 -
101.83.145.37 - - [03/Mar/2024:11:51:51 +0800] "GET /xingrg/all/function/internal_message.html?_=1709437911489&CODE_STATE=getMsg HTTP/1.1" 200 27
101.83.145.37 - - [03/Mar/2024:11:51:51 +0800] "GET /xingrg/check_reg.html?_=1709437911493 HTTP/1.1" 200 22
180.169.147.146 - - [03/Mar/2024:11:51:53 +0800] "GET /xingrg/all/function/internal_message.html?_=1709437913052&CODE_STATE=getMsg HTTP/1.1" 200 27
180.169.147.146 - - [03/Mar/2024:11:51:53 +0800] "GET /xingrg/check_reg.html?_=1709437913059 HTTP/1.1" 200 22
120.253.135.82 - - [03/Mar/2024:11:51:53 +0800] "POST /xingrg/login.do HTTP/1.1" 302 -
120.253.135.82 - - [03/Mar/2024:11:51:54 +0800] "GET /xingrg/index.html?sysBaseUrl=http%3A%2F%2F180.169.147.146%3A18081%2Fxingrg%2F&costTime=795×tamp=1709437913949 HTTP/1.1" 200 17173
120.253.135.82 - - [03/Mar/2024:11:51:54 +0800] "GET /xingrg/javascript/jquery_easy_ui/themes/default/easyui.css HTTP/1.1" 304 -
120.253.135.82 - - [03/Mar/2024:11:51:54 +0800] "GET /xingrg/javascript/jquery_easy_ui/themes/icon.css HTTP/1.1" 304 -
120.253.135.82 - - [03/Mar/2024:11:51:54 +0800] "GET /xingrg/javascript/jquery-1.4.2.min.js HTTP/1.1" 304 -
120.253.135.82 - - [03/Mar/2024:11:51:54 +0800] "GET /xingrg/css/form.css HTTP/1.1" 304 -
120.253.135.82 - - [03/Mar/2024:11:51:54 +0800] "GET /xingrg/javascript/jquery_easy_ui/jquery.easyui.min.js HTTP/1.1" 304 -
120.253.135.82 - - [03/Mar/2024:11:51:54 +0800] "GET /xingrg/javascript/jquery_easy_ui/easyui-lang-zh_CN.js HTTP/1.1" 304 -
120.253.135.82 - - [03/Mar/2024:11:51:54 +0800] "GET /xingrg/javascript/jquery.timers.js HTTP/1.1" 304 -
120.253.135.82 - - [03/Mar/2024:11:51:54 +0800] "GET /xingrg/javascript/jquery.form.js HTTP/1.1" 304 -
120.253.135.82 - - [03/Mar/2024:11:51:54 +0800] "GET /xingrg/javascript/jquery.utils.js HTTP/1.1" 304 -
120.253.135.82 - - [03/Mar/2024:11:51:54 +0800] "GET /favicon.ico HTTP/1.1" 404 -
120.253.135.82 - - [03/Mar/2024:11:51:55 +0800] "POST /xingrg/all/common/load_tree.html?tree=area_rest_tree_json&manage=1 HTTP/1.1" 200 344
120.253.135.82 - - [03/Mar/2024:11:51:55 +0800] "GET /xingrg/all/function/internal_message.html?_=1709437751200&CODE_STATE=count HTTP/1.1" 200 11
120.253.135.82 - - [03/Mar/2024:11:51:55 +0800] "GET /xingrg/check_reg.html?_=1709437751201 HTTP/1.1" 200 22
120.253.135.82 - - [03/Mar/2024:11:51:55 +0800] "POST /xingrg/load_menu.html HTTP/1.1" 200 6743
180.164.1.25 - - [03/Mar/2024:11:51:55 +0800] "GET /xingrg/all/function/internal_message.html?_=1709437914167&CODE_STATE=getMsg HTTP/1.1" 200 27
116.224.254.208 - - [03/Mar/2024:11:51:55 +0800] "GET /xingrg/check_reg.html?_=1709437915851 HTTP/1.1" 200 22
116.224.254.208 - - [03/Mar/2024:11:51:55 +0800] "GET /xingrg/all/function/internal_message.html?_=1709437915855&CODE_STATE=getMsg HTTP/1.1" 200 27
58.39.109.113 - - [03/Mar/2024:11:51:58 +0800] "GET /xingrg/all/function/internal_message.html?_=1709437920533&CODE_STATE=getMsg HTTP/1.1" 200 27
120.253.135.82 - - [03/Mar/2024:11:52:00 +0800] "GET /xingrg/kc/pszx/jzcl_ps.html HTTP/1.1" 200 7683
120.253.135.82 - - [03/Mar/2024:11:52:00 +0800] "GET /xingrg/css/table.css HTTP/1.1" 304 -
120.253.135.82 - - [03/Mar/2024:11:52:00 +0800] "GET /xingrg/css/blue.css HTTP/1.1" 304 -
120.253.135.82 - - [03/Mar/2024:11:52:00 +0800] "GET /xingrg/javascript/tools/jquery.qtip-1.0.0-rc3.min.js HTTP/1.1" 304 -
120.253.135.82 - - [03/Mar/2024:11:52:00 +0800] "GET /xingrg/javascript/step/step.css HTTP/1.1" 304 -
116.232.194.112 - - [03/Mar/2024:11:52:00 +0800] "GET /xingrg/all/function/internal_message.html?_=1709437905170&CODE_STATE=getMsg HTTP/1.1" 200 27
120.253.135.82 - - [03/Mar/2024:11:52:01 +0800] "POST /xingrg/all/common/load_tree.html?tree=area_rest_tree_json HTTP/1.1" 200 3624
120.253.135.82 - - [03/Mar/2024:11:52:01 +0800] "POST /xingrg/kc/pszx/jzcl_ps_operate.html HTTP/1.1" 200 21
120.253.135.82 - - [03/Mar/2024:11:52:01 +0800] "POST /xingrg/kc/pszx/jzcl_ps_operate.html HTTP/1.1" 200 21
114.83.217.226 - - [03/Mar/2024:11:52:03 +0800] "POST /xingrg/services/DataTransmitService HTTP/1.1" 200 524
116.238.97.31 - - [03/Mar/2024:11:52:03 +0800] "GET /xingrg/check_reg.html?_=1709437924009 HTTP/1.1" 200 22
116.238.97.31 - - [03/Mar/2024:11:52:03 +0800] "GET /xingrg/all/function/internal_message.html?_=1709437924013&CODE_STATE=getMsg HTTP/1.1" 200 27
114.83.217.226 - - [03/Mar/2024:11:52:04 +0800] "POST /xingrg/services/DataTransmitService HTTP/1.1" 200 2063
114.83.217.226 - - [03/Mar/2024:11:52:05 +0800] "POST /xingrg/services/DataTransmitService HTTP/1.1" 200 151227
120.253.135.82 - - [03/Mar/2024:11:52:06 +0800] "GET /xingrg/kc/buy/cgsh_order_list.html HTTP/1.1" 200 57797
120.253.135.82 - - [03/Mar/2024:11:52:06 +0800] "GET /xingrg/css/base.css HTTP/1.1" 304 -
222.69.134.231 - - [03/Mar/2024:11:52:06 +0800] "GET /xingrg/all/function/internal_message.html?_=1709437926665&CODE_STATE=getMsg HTTP/1.1" 200 27
120.253.135.82 - - [03/Mar/2024:11:52:06 +0800] "GET /xingrg/css/site.css HTTP/1.1" 304 -
120.253.135.82 - - [03/Mar/2024:11:52:06 +0800] "GET /xingrg/javascript/jquery_tools/datebox.css HTTP/1.1" 304 -
120.253.135.82 - - [03/Mar/2024:11:52:06 +0800] "GET /xingrg/javascript/easyui/themes/default/easyui.css HTTP/1.1" 304 -
120.253.135.82 - - [03/Mar/2024:11:52:06 +0800] "GET /xingrg/javascript/easyui/themes/icon.css HTTP/1.1" 304 -
120.253.135.82 - - [03/Mar/2024:11:52:06 +0800] "GET /xingrg/javascript/auto/jquery.autocomplete.css HTTP/1.1" 304 -
