180.169.147.146 - - [03/Mar/2024:10:54:12 +0800] "GET /xingrg/check_reg.html?_=1709434452362 HTTP/1.1" 200 22
180.169.147.146 - - [03/Mar/2024:10:54:14 +0800] "POST /xingrg/dwr/call/plaincall/AjaxReportQueryService.refreshCache.dwr HTTP/1.1" 200 78
180.169.147.146 - - [03/Mar/2024:10:54:17 +0800] "POST /xingrg/all/report/load_report_page.html HTTP/1.1" 200 53492
180.169.147.146 - - [03/Mar/2024:10:54:17 +0800] "GET /xingrg/servlets/image?cache=0.23749699254241086&image=px HTTP/1.1" 200 807
114.83.217.226 - - [03/Mar/2024:10:54:22 +0800] "GET /xingrg/all/function/internal_message.html?_=1709434462285&CODE_STATE=getMsg HTTP/1.1" 200 27
114.83.217.226 - - [03/Mar/2024:10:54:23 +0800] "GET /xingrg/check_reg.html?_=1709434463744 HTTP/1.1" 200 22
116.238.97.31 - - [03/Mar/2024:10:54:25 +0800] "GET /xingrg/all/function/internal_message.html?_=1709434465837&CODE_STATE=getMsg HTTP/1.1" 200 27
116.238.97.31 - - [03/Mar/2024:10:54:27 +0800] "GET /xingrg/check_reg.html?_=1709434467869 HTTP/1.1" 200 22
124.78.67.200 - - [03/Mar/2024:10:54:28 +0800] "GET /xingrg/kc/print/load_data.html?order_code=212024030300661&kc_code=cgsh&condition= HTTP/1.1" 200 5415
116.238.97.31 - - [03/Mar/2024:10:54:35 +0800] "GET /xingrg/all/function/internal_message.html?_=1709434475997&CODE_STATE=getMsg HTTP/1.1" 200 27
124.78.67.200 - - [03/Mar/2024:10:54:37 +0800] "POST /xingrg/kc/buy/cgsh_order_operate.html HTTP/1.1" 200 8245
124.78.67.200 - - [03/Mar/2024:10:54:37 +0800] "GET /xingrg/javascript/easyui/themes/default/validatebox.css HTTP/1.1" 404 1104
180.169.147.146 - - [03/Mar/2024:10:54:38 +0800] "GET /xingrg/all/function/internal_message.html?_=1709434478606&CODE_STATE=getMsg HTTP/1.1" 200 27
116.224.254.208 - - [03/Mar/2024:10:54:39 +0800] "GET /xingrg/all/function/internal_message.html?_=1709434479028&CODE_STATE=getMsg HTTP/1.1" 200 27
101.83.145.37 - - [03/Mar/2024:10:54:41 +0800] "GET /xingrg/all/function/internal_message.html?_=1709434245131&CODE_STATE=getMsg HTTP/1.1" 200 27
101.83.145.37 - - [03/Mar/2024:10:54:41 +0800] "GET /xingrg/check_reg.html?_=1709434245135 HTTP/1.1" 200 22
116.232.194.112 - - [03/Mar/2024:10:54:45 +0800] "GET /xingrg/all/function/internal_message.html?_=1709434469618&CODE_STATE=getMsg HTTP/1.1" 200 27
116.232.194.112 - - [03/Mar/2024:10:54:45 +0800] "GET /xingrg/check_reg.html?_=1709434470110 HTTP/1.1" 200 22
101.228.147.14 - - [03/Mar/2024:10:54:46 +0800] "GET /xingrg/all/function/internal_message.html?_=1709434486679&CODE_STATE=getMsg HTTP/1.1" 200 27
124.78.67.200 - - [03/Mar/2024:10:54:46 +0800] "GET /xingrg/all/function/internal_message.html?_=1709434486870&CODE_STATE=getMsg HTTP/1.1" 200 27
124.78.158.238 - - [03/Mar/2024:10:54:47 +0800] "GET /xingrg/all/function/internal_message.html?_=1709434487872&CODE_STATE=getMsg HTTP/1.1" 200 27
116.230.112.23 - - [03/Mar/2024:10:54:50 +0800] "GET /xingrg/all/function/internal_message.html?_=1709434516924&CODE_STATE=getMsg HTTP/1.1" 200 27
101.83.145.37 - - [03/Mar/2024:10:54:51 +0800] "GET /xingrg/all/function/internal_message.html?_=1709434491423&CODE_STATE=getMsg HTTP/1.1" 200 27
180.169.147.146 - - [03/Mar/2024:10:54:53 +0800] "GET /xingrg/all/function/internal_message.html?_=1709434493109&CODE_STATE=getMsg HTTP/1.1" 200 27
124.78.67.200 - - [03/Mar/2024:10:54:54 +0800] "GET /xingrg/kc/buy/cgsh_order_operate.html?command=get_materiel&rest_code=00141&code=00101008091&supplier_code=00100008&order_time=2024-03-03 HTTP/1.1" 200 412
180.164.1.25 - - [03/Mar/2024:10:54:56 +0800] "GET /xingrg/all/function/internal_message.html?_=1709434494937&CODE_STATE=getMsg HTTP/1.1" 200 27
180.164.1.25 - - [03/Mar/2024:10:54:57 +0800] "GET /xingrg/check_reg.html?_=1709434495916 HTTP/1.1" 200 22
180.169.147.146 - - [03/Mar/2024:10:54:59 +0800] "GET /xingrg/all/function/internal_message.html?_=1709434499556&CODE_STATE=getMsg HTTP/1.1" 200 27
124.79.245.19 - - [03/Mar/2024:10:55:06 +0800] "GET /xingrg/all/function/internal_message.html?_=1709434505517&CODE_STATE=getMsg HTTP/1.1" 200 27
222.69.134.231 - - [03/Mar/2024:10:55:07 +0800] "GET /xingrg/all/function/internal_message.html?_=1709434507564&CODE_STATE=getMsg HTTP/1.1" 200 27
124.78.67.200 - - [03/Mar/2024:10:55:08 +0800] "GET /xingrg/kc/buy/cgsh_order_operate.html?command=get_materiel&rest_code=00141&code=00101008080&supplier_code=00100008&order_time=2024-03-03 HTTP/1.1" 200 416
124.78.158.238 - - [03/Mar/2024:10:55:10 +0800] "GET /xingrg/all/function/internal_message.html?_=1709434510941&CODE_STATE=getMsg HTTP/1.1" 200 27
124.78.67.200 - - [03/Mar/2024:10:55:16 +0800] "GET /xingrg/kc/buy/cgsh_order_operate.html?command=get_materiel&rest_code=00141&code=00101008196&supplier_code=00100008&order_time=2024-03-03 HTTP/1.1" 200 416
114.83.217.226 - - [03/Mar/2024:10:55:22 +0800] "GET /xingrg/all/function/internal_message.html?_=1709434522281&CODE_STATE=getMsg HTTP/1.1" 200 27
116.238.97.31 - - [03/Mar/2024:10:55:24 +0800] "GET /xingrg/check_reg.html?_=1709434524139 HTTP/1.1" 200 22
116.238.97.31 - - [03/Mar/2024:10:55:25 +0800] "GET /xingrg/all/function/internal_message.html?_=1709434525817&CODE_STATE=getMsg HTTP/1.1" 200 27
124.78.67.200 - - [03/Mar/2024:10:55:28 +0800] "GET /xingrg/kc/buy/cgsh_order_operate.html?command=get_materiel&rest_code=00141&code=00101008085&supplier_code=00100008&order_time=2024-03-03 HTTP/1.1" 200 412
116.238.97.31 - - [03/Mar/2024:10:55:35 +0800] "GET /xingrg/all/function/internal_message.html?_=1709434535993&CODE_STATE=getMsg HTTP/1.1" 200 27
124.78.67.200 - - [03/Mar/2024:10:55:37 +0800] "GET /xingrg/kc/buy/cgsh_order_operate.html?command=get_materiel&rest_code=00141&code=00101008354&supplier_code=00100008&order_time=2024-03-03 HTTP/1.1" 200 412
180.169.147.146 - - [03/Mar/2024:10:55:38 +0800] "GET /xingrg/all/function/internal_message.html?_=1709434538605&CODE_STATE=getMsg HTTP/1.1" 200 27
116.224.254.208 - - [03/Mar/2024:10:55:39 +0800] "GET /xingrg/all/function/internal_message.html?_=1709434539032&CODE_STATE=getMsg HTTP/1.1" 200 27
101.83.145.37 - - [03/Mar/2024:10:55:41 +0800] "GET /xingrg/all/function/internal_message.html?_=1709434305136&CODE_STATE=getMsg HTTP/1.1" 200 27
116.232.194.112 - - [03/Mar/2024:10:55:45 +0800] "GET /xingrg/all/function/internal_message.html?_=1709434529597&CODE_STATE=getMsg HTTP/1.1" 200 27
101.228.147.14 - - [03/Mar/2024:10:55:46 +0800] "GET /xingrg/check_reg.html?_=1709434546679 HTTP/1.1" 200 22
101.228.147.14 - - [03/Mar/2024:10:55:46 +0800] "GET /xingrg/all/function/internal_message.html?_=1709434546707&CODE_STATE=getMsg HTTP/1.1" 200 27
124.78.67.200 - - [03/Mar/2024:10:55:46 +0800] "GET /xingrg/kc/buy/cgsh_order_operate.html?command=get_materiel&rest_code=00141&code=00101008125&supplier_code=00100008&order_time=2024-03-03 HTTP/1.1" 200 413
124.78.67.200 - - [03/Mar/2024:10:55:46 +0800] "GET /xingrg/all/function/internal_message.html?_=1709434546934&CODE_STATE=getMsg HTTP/1.1" 200 27
124.78.158.238 - - [03/Mar/2024:10:55:47 +0800] "GET /xingrg/all/function/internal_message.html?_=1709434547868&CODE_STATE=getMsg HTTP/1.1" 200 27
124.78.158.238 - - [03/Mar/2024:10:55:47 +0800] "GET /xingrg/check_reg.html?_=1709434547870 HTTP/1.1" 200 22
116.230.112.23 - - [03/Mar/2024:10:55:50 +0800] "GET /xingrg/all/function/internal_message.html?_=1709434576937&CODE_STATE=getMsg HTTP/1.1" 200 27
101.83.145.37 - - [03/Mar/2024:10:55:51 +0800] "GET /xingrg/all/function/internal_message.html?_=1709434551424&CODE_STATE=getMsg HTTP/1.1" 200 27
180.169.147.146 - - [03/Mar/2024:10:55:53 +0800] "GET /xingrg/all/function/internal_message.html?_=1709434553104&CODE_STATE=getMsg HTTP/1.1" 200 27
116.230.112.23 - - [03/Mar/2024:10:55:56 +0800] "GET /xingrg/kc/buy/cgsh_order_operate.html?command=get_materiel&rest_code=00146&code=00101008005&supplier_code=00100005&order_time=2024-03-03 HTTP/1.1" 200 412
180.164.1.25 - - [03/Mar/2024:10:55:56 +0800] "GET /xingrg/all/function/internal_message.html?_=1709434554918&CODE_STATE=getMsg HTTP/1.1" 200 27
180.169.147.146 - - [03/Mar/2024:10:55:59 +0800] "GET /xingrg/all/function/internal_message.html?_=1709434559541&CODE_STATE=getMsg HTTP/1.1" 200 27
124.78.67.200 - - [03/Mar/2024:10:56:01 +0800] "GET /xingrg/kc/buy/cgsh_order_operate.html?command=get_materiel&rest_code=00141&code=00101008351&supplier_code=00100008&order_time=2024-03-03 HTTP/1.1" 200 408
124.79.245.19 - - [03/Mar/2024:10:56:07 +0800] "GET /xingrg/all/function/internal_message.html?_=1709434565857&CODE_STATE=getMsg HTTP/1.1" 200 27
222.69.134.231 - - [03/Mar/2024:10:56:07 +0800] "GET /xingrg/all/function/internal_message.html?_=1709434567550&CODE_STATE=getMsg HTTP/1.1" 200 27
222.69.134.231 - - [03/Mar/2024:10:56:07 +0800] "GET /xingrg/check_reg.html?_=1709434567854 HTTP/1.1" 200 22
180.169.147.146 - - [03/Mar/2024:10:56:09 +0800] "POST /xingrg/dwr/call/plaincall/AjaxReportQueryService.queryInitializeString.dwr HTTP/1.1" 200 1041
124.78.158.238 - - [03/Mar/2024:10:56:10 +0800] "GET /xingrg/all/function/internal_message.html?_=1709434570942&CODE_STATE=getMsg HTTP/1.1" 200 27
124.78.67.200 - - [03/Mar/2024:10:56:10 +0800] "GET /xingrg/kc/buy/cgsh_order_operate.html?command=get_materiel&rest_code=00141&code=00101008095&supplier_code=00100008&order_time=2024-03-03 HTTP/1.1" 200 413
114.83.217.226 - - [03/Mar/2024:10:56:22 +0800] "GET /xingrg/all/function/internal_message.html?_=1709434582258&CODE_STATE=getMsg HTTP/1.1" 200 27
180.169.147.146 - - [03/Mar/2024:10:56:22 +0800] "POST /xingrg/dwr/call/plaincall/AjaxReportQueryService.refreshCache.dwr HTTP/1.1" 200 78
180.169.147.146 - - [03/Mar/2024:10:56:23 +0800] "POST /xingrg/all/report/load_report_page.html HTTP/1.1" 200 45398
180.169.147.146 - - [03/Mar/2024:10:56:23 +0800] "GET /xingrg/servlets/image?cache=0.5327775357748763&image=px HTTP/1.1" 200 807
124.78.67.200 - - [03/Mar/2024:10:56:23 +0800] "GET /xingrg/kc/buy/cgsh_order_operate.html?command=get_materiel&rest_code=00141&code=00101008674&supplier_code=00100008&order_time=2024-03-03 HTTP/1.1" 200 413
116.230.112.23 - - [03/Mar/2024:10:56:25 +0800] "GET /xingrg/kc/buy/cgsh_order_operate.html?command=get_materiel&rest_code=00146&code=00101008353&supplier_code=00100005&order_time=2024-03-03 HTTP/1.1" 200 408
116.238.97.31 - - [03/Mar/2024:10:56:25 +0800] "GET /xingrg/all/function/internal_message.html?_=1709434585807&CODE_STATE=getMsg HTTP/1.1" 200 27
124.78.67.200 - - [03/Mar/2024:10:56:35 +0800] "GET /xingrg/kc/buy/cgsh_order_operate.html?command=get_materiel&rest_code=00141&code=00101008096&supplier_code=00100008&order_time=2024-03-03 HTTP/1.1" 200 412
116.238.97.31 - - [03/Mar/2024:10:56:35 +0800] "GET /xingrg/all/function/internal_message.html?_=1709434595978&CODE_STATE=getMsg HTTP/1.1" 200 27
180.169.147.146 - - [03/Mar/2024:10:56:38 +0800] "GET /xingrg/check_reg.html?_=1709434598603 HTTP/1.1" 200 22
180.169.147.146 - - [03/Mar/2024:10:56:38 +0800] "GET /xingrg/all/function/internal_message.html?_=1709434598606&CODE_STATE=getMsg HTTP/1.1" 200 27
116.224.254.208 - - [03/Mar/2024:10:56:39 +0800] "GET /xingrg/all/function/internal_message.html?_=1709434599029&CODE_STATE=getMsg HTTP/1.1" 200 27
101.83.145.37 - - [03/Mar/2024:10:56:41 +0800] "GET /xingrg/all/function/internal_message.html?_=1709434365122&CODE_STATE=getMsg HTTP/1.1" 200 27
116.232.194.112 - - [03/Mar/2024:10:56:45 +0800] "GET /xingrg/all/function/internal_message.html?_=1709434589569&CODE_STATE=getMsg HTTP/1.1" 200 27
101.228.147.14 - - [03/Mar/2024:10:56:46 +0800] "GET /xingrg/all/function/internal_message.html?_=1709434606707&CODE_STATE=getMsg HTTP/1.1" 200 27
124.78.67.200 - - [03/Mar/2024:10:56:46 +0800] "GET /xingrg/kc/buy/cgsh_order_operate.html?command=get_materiel&rest_code=00141&code=00101008283&supplier_code=00100008&order_time=2024-03-03 HTTP/1.1" 200 408
124.78.67.200 - - [03/Mar/2024:10:56:46 +0800] "GET /xingrg/all/function/internal_message.html?_=1709434606993&CODE_STATE=getMsg HTTP/1.1" 200 27
124.78.158.238 - - [03/Mar/2024:10:56:47 +0800] "GET /xingrg/all/function/internal_message.html?_=1709434607861&CODE_STATE=getMsg HTTP/1.1" 200 27
116.230.112.23 - - [03/Mar/2024:10:56:50 +0800] "GET /xingrg/all/function/internal_message.html?_=1709434636951&CODE_STATE=getMsg HTTP/1.1" 200 27
101.83.145.37 - - [03/Mar/2024:10:56:51 +0800] "GET /xingrg/check_reg.html?_=1709434611412 HTTP/1.1" 200 22
101.83.145.37 - - [03/Mar/2024:10:56:51 +0800] "GET /xingrg/all/function/internal_message.html?_=1709434611416&CODE_STATE=getMsg HTTP/1.1" 200 27
180.169.147.146 - - [03/Mar/2024:10:56:53 +0800] "GET /xingrg/check_reg.html?_=1709434613036 HTTP/1.1" 200 22
180.169.147.146 - - [03/Mar/2024:10:56:53 +0800] "GET /xingrg/all/function/internal_message.html?_=1709434613078&CODE_STATE=getMsg HTTP/1.1" 200 27
116.224.254.208 - - [03/Mar/2024:10:56:53 +0800] "GET /xingrg/javascript/auto/indicator.gif HTTP/1.1" 404 1066
180.164.1.25 - - [03/Mar/2024:10:56:56 +0800] "GET /xingrg/all/function/internal_message.html?_=1709434614905&CODE_STATE=getMsg HTTP/1.1" 200 27
124.78.67.200 - - [03/Mar/2024:10:56:56 +0800] "GET /xingrg/kc/buy/cgsh_order_operate.html?command=get_materiel&rest_code=00141&code=00101008264&supplier_code=00100008&order_time=2024-03-03 HTTP/1.1" 200 412
180.169.147.146 - - [03/Mar/2024:10:56:59 +0800] "GET /xingrg/all/function/internal_message.html?_=1709434619526&CODE_STATE=getMsg HTTP/1.1" 200 27
116.224.254.208 - - [03/Mar/2024:10:57:01 +0800] "GET /xingrg/kc/buy/cgsh_order_operate.html?command=get_materiel&rest_code=00150&code=00101006067&supplier_code=00100330&order_time=2024-03-03 HTTP/1.1" 200 409
124.79.245.19 - - [03/Mar/2024:10:57:06 +0800] "GET /xingrg/all/function/internal_message.html?_=1709434625840&CODE_STATE=getMsg HTTP/1.1" 200 27
222.69.134.231 - - [03/Mar/2024:10:57:07 +0800] "GET /xingrg/all/function/internal_message.html?_=1709434627537&CODE_STATE=getMsg HTTP/1.1" 200 27
124.78.67.200 - - [03/Mar/2024:10:57:07 +0800] "GET /xingrg/check_reg.html?_=1709434627314 HTTP/1.1" 200 22
116.224.254.208 - - [03/Mar/2024:10:57:09 +0800] "POST /xingrg/kc/buy/cgsh_order_operate.html HTTP/1.1" 200 37
124.78.158.238 - - [03/Mar/2024:10:57:10 +0800] "GET /xingrg/all/function/internal_message.html?_=1709434630940&CODE_STATE=getMsg HTTP/1.1" 200 27
124.78.67.200 - - [03/Mar/2024:10:57:14 +0800] "GET /xingrg/kc/buy/cgsh_order_operate.html?command=get_materiel&rest_code=00141&code=00101008352&supplier_code=00100008&order_time=2024-03-03 HTTP/1.1" 200 412
116.230.112.23 - - [03/Mar/2024:10:57:17 +0800] "GET /xingrg/kc/buy/cgsh_order_operate.html?command=get_materiel&rest_code=00146&code=00101008393&supplier_code=00100005&order_time=2024-03-03 HTTP/1.1" 200 408
116.224.254.208 - - [03/Mar/2024:10:57:18 +0800] "POST /xingrg/kc/buy/cgsh_order_operate.html HTTP/1.1" 200 12
124.79.245.19 - - [03/Mar/2024:10:57:19 +0800] "POST /xingrg/services/DataTransmitService HTTP/1.1" 200 524
116.230.112.23 - - [03/Mar/2024:10:57:19 +0800] "POST /xingrg/kc/buy/cgsh_order_operate.html HTTP/1.1" 200 2065
124.79.245.19 - - [03/Mar/2024:10:57:21 +0800] "POST /xingrg/services/DataTransmitService HTTP/1.1" 200 412
116.224.254.208 - - [03/Mar/2024:10:57:21 +0800] "GET /xingrg/kc/buy/cgsh_order_info.html?code=212024030300662 HTTP/1.1" 200 68531
114.83.217.226 - - [03/Mar/2024:10:57:22 +0800] "GET /xingrg/all/function/internal_message.html?_=1709434642232&CODE_STATE=getMsg HTTP/1.1" 200 27
116.224.254.208 - - [03/Mar/2024:10:57:22 +0800] "GET /xingrg/javascript/easyui/themes/default/validatebox.css HTTP/1.1" 404 1104
116.224.254.208 - - [03/Mar/2024:10:57:23 +0800] "POST /xingrg/kc/buy/cgsh_order_operate.html HTTP/1.1" 200 602
116.224.254.208 - - [03/Mar/2024:10:57:24 +0800] "GET /xingrg/kc/print/load_config.html?kc_code=cgsh HTTP/1.1" 200 1927
124.78.67.200 - - [03/Mar/2024:10:57:25 +0800] "GET /xingrg/kc/buy/cgsh_order_operate.html?command=get_materiel&rest_code=00141&code=00101008353&supplier_code=00100008&order_time=2024-03-03 HTTP/1.1" 200 408
116.224.254.208 - - [03/Mar/2024:10:57:25 +0800] "GET /xingrg/kc/print/load_data.html?order_code=212024030300662&kc_code=cgsh&condition= HTTP/1.1" 200 708
116.238.97.31 - - [03/Mar/2024:10:57:25 +0800] "GET /xingrg/all/function/internal_message.html?_=1709434645786&CODE_STATE=getMsg HTTP/1.1" 200 27
120.253.135.82 - - [03/Mar/2024:10:57:30 +0800] "GET /xingrg/check_reg.html?_=1709434486326 HTTP/1.1" 200 22
116.224.254.208 - - [03/Mar/2024:10:57:31 +0800] "GET /xingrg/kc/buy/cgsh_order_add.html HTTP/1.1" 200 73616
116.224.254.208 - - [03/Mar/2024:10:57:31 +0800] "POST /xingrg/kc/buy/cgsh_order_operate.html HTTP/1.1" 200 8245
116.224.254.208 - - [03/Mar/2024:10:57:31 +0800] "GET /xingrg/javascript/easyui/themes/default/validatebox.css HTTP/1.1" 404 1104
116.230.112.23 - - [03/Mar/2024:10:57:35 +0800] "GET /xingrg/kc/buy/cgsh_order_operate.html?command=get_materiel&rest_code=00146&code=00101008010&supplier_code=00100005&order_time=2024-03-03 HTTP/1.1" 200 412
116.238.97.31 - - [03/Mar/2024:10:57:35 +0800] "GET /xingrg/all/function/internal_message.html?_=1709434655966&CODE_STATE=getMsg HTTP/1.1" 200 27
124.78.67.200 - - [03/Mar/2024:10:57:35 +0800] "GET /xingrg/kc/buy/cgsh_order_operate.html?command=get_materiel&rest_code=00141&code=00101008355&supplier_code=00100008&order_time=2024-03-03 HTTP/1.1" 200 408
180.169.147.146 - - [03/Mar/2024:10:57:38 +0800] "GET /xingrg/all/function/internal_message.html?_=1709434658604&CODE_STATE=getMsg HTTP/1.1" 200 27
116.224.254.208 - - [03/Mar/2024:10:57:39 +0800] "GET /xingrg/all/function/internal_message.html?_=1709434659032&CODE_STATE=getMsg HTTP/1.1" 200 27
101.83.145.37 - - [03/Mar/2024:10:57:41 +0800] "GET /xingrg/all/function/internal_message.html?_=1709434425122&CODE_STATE=getMsg HTTP/1.1" 200 27
116.232.194.112 - - [03/Mar/2024:10:57:45 +0800] "GET /xingrg/all/function/internal_message.html?_=1709434649543&CODE_STATE=getMsg HTTP/1.1" 200 27
101.228.147.14 - - [03/Mar/2024:10:57:46 +0800] "GET /xingrg/all/function/internal_message.html?_=1709434666706&CODE_STATE=getMsg HTTP/1.1" 200 27
124.78.67.200 - - [03/Mar/2024:10:57:46 +0800] "GET /xingrg/all/function/internal_message.html?_=1709434666992&CODE_STATE=getMsg HTTP/1.1" 200 27
124.78.158.238 - - [03/Mar/2024:10:57:47 +0800] "GET /xingrg/all/function/internal_message.html?_=1709434667878&CODE_STATE=getMsg HTTP/1.1" 200 27
124.78.67.200 - - [03/Mar/2024:10:57:50 +0800] "GET /xingrg/kc/buy/cgsh_order_operate.html?command=get_materiel&rest_code=00141&code=00101008137&supplier_code=00100008&order_time=2024-03-03 HTTP/1.1" 200 408
116.230.112.23 - - [03/Mar/2024:10:57:50 +0800] "GET /xingrg/kc/buy/cgsh_order_operate.html?command=get_materiel&rest_code=00146&code=00101008027&supplier_code=00100005&order_time=2024-03-03 HTTP/1.1" 200 408
116.230.112.23 - - [03/Mar/2024:10:57:50 +0800] "GET /xingrg/all/function/internal_message.html?_=1709434696964&CODE_STATE=getMsg HTTP/1.1" 200 27
101.83.145.37 - - [03/Mar/2024:10:57:51 +0800] "GET /xingrg/all/function/internal_message.html?_=1709434671416&CODE_STATE=getMsg HTTP/1.1" 200 27
180.169.147.146 - - [03/Mar/2024:10:57:53 +0800] "GET /xingrg/all/function/internal_message.html?_=1709434673071&CODE_STATE=getMsg HTTP/1.1" 200 27
180.164.1.25 - - [03/Mar/2024:10:57:56 +0800] "GET /xingrg/all/function/internal_message.html?_=1709434674881&CODE_STATE=getMsg HTTP/1.1" 200 27
180.169.147.146 - - [03/Mar/2024:10:57:59 +0800] "GET /xingrg/all/function/internal_message.html?_=1709434679510&CODE_STATE=getMsg HTTP/1.1" 200 27
124.79.245.19 - - [03/Mar/2024:10:58:06 +0800] "GET /xingrg/check_reg.html?_=1709434684908 HTTP/1.1" 200 22
124.79.245.19 - - [03/Mar/2024:10:58:06 +0800] "GET /xingrg/all/function/internal_message.html?_=1709434685828&CODE_STATE=getMsg HTTP/1.1" 200 27
222.69.134.231 - - [03/Mar/2024:10:58:07 +0800] "GET /xingrg/all/function/internal_message.html?_=1709434687518&CODE_STATE=getMsg HTTP/1.1" 200 27
116.230.112.23 - - [03/Mar/2024:10:58:09 +0800] "GET /xingrg/kc/buy/cgsh_order_operate.html?command=get_materiel&rest_code=00146&code=00101008244&supplier_code=00100005&order_time=2024-03-03 HTTP/1.1" 200 408
124.78.158.238 - - [03/Mar/2024:10:58:10 +0800] "GET /xingrg/check_reg.html?_=1709434690938 HTTP/1.1" 200 22
124.78.158.238 - - [03/Mar/2024:10:58:10 +0800] "GET /xingrg/all/function/internal_message.html?_=1709434690940&CODE_STATE=getMsg HTTP/1.1" 200 27
124.78.67.200 - - [03/Mar/2024:10:58:11 +0800] "GET /xingrg/kc/buy/cgsh_order_operate.html?command=get_materiel&rest_code=00141&code=00101008037&supplier_code=00100008&order_time=2024-03-03 HTTP/1.1" 200 413
116.230.112.23 - - [03/Mar/2024:10:58:21 +0800] "GET /xingrg/kc/buy/cgsh_order_operate.html?command=get_materiel&rest_code=00146&code=00101008112&supplier_code=00100005&order_time=2024-03-03 HTTP/1.1" 200 412
114.83.217.226 - - [03/Mar/2024:10:58:22 +0800] "GET /xingrg/all/function/internal_message.html?_=1709434702208&CODE_STATE=getMsg HTTP/1.1" 200 27
124.78.67.200 - - [03/Mar/2024:10:58:23 +0800] "GET /xingrg/kc/buy/cgsh_order_operate.html?command=get_materiel&rest_code=00141&code=00101008005&supplier_code=00100008&order_time=2024-03-03 HTTP/1.1" 200 412
116.238.97.31 - - [03/Mar/2024:10:58:25 +0800] "GET /xingrg/all/function/internal_message.html?_=1709434705771&CODE_STATE=getMsg HTTP/1.1" 200 27
124.78.67.200 - - [03/Mar/2024:10:58:26 +0800] "POST /xingrg/kc/buy/cgsh_order_operate.html HTTP/1.1" 200 2065
124.78.67.200 - - [03/Mar/2024:10:58:34 +0800] "GET /xingrg/kc/buy/cgsh_order_operate.html?command=get_materiel&rest_code=00141&code=00101008103&supplier_code=00100008&order_time=2024-03-03 HTTP/1.1" 200 417
116.238.97.31 - - [03/Mar/2024:10:58:35 +0800] "GET /xingrg/all/function/internal_message.html?_=1709434715944&CODE_STATE=getMsg HTTP/1.1" 200 27
180.169.147.146 - - [03/Mar/2024:10:58:38 +0800] "GET /xingrg/all/function/internal_message.html?_=1709434718591&CODE_STATE=getMsg HTTP/1.1" 200 27
116.224.254.208 - - [03/Mar/2024:10:58:38 +0800] "GET /xingrg/all/function/internal_message.html?_=1709434719017&CODE_STATE=getMsg HTTP/1.1" 200 27
116.224.254.208 - - [03/Mar/2024:10:58:39 +0800] "GET /xingrg/check_reg.html?_=1709434719021 HTTP/1.1" 200 22
101.83.145.37 - - [03/Mar/2024:10:58:41 +0800] "GET /xingrg/all/function/internal_message.html?_=1709434485123&CODE_STATE=getMsg HTTP/1.1" 200 27
116.232.194.112 - - [03/Mar/2024:10:58:45 +0800] "GET /xingrg/all/function/internal_message.html?_=1709434709523&CODE_STATE=getMsg HTTP/1.1" 200 27
116.230.112.23 - - [03/Mar/2024:10:58:45 +0800] "GET /xingrg/kc/buy/cgsh_order_operate.html?command=get_materiel&rest_code=00146&code=00101008354&supplier_code=00100005&order_time=2024-03-03 HTTP/1.1" 200 412
101.228.147.14 - - [03/Mar/2024:10:58:46 +0800] "GET /xingrg/all/function/internal_message.html?_=1709434726707&CODE_STATE=getMsg HTTP/1.1" 200 27
124.78.67.200 - - [03/Mar/2024:10:58:46 +0800] "GET /xingrg/all/function/internal_message.html?_=1709434726954&CODE_STATE=getMsg HTTP/1.1" 200 27
124.78.158.238 - - [03/Mar/2024:10:58:47 +0800] "GET /xingrg/all/function/internal_message.html?_=1709434727859&CODE_STATE=getMsg HTTP/1.1" 200 27
116.230.112.23 - - [03/Mar/2024:10:58:50 +0800] "GET /xingrg/all/function/internal_message.html?_=1709434756978&CODE_STATE=getMsg HTTP/1.1" 200 27
101.83.145.37 - - [03/Mar/2024:10:58:51 +0800] "GET /xingrg/all/function/internal_message.html?_=1709434731417&CODE_STATE=getMsg HTTP/1.1" 200 27
116.230.112.23 - - [03/Mar/2024:10:58:51 +0800] "GET /xingrg/check_reg.html?_=1709434757588 HTTP/1.1" 200 22
124.78.67.200 - - [03/Mar/2024:10:58:52 +0800] "GET /xingrg/kc/buy/cgsh_order_operate.html?command=get_materiel&rest_code=00141&code=00101008368&supplier_code=00100008&order_time=2024-03-03 HTTP/1.1" 200 408
180.169.147.146 - - [03/Mar/2024:10:58:53 +0800] "GET /xingrg/all/function/internal_message.html?_=1709434733059&CODE_STATE=getMsg HTTP/1.1" 200 27
116.232.194.112 - - [03/Mar/2024:10:58:53 +0800] "GET /xingrg/kc/buy/cgsh_order_operate.html?command=get_materiel&rest_code=00155&code=00101019436&supplier_code=00100005&order_time=2024-03-03 HTTP/1.1" 200 416
180.164.1.25 - - [03/Mar/2024:10:58:56 +0800] "GET /xingrg/all/function/internal_message.html?_=1709434734868&CODE_STATE=getMsg HTTP/1.1" 200 27
180.169.147.146 - - [03/Mar/2024:10:58:59 +0800] "GET /xingrg/all/function/internal_message.html?_=1709434739494&CODE_STATE=getMsg HTTP/1.1" 200 27
124.78.67.200 - - [03/Mar/2024:10:59:06 +0800] "GET /xingrg/kc/buy/cgsh_order_operate.html?command=get_materiel&rest_code=00141&code=00101008350&supplier_code=00100008&order_time=2024-03-03 HTTP/1.1" 200 408
124.79.245.19 - - [03/Mar/2024:10:59:06 +0800] "GET /xingrg/all/function/internal_message.html?_=1709434745817&CODE_STATE=getMsg HTTP/1.1" 200 27
222.69.134.231 - - [03/Mar/2024:10:59:07 +0800] "GET /xingrg/all/function/internal_message.html?_=1709434747497&CODE_STATE=getMsg HTTP/1.1" 200 27
116.230.112.23 - - [03/Mar/2024:10:59:08 +0800] "GET /xingrg/kc/buy/cgsh_order_operate.html?command=get_materiel&rest_code=00146&code=00101008612&supplier_code=00100005&order_time=2024-03-03 HTTP/1.1" 200 420
124.78.158.238 - - [03/Mar/2024:10:59:10 +0800] "GET /xingrg/all/function/internal_message.html?_=1709434750940&CODE_STATE=getMsg HTTP/1.1" 200 27
180.169.147.146 - - [03/Mar/2024:10:59:12 +0800] "GET /xingrg/check_reg.html?_=1709434752366 HTTP/1.1" 200 22
116.224.254.208 - - [03/Mar/2024:10:59:13 +0800] "GET /xingrg/kc/buy/cgsh_order_operate.html?command=get_materiel&rest_code=00150&code=00101001037&supplier_code=00100090&order_time=2024-03-03 HTTP/1.1" 200 416
116.232.194.112 - - [03/Mar/2024:10:59:21 +0800] "GET /xingrg/kc/buy/cgsh_order_operate.html?command=get_materiel&rest_code=00155&code=00101008363&supplier_code=00100005&order_time=2024-03-03 HTTP/1.1" 200 422
114.83.217.226 - - [03/Mar/2024:10:59:22 +0800] "GET /xingrg/all/function/internal_message.html?_=1709434762187&CODE_STATE=getMsg HTTP/1.1" 200 27
124.78.67.200 - - [03/Mar/2024:10:59:22 +0800] "GET /xingrg/kc/buy/cgsh_order_operate.html?command=get_materiel&rest_code=00141&code=00101008323&supplier_code=00100008&order_time=2024-03-03 HTTP/1.1" 200 408
116.230.112.23 - - [03/Mar/2024:10:59:22 +0800] "POST /xingrg/kc/buy/cgsh_order_operate.html HTTP/1.1" 200 2065
114.83.217.226 - - [03/Mar/2024:10:59:23 +0800] "GET /xingrg/check_reg.html?_=1709434763740 HTTP/1.1" 200 22
116.238.97.31 - - [03/Mar/2024:10:59:25 +0800] "GET /xingrg/all/function/internal_message.html?_=1709434765768&CODE_STATE=getMsg HTTP/1.1" 200 27
218.81.65.124 - - [03/Mar/2024:10:59:25 +0800] "GET /xingrg/index.html?sysBaseUrl=http%3A%2F%2F180.169.147.146%3A18081%2Fxingrg%2F&costTime=44×tamp=1622098168715 HTTP/1.1" 302 -
218.81.65.124 - - [03/Mar/2024:10:59:25 +0800] "GET /xingrg/login.html HTTP/1.1" 200 7641
218.81.65.124 - - [03/Mar/2024:10:59:26 +0800] "GET /favicon.ico HTTP/1.1" 404 -
116.224.254.208 - - [03/Mar/2024:10:59:26 +0800] "GET /xingrg/kc/buy/cgsh_order_operate.html?command=get_materiel&rest_code=00150&code=00101001140&supplier_code=00100090&order_time=2024-03-03 HTTP/1.1" 200 415
116.238.97.31 - - [03/Mar/2024:10:59:27 +0800] "GET /xingrg/check_reg.html?_=1709434767878 HTTP/1.1" 200 22
116.238.97.31 - - [03/Mar/2024:10:59:35 +0800] "GET /xingrg/all/function/internal_message.html?_=1709434775930&CODE_STATE=getMsg HTTP/1.1" 200 27
116.224.254.208 - - [03/Mar/2024:10:59:38 +0800] "GET /xingrg/kc/buy/cgsh_order_operate.html?command=get_materiel&rest_code=00150&code=00101001324&supplier_code=00100090&order_time=2024-03-03 HTTP/1.1" 200 399
180.169.147.146 - - [03/Mar/2024:10:59:38 +0800] "GET /xingrg/all/function/internal_message.html?_=1709434778604&CODE_STATE=getMsg HTTP/1.1" 200 27
124.78.67.200 - - [03/Mar/2024:10:59:38 +0800] "GET /xingrg/kc/buy/cgsh_order_operate.html?command=get_materiel&rest_code=00141&code=00101008358&supplier_code=00100008&order_time=2024-03-03 HTTP/1.1" 200 412
116.224.254.208 - - [03/Mar/2024:10:59:39 +0800] "GET /xingrg/all/function/internal_message.html?_=1709434779024&CODE_STATE=getMsg HTTP/1.1" 200 27
101.83.145.37 - - [03/Mar/2024:10:59:41 +0800] "GET /xingrg/all/function/internal_message.html?_=1709434545124&CODE_STATE=getMsg HTTP/1.1" 200 27
101.83.145.37 - - [03/Mar/2024:10:59:41 +0800] "GET /xingrg/check_reg.html?_=1709434545127 HTTP/1.1" 200 22
124.78.67.200 - - [03/Mar/2024:10:59:44 +0800] "POST /xingrg/kc/buy/cgsh_order_operate.html HTTP/1.1" 200 2065
116.232.194.112 - - [03/Mar/2024:10:59:45 +0800] "GET /xingrg/all/function/internal_message.html?_=1709434769527&CODE_STATE=getMsg HTTP/1.1" 200 27
116.232.194.112 - - [03/Mar/2024:10:59:45 +0800] "GET /xingrg/check_reg.html?_=1709434770106 HTTP/1.1" 200 22
101.228.147.14 - - [03/Mar/2024:10:59:46 +0800] "GET /xingrg/all/function/internal_message.html?_=1709434786707&CODE_STATE=getMsg HTTP/1.1" 200 27
124.78.67.200 - - [03/Mar/2024:10:59:46 +0800] "GET /xingrg/all/function/internal_message.html?_=1709434786923&CODE_STATE=getMsg HTTP/1.1" 200 27
124.78.158.238 - - [03/Mar/2024:10:59:48 +0800] "GET /xingrg/all/function/internal_message.html?_=1709434787878&CODE_STATE=getMsg HTTP/1.1" 200 27
116.230.112.23 - - [03/Mar/2024:10:59:50 +0800] "GET /xingrg/all/function/internal_message.html?_=1709434816992&CODE_STATE=getMsg HTTP/1.1" 200 27
101.83.145.37 - - [03/Mar/2024:10:59:51 +0800] "GET /xingrg/all/function/internal_message.html?_=1709434791420&CODE_STATE=getMsg HTTP/1.1" 200 27
116.232.194.112 - - [03/Mar/2024:10:59:52 +0800] "GET /xingrg/kc/buy/cgsh_order_operate.html?command=get_materiel&rest_code=00155&code=00101008209&supplier_code=00100005&order_time=2024-03-03 HTTP/1.1" 200 408
180.169.147.146 - - [03/Mar/2024:10:59:53 +0800] "GET /xingrg/all/function/internal_message.html?_=1709434793067&CODE_STATE=getMsg HTTP/1.1" 200 27
218.81.65.124 - - [03/Mar/2024:10:59:55 +0800] "POST /xingrg/login.do HTTP/1.1" 302 -
218.81.65.124 - - [03/Mar/2024:10:59:55 +0800] "POST /xingrg/login.do HTTP/1.1" 302 -
218.81.65.124 - - [03/Mar/2024:10:59:55 +0800] "GET /xingrg/index.html?sysBaseUrl=http%3A%2F%2F180.169.147.146%3A18081%2Fxingrg%2F&costTime=1440×tamp=1709434795356 HTTP/1.1" 200 17179
218.81.65.124 - - [03/Mar/2024:10:59:55 +0800] "GET /favicon.ico HTTP/1.1" 404 -
218.81.65.124 - - [03/Mar/2024:10:59:55 +0800] "GET /xingrg/all/function/internal_message.html?_=1709434795734&CODE_STATE=count HTTP/1.1" 200 11
218.81.65.124 - - [03/Mar/2024:10:59:55 +0800] "POST /xingrg/all/common/load_tree.html?tree=area_rest_tree_json&manage=1 HTTP/1.1" 200 351
218.81.65.124 - - [03/Mar/2024:10:59:55 +0800] "GET /xingrg/check_reg.html?_=1709434795735 HTTP/1.1" 200 22
218.81.65.124 - - [03/Mar/2024:10:59:55 +0800] "POST /xingrg/load_menu.html HTTP/1.1" 200 5138
180.164.1.25 - - [03/Mar/2024:10:59:56 +0800] "GET /xingrg/all/function/internal_message.html?_=1709434794847&CODE_STATE=getMsg HTTP/1.1" 200 27
180.164.1.25 - - [03/Mar/2024:10:59:57 +0800] "GET /xingrg/check_reg.html?_=1709434795888 HTTP/1.1" 200 22
116.224.254.208 - - [03/Mar/2024:10:59:58 +0800] "GET /xingrg/kc/buy/cgsh_order_operate.html?command=get_materiel&rest_code=00150&code=00101001040&supplier_code=00100090&order_time=2024-03-03 HTTP/1.1" 200 417
218.81.65.124 - - [03/Mar/2024:10:59:58 +0800] "GET /xingrg/kc/buy/cgsh_order_list.html HTTP/1.1" 200 57803
180.169.147.146 - - [03/Mar/2024:10:59:59 +0800] "GET /xingrg/all/function/internal_message.html?_=1709434799488&CODE_STATE=getMsg HTTP/1.1" 200 27
180.169.147.146 - - [03/Mar/2024:10:59:59 +0800] "POST /xingrg/dwr/call/plaincall/AjaxReportQueryService.refreshCache.dwr HTTP/1.1" 200 78
180.169.147.146 - - [03/Mar/2024:11:00:00 +0800] "POST /xingrg/all/report/load_report_page.html HTTP/1.1" 200 22149
180.169.147.146 - - [03/Mar/2024:11:00:00 +0800] "GET /xingrg/servlets/image?cache=0.08843423564242625&image=px HTTP/1.1" 200 807
124.78.67.200 - - [03/Mar/2024:11:00:00 +0800] "GET /xingrg/kc/buy/cgsh_order_operate.html?command=get_materiel&rest_code=00141&code=00101008038&supplier_code=00100008&order_time=2024-03-03 HTTP/1.1" 200 412
218.81.65.124 - - [03/Mar/2024:11:00:02 +0800] "POST /xingrg/kc/buy/cgsh_list_operate.html HTTP/1.1" 200 986
124.79.245.19 - - [03/Mar/2024:11:00:06 +0800] "GET /xingrg/all/function/internal_message.html?_=1709434805792&CODE_STATE=getMsg HTTP/1.1" 200 27
222.69.134.231 - - [03/Mar/2024:11:00:07 +0800] "GET /xingrg/all/function/internal_message.html?_=1709434807484&CODE_STATE=getMsg HTTP/1.1" 200 27
124.78.158.238 - - [03/Mar/2024:11:00:10 +0800] "GET /xingrg/all/function/internal_message.html?_=1709434810938&CODE_STATE=getMsg HTTP/1.1" 200 27
218.81.65.124 - - [03/Mar/2024:11:00:11 +0800] "GET /xingrg/kc/base/wldb_order_list.html HTTP/1.1" 200 19019
218.81.65.124 - - [03/Mar/2024:11:00:12 +0800] "POST /xingrg/kc/base/wldb_list_operate.html HTTP/1.1" 200 928
116.232.194.112 - - [03/Mar/2024:11:00:13 +0800] "GET /xingrg/kc/buy/cgsh_order_operate.html?command=get_materiel&rest_code=00155&code=00101008447&supplier_code=00100005&order_time=2024-03-03 HTTP/1.1" 200 413
218.81.65.124 - - [03/Mar/2024:11:00:14 +0800] "GET /xingrg/kc/base/kc_stocks.html HTTP/1.1" 200 16560
218.81.65.124 - - [03/Mar/2024:11:00:14 +0800] "GET /xingrg/javascript/easyui/themes/default/tree.css HTTP/1.1" 404 1090
218.81.65.124 - - [03/Mar/2024:11:00:14 +0800] "GET /xingrg/all/common/auto_word.html?type=base&rest_code=00148 HTTP/1.1" 200 1799
218.81.65.124 - - [03/Mar/2024:11:00:14 +0800] "POST /xingrg/all/common/load_tree.html?tree=materiel_sort_tree_json HTTP/1.1" 200 9734
116.230.112.23 - - [03/Mar/2024:11:00:18 +0800] "GET /xingrg/kc/buy/cgsh_order_operate.html?command=get_materiel&rest_code=00146&code=00101008351&supplier_code=00100005&order_time=2024-03-03 HTTP/1.1" 200 408
114.83.217.226 - - [03/Mar/2024:11:00:22 +0800] "GET /xingrg/all/function/internal_message.html?_=1709434822169&CODE_STATE=getMsg HTTP/1.1" 200 27
116.224.254.208 - - [03/Mar/2024:11:00:22 +0800] "GET /xingrg/kc/buy/cgsh_order_operate.html?command=get_materiel&rest_code=00150&code=00101004104&supplier_code=00100090&order_time=2024-03-03 HTTP/1.1" 200 410
124.78.67.200 - - [03/Mar/2024:11:00:23 +0800] "POST /xingrg/kc/buy/cgsh_order_operate.html HTTP/1.1" 200 2065
116.238.97.31 - - [03/Mar/2024:11:00:24 +0800] "GET /xingrg/check_reg.html?_=1709434824119 HTTP/1.1" 200 22
116.238.97.31 - - [03/Mar/2024:11:00:25 +0800] "GET /xingrg/all/function/internal_message.html?_=1709434825750&CODE_STATE=getMsg HTTP/1.1" 200 27
124.78.67.200 - - [03/Mar/2024:11:00:29 +0800] "GET /xingrg/kc/buy/cgsh_order_operate.html?command=get_materiel&rest_code=00141&code=00101008126&supplier_code=00100008&order_time=2024-03-03 HTTP/1.1" 200 412
218.81.65.124 - - [03/Mar/2024:11:00:30 +0800] "POST /xingrg/kc/base/stock_operate.html HTTP/1.1" 200 1710
218.81.65.124 - - [03/Mar/2024:11:00:33 +0800] "GET /xingrg/kc/base/stock_detail.html?m=00101006164 HTTP/1.1" 200 7356
120.253.135.82 - - [03/Mar/2024:11:00:34 +0800] "GET /xingrg/kc/report/report_main.html HTTP/1.1" 200 8599
116.238.97.31 - - [03/Mar/2024:11:00:35 +0800] "GET /xingrg/all/function/internal_message.html?_=1709434835919&CODE_STATE=getMsg HTTP/1.1" 200 27
116.224.254.208 - - [03/Mar/2024:11:00:36 +0800] "GET /xingrg/kc/buy/cgsh_order_operate.html?command=get_materiel&rest_code=00150&code=00101004101&supplier_code=00100090&order_time=2024-03-03 HTTP/1.1" 200 413
120.253.135.82 - - [03/Mar/2024:11:00:36 +0800] "GET /xingrg/kc/base/kc_stocks.html HTTP/1.1" 200 16554
120.253.135.82 - - [03/Mar/2024:11:00:37 +0800] "GET /xingrg/javascript/easyui/themes/default/tree.css HTTP/1.1" 404 1090
218.81.65.124 - - [03/Mar/2024:11:00:37 +0800] "GET /xingrg/kc/base/stock_operate.html?_=1709434837370&command=get_report_file&start_day=20240201 HTTP/1.1" 200 53
218.81.65.124 - - [03/Mar/2024:11:00:37 +0800] "GET /xingrg/all/report/report_query.html?isQuery=1&onlyBody=1&rh=2000&fileName=kc/base/kc_stock_detail_new.xml&queryString=(1=1)&queryText=&tableQueryString=init_table$sp1$$sp$crk_table$sp1$order_day%20between%2020240201%20and%2020240331&varString=start_day:20240201,materiel_code:00101006164,cost_id:4882,end_date:20240131 HTTP/1.1" 200 48701
218.81.65.124 - - [03/Mar/2024:11:00:37 +0800] "GET /xingrg/dwr/interface/AjaxReportQueryService.js HTTP/1.1" 200 13203
218.81.65.124 - - [03/Mar/2024:11:00:37 +0800] "GET /xingrg/dwr/util.js HTTP/1.1" 304 -
218.81.65.124 - - [03/Mar/2024:11:00:37 +0800] "GET /xingrg/dwr/engine.js HTTP/1.1" 200 43631
120.253.135.82 - - [03/Mar/2024:11:00:37 +0800] "POST /xingrg/all/common/load_tree.html?tree=materiel_sort_tree_json HTTP/1.1" 200 9734
180.169.147.146 - - [03/Mar/2024:11:00:38 +0800] "GET /xingrg/all/function/internal_message.html?_=1709434838592&CODE_STATE=getMsg HTTP/1.1" 200 27
180.169.147.146 - - [03/Mar/2024:11:00:38 +0800] "POST /xingrg/dwr/call/plaincall/AjaxReportQueryService.queryInitializeString.dwr HTTP/1.1" 200 1062
116.224.254.208 - - [03/Mar/2024:11:00:39 +0800] "GET /xingrg/all/function/internal_message.html?_=1709434839027&CODE_STATE=getMsg HTTP/1.1" 200 27
218.81.65.124 - - [03/Mar/2024:11:00:39 +0800] "POST /xingrg/all/report/load_report_page.html HTTP/1.1" 200 25133
218.81.65.124 - - [03/Mar/2024:11:00:39 +0800] "GET /xingrg/servlets/image?cache=0.7691131179881553&image=px HTTP/1.1" 200 807
124.78.67.200 - - [03/Mar/2024:11:00:39 +0800] "GET /xingrg/kc/buy/cgsh_order_operate.html?command=get_materiel&rest_code=00141&code=00101008087&supplier_code=00100008&order_time=2024-03-03 HTTP/1.1" 200 412
180.169.147.146 - - [03/Mar/2024:11:00:39 +0800] "POST /xingrg/dwr/call/plaincall/AjaxReportQueryService.refreshCache.dwr HTTP/1.1" 200 78
180.169.147.146 - - [03/Mar/2024:11:00:40 +0800] "POST /xingrg/all/report/load_report_page.html HTTP/1.1" 200 26753
180.169.147.146 - - [03/Mar/2024:11:00:40 +0800] "GET /xingrg/servlets/image?cache=0.6291461025779286&image=px HTTP/1.1" 200 807
114.89.91.180 - - [03/Mar/2024:11:00:40 +0800] "POST /xingrg/dwr/call/plaincall/AjaxReportQueryService.refreshCache.dwr HTTP/1.1" 200 237
101.83.145.37 - - [03/Mar/2024:11:00:41 +0800] "GET /xingrg/all/function/internal_message.html?_=1709434605127&CODE_STATE=getMsg HTTP/1.1" 200 27
116.230.112.23 - - [03/Mar/2024:11:00:42 +0800] "GET /xingrg/kc/buy/cgsh_order_operate.html?command=get_materiel&rest_code=00146&code=00101008003&supplier_code=00100005&order_time=2024-03-03 HTTP/1.1" 200 408
114.89.91.180 - - [03/Mar/2024:11:00:43 +0800] "GET /xingrg/login.html HTTP/1.1" 200 7641
114.89.91.180 - - [03/Mar/2024:11:00:43 +0800] "GET /xingrg/images/blue/jxLogo.png HTTP/1.1" 200 6156
114.89.91.180 - - [03/Mar/2024:11:00:44 +0800] "GET /xingrg/images/blue/hj.png HTTP/1.1" 200 1014
114.89.91.180 - - [03/Mar/2024:11:00:44 +0800] "GET /xingrg/images/blue/login_bg.png HTTP/1.1" 200 22101
114.89.91.180 - - [03/Mar/2024:11:00:44 +0800] "GET /xingrg/images/blue/srbg.png HTTP/1.1" 200 138
114.89.91.180 - - [03/Mar/2024:11:00:44 +0800] "GET /favicon.ico HTTP/1.1" 404 -
114.89.91.180 - - [03/Mar/2024:11:00:45 +0800] "GET /xingrg/login.html HTTP/1.1" 200 7641
114.89.91.180 - - [03/Mar/2024:11:00:45 +0800] "GET /xingrg/images/blue/jxLogo.png HTTP/1.1" 200 6156
116.232.194.112 - - [03/Mar/2024:11:00:45 +0800] "GET /xingrg/all/function/internal_message.html?_=1709434829497&CODE_STATE=getMsg HTTP/1.1" 200 27
114.89.91.180 - - [03/Mar/2024:11:00:45 +0800] "GET /xingrg/images/blue/login_bg.png HTTP/1.1" 200 22101
114.89.91.180 - - [03/Mar/2024:11:00:45 +0800] "GET /xingrg/images/blue/hj.png HTTP/1.1" 200 1014
114.89.91.180 - - [03/Mar/2024:11:00:45 +0800] "GET /xingrg/images/blue/srbg.png HTTP/1.1" 200 138
114.89.91.180 - - [03/Mar/2024:11:00:45 +0800] "GET /favicon.ico HTTP/1.1" 404 -
218.81.65.124 - - [03/Mar/2024:11:00:45 +0800] "GET /xingrg/kc/base/stock_operate.html?_=1709434845461&command=get_report_file&start_day=20240101 HTTP/1.1" 200 53
218.81.65.124 - - [03/Mar/2024:11:00:45 +0800] "GET /xingrg/all/report/report_query.html?isQuery=1&onlyBody=1&rh=2000&fileName=kc/base/kc_stock_detail_new.xml&queryString=(1=1)&queryText=&tableQueryString=init_table$sp1$$sp$crk_table$sp1$order_day%20between%2020240101%20and%2020240331&varString=start_day:20240101,materiel_code:00101006164,cost_id:4841,end_date:20231231 HTTP/1.1" 200 48701
101.228.147.14 - - [03/Mar/2024:11:00:46 +0800] "GET /xingrg/check_reg.html?_=1709434846707 HTTP/1.1" 200 22
101.228.147.14 - - [03/Mar/2024:11:00:46 +0800] "GET /xingrg/all/function/internal_message.html?_=1709434846710&CODE_STATE=getMsg HTTP/1.1" 200 27
120.253.135.82 - - [03/Mar/2024:11:00:46 +0800] "POST /xingrg/kc/base/stock_operate.html HTTP/1.1" 200 1730
218.81.65.124 - - [03/Mar/2024:11:00:46 +0800] "GET /xingrg/dwr/interface/AjaxReportQueryService.js HTTP/1.1" 200 13203
218.81.65.124 - - [03/Mar/2024:11:00:46 +0800] "GET /xingrg/dwr/engine.js HTTP/1.1" 200 43631
218.81.65.124 - - [03/Mar/2024:11:00:46 +0800] "GET /xingrg/kc/base/stock_operate.html?_=1709434846799&command=get_report_file&start_day=20240101 HTTP/1.1" 200 53
218.81.65.124 - - [03/Mar/2024:11:00:46 +0800] "GET /xingrg/all/report/report_query.html?isQuery=1&onlyBody=1&rh=2000&fileName=kc/base/kc_stock_detail_new.xml&queryString=(1=1)&queryText=&tableQueryString=init_table$sp1$$sp$crk_table$sp1$order_day%20between%2020240101%20and%2020240331&varString=start_day:20240101,materiel_code:00101006164,cost_id:4841,end_date:20231231 HTTP/1.1" 200 48701
124.78.67.200 - - [03/Mar/2024:11:00:46 +0800] "GET /xingrg/all/function/internal_message.html?_=1709434847003&CODE_STATE=getMsg HTTP/1.1" 200 27
218.81.65.124 - - [03/Mar/2024:11:00:47 +0800] "GET /xingrg/dwr/interface/AjaxReportQueryService.js HTTP/1.1" 200 13203
218.81.65.124 - - [03/Mar/2024:11:00:47 +0800] "GET /xingrg/dwr/engine.js HTTP/1.1" 200 43631
124.78.158.238 - - [03/Mar/2024:11:00:47 +0800] "GET /xingrg/check_reg.html?_=1709434847863 HTTP/1.1" 200 22
124.78.158.238 - - [03/Mar/2024:11:00:48 +0800] "GET /xingrg/all/function/internal_message.html?_=1709434847864&CODE_STATE=getMsg HTTP/1.1" 200 27
114.89.91.180 - - [03/Mar/2024:11:00:48 +0800] "POST /xingrg/login.do HTTP/1.1" 302 -
114.89.91.180 - - [03/Mar/2024:11:00:49 +0800] "GET /xingrg/index.html?sysBaseUrl=http%3A%2F%2F180.169.147.146%3A18081%2Fxingrg%2F&costTime=1723×tamp=1709434848959 HTTP/1.1" 200 17177
114.89.91.180 - - [03/Mar/2024:11:00:49 +0800] "GET /xingrg/javascript/jquery_easy_ui/easyui-lang-zh_CN.js HTTP/1.1" 200 1900
114.89.91.180 - - [03/Mar/2024:11:00:49 +0800] "GET /xingrg/javascript/jquery.form.js HTTP/1.1" 200 23110
114.89.91.180 - - [03/Mar/2024:11:00:49 +0800] "GET /xingrg/javascript/jquery.timers.js HTTP/1.1" 200 3532
218.81.65.124 - - [03/Mar/2024:11:00:49 +0800] "POST /xingrg/all/report/load_report_page.html HTTP/1.1" 200 78835
114.89.91.180 - - [03/Mar/2024:11:00:49 +0800] "GET /favicon.ico HTTP/1.1" 404 -
114.89.91.180 - - [03/Mar/2024:11:00:49 +0800] "GET /xingrg/images/blue/navBackgound.jpg HTTP/1.1" 200 12378
114.89.91.180 - - [03/Mar/2024:11:00:49 +0800] "GET /xingrg/javascript/jquery_easy_ui/themes/icons/settle_new.png HTTP/1.1" 200 826
218.81.65.124 - - [03/Mar/2024:11:00:49 +0800] "GET /xingrg/servlets/image?cache=0.8058868357689117&image=px HTTP/1.1" 200 807
114.89.91.180 - - [03/Mar/2024:11:00:49 +0800] "GET /xingrg/all/function/internal_message.html?_=1709434849247&CODE_STATE=count HTTP/1.1" 200 11
114.89.91.180 - - [03/Mar/2024:11:00:49 +0800] "GET /xingrg/check_reg.html?_=1709434849247 HTTP/1.1" 200 22
114.89.91.180 - - [03/Mar/2024:11:00:49 +0800] "GET /xingrg/images/blue/pingpu.png HTTP/1.1" 200 231
114.89.91.180 - - [03/Mar/2024:11:00:49 +0800] "GET /xingrg/javascript/jquery_easy_ui/themes/default/images/tabs_leftarrow.png HTTP/1.1" 200 389
114.89.91.180 - - [03/Mar/2024:11:00:49 +0800] "GET /xingrg/javascript/jquery_easy_ui/themes/default/images/tabs_rightarrow.png HTTP/1.1" 200 395
114.89.91.180 - - [03/Mar/2024:11:00:49 +0800] "GET /xingrg/javascript/jquery_easy_ui/themes/default/images/panel_tool_collapse.gif HTTP/1.1" 200 246
114.89.91.180 - - [03/Mar/2024:11:00:49 +0800] "POST /xingrg/all/common/load_tree.html?tree=area_rest_tree_json&manage=1 HTTP/1.1" 200 601
114.89.91.180 - - [03/Mar/2024:11:00:49 +0800] "POST /xingrg/load_menu.html HTTP/1.1" 200 5138
114.89.91.180 - - [03/Mar/2024:11:00:49 +0800] "GET /xingrg/javascript/jquery_easy_ui/themes/default/images/tree_folder_open.gif HTTP/1.1" 200 956
114.89.91.180 - - [03/Mar/2024:11:00:49 +0800] "GET /xingrg/javascript/jquery_easy_ui/themes/default/images/tree_arrows.gif HTTP/1.1" 200 1043
114.89.91.180 - - [03/Mar/2024:11:00:49 +0800] "GET /xingrg/javascript/jquery_easy_ui/themes/icons/search_new.png HTTP/1.1" 200 586
114.89.91.180 - - [03/Mar/2024:11:00:49 +0800] "GET /xingrg/javascript/jquery_easy_ui/themes/default/images/tree_folder.gif HTTP/1.1" 200 952
114.89.91.180 - - [03/Mar/2024:11:00:49 +0800] "GET /xingrg/javascript/jquery_easy_ui/themes/icons/storage_new.png HTTP/1.1" 200 853
114.89.91.180 - - [03/Mar/2024:11:00:49 +0800] "GET /xingrg/javascript/jquery_easy_ui/themes/icons/forms_new.png HTTP/1.1" 200 350
114.89.91.180 - - [03/Mar/2024:11:00:49 +0800] "GET /xingrg/javascript/jquery_easy_ui/themes/default/images/tree_file.gif HTTP/1.1" 200 118
116.224.254.208 - - [03/Mar/2024:11:00:50 +0800] "GET /xingrg/kc/buy/cgsh_order_operate.html?command=get_materiel&rest_code=00150&code=00101001006&supplier_code=00100090&order_time=2024-03-03 HTTP/1.1" 200 413
116.230.112.23 - - [03/Mar/2024:11:00:50 +0800] "GET /xingrg/all/function/internal_message.html?_=1709434877006&CODE_STATE=getMsg HTTP/1.1" 200 27
101.83.145.37 - - [03/Mar/2024:11:00:51 +0800] "GET /xingrg/all/function/internal_message.html?_=1709434851446&CODE_STATE=getMsg HTTP/1.1" 200 27
114.89.91.180 - - [03/Mar/2024:11:00:51 +0800] "GET /xingrg/javascript/jquery_easy_ui/themes/default/images/tabs_close.gif HTTP/1.1" 200 829
114.89.91.180 - - [03/Mar/2024:11:00:51 +0800] "GET /xingrg/kc/report/report_main.html HTTP/1.1" 200 7340
114.89.91.180 - - [03/Mar/2024:11:00:51 +0800] "GET /xingrg/javascript/jquery_easy_ui/themes/icons/back_new.png HTTP/1.1" 200 3414
124.78.67.200 - - [03/Mar/2024:11:00:52 +0800] "GET /xingrg/kc/buy/cgsh_order_operate.html?command=get_materiel&rest_code=00141&code=00101008356&supplier_code=00100008&order_time=2024-03-03 HTTP/1.1" 200 408
114.89.91.180 - - [03/Mar/2024:11:00:52 +0800] "GET /xingrg/all/report/report_query.html?fileName=kc/buy/wlcg_mx.xml HTTP/1.1" 200 51648
114.89.91.180 - - [03/Mar/2024:11:00:52 +0800] "GET /xingrg/dwr/interface/AjaxReportQueryService.js HTTP/1.1" 200 13203
114.89.91.180 - - [03/Mar/2024:11:00:52 +0800] "GET /xingrg/dwr/util.js HTTP/1.1" 304 -
114.89.91.180 - - [03/Mar/2024:11:00:52 +0800] "GET /xingrg/dwr/engine.js HTTP/1.1" 200 43631
114.89.91.180 - - [03/Mar/2024:11:00:52 +0800] "GET /xingrg/images/blue/button/advanceover.gif HTTP/1.1" 200 1347
114.89.91.180 - - [03/Mar/2024:11:00:52 +0800] "GET /xingrg/images/control/loading.gif HTTP/1.1" 200 13463
114.89.91.180 - - [03/Mar/2024:11:00:52 +0800] "GET /xingrg/images/blue/button/back2over.gif HTTP/1.1" 200 1335
114.89.91.180 - - [03/Mar/2024:11:00:52 +0800] "GET /xingrg/images/blue/button/backover.gif HTTP/1.1" 200 1348
114.89.91.180 - - [03/Mar/2024:11:00:52 +0800] "GET /xingrg/images/blue/button/advance2over.gif HTTP/1.1" 200 1336
114.89.91.180 - - [03/Mar/2024:11:00:52 +0800] "GET /xingrg/javascript/jquery_easy_ui/themes/icons/help.png HTTP/1.1" 200 1187
114.89.91.180 - - [03/Mar/2024:11:00:52 +0800] "GET /xingrg/javascript/jquery_easy_ui/themes/default/images/button_a_bg.gif HTTP/1.1" 200 1194
114.89.91.180 - - [03/Mar/2024:11:00:52 +0800] "GET /xingrg/javascript/jquery_easy_ui/themes/default/images/menu_downarrow.png HTTP/1.1" 200 173
114.89.91.180 - - [03/Mar/2024:11:00:52 +0800] "GET /xingrg/javascript/jquery_easy_ui/themes/icons/print.png HTTP/1.1" 200 1057
114.89.91.180 - - [03/Mar/2024:11:00:52 +0800] "GET /xingrg/javascript/jquery_easy_ui/themes/default/images/menu.gif HTTP/1.1" 200 834
114.89.91.180 - - [03/Mar/2024:11:00:52 +0800] "GET /xingrg/javascript/jquery_easy_ui/themes/icons/pencil.png HTTP/1.1" 200 713
114.89.91.180 - - [03/Mar/2024:11:00:52 +0800] "POST /xingrg/dwr/call/plaincall/AjaxReportQueryService.getFixDate.dwr HTTP/1.1" 200 111
114.89.91.180 - - [03/Mar/2024:11:00:52 +0800] "GET /xingrg/javascript/jquery_easy_ui/themes/default/images/menu_rightarrow.png HTTP/1.1" 200 3617
180.169.147.146 - - [03/Mar/2024:11:00:53 +0800] "GET /xingrg/all/function/internal_message.html?_=1709434853058&CODE_STATE=getMsg HTTP/1.1" 200 27
114.89.91.180 - - [03/Mar/2024:11:00:53 +0800] "POST /xingrg/dwr/call/plaincall/AjaxReportQueryService.getInitString.dwr HTTP/1.1" 200 37244
114.89.91.180 - - [03/Mar/2024:11:00:53 +0800] "GET /xingrg/javascript/multi_select/dropdown.gif HTTP/1.1" 200 61
114.89.91.180 - - [03/Mar/2024:11:00:53 +0800] "POST /xingrg/dwr/call/plaincall/AjaxReportQueryService.getInitString.dwr HTTP/1.1" 200 366
114.89.91.180 - - [03/Mar/2024:11:00:53 +0800] "POST /xingrg/dwr/call/plaincall/AjaxReportQueryService.getInitString.dwr HTTP/1.1" 200 125
101.83.145.37 - - [03/Mar/2024:11:00:53 +0800] "GET /xingrg/kc/base/check_order_info.html?code=452024030300047 HTTP/1.1" 200 26560
101.83.145.37 - - [03/Mar/2024:11:00:53 +0800] "GET /xingrg/dwr/interface/AjaxComOrderService.js HTTP/1.1" 200 18264
101.83.145.37 - - [03/Mar/2024:11:00:53 +0800] "GET /xingrg/dwr/interface/AjaxCheckService.js HTTP/1.1" 200 14003
101.83.145.37 - - [03/Mar/2024:11:00:53 +0800] "GET /xingrg/dwr/engine.js HTTP/1.1" 200 43631
101.83.145.37 - - [03/Mar/2024:11:00:54 +0800] "POST /xingrg/dwr/call/plaincall/AjaxCheckService.loadOrderItems.dwr HTTP/1.1" 200 998
120.253.135.82 - - [03/Mar/2024:11:00:55 +0800] "POST /xingrg/kc/base/stock_operate.html HTTP/1.1" 200 1730
180.164.1.25 - - [03/Mar/2024:11:00:56 +0800] "GET /xingrg/all/function/internal_message.html?_=1709434854827&CODE_STATE=getMsg HTTP/1.1" 200 27
218.81.65.124 - - [03/Mar/2024:11:00:56 +0800] "GET /xingrg/kc/guide/show_order.html?code=212024012912770&type=21 HTTP/1.1" 302 -
218.81.65.124 - - [03/Mar/2024:11:00:56 +0800] "GET /xingrg/all/function/internal_message.html?_=1709434856603&CODE_STATE=getMsg HTTP/1.1" 200 27
