218.81.65.124 - - [03/Mar/2024:10:36:36 +0800] "POST /xingrg/all/report/load_report_page.html HTTP/1.1" 200 322302
218.81.65.124 - - [03/Mar/2024:10:36:36 +0800] "GET /xingrg/images/blue/button/back2.gif HTTP/1.1" 200 1339
218.81.65.124 - - [03/Mar/2024:10:36:36 +0800] "GET /xingrg/images/blue/button/back.gif HTTP/1.1" 200 1352
218.81.65.124 - - [03/Mar/2024:10:36:36 +0800] "GET /xingrg/servlets/image?cache=0.8037788145847956&image=px HTTP/1.1" 200 807
116.238.97.31 - - [03/Mar/2024:10:36:38 +0800] "GET /xingrg/kc/base/wldb_order_operate.html?command=get_materiel&rest_code=00102&base_code=0010476&code=00101019185 HTTP/1.1" 200 469
116.238.97.31 - - [03/Mar/2024:10:36:41 +0800] "GET /xingrg/kc/base/wldb_order_operate.html?command=get_materiel&rest_code=00102&base_code=0010476&code=00101019400 HTTP/1.1" 200 465
222.69.134.231 - - [03/Mar/2024:10:36:44 +0800] "GET /xingrg/kc/buy/cgsh_order_operate.html?command=get_materiel&rest_code=00154&code=00101006039&supplier_code=00100419&order_time=2024-03-03 HTTP/1.1" 200 415
116.232.194.112 - - [03/Mar/2024:10:36:45 +0800] "GET /xingrg/all/function/internal_message.html?_=1709433389947&CODE_STATE=getMsg HTTP/1.1" 200 27
101.228.147.14 - - [03/Mar/2024:10:36:46 +0800] "GET /xingrg/all/function/internal_message.html?_=1709433406648&CODE_STATE=getMsg HTTP/1.1" 200 27
124.78.67.200 - - [03/Mar/2024:10:36:46 +0800] "GET /xingrg/all/function/internal_message.html?_=1709433406984&CODE_STATE=getMsg HTTP/1.1" 200 27
124.78.158.238 - - [03/Mar/2024:10:36:47 +0800] "GET /xingrg/all/function/internal_message.html?_=1709433407867&CODE_STATE=getMsg HTTP/1.1" 200 27
116.230.112.23 - - [03/Mar/2024:10:36:48 +0800] "GET /xingrg/all/function/internal_message.html?_=1709433434867&CODE_STATE=getMsg HTTP/1.1" 200 27
116.238.97.31 - - [03/Mar/2024:10:36:49 +0800] "GET /xingrg/kc/base/wldb_order_operate.html?command=get_materiel&rest_code=00102&base_code=0010476&code=00101010057 HTTP/1.1" 200 439
101.83.145.37 - - [03/Mar/2024:10:36:51 +0800] "GET /xingrg/check_reg.html?_=1709433411424 HTTP/1.1" 200 22
101.83.145.37 - - [03/Mar/2024:10:36:51 +0800] "GET /xingrg/all/function/internal_message.html?_=1709433411428&CODE_STATE=getMsg HTTP/1.1" 200 27
218.81.65.124 - - [03/Mar/2024:10:36:52 +0800] "POST /xingrg/dwr/call/plaincall/AjaxReportQueryService.refreshCache.dwr HTTP/1.1" 200 78
116.224.254.208 - - [03/Mar/2024:10:36:52 +0800] "GET /xingrg/all/function/internal_message.html?_=1709433412601&CODE_STATE=getMsg HTTP/1.1" 200 27
180.169.147.146 - - [03/Mar/2024:10:36:53 +0800] "GET /xingrg/check_reg.html?_=1709433413012 HTTP/1.1" 200 22
180.169.147.146 - - [03/Mar/2024:10:36:53 +0800] "GET /xingrg/all/function/internal_message.html?_=1709433413016&CODE_STATE=getMsg HTTP/1.1" 200 27
116.238.97.31 - - [03/Mar/2024:10:36:55 +0800] "GET /xingrg/kc/base/wldb_order_operate.html?command=get_materiel&rest_code=00102&base_code=0010476&code=00101016094 HTTP/1.1" 200 469
180.164.1.25 - - [03/Mar/2024:10:36:56 +0800] "GET /xingrg/all/function/internal_message.html?_=1709433415151&CODE_STATE=getMsg HTTP/1.1" 200 27
218.81.65.124 - - [03/Mar/2024:10:36:59 +0800] "POST /xingrg/all/report/load_report_page.html HTTP/1.1" 200 322302
218.81.65.124 - - [03/Mar/2024:10:36:59 +0800] "GET /xingrg/servlets/image?cache=0.2539402786892081&image=px HTTP/1.1" 200 807
180.169.147.146 - - [03/Mar/2024:10:37:00 +0800] "GET /xingrg/all/function/internal_message.html?_=1709433420925&CODE_STATE=getMsg HTTP/1.1" 200 27
116.238.97.31 - - [03/Mar/2024:10:37:03 +0800] "GET /xingrg/kc/base/wldb_order_operate.html?command=get_materiel&rest_code=00102&base_code=0010476&code=00101019253 HTTP/1.1" 200 481
218.81.65.124 - - [03/Mar/2024:10:37:04 +0800] "GET /xingrg/all/function/internal_message.html?_=1709433425203&CODE_STATE=getMsg HTTP/1.1" 200 27
124.79.245.19 - - [03/Mar/2024:10:37:06 +0800] "GET /xingrg/all/function/internal_message.html?_=1709433425003&CODE_STATE=getMsg HTTP/1.1" 200 27
124.78.67.200 - - [03/Mar/2024:10:37:07 +0800] "GET /xingrg/check_reg.html?_=1709433427318 HTTP/1.1" 200 22
218.81.65.124 - - [03/Mar/2024:10:37:08 +0800] "POST /xingrg/all/report/report_print.html HTTP/1.1" 200 39981
116.238.97.31 - - [03/Mar/2024:10:37:08 +0800] "GET /xingrg/kc/base/wldb_order_operate.html?command=get_materiel&rest_code=00102&base_code=0010476&code=00101019438 HTTP/1.1" 200 460
222.69.134.231 - - [03/Mar/2024:10:37:12 +0800] "POST /xingrg/kc/buy/cgsh_order_operate.html HTTP/1.1" 200 37
116.238.97.31 - - [03/Mar/2024:10:37:12 +0800] "GET /xingrg/kc/base/wldb_order_operate.html?command=get_materiel&rest_code=00102&base_code=0010476&code=00101019187 HTTP/1.1" 200 479
222.70.115.1 - - [03/Mar/2024:10:37:14 +0800] "GET /favicon.ico HTTP/1.1" 404 -
222.69.134.231 - - [03/Mar/2024:10:37:19 +0800] "POST /xingrg/kc/buy/cgsh_order_operate.html HTTP/1.1" 200 12
116.238.97.31 - - [03/Mar/2024:10:37:19 +0800] "GET /xingrg/kc/base/wldb_order_operate.html?command=get_materiel&rest_code=00102&base_code=0010476&code=00101019527 HTTP/1.1" 200 473
222.69.134.231 - - [03/Mar/2024:10:37:21 +0800] "GET /xingrg/kc/buy/cgsh_order_info.html?code=212024030300654 HTTP/1.1" 200 67687
222.69.134.231 - - [03/Mar/2024:10:37:22 +0800] "GET /xingrg/javascript/easyui/themes/default/validatebox.css HTTP/1.1" 404 1104
114.83.217.226 - - [03/Mar/2024:10:37:22 +0800] "GET /xingrg/all/function/internal_message.html?_=1709433442671&CODE_STATE=getMsg HTTP/1.1" 200 27
222.69.134.231 - - [03/Mar/2024:10:37:23 +0800] "POST /xingrg/kc/buy/cgsh_order_operate.html HTTP/1.1" 200 2398
222.69.134.231 - - [03/Mar/2024:10:37:25 +0800] "GET /xingrg/kc/print/load_data.html?order_code=212024030300654&kc_code=cgsh&condition= HTTP/1.1" 200 1392
116.238.97.31 - - [03/Mar/2024:10:37:25 +0800] "GET /xingrg/all/function/internal_message.html?_=1709433446023&CODE_STATE=getMsg HTTP/1.1" 200 27
120.253.135.82 - - [03/Mar/2024:10:37:30 +0800] "GET /xingrg/check_reg.html?_=1709433285990 HTTP/1.1" 200 22
116.238.97.31 - - [03/Mar/2024:10:37:35 +0800] "GET /xingrg/all/function/internal_message.html?_=1709433456256&CODE_STATE=getMsg HTTP/1.1" 200 27
116.232.194.112 - - [03/Mar/2024:10:37:45 +0800] "GET /xingrg/all/function/internal_message.html?_=1709433449926&CODE_STATE=getMsg HTTP/1.1" 200 27
101.228.147.14 - - [03/Mar/2024:10:37:46 +0800] "GET /xingrg/all/function/internal_message.html?_=1709433466649&CODE_STATE=getMsg HTTP/1.1" 200 27
124.78.67.200 - - [03/Mar/2024:10:37:46 +0800] "GET /xingrg/all/function/internal_message.html?_=1709433466960&CODE_STATE=getMsg HTTP/1.1" 200 27
124.78.158.238 - - [03/Mar/2024:10:37:47 +0800] "GET /xingrg/all/function/internal_message.html?_=1709433467859&CODE_STATE=getMsg HTTP/1.1" 200 27
116.230.112.23 - - [03/Mar/2024:10:37:48 +0800] "GET /xingrg/all/function/internal_message.html?_=1709433494867&CODE_STATE=getMsg HTTP/1.1" 200 27
101.83.145.37 - - [03/Mar/2024:10:37:51 +0800] "GET /xingrg/all/function/internal_message.html?_=1709433471413&CODE_STATE=getMsg HTTP/1.1" 200 27
116.224.254.208 - - [03/Mar/2024:10:37:52 +0800] "GET /xingrg/all/function/internal_message.html?_=1709433472570&CODE_STATE=getMsg HTTP/1.1" 200 27
180.169.147.146 - - [03/Mar/2024:10:37:53 +0800] "GET /xingrg/all/function/internal_message.html?_=1709433473013&CODE_STATE=getMsg HTTP/1.1" 200 27
116.238.97.31 - - [03/Mar/2024:10:37:53 +0800] "GET /xingrg/kc/base/wldb_order_operate.html?command=get_materiel&rest_code=00102&base_code=0010476&code=00101019297 HTTP/1.1" 200 476
180.169.147.146 - - [03/Mar/2024:10:37:54 +0800] "GET /xingrg/login.html HTTP/1.1" 200 7641
180.169.147.146 - - [03/Mar/2024:10:37:54 +0800] "GET /xingrg/images/blue/jxLogo.png HTTP/1.1" 200 6156
180.169.147.146 - - [03/Mar/2024:10:37:54 +0800] "GET /xingrg/images/blue/login_bg.png HTTP/1.1" 200 22101
180.169.147.146 - - [03/Mar/2024:10:37:54 +0800] "GET /xingrg/images/blue/srbg.png HTTP/1.1" 200 138
180.169.147.146 - - [03/Mar/2024:10:37:54 +0800] "GET /xingrg/images/blue/hj.png HTTP/1.1" 200 1014
180.169.147.146 - - [03/Mar/2024:10:37:54 +0800] "GET /favicon.ico HTTP/1.1" 404 -
180.164.1.25 - - [03/Mar/2024:10:37:56 +0800] "GET /xingrg/all/function/internal_message.html?_=1709433475121&CODE_STATE=getMsg HTTP/1.1" 200 27
180.169.147.146 - - [03/Mar/2024:10:38:00 +0800] "GET /xingrg/all/function/internal_message.html?_=1709433480925&CODE_STATE=getMsg HTTP/1.1" 200 27
180.169.147.146 - - [03/Mar/2024:10:38:01 +0800] "GET /xingrg/login.html HTTP/1.1" 200 7641
124.79.245.19 - - [03/Mar/2024:10:38:06 +0800] "GET /xingrg/check_reg.html?_=1709433484928 HTTP/1.1" 200 22
124.79.245.19 - - [03/Mar/2024:10:38:06 +0800] "GET /xingrg/all/function/internal_message.html?_=1709433484996&CODE_STATE=getMsg HTTP/1.1" 200 27
116.238.97.31 - - [03/Mar/2024:10:38:06 +0800] "POST /xingrg/kc/base/wldb_order_operate.html HTTP/1.1" 200 37
180.169.147.146 - - [03/Mar/2024:10:38:06 +0800] "POST /xingrg/login.do HTTP/1.1" 302 -
180.169.147.146 - - [03/Mar/2024:10:38:06 +0800] "GET /xingrg/index.html?sysBaseUrl=http%3A%2F%2F180.169.147.146%3A18081%2Fxingrg%2F&costTime=1084×tamp=1709433486771 HTTP/1.1" 200 17503
180.169.147.146 - - [03/Mar/2024:10:38:06 +0800] "GET /xingrg/javascript/jquery_easy_ui/themes/default/easyui.css HTTP/1.1" 200 26500
180.169.147.146 - - [03/Mar/2024:10:38:06 +0800] "GET /xingrg/javascript/jquery_easy_ui/themes/icon.css HTTP/1.1" 200 3949
180.169.147.146 - - [03/Mar/2024:10:38:06 +0800] "GET /xingrg/css/form.css HTTP/1.1" 200 893
180.169.147.146 - - [03/Mar/2024:10:38:06 +0800] "GET /xingrg/javascript/jquery-1.4.2.min.js HTTP/1.1" 200 72205
180.169.147.146 - - [03/Mar/2024:10:38:06 +0800] "GET /xingrg/javascript/jquery_easy_ui/jquery.easyui.min.js HTTP/1.1" 200 213662
180.169.147.146 - - [03/Mar/2024:10:38:06 +0800] "GET /xingrg/javascript/jquery_easy_ui/easyui-lang-zh_CN.js HTTP/1.1" 200 1900
180.169.147.146 - - [03/Mar/2024:10:38:06 +0800] "GET /xingrg/javascript/jquery.utils.js HTTP/1.1" 200 11805
180.169.147.146 - - [03/Mar/2024:10:38:06 +0800] "GET /xingrg/javascript/jquery.form.js HTTP/1.1" 200 23110
180.169.147.146 - - [03/Mar/2024:10:38:06 +0800] "GET /xingrg/javascript/jquery.timers.js HTTP/1.1" 200 3532
180.169.147.146 - - [03/Mar/2024:10:38:06 +0800] "GET /favicon.ico HTTP/1.1" 404 -
180.169.147.146 - - [03/Mar/2024:10:38:06 +0800] "GET /xingrg/javascript/jquery_easy_ui/themes/icons/settle_new.png HTTP/1.1" 200 826
180.169.147.146 - - [03/Mar/2024:10:38:06 +0800] "GET /xingrg/images/blue/navBackgound.jpg HTTP/1.1" 200 12378
116.238.97.31 - - [03/Mar/2024:10:38:07 +0800] "POST /xingrg/kc/base/wldb_order_operate.html HTTP/1.1" 200 8262
180.169.147.146 - - [03/Mar/2024:10:38:07 +0800] "POST /xingrg/all/common/load_tree.html?tree=area_rest_tree_json&manage=1 HTTP/1.1" 200 2231
180.169.147.146 - - [03/Mar/2024:10:38:07 +0800] "GET /xingrg/check_reg.html?_=1709433487245 HTTP/1.1" 200 22
180.169.147.146 - - [03/Mar/2024:10:38:07 +0800] "GET /xingrg/javascript/jquery_easy_ui/themes/default/images/tabs_leftarrow.png HTTP/1.1" 200 389
180.169.147.146 - - [03/Mar/2024:10:38:07 +0800] "GET /xingrg/javascript/jquery_easy_ui/themes/default/images/tabs_rightarrow.png HTTP/1.1" 200 395
180.169.147.146 - - [03/Mar/2024:10:38:07 +0800] "GET /xingrg/javascript/jquery_easy_ui/themes/default/images/panel_tool_expand.gif HTTP/1.1" 200 247
180.169.147.146 - - [03/Mar/2024:10:38:07 +0800] "GET /xingrg/images/blue/pingpu.png HTTP/1.1" 200 231
180.169.147.146 - - [03/Mar/2024:10:38:07 +0800] "GET /xingrg/javascript/jquery_easy_ui/themes/default/images/panel_tool_collapse.gif HTTP/1.1" 200 246
180.169.147.146 - - [03/Mar/2024:10:38:07 +0800] "GET /xingrg/all/function/internal_message.html?_=1709433487244&CODE_STATE=count HTTP/1.1" 200 11
180.169.147.146 - - [03/Mar/2024:10:38:07 +0800] "POST /xingrg/load_menu.html HTTP/1.1" 200 11564
222.69.134.231 - - [03/Mar/2024:10:38:07 +0800] "GET /xingrg/all/function/internal_message.html?_=1709433487869&CODE_STATE=getMsg HTTP/1.1" 200 27
180.169.147.146 - - [03/Mar/2024:10:38:07 +0800] "GET /xingrg/javascript/jquery_easy_ui/themes/default/images/tree_arrows.gif HTTP/1.1" 200 1043
180.169.147.146 - - [03/Mar/2024:10:38:07 +0800] "GET /xingrg/javascript/jquery_easy_ui/themes/default/images/tree_folder_open.gif HTTP/1.1" 200 956
180.169.147.146 - - [03/Mar/2024:10:38:07 +0800] "GET /xingrg/javascript/jquery_easy_ui/themes/icons/search_new.png HTTP/1.1" 200 586
180.169.147.146 - - [03/Mar/2024:10:38:07 +0800] "GET /xingrg/javascript/jquery_easy_ui/themes/icons/delivery_new.png HTTP/1.1" 200 700
180.169.147.146 - - [03/Mar/2024:10:38:07 +0800] "GET /xingrg/javascript/jquery_easy_ui/themes/icons/storage_new.png HTTP/1.1" 200 853
180.169.147.146 - - [03/Mar/2024:10:38:07 +0800] "GET /xingrg/javascript/jquery_easy_ui/themes/icons/checkout_new.png HTTP/1.1" 200 744
180.169.147.146 - - [03/Mar/2024:10:38:07 +0800] "GET /xingrg/javascript/jquery_easy_ui/themes/icons/forms_new.png HTTP/1.1" 200 350
180.169.147.146 - - [03/Mar/2024:10:38:07 +0800] "GET /xingrg/javascript/jquery_easy_ui/themes/icons/systemset_new.png HTTP/1.1" 200 606
180.169.147.146 - - [03/Mar/2024:10:38:07 +0800] "GET /xingrg/javascript/jquery_easy_ui/themes/icons/setting_new.png HTTP/1.1" 200 450
180.169.147.146 - - [03/Mar/2024:10:38:07 +0800] "GET /xingrg/javascript/jquery_easy_ui/themes/default/images/tree_file.gif HTTP/1.1" 200 118
180.169.147.146 - - [03/Mar/2024:10:38:07 +0800] "GET /xingrg/javascript/jquery_easy_ui/themes/default/images/tree_folder.gif HTTP/1.1" 200 952
116.238.97.31 - - [03/Mar/2024:10:38:08 +0800] "GET /xingrg/kc/base/wldb_order_info.html?code=422024030300206 HTTP/1.1" 200 30355
116.238.97.31 - - [03/Mar/2024:10:38:08 +0800] "GET /xingrg/javascript/easyui/themes/default/validatebox.css HTTP/1.1" 404 1104
180.169.147.146 - - [03/Mar/2024:10:38:08 +0800] "GET /xingrg/javascript/jquery_easy_ui/themes/icons/area.png HTTP/1.1" 200 262
180.169.147.146 - - [03/Mar/2024:10:38:08 +0800] "GET /xingrg/javascript/jquery_easy_ui/themes/icons/manage.png HTTP/1.1" 200 696
180.169.147.146 - - [03/Mar/2024:10:38:08 +0800] "GET /xingrg/javascript/jquery_easy_ui/themes/icons/rest.png HTTP/1.1" 200 695
180.169.147.146 - - [03/Mar/2024:10:38:08 +0800] "GET /xingrg/javascript/jquery_easy_ui/themes/default/images/button_a_bg.gif HTTP/1.1" 200 1194
180.169.147.146 - - [03/Mar/2024:10:38:08 +0800] "GET /xingrg/javascript/jquery_easy_ui/themes/default/images/button_span_bg.gif HTTP/1.1" 200 2061
180.169.147.146 - - [03/Mar/2024:10:38:08 +0800] "GET /xingrg/javascript/jquery_easy_ui/themes/icons/ok.png HTTP/1.1" 200 883
180.169.147.146 - - [03/Mar/2024:10:38:08 +0800] "GET /xingrg/javascript/jquery_easy_ui/themes/default/images/panel_title.png HTTP/1.1" 200 266
180.169.147.146 - - [03/Mar/2024:10:38:08 +0800] "GET /xingrg/javascript/jquery_easy_ui/themes/default/images/panel_tools.gif HTTP/1.1" 200 737
116.238.97.31 - - [03/Mar/2024:10:38:09 +0800] "POST /xingrg/kc/base/wldb_order_operate.html HTTP/1.1" 200 8262
180.169.147.146 - - [03/Mar/2024:10:38:11 +0800] "GET /xingrg/images/control/ajaxLoader.gif HTTP/1.1" 200 4659
180.169.147.146 - - [03/Mar/2024:10:38:11 +0800] "POST /xingrg/all/user/operate.html HTTP/1.1" 200 36
180.169.147.146 - - [03/Mar/2024:10:38:12 +0800] "GET /xingrg/index.html?sysBaseUrl=http%3A%2F%2F180.169.147.146%3A18081%2Fxingrg%2F&costTime=1084×tamp=1709433486771 HTTP/1.1" 200 17503
180.169.147.146 - - [03/Mar/2024:10:38:12 +0800] "GET /xingrg/javascript/jquery_easy_ui/themes/default/easyui.css HTTP/1.1" 304 -
180.169.147.146 - - [03/Mar/2024:10:38:12 +0800] "GET /xingrg/javascript/jquery_easy_ui/themes/icon.css HTTP/1.1" 304 -
180.169.147.146 - - [03/Mar/2024:10:38:12 +0800] "GET /xingrg/css/form.css HTTP/1.1" 304 -
180.169.147.146 - - [03/Mar/2024:10:38:12 +0800] "GET /xingrg/javascript/jquery-1.4.2.min.js HTTP/1.1" 304 -
180.169.147.146 - - [03/Mar/2024:10:38:12 +0800] "GET /xingrg/javascript/jquery_easy_ui/jquery.easyui.min.js HTTP/1.1" 304 -
180.169.147.146 - - [03/Mar/2024:10:38:12 +0800] "GET /xingrg/javascript/jquery_easy_ui/easyui-lang-zh_CN.js HTTP/1.1" 304 -
180.169.147.146 - - [03/Mar/2024:10:38:12 +0800] "GET /xingrg/javascript/jquery.form.js HTTP/1.1" 304 -
180.169.147.146 - - [03/Mar/2024:10:38:12 +0800] "GET /xingrg/javascript/jquery.utils.js HTTP/1.1" 304 -
180.169.147.146 - - [03/Mar/2024:10:38:12 +0800] "GET /xingrg/javascript/jquery.timers.js HTTP/1.1" 304 -
180.169.147.146 - - [03/Mar/2024:10:38:12 +0800] "GET /xingrg/images/blue/jxLogo.png HTTP/1.1" 304 -
180.169.147.146 - - [03/Mar/2024:10:38:12 +0800] "GET /xingrg/images/blue/navBackgound.jpg HTTP/1.1" 304 -
180.169.147.146 - - [03/Mar/2024:10:38:12 +0800] "GET /xingrg/javascript/jquery_easy_ui/themes/icons/settle_new.png HTTP/1.1" 304 -
180.169.147.146 - - [03/Mar/2024:10:38:12 +0800] "GET /xingrg/all/function/internal_message.html?_=1709433492272&CODE_STATE=count HTTP/1.1" 200 11
180.169.147.146 - - [03/Mar/2024:10:38:12 +0800] "GET /xingrg/check_reg.html?_=1709433492274 HTTP/1.1" 200 22
180.169.147.146 - - [03/Mar/2024:10:38:12 +0800] "GET /xingrg/javascript/jquery_easy_ui/themes/default/images/tabs_leftarrow.png HTTP/1.1" 304 -
180.169.147.146 - - [03/Mar/2024:10:38:12 +0800] "GET /xingrg/javascript/jquery_easy_ui/themes/default/images/panel_tool_expand.gif HTTP/1.1" 304 -
180.169.147.146 - - [03/Mar/2024:10:38:12 +0800] "GET /xingrg/javascript/jquery_easy_ui/themes/default/images/panel_tool_collapse.gif HTTP/1.1" 304 -
180.169.147.146 - - [03/Mar/2024:10:38:12 +0800] "GET /xingrg/javascript/jquery_easy_ui/themes/default/images/tabs_rightarrow.png HTTP/1.1" 304 -
180.169.147.146 - - [03/Mar/2024:10:38:12 +0800] "GET /xingrg/images/blue/pingpu.png HTTP/1.1" 304 -
180.169.147.146 - - [03/Mar/2024:10:38:12 +0800] "POST /xingrg/all/common/load_tree.html?tree=area_rest_tree_json&manage=1 HTTP/1.1" 200 2231
180.169.147.146 - - [03/Mar/2024:10:38:12 +0800] "POST /xingrg/load_menu.html HTTP/1.1" 200 9959
222.69.134.231 - - [03/Mar/2024:10:38:18 +0800] "GET /xingrg/kc/buy/cgsh_order_add.html HTTP/1.1" 200 72776
180.169.147.146 - - [03/Mar/2024:10:38:18 +0800] "GET /xingrg/javascript/jquery_easy_ui/themes/default/images/tabs_close.gif HTTP/1.1" 200 829
180.169.147.146 - - [03/Mar/2024:10:38:18 +0800] "GET /xingrg/kc/base/check_order_list.html HTTP/1.1" 200 16387
180.169.147.146 - - [03/Mar/2024:10:38:18 +0800] "GET /xingrg/css/base.css HTTP/1.1" 200 2811
180.169.147.146 - - [03/Mar/2024:10:38:18 +0800] "GET /xingrg/css/site.css HTTP/1.1" 200 7541
180.169.147.146 - - [03/Mar/2024:10:38:18 +0800] "GET /xingrg/javascript/jquery_tools/datebox.css HTTP/1.1" 200 2597
180.169.147.146 - - [03/Mar/2024:10:38:18 +0800] "GET /xingrg/javascript/easyui/themes/default/easyui.css HTTP/1.1" 200 30432
180.169.147.146 - - [03/Mar/2024:10:38:18 +0800] "GET /xingrg/javascript/easyui/themes/icon.css HTTP/1.1" 200 4483
180.169.147.146 - - [03/Mar/2024:10:38:18 +0800] "GET /xingrg/javascript/auto/jquery.autocomplete.css HTTP/1.1" 200 587
180.169.147.146 - - [03/Mar/2024:10:38:18 +0800] "GET /xingrg/javascript/jquery_tools/fix.css HTTP/1.1" 200 1702
180.169.147.146 - - [03/Mar/2024:10:38:18 +0800] "GET /xingrg/javascript/jquery_tools/table.css HTTP/1.1" 200 1032
180.169.147.146 - - [03/Mar/2024:10:38:18 +0800] "GET /xingrg/javascript/jquery_tools/jquery.tools.min.js HTTP/1.1" 200 138801
180.169.147.146 - - [03/Mar/2024:10:38:18 +0800] "GET /xingrg/javascript/jquery_tools/jquery.tools.extend.js HTTP/1.1" 200 15385
180.169.147.146 - - [03/Mar/2024:10:38:18 +0800] "GET /xingrg/javascript/jquery_tools/jquery.tools.table.js HTTP/1.1" 200 6994
180.169.147.146 - - [03/Mar/2024:10:38:18 +0800] "GET /xingrg/javascript/jquery_tools/list_manager.js HTTP/1.1" 200 3652
180.169.147.146 - - [03/Mar/2024:10:38:18 +0800] "GET /xingrg/javascript/auto/jquery.autocomplete.js HTTP/1.1" 200 21624
180.169.147.146 - - [03/Mar/2024:10:38:18 +0800] "GET /xingrg/javascript/jquery_tools/jquery.tools.hotkey.js HTTP/1.1" 200 3242
180.169.147.146 - - [03/Mar/2024:10:38:18 +0800] "GET /xingrg/javascript/easyui/easyloader.js HTTP/1.1" 200 5975
180.169.147.146 - - [03/Mar/2024:10:38:18 +0800] "GET /xingrg/javascript/jquery.cookie.js HTTP/1.1" 200 5513
180.169.147.146 - - [03/Mar/2024:10:38:18 +0800] "GET /xingrg/javascript/easyui/themes/icons/uncheck_new.png HTTP/1.1" 200 3197
180.169.147.146 - - [03/Mar/2024:10:38:18 +0800] "GET /xingrg/javascript/easyui/themes/icons/check_new.png HTTP/1.1" 200 3224
180.169.147.146 - - [03/Mar/2024:10:38:18 +0800] "GET /xingrg/javascript/easyui/themes/icons/field_new.png HTTP/1.1" 200 1097
180.169.147.146 - - [03/Mar/2024:10:38:18 +0800] "GET /xingrg/javascript/easyui/themes/icons/edit_add_new.png HTTP/1.1" 200 2997
180.169.147.146 - - [03/Mar/2024:10:38:18 +0800] "GET /xingrg/javascript/easyui/themes/icons/cance_new.png HTTP/1.1" 200 3986
180.169.147.146 - - [03/Mar/2024:10:38:18 +0800] "GET /xingrg/javascript/easyui/plugins/jquery.parser.js HTTP/1.1" 200 1142
222.69.134.231 - - [03/Mar/2024:10:38:18 +0800] "POST /xingrg/kc/buy/cgsh_order_operate.html HTTP/1.1" 200 8245
222.69.134.231 - - [03/Mar/2024:10:38:18 +0800] "GET /xingrg/javascript/easyui/themes/default/validatebox.css HTTP/1.1" 404 1104
180.169.147.146 - - [03/Mar/2024:10:38:19 +0800] "POST /xingrg/kc/base/check_list_operate.html HTTP/1.1" 200 781
180.169.147.146 - - [03/Mar/2024:10:38:21 +0800] "POST /xingrg/kc/base/check_list_operate.html HTTP/1.1" 200 5436
114.83.217.226 - - [03/Mar/2024:10:38:22 +0800] "GET /xingrg/all/function/internal_message.html?_=1709433502657&CODE_STATE=getMsg HTTP/1.1" 200 27
116.238.97.31 - - [03/Mar/2024:10:38:25 +0800] "GET /xingrg/all/function/internal_message.html?_=1709433506012&CODE_STATE=getMsg HTTP/1.1" 200 27
116.238.97.31 - - [03/Mar/2024:10:38:35 +0800] "GET /xingrg/all/function/internal_message.html?_=1709433516246&CODE_STATE=getMsg HTTP/1.1" 200 27
222.69.134.231 - - [03/Mar/2024:10:38:38 +0800] "GET /xingrg/kc/buy/cgsh_order_operate.html?command=get_materiel&rest_code=00154&code=00101006252&supplier_code=00100501&order_time=2024-03-03 HTTP/1.1" 200 409
180.169.147.146 - - [03/Mar/2024:10:38:45 +0800] "POST /xingrg/kc/base/check_list_operate.html HTTP/1.1" 200 5561
116.232.194.112 - - [03/Mar/2024:10:38:45 +0800] "GET /xingrg/all/function/internal_message.html?_=1709433509904&CODE_STATE=getMsg HTTP/1.1" 200 27
101.228.147.14 - - [03/Mar/2024:10:38:46 +0800] "GET /xingrg/all/function/internal_message.html?_=1709433526649&CODE_STATE=getMsg HTTP/1.1" 200 27
124.78.67.200 - - [03/Mar/2024:10:38:46 +0800] "GET /xingrg/all/function/internal_message.html?_=1709433526941&CODE_STATE=getMsg HTTP/1.1" 200 27
124.78.158.238 - - [03/Mar/2024:10:38:47 +0800] "GET /xingrg/all/function/internal_message.html?_=1709433527871&CODE_STATE=getMsg HTTP/1.1" 200 27
116.230.112.23 - - [03/Mar/2024:10:38:49 +0800] "GET /xingrg/all/function/internal_message.html?_=1709433555276&CODE_STATE=getMsg HTTP/1.1" 200 27
116.230.112.23 - - [03/Mar/2024:10:38:50 +0800] "GET /xingrg/check_reg.html?_=1709433556987 HTTP/1.1" 200 22
101.83.145.37 - - [03/Mar/2024:10:38:51 +0800] "GET /xingrg/all/function/internal_message.html?_=1709433531415&CODE_STATE=getMsg HTTP/1.1" 200 27
180.169.147.146 - - [03/Mar/2024:10:38:51 +0800] "POST /xingrg/kc/base/check_list_operate.html HTTP/1.1" 200 5436
116.224.254.208 - - [03/Mar/2024:10:38:52 +0800] "GET /xingrg/all/function/internal_message.html?_=1709433532580&CODE_STATE=getMsg HTTP/1.1" 200 27
116.224.254.208 - - [03/Mar/2024:10:38:52 +0800] "GET /xingrg/check_reg.html?_=1709433532583 HTTP/1.1" 200 22
180.169.147.146 - - [03/Mar/2024:10:38:53 +0800] "GET /xingrg/all/function/internal_message.html?_=1709433533005&CODE_STATE=getMsg HTTP/1.1" 200 27
222.69.134.231 - - [03/Mar/2024:10:38:55 +0800] "POST /xingrg/kc/buy/cgsh_order_operate.html HTTP/1.1" 200 37
180.164.1.25 - - [03/Mar/2024:10:38:56 +0800] "GET /xingrg/all/function/internal_message.html?_=1709433535114&CODE_STATE=getMsg HTTP/1.1" 200 27
180.169.147.146 - - [03/Mar/2024:10:39:00 +0800] "GET /xingrg/all/function/internal_message.html?_=1709433540925&CODE_STATE=getMsg HTTP/1.1" 200 27
222.69.134.231 - - [03/Mar/2024:10:39:02 +0800] "POST /xingrg/kc/buy/cgsh_order_operate.html HTTP/1.1" 200 12
222.69.134.231 - - [03/Mar/2024:10:39:04 +0800] "GET /xingrg/kc/buy/cgsh_order_info.html?code=212024030300655 HTTP/1.1" 200 67689
222.69.134.231 - - [03/Mar/2024:10:39:05 +0800] "GET /xingrg/javascript/easyui/themes/default/validatebox.css HTTP/1.1" 404 1104
124.79.245.19 - - [03/Mar/2024:10:39:06 +0800] "GET /xingrg/all/function/internal_message.html?_=1709433544976&CODE_STATE=getMsg HTTP/1.1" 200 27
222.69.134.231 - - [03/Mar/2024:10:39:06 +0800] "POST /xingrg/kc/buy/cgsh_order_operate.html HTTP/1.1" 200 605
222.69.134.231 - - [03/Mar/2024:10:39:07 +0800] "GET /xingrg/all/function/internal_message.html?_=1709433547840&CODE_STATE=getMsg HTTP/1.1" 200 27
222.69.134.231 - - [03/Mar/2024:10:39:08 +0800] "GET /xingrg/kc/print/load_data.html?order_code=212024030300655&kc_code=cgsh&condition= HTTP/1.1" 200 704
180.169.147.146 - - [03/Mar/2024:10:39:11 +0800] "POST /xingrg/all/user/operate.html HTTP/1.1" 200 36
180.169.147.146 - - [03/Mar/2024:10:39:11 +0800] "GET /xingrg/index.html?sysBaseUrl=http%3A%2F%2F180.169.147.146%3A18081%2Fxingrg%2F&costTime=837×tamp=1709431559497 HTTP/1.1" 200 17509
180.169.147.146 - - [03/Mar/2024:10:39:11 +0800] "GET /xingrg/javascript/jquery_easy_ui/themes/default/easyui.css HTTP/1.1" 304 -
180.169.147.146 - - [03/Mar/2024:10:39:11 +0800] "GET /xingrg/javascript/jquery_easy_ui/themes/icon.css HTTP/1.1" 304 -
180.169.147.146 - - [03/Mar/2024:10:39:11 +0800] "GET /xingrg/css/form.css HTTP/1.1" 304 -
180.169.147.146 - - [03/Mar/2024:10:39:11 +0800] "GET /xingrg/javascript/jquery-1.4.2.min.js HTTP/1.1" 304 -
180.169.147.146 - - [03/Mar/2024:10:39:11 +0800] "GET /xingrg/javascript/jquery_easy_ui/jquery.easyui.min.js HTTP/1.1" 304 -
180.169.147.146 - - [03/Mar/2024:10:39:11 +0800] "GET /xingrg/javascript/jquery_easy_ui/easyui-lang-zh_CN.js HTTP/1.1" 304 -
180.169.147.146 - - [03/Mar/2024:10:39:11 +0800] "GET /xingrg/javascript/jquery.form.js HTTP/1.1" 304 -
180.169.147.146 - - [03/Mar/2024:10:39:11 +0800] "GET /xingrg/javascript/jquery.utils.js HTTP/1.1" 304 -
180.169.147.146 - - [03/Mar/2024:10:39:11 +0800] "GET /xingrg/javascript/jquery.timers.js HTTP/1.1" 304 -
180.169.147.146 - - [03/Mar/2024:10:39:11 +0800] "GET /xingrg/images/blue/jxLogo.png HTTP/1.1" 304 -
180.169.147.146 - - [03/Mar/2024:10:39:12 +0800] "GET /xingrg/images/blue/navBackgound.jpg HTTP/1.1" 304 -
180.169.147.146 - - [03/Mar/2024:10:39:12 +0800] "GET /xingrg/javascript/jquery_easy_ui/themes/icons/settle_new.png HTTP/1.1" 304 -
180.169.147.146 - - [03/Mar/2024:10:39:12 +0800] "GET /xingrg/all/function/internal_message.html?_=1709433552342&CODE_STATE=count HTTP/1.1" 200 11
180.169.147.146 - - [03/Mar/2024:10:39:12 +0800] "GET /xingrg/check_reg.html?_=1709433552343 HTTP/1.1" 200 22
180.169.147.146 - - [03/Mar/2024:10:39:12 +0800] "GET /xingrg/all/function/internal_message.html?_=1709433552294&CODE_STATE=getMsg HTTP/1.1" 200 27
180.169.147.146 - - [03/Mar/2024:10:39:12 +0800] "POST /xingrg/all/common/load_tree.html?tree=area_rest_tree_json&manage=1 HTTP/1.1" 200 3624
180.169.147.146 - - [03/Mar/2024:10:39:12 +0800] "POST /xingrg/load_menu.html HTTP/1.1" 200 9959
180.169.147.146 - - [03/Mar/2024:10:39:16 +0800] "POST /xingrg/load_menu.html HTTP/1.1" 200 10483
180.169.147.146 - - [03/Mar/2024:10:39:18 +0800] "GET /xingrg/all/report/report_query.html?fileName=dma/new_5.0/menu/menu_category_hz.xml HTTP/1.1" 200 53064
180.169.147.146 - - [03/Mar/2024:10:39:18 +0800] "GET /xingrg/css/blue.css HTTP/1.1" 200 15949
180.169.147.146 - - [03/Mar/2024:10:39:18 +0800] "GET /xingrg/javascript/multi_select/jqueryMultiSelect.css HTTP/1.1" 200 951
180.169.147.146 - - [03/Mar/2024:10:39:18 +0800] "GET /xingrg/javascript/calendar/timePicker.css HTTP/1.1" 200 523
180.169.147.146 - - [03/Mar/2024:10:39:18 +0800] "GET /xingrg/javascript/bigrid/fix.css HTTP/1.1" 200 1702
180.169.147.146 - - [03/Mar/2024:10:39:18 +0800] "GET /xingrg/javascript/pic_change.js HTTP/1.1" 200 4739
180.169.147.146 - - [03/Mar/2024:10:39:18 +0800] "GET /xingrg/dwr/interface/AjaxReportQueryService.js HTTP/1.1" 200 13203
180.169.147.146 - - [03/Mar/2024:10:39:18 +0800] "GET /xingrg/dwr/util.js HTTP/1.1" 200 35990
180.169.147.146 - - [03/Mar/2024:10:39:18 +0800] "GET /xingrg/dwr/engine.js HTTP/1.1" 200 43631
180.169.147.146 - - [03/Mar/2024:10:39:18 +0800] "GET /xingrg/javascript/myfunction.js HTTP/1.1" 200 24559
180.169.147.146 - - [03/Mar/2024:10:39:18 +0800] "GET /xingrg/javascript/jqueryMultiSelect.js HTTP/1.1" 200 11866
180.169.147.146 - - [03/Mar/2024:10:39:18 +0800] "GET /xingrg/javascript/Calendar.js HTTP/1.1" 200 31561
180.169.147.146 - - [03/Mar/2024:10:39:18 +0800] "GET /xingrg/javascript/calendar/jquery.timePicker.min.js HTTP/1.1" 200 2997
180.169.147.146 - - [03/Mar/2024:10:39:18 +0800] "GET /xingrg/javascript/bigrid/fix.js HTTP/1.1" 200 6439
180.169.147.146 - - [03/Mar/2024:10:39:18 +0800] "GET /xingrg/images/control/loading.gif HTTP/1.1" 200 13463
180.169.147.146 - - [03/Mar/2024:10:39:18 +0800] "GET /xingrg/images/blue/button/advanceover.gif HTTP/1.1" 200 1347
180.169.147.146 - - [03/Mar/2024:10:39:18 +0800] "GET /xingrg/images/blue/button/advance2over.gif HTTP/1.1" 200 1336
180.169.147.146 - - [03/Mar/2024:10:39:18 +0800] "GET /xingrg/images/blue/button/back2over.gif HTTP/1.1" 200 1335
180.169.147.146 - - [03/Mar/2024:10:39:18 +0800] "GET /xingrg/javascript/jquery_easy_ui/themes/icons/help.png HTTP/1.1" 200 1187
180.169.147.146 - - [03/Mar/2024:10:39:18 +0800] "GET /xingrg/images/blue/button/backover.gif HTTP/1.1" 200 1348
180.169.147.146 - - [03/Mar/2024:10:39:18 +0800] "GET /xingrg/javascript/jquery_easy_ui/themes/default/images/menu_downarrow.png HTTP/1.1" 200 173
180.169.147.146 - - [03/Mar/2024:10:39:18 +0800] "GET /xingrg/javascript/jquery_easy_ui/themes/icons/print.png HTTP/1.1" 200 1057
180.169.147.146 - - [03/Mar/2024:10:39:18 +0800] "GET /xingrg/javascript/jquery_easy_ui/themes/default/images/menu.gif HTTP/1.1" 200 834
180.169.147.146 - - [03/Mar/2024:10:39:18 +0800] "GET /xingrg/javascript/jquery_easy_ui/themes/icons/pencil.png HTTP/1.1" 200 713
180.169.147.146 - - [03/Mar/2024:10:39:18 +0800] "GET /xingrg/javascript/jquery_easy_ui/themes/default/images/menu_rightarrow.png HTTP/1.1" 200 3617
180.169.147.146 - - [03/Mar/2024:10:39:18 +0800] "POST /xingrg/dwr/call/plaincall/AjaxReportQueryService.getFixDate.dwr HTTP/1.1" 200 111
180.169.147.146 - - [03/Mar/2024:10:39:18 +0800] "GET /xingrg/javascript/jquery_easy_ui/themes/default/images/combo_arrow_dot.gif HTTP/1.1" 200 79
180.169.147.146 - - [03/Mar/2024:10:39:18 +0800] "GET /xingrg/javascript/multi_select/dropdown.gif HTTP/1.1" 200 61
180.169.147.146 - - [03/Mar/2024:10:39:18 +0800] "POST /xingrg/all/common/load_tree.html?tree=area_station_tree_json&manage=1 HTTP/1.1" 200 2159
116.230.112.23 - - [03/Mar/2024:10:39:20 +0800] "POST /xingrg/services/DataTransmitService HTTP/1.1" 200 501
180.169.147.146 - - [03/Mar/2024:10:39:20 +0800] "GET /xingrg/all/report/report_query.html?fileName=dma/new_5.0/menu/menu_stca_hz.xml HTTP/1.1" 200 51418
180.169.147.146 - - [03/Mar/2024:10:39:20 +0800] "GET /xingrg/dwr/interface/AjaxReportQueryService.js HTTP/1.1" 200 13203
180.169.147.146 - - [03/Mar/2024:10:39:20 +0800] "GET /xingrg/dwr/engine.js HTTP/1.1" 200 43631
180.169.147.146 - - [03/Mar/2024:10:39:21 +0800] "POST /xingrg/dwr/call/plaincall/AjaxReportQueryService.getFixDate.dwr HTTP/1.1" 200 111
180.169.147.146 - - [03/Mar/2024:10:39:21 +0800] "POST /xingrg/all/common/load_tree.html?tree=area_station_tree_json&manage=1 HTTP/1.1" 200 2159
180.169.147.146 - - [03/Mar/2024:10:39:21 +0800] "GET /xingrg/javascript/jquery_easy_ui/themes/default/images/tree_checkbox_0.gif HTTP/1.1" 200 168
116.230.112.23 - - [03/Mar/2024:10:39:21 +0800] "POST /xingrg/services/DataTransmitService HTTP/1.1" 200 501
114.83.217.226 - - [03/Mar/2024:10:39:22 +0800] "GET /xingrg/all/function/internal_message.html?_=1709433562633&CODE_STATE=getMsg HTTP/1.1" 200 27
180.169.147.146 - - [03/Mar/2024:10:39:22 +0800] "POST /xingrg/dwr/call/plaincall/AjaxReportQueryService.getFixDate.dwr HTTP/1.1" 200 111
114.83.217.226 - - [03/Mar/2024:10:39:23 +0800] "GET /xingrg/check_reg.html?_=1709433563796 HTTP/1.1" 200 22
180.169.147.146 - - [03/Mar/2024:10:39:24 +0800] "GET /xingrg/javascript/jquery_easy_ui/themes/default/images/tree_checkbox_1.gif HTTP/1.1" 200 174
180.169.147.146 - - [03/Mar/2024:10:39:24 +0800] "GET /xingrg/javascript/jquery_easy_ui/themes/default/images/tree_checkbox_2.gif HTTP/1.1" 200 181
180.169.147.146 - - [03/Mar/2024:10:39:25 +0800] "POST /xingrg/dwr/call/plaincall/AjaxReportQueryService.refreshCache.dwr HTTP/1.1" 200 78
116.238.97.31 - - [03/Mar/2024:10:39:25 +0800] "GET /xingrg/all/function/internal_message.html?_=1709433565986&CODE_STATE=getMsg HTTP/1.1" 200 27
180.169.147.146 - - [03/Mar/2024:10:39:25 +0800] "POST /xingrg/all/report/load_report_page.html HTTP/1.1" 200 59003
180.169.147.146 - - [03/Mar/2024:10:39:26 +0800] "GET /xingrg/servlets/image?cache=0.6332844175086579&image=px HTTP/1.1" 200 807
116.238.97.31 - - [03/Mar/2024:10:39:27 +0800] "GET /xingrg/check_reg.html?_=1709433567839 HTTP/1.1" 200 22
101.228.147.14 - - [03/Mar/2024:10:39:33 +0800] "GET /xingrg/javascript/jquery_easy_ui/themes/icons/rest.png HTTP/1.1" 304 -
101.228.147.14 - - [03/Mar/2024:10:39:33 +0800] "GET /xingrg/javascript/jquery_easy_ui/themes/icons/area.png HTTP/1.1" 304 -
116.238.97.31 - - [03/Mar/2024:10:39:35 +0800] "GET /xingrg/all/function/internal_message.html?_=1709433576233&CODE_STATE=getMsg HTTP/1.1" 200 27
222.69.134.231 - - [03/Mar/2024:10:39:43 +0800] "GET /xingrg/kc/buy/cgsh_order_add.html HTTP/1.1" 200 72776
222.69.134.231 - - [03/Mar/2024:10:39:44 +0800] "POST /xingrg/kc/buy/cgsh_order_operate.html HTTP/1.1" 200 8245
222.69.134.231 - - [03/Mar/2024:10:39:44 +0800] "GET /xingrg/javascript/easyui/themes/default/validatebox.css HTTP/1.1" 404 1104
116.232.194.112 - - [03/Mar/2024:10:39:45 +0800] "GET /xingrg/all/function/internal_message.html?_=1709433569878&CODE_STATE=getMsg HTTP/1.1" 200 27
116.232.194.112 - - [03/Mar/2024:10:39:45 +0800] "GET /xingrg/check_reg.html?_=1709433570163 HTTP/1.1" 200 22
101.228.147.14 - - [03/Mar/2024:10:39:46 +0800] "GET /xingrg/all/function/internal_message.html?_=1709433586659&CODE_STATE=getMsg HTTP/1.1" 200 27
124.78.67.200 - - [03/Mar/2024:10:39:46 +0800] "GET /xingrg/all/function/internal_message.html?_=1709433586921&CODE_STATE=getMsg HTTP/1.1" 200 27
124.78.158.238 - - [03/Mar/2024:10:39:47 +0800] "GET /xingrg/all/function/internal_message.html?_=1709433587873&CODE_STATE=getMsg HTTP/1.1" 200 27
116.230.112.23 - - [03/Mar/2024:10:39:49 +0800] "GET /xingrg/all/function/internal_message.html?_=1709433615285&CODE_STATE=getMsg HTTP/1.1" 200 27
116.230.112.23 - - [03/Mar/2024:10:39:50 +0800] "POST /xingrg/services/DataTransmitService HTTP/1.1" 200 501
116.230.112.23 - - [03/Mar/2024:10:39:50 +0800] "POST /xingrg/services/DataTransmitService HTTP/1.1" 200 524
101.83.145.37 - - [03/Mar/2024:10:39:51 +0800] "GET /xingrg/all/function/internal_message.html?_=1709433591415&CODE_STATE=getMsg HTTP/1.1" 200 27
180.169.147.146 - - [03/Mar/2024:10:39:51 +0800] "GET /xingrg/all/report/report_query.html?isQuery=1&fileName=dma/new_5.0/menu/menu_hz.xml&queryString=(a.sale_day%2520between%252020240201%2520and%252020240229)%2520and%2520(a.sid%2520in%2520(3))%2520and%2520(a.tj_code%253D15)&queryText=%25E3%2580%2590%25E8%2590%25A5%25E4%25B8%259A%25E6%2597%25A5%25E6%259C%259F%253A2024-02-01%2520%25E8%2587%25B3%25202024-02-29%25E3%2580%2591%2520%25E5%25B9%25B6%25E4%25B8%2594%2520%2520%25E3%2580%2590%25E9%2597%25A8%25E5%25BA%2597%25E5%2590%258D%25E7%25A7%25B0%2520%253D%2520%25E5%2598%2589%25E5%25AE%259A%25E6%25A6%2595%25E6%25B8%25AF%25E3%2580%2591%2520%25E5%25B9%25B6%25E4%25B8%2594%2520%25E3%2580%2590%25E7%25BB%259F%25E8%25AE%25A1%25E7%25B1%25BB%25E5%2588%25AB%2520%253D%2520%25E5%2585%25B6%25E4%25BB%2596%25E6%2594%25B6%25E5%2585%25A5%25E3%2580%2591 HTTP/1.1" 200 54111
180.169.147.146 - - [03/Mar/2024:10:39:51 +0800] "GET /xingrg/dwr/engine.js HTTP/1.1" 200 43631
180.169.147.146 - - [03/Mar/2024:10:39:52 +0800] "GET /favicon.ico HTTP/1.1" 404 -
116.230.112.23 - - [03/Mar/2024:10:39:52 +0800] "POST /xingrg/services/DataTransmitService HTTP/1.1" 200 2331
116.224.254.208 - - [03/Mar/2024:10:39:52 +0800] "GET /xingrg/all/function/internal_message.html?_=1709433592575&CODE_STATE=getMsg HTTP/1.1" 200 27
180.169.147.146 - - [03/Mar/2024:10:39:52 +0800] "POST /xingrg/all/report/load_report_page.html HTTP/1.1" 200 17539
180.169.147.146 - - [03/Mar/2024:10:39:52 +0800] "GET /xingrg/servlets/image?cache=0.4569891740678065&image=px HTTP/1.1" 200 807
180.169.147.146 - - [03/Mar/2024:10:39:53 +0800] "GET /xingrg/javascript/jquery_easy_ui/themes/default/images/button_plain_hover.png HTTP/1.1" 200 252
180.169.147.146 - - [03/Mar/2024:10:39:53 +0800] "GET /xingrg/all/function/internal_message.html?_=1709433593010&CODE_STATE=getMsg HTTP/1.1" 200 27
180.164.1.25 - - [03/Mar/2024:10:39:56 +0800] "GET /xingrg/all/function/internal_message.html?_=1709433595112&CODE_STATE=getMsg HTTP/1.1" 200 27
180.164.1.25 - - [03/Mar/2024:10:39:57 +0800] "GET /xingrg/check_reg.html?_=1709433595954 HTTP/1.1" 200 22
180.169.147.146 - - [03/Mar/2024:10:40:02 +0800] "GET /xingrg/all/report/report_query.html?isQuery=1&fileName=dma/new_5.0/menu/menu_hz.xml&queryString=(a.sale_day%2520between%252020240201%2520and%252020240229)%2520and%2520(a.sid%2520in%2520(3))%2520and%2520(a.tj_code%253D17)&queryText=%25E3%2580%2590%25E8%2590%25A5%25E4%25B8%259A%25E6%2597%25A5%25E6%259C%259F%253A2024-02-01%2520%25E8%2587%25B3%25202024-02-29%25E3%2580%2591%2520%25E5%25B9%25B6%25E4%25B8%2594%2520%2520%25E3%2580%2590%25E9%2597%25A8%25E5%25BA%2597%25E5%2590%258D%25E7%25A7%25B0%2520%253D%2520%25E5%2598%2589%25E5%25AE%259A%25E6%25A6%2595%25E6%25B8%25AF%25E3%2580%2591%2520%25E5%25B9%25B6%25E4%25B8%2594%2520%25E3%2580%2590%25E7%25BB%259F%25E8%25AE%25A1%25E7%25B1%25BB%25E5%2588%25AB%2520%253D%2520%25E4%25BC%259A%25E5%2591%2598%25E5%258D%25A1%25E3%2580%2591 HTTP/1.1" 200 54107
180.169.147.146 - - [03/Mar/2024:10:40:02 +0800] "GET /xingrg/dwr/engine.js HTTP/1.1" 200 43631
180.169.147.146 - - [03/Mar/2024:10:40:02 +0800] "GET /favicon.ico HTTP/1.1" 404 -
180.169.147.146 - - [03/Mar/2024:10:40:02 +0800] "POST /xingrg/all/report/load_report_page.html HTTP/1.1" 200 17514
180.169.147.146 - - [03/Mar/2024:10:40:02 +0800] "GET /xingrg/servlets/image?cache=0.656855047925866&image=px HTTP/1.1" 200 807
124.79.245.19 - - [03/Mar/2024:10:40:06 +0800] "GET /xingrg/all/function/internal_message.html?_=1709433604951&CODE_STATE=getMsg HTTP/1.1" 200 27
222.69.134.231 - - [03/Mar/2024:10:40:07 +0800] "GET /xingrg/all/function/internal_message.html?_=1709433607816&CODE_STATE=getMsg HTTP/1.1" 200 27
222.69.134.231 - - [03/Mar/2024:10:40:08 +0800] "POST /xingrg/kc/buy/cgsh_order_operate.html HTTP/1.1" 200 37
124.78.67.200 - - [03/Mar/2024:10:40:10 +0800] "GET /xingrg/kc/buy/cgsh_order_operate.html?command=get_materiel&rest_code=00141&code=00101007027&supplier_code=00100096&order_time=2024-03-03 HTTP/1.1" 200 427
180.169.147.146 - - [03/Mar/2024:10:40:12 +0800] "GET /xingrg/all/function/internal_message.html?_=1709433612357&CODE_STATE=getMsg HTTP/1.1" 200 27
180.169.147.146 - - [03/Mar/2024:10:40:12 +0800] "GET /xingrg/all/function/internal_message.html?_=1709433612288&CODE_STATE=getMsg HTTP/1.1" 200 27
222.69.134.231 - - [03/Mar/2024:10:40:20 +0800] "POST /xingrg/kc/buy/cgsh_order_operate.html HTTP/1.1" 200 12
124.78.67.200 - - [03/Mar/2024:10:40:20 +0800] "GET /xingrg/kc/buy/cgsh_order_operate.html?command=get_materiel&rest_code=00141&code=00101007072&supplier_code=00100096&order_time=2024-03-03 HTTP/1.1" 200 421
114.83.217.226 - - [03/Mar/2024:10:40:22 +0800] "GET /xingrg/all/function/internal_message.html?_=1709433622619&CODE_STATE=getMsg HTTP/1.1" 200 27
222.69.134.231 - - [03/Mar/2024:10:40:22 +0800] "GET /xingrg/kc/buy/cgsh_order_info.html?code=212024030300656 HTTP/1.1" 200 67689
222.69.134.231 - - [03/Mar/2024:10:40:23 +0800] "GET /xingrg/javascript/easyui/themes/default/validatebox.css HTTP/1.1" 404 1104
116.238.97.31 - - [03/Mar/2024:10:40:24 +0800] "GET /xingrg/check_reg.html?_=1709433624197 HTTP/1.1" 200 22
222.69.134.231 - - [03/Mar/2024:10:40:24 +0800] "POST /xingrg/kc/buy/cgsh_order_operate.html HTTP/1.1" 200 603
180.169.147.146 - - [03/Mar/2024:10:40:25 +0800] "GET /xingrg/all/report/report_query.html?isQuery=1&fileName=dma/new_5.0/menu/menu_hz.xml&queryString=(a.sale_day%2520between%252020240201%2520and%252020240229)%2520and%2520(a.sid%2520in%2520(3))%2520and%2520(a.tj_code%253D18)&queryText=%25E3%2580%2590%25E8%2590%25A5%25E4%25B8%259A%25E6%2597%25A5%25E6%259C%259F%253A2024-02-01%2520%25E8%2587%25B3%25202024-02-29%25E3%2580%2591%2520%25E5%25B9%25B6%25E4%25B8%2594%2520%2520%25E3%2580%2590%25E9%2597%25A8%25E5%25BA%2597%25E5%2590%258D%25E7%25A7%25B0%2520%253D%2520%25E5%2598%2589%25E5%25AE%259A%25E6%25A6%2595%25E6%25B8%25AF%25E3%2580%2591%2520%25E5%25B9%25B6%25E4%25B8%2594%2520%25E3%2580%2590%25E7%25BB%259F%25E8%25AE%25A1%25E7%25B1%25BB%25E5%2588%25AB%2520%253D%2520%25E6%258A%25B5%25E7%2594%25A8%25E5%2588%25B8%25E3%2580%2591 HTTP/1.1" 200 54107
180.169.147.146 - - [03/Mar/2024:10:40:25 +0800] "GET /xingrg/dwr/engine.js HTTP/1.1" 200 43631
180.169.147.146 - - [03/Mar/2024:10:40:25 +0800] "GET /favicon.ico HTTP/1.1" 404 -
116.238.97.31 - - [03/Mar/2024:10:40:25 +0800] "GET /xingrg/all/function/internal_message.html?_=1709433625974&CODE_STATE=getMsg HTTP/1.1" 200 27
222.69.134.231 - - [03/Mar/2024:10:40:26 +0800] "GET /xingrg/kc/print/load_data.html?order_code=212024030300656&kc_code=cgsh&condition= HTTP/1.1" 200 704
180.169.147.146 - - [03/Mar/2024:10:40:26 +0800] "POST /xingrg/all/report/load_report_page.html HTTP/1.1" 200 36271
180.169.147.146 - - [03/Mar/2024:10:40:26 +0800] "GET /xingrg/servlets/image?cache=0.007973565737391053&image=px HTTP/1.1" 200 807
116.230.112.23 - - [03/Mar/2024:10:40:27 +0800] "POST /xingrg/services/DataTransmitService HTTP/1.1" 200 501
116.230.112.23 - - [03/Mar/2024:10:40:27 +0800] "POST /xingrg/services/DataTransmitService HTTP/1.1" 200 524
116.230.112.23 - - [03/Mar/2024:10:40:28 +0800] "POST /xingrg/services/DataTransmitService HTTP/1.1" 200 2331
116.230.112.23 - - [03/Mar/2024:10:40:31 +0800] "POST /xingrg/services/DataTransmitService HTTP/1.1" 200 501
116.230.112.23 - - [03/Mar/2024:10:40:31 +0800] "POST /xingrg/services/DataTransmitService HTTP/1.1" 200 501
116.238.97.31 - - [03/Mar/2024:10:40:35 +0800] "GET /xingrg/all/function/internal_message.html?_=1709433636217&CODE_STATE=getMsg HTTP/1.1" 200 27
116.230.112.23 - - [03/Mar/2024:10:40:42 +0800] "POST /xingrg/services/DataTransmitService HTTP/1.1" 200 501
116.238.97.31 - - [03/Mar/2024:10:40:43 +0800] "GET /xingrg/kc/base/wldb_order_operate.html?command=get_materiel&rest_code=00102&base_code=0010476&code=00101016120 HTTP/1.1" 200 455
116.230.112.23 - - [03/Mar/2024:10:40:44 +0800] "POST /xingrg/services/DataTransmitService HTTP/1.1" 200 501
116.232.194.112 - - [03/Mar/2024:10:40:45 +0800] "GET /xingrg/all/function/internal_message.html?_=1709433629861&CODE_STATE=getMsg HTTP/1.1" 200 27
101.228.147.14 - - [03/Mar/2024:10:40:46 +0800] "GET /xingrg/all/function/internal_message.html?_=1709433646697&CODE_STATE=getMsg HTTP/1.1" 200 27
101.228.147.14 - - [03/Mar/2024:10:40:46 +0800] "GET /xingrg/check_reg.html?_=1709433646696 HTTP/1.1" 200 22
116.230.112.23 - - [03/Mar/2024:10:40:46 +0800] "POST /xingrg/services/DataTransmitService HTTP/1.1" 200 501
124.78.67.200 - - [03/Mar/2024:10:40:46 +0800] "GET /xingrg/all/function/internal_message.html?_=1709433646902&CODE_STATE=getMsg HTTP/1.1" 200 27
124.78.158.238 - - [03/Mar/2024:10:40:47 +0800] "GET /xingrg/all/function/internal_message.html?_=1709433647873&CODE_STATE=getMsg HTTP/1.1" 200 27
124.78.158.238 - - [03/Mar/2024:10:40:47 +0800] "GET /xingrg/check_reg.html?_=1709433647878 HTTP/1.1" 200 22
116.230.112.23 - - [03/Mar/2024:10:40:48 +0800] "POST /xingrg/services/DataTransmitService HTTP/1.1" 200 412
116.230.112.23 - - [03/Mar/2024:10:40:49 +0800] "GET /xingrg/all/function/internal_message.html?_=1709433675298&CODE_STATE=getMsg HTTP/1.1" 200 27
222.69.134.231 - - [03/Mar/2024:10:40:50 +0800] "GET /xingrg/kc/buy/cgsh_order_add.html HTTP/1.1" 200 72776
222.69.134.231 - - [03/Mar/2024:10:40:50 +0800] "POST /xingrg/kc/buy/cgsh_order_operate.html HTTP/1.1" 200 8245
222.69.134.231 - - [03/Mar/2024:10:40:50 +0800] "GET /xingrg/javascript/easyui/themes/default/validatebox.css HTTP/1.1" 404 1104
101.83.145.37 - - [03/Mar/2024:10:40:51 +0800] "GET /xingrg/all/function/internal_message.html?_=1709433651416&CODE_STATE=getMsg HTTP/1.1" 200 27
116.224.254.208 - - [03/Mar/2024:10:40:52 +0800] "GET /xingrg/all/function/internal_message.html?_=1709433652580&CODE_STATE=getMsg HTTP/1.1" 200 27
180.169.147.146 - - [03/Mar/2024:10:40:53 +0800] "GET /xingrg/all/function/internal_message.html?_=1709433653004&CODE_STATE=getMsg HTTP/1.1" 200 27
180.164.1.25 - - [03/Mar/2024:10:40:56 +0800] "GET /xingrg/all/function/internal_message.html?_=1709433655101&CODE_STATE=getMsg HTTP/1.1" 200 27
180.169.147.146 - - [03/Mar/2024:10:41:03 +0800] "POST /xingrg/dwr/call/plaincall/AjaxReportQueryService.refreshCache.dwr HTTP/1.1" 200 78
180.169.147.146 - - [03/Mar/2024:10:41:04 +0800] "POST /xingrg/all/report/load_report_page.html HTTP/1.1" 200 59015
180.169.147.146 - - [03/Mar/2024:10:41:04 +0800] "GET /xingrg/servlets/image?cache=0.8557925679859824&image=px HTTP/1.1" 200 807
222.69.134.231 - - [03/Mar/2024:10:41:05 +0800] "GET /xingrg/kc/buy/cgsh_order_operate.html?command=get_materiel&rest_code=00154&code=00101011001&supplier_code=00100051&order_time=2024-03-03 HTTP/1.1" 200 423
124.79.245.19 - - [03/Mar/2024:10:41:06 +0800] "GET /xingrg/all/function/internal_message.html?_=1709433664936&CODE_STATE=getMsg HTTP/1.1" 200 27
180.169.147.146 - - [03/Mar/2024:10:41:06 +0800] "GET /xingrg/all/report/report_query.html?isQuery=1&fileName=dma/new_5.0/menu/menu_hz.xml&queryString=(a.sale_day%2520between%252020240201%2520and%252020240229)%2520and%2520(a.sid%2520in%2520(12))%2520and%2520(a.tj_code%253D17)&queryText=%25E3%2580%2590%25E8%2590%25A5%25E4%25B8%259A%25E6%2597%25A5%25E6%259C%259F%253A2024-02-01%2520%25E8%2587%25B3%25202024-02-29%25E3%2580%2591%2520%25E5%25B9%25B6%25E4%25B8%2594%2520%2520%25E3%2580%2590%25E9%2597%25A8%25E5%25BA%2597%25E5%2590%258D%25E7%25A7%25B0%2520%253D%2520%25E6%25B7%25B1%25E6%25B5%25B7%25E6%25B8%2594%25E6%25B8%25AF%25E9%2595%25BF%25E9%2598%25B3%25E8%25B7%25AF%25E3%2580%2591%2520%25E5%25B9%25B6%25E4%25B8%2594%2520%25E3%2580%2590%25E7%25BB%259F%25E8%25AE%25A1%25E7%25B1%25BB%25E5%2588%25AB%2520%253D%2520%25E4%25BC%259A%25E5%2591%2598%25E5%258D%25A1%25E3%2580%2591 HTTP/1.1" 200 54120
180.169.147.146 - - [03/Mar/2024:10:41:06 +0800] "GET /xingrg/dwr/engine.js HTTP/1.1" 200 43631
180.169.147.146 - - [03/Mar/2024:10:41:06 +0800] "GET /favicon.ico HTTP/1.1" 404 -
180.169.147.146 - - [03/Mar/2024:10:41:07 +0800] "POST /xingrg/all/report/load_report_page.html HTTP/1.1" 200 22137
180.169.147.146 - - [03/Mar/2024:10:41:07 +0800] "GET /xingrg/servlets/image?cache=0.6951912188520623&image=px HTTP/1.1" 200 807
222.69.134.231 - - [03/Mar/2024:10:41:07 +0800] "GET /xingrg/all/function/internal_message.html?_=1709433667794&CODE_STATE=getMsg HTTP/1.1" 200 27
222.69.134.231 - - [03/Mar/2024:10:41:07 +0800] "GET /xingrg/check_reg.html?_=1709433667859 HTTP/1.1" 200 22
180.169.147.146 - - [03/Mar/2024:10:41:12 +0800] "GET /xingrg/all/function/internal_message.html?_=1709433672356&CODE_STATE=getMsg HTTP/1.1" 200 27
180.169.147.146 - - [03/Mar/2024:10:41:12 +0800] "GET /xingrg/all/function/internal_message.html?_=1709433672295&CODE_STATE=getMsg HTTP/1.1" 200 27
116.238.97.31 - - [03/Mar/2024:10:41:15 +0800] "GET /xingrg/kc/base/wldb_order_operate.html?command=get_materiel&rest_code=00102&base_code=0010476&code=00101019015 HTTP/1.1" 200 451
116.238.97.31 - - [03/Mar/2024:10:41:21 +0800] "GET /xingrg/kc/base/wldb_order_operate.html?command=get_materiel&rest_code=00102&base_code=0010476&code=00101013257 HTTP/1.1" 200 444
222.69.134.231 - - [03/Mar/2024:10:41:22 +0800] "POST /xingrg/kc/buy/cgsh_order_operate.html HTTP/1.1" 200 37
114.83.217.226 - - [03/Mar/2024:10:41:22 +0800] "GET /xingrg/all/function/internal_message.html?_=1709433682594&CODE_STATE=getMsg HTTP/1.1" 200 27
116.238.97.31 - - [03/Mar/2024:10:41:29 +0800] "POST /xingrg/kc/base/wldb_order_operate.html HTTP/1.1" 200 37
222.69.134.231 - - [03/Mar/2024:10:41:29 +0800] "POST /xingrg/kc/buy/cgsh_order_operate.html HTTP/1.1" 200 12
222.69.134.231 - - [03/Mar/2024:10:41:32 +0800] "GET /xingrg/kc/buy/cgsh_order_info.html?code=212024030300657 HTTP/1.1" 200 67685
222.69.134.231 - - [03/Mar/2024:10:41:32 +0800] "GET /xingrg/javascript/easyui/themes/default/validatebox.css HTTP/1.1" 404 1104
222.69.134.231 - - [03/Mar/2024:10:41:34 +0800] "POST /xingrg/kc/buy/cgsh_order_operate.html HTTP/1.1" 200 616
116.238.97.31 - - [03/Mar/2024:10:41:35 +0800] "GET /xingrg/all/function/internal_message.html?_=1709433696201&CODE_STATE=getMsg HTTP/1.1" 200 27
124.78.67.200 - - [03/Mar/2024:10:41:35 +0800] "GET /xingrg/kc/buy/cgsh_order_operate.html?command=get_materiel&rest_code=00141&code=00101007181&supplier_code=00100096&order_time=2024-03-03 HTTP/1.1" 200 412
