116.238.97.31 - - [03/Mar/2024:08:55:24 +0800] "GET /xingrg/all/function/internal_message.html?_=1709427324526&CODE_STATE=getMsg HTTP/1.1" 200 27
116.238.97.31 - - [03/Mar/2024:08:55:25 +0800] "POST /xingrg/kc/buy/cgsh_order_operate.html HTTP/1.1" 200 16300
116.238.97.31 - - [03/Mar/2024:08:55:32 +0800] "POST /xingrg/kc/buy/cgsh_order_operate.html HTTP/1.1" 200 37
116.238.97.31 - - [03/Mar/2024:08:55:34 +0800] "POST /xingrg/kc/buy/cgsh_order_operate.html HTTP/1.1" 200 16300
116.230.112.23 - - [03/Mar/2024:08:55:35 +0800] "GET /xingrg/all/function/internal_message.html?_=1709427361627&CODE_STATE=getMsg HTTP/1.1" 200 27
116.238.97.31 - - [03/Mar/2024:08:55:36 +0800] "GET /xingrg/kc/buy/cgsh_order_add.html HTTP/1.1" 200 73607
116.238.97.31 - - [03/Mar/2024:08:55:36 +0800] "POST /xingrg/kc/buy/cgsh_order_operate.html HTTP/1.1" 200 8245
116.238.97.31 - - [03/Mar/2024:08:55:36 +0800] "GET /xingrg/javascript/easyui/themes/default/validatebox.css HTTP/1.1" 404 1104
116.238.97.31 - - [03/Mar/2024:08:55:37 +0800] "GET /xingrg/all/function/internal_message.html?_=1709427337690&CODE_STATE=getMsg HTTP/1.1" 200 27
116.238.97.31 - - [03/Mar/2024:08:55:37 +0800] "GET /xingrg/javascript/easyui/themes/default/tree.css HTTP/1.1" 404 1090
116.238.97.31 - - [03/Mar/2024:08:55:37 +0800] "POST /xingrg/all/common/load_tree.html?tree=supplier_tree_json&isDelete=1 HTTP/1.1" 200 78681
116.224.254.208 - - [03/Mar/2024:08:55:43 +0800] "GET /xingrg/kc/buy/cgsh_order_operate.html?command=get_materiel&rest_code=00150&code=00101008175&supplier_code=00100008&order_time=2024-03-03 HTTP/1.1" 200 412
124.78.67.200 - - [03/Mar/2024:08:55:48 +0800] "GET /xingrg/all/function/internal_message.html?_=1709427348780&CODE_STATE=getMsg HTTP/1.1" 200 27
101.83.145.37 - - [03/Mar/2024:08:55:50 +0800] "GET /xingrg/all/function/internal_message.html?_=1709427351309&CODE_STATE=getMsg HTTP/1.1" 200 27
116.238.97.31 - - [03/Mar/2024:08:55:51 +0800] "GET /xingrg/kc/buy/cgsh_order_operate.html?command=get_materiel&rest_code=00102&code=00101008080&supplier_code=00100008&order_time=2024-03-03 HTTP/1.1" 200 416
116.224.254.208 - - [03/Mar/2024:08:55:54 +0800] "GET /xingrg/kc/buy/cgsh_order_operate.html?command=get_materiel&rest_code=00150&code=00101008077&supplier_code=00100008&order_time=2024-03-03 HTTP/1.1" 200 416
116.238.97.31 - - [03/Mar/2024:08:56:02 +0800] "GET /xingrg/kc/buy/cgsh_order_operate.html?command=get_materiel&rest_code=00102&code=00101010168&supplier_code=00100008&order_time=2024-03-03 HTTP/1.1" 200 413
116.224.254.208 - - [03/Mar/2024:08:56:04 +0800] "GET /xingrg/kc/buy/cgsh_order_operate.html?command=get_materiel&rest_code=00150&code=00101008079&supplier_code=00100008&order_time=2024-03-03 HTTP/1.1" 200 416
116.224.254.208 - - [03/Mar/2024:08:56:12 +0800] "GET /xingrg/kc/buy/cgsh_order_operate.html?command=get_materiel&rest_code=00150&code=00101008558&supplier_code=00100008&order_time=2024-03-03 HTTP/1.1" 200 409
116.238.97.31 - - [03/Mar/2024:08:56:13 +0800] "GET /xingrg/kc/buy/cgsh_order_operate.html?command=get_materiel&rest_code=00102&code=00101008125&supplier_code=00100008&order_time=2024-03-03 HTTP/1.1" 200 413
116.224.254.208 - - [03/Mar/2024:08:56:16 +0800] "GET /xingrg/all/function/internal_message.html?_=1709427376098&CODE_STATE=getMsg HTTP/1.1" 200 27
116.238.97.31 - - [03/Mar/2024:08:56:21 +0800] "GET /xingrg/kc/buy/cgsh_order_operate.html?command=get_materiel&rest_code=00102&code=00101008186&supplier_code=00100008&order_time=2024-03-03 HTTP/1.1" 200 408
116.224.254.208 - - [03/Mar/2024:08:56:21 +0800] "GET /xingrg/kc/buy/cgsh_order_operate.html?command=get_materiel&rest_code=00150&code=00101008150&supplier_code=00100008&order_time=2024-03-03 HTTP/1.1" 200 409
116.238.97.31 - - [03/Mar/2024:08:56:24 +0800] "GET /xingrg/all/function/internal_message.html?_=1709427384509&CODE_STATE=getMsg HTTP/1.1" 200 27
116.224.254.208 - - [03/Mar/2024:08:56:30 +0800] "GET /xingrg/kc/buy/cgsh_order_operate.html?command=get_materiel&rest_code=00150&code=00101008172&supplier_code=00100008&order_time=2024-03-03 HTTP/1.1" 200 412
116.230.112.23 - - [03/Mar/2024:08:56:35 +0800] "GET /xingrg/all/function/internal_message.html?_=1709427421877&CODE_STATE=getMsg HTTP/1.1" 200 27
116.238.97.31 - - [03/Mar/2024:08:56:36 +0800] "GET /xingrg/kc/buy/cgsh_order_operate.html?command=get_materiel&rest_code=00102&code=00101008096&supplier_code=00100008&order_time=2024-03-03 HTTP/1.1" 200 412
116.238.97.31 - - [03/Mar/2024:08:56:37 +0800] "GET /xingrg/all/function/internal_message.html?_=1709427397677&CODE_STATE=getMsg HTTP/1.1" 200 27
116.224.254.208 - - [03/Mar/2024:08:56:42 +0800] "GET /xingrg/kc/buy/cgsh_order_operate.html?command=get_materiel&rest_code=00150&code=00101008612&supplier_code=00100008&order_time=2024-03-03 HTTP/1.1" 200 420
116.238.97.31 - - [03/Mar/2024:08:56:45 +0800] "GET /xingrg/kc/buy/cgsh_order_operate.html?command=get_materiel&rest_code=00102&code=00101008038&supplier_code=00100008&order_time=2024-03-03 HTTP/1.1" 200 412
124.78.67.200 - - [03/Mar/2024:08:56:48 +0800] "GET /xingrg/all/function/internal_message.html?_=1709427408761&CODE_STATE=getMsg HTTP/1.1" 200 27
116.224.254.208 - - [03/Mar/2024:08:56:50 +0800] "GET /xingrg/kc/buy/cgsh_order_operate.html?command=get_materiel&rest_code=00150&code=00101008010&supplier_code=00100008&order_time=2024-03-03 HTTP/1.1" 200 412
101.83.145.37 - - [03/Mar/2024:08:56:50 +0800] "GET /xingrg/check_reg.html?_=1709427411321 HTTP/1.1" 200 22
101.83.145.37 - - [03/Mar/2024:08:56:50 +0800] "GET /xingrg/all/function/internal_message.html?_=1709427411325&CODE_STATE=getMsg HTTP/1.1" 200 27
116.238.97.31 - - [03/Mar/2024:08:56:53 +0800] "GET /xingrg/kc/buy/cgsh_order_operate.html?command=get_materiel&rest_code=00102&code=00101008298&supplier_code=00100008&order_time=2024-03-03 HTTP/1.1" 200 412
116.224.254.208 - - [03/Mar/2024:08:57:00 +0800] "GET /xingrg/kc/buy/cgsh_order_operate.html?command=get_materiel&rest_code=00150&code=00101008351&supplier_code=00100008&order_time=2024-03-03 HTTP/1.1" 200 408
116.238.97.31 - - [03/Mar/2024:08:57:01 +0800] "GET /xingrg/kc/buy/cgsh_order_operate.html?command=get_materiel&rest_code=00102&code=00101008283&supplier_code=00100008&order_time=2024-03-03 HTTP/1.1" 200 408
124.78.67.200 - - [03/Mar/2024:08:57:07 +0800] "GET /xingrg/check_reg.html?_=1709427427353 HTTP/1.1" 200 22
116.224.254.208 - - [03/Mar/2024:08:57:07 +0800] "GET /xingrg/kc/buy/cgsh_order_operate.html?command=get_materiel&rest_code=00150&code=00101008095&supplier_code=00100008&order_time=2024-03-03 HTTP/1.1" 200 413
124.78.158.238 - - [03/Mar/2024:08:57:08 +0800] "GET /favicon.ico HTTP/1.1" 404 -
116.238.97.31 - - [03/Mar/2024:08:57:10 +0800] "GET /xingrg/kc/buy/cgsh_order_operate.html?command=get_materiel&rest_code=00102&code=00101008264&supplier_code=00100008&order_time=2024-03-03 HTTP/1.1" 200 412
116.224.254.208 - - [03/Mar/2024:08:57:16 +0800] "GET /xingrg/all/function/internal_message.html?_=1709427436098&CODE_STATE=getMsg HTTP/1.1" 200 27
116.238.97.31 - - [03/Mar/2024:08:57:19 +0800] "GET /xingrg/kc/buy/cgsh_order_operate.html?command=get_materiel&rest_code=00102&code=00101008069&supplier_code=00100008&order_time=2024-03-03 HTTP/1.1" 200 412
116.238.97.31 - - [03/Mar/2024:08:57:24 +0800] "GET /xingrg/all/function/internal_message.html?_=1709427444497&CODE_STATE=getMsg HTTP/1.1" 200 27
116.238.97.31 - - [03/Mar/2024:08:57:26 +0800] "GET /xingrg/kc/buy/cgsh_order_operate.html?command=get_materiel&rest_code=00102&code=00101008131&supplier_code=00100008&order_time=2024-03-03 HTTP/1.1" 200 408
116.224.254.208 - - [03/Mar/2024:08:57:28 +0800] "GET /xingrg/kc/buy/cgsh_order_operate.html?command=get_materiel&rest_code=00150&code=00101008110&supplier_code=00100008&order_time=2024-03-03 HTTP/1.1" 200 409
116.238.97.31 - - [03/Mar/2024:08:57:35 +0800] "GET /xingrg/kc/buy/cgsh_order_operate.html?command=get_materiel&rest_code=00102&code=00101008353&supplier_code=00100008&order_time=2024-03-03 HTTP/1.1" 200 408
116.230.112.23 - - [03/Mar/2024:08:57:35 +0800] "GET /xingrg/all/function/internal_message.html?_=1709427481886&CODE_STATE=getMsg HTTP/1.1" 200 27
116.238.97.31 - - [03/Mar/2024:08:57:37 +0800] "GET /xingrg/all/function/internal_message.html?_=1709427457662&CODE_STATE=getMsg HTTP/1.1" 200 27
116.224.254.208 - - [03/Mar/2024:08:57:39 +0800] "GET /xingrg/kc/buy/cgsh_order_operate.html?command=get_materiel&rest_code=00150&code=00101008358&supplier_code=00100008&order_time=2024-03-03 HTTP/1.1" 200 412
124.78.158.238 - - [03/Mar/2024:08:57:40 +0800] "GET /xingrg/login.html?r=1 HTTP/1.1" 200 7641
124.78.158.238 - - [03/Mar/2024:08:57:41 +0800] "GET /xingrg/images/blue/jxLogo.png HTTP/1.1" 304 -
124.78.158.238 - - [03/Mar/2024:08:57:41 +0800] "GET /xingrg/images/blue/login_bg.png HTTP/1.1" 304 -
124.78.158.238 - - [03/Mar/2024:08:57:41 +0800] "GET /xingrg/images/blue/hj.png HTTP/1.1" 304 -
124.78.158.238 - - [03/Mar/2024:08:57:41 +0800] "GET /xingrg/images/blue/srbg.png HTTP/1.1" 304 -
124.78.158.238 - - [03/Mar/2024:08:57:41 +0800] "GET /favicon.ico HTTP/1.1" 404 -
116.238.97.31 - - [03/Mar/2024:08:57:43 +0800] "GET /xingrg/kc/buy/cgsh_order_operate.html?command=get_materiel&rest_code=00102&code=00101008211&supplier_code=00100008&order_time=2024-03-03 HTTP/1.1" 200 412
124.78.158.238 - - [03/Mar/2024:08:57:44 +0800] "POST /xingrg/login.do HTTP/1.1" 302 -
124.78.158.238 - - [03/Mar/2024:08:57:44 +0800] "GET /xingrg/index.html?sysBaseUrl=http%3A%2F%2F180.169.147.146%3A18081%2Fxingrg%2F&costTime=805×tamp=1709427464512 HTTP/1.1" 200 17173
124.78.158.238 - - [03/Mar/2024:08:57:44 +0800] "GET /xingrg/javascript/jquery_easy_ui/themes/default/easyui.css HTTP/1.1" 304 -
124.78.158.238 - - [03/Mar/2024:08:57:44 +0800] "GET /xingrg/javascript/jquery_easy_ui/themes/icon.css HTTP/1.1" 304 -
124.78.158.238 - - [03/Mar/2024:08:57:44 +0800] "GET /xingrg/css/form.css HTTP/1.1" 304 -
124.78.158.238 - - [03/Mar/2024:08:57:44 +0800] "GET /xingrg/javascript/jquery-1.4.2.min.js HTTP/1.1" 304 -
124.78.158.238 - - [03/Mar/2024:08:57:44 +0800] "GET /xingrg/javascript/jquery_easy_ui/jquery.easyui.min.js HTTP/1.1" 304 -
124.78.158.238 - - [03/Mar/2024:08:57:44 +0800] "GET /xingrg/javascript/jquery_easy_ui/easyui-lang-zh_CN.js HTTP/1.1" 304 -
124.78.158.238 - - [03/Mar/2024:08:57:44 +0800] "GET /xingrg/javascript/jquery.form.js HTTP/1.1" 304 -
124.78.158.238 - - [03/Mar/2024:08:57:44 +0800] "GET /xingrg/javascript/jquery.utils.js HTTP/1.1" 304 -
124.78.158.238 - - [03/Mar/2024:08:57:44 +0800] "GET /xingrg/javascript/jquery.timers.js HTTP/1.1" 304 -
124.78.158.238 - - [03/Mar/2024:08:57:44 +0800] "GET /favicon.ico HTTP/1.1" 404 -
124.78.158.238 - - [03/Mar/2024:08:57:44 +0800] "GET /xingrg/javascript/jquery_easy_ui/themes/icons/settle_new.png HTTP/1.1" 304 -
124.78.158.238 - - [03/Mar/2024:08:57:44 +0800] "GET /xingrg/images/blue/navBackgound.jpg HTTP/1.1" 304 -
124.78.158.238 - - [03/Mar/2024:08:57:44 +0800] "GET /xingrg/check_reg.html?_=1709427465218 HTTP/1.1" 200 22
124.78.158.238 - - [03/Mar/2024:08:57:44 +0800] "GET /xingrg/all/function/internal_message.html?_=1709427465218&CODE_STATE=count HTTP/1.1" 200 11
124.78.158.238 - - [03/Mar/2024:08:57:44 +0800] "GET /xingrg/images/blue/pingpu.png HTTP/1.1" 304 -
124.78.158.238 - - [03/Mar/2024:08:57:44 +0800] "GET /xingrg/javascript/jquery_easy_ui/themes/default/images/tabs_leftarrow.png HTTP/1.1" 304 -
124.78.158.238 - - [03/Mar/2024:08:57:44 +0800] "GET /xingrg/javascript/jquery_easy_ui/themes/default/images/panel_tool_collapse.gif HTTP/1.1" 304 -
124.78.158.238 - - [03/Mar/2024:08:57:44 +0800] "GET /xingrg/javascript/jquery_easy_ui/themes/default/images/tabs_rightarrow.png HTTP/1.1" 304 -
124.78.158.238 - - [03/Mar/2024:08:57:44 +0800] "POST /xingrg/all/common/load_tree.html?tree=area_rest_tree_json&manage=1 HTTP/1.1" 200 342
124.78.158.238 - - [03/Mar/2024:08:57:45 +0800] "POST /xingrg/load_menu.html HTTP/1.1" 200 5138
124.78.158.238 - - [03/Mar/2024:08:57:45 +0800] "GET /xingrg/javascript/jquery_easy_ui/themes/default/images/tree_arrows.gif HTTP/1.1" 304 -
124.78.158.238 - - [03/Mar/2024:08:57:45 +0800] "GET /xingrg/javascript/jquery_easy_ui/themes/default/images/tree_folder_open.gif HTTP/1.1" 304 -
124.78.158.238 - - [03/Mar/2024:08:57:45 +0800] "GET /xingrg/javascript/jquery_easy_ui/themes/icons/search_new.png HTTP/1.1" 304 -
124.78.158.238 - - [03/Mar/2024:08:57:45 +0800] "GET /xingrg/javascript/jquery_easy_ui/themes/icons/storage_new.png HTTP/1.1" 304 -
124.78.158.238 - - [03/Mar/2024:08:57:45 +0800] "GET /xingrg/javascript/jquery_easy_ui/themes/default/images/tree_folder.gif HTTP/1.1" 304 -
124.78.158.238 - - [03/Mar/2024:08:57:45 +0800] "GET /xingrg/javascript/jquery_easy_ui/themes/icons/forms_new.png HTTP/1.1" 304 -
124.78.158.238 - - [03/Mar/2024:08:57:45 +0800] "GET /xingrg/javascript/jquery_easy_ui/themes/default/images/tree_file.gif HTTP/1.1" 304 -
124.78.158.238 - - [03/Mar/2024:08:57:47 +0800] "GET /xingrg/kc/buy/buy_main.html HTTP/1.1" 200 12412
124.78.158.238 - - [03/Mar/2024:08:57:47 +0800] "GET /xingrg/javascript/jquery_easy_ui/themes/default/images/tabs_close.gif HTTP/1.1" 304 -
124.78.158.238 - - [03/Mar/2024:08:57:47 +0800] "GET /xingrg/css/new_ie.css HTTP/1.1" 404 1036
124.78.158.238 - - [03/Mar/2024:08:57:47 +0800] "GET /xingrg/css/blue.css HTTP/1.1" 304 -
124.78.158.238 - - [03/Mar/2024:08:57:47 +0800] "GET /xingrg/javascript/jquery_ui/themes/humanity/humanity.css HTTP/1.1" 304 -
124.78.158.238 - - [03/Mar/2024:08:57:47 +0800] "GET /xingrg/javascript/pic_change.js HTTP/1.1" 304 -
124.78.158.238 - - [03/Mar/2024:08:57:47 +0800] "GET /xingrg/javascript/ToolTips.js HTTP/1.1" 304 -
124.78.158.238 - - [03/Mar/2024:08:57:47 +0800] "GET /xingrg/javascript/myfunction.js HTTP/1.1" 304 -
124.78.158.238 - - [03/Mar/2024:08:57:47 +0800] "GET /xingrg/javascript/jquery_ui/jquery-ui.min.js HTTP/1.1" 304 -
124.78.158.238 - - [03/Mar/2024:08:57:47 +0800] "GET /xingrg/images/blue/button/cgxqd.gif HTTP/1.1" 304 -
124.78.158.238 - - [03/Mar/2024:08:57:47 +0800] "GET /xingrg/images/blue/button/cgydd.gif HTTP/1.1" 304 -
124.78.158.238 - - [03/Mar/2024:08:57:47 +0800] "GET /xingrg/images/blue/button/cgshd.gif HTTP/1.1" 304 -
124.78.158.238 - - [03/Mar/2024:08:57:47 +0800] "GET /xingrg/images/blue/button/cgfkd.gif HTTP/1.1" 304 -
124.78.158.238 - - [03/Mar/2024:08:57:47 +0800] "GET /xingrg/images/blue/button/kc.gif HTTP/1.1" 304 -
124.78.158.238 - - [03/Mar/2024:08:57:47 +0800] "GET /xingrg/images/blue/button/ckthd.gif HTTP/1.1" 304 -
124.78.158.238 - - [03/Mar/2024:08:57:47 +0800] "GET /xingrg/images/blue/pic_form2.gif HTTP/1.1" 304 -
124.78.158.238 - - [03/Mar/2024:08:57:47 +0800] "GET /xingrg/javascript/jquery_ui/themes/humanity/images/ui-bg_inset-soft_100_f4f0ec_1x100.png HTTP/1.1" 304 -
124.78.158.238 - - [03/Mar/2024:08:57:47 +0800] "GET /xingrg/images/blue/button/right_ah.jpg HTTP/1.1" 304 -
124.78.158.238 - - [03/Mar/2024:08:57:47 +0800] "GET /xingrg/images/blue/bg_dotted.jpg HTTP/1.1" 304 -
124.78.158.238 - - [03/Mar/2024:08:57:47 +0800] "GET /xingrg/images/blue/button/down_ah.jpg HTTP/1.1" 304 -
124.78.158.238 - - [03/Mar/2024:08:57:47 +0800] "GET /xingrg/javascript/jquery_ui/themes/humanity/images/ui-iconsnew.jpg HTTP/1.1" 304 -
124.78.158.238 - - [03/Mar/2024:08:57:47 +0800] "GET /xingrg/javascript/jquery_ui/themes/humanity/images/ui-icons_ffffff_256x240.png HTTP/1.1" 304 -
124.78.158.238 - - [03/Mar/2024:08:57:47 +0800] "GET /xingrg/javascript/jquery_ui/themes/humanity/images/ui-icons_c47a23_256x240.png HTTP/1.1" 304 -
124.78.158.238 - - [03/Mar/2024:08:57:47 +0800] "GET /xingrg/javascript/jquery_ui/themes/humanity/images/ui-bg_glass_70_ede4d4_1x400.png HTTP/1.1" 304 -
116.224.254.208 - - [03/Mar/2024:08:57:48 +0800] "GET /xingrg/kc/buy/cgsh_order_operate.html?command=get_materiel&rest_code=00150&code=00101008298&supplier_code=00100008&order_time=2024-03-03 HTTP/1.1" 200 412
124.78.158.238 - - [03/Mar/2024:08:57:48 +0800] "GET /xingrg/images/yd/bt.gif HTTP/1.1" 404 1040
124.78.67.200 - - [03/Mar/2024:08:57:48 +0800] "GET /xingrg/all/function/internal_message.html?_=1709427468733&CODE_STATE=getMsg HTTP/1.1" 200 27
124.78.158.238 - - [03/Mar/2024:08:57:49 +0800] "GET /xingrg/kc/buy/cgsh_order_list.html HTTP/1.1" 200 57797
124.78.158.238 - - [03/Mar/2024:08:57:49 +0800] "GET /xingrg/css/base.css HTTP/1.1" 304 -
124.78.158.238 - - [03/Mar/2024:08:57:49 +0800] "GET /xingrg/css/site.css HTTP/1.1" 304 -
124.78.158.238 - - [03/Mar/2024:08:57:49 +0800] "GET /xingrg/javascript/jquery_tools/datebox.css HTTP/1.1" 304 -
124.78.158.238 - - [03/Mar/2024:08:57:49 +0800] "GET /xingrg/javascript/easyui/themes/default/easyui.css HTTP/1.1" 304 -
124.78.158.238 - - [03/Mar/2024:08:57:49 +0800] "GET /xingrg/javascript/easyui/themes/icon.css HTTP/1.1" 304 -
124.78.158.238 - - [03/Mar/2024:08:57:49 +0800] "GET /xingrg/javascript/auto/jquery.autocomplete.css HTTP/1.1" 304 -
124.78.158.238 - - [03/Mar/2024:08:57:49 +0800] "GET /xingrg/javascript/jquery_tools/fix.css HTTP/1.1" 304 -
124.78.158.238 - - [03/Mar/2024:08:57:49 +0800] "GET /xingrg/javascript/jquery_tools/table.css HTTP/1.1" 304 -
124.78.158.238 - - [03/Mar/2024:08:57:49 +0800] "GET /xingrg/javascript/jquery_tools/jquery.tools.min.js HTTP/1.1" 304 -
124.78.158.238 - - [03/Mar/2024:08:57:49 +0800] "GET /xingrg/javascript/jquery_tools/jquery.tools.extend.js HTTP/1.1" 304 -
124.78.158.238 - - [03/Mar/2024:08:57:49 +0800] "GET /xingrg/javascript/jquery_tools/jquery.tools.hotkey.js HTTP/1.1" 304 -
124.78.158.238 - - [03/Mar/2024:08:57:49 +0800] "GET /xingrg/javascript/jquery_tools/jquery.tools.table.js HTTP/1.1" 304 -
124.78.158.238 - - [03/Mar/2024:08:57:49 +0800] "GET /xingrg/javascript/jquery_tools/list_manager.js HTTP/1.1" 304 -
124.78.158.238 - - [03/Mar/2024:08:57:49 +0800] "GET /xingrg/javascript/auto/jquery.autocomplete.js HTTP/1.1" 304 -
124.78.158.238 - - [03/Mar/2024:08:57:49 +0800] "GET /xingrg/javascript/easyui/easyloader.js HTTP/1.1" 304 -
124.78.158.238 - - [03/Mar/2024:08:57:49 +0800] "GET /xingrg/javascript/jquery.cookie.js HTTP/1.1" 304 -
124.78.158.238 - - [03/Mar/2024:08:57:49 +0800] "GET /xingrg/javascript/print/LodopFuncs.js HTTP/1.1" 304 -
124.78.158.238 - - [03/Mar/2024:08:57:49 +0800] "GET /xingrg/javascript/easyui/plugins/jquery.parser.js HTTP/1.1" 304 -
124.78.158.238 - - [03/Mar/2024:08:57:49 +0800] "GET /xingrg/images/control/ajaxLoader.gif HTTP/1.1" 304 -
124.78.158.238 - - [03/Mar/2024:08:57:49 +0800] "GET /xingrg/javascript/easyui/themes/icons/edit_add_new.png HTTP/1.1" 304 -
124.78.158.238 - - [03/Mar/2024:08:57:49 +0800] "GET /xingrg/javascript/easyui/themes/icons/cance_new.png HTTP/1.1" 304 -
124.78.158.238 - - [03/Mar/2024:08:57:49 +0800] "GET /xingrg/javascript/easyui/themes/icons/check_new.png HTTP/1.1" 304 -
124.78.158.238 - - [03/Mar/2024:08:57:49 +0800] "GET /xingrg/javascript/easyui/themes/icons/field_new.png HTTP/1.1" 304 -
124.78.158.238 - - [03/Mar/2024:08:57:49 +0800] "GET /xingrg/javascript/easyui/themes/icons/import_new.png HTTP/1.1" 304 -
101.83.145.37 - - [03/Mar/2024:08:57:50 +0800] "GET /xingrg/all/function/internal_message.html?_=1709427471310&CODE_STATE=getMsg HTTP/1.1" 200 27
124.78.158.238 - - [03/Mar/2024:08:57:51 +0800] "POST /xingrg/kc/buy/cgsh_list_operate.html HTTP/1.1" 200 986
116.238.97.31 - - [03/Mar/2024:08:57:51 +0800] "GET /xingrg/kc/buy/cgsh_order_operate.html?command=get_materiel&rest_code=00102&code=00101008356&supplier_code=00100008&order_time=2024-03-03 HTTP/1.1" 200 408
124.78.158.238 - - [03/Mar/2024:08:57:53 +0800] "GET /xingrg/javascript/easyui/themes/default/images/button_plain_hover.png HTTP/1.1" 304 -
124.78.158.238 - - [03/Mar/2024:08:57:54 +0800] "GET /xingrg/kc/buy/cgsh_order_add.html HTTP/1.1" 200 73566
124.78.158.238 - - [03/Mar/2024:08:57:54 +0800] "GET /xingrg/javascript/jquery_tools/order_manager.js HTTP/1.1" 304 -
124.78.158.238 - - [03/Mar/2024:08:57:54 +0800] "GET /xingrg/javascript/convert.js HTTP/1.1" 304 -
124.78.158.238 - - [03/Mar/2024:08:57:54 +0800] "GET /xingrg/javascript/json2.js HTTP/1.1" 304 -
124.78.158.238 - - [03/Mar/2024:08:57:54 +0800] "GET /xingrg/javascript/print/kc_print.js HTTP/1.1" 304 -
124.78.158.238 - - [03/Mar/2024:08:57:54 +0800] "GET /xingrg/words/20240229092203_words.js HTTP/1.1" 200 1014224
124.78.158.238 - - [03/Mar/2024:08:57:54 +0800] "GET /xingrg/javascript/easyui/themes/icons/copy_new.png HTTP/1.1" 304 -
124.78.158.238 - - [03/Mar/2024:08:57:54 +0800] "GET /xingrg/javascript/easyui/themes/icons/template_new.png HTTP/1.1" 200 3956
124.78.158.238 - - [03/Mar/2024:08:57:54 +0800] "GET /xingrg/javascript/easyui/themes/icons/ok.png HTTP/1.1" 200 883
124.78.158.238 - - [03/Mar/2024:08:57:54 +0800] "GET /xingrg/javascript/easyui/themes/icons/print.png HTTP/1.1" 304 -
124.78.158.238 - - [03/Mar/2024:08:57:54 +0800] "GET /xingrg/javascript/easyui/themes/default/images/menu_downarrow.png HTTP/1.1" 304 -
124.78.158.238 - - [03/Mar/2024:08:57:54 +0800] "GET /xingrg/javascript/easyui/themes/icons/cancel.png HTTP/1.1" 304 -
124.78.158.238 - - [03/Mar/2024:08:57:54 +0800] "POST /xingrg/kc/buy/cgsh_order_operate.html HTTP/1.1" 200 8245
124.78.158.238 - - [03/Mar/2024:08:57:54 +0800] "GET /xingrg/javascript/easyui/themes/default/validatebox.css HTTP/1.1" 404 1104
124.78.158.238 - - [03/Mar/2024:08:57:54 +0800] "GET /xingrg/javascript/easyui/plugins/jquery.validatebox.js HTTP/1.1" 304 -
124.78.158.238 - - [03/Mar/2024:08:57:54 +0800] "GET /xingrg/javascript/easyui/plugins/jquery.numberbox.js HTTP/1.1" 304 -
124.78.158.238 - - [03/Mar/2024:08:57:54 +0800] "GET /xingrg/all/common/auto_word.html?type=employee&rest_code=00106 HTTP/1.1" 200 205
124.78.158.238 - - [03/Mar/2024:08:57:55 +0800] "GET /xingrg/javascript/easyui/themes/icons/edit_remove.png HTTP/1.1" 304 -
124.78.158.238 - - [03/Mar/2024:08:57:55 +0800] "GET /xingrg/all/common/auto_word.html?type=employee&rest_code=00106 HTTP/1.1" 200 205
124.78.158.238 - - [03/Mar/2024:08:57:56 +0800] "GET /xingrg/javascript/easyui/plugins/jquery.draggable.js HTTP/1.1" 200 6121
124.78.158.238 - - [03/Mar/2024:08:57:57 +0800] "GET /xingrg/css/images/panel_loading.gif HTTP/1.1" 200 1737
124.78.158.238 - - [03/Mar/2024:08:57:57 +0800] "GET /xingrg/javascript/easyui/plugins/jquery.droppable.js HTTP/1.1" 200 1167
124.78.158.238 - - [03/Mar/2024:08:57:57 +0800] "GET /xingrg/javascript/easyui/themes/default/tree.css HTTP/1.1" 404 1090
124.78.158.238 - - [03/Mar/2024:08:57:57 +0800] "GET /xingrg/javascript/easyui/plugins/jquery.tree.js HTTP/1.1" 200 20874
124.78.158.238 - - [03/Mar/2024:08:57:57 +0800] "POST /xingrg/all/common/load_tree.html?tree=supplier_tree_json&isDelete=1 HTTP/1.1" 200 78681
124.78.158.238 - - [03/Mar/2024:08:57:59 +0800] "GET /xingrg/javascript/easyui/themes/default/images/tree_arrows.gif HTTP/1.1" 200 617
124.78.158.238 - - [03/Mar/2024:08:57:59 +0800] "GET /xingrg/javascript/easyui/themes/default/images/tree_file.gif HTTP/1.1" 200 118
124.78.158.238 - - [03/Mar/2024:08:57:59 +0800] "GET /xingrg/javascript/easyui/themes/default/images/tree_folder_open.gif HTTP/1.1" 200 956
124.78.158.238 - - [03/Mar/2024:08:57:59 +0800] "GET /xingrg/javascript/easyui/themes/default/images/tree_folder.gif HTTP/1.1" 200 952
116.238.97.31 - - [03/Mar/2024:08:57:59 +0800] "GET /xingrg/kc/buy/cgsh_order_operate.html?command=get_materiel&rest_code=00102&code=00101008037&supplier_code=00100008&order_time=2024-03-03 HTTP/1.1" 200 415
116.224.254.208 - - [03/Mar/2024:08:58:02 +0800] "GET /xingrg/kc/buy/cgsh_order_operate.html?command=get_materiel&rest_code=00150&code=00101008283&supplier_code=00100008&order_time=2024-03-03 HTTP/1.1" 200 408
116.224.254.208 - - [03/Mar/2024:08:58:10 +0800] "GET /xingrg/kc/buy/cgsh_order_operate.html?command=get_materiel&rest_code=00150&code=00101008096&supplier_code=00100008&order_time=2024-03-03 HTTP/1.1" 200 412
116.238.97.31 - - [03/Mar/2024:08:58:13 +0800] "GET /xingrg/kc/buy/cgsh_order_operate.html?command=get_materiel&rest_code=00102&code=00101008286&supplier_code=00100008&order_time=2024-03-03 HTTP/1.1" 200 408
116.224.254.208 - - [03/Mar/2024:08:58:16 +0800] "GET /xingrg/all/function/internal_message.html?_=1709427496089&CODE_STATE=getMsg HTTP/1.1" 200 27
124.78.158.238 - - [03/Mar/2024:08:58:18 +0800] "GET /xingrg/javascript/auto/indicator.gif HTTP/1.1" 404 1066
116.224.254.208 - - [03/Mar/2024:08:58:18 +0800] "GET /xingrg/kc/buy/cgsh_order_operate.html?command=get_materiel&rest_code=00150&code=00101008271&supplier_code=00100008&order_time=2024-03-03 HTTP/1.1" 200 408
124.78.158.238 - - [03/Mar/2024:08:58:23 +0800] "GET /xingrg/kc/buy/cgsh_order_operate.html?command=get_materiel&rest_code=00106&code=00101008091&supplier_code=00100008&order_time=2024-03-03 HTTP/1.1" 200 412
116.238.97.31 - - [03/Mar/2024:08:58:24 +0800] "GET /xingrg/all/function/internal_message.html?_=1709427504483&CODE_STATE=getMsg HTTP/1.1" 200 27
116.238.97.31 - - [03/Mar/2024:08:58:24 +0800] "GET /xingrg/kc/buy/cgsh_order_operate.html?command=get_materiel&rest_code=00102&code=00101010163&supplier_code=00100008&order_time=2024-03-03 HTTP/1.1" 200 409
116.224.254.208 - - [03/Mar/2024:08:58:27 +0800] "GET /xingrg/kc/buy/cgsh_order_operate.html?command=get_materiel&rest_code=00150&code=00101008229&supplier_code=00100008&order_time=2024-03-03 HTTP/1.1" 200 420
116.238.97.31 - - [03/Mar/2024:08:58:35 +0800] "GET /xingrg/kc/buy/cgsh_order_operate.html?command=get_materiel&rest_code=00102&code=00101008318&supplier_code=00100008&order_time=2024-03-03 HTTP/1.1" 200 408
116.224.254.208 - - [03/Mar/2024:08:58:35 +0800] "GET /xingrg/kc/buy/cgsh_order_operate.html?command=get_materiel&rest_code=00150&code=00101008069&supplier_code=00100008&order_time=2024-03-03 HTTP/1.1" 200 412
116.230.112.23 - - [03/Mar/2024:08:58:36 +0800] "GET /xingrg/all/function/internal_message.html?_=1709427542261&CODE_STATE=getMsg HTTP/1.1" 200 27
116.238.97.31 - - [03/Mar/2024:08:58:36 +0800] "GET /xingrg/all/function/internal_message.html?_=1709427517647&CODE_STATE=getMsg HTTP/1.1" 200 27
116.238.97.31 - - [03/Mar/2024:08:58:37 +0800] "POST /xingrg/kc/buy/cgsh_order_operate.html HTTP/1.1" 200 2065
116.224.254.208 - - [03/Mar/2024:08:58:38 +0800] "POST /xingrg/kc/buy/cgsh_order_operate.html HTTP/1.1" 200 2065
116.238.97.31 - - [03/Mar/2024:08:58:44 +0800] "GET /xingrg/kc/buy/cgsh_order_operate.html?command=get_materiel&rest_code=00102&code=00101008257&supplier_code=00100008&order_time=2024-03-03 HTTP/1.1" 200 416
124.78.158.238 - - [03/Mar/2024:08:58:44 +0800] "GET /xingrg/kc/buy/cgsh_order_operate.html?command=get_materiel&rest_code=00106&code=00101008256&supplier_code=00100008&order_time=2024-03-03 HTTP/1.1" 200 412
124.78.158.238 - - [03/Mar/2024:08:58:44 +0800] "GET /xingrg/all/function/internal_message.html?_=1709427525228&CODE_STATE=getMsg HTTP/1.1" 200 27
116.224.254.208 - - [03/Mar/2024:08:58:45 +0800] "GET /xingrg/kc/buy/cgsh_order_operate.html?command=get_materiel&rest_code=00150&code=00101008353&supplier_code=00100008&order_time=2024-03-03 HTTP/1.1" 200 408
124.78.67.200 - - [03/Mar/2024:08:58:48 +0800] "GET /xingrg/all/function/internal_message.html?_=1709427528709&CODE_STATE=getMsg HTTP/1.1" 200 27
116.230.112.23 - - [03/Mar/2024:08:58:50 +0800] "GET /xingrg/check_reg.html?_=1709427556350 HTTP/1.1" 200 22
101.83.145.37 - - [03/Mar/2024:08:58:50 +0800] "GET /xingrg/all/function/internal_message.html?_=1709427531323&CODE_STATE=getMsg HTTP/1.1" 200 27
116.238.97.31 - - [03/Mar/2024:08:58:55 +0800] "GET /xingrg/kc/buy/cgsh_order_operate.html?command=get_materiel&rest_code=00102&code=00101008155&supplier_code=00100008&order_time=2024-03-03 HTTP/1.1" 200 408
116.224.254.208 - - [03/Mar/2024:08:58:55 +0800] "GET /xingrg/kc/buy/cgsh_order_operate.html?command=get_materiel&rest_code=00150&code=00101008032&supplier_code=00100008&order_time=2024-03-03 HTTP/1.1" 200 409
116.238.97.31 - - [03/Mar/2024:08:58:58 +0800] "GET /xingrg/javascript/jquery_easy_ui/themes/default/images/tabs_active.png HTTP/1.1" 200 2894
124.78.158.238 - - [03/Mar/2024:08:59:00 +0800] "GET /xingrg/kc/buy/cgsh_order_operate.html?command=get_materiel&rest_code=00106&code=00101008312&supplier_code=00100008&order_time=2024-03-03 HTTP/1.1" 200 412
116.238.97.31 - - [03/Mar/2024:08:59:06 +0800] "POST /xingrg/kc/buy/cgsh_order_operate.html HTTP/1.1" 200 37
116.224.254.208 - - [03/Mar/2024:08:59:09 +0800] "GET /xingrg/kc/buy/cgsh_order_operate.html?command=get_materiel&rest_code=00150&code=00101008211&supplier_code=00100008&order_time=2024-03-03 HTTP/1.1" 200 412
116.238.97.31 - - [03/Mar/2024:08:59:10 +0800] "POST /xingrg/kc/buy/cgsh_order_operate.html HTTP/1.1" 200 14468
116.224.254.208 - - [03/Mar/2024:08:59:16 +0800] "GET /xingrg/all/function/internal_message.html?_=1709427556094&CODE_STATE=getMsg HTTP/1.1" 200 27
116.224.254.208 - - [03/Mar/2024:08:59:16 +0800] "GET /xingrg/check_reg.html?_=1709427556096 HTTP/1.1" 200 22
124.78.158.238 - - [03/Mar/2024:08:59:22 +0800] "GET /xingrg/kc/buy/cgsh_order_operate.html?command=get_materiel&rest_code=00106&code=00101008354&supplier_code=00100008&order_time=2024-03-03 HTTP/1.1" 200 412
116.238.97.31 - - [03/Mar/2024:08:59:23 +0800] "POST /xingrg/kc/buy/cgsh_list_operate.html HTTP/1.1" 200 2262
116.238.97.31 - - [03/Mar/2024:08:59:24 +0800] "GET /xingrg/all/function/internal_message.html?_=1709427564493&CODE_STATE=getMsg HTTP/1.1" 200 27
116.238.97.31 - - [03/Mar/2024:08:59:26 +0800] "GET /xingrg/check_reg.html?_=1709427567596 HTTP/1.1" 200 22
116.224.254.208 - - [03/Mar/2024:08:59:35 +0800] "GET /xingrg/kc/buy/cgsh_order_operate.html?command=get_materiel&rest_code=00150&code=00101008087&supplier_code=00100008&order_time=2024-03-03 HTTP/1.1" 200 412
116.230.112.23 - - [03/Mar/2024:08:59:36 +0800] "GET /xingrg/all/function/internal_message.html?_=1709427602273&CODE_STATE=getMsg HTTP/1.1" 200 27
116.238.97.31 - - [03/Mar/2024:08:59:37 +0800] "GET /xingrg/all/function/internal_message.html?_=1709427577633&CODE_STATE=getMsg HTTP/1.1" 200 27
124.78.158.238 - - [03/Mar/2024:08:59:41 +0800] "GET /xingrg/kc/buy/cgsh_order_operate.html?command=get_materiel&rest_code=00106&code=00101008125&supplier_code=00100008&order_time=2024-03-03 HTTP/1.1" 200 413
116.224.254.208 - - [03/Mar/2024:08:59:42 +0800] "GET /xingrg/kc/buy/cgsh_order_operate.html?command=get_materiel&rest_code=00150&code=00101008355&supplier_code=00100008&order_time=2024-03-03 HTTP/1.1" 200 408
116.224.254.208 - - [03/Mar/2024:08:59:43 +0800] "POST /xingrg/kc/buy/cgsh_order_operate.html HTTP/1.1" 200 2065
124.78.158.238 - - [03/Mar/2024:08:59:44 +0800] "GET /xingrg/all/function/internal_message.html?_=1709427585231&CODE_STATE=getMsg HTTP/1.1" 200 27
116.238.97.31 - - [03/Mar/2024:08:59:44 +0800] "POST /xingrg/kc/buy/cgsh_list_operate.html HTTP/1.1" 200 570
116.238.97.31 - - [03/Mar/2024:08:59:46 +0800] "GET /xingrg/kc/buy/cgsh_order_info.html?code=212024030300618 HTTP/1.1" 200 73616
116.238.97.31 - - [03/Mar/2024:08:59:47 +0800] "GET /xingrg/javascript/easyui/themes/default/validatebox.css HTTP/1.1" 404 1104
116.238.97.31 - - [03/Mar/2024:08:59:48 +0800] "POST /xingrg/kc/buy/cgsh_order_operate.html HTTP/1.1" 200 14468
124.78.67.200 - - [03/Mar/2024:08:59:48 +0800] "GET /xingrg/all/function/internal_message.html?_=1709427588688&CODE_STATE=getMsg HTTP/1.1" 200 27
101.83.145.37 - - [03/Mar/2024:08:59:50 +0800] "GET /xingrg/all/function/internal_message.html?_=1709427591321&CODE_STATE=getMsg HTTP/1.1" 200 27
116.224.254.208 - - [03/Mar/2024:08:59:51 +0800] "GET /xingrg/kc/buy/cgsh_order_operate.html?command=get_materiel&rest_code=00150&code=00101008209&supplier_code=00100008&order_time=2024-03-03 HTTP/1.1" 200 408
124.78.158.238 - - [03/Mar/2024:08:59:56 +0800] "GET /xingrg/kc/buy/cgsh_order_operate.html?command=get_materiel&rest_code=00106&code=00101008110&supplier_code=00100008&order_time=2024-03-03 HTTP/1.1" 200 409
116.224.254.208 - - [03/Mar/2024:09:00:00 +0800] "GET /xingrg/kc/buy/cgsh_order_operate.html?command=get_materiel&rest_code=00150&code=00101008562&supplier_code=00100008&order_time=2024-03-03 HTTP/1.1" 200 409
116.224.254.208 - - [03/Mar/2024:09:00:09 +0800] "GET /xingrg/kc/buy/cgsh_order_operate.html?command=get_materiel&rest_code=00150&code=00101008356&supplier_code=00100008&order_time=2024-03-03 HTTP/1.1" 200 408
124.78.158.238 - - [03/Mar/2024:09:00:13 +0800] "GET /xingrg/kc/buy/cgsh_order_operate.html?command=get_materiel&rest_code=00106&code=00101008358&supplier_code=00100008&order_time=2024-03-03 HTTP/1.1" 200 412
180.164.1.25 - - [03/Mar/2024:09:00:13 +0800] "POST /xingrg/services/DataTransmitService HTTP/1.1" 200 524
116.224.254.208 - - [03/Mar/2024:09:00:16 +0800] "GET /xingrg/all/function/internal_message.html?_=1709427616102&CODE_STATE=getMsg HTTP/1.1" 200 27
116.224.254.208 - - [03/Mar/2024:09:00:17 +0800] "GET /xingrg/kc/buy/cgsh_order_operate.html?command=get_materiel&rest_code=00150&code=00101008300&supplier_code=00100008&order_time=2024-03-03 HTTP/1.1" 200 412
116.224.254.208 - - [03/Mar/2024:09:00:24 +0800] "GET /xingrg/kc/buy/cgsh_order_operate.html?command=get_materiel&rest_code=00150&code=00101008251&supplier_code=00100008&order_time=2024-03-03 HTTP/1.1" 200 408
116.238.97.31 - - [03/Mar/2024:09:00:24 +0800] "GET /xingrg/all/function/internal_message.html?_=1709427624459&CODE_STATE=getMsg HTTP/1.1" 200 27
116.238.97.31 - - [03/Mar/2024:09:00:24 +0800] "GET /xingrg/check_reg.html?_=1709427624509 HTTP/1.1" 200 22
116.224.254.208 - - [03/Mar/2024:09:00:26 +0800] "POST /xingrg/kc/buy/cgsh_order_operate.html HTTP/1.1" 200 2065
116.224.254.208 - - [03/Mar/2024:09:00:32 +0800] "GET /xingrg/kc/buy/cgsh_order_operate.html?command=get_materiel&rest_code=00150&code=00101008027&supplier_code=00100008&order_time=2024-03-03 HTTP/1.1" 200 408
116.230.112.23 - - [03/Mar/2024:09:00:36 +0800] "GET /xingrg/all/function/internal_message.html?_=1709427662287&CODE_STATE=getMsg HTTP/1.1" 200 27
116.238.97.31 - - [03/Mar/2024:09:00:36 +0800] "GET /xingrg/all/function/internal_message.html?_=1709427637614&CODE_STATE=getMsg HTTP/1.1" 200 27
116.238.97.31 - - [03/Mar/2024:09:00:37 +0800] "POST /xingrg/kc/buy/cgsh_order_operate.html HTTP/1.1" 200 37
116.224.254.208 - - [03/Mar/2024:09:00:42 +0800] "GET /xingrg/kc/buy/cgsh_order_operate.html?command=get_materiel&rest_code=00150&code=00101008213&supplier_code=00100008&order_time=2024-03-03 HTTP/1.1" 200 412
116.238.97.31 - - [03/Mar/2024:09:00:43 +0800] "POST /xingrg/kc/buy/cgsh_order_operate.html HTTP/1.1" 200 14468
124.78.158.238 - - [03/Mar/2024:09:00:44 +0800] "GET /xingrg/all/function/internal_message.html?_=1709427645221&CODE_STATE=getMsg HTTP/1.1" 200 27
222.69.134.231 - - [03/Mar/2024:09:00:48 +0800] "GET /xingrg/login.html HTTP/1.1" 200 7641
124.78.67.200 - - [03/Mar/2024:09:00:48 +0800] "GET /xingrg/all/function/internal_message.html?_=1709427648676&CODE_STATE=getMsg HTTP/1.1" 200 27
222.69.134.231 - - [03/Mar/2024:09:00:49 +0800] "GET /favicon.ico HTTP/1.1" 404 -
116.224.254.208 - - [03/Mar/2024:09:00:49 +0800] "GET /xingrg/kc/buy/cgsh_order_operate.html?command=get_materiel&rest_code=00150&code=00101008360&supplier_code=00100008&order_time=2024-03-03 HTTP/1.1" 200 413
101.83.145.37 - - [03/Mar/2024:09:00:50 +0800] "GET /xingrg/all/function/internal_message.html?_=1709427651320&CODE_STATE=getMsg HTTP/1.1" 200 27
124.78.158.238 - - [03/Mar/2024:09:00:55 +0800] "GET /xingrg/kc/buy/cgsh_order_operate.html?command=get_materiel&rest_code=00106&code=00101008096&supplier_code=00100008&order_time=2024-03-03 HTTP/1.1" 200 412
116.224.254.208 - - [03/Mar/2024:09:00:56 +0800] "GET /xingrg/kc/buy/cgsh_order_operate.html?command=get_materiel&rest_code=00150&code=00101008286&supplier_code=00100008&order_time=2024-03-03 HTTP/1.1" 200 408
116.238.97.31 - - [03/Mar/2024:09:00:56 +0800] "POST /xingrg/kc/buy/cgsh_list_operate.html HTTP/1.1" 200 2262
116.224.254.208 - - [03/Mar/2024:09:01:02 +0800] "GET /xingrg/kc/buy/cgsh_order_operate.html?command=get_materiel&rest_code=00150&code=00101008694&supplier_code=00100008&order_time=2024-03-03 HTTP/1.1" 200 420
116.238.97.31 - - [03/Mar/2024:09:01:03 +0800] "POST /xingrg/kc/buy/cgsh_list_operate.html HTTP/1.1" 200 570
116.224.254.208 - - [03/Mar/2024:09:01:03 +0800] "POST /xingrg/kc/buy/cgsh_order_operate.html HTTP/1.1" 200 2065
222.69.134.231 - - [03/Mar/2024:09:01:06 +0800] "POST /xingrg/login.do HTTP/1.1" 302 -
222.69.134.231 - - [03/Mar/2024:09:01:07 +0800] "GET /xingrg/index.html?sysBaseUrl=http%3A%2F%2F180.169.147.146%3A18081%2Fxingrg%2F&costTime=1328×tamp=1709427666898 HTTP/1.1" 200 17179
116.238.97.31 - - [03/Mar/2024:09:01:07 +0800] "GET /xingrg/kc/buy/cgsh_order_info.html?code=212024030300618 HTTP/1.1" 200 73616
222.69.134.231 - - [03/Mar/2024:09:01:07 +0800] "GET /favicon.ico HTTP/1.1" 404 -
116.238.97.31 - - [03/Mar/2024:09:01:07 +0800] "GET /xingrg/javascript/easyui/themes/default/validatebox.css HTTP/1.1" 404 1104
222.69.134.231 - - [03/Mar/2024:09:01:07 +0800] "GET /xingrg/all/function/internal_message.html?_=1709427667832&CODE_STATE=count HTTP/1.1" 200 11
222.69.134.231 - - [03/Mar/2024:09:01:07 +0800] "GET /xingrg/check_reg.html?_=1709427667832 HTTP/1.1" 200 22
222.69.134.231 - - [03/Mar/2024:09:01:07 +0800] "POST /xingrg/all/common/load_tree.html?tree=area_rest_tree_json&manage=1 HTTP/1.1" 200 351
222.69.134.231 - - [03/Mar/2024:09:01:07 +0800] "POST /xingrg/load_menu.html HTTP/1.1" 200 5138
116.238.97.31 - - [03/Mar/2024:09:01:08 +0800] "POST /xingrg/kc/buy/cgsh_order_operate.html HTTP/1.1" 200 14468
116.224.254.208 - - [03/Mar/2024:09:01:09 +0800] "GET /xingrg/kc/buy/cgsh_order_operate.html?command=get_materiel&rest_code=00150&code=00101008163&supplier_code=00100008&order_time=2024-03-03 HTTP/1.1" 200 409
116.224.254.208 - - [03/Mar/2024:09:01:16 +0800] "GET /xingrg/all/function/internal_message.html?_=1709427676093&CODE_STATE=getMsg HTTP/1.1" 200 27
116.224.254.208 - - [03/Mar/2024:09:01:16 +0800] "GET /xingrg/kc/buy/cgsh_order_operate.html?command=get_materiel&rest_code=00150&code=00101008411&supplier_code=00100008&order_time=2024-03-03 HTTP/1.1" 200 412
116.238.97.31 - - [03/Mar/2024:09:01:23 +0800] "POST /xingrg/kc/buy/cgsh_order_operate.html HTTP/1.1" 200 37
116.224.254.208 - - [03/Mar/2024:09:01:25 +0800] "GET /xingrg/kc/buy/cgsh_order_operate.html?command=get_materiel&rest_code=00150&code=00101020131&supplier_code=00100008&order_time=2024-03-03 HTTP/1.1" 200 417
124.78.158.238 - - [03/Mar/2024:09:01:26 +0800] "GET /xingrg/kc/buy/cgsh_order_operate.html?command=get_materiel&rest_code=00106&code=00101008038&supplier_code=00100008&order_time=2024-03-03 HTTP/1.1" 200 412
116.238.97.31 - - [03/Mar/2024:09:01:27 +0800] "GET /xingrg/all/function/internal_message.html?_=1709427687662&CODE_STATE=getMsg HTTP/1.1" 200 27
116.238.97.31 - - [03/Mar/2024:09:01:28 +0800] "POST /xingrg/kc/buy/cgsh_order_operate.html HTTP/1.1" 200 14468
116.224.254.208 - - [03/Mar/2024:09:01:34 +0800] "GET /xingrg/kc/buy/cgsh_order_operate.html?command=get_materiel&rest_code=00150&code=00101008357&supplier_code=00100008&order_time=2024-03-03 HTTP/1.1" 200 408
116.238.97.31 - - [03/Mar/2024:09:01:36 +0800] "POST /xingrg/kc/buy/cgsh_list_operate.html HTTP/1.1" 200 2262
116.230.112.23 - - [03/Mar/2024:09:01:36 +0800] "GET /xingrg/all/function/internal_message.html?_=1709427722667&CODE_STATE=getMsg HTTP/1.1" 200 27
116.238.97.31 - - [03/Mar/2024:09:01:36 +0800] "GET /xingrg/all/function/internal_message.html?_=1709427697596&CODE_STATE=getMsg HTTP/1.1" 200 27
124.78.158.238 - - [03/Mar/2024:09:01:39 +0800] "GET /xingrg/kc/buy/cgsh_order_operate.html?command=get_materiel&rest_code=00106&code=00101008283&supplier_code=00100008&order_time=2024-03-03 HTTP/1.1" 200 408
116.238.97.31 - - [03/Mar/2024:09:01:39 +0800] "POST /xingrg/kc/buy/cgsh_list_operate.html HTTP/1.1" 200 566
116.224.254.208 - - [03/Mar/2024:09:01:42 +0800] "GET /xingrg/kc/buy/cgsh_order_operate.html?command=get_materiel&rest_code=00150&code=00101008338&supplier_code=00100008&order_time=2024-03-03 HTTP/1.1" 200 408
124.78.158.238 - - [03/Mar/2024:09:01:44 +0800] "GET /xingrg/all/function/internal_message.html?_=1709427705229&CODE_STATE=getMsg HTTP/1.1" 200 27
116.224.254.208 - - [03/Mar/2024:09:01:45 +0800] "POST /xingrg/kc/buy/cgsh_order_operate.html HTTP/1.1" 200 2065
116.238.97.31 - - [03/Mar/2024:09:01:46 +0800] "GET /xingrg/kc/buy/cgsh_order_info.html?code=212024030300617 HTTP/1.1" 200 73616
116.238.97.31 - - [03/Mar/2024:09:01:46 +0800] "GET /xingrg/javascript/easyui/themes/default/validatebox.css HTTP/1.1" 404 1104
116.238.97.31 - - [03/Mar/2024:09:01:47 +0800] "POST /xingrg/kc/buy/cgsh_order_operate.html HTTP/1.1" 200 16300
124.78.67.200 - - [03/Mar/2024:09:01:48 +0800] "GET /xingrg/all/function/internal_message.html?_=1709427708654&CODE_STATE=getMsg HTTP/1.1" 200 27
101.83.145.37 - - [03/Mar/2024:09:01:50 +0800] "GET /xingrg/all/function/internal_message.html?_=1709427711317&CODE_STATE=getMsg HTTP/1.1" 200 27
101.83.145.37 - - [03/Mar/2024:09:01:50 +0800] "GET /xingrg/check_reg.html?_=1709427711318 HTTP/1.1" 200 22
116.224.254.208 - - [03/Mar/2024:09:01:52 +0800] "GET /xingrg/kc/buy/cgsh_order_operate.html?command=get_materiel&rest_code=00150&code=00101008331&supplier_code=00100008&order_time=2024-03-03 HTTP/1.1" 200 416
124.78.158.238 - - [03/Mar/2024:09:01:54 +0800] "GET /xingrg/kc/buy/cgsh_order_operate.html?command=get_materiel&rest_code=00106&code=00101008264&supplier_code=00100008&order_time=2024-03-03 HTTP/1.1" 200 412
116.238.97.31 - - [03/Mar/2024:09:02:03 +0800] "POST /xingrg/kc/buy/cgsh_order_operate.html HTTP/1.1" 200 37
124.78.67.200 - - [03/Mar/2024:09:02:07 +0800] "GET /xingrg/check_reg.html?_=1709427727348 HTTP/1.1" 200 22
222.69.134.231 - - [03/Mar/2024:09:02:07 +0800] "GET /xingrg/all/function/internal_message.html?_=1709427727873&CODE_STATE=getMsg HTTP/1.1" 200 27
116.224.254.208 - - [03/Mar/2024:09:02:08 +0800] "GET /xingrg/kc/buy/cgsh_order_operate.html?command=get_materiel&rest_code=00150&code=00101008371&supplier_code=00100008&order_time=2024-03-03 HTTP/1.1" 200 412
124.78.158.238 - - [03/Mar/2024:09:02:08 +0800] "GET /xingrg/kc/buy/cgsh_order_operate.html?command=get_materiel&rest_code=00106&code=00101008353&supplier_code=00100008&order_time=2024-03-03 HTTP/1.1" 200 408
116.238.97.31 - - [03/Mar/2024:09:02:13 +0800] "POST /xingrg/kc/buy/cgsh_order_operate.html HTTP/1.1" 200 12
116.224.254.208 - - [03/Mar/2024:09:02:16 +0800] "GET /xingrg/all/function/internal_message.html?_=1709427736090&CODE_STATE=getMsg HTTP/1.1" 200 27
116.238.97.31 - - [03/Mar/2024:09:02:16 +0800] "GET /xingrg/kc/buy/cgsh_order_info.html?code=212024030300617 HTTP/1.1" 200 68514
116.238.97.31 - - [03/Mar/2024:09:02:17 +0800] "GET /xingrg/javascript/easyui/themes/default/validatebox.css HTTP/1.1" 404 1104
116.224.254.208 - - [03/Mar/2024:09:02:17 +0800] "GET /xingrg/kc/buy/cgsh_order_operate.html?command=get_materiel&rest_code=00150&code=00101008244&supplier_code=00100008&order_time=2024-03-03 HTTP/1.1" 200 408
116.238.97.31 - - [03/Mar/2024:09:02:18 +0800] "POST /xingrg/kc/buy/cgsh_order_operate.html HTTP/1.1" 200 14245
116.238.97.31 - - [03/Mar/2024:09:02:22 +0800] "POST /xingrg/kc/buy/cgsh_list_operate.html HTTP/1.1" 200 1849
116.238.97.31 - - [03/Mar/2024:09:02:25 +0800] "POST /xingrg/kc/buy/cgsh_list_operate.html HTTP/1.1" 200 570
116.224.254.208 - - [03/Mar/2024:09:02:25 +0800] "GET /xingrg/kc/buy/cgsh_order_operate.html?command=get_materiel&rest_code=00150&code=00101008005&supplier_code=00100008&order_time=2024-03-03 HTTP/1.1" 200 412
124.78.158.238 - - [03/Mar/2024:09:02:25 +0800] "GET /xingrg/kc/buy/cgsh_order_operate.html?command=get_materiel&rest_code=00106&code=00101008126&supplier_code=00100008&order_time=2024-03-03 HTTP/1.1" 200 412
116.238.97.31 - - [03/Mar/2024:09:02:27 +0800] "GET /xingrg/kc/buy/cgsh_order_info.html?code=212024030300618 HTTP/1.1" 200 73616
116.238.97.31 - - [03/Mar/2024:09:02:27 +0800] "GET /xingrg/javascript/easyui/themes/default/validatebox.css HTTP/1.1" 404 1104
116.238.97.31 - - [03/Mar/2024:09:02:27 +0800] "GET /xingrg/all/function/internal_message.html?_=1709427747645&CODE_STATE=getMsg HTTP/1.1" 200 27
116.238.97.31 - - [03/Mar/2024:09:02:28 +0800] "POST /xingrg/kc/buy/cgsh_order_operate.html HTTP/1.1" 200 14468
116.224.254.208 - - [03/Mar/2024:09:02:33 +0800] "GET /xingrg/kc/buy/cgsh_order_operate.html?command=get_materiel&rest_code=00150&code=00101008370&supplier_code=00100008&order_time=2024-03-03 HTTP/1.1" 200 412
116.238.97.31 - - [03/Mar/2024:09:02:35 +0800] "POST /xingrg/kc/buy/cgsh_order_operate.html HTTP/1.1" 200 37
116.224.254.208 - - [03/Mar/2024:09:02:35 +0800] "POST /xingrg/kc/buy/cgsh_order_operate.html HTTP/1.1" 200 2065
116.230.112.23 - - [03/Mar/2024:09:02:36 +0800] "GET /xingrg/all/function/internal_message.html?_=1709427782673&CODE_STATE=getMsg HTTP/1.1" 200 27
116.238.97.31 - - [03/Mar/2024:09:02:36 +0800] "GET /xingrg/all/function/internal_message.html?_=1709427757579&CODE_STATE=getMsg HTTP/1.1" 200 27
116.224.254.208 - - [03/Mar/2024:09:02:41 +0800] "GET /xingrg/kc/buy/cgsh_order_operate.html?command=get_materiel&rest_code=00150&code=00101008372&supplier_code=00100008&order_time=2024-03-03 HTTP/1.1" 200 408
116.238.97.31 - - [03/Mar/2024:09:02:44 +0800] "POST /xingrg/kc/buy/cgsh_order_operate.html HTTP/1.1" 200 12
124.78.158.238 - - [03/Mar/2024:09:02:44 +0800] "GET /xingrg/check_reg.html?_=1709427765225 HTTP/1.1" 200 22
124.78.158.238 - - [03/Mar/2024:09:02:44 +0800] "GET /xingrg/all/function/internal_message.html?_=1709427765226&CODE_STATE=getMsg HTTP/1.1" 200 27
116.238.97.31 - - [03/Mar/2024:09:02:46 +0800] "GET /xingrg/kc/buy/cgsh_order_info.html?code=212024030300618 HTTP/1.1" 200 68514
116.238.97.31 - - [03/Mar/2024:09:02:46 +0800] "GET /xingrg/javascript/easyui/themes/default/validatebox.css HTTP/1.1" 404 1104
116.238.97.31 - - [03/Mar/2024:09:02:47 +0800] "POST /xingrg/kc/buy/cgsh_order_operate.html HTTP/1.1" 200 12413
124.78.158.238 - - [03/Mar/2024:09:02:48 +0800] "GET /xingrg/kc/buy/cgsh_order_operate.html?command=get_materiel&rest_code=00106&code=00101008355&supplier_code=00100008&order_time=2024-03-03 HTTP/1.1" 200 408
124.78.67.200 - - [03/Mar/2024:09:02:48 +0800] "GET /xingrg/all/function/internal_message.html?_=1709427768638&CODE_STATE=getMsg HTTP/1.1" 200 27
116.224.254.208 - - [03/Mar/2024:09:02:49 +0800] "GET /xingrg/kc/buy/cgsh_order_operate.html?command=get_materiel&rest_code=00150&code=00101008061&supplier_code=00100008&order_time=2024-03-03 HTTP/1.1" 200 422
101.83.145.37 - - [03/Mar/2024:09:02:50 +0800] "GET /xingrg/all/function/internal_message.html?_=1709427771317&CODE_STATE=getMsg HTTP/1.1" 200 27
116.238.97.31 - - [03/Mar/2024:09:02:51 +0800] "POST /xingrg/kc/buy/cgsh_list_operate.html HTTP/1.1" 200 986
116.224.254.208 - - [03/Mar/2024:09:02:57 +0800] "GET /xingrg/kc/buy/cgsh_order_operate.html?command=get_materiel&rest_code=00150&code=00101008519&supplier_code=00100008&order_time=2024-03-03 HTTP/1.1" 200 408
222.69.134.231 - - [03/Mar/2024:09:03:07 +0800] "GET /xingrg/all/function/internal_message.html?_=1709427787864&CODE_STATE=getMsg HTTP/1.1" 200 27
124.78.158.238 - - [03/Mar/2024:09:03:13 +0800] "GET /xingrg/kc/buy/cgsh_order_operate.html?command=get_materiel&rest_code=00106&code=00101008137&supplier_code=00100008&order_time=2024-03-03 HTTP/1.1" 200 408
116.224.254.208 - - [03/Mar/2024:09:03:16 +0800] "GET /xingrg/all/function/internal_message.html?_=1709427796091&CODE_STATE=getMsg HTTP/1.1" 200 27
116.238.97.31 - - [03/Mar/2024:09:03:27 +0800] "GET /xingrg/all/function/internal_message.html?_=1709427807634&CODE_STATE=getMsg HTTP/1.1" 200 27
124.78.158.238 - - [03/Mar/2024:09:03:33 +0800] "GET /xingrg/kc/buy/cgsh_order_operate.html?command=get_materiel&rest_code=00106&code=00101008213&supplier_code=00100008&order_time=2024-03-03 HTTP/1.1" 200 412
116.238.97.31 - - [03/Mar/2024:09:03:36 +0800] "GET /xingrg/all/function/internal_message.html?_=1709427817570&CODE_STATE=getMsg HTTP/1.1" 200 27
116.230.112.23 - - [03/Mar/2024:09:03:37 +0800] "GET /xingrg/all/function/internal_message.html?_=1709427843029&CODE_STATE=getMsg HTTP/1.1" 200 27
114.83.217.226 - - [03/Mar/2024:09:03:44 +0800] "GET /xingrg/login.html?sysBaseUrl=http%3A%2F%2F180.169.147.146%3A18081%2Fxingrg%2F&costTime=31×tamp=1615347190560 HTTP/1.1" 200 7641
124.78.158.238 - - [03/Mar/2024:09:03:44 +0800] "GET /xingrg/all/function/internal_message.html?_=1709427825224&CODE_STATE=getMsg HTTP/1.1" 200 27
114.83.217.226 - - [03/Mar/2024:09:03:45 +0800] "GET /favicon.ico HTTP/1.1" 404 -
114.83.217.226 - - [03/Mar/2024:09:03:48 +0800] "POST /xingrg/login.do HTTP/1.1" 302 -
114.83.217.226 - - [03/Mar/2024:09:03:48 +0800] "GET /xingrg/index.html?sysBaseUrl=http%3A%2F%2F180.169.147.146%3A18081%2Fxingrg%2F&costTime=809×tamp=1709427828003 HTTP/1.1" 200 17179
124.78.67.200 - - [03/Mar/2024:09:03:48 +0800] "GET /xingrg/all/function/internal_message.html?_=1709427828622&CODE_STATE=getMsg HTTP/1.1" 200 27
114.83.217.226 - - [03/Mar/2024:09:03:48 +0800] "GET /favicon.ico HTTP/1.1" 404 -
114.83.217.226 - - [03/Mar/2024:09:03:49 +0800] "POST /xingrg/all/common/load_tree.html?tree=area_rest_tree_json&manage=1 HTTP/1.1" 200 351
114.83.217.226 - - [03/Mar/2024:09:03:49 +0800] "GET /xingrg/all/function/internal_message.html?_=1709427829500&CODE_STATE=count HTTP/1.1" 200 11
114.83.217.226 - - [03/Mar/2024:09:03:49 +0800] "GET /xingrg/check_reg.html?_=1709427829502 HTTP/1.1" 200 22
114.83.217.226 - - [03/Mar/2024:09:03:49 +0800] "POST /xingrg/load_menu.html HTTP/1.1" 200 5138
116.230.112.23 - - [03/Mar/2024:09:03:50 +0800] "GET /xingrg/check_reg.html?_=1709427856352 HTTP/1.1" 200 22
101.83.145.37 - - [03/Mar/2024:09:03:50 +0800] "GET /xingrg/all/function/internal_message.html?_=1709427831315&CODE_STATE=getMsg HTTP/1.1" 200 27
124.78.158.238 - - [03/Mar/2024:09:03:53 +0800] "GET /xingrg/kc/buy/cgsh_order_operate.html?command=get_materiel&rest_code=00106&code=00101008155&supplier_code=00100008&order_time=2024-03-03 HTTP/1.1" 200 408
222.69.134.231 - - [03/Mar/2024:09:04:07 +0800] "GET /xingrg/all/function/internal_message.html?_=1709427847839&CODE_STATE=getMsg HTTP/1.1" 200 27
