116.224.254.208 - - [02/Mar/2024:11:31:17 +0800] "GET /xingrg/javascript/jquery.utils.js HTTP/1.1" 304 -
116.224.254.208 - - [02/Mar/2024:11:31:17 +0800] "GET /xingrg/javascript/jquery.timers.js HTTP/1.1" 304 -
116.224.254.208 - - [02/Mar/2024:11:31:17 +0800] "GET /xingrg/images/blue/jxLogo.png HTTP/1.1" 304 -
116.224.254.208 - - [02/Mar/2024:11:31:17 +0800] "GET /xingrg/images/blue/navBackgound.jpg HTTP/1.1" 304 -
116.224.254.208 - - [02/Mar/2024:11:31:17 +0800] "GET /xingrg/javascript/jquery_easy_ui/themes/icons/settle_new.png HTTP/1.1" 304 -
116.224.254.208 - - [02/Mar/2024:11:31:18 +0800] "GET /xingrg/all/function/internal_message.html?_=1709350277878&CODE_STATE=count HTTP/1.1" 200 11
116.224.254.208 - - [02/Mar/2024:11:31:18 +0800] "GET /xingrg/check_reg.html?_=1709350277879 HTTP/1.1" 200 22
116.224.254.208 - - [02/Mar/2024:11:31:18 +0800] "GET /xingrg/javascript/jquery_easy_ui/themes/default/images/tabs_rightarrow.png HTTP/1.1" 304 -
116.224.254.208 - - [02/Mar/2024:11:31:18 +0800] "GET /xingrg/javascript/jquery_easy_ui/themes/default/images/tabs_leftarrow.png HTTP/1.1" 304 -
116.224.254.208 - - [02/Mar/2024:11:31:18 +0800] "GET /xingrg/javascript/jquery_easy_ui/themes/default/images/panel_tool_collapse.gif HTTP/1.1" 304 -
116.224.254.208 - - [02/Mar/2024:11:31:18 +0800] "GET /xingrg/javascript/jquery_easy_ui/themes/default/images/tabs_active.png HTTP/1.1" 304 -
116.224.254.208 - - [02/Mar/2024:11:31:18 +0800] "GET /xingrg/images/blue/pingpu.png HTTP/1.1" 304 -
116.224.254.208 - - [02/Mar/2024:11:31:18 +0800] "POST /xingrg/all/common/load_tree.html?tree=area_rest_tree_json&manage=1 HTTP/1.1" 200 476
116.224.254.208 - - [02/Mar/2024:11:31:18 +0800] "POST /xingrg/load_menu.html HTTP/1.1" 200 5138
116.224.254.208 - - [02/Mar/2024:11:31:20 +0800] "GET /xingrg/kc/buy/cgsh_order_list.html HTTP/1.1" 200 57801
221.239.172.101 - - [02/Mar/2024:11:31:21 +0800] "GET /xingrg/all/function/internal_message.html?_=1709350279831&CODE_STATE=getMsg HTTP/1.1" 200 27
120.253.135.82 - - [02/Mar/2024:11:31:21 +0800] "GET /xingrg/check_reg.html?_=1709350117224 HTTP/1.1" 200 22
221.239.172.101 - - [02/Mar/2024:11:31:21 +0800] "POST /xingrg/dwr/call/plaincall/AjaxCheckService.checkOrder.dwr HTTP/1.1" 200 80
116.224.254.208 - - [02/Mar/2024:11:31:23 +0800] "POST /xingrg/kc/buy/cgsh_list_operate.html HTTP/1.1" 200 986
101.83.145.37 - - [02/Mar/2024:11:31:24 +0800] "GET /xingrg/all/function/internal_message.html?_=1709350283581&CODE_STATE=getMsg HTTP/1.1" 302 -
116.224.254.208 - - [02/Mar/2024:11:31:25 +0800] "GET /xingrg/kc/buy/cgsh_order_add.html HTTP/1.1" 200 73182
116.224.254.208 - - [02/Mar/2024:11:31:26 +0800] "POST /xingrg/kc/buy/cgsh_order_operate.html HTTP/1.1" 200 8245
116.224.254.208 - - [02/Mar/2024:11:31:26 +0800] "GET /xingrg/javascript/easyui/themes/default/validatebox.css HTTP/1.1" 404 1104
116.224.254.208 - - [02/Mar/2024:11:31:26 +0800] "GET /xingrg/all/common/auto_word.html?type=employee&rest_code=00151 HTTP/1.1" 200 293
116.224.254.208 - - [02/Mar/2024:11:31:26 +0800] "GET /xingrg/all/common/auto_word.html?type=employee&rest_code=00151 HTTP/1.1" 200 293
116.224.254.208 - - [02/Mar/2024:11:31:28 +0800] "GET /xingrg/javascript/auto/indicator.gif HTTP/1.1" 404 1066
124.78.153.49 - - [02/Mar/2024:11:31:29 +0800] "GET /xingrg/kc/base/wldb_order_operate.html?command=get_materiel&rest_code=00106&base_code=0010396&code=00101019258 HTTP/1.1" 200 483
124.78.153.49 - - [02/Mar/2024:11:31:30 +0800] "GET /xingrg/all/function/internal_message.html?_=1709350288876&CODE_STATE=getMsg HTTP/1.1" 200 27
124.78.67.200 - - [02/Mar/2024:11:31:35 +0800] "GET /xingrg/kc/buy/cgsh_order_operate.html?command=get_materiel&rest_code=00141&code=00101005036&supplier_code=00100096&order_time=2024-03-02 HTTP/1.1" 200 409
120.253.135.82 - - [02/Mar/2024:11:31:36 +0800] "GET /xingrg/kc/pszx/mdps_order_info.html?code=312024030200041 HTTP/1.1" 200 23978
120.253.135.82 - - [02/Mar/2024:11:31:36 +0800] "GET /xingrg/javascript/easyui/themes/default/validatebox.css HTTP/1.1" 404 1104
120.253.135.82 - - [02/Mar/2024:11:31:37 +0800] "POST /xingrg/kc/pszx/mdps_order_operate.html HTTP/1.1" 200 3299
116.224.254.208 - - [02/Mar/2024:11:31:37 +0800] "GET /xingrg/kc/buy/cgsh_order_operate.html?command=get_materiel&rest_code=00151&code=00101010079&supplier_code=00100336&order_time=2024-03-02 HTTP/1.1" 200 413
180.169.147.146 - - [02/Mar/2024:11:31:38 +0800] "GET /xingrg/all/function/internal_message.html?_=1709350294949&CODE_STATE=getMsg HTTP/1.1" 200 27
180.169.147.146 - - [02/Mar/2024:11:31:38 +0800] "GET /xingrg/check_reg.html?_=1709350294950 HTTP/1.1" 200 22
221.239.172.101 - - [02/Mar/2024:11:31:39 +0800] "GET /xingrg/kc/base/check_order_info.html?code=452024030200032 HTTP/1.1" 200 22864
221.239.172.101 - - [02/Mar/2024:11:31:39 +0800] "GET /xingrg/dwr/interface/AjaxComOrderService.js HTTP/1.1" 200 18264
221.239.172.101 - - [02/Mar/2024:11:31:39 +0800] "GET /xingrg/dwr/interface/AjaxCheckService.js HTTP/1.1" 200 14003
221.239.172.101 - - [02/Mar/2024:11:31:39 +0800] "GET /xingrg/dwr/util.js HTTP/1.1" 304 -
221.239.172.101 - - [02/Mar/2024:11:31:39 +0800] "GET /xingrg/dwr/engine.js HTTP/1.1" 200 43631
116.232.194.112 - - [02/Mar/2024:11:31:39 +0800] "GET /xingrg/all/function/internal_message.html?_=1709350282161&CODE_STATE=getMsg HTTP/1.1" 200 27
221.239.172.101 - - [02/Mar/2024:11:31:40 +0800] "POST /xingrg/dwr/call/plaincall/AjaxCheckService.loadOrderItems.dwr HTTP/1.1" 200 31537
120.253.135.82 - - [02/Mar/2024:11:31:40 +0800] "POST /xingrg/kc/pszx/mdps_order_operate.html HTTP/1.1" 200 37
180.169.147.146 - - [02/Mar/2024:11:31:40 +0800] "GET /xingrg/kc/base/check_order_list.html HTTP/1.1" 200 16138
116.224.254.208 - - [02/Mar/2024:11:31:40 +0800] "GET /xingrg/all/function/internal_message.html?_=1709350300748&CODE_STATE=getMsg HTTP/1.1" 302 -
180.169.147.146 - - [02/Mar/2024:11:31:40 +0800] "POST /xingrg/kc/base/check_list_operate.html HTTP/1.1" 200 4793
120.253.135.82 - - [02/Mar/2024:11:31:41 +0800] "GET /xingrg/kc/pszx/mdps_order_info.html?code=312024030200041 HTTP/1.1" 200 23978
101.83.145.37 - - [02/Mar/2024:11:31:42 +0800] "GET /xingrg/all/function/internal_message.html?_=1709350066022&CODE_STATE=getMsg HTTP/1.1" 302 -
120.253.135.82 - - [02/Mar/2024:11:31:42 +0800] "GET /xingrg/javascript/easyui/themes/default/validatebox.css HTTP/1.1" 404 1104
120.253.135.82 - - [02/Mar/2024:11:31:42 +0800] "POST /xingrg/kc/pszx/mdps_order_operate.html HTTP/1.1" 200 3322
180.169.147.146 - - [02/Mar/2024:11:31:43 +0800] "GET /xingrg/check_reg.html?_=1709350303931 HTTP/1.1" 200 22
180.169.147.146 - - [02/Mar/2024:11:31:44 +0800] "GET /xingrg/all/function/internal_message.html?_=1709350303938&CODE_STATE=getMsg HTTP/1.1" 200 27
180.169.147.146 - - [02/Mar/2024:11:31:44 +0800] "POST /xingrg/kc/base/check_list_operate.html HTTP/1.1" 200 2441
222.70.115.1 - - [02/Mar/2024:11:31:44 +0800] "GET /xingrg/all/function/internal_message.html?_=1709350313577&CODE_STATE=getMsg HTTP/1.1" 302 -
222.70.115.1 - - [02/Mar/2024:11:31:44 +0800] "GET /xingrg/check_reg.html?_=1709350313577 HTTP/1.1" 302 -
222.70.115.1 - - [02/Mar/2024:11:31:44 +0800] "GET /xingrg/login.html HTTP/1.1" 200 7641
222.70.115.1 - - [02/Mar/2024:11:31:44 +0800] "GET /xingrg/login.html HTTP/1.1" 200 7641
120.253.135.82 - - [02/Mar/2024:11:31:44 +0800] "GET /xingrg/all/function/internal_message.html?_=1709350473182&CODE_STATE=getMsg HTTP/1.1" 302 -
120.253.135.82 - - [02/Mar/2024:11:31:44 +0800] "GET /xingrg/login.html HTTP/1.1" 200 7641
180.169.147.146 - - [02/Mar/2024:11:31:45 +0800] "GET /xingrg/kc/base/check_order_info.html?code=452024022900214 HTTP/1.1" 200 26444
180.169.147.146 - - [02/Mar/2024:11:31:45 +0800] "GET /xingrg/dwr/interface/AjaxCheckService.js HTTP/1.1" 200 14003
180.169.147.146 - - [02/Mar/2024:11:31:45 +0800] "GET /xingrg/dwr/interface/AjaxComOrderService.js HTTP/1.1" 200 18264
180.169.147.146 - - [02/Mar/2024:11:31:45 +0800] "GET /xingrg/dwr/engine.js HTTP/1.1" 200 43631
180.169.147.146 - - [02/Mar/2024:11:31:45 +0800] "GET /xingrg/dwr/util.js HTTP/1.1" 200 35990
180.169.147.146 - - [02/Mar/2024:11:31:45 +0800] "POST /xingrg/dwr/call/plaincall/AjaxCheckService.loadOrderItems.dwr HTTP/1.1" 200 9020
221.239.172.101 - - [02/Mar/2024:11:31:46 +0800] "GET /xingrg/kc/base/check_order_list.html?isBack=1 HTTP/1.1" 200 16138
221.239.172.101 - - [02/Mar/2024:11:31:46 +0800] "POST /xingrg/kc/base/check_list_operate.html HTTP/1.1" 200 781
218.81.65.124 - - [02/Mar/2024:11:31:47 +0800] "GET /xingrg/all/function/internal_message.html?_=1709350316845&CODE_STATE=getMsg HTTP/1.1" 200 27
116.224.254.208 - - [02/Mar/2024:11:31:47 +0800] "POST /xingrg/kc/buy/cgsh_order_operate.html HTTP/1.1" 200 37
221.239.172.101 - - [02/Mar/2024:11:31:49 +0800] "GET /xingrg/kc/base/check_order_add.html HTTP/1.1" 200 25608
221.239.172.101 - - [02/Mar/2024:11:31:49 +0800] "GET /xingrg/dwr/interface/AjaxCheckService.js HTTP/1.1" 200 14003
221.239.172.101 - - [02/Mar/2024:11:31:49 +0800] "GET /xingrg/dwr/interface/AjaxComOrderService.js HTTP/1.1" 200 18264
221.239.172.101 - - [02/Mar/2024:11:31:49 +0800] "GET /xingrg/dwr/engine.js HTTP/1.1" 200 43631
222.69.134.64 - - [02/Mar/2024:11:31:51 +0800] "GET /xingrg/all/function/internal_message.html?_=1709350312697&CODE_STATE=getMsg HTTP/1.1" 302 -
222.69.134.64 - - [02/Mar/2024:11:31:51 +0800] "GET /xingrg/check_reg.html?_=1709350312701 HTTP/1.1" 302 -
124.78.67.200 - - [02/Mar/2024:11:31:52 +0800] "GET /xingrg/kc/buy/cgsh_order_operate.html?command=get_materiel&rest_code=00141&code=00101005037&supplier_code=00100096&order_time=2024-03-02 HTTP/1.1" 200 409
116.224.254.208 - - [02/Mar/2024:11:31:55 +0800] "POST /xingrg/kc/buy/cgsh_order_operate.html HTTP/1.1" 200 12
120.253.135.82 - - [02/Mar/2024:11:31:55 +0800] "POST /xingrg/all/common/load_select.html HTTP/1.1" 200 25
120.253.135.82 - - [02/Mar/2024:11:31:56 +0800] "GET /xingrg/all/function/internal_message.html?_=1709350152556&CODE_STATE=getMsg HTTP/1.1" 200 27
116.230.114.14 - - [02/Mar/2024:11:31:57 +0800] "GET /xingrg/all/function/internal_message.html?_=1709350339679&CODE_STATE=getMsg HTTP/1.1" 302 -
116.224.254.208 - - [02/Mar/2024:11:31:58 +0800] "GET /xingrg/kc/buy/cgsh_order_info.html?code=212024030200395 HTTP/1.1" 200 68095
120.253.135.82 - - [02/Mar/2024:11:31:58 +0800] "GET /xingrg/kc/pszx/mdps_order_operate.html?command=get_materiel_price&pszx_code=00101&rest_code=00150&base_code=0010246&code=00101016020&unit_code=00100141&order_time=2024-03-04 HTTP/1.1" 200 34
116.224.254.208 - - [02/Mar/2024:11:31:58 +0800] "GET /xingrg/javascript/easyui/themes/default/validatebox.css HTTP/1.1" 404 1104
116.224.254.208 - - [02/Mar/2024:11:31:59 +0800] "POST /xingrg/kc/buy/cgsh_order_operate.html HTTP/1.1" 200 618
116.224.254.208 - - [02/Mar/2024:11:32:01 +0800] "GET /xingrg/kc/print/load_data.html?order_code=212024030200395&kc_code=cgsh&condition= HTTP/1.1" 200 744
180.169.147.146 - - [02/Mar/2024:11:32:02 +0800] "GET /xingrg/all/function/internal_message.html?_=1709350317524&CODE_STATE=getMsg HTTP/1.1" 200 27
221.239.172.101 - - [02/Mar/2024:11:32:03 +0800] "POST /xingrg/dwr/call/plaincall/AjaxCheckService.saveOrder.dwr HTTP/1.1" 200 78
221.239.172.101 - - [02/Mar/2024:11:32:04 +0800] "POST /xingrg/dwr/call/plaincall/AjaxCheckService.loadOrderItems.dwr HTTP/1.1" 200 367
124.78.67.200 - - [02/Mar/2024:11:32:05 +0800] "GET /xingrg/kc/buy/cgsh_order_operate.html?command=get_materiel&rest_code=00141&code=00101001069&supplier_code=00100096&order_time=2024-03-02 HTTP/1.1" 200 409
116.230.123.222 - - [02/Mar/2024:11:32:06 +0800] "GET /xingrg/all/function/internal_message.html?_=1709350323542&CODE_STATE=getMsg HTTP/1.1" 200 27
124.78.67.200 - - [02/Mar/2024:11:32:06 +0800] "GET /xingrg/all/function/internal_message.html?_=1709350322918&CODE_STATE=getMsg HTTP/1.1" 302 -
124.78.67.200 - - [02/Mar/2024:11:32:07 +0800] "GET /xingrg/check_reg.html?_=1709350327917 HTTP/1.1" 200 22
116.224.254.208 - - [02/Mar/2024:11:32:08 +0800] "GET /xingrg/kc/buy/cgsh_order_add.html HTTP/1.1" 200 73182
120.253.135.82 - - [02/Mar/2024:11:32:08 +0800] "POST /xingrg/kc/pszx/mdps_order_operate.html HTTP/1.1" 200 37
116.224.254.208 - - [02/Mar/2024:11:32:08 +0800] "POST /xingrg/kc/buy/cgsh_order_operate.html HTTP/1.1" 200 8245
116.224.254.208 - - [02/Mar/2024:11:32:08 +0800] "GET /xingrg/javascript/easyui/themes/default/validatebox.css HTTP/1.1" 404 1104
124.78.67.200 - - [02/Mar/2024:11:32:09 +0800] "GET /xingrg/all/function/internal_message.html?_=1709350329118&CODE_STATE=getMsg HTTP/1.1" 200 27
120.253.135.82 - - [02/Mar/2024:11:32:09 +0800] "GET /xingrg/kc/pszx/mdps_order_info.html?code=312024030200041 HTTP/1.1" 200 23978
101.83.145.37 - - [02/Mar/2024:11:32:09 +0800] "GET /xingrg/check_reg.html?_=1709350329479 HTTP/1.1" 302 -
180.171.62.200 - - [02/Mar/2024:11:32:10 +0800] "GET /xingrg/all/function/internal_message.html?_=1709350338326&CODE_STATE=getMsg HTTP/1.1" 302 -
120.253.135.82 - - [02/Mar/2024:11:32:10 +0800] "POST /xingrg/kc/pszx/mdps_order_operate.html HTTP/1.1" 200 3321
221.239.172.101 - - [02/Mar/2024:11:32:13 +0800] "POST /xingrg/dwr/call/plaincall/AjaxCheckService.importOrderItems.dwr HTTP/1.1" 200 78
120.253.135.82 - - [02/Mar/2024:11:32:13 +0800] "GET /xingrg/javascript/easyui/themes/default/validatebox.css HTTP/1.1" 404 1104
116.238.97.31 - - [02/Mar/2024:11:32:14 +0800] "GET /xingrg/all/function/internal_message.html?_=1709350334782&CODE_STATE=getMsg HTTP/1.1" 200 27
116.224.254.208 - - [02/Mar/2024:11:32:17 +0800] "GET /xingrg/kc/buy/cgsh_order_operate.html?command=get_materiel&rest_code=00151&code=00101002027&supplier_code=00100442&order_time=2024-03-02 HTTP/1.1" 200 413
116.224.254.208 - - [02/Mar/2024:11:32:18 +0800] "GET /xingrg/all/function/internal_message.html?_=1709350337881&CODE_STATE=getMsg HTTP/1.1" 200 27
120.253.135.82 - - [02/Mar/2024:11:32:18 +0800] "GET /xingrg/kc/pszx/mdps_order_info.html?code=312024030200041 HTTP/1.1" 200 23978
120.253.135.82 - - [02/Mar/2024:11:32:19 +0800] "GET /xingrg/javascript/easyui/themes/default/validatebox.css HTTP/1.1" 404 1104
120.253.135.82 - - [02/Mar/2024:11:32:19 +0800] "POST /xingrg/kc/pszx/mdps_order_operate.html HTTP/1.1" 200 3321
124.78.153.49 - - [02/Mar/2024:11:32:23 +0800] "GET /xingrg/kc/base/wldb_order_operate.html?command=get_materiel&rest_code=00106&base_code=0010396&code=00101019297 HTTP/1.1" 200 476
101.83.145.37 - - [02/Mar/2024:11:32:24 +0800] "GET /xingrg/all/function/internal_message.html?_=1709350343564&CODE_STATE=getMsg HTTP/1.1" 302 -
218.81.65.124 - - [02/Mar/2024:11:32:25 +0800] "GET /xingrg/kc/base/wldb_order_list.html HTTP/1.1" 200 19019
221.239.172.101 - - [02/Mar/2024:11:32:25 +0800] "GET /xingrg/check_reg.html?_=1709350344102 HTTP/1.1" 200 22
221.239.172.101 - - [02/Mar/2024:11:32:25 +0800] "GET /xingrg/all/function/internal_message.html?_=1709350344103&CODE_STATE=getMsg HTTP/1.1" 200 27
124.78.67.200 - - [02/Mar/2024:11:32:25 +0800] "GET /xingrg/kc/buy/cgsh_order_operate.html?command=get_materiel&rest_code=00141&code=00101004056&supplier_code=00100096&order_time=2024-03-02 HTTP/1.1" 200 418
218.81.65.124 - - [02/Mar/2024:11:32:25 +0800] "POST /xingrg/kc/base/wldb_list_operate.html HTTP/1.1" 200 928
221.239.172.101 - - [02/Mar/2024:11:32:26 +0800] "POST /xingrg/dwr/call/plaincall/AjaxCheckService.loadOrderItems.dwr HTTP/1.1" 200 138033
120.253.135.82 - - [02/Mar/2024:11:32:26 +0800] "POST /xingrg/kc/pszx/mdps_list_operate.html HTTP/1.1" 200 5332
218.81.65.124 - - [02/Mar/2024:11:32:28 +0800] "GET /xingrg/kc/buy/cgsh_order_list.html HTTP/1.1" 200 57803
120.253.135.82 - - [02/Mar/2024:11:32:28 +0800] "POST /xingrg/kc/pszx/mdps_list_operate.html HTTP/1.1" 200 201
116.224.254.208 - - [02/Mar/2024:11:32:29 +0800] "POST /xingrg/kc/buy/cgsh_order_operate.html HTTP/1.1" 200 37
124.78.153.49 - - [02/Mar/2024:11:32:30 +0800] "GET /xingrg/all/function/internal_message.html?_=1709350348852&CODE_STATE=getMsg HTTP/1.1" 200 27
218.81.65.124 - - [02/Mar/2024:11:32:31 +0800] "POST /xingrg/kc/buy/cgsh_list_operate.html HTTP/1.1" 200 986
120.253.135.82 - - [02/Mar/2024:11:32:34 +0800] "GET /xingrg/kc/pszx/mdps_order_info.html?code=312024030100026 HTTP/1.1" 200 23988
120.253.135.82 - - [02/Mar/2024:11:32:34 +0800] "GET /xingrg/javascript/easyui/themes/default/validatebox.css HTTP/1.1" 404 1104
116.224.254.208 - - [02/Mar/2024:11:32:36 +0800] "POST /xingrg/kc/buy/cgsh_order_operate.html HTTP/1.1" 200 12
120.253.135.82 - - [02/Mar/2024:11:32:36 +0800] "POST /xingrg/kc/pszx/mdps_order_operate.html HTTP/1.1" 200 2275
218.81.65.124 - - [02/Mar/2024:11:32:38 +0800] "GET /xingrg/kc/mdqp/pssh_order_list.html HTTP/1.1" 200 17807
180.169.147.146 - - [02/Mar/2024:11:32:38 +0800] "GET /xingrg/all/function/internal_message.html?_=1709350354950&CODE_STATE=getMsg HTTP/1.1" 200 27
116.224.254.208 - - [02/Mar/2024:11:32:39 +0800] "GET /xingrg/kc/buy/cgsh_order_info.html?code=212024030200396 HTTP/1.1" 200 68097
218.81.65.124 - - [02/Mar/2024:11:32:39 +0800] "POST /xingrg/kc/mdqp/pssh_list_operate.html HTTP/1.1" 200 5465
116.224.254.208 - - [02/Mar/2024:11:32:39 +0800] "GET /xingrg/javascript/easyui/themes/default/validatebox.css HTTP/1.1" 404 1104
116.232.194.112 - - [02/Mar/2024:11:32:39 +0800] "GET /xingrg/all/function/internal_message.html?_=1709350342152&CODE_STATE=getMsg HTTP/1.1" 200 27
116.232.194.112 - - [02/Mar/2024:11:32:39 +0800] "GET /xingrg/check_reg.html?_=1709350342154 HTTP/1.1" 200 22
180.169.147.146 - - [02/Mar/2024:11:32:40 +0800] "GET /xingrg/kc/base/check_order_list.html?isBack=1 HTTP/1.1" 200 16138
180.169.147.146 - - [02/Mar/2024:11:32:40 +0800] "POST /xingrg/kc/base/check_list_operate.html HTTP/1.1" 200 4793
218.81.65.124 - - [02/Mar/2024:11:32:40 +0800] "GET /xingrg/kc/base/check_order_list.html HTTP/1.1" 200 16138
116.224.254.208 - - [02/Mar/2024:11:32:40 +0800] "GET /xingrg/all/function/internal_message.html?_=1709350360740&CODE_STATE=getMsg HTTP/1.1" 302 -
116.224.254.208 - - [02/Mar/2024:11:32:40 +0800] "POST /xingrg/kc/buy/cgsh_order_operate.html HTTP/1.1" 200 616
124.78.153.49 - - [02/Mar/2024:11:32:40 +0800] "GET /xingrg/kc/base/wldb_order_operate.html?command=get_materiel&rest_code=00106&base_code=0010396&code=00101019066 HTTP/1.1" 200 455
218.81.65.124 - - [02/Mar/2024:11:32:40 +0800] "POST /xingrg/kc/base/check_list_operate.html HTTP/1.1" 200 2532
101.83.145.37 - - [02/Mar/2024:11:32:42 +0800] "GET /xingrg/all/function/internal_message.html?_=1709350126022&CODE_STATE=getMsg HTTP/1.1" 302 -
124.78.67.200 - - [02/Mar/2024:11:32:42 +0800] "GET /xingrg/kc/buy/cgsh_order_operate.html?command=get_materiel&rest_code=00141&code=00101012122&supplier_code=00100096&order_time=2024-03-02 HTTP/1.1" 200 417
116.224.254.208 - - [02/Mar/2024:11:32:43 +0800] "GET /xingrg/kc/print/load_data.html?order_code=212024030200396&kc_code=cgsh&condition= HTTP/1.1" 200 741
218.81.65.124 - - [02/Mar/2024:11:32:43 +0800] "GET /xingrg/kc/base/check_order_info.html?code=452024022900169 HTTP/1.1" 200 26467
218.81.65.124 - - [02/Mar/2024:11:32:43 +0800] "GET /xingrg/dwr/interface/AjaxComOrderService.js HTTP/1.1" 200 18264
218.81.65.124 - - [02/Mar/2024:11:32:43 +0800] "GET /xingrg/dwr/engine.js HTTP/1.1" 200 43631
218.81.65.124 - - [02/Mar/2024:11:32:43 +0800] "GET /xingrg/dwr/interface/AjaxCheckService.js HTTP/1.1" 200 14003
218.81.65.124 - - [02/Mar/2024:11:32:43 +0800] "POST /xingrg/dwr/call/plaincall/AjaxCheckService.loadOrderItems.dwr HTTP/1.1" 200 8265
180.169.147.146 - - [02/Mar/2024:11:32:43 +0800] "GET /xingrg/all/function/internal_message.html?_=1709350363936&CODE_STATE=getMsg HTTP/1.1" 200 27
120.253.135.82 - - [02/Mar/2024:11:32:44 +0800] "GET /xingrg/all/function/internal_message.html?_=1709350533187&CODE_STATE=getMsg HTTP/1.1" 302 -
120.253.135.82 - - [02/Mar/2024:11:32:44 +0800] "GET /xingrg/login.html HTTP/1.1" 200 7641
222.70.115.1 - - [02/Mar/2024:11:32:44 +0800] "GET /xingrg/all/function/internal_message.html?_=1709350373578&CODE_STATE=getMsg HTTP/1.1" 302 -
222.70.115.1 - - [02/Mar/2024:11:32:44 +0800] "GET /xingrg/login.html HTTP/1.1" 200 7641
218.81.65.124 - - [02/Mar/2024:11:32:47 +0800] "GET /xingrg/all/function/internal_message.html?_=1709350376844&CODE_STATE=getMsg HTTP/1.1" 200 27
218.81.65.124 - - [02/Mar/2024:11:32:49 +0800] "POST /xingrg/kc/report/common_data.html?type=materiel_category_tree HTTP/1.1" 200 4017
116.224.254.208 - - [02/Mar/2024:11:32:50 +0800] "GET /xingrg/kc/buy/cgsh_order_add.html HTTP/1.1" 200 73182
116.224.254.208 - - [02/Mar/2024:11:32:50 +0800] "POST /xingrg/kc/buy/cgsh_order_operate.html HTTP/1.1" 200 8245
116.224.254.208 - - [02/Mar/2024:11:32:50 +0800] "GET /xingrg/javascript/easyui/themes/default/validatebox.css HTTP/1.1" 404 1104
222.69.134.64 - - [02/Mar/2024:11:32:51 +0800] "GET /xingrg/all/function/internal_message.html?_=1709350372698&CODE_STATE=getMsg HTTP/1.1" 302 -
218.81.65.124 - - [02/Mar/2024:11:32:53 +0800] "POST /xingrg/dwr/call/plaincall/AjaxCheckService.importOrderItems.dwr HTTP/1.1" 200 78
218.81.65.124 - - [02/Mar/2024:11:32:54 +0800] "POST /xingrg/dwr/call/plaincall/AjaxCheckService.loadOrderItems.dwr HTTP/1.1" 200 7593
120.253.135.82 - - [02/Mar/2024:11:32:56 +0800] "GET /xingrg/all/function/internal_message.html?_=1709350212570&CODE_STATE=getMsg HTTP/1.1" 200 27
116.230.114.14 - - [02/Mar/2024:11:32:57 +0800] "GET /xingrg/all/function/internal_message.html?_=1709350399686&CODE_STATE=getMsg HTTP/1.1" 302 -
116.224.254.208 - - [02/Mar/2024:11:33:01 +0800] "GET /xingrg/kc/buy/cgsh_order_operate.html?command=get_materiel&rest_code=00151&code=00101012046&supplier_code=00100487&order_time=2024-03-02 HTTP/1.1" 200 417
218.81.65.124 - - [02/Mar/2024:11:33:02 +0800] "GET /xingrg/kc/base/check_order_list.html HTTP/1.1" 200 16138
180.169.147.146 - - [02/Mar/2024:11:33:02 +0800] "GET /xingrg/all/function/internal_message.html?_=1709350377550&CODE_STATE=getMsg HTTP/1.1" 200 27
218.81.65.124 - - [02/Mar/2024:11:33:02 +0800] "POST /xingrg/kc/base/check_list_operate.html HTTP/1.1" 200 2532
124.78.67.200 - - [02/Mar/2024:11:33:04 +0800] "GET /xingrg/kc/buy/cgsh_order_operate.html?command=get_materiel&rest_code=00141&code=00101012024&supplier_code=00100096&order_time=2024-03-02 HTTP/1.1" 200 409
116.230.123.222 - - [02/Mar/2024:11:33:06 +0800] "GET /xingrg/check_reg.html?_=1709350383549 HTTP/1.1" 200 22
116.230.123.222 - - [02/Mar/2024:11:33:06 +0800] "GET /xingrg/all/function/internal_message.html?_=1709350383545&CODE_STATE=getMsg HTTP/1.1" 200 27
124.78.67.200 - - [02/Mar/2024:11:33:06 +0800] "GET /xingrg/all/function/internal_message.html?_=1709350382916&CODE_STATE=getMsg HTTP/1.1" 302 -
124.78.67.200 - - [02/Mar/2024:11:33:09 +0800] "GET /xingrg/all/function/internal_message.html?_=1709350389103&CODE_STATE=getMsg HTTP/1.1" 200 27
180.171.62.200 - - [02/Mar/2024:11:33:10 +0800] "GET /xingrg/all/function/internal_message.html?_=1709350398326&CODE_STATE=getMsg HTTP/1.1" 302 -
116.224.254.208 - - [02/Mar/2024:11:33:12 +0800] "POST /xingrg/kc/buy/cgsh_order_operate.html HTTP/1.1" 200 37
116.238.97.31 - - [02/Mar/2024:11:33:14 +0800] "GET /xingrg/all/function/internal_message.html?_=1709350394765&CODE_STATE=getMsg HTTP/1.1" 200 27
116.224.254.208 - - [02/Mar/2024:11:33:18 +0800] "GET /xingrg/all/function/internal_message.html?_=1709350397895&CODE_STATE=getMsg HTTP/1.1" 200 27
116.224.254.208 - - [02/Mar/2024:11:33:20 +0800] "POST /xingrg/kc/buy/cgsh_order_operate.html HTTP/1.1" 200 12
116.224.254.208 - - [02/Mar/2024:11:33:22 +0800] "GET /xingrg/kc/buy/cgsh_order_info.html?code=212024030200397 HTTP/1.1" 200 68105
116.224.254.208 - - [02/Mar/2024:11:33:23 +0800] "GET /xingrg/javascript/easyui/themes/default/validatebox.css HTTP/1.1" 404 1104
101.83.145.37 - - [02/Mar/2024:11:33:24 +0800] "GET /xingrg/all/function/internal_message.html?_=1709350403542&CODE_STATE=getMsg HTTP/1.1" 302 -
116.224.254.208 - - [02/Mar/2024:11:33:24 +0800] "POST /xingrg/kc/buy/cgsh_order_operate.html HTTP/1.1" 200 619
221.239.172.101 - - [02/Mar/2024:11:33:25 +0800] "GET /xingrg/all/function/internal_message.html?_=1709350404075&CODE_STATE=getMsg HTTP/1.1" 200 27
116.224.254.208 - - [02/Mar/2024:11:33:26 +0800] "GET /xingrg/kc/print/load_data.html?order_code=212024030200397&kc_code=cgsh&condition= HTTP/1.1" 200 743
124.78.153.49 - - [02/Mar/2024:11:33:30 +0800] "GET /xingrg/all/function/internal_message.html?_=1709350408833&CODE_STATE=getMsg HTTP/1.1" 200 27
116.224.254.208 - - [02/Mar/2024:11:33:33 +0800] "GET /xingrg/kc/buy/cgsh_order_add.html HTTP/1.1" 200 73182
116.224.254.208 - - [02/Mar/2024:11:33:33 +0800] "POST /xingrg/kc/buy/cgsh_order_operate.html HTTP/1.1" 200 8245
116.224.254.208 - - [02/Mar/2024:11:33:33 +0800] "GET /xingrg/javascript/easyui/themes/default/validatebox.css HTTP/1.1" 404 1104
124.78.67.200 - - [02/Mar/2024:11:33:34 +0800] "GET /xingrg/kc/buy/cgsh_order_operate.html?command=get_materiel&rest_code=00141&code=00101006180&supplier_code=00100096&order_time=2024-03-02 HTTP/1.1" 200 423
180.169.147.146 - - [02/Mar/2024:11:33:38 +0800] "GET /xingrg/all/function/internal_message.html?_=1709350414953&CODE_STATE=getMsg HTTP/1.1" 200 27
116.232.194.112 - - [02/Mar/2024:11:33:39 +0800] "GET /xingrg/all/function/internal_message.html?_=1709350402174&CODE_STATE=getMsg HTTP/1.1" 200 27
116.238.97.31 - - [02/Mar/2024:11:33:40 +0800] "GET /xingrg/kc/base/wldb_order_list.html HTTP/1.1" 200 19013
116.224.254.208 - - [02/Mar/2024:11:33:40 +0800] "GET /xingrg/all/function/internal_message.html?_=1709350420742&CODE_STATE=getMsg HTTP/1.1" 302 -
116.224.254.208 - - [02/Mar/2024:11:33:40 +0800] "GET /xingrg/check_reg.html?_=1709350420746 HTTP/1.1" 302 -
116.238.97.31 - - [02/Mar/2024:11:33:40 +0800] "POST /xingrg/kc/base/wldb_list_operate.html HTTP/1.1" 200 928
116.238.97.31 - - [02/Mar/2024:11:33:41 +0800] "GET /xingrg/kc/base/wldb_order_add.html HTTP/1.1" 200 30340
116.238.97.31 - - [02/Mar/2024:11:33:41 +0800] "POST /xingrg/kc/base/wldb_order_operate.html HTTP/1.1" 200 6806
116.238.97.31 - - [02/Mar/2024:11:33:41 +0800] "GET /xingrg/javascript/easyui/themes/default/validatebox.css HTTP/1.1" 404 1104
101.83.145.37 - - [02/Mar/2024:11:33:42 +0800] "GET /xingrg/all/function/internal_message.html?_=1709350186023&CODE_STATE=getMsg HTTP/1.1" 302 -
116.238.97.31 - - [02/Mar/2024:11:33:42 +0800] "POST /xingrg/all/common/load_combo.html?type=base HTTP/1.1" 200 3321
116.224.254.208 - - [02/Mar/2024:11:33:42 +0800] "GET /xingrg/kc/buy/cgsh_order_operate.html?command=get_materiel&rest_code=00151&code=00101010036&supplier_code=00100325&order_time=2024-03-02 HTTP/1.1" 200 415
180.169.147.146 - - [02/Mar/2024:11:33:43 +0800] "GET /xingrg/all/function/internal_message.html?_=1709350423928&CODE_STATE=getMsg HTTP/1.1" 200 27
120.253.135.82 - - [02/Mar/2024:11:33:44 +0800] "GET /xingrg/all/function/internal_message.html?_=1709350593191&CODE_STATE=getMsg HTTP/1.1" 302 -
120.253.135.82 - - [02/Mar/2024:11:33:44 +0800] "GET /xingrg/check_reg.html?_=1709350593194 HTTP/1.1" 302 -
222.70.115.1 - - [02/Mar/2024:11:33:44 +0800] "GET /xingrg/all/function/internal_message.html?_=1709350433580&CODE_STATE=getMsg HTTP/1.1" 302 -
120.253.135.82 - - [02/Mar/2024:11:33:44 +0800] "GET /xingrg/login.html HTTP/1.1" 200 7641
222.70.115.1 - - [02/Mar/2024:11:33:44 +0800] "GET /xingrg/login.html HTTP/1.1" 200 7641
120.253.135.82 - - [02/Mar/2024:11:33:44 +0800] "GET /xingrg/login.html HTTP/1.1" 200 7641
116.238.97.31 - - [02/Mar/2024:11:33:46 +0800] "GET /xingrg/javascript/auto/indicator.gif HTTP/1.1" 404 1066
218.81.65.124 - - [02/Mar/2024:11:33:47 +0800] "GET /xingrg/all/function/internal_message.html?_=1709350436851&CODE_STATE=getMsg HTTP/1.1" 200 27
116.238.97.31 - - [02/Mar/2024:11:33:49 +0800] "GET /xingrg/kc/base/wldb_order_operate.html?command=get_materiel&rest_code=00102&base_code=0010476&code=00101019247 HTTP/1.1" 200 455
124.78.67.200 - - [02/Mar/2024:11:33:50 +0800] "GET /xingrg/kc/buy/cgsh_order_operate.html?command=get_materiel&rest_code=00141&code=00101006177&supplier_code=00100096&order_time=2024-03-02 HTTP/1.1" 200 408
222.69.134.64 - - [02/Mar/2024:11:33:51 +0800] "GET /xingrg/all/function/internal_message.html?_=1709350432704&CODE_STATE=getMsg HTTP/1.1" 302 -
120.253.135.82 - - [02/Mar/2024:11:33:56 +0800] "GET /xingrg/all/function/internal_message.html?_=1709350272582&CODE_STATE=getMsg HTTP/1.1" 200 27
116.230.114.14 - - [02/Mar/2024:11:33:57 +0800] "GET /xingrg/all/function/internal_message.html?_=1709350460125&CODE_STATE=getMsg HTTP/1.1" 302 -
124.78.153.49 - - [02/Mar/2024:11:33:58 +0800] "POST /xingrg/kc/base/wldb_order_operate.html HTTP/1.1" 200 37
124.78.153.49 - - [02/Mar/2024:11:33:58 +0800] "POST /xingrg/kc/base/wldb_order_operate.html HTTP/1.1" 200 4734
124.78.153.49 - - [02/Mar/2024:11:33:59 +0800] "GET /xingrg/kc/base/wldb_order_info.html?code=422024030200125 HTTP/1.1" 200 30359
124.78.153.49 - - [02/Mar/2024:11:33:59 +0800] "GET /xingrg/javascript/easyui/themes/default/validatebox.css HTTP/1.1" 404 1104
124.78.153.49 - - [02/Mar/2024:11:34:00 +0800] "POST /xingrg/kc/base/wldb_order_operate.html HTTP/1.1" 200 4734
116.224.254.208 - - [02/Mar/2024:11:34:01 +0800] "GET /xingrg/kc/buy/cgsh_order_operate.html?command=get_materiel&rest_code=00151&code=00101020399&supplier_code=00100325&order_time=2024-03-02 HTTP/1.1" 200 422
180.169.147.146 - - [02/Mar/2024:11:34:02 +0800] "GET /xingrg/all/function/internal_message.html?_=1709350437550&CODE_STATE=getMsg HTTP/1.1" 200 27
124.78.67.200 - - [02/Mar/2024:11:34:03 +0800] "GET /xingrg/kc/buy/cgsh_order_operate.html?command=get_materiel&rest_code=00141&code=00101006112&supplier_code=00100096&order_time=2024-03-02 HTTP/1.1" 200 409
124.78.153.49 - - [02/Mar/2024:11:34:05 +0800] "GET /xingrg/kc/base/wldb_order_add.html HTTP/1.1" 200 30344
124.78.153.49 - - [02/Mar/2024:11:34:05 +0800] "GET /xingrg/javascript/easyui/themes/default/validatebox.css HTTP/1.1" 404 1104
124.78.153.49 - - [02/Mar/2024:11:34:05 +0800] "POST /xingrg/kc/base/wldb_order_operate.html HTTP/1.1" 200 6806
116.230.123.222 - - [02/Mar/2024:11:34:06 +0800] "GET /xingrg/all/function/internal_message.html?_=1709350443547&CODE_STATE=getMsg HTTP/1.1" 200 27
124.78.67.200 - - [02/Mar/2024:11:34:06 +0800] "GET /xingrg/check_reg.html?_=1709350442915 HTTP/1.1" 302 -
124.78.67.200 - - [02/Mar/2024:11:34:06 +0800] "GET /xingrg/all/function/internal_message.html?_=1709350442916&CODE_STATE=getMsg HTTP/1.1" 302 -
218.81.65.124 - - [02/Mar/2024:11:34:06 +0800] "POST /xingrg/kc/base/check_list_operate.html HTTP/1.1" 200 4
124.78.153.49 - - [02/Mar/2024:11:34:06 +0800] "POST /xingrg/all/common/load_combo.html?type=base HTTP/1.1" 200 3227
124.78.67.200 - - [02/Mar/2024:11:34:09 +0800] "GET /xingrg/all/function/internal_message.html?_=1709350449088&CODE_STATE=getMsg HTTP/1.1" 200 27
180.171.62.200 - - [02/Mar/2024:11:34:10 +0800] "GET /xingrg/all/function/internal_message.html?_=1709350458327&CODE_STATE=getMsg HTTP/1.1" 302 -
116.238.97.31 - - [02/Mar/2024:11:34:14 +0800] "GET /xingrg/all/function/internal_message.html?_=1709350454750&CODE_STATE=getMsg HTTP/1.1" 200 27
116.238.97.31 - - [02/Mar/2024:11:34:14 +0800] "GET /xingrg/check_reg.html?_=1709350455019 HTTP/1.1" 200 22
116.224.254.208 - - [02/Mar/2024:11:34:16 +0800] "POST /xingrg/kc/buy/cgsh_order_operate.html HTTP/1.1" 200 37
116.224.254.208 - - [02/Mar/2024:11:34:18 +0800] "GET /xingrg/all/function/internal_message.html?_=1709350457891&CODE_STATE=getMsg HTTP/1.1" 200 27
120.253.135.82 - - [02/Mar/2024:11:34:20 +0800] "POST /xingrg/kc/pszx/mdps_list_operate.html HTTP/1.1" 200 5332
218.81.65.124 - - [02/Mar/2024:11:34:20 +0800] "POST /xingrg/kc/base/check_list_operate.html HTTP/1.1" 200 781
120.253.135.82 - - [02/Mar/2024:11:34:22 +0800] "GET /xingrg/kc/pszx/mdqp_order_list.html?state=10 HTTP/1.1" 200 10319
120.253.135.82 - - [02/Mar/2024:11:34:22 +0800] "GET /xingrg/dwr/interface/AjaxQqpsService.js HTTP/1.1" 200 16326
120.253.135.82 - - [02/Mar/2024:11:34:22 +0800] "GET /xingrg/dwr/engine.js HTTP/1.1" 200 43631
120.253.135.82 - - [02/Mar/2024:11:34:22 +0800] "GET /xingrg/dwr/interface/AjaxReportQueryService.js HTTP/1.1" 200 13203
124.78.67.200 - - [02/Mar/2024:11:34:23 +0800] "GET /xingrg/kc/buy/cgsh_order_operate.html?command=get_materiel&rest_code=00141&code=00101006111&supplier_code=00100096&order_time=2024-03-02 HTTP/1.1" 200 409
218.81.65.124 - - [02/Mar/2024:11:34:23 +0800] "GET /xingrg/kc/base/check_order_list.html HTTP/1.1" 200 16138
116.224.254.208 - - [02/Mar/2024:11:34:23 +0800] "POST /xingrg/kc/buy/cgsh_order_operate.html HTTP/1.1" 200 12
101.83.145.37 - - [02/Mar/2024:11:34:23 +0800] "GET /xingrg/all/function/internal_message.html?_=1709350463512&CODE_STATE=getMsg HTTP/1.1" 302 -
218.81.65.124 - - [02/Mar/2024:11:34:24 +0800] "POST /xingrg/kc/base/check_list_operate.html HTTP/1.1" 200 781
218.81.65.124 - - [02/Mar/2024:11:34:25 +0800] "GET /xingrg/kc/base/wldb_order_list.html HTTP/1.1" 200 19019
221.239.172.101 - - [02/Mar/2024:11:34:25 +0800] "GET /xingrg/all/function/internal_message.html?_=1709350464062&CODE_STATE=getMsg HTTP/1.1" 200 27
120.253.135.82 - - [02/Mar/2024:11:34:26 +0800] "GET /xingrg/kc/pszx/mdps_order_list.html?orderType=0 HTTP/1.1" 200 20995
116.224.254.208 - - [02/Mar/2024:11:34:26 +0800] "GET /xingrg/kc/buy/cgsh_order_info.html?code=212024030200398 HTTP/1.1" 200 68099
218.81.65.124 - - [02/Mar/2024:11:34:26 +0800] "POST /xingrg/kc/base/wldb_list_operate.html HTTP/1.1" 200 928
116.224.254.208 - - [02/Mar/2024:11:34:26 +0800] "GET /xingrg/javascript/easyui/themes/default/validatebox.css HTTP/1.1" 404 1104
120.253.135.82 - - [02/Mar/2024:11:34:26 +0800] "POST /xingrg/kc/pszx/mdps_list_operate.html HTTP/1.1" 200 5332
218.81.65.124 - - [02/Mar/2024:11:34:27 +0800] "GET /xingrg/kc/mdqp/psth_order_list1.html HTTP/1.1" 200 17915
116.224.254.208 - - [02/Mar/2024:11:34:27 +0800] "POST /xingrg/kc/buy/cgsh_order_operate.html HTTP/1.1" 200 1217
218.81.65.124 - - [02/Mar/2024:11:34:28 +0800] "POST /xingrg/kc/mdqp/psth_list_operate.html HTTP/1.1" 200 749
120.253.135.82 - - [02/Mar/2024:11:34:29 +0800] "GET /xingrg/kc/pszx/mdqp_order_list.html?state=10 HTTP/1.1" 200 10319
120.253.135.82 - - [02/Mar/2024:11:34:29 +0800] "GET /xingrg/dwr/interface/AjaxReportQueryService.js HTTP/1.1" 200 13203
120.253.135.82 - - [02/Mar/2024:11:34:29 +0800] "GET /xingrg/dwr/interface/AjaxQqpsService.js HTTP/1.1" 200 16326
116.224.254.208 - - [02/Mar/2024:11:34:30 +0800] "GET /xingrg/kc/print/load_data.html?order_code=212024030200398&kc_code=cgsh&condition= HTTP/1.1" 200 978
120.253.135.82 - - [02/Mar/2024:11:34:30 +0800] "GET /xingrg/dwr/engine.js HTTP/1.1" 200 43631
124.78.153.49 - - [02/Mar/2024:11:34:30 +0800] "POST /xingrg/all/common/load_combo.html?type=base HTTP/1.1" 200 3227
124.78.153.49 - - [02/Mar/2024:11:34:30 +0800] "GET /xingrg/all/function/internal_message.html?_=1709350468820&CODE_STATE=getMsg HTTP/1.1" 200 27
124.78.153.49 - - [02/Mar/2024:11:34:30 +0800] "GET /xingrg/check_reg.html?_=1709350469068 HTTP/1.1" 200 22
116.238.97.31 - - [02/Mar/2024:11:34:30 +0800] "POST /xingrg/all/common/load_combo.html?type=base HTTP/1.1" 200 3321
218.81.65.124 - - [02/Mar/2024:11:34:31 +0800] "POST /xingrg/kc/mdqp/psth_list_operate.html HTTP/1.1" 200 5153
120.253.135.82 - - [02/Mar/2024:11:34:32 +0800] "GET /xingrg/kc/pszx/mdps_order_list.html?orderType=0 HTTP/1.1" 200 20995
120.253.135.82 - - [02/Mar/2024:11:34:33 +0800] "POST /xingrg/kc/pszx/mdps_list_operate.html HTTP/1.1" 200 5332
218.81.65.124 - - [02/Mar/2024:11:34:35 +0800] "POST /xingrg/kc/mdqp/psth_list_operate.html HTTP/1.1" 200 2570
116.224.254.208 - - [02/Mar/2024:11:34:36 +0800] "GET /xingrg/kc/buy/cgsh_order_add.html HTTP/1.1" 200 73182
116.224.254.208 - - [02/Mar/2024:11:34:36 +0800] "POST /xingrg/kc/buy/cgsh_order_operate.html HTTP/1.1" 200 8245
116.224.254.208 - - [02/Mar/2024:11:34:36 +0800] "GET /xingrg/javascript/easyui/themes/default/validatebox.css HTTP/1.1" 404 1104
180.169.147.146 - - [02/Mar/2024:11:34:38 +0800] "GET /xingrg/all/function/internal_message.html?_=1709350474962&CODE_STATE=getMsg HTTP/1.1" 200 27
116.232.194.112 - - [02/Mar/2024:11:34:39 +0800] "GET /xingrg/all/function/internal_message.html?_=1709350462159&CODE_STATE=getMsg HTTP/1.1" 200 27
116.224.254.208 - - [02/Mar/2024:11:34:40 +0800] "GET /xingrg/all/function/internal_message.html?_=1709350480731&CODE_STATE=getMsg HTTP/1.1" 302 -
218.81.65.124 - - [02/Mar/2024:11:34:40 +0800] "GET /xingrg/kc/base/wldb_order_list.html HTTP/1.1" 200 19019
218.81.65.124 - - [02/Mar/2024:11:34:41 +0800] "POST /xingrg/kc/base/wldb_list_operate.html HTTP/1.1" 200 928
101.83.145.37 - - [02/Mar/2024:11:34:42 +0800] "GET /xingrg/all/function/internal_message.html?_=1709350246049&CODE_STATE=getMsg HTTP/1.1" 302 -
101.83.145.37 - - [02/Mar/2024:11:34:42 +0800] "GET /xingrg/check_reg.html?_=1709350246052 HTTP/1.1" 302 -
116.238.97.31 - - [02/Mar/2024:11:34:43 +0800] "GET /xingrg/kc/base/wldb_order_operate.html?command=get_materiel&rest_code=00102&base_code=0010476&code=00101019079 HTTP/1.1" 200 479
180.169.147.146 - - [02/Mar/2024:11:34:44 +0800] "GET /xingrg/all/function/internal_message.html?_=1709350483936&CODE_STATE=getMsg HTTP/1.1" 200 27
120.253.135.82 - - [02/Mar/2024:11:34:44 +0800] "GET /xingrg/all/function/internal_message.html?_=1709350653196&CODE_STATE=getMsg HTTP/1.1" 302 -
222.70.115.1 - - [02/Mar/2024:11:34:44 +0800] "GET /xingrg/all/function/internal_message.html?_=1709350493583&CODE_STATE=getMsg HTTP/1.1" 302 -
120.253.135.82 - - [02/Mar/2024:11:34:44 +0800] "GET /xingrg/login.html HTTP/1.1" 200 7641
222.70.115.1 - - [02/Mar/2024:11:34:44 +0800] "GET /xingrg/login.html HTTP/1.1" 200 7641
120.253.135.82 - - [02/Mar/2024:11:34:47 +0800] "POST /xingrg/kc/pszx/mdps_list_operate.html HTTP/1.1" 200 2815
218.81.65.124 - - [02/Mar/2024:11:34:47 +0800] "GET /xingrg/all/function/internal_message.html?_=1709350496855&CODE_STATE=getMsg HTTP/1.1" 200 27
120.253.135.82 - - [02/Mar/2024:11:34:48 +0800] "POST /xingrg/kc/pszx/mdps_list_operate.html HTTP/1.1" 200 201
120.253.135.82 - - [02/Mar/2024:11:34:50 +0800] "POST /xingrg/kc/pszx/mdps_list_operate.html HTTP/1.1" 200 639
116.224.254.208 - - [02/Mar/2024:11:34:50 +0800] "GET /xingrg/kc/buy/cgsh_order_operate.html?command=get_materiel&rest_code=00151&code=00101016100&supplier_code=00100329&order_time=2024-03-02 HTTP/1.1" 200 412
124.78.67.200 - - [02/Mar/2024:11:34:50 +0800] "GET /xingrg/kc/buy/cgsh_order_operate.html?command=get_materiel&rest_code=00141&code=00101007081&supplier_code=00100096&order_time=2024-03-02 HTTP/1.1" 200 413
222.69.134.64 - - [02/Mar/2024:11:34:51 +0800] "GET /xingrg/all/function/internal_message.html?_=1709350492696&CODE_STATE=getMsg HTTP/1.1" 302 -
116.238.97.31 - - [02/Mar/2024:11:34:54 +0800] "GET /xingrg/kc/base/wldb_order_operate.html?command=get_materiel&rest_code=00102&base_code=0010476&code=00101019315 HTTP/1.1" 200 475
120.253.135.82 - - [02/Mar/2024:11:34:57 +0800] "GET /xingrg/all/function/internal_message.html?_=1709350332628&CODE_STATE=getMsg HTTP/1.1" 200 27
116.230.114.14 - - [02/Mar/2024:11:34:57 +0800] "GET /xingrg/all/function/internal_message.html?_=1709350520136&CODE_STATE=getMsg HTTP/1.1" 302 -
116.238.97.31 - - [02/Mar/2024:11:34:59 +0800] "GET /xingrg/kc/base/wldb_order_operate.html?command=get_materiel&rest_code=00102&base_code=0010476&code=00101019195 HTTP/1.1" 200 472
120.253.135.82 - - [02/Mar/2024:11:35:00 +0800] "POST /xingrg/kc/pszx/mdps_list_operate.html HTTP/1.1" 200 638
218.81.65.124 - - [02/Mar/2024:11:35:01 +0800] "GET /xingrg/kc/base/wldb_order_list.html HTTP/1.1" 200 19019
218.81.65.124 - - [02/Mar/2024:11:35:02 +0800] "POST /xingrg/kc/base/wldb_list_operate.html HTTP/1.1" 200 928
180.169.147.146 - - [02/Mar/2024:11:35:02 +0800] "GET /xingrg/all/function/internal_message.html?_=1709350497549&CODE_STATE=getMsg HTTP/1.1" 200 27
116.224.254.208 - - [02/Mar/2024:11:35:03 +0800] "GET /xingrg/kc/buy/cgsh_order_operate.html?command=get_materiel&rest_code=00151&code=00101020077&supplier_code=00100329&order_time=2024-03-02 HTTP/1.1" 200 413
218.81.65.124 - - [02/Mar/2024:11:35:03 +0800] "GET /xingrg/kc/mdqp/qqps_order_list.html HTTP/1.1" 200 9222
218.81.65.124 - - [02/Mar/2024:11:35:03 +0800] "GET /xingrg/dwr/interface/AjaxQqpsService.js HTTP/1.1" 200 16326
218.81.65.124 - - [02/Mar/2024:11:35:03 +0800] "GET /xingrg/dwr/engine.js HTTP/1.1" 200 43631
218.81.65.124 - - [02/Mar/2024:11:35:03 +0800] "GET /xingrg/dwr/interface/AjaxReportQueryService.js HTTP/1.1" 200 13203
218.81.65.124 - - [02/Mar/2024:11:35:04 +0800] "GET /xingrg/kc/mdqp/pssh_order_list.html HTTP/1.1" 200 17807
218.81.65.124 - - [02/Mar/2024:11:35:04 +0800] "POST /xingrg/kc/mdqp/pssh_list_operate.html HTTP/1.1" 200 5465
124.78.153.49 - - [02/Mar/2024:11:35:05 +0800] "GET /xingrg/kc/base/wldb_order_operate.html?command=get_materiel&rest_code=00106&base_code=0010396&code=00101013225 HTTP/1.1" 200 449
116.238.97.31 - - [02/Mar/2024:11:35:05 +0800] "GET /xingrg/kc/base/wldb_order_operate.html?command=get_materiel&rest_code=00102&base_code=0010476&code=00101016029 HTTP/1.1" 200 461
116.230.123.222 - - [02/Mar/2024:11:35:06 +0800] "GET /xingrg/all/function/internal_message.html?_=1709350503550&CODE_STATE=getMsg HTTP/1.1" 200 27
124.78.67.200 - - [02/Mar/2024:11:35:09 +0800] "GET /xingrg/all/function/internal_message.html?_=1709350509068&CODE_STATE=getMsg HTTP/1.1" 200 27
218.81.65.124 - - [02/Mar/2024:11:35:09 +0800] "GET /xingrg/kc/buy/cgth_order_list.html HTTP/1.1" 200 57199
180.171.62.200 - - [02/Mar/2024:11:35:10 +0800] "GET /xingrg/all/function/internal_message.html?_=1709350518313&CODE_STATE=getMsg HTTP/1.1" 302 -
218.81.65.124 - - [02/Mar/2024:11:35:10 +0800] "POST /xingrg/kc/buy/cgth_list_operate.html HTTP/1.1" 200 1035
120.253.135.82 - - [02/Mar/2024:11:35:11 +0800] "GET /xingrg/kc/pszx/mdps_order_info.html?code=312024030200035 HTTP/1.1" 200 23978
120.253.135.82 - - [02/Mar/2024:11:35:12 +0800] "GET /xingrg/javascript/easyui/themes/default/validatebox.css HTTP/1.1" 404 1104
120.253.135.82 - - [02/Mar/2024:11:35:12 +0800] "POST /xingrg/kc/pszx/mdps_order_operate.html HTTP/1.1" 200 9385
124.78.153.49 - - [02/Mar/2024:11:35:13 +0800] "POST /xingrg/kc/base/wldb_order_operate.html HTTP/1.1" 200 37
116.238.97.31 - - [02/Mar/2024:11:35:13 +0800] "GET /xingrg/kc/base/wldb_order_operate.html?command=get_materiel&rest_code=00102&base_code=0010476&code=00101019391 HTTP/1.1" 200 485
124.78.153.49 - - [02/Mar/2024:11:35:14 +0800] "POST /xingrg/kc/base/wldb_order_operate.html HTTP/1.1" 200 2192
116.238.97.31 - - [02/Mar/2024:11:35:14 +0800] "GET /xingrg/all/function/internal_message.html?_=1709350514761&CODE_STATE=getMsg HTTP/1.1" 200 27
124.78.153.49 - - [02/Mar/2024:11:35:14 +0800] "GET /xingrg/kc/base/wldb_order_info.html?code=422024030200126 HTTP/1.1" 200 30360
124.78.153.49 - - [02/Mar/2024:11:35:15 +0800] "GET /xingrg/javascript/easyui/themes/default/validatebox.css HTTP/1.1" 404 1104
124.78.153.49 - - [02/Mar/2024:11:35:15 +0800] "POST /xingrg/kc/base/wldb_order_operate.html HTTP/1.1" 200 2192
218.81.65.124 - - [02/Mar/2024:11:35:16 +0800] "GET /xingrg/kc/buy/cgth_order_add.html HTTP/1.1" 200 75562
218.81.65.124 - - [02/Mar/2024:11:35:16 +0800] "GET /xingrg/dwr/interface/AjaxComOrderService.js HTTP/1.1" 200 18264
218.81.65.124 - - [02/Mar/2024:11:35:16 +0800] "GET /xingrg/dwr/interface/AjaxCgthService.js HTTP/1.1" 200 14519
218.81.65.124 - - [02/Mar/2024:11:35:16 +0800] "GET /xingrg/dwr/engine.js HTTP/1.1" 200 43631
218.81.65.124 - - [02/Mar/2024:11:35:17 +0800] "POST /xingrg/all/common/load_tree.html?tree=supplier_tree_json&isDelete=1 HTTP/1.1" 200 78681
124.78.153.49 - - [02/Mar/2024:11:35:19 +0800] "GET /xingrg/kc/base/wldb_order_add.html HTTP/1.1" 200 30344
124.78.153.49 - - [02/Mar/2024:11:35:19 +0800] "GET /xingrg/javascript/easyui/themes/default/validatebox.css HTTP/1.1" 404 1104
124.78.153.49 - - [02/Mar/2024:11:35:19 +0800] "POST /xingrg/kc/base/wldb_order_operate.html HTTP/1.1" 200 6806
124.78.153.49 - - [02/Mar/2024:11:35:21 +0800] "POST /xingrg/all/common/load_combo.html?type=base HTTP/1.1" 200 3227
116.224.254.208 - - [02/Mar/2024:11:35:22 +0800] "POST /xingrg/kc/buy/cgsh_order_operate.html HTTP/1.1" 200 37
218.81.65.124 - - [02/Mar/2024:11:35:23 +0800] "GET /xingrg/javascript/auto/indicator.gif HTTP/1.1" 404 1066
101.83.145.37 - - [02/Mar/2024:11:35:23 +0800] "GET /xingrg/all/function/internal_message.html?_=1709350523488&CODE_STATE=getMsg HTTP/1.1" 302 -
124.78.153.49 - - [02/Mar/2024:11:35:25 +0800] "POST /xingrg/all/common/load_combo.html?type=base HTTP/1.1" 200 3227
221.239.172.101 - - [02/Mar/2024:11:35:25 +0800] "GET /xingrg/all/function/internal_message.html?_=1709350524046&CODE_STATE=getMsg HTTP/1.1" 200 27
120.253.135.82 - - [02/Mar/2024:11:35:26 +0800] "GET /xingrg/kc/pszx/mdps_order_operate.html?command=get_materiel&pszx_code=00101&rest_code=00147&base_code=0010250&code=00102002940 HTTP/1.1" 200 433
124.78.67.200 - - [02/Mar/2024:11:35:28 +0800] "GET /xingrg/login.html HTTP/1.1" 200 7641
124.78.67.200 - - [02/Mar/2024:11:35:29 +0800] "GET /favicon.ico HTTP/1.1" 404 -
116.224.254.208 - - [02/Mar/2024:11:35:29 +0800] "POST /xingrg/kc/buy/cgsh_order_operate.html HTTP/1.1" 200 12
124.78.153.49 - - [02/Mar/2024:11:35:30 +0800] "GET /xingrg/all/function/internal_message.html?_=1709350528795&CODE_STATE=getMsg HTTP/1.1" 200 27
116.230.114.14 - - [02/Mar/2024:11:35:31 +0800] "GET /xingrg/check_reg.html?_=1709350553866 HTTP/1.1" 302 -
116.224.254.208 - - [02/Mar/2024:11:35:32 +0800] "GET /xingrg/kc/buy/cgsh_order_info.html?code=212024030200399 HTTP/1.1" 200 68099
116.224.254.208 - - [02/Mar/2024:11:35:32 +0800] "GET /xingrg/javascript/easyui/themes/default/validatebox.css HTTP/1.1" 404 1104
116.224.254.208 - - [02/Mar/2024:11:35:33 +0800] "POST /xingrg/kc/buy/cgsh_order_operate.html HTTP/1.1" 200 1199
120.253.135.82 - - [02/Mar/2024:11:35:34 +0800] "POST /xingrg/all/common/load_select.html HTTP/1.1" 200 25
116.224.254.208 - - [02/Mar/2024:11:35:35 +0800] "GET /xingrg/kc/print/load_data.html?order_code=212024030200399&kc_code=cgsh&condition= HTTP/1.1" 200 960
120.253.135.82 - - [02/Mar/2024:11:35:36 +0800] "GET /xingrg/kc/pszx/mdps_order_operate.html?command=get_materiel_price&pszx_code=00101&rest_code=00147&base_code=0010250&code=00102002025&unit_code=00100352&order_time=2024-03-03 HTTP/1.1" 200 34
180.169.147.146 - - [02/Mar/2024:11:35:38 +0800] "GET /xingrg/all/function/internal_message.html?_=1709350534956&CODE_STATE=getMsg HTTP/1.1" 200 27
116.232.194.112 - - [02/Mar/2024:11:35:39 +0800] "GET /xingrg/all/function/internal_message.html?_=1709350522159&CODE_STATE=getMsg HTTP/1.1" 200 27
124.78.67.200 - - [02/Mar/2024:11:35:40 +0800] "POST /xingrg/login.do HTTP/1.1" 302 -
124.78.67.200 - - [02/Mar/2024:11:35:40 +0800] "GET /xingrg/index.html?sysBaseUrl=http%3A%2F%2F180.169.147.146%3A18081%2Fxingrg%2F&costTime=1367×tamp=1709350540022 HTTP/1.1" 200 17503
116.224.254.208 - - [02/Mar/2024:11:35:40 +0800] "GET /xingrg/kc/buy/cgsh_order_add.html HTTP/1.1" 200 73182
124.78.67.200 - - [02/Mar/2024:11:35:40 +0800] "GET /favicon.ico HTTP/1.1" 404 -
116.224.254.208 - - [02/Mar/2024:11:35:40 +0800] "POST /xingrg/kc/buy/cgsh_order_operate.html HTTP/1.1" 200 8245
124.78.67.200 - - [02/Mar/2024:11:35:40 +0800] "POST /xingrg/all/common/load_tree.html?tree=area_rest_tree_json&manage=1 HTTP/1.1" 200 3624
116.224.254.208 - - [02/Mar/2024:11:35:40 +0800] "GET /xingrg/javascript/easyui/themes/default/validatebox.css HTTP/1.1" 404 1104
124.78.67.200 - - [02/Mar/2024:11:35:40 +0800] "GET /xingrg/check_reg.html?_=1709350536876 HTTP/1.1" 200 22
124.78.67.200 - - [02/Mar/2024:11:35:40 +0800] "GET /xingrg/all/function/internal_message.html?_=1709350536875&CODE_STATE=count HTTP/1.1" 200 11
124.78.67.200 - - [02/Mar/2024:11:35:40 +0800] "POST /xingrg/load_menu.html HTTP/1.1" 200 11443
116.224.254.208 - - [02/Mar/2024:11:35:40 +0800] "GET /xingrg/all/function/internal_message.html?_=1709350540741&CODE_STATE=getMsg HTTP/1.1" 302 -
218.81.65.124 - - [02/Mar/2024:11:35:41 +0800] "POST /xingrg/dwr/call/plaincall/AjaxCgthService.saveOrder.dwr HTTP/1.1" 200 78
101.83.145.37 - - [02/Mar/2024:11:35:42 +0800] "GET /xingrg/all/function/internal_message.html?_=1709350306052&CODE_STATE=getMsg HTTP/1.1" 302 -
124.78.153.49 - - [02/Mar/2024:11:35:42 +0800] "GET /xingrg/kc/base/wldb_order_operate.html?command=get_materiel&rest_code=00106&base_code=0010397&code=00102002204 HTTP/1.1" 200 448
124.78.67.200 - - [02/Mar/2024:11:35:43 +0800] "POST /xingrg/all/user/operate.html HTTP/1.1" 200 36
124.78.67.200 - - [02/Mar/2024:11:35:44 +0800] "GET /xingrg/index.html?sysBaseUrl=http%3A%2F%2F180.169.147.146%3A18081%2Fxingrg%2F&costTime=1367×tamp=1709350540022 HTTP/1.1" 200 17503
180.169.147.146 - - [02/Mar/2024:11:35:44 +0800] "GET /xingrg/all/function/internal_message.html?_=1709350543942&CODE_STATE=getMsg HTTP/1.1" 200 27
124.78.67.200 - - [02/Mar/2024:11:35:44 +0800] "GET /xingrg/javascript/jquery_easy_ui/themes/default/easyui.css HTTP/1.1" 304 -
124.78.67.200 - - [02/Mar/2024:11:35:44 +0800] "GET /xingrg/javascript/jquery_easy_ui/themes/icon.css HTTP/1.1" 304 -
124.78.67.200 - - [02/Mar/2024:11:35:44 +0800] "GET /xingrg/css/form.css HTTP/1.1" 304 -
124.78.67.200 - - [02/Mar/2024:11:35:44 +0800] "GET /xingrg/javascript/jquery-1.4.2.min.js HTTP/1.1" 304 -
124.78.67.200 - - [02/Mar/2024:11:35:44 +0800] "GET /xingrg/javascript/jquery_easy_ui/jquery.easyui.min.js HTTP/1.1" 304 -
124.78.67.200 - - [02/Mar/2024:11:35:44 +0800] "GET /xingrg/javascript/jquery_easy_ui/easyui-lang-zh_CN.js HTTP/1.1" 304 -
124.78.67.200 - - [02/Mar/2024:11:35:44 +0800] "GET /xingrg/javascript/jquery.form.js HTTP/1.1" 304 -
124.78.67.200 - - [02/Mar/2024:11:35:44 +0800] "GET /xingrg/javascript/jquery.utils.js HTTP/1.1" 304 -
124.78.67.200 - - [02/Mar/2024:11:35:44 +0800] "GET /xingrg/javascript/jquery.timers.js HTTP/1.1" 304 -
124.78.67.200 - - [02/Mar/2024:11:35:44 +0800] "GET /xingrg/images/blue/jxLogo.png HTTP/1.1" 304 -
124.78.67.200 - - [02/Mar/2024:11:35:44 +0800] "GET /xingrg/javascript/jquery_easy_ui/themes/icons/settle_new.png HTTP/1.1" 304 -
124.78.67.200 - - [02/Mar/2024:11:35:44 +0800] "GET /xingrg/images/blue/navBackgound.jpg HTTP/1.1" 304 -
