180.169.147.146 - - [02/Mar/2024:10:36:57 +0800] "POST /xingrg/kc/mdqp/pssh_list_operate.html HTTP/1.1" 200 5324
120.253.135.82 - - [02/Mar/2024:10:36:58 +0800] "GET /xingrg/all/function/internal_message.html?_=1709346854398&CODE_STATE=getMsg HTTP/1.1" 200 27
180.169.147.146 - - [02/Mar/2024:10:37:00 +0800] "POST /xingrg/kc/mdqp/pssh_list_operate.html HTTP/1.1" 200 264
180.169.147.146 - - [02/Mar/2024:10:37:01 +0800] "GET /xingrg/kc/mdqp/pssh_order_info.html?code=312024022500338 HTTP/1.1" 200 17312
180.169.147.146 - - [02/Mar/2024:10:37:01 +0800] "GET /xingrg/javascript/jquery_tools/jquery-1.4.2.min.js HTTP/1.1" 404 1094
218.81.65.124 - - [02/Mar/2024:10:37:01 +0800] "GET /xingrg/kc/base/check_order_list.html HTTP/1.1" 200 16138
180.169.147.146 - - [02/Mar/2024:10:37:01 +0800] "GET /xingrg/javascript/easyui/themes/default/validatebox.css HTTP/1.1" 404 1104
180.169.147.146 - - [02/Mar/2024:10:37:01 +0800] "POST /xingrg/kc/mdqp/pssh_order_operate.html HTTP/1.1" 200 533
218.81.65.124 - - [02/Mar/2024:10:37:04 +0800] "GET /xingrg/kc/buy/cgsh_order_list.html HTTP/1.1" 200 57803
221.239.172.101 - - [02/Mar/2024:10:37:04 +0800] "GET /xingrg/all/function/internal_message.html?_=1709347023247&CODE_STATE=getMsg HTTP/1.1" 200 27
124.78.67.200 - - [02/Mar/2024:10:37:05 +0800] "GET /xingrg/all/function/internal_message.html?_=1709347025066&CODE_STATE=getMsg HTTP/1.1" 200 27
222.70.115.1 - - [02/Mar/2024:10:37:06 +0800] "POST /xingrg/dwr/call/plaincall/AjaxReportQueryService.refreshCache.dwr HTTP/1.1" 200 78
180.169.147.146 - - [02/Mar/2024:10:37:06 +0800] "POST /xingrg/kc/mdqp/pssh_order_operate.html HTTP/1.1" 200 37
124.78.67.200 - - [02/Mar/2024:10:37:06 +0800] "GET /xingrg/all/function/internal_message.html?_=1709347022815&CODE_STATE=getMsg HTTP/1.1" 200 27
218.81.65.124 - - [02/Mar/2024:10:37:06 +0800] "POST /xingrg/kc/buy/cgsh_list_operate.html HTTP/1.1" 200 986
222.70.115.1 - - [02/Mar/2024:10:37:07 +0800] "POST /xingrg/all/report/load_report_page.html HTTP/1.1" 200 145874
222.70.115.1 - - [02/Mar/2024:10:37:08 +0800] "GET /xingrg/servlets/image?cache=0.33727284946888003&image=px HTTP/1.1" 200 807
218.81.65.124 - - [02/Mar/2024:10:37:09 +0800] "GET /xingrg/kc/buy/cgsh_order_add.html HTTP/1.1" 200 73566
218.81.65.124 - - [02/Mar/2024:10:37:09 +0800] "POST /xingrg/kc/buy/cgsh_order_operate.html HTTP/1.1" 200 8245
101.83.145.37 - - [02/Mar/2024:10:37:09 +0800] "GET /xingrg/check_reg.html?_=1709347029423 HTTP/1.1" 200 22
218.81.65.124 - - [02/Mar/2024:10:37:09 +0800] "GET /xingrg/javascript/easyui/themes/default/validatebox.css HTTP/1.1" 404 1104
218.81.65.124 - - [02/Mar/2024:10:37:10 +0800] "GET /xingrg/all/common/auto_word.html?type=employee&rest_code=00148 HTTP/1.1" 200 197
218.81.65.124 - - [02/Mar/2024:10:37:10 +0800] "GET /xingrg/all/common/auto_word.html?type=employee&rest_code=00148 HTTP/1.1" 200 197
180.171.62.200 - - [02/Mar/2024:10:37:10 +0800] "GET /xingrg/all/function/internal_message.html?_=1709347038317&CODE_STATE=getMsg HTTP/1.1" 200 27
218.81.65.124 - - [02/Mar/2024:10:37:10 +0800] "GET /xingrg/all/function/internal_message.html?_=1709347039573&CODE_STATE=getMsg HTTP/1.1" 200 27
218.81.65.124 - - [02/Mar/2024:10:37:10 +0800] "GET /xingrg/check_reg.html?_=1709347039575 HTTP/1.1" 200 22
218.81.65.124 - - [02/Mar/2024:10:37:13 +0800] "GET /xingrg/javascript/jquery_tools/images/next.gif HTTP/1.1" 404 1086
218.81.65.124 - - [02/Mar/2024:10:37:13 +0800] "GET /xingrg/javascript/jquery_tools/images/prev.gif HTTP/1.1" 404 1086
124.78.153.49 - - [02/Mar/2024:10:37:14 +0800] "GET /xingrg/kc/buy/cgsh_order_operate.html?command=get_materiel&rest_code=00106&code=00101008352&supplier_code=00100008&order_time=2024-03-02 HTTP/1.1" 200 412
180.169.147.146 - - [02/Mar/2024:10:37:16 +0800] "GET /xingrg/all/function/internal_message.html?_=1709347036505&CODE_STATE=getMsg HTTP/1.1" 200 27
218.81.65.124 - - [02/Mar/2024:10:37:19 +0800] "GET /xingrg/kc/buy/cgsh_order_operate.html?command=get_materiel&rest_code=00148&code=00102002211&supplier_code=00100018&order_time=2024-03-02 HTTP/1.1" 200 408
221.239.172.101 - - [02/Mar/2024:10:37:22 +0800] "GET /xingrg/check_reg.html?_=1709347041097 HTTP/1.1" 200 22
116.230.123.222 - - [02/Mar/2024:10:37:24 +0800] "GET /xingrg/all/function/internal_message.html?_=1709347041753&CODE_STATE=getMsg HTTP/1.1" 200 27
116.230.123.222 - - [02/Mar/2024:10:37:25 +0800] "GET /xingrg/check_reg.html?_=1709347042581 HTTP/1.1" 200 22
101.83.145.37 - - [02/Mar/2024:10:37:25 +0800] "GET /xingrg/all/function/internal_message.html?_=1709347044889&CODE_STATE=getMsg HTTP/1.1" 200 27
180.164.1.25 - - [02/Mar/2024:10:37:28 +0800] "GET /xingrg/check_reg.html?_=1709347048105 HTTP/1.1" 200 22
124.78.153.49 - - [02/Mar/2024:10:37:28 +0800] "GET /xingrg/kc/buy/cgsh_order_operate.html?command=get_materiel&rest_code=00106&code=00101008131&supplier_code=00100008&order_time=2024-03-02 HTTP/1.1" 200 408
218.81.65.124 - - [02/Mar/2024:10:37:29 +0800] "POST /xingrg/kc/buy/cgsh_list_operate.html HTTP/1.1" 200 986
218.81.65.124 - - [02/Mar/2024:10:37:30 +0800] "POST /xingrg/kc/buy/cgsh_list_operate.html HTTP/1.1" 200 986
218.81.65.124 - - [02/Mar/2024:10:37:32 +0800] "GET /xingrg/kc/base/wldb_order_list.html HTTP/1.1" 200 19019
218.81.65.124 - - [02/Mar/2024:10:37:33 +0800] "POST /xingrg/kc/base/wldb_list_operate.html HTTP/1.1" 200 928
218.81.65.124 - - [02/Mar/2024:10:37:34 +0800] "GET /xingrg/kc/base/check_order_list.html HTTP/1.1" 200 16138
180.164.1.25 - - [02/Mar/2024:10:37:34 +0800] "GET /xingrg/all/function/internal_message.html?_=1709347054175&CODE_STATE=getMsg HTTP/1.1" 200 27
180.169.147.146 - - [02/Mar/2024:10:37:36 +0800] "GET /xingrg/all/function/internal_message.html?_=1709347051114&CODE_STATE=getMsg HTTP/1.1" 200 27
222.70.115.1 - - [02/Mar/2024:10:37:37 +0800] "GET /xingrg/all/function/internal_message.html?_=1709347066635&CODE_STATE=getMsg HTTP/1.1" 200 27
114.83.217.226 - - [02/Mar/2024:10:37:37 +0800] "GET /xingrg/all/function/internal_message.html?_=1709347055166&CODE_STATE=getMsg HTTP/1.1" 200 27
222.70.115.1 - - [02/Mar/2024:10:37:37 +0800] "POST /xingrg/dwr/call/plaincall/AjaxReportQueryService.refreshCache.dwr HTTP/1.1" 200 78
222.70.115.1 - - [02/Mar/2024:10:37:39 +0800] "POST /xingrg/all/report/load_report_page.html HTTP/1.1" 200 136743
222.70.115.1 - - [02/Mar/2024:10:37:39 +0800] "GET /xingrg/servlets/image?cache=0.2396192275766048&image=px HTTP/1.1" 200 807
124.78.153.49 - - [02/Mar/2024:10:37:39 +0800] "GET /xingrg/all/function/internal_message.html?_=1709347058285&CODE_STATE=getMsg HTTP/1.1" 200 27
116.224.254.208 - - [02/Mar/2024:10:37:40 +0800] "GET /xingrg/all/function/internal_message.html?_=1709347060747&CODE_STATE=getMsg HTTP/1.1" 200 27
101.83.145.37 - - [02/Mar/2024:10:37:41 +0800] "GET /xingrg/all/function/internal_message.html?_=1709346825917&CODE_STATE=getMsg HTTP/1.1" 200 27
120.253.135.82 - - [02/Mar/2024:10:37:43 +0800] "GET /xingrg/all/function/internal_message.html?_=1709347232942&CODE_STATE=getMsg HTTP/1.1" 200 27
116.224.254.208 - - [02/Mar/2024:10:37:44 +0800] "GET /xingrg/all/function/internal_message.html?_=1709347064090&CODE_STATE=getMsg HTTP/1.1" 200 27
116.224.254.208 - - [02/Mar/2024:10:37:44 +0800] "GET /xingrg/check_reg.html?_=1709347064703 HTTP/1.1" 200 22
180.169.147.146 - - [02/Mar/2024:10:37:47 +0800] "GET /xingrg/all/function/internal_message.html?_=1709347063862&CODE_STATE=getMsg HTTP/1.1" 200 27
116.230.114.14 - - [02/Mar/2024:10:37:48 +0800] "GET /xingrg/all/function/internal_message.html?_=1709347090613&CODE_STATE=getMsg HTTP/1.1" 200 27
124.78.153.49 - - [02/Mar/2024:10:37:49 +0800] "GET /xingrg/kc/buy/cgsh_order_operate.html?command=get_materiel&rest_code=00106&code=00101008353&supplier_code=00100008&order_time=2024-03-02 HTTP/1.1" 200 408
218.81.65.124 - - [02/Mar/2024:10:37:51 +0800] "GET /xingrg/kc/mdqp/psth_order_list1.html HTTP/1.1" 200 17915
218.81.65.124 - - [02/Mar/2024:10:37:51 +0800] "GET /favicon.ico HTTP/1.1" 404 -
222.69.134.64 - - [02/Mar/2024:10:37:51 +0800] "GET /xingrg/all/function/internal_message.html?_=1709347072694&CODE_STATE=getMsg HTTP/1.1" 200 27
116.230.114.14 - - [02/Mar/2024:10:37:57 +0800] "GET /favicon.ico HTTP/1.1" 404 -
120.253.135.82 - - [02/Mar/2024:10:37:58 +0800] "GET /xingrg/all/function/internal_message.html?_=1709346914445&CODE_STATE=getMsg HTTP/1.1" 200 27
124.78.153.49 - - [02/Mar/2024:10:38:03 +0800] "GET /xingrg/kc/buy/cgsh_order_operate.html?command=get_materiel&rest_code=00106&code=00101008361&supplier_code=00100008&order_time=2024-03-02 HTTP/1.1" 200 408
221.239.172.101 - - [02/Mar/2024:10:38:04 +0800] "GET /xingrg/all/function/internal_message.html?_=1709347083226&CODE_STATE=getMsg HTTP/1.1" 200 27
124.78.67.200 - - [02/Mar/2024:10:38:05 +0800] "GET /xingrg/all/function/internal_message.html?_=1709347085044&CODE_STATE=getMsg HTTP/1.1" 200 27
124.78.67.200 - - [02/Mar/2024:10:38:06 +0800] "GET /xingrg/all/function/internal_message.html?_=1709347082814&CODE_STATE=getMsg HTTP/1.1" 200 27
222.70.115.1 - - [02/Mar/2024:10:38:08 +0800] "GET /xingrg/logout.do HTTP/1.1" 302 -
222.70.115.1 - - [02/Mar/2024:10:38:08 +0800] "GET /xingrg/login.html?sysBaseUrl=http%3A%2F%2F180.169.147.146%3A18081%2Fxingrg%2F&costTime=66×tamp=1709347088926 HTTP/1.1" 200 7641
180.171.62.200 - - [02/Mar/2024:10:38:10 +0800] "GET /xingrg/all/function/internal_message.html?_=1709347098320&CODE_STATE=getMsg HTTP/1.1" 200 27
218.81.65.124 - - [02/Mar/2024:10:38:10 +0800] "GET /xingrg/all/function/internal_message.html?_=1709347099584&CODE_STATE=getMsg HTTP/1.1" 200 27
222.70.115.1 - - [02/Mar/2024:10:38:16 +0800] "POST /xingrg/login.do HTTP/1.1" 302 -
222.70.115.1 - - [02/Mar/2024:10:38:16 +0800] "GET /xingrg/index.html?sysBaseUrl=http%3A%2F%2F180.169.147.146%3A18081%2Fxingrg%2F&costTime=992×tamp=1709347096175 HTTP/1.1" 200 17179
222.70.115.1 - - [02/Mar/2024:10:38:16 +0800] "GET /xingrg/all/function/internal_message.html?_=1709347105590&CODE_STATE=count HTTP/1.1" 200 11
222.70.115.1 - - [02/Mar/2024:10:38:16 +0800] "GET /xingrg/check_reg.html?_=1709347105590 HTTP/1.1" 200 22
222.70.115.1 - - [02/Mar/2024:10:38:16 +0800] "POST /xingrg/all/common/load_tree.html?tree=area_rest_tree_json&manage=1 HTTP/1.1" 200 351
222.70.115.1 - - [02/Mar/2024:10:38:16 +0800] "POST /xingrg/load_menu.html HTTP/1.1" 200 5138
180.169.147.146 - - [02/Mar/2024:10:38:16 +0800] "GET /xingrg/all/function/internal_message.html?_=1709347096510&CODE_STATE=getMsg HTTP/1.1" 200 27
180.169.147.146 - - [02/Mar/2024:10:38:16 +0800] "GET /xingrg/check_reg.html?_=1709347096513 HTTP/1.1" 200 22
124.78.153.49 - - [02/Mar/2024:10:38:17 +0800] "GET /xingrg/kc/buy/cgsh_order_operate.html?command=get_materiel&rest_code=00106&code=00101008355&supplier_code=00100008&order_time=2024-03-02 HTTP/1.1" 200 408
124.78.67.200 - - [02/Mar/2024:10:38:19 +0800] "GET /xingrg/check_reg.html?_=1709347099813 HTTP/1.1" 200 22
116.230.123.222 - - [02/Mar/2024:10:38:24 +0800] "GET /xingrg/all/function/internal_message.html?_=1709347101738&CODE_STATE=getMsg HTTP/1.1" 200 27
101.83.145.37 - - [02/Mar/2024:10:38:25 +0800] "GET /xingrg/all/function/internal_message.html?_=1709347104865&CODE_STATE=getMsg HTTP/1.1" 200 27
180.164.1.25 - - [02/Mar/2024:10:38:34 +0800] "GET /xingrg/all/function/internal_message.html?_=1709347114156&CODE_STATE=getMsg HTTP/1.1" 200 27
180.169.147.146 - - [02/Mar/2024:10:38:36 +0800] "GET /xingrg/all/function/internal_message.html?_=1709347111114&CODE_STATE=getMsg HTTP/1.1" 200 27
114.83.217.226 - - [02/Mar/2024:10:38:37 +0800] "GET /xingrg/all/function/internal_message.html?_=1709347115151&CODE_STATE=getMsg HTTP/1.1" 200 27
180.164.1.25 - - [02/Mar/2024:10:38:37 +0800] "GET /xingrg/kc/buy/cgsh_order_operate.html?command=get_materiel&rest_code=00108&code=00101008361&supplier_code=&order_time=2024-03-02 HTTP/1.1" 200 409
124.78.153.49 - - [02/Mar/2024:10:38:38 +0800] "GET /xingrg/kc/buy/cgsh_order_operate.html?command=get_materiel&rest_code=00106&code=00101008360&supplier_code=00100008&order_time=2024-03-02 HTTP/1.1" 200 413
124.78.153.49 - - [02/Mar/2024:10:38:39 +0800] "GET /xingrg/all/function/internal_message.html?_=1709347118269&CODE_STATE=getMsg HTTP/1.1" 200 27
116.224.254.208 - - [02/Mar/2024:10:38:40 +0800] "GET /xingrg/all/function/internal_message.html?_=1709347120742&CODE_STATE=getMsg HTTP/1.1" 200 27
116.224.254.208 - - [02/Mar/2024:10:38:40 +0800] "GET /xingrg/check_reg.html?_=1709347120746 HTTP/1.1" 200 22
101.83.145.37 - - [02/Mar/2024:10:38:41 +0800] "GET /xingrg/all/function/internal_message.html?_=1709346885945&CODE_STATE=getMsg HTTP/1.1" 200 27
120.253.135.82 - - [02/Mar/2024:10:38:43 +0800] "GET /xingrg/all/function/internal_message.html?_=1709347292946&CODE_STATE=getMsg HTTP/1.1" 200 27
120.253.135.82 - - [02/Mar/2024:10:38:43 +0800] "GET /xingrg/check_reg.html?_=1709347292947 HTTP/1.1" 200 22
116.224.254.208 - - [02/Mar/2024:10:38:44 +0800] "GET /xingrg/all/function/internal_message.html?_=1709347124071&CODE_STATE=getMsg HTTP/1.1" 200 27
180.169.147.146 - - [02/Mar/2024:10:38:47 +0800] "GET /xingrg/all/function/internal_message.html?_=1709347123851&CODE_STATE=getMsg HTTP/1.1" 200 27
116.230.114.14 - - [02/Mar/2024:10:38:48 +0800] "GET /xingrg/all/function/internal_message.html?_=1709347150622&CODE_STATE=getMsg HTTP/1.1" 200 27
222.69.134.64 - - [02/Mar/2024:10:38:51 +0800] "GET /xingrg/all/function/internal_message.html?_=1709347132684&CODE_STATE=getMsg HTTP/1.1" 200 27
124.78.153.49 - - [02/Mar/2024:10:38:55 +0800] "GET /xingrg/kc/buy/cgsh_order_operate.html?command=get_materiel&rest_code=00106&code=00101008286&supplier_code=00100008&order_time=2024-03-02 HTTP/1.1" 200 408
120.253.135.82 - - [02/Mar/2024:10:38:58 +0800] "GET /xingrg/all/function/internal_message.html?_=1709346974457&CODE_STATE=getMsg HTTP/1.1" 200 27
221.239.172.101 - - [02/Mar/2024:10:39:04 +0800] "GET /xingrg/all/function/internal_message.html?_=1709347143201&CODE_STATE=getMsg HTTP/1.1" 200 27
124.78.67.200 - - [02/Mar/2024:10:39:05 +0800] "GET /xingrg/all/function/internal_message.html?_=1709347145028&CODE_STATE=getMsg HTTP/1.1" 200 27
124.78.67.200 - - [02/Mar/2024:10:39:06 +0800] "GET /xingrg/check_reg.html?_=1709347142839 HTTP/1.1" 200 22
124.78.67.200 - - [02/Mar/2024:10:39:06 +0800] "GET /xingrg/all/function/internal_message.html?_=1709347142841&CODE_STATE=getMsg HTTP/1.1" 200 27
180.171.62.200 - - [02/Mar/2024:10:39:10 +0800] "GET /xingrg/all/function/internal_message.html?_=1709347158319&CODE_STATE=getMsg HTTP/1.1" 200 27
218.81.65.124 - - [02/Mar/2024:10:39:10 +0800] "GET /xingrg/all/function/internal_message.html?_=1709347159586&CODE_STATE=getMsg HTTP/1.1" 200 27
124.78.153.49 - - [02/Mar/2024:10:39:14 +0800] "GET /xingrg/kc/buy/cgsh_order_operate.html?command=get_materiel&rest_code=00106&code=00101008272&supplier_code=00100008&order_time=2024-03-02 HTTP/1.1" 200 412
222.70.115.1 - - [02/Mar/2024:10:39:16 +0800] "GET /xingrg/all/function/internal_message.html?_=1709347165600&CODE_STATE=getMsg HTTP/1.1" 200 27
180.169.147.146 - - [02/Mar/2024:10:39:16 +0800] "GET /xingrg/all/function/internal_message.html?_=1709347156493&CODE_STATE=getMsg HTTP/1.1" 200 27
116.230.123.222 - - [02/Mar/2024:10:39:24 +0800] "GET /xingrg/all/function/internal_message.html?_=1709347161723&CODE_STATE=getMsg HTTP/1.1" 200 27
101.83.145.37 - - [02/Mar/2024:10:39:25 +0800] "GET /xingrg/all/function/internal_message.html?_=1709347164833&CODE_STATE=getMsg HTTP/1.1" 200 27
124.78.153.49 - - [02/Mar/2024:10:39:31 +0800] "GET /xingrg/kc/buy/cgsh_order_operate.html?command=get_materiel&rest_code=00106&code=00101009011&supplier_code=00100008&order_time=2024-03-02 HTTP/1.1" 200 416
114.83.217.226 - - [02/Mar/2024:10:39:33 +0800] "GET /xingrg/check_reg.html?_=1709347171382 HTTP/1.1" 200 22
180.164.1.25 - - [02/Mar/2024:10:39:34 +0800] "GET /xingrg/all/function/internal_message.html?_=1709347174140&CODE_STATE=getMsg HTTP/1.1" 200 27
180.169.147.146 - - [02/Mar/2024:10:39:36 +0800] "GET /xingrg/all/function/internal_message.html?_=1709347171139&CODE_STATE=getMsg HTTP/1.1" 200 27
114.83.217.226 - - [02/Mar/2024:10:39:37 +0800] "GET /xingrg/all/function/internal_message.html?_=1709347175131&CODE_STATE=getMsg HTTP/1.1" 200 27
124.78.153.49 - - [02/Mar/2024:10:39:39 +0800] "GET /xingrg/all/function/internal_message.html?_=1709347178263&CODE_STATE=getMsg HTTP/1.1" 200 27
116.224.254.208 - - [02/Mar/2024:10:39:40 +0800] "GET /xingrg/all/function/internal_message.html?_=1709347180742&CODE_STATE=getMsg HTTP/1.1" 200 27
101.83.145.37 - - [02/Mar/2024:10:39:41 +0800] "GET /xingrg/all/function/internal_message.html?_=1709346945945&CODE_STATE=getMsg HTTP/1.1" 200 27
101.83.145.37 - - [02/Mar/2024:10:39:41 +0800] "GET /xingrg/check_reg.html?_=1709346945948 HTTP/1.1" 200 22
120.253.135.82 - - [02/Mar/2024:10:39:43 +0800] "GET /xingrg/all/function/internal_message.html?_=1709347352951&CODE_STATE=getMsg HTTP/1.1" 200 27
116.224.254.208 - - [02/Mar/2024:10:39:44 +0800] "GET /xingrg/all/function/internal_message.html?_=1709347184047&CODE_STATE=getMsg HTTP/1.1" 200 27
180.169.147.146 - - [02/Mar/2024:10:39:47 +0800] "GET /xingrg/all/function/internal_message.html?_=1709347183855&CODE_STATE=getMsg HTTP/1.1" 200 27
180.169.147.146 - - [02/Mar/2024:10:39:47 +0800] "GET /xingrg/check_reg.html?_=1709347183857 HTTP/1.1" 200 22
116.230.114.14 - - [02/Mar/2024:10:39:48 +0800] "GET /xingrg/all/function/internal_message.html?_=1709347210977&CODE_STATE=getMsg HTTP/1.1" 200 27
222.69.134.64 - - [02/Mar/2024:10:39:51 +0800] "GET /xingrg/all/function/internal_message.html?_=1709347192699&CODE_STATE=getMsg HTTP/1.1" 200 27
124.78.153.49 - - [02/Mar/2024:10:39:52 +0800] "GET /xingrg/kc/buy/cgsh_order_operate.html?command=get_materiel&rest_code=00106&code=00101008357&supplier_code=00100008&order_time=2024-03-02 HTTP/1.1" 200 408
120.253.135.82 - - [02/Mar/2024:10:39:58 +0800] "GET /xingrg/check_reg.html?_=1709347034209 HTTP/1.1" 200 22
120.253.135.82 - - [02/Mar/2024:10:39:58 +0800] "GET /xingrg/all/function/internal_message.html?_=1709347034470&CODE_STATE=getMsg HTTP/1.1" 200 27
221.239.172.101 - - [02/Mar/2024:10:40:04 +0800] "GET /xingrg/all/function/internal_message.html?_=1709347203184&CODE_STATE=getMsg HTTP/1.1" 200 27
124.78.67.200 - - [02/Mar/2024:10:40:05 +0800] "GET /xingrg/all/function/internal_message.html?_=1709347205005&CODE_STATE=getMsg HTTP/1.1" 200 27
124.78.67.200 - - [02/Mar/2024:10:40:06 +0800] "GET /xingrg/all/function/internal_message.html?_=1709347202840&CODE_STATE=getMsg HTTP/1.1" 200 27
180.171.62.200 - - [02/Mar/2024:10:40:10 +0800] "GET /xingrg/all/function/internal_message.html?_=1709347218307&CODE_STATE=getMsg HTTP/1.1" 200 27
218.81.65.124 - - [02/Mar/2024:10:40:10 +0800] "GET /xingrg/all/function/internal_message.html?_=1709347219584&CODE_STATE=getMsg HTTP/1.1" 200 27
124.78.153.49 - - [02/Mar/2024:10:40:15 +0800] "GET /xingrg/kc/buy/cgsh_order_operate.html?command=get_materiel&rest_code=00106&code=00101008331&supplier_code=00100008&order_time=2024-03-02 HTTP/1.1" 200 416
222.70.115.1 - - [02/Mar/2024:10:40:16 +0800] "GET /xingrg/all/function/internal_message.html?_=1709347225594&CODE_STATE=getMsg HTTP/1.1" 200 27
180.169.147.146 - - [02/Mar/2024:10:40:16 +0800] "GET /xingrg/all/function/internal_message.html?_=1709347216507&CODE_STATE=getMsg HTTP/1.1" 200 27
116.230.123.222 - - [02/Mar/2024:10:40:24 +0800] "GET /xingrg/all/function/internal_message.html?_=1709347221707&CODE_STATE=getMsg HTTP/1.1" 200 27
101.83.145.37 - - [02/Mar/2024:10:40:25 +0800] "GET /xingrg/all/function/internal_message.html?_=1709347224807&CODE_STATE=getMsg HTTP/1.1" 200 27
116.230.114.14 - - [02/Mar/2024:10:40:30 +0800] "GET /xingrg/check_reg.html?_=1709347252837 HTTP/1.1" 200 22
124.78.153.49 - - [02/Mar/2024:10:40:32 +0800] "GET /xingrg/kc/buy/cgsh_order_operate.html?command=get_materiel&rest_code=00106&code=00101008005&supplier_code=00100008&order_time=2024-03-02 HTTP/1.1" 200 412
180.164.1.25 - - [02/Mar/2024:10:40:34 +0800] "GET /xingrg/all/function/internal_message.html?_=1709347234112&CODE_STATE=getMsg HTTP/1.1" 200 27
180.169.147.146 - - [02/Mar/2024:10:40:36 +0800] "GET /xingrg/all/function/internal_message.html?_=1709347231137&CODE_STATE=getMsg HTTP/1.1" 200 27
180.169.147.146 - - [02/Mar/2024:10:40:36 +0800] "GET /xingrg/check_reg.html?_=1709347231140 HTTP/1.1" 200 22
114.83.217.226 - - [02/Mar/2024:10:40:37 +0800] "GET /xingrg/all/function/internal_message.html?_=1709347235113&CODE_STATE=getMsg HTTP/1.1" 200 27
124.78.153.49 - - [02/Mar/2024:10:40:39 +0800] "GET /xingrg/all/function/internal_message.html?_=1709347238228&CODE_STATE=getMsg HTTP/1.1" 200 27
116.224.254.208 - - [02/Mar/2024:10:40:40 +0800] "GET /xingrg/all/function/internal_message.html?_=1709347240730&CODE_STATE=getMsg HTTP/1.1" 200 27
101.83.145.37 - - [02/Mar/2024:10:40:41 +0800] "GET /xingrg/all/function/internal_message.html?_=1709347005949&CODE_STATE=getMsg HTTP/1.1" 200 27
120.253.135.82 - - [02/Mar/2024:10:40:43 +0800] "GET /xingrg/all/function/internal_message.html?_=1709347412955&CODE_STATE=getMsg HTTP/1.1" 200 27
116.224.254.208 - - [02/Mar/2024:10:40:44 +0800] "GET /xingrg/all/function/internal_message.html?_=1709347243996&CODE_STATE=getMsg HTTP/1.1" 200 27
124.78.153.49 - - [02/Mar/2024:10:40:45 +0800] "GET /xingrg/kc/buy/cgsh_order_operate.html?command=get_materiel&rest_code=00106&code=00101008141&supplier_code=00100008&order_time=2024-03-02 HTTP/1.1" 200 412
180.169.147.146 - - [02/Mar/2024:10:40:47 +0800] "GET /xingrg/all/function/internal_message.html?_=1709347243854&CODE_STATE=getMsg HTTP/1.1" 200 27
116.230.114.14 - - [02/Mar/2024:10:40:48 +0800] "GET /xingrg/all/function/internal_message.html?_=1709347270977&CODE_STATE=getMsg HTTP/1.1" 200 27
222.69.134.64 - - [02/Mar/2024:10:40:51 +0800] "GET /xingrg/all/function/internal_message.html?_=1709347252689&CODE_STATE=getMsg HTTP/1.1" 200 27
120.253.135.82 - - [02/Mar/2024:10:40:58 +0800] "GET /xingrg/all/function/internal_message.html?_=1709347094484&CODE_STATE=getMsg HTTP/1.1" 200 27
221.239.172.101 - - [02/Mar/2024:10:41:04 +0800] "GET /xingrg/all/function/internal_message.html?_=1709347263157&CODE_STATE=getMsg HTTP/1.1" 200 27
124.78.67.200 - - [02/Mar/2024:10:41:04 +0800] "GET /xingrg/all/function/internal_message.html?_=1709347264986&CODE_STATE=getMsg HTTP/1.1" 200 27
124.78.67.200 - - [02/Mar/2024:10:41:06 +0800] "GET /xingrg/all/function/internal_message.html?_=1709347262839&CODE_STATE=getMsg HTTP/1.1" 200 27
180.171.62.200 - - [02/Mar/2024:10:41:10 +0800] "GET /xingrg/all/function/internal_message.html?_=1709347278308&CODE_STATE=getMsg HTTP/1.1" 200 27
180.171.62.200 - - [02/Mar/2024:10:41:10 +0800] "GET /xingrg/check_reg.html?_=1709347278310 HTTP/1.1" 200 22
218.81.65.124 - - [02/Mar/2024:10:41:10 +0800] "GET /xingrg/all/function/internal_message.html?_=1709347279584&CODE_STATE=getMsg HTTP/1.1" 200 27
222.70.115.1 - - [02/Mar/2024:10:41:16 +0800] "GET /xingrg/all/function/internal_message.html?_=1709347285591&CODE_STATE=getMsg HTTP/1.1" 200 27
180.169.147.146 - - [02/Mar/2024:10:41:16 +0800] "GET /xingrg/all/function/internal_message.html?_=1709347276509&CODE_STATE=getMsg HTTP/1.1" 200 27
116.230.123.222 - - [02/Mar/2024:10:41:24 +0800] "GET /xingrg/all/function/internal_message.html?_=1709347281692&CODE_STATE=getMsg HTTP/1.1" 200 27
101.83.145.37 - - [02/Mar/2024:10:41:25 +0800] "GET /xingrg/all/function/internal_message.html?_=1709347284782&CODE_STATE=getMsg HTTP/1.1" 200 27
180.164.1.25 - - [02/Mar/2024:10:41:34 +0800] "GET /xingrg/all/function/internal_message.html?_=1709347294095&CODE_STATE=getMsg HTTP/1.1" 200 27
180.169.147.146 - - [02/Mar/2024:10:41:36 +0800] "GET /xingrg/all/function/internal_message.html?_=1709347291141&CODE_STATE=getMsg HTTP/1.1" 200 27
114.83.217.226 - - [02/Mar/2024:10:41:37 +0800] "GET /xingrg/all/function/internal_message.html?_=1709347295102&CODE_STATE=getMsg HTTP/1.1" 200 27
124.78.153.49 - - [02/Mar/2024:10:41:39 +0800] "GET /xingrg/check_reg.html?_=1709347297832 HTTP/1.1" 200 22
124.78.153.49 - - [02/Mar/2024:10:41:39 +0800] "GET /xingrg/all/function/internal_message.html?_=1709347298209&CODE_STATE=getMsg HTTP/1.1" 200 27
116.224.254.208 - - [02/Mar/2024:10:41:40 +0800] "GET /xingrg/all/function/internal_message.html?_=1709347300741&CODE_STATE=getMsg HTTP/1.1" 200 27
101.83.145.37 - - [02/Mar/2024:10:41:41 +0800] "GET /xingrg/all/function/internal_message.html?_=1709347065948&CODE_STATE=getMsg HTTP/1.1" 200 27
120.253.135.82 - - [02/Mar/2024:10:41:43 +0800] "GET /xingrg/all/function/internal_message.html?_=1709347472960&CODE_STATE=getMsg HTTP/1.1" 200 27
116.224.254.208 - - [02/Mar/2024:10:41:44 +0800] "GET /xingrg/all/function/internal_message.html?_=1709347303984&CODE_STATE=getMsg HTTP/1.1" 200 27
180.169.147.146 - - [02/Mar/2024:10:41:47 +0800] "GET /xingrg/all/function/internal_message.html?_=1709347303868&CODE_STATE=getMsg HTTP/1.1" 200 27
116.230.114.14 - - [02/Mar/2024:10:41:48 +0800] "GET /xingrg/all/function/internal_message.html?_=1709347330992&CODE_STATE=getMsg HTTP/1.1" 200 27
222.69.134.64 - - [02/Mar/2024:10:41:51 +0800] "GET /xingrg/check_reg.html?_=1709347312699 HTTP/1.1" 200 22
222.69.134.64 - - [02/Mar/2024:10:41:51 +0800] "GET /xingrg/all/function/internal_message.html?_=1709347312702&CODE_STATE=getMsg HTTP/1.1" 200 27
124.78.153.49 - - [02/Mar/2024:10:41:53 +0800] "GET /xingrg/kc/buy/cgsh_order_operate.html?command=get_materiel&rest_code=00106&code=00101008134&supplier_code=00100008&order_time=2024-03-02 HTTP/1.1" 200 412
120.253.135.82 - - [02/Mar/2024:10:41:58 +0800] "GET /xingrg/all/function/internal_message.html?_=1709347154498&CODE_STATE=getMsg HTTP/1.1" 200 27
221.239.172.101 - - [02/Mar/2024:10:42:04 +0800] "GET /xingrg/all/function/internal_message.html?_=1709347323131&CODE_STATE=getMsg HTTP/1.1" 200 27
124.78.67.200 - - [02/Mar/2024:10:42:04 +0800] "GET /xingrg/all/function/internal_message.html?_=1709347324966&CODE_STATE=getMsg HTTP/1.1" 200 27
124.78.67.200 - - [02/Mar/2024:10:42:06 +0800] "GET /xingrg/all/function/internal_message.html?_=1709347322838&CODE_STATE=getMsg HTTP/1.1" 200 27
101.83.145.37 - - [02/Mar/2024:10:42:09 +0800] "GET /xingrg/check_reg.html?_=1709347329464 HTTP/1.1" 200 22
180.171.62.200 - - [02/Mar/2024:10:42:10 +0800] "GET /xingrg/all/function/internal_message.html?_=1709347338309&CODE_STATE=getMsg HTTP/1.1" 200 27
218.81.65.124 - - [02/Mar/2024:10:42:10 +0800] "GET /xingrg/check_reg.html?_=1709347339582 HTTP/1.1" 200 22
218.81.65.124 - - [02/Mar/2024:10:42:10 +0800] "GET /xingrg/all/function/internal_message.html?_=1709347339584&CODE_STATE=getMsg HTTP/1.1" 200 27
222.70.115.1 - - [02/Mar/2024:10:42:16 +0800] "GET /xingrg/all/function/internal_message.html?_=1709347345596&CODE_STATE=getMsg HTTP/1.1" 200 27
180.169.147.146 - - [02/Mar/2024:10:42:16 +0800] "GET /xingrg/all/function/internal_message.html?_=1709347336502&CODE_STATE=getMsg HTTP/1.1" 200 27
221.239.172.101 - - [02/Mar/2024:10:42:22 +0800] "GET /xingrg/check_reg.html?_=1709347341111 HTTP/1.1" 200 22
116.230.123.222 - - [02/Mar/2024:10:42:24 +0800] "GET /xingrg/all/function/internal_message.html?_=1709347341677&CODE_STATE=getMsg HTTP/1.1" 200 27
116.230.123.222 - - [02/Mar/2024:10:42:25 +0800] "GET /xingrg/check_reg.html?_=1709347342554 HTTP/1.1" 200 22
101.83.145.37 - - [02/Mar/2024:10:42:25 +0800] "GET /xingrg/all/function/internal_message.html?_=1709347344775&CODE_STATE=getMsg HTTP/1.1" 200 27
180.164.1.25 - - [02/Mar/2024:10:42:28 +0800] "GET /xingrg/check_reg.html?_=1709347348115 HTTP/1.1" 200 22
180.164.1.25 - - [02/Mar/2024:10:42:34 +0800] "GET /xingrg/all/function/internal_message.html?_=1709347354091&CODE_STATE=getMsg HTTP/1.1" 200 27
180.169.147.146 - - [02/Mar/2024:10:42:36 +0800] "GET /xingrg/all/function/internal_message.html?_=1709347351141&CODE_STATE=getMsg HTTP/1.1" 200 27
114.83.217.226 - - [02/Mar/2024:10:42:37 +0800] "GET /xingrg/all/function/internal_message.html?_=1709347355075&CODE_STATE=getMsg HTTP/1.1" 200 27
124.78.153.49 - - [02/Mar/2024:10:42:39 +0800] "GET /xingrg/all/function/internal_message.html?_=1709347358180&CODE_STATE=getMsg HTTP/1.1" 200 27
116.224.254.208 - - [02/Mar/2024:10:42:40 +0800] "GET /xingrg/all/function/internal_message.html?_=1709347360737&CODE_STATE=getMsg HTTP/1.1" 200 27
101.83.145.37 - - [02/Mar/2024:10:42:41 +0800] "GET /xingrg/all/function/internal_message.html?_=1709347125949&CODE_STATE=getMsg HTTP/1.1" 200 27
120.253.135.82 - - [02/Mar/2024:10:42:43 +0800] "GET /xingrg/all/function/internal_message.html?_=1709347532964&CODE_STATE=getMsg HTTP/1.1" 200 27
116.224.254.208 - - [02/Mar/2024:10:42:44 +0800] "GET /xingrg/all/function/internal_message.html?_=1709347363964&CODE_STATE=getMsg HTTP/1.1" 200 27
116.224.254.208 - - [02/Mar/2024:10:42:44 +0800] "GET /xingrg/check_reg.html?_=1709347364715 HTTP/1.1" 200 22
180.169.147.146 - - [02/Mar/2024:10:42:47 +0800] "GET /xingrg/all/function/internal_message.html?_=1709347363866&CODE_STATE=getMsg HTTP/1.1" 200 27
116.230.114.14 - - [02/Mar/2024:10:42:49 +0800] "GET /xingrg/all/function/internal_message.html?_=1709347391462&CODE_STATE=getMsg HTTP/1.1" 200 27
222.69.134.64 - - [02/Mar/2024:10:42:51 +0800] "GET /xingrg/all/function/internal_message.html?_=1709347372694&CODE_STATE=getMsg HTTP/1.1" 200 27
124.78.153.49 - - [02/Mar/2024:10:42:58 +0800] "GET /xingrg/kc/buy/cgsh_order_operate.html?command=get_materiel&rest_code=00106&code=00101008354&supplier_code=00100008&order_time=2024-03-02 HTTP/1.1" 200 412
120.253.135.82 - - [02/Mar/2024:10:42:58 +0800] "GET /xingrg/all/function/internal_message.html?_=1709347214542&CODE_STATE=getMsg HTTP/1.1" 200 27
221.239.172.101 - - [02/Mar/2024:10:43:04 +0800] "GET /xingrg/all/function/internal_message.html?_=1709347383115&CODE_STATE=getMsg HTTP/1.1" 200 27
124.78.67.200 - - [02/Mar/2024:10:43:04 +0800] "GET /xingrg/all/function/internal_message.html?_=1709347384954&CODE_STATE=getMsg HTTP/1.1" 200 27
124.78.67.200 - - [02/Mar/2024:10:43:06 +0800] "GET /xingrg/all/function/internal_message.html?_=1709347382835&CODE_STATE=getMsg HTTP/1.1" 200 27
180.171.62.200 - - [02/Mar/2024:10:43:10 +0800] "GET /xingrg/all/function/internal_message.html?_=1709347398308&CODE_STATE=getMsg HTTP/1.1" 200 27
218.81.65.124 - - [02/Mar/2024:10:43:10 +0800] "GET /xingrg/all/function/internal_message.html?_=1709347399582&CODE_STATE=getMsg HTTP/1.1" 200 27
222.70.115.1 - - [02/Mar/2024:10:43:16 +0800] "GET /xingrg/check_reg.html?_=1709347405602 HTTP/1.1" 200 22
222.70.115.1 - - [02/Mar/2024:10:43:16 +0800] "GET /xingrg/all/function/internal_message.html?_=1709347405610&CODE_STATE=getMsg HTTP/1.1" 200 27
180.169.147.146 - - [02/Mar/2024:10:43:16 +0800] "GET /xingrg/all/function/internal_message.html?_=1709347396499&CODE_STATE=getMsg HTTP/1.1" 200 27
180.169.147.146 - - [02/Mar/2024:10:43:16 +0800] "GET /xingrg/check_reg.html?_=1709347396505 HTTP/1.1" 200 22
124.78.67.200 - - [02/Mar/2024:10:43:19 +0800] "GET /xingrg/check_reg.html?_=1709347399795 HTTP/1.1" 200 22
116.230.123.222 - - [02/Mar/2024:10:43:24 +0800] "GET /xingrg/all/function/internal_message.html?_=1709347401649&CODE_STATE=getMsg HTTP/1.1" 200 27
101.83.145.37 - - [02/Mar/2024:10:43:25 +0800] "GET /xingrg/all/function/internal_message.html?_=1709347404758&CODE_STATE=getMsg HTTP/1.1" 200 27
180.164.1.25 - - [02/Mar/2024:10:43:34 +0800] "GET /xingrg/all/function/internal_message.html?_=1709347414073&CODE_STATE=getMsg HTTP/1.1" 200 27
180.169.147.146 - - [02/Mar/2024:10:43:36 +0800] "GET /xingrg/all/function/internal_message.html?_=1709347411142&CODE_STATE=getMsg HTTP/1.1" 200 27
218.81.65.124 - - [02/Mar/2024:10:43:36 +0800] "GET /xingrg/kc/report/report_main.html HTTP/1.1" 200 7340
114.83.217.226 - - [02/Mar/2024:10:43:37 +0800] "GET /xingrg/all/function/internal_message.html?_=1709347415060&CODE_STATE=getMsg HTTP/1.1" 200 27
218.81.65.124 - - [02/Mar/2024:10:43:37 +0800] "GET /xingrg/all/report/report_query.html?fileName=kc/buy/gys_amount.xml&rh=99999 HTTP/1.1" 200 52006
218.81.65.124 - - [02/Mar/2024:10:43:37 +0800] "GET /xingrg/dwr/interface/AjaxReportQueryService.js HTTP/1.1" 200 13203
218.81.65.124 - - [02/Mar/2024:10:43:37 +0800] "GET /xingrg/dwr/engine.js HTTP/1.1" 200 43631
218.81.65.124 - - [02/Mar/2024:10:43:38 +0800] "POST /xingrg/dwr/call/plaincall/AjaxReportQueryService.getFixDate.dwr HTTP/1.1" 200 111
124.78.153.49 - - [02/Mar/2024:10:43:39 +0800] "GET /xingrg/all/function/internal_message.html?_=1709347418179&CODE_STATE=getMsg HTTP/1.1" 200 27
218.81.65.124 - - [02/Mar/2024:10:43:39 +0800] "POST /xingrg/all/common/load_tree.html?tree=materiel_sort_tree_json HTTP/1.1" 200 9734
218.81.65.124 - - [02/Mar/2024:10:43:39 +0800] "POST /xingrg/dwr/call/plaincall/AjaxReportQueryService.getInitString.dwr HTTP/1.1" 200 1023
218.81.65.124 - - [02/Mar/2024:10:43:39 +0800] "POST /xingrg/all/common/load_tree.html?tree=supplier_tree_json&manage=1 HTTP/1.1" 200 81090
116.224.254.208 - - [02/Mar/2024:10:43:40 +0800] "GET /xingrg/all/function/internal_message.html?_=1709347420732&CODE_STATE=getMsg HTTP/1.1" 200 27
116.224.254.208 - - [02/Mar/2024:10:43:40 +0800] "GET /xingrg/check_reg.html?_=1709347420734 HTTP/1.1" 200 22
124.78.153.49 - - [02/Mar/2024:10:43:41 +0800] "GET /xingrg/kc/buy/cgsh_order_operate.html?command=get_materiel&rest_code=00106&code=00101008207&supplier_code=00100008&order_time=2024-03-02 HTTP/1.1" 200 408
101.83.145.37 - - [02/Mar/2024:10:43:41 +0800] "GET /xingrg/all/function/internal_message.html?_=1709347185949&CODE_STATE=getMsg HTTP/1.1" 200 27
120.253.135.82 - - [02/Mar/2024:10:43:43 +0800] "GET /xingrg/all/function/internal_message.html?_=1709347592969&CODE_STATE=getMsg HTTP/1.1" 200 27
120.253.135.82 - - [02/Mar/2024:10:43:43 +0800] "GET /xingrg/check_reg.html?_=1709347592971 HTTP/1.1" 200 22
116.224.254.208 - - [02/Mar/2024:10:43:44 +0800] "GET /xingrg/all/function/internal_message.html?_=1709347423954&CODE_STATE=getMsg HTTP/1.1" 200 27
218.81.65.124 - - [02/Mar/2024:10:43:45 +0800] "POST /xingrg/dwr/call/plaincall/AjaxReportQueryService.getFixDate.dwr HTTP/1.1" 200 111
218.81.65.124 - - [02/Mar/2024:10:43:46 +0800] "POST /xingrg/dwr/call/plaincall/AjaxReportQueryService.refreshCache.dwr HTTP/1.1" 200 78
180.169.147.146 - - [02/Mar/2024:10:43:47 +0800] "GET /xingrg/all/function/internal_message.html?_=1709347423865&CODE_STATE=getMsg HTTP/1.1" 200 27
116.230.114.14 - - [02/Mar/2024:10:43:49 +0800] "GET /xingrg/all/function/internal_message.html?_=1709347451471&CODE_STATE=getMsg HTTP/1.1" 200 27
218.81.65.124 - - [02/Mar/2024:10:43:51 +0800] "POST /xingrg/all/report/load_report_page.html HTTP/1.1" 200 128694
218.81.65.124 - - [02/Mar/2024:10:43:51 +0800] "GET /xingrg/servlets/image?cache=0.42742468143241563&image=px HTTP/1.1" 200 807
222.69.134.64 - - [02/Mar/2024:10:43:51 +0800] "GET /xingrg/all/function/internal_message.html?_=1709347432699&CODE_STATE=getMsg HTTP/1.1" 200 27
124.78.153.49 - - [02/Mar/2024:10:43:57 +0800] "POST /xingrg/kc/buy/cgsh_order_operate.html HTTP/1.1" 200 2065
120.253.135.82 - - [02/Mar/2024:10:43:58 +0800] "GET /xingrg/all/function/internal_message.html?_=1709347274556&CODE_STATE=getMsg HTTP/1.1" 200 27
221.239.172.101 - - [02/Mar/2024:10:44:04 +0800] "GET /xingrg/all/function/internal_message.html?_=1709347443098&CODE_STATE=getMsg HTTP/1.1" 200 27
124.78.67.200 - - [02/Mar/2024:10:44:04 +0800] "GET /xingrg/all/function/internal_message.html?_=1709347444929&CODE_STATE=getMsg HTTP/1.1" 200 27
124.78.67.200 - - [02/Mar/2024:10:44:06 +0800] "GET /xingrg/all/function/internal_message.html?_=1709347442834&CODE_STATE=getMsg HTTP/1.1" 200 27
124.78.67.200 - - [02/Mar/2024:10:44:06 +0800] "GET /xingrg/check_reg.html?_=1709347442836 HTTP/1.1" 200 22
180.171.62.200 - - [02/Mar/2024:10:44:10 +0800] "GET /xingrg/all/function/internal_message.html?_=1709347458310&CODE_STATE=getMsg HTTP/1.1" 200 27
218.81.65.124 - - [02/Mar/2024:10:44:10 +0800] "GET /xingrg/all/function/internal_message.html?_=1709347459589&CODE_STATE=getMsg HTTP/1.1" 200 27
124.78.153.49 - - [02/Mar/2024:10:44:12 +0800] "GET /xingrg/kc/buy/cgsh_order_operate.html?command=get_materiel&rest_code=00106&code=00101008038&supplier_code=00100008&order_time=2024-03-02 HTTP/1.1" 200 412
116.238.97.31 - - [02/Mar/2024:10:44:15 +0800] "GET /xingrg/kc/buy/cgsh_order_list.html HTTP/1.1" 200 57797
116.238.97.31 - - [02/Mar/2024:10:44:16 +0800] "GET /xingrg/kc/buy/cgsh_order_list.html HTTP/1.1" 200 57797
222.70.115.1 - - [02/Mar/2024:10:44:16 +0800] "GET /xingrg/all/function/internal_message.html?_=1709347465602&CODE_STATE=getMsg HTTP/1.1" 200 27
180.169.147.146 - - [02/Mar/2024:10:44:16 +0800] "GET /xingrg/all/function/internal_message.html?_=1709347456502&CODE_STATE=getMsg HTTP/1.1" 200 27
116.238.97.31 - - [02/Mar/2024:10:44:18 +0800] "POST /xingrg/kc/buy/cgsh_list_operate.html HTTP/1.1" 200 986
116.238.97.31 - - [02/Mar/2024:10:44:20 +0800] "POST /xingrg/kc/buy/cgsh_list_operate.html HTTP/1.1" 200 986
116.238.97.31 - - [02/Mar/2024:10:44:21 +0800] "GET /xingrg/kc/buy/cgsh_order_add.html HTTP/1.1" 200 73607
116.238.97.31 - - [02/Mar/2024:10:44:21 +0800] "POST /xingrg/kc/buy/cgsh_order_operate.html HTTP/1.1" 200 8245
116.238.97.31 - - [02/Mar/2024:10:44:21 +0800] "GET /xingrg/javascript/easyui/themes/default/validatebox.css HTTP/1.1" 404 1104
116.230.123.222 - - [02/Mar/2024:10:44:24 +0800] "GET /xingrg/all/function/internal_message.html?_=1709347461635&CODE_STATE=getMsg HTTP/1.1" 200 27
116.238.97.31 - - [02/Mar/2024:10:44:24 +0800] "GET /xingrg/javascript/auto/indicator.gif HTTP/1.1" 404 1066
101.83.145.37 - - [02/Mar/2024:10:44:25 +0800] "GET /xingrg/all/function/internal_message.html?_=1709347464727&CODE_STATE=getMsg HTTP/1.1" 200 27
218.81.65.124 - - [02/Mar/2024:10:44:27 +0800] "POST /xingrg/dwr/call/plaincall/AjaxReportQueryService.refreshCache.dwr HTTP/1.1" 200 78
218.81.65.124 - - [02/Mar/2024:10:44:33 +0800] "POST /xingrg/all/report/load_report_page.html HTTP/1.1" 200 149714
218.81.65.124 - - [02/Mar/2024:10:44:33 +0800] "GET /xingrg/servlets/image?cache=0.5054337396567474&image=px HTTP/1.1" 200 807
114.83.217.226 - - [02/Mar/2024:10:44:33 +0800] "GET /xingrg/check_reg.html?_=1709347471377 HTTP/1.1" 200 22
180.164.1.25 - - [02/Mar/2024:10:44:34 +0800] "GET /xingrg/all/function/internal_message.html?_=1709347474051&CODE_STATE=getMsg HTTP/1.1" 200 27
180.169.147.146 - - [02/Mar/2024:10:44:36 +0800] "GET /xingrg/all/function/internal_message.html?_=1709347471142&CODE_STATE=getMsg HTTP/1.1" 200 27
114.83.217.226 - - [02/Mar/2024:10:44:37 +0800] "GET /xingrg/all/function/internal_message.html?_=1709347475033&CODE_STATE=getMsg HTTP/1.1" 200 27
124.78.153.49 - - [02/Mar/2024:10:44:39 +0800] "GET /xingrg/all/function/internal_message.html?_=1709347478151&CODE_STATE=getMsg HTTP/1.1" 200 27
116.238.97.31 - - [02/Mar/2024:10:44:40 +0800] "GET /xingrg/kc/buy/cgsh_order_operate.html?command=get_materiel&rest_code=00102&code=00101006001&supplier_code=00100517&order_time=2024-03-02 HTTP/1.1" 200 426
116.224.254.208 - - [02/Mar/2024:10:44:40 +0800] "GET /xingrg/all/function/internal_message.html?_=1709347480733&CODE_STATE=getMsg HTTP/1.1" 200 27
101.83.145.37 - - [02/Mar/2024:10:44:41 +0800] "GET /xingrg/check_reg.html?_=1709347245950 HTTP/1.1" 200 22
101.83.145.37 - - [02/Mar/2024:10:44:42 +0800] "GET /xingrg/all/function/internal_message.html?_=1709347245953&CODE_STATE=getMsg HTTP/1.1" 200 27
120.253.135.82 - - [02/Mar/2024:10:44:43 +0800] "GET /xingrg/all/function/internal_message.html?_=1709347652974&CODE_STATE=getMsg HTTP/1.1" 200 27
116.224.254.208 - - [02/Mar/2024:10:44:44 +0800] "GET /xingrg/all/function/internal_message.html?_=1709347483950&CODE_STATE=getMsg HTTP/1.1" 200 27
180.169.147.146 - - [02/Mar/2024:10:44:47 +0800] "GET /xingrg/all/function/internal_message.html?_=1709347483866&CODE_STATE=getMsg HTTP/1.1" 200 27
180.169.147.146 - - [02/Mar/2024:10:44:47 +0800] "GET /xingrg/check_reg.html?_=1709347483864 HTTP/1.1" 200 22
116.230.114.14 - - [02/Mar/2024:10:44:49 +0800] "GET /xingrg/all/function/internal_message.html?_=1709347511822&CODE_STATE=getMsg HTTP/1.1" 200 27
222.69.134.64 - - [02/Mar/2024:10:44:51 +0800] "GET /xingrg/all/function/internal_message.html?_=1709347492688&CODE_STATE=getMsg HTTP/1.1" 200 27
120.253.135.82 - - [02/Mar/2024:10:44:58 +0800] "GET /xingrg/check_reg.html?_=1709347334230 HTTP/1.1" 200 22
120.253.135.82 - - [02/Mar/2024:10:44:58 +0800] "GET /xingrg/all/function/internal_message.html?_=1709347334569&CODE_STATE=getMsg HTTP/1.1" 200 27
116.238.97.31 - - [02/Mar/2024:10:44:59 +0800] "POST /xingrg/kc/buy/cgsh_order_operate.html HTTP/1.1" 200 37
221.239.172.101 - - [02/Mar/2024:10:45:04 +0800] "GET /xingrg/all/function/internal_message.html?_=1709347503070&CODE_STATE=getMsg HTTP/1.1" 200 27
124.78.67.200 - - [02/Mar/2024:10:45:04 +0800] "GET /xingrg/all/function/internal_message.html?_=1709347504903&CODE_STATE=getMsg HTTP/1.1" 200 27
124.78.67.200 - - [02/Mar/2024:10:45:06 +0800] "GET /xingrg/all/function/internal_message.html?_=1709347502834&CODE_STATE=getMsg HTTP/1.1" 200 27
180.171.62.200 - - [02/Mar/2024:10:45:10 +0800] "GET /xingrg/all/function/internal_message.html?_=1709347518311&CODE_STATE=getMsg HTTP/1.1" 200 27
218.81.65.124 - - [02/Mar/2024:10:45:10 +0800] "GET /xingrg/all/function/internal_message.html?_=1709347519594&CODE_STATE=getMsg HTTP/1.1" 200 27
222.70.115.1 - - [02/Mar/2024:10:45:16 +0800] "GET /xingrg/all/function/internal_message.html?_=1709347525592&CODE_STATE=getMsg HTTP/1.1" 200 27
180.169.147.146 - - [02/Mar/2024:10:45:16 +0800] "GET /xingrg/all/function/internal_message.html?_=1709347516505&CODE_STATE=getMsg HTTP/1.1" 200 27
116.230.123.222 - - [02/Mar/2024:10:45:24 +0800] "GET /xingrg/all/function/internal_message.html?_=1709347521620&CODE_STATE=getMsg HTTP/1.1" 200 27
101.83.145.37 - - [02/Mar/2024:10:45:25 +0800] "GET /xingrg/all/function/internal_message.html?_=1709347524708&CODE_STATE=getMsg HTTP/1.1" 200 27
124.78.153.49 - - [02/Mar/2024:10:45:28 +0800] "POST /xingrg/kc/buy/cgsh_order_operate.html HTTP/1.1" 200 2065
116.230.114.14 - - [02/Mar/2024:10:45:30 +0800] "GET /xingrg/check_reg.html?_=1709347552842 HTTP/1.1" 200 22
180.164.1.25 - - [02/Mar/2024:10:45:34 +0800] "GET /xingrg/all/function/internal_message.html?_=1709347534036&CODE_STATE=getMsg HTTP/1.1" 200 27
180.169.147.146 - - [02/Mar/2024:10:45:36 +0800] "GET /xingrg/check_reg.html?_=1709347531151 HTTP/1.1" 200 22
180.169.147.146 - - [02/Mar/2024:10:45:36 +0800] "GET /xingrg/all/function/internal_message.html?_=1709347531154&CODE_STATE=getMsg HTTP/1.1" 200 27
114.83.217.226 - - [02/Mar/2024:10:45:37 +0800] "GET /xingrg/all/function/internal_message.html?_=1709347535022&CODE_STATE=getMsg HTTP/1.1" 200 27
124.78.153.49 - - [02/Mar/2024:10:45:39 +0800] "GET /xingrg/kc/buy/cgsh_order_operate.html?command=get_materiel&rest_code=00106&code=00101008087&supplier_code=00100008&order_time=2024-03-02 HTTP/1.1" 200 412
124.78.153.49 - - [02/Mar/2024:10:45:39 +0800] "GET /xingrg/all/function/internal_message.html?_=1709347538130&CODE_STATE=getMsg HTTP/1.1" 200 27
116.224.254.208 - - [02/Mar/2024:10:45:40 +0800] "GET /xingrg/all/function/internal_message.html?_=1709347540744&CODE_STATE=getMsg HTTP/1.1" 200 27
101.83.145.37 - - [02/Mar/2024:10:45:42 +0800] "GET /xingrg/all/function/internal_message.html?_=1709347305953&CODE_STATE=getMsg HTTP/1.1" 200 27
120.253.135.82 - - [02/Mar/2024:10:45:43 +0800] "GET /xingrg/all/function/internal_message.html?_=1709347712978&CODE_STATE=getMsg HTTP/1.1" 200 27
116.224.254.208 - - [02/Mar/2024:10:45:44 +0800] "GET /xingrg/all/function/internal_message.html?_=1709347543930&CODE_STATE=getMsg HTTP/1.1" 200 27
180.169.147.146 - - [02/Mar/2024:10:45:47 +0800] "GET /xingrg/all/function/internal_message.html?_=1709347543864&CODE_STATE=getMsg HTTP/1.1" 200 27
116.230.114.14 - - [02/Mar/2024:10:45:49 +0800] "GET /xingrg/all/function/internal_message.html?_=1709347571827&CODE_STATE=getMsg HTTP/1.1" 200 27
222.69.134.64 - - [02/Mar/2024:10:45:51 +0800] "GET /xingrg/all/function/internal_message.html?_=1709347552700&CODE_STATE=getMsg HTTP/1.1" 200 27
120.253.135.82 - - [02/Mar/2024:10:45:58 +0800] "GET /xingrg/all/function/internal_message.html?_=1709347394583&CODE_STATE=getMsg HTTP/1.1" 200 27
221.239.172.101 - - [02/Mar/2024:10:46:04 +0800] "GET /xingrg/all/function/internal_message.html?_=1709347563042&CODE_STATE=getMsg HTTP/1.1" 200 27
124.78.67.200 - - [02/Mar/2024:10:46:04 +0800] "GET /xingrg/all/function/internal_message.html?_=1709347564883&CODE_STATE=getMsg HTTP/1.1" 200 27
124.78.67.200 - - [02/Mar/2024:10:46:06 +0800] "GET /xingrg/all/function/internal_message.html?_=1709347562832&CODE_STATE=getMsg HTTP/1.1" 200 27
180.171.62.200 - - [02/Mar/2024:10:46:10 +0800] "GET /xingrg/check_reg.html?_=1709347578313 HTTP/1.1" 200 22
180.171.62.200 - - [02/Mar/2024:10:46:10 +0800] "GET /xingrg/all/function/internal_message.html?_=1709347578317&CODE_STATE=getMsg HTTP/1.1" 200 27
218.81.65.124 - - [02/Mar/2024:10:46:10 +0800] "GET /xingrg/all/function/internal_message.html?_=1709347579644&CODE_STATE=getMsg HTTP/1.1" 200 27
222.70.115.1 - - [02/Mar/2024:10:46:16 +0800] "GET /xingrg/all/function/internal_message.html?_=1709347585592&CODE_STATE=getMsg HTTP/1.1" 200 27
180.169.147.146 - - [02/Mar/2024:10:46:16 +0800] "GET /xingrg/all/function/internal_message.html?_=1709347576497&CODE_STATE=getMsg HTTP/1.1" 200 27
124.78.153.49 - - [02/Mar/2024:10:46:20 +0800] "GET /xingrg/kc/buy/cgsh_order_operate.html?command=get_materiel&rest_code=00106&code=00101008037&supplier_code=00100008&order_time=2024-03-02 HTTP/1.1" 200 415
116.230.123.222 - - [02/Mar/2024:10:46:24 +0800] "GET /xingrg/all/function/internal_message.html?_=1709347581603&CODE_STATE=getMsg HTTP/1.1" 200 27
101.83.145.37 - - [02/Mar/2024:10:46:25 +0800] "GET /xingrg/all/function/internal_message.html?_=1709347584690&CODE_STATE=getMsg HTTP/1.1" 200 27
180.164.1.25 - - [02/Mar/2024:10:46:34 +0800] "GET /xingrg/all/function/internal_message.html?_=1709347594016&CODE_STATE=getMsg HTTP/1.1" 200 27
180.169.147.146 - - [02/Mar/2024:10:46:36 +0800] "GET /xingrg/all/function/internal_message.html?_=1709347591138&CODE_STATE=getMsg HTTP/1.1" 200 27
114.83.217.226 - - [02/Mar/2024:10:46:37 +0800] "GET /xingrg/all/function/internal_message.html?_=1709347595007&CODE_STATE=getMsg HTTP/1.1" 200 27
124.78.153.49 - - [02/Mar/2024:10:46:39 +0800] "GET /xingrg/check_reg.html?_=1709347597867 HTTP/1.1" 200 22
124.78.153.49 - - [02/Mar/2024:10:46:39 +0800] "GET /xingrg/all/function/internal_message.html?_=1709347598110&CODE_STATE=getMsg HTTP/1.1" 200 27
116.224.254.208 - - [02/Mar/2024:10:46:40 +0800] "GET /xingrg/all/function/internal_message.html?_=1709347600740&CODE_STATE=getMsg HTTP/1.1" 200 27
101.83.145.37 - - [02/Mar/2024:10:46:42 +0800] "GET /xingrg/all/function/internal_message.html?_=1709347365954&CODE_STATE=getMsg HTTP/1.1" 200 27
120.253.135.82 - - [02/Mar/2024:10:46:43 +0800] "GET /xingrg/all/function/internal_message.html?_=1709347772983&CODE_STATE=getMsg HTTP/1.1" 200 27
116.224.254.208 - - [02/Mar/2024:10:46:44 +0800] "GET /xingrg/all/function/internal_message.html?_=1709347603912&CODE_STATE=getMsg HTTP/1.1" 200 27
180.169.147.146 - - [02/Mar/2024:10:46:47 +0800] "GET /xingrg/all/function/internal_message.html?_=1709347603863&CODE_STATE=getMsg HTTP/1.1" 200 27
116.230.114.14 - - [02/Mar/2024:10:46:49 +0800] "GET /xingrg/all/function/internal_message.html?_=1709347631839&CODE_STATE=getMsg HTTP/1.1" 200 27
222.69.134.64 - - [02/Mar/2024:10:46:51 +0800] "GET /xingrg/check_reg.html?_=1709347612706 HTTP/1.1" 200 22
222.69.134.64 - - [02/Mar/2024:10:46:51 +0800] "GET /xingrg/all/function/internal_message.html?_=1709347612710&CODE_STATE=getMsg HTTP/1.1" 200 27
120.253.135.82 - - [02/Mar/2024:10:46:58 +0800] "GET /xingrg/all/function/internal_message.html?_=1709347454597&CODE_STATE=getMsg HTTP/1.1" 200 27
221.239.172.101 - - [02/Mar/2024:10:47:04 +0800] "GET /xingrg/all/function/internal_message.html?_=1709347623055&CODE_STATE=getMsg HTTP/1.1" 200 27
124.78.67.200 - - [02/Mar/2024:10:47:04 +0800] "GET /xingrg/all/function/internal_message.html?_=1709347624860&CODE_STATE=getMsg HTTP/1.1" 200 27
124.78.67.200 - - [02/Mar/2024:10:47:06 +0800] "GET /xingrg/all/function/internal_message.html?_=1709347622830&CODE_STATE=getMsg HTTP/1.1" 200 27
101.83.145.37 - - [02/Mar/2024:10:47:09 +0800] "GET /xingrg/check_reg.html?_=1709347629453 HTTP/1.1" 200 22
180.171.62.200 - - [02/Mar/2024:10:47:10 +0800] "GET /xingrg/all/function/internal_message.html?_=1709347638319&CODE_STATE=getMsg HTTP/1.1" 200 27
218.81.65.124 - - [02/Mar/2024:10:47:10 +0800] "GET /xingrg/check_reg.html?_=1709347639600 HTTP/1.1" 200 22
218.81.65.124 - - [02/Mar/2024:10:47:10 +0800] "GET /xingrg/all/function/internal_message.html?_=1709347639616&CODE_STATE=getMsg HTTP/1.1" 200 27
124.78.153.49 - - [02/Mar/2024:10:47:11 +0800] "GET /xingrg/kc/buy/cgsh_order_operate.html?command=get_materiel&rest_code=00106&code=00101008224&supplier_code=00100008&order_time=2024-03-02 HTTP/1.1" 200 416
222.70.115.1 - - [02/Mar/2024:10:47:16 +0800] "GET /xingrg/all/function/internal_message.html?_=1709347645606&CODE_STATE=getMsg HTTP/1.1" 200 27
180.169.147.146 - - [02/Mar/2024:10:47:16 +0800] "GET /xingrg/all/function/internal_message.html?_=1709347636511&CODE_STATE=getMsg HTTP/1.1" 200 27
124.78.153.49 - - [02/Mar/2024:10:47:17 +0800] "POST /xingrg/kc/buy/cgsh_order_operate.html HTTP/1.1" 200 2065
221.239.172.101 - - [02/Mar/2024:10:47:22 +0800] "GET /xingrg/check_reg.html?_=1709347641121 HTTP/1.1" 200 22
116.230.123.222 - - [02/Mar/2024:10:47:24 +0800] "GET /xingrg/all/function/internal_message.html?_=1709347641586&CODE_STATE=getMsg HTTP/1.1" 200 27
101.83.145.37 - - [02/Mar/2024:10:47:25 +0800] "GET /xingrg/all/function/internal_message.html?_=1709347644663&CODE_STATE=getMsg HTTP/1.1" 200 27
116.230.123.222 - - [02/Mar/2024:10:47:25 +0800] "GET /xingrg/check_reg.html?_=1709347642539 HTTP/1.1" 200 22
180.164.1.25 - - [02/Mar/2024:10:47:28 +0800] "GET /xingrg/check_reg.html?_=1709347648099 HTTP/1.1" 200 22
124.78.153.49 - - [02/Mar/2024:10:47:32 +0800] "GET /xingrg/kc/buy/cgsh_order_operate.html?command=get_materiel&rest_code=00106&code=00101008108&supplier_code=00100008&order_time=2024-03-02 HTTP/1.1" 200 412
