116.230.114.14 - - [02/Mar/2024:11:18:54 +0800] "GET /xingrg/all/function/internal_message.html?_=1709349556984&CODE_STATE=getMsg HTTP/1.1" 302 -
180.169.147.146 - - [02/Mar/2024:11:18:55 +0800] "GET /xingrg/kc/print/load_config.html?kc_code=cgsh HTTP/1.1" 200 1927
180.169.147.146 - - [02/Mar/2024:11:18:55 +0800] "GET /xingrg/kc/print/load_data.html?order_code=212024022908404&kc_code=cgsh&condition= HTTP/1.1" 200 701
218.81.65.124 - - [02/Mar/2024:11:18:56 +0800] "POST /xingrg/services/DataTransmitService HTTP/1.1" 200 524
180.169.147.146 - - [02/Mar/2024:11:19:02 +0800] "GET /xingrg/all/function/internal_message.html?_=1709349537530&CODE_STATE=getMsg HTTP/1.1" 200 27
116.224.254.208 - - [02/Mar/2024:11:19:03 +0800] "GET /xingrg/all/function/internal_message.html?_=1709349543134&CODE_STATE=getMsg HTTP/1.1" 200 27
116.230.123.222 - - [02/Mar/2024:11:19:06 +0800] "GET /xingrg/all/function/internal_message.html?_=1709349543536&CODE_STATE=getMsg HTTP/1.1" 200 27
124.78.67.200 - - [02/Mar/2024:11:19:06 +0800] "GET /xingrg/all/function/internal_message.html?_=1709349542889&CODE_STATE=getMsg HTTP/1.1" 302 -
124.78.67.200 - - [02/Mar/2024:11:19:06 +0800] "GET /xingrg/check_reg.html?_=1709349542890 HTTP/1.1" 302 -
124.78.67.200 - - [02/Mar/2024:11:19:09 +0800] "GET /xingrg/all/function/internal_message.html?_=1709349549334&CODE_STATE=getMsg HTTP/1.1" 200 27
180.171.62.200 - - [02/Mar/2024:11:19:10 +0800] "GET /xingrg/all/function/internal_message.html?_=1709349558323&CODE_STATE=getMsg HTTP/1.1" 302 -
218.81.65.124 - - [02/Mar/2024:11:19:10 +0800] "GET /xingrg/all/function/internal_message.html?_=1709349559646&CODE_STATE=getMsg HTTP/1.1" 302 -
116.224.254.208 - - [02/Mar/2024:11:19:11 +0800] "GET /xingrg/kc/buy/cgsh_order_operate.html?command=get_materiel&rest_code=00150&code=00101020448&supplier_code=00100570&order_time=2024-03-02 HTTP/1.1" 200 421
116.238.97.31 - - [02/Mar/2024:11:19:14 +0800] "GET /xingrg/check_reg.html?_=1709349554986 HTTP/1.1" 200 22
116.238.97.31 - - [02/Mar/2024:11:19:14 +0800] "GET /xingrg/all/function/internal_message.html?_=1709349554987&CODE_STATE=getMsg HTTP/1.1" 200 27
124.78.153.49 - - [02/Mar/2024:11:19:15 +0800] "POST /xingrg/kc/buy/cgsh_order_operate.html HTTP/1.1" 200 37
124.78.153.49 - - [02/Mar/2024:11:19:17 +0800] "POST /xingrg/kc/buy/cgsh_order_operate.html HTTP/1.1" 200 5036
221.239.172.101 - - [02/Mar/2024:11:19:21 +0800] "GET /xingrg/all/function/internal_message.html?_=1709349559832&CODE_STATE=getMsg HTTP/1.1" 200 27
124.78.153.49 - - [02/Mar/2024:11:19:21 +0800] "GET /xingrg/kc/buy/cgsh_order_add.html HTTP/1.1" 200 73566
124.78.153.49 - - [02/Mar/2024:11:19:21 +0800] "POST /xingrg/kc/buy/cgsh_order_operate.html HTTP/1.1" 200 8245
124.78.153.49 - - [02/Mar/2024:11:19:21 +0800] "GET /xingrg/javascript/easyui/themes/default/validatebox.css HTTP/1.1" 404 1104
101.83.145.37 - - [02/Mar/2024:11:19:24 +0800] "GET /xingrg/all/function/internal_message.html?_=1709349563884&CODE_STATE=getMsg HTTP/1.1" 302 -
116.224.254.208 - - [02/Mar/2024:11:19:24 +0800] "POST /xingrg/kc/buy/cgsh_order_operate.html HTTP/1.1" 200 37
116.232.194.112 - - [02/Mar/2024:11:19:25 +0800] "POST /xingrg/kc/buy/cgsh_list_operate.html HTTP/1.1" 200 4
124.78.153.49 - - [02/Mar/2024:11:19:27 +0800] "GET /xingrg/javascript/easyui/themes/default/tree.css HTTP/1.1" 404 1090
120.253.135.82 - - [02/Mar/2024:11:19:28 +0800] "POST /xingrg/kc/pszx/jzcl_ps_operate.html HTTP/1.1" 200 21
120.253.135.82 - - [02/Mar/2024:11:19:28 +0800] "GET /xingrg/kc/pszx/mdps_order_list.html HTTP/1.1" 200 20995
120.253.135.82 - - [02/Mar/2024:11:19:28 +0800] "GET /xingrg/all/function/internal_message.html?_=1709349404312&CODE_STATE=getMsg HTTP/1.1" 200 27
124.78.153.49 - - [02/Mar/2024:11:19:28 +0800] "POST /xingrg/all/common/load_tree.html?tree=supplier_tree_json&isDelete=1 HTTP/1.1" 200 78681
120.253.135.82 - - [02/Mar/2024:11:19:29 +0800] "POST /xingrg/kc/pszx/mdps_list_operate.html HTTP/1.1" 200 5332
124.78.153.49 - - [02/Mar/2024:11:19:30 +0800] "GET /xingrg/check_reg.html?_=1709349569099 HTTP/1.1" 200 22
124.78.153.49 - - [02/Mar/2024:11:19:30 +0800] "GET /xingrg/all/function/internal_message.html?_=1709349569099&CODE_STATE=getMsg HTTP/1.1" 200 27
120.253.135.82 - - [02/Mar/2024:11:19:30 +0800] "GET /xingrg/kc/pszx/mdqp_order_list.html?state=10 HTTP/1.1" 200 10319
120.253.135.82 - - [02/Mar/2024:11:19:30 +0800] "GET /xingrg/dwr/interface/AjaxQqpsService.js HTTP/1.1" 200 16326
120.253.135.82 - - [02/Mar/2024:11:19:30 +0800] "GET /xingrg/dwr/interface/AjaxReportQueryService.js HTTP/1.1" 200 13203
120.253.135.82 - - [02/Mar/2024:11:19:30 +0800] "GET /xingrg/dwr/engine.js HTTP/1.1" 200 43631
116.224.254.208 - - [02/Mar/2024:11:19:32 +0800] "POST /xingrg/kc/buy/cgsh_order_operate.html HTTP/1.1" 200 12
116.232.194.112 - - [02/Mar/2024:11:19:34 +0800] "POST /xingrg/kc/buy/cgsh_list_operate.html HTTP/1.1" 200 986
124.78.67.200 - - [02/Mar/2024:11:19:34 +0800] "GET /xingrg/kc/buy/cgsh_order_operate.html?command=get_materiel&rest_code=00141&code=00101015072&supplier_code=00100055&order_time=2024-03-02 HTTP/1.1" 200 408
116.224.254.208 - - [02/Mar/2024:11:19:36 +0800] "GET /xingrg/kc/buy/cgsh_order_info.html?code=212024030200381 HTTP/1.1" 200 68543
116.224.254.208 - - [02/Mar/2024:11:19:36 +0800] "GET /xingrg/javascript/easyui/themes/default/validatebox.css HTTP/1.1" 404 1104
116.232.194.112 - - [02/Mar/2024:11:19:38 +0800] "GET /xingrg/kc/buy/cgsh_order_add.html HTTP/1.1" 200 73660
116.232.194.112 - - [02/Mar/2024:11:19:38 +0800] "GET /xingrg/words/20240229092203_words.js HTTP/1.1" 304 -
116.232.194.112 - - [02/Mar/2024:11:19:38 +0800] "POST /xingrg/kc/buy/cgsh_order_operate.html HTTP/1.1" 200 8245
116.232.194.112 - - [02/Mar/2024:11:19:38 +0800] "GET /xingrg/javascript/easyui/themes/default/validatebox.css HTTP/1.1" 404 1104
116.232.194.112 - - [02/Mar/2024:11:19:38 +0800] "GET /xingrg/all/common/auto_word.html?type=employee&rest_code=00155 HTTP/1.1" 200 255
116.232.194.112 - - [02/Mar/2024:11:19:38 +0800] "GET /xingrg/all/common/auto_word.html?type=employee&rest_code=00155 HTTP/1.1" 200 255
180.169.147.146 - - [02/Mar/2024:11:19:38 +0800] "GET /xingrg/all/function/internal_message.html?_=1709349574937&CODE_STATE=getMsg HTTP/1.1" 200 27
116.232.194.112 - - [02/Mar/2024:11:19:39 +0800] "GET /xingrg/all/function/internal_message.html?_=1709349562162&CODE_STATE=getMsg HTTP/1.1" 200 27
116.224.254.208 - - [02/Mar/2024:11:19:40 +0800] "GET /xingrg/all/function/internal_message.html?_=1709349580725&CODE_STATE=getMsg HTTP/1.1" 302 -
101.83.145.37 - - [02/Mar/2024:11:19:42 +0800] "GET /xingrg/all/function/internal_message.html?_=1709349345995&CODE_STATE=getMsg HTTP/1.1" 302 -
101.83.145.37 - - [02/Mar/2024:11:19:42 +0800] "GET /xingrg/check_reg.html?_=1709349345998 HTTP/1.1" 302 -
221.239.172.101 - - [02/Mar/2024:11:19:42 +0800] "POST /xingrg/dwr/call/plaincall/AjaxCheckService.setItemNumber.dwr HTTP/1.1" 200 76
116.230.123.222 - - [02/Mar/2024:11:19:42 +0800] "POST /xingrg/kc/buy/cgsh_order_operate.html HTTP/1.1" 200 37
116.224.254.208 - - [02/Mar/2024:11:19:42 +0800] "POST /xingrg/kc/buy/cgsh_order_operate.html HTTP/1.1" 200 1214
180.169.147.146 - - [02/Mar/2024:11:19:42 +0800] "POST /xingrg/kc/buy/cgsh_list_operate.html HTTP/1.1" 200 6263
180.169.147.146 - - [02/Mar/2024:11:19:44 +0800] "GET /xingrg/all/function/internal_message.html?_=1709349583937&CODE_STATE=getMsg HTTP/1.1" 200 27
120.253.135.82 - - [02/Mar/2024:11:19:44 +0800] "GET /xingrg/all/function/internal_message.html?_=1709349753128&CODE_STATE=getMsg HTTP/1.1" 302 -
120.253.135.82 - - [02/Mar/2024:11:19:44 +0800] "GET /xingrg/login.html HTTP/1.1" 200 7641
222.70.115.1 - - [02/Mar/2024:11:19:44 +0800] "GET /xingrg/all/function/internal_message.html?_=1709349593551&CODE_STATE=getMsg HTTP/1.1" 302 -
222.70.115.1 - - [02/Mar/2024:11:19:44 +0800] "GET /xingrg/login.html HTTP/1.1" 200 7641
116.224.254.208 - - [02/Mar/2024:11:19:44 +0800] "GET /xingrg/kc/print/load_data.html?order_code=212024030200381&kc_code=cgsh&condition= HTTP/1.1" 200 960
222.69.134.64 - - [02/Mar/2024:11:19:51 +0800] "GET /xingrg/all/function/internal_message.html?_=1709349592702&CODE_STATE=getMsg HTTP/1.1" 302 -
116.224.254.208 - - [02/Mar/2024:11:19:51 +0800] "GET /xingrg/kc/buy/cgsh_order_add.html HTTP/1.1" 200 73628
116.224.254.208 - - [02/Mar/2024:11:19:52 +0800] "POST /xingrg/kc/buy/cgsh_order_operate.html HTTP/1.1" 200 8245
116.224.254.208 - - [02/Mar/2024:11:19:52 +0800] "GET /xingrg/javascript/easyui/themes/default/validatebox.css HTTP/1.1" 404 1104
221.239.172.101 - - [02/Mar/2024:11:19:52 +0800] "POST /xingrg/dwr/call/plaincall/AjaxCheckService.setItemNumber.dwr HTTP/1.1" 200 76
124.78.153.49 - - [02/Mar/2024:11:19:53 +0800] "GET /xingrg/kc/buy/cgsh_order_operate.html?command=get_materiel&rest_code=00106&code=00101005037&supplier_code=00100631&order_time=2024-03-02 HTTP/1.1" 200 409
116.230.114.14 - - [02/Mar/2024:11:19:55 +0800] "GET /xingrg/all/function/internal_message.html?_=1709349617328&CODE_STATE=getMsg HTTP/1.1" 302 -
180.169.147.146 - - [02/Mar/2024:11:19:59 +0800] "POST /xingrg/kc/buy/cgsh_list_operate.html HTTP/1.1" 200 6401
180.169.147.146 - - [02/Mar/2024:11:20:02 +0800] "GET /xingrg/all/function/internal_message.html?_=1709349597535&CODE_STATE=getMsg HTTP/1.1" 200 27
116.224.254.208 - - [02/Mar/2024:11:20:03 +0800] "GET /xingrg/all/function/internal_message.html?_=1709349603146&CODE_STATE=getMsg HTTP/1.1" 200 27
116.224.254.208 - - [02/Mar/2024:11:20:04 +0800] "GET /xingrg/kc/buy/cgsh_order_operate.html?command=get_materiel&rest_code=00150&code=00101007181&supplier_code=00100328&order_time=2024-03-02 HTTP/1.1" 200 412
120.253.135.82 - - [02/Mar/2024:11:20:05 +0800] "GET /xingrg/kc/pszx/mdqp_order_list.html?state=10 HTTP/1.1" 200 10319
120.253.135.82 - - [02/Mar/2024:11:20:05 +0800] "GET /xingrg/dwr/interface/AjaxReportQueryService.js HTTP/1.1" 200 13203
120.253.135.82 - - [02/Mar/2024:11:20:05 +0800] "GET /xingrg/dwr/interface/AjaxQqpsService.js HTTP/1.1" 200 16326
120.253.135.82 - - [02/Mar/2024:11:20:05 +0800] "GET /xingrg/dwr/engine.js HTTP/1.1" 200 43631
124.78.67.200 - - [02/Mar/2024:11:20:05 +0800] "GET /xingrg/kc/buy/cgsh_order_operate.html?command=get_materiel&rest_code=00141&code=00101031012&supplier_code=00100055&order_time=2024-03-02 HTTP/1.1" 200 417
116.230.123.222 - - [02/Mar/2024:11:20:06 +0800] "GET /xingrg/all/function/internal_message.html?_=1709349603539&CODE_STATE=getMsg HTTP/1.1" 200 27
124.78.67.200 - - [02/Mar/2024:11:20:06 +0800] "GET /xingrg/all/function/internal_message.html?_=1709349602888&CODE_STATE=getMsg HTTP/1.1" 302 -
221.239.172.101 - - [02/Mar/2024:11:20:08 +0800] "POST /xingrg/dwr/call/plaincall/AjaxCheckService.setItemNumber.dwr HTTP/1.1" 200 76
124.78.153.49 - - [02/Mar/2024:11:20:09 +0800] "POST /xingrg/kc/buy/cgsh_order_operate.html HTTP/1.1" 200 37
124.78.67.200 - - [02/Mar/2024:11:20:09 +0800] "GET /xingrg/all/function/internal_message.html?_=1709349609312&CODE_STATE=getMsg HTTP/1.1" 200 27
120.253.135.82 - - [02/Mar/2024:11:20:09 +0800] "GET /xingrg/kc/pszx/mdps_order_list.html?orderType=0 HTTP/1.1" 200 20995
120.253.135.82 - - [02/Mar/2024:11:20:09 +0800] "POST /xingrg/kc/pszx/mdps_list_operate.html HTTP/1.1" 200 5332
180.171.62.200 - - [02/Mar/2024:11:20:10 +0800] "GET /xingrg/all/function/internal_message.html?_=1709349618323&CODE_STATE=getMsg HTTP/1.1" 302 -
218.81.65.124 - - [02/Mar/2024:11:20:10 +0800] "GET /xingrg/all/function/internal_message.html?_=1709349619645&CODE_STATE=getMsg HTTP/1.1" 302 -
116.230.123.222 - - [02/Mar/2024:11:20:11 +0800] "POST /xingrg/kc/buy/cgsh_order_operate.html HTTP/1.1" 200 12
124.78.153.49 - - [02/Mar/2024:11:20:11 +0800] "POST /xingrg/kc/buy/cgsh_order_operate.html HTTP/1.1" 200 2653
120.253.135.82 - - [02/Mar/2024:11:20:13 +0800] "GET /xingrg/javascript/auto/indicator.gif HTTP/1.1" 404 1066
124.78.153.49 - - [02/Mar/2024:11:20:13 +0800] "GET /xingrg/kc/base/base_main.html HTTP/1.1" 200 12142
116.238.97.31 - - [02/Mar/2024:11:20:14 +0800] "GET /xingrg/all/function/internal_message.html?_=1709349614979&CODE_STATE=getMsg HTTP/1.1" 200 27
124.78.153.49 - - [02/Mar/2024:11:20:15 +0800] "GET /xingrg/kc/base/wldb_order_list.html HTTP/1.1" 200 19013
124.78.153.49 - - [02/Mar/2024:11:20:16 +0800] "POST /xingrg/kc/base/wldb_list_operate.html HTTP/1.1" 200 928
116.224.254.208 - - [02/Mar/2024:11:20:16 +0800] "POST /xingrg/kc/buy/cgsh_order_operate.html HTTP/1.1" 200 37
116.230.123.222 - - [02/Mar/2024:11:20:17 +0800] "GET /xingrg/kc/buy/cgsh_order_info.html?code=212024030200382 HTTP/1.1" 200 68439
120.253.135.82 - - [02/Mar/2024:11:20:17 +0800] "POST /xingrg/kc/pszx/mdps_list_operate.html HTTP/1.1" 200 868
116.230.123.222 - - [02/Mar/2024:11:20:17 +0800] "GET /xingrg/javascript/easyui/themes/default/validatebox.css HTTP/1.1" 404 1104
124.78.153.49 - - [02/Mar/2024:11:20:18 +0800] "GET /xingrg/kc/base/wldb_order_add.html HTTP/1.1" 200 30344
116.230.123.222 - - [02/Mar/2024:11:20:18 +0800] "POST /xingrg/kc/buy/cgsh_order_operate.html HTTP/1.1" 200 10687
124.78.153.49 - - [02/Mar/2024:11:20:18 +0800] "POST /xingrg/kc/base/wldb_order_operate.html HTTP/1.1" 200 6806
124.78.153.49 - - [02/Mar/2024:11:20:19 +0800] "GET /xingrg/all/common/auto_word.html?type=base&rest_code=00106 HTTP/1.1" 200 1799
124.78.153.49 - - [02/Mar/2024:11:20:19 +0800] "GET /xingrg/all/common/auto_word.html?type=base&rest_code=00106 HTTP/1.1" 200 1799
124.78.153.49 - - [02/Mar/2024:11:20:19 +0800] "GET /xingrg/javascript/easyui/themes/default/validatebox.css HTTP/1.1" 404 1104
120.253.135.82 - - [02/Mar/2024:11:20:19 +0800] "GET /xingrg/kc/pszx/mdps_order_add.html HTTP/1.1" 200 29064
120.253.135.82 - - [02/Mar/2024:11:20:19 +0800] "POST /xingrg/kc/pszx/mdps_order_operate.html HTTP/1.1" 200 7126
120.253.135.82 - - [02/Mar/2024:11:20:19 +0800] "GET /xingrg/javascript/easyui/themes/default/validatebox.css HTTP/1.1" 404 1104
221.239.172.101 - - [02/Mar/2024:11:20:20 +0800] "POST /xingrg/dwr/call/plaincall/AjaxCheckService.setItemNumber.dwr HTTP/1.1" 200 76
124.78.153.49 - - [02/Mar/2024:11:20:20 +0800] "POST /xingrg/all/common/load_combo.html?type=base HTTP/1.1" 200 3227
221.239.172.101 - - [02/Mar/2024:11:20:21 +0800] "POST /xingrg/dwr/call/plaincall/AjaxCheckService.setItemNumber.dwr HTTP/1.1" 200 76
221.239.172.101 - - [02/Mar/2024:11:20:21 +0800] "GET /xingrg/all/function/internal_message.html?_=1709349619857&CODE_STATE=getMsg HTTP/1.1" 200 27
221.239.172.101 - - [02/Mar/2024:11:20:21 +0800] "POST /xingrg/dwr/call/plaincall/AjaxCheckService.setItemNumber.dwr HTTP/1.1" 200 76
221.239.172.101 - - [02/Mar/2024:11:20:22 +0800] "POST /xingrg/dwr/call/plaincall/AjaxCheckService.setItemNumber.dwr HTTP/1.1" 200 77
116.224.254.208 - - [02/Mar/2024:11:20:23 +0800] "POST /xingrg/kc/buy/cgsh_order_operate.html HTTP/1.1" 200 12
180.169.147.146 - - [02/Mar/2024:11:20:23 +0800] "POST /xingrg/kc/buy/cgsh_list_operate.html HTTP/1.1" 200 4423
101.83.145.37 - - [02/Mar/2024:11:20:24 +0800] "GET /xingrg/all/function/internal_message.html?_=1709349623864&CODE_STATE=getMsg HTTP/1.1" 302 -
124.78.153.49 - - [02/Mar/2024:11:20:24 +0800] "POST /xingrg/all/common/load_combo.html?type=base HTTP/1.1" 200 3227
116.224.254.208 - - [02/Mar/2024:11:20:26 +0800] "GET /xingrg/kc/buy/cgsh_order_info.html?code=212024030200384 HTTP/1.1" 200 68545
116.224.254.208 - - [02/Mar/2024:11:20:26 +0800] "GET /xingrg/javascript/easyui/themes/default/validatebox.css HTTP/1.1" 404 1104
180.169.147.146 - - [02/Mar/2024:11:20:26 +0800] "POST /xingrg/kc/buy/cgsh_list_operate.html HTTP/1.1" 200 203
116.224.254.208 - - [02/Mar/2024:11:20:27 +0800] "POST /xingrg/kc/buy/cgsh_order_operate.html HTTP/1.1" 200 607
120.253.135.82 - - [02/Mar/2024:11:20:27 +0800] "POST /xingrg/all/common/load_combo.html?type=base HTTP/1.1" 200 1169
180.169.147.146 - - [02/Mar/2024:11:20:27 +0800] "GET /xingrg/kc/buy/cgsh_order_info.html?code=212024020100499 HTTP/1.1" 200 68530
180.169.147.146 - - [02/Mar/2024:11:20:28 +0800] "GET /xingrg/javascript/easyui/themes/default/validatebox.css HTTP/1.1" 404 1104
221.239.172.101 - - [02/Mar/2024:11:20:28 +0800] "POST /xingrg/dwr/call/plaincall/AjaxCheckService.setItemNumber.dwr HTTP/1.1" 200 77
120.253.135.82 - - [02/Mar/2024:11:20:28 +0800] "GET /xingrg/all/function/internal_message.html?_=1709349464388&CODE_STATE=getMsg HTTP/1.1" 200 27
180.169.147.146 - - [02/Mar/2024:11:20:29 +0800] "POST /xingrg/kc/buy/cgsh_order_operate.html HTTP/1.1" 200 614
116.224.254.208 - - [02/Mar/2024:11:20:29 +0800] "GET /xingrg/kc/print/load_data.html?order_code=212024030200384&kc_code=cgsh&condition= HTTP/1.1" 200 738
221.239.172.101 - - [02/Mar/2024:11:20:30 +0800] "POST /xingrg/dwr/call/plaincall/AjaxCheckService.setItemNumber.dwr HTTP/1.1" 200 77
124.78.153.49 - - [02/Mar/2024:11:20:30 +0800] "GET /xingrg/all/function/internal_message.html?_=1709349629077&CODE_STATE=getMsg HTTP/1.1" 200 27
180.169.147.146 - - [02/Mar/2024:11:20:30 +0800] "GET /xingrg/kc/print/load_data.html?order_code=212024020100499&kc_code=cgsh&condition= HTTP/1.1" 200 775
116.230.114.14 - - [02/Mar/2024:11:20:31 +0800] "GET /xingrg/check_reg.html?_=1709349653229 HTTP/1.1" 302 -
116.230.123.222 - - [02/Mar/2024:11:20:31 +0800] "GET /xingrg/kc/print/load_config.html?kc_code=cgsh HTTP/1.1" 200 1927
221.239.172.101 - - [02/Mar/2024:11:20:31 +0800] "POST /xingrg/dwr/call/plaincall/AjaxCheckService.setItemNumber.dwr HTTP/1.1" 200 77
116.230.123.222 - - [02/Mar/2024:11:20:32 +0800] "GET /xingrg/kc/print/load_data.html?order_code=212024030200382&kc_code=cgsh&condition= HTTP/1.1" 200 4570
116.224.254.208 - - [02/Mar/2024:11:20:36 +0800] "GET /xingrg/kc/buy/cgsh_order_add.html HTTP/1.1" 200 73628
116.224.254.208 - - [02/Mar/2024:11:20:36 +0800] "POST /xingrg/kc/buy/cgsh_order_operate.html HTTP/1.1" 200 8245
116.224.254.208 - - [02/Mar/2024:11:20:36 +0800] "GET /xingrg/javascript/easyui/themes/default/validatebox.css HTTP/1.1" 404 1104
180.169.147.146 - - [02/Mar/2024:11:20:38 +0800] "GET /xingrg/all/function/internal_message.html?_=1709349634938&CODE_STATE=getMsg HTTP/1.1" 200 27
221.239.172.101 - - [02/Mar/2024:11:20:39 +0800] "POST /xingrg/dwr/call/plaincall/AjaxCheckService.setItemNumber.dwr HTTP/1.1" 200 77
116.232.194.112 - - [02/Mar/2024:11:20:39 +0800] "GET /xingrg/all/function/internal_message.html?_=1709349622162&CODE_STATE=getMsg HTTP/1.1" 200 27
116.224.254.208 - - [02/Mar/2024:11:20:40 +0800] "GET /xingrg/all/function/internal_message.html?_=1709349640718&CODE_STATE=getMsg HTTP/1.1" 302 -
101.83.145.37 - - [02/Mar/2024:11:20:42 +0800] "GET /xingrg/all/function/internal_message.html?_=1709349406024&CODE_STATE=getMsg HTTP/1.1" 302 -
120.253.135.82 - - [02/Mar/2024:11:20:42 +0800] "GET /xingrg/kc/pszx/mdps_order_operate.html?command=get_materiel&pszx_code=00101&rest_code=00157&base_code=0010246&code=00101013139 HTTP/1.1" 200 439
180.169.147.146 - - [02/Mar/2024:11:20:43 +0800] "GET /xingrg/all/function/internal_message.html?_=1709349643939&CODE_STATE=getMsg HTTP/1.1" 200 27
120.253.135.82 - - [02/Mar/2024:11:20:44 +0800] "GET /xingrg/all/function/internal_message.html?_=1709349813132&CODE_STATE=getMsg HTTP/1.1" 302 -
120.253.135.82 - - [02/Mar/2024:11:20:44 +0800] "GET /xingrg/login.html HTTP/1.1" 200 7641
222.70.115.1 - - [02/Mar/2024:11:20:44 +0800] "GET /xingrg/all/function/internal_message.html?_=1709349653554&CODE_STATE=getMsg HTTP/1.1" 302 -
222.70.115.1 - - [02/Mar/2024:11:20:44 +0800] "GET /xingrg/login.html HTTP/1.1" 200 7641
124.78.67.200 - - [02/Mar/2024:11:20:48 +0800] "POST /xingrg/kc/buy/cgsh_order_operate.html HTTP/1.1" 200 37
116.224.254.208 - - [02/Mar/2024:11:20:50 +0800] "GET /xingrg/kc/buy/cgsh_order_operate.html?command=get_materiel&rest_code=00150&code=00101007228&supplier_code=00100325&order_time=2024-03-02 HTTP/1.1" 200 422
221.239.172.101 - - [02/Mar/2024:11:20:50 +0800] "POST /xingrg/dwr/call/plaincall/AjaxCheckService.setItemNumber.dwr HTTP/1.1" 200 77
124.78.153.49 - - [02/Mar/2024:11:20:51 +0800] "GET /xingrg/kc/base/wldb_order_operate.html?command=get_materiel&rest_code=00106&base_code=0010396&code=00101019724 HTTP/1.1" 200 445
120.253.135.82 - - [02/Mar/2024:11:20:51 +0800] "GET /xingrg/kc/pszx/mdps_order_operate.html?command=get_materiel&pszx_code=00101&rest_code=00157&base_code=0010246&code=00101013193 HTTP/1.1" 200 432
222.69.134.64 - - [02/Mar/2024:11:20:51 +0800] "GET /xingrg/all/function/internal_message.html?_=1709349652707&CODE_STATE=getMsg HTTP/1.1" 302 -
221.239.172.101 - - [02/Mar/2024:11:20:51 +0800] "POST /xingrg/dwr/call/plaincall/AjaxCheckService.setItemNumber.dwr HTTP/1.1" 200 77
221.239.172.101 - - [02/Mar/2024:11:20:52 +0800] "POST /xingrg/dwr/call/plaincall/AjaxCheckService.setItemNumber.dwr HTTP/1.1" 200 77
221.239.172.101 - - [02/Mar/2024:11:20:54 +0800] "POST /xingrg/dwr/call/plaincall/AjaxCheckService.setItemNumber.dwr HTTP/1.1" 200 77
116.230.114.14 - - [02/Mar/2024:11:20:55 +0800] "GET /xingrg/all/function/internal_message.html?_=1709349677340&CODE_STATE=getMsg HTTP/1.1" 302 -
221.239.172.101 - - [02/Mar/2024:11:20:55 +0800] "POST /xingrg/dwr/call/plaincall/AjaxCheckService.setItemNumber.dwr HTTP/1.1" 200 77
124.78.67.200 - - [02/Mar/2024:11:20:56 +0800] "POST /xingrg/kc/buy/cgsh_order_operate.html HTTP/1.1" 200 12
221.239.172.101 - - [02/Mar/2024:11:20:56 +0800] "POST /xingrg/dwr/call/plaincall/AjaxCheckService.setItemNumber.dwr HTTP/1.1" 200 77
124.78.67.200 - - [02/Mar/2024:11:20:58 +0800] "GET /xingrg/kc/buy/cgsh_order_info.html?code=212024030200385 HTTP/1.1" 200 68481
124.78.67.200 - - [02/Mar/2024:11:20:59 +0800] "GET /xingrg/javascript/easyui/themes/default/validatebox.css HTTP/1.1" 404 1104
124.78.67.200 - - [02/Mar/2024:11:21:00 +0800] "POST /xingrg/kc/buy/cgsh_order_operate.html HTTP/1.1" 200 4760
124.78.67.200 - - [02/Mar/2024:11:21:02 +0800] "GET /xingrg/kc/print/load_data.html?order_code=212024030200385&kc_code=cgsh&condition= HTTP/1.1" 200 2335
180.169.147.146 - - [02/Mar/2024:11:21:02 +0800] "GET /xingrg/check_reg.html?_=1709349657534 HTTP/1.1" 200 22
180.169.147.146 - - [02/Mar/2024:11:21:02 +0800] "GET /xingrg/all/function/internal_message.html?_=1709349657537&CODE_STATE=getMsg HTTP/1.1" 200 27
116.224.254.208 - - [02/Mar/2024:11:21:03 +0800] "GET /xingrg/all/function/internal_message.html?_=1709349663134&CODE_STATE=getMsg HTTP/1.1" 200 27
116.224.254.208 - - [02/Mar/2024:11:21:03 +0800] "GET /xingrg/check_reg.html?_=1709349663156 HTTP/1.1" 200 22
221.239.172.101 - - [02/Mar/2024:11:21:03 +0800] "POST /xingrg/dwr/call/plaincall/AjaxCheckService.setItemNumber.dwr HTTP/1.1" 200 77
221.239.172.101 - - [02/Mar/2024:11:21:05 +0800] "POST /xingrg/dwr/call/plaincall/AjaxCheckService.setItemNumber.dwr HTTP/1.1" 200 77
120.253.135.82 - - [02/Mar/2024:11:21:06 +0800] "POST /xingrg/kc/pszx/mdps_order_operate.html HTTP/1.1" 200 37
221.239.172.101 - - [02/Mar/2024:11:21:06 +0800] "POST /xingrg/dwr/call/plaincall/AjaxCheckService.setItemNumber.dwr HTTP/1.1" 200 77
116.230.123.222 - - [02/Mar/2024:11:21:06 +0800] "GET /xingrg/all/function/internal_message.html?_=1709349663550&CODE_STATE=getMsg HTTP/1.1" 200 27
124.78.67.200 - - [02/Mar/2024:11:21:06 +0800] "GET /xingrg/all/function/internal_message.html?_=1709349662886&CODE_STATE=getMsg HTTP/1.1" 302 -
221.239.172.101 - - [02/Mar/2024:11:21:06 +0800] "POST /xingrg/dwr/call/plaincall/AjaxCheckService.setItemNumber.dwr HTTP/1.1" 200 77
116.224.254.208 - - [02/Mar/2024:11:21:07 +0800] "GET /xingrg/kc/buy/cgsh_order_operate.html?command=get_materiel&rest_code=00150&code=00101010969&supplier_code=00100325&order_time=2024-03-02 HTTP/1.1" 200 427
124.78.153.49 - - [02/Mar/2024:11:21:07 +0800] "GET /xingrg/kc/base/wldb_order_operate.html?command=get_materiel&rest_code=00106&base_code=0010396&code=00101019492 HTTP/1.1" 200 456
124.78.67.200 - - [02/Mar/2024:11:21:09 +0800] "GET /xingrg/all/function/internal_message.html?_=1709349669305&CODE_STATE=getMsg HTTP/1.1" 200 27
180.171.62.200 - - [02/Mar/2024:11:21:10 +0800] "GET /xingrg/check_reg.html?_=1709349678325 HTTP/1.1" 302 -
180.171.62.200 - - [02/Mar/2024:11:21:10 +0800] "GET /xingrg/all/function/internal_message.html?_=1709349678327&CODE_STATE=getMsg HTTP/1.1" 302 -
218.81.65.124 - - [02/Mar/2024:11:21:10 +0800] "GET /xingrg/all/function/internal_message.html?_=1709349679643&CODE_STATE=getMsg HTTP/1.1" 302 -
120.253.135.82 - - [02/Mar/2024:11:21:10 +0800] "GET /xingrg/kc/pszx/mdps_order_info.html?code=312024030200042 HTTP/1.1" 200 23976
120.253.135.82 - - [02/Mar/2024:11:21:10 +0800] "GET /xingrg/javascript/easyui/themes/default/validatebox.css HTTP/1.1" 404 1104
120.253.135.82 - - [02/Mar/2024:11:21:11 +0800] "POST /xingrg/kc/pszx/mdps_order_operate.html HTTP/1.1" 200 2775
101.93.223.210 - - [02/Mar/2024:11:21:11 +0800] "POST /xingrg/services/DataTransmitService HTTP/1.1" 200 524
101.93.223.210 - - [02/Mar/2024:11:21:12 +0800] "POST /xingrg/services/DataTransmitService HTTP/1.1" 200 2155
221.239.172.101 - - [02/Mar/2024:11:21:13 +0800] "POST /xingrg/dwr/call/plaincall/AjaxCheckService.setItemNumber.dwr HTTP/1.1" 200 77
120.253.135.82 - - [02/Mar/2024:11:21:14 +0800] "GET /xingrg/kc/print/load_config.html?kc_code=mdps HTTP/1.1" 200 2390
116.238.97.31 - - [02/Mar/2024:11:21:14 +0800] "GET /xingrg/all/function/internal_message.html?_=1709349674978&CODE_STATE=getMsg HTTP/1.1" 200 27
120.253.135.82 - - [02/Mar/2024:11:21:15 +0800] "GET /xingrg/kc/print/load_data.html?order_code=312024030200042&kc_code=mdps&condition= HTTP/1.1" 200 909
101.93.223.210 - - [02/Mar/2024:11:21:15 +0800] "POST /xingrg/services/DataTransmitService HTTP/1.1" 200 194600
221.239.172.101 - - [02/Mar/2024:11:21:16 +0800] "POST /xingrg/dwr/call/plaincall/AjaxCheckService.setItemNumber.dwr HTTP/1.1" 200 77
116.230.114.14 - - [02/Mar/2024:11:21:17 +0800] "POST /xingrg/services/DataTransmitService HTTP/1.1" 200 524
116.224.254.208 - - [02/Mar/2024:11:21:17 +0800] "POST /xingrg/kc/buy/cgsh_order_operate.html HTTP/1.1" 200 37
116.230.114.14 - - [02/Mar/2024:11:21:20 +0800] "POST /xingrg/services/DataTransmitService HTTP/1.1" 200 501
116.230.114.14 - - [02/Mar/2024:11:21:20 +0800] "POST /xingrg/services/DataTransmitService HTTP/1.1" 200 501
221.239.172.101 - - [02/Mar/2024:11:21:21 +0800] "GET /xingrg/all/function/internal_message.html?_=1709349679844&CODE_STATE=getMsg HTTP/1.1" 200 27
120.253.135.82 - - [02/Mar/2024:11:21:21 +0800] "GET /xingrg/check_reg.html?_=1709349517212 HTTP/1.1" 200 22
116.230.114.14 - - [02/Mar/2024:11:21:21 +0800] "POST /xingrg/services/DataTransmitService HTTP/1.1" 200 501
221.239.172.101 - - [02/Mar/2024:11:21:22 +0800] "POST /xingrg/dwr/call/plaincall/AjaxCheckService.setItemNumber.dwr HTTP/1.1" 200 77
116.230.114.14 - - [02/Mar/2024:11:21:22 +0800] "POST /xingrg/services/DataTransmitService HTTP/1.1" 200 501
124.78.153.49 - - [02/Mar/2024:11:21:23 +0800] "GET /xingrg/kc/base/wldb_order_operate.html?command=get_materiel&rest_code=00106&base_code=0010396&code=00101019243 HTTP/1.1" 200 463
116.230.114.14 - - [02/Mar/2024:11:21:23 +0800] "POST /xingrg/services/DataTransmitService HTTP/1.1" 200 501
101.83.145.37 - - [02/Mar/2024:11:21:24 +0800] "GET /xingrg/all/function/internal_message.html?_=1709349683841&CODE_STATE=getMsg HTTP/1.1" 302 -
116.230.114.14 - - [02/Mar/2024:11:21:24 +0800] "POST /xingrg/services/DataTransmitService HTTP/1.1" 200 501
116.224.254.208 - - [02/Mar/2024:11:21:25 +0800] "POST /xingrg/kc/buy/cgsh_order_operate.html HTTP/1.1" 200 12
116.230.114.14 - - [02/Mar/2024:11:21:25 +0800] "POST /xingrg/services/DataTransmitService HTTP/1.1" 200 412
116.224.254.208 - - [02/Mar/2024:11:21:27 +0800] "GET /xingrg/kc/buy/cgsh_order_info.html?code=212024030200386 HTTP/1.1" 200 68545
116.224.254.208 - - [02/Mar/2024:11:21:28 +0800] "GET /xingrg/javascript/easyui/themes/default/validatebox.css HTTP/1.1" 404 1104
120.253.135.82 - - [02/Mar/2024:11:21:28 +0800] "GET /xingrg/all/function/internal_message.html?_=1709349524402&CODE_STATE=getMsg HTTP/1.1" 200 27
116.224.254.208 - - [02/Mar/2024:11:21:29 +0800] "POST /xingrg/kc/buy/cgsh_order_operate.html HTTP/1.1" 200 1213
124.78.153.49 - - [02/Mar/2024:11:21:30 +0800] "GET /xingrg/all/function/internal_message.html?_=1709349689063&CODE_STATE=getMsg HTTP/1.1" 200 27
116.224.254.208 - - [02/Mar/2024:11:21:30 +0800] "GET /xingrg/kc/print/load_data.html?order_code=212024030200386&kc_code=cgsh&condition= HTTP/1.1" 200 975
180.169.147.146 - - [02/Mar/2024:11:21:38 +0800] "GET /xingrg/check_reg.html?_=1709349694938 HTTP/1.1" 200 22
180.169.147.146 - - [02/Mar/2024:11:21:38 +0800] "GET /xingrg/all/function/internal_message.html?_=1709349694939&CODE_STATE=getMsg HTTP/1.1" 200 27
116.224.254.208 - - [02/Mar/2024:11:21:39 +0800] "GET /xingrg/kc/buy/cgsh_order_add.html HTTP/1.1" 200 73628
116.224.254.208 - - [02/Mar/2024:11:21:39 +0800] "POST /xingrg/kc/buy/cgsh_order_operate.html HTTP/1.1" 200 8245
116.224.254.208 - - [02/Mar/2024:11:21:39 +0800] "GET /xingrg/javascript/easyui/themes/default/validatebox.css HTTP/1.1" 404 1104
116.232.194.112 - - [02/Mar/2024:11:21:39 +0800] "GET /xingrg/all/function/internal_message.html?_=1709349682150&CODE_STATE=getMsg HTTP/1.1" 200 27
116.224.254.208 - - [02/Mar/2024:11:21:40 +0800] "GET /xingrg/all/function/internal_message.html?_=1709349700729&CODE_STATE=getMsg HTTP/1.1" 302 -
124.78.153.49 - - [02/Mar/2024:11:21:41 +0800] "GET /xingrg/kc/base/wldb_order_operate.html?command=get_materiel&rest_code=00106&base_code=0010396&code=00101019528 HTTP/1.1" 200 481
101.83.145.37 - - [02/Mar/2024:11:21:42 +0800] "GET /xingrg/all/function/internal_message.html?_=1709349466027&CODE_STATE=getMsg HTTP/1.1" 302 -
180.169.147.146 - - [02/Mar/2024:11:21:43 +0800] "GET /xingrg/check_reg.html?_=1709349703935 HTTP/1.1" 200 22
180.169.147.146 - - [02/Mar/2024:11:21:43 +0800] "GET /xingrg/all/function/internal_message.html?_=1709349703937&CODE_STATE=getMsg HTTP/1.1" 200 27
120.253.135.82 - - [02/Mar/2024:11:21:44 +0800] "GET /xingrg/all/function/internal_message.html?_=1709349873137&CODE_STATE=getMsg HTTP/1.1" 302 -
120.253.135.82 - - [02/Mar/2024:11:21:44 +0800] "GET /xingrg/login.html HTTP/1.1" 200 7641
222.70.115.1 - - [02/Mar/2024:11:21:44 +0800] "GET /xingrg/all/function/internal_message.html?_=1709349713556&CODE_STATE=getMsg HTTP/1.1" 302 -
222.70.115.1 - - [02/Mar/2024:11:21:44 +0800] "GET /xingrg/check_reg.html?_=1709349713556 HTTP/1.1" 302 -
222.70.115.1 - - [02/Mar/2024:11:21:44 +0800] "GET /xingrg/login.html HTTP/1.1" 200 7641
222.70.115.1 - - [02/Mar/2024:11:21:44 +0800] "GET /xingrg/login.html HTTP/1.1" 200 7641
221.239.172.101 - - [02/Mar/2024:11:21:48 +0800] "POST /xingrg/dwr/call/plaincall/AjaxCheckService.setItemNumber.dwr HTTP/1.1" 200 77
116.224.254.208 - - [02/Mar/2024:11:21:50 +0800] "GET /xingrg/kc/buy/cgsh_order_operate.html?command=get_materiel&rest_code=00150&code=00101010263&supplier_code=00100327&order_time=2024-03-02 HTTP/1.1" 200 409
222.69.134.64 - - [02/Mar/2024:11:21:51 +0800] "GET /xingrg/check_reg.html?_=1709349712696 HTTP/1.1" 302 -
222.69.134.64 - - [02/Mar/2024:11:21:51 +0800] "GET /xingrg/all/function/internal_message.html?_=1709349712700&CODE_STATE=getMsg HTTP/1.1" 302 -
116.230.114.14 - - [02/Mar/2024:11:21:55 +0800] "GET /xingrg/all/function/internal_message.html?_=1709349737648&CODE_STATE=getMsg HTTP/1.1" 302 -
221.239.172.101 - - [02/Mar/2024:11:21:58 +0800] "POST /xingrg/dwr/call/plaincall/AjaxCheckService.setItemNumber.dwr HTTP/1.1" 200 77
124.78.153.49 - - [02/Mar/2024:11:21:59 +0800] "GET /xingrg/kc/base/wldb_order_operate.html?command=get_materiel&rest_code=00106&base_code=0010396&code=00101019184 HTTP/1.1" 200 458
221.239.172.101 - - [02/Mar/2024:11:22:02 +0800] "POST /xingrg/dwr/call/plaincall/AjaxCheckService.setItemNumber.dwr HTTP/1.1" 200 77
180.169.147.146 - - [02/Mar/2024:11:22:02 +0800] "GET /xingrg/all/function/internal_message.html?_=1709349717521&CODE_STATE=getMsg HTTP/1.1" 200 27
116.224.254.208 - - [02/Mar/2024:11:22:03 +0800] "GET /xingrg/all/function/internal_message.html?_=1709349723142&CODE_STATE=getMsg HTTP/1.1" 200 27
116.230.123.222 - - [02/Mar/2024:11:22:06 +0800] "GET /xingrg/all/function/internal_message.html?_=1709349723550&CODE_STATE=getMsg HTTP/1.1" 200 27
221.239.172.101 - - [02/Mar/2024:11:22:06 +0800] "POST /xingrg/dwr/call/plaincall/AjaxCheckService.setItemNumber.dwr HTTP/1.1" 200 77
124.78.67.200 - - [02/Mar/2024:11:22:06 +0800] "GET /xingrg/all/function/internal_message.html?_=1709349722885&CODE_STATE=getMsg HTTP/1.1" 302 -
124.78.67.200 - - [02/Mar/2024:11:22:07 +0800] "GET /xingrg/check_reg.html?_=1709349727922 HTTP/1.1" 200 22
124.78.67.200 - - [02/Mar/2024:11:22:09 +0800] "GET /xingrg/all/function/internal_message.html?_=1709349729278&CODE_STATE=getMsg HTTP/1.1" 200 27
101.83.145.37 - - [02/Mar/2024:11:22:09 +0800] "GET /xingrg/check_reg.html?_=1709349729486 HTTP/1.1" 302 -
180.171.62.200 - - [02/Mar/2024:11:22:10 +0800] "GET /xingrg/all/function/internal_message.html?_=1709349738313&CODE_STATE=getMsg HTTP/1.1" 302 -
218.81.65.124 - - [02/Mar/2024:11:22:10 +0800] "GET /xingrg/all/function/internal_message.html?_=1709349739641&CODE_STATE=getMsg HTTP/1.1" 302 -
218.81.65.124 - - [02/Mar/2024:11:22:10 +0800] "GET /xingrg/check_reg.html?_=1709349739646 HTTP/1.1" 302 -
221.239.172.101 - - [02/Mar/2024:11:22:11 +0800] "POST /xingrg/dwr/call/plaincall/AjaxCheckService.setItemNumber.dwr HTTP/1.1" 200 77
124.78.153.49 - - [02/Mar/2024:11:22:12 +0800] "GET /xingrg/kc/base/wldb_order_operate.html?command=get_materiel&rest_code=00106&base_code=0010396&code=00101019400 HTTP/1.1" 200 465
116.238.97.31 - - [02/Mar/2024:11:22:14 +0800] "GET /xingrg/all/function/internal_message.html?_=1709349734949&CODE_STATE=getMsg HTTP/1.1" 200 27
120.253.135.82 - - [02/Mar/2024:11:22:17 +0800] "POST /xingrg/kc/pszx/mdps_order_operate.html HTTP/1.1" 200 37
221.239.172.101 - - [02/Mar/2024:11:22:21 +0800] "GET /xingrg/check_reg.html?_=1709349739821 HTTP/1.1" 200 22
221.239.172.101 - - [02/Mar/2024:11:22:21 +0800] "GET /xingrg/all/function/internal_message.html?_=1709349739822&CODE_STATE=getMsg HTTP/1.1" 200 27
120.253.135.82 - - [02/Mar/2024:11:22:21 +0800] "POST /xingrg/kc/pszx/mdps_order_operate.html HTTP/1.1" 200 12
116.224.254.208 - - [02/Mar/2024:11:22:23 +0800] "GET /xingrg/kc/buy/cgsh_order_operate.html?command=get_materiel&rest_code=00150&code=00101008646&supplier_code=00100327&order_time=2024-03-02 HTTP/1.1" 200 413
101.83.145.37 - - [02/Mar/2024:11:22:24 +0800] "GET /xingrg/all/function/internal_message.html?_=1709349743811&CODE_STATE=getMsg HTTP/1.1" 302 -
124.78.153.49 - - [02/Mar/2024:11:22:30 +0800] "GET /xingrg/all/function/internal_message.html?_=1709349749028&CODE_STATE=getMsg HTTP/1.1" 200 27
124.78.153.49 - - [02/Mar/2024:11:22:33 +0800] "GET /xingrg/kc/base/wldb_order_operate.html?command=get_materiel&rest_code=00106&base_code=0010396&code=00101019359 HTTP/1.1" 200 462
180.169.147.146 - - [02/Mar/2024:11:22:38 +0800] "GET /xingrg/all/function/internal_message.html?_=1709349754937&CODE_STATE=getMsg HTTP/1.1" 200 27
221.239.172.101 - - [02/Mar/2024:11:22:39 +0800] "POST /xingrg/dwr/call/plaincall/AjaxCheckService.setItemNumber.dwr HTTP/1.1" 200 77
116.232.194.112 - - [02/Mar/2024:11:22:39 +0800] "GET /xingrg/check_reg.html?_=1709349742171 HTTP/1.1" 200 22
116.232.194.112 - - [02/Mar/2024:11:22:39 +0800] "GET /xingrg/all/function/internal_message.html?_=1709349742176&CODE_STATE=getMsg HTTP/1.1" 200 27
116.224.254.208 - - [02/Mar/2024:11:22:40 +0800] "GET /xingrg/all/function/internal_message.html?_=1709349760722&CODE_STATE=getMsg HTTP/1.1" 302 -
101.83.145.37 - - [02/Mar/2024:11:22:42 +0800] "GET /xingrg/all/function/internal_message.html?_=1709349526028&CODE_STATE=getMsg HTTP/1.1" 302 -
180.169.147.146 - - [02/Mar/2024:11:22:43 +0800] "GET /xingrg/all/function/internal_message.html?_=1709349763936&CODE_STATE=getMsg HTTP/1.1" 200 27
120.253.135.82 - - [02/Mar/2024:11:22:44 +0800] "GET /xingrg/all/function/internal_message.html?_=1709349933142&CODE_STATE=getMsg HTTP/1.1" 302 -
120.253.135.82 - - [02/Mar/2024:11:22:44 +0800] "GET /xingrg/login.html HTTP/1.1" 200 7641
222.70.115.1 - - [02/Mar/2024:11:22:44 +0800] "GET /xingrg/all/function/internal_message.html?_=1709349773557&CODE_STATE=getMsg HTTP/1.1" 302 -
222.70.115.1 - - [02/Mar/2024:11:22:44 +0800] "GET /xingrg/login.html HTTP/1.1" 200 7641
116.224.254.208 - - [02/Mar/2024:11:22:44 +0800] "GET /xingrg/kc/buy/cgsh_order_operate.html?command=get_materiel&rest_code=00150&code=00101006389&supplier_code=00100327&order_time=2024-03-02 HTTP/1.1" 200 404
124.78.153.49 - - [02/Mar/2024:11:22:45 +0800] "GET /xingrg/kc/base/wldb_order_operate.html?command=get_materiel&rest_code=00106&base_code=0010396&code=00101016001 HTTP/1.1" 200 458
221.239.172.101 - - [02/Mar/2024:11:22:48 +0800] "POST /xingrg/dwr/call/plaincall/AjaxCheckService.setItemNumber.dwr HTTP/1.1" 200 77
222.69.134.64 - - [02/Mar/2024:11:22:51 +0800] "GET /xingrg/all/function/internal_message.html?_=1709349772691&CODE_STATE=getMsg HTTP/1.1" 302 -
221.239.172.101 - - [02/Mar/2024:11:22:52 +0800] "POST /xingrg/dwr/call/plaincall/AjaxCheckService.setItemNumber.dwr HTTP/1.1" 200 77
116.230.114.14 - - [02/Mar/2024:11:22:55 +0800] "GET /xingrg/all/function/internal_message.html?_=1709349797663&CODE_STATE=getMsg HTTP/1.1" 302 -
120.253.135.82 - - [02/Mar/2024:11:22:56 +0800] "GET /xingrg/kc/pszx/mdps_order_info.html?code=312024030200042 HTTP/1.1" 200 19636
120.253.135.82 - - [02/Mar/2024:11:22:56 +0800] "GET /xingrg/javascript/easyui/themes/default/validatebox.css HTTP/1.1" 404 1104
120.253.135.82 - - [02/Mar/2024:11:22:56 +0800] "GET /xingrg/all/function/internal_message.html?_=1709349612339&CODE_STATE=getMsg HTTP/1.1" 200 27
120.253.135.82 - - [02/Mar/2024:11:22:57 +0800] "POST /xingrg/kc/pszx/mdps_order_operate.html HTTP/1.1" 200 992
124.78.153.49 - - [02/Mar/2024:11:22:58 +0800] "GET /xingrg/kc/base/wldb_order_operate.html?command=get_materiel&rest_code=00106&base_code=0010396&code=00101016094 HTTP/1.1" 200 470
116.224.254.208 - - [02/Mar/2024:11:22:59 +0800] "POST /xingrg/kc/buy/cgsh_order_operate.html HTTP/1.1" 200 37
221.239.172.101 - - [02/Mar/2024:11:22:59 +0800] "POST /xingrg/dwr/call/plaincall/AjaxCheckService.setItemNumber.dwr HTTP/1.1" 200 77
180.169.147.146 - - [02/Mar/2024:11:23:02 +0800] "GET /xingrg/all/function/internal_message.html?_=1709349777536&CODE_STATE=getMsg HTTP/1.1" 200 27
116.224.254.208 - - [02/Mar/2024:11:23:03 +0800] "GET /xingrg/all/function/internal_message.html?_=1709349783144&CODE_STATE=getMsg HTTP/1.1" 200 27
221.239.172.101 - - [02/Mar/2024:11:23:03 +0800] "POST /xingrg/dwr/call/plaincall/AjaxCheckService.setItemNumber.dwr HTTP/1.1" 200 77
116.230.123.222 - - [02/Mar/2024:11:23:06 +0800] "GET /xingrg/check_reg.html?_=1709349783552 HTTP/1.1" 200 22
116.230.123.222 - - [02/Mar/2024:11:23:06 +0800] "GET /xingrg/all/function/internal_message.html?_=1709349783545&CODE_STATE=getMsg HTTP/1.1" 200 27
116.224.254.208 - - [02/Mar/2024:11:23:06 +0800] "POST /xingrg/kc/buy/cgsh_order_operate.html HTTP/1.1" 200 12
124.78.67.200 - - [02/Mar/2024:11:23:06 +0800] "GET /xingrg/all/function/internal_message.html?_=1709349782883&CODE_STATE=getMsg HTTP/1.1" 302 -
120.253.135.82 - - [02/Mar/2024:11:23:07 +0800] "GET /xingrg/kc/pszx/mdqp_order_list.html?state=10 HTTP/1.1" 200 10319
120.253.135.82 - - [02/Mar/2024:11:23:07 +0800] "GET /xingrg/dwr/interface/AjaxQqpsService.js HTTP/1.1" 200 16326
120.253.135.82 - - [02/Mar/2024:11:23:07 +0800] "GET /xingrg/dwr/engine.js HTTP/1.1" 200 43631
120.253.135.82 - - [02/Mar/2024:11:23:07 +0800] "GET /xingrg/dwr/interface/AjaxReportQueryService.js HTTP/1.1" 200 13203
221.239.172.101 - - [02/Mar/2024:11:23:07 +0800] "POST /xingrg/dwr/call/plaincall/AjaxCheckService.setItemNumber.dwr HTTP/1.1" 200 77
116.224.254.208 - - [02/Mar/2024:11:23:09 +0800] "GET /xingrg/kc/buy/cgsh_order_info.html?code=212024030200387 HTTP/1.1" 200 68541
124.78.67.200 - - [02/Mar/2024:11:23:09 +0800] "GET /xingrg/all/function/internal_message.html?_=1709349789263&CODE_STATE=getMsg HTTP/1.1" 200 27
116.224.254.208 - - [02/Mar/2024:11:23:09 +0800] "GET /xingrg/javascript/easyui/themes/default/validatebox.css HTTP/1.1" 404 1104
180.171.62.200 - - [02/Mar/2024:11:23:10 +0800] "GET /xingrg/all/function/internal_message.html?_=1709349798314&CODE_STATE=getMsg HTTP/1.1" 302 -
218.81.65.124 - - [02/Mar/2024:11:23:10 +0800] "GET /xingrg/all/function/internal_message.html?_=1709349799646&CODE_STATE=getMsg HTTP/1.1" 302 -
116.224.254.208 - - [02/Mar/2024:11:23:10 +0800] "POST /xingrg/kc/buy/cgsh_order_operate.html HTTP/1.1" 200 1202
116.224.254.208 - - [02/Mar/2024:11:23:12 +0800] "GET /xingrg/kc/print/load_data.html?order_code=212024030200387&kc_code=cgsh&condition= HTTP/1.1" 200 951
116.238.97.31 - - [02/Mar/2024:11:23:14 +0800] "GET /xingrg/all/function/internal_message.html?_=1709349794940&CODE_STATE=getMsg HTTP/1.1" 200 27
120.253.135.82 - - [02/Mar/2024:11:23:17 +0800] "GET /xingrg/kc/pszx/mdqp_order_list.html?state=10 HTTP/1.1" 200 10319
120.253.135.82 - - [02/Mar/2024:11:23:17 +0800] "GET /xingrg/dwr/interface/AjaxReportQueryService.js HTTP/1.1" 200 13203
120.253.135.82 - - [02/Mar/2024:11:23:17 +0800] "GET /xingrg/dwr/interface/AjaxQqpsService.js HTTP/1.1" 200 16326
120.253.135.82 - - [02/Mar/2024:11:23:17 +0800] "GET /xingrg/dwr/engine.js HTTP/1.1" 200 43631
116.224.254.208 - - [02/Mar/2024:11:23:18 +0800] "GET /xingrg/kc/buy/cgsh_order_add.html HTTP/1.1" 200 73628
116.224.254.208 - - [02/Mar/2024:11:23:18 +0800] "POST /xingrg/kc/buy/cgsh_order_operate.html HTTP/1.1" 200 8245
116.224.254.208 - - [02/Mar/2024:11:23:18 +0800] "GET /xingrg/javascript/easyui/themes/default/validatebox.css HTTP/1.1" 404 1104
221.239.172.101 - - [02/Mar/2024:11:23:21 +0800] "GET /xingrg/all/function/internal_message.html?_=1709349799826&CODE_STATE=getMsg HTTP/1.1" 200 27
101.83.145.37 - - [02/Mar/2024:11:23:24 +0800] "GET /xingrg/all/function/internal_message.html?_=1709349803789&CODE_STATE=getMsg HTTP/1.1" 302 -
120.253.135.82 - - [02/Mar/2024:11:23:28 +0800] "GET /xingrg/kc/pszx/mdqp_order_list.html?state=10 HTTP/1.1" 200 10319
120.253.135.82 - - [02/Mar/2024:11:23:28 +0800] "GET /xingrg/dwr/interface/AjaxQqpsService.js HTTP/1.1" 200 16326
120.253.135.82 - - [02/Mar/2024:11:23:28 +0800] "GET /xingrg/dwr/interface/AjaxReportQueryService.js HTTP/1.1" 200 13203
120.253.135.82 - - [02/Mar/2024:11:23:28 +0800] "GET /xingrg/dwr/engine.js HTTP/1.1" 200 43631
116.224.254.208 - - [02/Mar/2024:11:23:29 +0800] "GET /xingrg/kc/buy/cgsh_order_operate.html?command=get_materiel&rest_code=00150&code=00101001115&supplier_code=00100089&order_time=2024-03-02 HTTP/1.1" 200 413
221.239.172.101 - - [02/Mar/2024:11:23:30 +0800] "POST /xingrg/dwr/call/plaincall/AjaxCheckService.setItemNumber.dwr HTTP/1.1" 200 77
124.78.153.49 - - [02/Mar/2024:11:23:30 +0800] "GET /xingrg/all/function/internal_message.html?_=1709349809006&CODE_STATE=getMsg HTTP/1.1" 200 27
120.253.135.82 - - [02/Mar/2024:11:23:32 +0800] "GET /xingrg/kc/pszx/mdps_order_list.html?orderType=0 HTTP/1.1" 200 20995
120.253.135.82 - - [02/Mar/2024:11:23:33 +0800] "POST /xingrg/kc/pszx/mdps_list_operate.html HTTP/1.1" 200 5332
221.239.172.101 - - [02/Mar/2024:11:23:35 +0800] "POST /xingrg/dwr/call/plaincall/AjaxCheckService.setItemNumber.dwr HTTP/1.1" 200 77
120.253.135.82 - - [02/Mar/2024:11:23:37 +0800] "GET /xingrg/kc/pszx/mdqp_order_list.html?state=10 HTTP/1.1" 200 10319
120.253.135.82 - - [02/Mar/2024:11:23:37 +0800] "GET /xingrg/dwr/interface/AjaxQqpsService.js HTTP/1.1" 200 16326
120.253.135.82 - - [02/Mar/2024:11:23:37 +0800] "GET /xingrg/dwr/interface/AjaxReportQueryService.js HTTP/1.1" 200 13203
120.253.135.82 - - [02/Mar/2024:11:23:37 +0800] "GET /xingrg/dwr/engine.js HTTP/1.1" 200 43631
180.169.147.146 - - [02/Mar/2024:11:23:38 +0800] "GET /xingrg/all/function/internal_message.html?_=1709349814935&CODE_STATE=getMsg HTTP/1.1" 200 27
116.232.194.112 - - [02/Mar/2024:11:23:39 +0800] "GET /xingrg/all/function/internal_message.html?_=1709349802150&CODE_STATE=getMsg HTTP/1.1" 200 27
120.253.135.82 - - [02/Mar/2024:11:23:40 +0800] "GET /xingrg/kc/pszx/mdps_order_list.html?orderType=0 HTTP/1.1" 200 20995
116.224.254.208 - - [02/Mar/2024:11:23:40 +0800] "GET /xingrg/check_reg.html?_=1709349820748 HTTP/1.1" 302 -
116.224.254.208 - - [02/Mar/2024:11:23:40 +0800] "GET /xingrg/all/function/internal_message.html?_=1709349820753&CODE_STATE=getMsg HTTP/1.1" 302 -
120.253.135.82 - - [02/Mar/2024:11:23:41 +0800] "POST /xingrg/kc/pszx/mdps_list_operate.html HTTP/1.1" 200 5332
101.83.145.37 - - [02/Mar/2024:11:23:42 +0800] "GET /xingrg/all/function/internal_message.html?_=1709349586028&CODE_STATE=getMsg HTTP/1.1" 302 -
116.224.254.208 - - [02/Mar/2024:11:23:43 +0800] "POST /xingrg/kc/buy/cgsh_order_operate.html HTTP/1.1" 200 37
180.169.147.146 - - [02/Mar/2024:11:23:44 +0800] "GET /xingrg/all/function/internal_message.html?_=1709349823940&CODE_STATE=getMsg HTTP/1.1" 200 27
120.253.135.82 - - [02/Mar/2024:11:23:44 +0800] "GET /xingrg/check_reg.html?_=1709349993148 HTTP/1.1" 302 -
120.253.135.82 - - [02/Mar/2024:11:23:44 +0800] "GET /xingrg/all/function/internal_message.html?_=1709349993145&CODE_STATE=getMsg HTTP/1.1" 302 -
120.253.135.82 - - [02/Mar/2024:11:23:44 +0800] "GET /xingrg/login.html HTTP/1.1" 200 7641
120.253.135.82 - - [02/Mar/2024:11:23:44 +0800] "GET /xingrg/login.html HTTP/1.1" 200 7641
222.70.115.1 - - [02/Mar/2024:11:23:44 +0800] "GET /xingrg/all/function/internal_message.html?_=1709349833559&CODE_STATE=getMsg HTTP/1.1" 302 -
222.70.115.1 - - [02/Mar/2024:11:23:44 +0800] "GET /xingrg/login.html HTTP/1.1" 200 7641
120.253.135.82 - - [02/Mar/2024:11:23:45 +0800] "POST /xingrg/kc/pszx/mdps_list_operate.html HTTP/1.1" 200 383
221.239.172.101 - - [02/Mar/2024:11:23:47 +0800] "POST /xingrg/dwr/call/plaincall/AjaxCheckService.setItemNumber.dwr HTTP/1.1" 200 77
116.224.254.208 - - [02/Mar/2024:11:23:49 +0800] "POST /xingrg/kc/buy/cgsh_order_operate.html HTTP/1.1" 200 12
222.69.134.64 - - [02/Mar/2024:11:23:51 +0800] "GET /xingrg/all/function/internal_message.html?_=1709349832681&CODE_STATE=getMsg HTTP/1.1" 302 -
116.224.254.208 - - [02/Mar/2024:11:23:52 +0800] "GET /xingrg/kc/buy/cgsh_order_info.html?code=212024030200388 HTTP/1.1" 200 68543
116.224.254.208 - - [02/Mar/2024:11:23:52 +0800] "GET /xingrg/javascript/easyui/themes/default/validatebox.css HTTP/1.1" 404 1104
221.239.172.101 - - [02/Mar/2024:11:23:53 +0800] "POST /xingrg/dwr/call/plaincall/AjaxCheckService.setItemNumber.dwr HTTP/1.1" 200 77
116.224.254.208 - - [02/Mar/2024:11:23:53 +0800] "POST /xingrg/kc/buy/cgsh_order_operate.html HTTP/1.1" 200 608
116.224.254.208 - - [02/Mar/2024:11:23:55 +0800] "GET /xingrg/kc/print/load_data.html?order_code=212024030200388&kc_code=cgsh&condition= HTTP/1.1" 200 808
116.230.114.14 - - [02/Mar/2024:11:23:55 +0800] "GET /xingrg/all/function/internal_message.html?_=1709349858140&CODE_STATE=getMsg HTTP/1.1" 302 -
221.239.172.101 - - [02/Mar/2024:11:23:56 +0800] "POST /xingrg/dwr/call/plaincall/AjaxCheckService.setItemNumber.dwr HTTP/1.1" 200 77
120.253.135.82 - - [02/Mar/2024:11:23:56 +0800] "GET /xingrg/all/function/internal_message.html?_=1709349672354&CODE_STATE=getMsg HTTP/1.1" 200 27
221.239.172.101 - - [02/Mar/2024:11:24:00 +0800] "POST /xingrg/dwr/call/plaincall/AjaxCheckService.setItemNumber.dwr HTTP/1.1" 200 77
116.224.254.208 - - [02/Mar/2024:11:24:02 +0800] "GET /xingrg/kc/buy/cgsh_order_add.html HTTP/1.1" 200 73628
116.224.254.208 - - [02/Mar/2024:11:24:02 +0800] "POST /xingrg/kc/buy/cgsh_order_operate.html HTTP/1.1" 200 8245
116.224.254.208 - - [02/Mar/2024:11:24:02 +0800] "GET /xingrg/javascript/easyui/themes/default/validatebox.css HTTP/1.1" 404 1104
180.169.147.146 - - [02/Mar/2024:11:24:02 +0800] "GET /xingrg/all/function/internal_message.html?_=1709349837536&CODE_STATE=getMsg HTTP/1.1" 200 27
116.224.254.208 - - [02/Mar/2024:11:24:03 +0800] "GET /xingrg/all/function/internal_message.html?_=1709349843139&CODE_STATE=getMsg HTTP/1.1" 200 27
221.239.172.101 - - [02/Mar/2024:11:24:03 +0800] "POST /xingrg/dwr/call/plaincall/AjaxCheckService.setItemNumber.dwr HTTP/1.1" 200 77
116.230.123.222 - - [02/Mar/2024:11:24:06 +0800] "GET /xingrg/all/function/internal_message.html?_=1709349843551&CODE_STATE=getMsg HTTP/1.1" 200 27
124.78.67.200 - - [02/Mar/2024:11:24:06 +0800] "GET /xingrg/check_reg.html?_=1709349842884 HTTP/1.1" 302 -
124.78.67.200 - - [02/Mar/2024:11:24:06 +0800] "GET /xingrg/all/function/internal_message.html?_=1709349842883&CODE_STATE=getMsg HTTP/1.1" 302 -
124.78.67.200 - - [02/Mar/2024:11:24:09 +0800] "GET /xingrg/all/function/internal_message.html?_=1709349849245&CODE_STATE=getMsg HTTP/1.1" 200 27
180.171.62.200 - - [02/Mar/2024:11:24:10 +0800] "GET /xingrg/all/function/internal_message.html?_=1709349858314&CODE_STATE=getMsg HTTP/1.1" 302 -
218.81.65.124 - - [02/Mar/2024:11:24:10 +0800] "GET /xingrg/all/function/internal_message.html?_=1709349859645&CODE_STATE=getMsg HTTP/1.1" 302 -
116.238.97.31 - - [02/Mar/2024:11:24:14 +0800] "GET /xingrg/all/function/internal_message.html?_=1709349854939&CODE_STATE=getMsg HTTP/1.1" 200 27
116.238.97.31 - - [02/Mar/2024:11:24:14 +0800] "GET /xingrg/check_reg.html?_=1709349855004 HTTP/1.1" 200 22
221.239.172.101 - - [02/Mar/2024:11:24:16 +0800] "POST /xingrg/dwr/call/plaincall/AjaxCheckService.setItemNumber.dwr HTTP/1.1" 200 77
116.224.254.208 - - [02/Mar/2024:11:24:17 +0800] "GET /xingrg/kc/buy/cgsh_order_operate.html?command=get_materiel&rest_code=00150&code=00101001035&supplier_code=00100323&order_time=2024-03-02 HTTP/1.1" 200 412
221.239.172.101 - - [02/Mar/2024:11:24:19 +0800] "POST /xingrg/dwr/call/plaincall/AjaxCheckService.setItemNumber.dwr HTTP/1.1" 200 77
221.239.172.101 - - [02/Mar/2024:11:24:21 +0800] "GET /xingrg/all/function/internal_message.html?_=1709349859825&CODE_STATE=getMsg HTTP/1.1" 200 27
221.239.172.101 - - [02/Mar/2024:11:24:22 +0800] "POST /xingrg/dwr/call/plaincall/AjaxCheckService.setItemNumber.dwr HTTP/1.1" 200 77
101.83.145.37 - - [02/Mar/2024:11:24:24 +0800] "GET /xingrg/all/function/internal_message.html?_=1709349863761&CODE_STATE=getMsg HTTP/1.1" 302 -
