120.253.135.82 - - [02/Mar/2024:09:43:21 +0800] "GET /xingrg/all/function/internal_message.html?_=1709343970122&CODE_STATE=getMsg HTTP/1.1" 200 27
116.230.114.14 - - [02/Mar/2024:09:43:24 +0800] "GET /xingrg/all/function/internal_message.html?_=1709343825990&CODE_STATE=getMsg HTTP/1.1" 200 27
101.83.145.37 - - [02/Mar/2024:09:43:24 +0800] "GET /xingrg/all/function/internal_message.html?_=1709343804304&CODE_STATE=getMsg HTTP/1.1" 200 27
116.230.123.222 - - [02/Mar/2024:09:43:25 +0800] "GET /xingrg/all/function/internal_message.html?_=1709343802676&CODE_STATE=getMsg HTTP/1.1" 200 27
116.232.194.112 - - [02/Mar/2024:09:43:25 +0800] "GET /xingrg/all/function/internal_message.html?_=1709343788406&CODE_STATE=getMsg HTTP/1.1" 200 27
180.164.1.25 - - [02/Mar/2024:09:43:28 +0800] "GET /xingrg/all/function/internal_message.html?_=1709343808096&CODE_STATE=getMsg HTTP/1.1" 200 27
114.83.217.226 - - [02/Mar/2024:09:43:38 +0800] "GET /xingrg/all/function/internal_message.html?_=1709343816196&CODE_STATE=getMsg HTTP/1.1" 200 27
116.224.254.208 - - [02/Mar/2024:09:43:40 +0800] "GET /xingrg/all/function/internal_message.html?_=1709343820737&CODE_STATE=getMsg HTTP/1.1" 200 27
116.224.254.208 - - [02/Mar/2024:09:43:40 +0800] "GET /xingrg/check_reg.html?_=1709343820739 HTTP/1.1" 200 22
116.224.254.208 - - [02/Mar/2024:09:43:44 +0800] "GET /xingrg/all/function/internal_message.html?_=1709343824317&CODE_STATE=getMsg HTTP/1.1" 200 27
116.230.123.222 - - [02/Mar/2024:09:43:45 +0800] "POST /xingrg/kc/buy/cgsh_order_operate.html HTTP/1.1" 200 37
218.81.65.124 - - [02/Mar/2024:09:43:46 +0800] "GET /xingrg/all/function/internal_message.html?_=1709343835632&CODE_STATE=getMsg HTTP/1.1" 200 27
124.78.153.49 - - [02/Mar/2024:09:43:47 +0800] "GET /xingrg/check_reg.html?_=1709343825886 HTTP/1.1" 200 22
124.78.153.49 - - [02/Mar/2024:09:43:47 +0800] "GET /xingrg/all/function/internal_message.html?_=1709343825889&CODE_STATE=getMsg HTTP/1.1" 200 27
180.164.1.25 - - [02/Mar/2024:09:43:51 +0800] "GET /xingrg/kc/buy/cgsh_order_operate.html?command=get_materiel&rest_code=00108&code=00101008131&supplier_code=00100007&order_time=2024-03-02 HTTP/1.1" 200 408
222.69.134.64 - - [02/Mar/2024:09:43:51 +0800] "GET /xingrg/all/function/internal_message.html?_=1709343832692&CODE_STATE=getMsg HTTP/1.1" 200 27
116.230.123.222 - - [02/Mar/2024:09:43:54 +0800] "POST /xingrg/kc/buy/cgsh_order_operate.html HTTP/1.1" 200 12
116.230.123.222 - - [02/Mar/2024:09:43:56 +0800] "GET /xingrg/kc/buy/cgsh_order_info.html?code=212024030200349 HTTP/1.1" 200 68427
116.230.123.222 - - [02/Mar/2024:09:43:57 +0800] "GET /xingrg/javascript/easyui/themes/default/validatebox.css HTTP/1.1" 404 1104
116.230.123.222 - - [02/Mar/2024:09:43:58 +0800] "POST /xingrg/kc/buy/cgsh_order_operate.html HTTP/1.1" 200 2394
180.164.1.25 - - [02/Mar/2024:09:43:59 +0800] "GET /xingrg/kc/buy/cgsh_order_operate.html?command=get_materiel&rest_code=00108&code=00101008136&supplier_code=00100007&order_time=2024-03-02 HTTP/1.1" 200 413
116.230.123.222 - - [02/Mar/2024:09:44:00 +0800] "GET /xingrg/kc/print/load_data.html?order_code=212024030200349&kc_code=cgsh&condition= HTTP/1.1" 200 1360
221.239.172.101 - - [02/Mar/2024:09:44:05 +0800] "GET /xingrg/all/function/internal_message.html?_=1709343844223&CODE_STATE=getMsg HTTP/1.1" 200 27
124.78.67.200 - - [02/Mar/2024:09:44:06 +0800] "GET /xingrg/all/function/internal_message.html?_=1709343846069&CODE_STATE=getMsg HTTP/1.1" 200 27
180.171.62.200 - - [02/Mar/2024:09:44:10 +0800] "GET /xingrg/all/function/internal_message.html?_=1709343858299&CODE_STATE=getMsg HTTP/1.1" 200 27
116.230.123.222 - - [02/Mar/2024:09:44:10 +0800] "GET /xingrg/kc/buy/cgsh_order_add.html HTTP/1.1" 200 73528
116.230.123.222 - - [02/Mar/2024:09:44:10 +0800] "POST /xingrg/kc/buy/cgsh_order_operate.html HTTP/1.1" 200 8245
116.230.123.222 - - [02/Mar/2024:09:44:10 +0800] "GET /xingrg/javascript/easyui/themes/default/validatebox.css HTTP/1.1" 404 1104
180.164.1.25 - - [02/Mar/2024:09:44:11 +0800] "GET /xingrg/kc/buy/cgsh_order_operate.html?command=get_materiel&rest_code=00108&code=00101013175&supplier_code=00100007&order_time=2024-03-02 HTTP/1.1" 200 412
116.238.97.31 - - [02/Mar/2024:09:44:15 +0800] "GET /xingrg/all/function/internal_message.html?_=1709343855099&CODE_STATE=getMsg HTTP/1.1" 200 27
180.164.1.25 - - [02/Mar/2024:09:44:19 +0800] "GET /xingrg/kc/buy/cgsh_order_operate.html?command=get_materiel&rest_code=00108&code=00101008213&supplier_code=00100007&order_time=2024-03-02 HTTP/1.1" 200 412
120.253.135.82 - - [02/Mar/2024:09:44:21 +0800] "GET /xingrg/all/function/internal_message.html?_=1709344030126&CODE_STATE=getMsg HTTP/1.1" 200 27
116.230.123.222 - - [02/Mar/2024:09:44:22 +0800] "GET /xingrg/javascript/jquery_tools/images/prev.gif HTTP/1.1" 404 1086
116.230.123.222 - - [02/Mar/2024:09:44:22 +0800] "GET /xingrg/javascript/jquery_tools/images/next.gif HTTP/1.1" 404 1086
180.164.1.25 - - [02/Mar/2024:09:44:23 +0800] "POST /xingrg/kc/buy/cgsh_order_operate.html HTTP/1.1" 200 2065
116.230.114.14 - - [02/Mar/2024:09:44:24 +0800] "GET /xingrg/all/function/internal_message.html?_=1709343886005&CODE_STATE=getMsg HTTP/1.1" 200 27
101.83.145.37 - - [02/Mar/2024:09:44:24 +0800] "GET /xingrg/all/function/internal_message.html?_=1709343864305&CODE_STATE=getMsg HTTP/1.1" 200 27
116.230.123.222 - - [02/Mar/2024:09:44:25 +0800] "GET /xingrg/all/function/internal_message.html?_=1709343862675&CODE_STATE=getMsg HTTP/1.1" 200 27
116.232.194.112 - - [02/Mar/2024:09:44:25 +0800] "GET /xingrg/all/function/internal_message.html?_=1709343848386&CODE_STATE=getMsg HTTP/1.1" 200 27
180.164.1.25 - - [02/Mar/2024:09:44:28 +0800] "GET /xingrg/all/function/internal_message.html?_=1709343868103&CODE_STATE=getMsg HTTP/1.1" 200 27
180.164.1.25 - - [02/Mar/2024:09:44:29 +0800] "GET /xingrg/kc/buy/cgsh_order_operate.html?command=get_materiel&rest_code=00108&code=00101015183&supplier_code=00100007&order_time=2024-03-02 HTTP/1.1" 200 421
114.83.217.226 - - [02/Mar/2024:09:44:33 +0800] "GET /xingrg/check_reg.html?_=1709343871287 HTTP/1.1" 200 22
180.164.1.25 - - [02/Mar/2024:09:44:36 +0800] "GET /xingrg/kc/buy/cgsh_order_operate.html?command=get_materiel&rest_code=00108&code=00101008155&supplier_code=00100007&order_time=2024-03-02 HTTP/1.1" 200 408
114.83.217.226 - - [02/Mar/2024:09:44:38 +0800] "GET /xingrg/all/function/internal_message.html?_=1709343876173&CODE_STATE=getMsg HTTP/1.1" 200 27
116.224.254.208 - - [02/Mar/2024:09:44:40 +0800] "GET /xingrg/all/function/internal_message.html?_=1709343880726&CODE_STATE=getMsg HTTP/1.1" 200 27
116.224.254.208 - - [02/Mar/2024:09:44:44 +0800] "GET /xingrg/all/function/internal_message.html?_=1709343884298&CODE_STATE=getMsg HTTP/1.1" 200 27
218.81.65.124 - - [02/Mar/2024:09:44:46 +0800] "GET /xingrg/all/function/internal_message.html?_=1709343895631&CODE_STATE=getMsg HTTP/1.1" 200 27
180.164.1.25 - - [02/Mar/2024:09:44:46 +0800] "GET /xingrg/kc/buy/cgsh_order_operate.html?command=get_materiel&rest_code=00108&code=00101008368&supplier_code=00100007&order_time=2024-03-02 HTTP/1.1" 200 408
124.78.153.49 - - [02/Mar/2024:09:44:47 +0800] "GET /xingrg/all/function/internal_message.html?_=1709343885888&CODE_STATE=getMsg HTTP/1.1" 200 27
116.230.123.222 - - [02/Mar/2024:09:44:47 +0800] "GET /xingrg/kc/buy/cgsh_order_operate.html?command=get_materiel&rest_code=00111&code=00101010854&supplier_code=00100199&order_time=2024-03-02 HTTP/1.1" 200 451
116.230.123.222 - - [02/Mar/2024:09:44:49 +0800] "POST /xingrg/all/common/load_select.html HTTP/1.1" 200 25
222.69.134.64 - - [02/Mar/2024:09:44:51 +0800] "GET /xingrg/all/function/internal_message.html?_=1709343892684&CODE_STATE=getMsg HTTP/1.1" 200 27
116.230.123.222 - - [02/Mar/2024:09:44:54 +0800] "GET /xingrg/kc/buy/cgsh_order_operate.html?command=get_materiel_price&rest_code=00111&code=00101010854&unit_code=00100674&supplier_code=00100199&order_time=2024-03-02 HTTP/1.1" 200 28
180.164.1.25 - - [02/Mar/2024:09:44:56 +0800] "GET /xingrg/kc/buy/cgsh_order_operate.html?command=get_materiel&rest_code=00108&code=00101008350&supplier_code=00100007&order_time=2024-03-02 HTTP/1.1" 200 408
116.224.254.208 - - [02/Mar/2024:09:45:03 +0800] "GET /xingrg/javascript/jquery_easy_ui/themes/default/images/tabs_active.png HTTP/1.1" 304 -
180.164.1.25 - - [02/Mar/2024:09:45:05 +0800] "GET /xingrg/kc/buy/cgsh_order_operate.html?command=get_materiel&rest_code=00108&code=00101008005&supplier_code=00100007&order_time=2024-03-02 HTTP/1.1" 200 412
221.239.172.101 - - [02/Mar/2024:09:45:05 +0800] "GET /xingrg/all/function/internal_message.html?_=1709343904197&CODE_STATE=getMsg HTTP/1.1" 200 27
124.78.67.200 - - [02/Mar/2024:09:45:06 +0800] "GET /xingrg/all/function/internal_message.html?_=1709343906043&CODE_STATE=getMsg HTTP/1.1" 200 27
180.171.62.200 - - [02/Mar/2024:09:45:10 +0800] "GET /xingrg/all/function/internal_message.html?_=1709343918299&CODE_STATE=getMsg HTTP/1.1" 200 27
180.164.1.25 - - [02/Mar/2024:09:45:10 +0800] "POST /xingrg/kc/buy/cgsh_order_operate.html HTTP/1.1" 200 2065
116.230.123.222 - - [02/Mar/2024:09:45:11 +0800] "GET /xingrg/kc/buy/cgsh_order_operate.html?command=get_materiel&rest_code=00111&code=00101002027&supplier_code=00100199&order_time=2024-03-02 HTTP/1.1" 200 413
116.224.254.208 - - [02/Mar/2024:09:45:12 +0800] "GET /xingrg/kc/buy/cgsh_order_list.html HTTP/1.1" 200 57803
116.238.97.31 - - [02/Mar/2024:09:45:15 +0800] "GET /xingrg/all/function/internal_message.html?_=1709343915078&CODE_STATE=getMsg HTTP/1.1" 200 27
116.224.254.208 - - [02/Mar/2024:09:45:17 +0800] "POST /xingrg/kc/buy/cgsh_list_operate.html HTTP/1.1" 200 2320
116.224.254.208 - - [02/Mar/2024:09:45:20 +0800] "POST /xingrg/kc/buy/cgsh_list_operate.html HTTP/1.1" 200 572
120.253.135.82 - - [02/Mar/2024:09:45:21 +0800] "GET /xingrg/all/function/internal_message.html?_=1709344090131&CODE_STATE=getMsg HTTP/1.1" 200 27
116.224.254.208 - - [02/Mar/2024:09:45:21 +0800] "GET /xingrg/kc/buy/cgsh_order_info.html?code=212024030200346 HTTP/1.1" 200 73627
116.224.254.208 - - [02/Mar/2024:09:45:21 +0800] "GET /xingrg/javascript/easyui/themes/default/validatebox.css HTTP/1.1" 404 1104
116.224.254.208 - - [02/Mar/2024:09:45:21 +0800] "GET /xingrg/all/common/auto_word.html?type=employee&rest_code=00150 HTTP/1.1" 200 159
116.224.254.208 - - [02/Mar/2024:09:45:21 +0800] "GET /xingrg/all/common/auto_word.html?type=employee&rest_code=00150 HTTP/1.1" 200 159
116.224.254.208 - - [02/Mar/2024:09:45:22 +0800] "POST /xingrg/kc/buy/cgsh_order_operate.html HTTP/1.1" 200 5619
116.230.114.14 - - [02/Mar/2024:09:45:22 +0800] "GET /xingrg/check_reg.html?_=1709343944727 HTTP/1.1" 200 22
116.230.114.14 - - [02/Mar/2024:09:45:24 +0800] "GET /xingrg/all/function/internal_message.html?_=1709343946020&CODE_STATE=getMsg HTTP/1.1" 200 27
101.83.145.37 - - [02/Mar/2024:09:45:24 +0800] "GET /xingrg/all/function/internal_message.html?_=1709343924308&CODE_STATE=getMsg HTTP/1.1" 200 27
101.83.145.37 - - [02/Mar/2024:09:45:24 +0800] "GET /xingrg/check_reg.html?_=1709343924312 HTTP/1.1" 200 22
180.164.1.25 - - [02/Mar/2024:09:45:25 +0800] "GET /xingrg/kc/buy/cgsh_order_operate.html?command=get_materiel&rest_code=00108&code=00101008072&supplier_code=00100007&order_time=2024-03-02 HTTP/1.1" 200 408
116.230.123.222 - - [02/Mar/2024:09:45:25 +0800] "GET /xingrg/all/function/internal_message.html?_=1709343922648&CODE_STATE=getMsg HTTP/1.1" 200 27
116.232.194.112 - - [02/Mar/2024:09:45:25 +0800] "GET /xingrg/all/function/internal_message.html?_=1709343908400&CODE_STATE=getMsg HTTP/1.1" 200 27
116.224.254.208 - - [02/Mar/2024:09:45:28 +0800] "GET /xingrg/javascript/auto/indicator.gif HTTP/1.1" 404 1066
180.164.1.25 - - [02/Mar/2024:09:45:28 +0800] "GET /xingrg/all/function/internal_message.html?_=1709343928098&CODE_STATE=getMsg HTTP/1.1" 200 27
116.224.254.208 - - [02/Mar/2024:09:45:32 +0800] "GET /xingrg/kc/buy/cgsh_order_operate.html?command=get_materiel&rest_code=00150&code=00101012025&supplier_code=00100096&order_time=2024-03-02 HTTP/1.1" 200 414
116.230.123.222 - - [02/Mar/2024:09:45:33 +0800] "GET /xingrg/kc/buy/cgsh_order_operate.html?command=get_materiel&rest_code=00111&code=00101004020&supplier_code=00100199&order_time=2024-03-02 HTTP/1.1" 200 409
116.224.254.208 - - [02/Mar/2024:09:45:34 +0800] "POST /xingrg/services/DataTransmitService HTTP/1.1" 200 524
180.164.1.25 - - [02/Mar/2024:09:45:35 +0800] "GET /xingrg/kc/buy/cgsh_order_operate.html?command=get_materiel&rest_code=00108&code=00101008126&supplier_code=00100007&order_time=2024-03-02 HTTP/1.1" 200 412
114.83.217.226 - - [02/Mar/2024:09:45:38 +0800] "GET /xingrg/all/function/internal_message.html?_=1709343936144&CODE_STATE=getMsg HTTP/1.1" 200 27
116.224.254.208 - - [02/Mar/2024:09:45:40 +0800] "GET /xingrg/all/function/internal_message.html?_=1709343940734&CODE_STATE=getMsg HTTP/1.1" 200 27
116.224.254.208 - - [02/Mar/2024:09:45:44 +0800] "GET /xingrg/all/function/internal_message.html?_=1709343944319&CODE_STATE=getMsg HTTP/1.1" 200 27
218.81.65.124 - - [02/Mar/2024:09:45:46 +0800] "GET /xingrg/all/function/internal_message.html?_=1709343955644&CODE_STATE=getMsg HTTP/1.1" 200 27
124.78.153.49 - - [02/Mar/2024:09:45:47 +0800] "GET /xingrg/all/function/internal_message.html?_=1709343945888&CODE_STATE=getMsg HTTP/1.1" 200 27
116.230.123.222 - - [02/Mar/2024:09:45:49 +0800] "POST /xingrg/kc/buy/cgsh_order_operate.html HTTP/1.1" 200 37
222.69.134.64 - - [02/Mar/2024:09:45:51 +0800] "GET /xingrg/all/function/internal_message.html?_=1709343952700&CODE_STATE=getMsg HTTP/1.1" 200 27
180.164.1.25 - - [02/Mar/2024:09:45:52 +0800] "GET /xingrg/kc/buy/cgsh_order_operate.html?command=get_materiel&rest_code=00108&code=00101008169&supplier_code=00100007&order_time=2024-03-02 HTTP/1.1" 200 412
116.224.254.208 - - [02/Mar/2024:09:45:58 +0800] "GET /xingrg/kc/buy/cgsh_order_operate.html?command=get_materiel&rest_code=00150&code=00101007061&supplier_code=00100096&order_time=2024-03-02 HTTP/1.1" 200 411
221.239.172.101 - - [02/Mar/2024:09:46:05 +0800] "GET /xingrg/all/function/internal_message.html?_=1709343964182&CODE_STATE=getMsg HTTP/1.1" 200 27
124.78.67.200 - - [02/Mar/2024:09:46:06 +0800] "GET /xingrg/all/function/internal_message.html?_=1709343966022&CODE_STATE=getMsg HTTP/1.1" 200 27
116.230.123.222 - - [02/Mar/2024:09:46:09 +0800] "POST /xingrg/kc/buy/cgsh_order_operate.html HTTP/1.1" 200 12
180.164.1.25 - - [02/Mar/2024:09:46:10 +0800] "GET /xingrg/kc/buy/cgsh_order_operate.html?command=get_materiel&rest_code=00108&code=00101008270&supplier_code=00100007&order_time=2024-03-02 HTTP/1.1" 200 413
180.171.62.200 - - [02/Mar/2024:09:46:10 +0800] "GET /xingrg/all/function/internal_message.html?_=1709343978300&CODE_STATE=getMsg HTTP/1.1" 200 27
180.171.62.200 - - [02/Mar/2024:09:46:10 +0800] "GET /xingrg/check_reg.html?_=1709343978304 HTTP/1.1" 200 22
116.230.114.14 - - [02/Mar/2024:09:46:14 +0800] "POST /xingrg/kc/buy/cgsh_list_operate.html HTTP/1.1" 200 1869
180.164.1.25 - - [02/Mar/2024:09:46:14 +0800] "POST /xingrg/kc/buy/cgsh_order_operate.html HTTP/1.1" 200 2065
116.238.97.31 - - [02/Mar/2024:09:46:15 +0800] "GET /xingrg/all/function/internal_message.html?_=1709343975052&CODE_STATE=getMsg HTTP/1.1" 200 27
116.238.97.31 - - [02/Mar/2024:09:46:15 +0800] "GET /xingrg/check_reg.html?_=1709343975126 HTTP/1.1" 200 22
116.230.114.14 - - [02/Mar/2024:09:46:17 +0800] "GET /xingrg/kc/buy/cgsh_order_add.html HTTP/1.1" 200 73572
116.230.114.14 - - [02/Mar/2024:09:46:17 +0800] "POST /xingrg/kc/buy/cgsh_order_operate.html HTTP/1.1" 200 8245
116.230.114.14 - - [02/Mar/2024:09:46:17 +0800] "GET /xingrg/javascript/easyui/themes/default/validatebox.css HTTP/1.1" 404 1104
116.224.254.208 - - [02/Mar/2024:09:46:17 +0800] "GET /xingrg/kc/buy/cgsh_order_operate.html?command=get_materiel&rest_code=00150&code=00101006240&supplier_code=00100096&order_time=2024-03-02 HTTP/1.1" 200 424
120.253.135.82 - - [02/Mar/2024:09:46:21 +0800] "GET /xingrg/all/function/internal_message.html?_=1709344150135&CODE_STATE=getMsg HTTP/1.1" 200 27
116.230.123.222 - - [02/Mar/2024:09:46:21 +0800] "GET /xingrg/kc/buy/cgsh_order_info.html?code=212024030200350 HTTP/1.1" 200 68435
116.230.123.222 - - [02/Mar/2024:09:46:21 +0800] "GET /xingrg/javascript/easyui/themes/default/validatebox.css HTTP/1.1" 404 1104
116.230.123.222 - - [02/Mar/2024:09:46:22 +0800] "POST /xingrg/kc/buy/cgsh_order_operate.html HTTP/1.1" 200 2415
116.230.114.14 - - [02/Mar/2024:09:46:24 +0800] "GET /xingrg/all/function/internal_message.html?_=1709344006033&CODE_STATE=getMsg HTTP/1.1" 200 27
101.83.145.37 - - [02/Mar/2024:09:46:24 +0800] "GET /xingrg/all/function/internal_message.html?_=1709343984312&CODE_STATE=getMsg HTTP/1.1" 200 27
116.230.123.222 - - [02/Mar/2024:09:46:25 +0800] "GET /xingrg/all/function/internal_message.html?_=1709343982634&CODE_STATE=getMsg HTTP/1.1" 200 27
116.232.194.112 - - [02/Mar/2024:09:46:25 +0800] "GET /xingrg/all/function/internal_message.html?_=1709343968388&CODE_STATE=getMsg HTTP/1.1" 200 27
180.164.1.25 - - [02/Mar/2024:09:46:28 +0800] "GET /xingrg/all/function/internal_message.html?_=1709343988098&CODE_STATE=getMsg HTTP/1.1" 200 27
116.224.254.208 - - [02/Mar/2024:09:46:30 +0800] "GET /xingrg/kc/buy/cgsh_order_operate.html?command=get_materiel&rest_code=00150&code=00101006109&supplier_code=00100096&order_time=2024-03-02 HTTP/1.1" 200 409
116.230.123.222 - - [02/Mar/2024:09:46:34 +0800] "GET /xingrg/kc/print/load_data.html?order_code=212024030200350&kc_code=cgsh&condition= HTTP/1.1" 200 1410
116.230.114.14 - - [02/Mar/2024:09:46:34 +0800] "GET /xingrg/kc/buy/cgsh_order_operate.html?command=get_materiel&rest_code=00146&code=00101010161&supplier_code=00100041&order_time=2024-03-02 HTTP/1.1" 200 408
114.83.217.226 - - [02/Mar/2024:09:46:38 +0800] "GET /xingrg/all/function/internal_message.html?_=1709343996129&CODE_STATE=getMsg HTTP/1.1" 200 27
116.224.254.208 - - [02/Mar/2024:09:46:40 +0800] "GET /xingrg/all/function/internal_message.html?_=1709344000734&CODE_STATE=getMsg HTTP/1.1" 200 27
116.224.254.208 - - [02/Mar/2024:09:46:40 +0800] "GET /xingrg/kc/buy/cgsh_order_operate.html?command=get_materiel&rest_code=00150&code=00101006013&supplier_code=00100096&order_time=2024-03-02 HTTP/1.1" 200 409
218.81.65.124 - - [02/Mar/2024:09:46:46 +0800] "GET /xingrg/check_reg.html?_=1709344015645 HTTP/1.1" 200 22
218.81.65.124 - - [02/Mar/2024:09:46:46 +0800] "GET /xingrg/all/function/internal_message.html?_=1709344015646&CODE_STATE=getMsg HTTP/1.1" 200 27
124.78.153.49 - - [02/Mar/2024:09:46:47 +0800] "GET /xingrg/all/function/internal_message.html?_=1709344005889&CODE_STATE=getMsg HTTP/1.1" 200 27
116.224.254.208 - - [02/Mar/2024:09:46:51 +0800] "POST /xingrg/kc/buy/cgsh_order_operate.html HTTP/1.1" 200 37
222.69.134.64 - - [02/Mar/2024:09:46:51 +0800] "GET /xingrg/check_reg.html?_=1709344012690 HTTP/1.1" 200 22
222.69.134.64 - - [02/Mar/2024:09:46:51 +0800] "GET /xingrg/all/function/internal_message.html?_=1709344012700&CODE_STATE=getMsg HTTP/1.1" 200 27
116.224.254.208 - - [02/Mar/2024:09:46:53 +0800] "POST /xingrg/kc/buy/cgsh_order_operate.html HTTP/1.1" 200 8608
116.230.114.14 - - [02/Mar/2024:09:46:53 +0800] "GET /xingrg/kc/buy/cgsh_order_operate.html?command=get_materiel&rest_code=00146&code=00101005037&supplier_code=00100041&order_time=2024-03-02 HTTP/1.1" 200 409
116.224.254.208 - - [02/Mar/2024:09:47:00 +0800] "GET /xingrg/kc/buy/cgsh_order_operate.html?command=get_materiel&rest_code=00150&code=00101010711&supplier_code=00100096&order_time=2024-03-02 HTTP/1.1" 200 406
218.81.65.124 - - [02/Mar/2024:09:47:03 +0800] "GET /xingrg/index.html?sysBaseUrl=http%3A%2F%2F180.169.147.146%3A18081%2Fxingrg%2F&costTime=44×tamp=1622098168715 HTTP/1.1" 302 -
218.81.65.124 - - [02/Mar/2024:09:47:03 +0800] "GET /xingrg/login.html HTTP/1.1" 200 7641
218.81.65.124 - - [02/Mar/2024:09:47:03 +0800] "GET /favicon.ico HTTP/1.1" 404 -
221.239.172.101 - - [02/Mar/2024:09:47:05 +0800] "GET /xingrg/all/function/internal_message.html?_=1709344024153&CODE_STATE=getMsg HTTP/1.1" 200 27
124.78.67.200 - - [02/Mar/2024:09:47:05 +0800] "GET /xingrg/all/function/internal_message.html?_=1709344025996&CODE_STATE=getMsg HTTP/1.1" 200 27
218.81.65.124 - - [02/Mar/2024:09:47:07 +0800] "POST /xingrg/login.do HTTP/1.1" 302 -
218.81.65.124 - - [02/Mar/2024:09:47:07 +0800] "GET /xingrg/index.html?sysBaseUrl=http%3A%2F%2F180.169.147.146%3A18081%2Fxingrg%2F&costTime=851×tamp=1709344027100 HTTP/1.1" 200 17179
218.81.65.124 - - [02/Mar/2024:09:47:07 +0800] "GET /favicon.ico HTTP/1.1" 404 -
218.81.65.124 - - [02/Mar/2024:09:47:07 +0800] "GET /xingrg/all/function/internal_message.html?_=1709344036687&CODE_STATE=count HTTP/1.1" 200 11
218.81.65.124 - - [02/Mar/2024:09:47:07 +0800] "GET /xingrg/check_reg.html?_=1709344036688 HTTP/1.1" 200 22
218.81.65.124 - - [02/Mar/2024:09:47:07 +0800] "POST /xingrg/all/common/load_tree.html?tree=area_rest_tree_json&manage=1 HTTP/1.1" 200 351
218.81.65.124 - - [02/Mar/2024:09:47:07 +0800] "POST /xingrg/load_menu.html HTTP/1.1" 200 5138
180.164.1.25 - - [02/Mar/2024:09:47:07 +0800] "GET /xingrg/kc/buy/cgsh_order_operate.html?command=get_materiel&rest_code=00108&code=00101008150&supplier_code=00100007&order_time=2024-03-02 HTTP/1.1" 200 409
180.171.62.200 - - [02/Mar/2024:09:47:10 +0800] "GET /xingrg/all/function/internal_message.html?_=1709344038304&CODE_STATE=getMsg HTTP/1.1" 200 27
218.81.65.124 - - [02/Mar/2024:09:47:11 +0800] "GET /xingrg/kc/buy/cgsh_order_list.html HTTP/1.1" 200 57803
116.230.114.14 - - [02/Mar/2024:09:47:11 +0800] "GET /xingrg/kc/buy/cgsh_order_operate.html?command=get_materiel&rest_code=00146&code=00101005036&supplier_code=00100041&order_time=2024-03-02 HTTP/1.1" 200 409
218.81.65.124 - - [02/Mar/2024:09:47:13 +0800] "POST /xingrg/kc/buy/cgsh_list_operate.html HTTP/1.1" 200 986
116.238.97.31 - - [02/Mar/2024:09:47:15 +0800] "GET /xingrg/all/function/internal_message.html?_=1709344035035&CODE_STATE=getMsg HTTP/1.1" 200 27
218.81.65.124 - - [02/Mar/2024:09:47:16 +0800] "GET /xingrg/kc/mdqp/qqps_order_list.html HTTP/1.1" 200 9222
218.81.65.124 - - [02/Mar/2024:09:47:16 +0800] "GET /xingrg/dwr/interface/AjaxQqpsService.js HTTP/1.1" 200 16326
218.81.65.124 - - [02/Mar/2024:09:47:16 +0800] "GET /xingrg/dwr/interface/AjaxReportQueryService.js HTTP/1.1" 200 13203
218.81.65.124 - - [02/Mar/2024:09:47:16 +0800] "GET /xingrg/dwr/engine.js HTTP/1.1" 200 43631
218.81.65.124 - - [02/Mar/2024:09:47:16 +0800] "GET /xingrg/dwr/util.js HTTP/1.1" 304 -
218.81.65.124 - - [02/Mar/2024:09:47:17 +0800] "GET /xingrg/kc/mdqp/pssh_order_list.html HTTP/1.1" 200 17807
218.81.65.124 - - [02/Mar/2024:09:47:17 +0800] "POST /xingrg/kc/mdqp/pssh_list_operate.html HTTP/1.1" 200 5465
218.81.65.124 - - [02/Mar/2024:09:47:20 +0800] "GET /xingrg/kc/mdqp/psth_order_list1.html HTTP/1.1" 200 17915
218.81.65.124 - - [02/Mar/2024:09:47:20 +0800] "POST /xingrg/kc/mdqp/psth_list_operate.html HTTP/1.1" 200 749
120.253.135.82 - - [02/Mar/2024:09:47:21 +0800] "GET /xingrg/check_reg.html?_=1709344210143 HTTP/1.1" 200 22
120.253.135.82 - - [02/Mar/2024:09:47:21 +0800] "GET /xingrg/all/function/internal_message.html?_=1709344210140&CODE_STATE=getMsg HTTP/1.1" 200 27
221.239.172.101 - - [02/Mar/2024:09:47:22 +0800] "GET /xingrg/check_reg.html?_=1709344041045 HTTP/1.1" 200 22
116.230.114.14 - - [02/Mar/2024:09:47:24 +0800] "GET /xingrg/all/function/internal_message.html?_=1709344066047&CODE_STATE=getMsg HTTP/1.1" 200 27
101.83.145.37 - - [02/Mar/2024:09:47:24 +0800] "GET /xingrg/all/function/internal_message.html?_=1709344044299&CODE_STATE=getMsg HTTP/1.1" 200 27
116.230.123.222 - - [02/Mar/2024:09:47:25 +0800] "GET /xingrg/all/function/internal_message.html?_=1709344042619&CODE_STATE=getMsg HTTP/1.1" 200 27
116.230.123.222 - - [02/Mar/2024:09:47:25 +0800] "GET /xingrg/check_reg.html?_=1709344042745 HTTP/1.1" 200 22
116.232.194.112 - - [02/Mar/2024:09:47:25 +0800] "GET /xingrg/check_reg.html?_=1709344028405 HTTP/1.1" 200 22
116.232.194.112 - - [02/Mar/2024:09:47:25 +0800] "GET /xingrg/all/function/internal_message.html?_=1709344028409&CODE_STATE=getMsg HTTP/1.1" 200 27
180.164.1.25 - - [02/Mar/2024:09:47:28 +0800] "GET /xingrg/check_reg.html?_=1709344048098 HTTP/1.1" 200 22
180.164.1.25 - - [02/Mar/2024:09:47:28 +0800] "GET /xingrg/all/function/internal_message.html?_=1709344048100&CODE_STATE=getMsg HTTP/1.1" 200 27
180.164.1.25 - - [02/Mar/2024:09:47:30 +0800] "POST /xingrg/kc/buy/cgsh_order_operate.html HTTP/1.1" 200 37
116.230.114.14 - - [02/Mar/2024:09:47:32 +0800] "GET /xingrg/kc/buy/cgsh_order_operate.html?command=get_materiel&rest_code=00146&code=00101001191&supplier_code=00100041&order_time=2024-03-02 HTTP/1.1" 200 413
116.224.254.208 - - [02/Mar/2024:09:47:36 +0800] "POST /xingrg/kc/buy/cgsh_order_operate.html HTTP/1.1" 200 37
180.164.1.25 - - [02/Mar/2024:09:47:36 +0800] "POST /xingrg/kc/buy/cgsh_order_operate.html HTTP/1.1" 200 19821
114.83.217.226 - - [02/Mar/2024:09:47:38 +0800] "GET /xingrg/all/function/internal_message.html?_=1709344056112&CODE_STATE=getMsg HTTP/1.1" 200 27
116.224.254.208 - - [02/Mar/2024:09:47:40 +0800] "GET /xingrg/all/function/internal_message.html?_=1709344060734&CODE_STATE=getMsg HTTP/1.1" 200 27
116.224.254.208 - - [02/Mar/2024:09:47:44 +0800] "GET /xingrg/check_reg.html?_=1709344064333 HTTP/1.1" 200 22
116.224.254.208 - - [02/Mar/2024:09:47:44 +0800] "GET /xingrg/all/function/internal_message.html?_=1709344064350&CODE_STATE=getMsg HTTP/1.1" 200 27
116.224.254.208 - - [02/Mar/2024:09:47:45 +0800] "POST /xingrg/kc/buy/cgsh_order_operate.html HTTP/1.1" 200 12
124.78.153.49 - - [02/Mar/2024:09:47:47 +0800] "GET /xingrg/all/function/internal_message.html?_=1709344065889&CODE_STATE=getMsg HTTP/1.1" 200 27
116.224.254.208 - - [02/Mar/2024:09:47:47 +0800] "GET /xingrg/kc/buy/cgsh_order_info.html?code=212024030200346 HTTP/1.1" 200 68531
116.224.254.208 - - [02/Mar/2024:09:47:47 +0800] "GET /xingrg/javascript/easyui/themes/default/validatebox.css HTTP/1.1" 404 1104
116.230.114.14 - - [02/Mar/2024:09:47:48 +0800] "POST /xingrg/kc/buy/cgsh_order_operate.html HTTP/1.1" 200 37
116.224.254.208 - - [02/Mar/2024:09:47:48 +0800] "POST /xingrg/kc/buy/cgsh_order_operate.html HTTP/1.1" 200 7125
180.164.1.25 - - [02/Mar/2024:09:47:49 +0800] "GET /xingrg/kc/buy/cgsh_order_operate.html?command=get_materiel&rest_code=00108&code=00101008061&supplier_code=00100007&order_time=2024-03-02 HTTP/1.1" 200 422
116.224.254.208 - - [02/Mar/2024:09:47:50 +0800] "GET /xingrg/kc/print/load_config.html?kc_code=cgsh HTTP/1.1" 200 1927
116.224.254.208 - - [02/Mar/2024:09:47:51 +0800] "GET /xingrg/kc/print/load_data.html?order_code=212024030200346&kc_code=cgsh&condition= HTTP/1.1" 200 3184
222.69.134.64 - - [02/Mar/2024:09:47:51 +0800] "GET /xingrg/all/function/internal_message.html?_=1709344072680&CODE_STATE=getMsg HTTP/1.1" 200 27
116.230.114.14 - - [02/Mar/2024:09:47:53 +0800] "POST /xingrg/kc/buy/cgsh_order_operate.html HTTP/1.1" 200 4419
116.230.114.14 - - [02/Mar/2024:09:47:55 +0800] "GET /xingrg/kc/print/load_data.html?order_code=212024030200352&kc_code=cgsh&condition= HTTP/1.1" 200 1357
180.164.1.25 - - [02/Mar/2024:09:48:00 +0800] "GET /xingrg/kc/buy/cgsh_order_operate.html?command=get_materiel&rest_code=00108&code=00101009175&supplier_code=00100007&order_time=2024-03-02 HTTP/1.1" 200 415
221.239.172.101 - - [02/Mar/2024:09:48:05 +0800] "GET /xingrg/all/function/internal_message.html?_=1709344084134&CODE_STATE=getMsg HTTP/1.1" 200 27
124.78.67.200 - - [02/Mar/2024:09:48:05 +0800] "GET /xingrg/all/function/internal_message.html?_=1709344085980&CODE_STATE=getMsg HTTP/1.1" 200 27
218.81.65.124 - - [02/Mar/2024:09:48:07 +0800] "GET /xingrg/all/function/internal_message.html?_=1709344096709&CODE_STATE=getMsg HTTP/1.1" 200 27
180.171.62.200 - - [02/Mar/2024:09:48:10 +0800] "GET /xingrg/all/function/internal_message.html?_=1709344098305&CODE_STATE=getMsg HTTP/1.1" 200 27
116.230.114.14 - - [02/Mar/2024:09:48:11 +0800] "GET /xingrg/kc/buy/cgsh_order_add.html HTTP/1.1" 200 73572
180.164.1.25 - - [02/Mar/2024:09:48:12 +0800] "GET /xingrg/kc/buy/cgsh_order_operate.html?command=get_materiel&rest_code=00108&code=00101009011&supplier_code=00100007&order_time=2024-03-02 HTTP/1.1" 200 416
116.230.114.14 - - [02/Mar/2024:09:48:12 +0800] "POST /xingrg/kc/buy/cgsh_order_operate.html HTTP/1.1" 200 8245
116.230.114.14 - - [02/Mar/2024:09:48:12 +0800] "GET /xingrg/javascript/easyui/themes/default/validatebox.css HTTP/1.1" 404 1104
116.238.97.31 - - [02/Mar/2024:09:48:15 +0800] "GET /xingrg/all/function/internal_message.html?_=1709344095024&CODE_STATE=getMsg HTTP/1.1" 200 27
124.78.67.200 - - [02/Mar/2024:09:48:19 +0800] "GET /xingrg/check_reg.html?_=1709344099976 HTTP/1.1" 200 22
120.253.135.82 - - [02/Mar/2024:09:48:21 +0800] "GET /xingrg/all/function/internal_message.html?_=1709344270143&CODE_STATE=getMsg HTTP/1.1" 200 27
180.164.1.25 - - [02/Mar/2024:09:48:21 +0800] "GET /xingrg/kc/buy/cgsh_order_operate.html?command=get_materiel&rest_code=00108&code=00101009015&supplier_code=00100007&order_time=2024-03-02 HTTP/1.1" 200 416
116.230.114.14 - - [02/Mar/2024:09:48:24 +0800] "GET /xingrg/all/function/internal_message.html?_=1709344126059&CODE_STATE=getMsg HTTP/1.1" 200 27
101.83.145.37 - - [02/Mar/2024:09:48:24 +0800] "GET /xingrg/all/function/internal_message.html?_=1709344104302&CODE_STATE=getMsg HTTP/1.1" 200 27
116.230.123.222 - - [02/Mar/2024:09:48:25 +0800] "GET /xingrg/all/function/internal_message.html?_=1709344102594&CODE_STATE=getMsg HTTP/1.1" 200 27
116.232.194.112 - - [02/Mar/2024:09:48:25 +0800] "GET /xingrg/all/function/internal_message.html?_=1709344088401&CODE_STATE=getMsg HTTP/1.1" 200 27
180.164.1.25 - - [02/Mar/2024:09:48:28 +0800] "GET /xingrg/all/function/internal_message.html?_=1709344108114&CODE_STATE=getMsg HTTP/1.1" 200 27
116.230.114.14 - - [02/Mar/2024:09:48:29 +0800] "GET /xingrg/kc/buy/cgsh_order_operate.html?command=get_materiel&rest_code=00146&code=00101012026&supplier_code=00100033&order_time=2024-03-02 HTTP/1.1" 200 410
180.164.1.25 - - [02/Mar/2024:09:48:30 +0800] "POST /xingrg/kc/buy/cgsh_order_operate.html HTTP/1.1" 200 2065
180.164.1.25 - - [02/Mar/2024:09:48:37 +0800] "GET /xingrg/kc/buy/cgsh_order_operate.html?command=get_materiel&rest_code=00108&code=00101008674&supplier_code=00100007&order_time=2024-03-02 HTTP/1.1" 200 413
114.83.217.226 - - [02/Mar/2024:09:48:38 +0800] "GET /xingrg/all/function/internal_message.html?_=1709344116102&CODE_STATE=getMsg HTTP/1.1" 200 27
116.224.254.208 - - [02/Mar/2024:09:48:40 +0800] "GET /xingrg/all/function/internal_message.html?_=1709344120734&CODE_STATE=getMsg HTTP/1.1" 200 27
116.224.254.208 - - [02/Mar/2024:09:48:40 +0800] "GET /xingrg/check_reg.html?_=1709344120736 HTTP/1.1" 200 22
116.224.254.208 - - [02/Mar/2024:09:48:44 +0800] "GET /xingrg/all/function/internal_message.html?_=1709344124338&CODE_STATE=getMsg HTTP/1.1" 200 27
180.164.1.25 - - [02/Mar/2024:09:48:45 +0800] "GET /xingrg/kc/buy/cgsh_order_operate.html?command=get_materiel&rest_code=00108&code=00101008095&supplier_code=00100007&order_time=2024-03-02 HTTP/1.1" 200 413
124.78.153.49 - - [02/Mar/2024:09:48:47 +0800] "GET /xingrg/check_reg.html?_=1709344125889 HTTP/1.1" 200 22
124.78.153.49 - - [02/Mar/2024:09:48:47 +0800] "GET /xingrg/all/function/internal_message.html?_=1709344125891&CODE_STATE=getMsg HTTP/1.1" 200 27
222.69.134.64 - - [02/Mar/2024:09:48:51 +0800] "GET /xingrg/all/function/internal_message.html?_=1709344132709&CODE_STATE=getMsg HTTP/1.1" 200 27
116.230.114.14 - - [02/Mar/2024:09:48:54 +0800] "GET /xingrg/kc/buy/cgsh_order_operate.html?command=get_materiel&rest_code=00146&code=00101012051&supplier_code=00100033&order_time=2024-03-02 HTTP/1.1" 200 408
221.239.172.101 - - [02/Mar/2024:09:49:05 +0800] "GET /xingrg/all/function/internal_message.html?_=1709344144118&CODE_STATE=getMsg HTTP/1.1" 200 27
124.78.67.200 - - [02/Mar/2024:09:49:05 +0800] "GET /xingrg/all/function/internal_message.html?_=1709344145962&CODE_STATE=getMsg HTTP/1.1" 200 27
180.164.1.25 - - [02/Mar/2024:09:49:07 +0800] "GET /xingrg/kc/buy/cgsh_order_operate.html?command=get_materiel&rest_code=00108&code=00101008069&supplier_code=00100007&order_time=2024-03-02 HTTP/1.1" 200 412
218.81.65.124 - - [02/Mar/2024:09:49:07 +0800] "GET /xingrg/all/function/internal_message.html?_=1709344156697&CODE_STATE=getMsg HTTP/1.1" 200 27
180.171.62.200 - - [02/Mar/2024:09:49:10 +0800] "GET /xingrg/all/function/internal_message.html?_=1709344158308&CODE_STATE=getMsg HTTP/1.1" 200 27
116.230.114.14 - - [02/Mar/2024:09:49:10 +0800] "GET /xingrg/kc/buy/cgsh_order_operate.html?command=get_materiel&rest_code=00146&code=00101012064&supplier_code=00100033&order_time=2024-03-02 HTTP/1.1" 200 428
116.238.97.31 - - [02/Mar/2024:09:49:15 +0800] "GET /xingrg/all/function/internal_message.html?_=1709344155012&CODE_STATE=getMsg HTTP/1.1" 200 27
116.230.114.14 - - [02/Mar/2024:09:49:18 +0800] "POST /xingrg/all/common/load_select.html HTTP/1.1" 200 25
120.253.135.82 - - [02/Mar/2024:09:49:21 +0800] "GET /xingrg/all/function/internal_message.html?_=1709344330149&CODE_STATE=getMsg HTTP/1.1" 200 27
180.164.1.25 - - [02/Mar/2024:09:49:21 +0800] "GET /xingrg/kc/buy/cgsh_order_operate.html?command=get_materiel&rest_code=00108&code=00101008168&supplier_code=00100007&order_time=2024-03-02 HTTP/1.1" 200 413
116.230.114.14 - - [02/Mar/2024:09:49:24 +0800] "GET /xingrg/all/function/internal_message.html?_=1709344186074&CODE_STATE=getMsg HTTP/1.1" 200 27
180.164.1.25 - - [02/Mar/2024:09:49:24 +0800] "POST /xingrg/kc/buy/cgsh_order_operate.html HTTP/1.1" 200 2065
101.83.145.37 - - [02/Mar/2024:09:49:24 +0800] "GET /xingrg/all/function/internal_message.html?_=1709344164303&CODE_STATE=getMsg HTTP/1.1" 200 27
116.230.123.222 - - [02/Mar/2024:09:49:25 +0800] "GET /xingrg/all/function/internal_message.html?_=1709344162577&CODE_STATE=getMsg HTTP/1.1" 200 27
116.232.194.112 - - [02/Mar/2024:09:49:25 +0800] "GET /xingrg/all/function/internal_message.html?_=1709344148400&CODE_STATE=getMsg HTTP/1.1" 200 27
180.164.1.25 - - [02/Mar/2024:09:49:28 +0800] "GET /xingrg/all/function/internal_message.html?_=1709344168112&CODE_STATE=getMsg HTTP/1.1" 200 27
114.83.217.226 - - [02/Mar/2024:09:49:33 +0800] "GET /xingrg/check_reg.html?_=1709344171307 HTTP/1.1" 200 22
116.230.114.14 - - [02/Mar/2024:09:49:35 +0800] "GET /xingrg/kc/buy/cgsh_order_operate.html?command=get_materiel_price&rest_code=00146&code=00101012064&unit_code=00100040&supplier_code=00100033&order_time=2024-03-02 HTTP/1.1" 200 27
180.164.1.25 - - [02/Mar/2024:09:49:37 +0800] "GET /xingrg/kc/buy/cgsh_order_operate.html?command=get_materiel&rest_code=00108&code=00101009113&supplier_code=00100007&order_time=2024-03-02 HTTP/1.1" 200 413
114.83.217.226 - - [02/Mar/2024:09:49:38 +0800] "GET /xingrg/all/function/internal_message.html?_=1709344176085&CODE_STATE=getMsg HTTP/1.1" 200 27
116.230.114.14 - - [02/Mar/2024:09:49:39 +0800] "POST /xingrg/services/DataTransmitService HTTP/1.1" 200 524
116.224.254.208 - - [02/Mar/2024:09:49:40 +0800] "GET /xingrg/all/function/internal_message.html?_=1709344180731&CODE_STATE=getMsg HTTP/1.1" 200 27
116.230.114.14 - - [02/Mar/2024:09:49:40 +0800] "POST /xingrg/services/DataTransmitService HTTP/1.1" 200 2331
116.224.254.208 - - [02/Mar/2024:09:49:44 +0800] "GET /xingrg/all/function/internal_message.html?_=1709344184330&CODE_STATE=getMsg HTTP/1.1" 200 27
124.78.153.49 - - [02/Mar/2024:09:49:47 +0800] "GET /xingrg/all/function/internal_message.html?_=1709344185889&CODE_STATE=getMsg HTTP/1.1" 200 27
218.81.65.124 - - [02/Mar/2024:09:49:49 +0800] "GET /xingrg/kc/mdqp/psth_order_list1.html HTTP/1.1" 200 17915
218.81.65.124 - - [02/Mar/2024:09:49:49 +0800] "POST /xingrg/kc/mdqp/psth_list_operate.html HTTP/1.1" 200 749
222.69.134.64 - - [02/Mar/2024:09:49:51 +0800] "GET /xingrg/all/function/internal_message.html?_=1709344192701&CODE_STATE=getMsg HTTP/1.1" 200 27
116.230.114.14 - - [02/Mar/2024:09:49:54 +0800] "GET /xingrg/kc/buy/cgsh_order_operate.html?command=get_materiel&rest_code=00146&code=00101011001&supplier_code=00100033&order_time=2024-03-02 HTTP/1.1" 200 423
218.81.65.124 - - [02/Mar/2024:09:49:55 +0800] "POST /xingrg/kc/mdqp/psth_list_operate.html HTTP/1.1" 200 2564
218.81.65.124 - - [02/Mar/2024:09:49:58 +0800] "POST /xingrg/kc/mdqp/psth_list_operate.html HTTP/1.1" 200 591
116.230.114.14 - - [02/Mar/2024:09:49:59 +0800] "POST /xingrg/services/DataTransmitService HTTP/1.1" 200 524
221.239.172.101 - - [02/Mar/2024:09:50:05 +0800] "GET /xingrg/all/function/internal_message.html?_=1709344204104&CODE_STATE=getMsg HTTP/1.1" 200 27
124.78.67.200 - - [02/Mar/2024:09:50:05 +0800] "GET /xingrg/all/function/internal_message.html?_=1709344205934&CODE_STATE=getMsg HTTP/1.1" 200 27
218.81.65.124 - - [02/Mar/2024:09:50:05 +0800] "GET /xingrg/kc/mdqp/psth_order_info1.html?code=322024022900007 HTTP/1.1" 200 22380
218.81.65.124 - - [02/Mar/2024:09:50:05 +0800] "GET /xingrg/javascript/jquery_tools/jquery-1.4.2.min.js HTTP/1.1" 404 1094
218.81.65.124 - - [02/Mar/2024:09:50:06 +0800] "GET /xingrg/javascript/easyui/themes/default/validatebox.css HTTP/1.1" 404 1104
218.81.65.124 - - [02/Mar/2024:09:50:06 +0800] "POST /xingrg/kc/mdqp/psth_order_operate.html HTTP/1.1" 200 42048
218.81.65.124 - - [02/Mar/2024:09:50:07 +0800] "GET /xingrg/all/function/internal_message.html?_=1709344216710&CODE_STATE=getMsg HTTP/1.1" 200 27
180.164.1.25 - - [02/Mar/2024:09:50:09 +0800] "GET /xingrg/kc/buy/cgsh_order_operate.html?command=get_materiel&rest_code=00108&code=00101009109&supplier_code=00100007&order_time=2024-03-02 HTTP/1.1" 200 413
116.230.114.14 - - [02/Mar/2024:09:50:09 +0800] "GET /xingrg/kc/buy/cgsh_order_operate.html?command=get_materiel&rest_code=00146&code=00101016105&supplier_code=00100033&order_time=2024-03-02 HTTP/1.1" 200 409
180.171.62.200 - - [02/Mar/2024:09:50:10 +0800] "GET /xingrg/all/function/internal_message.html?_=1709344218308&CODE_STATE=getMsg HTTP/1.1" 200 27
116.238.97.31 - - [02/Mar/2024:09:50:15 +0800] "GET /xingrg/all/function/internal_message.html?_=1709344214997&CODE_STATE=getMsg HTTP/1.1" 200 27
218.81.65.124 - - [02/Mar/2024:09:50:16 +0800] "POST /xingrg/kc/mdqp/psth_order_operate.html HTTP/1.1" 200 12
180.164.1.25 - - [02/Mar/2024:09:50:20 +0800] "GET /xingrg/kc/buy/cgsh_order_operate.html?command=get_materiel&rest_code=00108&code=00101009137&supplier_code=00100007&order_time=2024-03-02 HTTP/1.1" 200 410
120.253.135.82 - - [02/Mar/2024:09:50:21 +0800] "GET /xingrg/all/function/internal_message.html?_=1709344390153&CODE_STATE=getMsg HTTP/1.1" 200 27
218.81.65.124 - - [02/Mar/2024:09:50:21 +0800] "GET /xingrg/kc/mdqp/psth_order_info1.html?code=322024022900007 HTTP/1.1" 200 25860
218.81.65.124 - - [02/Mar/2024:09:50:21 +0800] "GET /xingrg/javascript/jquery_tools/jquery-1.4.2.min.js HTTP/1.1" 404 1094
218.81.65.124 - - [02/Mar/2024:09:50:22 +0800] "GET /xingrg/javascript/easyui/themes/default/validatebox.css HTTP/1.1" 404 1104
218.81.65.124 - - [02/Mar/2024:09:50:22 +0800] "GET /xingrg/all/common/auto_word.html?type=base&rest_code=00148&rest_code=00101 HTTP/1.1" 200 1799
218.81.65.124 - - [02/Mar/2024:09:50:22 +0800] "POST /xingrg/kc/mdqp/psth_order_operate.html HTTP/1.1" 200 44049
116.230.114.14 - - [02/Mar/2024:09:50:22 +0800] "GET /xingrg/check_reg.html?_=1709344244731 HTTP/1.1" 200 22
116.230.114.14 - - [02/Mar/2024:09:50:24 +0800] "GET /xingrg/all/function/internal_message.html?_=1709344246087&CODE_STATE=getMsg HTTP/1.1" 200 27
101.83.145.37 - - [02/Mar/2024:09:50:24 +0800] "GET /xingrg/all/function/internal_message.html?_=1709344224306&CODE_STATE=getMsg HTTP/1.1" 200 27
101.83.145.37 - - [02/Mar/2024:09:50:24 +0800] "GET /xingrg/check_reg.html?_=1709344224309 HTTP/1.1" 200 22
116.230.123.222 - - [02/Mar/2024:09:50:25 +0800] "GET /xingrg/all/function/internal_message.html?_=1709344222547&CODE_STATE=getMsg HTTP/1.1" 200 27
116.230.114.14 - - [02/Mar/2024:09:50:25 +0800] "GET /xingrg/kc/buy/cgsh_order_operate.html?command=get_materiel&rest_code=00146&code=00101016025&supplier_code=00100033&order_time=2024-03-02 HTTP/1.1" 200 408
116.232.194.112 - - [02/Mar/2024:09:50:25 +0800] "GET /xingrg/all/function/internal_message.html?_=1709344208393&CODE_STATE=getMsg HTTP/1.1" 200 27
218.81.65.124 - - [02/Mar/2024:09:50:27 +0800] "POST /xingrg/kc/mdqp/psth_list_operate.html HTTP/1.1" 200 612
180.164.1.25 - - [02/Mar/2024:09:50:28 +0800] "GET /xingrg/all/function/internal_message.html?_=1709344228090&CODE_STATE=getMsg HTTP/1.1" 200 27
218.81.65.124 - - [02/Mar/2024:09:50:29 +0800] "GET /xingrg/kc/mdqp/psth_order_info1.html?code=322024022900006 HTTP/1.1" 200 22380
218.81.65.124 - - [02/Mar/2024:09:50:29 +0800] "GET /xingrg/javascript/jquery_tools/jquery-1.4.2.min.js HTTP/1.1" 404 1094
218.81.65.124 - - [02/Mar/2024:09:50:30 +0800] "GET /xingrg/javascript/easyui/themes/default/validatebox.css HTTP/1.1" 404 1104
218.81.65.124 - - [02/Mar/2024:09:50:30 +0800] "POST /xingrg/kc/mdqp/psth_order_operate.html HTTP/1.1" 200 29118
218.81.65.124 - - [02/Mar/2024:09:50:34 +0800] "POST /xingrg/kc/mdqp/psth_order_operate.html HTTP/1.1" 200 203
114.83.217.226 - - [02/Mar/2024:09:50:38 +0800] "GET /xingrg/all/function/internal_message.html?_=1709344236078&CODE_STATE=getMsg HTTP/1.1" 200 27
116.224.254.208 - - [02/Mar/2024:09:50:40 +0800] "GET /xingrg/all/function/internal_message.html?_=1709344240726&CODE_STATE=getMsg HTTP/1.1" 200 27
116.224.254.208 - - [02/Mar/2024:09:50:44 +0800] "GET /xingrg/all/function/internal_message.html?_=1709344244321&CODE_STATE=getMsg HTTP/1.1" 200 27
218.81.65.124 - - [02/Mar/2024:09:50:45 +0800] "GET /xingrg/index.html?sysBaseUrl=http%3A%2F%2F180.169.147.146%3A18081%2Fxingrg%2F&costTime=44×tamp=1622098168715 HTTP/1.1" 200 17179
218.81.65.124 - - [02/Mar/2024:09:50:46 +0800] "GET /xingrg/all/function/internal_message.html?_=1709344255531&CODE_STATE=count HTTP/1.1" 200 11
218.81.65.124 - - [02/Mar/2024:09:50:46 +0800] "GET /xingrg/check_reg.html?_=1709344255533 HTTP/1.1" 200 22
218.81.65.124 - - [02/Mar/2024:09:50:46 +0800] "GET /favicon.ico HTTP/1.1" 404 -
218.81.65.124 - - [02/Mar/2024:09:50:46 +0800] "POST /xingrg/load_menu.html HTTP/1.1" 200 5138
218.81.65.124 - - [02/Mar/2024:09:50:46 +0800] "POST /xingrg/all/common/load_tree.html?tree=area_rest_tree_json&manage=1 HTTP/1.1" 200 351
124.78.153.49 - - [02/Mar/2024:09:50:47 +0800] "GET /xingrg/all/function/internal_message.html?_=1709344245890&CODE_STATE=getMsg HTTP/1.1" 200 27
222.69.134.64 - - [02/Mar/2024:09:50:51 +0800] "GET /xingrg/all/function/internal_message.html?_=1709344252693&CODE_STATE=getMsg HTTP/1.1" 200 27
116.230.114.14 - - [02/Mar/2024:09:50:59 +0800] "POST /xingrg/kc/buy/cgsh_order_operate.html HTTP/1.1" 200 64
180.164.1.25 - - [02/Mar/2024:09:50:59 +0800] "POST /xingrg/kc/buy/cgsh_order_operate.html HTTP/1.1" 200 37
116.238.97.31 - - [02/Mar/2024:09:50:59 +0800] "GET /xingrg/kc/buy/cgsh_order_add.html HTTP/1.1" 200 73607
116.238.97.31 - - [02/Mar/2024:09:51:00 +0800] "POST /xingrg/kc/buy/cgsh_order_operate.html HTTP/1.1" 200 8245
116.238.97.31 - - [02/Mar/2024:09:51:00 +0800] "GET /xingrg/javascript/easyui/themes/default/validatebox.css HTTP/1.1" 404 1104
180.164.1.25 - - [02/Mar/2024:09:51:02 +0800] "POST /xingrg/kc/buy/cgsh_order_operate.html HTTP/1.1" 200 28125
221.239.172.101 - - [02/Mar/2024:09:51:05 +0800] "GET /xingrg/all/function/internal_message.html?_=1709344264085&CODE_STATE=getMsg HTTP/1.1" 200 27
180.164.1.25 - - [02/Mar/2024:09:51:05 +0800] "GET /xingrg/kc/print/load_config.html?kc_code=cgsh HTTP/1.1" 200 1927
124.78.67.200 - - [02/Mar/2024:09:51:05 +0800] "GET /xingrg/all/function/internal_message.html?_=1709344265910&CODE_STATE=getMsg HTTP/1.1" 200 27
180.164.1.25 - - [02/Mar/2024:09:51:06 +0800] "GET /xingrg/kc/print/load_data.html?order_code=212024030200351&kc_code=cgsh&condition= HTTP/1.1" 200 10387
180.171.62.200 - - [02/Mar/2024:09:51:10 +0800] "GET /xingrg/check_reg.html?_=1709344278309 HTTP/1.1" 200 22
180.171.62.200 - - [02/Mar/2024:09:51:10 +0800] "GET /xingrg/all/function/internal_message.html?_=1709344278313&CODE_STATE=getMsg HTTP/1.1" 200 27
116.230.114.14 - - [02/Mar/2024:09:51:10 +0800] "POST /xingrg/kc/buy/cgsh_order_operate.html HTTP/1.1" 200 37
180.164.1.25 - - [02/Mar/2024:09:51:14 +0800] "GET /xingrg/kc/buy/cgsh_order_add.html HTTP/1.1" 200 73664
116.230.114.14 - - [02/Mar/2024:09:51:14 +0800] "POST /xingrg/kc/buy/cgsh_order_operate.html HTTP/1.1" 200 5615
116.238.97.31 - - [02/Mar/2024:09:51:14 +0800] "GET /xingrg/javascript/easyui/themes/default/tree.css HTTP/1.1" 404 1090
180.164.1.25 - - [02/Mar/2024:09:51:14 +0800] "POST /xingrg/kc/buy/cgsh_order_operate.html HTTP/1.1" 200 8245
180.164.1.25 - - [02/Mar/2024:09:51:14 +0800] "GET /xingrg/javascript/easyui/themes/default/validatebox.css HTTP/1.1" 404 1104
116.238.97.31 - - [02/Mar/2024:09:51:15 +0800] "GET /xingrg/all/function/internal_message.html?_=1709344274975&CODE_STATE=getMsg HTTP/1.1" 200 27
116.238.97.31 - - [02/Mar/2024:09:51:15 +0800] "POST /xingrg/all/common/load_tree.html?tree=supplier_tree_json&isDelete=1 HTTP/1.1" 200 78681
116.238.97.31 - - [02/Mar/2024:09:51:16 +0800] "GET /xingrg/check_reg.html?_=1709344276154 HTTP/1.1" 200 22
116.230.114.14 - - [02/Mar/2024:09:51:17 +0800] "POST /xingrg/services/DataTransmitService HTTP/1.1" 200 501
218.81.65.124 - - [02/Mar/2024:09:51:17 +0800] "GET /xingrg/index.html?sysBaseUrl=http%3A%2F%2F180.169.147.146%3A18081%2Fxingrg%2F&costTime=44×tamp=1622098168715 HTTP/1.1" 302 -
218.81.65.124 - - [02/Mar/2024:09:51:17 +0800] "GET /xingrg/login.html HTTP/1.1" 200 7641
218.81.65.124 - - [02/Mar/2024:09:51:17 +0800] "GET /favicon.ico HTTP/1.1" 404 -
120.253.135.82 - - [02/Mar/2024:09:51:21 +0800] "GET /xingrg/all/function/internal_message.html?_=1709344450158&CODE_STATE=getMsg HTTP/1.1" 200 27
218.81.65.124 - - [02/Mar/2024:09:51:23 +0800] "POST /xingrg/login.do HTTP/1.1" 302 -
218.81.65.124 - - [02/Mar/2024:09:51:23 +0800] "GET /xingrg/index.html?sysBaseUrl=http%3A%2F%2F180.169.147.146%3A18081%2Fxingrg%2F&costTime=882×tamp=1709344283560 HTTP/1.1" 200 17503
218.81.65.124 - - [02/Mar/2024:09:51:23 +0800] "GET /favicon.ico HTTP/1.1" 404 -
218.81.65.124 - - [02/Mar/2024:09:51:23 +0800] "GET /xingrg/all/function/internal_message.html?_=1709344293279&CODE_STATE=count HTTP/1.1" 200 11
218.81.65.124 - - [02/Mar/2024:09:51:23 +0800] "GET /xingrg/check_reg.html?_=1709344293282 HTTP/1.1" 200 22
218.81.65.124 - - [02/Mar/2024:09:51:23 +0800] "POST /xingrg/all/common/load_tree.html?tree=area_rest_tree_json&manage=1 HTTP/1.1" 200 3624
218.81.65.124 - - [02/Mar/2024:09:51:24 +0800] "POST /xingrg/load_menu.html HTTP/1.1" 200 11564
116.230.114.14 - - [02/Mar/2024:09:51:24 +0800] "GET /xingrg/all/function/internal_message.html?_=1709344306100&CODE_STATE=getMsg HTTP/1.1" 200 27
180.164.1.25 - - [02/Mar/2024:09:51:24 +0800] "GET /xingrg/kc/buy/cgsh_order_operate.html?command=get_materiel&rest_code=00108&code=00101007072&supplier_code=00100002&order_time=2024-03-02 HTTP/1.1" 200 419
101.83.145.37 - - [02/Mar/2024:09:51:24 +0800] "GET /xingrg/all/function/internal_message.html?_=1709344284310&CODE_STATE=getMsg HTTP/1.1" 200 27
116.230.123.222 - - [02/Mar/2024:09:51:25 +0800] "GET /xingrg/all/function/internal_message.html?_=1709344282531&CODE_STATE=getMsg HTTP/1.1" 200 27
116.232.194.112 - - [02/Mar/2024:09:51:25 +0800] "GET /xingrg/all/function/internal_message.html?_=1709344268380&CODE_STATE=getMsg HTTP/1.1" 200 27
180.164.1.25 - - [02/Mar/2024:09:51:28 +0800] "GET /xingrg/all/function/internal_message.html?_=1709344288102&CODE_STATE=getMsg HTTP/1.1" 200 27
218.81.65.124 - - [02/Mar/2024:09:51:29 +0800] "GET /xingrg/kc/base/check_order_list.html HTTP/1.1" 200 16387
218.81.65.124 - - [02/Mar/2024:09:51:29 +0800] "POST /xingrg/kc/base/check_list_operate.html HTTP/1.1" 200 1896
116.224.254.208 - - [02/Mar/2024:09:51:30 +0800] "POST /xingrg/kc/buy/cgsh_list_operate.html HTTP/1.1" 200 577
116.224.254.208 - - [02/Mar/2024:09:51:32 +0800] "GET /xingrg/kc/buy/cgsh_order_info.html?code=212024030200331 HTTP/1.1" 200 73637
116.224.254.208 - - [02/Mar/2024:09:51:33 +0800] "GET /xingrg/javascript/easyui/themes/default/validatebox.css HTTP/1.1" 404 1104
180.164.1.25 - - [02/Mar/2024:09:51:34 +0800] "POST /xingrg/kc/buy/cgsh_order_operate.html HTTP/1.1" 200 37
116.224.254.208 - - [02/Mar/2024:09:51:34 +0800] "POST /xingrg/kc/buy/cgsh_order_operate.html HTTP/1.1" 200 36356
116.238.97.31 - - [02/Mar/2024:09:51:35 +0800] "GET /xingrg/kc/buy/cgsh_order_operate.html?command=get_materiel&rest_code=00102&code=00101002027&supplier_code=00100663&order_time=2024-03-02 HTTP/1.1" 200 413
180.164.1.25 - - [02/Mar/2024:09:51:37 +0800] "POST /xingrg/kc/buy/cgsh_order_operate.html HTTP/1.1" 200 2663
114.83.217.226 - - [02/Mar/2024:09:51:38 +0800] "GET /xingrg/all/function/internal_message.html?_=1709344296061&CODE_STATE=getMsg HTTP/1.1" 200 27
180.164.1.25 - - [02/Mar/2024:09:51:38 +0800] "GET /xingrg/kc/print/load_data.html?order_code=212024030200355&kc_code=cgsh&condition= HTTP/1.1" 200 767
116.224.254.208 - - [02/Mar/2024:09:51:40 +0800] "GET /xingrg/all/function/internal_message.html?_=1709344300740&CODE_STATE=getMsg HTTP/1.1" 200 27
180.164.1.25 - - [02/Mar/2024:09:51:43 +0800] "GET /xingrg/kc/buy/cgsh_order_add.html HTTP/1.1" 200 73664
180.164.1.25 - - [02/Mar/2024:09:51:44 +0800] "POST /xingrg/kc/buy/cgsh_order_operate.html HTTP/1.1" 200 8245
180.164.1.25 - - [02/Mar/2024:09:51:44 +0800] "GET /xingrg/javascript/easyui/themes/default/validatebox.css HTTP/1.1" 404 1104
116.238.97.31 - - [02/Mar/2024:09:51:44 +0800] "GET /xingrg/kc/buy/cgsh_order_operate.html?command=get_materiel&rest_code=00102&code=00101002022&supplier_code=00100663&order_time=2024-03-02 HTTP/1.1" 200 409
116.224.254.208 - - [02/Mar/2024:09:51:44 +0800] "GET /xingrg/all/function/internal_message.html?_=1709344304311&CODE_STATE=getMsg HTTP/1.1" 200 27
218.81.65.124 - - [02/Mar/2024:09:51:44 +0800] "GET /xingrg/javascript/easyui/themes/default/tree.css HTTP/1.1" 404 1090
218.81.65.124 - - [02/Mar/2024:09:51:45 +0800] "POST /xingrg/all/common/load_tree.html?tree=area_rest_tree_json&manage=1 HTTP/1.1" 200 3624
