180.169.147.146 - - [02/Mar/2024:10:54:55 +0800] "GET /xingrg/kc/buy/cgsh_order_list.html HTTP/1.1" 200 58052
120.253.135.82 - - [02/Mar/2024:10:54:58 +0800] "GET /xingrg/check_reg.html?_=1709347934305 HTTP/1.1" 200 22
120.253.135.82 - - [02/Mar/2024:10:54:59 +0800] "GET /xingrg/all/function/internal_message.html?_=1709347934752&CODE_STATE=getMsg HTTP/1.1" 200 27
221.239.172.101 - - [02/Mar/2024:10:55:02 +0800] "GET /xingrg/all/function/internal_message.html?_=1709348100714&CODE_STATE=getMsg HTTP/1.1" 200 27
124.78.153.49 - - [02/Mar/2024:10:55:04 +0800] "GET /xingrg/kc/buy/cgsh_order_operate.html?command=get_materiel&rest_code=00106&code=00101008095&supplier_code=00100008&order_time=2024-03-02 HTTP/1.1" 200 413
124.78.67.200 - - [02/Mar/2024:10:55:04 +0800] "GET /xingrg/all/function/internal_message.html?_=1709348104733&CODE_STATE=getMsg HTTP/1.1" 200 27
124.78.67.200 - - [02/Mar/2024:10:55:06 +0800] "GET /xingrg/all/function/internal_message.html?_=1709348102866&CODE_STATE=getMsg HTTP/1.1" 200 27
180.171.62.200 - - [02/Mar/2024:10:55:10 +0800] "GET /xingrg/all/function/internal_message.html?_=1709348118317&CODE_STATE=getMsg HTTP/1.1" 200 27
218.81.65.124 - - [02/Mar/2024:10:55:10 +0800] "GET /xingrg/all/function/internal_message.html?_=1709348119590&CODE_STATE=getMsg HTTP/1.1" 200 27
101.228.147.14 - - [02/Mar/2024:10:55:10 +0800] "GET /xingrg/login.html HTTP/1.1" 200 7641
101.228.147.14 - - [02/Mar/2024:10:55:10 +0800] "GET /xingrg/images/blue/jxLogo.png HTTP/1.1" 304 -
101.228.147.14 - - [02/Mar/2024:10:55:11 +0800] "GET /xingrg/images/blue/login_bg.png HTTP/1.1" 304 -
101.228.147.14 - - [02/Mar/2024:10:55:11 +0800] "GET /xingrg/images/blue/srbg.png HTTP/1.1" 304 -
101.228.147.14 - - [02/Mar/2024:10:55:11 +0800] "GET /xingrg/images/blue/hj.png HTTP/1.1" 304 -
101.228.147.14 - - [02/Mar/2024:10:55:11 +0800] "GET /favicon.ico HTTP/1.1" 404 -
222.70.115.1 - - [02/Mar/2024:10:55:16 +0800] "GET /xingrg/all/function/internal_message.html?_=1709348125623&CODE_STATE=getMsg HTTP/1.1" 200 27
180.169.147.146 - - [02/Mar/2024:10:55:16 +0800] "GET /xingrg/all/function/internal_message.html?_=1709348116520&CODE_STATE=getMsg HTTP/1.1" 200 27
116.238.97.31 - - [02/Mar/2024:10:55:19 +0800] "GET /xingrg/all/function/internal_message.html?_=1709348119235&CODE_STATE=getMsg HTTP/1.1" 200 27
124.78.153.49 - - [02/Mar/2024:10:55:21 +0800] "GET /xingrg/kc/buy/cgsh_order_operate.html?command=get_materiel&rest_code=00106&code=00101008110&supplier_code=00100008&order_time=2024-03-02 HTTP/1.1" 200 409
116.230.123.222 - - [02/Mar/2024:10:55:24 +0800] "GET /xingrg/all/function/internal_message.html?_=1709348121464&CODE_STATE=getMsg HTTP/1.1" 200 27
101.83.145.37 - - [02/Mar/2024:10:55:24 +0800] "GET /xingrg/all/function/internal_message.html?_=1709348124454&CODE_STATE=getMsg HTTP/1.1" 200 27
116.238.97.31 - - [02/Mar/2024:10:55:26 +0800] "POST /xingrg/kc/base/wldb_order_operate.html HTTP/1.1" 200 37
120.253.135.82 - - [02/Mar/2024:10:55:27 +0800] "POST /xingrg/kc/pszx/mdps_list_operate.html HTTP/1.1" 200 3143
120.253.135.82 - - [02/Mar/2024:10:55:27 +0800] "GET /xingrg/kc/pszx/mdqp_order_list.html?state=10 HTTP/1.1" 200 10763
120.253.135.82 - - [02/Mar/2024:10:55:27 +0800] "GET /xingrg/dwr/interface/AjaxReportQueryService.js HTTP/1.1" 200 13203
120.253.135.82 - - [02/Mar/2024:10:55:27 +0800] "GET /xingrg/dwr/interface/AjaxQqpsService.js HTTP/1.1" 200 16326
120.253.135.82 - - [02/Mar/2024:10:55:27 +0800] "GET /xingrg/dwr/engine.js HTTP/1.1" 200 43631
116.238.97.31 - - [02/Mar/2024:10:55:27 +0800] "POST /xingrg/kc/base/wldb_order_operate.html HTTP/1.1" 200 8983
124.79.245.19 - - [02/Mar/2024:10:55:30 +0800] "POST /xingrg/services/DataTransmitService HTTP/1.1" 200 524
116.230.114.14 - - [02/Mar/2024:10:55:30 +0800] "GET /xingrg/check_reg.html?_=1709348152857 HTTP/1.1" 200 22
124.79.245.19 - - [02/Mar/2024:10:55:31 +0800] "POST /xingrg/services/DataTransmitService HTTP/1.1" 200 412
120.253.135.82 - - [02/Mar/2024:10:55:32 +0800] "GET /xingrg/kc/pszx/mdth_order_list.html HTTP/1.1" 200 18419
101.228.147.14 - - [02/Mar/2024:10:55:33 +0800] "POST /xingrg/login.do HTTP/1.1" 302 -
101.228.147.14 - - [02/Mar/2024:10:55:33 +0800] "GET /xingrg/index.html?sysBaseUrl=http%3A%2F%2F180.169.147.146%3A18081%2Fxingrg%2F&costTime=1005×tamp=1709348133272 HTTP/1.1" 200 17179
101.228.147.14 - - [02/Mar/2024:10:55:33 +0800] "GET /xingrg/javascript/jquery_easy_ui/themes/default/easyui.css HTTP/1.1" 304 -
101.228.147.14 - - [02/Mar/2024:10:55:33 +0800] "GET /xingrg/javascript/jquery_easy_ui/themes/icon.css HTTP/1.1" 304 -
101.228.147.14 - - [02/Mar/2024:10:55:33 +0800] "GET /xingrg/javascript/jquery-1.4.2.min.js HTTP/1.1" 304 -
101.228.147.14 - - [02/Mar/2024:10:55:33 +0800] "GET /xingrg/css/form.css HTTP/1.1" 304 -
101.228.147.14 - - [02/Mar/2024:10:55:33 +0800] "GET /xingrg/javascript/jquery.form.js HTTP/1.1" 304 -
101.228.147.14 - - [02/Mar/2024:10:55:33 +0800] "GET /xingrg/javascript/jquery.timers.js HTTP/1.1" 304 -
101.228.147.14 - - [02/Mar/2024:10:55:33 +0800] "GET /xingrg/javascript/jquery_easy_ui/jquery.easyui.min.js HTTP/1.1" 304 -
101.228.147.14 - - [02/Mar/2024:10:55:33 +0800] "GET /xingrg/javascript/jquery_easy_ui/easyui-lang-zh_CN.js HTTP/1.1" 304 -
101.228.147.14 - - [02/Mar/2024:10:55:33 +0800] "GET /xingrg/javascript/jquery.utils.js HTTP/1.1" 304 -
101.228.147.14 - - [02/Mar/2024:10:55:33 +0800] "GET /favicon.ico HTTP/1.1" 404 -
101.228.147.14 - - [02/Mar/2024:10:55:33 +0800] "GET /xingrg/images/blue/navBackgound.jpg HTTP/1.1" 304 -
101.228.147.14 - - [02/Mar/2024:10:55:33 +0800] "GET /xingrg/javascript/jquery_easy_ui/themes/icons/settle_new.png HTTP/1.1" 304 -
101.228.147.14 - - [02/Mar/2024:10:55:33 +0800] "POST /xingrg/all/common/load_tree.html?tree=area_rest_tree_json&manage=1 HTTP/1.1" 200 351
101.228.147.14 - - [02/Mar/2024:10:55:33 +0800] "GET /xingrg/all/function/internal_message.html?_=1709348134588&CODE_STATE=count HTTP/1.1" 200 11
101.228.147.14 - - [02/Mar/2024:10:55:33 +0800] "GET /xingrg/check_reg.html?_=1709348134589 HTTP/1.1" 200 22
101.228.147.14 - - [02/Mar/2024:10:55:33 +0800] "GET /xingrg/images/blue/pingpu.png HTTP/1.1" 304 -
101.228.147.14 - - [02/Mar/2024:10:55:33 +0800] "GET /xingrg/javascript/jquery_easy_ui/themes/default/images/tabs_leftarrow.png HTTP/1.1" 304 -
101.228.147.14 - - [02/Mar/2024:10:55:33 +0800] "GET /xingrg/javascript/jquery_easy_ui/themes/default/images/tabs_rightarrow.png HTTP/1.1" 304 -
101.228.147.14 - - [02/Mar/2024:10:55:33 +0800] "GET /xingrg/javascript/jquery_easy_ui/themes/default/images/panel_tool_collapse.gif HTTP/1.1" 304 -
101.228.147.14 - - [02/Mar/2024:10:55:33 +0800] "POST /xingrg/load_menu.html HTTP/1.1" 200 5138
101.228.147.14 - - [02/Mar/2024:10:55:34 +0800] "GET /xingrg/javascript/jquery_easy_ui/themes/default/images/tree_arrows.gif HTTP/1.1" 304 -
101.228.147.14 - - [02/Mar/2024:10:55:34 +0800] "GET /xingrg/javascript/jquery_easy_ui/themes/icons/search_new.png HTTP/1.1" 304 -
101.228.147.14 - - [02/Mar/2024:10:55:34 +0800] "GET /xingrg/javascript/jquery_easy_ui/themes/default/images/tree_folder_open.gif HTTP/1.1" 304 -
101.228.147.14 - - [02/Mar/2024:10:55:34 +0800] "GET /xingrg/javascript/jquery_easy_ui/themes/default/images/tree_folder.gif HTTP/1.1" 304 -
101.228.147.14 - - [02/Mar/2024:10:55:34 +0800] "GET /xingrg/javascript/jquery_easy_ui/themes/icons/storage_new.png HTTP/1.1" 304 -
101.228.147.14 - - [02/Mar/2024:10:55:34 +0800] "GET /xingrg/javascript/jquery_easy_ui/themes/icons/forms_new.png HTTP/1.1" 304 -
101.228.147.14 - - [02/Mar/2024:10:55:34 +0800] "GET /xingrg/javascript/jquery_easy_ui/themes/default/images/tree_file.gif HTTP/1.1" 304 -
101.228.147.14 - - [02/Mar/2024:10:55:34 +0800] "GET /xingrg/javascript/jquery_easy_ui/themes/default/images/button_plain_hover.png HTTP/1.1" 200 252
180.164.1.25 - - [02/Mar/2024:10:55:34 +0800] "GET /xingrg/all/function/internal_message.html?_=1709348133912&CODE_STATE=getMsg HTTP/1.1" 200 27
101.228.147.14 - - [02/Mar/2024:10:55:36 +0800] "GET /xingrg/javascript/jquery_easy_ui/themes/icons/area.png HTTP/1.1" 304 -
101.228.147.14 - - [02/Mar/2024:10:55:36 +0800] "GET /xingrg/javascript/jquery_easy_ui/themes/icons/rest.png HTTP/1.1" 304 -
114.83.217.226 - - [02/Mar/2024:10:55:37 +0800] "GET /xingrg/all/function/internal_message.html?_=1709348134863&CODE_STATE=getMsg HTTP/1.1" 200 27
124.78.153.49 - - [02/Mar/2024:10:55:39 +0800] "GET /xingrg/all/function/internal_message.html?_=1709348137930&CODE_STATE=getMsg HTTP/1.1" 200 27
101.228.147.14 - - [02/Mar/2024:10:55:39 +0800] "GET /xingrg/javascript/jquery_easy_ui/themes/default/images/tabs_close.gif HTTP/1.1" 304 -
101.228.147.14 - - [02/Mar/2024:10:55:40 +0800] "GET /xingrg/kc/buy/cgsh_order_list.html HTTP/1.1" 200 57803
101.228.147.14 - - [02/Mar/2024:10:55:40 +0800] "GET /xingrg/css/base.css HTTP/1.1" 304 -
101.228.147.14 - - [02/Mar/2024:10:55:40 +0800] "GET /xingrg/css/site.css HTTP/1.1" 304 -
101.228.147.14 - - [02/Mar/2024:10:55:40 +0800] "GET /xingrg/javascript/jquery_tools/datebox.css HTTP/1.1" 304 -
101.228.147.14 - - [02/Mar/2024:10:55:40 +0800] "GET /xingrg/javascript/easyui/themes/default/easyui.css HTTP/1.1" 304 -
101.228.147.14 - - [02/Mar/2024:10:55:40 +0800] "GET /xingrg/javascript/auto/jquery.autocomplete.css HTTP/1.1" 304 -
101.228.147.14 - - [02/Mar/2024:10:55:40 +0800] "GET /xingrg/javascript/easyui/themes/icon.css HTTP/1.1" 304 -
101.228.147.14 - - [02/Mar/2024:10:55:40 +0800] "GET /xingrg/javascript/jquery_tools/table.css HTTP/1.1" 304 -
101.228.147.14 - - [02/Mar/2024:10:55:40 +0800] "GET /xingrg/javascript/jquery_tools/fix.css HTTP/1.1" 304 -
101.228.147.14 - - [02/Mar/2024:10:55:40 +0800] "GET /xingrg/javascript/jquery_tools/jquery.tools.min.js HTTP/1.1" 304 -
101.228.147.14 - - [02/Mar/2024:10:55:40 +0800] "GET /xingrg/javascript/jquery_tools/jquery.tools.extend.js HTTP/1.1" 304 -
101.228.147.14 - - [02/Mar/2024:10:55:40 +0800] "GET /xingrg/javascript/jquery_tools/jquery.tools.hotkey.js HTTP/1.1" 304 -
101.228.147.14 - - [02/Mar/2024:10:55:40 +0800] "GET /xingrg/javascript/jquery_tools/jquery.tools.table.js HTTP/1.1" 304 -
101.228.147.14 - - [02/Mar/2024:10:55:40 +0800] "GET /xingrg/javascript/jquery_tools/list_manager.js HTTP/1.1" 304 -
101.228.147.14 - - [02/Mar/2024:10:55:40 +0800] "GET /xingrg/javascript/auto/jquery.autocomplete.js HTTP/1.1" 304 -
101.228.147.14 - - [02/Mar/2024:10:55:40 +0800] "GET /xingrg/javascript/easyui/easyloader.js HTTP/1.1" 304 -
101.228.147.14 - - [02/Mar/2024:10:55:40 +0800] "GET /xingrg/javascript/jquery.cookie.js HTTP/1.1" 304 -
101.228.147.14 - - [02/Mar/2024:10:55:40 +0800] "GET /xingrg/javascript/print/LodopFuncs.js HTTP/1.1" 304 -
116.224.254.208 - - [02/Mar/2024:10:55:40 +0800] "GET /xingrg/all/function/internal_message.html?_=1709348140723&CODE_STATE=getMsg HTTP/1.1" 200 27
101.228.147.14 - - [02/Mar/2024:10:55:40 +0800] "GET /xingrg/javascript/easyui/themes/icons/edit_add_new.png HTTP/1.1" 304 -
101.228.147.14 - - [02/Mar/2024:10:55:40 +0800] "GET /xingrg/javascript/easyui/themes/icons/cance_new.png HTTP/1.1" 304 -
101.228.147.14 - - [02/Mar/2024:10:55:40 +0800] "GET /xingrg/javascript/easyui/themes/icons/import_new.png HTTP/1.1" 304 -
101.228.147.14 - - [02/Mar/2024:10:55:40 +0800] "GET /xingrg/javascript/easyui/themes/icons/field_new.png HTTP/1.1" 304 -
101.228.147.14 - - [02/Mar/2024:10:55:40 +0800] "GET /xingrg/javascript/easyui/themes/icons/check_new.png HTTP/1.1" 304 -
101.228.147.14 - - [02/Mar/2024:10:55:40 +0800] "GET /xingrg/javascript/easyui/plugins/jquery.parser.js HTTP/1.1" 304 -
101.228.147.14 - - [02/Mar/2024:10:55:40 +0800] "GET /xingrg/images/control/ajaxLoader.gif HTTP/1.1" 304 -
101.83.145.37 - - [02/Mar/2024:10:55:42 +0800] "GET /xingrg/all/function/internal_message.html?_=1709347905975&CODE_STATE=getMsg HTTP/1.1" 200 27
116.224.254.208 - - [02/Mar/2024:10:55:43 +0800] "GET /xingrg/all/function/internal_message.html?_=1709348143781&CODE_STATE=getMsg HTTP/1.1" 200 27
120.253.135.82 - - [02/Mar/2024:10:55:44 +0800] "GET /xingrg/all/function/internal_message.html?_=1709348313019&CODE_STATE=getMsg HTTP/1.1" 200 27
124.78.153.49 - - [02/Mar/2024:10:55:45 +0800] "GET /xingrg/kc/buy/cgsh_order_operate.html?command=get_materiel&rest_code=00106&code=00101008061&supplier_code=00100008&order_time=2024-03-02 HTTP/1.1" 200 422
180.169.147.146 - - [02/Mar/2024:10:55:47 +0800] "GET /xingrg/all/function/internal_message.html?_=1709348143894&CODE_STATE=getMsg HTTP/1.1" 200 27
116.230.114.14 - - [02/Mar/2024:10:55:51 +0800] "GET /xingrg/all/function/internal_message.html?_=1709348173178&CODE_STATE=getMsg HTTP/1.1" 200 27
222.69.134.64 - - [02/Mar/2024:10:55:51 +0800] "GET /xingrg/all/function/internal_message.html?_=1709348152705&CODE_STATE=getMsg HTTP/1.1" 200 27
180.169.147.146 - - [02/Mar/2024:10:55:52 +0800] "GET /xingrg/all/function/internal_message.html?_=1709348146809&CODE_STATE=getMsg HTTP/1.1" 200 27
120.253.135.82 - - [02/Mar/2024:10:55:53 +0800] "GET /xingrg/kc/pszx/mdth_order_list.html HTTP/1.1" 200 18419
120.253.135.82 - - [02/Mar/2024:10:55:59 +0800] "GET /xingrg/all/function/internal_message.html?_=1709347994765&CODE_STATE=getMsg HTTP/1.1" 200 27
180.169.147.146 - - [02/Mar/2024:10:56:01 +0800] "GET /xingrg/kc/report/report_main.html HTTP/1.1" 200 8599
221.239.172.101 - - [02/Mar/2024:10:56:02 +0800] "GET /xingrg/all/function/internal_message.html?_=1709348160704&CODE_STATE=getMsg HTTP/1.1" 200 27
120.253.135.82 - - [02/Mar/2024:10:56:02 +0800] "GET /xingrg/kc/pszx/mdqp_order_list.html?state=10 HTTP/1.1" 200 10763
120.253.135.82 - - [02/Mar/2024:10:56:02 +0800] "GET /xingrg/dwr/interface/AjaxReportQueryService.js HTTP/1.1" 200 13203
120.253.135.82 - - [02/Mar/2024:10:56:02 +0800] "GET /xingrg/dwr/interface/AjaxQqpsService.js HTTP/1.1" 200 16326
120.253.135.82 - - [02/Mar/2024:10:56:02 +0800] "GET /xingrg/dwr/engine.js HTTP/1.1" 200 43631
124.78.67.200 - - [02/Mar/2024:10:56:04 +0800] "GET /xingrg/all/function/internal_message.html?_=1709348164707&CODE_STATE=getMsg HTTP/1.1" 200 27
124.78.67.200 - - [02/Mar/2024:10:56:06 +0800] "GET /xingrg/all/function/internal_message.html?_=1709348162866&CODE_STATE=getMsg HTTP/1.1" 200 27
180.171.62.200 - - [02/Mar/2024:10:56:10 +0800] "GET /xingrg/check_reg.html?_=1709348178317 HTTP/1.1" 200 22
180.171.62.200 - - [02/Mar/2024:10:56:10 +0800] "GET /xingrg/all/function/internal_message.html?_=1709348178322&CODE_STATE=getMsg HTTP/1.1" 200 27
218.81.65.124 - - [02/Mar/2024:10:56:10 +0800] "GET /xingrg/all/function/internal_message.html?_=1709348179588&CODE_STATE=getMsg HTTP/1.1" 200 27
180.169.147.146 - - [02/Mar/2024:10:56:11 +0800] "GET /xingrg/all/report/report_query.html?fileName=kc/buy/gys_amount_base_rest.xml HTTP/1.1" 200 51664
180.169.147.146 - - [02/Mar/2024:10:56:11 +0800] "GET /xingrg/dwr/interface/AjaxReportQueryService.js HTTP/1.1" 200 13203
180.169.147.146 - - [02/Mar/2024:10:56:11 +0800] "GET /xingrg/dwr/engine.js HTTP/1.1" 200 43631
180.169.147.146 - - [02/Mar/2024:10:56:11 +0800] "POST /xingrg/dwr/call/plaincall/AjaxReportQueryService.getFixDate.dwr HTTP/1.1" 200 111
180.169.147.146 - - [02/Mar/2024:10:56:11 +0800] "POST /xingrg/all/common/load_tree.html?tree=area_rest_tree_json&manage=1 HTTP/1.1" 200 3624
180.169.147.146 - - [02/Mar/2024:10:56:12 +0800] "POST /xingrg/all/common/load_tree.html?tree=supplier_tree_json&manage=1 HTTP/1.1" 200 81090
180.169.147.146 - - [02/Mar/2024:10:56:16 +0800] "POST /xingrg/dwr/call/plaincall/AjaxReportQueryService.getFixDate.dwr HTTP/1.1" 200 111
222.70.115.1 - - [02/Mar/2024:10:56:16 +0800] "GET /xingrg/all/function/internal_message.html?_=1709348185615&CODE_STATE=getMsg HTTP/1.1" 200 27
180.169.147.146 - - [02/Mar/2024:10:56:16 +0800] "GET /xingrg/all/function/internal_message.html?_=1709348176508&CODE_STATE=getMsg HTTP/1.1" 200 27
116.238.97.31 - - [02/Mar/2024:10:56:19 +0800] "GET /xingrg/check_reg.html?_=1709348179206 HTTP/1.1" 200 22
116.238.97.31 - - [02/Mar/2024:10:56:19 +0800] "GET /xingrg/all/function/internal_message.html?_=1709348179208&CODE_STATE=getMsg HTTP/1.1" 200 27
222.70.115.1 - - [02/Mar/2024:10:56:20 +0800] "GET /xingrg/login.html HTTP/1.1" 200 7641
116.230.123.222 - - [02/Mar/2024:10:56:24 +0800] "GET /xingrg/all/function/internal_message.html?_=1709348181435&CODE_STATE=getMsg HTTP/1.1" 200 27
101.83.145.37 - - [02/Mar/2024:10:56:24 +0800] "GET /xingrg/all/function/internal_message.html?_=1709348184429&CODE_STATE=getMsg HTTP/1.1" 200 27
180.169.147.146 - - [02/Mar/2024:10:56:26 +0800] "POST /xingrg/dwr/call/plaincall/AjaxReportQueryService.refreshCache.dwr HTTP/1.1" 200 78
180.169.147.146 - - [02/Mar/2024:10:56:28 +0800] "POST /xingrg/all/report/load_report_page.html HTTP/1.1" 200 53091
180.169.147.146 - - [02/Mar/2024:10:56:28 +0800] "GET /xingrg/servlets/image?cache=0.08355285524068645&image=px HTTP/1.1" 200 807
222.70.115.1 - - [02/Mar/2024:10:56:29 +0800] "POST /xingrg/login.do HTTP/1.1" 302 -
222.70.115.1 - - [02/Mar/2024:10:56:29 +0800] "GET /xingrg/index.html?sysBaseUrl=http%3A%2F%2F180.169.147.146%3A18081%2Fxingrg%2F&costTime=1162×tamp=1709348189112 HTTP/1.1" 200 17179
222.70.115.1 - - [02/Mar/2024:10:56:29 +0800] "GET /xingrg/check_reg.html?_=1709348198626 HTTP/1.1" 200 22
222.70.115.1 - - [02/Mar/2024:10:56:29 +0800] "GET /xingrg/all/function/internal_message.html?_=1709348198625&CODE_STATE=count HTTP/1.1" 200 11
222.70.115.1 - - [02/Mar/2024:10:56:29 +0800] "POST /xingrg/all/common/load_tree.html?tree=area_rest_tree_json&manage=1 HTTP/1.1" 200 351
222.70.115.1 - - [02/Mar/2024:10:56:29 +0800] "POST /xingrg/load_menu.html HTTP/1.1" 200 5138
120.253.135.82 - - [02/Mar/2024:10:56:29 +0800] "GET /xingrg/kc/pszx/mdqp_order_info.html?code=302024030100006 HTTP/1.1" 200 13350
120.253.135.82 - - [02/Mar/2024:10:56:29 +0800] "GET /xingrg/dwr/interface/AjaxQqpsService.js HTTP/1.1" 200 16326
120.253.135.82 - - [02/Mar/2024:10:56:29 +0800] "GET /xingrg/dwr/interface/AjaxComOrderService.js HTTP/1.1" 200 18264
120.253.135.82 - - [02/Mar/2024:10:56:29 +0800] "GET /xingrg/dwr/engine.js HTTP/1.1" 200 43631
120.253.135.82 - - [02/Mar/2024:10:56:29 +0800] "GET /xingrg/javascript/AjaxInfoList.js HTTP/1.1" 304 -
120.253.135.82 - - [02/Mar/2024:10:56:29 +0800] "GET /xingrg/javascript/checkform.js HTTP/1.1" 304 -
120.253.135.82 - - [02/Mar/2024:10:56:29 +0800] "GET /xingrg/javascript/Grid.js HTTP/1.1" 304 -
120.253.135.82 - - [02/Mar/2024:10:56:29 +0800] "GET /xingrg/javascript/ToolTips.js HTTP/1.1" 304 -
120.253.135.82 - - [02/Mar/2024:10:56:30 +0800] "POST /xingrg/dwr/call/plaincall/AjaxQqpsService.loadMaterielItems.dwr HTTP/1.1" 200 1005
222.70.115.1 - - [02/Mar/2024:10:56:31 +0800] "GET /xingrg/kc/buy/buy_main.html HTTP/1.1" 200 12412
222.70.115.1 - - [02/Mar/2024:10:56:31 +0800] "GET /xingrg/css/new_ie.css HTTP/1.1" 404 1036
222.70.115.1 - - [02/Mar/2024:10:56:31 +0800] "GET /xingrg/images/yd/bt.gif HTTP/1.1" 404 1040
222.70.115.1 - - [02/Mar/2024:10:56:32 +0800] "GET /xingrg/kc/buy/cgsh_order_list.html HTTP/1.1" 200 57803
120.253.135.82 - - [02/Mar/2024:10:56:32 +0800] "GET /xingrg/kc/pszx/mdqp_order_list.html?isBack=1 HTTP/1.1" 302 -
120.253.135.82 - - [02/Mar/2024:10:56:33 +0800] "GET /xingrg/images/yd/bt.gif HTTP/1.1" 404 1040
120.253.135.82 - - [02/Mar/2024:10:56:33 +0800] "GET /xingrg/images/yd/bt2.gif HTTP/1.1" 404 1042
120.253.135.82 - - [02/Mar/2024:10:56:33 +0800] "GET /xingrg/kc/pszx/mdqp_order_list.html?state=10 HTTP/1.1" 200 10763
120.253.135.82 - - [02/Mar/2024:10:56:33 +0800] "GET /xingrg/dwr/interface/AjaxReportQueryService.js HTTP/1.1" 200 13203
120.253.135.82 - - [02/Mar/2024:10:56:33 +0800] "GET /xingrg/dwr/interface/AjaxQqpsService.js HTTP/1.1" 200 16326
120.253.135.82 - - [02/Mar/2024:10:56:33 +0800] "GET /xingrg/dwr/engine.js HTTP/1.1" 200 43631
101.228.147.14 - - [02/Mar/2024:10:56:33 +0800] "GET /xingrg/all/function/internal_message.html?_=1709348194617&CODE_STATE=getMsg HTTP/1.1" 200 27
180.164.1.25 - - [02/Mar/2024:10:56:34 +0800] "GET /xingrg/all/function/internal_message.html?_=1709348193895&CODE_STATE=getMsg HTTP/1.1" 200 27
222.70.115.1 - - [02/Mar/2024:10:56:35 +0800] "POST /xingrg/kc/buy/cgsh_list_operate.html HTTP/1.1" 200 986
114.83.217.226 - - [02/Mar/2024:10:56:37 +0800] "GET /xingrg/all/function/internal_message.html?_=1709348194850&CODE_STATE=getMsg HTTP/1.1" 200 27
120.253.135.82 - - [02/Mar/2024:10:56:37 +0800] "GET /xingrg/kc/pszx/mdqp_order_list.html?state=10 HTTP/1.1" 200 10763
120.253.135.82 - - [02/Mar/2024:10:56:37 +0800] "GET /xingrg/dwr/engine.js HTTP/1.1" 200 43631
120.253.135.82 - - [02/Mar/2024:10:56:37 +0800] "GET /xingrg/dwr/interface/AjaxQqpsService.js HTTP/1.1" 200 16326
120.253.135.82 - - [02/Mar/2024:10:56:37 +0800] "GET /xingrg/dwr/interface/AjaxReportQueryService.js HTTP/1.1" 200 13203
222.70.115.1 - - [02/Mar/2024:10:56:37 +0800] "GET /xingrg/kc/buy/cgsh_order_add.html HTTP/1.1" 200 73651
222.70.115.1 - - [02/Mar/2024:10:56:37 +0800] "GET /xingrg/words/20240229092203_words.js HTTP/1.1" 304 -
222.70.115.1 - - [02/Mar/2024:10:56:37 +0800] "POST /xingrg/kc/buy/cgsh_order_operate.html HTTP/1.1" 200 8245
222.70.115.1 - - [02/Mar/2024:10:56:37 +0800] "GET /xingrg/javascript/easyui/themes/default/validatebox.css HTTP/1.1" 404 1104
222.70.115.1 - - [02/Mar/2024:10:56:38 +0800] "GET /xingrg/all/common/auto_word.html?type=employee&rest_code=00156 HTTP/1.1" 200 47
222.70.115.1 - - [02/Mar/2024:10:56:38 +0800] "GET /xingrg/all/common/auto_word.html?type=employee&rest_code=00156 HTTP/1.1" 200 47
124.78.153.49 - - [02/Mar/2024:10:56:39 +0800] "GET /xingrg/check_reg.html?_=1709348197853 HTTP/1.1" 200 22
124.78.153.49 - - [02/Mar/2024:10:56:39 +0800] "GET /xingrg/all/function/internal_message.html?_=1709348197901&CODE_STATE=getMsg HTTP/1.1" 200 27
116.224.254.208 - - [02/Mar/2024:10:56:40 +0800] "GET /xingrg/all/function/internal_message.html?_=1709348200739&CODE_STATE=getMsg HTTP/1.1" 200 27
222.70.115.1 - - [02/Mar/2024:10:56:40 +0800] "GET /xingrg/javascript/auto/indicator.gif HTTP/1.1" 404 1066
101.83.145.37 - - [02/Mar/2024:10:56:42 +0800] "GET /xingrg/all/function/internal_message.html?_=1709347965976&CODE_STATE=getMsg HTTP/1.1" 200 27
120.253.135.82 - - [02/Mar/2024:10:56:42 +0800] "GET /xingrg/kc/pszx/mdps_order_list.html?orderType=0 HTTP/1.1" 200 20995
120.253.135.82 - - [02/Mar/2024:10:56:43 +0800] "POST /xingrg/kc/pszx/mdps_list_operate.html HTTP/1.1" 200 5333
116.224.254.208 - - [02/Mar/2024:10:56:43 +0800] "GET /xingrg/all/function/internal_message.html?_=1709348203767&CODE_STATE=getMsg HTTP/1.1" 200 27
120.253.135.82 - - [02/Mar/2024:10:56:44 +0800] "GET /xingrg/all/function/internal_message.html?_=1709348373023&CODE_STATE=getMsg HTTP/1.1" 200 27
222.70.115.1 - - [02/Mar/2024:10:56:44 +0800] "GET /xingrg/index.html?sysBaseUrl=http%3A%2F%2F180.169.147.146%3A18081%2Fxingrg%2F&costTime=1162×tamp=1709348189112 HTTP/1.1" 200 17179
222.70.115.1 - - [02/Mar/2024:10:56:44 +0800] "GET /xingrg/all/function/internal_message.html?_=1709348213503&CODE_STATE=count HTTP/1.1" 200 11
222.70.115.1 - - [02/Mar/2024:10:56:44 +0800] "GET /xingrg/check_reg.html?_=1709348213503 HTTP/1.1" 200 22
222.70.115.1 - - [02/Mar/2024:10:56:44 +0800] "POST /xingrg/all/common/load_tree.html?tree=area_rest_tree_json&manage=1 HTTP/1.1" 200 351
222.70.115.1 - - [02/Mar/2024:10:56:44 +0800] "POST /xingrg/load_menu.html HTTP/1.1" 200 5138
222.70.115.1 - - [02/Mar/2024:10:56:45 +0800] "GET /xingrg/kc/buy/buy_main.html HTTP/1.1" 200 12412
222.70.115.1 - - [02/Mar/2024:10:56:45 +0800] "GET /xingrg/css/new_ie.css HTTP/1.1" 404 1036
222.70.115.1 - - [02/Mar/2024:10:56:46 +0800] "GET /xingrg/kc/buy/cgsh_order_list.html HTTP/1.1" 200 57803
180.169.147.146 - - [02/Mar/2024:10:56:47 +0800] "GET /xingrg/all/function/internal_message.html?_=1709348203893&CODE_STATE=getMsg HTTP/1.1" 200 27
222.70.115.1 - - [02/Mar/2024:10:56:49 +0800] "POST /xingrg/kc/buy/cgsh_list_operate.html HTTP/1.1" 200 986
116.230.114.14 - - [02/Mar/2024:10:56:51 +0800] "GET /xingrg/all/function/internal_message.html?_=1709348233192&CODE_STATE=getMsg HTTP/1.1" 200 27
222.70.115.1 - - [02/Mar/2024:10:56:51 +0800] "GET /xingrg/kc/buy/cgsh_order_add.html HTTP/1.1" 200 73651
222.70.115.1 - - [02/Mar/2024:10:56:51 +0800] "GET /xingrg/words/20240229092203_words.js HTTP/1.1" 304 -
222.70.115.1 - - [02/Mar/2024:10:56:51 +0800] "POST /xingrg/kc/buy/cgsh_order_operate.html HTTP/1.1" 200 8245
222.70.115.1 - - [02/Mar/2024:10:56:51 +0800] "GET /xingrg/javascript/easyui/themes/default/validatebox.css HTTP/1.1" 404 1104
222.70.115.1 - - [02/Mar/2024:10:56:51 +0800] "GET /xingrg/all/common/auto_word.html?type=employee&rest_code=00156 HTTP/1.1" 200 47
222.70.115.1 - - [02/Mar/2024:10:56:51 +0800] "GET /xingrg/all/common/auto_word.html?type=employee&rest_code=00156 HTTP/1.1" 200 47
222.69.134.64 - - [02/Mar/2024:10:56:51 +0800] "GET /xingrg/all/function/internal_message.html?_=1709348212708&CODE_STATE=getMsg HTTP/1.1" 200 27
222.69.134.64 - - [02/Mar/2024:10:56:51 +0800] "GET /xingrg/check_reg.html?_=1709348212712 HTTP/1.1" 200 22
180.169.147.146 - - [02/Mar/2024:10:56:52 +0800] "GET /xingrg/all/function/internal_message.html?_=1709348206807&CODE_STATE=getMsg HTTP/1.1" 200 27
222.70.115.1 - - [02/Mar/2024:10:56:54 +0800] "GET /xingrg/javascript/jquery_tools/images/prev.gif HTTP/1.1" 404 1086
222.70.115.1 - - [02/Mar/2024:10:56:54 +0800] "GET /xingrg/javascript/jquery_tools/images/next.gif HTTP/1.1" 404 1086
120.253.135.82 - - [02/Mar/2024:10:56:58 +0800] "GET /xingrg/kc/pszx/mdqp_order_list.html?state=10 HTTP/1.1" 200 10763
120.253.135.82 - - [02/Mar/2024:10:56:58 +0800] "GET /xingrg/dwr/interface/AjaxQqpsService.js HTTP/1.1" 200 16326
120.253.135.82 - - [02/Mar/2024:10:56:58 +0800] "GET /xingrg/dwr/interface/AjaxReportQueryService.js HTTP/1.1" 200 13203
120.253.135.82 - - [02/Mar/2024:10:56:58 +0800] "GET /xingrg/dwr/engine.js HTTP/1.1" 200 43631
120.253.135.82 - - [02/Mar/2024:10:56:59 +0800] "GET /xingrg/all/function/internal_message.html?_=1709348054779&CODE_STATE=getMsg HTTP/1.1" 200 27
222.70.115.1 - - [02/Mar/2024:10:57:00 +0800] "GET /xingrg/kc/buy/cgsh_order_operate.html?command=get_materiel&rest_code=00156&code=00101007226&supplier_code=00100012&order_time=2024-03-02 HTTP/1.1" 200 417
120.253.135.82 - - [02/Mar/2024:10:57:00 +0800] "GET /xingrg/kc/pszx/mdps_order_list.html?orderType=0 HTTP/1.1" 200 20995
120.253.135.82 - - [02/Mar/2024:10:57:01 +0800] "POST /xingrg/kc/pszx/mdps_list_operate.html HTTP/1.1" 200 5333
180.169.147.146 - - [02/Mar/2024:10:57:04 +0800] "POST /xingrg/all/report/report_print.html HTTP/1.1" 200 7680
124.78.67.200 - - [02/Mar/2024:10:57:04 +0800] "GET /xingrg/all/function/internal_message.html?_=1709348224688&CODE_STATE=getMsg HTTP/1.1" 200 27
124.78.67.200 - - [02/Mar/2024:10:57:06 +0800] "GET /xingrg/all/function/internal_message.html?_=1709348222866&CODE_STATE=getMsg HTTP/1.1" 200 27
101.83.145.37 - - [02/Mar/2024:10:57:09 +0800] "GET /xingrg/check_reg.html?_=1709348229456 HTTP/1.1" 200 22
180.171.62.200 - - [02/Mar/2024:10:57:10 +0800] "GET /xingrg/all/function/internal_message.html?_=1709348238323&CODE_STATE=getMsg HTTP/1.1" 200 27
218.81.65.124 - - [02/Mar/2024:10:57:10 +0800] "GET /xingrg/all/function/internal_message.html?_=1709348239589&CODE_STATE=getMsg HTTP/1.1" 200 27
218.81.65.124 - - [02/Mar/2024:10:57:10 +0800] "GET /xingrg/check_reg.html?_=1709348239590 HTTP/1.1" 200 22
222.70.115.1 - - [02/Mar/2024:10:57:11 +0800] "GET /xingrg/kc/buy/cgsh_order_operate.html?command=get_materiel&rest_code=00156&code=00101016025&supplier_code=00100012&order_time=2024-03-02 HTTP/1.1" 200 408
116.238.97.31 - - [02/Mar/2024:10:57:12 +0800] "POST /xingrg/kc/base/wldb_list_operate.html HTTP/1.1" 200 1767
116.238.97.31 - - [02/Mar/2024:10:57:15 +0800] "GET /xingrg/kc/base/wldb_order_add.html HTTP/1.1" 200 30340
116.238.97.31 - - [02/Mar/2024:10:57:15 +0800] "POST /xingrg/kc/base/wldb_order_operate.html HTTP/1.1" 200 6806
116.238.97.31 - - [02/Mar/2024:10:57:16 +0800] "GET /xingrg/javascript/easyui/themes/default/validatebox.css HTTP/1.1" 404 1104
180.169.147.146 - - [02/Mar/2024:10:57:16 +0800] "GET /xingrg/all/function/internal_message.html?_=1709348236500&CODE_STATE=getMsg HTTP/1.1" 200 27
116.238.97.31 - - [02/Mar/2024:10:57:19 +0800] "GET /xingrg/all/function/internal_message.html?_=1709348239203&CODE_STATE=getMsg HTTP/1.1" 200 27
116.238.97.31 - - [02/Mar/2024:10:57:19 +0800] "GET /xingrg/kc/buy/cgsh_order_list.html HTTP/1.1" 200 57797
222.70.115.1 - - [02/Mar/2024:10:57:20 +0800] "GET /xingrg/kc/buy/cgsh_order_operate.html?command=get_materiel&rest_code=00156&code=00101007082&supplier_code=00100012&order_time=2024-03-02 HTTP/1.1" 200 427
116.238.97.31 - - [02/Mar/2024:10:57:23 +0800] "GET /xingrg/kc/base/wldb_order_list.html HTTP/1.1" 200 19013
116.230.123.222 - - [02/Mar/2024:10:57:24 +0800] "GET /xingrg/all/function/internal_message.html?_=1709348241405&CODE_STATE=getMsg HTTP/1.1" 200 27
116.238.97.31 - - [02/Mar/2024:10:57:24 +0800] "POST /xingrg/kc/base/wldb_list_operate.html HTTP/1.1" 200 1767
101.83.145.37 - - [02/Mar/2024:10:57:24 +0800] "GET /xingrg/all/function/internal_message.html?_=1709348244404&CODE_STATE=getMsg HTTP/1.1" 200 27
116.230.123.222 - - [02/Mar/2024:10:57:25 +0800] "GET /xingrg/check_reg.html?_=1709348242510 HTTP/1.1" 200 22
116.238.97.31 - - [02/Mar/2024:10:57:27 +0800] "GET /xingrg/kc/base/wldb_order_add.html HTTP/1.1" 200 30340
116.238.97.31 - - [02/Mar/2024:10:57:27 +0800] "POST /xingrg/kc/base/wldb_order_operate.html HTTP/1.1" 200 6806
116.238.97.31 - - [02/Mar/2024:10:57:27 +0800] "GET /xingrg/javascript/easyui/themes/default/validatebox.css HTTP/1.1" 404 1104
180.164.1.25 - - [02/Mar/2024:10:57:28 +0800] "GET /xingrg/check_reg.html?_=1709348248109 HTTP/1.1" 200 22
222.70.115.1 - - [02/Mar/2024:10:57:28 +0800] "GET /xingrg/kc/buy/cgsh_order_operate.html?command=get_materiel&rest_code=00156&code=00101011005&supplier_code=00100012&order_time=2024-03-02 HTTP/1.1" 200 428
116.238.97.31 - - [02/Mar/2024:10:57:30 +0800] "POST /xingrg/all/common/load_combo.html?type=base HTTP/1.1" 200 3321
116.238.97.31 - - [02/Mar/2024:10:57:32 +0800] "POST /xingrg/all/common/load_combo.html?type=base HTTP/1.1" 200 3321
101.228.147.14 - - [02/Mar/2024:10:57:33 +0800] "GET /xingrg/all/function/internal_message.html?_=1709348254615&CODE_STATE=getMsg HTTP/1.1" 200 27
180.164.1.25 - - [02/Mar/2024:10:57:34 +0800] "GET /xingrg/all/function/internal_message.html?_=1709348253868&CODE_STATE=getMsg HTTP/1.1" 200 27
114.83.217.226 - - [02/Mar/2024:10:57:37 +0800] "GET /xingrg/all/function/internal_message.html?_=1709348254821&CODE_STATE=getMsg HTTP/1.1" 200 27
222.70.115.1 - - [02/Mar/2024:10:57:37 +0800] "GET /xingrg/kc/buy/cgsh_order_operate.html?command=get_materiel&rest_code=00156&code=00101001191&supplier_code=00100012&order_time=2024-03-02 HTTP/1.1" 200 413
116.238.97.31 - - [02/Mar/2024:10:57:39 +0800] "GET /xingrg/kc/base/wldb_order_operate.html?command=get_materiel&rest_code=00102&base_code=0010476&code=00101016094 HTTP/1.1" 200 469
124.78.153.49 - - [02/Mar/2024:10:57:39 +0800] "GET /xingrg/all/function/internal_message.html?_=1709348257871&CODE_STATE=getMsg HTTP/1.1" 200 27
116.224.254.208 - - [02/Mar/2024:10:57:40 +0800] "GET /xingrg/all/function/internal_message.html?_=1709348260741&CODE_STATE=getMsg HTTP/1.1" 200 27
101.83.145.37 - - [02/Mar/2024:10:57:42 +0800] "GET /xingrg/all/function/internal_message.html?_=1709348025976&CODE_STATE=getMsg HTTP/1.1" 200 27
116.238.97.31 - - [02/Mar/2024:10:57:43 +0800] "GET /xingrg/kc/base/wldb_order_operate.html?command=get_materiel&rest_code=00102&base_code=0010476&code=00101019184 HTTP/1.1" 200 458
116.224.254.208 - - [02/Mar/2024:10:57:43 +0800] "GET /xingrg/all/function/internal_message.html?_=1709348263750&CODE_STATE=getMsg HTTP/1.1" 200 27
120.253.135.82 - - [02/Mar/2024:10:57:44 +0800] "GET /xingrg/all/function/internal_message.html?_=1709348433028&CODE_STATE=getMsg HTTP/1.1" 200 27
222.70.115.1 - - [02/Mar/2024:10:57:44 +0800] "GET /xingrg/all/function/internal_message.html?_=1709348273507&CODE_STATE=getMsg HTTP/1.1" 200 27
116.224.254.208 - - [02/Mar/2024:10:57:44 +0800] "GET /xingrg/check_reg.html?_=1709348264757 HTTP/1.1" 200 22
222.70.115.1 - - [02/Mar/2024:10:57:46 +0800] "GET /xingrg/kc/buy/cgsh_order_operate.html?command=get_materiel&rest_code=00156&code=00101007109&supplier_code=00100012&order_time=2024-03-02 HTTP/1.1" 200 408
116.238.97.31 - - [02/Mar/2024:10:57:46 +0800] "GET /xingrg/kc/base/wldb_order_operate.html?command=get_materiel&rest_code=00102&base_code=0010476&code=00101019185 HTTP/1.1" 200 469
180.169.147.146 - - [02/Mar/2024:10:57:47 +0800] "GET /xingrg/all/function/internal_message.html?_=1709348263892&CODE_STATE=getMsg HTTP/1.1" 200 27
116.230.114.14 - - [02/Mar/2024:10:57:51 +0800] "GET /xingrg/all/function/internal_message.html?_=1709348293496&CODE_STATE=getMsg HTTP/1.1" 200 27
116.238.97.31 - - [02/Mar/2024:10:57:51 +0800] "GET /xingrg/kc/base/wldb_order_operate.html?command=get_materiel&rest_code=00102&base_code=0010476&code=00101019134 HTTP/1.1" 200 480
222.69.134.64 - - [02/Mar/2024:10:57:51 +0800] "GET /xingrg/all/function/internal_message.html?_=1709348272684&CODE_STATE=getMsg HTTP/1.1" 200 27
180.169.147.146 - - [02/Mar/2024:10:57:52 +0800] "GET /xingrg/all/function/internal_message.html?_=1709348266833&CODE_STATE=getMsg HTTP/1.1" 200 27
222.70.115.1 - - [02/Mar/2024:10:57:55 +0800] "GET /xingrg/kc/buy/cgsh_order_operate.html?command=get_materiel&rest_code=00156&code=00101009004&supplier_code=00100012&order_time=2024-03-02 HTTP/1.1" 200 409
116.238.97.31 - - [02/Mar/2024:10:57:56 +0800] "GET /xingrg/kc/base/wldb_order_operate.html?command=get_materiel&rest_code=00102&base_code=0010476&code=00101016020 HTTP/1.1" 200 446
120.253.135.82 - - [02/Mar/2024:10:57:59 +0800] "GET /xingrg/all/function/internal_message.html?_=1709348114831&CODE_STATE=getMsg HTTP/1.1" 200 27
116.238.97.31 - - [02/Mar/2024:10:58:01 +0800] "GET /xingrg/kc/base/wldb_order_operate.html?command=get_materiel&rest_code=00102&base_code=0010476&code=00101019015 HTTP/1.1" 200 451
222.70.115.1 - - [02/Mar/2024:10:58:03 +0800] "GET /xingrg/kc/buy/cgsh_order_operate.html?command=get_materiel&rest_code=00156&code=00101009015&supplier_code=00100012&order_time=2024-03-02 HTTP/1.1" 200 416
124.78.67.200 - - [02/Mar/2024:10:58:04 +0800] "GET /xingrg/all/function/internal_message.html?_=1709348284675&CODE_STATE=getMsg HTTP/1.1" 200 27
116.238.97.31 - - [02/Mar/2024:10:58:05 +0800] "GET /xingrg/kc/base/wldb_order_operate.html?command=get_materiel&rest_code=00102&base_code=0010476&code=00101019063 HTTP/1.1" 200 462
124.78.67.200 - - [02/Mar/2024:10:58:06 +0800] "GET /xingrg/all/function/internal_message.html?_=1709348282852&CODE_STATE=getMsg HTTP/1.1" 200 27
116.238.97.31 - - [02/Mar/2024:10:58:09 +0800] "GET /xingrg/kc/base/wldb_order_operate.html?command=get_materiel&rest_code=00102&base_code=0010476&code=00101019108 HTTP/1.1" 200 476
180.171.62.200 - - [02/Mar/2024:10:58:10 +0800] "GET /xingrg/all/function/internal_message.html?_=1709348298324&CODE_STATE=getMsg HTTP/1.1" 200 27
218.81.65.124 - - [02/Mar/2024:10:58:10 +0800] "GET /xingrg/all/function/internal_message.html?_=1709348299588&CODE_STATE=getMsg HTTP/1.1" 200 27
222.70.115.1 - - [02/Mar/2024:10:58:13 +0800] "GET /xingrg/kc/buy/cgsh_order_operate.html?command=get_materiel&rest_code=00156&code=00101009018&supplier_code=00100012&order_time=2024-03-02 HTTP/1.1" 200 409
116.238.97.31 - - [02/Mar/2024:10:58:14 +0800] "GET /xingrg/kc/base/wldb_order_operate.html?command=get_materiel&rest_code=00102&base_code=0010476&code=00101019238 HTTP/1.1" 200 466
180.169.147.146 - - [02/Mar/2024:10:58:16 +0800] "GET /xingrg/all/function/internal_message.html?_=1709348296517&CODE_STATE=getMsg HTTP/1.1" 200 27
180.169.147.146 - - [02/Mar/2024:10:58:16 +0800] "GET /xingrg/check_reg.html?_=1709348296521 HTTP/1.1" 200 22
116.238.97.31 - - [02/Mar/2024:10:58:19 +0800] "GET /xingrg/all/function/internal_message.html?_=1709348299203&CODE_STATE=getMsg HTTP/1.1" 200 27
124.78.67.200 - - [02/Mar/2024:10:58:19 +0800] "GET /xingrg/check_reg.html?_=1709348299764 HTTP/1.1" 200 22
116.238.97.31 - - [02/Mar/2024:10:58:20 +0800] "GET /xingrg/kc/base/wldb_order_operate.html?command=get_materiel&rest_code=00102&base_code=0010476&code=00101019527 HTTP/1.1" 200 473
222.70.115.1 - - [02/Mar/2024:10:58:22 +0800] "GET /xingrg/kc/buy/cgsh_order_operate.html?command=get_materiel&rest_code=00156&code=00101009010&supplier_code=00100012&order_time=2024-03-02 HTTP/1.1" 200 416
116.230.123.222 - - [02/Mar/2024:10:58:24 +0800] "GET /xingrg/all/function/internal_message.html?_=1709348301386&CODE_STATE=getMsg HTTP/1.1" 200 27
101.83.145.37 - - [02/Mar/2024:10:58:24 +0800] "GET /xingrg/all/function/internal_message.html?_=1709348304382&CODE_STATE=getMsg HTTP/1.1" 200 27
116.238.97.31 - - [02/Mar/2024:10:58:27 +0800] "GET /xingrg/kc/base/wldb_order_operate.html?command=get_materiel&rest_code=00102&base_code=0010476&code=00101019405 HTTP/1.1" 200 482
116.238.97.31 - - [02/Mar/2024:10:58:27 +0800] "GET /xingrg/login.html HTTP/1.1" 200 7641
116.230.123.222 - - [02/Mar/2024:10:58:28 +0800] "GET /xingrg/login.html HTTP/1.1" 200 7641
116.238.97.31 - - [02/Mar/2024:10:58:28 +0800] "GET /favicon.ico HTTP/1.1" 404 -
116.230.123.222 - - [02/Mar/2024:10:58:28 +0800] "GET /favicon.ico HTTP/1.1" 404 -
116.238.97.31 - - [02/Mar/2024:10:58:30 +0800] "POST /xingrg/login.do HTTP/1.1" 302 -
116.238.97.31 - - [02/Mar/2024:10:58:30 +0800] "GET /xingrg/index.html?sysBaseUrl=http%3A%2F%2F180.169.147.146%3A18081%2Fxingrg%2F&costTime=861×tamp=1709348310460 HTTP/1.1" 200 17503
116.238.97.31 - - [02/Mar/2024:10:58:31 +0800] "GET /favicon.ico HTTP/1.1" 404 -
116.238.97.31 - - [02/Mar/2024:10:58:31 +0800] "GET /xingrg/all/function/internal_message.html?_=1709348317174&CODE_STATE=count HTTP/1.1" 200 11
116.238.97.31 - - [02/Mar/2024:10:58:31 +0800] "GET /xingrg/check_reg.html?_=1709348317176 HTTP/1.1" 200 22
116.238.97.31 - - [02/Mar/2024:10:58:31 +0800] "POST /xingrg/all/common/load_tree.html?tree=area_rest_tree_json&manage=1 HTTP/1.1" 200 3624
116.238.97.31 - - [02/Mar/2024:10:58:31 +0800] "POST /xingrg/load_menu.html HTTP/1.1" 200 11443
116.230.123.222 - - [02/Mar/2024:10:58:31 +0800] "POST /xingrg/login.do HTTP/1.1" 302 -
116.230.123.222 - - [02/Mar/2024:10:58:31 +0800] "GET /xingrg/index.html?sysBaseUrl=http%3A%2F%2F180.169.147.146%3A18081%2Fxingrg%2F&costTime=1304×tamp=1709348311780 HTTP/1.1" 200 17173
116.230.123.222 - - [02/Mar/2024:10:58:32 +0800] "GET /favicon.ico HTTP/1.1" 404 -
116.230.123.222 - - [02/Mar/2024:10:58:32 +0800] "GET /xingrg/all/function/internal_message.html?_=1709348309641&CODE_STATE=count HTTP/1.1" 200 11
116.230.123.222 - - [02/Mar/2024:10:58:32 +0800] "GET /xingrg/check_reg.html?_=1709348309642 HTTP/1.1" 200 22
116.230.123.222 - - [02/Mar/2024:10:58:32 +0800] "POST /xingrg/all/common/load_tree.html?tree=area_rest_tree_json&manage=1 HTTP/1.1" 200 342
116.230.123.222 - - [02/Mar/2024:10:58:32 +0800] "POST /xingrg/load_menu.html HTTP/1.1" 200 5138
222.70.115.1 - - [02/Mar/2024:10:58:33 +0800] "GET /xingrg/kc/buy/cgsh_order_operate.html?command=get_materiel&rest_code=00156&code=00101009028&supplier_code=00100012&order_time=2024-03-02 HTTP/1.1" 200 409
101.228.147.14 - - [02/Mar/2024:10:58:33 +0800] "GET /xingrg/all/function/internal_message.html?_=1709348314610&CODE_STATE=getMsg HTTP/1.1" 200 27
180.164.1.25 - - [02/Mar/2024:10:58:34 +0800] "GET /xingrg/all/function/internal_message.html?_=1709348313845&CODE_STATE=getMsg HTTP/1.1" 200 27
114.83.217.226 - - [02/Mar/2024:10:58:37 +0800] "GET /xingrg/all/function/internal_message.html?_=1709348314812&CODE_STATE=getMsg HTTP/1.1" 200 27
124.78.153.49 - - [02/Mar/2024:10:58:39 +0800] "GET /xingrg/all/function/internal_message.html?_=1709348317856&CODE_STATE=getMsg HTTP/1.1" 200 27
116.224.254.208 - - [02/Mar/2024:10:58:40 +0800] "GET /xingrg/check_reg.html?_=1709348320730 HTTP/1.1" 200 22
116.224.254.208 - - [02/Mar/2024:10:58:40 +0800] "GET /xingrg/all/function/internal_message.html?_=1709348320732&CODE_STATE=getMsg HTTP/1.1" 200 27
120.253.135.82 - - [02/Mar/2024:10:58:40 +0800] "GET /xingrg/kc/pszx/mdqp_order_list.html?state=10 HTTP/1.1" 200 10763
120.253.135.82 - - [02/Mar/2024:10:58:40 +0800] "GET /xingrg/dwr/engine.js HTTP/1.1" 200 43631
120.253.135.82 - - [02/Mar/2024:10:58:40 +0800] "GET /xingrg/dwr/interface/AjaxQqpsService.js HTTP/1.1" 200 16326
120.253.135.82 - - [02/Mar/2024:10:58:40 +0800] "GET /xingrg/dwr/interface/AjaxReportQueryService.js HTTP/1.1" 200 13203
101.83.145.37 - - [02/Mar/2024:10:58:42 +0800] "GET /xingrg/all/function/internal_message.html?_=1709348085977&CODE_STATE=getMsg HTTP/1.1" 200 27
222.70.115.1 - - [02/Mar/2024:10:58:42 +0800] "GET /xingrg/kc/buy/cgsh_order_operate.html?command=get_materiel&rest_code=00156&code=00101009044&supplier_code=00100012&order_time=2024-03-02 HTTP/1.1" 200 412
116.224.254.208 - - [02/Mar/2024:10:58:43 +0800] "GET /xingrg/all/function/internal_message.html?_=1709348323731&CODE_STATE=getMsg HTTP/1.1" 200 27
120.253.135.82 - - [02/Mar/2024:10:58:44 +0800] "GET /xingrg/all/function/internal_message.html?_=1709348493033&CODE_STATE=getMsg HTTP/1.1" 200 27
120.253.135.82 - - [02/Mar/2024:10:58:44 +0800] "GET /xingrg/check_reg.html?_=1709348493036 HTTP/1.1" 200 22
222.70.115.1 - - [02/Mar/2024:10:58:44 +0800] "GET /xingrg/all/function/internal_message.html?_=1709348333510&CODE_STATE=getMsg HTTP/1.1" 200 27
116.224.254.208 - - [02/Mar/2024:10:58:45 +0800] "GET /xingrg/kc/buy/cgsh_order_add.html HTTP/1.1" 200 73628
116.224.254.208 - - [02/Mar/2024:10:58:45 +0800] "POST /xingrg/kc/buy/cgsh_order_operate.html HTTP/1.1" 200 8245
116.224.254.208 - - [02/Mar/2024:10:58:45 +0800] "GET /xingrg/javascript/easyui/themes/default/validatebox.css HTTP/1.1" 404 1104
180.169.147.146 - - [02/Mar/2024:10:58:47 +0800] "GET /xingrg/all/function/internal_message.html?_=1709348323891&CODE_STATE=getMsg HTTP/1.1" 200 27
116.230.114.14 - - [02/Mar/2024:10:58:51 +0800] "GET /xingrg/all/function/internal_message.html?_=1709348353499&CODE_STATE=getMsg HTTP/1.1" 200 27
222.69.134.64 - - [02/Mar/2024:10:58:51 +0800] "GET /xingrg/all/function/internal_message.html?_=1709348332694&CODE_STATE=getMsg HTTP/1.1" 200 27
180.169.147.146 - - [02/Mar/2024:10:58:52 +0800] "GET /xingrg/all/function/internal_message.html?_=1709348326812&CODE_STATE=getMsg HTTP/1.1" 200 27
124.78.153.49 - - [02/Mar/2024:10:58:54 +0800] "POST /xingrg/kc/buy/cgsh_order_operate.html HTTP/1.1" 200 37
222.70.115.1 - - [02/Mar/2024:10:58:57 +0800] "GET /xingrg/kc/buy/cgsh_order_operate.html?command=get_materiel&rest_code=00156&code=00101009062&supplier_code=00100012&order_time=2024-03-02 HTTP/1.1" 200 23
116.238.97.31 - - [02/Mar/2024:10:58:57 +0800] "POST /xingrg/all/user/operate.html HTTP/1.1" 200 36
124.78.153.49 - - [02/Mar/2024:10:58:57 +0800] "POST /xingrg/kc/buy/cgsh_order_operate.html HTTP/1.1" 200 29857
116.238.97.31 - - [02/Mar/2024:10:58:57 +0800] "GET /xingrg/index.html?sysBaseUrl=http%3A%2F%2F180.169.147.146%3A18081%2Fxingrg%2F&costTime=861×tamp=1709348310460 HTTP/1.1" 200 17503
116.238.97.31 - - [02/Mar/2024:10:58:57 +0800] "GET /xingrg/javascript/jquery_easy_ui/themes/default/easyui.css HTTP/1.1" 304 -
116.238.97.31 - - [02/Mar/2024:10:58:57 +0800] "GET /xingrg/javascript/jquery_easy_ui/themes/icon.css HTTP/1.1" 304 -
116.238.97.31 - - [02/Mar/2024:10:58:57 +0800] "GET /xingrg/css/form.css HTTP/1.1" 304 -
116.238.97.31 - - [02/Mar/2024:10:58:57 +0800] "GET /xingrg/javascript/jquery-1.4.2.min.js HTTP/1.1" 304 -
116.238.97.31 - - [02/Mar/2024:10:58:57 +0800] "GET /xingrg/javascript/jquery_easy_ui/jquery.easyui.min.js HTTP/1.1" 304 -
116.238.97.31 - - [02/Mar/2024:10:58:57 +0800] "GET /xingrg/javascript/jquery_easy_ui/easyui-lang-zh_CN.js HTTP/1.1" 304 -
116.238.97.31 - - [02/Mar/2024:10:58:57 +0800] "GET /xingrg/javascript/jquery.form.js HTTP/1.1" 304 -
116.238.97.31 - - [02/Mar/2024:10:58:57 +0800] "GET /xingrg/javascript/jquery.utils.js HTTP/1.1" 304 -
116.238.97.31 - - [02/Mar/2024:10:58:57 +0800] "GET /xingrg/javascript/jquery.timers.js HTTP/1.1" 304 -
116.238.97.31 - - [02/Mar/2024:10:58:57 +0800] "GET /xingrg/images/blue/jxLogo.png HTTP/1.1" 304 -
116.238.97.31 - - [02/Mar/2024:10:58:57 +0800] "GET /xingrg/images/blue/navBackgound.jpg HTTP/1.1" 304 -
116.238.97.31 - - [02/Mar/2024:10:58:57 +0800] "GET /xingrg/javascript/jquery_easy_ui/themes/icons/settle_new.png HTTP/1.1" 304 -
116.238.97.31 - - [02/Mar/2024:10:58:57 +0800] "GET /xingrg/all/function/internal_message.html?_=1709348343952&CODE_STATE=count HTTP/1.1" 200 11
116.238.97.31 - - [02/Mar/2024:10:58:57 +0800] "GET /xingrg/check_reg.html?_=1709348343954 HTTP/1.1" 200 22
116.238.97.31 - - [02/Mar/2024:10:58:57 +0800] "GET /xingrg/javascript/jquery_easy_ui/themes/default/images/tabs_rightarrow.png HTTP/1.1" 304 -
116.238.97.31 - - [02/Mar/2024:10:58:57 +0800] "GET /xingrg/javascript/jquery_easy_ui/themes/default/images/panel_tool_expand.gif HTTP/1.1" 304 -
116.238.97.31 - - [02/Mar/2024:10:58:57 +0800] "GET /xingrg/javascript/jquery_easy_ui/themes/default/images/tabs_leftarrow.png HTTP/1.1" 304 -
116.238.97.31 - - [02/Mar/2024:10:58:57 +0800] "GET /xingrg/images/blue/pingpu.png HTTP/1.1" 304 -
116.238.97.31 - - [02/Mar/2024:10:58:57 +0800] "GET /xingrg/javascript/jquery_easy_ui/themes/default/images/panel_tool_collapse.gif HTTP/1.1" 304 -
116.238.97.31 - - [02/Mar/2024:10:58:58 +0800] "POST /xingrg/all/common/load_tree.html?tree=area_rest_tree_json&manage=1 HTTP/1.1" 200 3624
116.238.97.31 - - [02/Mar/2024:10:58:58 +0800] "POST /xingrg/load_menu.html HTTP/1.1" 200 9959
120.253.135.82 - - [02/Mar/2024:10:58:59 +0800] "GET /xingrg/all/function/internal_message.html?_=1709348174871&CODE_STATE=getMsg HTTP/1.1" 200 27
116.224.254.208 - - [02/Mar/2024:10:58:59 +0800] "GET /xingrg/kc/buy/cgsh_order_operate.html?command=get_materiel&rest_code=00150&code=00101001127&supplier_code=00100442&order_time=2024-03-02 HTTP/1.1" 200 431
116.238.97.31 - - [02/Mar/2024:10:59:03 +0800] "POST /xingrg/kc/base/wldb_order_operate.html HTTP/1.1" 200 37
222.70.115.1 - - [02/Mar/2024:10:59:04 +0800] "GET /xingrg/kc/buy/cgsh_order_operate.html?command=get_materiel&rest_code=00156&code=00101009062&supplier_code=00100012&order_time=2024-03-02 HTTP/1.1" 200 412
124.78.67.200 - - [02/Mar/2024:10:59:04 +0800] "GET /xingrg/all/function/internal_message.html?_=1709348344658&CODE_STATE=getMsg HTTP/1.1" 200 27
116.238.97.31 - - [02/Mar/2024:10:59:04 +0800] "POST /xingrg/kc/base/wldb_order_operate.html HTTP/1.1" 200 8237
116.238.97.31 - - [02/Mar/2024:10:59:05 +0800] "GET /xingrg/kc/base/wldb_order_info.html?code=422024030200116 HTTP/1.1" 200 30355
116.238.97.31 - - [02/Mar/2024:10:59:06 +0800] "GET /xingrg/javascript/easyui/themes/default/validatebox.css HTTP/1.1" 404 1104
124.78.67.200 - - [02/Mar/2024:10:59:06 +0800] "GET /xingrg/check_reg.html?_=1709348342851 HTTP/1.1" 200 22
116.238.97.31 - - [02/Mar/2024:10:59:06 +0800] "POST /xingrg/kc/base/wldb_order_operate.html HTTP/1.1" 200 8237
124.78.67.200 - - [02/Mar/2024:10:59:06 +0800] "GET /xingrg/all/function/internal_message.html?_=1709348342854&CODE_STATE=getMsg HTTP/1.1" 200 27
120.253.135.82 - - [02/Mar/2024:10:59:06 +0800] "GET /xingrg/kc/pszx/mdqp_order_list.html?state=10 HTTP/1.1" 200 10763
120.253.135.82 - - [02/Mar/2024:10:59:06 +0800] "GET /xingrg/dwr/interface/AjaxReportQueryService.js HTTP/1.1" 200 13203
120.253.135.82 - - [02/Mar/2024:10:59:06 +0800] "GET /xingrg/dwr/interface/AjaxQqpsService.js HTTP/1.1" 200 16326
120.253.135.82 - - [02/Mar/2024:10:59:06 +0800] "GET /xingrg/dwr/engine.js HTTP/1.1" 200 43631
116.238.97.31 - - [02/Mar/2024:10:59:08 +0800] "GET /xingrg/kc/base/wldb_order_add.html HTTP/1.1" 200 30340
116.238.97.31 - - [02/Mar/2024:10:59:08 +0800] "POST /xingrg/kc/base/wldb_order_operate.html HTTP/1.1" 200 6806
116.238.97.31 - - [02/Mar/2024:10:59:09 +0800] "GET /xingrg/javascript/easyui/themes/default/validatebox.css HTTP/1.1" 404 1104
116.238.97.31 - - [02/Mar/2024:10:59:09 +0800] "POST /xingrg/all/common/load_combo.html?type=base HTTP/1.1" 200 3321
180.169.147.146 - - [02/Mar/2024:10:59:10 +0800] "GET /xingrg/kc/base/base_main.html HTTP/1.1" 200 12142
180.171.62.200 - - [02/Mar/2024:10:59:10 +0800] "GET /xingrg/all/function/internal_message.html?_=1709348358310&CODE_STATE=getMsg HTTP/1.1" 200 27
218.81.65.124 - - [02/Mar/2024:10:59:10 +0800] "GET /xingrg/all/function/internal_message.html?_=1709348359585&CODE_STATE=getMsg HTTP/1.1" 200 27
180.169.147.146 - - [02/Mar/2024:10:59:11 +0800] "GET /xingrg/kc/base/yddb_order_list.html HTTP/1.1" 200 16618
116.238.97.31 - - [02/Mar/2024:10:59:11 +0800] "POST /xingrg/all/common/load_combo.html?type=base HTTP/1.1" 200 3321
180.169.147.146 - - [02/Mar/2024:10:59:12 +0800] "POST /xingrg/kc/base/yddb_list_operate.html HTTP/1.1" 200 636
116.238.97.31 - - [02/Mar/2024:10:59:14 +0800] "POST /xingrg/all/user/operate.html HTTP/1.1" 200 36
180.169.147.146 - - [02/Mar/2024:10:59:14 +0800] "POST /xingrg/kc/base/yddb_list_operate.html HTTP/1.1" 200 4295
116.238.97.31 - - [02/Mar/2024:10:59:14 +0800] "GET /xingrg/index.html?sysBaseUrl=http%3A%2F%2F180.169.147.146%3A18081%2Fxingrg%2F&costTime=861×tamp=1709348310460 HTTP/1.1" 200 17509
116.238.97.31 - - [02/Mar/2024:10:59:14 +0800] "GET /xingrg/javascript/jquery_easy_ui/themes/default/easyui.css HTTP/1.1" 304 -
116.238.97.31 - - [02/Mar/2024:10:59:14 +0800] "GET /xingrg/javascript/jquery_easy_ui/themes/icon.css HTTP/1.1" 304 -
116.238.97.31 - - [02/Mar/2024:10:59:14 +0800] "GET /xingrg/css/form.css HTTP/1.1" 304 -
116.238.97.31 - - [02/Mar/2024:10:59:14 +0800] "GET /xingrg/javascript/jquery-1.4.2.min.js HTTP/1.1" 304 -
116.238.97.31 - - [02/Mar/2024:10:59:14 +0800] "GET /xingrg/javascript/jquery_easy_ui/jquery.easyui.min.js HTTP/1.1" 304 -
116.238.97.31 - - [02/Mar/2024:10:59:14 +0800] "GET /xingrg/javascript/jquery_easy_ui/easyui-lang-zh_CN.js HTTP/1.1" 304 -
116.238.97.31 - - [02/Mar/2024:10:59:14 +0800] "GET /xingrg/javascript/jquery.form.js HTTP/1.1" 304 -
116.238.97.31 - - [02/Mar/2024:10:59:14 +0800] "GET /xingrg/javascript/jquery.utils.js HTTP/1.1" 304 -
116.238.97.31 - - [02/Mar/2024:10:59:14 +0800] "GET /xingrg/javascript/jquery.timers.js HTTP/1.1" 304 -
