116.238.97.31 - - [02/Mar/2024:10:59:14 +0800] "GET /xingrg/images/blue/jxLogo.png HTTP/1.1" 304 -
116.238.97.31 - - [02/Mar/2024:10:59:14 +0800] "GET /xingrg/images/blue/navBackgound.jpg HTTP/1.1" 304 -
116.238.97.31 - - [02/Mar/2024:10:59:14 +0800] "GET /xingrg/javascript/jquery_easy_ui/themes/icons/settle_new.png HTTP/1.1" 304 -
116.238.97.31 - - [02/Mar/2024:10:59:14 +0800] "GET /xingrg/all/function/internal_message.html?_=1709348360956&CODE_STATE=count HTTP/1.1" 200 11
116.238.97.31 - - [02/Mar/2024:10:59:14 +0800] "GET /xingrg/javascript/jquery_easy_ui/themes/default/images/tabs_leftarrow.png HTTP/1.1" 304 -
116.238.97.31 - - [02/Mar/2024:10:59:14 +0800] "GET /xingrg/check_reg.html?_=1709348360957 HTTP/1.1" 200 22
116.238.97.31 - - [02/Mar/2024:10:59:14 +0800] "GET /xingrg/javascript/jquery_easy_ui/themes/default/images/panel_tool_expand.gif HTTP/1.1" 304 -
116.238.97.31 - - [02/Mar/2024:10:59:14 +0800] "GET /xingrg/javascript/jquery_easy_ui/themes/default/images/panel_tool_collapse.gif HTTP/1.1" 304 -
116.238.97.31 - - [02/Mar/2024:10:59:14 +0800] "GET /xingrg/javascript/jquery_easy_ui/themes/default/images/tabs_rightarrow.png HTTP/1.1" 304 -
116.238.97.31 - - [02/Mar/2024:10:59:14 +0800] "GET /xingrg/images/blue/pingpu.png HTTP/1.1" 304 -
116.238.97.31 - - [02/Mar/2024:10:59:15 +0800] "POST /xingrg/all/common/load_tree.html?tree=area_rest_tree_json&manage=1 HTTP/1.1" 200 3624
116.238.97.31 - - [02/Mar/2024:10:59:15 +0800] "POST /xingrg/load_menu.html HTTP/1.1" 200 9959
116.224.254.208 - - [02/Mar/2024:10:59:15 +0800] "POST /xingrg/kc/buy/cgsh_order_operate.html HTTP/1.1" 200 37
180.169.147.146 - - [02/Mar/2024:10:59:16 +0800] "GET /xingrg/all/function/internal_message.html?_=1709348356534&CODE_STATE=getMsg HTTP/1.1" 200 27
180.169.147.146 - - [02/Mar/2024:10:59:17 +0800] "POST /xingrg/kc/base/yddb_list_operate.html HTTP/1.1" 200 203
116.238.97.31 - - [02/Mar/2024:10:59:19 +0800] "GET /xingrg/all/function/internal_message.html?_=1709348359205&CODE_STATE=getMsg HTTP/1.1" 200 27
222.70.115.1 - - [02/Mar/2024:10:59:19 +0800] "POST /xingrg/kc/buy/cgsh_order_operate.html HTTP/1.1" 200 88
116.238.97.31 - - [02/Mar/2024:10:59:19 +0800] "GET /xingrg/kc/base/wldb_order_operate.html?command=get_materiel&rest_code=00102&base_code=0010476&code=00101019430 HTTP/1.1" 200 477
180.169.147.146 - - [02/Mar/2024:10:59:20 +0800] "GET /xingrg/kc/base/yddb_order_info.html?code=482024022900154 HTTP/1.1" 200 32072
180.169.147.146 - - [02/Mar/2024:10:59:20 +0800] "GET /xingrg/dwr/interface/AjaxComOrderService.js HTTP/1.1" 200 18264
180.169.147.146 - - [02/Mar/2024:10:59:20 +0800] "GET /xingrg/dwr/interface/AjaxYddbService.js HTTP/1.1" 200 13201
180.169.147.146 - - [02/Mar/2024:10:59:20 +0800] "GET /xingrg/dwr/engine.js HTTP/1.1" 200 43631
116.238.97.31 - - [02/Mar/2024:10:59:20 +0800] "GET /xingrg/kc/base/check_order_list.html HTTP/1.1" 200 16393
180.169.147.146 - - [02/Mar/2024:10:59:20 +0800] "POST /xingrg/dwr/call/plaincall/AjaxYddbService.loadMaterielItems.dwr HTTP/1.1" 200 392
116.230.123.222 - - [02/Mar/2024:10:59:24 +0800] "GET /xingrg/all/function/internal_message.html?_=1709348361360&CODE_STATE=getMsg HTTP/1.1" 200 27
101.83.145.37 - - [02/Mar/2024:10:59:24 +0800] "GET /xingrg/all/function/internal_message.html?_=1709348364354&CODE_STATE=getMsg HTTP/1.1" 200 27
124.78.153.49 - - [02/Mar/2024:10:59:26 +0800] "POST /xingrg/kc/buy/cgsh_order_operate.html HTTP/1.1" 200 37
180.169.147.146 - - [02/Mar/2024:10:59:30 +0800] "POST /xingrg/kc/base/yddb_list_operate.html HTTP/1.1" 200 211
116.238.97.31 - - [02/Mar/2024:10:59:30 +0800] "POST /xingrg/kc/base/wldb_order_operate.html HTTP/1.1" 200 37
222.70.115.1 - - [02/Mar/2024:10:59:31 +0800] "POST /xingrg/kc/buy/cgsh_order_operate.html HTTP/1.1" 200 37
124.78.153.49 - - [02/Mar/2024:10:59:31 +0800] "POST /xingrg/kc/buy/cgsh_order_operate.html HTTP/1.1" 200 29857
116.238.97.31 - - [02/Mar/2024:10:59:31 +0800] "POST /xingrg/kc/base/wldb_order_operate.html HTTP/1.1" 200 2724
116.230.123.222 - - [02/Mar/2024:10:59:32 +0800] "GET /xingrg/all/function/internal_message.html?_=1709348369643&CODE_STATE=getMsg HTTP/1.1" 200 27
180.169.147.146 - - [02/Mar/2024:10:59:33 +0800] "GET /xingrg/kc/base/yddb_order_info.html?code=482024022900152 HTTP/1.1" 200 32224
180.169.147.146 - - [02/Mar/2024:10:59:33 +0800] "GET /xingrg/dwr/interface/AjaxComOrderService.js HTTP/1.1" 200 18264
180.169.147.146 - - [02/Mar/2024:10:59:33 +0800] "GET /xingrg/dwr/interface/AjaxYddbService.js HTTP/1.1" 200 13201
180.169.147.146 - - [02/Mar/2024:10:59:33 +0800] "GET /xingrg/dwr/engine.js HTTP/1.1" 200 43631
114.83.217.226 - - [02/Mar/2024:10:59:33 +0800] "GET /xingrg/check_reg.html?_=1709348371412 HTTP/1.1" 200 22
180.169.147.146 - - [02/Mar/2024:10:59:33 +0800] "POST /xingrg/dwr/call/plaincall/AjaxYddbService.loadMaterielItems.dwr HTTP/1.1" 200 409
222.70.115.1 - - [02/Mar/2024:10:59:33 +0800] "POST /xingrg/kc/buy/cgsh_order_operate.html HTTP/1.1" 200 9791
101.228.147.14 - - [02/Mar/2024:10:59:33 +0800] "GET /xingrg/all/function/internal_message.html?_=1709348374607&CODE_STATE=getMsg HTTP/1.1" 200 27
180.164.1.25 - - [02/Mar/2024:10:59:34 +0800] "GET /xingrg/all/function/internal_message.html?_=1709348373837&CODE_STATE=getMsg HTTP/1.1" 200 27
116.238.97.31 - - [02/Mar/2024:10:59:36 +0800] "GET /xingrg/kc/base/wldb_order_info.html?code=422024030200117 HTTP/1.1" 200 30355
222.70.115.1 - - [02/Mar/2024:10:59:36 +0800] "GET /xingrg/kc/print/load_config.html?kc_code=cgsh HTTP/1.1" 200 1927
116.238.97.31 - - [02/Mar/2024:10:59:36 +0800] "GET /xingrg/javascript/easyui/themes/default/validatebox.css HTTP/1.1" 404 1104
114.83.217.226 - - [02/Mar/2024:10:59:37 +0800] "GET /xingrg/all/function/internal_message.html?_=1709348374790&CODE_STATE=getMsg HTTP/1.1" 200 27
222.70.115.1 - - [02/Mar/2024:10:59:37 +0800] "GET /xingrg/kc/print/load_data.html?order_code=212024030200372&kc_code=cgsh&condition= HTTP/1.1" 200 3465
116.238.97.31 - - [02/Mar/2024:10:59:37 +0800] "POST /xingrg/kc/base/wldb_order_operate.html HTTP/1.1" 200 2724
180.169.147.146 - - [02/Mar/2024:10:59:38 +0800] "POST /xingrg/kc/base/yddb_list_operate.html HTTP/1.1" 200 203
180.169.147.146 - - [02/Mar/2024:10:59:38 +0800] "GET /xingrg/kc/base/yddb_order_info.html?code=482024022300116 HTTP/1.1" 200 32140
180.169.147.146 - - [02/Mar/2024:10:59:38 +0800] "GET /xingrg/dwr/interface/AjaxComOrderService.js HTTP/1.1" 200 18264
180.169.147.146 - - [02/Mar/2024:10:59:38 +0800] "GET /xingrg/dwr/interface/AjaxYddbService.js HTTP/1.1" 200 13201
180.169.147.146 - - [02/Mar/2024:10:59:38 +0800] "GET /xingrg/dwr/engine.js HTTP/1.1" 200 43631
124.78.153.49 - - [02/Mar/2024:10:59:39 +0800] "GET /xingrg/all/function/internal_message.html?_=1709348377859&CODE_STATE=getMsg HTTP/1.1" 200 27
180.169.147.146 - - [02/Mar/2024:10:59:39 +0800] "POST /xingrg/dwr/call/plaincall/AjaxYddbService.loadMaterielItems.dwr HTTP/1.1" 200 386
116.238.97.31 - - [02/Mar/2024:10:59:39 +0800] "GET /xingrg/kc/base/wldb_order_add.html HTTP/1.1" 200 30340
116.238.97.31 - - [02/Mar/2024:10:59:39 +0800] "POST /xingrg/kc/base/wldb_order_operate.html HTTP/1.1" 200 6806
116.238.97.31 - - [02/Mar/2024:10:59:39 +0800] "GET /xingrg/javascript/easyui/themes/default/validatebox.css HTTP/1.1" 404 1104
116.238.97.31 - - [02/Mar/2024:10:59:40 +0800] "GET /xingrg/kc/base/check_order_list.html HTTP/1.1" 200 16393
116.238.97.31 - - [02/Mar/2024:10:59:40 +0800] "POST /xingrg/all/common/load_combo.html?type=base HTTP/1.1" 200 3321
116.224.254.208 - - [02/Mar/2024:10:59:40 +0800] "GET /xingrg/all/function/internal_message.html?_=1709348380733&CODE_STATE=getMsg HTTP/1.1" 200 27
101.83.145.37 - - [02/Mar/2024:10:59:42 +0800] "GET /xingrg/check_reg.html?_=1709348145978 HTTP/1.1" 200 22
101.83.145.37 - - [02/Mar/2024:10:59:42 +0800] "GET /xingrg/all/function/internal_message.html?_=1709348145981&CODE_STATE=getMsg HTTP/1.1" 200 27
116.238.97.31 - - [02/Mar/2024:10:59:42 +0800] "POST /xingrg/all/common/load_combo.html?type=base HTTP/1.1" 200 3321
116.224.254.208 - - [02/Mar/2024:10:59:43 +0800] "GET /xingrg/all/function/internal_message.html?_=1709348383713&CODE_STATE=getMsg HTTP/1.1" 200 27
222.70.115.1 - - [02/Mar/2024:10:59:44 +0800] "GET /xingrg/all/function/internal_message.html?_=1709348393511&CODE_STATE=getMsg HTTP/1.1" 200 27
180.169.147.146 - - [02/Mar/2024:10:59:47 +0800] "GET /xingrg/all/function/internal_message.html?_=1709348383891&CODE_STATE=getMsg HTTP/1.1" 200 27
180.169.147.146 - - [02/Mar/2024:10:59:47 +0800] "GET /xingrg/check_reg.html?_=1709348383890 HTTP/1.1" 200 22
116.238.97.31 - - [02/Mar/2024:10:59:48 +0800] "GET /xingrg/kc/base/wldb_order_operate.html?command=get_materiel&rest_code=00102&base_code=0010476&code=00101019358 HTTP/1.1" 200 459
222.69.134.64 - - [02/Mar/2024:10:59:51 +0800] "GET /xingrg/all/function/internal_message.html?_=1709348392695&CODE_STATE=getMsg HTTP/1.1" 200 27
116.230.114.14 - - [02/Mar/2024:10:59:51 +0800] "GET /xingrg/all/function/internal_message.html?_=1709348413939&CODE_STATE=getMsg HTTP/1.1" 200 27
180.169.147.146 - - [02/Mar/2024:10:59:52 +0800] "GET /xingrg/check_reg.html?_=1709348386820 HTTP/1.1" 200 22
180.169.147.146 - - [02/Mar/2024:10:59:52 +0800] "GET /xingrg/all/function/internal_message.html?_=1709348386822&CODE_STATE=getMsg HTTP/1.1" 200 27
116.238.97.31 - - [02/Mar/2024:10:59:56 +0800] "POST /xingrg/kc/base/wldb_order_operate.html HTTP/1.1" 200 37
116.238.97.31 - - [02/Mar/2024:10:59:58 +0800] "POST /xingrg/kc/base/wldb_order_operate.html HTTP/1.1" 200 2201
120.253.135.82 - - [02/Mar/2024:10:59:58 +0800] "GET /xingrg/check_reg.html?_=1709348234327 HTTP/1.1" 200 22
120.253.135.82 - - [02/Mar/2024:10:59:59 +0800] "GET /xingrg/all/function/internal_message.html?_=1709348234882&CODE_STATE=getMsg HTTP/1.1" 200 27
116.238.97.31 - - [02/Mar/2024:10:59:59 +0800] "GET /xingrg/kc/base/wldb_order_info.html?code=422024030200118 HTTP/1.1" 200 30354
116.238.97.31 - - [02/Mar/2024:10:59:59 +0800] "GET /xingrg/javascript/easyui/themes/default/validatebox.css HTTP/1.1" 404 1104
116.238.97.31 - - [02/Mar/2024:11:00:00 +0800] "POST /xingrg/kc/base/wldb_order_operate.html HTTP/1.1" 200 2201
116.238.97.31 - - [02/Mar/2024:11:00:01 +0800] "GET /xingrg/kc/base/wldb_order_add.html HTTP/1.1" 200 30340
116.238.97.31 - - [02/Mar/2024:11:00:02 +0800] "POST /xingrg/kc/base/wldb_order_operate.html HTTP/1.1" 200 6806
116.238.97.31 - - [02/Mar/2024:11:00:02 +0800] "GET /xingrg/javascript/easyui/themes/default/validatebox.css HTTP/1.1" 404 1104
116.238.97.31 - - [02/Mar/2024:11:00:03 +0800] "POST /xingrg/all/common/load_combo.html?type=base HTTP/1.1" 200 3321
116.238.97.31 - - [02/Mar/2024:11:00:03 +0800] "GET /xingrg/kc/base/check_order_list.html HTTP/1.1" 200 16393
124.78.67.200 - - [02/Mar/2024:11:00:04 +0800] "GET /xingrg/all/function/internal_message.html?_=1709348404631&CODE_STATE=getMsg HTTP/1.1" 200 27
116.238.97.31 - - [02/Mar/2024:11:00:06 +0800] "POST /xingrg/all/common/load_combo.html?type=base HTTP/1.1" 200 3321
124.78.67.200 - - [02/Mar/2024:11:00:06 +0800] "GET /xingrg/all/function/internal_message.html?_=1709348402852&CODE_STATE=getMsg HTTP/1.1" 200 27
180.171.62.200 - - [02/Mar/2024:11:00:10 +0800] "GET /xingrg/all/function/internal_message.html?_=1709348418310&CODE_STATE=getMsg HTTP/1.1" 200 27
218.81.65.124 - - [02/Mar/2024:11:00:10 +0800] "GET /xingrg/all/function/internal_message.html?_=1709348419626&CODE_STATE=getMsg HTTP/1.1" 200 27
116.238.97.31 - - [02/Mar/2024:11:00:13 +0800] "GET /xingrg/kc/base/wldb_order_operate.html?command=get_materiel&rest_code=00102&base_code=0010476&code=00101027001 HTTP/1.1" 200 471
116.238.97.31 - - [02/Mar/2024:11:00:14 +0800] "GET /xingrg/all/function/internal_message.html?_=1709348420971&CODE_STATE=getMsg HTTP/1.1" 200 27
180.169.147.146 - - [02/Mar/2024:11:00:16 +0800] "GET /xingrg/all/function/internal_message.html?_=1709348416511&CODE_STATE=getMsg HTTP/1.1" 200 27
116.238.97.31 - - [02/Mar/2024:11:00:19 +0800] "GET /xingrg/all/function/internal_message.html?_=1709348419220&CODE_STATE=getMsg HTTP/1.1" 200 27
116.238.97.31 - - [02/Mar/2024:11:00:19 +0800] "POST /xingrg/kc/base/wldb_order_operate.html HTTP/1.1" 200 37
116.238.97.31 - - [02/Mar/2024:11:00:19 +0800] "POST /xingrg/kc/base/wldb_order_operate.html HTTP/1.1" 200 2215
116.238.97.31 - - [02/Mar/2024:11:00:22 +0800] "GET /xingrg/kc/base/check_order_list.html HTTP/1.1" 200 16393
116.238.97.31 - - [02/Mar/2024:11:00:23 +0800] "GET /xingrg/kc/base/wldb_order_info.html?code=422024030200119 HTTP/1.1" 200 30354
116.238.97.31 - - [02/Mar/2024:11:00:23 +0800] "GET /xingrg/javascript/easyui/themes/default/validatebox.css HTTP/1.1" 404 1104
116.230.123.222 - - [02/Mar/2024:11:00:24 +0800] "GET /xingrg/all/function/internal_message.html?_=1709348421340&CODE_STATE=getMsg HTTP/1.1" 200 27
116.238.97.31 - - [02/Mar/2024:11:00:24 +0800] "POST /xingrg/kc/base/wldb_order_operate.html HTTP/1.1" 200 2215
101.83.145.37 - - [02/Mar/2024:11:00:24 +0800] "GET /xingrg/all/function/internal_message.html?_=1709348424332&CODE_STATE=getMsg HTTP/1.1" 200 27
116.238.97.31 - - [02/Mar/2024:11:00:27 +0800] "POST /xingrg/kc/base/wldb_list_operate.html HTTP/1.1" 200 3318
116.230.114.14 - - [02/Mar/2024:11:00:30 +0800] "GET /xingrg/check_reg.html?_=1709348452857 HTTP/1.1" 200 22
116.238.97.31 - - [02/Mar/2024:11:00:31 +0800] "GET /xingrg/kc/base/wldb_order_add.html HTTP/1.1" 200 30340
116.238.97.31 - - [02/Mar/2024:11:00:31 +0800] "POST /xingrg/kc/base/wldb_order_operate.html HTTP/1.1" 200 6806
116.238.97.31 - - [02/Mar/2024:11:00:31 +0800] "GET /xingrg/javascript/easyui/themes/default/validatebox.css HTTP/1.1" 404 1104
116.230.123.222 - - [02/Mar/2024:11:00:32 +0800] "GET /xingrg/all/function/internal_message.html?_=1709348429643&CODE_STATE=getMsg HTTP/1.1" 200 27
116.238.97.31 - - [02/Mar/2024:11:00:32 +0800] "POST /xingrg/all/common/load_combo.html?type=base HTTP/1.1" 200 3321
116.238.97.31 - - [02/Mar/2024:11:00:33 +0800] "GET /xingrg/kc/base/check_order_list.html HTTP/1.1" 200 16393
101.228.147.14 - - [02/Mar/2024:11:00:33 +0800] "GET /xingrg/all/function/internal_message.html?_=1709348434607&CODE_STATE=getMsg HTTP/1.1" 200 27
101.228.147.14 - - [02/Mar/2024:11:00:33 +0800] "GET /xingrg/check_reg.html?_=1709348434604 HTTP/1.1" 200 22
180.164.1.25 - - [02/Mar/2024:11:00:34 +0800] "GET /xingrg/all/function/internal_message.html?_=1709348433816&CODE_STATE=getMsg HTTP/1.1" 200 27
116.238.97.31 - - [02/Mar/2024:11:00:34 +0800] "POST /xingrg/all/common/load_combo.html?type=base HTTP/1.1" 200 3321
114.83.217.226 - - [02/Mar/2024:11:00:37 +0800] "GET /xingrg/all/function/internal_message.html?_=1709348434759&CODE_STATE=getMsg HTTP/1.1" 200 27
180.169.147.146 - - [02/Mar/2024:11:00:37 +0800] "GET /xingrg/kc/base/yddb_order_info.html?code=482024022900154 HTTP/1.1" 200 32072
180.169.147.146 - - [02/Mar/2024:11:00:37 +0800] "GET /xingrg/dwr/interface/AjaxComOrderService.js HTTP/1.1" 200 18264
180.169.147.146 - - [02/Mar/2024:11:00:37 +0800] "GET /xingrg/dwr/interface/AjaxYddbService.js HTTP/1.1" 200 13201
180.169.147.146 - - [02/Mar/2024:11:00:37 +0800] "GET /xingrg/dwr/engine.js HTTP/1.1" 200 43631
180.169.147.146 - - [02/Mar/2024:11:00:38 +0800] "POST /xingrg/dwr/call/plaincall/AjaxYddbService.loadMaterielItems.dwr HTTP/1.1" 200 392
124.78.153.49 - - [02/Mar/2024:11:00:39 +0800] "GET /xingrg/all/function/internal_message.html?_=1709348437886&CODE_STATE=getMsg HTTP/1.1" 200 27
116.224.254.208 - - [02/Mar/2024:11:00:40 +0800] "GET /xingrg/all/function/internal_message.html?_=1709348440722&CODE_STATE=getMsg HTTP/1.1" 200 27
101.83.145.37 - - [02/Mar/2024:11:00:42 +0800] "GET /xingrg/all/function/internal_message.html?_=1709348205981&CODE_STATE=getMsg HTTP/1.1" 200 27
116.224.254.208 - - [02/Mar/2024:11:00:43 +0800] "GET /xingrg/all/function/internal_message.html?_=1709348443694&CODE_STATE=getMsg HTTP/1.1" 200 27
120.253.135.82 - - [02/Mar/2024:11:00:44 +0800] "GET /xingrg/all/function/internal_message.html?_=1709348613042&CODE_STATE=getMsg HTTP/1.1" 200 27
222.70.115.1 - - [02/Mar/2024:11:00:44 +0800] "GET /xingrg/all/function/internal_message.html?_=1709348453513&CODE_STATE=getMsg HTTP/1.1" 200 27
180.169.147.146 - - [02/Mar/2024:11:00:45 +0800] "POST /xingrg/kc/mdqp/pssh_list_operate.html HTTP/1.1" 200 2543
180.169.147.146 - - [02/Mar/2024:11:00:46 +0800] "POST /xingrg/all/user/operate.html HTTP/1.1" 200 36
180.169.147.146 - - [02/Mar/2024:11:00:46 +0800] "GET /xingrg/kc/buy/buy_main.html HTTP/1.1" 200 12412
180.169.147.146 - - [02/Mar/2024:11:00:46 +0800] "GET /xingrg/css/new_ie.css HTTP/1.1" 404 1036
180.169.147.146 - - [02/Mar/2024:11:00:46 +0800] "GET /xingrg/index.html?sysBaseUrl=http%3A%2F%2F180.169.147.146%3A18081%2Fxingrg%2F&costTime=873×tamp=1709345610326 HTTP/1.1" 200 17509
180.169.147.146 - - [02/Mar/2024:11:00:46 +0800] "GET /xingrg/javascript/jquery_easy_ui/themes/default/easyui.css HTTP/1.1" 304 -
180.169.147.146 - - [02/Mar/2024:11:00:46 +0800] "GET /xingrg/javascript/jquery_easy_ui/themes/icon.css HTTP/1.1" 304 -
180.169.147.146 - - [02/Mar/2024:11:00:46 +0800] "GET /xingrg/css/form.css HTTP/1.1" 304 -
180.169.147.146 - - [02/Mar/2024:11:00:46 +0800] "GET /xingrg/javascript/jquery-1.4.2.min.js HTTP/1.1" 304 -
180.169.147.146 - - [02/Mar/2024:11:00:46 +0800] "GET /xingrg/javascript/jquery_easy_ui/jquery.easyui.min.js HTTP/1.1" 304 -
180.169.147.146 - - [02/Mar/2024:11:00:46 +0800] "GET /xingrg/javascript/jquery_easy_ui/easyui-lang-zh_CN.js HTTP/1.1" 304 -
180.169.147.146 - - [02/Mar/2024:11:00:46 +0800] "GET /xingrg/javascript/jquery.form.js HTTP/1.1" 304 -
180.169.147.146 - - [02/Mar/2024:11:00:46 +0800] "GET /xingrg/javascript/jquery.utils.js HTTP/1.1" 304 -
180.169.147.146 - - [02/Mar/2024:11:00:46 +0800] "GET /xingrg/javascript/jquery.timers.js HTTP/1.1" 304 -
180.169.147.146 - - [02/Mar/2024:11:00:46 +0800] "GET /xingrg/images/blue/jxLogo.png HTTP/1.1" 304 -
180.169.147.146 - - [02/Mar/2024:11:00:46 +0800] "GET /xingrg/javascript/jquery_easy_ui/themes/icons/settle_new.png HTTP/1.1" 304 -
180.169.147.146 - - [02/Mar/2024:11:00:46 +0800] "GET /xingrg/images/blue/navBackgound.jpg HTTP/1.1" 304 -
116.238.97.31 - - [02/Mar/2024:11:00:46 +0800] "GET /xingrg/kc/base/check_order_list.html HTTP/1.1" 200 16393
180.169.147.146 - - [02/Mar/2024:11:00:46 +0800] "GET /xingrg/all/function/internal_message.html?_=1709348440957&CODE_STATE=count HTTP/1.1" 200 11
180.169.147.146 - - [02/Mar/2024:11:00:46 +0800] "GET /xingrg/check_reg.html?_=1709348440958 HTTP/1.1" 200 22
180.169.147.146 - - [02/Mar/2024:11:00:46 +0800] "GET /xingrg/javascript/jquery_easy_ui/themes/default/images/panel_tool_expand.gif HTTP/1.1" 304 -
180.169.147.146 - - [02/Mar/2024:11:00:46 +0800] "GET /xingrg/javascript/jquery_easy_ui/themes/default/images/tabs_rightarrow.png HTTP/1.1" 304 -
180.169.147.146 - - [02/Mar/2024:11:00:46 +0800] "GET /xingrg/javascript/jquery_easy_ui/themes/default/images/tabs_leftarrow.png HTTP/1.1" 304 -
180.169.147.146 - - [02/Mar/2024:11:00:46 +0800] "GET /xingrg/javascript/jquery_easy_ui/themes/default/images/panel_tool_collapse.gif HTTP/1.1" 304 -
180.169.147.146 - - [02/Mar/2024:11:00:46 +0800] "GET /xingrg/images/blue/pingpu.png HTTP/1.1" 304 -
180.169.147.146 - - [02/Mar/2024:11:00:46 +0800] "POST /xingrg/all/common/load_tree.html?tree=area_rest_tree_json&manage=1 HTTP/1.1" 200 3624
180.169.147.146 - - [02/Mar/2024:11:00:46 +0800] "POST /xingrg/load_menu.html HTTP/1.1" 200 9959
180.169.147.146 - - [02/Mar/2024:11:00:46 +0800] "GET /xingrg/images/yd/bt.gif HTTP/1.1" 404 1040
180.169.147.146 - - [02/Mar/2024:11:00:47 +0800] "GET /xingrg/all/function/internal_message.html?_=1709348443897&CODE_STATE=getMsg HTTP/1.1" 200 27
180.169.147.146 - - [02/Mar/2024:11:00:48 +0800] "GET /xingrg/kc/buy/cgsh_order_list.html HTTP/1.1" 200 8212
180.169.147.146 - - [02/Mar/2024:11:00:48 +0800] "GET /xingrg/kc/buy/cgsh_order_list.html HTTP/1.1" 200 57803
180.169.147.146 - - [02/Mar/2024:11:00:48 +0800] "GET /xingrg/all/report/report_query.html?fileName=kc/buy/gys_amount_base_rest.xml HTTP/1.1" 200 51664
180.169.147.146 - - [02/Mar/2024:11:00:48 +0800] "GET /xingrg/dwr/interface/AjaxReportQueryService.js HTTP/1.1" 200 13203
180.169.147.146 - - [02/Mar/2024:11:00:48 +0800] "GET /xingrg/dwr/engine.js HTTP/1.1" 200 43631
116.238.97.31 - - [02/Mar/2024:11:00:49 +0800] "GET /xingrg/kc/base/wldb_order_operate.html?command=get_materiel&rest_code=00102&base_code=0010477&code=00102002433 HTTP/1.1" 200 457
180.169.147.146 - - [02/Mar/2024:11:00:49 +0800] "POST /xingrg/dwr/call/plaincall/AjaxReportQueryService.getFixDate.dwr HTTP/1.1" 200 111
180.169.147.146 - - [02/Mar/2024:11:00:49 +0800] "POST /xingrg/all/common/load_tree.html?tree=area_rest_tree_json&manage=1 HTTP/1.1" 200 3624
180.169.147.146 - - [02/Mar/2024:11:00:50 +0800] "GET /xingrg/kc/base/base_main.html HTTP/1.1" 200 12142
180.169.147.146 - - [02/Mar/2024:11:00:50 +0800] "POST /xingrg/kc/buy/cgsh_list_operate.html HTTP/1.1" 200 986
180.169.147.146 - - [02/Mar/2024:11:00:50 +0800] "POST /xingrg/all/common/load_tree.html?tree=supplier_tree_json&manage=1 HTTP/1.1" 200 81090
222.69.134.64 - - [02/Mar/2024:11:00:51 +0800] "GET /xingrg/all/function/internal_message.html?_=1709348452690&CODE_STATE=getMsg HTTP/1.1" 200 27
180.169.147.146 - - [02/Mar/2024:11:00:51 +0800] "GET /xingrg/kc/base/yddb_order_list.html HTTP/1.1" 200 16624
116.230.114.14 - - [02/Mar/2024:11:00:51 +0800] "GET /xingrg/all/function/internal_message.html?_=1709348473948&CODE_STATE=getMsg HTTP/1.1" 200 27
180.169.147.146 - - [02/Mar/2024:11:00:52 +0800] "POST /xingrg/kc/base/yddb_list_operate.html HTTP/1.1" 200 636
180.169.147.146 - - [02/Mar/2024:11:00:54 +0800] "POST /xingrg/kc/base/yddb_list_operate.html HTTP/1.1" 200 3150
180.169.147.146 - - [02/Mar/2024:11:00:55 +0800] "GET /xingrg/javascript/jquery_tools/images/next.gif HTTP/1.1" 404 1086
180.169.147.146 - - [02/Mar/2024:11:00:55 +0800] "GET /xingrg/javascript/jquery_tools/images/prev.gif HTTP/1.1" 404 1086
120.253.135.82 - - [02/Mar/2024:11:00:59 +0800] "GET /xingrg/all/function/internal_message.html?_=1709348294896&CODE_STATE=getMsg HTTP/1.1" 200 27
180.169.147.146 - - [02/Mar/2024:11:00:59 +0800] "POST /xingrg/kc/base/yddb_list_operate.html HTTP/1.1" 200 1348
180.169.147.146 - - [02/Mar/2024:11:01:02 +0800] "POST /xingrg/kc/base/yddb_list_operate.html HTTP/1.1" 200 3150
180.169.147.146 - - [02/Mar/2024:11:01:03 +0800] "POST /xingrg/kc/base/yddb_list_operate.html HTTP/1.1" 200 203
124.78.67.200 - - [02/Mar/2024:11:01:04 +0800] "GET /xingrg/all/function/internal_message.html?_=1709348464620&CODE_STATE=getMsg HTTP/1.1" 200 27
116.238.97.31 - - [02/Mar/2024:11:01:05 +0800] "GET /xingrg/kc/base/wldb_order_operate.html?command=get_materiel&rest_code=00102&base_code=0010477&code=00102002304 HTTP/1.1" 200 463
180.169.147.146 - - [02/Mar/2024:11:01:06 +0800] "POST /xingrg/dwr/call/plaincall/AjaxReportQueryService.refreshCache.dwr HTTP/1.1" 200 78
124.78.67.200 - - [02/Mar/2024:11:01:06 +0800] "GET /xingrg/all/function/internal_message.html?_=1709348462867&CODE_STATE=getMsg HTTP/1.1" 200 27
116.230.123.222 - - [02/Mar/2024:11:01:08 +0800] "GET /xingrg/kc/buy/cgsh_order_list.html HTTP/1.1" 200 57797
180.169.147.146 - - [02/Mar/2024:11:01:09 +0800] "POST /xingrg/all/report/load_report_page.html HTTP/1.1" 200 52798
180.169.147.146 - - [02/Mar/2024:11:01:09 +0800] "GET /xingrg/servlets/image?cache=0.3197959043606563&image=px HTTP/1.1" 200 807
180.171.62.200 - - [02/Mar/2024:11:01:10 +0800] "GET /xingrg/all/function/internal_message.html?_=1709348478337&CODE_STATE=getMsg HTTP/1.1" 200 27
180.171.62.200 - - [02/Mar/2024:11:01:10 +0800] "GET /xingrg/check_reg.html?_=1709348478341 HTTP/1.1" 200 22
218.81.65.124 - - [02/Mar/2024:11:01:10 +0800] "GET /xingrg/all/function/internal_message.html?_=1709348479610&CODE_STATE=getMsg HTTP/1.1" 200 27
116.238.97.31 - - [02/Mar/2024:11:01:11 +0800] "POST /xingrg/kc/base/wldb_order_operate.html HTTP/1.1" 200 37
116.238.97.31 - - [02/Mar/2024:11:01:12 +0800] "POST /xingrg/kc/base/wldb_order_operate.html HTTP/1.1" 200 2695
116.238.97.31 - - [02/Mar/2024:11:01:14 +0800] "GET /xingrg/all/function/internal_message.html?_=1709348480969&CODE_STATE=getMsg HTTP/1.1" 200 27
116.238.97.31 - - [02/Mar/2024:11:01:15 +0800] "GET /xingrg/kc/base/wldb_order_info.html?code=422024030200120 HTTP/1.1" 200 30354
116.238.97.31 - - [02/Mar/2024:11:01:16 +0800] "GET /xingrg/javascript/easyui/themes/default/validatebox.css HTTP/1.1" 404 1104
180.169.147.146 - - [02/Mar/2024:11:01:16 +0800] "GET /xingrg/all/function/internal_message.html?_=1709348476505&CODE_STATE=getMsg HTTP/1.1" 200 27
116.238.97.31 - - [02/Mar/2024:11:01:16 +0800] "POST /xingrg/kc/base/wldb_order_operate.html HTTP/1.1" 200 2695
116.238.97.31 - - [02/Mar/2024:11:01:18 +0800] "GET /xingrg/kc/base/wldb_order_add.html HTTP/1.1" 200 30340
116.238.97.31 - - [02/Mar/2024:11:01:19 +0800] "POST /xingrg/kc/base/wldb_order_operate.html HTTP/1.1" 200 6806
116.238.97.31 - - [02/Mar/2024:11:01:19 +0800] "GET /xingrg/check_reg.html?_=1709348479275 HTTP/1.1" 200 22
116.238.97.31 - - [02/Mar/2024:11:01:19 +0800] "GET /xingrg/all/function/internal_message.html?_=1709348479275&CODE_STATE=getMsg HTTP/1.1" 200 27
116.238.97.31 - - [02/Mar/2024:11:01:19 +0800] "GET /xingrg/javascript/easyui/themes/default/validatebox.css HTTP/1.1" 404 1104
116.238.97.31 - - [02/Mar/2024:11:01:19 +0800] "POST /xingrg/all/common/load_combo.html?type=base HTTP/1.1" 200 3321
116.238.97.31 - - [02/Mar/2024:11:01:22 +0800] "POST /xingrg/all/common/load_combo.html?type=base HTTP/1.1" 200 3321
116.230.123.222 - - [02/Mar/2024:11:01:24 +0800] "GET /xingrg/all/function/internal_message.html?_=1709348481308&CODE_STATE=getMsg HTTP/1.1" 200 27
101.83.145.37 - - [02/Mar/2024:11:01:24 +0800] "GET /xingrg/all/function/internal_message.html?_=1709348484304&CODE_STATE=getMsg HTTP/1.1" 200 27
116.230.123.222 - - [02/Mar/2024:11:01:32 +0800] "GET /xingrg/all/function/internal_message.html?_=1709348489647&CODE_STATE=getMsg HTTP/1.1" 200 27
101.228.147.14 - - [02/Mar/2024:11:01:33 +0800] "GET /xingrg/all/function/internal_message.html?_=1709348494602&CODE_STATE=getMsg HTTP/1.1" 200 27
180.164.1.25 - - [02/Mar/2024:11:01:34 +0800] "GET /xingrg/all/function/internal_message.html?_=1709348493796&CODE_STATE=getMsg HTTP/1.1" 200 27
114.83.217.226 - - [02/Mar/2024:11:01:37 +0800] "GET /xingrg/all/function/internal_message.html?_=1709348494746&CODE_STATE=getMsg HTTP/1.1" 200 27
124.78.153.49 - - [02/Mar/2024:11:01:39 +0800] "GET /xingrg/check_reg.html?_=1709348497885 HTTP/1.1" 200 22
124.78.153.49 - - [02/Mar/2024:11:01:39 +0800] "GET /xingrg/all/function/internal_message.html?_=1709348497887&CODE_STATE=getMsg HTTP/1.1" 200 27
116.238.97.31 - - [02/Mar/2024:11:01:39 +0800] "GET /xingrg/kc/base/wldb_order_operate.html?command=get_materiel&rest_code=00102&base_code=0010477&code=00102002189 HTTP/1.1" 200 435
116.224.254.208 - - [02/Mar/2024:11:01:40 +0800] "GET /xingrg/all/function/internal_message.html?_=1709348500737&CODE_STATE=getMsg HTTP/1.1" 200 27
101.83.145.37 - - [02/Mar/2024:11:01:42 +0800] "GET /xingrg/all/function/internal_message.html?_=1709348265981&CODE_STATE=getMsg HTTP/1.1" 200 27
116.224.254.208 - - [02/Mar/2024:11:01:43 +0800] "GET /xingrg/all/function/internal_message.html?_=1709348503694&CODE_STATE=getMsg HTTP/1.1" 200 27
120.253.135.82 - - [02/Mar/2024:11:01:44 +0800] "GET /xingrg/all/function/internal_message.html?_=1709348673046&CODE_STATE=getMsg HTTP/1.1" 200 27
222.70.115.1 - - [02/Mar/2024:11:01:44 +0800] "GET /xingrg/all/function/internal_message.html?_=1709348513515&CODE_STATE=getMsg HTTP/1.1" 200 27
222.70.115.1 - - [02/Mar/2024:11:01:44 +0800] "GET /xingrg/check_reg.html?_=1709348513516 HTTP/1.1" 200 22
116.238.97.31 - - [02/Mar/2024:11:01:44 +0800] "GET /xingrg/kc/base/wldb_order_operate.html?command=get_materiel&rest_code=00102&base_code=0010477&code=00102004006 HTTP/1.1" 200 442
180.169.147.146 - - [02/Mar/2024:11:01:46 +0800] "GET /xingrg/all/function/internal_message.html?_=1709348500967&CODE_STATE=getMsg HTTP/1.1" 200 27
180.169.147.146 - - [02/Mar/2024:11:01:47 +0800] "GET /xingrg/all/function/internal_message.html?_=1709348503892&CODE_STATE=getMsg HTTP/1.1" 200 27
222.69.134.64 - - [02/Mar/2024:11:01:51 +0800] "GET /xingrg/all/function/internal_message.html?_=1709348512695&CODE_STATE=getMsg HTTP/1.1" 200 27
222.69.134.64 - - [02/Mar/2024:11:01:51 +0800] "GET /xingrg/check_reg.html?_=1709348512698 HTTP/1.1" 200 22
116.230.114.14 - - [02/Mar/2024:11:01:51 +0800] "GET /xingrg/all/function/internal_message.html?_=1709348533962&CODE_STATE=getMsg HTTP/1.1" 200 27
116.238.97.31 - - [02/Mar/2024:11:01:52 +0800] "GET /xingrg/kc/base/wldb_order_operate.html?command=get_materiel&rest_code=00102&base_code=0010477&code=00102004026 HTTP/1.1" 200 442
116.238.97.31 - - [02/Mar/2024:11:01:58 +0800] "GET /xingrg/kc/base/wldb_order_operate.html?command=get_materiel&rest_code=00102&base_code=0010477&code=00102002204 HTTP/1.1" 200 447
120.253.135.82 - - [02/Mar/2024:11:01:59 +0800] "GET /xingrg/all/function/internal_message.html?_=1709348354910&CODE_STATE=getMsg HTTP/1.1" 200 27
124.78.67.200 - - [02/Mar/2024:11:02:04 +0800] "GET /xingrg/all/function/internal_message.html?_=1709348524601&CODE_STATE=getMsg HTTP/1.1" 200 27
124.78.67.200 - - [02/Mar/2024:11:02:06 +0800] "GET /xingrg/all/function/internal_message.html?_=1709348522863&CODE_STATE=getMsg HTTP/1.1" 200 27
116.238.97.31 - - [02/Mar/2024:11:02:07 +0800] "POST /xingrg/kc/base/wldb_order_operate.html HTTP/1.1" 200 37
116.238.97.31 - - [02/Mar/2024:11:02:08 +0800] "POST /xingrg/kc/base/wldb_order_operate.html HTTP/1.1" 200 3627
116.238.97.31 - - [02/Mar/2024:11:02:09 +0800] "GET /xingrg/kc/base/wldb_order_info.html?code=422024030200121 HTTP/1.1" 200 30354
101.83.145.37 - - [02/Mar/2024:11:02:09 +0800] "GET /xingrg/check_reg.html?_=1709348529461 HTTP/1.1" 200 22
116.238.97.31 - - [02/Mar/2024:11:02:10 +0800] "GET /xingrg/javascript/easyui/themes/default/validatebox.css HTTP/1.1" 404 1104
180.171.62.200 - - [02/Mar/2024:11:02:10 +0800] "GET /xingrg/all/function/internal_message.html?_=1709348538311&CODE_STATE=getMsg HTTP/1.1" 200 27
218.81.65.124 - - [02/Mar/2024:11:02:10 +0800] "GET /xingrg/check_reg.html?_=1709348539628 HTTP/1.1" 200 22
218.81.65.124 - - [02/Mar/2024:11:02:10 +0800] "GET /xingrg/all/function/internal_message.html?_=1709348539625&CODE_STATE=getMsg HTTP/1.1" 200 27
116.238.97.31 - - [02/Mar/2024:11:02:10 +0800] "POST /xingrg/kc/base/wldb_order_operate.html HTTP/1.1" 200 3627
116.238.97.31 - - [02/Mar/2024:11:02:12 +0800] "GET /xingrg/kc/base/wldb_order_add.html HTTP/1.1" 200 30340
116.238.97.31 - - [02/Mar/2024:11:02:12 +0800] "POST /xingrg/kc/base/wldb_order_operate.html HTTP/1.1" 200 6806
116.238.97.31 - - [02/Mar/2024:11:02:12 +0800] "GET /xingrg/javascript/easyui/themes/default/validatebox.css HTTP/1.1" 404 1104
116.238.97.31 - - [02/Mar/2024:11:02:13 +0800] "POST /xingrg/all/common/load_combo.html?type=base HTTP/1.1" 200 3321
116.238.97.31 - - [02/Mar/2024:11:02:14 +0800] "GET /xingrg/all/function/internal_message.html?_=1709348540963&CODE_STATE=getMsg HTTP/1.1" 200 27
116.238.97.31 - - [02/Mar/2024:11:02:15 +0800] "POST /xingrg/all/common/load_combo.html?type=base HTTP/1.1" 200 3321
180.169.147.146 - - [02/Mar/2024:11:02:16 +0800] "GET /xingrg/all/function/internal_message.html?_=1709348536504&CODE_STATE=getMsg HTTP/1.1" 200 27
116.238.97.31 - - [02/Mar/2024:11:02:19 +0800] "GET /xingrg/all/function/internal_message.html?_=1709348539300&CODE_STATE=getMsg HTTP/1.1" 200 27
116.230.123.222 - - [02/Mar/2024:11:02:24 +0800] "GET /xingrg/all/function/internal_message.html?_=1709348541304&CODE_STATE=getMsg HTTP/1.1" 200 27
101.83.145.37 - - [02/Mar/2024:11:02:24 +0800] "GET /xingrg/all/function/internal_message.html?_=1709348544280&CODE_STATE=getMsg HTTP/1.1" 200 27
116.230.123.222 - - [02/Mar/2024:11:02:25 +0800] "GET /xingrg/check_reg.html?_=1709348542491 HTTP/1.1" 200 22
116.238.97.31 - - [02/Mar/2024:11:02:27 +0800] "GET /xingrg/kc/base/wldb_order_operate.html?command=get_materiel&rest_code=00102&base_code=0010477&code=00102002497 HTTP/1.1" 200 439
180.164.1.25 - - [02/Mar/2024:11:02:28 +0800] "GET /xingrg/check_reg.html?_=1709348548118 HTTP/1.1" 200 22
116.230.123.222 - - [02/Mar/2024:11:02:32 +0800] "GET /xingrg/all/function/internal_message.html?_=1709348549670&CODE_STATE=getMsg HTTP/1.1" 200 27
116.238.97.31 - - [02/Mar/2024:11:02:32 +0800] "POST /xingrg/kc/base/wldb_order_operate.html HTTP/1.1" 200 37
124.78.153.49 - - [02/Mar/2024:11:02:33 +0800] "GET /xingrg/kc/base/base_main.html HTTP/1.1" 200 12142
124.78.153.49 - - [02/Mar/2024:11:02:33 +0800] "GET /xingrg/images/blue/button/wlsy.gif HTTP/1.1" 200 2536
124.78.153.49 - - [02/Mar/2024:11:02:33 +0800] "GET /xingrg/images/blue/button/ckpd.gif HTTP/1.1" 200 2051
124.78.153.49 - - [02/Mar/2024:11:02:33 +0800] "GET /xingrg/images/blue/button/ckdb.gif HTTP/1.1" 200 1950
124.78.153.49 - - [02/Mar/2024:11:02:33 +0800] "GET /xingrg/images/blue/button/yddb.gif HTTP/1.1" 200 2040
124.78.153.49 - - [02/Mar/2024:11:02:33 +0800] "GET /xingrg/images/blue/button/down.jpg HTTP/1.1" 200 1560
124.78.153.49 - - [02/Mar/2024:11:02:33 +0800] "GET /xingrg/images/blue/button/top_right.jpg HTTP/1.1" 200 1708
124.78.153.49 - - [02/Mar/2024:11:02:33 +0800] "GET /xingrg/images/blue/button/top_left.jpg HTTP/1.1" 200 1632
124.78.153.49 - - [02/Mar/2024:11:02:33 +0800] "GET /xingrg/images/blue/button/left_ah.jpg HTTP/1.1" 200 1643
124.78.153.49 - - [02/Mar/2024:11:02:33 +0800] "GET /xingrg/images/blue/button/bottom_right.jpg HTTP/1.1" 200 1436
124.78.153.49 - - [02/Mar/2024:11:02:33 +0800] "GET /xingrg/images/blue/button/bottom_left.jpg HTTP/1.1" 200 1524
116.238.97.31 - - [02/Mar/2024:11:02:33 +0800] "POST /xingrg/kc/base/wldb_order_operate.html HTTP/1.1" 200 2186
101.228.147.14 - - [02/Mar/2024:11:02:33 +0800] "GET /xingrg/all/function/internal_message.html?_=1709348554597&CODE_STATE=getMsg HTTP/1.1" 200 27
180.164.1.25 - - [02/Mar/2024:11:02:34 +0800] "GET /xingrg/all/function/internal_message.html?_=1709348553792&CODE_STATE=getMsg HTTP/1.1" 200 27
116.238.97.31 - - [02/Mar/2024:11:02:36 +0800] "GET /xingrg/kc/base/wldb_order_info.html?code=422024030200122 HTTP/1.1" 200 30354
116.238.97.31 - - [02/Mar/2024:11:02:36 +0800] "GET /xingrg/javascript/easyui/themes/default/validatebox.css HTTP/1.1" 404 1104
114.83.217.226 - - [02/Mar/2024:11:02:37 +0800] "GET /xingrg/all/function/internal_message.html?_=1709348554731&CODE_STATE=getMsg HTTP/1.1" 200 27
116.238.97.31 - - [02/Mar/2024:11:02:38 +0800] "POST /xingrg/kc/base/wldb_order_operate.html HTTP/1.1" 200 2186
124.78.153.49 - - [02/Mar/2024:11:02:39 +0800] "GET /xingrg/all/function/internal_message.html?_=1709348557888&CODE_STATE=getMsg HTTP/1.1" 200 27
116.224.254.208 - - [02/Mar/2024:11:02:40 +0800] "GET /xingrg/all/function/internal_message.html?_=1709348560728&CODE_STATE=getMsg HTTP/1.1" 200 27
116.238.97.31 - - [02/Mar/2024:11:02:41 +0800] "POST /xingrg/kc/base/wldb_list_operate.html HTTP/1.1" 200 4477
101.83.145.37 - - [02/Mar/2024:11:02:42 +0800] "GET /xingrg/all/function/internal_message.html?_=1709348325969&CODE_STATE=getMsg HTTP/1.1" 200 27
116.224.254.208 - - [02/Mar/2024:11:02:43 +0800] "GET /xingrg/all/function/internal_message.html?_=1709348563676&CODE_STATE=getMsg HTTP/1.1" 200 27
120.253.135.82 - - [02/Mar/2024:11:02:44 +0800] "GET /xingrg/all/function/internal_message.html?_=1709348733051&CODE_STATE=getMsg HTTP/1.1" 200 27
222.70.115.1 - - [02/Mar/2024:11:02:44 +0800] "GET /xingrg/all/function/internal_message.html?_=1709348573517&CODE_STATE=getMsg HTTP/1.1" 200 27
116.224.254.208 - - [02/Mar/2024:11:02:44 +0800] "GET /xingrg/check_reg.html?_=1709348564760 HTTP/1.1" 200 22
180.169.147.146 - - [02/Mar/2024:11:02:46 +0800] "GET /xingrg/all/function/internal_message.html?_=1709348560968&CODE_STATE=getMsg HTTP/1.1" 200 27
180.169.147.146 - - [02/Mar/2024:11:02:47 +0800] "GET /xingrg/all/function/internal_message.html?_=1709348563888&CODE_STATE=getMsg HTTP/1.1" 200 27
222.69.134.64 - - [02/Mar/2024:11:02:51 +0800] "GET /xingrg/all/function/internal_message.html?_=1709348572695&CODE_STATE=getMsg HTTP/1.1" 200 27
116.238.97.31 - - [02/Mar/2024:11:02:51 +0800] "GET /xingrg/kc/buy/cgsh_order_list.html HTTP/1.1" 200 57797
116.230.114.14 - - [02/Mar/2024:11:02:52 +0800] "GET /xingrg/all/function/internal_message.html?_=1709348594316&CODE_STATE=getMsg HTTP/1.1" 200 27
120.253.135.82 - - [02/Mar/2024:11:02:59 +0800] "GET /xingrg/all/function/internal_message.html?_=1709348414959&CODE_STATE=getMsg HTTP/1.1" 200 27
116.238.97.31 - - [02/Mar/2024:11:03:03 +0800] "GET /xingrg/login.html HTTP/1.1" 200 7641
116.238.97.31 - - [02/Mar/2024:11:03:04 +0800] "GET /favicon.ico HTTP/1.1" 404 -
124.78.67.200 - - [02/Mar/2024:11:03:04 +0800] "GET /xingrg/all/function/internal_message.html?_=1709348584575&CODE_STATE=getMsg HTTP/1.1" 200 27
116.238.97.31 - - [02/Mar/2024:11:03:06 +0800] "POST /xingrg/login.do HTTP/1.1" 302 -
116.238.97.31 - - [02/Mar/2024:11:03:06 +0800] "GET /xingrg/index.html?sysBaseUrl=http%3A%2F%2F180.169.147.146%3A18081%2Fxingrg%2F&costTime=839×tamp=1709348586127 HTTP/1.1" 200 17173
116.238.97.31 - - [02/Mar/2024:11:03:06 +0800] "GET /favicon.ico HTTP/1.1" 404 -
116.238.97.31 - - [02/Mar/2024:11:03:06 +0800] "GET /xingrg/check_reg.html?_=1709348586547 HTTP/1.1" 200 22
116.238.97.31 - - [02/Mar/2024:11:03:06 +0800] "GET /xingrg/all/function/internal_message.html?_=1709348586546&CODE_STATE=count HTTP/1.1" 200 11
116.238.97.31 - - [02/Mar/2024:11:03:06 +0800] "POST /xingrg/all/common/load_tree.html?tree=area_rest_tree_json&manage=1 HTTP/1.1" 200 342
116.238.97.31 - - [02/Mar/2024:11:03:06 +0800] "POST /xingrg/load_menu.html HTTP/1.1" 200 5138
124.78.67.200 - - [02/Mar/2024:11:03:06 +0800] "GET /xingrg/all/function/internal_message.html?_=1709348582861&CODE_STATE=getMsg HTTP/1.1" 200 27
116.238.97.31 - - [02/Mar/2024:11:03:09 +0800] "GET /xingrg/kc/buy/cgsh_order_list.html HTTP/1.1" 200 57797
180.171.62.200 - - [02/Mar/2024:11:03:10 +0800] "GET /xingrg/all/function/internal_message.html?_=1709348598312&CODE_STATE=getMsg HTTP/1.1" 200 27
218.81.65.124 - - [02/Mar/2024:11:03:10 +0800] "GET /xingrg/all/function/internal_message.html?_=1709348599611&CODE_STATE=getMsg HTTP/1.1" 200 27
116.238.97.31 - - [02/Mar/2024:11:03:14 +0800] "GET /xingrg/all/function/internal_message.html?_=1709348600974&CODE_STATE=getMsg HTTP/1.1" 200 27
180.169.147.146 - - [02/Mar/2024:11:03:16 +0800] "GET /xingrg/all/function/internal_message.html?_=1709348596510&CODE_STATE=getMsg HTTP/1.1" 200 27
180.169.147.146 - - [02/Mar/2024:11:03:16 +0800] "GET /xingrg/check_reg.html?_=1709348596513 HTTP/1.1" 200 22
124.78.67.200 - - [02/Mar/2024:11:03:19 +0800] "GET /xingrg/check_reg.html?_=1709348599747 HTTP/1.1" 200 22
116.230.123.222 - - [02/Mar/2024:11:03:24 +0800] "GET /xingrg/all/function/internal_message.html?_=1709348601300&CODE_STATE=getMsg HTTP/1.1" 200 27
101.83.145.37 - - [02/Mar/2024:11:03:24 +0800] "GET /xingrg/all/function/internal_message.html?_=1709348604258&CODE_STATE=getMsg HTTP/1.1" 200 27
180.169.147.146 - - [02/Mar/2024:11:03:28 +0800] "GET /xingrg/login.html HTTP/1.1" 200 7641
180.169.147.146 - - [02/Mar/2024:11:03:28 +0800] "GET /favicon.ico HTTP/1.1" 404 -
180.169.147.146 - - [02/Mar/2024:11:03:30 +0800] "POST /xingrg/login.do HTTP/1.1" 302 -
180.169.147.146 - - [02/Mar/2024:11:03:30 +0800] "GET /xingrg/index.html?sysBaseUrl=http%3A%2F%2F180.169.147.146%3A18081%2Fxingrg%2F&costTime=876×tamp=1709348610343 HTTP/1.1" 200 17179
180.169.147.146 - - [02/Mar/2024:11:03:30 +0800] "GET /favicon.ico HTTP/1.1" 404 -
180.169.147.146 - - [02/Mar/2024:11:03:30 +0800] "GET /xingrg/all/function/internal_message.html?_=1709348606830&CODE_STATE=count HTTP/1.1" 200 11
180.169.147.146 - - [02/Mar/2024:11:03:30 +0800] "GET /xingrg/check_reg.html?_=1709348606831 HTTP/1.1" 200 22
180.169.147.146 - - [02/Mar/2024:11:03:30 +0800] "POST /xingrg/all/common/load_tree.html?tree=area_rest_tree_json&manage=1 HTTP/1.1" 200 351
180.169.147.146 - - [02/Mar/2024:11:03:30 +0800] "POST /xingrg/load_menu.html HTTP/1.1" 200 5138
180.169.147.146 - - [02/Mar/2024:11:03:31 +0800] "GET /xingrg/kc/buy/buy_main.html HTTP/1.1" 200 12412
180.169.147.146 - - [02/Mar/2024:11:03:31 +0800] "GET /xingrg/css/new_ie.css HTTP/1.1" 404 1036
180.169.147.146 - - [02/Mar/2024:11:03:31 +0800] "GET /xingrg/images/yd/bt.gif HTTP/1.1" 404 1040
116.230.123.222 - - [02/Mar/2024:11:03:32 +0800] "GET /xingrg/check_reg.html?_=1709348609666 HTTP/1.1" 200 22
116.230.123.222 - - [02/Mar/2024:11:03:32 +0800] "GET /xingrg/all/function/internal_message.html?_=1709348609668&CODE_STATE=getMsg HTTP/1.1" 200 27
180.169.147.146 - - [02/Mar/2024:11:03:33 +0800] "GET /xingrg/kc/buy/cgsh_order_list.html HTTP/1.1" 200 8212
180.169.147.146 - - [02/Mar/2024:11:03:33 +0800] "GET /xingrg/kc/buy/cgsh_order_list.html HTTP/1.1" 200 57803
101.228.147.14 - - [02/Mar/2024:11:03:33 +0800] "GET /xingrg/all/function/internal_message.html?_=1709348614595&CODE_STATE=getMsg HTTP/1.1" 200 27
180.164.1.25 - - [02/Mar/2024:11:03:34 +0800] "GET /xingrg/all/function/internal_message.html?_=1709348613787&CODE_STATE=getMsg HTTP/1.1" 200 27
180.169.147.146 - - [02/Mar/2024:11:03:35 +0800] "POST /xingrg/all/report/report_print.html HTTP/1.1" 200 7680
180.169.147.146 - - [02/Mar/2024:11:03:36 +0800] "POST /xingrg/kc/buy/cgsh_list_operate.html HTTP/1.1" 200 986
114.83.217.226 - - [02/Mar/2024:11:03:37 +0800] "GET /xingrg/all/function/internal_message.html?_=1709348614717&CODE_STATE=getMsg HTTP/1.1" 200 27
124.78.153.49 - - [02/Mar/2024:11:03:39 +0800] "GET /xingrg/all/function/internal_message.html?_=1709348617888&CODE_STATE=getMsg HTTP/1.1" 200 27
180.169.147.146 - - [02/Mar/2024:11:03:39 +0800] "GET /xingrg/javascript/jquery_tools/images/prev.gif HTTP/1.1" 404 1086
180.169.147.146 - - [02/Mar/2024:11:03:39 +0800] "GET /xingrg/javascript/jquery_tools/images/next.gif HTTP/1.1" 404 1086
116.224.254.208 - - [02/Mar/2024:11:03:40 +0800] "GET /xingrg/check_reg.html?_=1709348620726 HTTP/1.1" 200 22
116.224.254.208 - - [02/Mar/2024:11:03:40 +0800] "GET /xingrg/all/function/internal_message.html?_=1709348620728&CODE_STATE=getMsg HTTP/1.1" 200 27
101.83.145.37 - - [02/Mar/2024:11:03:42 +0800] "GET /xingrg/all/function/internal_message.html?_=1709348385968&CODE_STATE=getMsg HTTP/1.1" 200 27
116.224.254.208 - - [02/Mar/2024:11:03:43 +0800] "GET /xingrg/all/function/internal_message.html?_=1709348623656&CODE_STATE=getMsg HTTP/1.1" 200 27
120.253.135.82 - - [02/Mar/2024:11:03:44 +0800] "GET /xingrg/all/function/internal_message.html?_=1709348793055&CODE_STATE=getMsg HTTP/1.1" 200 27
120.253.135.82 - - [02/Mar/2024:11:03:44 +0800] "GET /xingrg/check_reg.html?_=1709348793056 HTTP/1.1" 200 22
222.70.115.1 - - [02/Mar/2024:11:03:44 +0800] "GET /xingrg/all/function/internal_message.html?_=1709348633519&CODE_STATE=getMsg HTTP/1.1" 200 27
180.169.147.146 - - [02/Mar/2024:11:03:46 +0800] "GET /xingrg/all/function/internal_message.html?_=1709348620966&CODE_STATE=getMsg HTTP/1.1" 200 27
180.169.147.146 - - [02/Mar/2024:11:03:47 +0800] "GET /xingrg/all/function/internal_message.html?_=1709348623900&CODE_STATE=getMsg HTTP/1.1" 200 27
222.69.134.64 - - [02/Mar/2024:11:03:51 +0800] "GET /xingrg/all/function/internal_message.html?_=1709348632686&CODE_STATE=getMsg HTTP/1.1" 200 27
116.230.114.14 - - [02/Mar/2024:11:03:52 +0800] "GET /xingrg/all/function/internal_message.html?_=1709348654317&CODE_STATE=getMsg HTTP/1.1" 200 27
180.169.147.146 - - [02/Mar/2024:11:03:55 +0800] "POST /xingrg/dwr/call/plaincall/AjaxReportQueryService.refreshCache.dwr HTTP/1.1" 200 78
180.169.147.146 - - [02/Mar/2024:11:03:58 +0800] "POST /xingrg/all/report/load_report_page.html HTTP/1.1" 200 52678
180.169.147.146 - - [02/Mar/2024:11:03:58 +0800] "GET /xingrg/servlets/image?cache=0.6042528840404173&image=px HTTP/1.1" 200 807
120.253.135.82 - - [02/Mar/2024:11:03:59 +0800] "GET /xingrg/all/function/internal_message.html?_=1709348474968&CODE_STATE=getMsg HTTP/1.1" 200 27
124.78.67.200 - - [02/Mar/2024:11:04:04 +0800] "GET /xingrg/all/function/internal_message.html?_=1709348644557&CODE_STATE=getMsg HTTP/1.1" 200 27
116.238.97.31 - - [02/Mar/2024:11:04:06 +0800] "GET /xingrg/all/function/internal_message.html?_=1709348646559&CODE_STATE=getMsg HTTP/1.1" 200 27
124.78.67.200 - - [02/Mar/2024:11:04:06 +0800] "GET /xingrg/check_reg.html?_=1709348642861 HTTP/1.1" 200 22
124.78.67.200 - - [02/Mar/2024:11:04:06 +0800] "GET /xingrg/all/function/internal_message.html?_=1709348642865&CODE_STATE=getMsg HTTP/1.1" 200 27
180.171.62.200 - - [02/Mar/2024:11:04:10 +0800] "GET /xingrg/all/function/internal_message.html?_=1709348658313&CODE_STATE=getMsg HTTP/1.1" 200 27
218.81.65.124 - - [02/Mar/2024:11:04:10 +0800] "GET /xingrg/all/function/internal_message.html?_=1709348659625&CODE_STATE=getMsg HTTP/1.1" 200 27
116.238.97.31 - - [02/Mar/2024:11:04:14 +0800] "GET /xingrg/check_reg.html?_=1709348660968 HTTP/1.1" 200 22
116.238.97.31 - - [02/Mar/2024:11:04:14 +0800] "GET /xingrg/all/function/internal_message.html?_=1709348660972&CODE_STATE=getMsg HTTP/1.1" 200 27
180.169.147.146 - - [02/Mar/2024:11:04:16 +0800] "GET /xingrg/all/function/internal_message.html?_=1709348656502&CODE_STATE=getMsg HTTP/1.1" 200 27
116.230.123.222 - - [02/Mar/2024:11:04:23 +0800] "GET /xingrg/all/function/internal_message.html?_=1709348661281&CODE_STATE=getMsg HTTP/1.1" 200 27
101.83.145.37 - - [02/Mar/2024:11:04:24 +0800] "GET /xingrg/all/function/internal_message.html?_=1709348664232&CODE_STATE=getMsg HTTP/1.1" 200 27
180.169.147.146 - - [02/Mar/2024:11:04:30 +0800] "GET /xingrg/all/function/internal_message.html?_=1709348666834&CODE_STATE=getMsg HTTP/1.1" 200 27
116.230.123.222 - - [02/Mar/2024:11:04:32 +0800] "GET /xingrg/all/function/internal_message.html?_=1709348669662&CODE_STATE=getMsg HTTP/1.1" 200 27
114.83.217.226 - - [02/Mar/2024:11:04:33 +0800] "GET /xingrg/check_reg.html?_=1709348671419 HTTP/1.1" 200 22
101.228.147.14 - - [02/Mar/2024:11:04:33 +0800] "GET /xingrg/all/function/internal_message.html?_=1709348674595&CODE_STATE=getMsg HTTP/1.1" 200 27
180.164.1.25 - - [02/Mar/2024:11:04:34 +0800] "GET /xingrg/all/function/internal_message.html?_=1709348673775&CODE_STATE=getMsg HTTP/1.1" 200 27
114.83.217.226 - - [02/Mar/2024:11:04:37 +0800] "GET /xingrg/all/function/internal_message.html?_=1709348674701&CODE_STATE=getMsg HTTP/1.1" 200 27
124.78.153.49 - - [02/Mar/2024:11:04:39 +0800] "GET /xingrg/all/function/internal_message.html?_=1709348677888&CODE_STATE=getMsg HTTP/1.1" 200 27
116.224.254.208 - - [02/Mar/2024:11:04:40 +0800] "GET /xingrg/all/function/internal_message.html?_=1709348680718&CODE_STATE=getMsg HTTP/1.1" 200 27
101.83.145.37 - - [02/Mar/2024:11:04:42 +0800] "GET /xingrg/all/function/internal_message.html?_=1709348445969&CODE_STATE=getMsg HTTP/1.1" 200 27
101.83.145.37 - - [02/Mar/2024:11:04:42 +0800] "GET /xingrg/check_reg.html?_=1709348445972 HTTP/1.1" 200 22
116.224.254.208 - - [02/Mar/2024:11:04:43 +0800] "GET /xingrg/all/function/internal_message.html?_=1709348683628&CODE_STATE=getMsg HTTP/1.1" 200 27
222.70.115.1 - - [02/Mar/2024:11:04:44 +0800] "POST /xingrg/services/DataTransmitService HTTP/1.1" 200 524
222.70.115.1 - - [02/Mar/2024:11:04:44 +0800] "GET /xingrg/all/function/internal_message.html?_=1709348693521&CODE_STATE=getMsg HTTP/1.1" 200 27
120.253.135.82 - - [02/Mar/2024:11:04:44 +0800] "GET /xingrg/all/function/internal_message.html?_=1709348853060&CODE_STATE=getMsg HTTP/1.1" 200 27
222.70.115.1 - - [02/Mar/2024:11:04:44 +0800] "POST /xingrg/services/DataTransmitService HTTP/1.1" 200 501
180.169.147.146 - - [02/Mar/2024:11:04:46 +0800] "GET /xingrg/all/function/internal_message.html?_=1709348680967&CODE_STATE=getMsg HTTP/1.1" 200 27
180.169.147.146 - - [02/Mar/2024:11:04:47 +0800] "GET /xingrg/all/function/internal_message.html?_=1709348683899&CODE_STATE=getMsg HTTP/1.1" 200 27
180.169.147.146 - - [02/Mar/2024:11:04:47 +0800] "GET /xingrg/check_reg.html?_=1709348683898 HTTP/1.1" 200 22
222.69.134.64 - - [02/Mar/2024:11:04:51 +0800] "GET /xingrg/all/function/internal_message.html?_=1709348692691&CODE_STATE=getMsg HTTP/1.1" 200 27
116.230.114.14 - - [02/Mar/2024:11:04:52 +0800] "GET /xingrg/all/function/internal_message.html?_=1709348714763&CODE_STATE=getMsg HTTP/1.1" 200 27
120.253.135.82 - - [02/Mar/2024:11:04:58 +0800] "GET /xingrg/check_reg.html?_=1709348534363 HTTP/1.1" 200 22
120.253.135.82 - - [02/Mar/2024:11:04:59 +0800] "GET /xingrg/all/function/internal_message.html?_=1709348534982&CODE_STATE=getMsg HTTP/1.1" 200 27
124.78.67.200 - - [02/Mar/2024:11:05:04 +0800] "GET /xingrg/all/function/internal_message.html?_=1709348704540&CODE_STATE=getMsg HTTP/1.1" 200 27
116.238.97.31 - - [02/Mar/2024:11:05:06 +0800] "GET /xingrg/all/function/internal_message.html?_=1709348706553&CODE_STATE=getMsg HTTP/1.1" 200 27
124.78.67.200 - - [02/Mar/2024:11:05:06 +0800] "GET /xingrg/all/function/internal_message.html?_=1709348702864&CODE_STATE=getMsg HTTP/1.1" 200 27
116.230.123.222 - - [02/Mar/2024:11:05:06 +0800] "GET /xingrg/login.html HTTP/1.1" 200 7641
116.230.123.222 - - [02/Mar/2024:11:05:07 +0800] "GET /favicon.ico HTTP/1.1" 404 -
116.230.123.222 - - [02/Mar/2024:11:05:09 +0800] "POST /xingrg/login.do HTTP/1.1" 302 -
116.230.123.222 - - [02/Mar/2024:11:05:09 +0800] "GET /xingrg/index.html?sysBaseUrl=http%3A%2F%2F180.169.147.146%3A18081%2Fxingrg%2F&costTime=816×tamp=1709348709321 HTTP/1.1" 200 17173
116.230.123.222 - - [02/Mar/2024:11:05:09 +0800] "GET /favicon.ico HTTP/1.1" 404 -
116.230.123.222 - - [02/Mar/2024:11:05:09 +0800] "GET /xingrg/check_reg.html?_=1709348707205 HTTP/1.1" 200 22
116.230.123.222 - - [02/Mar/2024:11:05:09 +0800] "GET /xingrg/all/function/internal_message.html?_=1709348707204&CODE_STATE=count HTTP/1.1" 200 11
116.230.123.222 - - [02/Mar/2024:11:05:09 +0800] "POST /xingrg/all/common/load_tree.html?tree=area_rest_tree_json&manage=1 HTTP/1.1" 200 342
116.230.123.222 - - [02/Mar/2024:11:05:10 +0800] "POST /xingrg/load_menu.html HTTP/1.1" 200 5138
180.171.62.200 - - [02/Mar/2024:11:05:10 +0800] "GET /xingrg/all/function/internal_message.html?_=1709348718315&CODE_STATE=getMsg HTTP/1.1" 200 27
