218.81.65.124 - - [02/Mar/2024:09:59:52 +0800] "POST /xingrg/kc/base/wldb_order_operate.html HTTP/1.1" 200 2202
218.81.65.124 - - [02/Mar/2024:09:59:52 +0800] "GET /xingrg/kc/base/wldb_order_info.html?code=422024030200112 HTTP/1.1" 200 30360
218.81.65.124 - - [02/Mar/2024:09:59:53 +0800] "GET /xingrg/javascript/easyui/themes/default/validatebox.css HTTP/1.1" 404 1104
218.81.65.124 - - [02/Mar/2024:09:59:53 +0800] "POST /xingrg/kc/base/wldb_order_operate.html HTTP/1.1" 200 2202
116.230.114.14 - - [02/Mar/2024:09:59:57 +0800] "GET /xingrg/kc/buy/cgsh_order_operate.html?command=get_materiel&rest_code=00146&code=00101006177&supplier_code=00100012&order_time=2024-03-02 HTTP/1.1" 200 408
218.81.65.124 - - [02/Mar/2024:09:59:58 +0800] "POST /xingrg/kc/base/wldb_order_operate.html HTTP/1.1" 200 37
221.239.172.101 - - [02/Mar/2024:10:00:05 +0800] "GET /xingrg/all/function/internal_message.html?_=1709344803899&CODE_STATE=getMsg HTTP/1.1" 200 27
124.78.67.200 - - [02/Mar/2024:10:00:05 +0800] "GET /xingrg/all/function/internal_message.html?_=1709344805767&CODE_STATE=getMsg HTTP/1.1" 200 27
218.81.65.124 - - [02/Mar/2024:10:00:05 +0800] "POST /xingrg/kc/base/wldb_order_operate.html HTTP/1.1" 200 12
218.81.65.124 - - [02/Mar/2024:10:00:06 +0800] "POST /xingrg/kc/base/wldb_order_operate.html HTTP/1.1" 200 2202
218.81.65.124 - - [02/Mar/2024:10:00:08 +0800] "GET /xingrg/kc/base/wldb_order_info.html?code=422024030200112 HTTP/1.1" 200 26222
218.81.65.124 - - [02/Mar/2024:10:00:09 +0800] "GET /xingrg/javascript/easyui/themes/default/validatebox.css HTTP/1.1" 404 1104
218.81.65.124 - - [02/Mar/2024:10:00:09 +0800] "POST /xingrg/kc/base/wldb_order_operate.html HTTP/1.1" 200 496
180.171.62.200 - - [02/Mar/2024:10:00:10 +0800] "GET /xingrg/all/function/internal_message.html?_=1709344818309&CODE_STATE=getMsg HTTP/1.1" 200 27
116.238.97.31 - - [02/Mar/2024:10:00:15 +0800] "GET /xingrg/all/function/internal_message.html?_=1709344814820&CODE_STATE=getMsg HTTP/1.1" 200 27
218.81.65.124 - - [02/Mar/2024:10:00:15 +0800] "POST /xingrg/kc/base/wldb_list_operate.html HTTP/1.1" 200 6150
218.81.65.124 - - [02/Mar/2024:10:00:19 +0800] "GET /xingrg/kc/mdqp/pssh_order_list.html HTTP/1.1" 200 17807
218.81.65.124 - - [02/Mar/2024:10:00:19 +0800] "POST /xingrg/kc/mdqp/pssh_list_operate.html HTTP/1.1" 200 5465
218.81.65.124 - - [02/Mar/2024:10:00:22 +0800] "GET /xingrg/kc/mdqp/psth_order_list1.html HTTP/1.1" 200 17915
116.230.114.14 - - [02/Mar/2024:10:00:22 +0800] "POST /xingrg/kc/buy/cgsh_order_operate.html HTTP/1.1" 200 37
116.230.114.14 - - [02/Mar/2024:10:00:22 +0800] "GET /xingrg/check_reg.html?_=1709344844962 HTTP/1.1" 200 22
218.81.65.124 - - [02/Mar/2024:10:00:23 +0800] "POST /xingrg/kc/mdqp/psth_list_operate.html HTTP/1.1" 200 1529
218.81.65.124 - - [02/Mar/2024:10:00:23 +0800] "POST /xingrg/kc/mdqp/psth_list_operate.html HTTP/1.1" 200 588
218.81.65.124 - - [02/Mar/2024:10:00:24 +0800] "GET /xingrg/kc/mdqp/psth_order_info1.html?code=322024022900007 HTTP/1.1" 200 25860
218.81.65.124 - - [02/Mar/2024:10:00:24 +0800] "GET /xingrg/javascript/jquery_tools/jquery-1.4.2.min.js HTTP/1.1" 404 1094
101.83.145.37 - - [02/Mar/2024:10:00:24 +0800] "GET /xingrg/check_reg.html?_=1709344824339 HTTP/1.1" 200 22
101.83.145.37 - - [02/Mar/2024:10:00:24 +0800] "GET /xingrg/all/function/internal_message.html?_=1709344824344&CODE_STATE=getMsg HTTP/1.1" 200 27
116.230.123.222 - - [02/Mar/2024:10:00:25 +0800] "GET /xingrg/all/function/internal_message.html?_=1709344822359&CODE_STATE=getMsg HTTP/1.1" 200 27
218.81.65.124 - - [02/Mar/2024:10:00:25 +0800] "GET /xingrg/javascript/easyui/themes/default/validatebox.css HTTP/1.1" 404 1104
218.81.65.124 - - [02/Mar/2024:10:00:25 +0800] "POST /xingrg/kc/mdqp/psth_order_operate.html HTTP/1.1" 200 43576
116.232.194.112 - - [02/Mar/2024:10:00:25 +0800] "GET /xingrg/all/function/internal_message.html?_=1709344808389&CODE_STATE=getMsg HTTP/1.1" 200 27
180.164.1.25 - - [02/Mar/2024:10:00:28 +0800] "GET /xingrg/all/function/internal_message.html?_=1709344828098&CODE_STATE=getMsg HTTP/1.1" 200 27
218.81.65.124 - - [02/Mar/2024:10:00:37 +0800] "GET /xingrg/all/function/internal_message.html?_=1709344847079&CODE_STATE=getMsg HTTP/1.1" 200 27
114.83.217.226 - - [02/Mar/2024:10:00:38 +0800] "GET /xingrg/all/function/internal_message.html?_=1709344835942&CODE_STATE=getMsg HTTP/1.1" 200 27
116.224.254.208 - - [02/Mar/2024:10:00:40 +0800] "GET /xingrg/all/function/internal_message.html?_=1709344840721&CODE_STATE=getMsg HTTP/1.1" 200 27
116.230.114.14 - - [02/Mar/2024:10:00:43 +0800] "POST /xingrg/kc/buy/cgsh_order_operate.html HTTP/1.1" 200 5596
218.81.65.124 - - [02/Mar/2024:10:00:43 +0800] "POST /xingrg/kc/mdqp/psth_order_operate.html HTTP/1.1" 200 37
218.81.65.124 - - [02/Mar/2024:10:00:44 +0800] "POST /xingrg/kc/mdqp/psth_order_operate.html HTTP/1.1" 200 43576
116.224.254.208 - - [02/Mar/2024:10:00:44 +0800] "GET /xingrg/all/function/internal_message.html?_=1709344844527&CODE_STATE=getMsg HTTP/1.1" 200 27
116.230.114.14 - - [02/Mar/2024:10:00:45 +0800] "GET /xingrg/all/function/internal_message.html?_=1709344867065&CODE_STATE=getMsg HTTP/1.1" 200 27
116.230.114.14 - - [02/Mar/2024:10:00:46 +0800] "GET /xingrg/kc/print/load_data.html?order_code=212024030200361&kc_code=cgsh&condition= HTTP/1.1" 200 1875
124.78.153.49 - - [02/Mar/2024:10:00:47 +0800] "GET /xingrg/all/function/internal_message.html?_=1709344845942&CODE_STATE=getMsg HTTP/1.1" 200 27
120.253.135.82 - - [02/Mar/2024:10:00:49 +0800] "GET /xingrg/all/function/internal_message.html?_=1709344684909&CODE_STATE=getMsg HTTP/1.1" 200 27
222.69.134.64 - - [02/Mar/2024:10:00:51 +0800] "GET /xingrg/all/function/internal_message.html?_=1709344852680&CODE_STATE=getMsg HTTP/1.1" 200 27
221.239.172.101 - - [02/Mar/2024:10:01:05 +0800] "GET /xingrg/all/function/internal_message.html?_=1709344863886&CODE_STATE=getMsg HTTP/1.1" 200 27
124.78.67.200 - - [02/Mar/2024:10:01:05 +0800] "GET /xingrg/all/function/internal_message.html?_=1709344865741&CODE_STATE=getMsg HTTP/1.1" 200 27
218.81.65.124 - - [02/Mar/2024:10:01:08 +0800] "POST /xingrg/kc/mdqp/psth_order_operate.html HTTP/1.1" 200 12
180.171.62.200 - - [02/Mar/2024:10:01:10 +0800] "GET /xingrg/check_reg.html?_=1709344878311 HTTP/1.1" 200 22
180.171.62.200 - - [02/Mar/2024:10:01:10 +0800] "GET /xingrg/all/function/internal_message.html?_=1709344878314&CODE_STATE=getMsg HTTP/1.1" 200 27
218.81.65.124 - - [02/Mar/2024:10:01:11 +0800] "GET /xingrg/kc/mdqp/psth_order_info1.html?code=322024022900007 HTTP/1.1" 200 22380
218.81.65.124 - - [02/Mar/2024:10:01:11 +0800] "GET /xingrg/javascript/jquery_tools/jquery-1.4.2.min.js HTTP/1.1" 404 1094
218.81.65.124 - - [02/Mar/2024:10:01:12 +0800] "GET /xingrg/javascript/easyui/themes/default/validatebox.css HTTP/1.1" 404 1104
218.81.65.124 - - [02/Mar/2024:10:01:12 +0800] "POST /xingrg/kc/mdqp/psth_order_operate.html HTTP/1.1" 200 41577
116.238.97.31 - - [02/Mar/2024:10:01:15 +0800] "GET /xingrg/all/function/internal_message.html?_=1709344874808&CODE_STATE=getMsg HTTP/1.1" 200 27
116.238.97.31 - - [02/Mar/2024:10:01:16 +0800] "GET /xingrg/check_reg.html?_=1709344876112 HTTP/1.1" 200 22
101.83.145.37 - - [02/Mar/2024:10:01:24 +0800] "GET /xingrg/all/function/internal_message.html?_=1709344884328&CODE_STATE=getMsg HTTP/1.1" 200 27
116.230.123.222 - - [02/Mar/2024:10:01:25 +0800] "GET /xingrg/all/function/internal_message.html?_=1709344882344&CODE_STATE=getMsg HTTP/1.1" 200 27
116.232.194.112 - - [02/Mar/2024:10:01:25 +0800] "GET /xingrg/all/function/internal_message.html?_=1709344868378&CODE_STATE=getMsg HTTP/1.1" 200 27
180.164.1.25 - - [02/Mar/2024:10:01:28 +0800] "GET /xingrg/all/function/internal_message.html?_=1709344888104&CODE_STATE=getMsg HTTP/1.1" 200 27
218.81.65.124 - - [02/Mar/2024:10:01:37 +0800] "GET /xingrg/all/function/internal_message.html?_=1709344907089&CODE_STATE=getMsg HTTP/1.1" 200 27
114.83.217.226 - - [02/Mar/2024:10:01:38 +0800] "GET /xingrg/all/function/internal_message.html?_=1709344895930&CODE_STATE=getMsg HTTP/1.1" 200 27
116.224.254.208 - - [02/Mar/2024:10:01:40 +0800] "GET /xingrg/all/function/internal_message.html?_=1709344900734&CODE_STATE=getMsg HTTP/1.1" 200 27
116.224.254.208 - - [02/Mar/2024:10:01:44 +0800] "GET /xingrg/all/function/internal_message.html?_=1709344904519&CODE_STATE=getMsg HTTP/1.1" 200 27
116.230.114.14 - - [02/Mar/2024:10:01:45 +0800] "GET /xingrg/all/function/internal_message.html?_=1709344927294&CODE_STATE=getMsg HTTP/1.1" 200 27
124.78.153.49 - - [02/Mar/2024:10:01:47 +0800] "GET /xingrg/all/function/internal_message.html?_=1709344905940&CODE_STATE=getMsg HTTP/1.1" 200 27
120.253.135.82 - - [02/Mar/2024:10:01:49 +0800] "GET /xingrg/all/function/internal_message.html?_=1709344744921&CODE_STATE=getMsg HTTP/1.1" 200 27
101.83.145.37 - - [02/Mar/2024:10:01:50 +0800] "GET /xingrg/index.html?sysBaseUrl=http%3A%2F%2F180.169.147.146%3A18081%2Fxingrg%2F&costTime=36×tamp=1585223203754 HTTP/1.1" 200 17173
101.83.145.37 - - [02/Mar/2024:10:01:51 +0800] "GET /xingrg/all/function/internal_message.html?_=1709344910809&CODE_STATE=count HTTP/1.1" 200 11
101.83.145.37 - - [02/Mar/2024:10:01:51 +0800] "GET /xingrg/check_reg.html?_=1709344910810 HTTP/1.1" 200 22
101.83.145.37 - - [02/Mar/2024:10:01:51 +0800] "GET /favicon.ico HTTP/1.1" 404 -
101.83.145.37 - - [02/Mar/2024:10:01:51 +0800] "POST /xingrg/all/common/load_tree.html?tree=area_rest_tree_json&manage=1 HTTP/1.1" 200 3624
101.83.145.37 - - [02/Mar/2024:10:01:51 +0800] "POST /xingrg/load_menu.html HTTP/1.1" 200 5138
222.69.134.64 - - [02/Mar/2024:10:01:51 +0800] "GET /xingrg/all/function/internal_message.html?_=1709344912701&CODE_STATE=getMsg HTTP/1.1" 200 27
222.69.134.64 - - [02/Mar/2024:10:01:51 +0800] "GET /xingrg/check_reg.html?_=1709344912705 HTTP/1.1" 200 22
101.83.145.37 - - [02/Mar/2024:10:01:59 +0800] "GET /xingrg/index.html?sysBaseUrl=http%3A%2F%2F180.169.147.146%3A18081%2Fxingrg%2F&costTime=36×tamp=1585223203754 HTTP/1.1" 302 -
101.83.145.37 - - [02/Mar/2024:10:01:59 +0800] "GET /xingrg/login.html HTTP/1.1" 200 7641
101.83.145.37 - - [02/Mar/2024:10:02:00 +0800] "GET /favicon.ico HTTP/1.1" 404 -
221.239.172.101 - - [02/Mar/2024:10:02:05 +0800] "GET /xingrg/all/function/internal_message.html?_=1709344923871&CODE_STATE=getMsg HTTP/1.1" 200 27
124.78.67.200 - - [02/Mar/2024:10:02:05 +0800] "GET /xingrg/all/function/internal_message.html?_=1709344925726&CODE_STATE=getMsg HTTP/1.1" 200 27
101.83.145.37 - - [02/Mar/2024:10:02:06 +0800] "POST /xingrg/login.do HTTP/1.1" 200 2421
101.83.145.37 - - [02/Mar/2024:10:02:06 +0800] "GET /xingrg/css/blue.css HTTP/1.1" 304 -
101.83.145.37 - - [02/Mar/2024:10:02:06 +0800] "GET /xingrg/images/blue/pic_top.gif HTTP/1.1" 304 -
101.83.145.37 - - [02/Mar/2024:10:02:06 +0800] "GET /xingrg/images/blue/pic_notice.jpg HTTP/1.1" 304 -
101.83.145.37 - - [02/Mar/2024:10:02:06 +0800] "GET /xingrg/javascript/myfunction.js HTTP/1.1" 304 -
101.83.145.37 - - [02/Mar/2024:10:02:07 +0800] "GET /xingrg/images/blue/error_buttom.gif HTTP/1.1" 304 -
101.83.145.37 - - [02/Mar/2024:10:02:07 +0800] "GET /xingrg/images/blue/error_mid.gif HTTP/1.1" 304 -
101.83.145.37 - - [02/Mar/2024:10:02:07 +0800] "GET /xingrg/images/blue/error_top.gif HTTP/1.1" 304 -
101.83.145.37 - - [02/Mar/2024:10:02:07 +0800] "GET /favicon.ico HTTP/1.1" 404 -
101.83.145.37 - - [02/Mar/2024:10:02:07 +0800] "GET /xingrg/login.html HTTP/1.1" 200 7641
101.83.145.37 - - [02/Mar/2024:10:02:07 +0800] "GET /favicon.ico HTTP/1.1" 404 -
218.81.65.124 - - [02/Mar/2024:10:02:09 +0800] "GET /xingrg/kc/mdqp/psth_order_list1.html HTTP/1.1" 200 17915
218.81.65.124 - - [02/Mar/2024:10:02:09 +0800] "POST /xingrg/kc/mdqp/psth_list_operate.html HTTP/1.1" 200 749
101.83.145.37 - - [02/Mar/2024:10:02:09 +0800] "POST /xingrg/login.do HTTP/1.1" 302 -
101.83.145.37 - - [02/Mar/2024:10:02:09 +0800] "GET /xingrg/index.html?sysBaseUrl=http%3A%2F%2F180.169.147.146%3A18081%2Fxingrg%2F&costTime=1134×tamp=1709344929567 HTTP/1.1" 200 17173
101.83.145.37 - - [02/Mar/2024:10:02:09 +0800] "GET /favicon.ico HTTP/1.1" 404 -
101.83.145.37 - - [02/Mar/2024:10:02:09 +0800] "GET /xingrg/all/function/internal_message.html?_=1709344929414&CODE_STATE=count HTTP/1.1" 200 11
101.83.145.37 - - [02/Mar/2024:10:02:09 +0800] "GET /xingrg/check_reg.html?_=1709344929415 HTTP/1.1" 200 22
101.83.145.37 - - [02/Mar/2024:10:02:09 +0800] "POST /xingrg/all/common/load_tree.html?tree=area_rest_tree_json&manage=1 HTTP/1.1" 200 3624
101.83.145.37 - - [02/Mar/2024:10:02:10 +0800] "POST /xingrg/load_menu.html HTTP/1.1" 200 5138
180.171.62.200 - - [02/Mar/2024:10:02:10 +0800] "GET /xingrg/all/function/internal_message.html?_=1709344938301&CODE_STATE=getMsg HTTP/1.1" 200 27
218.81.65.124 - - [02/Mar/2024:10:02:10 +0800] "GET /xingrg/kc/base/wldb_order_list.html HTTP/1.1" 200 19019
218.81.65.124 - - [02/Mar/2024:10:02:11 +0800] "POST /xingrg/kc/base/wldb_list_operate.html HTTP/1.1" 200 928
116.238.97.31 - - [02/Mar/2024:10:02:15 +0800] "GET /xingrg/all/function/internal_message.html?_=1709344934802&CODE_STATE=getMsg HTTP/1.1" 200 27
218.81.65.124 - - [02/Mar/2024:10:02:16 +0800] "GET /xingrg/kc/base/wldb_order_list.html HTTP/1.1" 200 19019
101.83.145.37 - - [02/Mar/2024:10:02:16 +0800] "GET /xingrg/kc/buy/cgsh_order_list.html HTTP/1.1" 200 57797
218.81.65.124 - - [02/Mar/2024:10:02:17 +0800] "POST /xingrg/kc/base/wldb_list_operate.html HTTP/1.1" 200 928
101.83.145.37 - - [02/Mar/2024:10:02:21 +0800] "POST /xingrg/kc/buy/cgsh_list_operate.html HTTP/1.1" 200 1841
221.239.172.101 - - [02/Mar/2024:10:02:22 +0800] "GET /xingrg/check_reg.html?_=1709344941066 HTTP/1.1" 200 22
116.230.123.222 - - [02/Mar/2024:10:02:25 +0800] "GET /xingrg/all/function/internal_message.html?_=1709344942354&CODE_STATE=getMsg HTTP/1.1" 200 27
116.230.123.222 - - [02/Mar/2024:10:02:25 +0800] "GET /xingrg/check_reg.html?_=1709344942699 HTTP/1.1" 200 22
116.232.194.112 - - [02/Mar/2024:10:02:25 +0800] "GET /xingrg/check_reg.html?_=1709344928396 HTTP/1.1" 200 22
218.81.65.124 - - [02/Mar/2024:10:02:25 +0800] "GET /xingrg/index.html?sysBaseUrl=http%3A%2F%2F180.169.147.146%3A18081%2Fxingrg%2F&costTime=44×tamp=1622098168715 HTTP/1.1" 200 17179
116.232.194.112 - - [02/Mar/2024:10:02:25 +0800] "GET /xingrg/all/function/internal_message.html?_=1709344928397&CODE_STATE=getMsg HTTP/1.1" 200 27
180.164.1.25 - - [02/Mar/2024:10:02:28 +0800] "GET /xingrg/check_reg.html?_=1709344948104 HTTP/1.1" 200 22
180.164.1.25 - - [02/Mar/2024:10:02:28 +0800] "GET /xingrg/all/function/internal_message.html?_=1709344948105&CODE_STATE=getMsg HTTP/1.1" 200 27
218.81.65.124 - - [02/Mar/2024:10:02:29 +0800] "GET /xingrg/all/function/internal_message.html?_=1709344958639&CODE_STATE=count HTTP/1.1" 200 11
218.81.65.124 - - [02/Mar/2024:10:02:29 +0800] "GET /xingrg/check_reg.html?_=1709344958639 HTTP/1.1" 200 22
218.81.65.124 - - [02/Mar/2024:10:02:29 +0800] "POST /xingrg/all/common/load_tree.html?tree=area_rest_tree_json&manage=1 HTTP/1.1" 200 351
218.81.65.124 - - [02/Mar/2024:10:02:29 +0800] "GET /favicon.ico HTTP/1.1" 404 -
218.81.65.124 - - [02/Mar/2024:10:02:29 +0800] "POST /xingrg/load_menu.html HTTP/1.1" 200 5138
101.228.147.14 - - [02/Mar/2024:10:02:36 +0800] "GET /favicon.ico HTTP/1.1" 404 -
114.83.217.226 - - [02/Mar/2024:10:02:38 +0800] "GET /xingrg/all/function/internal_message.html?_=1709344955901&CODE_STATE=getMsg HTTP/1.1" 200 27
116.224.254.208 - - [02/Mar/2024:10:02:40 +0800] "GET /xingrg/all/function/internal_message.html?_=1709344960724&CODE_STATE=getMsg HTTP/1.1" 200 27
218.81.65.124 - - [02/Mar/2024:10:02:41 +0800] "GET /xingrg/kc/base/wldb_order_list.html HTTP/1.1" 200 19019
218.81.65.124 - - [02/Mar/2024:10:02:42 +0800] "POST /xingrg/kc/base/wldb_list_operate.html HTTP/1.1" 200 928
218.81.65.124 - - [02/Mar/2024:10:02:44 +0800] "GET /xingrg/kc/base/wldb_order_add.html HTTP/1.1" 200 30346
218.81.65.124 - - [02/Mar/2024:10:02:44 +0800] "GET /xingrg/all/common/auto_word.html?type=base&rest_code=00148 HTTP/1.1" 200 1799
218.81.65.124 - - [02/Mar/2024:10:02:44 +0800] "GET /xingrg/all/common/auto_word.html?type=base&rest_code=00148 HTTP/1.1" 200 1799
218.81.65.124 - - [02/Mar/2024:10:02:44 +0800] "GET /xingrg/javascript/easyui/themes/default/validatebox.css HTTP/1.1" 404 1104
218.81.65.124 - - [02/Mar/2024:10:02:44 +0800] "POST /xingrg/kc/base/wldb_order_operate.html HTTP/1.1" 200 6806
116.224.254.208 - - [02/Mar/2024:10:02:44 +0800] "GET /xingrg/all/function/internal_message.html?_=1709344964512&CODE_STATE=getMsg HTTP/1.1" 200 27
116.224.254.208 - - [02/Mar/2024:10:02:44 +0800] "GET /xingrg/check_reg.html?_=1709344964515 HTTP/1.1" 200 22
116.230.114.14 - - [02/Mar/2024:10:02:45 +0800] "GET /xingrg/all/function/internal_message.html?_=1709344987295&CODE_STATE=getMsg HTTP/1.1" 200 27
124.78.153.49 - - [02/Mar/2024:10:02:47 +0800] "GET /xingrg/all/function/internal_message.html?_=1709344965938&CODE_STATE=getMsg HTTP/1.1" 200 27
218.81.65.124 - - [02/Mar/2024:10:02:49 +0800] "GET /xingrg/javascript/auto/indicator.gif HTTP/1.1" 404 1066
120.253.135.82 - - [02/Mar/2024:10:02:49 +0800] "GET /xingrg/all/function/internal_message.html?_=1709344804943&CODE_STATE=getMsg HTTP/1.1" 200 27
218.81.65.124 - - [02/Mar/2024:10:02:50 +0800] "GET /xingrg/javascript/jquery_tools/images/prev.gif HTTP/1.1" 404 1086
218.81.65.124 - - [02/Mar/2024:10:02:50 +0800] "GET /xingrg/javascript/jquery_tools/images/next.gif HTTP/1.1" 404 1086
222.69.134.64 - - [02/Mar/2024:10:02:51 +0800] "GET /xingrg/all/function/internal_message.html?_=1709344972711&CODE_STATE=getMsg HTTP/1.1" 200 27
218.81.65.124 - - [02/Mar/2024:10:02:55 +0800] "GET /xingrg/kc/base/wldb_order_operate.html?command=get_materiel&rest_code=00148&base_code=0010001&code=00101013032 HTTP/1.1" 200 449
218.81.65.124 - - [02/Mar/2024:10:03:02 +0800] "POST /xingrg/kc/base/wldb_order_operate.html HTTP/1.1" 200 37
221.239.172.101 - - [02/Mar/2024:10:03:05 +0800] "GET /xingrg/all/function/internal_message.html?_=1709344983843&CODE_STATE=getMsg HTTP/1.1" 200 27
124.78.67.200 - - [02/Mar/2024:10:03:05 +0800] "GET /xingrg/all/function/internal_message.html?_=1709344985714&CODE_STATE=getMsg HTTP/1.1" 200 27
101.83.145.37 - - [02/Mar/2024:10:03:09 +0800] "GET /xingrg/all/function/internal_message.html?_=1709344989427&CODE_STATE=getMsg HTTP/1.1" 200 27
180.171.62.200 - - [02/Mar/2024:10:03:10 +0800] "GET /xingrg/all/function/internal_message.html?_=1709344998303&CODE_STATE=getMsg HTTP/1.1" 200 27
218.81.65.124 - - [02/Mar/2024:10:03:14 +0800] "POST /xingrg/kc/base/wldb_order_operate.html HTTP/1.1" 200 12
116.238.97.31 - - [02/Mar/2024:10:03:14 +0800] "GET /xingrg/all/function/internal_message.html?_=1709344994780&CODE_STATE=getMsg HTTP/1.1" 200 27
218.81.65.124 - - [02/Mar/2024:10:03:15 +0800] "POST /xingrg/kc/base/wldb_order_operate.html HTTP/1.1" 200 2191
218.81.65.124 - - [02/Mar/2024:10:03:17 +0800] "GET /xingrg/kc/base/wldb_order_info.html?code=422024030200113 HTTP/1.1" 200 26219
218.81.65.124 - - [02/Mar/2024:10:03:17 +0800] "GET /xingrg/javascript/easyui/themes/default/validatebox.css HTTP/1.1" 404 1104
218.81.65.124 - - [02/Mar/2024:10:03:17 +0800] "POST /xingrg/kc/base/wldb_order_operate.html HTTP/1.1" 200 486
124.78.67.200 - - [02/Mar/2024:10:03:19 +0800] "GET /xingrg/check_reg.html?_=1709344999927 HTTP/1.1" 200 22
116.230.123.222 - - [02/Mar/2024:10:03:24 +0800] "GET /xingrg/all/function/internal_message.html?_=1709345002325&CODE_STATE=getMsg HTTP/1.1" 200 27
116.232.194.112 - - [02/Mar/2024:10:03:25 +0800] "GET /xingrg/all/function/internal_message.html?_=1709344988396&CODE_STATE=getMsg HTTP/1.1" 200 27
218.81.65.124 - - [02/Mar/2024:10:03:27 +0800] "POST /xingrg/kc/base/wldb_order_operate.html HTTP/1.1" 200 12
180.164.1.25 - - [02/Mar/2024:10:03:28 +0800] "GET /xingrg/all/function/internal_message.html?_=1709345008099&CODE_STATE=getMsg HTTP/1.1" 200 27
218.81.65.124 - - [02/Mar/2024:10:03:32 +0800] "GET /xingrg/all/function/internal_message.html?_=1709345022290&CODE_STATE=getMsg HTTP/1.1" 200 27
218.81.65.124 - - [02/Mar/2024:10:03:33 +0800] "GET /xingrg/kc/base/wldb_order_info.html?code=422024030200113 HTTP/1.1" 200 30357
218.81.65.124 - - [02/Mar/2024:10:03:33 +0800] "GET /xingrg/javascript/easyui/themes/default/validatebox.css HTTP/1.1" 404 1104
218.81.65.124 - - [02/Mar/2024:10:03:34 +0800] "POST /xingrg/kc/base/wldb_order_operate.html HTTP/1.1" 200 2191
114.83.217.226 - - [02/Mar/2024:10:03:38 +0800] "GET /xingrg/all/function/internal_message.html?_=1709345015872&CODE_STATE=getMsg HTTP/1.1" 200 27
218.81.65.124 - - [02/Mar/2024:10:03:39 +0800] "POST /xingrg/kc/base/wldb_order_operate.html HTTP/1.1" 200 37
116.224.254.208 - - [02/Mar/2024:10:03:40 +0800] "GET /xingrg/all/function/internal_message.html?_=1709345020763&CODE_STATE=getMsg HTTP/1.1" 200 27
116.224.254.208 - - [02/Mar/2024:10:03:40 +0800] "GET /xingrg/check_reg.html?_=1709345020764 HTTP/1.1" 200 22
116.224.254.208 - - [02/Mar/2024:10:03:44 +0800] "GET /xingrg/all/function/internal_message.html?_=1709345024493&CODE_STATE=getMsg HTTP/1.1" 200 27
218.81.65.124 - - [02/Mar/2024:10:03:45 +0800] "POST /xingrg/kc/base/wldb_order_operate.html HTTP/1.1" 200 12
116.230.114.14 - - [02/Mar/2024:10:03:45 +0800] "GET /xingrg/all/function/internal_message.html?_=1709345047567&CODE_STATE=getMsg HTTP/1.1" 200 27
218.81.65.124 - - [02/Mar/2024:10:03:45 +0800] "POST /xingrg/kc/base/wldb_order_operate.html HTTP/1.1" 200 2191
124.78.153.49 - - [02/Mar/2024:10:03:47 +0800] "GET /xingrg/all/function/internal_message.html?_=1709345025938&CODE_STATE=getMsg HTTP/1.1" 200 27
124.78.153.49 - - [02/Mar/2024:10:03:47 +0800] "GET /xingrg/check_reg.html?_=1709345025939 HTTP/1.1" 200 22
218.81.65.124 - - [02/Mar/2024:10:03:49 +0800] "GET /xingrg/kc/base/wldb_order_info.html?code=422024030200113 HTTP/1.1" 200 26219
120.253.135.82 - - [02/Mar/2024:10:03:49 +0800] "GET /xingrg/all/function/internal_message.html?_=1709344864949&CODE_STATE=getMsg HTTP/1.1" 200 27
218.81.65.124 - - [02/Mar/2024:10:03:49 +0800] "GET /xingrg/javascript/easyui/themes/default/validatebox.css HTTP/1.1" 404 1104
218.81.65.124 - - [02/Mar/2024:10:03:49 +0800] "POST /xingrg/kc/base/wldb_order_operate.html HTTP/1.1" 200 486
222.69.134.64 - - [02/Mar/2024:10:03:51 +0800] "GET /xingrg/all/function/internal_message.html?_=1709345032696&CODE_STATE=getMsg HTTP/1.1" 200 27
221.239.172.101 - - [02/Mar/2024:10:04:05 +0800] "GET /xingrg/all/function/internal_message.html?_=1709345043817&CODE_STATE=getMsg HTTP/1.1" 200 27
124.78.67.200 - - [02/Mar/2024:10:04:05 +0800] "GET /xingrg/all/function/internal_message.html?_=1709345045704&CODE_STATE=getMsg HTTP/1.1" 200 27
101.83.145.37 - - [02/Mar/2024:10:04:09 +0800] "GET /xingrg/all/function/internal_message.html?_=1709345049432&CODE_STATE=getMsg HTTP/1.1" 200 27
180.171.62.200 - - [02/Mar/2024:10:04:10 +0800] "GET /xingrg/all/function/internal_message.html?_=1709345058304&CODE_STATE=getMsg HTTP/1.1" 200 27
116.238.97.31 - - [02/Mar/2024:10:04:14 +0800] "GET /xingrg/all/function/internal_message.html?_=1709345054758&CODE_STATE=getMsg HTTP/1.1" 200 27
116.230.123.222 - - [02/Mar/2024:10:04:24 +0800] "GET /xingrg/all/function/internal_message.html?_=1709345062309&CODE_STATE=getMsg HTTP/1.1" 200 27
116.232.194.112 - - [02/Mar/2024:10:04:25 +0800] "GET /xingrg/all/function/internal_message.html?_=1709345048388&CODE_STATE=getMsg HTTP/1.1" 200 27
180.164.1.25 - - [02/Mar/2024:10:04:28 +0800] "GET /xingrg/all/function/internal_message.html?_=1709345068094&CODE_STATE=getMsg HTTP/1.1" 200 27
218.81.65.124 - - [02/Mar/2024:10:04:32 +0800] "GET /xingrg/all/function/internal_message.html?_=1709345082273&CODE_STATE=getMsg HTTP/1.1" 200 27
114.83.217.226 - - [02/Mar/2024:10:04:33 +0800] "GET /xingrg/check_reg.html?_=1709345071320 HTTP/1.1" 200 22
114.83.217.226 - - [02/Mar/2024:10:04:38 +0800] "GET /xingrg/all/function/internal_message.html?_=1709345075848&CODE_STATE=getMsg HTTP/1.1" 200 27
116.224.254.208 - - [02/Mar/2024:10:04:40 +0800] "GET /xingrg/all/function/internal_message.html?_=1709345080755&CODE_STATE=getMsg HTTP/1.1" 200 27
116.224.254.208 - - [02/Mar/2024:10:04:44 +0800] "GET /xingrg/all/function/internal_message.html?_=1709345084478&CODE_STATE=getMsg HTTP/1.1" 200 27
116.230.114.14 - - [02/Mar/2024:10:04:45 +0800] "GET /xingrg/all/function/internal_message.html?_=1709345107572&CODE_STATE=getMsg HTTP/1.1" 200 27
124.78.153.49 - - [02/Mar/2024:10:04:47 +0800] "GET /xingrg/all/function/internal_message.html?_=1709345085939&CODE_STATE=getMsg HTTP/1.1" 200 27
120.253.135.82 - - [02/Mar/2024:10:04:49 +0800] "GET /xingrg/check_reg.html?_=1709344924832 HTTP/1.1" 200 22
120.253.135.82 - - [02/Mar/2024:10:04:49 +0800] "GET /xingrg/all/function/internal_message.html?_=1709344924962&CODE_STATE=getMsg HTTP/1.1" 200 27
222.69.134.64 - - [02/Mar/2024:10:04:51 +0800] "GET /xingrg/all/function/internal_message.html?_=1709345092686&CODE_STATE=getMsg HTTP/1.1" 200 27
221.239.172.101 - - [02/Mar/2024:10:05:05 +0800] "GET /xingrg/all/function/internal_message.html?_=1709345103802&CODE_STATE=getMsg HTTP/1.1" 200 27
124.78.67.200 - - [02/Mar/2024:10:05:05 +0800] "GET /xingrg/all/function/internal_message.html?_=1709345105687&CODE_STATE=getMsg HTTP/1.1" 200 27
101.83.145.37 - - [02/Mar/2024:10:05:09 +0800] "GET /xingrg/all/function/internal_message.html?_=1709345109421&CODE_STATE=getMsg HTTP/1.1" 200 27
180.171.62.200 - - [02/Mar/2024:10:05:10 +0800] "GET /xingrg/all/function/internal_message.html?_=1709345118306&CODE_STATE=getMsg HTTP/1.1" 200 27
116.238.97.31 - - [02/Mar/2024:10:05:14 +0800] "GET /xingrg/all/function/internal_message.html?_=1709345114736&CODE_STATE=getMsg HTTP/1.1" 200 27
218.81.65.124 - - [02/Mar/2024:10:05:18 +0800] "POST /xingrg/kc/base/wldb_list_operate.html HTTP/1.1" 200 928
101.83.145.37 - - [02/Mar/2024:10:05:19 +0800] "POST /xingrg/kc/buy/cgsh_list_operate.html HTTP/1.1" 200 271
101.83.145.37 - - [02/Mar/2024:10:05:20 +0800] "GET /xingrg/kc/buy/cgsh_order_info.html?code=212024030200330 HTTP/1.1" 200 73653
101.83.145.37 - - [02/Mar/2024:10:05:21 +0800] "GET /xingrg/javascript/easyui/themes/default/validatebox.css HTTP/1.1" 404 1104
101.83.145.37 - - [02/Mar/2024:10:05:21 +0800] "GET /xingrg/all/common/auto_word.html?type=employee&rest_code=00105 HTTP/1.1" 200 193
101.83.145.37 - - [02/Mar/2024:10:05:21 +0800] "GET /xingrg/all/common/auto_word.html?type=employee&rest_code=00105 HTTP/1.1" 200 193
101.83.145.37 - - [02/Mar/2024:10:05:22 +0800] "POST /xingrg/kc/buy/cgsh_order_operate.html HTTP/1.1" 200 3240
116.230.114.14 - - [02/Mar/2024:10:05:23 +0800] "GET /xingrg/check_reg.html?_=1709345145205 HTTP/1.1" 200 22
116.230.123.222 - - [02/Mar/2024:10:05:24 +0800] "GET /xingrg/all/function/internal_message.html?_=1709345122291&CODE_STATE=getMsg HTTP/1.1" 200 27
116.232.194.112 - - [02/Mar/2024:10:05:25 +0800] "GET /xingrg/all/function/internal_message.html?_=1709345108394&CODE_STATE=getMsg HTTP/1.1" 200 27
101.83.145.37 - - [02/Mar/2024:10:05:27 +0800] "GET /xingrg/javascript/auto/indicator.gif HTTP/1.1" 404 1066
180.164.1.25 - - [02/Mar/2024:10:05:28 +0800] "GET /xingrg/all/function/internal_message.html?_=1709345128097&CODE_STATE=getMsg HTTP/1.1" 200 27
218.81.65.124 - - [02/Mar/2024:10:05:32 +0800] "GET /xingrg/all/function/internal_message.html?_=1709345142250&CODE_STATE=getMsg HTTP/1.1" 200 27
101.83.145.37 - - [02/Mar/2024:10:05:36 +0800] "GET /xingrg/kc/buy/cgsh_order_operate.html?command=get_materiel&rest_code=00105&code=00101006184&supplier_code=00100151&order_time=2024-03-02 HTTP/1.1" 200 408
114.83.217.226 - - [02/Mar/2024:10:05:38 +0800] "GET /xingrg/all/function/internal_message.html?_=1709345135835&CODE_STATE=getMsg HTTP/1.1" 200 27
116.224.254.208 - - [02/Mar/2024:10:05:40 +0800] "GET /xingrg/all/function/internal_message.html?_=1709345140752&CODE_STATE=getMsg HTTP/1.1" 200 27
218.81.65.124 - - [02/Mar/2024:10:05:41 +0800] "GET /xingrg/kc/base/check_order_list.html HTTP/1.1" 200 16138
218.81.65.124 - - [02/Mar/2024:10:05:42 +0800] "POST /xingrg/kc/base/check_list_operate.html HTTP/1.1" 200 2862
116.224.254.208 - - [02/Mar/2024:10:05:44 +0800] "GET /xingrg/all/function/internal_message.html?_=1709345144468&CODE_STATE=getMsg HTTP/1.1" 200 27
116.230.114.14 - - [02/Mar/2024:10:05:45 +0800] "GET /xingrg/all/function/internal_message.html?_=1709345167585&CODE_STATE=getMsg HTTP/1.1" 200 27
124.78.153.49 - - [02/Mar/2024:10:05:47 +0800] "GET /xingrg/all/function/internal_message.html?_=1709345145938&CODE_STATE=getMsg HTTP/1.1" 200 27
120.253.135.82 - - [02/Mar/2024:10:05:49 +0800] "GET /xingrg/all/function/internal_message.html?_=1709344984976&CODE_STATE=getMsg HTTP/1.1" 200 27
222.69.134.64 - - [02/Mar/2024:10:05:51 +0800] "GET /xingrg/all/function/internal_message.html?_=1709345152695&CODE_STATE=getMsg HTTP/1.1" 200 27
101.83.145.37 - - [02/Mar/2024:10:05:54 +0800] "POST /xingrg/kc/buy/cgsh_order_operate.html HTTP/1.1" 200 37
221.239.172.101 - - [02/Mar/2024:10:06:05 +0800] "GET /xingrg/all/function/internal_message.html?_=1709345163786&CODE_STATE=getMsg HTTP/1.1" 200 27
124.78.67.200 - - [02/Mar/2024:10:06:05 +0800] "GET /xingrg/all/function/internal_message.html?_=1709345165665&CODE_STATE=getMsg HTTP/1.1" 200 27
180.171.62.200 - - [02/Mar/2024:10:06:10 +0800] "GET /xingrg/all/function/internal_message.html?_=1709345178307&CODE_STATE=getMsg HTTP/1.1" 200 27
180.171.62.200 - - [02/Mar/2024:10:06:10 +0800] "GET /xingrg/check_reg.html?_=1709345178312 HTTP/1.1" 200 22
116.238.97.31 - - [02/Mar/2024:10:06:14 +0800] "GET /xingrg/all/function/internal_message.html?_=1709345174713&CODE_STATE=getMsg HTTP/1.1" 200 27
116.238.97.31 - - [02/Mar/2024:10:06:16 +0800] "GET /xingrg/check_reg.html?_=1709345176099 HTTP/1.1" 200 22
116.230.123.222 - - [02/Mar/2024:10:06:24 +0800] "GET /xingrg/all/function/internal_message.html?_=1709345182275&CODE_STATE=getMsg HTTP/1.1" 200 27
116.232.194.112 - - [02/Mar/2024:10:06:25 +0800] "GET /xingrg/all/function/internal_message.html?_=1709345168388&CODE_STATE=getMsg HTTP/1.1" 200 27
101.83.145.37 - - [02/Mar/2024:10:06:26 +0800] "GET /xingrg/all/function/internal_message.html?_=1709345185628&CODE_STATE=getMsg HTTP/1.1" 200 27
101.83.145.37 - - [02/Mar/2024:10:06:27 +0800] "POST /xingrg/kc/buy/cgsh_order_operate.html HTTP/1.1" 200 3830
101.83.145.37 - - [02/Mar/2024:10:06:28 +0800] "GET /xingrg/kc/print/load_config.html?kc_code=cgsh HTTP/1.1" 200 1927
180.164.1.25 - - [02/Mar/2024:10:06:28 +0800] "GET /xingrg/all/function/internal_message.html?_=1709345188098&CODE_STATE=getMsg HTTP/1.1" 200 27
101.83.145.37 - - [02/Mar/2024:10:06:29 +0800] "GET /xingrg/kc/print/load_data.html?order_code=212024030200330&kc_code=cgsh&condition= HTTP/1.1" 200 1083
101.83.145.37 - - [02/Mar/2024:10:06:29 +0800] "GET /xingrg/javascript/jquery_easy_ui/themes/default/images/tabs_active.png HTTP/1.1" 304 -
218.81.65.124 - - [02/Mar/2024:10:06:32 +0800] "GET /xingrg/all/function/internal_message.html?_=1709345202229&CODE_STATE=getMsg HTTP/1.1" 200 27
114.83.217.226 - - [02/Mar/2024:10:06:38 +0800] "GET /xingrg/all/function/internal_message.html?_=1709345195819&CODE_STATE=getMsg HTTP/1.1" 200 27
116.224.254.208 - - [02/Mar/2024:10:06:40 +0800] "GET /xingrg/all/function/internal_message.html?_=1709345200738&CODE_STATE=getMsg HTTP/1.1" 200 27
116.224.254.208 - - [02/Mar/2024:10:06:44 +0800] "GET /xingrg/all/function/internal_message.html?_=1709345204459&CODE_STATE=getMsg HTTP/1.1" 200 27
116.230.114.14 - - [02/Mar/2024:10:06:45 +0800] "GET /xingrg/all/function/internal_message.html?_=1709345227598&CODE_STATE=getMsg HTTP/1.1" 200 27
124.78.153.49 - - [02/Mar/2024:10:06:47 +0800] "GET /xingrg/all/function/internal_message.html?_=1709345205939&CODE_STATE=getMsg HTTP/1.1" 200 27
222.70.115.1 - - [02/Mar/2024:10:06:48 +0800] "GET /favicon.ico HTTP/1.1" 404 -
120.253.135.82 - - [02/Mar/2024:10:06:49 +0800] "GET /xingrg/all/function/internal_message.html?_=1709345044989&CODE_STATE=getMsg HTTP/1.1" 200 27
222.69.134.64 - - [02/Mar/2024:10:06:51 +0800] "GET /xingrg/all/function/internal_message.html?_=1709345212697&CODE_STATE=getMsg HTTP/1.1" 200 27
222.69.134.64 - - [02/Mar/2024:10:06:51 +0800] "GET /xingrg/check_reg.html?_=1709345212701 HTTP/1.1" 200 22
221.239.172.101 - - [02/Mar/2024:10:07:05 +0800] "GET /xingrg/all/function/internal_message.html?_=1709345223776&CODE_STATE=getMsg HTTP/1.1" 200 27
124.78.67.200 - - [02/Mar/2024:10:07:05 +0800] "GET /xingrg/all/function/internal_message.html?_=1709345225645&CODE_STATE=getMsg HTTP/1.1" 200 27
101.83.145.37 - - [02/Mar/2024:10:07:09 +0800] "GET /xingrg/check_reg.html?_=1709345229429 HTTP/1.1" 200 22
180.171.62.200 - - [02/Mar/2024:10:07:10 +0800] "GET /xingrg/all/function/internal_message.html?_=1709345238312&CODE_STATE=getMsg HTTP/1.1" 200 27
116.238.97.31 - - [02/Mar/2024:10:07:14 +0800] "GET /xingrg/all/function/internal_message.html?_=1709345234700&CODE_STATE=getMsg HTTP/1.1" 200 27
221.239.172.101 - - [02/Mar/2024:10:07:22 +0800] "GET /xingrg/check_reg.html?_=1709345241067 HTTP/1.1" 200 22
116.230.123.222 - - [02/Mar/2024:10:07:24 +0800] "GET /xingrg/all/function/internal_message.html?_=1709345242260&CODE_STATE=getMsg HTTP/1.1" 200 27
116.230.123.222 - - [02/Mar/2024:10:07:25 +0800] "GET /xingrg/check_reg.html?_=1709345242684 HTTP/1.1" 200 22
116.232.194.112 - - [02/Mar/2024:10:07:25 +0800] "GET /xingrg/all/function/internal_message.html?_=1709345228381&CODE_STATE=getMsg HTTP/1.1" 200 27
116.232.194.112 - - [02/Mar/2024:10:07:25 +0800] "GET /xingrg/check_reg.html?_=1709345228384 HTTP/1.1" 200 22
101.83.145.37 - - [02/Mar/2024:10:07:26 +0800] "GET /xingrg/all/function/internal_message.html?_=1709345245599&CODE_STATE=getMsg HTTP/1.1" 200 27
180.164.1.25 - - [02/Mar/2024:10:07:28 +0800] "GET /xingrg/all/function/internal_message.html?_=1709345248096&CODE_STATE=getMsg HTTP/1.1" 200 27
180.164.1.25 - - [02/Mar/2024:10:07:28 +0800] "GET /xingrg/check_reg.html?_=1709345248098 HTTP/1.1" 200 22
218.81.65.124 - - [02/Mar/2024:10:07:29 +0800] "GET /xingrg/check_reg.html?_=1709345258656 HTTP/1.1" 200 22
120.253.135.82 - - [02/Mar/2024:10:07:30 +0800] "GET /xingrg/kc/pszx/mdqp_order_list.html?state=10 HTTP/1.1" 200 10763
120.253.135.82 - - [02/Mar/2024:10:07:30 +0800] "GET /xingrg/dwr/interface/AjaxQqpsService.js HTTP/1.1" 200 16326
120.253.135.82 - - [02/Mar/2024:10:07:30 +0800] "GET /xingrg/dwr/interface/AjaxReportQueryService.js HTTP/1.1" 200 13203
120.253.135.82 - - [02/Mar/2024:10:07:30 +0800] "GET /xingrg/dwr/engine.js HTTP/1.1" 200 43631
218.81.65.124 - - [02/Mar/2024:10:07:32 +0800] "GET /xingrg/all/function/internal_message.html?_=1709345262213&CODE_STATE=getMsg HTTP/1.1" 200 27
114.83.217.226 - - [02/Mar/2024:10:07:38 +0800] "GET /xingrg/all/function/internal_message.html?_=1709345255791&CODE_STATE=getMsg HTTP/1.1" 200 27
116.224.254.208 - - [02/Mar/2024:10:07:40 +0800] "GET /xingrg/all/function/internal_message.html?_=1709345260748&CODE_STATE=getMsg HTTP/1.1" 200 27
116.224.254.208 - - [02/Mar/2024:10:07:44 +0800] "GET /xingrg/all/function/internal_message.html?_=1709345264452&CODE_STATE=getMsg HTTP/1.1" 200 27
116.224.254.208 - - [02/Mar/2024:10:07:44 +0800] "GET /xingrg/check_reg.html?_=1709345264551 HTTP/1.1" 200 22
116.230.114.14 - - [02/Mar/2024:10:07:45 +0800] "GET /xingrg/all/function/internal_message.html?_=1709345287939&CODE_STATE=getMsg HTTP/1.1" 200 27
124.78.153.49 - - [02/Mar/2024:10:07:47 +0800] "GET /xingrg/all/function/internal_message.html?_=1709345265939&CODE_STATE=getMsg HTTP/1.1" 200 27
120.253.135.82 - - [02/Mar/2024:10:07:49 +0800] "GET /xingrg/all/function/internal_message.html?_=1709345105009&CODE_STATE=getMsg HTTP/1.1" 200 27
218.81.65.124 - - [02/Mar/2024:10:07:51 +0800] "POST /xingrg/services/DataTransmitService HTTP/1.1" 200 524
222.69.134.64 - - [02/Mar/2024:10:07:51 +0800] "GET /xingrg/all/function/internal_message.html?_=1709345272696&CODE_STATE=getMsg HTTP/1.1" 200 27
221.239.172.101 - - [02/Mar/2024:10:08:05 +0800] "GET /xingrg/all/function/internal_message.html?_=1709345283750&CODE_STATE=getMsg HTTP/1.1" 200 27
116.230.123.222 - - [02/Mar/2024:10:08:05 +0800] "POST /xingrg/services/DataTransmitService HTTP/1.1" 200 524
124.78.67.200 - - [02/Mar/2024:10:08:05 +0800] "GET /xingrg/all/function/internal_message.html?_=1709345285630&CODE_STATE=getMsg HTTP/1.1" 200 27
180.171.62.200 - - [02/Mar/2024:10:08:10 +0800] "GET /xingrg/all/function/internal_message.html?_=1709345298313&CODE_STATE=getMsg HTTP/1.1" 200 27
116.238.97.31 - - [02/Mar/2024:10:08:14 +0800] "GET /xingrg/all/function/internal_message.html?_=1709345294680&CODE_STATE=getMsg HTTP/1.1" 200 27
124.78.67.200 - - [02/Mar/2024:10:08:19 +0800] "GET /xingrg/check_reg.html?_=1709345299910 HTTP/1.1" 200 22
116.230.123.222 - - [02/Mar/2024:10:08:24 +0800] "GET /xingrg/all/function/internal_message.html?_=1709345302233&CODE_STATE=getMsg HTTP/1.1" 200 27
116.232.194.112 - - [02/Mar/2024:10:08:26 +0800] "GET /xingrg/all/function/internal_message.html?_=1709345288402&CODE_STATE=getMsg HTTP/1.1" 200 27
101.83.145.37 - - [02/Mar/2024:10:08:26 +0800] "GET /xingrg/all/function/internal_message.html?_=1709345305572&CODE_STATE=getMsg HTTP/1.1" 200 27
180.164.1.25 - - [02/Mar/2024:10:08:28 +0800] "GET /xingrg/all/function/internal_message.html?_=1709345308118&CODE_STATE=getMsg HTTP/1.1" 200 27
218.81.65.124 - - [02/Mar/2024:10:08:32 +0800] "GET /xingrg/all/function/internal_message.html?_=1709345322196&CODE_STATE=getMsg HTTP/1.1" 200 27
114.83.217.226 - - [02/Mar/2024:10:08:38 +0800] "GET /xingrg/all/function/internal_message.html?_=1709345315777&CODE_STATE=getMsg HTTP/1.1" 200 27
116.224.254.208 - - [02/Mar/2024:10:08:40 +0800] "GET /xingrg/all/function/internal_message.html?_=1709345320740&CODE_STATE=getMsg HTTP/1.1" 200 27
116.224.254.208 - - [02/Mar/2024:10:08:40 +0800] "GET /xingrg/check_reg.html?_=1709345320742 HTTP/1.1" 200 22
116.224.254.208 - - [02/Mar/2024:10:08:44 +0800] "GET /xingrg/all/function/internal_message.html?_=1709345324451&CODE_STATE=getMsg HTTP/1.1" 200 27
116.230.114.14 - - [02/Mar/2024:10:08:46 +0800] "GET /xingrg/all/function/internal_message.html?_=1709345347954&CODE_STATE=getMsg HTTP/1.1" 200 27
124.78.153.49 - - [02/Mar/2024:10:08:47 +0800] "GET /xingrg/check_reg.html?_=1709345325939 HTTP/1.1" 200 22
124.78.153.49 - - [02/Mar/2024:10:08:47 +0800] "GET /xingrg/all/function/internal_message.html?_=1709345325941&CODE_STATE=getMsg HTTP/1.1" 200 27
120.253.135.82 - - [02/Mar/2024:10:08:49 +0800] "GET /xingrg/all/function/internal_message.html?_=1709345165016&CODE_STATE=getMsg HTTP/1.1" 200 27
222.69.134.64 - - [02/Mar/2024:10:08:51 +0800] "GET /xingrg/all/function/internal_message.html?_=1709345332688&CODE_STATE=getMsg HTTP/1.1" 200 27
221.239.172.101 - - [02/Mar/2024:10:09:05 +0800] "GET /xingrg/all/function/internal_message.html?_=1709345343735&CODE_STATE=getMsg HTTP/1.1" 200 27
124.78.67.200 - - [02/Mar/2024:10:09:05 +0800] "GET /xingrg/all/function/internal_message.html?_=1709345345615&CODE_STATE=getMsg HTTP/1.1" 200 27
101.83.145.37 - - [02/Mar/2024:10:09:07 +0800] "GET /xingrg/kc/buy/cgsh_order_list.html HTTP/1.1" 200 57797
180.171.62.200 - - [02/Mar/2024:10:09:10 +0800] "GET /xingrg/all/function/internal_message.html?_=1709345358315&CODE_STATE=getMsg HTTP/1.1" 200 27
101.83.145.37 - - [02/Mar/2024:10:09:11 +0800] "POST /xingrg/kc/buy/cgsh_list_operate.html HTTP/1.1" 200 1843
116.238.97.31 - - [02/Mar/2024:10:09:14 +0800] "GET /xingrg/all/function/internal_message.html?_=1709345354666&CODE_STATE=getMsg HTTP/1.1" 200 27
116.230.123.222 - - [02/Mar/2024:10:09:24 +0800] "GET /xingrg/all/function/internal_message.html?_=1709345362211&CODE_STATE=getMsg HTTP/1.1" 200 27
116.232.194.112 - - [02/Mar/2024:10:09:25 +0800] "GET /xingrg/all/function/internal_message.html?_=1709345348390&CODE_STATE=getMsg HTTP/1.1" 200 27
101.83.145.37 - - [02/Mar/2024:10:09:26 +0800] "GET /xingrg/all/function/internal_message.html?_=1709345365551&CODE_STATE=getMsg HTTP/1.1" 200 27
180.164.1.25 - - [02/Mar/2024:10:09:28 +0800] "GET /xingrg/all/function/internal_message.html?_=1709345368111&CODE_STATE=getMsg HTTP/1.1" 200 27
218.81.65.124 - - [02/Mar/2024:10:09:32 +0800] "GET /xingrg/all/function/internal_message.html?_=1709345382177&CODE_STATE=getMsg HTTP/1.1" 200 27
114.83.217.226 - - [02/Mar/2024:10:09:33 +0800] "GET /xingrg/check_reg.html?_=1709345371336 HTTP/1.1" 200 22
116.230.114.14 - - [02/Mar/2024:10:09:38 +0800] "GET /xingrg/kc/buy/cgsh_order_add.html HTTP/1.1" 200 73572
114.83.217.226 - - [02/Mar/2024:10:09:38 +0800] "GET /xingrg/all/function/internal_message.html?_=1709345375754&CODE_STATE=getMsg HTTP/1.1" 200 27
116.230.114.14 - - [02/Mar/2024:10:09:39 +0800] "POST /xingrg/kc/buy/cgsh_order_operate.html HTTP/1.1" 200 8245
116.230.114.14 - - [02/Mar/2024:10:09:39 +0800] "GET /xingrg/javascript/easyui/themes/default/validatebox.css HTTP/1.1" 404 1104
116.224.254.208 - - [02/Mar/2024:10:09:40 +0800] "GET /xingrg/all/function/internal_message.html?_=1709345380747&CODE_STATE=getMsg HTTP/1.1" 200 27
101.83.145.37 - - [02/Mar/2024:10:09:42 +0800] "GET /xingrg/javascript/jquery_tools/images/prev.gif HTTP/1.1" 404 1086
101.83.145.37 - - [02/Mar/2024:10:09:42 +0800] "GET /xingrg/javascript/jquery_tools/images/next.gif HTTP/1.1" 404 1086
116.224.254.208 - - [02/Mar/2024:10:09:44 +0800] "GET /xingrg/all/function/internal_message.html?_=1709345384437&CODE_STATE=getMsg HTTP/1.1" 200 27
116.230.114.14 - - [02/Mar/2024:10:09:46 +0800] "GET /xingrg/all/function/internal_message.html?_=1709345408264&CODE_STATE=getMsg HTTP/1.1" 200 27
124.78.153.49 - - [02/Mar/2024:10:09:47 +0800] "GET /xingrg/all/function/internal_message.html?_=1709345385966&CODE_STATE=getMsg HTTP/1.1" 200 27
120.253.135.82 - - [02/Mar/2024:10:09:49 +0800] "GET /xingrg/check_reg.html?_=1709345224832 HTTP/1.1" 200 22
120.253.135.82 - - [02/Mar/2024:10:09:49 +0800] "GET /xingrg/all/function/internal_message.html?_=1709345225030&CODE_STATE=getMsg HTTP/1.1" 200 27
222.69.134.64 - - [02/Mar/2024:10:09:51 +0800] "GET /xingrg/all/function/internal_message.html?_=1709345392702&CODE_STATE=getMsg HTTP/1.1" 200 27
116.230.114.14 - - [02/Mar/2024:10:09:58 +0800] "GET /xingrg/kc/buy/cgsh_order_operate.html?command=get_materiel&rest_code=00146&code=00101009109&supplier_code=00100023&order_time=2024-03-02 HTTP/1.1" 200 415
101.83.145.37 - - [02/Mar/2024:10:10:03 +0800] "POST /xingrg/kc/buy/cgsh_list_operate.html HTTP/1.1" 200 3164
221.239.172.101 - - [02/Mar/2024:10:10:05 +0800] "GET /xingrg/all/function/internal_message.html?_=1709345403719&CODE_STATE=getMsg HTTP/1.1" 200 27
124.78.67.200 - - [02/Mar/2024:10:10:05 +0800] "GET /xingrg/all/function/internal_message.html?_=1709345405599&CODE_STATE=getMsg HTTP/1.1" 200 27
101.83.145.37 - - [02/Mar/2024:10:10:06 +0800] "POST /xingrg/kc/buy/cgsh_list_operate.html HTTP/1.1" 200 576
101.83.145.37 - - [02/Mar/2024:10:10:09 +0800] "GET /xingrg/kc/buy/cgsh_order_info.html?code=212024020200527 HTTP/1.1" 200 68553
101.83.145.37 - - [02/Mar/2024:10:10:10 +0800] "GET /xingrg/javascript/easyui/themes/default/validatebox.css HTTP/1.1" 404 1104
180.171.62.200 - - [02/Mar/2024:10:10:10 +0800] "GET /xingrg/all/function/internal_message.html?_=1709345418315&CODE_STATE=getMsg HTTP/1.1" 200 27
101.83.145.37 - - [02/Mar/2024:10:10:11 +0800] "POST /xingrg/kc/buy/cgsh_order_operate.html HTTP/1.1" 200 5356
116.238.97.31 - - [02/Mar/2024:10:10:14 +0800] "GET /xingrg/all/function/internal_message.html?_=1709345414645&CODE_STATE=getMsg HTTP/1.1" 200 27
218.81.65.124 - - [02/Mar/2024:10:10:17 +0800] "GET /xingrg/kc/base/check_order_info.html?code=452024022900171 HTTP/1.1" 200 26467
218.81.65.124 - - [02/Mar/2024:10:10:17 +0800] "GET /xingrg/dwr/interface/AjaxComOrderService.js HTTP/1.1" 200 18264
218.81.65.124 - - [02/Mar/2024:10:10:17 +0800] "GET /xingrg/dwr/interface/AjaxCheckService.js HTTP/1.1" 200 14003
218.81.65.124 - - [02/Mar/2024:10:10:17 +0800] "GET /xingrg/dwr/engine.js HTTP/1.1" 200 43631
101.83.145.37 - - [02/Mar/2024:10:10:18 +0800] "POST /xingrg/kc/buy/cgsh_list_operate.html HTTP/1.1" 200 3164
218.81.65.124 - - [02/Mar/2024:10:10:18 +0800] "POST /xingrg/dwr/call/plaincall/AjaxCheckService.loadOrderItems.dwr HTTP/1.1" 200 33810
101.83.145.37 - - [02/Mar/2024:10:10:19 +0800] "POST /xingrg/kc/buy/cgsh_list_operate.html HTTP/1.1" 200 356
116.230.114.14 - - [02/Mar/2024:10:10:23 +0800] "GET /xingrg/check_reg.html?_=1709345445212 HTTP/1.1" 200 22
101.83.145.37 - - [02/Mar/2024:10:10:24 +0800] "POST /xingrg/kc/buy/cgsh_list_operate.html HTTP/1.1" 200 360
116.230.123.222 - - [02/Mar/2024:10:10:24 +0800] "GET /xingrg/all/function/internal_message.html?_=1709345422196&CODE_STATE=getMsg HTTP/1.1" 200 27
116.232.194.112 - - [02/Mar/2024:10:10:25 +0800] "GET /xingrg/all/function/internal_message.html?_=1709345408377&CODE_STATE=getMsg HTTP/1.1" 200 27
101.83.145.37 - - [02/Mar/2024:10:10:26 +0800] "GET /xingrg/all/function/internal_message.html?_=1709345425573&CODE_STATE=getMsg HTTP/1.1" 200 27
101.83.145.37 - - [02/Mar/2024:10:10:27 +0800] "POST /xingrg/kc/buy/cgsh_list_operate.html HTTP/1.1" 200 572
180.164.1.25 - - [02/Mar/2024:10:10:28 +0800] "GET /xingrg/all/function/internal_message.html?_=1709345428105&CODE_STATE=getMsg HTTP/1.1" 200 27
116.230.114.14 - - [02/Mar/2024:10:10:29 +0800] "GET /xingrg/kc/buy/cgsh_order_operate.html?command=get_materiel&rest_code=00146&code=00101009062&supplier_code=00100023&order_time=2024-03-02 HTTP/1.1" 200 414
218.81.65.124 - - [02/Mar/2024:10:10:32 +0800] "GET /xingrg/all/function/internal_message.html?_=1709345442154&CODE_STATE=getMsg HTTP/1.1" 200 27
114.83.217.226 - - [02/Mar/2024:10:10:38 +0800] "GET /xingrg/all/function/internal_message.html?_=1709345435727&CODE_STATE=getMsg HTTP/1.1" 200 27
218.81.65.124 - - [02/Mar/2024:10:10:38 +0800] "GET /xingrg/kc/base/check_order_info.html?code=452024022900169 HTTP/1.1" 200 26467
218.81.65.124 - - [02/Mar/2024:10:10:38 +0800] "GET /xingrg/dwr/interface/AjaxComOrderService.js HTTP/1.1" 200 18264
218.81.65.124 - - [02/Mar/2024:10:10:38 +0800] "GET /xingrg/dwr/interface/AjaxCheckService.js HTTP/1.1" 200 14003
218.81.65.124 - - [02/Mar/2024:10:10:38 +0800] "GET /xingrg/dwr/engine.js HTTP/1.1" 200 43631
218.81.65.124 - - [02/Mar/2024:10:10:39 +0800] "POST /xingrg/dwr/call/plaincall/AjaxCheckService.loadOrderItems.dwr HTTP/1.1" 200 7563
101.83.145.37 - - [02/Mar/2024:10:10:39 +0800] "GET /xingrg/kc/buy/cgsh_order_info.html?code=212024020100026 HTTP/1.1" 200 68553
101.83.145.37 - - [02/Mar/2024:10:10:39 +0800] "GET /xingrg/javascript/easyui/themes/default/validatebox.css HTTP/1.1" 404 1104
116.224.254.208 - - [02/Mar/2024:10:10:40 +0800] "GET /xingrg/all/function/internal_message.html?_=1709345440739&CODE_STATE=getMsg HTTP/1.1" 200 27
101.83.145.37 - - [02/Mar/2024:10:10:40 +0800] "POST /xingrg/kc/buy/cgsh_order_operate.html HTTP/1.1" 200 5349
116.224.254.208 - - [02/Mar/2024:10:10:44 +0800] "GET /xingrg/all/function/internal_message.html?_=1709345444446&CODE_STATE=getMsg HTTP/1.1" 200 27
116.230.114.14 - - [02/Mar/2024:10:10:46 +0800] "GET /xingrg/all/function/internal_message.html?_=1709345468277&CODE_STATE=getMsg HTTP/1.1" 200 27
124.78.153.49 - - [02/Mar/2024:10:10:47 +0800] "GET /xingrg/all/function/internal_message.html?_=1709345445965&CODE_STATE=getMsg HTTP/1.1" 200 27
120.253.135.82 - - [02/Mar/2024:10:10:49 +0800] "GET /xingrg/all/function/internal_message.html?_=1709345285044&CODE_STATE=getMsg HTTP/1.1" 200 27
222.69.134.64 - - [02/Mar/2024:10:10:51 +0800] "GET /xingrg/all/function/internal_message.html?_=1709345452692&CODE_STATE=getMsg HTTP/1.1" 200 27
221.239.172.101 - - [02/Mar/2024:10:11:05 +0800] "GET /xingrg/all/function/internal_message.html?_=1709345463710&CODE_STATE=getMsg HTTP/1.1" 200 27
124.78.67.200 - - [02/Mar/2024:10:11:05 +0800] "GET /xingrg/all/function/internal_message.html?_=1709345465579&CODE_STATE=getMsg HTTP/1.1" 200 27
218.81.65.124 - - [02/Mar/2024:10:11:06 +0800] "GET /xingrg/kc/base/check_order_list.html?isBack=1 HTTP/1.1" 200 16138
218.81.65.124 - - [02/Mar/2024:10:11:06 +0800] "POST /xingrg/kc/base/check_list_operate.html HTTP/1.1" 200 2862
218.81.65.124 - - [02/Mar/2024:10:11:09 +0800] "GET /xingrg/kc/base/check_order_info.html?code=452024022900171 HTTP/1.1" 200 26467
218.81.65.124 - - [02/Mar/2024:10:11:09 +0800] "GET /xingrg/dwr/interface/AjaxComOrderService.js HTTP/1.1" 200 18264
218.81.65.124 - - [02/Mar/2024:10:11:09 +0800] "GET /xingrg/dwr/interface/AjaxCheckService.js HTTP/1.1" 200 14003
218.81.65.124 - - [02/Mar/2024:10:11:09 +0800] "GET /xingrg/dwr/engine.js HTTP/1.1" 200 43631
218.81.65.124 - - [02/Mar/2024:10:11:09 +0800] "POST /xingrg/dwr/call/plaincall/AjaxCheckService.loadOrderItems.dwr HTTP/1.1" 200 33810
180.171.62.200 - - [02/Mar/2024:10:11:10 +0800] "GET /xingrg/check_reg.html?_=1709345478316 HTTP/1.1" 200 22
180.171.62.200 - - [02/Mar/2024:10:11:10 +0800] "GET /xingrg/all/function/internal_message.html?_=1709345478320&CODE_STATE=getMsg HTTP/1.1" 200 27
116.230.114.14 - - [02/Mar/2024:10:11:13 +0800] "GET /xingrg/kc/buy/cgsh_order_operate.html?command=get_materiel&rest_code=00146&code=00101009037&supplier_code=00100023&order_time=2024-03-02 HTTP/1.1" 200 414
116.238.97.31 - - [02/Mar/2024:10:11:14 +0800] "GET /xingrg/all/function/internal_message.html?_=1709345474655&CODE_STATE=getMsg HTTP/1.1" 200 27
116.238.97.31 - - [02/Mar/2024:10:11:16 +0800] "GET /xingrg/check_reg.html?_=1709345476081 HTTP/1.1" 200 22
116.230.123.222 - - [02/Mar/2024:10:11:24 +0800] "GET /xingrg/all/function/internal_message.html?_=1709345482182&CODE_STATE=getMsg HTTP/1.1" 200 27
116.232.194.112 - - [02/Mar/2024:10:11:25 +0800] "GET /xingrg/all/function/internal_message.html?_=1709345468382&CODE_STATE=getMsg HTTP/1.1" 200 27
101.83.145.37 - - [02/Mar/2024:10:11:26 +0800] "GET /xingrg/all/function/internal_message.html?_=1709345485558&CODE_STATE=getMsg HTTP/1.1" 200 27
218.81.65.124 - - [02/Mar/2024:10:11:27 +0800] "POST /xingrg/dwr/call/plaincall/AjaxComOrderService.getMaterielSearchList.dwr HTTP/1.1" 200 76
180.164.1.25 - - [02/Mar/2024:10:11:28 +0800] "GET /xingrg/all/function/internal_message.html?_=1709345488100&CODE_STATE=getMsg HTTP/1.1" 200 27
218.81.65.124 - - [02/Mar/2024:10:11:28 +0800] "POST /xingrg/dwr/call/plaincall/AjaxComOrderService.getMaterielSearchList.dwr HTTP/1.1" 200 76
