124.79.245.19 - - [01/Mar/2024:09:55:50 +0800] "GET /xingrg/all/function/internal_message.html?_=1709258163012&CODE_STATE=getMsg HTTP/1.1" 200 27
116.224.254.208 - - [01/Mar/2024:09:55:50 +0800] "POST /xingrg/dwr/call/plaincall/AjaxCheckService.setItemNumber.dwr HTTP/1.1" 200 78
116.224.254.208 - - [01/Mar/2024:09:55:50 +0800] "POST /xingrg/dwr/call/plaincall/AjaxCheckService.setItemNumber.dwr HTTP/1.1" 200 78
116.230.112.9 - - [01/Mar/2024:09:55:51 +0800] "GET /xingrg/all/function/internal_message.html?_=1709258169807&CODE_STATE=getMsg HTTP/1.1" 200 27
116.224.254.208 - - [01/Mar/2024:09:55:52 +0800] "POST /xingrg/dwr/call/plaincall/AjaxCheckService.setItemNumber.dwr HTTP/1.1" 200 78
116.238.97.31 - - [01/Mar/2024:09:55:52 +0800] "GET /xingrg/kc/buy/cgsh_order_operate.html?command=get_materiel&rest_code=00102&code=00101011003&supplier_code=00100400&order_time=2024-03-01 HTTP/1.1" 200 413
116.224.254.208 - - [01/Mar/2024:09:55:53 +0800] "POST /xingrg/dwr/call/plaincall/AjaxCheckService.setItemNumber.dwr HTTP/1.1" 200 78
124.78.67.200 - - [01/Mar/2024:09:55:53 +0800] "GET /xingrg/all/function/internal_message.html?_=1709258153950&CODE_STATE=getMsg HTTP/1.1" 200 27
124.78.67.200 - - [01/Mar/2024:09:55:53 +0800] "GET /xingrg/check_reg.html?_=1709258153954 HTTP/1.1" 200 22
116.224.254.208 - - [01/Mar/2024:09:55:55 +0800] "POST /xingrg/dwr/call/plaincall/AjaxCheckService.setItemNumber.dwr HTTP/1.1" 200 78
116.224.254.208 - - [01/Mar/2024:09:55:56 +0800] "POST /xingrg/dwr/call/plaincall/AjaxCheckService.setItemNumber.dwr HTTP/1.1" 200 78
116.224.254.208 - - [01/Mar/2024:09:55:58 +0800] "GET /xingrg/all/function/internal_message.html?_=1709258158000&CODE_STATE=getMsg HTTP/1.1" 200 27
116.224.254.208 - - [01/Mar/2024:09:55:58 +0800] "GET /xingrg/check_reg.html?_=1709258158002 HTTP/1.1" 200 22
116.224.254.208 - - [01/Mar/2024:09:55:58 +0800] "POST /xingrg/dwr/call/plaincall/AjaxCheckService.setItemNumber.dwr HTTP/1.1" 200 78
116.224.254.208 - - [01/Mar/2024:09:55:59 +0800] "POST /xingrg/dwr/call/plaincall/AjaxCheckService.setItemNumber.dwr HTTP/1.1" 200 78
116.224.254.208 - - [01/Mar/2024:09:56:00 +0800] "POST /xingrg/dwr/call/plaincall/AjaxCheckService.setItemNumber.dwr HTTP/1.1" 200 78
116.238.97.31 - - [01/Mar/2024:09:56:00 +0800] "GET /xingrg/kc/buy/cgsh_order_operate.html?command=get_materiel&rest_code=00102&code=00101011001&supplier_code=00100400&order_time=2024-03-01 HTTP/1.1" 200 443
116.230.123.222 - - [01/Mar/2024:09:56:02 +0800] "GET /xingrg/kc/buy/cgsh_order_operate.html?command=get_materiel&rest_code=00111&code=00101013179&supplier_code=00100008&order_time=2024-03-01 HTTP/1.1" 200 412
221.239.172.101 - - [01/Mar/2024:09:56:04 +0800] "GET /xingrg/all/function/internal_message.html?_=1709258163298&CODE_STATE=getMsg HTTP/1.1" 200 27
116.224.254.208 - - [01/Mar/2024:09:56:05 +0800] "POST /xingrg/dwr/call/plaincall/AjaxCheckService.setItemNumber.dwr HTTP/1.1" 200 78
180.171.62.200 - - [01/Mar/2024:09:56:06 +0800] "GET /xingrg/all/function/internal_message.html?_=1709258172982&CODE_STATE=getMsg HTTP/1.1" 200 27
116.232.194.112 - - [01/Mar/2024:09:56:06 +0800] "GET /xingrg/all/function/internal_message.html?_=1709258150967&CODE_STATE=getMsg HTTP/1.1" 200 27
116.232.194.112 - - [01/Mar/2024:09:56:06 +0800] "GET /xingrg/check_reg.html?_=1709258150969 HTTP/1.1" 200 22
116.230.112.9 - - [01/Mar/2024:09:56:07 +0800] "GET /xingrg/kc/buy/cgsh_order_add.html HTTP/1.1" 200 73516
116.230.112.9 - - [01/Mar/2024:09:56:07 +0800] "POST /xingrg/kc/buy/cgsh_order_operate.html HTTP/1.1" 200 8245
116.230.112.9 - - [01/Mar/2024:09:56:08 +0800] "GET /xingrg/javascript/easyui/themes/default/validatebox.css HTTP/1.1" 404 1104
116.224.254.208 - - [01/Mar/2024:09:56:08 +0800] "POST /xingrg/dwr/call/plaincall/AjaxCheckService.setItemNumber.dwr HTTP/1.1" 200 78
120.253.135.82 - - [01/Mar/2024:09:56:12 +0800] "GET /xingrg/all/function/internal_message.html?_=1709258341648&CODE_STATE=getMsg HTTP/1.1" 200 27
116.224.254.208 - - [01/Mar/2024:09:56:12 +0800] "POST /xingrg/dwr/call/plaincall/AjaxCheckService.setItemNumber.dwr HTTP/1.1" 200 78
116.224.254.208 - - [01/Mar/2024:09:56:13 +0800] "POST /xingrg/dwr/call/plaincall/AjaxCheckService.setItemNumber.dwr HTTP/1.1" 200 78
116.230.112.9 - - [01/Mar/2024:09:56:14 +0800] "GET /xingrg/javascript/jquery_tools/images/next.gif HTTP/1.1" 404 1086
116.230.112.9 - - [01/Mar/2024:09:56:14 +0800] "GET /xingrg/javascript/jquery_tools/images/prev.gif HTTP/1.1" 404 1086
116.224.254.208 - - [01/Mar/2024:09:56:14 +0800] "POST /xingrg/dwr/call/plaincall/AjaxCheckService.setItemNumber.dwr HTTP/1.1" 200 78
116.238.97.31 - - [01/Mar/2024:09:56:15 +0800] "POST /xingrg/kc/buy/cgsh_order_operate.html HTTP/1.1" 200 37
124.79.245.19 - - [01/Mar/2024:09:56:16 +0800] "GET /xingrg/all/function/internal_message.html?_=1709258175332&CODE_STATE=getMsg HTTP/1.1" 200 27
116.224.254.208 - - [01/Mar/2024:09:56:16 +0800] "POST /xingrg/dwr/call/plaincall/AjaxCheckService.setItemNumber.dwr HTTP/1.1" 200 78
172.20.0.8 - - [01/Mar/2024:09:56:17 +0800] "GET /xingrg/all/function/internal_message.html?_=1709258177363&CODE_STATE=getMsg HTTP/1.1" 302 -
116.224.254.208 - - [01/Mar/2024:09:56:18 +0800] "POST /xingrg/dwr/call/plaincall/AjaxCheckService.setItemNumber.dwr HTTP/1.1" 200 78
116.224.254.208 - - [01/Mar/2024:09:56:20 +0800] "POST /xingrg/dwr/call/plaincall/AjaxCheckService.setItemNumber.dwr HTTP/1.1" 200 78
116.224.254.208 - - [01/Mar/2024:09:56:20 +0800] "POST /xingrg/dwr/call/plaincall/AjaxCheckService.setItemNumber.dwr HTTP/1.1" 200 78
116.230.123.222 - - [01/Mar/2024:09:56:21 +0800] "GET /xingrg/all/function/internal_message.html?_=1709258178995&CODE_STATE=getMsg HTTP/1.1" 200 27
116.230.123.222 - - [01/Mar/2024:09:56:21 +0800] "GET /xingrg/check_reg.html?_=1709258178996 HTTP/1.1" 200 22
116.230.123.222 - - [01/Mar/2024:09:56:21 +0800] "POST /xingrg/kc/buy/cgsh_order_operate.html HTTP/1.1" 200 2065
101.228.147.14 - - [01/Mar/2024:09:56:23 +0800] "GET /xingrg/all/function/internal_message.html?_=1709258183704&CODE_STATE=getMsg HTTP/1.1" 200 27
116.224.254.208 - - [01/Mar/2024:09:56:23 +0800] "POST /xingrg/dwr/call/plaincall/AjaxCheckService.setItemNumber.dwr HTTP/1.1" 200 78
116.224.254.208 - - [01/Mar/2024:09:56:24 +0800] "POST /xingrg/kc/buy/cgsh_order_operate.html HTTP/1.1" 200 37
116.224.254.208 - - [01/Mar/2024:09:56:25 +0800] "POST /xingrg/dwr/call/plaincall/AjaxCheckService.setItemNumber.dwr HTTP/1.1" 200 78
116.238.97.31 - - [01/Mar/2024:09:56:25 +0800] "GET /xingrg/check_reg.html?_=1709258185272 HTTP/1.1" 200 22
116.238.97.31 - - [01/Mar/2024:09:56:25 +0800] "POST /xingrg/kc/buy/cgsh_order_operate.html HTTP/1.1" 200 12
116.224.254.208 - - [01/Mar/2024:09:56:26 +0800] "GET /xingrg/all/function/internal_message.html?_=1709258186382&CODE_STATE=getMsg HTTP/1.1" 200 27
116.224.254.208 - - [01/Mar/2024:09:56:26 +0800] "GET /xingrg/check_reg.html?_=1709258186385 HTTP/1.1" 200 22
116.230.112.9 - - [01/Mar/2024:09:56:26 +0800] "GET /xingrg/kc/buy/cgsh_order_operate.html?command=get_materiel&rest_code=00146&code=00101016025&supplier_code=00100033&order_time=2024-03-01 HTTP/1.1" 200 408
101.83.145.37 - - [01/Mar/2024:09:56:26 +0800] "GET /xingrg/all/function/internal_message.html?_=1709258186631&CODE_STATE=getMsg HTTP/1.1" 200 27
116.224.254.208 - - [01/Mar/2024:09:56:27 +0800] "POST /xingrg/dwr/call/plaincall/AjaxCheckService.setItemNumber.dwr HTTP/1.1" 200 78
120.253.135.82 - - [01/Mar/2024:09:56:27 +0800] "POST /xingrg/kc/pszx/mdps_list_operate.html HTTP/1.1" 200 1683
116.224.254.208 - - [01/Mar/2024:09:56:28 +0800] "POST /xingrg/dwr/call/plaincall/AjaxCheckService.setItemNumber.dwr HTTP/1.1" 200 78
120.253.135.82 - - [01/Mar/2024:09:56:29 +0800] "POST /xingrg/kc/pszx/mdps_list_operate.html HTTP/1.1" 200 224
116.230.123.222 - - [01/Mar/2024:09:56:30 +0800] "GET /xingrg/kc/buy/cgsh_order_operate.html?command=get_materiel&rest_code=00111&code=00101008296&supplier_code=00100008&order_time=2024-03-01 HTTP/1.1" 200 416
120.253.135.82 - - [01/Mar/2024:09:56:31 +0800] "GET /xingrg/kc/pszx/mdps_order_add.html HTTP/1.1" 200 29064
120.253.135.82 - - [01/Mar/2024:09:56:31 +0800] "POST /xingrg/kc/pszx/mdps_order_operate.html HTTP/1.1" 200 7126
120.253.135.82 - - [01/Mar/2024:09:56:31 +0800] "GET /xingrg/javascript/easyui/themes/default/validatebox.css HTTP/1.1" 404 1104
116.224.254.208 - - [01/Mar/2024:09:56:31 +0800] "POST /xingrg/kc/buy/cgsh_order_operate.html HTTP/1.1" 200 12
116.238.97.31 - - [01/Mar/2024:09:56:32 +0800] "GET /xingrg/kc/buy/cgsh_order_info.html?code=212024030100020 HTTP/1.1" 200 68456
116.224.254.208 - - [01/Mar/2024:09:56:33 +0800] "POST /xingrg/dwr/call/plaincall/AjaxCheckService.setItemNumber.dwr HTTP/1.1" 200 78
116.232.194.112 - - [01/Mar/2024:09:56:34 +0800] "GET /xingrg/check_reg.html?_=1709258178553 HTTP/1.1" 200 22
116.238.97.31 - - [01/Mar/2024:09:56:34 +0800] "GET /xingrg/javascript/easyui/themes/default/validatebox.css HTTP/1.1" 404 1104
116.224.254.208 - - [01/Mar/2024:09:56:34 +0800] "POST /xingrg/dwr/call/plaincall/AjaxCheckService.setItemNumber.dwr HTTP/1.1" 200 78
101.83.145.37 - - [01/Mar/2024:09:56:35 +0800] "GET /xingrg/all/function/internal_message.html?_=1709257959172&CODE_STATE=getMsg HTTP/1.1" 200 27
116.238.97.31 - - [01/Mar/2024:09:56:35 +0800] "POST /xingrg/kc/buy/cgsh_order_operate.html HTTP/1.1" 200 1803
116.224.254.208 - - [01/Mar/2024:09:56:36 +0800] "POST /xingrg/dwr/call/plaincall/AjaxCheckService.setItemNumber.dwr HTTP/1.1" 200 78
116.224.254.208 - - [01/Mar/2024:09:56:36 +0800] "GET /xingrg/kc/buy/cgsh_order_info.html?code=212024030100021 HTTP/1.1" 200 68021
116.224.254.208 - - [01/Mar/2024:09:56:36 +0800] "GET /xingrg/javascript/easyui/themes/default/validatebox.css HTTP/1.1" 404 1104
116.224.254.208 - - [01/Mar/2024:09:56:37 +0800] "POST /xingrg/kc/buy/cgsh_order_operate.html HTTP/1.1" 200 1214
116.224.254.208 - - [01/Mar/2024:09:56:37 +0800] "POST /xingrg/dwr/call/plaincall/AjaxCheckService.setItemNumber.dwr HTTP/1.1" 200 78
116.238.97.31 - - [01/Mar/2024:09:56:38 +0800] "GET /xingrg/kc/print/load_data.html?order_code=212024030100020&kc_code=cgsh&condition= HTTP/1.1" 200 1140
116.224.254.208 - - [01/Mar/2024:09:56:39 +0800] "GET /xingrg/kc/print/load_data.html?order_code=212024030100021&kc_code=cgsh&condition= HTTP/1.1" 200 973
116.224.254.208 - - [01/Mar/2024:09:56:39 +0800] "POST /xingrg/dwr/call/plaincall/AjaxCheckService.setItemNumber.dwr HTTP/1.1" 200 78
114.83.217.226 - - [01/Mar/2024:09:56:41 +0800] "GET /xingrg/all/function/internal_message.html?_=1709258198336&CODE_STATE=getMsg HTTP/1.1" 200 27
116.238.97.31 - - [01/Mar/2024:09:56:41 +0800] "GET /xingrg/all/function/internal_message.html?_=1709258200873&CODE_STATE=getMsg HTTP/1.1" 200 27
116.224.254.208 - - [01/Mar/2024:09:56:41 +0800] "POST /xingrg/dwr/call/plaincall/AjaxCheckService.setItemNumber.dwr HTTP/1.1" 200 78
120.253.135.82 - - [01/Mar/2024:09:56:42 +0800] "POST /xingrg/all/common/load_combo.html?type=base HTTP/1.1" 200 1169
180.164.1.25 - - [01/Mar/2024:09:56:43 +0800] "GET /xingrg/all/function/internal_message.html?_=1709258202483&CODE_STATE=getMsg HTTP/1.1" 200 27
116.230.112.9 - - [01/Mar/2024:09:56:43 +0800] "GET /xingrg/kc/buy/cgsh_order_operate.html?command=get_materiel&rest_code=00146&code=00101007109&supplier_code=00100033&order_time=2024-03-01 HTTP/1.1" 200 408
116.224.254.208 - - [01/Mar/2024:09:56:44 +0800] "POST /xingrg/dwr/call/plaincall/AjaxCheckService.setItemNumber.dwr HTTP/1.1" 200 78
116.224.254.208 - - [01/Mar/2024:09:56:45 +0800] "POST /xingrg/all/user/operate.html HTTP/1.1" 200 36
222.69.133.153 - - [01/Mar/2024:09:56:45 +0800] "GET /xingrg/all/function/internal_message.html?_=1709258207870&CODE_STATE=getMsg HTTP/1.1" 200 27
116.224.254.208 - - [01/Mar/2024:09:56:45 +0800] "GET /xingrg/index.html?sysBaseUrl=http%3A%2F%2F180.169.147.146%3A18081%2Fxingrg%2F&costTime=854×tamp=1709252593269 HTTP/1.1" 200 17179
116.224.254.208 - - [01/Mar/2024:09:56:45 +0800] "GET /xingrg/javascript/jquery_easy_ui/themes/default/easyui.css HTTP/1.1" 304 -
116.224.254.208 - - [01/Mar/2024:09:56:45 +0800] "GET /xingrg/javascript/jquery_easy_ui/themes/icon.css HTTP/1.1" 304 -
116.224.254.208 - - [01/Mar/2024:09:56:45 +0800] "GET /xingrg/css/form.css HTTP/1.1" 304 -
116.224.254.208 - - [01/Mar/2024:09:56:45 +0800] "GET /xingrg/javascript/jquery-1.4.2.min.js HTTP/1.1" 304 -
116.224.254.208 - - [01/Mar/2024:09:56:45 +0800] "GET /xingrg/javascript/jquery_easy_ui/jquery.easyui.min.js HTTP/1.1" 304 -
116.224.254.208 - - [01/Mar/2024:09:56:45 +0800] "GET /xingrg/javascript/jquery_easy_ui/easyui-lang-zh_CN.js HTTP/1.1" 304 -
116.224.254.208 - - [01/Mar/2024:09:56:45 +0800] "GET /xingrg/javascript/jquery.form.js HTTP/1.1" 304 -
116.224.254.208 - - [01/Mar/2024:09:56:45 +0800] "GET /xingrg/javascript/jquery.utils.js HTTP/1.1" 304 -
116.224.254.208 - - [01/Mar/2024:09:56:45 +0800] "POST /xingrg/dwr/call/plaincall/AjaxCheckService.setItemNumber.dwr HTTP/1.1" 200 78
116.224.254.208 - - [01/Mar/2024:09:56:45 +0800] "GET /xingrg/javascript/jquery.timers.js HTTP/1.1" 304 -
116.224.254.208 - - [01/Mar/2024:09:56:45 +0800] "GET /xingrg/images/blue/jxLogo.png HTTP/1.1" 304 -
116.224.254.208 - - [01/Mar/2024:09:56:45 +0800] "GET /xingrg/images/blue/navBackgound.jpg HTTP/1.1" 304 -
116.224.254.208 - - [01/Mar/2024:09:56:45 +0800] "GET /xingrg/javascript/jquery_easy_ui/themes/icons/settle_new.png HTTP/1.1" 304 -
116.224.254.208 - - [01/Mar/2024:09:56:45 +0800] "GET /xingrg/all/function/internal_message.html?_=1709258205967&CODE_STATE=count HTTP/1.1" 200 11
116.224.254.208 - - [01/Mar/2024:09:56:45 +0800] "GET /xingrg/javascript/jquery_easy_ui/themes/default/images/tabs_rightarrow.png HTTP/1.1" 304 -
116.224.254.208 - - [01/Mar/2024:09:56:45 +0800] "GET /xingrg/check_reg.html?_=1709258205967 HTTP/1.1" 200 22
116.224.254.208 - - [01/Mar/2024:09:56:45 +0800] "GET /xingrg/images/blue/pingpu.png HTTP/1.1" 304 -
116.224.254.208 - - [01/Mar/2024:09:56:45 +0800] "GET /xingrg/javascript/jquery_easy_ui/themes/default/images/panel_tool_collapse.gif HTTP/1.1" 304 -
116.224.254.208 - - [01/Mar/2024:09:56:45 +0800] "GET /xingrg/javascript/jquery_easy_ui/themes/default/images/tabs_leftarrow.png HTTP/1.1" 304 -
116.224.254.208 - - [01/Mar/2024:09:56:46 +0800] "POST /xingrg/all/common/load_tree.html?tree=area_rest_tree_json&manage=1 HTTP/1.1" 200 476
116.224.254.208 - - [01/Mar/2024:09:56:46 +0800] "POST /xingrg/load_menu.html HTTP/1.1" 200 5138
120.253.135.82 - - [01/Mar/2024:09:56:46 +0800] "GET /xingrg/all/function/internal_message.html?_=1709258042171&CODE_STATE=getMsg HTTP/1.1" 200 27
218.81.65.124 - - [01/Mar/2024:09:56:48 +0800] "GET /xingrg/all/function/internal_message.html?_=1709258215161&CODE_STATE=getMsg HTTP/1.1" 200 27
116.224.254.208 - - [01/Mar/2024:09:56:48 +0800] "GET /xingrg/kc/buy/cgsh_order_list.html HTTP/1.1" 200 57747
101.83.145.37 - - [01/Mar/2024:09:56:49 +0800] "GET /xingrg/all/function/internal_message.html?_=1709257973136&CODE_STATE=getMsg HTTP/1.1" 200 27
116.238.97.31 - - [01/Mar/2024:09:56:49 +0800] "GET /xingrg/kc/buy/cgsh_order_add.html HTTP/1.1" 200 73551
124.79.245.19 - - [01/Mar/2024:09:56:49 +0800] "GET /xingrg/all/function/internal_message.html?_=1709258222984&CODE_STATE=getMsg HTTP/1.1" 200 27
116.238.97.31 - - [01/Mar/2024:09:56:50 +0800] "POST /xingrg/kc/buy/cgsh_order_operate.html HTTP/1.1" 200 8245
116.238.97.31 - - [01/Mar/2024:09:56:50 +0800] "GET /xingrg/javascript/easyui/themes/default/validatebox.css HTTP/1.1" 404 1104
116.224.254.208 - - [01/Mar/2024:09:56:51 +0800] "POST /xingrg/kc/buy/cgsh_list_operate.html HTTP/1.1" 200 986
116.230.112.9 - - [01/Mar/2024:09:56:51 +0800] "GET /xingrg/all/function/internal_message.html?_=1709258229819&CODE_STATE=getMsg HTTP/1.1" 200 27
116.224.254.208 - - [01/Mar/2024:09:56:52 +0800] "GET /xingrg/kc/buy/cgsh_order_add.html HTTP/1.1" 200 73560
116.224.254.208 - - [01/Mar/2024:09:56:53 +0800] "POST /xingrg/dwr/call/plaincall/AjaxCheckService.setItemNumber.dwr HTTP/1.1" 200 78
116.224.254.208 - - [01/Mar/2024:09:56:53 +0800] "POST /xingrg/kc/buy/cgsh_order_operate.html HTTP/1.1" 200 8245
116.224.254.208 - - [01/Mar/2024:09:56:53 +0800] "GET /xingrg/javascript/easyui/themes/default/validatebox.css HTTP/1.1" 404 1104
116.224.254.208 - - [01/Mar/2024:09:56:53 +0800] "POST /xingrg/dwr/call/plaincall/AjaxCheckService.setItemNumber.dwr HTTP/1.1" 200 78
124.78.67.200 - - [01/Mar/2024:09:56:53 +0800] "GET /xingrg/all/function/internal_message.html?_=1709258213955&CODE_STATE=getMsg HTTP/1.1" 200 27
116.224.254.208 - - [01/Mar/2024:09:56:55 +0800] "GET /xingrg/javascript/auto/indicator.gif HTTP/1.1" 404 1066
116.224.254.208 - - [01/Mar/2024:09:56:57 +0800] "POST /xingrg/dwr/call/plaincall/AjaxCheckService.setItemNumber.dwr HTTP/1.1" 200 78
116.224.254.208 - - [01/Mar/2024:09:56:58 +0800] "GET /xingrg/all/function/internal_message.html?_=1709258218146&CODE_STATE=getMsg HTTP/1.1" 200 27
116.224.254.208 - - [01/Mar/2024:09:57:00 +0800] "POST /xingrg/dwr/call/plaincall/AjaxCheckService.setItemNumber.dwr HTTP/1.1" 200 78
218.81.65.124 - - [01/Mar/2024:09:57:00 +0800] "GET /xingrg/kc/base/check_order_info.html?code=452024030100003 HTTP/1.1" 200 26467
218.81.65.124 - - [01/Mar/2024:09:57:00 +0800] "GET /xingrg/dwr/interface/AjaxComOrderService.js HTTP/1.1" 200 18264
218.81.65.124 - - [01/Mar/2024:09:57:00 +0800] "GET /xingrg/dwr/interface/AjaxCheckService.js HTTP/1.1" 200 14003
218.81.65.124 - - [01/Mar/2024:09:57:00 +0800] "GET /xingrg/dwr/engine.js HTTP/1.1" 200 43631
218.81.65.124 - - [01/Mar/2024:09:57:00 +0800] "POST /xingrg/dwr/call/plaincall/AjaxCheckService.loadOrderItems.dwr HTTP/1.1" 200 1649
120.253.135.82 - - [01/Mar/2024:09:57:03 +0800] "GET /xingrg/kc/pszx/mdps_order_operate.html?command=get_materiel&pszx_code=00101&rest_code=00149&base_code=0010246&code=00101008001 HTTP/1.1" 200 433
218.81.65.124 - - [01/Mar/2024:09:57:03 +0800] "POST /xingrg/dwr/call/plaincall/AjaxCheckService.setItemNumber.dwr HTTP/1.1" 200 76
218.81.65.124 - - [01/Mar/2024:09:57:04 +0800] "POST /xingrg/dwr/call/plaincall/AjaxCheckService.setItemNumber.dwr HTTP/1.1" 200 76
116.224.254.208 - - [01/Mar/2024:09:57:04 +0800] "GET /xingrg/kc/buy/cgsh_order_operate.html?command=get_materiel&rest_code=00150&code=00101009109&supplier_code=00100022&order_time=2024-03-01 HTTP/1.1" 200 413
116.230.112.9 - - [01/Mar/2024:09:57:04 +0800] "GET /xingrg/kc/buy/cgsh_order_operate.html?command=get_materiel&rest_code=00146&code=00101016030&supplier_code=00100033&order_time=2024-03-01 HTTP/1.1" 200 412
221.239.172.101 - - [01/Mar/2024:09:57:04 +0800] "GET /xingrg/all/function/internal_message.html?_=1709258223301&CODE_STATE=getMsg HTTP/1.1" 200 27
180.171.62.200 - - [01/Mar/2024:09:57:06 +0800] "GET /xingrg/all/function/internal_message.html?_=1709258232983&CODE_STATE=getMsg HTTP/1.1" 200 27
116.232.194.112 - - [01/Mar/2024:09:57:06 +0800] "GET /xingrg/all/function/internal_message.html?_=1709258210963&CODE_STATE=getMsg HTTP/1.1" 200 27
120.253.135.82 - - [01/Mar/2024:09:57:11 +0800] "POST /xingrg/kc/pszx/mdps_order_operate.html HTTP/1.1" 200 37
120.253.135.82 - - [01/Mar/2024:09:57:12 +0800] "GET /xingrg/all/function/internal_message.html?_=1709258401654&CODE_STATE=getMsg HTTP/1.1" 200 27
218.81.65.124 - - [01/Mar/2024:09:57:12 +0800] "POST /xingrg/dwr/call/plaincall/AjaxCheckService.checkOrder.dwr HTTP/1.1" 200 78
218.81.65.124 - - [01/Mar/2024:09:57:14 +0800] "GET /xingrg/kc/base/check_order_info.html?code=452024030100003 HTTP/1.1" 200 22854
218.81.65.124 - - [01/Mar/2024:09:57:14 +0800] "GET /xingrg/dwr/interface/AjaxComOrderService.js HTTP/1.1" 200 18264
218.81.65.124 - - [01/Mar/2024:09:57:14 +0800] "GET /xingrg/dwr/interface/AjaxCheckService.js HTTP/1.1" 200 14003
218.81.65.124 - - [01/Mar/2024:09:57:14 +0800] "GET /xingrg/dwr/engine.js HTTP/1.1" 200 43631
120.253.135.82 - - [01/Mar/2024:09:57:15 +0800] "GET /xingrg/kc/pszx/mdps_order_info.html?code=312024030100023 HTTP/1.1" 200 23984
120.253.135.82 - - [01/Mar/2024:09:57:15 +0800] "GET /xingrg/javascript/easyui/themes/default/validatebox.css HTTP/1.1" 404 1104
124.79.245.19 - - [01/Mar/2024:09:57:16 +0800] "GET /xingrg/all/function/internal_message.html?_=1709258235322&CODE_STATE=getMsg HTTP/1.1" 200 27
120.253.135.82 - - [01/Mar/2024:09:57:16 +0800] "POST /xingrg/kc/pszx/mdps_order_operate.html HTTP/1.1" 200 2275
172.20.0.8 - - [01/Mar/2024:09:57:17 +0800] "GET /xingrg/all/function/internal_message.html?_=1709258237364&CODE_STATE=getMsg HTTP/1.1" 302 -
120.253.135.82 - - [01/Mar/2024:09:57:20 +0800] "POST /xingrg/kc/pszx/mdps_list_operate.html HTTP/1.1" 200 2065
116.230.123.222 - - [01/Mar/2024:09:57:21 +0800] "GET /xingrg/all/function/internal_message.html?_=1709258238976&CODE_STATE=getMsg HTTP/1.1" 200 27
116.230.123.222 - - [01/Mar/2024:09:57:21 +0800] "POST /xingrg/kc/buy/cgsh_order_operate.html HTTP/1.1" 200 37
116.224.254.208 - - [01/Mar/2024:09:57:23 +0800] "GET /xingrg/kc/buy/cgsh_order_operate.html?command=get_materiel&rest_code=00150&code=00101009175&supplier_code=00100022&order_time=2024-03-01 HTTP/1.1" 200 414
101.228.147.14 - - [01/Mar/2024:09:57:23 +0800] "GET /xingrg/all/function/internal_message.html?_=1709258243705&CODE_STATE=getMsg HTTP/1.1" 200 27
101.83.145.37 - - [01/Mar/2024:09:57:26 +0800] "GET /xingrg/all/function/internal_message.html?_=1709258246630&CODE_STATE=getMsg HTTP/1.1" 200 27
116.224.254.208 - - [01/Mar/2024:09:57:34 +0800] "GET /xingrg/kc/buy/cgsh_order_operate.html?command=get_materiel&rest_code=00150&code=00101009140&supplier_code=00100022&order_time=2024-03-01 HTTP/1.1" 200 413
116.230.112.9 - - [01/Mar/2024:09:57:35 +0800] "GET /xingrg/kc/buy/cgsh_order_operate.html?command=get_materiel&rest_code=00146&code=00101012029&supplier_code=00100033&order_time=2024-03-01 HTTP/1.1" 200 412
101.83.145.37 - - [01/Mar/2024:09:57:35 +0800] "GET /xingrg/check_reg.html?_=1709258019171 HTTP/1.1" 200 22
101.83.145.37 - - [01/Mar/2024:09:57:35 +0800] "GET /xingrg/all/function/internal_message.html?_=1709258019174&CODE_STATE=getMsg HTTP/1.1" 200 27
114.83.217.226 - - [01/Mar/2024:09:57:41 +0800] "GET /xingrg/all/function/internal_message.html?_=1709258258325&CODE_STATE=getMsg HTTP/1.1" 200 27
116.238.97.31 - - [01/Mar/2024:09:57:41 +0800] "GET /xingrg/all/function/internal_message.html?_=1709258260853&CODE_STATE=getMsg HTTP/1.1" 200 27
116.224.254.208 - - [01/Mar/2024:09:57:42 +0800] "POST /xingrg/dwr/call/plaincall/AjaxCheckService.checkOrder.dwr HTTP/1.1" 200 80
218.81.65.124 - - [01/Mar/2024:09:57:42 +0800] "POST /xingrg/dwr/call/plaincall/AjaxCheckService.loadOrderItems.dwr HTTP/1.1" 200 939
222.69.133.153 - - [01/Mar/2024:09:57:42 +0800] "POST /xingrg/dwr/call/plaincall/AjaxCheckService.setItemNumber.dwr HTTP/1.1" 200 77
222.69.133.153 - - [01/Mar/2024:09:57:42 +0800] "POST /xingrg/dwr/call/plaincall/AjaxCheckService.setItemNumber.dwr HTTP/1.1" 200 77
180.164.1.25 - - [01/Mar/2024:09:57:43 +0800] "GET /xingrg/all/function/internal_message.html?_=1709258262458&CODE_STATE=getMsg HTTP/1.1" 200 27
180.164.1.25 - - [01/Mar/2024:09:57:43 +0800] "GET /xingrg/check_reg.html?_=1709258262566 HTTP/1.1" 200 22
222.69.133.153 - - [01/Mar/2024:09:57:45 +0800] "GET /xingrg/all/function/internal_message.html?_=1709258267851&CODE_STATE=getMsg HTTP/1.1" 200 27
116.224.254.208 - - [01/Mar/2024:09:57:45 +0800] "GET /xingrg/all/function/internal_message.html?_=1709258265985&CODE_STATE=getMsg HTTP/1.1" 200 27
218.81.65.124 - - [01/Mar/2024:09:57:45 +0800] "GET /xingrg/kc/base/check_order_list.html?isBack=1 HTTP/1.1" 200 16138
120.253.135.82 - - [01/Mar/2024:09:57:46 +0800] "GET /xingrg/check_reg.html?_=1709258102002 HTTP/1.1" 200 22
218.81.65.124 - - [01/Mar/2024:09:57:46 +0800] "POST /xingrg/kc/base/check_list_operate.html HTTP/1.1" 200 4676
120.253.135.82 - - [01/Mar/2024:09:57:46 +0800] "GET /xingrg/all/function/internal_message.html?_=1709258102185&CODE_STATE=getMsg HTTP/1.1" 200 27
120.253.135.82 - - [01/Mar/2024:09:57:46 +0800] "POST /xingrg/kc/pszx/mdps_list_operate.html HTTP/1.1" 200 868
218.81.65.124 - - [01/Mar/2024:09:57:47 +0800] "GET /xingrg/kc/base/check_order_info.html?code=452024022900372 HTTP/1.1" 200 26467
218.81.65.124 - - [01/Mar/2024:09:57:47 +0800] "GET /xingrg/dwr/interface/AjaxComOrderService.js HTTP/1.1" 200 18264
218.81.65.124 - - [01/Mar/2024:09:57:47 +0800] "GET /xingrg/dwr/interface/AjaxCheckService.js HTTP/1.1" 200 14003
218.81.65.124 - - [01/Mar/2024:09:57:47 +0800] "GET /xingrg/dwr/engine.js HTTP/1.1" 200 43631
218.81.65.124 - - [01/Mar/2024:09:57:48 +0800] "POST /xingrg/dwr/call/plaincall/AjaxCheckService.loadOrderItems.dwr HTTP/1.1" 200 5705
218.81.65.124 - - [01/Mar/2024:09:57:48 +0800] "GET /xingrg/check_reg.html?_=1709258275149 HTTP/1.1" 200 22
218.81.65.124 - - [01/Mar/2024:09:57:48 +0800] "GET /xingrg/all/function/internal_message.html?_=1709258275164&CODE_STATE=getMsg HTTP/1.1" 200 27
101.83.145.37 - - [01/Mar/2024:09:57:49 +0800] "GET /xingrg/all/function/internal_message.html?_=1709258033136&CODE_STATE=getMsg HTTP/1.1" 200 27
101.83.145.37 - - [01/Mar/2024:09:57:49 +0800] "GET /xingrg/check_reg.html?_=1709258033139 HTTP/1.1" 200 22
124.79.245.19 - - [01/Mar/2024:09:57:49 +0800] "GET /xingrg/all/function/internal_message.html?_=1709258282954&CODE_STATE=getMsg HTTP/1.1" 200 27
116.230.123.222 - - [01/Mar/2024:09:57:49 +0800] "POST /xingrg/kc/buy/cgsh_order_operate.html HTTP/1.1" 200 12
120.253.135.82 - - [01/Mar/2024:09:57:49 +0800] "GET /xingrg/kc/pszx/mdps_order_add.html HTTP/1.1" 200 29064
120.253.135.82 - - [01/Mar/2024:09:57:50 +0800] "POST /xingrg/kc/pszx/mdps_order_operate.html HTTP/1.1" 200 7126
120.253.135.82 - - [01/Mar/2024:09:57:50 +0800] "GET /xingrg/javascript/easyui/themes/default/validatebox.css HTTP/1.1" 404 1104
218.81.65.124 - - [01/Mar/2024:09:57:50 +0800] "POST /xingrg/dwr/call/plaincall/AjaxCheckService.setItemNumber.dwr HTTP/1.1" 200 76
218.81.65.124 - - [01/Mar/2024:09:57:51 +0800] "POST /xingrg/dwr/call/plaincall/AjaxCheckService.setItemNumber.dwr HTTP/1.1" 200 76
116.230.112.9 - - [01/Mar/2024:09:57:51 +0800] "GET /xingrg/check_reg.html?_=1709258289679 HTTP/1.1" 200 22
218.81.65.124 - - [01/Mar/2024:09:57:51 +0800] "POST /xingrg/dwr/call/plaincall/AjaxCheckService.setItemNumber.dwr HTTP/1.1" 200 76
116.230.112.9 - - [01/Mar/2024:09:57:51 +0800] "GET /xingrg/all/function/internal_message.html?_=1709258289832&CODE_STATE=getMsg HTTP/1.1" 200 27
218.81.65.124 - - [01/Mar/2024:09:57:52 +0800] "POST /xingrg/dwr/call/plaincall/AjaxCheckService.setItemNumber.dwr HTTP/1.1" 200 76
116.230.123.222 - - [01/Mar/2024:09:57:52 +0800] "GET /xingrg/kc/buy/cgsh_order_info.html?code=212024030100022 HTTP/1.1" 200 68381
218.81.65.124 - - [01/Mar/2024:09:57:53 +0800] "POST /xingrg/dwr/call/plaincall/AjaxCheckService.setItemNumber.dwr HTTP/1.1" 200 76
218.81.65.124 - - [01/Mar/2024:09:57:53 +0800] "POST /xingrg/dwr/call/plaincall/AjaxCheckService.setItemNumber.dwr HTTP/1.1" 200 76
218.81.65.124 - - [01/Mar/2024:09:57:53 +0800] "POST /xingrg/dwr/call/plaincall/AjaxCheckService.setItemNumber.dwr HTTP/1.1" 200 76
116.230.123.222 - - [01/Mar/2024:09:57:53 +0800] "GET /xingrg/javascript/easyui/themes/default/validatebox.css HTTP/1.1" 404 1104
124.78.67.200 - - [01/Mar/2024:09:57:53 +0800] "GET /xingrg/all/function/internal_message.html?_=1709258273949&CODE_STATE=getMsg HTTP/1.1" 200 27
218.81.65.124 - - [01/Mar/2024:09:57:54 +0800] "POST /xingrg/dwr/call/plaincall/AjaxCheckService.setItemNumber.dwr HTTP/1.1" 200 76
116.230.123.222 - - [01/Mar/2024:09:57:54 +0800] "POST /xingrg/kc/buy/cgsh_order_operate.html HTTP/1.1" 200 20669
116.230.123.222 - - [01/Mar/2024:09:57:55 +0800] "GET /xingrg/kc/print/load_config.html?kc_code=cgsh HTTP/1.1" 200 1927
116.224.254.208 - - [01/Mar/2024:09:57:58 +0800] "POST /xingrg/kc/buy/cgsh_order_operate.html HTTP/1.1" 200 37
116.230.123.222 - - [01/Mar/2024:09:57:58 +0800] "GET /xingrg/kc/print/load_data.html?order_code=212024030100022&kc_code=cgsh&condition= HTTP/1.1" 200 8267
120.253.135.82 - - [01/Mar/2024:09:57:59 +0800] "POST /xingrg/all/common/load_combo.html?type=base HTTP/1.1" 200 1169
116.230.112.9 - - [01/Mar/2024:09:58:00 +0800] "GET /xingrg/kc/buy/cgsh_order_operate.html?command=get_materiel&rest_code=00146&code=00101012051&supplier_code=00100033&order_time=2024-03-01 HTTP/1.1" 200 408
218.81.65.124 - - [01/Mar/2024:09:58:00 +0800] "POST /xingrg/dwr/call/plaincall/AjaxCheckService.checkOrder.dwr HTTP/1.1" 200 78
218.81.65.124 - - [01/Mar/2024:09:58:01 +0800] "GET /xingrg/kc/base/check_order_info.html?code=452024022900372 HTTP/1.1" 200 22854
218.81.65.124 - - [01/Mar/2024:09:58:01 +0800] "GET /xingrg/dwr/interface/AjaxComOrderService.js HTTP/1.1" 200 18264
218.81.65.124 - - [01/Mar/2024:09:58:01 +0800] "GET /xingrg/dwr/interface/AjaxCheckService.js HTTP/1.1" 200 14003
218.81.65.124 - - [01/Mar/2024:09:58:01 +0800] "GET /xingrg/dwr/engine.js HTTP/1.1" 200 43631
218.81.65.124 - - [01/Mar/2024:09:58:01 +0800] "POST /xingrg/dwr/call/plaincall/AjaxCheckService.loadOrderItems.dwr HTTP/1.1" 200 2865
218.81.65.124 - - [01/Mar/2024:09:58:03 +0800] "GET /xingrg/kc/base/check_order_list.html?isBack=1 HTTP/1.1" 200 16138
218.81.65.124 - - [01/Mar/2024:09:58:04 +0800] "POST /xingrg/kc/base/check_list_operate.html HTTP/1.1" 200 4489
221.239.172.101 - - [01/Mar/2024:09:58:04 +0800] "GET /xingrg/all/function/internal_message.html?_=1709258283300&CODE_STATE=getMsg HTTP/1.1" 200 27
116.224.254.208 - - [01/Mar/2024:09:58:05 +0800] "POST /xingrg/kc/buy/cgsh_order_operate.html HTTP/1.1" 200 12
180.171.62.200 - - [01/Mar/2024:09:58:06 +0800] "GET /xingrg/check_reg.html?_=1709258292985 HTTP/1.1" 200 22
180.171.62.200 - - [01/Mar/2024:09:58:06 +0800] "GET /xingrg/all/function/internal_message.html?_=1709258292989&CODE_STATE=getMsg HTTP/1.1" 200 27
116.232.194.112 - - [01/Mar/2024:09:58:06 +0800] "GET /xingrg/all/function/internal_message.html?_=1709258270979&CODE_STATE=getMsg HTTP/1.1" 200 27
218.81.65.124 - - [01/Mar/2024:09:58:06 +0800] "GET /xingrg/kc/base/check_order_info.html?code=452024022900171 HTTP/1.1" 200 26467
218.81.65.124 - - [01/Mar/2024:09:58:06 +0800] "GET /xingrg/dwr/interface/AjaxComOrderService.js HTTP/1.1" 200 18264
218.81.65.124 - - [01/Mar/2024:09:58:06 +0800] "GET /xingrg/dwr/interface/AjaxCheckService.js HTTP/1.1" 200 14003
218.81.65.124 - - [01/Mar/2024:09:58:06 +0800] "GET /xingrg/dwr/engine.js HTTP/1.1" 200 43631
218.81.65.124 - - [01/Mar/2024:09:58:07 +0800] "POST /xingrg/dwr/call/plaincall/AjaxCheckService.loadOrderItems.dwr HTTP/1.1" 200 33758
120.253.135.82 - - [01/Mar/2024:09:58:07 +0800] "GET /xingrg/kc/pszx/mdps_order_operate.html?command=get_materiel&pszx_code=00101&rest_code=00147&base_code=0010246&code=00101008001 HTTP/1.1" 200 433
120.253.135.82 - - [01/Mar/2024:09:58:12 +0800] "GET /xingrg/all/function/internal_message.html?_=1709258461658&CODE_STATE=getMsg HTTP/1.1" 200 27
124.79.245.19 - - [01/Mar/2024:09:58:16 +0800] "GET /xingrg/all/function/internal_message.html?_=1709258295310&CODE_STATE=getMsg HTTP/1.1" 200 27
172.20.0.8 - - [01/Mar/2024:09:58:17 +0800] "GET /xingrg/all/function/internal_message.html?_=1709258297365&CODE_STATE=getMsg HTTP/1.1" 302 -
172.20.0.8 - - [01/Mar/2024:09:58:17 +0800] "GET /xingrg/check_reg.html?_=1709258297368 HTTP/1.1" 302 -
116.230.123.222 - - [01/Mar/2024:09:58:21 +0800] "GET /xingrg/all/function/internal_message.html?_=1709258298988&CODE_STATE=getMsg HTTP/1.1" 200 27
101.228.147.14 - - [01/Mar/2024:09:58:23 +0800] "GET /xingrg/all/function/internal_message.html?_=1709258303704&CODE_STATE=getMsg HTTP/1.1" 200 27
101.83.145.37 - - [01/Mar/2024:09:58:26 +0800] "GET /xingrg/all/function/internal_message.html?_=1709258306629&CODE_STATE=getMsg HTTP/1.1" 200 27
120.253.135.82 - - [01/Mar/2024:09:58:27 +0800] "POST /xingrg/kc/pszx/mdps_order_operate.html HTTP/1.1" 200 37
120.253.135.82 - - [01/Mar/2024:09:58:28 +0800] "GET /xingrg/kc/pszx/mdps_order_info.html?code=312024030100024 HTTP/1.1" 200 23984
120.253.135.82 - - [01/Mar/2024:09:58:28 +0800] "GET /xingrg/javascript/easyui/themes/default/validatebox.css HTTP/1.1" 404 1104
120.253.135.82 - - [01/Mar/2024:09:58:29 +0800] "POST /xingrg/kc/pszx/mdps_order_operate.html HTTP/1.1" 200 2275
218.81.65.124 - - [01/Mar/2024:09:58:34 +0800] "POST /xingrg/dwr/call/plaincall/AjaxCheckService.setItemNumber.dwr HTTP/1.1" 200 76
218.81.65.124 - - [01/Mar/2024:09:58:35 +0800] "POST /xingrg/dwr/call/plaincall/AjaxCheckService.setItemNumber.dwr HTTP/1.1" 200 76
101.83.145.37 - - [01/Mar/2024:09:58:35 +0800] "GET /xingrg/all/function/internal_message.html?_=1709258079174&CODE_STATE=getMsg HTTP/1.1" 200 27
218.81.65.124 - - [01/Mar/2024:09:58:36 +0800] "POST /xingrg/dwr/call/plaincall/AjaxCheckService.setItemNumber.dwr HTTP/1.1" 200 76
218.81.65.124 - - [01/Mar/2024:09:58:36 +0800] "POST /xingrg/dwr/call/plaincall/AjaxCheckService.setItemNumber.dwr HTTP/1.1" 200 76
116.230.112.9 - - [01/Mar/2024:09:58:37 +0800] "GET /xingrg/kc/buy/cgsh_order_operate.html?command=get_materiel&rest_code=00146&code=00101019435&supplier_code=00100033&order_time=2024-03-01 HTTP/1.1" 200 417
218.81.65.124 - - [01/Mar/2024:09:58:37 +0800] "POST /xingrg/dwr/call/plaincall/AjaxCheckService.setItemNumber.dwr HTTP/1.1" 200 76
218.81.65.124 - - [01/Mar/2024:09:58:38 +0800] "POST /xingrg/dwr/call/plaincall/AjaxCheckService.setItemNumber.dwr HTTP/1.1" 200 76
218.81.65.124 - - [01/Mar/2024:09:58:38 +0800] "POST /xingrg/dwr/call/plaincall/AjaxCheckService.setItemNumber.dwr HTTP/1.1" 200 76
218.81.65.124 - - [01/Mar/2024:09:58:39 +0800] "POST /xingrg/dwr/call/plaincall/AjaxCheckService.setItemNumber.dwr HTTP/1.1" 200 76
218.81.65.124 - - [01/Mar/2024:09:58:39 +0800] "POST /xingrg/dwr/call/plaincall/AjaxCheckService.setItemNumber.dwr HTTP/1.1" 200 76
218.81.65.124 - - [01/Mar/2024:09:58:40 +0800] "POST /xingrg/dwr/call/plaincall/AjaxCheckService.setItemNumber.dwr HTTP/1.1" 200 77
218.81.65.124 - - [01/Mar/2024:09:58:40 +0800] "POST /xingrg/dwr/call/plaincall/AjaxCheckService.setItemNumber.dwr HTTP/1.1" 200 77
114.83.217.226 - - [01/Mar/2024:09:58:41 +0800] "GET /xingrg/all/function/internal_message.html?_=1709258318303&CODE_STATE=getMsg HTTP/1.1" 200 27
116.238.97.31 - - [01/Mar/2024:09:58:41 +0800] "GET /xingrg/all/function/internal_message.html?_=1709258320854&CODE_STATE=getMsg HTTP/1.1" 200 27
218.81.65.124 - - [01/Mar/2024:09:58:41 +0800] "POST /xingrg/dwr/call/plaincall/AjaxCheckService.setItemNumber.dwr HTTP/1.1" 200 77
218.81.65.124 - - [01/Mar/2024:09:58:42 +0800] "POST /xingrg/dwr/call/plaincall/AjaxCheckService.setItemNumber.dwr HTTP/1.1" 200 77
116.224.254.208 - - [01/Mar/2024:09:58:42 +0800] "GET /xingrg/kc/buy/cgsh_order_info.html?code=212024030100023 HTTP/1.1" 200 68467
116.224.254.208 - - [01/Mar/2024:09:58:43 +0800] "GET /xingrg/javascript/easyui/themes/default/validatebox.css HTTP/1.1" 404 1104
218.81.65.124 - - [01/Mar/2024:09:58:43 +0800] "POST /xingrg/dwr/call/plaincall/AjaxCheckService.setItemNumber.dwr HTTP/1.1" 200 77
180.164.1.25 - - [01/Mar/2024:09:58:43 +0800] "GET /xingrg/all/function/internal_message.html?_=1709258322459&CODE_STATE=getMsg HTTP/1.1" 200 27
218.81.65.124 - - [01/Mar/2024:09:58:43 +0800] "POST /xingrg/dwr/call/plaincall/AjaxCheckService.setItemNumber.dwr HTTP/1.1" 200 77
116.224.254.208 - - [01/Mar/2024:09:58:44 +0800] "POST /xingrg/kc/buy/cgsh_order_operate.html HTTP/1.1" 200 1794
218.81.65.124 - - [01/Mar/2024:09:58:44 +0800] "POST /xingrg/dwr/call/plaincall/AjaxCheckService.setItemNumber.dwr HTTP/1.1" 200 77
218.81.65.124 - - [01/Mar/2024:09:58:44 +0800] "POST /xingrg/dwr/call/plaincall/AjaxCheckService.setItemNumber.dwr HTTP/1.1" 200 77
120.253.135.82 - - [01/Mar/2024:09:58:45 +0800] "POST /xingrg/kc/pszx/mdps_list_operate.html HTTP/1.1" 200 1699
218.81.65.124 - - [01/Mar/2024:09:58:45 +0800] "POST /xingrg/dwr/call/plaincall/AjaxCheckService.setItemNumber.dwr HTTP/1.1" 200 77
222.69.133.153 - - [01/Mar/2024:09:58:45 +0800] "GET /xingrg/all/function/internal_message.html?_=1709258327822&CODE_STATE=getMsg HTTP/1.1" 200 27
218.81.65.124 - - [01/Mar/2024:09:58:45 +0800] "POST /xingrg/dwr/call/plaincall/AjaxCheckService.setItemNumber.dwr HTTP/1.1" 200 77
116.224.254.208 - - [01/Mar/2024:09:58:45 +0800] "GET /xingrg/all/function/internal_message.html?_=1709258325979&CODE_STATE=getMsg HTTP/1.1" 200 27
120.253.135.82 - - [01/Mar/2024:09:58:46 +0800] "GET /xingrg/all/function/internal_message.html?_=1709258162198&CODE_STATE=getMsg HTTP/1.1" 200 27
218.81.65.124 - - [01/Mar/2024:09:58:46 +0800] "POST /xingrg/dwr/call/plaincall/AjaxCheckService.setItemNumber.dwr HTTP/1.1" 200 77
116.224.254.208 - - [01/Mar/2024:09:58:46 +0800] "GET /xingrg/kc/print/load_data.html?order_code=212024030100023&kc_code=cgsh&condition= HTTP/1.1" 200 1199
218.81.65.124 - - [01/Mar/2024:09:58:46 +0800] "POST /xingrg/dwr/call/plaincall/AjaxCheckService.setItemNumber.dwr HTTP/1.1" 200 77
218.81.65.124 - - [01/Mar/2024:09:58:46 +0800] "POST /xingrg/dwr/call/plaincall/AjaxCheckService.setItemNumber.dwr HTTP/1.1" 200 77
218.81.65.124 - - [01/Mar/2024:09:58:47 +0800] "POST /xingrg/dwr/call/plaincall/AjaxCheckService.setItemNumber.dwr HTTP/1.1" 200 77
218.81.65.124 - - [01/Mar/2024:09:58:47 +0800] "POST /xingrg/dwr/call/plaincall/AjaxCheckService.setItemNumber.dwr HTTP/1.1" 200 77
218.81.65.124 - - [01/Mar/2024:09:58:48 +0800] "POST /xingrg/dwr/call/plaincall/AjaxCheckService.setItemNumber.dwr HTTP/1.1" 200 77
218.81.65.124 - - [01/Mar/2024:09:58:48 +0800] "POST /xingrg/dwr/call/plaincall/AjaxCheckService.setItemNumber.dwr HTTP/1.1" 200 77
218.81.65.124 - - [01/Mar/2024:09:58:48 +0800] "GET /xingrg/all/function/internal_message.html?_=1709258335167&CODE_STATE=getMsg HTTP/1.1" 200 27
218.81.65.124 - - [01/Mar/2024:09:58:49 +0800] "POST /xingrg/dwr/call/plaincall/AjaxCheckService.setItemNumber.dwr HTTP/1.1" 200 77
101.83.145.37 - - [01/Mar/2024:09:58:49 +0800] "GET /xingrg/all/function/internal_message.html?_=1709258093139&CODE_STATE=getMsg HTTP/1.1" 200 27
218.81.65.124 - - [01/Mar/2024:09:58:49 +0800] "POST /xingrg/dwr/call/plaincall/AjaxCheckService.setItemNumber.dwr HTTP/1.1" 200 77
124.79.245.19 - - [01/Mar/2024:09:58:49 +0800] "GET /xingrg/all/function/internal_message.html?_=1709258342932&CODE_STATE=getMsg HTTP/1.1" 200 27
124.79.245.19 - - [01/Mar/2024:09:58:50 +0800] "GET /xingrg/check_reg.html?_=1709258343464 HTTP/1.1" 200 22
116.230.112.9 - - [01/Mar/2024:09:58:51 +0800] "GET /xingrg/all/function/internal_message.html?_=1709258349846&CODE_STATE=getMsg HTTP/1.1" 200 27
124.78.67.200 - - [01/Mar/2024:09:58:53 +0800] "GET /xingrg/all/function/internal_message.html?_=1709258333946&CODE_STATE=getMsg HTTP/1.1" 200 27
120.253.135.82 - - [01/Mar/2024:09:58:54 +0800] "POST /xingrg/kc/pszx/mdps_list_operate.html HTTP/1.1" 200 868
218.81.65.124 - - [01/Mar/2024:09:58:55 +0800] "POST /xingrg/dwr/call/plaincall/AjaxCheckService.setItemNumber.dwr HTTP/1.1" 200 77
120.253.135.82 - - [01/Mar/2024:09:58:57 +0800] "GET /xingrg/kc/pszx/mdps_order_add.html HTTP/1.1" 200 29064
120.253.135.82 - - [01/Mar/2024:09:58:57 +0800] "POST /xingrg/kc/pszx/mdps_order_operate.html HTTP/1.1" 200 7126
120.253.135.82 - - [01/Mar/2024:09:58:58 +0800] "GET /xingrg/javascript/easyui/themes/default/validatebox.css HTTP/1.1" 404 1104
116.230.112.9 - - [01/Mar/2024:09:58:59 +0800] "GET /xingrg/kc/buy/cgsh_order_operate.html?command=get_materiel&rest_code=00146&code=00101016105&supplier_code=00100033&order_time=2024-03-01 HTTP/1.1" 200 409
218.81.65.124 - - [01/Mar/2024:09:58:59 +0800] "POST /xingrg/dwr/call/plaincall/AjaxCheckService.setItemNumber.dwr HTTP/1.1" 200 77
218.81.65.124 - - [01/Mar/2024:09:59:00 +0800] "POST /xingrg/dwr/call/plaincall/AjaxCheckService.setItemNumber.dwr HTTP/1.1" 200 77
218.81.65.124 - - [01/Mar/2024:09:59:01 +0800] "POST /xingrg/dwr/call/plaincall/AjaxCheckService.setItemNumber.dwr HTTP/1.1" 200 77
218.81.65.124 - - [01/Mar/2024:09:59:03 +0800] "POST /xingrg/dwr/call/plaincall/AjaxCheckService.setItemNumber.dwr HTTP/1.1" 200 77
218.81.65.124 - - [01/Mar/2024:09:59:04 +0800] "POST /xingrg/dwr/call/plaincall/AjaxCheckService.setItemNumber.dwr HTTP/1.1" 200 77
218.81.65.124 - - [01/Mar/2024:09:59:04 +0800] "POST /xingrg/dwr/call/plaincall/AjaxCheckService.setItemNumber.dwr HTTP/1.1" 200 77
221.239.172.101 - - [01/Mar/2024:09:59:04 +0800] "GET /xingrg/all/function/internal_message.html?_=1709258343307&CODE_STATE=getMsg HTTP/1.1" 200 27
218.81.65.124 - - [01/Mar/2024:09:59:04 +0800] "POST /xingrg/dwr/call/plaincall/AjaxCheckService.setItemNumber.dwr HTTP/1.1" 200 77
218.81.65.124 - - [01/Mar/2024:09:59:05 +0800] "POST /xingrg/dwr/call/plaincall/AjaxCheckService.setItemNumber.dwr HTTP/1.1" 200 77
218.81.65.124 - - [01/Mar/2024:09:59:05 +0800] "POST /xingrg/dwr/call/plaincall/AjaxCheckService.setItemNumber.dwr HTTP/1.1" 200 77
120.253.135.82 - - [01/Mar/2024:09:59:05 +0800] "POST /xingrg/all/common/load_combo.html?type=base HTTP/1.1" 200 1169
218.81.65.124 - - [01/Mar/2024:09:59:05 +0800] "POST /xingrg/dwr/call/plaincall/AjaxCheckService.setItemNumber.dwr HTTP/1.1" 200 77
218.81.65.124 - - [01/Mar/2024:09:59:06 +0800] "POST /xingrg/dwr/call/plaincall/AjaxCheckService.setItemNumber.dwr HTTP/1.1" 200 77
180.171.62.200 - - [01/Mar/2024:09:59:06 +0800] "GET /xingrg/all/function/internal_message.html?_=1709258352975&CODE_STATE=getMsg HTTP/1.1" 200 27
116.232.194.112 - - [01/Mar/2024:09:59:06 +0800] "GET /xingrg/all/function/internal_message.html?_=1709258330981&CODE_STATE=getMsg HTTP/1.1" 200 27
218.81.65.124 - - [01/Mar/2024:09:59:06 +0800] "POST /xingrg/dwr/call/plaincall/AjaxCheckService.setItemNumber.dwr HTTP/1.1" 200 77
218.81.65.124 - - [01/Mar/2024:09:59:07 +0800] "POST /xingrg/dwr/call/plaincall/AjaxCheckService.setItemNumber.dwr HTTP/1.1" 200 77
218.81.65.124 - - [01/Mar/2024:09:59:07 +0800] "POST /xingrg/dwr/call/plaincall/AjaxCheckService.setItemNumber.dwr HTTP/1.1" 200 77
218.81.65.124 - - [01/Mar/2024:09:59:08 +0800] "POST /xingrg/dwr/call/plaincall/AjaxCheckService.setItemNumber.dwr HTTP/1.1" 200 77
116.224.254.208 - - [01/Mar/2024:09:59:10 +0800] "GET /xingrg/kc/base/check_order_info.html?code=452024022900123 HTTP/1.1" 200 22864
116.224.254.208 - - [01/Mar/2024:09:59:10 +0800] "GET /xingrg/dwr/interface/AjaxComOrderService.js HTTP/1.1" 200 18264
116.224.254.208 - - [01/Mar/2024:09:59:10 +0800] "GET /xingrg/dwr/interface/AjaxCheckService.js HTTP/1.1" 200 14003
116.224.254.208 - - [01/Mar/2024:09:59:10 +0800] "GET /xingrg/dwr/engine.js HTTP/1.1" 200 43631
116.224.254.208 - - [01/Mar/2024:09:59:11 +0800] "POST /xingrg/dwr/call/plaincall/AjaxCheckService.loadOrderItems.dwr HTTP/1.1" 200 121684
120.253.135.82 - - [01/Mar/2024:09:59:12 +0800] "GET /xingrg/all/function/internal_message.html?_=1709258521663&CODE_STATE=getMsg HTTP/1.1" 200 27
120.253.135.82 - - [01/Mar/2024:09:59:12 +0800] "GET /xingrg/check_reg.html?_=1709258521664 HTTP/1.1" 200 22
218.81.65.124 - - [01/Mar/2024:09:59:12 +0800] "POST /xingrg/dwr/call/plaincall/AjaxCheckService.setItemNumber.dwr HTTP/1.1" 200 77
218.81.65.124 - - [01/Mar/2024:09:59:15 +0800] "POST /xingrg/dwr/call/plaincall/AjaxCheckService.setItemNumber.dwr HTTP/1.1" 200 77
218.81.65.124 - - [01/Mar/2024:09:59:16 +0800] "POST /xingrg/dwr/call/plaincall/AjaxCheckService.setItemNumber.dwr HTTP/1.1" 200 77
124.79.245.19 - - [01/Mar/2024:09:59:16 +0800] "GET /xingrg/all/function/internal_message.html?_=1709258355293&CODE_STATE=getMsg HTTP/1.1" 200 27
124.79.245.19 - - [01/Mar/2024:09:59:16 +0800] "GET /xingrg/check_reg.html?_=1709258355403 HTTP/1.1" 200 22
218.81.65.124 - - [01/Mar/2024:09:59:16 +0800] "POST /xingrg/dwr/call/plaincall/AjaxCheckService.setItemNumber.dwr HTTP/1.1" 200 77
218.81.65.124 - - [01/Mar/2024:09:59:17 +0800] "POST /xingrg/dwr/call/plaincall/AjaxCheckService.setItemNumber.dwr HTTP/1.1" 200 77
172.20.0.8 - - [01/Mar/2024:09:59:17 +0800] "GET /xingrg/all/function/internal_message.html?_=1709258357368&CODE_STATE=getMsg HTTP/1.1" 302 -
218.81.65.124 - - [01/Mar/2024:09:59:17 +0800] "POST /xingrg/dwr/call/plaincall/AjaxCheckService.setItemNumber.dwr HTTP/1.1" 200 77
218.81.65.124 - - [01/Mar/2024:09:59:18 +0800] "POST /xingrg/dwr/call/plaincall/AjaxCheckService.setItemNumber.dwr HTTP/1.1" 200 77
218.81.65.124 - - [01/Mar/2024:09:59:18 +0800] "POST /xingrg/dwr/call/plaincall/AjaxCheckService.setItemNumber.dwr HTTP/1.1" 200 77
218.81.65.124 - - [01/Mar/2024:09:59:18 +0800] "POST /xingrg/dwr/call/plaincall/AjaxCheckService.setItemNumber.dwr HTTP/1.1" 200 77
218.81.65.124 - - [01/Mar/2024:09:59:19 +0800] "POST /xingrg/dwr/call/plaincall/AjaxCheckService.setItemNumber.dwr HTTP/1.1" 200 77
218.81.65.124 - - [01/Mar/2024:09:59:20 +0800] "POST /xingrg/dwr/call/plaincall/AjaxCheckService.setItemNumber.dwr HTTP/1.1" 200 77
218.81.65.124 - - [01/Mar/2024:09:59:20 +0800] "POST /xingrg/dwr/call/plaincall/AjaxCheckService.setItemNumber.dwr HTTP/1.1" 200 77
116.230.123.222 - - [01/Mar/2024:09:59:21 +0800] "GET /xingrg/all/function/internal_message.html?_=1709258358989&CODE_STATE=getMsg HTTP/1.1" 200 27
218.81.65.124 - - [01/Mar/2024:09:59:21 +0800] "POST /xingrg/dwr/call/plaincall/AjaxCheckService.setItemNumber.dwr HTTP/1.1" 200 77
218.81.65.124 - - [01/Mar/2024:09:59:21 +0800] "POST /xingrg/dwr/call/plaincall/AjaxCheckService.setItemNumber.dwr HTTP/1.1" 200 77
218.81.65.124 - - [01/Mar/2024:09:59:22 +0800] "POST /xingrg/dwr/call/plaincall/AjaxCheckService.setItemNumber.dwr HTTP/1.1" 200 77
218.81.65.124 - - [01/Mar/2024:09:59:22 +0800] "POST /xingrg/dwr/call/plaincall/AjaxCheckService.setItemNumber.dwr HTTP/1.1" 200 77
218.81.65.124 - - [01/Mar/2024:09:59:23 +0800] "POST /xingrg/dwr/call/plaincall/AjaxCheckService.setItemNumber.dwr HTTP/1.1" 200 77
101.228.147.14 - - [01/Mar/2024:09:59:23 +0800] "GET /xingrg/all/function/internal_message.html?_=1709258363703&CODE_STATE=getMsg HTTP/1.1" 200 27
101.228.147.14 - - [01/Mar/2024:09:59:23 +0800] "GET /xingrg/check_reg.html?_=1709258363705 HTTP/1.1" 200 22
218.81.65.124 - - [01/Mar/2024:09:59:24 +0800] "POST /xingrg/dwr/call/plaincall/AjaxCheckService.setItemNumber.dwr HTTP/1.1" 200 77
101.83.145.37 - - [01/Mar/2024:09:59:26 +0800] "GET /xingrg/all/function/internal_message.html?_=1709258366629&CODE_STATE=getMsg HTTP/1.1" 200 27
101.83.145.37 - - [01/Mar/2024:09:59:26 +0800] "GET /xingrg/check_reg.html?_=1709258366751 HTTP/1.1" 200 22
116.230.112.9 - - [01/Mar/2024:09:59:27 +0800] "GET /xingrg/kc/buy/cgsh_order_operate.html?command=get_materiel&rest_code=00146&code=00101016033&supplier_code=00100033&order_time=2024-03-01 HTTP/1.1" 200 412
116.232.194.112 - - [01/Mar/2024:09:59:27 +0800] "GET /xingrg/check_reg.html?_=1709258352251 HTTP/1.1" 200 22
120.253.135.82 - - [01/Mar/2024:09:59:28 +0800] "GET /xingrg/kc/pszx/mdps_order_operate.html?command=get_materiel&pszx_code=00101&rest_code=00146&base_code=0010246&code=00101008001 HTTP/1.1" 200 433
218.81.65.124 - - [01/Mar/2024:09:59:31 +0800] "POST /xingrg/dwr/call/plaincall/AjaxCheckService.setItemNumber.dwr HTTP/1.1" 200 77
218.81.65.124 - - [01/Mar/2024:09:59:32 +0800] "POST /xingrg/dwr/call/plaincall/AjaxCheckService.setItemNumber.dwr HTTP/1.1" 200 77
218.81.65.124 - - [01/Mar/2024:09:59:32 +0800] "POST /xingrg/dwr/call/plaincall/AjaxCheckService.setItemNumber.dwr HTTP/1.1" 200 77
218.81.65.124 - - [01/Mar/2024:09:59:33 +0800] "POST /xingrg/dwr/call/plaincall/AjaxCheckService.setItemNumber.dwr HTTP/1.1" 200 77
218.81.65.124 - - [01/Mar/2024:09:59:33 +0800] "POST /xingrg/dwr/call/plaincall/AjaxCheckService.setItemNumber.dwr HTTP/1.1" 200 77
101.83.145.37 - - [01/Mar/2024:09:59:35 +0800] "GET /xingrg/all/function/internal_message.html?_=1709258139174&CODE_STATE=getMsg HTTP/1.1" 200 27
218.81.65.124 - - [01/Mar/2024:09:59:36 +0800] "POST /xingrg/dwr/call/plaincall/AjaxCheckService.setItemNumber.dwr HTTP/1.1" 200 77
218.81.65.124 - - [01/Mar/2024:09:59:37 +0800] "POST /xingrg/dwr/call/plaincall/AjaxCheckService.setItemNumber.dwr HTTP/1.1" 200 77
218.81.65.124 - - [01/Mar/2024:09:59:38 +0800] "POST /xingrg/dwr/call/plaincall/AjaxCheckService.setItemNumber.dwr HTTP/1.1" 200 77
120.253.135.82 - - [01/Mar/2024:09:59:39 +0800] "POST /xingrg/kc/pszx/mdps_order_operate.html HTTP/1.1" 200 37
114.83.217.226 - - [01/Mar/2024:09:59:41 +0800] "GET /xingrg/all/function/internal_message.html?_=1709258378291&CODE_STATE=getMsg HTTP/1.1" 200 27
120.253.135.82 - - [01/Mar/2024:09:59:41 +0800] "GET /xingrg/kc/pszx/mdps_order_info.html?code=312024030100025 HTTP/1.1" 200 23984
116.238.97.31 - - [01/Mar/2024:09:59:41 +0800] "GET /xingrg/all/function/internal_message.html?_=1709258380857&CODE_STATE=getMsg HTTP/1.1" 200 27
120.253.135.82 - - [01/Mar/2024:09:59:41 +0800] "GET /xingrg/javascript/easyui/themes/default/validatebox.css HTTP/1.1" 404 1104
120.253.135.82 - - [01/Mar/2024:09:59:42 +0800] "POST /xingrg/kc/pszx/mdps_order_operate.html HTTP/1.1" 200 2275
222.69.133.153 - - [01/Mar/2024:09:59:42 +0800] "POST /xingrg/dwr/call/plaincall/AjaxCheckService.setItemNumber.dwr HTTP/1.1" 200 77
120.253.135.82 - - [01/Mar/2024:09:59:43 +0800] "POST /xingrg/kc/pszx/mdps_list_operate.html HTTP/1.1" 200 1699
180.164.1.25 - - [01/Mar/2024:09:59:43 +0800] "GET /xingrg/all/function/internal_message.html?_=1709258382417&CODE_STATE=getMsg HTTP/1.1" 200 27
120.253.135.82 - - [01/Mar/2024:09:59:44 +0800] "POST /xingrg/kc/pszx/mdps_list_operate.html HTTP/1.1" 200 201
222.69.133.153 - - [01/Mar/2024:09:59:44 +0800] "GET /xingrg/check_reg.html?_=1709258387148 HTTP/1.1" 200 22
222.69.133.153 - - [01/Mar/2024:09:59:45 +0800] "GET /xingrg/all/function/internal_message.html?_=1709258387793&CODE_STATE=getMsg HTTP/1.1" 200 27
116.230.112.9 - - [01/Mar/2024:09:59:45 +0800] "POST /xingrg/kc/buy/cgsh_order_operate.html HTTP/1.1" 200 37
116.224.254.208 - - [01/Mar/2024:09:59:45 +0800] "GET /xingrg/all/function/internal_message.html?_=1709258385978&CODE_STATE=getMsg HTTP/1.1" 200 27
120.253.135.82 - - [01/Mar/2024:09:59:46 +0800] "GET /xingrg/all/function/internal_message.html?_=1709258222211&CODE_STATE=getMsg HTTP/1.1" 200 27
222.69.133.153 - - [01/Mar/2024:09:59:47 +0800] "POST /xingrg/dwr/call/plaincall/AjaxCheckService.setItemNumber.dwr HTTP/1.1" 200 77
