116.230.112.9 - - [01/Mar/2024:07:50:52 +0800] "GET /xingrg/dwr/interface/AjaxComOrderService.js HTTP/1.1" 200 18264
116.230.112.9 - - [01/Mar/2024:07:50:53 +0800] "GET /xingrg/dwr/interface/AjaxCheckService.js HTTP/1.1" 200 14003
116.230.112.9 - - [01/Mar/2024:07:50:53 +0800] "GET /xingrg/dwr/engine.js HTTP/1.1" 200 43631
116.230.112.9 - - [01/Mar/2024:07:50:53 +0800] "GET /xingrg/all/function/internal_message.html?_=1709250670493&CODE_STATE=getMsg HTTP/1.1" 200 27
116.230.112.9 - - [01/Mar/2024:07:50:53 +0800] "POST /xingrg/dwr/call/plaincall/AjaxCheckService.loadOrderItems.dwr HTTP/1.1" 200 50432
124.78.67.200 - - [01/Mar/2024:07:50:53 +0800] "GET /xingrg/check_reg.html?_=1709250653987 HTTP/1.1" 200 22
124.78.67.200 - - [01/Mar/2024:07:50:53 +0800] "GET /xingrg/all/function/internal_message.html?_=1709250653991&CODE_STATE=getMsg HTTP/1.1" 200 27
221.239.172.101 - - [01/Mar/2024:07:51:04 +0800] "GET /xingrg/all/function/internal_message.html?_=1709250663140&CODE_STATE=getMsg HTTP/1.1" 200 27
120.253.135.82 - - [01/Mar/2024:07:51:05 +0800] "GET /xingrg/check_reg.html?_=1709250501346 HTTP/1.1" 200 22
116.230.112.9 - - [01/Mar/2024:07:51:05 +0800] "POST /xingrg/dwr/call/plaincall/AjaxCheckService.setItemNumber.dwr HTTP/1.1" 200 76
116.232.194.112 - - [01/Mar/2024:07:51:06 +0800] "GET /xingrg/check_reg.html?_=1709250650968 HTTP/1.1" 200 22
116.232.194.112 - - [01/Mar/2024:07:51:06 +0800] "GET /xingrg/all/function/internal_message.html?_=1709250650971&CODE_STATE=getMsg HTTP/1.1" 200 27
180.171.62.200 - - [01/Mar/2024:07:51:06 +0800] "GET /xingrg/all/function/internal_message.html?_=1709250672959&CODE_STATE=getMsg HTTP/1.1" 200 27
120.253.135.82 - - [01/Mar/2024:07:51:08 +0800] "GET /xingrg/all/function/internal_message.html?_=1709250504234&CODE_STATE=getMsg HTTP/1.1" 200 27
116.230.112.9 - - [01/Mar/2024:07:51:10 +0800] "POST /xingrg/dwr/call/plaincall/AjaxCheckService.setItemNumber.dwr HTTP/1.1" 200 76
116.230.112.9 - - [01/Mar/2024:07:51:12 +0800] "POST /xingrg/dwr/call/plaincall/AjaxCheckService.setItemNumber.dwr HTTP/1.1" 200 76
116.230.112.9 - - [01/Mar/2024:07:51:14 +0800] "POST /xingrg/dwr/call/plaincall/AjaxCheckService.setItemNumber.dwr HTTP/1.1" 200 76
116.230.112.9 - - [01/Mar/2024:07:51:15 +0800] "POST /xingrg/dwr/call/plaincall/AjaxCheckService.setItemNumber.dwr HTTP/1.1" 200 76
116.230.112.9 - - [01/Mar/2024:07:51:16 +0800] "POST /xingrg/dwr/call/plaincall/AjaxCheckService.setItemNumber.dwr HTTP/1.1" 200 76
172.20.0.8 - - [01/Mar/2024:07:51:17 +0800] "GET /xingrg/all/function/internal_message.html?_=1709250677445&CODE_STATE=getMsg HTTP/1.1" 302 -
116.230.112.9 - - [01/Mar/2024:07:51:17 +0800] "POST /xingrg/dwr/call/plaincall/AjaxCheckService.setItemNumber.dwr HTTP/1.1" 200 76
116.230.112.9 - - [01/Mar/2024:07:51:18 +0800] "POST /xingrg/dwr/call/plaincall/AjaxCheckService.setItemNumber.dwr HTTP/1.1" 200 76
116.230.112.9 - - [01/Mar/2024:07:51:20 +0800] "POST /xingrg/dwr/call/plaincall/AjaxCheckService.setItemNumber.dwr HTTP/1.1" 200 76
116.230.112.9 - - [01/Mar/2024:07:51:20 +0800] "POST /xingrg/dwr/call/plaincall/AjaxCheckService.setItemNumber.dwr HTTP/1.1" 200 77
116.230.112.9 - - [01/Mar/2024:07:51:21 +0800] "POST /xingrg/dwr/call/plaincall/AjaxCheckService.setItemNumber.dwr HTTP/1.1" 200 77
116.230.112.9 - - [01/Mar/2024:07:51:22 +0800] "POST /xingrg/dwr/call/plaincall/AjaxCheckService.setItemNumber.dwr HTTP/1.1" 200 77
116.230.112.9 - - [01/Mar/2024:07:51:24 +0800] "POST /xingrg/dwr/call/plaincall/AjaxCheckService.setItemNumber.dwr HTTP/1.1" 200 77
116.238.97.31 - - [01/Mar/2024:07:51:25 +0800] "GET /xingrg/check_reg.html?_=1709250685537 HTTP/1.1" 200 22
116.238.97.31 - - [01/Mar/2024:07:51:25 +0800] "GET /xingrg/all/function/internal_message.html?_=1709250685536&CODE_STATE=getMsg HTTP/1.1" 200 27
116.230.112.9 - - [01/Mar/2024:07:51:26 +0800] "POST /xingrg/dwr/call/plaincall/AjaxCheckService.setItemNumber.dwr HTTP/1.1" 200 77
116.230.112.9 - - [01/Mar/2024:07:51:28 +0800] "POST /xingrg/dwr/call/plaincall/AjaxCheckService.setItemNumber.dwr HTTP/1.1" 200 77
116.230.112.9 - - [01/Mar/2024:07:51:29 +0800] "POST /xingrg/dwr/call/plaincall/AjaxCheckService.setItemNumber.dwr HTTP/1.1" 200 77
116.230.112.9 - - [01/Mar/2024:07:51:30 +0800] "POST /xingrg/dwr/call/plaincall/AjaxCheckService.setItemNumber.dwr HTTP/1.1" 200 77
116.230.112.9 - - [01/Mar/2024:07:51:32 +0800] "POST /xingrg/dwr/call/plaincall/AjaxCheckService.setItemNumber.dwr HTTP/1.1" 200 77
116.230.112.9 - - [01/Mar/2024:07:51:33 +0800] "POST /xingrg/dwr/call/plaincall/AjaxCheckService.setItemNumber.dwr HTTP/1.1" 200 77
116.232.194.112 - - [01/Mar/2024:07:51:34 +0800] "GET /xingrg/check_reg.html?_=1709250678572 HTTP/1.1" 200 22
116.230.112.9 - - [01/Mar/2024:07:51:39 +0800] "POST /xingrg/dwr/call/plaincall/AjaxCheckService.setItemNumber.dwr HTTP/1.1" 200 77
116.230.112.9 - - [01/Mar/2024:07:51:40 +0800] "POST /xingrg/dwr/call/plaincall/AjaxCheckService.setItemNumber.dwr HTTP/1.1" 200 77
116.230.112.9 - - [01/Mar/2024:07:51:41 +0800] "POST /xingrg/dwr/call/plaincall/AjaxCheckService.setItemNumber.dwr HTTP/1.1" 200 77
116.230.112.9 - - [01/Mar/2024:07:51:42 +0800] "POST /xingrg/dwr/call/plaincall/AjaxCheckService.setItemNumber.dwr HTTP/1.1" 200 77
116.230.112.9 - - [01/Mar/2024:07:51:42 +0800] "POST /xingrg/dwr/call/plaincall/AjaxCheckService.setItemNumber.dwr HTTP/1.1" 200 77
116.230.112.9 - - [01/Mar/2024:07:51:44 +0800] "POST /xingrg/dwr/call/plaincall/AjaxCheckService.setItemNumber.dwr HTTP/1.1" 200 77
116.230.112.9 - - [01/Mar/2024:07:51:44 +0800] "GET /xingrg/check_reg.html?_=1709250722183 HTTP/1.1" 200 22
116.230.112.9 - - [01/Mar/2024:07:51:45 +0800] "POST /xingrg/dwr/call/plaincall/AjaxCheckService.setItemNumber.dwr HTTP/1.1" 200 77
116.230.112.9 - - [01/Mar/2024:07:51:45 +0800] "POST /xingrg/dwr/call/plaincall/AjaxCheckService.setItemNumber.dwr HTTP/1.1" 200 77
116.230.112.9 - - [01/Mar/2024:07:51:46 +0800] "POST /xingrg/dwr/call/plaincall/AjaxCheckService.setItemNumber.dwr HTTP/1.1" 200 77
116.230.112.9 - - [01/Mar/2024:07:51:49 +0800] "POST /xingrg/dwr/call/plaincall/AjaxCheckService.setItemNumber.dwr HTTP/1.1" 200 77
116.230.112.9 - - [01/Mar/2024:07:51:53 +0800] "GET /xingrg/all/function/internal_message.html?_=1709250730508&CODE_STATE=getMsg HTTP/1.1" 200 27
116.230.112.9 - - [01/Mar/2024:07:51:53 +0800] "POST /xingrg/dwr/call/plaincall/AjaxCheckService.setItemNumber.dwr HTTP/1.1" 200 77
124.78.67.200 - - [01/Mar/2024:07:51:53 +0800] "GET /xingrg/all/function/internal_message.html?_=1709250714005&CODE_STATE=getMsg HTTP/1.1" 200 27
116.230.112.9 - - [01/Mar/2024:07:51:54 +0800] "POST /xingrg/dwr/call/plaincall/AjaxCheckService.setItemNumber.dwr HTTP/1.1" 200 77
116.230.112.9 - - [01/Mar/2024:07:51:57 +0800] "POST /xingrg/dwr/call/plaincall/AjaxCheckService.setItemNumber.dwr HTTP/1.1" 200 77
116.230.112.9 - - [01/Mar/2024:07:51:59 +0800] "POST /xingrg/dwr/call/plaincall/AjaxCheckService.setItemNumber.dwr HTTP/1.1" 200 77
116.230.112.9 - - [01/Mar/2024:07:52:02 +0800] "POST /xingrg/dwr/call/plaincall/AjaxCheckService.setItemNumber.dwr HTTP/1.1" 200 77
221.239.172.101 - - [01/Mar/2024:07:52:04 +0800] "GET /xingrg/all/function/internal_message.html?_=1709250723140&CODE_STATE=getMsg HTTP/1.1" 200 27
116.232.194.112 - - [01/Mar/2024:07:52:06 +0800] "GET /xingrg/all/function/internal_message.html?_=1709250710971&CODE_STATE=getMsg HTTP/1.1" 200 27
180.171.62.200 - - [01/Mar/2024:07:52:06 +0800] "GET /xingrg/all/function/internal_message.html?_=1709250732961&CODE_STATE=getMsg HTTP/1.1" 200 27
120.253.135.82 - - [01/Mar/2024:07:52:08 +0800] "GET /xingrg/all/function/internal_message.html?_=1709250564247&CODE_STATE=getMsg HTTP/1.1" 200 27
172.20.0.8 - - [01/Mar/2024:07:52:17 +0800] "GET /xingrg/all/function/internal_message.html?_=1709250737447&CODE_STATE=getMsg HTTP/1.1" 302 -
116.238.97.31 - - [01/Mar/2024:07:52:25 +0800] "GET /xingrg/all/function/internal_message.html?_=1709250745510&CODE_STATE=getMsg HTTP/1.1" 200 27
116.230.112.9 - - [01/Mar/2024:07:52:53 +0800] "GET /xingrg/all/function/internal_message.html?_=1709250790522&CODE_STATE=getMsg HTTP/1.1" 200 27
124.78.67.200 - - [01/Mar/2024:07:52:53 +0800] "GET /xingrg/all/function/internal_message.html?_=1709250774002&CODE_STATE=getMsg HTTP/1.1" 200 27
116.230.112.9 - - [01/Mar/2024:07:53:01 +0800] "POST /xingrg/dwr/call/plaincall/AjaxCheckService.setItemNumber.dwr HTTP/1.1" 200 77
221.239.172.101 - - [01/Mar/2024:07:53:04 +0800] "GET /xingrg/all/function/internal_message.html?_=1709250783142&CODE_STATE=getMsg HTTP/1.1" 200 27
116.230.112.9 - - [01/Mar/2024:07:53:05 +0800] "POST /xingrg/dwr/call/plaincall/AjaxCheckService.setItemNumber.dwr HTTP/1.1" 200 77
116.232.194.112 - - [01/Mar/2024:07:53:06 +0800] "GET /xingrg/all/function/internal_message.html?_=1709250770970&CODE_STATE=getMsg HTTP/1.1" 200 27
116.230.112.9 - - [01/Mar/2024:07:53:06 +0800] "POST /xingrg/dwr/call/plaincall/AjaxCheckService.setItemNumber.dwr HTTP/1.1" 200 77
180.171.62.200 - - [01/Mar/2024:07:53:06 +0800] "GET /xingrg/check_reg.html?_=1709250792961 HTTP/1.1" 200 22
180.171.62.200 - - [01/Mar/2024:07:53:06 +0800] "GET /xingrg/all/function/internal_message.html?_=1709250792964&CODE_STATE=getMsg HTTP/1.1" 200 27
120.253.135.82 - - [01/Mar/2024:07:53:08 +0800] "GET /xingrg/all/function/internal_message.html?_=1709250624261&CODE_STATE=getMsg HTTP/1.1" 200 27
116.230.112.9 - - [01/Mar/2024:07:53:08 +0800] "POST /xingrg/dwr/call/plaincall/AjaxCheckService.setItemNumber.dwr HTTP/1.1" 200 77
116.230.112.9 - - [01/Mar/2024:07:53:09 +0800] "POST /xingrg/dwr/call/plaincall/AjaxCheckService.setItemNumber.dwr HTTP/1.1" 200 77
116.230.112.9 - - [01/Mar/2024:07:53:11 +0800] "POST /xingrg/dwr/call/plaincall/AjaxCheckService.setItemNumber.dwr HTTP/1.1" 200 77
116.230.112.9 - - [01/Mar/2024:07:53:13 +0800] "POST /xingrg/dwr/call/plaincall/AjaxCheckService.setItemNumber.dwr HTTP/1.1" 200 77
116.230.112.9 - - [01/Mar/2024:07:53:16 +0800] "POST /xingrg/dwr/call/plaincall/AjaxCheckService.setItemNumber.dwr HTTP/1.1" 200 77
172.20.0.8 - - [01/Mar/2024:07:53:17 +0800] "GET /xingrg/check_reg.html?_=1709250797448 HTTP/1.1" 302 -
172.20.0.8 - - [01/Mar/2024:07:53:17 +0800] "GET /xingrg/all/function/internal_message.html?_=1709250797449&CODE_STATE=getMsg HTTP/1.1" 302 -
116.238.97.31 - - [01/Mar/2024:07:53:17 +0800] "GET /xingrg/javascript/jquery_easy_ui/themes/default/images/tabs_active.png HTTP/1.1" 200 2894
116.230.112.9 - - [01/Mar/2024:07:53:18 +0800] "POST /xingrg/dwr/call/plaincall/AjaxCheckService.setItemNumber.dwr HTTP/1.1" 200 77
116.230.112.9 - - [01/Mar/2024:07:53:19 +0800] "POST /xingrg/dwr/call/plaincall/AjaxCheckService.setItemNumber.dwr HTTP/1.1" 200 77
116.230.112.9 - - [01/Mar/2024:07:53:20 +0800] "POST /xingrg/dwr/call/plaincall/AjaxCheckService.setItemNumber.dwr HTTP/1.1" 200 77
116.230.112.9 - - [01/Mar/2024:07:53:21 +0800] "POST /xingrg/dwr/call/plaincall/AjaxCheckService.setItemNumber.dwr HTTP/1.1" 200 77
116.238.97.31 - - [01/Mar/2024:07:53:22 +0800] "POST /xingrg/kc/base/check_list_operate.html HTTP/1.1" 200 2702
116.230.112.9 - - [01/Mar/2024:07:53:23 +0800] "POST /xingrg/dwr/call/plaincall/AjaxCheckService.setItemNumber.dwr HTTP/1.1" 200 77
116.230.112.9 - - [01/Mar/2024:07:53:23 +0800] "POST /xingrg/dwr/call/plaincall/AjaxCheckService.setItemNumber.dwr HTTP/1.1" 200 77
116.238.97.31 - - [01/Mar/2024:07:53:24 +0800] "GET /xingrg/kc/base/check_order_info.html?code=452024022900263 HTTP/1.1" 200 26516
116.238.97.31 - - [01/Mar/2024:07:53:24 +0800] "GET /xingrg/dwr/interface/AjaxComOrderService.js HTTP/1.1" 200 18264
116.238.97.31 - - [01/Mar/2024:07:53:24 +0800] "GET /xingrg/dwr/interface/AjaxCheckService.js HTTP/1.1" 200 14003
116.238.97.31 - - [01/Mar/2024:07:53:24 +0800] "GET /xingrg/dwr/engine.js HTTP/1.1" 200 43631
116.238.97.31 - - [01/Mar/2024:07:53:25 +0800] "POST /xingrg/dwr/call/plaincall/AjaxCheckService.loadOrderItems.dwr HTTP/1.1" 200 43667
116.238.97.31 - - [01/Mar/2024:07:53:25 +0800] "GET /xingrg/all/function/internal_message.html?_=1709250805508&CODE_STATE=getMsg HTTP/1.1" 200 27
116.238.97.31 - - [01/Mar/2024:07:53:31 +0800] "POST /xingrg/kc/base/check_list_operate.html HTTP/1.1" 200 4655
116.230.112.9 - - [01/Mar/2024:07:53:42 +0800] "POST /xingrg/dwr/call/plaincall/AjaxCheckService.setItemNumber.dwr HTTP/1.1" 200 77
116.230.112.9 - - [01/Mar/2024:07:53:45 +0800] "POST /xingrg/dwr/call/plaincall/AjaxCheckService.setItemNumber.dwr HTTP/1.1" 200 77
116.238.97.31 - - [01/Mar/2024:07:53:47 +0800] "GET /xingrg/kc/buy/cgsh_order_list.html HTTP/1.1" 200 57741
116.238.97.31 - - [01/Mar/2024:07:53:47 +0800] "GET /xingrg/javascript/easyui/themes/icons/import_new.png HTTP/1.1" 200 1247
116.230.112.9 - - [01/Mar/2024:07:53:47 +0800] "POST /xingrg/dwr/call/plaincall/AjaxCheckService.setItemNumber.dwr HTTP/1.1" 200 77
116.238.97.31 - - [01/Mar/2024:07:53:49 +0800] "POST /xingrg/kc/buy/cgsh_list_operate.html HTTP/1.1" 200 986
116.230.112.9 - - [01/Mar/2024:07:53:49 +0800] "POST /xingrg/dwr/call/plaincall/AjaxCheckService.setItemNumber.dwr HTTP/1.1" 200 77
116.230.112.9 - - [01/Mar/2024:07:53:50 +0800] "POST /xingrg/dwr/call/plaincall/AjaxCheckService.setItemNumber.dwr HTTP/1.1" 200 77
116.238.97.31 - - [01/Mar/2024:07:53:51 +0800] "GET /xingrg/kc/buy/cgsh_order_add.html HTTP/1.1" 200 73551
116.238.97.31 - - [01/Mar/2024:07:53:51 +0800] "GET /xingrg/javascript/jquery_tools/order_manager.js HTTP/1.1" 200 11183
116.238.97.31 - - [01/Mar/2024:07:53:51 +0800] "GET /xingrg/javascript/json2.js HTTP/1.1" 200 11259
116.238.97.31 - - [01/Mar/2024:07:53:51 +0800] "GET /xingrg/words/20240229092203_words.js HTTP/1.1" 200 1014224
116.238.97.31 - - [01/Mar/2024:07:53:51 +0800] "GET /xingrg/javascript/easyui/themes/default/images/menu_downarrow.png HTTP/1.1" 200 173
116.238.97.31 - - [01/Mar/2024:07:53:51 +0800] "GET /xingrg/javascript/easyui/themes/icons/template_new.png HTTP/1.1" 200 3956
116.238.97.31 - - [01/Mar/2024:07:53:51 +0800] "GET /xingrg/javascript/easyui/themes/icons/print.png HTTP/1.1" 200 1057
116.238.97.31 - - [01/Mar/2024:07:53:51 +0800] "GET /xingrg/javascript/easyui/themes/icons/ok.png HTTP/1.1" 200 883
116.238.97.31 - - [01/Mar/2024:07:53:51 +0800] "GET /xingrg/javascript/easyui/themes/icons/copy_new.png HTTP/1.1" 200 815
116.238.97.31 - - [01/Mar/2024:07:53:51 +0800] "GET /xingrg/javascript/easyui/themes/icons/cancel.png HTTP/1.1" 200 1133
116.238.97.31 - - [01/Mar/2024:07:53:51 +0800] "POST /xingrg/kc/buy/cgsh_order_operate.html HTTP/1.1" 200 8245
116.238.97.31 - - [01/Mar/2024:07:53:51 +0800] "GET /xingrg/javascript/easyui/themes/default/validatebox.css HTTP/1.1" 404 1104
116.238.97.31 - - [01/Mar/2024:07:53:51 +0800] "GET /xingrg/javascript/easyui/plugins/jquery.validatebox.js HTTP/1.1" 200 6103
116.238.97.31 - - [01/Mar/2024:07:53:51 +0800] "GET /xingrg/all/common/auto_word.html?type=employee&rest_code=00102 HTTP/1.1" 200 189
116.238.97.31 - - [01/Mar/2024:07:53:51 +0800] "GET /xingrg/all/common/auto_word.html?type=employee&rest_code=00102 HTTP/1.1" 200 189
116.238.97.31 - - [01/Mar/2024:07:53:51 +0800] "GET /xingrg/javascript/easyui/plugins/jquery.numberbox.js HTTP/1.1" 200 5213
116.238.97.31 - - [01/Mar/2024:07:53:51 +0800] "GET /xingrg/javascript/easyui/themes/icons/edit_remove.png HTTP/1.1" 200 625
116.238.97.31 - - [01/Mar/2024:07:53:52 +0800] "GET /xingrg/javascript/easyui/plugins/jquery.draggable.js HTTP/1.1" 200 6121
116.238.97.31 - - [01/Mar/2024:07:53:52 +0800] "GET /xingrg/css/images/panel_loading.gif HTTP/1.1" 200 1737
116.238.97.31 - - [01/Mar/2024:07:53:52 +0800] "GET /xingrg/javascript/easyui/plugins/jquery.droppable.js HTTP/1.1" 200 1167
116.238.97.31 - - [01/Mar/2024:07:53:52 +0800] "GET /xingrg/javascript/easyui/themes/default/tree.css HTTP/1.1" 404 1090
116.238.97.31 - - [01/Mar/2024:07:53:52 +0800] "GET /xingrg/javascript/easyui/plugins/jquery.tree.js HTTP/1.1" 200 20874
124.79.245.19 - - [01/Mar/2024:07:53:53 +0800] "POST /xingrg/services/DataTransmitService HTTP/1.1" 200 524
116.230.112.9 - - [01/Mar/2024:07:53:53 +0800] "GET /xingrg/all/function/internal_message.html?_=1709250850534&CODE_STATE=getMsg HTTP/1.1" 200 27
116.230.112.9 - - [01/Mar/2024:07:53:53 +0800] "POST /xingrg/dwr/call/plaincall/AjaxCheckService.setItemNumber.dwr HTTP/1.1" 200 77
116.238.97.31 - - [01/Mar/2024:07:53:53 +0800] "POST /xingrg/all/common/load_tree.html?tree=supplier_tree_json&isDelete=1 HTTP/1.1" 200 78565
124.78.67.200 - - [01/Mar/2024:07:53:53 +0800] "GET /xingrg/all/function/internal_message.html?_=1709250833991&CODE_STATE=getMsg HTTP/1.1" 200 27
116.238.97.31 - - [01/Mar/2024:07:53:54 +0800] "GET /xingrg/javascript/easyui/themes/default/images/tree_arrows.gif HTTP/1.1" 200 617
116.238.97.31 - - [01/Mar/2024:07:53:54 +0800] "GET /xingrg/javascript/easyui/themes/default/images/tree_folder_open.gif HTTP/1.1" 200 956
116.238.97.31 - - [01/Mar/2024:07:53:54 +0800] "GET /xingrg/javascript/easyui/themes/default/images/tree_file.gif HTTP/1.1" 200 118
116.238.97.31 - - [01/Mar/2024:07:53:54 +0800] "GET /xingrg/javascript/easyui/themes/default/images/tree_folder.gif HTTP/1.1" 200 952
116.230.112.9 - - [01/Mar/2024:07:53:58 +0800] "POST /xingrg/dwr/call/plaincall/AjaxCheckService.setItemNumber.dwr HTTP/1.1" 200 77
116.230.112.9 - - [01/Mar/2024:07:54:00 +0800] "POST /xingrg/dwr/call/plaincall/AjaxCheckService.setItemNumber.dwr HTTP/1.1" 200 77
116.230.112.9 - - [01/Mar/2024:07:54:00 +0800] "POST /xingrg/dwr/call/plaincall/AjaxCheckService.setItemNumber.dwr HTTP/1.1" 200 77
116.230.112.9 - - [01/Mar/2024:07:54:01 +0800] "POST /xingrg/dwr/call/plaincall/AjaxCheckService.setItemNumber.dwr HTTP/1.1" 200 77
116.230.112.9 - - [01/Mar/2024:07:54:02 +0800] "POST /xingrg/dwr/call/plaincall/AjaxCheckService.setItemNumber.dwr HTTP/1.1" 200 77
116.230.112.9 - - [01/Mar/2024:07:54:03 +0800] "POST /xingrg/dwr/call/plaincall/AjaxCheckService.setItemNumber.dwr HTTP/1.1" 200 77
116.230.112.9 - - [01/Mar/2024:07:54:03 +0800] "POST /xingrg/dwr/call/plaincall/AjaxCheckService.setItemNumber.dwr HTTP/1.1" 200 77
221.239.172.101 - - [01/Mar/2024:07:54:04 +0800] "GET /xingrg/all/function/internal_message.html?_=1709250843140&CODE_STATE=getMsg HTTP/1.1" 200 27
116.230.112.9 - - [01/Mar/2024:07:54:04 +0800] "POST /xingrg/dwr/call/plaincall/AjaxCheckService.setItemNumber.dwr HTTP/1.1" 200 77
116.230.112.9 - - [01/Mar/2024:07:54:05 +0800] "POST /xingrg/dwr/call/plaincall/AjaxCheckService.setItemNumber.dwr HTTP/1.1" 200 77
116.232.194.112 - - [01/Mar/2024:07:54:06 +0800] "GET /xingrg/all/function/internal_message.html?_=1709250830963&CODE_STATE=getMsg HTTP/1.1" 200 27
180.171.62.200 - - [01/Mar/2024:07:54:06 +0800] "GET /xingrg/all/function/internal_message.html?_=1709250852965&CODE_STATE=getMsg HTTP/1.1" 200 27
116.230.112.9 - - [01/Mar/2024:07:54:07 +0800] "POST /xingrg/dwr/call/plaincall/AjaxCheckService.setItemNumber.dwr HTTP/1.1" 200 77
120.253.135.82 - - [01/Mar/2024:07:54:08 +0800] "GET /xingrg/all/function/internal_message.html?_=1709250684486&CODE_STATE=getMsg HTTP/1.1" 200 27
116.238.97.31 - - [01/Mar/2024:07:54:12 +0800] "GET /xingrg/javascript/auto/indicator.gif HTTP/1.1" 404 1066
116.230.112.9 - - [01/Mar/2024:07:54:13 +0800] "POST /xingrg/dwr/call/plaincall/AjaxCheckService.setItemNumber.dwr HTTP/1.1" 200 77
116.230.112.9 - - [01/Mar/2024:07:54:14 +0800] "POST /xingrg/dwr/call/plaincall/AjaxCheckService.setItemNumber.dwr HTTP/1.1" 200 77
116.230.112.9 - - [01/Mar/2024:07:54:15 +0800] "POST /xingrg/dwr/call/plaincall/AjaxCheckService.setItemNumber.dwr HTTP/1.1" 200 77
116.230.112.9 - - [01/Mar/2024:07:54:15 +0800] "POST /xingrg/dwr/call/plaincall/AjaxCheckService.setItemNumber.dwr HTTP/1.1" 200 77
116.238.97.31 - - [01/Mar/2024:07:54:16 +0800] "GET /xingrg/kc/buy/cgsh_order_operate.html?command=get_materiel&rest_code=00102&code=00101008364&supplier_code=00100008&order_time=2024-03-01 HTTP/1.1" 200 413
172.20.0.8 - - [01/Mar/2024:07:54:17 +0800] "GET /xingrg/all/function/internal_message.html?_=1709250857450&CODE_STATE=getMsg HTTP/1.1" 302 -
116.230.112.9 - - [01/Mar/2024:07:54:17 +0800] "POST /xingrg/dwr/call/plaincall/AjaxCheckService.setItemNumber.dwr HTTP/1.1" 200 77
116.238.97.31 - - [01/Mar/2024:07:54:25 +0800] "GET /xingrg/all/function/internal_message.html?_=1709250865503&CODE_STATE=getMsg HTTP/1.1" 200 27
116.238.97.31 - - [01/Mar/2024:07:54:26 +0800] "GET /xingrg/kc/buy/cgsh_order_operate.html?command=get_materiel&rest_code=00102&code=00101008091&supplier_code=00100008&order_time=2024-03-01 HTTP/1.1" 200 412
116.232.194.112 - - [01/Mar/2024:07:54:27 +0800] "GET /xingrg/check_reg.html?_=1709250852238 HTTP/1.1" 200 22
116.230.112.9 - - [01/Mar/2024:07:54:28 +0800] "POST /xingrg/dwr/call/plaincall/AjaxCheckService.setItemNumber.dwr HTTP/1.1" 200 77
116.230.112.9 - - [01/Mar/2024:07:54:32 +0800] "POST /xingrg/dwr/call/plaincall/AjaxCheckService.setItemNumber.dwr HTTP/1.1" 200 77
116.230.112.9 - - [01/Mar/2024:07:54:33 +0800] "POST /xingrg/dwr/call/plaincall/AjaxCheckService.setItemNumber.dwr HTTP/1.1" 200 77
116.238.97.31 - - [01/Mar/2024:07:54:34 +0800] "GET /xingrg/kc/buy/cgsh_order_operate.html?command=get_materiel&rest_code=00102&code=00101008256&supplier_code=00100008&order_time=2024-03-01 HTTP/1.1" 200 412
116.230.112.9 - - [01/Mar/2024:07:54:34 +0800] "POST /xingrg/dwr/call/plaincall/AjaxCheckService.setItemNumber.dwr HTTP/1.1" 200 77
116.230.112.9 - - [01/Mar/2024:07:54:35 +0800] "POST /xingrg/dwr/call/plaincall/AjaxCheckService.setItemNumber.dwr HTTP/1.1" 200 77
116.230.112.9 - - [01/Mar/2024:07:54:36 +0800] "POST /xingrg/dwr/call/plaincall/AjaxCheckService.setItemNumber.dwr HTTP/1.1" 200 77
116.230.112.9 - - [01/Mar/2024:07:54:36 +0800] "POST /xingrg/dwr/call/plaincall/AjaxCheckService.setItemNumber.dwr HTTP/1.1" 200 77
116.238.97.31 - - [01/Mar/2024:07:54:43 +0800] "GET /xingrg/kc/buy/cgsh_order_operate.html?command=get_materiel&rest_code=00102&code=00101008077&supplier_code=00100008&order_time=2024-03-01 HTTP/1.1" 200 416
116.230.112.9 - - [01/Mar/2024:07:54:50 +0800] "POST /xingrg/dwr/call/plaincall/AjaxCheckService.setItemNumber.dwr HTTP/1.1" 200 77
116.238.97.31 - - [01/Mar/2024:07:54:51 +0800] "GET /xingrg/kc/buy/cgsh_order_operate.html?command=get_materiel&rest_code=00102&code=00101008336&supplier_code=00100008&order_time=2024-03-01 HTTP/1.1" 200 412
116.230.112.9 - - [01/Mar/2024:07:54:53 +0800] "GET /xingrg/all/function/internal_message.html?_=1709250910549&CODE_STATE=getMsg HTTP/1.1" 200 27
124.78.67.200 - - [01/Mar/2024:07:54:53 +0800] "GET /xingrg/all/function/internal_message.html?_=1709250893994&CODE_STATE=getMsg HTTP/1.1" 200 27
116.238.97.31 - - [01/Mar/2024:07:55:01 +0800] "GET /xingrg/kc/buy/cgsh_order_operate.html?command=get_materiel&rest_code=00102&code=00101008275&supplier_code=00100008&order_time=2024-03-01 HTTP/1.1" 200 416
221.239.172.101 - - [01/Mar/2024:07:55:04 +0800] "GET /xingrg/check_reg.html?_=1709250903146 HTTP/1.1" 200 22
221.239.172.101 - - [01/Mar/2024:07:55:04 +0800] "GET /xingrg/all/function/internal_message.html?_=1709250903144&CODE_STATE=getMsg HTTP/1.1" 200 27
116.232.194.112 - - [01/Mar/2024:07:55:06 +0800] "GET /xingrg/all/function/internal_message.html?_=1709250890980&CODE_STATE=getMsg HTTP/1.1" 200 27
180.171.62.200 - - [01/Mar/2024:07:55:06 +0800] "GET /xingrg/all/function/internal_message.html?_=1709250912967&CODE_STATE=getMsg HTTP/1.1" 200 27
120.253.135.82 - - [01/Mar/2024:07:55:08 +0800] "GET /xingrg/all/function/internal_message.html?_=1709250744491&CODE_STATE=getMsg HTTP/1.1" 200 27
116.238.97.31 - - [01/Mar/2024:07:55:11 +0800] "GET /xingrg/kc/buy/cgsh_order_operate.html?command=get_materiel&rest_code=00102&code=00101008312&supplier_code=00100008&order_time=2024-03-01 HTTP/1.1" 200 412
172.20.0.8 - - [01/Mar/2024:07:55:17 +0800] "GET /xingrg/all/function/internal_message.html?_=1709250917435&CODE_STATE=getMsg HTTP/1.1" 302 -
116.238.97.31 - - [01/Mar/2024:07:55:21 +0800] "GET /xingrg/kc/buy/cgsh_order_operate.html?command=get_materiel&rest_code=00102&code=00101008010&supplier_code=00100008&order_time=2024-03-01 HTTP/1.1" 200 412
116.238.97.31 - - [01/Mar/2024:07:55:25 +0800] "GET /xingrg/all/function/internal_message.html?_=1709250925519&CODE_STATE=getMsg HTTP/1.1" 200 27
116.238.97.31 - - [01/Mar/2024:07:55:30 +0800] "GET /xingrg/kc/buy/cgsh_order_operate.html?command=get_materiel&rest_code=00102&code=00101008125&supplier_code=00100008&order_time=2024-03-01 HTTP/1.1" 200 413
116.238.97.31 - - [01/Mar/2024:07:55:38 +0800] "GET /xingrg/kc/buy/cgsh_order_operate.html?command=get_materiel&rest_code=00102&code=00101008186&supplier_code=00100008&order_time=2024-03-01 HTTP/1.1" 200 408
116.238.97.31 - - [01/Mar/2024:07:55:47 +0800] "GET /xingrg/kc/buy/cgsh_order_operate.html?command=get_materiel&rest_code=00102&code=00101008403&supplier_code=00100008&order_time=2024-03-01 HTTP/1.1" 200 412
116.230.112.9 - - [01/Mar/2024:07:55:53 +0800] "GET /xingrg/all/function/internal_message.html?_=1709250970561&CODE_STATE=getMsg HTTP/1.1" 200 27
124.78.67.200 - - [01/Mar/2024:07:55:53 +0800] "GET /xingrg/check_reg.html?_=1709250953986 HTTP/1.1" 200 22
124.78.67.200 - - [01/Mar/2024:07:55:53 +0800] "GET /xingrg/all/function/internal_message.html?_=1709250953990&CODE_STATE=getMsg HTTP/1.1" 200 27
116.238.97.31 - - [01/Mar/2024:07:55:58 +0800] "GET /xingrg/kc/buy/cgsh_order_operate.html?command=get_materiel&rest_code=00102&code=00101008110&supplier_code=00100008&order_time=2024-03-01 HTTP/1.1" 200 409
221.239.172.101 - - [01/Mar/2024:07:56:04 +0800] "GET /xingrg/all/function/internal_message.html?_=1709250963147&CODE_STATE=getMsg HTTP/1.1" 200 27
120.253.135.82 - - [01/Mar/2024:07:56:05 +0800] "GET /xingrg/check_reg.html?_=1709250801533 HTTP/1.1" 200 22
116.232.194.112 - - [01/Mar/2024:07:56:06 +0800] "GET /xingrg/check_reg.html?_=1709250950972 HTTP/1.1" 200 22
116.232.194.112 - - [01/Mar/2024:07:56:06 +0800] "GET /xingrg/all/function/internal_message.html?_=1709250950974&CODE_STATE=getMsg HTTP/1.1" 200 27
180.171.62.200 - - [01/Mar/2024:07:56:06 +0800] "GET /xingrg/all/function/internal_message.html?_=1709250972968&CODE_STATE=getMsg HTTP/1.1" 200 27
116.238.97.31 - - [01/Mar/2024:07:56:07 +0800] "GET /xingrg/kc/buy/cgsh_order_operate.html?command=get_materiel&rest_code=00102&code=00101008096&supplier_code=00100008&order_time=2024-03-01 HTTP/1.1" 200 412
120.253.135.82 - - [01/Mar/2024:07:56:08 +0800] "GET /xingrg/all/function/internal_message.html?_=1709250804504&CODE_STATE=getMsg HTTP/1.1" 200 27
116.238.97.31 - - [01/Mar/2024:07:56:16 +0800] "GET /xingrg/kc/buy/cgsh_order_operate.html?command=get_materiel&rest_code=00102&code=00101008298&supplier_code=00100008&order_time=2024-03-01 HTTP/1.1" 200 432
172.20.0.8 - - [01/Mar/2024:07:56:17 +0800] "GET /xingrg/all/function/internal_message.html?_=1709250977436&CODE_STATE=getMsg HTTP/1.1" 302 -
116.238.97.31 - - [01/Mar/2024:07:56:24 +0800] "GET /xingrg/kc/buy/cgsh_order_operate.html?command=get_materiel&rest_code=00102&code=00101008283&supplier_code=00100008&order_time=2024-03-01 HTTP/1.1" 200 408
116.238.97.31 - - [01/Mar/2024:07:56:25 +0800] "GET /xingrg/all/function/internal_message.html?_=1709250985505&CODE_STATE=getMsg HTTP/1.1" 200 27
116.238.97.31 - - [01/Mar/2024:07:56:25 +0800] "GET /xingrg/check_reg.html?_=1709250985506 HTTP/1.1" 200 22
116.238.97.31 - - [01/Mar/2024:07:56:32 +0800] "GET /xingrg/kc/buy/cgsh_order_operate.html?command=get_materiel&rest_code=00102&code=00101008264&supplier_code=00100008&order_time=2024-03-01 HTTP/1.1" 200 433
116.232.194.112 - - [01/Mar/2024:07:56:34 +0800] "GET /xingrg/check_reg.html?_=1709250978579 HTTP/1.1" 200 22
116.238.97.31 - - [01/Mar/2024:07:56:40 +0800] "GET /xingrg/kc/buy/cgsh_order_operate.html?command=get_materiel&rest_code=00102&code=00101008352&supplier_code=00100008&order_time=2024-03-01 HTTP/1.1" 200 432
116.230.112.9 - - [01/Mar/2024:07:56:43 +0800] "GET /favicon.ico HTTP/1.1" 404 -
116.230.112.9 - - [01/Mar/2024:07:56:44 +0800] "GET /xingrg/check_reg.html?_=1709251022191 HTTP/1.1" 200 22
116.230.112.9 - - [01/Mar/2024:07:56:49 +0800] "GET /xingrg/login.html HTTP/1.1" 200 7641
116.230.112.9 - - [01/Mar/2024:07:56:49 +0800] "GET /favicon.ico HTTP/1.1" 404 -
116.238.97.31 - - [01/Mar/2024:07:56:51 +0800] "GET /xingrg/kc/buy/cgsh_order_operate.html?command=get_materiel&rest_code=00102&code=00101008271&supplier_code=00100008&order_time=2024-03-01 HTTP/1.1" 200 410
116.230.112.9 - - [01/Mar/2024:07:56:53 +0800] "GET /xingrg/all/function/internal_message.html?_=1709251030576&CODE_STATE=getMsg HTTP/1.1" 200 27
124.78.67.200 - - [01/Mar/2024:07:56:53 +0800] "GET /xingrg/all/function/internal_message.html?_=1709251013987&CODE_STATE=getMsg HTTP/1.1" 200 27
116.230.112.9 - - [01/Mar/2024:07:56:58 +0800] "POST /xingrg/login.do HTTP/1.1" 302 -
116.230.112.9 - - [01/Mar/2024:07:56:58 +0800] "GET /xingrg/index.html?sysBaseUrl=http%3A%2F%2F180.169.147.146%3A18081%2Fxingrg%2F&costTime=802×tamp=1709251018357 HTTP/1.1" 200 17179
116.230.112.9 - - [01/Mar/2024:07:56:58 +0800] "GET /xingrg/javascript/jquery_easy_ui/themes/default/easyui.css HTTP/1.1" 304 -
116.230.112.9 - - [01/Mar/2024:07:56:58 +0800] "GET /xingrg/javascript/jquery_easy_ui/themes/icon.css HTTP/1.1" 304 -
116.230.112.9 - - [01/Mar/2024:07:56:58 +0800] "GET /xingrg/javascript/jquery.utils.js HTTP/1.1" 304 -
116.230.112.9 - - [01/Mar/2024:07:56:58 +0800] "GET /xingrg/javascript/jquery-1.4.2.min.js HTTP/1.1" 304 -
116.230.112.9 - - [01/Mar/2024:07:56:58 +0800] "GET /xingrg/javascript/jquery_easy_ui/easyui-lang-zh_CN.js HTTP/1.1" 304 -
116.230.112.9 - - [01/Mar/2024:07:56:58 +0800] "GET /xingrg/css/form.css HTTP/1.1" 304 -
116.230.112.9 - - [01/Mar/2024:07:56:58 +0800] "GET /xingrg/javascript/jquery.form.js HTTP/1.1" 304 -
116.230.112.9 - - [01/Mar/2024:07:56:58 +0800] "GET /xingrg/javascript/jquery_easy_ui/jquery.easyui.min.js HTTP/1.1" 304 -
116.230.112.9 - - [01/Mar/2024:07:56:58 +0800] "GET /xingrg/javascript/jquery.timers.js HTTP/1.1" 304 -
116.230.112.9 - - [01/Mar/2024:07:56:58 +0800] "GET /favicon.ico HTTP/1.1" 404 -
116.230.112.9 - - [01/Mar/2024:07:56:58 +0800] "POST /xingrg/all/common/load_tree.html?tree=area_rest_tree_json&manage=1 HTTP/1.1" 200 479
116.230.112.9 - - [01/Mar/2024:07:56:58 +0800] "GET /xingrg/all/function/internal_message.html?_=1709251033968&CODE_STATE=count HTTP/1.1" 200 11
116.230.112.9 - - [01/Mar/2024:07:56:58 +0800] "GET /xingrg/check_reg.html?_=1709251033968 HTTP/1.1" 200 22
116.230.112.9 - - [01/Mar/2024:07:56:58 +0800] "POST /xingrg/load_menu.html HTTP/1.1" 200 5138
116.230.112.9 - - [01/Mar/2024:07:57:04 +0800] "GET /xingrg/kc/base/check_order_list.html HTTP/1.1" 200 16138
116.230.112.9 - - [01/Mar/2024:07:57:04 +0800] "GET /xingrg/css/site.css HTTP/1.1" 304 -
116.230.112.9 - - [01/Mar/2024:07:57:04 +0800] "GET /xingrg/javascript/jquery_tools/datebox.css HTTP/1.1" 304 -
116.230.112.9 - - [01/Mar/2024:07:57:04 +0800] "GET /xingrg/javascript/easyui/themes/default/easyui.css HTTP/1.1" 304 -
116.230.112.9 - - [01/Mar/2024:07:57:04 +0800] "GET /xingrg/javascript/easyui/themes/icon.css HTTP/1.1" 304 -
116.230.112.9 - - [01/Mar/2024:07:57:04 +0800] "GET /xingrg/javascript/auto/jquery.autocomplete.css HTTP/1.1" 304 -
116.230.112.9 - - [01/Mar/2024:07:57:04 +0800] "GET /xingrg/javascript/jquery_tools/fix.css HTTP/1.1" 304 -
116.230.112.9 - - [01/Mar/2024:07:57:04 +0800] "GET /xingrg/javascript/jquery_tools/table.css HTTP/1.1" 304 -
116.230.112.9 - - [01/Mar/2024:07:57:04 +0800] "GET /xingrg/javascript/jquery_tools/jquery.tools.hotkey.js HTTP/1.1" 304 -
116.230.112.9 - - [01/Mar/2024:07:57:04 +0800] "GET /xingrg/javascript/jquery_tools/jquery.tools.table.js HTTP/1.1" 304 -
116.230.112.9 - - [01/Mar/2024:07:57:04 +0800] "GET /xingrg/css/base.css HTTP/1.1" 304 -
116.230.112.9 - - [01/Mar/2024:07:57:04 +0800] "GET /xingrg/javascript/easyui/easyloader.js HTTP/1.1" 304 -
116.230.112.9 - - [01/Mar/2024:07:57:04 +0800] "GET /xingrg/javascript/jquery.cookie.js HTTP/1.1" 304 -
116.230.112.9 - - [01/Mar/2024:07:57:04 +0800] "GET /xingrg/javascript/jquery_tools/list_manager.js HTTP/1.1" 304 -
116.230.112.9 - - [01/Mar/2024:07:57:04 +0800] "GET /xingrg/javascript/auto/jquery.autocomplete.js HTTP/1.1" 304 -
116.230.112.9 - - [01/Mar/2024:07:57:04 +0800] "GET /xingrg/javascript/jquery_tools/jquery.tools.min.js HTTP/1.1" 304 -
221.239.172.101 - - [01/Mar/2024:07:57:04 +0800] "GET /xingrg/all/function/internal_message.html?_=1709251023149&CODE_STATE=getMsg HTTP/1.1" 200 27
116.230.112.9 - - [01/Mar/2024:07:57:04 +0800] "GET /xingrg/javascript/jquery_tools/jquery.tools.extend.js HTTP/1.1" 304 -
116.230.112.9 - - [01/Mar/2024:07:57:04 +0800] "GET /xingrg/javascript/easyui/plugins/jquery.parser.js HTTP/1.1" 304 -
116.230.112.9 - - [01/Mar/2024:07:57:04 +0800] "POST /xingrg/kc/base/check_list_operate.html HTTP/1.1" 200 3591
116.232.194.112 - - [01/Mar/2024:07:57:06 +0800] "GET /xingrg/all/function/internal_message.html?_=1709251010972&CODE_STATE=getMsg HTTP/1.1" 200 27
180.171.62.200 - - [01/Mar/2024:07:57:06 +0800] "GET /xingrg/all/function/internal_message.html?_=1709251032952&CODE_STATE=getMsg HTTP/1.1" 200 27
116.230.112.9 - - [01/Mar/2024:07:57:07 +0800] "GET /xingrg/kc/base/check_order_info.html?code=452024022900239 HTTP/1.1" 200 26400
116.230.112.9 - - [01/Mar/2024:07:57:07 +0800] "GET /xingrg/css/blue.css HTTP/1.1" 304 -
116.230.112.9 - - [01/Mar/2024:07:57:07 +0800] "GET /xingrg/css/table.css HTTP/1.1" 304 -
116.230.112.9 - - [01/Mar/2024:07:57:07 +0800] "GET /xingrg/dwr/interface/AjaxComOrderService.js HTTP/1.1" 200 18264
116.230.112.9 - - [01/Mar/2024:07:57:07 +0800] "GET /xingrg/dwr/interface/AjaxCheckService.js HTTP/1.1" 200 14003
116.230.112.9 - - [01/Mar/2024:07:57:07 +0800] "GET /xingrg/dwr/engine.js HTTP/1.1" 200 43631
116.230.112.9 - - [01/Mar/2024:07:57:07 +0800] "GET /xingrg/javascript/AjaxInfoList.js HTTP/1.1" 304 -
116.230.112.9 - - [01/Mar/2024:07:57:07 +0800] "GET /xingrg/dwr/util.js HTTP/1.1" 200 35990
116.230.112.9 - - [01/Mar/2024:07:57:07 +0800] "GET /xingrg/javascript/Calendar.js HTTP/1.1" 304 -
116.230.112.9 - - [01/Mar/2024:07:57:07 +0800] "GET /xingrg/javascript/myfunction.js HTTP/1.1" 304 -
116.230.112.9 - - [01/Mar/2024:07:57:07 +0800] "GET /xingrg/javascript/pic_change.js HTTP/1.1" 304 -
116.230.112.9 - - [01/Mar/2024:07:57:07 +0800] "GET /xingrg/javascript/convert.js HTTP/1.1" 304 -
116.230.112.9 - - [01/Mar/2024:07:57:07 +0800] "GET /xingrg/javascript/print/kc_print.js HTTP/1.1" 304 -
116.230.112.9 - - [01/Mar/2024:07:57:07 +0800] "GET /xingrg/javascript/print/LodopFuncs.js HTTP/1.1" 304 -
116.230.112.9 - - [01/Mar/2024:07:57:07 +0800] "GET /xingrg/javascript/jquery_easy_ui/themes/icons/check_new.png HTTP/1.1" 304 -
116.230.112.9 - - [01/Mar/2024:07:57:07 +0800] "GET /xingrg/javascript/jquery_easy_ui/themes/icons/cance_new.png HTTP/1.1" 304 -
116.230.112.9 - - [01/Mar/2024:07:57:07 +0800] "POST /xingrg/dwr/call/plaincall/AjaxCheckService.loadOrderItems.dwr HTTP/1.1" 200 50439
116.230.112.9 - - [01/Mar/2024:07:57:07 +0800] "GET /xingrg/javascript/jquery_easy_ui/themes/icons/no.png HTTP/1.1" 304 -
120.253.135.82 - - [01/Mar/2024:07:57:08 +0800] "GET /xingrg/all/function/internal_message.html?_=1709250864519&CODE_STATE=getMsg HTTP/1.1" 200 27
116.238.97.31 - - [01/Mar/2024:07:57:16 +0800] "GET /xingrg/kc/buy/cgsh_order_operate.html?command=get_materiel&rest_code=00102&code=00101008368&supplier_code=00100008&order_time=2024-03-01 HTTP/1.1" 200 408
172.20.0.8 - - [01/Mar/2024:07:57:17 +0800] "GET /xingrg/all/function/internal_message.html?_=1709251037438&CODE_STATE=getMsg HTTP/1.1" 302 -
116.238.97.31 - - [01/Mar/2024:07:57:20 +0800] "POST /xingrg/kc/buy/cgsh_order_operate.html HTTP/1.1" 200 2065
116.238.97.31 - - [01/Mar/2024:07:57:25 +0800] "GET /xingrg/kc/buy/cgsh_order_operate.html?command=get_materiel&rest_code=00102&code=00101008131&supplier_code=00100008&order_time=2024-03-01 HTTP/1.1" 200 408
116.238.97.31 - - [01/Mar/2024:07:57:25 +0800] "GET /xingrg/all/function/internal_message.html?_=1709251045503&CODE_STATE=getMsg HTTP/1.1" 200 27
116.238.97.31 - - [01/Mar/2024:07:57:32 +0800] "GET /xingrg/kc/buy/cgsh_order_operate.html?command=get_materiel&rest_code=00102&code=00101008353&supplier_code=00100008&order_time=2024-03-01 HTTP/1.1" 200 428
116.238.97.31 - - [01/Mar/2024:07:57:41 +0800] "GET /xingrg/kc/buy/cgsh_order_operate.html?command=get_materiel&rest_code=00102&code=00101008211&supplier_code=00100008&order_time=2024-03-01 HTTP/1.1" 200 412
116.230.112.9 - - [01/Mar/2024:07:57:53 +0800] "GET /xingrg/all/function/internal_message.html?_=1709251090588&CODE_STATE=getMsg HTTP/1.1" 200 27
116.238.97.31 - - [01/Mar/2024:07:57:53 +0800] "GET /xingrg/kc/buy/cgsh_order_operate.html?command=get_materiel&rest_code=00102&code=00101008355&supplier_code=00100008&order_time=2024-03-01 HTTP/1.1" 200 428
124.78.67.200 - - [01/Mar/2024:07:57:53 +0800] "GET /xingrg/all/function/internal_message.html?_=1709251073994&CODE_STATE=getMsg HTTP/1.1" 200 27
116.230.112.9 - - [01/Mar/2024:07:57:58 +0800] "GET /xingrg/all/function/internal_message.html?_=1709251093972&CODE_STATE=getMsg HTTP/1.1" 200 27
116.238.97.31 - - [01/Mar/2024:07:58:01 +0800] "GET /xingrg/kc/buy/cgsh_order_operate.html?command=get_materiel&rest_code=00102&code=00101008356&supplier_code=00100008&order_time=2024-03-01 HTTP/1.1" 200 428
116.230.112.9 - - [01/Mar/2024:07:58:03 +0800] "POST /xingrg/dwr/call/plaincall/AjaxCheckService.setItemRemark.dwr HTTP/1.1" 200 76
116.238.97.31 - - [01/Mar/2024:07:58:03 +0800] "POST /xingrg/kc/buy/cgsh_order_operate.html HTTP/1.1" 200 2065
221.239.172.101 - - [01/Mar/2024:07:58:04 +0800] "GET /xingrg/all/function/internal_message.html?_=1709251083148&CODE_STATE=getMsg HTTP/1.1" 200 27
116.232.194.112 - - [01/Mar/2024:07:58:06 +0800] "GET /xingrg/all/function/internal_message.html?_=1709251070965&CODE_STATE=getMsg HTTP/1.1" 200 27
180.171.62.200 - - [01/Mar/2024:07:58:06 +0800] "GET /xingrg/all/function/internal_message.html?_=1709251092953&CODE_STATE=getMsg HTTP/1.1" 200 27
180.171.62.200 - - [01/Mar/2024:07:58:06 +0800] "GET /xingrg/check_reg.html?_=1709251092957 HTTP/1.1" 200 22
120.253.135.82 - - [01/Mar/2024:07:58:08 +0800] "GET /xingrg/all/function/internal_message.html?_=1709250924532&CODE_STATE=getMsg HTTP/1.1" 200 27
116.238.97.31 - - [01/Mar/2024:07:58:10 +0800] "GET /xingrg/kc/buy/cgsh_order_operate.html?command=get_materiel&rest_code=00102&code=00101008027&supplier_code=00100008&order_time=2024-03-01 HTTP/1.1" 200 408
172.20.0.8 - - [01/Mar/2024:07:58:17 +0800] "GET /xingrg/all/function/internal_message.html?_=1709251097439&CODE_STATE=getMsg HTTP/1.1" 302 -
172.20.0.8 - - [01/Mar/2024:07:58:17 +0800] "GET /xingrg/check_reg.html?_=1709251097441 HTTP/1.1" 302 -
116.238.97.31 - - [01/Mar/2024:07:58:19 +0800] "GET /xingrg/kc/buy/cgsh_order_operate.html?command=get_materiel&rest_code=00102&code=00101008213&supplier_code=00100008&order_time=2024-03-01 HTTP/1.1" 200 412
116.238.97.31 - - [01/Mar/2024:07:58:25 +0800] "GET /xingrg/all/function/internal_message.html?_=1709251105517&CODE_STATE=getMsg HTTP/1.1" 200 27
116.238.97.31 - - [01/Mar/2024:07:58:29 +0800] "GET /xingrg/kc/buy/cgsh_order_operate.html?command=get_materiel&rest_code=00102&code=00101008230&supplier_code=00100008&order_time=2024-03-01 HTTP/1.1" 200 408
116.230.112.9 - - [01/Mar/2024:07:58:33 +0800] "POST /xingrg/dwr/call/plaincall/AjaxCheckService.setItemRemark.dwr HTTP/1.1" 200 76
116.238.97.31 - - [01/Mar/2024:07:58:38 +0800] "GET /xingrg/kc/buy/cgsh_order_operate.html?command=get_materiel&rest_code=00102&code=00101008286&supplier_code=00100008&order_time=2024-03-01 HTTP/1.1" 200 428
116.238.97.31 - - [01/Mar/2024:07:58:45 +0800] "GET /xingrg/kc/buy/cgsh_order_operate.html?command=get_materiel&rest_code=00102&code=00101008224&supplier_code=00100008&order_time=2024-03-01 HTTP/1.1" 200 416
116.238.97.31 - - [01/Mar/2024:07:58:47 +0800] "POST /xingrg/kc/buy/cgsh_order_operate.html HTTP/1.1" 200 2065
116.230.112.9 - - [01/Mar/2024:07:58:49 +0800] "POST /xingrg/dwr/call/plaincall/AjaxCheckService.setItemRemark.dwr HTTP/1.1" 200 76
116.230.112.9 - - [01/Mar/2024:07:58:53 +0800] "GET /xingrg/all/function/internal_message.html?_=1709251150612&CODE_STATE=getMsg HTTP/1.1" 200 27
124.78.67.200 - - [01/Mar/2024:07:58:53 +0800] "GET /xingrg/all/function/internal_message.html?_=1709251133995&CODE_STATE=getMsg HTTP/1.1" 200 27
116.238.97.31 - - [01/Mar/2024:07:58:55 +0800] "GET /xingrg/kc/buy/cgsh_order_operate.html?command=get_materiel&rest_code=00102&code=00101008694&supplier_code=00100008&order_time=2024-03-01 HTTP/1.1" 200 420
116.230.112.9 - - [01/Mar/2024:07:58:58 +0800] "GET /xingrg/all/function/internal_message.html?_=1709251153987&CODE_STATE=getMsg HTTP/1.1" 200 27
221.239.172.101 - - [01/Mar/2024:07:59:04 +0800] "GET /xingrg/all/function/internal_message.html?_=1709251143149&CODE_STATE=getMsg HTTP/1.1" 200 27
116.238.97.31 - - [01/Mar/2024:07:59:04 +0800] "GET /xingrg/kc/buy/cgsh_order_operate.html?command=get_materiel&rest_code=00102&code=00101008318&supplier_code=00100008&order_time=2024-03-01 HTTP/1.1" 200 408
116.232.194.112 - - [01/Mar/2024:07:59:06 +0800] "GET /xingrg/all/function/internal_message.html?_=1709251130982&CODE_STATE=getMsg HTTP/1.1" 200 27
180.171.62.200 - - [01/Mar/2024:07:59:06 +0800] "GET /xingrg/all/function/internal_message.html?_=1709251152958&CODE_STATE=getMsg HTTP/1.1" 200 27
120.253.135.82 - - [01/Mar/2024:07:59:08 +0800] "GET /xingrg/all/function/internal_message.html?_=1709250984723&CODE_STATE=getMsg HTTP/1.1" 200 27
116.230.112.9 - - [01/Mar/2024:07:59:12 +0800] "POST /xingrg/dwr/call/plaincall/AjaxCheckService.setItemRemark.dwr HTTP/1.1" 200 76
116.238.97.31 - - [01/Mar/2024:07:59:13 +0800] "GET /xingrg/kc/buy/cgsh_order_operate.html?command=get_materiel&rest_code=00102&code=00101008163&supplier_code=00100008&order_time=2024-03-01 HTTP/1.1" 200 409
172.20.0.8 - - [01/Mar/2024:07:59:17 +0800] "GET /xingrg/all/function/internal_message.html?_=1709251157445&CODE_STATE=getMsg HTTP/1.1" 302 -
116.238.97.31 - - [01/Mar/2024:07:59:25 +0800] "GET /xingrg/all/function/internal_message.html?_=1709251165508&CODE_STATE=getMsg HTTP/1.1" 200 27
116.238.97.31 - - [01/Mar/2024:07:59:27 +0800] "GET /xingrg/kc/buy/cgsh_order_operate.html?command=get_materiel&rest_code=00102&code=00101008291&supplier_code=00100008&order_time=2024-03-01 HTTP/1.1" 200 409
116.232.194.112 - - [01/Mar/2024:07:59:27 +0800] "GET /xingrg/check_reg.html?_=1709251152256 HTTP/1.1" 200 22
116.230.112.9 - - [01/Mar/2024:07:59:30 +0800] "POST /xingrg/dwr/call/plaincall/AjaxCheckService.setItemRemark.dwr HTTP/1.1" 200 76
116.238.97.31 - - [01/Mar/2024:07:59:38 +0800] "GET /xingrg/kc/buy/cgsh_order_operate.html?command=get_materiel&rest_code=00102&code=00101008257&supplier_code=00100008&order_time=2024-03-01 HTTP/1.1" 200 416
116.238.97.31 - - [01/Mar/2024:07:59:40 +0800] "POST /xingrg/kc/buy/cgsh_order_operate.html HTTP/1.1" 200 2065
116.238.97.31 - - [01/Mar/2024:07:59:48 +0800] "GET /xingrg/kc/buy/cgsh_order_operate.html?command=get_materiel&rest_code=00102&code=00101008100&supplier_code=00100008&order_time=2024-03-01 HTTP/1.1" 200 408
116.230.112.9 - - [01/Mar/2024:07:59:49 +0800] "POST /xingrg/dwr/call/plaincall/AjaxCheckService.setItemRemark.dwr HTTP/1.1" 200 76
116.230.112.9 - - [01/Mar/2024:07:59:53 +0800] "GET /xingrg/all/function/internal_message.html?_=1709251210617&CODE_STATE=getMsg HTTP/1.1" 200 27
124.78.67.200 - - [01/Mar/2024:07:59:53 +0800] "GET /xingrg/all/function/internal_message.html?_=1709251193986&CODE_STATE=getMsg HTTP/1.1" 200 27
116.238.97.31 - - [01/Mar/2024:07:59:58 +0800] "GET /xingrg/kc/buy/cgsh_order_operate.html?command=get_materiel&rest_code=00102&code=00101008098&supplier_code=00100008&order_time=2024-03-01 HTTP/1.1" 200 414
116.230.112.9 - - [01/Mar/2024:07:59:58 +0800] "GET /xingrg/all/function/internal_message.html?_=1709251214001&CODE_STATE=getMsg HTTP/1.1" 200 27
116.230.112.9 - - [01/Mar/2024:08:00:03 +0800] "POST /xingrg/dwr/call/plaincall/AjaxCheckService.setItemRemark.dwr HTTP/1.1" 200 76
221.239.172.101 - - [01/Mar/2024:08:00:04 +0800] "GET /xingrg/all/function/internal_message.html?_=1709251203158&CODE_STATE=getMsg HTTP/1.1" 200 27
221.239.172.101 - - [01/Mar/2024:08:00:04 +0800] "GET /xingrg/check_reg.html?_=1709251203159 HTTP/1.1" 200 22
116.232.194.112 - - [01/Mar/2024:08:00:06 +0800] "GET /xingrg/all/function/internal_message.html?_=1709251190963&CODE_STATE=getMsg HTTP/1.1" 200 27
180.171.62.200 - - [01/Mar/2024:08:00:06 +0800] "GET /xingrg/all/function/internal_message.html?_=1709251212959&CODE_STATE=getMsg HTTP/1.1" 200 27
120.253.135.82 - - [01/Mar/2024:08:00:08 +0800] "GET /xingrg/all/function/internal_message.html?_=1709251044732&CODE_STATE=getMsg HTTP/1.1" 200 27
116.238.97.31 - - [01/Mar/2024:08:00:15 +0800] "GET /xingrg/kc/buy/cgsh_order_operate.html?command=get_materiel&rest_code=00102&code=00101008005&supplier_code=00100008&order_time=2024-03-01 HTTP/1.1" 200 433
116.230.112.9 - - [01/Mar/2024:08:00:15 +0800] "POST /xingrg/dwr/call/plaincall/AjaxCheckService.setItemRemark.dwr HTTP/1.1" 200 76
172.20.0.8 - - [01/Mar/2024:08:00:17 +0800] "GET /xingrg/all/function/internal_message.html?_=1709251217446&CODE_STATE=getMsg HTTP/1.1" 302 -
116.238.97.31 - - [01/Mar/2024:08:00:25 +0800] "GET /xingrg/all/function/internal_message.html?_=1709251225519&CODE_STATE=getMsg HTTP/1.1" 200 27
116.230.112.9 - - [01/Mar/2024:08:00:31 +0800] "POST /xingrg/dwr/call/plaincall/AjaxCheckService.setItemRemark.dwr HTTP/1.1" 200 76
116.238.97.31 - - [01/Mar/2024:08:00:34 +0800] "GET /xingrg/kc/buy/cgsh_order_operate.html?command=get_materiel&rest_code=00102&code=00101008042&supplier_code=00100008&order_time=2024-03-01 HTTP/1.1" 200 416
116.238.97.31 - - [01/Mar/2024:08:00:45 +0800] "GET /xingrg/kc/buy/cgsh_order_operate.html?command=get_materiel&rest_code=00102&code=00101015183&supplier_code=00100008&order_time=2024-03-01 HTTP/1.1" 200 421
116.238.97.31 - - [01/Mar/2024:08:00:48 +0800] "POST /xingrg/kc/buy/cgsh_order_operate.html HTTP/1.1" 200 2065
116.230.112.9 - - [01/Mar/2024:08:00:53 +0800] "GET /xingrg/all/function/internal_message.html?_=1709251270641&CODE_STATE=getMsg HTTP/1.1" 200 27
124.78.67.200 - - [01/Mar/2024:08:00:53 +0800] "GET /xingrg/check_reg.html?_=1709251253993 HTTP/1.1" 200 22
124.78.67.200 - - [01/Mar/2024:08:00:53 +0800] "GET /xingrg/all/function/internal_message.html?_=1709251253997&CODE_STATE=getMsg HTTP/1.1" 200 27
116.230.112.9 - - [01/Mar/2024:08:00:56 +0800] "POST /xingrg/dwr/call/plaincall/AjaxCheckService.setItemRemark.dwr HTTP/1.1" 200 77
116.238.97.31 - - [01/Mar/2024:08:00:56 +0800] "GET /xingrg/kc/buy/cgsh_order_operate.html?command=get_materiel&rest_code=00102&code=00101012085&supplier_code=00100008&order_time=2024-03-01 HTTP/1.1" 200 409
116.230.112.9 - - [01/Mar/2024:08:00:58 +0800] "GET /xingrg/all/function/internal_message.html?_=1709251274012&CODE_STATE=getMsg HTTP/1.1" 200 27
221.239.172.101 - - [01/Mar/2024:08:01:04 +0800] "GET /xingrg/all/function/internal_message.html?_=1709251263159&CODE_STATE=getMsg HTTP/1.1" 200 27
120.253.135.82 - - [01/Mar/2024:08:01:05 +0800] "GET /xingrg/check_reg.html?_=1709251101735 HTTP/1.1" 200 22
116.232.194.112 - - [01/Mar/2024:08:01:06 +0800] "GET /xingrg/all/function/internal_message.html?_=1709251250968&CODE_STATE=getMsg HTTP/1.1" 200 27
116.232.194.112 - - [01/Mar/2024:08:01:06 +0800] "GET /xingrg/check_reg.html?_=1709251250969 HTTP/1.1" 200 22
180.171.62.200 - - [01/Mar/2024:08:01:06 +0800] "GET /xingrg/all/function/internal_message.html?_=1709251272960&CODE_STATE=getMsg HTTP/1.1" 200 27
120.253.135.82 - - [01/Mar/2024:08:01:08 +0800] "GET /xingrg/all/function/internal_message.html?_=1709251104743&CODE_STATE=getMsg HTTP/1.1" 200 27
116.230.112.9 - - [01/Mar/2024:08:01:10 +0800] "POST /xingrg/dwr/call/plaincall/AjaxCheckService.setItemRemark.dwr HTTP/1.1" 200 77
116.238.97.31 - - [01/Mar/2024:08:01:13 +0800] "GET /xingrg/kc/buy/cgsh_order_operate.html?command=get_materiel&rest_code=00102&code=00101019018&supplier_code=00100008&order_time=2024-03-01 HTTP/1.1" 200 448
116.238.97.31 - - [01/Mar/2024:08:01:16 +0800] "POST /xingrg/all/common/load_select.html HTTP/1.1" 200 25
172.20.0.8 - - [01/Mar/2024:08:01:17 +0800] "GET /xingrg/all/function/internal_message.html?_=1709251277446&CODE_STATE=getMsg HTTP/1.1" 302 -
116.238.97.31 - - [01/Mar/2024:08:01:22 +0800] "GET /xingrg/kc/buy/cgsh_order_operate.html?command=get_materiel_price&rest_code=00102&code=00101019018&unit_code=00100178&supplier_code=00100008&order_time=2024-03-01 HTTP/1.1" 200 29
116.230.112.9 - - [01/Mar/2024:08:01:25 +0800] "POST /xingrg/dwr/call/plaincall/AjaxCheckService.setItemRemark.dwr HTTP/1.1" 200 77
116.238.97.31 - - [01/Mar/2024:08:01:25 +0800] "GET /xingrg/check_reg.html?_=1709251285521 HTTP/1.1" 200 22
116.238.97.31 - - [01/Mar/2024:08:01:25 +0800] "GET /xingrg/all/function/internal_message.html?_=1709251285522&CODE_STATE=getMsg HTTP/1.1" 200 27
116.232.194.112 - - [01/Mar/2024:08:01:34 +0800] "GET /xingrg/check_reg.html?_=1709251278579 HTTP/1.1" 200 22
116.238.97.31 - - [01/Mar/2024:08:01:35 +0800] "GET /xingrg/kc/buy/cgsh_order_operate.html?command=get_materiel&rest_code=00102&code=00101008242&supplier_code=00100008&order_time=2024-03-01 HTTP/1.1" 200 408
116.230.112.9 - - [01/Mar/2024:08:01:42 +0800] "POST /xingrg/dwr/call/plaincall/AjaxCheckService.setItemRemark.dwr HTTP/1.1" 200 77
116.230.112.9 - - [01/Mar/2024:08:01:44 +0800] "GET /xingrg/check_reg.html?_=1709251322194 HTTP/1.1" 200 22
116.238.97.31 - - [01/Mar/2024:08:01:49 +0800] "GET /xingrg/kc/buy/cgsh_order_operate.html?command=get_materiel&rest_code=00102&code=00101008285&supplier_code=00100008&order_time=2024-03-01 HTTP/1.1" 200 413
116.230.112.9 - - [01/Mar/2024:08:01:53 +0800] "GET /xingrg/all/function/internal_message.html?_=1709251330644&CODE_STATE=getMsg HTTP/1.1" 200 27
124.78.67.200 - - [01/Mar/2024:08:01:53 +0800] "GET /xingrg/all/function/internal_message.html?_=1709251313995&CODE_STATE=getMsg HTTP/1.1" 200 27
116.230.112.9 - - [01/Mar/2024:08:01:58 +0800] "GET /xingrg/check_reg.html?_=1709251333963 HTTP/1.1" 200 22
