180.169.147.146 - - [01/Mar/2024:10:04:56 +0800] "GET /xingrg/images/blue/pingpu.png HTTP/1.1" 304 -
180.169.147.146 - - [01/Mar/2024:10:04:56 +0800] "GET /xingrg/javascript/jquery_easy_ui/themes/default/images/tabs_rightarrow.png HTTP/1.1" 304 -
180.169.147.146 - - [01/Mar/2024:10:04:56 +0800] "POST /xingrg/all/common/load_tree.html?tree=area_rest_tree_json&manage=1 HTTP/1.1" 200 3624
180.169.147.146 - - [01/Mar/2024:10:04:57 +0800] "POST /xingrg/load_menu.html HTTP/1.1" 200 9959
116.224.254.208 - - [01/Mar/2024:10:04:58 +0800] "GET /xingrg/all/function/internal_message.html?_=1709258698086&CODE_STATE=getMsg HTTP/1.1" 200 27
180.169.147.146 - - [01/Mar/2024:10:04:59 +0800] "GET /xingrg/kc/report/report_main.html HTTP/1.1" 200 7340
180.169.147.146 - - [01/Mar/2024:10:05:00 +0800] "GET /xingrg/kc/base/crk_hz.html HTTP/1.1" 200 11247
180.169.147.146 - - [01/Mar/2024:10:05:00 +0800] "POST /xingrg/kc/cost/cost_operate.html?command=get_base_tree HTTP/1.1" 200 2725
180.169.147.146 - - [01/Mar/2024:10:05:00 +0800] "POST /xingrg/all/common/load_tree.html?tree=materiel_sort_tree_json HTTP/1.1" 200 9734
180.169.147.146 - - [01/Mar/2024:10:05:03 +0800] "GET /xingrg/all/common/get_data_part.html?part=previousMonth&_=1709258702928 HTTP/1.1" 200 41
221.239.172.101 - - [01/Mar/2024:10:05:04 +0800] "GET /xingrg/all/function/internal_message.html?_=1709258703307&CODE_STATE=getMsg HTTP/1.1" 200 27
221.239.172.101 - - [01/Mar/2024:10:05:04 +0800] "GET /xingrg/check_reg.html?_=1709258703312 HTTP/1.1" 200 22
180.171.62.200 - - [01/Mar/2024:10:05:06 +0800] "GET /xingrg/all/function/internal_message.html?_=1709258712990&CODE_STATE=getMsg HTTP/1.1" 200 27
116.232.194.112 - - [01/Mar/2024:10:05:06 +0800] "GET /xingrg/all/function/internal_message.html?_=1709258690982&CODE_STATE=getMsg HTTP/1.1" 200 27
218.81.65.124 - - [01/Mar/2024:10:05:08 +0800] "POST /xingrg/dwr/call/plaincall/AjaxCheckService.setItemRemark.dwr HTTP/1.1" 200 77
114.83.217.226 - - [01/Mar/2024:10:05:08 +0800] "GET /xingrg/check_reg.html?_=1709258705559 HTTP/1.1" 200 22
180.169.147.146 - - [01/Mar/2024:10:05:09 +0800] "GET /xingrg/kc/base/crk_hz.html?_=1709258708846&command=get_cost_id&end_date=2024-02-29&start_date=2024-02-01 HTTP/1.1" 200 51
180.169.147.146 - - [01/Mar/2024:10:05:09 +0800] "GET /xingrg/all/report/report_query.html?isQuery=1&onlyBody=1&rh=99999&rw=1800&varString=start:20240201,cost_id:4901,mid:20240201&fileName=kc/base/crk_hz_type_by_base.xml&queryString=%20a.base_code%20in%20('0010770')%20&queryText=ÈÕÆÚ£º2024-02-01ÖÁ2024-02-29%20²Ö¿â£ºÀñºÐ¿â&tableQueryString=materiel_table$sp1$$sp$before_table$sp1$$sp$crk_table$sp1$order_day%20between%2020240201%20and%2020240229 HTTP/1.1" 200 49400
180.169.147.146 - - [01/Mar/2024:10:05:09 +0800] "GET /xingrg/dwr/interface/AjaxReportQueryService.js HTTP/1.1" 200 13203
180.169.147.146 - - [01/Mar/2024:10:05:09 +0800] "GET /xingrg/dwr/engine.js HTTP/1.1" 200 43631
180.169.147.146 - - [01/Mar/2024:10:05:09 +0800] "GET /xingrg/dwr/util.js HTTP/1.1" 200 35990
120.253.135.82 - - [01/Mar/2024:10:05:12 +0800] "GET /xingrg/all/function/internal_message.html?_=1709258881690&CODE_STATE=getMsg HTTP/1.1" 200 27
116.230.112.9 - - [01/Mar/2024:10:05:12 +0800] "GET /xingrg/kc/buy/cgsh_order_operate.html?command=get_materiel&rest_code=00146&code=00101006193&supplier_code=00100012&order_time=2024-03-01 HTTP/1.1" 200 409
218.81.65.124 - - [01/Mar/2024:10:05:13 +0800] "POST /xingrg/dwr/call/plaincall/AjaxCheckService.setItemRemark.dwr HTTP/1.1" 200 77
180.169.147.146 - - [01/Mar/2024:10:05:13 +0800] "POST /xingrg/all/report/load_report_page.html HTTP/1.1" 200 94663
180.169.147.146 - - [01/Mar/2024:10:05:13 +0800] "GET /xingrg/servlets/image?cache=0.02816991881277553&image=px HTTP/1.1" 200 807
124.79.245.19 - - [01/Mar/2024:10:05:16 +0800] "GET /xingrg/all/function/internal_message.html?_=1709258715180&CODE_STATE=getMsg HTTP/1.1" 200 27
172.20.0.8 - - [01/Mar/2024:10:05:17 +0800] "GET /xingrg/all/function/internal_message.html?_=1709258717362&CODE_STATE=getMsg HTTP/1.1" 302 -
180.169.147.146 - - [01/Mar/2024:10:05:19 +0800] "GET /xingrg/all/report/report_query.html?isQuery=1&fileName=kc/base/crk_detail_by_small.xml&rh=99999&queryString=&queryText=%25E3%2580%2590%25E4%25BB%2593%25E5%25BA%2593%25E5%2590%258D%25E7%25A7%25B0%253A%25E7%25A4%25BC%25E7%259B%2592%25E5%25BA%2593%25E3%2580%2591%25E3%2580%2590%25E4%25B8%259A%25E5%258A%25A1%25E7%25B1%25BB%25E5%259E%258B%25EF%25BC%259A%25E5%2586%2585%25E9%2583%25A8%25E8%25B0%2583%25E5%2587%25BA%25E3%2580%2591%2520%253F%253F%253F%253F%253F2024-02-01%253F%253F2024-02-29%2520%253F%253F%253F%253F%253F%25D0%25BF%253F&tableQueryString=crk_table%2524sp1%2524order_day%2520between%252020240201%2520and%252020240229%2520and%2520(base_code%253D'0010770')%2520and%2520(src_order_type%2520in%2520(42))%2520and%2520(is_rk%2520in%2520(0)) HTTP/1.1" 200 53784
180.169.147.146 - - [01/Mar/2024:10:05:20 +0800] "GET /xingrg/dwr/interface/AjaxReportQueryService.js HTTP/1.1" 200 13203
180.169.147.146 - - [01/Mar/2024:10:05:20 +0800] "GET /xingrg/dwr/engine.js HTTP/1.1" 200 43631
180.169.147.146 - - [01/Mar/2024:10:05:20 +0800] "POST /xingrg/all/report/load_report_page.html HTTP/1.1" 200 11748
180.169.147.146 - - [01/Mar/2024:10:05:20 +0800] "GET /xingrg/servlets/image?cache=0.24924166540920945&image=px HTTP/1.1" 200 807
180.169.147.146 - - [01/Mar/2024:10:05:22 +0800] "POST /xingrg/all/report/load_report_page.html HTTP/1.1" 200 22174
180.169.147.146 - - [01/Mar/2024:10:05:22 +0800] "GET /xingrg/servlets/image?cache=0.7844912362760683&image=px HTTP/1.1" 200 807
101.228.147.14 - - [01/Mar/2024:10:05:23 +0800] "GET /xingrg/all/function/internal_message.html?_=1709258723702&CODE_STATE=getMsg HTTP/1.1" 200 27
101.83.145.37 - - [01/Mar/2024:10:05:26 +0800] "GET /xingrg/all/function/internal_message.html?_=1709258726636&CODE_STATE=getMsg HTTP/1.1" 200 27
180.169.147.146 - - [01/Mar/2024:10:05:31 +0800] "GET /xingrg/kc/base/base_main.html HTTP/1.1" 200 12142
180.164.1.25 - - [01/Mar/2024:10:05:31 +0800] "GET /xingrg/kc/base/wldb_order_list.html HTTP/1.1" 200 19023
180.164.1.25 - - [01/Mar/2024:10:05:32 +0800] "POST /xingrg/kc/base/wldb_list_operate.html HTTP/1.1" 200 1790
116.230.123.222 - - [01/Mar/2024:10:05:32 +0800] "GET /xingrg/all/function/internal_message.html?_=1709258730497&CODE_STATE=getMsg HTTP/1.1" 200 27
116.230.123.222 - - [01/Mar/2024:10:05:32 +0800] "GET /xingrg/check_reg.html?_=1709258730490 HTTP/1.1" 200 22
180.169.147.146 - - [01/Mar/2024:10:05:33 +0800] "GET /xingrg/kc/base/check_order_list.html HTTP/1.1" 200 16393
180.164.1.25 - - [01/Mar/2024:10:05:33 +0800] "POST /xingrg/kc/base/wldb_list_operate.html HTTP/1.1" 200 454
101.83.145.37 - - [01/Mar/2024:10:05:35 +0800] "GET /xingrg/all/function/internal_message.html?_=1709258499166&CODE_STATE=getMsg HTTP/1.1" 200 27
180.169.147.146 - - [01/Mar/2024:10:05:35 +0800] "POST /xingrg/kc/base/check_list_operate.html HTTP/1.1" 200 4706
180.164.1.25 - - [01/Mar/2024:10:05:38 +0800] "GET /xingrg/kc/base/wldb_order_info.html?code=422024022902546 HTTP/1.1" 200 30371
180.164.1.25 - - [01/Mar/2024:10:05:39 +0800] "GET /xingrg/javascript/easyui/themes/default/validatebox.css HTTP/1.1" 404 1104
180.164.1.25 - - [01/Mar/2024:10:05:39 +0800] "GET /xingrg/all/common/auto_word.html?type=base&rest_code=00108 HTTP/1.1" 200 1907
180.164.1.25 - - [01/Mar/2024:10:05:39 +0800] "GET /xingrg/all/common/auto_word.html?type=base&rest_code=00108 HTTP/1.1" 200 1907
116.230.112.9 - - [01/Mar/2024:10:05:39 +0800] "GET /xingrg/kc/buy/cgsh_order_operate.html?command=get_materiel&rest_code=00146&code=00101006293&supplier_code=00100012&order_time=2024-03-01 HTTP/1.1" 200 430
180.164.1.25 - - [01/Mar/2024:10:05:39 +0800] "POST /xingrg/kc/base/wldb_order_operate.html HTTP/1.1" 200 3659
114.83.217.226 - - [01/Mar/2024:10:05:40 +0800] "GET /xingrg/all/function/internal_message.html?_=1709258738187&CODE_STATE=getMsg HTTP/1.1" 200 27
116.238.97.31 - - [01/Mar/2024:10:05:41 +0800] "GET /xingrg/all/function/internal_message.html?_=1709258740709&CODE_STATE=getMsg HTTP/1.1" 200 27
180.164.1.25 - - [01/Mar/2024:10:05:43 +0800] "GET /xingrg/all/function/internal_message.html?_=1709258742384&CODE_STATE=getMsg HTTP/1.1" 200 27
180.169.147.146 - - [01/Mar/2024:10:05:43 +0800] "GET /xingrg/kc/base/check_order_add.html HTTP/1.1" 200 26564
180.169.147.146 - - [01/Mar/2024:10:05:43 +0800] "GET /xingrg/dwr/interface/AjaxComOrderService.js HTTP/1.1" 200 18264
180.169.147.146 - - [01/Mar/2024:10:05:43 +0800] "GET /xingrg/dwr/interface/AjaxCheckService.js HTTP/1.1" 200 14003
180.169.147.146 - - [01/Mar/2024:10:05:43 +0800] "GET /xingrg/dwr/engine.js HTTP/1.1" 200 43631
180.169.147.146 - - [01/Mar/2024:10:05:43 +0800] "GET /xingrg/javascript/convert.js HTTP/1.1" 304 -
180.169.147.146 - - [01/Mar/2024:10:05:43 +0800] "GET /xingrg/javascript/print/kc_print.js HTTP/1.1" 304 -
222.69.133.153 - - [01/Mar/2024:10:05:45 +0800] "GET /xingrg/all/function/internal_message.html?_=1709258747718&CODE_STATE=getMsg HTTP/1.1" 200 27
116.224.254.208 - - [01/Mar/2024:10:05:45 +0800] "GET /xingrg/all/function/internal_message.html?_=1709258745984&CODE_STATE=getMsg HTTP/1.1" 200 27
120.253.135.82 - - [01/Mar/2024:10:05:46 +0800] "GET /xingrg/all/function/internal_message.html?_=1709258582398&CODE_STATE=getMsg HTTP/1.1" 200 27
218.81.65.124 - - [01/Mar/2024:10:05:48 +0800] "GET /xingrg/all/function/internal_message.html?_=1709258755167&CODE_STATE=getMsg HTTP/1.1" 200 27
101.83.145.37 - - [01/Mar/2024:10:05:49 +0800] "GET /xingrg/all/function/internal_message.html?_=1709258513144&CODE_STATE=getMsg HTTP/1.1" 200 27
124.79.245.19 - - [01/Mar/2024:10:05:49 +0800] "GET /xingrg/all/function/internal_message.html?_=1709258762742&CODE_STATE=getMsg HTTP/1.1" 200 27
218.81.65.124 - - [01/Mar/2024:10:05:51 +0800] "POST /xingrg/dwr/call/plaincall/AjaxCheckService.setItemRemark.dwr HTTP/1.1" 200 77
116.230.112.9 - - [01/Mar/2024:10:05:52 +0800] "GET /xingrg/all/function/internal_message.html?_=1709258769941&CODE_STATE=getMsg HTTP/1.1" 200 27
180.164.1.25 - - [01/Mar/2024:10:05:53 +0800] "POST /xingrg/kc/base/wldb_list_operate.html HTTP/1.1" 200 1790
124.78.67.200 - - [01/Mar/2024:10:05:53 +0800] "GET /xingrg/all/function/internal_message.html?_=1709258753942&CODE_STATE=getMsg HTTP/1.1" 200 27
124.78.67.200 - - [01/Mar/2024:10:05:53 +0800] "GET /xingrg/check_reg.html?_=1709258753946 HTTP/1.1" 200 22
180.164.1.25 - - [01/Mar/2024:10:05:55 +0800] "POST /xingrg/kc/base/wldb_list_operate.html HTTP/1.1" 200 454
180.169.147.146 - - [01/Mar/2024:10:05:56 +0800] "GET /xingrg/all/function/internal_message.html?_=1709258756192&CODE_STATE=getMsg HTTP/1.1" 200 27
218.81.65.124 - - [01/Mar/2024:10:05:57 +0800] "POST /xingrg/dwr/call/plaincall/AjaxCheckService.setItemRemark.dwr HTTP/1.1" 200 77
116.224.254.208 - - [01/Mar/2024:10:05:58 +0800] "GET /xingrg/check_reg.html?_=1709258757997 HTTP/1.1" 200 22
116.224.254.208 - - [01/Mar/2024:10:05:58 +0800] "GET /xingrg/all/function/internal_message.html?_=1709258758070&CODE_STATE=getMsg HTTP/1.1" 200 27
180.169.147.146 - - [01/Mar/2024:10:05:59 +0800] "POST /xingrg/dwr/call/plaincall/AjaxCheckService.saveOrder.dwr HTTP/1.1" 200 78
180.169.147.146 - - [01/Mar/2024:10:06:00 +0800] "POST /xingrg/dwr/call/plaincall/AjaxCheckService.loadOrderItems.dwr HTTP/1.1" 200 367
180.169.147.146 - - [01/Mar/2024:10:06:02 +0800] "POST /xingrg/kc/report/common_data.html?type=materiel_category_tree HTTP/1.1" 200 4017
180.164.1.25 - - [01/Mar/2024:10:06:04 +0800] "POST /xingrg/kc/base/wldb_list_operate.html HTTP/1.1" 200 4
221.239.172.101 - - [01/Mar/2024:10:06:04 +0800] "GET /xingrg/all/function/internal_message.html?_=1709258763310&CODE_STATE=getMsg HTTP/1.1" 200 27
180.169.147.146 - - [01/Mar/2024:10:06:05 +0800] "POST /xingrg/dwr/call/plaincall/AjaxCheckService.importOrderItems.dwr HTTP/1.1" 200 78
180.171.62.200 - - [01/Mar/2024:10:06:06 +0800] "GET /xingrg/all/function/internal_message.html?_=1709258772992&CODE_STATE=getMsg HTTP/1.1" 200 27
116.232.194.112 - - [01/Mar/2024:10:06:06 +0800] "GET /xingrg/check_reg.html?_=1709258750964 HTTP/1.1" 200 22
116.232.194.112 - - [01/Mar/2024:10:06:06 +0800] "GET /xingrg/all/function/internal_message.html?_=1709258750971&CODE_STATE=getMsg HTTP/1.1" 200 27
180.169.147.146 - - [01/Mar/2024:10:06:07 +0800] "POST /xingrg/dwr/call/plaincall/AjaxCheckService.loadOrderItems.dwr HTTP/1.1" 200 2978
180.164.1.25 - - [01/Mar/2024:10:06:10 +0800] "POST /xingrg/kc/base/wldb_list_operate.html HTTP/1.1" 200 928
120.253.135.82 - - [01/Mar/2024:10:06:12 +0800] "GET /xingrg/all/function/internal_message.html?_=1709258941694&CODE_STATE=getMsg HTTP/1.1" 200 27
180.169.147.146 - - [01/Mar/2024:10:06:14 +0800] "POST /xingrg/kc/base/check_list_operate.html HTTP/1.1" 200 4715
124.79.245.19 - - [01/Mar/2024:10:06:16 +0800] "GET /xingrg/all/function/internal_message.html?_=1709258775170&CODE_STATE=getMsg HTTP/1.1" 200 27
180.169.147.146 - - [01/Mar/2024:10:06:16 +0800] "GET /xingrg/kc/report/report_main.html HTTP/1.1" 200 7340
172.20.0.8 - - [01/Mar/2024:10:06:17 +0800] "GET /xingrg/all/function/internal_message.html?_=1709258777363&CODE_STATE=getMsg HTTP/1.1" 302 -
180.169.147.146 - - [01/Mar/2024:10:06:18 +0800] "POST /xingrg/load_menu.html HTTP/1.1" 200 9695
180.169.147.146 - - [01/Mar/2024:10:06:19 +0800] "GET /xingrg/all/report/report_query.html?fileName=dma/new_5.0/menu/menu_category_hz.xml HTTP/1.1" 200 53064
180.169.147.146 - - [01/Mar/2024:10:06:19 +0800] "GET /xingrg/dwr/interface/AjaxReportQueryService.js HTTP/1.1" 200 13203
180.169.147.146 - - [01/Mar/2024:10:06:19 +0800] "GET /xingrg/dwr/engine.js HTTP/1.1" 200 43631
180.169.147.146 - - [01/Mar/2024:10:06:20 +0800] "POST /xingrg/dwr/call/plaincall/AjaxReportQueryService.getFixDate.dwr HTTP/1.1" 200 111
180.169.147.146 - - [01/Mar/2024:10:06:20 +0800] "POST /xingrg/all/common/load_tree.html?tree=area_station_tree_json&manage=1 HTTP/1.1" 200 3393
180.169.147.146 - - [01/Mar/2024:10:06:21 +0800] "GET /xingrg/all/report/report_query.html?fileName=dma/new_5.0/menu/menu_stca_hz.xml HTTP/1.1" 200 51418
180.169.147.146 - - [01/Mar/2024:10:06:21 +0800] "GET /xingrg/dwr/interface/AjaxReportQueryService.js HTTP/1.1" 200 13203
180.169.147.146 - - [01/Mar/2024:10:06:21 +0800] "GET /xingrg/dwr/engine.js HTTP/1.1" 200 43631
180.169.147.146 - - [01/Mar/2024:10:06:21 +0800] "POST /xingrg/dwr/call/plaincall/AjaxReportQueryService.getFixDate.dwr HTTP/1.1" 200 111
180.169.147.146 - - [01/Mar/2024:10:06:21 +0800] "POST /xingrg/all/common/load_tree.html?tree=area_station_tree_json&manage=1 HTTP/1.1" 200 3393
180.169.147.146 - - [01/Mar/2024:10:06:22 +0800] "POST /xingrg/dwr/call/plaincall/AjaxReportQueryService.getFixDate.dwr HTTP/1.1" 200 111
101.228.147.14 - - [01/Mar/2024:10:06:23 +0800] "GET /xingrg/all/function/internal_message.html?_=1709258783701&CODE_STATE=getMsg HTTP/1.1" 200 27
180.169.147.146 - - [01/Mar/2024:10:06:24 +0800] "POST /xingrg/dwr/call/plaincall/AjaxReportQueryService.getFixDate.dwr HTTP/1.1" 200 111
116.238.97.31 - - [01/Mar/2024:10:06:25 +0800] "GET /xingrg/check_reg.html?_=1709258785254 HTTP/1.1" 200 22
101.83.145.37 - - [01/Mar/2024:10:06:26 +0800] "GET /xingrg/all/function/internal_message.html?_=1709258786636&CODE_STATE=getMsg HTTP/1.1" 200 27
180.169.147.146 - - [01/Mar/2024:10:06:29 +0800] "POST /xingrg/dwr/call/plaincall/AjaxReportQueryService.refreshCache.dwr HTTP/1.1" 200 78
180.169.147.146 - - [01/Mar/2024:10:06:30 +0800] "POST /xingrg/all/report/load_report_page.html HTTP/1.1" 200 41038
180.169.147.146 - - [01/Mar/2024:10:06:30 +0800] "GET /xingrg/servlets/image?cache=0.8700475378892174&image=px HTTP/1.1" 200 807
116.230.112.9 - - [01/Mar/2024:10:06:30 +0800] "GET /xingrg/kc/buy/cgsh_order_operate.html?command=get_materiel&rest_code=00146&code=00101006130&supplier_code=00100012&order_time=2024-03-01 HTTP/1.1" 200 455
116.230.123.222 - - [01/Mar/2024:10:06:32 +0800] "GET /xingrg/all/function/internal_message.html?_=1709258790489&CODE_STATE=getMsg HTTP/1.1" 200 27
116.232.194.112 - - [01/Mar/2024:10:06:34 +0800] "GET /xingrg/check_reg.html?_=1709258778570 HTTP/1.1" 200 22
101.83.145.37 - - [01/Mar/2024:10:06:35 +0800] "GET /xingrg/all/function/internal_message.html?_=1709258559166&CODE_STATE=getMsg HTTP/1.1" 200 27
114.83.217.226 - - [01/Mar/2024:10:06:40 +0800] "GET /xingrg/all/function/internal_message.html?_=1709258798173&CODE_STATE=getMsg HTTP/1.1" 200 27
116.238.97.31 - - [01/Mar/2024:10:06:41 +0800] "GET /xingrg/all/function/internal_message.html?_=1709258800688&CODE_STATE=getMsg HTTP/1.1" 200 27
180.164.1.25 - - [01/Mar/2024:10:06:43 +0800] "GET /xingrg/all/function/internal_message.html?_=1709258802389&CODE_STATE=getMsg HTTP/1.1" 200 27
222.69.133.153 - - [01/Mar/2024:10:06:45 +0800] "GET /xingrg/all/function/internal_message.html?_=1709258807709&CODE_STATE=getMsg HTTP/1.1" 200 27
116.224.254.208 - - [01/Mar/2024:10:06:45 +0800] "GET /xingrg/all/function/internal_message.html?_=1709258805981&CODE_STATE=getMsg HTTP/1.1" 200 27
116.224.254.208 - - [01/Mar/2024:10:06:45 +0800] "GET /xingrg/check_reg.html?_=1709258805984 HTTP/1.1" 200 22
120.253.135.82 - - [01/Mar/2024:10:06:46 +0800] "GET /xingrg/all/function/internal_message.html?_=1709258642401&CODE_STATE=getMsg HTTP/1.1" 200 27
101.83.145.37 - - [01/Mar/2024:10:06:49 +0800] "GET /xingrg/all/function/internal_message.html?_=1709258573145&CODE_STATE=getMsg HTTP/1.1" 200 27
124.79.245.19 - - [01/Mar/2024:10:06:49 +0800] "GET /xingrg/all/function/internal_message.html?_=1709258822721&CODE_STATE=getMsg HTTP/1.1" 200 27
116.230.112.9 - - [01/Mar/2024:10:06:52 +0800] "GET /xingrg/all/function/internal_message.html?_=1709258829955&CODE_STATE=getMsg HTTP/1.1" 200 27
116.230.112.9 - - [01/Mar/2024:10:06:53 +0800] "GET /xingrg/kc/buy/cgsh_order_operate.html?command=get_materiel&rest_code=00146&code=00101006109&supplier_code=00100012&order_time=2024-03-01 HTTP/1.1" 200 409
124.78.67.200 - - [01/Mar/2024:10:06:53 +0800] "GET /xingrg/all/function/internal_message.html?_=1709258813940&CODE_STATE=getMsg HTTP/1.1" 200 27
180.169.147.146 - - [01/Mar/2024:10:06:56 +0800] "GET /xingrg/all/function/internal_message.html?_=1709258816193&CODE_STATE=getMsg HTTP/1.1" 200 27
116.224.254.208 - - [01/Mar/2024:10:06:58 +0800] "GET /xingrg/all/function/internal_message.html?_=1709258818051&CODE_STATE=getMsg HTTP/1.1" 200 27
218.81.65.124 - - [01/Mar/2024:10:06:59 +0800] "GET /xingrg/all/function/internal_message.html?_=1709258826017&CODE_STATE=getMsg HTTP/1.1" 200 27
221.239.172.101 - - [01/Mar/2024:10:07:04 +0800] "GET /xingrg/all/function/internal_message.html?_=1709258823310&CODE_STATE=getMsg HTTP/1.1" 200 27
180.171.62.200 - - [01/Mar/2024:10:07:06 +0800] "GET /xingrg/all/function/internal_message.html?_=1709258832977&CODE_STATE=getMsg HTTP/1.1" 200 27
116.232.194.112 - - [01/Mar/2024:10:07:06 +0800] "GET /xingrg/all/function/internal_message.html?_=1709258810965&CODE_STATE=getMsg HTTP/1.1" 200 27
116.230.112.9 - - [01/Mar/2024:10:07:11 +0800] "GET /xingrg/kc/buy/cgsh_order_operate.html?command=get_materiel&rest_code=00146&code=00101006111&supplier_code=00100012&order_time=2024-03-01 HTTP/1.1" 200 409
218.81.65.124 - - [01/Mar/2024:10:07:11 +0800] "POST /xingrg/dwr/call/plaincall/AjaxCheckService.checkOrder.dwr HTTP/1.1" 200 79
120.253.135.82 - - [01/Mar/2024:10:07:12 +0800] "GET /xingrg/all/function/internal_message.html?_=1709259001698&CODE_STATE=getMsg HTTP/1.1" 200 27
124.79.245.19 - - [01/Mar/2024:10:07:16 +0800] "GET /xingrg/all/function/internal_message.html?_=1709258835154&CODE_STATE=getMsg HTTP/1.1" 200 27
172.20.0.8 - - [01/Mar/2024:10:07:17 +0800] "GET /xingrg/all/function/internal_message.html?_=1709258837365&CODE_STATE=getMsg HTTP/1.1" 302 -
218.81.65.124 - - [01/Mar/2024:10:07:17 +0800] "GET /xingrg/kc/base/check_order_info.html?code=452024022900139 HTTP/1.1" 200 22854
218.81.65.124 - - [01/Mar/2024:10:07:17 +0800] "GET /xingrg/dwr/interface/AjaxComOrderService.js HTTP/1.1" 200 18264
218.81.65.124 - - [01/Mar/2024:10:07:17 +0800] "GET /xingrg/dwr/engine.js HTTP/1.1" 200 43631
218.81.65.124 - - [01/Mar/2024:10:07:17 +0800] "GET /xingrg/dwr/interface/AjaxCheckService.js HTTP/1.1" 200 14003
218.81.65.124 - - [01/Mar/2024:10:07:18 +0800] "POST /xingrg/dwr/call/plaincall/AjaxCheckService.loadOrderItems.dwr HTTP/1.1" 200 18452
218.81.65.124 - - [01/Mar/2024:10:07:22 +0800] "GET /xingrg/kc/base/check_order_list.html?isBack=1 HTTP/1.1" 200 16138
218.81.65.124 - - [01/Mar/2024:10:07:22 +0800] "POST /xingrg/kc/base/check_list_operate.html HTTP/1.1" 200 3174
101.228.147.14 - - [01/Mar/2024:10:07:23 +0800] "GET /xingrg/all/function/internal_message.html?_=1709258843702&CODE_STATE=getMsg HTTP/1.1" 200 27
101.83.145.37 - - [01/Mar/2024:10:07:26 +0800] "GET /xingrg/all/function/internal_message.html?_=1709258846636&CODE_STATE=getMsg HTTP/1.1" 200 27
116.230.123.222 - - [01/Mar/2024:10:07:32 +0800] "GET /xingrg/all/function/internal_message.html?_=1709258850502&CODE_STATE=getMsg HTTP/1.1" 200 27
116.230.112.9 - - [01/Mar/2024:10:07:35 +0800] "GET /xingrg/kc/buy/cgsh_order_operate.html?command=get_materiel&rest_code=00146&code=00101006129&supplier_code=00100012&order_time=2024-03-01 HTTP/1.1" 200 460
101.83.145.37 - - [01/Mar/2024:10:07:35 +0800] "GET /xingrg/all/function/internal_message.html?_=1709258619166&CODE_STATE=getMsg HTTP/1.1" 200 27
101.83.145.37 - - [01/Mar/2024:10:07:35 +0800] "GET /xingrg/check_reg.html?_=1709258619169 HTTP/1.1" 200 22
114.83.217.226 - - [01/Mar/2024:10:07:40 +0800] "GET /xingrg/all/function/internal_message.html?_=1709258858161&CODE_STATE=getMsg HTTP/1.1" 200 27
116.238.97.31 - - [01/Mar/2024:10:07:41 +0800] "GET /xingrg/all/function/internal_message.html?_=1709258860660&CODE_STATE=getMsg HTTP/1.1" 200 27
218.81.65.124 - - [01/Mar/2024:10:07:42 +0800] "POST /xingrg/services/DataTransmitService HTTP/1.1" 200 524
180.164.1.25 - - [01/Mar/2024:10:07:43 +0800] "GET /xingrg/all/function/internal_message.html?_=1709258862406&CODE_STATE=getMsg HTTP/1.1" 200 27
180.164.1.25 - - [01/Mar/2024:10:07:43 +0800] "GET /xingrg/check_reg.html?_=1709258862545 HTTP/1.1" 200 22
222.69.133.153 - - [01/Mar/2024:10:07:45 +0800] "GET /xingrg/all/function/internal_message.html?_=1709258867685&CODE_STATE=getMsg HTTP/1.1" 200 27
116.224.254.208 - - [01/Mar/2024:10:07:45 +0800] "GET /xingrg/all/function/internal_message.html?_=1709258865982&CODE_STATE=getMsg HTTP/1.1" 200 27
120.253.135.82 - - [01/Mar/2024:10:07:46 +0800] "GET /xingrg/check_reg.html?_=1709258702014 HTTP/1.1" 200 22
120.253.135.82 - - [01/Mar/2024:10:07:46 +0800] "GET /xingrg/all/function/internal_message.html?_=1709258702414&CODE_STATE=getMsg HTTP/1.1" 200 27
218.81.65.124 - - [01/Mar/2024:10:07:48 +0800] "GET /xingrg/check_reg.html?_=1709258875197 HTTP/1.1" 200 22
101.83.145.37 - - [01/Mar/2024:10:07:49 +0800] "GET /xingrg/check_reg.html?_=1709258633146 HTTP/1.1" 200 22
101.83.145.37 - - [01/Mar/2024:10:07:49 +0800] "GET /xingrg/all/function/internal_message.html?_=1709258633149&CODE_STATE=getMsg HTTP/1.1" 200 27
124.79.245.19 - - [01/Mar/2024:10:07:49 +0800] "GET /xingrg/all/function/internal_message.html?_=1709258882695&CODE_STATE=getMsg HTTP/1.1" 200 27
116.230.112.9 - - [01/Mar/2024:10:07:51 +0800] "GET /xingrg/check_reg.html?_=1709258889740 HTTP/1.1" 200 22
116.230.112.9 - - [01/Mar/2024:10:07:52 +0800] "GET /xingrg/all/function/internal_message.html?_=1709258890032&CODE_STATE=getMsg HTTP/1.1" 200 27
116.230.112.9 - - [01/Mar/2024:10:07:53 +0800] "POST /xingrg/kc/buy/cgsh_order_operate.html HTTP/1.1" 200 37
124.78.67.200 - - [01/Mar/2024:10:07:53 +0800] "GET /xingrg/all/function/internal_message.html?_=1709258873941&CODE_STATE=getMsg HTTP/1.1" 200 27
180.169.147.146 - - [01/Mar/2024:10:07:56 +0800] "GET /xingrg/all/function/internal_message.html?_=1709258876183&CODE_STATE=getMsg HTTP/1.1" 200 27
116.224.254.208 - - [01/Mar/2024:10:07:58 +0800] "GET /xingrg/all/function/internal_message.html?_=1709258878041&CODE_STATE=getMsg HTTP/1.1" 200 27
218.81.65.124 - - [01/Mar/2024:10:07:59 +0800] "GET /xingrg/all/function/internal_message.html?_=1709258886026&CODE_STATE=getMsg HTTP/1.1" 200 27
116.238.97.31 - - [01/Mar/2024:10:08:01 +0800] "POST /xingrg/kc/buy/cgsh_list_operate.html HTTP/1.1" 200 986
221.239.172.101 - - [01/Mar/2024:10:08:04 +0800] "GET /xingrg/all/function/internal_message.html?_=1709258883310&CODE_STATE=getMsg HTTP/1.1" 200 27
116.238.97.31 - - [01/Mar/2024:10:08:05 +0800] "POST /xingrg/kc/buy/cgsh_list_operate.html HTTP/1.1" 200 986
180.171.62.200 - - [01/Mar/2024:10:08:06 +0800] "GET /xingrg/all/function/internal_message.html?_=1709258892978&CODE_STATE=getMsg HTTP/1.1" 200 27
180.171.62.200 - - [01/Mar/2024:10:08:06 +0800] "GET /xingrg/check_reg.html?_=1709258892981 HTTP/1.1" 200 22
116.232.194.112 - - [01/Mar/2024:10:08:06 +0800] "GET /xingrg/all/function/internal_message.html?_=1709258870962&CODE_STATE=getMsg HTTP/1.1" 200 27
116.230.112.9 - - [01/Mar/2024:10:08:09 +0800] "POST /xingrg/kc/buy/cgsh_order_operate.html HTTP/1.1" 200 5680
120.253.135.82 - - [01/Mar/2024:10:08:12 +0800] "GET /xingrg/all/function/internal_message.html?_=1709259061703&CODE_STATE=getMsg HTTP/1.1" 200 27
116.238.97.31 - - [01/Mar/2024:10:08:13 +0800] "GET /favicon.ico HTTP/1.1" 404 -
116.230.112.9 - - [01/Mar/2024:10:08:14 +0800] "GET /xingrg/kc/print/load_data.html?order_code=212024030100026&kc_code=cgsh&condition= HTTP/1.1" 200 1959
116.238.97.31 - - [01/Mar/2024:10:08:15 +0800] "GET /xingrg/login.html HTTP/1.1" 200 7641
116.238.97.31 - - [01/Mar/2024:10:08:15 +0800] "GET /favicon.ico HTTP/1.1" 404 -
124.79.245.19 - - [01/Mar/2024:10:08:16 +0800] "GET /xingrg/all/function/internal_message.html?_=1709258895141&CODE_STATE=getMsg HTTP/1.1" 200 27
172.20.0.8 - - [01/Mar/2024:10:08:17 +0800] "GET /xingrg/all/function/internal_message.html?_=1709258897367&CODE_STATE=getMsg HTTP/1.1" 302 -
172.20.0.8 - - [01/Mar/2024:10:08:17 +0800] "GET /xingrg/check_reg.html?_=1709258897368 HTTP/1.1" 302 -
116.230.112.9 - - [01/Mar/2024:10:08:20 +0800] "GET /xingrg/kc/buy/cgsh_order_add.html HTTP/1.1" 200 73516
116.230.112.9 - - [01/Mar/2024:10:08:20 +0800] "POST /xingrg/kc/buy/cgsh_order_operate.html HTTP/1.1" 200 8245
116.230.112.9 - - [01/Mar/2024:10:08:20 +0800] "GET /xingrg/javascript/easyui/themes/default/validatebox.css HTTP/1.1" 404 1104
116.238.97.31 - - [01/Mar/2024:10:08:22 +0800] "POST /xingrg/login.do HTTP/1.1" 302 -
116.238.97.31 - - [01/Mar/2024:10:08:22 +0800] "GET /xingrg/index.html?sysBaseUrl=http%3A%2F%2F180.169.147.146%3A18081%2Fxingrg%2F&costTime=801×tamp=1709258902090 HTTP/1.1" 200 17173
116.238.97.31 - - [01/Mar/2024:10:08:22 +0800] "GET /favicon.ico HTTP/1.1" 404 -
116.238.97.31 - - [01/Mar/2024:10:08:22 +0800] "GET /xingrg/all/function/internal_message.html?_=1709258901758&CODE_STATE=count HTTP/1.1" 200 11
116.238.97.31 - - [01/Mar/2024:10:08:22 +0800] "GET /xingrg/check_reg.html?_=1709258901759 HTTP/1.1" 200 22
116.238.97.31 - - [01/Mar/2024:10:08:22 +0800] "POST /xingrg/all/common/load_tree.html?tree=area_rest_tree_json&manage=1 HTTP/1.1" 200 342
116.238.97.31 - - [01/Mar/2024:10:08:22 +0800] "POST /xingrg/load_menu.html HTTP/1.1" 200 5138
101.228.147.14 - - [01/Mar/2024:10:08:23 +0800] "GET /xingrg/all/function/internal_message.html?_=1709258903704&CODE_STATE=getMsg HTTP/1.1" 200 27
116.238.97.31 - - [01/Mar/2024:10:08:25 +0800] "GET /xingrg/kc/buy/cgsh_order_list.html HTTP/1.1" 200 57741
101.83.145.37 - - [01/Mar/2024:10:08:26 +0800] "GET /xingrg/all/function/internal_message.html?_=1709258906636&CODE_STATE=getMsg HTTP/1.1" 200 27
116.238.97.31 - - [01/Mar/2024:10:08:28 +0800] "POST /xingrg/kc/buy/cgsh_list_operate.html HTTP/1.1" 200 986
116.230.123.222 - - [01/Mar/2024:10:08:32 +0800] "GET /xingrg/all/function/internal_message.html?_=1709258910498&CODE_STATE=getMsg HTTP/1.1" 200 27
101.83.145.37 - - [01/Mar/2024:10:08:35 +0800] "GET /xingrg/all/function/internal_message.html?_=1709258679172&CODE_STATE=getMsg HTTP/1.1" 200 27
116.238.97.31 - - [01/Mar/2024:10:08:38 +0800] "POST /xingrg/login.do HTTP/1.1" 302 -
116.238.97.31 - - [01/Mar/2024:10:08:38 +0800] "GET /xingrg/index.html?sysBaseUrl=http%3A%2F%2F180.169.147.146%3A18081%2Fxingrg%2F&costTime=1068×tamp=1709258918724 HTTP/1.1" 200 17503
116.238.97.31 - - [01/Mar/2024:10:08:39 +0800] "GET /favicon.ico HTTP/1.1" 404 -
116.238.97.31 - - [01/Mar/2024:10:08:39 +0800] "GET /xingrg/all/function/internal_message.html?_=1709258923587&CODE_STATE=count HTTP/1.1" 200 11
116.238.97.31 - - [01/Mar/2024:10:08:39 +0800] "GET /xingrg/check_reg.html?_=1709258923588 HTTP/1.1" 200 22
116.238.97.31 - - [01/Mar/2024:10:08:39 +0800] "POST /xingrg/all/common/load_tree.html?tree=area_rest_tree_json&manage=1 HTTP/1.1" 200 3624
116.238.97.31 - - [01/Mar/2024:10:08:39 +0800] "POST /xingrg/load_menu.html HTTP/1.1" 200 11443
114.83.217.226 - - [01/Mar/2024:10:08:40 +0800] "GET /xingrg/all/function/internal_message.html?_=1709258918148&CODE_STATE=getMsg HTTP/1.1" 200 27
116.238.97.31 - - [01/Mar/2024:10:08:41 +0800] "POST /xingrg/kc/buy/cgsh_list_operate.html HTTP/1.1" 200 6416
180.164.1.25 - - [01/Mar/2024:10:08:43 +0800] "GET /xingrg/all/function/internal_message.html?_=1709258922403&CODE_STATE=getMsg HTTP/1.1" 200 27
116.238.97.31 - - [01/Mar/2024:10:08:43 +0800] "POST /xingrg/all/user/operate.html HTTP/1.1" 200 36
116.238.97.31 - - [01/Mar/2024:10:08:43 +0800] "GET /xingrg/index.html?sysBaseUrl=http%3A%2F%2F180.169.147.146%3A18081%2Fxingrg%2F&costTime=1068×tamp=1709258918724 HTTP/1.1" 200 17503
116.238.97.31 - - [01/Mar/2024:10:08:43 +0800] "GET /xingrg/javascript/jquery_easy_ui/themes/default/easyui.css HTTP/1.1" 304 -
116.238.97.31 - - [01/Mar/2024:10:08:43 +0800] "GET /xingrg/javascript/jquery_easy_ui/themes/icon.css HTTP/1.1" 304 -
116.238.97.31 - - [01/Mar/2024:10:08:43 +0800] "GET /xingrg/css/form.css HTTP/1.1" 304 -
116.238.97.31 - - [01/Mar/2024:10:08:43 +0800] "GET /xingrg/javascript/jquery-1.4.2.min.js HTTP/1.1" 304 -
116.238.97.31 - - [01/Mar/2024:10:08:43 +0800] "GET /xingrg/javascript/jquery_easy_ui/jquery.easyui.min.js HTTP/1.1" 304 -
116.238.97.31 - - [01/Mar/2024:10:08:43 +0800] "GET /xingrg/javascript/jquery_easy_ui/easyui-lang-zh_CN.js HTTP/1.1" 304 -
116.238.97.31 - - [01/Mar/2024:10:08:43 +0800] "GET /xingrg/javascript/jquery.form.js HTTP/1.1" 304 -
116.238.97.31 - - [01/Mar/2024:10:08:43 +0800] "GET /xingrg/javascript/jquery.utils.js HTTP/1.1" 304 -
116.238.97.31 - - [01/Mar/2024:10:08:43 +0800] "GET /xingrg/javascript/jquery.timers.js HTTP/1.1" 304 -
116.238.97.31 - - [01/Mar/2024:10:08:43 +0800] "GET /xingrg/images/blue/jxLogo.png HTTP/1.1" 304 -
116.238.97.31 - - [01/Mar/2024:10:08:43 +0800] "GET /xingrg/images/blue/navBackgound.jpg HTTP/1.1" 304 -
116.238.97.31 - - [01/Mar/2024:10:08:43 +0800] "GET /xingrg/javascript/jquery_easy_ui/themes/icons/settle_new.png HTTP/1.1" 304 -
116.238.97.31 - - [01/Mar/2024:10:08:43 +0800] "GET /xingrg/all/function/internal_message.html?_=1709258927898&CODE_STATE=count HTTP/1.1" 200 11
116.238.97.31 - - [01/Mar/2024:10:08:43 +0800] "GET /xingrg/check_reg.html?_=1709258927898 HTTP/1.1" 200 22
116.238.97.31 - - [01/Mar/2024:10:08:43 +0800] "GET /xingrg/javascript/jquery_easy_ui/themes/default/images/tabs_leftarrow.png HTTP/1.1" 304 -
116.238.97.31 - - [01/Mar/2024:10:08:43 +0800] "GET /xingrg/javascript/jquery_easy_ui/themes/default/images/panel_tool_expand.gif HTTP/1.1" 304 -
116.238.97.31 - - [01/Mar/2024:10:08:43 +0800] "GET /xingrg/javascript/jquery_easy_ui/themes/default/images/panel_tool_collapse.gif HTTP/1.1" 304 -
116.238.97.31 - - [01/Mar/2024:10:08:43 +0800] "GET /xingrg/javascript/jquery_easy_ui/themes/default/images/tabs_rightarrow.png HTTP/1.1" 304 -
116.238.97.31 - - [01/Mar/2024:10:08:43 +0800] "GET /xingrg/images/blue/pingpu.png HTTP/1.1" 304 -
116.238.97.31 - - [01/Mar/2024:10:08:43 +0800] "POST /xingrg/all/common/load_tree.html?tree=area_rest_tree_json&manage=1 HTTP/1.1" 200 3624
116.238.97.31 - - [01/Mar/2024:10:08:43 +0800] "POST /xingrg/load_menu.html HTTP/1.1" 200 9959
222.69.133.153 - - [01/Mar/2024:10:08:45 +0800] "GET /xingrg/all/function/internal_message.html?_=1709258927669&CODE_STATE=getMsg HTTP/1.1" 200 27
116.224.254.208 - - [01/Mar/2024:10:08:45 +0800] "GET /xingrg/all/function/internal_message.html?_=1709258925976&CODE_STATE=getMsg HTTP/1.1" 200 27
120.253.135.82 - - [01/Mar/2024:10:08:46 +0800] "GET /xingrg/all/function/internal_message.html?_=1709258762427&CODE_STATE=getMsg HTTP/1.1" 200 27
116.238.97.31 - - [01/Mar/2024:10:08:46 +0800] "POST /xingrg/kc/buy/cgsh_list_operate.html HTTP/1.1" 200 204
116.238.97.31 - - [01/Mar/2024:10:08:47 +0800] "GET /xingrg/kc/buy/cgsh_order_list.html HTTP/1.1" 200 57996
116.238.97.31 - - [01/Mar/2024:10:08:48 +0800] "GET /xingrg/kc/buy/cgsh_order_info.html?code=212024022908131 HTTP/1.1" 200 68458
116.238.97.31 - - [01/Mar/2024:10:08:48 +0800] "GET /xingrg/javascript/easyui/themes/default/validatebox.css HTTP/1.1" 404 1104
101.83.145.37 - - [01/Mar/2024:10:08:49 +0800] "GET /xingrg/all/function/internal_message.html?_=1709258693148&CODE_STATE=getMsg HTTP/1.1" 200 27
116.238.97.31 - - [01/Mar/2024:10:08:49 +0800] "POST /xingrg/kc/buy/cgsh_order_operate.html HTTP/1.1" 200 613
124.79.245.19 - - [01/Mar/2024:10:08:49 +0800] "GET /xingrg/all/function/internal_message.html?_=1709258942664&CODE_STATE=getMsg HTTP/1.1" 200 27
124.79.245.19 - - [01/Mar/2024:10:08:50 +0800] "GET /xingrg/check_reg.html?_=1709258943460 HTTP/1.1" 200 22
116.238.97.31 - - [01/Mar/2024:10:08:50 +0800] "POST /xingrg/kc/buy/cgsh_list_operate.html HTTP/1.1" 200 986
116.230.112.9 - - [01/Mar/2024:10:08:51 +0800] "GET /xingrg/kc/buy/cgsh_order_operate.html?command=get_materiel&rest_code=00146&code=00101002007&supplier_code=00100199&order_time=2024-03-01 HTTP/1.1" 200 409
116.230.112.9 - - [01/Mar/2024:10:08:52 +0800] "GET /xingrg/all/function/internal_message.html?_=1709258950044&CODE_STATE=getMsg HTTP/1.1" 200 27
116.238.97.31 - - [01/Mar/2024:10:08:52 +0800] "GET /xingrg/javascript/jquery_tools/images/next.gif HTTP/1.1" 404 1086
116.238.97.31 - - [01/Mar/2024:10:08:52 +0800] "GET /xingrg/javascript/jquery_tools/images/prev.gif HTTP/1.1" 404 1086
124.78.67.200 - - [01/Mar/2024:10:08:53 +0800] "GET /xingrg/all/function/internal_message.html?_=1709258933942&CODE_STATE=getMsg HTTP/1.1" 200 27
180.169.147.146 - - [01/Mar/2024:10:08:56 +0800] "GET /xingrg/all/function/internal_message.html?_=1709258936183&CODE_STATE=getMsg HTTP/1.1" 200 27
116.224.254.208 - - [01/Mar/2024:10:08:58 +0800] "GET /xingrg/all/function/internal_message.html?_=1709258938019&CODE_STATE=getMsg HTTP/1.1" 200 27
218.81.65.124 - - [01/Mar/2024:10:08:59 +0800] "GET /xingrg/all/function/internal_message.html?_=1709258946013&CODE_STATE=getMsg HTTP/1.1" 200 27
116.238.97.31 - - [01/Mar/2024:10:09:03 +0800] "POST /xingrg/kc/buy/cgsh_list_operate.html HTTP/1.1" 200 5975
221.239.172.101 - - [01/Mar/2024:10:09:04 +0800] "GET /xingrg/all/function/internal_message.html?_=1709258943310&CODE_STATE=getMsg HTTP/1.1" 200 27
180.171.62.200 - - [01/Mar/2024:10:09:06 +0800] "GET /xingrg/all/function/internal_message.html?_=1709258952981&CODE_STATE=getMsg HTTP/1.1" 200 27
116.232.194.112 - - [01/Mar/2024:10:09:06 +0800] "GET /xingrg/all/function/internal_message.html?_=1709258930978&CODE_STATE=getMsg HTTP/1.1" 200 27
116.230.112.9 - - [01/Mar/2024:10:09:09 +0800] "GET /xingrg/kc/buy/cgsh_order_operate.html?command=get_materiel&rest_code=00146&code=00101001099&supplier_code=00100199&order_time=2024-03-01 HTTP/1.1" 200 409
116.238.97.31 - - [01/Mar/2024:10:09:11 +0800] "POST /xingrg/kc/buy/cgsh_list_operate.html HTTP/1.1" 200 5946
120.253.135.82 - - [01/Mar/2024:10:09:12 +0800] "GET /xingrg/all/function/internal_message.html?_=1709259121708&CODE_STATE=getMsg HTTP/1.1" 200 27
120.253.135.82 - - [01/Mar/2024:10:09:12 +0800] "GET /xingrg/check_reg.html?_=1709259121709 HTTP/1.1" 200 22
116.238.97.31 - - [01/Mar/2024:10:09:14 +0800] "POST /xingrg/kc/buy/cgsh_list_operate.html HTTP/1.1" 200 204
124.79.245.19 - - [01/Mar/2024:10:09:16 +0800] "GET /xingrg/all/function/internal_message.html?_=1709258955112&CODE_STATE=getMsg HTTP/1.1" 200 27
124.79.245.19 - - [01/Mar/2024:10:09:16 +0800] "GET /xingrg/check_reg.html?_=1709258955376 HTTP/1.1" 200 22
172.20.0.8 - - [01/Mar/2024:10:09:17 +0800] "GET /xingrg/all/function/internal_message.html?_=1709258957368&CODE_STATE=getMsg HTTP/1.1" 302 -
116.238.97.31 - - [01/Mar/2024:10:09:20 +0800] "POST /xingrg/kc/buy/cgsh_list_operate.html HTTP/1.1" 200 4
116.238.97.31 - - [01/Mar/2024:10:09:22 +0800] "GET /xingrg/all/function/internal_message.html?_=1709258961771&CODE_STATE=getMsg HTTP/1.1" 200 27
101.228.147.14 - - [01/Mar/2024:10:09:23 +0800] "GET /xingrg/all/function/internal_message.html?_=1709258963705&CODE_STATE=getMsg HTTP/1.1" 200 27
101.228.147.14 - - [01/Mar/2024:10:09:23 +0800] "GET /xingrg/check_reg.html?_=1709258963703 HTTP/1.1" 200 22
101.83.145.37 - - [01/Mar/2024:10:09:26 +0800] "GET /xingrg/all/function/internal_message.html?_=1709258966636&CODE_STATE=getMsg HTTP/1.1" 200 27
101.83.145.37 - - [01/Mar/2024:10:09:26 +0800] "GET /xingrg/check_reg.html?_=1709258966700 HTTP/1.1" 200 22
116.232.194.112 - - [01/Mar/2024:10:09:27 +0800] "GET /xingrg/check_reg.html?_=1709258952232 HTTP/1.1" 200 22
116.230.123.222 - - [01/Mar/2024:10:09:32 +0800] "GET /xingrg/all/function/internal_message.html?_=1709258970501&CODE_STATE=getMsg HTTP/1.1" 200 27
101.83.145.37 - - [01/Mar/2024:10:09:35 +0800] "GET /xingrg/all/function/internal_message.html?_=1709258739172&CODE_STATE=getMsg HTTP/1.1" 200 27
114.83.217.226 - - [01/Mar/2024:10:09:40 +0800] "GET /xingrg/all/function/internal_message.html?_=1709258978132&CODE_STATE=getMsg HTTP/1.1" 200 27
180.164.1.25 - - [01/Mar/2024:10:09:43 +0800] "GET /xingrg/all/function/internal_message.html?_=1709258982403&CODE_STATE=getMsg HTTP/1.1" 200 27
222.69.133.153 - - [01/Mar/2024:10:09:44 +0800] "GET /xingrg/check_reg.html?_=1709258987148 HTTP/1.1" 200 22
222.69.133.153 - - [01/Mar/2024:10:09:45 +0800] "GET /xingrg/all/function/internal_message.html?_=1709258987665&CODE_STATE=getMsg HTTP/1.1" 200 27
116.224.254.208 - - [01/Mar/2024:10:09:45 +0800] "GET /xingrg/all/function/internal_message.html?_=1709258985985&CODE_STATE=getMsg HTTP/1.1" 200 27
120.253.135.82 - - [01/Mar/2024:10:09:46 +0800] "GET /xingrg/all/function/internal_message.html?_=1709258822441&CODE_STATE=getMsg HTTP/1.1" 200 27
101.83.145.37 - - [01/Mar/2024:10:09:49 +0800] "GET /xingrg/all/function/internal_message.html?_=1709258753149&CODE_STATE=getMsg HTTP/1.1" 200 27
124.79.245.19 - - [01/Mar/2024:10:09:49 +0800] "GET /xingrg/all/function/internal_message.html?_=1709259002643&CODE_STATE=getMsg HTTP/1.1" 200 27
116.238.97.31 - - [01/Mar/2024:10:09:50 +0800] "POST /xingrg/kc/buy/cgsh_list_operate.html HTTP/1.1" 200 1849
116.230.112.9 - - [01/Mar/2024:10:09:52 +0800] "GET /xingrg/all/function/internal_message.html?_=1709259010058&CODE_STATE=getMsg HTTP/1.1" 200 27
116.238.97.31 - - [01/Mar/2024:10:09:52 +0800] "GET /xingrg/all/function/internal_message.html?_=1709258996632&CODE_STATE=getMsg HTTP/1.1" 200 27
116.238.97.31 - - [01/Mar/2024:10:09:52 +0800] "POST /xingrg/kc/buy/cgsh_list_operate.html HTTP/1.1" 200 204
124.78.67.200 - - [01/Mar/2024:10:09:53 +0800] "GET /xingrg/all/function/internal_message.html?_=1709258993935&CODE_STATE=getMsg HTTP/1.1" 200 27
116.238.97.31 - - [01/Mar/2024:10:09:54 +0800] "GET /xingrg/kc/buy/cgsh_order_info.html?code=212024022908131 HTTP/1.1" 200 73560
116.238.97.31 - - [01/Mar/2024:10:09:54 +0800] "GET /xingrg/words/20240229092203_words.js HTTP/1.1" 304 -
116.238.97.31 - - [01/Mar/2024:10:09:54 +0800] "GET /xingrg/javascript/easyui/themes/default/validatebox.css HTTP/1.1" 404 1104
116.238.97.31 - - [01/Mar/2024:10:09:54 +0800] "GET /xingrg/all/common/auto_word.html?type=employee&rest_code=00102 HTTP/1.1" 200 189
116.238.97.31 - - [01/Mar/2024:10:09:54 +0800] "GET /xingrg/all/common/auto_word.html?type=employee&rest_code=00102 HTTP/1.1" 200 189
116.238.97.31 - - [01/Mar/2024:10:09:55 +0800] "POST /xingrg/kc/buy/cgsh_order_operate.html HTTP/1.1" 200 2663
116.238.97.31 - - [01/Mar/2024:10:09:56 +0800] "POST /xingrg/kc/buy/cgsh_list_operate.html HTTP/1.1" 200 5975
180.169.147.146 - - [01/Mar/2024:10:09:56 +0800] "GET /xingrg/check_reg.html?_=1709258996183 HTTP/1.1" 200 22
180.169.147.146 - - [01/Mar/2024:10:09:56 +0800] "GET /xingrg/all/function/internal_message.html?_=1709258996186&CODE_STATE=getMsg HTTP/1.1" 200 27
116.238.97.31 - - [01/Mar/2024:10:09:57 +0800] "GET /xingrg/javascript/easyui/themes/default/tree.css HTTP/1.1" 404 1090
116.238.97.31 - - [01/Mar/2024:10:09:57 +0800] "POST /xingrg/all/common/load_tree.html?tree=supplier_tree_json&isDelete=1 HTTP/1.1" 200 78565
116.224.254.208 - - [01/Mar/2024:10:09:58 +0800] "GET /xingrg/all/function/internal_message.html?_=1709258998019&CODE_STATE=getMsg HTTP/1.1" 200 27
218.81.65.124 - - [01/Mar/2024:10:09:59 +0800] "GET /xingrg/all/function/internal_message.html?_=1709259006000&CODE_STATE=getMsg HTTP/1.1" 200 27
221.239.172.101 - - [01/Mar/2024:10:10:04 +0800] "GET /xingrg/check_reg.html?_=1709259003318 HTTP/1.1" 200 22
221.239.172.101 - - [01/Mar/2024:10:10:04 +0800] "GET /xingrg/all/function/internal_message.html?_=1709259003315&CODE_STATE=getMsg HTTP/1.1" 200 27
116.230.112.9 - - [01/Mar/2024:10:10:04 +0800] "GET /xingrg/kc/buy/cgsh_order_operate.html?command=get_materiel&rest_code=00146&code=00101004030&supplier_code=00100199&order_time=2024-03-01 HTTP/1.1" 200 408
180.171.62.200 - - [01/Mar/2024:10:10:06 +0800] "GET /xingrg/all/function/internal_message.html?_=1709259012984&CODE_STATE=getMsg HTTP/1.1" 200 27
116.232.194.112 - - [01/Mar/2024:10:10:06 +0800] "GET /xingrg/all/function/internal_message.html?_=1709258990979&CODE_STATE=getMsg HTTP/1.1" 200 27
114.83.217.226 - - [01/Mar/2024:10:10:08 +0800] "GET /xingrg/check_reg.html?_=1709259005577 HTTP/1.1" 200 22
116.238.97.31 - - [01/Mar/2024:10:10:09 +0800] "POST /xingrg/kc/buy/cgsh_order_operate.html HTTP/1.1" 200 37
120.253.135.82 - - [01/Mar/2024:10:10:12 +0800] "GET /xingrg/all/function/internal_message.html?_=1709259181712&CODE_STATE=getMsg HTTP/1.1" 200 27
124.79.245.19 - - [01/Mar/2024:10:10:16 +0800] "GET /xingrg/all/function/internal_message.html?_=1709259015121&CODE_STATE=getMsg HTTP/1.1" 200 27
116.238.97.31 - - [01/Mar/2024:10:10:16 +0800] "POST /xingrg/kc/buy/cgsh_order_operate.html HTTP/1.1" 200 12
172.20.0.8 - - [01/Mar/2024:10:10:17 +0800] "GET /xingrg/all/function/internal_message.html?_=1709259017369&CODE_STATE=getMsg HTTP/1.1" 302 -
116.238.97.31 - - [01/Mar/2024:10:10:19 +0800] "GET /xingrg/kc/buy/cgsh_order_info.html?code=212024022908131 HTTP/1.1" 200 68458
116.238.97.31 - - [01/Mar/2024:10:10:19 +0800] "GET /xingrg/javascript/easyui/themes/default/validatebox.css HTTP/1.1" 404 1104
116.230.112.9 - - [01/Mar/2024:10:10:19 +0800] "GET /xingrg/kc/buy/cgsh_order_operate.html?command=get_materiel&rest_code=00146&code=00101001044&supplier_code=00100199&order_time=2024-03-01 HTTP/1.1" 200 413
116.238.97.31 - - [01/Mar/2024:10:10:20 +0800] "POST /xingrg/kc/buy/cgsh_order_operate.html HTTP/1.1" 200 613
101.228.147.14 - - [01/Mar/2024:10:10:23 +0800] "GET /xingrg/all/function/internal_message.html?_=1709259023704&CODE_STATE=getMsg HTTP/1.1" 200 27
101.83.145.37 - - [01/Mar/2024:10:10:26 +0800] "GET /xingrg/all/function/internal_message.html?_=1709259026637&CODE_STATE=getMsg HTTP/1.1" 200 27
116.238.97.31 - - [01/Mar/2024:10:10:27 +0800] "GET /xingrg/login.html HTTP/1.1" 200 7641
116.238.97.31 - - [01/Mar/2024:10:10:27 +0800] "GET /favicon.ico HTTP/1.1" 404 -
116.238.97.31 - - [01/Mar/2024:10:10:29 +0800] "POST /xingrg/login.do HTTP/1.1" 302 -
116.238.97.31 - - [01/Mar/2024:10:10:29 +0800] "GET /xingrg/index.html?sysBaseUrl=http%3A%2F%2F180.169.147.146%3A18081%2Fxingrg%2F&costTime=796×tamp=1709259029193 HTTP/1.1" 200 17173
116.238.97.31 - - [01/Mar/2024:10:10:29 +0800] "GET /favicon.ico HTTP/1.1" 404 -
116.238.97.31 - - [01/Mar/2024:10:10:29 +0800] "GET /xingrg/check_reg.html?_=1709259028820 HTTP/1.1" 200 22
116.238.97.31 - - [01/Mar/2024:10:10:29 +0800] "GET /xingrg/all/function/internal_message.html?_=1709259028819&CODE_STATE=count HTTP/1.1" 200 11
116.238.97.31 - - [01/Mar/2024:10:10:29 +0800] "POST /xingrg/all/common/load_tree.html?tree=area_rest_tree_json&manage=1 HTTP/1.1" 200 342
116.238.97.31 - - [01/Mar/2024:10:10:29 +0800] "POST /xingrg/load_menu.html HTTP/1.1" 200 5138
116.238.97.31 - - [01/Mar/2024:10:10:32 +0800] "GET /xingrg/kc/buy/cgsh_order_list.html HTTP/1.1" 200 57741
116.230.123.222 - - [01/Mar/2024:10:10:32 +0800] "GET /xingrg/all/function/internal_message.html?_=1709259030508&CODE_STATE=getMsg HTTP/1.1" 200 27
116.230.123.222 - - [01/Mar/2024:10:10:32 +0800] "GET /xingrg/check_reg.html?_=1709259030501 HTTP/1.1" 200 22
116.238.97.31 - - [01/Mar/2024:10:10:34 +0800] "POST /xingrg/kc/buy/cgsh_list_operate.html HTTP/1.1" 200 986
101.83.145.37 - - [01/Mar/2024:10:10:35 +0800] "GET /xingrg/all/function/internal_message.html?_=1709258799172&CODE_STATE=getMsg HTTP/1.1" 200 27
116.230.123.222 - - [01/Mar/2024:10:10:36 +0800] "GET /xingrg/kc/buy/cgsh_order_list.html HTTP/1.1" 200 57741
116.230.112.9 - - [01/Mar/2024:10:10:38 +0800] "POST /xingrg/kc/buy/cgsh_order_operate.html HTTP/1.1" 200 37
116.230.123.222 - - [01/Mar/2024:10:10:39 +0800] "POST /xingrg/kc/buy/cgsh_list_operate.html HTTP/1.1" 200 986
114.83.217.226 - - [01/Mar/2024:10:10:40 +0800] "GET /xingrg/all/function/internal_message.html?_=1709259038109&CODE_STATE=getMsg HTTP/1.1" 200 27
116.230.112.9 - - [01/Mar/2024:10:10:41 +0800] "POST /xingrg/kc/buy/cgsh_order_operate.html HTTP/1.1" 200 4430
116.238.97.31 - - [01/Mar/2024:10:10:42 +0800] "POST /xingrg/kc/buy/cgsh_list_operate.html HTTP/1.1" 200 6416
180.164.1.25 - - [01/Mar/2024:10:10:43 +0800] "GET /xingrg/all/function/internal_message.html?_=1709259042392&CODE_STATE=getMsg HTTP/1.1" 200 27
222.69.133.153 - - [01/Mar/2024:10:10:45 +0800] "GET /xingrg/all/function/internal_message.html?_=1709259047640&CODE_STATE=getMsg HTTP/1.1" 200 27
116.224.254.208 - - [01/Mar/2024:10:10:45 +0800] "GET /xingrg/all/function/internal_message.html?_=1709259045975&CODE_STATE=getMsg HTTP/1.1" 200 27
116.230.112.9 - - [01/Mar/2024:10:10:46 +0800] "GET /xingrg/kc/print/load_data.html?order_code=212024030100027&kc_code=cgsh&condition= HTTP/1.1" 200 1346
120.253.135.82 - - [01/Mar/2024:10:10:46 +0800] "GET /xingrg/all/function/internal_message.html?_=1709258882608&CODE_STATE=getMsg HTTP/1.1" 200 27
116.238.97.31 - - [01/Mar/2024:10:10:47 +0800] "POST /xingrg/kc/buy/cgsh_list_operate.html HTTP/1.1" 200 204
116.238.97.31 - - [01/Mar/2024:10:10:48 +0800] "GET /xingrg/kc/buy/cgsh_order_info.html?code=212024022908131 HTTP/1.1" 200 68458
116.238.97.31 - - [01/Mar/2024:10:10:48 +0800] "GET /xingrg/javascript/easyui/themes/default/validatebox.css HTTP/1.1" 404 1104
101.83.145.37 - - [01/Mar/2024:10:10:49 +0800] "GET /xingrg/all/function/internal_message.html?_=1709258813135&CODE_STATE=getMsg HTTP/1.1" 200 27
124.79.245.19 - - [01/Mar/2024:10:10:49 +0800] "GET /xingrg/all/function/internal_message.html?_=1709259062619&CODE_STATE=getMsg HTTP/1.1" 200 27
116.238.97.31 - - [01/Mar/2024:10:10:49 +0800] "POST /xingrg/kc/buy/cgsh_order_operate.html HTTP/1.1" 200 613
116.238.97.31 - - [01/Mar/2024:10:10:51 +0800] "GET /xingrg/kc/print/load_config.html?kc_code=cgsh HTTP/1.1" 200 1927
116.230.112.9 - - [01/Mar/2024:10:10:52 +0800] "GET /xingrg/all/function/internal_message.html?_=1709259070073&CODE_STATE=getMsg HTTP/1.1" 200 27
116.238.97.31 - - [01/Mar/2024:10:10:52 +0800] "GET /xingrg/kc/print/load_data.html?order_code=212024022908131&kc_code=cgsh&condition= HTTP/1.1" 200 735
116.238.97.31 - - [01/Mar/2024:10:10:52 +0800] "GET /xingrg/all/function/internal_message.html?_=1709259056617&CODE_STATE=getMsg HTTP/1.1" 200 27
124.78.67.200 - - [01/Mar/2024:10:10:53 +0800] "GET /xingrg/all/function/internal_message.html?_=1709259053946&CODE_STATE=getMsg HTTP/1.1" 200 27
124.78.67.200 - - [01/Mar/2024:10:10:53 +0800] "GET /xingrg/check_reg.html?_=1709259053951 HTTP/1.1" 200 22
180.169.147.146 - - [01/Mar/2024:10:10:56 +0800] "GET /xingrg/all/function/internal_message.html?_=1709259056194&CODE_STATE=getMsg HTTP/1.1" 200 27
116.224.254.208 - - [01/Mar/2024:10:10:58 +0800] "GET /xingrg/check_reg.html?_=1709259058004 HTTP/1.1" 200 22
116.224.254.208 - - [01/Mar/2024:10:10:58 +0800] "GET /xingrg/all/function/internal_message.html?_=1709259058007&CODE_STATE=getMsg HTTP/1.1" 200 27
218.81.65.124 - - [01/Mar/2024:10:10:59 +0800] "GET /xingrg/all/function/internal_message.html?_=1709259065989&CODE_STATE=getMsg HTTP/1.1" 200 27
221.239.172.101 - - [01/Mar/2024:10:11:04 +0800] "GET /xingrg/all/function/internal_message.html?_=1709259063319&CODE_STATE=getMsg HTTP/1.1" 200 27
116.230.112.9 - - [01/Mar/2024:10:11:05 +0800] "GET /xingrg/kc/buy/cgsh_order_add.html HTTP/1.1" 200 73516
116.230.112.9 - - [01/Mar/2024:10:11:05 +0800] "POST /xingrg/kc/buy/cgsh_order_operate.html HTTP/1.1" 200 8245
116.230.112.9 - - [01/Mar/2024:10:11:06 +0800] "GET /xingrg/javascript/easyui/themes/default/validatebox.css HTTP/1.1" 404 1104
180.171.62.200 - - [01/Mar/2024:10:11:06 +0800] "GET /xingrg/all/function/internal_message.html?_=1709259072987&CODE_STATE=getMsg HTTP/1.1" 200 27
116.232.194.112 - - [01/Mar/2024:10:11:06 +0800] "GET /xingrg/check_reg.html?_=1709259050967 HTTP/1.1" 200 22
116.232.194.112 - - [01/Mar/2024:10:11:06 +0800] "GET /xingrg/all/function/internal_message.html?_=1709259050969&CODE_STATE=getMsg HTTP/1.1" 200 27
120.253.135.82 - - [01/Mar/2024:10:11:12 +0800] "GET /xingrg/all/function/internal_message.html?_=1709259241717&CODE_STATE=getMsg HTTP/1.1" 200 27
116.230.123.222 - - [01/Mar/2024:10:11:14 +0800] "POST /xingrg/kc/buy/cgsh_list_operate.html HTTP/1.1" 200 6601
124.79.245.19 - - [01/Mar/2024:10:11:16 +0800] "GET /xingrg/all/function/internal_message.html?_=1709259075137&CODE_STATE=getMsg HTTP/1.1" 200 27
172.20.0.8 - - [01/Mar/2024:10:11:17 +0800] "GET /xingrg/all/function/internal_message.html?_=1709259077370&CODE_STATE=getMsg HTTP/1.1" 302 -
