180.164.1.25 - - [29/Feb/2024:09:48:09 +0800] "POST /xingrg/dwr/call/plaincall/AjaxComOrderService.getMaterielSearchList.dwr HTTP/1.1" 200 454853
116.224.254.208 - - [29/Feb/2024:09:48:10 +0800] "GET /xingrg/all/function/internal_message.html?_=1709171290362&CODE_STATE=getMsg HTTP/1.1" 200 27
218.81.65.124 - - [29/Feb/2024:09:48:10 +0800] "POST /xingrg/dwr/call/plaincall/AjaxReportQueryService.refreshCache.dwr HTTP/1.1" 200 78
180.164.1.25 - - [29/Feb/2024:09:48:11 +0800] "POST /xingrg/dwr/call/plaincall/AjaxComOrderService.getMaterielSearchList.dwr HTTP/1.1" 200 203
218.81.65.124 - - [29/Feb/2024:09:48:11 +0800] "POST /xingrg/all/report/load_report_page.html HTTP/1.1" 200 17531
218.81.65.124 - - [29/Feb/2024:09:48:11 +0800] "GET /xingrg/servlets/image?cache=0.6299178706818956&image=px HTTP/1.1" 200 807
124.78.67.200 - - [29/Feb/2024:09:48:11 +0800] "POST /xingrg/kc/buy/cgsh_order_operate.html HTTP/1.1" 200 37
116.230.112.23 - - [29/Feb/2024:09:48:11 +0800] "GET /xingrg/kc/buy/cgsh_order_operate.html?command=get_materiel&rest_code=00146&code=00101009015&supplier_code=00100005&order_time=2024-02-29 HTTP/1.1" 200 416
124.78.67.200 - - [29/Feb/2024:09:48:13 +0800] "POST /xingrg/kc/buy/cgsh_order_operate.html HTTP/1.1" 200 23937
116.230.123.222 - - [29/Feb/2024:09:48:13 +0800] "GET /xingrg/kc/buy/cgsh_order_operate.html?command=get_materiel&rest_code=00111&code=00101008224&supplier_code=00100005&order_time=2024-02-29 HTTP/1.1" 200 416
58.39.109.113 - - [29/Feb/2024:09:48:16 +0800] "GET /xingrg/all/function/internal_message.html?_=1709171298094&CODE_STATE=getMsg HTTP/1.1" 200 27
180.164.1.25 - - [29/Feb/2024:09:48:17 +0800] "POST /xingrg/dwr/call/plaincall/AjaxComOrderService.getMaterielSearchList.dwr HTTP/1.1" 200 76
58.39.109.113 - - [29/Feb/2024:09:48:17 +0800] "GET /xingrg/check_reg.html?_=1709171298604 HTTP/1.1" 200 22
114.89.91.180 - - [29/Feb/2024:09:48:17 +0800] "GET /xingrg/all/function/internal_message.html?_=1709171300395&CODE_STATE=getMsg HTTP/1.1" 200 27
116.230.123.222 - - [29/Feb/2024:09:48:17 +0800] "GET /xingrg/all/function/internal_message.html?_=1709171296054&CODE_STATE=getMsg HTTP/1.1" 200 27
180.164.1.25 - - [29/Feb/2024:09:48:18 +0800] "POST /xingrg/dwr/call/plaincall/AjaxComOrderService.getMaterielSearchList.dwr HTTP/1.1" 200 664933
180.164.1.25 - - [29/Feb/2024:09:48:18 +0800] "POST /xingrg/dwr/call/plaincall/AjaxComOrderService.getMaterielSearchList.dwr HTTP/1.1" 200 43479
180.164.1.25 - - [29/Feb/2024:09:48:19 +0800] "POST /xingrg/dwr/call/plaincall/AjaxComOrderService.getMaterielSearchList.dwr HTTP/1.1" 200 1597
124.78.67.200 - - [29/Feb/2024:09:48:21 +0800] "GET /xingrg/all/function/internal_message.html?_=1709171301613&CODE_STATE=getMsg HTTP/1.1" 200 27
124.78.67.200 - - [29/Feb/2024:09:48:22 +0800] "POST /xingrg/kc/buy/cgsh_list_operate.html HTTP/1.1" 200 1867
116.228.172.94 - - [29/Feb/2024:09:48:23 +0800] "GET /xingrg/all/function/internal_message.html?_=1709171029907&CODE_STATE=getMsg HTTP/1.1" 200 27
180.164.1.25 - - [29/Feb/2024:09:48:23 +0800] "POST /xingrg/dwr/call/plaincall/AjaxYddbService.getMaterielByMap.dwr HTTP/1.1" 200 3028
101.83.240.223 - - [29/Feb/2024:09:48:24 +0800] "GET /xingrg/all/function/internal_message.html?_=1709171302234&CODE_STATE=getMsg HTTP/1.1" 200 27
116.230.112.23 - - [29/Feb/2024:09:48:24 +0800] "GET /xingrg/all/function/internal_message.html?_=1709171317946&CODE_STATE=getMsg HTTP/1.1" 200 27
116.230.123.222 - - [29/Feb/2024:09:48:26 +0800] "POST /xingrg/kc/buy/cgsh_order_operate.html HTTP/1.1" 200 2065
221.239.172.101 - - [29/Feb/2024:09:48:29 +0800] "GET /xingrg/all/function/internal_message.html?_=1709171308525&CODE_STATE=getMsg HTTP/1.1" 200 27
116.230.112.23 - - [29/Feb/2024:09:48:32 +0800] "GET /xingrg/kc/buy/cgsh_order_operate.html?command=get_materiel&rest_code=00146&code=00101015107&supplier_code=00100005&order_time=2024-02-29 HTTP/1.1" 200 411
116.230.123.222 - - [29/Feb/2024:09:48:35 +0800] "GET /xingrg/kc/buy/cgsh_order_operate.html?command=get_materiel&rest_code=00111&code=00101008356&supplier_code=00100005&order_time=2024-02-29 HTTP/1.1" 200 408
222.69.133.0 - - [29/Feb/2024:09:48:36 +0800] "GET /xingrg/check_reg.html?_=1709171317303 HTTP/1.1" 200 22
222.69.133.0 - - [29/Feb/2024:09:48:37 +0800] "GET /xingrg/all/function/internal_message.html?_=1709171317902&CODE_STATE=getMsg HTTP/1.1" 200 27
116.232.194.112 - - [29/Feb/2024:09:48:37 +0800] "GET /xingrg/all/function/internal_message.html?_=1709171303388&CODE_STATE=getMsg HTTP/1.1" 200 27
101.83.145.37 - - [29/Feb/2024:09:48:38 +0800] "GET /xingrg/all/function/internal_message.html?_=1709171319838&CODE_STATE=getMsg HTTP/1.1" 200 27
218.81.65.124 - - [29/Feb/2024:09:48:44 +0800] "GET /xingrg/all/function/internal_message.html?_=1709171324664&CODE_STATE=getMsg HTTP/1.1" 200 27
116.230.112.23 - - [29/Feb/2024:09:48:45 +0800] "GET /xingrg/kc/buy/cgsh_order_operate.html?command=get_materiel&rest_code=00146&code=00101015061&supplier_code=00100005&order_time=2024-02-29 HTTP/1.1" 200 412
180.164.1.25 - - [29/Feb/2024:09:48:45 +0800] "POST /xingrg/dwr/call/plaincall/AjaxYddbService.saveMaterielItem.dwr HTTP/1.1" 200 78
180.164.1.25 - - [29/Feb/2024:09:48:47 +0800] "POST /xingrg/dwr/call/plaincall/AjaxComOrderService.getMaterielSearchList.dwr HTTP/1.1" 200 52169
58.40.7.146 - - [29/Feb/2024:09:48:47 +0800] "GET /xingrg/all/function/internal_message.html?_=1709171327585&CODE_STATE=getMsg HTTP/1.1" 200 27
180.164.1.25 - - [29/Feb/2024:09:48:48 +0800] "POST /xingrg/dwr/call/plaincall/AjaxComOrderService.getMaterielSearchList.dwr HTTP/1.1" 200 52169
116.224.254.208 - - [29/Feb/2024:09:48:48 +0800] "GET /xingrg/all/function/internal_message.html?_=1709171328589&CODE_STATE=getMsg HTTP/1.1" 200 27
116.224.254.208 - - [29/Feb/2024:09:48:48 +0800] "GET /xingrg/check_reg.html?_=1709171328592 HTTP/1.1" 200 22
180.164.1.25 - - [29/Feb/2024:09:48:50 +0800] "POST /xingrg/dwr/call/plaincall/AjaxComOrderService.getMaterielSearchList.dwr HTTP/1.1" 200 77
218.81.65.124 - - [29/Feb/2024:09:48:54 +0800] "GET /xingrg/check_reg.html?_=1709171339934 HTTP/1.1" 200 22
218.81.65.124 - - [29/Feb/2024:09:48:54 +0800] "GET /xingrg/all/function/internal_message.html?_=1709171339935&CODE_STATE=getMsg HTTP/1.1" 200 27
180.164.1.25 - - [29/Feb/2024:09:48:55 +0800] "GET /xingrg/check_reg.html?_=1709171334641 HTTP/1.1" 200 22
180.164.1.25 - - [29/Feb/2024:09:48:55 +0800] "GET /xingrg/all/function/internal_message.html?_=1709171334643&CODE_STATE=getMsg HTTP/1.1" 200 27
116.230.112.23 - - [29/Feb/2024:09:48:57 +0800] "GET /xingrg/kc/buy/cgsh_order_operate.html?command=get_materiel&rest_code=00146&code=00101008704&supplier_code=00100005&order_time=2024-02-29 HTTP/1.1" 200 409
116.230.123.222 - - [29/Feb/2024:09:48:59 +0800] "GET /xingrg/kc/buy/cgsh_order_operate.html?command=get_materiel&rest_code=00111&code=00101008108&supplier_code=00100005&order_time=2024-02-29 HTTP/1.1" 200 412
218.81.65.124 - - [29/Feb/2024:09:48:59 +0800] "POST /xingrg/load_menu.html HTTP/1.1" 200 12956
218.81.65.124 - - [29/Feb/2024:09:49:01 +0800] "GET /xingrg/kc/report/report_main.html HTTP/1.1" 200 8599
218.81.65.124 - - [29/Feb/2024:09:49:03 +0800] "GET /xingrg/kc/base/crk_hz.html HTTP/1.1" 200 11247
218.81.65.124 - - [29/Feb/2024:09:49:03 +0800] "POST /xingrg/kc/cost/cost_operate.html?command=get_base_tree HTTP/1.1" 200 1008
218.81.65.124 - - [29/Feb/2024:09:49:03 +0800] "POST /xingrg/all/common/load_tree.html?tree=materiel_sort_tree_json HTTP/1.1" 200 9734
116.238.97.31 - - [29/Feb/2024:09:49:06 +0800] "GET /xingrg/all/function/internal_message.html?_=1709171345740&CODE_STATE=getMsg HTTP/1.1" 200 27
116.224.254.208 - - [29/Feb/2024:09:49:10 +0800] "GET /xingrg/all/function/internal_message.html?_=1709171350335&CODE_STATE=getMsg HTTP/1.1" 200 27
180.164.1.25 - - [29/Feb/2024:09:49:11 +0800] "POST /xingrg/dwr/call/plaincall/AjaxComOrderService.getMaterielSearchList.dwr HTTP/1.1" 200 28658
116.230.112.23 - - [29/Feb/2024:09:49:12 +0800] "GET /xingrg/kc/buy/cgsh_order_operate.html?command=get_materiel&rest_code=00146&code=00101015143&supplier_code=00100005&order_time=2024-02-29 HTTP/1.1" 200 411
180.164.1.25 - - [29/Feb/2024:09:49:12 +0800] "POST /xingrg/dwr/call/plaincall/AjaxComOrderService.getMaterielSearchList.dwr HTTP/1.1" 200 1691
218.81.65.124 - - [29/Feb/2024:09:49:12 +0800] "POST /xingrg/all/user/operate.html HTTP/1.1" 200 36
218.81.65.124 - - [29/Feb/2024:09:49:12 +0800] "GET /xingrg/index.html?sysBaseUrl=http%3A%2F%2F180.169.147.146%3A18081%2Fxingrg%2F&costTime=1923×tamp=1709171264632 HTTP/1.1" 200 17509
218.81.65.124 - - [29/Feb/2024:09:49:12 +0800] "GET /xingrg/javascript/jquery_easy_ui/themes/default/easyui.css HTTP/1.1" 304 -
218.81.65.124 - - [29/Feb/2024:09:49:12 +0800] "GET /xingrg/javascript/jquery_easy_ui/themes/icon.css HTTP/1.1" 304 -
218.81.65.124 - - [29/Feb/2024:09:49:12 +0800] "GET /xingrg/css/form.css HTTP/1.1" 304 -
218.81.65.124 - - [29/Feb/2024:09:49:12 +0800] "GET /xingrg/javascript/jquery-1.4.2.min.js HTTP/1.1" 304 -
218.81.65.124 - - [29/Feb/2024:09:49:12 +0800] "GET /xingrg/javascript/jquery_easy_ui/jquery.easyui.min.js HTTP/1.1" 304 -
218.81.65.124 - - [29/Feb/2024:09:49:12 +0800] "GET /xingrg/javascript/jquery_easy_ui/easyui-lang-zh_CN.js HTTP/1.1" 304 -
218.81.65.124 - - [29/Feb/2024:09:49:12 +0800] "GET /xingrg/javascript/jquery.form.js HTTP/1.1" 304 -
218.81.65.124 - - [29/Feb/2024:09:49:12 +0800] "GET /xingrg/javascript/jquery.utils.js HTTP/1.1" 304 -
218.81.65.124 - - [29/Feb/2024:09:49:12 +0800] "GET /xingrg/javascript/jquery.timers.js HTTP/1.1" 304 -
218.81.65.124 - - [29/Feb/2024:09:49:12 +0800] "GET /xingrg/images/blue/jxLogo.png HTTP/1.1" 304 -
218.81.65.124 - - [29/Feb/2024:09:49:12 +0800] "GET /xingrg/images/blue/navBackgound.jpg HTTP/1.1" 304 -
218.81.65.124 - - [29/Feb/2024:09:49:12 +0800] "GET /xingrg/javascript/jquery_easy_ui/themes/icons/settle_new.png HTTP/1.1" 304 -
218.81.65.124 - - [29/Feb/2024:09:49:12 +0800] "GET /xingrg/all/function/internal_message.html?_=1709171352393&CODE_STATE=count HTTP/1.1" 200 11
218.81.65.124 - - [29/Feb/2024:09:49:12 +0800] "GET /xingrg/check_reg.html?_=1709171352394 HTTP/1.1" 200 22
218.81.65.124 - - [29/Feb/2024:09:49:12 +0800] "GET /xingrg/javascript/jquery_easy_ui/themes/default/images/panel_tool_expand.gif HTTP/1.1" 304 -
218.81.65.124 - - [29/Feb/2024:09:49:12 +0800] "GET /xingrg/images/blue/pingpu.png HTTP/1.1" 304 -
218.81.65.124 - - [29/Feb/2024:09:49:12 +0800] "GET /xingrg/javascript/jquery_easy_ui/themes/default/images/tabs_leftarrow.png HTTP/1.1" 304 -
218.81.65.124 - - [29/Feb/2024:09:49:12 +0800] "GET /xingrg/javascript/jquery_easy_ui/themes/default/images/tabs_rightarrow.png HTTP/1.1" 304 -
218.81.65.124 - - [29/Feb/2024:09:49:12 +0800] "GET /xingrg/javascript/jquery_easy_ui/themes/default/images/panel_tool_collapse.gif HTTP/1.1" 304 -
218.81.65.124 - - [29/Feb/2024:09:49:12 +0800] "POST /xingrg/all/common/load_tree.html?tree=area_rest_tree_json&manage=1 HTTP/1.1" 200 3624
218.81.65.124 - - [29/Feb/2024:09:49:12 +0800] "POST /xingrg/load_menu.html HTTP/1.1" 200 9959
218.81.65.124 - - [29/Feb/2024:09:49:13 +0800] "GET /xingrg/kc/report/report_main.html HTTP/1.1" 200 7340
180.164.1.25 - - [29/Feb/2024:09:49:13 +0800] "POST /xingrg/dwr/call/plaincall/AjaxYddbService.getMaterielByMap.dwr HTTP/1.1" 200 3031
116.230.112.23 - - [29/Feb/2024:09:49:14 +0800] "POST /xingrg/kc/buy/cgsh_order_operate.html HTTP/1.1" 200 2065
218.81.65.124 - - [29/Feb/2024:09:49:15 +0800] "GET /xingrg/kc/base/crk_hz.html HTTP/1.1" 200 11247
218.81.65.124 - - [29/Feb/2024:09:49:15 +0800] "POST /xingrg/kc/cost/cost_operate.html?command=get_base_tree HTTP/1.1" 200 2583
218.81.65.124 - - [29/Feb/2024:09:49:15 +0800] "POST /xingrg/all/common/load_tree.html?tree=materiel_sort_tree_json HTTP/1.1" 200 9734
58.39.109.113 - - [29/Feb/2024:09:49:16 +0800] "GET /xingrg/all/function/internal_message.html?_=1709171358086&CODE_STATE=getMsg HTTP/1.1" 200 27
114.89.91.180 - - [29/Feb/2024:09:49:17 +0800] "GET /xingrg/all/function/internal_message.html?_=1709171360396&CODE_STATE=getMsg HTTP/1.1" 200 27
116.230.123.222 - - [29/Feb/2024:09:49:17 +0800] "GET /xingrg/all/function/internal_message.html?_=1709171356043&CODE_STATE=getMsg HTTP/1.1" 200 27
180.164.1.25 - - [29/Feb/2024:09:49:18 +0800] "POST /xingrg/dwr/call/plaincall/AjaxYddbService.saveMaterielItem.dwr HTTP/1.1" 200 79
116.230.123.222 - - [29/Feb/2024:09:49:18 +0800] "GET /xingrg/kc/buy/cgsh_order_operate.html?command=get_materiel&rest_code=00111&code=00101008161&supplier_code=00100005&order_time=2024-02-29 HTTP/1.1" 200 409
116.230.123.222 - - [29/Feb/2024:09:49:21 +0800] "POST /xingrg/kc/buy/cgsh_order_operate.html HTTP/1.1" 200 2065
124.78.67.200 - - [29/Feb/2024:09:49:21 +0800] "GET /xingrg/all/function/internal_message.html?_=1709171361597&CODE_STATE=getMsg HTTP/1.1" 200 27
218.81.65.124 - - [29/Feb/2024:09:49:22 +0800] "GET /xingrg/kc/base/crk_hz.html?_=1709171362253&command=get_cost_id&end_date=2024-02-29&start_date=2024-02-01 HTTP/1.1" 200 51
218.81.65.124 - - [29/Feb/2024:09:49:22 +0800] "GET /xingrg/all/report/report_query.html?isQuery=1&onlyBody=1&rh=99999&rw=1800&varString=start:20240201,cost_id:4882,mid:20240201&fileName=kc/base/crk_hz_type_by_base.xml&queryString=%20a.base_code%20in%20('0010137')%20&queryText=ÈÕÆÚ£º2024-02-01ÖÁ2024-02-29%20²Ö¿â£º°Ę́&tableQueryString=materiel_table$sp1$$sp$before_table$sp1$$sp$crk_table$sp1$order_day%20between%2020240201%20and%2020240229 HTTP/1.1" 200 49398
218.81.65.124 - - [29/Feb/2024:09:49:22 +0800] "GET /xingrg/dwr/interface/AjaxReportQueryService.js HTTP/1.1" 200 13203
218.81.65.124 - - [29/Feb/2024:09:49:22 +0800] "GET /xingrg/dwr/engine.js HTTP/1.1" 200 43631
116.228.172.94 - - [29/Feb/2024:09:49:23 +0800] "GET /xingrg/all/function/internal_message.html?_=1709171089913&CODE_STATE=getMsg HTTP/1.1" 200 27
116.228.172.94 - - [29/Feb/2024:09:49:23 +0800] "GET /xingrg/check_reg.html?_=1709171089917 HTTP/1.1" 200 22
101.83.240.223 - - [29/Feb/2024:09:49:24 +0800] "GET /xingrg/all/function/internal_message.html?_=1709171362231&CODE_STATE=getMsg HTTP/1.1" 200 27
116.230.112.23 - - [29/Feb/2024:09:49:24 +0800] "GET /xingrg/all/function/internal_message.html?_=1709171377946&CODE_STATE=getMsg HTTP/1.1" 200 27
218.81.65.124 - - [29/Feb/2024:09:49:26 +0800] "POST /xingrg/all/report/load_report_page.html HTTP/1.1" 200 94524
218.81.65.124 - - [29/Feb/2024:09:49:26 +0800] "GET /xingrg/servlets/image?cache=0.2563511386823314&image=px HTTP/1.1" 200 807
180.164.1.25 - - [29/Feb/2024:09:49:27 +0800] "POST /xingrg/dwr/call/plaincall/AjaxComOrderService.getMaterielSearchList.dwr HTTP/1.1" 200 26433
180.164.1.25 - - [29/Feb/2024:09:49:28 +0800] "POST /xingrg/dwr/call/plaincall/AjaxComOrderService.getMaterielSearchList.dwr HTTP/1.1" 200 943
116.230.123.222 - - [29/Feb/2024:09:49:29 +0800] "GET /xingrg/kc/buy/cgsh_order_operate.html?command=get_materiel&rest_code=00111&code=00101008283&supplier_code=00100005&order_time=2024-02-29 HTTP/1.1" 200 408
221.239.172.101 - - [29/Feb/2024:09:49:29 +0800] "GET /xingrg/all/function/internal_message.html?_=1709171368510&CODE_STATE=getMsg HTTP/1.1" 200 27
218.81.65.124 - - [29/Feb/2024:09:49:32 +0800] "GET /xingrg/all/report/report_query.html?isQuery=1&fileName=kc/base/crk_detail_by_small.xml&rh=99999&queryString=&queryText=%25E3%2580%2590%25E4%25BB%2593%25E5%25BA%2593%25E5%2590%258D%25E7%25A7%25B0%253A%25E5%2590%25A7%25E5%258F%25B0%25E3%2580%2591%25E3%2580%2590%25E4%25B8%259A%25E5%258A%25A1%25E7%25B1%25BB%25E5%259E%258B%25EF%25BC%259A%25E5%2586%2585%25E9%2583%25A8%25E8%25B0%2583%25E5%2587%25BA%25E3%2580%2591%2520%253F%253F%253F%253F%253F2024-02-01%253F%253F2024-02-29%2520%253F%253F%253F%253F%253F%253F&tableQueryString=crk_table%2524sp1%2524order_day%2520between%252020240201%2520and%252020240229%2520and%2520(base_code%253D'0010137')%2520and%2520(src_order_type%2520in%2520(42))%2520and%2520(is_rk%2520in%2520(0)) HTTP/1.1" 200 53776
218.81.65.124 - - [29/Feb/2024:09:49:32 +0800] "GET /xingrg/dwr/interface/AjaxReportQueryService.js HTTP/1.1" 200 13203
218.81.65.124 - - [29/Feb/2024:09:49:32 +0800] "GET /xingrg/dwr/engine.js HTTP/1.1" 200 43631
180.164.1.25 - - [29/Feb/2024:09:49:33 +0800] "POST /xingrg/dwr/call/plaincall/AjaxYddbService.getMaterielByMap.dwr HTTP/1.1" 200 3045
218.81.65.124 - - [29/Feb/2024:09:49:33 +0800] "POST /xingrg/all/report/load_report_page.html HTTP/1.1" 200 16067
218.81.65.124 - - [29/Feb/2024:09:49:33 +0800] "GET /xingrg/servlets/image?cache=0.45292639056155404&image=px HTTP/1.1" 200 807
218.81.65.124 - - [29/Feb/2024:09:49:35 +0800] "POST /xingrg/all/report/load_report_page.html HTTP/1.1" 200 32752
218.81.65.124 - - [29/Feb/2024:09:49:35 +0800] "GET /xingrg/servlets/image?cache=0.1159545356291457&image=px HTTP/1.1" 200 807
180.164.1.25 - - [29/Feb/2024:09:49:36 +0800] "POST /xingrg/dwr/call/plaincall/AjaxYddbService.saveMaterielItem.dwr HTTP/1.1" 200 79
222.69.133.0 - - [29/Feb/2024:09:49:37 +0800] "GET /xingrg/all/function/internal_message.html?_=1709171377883&CODE_STATE=getMsg HTTP/1.1" 200 27
116.232.194.112 - - [29/Feb/2024:09:49:37 +0800] "GET /xingrg/all/function/internal_message.html?_=1709171363368&CODE_STATE=getMsg HTTP/1.1" 200 27
218.81.65.124 - - [29/Feb/2024:09:49:37 +0800] "GET /xingrg/all/report/report_query.html?isQuery=1&fileName=kc/base/crk_detail_by_list.xml&queryString=&queryText=%25E3%2580%2590%25E4%25BB%2593%25E5%25BA%2593%25E5%2590%258D%25E7%25A7%25B0%253A%25E5%2590%25A7%25E5%258F%25B0%25E3%2580%2591%25E3%2580%2590%25E4%25B8%259A%25E5%258A%25A1%25E7%25B1%25BB%25E5%259E%258B%25EF%25BC%259A%25E5%2586%2585%25E9%2583%25A8%25E8%25B0%2583%25E5%2587%25BA%25E3%2580%2591%2520%253F%253F%253F%253F%253F2024-02-01%253F%253F2024-02-29%2520%253F%253F%253F%253F%253F%253F&tableQueryString=crk_table%2524sp1%2524order_day%2520between%252020240201%2520and%252020240229%2520and%2520(base_code%253D'0010137')%2520and%2520(src_order_type%2520in%2520(42))%2520and%2520(is_rk%2520in%2520(0))%2520and%2520(a.materiel_code%253D'00101025032') HTTP/1.1" 200 51015
218.81.65.124 - - [29/Feb/2024:09:49:37 +0800] "GET /xingrg/dwr/interface/AjaxReportQueryService.js HTTP/1.1" 200 13203
218.81.65.124 - - [29/Feb/2024:09:49:37 +0800] "GET /xingrg/dwr/engine.js HTTP/1.1" 200 43631
101.83.145.37 - - [29/Feb/2024:09:49:38 +0800] "GET /xingrg/check_reg.html?_=1709171379825 HTTP/1.1" 200 22
101.83.145.37 - - [29/Feb/2024:09:49:38 +0800] "GET /xingrg/all/function/internal_message.html?_=1709171379829&CODE_STATE=getMsg HTTP/1.1" 200 27
218.81.65.124 - - [29/Feb/2024:09:49:38 +0800] "POST /xingrg/all/report/load_report_page.html HTTP/1.1" 200 16003
218.81.65.124 - - [29/Feb/2024:09:49:38 +0800] "GET /xingrg/servlets/image?cache=0.8056784536440565&image=px HTTP/1.1" 200 807
180.164.1.25 - - [29/Feb/2024:09:49:38 +0800] "POST /xingrg/dwr/call/plaincall/AjaxComOrderService.getMaterielSearchList.dwr HTTP/1.1" 200 2545
218.81.65.124 - - [29/Feb/2024:09:49:42 +0800] "GET /xingrg/kc/guide/show_order.html?code=422024021601313&type=42 HTTP/1.1" 302 -
218.81.65.124 - - [29/Feb/2024:09:49:42 +0800] "GET /xingrg/kc/base/wldb_order_info.html?code=422024021601313&sysBaseUrl=http%3A%2F%2F180.169.147.146%3A18081%2Fxingrg%2F&costTime=1×tamp=1709171382231 HTTP/1.1" 200 26476
218.81.65.124 - - [29/Feb/2024:09:49:42 +0800] "GET /favicon.ico HTTP/1.1" 404 -
218.81.65.124 - - [29/Feb/2024:09:49:42 +0800] "GET /xingrg/words/20240229092203_words.js HTTP/1.1" 200 1014224
221.239.172.101 - - [29/Feb/2024:09:49:42 +0800] "GET /xingrg/check_reg.html?_=1709171381665 HTTP/1.1" 200 22
218.81.65.124 - - [29/Feb/2024:09:49:42 +0800] "GET /xingrg/javascript/easyui/themes/default/validatebox.css HTTP/1.1" 404 1104
218.81.65.124 - - [29/Feb/2024:09:49:43 +0800] "POST /xingrg/kc/base/wldb_order_operate.html HTTP/1.1" 200 1981
116.230.123.222 - - [29/Feb/2024:09:49:43 +0800] "GET /xingrg/kc/buy/cgsh_order_operate.html?command=get_materiel&rest_code=00111&code=00101008114&supplier_code=00100005&order_time=2024-02-29 HTTP/1.1" 200 413
180.164.1.25 - - [29/Feb/2024:09:49:46 +0800] "POST /xingrg/dwr/call/plaincall/AjaxYddbService.getMaterielByMap.dwr HTTP/1.1" 200 3081
58.40.7.146 - - [29/Feb/2024:09:49:47 +0800] "GET /xingrg/all/function/internal_message.html?_=1709171387649&CODE_STATE=getMsg HTTP/1.1" 200 27
116.230.112.23 - - [29/Feb/2024:09:49:48 +0800] "GET /xingrg/kc/buy/cgsh_order_operate.html?command=get_materiel&rest_code=00146&code=00101009004&supplier_code=00100005&order_time=2024-02-29 HTTP/1.1" 200 409
116.224.254.208 - - [29/Feb/2024:09:49:48 +0800] "GET /xingrg/all/function/internal_message.html?_=1709171388584&CODE_STATE=getMsg HTTP/1.1" 200 27
180.164.1.25 - - [29/Feb/2024:09:49:50 +0800] "POST /xingrg/dwr/call/plaincall/AjaxYddbService.saveMaterielItem.dwr HTTP/1.1" 200 79
180.164.1.25 - - [29/Feb/2024:09:49:52 +0800] "POST /xingrg/dwr/call/plaincall/AjaxComOrderService.getMaterielSearchList.dwr HTTP/1.1" 200 568573
180.164.1.25 - - [29/Feb/2024:09:49:53 +0800] "POST /xingrg/dwr/call/plaincall/AjaxComOrderService.getMaterielSearchList.dwr HTTP/1.1" 200 33288
218.81.65.124 - - [29/Feb/2024:09:49:54 +0800] "GET /xingrg/all/function/internal_message.html?_=1709171399933&CODE_STATE=getMsg HTTP/1.1" 200 27
180.164.1.25 - - [29/Feb/2024:09:49:55 +0800] "GET /xingrg/all/function/internal_message.html?_=1709171394644&CODE_STATE=getMsg HTTP/1.1" 200 27
180.164.1.25 - - [29/Feb/2024:09:50:01 +0800] "POST /xingrg/dwr/call/plaincall/AjaxComOrderService.getMaterielSearchList.dwr HTTP/1.1" 200 77
180.164.1.25 - - [29/Feb/2024:09:50:01 +0800] "POST /xingrg/dwr/call/plaincall/AjaxComOrderService.getMaterielSearchList.dwr HTTP/1.1" 200 77
180.164.1.25 - - [29/Feb/2024:09:50:02 +0800] "POST /xingrg/dwr/call/plaincall/AjaxComOrderService.getMaterielSearchList.dwr HTTP/1.1" 200 204
180.164.1.25 - - [29/Feb/2024:09:50:03 +0800] "POST /xingrg/dwr/call/plaincall/AjaxComOrderService.getMaterielSearchList.dwr HTTP/1.1" 200 204
116.230.123.222 - - [29/Feb/2024:09:50:04 +0800] "GET /xingrg/kc/buy/cgsh_order_operate.html?command=get_materiel&rest_code=00111&code=00101008041&supplier_code=00100005&order_time=2024-02-29 HTTP/1.1" 200 408
116.238.97.31 - - [29/Feb/2024:09:50:06 +0800] "GET /xingrg/all/function/internal_message.html?_=1709171405740&CODE_STATE=getMsg HTTP/1.1" 200 27
180.164.1.25 - - [29/Feb/2024:09:50:06 +0800] "POST /xingrg/dwr/call/plaincall/AjaxComOrderService.getMaterielSearchList.dwr HTTP/1.1" 200 1927
180.164.1.25 - - [29/Feb/2024:09:50:10 +0800] "POST /xingrg/dwr/call/plaincall/AjaxYddbService.getMaterielByMap.dwr HTTP/1.1" 200 3027
116.224.254.208 - - [29/Feb/2024:09:50:10 +0800] "GET /xingrg/all/function/internal_message.html?_=1709171410318&CODE_STATE=getMsg HTTP/1.1" 200 27
218.81.65.124 - - [29/Feb/2024:09:50:11 +0800] "GET /xingrg/kc/base/wldb_order_list.html HTTP/1.1" 200 19019
218.81.65.124 - - [29/Feb/2024:09:50:12 +0800] "GET /xingrg/all/function/internal_message.html?_=1709171412408&CODE_STATE=getMsg HTTP/1.1" 200 27
218.81.65.124 - - [29/Feb/2024:09:50:12 +0800] "POST /xingrg/kc/base/wldb_list_operate.html HTTP/1.1" 200 928
180.164.1.25 - - [29/Feb/2024:09:50:14 +0800] "POST /xingrg/dwr/call/plaincall/AjaxYddbService.saveMaterielItem.dwr HTTP/1.1" 200 79
58.39.109.113 - - [29/Feb/2024:09:50:16 +0800] "GET /xingrg/all/function/internal_message.html?_=1709171418069&CODE_STATE=getMsg HTTP/1.1" 200 27
180.164.1.25 - - [29/Feb/2024:09:50:17 +0800] "POST /xingrg/dwr/call/plaincall/AjaxComOrderService.getMaterielSearchList.dwr HTTP/1.1" 200 32774
180.164.1.25 - - [29/Feb/2024:09:50:17 +0800] "POST /xingrg/dwr/call/plaincall/AjaxComOrderService.getMaterielSearchList.dwr HTTP/1.1" 200 1125
114.89.91.180 - - [29/Feb/2024:09:50:17 +0800] "GET /xingrg/all/function/internal_message.html?_=1709171420396&CODE_STATE=getMsg HTTP/1.1" 200 27
116.230.123.222 - - [29/Feb/2024:09:50:17 +0800] "GET /xingrg/all/function/internal_message.html?_=1709171416031&CODE_STATE=getMsg HTTP/1.1" 200 27
116.232.194.112 - - [29/Feb/2024:09:50:18 +0800] "GET /favicon.ico HTTP/1.1" 404 -
218.81.65.124 - - [29/Feb/2024:09:50:18 +0800] "POST /xingrg/kc/base/wldb_list_operate.html HTTP/1.1" 200 2205
180.164.1.25 - - [29/Feb/2024:09:50:19 +0800] "POST /xingrg/dwr/call/plaincall/AjaxYddbService.getMaterielByMap.dwr HTTP/1.1" 200 3032
124.78.67.200 - - [29/Feb/2024:09:50:19 +0800] "GET /xingrg/check_reg.html?_=1709171419941 HTTP/1.1" 200 22
116.224.254.208 - - [29/Feb/2024:09:50:20 +0800] "GET /xingrg/kc/buy/cgsh_order_list.html HTTP/1.1" 200 57747
218.81.65.124 - - [29/Feb/2024:09:50:21 +0800] "GET /xingrg/kc/base/wldb_order_list.html HTTP/1.1" 200 19019
124.78.67.200 - - [29/Feb/2024:09:50:21 +0800] "GET /xingrg/all/function/internal_message.html?_=1709171421582&CODE_STATE=getMsg HTTP/1.1" 200 27
218.81.65.124 - - [29/Feb/2024:09:50:22 +0800] "POST /xingrg/kc/base/wldb_list_operate.html HTTP/1.1" 200 928
101.83.240.223 - - [29/Feb/2024:09:50:22 +0800] "GET /xingrg/check_reg.html?_=1709171420734 HTTP/1.1" 200 22
116.224.254.208 - - [29/Feb/2024:09:50:22 +0800] "POST /xingrg/kc/buy/cgsh_list_operate.html HTTP/1.1" 200 986
180.164.1.25 - - [29/Feb/2024:09:50:23 +0800] "POST /xingrg/dwr/call/plaincall/AjaxYddbService.saveMaterielItem.dwr HTTP/1.1" 200 79
116.228.172.94 - - [29/Feb/2024:09:50:23 +0800] "GET /xingrg/all/function/internal_message.html?_=1709171149907&CODE_STATE=getMsg HTTP/1.1" 200 27
116.230.112.23 - - [29/Feb/2024:09:50:23 +0800] "GET /xingrg/check_reg.html?_=1709171437734 HTTP/1.1" 200 22
101.83.240.223 - - [29/Feb/2024:09:50:24 +0800] "GET /xingrg/all/function/internal_message.html?_=1709171422207&CODE_STATE=getMsg HTTP/1.1" 200 27
116.232.194.112 - - [29/Feb/2024:09:50:24 +0800] "GET /favicon.ico HTTP/1.1" 404 -
116.230.112.23 - - [29/Feb/2024:09:50:24 +0800] "GET /xingrg/all/function/internal_message.html?_=1709171437960&CODE_STATE=getMsg HTTP/1.1" 200 27
116.224.254.208 - - [29/Feb/2024:09:50:24 +0800] "GET /xingrg/kc/buy/cgsh_order_add.html HTTP/1.1" 200 73560
116.224.254.208 - - [29/Feb/2024:09:50:25 +0800] "GET /xingrg/words/20240229092203_words.js HTTP/1.1" 304 -
116.224.254.208 - - [29/Feb/2024:09:50:25 +0800] "POST /xingrg/kc/buy/cgsh_order_operate.html HTTP/1.1" 200 8245
116.224.254.208 - - [29/Feb/2024:09:50:25 +0800] "GET /xingrg/javascript/easyui/themes/default/validatebox.css HTTP/1.1" 404 1104
180.164.1.25 - - [29/Feb/2024:09:50:28 +0800] "POST /xingrg/dwr/call/plaincall/AjaxComOrderService.getMaterielSearchList.dwr HTTP/1.1" 200 30017
221.239.172.101 - - [29/Feb/2024:09:50:29 +0800] "GET /xingrg/all/function/internal_message.html?_=1709171428494&CODE_STATE=getMsg HTTP/1.1" 200 27
116.230.123.222 - - [29/Feb/2024:09:50:31 +0800] "POST /xingrg/kc/buy/cgsh_order_operate.html HTTP/1.1" 200 37
116.232.194.112 - - [29/Feb/2024:09:50:35 +0800] "GET /xingrg/login.html HTTP/1.1" 200 7641
180.164.1.25 - - [29/Feb/2024:09:50:36 +0800] "POST /xingrg/dwr/call/plaincall/AjaxYddbService.getMaterielByMap.dwr HTTP/1.1" 200 3025
222.69.133.0 - - [29/Feb/2024:09:50:37 +0800] "GET /xingrg/all/function/internal_message.html?_=1709171437868&CODE_STATE=getMsg HTTP/1.1" 200 27
116.232.194.112 - - [29/Feb/2024:09:50:37 +0800] "GET /xingrg/all/function/internal_message.html?_=1709171423357&CODE_STATE=getMsg HTTP/1.1" 200 27
116.232.194.112 - - [29/Feb/2024:09:50:37 +0800] "GET /favicon.ico HTTP/1.1" 404 -
101.83.145.37 - - [29/Feb/2024:09:50:38 +0800] "GET /xingrg/all/function/internal_message.html?_=1709171439829&CODE_STATE=getMsg HTTP/1.1" 200 27
116.230.123.222 - - [29/Feb/2024:09:50:39 +0800] "POST /xingrg/kc/buy/cgsh_order_operate.html HTTP/1.1" 200 12
180.164.1.25 - - [29/Feb/2024:09:50:40 +0800] "POST /xingrg/dwr/call/plaincall/AjaxYddbService.saveMaterielItem.dwr HTTP/1.1" 200 79
116.232.33.28 - - [29/Feb/2024:09:50:40 +0800] "POST /xingrg/services/DataTransmitService HTTP/1.1" 200 524
116.232.194.112 - - [29/Feb/2024:09:50:41 +0800] "POST /xingrg/login.do HTTP/1.1" 302 -
116.232.194.112 - - [29/Feb/2024:09:50:42 +0800] "GET /xingrg/index.html?sysBaseUrl=http%3A%2F%2F180.169.147.146%3A18081%2Fxingrg%2F&costTime=892×tamp=1709171441951 HTTP/1.1" 200 17503
116.232.194.112 - - [29/Feb/2024:09:50:42 +0800] "GET /favicon.ico HTTP/1.1" 404 -
116.232.194.112 - - [29/Feb/2024:09:50:42 +0800] "GET /xingrg/check_reg.html?_=1709171441954 HTTP/1.1" 200 22
116.232.194.112 - - [29/Feb/2024:09:50:42 +0800] "GET /xingrg/all/function/internal_message.html?_=1709171441953&CODE_STATE=count HTTP/1.1" 200 11
116.232.194.112 - - [29/Feb/2024:09:50:42 +0800] "POST /xingrg/all/common/load_tree.html?tree=area_rest_tree_json&manage=1 HTTP/1.1" 200 3624
116.232.194.112 - - [29/Feb/2024:09:50:43 +0800] "POST /xingrg/load_menu.html HTTP/1.1" 200 11443
180.164.1.25 - - [29/Feb/2024:09:50:43 +0800] "POST /xingrg/dwr/call/plaincall/AjaxComOrderService.getMaterielSearchList.dwr HTTP/1.1" 200 581006
116.232.194.112 - - [29/Feb/2024:09:50:44 +0800] "GET /xingrg/login.html HTTP/1.1" 200 7641
180.164.1.25 - - [29/Feb/2024:09:50:44 +0800] "POST /xingrg/dwr/call/plaincall/AjaxComOrderService.getMaterielSearchList.dwr HTTP/1.1" 200 2059
116.230.123.222 - - [29/Feb/2024:09:50:44 +0800] "GET /xingrg/kc/buy/cgsh_order_info.html?code=212024022908144 HTTP/1.1" 200 68381
116.230.123.222 - - [29/Feb/2024:09:50:45 +0800] "GET /xingrg/words/20240229092203_words.js HTTP/1.1" 200 1014224
116.232.194.112 - - [29/Feb/2024:09:50:45 +0800] "GET /favicon.ico HTTP/1.1" 404 -
116.230.123.222 - - [29/Feb/2024:09:50:45 +0800] "GET /xingrg/javascript/easyui/themes/default/validatebox.css HTTP/1.1" 404 1104
180.164.1.25 - - [29/Feb/2024:09:50:46 +0800] "POST /xingrg/dwr/call/plaincall/AjaxYddbService.getMaterielByMap.dwr HTTP/1.1" 200 3036
116.230.123.222 - - [29/Feb/2024:09:50:46 +0800] "POST /xingrg/kc/buy/cgsh_order_operate.html HTTP/1.1" 200 19493
116.232.194.112 - - [29/Feb/2024:09:50:46 +0800] "GET /favicon.ico HTTP/1.1" 404 -
116.232.194.112 - - [29/Feb/2024:09:50:47 +0800] "GET /xingrg/login.html HTTP/1.1" 200 7641
58.40.7.146 - - [29/Feb/2024:09:50:47 +0800] "GET /xingrg/all/function/internal_message.html?_=1709171447745&CODE_STATE=getMsg HTTP/1.1" 200 27
116.232.194.112 - - [29/Feb/2024:09:50:47 +0800] "GET /favicon.ico HTTP/1.1" 404 -
116.230.123.222 - - [29/Feb/2024:09:50:48 +0800] "GET /xingrg/kc/print/load_config.html?kc_code=cgsh HTTP/1.1" 200 1927
116.224.254.208 - - [29/Feb/2024:09:50:48 +0800] "GET /xingrg/all/function/internal_message.html?_=1709171448580&CODE_STATE=getMsg HTTP/1.1" 200 27
116.230.123.222 - - [29/Feb/2024:09:50:49 +0800] "GET /xingrg/kc/print/load_data.html?order_code=212024022908144&kc_code=cgsh&condition= HTTP/1.1" 200 7848
180.164.1.25 - - [29/Feb/2024:09:50:49 +0800] "POST /xingrg/dwr/call/plaincall/AjaxYddbService.saveMaterielItem.dwr HTTP/1.1" 200 79
218.81.65.124 - - [29/Feb/2024:09:50:54 +0800] "GET /xingrg/all/function/internal_message.html?_=1709171459942&CODE_STATE=getMsg HTTP/1.1" 200 27
180.164.1.25 - - [29/Feb/2024:09:50:55 +0800] "GET /xingrg/all/function/internal_message.html?_=1709171454642&CODE_STATE=getMsg HTTP/1.1" 200 27
180.164.1.25 - - [29/Feb/2024:09:51:01 +0800] "POST /xingrg/dwr/call/plaincall/AjaxComOrderService.getMaterielSearchList.dwr HTTP/1.1" 200 33355
116.238.97.31 - - [29/Feb/2024:09:51:06 +0800] "GET /xingrg/all/function/internal_message.html?_=1709171465735&CODE_STATE=getMsg HTTP/1.1" 200 27
180.164.1.25 - - [29/Feb/2024:09:51:06 +0800] "POST /xingrg/dwr/call/plaincall/AjaxComOrderService.getMaterielSearchList.dwr HTTP/1.1" 200 77
180.164.1.25 - - [29/Feb/2024:09:51:07 +0800] "POST /xingrg/dwr/call/plaincall/AjaxComOrderService.getMaterielSearchList.dwr HTTP/1.1" 200 581006
180.164.1.25 - - [29/Feb/2024:09:51:08 +0800] "POST /xingrg/dwr/call/plaincall/AjaxComOrderService.getMaterielSearchList.dwr HTTP/1.1" 200 204
180.164.1.25 - - [29/Feb/2024:09:51:08 +0800] "POST /xingrg/dwr/call/plaincall/AjaxComOrderService.getMaterielSearchList.dwr HTTP/1.1" 200 204
180.164.1.25 - - [29/Feb/2024:09:51:09 +0800] "POST /xingrg/dwr/call/plaincall/AjaxComOrderService.getMaterielSearchList.dwr HTTP/1.1" 200 1987
180.164.1.25 - - [29/Feb/2024:09:51:10 +0800] "POST /xingrg/dwr/call/plaincall/AjaxComOrderService.getMaterielSearchList.dwr HTTP/1.1" 200 1987
116.224.254.208 - - [29/Feb/2024:09:51:10 +0800] "GET /xingrg/all/function/internal_message.html?_=1709171470316&CODE_STATE=getMsg HTTP/1.1" 200 27
116.238.97.31 - - [29/Feb/2024:09:51:10 +0800] "GET /xingrg/check_reg.html?_=1709171471018 HTTP/1.1" 200 22
180.164.1.25 - - [29/Feb/2024:09:51:12 +0800] "POST /xingrg/dwr/call/plaincall/AjaxYddbService.getMaterielByMap.dwr HTTP/1.1" 200 3029
218.81.65.124 - - [29/Feb/2024:09:51:12 +0800] "GET /xingrg/all/function/internal_message.html?_=1709171472417&CODE_STATE=getMsg HTTP/1.1" 200 27
180.164.1.25 - - [29/Feb/2024:09:51:16 +0800] "POST /xingrg/dwr/call/plaincall/AjaxYddbService.saveMaterielItem.dwr HTTP/1.1" 200 79
58.39.109.113 - - [29/Feb/2024:09:51:16 +0800] "GET /xingrg/all/function/internal_message.html?_=1709171478053&CODE_STATE=getMsg HTTP/1.1" 200 27
114.89.91.180 - - [29/Feb/2024:09:51:17 +0800] "GET /xingrg/check_reg.html?_=1709171480387 HTTP/1.1" 200 22
114.89.91.180 - - [29/Feb/2024:09:51:17 +0800] "GET /xingrg/all/function/internal_message.html?_=1709171480390&CODE_STATE=getMsg HTTP/1.1" 200 27
116.230.123.222 - - [29/Feb/2024:09:51:17 +0800] "GET /xingrg/all/function/internal_message.html?_=1709171476051&CODE_STATE=getMsg HTTP/1.1" 200 27
116.230.123.222 - - [29/Feb/2024:09:51:17 +0800] "GET /xingrg/check_reg.html?_=1709171476054 HTTP/1.1" 200 22
180.164.1.25 - - [29/Feb/2024:09:51:17 +0800] "POST /xingrg/dwr/call/plaincall/AjaxComOrderService.getMaterielSearchList.dwr HTTP/1.1" 200 27772
124.78.67.200 - - [29/Feb/2024:09:51:21 +0800] "GET /xingrg/all/function/internal_message.html?_=1709171481573&CODE_STATE=getMsg HTTP/1.1" 200 27
180.164.1.25 - - [29/Feb/2024:09:51:22 +0800] "POST /xingrg/dwr/call/plaincall/AjaxYddbService.getMaterielByMap.dwr HTTP/1.1" 200 3028
116.228.172.94 - - [29/Feb/2024:09:51:23 +0800] "GET /xingrg/all/function/internal_message.html?_=1709171209922&CODE_STATE=getMsg HTTP/1.1" 200 27
101.83.240.223 - - [29/Feb/2024:09:51:24 +0800] "GET /xingrg/all/function/internal_message.html?_=1709171482191&CODE_STATE=getMsg HTTP/1.1" 200 27
116.230.112.23 - - [29/Feb/2024:09:51:24 +0800] "GET /xingrg/all/function/internal_message.html?_=1709171497974&CODE_STATE=getMsg HTTP/1.1" 200 27
180.164.1.25 - - [29/Feb/2024:09:51:24 +0800] "POST /xingrg/dwr/call/plaincall/AjaxYddbService.saveMaterielItem.dwr HTTP/1.1" 200 79
180.164.1.25 - - [29/Feb/2024:09:51:28 +0800] "POST /xingrg/dwr/call/plaincall/AjaxComOrderService.getMaterielSearchList.dwr HTTP/1.1" 200 594372
180.164.1.25 - - [29/Feb/2024:09:51:29 +0800] "POST /xingrg/dwr/call/plaincall/AjaxComOrderService.getMaterielSearchList.dwr HTTP/1.1" 200 1339
221.239.172.101 - - [29/Feb/2024:09:51:29 +0800] "GET /xingrg/all/function/internal_message.html?_=1709171488478&CODE_STATE=getMsg HTTP/1.1" 200 27
180.164.1.25 - - [29/Feb/2024:09:51:29 +0800] "POST /xingrg/dwr/call/plaincall/AjaxComOrderService.getMaterielSearchList.dwr HTTP/1.1" 200 1339
116.232.194.112 - - [29/Feb/2024:09:51:36 +0800] "GET /xingrg/check_reg.html?_=1709171483118 HTTP/1.1" 200 22
222.69.133.0 - - [29/Feb/2024:09:51:37 +0800] "GET /xingrg/all/function/internal_message.html?_=1709171497865&CODE_STATE=getMsg HTTP/1.1" 200 27
116.232.194.112 - - [29/Feb/2024:09:51:37 +0800] "GET /xingrg/all/function/internal_message.html?_=1709171483353&CODE_STATE=getMsg HTTP/1.1" 200 27
222.69.133.0 - - [29/Feb/2024:09:51:38 +0800] "GET /xingrg/kc/buy/cgsh_order_list.html HTTP/1.1" 200 57747
101.83.145.37 - - [29/Feb/2024:09:51:38 +0800] "GET /xingrg/all/function/internal_message.html?_=1709171499829&CODE_STATE=getMsg HTTP/1.1" 200 27
222.69.133.0 - - [29/Feb/2024:09:51:40 +0800] "POST /xingrg/kc/buy/cgsh_list_operate.html HTTP/1.1" 200 986
222.69.133.0 - - [29/Feb/2024:09:51:42 +0800] "GET /xingrg/kc/buy/cgsh_order_add.html HTTP/1.1" 200 72720
222.69.133.0 - - [29/Feb/2024:09:51:42 +0800] "GET /xingrg/words/20240229092203_words.js HTTP/1.1" 200 1014224
222.69.133.0 - - [29/Feb/2024:09:51:42 +0800] "POST /xingrg/kc/buy/cgsh_order_operate.html HTTP/1.1" 200 8245
222.69.133.0 - - [29/Feb/2024:09:51:42 +0800] "GET /xingrg/javascript/easyui/themes/default/validatebox.css HTTP/1.1" 404 1104
116.232.194.112 - - [29/Feb/2024:09:51:42 +0800] "GET /xingrg/all/function/internal_message.html?_=1709171501968&CODE_STATE=getMsg HTTP/1.1" 200 27
116.232.33.28 - - [29/Feb/2024:09:51:43 +0800] "POST /xingrg/services/DataTransmitService HTTP/1.1" 200 501
58.40.7.146 - - [29/Feb/2024:09:51:44 +0800] "GET /xingrg/check_reg.html?_=1709171504481 HTTP/1.1" 200 22
222.69.133.0 - - [29/Feb/2024:09:51:45 +0800] "GET /xingrg/javascript/auto/indicator.gif HTTP/1.1" 404 1066
58.40.7.146 - - [29/Feb/2024:09:51:47 +0800] "GET /xingrg/all/function/internal_message.html?_=1709171507779&CODE_STATE=getMsg HTTP/1.1" 200 27
116.224.254.208 - - [29/Feb/2024:09:51:48 +0800] "GET /xingrg/all/function/internal_message.html?_=1709171508574&CODE_STATE=getMsg HTTP/1.1" 200 27
180.164.1.25 - - [29/Feb/2024:09:51:53 +0800] "POST /xingrg/dwr/call/plaincall/AjaxComOrderService.getMaterielSearchList.dwr HTTP/1.1" 200 204
218.81.65.124 - - [29/Feb/2024:09:51:54 +0800] "GET /xingrg/all/function/internal_message.html?_=1709171519941&CODE_STATE=getMsg HTTP/1.1" 200 27
180.164.1.25 - - [29/Feb/2024:09:51:55 +0800] "POST /xingrg/dwr/call/plaincall/AjaxComOrderService.getMaterielSearchList.dwr HTTP/1.1" 200 1339
180.164.1.25 - - [29/Feb/2024:09:51:55 +0800] "GET /xingrg/all/function/internal_message.html?_=1709171514634&CODE_STATE=getMsg HTTP/1.1" 200 27
222.69.133.0 - - [29/Feb/2024:09:51:56 +0800] "GET /xingrg/kc/buy/cgsh_order_operate.html?command=get_materiel&rest_code=00154&code=00101008355&supplier_code=00100417&order_time=2024-02-29 HTTP/1.1" 200 408
180.164.1.25 - - [29/Feb/2024:09:51:57 +0800] "POST /xingrg/dwr/call/plaincall/AjaxYddbService.getMaterielByMap.dwr HTTP/1.1" 200 3031
180.164.1.25 - - [29/Feb/2024:09:51:59 +0800] "POST /xingrg/dwr/call/plaincall/AjaxYddbService.saveMaterielItem.dwr HTTP/1.1" 200 79
180.164.1.25 - - [29/Feb/2024:09:52:02 +0800] "POST /xingrg/dwr/call/plaincall/AjaxComOrderService.getMaterielSearchList.dwr HTTP/1.1" 200 23948
116.238.97.31 - - [29/Feb/2024:09:52:06 +0800] "GET /xingrg/all/function/internal_message.html?_=1709171525735&CODE_STATE=getMsg HTTP/1.1" 200 27
180.164.1.25 - - [29/Feb/2024:09:52:06 +0800] "POST /xingrg/dwr/call/plaincall/AjaxYddbService.getMaterielByMap.dwr HTTP/1.1" 200 3024
116.224.254.208 - - [29/Feb/2024:09:52:09 +0800] "GET /xingrg/check_reg.html?_=1709171529722 HTTP/1.1" 200 22
222.69.133.0 - - [29/Feb/2024:09:52:09 +0800] "GET /xingrg/kc/buy/cgsh_order_operate.html?command=get_materiel&rest_code=00154&code=00101008207&supplier_code=00100417&order_time=2024-02-29 HTTP/1.1" 200 409
116.224.254.208 - - [29/Feb/2024:09:52:10 +0800] "GET /xingrg/all/function/internal_message.html?_=1709171530300&CODE_STATE=getMsg HTTP/1.1" 200 27
218.81.65.124 - - [29/Feb/2024:09:52:12 +0800] "GET /xingrg/all/function/internal_message.html?_=1709171532408&CODE_STATE=getMsg HTTP/1.1" 200 27
180.164.1.25 - - [29/Feb/2024:09:52:16 +0800] "POST /xingrg/dwr/call/plaincall/AjaxYddbService.saveMaterielItem.dwr HTTP/1.1" 200 79
58.39.109.113 - - [29/Feb/2024:09:52:16 +0800] "GET /xingrg/all/function/internal_message.html?_=1709171538030&CODE_STATE=getMsg HTTP/1.1" 200 27
114.89.91.180 - - [29/Feb/2024:09:52:17 +0800] "GET /xingrg/all/function/internal_message.html?_=1709171540396&CODE_STATE=getMsg HTTP/1.1" 200 27
116.230.123.222 - - [29/Feb/2024:09:52:17 +0800] "GET /xingrg/all/function/internal_message.html?_=1709171536056&CODE_STATE=getMsg HTTP/1.1" 200 27
180.164.1.25 - - [29/Feb/2024:09:52:18 +0800] "POST /xingrg/dwr/call/plaincall/AjaxComOrderService.getMaterielSearchList.dwr HTTP/1.1" 200 15800
180.164.1.25 - - [29/Feb/2024:09:52:20 +0800] "POST /xingrg/dwr/call/plaincall/AjaxYddbService.getMaterielByMap.dwr HTTP/1.1" 200 3028
124.78.67.200 - - [29/Feb/2024:09:52:21 +0800] "GET /xingrg/all/function/internal_message.html?_=1709171541552&CODE_STATE=getMsg HTTP/1.1" 200 27
222.69.133.0 - - [29/Feb/2024:09:52:21 +0800] "GET /xingrg/kc/buy/cgsh_order_operate.html?command=get_materiel&rest_code=00154&code=00101008356&supplier_code=00100417&order_time=2024-02-29 HTTP/1.1" 200 408
116.228.172.94 - - [29/Feb/2024:09:52:23 +0800] "GET /xingrg/all/function/internal_message.html?_=1709171269924&CODE_STATE=getMsg HTTP/1.1" 200 27
101.83.240.223 - - [29/Feb/2024:09:52:24 +0800] "GET /xingrg/all/function/internal_message.html?_=1709171542178&CODE_STATE=getMsg HTTP/1.1" 200 27
116.230.112.23 - - [29/Feb/2024:09:52:24 +0800] "GET /xingrg/all/function/internal_message.html?_=1709171558127&CODE_STATE=getMsg HTTP/1.1" 200 27
180.164.1.25 - - [29/Feb/2024:09:52:24 +0800] "POST /xingrg/dwr/call/plaincall/AjaxYddbService.saveMaterielItem.dwr HTTP/1.1" 200 79
180.164.1.25 - - [29/Feb/2024:09:52:26 +0800] "POST /xingrg/dwr/call/plaincall/AjaxComOrderService.getMaterielSearchList.dwr HTTP/1.1" 200 559472
180.164.1.25 - - [29/Feb/2024:09:52:27 +0800] "POST /xingrg/dwr/call/plaincall/AjaxComOrderService.getMaterielSearchList.dwr HTTP/1.1" 200 568573
180.164.1.25 - - [29/Feb/2024:09:52:28 +0800] "POST /xingrg/dwr/call/plaincall/AjaxComOrderService.getMaterielSearchList.dwr HTTP/1.1" 200 1212
221.239.172.101 - - [29/Feb/2024:09:52:29 +0800] "GET /xingrg/all/function/internal_message.html?_=1709171548462&CODE_STATE=getMsg HTTP/1.1" 200 27
180.164.1.25 - - [29/Feb/2024:09:52:30 +0800] "POST /xingrg/dwr/call/plaincall/AjaxYddbService.getMaterielByMap.dwr HTTP/1.1" 200 3027
222.69.133.0 - - [29/Feb/2024:09:52:33 +0800] "GET /xingrg/kc/buy/cgsh_order_operate.html?command=get_materiel&rest_code=00154&code=00101012029&supplier_code=00100417&order_time=2024-02-29 HTTP/1.1" 200 412
116.224.254.208 - - [29/Feb/2024:09:52:34 +0800] "GET /xingrg/kc/buy/cgsh_order_operate.html?command=get_materiel&rest_code=00150&code=00102005464&supplier_code=00100076&order_time=2024-02-29 HTTP/1.1" 200 416
222.69.133.0 - - [29/Feb/2024:09:52:37 +0800] "GET /xingrg/all/function/internal_message.html?_=1709171557838&CODE_STATE=getMsg HTTP/1.1" 200 27
116.232.194.112 - - [29/Feb/2024:09:52:37 +0800] "GET /xingrg/all/function/internal_message.html?_=1709171543331&CODE_STATE=getMsg HTTP/1.1" 200 27
101.83.145.37 - - [29/Feb/2024:09:52:38 +0800] "GET /xingrg/all/function/internal_message.html?_=1709171559856&CODE_STATE=getMsg HTTP/1.1" 200 27
180.164.1.25 - - [29/Feb/2024:09:52:38 +0800] "POST /xingrg/dwr/call/plaincall/AjaxYddbService.removeMaterielItem.dwr HTTP/1.1" 200 79
180.164.1.25 - - [29/Feb/2024:09:52:42 +0800] "POST /xingrg/dwr/call/plaincall/AjaxComOrderService.getMaterielSearchList.dwr HTTP/1.1" 200 1212
116.232.194.112 - - [29/Feb/2024:09:52:42 +0800] "GET /xingrg/all/function/internal_message.html?_=1709171561968&CODE_STATE=getMsg HTTP/1.1" 200 27
180.164.1.25 - - [29/Feb/2024:09:52:44 +0800] "POST /xingrg/dwr/call/plaincall/AjaxYddbService.getMaterielByMap.dwr HTTP/1.1" 200 3027
58.40.7.146 - - [29/Feb/2024:09:52:48 +0800] "GET /xingrg/all/function/internal_message.html?_=1709171567856&CODE_STATE=getMsg HTTP/1.1" 200 27
116.224.254.208 - - [29/Feb/2024:09:52:48 +0800] "GET /xingrg/all/function/internal_message.html?_=1709171568579&CODE_STATE=getMsg HTTP/1.1" 200 27
180.164.1.25 - - [29/Feb/2024:09:52:48 +0800] "POST /xingrg/dwr/call/plaincall/AjaxYddbService.saveMaterielItem.dwr HTTP/1.1" 200 79
180.164.1.25 - - [29/Feb/2024:09:52:50 +0800] "POST /xingrg/dwr/call/plaincall/AjaxComOrderService.getMaterielSearchList.dwr HTTP/1.1" 200 9263
180.164.1.25 - - [29/Feb/2024:09:52:51 +0800] "POST /xingrg/dwr/call/plaincall/AjaxComOrderService.getMaterielSearchList.dwr HTTP/1.1" 200 204
180.164.1.25 - - [29/Feb/2024:09:52:51 +0800] "POST /xingrg/dwr/call/plaincall/AjaxComOrderService.getMaterielSearchList.dwr HTTP/1.1" 200 684
180.164.1.25 - - [29/Feb/2024:09:52:53 +0800] "POST /xingrg/dwr/call/plaincall/AjaxYddbService.getMaterielByMap.dwr HTTP/1.1" 200 3035
116.230.112.23 - - [29/Feb/2024:09:52:54 +0800] "POST /xingrg/kc/buy/cgsh_order_operate.html HTTP/1.1" 200 37
222.69.133.0 - - [29/Feb/2024:09:52:54 +0800] "GET /xingrg/kc/buy/cgsh_order_operate.html?command=get_materiel&rest_code=00154&code=00101008350&supplier_code=00100417&order_time=2024-02-29 HTTP/1.1" 200 408
218.81.65.124 - - [29/Feb/2024:09:52:54 +0800] "GET /xingrg/all/function/internal_message.html?_=1709171579939&CODE_STATE=getMsg HTTP/1.1" 200 27
180.164.1.25 - - [29/Feb/2024:09:52:55 +0800] "GET /xingrg/all/function/internal_message.html?_=1709171574633&CODE_STATE=getMsg HTTP/1.1" 200 27
180.164.1.25 - - [29/Feb/2024:09:52:56 +0800] "POST /xingrg/dwr/call/plaincall/AjaxYddbService.saveMaterielItem.dwr HTTP/1.1" 200 79
116.230.112.23 - - [29/Feb/2024:09:52:57 +0800] "POST /xingrg/kc/buy/cgsh_order_operate.html HTTP/1.1" 200 31640
180.164.1.25 - - [29/Feb/2024:09:52:58 +0800] "POST /xingrg/dwr/call/plaincall/AjaxComOrderService.getMaterielSearchList.dwr HTTP/1.1" 200 532208
180.164.1.25 - - [29/Feb/2024:09:52:59 +0800] "POST /xingrg/dwr/call/plaincall/AjaxComOrderService.getMaterielSearchList.dwr HTTP/1.1" 200 3527
180.164.1.25 - - [29/Feb/2024:09:53:00 +0800] "POST /xingrg/dwr/call/plaincall/AjaxComOrderService.getMaterielSearchList.dwr HTTP/1.1" 200 283
180.164.1.25 - - [29/Feb/2024:09:53:01 +0800] "POST /xingrg/dwr/call/plaincall/AjaxYddbService.getMaterielByMap.dwr HTTP/1.1" 200 3036
116.230.112.23 - - [29/Feb/2024:09:53:04 +0800] "GET /xingrg/kc/print/load_config.html?kc_code=cgsh HTTP/1.1" 200 1927
116.230.112.23 - - [29/Feb/2024:09:53:04 +0800] "GET /xingrg/kc/print/load_data.html?order_code=212024022908145&kc_code=cgsh&condition= HTTP/1.1" 200 11681
180.164.1.25 - - [29/Feb/2024:09:53:05 +0800] "POST /xingrg/dwr/call/plaincall/AjaxYddbService.saveMaterielItem.dwr HTTP/1.1" 200 79
116.238.97.31 - - [29/Feb/2024:09:53:06 +0800] "GET /xingrg/check_reg.html?_=1709171585727 HTTP/1.1" 200 22
116.238.97.31 - - [29/Feb/2024:09:53:06 +0800] "GET /xingrg/all/function/internal_message.html?_=1709171585732&CODE_STATE=getMsg HTTP/1.1" 200 27
120.253.135.82 - - [29/Feb/2024:09:53:07 +0800] "GET /xingrg/login.html HTTP/1.1" 200 7641
180.164.1.25 - - [29/Feb/2024:09:53:07 +0800] "POST /xingrg/dwr/call/plaincall/AjaxComOrderService.getMaterielSearchList.dwr HTTP/1.1" 200 2084
120.253.135.82 - - [29/Feb/2024:09:53:07 +0800] "GET /favicon.ico HTTP/1.1" 404 -
180.164.1.25 - - [29/Feb/2024:09:53:07 +0800] "POST /xingrg/dwr/call/plaincall/AjaxComOrderService.getMaterielSearchList.dwr HTTP/1.1" 200 2084
180.164.1.25 - - [29/Feb/2024:09:53:09 +0800] "POST /xingrg/dwr/call/plaincall/AjaxYddbService.getMaterielByMap.dwr HTTP/1.1" 200 3033
116.224.254.208 - - [29/Feb/2024:09:53:10 +0800] "GET /xingrg/all/function/internal_message.html?_=1709171590294&CODE_STATE=getMsg HTTP/1.1" 200 27
218.81.65.124 - - [29/Feb/2024:09:53:12 +0800] "GET /xingrg/all/function/internal_message.html?_=1709171592422&CODE_STATE=getMsg HTTP/1.1" 200 27
120.253.135.82 - - [29/Feb/2024:09:53:12 +0800] "POST /xingrg/login.do HTTP/1.1" 302 -
120.253.135.82 - - [29/Feb/2024:09:53:13 +0800] "GET /xingrg/index.html?sysBaseUrl=http%3A%2F%2F180.169.147.146%3A18081%2Fxingrg%2F&costTime=1289×tamp=1709171592941 HTTP/1.1" 200 17173
120.253.135.82 - - [29/Feb/2024:09:53:13 +0800] "GET /xingrg/javascript/jquery_easy_ui/themes/default/easyui.css HTTP/1.1" 304 -
120.253.135.82 - - [29/Feb/2024:09:53:13 +0800] "GET /xingrg/javascript/jquery_easy_ui/themes/icon.css HTTP/1.1" 304 -
120.253.135.82 - - [29/Feb/2024:09:53:13 +0800] "GET /xingrg/css/form.css HTTP/1.1" 304 -
180.164.1.25 - - [29/Feb/2024:09:53:13 +0800] "POST /xingrg/dwr/call/plaincall/AjaxYddbService.saveMaterielItem.dwr HTTP/1.1" 200 79
120.253.135.82 - - [29/Feb/2024:09:53:13 +0800] "GET /favicon.ico HTTP/1.1" 404 -
120.253.135.82 - - [29/Feb/2024:09:53:13 +0800] "GET /xingrg/javascript/jquery-1.4.2.min.js HTTP/1.1" 304 -
120.253.135.82 - - [29/Feb/2024:09:53:13 +0800] "GET /xingrg/javascript/jquery_easy_ui/easyui-lang-zh_CN.js HTTP/1.1" 304 -
120.253.135.82 - - [29/Feb/2024:09:53:13 +0800] "GET /xingrg/javascript/jquery_easy_ui/jquery.easyui.min.js HTTP/1.1" 304 -
120.253.135.82 - - [29/Feb/2024:09:53:13 +0800] "GET /xingrg/javascript/jquery.timers.js HTTP/1.1" 304 -
120.253.135.82 - - [29/Feb/2024:09:53:13 +0800] "GET /xingrg/javascript/jquery.utils.js HTTP/1.1" 304 -
120.253.135.82 - - [29/Feb/2024:09:53:13 +0800] "GET /xingrg/javascript/jquery.form.js HTTP/1.1" 304 -
120.253.135.82 - - [29/Feb/2024:09:53:13 +0800] "GET /xingrg/images/blue/navBackgound.jpg HTTP/1.1" 304 -
120.253.135.82 - - [29/Feb/2024:09:53:13 +0800] "GET /xingrg/images/blue/pingpu.png HTTP/1.1" 304 -
120.253.135.82 - - [29/Feb/2024:09:53:13 +0800] "GET /xingrg/javascript/jquery_easy_ui/themes/default/images/tabs_leftarrow.png HTTP/1.1" 304 -
120.253.135.82 - - [29/Feb/2024:09:53:13 +0800] "GET /xingrg/javascript/jquery_easy_ui/themes/default/images/tabs_rightarrow.png HTTP/1.1" 304 -
120.253.135.82 - - [29/Feb/2024:09:53:13 +0800] "GET /xingrg/javascript/jquery_easy_ui/themes/default/images/panel_tool_collapse.gif HTTP/1.1" 304 -
120.253.135.82 - - [29/Feb/2024:09:53:13 +0800] "GET /xingrg/all/function/internal_message.html?_=1709171428324&CODE_STATE=count HTTP/1.1" 200 11
120.253.135.82 - - [29/Feb/2024:09:53:13 +0800] "POST /xingrg/all/common/load_tree.html?tree=area_rest_tree_json&manage=1 HTTP/1.1" 200 344
120.253.135.82 - - [29/Feb/2024:09:53:13 +0800] "GET /xingrg/check_reg.html?_=1709171428324 HTTP/1.1" 200 22
120.253.135.82 - - [29/Feb/2024:09:53:13 +0800] "GET /xingrg/javascript/jquery_easy_ui/themes/default/images/tree_arrows.gif HTTP/1.1" 304 -
120.253.135.82 - - [29/Feb/2024:09:53:13 +0800] "POST /xingrg/load_menu.html HTTP/1.1" 200 6743
120.253.135.82 - - [29/Feb/2024:09:53:13 +0800] "GET /xingrg/javascript/jquery_easy_ui/themes/default/images/tree_file.gif HTTP/1.1" 304 -
120.253.135.82 - - [29/Feb/2024:09:53:13 +0800] "GET /xingrg/javascript/jquery_easy_ui/themes/icons/search_new.png HTTP/1.1" 304 -
