120.253.135.82 - - [29/Feb/2024:09:53:13 +0800] "GET /xingrg/javascript/jquery_easy_ui/themes/icons/storage_new.png HTTP/1.1" 304 -
120.253.135.82 - - [29/Feb/2024:09:53:13 +0800] "GET /xingrg/javascript/jquery_easy_ui/themes/icons/forms_new.png HTTP/1.1" 304 -
120.253.135.82 - - [29/Feb/2024:09:53:13 +0800] "GET /xingrg/javascript/jquery_easy_ui/themes/default/images/tree_folder_open.gif HTTP/1.1" 304 -
120.253.135.82 - - [29/Feb/2024:09:53:13 +0800] "GET /xingrg/javascript/jquery_easy_ui/themes/default/images/tree_folder.gif HTTP/1.1" 304 -
120.253.135.82 - - [29/Feb/2024:09:53:13 +0800] "GET /xingrg/javascript/jquery_easy_ui/themes/icons/delivery_new.png HTTP/1.1" 304 -
116.232.194.112 - - [29/Feb/2024:09:53:13 +0800] "POST /xingrg/all/user/operate.html HTTP/1.1" 200 36
116.232.194.112 - - [29/Feb/2024:09:53:14 +0800] "GET /xingrg/index.html?sysBaseUrl=http%3A%2F%2F180.169.147.146%3A18081%2Fxingrg%2F&costTime=892×tamp=1709171441951 HTTP/1.1" 200 17509
116.232.194.112 - - [29/Feb/2024:09:53:14 +0800] "GET /xingrg/javascript/jquery_easy_ui/themes/default/easyui.css HTTP/1.1" 304 -
116.232.194.112 - - [29/Feb/2024:09:53:14 +0800] "GET /xingrg/javascript/jquery_easy_ui/themes/icon.css HTTP/1.1" 304 -
116.232.194.112 - - [29/Feb/2024:09:53:14 +0800] "GET /xingrg/css/form.css HTTP/1.1" 304 -
116.232.194.112 - - [29/Feb/2024:09:53:14 +0800] "GET /xingrg/javascript/jquery-1.4.2.min.js HTTP/1.1" 304 -
116.232.194.112 - - [29/Feb/2024:09:53:14 +0800] "GET /xingrg/javascript/jquery_easy_ui/jquery.easyui.min.js HTTP/1.1" 304 -
116.232.194.112 - - [29/Feb/2024:09:53:14 +0800] "GET /xingrg/javascript/jquery_easy_ui/easyui-lang-zh_CN.js HTTP/1.1" 304 -
116.232.194.112 - - [29/Feb/2024:09:53:14 +0800] "GET /xingrg/javascript/jquery.form.js HTTP/1.1" 304 -
116.232.194.112 - - [29/Feb/2024:09:53:14 +0800] "GET /xingrg/javascript/jquery.utils.js HTTP/1.1" 304 -
116.232.194.112 - - [29/Feb/2024:09:53:14 +0800] "GET /xingrg/javascript/jquery.timers.js HTTP/1.1" 304 -
116.232.194.112 - - [29/Feb/2024:09:53:14 +0800] "GET /xingrg/images/blue/jxLogo.png HTTP/1.1" 304 -
116.232.194.112 - - [29/Feb/2024:09:53:14 +0800] "GET /xingrg/images/blue/navBackgound.jpg HTTP/1.1" 304 -
116.232.194.112 - - [29/Feb/2024:09:53:14 +0800] "GET /xingrg/javascript/jquery_easy_ui/themes/icons/settle_new.png HTTP/1.1" 304 -
116.232.194.112 - - [29/Feb/2024:09:53:14 +0800] "GET /xingrg/check_reg.html?_=1709171593496 HTTP/1.1" 200 22
116.232.194.112 - - [29/Feb/2024:09:53:14 +0800] "GET /xingrg/javascript/jquery_easy_ui/themes/default/images/tabs_leftarrow.png HTTP/1.1" 304 -
116.232.194.112 - - [29/Feb/2024:09:53:14 +0800] "GET /xingrg/all/function/internal_message.html?_=1709171593495&CODE_STATE=count HTTP/1.1" 200 11
116.232.194.112 - - [29/Feb/2024:09:53:14 +0800] "GET /xingrg/javascript/jquery_easy_ui/themes/default/images/tabs_rightarrow.png HTTP/1.1" 304 -
116.232.194.112 - - [29/Feb/2024:09:53:14 +0800] "GET /xingrg/images/blue/pingpu.png HTTP/1.1" 304 -
116.232.194.112 - - [29/Feb/2024:09:53:14 +0800] "GET /xingrg/javascript/jquery_easy_ui/themes/default/images/panel_tool_expand.gif HTTP/1.1" 304 -
116.232.194.112 - - [29/Feb/2024:09:53:14 +0800] "GET /xingrg/javascript/jquery_easy_ui/themes/default/images/panel_tool_collapse.gif HTTP/1.1" 304 -
116.232.194.112 - - [29/Feb/2024:09:53:14 +0800] "POST /xingrg/all/common/load_tree.html?tree=area_rest_tree_json&manage=1 HTTP/1.1" 200 3624
116.232.194.112 - - [29/Feb/2024:09:53:14 +0800] "POST /xingrg/load_menu.html HTTP/1.1" 200 9959
180.164.1.25 - - [29/Feb/2024:09:53:14 +0800] "POST /xingrg/dwr/call/plaincall/AjaxComOrderService.getMaterielSearchList.dwr HTTP/1.1" 200 1292
180.164.1.25 - - [29/Feb/2024:09:53:15 +0800] "POST /xingrg/dwr/call/plaincall/AjaxComOrderService.getMaterielSearchList.dwr HTTP/1.1" 200 283
180.164.1.25 - - [29/Feb/2024:09:53:16 +0800] "POST /xingrg/dwr/call/plaincall/AjaxComOrderService.getMaterielSearchList.dwr HTTP/1.1" 200 283
180.164.1.25 - - [29/Feb/2024:09:53:16 +0800] "POST /xingrg/dwr/call/plaincall/AjaxYddbService.getMaterielByMap.dwr HTTP/1.1" 200 3039
58.39.109.113 - - [29/Feb/2024:09:53:16 +0800] "GET /xingrg/all/function/internal_message.html?_=1709171598020&CODE_STATE=getMsg HTTP/1.1" 200 27
116.232.194.112 - - [29/Feb/2024:09:53:16 +0800] "GET /xingrg/kc/report/report_main.html HTTP/1.1" 200 7340
58.39.109.113 - - [29/Feb/2024:09:53:17 +0800] "GET /xingrg/check_reg.html?_=1709171598611 HTTP/1.1" 200 22
114.89.91.180 - - [29/Feb/2024:09:53:17 +0800] "GET /xingrg/all/function/internal_message.html?_=1709171600387&CODE_STATE=getMsg HTTP/1.1" 200 27
116.230.123.222 - - [29/Feb/2024:09:53:17 +0800] "GET /xingrg/all/function/internal_message.html?_=1709171596056&CODE_STATE=getMsg HTTP/1.1" 200 27
116.232.194.112 - - [29/Feb/2024:09:53:17 +0800] "GET /xingrg/kc/base/crk_hz.html HTTP/1.1" 200 11247
116.232.194.112 - - [29/Feb/2024:09:53:18 +0800] "POST /xingrg/kc/cost/cost_operate.html?command=get_base_tree HTTP/1.1" 200 2725
116.232.194.112 - - [29/Feb/2024:09:53:18 +0800] "POST /xingrg/all/common/load_tree.html?tree=materiel_sort_tree_json HTTP/1.1" 200 9734
180.164.1.25 - - [29/Feb/2024:09:53:19 +0800] "POST /xingrg/dwr/call/plaincall/AjaxYddbService.saveMaterielItem.dwr HTTP/1.1" 200 79
120.253.135.82 - - [29/Feb/2024:09:53:19 +0800] "GET /xingrg/javascript/jquery_easy_ui/themes/default/images/tabs_close.gif HTTP/1.1" 304 -
120.253.135.82 - - [29/Feb/2024:09:53:19 +0800] "GET /xingrg/kc/report/report_main.html HTTP/1.1" 200 8599
120.253.135.82 - - [29/Feb/2024:09:53:19 +0800] "GET /xingrg/javascript/myfunction.js HTTP/1.1" 304 -
120.253.135.82 - - [29/Feb/2024:09:53:19 +0800] "GET /xingrg/javascript/jquery_ui/themes/humanity/humanity.css HTTP/1.1" 304 -
120.253.135.82 - - [29/Feb/2024:09:53:19 +0800] "GET /xingrg/javascript/json2.js HTTP/1.1" 304 -
120.253.135.82 - - [29/Feb/2024:09:53:19 +0800] "GET /xingrg/javascript/pic_change.js HTTP/1.1" 304 -
120.253.135.82 - - [29/Feb/2024:09:53:19 +0800] "GET /xingrg/css/blue.css HTTP/1.1" 304 -
116.232.194.112 - - [29/Feb/2024:09:53:19 +0800] "GET /xingrg/all/common/get_data_part.html?part=previousMonth&_=1709171599101 HTTP/1.1" 200 41
120.253.135.82 - - [29/Feb/2024:09:53:21 +0800] "GET /xingrg/kc/base/kc_stocks.html HTTP/1.1" 200 16554
120.253.135.82 - - [29/Feb/2024:09:53:21 +0800] "GET /xingrg/css/site.css HTTP/1.1" 304 -
120.253.135.82 - - [29/Feb/2024:09:53:21 +0800] "GET /xingrg/javascript/jquery_tools/datebox.css HTTP/1.1" 304 -
120.253.135.82 - - [29/Feb/2024:09:53:21 +0800] "GET /xingrg/javascript/easyui/themes/icon.css HTTP/1.1" 304 -
120.253.135.82 - - [29/Feb/2024:09:53:21 +0800] "GET /xingrg/javascript/easyui/themes/sunny/easyui.css HTTP/1.1" 304 -
120.253.135.82 - - [29/Feb/2024:09:53:21 +0800] "GET /xingrg/javascript/auto/jquery.autocomplete.css HTTP/1.1" 304 -
120.253.135.82 - - [29/Feb/2024:09:53:21 +0800] "GET /xingrg/css/base.css HTTP/1.1" 304 -
120.253.135.82 - - [29/Feb/2024:09:53:21 +0800] "GET /xingrg/javascript/jquery_tools/jquery.tools.extend.js HTTP/1.1" 304 -
120.253.135.82 - - [29/Feb/2024:09:53:21 +0800] "GET /xingrg/javascript/jquery_tools/list_manager.js HTTP/1.1" 304 -
120.253.135.82 - - [29/Feb/2024:09:53:21 +0800] "GET /xingrg/javascript/easyui/easyloader.js HTTP/1.1" 304 -
120.253.135.82 - - [29/Feb/2024:09:53:21 +0800] "GET /xingrg/javascript/jquery_tools/jquery.tools.min.js HTTP/1.1" 304 -
120.253.135.82 - - [29/Feb/2024:09:53:21 +0800] "GET /xingrg/javascript/auto/jquery.autocomplete.js HTTP/1.1" 304 -
120.253.135.82 - - [29/Feb/2024:09:53:21 +0800] "GET /xingrg/javascript/print/LodopFuncs.js HTTP/1.1" 304 -
120.253.135.82 - - [29/Feb/2024:09:53:21 +0800] "GET /xingrg/javascript/jquery_tools/jquery.tools.hotkey.js HTTP/1.1" 304 -
120.253.135.82 - - [29/Feb/2024:09:53:21 +0800] "GET /xingrg/javascript/jquery.cookie.js HTTP/1.1" 304 -
120.253.135.82 - - [29/Feb/2024:09:53:21 +0800] "GET /xingrg/javascript/jquery_tools/fix.css HTTP/1.1" 304 -
120.253.135.82 - - [29/Feb/2024:09:53:21 +0800] "GET /xingrg/javascript/convert.js HTTP/1.1" 304 -
120.253.135.82 - - [29/Feb/2024:09:53:21 +0800] "GET /xingrg/javascript/easyui/themes/icons/import_new.png HTTP/1.1" 304 -
120.253.135.82 - - [29/Feb/2024:09:53:21 +0800] "GET /xingrg/javascript/easyui/plugins/jquery.parser.js HTTP/1.1" 304 -
124.78.67.200 - - [29/Feb/2024:09:53:21 +0800] "GET /xingrg/all/function/internal_message.html?_=1709171601527&CODE_STATE=getMsg HTTP/1.1" 200 27
120.253.135.82 - - [29/Feb/2024:09:53:21 +0800] "GET /xingrg/javascript/jquery_easy_ui/themes/icons/area.png HTTP/1.1" 304 -
120.253.135.82 - - [29/Feb/2024:09:53:21 +0800] "GET /xingrg/javascript/jquery_easy_ui/themes/icons/manage.png HTTP/1.1" 304 -
120.253.135.82 - - [29/Feb/2024:09:53:21 +0800] "GET /xingrg/javascript/easyui/plugins/jquery.draggable.js HTTP/1.1" 304 -
120.253.135.82 - - [29/Feb/2024:09:53:21 +0800] "GET /xingrg/javascript/easyui/plugins/jquery.droppable.js HTTP/1.1" 304 -
120.253.135.82 - - [29/Feb/2024:09:53:21 +0800] "GET /xingrg/javascript/easyui/themes/default/tree.css HTTP/1.1" 404 1090
120.253.135.82 - - [29/Feb/2024:09:53:21 +0800] "GET /xingrg/javascript/easyui/plugins/jquery.tree.js HTTP/1.1" 304 -
120.253.135.82 - - [29/Feb/2024:09:53:21 +0800] "GET /xingrg/all/common/auto_word.html?type=base&rest_code=00101 HTTP/1.1" 200 671
120.253.135.82 - - [29/Feb/2024:09:53:21 +0800] "POST /xingrg/all/common/load_tree.html?tree=materiel_sort_tree_json HTTP/1.1" 200 9734
120.253.135.82 - - [29/Feb/2024:09:53:22 +0800] "POST /xingrg/all/common/load_combo.html?type=base HTTP/1.1" 200 1169
116.232.194.112 - - [29/Feb/2024:09:53:22 +0800] "GET /xingrg/all/common/get_data_part.html?part=currentMonth&_=1709171601903 HTTP/1.1" 200 41
116.228.172.94 - - [29/Feb/2024:09:53:23 +0800] "GET /xingrg/all/function/internal_message.html?_=1709171329922&CODE_STATE=getMsg HTTP/1.1" 200 27
101.83.240.223 - - [29/Feb/2024:09:53:24 +0800] "GET /xingrg/all/function/internal_message.html?_=1709171602160&CODE_STATE=getMsg HTTP/1.1" 200 27
116.230.112.23 - - [29/Feb/2024:09:53:24 +0800] "GET /xingrg/all/function/internal_message.html?_=1709171618273&CODE_STATE=getMsg HTTP/1.1" 200 27
221.239.172.101 - - [29/Feb/2024:09:53:29 +0800] "GET /xingrg/all/function/internal_message.html?_=1709171608447&CODE_STATE=getMsg HTTP/1.1" 200 27
116.232.194.112 - - [29/Feb/2024:09:53:29 +0800] "GET /xingrg/kc/base/crk_hz.html?_=1709171608913&command=get_cost_id&end_date=2024-02-29&start_date=2024-02-01 HTTP/1.1" 200 51
116.232.194.112 - - [29/Feb/2024:09:53:29 +0800] "GET /xingrg/all/report/report_query.html?isQuery=1&onlyBody=1&rh=99999&rw=1800&varString=start:20240201,cost_id:4901,mid:20240201&fileName=kc/base/crk_hz_type_by_base.xml&queryString=%20a.base_code%20in%20('0010770')%20&queryText=ÈÕÆÚ£º2024-02-01ÖÁ2024-02-29%20²Ö¿â£ºÀñºÐ¿â&tableQueryString=materiel_table$sp1$$sp$before_table$sp1$$sp$crk_table$sp1$order_day%20between%2020240201%20and%2020240229 HTTP/1.1" 200 49400
116.232.194.112 - - [29/Feb/2024:09:53:29 +0800] "GET /xingrg/dwr/interface/AjaxReportQueryService.js HTTP/1.1" 200 13203
116.232.194.112 - - [29/Feb/2024:09:53:29 +0800] "GET /xingrg/dwr/engine.js HTTP/1.1" 200 43631
116.232.194.112 - - [29/Feb/2024:09:53:29 +0800] "GET /xingrg/dwr/util.js HTTP/1.1" 200 35990
180.164.1.25 - - [29/Feb/2024:09:53:32 +0800] "GET /xingrg/kc/base/yddb_order_list.html?isBack=1 HTTP/1.1" 200 16628
180.164.1.25 - - [29/Feb/2024:09:53:33 +0800] "POST /xingrg/kc/base/yddb_list_operate.html HTTP/1.1" 200 1343
116.232.194.112 - - [29/Feb/2024:09:53:33 +0800] "POST /xingrg/all/report/load_report_page.html HTTP/1.1" 200 94577
116.232.194.112 - - [29/Feb/2024:09:53:33 +0800] "GET /xingrg/servlets/image?cache=0.44005004935573055&image=px HTTP/1.1" 200 807
116.224.254.208 - - [29/Feb/2024:09:53:34 +0800] "GET /xingrg/kc/buy/cgsh_order_operate.html?command=get_materiel&rest_code=00150&code=00102005564&supplier_code=00100076&order_time=2024-02-29 HTTP/1.1" 200 420
116.232.194.112 - - [29/Feb/2024:09:53:35 +0800] "GET /xingrg/all/report/report_query.html?isQuery=1&fileName=kc/base/crk_detail_by_small.xml&rh=99999&queryString=&queryText=%25E3%2580%2590%25E4%25BB%2593%25E5%25BA%2593%25E5%2590%258D%25E7%25A7%25B0%253A%25E7%25A4%25BC%25E7%259B%2592%25E5%25BA%2593%25E3%2580%2591%25E3%2580%2590%25E4%25B8%259A%25E5%258A%25A1%25E7%25B1%25BB%25E5%259E%258B%25EF%25BC%259A%25E9%2587%2587%25E8%25B4%25AD%25E5%2585%25A5%25E5%25BA%2593%25E3%2580%2591%2520%253F%253F%253F%253F%253F2024-02-01%253F%253F2024-02-29%2520%253F%253F%253F%253F%253F%25D0%25BF%253F&tableQueryString=crk_table%2524sp1%2524order_day%2520between%252020240201%2520and%252020240229%2520and%2520(base_code%253D'0010770')%2520and%2520(src_order_type%2520in%2520(21))%2520and%2520(is_rk%2520in%2520(1)) HTTP/1.1" 200 53784
116.232.194.112 - - [29/Feb/2024:09:53:36 +0800] "GET /xingrg/dwr/interface/AjaxReportQueryService.js HTTP/1.1" 200 13203
116.232.194.112 - - [29/Feb/2024:09:53:36 +0800] "GET /xingrg/dwr/engine.js HTTP/1.1" 200 43631
222.69.133.0 - - [29/Feb/2024:09:53:36 +0800] "GET /xingrg/check_reg.html?_=1709171617290 HTTP/1.1" 200 22
116.232.194.112 - - [29/Feb/2024:09:53:36 +0800] "POST /xingrg/all/report/load_report_page.html HTTP/1.1" 200 11726
116.232.194.112 - - [29/Feb/2024:09:53:36 +0800] "GET /xingrg/servlets/image?cache=0.6859883901758019&image=px HTTP/1.1" 200 807
222.69.133.0 - - [29/Feb/2024:09:53:36 +0800] "GET /xingrg/all/function/internal_message.html?_=1709171617822&CODE_STATE=getMsg HTTP/1.1" 200 27
116.232.194.112 - - [29/Feb/2024:09:53:37 +0800] "GET /xingrg/all/function/internal_message.html?_=1709171603303&CODE_STATE=getMsg HTTP/1.1" 200 27
101.83.145.37 - - [29/Feb/2024:09:53:38 +0800] "GET /xingrg/all/function/internal_message.html?_=1709171619860&CODE_STATE=getMsg HTTP/1.1" 200 27
116.232.194.112 - - [29/Feb/2024:09:53:39 +0800] "POST /xingrg/all/report/load_report_page.html HTTP/1.1" 200 16007
116.232.194.112 - - [29/Feb/2024:09:53:39 +0800] "GET /xingrg/servlets/image?cache=0.9770404754096471&image=px HTTP/1.1" 200 807
120.253.135.82 - - [29/Feb/2024:09:53:42 +0800] "POST /xingrg/kc/base/stock_operate.html HTTP/1.1" 200 765
120.253.135.82 - - [29/Feb/2024:09:53:42 +0800] "GET /xingrg/javascript/jquery_tools/fix_table.js HTTP/1.1" 304 -
58.40.7.146 - - [29/Feb/2024:09:53:48 +0800] "GET /xingrg/all/function/internal_message.html?_=1709171627978&CODE_STATE=getMsg HTTP/1.1" 200 27
116.224.254.208 - - [29/Feb/2024:09:53:48 +0800] "GET /xingrg/all/function/internal_message.html?_=1709171628596&CODE_STATE=getMsg HTTP/1.1" 200 27
116.224.254.208 - - [29/Feb/2024:09:53:48 +0800] "GET /xingrg/check_reg.html?_=1709171628598 HTTP/1.1" 200 22
218.81.65.124 - - [29/Feb/2024:09:53:54 +0800] "GET /xingrg/all/function/internal_message.html?_=1709171639937&CODE_STATE=getMsg HTTP/1.1" 200 27
218.81.65.124 - - [29/Feb/2024:09:53:54 +0800] "GET /xingrg/check_reg.html?_=1709171639939 HTTP/1.1" 200 22
180.164.1.25 - - [29/Feb/2024:09:53:55 +0800] "GET /xingrg/all/function/internal_message.html?_=1709171634644&CODE_STATE=getMsg HTTP/1.1" 200 27
180.164.1.25 - - [29/Feb/2024:09:53:55 +0800] "GET /xingrg/check_reg.html?_=1709171634646 HTTP/1.1" 200 22
116.224.254.208 - - [29/Feb/2024:09:54:03 +0800] "POST /xingrg/kc/buy/cgsh_order_operate.html HTTP/1.1" 200 37
116.238.97.31 - - [29/Feb/2024:09:54:06 +0800] "GET /xingrg/all/function/internal_message.html?_=1709171645732&CODE_STATE=getMsg HTTP/1.1" 200 27
116.224.254.208 - - [29/Feb/2024:09:54:10 +0800] "GET /xingrg/all/function/internal_message.html?_=1709171650277&CODE_STATE=getMsg HTTP/1.1" 200 27
116.224.254.208 - - [29/Feb/2024:09:54:10 +0800] "POST /xingrg/kc/buy/cgsh_order_operate.html HTTP/1.1" 200 12
116.224.254.208 - - [29/Feb/2024:09:54:12 +0800] "GET /xingrg/kc/buy/cgsh_order_info.html?code=212024022908146 HTTP/1.1" 200 68463
218.81.65.124 - - [29/Feb/2024:09:54:12 +0800] "GET /xingrg/check_reg.html?_=1709171652418 HTTP/1.1" 200 22
218.81.65.124 - - [29/Feb/2024:09:54:12 +0800] "GET /xingrg/all/function/internal_message.html?_=1709171652419&CODE_STATE=getMsg HTTP/1.1" 200 27
116.224.254.208 - - [29/Feb/2024:09:54:12 +0800] "GET /xingrg/words/20240229092203_words.js HTTP/1.1" 304 -
116.224.254.208 - - [29/Feb/2024:09:54:12 +0800] "GET /xingrg/javascript/easyui/themes/default/validatebox.css HTTP/1.1" 404 1104
120.253.135.82 - - [29/Feb/2024:09:54:13 +0800] "GET /xingrg/all/function/internal_message.html?_=1709171488339&CODE_STATE=getMsg HTTP/1.1" 200 27
116.224.254.208 - - [29/Feb/2024:09:54:14 +0800] "POST /xingrg/kc/buy/cgsh_order_operate.html HTTP/1.1" 200 1217
116.232.194.112 - - [29/Feb/2024:09:54:14 +0800] "GET /xingrg/all/function/internal_message.html?_=1709171653507&CODE_STATE=getMsg HTTP/1.1" 200 27
116.224.254.208 - - [29/Feb/2024:09:54:15 +0800] "GET /xingrg/kc/print/load_data.html?order_code=212024022908146&kc_code=cgsh&condition= HTTP/1.1" 200 994
58.39.109.113 - - [29/Feb/2024:09:54:16 +0800] "GET /xingrg/all/function/internal_message.html?_=1709171658011&CODE_STATE=getMsg HTTP/1.1" 200 27
114.89.91.180 - - [29/Feb/2024:09:54:17 +0800] "GET /xingrg/all/function/internal_message.html?_=1709171660400&CODE_STATE=getMsg HTTP/1.1" 200 27
116.230.123.222 - - [29/Feb/2024:09:54:17 +0800] "GET /xingrg/all/function/internal_message.html?_=1709171656056&CODE_STATE=getMsg HTTP/1.1" 200 27
222.69.133.0 - - [29/Feb/2024:09:54:19 +0800] "GET /xingrg/kc/buy/cgsh_order_operate.html?command=get_materiel&rest_code=00154&code=00101008286&supplier_code=00100417&order_time=2024-02-29 HTTP/1.1" 200 408
124.78.67.200 - - [29/Feb/2024:09:54:21 +0800] "GET /xingrg/all/function/internal_message.html?_=1709171661510&CODE_STATE=getMsg HTTP/1.1" 200 27
116.228.172.94 - - [29/Feb/2024:09:54:23 +0800] "GET /xingrg/check_reg.html?_=1709171389922 HTTP/1.1" 200 22
116.228.172.94 - - [29/Feb/2024:09:54:23 +0800] "GET /xingrg/all/function/internal_message.html?_=1709171389925&CODE_STATE=getMsg HTTP/1.1" 200 27
101.83.240.223 - - [29/Feb/2024:09:54:24 +0800] "GET /xingrg/all/function/internal_message.html?_=1709171662145&CODE_STATE=getMsg HTTP/1.1" 200 27
116.230.112.23 - - [29/Feb/2024:09:54:24 +0800] "GET /xingrg/all/function/internal_message.html?_=1709171678279&CODE_STATE=getMsg HTTP/1.1" 200 27
221.239.172.101 - - [29/Feb/2024:09:54:29 +0800] "GET /xingrg/all/function/internal_message.html?_=1709171668443&CODE_STATE=getMsg HTTP/1.1" 200 27
222.69.133.0 - - [29/Feb/2024:09:54:32 +0800] "GET /xingrg/kc/buy/cgsh_order_operate.html?command=get_materiel&rest_code=00154&code=00101008361&supplier_code=00100417&order_time=2024-02-29 HTTP/1.1" 200 408
222.69.133.0 - - [29/Feb/2024:09:54:36 +0800] "GET /xingrg/all/function/internal_message.html?_=1709171677816&CODE_STATE=getMsg HTTP/1.1" 200 27
116.232.194.112 - - [29/Feb/2024:09:54:37 +0800] "GET /xingrg/all/function/internal_message.html?_=1709171663276&CODE_STATE=getMsg HTTP/1.1" 200 27
101.83.145.37 - - [29/Feb/2024:09:54:38 +0800] "GET /xingrg/check_reg.html?_=1709171679863 HTTP/1.1" 200 22
101.83.145.37 - - [29/Feb/2024:09:54:38 +0800] "GET /xingrg/all/function/internal_message.html?_=1709171679866&CODE_STATE=getMsg HTTP/1.1" 200 27
221.239.172.101 - - [29/Feb/2024:09:54:42 +0800] "GET /xingrg/check_reg.html?_=1709171681658 HTTP/1.1" 200 22
222.69.133.0 - - [29/Feb/2024:09:54:43 +0800] "GET /xingrg/kc/buy/cgsh_order_operate.html?command=get_materiel&rest_code=00154&code=00101008087&supplier_code=00100417&order_time=2024-02-29 HTTP/1.1" 200 412
58.40.7.146 - - [29/Feb/2024:09:54:48 +0800] "GET /xingrg/all/function/internal_message.html?_=1709171688001&CODE_STATE=getMsg HTTP/1.1" 200 27
116.232.194.112 - - [29/Feb/2024:09:54:48 +0800] "GET /xingrg/kc/report/report_main.html HTTP/1.1" 200 7340
116.224.254.208 - - [29/Feb/2024:09:54:48 +0800] "GET /xingrg/all/function/internal_message.html?_=1709171688579&CODE_STATE=getMsg HTTP/1.1" 200 27
116.232.194.112 - - [29/Feb/2024:09:54:52 +0800] "POST /xingrg/load_menu.html HTTP/1.1" 200 9695
222.69.133.0 - - [29/Feb/2024:09:54:53 +0800] "GET /xingrg/kc/buy/cgsh_order_operate.html?command=get_materiel&rest_code=00154&code=00101008092&supplier_code=00100417&order_time=2024-02-29 HTTP/1.1" 200 412
116.232.194.112 - - [29/Feb/2024:09:54:53 +0800] "GET /xingrg/all/report/report_query.html?fileName=dma/new_5.0/menu/menu_category_hz.xml HTTP/1.1" 200 53064
116.232.194.112 - - [29/Feb/2024:09:54:53 +0800] "GET /xingrg/dwr/interface/AjaxReportQueryService.js HTTP/1.1" 200 13203
116.232.194.112 - - [29/Feb/2024:09:54:53 +0800] "GET /xingrg/dwr/engine.js HTTP/1.1" 200 43631
116.232.194.112 - - [29/Feb/2024:09:54:53 +0800] "POST /xingrg/dwr/call/plaincall/AjaxReportQueryService.getFixDate.dwr HTTP/1.1" 200 111
116.232.194.112 - - [29/Feb/2024:09:54:53 +0800] "POST /xingrg/all/common/load_tree.html?tree=area_station_tree_json&manage=1 HTTP/1.1" 200 3393
218.81.65.124 - - [29/Feb/2024:09:54:54 +0800] "GET /xingrg/all/function/internal_message.html?_=1709171699936&CODE_STATE=getMsg HTTP/1.1" 200 27
116.232.194.112 - - [29/Feb/2024:09:54:55 +0800] "GET /xingrg/all/report/report_query.html?fileName=dma/new_5.0/menu/menu_stca_hz.xml HTTP/1.1" 200 51418
116.232.194.112 - - [29/Feb/2024:09:54:55 +0800] "GET /xingrg/dwr/interface/AjaxReportQueryService.js HTTP/1.1" 200 13203
116.232.194.112 - - [29/Feb/2024:09:54:55 +0800] "GET /xingrg/dwr/engine.js HTTP/1.1" 200 43631
180.164.1.25 - - [29/Feb/2024:09:54:55 +0800] "GET /xingrg/all/function/internal_message.html?_=1709171694660&CODE_STATE=getMsg HTTP/1.1" 200 27
116.232.194.112 - - [29/Feb/2024:09:54:55 +0800] "POST /xingrg/dwr/call/plaincall/AjaxReportQueryService.getFixDate.dwr HTTP/1.1" 200 111
116.232.194.112 - - [29/Feb/2024:09:54:55 +0800] "POST /xingrg/all/common/load_tree.html?tree=area_station_tree_json&manage=1 HTTP/1.1" 200 3393
116.232.194.112 - - [29/Feb/2024:09:54:57 +0800] "POST /xingrg/dwr/call/plaincall/AjaxReportQueryService.getFixDate.dwr HTTP/1.1" 200 111
116.232.194.112 - - [29/Feb/2024:09:55:01 +0800] "POST /xingrg/dwr/call/plaincall/AjaxReportQueryService.refreshCache.dwr HTTP/1.1" 200 78
116.232.194.112 - - [29/Feb/2024:09:55:02 +0800] "POST /xingrg/all/report/load_report_page.html HTTP/1.1" 200 56456
116.232.194.112 - - [29/Feb/2024:09:55:02 +0800] "GET /xingrg/servlets/image?cache=0.9443462063226313&image=px HTTP/1.1" 200 807
116.232.194.112 - - [29/Feb/2024:09:55:04 +0800] "GET /xingrg/all/report/report_query.html?isQuery=1&fileName=dma/new_5.0/menu/menu_hz.xml&queryString=(a.sale_day%2520between%252020240201%2520and%252020240229)%2520and%2520(a.sid%2520in%2520(18))%2520and%2520(a.tj_code%253D14)&queryText=%25E3%2580%2590%25E8%2590%25A5%25E4%25B8%259A%25E6%2597%25A5%25E6%259C%259F%253A2024-02-01%2520%25E8%2587%25B3%25202024-02-29%25E3%2580%2591%2520%25E5%25B9%25B6%25E4%25B8%2594%2520%2520%25E3%2580%2590%25E9%2597%25A8%25E5%25BA%2597%25E5%2590%258D%25E7%25A7%25B0%2520%253D%2520%25E6%25A6%2595%25E6%25B8%25AF%25E5%2590%258D%25E8%25BD%25A9%25E8%25BF%259C%25E6%25B4%258B%25E5%25BA%2597%25E3%2580%2591%2520%25E5%25B9%25B6%25E4%25B8%2594%2520%25E3%2580%2590%25E7%25BB%259F%25E8%25AE%25A1%25E7%25B1%25BB%25E5%2588%25AB%2520%253D%2520%25E7%25A4%25BC%25E7%259B%2592%25E3%2580%2591 HTTP/1.1" 200 54116
116.232.194.112 - - [29/Feb/2024:09:55:04 +0800] "GET /xingrg/dwr/engine.js HTTP/1.1" 200 43631
116.230.112.23 - - [29/Feb/2024:09:55:04 +0800] "POST /xingrg/services/DataTransmitService HTTP/1.1" 200 524
116.232.194.112 - - [29/Feb/2024:09:55:04 +0800] "GET /favicon.ico HTTP/1.1" 404 -
180.164.1.25 - - [29/Feb/2024:09:55:04 +0800] "POST /xingrg/services/DataTransmitService HTTP/1.1" 200 524
116.232.194.112 - - [29/Feb/2024:09:55:05 +0800] "POST /xingrg/all/report/load_report_page.html HTTP/1.1" 200 705
116.230.112.23 - - [29/Feb/2024:09:55:05 +0800] "POST /xingrg/services/DataTransmitService HTTP/1.1" 200 2331
116.238.97.31 - - [29/Feb/2024:09:55:06 +0800] "GET /xingrg/all/function/internal_message.html?_=1709171705725&CODE_STATE=getMsg HTTP/1.1" 200 27
116.230.112.23 - - [29/Feb/2024:09:55:06 +0800] "POST /xingrg/services/DataTransmitService HTTP/1.1" 200 188456
116.232.194.112 - - [29/Feb/2024:09:55:09 +0800] "GET /xingrg/all/report/report_query.html?isQuery=1&fileName=dma/new_5.0/menu/menu_hz.xml&queryString=(a.sale_day%2520between%252020240201%2520and%252020240229)%2520and%2520(a.sid%2520in%2520(18))%2520and%2520(a.tj_code%253D14)&queryText=%25E3%2580%2590%25E8%2590%25A5%25E4%25B8%259A%25E6%2597%25A5%25E6%259C%259F%253A2024-02-01%2520%25E8%2587%25B3%25202024-02-29%25E3%2580%2591%2520%25E5%25B9%25B6%25E4%25B8%2594%2520%2520%25E3%2580%2590%25E9%2597%25A8%25E5%25BA%2597%25E5%2590%258D%25E7%25A7%25B0%2520%253D%2520%25E6%25A6%2595%25E6%25B8%25AF%25E5%2590%258D%25E8%25BD%25A9%25E8%25BF%259C%25E6%25B4%258B%25E5%25BA%2597%25E3%2580%2591%2520%25E5%25B9%25B6%25E4%25B8%2594%2520%25E3%2580%2590%25E7%25BB%259F%25E8%25AE%25A1%25E7%25B1%25BB%25E5%2588%25AB%2520%253D%2520%25E7%25A4%25BC%25E7%259B%2592%25E3%2580%2591 HTTP/1.1" 200 54116
116.232.194.112 - - [29/Feb/2024:09:55:09 +0800] "GET /xingrg/dwr/engine.js HTTP/1.1" 200 43631
116.232.194.112 - - [29/Feb/2024:09:55:09 +0800] "GET /favicon.ico HTTP/1.1" 404 -
116.224.254.208 - - [29/Feb/2024:09:55:10 +0800] "GET /xingrg/all/function/internal_message.html?_=1709171710262&CODE_STATE=getMsg HTTP/1.1" 200 27
116.232.194.112 - - [29/Feb/2024:09:55:10 +0800] "POST /xingrg/all/report/load_report_page.html HTTP/1.1" 200 59448
116.232.194.112 - - [29/Feb/2024:09:55:10 +0800] "GET /xingrg/servlets/image?cache=0.9936394448403447&image=px HTTP/1.1" 200 807
218.81.65.124 - - [29/Feb/2024:09:55:12 +0800] "GET /xingrg/all/function/internal_message.html?_=1709171712421&CODE_STATE=getMsg HTTP/1.1" 200 27
120.253.135.82 - - [29/Feb/2024:09:55:13 +0800] "GET /xingrg/all/function/internal_message.html?_=1709171548353&CODE_STATE=getMsg HTTP/1.1" 200 27
116.232.194.112 - - [29/Feb/2024:09:55:14 +0800] "GET /xingrg/all/function/internal_message.html?_=1709171713523&CODE_STATE=getMsg HTTP/1.1" 200 27
58.39.109.113 - - [29/Feb/2024:09:55:16 +0800] "GET /xingrg/all/function/internal_message.html?_=1709171717993&CODE_STATE=getMsg HTTP/1.1" 200 27
114.89.91.180 - - [29/Feb/2024:09:55:17 +0800] "GET /xingrg/all/function/internal_message.html?_=1709171720402&CODE_STATE=getMsg HTTP/1.1" 200 27
116.230.123.222 - - [29/Feb/2024:09:55:17 +0800] "GET /xingrg/all/function/internal_message.html?_=1709171716063&CODE_STATE=getMsg HTTP/1.1" 200 27
124.78.67.200 - - [29/Feb/2024:09:55:19 +0800] "GET /xingrg/check_reg.html?_=1709171719921 HTTP/1.1" 200 22
116.230.112.23 - - [29/Feb/2024:09:55:20 +0800] "POST /xingrg/services/DataTransmitService HTTP/1.1" 200 524
124.78.67.200 - - [29/Feb/2024:09:55:21 +0800] "GET /xingrg/all/function/internal_message.html?_=1709171721500&CODE_STATE=getMsg HTTP/1.1" 200 27
116.230.112.23 - - [29/Feb/2024:09:55:22 +0800] "POST /xingrg/services/DataTransmitService HTTP/1.1" 200 497
101.83.240.223 - - [29/Feb/2024:09:55:22 +0800] "GET /xingrg/check_reg.html?_=1709171720747 HTTP/1.1" 200 22
116.228.172.94 - - [29/Feb/2024:09:55:23 +0800] "GET /xingrg/all/function/internal_message.html?_=1709171449913&CODE_STATE=getMsg HTTP/1.1" 200 27
101.83.240.223 - - [29/Feb/2024:09:55:24 +0800] "GET /xingrg/all/function/internal_message.html?_=1709171722138&CODE_STATE=getMsg HTTP/1.1" 200 27
116.230.112.23 - - [29/Feb/2024:09:55:24 +0800] "GET /xingrg/check_reg.html?_=1709171737880 HTTP/1.1" 200 22
116.230.112.23 - - [29/Feb/2024:09:55:24 +0800] "GET /xingrg/all/function/internal_message.html?_=1709171738293&CODE_STATE=getMsg HTTP/1.1" 200 27
221.239.172.101 - - [29/Feb/2024:09:55:29 +0800] "GET /xingrg/all/function/internal_message.html?_=1709171728415&CODE_STATE=getMsg HTTP/1.1" 200 27
222.69.133.0 - - [29/Feb/2024:09:55:36 +0800] "GET /xingrg/all/function/internal_message.html?_=1709171737802&CODE_STATE=getMsg HTTP/1.1" 200 27
116.232.194.112 - - [29/Feb/2024:09:55:37 +0800] "GET /xingrg/all/function/internal_message.html?_=1709171723253&CODE_STATE=getMsg HTTP/1.1" 200 27
101.83.145.37 - - [29/Feb/2024:09:55:38 +0800] "GET /xingrg/all/function/internal_message.html?_=1709171739852&CODE_STATE=getMsg HTTP/1.1" 200 27
116.230.112.23 - - [29/Feb/2024:09:55:39 +0800] "POST /xingrg/services/DataTransmitService HTTP/1.1" 200 524
58.40.7.146 - - [29/Feb/2024:09:55:48 +0800] "GET /xingrg/all/function/internal_message.html?_=1709171748045&CODE_STATE=getMsg HTTP/1.1" 200 27
116.224.254.208 - - [29/Feb/2024:09:55:48 +0800] "GET /xingrg/all/function/internal_message.html?_=1709171748594&CODE_STATE=getMsg HTTP/1.1" 200 27
222.69.133.0 - - [29/Feb/2024:09:55:51 +0800] "GET /xingrg/kc/buy/cgsh_order_operate.html?command=get_materiel&rest_code=00154&code=00101008351&supplier_code=00100417&order_time=2024-02-29 HTTP/1.1" 200 408
218.81.65.124 - - [29/Feb/2024:09:55:54 +0800] "GET /xingrg/all/function/internal_message.html?_=1709171759935&CODE_STATE=getMsg HTTP/1.1" 200 27
180.164.1.25 - - [29/Feb/2024:09:55:55 +0800] "GET /xingrg/all/function/internal_message.html?_=1709171754651&CODE_STATE=getMsg HTTP/1.1" 200 27
222.69.133.0 - - [29/Feb/2024:09:56:02 +0800] "GET /xingrg/kc/buy/cgsh_order_operate.html?command=get_materiel&rest_code=00154&code=00101008268&supplier_code=00100417&order_time=2024-02-29 HTTP/1.1" 200 408
116.238.97.31 - - [29/Feb/2024:09:56:06 +0800] "GET /xingrg/all/function/internal_message.html?_=1709171765732&CODE_STATE=getMsg HTTP/1.1" 200 27
116.224.254.208 - - [29/Feb/2024:09:56:10 +0800] "GET /xingrg/all/function/internal_message.html?_=1709171770250&CODE_STATE=getMsg HTTP/1.1" 200 27
218.81.65.124 - - [29/Feb/2024:09:56:12 +0800] "GET /xingrg/all/function/internal_message.html?_=1709171772414&CODE_STATE=getMsg HTTP/1.1" 200 27
120.253.135.82 - - [29/Feb/2024:09:56:13 +0800] "GET /xingrg/all/function/internal_message.html?_=1709171608371&CODE_STATE=getMsg HTTP/1.1" 200 27
222.69.133.0 - - [29/Feb/2024:09:56:13 +0800] "GET /xingrg/kc/buy/cgsh_order_operate.html?command=get_materiel&rest_code=00154&code=00101012070&supplier_code=00100417&order_time=2024-02-29 HTTP/1.1" 200 431
116.232.194.112 - - [29/Feb/2024:09:56:14 +0800] "GET /xingrg/all/function/internal_message.html?_=1709171773516&CODE_STATE=getMsg HTTP/1.1" 200 27
58.39.109.113 - - [29/Feb/2024:09:56:16 +0800] "GET /xingrg/all/function/internal_message.html?_=1709171777964&CODE_STATE=getMsg HTTP/1.1" 200 27
114.89.91.180 - - [29/Feb/2024:09:56:17 +0800] "GET /xingrg/check_reg.html?_=1709171780398 HTTP/1.1" 200 22
114.89.91.180 - - [29/Feb/2024:09:56:17 +0800] "GET /xingrg/all/function/internal_message.html?_=1709171780403&CODE_STATE=getMsg HTTP/1.1" 200 27
116.230.123.222 - - [29/Feb/2024:09:56:17 +0800] "GET /xingrg/check_reg.html?_=1709171776063 HTTP/1.1" 200 22
116.230.123.222 - - [29/Feb/2024:09:56:17 +0800] "GET /xingrg/all/function/internal_message.html?_=1709171776066&CODE_STATE=getMsg HTTP/1.1" 200 27
124.78.67.200 - - [29/Feb/2024:09:56:21 +0800] "GET /xingrg/all/function/internal_message.html?_=1709171781478&CODE_STATE=getMsg HTTP/1.1" 200 27
116.228.172.94 - - [29/Feb/2024:09:56:23 +0800] "GET /xingrg/all/function/internal_message.html?_=1709171509922&CODE_STATE=getMsg HTTP/1.1" 200 27
101.83.240.223 - - [29/Feb/2024:09:56:23 +0800] "GET /xingrg/all/function/internal_message.html?_=1709171782109&CODE_STATE=getMsg HTTP/1.1" 200 27
116.230.112.23 - - [29/Feb/2024:09:56:24 +0800] "GET /xingrg/all/function/internal_message.html?_=1709171798307&CODE_STATE=getMsg HTTP/1.1" 200 27
116.230.112.23 - - [29/Feb/2024:09:56:27 +0800] "POST /xingrg/services/DataTransmitService HTTP/1.1" 200 501
222.69.133.0 - - [29/Feb/2024:09:56:28 +0800] "GET /xingrg/kc/buy/cgsh_order_operate.html?command=get_materiel&rest_code=00154&code=00101008005&supplier_code=00100417&order_time=2024-02-29 HTTP/1.1" 200 433
221.239.172.101 - - [29/Feb/2024:09:56:29 +0800] "GET /xingrg/all/function/internal_message.html?_=1709171788391&CODE_STATE=getMsg HTTP/1.1" 200 27
116.232.194.112 - - [29/Feb/2024:09:56:36 +0800] "GET /xingrg/check_reg.html?_=1709171783115 HTTP/1.1" 200 22
222.69.133.0 - - [29/Feb/2024:09:56:36 +0800] "GET /xingrg/all/function/internal_message.html?_=1709171797780&CODE_STATE=getMsg HTTP/1.1" 200 27
116.232.194.112 - - [29/Feb/2024:09:56:37 +0800] "GET /xingrg/all/function/internal_message.html?_=1709171783241&CODE_STATE=getMsg HTTP/1.1" 200 27
101.83.145.37 - - [29/Feb/2024:09:56:38 +0800] "GET /xingrg/all/function/internal_message.html?_=1709171799854&CODE_STATE=getMsg HTTP/1.1" 200 27
58.40.7.146 - - [29/Feb/2024:09:56:44 +0800] "GET /xingrg/check_reg.html?_=1709171804536 HTTP/1.1" 200 22
58.40.7.146 - - [29/Feb/2024:09:56:48 +0800] "GET /xingrg/all/function/internal_message.html?_=1709171808162&CODE_STATE=getMsg HTTP/1.1" 200 27
116.224.254.208 - - [29/Feb/2024:09:56:48 +0800] "GET /xingrg/all/function/internal_message.html?_=1709171808593&CODE_STATE=getMsg HTTP/1.1" 200 27
222.69.133.0 - - [29/Feb/2024:09:56:53 +0800] "GET /xingrg/kc/buy/cgsh_order_operate.html?command=get_materiel&rest_code=00154&code=00101012059&supplier_code=00100417&order_time=2024-02-29 HTTP/1.1" 200 413
218.81.65.124 - - [29/Feb/2024:09:56:54 +0800] "GET /xingrg/all/function/internal_message.html?_=1709171819933&CODE_STATE=getMsg HTTP/1.1" 200 27
180.164.1.25 - - [29/Feb/2024:09:56:55 +0800] "GET /xingrg/all/function/internal_message.html?_=1709171814652&CODE_STATE=getMsg HTTP/1.1" 200 27
116.238.97.31 - - [29/Feb/2024:09:57:06 +0800] "GET /xingrg/all/function/internal_message.html?_=1709171825724&CODE_STATE=getMsg HTTP/1.1" 200 27
116.224.254.208 - - [29/Feb/2024:09:57:09 +0800] "GET /xingrg/check_reg.html?_=1709171829725 HTTP/1.1" 200 22
116.224.254.208 - - [29/Feb/2024:09:57:10 +0800] "GET /xingrg/all/function/internal_message.html?_=1709171830238&CODE_STATE=getMsg HTTP/1.1" 200 27
218.81.65.124 - - [29/Feb/2024:09:57:12 +0800] "GET /xingrg/all/function/internal_message.html?_=1709171832410&CODE_STATE=getMsg HTTP/1.1" 200 27
120.253.135.82 - - [29/Feb/2024:09:57:13 +0800] "GET /xingrg/all/function/internal_message.html?_=1709171668380&CODE_STATE=getMsg HTTP/1.1" 200 27
222.69.133.0 - - [29/Feb/2024:09:57:14 +0800] "GET /xingrg/kc/buy/cgsh_order_operate.html?command=get_materiel&rest_code=00154&code=00101008108&supplier_code=00100417&order_time=2024-02-29 HTTP/1.1" 200 412
116.232.194.112 - - [29/Feb/2024:09:57:14 +0800] "GET /xingrg/all/function/internal_message.html?_=1709171833518&CODE_STATE=getMsg HTTP/1.1" 200 27
116.230.112.23 - - [29/Feb/2024:09:57:16 +0800] "POST /xingrg/services/DataTransmitService HTTP/1.1" 200 524
58.39.109.113 - - [29/Feb/2024:09:57:16 +0800] "GET /xingrg/all/function/internal_message.html?_=1709171837946&CODE_STATE=getMsg HTTP/1.1" 200 27
114.89.91.180 - - [29/Feb/2024:09:57:17 +0800] "GET /xingrg/all/function/internal_message.html?_=1709171840403&CODE_STATE=getMsg HTTP/1.1" 200 27
116.230.123.222 - - [29/Feb/2024:09:57:17 +0800] "GET /xingrg/all/function/internal_message.html?_=1709171836052&CODE_STATE=getMsg HTTP/1.1" 200 27
116.230.112.23 - - [29/Feb/2024:09:57:17 +0800] "POST /xingrg/services/DataTransmitService HTTP/1.1" 200 2331
116.230.112.23 - - [29/Feb/2024:09:57:20 +0800] "POST /xingrg/services/DataTransmitService HTTP/1.1" 200 524
124.78.67.200 - - [29/Feb/2024:09:57:21 +0800] "GET /xingrg/all/function/internal_message.html?_=1709171841455&CODE_STATE=getMsg HTTP/1.1" 200 27
116.230.112.23 - - [29/Feb/2024:09:57:21 +0800] "POST /xingrg/services/DataTransmitService HTTP/1.1" 200 2331
116.228.172.94 - - [29/Feb/2024:09:57:23 +0800] "GET /xingrg/all/function/internal_message.html?_=1709171569914&CODE_STATE=getMsg HTTP/1.1" 200 27
116.230.112.23 - - [29/Feb/2024:09:57:23 +0800] "POST /xingrg/services/DataTransmitService HTTP/1.1" 200 524
101.83.240.223 - - [29/Feb/2024:09:57:23 +0800] "GET /xingrg/all/function/internal_message.html?_=1709171842094&CODE_STATE=getMsg HTTP/1.1" 200 27
116.230.112.23 - - [29/Feb/2024:09:57:24 +0800] "GET /xingrg/all/function/internal_message.html?_=1709171858321&CODE_STATE=getMsg HTTP/1.1" 200 27
222.69.133.0 - - [29/Feb/2024:09:57:25 +0800] "GET /xingrg/kc/buy/cgsh_order_operate.html?command=get_materiel&rest_code=00154&code=00101008199&supplier_code=00100417&order_time=2024-02-29 HTTP/1.1" 200 427
221.239.172.101 - - [29/Feb/2024:09:57:29 +0800] "GET /xingrg/all/function/internal_message.html?_=1709171848374&CODE_STATE=getMsg HTTP/1.1" 200 27
222.69.133.0 - - [29/Feb/2024:09:57:36 +0800] "GET /xingrg/all/function/internal_message.html?_=1709171857765&CODE_STATE=getMsg HTTP/1.1" 200 27
116.232.194.112 - - [29/Feb/2024:09:57:37 +0800] "GET /xingrg/all/function/internal_message.html?_=1709171843217&CODE_STATE=getMsg HTTP/1.1" 200 27
101.83.145.37 - - [29/Feb/2024:09:57:38 +0800] "GET /xingrg/all/function/internal_message.html?_=1709171859854&CODE_STATE=getMsg HTTP/1.1" 200 27
58.40.7.146 - - [29/Feb/2024:09:57:48 +0800] "GET /xingrg/all/function/internal_message.html?_=1709171868206&CODE_STATE=getMsg HTTP/1.1" 200 27
116.224.254.208 - - [29/Feb/2024:09:57:48 +0800] "GET /xingrg/all/function/internal_message.html?_=1709171868595&CODE_STATE=getMsg HTTP/1.1" 200 27
114.89.91.180 - - [29/Feb/2024:09:57:50 +0800] "GET /xingrg/kc/buy/cgsh_order_add.html HTTP/1.1" 200 72478
114.89.91.180 - - [29/Feb/2024:09:57:50 +0800] "GET /xingrg/words/20240229092203_words.js HTTP/1.1" 304 -
114.89.91.180 - - [29/Feb/2024:09:57:50 +0800] "POST /xingrg/kc/buy/cgsh_order_operate.html HTTP/1.1" 200 8245
114.89.91.180 - - [29/Feb/2024:09:57:50 +0800] "GET /xingrg/javascript/easyui/themes/default/validatebox.css HTTP/1.1" 404 1104
218.81.65.124 - - [29/Feb/2024:09:57:54 +0800] "GET /xingrg/all/function/internal_message.html?_=1709171879931&CODE_STATE=getMsg HTTP/1.1" 200 27
180.164.1.25 - - [29/Feb/2024:09:57:55 +0800] "GET /xingrg/all/function/internal_message.html?_=1709171874655&CODE_STATE=getMsg HTTP/1.1" 200 27
114.89.91.180 - - [29/Feb/2024:09:57:57 +0800] "GET /xingrg/javascript/auto/indicator.gif HTTP/1.1" 404 1066
116.238.97.31 - - [29/Feb/2024:09:58:06 +0800] "GET /xingrg/all/function/internal_message.html?_=1709171885727&CODE_STATE=getMsg HTTP/1.1" 200 27
116.238.97.31 - - [29/Feb/2024:09:58:06 +0800] "GET /xingrg/check_reg.html?_=1709171885729 HTTP/1.1" 200 22
116.224.254.208 - - [29/Feb/2024:09:58:10 +0800] "GET /xingrg/all/function/internal_message.html?_=1709171890217&CODE_STATE=getMsg HTTP/1.1" 200 27
114.89.91.180 - - [29/Feb/2024:09:58:10 +0800] "GET /xingrg/javascript/jquery_tools/images/prev.gif HTTP/1.1" 404 1086
114.89.91.180 - - [29/Feb/2024:09:58:10 +0800] "GET /xingrg/javascript/jquery_tools/images/next.gif HTTP/1.1" 404 1086
218.81.65.124 - - [29/Feb/2024:09:58:12 +0800] "GET /xingrg/all/function/internal_message.html?_=1709171892404&CODE_STATE=getMsg HTTP/1.1" 200 27
120.253.135.82 - - [29/Feb/2024:09:58:13 +0800] "GET /xingrg/check_reg.html?_=1709171728332 HTTP/1.1" 200 22
120.253.135.82 - - [29/Feb/2024:09:58:13 +0800] "GET /xingrg/all/function/internal_message.html?_=1709171728393&CODE_STATE=getMsg HTTP/1.1" 200 27
116.232.194.112 - - [29/Feb/2024:09:58:14 +0800] "GET /xingrg/check_reg.html?_=1709171893510 HTTP/1.1" 200 22
116.232.194.112 - - [29/Feb/2024:09:58:14 +0800] "GET /xingrg/all/function/internal_message.html?_=1709171893511&CODE_STATE=getMsg HTTP/1.1" 200 27
222.70.115.1 - - [29/Feb/2024:09:58:16 +0800] "POST /xingrg/services/DataTransmitService HTTP/1.1" 200 524
116.230.112.23 - - [29/Feb/2024:09:58:16 +0800] "POST /xingrg/services/DataTransmitService HTTP/1.1" 200 501
116.230.112.23 - - [29/Feb/2024:09:58:16 +0800] "POST /xingrg/services/DataTransmitService HTTP/1.1" 200 524
58.39.109.113 - - [29/Feb/2024:09:58:16 +0800] "GET /xingrg/all/function/internal_message.html?_=1709171897928&CODE_STATE=getMsg HTTP/1.1" 200 27
116.232.194.112 - - [29/Feb/2024:09:58:17 +0800] "GET /xingrg/kc/base/crk_hz.html HTTP/1.1" 200 11247
58.39.109.113 - - [29/Feb/2024:09:58:17 +0800] "GET /xingrg/check_reg.html?_=1709171898607 HTTP/1.1" 200 22
116.232.194.112 - - [29/Feb/2024:09:58:17 +0800] "POST /xingrg/kc/cost/cost_operate.html?command=get_base_tree HTTP/1.1" 200 2725
116.232.194.112 - - [29/Feb/2024:09:58:17 +0800] "POST /xingrg/all/common/load_tree.html?tree=materiel_sort_tree_json HTTP/1.1" 200 9734
114.89.91.180 - - [29/Feb/2024:09:58:17 +0800] "GET /xingrg/all/function/internal_message.html?_=1709171900396&CODE_STATE=getMsg HTTP/1.1" 200 27
116.230.123.222 - - [29/Feb/2024:09:58:17 +0800] "GET /xingrg/all/function/internal_message.html?_=1709171896053&CODE_STATE=getMsg HTTP/1.1" 200 27
116.230.112.23 - - [29/Feb/2024:09:58:18 +0800] "POST /xingrg/services/DataTransmitService HTTP/1.1" 200 2331
124.78.67.200 - - [29/Feb/2024:09:58:21 +0800] "GET /xingrg/all/function/internal_message.html?_=1709171901437&CODE_STATE=getMsg HTTP/1.1" 200 27
114.89.91.180 - - [29/Feb/2024:09:58:22 +0800] "GET /xingrg/kc/buy/cgsh_order_operate.html?command=get_materiel&rest_code=00158&code=00101006007&supplier_code=00100661&order_time=2024-02-24 HTTP/1.1" 200 419
116.228.172.94 - - [29/Feb/2024:09:58:23 +0800] "GET /xingrg/all/function/internal_message.html?_=1709171629913&CODE_STATE=getMsg HTTP/1.1" 200 27
101.83.240.223 - - [29/Feb/2024:09:58:23 +0800] "GET /xingrg/all/function/internal_message.html?_=1709171902077&CODE_STATE=getMsg HTTP/1.1" 200 27
116.230.112.23 - - [29/Feb/2024:09:58:24 +0800] "GET /xingrg/all/function/internal_message.html?_=1709171918486&CODE_STATE=getMsg HTTP/1.1" 200 27
116.232.194.112 - - [29/Feb/2024:09:58:27 +0800] "GET /xingrg/kc/base/crk_hz.html?_=1709171906853&command=get_cost_id&end_date=2024-02-29&start_date=2024-02-01 HTTP/1.1" 200 51
116.232.194.112 - - [29/Feb/2024:09:58:27 +0800] "GET /xingrg/all/report/report_query.html?isQuery=1&onlyBody=1&rh=99999&rw=1800&varString=start:20240201,cost_id:4901,mid:20240201&fileName=kc/base/crk_hz_type_by_base.xml&queryString=%20a.base_code%20in%20('0010770')%20&queryText=ÈÕÆÚ£º2024-02-01ÖÁ2024-02-29%20²Ö¿â£ºÀñºÐ¿â&tableQueryString=materiel_table$sp1$$sp$before_table$sp1$$sp$crk_table$sp1$order_day%20between%2020240201%20and%2020240229 HTTP/1.1" 200 49400
116.232.194.112 - - [29/Feb/2024:09:58:27 +0800] "GET /xingrg/dwr/interface/AjaxReportQueryService.js HTTP/1.1" 200 13203
116.232.194.112 - - [29/Feb/2024:09:58:27 +0800] "GET /xingrg/dwr/engine.js HTTP/1.1" 200 43631
221.239.172.101 - - [29/Feb/2024:09:58:29 +0800] "GET /xingrg/all/function/internal_message.html?_=1709171908360&CODE_STATE=getMsg HTTP/1.1" 200 27
116.224.254.208 - - [29/Feb/2024:09:58:30 +0800] "GET /xingrg/kc/report/report_main.html HTTP/1.1" 200 7340
116.232.194.112 - - [29/Feb/2024:09:58:30 +0800] "POST /xingrg/all/report/load_report_page.html HTTP/1.1" 200 94477
116.232.194.112 - - [29/Feb/2024:09:58:31 +0800] "GET /xingrg/servlets/image?cache=0.5313382064094774&image=px HTTP/1.1" 200 807
218.81.65.124 - - [29/Feb/2024:09:58:31 +0800] "GET /xingrg/kc/buy/cgsh_order_list.html HTTP/1.1" 200 57747
116.224.254.208 - - [29/Feb/2024:09:58:31 +0800] "GET /xingrg/kc/base/crk_hz.html HTTP/1.1" 200 11247
116.224.254.208 - - [29/Feb/2024:09:58:31 +0800] "GET /xingrg/javascript/step/step.css HTTP/1.1" 200 999
116.224.254.208 - - [29/Feb/2024:09:58:32 +0800] "GET /xingrg/javascript/jquery_easy_ui/themes/icons/search.png HTTP/1.1" 200 813
116.224.254.208 - - [29/Feb/2024:09:58:32 +0800] "GET /xingrg/javascript/jquery_easy_ui/themes/default/images/calendar_prevmonth.gif HTTP/1.1" 200 66
116.224.254.208 - - [29/Feb/2024:09:58:32 +0800] "GET /xingrg/javascript/jquery_easy_ui/themes/default/images/calendar_prevyear.gif HTTP/1.1" 200 76
116.224.254.208 - - [29/Feb/2024:09:58:32 +0800] "POST /xingrg/kc/cost/cost_operate.html?command=get_base_tree HTTP/1.1" 200 3643
116.224.254.208 - - [29/Feb/2024:09:58:32 +0800] "GET /xingrg/javascript/jquery_easy_ui/themes/default/images/calendar_nextyear.gif HTTP/1.1" 200 75
116.224.254.208 - - [29/Feb/2024:09:58:32 +0800] "GET /xingrg/javascript/jquery_easy_ui/themes/default/images/calendar_nextmonth.gif HTTP/1.1" 200 64
116.224.254.208 - - [29/Feb/2024:09:58:32 +0800] "POST /xingrg/all/common/load_tree.html?tree=materiel_sort_tree_json HTTP/1.1" 200 9734
116.224.254.208 - - [29/Feb/2024:09:58:33 +0800] "POST /xingrg/kc/buy/cgsh_list_operate.html HTTP/1.1" 200 986
218.81.65.124 - - [29/Feb/2024:09:58:33 +0800] "POST /xingrg/kc/buy/cgsh_list_operate.html HTTP/1.1" 200 986
222.69.133.0 - - [29/Feb/2024:09:58:36 +0800] "GET /xingrg/check_reg.html?_=1709171917291 HTTP/1.1" 200 22
116.224.254.208 - - [29/Feb/2024:09:58:36 +0800] "GET /xingrg/kc/base/crk_hz.html?_=1709171916752&command=get_cost_id&end_date=2024-02-29&start_date=2024-02-01 HTTP/1.1" 200 51
116.224.254.208 - - [29/Feb/2024:09:58:36 +0800] "GET /xingrg/all/report/report_query.html?isQuery=1&onlyBody=1&rh=99999&rw=1800&varString=start:20240201,cost_id:4894,mid:20240201&fileName=kc/base/crk_hz_type_by_base.xml&queryString=%20a.base_code%20in%20('0010450')%20&queryText=ÈÕÆÚ£º2024-02-01ÖÁ2024-02-29%20²Ö¿â£ºº£ÏʳØ&tableQueryString=materiel_table$sp1$$sp$before_table$sp1$$sp$crk_table$sp1$order_day%20between%2020240201%20and%2020240229 HTTP/1.1" 200 49400
116.224.254.208 - - [29/Feb/2024:09:58:36 +0800] "GET /xingrg/dwr/interface/AjaxReportQueryService.js HTTP/1.1" 200 13203
116.224.254.208 - - [29/Feb/2024:09:58:36 +0800] "GET /xingrg/dwr/engine.js HTTP/1.1" 200 43631
222.69.133.0 - - [29/Feb/2024:09:58:36 +0800] "GET /xingrg/all/function/internal_message.html?_=1709171917775&CODE_STATE=getMsg HTTP/1.1" 200 27
116.232.194.112 - - [29/Feb/2024:09:58:37 +0800] "GET /xingrg/all/function/internal_message.html?_=1709171903195&CODE_STATE=getMsg HTTP/1.1" 200 27
101.83.145.37 - - [29/Feb/2024:09:58:38 +0800] "GET /xingrg/all/function/internal_message.html?_=1709171919855&CODE_STATE=getMsg HTTP/1.1" 200 27
116.224.254.208 - - [29/Feb/2024:09:58:41 +0800] "POST /xingrg/all/report/load_report_page.html HTTP/1.1" 200 94763
116.224.254.208 - - [29/Feb/2024:09:58:41 +0800] "GET /xingrg/servlets/image?cache=0.682558670251048&image=px HTTP/1.1" 200 807
116.224.254.208 - - [29/Feb/2024:09:58:44 +0800] "GET /xingrg/all/report/report_query.html?isQuery=1&fileName=kc/base/crk_detail_by_small.xml&rh=99999&queryString=&queryText=%25E3%2580%2590%25E4%25BB%2593%25E5%25BA%2593%25E5%2590%258D%25E7%25A7%25B0%253A%25E6%25B5%25B7%25E9%25B2%259C%25E6%25B1%25A0%25E3%2580%2591%25E3%2580%2590%25E4%25B8%259A%25E5%258A%25A1%25E7%25B1%25BB%25E5%259E%258B%25EF%25BC%259A%25E9%2587%2587%25E8%25B4%25AD%25E5%2585%25A5%25E5%25BA%2593%25E3%2580%2591%2520%253F%253F%253F%253F%253F2024-02-01%253F%253F2024-02-29%2520%253F%253F%253F%253F%253F%253F%253F%253F&tableQueryString=crk_table%2524sp1%2524order_day%2520between%252020240201%2520and%252020240229%2520and%2520(base_code%253D'0010450')%2520and%2520(src_order_type%2520in%2520(21))%2520and%2520(is_rk%2520in%2520(1)) HTTP/1.1" 200 53784
116.224.254.208 - - [29/Feb/2024:09:58:44 +0800] "GET /xingrg/dwr/interface/AjaxReportQueryService.js HTTP/1.1" 200 13203
116.224.254.208 - - [29/Feb/2024:09:58:44 +0800] "GET /xingrg/dwr/engine.js HTTP/1.1" 200 43631
116.232.194.112 - - [29/Feb/2024:09:58:45 +0800] "GET /xingrg/all/report/report_query.html?fileName=dma/new_5.0/yingye/tc_mx_50.xml HTTP/1.1" 200 52377
116.232.194.112 - - [29/Feb/2024:09:58:45 +0800] "GET /xingrg/dwr/interface/AjaxReportQueryService.js HTTP/1.1" 200 13203
116.232.194.112 - - [29/Feb/2024:09:58:45 +0800] "GET /xingrg/dwr/engine.js HTTP/1.1" 200 43631
116.224.254.208 - - [29/Feb/2024:09:58:45 +0800] "POST /xingrg/all/report/load_report_page.html HTTP/1.1" 200 30274
116.232.194.112 - - [29/Feb/2024:09:58:45 +0800] "POST /xingrg/dwr/call/plaincall/AjaxReportQueryService.getFixDate.dwr HTTP/1.1" 200 111
116.224.254.208 - - [29/Feb/2024:09:58:45 +0800] "GET /xingrg/servlets/image?cache=0.01693995488651312&image=px HTTP/1.1" 200 807
116.232.194.112 - - [29/Feb/2024:09:58:45 +0800] "POST /xingrg/dwr/call/plaincall/AjaxReportQueryService.getInitString.dwr HTTP/1.1" 200 76
116.232.194.112 - - [29/Feb/2024:09:58:45 +0800] "POST /xingrg/all/common/load_tree.html?tree=area_station_tree_json&manage=1 HTTP/1.1" 200 3393
116.232.194.112 - - [29/Feb/2024:09:58:47 +0800] "POST /xingrg/dwr/call/plaincall/AjaxReportQueryService.getFixDate.dwr HTTP/1.1" 200 111
116.224.254.208 - - [29/Feb/2024:09:58:47 +0800] "POST /xingrg/all/report/load_report_page.html HTTP/1.1" 200 242636
116.224.254.208 - - [29/Feb/2024:09:58:47 +0800] "GET /xingrg/servlets/image?cache=0.9585565109342858&image=px HTTP/1.1" 200 807
58.40.7.146 - - [29/Feb/2024:09:58:48 +0800] "GET /xingrg/all/function/internal_message.html?_=1709171928255&CODE_STATE=getMsg HTTP/1.1" 200 27
116.224.254.208 - - [29/Feb/2024:09:58:48 +0800] "GET /xingrg/all/function/internal_message.html?_=1709171928588&CODE_STATE=getMsg HTTP/1.1" 200 27
116.224.254.208 - - [29/Feb/2024:09:58:48 +0800] "GET /xingrg/check_reg.html?_=1709171928593 HTTP/1.1" 200 22
116.232.194.112 - - [29/Feb/2024:09:58:49 +0800] "POST /xingrg/dwr/call/plaincall/AjaxReportQueryService.getFixDate.dwr HTTP/1.1" 200 111
116.232.194.112 - - [29/Feb/2024:09:58:52 +0800] "POST /xingrg/dwr/call/plaincall/AjaxReportQueryService.queryInitializeString.dwr HTTP/1.1" 200 991
116.232.194.112 - - [29/Feb/2024:09:58:53 +0800] "POST /xingrg/dwr/call/plaincall/AjaxReportQueryService.refreshCache.dwr HTTP/1.1" 200 78
116.224.254.208 - - [29/Feb/2024:09:58:54 +0800] "POST /xingrg/all/report/report_print.html HTTP/1.1" 302 -
116.232.194.112 - - [29/Feb/2024:09:58:54 +0800] "POST /xingrg/all/report/load_report_page.html HTTP/1.1" 200 146075
116.224.254.208 - - [29/Feb/2024:09:58:54 +0800] "GET /xingrg/servlets/image?image=px HTTP/1.1" 200 807
116.232.194.112 - - [29/Feb/2024:09:58:54 +0800] "GET /xingrg/servlets/image?cache=0.07030936654137376&image=px HTTP/1.1" 200 807
116.224.254.208 - - [29/Feb/2024:09:58:54 +0800] "GET /favicon.ico HTTP/1.1" 404 -
116.224.254.208 - - [29/Feb/2024:09:58:54 +0800] "GET /xingrg/servlets/html?sysBaseUrl=http%3A%2F%2F180.169.147.146%3A18081%2Fxingrg%2F&costTime=431×tamp=1709171934367 HTTP/1.1" 200 234444
218.81.65.124 - - [29/Feb/2024:09:58:54 +0800] "GET /xingrg/all/function/internal_message.html?_=1709171939954&CODE_STATE=getMsg HTTP/1.1" 200 27
