58.39.109.113 - - [29/Feb/2024:09:32:52 +0800] "GET /xingrg/dwr/interface/AjaxComOrderService.js HTTP/1.1" 200 18264
58.39.109.113 - - [29/Feb/2024:09:32:52 +0800] "GET /xingrg/dwr/interface/AjaxYddbService.js HTTP/1.1" 200 13201
58.39.109.113 - - [29/Feb/2024:09:32:52 +0800] "GET /xingrg/dwr/engine.js HTTP/1.1" 200 43631
180.164.1.25 - - [29/Feb/2024:09:32:55 +0800] "GET /xingrg/all/function/internal_message.html?_=1709170374635&CODE_STATE=getMsg HTTP/1.1" 200 27
58.39.109.113 - - [29/Feb/2024:09:32:58 +0800] "POST /xingrg/dwr/call/plaincall/AjaxYddbService.getRestBases.dwr HTTP/1.1" 200 509
180.164.1.25 - - [29/Feb/2024:09:33:01 +0800] "POST /xingrg/kc/buy/cgsh_order_operate.html HTTP/1.1" 200 37
116.224.254.208 - - [29/Feb/2024:09:33:01 +0800] "GET /xingrg/kc/base/check_order_list.html?isBack=1 HTTP/1.1" 200 16138
116.224.254.208 - - [29/Feb/2024:09:33:02 +0800] "POST /xingrg/kc/base/check_list_operate.html HTTP/1.1" 200 1569
172.20.0.100 - - [29/Feb/2024:09:33:03 +0800] "GET /xingrg/all/function/internal_message.html?_=1709170382648&CODE_STATE=getMsg HTTP/1.1" 200 27
101.83.240.223 - - [29/Feb/2024:09:33:03 +0800] "GET /xingrg/kc/buy/cgsh_order_operate.html?command=get_materiel&rest_code=00149&code=00101008024&supplier_code=00100008&order_time=2024-02-29 HTTP/1.1" 200 408
116.224.254.208 - - [29/Feb/2024:09:33:04 +0800] "GET /xingrg/kc/base/check_order_add.html HTTP/1.1" 200 26444
116.224.254.208 - - [29/Feb/2024:09:33:04 +0800] "GET /xingrg/dwr/interface/AjaxComOrderService.js HTTP/1.1" 200 18264
116.224.254.208 - - [29/Feb/2024:09:33:04 +0800] "GET /xingrg/dwr/engine.js HTTP/1.1" 200 43631
116.224.254.208 - - [29/Feb/2024:09:33:04 +0800] "GET /xingrg/dwr/interface/AjaxCheckService.js HTTP/1.1" 200 14003
101.83.240.223 - - [29/Feb/2024:09:33:05 +0800] "POST /xingrg/services/DataTransmitService HTTP/1.1" 200 524
180.164.1.25 - - [29/Feb/2024:09:33:05 +0800] "POST /xingrg/kc/buy/cgsh_order_operate.html HTTP/1.1" 200 22790
116.232.194.112 - - [29/Feb/2024:09:33:08 +0800] "POST /xingrg/kc/base/wldb_order_operate.html HTTP/1.1" 200 37
116.224.254.208 - - [29/Feb/2024:09:33:10 +0800] "GET /xingrg/all/function/internal_message.html?_=1709170390597&CODE_STATE=getMsg HTTP/1.1" 200 27
116.224.254.208 - - [29/Feb/2024:09:33:10 +0800] "POST /xingrg/dwr/call/plaincall/AjaxCheckService.saveOrder.dwr HTTP/1.1" 200 78
116.224.254.208 - - [29/Feb/2024:09:33:12 +0800] "POST /xingrg/dwr/call/plaincall/AjaxCheckService.loadOrderItems.dwr HTTP/1.1" 200 367
58.39.109.113 - - [29/Feb/2024:09:33:13 +0800] "POST /xingrg/dwr/call/plaincall/AjaxYddbService.saveOrder.dwr HTTP/1.1" 200 78
116.224.254.208 - - [29/Feb/2024:09:33:14 +0800] "POST /xingrg/kc/report/common_data.html?type=materiel_category_tree HTTP/1.1" 200 4017
116.232.194.112 - - [29/Feb/2024:09:33:15 +0800] "POST /xingrg/kc/base/wldb_order_operate.html HTTP/1.1" 200 12
116.232.194.112 - - [29/Feb/2024:09:33:15 +0800] "POST /xingrg/kc/base/wldb_order_operate.html HTTP/1.1" 200 4117
58.39.109.113 - - [29/Feb/2024:09:33:17 +0800] "GET /xingrg/all/function/internal_message.html?_=1709170398355&CODE_STATE=getMsg HTTP/1.1" 200 27
58.39.109.113 - - [29/Feb/2024:09:33:17 +0800] "GET /xingrg/check_reg.html?_=1709170398625 HTTP/1.1" 200 22
58.39.109.113 - - [29/Feb/2024:09:33:17 +0800] "POST /xingrg/dwr/call/plaincall/AjaxComOrderService.getMaterielSearchList.dwr HTTP/1.1" 200 50386
116.230.123.222 - - [29/Feb/2024:09:33:17 +0800] "GET /xingrg/all/function/internal_message.html?_=1709170396016&CODE_STATE=getMsg HTTP/1.1" 200 27
116.224.254.208 - - [29/Feb/2024:09:33:18 +0800] "POST /xingrg/dwr/call/plaincall/AjaxCheckService.importOrderItems.dwr HTTP/1.1" 200 78
116.224.254.208 - - [29/Feb/2024:09:33:19 +0800] "POST /xingrg/dwr/call/plaincall/AjaxCheckService.loadOrderItems.dwr HTTP/1.1" 200 271957
58.39.109.113 - - [29/Feb/2024:09:33:19 +0800] "POST /xingrg/dwr/call/plaincall/AjaxComOrderService.getMaterielSearchList.dwr HTTP/1.1" 200 76
116.232.194.112 - - [29/Feb/2024:09:33:20 +0800] "GET /xingrg/kc/base/wldb_order_info.html?code=422024022902392 HTTP/1.1" 200 26229
116.232.194.112 - - [29/Feb/2024:09:33:20 +0800] "GET /xingrg/words/20240229092203_words.js HTTP/1.1" 304 -
116.232.194.112 - - [29/Feb/2024:09:33:20 +0800] "GET /xingrg/javascript/easyui/themes/default/validatebox.css HTTP/1.1" 404 1104
58.39.109.113 - - [29/Feb/2024:09:33:21 +0800] "POST /xingrg/dwr/call/plaincall/AjaxComOrderService.getMaterielSearchList.dwr HTTP/1.1" 200 203
116.232.194.112 - - [29/Feb/2024:09:33:21 +0800] "POST /xingrg/kc/base/wldb_order_operate.html HTTP/1.1" 200 2370
124.78.67.200 - - [29/Feb/2024:09:33:21 +0800] "GET /xingrg/all/function/internal_message.html?_=1709170401880&CODE_STATE=getMsg HTTP/1.1" 200 27
58.39.109.113 - - [29/Feb/2024:09:33:21 +0800] "POST /xingrg/dwr/call/plaincall/AjaxComOrderService.getMaterielSearchList.dwr HTTP/1.1" 200 76
58.39.109.113 - - [29/Feb/2024:09:33:21 +0800] "POST /xingrg/dwr/call/plaincall/AjaxComOrderService.getMaterielSearchList.dwr HTTP/1.1" 200 581005
58.39.109.113 - - [29/Feb/2024:09:33:23 +0800] "POST /xingrg/dwr/call/plaincall/AjaxComOrderService.getMaterielSearchList.dwr HTTP/1.1" 200 203
116.228.172.94 - - [29/Feb/2024:09:33:23 +0800] "GET /xingrg/all/function/internal_message.html?_=1709170129921&CODE_STATE=getMsg HTTP/1.1" 200 27
116.224.254.208 - - [29/Feb/2024:09:33:23 +0800] "GET /xingrg/kc/print/load_config.html?_=1709170403226&kc_code=check HTTP/1.1" 200 2488
58.39.109.113 - - [29/Feb/2024:09:33:23 +0800] "POST /xingrg/dwr/call/plaincall/AjaxComOrderService.getMaterielSearchList.dwr HTTP/1.1" 200 203
58.39.109.113 - - [29/Feb/2024:09:33:23 +0800] "POST /xingrg/dwr/call/plaincall/AjaxComOrderService.getMaterielSearchList.dwr HTTP/1.1" 200 76
101.83.240.223 - - [29/Feb/2024:09:33:23 +0800] "GET /xingrg/all/function/internal_message.html?_=1709170402073&CODE_STATE=getMsg HTTP/1.1" 200 27
116.224.254.208 - - [29/Feb/2024:09:33:24 +0800] "GET /xingrg/kc/print/load_data.html?_=1709170403307&order_code=452024022900123&kc_code=check&condition= HTTP/1.1" 200 70687
58.39.109.113 - - [29/Feb/2024:09:33:24 +0800] "POST /xingrg/dwr/call/plaincall/AjaxComOrderService.getMaterielSearchList.dwr HTTP/1.1" 200 204
58.39.109.113 - - [29/Feb/2024:09:33:25 +0800] "POST /xingrg/dwr/call/plaincall/AjaxComOrderService.getMaterielSearchList.dwr HTTP/1.1" 200 273
58.39.109.113 - - [29/Feb/2024:09:33:26 +0800] "POST /xingrg/dwr/call/plaincall/AjaxComOrderService.getMaterielSearchList.dwr HTTP/1.1" 200 273
58.39.109.113 - - [29/Feb/2024:09:33:27 +0800] "POST /xingrg/dwr/call/plaincall/AjaxYddbService.getMaterielByMap.dwr HTTP/1.1" 200 1642
116.232.194.112 - - [29/Feb/2024:09:33:28 +0800] "POST /xingrg/kc/base/wldb_list_operate.html HTTP/1.1" 200 928
221.239.172.101 - - [29/Feb/2024:09:33:30 +0800] "GET /xingrg/all/function/internal_message.html?_=1709170408830&CODE_STATE=getMsg HTTP/1.1" 200 27
58.39.109.113 - - [29/Feb/2024:09:33:32 +0800] "POST /xingrg/dwr/call/plaincall/AjaxYddbService.saveMaterielItem.dwr HTTP/1.1" 200 79
101.83.240.223 - - [29/Feb/2024:09:33:32 +0800] "POST /xingrg/kc/buy/cgsh_order_operate.html HTTP/1.1" 200 37
58.39.109.113 - - [29/Feb/2024:09:33:33 +0800] "POST /xingrg/dwr/call/plaincall/AjaxComOrderService.getMaterielSearchList.dwr HTTP/1.1" 200 204
116.238.97.31 - - [29/Feb/2024:09:33:34 +0800] "POST /xingrg/services/DataTransmitService HTTP/1.1" 200 524
58.39.109.113 - - [29/Feb/2024:09:33:35 +0800] "GET /xingrg/images/yd/bt.gif HTTP/1.1" 404 1040
222.69.133.0 - - [29/Feb/2024:09:33:36 +0800] "GET /xingrg/check_reg.html?_=1709170417298 HTTP/1.1" 200 22
116.232.194.112 - - [29/Feb/2024:09:33:36 +0800] "GET /xingrg/kc/buy/buy_main.html HTTP/1.1" 200 12412
116.232.194.112 - - [29/Feb/2024:09:33:36 +0800] "GET /xingrg/css/new_ie.css HTTP/1.1" 404 1036
116.232.194.112 - - [29/Feb/2024:09:33:36 +0800] "GET /xingrg/all/function/internal_message.html?_=1709170403107&CODE_STATE=getMsg HTTP/1.1" 200 27
116.232.194.112 - - [29/Feb/2024:09:33:37 +0800] "GET /xingrg/images/yd/bt.gif HTTP/1.1" 404 1040
222.69.133.0 - - [29/Feb/2024:09:33:37 +0800] "GET /xingrg/all/function/internal_message.html?_=1709170418142&CODE_STATE=getMsg HTTP/1.1" 200 27
58.39.109.113 - - [29/Feb/2024:09:33:38 +0800] "POST /xingrg/dwr/call/plaincall/AjaxComOrderService.getMaterielSearchList.dwr HTTP/1.1" 200 77
101.83.145.37 - - [29/Feb/2024:09:33:38 +0800] "GET /xingrg/all/function/internal_message.html?_=1709170419800&CODE_STATE=getMsg HTTP/1.1" 200 27
116.232.194.112 - - [29/Feb/2024:09:33:38 +0800] "GET /xingrg/kc/buy/cgsh_order_list.html HTTP/1.1" 200 57747
58.39.109.113 - - [29/Feb/2024:09:33:39 +0800] "POST /xingrg/dwr/call/plaincall/AjaxComOrderService.getMaterielSearchList.dwr HTTP/1.1" 200 544805
58.39.109.113 - - [29/Feb/2024:09:33:39 +0800] "POST /xingrg/dwr/call/plaincall/AjaxComOrderService.getMaterielSearchList.dwr HTTP/1.1" 200 21973
58.39.109.113 - - [29/Feb/2024:09:33:40 +0800] "POST /xingrg/dwr/call/plaincall/AjaxComOrderService.getMaterielSearchList.dwr HTTP/1.1" 200 21973
58.39.109.113 - - [29/Feb/2024:09:33:40 +0800] "POST /xingrg/dwr/call/plaincall/AjaxComOrderService.getMaterielSearchList.dwr HTTP/1.1" 200 968
58.39.109.113 - - [29/Feb/2024:09:33:41 +0800] "POST /xingrg/dwr/call/plaincall/AjaxYddbService.getMaterielByMap.dwr HTTP/1.1" 200 1654
58.40.7.146 - - [29/Feb/2024:09:33:45 +0800] "GET /xingrg/all/function/internal_message.html?_=1709170425848&CODE_STATE=getMsg HTTP/1.1" 200 27
116.224.254.208 - - [29/Feb/2024:09:33:46 +0800] "GET /xingrg/kc/base/check_order_list.html?isBack=1 HTTP/1.1" 200 16138
116.224.254.208 - - [29/Feb/2024:09:33:47 +0800] "POST /xingrg/kc/base/check_list_operate.html HTTP/1.1" 200 1905
116.232.194.112 - - [29/Feb/2024:09:33:47 +0800] "POST /xingrg/kc/buy/cgsh_list_operate.html HTTP/1.1" 200 3156
58.39.109.113 - - [29/Feb/2024:09:33:47 +0800] "POST /xingrg/dwr/call/plaincall/AjaxYddbService.removeMaterielItem.dwr HTTP/1.1" 200 79
218.81.65.124 - - [29/Feb/2024:09:33:48 +0800] "GET /xingrg/index.html?sysBaseUrl=http%3A%2F%2F180.169.147.146%3A18081%2Fxingrg%2F&costTime=44×tamp=1622098168715 HTTP/1.1" 302 -
218.81.65.124 - - [29/Feb/2024:09:33:48 +0800] "GET /xingrg/login.html HTTP/1.1" 200 7641
218.81.65.124 - - [29/Feb/2024:09:33:48 +0800] "GET /favicon.ico HTTP/1.1" 404 -
116.224.254.208 - - [29/Feb/2024:09:33:48 +0800] "GET /xingrg/check_reg.html?_=1709170428596 HTTP/1.1" 200 22
116.224.254.208 - - [29/Feb/2024:09:33:48 +0800] "GET /xingrg/all/function/internal_message.html?_=1709170428601&CODE_STATE=getMsg HTTP/1.1" 200 27
116.224.254.208 - - [29/Feb/2024:09:33:51 +0800] "GET /xingrg/kc/base/check_order_add.html HTTP/1.1" 200 26444
116.224.254.208 - - [29/Feb/2024:09:33:51 +0800] "GET /xingrg/dwr/interface/AjaxComOrderService.js HTTP/1.1" 200 18264
116.224.254.208 - - [29/Feb/2024:09:33:51 +0800] "GET /xingrg/dwr/interface/AjaxCheckService.js HTTP/1.1" 200 14003
116.224.254.208 - - [29/Feb/2024:09:33:51 +0800] "GET /xingrg/dwr/engine.js HTTP/1.1" 200 43631
116.232.194.112 - - [29/Feb/2024:09:33:52 +0800] "POST /xingrg/kc/buy/cgsh_list_operate.html HTTP/1.1" 200 563
58.39.109.113 - - [29/Feb/2024:09:33:52 +0800] "POST /xingrg/dwr/call/plaincall/AjaxComOrderService.getMaterielSearchList.dwr HTTP/1.1" 200 968
116.232.194.112 - - [29/Feb/2024:09:33:54 +0800] "GET /xingrg/kc/buy/cgsh_order_info.html?code=212024022908134 HTTP/1.1" 200 73613
218.81.65.124 - - [29/Feb/2024:09:33:54 +0800] "POST /xingrg/login.do HTTP/1.1" 302 -
218.81.65.124 - - [29/Feb/2024:09:33:54 +0800] "GET /xingrg/index.html?sysBaseUrl=http%3A%2F%2F180.169.147.146%3A18081%2Fxingrg%2F&costTime=1487×tamp=1709170434449 HTTP/1.1" 200 17179
116.232.194.112 - - [29/Feb/2024:09:33:54 +0800] "GET /xingrg/javascript/easyui/themes/default/validatebox.css HTTP/1.1" 404 1104
218.81.65.124 - - [29/Feb/2024:09:33:54 +0800] "GET /favicon.ico HTTP/1.1" 404 -
218.81.65.124 - - [29/Feb/2024:09:33:54 +0800] "GET /xingrg/all/function/internal_message.html?_=1709170439902&CODE_STATE=count HTTP/1.1" 200 11
218.81.65.124 - - [29/Feb/2024:09:33:54 +0800] "POST /xingrg/all/common/load_tree.html?tree=area_rest_tree_json&manage=1 HTTP/1.1" 200 351
218.81.65.124 - - [29/Feb/2024:09:33:54 +0800] "GET /xingrg/check_reg.html?_=1709170439903 HTTP/1.1" 200 22
218.81.65.124 - - [29/Feb/2024:09:33:54 +0800] "POST /xingrg/load_menu.html HTTP/1.1" 200 5138
58.39.109.113 - - [29/Feb/2024:09:33:55 +0800] "POST /xingrg/dwr/call/plaincall/AjaxYddbService.getMaterielByMap.dwr HTTP/1.1" 200 1654
116.232.194.112 - - [29/Feb/2024:09:33:55 +0800] "POST /xingrg/kc/buy/cgsh_order_operate.html HTTP/1.1" 200 23354
180.164.1.25 - - [29/Feb/2024:09:33:55 +0800] "GET /xingrg/check_reg.html?_=1709170434650 HTTP/1.1" 200 22
180.164.1.25 - - [29/Feb/2024:09:33:55 +0800] "GET /xingrg/all/function/internal_message.html?_=1709170434653&CODE_STATE=getMsg HTTP/1.1" 200 27
218.81.65.124 - - [29/Feb/2024:09:33:57 +0800] "GET /xingrg/kc/base/wldb_order_list.html HTTP/1.1" 200 19019
218.81.65.124 - - [29/Feb/2024:09:33:58 +0800] "POST /xingrg/kc/base/wldb_list_operate.html HTTP/1.1" 200 928
116.232.194.112 - - [29/Feb/2024:09:33:58 +0800] "GET /xingrg/kc/print/load_data.html?order_code=212024022908134&kc_code=cgsh HTTP/1.1" 200 8562
116.224.254.208 - - [29/Feb/2024:09:33:59 +0800] "POST /xingrg/dwr/call/plaincall/AjaxCheckService.saveOrder.dwr HTTP/1.1" 200 78
58.39.109.113 - - [29/Feb/2024:09:33:59 +0800] "POST /xingrg/dwr/call/plaincall/AjaxYddbService.saveMaterielItem.dwr HTTP/1.1" 200 79
116.224.254.208 - - [29/Feb/2024:09:34:01 +0800] "POST /xingrg/dwr/call/plaincall/AjaxCheckService.loadOrderItems.dwr HTTP/1.1" 200 367
218.81.65.124 - - [29/Feb/2024:09:34:01 +0800] "GET /xingrg/kc/buy/cgsh_order_list.html HTTP/1.1" 200 57747
58.39.109.113 - - [29/Feb/2024:09:34:02 +0800] "POST /xingrg/dwr/call/plaincall/AjaxComOrderService.getMaterielSearchList.dwr HTTP/1.1" 200 204
172.20.0.100 - - [29/Feb/2024:09:34:03 +0800] "GET /xingrg/all/function/internal_message.html?_=1709170442650&CODE_STATE=getMsg HTTP/1.1" 200 27
116.224.254.208 - - [29/Feb/2024:09:34:05 +0800] "POST /xingrg/kc/report/common_data.html?type=materiel_category_tree HTTP/1.1" 200 4017
58.39.109.113 - - [29/Feb/2024:09:34:07 +0800] "POST /xingrg/dwr/call/plaincall/AjaxComOrderService.getMaterielSearchList.dwr HTTP/1.1" 200 204
58.39.109.113 - - [29/Feb/2024:09:34:07 +0800] "POST /xingrg/dwr/call/plaincall/AjaxComOrderService.getMaterielSearchList.dwr HTTP/1.1" 200 204
116.224.254.208 - - [29/Feb/2024:09:34:10 +0800] "GET /xingrg/all/function/internal_message.html?_=1709170450576&CODE_STATE=getMsg HTTP/1.1" 200 27
101.83.240.223 - - [29/Feb/2024:09:34:10 +0800] "POST /xingrg/kc/buy/cgsh_order_operate.html HTTP/1.1" 200 12
218.81.65.124 - - [29/Feb/2024:09:34:10 +0800] "POST /xingrg/kc/buy/cgsh_list_operate.html HTTP/1.1" 200 986
116.224.254.208 - - [29/Feb/2024:09:34:10 +0800] "POST /xingrg/dwr/call/plaincall/AjaxCheckService.importOrderItems.dwr HTTP/1.1" 200 78
218.81.65.124 - - [29/Feb/2024:09:34:11 +0800] "GET /xingrg/kc/base/check_order_list.html HTTP/1.1" 200 16138
218.81.65.124 - - [29/Feb/2024:09:34:11 +0800] "POST /xingrg/kc/base/check_list_operate.html HTTP/1.1" 200 781
116.224.254.208 - - [29/Feb/2024:09:34:11 +0800] "POST /xingrg/dwr/call/plaincall/AjaxCheckService.loadOrderItems.dwr HTTP/1.1" 200 121179
58.39.109.113 - - [29/Feb/2024:09:34:12 +0800] "POST /xingrg/dwr/call/plaincall/AjaxComOrderService.getMaterielSearchList.dwr HTTP/1.1" 200 15800
218.81.65.124 - - [29/Feb/2024:09:34:12 +0800] "GET /xingrg/kc/base/check_order_add.html HTTP/1.1" 200 26434
218.81.65.124 - - [29/Feb/2024:09:34:13 +0800] "GET /xingrg/dwr/interface/AjaxComOrderService.js HTTP/1.1" 200 18264
218.81.65.124 - - [29/Feb/2024:09:34:13 +0800] "GET /xingrg/dwr/interface/AjaxCheckService.js HTTP/1.1" 200 14003
218.81.65.124 - - [29/Feb/2024:09:34:13 +0800] "GET /xingrg/dwr/engine.js HTTP/1.1" 200 43631
58.39.109.113 - - [29/Feb/2024:09:34:13 +0800] "POST /xingrg/dwr/call/plaincall/AjaxComOrderService.getMaterielSearchList.dwr HTTP/1.1" 200 15800
180.164.1.25 - - [29/Feb/2024:09:34:13 +0800] "GET /xingrg/kc/print/load_config.html?kc_code=cgsh HTTP/1.1" 200 1927
180.164.1.25 - - [29/Feb/2024:09:34:14 +0800] "GET /xingrg/kc/print/load_data.html?order_code=212024022908138&kc_code=cgsh&condition= HTTP/1.1" 200 8370
116.224.254.208 - - [29/Feb/2024:09:34:14 +0800] "GET /xingrg/kc/print/load_config.html?_=1709170454581&kc_code=check HTTP/1.1" 200 2488
116.224.254.208 - - [29/Feb/2024:09:34:15 +0800] "GET /xingrg/kc/print/load_data.html?_=1709170454654&order_code=452024022900124&kc_code=check&condition= HTTP/1.1" 200 31751
58.39.109.113 - - [29/Feb/2024:09:34:16 +0800] "POST /xingrg/dwr/call/plaincall/AjaxYddbService.getMaterielByMap.dwr HTTP/1.1" 200 1642
58.39.109.113 - - [29/Feb/2024:09:34:17 +0800] "GET /xingrg/all/function/internal_message.html?_=1709170458336&CODE_STATE=getMsg HTTP/1.1" 200 27
116.230.123.222 - - [29/Feb/2024:09:34:17 +0800] "GET /xingrg/all/function/internal_message.html?_=1709170456012&CODE_STATE=getMsg HTTP/1.1" 200 27
124.78.67.200 - - [29/Feb/2024:09:34:21 +0800] "GET /xingrg/all/function/internal_message.html?_=1709170461861&CODE_STATE=getMsg HTTP/1.1" 200 27
180.164.1.25 - - [29/Feb/2024:09:34:22 +0800] "GET /xingrg/kc/buy/cgsh_order_add.html HTTP/1.1" 200 73608
58.39.109.113 - - [29/Feb/2024:09:34:22 +0800] "POST /xingrg/dwr/call/plaincall/AjaxYddbService.saveMaterielItem.dwr HTTP/1.1" 200 79
180.164.1.25 - - [29/Feb/2024:09:34:22 +0800] "GET /xingrg/words/20240229092203_words.js HTTP/1.1" 304 -
180.164.1.25 - - [29/Feb/2024:09:34:22 +0800] "POST /xingrg/kc/buy/cgsh_order_operate.html HTTP/1.1" 200 8245
180.164.1.25 - - [29/Feb/2024:09:34:22 +0800] "GET /xingrg/javascript/easyui/themes/default/validatebox.css HTTP/1.1" 404 1104
116.228.172.94 - - [29/Feb/2024:09:34:23 +0800] "GET /xingrg/check_reg.html?_=1709170189921 HTTP/1.1" 200 22
116.228.172.94 - - [29/Feb/2024:09:34:23 +0800] "GET /xingrg/all/function/internal_message.html?_=1709170189925&CODE_STATE=getMsg HTTP/1.1" 200 27
101.83.240.223 - - [29/Feb/2024:09:34:24 +0800] "GET /xingrg/all/function/internal_message.html?_=1709170462468&CODE_STATE=getMsg HTTP/1.1" 200 27
58.39.109.113 - - [29/Feb/2024:09:34:24 +0800] "POST /xingrg/dwr/call/plaincall/AjaxComOrderService.getMaterielSearchList.dwr HTTP/1.1" 200 581006
101.83.240.223 - - [29/Feb/2024:09:34:25 +0800] "GET /xingrg/kc/buy/cgsh_order_info.html?code=212024022908139 HTTP/1.1" 200 68513
101.83.240.223 - - [29/Feb/2024:09:34:26 +0800] "GET /xingrg/words/20240229092203_words.js HTTP/1.1" 304 -
58.39.109.113 - - [29/Feb/2024:09:34:26 +0800] "POST /xingrg/dwr/call/plaincall/AjaxComOrderService.getMaterielSearchList.dwr HTTP/1.1" 200 594372
58.39.109.113 - - [29/Feb/2024:09:34:26 +0800] "POST /xingrg/dwr/call/plaincall/AjaxComOrderService.getMaterielSearchList.dwr HTTP/1.1" 200 2027
101.83.240.223 - - [29/Feb/2024:09:34:26 +0800] "GET /xingrg/javascript/easyui/themes/default/validatebox.css HTTP/1.1" 404 1104
58.39.109.113 - - [29/Feb/2024:09:34:26 +0800] "POST /xingrg/dwr/call/plaincall/AjaxComOrderService.getMaterielSearchList.dwr HTTP/1.1" 200 440
101.83.240.223 - - [29/Feb/2024:09:34:27 +0800] "POST /xingrg/kc/buy/cgsh_order_operate.html HTTP/1.1" 200 16608
101.83.240.223 - - [29/Feb/2024:09:34:28 +0800] "GET /xingrg/kc/print/load_config.html?kc_code=cgsh HTTP/1.1" 200 1927
101.83.240.223 - - [29/Feb/2024:09:34:29 +0800] "GET /xingrg/kc/print/load_data.html?order_code=212024022908139&kc_code=cgsh&condition= HTTP/1.1" 200 6780
58.39.109.113 - - [29/Feb/2024:09:34:29 +0800] "POST /xingrg/dwr/call/plaincall/AjaxYddbService.getMaterielByMap.dwr HTTP/1.1" 200 1729
221.239.172.101 - - [29/Feb/2024:09:34:30 +0800] "GET /xingrg/all/function/internal_message.html?_=1709170468801&CODE_STATE=getMsg HTTP/1.1" 200 27
116.232.194.112 - - [29/Feb/2024:09:34:32 +0800] "POST /xingrg/kc/buy/cgsh_list_operate.html HTTP/1.1" 200 199
58.39.109.113 - - [29/Feb/2024:09:34:32 +0800] "POST /xingrg/dwr/call/plaincall/AjaxYddbService.getUnitPrice.dwr HTTP/1.1" 200 87
116.232.194.112 - - [29/Feb/2024:09:34:33 +0800] "GET /xingrg/kc/buy/cgsh_order_info.html?code=212024022908135 HTTP/1.1" 200 73613
116.232.194.112 - - [29/Feb/2024:09:34:33 +0800] "GET /xingrg/words/20240229092203_words.js HTTP/1.1" 304 -
116.232.194.112 - - [29/Feb/2024:09:34:34 +0800] "GET /xingrg/javascript/easyui/themes/default/validatebox.css HTTP/1.1" 404 1104
116.232.194.112 - - [29/Feb/2024:09:34:35 +0800] "POST /xingrg/kc/buy/cgsh_order_operate.html HTTP/1.1" 200 2651
116.232.194.112 - - [29/Feb/2024:09:34:36 +0800] "GET /xingrg/kc/print/load_data.html?order_code=212024022908135&kc_code=cgsh HTTP/1.1" 200 749
222.69.133.0 - - [29/Feb/2024:09:34:37 +0800] "GET /xingrg/all/function/internal_message.html?_=1709170478125&CODE_STATE=getMsg HTTP/1.1" 200 27
116.232.194.112 - - [29/Feb/2024:09:34:37 +0800] "GET /xingrg/all/function/internal_message.html?_=1709170463604&CODE_STATE=getMsg HTTP/1.1" 200 27
58.39.109.113 - - [29/Feb/2024:09:34:37 +0800] "POST /xingrg/dwr/call/plaincall/AjaxYddbService.saveMaterielItem.dwr HTTP/1.1" 200 79
101.83.145.37 - - [29/Feb/2024:09:34:38 +0800] "GET /xingrg/all/function/internal_message.html?_=1709170479803&CODE_STATE=getMsg HTTP/1.1" 200 27
101.83.145.37 - - [29/Feb/2024:09:34:38 +0800] "GET /xingrg/check_reg.html?_=1709170479806 HTTP/1.1" 200 22
116.224.254.208 - - [29/Feb/2024:09:34:40 +0800] "GET /xingrg/kc/base/check_order_list.html?isBack=1 HTTP/1.1" 200 16138
116.224.254.208 - - [29/Feb/2024:09:34:41 +0800] "POST /xingrg/kc/base/check_list_operate.html HTTP/1.1" 200 2241
221.239.172.101 - - [29/Feb/2024:09:34:42 +0800] "GET /xingrg/check_reg.html?_=1709170481727 HTTP/1.1" 200 22
116.224.254.208 - - [29/Feb/2024:09:34:43 +0800] "GET /xingrg/kc/base/check_order_add.html HTTP/1.1" 200 26444
116.224.254.208 - - [29/Feb/2024:09:34:43 +0800] "GET /xingrg/dwr/interface/AjaxComOrderService.js HTTP/1.1" 200 18264
116.224.254.208 - - [29/Feb/2024:09:34:43 +0800] "GET /xingrg/dwr/interface/AjaxCheckService.js HTTP/1.1" 200 14003
116.224.254.208 - - [29/Feb/2024:09:34:43 +0800] "GET /xingrg/dwr/engine.js HTTP/1.1" 200 43631
58.39.109.113 - - [29/Feb/2024:09:34:45 +0800] "POST /xingrg/dwr/call/plaincall/AjaxYddbService.checkOrder.dwr HTTP/1.1" 200 79
58.40.7.146 - - [29/Feb/2024:09:34:45 +0800] "GET /xingrg/all/function/internal_message.html?_=1709170485807&CODE_STATE=getMsg HTTP/1.1" 200 27
58.39.109.113 - - [29/Feb/2024:09:34:47 +0800] "GET /xingrg/kc/base/yddb_order_info.html?code=482024022900145 HTTP/1.1" 200 28965
58.39.109.113 - - [29/Feb/2024:09:34:47 +0800] "GET /xingrg/dwr/interface/AjaxComOrderService.js HTTP/1.1" 200 18264
58.39.109.113 - - [29/Feb/2024:09:34:47 +0800] "GET /xingrg/dwr/interface/AjaxYddbService.js HTTP/1.1" 200 13201
58.39.109.113 - - [29/Feb/2024:09:34:47 +0800] "GET /xingrg/dwr/engine.js HTTP/1.1" 200 43631
58.39.109.113 - - [29/Feb/2024:09:34:48 +0800] "POST /xingrg/dwr/call/plaincall/AjaxYddbService.loadMaterielItems.dwr HTTP/1.1" 200 1371
116.224.254.208 - - [29/Feb/2024:09:34:48 +0800] "GET /xingrg/all/function/internal_message.html?_=1709170488586&CODE_STATE=getMsg HTTP/1.1" 200 27
116.224.254.208 - - [29/Feb/2024:09:34:49 +0800] "POST /xingrg/dwr/call/plaincall/AjaxCheckService.saveOrder.dwr HTTP/1.1" 200 78
116.224.254.208 - - [29/Feb/2024:09:34:50 +0800] "POST /xingrg/dwr/call/plaincall/AjaxCheckService.loadOrderItems.dwr HTTP/1.1" 200 367
58.39.109.113 - - [29/Feb/2024:09:34:51 +0800] "POST /xingrg/kc/base/yddb_list_operate.html HTTP/1.1" 200 4330
116.224.254.208 - - [29/Feb/2024:09:34:52 +0800] "POST /xingrg/kc/report/common_data.html?type=materiel_category_tree HTTP/1.1" 200 4017
58.39.109.113 - - [29/Feb/2024:09:34:52 +0800] "POST /xingrg/kc/base/yddb_list_operate.html HTTP/1.1" 200 435
58.39.109.113 - - [29/Feb/2024:09:34:52 +0800] "POST /xingrg/kc/base/yddb_list_operate.html HTTP/1.1" 200 198
218.81.65.124 - - [29/Feb/2024:09:34:54 +0800] "GET /xingrg/all/function/internal_message.html?_=1709170499917&CODE_STATE=getMsg HTTP/1.1" 200 27
180.164.1.25 - - [29/Feb/2024:09:34:55 +0800] "GET /xingrg/all/function/internal_message.html?_=1709170494654&CODE_STATE=getMsg HTTP/1.1" 200 27
116.230.112.23 - - [29/Feb/2024:09:34:56 +0800] "GET /xingrg/check_reg.html?_=1709170510440 HTTP/1.1" 200 22
116.224.254.208 - - [29/Feb/2024:09:34:57 +0800] "POST /xingrg/dwr/call/plaincall/AjaxCheckService.importOrderItems.dwr HTTP/1.1" 200 78
116.224.254.208 - - [29/Feb/2024:09:34:58 +0800] "POST /xingrg/dwr/call/plaincall/AjaxCheckService.loadOrderItems.dwr HTTP/1.1" 200 30030
116.224.254.208 - - [29/Feb/2024:09:35:01 +0800] "GET /xingrg/kc/print/load_config.html?_=1709170501285&kc_code=check HTTP/1.1" 200 2488
116.224.254.208 - - [29/Feb/2024:09:35:01 +0800] "GET /xingrg/kc/print/load_data.html?_=1709170501353&order_code=452024022900126&kc_code=check&condition= HTTP/1.1" 200 7989
172.20.0.100 - - [29/Feb/2024:09:35:03 +0800] "GET /xingrg/all/function/internal_message.html?_=1709170502652&CODE_STATE=getMsg HTTP/1.1" 200 27
116.224.254.208 - - [29/Feb/2024:09:35:10 +0800] "GET /xingrg/all/function/internal_message.html?_=1709170510558&CODE_STATE=getMsg HTTP/1.1" 200 27
116.224.254.208 - - [29/Feb/2024:09:35:13 +0800] "GET /xingrg/kc/base/check_order_list.html?isBack=1 HTTP/1.1" 200 16138
116.224.254.208 - - [29/Feb/2024:09:35:13 +0800] "POST /xingrg/kc/base/check_list_operate.html HTTP/1.1" 200 2577
116.224.254.208 - - [29/Feb/2024:09:35:15 +0800] "GET /xingrg/kc/base/check_order_add.html HTTP/1.1" 200 26444
116.224.254.208 - - [29/Feb/2024:09:35:15 +0800] "GET /xingrg/dwr/interface/AjaxComOrderService.js HTTP/1.1" 200 18264
116.224.254.208 - - [29/Feb/2024:09:35:15 +0800] "GET /xingrg/dwr/interface/AjaxCheckService.js HTTP/1.1" 200 14003
116.224.254.208 - - [29/Feb/2024:09:35:15 +0800] "GET /xingrg/dwr/engine.js HTTP/1.1" 200 43631
58.39.109.113 - - [29/Feb/2024:09:35:17 +0800] "GET /xingrg/all/function/internal_message.html?_=1709170518332&CODE_STATE=getMsg HTTP/1.1" 200 27
116.230.123.222 - - [29/Feb/2024:09:35:17 +0800] "GET /xingrg/all/function/internal_message.html?_=1709170516009&CODE_STATE=getMsg HTTP/1.1" 200 27
116.232.194.112 - - [29/Feb/2024:09:35:19 +0800] "POST /xingrg/kc/buy/cgsh_list_operate.html HTTP/1.1" 200 3156
124.78.67.200 - - [29/Feb/2024:09:35:19 +0800] "GET /xingrg/check_reg.html?_=1709170519997 HTTP/1.1" 200 22
116.230.112.23 - - [29/Feb/2024:09:35:20 +0800] "GET /xingrg/login.html HTTP/1.1" 200 7641
116.230.112.23 - - [29/Feb/2024:09:35:20 +0800] "GET /favicon.ico HTTP/1.1" 404 -
116.224.254.208 - - [29/Feb/2024:09:35:20 +0800] "POST /xingrg/dwr/call/plaincall/AjaxCheckService.saveOrder.dwr HTTP/1.1" 200 78
116.232.194.112 - - [29/Feb/2024:09:35:21 +0800] "POST /xingrg/kc/buy/cgsh_list_operate.html HTTP/1.1" 200 496
116.224.254.208 - - [29/Feb/2024:09:35:21 +0800] "POST /xingrg/dwr/call/plaincall/AjaxCheckService.loadOrderItems.dwr HTTP/1.1" 200 367
124.78.67.200 - - [29/Feb/2024:09:35:21 +0800] "GET /xingrg/all/function/internal_message.html?_=1709170521836&CODE_STATE=getMsg HTTP/1.1" 200 27
101.83.240.223 - - [29/Feb/2024:09:35:22 +0800] "GET /xingrg/check_reg.html?_=1709170520699 HTTP/1.1" 200 22
116.228.172.94 - - [29/Feb/2024:09:35:23 +0800] "GET /xingrg/all/function/internal_message.html?_=1709170249927&CODE_STATE=getMsg HTTP/1.1" 200 27
116.232.194.112 - - [29/Feb/2024:09:35:23 +0800] "GET /xingrg/kc/buy/cgsh_order_info.html?code=212024022908136 HTTP/1.1" 200 73613
116.224.254.208 - - [29/Feb/2024:09:35:23 +0800] "POST /xingrg/kc/report/common_data.html?type=materiel_category_tree HTTP/1.1" 200 4017
116.232.194.112 - - [29/Feb/2024:09:35:23 +0800] "GET /xingrg/javascript/easyui/themes/default/validatebox.css HTTP/1.1" 404 1104
116.230.112.23 - - [29/Feb/2024:09:35:23 +0800] "POST /xingrg/login.do HTTP/1.1" 302 -
116.230.112.23 - - [29/Feb/2024:09:35:23 +0800] "GET /xingrg/index.html?sysBaseUrl=http%3A%2F%2F180.169.147.146%3A18081%2Fxingrg%2F&costTime=1337×tamp=1709170523711 HTTP/1.1" 200 17179
116.230.112.23 - - [29/Feb/2024:09:35:23 +0800] "GET /xingrg/javascript/jquery_easy_ui/themes/default/easyui.css HTTP/1.1" 304 -
116.230.112.23 - - [29/Feb/2024:09:35:23 +0800] "GET /xingrg/javascript/jquery_easy_ui/jquery.easyui.min.js HTTP/1.1" 304 -
116.230.112.23 - - [29/Feb/2024:09:35:23 +0800] "GET /xingrg/javascript/jquery-1.4.2.min.js HTTP/1.1" 304 -
116.230.112.23 - - [29/Feb/2024:09:35:23 +0800] "GET /xingrg/javascript/jquery.form.js HTTP/1.1" 304 -
116.230.112.23 - - [29/Feb/2024:09:35:23 +0800] "GET /xingrg/javascript/jquery_easy_ui/easyui-lang-zh_CN.js HTTP/1.1" 304 -
116.230.112.23 - - [29/Feb/2024:09:35:23 +0800] "GET /xingrg/css/form.css HTTP/1.1" 304 -
116.230.112.23 - - [29/Feb/2024:09:35:23 +0800] "GET /xingrg/javascript/jquery_easy_ui/themes/icon.css HTTP/1.1" 304 -
116.230.112.23 - - [29/Feb/2024:09:35:23 +0800] "GET /xingrg/javascript/jquery.utils.js HTTP/1.1" 304 -
116.230.112.23 - - [29/Feb/2024:09:35:23 +0800] "GET /xingrg/javascript/jquery.timers.js HTTP/1.1" 304 -
116.230.112.23 - - [29/Feb/2024:09:35:23 +0800] "GET /favicon.ico HTTP/1.1" 404 -
116.230.112.23 - - [29/Feb/2024:09:35:23 +0800] "POST /xingrg/all/common/load_tree.html?tree=area_rest_tree_json&manage=1 HTTP/1.1" 200 479
116.230.112.23 - - [29/Feb/2024:09:35:23 +0800] "GET /xingrg/all/function/internal_message.html?_=1709170537719&CODE_STATE=count HTTP/1.1" 200 11
116.230.112.23 - - [29/Feb/2024:09:35:23 +0800] "GET /xingrg/check_reg.html?_=1709170537719 HTTP/1.1" 200 22
116.230.112.23 - - [29/Feb/2024:09:35:24 +0800] "POST /xingrg/load_menu.html HTTP/1.1" 200 5138
101.83.240.223 - - [29/Feb/2024:09:35:24 +0800] "GET /xingrg/all/function/internal_message.html?_=1709170522452&CODE_STATE=getMsg HTTP/1.1" 200 27
116.232.194.112 - - [29/Feb/2024:09:35:24 +0800] "POST /xingrg/kc/buy/cgsh_order_operate.html HTTP/1.1" 200 5025
101.83.240.223 - - [29/Feb/2024:09:35:27 +0800] "POST /xingrg/services/DataTransmitService HTTP/1.1" 200 524
116.224.254.208 - - [29/Feb/2024:09:35:28 +0800] "POST /xingrg/dwr/call/plaincall/AjaxCheckService.importOrderItems.dwr HTTP/1.1" 200 78
116.232.194.112 - - [29/Feb/2024:09:35:28 +0800] "GET /xingrg/kc/print/load_data.html?order_code=212024022908136&kc_code=cgsh HTTP/1.1" 200 1670
101.83.240.223 - - [29/Feb/2024:09:35:28 +0800] "POST /xingrg/services/DataTransmitService HTTP/1.1" 200 2067
116.224.254.208 - - [29/Feb/2024:09:35:29 +0800] "POST /xingrg/dwr/call/plaincall/AjaxCheckService.loadOrderItems.dwr HTTP/1.1" 200 7947
101.83.240.223 - - [29/Feb/2024:09:35:29 +0800] "POST /xingrg/services/DataTransmitService HTTP/1.1" 200 150935
221.239.172.101 - - [29/Feb/2024:09:35:30 +0800] "GET /xingrg/all/function/internal_message.html?_=1709170528781&CODE_STATE=getMsg HTTP/1.1" 200 27
116.230.112.23 - - [29/Feb/2024:09:35:30 +0800] "GET /xingrg/kc/buy/cgsh_order_list.html HTTP/1.1" 200 57747
116.230.112.23 - - [29/Feb/2024:09:35:30 +0800] "GET /xingrg/css/base.css HTTP/1.1" 304 -
116.230.112.23 - - [29/Feb/2024:09:35:30 +0800] "GET /xingrg/css/site.css HTTP/1.1" 304 -
116.230.112.23 - - [29/Feb/2024:09:35:30 +0800] "GET /xingrg/javascript/easyui/themes/default/easyui.css HTTP/1.1" 304 -
116.230.112.23 - - [29/Feb/2024:09:35:30 +0800] "GET /xingrg/javascript/jquery_tools/datebox.css HTTP/1.1" 304 -
116.230.112.23 - - [29/Feb/2024:09:35:30 +0800] "GET /xingrg/javascript/easyui/themes/icon.css HTTP/1.1" 304 -
116.230.112.23 - - [29/Feb/2024:09:35:30 +0800] "GET /xingrg/javascript/auto/jquery.autocomplete.css HTTP/1.1" 304 -
116.230.112.23 - - [29/Feb/2024:09:35:30 +0800] "GET /xingrg/javascript/jquery_tools/fix.css HTTP/1.1" 304 -
116.230.112.23 - - [29/Feb/2024:09:35:30 +0800] "GET /xingrg/javascript/jquery_tools/jquery.tools.extend.js HTTP/1.1" 304 -
116.230.112.23 - - [29/Feb/2024:09:35:30 +0800] "GET /xingrg/javascript/jquery_tools/jquery.tools.table.js HTTP/1.1" 304 -
116.230.112.23 - - [29/Feb/2024:09:35:30 +0800] "GET /xingrg/javascript/jquery_tools/list_manager.js HTTP/1.1" 304 -
116.230.112.23 - - [29/Feb/2024:09:35:30 +0800] "GET /xingrg/javascript/easyui/easyloader.js HTTP/1.1" 304 -
116.230.112.23 - - [29/Feb/2024:09:35:30 +0800] "GET /xingrg/javascript/jquery_tools/jquery.tools.hotkey.js HTTP/1.1" 304 -
116.230.112.23 - - [29/Feb/2024:09:35:30 +0800] "GET /xingrg/javascript/auto/jquery.autocomplete.js HTTP/1.1" 304 -
116.230.112.23 - - [29/Feb/2024:09:35:30 +0800] "GET /xingrg/javascript/jquery.cookie.js HTTP/1.1" 304 -
116.230.112.23 - - [29/Feb/2024:09:35:30 +0800] "GET /xingrg/javascript/jquery_tools/table.css HTTP/1.1" 304 -
116.230.112.23 - - [29/Feb/2024:09:35:30 +0800] "GET /xingrg/javascript/jquery_tools/jquery.tools.min.js HTTP/1.1" 304 -
116.230.112.23 - - [29/Feb/2024:09:35:30 +0800] "GET /xingrg/javascript/print/LodopFuncs.js HTTP/1.1" 304 -
116.230.112.23 - - [29/Feb/2024:09:35:30 +0800] "GET /xingrg/javascript/easyui/plugins/jquery.parser.js HTTP/1.1" 304 -
116.224.254.208 - - [29/Feb/2024:09:35:31 +0800] "GET /xingrg/kc/print/load_config.html?_=1709170531098&kc_code=check HTTP/1.1" 200 2488
116.224.254.208 - - [29/Feb/2024:09:35:31 +0800] "GET /xingrg/kc/print/load_data.html?_=1709170531305&order_code=452024022900127&kc_code=check&condition= HTTP/1.1" 200 2190
116.230.112.23 - - [29/Feb/2024:09:35:33 +0800] "POST /xingrg/kc/buy/cgsh_list_operate.html HTTP/1.1" 200 986
116.230.112.23 - - [29/Feb/2024:09:35:37 +0800] "GET /xingrg/kc/buy/cgsh_order_add.html HTTP/1.1" 200 73516
116.230.112.23 - - [29/Feb/2024:09:35:37 +0800] "GET /xingrg/javascript/convert.js HTTP/1.1" 304 -
116.230.112.23 - - [29/Feb/2024:09:35:37 +0800] "GET /xingrg/javascript/json2.js HTTP/1.1" 304 -
116.230.112.23 - - [29/Feb/2024:09:35:37 +0800] "GET /xingrg/javascript/print/kc_print.js HTTP/1.1" 304 -
116.230.112.23 - - [29/Feb/2024:09:35:37 +0800] "GET /xingrg/javascript/pic_change.js HTTP/1.1" 304 -
116.230.112.23 - - [29/Feb/2024:09:35:37 +0800] "GET /xingrg/javascript/jquery_tools/order_manager.js HTTP/1.1" 304 -
116.230.112.23 - - [29/Feb/2024:09:35:37 +0800] "GET /xingrg/words/20240229092203_words.js HTTP/1.1" 200 1014224
222.69.133.0 - - [29/Feb/2024:09:35:37 +0800] "GET /xingrg/all/function/internal_message.html?_=1709170538109&CODE_STATE=getMsg HTTP/1.1" 200 27
116.232.194.112 - - [29/Feb/2024:09:35:37 +0800] "GET /xingrg/all/function/internal_message.html?_=1709170523589&CODE_STATE=getMsg HTTP/1.1" 200 27
116.230.112.23 - - [29/Feb/2024:09:35:37 +0800] "POST /xingrg/kc/buy/cgsh_order_operate.html HTTP/1.1" 200 8245
116.230.112.23 - - [29/Feb/2024:09:35:37 +0800] "GET /xingrg/all/common/auto_word.html?type=employee&rest_code=00146 HTTP/1.1" 200 101
116.230.112.23 - - [29/Feb/2024:09:35:37 +0800] "GET /xingrg/all/common/auto_word.html?type=employee&rest_code=00146 HTTP/1.1" 200 101
116.230.112.23 - - [29/Feb/2024:09:35:37 +0800] "GET /xingrg/javascript/easyui/themes/default/validatebox.css HTTP/1.1" 404 1104
116.230.112.23 - - [29/Feb/2024:09:35:37 +0800] "GET /xingrg/javascript/easyui/plugins/jquery.validatebox.js HTTP/1.1" 304 -
116.230.112.23 - - [29/Feb/2024:09:35:37 +0800] "GET /xingrg/javascript/easyui/plugins/jquery.numberbox.js HTTP/1.1" 304 -
101.83.145.37 - - [29/Feb/2024:09:35:38 +0800] "GET /xingrg/all/function/internal_message.html?_=1709170539832&CODE_STATE=getMsg HTTP/1.1" 200 27
116.230.112.23 - - [29/Feb/2024:09:35:42 +0800] "GET /xingrg/kc/buy/cgsh_order_list.html HTTP/1.1" 200 57747
116.224.254.208 - - [29/Feb/2024:09:35:43 +0800] "GET /xingrg/kc/base/check_order_list.html?isBack=1 HTTP/1.1" 200 16138
116.224.254.208 - - [29/Feb/2024:09:35:43 +0800] "POST /xingrg/kc/base/check_list_operate.html HTTP/1.1" 200 2913
116.230.112.23 - - [29/Feb/2024:09:35:44 +0800] "POST /xingrg/kc/buy/cgsh_list_operate.html HTTP/1.1" 200 986
116.224.254.208 - - [29/Feb/2024:09:35:45 +0800] "GET /xingrg/kc/base/check_order_add.html HTTP/1.1" 200 26444
116.224.254.208 - - [29/Feb/2024:09:35:45 +0800] "GET /xingrg/dwr/interface/AjaxComOrderService.js HTTP/1.1" 200 18264
116.224.254.208 - - [29/Feb/2024:09:35:45 +0800] "GET /xingrg/dwr/interface/AjaxCheckService.js HTTP/1.1" 200 14003
116.224.254.208 - - [29/Feb/2024:09:35:45 +0800] "GET /xingrg/dwr/engine.js HTTP/1.1" 200 43631
58.40.7.146 - - [29/Feb/2024:09:35:45 +0800] "GET /xingrg/all/function/internal_message.html?_=1709170545793&CODE_STATE=getMsg HTTP/1.1" 200 27
116.224.254.208 - - [29/Feb/2024:09:35:48 +0800] "GET /xingrg/all/function/internal_message.html?_=1709170548572&CODE_STATE=getMsg HTTP/1.1" 200 27
116.230.112.23 - - [29/Feb/2024:09:35:51 +0800] "GET /xingrg/javascript/jquery_tools/images/prev.gif HTTP/1.1" 404 1086
116.230.112.23 - - [29/Feb/2024:09:35:51 +0800] "GET /xingrg/javascript/jquery_tools/images/next.gif HTTP/1.1" 404 1086
116.224.254.208 - - [29/Feb/2024:09:35:52 +0800] "POST /xingrg/dwr/call/plaincall/AjaxCheckService.saveOrder.dwr HTTP/1.1" 200 78
116.224.254.208 - - [29/Feb/2024:09:35:53 +0800] "POST /xingrg/dwr/call/plaincall/AjaxCheckService.loadOrderItems.dwr HTTP/1.1" 200 367
218.81.65.124 - - [29/Feb/2024:09:35:54 +0800] "GET /xingrg/all/function/internal_message.html?_=1709170559916&CODE_STATE=getMsg HTTP/1.1" 200 27
116.224.254.208 - - [29/Feb/2024:09:35:55 +0800] "POST /xingrg/kc/report/common_data.html?type=materiel_category_tree HTTP/1.1" 200 4017
180.164.1.25 - - [29/Feb/2024:09:35:55 +0800] "GET /xingrg/all/function/internal_message.html?_=1709170554642&CODE_STATE=getMsg HTTP/1.1" 200 27
116.230.112.23 - - [29/Feb/2024:09:36:00 +0800] "GET /xingrg/javascript/auto/indicator.gif HTTP/1.1" 404 1066
116.224.254.208 - - [29/Feb/2024:09:36:02 +0800] "POST /xingrg/dwr/call/plaincall/AjaxCheckService.importOrderItems.dwr HTTP/1.1" 200 78
172.20.0.100 - - [29/Feb/2024:09:36:03 +0800] "GET /xingrg/check_reg.html?_=1709170562638 HTTP/1.1" 200 22
172.20.0.100 - - [29/Feb/2024:09:36:03 +0800] "GET /xingrg/all/function/internal_message.html?_=1709170562640&CODE_STATE=getMsg HTTP/1.1" 200 27
116.224.254.208 - - [29/Feb/2024:09:36:03 +0800] "POST /xingrg/dwr/call/plaincall/AjaxCheckService.loadOrderItems.dwr HTTP/1.1" 200 3593
116.224.254.208 - - [29/Feb/2024:09:36:06 +0800] "GET /xingrg/kc/print/load_config.html?_=1709170566300&kc_code=check HTTP/1.1" 200 2488
116.224.254.208 - - [29/Feb/2024:09:36:06 +0800] "GET /xingrg/kc/print/load_data.html?_=1709170566367&order_code=452024022900128&kc_code=check&condition= HTTP/1.1" 200 1145
116.230.112.23 - - [29/Feb/2024:09:36:10 +0800] "POST /xingrg/kc/buy/cgsh_list_operate.html HTTP/1.1" 200 6179
116.224.254.208 - - [29/Feb/2024:09:36:10 +0800] "GET /xingrg/all/function/internal_message.html?_=1709170570533&CODE_STATE=getMsg HTTP/1.1" 200 27
116.238.97.31 - - [29/Feb/2024:09:36:10 +0800] "GET /xingrg/check_reg.html?_=1709170571057 HTTP/1.1" 200 22
101.83.240.223 - - [29/Feb/2024:09:36:11 +0800] "GET /xingrg/kc/buy/cgsh_order_add.html HTTP/1.1" 200 73604
116.224.254.208 - - [29/Feb/2024:09:36:11 +0800] "GET /xingrg/kc/base/check_order_list.html?isBack=1 HTTP/1.1" 200 16138
101.83.240.223 - - [29/Feb/2024:09:36:11 +0800] "GET /xingrg/words/20240229092203_words.js HTTP/1.1" 304 -
101.83.240.223 - - [29/Feb/2024:09:36:11 +0800] "POST /xingrg/kc/buy/cgsh_order_operate.html HTTP/1.1" 200 8245
101.83.240.223 - - [29/Feb/2024:09:36:11 +0800] "GET /xingrg/javascript/easyui/themes/default/validatebox.css HTTP/1.1" 404 1104
116.224.254.208 - - [29/Feb/2024:09:36:11 +0800] "POST /xingrg/kc/base/check_list_operate.html HTTP/1.1" 200 3255
116.224.254.208 - - [29/Feb/2024:09:36:12 +0800] "GET /xingrg/kc/base/check_order_add.html HTTP/1.1" 200 26444
116.224.254.208 - - [29/Feb/2024:09:36:12 +0800] "GET /xingrg/dwr/interface/AjaxComOrderService.js HTTP/1.1" 200 18264
116.224.254.208 - - [29/Feb/2024:09:36:12 +0800] "GET /xingrg/dwr/interface/AjaxCheckService.js HTTP/1.1" 200 14003
116.224.254.208 - - [29/Feb/2024:09:36:12 +0800] "GET /xingrg/dwr/engine.js HTTP/1.1" 200 43631
114.89.91.180 - - [29/Feb/2024:09:36:12 +0800] "GET /xingrg/login.html HTTP/1.1" 200 7641
114.89.91.180 - - [29/Feb/2024:09:36:13 +0800] "GET /favicon.ico HTTP/1.1" 404 -
58.39.109.113 - - [29/Feb/2024:09:36:17 +0800] "GET /xingrg/all/function/internal_message.html?_=1709170578312&CODE_STATE=getMsg HTTP/1.1" 200 27
114.89.91.180 - - [29/Feb/2024:09:36:17 +0800] "POST /xingrg/login.do HTTP/1.1" 302 -
114.89.91.180 - - [29/Feb/2024:09:36:17 +0800] "GET /xingrg/index.html?sysBaseUrl=http%3A%2F%2F180.169.147.146%3A18081%2Fxingrg%2F&costTime=804×tamp=1709170577370 HTTP/1.1" 200 17177
114.89.91.180 - - [29/Feb/2024:09:36:17 +0800] "GET /favicon.ico HTTP/1.1" 404 -
114.89.91.180 - - [29/Feb/2024:09:36:17 +0800] "GET /xingrg/check_reg.html?_=1709170580378 HTTP/1.1" 200 22
114.89.91.180 - - [29/Feb/2024:09:36:17 +0800] "GET /xingrg/all/function/internal_message.html?_=1709170580378&CODE_STATE=count HTTP/1.1" 200 11
114.89.91.180 - - [29/Feb/2024:09:36:17 +0800] "POST /xingrg/all/common/load_tree.html?tree=area_rest_tree_json&manage=1 HTTP/1.1" 200 601
116.230.123.222 - - [29/Feb/2024:09:36:17 +0800] "GET /xingrg/check_reg.html?_=1709170576008 HTTP/1.1" 200 22
116.230.123.222 - - [29/Feb/2024:09:36:17 +0800] "GET /xingrg/all/function/internal_message.html?_=1709170576011&CODE_STATE=getMsg HTTP/1.1" 200 27
114.89.91.180 - - [29/Feb/2024:09:36:17 +0800] "POST /xingrg/load_menu.html HTTP/1.1" 200 5138
116.224.254.208 - - [29/Feb/2024:09:36:21 +0800] "POST /xingrg/dwr/call/plaincall/AjaxCheckService.saveOrder.dwr HTTP/1.1" 200 78
124.78.67.200 - - [29/Feb/2024:09:36:21 +0800] "GET /xingrg/all/function/internal_message.html?_=1709170581821&CODE_STATE=getMsg HTTP/1.1" 200 27
116.224.254.208 - - [29/Feb/2024:09:36:22 +0800] "POST /xingrg/dwr/call/plaincall/AjaxCheckService.loadOrderItems.dwr HTTP/1.1" 200 367
116.228.172.94 - - [29/Feb/2024:09:36:23 +0800] "GET /xingrg/all/function/internal_message.html?_=1709170309915&CODE_STATE=getMsg HTTP/1.1" 200 27
116.230.112.23 - - [29/Feb/2024:09:36:23 +0800] "GET /xingrg/all/function/internal_message.html?_=1709170597724&CODE_STATE=getMsg HTTP/1.1" 200 27
101.83.240.223 - - [29/Feb/2024:09:36:24 +0800] "GET /xingrg/all/function/internal_message.html?_=1709170582429&CODE_STATE=getMsg HTTP/1.1" 200 27
114.89.91.180 - - [29/Feb/2024:09:36:25 +0800] "GET /xingrg/kc/buy/buy_main.html HTTP/1.1" 200 12412
114.89.91.180 - - [29/Feb/2024:09:36:25 +0800] "GET /xingrg/css/new_ie.css HTTP/1.1" 404 1036
114.89.91.180 - - [29/Feb/2024:09:36:26 +0800] "GET /xingrg/images/yd/bt.gif HTTP/1.1" 404 1040
222.69.133.0 - - [29/Feb/2024:09:36:26 +0800] "GET /xingrg/kc/base/yddb_order_list.html HTTP/1.1" 200 16624
222.69.133.0 - - [29/Feb/2024:09:36:26 +0800] "POST /xingrg/kc/base/yddb_list_operate.html HTTP/1.1" 200 636
114.89.91.180 - - [29/Feb/2024:09:36:27 +0800] "GET /xingrg/kc/buy/cgsh_order_list.html HTTP/1.1" 200 57745
116.224.254.208 - - [29/Feb/2024:09:36:28 +0800] "POST /xingrg/dwr/call/plaincall/AjaxCheckService.importOrderItems.dwr HTTP/1.1" 200 78
116.224.254.208 - - [29/Feb/2024:09:36:29 +0800] "POST /xingrg/dwr/call/plaincall/AjaxCheckService.loadOrderItems.dwr HTTP/1.1" 200 8868
221.239.172.101 - - [29/Feb/2024:09:36:30 +0800] "GET /xingrg/all/function/internal_message.html?_=1709170588769&CODE_STATE=getMsg HTTP/1.1" 200 27
116.224.254.208 - - [29/Feb/2024:09:36:30 +0800] "GET /xingrg/kc/print/load_config.html?_=1709170590509&kc_code=check HTTP/1.1" 200 2488
116.224.254.208 - - [29/Feb/2024:09:36:31 +0800] "GET /xingrg/kc/print/load_data.html?_=1709170590810&order_code=452024022900129&kc_code=check&condition= HTTP/1.1" 200 2552
114.89.91.180 - - [29/Feb/2024:09:36:31 +0800] "POST /xingrg/kc/buy/cgsh_list_operate.html HTTP/1.1" 200 1866
116.232.194.112 - - [29/Feb/2024:09:36:35 +0800] "POST /xingrg/kc/buy/cgsh_list_operate.html HTTP/1.1" 200 3156
116.224.254.208 - - [29/Feb/2024:09:36:36 +0800] "GET /xingrg/kc/base/check_order_list.html?isBack=1 HTTP/1.1" 200 16138
114.89.91.180 - - [29/Feb/2024:09:36:36 +0800] "GET /xingrg/kc/buy/cgsh_order_add.html HTTP/1.1" 200 72478
116.232.194.112 - - [29/Feb/2024:09:36:36 +0800] "GET /xingrg/check_reg.html?_=1709170583141 HTTP/1.1" 200 22
114.89.91.180 - - [29/Feb/2024:09:36:36 +0800] "GET /xingrg/words/20240229092203_words.js HTTP/1.1" 200 1014224
116.224.254.208 - - [29/Feb/2024:09:36:37 +0800] "POST /xingrg/kc/base/check_list_operate.html HTTP/1.1" 200 3594
222.69.133.0 - - [29/Feb/2024:09:36:37 +0800] "GET /xingrg/all/function/internal_message.html?_=1709170598094&CODE_STATE=getMsg HTTP/1.1" 200 27
116.232.194.112 - - [29/Feb/2024:09:36:37 +0800] "GET /xingrg/all/function/internal_message.html?_=1709170583566&CODE_STATE=getMsg HTTP/1.1" 200 27
114.89.91.180 - - [29/Feb/2024:09:36:37 +0800] "POST /xingrg/kc/buy/cgsh_order_operate.html HTTP/1.1" 200 8245
114.89.91.180 - - [29/Feb/2024:09:36:37 +0800] "GET /xingrg/javascript/easyui/themes/default/validatebox.css HTTP/1.1" 404 1104
222.69.133.0 - - [29/Feb/2024:09:36:37 +0800] "GET /xingrg/kc/base/yddb_order_list.html HTTP/1.1" 200 16624
114.89.91.180 - - [29/Feb/2024:09:36:37 +0800] "GET /xingrg/all/common/auto_word.html?type=employee&rest_code=00158 HTTP/1.1" 200 47
114.89.91.180 - - [29/Feb/2024:09:36:37 +0800] "GET /xingrg/all/common/auto_word.html?type=employee&rest_code=00158 HTTP/1.1" 200 47
222.69.133.0 - - [29/Feb/2024:09:36:37 +0800] "POST /xingrg/kc/base/yddb_list_operate.html HTTP/1.1" 200 636
101.83.145.37 - - [29/Feb/2024:09:36:38 +0800] "GET /xingrg/all/function/internal_message.html?_=1709170599833&CODE_STATE=getMsg HTTP/1.1" 200 27
114.89.91.180 - - [29/Feb/2024:09:36:39 +0800] "GET /xingrg/javascript/auto/indicator.gif HTTP/1.1" 404 1066
114.89.91.180 - - [29/Feb/2024:09:36:40 +0800] "GET /xingrg/javascript/jquery_tools/images/prev.gif HTTP/1.1" 404 1086
114.89.91.180 - - [29/Feb/2024:09:36:40 +0800] "GET /xingrg/javascript/jquery_tools/images/next.gif HTTP/1.1" 404 1086
222.69.133.0 - - [29/Feb/2024:09:36:41 +0800] "POST /xingrg/kc/base/yddb_list_operate.html HTTP/1.1" 200 1340
116.232.33.28 - - [29/Feb/2024:09:36:42 +0800] "POST /xingrg/services/DataTransmitService HTTP/1.1" 200 524
222.69.133.0 - - [29/Feb/2024:09:36:43 +0800] "POST /xingrg/kc/base/yddb_list_operate.html HTTP/1.1" 200 198
58.40.7.146 - - [29/Feb/2024:09:36:44 +0800] "GET /xingrg/check_reg.html?_=1709170604233 HTTP/1.1" 200 22
116.232.33.28 - - [29/Feb/2024:09:36:44 +0800] "POST /xingrg/services/DataTransmitService HTTP/1.1" 200 2155
222.69.133.0 - - [29/Feb/2024:09:36:44 +0800] "GET /xingrg/kc/base/yddb_order_info.html?code=482024022900144 HTTP/1.1" 200 30153
222.69.133.0 - - [29/Feb/2024:09:36:44 +0800] "GET /xingrg/dwr/interface/AjaxComOrderService.js HTTP/1.1" 200 18264
222.69.133.0 - - [29/Feb/2024:09:36:44 +0800] "GET /xingrg/dwr/interface/AjaxYddbService.js HTTP/1.1" 200 13201
222.69.133.0 - - [29/Feb/2024:09:36:44 +0800] "GET /xingrg/javascript/Grid.js HTTP/1.1" 200 58908
222.69.133.0 - - [29/Feb/2024:09:36:44 +0800] "GET /xingrg/dwr/engine.js HTTP/1.1" 200 43631
222.69.133.0 - - [29/Feb/2024:09:36:44 +0800] "GET /xingrg/javascript/checkform.js HTTP/1.1" 200 18351
222.69.133.0 - - [29/Feb/2024:09:36:44 +0800] "GET /xingrg/javascript/ToolTips.js HTTP/1.1" 200 5615
222.69.133.0 - - [29/Feb/2024:09:36:44 +0800] "GET /xingrg/javascript/jquery_easy_ui/themes/icons/edit_add_new.png HTTP/1.1" 200 2997
222.69.133.0 - - [29/Feb/2024:09:36:44 +0800] "GET /xingrg/images/blue/wait.gif HTTP/1.1" 200 1100
222.69.133.0 - - [29/Feb/2024:09:36:44 +0800] "GET /xingrg/images/blue/kc_tab_left.gif HTTP/1.1" 200 188
222.69.133.0 - - [29/Feb/2024:09:36:44 +0800] "GET /xingrg/images/blue/kc_tab_mid.gif HTTP/1.1" 200 44
222.69.133.0 - - [29/Feb/2024:09:36:44 +0800] "GET /xingrg/images/blue/kc_tab_right.gif HTTP/1.1" 200 643
222.69.133.0 - - [29/Feb/2024:09:36:45 +0800] "POST /xingrg/dwr/call/plaincall/AjaxYddbService.loadMaterielItems.dwr HTTP/1.1" 200 383
116.232.33.28 - - [29/Feb/2024:09:36:45 +0800] "POST /xingrg/services/DataTransmitService HTTP/1.1" 200 195052
58.40.7.146 - - [29/Feb/2024:09:36:45 +0800] "GET /xingrg/all/function/internal_message.html?_=1709170605765&CODE_STATE=getMsg HTTP/1.1" 200 27
101.83.240.223 - - [29/Feb/2024:09:36:48 +0800] "GET /xingrg/kc/buy/cgsh_order_operate.html?command=get_materiel&rest_code=00149&code=00101012025&supplier_code=00100096&order_time=2024-02-29 HTTP/1.1" 200 414
114.89.91.180 - - [29/Feb/2024:09:36:48 +0800] "GET /xingrg/kc/buy/cgsh_order_operate.html?command=get_materiel&rest_code=00158&code=00101028066&supplier_code=00100585&order_time=2024-02-29 HTTP/1.1" 200 446
116.224.254.208 - - [29/Feb/2024:09:36:48 +0800] "GET /xingrg/all/function/internal_message.html?_=1709170608591&CODE_STATE=getMsg HTTP/1.1" 200 27
116.230.123.222 - - [29/Feb/2024:09:36:49 +0800] "GET /xingrg/javascript/auto/indicator.gif HTTP/1.1" 404 1066
116.232.194.112 - - [29/Feb/2024:09:36:52 +0800] "POST /xingrg/kc/buy/cgsh_list_operate.html HTTP/1.1" 200 273
116.232.194.112 - - [29/Feb/2024:09:36:53 +0800] "GET /xingrg/kc/buy/cgsh_order_info.html?code=212024022908137 HTTP/1.1" 200 73611
116.232.194.112 - - [29/Feb/2024:09:36:53 +0800] "GET /xingrg/words/20240229092203_words.js HTTP/1.1" 304 -
116.232.194.112 - - [29/Feb/2024:09:36:53 +0800] "GET /xingrg/javascript/easyui/themes/default/validatebox.css HTTP/1.1" 404 1104
116.232.194.112 - - [29/Feb/2024:09:36:54 +0800] "POST /xingrg/kc/buy/cgsh_order_operate.html HTTP/1.1" 200 3244
218.81.65.124 - - [29/Feb/2024:09:36:54 +0800] "GET /xingrg/all/function/internal_message.html?_=1709170619914&CODE_STATE=getMsg HTTP/1.1" 200 27
180.164.1.25 - - [29/Feb/2024:09:36:55 +0800] "GET /xingrg/all/function/internal_message.html?_=1709170614657&CODE_STATE=getMsg HTTP/1.1" 200 27
116.232.194.112 - - [29/Feb/2024:09:36:56 +0800] "GET /xingrg/kc/print/load_data.html?order_code=212024022908137&kc_code=cgsh HTTP/1.1" 200 896
222.69.133.0 - - [29/Feb/2024:09:37:00 +0800] "POST /xingrg/dwr/call/plaincall/AjaxYddbService.saveOrder.dwr HTTP/1.1" 200 78
101.83.240.223 - - [29/Feb/2024:09:37:01 +0800] "GET /xingrg/kc/buy/cgsh_order_operate.html?command=get_materiel&rest_code=00149&code=00101012030&supplier_code=00100096&order_time=2024-02-29 HTTP/1.1" 200 416
