222.70.115.1 - - [29/Feb/2024:10:40:21 +0800] "GET /xingrg/all/function/internal_message.html?_=1709174427047&CODE_STATE=getMsg HTTP/1.1" 200 27
101.83.240.223 - - [29/Feb/2024:10:40:22 +0800] "GET /xingrg/check_reg.html?_=1709174420825 HTTP/1.1" 200 22
116.228.172.94 - - [29/Feb/2024:10:40:23 +0800] "GET /xingrg/all/function/internal_message.html?_=1709174149913&CODE_STATE=getMsg HTTP/1.1" 200 27
101.83.240.223 - - [29/Feb/2024:10:40:23 +0800] "GET /xingrg/all/function/internal_message.html?_=1709174421435&CODE_STATE=getMsg HTTP/1.1" 200 27
116.230.112.23 - - [29/Feb/2024:10:40:25 +0800] "GET /xingrg/check_reg.html?_=1709174439085 HTTP/1.1" 200 22
116.238.97.31 - - [29/Feb/2024:10:40:26 +0800] "POST /xingrg/kc/buy/cgsh_order_operate.html HTTP/1.1" 200 37
221.239.172.101 - - [29/Feb/2024:10:40:28 +0800] "GET /xingrg/all/function/internal_message.html?_=1709174427511&CODE_STATE=getMsg HTTP/1.1" 200 27
101.83.240.223 - - [29/Feb/2024:10:40:29 +0800] "GET /xingrg/check_reg.html?_=1709174429763 HTTP/1.1" 200 22
218.81.65.124 - - [29/Feb/2024:10:40:31 +0800] "GET /xingrg/login.html HTTP/1.1" 200 7641
218.81.65.124 - - [29/Feb/2024:10:40:31 +0800] "GET /favicon.ico HTTP/1.1" 404 -
180.169.147.146 - - [29/Feb/2024:10:40:32 +0800] "GET /xingrg/kc/buy/buy_main.html HTTP/1.1" 302 -
180.169.147.146 - - [29/Feb/2024:10:40:32 +0800] "GET /xingrg/login.html HTTP/1.1" 200 7641
180.169.147.146 - - [29/Feb/2024:10:40:32 +0800] "GET /xingrg/login.html HTTP/1.1" 200 7641
222.69.133.0 - - [29/Feb/2024:10:40:32 +0800] "GET /xingrg/all/function/internal_message.html?_=1709174433356&CODE_STATE=getMsg HTTP/1.1" 200 27
180.169.147.146 - - [29/Feb/2024:10:40:33 +0800] "GET /favicon.ico HTTP/1.1" 404 -
218.81.65.124 - - [29/Feb/2024:10:40:33 +0800] "POST /xingrg/login.do HTTP/1.1" 302 -
218.81.65.124 - - [29/Feb/2024:10:40:33 +0800] "GET /xingrg/index.html?sysBaseUrl=http%3A%2F%2F180.169.147.146%3A18081%2Fxingrg%2F&costTime=900×tamp=1709174433494 HTTP/1.1" 200 17503
218.81.65.124 - - [29/Feb/2024:10:40:33 +0800] "GET /favicon.ico HTTP/1.1" 404 -
218.81.65.124 - - [29/Feb/2024:10:40:33 +0800] "GET /xingrg/all/function/internal_message.html?_=1709174433501&CODE_STATE=count HTTP/1.1" 200 11
218.81.65.124 - - [29/Feb/2024:10:40:33 +0800] "GET /xingrg/check_reg.html?_=1709174433501 HTTP/1.1" 200 22
218.81.65.124 - - [29/Feb/2024:10:40:33 +0800] "POST /xingrg/all/common/load_tree.html?tree=area_rest_tree_json&manage=1 HTTP/1.1" 200 3624
218.81.65.124 - - [29/Feb/2024:10:40:33 +0800] "POST /xingrg/load_menu.html HTTP/1.1" 200 11564
116.238.97.31 - - [29/Feb/2024:10:40:34 +0800] "POST /xingrg/kc/buy/cgsh_order_operate.html HTTP/1.1" 200 12
180.169.147.146 - - [29/Feb/2024:10:40:35 +0800] "POST /xingrg/login.do HTTP/1.1" 302 -
180.169.147.146 - - [29/Feb/2024:10:40:35 +0800] "GET /xingrg/index.html?sysBaseUrl=http%3A%2F%2F180.169.147.146%3A18081%2Fxingrg%2F&costTime=804×tamp=1709174435759 HTTP/1.1" 200 17179
180.169.147.146 - - [29/Feb/2024:10:40:35 +0800] "GET /favicon.ico HTTP/1.1" 404 -
180.169.147.146 - - [29/Feb/2024:10:40:36 +0800] "GET /xingrg/all/function/internal_message.html?_=1709174434135&CODE_STATE=count HTTP/1.1" 200 11
180.169.147.146 - - [29/Feb/2024:10:40:36 +0800] "GET /xingrg/check_reg.html?_=1709174434137 HTTP/1.1" 200 22
180.169.147.146 - - [29/Feb/2024:10:40:36 +0800] "POST /xingrg/all/common/load_tree.html?tree=area_rest_tree_json&manage=1 HTTP/1.1" 200 351
180.169.147.146 - - [29/Feb/2024:10:40:36 +0800] "POST /xingrg/load_menu.html HTTP/1.1" 200 5138
116.232.194.112 - - [29/Feb/2024:10:40:36 +0800] "GET /xingrg/all/function/internal_message.html?_=1709174423112&CODE_STATE=getMsg HTTP/1.1" 200 27
218.81.65.124 - - [29/Feb/2024:10:40:37 +0800] "POST /xingrg/all/user/operate.html HTTP/1.1" 200 36
218.81.65.124 - - [29/Feb/2024:10:40:38 +0800] "GET /xingrg/index.html?sysBaseUrl=http%3A%2F%2F180.169.147.146%3A18081%2Fxingrg%2F&costTime=900×tamp=1709174433494 HTTP/1.1" 200 17509
218.81.65.124 - - [29/Feb/2024:10:40:38 +0800] "GET /xingrg/javascript/jquery_easy_ui/themes/default/easyui.css HTTP/1.1" 304 -
218.81.65.124 - - [29/Feb/2024:10:40:38 +0800] "GET /xingrg/javascript/jquery_easy_ui/themes/icon.css HTTP/1.1" 304 -
218.81.65.124 - - [29/Feb/2024:10:40:38 +0800] "GET /xingrg/css/form.css HTTP/1.1" 304 -
218.81.65.124 - - [29/Feb/2024:10:40:38 +0800] "GET /xingrg/javascript/jquery-1.4.2.min.js HTTP/1.1" 304 -
218.81.65.124 - - [29/Feb/2024:10:40:38 +0800] "GET /xingrg/javascript/jquery_easy_ui/jquery.easyui.min.js HTTP/1.1" 304 -
218.81.65.124 - - [29/Feb/2024:10:40:38 +0800] "GET /xingrg/javascript/jquery_easy_ui/easyui-lang-zh_CN.js HTTP/1.1" 304 -
116.238.97.31 - - [29/Feb/2024:10:40:38 +0800] "GET /xingrg/kc/buy/cgsh_order_info.html?code=212024022908182 HTTP/1.1" 200 68458
218.81.65.124 - - [29/Feb/2024:10:40:38 +0800] "GET /xingrg/javascript/jquery.form.js HTTP/1.1" 304 -
218.81.65.124 - - [29/Feb/2024:10:40:38 +0800] "GET /xingrg/javascript/jquery.utils.js HTTP/1.1" 304 -
218.81.65.124 - - [29/Feb/2024:10:40:38 +0800] "GET /xingrg/javascript/jquery.timers.js HTTP/1.1" 304 -
218.81.65.124 - - [29/Feb/2024:10:40:38 +0800] "GET /xingrg/images/blue/jxLogo.png HTTP/1.1" 304 -
218.81.65.124 - - [29/Feb/2024:10:40:38 +0800] "GET /xingrg/images/blue/navBackgound.jpg HTTP/1.1" 304 -
218.81.65.124 - - [29/Feb/2024:10:40:38 +0800] "GET /xingrg/javascript/jquery_easy_ui/themes/icons/settle_new.png HTTP/1.1" 304 -
116.238.97.31 - - [29/Feb/2024:10:40:38 +0800] "GET /xingrg/words/20240229092203_words.js HTTP/1.1" 304 -
218.81.65.124 - - [29/Feb/2024:10:40:38 +0800] "GET /xingrg/all/function/internal_message.html?_=1709174438028&CODE_STATE=count HTTP/1.1" 200 11
218.81.65.124 - - [29/Feb/2024:10:40:38 +0800] "GET /xingrg/check_reg.html?_=1709174438029 HTTP/1.1" 200 22
218.81.65.124 - - [29/Feb/2024:10:40:38 +0800] "GET /xingrg/javascript/jquery_easy_ui/themes/default/images/tabs_leftarrow.png HTTP/1.1" 304 -
218.81.65.124 - - [29/Feb/2024:10:40:38 +0800] "GET /xingrg/javascript/jquery_easy_ui/themes/default/images/panel_tool_expand.gif HTTP/1.1" 304 -
218.81.65.124 - - [29/Feb/2024:10:40:38 +0800] "GET /xingrg/javascript/jquery_easy_ui/themes/default/images/panel_tool_collapse.gif HTTP/1.1" 304 -
218.81.65.124 - - [29/Feb/2024:10:40:38 +0800] "GET /xingrg/javascript/jquery_easy_ui/themes/default/images/tabs_rightarrow.png HTTP/1.1" 304 -
218.81.65.124 - - [29/Feb/2024:10:40:38 +0800] "GET /xingrg/images/blue/pingpu.png HTTP/1.1" 304 -
101.83.145.37 - - [29/Feb/2024:10:40:38 +0800] "GET /xingrg/all/function/internal_message.html?_=1709174439910&CODE_STATE=getMsg HTTP/1.1" 200 27
218.81.65.124 - - [29/Feb/2024:10:40:38 +0800] "POST /xingrg/all/common/load_tree.html?tree=area_rest_tree_json&manage=1 HTTP/1.1" 200 3624
116.238.97.31 - - [29/Feb/2024:10:40:38 +0800] "GET /xingrg/javascript/easyui/themes/default/validatebox.css HTTP/1.1" 404 1104
218.81.65.124 - - [29/Feb/2024:10:40:38 +0800] "POST /xingrg/load_menu.html HTTP/1.1" 200 9959
180.169.147.146 - - [29/Feb/2024:10:40:38 +0800] "GET /xingrg/kc/buy/buy_main.html HTTP/1.1" 200 12412
180.169.147.146 - - [29/Feb/2024:10:40:38 +0800] "GET /xingrg/css/new_ie.css HTTP/1.1" 404 1036
180.169.147.146 - - [29/Feb/2024:10:40:39 +0800] "GET /xingrg/images/yd/bt.gif HTTP/1.1" 404 1040
218.81.65.124 - - [29/Feb/2024:10:40:39 +0800] "GET /xingrg/kc/base/base_main.html HTTP/1.1" 200 12142
116.238.97.31 - - [29/Feb/2024:10:40:39 +0800] "POST /xingrg/kc/buy/cgsh_order_operate.html HTTP/1.1" 200 608
101.83.145.37 - - [29/Feb/2024:10:40:39 +0800] "GET /xingrg/check_reg.html?_=1709174203500 HTTP/1.1" 200 22
101.83.145.37 - - [29/Feb/2024:10:40:39 +0800] "GET /xingrg/all/function/internal_message.html?_=1709174203497&CODE_STATE=getMsg HTTP/1.1" 200 27
180.169.147.146 - - [29/Feb/2024:10:40:40 +0800] "GET /xingrg/kc/buy/cgsh_order_list.html HTTP/1.1" 200 8212
218.81.65.124 - - [29/Feb/2024:10:40:40 +0800] "GET /xingrg/kc/base/check_order_list.html HTTP/1.1" 200 16393
180.169.147.146 - - [29/Feb/2024:10:40:41 +0800] "GET /xingrg/kc/buy/cgsh_order_list.html HTTP/1.1" 200 57747
218.81.65.124 - - [29/Feb/2024:10:40:41 +0800] "POST /xingrg/kc/base/check_list_operate.html HTTP/1.1" 200 1560
116.238.97.31 - - [29/Feb/2024:10:40:41 +0800] "GET /xingrg/kc/print/load_data.html?order_code=212024022908182&kc_code=cgsh&condition= HTTP/1.1" 200 731
218.81.65.124 - - [29/Feb/2024:10:40:43 +0800] "GET /xingrg/kc/base/check_order_add.html HTTP/1.1" 200 26434
218.81.65.124 - - [29/Feb/2024:10:40:43 +0800] "GET /xingrg/dwr/interface/AjaxComOrderService.js HTTP/1.1" 200 18264
218.81.65.124 - - [29/Feb/2024:10:40:43 +0800] "GET /xingrg/dwr/interface/AjaxCheckService.js HTTP/1.1" 200 14003
218.81.65.124 - - [29/Feb/2024:10:40:43 +0800] "GET /xingrg/dwr/engine.js HTTP/1.1" 200 43631
218.81.65.124 - - [29/Feb/2024:10:40:43 +0800] "GET /xingrg/all/function/internal_message.html?_=1709174448261&CODE_STATE=getMsg HTTP/1.1" 200 27
116.238.97.31 - - [29/Feb/2024:10:40:46 +0800] "GET /xingrg/kc/buy/cgsh_order_add.html HTTP/1.1" 200 73551
116.238.97.31 - - [29/Feb/2024:10:40:46 +0800] "POST /xingrg/kc/buy/cgsh_order_operate.html HTTP/1.1" 200 8245
116.238.97.31 - - [29/Feb/2024:10:40:46 +0800] "GET /xingrg/javascript/easyui/themes/default/validatebox.css HTTP/1.1" 404 1104
116.230.112.23 - - [29/Feb/2024:10:40:48 +0800] "GET /xingrg/all/function/internal_message.html?_=1709174462492&CODE_STATE=getMsg HTTP/1.1" 200 27
116.238.97.31 - - [29/Feb/2024:10:40:48 +0800] "GET /xingrg/javascript/easyui/themes/default/tree.css HTTP/1.1" 404 1090
116.224.254.208 - - [29/Feb/2024:10:40:48 +0800] "GET /xingrg/all/function/internal_message.html?_=1709174448804&CODE_STATE=getMsg HTTP/1.1" 200 27
116.238.97.31 - - [29/Feb/2024:10:40:49 +0800] "POST /xingrg/all/common/load_tree.html?tree=supplier_tree_json&isDelete=1 HTTP/1.1" 200 78565
218.81.65.124 - - [29/Feb/2024:10:40:49 +0800] "POST /xingrg/dwr/call/plaincall/AjaxCheckService.saveOrder.dwr HTTP/1.1" 200 78
218.81.65.124 - - [29/Feb/2024:10:40:51 +0800] "POST /xingrg/dwr/call/plaincall/AjaxCheckService.loadOrderItems.dwr HTTP/1.1" 200 367
180.164.1.25 - - [29/Feb/2024:10:40:55 +0800] "GET /xingrg/all/function/internal_message.html?_=1709174454643&CODE_STATE=getMsg HTTP/1.1" 200 27
218.81.65.124 - - [29/Feb/2024:10:40:56 +0800] "POST /xingrg/dwr/call/plaincall/AjaxCheckService.importOrderItems.dwr HTTP/1.1" 200 78
116.237.77.14 - - [29/Feb/2024:10:40:58 +0800] "GET /xingrg/check_reg.html?_=1709174458056 HTTP/1.1" 200 22
116.237.77.14 - - [29/Feb/2024:10:40:58 +0800] "GET /xingrg/all/function/internal_message.html?_=1709174458054&CODE_STATE=getMsg HTTP/1.1" 200 27
180.164.1.25 - - [29/Feb/2024:10:41:00 +0800] "GET /xingrg/kc/buy/cgsh_order_operate.html?command=get_materiel&rest_code=00108&code=00101016022&supplier_code=00100151&order_time=2024-02-29 HTTP/1.1" 200 408
218.81.65.124 - - [29/Feb/2024:10:41:01 +0800] "POST /xingrg/dwr/call/plaincall/AjaxCheckService.loadOrderItems.dwr HTTP/1.1" 200 65499
116.230.123.222 - - [29/Feb/2024:10:41:02 +0800] "GET /xingrg/all/function/internal_message.html?_=1709174519774&CODE_STATE=getMsg HTTP/1.1" 200 27
116.230.123.222 - - [29/Feb/2024:10:41:02 +0800] "GET /xingrg/check_reg.html?_=1709174519930 HTTP/1.1" 200 22
116.238.97.31 - - [29/Feb/2024:10:41:03 +0800] "GET /xingrg/check_reg.html?_=1709174463531 HTTP/1.1" 200 22
101.83.240.223 - - [29/Feb/2024:10:41:03 +0800] "GET /xingrg/all/function/internal_message.html?_=1709174463687&CODE_STATE=getMsg HTTP/1.1" 200 27
218.81.65.124 - - [29/Feb/2024:10:41:04 +0800] "POST /xingrg/kc/base/check_list_operate.html HTTP/1.1" 200 1890
218.81.65.124 - - [29/Feb/2024:10:41:06 +0800] "GET /xingrg/kc/base/check_order_add.html HTTP/1.1" 200 26434
218.81.65.124 - - [29/Feb/2024:10:41:06 +0800] "GET /xingrg/dwr/interface/AjaxComOrderService.js HTTP/1.1" 200 18264
218.81.65.124 - - [29/Feb/2024:10:41:06 +0800] "GET /xingrg/dwr/interface/AjaxCheckService.js HTTP/1.1" 200 14003
218.81.65.124 - - [29/Feb/2024:10:41:06 +0800] "GET /xingrg/dwr/engine.js HTTP/1.1" 200 43631
116.238.97.31 - - [29/Feb/2024:10:41:06 +0800] "GET /xingrg/all/function/internal_message.html?_=1709174465734&CODE_STATE=getMsg HTTP/1.1" 200 27
58.40.7.146 - - [29/Feb/2024:10:41:08 +0800] "GET /xingrg/check_reg.html?_=1709174467959 HTTP/1.1" 200 22
116.232.194.112 - - [29/Feb/2024:10:41:12 +0800] "GET /favicon.ico HTTP/1.1" 404 -
218.81.65.124 - - [29/Feb/2024:10:41:12 +0800] "GET /xingrg/all/function/internal_message.html?_=1709174472419&CODE_STATE=getMsg HTTP/1.1" 200 27
180.169.147.146 - - [29/Feb/2024:10:41:13 +0800] "POST /xingrg/kc/buy/cgsh_list_operate.html HTTP/1.1" 200 5975
218.81.65.124 - - [29/Feb/2024:10:41:13 +0800] "POST /xingrg/dwr/call/plaincall/AjaxCheckService.saveOrder.dwr HTTP/1.1" 200 78
58.40.7.146 - - [29/Feb/2024:10:41:13 +0800] "GET /xingrg/all/function/internal_message.html?_=1709174473866&CODE_STATE=getMsg HTTP/1.1" 200 27
120.253.135.82 - - [29/Feb/2024:10:41:14 +0800] "GET /xingrg/all/function/internal_message.html?_=1709174308984&CODE_STATE=getMsg HTTP/1.1" 200 27
116.232.194.112 - - [29/Feb/2024:10:41:14 +0800] "GET /xingrg/all/function/internal_message.html?_=1709174473930&CODE_STATE=getMsg HTTP/1.1" 200 27
218.81.65.124 - - [29/Feb/2024:10:41:14 +0800] "POST /xingrg/dwr/call/plaincall/AjaxCheckService.loadOrderItems.dwr HTTP/1.1" 200 367
58.39.109.113 - - [29/Feb/2024:10:41:15 +0800] "GET /xingrg/all/function/internal_message.html?_=1709174477223&CODE_STATE=getMsg HTTP/1.1" 200 27
114.89.91.180 - - [29/Feb/2024:10:41:17 +0800] "GET /xingrg/all/function/internal_message.html?_=1709174479821&CODE_STATE=getMsg HTTP/1.1" 200 27
116.238.97.31 - - [29/Feb/2024:10:41:17 +0800] "GET /xingrg/kc/buy/cgsh_order_operate.html?command=get_materiel&rest_code=00102&code=00101029118&supplier_code=00100018&order_time=2024-02-29 HTTP/1.1" 200 459
218.81.65.124 - - [29/Feb/2024:10:41:17 +0800] "POST /xingrg/kc/report/common_data.html?type=materiel_category_tree HTTP/1.1" 200 4017
114.89.91.180 - - [29/Feb/2024:10:41:17 +0800] "GET /xingrg/check_reg.html?_=1709174480316 HTTP/1.1" 200 22
116.230.123.222 - - [29/Feb/2024:10:41:17 +0800] "GET /xingrg/check_reg.html?_=1709174476135 HTTP/1.1" 200 22
116.230.123.222 - - [29/Feb/2024:10:41:17 +0800] "GET /xingrg/all/function/internal_message.html?_=1709174476165&CODE_STATE=getMsg HTTP/1.1" 200 27
116.224.254.208 - - [29/Feb/2024:10:41:18 +0800] "GET /xingrg/all/function/internal_message.html?_=1709174478063&CODE_STATE=getMsg HTTP/1.1" 200 27
124.78.67.200 - - [29/Feb/2024:10:41:20 +0800] "GET /xingrg/all/function/internal_message.html?_=1709174480685&CODE_STATE=getMsg HTTP/1.1" 200 27
218.81.65.124 - - [29/Feb/2024:10:41:20 +0800] "POST /xingrg/dwr/call/plaincall/AjaxCheckService.importOrderItems.dwr HTTP/1.1" 200 78
222.70.115.1 - - [29/Feb/2024:10:41:21 +0800] "GET /xingrg/all/function/internal_message.html?_=1709174487042&CODE_STATE=getMsg HTTP/1.1" 200 27
218.81.65.124 - - [29/Feb/2024:10:41:22 +0800] "POST /xingrg/dwr/call/plaincall/AjaxCheckService.loadOrderItems.dwr HTTP/1.1" 200 41555
116.228.172.94 - - [29/Feb/2024:10:41:23 +0800] "GET /xingrg/all/function/internal_message.html?_=1709174209903&CODE_STATE=getMsg HTTP/1.1" 200 27
101.83.240.223 - - [29/Feb/2024:10:41:23 +0800] "GET /xingrg/all/function/internal_message.html?_=1709174481421&CODE_STATE=getMsg HTTP/1.1" 200 27
218.81.65.124 - - [29/Feb/2024:10:41:24 +0800] "GET /xingrg/kc/print/load_config.html?_=1709174484394&kc_code=check HTTP/1.1" 200 2488
218.81.65.124 - - [29/Feb/2024:10:41:25 +0800] "GET /xingrg/kc/print/load_data.html?_=1709174484467&order_code=452024022900139&kc_code=check&condition= HTTP/1.1" 200 10653
180.164.1.25 - - [29/Feb/2024:10:41:28 +0800] "GET /xingrg/kc/buy/cgsh_order_operate.html?command=get_materiel&rest_code=00108&code=00101020109&supplier_code=00100151&order_time=2024-02-29 HTTP/1.1" 200 413
221.239.172.101 - - [29/Feb/2024:10:41:28 +0800] "GET /xingrg/all/function/internal_message.html?_=1709174487483&CODE_STATE=getMsg HTTP/1.1" 200 27
222.69.133.0 - - [29/Feb/2024:10:41:32 +0800] "GET /xingrg/all/function/internal_message.html?_=1709174493333&CODE_STATE=getMsg HTTP/1.1" 200 27
222.69.133.0 - - [29/Feb/2024:10:41:32 +0800] "GET /xingrg/check_reg.html?_=1709174493444 HTTP/1.1" 200 22
116.237.77.14 - - [29/Feb/2024:10:41:32 +0800] "POST /xingrg/kc/buy/cgsh_order_operate.html HTTP/1.1" 200 37
116.237.77.14 - - [29/Feb/2024:10:41:35 +0800] "POST /xingrg/kc/buy/cgsh_order_operate.html HTTP/1.1" 200 29300
116.232.194.112 - - [29/Feb/2024:10:41:36 +0800] "GET /xingrg/all/function/internal_message.html?_=1709174483120&CODE_STATE=getMsg HTTP/1.1" 200 27
116.232.194.112 - - [29/Feb/2024:10:41:36 +0800] "GET /xingrg/check_reg.html?_=1709174483124 HTTP/1.1" 200 22
180.169.147.146 - - [29/Feb/2024:10:41:38 +0800] "POST /xingrg/kc/buy/cgsh_list_operate.html HTTP/1.1" 200 212
116.237.77.14 - - [29/Feb/2024:10:41:38 +0800] "GET /xingrg/kc/buy/buy_main.html HTTP/1.1" 200 12412
101.83.145.37 - - [29/Feb/2024:10:41:38 +0800] "GET /xingrg/all/function/internal_message.html?_=1709174499937&CODE_STATE=getMsg HTTP/1.1" 200 27
218.81.65.124 - - [29/Feb/2024:10:41:38 +0800] "GET /xingrg/all/function/internal_message.html?_=1709174498072&CODE_STATE=getMsg HTTP/1.1" 200 27
116.237.77.14 - - [29/Feb/2024:10:41:38 +0800] "GET /xingrg/css/new_ie.css HTTP/1.1" 404 1036
101.83.145.37 - - [29/Feb/2024:10:41:39 +0800] "GET /xingrg/all/function/internal_message.html?_=1709174263484&CODE_STATE=getMsg HTTP/1.1" 200 27
116.237.77.14 - - [29/Feb/2024:10:41:40 +0800] "GET /xingrg/images/yd/bt.gif HTTP/1.1" 404 1040
180.169.147.146 - - [29/Feb/2024:10:41:40 +0800] "POST /xingrg/kc/buy/cgsh_list_operate.html HTTP/1.1" 200 530
116.237.77.14 - - [29/Feb/2024:10:41:41 +0800] "GET /xingrg/kc/buy/cgsh_order_list.html HTTP/1.1" 200 57741
218.81.65.124 - - [29/Feb/2024:10:41:43 +0800] "GET /xingrg/all/function/internal_message.html?_=1709174508259&CODE_STATE=getMsg HTTP/1.1" 200 27
116.230.112.23 - - [29/Feb/2024:10:41:48 +0800] "GET /xingrg/all/function/internal_message.html?_=1709174522505&CODE_STATE=getMsg HTTP/1.1" 200 27
116.224.254.208 - - [29/Feb/2024:10:41:48 +0800] "GET /xingrg/all/function/internal_message.html?_=1709174508809&CODE_STATE=getMsg HTTP/1.1" 200 27
116.237.77.14 - - [29/Feb/2024:10:41:49 +0800] "POST /xingrg/kc/buy/cgsh_list_operate.html HTTP/1.1" 200 2266
218.81.65.124 - - [29/Feb/2024:10:41:50 +0800] "GET /xingrg/kc/print/load_config.html?_=1709174509779&kc_code=check HTTP/1.1" 200 2488
218.81.65.124 - - [29/Feb/2024:10:41:50 +0800] "GET /xingrg/kc/print/load_data.html?_=1709174509853&order_code=452024022900139&kc_code=check&condition= HTTP/1.1" 200 10653
180.164.1.25 - - [29/Feb/2024:10:41:51 +0800] "GET /xingrg/kc/buy/cgsh_order_operate.html?command=get_materiel&rest_code=00108&code=00101002027&supplier_code=00100151&order_time=2024-02-29 HTTP/1.1" 200 434
101.83.145.37 - - [29/Feb/2024:10:41:51 +0800] "GET /xingrg/kc/buy/cgsh_order_operate.html?command=get_materiel&rest_code=00105&code=00101008261&supplier_code=00100005&order_time=2024-02-29 HTTP/1.1" 200 429
180.164.1.25 - - [29/Feb/2024:10:41:55 +0800] "GET /xingrg/all/function/internal_message.html?_=1709174514646&CODE_STATE=getMsg HTTP/1.1" 200 27
116.237.77.14 - - [29/Feb/2024:10:41:58 +0800] "GET /xingrg/all/function/internal_message.html?_=1709174518068&CODE_STATE=getMsg HTTP/1.1" 200 27
218.81.65.124 - - [29/Feb/2024:10:42:00 +0800] "GET /xingrg/kc/base/check_order_add.html HTTP/1.1" 200 26434
218.81.65.124 - - [29/Feb/2024:10:42:00 +0800] "GET /xingrg/dwr/interface/AjaxComOrderService.js HTTP/1.1" 200 18264
218.81.65.124 - - [29/Feb/2024:10:42:00 +0800] "GET /xingrg/dwr/interface/AjaxCheckService.js HTTP/1.1" 200 14003
218.81.65.124 - - [29/Feb/2024:10:42:00 +0800] "GET /xingrg/dwr/engine.js HTTP/1.1" 200 43631
116.230.123.222 - - [29/Feb/2024:10:42:02 +0800] "GET /xingrg/all/function/internal_message.html?_=1709174579753&CODE_STATE=getMsg HTTP/1.1" 200 27
101.83.240.223 - - [29/Feb/2024:10:42:03 +0800] "GET /xingrg/all/function/internal_message.html?_=1709174523675&CODE_STATE=getMsg HTTP/1.1" 200 27
218.81.65.124 - - [29/Feb/2024:10:42:05 +0800] "POST /xingrg/dwr/call/plaincall/AjaxCheckService.saveOrder.dwr HTTP/1.1" 200 78
116.238.97.31 - - [29/Feb/2024:10:42:06 +0800] "GET /xingrg/all/function/internal_message.html?_=1709174525725&CODE_STATE=getMsg HTTP/1.1" 200 27
218.81.65.124 - - [29/Feb/2024:10:42:06 +0800] "POST /xingrg/dwr/call/plaincall/AjaxCheckService.loadOrderItems.dwr HTTP/1.1" 200 367
218.81.65.124 - - [29/Feb/2024:10:42:08 +0800] "POST /xingrg/kc/report/common_data.html?type=materiel_category_tree HTTP/1.1" 200 4017
218.81.65.124 - - [29/Feb/2024:10:42:12 +0800] "POST /xingrg/dwr/call/plaincall/AjaxCheckService.importOrderItems.dwr HTTP/1.1" 200 78
218.81.65.124 - - [29/Feb/2024:10:42:12 +0800] "GET /xingrg/all/function/internal_message.html?_=1709174532415&CODE_STATE=getMsg HTTP/1.1" 200 27
218.81.65.124 - - [29/Feb/2024:10:42:13 +0800] "POST /xingrg/dwr/call/plaincall/AjaxCheckService.loadOrderItems.dwr HTTP/1.1" 200 140534
58.40.7.146 - - [29/Feb/2024:10:42:13 +0800] "GET /xingrg/all/function/internal_message.html?_=1709174533857&CODE_STATE=getMsg HTTP/1.1" 200 27
120.253.135.82 - - [29/Feb/2024:10:42:14 +0800] "GET /xingrg/all/function/internal_message.html?_=1709174368990&CODE_STATE=getMsg HTTP/1.1" 200 27
116.232.194.112 - - [29/Feb/2024:10:42:14 +0800] "GET /xingrg/all/function/internal_message.html?_=1709174533949&CODE_STATE=getMsg HTTP/1.1" 200 27
218.81.65.124 - - [29/Feb/2024:10:42:15 +0800] "GET /xingrg/kc/print/load_config.html?_=1709174534868&kc_code=check HTTP/1.1" 200 2488
218.81.65.124 - - [29/Feb/2024:10:42:15 +0800] "GET /xingrg/kc/print/load_data.html?_=1709174534943&order_code=452024022900140&kc_code=check&condition= HTTP/1.1" 200 36514
58.39.109.113 - - [29/Feb/2024:10:42:15 +0800] "GET /xingrg/all/function/internal_message.html?_=1709174537208&CODE_STATE=getMsg HTTP/1.1" 200 27
114.89.91.180 - - [29/Feb/2024:10:42:17 +0800] "GET /xingrg/all/function/internal_message.html?_=1709174539807&CODE_STATE=getMsg HTTP/1.1" 200 27
116.230.123.222 - - [29/Feb/2024:10:42:17 +0800] "GET /xingrg/all/function/internal_message.html?_=1709174536149&CODE_STATE=getMsg HTTP/1.1" 200 27
116.224.254.208 - - [29/Feb/2024:10:42:18 +0800] "GET /xingrg/check_reg.html?_=1709174538068 HTTP/1.1" 200 22
116.224.254.208 - - [29/Feb/2024:10:42:18 +0800] "GET /xingrg/all/function/internal_message.html?_=1709174538071&CODE_STATE=getMsg HTTP/1.1" 200 27
101.83.145.37 - - [29/Feb/2024:10:42:20 +0800] "GET /xingrg/kc/buy/cgsh_order_operate.html?command=get_materiel&rest_code=00105&code=00101008049&supplier_code=00100005&order_time=2024-02-29 HTTP/1.1" 200 408
124.78.67.200 - - [29/Feb/2024:10:42:20 +0800] "GET /xingrg/all/function/internal_message.html?_=1709174540659&CODE_STATE=getMsg HTTP/1.1" 200 27
124.78.67.200 - - [29/Feb/2024:10:42:20 +0800] "GET /xingrg/css/new_ie.css HTTP/1.1" 404 1036
124.78.67.200 - - [29/Feb/2024:10:42:21 +0800] "GET /xingrg/images/yd/bt.gif HTTP/1.1" 404 1040
222.70.115.1 - - [29/Feb/2024:10:42:21 +0800] "GET /xingrg/all/function/internal_message.html?_=1709174547035&CODE_STATE=getMsg HTTP/1.1" 200 27
116.228.172.94 - - [29/Feb/2024:10:42:23 +0800] "GET /xingrg/all/function/internal_message.html?_=1709174269918&CODE_STATE=getMsg HTTP/1.1" 200 27
101.83.240.223 - - [29/Feb/2024:10:42:23 +0800] "GET /xingrg/all/function/internal_message.html?_=1709174541406&CODE_STATE=getMsg HTTP/1.1" 200 27
124.78.67.200 - - [29/Feb/2024:10:42:26 +0800] "POST /xingrg/kc/buy/cgsh_list_operate.html HTTP/1.1" 200 1867
221.239.172.101 - - [29/Feb/2024:10:42:28 +0800] "GET /xingrg/all/function/internal_message.html?_=1709174547484&CODE_STATE=getMsg HTTP/1.1" 200 27
218.81.65.124 - - [29/Feb/2024:10:42:29 +0800] "POST /xingrg/kc/base/check_list_operate.html HTTP/1.1" 200 2541
218.81.65.124 - - [29/Feb/2024:10:42:31 +0800] "GET /xingrg/kc/base/check_order_add.html HTTP/1.1" 200 26434
218.81.65.124 - - [29/Feb/2024:10:42:31 +0800] "GET /xingrg/dwr/interface/AjaxComOrderService.js HTTP/1.1" 200 18264
218.81.65.124 - - [29/Feb/2024:10:42:31 +0800] "GET /xingrg/dwr/interface/AjaxCheckService.js HTTP/1.1" 200 14003
218.81.65.124 - - [29/Feb/2024:10:42:31 +0800] "GET /xingrg/dwr/engine.js HTTP/1.1" 200 43631
222.69.133.0 - - [29/Feb/2024:10:42:32 +0800] "GET /xingrg/all/function/internal_message.html?_=1709174553312&CODE_STATE=getMsg HTTP/1.1" 200 27
124.78.67.200 - - [29/Feb/2024:10:42:34 +0800] "POST /xingrg/kc/buy/cgsh_list_operate.html HTTP/1.1" 200 573
218.81.65.124 - - [29/Feb/2024:10:42:36 +0800] "POST /xingrg/dwr/call/plaincall/AjaxCheckService.saveOrder.dwr HTTP/1.1" 200 78
116.232.194.112 - - [29/Feb/2024:10:42:36 +0800] "GET /xingrg/all/function/internal_message.html?_=1709174543128&CODE_STATE=getMsg HTTP/1.1" 200 27
218.81.65.124 - - [29/Feb/2024:10:42:37 +0800] "POST /xingrg/dwr/call/plaincall/AjaxCheckService.loadOrderItems.dwr HTTP/1.1" 200 367
101.83.145.37 - - [29/Feb/2024:10:42:38 +0800] "GET /xingrg/all/function/internal_message.html?_=1709174559938&CODE_STATE=getMsg HTTP/1.1" 200 27
218.81.65.124 - - [29/Feb/2024:10:42:38 +0800] "GET /xingrg/all/function/internal_message.html?_=1709174558060&CODE_STATE=getMsg HTTP/1.1" 200 27
180.164.1.25 - - [29/Feb/2024:10:42:39 +0800] "GET /xingrg/kc/buy/cgsh_order_operate.html?command=get_materiel&rest_code=00108&code=00101036007&supplier_code=00100151&order_time=2024-02-29 HTTP/1.1" 200 426
116.238.97.31 - - [29/Feb/2024:10:42:39 +0800] "GET /xingrg/kc/buy/cgsh_order_operate.html?command=get_materiel&rest_code=00102&code=00101029022&supplier_code=00100018&order_time=2024-02-29 HTTP/1.1" 200 474
101.83.145.37 - - [29/Feb/2024:10:42:39 +0800] "GET /xingrg/all/function/internal_message.html?_=1709174323490&CODE_STATE=getMsg HTTP/1.1" 200 27
101.83.145.37 - - [29/Feb/2024:10:42:39 +0800] "GET /xingrg/kc/buy/cgsh_order_operate.html?command=get_materiel&rest_code=00105&code=00101008312&supplier_code=00100005&order_time=2024-02-29 HTTP/1.1" 200 412
218.81.65.124 - - [29/Feb/2024:10:42:40 +0800] "POST /xingrg/kc/report/common_data.html?type=materiel_category_tree HTTP/1.1" 200 4017
124.78.67.200 - - [29/Feb/2024:10:42:41 +0800] "GET /xingrg/kc/buy/cgsh_order_info.html?code=212024022908143 HTTP/1.1" 200 73525
124.78.67.200 - - [29/Feb/2024:10:42:41 +0800] "GET /xingrg/javascript/easyui/themes/default/validatebox.css HTTP/1.1" 404 1104
124.78.67.200 - - [29/Feb/2024:10:42:42 +0800] "POST /xingrg/kc/buy/cgsh_order_operate.html HTTP/1.1" 200 23937
218.81.65.124 - - [29/Feb/2024:10:42:43 +0800] "GET /xingrg/all/function/internal_message.html?_=1709174568258&CODE_STATE=getMsg HTTP/1.1" 200 27
218.81.65.124 - - [29/Feb/2024:10:42:46 +0800] "POST /xingrg/dwr/call/plaincall/AjaxCheckService.importOrderItems.dwr HTTP/1.1" 200 78
218.81.65.124 - - [29/Feb/2024:10:42:47 +0800] "POST /xingrg/dwr/call/plaincall/AjaxCheckService.loadOrderItems.dwr HTTP/1.1" 200 123747
116.230.112.23 - - [29/Feb/2024:10:42:48 +0800] "GET /xingrg/all/function/internal_message.html?_=1709174582717&CODE_STATE=getMsg HTTP/1.1" 200 27
116.224.254.208 - - [29/Feb/2024:10:42:48 +0800] "GET /xingrg/all/function/internal_message.html?_=1709174568795&CODE_STATE=getMsg HTTP/1.1" 200 27
218.81.65.124 - - [29/Feb/2024:10:42:50 +0800] "GET /xingrg/kc/print/load_config.html?_=1709174570380&kc_code=check HTTP/1.1" 200 2488
218.81.65.124 - - [29/Feb/2024:10:42:51 +0800] "GET /xingrg/kc/print/load_data.html?_=1709174570513&order_code=452024022900141&kc_code=check&condition= HTTP/1.1" 200 32417
124.78.67.200 - - [29/Feb/2024:10:42:51 +0800] "POST /xingrg/kc/buy/cgsh_order_operate.html HTTP/1.1" 200 37
180.164.1.25 - - [29/Feb/2024:10:42:55 +0800] "GET /xingrg/all/function/internal_message.html?_=1709174574645&CODE_STATE=getMsg HTTP/1.1" 200 27
101.83.145.37 - - [29/Feb/2024:10:42:57 +0800] "GET /xingrg/kc/buy/cgsh_order_operate.html?command=get_materiel&rest_code=00105&code=00101008096&supplier_code=00100005&order_time=2024-02-29 HTTP/1.1" 200 412
180.164.1.25 - - [29/Feb/2024:10:42:57 +0800] "GET /xingrg/kc/buy/cgsh_order_operate.html?command=get_materiel&rest_code=00108&code=00102009873&supplier_code=00100151&order_time=2024-02-29 HTTP/1.1" 200 410
116.237.77.14 - - [29/Feb/2024:10:42:58 +0800] "GET /xingrg/all/function/internal_message.html?_=1709174578041&CODE_STATE=getMsg HTTP/1.1" 200 27
116.230.123.222 - - [29/Feb/2024:10:43:02 +0800] "GET /xingrg/all/function/internal_message.html?_=1709174639749&CODE_STATE=getMsg HTTP/1.1" 200 27
101.83.240.223 - - [29/Feb/2024:10:43:03 +0800] "GET /xingrg/all/function/internal_message.html?_=1709174583651&CODE_STATE=getMsg HTTP/1.1" 200 27
124.78.67.200 - - [29/Feb/2024:10:43:04 +0800] "POST /xingrg/kc/buy/cgsh_order_operate.html HTTP/1.1" 200 12
116.238.97.31 - - [29/Feb/2024:10:43:06 +0800] "GET /xingrg/check_reg.html?_=1709174585754 HTTP/1.1" 200 22
116.238.97.31 - - [29/Feb/2024:10:43:06 +0800] "GET /xingrg/all/function/internal_message.html?_=1709174585741&CODE_STATE=getMsg HTTP/1.1" 200 27
124.78.67.200 - - [29/Feb/2024:10:43:06 +0800] "GET /xingrg/javascript/easyui/themes/default/validatebox.css HTTP/1.1" 404 1104
124.78.67.200 - - [29/Feb/2024:10:43:07 +0800] "POST /xingrg/kc/buy/cgsh_order_operate.html HTTP/1.1" 200 23937
218.81.65.124 - - [29/Feb/2024:10:43:12 +0800] "GET /xingrg/all/function/internal_message.html?_=1709174592416&CODE_STATE=getMsg HTTP/1.1" 200 27
120.253.135.82 - - [29/Feb/2024:10:43:13 +0800] "GET /xingrg/check_reg.html?_=1709174428389 HTTP/1.1" 200 22
58.40.7.146 - - [29/Feb/2024:10:43:13 +0800] "GET /xingrg/all/function/internal_message.html?_=1709174593833&CODE_STATE=getMsg HTTP/1.1" 200 27
120.253.135.82 - - [29/Feb/2024:10:43:14 +0800] "GET /xingrg/all/function/internal_message.html?_=1709174429005&CODE_STATE=getMsg HTTP/1.1" 200 27
116.232.194.112 - - [29/Feb/2024:10:43:14 +0800] "GET /xingrg/all/function/internal_message.html?_=1709174593947&CODE_STATE=getMsg HTTP/1.1" 200 27
116.232.194.112 - - [29/Feb/2024:10:43:14 +0800] "GET /xingrg/check_reg.html?_=1709174593950 HTTP/1.1" 200 22
58.39.109.113 - - [29/Feb/2024:10:43:15 +0800] "GET /xingrg/all/function/internal_message.html?_=1709174597209&CODE_STATE=getMsg HTTP/1.1" 200 27
114.89.91.180 - - [29/Feb/2024:10:43:17 +0800] "GET /xingrg/all/function/internal_message.html?_=1709174599787&CODE_STATE=getMsg HTTP/1.1" 200 27
58.39.109.113 - - [29/Feb/2024:10:43:17 +0800] "GET /xingrg/check_reg.html?_=1709174598612 HTTP/1.1" 200 22
116.230.123.222 - - [29/Feb/2024:10:43:17 +0800] "GET /xingrg/all/function/internal_message.html?_=1709174596132&CODE_STATE=getMsg HTTP/1.1" 200 27
101.83.145.37 - - [29/Feb/2024:10:43:18 +0800] "GET /xingrg/kc/buy/cgsh_order_operate.html?command=get_materiel&rest_code=00105&code=00101008502&supplier_code=00100005&order_time=2024-02-29 HTTP/1.1" 200 412
116.224.254.208 - - [29/Feb/2024:10:43:18 +0800] "GET /xingrg/all/function/internal_message.html?_=1709174598072&CODE_STATE=getMsg HTTP/1.1" 200 27
124.78.67.200 - - [29/Feb/2024:10:43:20 +0800] "GET /xingrg/kc/print/load_data.html?order_code=212024022908143&kc_code=cgsh&condition= HTTP/1.1" 200 8802
222.70.115.1 - - [29/Feb/2024:10:43:21 +0800] "GET /xingrg/check_reg.html?_=1709174607042 HTTP/1.1" 200 22
222.70.115.1 - - [29/Feb/2024:10:43:21 +0800] "GET /xingrg/all/function/internal_message.html?_=1709174607050&CODE_STATE=getMsg HTTP/1.1" 200 27
124.78.67.200 - - [29/Feb/2024:10:43:22 +0800] "GET /xingrg/all/function/internal_message.html?_=1709174602708&CODE_STATE=getMsg HTTP/1.1" 200 27
116.228.172.94 - - [29/Feb/2024:10:43:23 +0800] "GET /xingrg/all/function/internal_message.html?_=1709174329912&CODE_STATE=getMsg HTTP/1.1" 200 27
101.83.240.223 - - [29/Feb/2024:10:43:23 +0800] "GET /xingrg/all/function/internal_message.html?_=1709174601381&CODE_STATE=getMsg HTTP/1.1" 200 27
101.83.145.37 - - [29/Feb/2024:10:43:23 +0800] "POST /xingrg/kc/buy/cgsh_order_operate.html HTTP/1.1" 200 2065
218.81.65.124 - - [29/Feb/2024:10:43:27 +0800] "POST /xingrg/kc/base/check_list_operate.html HTTP/1.1" 200 2865
221.239.172.101 - - [29/Feb/2024:10:43:28 +0800] "GET /xingrg/all/function/internal_message.html?_=1709174607471&CODE_STATE=getMsg HTTP/1.1" 200 27
218.81.65.124 - - [29/Feb/2024:10:43:29 +0800] "GET /xingrg/kc/base/check_order_add.html HTTP/1.1" 200 26434
218.81.65.124 - - [29/Feb/2024:10:43:29 +0800] "GET /xingrg/dwr/interface/AjaxComOrderService.js HTTP/1.1" 200 18264
218.81.65.124 - - [29/Feb/2024:10:43:29 +0800] "GET /xingrg/dwr/interface/AjaxCheckService.js HTTP/1.1" 200 14003
218.81.65.124 - - [29/Feb/2024:10:43:29 +0800] "GET /xingrg/dwr/engine.js HTTP/1.1" 200 43631
222.69.133.0 - - [29/Feb/2024:10:43:32 +0800] "GET /xingrg/all/function/internal_message.html?_=1709174613290&CODE_STATE=getMsg HTTP/1.1" 200 27
116.238.97.31 - - [29/Feb/2024:10:43:33 +0800] "GET /xingrg/kc/buy/cgsh_order_operate.html?command=get_materiel&rest_code=00102&code=00101029115&supplier_code=00100018&order_time=2024-02-29 HTTP/1.1" 200 437
218.81.65.124 - - [29/Feb/2024:10:43:33 +0800] "POST /xingrg/dwr/call/plaincall/AjaxCheckService.saveOrder.dwr HTTP/1.1" 200 78
218.81.65.124 - - [29/Feb/2024:10:43:34 +0800] "POST /xingrg/dwr/call/plaincall/AjaxCheckService.loadOrderItems.dwr HTTP/1.1" 200 367
116.232.194.112 - - [29/Feb/2024:10:43:36 +0800] "GET /xingrg/all/function/internal_message.html?_=1709174603120&CODE_STATE=getMsg HTTP/1.1" 200 27
218.81.65.124 - - [29/Feb/2024:10:43:37 +0800] "POST /xingrg/kc/report/common_data.html?type=materiel_category_tree HTTP/1.1" 200 4017
218.81.65.124 - - [29/Feb/2024:10:43:38 +0800] "GET /xingrg/all/function/internal_message.html?_=1709174618036&CODE_STATE=getMsg HTTP/1.1" 200 27
101.83.145.37 - - [29/Feb/2024:10:43:38 +0800] "GET /xingrg/all/function/internal_message.html?_=1709174619939&CODE_STATE=getMsg HTTP/1.1" 200 27
101.83.145.37 - - [29/Feb/2024:10:43:39 +0800] "GET /xingrg/all/function/internal_message.html?_=1709174383486&CODE_STATE=getMsg HTTP/1.1" 200 27
218.81.65.124 - - [29/Feb/2024:10:43:40 +0800] "POST /xingrg/dwr/call/plaincall/AjaxCheckService.importOrderItems.dwr HTTP/1.1" 200 78
101.83.145.37 - - [29/Feb/2024:10:43:40 +0800] "GET /xingrg/kc/buy/cgsh_order_operate.html?command=get_materiel&rest_code=00105&code=00101008211&supplier_code=00100005&order_time=2024-02-29 HTTP/1.1" 200 412
218.81.65.124 - - [29/Feb/2024:10:43:43 +0800] "GET /xingrg/all/function/internal_message.html?_=1709174628272&CODE_STATE=getMsg HTTP/1.1" 200 27
218.81.65.124 - - [29/Feb/2024:10:43:43 +0800] "GET /xingrg/check_reg.html?_=1709174628273 HTTP/1.1" 200 22
124.78.67.200 - - [29/Feb/2024:10:43:44 +0800] "POST /xingrg/kc/buy/cgsh_order_operate.html HTTP/1.1" 200 78
124.78.67.200 - - [29/Feb/2024:10:43:48 +0800] "GET /xingrg/kc/print/load_data.html?order_code=212024022908143&kc_code=cgsh HTTP/1.1" 200 8802
116.230.112.23 - - [29/Feb/2024:10:43:48 +0800] "GET /xingrg/all/function/internal_message.html?_=1709174642721&CODE_STATE=getMsg HTTP/1.1" 200 27
116.224.254.208 - - [29/Feb/2024:10:43:48 +0800] "GET /xingrg/all/function/internal_message.html?_=1709174628805&CODE_STATE=getMsg HTTP/1.1" 200 27
116.224.254.208 - - [29/Feb/2024:10:43:48 +0800] "GET /xingrg/check_reg.html?_=1709174628807 HTTP/1.1" 200 22
180.169.147.146 - - [29/Feb/2024:10:43:49 +0800] "POST /xingrg/kc/buy/cgsh_list_operate.html HTTP/1.1" 200 4
116.237.77.14 - - [29/Feb/2024:10:43:50 +0800] "GET /xingrg/kc/report/report_main.html HTTP/1.1" 200 7340
116.237.77.14 - - [29/Feb/2024:10:43:50 +0800] "GET /xingrg/javascript/jquery_easy_ui/themes/icons/back_new.png HTTP/1.1" 200 3414
116.237.77.14 - - [29/Feb/2024:10:43:52 +0800] "GET /xingrg/all/report/report_query.html?fileName=kc/buy/gys_amount.xml&rh=99999 HTTP/1.1" 200 52006
116.237.77.14 - - [29/Feb/2024:10:43:52 +0800] "GET /xingrg/javascript/multi_select/jqueryMultiSelect.css HTTP/1.1" 200 951
116.237.77.14 - - [29/Feb/2024:10:43:52 +0800] "GET /xingrg/javascript/calendar/timePicker.css HTTP/1.1" 200 523
116.237.77.14 - - [29/Feb/2024:10:43:52 +0800] "GET /xingrg/dwr/interface/AjaxReportQueryService.js HTTP/1.1" 200 13203
116.237.77.14 - - [29/Feb/2024:10:43:52 +0800] "GET /xingrg/dwr/engine.js HTTP/1.1" 200 43631
116.237.77.14 - - [29/Feb/2024:10:43:52 +0800] "GET /xingrg/javascript/bigrid/fix.css HTTP/1.1" 200 1702
116.237.77.14 - - [29/Feb/2024:10:43:52 +0800] "GET /xingrg/dwr/util.js HTTP/1.1" 200 35990
116.237.77.14 - - [29/Feb/2024:10:43:52 +0800] "GET /xingrg/javascript/bigrid/fix.js HTTP/1.1" 200 6439
116.237.77.14 - - [29/Feb/2024:10:43:52 +0800] "GET /xingrg/javascript/jqueryMultiSelect.js HTTP/1.1" 200 11866
116.237.77.14 - - [29/Feb/2024:10:43:52 +0800] "GET /xingrg/javascript/Calendar.js HTTP/1.1" 200 31561
116.237.77.14 - - [29/Feb/2024:10:43:52 +0800] "GET /xingrg/javascript/calendar/jquery.timePicker.min.js HTTP/1.1" 200 2997
116.237.77.14 - - [29/Feb/2024:10:43:52 +0800] "GET /xingrg/images/blue/button/advanceover.gif HTTP/1.1" 200 1347
116.237.77.14 - - [29/Feb/2024:10:43:52 +0800] "GET /xingrg/images/blue/button/backover.gif HTTP/1.1" 200 1348
116.237.77.14 - - [29/Feb/2024:10:43:52 +0800] "GET /xingrg/images/blue/button/back2over.gif HTTP/1.1" 200 1335
116.237.77.14 - - [29/Feb/2024:10:43:52 +0800] "GET /xingrg/images/blue/button/advance2over.gif HTTP/1.1" 200 1336
116.237.77.14 - - [29/Feb/2024:10:43:52 +0800] "GET /xingrg/images/control/loading.gif HTTP/1.1" 200 13463
116.237.77.14 - - [29/Feb/2024:10:43:52 +0800] "GET /xingrg/javascript/jquery_easy_ui/themes/icons/help.png HTTP/1.1" 200 1187
116.237.77.14 - - [29/Feb/2024:10:43:52 +0800] "GET /xingrg/javascript/jquery_easy_ui/themes/icons/pencil.png HTTP/1.1" 200 713
116.237.77.14 - - [29/Feb/2024:10:43:52 +0800] "GET /xingrg/javascript/jquery_easy_ui/themes/default/images/menu_rightarrow.png HTTP/1.1" 200 3617
116.237.77.14 - - [29/Feb/2024:10:43:52 +0800] "GET /xingrg/javascript/jquery_easy_ui/themes/default/images/menu_downarrow.png HTTP/1.1" 200 173
116.237.77.14 - - [29/Feb/2024:10:43:52 +0800] "GET /xingrg/javascript/jquery_easy_ui/themes/default/images/button_a_bg.gif HTTP/1.1" 200 1194
116.237.77.14 - - [29/Feb/2024:10:43:52 +0800] "GET /xingrg/javascript/jquery_easy_ui/themes/default/images/menu.gif HTTP/1.1" 200 834
116.237.77.14 - - [29/Feb/2024:10:43:52 +0800] "GET /xingrg/javascript/jquery_easy_ui/themes/icons/print.png HTTP/1.1" 200 1057
116.237.77.14 - - [29/Feb/2024:10:43:52 +0800] "POST /xingrg/dwr/call/plaincall/AjaxReportQueryService.getFixDate.dwr HTTP/1.1" 200 111
116.237.77.14 - - [29/Feb/2024:10:43:53 +0800] "GET /xingrg/javascript/jquery_easy_ui/themes/default/images/combo_arrow_dot.gif HTTP/1.1" 200 79
116.237.77.14 - - [29/Feb/2024:10:43:53 +0800] "POST /xingrg/dwr/call/plaincall/AjaxReportQueryService.getInitString.dwr HTTP/1.1" 200 1023
116.237.77.14 - - [29/Feb/2024:10:43:53 +0800] "POST /xingrg/all/common/load_tree.html?tree=materiel_sort_tree_json HTTP/1.1" 200 9734
116.237.77.14 - - [29/Feb/2024:10:43:53 +0800] "POST /xingrg/all/common/load_tree.html?tree=supplier_tree_json&manage=1 HTTP/1.1" 200 80974
116.237.77.14 - - [29/Feb/2024:10:43:53 +0800] "GET /xingrg/javascript/multi_select/dropdown.gif HTTP/1.1" 200 61
116.237.77.14 - - [29/Feb/2024:10:43:53 +0800] "GET /xingrg/javascript/jquery_easy_ui/themes/default/images/tree_checkbox_0.gif HTTP/1.1" 200 168
180.164.1.25 - - [29/Feb/2024:10:43:55 +0800] "GET /xingrg/all/function/internal_message.html?_=1709174634657&CODE_STATE=getMsg HTTP/1.1" 200 27
180.164.1.25 - - [29/Feb/2024:10:43:55 +0800] "GET /xingrg/check_reg.html?_=1709174634659 HTTP/1.1" 200 22
116.237.77.14 - - [29/Feb/2024:10:43:58 +0800] "GET /xingrg/all/function/internal_message.html?_=1709174638048&CODE_STATE=getMsg HTTP/1.1" 200 27
218.81.65.124 - - [29/Feb/2024:10:44:00 +0800] "POST /xingrg/dwr/call/plaincall/AjaxCheckService.loadOrderItems.dwr HTTP/1.1" 200 367
116.230.123.222 - - [29/Feb/2024:10:44:02 +0800] "GET /xingrg/all/function/internal_message.html?_=1709174699736&CODE_STATE=getMsg HTTP/1.1" 200 27
101.83.240.223 - - [29/Feb/2024:10:44:03 +0800] "GET /xingrg/all/function/internal_message.html?_=1709174643635&CODE_STATE=getMsg HTTP/1.1" 200 27
116.238.97.31 - - [29/Feb/2024:10:44:06 +0800] "GET /xingrg/all/function/internal_message.html?_=1709174645725&CODE_STATE=getMsg HTTP/1.1" 200 27
218.81.65.124 - - [29/Feb/2024:10:44:07 +0800] "POST /xingrg/dwr/call/plaincall/AjaxCheckService.importOrderItems.dwr HTTP/1.1" 200 78
218.81.65.124 - - [29/Feb/2024:10:44:08 +0800] "POST /xingrg/dwr/call/plaincall/AjaxCheckService.loadOrderItems.dwr HTTP/1.1" 200 367
218.81.65.124 - - [29/Feb/2024:10:44:11 +0800] "POST /xingrg/kc/base/check_list_operate.html HTTP/1.1" 200 3189
218.81.65.124 - - [29/Feb/2024:10:44:12 +0800] "GET /xingrg/all/function/internal_message.html?_=1709174652416&CODE_STATE=getMsg HTTP/1.1" 200 27
218.81.65.124 - - [29/Feb/2024:10:44:12 +0800] "GET /xingrg/check_reg.html?_=1709174652419 HTTP/1.1" 200 22
58.40.7.146 - - [29/Feb/2024:10:44:13 +0800] "GET /xingrg/all/function/internal_message.html?_=1709174653818&CODE_STATE=getMsg HTTP/1.1" 200 27
120.253.135.82 - - [29/Feb/2024:10:44:14 +0800] "GET /xingrg/all/function/internal_message.html?_=1709174489018&CODE_STATE=getMsg HTTP/1.1" 200 27
116.232.194.112 - - [29/Feb/2024:10:44:14 +0800] "GET /xingrg/all/function/internal_message.html?_=1709174653973&CODE_STATE=getMsg HTTP/1.1" 200 27
58.39.109.113 - - [29/Feb/2024:10:44:15 +0800] "GET /xingrg/all/function/internal_message.html?_=1709174657197&CODE_STATE=getMsg HTTP/1.1" 200 27
218.81.65.124 - - [29/Feb/2024:10:44:16 +0800] "POST /xingrg/kc/base/check_list_operate.html HTTP/1.1" 200 4
114.89.91.180 - - [29/Feb/2024:10:44:17 +0800] "GET /xingrg/all/function/internal_message.html?_=1709174659765&CODE_STATE=getMsg HTTP/1.1" 200 27
116.237.77.14 - - [29/Feb/2024:10:44:17 +0800] "GET /xingrg/javascript/jquery_easy_ui/themes/default/images/tree_checkbox_1.gif HTTP/1.1" 200 174
116.237.77.14 - - [29/Feb/2024:10:44:17 +0800] "GET /xingrg/javascript/jquery_easy_ui/themes/default/images/tree_checkbox_2.gif HTTP/1.1" 200 181
116.230.123.222 - - [29/Feb/2024:10:44:17 +0800] "GET /xingrg/all/function/internal_message.html?_=1709174656132&CODE_STATE=getMsg HTTP/1.1" 200 27
116.224.254.208 - - [29/Feb/2024:10:44:18 +0800] "GET /xingrg/all/function/internal_message.html?_=1709174658072&CODE_STATE=getMsg HTTP/1.1" 200 27
180.164.1.25 - - [29/Feb/2024:10:44:18 +0800] "GET /xingrg/kc/buy/cgsh_order_operate.html?command=get_materiel&rest_code=00108&code=00102002368&supplier_code=00100151&order_time=2024-02-29 HTTP/1.1" 200 410
218.81.65.124 - - [29/Feb/2024:10:44:19 +0800] "POST /xingrg/kc/base/check_list_operate.html HTTP/1.1" 200 2865
116.237.77.14 - - [29/Feb/2024:10:44:19 +0800] "POST /xingrg/dwr/call/plaincall/AjaxReportQueryService.refreshCache.dwr HTTP/1.1" 200 78
218.81.65.124 - - [29/Feb/2024:10:44:21 +0800] "GET /xingrg/kc/base/check_order_info.html?code=452024022900141 HTTP/1.1" 200 26467
218.81.65.124 - - [29/Feb/2024:10:44:21 +0800] "GET /xingrg/dwr/interface/AjaxComOrderService.js HTTP/1.1" 200 18264
218.81.65.124 - - [29/Feb/2024:10:44:21 +0800] "GET /xingrg/dwr/interface/AjaxCheckService.js HTTP/1.1" 200 14003
218.81.65.124 - - [29/Feb/2024:10:44:21 +0800] "GET /xingrg/dwr/engine.js HTTP/1.1" 200 43631
116.237.77.14 - - [29/Feb/2024:10:44:21 +0800] "POST /xingrg/all/report/load_report_page.html HTTP/1.1" 200 8932
218.81.65.124 - - [29/Feb/2024:10:44:21 +0800] "POST /xingrg/dwr/call/plaincall/AjaxCheckService.loadOrderItems.dwr HTTP/1.1" 200 123747
222.70.115.1 - - [29/Feb/2024:10:44:21 +0800] "GET /xingrg/all/function/internal_message.html?_=1709174667035&CODE_STATE=getMsg HTTP/1.1" 200 27
116.237.77.14 - - [29/Feb/2024:10:44:21 +0800] "GET /xingrg/servlets/image?cache=0.04093243975222771&image=px HTTP/1.1" 200 807
124.78.67.200 - - [29/Feb/2024:10:44:22 +0800] "GET /xingrg/all/function/internal_message.html?_=1709174662698&CODE_STATE=getMsg HTTP/1.1" 200 27
116.228.172.94 - - [29/Feb/2024:10:44:23 +0800] "GET /xingrg/all/function/internal_message.html?_=1709174389928&CODE_STATE=getMsg HTTP/1.1" 200 27
116.228.172.94 - - [29/Feb/2024:10:44:23 +0800] "GET /xingrg/check_reg.html?_=1709174389930 HTTP/1.1" 200 22
101.83.240.223 - - [29/Feb/2024:10:44:23 +0800] "GET /xingrg/all/function/internal_message.html?_=1709174661368&CODE_STATE=getMsg HTTP/1.1" 200 27
218.81.65.124 - - [29/Feb/2024:10:44:23 +0800] "GET /xingrg/kc/print/load_config.html?_=1709174663499&kc_code=check HTTP/1.1" 200 2488
218.81.65.124 - - [29/Feb/2024:10:44:24 +0800] "GET /xingrg/kc/print/load_data.html?_=1709174663571&order_code=452024022900141&kc_code=check&condition= HTTP/1.1" 200 32417
221.239.172.101 - - [29/Feb/2024:10:44:28 +0800] "GET /xingrg/all/function/internal_message.html?_=1709174667445&CODE_STATE=getMsg HTTP/1.1" 200 27
222.69.133.0 - - [29/Feb/2024:10:44:32 +0800] "GET /xingrg/all/function/internal_message.html?_=1709174673264&CODE_STATE=getMsg HTTP/1.1" 200 27
116.232.194.112 - - [29/Feb/2024:10:44:34 +0800] "POST /xingrg/services/DataTransmitService HTTP/1.1" 200 524
116.232.194.112 - - [29/Feb/2024:10:44:36 +0800] "GET /xingrg/all/function/internal_message.html?_=1709174663118&CODE_STATE=getMsg HTTP/1.1" 200 27
101.83.145.37 - - [29/Feb/2024:10:44:38 +0800] "GET /xingrg/check_reg.html?_=1709174679927 HTTP/1.1" 200 22
218.81.65.124 - - [29/Feb/2024:10:44:38 +0800] "GET /xingrg/all/function/internal_message.html?_=1709174678045&CODE_STATE=getMsg HTTP/1.1" 200 27
101.83.145.37 - - [29/Feb/2024:10:44:38 +0800] "GET /xingrg/all/function/internal_message.html?_=1709174679931&CODE_STATE=getMsg HTTP/1.1" 200 27
101.83.145.37 - - [29/Feb/2024:10:44:39 +0800] "GET /xingrg/all/function/internal_message.html?_=1709174443482&CODE_STATE=getMsg HTTP/1.1" 200 27
221.239.172.101 - - [29/Feb/2024:10:44:42 +0800] "GET /xingrg/check_reg.html?_=1709174681522 HTTP/1.1" 200 22
218.81.65.124 - - [29/Feb/2024:10:44:43 +0800] "GET /xingrg/all/function/internal_message.html?_=1709174688258&CODE_STATE=getMsg HTTP/1.1" 200 27
116.230.112.23 - - [29/Feb/2024:10:44:48 +0800] "GET /xingrg/all/function/internal_message.html?_=1709174702734&CODE_STATE=getMsg HTTP/1.1" 200 27
116.224.254.208 - - [29/Feb/2024:10:44:48 +0800] "GET /xingrg/all/function/internal_message.html?_=1709174688799&CODE_STATE=getMsg HTTP/1.1" 200 27
180.164.1.25 - - [29/Feb/2024:10:44:55 +0800] "GET /xingrg/all/function/internal_message.html?_=1709174694635&CODE_STATE=getMsg HTTP/1.1" 200 27
116.237.77.14 - - [29/Feb/2024:10:44:58 +0800] "GET /xingrg/all/function/internal_message.html?_=1709174698060&CODE_STATE=getMsg HTTP/1.1" 200 27
116.230.123.222 - - [29/Feb/2024:10:45:02 +0800] "GET /xingrg/all/function/internal_message.html?_=1709174759725&CODE_STATE=getMsg HTTP/1.1" 200 27
101.83.240.223 - - [29/Feb/2024:10:45:03 +0800] "GET /xingrg/all/function/internal_message.html?_=1709174703616&CODE_STATE=getMsg HTTP/1.1" 200 27
222.69.133.0 - - [29/Feb/2024:10:45:05 +0800] "GET /xingrg/kc/base/wldb_order_operate.html?command=get_materiel&rest_code=00154&base_code=0010724&code=00101012015 HTTP/1.1" 200 466
116.238.97.31 - - [29/Feb/2024:10:45:06 +0800] "GET /xingrg/all/function/internal_message.html?_=1709174705734&CODE_STATE=getMsg HTTP/1.1" 200 27
222.69.133.0 - - [29/Feb/2024:10:45:06 +0800] "POST /xingrg/all/common/load_select.html HTTP/1.1" 200 25
222.69.133.0 - - [29/Feb/2024:10:45:07 +0800] "GET /xingrg/kc/base/wldb_order_operate.html?command=get_materiel_price&rest_code=00154&base_code=0010724&code=00101012015&unit_code=00100057 HTTP/1.1" 200 36
218.81.65.124 - - [29/Feb/2024:10:45:11 +0800] "POST /xingrg/kc/base/check_list_operate.html HTTP/1.1" 200 2865
218.81.65.124 - - [29/Feb/2024:10:45:12 +0800] "GET /xingrg/kc/base/check_order_add.html HTTP/1.1" 200 26434
218.81.65.124 - - [29/Feb/2024:10:45:12 +0800] "GET /xingrg/dwr/interface/AjaxComOrderService.js HTTP/1.1" 200 18264
218.81.65.124 - - [29/Feb/2024:10:45:12 +0800] "GET /xingrg/dwr/interface/AjaxCheckService.js HTTP/1.1" 200 14003
218.81.65.124 - - [29/Feb/2024:10:45:12 +0800] "GET /xingrg/dwr/engine.js HTTP/1.1" 200 43631
218.81.65.124 - - [29/Feb/2024:10:45:12 +0800] "GET /xingrg/all/function/internal_message.html?_=1709174712414&CODE_STATE=getMsg HTTP/1.1" 200 27
58.40.7.146 - - [29/Feb/2024:10:45:13 +0800] "GET /xingrg/all/function/internal_message.html?_=1709174713796&CODE_STATE=getMsg HTTP/1.1" 200 27
120.253.135.82 - - [29/Feb/2024:10:45:14 +0800] "GET /xingrg/all/function/internal_message.html?_=1709174549032&CODE_STATE=getMsg HTTP/1.1" 200 27
116.232.194.112 - - [29/Feb/2024:10:45:14 +0800] "GET /xingrg/all/function/internal_message.html?_=1709174713981&CODE_STATE=getMsg HTTP/1.1" 200 27
58.39.109.113 - - [29/Feb/2024:10:45:15 +0800] "GET /xingrg/all/function/internal_message.html?_=1709174717172&CODE_STATE=getMsg HTTP/1.1" 200 27
58.40.7.146 - - [29/Feb/2024:10:45:17 +0800] "GET /xingrg/kc/base/check_order_list.html HTTP/1.1" 200 16391
114.89.91.180 - - [29/Feb/2024:10:45:17 +0800] "GET /xingrg/all/function/internal_message.html?_=1709174719745&CODE_STATE=getMsg HTTP/1.1" 200 27
58.40.7.146 - - [29/Feb/2024:10:45:17 +0800] "POST /xingrg/kc/base/check_list_operate.html HTTP/1.1" 200 2217
116.230.123.222 - - [29/Feb/2024:10:45:17 +0800] "GET /xingrg/all/function/internal_message.html?_=1709174716131&CODE_STATE=getMsg HTTP/1.1" 200 27
116.224.254.208 - - [29/Feb/2024:10:45:18 +0800] "GET /xingrg/all/function/internal_message.html?_=1709174718065&CODE_STATE=getMsg HTTP/1.1" 200 27
218.81.65.124 - - [29/Feb/2024:10:45:18 +0800] "POST /xingrg/dwr/call/plaincall/AjaxCheckService.saveOrder.dwr HTTP/1.1" 200 78
58.40.7.146 - - [29/Feb/2024:10:45:19 +0800] "GET /xingrg/kc/base/check_order_add.html HTTP/1.1" 200 26107
58.40.7.146 - - [29/Feb/2024:10:45:19 +0800] "GET /xingrg/dwr/interface/AjaxComOrderService.js HTTP/1.1" 200 18264
58.40.7.146 - - [29/Feb/2024:10:45:19 +0800] "GET /xingrg/dwr/interface/AjaxCheckService.js HTTP/1.1" 200 14003
58.40.7.146 - - [29/Feb/2024:10:45:19 +0800] "GET /xingrg/dwr/engine.js HTTP/1.1" 200 43631
