124.78.67.200 - - [29/Feb/2024:10:58:49 +0800] "GET /xingrg/javascript/print/LodopFuncs.js HTTP/1.1" 304 -
124.78.67.200 - - [29/Feb/2024:10:58:49 +0800] "GET /xingrg/words/20240229092203_words.js HTTP/1.1" 304 -
124.78.67.200 - - [29/Feb/2024:10:58:49 +0800] "GET /xingrg/javascript/easyui/plugins/jquery.parser.js HTTP/1.1" 304 -
116.224.254.208 - - [29/Feb/2024:10:58:49 +0800] "GET /xingrg/kc/base/wldb_order_operate.html?command=get_materiel&rest_code=00150&base_code=0010446&code=00102002258 HTTP/1.1" 200 448
124.78.67.200 - - [29/Feb/2024:10:58:49 +0800] "GET /xingrg/images/control/ajaxLoader.gif HTTP/1.1" 304 -
124.78.67.200 - - [29/Feb/2024:10:58:49 +0800] "GET /xingrg/javascript/easyui/themes/default/validatebox.css HTTP/1.1" 404 1104
116.230.112.23 - - [29/Feb/2024:10:58:49 +0800] "GET /xingrg/all/function/internal_message.html?_=1709175543923&CODE_STATE=getMsg HTTP/1.1" 200 27
116.238.97.31 - - [29/Feb/2024:10:58:51 +0800] "POST /xingrg/kc/base/wldb_order_operate.html HTTP/1.1" 200 37
124.78.67.200 - - [29/Feb/2024:10:58:51 +0800] "POST /xingrg/kc/buy/cgsh_order_operate.html HTTP/1.1" 200 21882
180.164.1.25 - - [29/Feb/2024:10:58:52 +0800] "GET /xingrg/kc/buy/cgsh_order_operate.html?command=get_materiel&rest_code=00108&code=00101009039&supplier_code=00100466&order_time=2024-02-29 HTTP/1.1" 200 408
101.83.240.223 - - [29/Feb/2024:10:58:53 +0800] "GET /xingrg/kc/base/wldb_order_operate.html?command=get_materiel&rest_code=00149&base_code=0010395&code=00102002022 HTTP/1.1" 200 472
124.78.67.200 - - [29/Feb/2024:10:58:53 +0800] "POST /xingrg/kc/buy/cgsh_order_operate.html HTTP/1.1" 200 8245
124.78.67.200 - - [29/Feb/2024:10:58:53 +0800] "GET /xingrg/javascript/easyui/themes/default/validatebox.css HTTP/1.1" 404 1104
180.164.1.25 - - [29/Feb/2024:10:58:55 +0800] "GET /xingrg/all/function/internal_message.html?_=1709175534648&CODE_STATE=getMsg HTTP/1.1" 200 27
180.164.1.25 - - [29/Feb/2024:10:58:55 +0800] "GET /xingrg/check_reg.html?_=1709175534652 HTTP/1.1" 200 22
116.224.254.208 - - [29/Feb/2024:10:58:57 +0800] "GET /xingrg/all/function/internal_message.html?_=1709175537459&CODE_STATE=getMsg HTTP/1.1" 200 27
116.237.77.14 - - [29/Feb/2024:10:58:58 +0800] "GET /xingrg/all/function/internal_message.html?_=1709175538072&CODE_STATE=getMsg HTTP/1.1" 200 27
116.230.123.222 - - [29/Feb/2024:10:59:01 +0800] "GET /xingrg/all/function/internal_message.html?_=1709175599487&CODE_STATE=getMsg HTTP/1.1" 200 27
101.83.240.223 - - [29/Feb/2024:10:59:03 +0800] "GET /xingrg/all/function/internal_message.html?_=1709175543380&CODE_STATE=getMsg HTTP/1.1" 200 27
116.238.97.31 - - [29/Feb/2024:10:59:06 +0800] "GET /xingrg/all/function/internal_message.html?_=1709175545722&CODE_STATE=getMsg HTTP/1.1" 200 27
116.224.254.208 - - [29/Feb/2024:10:59:09 +0800] "POST /xingrg/kc/base/wldb_order_operate.html HTTP/1.1" 200 37
116.238.97.31 - - [29/Feb/2024:10:59:12 +0800] "POST /xingrg/kc/base/wldb_order_operate.html HTTP/1.1" 200 2086
116.238.97.31 - - [29/Feb/2024:10:59:13 +0800] "POST /xingrg/kc/base/wldb_order_operate.html HTTP/1.1" 200 12
116.224.254.208 - - [29/Feb/2024:10:59:13 +0800] "POST /xingrg/kc/base/wldb_order_operate.html HTTP/1.1" 200 2192
116.232.194.112 - - [29/Feb/2024:10:59:14 +0800] "GET /xingrg/all/function/internal_message.html?_=1709175554054&CODE_STATE=getMsg HTTP/1.1" 200 27
120.253.135.82 - - [29/Feb/2024:10:59:14 +0800] "GET /xingrg/all/function/internal_message.html?_=1709175389222&CODE_STATE=getMsg HTTP/1.1" 200 27
101.83.240.223 - - [29/Feb/2024:10:59:14 +0800] "POST /xingrg/kc/base/wldb_order_operate.html HTTP/1.1" 200 37
58.39.109.113 - - [29/Feb/2024:10:59:15 +0800] "GET /xingrg/all/function/internal_message.html?_=1709175556911&CODE_STATE=getMsg HTTP/1.1" 200 27
124.78.67.200 - - [29/Feb/2024:10:59:15 +0800] "GET /xingrg/kc/buy/cgsh_order_operate.html?command=get_materiel&rest_code=00141&code=00101007061&supplier_code=00100004&order_time=2024-02-29 HTTP/1.1" 200 409
101.83.240.223 - - [29/Feb/2024:10:59:16 +0800] "POST /xingrg/kc/base/wldb_order_operate.html HTTP/1.1" 200 2693
101.83.240.223 - - [29/Feb/2024:10:59:16 +0800] "GET /xingrg/kc/base/wldb_order_info.html?code=422024022902416 HTTP/1.1" 200 30365
101.83.240.223 - - [29/Feb/2024:10:59:16 +0800] "GET /xingrg/javascript/easyui/themes/default/validatebox.css HTTP/1.1" 404 1104
58.40.7.146 - - [29/Feb/2024:10:59:16 +0800] "GET /xingrg/all/function/internal_message.html?_=1709175556705&CODE_STATE=getMsg HTTP/1.1" 200 27
114.89.91.180 - - [29/Feb/2024:10:59:16 +0800] "GET /xingrg/all/function/internal_message.html?_=1709175559474&CODE_STATE=getMsg HTTP/1.1" 200 27
116.230.123.222 - - [29/Feb/2024:10:59:17 +0800] "GET /xingrg/all/function/internal_message.html?_=1709175556111&CODE_STATE=getMsg HTTP/1.1" 200 27
58.40.7.146 - - [29/Feb/2024:10:59:20 +0800] "GET /xingrg/check_reg.html?_=1709175560539 HTTP/1.1" 200 22
58.40.7.146 - - [29/Feb/2024:10:59:21 +0800] "GET /xingrg/all/function/internal_message.html?_=1709175561713&CODE_STATE=getMsg HTTP/1.1" 200 27
124.78.67.200 - - [29/Feb/2024:10:59:22 +0800] "GET /xingrg/all/function/internal_message.html?_=1709175562465&CODE_STATE=getMsg HTTP/1.1" 200 27
116.230.123.222 - - [29/Feb/2024:10:59:22 +0800] "GET /xingrg/kc/buy/cgsh_order_add.html HTTP/1.1" 200 73472
101.83.240.223 - - [29/Feb/2024:10:59:22 +0800] "GET /xingrg/all/function/internal_message.html?_=1709175561082&CODE_STATE=getMsg HTTP/1.1" 200 27
116.228.172.94 - - [29/Feb/2024:10:59:23 +0800] "GET /xingrg/all/function/internal_message.html?_=1709175289915&CODE_STATE=getMsg HTTP/1.1" 200 27
116.228.172.94 - - [29/Feb/2024:10:59:23 +0800] "GET /xingrg/check_reg.html?_=1709175289918 HTTP/1.1" 200 22
116.230.123.222 - - [29/Feb/2024:10:59:23 +0800] "POST /xingrg/kc/buy/cgsh_order_operate.html HTTP/1.1" 200 8245
116.230.123.222 - - [29/Feb/2024:10:59:23 +0800] "GET /xingrg/javascript/easyui/themes/default/validatebox.css HTTP/1.1" 404 1104
116.224.254.208 - - [29/Feb/2024:10:59:23 +0800] "POST /xingrg/kc/base/wldb_order_operate.html HTTP/1.1" 200 12
101.83.240.223 - - [29/Feb/2024:10:59:23 +0800] "POST /xingrg/kc/base/wldb_order_operate.html HTTP/1.1" 200 2693
116.238.97.31 - - [29/Feb/2024:10:59:23 +0800] "GET /xingrg/kc/base/wldb_order_info.html?code=422024022902414 HTTP/1.1" 200 26216
116.238.97.31 - - [29/Feb/2024:10:59:23 +0800] "GET /xingrg/words/20240229092203_words.js HTTP/1.1" 304 -
116.238.97.31 - - [29/Feb/2024:10:59:23 +0800] "GET /xingrg/javascript/easyui/themes/default/validatebox.css HTTP/1.1" 404 1104
116.238.97.31 - - [29/Feb/2024:10:59:24 +0800] "POST /xingrg/kc/base/wldb_order_operate.html HTTP/1.1" 200 1874
101.83.240.223 - - [29/Feb/2024:10:59:25 +0800] "GET /xingrg/kc/base/wldb_order_add.html HTTP/1.1" 200 30350
101.83.240.223 - - [29/Feb/2024:10:59:26 +0800] "POST /xingrg/kc/base/wldb_order_operate.html HTTP/1.1" 200 6806
101.83.240.223 - - [29/Feb/2024:10:59:26 +0800] "GET /xingrg/javascript/easyui/themes/default/validatebox.css HTTP/1.1" 404 1104
218.81.65.124 - - [29/Feb/2024:10:59:27 +0800] "GET /xingrg/all/report/report_query.html?isQuery=1&fileName=kc/base/crk_detail_by_small.xml&rh=99999&queryString=&queryText=%25E3%2580%2590%25E4%25BB%2593%25E5%25BA%2593%25E5%2590%258D%25E7%25A7%25B0%253A%25E7%25B2%25A4%25E8%258F%259C%25E3%2580%2591%25E3%2580%2590%25E4%25B8%259A%25E5%258A%25A1%25E7%25B1%25BB%25E5%259E%258B%25EF%25BC%259A%25E8%25B0%2583%25E5%25BE%2580%25E5%25BC%2582%25E5%25BA%2597%25E3%2580%2591%2520%253F%253F%253F%253F%253F2023-11-01%253F%253F2024-02-29%2520%253F%253F%253F%253F%253F%253F%253F&tableQueryString=crk_table%2524sp1%2524order_day%2520between%252020231101%2520and%252020240229%2520and%2520(base_code%253D'0010007')%2520and%2520(src_order_type%2520in%2520(48))%2520and%2520(is_rk%2520in%2520(0)) HTTP/1.1" 200 53778
218.81.65.124 - - [29/Feb/2024:10:59:27 +0800] "GET /xingrg/dwr/interface/AjaxReportQueryService.js HTTP/1.1" 200 13203
218.81.65.124 - - [29/Feb/2024:10:59:27 +0800] "GET /xingrg/dwr/engine.js HTTP/1.1" 200 43631
221.239.172.101 - - [29/Feb/2024:10:59:28 +0800] "GET /xingrg/all/function/internal_message.html?_=1709175567179&CODE_STATE=getMsg HTTP/1.1" 200 27
218.81.65.124 - - [29/Feb/2024:10:59:28 +0800] "POST /xingrg/all/report/load_report_page.html HTTP/1.1" 200 13925
218.81.65.124 - - [29/Feb/2024:10:59:28 +0800] "GET /xingrg/servlets/image?cache=0.7976973632906873&image=px HTTP/1.1" 200 807
101.83.240.223 - - [29/Feb/2024:10:59:32 +0800] "GET /xingrg/kc/base/wldb_order_operate.html?command=get_materiel&rest_code=00149&base_code=0010394&code=00101016049 HTTP/1.1" 200 445
222.69.133.0 - - [29/Feb/2024:10:59:32 +0800] "GET /xingrg/all/function/internal_message.html?_=1709175573019&CODE_STATE=getMsg HTTP/1.1" 200 27
218.81.65.124 - - [29/Feb/2024:10:59:33 +0800] "POST /xingrg/all/report/load_report_page.html HTTP/1.1" 200 22901
218.81.65.124 - - [29/Feb/2024:10:59:33 +0800] "GET /xingrg/servlets/image?cache=0.5784816500527615&image=px HTTP/1.1" 200 807
116.238.97.31 - - [29/Feb/2024:10:59:34 +0800] "GET /xingrg/kc/base/wldb_order_add.html HTTP/1.1" 200 30340
116.238.97.31 - - [29/Feb/2024:10:59:34 +0800] "POST /xingrg/kc/base/wldb_order_operate.html HTTP/1.1" 200 6806
116.238.97.31 - - [29/Feb/2024:10:59:34 +0800] "GET /xingrg/javascript/easyui/themes/default/validatebox.css HTTP/1.1" 404 1104
101.83.240.223 - - [29/Feb/2024:10:59:36 +0800] "GET /xingrg/kc/base/wldb_order_operate.html?command=get_materiel&rest_code=00149&base_code=0010394&code=00101016019 HTTP/1.1" 200 448
116.232.194.112 - - [29/Feb/2024:10:59:37 +0800] "GET /xingrg/all/function/internal_message.html?_=1709175563110&CODE_STATE=getMsg HTTP/1.1" 200 27
116.238.97.31 - - [29/Feb/2024:10:59:37 +0800] "POST /xingrg/all/common/load_combo.html?type=base HTTP/1.1" 200 3321
101.83.145.37 - - [29/Feb/2024:10:59:38 +0800] "GET /xingrg/all/function/internal_message.html?_=1709175579952&CODE_STATE=getMsg HTTP/1.1" 200 27
101.83.145.37 - - [29/Feb/2024:10:59:38 +0800] "GET /xingrg/check_reg.html?_=1709175579955 HTTP/1.1" 200 22
116.238.97.31 - - [29/Feb/2024:10:59:38 +0800] "POST /xingrg/all/common/load_combo.html?type=base HTTP/1.1" 200 3321
101.83.145.37 - - [29/Feb/2024:10:59:39 +0800] "GET /xingrg/all/function/internal_message.html?_=1709175343512&CODE_STATE=getMsg HTTP/1.1" 200 27
218.81.65.124 - - [29/Feb/2024:10:59:41 +0800] "GET /xingrg/all/function/internal_message.html?_=1709175580782&CODE_STATE=getMsg HTTP/1.1" 200 27
221.239.172.101 - - [29/Feb/2024:10:59:42 +0800] "GET /xingrg/check_reg.html?_=1709175581488 HTTP/1.1" 200 22
218.81.65.124 - - [29/Feb/2024:10:59:43 +0800] "GET /xingrg/all/function/internal_message.html?_=1709175588299&CODE_STATE=getMsg HTTP/1.1" 200 27
124.78.67.200 - - [29/Feb/2024:10:59:43 +0800] "GET /xingrg/kc/buy/cgsh_order_operate.html?command=get_materiel&rest_code=00141&code=00101007027&supplier_code=00100004&order_time=2024-02-29 HTTP/1.1" 200 427
116.230.123.222 - - [29/Feb/2024:10:59:43 +0800] "GET /xingrg/kc/buy/cgsh_order_operate.html?command=get_materiel&rest_code=00111&code=00101004067&supplier_code=00100312&order_time=2024-02-29 HTTP/1.1" 200 415
116.238.97.31 - - [29/Feb/2024:10:59:43 +0800] "GET /xingrg/all/function/internal_message.html?_=1709175583650&CODE_STATE=getMsg HTTP/1.1" 200 27
58.40.7.146 - - [29/Feb/2024:10:59:48 +0800] "GET /xingrg/all/function/internal_message.html?_=1709175588842&CODE_STATE=getMsg HTTP/1.1" 200 27
116.224.254.208 - - [29/Feb/2024:10:59:48 +0800] "GET /xingrg/all/function/internal_message.html?_=1709175588842&CODE_STATE=getMsg HTTP/1.1" 200 27
116.238.97.31 - - [29/Feb/2024:10:59:49 +0800] "GET /xingrg/kc/base/wldb_order_operate.html?command=get_materiel&rest_code=00102&base_code=0010477&code=00102001110 HTTP/1.1" 200 444
116.230.112.23 - - [29/Feb/2024:10:59:50 +0800] "GET /xingrg/all/function/internal_message.html?_=1709175604164&CODE_STATE=getMsg HTTP/1.1" 200 27
101.83.240.223 - - [29/Feb/2024:10:59:51 +0800] "POST /xingrg/kc/base/wldb_order_operate.html HTTP/1.1" 200 37
101.83.240.223 - - [29/Feb/2024:10:59:53 +0800] "POST /xingrg/kc/base/wldb_order_operate.html HTTP/1.1" 200 2673
218.81.65.124 - - [29/Feb/2024:10:59:53 +0800] "GET /xingrg/all/report/report_query.html?isQuery=1&fileName=kc/base/crk_detail_by_small.xml&rh=99999&queryString=&queryText=%25E3%2580%2590%25E4%25BB%2593%25E5%25BA%2593%25E5%2590%258D%25E7%25A7%25B0%253A%25E7%25B2%25A4%25E8%258F%259C%25E3%2580%2591%25E3%2580%2590%25E4%25B8%259A%25E5%258A%25A1%25E7%25B1%25BB%25E5%259E%258B%25EF%25BC%259A%25E5%2586%2585%25E9%2583%25A8%25E8%25B0%2583%25E5%2587%25BA%25E3%2580%2591%2520%253F%253F%253F%253F%253F2023-11-01%253F%253F2024-02-29%2520%253F%253F%253F%253F%253F%253F%253F&tableQueryString=crk_table%2524sp1%2524order_day%2520between%252020231101%2520and%252020240229%2520and%2520(base_code%253D'0010007')%2520and%2520(src_order_type%2520in%2520(42))%2520and%2520(is_rk%2520in%2520(0)) HTTP/1.1" 200 53778
218.81.65.124 - - [29/Feb/2024:10:59:53 +0800] "GET /xingrg/dwr/interface/AjaxReportQueryService.js HTTP/1.1" 200 13203
218.81.65.124 - - [29/Feb/2024:10:59:53 +0800] "GET /xingrg/dwr/engine.js HTTP/1.1" 200 43631
101.83.240.223 - - [29/Feb/2024:10:59:53 +0800] "GET /xingrg/kc/base/wldb_order_info.html?code=422024022902417 HTTP/1.1" 200 30365
101.83.240.223 - - [29/Feb/2024:10:59:54 +0800] "GET /xingrg/javascript/easyui/themes/default/validatebox.css HTTP/1.1" 404 1104
218.81.65.124 - - [29/Feb/2024:10:59:55 +0800] "POST /xingrg/all/report/load_report_page.html HTTP/1.1" 200 22671
218.81.65.124 - - [29/Feb/2024:10:59:55 +0800] "GET /xingrg/servlets/image?cache=0.07517854191535023&image=px HTTP/1.1" 200 807
180.164.1.25 - - [29/Feb/2024:10:59:55 +0800] "GET /xingrg/all/function/internal_message.html?_=1709175594657&CODE_STATE=getMsg HTTP/1.1" 200 27
116.238.97.31 - - [29/Feb/2024:10:59:56 +0800] "GET /xingrg/kc/base/wldb_order_operate.html?command=get_materiel&rest_code=00102&base_code=0010477&code=00102002564 HTTP/1.1" 200 457
101.83.240.223 - - [29/Feb/2024:10:59:56 +0800] "POST /xingrg/kc/base/wldb_order_operate.html HTTP/1.1" 200 2673
218.81.65.124 - - [29/Feb/2024:10:59:57 +0800] "GET /xingrg/all/report/report_query.html?isQuery=1&fileName=kc/base/crk_detail_by_materiel.xml&queryString=&queryText=%25E3%2580%2590%25E4%25BB%2593%25E5%25BA%2593%25E5%2590%258D%25E7%25A7%25B0%253A%25E7%25B2%25A4%25E8%258F%259C%25E3%2580%2591%25E3%2580%2590%25E4%25B8%259A%25E5%258A%25A1%25E7%25B1%25BB%25E5%259E%258B%25EF%25BC%259A%25E5%2586%2585%25E9%2583%25A8%25E8%25B0%2583%25E5%2587%25BA%25E3%2580%2591%2520%253F%253F%253F%253F%253F2023-11-01%253F%253F2024-02-29%2520%253F%253F%253F%253F%253F%253F%253F&tableQueryString=crk_table%2524sp1%2524order_day%2520between%252020231101%2520and%252020240229%2520and%2520(base_code%253D'0010007')%2520and%2520(src_order_type%2520in%2520(42))%2520and%2520(is_rk%2520in%2520(0))%2520and%2520(m.sort_code%253D'00101034') HTTP/1.1" 200 53805
218.81.65.124 - - [29/Feb/2024:10:59:57 +0800] "GET /xingrg/dwr/interface/AjaxReportQueryService.js HTTP/1.1" 200 13203
218.81.65.124 - - [29/Feb/2024:10:59:57 +0800] "GET /xingrg/dwr/engine.js HTTP/1.1" 200 43631
116.237.77.14 - - [29/Feb/2024:10:59:58 +0800] "GET /xingrg/all/function/internal_message.html?_=1709175598112&CODE_STATE=getMsg HTTP/1.1" 200 27
101.83.240.223 - - [29/Feb/2024:10:59:59 +0800] "GET /xingrg/kc/base/wldb_order_add.html HTTP/1.1" 200 30350
218.81.65.124 - - [29/Feb/2024:10:59:59 +0800] "POST /xingrg/all/report/load_report_page.html HTTP/1.1" 200 19094
218.81.65.124 - - [29/Feb/2024:10:59:59 +0800] "GET /xingrg/servlets/image?cache=0.5976065442354819&image=px HTTP/1.1" 200 807
101.83.240.223 - - [29/Feb/2024:10:59:59 +0800] "POST /xingrg/kc/base/wldb_order_operate.html HTTP/1.1" 200 6806
101.83.240.223 - - [29/Feb/2024:10:59:59 +0800] "GET /xingrg/javascript/easyui/themes/default/validatebox.css HTTP/1.1" 404 1104
116.230.123.222 - - [29/Feb/2024:11:00:01 +0800] "GET /xingrg/all/function/internal_message.html?_=1709175659473&CODE_STATE=getMsg HTTP/1.1" 200 27
116.238.97.31 - - [29/Feb/2024:11:00:03 +0800] "POST /xingrg/kc/base/wldb_order_operate.html HTTP/1.1" 200 37
101.83.240.223 - - [29/Feb/2024:11:00:03 +0800] "GET /xingrg/all/function/internal_message.html?_=1709175603351&CODE_STATE=getMsg HTTP/1.1" 200 27
116.230.123.222 - - [29/Feb/2024:11:00:06 +0800] "GET /xingrg/kc/buy/cgsh_order_operate.html?command=get_materiel&rest_code=00111&code=00101001029&supplier_code=00100312&order_time=2024-02-29 HTTP/1.1" 200 417
116.238.97.31 - - [29/Feb/2024:11:00:06 +0800] "GET /xingrg/all/function/internal_message.html?_=1709175605740&CODE_STATE=getMsg HTTP/1.1" 200 27
116.238.97.31 - - [29/Feb/2024:11:00:08 +0800] "POST /xingrg/kc/base/wldb_order_operate.html HTTP/1.1" 200 12
116.238.97.31 - - [29/Feb/2024:11:00:08 +0800] "POST /xingrg/kc/base/wldb_order_operate.html HTTP/1.1" 200 2686
124.78.67.200 - - [29/Feb/2024:11:00:10 +0800] "GET /xingrg/kc/buy/cgsh_order_operate.html?command=get_materiel&rest_code=00141&code=00101007081&supplier_code=00100004&order_time=2024-02-29 HTTP/1.1" 200 413
116.238.97.31 - - [29/Feb/2024:11:00:11 +0800] "GET /xingrg/kc/base/wldb_order_info.html?code=422024022902418 HTTP/1.1" 200 26216
116.238.97.31 - - [29/Feb/2024:11:00:11 +0800] "GET /xingrg/javascript/easyui/themes/default/validatebox.css HTTP/1.1" 404 1104
116.238.97.31 - - [29/Feb/2024:11:00:11 +0800] "POST /xingrg/kc/base/wldb_order_operate.html HTTP/1.1" 200 969
101.83.240.223 - - [29/Feb/2024:11:00:13 +0800] "GET /xingrg/kc/base/wldb_order_operate.html?command=get_materiel&rest_code=00149&base_code=0010395&code=00102002006 HTTP/1.1" 200 468
116.238.97.31 - - [29/Feb/2024:11:00:13 +0800] "GET /xingrg/kc/base/wldb_order_add.html HTTP/1.1" 200 30340
116.238.97.31 - - [29/Feb/2024:11:00:14 +0800] "POST /xingrg/kc/base/wldb_order_operate.html HTTP/1.1" 200 6806
116.238.97.31 - - [29/Feb/2024:11:00:14 +0800] "GET /xingrg/javascript/easyui/themes/default/validatebox.css HTTP/1.1" 404 1104
116.232.194.112 - - [29/Feb/2024:11:00:14 +0800] "GET /xingrg/all/function/internal_message.html?_=1709175614062&CODE_STATE=getMsg HTTP/1.1" 200 27
120.253.135.82 - - [29/Feb/2024:11:00:14 +0800] "GET /xingrg/all/function/internal_message.html?_=1709175449247&CODE_STATE=getMsg HTTP/1.1" 200 27
116.238.97.31 - - [29/Feb/2024:11:00:15 +0800] "POST /xingrg/all/common/load_combo.html?type=base HTTP/1.1" 200 3321
58.39.109.113 - - [29/Feb/2024:11:00:15 +0800] "GET /xingrg/all/function/internal_message.html?_=1709175616900&CODE_STATE=getMsg HTTP/1.1" 200 27
116.238.97.31 - - [29/Feb/2024:11:00:16 +0800] "POST /xingrg/all/common/load_combo.html?type=base HTTP/1.1" 200 3321
114.89.91.180 - - [29/Feb/2024:11:00:16 +0800] "GET /xingrg/all/function/internal_message.html?_=1709175619452&CODE_STATE=getMsg HTTP/1.1" 200 27
116.230.123.222 - - [29/Feb/2024:11:00:17 +0800] "GET /xingrg/all/function/internal_message.html?_=1709175616095&CODE_STATE=getMsg HTTP/1.1" 200 27
101.83.240.223 - - [29/Feb/2024:11:00:18 +0800] "GET /xingrg/kc/base/wldb_order_operate.html?command=get_materiel&rest_code=00149&base_code=0010395&code=00102004018 HTTP/1.1" 200 444
124.78.67.200 - - [29/Feb/2024:11:00:19 +0800] "GET /xingrg/check_reg.html?_=1709175619708 HTTP/1.1" 200 22
58.40.7.146 - - [29/Feb/2024:11:00:20 +0800] "GET /xingrg/all/function/internal_message.html?_=1709175620228&CODE_STATE=getMsg HTTP/1.1" 200 27
58.40.7.146 - - [29/Feb/2024:11:00:21 +0800] "GET /xingrg/all/function/internal_message.html?_=1709175621768&CODE_STATE=getMsg HTTP/1.1" 200 27
58.40.7.146 - - [29/Feb/2024:11:00:22 +0800] "POST /xingrg/dwr/call/plaincall/AjaxCheckService.saveOrder.dwr HTTP/1.1" 200 78
124.78.67.200 - - [29/Feb/2024:11:00:22 +0800] "GET /xingrg/all/function/internal_message.html?_=1709175622517&CODE_STATE=getMsg HTTP/1.1" 200 27
101.83.240.223 - - [29/Feb/2024:11:00:22 +0800] "GET /xingrg/check_reg.html?_=1709175620881 HTTP/1.1" 200 22
101.83.240.223 - - [29/Feb/2024:11:00:22 +0800] "GET /xingrg/all/function/internal_message.html?_=1709175621068&CODE_STATE=getMsg HTTP/1.1" 200 27
116.228.172.94 - - [29/Feb/2024:11:00:23 +0800] "GET /xingrg/all/function/internal_message.html?_=1709175349914&CODE_STATE=getMsg HTTP/1.1" 200 27
116.230.123.222 - - [29/Feb/2024:11:00:23 +0800] "GET /xingrg/kc/buy/cgsh_order_operate.html?command=get_materiel&rest_code=00111&code=00101004046&supplier_code=00100312&order_time=2024-02-29 HTTP/1.1" 200 418
58.40.7.146 - - [29/Feb/2024:11:00:23 +0800] "POST /xingrg/dwr/call/plaincall/AjaxCheckService.loadOrderItems.dwr HTTP/1.1" 200 367
116.238.97.31 - - [29/Feb/2024:11:00:25 +0800] "GET /xingrg/kc/base/wldb_order_operate.html?command=get_materiel&rest_code=00102&base_code=0010477&code=00102004006 HTTP/1.1" 200 442
116.230.112.23 - - [29/Feb/2024:11:00:25 +0800] "GET /xingrg/check_reg.html?_=1709175639098 HTTP/1.1" 200 22
58.40.7.146 - - [29/Feb/2024:11:00:26 +0800] "POST /xingrg/kc/report/common_data.html?type=materiel_category_tree HTTP/1.1" 200 4017
221.239.172.101 - - [29/Feb/2024:11:00:28 +0800] "GET /xingrg/all/function/internal_message.html?_=1709175627159&CODE_STATE=getMsg HTTP/1.1" 200 27
101.83.240.223 - - [29/Feb/2024:11:00:29 +0800] "GET /xingrg/check_reg.html?_=1709175629773 HTTP/1.1" 200 22
116.238.97.31 - - [29/Feb/2024:11:00:30 +0800] "GET /xingrg/kc/base/wldb_order_operate.html?command=get_materiel&rest_code=00102&base_code=0010477&code=00102002497 HTTP/1.1" 200 439
222.69.133.0 - - [29/Feb/2024:11:00:32 +0800] "GET /xingrg/all/function/internal_message.html?_=1709175633004&CODE_STATE=getMsg HTTP/1.1" 200 27
58.40.7.146 - - [29/Feb/2024:11:00:32 +0800] "POST /xingrg/dwr/call/plaincall/AjaxCheckService.importOrderItems.dwr HTTP/1.1" 200 78
124.78.67.200 - - [29/Feb/2024:11:00:32 +0800] "POST /xingrg/kc/buy/cgsh_order_operate.html HTTP/1.1" 200 37
101.83.240.223 - - [29/Feb/2024:11:00:33 +0800] "POST /xingrg/kc/base/wldb_order_operate.html HTTP/1.1" 200 37
101.83.240.223 - - [29/Feb/2024:11:00:34 +0800] "POST /xingrg/kc/base/wldb_order_operate.html HTTP/1.1" 200 2694
101.83.240.223 - - [29/Feb/2024:11:00:35 +0800] "GET /xingrg/kc/base/wldb_order_info.html?code=422024022902419 HTTP/1.1" 200 30364
58.40.7.146 - - [29/Feb/2024:11:00:35 +0800] "POST /xingrg/dwr/call/plaincall/AjaxCheckService.loadOrderItems.dwr HTTP/1.1" 200 128406
101.83.240.223 - - [29/Feb/2024:11:00:35 +0800] "GET /xingrg/javascript/easyui/themes/default/validatebox.css HTTP/1.1" 404 1104
101.83.240.223 - - [29/Feb/2024:11:00:36 +0800] "POST /xingrg/kc/base/wldb_order_operate.html HTTP/1.1" 200 2694
116.232.194.112 - - [29/Feb/2024:11:00:37 +0800] "GET /xingrg/all/function/internal_message.html?_=1709175623126&CODE_STATE=getMsg HTTP/1.1" 200 27
218.81.65.124 - - [29/Feb/2024:11:00:37 +0800] "POST /xingrg/load_menu.html HTTP/1.1" 200 10797
101.83.240.223 - - [29/Feb/2024:11:00:38 +0800] "GET /xingrg/kc/base/wldb_order_add.html HTTP/1.1" 200 30350
101.83.145.37 - - [29/Feb/2024:11:00:38 +0800] "GET /xingrg/all/function/internal_message.html?_=1709175639956&CODE_STATE=getMsg HTTP/1.1" 200 27
218.81.65.124 - - [29/Feb/2024:11:00:38 +0800] "GET /xingrg/all/report/report_query.html?fileName=dma/new_5.0/menu/menu_category_hz.xml HTTP/1.1" 200 53064
218.81.65.124 - - [29/Feb/2024:11:00:38 +0800] "GET /xingrg/dwr/interface/AjaxReportQueryService.js HTTP/1.1" 200 13203
218.81.65.124 - - [29/Feb/2024:11:00:38 +0800] "GET /xingrg/dwr/engine.js HTTP/1.1" 200 43631
101.83.240.223 - - [29/Feb/2024:11:00:38 +0800] "POST /xingrg/kc/base/wldb_order_operate.html HTTP/1.1" 200 6806
101.83.240.223 - - [29/Feb/2024:11:00:38 +0800] "GET /xingrg/javascript/easyui/themes/default/validatebox.css HTTP/1.1" 404 1104
218.81.65.124 - - [29/Feb/2024:11:00:38 +0800] "POST /xingrg/dwr/call/plaincall/AjaxReportQueryService.getFixDate.dwr HTTP/1.1" 200 111
218.81.65.124 - - [29/Feb/2024:11:00:38 +0800] "POST /xingrg/all/common/load_tree.html?tree=area_station_tree_json&manage=1 HTTP/1.1" 200 3393
101.83.145.37 - - [29/Feb/2024:11:00:39 +0800] "GET /xingrg/check_reg.html?_=1709175403513 HTTP/1.1" 200 22
101.83.145.37 - - [29/Feb/2024:11:00:39 +0800] "GET /xingrg/all/function/internal_message.html?_=1709175403516&CODE_STATE=getMsg HTTP/1.1" 200 27
58.40.7.146 - - [29/Feb/2024:11:00:40 +0800] "GET /xingrg/kc/print/load_config.html?_=1709175640117&kc_code=check HTTP/1.1" 200 2488
58.40.7.146 - - [29/Feb/2024:11:00:40 +0800] "GET /xingrg/kc/print/load_data.html?_=1709175640234&order_code=452024022900152&kc_code=check HTTP/1.1" 200 33972
218.81.65.124 - - [29/Feb/2024:11:00:41 +0800] "GET /xingrg/all/function/internal_message.html?_=1709175640771&CODE_STATE=getMsg HTTP/1.1" 200 27
218.81.65.124 - - [29/Feb/2024:11:00:43 +0800] "GET /xingrg/all/function/internal_message.html?_=1709175648297&CODE_STATE=getMsg HTTP/1.1" 200 27
116.230.123.222 - - [29/Feb/2024:11:00:43 +0800] "POST /xingrg/kc/buy/cgsh_order_operate.html HTTP/1.1" 200 37
116.238.97.31 - - [29/Feb/2024:11:00:43 +0800] "GET /xingrg/all/function/internal_message.html?_=1709175643647&CODE_STATE=getMsg HTTP/1.1" 200 27
124.78.67.200 - - [29/Feb/2024:11:00:44 +0800] "POST /xingrg/kc/buy/cgsh_order_operate.html HTTP/1.1" 200 12
116.238.97.31 - - [29/Feb/2024:11:00:44 +0800] "GET /xingrg/kc/base/wldb_order_operate.html?command=get_materiel&rest_code=00102&base_code=0010477&code=00102002550 HTTP/1.1" 200 440
218.81.65.124 - - [29/Feb/2024:11:00:45 +0800] "POST /xingrg/dwr/call/plaincall/AjaxReportQueryService.queryInitializeString.dwr HTTP/1.1" 200 1012
101.83.240.223 - - [29/Feb/2024:11:00:45 +0800] "GET /xingrg/kc/base/wldb_order_operate.html?command=get_materiel&rest_code=00149&base_code=0010436&code=00101014040 HTTP/1.1" 200 433
124.78.67.200 - - [29/Feb/2024:11:00:47 +0800] "GET /xingrg/kc/buy/cgsh_order_info.html?code=212024022908190 HTTP/1.1" 200 68425
180.164.1.25 - - [29/Feb/2024:11:00:47 +0800] "GET /xingrg/kc/buy/cgsh_order_operate.html?command=get_materiel&rest_code=00108&code=00101008166&supplier_code=00100466&order_time=2024-02-29 HTTP/1.1" 200 413
124.78.67.200 - - [29/Feb/2024:11:00:47 +0800] "GET /xingrg/javascript/easyui/themes/default/validatebox.css HTTP/1.1" 404 1104
124.78.67.200 - - [29/Feb/2024:11:00:48 +0800] "POST /xingrg/kc/buy/cgsh_order_operate.html HTTP/1.1" 200 1805
116.224.254.208 - - [29/Feb/2024:11:00:48 +0800] "GET /xingrg/all/function/internal_message.html?_=1709175648844&CODE_STATE=getMsg HTTP/1.1" 200 27
116.230.112.23 - - [29/Feb/2024:11:00:50 +0800] "GET /xingrg/all/function/internal_message.html?_=1709175664167&CODE_STATE=getMsg HTTP/1.1" 200 27
124.78.67.200 - - [29/Feb/2024:11:00:51 +0800] "GET /xingrg/kc/print/load_data.html?order_code=212024022908190&kc_code=cgsh&condition= HTTP/1.1" 200 1229
116.238.97.31 - - [29/Feb/2024:11:00:51 +0800] "POST /xingrg/kc/base/wldb_order_operate.html HTTP/1.1" 200 37
116.230.123.222 - - [29/Feb/2024:11:00:52 +0800] "POST /xingrg/kc/buy/cgsh_order_operate.html HTTP/1.1" 200 12
218.81.65.124 - - [29/Feb/2024:11:00:53 +0800] "GET /xingrg/all/report/report_query.html?fileName=dma/new_5.0/menu/menu_hz.xml HTTP/1.1" 200 53697
218.81.65.124 - - [29/Feb/2024:11:00:53 +0800] "GET /xingrg/dwr/interface/AjaxReportQueryService.js HTTP/1.1" 200 13203
218.81.65.124 - - [29/Feb/2024:11:00:53 +0800] "GET /xingrg/dwr/engine.js HTTP/1.1" 200 43631
218.81.65.124 - - [29/Feb/2024:11:00:53 +0800] "POST /xingrg/dwr/call/plaincall/AjaxReportQueryService.getFixDate.dwr HTTP/1.1" 200 111
218.81.65.124 - - [29/Feb/2024:11:00:53 +0800] "POST /xingrg/all/common/load_tree.html?tree=area_station_tree_json&manage=1 HTTP/1.1" 200 3393
116.230.123.222 - - [29/Feb/2024:11:00:55 +0800] "GET /xingrg/kc/buy/cgsh_order_info.html?code=212024022908191 HTTP/1.1" 200 68385
180.164.1.25 - - [29/Feb/2024:11:00:55 +0800] "GET /xingrg/all/function/internal_message.html?_=1709175654654&CODE_STATE=getMsg HTTP/1.1" 200 27
116.230.123.222 - - [29/Feb/2024:11:00:55 +0800] "GET /xingrg/javascript/easyui/themes/default/validatebox.css HTTP/1.1" 404 1104
218.81.65.124 - - [29/Feb/2024:11:00:56 +0800] "GET /xingrg/all/report/report_query.html?fileName=dma/new_5.0/menu/menu_stca_hz.xml HTTP/1.1" 200 51418
218.81.65.124 - - [29/Feb/2024:11:00:56 +0800] "GET /xingrg/dwr/interface/AjaxReportQueryService.js HTTP/1.1" 200 13203
218.81.65.124 - - [29/Feb/2024:11:00:56 +0800] "GET /xingrg/dwr/engine.js HTTP/1.1" 200 43631
218.81.65.124 - - [29/Feb/2024:11:00:56 +0800] "POST /xingrg/dwr/call/plaincall/AjaxReportQueryService.getFixDate.dwr HTTP/1.1" 200 111
218.81.65.124 - - [29/Feb/2024:11:00:56 +0800] "POST /xingrg/all/common/load_tree.html?tree=area_station_tree_json&manage=1 HTTP/1.1" 200 3393
124.78.67.200 - - [29/Feb/2024:11:00:56 +0800] "POST /xingrg/kc/buy/cgsh_order_operate.html HTTP/1.1" 200 8245
124.78.67.200 - - [29/Feb/2024:11:00:56 +0800] "GET /xingrg/javascript/easyui/themes/default/validatebox.css HTTP/1.1" 404 1104
116.230.123.222 - - [29/Feb/2024:11:00:56 +0800] "POST /xingrg/kc/buy/cgsh_order_operate.html HTTP/1.1" 200 1807
116.237.77.14 - - [29/Feb/2024:11:00:58 +0800] "GET /xingrg/check_reg.html?_=1709175658110 HTTP/1.1" 200 22
116.237.77.14 - - [29/Feb/2024:11:00:58 +0800] "GET /xingrg/all/function/internal_message.html?_=1709175658111&CODE_STATE=getMsg HTTP/1.1" 200 27
101.83.240.223 - - [29/Feb/2024:11:00:59 +0800] "POST /xingrg/kc/base/wldb_order_operate.html HTTP/1.1" 200 37
116.224.254.208 - - [29/Feb/2024:11:01:01 +0800] "GET /xingrg/kc/base/wldb_order_info.html?code=422024022902415 HTTP/1.1" 200 26229
116.230.123.222 - - [29/Feb/2024:11:01:01 +0800] "GET /xingrg/kc/print/load_data.html?order_code=212024022908191&kc_code=cgsh&condition= HTTP/1.1" 200 1166
116.230.123.222 - - [29/Feb/2024:11:01:01 +0800] "GET /xingrg/all/function/internal_message.html?_=1709175719458&CODE_STATE=getMsg HTTP/1.1" 200 27
101.83.240.223 - - [29/Feb/2024:11:01:01 +0800] "GET /xingrg/kc/base/wldb_order_info.html?code=422024022902421 HTTP/1.1" 200 30362
116.224.254.208 - - [29/Feb/2024:11:01:01 +0800] "GET /xingrg/javascript/easyui/themes/default/validatebox.css HTTP/1.1" 404 1104
116.224.254.208 - - [29/Feb/2024:11:01:02 +0800] "POST /xingrg/kc/base/wldb_order_operate.html HTTP/1.1" 200 485
116.230.123.222 - - [29/Feb/2024:11:01:02 +0800] "GET /xingrg/check_reg.html?_=1709175719930 HTTP/1.1" 200 22
101.83.240.223 - - [29/Feb/2024:11:01:02 +0800] "GET /xingrg/javascript/easyui/themes/default/validatebox.css HTTP/1.1" 404 1104
116.238.97.31 - - [29/Feb/2024:11:01:02 +0800] "POST /xingrg/kc/base/wldb_order_operate.html HTTP/1.1" 200 2086
101.83.240.223 - - [29/Feb/2024:11:01:03 +0800] "GET /xingrg/all/function/internal_message.html?_=1709175663324&CODE_STATE=getMsg HTTP/1.1" 200 27
116.238.97.31 - - [29/Feb/2024:11:01:03 +0800] "POST /xingrg/kc/base/wldb_order_operate.html HTTP/1.1" 200 12
101.83.240.223 - - [29/Feb/2024:11:01:03 +0800] "POST /xingrg/kc/base/wldb_order_operate.html HTTP/1.1" 200 2182
101.83.240.223 - - [29/Feb/2024:11:01:03 +0800] "POST /xingrg/kc/base/wldb_order_operate.html HTTP/1.1" 200 2182
116.224.254.208 - - [29/Feb/2024:11:01:04 +0800] "GET /xingrg/kc/mdqp/qqps_order_list.html HTTP/1.1" 200 9222
116.224.254.208 - - [29/Feb/2024:11:01:04 +0800] "GET /xingrg/dwr/interface/AjaxQqpsService.js HTTP/1.1" 200 16326
116.224.254.208 - - [29/Feb/2024:11:01:04 +0800] "GET /xingrg/javascript/ToolTips.js HTTP/1.1" 200 5615
116.224.254.208 - - [29/Feb/2024:11:01:04 +0800] "GET /xingrg/dwr/interface/AjaxReportQueryService.js HTTP/1.1" 200 13203
116.224.254.208 - - [29/Feb/2024:11:01:04 +0800] "GET /xingrg/dwr/engine.js HTTP/1.1" 200 43631
116.224.254.208 - - [29/Feb/2024:11:01:04 +0800] "GET /xingrg/javascript/jquery_easy_ui/themes/icons/edit_add_new.png HTTP/1.1" 200 2997
116.224.254.208 - - [29/Feb/2024:11:01:04 +0800] "GET /xingrg/javascript/jquery_easy_ui/themes/icons/uncheck_new.png HTTP/1.1" 200 3197
116.238.97.31 - - [29/Feb/2024:11:01:05 +0800] "GET /xingrg/kc/base/wldb_order_info.html?code=422024022902420 HTTP/1.1" 200 26216
101.83.240.223 - - [29/Feb/2024:11:01:05 +0800] "GET /xingrg/kc/base/wldb_order_add.html HTTP/1.1" 200 30350
116.238.97.31 - - [29/Feb/2024:11:01:05 +0800] "GET /xingrg/javascript/easyui/themes/default/validatebox.css HTTP/1.1" 404 1104
101.83.240.223 - - [29/Feb/2024:11:01:05 +0800] "POST /xingrg/kc/base/wldb_order_operate.html HTTP/1.1" 200 6806
101.83.240.223 - - [29/Feb/2024:11:01:05 +0800] "GET /xingrg/javascript/easyui/themes/default/validatebox.css HTTP/1.1" 404 1104
116.238.97.31 - - [29/Feb/2024:11:01:05 +0800] "POST /xingrg/kc/base/wldb_order_operate.html HTTP/1.1" 200 1416
116.238.97.31 - - [29/Feb/2024:11:01:06 +0800] "GET /xingrg/all/function/internal_message.html?_=1709175665729&CODE_STATE=getMsg HTTP/1.1" 200 27
218.81.65.124 - - [29/Feb/2024:11:01:07 +0800] "POST /xingrg/dwr/call/plaincall/AjaxReportQueryService.refreshCache.dwr HTTP/1.1" 200 78
218.81.65.124 - - [29/Feb/2024:11:01:08 +0800] "POST /xingrg/all/report/load_report_page.html HTTP/1.1" 200 64083
218.81.65.124 - - [29/Feb/2024:11:01:08 +0800] "GET /xingrg/servlets/image?cache=0.8890621909848471&image=px HTTP/1.1" 200 807
116.238.97.31 - - [29/Feb/2024:11:01:08 +0800] "GET /xingrg/kc/base/wldb_order_add.html HTTP/1.1" 200 30340
116.238.97.31 - - [29/Feb/2024:11:01:08 +0800] "POST /xingrg/kc/base/wldb_order_operate.html HTTP/1.1" 200 6806
116.238.97.31 - - [29/Feb/2024:11:01:08 +0800] "GET /xingrg/javascript/easyui/themes/default/validatebox.css HTTP/1.1" 404 1104
116.238.97.31 - - [29/Feb/2024:11:01:09 +0800] "POST /xingrg/all/common/load_combo.html?type=base HTTP/1.1" 200 3321
116.230.123.222 - - [29/Feb/2024:11:01:09 +0800] "GET /xingrg/kc/buy/cgsh_order_add.html HTTP/1.1" 200 73472
116.230.123.222 - - [29/Feb/2024:11:01:09 +0800] "POST /xingrg/kc/buy/cgsh_order_operate.html HTTP/1.1" 200 8245
116.230.123.222 - - [29/Feb/2024:11:01:09 +0800] "GET /xingrg/javascript/easyui/themes/default/validatebox.css HTTP/1.1" 404 1104
218.81.65.124 - - [29/Feb/2024:11:01:10 +0800] "GET /xingrg/all/report/report_query.html?isQuery=1&fileName=dma/new_5.0/menu/menu_hz.xml&queryString=(a.sale_day%2520between%252020231101%2520and%252020240229)%2520and%2520(a.sid%2520in%2520(14))%2520and%2520(a.tj_code%253D14)&queryText=%25E3%2580%2590%25E8%2590%25A5%25E4%25B8%259A%25E6%2597%25A5%25E6%259C%259F%253A2023-11-01%2520%25E8%2587%25B3%25202024-02-29%25E3%2580%2591%2520%25E5%25B9%25B6%25E4%25B8%2594%2520%2520%25E3%2580%2590%25E9%2597%25A8%25E5%25BA%2597%25E5%2590%258D%25E7%25A7%25B0%2520%253D%2520%25E6%25B7%25B1%25E6%25B5%25B7%25E6%25B8%2594%25E6%25B8%25AF%25E4%25B8%2583%25E5%25AE%259D%25E5%25BA%2597%25E3%2580%2591%2520%25E5%25B9%25B6%25E4%25B8%2594%2520%25E3%2580%2590%25E7%25BB%259F%25E8%25AE%25A1%25E7%25B1%25BB%25E5%2588%25AB%2520%253D%2520%25E7%25A4%25BC%25E7%259B%2592%25E3%2580%2591 HTTP/1.1" 200 54116
218.81.65.124 - - [29/Feb/2024:11:01:10 +0800] "GET /xingrg/dwr/engine.js HTTP/1.1" 200 43631
218.81.65.124 - - [29/Feb/2024:11:01:10 +0800] "GET /favicon.ico HTTP/1.1" 404 -
218.81.65.124 - - [29/Feb/2024:11:01:11 +0800] "POST /xingrg/all/report/load_report_page.html HTTP/1.1" 200 59515
116.238.97.31 - - [29/Feb/2024:11:01:11 +0800] "POST /xingrg/all/common/load_combo.html?type=base HTTP/1.1" 200 3321
218.81.65.124 - - [29/Feb/2024:11:01:11 +0800] "GET /xingrg/servlets/image?cache=0.8690107309281189&image=px HTTP/1.1" 200 807
116.224.254.208 - - [29/Feb/2024:11:01:11 +0800] "GET /xingrg/kc/mdqp/qqps_order_list.html?isQuery=1&timeSelect=1&orderTime=day&startTime=2024-02-29&endTime=2024-03-01&state=all&query=%C8%B7++%B6%A8 HTTP/1.1" 200 9321
116.224.254.208 - - [29/Feb/2024:11:01:11 +0800] "GET /xingrg/dwr/interface/AjaxQqpsService.js HTTP/1.1" 200 16326
116.224.254.208 - - [29/Feb/2024:11:01:11 +0800] "GET /xingrg/dwr/interface/AjaxReportQueryService.js HTTP/1.1" 200 13203
116.224.254.208 - - [29/Feb/2024:11:01:11 +0800] "GET /xingrg/dwr/engine.js HTTP/1.1" 200 43631
58.40.7.146 - - [29/Feb/2024:11:01:11 +0800] "GET /xingrg/all/function/internal_message.html?_=1709175670710&CODE_STATE=getMsg HTTP/1.1" 200 27
101.83.240.223 - - [29/Feb/2024:11:01:13 +0800] "GET /xingrg/kc/base/wldb_order_operate.html?command=get_materiel&rest_code=00149&base_code=0010395&code=00102002362 HTTP/1.1" 200 434
58.40.7.146 - - [29/Feb/2024:11:01:14 +0800] "GET /xingrg/check_reg.html?_=1709175672334 HTTP/1.1" 200 22
116.232.194.112 - - [29/Feb/2024:11:01:14 +0800] "GET /xingrg/all/function/internal_message.html?_=1709175674069&CODE_STATE=getMsg HTTP/1.1" 200 27
120.253.135.82 - - [29/Feb/2024:11:01:14 +0800] "GET /xingrg/all/function/internal_message.html?_=1709175509269&CODE_STATE=getMsg HTTP/1.1" 200 27
180.169.147.146 - - [29/Feb/2024:11:01:15 +0800] "GET /xingrg/kc/buy/cgsh_order_add.html HTTP/1.1" 200 73563
180.169.147.146 - - [29/Feb/2024:11:01:15 +0800] "GET /xingrg/words/20240229092203_words.js HTTP/1.1" 200 1014224
58.39.109.113 - - [29/Feb/2024:11:01:15 +0800] "GET /xingrg/all/function/internal_message.html?_=1709175676875&CODE_STATE=getMsg HTTP/1.1" 200 27
180.169.147.146 - - [29/Feb/2024:11:01:15 +0800] "POST /xingrg/kc/buy/cgsh_order_operate.html HTTP/1.1" 200 8245
180.169.147.146 - - [29/Feb/2024:11:01:15 +0800] "GET /xingrg/javascript/easyui/themes/default/validatebox.css HTTP/1.1" 404 1104
180.169.147.146 - - [29/Feb/2024:11:01:15 +0800] "GET /xingrg/all/common/auto_word.html?type=employee&rest_code=00147 HTTP/1.1" 200 101
180.169.147.146 - - [29/Feb/2024:11:01:15 +0800] "GET /xingrg/all/common/auto_word.html?type=employee&rest_code=00147 HTTP/1.1" 200 101
180.169.147.146 - - [29/Feb/2024:11:01:16 +0800] "GET /xingrg/javascript/auto/indicator.gif HTTP/1.1" 404 1066
116.224.254.208 - - [29/Feb/2024:11:01:16 +0800] "GET /xingrg/kc/mdqp/qqps_order_list.html?isQuery=1&timeSelect=1&orderTime=day&startTime=2024-02-28&endTime=2024-03-01&state=all&query=%C8%B7++%B6%A8 HTTP/1.1" 200 9321
116.224.254.208 - - [29/Feb/2024:11:01:16 +0800] "GET /xingrg/dwr/interface/AjaxQqpsService.js HTTP/1.1" 200 16326
116.224.254.208 - - [29/Feb/2024:11:01:16 +0800] "GET /xingrg/dwr/interface/AjaxReportQueryService.js HTTP/1.1" 200 13203
116.224.254.208 - - [29/Feb/2024:11:01:16 +0800] "GET /xingrg/dwr/engine.js HTTP/1.1" 200 43631
114.89.91.180 - - [29/Feb/2024:11:01:16 +0800] "GET /xingrg/all/function/internal_message.html?_=1709175679426&CODE_STATE=getMsg HTTP/1.1" 200 27
114.89.91.180 - - [29/Feb/2024:11:01:17 +0800] "GET /xingrg/check_reg.html?_=1709175680251 HTTP/1.1" 200 22
180.169.147.146 - - [29/Feb/2024:11:01:17 +0800] "GET /xingrg/javascript/jquery_tools/images/next.gif HTTP/1.1" 404 1086
180.169.147.146 - - [29/Feb/2024:11:01:17 +0800] "GET /xingrg/javascript/jquery_tools/images/prev.gif HTTP/1.1" 404 1086
116.230.123.222 - - [29/Feb/2024:11:01:17 +0800] "GET /xingrg/all/function/internal_message.html?_=1709175676077&CODE_STATE=getMsg HTTP/1.1" 200 27
116.230.123.222 - - [29/Feb/2024:11:01:17 +0800] "GET /xingrg/check_reg.html?_=1709175676172 HTTP/1.1" 200 22
116.224.254.208 - - [29/Feb/2024:11:01:18 +0800] "GET /xingrg/kc/mdqp/qqps_order_list.html?isQuery=1&timeSelect=1&orderTime=day&startTime=2024-02-28&endTime=2024-03-01&state=all&query=%C8%B7++%B6%A8 HTTP/1.1" 200 9321
116.224.254.208 - - [29/Feb/2024:11:01:18 +0800] "GET /xingrg/dwr/interface/AjaxQqpsService.js HTTP/1.1" 200 16326
116.224.254.208 - - [29/Feb/2024:11:01:18 +0800] "GET /xingrg/dwr/interface/AjaxReportQueryService.js HTTP/1.1" 200 13203
116.224.254.208 - - [29/Feb/2024:11:01:18 +0800] "GET /xingrg/dwr/engine.js HTTP/1.1" 200 43631
116.238.97.31 - - [29/Feb/2024:11:01:20 +0800] "GET /xingrg/kc/base/wldb_order_operate.html?command=get_materiel&rest_code=00102&base_code=0010477&code=00102002347 HTTP/1.1" 200 457
58.40.7.146 - - [29/Feb/2024:11:01:20 +0800] "GET /xingrg/all/function/internal_message.html?_=1709175680357&CODE_STATE=getMsg HTTP/1.1" 200 27
116.224.254.208 - - [29/Feb/2024:11:01:20 +0800] "GET /xingrg/kc/mdqp/qqps_order_list.html?isQuery=1&timeSelect=1&orderTime=day&startTime=2024-02-27&endTime=2024-03-01&state=all&query=%C8%B7++%B6%A8 HTTP/1.1" 200 9775
116.224.254.208 - - [29/Feb/2024:11:01:21 +0800] "GET /xingrg/dwr/interface/AjaxQqpsService.js HTTP/1.1" 200 16326
116.224.254.208 - - [29/Feb/2024:11:01:21 +0800] "GET /xingrg/dwr/interface/AjaxReportQueryService.js HTTP/1.1" 200 13203
116.224.254.208 - - [29/Feb/2024:11:01:21 +0800] "GET /xingrg/dwr/engine.js HTTP/1.1" 200 43631
58.40.7.146 - - [29/Feb/2024:11:01:22 +0800] "GET /xingrg/all/function/internal_message.html?_=1709175681850&CODE_STATE=getMsg HTTP/1.1" 200 27
116.230.123.222 - - [29/Feb/2024:11:01:22 +0800] "GET /xingrg/kc/buy/cgsh_order_operate.html?command=get_materiel&rest_code=00111&code=00101002007&supplier_code=00100442&order_time=2024-02-29 HTTP/1.1" 200 409
124.78.67.200 - - [29/Feb/2024:11:01:22 +0800] "GET /xingrg/all/function/internal_message.html?_=1709175682508&CODE_STATE=getMsg HTTP/1.1" 200 27
101.83.240.223 - - [29/Feb/2024:11:01:22 +0800] "GET /xingrg/all/function/internal_message.html?_=1709175681055&CODE_STATE=getMsg HTTP/1.1" 200 27
116.228.172.94 - - [29/Feb/2024:11:01:23 +0800] "GET /xingrg/all/function/internal_message.html?_=1709175409907&CODE_STATE=getMsg HTTP/1.1" 200 27
116.224.254.208 - - [29/Feb/2024:11:01:24 +0800] "GET /xingrg/kc/mdqp/qqps_order_info.html?code=302024022700288 HTTP/1.1" 200 26657
116.224.254.208 - - [29/Feb/2024:11:01:24 +0800] "GET /xingrg/javascript/tools/jquery.qtip-1.0.0-rc3.min.js HTTP/1.1" 200 38404
116.224.254.208 - - [29/Feb/2024:11:01:24 +0800] "GET /xingrg/dwr/interface/AjaxComOrderService.js HTTP/1.1" 200 18264
116.224.254.208 - - [29/Feb/2024:11:01:24 +0800] "GET /xingrg/dwr/interface/AjaxQqpsService.js HTTP/1.1" 200 16326
116.224.254.208 - - [29/Feb/2024:11:01:24 +0800] "GET /xingrg/dwr/engine.js HTTP/1.1" 200 43631
116.224.254.208 - - [29/Feb/2024:11:01:24 +0800] "GET /xingrg/javascript/Grid.js HTTP/1.1" 200 58908
180.169.147.146 - - [29/Feb/2024:11:01:24 +0800] "GET /xingrg/check_reg.html?_=1709175682825 HTTP/1.1" 200 22
116.224.254.208 - - [29/Feb/2024:11:01:25 +0800] "GET /xingrg/javascript/jquery_easy_ui/themes/icons/copy_new.png HTTP/1.1" 200 815
116.224.254.208 - - [29/Feb/2024:11:01:25 +0800] "GET /xingrg/javascript/jquery_easy_ui/themes/icons/template_new.png HTTP/1.1" 200 3956
116.224.254.208 - - [29/Feb/2024:11:01:26 +0800] "GET /xingrg/images/blue/wait.gif HTTP/1.1" 200 1100
116.224.254.208 - - [29/Feb/2024:11:01:26 +0800] "GET /xingrg/images/blue/kc_tab_left.gif HTTP/1.1" 200 188
116.224.254.208 - - [29/Feb/2024:11:01:26 +0800] "GET /xingrg/images/blue/kc_tab_right.gif HTTP/1.1" 200 643
116.224.254.208 - - [29/Feb/2024:11:01:26 +0800] "GET /xingrg/images/blue/kc_tab_mid.gif HTTP/1.1" 200 44
116.224.254.208 - - [29/Feb/2024:11:01:26 +0800] "POST /xingrg/dwr/call/plaincall/AjaxQqpsService.loadMaterielItems.dwr HTTP/1.1" 200 8324
180.169.147.146 - - [29/Feb/2024:11:01:26 +0800] "GET /xingrg/kc/buy/cgsh_order_operate.html?command=get_materiel&rest_code=00147&code=00101026131&supplier_code=00100004&order_time=2024-02-29 HTTP/1.1" 200 460
221.239.172.101 - - [29/Feb/2024:11:01:28 +0800] "GET /xingrg/all/function/internal_message.html?_=1709175687137&CODE_STATE=getMsg HTTP/1.1" 200 27
101.83.240.223 - - [29/Feb/2024:11:01:29 +0800] "POST /xingrg/kc/base/wldb_order_operate.html HTTP/1.1" 200 37
101.83.240.223 - - [29/Feb/2024:11:01:31 +0800] "POST /xingrg/kc/base/wldb_order_operate.html HTTP/1.1" 200 2183
222.69.133.0 - - [29/Feb/2024:11:01:32 +0800] "GET /xingrg/all/function/internal_message.html?_=1709175692977&CODE_STATE=getMsg HTTP/1.1" 200 27
222.69.133.0 - - [29/Feb/2024:11:01:32 +0800] "GET /xingrg/check_reg.html?_=1709175693460 HTTP/1.1" 200 22
116.238.97.31 - - [29/Feb/2024:11:01:33 +0800] "POST /xingrg/kc/base/wldb_order_operate.html HTTP/1.1" 200 88
101.83.240.223 - - [29/Feb/2024:11:01:33 +0800] "GET /xingrg/kc/base/wldb_order_info.html?code=422024022902422 HTTP/1.1" 200 30365
101.83.240.223 - - [29/Feb/2024:11:01:34 +0800] "GET /xingrg/kc/base/wldb_order_add.html HTTP/1.1" 200 30350
101.83.240.223 - - [29/Feb/2024:11:01:34 +0800] "GET /xingrg/words/20240229092203_words.js HTTP/1.1" 304 -
101.83.240.223 - - [29/Feb/2024:11:01:34 +0800] "POST /xingrg/kc/base/wldb_order_operate.html HTTP/1.1" 200 6806
101.83.240.223 - - [29/Feb/2024:11:01:34 +0800] "GET /xingrg/javascript/easyui/themes/default/validatebox.css HTTP/1.1" 404 1104
180.169.147.146 - - [29/Feb/2024:11:01:36 +0800] "GET /xingrg/kc/buy/cgsh_order_operate.html?command=get_materiel&rest_code=00147&code=00102007020&supplier_code=00100004&order_time=2024-02-29 HTTP/1.1" 200 409
180.164.1.25 - - [29/Feb/2024:11:01:36 +0800] "GET /xingrg/kc/buy/cgsh_order_operate.html?command=get_materiel&rest_code=00108&code=00101006350&supplier_code=00100466&order_time=2024-02-29 HTTP/1.1" 200 409
116.230.123.222 - - [29/Feb/2024:11:01:36 +0800] "GET /xingrg/kc/buy/cgsh_order_operate.html?command=get_materiel&rest_code=00111&code=00101001052&supplier_code=00100442&order_time=2024-02-29 HTTP/1.1" 200 411
116.232.194.112 - - [29/Feb/2024:11:01:37 +0800] "GET /xingrg/check_reg.html?_=1709175683118 HTTP/1.1" 200 22
116.232.194.112 - - [29/Feb/2024:11:01:37 +0800] "GET /xingrg/all/function/internal_message.html?_=1709175683121&CODE_STATE=getMsg HTTP/1.1" 200 27
101.83.145.37 - - [29/Feb/2024:11:01:38 +0800] "GET /xingrg/all/function/internal_message.html?_=1709175699952&CODE_STATE=getMsg HTTP/1.1" 200 27
101.83.145.37 - - [29/Feb/2024:11:01:39 +0800] "GET /xingrg/all/function/internal_message.html?_=1709175463510&CODE_STATE=getMsg HTTP/1.1" 200 27
218.81.65.124 - - [29/Feb/2024:11:01:41 +0800] "GET /xingrg/check_reg.html?_=1709175700790 HTTP/1.1" 200 22
218.81.65.124 - - [29/Feb/2024:11:01:41 +0800] "GET /xingrg/all/function/internal_message.html?_=1709175700792&CODE_STATE=getMsg HTTP/1.1" 200 27
116.238.97.31 - - [29/Feb/2024:11:01:42 +0800] "POST /xingrg/kc/base/wldb_order_operate.html HTTP/1.1" 200 37
101.83.240.223 - - [29/Feb/2024:11:01:42 +0800] "GET /xingrg/kc/base/wldb_order_operate.html?command=get_materiel&rest_code=00149&base_code=0010395&code=00102001118 HTTP/1.1" 200 432
116.238.97.31 - - [29/Feb/2024:11:01:43 +0800] "POST /xingrg/kc/base/wldb_order_operate.html HTTP/1.1" 200 2208
218.81.65.124 - - [29/Feb/2024:11:01:43 +0800] "GET /xingrg/all/function/internal_message.html?_=1709175708295&CODE_STATE=getMsg HTTP/1.1" 200 27
116.238.97.31 - - [29/Feb/2024:11:01:47 +0800] "GET /xingrg/check_reg.html?_=1709175707583 HTTP/1.1" 200 22
116.238.97.31 - - [29/Feb/2024:11:01:47 +0800] "GET /xingrg/all/function/internal_message.html?_=1709175707584&CODE_STATE=getMsg HTTP/1.1" 200 27
116.238.97.31 - - [29/Feb/2024:11:01:48 +0800] "GET /xingrg/kc/base/wldb_order_info.html?code=422024022902424 HTTP/1.1" 200 30354
116.238.97.31 - - [29/Feb/2024:11:01:48 +0800] "GET /xingrg/javascript/easyui/themes/default/validatebox.css HTTP/1.1" 404 1104
58.40.7.146 - - [29/Feb/2024:11:01:48 +0800] "GET /xingrg/check_reg.html?_=1709175708712 HTTP/1.1" 200 22
116.224.254.208 - - [29/Feb/2024:11:01:48 +0800] "GET /xingrg/all/function/internal_message.html?_=1709175708848&CODE_STATE=getMsg HTTP/1.1" 200 27
116.224.254.208 - - [29/Feb/2024:11:01:49 +0800] "GET /xingrg/kc/mdqp/qqps_order_add.html HTTP/1.1" 200 28246
116.224.254.208 - - [29/Feb/2024:11:01:50 +0800] "GET /xingrg/dwr/interface/AjaxComOrderService.js HTTP/1.1" 200 18264
116.224.254.208 - - [29/Feb/2024:11:01:50 +0800] "GET /xingrg/dwr/interface/AjaxQqpsService.js HTTP/1.1" 200 16326
116.224.254.208 - - [29/Feb/2024:11:01:50 +0800] "GET /xingrg/dwr/engine.js HTTP/1.1" 200 43631
116.230.112.23 - - [29/Feb/2024:11:01:50 +0800] "GET /xingrg/all/function/internal_message.html?_=1709175724182&CODE_STATE=getMsg HTTP/1.1" 200 27
116.224.254.208 - - [29/Feb/2024:11:01:50 +0800] "GET /xingrg/images/blue/button/kc_tab_edit.gif HTTP/1.1" 200 551
116.224.254.208 - - [29/Feb/2024:11:01:50 +0800] "GET /xingrg/images/blue/button/kc_tab_add.gif HTTP/1.1" 200 375
116.224.254.208 - - [29/Feb/2024:11:01:50 +0800] "GET /xingrg/images/blue/button/kc_tab_del.gif HTTP/1.1" 200 383
116.224.254.208 - - [29/Feb/2024:11:01:50 +0800] "GET /xingrg/images/blue/button/kc_tab_save.gif HTTP/1.1" 200 777
116.224.254.208 - - [29/Feb/2024:11:01:50 +0800] "GET /xingrg/images/blue/kc_tab2_left.gif HTTP/1.1" 200 625
116.224.254.208 - - [29/Feb/2024:11:01:50 +0800] "GET /xingrg/images/blue/kc_tab2_right.gif HTTP/1.1" 200 192
116.238.97.31 - - [29/Feb/2024:11:01:51 +0800] "POST /xingrg/kc/base/wldb_order_operate.html HTTP/1.1" 200 2208
101.83.240.223 - - [29/Feb/2024:11:01:54 +0800] "POST /xingrg/kc/base/wldb_order_operate.html HTTP/1.1" 200 37
101.83.240.223 - - [29/Feb/2024:11:01:55 +0800] "POST /xingrg/kc/base/wldb_order_operate.html HTTP/1.1" 200 2181
180.164.1.25 - - [29/Feb/2024:11:01:55 +0800] "GET /xingrg/all/function/internal_message.html?_=1709175714652&CODE_STATE=getMsg HTTP/1.1" 200 27
116.238.97.31 - - [29/Feb/2024:11:01:55 +0800] "POST /xingrg/kc/base/wldb_order_operate.html HTTP/1.1" 200 37
101.83.240.223 - - [29/Feb/2024:11:01:56 +0800] "GET /xingrg/kc/base/wldb_order_info.html?code=422024022902425 HTTP/1.1" 200 30361
116.238.97.31 - - [29/Feb/2024:11:01:56 +0800] "POST /xingrg/kc/base/wldb_order_operate.html HTTP/1.1" 200 2208
101.83.240.223 - - [29/Feb/2024:11:01:56 +0800] "GET /xingrg/javascript/easyui/themes/default/validatebox.css HTTP/1.1" 404 1104
116.230.123.222 - - [29/Feb/2024:11:01:57 +0800] "POST /xingrg/kc/buy/cgsh_order_operate.html HTTP/1.1" 200 37
101.83.240.223 - - [29/Feb/2024:11:01:57 +0800] "POST /xingrg/kc/base/wldb_order_operate.html HTTP/1.1" 200 2181
116.224.254.208 - - [29/Feb/2024:11:01:57 +0800] "GET /xingrg/all/function/internal_message.html?_=1709175717460&CODE_STATE=getMsg HTTP/1.1" 200 27
116.237.77.14 - - [29/Feb/2024:11:01:58 +0800] "GET /xingrg/all/function/internal_message.html?_=1709175718109&CODE_STATE=getMsg HTTP/1.1" 200 27
180.169.147.146 - - [29/Feb/2024:11:01:58 +0800] "GET /xingrg/kc/buy/cgsh_order_operate.html?command=get_materiel&rest_code=00147&code=00101007061&supplier_code=00100004&order_time=2024-02-29 HTTP/1.1" 200 409
101.83.240.223 - - [29/Feb/2024:11:01:59 +0800] "GET /xingrg/kc/base/wldb_order_add.html HTTP/1.1" 200 30350
