101.83.240.223 - - [29/Feb/2024:11:01:59 +0800] "POST /xingrg/kc/base/wldb_order_operate.html HTTP/1.1" 200 6806
101.83.240.223 - - [29/Feb/2024:11:01:59 +0800] "GET /xingrg/javascript/easyui/themes/default/validatebox.css HTTP/1.1" 404 1104
124.78.67.200 - - [29/Feb/2024:11:02:00 +0800] "GET /xingrg/kc/buy/cgsh_order_operate.html?command=get_materiel&rest_code=00141&code=00101007181&supplier_code=00100004&order_time=2024-02-29 HTTP/1.1" 200 412
116.224.254.208 - - [29/Feb/2024:11:02:01 +0800] "POST /xingrg/dwr/call/plaincall/AjaxQqpsService.saveOrder.dwr HTTP/1.1" 200 78
116.230.123.222 - - [29/Feb/2024:11:02:01 +0800] "GET /xingrg/all/function/internal_message.html?_=1709175779448&CODE_STATE=getMsg HTTP/1.1" 200 27
116.238.97.31 - - [29/Feb/2024:11:02:03 +0800] "POST /xingrg/kc/base/wldb_order_operate.html HTTP/1.1" 200 12
101.83.240.223 - - [29/Feb/2024:11:02:03 +0800] "GET /xingrg/all/function/internal_message.html?_=1709175723308&CODE_STATE=getMsg HTTP/1.1" 200 27
116.224.254.208 - - [29/Feb/2024:11:02:04 +0800] "POST /xingrg/dwr/call/plaincall/AjaxQqpsService.getMaterielByCode.dwr HTTP/1.1" 200 3933
101.83.145.37 - - [29/Feb/2024:11:02:05 +0800] "GET /xingrg/login.html HTTP/1.1" 200 7641
101.83.145.37 - - [29/Feb/2024:11:02:05 +0800] "GET /xingrg/images/blue/jxLogo.png HTTP/1.1" 200 6156
101.83.145.37 - - [29/Feb/2024:11:02:05 +0800] "GET /xingrg/images/blue/hj.png HTTP/1.1" 200 1014
101.83.145.37 - - [29/Feb/2024:11:02:05 +0800] "GET /xingrg/images/blue/login_bg.png HTTP/1.1" 200 22101
101.83.145.37 - - [29/Feb/2024:11:02:05 +0800] "GET /xingrg/images/blue/srbg.png HTTP/1.1" 200 138
101.83.145.37 - - [29/Feb/2024:11:02:05 +0800] "GET /favicon.ico HTTP/1.1" 404 -
116.238.97.31 - - [29/Feb/2024:11:02:06 +0800] "GET /xingrg/all/function/internal_message.html?_=1709175725741&CODE_STATE=getMsg HTTP/1.1" 200 27
101.83.240.223 - - [29/Feb/2024:11:02:07 +0800] "GET /xingrg/kc/base/wldb_order_operate.html?command=get_materiel&rest_code=00149&base_code=0010395&code=00102002543 HTTP/1.1" 200 443
116.224.254.208 - - [29/Feb/2024:11:02:07 +0800] "POST /xingrg/dwr/call/plaincall/AjaxQqpsService.saveMaterielItem.dwr HTTP/1.1" 200 78
116.224.254.208 - - [29/Feb/2024:11:02:09 +0800] "POST /xingrg/dwr/call/plaincall/AjaxQqpsService.checkOrder.dwr HTTP/1.1" 200 78
58.40.7.146 - - [29/Feb/2024:11:02:10 +0800] "GET /xingrg/all/function/internal_message.html?_=1709175730693&CODE_STATE=getMsg HTTP/1.1" 200 27
116.224.254.208 - - [29/Feb/2024:11:02:11 +0800] "GET /xingrg/kc/mdqp/qqps_order_info.html?code=302024022900302 HTTP/1.1" 200 26649
116.224.254.208 - - [29/Feb/2024:11:02:11 +0800] "GET /xingrg/dwr/interface/AjaxComOrderService.js HTTP/1.1" 200 18264
116.224.254.208 - - [29/Feb/2024:11:02:11 +0800] "GET /xingrg/dwr/interface/AjaxQqpsService.js HTTP/1.1" 200 16326
116.224.254.208 - - [29/Feb/2024:11:02:11 +0800] "GET /xingrg/dwr/engine.js HTTP/1.1" 200 43631
124.78.67.200 - - [29/Feb/2024:11:02:12 +0800] "GET /xingrg/kc/buy/cgsh_order_operate.html?command=get_materiel&rest_code=00141&code=00101007038&supplier_code=00100004&order_time=2024-02-29 HTTP/1.1" 200 441
116.224.254.208 - - [29/Feb/2024:11:02:13 +0800] "POST /xingrg/dwr/call/plaincall/AjaxQqpsService.loadMaterielItems.dwr HTTP/1.1" 200 391
116.238.97.31 - - [29/Feb/2024:11:02:13 +0800] "GET /xingrg/kc/base/wldb_order_info.html?code=422024022902424 HTTP/1.1" 200 26216
116.238.97.31 - - [29/Feb/2024:11:02:13 +0800] "GET /xingrg/javascript/easyui/themes/default/validatebox.css HTTP/1.1" 404 1104
101.83.145.37 - - [29/Feb/2024:11:02:13 +0800] "POST /xingrg/login.do HTTP/1.1" 200 2421
101.83.145.37 - - [29/Feb/2024:11:02:13 +0800] "GET /xingrg/css/blue.css HTTP/1.1" 200 15949
101.83.145.37 - - [29/Feb/2024:11:02:13 +0800] "GET /xingrg/javascript/myfunction.js HTTP/1.1" 200 24559
101.83.145.37 - - [29/Feb/2024:11:02:13 +0800] "GET /xingrg/images/blue/pic_top.gif HTTP/1.1" 200 3656
101.83.145.37 - - [29/Feb/2024:11:02:13 +0800] "GET /xingrg/images/blue/pic_notice.jpg HTTP/1.1" 200 3583
101.83.145.37 - - [29/Feb/2024:11:02:13 +0800] "GET /xingrg/images/blue/error_top.gif HTTP/1.1" 200 1790
101.83.145.37 - - [29/Feb/2024:11:02:13 +0800] "GET /xingrg/images/blue/error_mid.gif HTTP/1.1" 200 215
101.83.145.37 - - [29/Feb/2024:11:02:13 +0800] "GET /xingrg/images/blue/error_buttom.gif HTTP/1.1" 200 1750
101.83.145.37 - - [29/Feb/2024:11:02:13 +0800] "GET /favicon.ico HTTP/1.1" 404 -
116.238.97.31 - - [29/Feb/2024:11:02:13 +0800] "POST /xingrg/kc/base/wldb_order_operate.html HTTP/1.1" 200 502
116.232.194.112 - - [29/Feb/2024:11:02:14 +0800] "GET /xingrg/all/function/internal_message.html?_=1709175734079&CODE_STATE=getMsg HTTP/1.1" 200 27
120.253.135.82 - - [29/Feb/2024:11:02:14 +0800] "GET /xingrg/all/function/internal_message.html?_=1709175569292&CODE_STATE=getMsg HTTP/1.1" 200 27
101.83.240.223 - - [29/Feb/2024:11:02:14 +0800] "GET /xingrg/kc/base/wldb_order_operate.html?command=get_materiel&rest_code=00149&base_code=0010395&code=00102012050 HTTP/1.1" 200 442
116.224.254.208 - - [29/Feb/2024:11:02:14 +0800] "GET /xingrg/kc/mdqp/qqps_order_add.html HTTP/1.1" 200 28246
116.224.254.208 - - [29/Feb/2024:11:02:14 +0800] "GET /xingrg/dwr/interface/AjaxComOrderService.js HTTP/1.1" 200 18264
116.224.254.208 - - [29/Feb/2024:11:02:14 +0800] "GET /xingrg/dwr/interface/AjaxQqpsService.js HTTP/1.1" 200 16326
116.224.254.208 - - [29/Feb/2024:11:02:14 +0800] "GET /xingrg/dwr/engine.js HTTP/1.1" 200 43631
101.83.145.37 - - [29/Feb/2024:11:02:14 +0800] "GET /xingrg/login.html HTTP/1.1" 200 7641
58.39.109.113 - - [29/Feb/2024:11:02:15 +0800] "GET /xingrg/all/function/internal_message.html?_=1709175736852&CODE_STATE=getMsg HTTP/1.1" 200 27
114.89.91.180 - - [29/Feb/2024:11:02:16 +0800] "GET /xingrg/all/function/internal_message.html?_=1709175739398&CODE_STATE=getMsg HTTP/1.1" 200 27
116.230.123.222 - - [29/Feb/2024:11:02:17 +0800] "GET /xingrg/all/function/internal_message.html?_=1709175736051&CODE_STATE=getMsg HTTP/1.1" 200 27
180.164.1.25 - - [29/Feb/2024:11:02:20 +0800] "POST /xingrg/kc/buy/cgsh_order_operate.html HTTP/1.1" 200 37
58.40.7.146 - - [29/Feb/2024:11:02:20 +0800] "GET /xingrg/all/function/internal_message.html?_=1709175740431&CODE_STATE=getMsg HTTP/1.1" 200 27
58.40.7.146 - - [29/Feb/2024:11:02:22 +0800] "GET /xingrg/all/function/internal_message.html?_=1709175741926&CODE_STATE=getMsg HTTP/1.1" 200 27
124.78.67.200 - - [29/Feb/2024:11:02:22 +0800] "GET /xingrg/all/function/internal_message.html?_=1709175742493&CODE_STATE=getMsg HTTP/1.1" 200 27
101.83.240.223 - - [29/Feb/2024:11:02:22 +0800] "GET /xingrg/all/function/internal_message.html?_=1709175741021&CODE_STATE=getMsg HTTP/1.1" 200 27
116.228.172.94 - - [29/Feb/2024:11:02:23 +0800] "GET /xingrg/all/function/internal_message.html?_=1709175469916&CODE_STATE=getMsg HTTP/1.1" 200 27
116.230.123.222 - - [29/Feb/2024:11:02:23 +0800] "POST /xingrg/kc/buy/cgsh_order_operate.html HTTP/1.1" 200 12
116.224.254.208 - - [29/Feb/2024:11:02:24 +0800] "POST /xingrg/dwr/call/plaincall/AjaxQqpsService.saveOrder.dwr HTTP/1.1" 200 78
101.83.145.37 - - [29/Feb/2024:11:02:25 +0800] "POST /xingrg/login.do HTTP/1.1" 302 -
218.81.65.124 - - [29/Feb/2024:11:02:25 +0800] "GET /xingrg/all/report/report_query.html?fileName=dma/new_5.0/menu/menu_hz.xml HTTP/1.1" 200 53697
101.83.145.37 - - [29/Feb/2024:11:02:25 +0800] "GET /xingrg/javascript/jquery_easy_ui/themes/icon.css HTTP/1.1" 200 3949
218.81.65.124 - - [29/Feb/2024:11:02:25 +0800] "GET /xingrg/dwr/interface/AjaxReportQueryService.js HTTP/1.1" 200 13203
101.83.145.37 - - [29/Feb/2024:11:02:25 +0800] "GET /xingrg/javascript/jquery.utils.js HTTP/1.1" 200 11805
101.83.145.37 - - [29/Feb/2024:11:02:25 +0800] "GET /xingrg/css/form.css HTTP/1.1" 200 893
218.81.65.124 - - [29/Feb/2024:11:02:25 +0800] "GET /xingrg/dwr/engine.js HTTP/1.1" 200 43631
101.83.145.37 - - [29/Feb/2024:11:02:25 +0800] "GET /xingrg/javascript/jquery.timers.js HTTP/1.1" 200 3532
101.83.145.37 - - [29/Feb/2024:11:02:25 +0800] "GET /xingrg/javascript/jquery.form.js HTTP/1.1" 200 23110
101.83.145.37 - - [29/Feb/2024:11:02:25 +0800] "GET /xingrg/javascript/jquery-1.4.2.min.js HTTP/1.1" 200 72205
101.83.145.37 - - [29/Feb/2024:11:02:25 +0800] "GET /xingrg/javascript/jquery_easy_ui/jquery.easyui.min.js HTTP/1.1" 200 213662
101.83.145.37 - - [29/Feb/2024:11:02:25 +0800] "GET /xingrg/javascript/jquery_easy_ui/easyui-lang-zh_CN.js HTTP/1.1" 200 1900
101.83.145.37 - - [29/Feb/2024:11:02:25 +0800] "GET /xingrg/javascript/jquery_easy_ui/themes/default/easyui.css HTTP/1.1" 200 26500
101.83.145.37 - - [29/Feb/2024:11:02:25 +0800] "GET /xingrg/index.html?sysBaseUrl=http%3A%2F%2F180.169.147.146%3A18081%2Fxingrg%2F&costTime=3610×tamp=1709175745400 HTTP/1.1" 200 17503
218.81.65.124 - - [29/Feb/2024:11:02:25 +0800] "POST /xingrg/dwr/call/plaincall/AjaxReportQueryService.getFixDate.dwr HTTP/1.1" 200 111
101.83.145.37 - - [29/Feb/2024:11:02:26 +0800] "GET /xingrg/images/blue/navBackgound.jpg HTTP/1.1" 200 12378
101.83.145.37 - - [29/Feb/2024:11:02:26 +0800] "GET /xingrg/javascript/jquery_easy_ui/themes/icons/settle_new.png HTTP/1.1" 200 826
101.83.145.37 - - [29/Feb/2024:11:02:26 +0800] "GET /xingrg/images/blue/pingpu.png HTTP/1.1" 200 231
101.83.145.37 - - [29/Feb/2024:11:02:26 +0800] "GET /xingrg/javascript/jquery_easy_ui/themes/default/images/tabs_leftarrow.png HTTP/1.1" 200 389
101.83.145.37 - - [29/Feb/2024:11:02:26 +0800] "GET /xingrg/javascript/jquery_easy_ui/themes/default/images/tabs_rightarrow.png HTTP/1.1" 200 395
101.83.145.37 - - [29/Feb/2024:11:02:26 +0800] "GET /xingrg/javascript/jquery_easy_ui/themes/default/images/panel_tool_expand.gif HTTP/1.1" 200 247
101.83.145.37 - - [29/Feb/2024:11:02:26 +0800] "GET /xingrg/javascript/jquery_easy_ui/themes/default/images/panel_tool_collapse.gif HTTP/1.1" 200 246
101.83.145.37 - - [29/Feb/2024:11:02:26 +0800] "GET /xingrg/all/function/internal_message.html?_=1709175744127&CODE_STATE=count HTTP/1.1" 200 11
101.83.145.37 - - [29/Feb/2024:11:02:26 +0800] "GET /xingrg/check_reg.html?_=1709175744127 HTTP/1.1" 200 22
101.83.145.37 - - [29/Feb/2024:11:02:26 +0800] "POST /xingrg/all/common/load_tree.html?tree=area_rest_tree_json&manage=1 HTTP/1.1" 200 2231
101.83.145.37 - - [29/Feb/2024:11:02:26 +0800] "GET /xingrg/javascript/jquery_easy_ui/themes/default/images/tree_arrows.gif HTTP/1.1" 200 1043
218.81.65.124 - - [29/Feb/2024:11:02:26 +0800] "POST /xingrg/all/common/load_tree.html?tree=area_station_tree_json&manage=1 HTTP/1.1" 200 3393
101.83.145.37 - - [29/Feb/2024:11:02:27 +0800] "GET /xingrg/javascript/jquery_easy_ui/themes/default/images/tree_folder_open.gif HTTP/1.1" 200 956
101.83.145.37 - - [29/Feb/2024:11:02:27 +0800] "GET /xingrg/javascript/jquery_easy_ui/themes/icons/area.png HTTP/1.1" 200 262
101.83.145.37 - - [29/Feb/2024:11:02:27 +0800] "GET /xingrg/javascript/jquery_easy_ui/themes/icons/rest.png HTTP/1.1" 200 695
101.83.145.37 - - [29/Feb/2024:11:02:27 +0800] "GET /xingrg/javascript/jquery_easy_ui/themes/icons/manage.png HTTP/1.1" 200 696
101.83.145.37 - - [29/Feb/2024:11:02:27 +0800] "GET /xingrg/javascript/jquery_easy_ui/themes/default/images/button_a_bg.gif HTTP/1.1" 200 1194
101.83.145.37 - - [29/Feb/2024:11:02:27 +0800] "GET /xingrg/javascript/jquery_easy_ui/themes/icons/ok.png HTTP/1.1" 200 883
101.83.145.37 - - [29/Feb/2024:11:02:27 +0800] "GET /xingrg/javascript/jquery_easy_ui/themes/default/images/button_span_bg.gif HTTP/1.1" 200 2061
101.83.145.37 - - [29/Feb/2024:11:02:27 +0800] "GET /xingrg/javascript/jquery_easy_ui/themes/default/images/panel_tools.gif HTTP/1.1" 200 737
101.83.145.37 - - [29/Feb/2024:11:02:27 +0800] "GET /xingrg/javascript/jquery_easy_ui/themes/default/images/panel_title.png HTTP/1.1" 200 266
180.169.147.146 - - [29/Feb/2024:11:02:28 +0800] "GET /xingrg/kc/buy/cgsh_order_operate.html?command=get_materiel&rest_code=00147&code=00101007072&supplier_code=00100004&order_time=2024-02-29 HTTP/1.1" 200 419
221.239.172.101 - - [29/Feb/2024:11:02:28 +0800] "GET /xingrg/all/function/internal_message.html?_=1709175747112&CODE_STATE=getMsg HTTP/1.1" 200 27
116.230.123.222 - - [29/Feb/2024:11:02:28 +0800] "GET /xingrg/kc/buy/cgsh_order_info.html?code=212024022908192 HTTP/1.1" 200 68383
101.83.145.37 - - [29/Feb/2024:11:02:28 +0800] "POST /xingrg/load_menu.html HTTP/1.1" 200 11564
116.230.123.222 - - [29/Feb/2024:11:02:28 +0800] "GET /xingrg/javascript/easyui/themes/default/validatebox.css HTTP/1.1" 404 1104
101.83.145.37 - - [29/Feb/2024:11:02:28 +0800] "GET /xingrg/javascript/jquery_easy_ui/themes/icons/search_new.png HTTP/1.1" 200 586
101.83.145.37 - - [29/Feb/2024:11:02:28 +0800] "GET /xingrg/javascript/jquery_easy_ui/themes/icons/delivery_new.png HTTP/1.1" 200 700
101.83.145.37 - - [29/Feb/2024:11:02:28 +0800] "GET /xingrg/javascript/jquery_easy_ui/themes/icons/storage_new.png HTTP/1.1" 200 853
101.83.145.37 - - [29/Feb/2024:11:02:28 +0800] "GET /xingrg/javascript/jquery_easy_ui/themes/icons/checkout_new.png HTTP/1.1" 200 744
101.83.145.37 - - [29/Feb/2024:11:02:28 +0800] "GET /xingrg/javascript/jquery_easy_ui/themes/icons/setting_new.png HTTP/1.1" 200 450
101.83.145.37 - - [29/Feb/2024:11:02:28 +0800] "GET /xingrg/javascript/jquery_easy_ui/themes/icons/forms_new.png HTTP/1.1" 200 350
101.83.145.37 - - [29/Feb/2024:11:02:28 +0800] "GET /xingrg/javascript/jquery_easy_ui/themes/icons/systemset_new.png HTTP/1.1" 200 606
101.83.145.37 - - [29/Feb/2024:11:02:29 +0800] "GET /xingrg/images/control/ajaxLoader.gif HTTP/1.1" 200 4659
101.83.145.37 - - [29/Feb/2024:11:02:29 +0800] "POST /xingrg/all/user/operate.html HTTP/1.1" 200 36
101.83.145.37 - - [29/Feb/2024:11:02:29 +0800] "GET /xingrg/javascript/jquery_easy_ui/themes/default/easyui.css HTTP/1.1" 304 -
101.83.145.37 - - [29/Feb/2024:11:02:29 +0800] "GET /xingrg/index.html?sysBaseUrl=http%3A%2F%2F180.169.147.146%3A18081%2Fxingrg%2F&costTime=3610×tamp=1709175745400 HTTP/1.1" 200 17503
101.83.145.37 - - [29/Feb/2024:11:02:29 +0800] "GET /xingrg/javascript/jquery_easy_ui/themes/icon.css HTTP/1.1" 304 -
101.83.145.37 - - [29/Feb/2024:11:02:29 +0800] "GET /xingrg/css/form.css HTTP/1.1" 304 -
101.83.145.37 - - [29/Feb/2024:11:02:29 +0800] "GET /xingrg/javascript/jquery-1.4.2.min.js HTTP/1.1" 304 -
101.83.145.37 - - [29/Feb/2024:11:02:29 +0800] "GET /xingrg/javascript/jquery_easy_ui/jquery.easyui.min.js HTTP/1.1" 304 -
116.224.254.208 - - [29/Feb/2024:11:02:29 +0800] "POST /xingrg/dwr/call/plaincall/AjaxQqpsService.getMaterielByCode.dwr HTTP/1.1" 200 3873
101.83.145.37 - - [29/Feb/2024:11:02:29 +0800] "GET /xingrg/javascript/jquery_easy_ui/easyui-lang-zh_CN.js HTTP/1.1" 304 -
101.83.145.37 - - [29/Feb/2024:11:02:29 +0800] "GET /xingrg/javascript/jquery.form.js HTTP/1.1" 304 -
101.83.145.37 - - [29/Feb/2024:11:02:29 +0800] "GET /xingrg/javascript/jquery.utils.js HTTP/1.1" 304 -
101.83.145.37 - - [29/Feb/2024:11:02:29 +0800] "GET /xingrg/javascript/jquery.timers.js HTTP/1.1" 304 -
101.83.145.37 - - [29/Feb/2024:11:02:29 +0800] "GET /xingrg/images/blue/jxLogo.png HTTP/1.1" 304 -
101.83.145.37 - - [29/Feb/2024:11:02:29 +0800] "GET /xingrg/images/blue/navBackgound.jpg HTTP/1.1" 304 -
101.83.145.37 - - [29/Feb/2024:11:02:29 +0800] "GET /xingrg/javascript/jquery_easy_ui/themes/icons/settle_new.png HTTP/1.1" 304 -
101.83.145.37 - - [29/Feb/2024:11:02:30 +0800] "GET /xingrg/images/blue/pingpu.png HTTP/1.1" 304 -
101.83.240.223 - - [29/Feb/2024:11:02:30 +0800] "POST /xingrg/kc/base/wldb_order_operate.html HTTP/1.1" 200 37
101.83.145.37 - - [29/Feb/2024:11:02:30 +0800] "GET /xingrg/javascript/jquery_easy_ui/themes/default/images/tabs_leftarrow.png HTTP/1.1" 304 -
101.83.145.37 - - [29/Feb/2024:11:02:30 +0800] "GET /xingrg/javascript/jquery_easy_ui/themes/default/images/tabs_rightarrow.png HTTP/1.1" 304 -
101.83.145.37 - - [29/Feb/2024:11:02:30 +0800] "GET /xingrg/javascript/jquery_easy_ui/themes/default/images/panel_tool_collapse.gif HTTP/1.1" 304 -
101.83.145.37 - - [29/Feb/2024:11:02:30 +0800] "GET /xingrg/javascript/jquery_easy_ui/themes/default/images/panel_tool_expand.gif HTTP/1.1" 304 -
101.83.145.37 - - [29/Feb/2024:11:02:30 +0800] "GET /xingrg/all/function/internal_message.html?_=1709175748080&CODE_STATE=count HTTP/1.1" 200 11
101.83.145.37 - - [29/Feb/2024:11:02:30 +0800] "GET /xingrg/check_reg.html?_=1709175748081 HTTP/1.1" 200 22
116.230.123.222 - - [29/Feb/2024:11:02:30 +0800] "POST /xingrg/kc/buy/cgsh_order_operate.html HTTP/1.1" 200 1199
101.83.145.37 - - [29/Feb/2024:11:02:30 +0800] "POST /xingrg/all/common/load_tree.html?tree=area_rest_tree_json&manage=1 HTTP/1.1" 200 2231
101.83.145.37 - - [29/Feb/2024:11:02:30 +0800] "POST /xingrg/load_menu.html HTTP/1.1" 200 9959
101.83.145.37 - - [29/Feb/2024:11:02:30 +0800] "GET /xingrg/javascript/jquery_easy_ui/themes/default/images/tree_folder.gif HTTP/1.1" 200 952
180.164.1.25 - - [29/Feb/2024:11:02:30 +0800] "POST /xingrg/kc/buy/cgsh_order_operate.html HTTP/1.1" 200 12202
101.83.240.223 - - [29/Feb/2024:11:02:30 +0800] "POST /xingrg/kc/base/wldb_order_operate.html HTTP/1.1" 200 2667
101.83.240.223 - - [29/Feb/2024:11:02:30 +0800] "GET /xingrg/kc/base/wldb_order_info.html?code=422024022902426 HTTP/1.1" 200 30366
101.83.240.223 - - [29/Feb/2024:11:02:31 +0800] "GET /xingrg/javascript/easyui/themes/default/validatebox.css HTTP/1.1" 404 1104
222.69.133.0 - - [29/Feb/2024:11:02:32 +0800] "GET /xingrg/all/function/internal_message.html?_=1709175752961&CODE_STATE=getMsg HTTP/1.1" 200 27
101.83.240.223 - - [29/Feb/2024:11:02:32 +0800] "POST /xingrg/kc/base/wldb_order_operate.html HTTP/1.1" 200 2667
101.83.145.37 - - [29/Feb/2024:11:02:32 +0800] "GET /xingrg/javascript/jquery_easy_ui/themes/default/images/tree_file.gif HTTP/1.1" 200 118
116.230.123.222 - - [29/Feb/2024:11:02:32 +0800] "GET /xingrg/kc/print/load_data.html?order_code=212024022908192&kc_code=cgsh&condition= HTTP/1.1" 200 919
218.81.65.124 - - [29/Feb/2024:11:02:32 +0800] "POST /xingrg/dwr/call/plaincall/AjaxReportQueryService.queryInitializeString.dwr HTTP/1.1" 200 1012
180.164.1.25 - - [29/Feb/2024:11:02:34 +0800] "GET /xingrg/kc/print/load_data.html?order_code=212024022908193&kc_code=cgsh&condition= HTTP/1.1" 200 4313
101.83.240.223 - - [29/Feb/2024:11:02:34 +0800] "GET /xingrg/kc/base/wldb_order_add.html HTTP/1.1" 200 30350
101.83.145.37 - - [29/Feb/2024:11:02:34 +0800] "GET /xingrg/javascript/jquery_easy_ui/themes/default/images/tabs_close.gif HTTP/1.1" 200 829
116.224.254.208 - - [29/Feb/2024:11:02:34 +0800] "POST /xingrg/dwr/call/plaincall/AjaxQqpsService.saveMaterielItem.dwr HTTP/1.1" 200 78
101.83.240.223 - - [29/Feb/2024:11:02:34 +0800] "POST /xingrg/kc/base/wldb_order_operate.html HTTP/1.1" 200 6806
101.83.240.223 - - [29/Feb/2024:11:02:34 +0800] "GET /xingrg/javascript/easyui/themes/default/validatebox.css HTTP/1.1" 404 1104
101.83.145.37 - - [29/Feb/2024:11:02:35 +0800] "GET /xingrg/kc/buy/cgsh_order_list.html HTTP/1.1" 200 57996
101.83.145.37 - - [29/Feb/2024:11:02:35 +0800] "GET /xingrg/css/base.css HTTP/1.1" 200 2811
101.83.145.37 - - [29/Feb/2024:11:02:35 +0800] "GET /xingrg/javascript/jquery_tools/datebox.css HTTP/1.1" 200 2597
101.83.145.37 - - [29/Feb/2024:11:02:35 +0800] "GET /xingrg/css/site.css HTTP/1.1" 200 7541
101.83.145.37 - - [29/Feb/2024:11:02:35 +0800] "GET /xingrg/javascript/easyui/themes/default/easyui.css HTTP/1.1" 200 30432
101.83.145.37 - - [29/Feb/2024:11:02:35 +0800] "GET /xingrg/javascript/auto/jquery.autocomplete.css HTTP/1.1" 200 587
101.83.145.37 - - [29/Feb/2024:11:02:35 +0800] "GET /xingrg/javascript/jquery_tools/fix.css HTTP/1.1" 200 1702
101.83.145.37 - - [29/Feb/2024:11:02:35 +0800] "GET /xingrg/javascript/easyui/themes/icon.css HTTP/1.1" 200 4483
101.83.145.37 - - [29/Feb/2024:11:02:35 +0800] "GET /xingrg/javascript/jquery_tools/table.css HTTP/1.1" 200 1032
101.83.145.37 - - [29/Feb/2024:11:02:35 +0800] "GET /xingrg/javascript/jquery_tools/jquery.tools.min.js HTTP/1.1" 200 138801
101.83.145.37 - - [29/Feb/2024:11:02:35 +0800] "GET /xingrg/javascript/jquery_tools/jquery.tools.extend.js HTTP/1.1" 200 15385
101.83.145.37 - - [29/Feb/2024:11:02:35 +0800] "GET /xingrg/javascript/jquery_tools/list_manager.js HTTP/1.1" 200 3652
101.83.145.37 - - [29/Feb/2024:11:02:35 +0800] "GET /xingrg/javascript/jquery_tools/jquery.tools.hotkey.js HTTP/1.1" 200 3242
101.83.145.37 - - [29/Feb/2024:11:02:35 +0800] "GET /xingrg/javascript/jquery_tools/jquery.tools.table.js HTTP/1.1" 200 6994
101.83.145.37 - - [29/Feb/2024:11:02:35 +0800] "GET /xingrg/javascript/jquery.cookie.js HTTP/1.1" 200 5513
101.83.145.37 - - [29/Feb/2024:11:02:35 +0800] "GET /xingrg/javascript/print/LodopFuncs.js HTTP/1.1" 200 5121
101.83.145.37 - - [29/Feb/2024:11:02:35 +0800] "GET /xingrg/javascript/auto/jquery.autocomplete.js HTTP/1.1" 200 21624
101.83.145.37 - - [29/Feb/2024:11:02:35 +0800] "GET /xingrg/javascript/easyui/easyloader.js HTTP/1.1" 200 5975
101.83.145.37 - - [29/Feb/2024:11:02:35 +0800] "GET /xingrg/javascript/easyui/themes/icons/edit_add_new.png HTTP/1.1" 200 2997
101.83.145.37 - - [29/Feb/2024:11:02:35 +0800] "GET /xingrg/javascript/easyui/themes/icons/cance_new.png HTTP/1.1" 200 3986
101.83.145.37 - - [29/Feb/2024:11:02:35 +0800] "GET /xingrg/javascript/easyui/themes/icons/check_new.png HTTP/1.1" 200 3224
101.83.145.37 - - [29/Feb/2024:11:02:35 +0800] "GET /xingrg/javascript/easyui/themes/icons/uncheck_new.png HTTP/1.1" 200 3197
101.83.145.37 - - [29/Feb/2024:11:02:35 +0800] "GET /xingrg/javascript/easyui/themes/icons/import_new.png HTTP/1.1" 200 1247
101.83.145.37 - - [29/Feb/2024:11:02:35 +0800] "GET /xingrg/javascript/easyui/themes/icons/field_new.png HTTP/1.1" 200 1097
101.83.145.37 - - [29/Feb/2024:11:02:35 +0800] "GET /xingrg/javascript/easyui/plugins/jquery.parser.js HTTP/1.1" 200 1142
116.232.194.112 - - [29/Feb/2024:11:02:37 +0800] "GET /xingrg/all/function/internal_message.html?_=1709175743114&CODE_STATE=getMsg HTTP/1.1" 200 27
218.81.65.124 - - [29/Feb/2024:11:02:37 +0800] "POST /xingrg/dwr/call/plaincall/AjaxReportQueryService.refreshCache.dwr HTTP/1.1" 200 78
116.224.254.208 - - [29/Feb/2024:11:02:37 +0800] "POST /xingrg/dwr/call/plaincall/AjaxQqpsService.getMaterielByCode.dwr HTTP/1.1" 200 3939
101.83.145.37 - - [29/Feb/2024:11:02:38 +0800] "GET /xingrg/all/function/internal_message.html?_=1709175759954&CODE_STATE=getMsg HTTP/1.1" 200 27
116.230.123.222 - - [29/Feb/2024:11:02:38 +0800] "GET /xingrg/kc/buy/cgsh_order_add.html HTTP/1.1" 200 73472
116.230.123.222 - - [29/Feb/2024:11:02:39 +0800] "GET /xingrg/javascript/easyui/themes/default/validatebox.css HTTP/1.1" 404 1104
116.230.123.222 - - [29/Feb/2024:11:02:39 +0800] "POST /xingrg/kc/buy/cgsh_order_operate.html HTTP/1.1" 200 8245
101.83.145.37 - - [29/Feb/2024:11:02:39 +0800] "GET /xingrg/all/function/internal_message.html?_=1709175523513&CODE_STATE=getMsg HTTP/1.1" 200 27
218.81.65.124 - - [29/Feb/2024:11:02:41 +0800] "GET /xingrg/all/function/internal_message.html?_=1709175760771&CODE_STATE=getMsg HTTP/1.1" 200 27
116.224.254.208 - - [29/Feb/2024:11:02:41 +0800] "POST /xingrg/dwr/call/plaincall/AjaxQqpsService.saveMaterielItem.dwr HTTP/1.1" 200 78
218.81.65.124 - - [29/Feb/2024:11:02:43 +0800] "GET /xingrg/all/function/internal_message.html?_=1709175768293&CODE_STATE=getMsg HTTP/1.1" 200 27
101.83.240.223 - - [29/Feb/2024:11:02:44 +0800] "GET /xingrg/kc/base/wldb_order_operate.html?command=get_materiel&rest_code=00149&base_code=0010395&code=00102028010 HTTP/1.1" 200 494
218.81.65.124 - - [29/Feb/2024:11:02:45 +0800] "POST /xingrg/all/report/load_report_page.html HTTP/1.1" 200 31430
218.81.65.124 - - [29/Feb/2024:11:02:45 +0800] "GET /xingrg/servlets/image?cache=0.9964524540966849&image=px HTTP/1.1" 200 807
116.238.97.31 - - [29/Feb/2024:11:02:47 +0800] "GET /xingrg/all/function/internal_message.html?_=1709175767567&CODE_STATE=getMsg HTTP/1.1" 200 27
101.83.145.37 - - [29/Feb/2024:11:02:47 +0800] "POST /xingrg/kc/buy/cgsh_list_operate.html HTTP/1.1" 200 2263
116.224.254.208 - - [29/Feb/2024:11:02:48 +0800] "GET /xingrg/all/function/internal_message.html?_=1709175768854&CODE_STATE=getMsg HTTP/1.1" 200 27
116.224.254.208 - - [29/Feb/2024:11:02:49 +0800] "POST /xingrg/dwr/call/plaincall/AjaxQqpsService.getMaterielByCode.dwr HTTP/1.1" 200 3910
116.230.123.222 - - [29/Feb/2024:11:02:49 +0800] "GET /xingrg/kc/buy/cgsh_order_operate.html?command=get_materiel&rest_code=00111&code=00101002006&supplier_code=00100091&order_time=2024-02-29 HTTP/1.1" 200 434
116.230.112.23 - - [29/Feb/2024:11:02:50 +0800] "GET /xingrg/all/function/internal_message.html?_=1709175784460&CODE_STATE=getMsg HTTP/1.1" 200 27
116.224.254.208 - - [29/Feb/2024:11:02:55 +0800] "POST /xingrg/dwr/call/plaincall/AjaxQqpsService.saveMaterielItem.dwr HTTP/1.1" 200 78
180.164.1.25 - - [29/Feb/2024:11:02:55 +0800] "GET /xingrg/kc/buy/cgsh_order_list.html HTTP/1.1" 200 57751
180.164.1.25 - - [29/Feb/2024:11:02:55 +0800] "GET /xingrg/all/function/internal_message.html?_=1709175774630&CODE_STATE=getMsg HTTP/1.1" 200 27
101.83.240.223 - - [29/Feb/2024:11:02:56 +0800] "POST /xingrg/kc/base/wldb_order_operate.html HTTP/1.1" 200 37
180.169.147.146 - - [29/Feb/2024:11:02:56 +0800] "GET /xingrg/kc/buy/cgsh_order_operate.html?command=get_materiel&rest_code=00147&code=00101007049&supplier_code=00100004&order_time=2024-02-29 HTTP/1.1" 200 409
101.83.240.223 - - [29/Feb/2024:11:02:57 +0800] "POST /xingrg/kc/base/wldb_order_operate.html HTTP/1.1" 200 2236
116.224.254.208 - - [29/Feb/2024:11:02:57 +0800] "GET /xingrg/check_reg.html?_=1709175777459 HTTP/1.1" 200 22
116.224.254.208 - - [29/Feb/2024:11:02:57 +0800] "GET /xingrg/all/function/internal_message.html?_=1709175777460&CODE_STATE=getMsg HTTP/1.1" 200 27
101.83.240.223 - - [29/Feb/2024:11:02:57 +0800] "GET /xingrg/kc/base/wldb_order_info.html?code=422024022902427 HTTP/1.1" 200 30363
116.237.77.14 - - [29/Feb/2024:11:02:58 +0800] "GET /xingrg/all/function/internal_message.html?_=1709175778107&CODE_STATE=getMsg HTTP/1.1" 200 27
101.83.240.223 - - [29/Feb/2024:11:02:58 +0800] "GET /xingrg/javascript/easyui/themes/default/validatebox.css HTTP/1.1" 404 1104
180.164.1.25 - - [29/Feb/2024:11:02:58 +0800] "POST /xingrg/kc/buy/cgsh_list_operate.html HTTP/1.1" 200 2781
101.83.240.223 - - [29/Feb/2024:11:02:59 +0800] "POST /xingrg/kc/base/wldb_order_operate.html HTTP/1.1" 200 2236
124.78.67.200 - - [29/Feb/2024:11:02:59 +0800] "GET /xingrg/kc/buy/cgsh_order_operate.html?command=get_materiel&rest_code=00141&code=00101006157&supplier_code=00100004&order_time=2024-02-29 HTTP/1.1" 200 417
116.230.123.222 - - [29/Feb/2024:11:03:01 +0800] "GET /xingrg/all/function/internal_message.html?_=1709175839426&CODE_STATE=getMsg HTTP/1.1" 200 27
116.230.123.222 - - [29/Feb/2024:11:03:02 +0800] "POST /xingrg/kc/buy/cgsh_order_operate.html HTTP/1.1" 200 37
116.224.254.208 - - [29/Feb/2024:11:03:02 +0800] "POST /xingrg/dwr/call/plaincall/AjaxQqpsService.getMaterielByCode.dwr HTTP/1.1" 200 3918
101.83.240.223 - - [29/Feb/2024:11:03:03 +0800] "GET /xingrg/all/function/internal_message.html?_=1709175783287&CODE_STATE=getMsg HTTP/1.1" 200 27
218.81.65.124 - - [29/Feb/2024:11:03:05 +0800] "POST /xingrg/dwr/call/plaincall/AjaxReportQueryService.refreshCache.dwr HTTP/1.1" 200 78
101.83.240.223 - - [29/Feb/2024:11:03:05 +0800] "POST /xingrg/services/DataTransmitService HTTP/1.1" 200 524
116.224.254.208 - - [29/Feb/2024:11:03:05 +0800] "POST /xingrg/dwr/call/plaincall/AjaxQqpsService.saveMaterielItem.dwr HTTP/1.1" 200 78
218.81.65.124 - - [29/Feb/2024:11:03:05 +0800] "POST /xingrg/all/report/load_report_page.html HTTP/1.1" 200 22209
218.81.65.124 - - [29/Feb/2024:11:03:05 +0800] "GET /xingrg/servlets/image?cache=0.7411310581105145&image=px HTTP/1.1" 200 807
116.238.97.31 - - [29/Feb/2024:11:03:06 +0800] "GET /xingrg/check_reg.html?_=1709175785730 HTTP/1.1" 200 22
116.238.97.31 - - [29/Feb/2024:11:03:06 +0800] "GET /xingrg/all/function/internal_message.html?_=1709175785731&CODE_STATE=getMsg HTTP/1.1" 200 27
116.224.254.208 - - [29/Feb/2024:11:03:08 +0800] "POST /xingrg/dwr/call/plaincall/AjaxQqpsService.checkOrder.dwr HTTP/1.1" 200 78
180.169.147.146 - - [29/Feb/2024:11:03:09 +0800] "GET /xingrg/kc/buy/cgsh_order_operate.html?command=get_materiel&rest_code=00147&code=00101007077&supplier_code=00100004&order_time=2024-02-29 HTTP/1.1" 200 415
58.40.7.146 - - [29/Feb/2024:11:03:10 +0800] "GET /xingrg/all/function/internal_message.html?_=1709175790671&CODE_STATE=getMsg HTTP/1.1" 200 27
116.224.254.208 - - [29/Feb/2024:11:03:10 +0800] "GET /xingrg/kc/mdqp/qqps_order_info.html?code=302024022900303 HTTP/1.1" 200 26649
116.224.254.208 - - [29/Feb/2024:11:03:11 +0800] "GET /xingrg/dwr/interface/AjaxComOrderService.js HTTP/1.1" 200 18264
116.224.254.208 - - [29/Feb/2024:11:03:11 +0800] "GET /xingrg/dwr/interface/AjaxQqpsService.js HTTP/1.1" 200 16326
116.224.254.208 - - [29/Feb/2024:11:03:11 +0800] "GET /xingrg/dwr/engine.js HTTP/1.1" 200 43631
116.224.254.208 - - [29/Feb/2024:11:03:12 +0800] "POST /xingrg/dwr/call/plaincall/AjaxQqpsService.loadMaterielItems.dwr HTTP/1.1" 200 1276
120.253.135.82 - - [29/Feb/2024:11:03:13 +0800] "GET /xingrg/check_reg.html?_=1709175628409 HTTP/1.1" 200 22
116.230.123.222 - - [29/Feb/2024:11:03:14 +0800] "POST /xingrg/kc/buy/cgsh_order_operate.html HTTP/1.1" 200 12
116.232.194.112 - - [29/Feb/2024:11:03:14 +0800] "GET /xingrg/all/function/internal_message.html?_=1709175794088&CODE_STATE=getMsg HTTP/1.1" 200 27
116.232.194.112 - - [29/Feb/2024:11:03:14 +0800] "GET /xingrg/check_reg.html?_=1709175794085 HTTP/1.1" 200 22
120.253.135.82 - - [29/Feb/2024:11:03:14 +0800] "GET /xingrg/all/function/internal_message.html?_=1709175629312&CODE_STATE=getMsg HTTP/1.1" 200 27
58.39.109.113 - - [29/Feb/2024:11:03:15 +0800] "GET /xingrg/all/function/internal_message.html?_=1709175796833&CODE_STATE=getMsg HTTP/1.1" 200 27
58.39.109.113 - - [29/Feb/2024:11:03:17 +0800] "GET /xingrg/check_reg.html?_=1709175798608 HTTP/1.1" 200 22
180.164.1.25 - - [29/Feb/2024:11:03:20 +0800] "POST /xingrg/kc/buy/cgsh_list_operate.html HTTP/1.1" 200 4031
58.40.7.146 - - [29/Feb/2024:11:03:21 +0800] "GET /xingrg/all/function/internal_message.html?_=1709175800726&CODE_STATE=getMsg HTTP/1.1" 200 27
116.230.123.222 - - [29/Feb/2024:11:03:21 +0800] "GET /xingrg/kc/buy/cgsh_order_info.html?code=212024022908194 HTTP/1.1" 200 68385
116.230.123.222 - - [29/Feb/2024:11:03:22 +0800] "GET /xingrg/javascript/easyui/themes/default/validatebox.css HTTP/1.1" 404 1104
124.78.67.200 - - [29/Feb/2024:11:03:22 +0800] "GET /xingrg/all/function/internal_message.html?_=1709175802478&CODE_STATE=getMsg HTTP/1.1" 200 27
101.83.240.223 - - [29/Feb/2024:11:03:22 +0800] "GET /xingrg/all/function/internal_message.html?_=1709175801000&CODE_STATE=getMsg HTTP/1.1" 200 27
58.40.7.146 - - [29/Feb/2024:11:03:22 +0800] "GET /xingrg/all/function/internal_message.html?_=1709175802144&CODE_STATE=getMsg HTTP/1.1" 200 27
116.228.172.94 - - [29/Feb/2024:11:03:23 +0800] "GET /xingrg/all/function/internal_message.html?_=1709175529916&CODE_STATE=getMsg HTTP/1.1" 200 27
116.230.123.222 - - [29/Feb/2024:11:03:23 +0800] "POST /xingrg/kc/buy/cgsh_order_operate.html HTTP/1.1" 200 611
101.83.240.223 - - [29/Feb/2024:11:03:23 +0800] "POST /xingrg/kc/base/wldb_list_operate.html HTTP/1.1" 200 5589
116.230.123.222 - - [29/Feb/2024:11:03:26 +0800] "GET /xingrg/kc/print/load_data.html?order_code=212024022908194&kc_code=cgsh&condition= HTTP/1.1" 200 772
221.239.172.101 - - [29/Feb/2024:11:03:28 +0800] "GET /xingrg/all/function/internal_message.html?_=1709175807085&CODE_STATE=getMsg HTTP/1.1" 200 27
101.83.145.37 - - [29/Feb/2024:11:03:30 +0800] "GET /xingrg/all/function/internal_message.html?_=1709175808093&CODE_STATE=getMsg HTTP/1.1" 200 27
222.69.133.0 - - [29/Feb/2024:11:03:32 +0800] "GET /xingrg/all/function/internal_message.html?_=1709175812946&CODE_STATE=getMsg HTTP/1.1" 200 27
116.230.123.222 - - [29/Feb/2024:11:03:32 +0800] "GET /xingrg/kc/buy/cgsh_order_add.html HTTP/1.1" 200 73472
116.230.123.222 - - [29/Feb/2024:11:03:32 +0800] "POST /xingrg/kc/buy/cgsh_order_operate.html HTTP/1.1" 200 8245
116.230.123.222 - - [29/Feb/2024:11:03:32 +0800] "GET /xingrg/javascript/easyui/themes/default/validatebox.css HTTP/1.1" 404 1104
101.83.145.37 - - [29/Feb/2024:11:03:33 +0800] "GET /xingrg/javascript/auto/indicator.gif HTTP/1.1" 404 1066
218.81.65.124 - - [29/Feb/2024:11:03:35 +0800] "POST /xingrg/dwr/call/plaincall/AjaxReportQueryService.refreshCache.dwr HTTP/1.1" 200 78
218.81.65.124 - - [29/Feb/2024:11:03:36 +0800] "POST /xingrg/all/report/load_report_page.html HTTP/1.1" 200 22271
218.81.65.124 - - [29/Feb/2024:11:03:36 +0800] "GET /xingrg/servlets/image?cache=0.233907559498863&image=px HTTP/1.1" 200 807
116.232.194.112 - - [29/Feb/2024:11:03:37 +0800] "GET /xingrg/all/function/internal_message.html?_=1709175803117&CODE_STATE=getMsg HTTP/1.1" 200 27
101.83.145.37 - - [29/Feb/2024:11:03:38 +0800] "GET /xingrg/all/function/internal_message.html?_=1709175819954&CODE_STATE=getMsg HTTP/1.1" 200 27
101.83.145.37 - - [29/Feb/2024:11:03:39 +0800] "GET /xingrg/all/function/internal_message.html?_=1709175583505&CODE_STATE=getMsg HTTP/1.1" 200 27
116.237.77.14 - - [29/Feb/2024:11:03:40 +0800] "GET /xingrg/login.html?r=1 HTTP/1.1" 200 7641
116.237.77.14 - - [29/Feb/2024:11:03:40 +0800] "GET /favicon.ico HTTP/1.1" 404 -
218.81.65.124 - - [29/Feb/2024:11:03:41 +0800] "GET /xingrg/all/function/internal_message.html?_=1709175820771&CODE_STATE=getMsg HTTP/1.1" 200 27
218.81.65.124 - - [29/Feb/2024:11:03:43 +0800] "GET /xingrg/check_reg.html?_=1709175828291 HTTP/1.1" 200 22
218.81.65.124 - - [29/Feb/2024:11:03:43 +0800] "GET /xingrg/all/function/internal_message.html?_=1709175828292&CODE_STATE=getMsg HTTP/1.1" 200 27
116.237.77.14 - - [29/Feb/2024:11:03:44 +0800] "POST /xingrg/login.do HTTP/1.1" 302 -
116.237.77.14 - - [29/Feb/2024:11:03:44 +0800] "GET /xingrg/index.html?sysBaseUrl=http%3A%2F%2F180.169.147.146%3A18081%2Fxingrg%2F&costTime=2213×tamp=1709175824692 HTTP/1.1" 200 17173
116.237.77.14 - - [29/Feb/2024:11:03:45 +0800] "GET /favicon.ico HTTP/1.1" 404 -
116.237.77.14 - - [29/Feb/2024:11:03:45 +0800] "GET /xingrg/all/function/internal_message.html?_=1709175825064&CODE_STATE=count HTTP/1.1" 200 11
116.237.77.14 - - [29/Feb/2024:11:03:45 +0800] "GET /xingrg/check_reg.html?_=1709175825065 HTTP/1.1" 200 22
116.237.77.14 - - [29/Feb/2024:11:03:45 +0800] "POST /xingrg/load_menu.html HTTP/1.1" 200 5138
116.237.77.14 - - [29/Feb/2024:11:03:45 +0800] "POST /xingrg/all/common/load_tree.html?tree=area_rest_tree_json&manage=1 HTTP/1.1" 200 342
124.78.67.200 - - [29/Feb/2024:11:03:46 +0800] "POST /xingrg/kc/buy/cgsh_order_operate.html HTTP/1.1" 200 37
116.237.77.14 - - [29/Feb/2024:11:03:47 +0800] "GET /xingrg/kc/buy/buy_main.html HTTP/1.1" 200 12412
116.237.77.14 - - [29/Feb/2024:11:03:47 +0800] "GET /xingrg/css/new_ie.css HTTP/1.1" 404 1036
116.230.123.222 - - [29/Feb/2024:11:03:47 +0800] "GET /xingrg/kc/buy/cgsh_order_operate.html?command=get_materiel&rest_code=00111&code=00101002038&supplier_code=00100087&order_time=2024-02-29 HTTP/1.1" 200 418
116.238.97.31 - - [29/Feb/2024:11:03:47 +0800] "GET /xingrg/all/function/internal_message.html?_=1709175827541&CODE_STATE=getMsg HTTP/1.1" 200 27
116.237.77.14 - - [29/Feb/2024:11:03:48 +0800] "GET /xingrg/images/yd/bt.gif HTTP/1.1" 404 1040
116.224.254.208 - - [29/Feb/2024:11:03:48 +0800] "GET /xingrg/check_reg.html?_=1709175828857 HTTP/1.1" 200 22
116.224.254.208 - - [29/Feb/2024:11:03:49 +0800] "GET /xingrg/all/function/internal_message.html?_=1709175828861&CODE_STATE=getMsg HTTP/1.1" 200 27
116.237.77.14 - - [29/Feb/2024:11:03:49 +0800] "GET /xingrg/kc/buy/cgsh_order_list.html HTTP/1.1" 200 57741
116.230.112.23 - - [29/Feb/2024:11:03:50 +0800] "GET /xingrg/all/function/internal_message.html?_=1709175844477&CODE_STATE=getMsg HTTP/1.1" 200 27
180.164.1.25 - - [29/Feb/2024:11:03:55 +0800] "GET /xingrg/check_reg.html?_=1709175834656 HTTP/1.1" 200 22
180.164.1.25 - - [29/Feb/2024:11:03:55 +0800] "GET /xingrg/all/function/internal_message.html?_=1709175834652&CODE_STATE=getMsg HTTP/1.1" 200 27
180.164.1.25 - - [29/Feb/2024:11:03:57 +0800] "POST /xingrg/kc/buy/cgsh_list_operate.html HTTP/1.1" 200 589
116.224.254.208 - - [29/Feb/2024:11:03:57 +0800] "GET /xingrg/all/function/internal_message.html?_=1709175837448&CODE_STATE=getMsg HTTP/1.1" 200 27
116.237.77.14 - - [29/Feb/2024:11:03:58 +0800] "GET /xingrg/all/function/internal_message.html?_=1709175838107&CODE_STATE=getMsg HTTP/1.1" 200 27
124.78.67.200 - - [29/Feb/2024:11:04:01 +0800] "POST /xingrg/kc/buy/cgsh_order_operate.html HTTP/1.1" 200 12
116.230.123.222 - - [29/Feb/2024:11:04:01 +0800] "GET /xingrg/kc/buy/cgsh_order_operate.html?command=get_materiel&rest_code=00111&code=00101002002&supplier_code=00100087&order_time=2024-02-29 HTTP/1.1" 200 420
116.230.123.222 - - [29/Feb/2024:11:04:01 +0800] "GET /xingrg/all/function/internal_message.html?_=1709175899409&CODE_STATE=getMsg HTTP/1.1" 200 27
101.83.240.223 - - [29/Feb/2024:11:04:03 +0800] "GET /xingrg/all/function/internal_message.html?_=1709175843262&CODE_STATE=getMsg HTTP/1.1" 200 27
116.238.97.31 - - [29/Feb/2024:11:04:06 +0800] "GET /xingrg/all/function/internal_message.html?_=1709175845743&CODE_STATE=getMsg HTTP/1.1" 200 27
124.78.67.200 - - [29/Feb/2024:11:04:07 +0800] "GET /xingrg/kc/print/load_data.html?order_code=212024022908195&kc_code=cgsh&condition= HTTP/1.1" 200 1465
116.232.194.112 - - [29/Feb/2024:11:04:14 +0800] "GET /xingrg/all/function/internal_message.html?_=1709175854108&CODE_STATE=getMsg HTTP/1.1" 200 27
120.253.135.82 - - [29/Feb/2024:11:04:14 +0800] "GET /xingrg/all/function/internal_message.html?_=1709175689321&CODE_STATE=getMsg HTTP/1.1" 200 27
58.39.109.113 - - [29/Feb/2024:11:04:15 +0800] "GET /xingrg/all/function/internal_message.html?_=1709175856822&CODE_STATE=getMsg HTTP/1.1" 200 27
116.230.123.222 - - [29/Feb/2024:11:04:17 +0800] "GET /xingrg/all/function/internal_message.html?_=1709175856064&CODE_STATE=getMsg HTTP/1.1" 200 27
124.78.67.200 - - [29/Feb/2024:11:04:18 +0800] "POST /xingrg/kc/buy/cgsh_order_operate.html HTTP/1.1" 200 78
58.40.7.146 - - [29/Feb/2024:11:04:20 +0800] "GET /xingrg/check_reg.html?_=1709175860632 HTTP/1.1" 200 22
58.40.7.146 - - [29/Feb/2024:11:04:20 +0800] "GET /xingrg/all/function/internal_message.html?_=1709175860874&CODE_STATE=getMsg HTTP/1.1" 200 27
58.40.7.146 - - [29/Feb/2024:11:04:22 +0800] "GET /xingrg/all/function/internal_message.html?_=1709175862233&CODE_STATE=getMsg HTTP/1.1" 200 27
124.78.67.200 - - [29/Feb/2024:11:04:22 +0800] "GET /xingrg/all/function/internal_message.html?_=1709175862463&CODE_STATE=getMsg HTTP/1.1" 200 27
116.237.77.14 - - [29/Feb/2024:11:04:22 +0800] "POST /xingrg/kc/buy/cgsh_list_operate.html HTTP/1.1" 200 4635
101.83.240.223 - - [29/Feb/2024:11:04:22 +0800] "GET /xingrg/all/function/internal_message.html?_=1709175860977&CODE_STATE=getMsg HTTP/1.1" 200 27
116.228.172.94 - - [29/Feb/2024:11:04:23 +0800] "GET /xingrg/all/function/internal_message.html?_=1709175589912&CODE_STATE=getMsg HTTP/1.1" 200 27
116.228.172.94 - - [29/Feb/2024:11:04:23 +0800] "GET /xingrg/check_reg.html?_=1709175589921 HTTP/1.1" 200 22
116.230.123.222 - - [29/Feb/2024:11:04:23 +0800] "POST /xingrg/kc/buy/cgsh_order_operate.html HTTP/1.1" 200 37
124.78.67.200 - - [29/Feb/2024:11:04:24 +0800] "GET /xingrg/kc/buy/cgsh_order_add.html HTTP/1.1" 200 73516
124.78.67.200 - - [29/Feb/2024:11:04:24 +0800] "GET /xingrg/css/base.css HTTP/1.1" 304 -
124.78.67.200 - - [29/Feb/2024:11:04:24 +0800] "GET /xingrg/css/site.css HTTP/1.1" 304 -
124.78.67.200 - - [29/Feb/2024:11:04:24 +0800] "GET /xingrg/javascript/jquery_tools/datebox.css HTTP/1.1" 304 -
124.78.67.200 - - [29/Feb/2024:11:04:24 +0800] "GET /xingrg/javascript/easyui/themes/default/easyui.css HTTP/1.1" 304 -
124.78.67.200 - - [29/Feb/2024:11:04:24 +0800] "GET /xingrg/javascript/easyui/themes/icon.css HTTP/1.1" 304 -
124.78.67.200 - - [29/Feb/2024:11:04:24 +0800] "GET /xingrg/javascript/auto/jquery.autocomplete.css HTTP/1.1" 304 -
124.78.67.200 - - [29/Feb/2024:11:04:24 +0800] "GET /xingrg/javascript/jquery_tools/fix.css HTTP/1.1" 304 -
124.78.67.200 - - [29/Feb/2024:11:04:24 +0800] "GET /xingrg/javascript/jquery_tools/table.css HTTP/1.1" 304 -
124.78.67.200 - - [29/Feb/2024:11:04:24 +0800] "GET /xingrg/javascript/pic_change.js HTTP/1.1" 304 -
124.78.67.200 - - [29/Feb/2024:11:04:24 +0800] "GET /xingrg/javascript/jquery_tools/jquery.tools.min.js HTTP/1.1" 304 -
124.78.67.200 - - [29/Feb/2024:11:04:25 +0800] "GET /xingrg/javascript/jquery_tools/jquery.tools.extend.js HTTP/1.1" 304 -
124.78.67.200 - - [29/Feb/2024:11:04:25 +0800] "GET /xingrg/javascript/jquery_tools/jquery.tools.hotkey.js HTTP/1.1" 304 -
124.78.67.200 - - [29/Feb/2024:11:04:25 +0800] "GET /xingrg/javascript/jquery_tools/jquery.tools.table.js HTTP/1.1" 304 -
124.78.67.200 - - [29/Feb/2024:11:04:25 +0800] "GET /xingrg/javascript/auto/jquery.autocomplete.js HTTP/1.1" 304 -
124.78.67.200 - - [29/Feb/2024:11:04:25 +0800] "GET /xingrg/javascript/easyui/easyloader.js HTTP/1.1" 304 -
124.78.67.200 - - [29/Feb/2024:11:04:25 +0800] "GET /xingrg/javascript/jquery.utils.js HTTP/1.1" 304 -
124.78.67.200 - - [29/Feb/2024:11:04:25 +0800] "GET /xingrg/javascript/jquery_tools/order_manager.js HTTP/1.1" 304 -
124.78.67.200 - - [29/Feb/2024:11:04:25 +0800] "GET /xingrg/javascript/convert.js HTTP/1.1" 304 -
124.78.67.200 - - [29/Feb/2024:11:04:25 +0800] "GET /xingrg/javascript/json2.js HTTP/1.1" 304 -
124.78.67.200 - - [29/Feb/2024:11:04:25 +0800] "GET /xingrg/javascript/jquery.cookie.js HTTP/1.1" 304 -
124.78.67.200 - - [29/Feb/2024:11:04:25 +0800] "GET /xingrg/javascript/print/kc_print.js HTTP/1.1" 304 -
124.78.67.200 - - [29/Feb/2024:11:04:25 +0800] "GET /xingrg/javascript/print/LodopFuncs.js HTTP/1.1" 304 -
124.78.67.200 - - [29/Feb/2024:11:04:25 +0800] "GET /xingrg/words/20240229092203_words.js HTTP/1.1" 304 -
124.78.67.200 - - [29/Feb/2024:11:04:25 +0800] "GET /xingrg/javascript/easyui/plugins/jquery.parser.js HTTP/1.1" 304 -
124.78.67.200 - - [29/Feb/2024:11:04:25 +0800] "GET /xingrg/images/control/ajaxLoader.gif HTTP/1.1" 304 -
124.78.67.200 - - [29/Feb/2024:11:04:25 +0800] "POST /xingrg/kc/buy/cgsh_order_operate.html HTTP/1.1" 200 8245
124.78.67.200 - - [29/Feb/2024:11:04:25 +0800] "GET /xingrg/javascript/easyui/themes/default/validatebox.css HTTP/1.1" 404 1104
180.164.1.25 - - [29/Feb/2024:11:04:26 +0800] "POST /xingrg/kc/buy/cgsh_list_operate.html HTTP/1.1" 200 4
221.239.172.101 - - [29/Feb/2024:11:04:28 +0800] "GET /xingrg/all/function/internal_message.html?_=1709175867060&CODE_STATE=getMsg HTTP/1.1" 200 27
124.78.67.200 - - [29/Feb/2024:11:04:28 +0800] "GET /xingrg/kc/buy/cgsh_order_info.html?code=212024022908195 HTTP/1.1" 200 8212
101.83.145.37 - - [29/Feb/2024:11:04:30 +0800] "GET /xingrg/all/function/internal_message.html?_=1709175868114&CODE_STATE=getMsg HTTP/1.1" 200 27
222.69.133.0 - - [29/Feb/2024:11:04:31 +0800] "GET /xingrg/all/function/internal_message.html?_=1709175872927&CODE_STATE=getMsg HTTP/1.1" 200 27
116.238.97.31 - - [29/Feb/2024:11:04:36 +0800] "POST /xingrg/services/DataTransmitService HTTP/1.1" 200 524
101.83.240.223 - - [29/Feb/2024:11:04:36 +0800] "POST /xingrg/services/DataTransmitService HTTP/1.1" 200 501
116.232.194.112 - - [29/Feb/2024:11:04:37 +0800] "GET /xingrg/all/function/internal_message.html?_=1709175863111&CODE_STATE=getMsg HTTP/1.1" 200 27
101.83.145.37 - - [29/Feb/2024:11:04:38 +0800] "GET /xingrg/check_reg.html?_=1709175879961 HTTP/1.1" 200 22
101.83.145.37 - - [29/Feb/2024:11:04:38 +0800] "GET /xingrg/all/function/internal_message.html?_=1709175879957&CODE_STATE=getMsg HTTP/1.1" 200 27
116.230.123.222 - - [29/Feb/2024:11:04:38 +0800] "POST /xingrg/kc/buy/cgsh_order_operate.html HTTP/1.1" 200 12
101.83.145.37 - - [29/Feb/2024:11:04:38 +0800] "POST /xingrg/kc/buy/cgsh_list_operate.html HTTP/1.1" 200 1883
101.83.145.37 - - [29/Feb/2024:11:04:39 +0800] "GET /xingrg/all/function/internal_message.html?_=1709175643507&CODE_STATE=getMsg HTTP/1.1" 200 27
116.237.77.14 - - [29/Feb/2024:11:04:40 +0800] "GET /xingrg/login.html?r=1 HTTP/1.1" 200 7641
116.237.77.14 - - [29/Feb/2024:11:04:40 +0800] "GET /favicon.ico HTTP/1.1" 404 -
218.81.65.124 - - [29/Feb/2024:11:04:41 +0800] "GET /xingrg/all/function/internal_message.html?_=1709175880776&CODE_STATE=getMsg HTTP/1.1" 200 27
116.230.123.222 - - [29/Feb/2024:11:04:41 +0800] "GET /xingrg/kc/buy/cgsh_order_info.html?code=212024022908196 HTTP/1.1" 200 68381
116.230.123.222 - - [29/Feb/2024:11:04:41 +0800] "GET /xingrg/javascript/easyui/themes/default/validatebox.css HTTP/1.1" 404 1104
101.83.145.37 - - [29/Feb/2024:11:04:42 +0800] "POST /xingrg/kc/buy/cgsh_list_operate.html HTTP/1.1" 200 271
101.83.145.37 - - [29/Feb/2024:11:04:42 +0800] "GET /xingrg/javascript/easyui/themes/default/images/button_plain_hover.png HTTP/1.1" 200 144
221.239.172.101 - - [29/Feb/2024:11:04:42 +0800] "GET /xingrg/check_reg.html?_=1709175881480 HTTP/1.1" 200 22
116.230.123.222 - - [29/Feb/2024:11:04:42 +0800] "POST /xingrg/kc/buy/cgsh_order_operate.html HTTP/1.1" 200 1216
218.81.65.124 - - [29/Feb/2024:11:04:43 +0800] "GET /xingrg/all/function/internal_message.html?_=1709175888290&CODE_STATE=getMsg HTTP/1.1" 200 27
116.230.123.222 - - [29/Feb/2024:11:04:45 +0800] "GET /xingrg/kc/print/load_data.html?order_code=212024022908196&kc_code=cgsh&condition= HTTP/1.1" 200 993
116.238.97.31 - - [29/Feb/2024:11:04:47 +0800] "GET /xingrg/all/function/internal_message.html?_=1709175887526&CODE_STATE=getMsg HTTP/1.1" 200 27
116.224.254.208 - - [29/Feb/2024:11:04:48 +0800] "GET /xingrg/all/function/internal_message.html?_=1709175888859&CODE_STATE=getMsg HTTP/1.1" 200 27
116.230.112.23 - - [29/Feb/2024:11:04:50 +0800] "GET /xingrg/all/function/internal_message.html?_=1709175904756&CODE_STATE=getMsg HTTP/1.1" 200 27
116.230.123.222 - - [29/Feb/2024:11:04:53 +0800] "GET /xingrg/kc/buy/cgsh_order_add.html HTTP/1.1" 200 73472
116.230.123.222 - - [29/Feb/2024:11:04:53 +0800] "POST /xingrg/kc/buy/cgsh_order_operate.html HTTP/1.1" 200 8245
116.230.123.222 - - [29/Feb/2024:11:04:53 +0800] "GET /xingrg/javascript/easyui/themes/default/validatebox.css HTTP/1.1" 404 1104
180.169.147.146 - - [29/Feb/2024:11:04:54 +0800] "POST /xingrg/kc/buy/cgsh_order_operate.html HTTP/1.1" 200 37
101.83.145.37 - - [29/Feb/2024:11:04:54 +0800] "POST /xingrg/kc/buy/cgsh_list_operate.html HTTP/1.1" 200 4
180.169.147.146 - - [29/Feb/2024:11:04:56 +0800] "POST /xingrg/kc/buy/cgsh_order_operate.html HTTP/1.1" 200 6208
116.224.254.208 - - [29/Feb/2024:11:04:57 +0800] "GET /xingrg/all/function/internal_message.html?_=1709175897421&CODE_STATE=getMsg HTTP/1.1" 200 27
180.169.147.146 - - [29/Feb/2024:11:04:58 +0800] "GET /xingrg/kc/print/load_config.html?kc_code=cgsh HTTP/1.1" 200 1927
180.169.147.146 - - [29/Feb/2024:11:04:59 +0800] "GET /xingrg/kc/print/load_data.html?order_code=212024022908197&kc_code=cgsh&condition= HTTP/1.1" 200 2079
101.83.145.37 - - [29/Feb/2024:11:05:01 +0800] "POST /xingrg/kc/buy/cgsh_list_operate.html HTTP/1.1" 200 1858
116.230.123.222 - - [29/Feb/2024:11:05:01 +0800] "GET /xingrg/all/function/internal_message.html?_=1709175959394&CODE_STATE=getMsg HTTP/1.1" 200 27
101.83.240.223 - - [29/Feb/2024:11:05:03 +0800] "GET /xingrg/all/function/internal_message.html?_=1709175903237&CODE_STATE=getMsg HTTP/1.1" 200 27
116.230.123.222 - - [29/Feb/2024:11:05:05 +0800] "GET /xingrg/kc/buy/cgsh_order_operate.html?command=get_materiel&rest_code=00111&code=00101001037&supplier_code=00100090&order_time=2024-02-29 HTTP/1.1" 200 416
116.238.97.31 - - [29/Feb/2024:11:05:06 +0800] "GET /xingrg/all/function/internal_message.html?_=1709175905739&CODE_STATE=getMsg HTTP/1.1" 200 27
101.83.240.223 - - [29/Feb/2024:11:05:09 +0800] "GET /xingrg/login.html?sysBaseUrl=http%3A%2F%2F180.169.147.146%3A18081%2Fxingrg%2F&costTime=31×tamp=1615347190560 HTTP/1.1" 200 7641
101.83.240.223 - - [29/Feb/2024:11:05:09 +0800] "GET /favicon.ico HTTP/1.1" 404 -
101.83.240.223 - - [29/Feb/2024:11:05:13 +0800] "POST /xingrg/login.do HTTP/1.1" 302 -
116.232.194.112 - - [29/Feb/2024:11:05:14 +0800] "GET /xingrg/all/function/internal_message.html?_=1709175914099&CODE_STATE=getMsg HTTP/1.1" 200 27
120.253.135.82 - - [29/Feb/2024:11:05:14 +0800] "GET /xingrg/all/function/internal_message.html?_=1709175749350&CODE_STATE=getMsg HTTP/1.1" 200 27
58.39.109.113 - - [29/Feb/2024:11:05:15 +0800] "GET /xingrg/all/function/internal_message.html?_=1709175916807&CODE_STATE=getMsg HTTP/1.1" 200 27
101.83.240.223 - - [29/Feb/2024:11:05:15 +0800] "POST /xingrg/kc/base/wldb_list_operate.html HTTP/1.1" 200 2114
101.83.240.223 - - [29/Feb/2024:11:05:16 +0800] "POST /xingrg/login.do HTTP/1.1" 302 -
101.83.240.223 - - [29/Feb/2024:11:05:18 +0800] "POST /xingrg/login.do HTTP/1.1" 302 -
101.83.240.223 - - [29/Feb/2024:11:05:18 +0800] "POST /xingrg/login.do HTTP/1.1" 302 -
124.78.67.200 - - [29/Feb/2024:11:05:19 +0800] "GET /xingrg/check_reg.html?_=1709175919690 HTTP/1.1" 200 22
180.169.147.146 - - [29/Feb/2024:11:05:20 +0800] "GET /xingrg/kc/buy/cgsh_order_add.html HTTP/1.1" 200 73563
180.169.147.146 - - [29/Feb/2024:11:05:20 +0800] "POST /xingrg/kc/buy/cgsh_order_operate.html HTTP/1.1" 200 8245
180.169.147.146 - - [29/Feb/2024:11:05:20 +0800] "GET /xingrg/javascript/easyui/themes/default/validatebox.css HTTP/1.1" 404 1104
101.83.240.223 - - [29/Feb/2024:11:05:20 +0800] "POST /xingrg/login.do HTTP/1.1" 302 -
58.40.7.146 - - [29/Feb/2024:11:05:21 +0800] "GET /xingrg/all/function/internal_message.html?_=1709175920977&CODE_STATE=getMsg HTTP/1.1" 200 27
101.83.240.223 - - [29/Feb/2024:11:05:21 +0800] "POST /xingrg/login.do HTTP/1.1" 302 -
101.83.240.223 - - [29/Feb/2024:11:05:21 +0800] "GET /xingrg/index.html?sysBaseUrl=http%3A%2F%2F180.169.147.146%3A18081%2Fxingrg%2F&costTime=1477×tamp=1709175921201 HTTP/1.1" 200 17179
101.83.240.223 - - [29/Feb/2024:11:05:21 +0800] "GET /favicon.ico HTTP/1.1" 404 -
101.83.240.223 - - [29/Feb/2024:11:05:21 +0800] "GET /xingrg/check_reg.html?_=1709175919795 HTTP/1.1" 200 22
101.83.240.223 - - [29/Feb/2024:11:05:21 +0800] "GET /xingrg/all/function/internal_message.html?_=1709175919792&CODE_STATE=count HTTP/1.1" 200 11
