120.253.135.82 - - [29/Feb/2024:06:29:20 +0800] "POST /xingrg/kc/pszx/mdps_order_operate.html HTTP/1.1" 200 37
120.253.135.82 - - [29/Feb/2024:06:29:22 +0800] "GET /xingrg/kc/pszx/mdps_order_info.html?code=312024022900392 HTTP/1.1" 200 23978
120.253.135.82 - - [29/Feb/2024:06:29:22 +0800] "GET /xingrg/javascript/easyui/themes/default/validatebox.css HTTP/1.1" 404 1104
116.228.172.94 - - [29/Feb/2024:06:29:23 +0800] "GET /xingrg/check_reg.html?_=1709159089927 HTTP/1.1" 200 22
116.228.172.94 - - [29/Feb/2024:06:29:23 +0800] "GET /xingrg/all/function/internal_message.html?_=1709159089924&CODE_STATE=getMsg HTTP/1.1" 200 27
120.253.135.82 - - [29/Feb/2024:06:29:23 +0800] "POST /xingrg/kc/pszx/mdps_order_operate.html HTTP/1.1" 200 15494
124.78.67.200 - - [29/Feb/2024:06:29:24 +0800] "GET /xingrg/all/function/internal_message.html?_=1709159364985&CODE_STATE=getMsg HTTP/1.1" 200 27
180.164.1.25 - - [29/Feb/2024:06:29:25 +0800] "GET /xingrg/all/function/internal_message.html?_=1709159364705&CODE_STATE=getMsg HTTP/1.1" 200 27
116.224.254.208 - - [29/Feb/2024:06:29:27 +0800] "GET /xingrg/check_reg.html?_=1709159367715 HTTP/1.1" 200 22
116.224.254.208 - - [29/Feb/2024:06:29:27 +0800] "GET /xingrg/all/function/internal_message.html?_=1709159367718&CODE_STATE=getMsg HTTP/1.1" 200 27
221.239.172.101 - - [29/Feb/2024:06:29:33 +0800] "GET /xingrg/all/function/internal_message.html?_=1709159372205&CODE_STATE=getMsg HTTP/1.1" 200 27
222.70.245.42 - - [29/Feb/2024:06:29:34 +0800] "GET /xingrg/all/function/internal_message.html?_=1709159387744&CODE_STATE=getMsg HTTP/1.1" 200 27
180.164.1.25 - - [29/Feb/2024:06:29:35 +0800] "GET /xingrg/check_reg.html?_=1709159374425 HTTP/1.1" 200 22
221.239.172.101 - - [29/Feb/2024:06:29:43 +0800] "GET /xingrg/check_reg.html?_=1709159382319 HTTP/1.1" 200 22
58.40.7.146 - - [29/Feb/2024:06:29:59 +0800] "GET /xingrg/all/function/internal_message.html?_=1709159398995&CODE_STATE=getMsg HTTP/1.1" 200 27
120.253.135.82 - - [29/Feb/2024:06:30:06 +0800] "GET /xingrg/all/function/internal_message.html?_=1709159241434&CODE_STATE=getMsg HTTP/1.1" 200 27
124.78.67.200 - - [29/Feb/2024:06:30:20 +0800] "GET /xingrg/check_reg.html?_=1709159420641 HTTP/1.1" 200 22
116.228.172.94 - - [29/Feb/2024:06:30:23 +0800] "GET /xingrg/all/function/internal_message.html?_=1709159149917&CODE_STATE=getMsg HTTP/1.1" 200 27
124.78.67.200 - - [29/Feb/2024:06:30:24 +0800] "GET /xingrg/all/function/internal_message.html?_=1709159424976&CODE_STATE=getMsg HTTP/1.1" 200 27
180.164.1.25 - - [29/Feb/2024:06:30:25 +0800] "GET /xingrg/all/function/internal_message.html?_=1709159424688&CODE_STATE=getMsg HTTP/1.1" 200 27
116.224.254.208 - - [29/Feb/2024:06:30:27 +0800] "GET /xingrg/all/function/internal_message.html?_=1709159427732&CODE_STATE=getMsg HTTP/1.1" 200 27
221.239.172.101 - - [29/Feb/2024:06:30:33 +0800] "GET /xingrg/all/function/internal_message.html?_=1709159432179&CODE_STATE=getMsg HTTP/1.1" 200 27
222.70.245.42 - - [29/Feb/2024:06:30:34 +0800] "GET /xingrg/all/function/internal_message.html?_=1709159447755&CODE_STATE=getMsg HTTP/1.1" 200 27
58.40.7.146 - - [29/Feb/2024:06:30:59 +0800] "GET /xingrg/all/function/internal_message.html?_=1709159458998&CODE_STATE=getMsg HTTP/1.1" 200 27
58.40.7.146 - - [29/Feb/2024:06:30:59 +0800] "GET /xingrg/check_reg.html?_=1709159458999 HTTP/1.1" 200 22
120.253.135.82 - - [29/Feb/2024:06:31:06 +0800] "GET /xingrg/all/function/internal_message.html?_=1709159301447&CODE_STATE=getMsg HTTP/1.1" 200 27
116.228.172.94 - - [29/Feb/2024:06:31:23 +0800] "GET /xingrg/all/function/internal_message.html?_=1709159209921&CODE_STATE=getMsg HTTP/1.1" 200 27
124.78.67.200 - - [29/Feb/2024:06:31:24 +0800] "GET /xingrg/all/function/internal_message.html?_=1709159484965&CODE_STATE=getMsg HTTP/1.1" 200 27
180.164.1.25 - - [29/Feb/2024:06:31:25 +0800] "GET /xingrg/all/function/internal_message.html?_=1709159484667&CODE_STATE=getMsg HTTP/1.1" 200 27
116.224.254.208 - - [29/Feb/2024:06:31:27 +0800] "GET /xingrg/all/function/internal_message.html?_=1709159487733&CODE_STATE=getMsg HTTP/1.1" 200 27
221.239.172.101 - - [29/Feb/2024:06:31:33 +0800] "GET /xingrg/all/function/internal_message.html?_=1709159492156&CODE_STATE=getMsg HTTP/1.1" 200 27
222.70.245.42 - - [29/Feb/2024:06:31:34 +0800] "GET /xingrg/all/function/internal_message.html?_=1709159508036&CODE_STATE=getMsg HTTP/1.1" 200 27
222.70.245.42 - - [29/Feb/2024:06:31:44 +0800] "GET /xingrg/check_reg.html?_=1709159517692 HTTP/1.1" 200 22
58.40.7.146 - - [29/Feb/2024:06:31:59 +0800] "GET /xingrg/all/function/internal_message.html?_=1709159519002&CODE_STATE=getMsg HTTP/1.1" 200 27
120.253.135.82 - - [29/Feb/2024:06:32:06 +0800] "GET /xingrg/all/function/internal_message.html?_=1709159361462&CODE_STATE=getMsg HTTP/1.1" 200 27
120.253.135.82 - - [29/Feb/2024:06:32:15 +0800] "POST /xingrg/kc/pszx/mdps_order_operate.html HTTP/1.1" 200 37
120.253.135.82 - - [29/Feb/2024:06:32:19 +0800] "GET /xingrg/kc/pszx/mdps_order_info.html?code=312024022900392 HTTP/1.1" 200 23978
120.253.135.82 - - [29/Feb/2024:06:32:19 +0800] "GET /xingrg/javascript/easyui/themes/default/validatebox.css HTTP/1.1" 404 1104
120.253.135.82 - - [29/Feb/2024:06:32:20 +0800] "POST /xingrg/kc/pszx/mdps_order_operate.html HTTP/1.1" 200 15493
116.228.172.94 - - [29/Feb/2024:06:32:23 +0800] "GET /xingrg/all/function/internal_message.html?_=1709159269913&CODE_STATE=getMsg HTTP/1.1" 200 27
124.78.67.200 - - [29/Feb/2024:06:32:24 +0800] "GET /xingrg/all/function/internal_message.html?_=1709159544946&CODE_STATE=getMsg HTTP/1.1" 200 27
180.164.1.25 - - [29/Feb/2024:06:32:25 +0800] "GET /xingrg/all/function/internal_message.html?_=1709159544663&CODE_STATE=getMsg HTTP/1.1" 200 27
120.253.135.82 - - [29/Feb/2024:06:32:27 +0800] "POST /xingrg/kc/pszx/mdps_list_operate.html HTTP/1.1" 200 2771
116.224.254.208 - - [29/Feb/2024:06:32:27 +0800] "GET /xingrg/all/function/internal_message.html?_=1709159547722&CODE_STATE=getMsg HTTP/1.1" 200 27
120.253.135.82 - - [29/Feb/2024:06:32:28 +0800] "POST /xingrg/kc/pszx/mdps_list_operate.html HTTP/1.1" 200 457
120.253.135.82 - - [29/Feb/2024:06:32:30 +0800] "GET /xingrg/kc/pszx/mdps_order_info.html?code=312024022900388 HTTP/1.1" 200 23972
120.253.135.82 - - [29/Feb/2024:06:32:30 +0800] "GET /xingrg/javascript/easyui/themes/default/validatebox.css HTTP/1.1" 404 1104
120.253.135.82 - - [29/Feb/2024:06:32:31 +0800] "POST /xingrg/kc/pszx/mdps_order_operate.html HTTP/1.1" 200 3798
221.239.172.101 - - [29/Feb/2024:06:32:33 +0800] "GET /xingrg/all/function/internal_message.html?_=1709159552129&CODE_STATE=getMsg HTTP/1.1" 200 27
222.70.245.42 - - [29/Feb/2024:06:32:34 +0800] "GET /xingrg/all/function/internal_message.html?_=1709159568047&CODE_STATE=getMsg HTTP/1.1" 200 27
120.253.135.82 - - [29/Feb/2024:06:32:39 +0800] "POST /xingrg/kc/pszx/mdps_order_operate.html HTTP/1.1" 200 37
120.253.135.82 - - [29/Feb/2024:06:32:40 +0800] "GET /xingrg/kc/pszx/mdps_order_info.html?code=312024022900388 HTTP/1.1" 200 23972
120.253.135.82 - - [29/Feb/2024:06:32:41 +0800] "GET /xingrg/javascript/easyui/themes/default/validatebox.css HTTP/1.1" 404 1104
120.253.135.82 - - [29/Feb/2024:06:32:41 +0800] "POST /xingrg/kc/pszx/mdps_order_operate.html HTTP/1.1" 200 3797
120.253.135.82 - - [29/Feb/2024:06:32:42 +0800] "POST /xingrg/kc/pszx/mdps_list_operate.html HTTP/1.1" 200 2771
120.253.135.82 - - [29/Feb/2024:06:32:51 +0800] "POST /xingrg/kc/pszx/mdps_list_operate.html HTTP/1.1" 200 1692
120.253.135.82 - - [29/Feb/2024:06:32:51 +0800] "GET /xingrg/check_reg.html?_=1709159406767 HTTP/1.1" 200 22
120.253.135.82 - - [29/Feb/2024:06:32:52 +0800] "POST /xingrg/kc/pszx/mdps_list_operate.html HTTP/1.1" 200 632
120.253.135.82 - - [29/Feb/2024:06:32:53 +0800] "GET /xingrg/kc/pszx/mdps_order_info.html?code=312024022900392 HTTP/1.1" 200 23978
120.253.135.82 - - [29/Feb/2024:06:32:54 +0800] "GET /xingrg/javascript/easyui/themes/default/validatebox.css HTTP/1.1" 404 1104
120.253.135.82 - - [29/Feb/2024:06:32:54 +0800] "POST /xingrg/kc/pszx/mdps_order_operate.html HTTP/1.1" 200 15493
58.40.7.146 - - [29/Feb/2024:06:32:59 +0800] "GET /xingrg/all/function/internal_message.html?_=1709159578987&CODE_STATE=getMsg HTTP/1.1" 200 27
101.83.240.223 - - [29/Feb/2024:06:33:04 +0800] "POST /xingrg/services/DataTransmitService HTTP/1.1" 200 524
120.253.135.82 - - [29/Feb/2024:06:33:06 +0800] "GET /xingrg/all/function/internal_message.html?_=1709159421474&CODE_STATE=getMsg HTTP/1.1" 200 27
116.228.172.94 - - [29/Feb/2024:06:33:23 +0800] "GET /xingrg/all/function/internal_message.html?_=1709159329919&CODE_STATE=getMsg HTTP/1.1" 200 27
124.78.67.200 - - [29/Feb/2024:06:33:24 +0800] "GET /xingrg/all/function/internal_message.html?_=1709159604921&CODE_STATE=getMsg HTTP/1.1" 200 27
180.164.1.25 - - [29/Feb/2024:06:33:25 +0800] "GET /xingrg/all/function/internal_message.html?_=1709159604635&CODE_STATE=getMsg HTTP/1.1" 200 27
116.224.254.208 - - [29/Feb/2024:06:33:27 +0800] "GET /xingrg/all/function/internal_message.html?_=1709159607711&CODE_STATE=getMsg HTTP/1.1" 200 27
221.239.172.101 - - [29/Feb/2024:06:33:33 +0800] "GET /xingrg/all/function/internal_message.html?_=1709159612106&CODE_STATE=getMsg HTTP/1.1" 200 27
116.238.97.31 - - [29/Feb/2024:06:33:34 +0800] "POST /xingrg/services/DataTransmitService HTTP/1.1" 200 524
222.70.245.42 - - [29/Feb/2024:06:33:34 +0800] "GET /xingrg/all/function/internal_message.html?_=1709159628064&CODE_STATE=getMsg HTTP/1.1" 200 27
58.40.7.146 - - [29/Feb/2024:06:33:59 +0800] "GET /xingrg/all/function/internal_message.html?_=1709159638990&CODE_STATE=getMsg HTTP/1.1" 200 27
101.83.145.37 - - [29/Feb/2024:06:33:59 +0800] "POST /xingrg/services/DataTransmitService HTTP/1.1" 200 524
120.253.135.82 - - [29/Feb/2024:06:34:06 +0800] "GET /xingrg/all/function/internal_message.html?_=1709159481524&CODE_STATE=getMsg HTTP/1.1" 200 27
116.228.172.94 - - [29/Feb/2024:06:34:23 +0800] "GET /xingrg/all/function/internal_message.html?_=1709159389914&CODE_STATE=getMsg HTTP/1.1" 200 27
116.228.172.94 - - [29/Feb/2024:06:34:23 +0800] "GET /xingrg/check_reg.html?_=1709159389917 HTTP/1.1" 200 22
124.78.67.200 - - [29/Feb/2024:06:34:24 +0800] "GET /xingrg/all/function/internal_message.html?_=1709159664909&CODE_STATE=getMsg HTTP/1.1" 200 27
180.164.1.25 - - [29/Feb/2024:06:34:25 +0800] "GET /xingrg/all/function/internal_message.html?_=1709159664631&CODE_STATE=getMsg HTTP/1.1" 200 27
116.224.254.208 - - [29/Feb/2024:06:34:27 +0800] "GET /xingrg/all/function/internal_message.html?_=1709159667721&CODE_STATE=getMsg HTTP/1.1" 200 27
116.224.254.208 - - [29/Feb/2024:06:34:27 +0800] "GET /xingrg/check_reg.html?_=1709159667722 HTTP/1.1" 200 22
221.239.172.101 - - [29/Feb/2024:06:34:33 +0800] "GET /xingrg/all/function/internal_message.html?_=1709159672085&CODE_STATE=getMsg HTTP/1.1" 200 27
222.70.245.42 - - [29/Feb/2024:06:34:35 +0800] "GET /xingrg/all/function/internal_message.html?_=1709159688417&CODE_STATE=getMsg HTTP/1.1" 200 27
180.164.1.25 - - [29/Feb/2024:06:34:35 +0800] "GET /xingrg/check_reg.html?_=1709159674443 HTTP/1.1" 200 22
221.239.172.101 - - [29/Feb/2024:06:34:43 +0800] "GET /xingrg/check_reg.html?_=1709159682304 HTTP/1.1" 200 22
58.40.7.146 - - [29/Feb/2024:06:34:59 +0800] "GET /xingrg/all/function/internal_message.html?_=1709159698992&CODE_STATE=getMsg HTTP/1.1" 200 27
120.253.135.82 - - [29/Feb/2024:06:35:06 +0800] "GET /xingrg/all/function/internal_message.html?_=1709159541581&CODE_STATE=getMsg HTTP/1.1" 200 27
124.78.67.200 - - [29/Feb/2024:06:35:20 +0800] "GET /xingrg/check_reg.html?_=1709159720623 HTTP/1.1" 200 22
116.228.172.94 - - [29/Feb/2024:06:35:23 +0800] "GET /xingrg/all/function/internal_message.html?_=1709159449913&CODE_STATE=getMsg HTTP/1.1" 200 27
124.78.67.200 - - [29/Feb/2024:06:35:24 +0800] "GET /xingrg/all/function/internal_message.html?_=1709159724908&CODE_STATE=getMsg HTTP/1.1" 200 27
180.164.1.25 - - [29/Feb/2024:06:35:25 +0800] "GET /xingrg/all/function/internal_message.html?_=1709159724600&CODE_STATE=getMsg HTTP/1.1" 200 27
116.224.254.208 - - [29/Feb/2024:06:35:27 +0800] "GET /xingrg/all/function/internal_message.html?_=1709159727717&CODE_STATE=getMsg HTTP/1.1" 200 27
221.239.172.101 - - [29/Feb/2024:06:35:33 +0800] "GET /xingrg/all/function/internal_message.html?_=1709159732075&CODE_STATE=getMsg HTTP/1.1" 200 27
222.70.245.42 - - [29/Feb/2024:06:35:35 +0800] "GET /xingrg/all/function/internal_message.html?_=1709159748435&CODE_STATE=getMsg HTTP/1.1" 200 27
120.253.135.82 - - [29/Feb/2024:06:35:55 +0800] "POST /xingrg/kc/pszx/mdps_list_operate.html HTTP/1.1" 200 1692
58.40.7.146 - - [29/Feb/2024:06:35:59 +0800] "GET /xingrg/all/function/internal_message.html?_=1709159758993&CODE_STATE=getMsg HTTP/1.1" 200 27
58.40.7.146 - - [29/Feb/2024:06:35:59 +0800] "GET /xingrg/check_reg.html?_=1709159758995 HTTP/1.1" 200 22
120.253.135.82 - - [29/Feb/2024:06:36:04 +0800] "POST /xingrg/kc/pszx/mdps_list_operate.html HTTP/1.1" 200 868
120.253.135.82 - - [29/Feb/2024:06:36:06 +0800] "GET /xingrg/all/function/internal_message.html?_=1709159601594&CODE_STATE=getMsg HTTP/1.1" 200 27
120.253.135.82 - - [29/Feb/2024:06:36:09 +0800] "POST /xingrg/kc/pszx/mdps_list_operate.html HTTP/1.1" 200 868
120.253.135.82 - - [29/Feb/2024:06:36:09 +0800] "GET /xingrg/kc/pszx/mdqp_order_list.html?state=10 HTTP/1.1" 200 11559
120.253.135.82 - - [29/Feb/2024:06:36:09 +0800] "GET /xingrg/dwr/interface/AjaxReportQueryService.js HTTP/1.1" 200 13203
120.253.135.82 - - [29/Feb/2024:06:36:09 +0800] "GET /xingrg/dwr/interface/AjaxQqpsService.js HTTP/1.1" 200 16326
120.253.135.82 - - [29/Feb/2024:06:36:09 +0800] "GET /xingrg/dwr/engine.js HTTP/1.1" 200 43631
120.253.135.82 - - [29/Feb/2024:06:36:12 +0800] "GET /xingrg/kc/pszx/jzcl_ps.html HTTP/1.1" 200 7683
120.253.135.82 - - [29/Feb/2024:06:36:13 +0800] "POST /xingrg/all/common/load_tree.html?tree=area_rest_tree_json HTTP/1.1" 200 3624
120.253.135.82 - - [29/Feb/2024:06:36:13 +0800] "POST /xingrg/kc/pszx/jzcl_ps_operate.html HTTP/1.1" 200 1356
120.253.135.82 - - [29/Feb/2024:06:36:13 +0800] "POST /xingrg/kc/pszx/jzcl_ps_operate.html HTTP/1.1" 200 1356
116.228.172.94 - - [29/Feb/2024:06:36:23 +0800] "GET /xingrg/all/function/internal_message.html?_=1709159509913&CODE_STATE=getMsg HTTP/1.1" 200 27
124.78.67.200 - - [29/Feb/2024:06:36:24 +0800] "GET /xingrg/all/function/internal_message.html?_=1709159784887&CODE_STATE=getMsg HTTP/1.1" 200 27
180.164.1.25 - - [29/Feb/2024:06:36:25 +0800] "GET /xingrg/all/function/internal_message.html?_=1709159784593&CODE_STATE=getMsg HTTP/1.1" 200 27
120.253.135.82 - - [29/Feb/2024:06:36:26 +0800] "POST /xingrg/kc/pszx/jzcl_ps_operate.html HTTP/1.1" 200 4
120.253.135.82 - - [29/Feb/2024:06:36:27 +0800] "GET /xingrg/kc/pszx/mdps_order_list.html HTTP/1.1" 200 20995
116.224.254.208 - - [29/Feb/2024:06:36:27 +0800] "GET /xingrg/all/function/internal_message.html?_=1709159787714&CODE_STATE=getMsg HTTP/1.1" 200 27
120.253.135.82 - - [29/Feb/2024:06:36:27 +0800] "POST /xingrg/kc/pszx/jzcl_ps_operate.html HTTP/1.1" 200 454
120.253.135.82 - - [29/Feb/2024:06:36:28 +0800] "POST /xingrg/kc/pszx/mdps_list_operate.html HTTP/1.1" 200 4975
221.239.172.101 - - [29/Feb/2024:06:36:33 +0800] "GET /xingrg/all/function/internal_message.html?_=1709159792084&CODE_STATE=getMsg HTTP/1.1" 200 27
222.70.245.42 - - [29/Feb/2024:06:36:35 +0800] "GET /xingrg/all/function/internal_message.html?_=1709159808720&CODE_STATE=getMsg HTTP/1.1" 200 27
120.253.135.82 - - [29/Feb/2024:06:36:39 +0800] "POST /xingrg/kc/pszx/mdps_list_operate.html HTTP/1.1" 200 2063
120.253.135.82 - - [29/Feb/2024:06:36:41 +0800] "POST /xingrg/kc/pszx/mdps_list_operate.html HTTP/1.1" 200 646
120.253.135.82 - - [29/Feb/2024:06:36:43 +0800] "GET /xingrg/kc/pszx/mdps_order_info.html?code=312024022900393 HTTP/1.1" 200 23978
120.253.135.82 - - [29/Feb/2024:06:36:43 +0800] "GET /xingrg/javascript/easyui/themes/default/validatebox.css HTTP/1.1" 404 1104
120.253.135.82 - - [29/Feb/2024:06:36:44 +0800] "POST /xingrg/kc/pszx/mdps_order_operate.html HTTP/1.1" 200 6339
222.70.245.42 - - [29/Feb/2024:06:36:44 +0800] "GET /xingrg/check_reg.html?_=1709159817699 HTTP/1.1" 200 22
120.253.135.82 - - [29/Feb/2024:06:36:48 +0800] "POST /xingrg/kc/pszx/mdps_order_operate.html HTTP/1.1" 200 37
120.253.135.82 - - [29/Feb/2024:06:36:49 +0800] "GET /xingrg/kc/pszx/mdps_order_info.html?code=312024022900393 HTTP/1.1" 200 23978
120.253.135.82 - - [29/Feb/2024:06:36:50 +0800] "GET /xingrg/javascript/easyui/themes/default/validatebox.css HTTP/1.1" 404 1104
120.253.135.82 - - [29/Feb/2024:06:36:50 +0800] "POST /xingrg/kc/pszx/mdps_order_operate.html HTTP/1.1" 200 6408
58.40.7.146 - - [29/Feb/2024:06:36:59 +0800] "GET /xingrg/all/function/internal_message.html?_=1709159818998&CODE_STATE=getMsg HTTP/1.1" 200 27
120.253.135.82 - - [29/Feb/2024:06:37:06 +0800] "GET /xingrg/all/function/internal_message.html?_=1709159661606&CODE_STATE=getMsg HTTP/1.1" 200 27
116.228.172.94 - - [29/Feb/2024:06:37:23 +0800] "GET /xingrg/all/function/internal_message.html?_=1709159569924&CODE_STATE=getMsg HTTP/1.1" 200 27
124.78.67.200 - - [29/Feb/2024:06:37:24 +0800] "GET /xingrg/all/function/internal_message.html?_=1709159844864&CODE_STATE=getMsg HTTP/1.1" 200 27
180.164.1.25 - - [29/Feb/2024:06:37:25 +0800] "GET /xingrg/all/function/internal_message.html?_=1709159844592&CODE_STATE=getMsg HTTP/1.1" 200 27
116.224.254.208 - - [29/Feb/2024:06:37:27 +0800] "GET /xingrg/all/function/internal_message.html?_=1709159847722&CODE_STATE=getMsg HTTP/1.1" 200 27
221.239.172.101 - - [29/Feb/2024:06:37:33 +0800] "GET /xingrg/all/function/internal_message.html?_=1709159852064&CODE_STATE=getMsg HTTP/1.1" 200 27
222.70.245.42 - - [29/Feb/2024:06:37:35 +0800] "GET /xingrg/all/function/internal_message.html?_=1709159868724&CODE_STATE=getMsg HTTP/1.1" 200 27
120.253.135.82 - - [29/Feb/2024:06:37:51 +0800] "GET /xingrg/check_reg.html?_=1709159706769 HTTP/1.1" 200 22
58.40.7.146 - - [29/Feb/2024:06:37:59 +0800] "GET /xingrg/all/function/internal_message.html?_=1709159879001&CODE_STATE=getMsg HTTP/1.1" 200 27
120.253.135.82 - - [29/Feb/2024:06:38:06 +0800] "GET /xingrg/all/function/internal_message.html?_=1709159721621&CODE_STATE=getMsg HTTP/1.1" 200 27
116.228.172.94 - - [29/Feb/2024:06:38:23 +0800] "GET /xingrg/all/function/internal_message.html?_=1709159629921&CODE_STATE=getMsg HTTP/1.1" 200 27
124.78.67.200 - - [29/Feb/2024:06:38:24 +0800] "GET /xingrg/all/function/internal_message.html?_=1709159904844&CODE_STATE=getMsg HTTP/1.1" 200 27
180.164.1.25 - - [29/Feb/2024:06:38:25 +0800] "GET /xingrg/all/function/internal_message.html?_=1709159904583&CODE_STATE=getMsg HTTP/1.1" 200 27
116.224.254.208 - - [29/Feb/2024:06:38:27 +0800] "GET /xingrg/all/function/internal_message.html?_=1709159907711&CODE_STATE=getMsg HTTP/1.1" 200 27
221.239.172.101 - - [29/Feb/2024:06:38:33 +0800] "GET /xingrg/all/function/internal_message.html?_=1709159912044&CODE_STATE=getMsg HTTP/1.1" 200 27
222.70.245.42 - - [29/Feb/2024:06:38:35 +0800] "GET /xingrg/all/function/internal_message.html?_=1709159928738&CODE_STATE=getMsg HTTP/1.1" 200 27
101.83.145.37 - - [29/Feb/2024:06:38:54 +0800] "POST /xingrg/services/DataTransmitService HTTP/1.1" 200 524
58.40.7.146 - - [29/Feb/2024:06:38:59 +0800] "GET /xingrg/all/function/internal_message.html?_=1709159939003&CODE_STATE=getMsg HTTP/1.1" 200 27
120.253.135.82 - - [29/Feb/2024:06:39:06 +0800] "GET /xingrg/all/function/internal_message.html?_=1709159781634&CODE_STATE=getMsg HTTP/1.1" 200 27
116.228.172.94 - - [29/Feb/2024:06:39:23 +0800] "GET /xingrg/check_reg.html?_=1709159689925 HTTP/1.1" 200 22
116.228.172.94 - - [29/Feb/2024:06:39:23 +0800] "GET /xingrg/all/function/internal_message.html?_=1709159689927&CODE_STATE=getMsg HTTP/1.1" 200 27
124.78.67.200 - - [29/Feb/2024:06:39:24 +0800] "GET /xingrg/all/function/internal_message.html?_=1709159964822&CODE_STATE=getMsg HTTP/1.1" 200 27
180.164.1.25 - - [29/Feb/2024:06:39:25 +0800] "GET /xingrg/all/function/internal_message.html?_=1709159964575&CODE_STATE=getMsg HTTP/1.1" 200 27
116.224.254.208 - - [29/Feb/2024:06:39:27 +0800] "GET /xingrg/all/function/internal_message.html?_=1709159967714&CODE_STATE=getMsg HTTP/1.1" 200 27
116.224.254.208 - - [29/Feb/2024:06:39:27 +0800] "GET /xingrg/check_reg.html?_=1709159967715 HTTP/1.1" 200 22
221.239.172.101 - - [29/Feb/2024:06:39:33 +0800] "GET /xingrg/all/function/internal_message.html?_=1709159972030&CODE_STATE=getMsg HTTP/1.1" 200 27
180.164.1.25 - - [29/Feb/2024:06:39:35 +0800] "GET /xingrg/check_reg.html?_=1709159974433 HTTP/1.1" 200 22
222.70.245.42 - - [29/Feb/2024:06:39:35 +0800] "GET /xingrg/all/function/internal_message.html?_=1709159989074&CODE_STATE=getMsg HTTP/1.1" 200 27
221.239.172.101 - - [29/Feb/2024:06:39:43 +0800] "GET /xingrg/check_reg.html?_=1709159982282 HTTP/1.1" 200 22
58.40.7.146 - - [29/Feb/2024:06:39:59 +0800] "GET /xingrg/all/function/internal_message.html?_=1709159998989&CODE_STATE=getMsg HTTP/1.1" 200 27
120.253.135.82 - - [29/Feb/2024:06:40:06 +0800] "GET /xingrg/all/function/internal_message.html?_=1709159841697&CODE_STATE=getMsg HTTP/1.1" 200 27
124.78.67.200 - - [29/Feb/2024:06:40:20 +0800] "GET /xingrg/check_reg.html?_=1709160020601 HTTP/1.1" 200 22
116.228.172.94 - - [29/Feb/2024:06:40:23 +0800] "GET /xingrg/all/function/internal_message.html?_=1709159749916&CODE_STATE=getMsg HTTP/1.1" 200 27
124.78.67.200 - - [29/Feb/2024:06:40:24 +0800] "GET /xingrg/all/function/internal_message.html?_=1709160024809&CODE_STATE=getMsg HTTP/1.1" 200 27
180.164.1.25 - - [29/Feb/2024:06:40:25 +0800] "GET /xingrg/all/function/internal_message.html?_=1709160024551&CODE_STATE=getMsg HTTP/1.1" 200 27
116.224.254.208 - - [29/Feb/2024:06:40:27 +0800] "GET /xingrg/all/function/internal_message.html?_=1709160027717&CODE_STATE=getMsg HTTP/1.1" 200 27
221.239.172.101 - - [29/Feb/2024:06:40:33 +0800] "GET /xingrg/all/function/internal_message.html?_=1709160032001&CODE_STATE=getMsg HTTP/1.1" 200 27
222.70.245.42 - - [29/Feb/2024:06:40:35 +0800] "GET /xingrg/all/function/internal_message.html?_=1709160049080&CODE_STATE=getMsg HTTP/1.1" 200 27
58.40.7.146 - - [29/Feb/2024:06:40:59 +0800] "GET /xingrg/all/function/internal_message.html?_=1709160058989&CODE_STATE=getMsg HTTP/1.1" 200 27
58.40.7.146 - - [29/Feb/2024:06:40:59 +0800] "GET /xingrg/check_reg.html?_=1709160058991 HTTP/1.1" 200 22
120.253.135.82 - - [29/Feb/2024:06:41:06 +0800] "GET /xingrg/all/function/internal_message.html?_=1709159901708&CODE_STATE=getMsg HTTP/1.1" 200 27
116.228.172.94 - - [29/Feb/2024:06:41:23 +0800] "GET /xingrg/all/function/internal_message.html?_=1709159809906&CODE_STATE=getMsg HTTP/1.1" 200 27
124.78.67.200 - - [29/Feb/2024:06:41:24 +0800] "GET /xingrg/all/function/internal_message.html?_=1709160084791&CODE_STATE=getMsg HTTP/1.1" 200 27
180.164.1.25 - - [29/Feb/2024:06:41:25 +0800] "GET /xingrg/all/function/internal_message.html?_=1709160084543&CODE_STATE=getMsg HTTP/1.1" 200 27
116.224.254.208 - - [29/Feb/2024:06:41:27 +0800] "GET /xingrg/all/function/internal_message.html?_=1709160087706&CODE_STATE=getMsg HTTP/1.1" 200 27
221.239.172.101 - - [29/Feb/2024:06:41:33 +0800] "GET /xingrg/all/function/internal_message.html?_=1709160091991&CODE_STATE=getMsg HTTP/1.1" 200 27
222.70.245.42 - - [29/Feb/2024:06:41:36 +0800] "GET /xingrg/all/function/internal_message.html?_=1709160109408&CODE_STATE=getMsg HTTP/1.1" 200 27
222.70.245.42 - - [29/Feb/2024:06:41:44 +0800] "GET /xingrg/check_reg.html?_=1709160117708 HTTP/1.1" 200 22
58.40.7.146 - - [29/Feb/2024:06:41:59 +0800] "GET /xingrg/all/function/internal_message.html?_=1709160118993&CODE_STATE=getMsg HTTP/1.1" 200 27
120.253.135.82 - - [29/Feb/2024:06:42:06 +0800] "GET /xingrg/all/function/internal_message.html?_=1709159961774&CODE_STATE=getMsg HTTP/1.1" 200 27
116.228.172.94 - - [29/Feb/2024:06:42:23 +0800] "GET /xingrg/all/function/internal_message.html?_=1709159869917&CODE_STATE=getMsg HTTP/1.1" 200 27
124.78.67.200 - - [29/Feb/2024:06:42:24 +0800] "GET /xingrg/all/function/internal_message.html?_=1709160144771&CODE_STATE=getMsg HTTP/1.1" 200 27
180.164.1.25 - - [29/Feb/2024:06:42:25 +0800] "GET /xingrg/all/function/internal_message.html?_=1709160144515&CODE_STATE=getMsg HTTP/1.1" 200 27
116.224.254.208 - - [29/Feb/2024:06:42:27 +0800] "GET /xingrg/all/function/internal_message.html?_=1709160147724&CODE_STATE=getMsg HTTP/1.1" 200 27
221.239.172.101 - - [29/Feb/2024:06:42:33 +0800] "GET /xingrg/all/function/internal_message.html?_=1709160151970&CODE_STATE=getMsg HTTP/1.1" 200 27
222.70.245.42 - - [29/Feb/2024:06:42:36 +0800] "GET /xingrg/all/function/internal_message.html?_=1709160169416&CODE_STATE=getMsg HTTP/1.1" 200 27
120.253.135.82 - - [29/Feb/2024:06:42:51 +0800] "GET /xingrg/check_reg.html?_=1709160006779 HTTP/1.1" 200 22
58.40.7.146 - - [29/Feb/2024:06:42:59 +0800] "GET /xingrg/all/function/internal_message.html?_=1709160178996&CODE_STATE=getMsg HTTP/1.1" 200 27
120.253.135.82 - - [29/Feb/2024:06:43:06 +0800] "GET /xingrg/all/function/internal_message.html?_=1709160021782&CODE_STATE=getMsg HTTP/1.1" 200 27
116.228.172.94 - - [29/Feb/2024:06:43:23 +0800] "GET /xingrg/all/function/internal_message.html?_=1709159929910&CODE_STATE=getMsg HTTP/1.1" 200 27
124.78.67.200 - - [29/Feb/2024:06:43:24 +0800] "GET /xingrg/all/function/internal_message.html?_=1709160204758&CODE_STATE=getMsg HTTP/1.1" 200 27
116.224.254.208 - - [29/Feb/2024:06:43:24 +0800] "POST /xingrg/services/DataTransmitService HTTP/1.1" 200 524
180.164.1.25 - - [29/Feb/2024:06:43:25 +0800] "GET /xingrg/all/function/internal_message.html?_=1709160204513&CODE_STATE=getMsg HTTP/1.1" 200 27
116.224.254.208 - - [29/Feb/2024:06:43:27 +0800] "GET /xingrg/all/function/internal_message.html?_=1709160207722&CODE_STATE=getMsg HTTP/1.1" 200 27
221.239.172.101 - - [29/Feb/2024:06:43:33 +0800] "GET /xingrg/all/function/internal_message.html?_=1709160211954&CODE_STATE=getMsg HTTP/1.1" 200 27
222.70.245.42 - - [29/Feb/2024:06:43:36 +0800] "GET /xingrg/all/function/internal_message.html?_=1709160229429&CODE_STATE=getMsg HTTP/1.1" 200 27
58.40.7.146 - - [29/Feb/2024:06:43:59 +0800] "GET /xingrg/all/function/internal_message.html?_=1709160238997&CODE_STATE=getMsg HTTP/1.1" 200 27
120.253.135.82 - - [29/Feb/2024:06:44:06 +0800] "GET /xingrg/all/function/internal_message.html?_=1709160081795&CODE_STATE=getMsg HTTP/1.1" 200 27
116.228.172.94 - - [29/Feb/2024:06:44:23 +0800] "GET /xingrg/all/function/internal_message.html?_=1709159989918&CODE_STATE=getMsg HTTP/1.1" 200 27
116.228.172.94 - - [29/Feb/2024:06:44:23 +0800] "GET /xingrg/check_reg.html?_=1709159989921 HTTP/1.1" 200 22
124.78.67.200 - - [29/Feb/2024:06:44:24 +0800] "GET /xingrg/all/function/internal_message.html?_=1709160264735&CODE_STATE=getMsg HTTP/1.1" 200 27
180.164.1.25 - - [29/Feb/2024:06:44:25 +0800] "GET /xingrg/all/function/internal_message.html?_=1709160264515&CODE_STATE=getMsg HTTP/1.1" 200 27
116.224.254.208 - - [29/Feb/2024:06:44:27 +0800] "GET /xingrg/check_reg.html?_=1709160267721 HTTP/1.1" 200 22
116.224.254.208 - - [29/Feb/2024:06:44:27 +0800] "GET /xingrg/all/function/internal_message.html?_=1709160267725&CODE_STATE=getMsg HTTP/1.1" 200 27
221.239.172.101 - - [29/Feb/2024:06:44:33 +0800] "GET /xingrg/all/function/internal_message.html?_=1709160271944&CODE_STATE=getMsg HTTP/1.1" 200 27
180.164.1.25 - - [29/Feb/2024:06:44:35 +0800] "GET /xingrg/check_reg.html?_=1709160274425 HTTP/1.1" 200 22
222.70.245.42 - - [29/Feb/2024:06:44:36 +0800] "GET /xingrg/all/function/internal_message.html?_=1709160289695&CODE_STATE=getMsg HTTP/1.1" 200 27
221.239.172.101 - - [29/Feb/2024:06:44:43 +0800] "GET /xingrg/check_reg.html?_=1709160282263 HTTP/1.1" 200 22
58.40.7.146 - - [29/Feb/2024:06:44:59 +0800] "GET /xingrg/all/function/internal_message.html?_=1709160299001&CODE_STATE=getMsg HTTP/1.1" 200 27
120.253.135.82 - - [29/Feb/2024:06:45:06 +0800] "GET /xingrg/all/function/internal_message.html?_=1709160141810&CODE_STATE=getMsg HTTP/1.1" 200 27
124.78.67.200 - - [29/Feb/2024:06:45:20 +0800] "GET /xingrg/check_reg.html?_=1709160320591 HTTP/1.1" 200 22
116.228.172.94 - - [29/Feb/2024:06:45:23 +0800] "GET /xingrg/all/function/internal_message.html?_=1709160049909&CODE_STATE=getMsg HTTP/1.1" 200 27
124.78.67.200 - - [29/Feb/2024:06:45:24 +0800] "GET /xingrg/all/function/internal_message.html?_=1709160324721&CODE_STATE=getMsg HTTP/1.1" 200 27
180.164.1.25 - - [29/Feb/2024:06:45:25 +0800] "GET /xingrg/all/function/internal_message.html?_=1709160324497&CODE_STATE=getMsg HTTP/1.1" 200 27
116.224.254.208 - - [29/Feb/2024:06:45:27 +0800] "GET /xingrg/all/function/internal_message.html?_=1709160327722&CODE_STATE=getMsg HTTP/1.1" 200 27
221.239.172.101 - - [29/Feb/2024:06:45:33 +0800] "GET /xingrg/all/function/internal_message.html?_=1709160331920&CODE_STATE=getMsg HTTP/1.1" 200 27
222.70.245.42 - - [29/Feb/2024:06:45:36 +0800] "GET /xingrg/all/function/internal_message.html?_=1709160349705&CODE_STATE=getMsg HTTP/1.1" 200 27
58.40.7.146 - - [29/Feb/2024:06:45:59 +0800] "GET /xingrg/check_reg.html?_=1709160359003 HTTP/1.1" 200 22
58.40.7.146 - - [29/Feb/2024:06:45:59 +0800] "GET /xingrg/all/function/internal_message.html?_=1709160359004&CODE_STATE=getMsg HTTP/1.1" 200 27
120.253.135.82 - - [29/Feb/2024:06:46:07 +0800] "GET /xingrg/all/function/internal_message.html?_=1709160201882&CODE_STATE=getMsg HTTP/1.1" 200 27
116.228.172.94 - - [29/Feb/2024:06:46:23 +0800] "GET /xingrg/all/function/internal_message.html?_=1709160109916&CODE_STATE=getMsg HTTP/1.1" 200 27
124.78.67.200 - - [29/Feb/2024:06:46:24 +0800] "GET /xingrg/all/function/internal_message.html?_=1709160384705&CODE_STATE=getMsg HTTP/1.1" 200 27
180.164.1.25 - - [29/Feb/2024:06:46:25 +0800] "GET /xingrg/all/function/internal_message.html?_=1709160384483&CODE_STATE=getMsg HTTP/1.1" 200 27
116.224.254.208 - - [29/Feb/2024:06:46:27 +0800] "GET /xingrg/all/function/internal_message.html?_=1709160387722&CODE_STATE=getMsg HTTP/1.1" 200 27
221.239.172.101 - - [29/Feb/2024:06:46:33 +0800] "GET /xingrg/all/function/internal_message.html?_=1709160391909&CODE_STATE=getMsg HTTP/1.1" 200 27
222.70.245.42 - - [29/Feb/2024:06:46:36 +0800] "GET /xingrg/all/function/internal_message.html?_=1709160410003&CODE_STATE=getMsg HTTP/1.1" 200 27
222.70.245.42 - - [29/Feb/2024:06:46:44 +0800] "GET /xingrg/check_reg.html?_=1709160417706 HTTP/1.1" 200 22
58.40.7.146 - - [29/Feb/2024:06:46:59 +0800] "GET /xingrg/all/function/internal_message.html?_=1709160419007&CODE_STATE=getMsg HTTP/1.1" 200 27
120.253.135.82 - - [29/Feb/2024:06:47:07 +0800] "GET /xingrg/all/function/internal_message.html?_=1709160261898&CODE_STATE=getMsg HTTP/1.1" 200 27
116.228.172.94 - - [29/Feb/2024:06:47:23 +0800] "GET /xingrg/all/function/internal_message.html?_=1709160169906&CODE_STATE=getMsg HTTP/1.1" 200 27
124.78.67.200 - - [29/Feb/2024:06:47:24 +0800] "GET /xingrg/all/function/internal_message.html?_=1709160444693&CODE_STATE=getMsg HTTP/1.1" 200 27
180.164.1.25 - - [29/Feb/2024:06:47:25 +0800] "GET /xingrg/all/function/internal_message.html?_=1709160444454&CODE_STATE=getMsg HTTP/1.1" 200 27
116.224.254.208 - - [29/Feb/2024:06:47:27 +0800] "GET /xingrg/all/function/internal_message.html?_=1709160447721&CODE_STATE=getMsg HTTP/1.1" 200 27
221.239.172.101 - - [29/Feb/2024:06:47:33 +0800] "GET /xingrg/all/function/internal_message.html?_=1709160451890&CODE_STATE=getMsg HTTP/1.1" 200 27
222.70.245.42 - - [29/Feb/2024:06:47:36 +0800] "GET /xingrg/all/function/internal_message.html?_=1709160470013&CODE_STATE=getMsg HTTP/1.1" 200 27
120.253.135.82 - - [29/Feb/2024:06:47:51 +0800] "GET /xingrg/check_reg.html?_=1709160306832 HTTP/1.1" 200 22
58.40.7.146 - - [29/Feb/2024:06:47:59 +0800] "GET /xingrg/all/function/internal_message.html?_=1709160478993&CODE_STATE=getMsg HTTP/1.1" 200 27
120.253.135.82 - - [29/Feb/2024:06:48:07 +0800] "GET /xingrg/all/function/internal_message.html?_=1709160321919&CODE_STATE=getMsg HTTP/1.1" 200 27
116.228.172.94 - - [29/Feb/2024:06:48:23 +0800] "GET /xingrg/all/function/internal_message.html?_=1709160229927&CODE_STATE=getMsg HTTP/1.1" 200 27
124.78.67.200 - - [29/Feb/2024:06:48:24 +0800] "GET /xingrg/all/function/internal_message.html?_=1709160504681&CODE_STATE=getMsg HTTP/1.1" 200 27
180.164.1.25 - - [29/Feb/2024:06:48:25 +0800] "GET /xingrg/all/function/internal_message.html?_=1709160504441&CODE_STATE=getMsg HTTP/1.1" 200 27
116.224.254.208 - - [29/Feb/2024:06:48:27 +0800] "GET /xingrg/all/function/internal_message.html?_=1709160507710&CODE_STATE=getMsg HTTP/1.1" 200 27
221.239.172.101 - - [29/Feb/2024:06:48:33 +0800] "GET /xingrg/all/function/internal_message.html?_=1709160511871&CODE_STATE=getMsg HTTP/1.1" 200 27
222.70.245.42 - - [29/Feb/2024:06:48:36 +0800] "GET /xingrg/all/function/internal_message.html?_=1709160530027&CODE_STATE=getMsg HTTP/1.1" 200 27
58.40.7.146 - - [29/Feb/2024:06:48:59 +0800] "GET /xingrg/all/function/internal_message.html?_=1709160538995&CODE_STATE=getMsg HTTP/1.1" 200 27
120.253.135.82 - - [29/Feb/2024:06:49:07 +0800] "GET /xingrg/all/function/internal_message.html?_=1709160381930&CODE_STATE=getMsg HTTP/1.1" 200 27
116.228.172.94 - - [29/Feb/2024:06:49:23 +0800] "GET /xingrg/check_reg.html?_=1709160289915 HTTP/1.1" 200 22
116.228.172.94 - - [29/Feb/2024:06:49:23 +0800] "GET /xingrg/all/function/internal_message.html?_=1709160289919&CODE_STATE=getMsg HTTP/1.1" 200 27
124.78.67.200 - - [29/Feb/2024:06:49:24 +0800] "GET /xingrg/all/function/internal_message.html?_=1709160564664&CODE_STATE=getMsg HTTP/1.1" 200 27
180.164.1.25 - - [29/Feb/2024:06:49:25 +0800] "GET /xingrg/all/function/internal_message.html?_=1709160564415&CODE_STATE=getMsg HTTP/1.1" 200 27
116.224.254.208 - - [29/Feb/2024:06:49:27 +0800] "GET /xingrg/all/function/internal_message.html?_=1709160567723&CODE_STATE=getMsg HTTP/1.1" 200 27
116.224.254.208 - - [29/Feb/2024:06:49:27 +0800] "GET /xingrg/check_reg.html?_=1709160567726 HTTP/1.1" 200 22
221.239.172.101 - - [29/Feb/2024:06:49:33 +0800] "GET /xingrg/all/function/internal_message.html?_=1709160571857&CODE_STATE=getMsg HTTP/1.1" 200 27
180.164.1.25 - - [29/Feb/2024:06:49:35 +0800] "GET /xingrg/check_reg.html?_=1709160574431 HTTP/1.1" 200 22
222.70.245.42 - - [29/Feb/2024:06:49:37 +0800] "GET /xingrg/all/function/internal_message.html?_=1709160590282&CODE_STATE=getMsg HTTP/1.1" 200 27
221.239.172.101 - - [29/Feb/2024:06:49:43 +0800] "GET /xingrg/check_reg.html?_=1709160582251 HTTP/1.1" 200 22
58.40.7.146 - - [29/Feb/2024:06:49:59 +0800] "GET /xingrg/all/function/internal_message.html?_=1709160598996&CODE_STATE=getMsg HTTP/1.1" 200 27
120.253.135.82 - - [29/Feb/2024:06:50:07 +0800] "GET /xingrg/all/function/internal_message.html?_=1709160442000&CODE_STATE=getMsg HTTP/1.1" 200 27
124.78.67.200 - - [29/Feb/2024:06:50:20 +0800] "GET /xingrg/check_reg.html?_=1709160620590 HTTP/1.1" 200 22
116.228.172.94 - - [29/Feb/2024:06:50:23 +0800] "GET /xingrg/all/function/internal_message.html?_=1709160349916&CODE_STATE=getMsg HTTP/1.1" 200 27
124.78.67.200 - - [29/Feb/2024:06:50:24 +0800] "GET /xingrg/all/function/internal_message.html?_=1709160624651&CODE_STATE=getMsg HTTP/1.1" 200 27
180.164.1.25 - - [29/Feb/2024:06:50:25 +0800] "GET /xingrg/all/function/internal_message.html?_=1709160624398&CODE_STATE=getMsg HTTP/1.1" 200 27
116.224.254.208 - - [29/Feb/2024:06:50:27 +0800] "GET /xingrg/all/function/internal_message.html?_=1709160627711&CODE_STATE=getMsg HTTP/1.1" 200 27
221.239.172.101 - - [29/Feb/2024:06:50:33 +0800] "GET /xingrg/all/function/internal_message.html?_=1709160631834&CODE_STATE=getMsg HTTP/1.1" 200 27
222.70.245.42 - - [29/Feb/2024:06:50:37 +0800] "GET /xingrg/all/function/internal_message.html?_=1709160650292&CODE_STATE=getMsg HTTP/1.1" 200 27
222.64.58.76 - - [29/Feb/2024:06:50:39 +0800] "POST /xingrg/services/DataTransmitService HTTP/1.1" 200 524
222.64.58.76 - - [29/Feb/2024:06:50:40 +0800] "POST /xingrg/services/DataTransmitService HTTP/1.1" 200 501
58.40.7.146 - - [29/Feb/2024:06:50:59 +0800] "GET /xingrg/all/function/internal_message.html?_=1709160659000&CODE_STATE=getMsg HTTP/1.1" 200 27
58.40.7.146 - - [29/Feb/2024:06:50:59 +0800] "GET /xingrg/check_reg.html?_=1709160659001 HTTP/1.1" 200 22
120.253.135.82 - - [29/Feb/2024:06:51:07 +0800] "GET /xingrg/all/function/internal_message.html?_=1709160501999&CODE_STATE=getMsg HTTP/1.1" 200 27
116.228.172.94 - - [29/Feb/2024:06:51:23 +0800] "GET /xingrg/all/function/internal_message.html?_=1709160409909&CODE_STATE=getMsg HTTP/1.1" 200 27
124.78.67.200 - - [29/Feb/2024:06:51:24 +0800] "GET /xingrg/all/function/internal_message.html?_=1709160684641&CODE_STATE=getMsg HTTP/1.1" 200 27
180.164.1.25 - - [29/Feb/2024:06:51:25 +0800] "GET /xingrg/all/function/internal_message.html?_=1709160684384&CODE_STATE=getMsg HTTP/1.1" 200 27
116.224.254.208 - - [29/Feb/2024:06:51:27 +0800] "GET /xingrg/all/function/internal_message.html?_=1709160687705&CODE_STATE=getMsg HTTP/1.1" 200 27
221.239.172.101 - - [29/Feb/2024:06:51:33 +0800] "GET /xingrg/all/function/internal_message.html?_=1709160691818&CODE_STATE=getMsg HTTP/1.1" 200 27
222.70.245.42 - - [29/Feb/2024:06:51:37 +0800] "GET /xingrg/all/function/internal_message.html?_=1709160710595&CODE_STATE=getMsg HTTP/1.1" 200 27
222.70.245.42 - - [29/Feb/2024:06:51:44 +0800] "GET /xingrg/check_reg.html?_=1709160717714 HTTP/1.1" 200 22
58.40.7.146 - - [29/Feb/2024:06:51:59 +0800] "GET /xingrg/all/function/internal_message.html?_=1709160719003&CODE_STATE=getMsg HTTP/1.1" 200 27
120.253.135.82 - - [29/Feb/2024:06:52:07 +0800] "GET /xingrg/all/function/internal_message.html?_=1709160562083&CODE_STATE=getMsg HTTP/1.1" 200 27
116.228.172.94 - - [29/Feb/2024:06:52:23 +0800] "GET /xingrg/all/function/internal_message.html?_=1709160469918&CODE_STATE=getMsg HTTP/1.1" 200 27
124.78.67.200 - - [29/Feb/2024:06:52:24 +0800] "GET /xingrg/all/function/internal_message.html?_=1709160744625&CODE_STATE=getMsg HTTP/1.1" 200 27
180.164.1.25 - - [29/Feb/2024:06:52:25 +0800] "GET /xingrg/all/function/internal_message.html?_=1709160744366&CODE_STATE=getMsg HTTP/1.1" 200 27
116.224.254.208 - - [29/Feb/2024:06:52:27 +0800] "GET /xingrg/all/function/internal_message.html?_=1709160747708&CODE_STATE=getMsg HTTP/1.1" 200 27
221.239.172.101 - - [29/Feb/2024:06:52:33 +0800] "GET /xingrg/all/function/internal_message.html?_=1709160751802&CODE_STATE=getMsg HTTP/1.1" 200 27
222.70.245.42 - - [29/Feb/2024:06:52:37 +0800] "GET /xingrg/all/function/internal_message.html?_=1709160770612&CODE_STATE=getMsg HTTP/1.1" 200 27
120.253.135.82 - - [29/Feb/2024:06:52:51 +0800] "GET /xingrg/check_reg.html?_=1709160606834 HTTP/1.1" 200 22
58.40.7.146 - - [29/Feb/2024:06:52:59 +0800] "GET /xingrg/all/function/internal_message.html?_=1709160779006&CODE_STATE=getMsg HTTP/1.1" 200 27
120.253.135.82 - - [29/Feb/2024:06:53:07 +0800] "GET /xingrg/all/function/internal_message.html?_=1709160622098&CODE_STATE=getMsg HTTP/1.1" 200 27
116.228.172.94 - - [29/Feb/2024:06:53:23 +0800] "GET /xingrg/all/function/internal_message.html?_=1709160529911&CODE_STATE=getMsg HTTP/1.1" 200 27
124.78.67.200 - - [29/Feb/2024:06:53:24 +0800] "GET /xingrg/all/function/internal_message.html?_=1709160804602&CODE_STATE=getMsg HTTP/1.1" 200 27
180.164.1.25 - - [29/Feb/2024:06:53:25 +0800] "GET /xingrg/all/function/internal_message.html?_=1709160804354&CODE_STATE=getMsg HTTP/1.1" 200 27
116.224.254.208 - - [29/Feb/2024:06:53:27 +0800] "GET /xingrg/all/function/internal_message.html?_=1709160807710&CODE_STATE=getMsg HTTP/1.1" 200 27
221.239.172.101 - - [29/Feb/2024:06:53:33 +0800] "GET /xingrg/all/function/internal_message.html?_=1709160811791&CODE_STATE=getMsg HTTP/1.1" 200 27
222.70.245.42 - - [29/Feb/2024:06:53:37 +0800] "GET /xingrg/all/function/internal_message.html?_=1709160830626&CODE_STATE=getMsg HTTP/1.1" 200 27
58.40.7.146 - - [29/Feb/2024:06:53:59 +0800] "GET /xingrg/all/function/internal_message.html?_=1709160839008&CODE_STATE=getMsg HTTP/1.1" 200 27
120.253.135.82 - - [29/Feb/2024:06:54:07 +0800] "GET /xingrg/all/function/internal_message.html?_=1709160682102&CODE_STATE=getMsg HTTP/1.1" 200 27
116.228.172.94 - - [29/Feb/2024:06:54:23 +0800] "GET /xingrg/all/function/internal_message.html?_=1709160589915&CODE_STATE=getMsg HTTP/1.1" 200 27
116.228.172.94 - - [29/Feb/2024:06:54:23 +0800] "GET /xingrg/check_reg.html?_=1709160589918 HTTP/1.1" 200 22
124.78.67.200 - - [29/Feb/2024:06:54:24 +0800] "GET /xingrg/all/function/internal_message.html?_=1709160864591&CODE_STATE=getMsg HTTP/1.1" 200 27
180.164.1.25 - - [29/Feb/2024:06:54:25 +0800] "GET /xingrg/all/function/internal_message.html?_=1709160864331&CODE_STATE=getMsg HTTP/1.1" 200 27
116.224.254.208 - - [29/Feb/2024:06:54:27 +0800] "GET /xingrg/all/function/internal_message.html?_=1709160867698&CODE_STATE=getMsg HTTP/1.1" 200 27
116.224.254.208 - - [29/Feb/2024:06:54:27 +0800] "GET /xingrg/check_reg.html?_=1709160867700 HTTP/1.1" 200 22
221.239.172.101 - - [29/Feb/2024:06:54:32 +0800] "GET /xingrg/all/function/internal_message.html?_=1709160871767&CODE_STATE=getMsg HTTP/1.1" 200 27
180.164.1.25 - - [29/Feb/2024:06:54:35 +0800] "GET /xingrg/check_reg.html?_=1709160874428 HTTP/1.1" 200 22
222.70.245.42 - - [29/Feb/2024:06:54:37 +0800] "GET /xingrg/all/function/internal_message.html?_=1709160890998&CODE_STATE=getMsg HTTP/1.1" 200 27
221.239.172.101 - - [29/Feb/2024:06:54:43 +0800] "GET /xingrg/check_reg.html?_=1709160882238 HTTP/1.1" 200 22
58.40.7.146 - - [29/Feb/2024:06:54:59 +0800] "GET /xingrg/all/function/internal_message.html?_=1709160898995&CODE_STATE=getMsg HTTP/1.1" 200 27
120.253.135.82 - - [29/Feb/2024:06:55:02 +0800] "GET /xingrg/kc/pszx/mdps_order_operate.html?command=get_materiel&pszx_code=00101&rest_code=00156&base_code=0010246&code=00101019848 HTTP/1.1" 200 449
180.164.1.25 - - [29/Feb/2024:06:55:04 +0800] "POST /xingrg/services/DataTransmitService HTTP/1.1" 200 524
120.253.135.82 - - [29/Feb/2024:06:55:07 +0800] "GET /xingrg/all/function/internal_message.html?_=1709160742117&CODE_STATE=getMsg HTTP/1.1" 200 27
120.253.135.82 - - [29/Feb/2024:06:55:18 +0800] "POST /xingrg/kc/pszx/mdps_order_operate.html HTTP/1.1" 200 37
124.78.67.200 - - [29/Feb/2024:06:55:20 +0800] "GET /xingrg/check_reg.html?_=1709160920580 HTTP/1.1" 200 22
120.253.135.82 - - [29/Feb/2024:06:55:21 +0800] "GET /xingrg/kc/pszx/mdps_order_info.html?code=312024022900393 HTTP/1.1" 200 23978
120.253.135.82 - - [29/Feb/2024:06:55:21 +0800] "GET /xingrg/javascript/easyui/themes/default/validatebox.css HTTP/1.1" 404 1104
120.253.135.82 - - [29/Feb/2024:06:55:22 +0800] "POST /xingrg/kc/pszx/mdps_order_operate.html HTTP/1.1" 200 6417
116.228.172.94 - - [29/Feb/2024:06:55:23 +0800] "GET /xingrg/all/function/internal_message.html?_=1709160649911&CODE_STATE=getMsg HTTP/1.1" 200 27
124.78.67.200 - - [29/Feb/2024:06:55:24 +0800] "GET /xingrg/all/function/internal_message.html?_=1709160924576&CODE_STATE=getMsg HTTP/1.1" 200 27
180.164.1.25 - - [29/Feb/2024:06:55:25 +0800] "GET /xingrg/all/function/internal_message.html?_=1709160924312&CODE_STATE=getMsg HTTP/1.1" 200 27
116.224.254.208 - - [29/Feb/2024:06:55:27 +0800] "GET /xingrg/all/function/internal_message.html?_=1709160927738&CODE_STATE=getMsg HTTP/1.1" 200 27
120.253.135.82 - - [29/Feb/2024:06:55:32 +0800] "POST /xingrg/kc/pszx/mdps_order_operate.html HTTP/1.1" 200 37
221.239.172.101 - - [29/Feb/2024:06:55:32 +0800] "GET /xingrg/all/function/internal_message.html?_=1709160931746&CODE_STATE=getMsg HTTP/1.1" 200 27
120.253.135.82 - - [29/Feb/2024:06:55:34 +0800] "GET /xingrg/kc/pszx/mdps_order_info.html?code=312024022900393 HTTP/1.1" 200 23978
120.253.135.82 - - [29/Feb/2024:06:55:35 +0800] "GET /xingrg/javascript/easyui/themes/default/validatebox.css HTTP/1.1" 404 1104
120.253.135.82 - - [29/Feb/2024:06:55:35 +0800] "POST /xingrg/kc/pszx/mdps_order_operate.html HTTP/1.1" 200 6417
222.70.245.42 - - [29/Feb/2024:06:55:37 +0800] "GET /xingrg/all/function/internal_message.html?_=1709160951011&CODE_STATE=getMsg HTTP/1.1" 200 27
58.40.7.146 - - [29/Feb/2024:06:55:59 +0800] "GET /xingrg/all/function/internal_message.html?_=1709160958997&CODE_STATE=getMsg HTTP/1.1" 200 27
58.40.7.146 - - [29/Feb/2024:06:55:59 +0800] "GET /xingrg/check_reg.html?_=1709160958998 HTTP/1.1" 200 22
120.253.135.82 - - [29/Feb/2024:06:56:07 +0800] "GET /xingrg/all/function/internal_message.html?_=1709160802129&CODE_STATE=getMsg HTTP/1.1" 200 27
116.228.172.94 - - [29/Feb/2024:06:56:23 +0800] "GET /xingrg/all/function/internal_message.html?_=1709160709928&CODE_STATE=getMsg HTTP/1.1" 200 27
124.78.67.200 - - [29/Feb/2024:06:56:24 +0800] "GET /xingrg/all/function/internal_message.html?_=1709160984554&CODE_STATE=getMsg HTTP/1.1" 200 27
180.164.1.25 - - [29/Feb/2024:06:56:25 +0800] "GET /xingrg/all/function/internal_message.html?_=1709160984289&CODE_STATE=getMsg HTTP/1.1" 200 27
116.224.254.208 - - [29/Feb/2024:06:56:27 +0800] "GET /xingrg/all/function/internal_message.html?_=1709160987730&CODE_STATE=getMsg HTTP/1.1" 200 27
221.239.172.101 - - [29/Feb/2024:06:56:32 +0800] "GET /xingrg/all/function/internal_message.html?_=1709160991719&CODE_STATE=getMsg HTTP/1.1" 200 27
120.253.135.82 - - [29/Feb/2024:06:56:34 +0800] "POST /xingrg/kc/pszx/mdps_order_operate.html HTTP/1.1" 200 37
120.253.135.82 - - [29/Feb/2024:06:56:36 +0800] "GET /xingrg/kc/pszx/mdps_order_info.html?code=312024022900393 HTTP/1.1" 200 23978
120.253.135.82 - - [29/Feb/2024:06:56:36 +0800] "GET /xingrg/javascript/easyui/themes/default/validatebox.css HTTP/1.1" 404 1104
120.253.135.82 - - [29/Feb/2024:06:56:37 +0800] "POST /xingrg/kc/pszx/mdps_order_operate.html HTTP/1.1" 200 6417
222.70.245.42 - - [29/Feb/2024:06:56:38 +0800] "GET /xingrg/all/function/internal_message.html?_=1709161011333&CODE_STATE=getMsg HTTP/1.1" 200 27
120.253.135.82 - - [29/Feb/2024:06:56:40 +0800] "POST /xingrg/kc/pszx/mdps_list_operate.html HTTP/1.1" 200 454
120.253.135.82 - - [29/Feb/2024:06:56:41 +0800] "GET /xingrg/kc/pszx/mdps_order_info.html?code=312024022900394 HTTP/1.1" 200 23978
120.253.135.82 - - [29/Feb/2024:06:56:41 +0800] "GET /xingrg/javascript/easyui/themes/default/validatebox.css HTTP/1.1" 404 1104
120.253.135.82 - - [29/Feb/2024:06:56:42 +0800] "POST /xingrg/kc/pszx/mdps_order_operate.html HTTP/1.1" 200 3759
120.253.135.82 - - [29/Feb/2024:06:56:43 +0800] "POST /xingrg/all/common/load_combo.html?type=base HTTP/1.1" 200 1169
222.70.245.42 - - [29/Feb/2024:06:56:44 +0800] "GET /xingrg/check_reg.html?_=1709161017719 HTTP/1.1" 200 22
120.253.135.82 - - [29/Feb/2024:06:56:47 +0800] "POST /xingrg/kc/pszx/mdps_order_operate.html HTTP/1.1" 200 37
120.253.135.82 - - [29/Feb/2024:06:56:48 +0800] "GET /xingrg/kc/pszx/mdps_order_info.html?code=312024022900394 HTTP/1.1" 200 23978
120.253.135.82 - - [29/Feb/2024:06:56:49 +0800] "GET /xingrg/javascript/easyui/themes/default/validatebox.css HTTP/1.1" 404 1104
120.253.135.82 - - [29/Feb/2024:06:56:49 +0800] "POST /xingrg/kc/pszx/mdps_order_operate.html HTTP/1.1" 200 3794
120.253.135.82 - - [29/Feb/2024:06:56:56 +0800] "POST /xingrg/kc/pszx/mdps_list_operate.html HTTP/1.1" 200 2063
58.40.7.146 - - [29/Feb/2024:06:56:59 +0800] "GET /xingrg/all/function/internal_message.html?_=1709161018999&CODE_STATE=getMsg HTTP/1.1" 200 27
120.253.135.82 - - [29/Feb/2024:06:56:59 +0800] "POST /xingrg/kc/pszx/mdps_list_operate.html HTTP/1.1" 200 2063
120.253.135.82 - - [29/Feb/2024:06:56:59 +0800] "GET /xingrg/kc/pszx/mdqp_order_list.html?state=10 HTTP/1.1" 200 10755
120.253.135.82 - - [29/Feb/2024:06:56:59 +0800] "GET /xingrg/dwr/interface/AjaxQqpsService.js HTTP/1.1" 200 16326
120.253.135.82 - - [29/Feb/2024:06:56:59 +0800] "GET /xingrg/dwr/interface/AjaxReportQueryService.js HTTP/1.1" 200 13203
120.253.135.82 - - [29/Feb/2024:06:56:59 +0800] "GET /xingrg/dwr/engine.js HTTP/1.1" 200 43631
120.253.135.82 - - [29/Feb/2024:06:57:02 +0800] "GET /xingrg/kc/pszx/jzcl_ps.html HTTP/1.1" 200 7683
120.253.135.82 - - [29/Feb/2024:06:57:02 +0800] "POST /xingrg/all/common/load_tree.html?tree=area_rest_tree_json HTTP/1.1" 200 3624
120.253.135.82 - - [29/Feb/2024:06:57:03 +0800] "POST /xingrg/kc/pszx/jzcl_ps_operate.html HTTP/1.1" 200 454
120.253.135.82 - - [29/Feb/2024:06:57:03 +0800] "POST /xingrg/kc/pszx/jzcl_ps_operate.html HTTP/1.1" 200 454
120.253.135.82 - - [29/Feb/2024:06:57:07 +0800] "GET /xingrg/all/function/internal_message.html?_=1709160862205&CODE_STATE=getMsg HTTP/1.1" 200 27
120.253.135.82 - - [29/Feb/2024:06:57:16 +0800] "POST /xingrg/kc/pszx/jzcl_ps_operate.html HTTP/1.1" 200 4
120.253.135.82 - - [29/Feb/2024:06:57:19 +0800] "POST /xingrg/kc/pszx/jzcl_ps_operate.html HTTP/1.1" 200 21
120.253.135.82 - - [29/Feb/2024:06:57:19 +0800] "GET /xingrg/kc/pszx/mdps_order_list.html HTTP/1.1" 200 20995
120.253.135.82 - - [29/Feb/2024:06:57:20 +0800] "POST /xingrg/kc/pszx/mdps_list_operate.html HTTP/1.1" 200 5163
116.228.172.94 - - [29/Feb/2024:06:57:23 +0800] "GET /xingrg/all/function/internal_message.html?_=1709160769921&CODE_STATE=getMsg HTTP/1.1" 200 27
124.78.67.200 - - [29/Feb/2024:06:57:24 +0800] "GET /xingrg/all/function/internal_message.html?_=1709161044538&CODE_STATE=getMsg HTTP/1.1" 200 27
180.164.1.25 - - [29/Feb/2024:06:57:25 +0800] "GET /xingrg/all/function/internal_message.html?_=1709161044269&CODE_STATE=getMsg HTTP/1.1" 200 27
116.224.254.208 - - [29/Feb/2024:06:57:27 +0800] "GET /xingrg/all/function/internal_message.html?_=1709161047744&CODE_STATE=getMsg HTTP/1.1" 200 27
120.253.135.82 - - [29/Feb/2024:06:57:28 +0800] "POST /xingrg/kc/pszx/mdps_list_operate.html HTTP/1.1" 200 868
221.239.172.101 - - [29/Feb/2024:06:57:32 +0800] "GET /xingrg/all/function/internal_message.html?_=1709161051695&CODE_STATE=getMsg HTTP/1.1" 200 27
120.253.135.82 - - [29/Feb/2024:06:57:35 +0800] "POST /xingrg/kc/pszx/mdps_list_operate.html HTTP/1.1" 200 1690
120.253.135.82 - - [29/Feb/2024:06:57:37 +0800] "POST /xingrg/kc/pszx/mdps_list_operate.html HTTP/1.1" 200 619
222.70.245.42 - - [29/Feb/2024:06:57:38 +0800] "GET /xingrg/all/function/internal_message.html?_=1709161071351&CODE_STATE=getMsg HTTP/1.1" 200 27
120.253.135.82 - - [29/Feb/2024:06:57:38 +0800] "GET /xingrg/kc/pszx/mdps_order_info.html?code=312024022900395 HTTP/1.1" 200 23976
