222.70.245.42 - - [27/Feb/2024:09:48:39 +0800] "POST /xingrg/services/DataTransmitService HTTP/1.1" 200 524
222.70.245.42 - - [27/Feb/2024:09:48:41 +0800] "POST /xingrg/services/DataTransmitService HTTP/1.1" 200 412
58.40.7.146 - - [27/Feb/2024:09:48:42 +0800] "GET /xingrg/all/function/internal_message.html?_=1708998522826&CODE_STATE=getMsg HTTP/1.1" 200 27
116.230.123.222 - - [27/Feb/2024:09:48:44 +0800] "GET /xingrg/all/function/internal_message.html?_=1708998524271&CODE_STATE=getMsg HTTP/1.1" 200 27
222.70.245.42 - - [27/Feb/2024:09:48:45 +0800] "GET /xingrg/all/function/internal_message.html?_=1708998531194&CODE_STATE=getMsg HTTP/1.1" 200 27
172.20.0.100 - - [27/Feb/2024:09:48:51 +0800] "GET /xingrg/all/function/internal_message.html?_=1708998530175&CODE_STATE=getMsg HTTP/1.1" 200 27
172.20.0.100 - - [27/Feb/2024:09:48:51 +0800] "GET /xingrg/check_reg.html?_=1708998530177 HTTP/1.1" 200 22
101.83.145.37 - - [27/Feb/2024:09:48:52 +0800] "GET /xingrg/all/function/internal_message.html?_=1708998291893&CODE_STATE=getMsg HTTP/1.1" 200 27
222.70.245.42 - - [27/Feb/2024:09:48:54 +0800] "POST /xingrg/services/DataTransmitService HTTP/1.1" 200 524
222.70.245.42 - - [27/Feb/2024:09:48:55 +0800] "POST /xingrg/services/DataTransmitService HTTP/1.1" 200 2331
116.224.254.208 - - [27/Feb/2024:09:48:57 +0800] "GET /xingrg/all/function/internal_message.html?_=1708998537311&CODE_STATE=getMsg HTTP/1.1" 200 27
120.253.135.82 - - [27/Feb/2024:09:48:58 +0800] "GET /xingrg/all/function/internal_message.html?_=1708998372438&CODE_STATE=getMsg HTTP/1.1" 200 27
222.70.245.42 - - [27/Feb/2024:09:48:58 +0800] "POST /xingrg/services/DataTransmitService HTTP/1.1" 200 524
180.169.147.146 - - [27/Feb/2024:09:48:59 +0800] "GET /xingrg/all/function/internal_message.html?_=1708998538008&CODE_STATE=getMsg HTTP/1.1" 200 27
222.70.245.42 - - [27/Feb/2024:09:48:59 +0800] "POST /xingrg/services/DataTransmitService HTTP/1.1" 200 2331
101.83.145.37 - - [27/Feb/2024:09:49:00 +0800] "GET /xingrg/all/function/internal_message.html?_=1708998541587&CODE_STATE=getMsg HTTP/1.1" 200 27
222.70.245.42 - - [27/Feb/2024:09:49:02 +0800] "POST /xingrg/services/DataTransmitService HTTP/1.1" 200 524
222.69.145.54 - - [27/Feb/2024:09:49:02 +0800] "GET /xingrg/all/function/internal_message.html?_=1708998543337&CODE_STATE=getMsg HTTP/1.1" 200 27
124.78.67.200 - - [27/Feb/2024:09:49:03 +0800] "GET /xingrg/all/function/internal_message.html?_=1708998543149&CODE_STATE=getMsg HTTP/1.1" 200 27
222.70.245.42 - - [27/Feb/2024:09:49:04 +0800] "POST /xingrg/services/DataTransmitService HTTP/1.1" 200 2331
222.70.245.42 - - [27/Feb/2024:09:49:08 +0800] "POST /xingrg/services/DataTransmitService HTTP/1.1" 200 524
222.70.245.42 - - [27/Feb/2024:09:49:10 +0800] "POST /xingrg/services/DataTransmitService HTTP/1.1" 200 412
222.70.115.1 - - [27/Feb/2024:09:49:10 +0800] "GET /xingrg/all/function/internal_message.html?_=1708998552014&CODE_STATE=getMsg HTTP/1.1" 200 27
116.224.254.208 - - [27/Feb/2024:09:49:15 +0800] "GET /xingrg/all/function/internal_message.html?_=1708998554319&CODE_STATE=getMsg HTTP/1.1" 200 27
116.224.254.208 - - [27/Feb/2024:09:49:15 +0800] "GET /xingrg/check_reg.html?_=1708998554322 HTTP/1.1" 200 22
222.70.245.42 - - [27/Feb/2024:09:49:15 +0800] "POST /xingrg/services/DataTransmitService HTTP/1.1" 200 524
222.70.245.42 - - [27/Feb/2024:09:49:17 +0800] "POST /xingrg/services/DataTransmitService HTTP/1.1" 200 2331
222.70.245.42 - - [27/Feb/2024:09:49:21 +0800] "POST /xingrg/services/DataTransmitService HTTP/1.1" 200 524
222.70.245.42 - - [27/Feb/2024:09:49:23 +0800] "POST /xingrg/services/DataTransmitService HTTP/1.1" 200 2331
222.70.245.42 - - [27/Feb/2024:09:49:25 +0800] "POST /xingrg/services/DataTransmitService HTTP/1.1" 200 524
222.70.245.42 - - [27/Feb/2024:09:49:27 +0800] "POST /xingrg/services/DataTransmitService HTTP/1.1" 200 2331
116.238.97.31 - - [27/Feb/2024:09:49:28 +0800] "GET /xingrg/all/function/internal_message.html?_=1708998569149&CODE_STATE=getMsg HTTP/1.1" 200 27
222.70.245.42 - - [27/Feb/2024:09:49:30 +0800] "POST /xingrg/services/DataTransmitService HTTP/1.1" 200 524
222.70.245.42 - - [27/Feb/2024:09:49:32 +0800] "POST /xingrg/services/DataTransmitService HTTP/1.1" 200 2331
124.78.67.200 - - [27/Feb/2024:09:49:32 +0800] "POST /xingrg/kc/buy/cgsh_order_operate.html HTTP/1.1" 200 8245
124.78.67.200 - - [27/Feb/2024:09:49:32 +0800] "GET /xingrg/javascript/easyui/themes/default/validatebox.css HTTP/1.1" 404 1104
180.164.1.25 - - [27/Feb/2024:09:49:34 +0800] "GET /xingrg/all/function/internal_message.html?_=1708998574588&CODE_STATE=getMsg HTTP/1.1" 200 27
222.70.245.42 - - [27/Feb/2024:09:49:36 +0800] "POST /xingrg/services/DataTransmitService HTTP/1.1" 200 524
222.70.245.42 - - [27/Feb/2024:09:49:37 +0800] "POST /xingrg/services/DataTransmitService HTTP/1.1" 200 412
180.171.62.200 - - [27/Feb/2024:09:49:38 +0800] "GET /xingrg/all/function/internal_message.html?_=1708998579247&CODE_STATE=getMsg HTTP/1.1" 200 27
222.70.245.42 - - [27/Feb/2024:09:49:41 +0800] "POST /xingrg/services/DataTransmitService HTTP/1.1" 200 524
222.70.245.42 - - [27/Feb/2024:09:49:42 +0800] "POST /xingrg/services/DataTransmitService HTTP/1.1" 200 412
222.70.245.42 - - [27/Feb/2024:09:49:43 +0800] "GET /xingrg/check_reg.html?_=1708998589537 HTTP/1.1" 200 22
116.230.123.222 - - [27/Feb/2024:09:49:44 +0800] "GET /xingrg/all/function/internal_message.html?_=1708998584271&CODE_STATE=getMsg HTTP/1.1" 200 27
222.70.245.42 - - [27/Feb/2024:09:49:45 +0800] "GET /xingrg/all/function/internal_message.html?_=1708998591208&CODE_STATE=getMsg HTTP/1.1" 200 27
172.20.0.100 - - [27/Feb/2024:09:49:51 +0800] "GET /xingrg/all/function/internal_message.html?_=1708998590179&CODE_STATE=getMsg HTTP/1.1" 200 27
101.83.145.37 - - [27/Feb/2024:09:49:52 +0800] "GET /xingrg/check_reg.html?_=1708998351894 HTTP/1.1" 200 22
101.83.145.37 - - [27/Feb/2024:09:49:52 +0800] "GET /xingrg/all/function/internal_message.html?_=1708998351897&CODE_STATE=getMsg HTTP/1.1" 200 27
222.69.134.8 - - [27/Feb/2024:09:49:56 +0800] "POST /xingrg/services/DataTransmitService HTTP/1.1" 200 524
116.224.254.208 - - [27/Feb/2024:09:49:57 +0800] "GET /xingrg/check_reg.html?_=1708998597302 HTTP/1.1" 200 22
116.224.254.208 - - [27/Feb/2024:09:49:57 +0800] "GET /xingrg/all/function/internal_message.html?_=1708998597305&CODE_STATE=getMsg HTTP/1.1" 200 27
120.253.135.82 - - [27/Feb/2024:09:49:58 +0800] "GET /xingrg/all/function/internal_message.html?_=1708998432457&CODE_STATE=getMsg HTTP/1.1" 200 27
180.169.147.146 - - [27/Feb/2024:09:49:59 +0800] "GET /xingrg/all/function/internal_message.html?_=1708998597991&CODE_STATE=getMsg HTTP/1.1" 200 27
180.169.147.146 - - [27/Feb/2024:09:49:59 +0800] "GET /xingrg/check_reg.html?_=1708998598207 HTTP/1.1" 200 22
101.83.145.37 - - [27/Feb/2024:09:49:59 +0800] "POST /xingrg/services/DataTransmitService HTTP/1.1" 200 524
101.83.145.37 - - [27/Feb/2024:09:50:00 +0800] "GET /xingrg/check_reg.html?_=1708998601588 HTTP/1.1" 200 22
101.83.145.37 - - [27/Feb/2024:09:50:00 +0800] "GET /xingrg/all/function/internal_message.html?_=1708998601593&CODE_STATE=getMsg HTTP/1.1" 200 27
222.69.145.54 - - [27/Feb/2024:09:50:02 +0800] "GET /xingrg/all/function/internal_message.html?_=1708998603341&CODE_STATE=getMsg HTTP/1.1" 200 27
222.69.145.54 - - [27/Feb/2024:09:50:02 +0800] "GET /xingrg/check_reg.html?_=1708998603343 HTTP/1.1" 200 22
124.78.67.200 - - [27/Feb/2024:09:50:03 +0800] "GET /xingrg/all/function/internal_message.html?_=1708998603127&CODE_STATE=getMsg HTTP/1.1" 200 27
222.70.115.1 - - [27/Feb/2024:09:50:10 +0800] "GET /xingrg/all/function/internal_message.html?_=1708998612013&CODE_STATE=getMsg HTTP/1.1" 200 27
124.78.67.200 - - [27/Feb/2024:09:50:14 +0800] "GET /xingrg/kc/buy/cgsh_order_operate.html?command=get_materiel&rest_code=00141&code=00101007181&supplier_code=00100004&order_time=2024-02-27 HTTP/1.1" 200 412
116.224.254.208 - - [27/Feb/2024:09:50:15 +0800] "GET /xingrg/all/function/internal_message.html?_=1708998614351&CODE_STATE=getMsg HTTP/1.1" 200 27
58.40.7.146 - - [27/Feb/2024:09:50:17 +0800] "GET /favicon.ico HTTP/1.1" 404 -
124.78.67.200 - - [27/Feb/2024:09:50:24 +0800] "GET /xingrg/kc/buy/cgsh_order_operate.html?command=get_materiel&rest_code=00141&code=00101007027&supplier_code=00100004&order_time=2024-02-27 HTTP/1.1" 200 427
124.78.67.200 - - [27/Feb/2024:09:50:28 +0800] "GET /xingrg/check_reg.html?_=1708998628617 HTTP/1.1" 200 22
116.238.97.31 - - [27/Feb/2024:09:50:28 +0800] "GET /xingrg/all/function/internal_message.html?_=1708998629127&CODE_STATE=getMsg HTTP/1.1" 200 27
180.164.1.25 - - [27/Feb/2024:09:50:32 +0800] "POST /xingrg/services/DataTransmitService HTTP/1.1" 200 524
180.164.1.25 - - [27/Feb/2024:09:50:34 +0800] "GET /xingrg/all/function/internal_message.html?_=1708998634579&CODE_STATE=getMsg HTTP/1.1" 200 27
180.171.62.200 - - [27/Feb/2024:09:50:38 +0800] "GET /xingrg/all/function/internal_message.html?_=1708998639249&CODE_STATE=getMsg HTTP/1.1" 200 27
124.78.67.200 - - [27/Feb/2024:09:50:39 +0800] "POST /xingrg/kc/buy/cgsh_order_operate.html HTTP/1.1" 200 37
222.70.245.42 - - [27/Feb/2024:09:50:39 +0800] "POST /xingrg/services/DataTransmitService HTTP/1.1" 200 524
222.70.245.42 - - [27/Feb/2024:09:50:41 +0800] "POST /xingrg/services/DataTransmitService HTTP/1.1" 200 2331
222.70.245.42 - - [27/Feb/2024:09:50:44 +0800] "POST /xingrg/services/DataTransmitService HTTP/1.1" 200 524
116.230.123.222 - - [27/Feb/2024:09:50:44 +0800] "GET /xingrg/all/function/internal_message.html?_=1708998644271&CODE_STATE=getMsg HTTP/1.1" 200 27
222.70.245.42 - - [27/Feb/2024:09:50:45 +0800] "GET /xingrg/all/function/internal_message.html?_=1708998651221&CODE_STATE=getMsg HTTP/1.1" 200 27
124.78.67.200 - - [27/Feb/2024:09:50:46 +0800] "POST /xingrg/kc/buy/cgsh_order_operate.html HTTP/1.1" 200 12
222.70.245.42 - - [27/Feb/2024:09:50:50 +0800] "POST /xingrg/services/DataTransmitService HTTP/1.1" 200 501
222.70.245.42 - - [27/Feb/2024:09:50:50 +0800] "POST /xingrg/services/DataTransmitService HTTP/1.1" 200 524
172.20.0.100 - - [27/Feb/2024:09:50:51 +0800] "GET /xingrg/all/function/internal_message.html?_=1708998650182&CODE_STATE=getMsg HTTP/1.1" 200 27
222.70.245.42 - - [27/Feb/2024:09:50:51 +0800] "POST /xingrg/services/DataTransmitService HTTP/1.1" 200 2331
101.83.145.37 - - [27/Feb/2024:09:50:52 +0800] "GET /xingrg/all/function/internal_message.html?_=1708998411882&CODE_STATE=getMsg HTTP/1.1" 200 27
222.70.245.42 - - [27/Feb/2024:09:50:53 +0800] "POST /xingrg/services/DataTransmitService HTTP/1.1" 200 524
222.70.245.42 - - [27/Feb/2024:09:50:54 +0800] "POST /xingrg/services/DataTransmitService HTTP/1.1" 200 2331
124.79.245.19 - - [27/Feb/2024:09:50:55 +0800] "POST /xingrg/login.do HTTP/1.1" 302 -
124.79.245.19 - - [27/Feb/2024:09:50:55 +0800] "GET /xingrg/index.html?sysBaseUrl=http%3A%2F%2F180.169.147.146%3A18081%2Fxingrg%2F&costTime=816×tamp=1708998655675 HTTP/1.1" 200 17179
124.79.245.19 - - [27/Feb/2024:09:50:55 +0800] "GET /favicon.ico HTTP/1.1" 404 -
124.79.245.19 - - [27/Feb/2024:09:50:56 +0800] "GET /xingrg/all/function/internal_message.html?_=1708998668491&CODE_STATE=count HTTP/1.1" 200 11
124.79.245.19 - - [27/Feb/2024:09:50:56 +0800] "GET /xingrg/check_reg.html?_=1708998668492 HTTP/1.1" 200 22
124.79.245.19 - - [27/Feb/2024:09:50:56 +0800] "POST /xingrg/all/common/load_tree.html?tree=area_rest_tree_json&manage=1 HTTP/1.1" 200 351
124.79.245.19 - - [27/Feb/2024:09:50:56 +0800] "POST /xingrg/load_menu.html HTTP/1.1" 200 5138
116.224.254.208 - - [27/Feb/2024:09:50:57 +0800] "GET /xingrg/all/function/internal_message.html?_=1708998657316&CODE_STATE=getMsg HTTP/1.1" 200 27
222.70.245.42 - - [27/Feb/2024:09:50:57 +0800] "POST /xingrg/services/DataTransmitService HTTP/1.1" 200 524
120.253.135.82 - - [27/Feb/2024:09:50:58 +0800] "GET /xingrg/all/function/internal_message.html?_=1708998492465&CODE_STATE=getMsg HTTP/1.1" 200 27
180.169.147.146 - - [27/Feb/2024:09:50:59 +0800] "GET /xingrg/all/function/internal_message.html?_=1708998657998&CODE_STATE=getMsg HTTP/1.1" 200 27
222.70.245.42 - - [27/Feb/2024:09:50:59 +0800] "POST /xingrg/services/DataTransmitService HTTP/1.1" 200 2331
124.79.245.19 - - [27/Feb/2024:09:51:00 +0800] "GET /xingrg/kc/buy/cgsh_order_list.html HTTP/1.1" 200 57747
101.83.145.37 - - [27/Feb/2024:09:51:00 +0800] "GET /xingrg/all/function/internal_message.html?_=1708998661577&CODE_STATE=getMsg HTTP/1.1" 200 27
124.78.67.200 - - [27/Feb/2024:09:51:01 +0800] "GET /xingrg/kc/buy/cgsh_order_info.html?code=212024022707480 HTTP/1.1" 200 68425
124.78.67.200 - - [27/Feb/2024:09:51:02 +0800] "GET /xingrg/javascript/easyui/themes/default/validatebox.css HTTP/1.1" 404 1104
222.69.145.54 - - [27/Feb/2024:09:51:02 +0800] "GET /xingrg/all/function/internal_message.html?_=1708998663334&CODE_STATE=getMsg HTTP/1.1" 200 27
222.70.245.42 - - [27/Feb/2024:09:51:02 +0800] "POST /xingrg/services/DataTransmitService HTTP/1.1" 200 524
124.78.67.200 - - [27/Feb/2024:09:51:03 +0800] "GET /xingrg/all/function/internal_message.html?_=1708998663110&CODE_STATE=getMsg HTTP/1.1" 200 27
124.78.67.200 - - [27/Feb/2024:09:51:03 +0800] "POST /xingrg/kc/buy/cgsh_order_operate.html HTTP/1.1" 200 1214
124.79.245.19 - - [27/Feb/2024:09:51:03 +0800] "POST /xingrg/kc/buy/cgsh_list_operate.html HTTP/1.1" 200 986
222.70.245.42 - - [27/Feb/2024:09:51:04 +0800] "POST /xingrg/services/DataTransmitService HTTP/1.1" 200 2331
222.70.245.42 - - [27/Feb/2024:09:51:06 +0800] "POST /xingrg/services/DataTransmitService HTTP/1.1" 200 524
124.78.67.200 - - [27/Feb/2024:09:51:07 +0800] "GET /xingrg/kc/print/load_data.html?order_code=212024022707480&kc_code=cgsh&condition= HTTP/1.1" 200 1003
222.70.245.42 - - [27/Feb/2024:09:51:08 +0800] "POST /xingrg/services/DataTransmitService HTTP/1.1" 200 412
222.70.115.1 - - [27/Feb/2024:09:51:10 +0800] "GET /xingrg/all/function/internal_message.html?_=1708998672012&CODE_STATE=getMsg HTTP/1.1" 200 27
222.70.245.42 - - [27/Feb/2024:09:51:11 +0800] "POST /xingrg/services/DataTransmitService HTTP/1.1" 200 524
222.70.245.42 - - [27/Feb/2024:09:51:12 +0800] "POST /xingrg/services/DataTransmitService HTTP/1.1" 200 2331
116.224.254.208 - - [27/Feb/2024:09:51:15 +0800] "GET /xingrg/all/function/internal_message.html?_=1708998674370&CODE_STATE=getMsg HTTP/1.1" 200 27
124.78.67.200 - - [27/Feb/2024:09:51:17 +0800] "POST /xingrg/kc/buy/cgsh_order_operate.html HTTP/1.1" 200 8245
124.78.67.200 - - [27/Feb/2024:09:51:17 +0800] "GET /xingrg/javascript/easyui/themes/default/validatebox.css HTTP/1.1" 404 1104
120.253.135.82 - - [27/Feb/2024:09:51:18 +0800] "GET /xingrg/kc/pszx/mdqp_order_list.html?state=10 HTTP/1.1" 200 10319
120.253.135.82 - - [27/Feb/2024:09:51:18 +0800] "GET /xingrg/dwr/interface/AjaxQqpsService.js HTTP/1.1" 200 16326
120.253.135.82 - - [27/Feb/2024:09:51:18 +0800] "GET /xingrg/dwr/interface/AjaxReportQueryService.js HTTP/1.1" 200 13203
120.253.135.82 - - [27/Feb/2024:09:51:18 +0800] "GET /xingrg/dwr/engine.js HTTP/1.1" 200 43631
120.253.135.82 - - [27/Feb/2024:09:51:20 +0800] "GET /xingrg/kc/pszx/mdqp_order_list.html?state=10 HTTP/1.1" 200 10319
120.253.135.82 - - [27/Feb/2024:09:51:20 +0800] "GET /xingrg/dwr/interface/AjaxQqpsService.js HTTP/1.1" 200 16326
120.253.135.82 - - [27/Feb/2024:09:51:20 +0800] "GET /xingrg/dwr/interface/AjaxReportQueryService.js HTTP/1.1" 200 13203
120.253.135.82 - - [27/Feb/2024:09:51:20 +0800] "GET /xingrg/dwr/engine.js HTTP/1.1" 200 43631
124.79.245.19 - - [27/Feb/2024:09:51:25 +0800] "GET /xingrg/kc/mdqp/qqps_order_list.html HTTP/1.1" 200 9222
124.79.245.19 - - [27/Feb/2024:09:51:25 +0800] "GET /xingrg/dwr/interface/AjaxQqpsService.js HTTP/1.1" 200 16326
124.79.245.19 - - [27/Feb/2024:09:51:25 +0800] "GET /xingrg/dwr/interface/AjaxReportQueryService.js HTTP/1.1" 200 13203
124.79.245.19 - - [27/Feb/2024:09:51:25 +0800] "GET /xingrg/dwr/engine.js HTTP/1.1" 200 43631
222.70.245.42 - - [27/Feb/2024:09:51:26 +0800] "POST /xingrg/services/DataTransmitService HTTP/1.1" 200 524
222.70.245.42 - - [27/Feb/2024:09:51:27 +0800] "POST /xingrg/services/DataTransmitService HTTP/1.1" 200 2331
124.79.245.19 - - [27/Feb/2024:09:51:28 +0800] "GET /xingrg/kc/mdqp/qqps_order_add.html HTTP/1.1" 200 28386
124.79.245.19 - - [27/Feb/2024:09:51:28 +0800] "GET /xingrg/dwr/interface/AjaxComOrderService.js HTTP/1.1" 200 18264
124.79.245.19 - - [27/Feb/2024:09:51:28 +0800] "GET /xingrg/dwr/interface/AjaxQqpsService.js HTTP/1.1" 200 16326
124.79.245.19 - - [27/Feb/2024:09:51:28 +0800] "GET /xingrg/dwr/engine.js HTTP/1.1" 200 43631
124.79.245.19 - - [27/Feb/2024:09:51:28 +0800] "GET /xingrg/words/20240227092505_words.js HTTP/1.1" 200 1013978
116.238.97.31 - - [27/Feb/2024:09:51:28 +0800] "GET /xingrg/all/function/internal_message.html?_=1708998689100&CODE_STATE=getMsg HTTP/1.1" 200 27
124.78.67.200 - - [27/Feb/2024:09:51:30 +0800] "GET /xingrg/kc/buy/cgsh_order_operate.html?command=get_materiel&rest_code=00141&code=00101007048&supplier_code=00100004&order_time=2024-02-27 HTTP/1.1" 200 408
120.253.135.82 - - [27/Feb/2024:09:51:33 +0800] "GET /xingrg/kc/report/report_main.html HTTP/1.1" 200 8599
180.164.1.25 - - [27/Feb/2024:09:51:34 +0800] "GET /xingrg/all/function/internal_message.html?_=1708998694564&CODE_STATE=getMsg HTTP/1.1" 200 27
120.253.135.82 - - [27/Feb/2024:09:51:37 +0800] "GET /xingrg/kc/base/kc_stocks.html HTTP/1.1" 200 16554
222.70.245.42 - - [27/Feb/2024:09:51:37 +0800] "POST /xingrg/services/DataTransmitService HTTP/1.1" 200 524
120.253.135.82 - - [27/Feb/2024:09:51:37 +0800] "GET /xingrg/javascript/easyui/themes/default/tree.css HTTP/1.1" 404 1090
120.253.135.82 - - [27/Feb/2024:09:51:37 +0800] "POST /xingrg/all/common/load_tree.html?tree=materiel_sort_tree_json HTTP/1.1" 200 9734
180.171.62.200 - - [27/Feb/2024:09:51:38 +0800] "GET /xingrg/check_reg.html?_=1708998699249 HTTP/1.1" 200 22
180.171.62.200 - - [27/Feb/2024:09:51:38 +0800] "GET /xingrg/all/function/internal_message.html?_=1708998699252&CODE_STATE=getMsg HTTP/1.1" 200 27
222.70.245.42 - - [27/Feb/2024:09:51:38 +0800] "POST /xingrg/services/DataTransmitService HTTP/1.1" 200 2331
120.253.135.82 - - [27/Feb/2024:09:51:38 +0800] "POST /xingrg/all/common/load_combo.html?type=base HTTP/1.1" 200 1169
116.230.123.222 - - [27/Feb/2024:09:51:44 +0800] "GET /xingrg/all/function/internal_message.html?_=1708998704271&CODE_STATE=getMsg HTTP/1.1" 200 27
120.253.135.82 - - [27/Feb/2024:09:51:45 +0800] "POST /xingrg/kc/base/stock_operate.html HTTP/1.1" 200 1736
222.70.245.42 - - [27/Feb/2024:09:51:45 +0800] "GET /xingrg/all/function/internal_message.html?_=1708998711235&CODE_STATE=getMsg HTTP/1.1" 200 27
124.79.245.19 - - [27/Feb/2024:09:51:46 +0800] "POST /xingrg/dwr/call/plaincall/AjaxQqpsService.saveOrder.dwr HTTP/1.1" 200 78
124.79.245.19 - - [27/Feb/2024:09:51:49 +0800] "GET /xingrg/javascript/auto/indicator.gif HTTP/1.1" 404 1066
222.70.245.42 - - [27/Feb/2024:09:51:49 +0800] "POST /xingrg/services/DataTransmitService HTTP/1.1" 200 524
222.70.245.42 - - [27/Feb/2024:09:51:50 +0800] "POST /xingrg/services/DataTransmitService HTTP/1.1" 200 412
172.20.0.100 - - [27/Feb/2024:09:51:51 +0800] "GET /xingrg/all/function/internal_message.html?_=1708998710169&CODE_STATE=getMsg HTTP/1.1" 200 27
222.70.245.42 - - [27/Feb/2024:09:51:52 +0800] "POST /xingrg/services/DataTransmitService HTTP/1.1" 200 524
101.83.145.37 - - [27/Feb/2024:09:51:52 +0800] "GET /xingrg/all/function/internal_message.html?_=1708998471883&CODE_STATE=getMsg HTTP/1.1" 200 27
222.70.245.42 - - [27/Feb/2024:09:51:53 +0800] "POST /xingrg/services/DataTransmitService HTTP/1.1" 200 412
124.79.245.19 - - [27/Feb/2024:09:51:56 +0800] "GET /xingrg/all/function/internal_message.html?_=1708998728499&CODE_STATE=getMsg HTTP/1.1" 200 27
116.224.254.208 - - [27/Feb/2024:09:51:57 +0800] "GET /xingrg/all/function/internal_message.html?_=1708998717317&CODE_STATE=getMsg HTTP/1.1" 200 27
120.253.135.82 - - [27/Feb/2024:09:51:57 +0800] "GET /xingrg/check_reg.html?_=1708998552011 HTTP/1.1" 200 22
120.253.135.82 - - [27/Feb/2024:09:51:58 +0800] "GET /xingrg/all/function/internal_message.html?_=1708998552480&CODE_STATE=getMsg HTTP/1.1" 200 27
180.169.147.146 - - [27/Feb/2024:09:51:59 +0800] "GET /xingrg/all/function/internal_message.html?_=1708998717988&CODE_STATE=getMsg HTTP/1.1" 200 27
120.253.135.82 - - [27/Feb/2024:09:52:00 +0800] "GET /xingrg/kc/pszx/mdqp_order_list.html?state=10 HTTP/1.1" 200 10319
120.253.135.82 - - [27/Feb/2024:09:52:00 +0800] "GET /xingrg/dwr/interface/AjaxQqpsService.js HTTP/1.1" 200 16326
120.253.135.82 - - [27/Feb/2024:09:52:00 +0800] "GET /xingrg/dwr/engine.js HTTP/1.1" 200 43631
120.253.135.82 - - [27/Feb/2024:09:52:00 +0800] "GET /xingrg/dwr/interface/AjaxReportQueryService.js HTTP/1.1" 200 13203
101.83.145.37 - - [27/Feb/2024:09:52:00 +0800] "GET /xingrg/all/function/internal_message.html?_=1708998721578&CODE_STATE=getMsg HTTP/1.1" 200 27
222.69.145.54 - - [27/Feb/2024:09:52:02 +0800] "GET /xingrg/all/function/internal_message.html?_=1708998723337&CODE_STATE=getMsg HTTP/1.1" 200 27
124.78.67.200 - - [27/Feb/2024:09:52:03 +0800] "GET /xingrg/all/function/internal_message.html?_=1708998723078&CODE_STATE=getMsg HTTP/1.1" 200 27
124.79.245.19 - - [27/Feb/2024:09:52:03 +0800] "POST /xingrg/dwr/call/plaincall/AjaxQqpsService.getMaterielByCode.dwr HTTP/1.1" 200 2715
124.78.67.200 - - [27/Feb/2024:09:52:04 +0800] "POST /xingrg/kc/buy/cgsh_order_operate.html HTTP/1.1" 200 37
222.70.245.42 - - [27/Feb/2024:09:52:06 +0800] "POST /xingrg/services/DataTransmitService HTTP/1.1" 200 524
120.253.135.82 - - [27/Feb/2024:09:52:06 +0800] "GET /xingrg/kc/pszx/mdqp_order_list.html?state=10 HTTP/1.1" 200 10319
120.253.135.82 - - [27/Feb/2024:09:52:06 +0800] "GET /xingrg/dwr/interface/AjaxReportQueryService.js HTTP/1.1" 200 13203
120.253.135.82 - - [27/Feb/2024:09:52:06 +0800] "GET /xingrg/dwr/interface/AjaxQqpsService.js HTTP/1.1" 200 16326
120.253.135.82 - - [27/Feb/2024:09:52:06 +0800] "GET /xingrg/dwr/engine.js HTTP/1.1" 200 43631
124.79.245.19 - - [27/Feb/2024:09:52:07 +0800] "POST /xingrg/dwr/call/plaincall/AjaxQqpsService.saveMaterielItem.dwr HTTP/1.1" 200 78
222.70.245.42 - - [27/Feb/2024:09:52:07 +0800] "POST /xingrg/services/DataTransmitService HTTP/1.1" 200 2331
222.70.245.42 - - [27/Feb/2024:09:52:09 +0800] "POST /xingrg/services/DataTransmitService HTTP/1.1" 200 524
222.70.115.1 - - [27/Feb/2024:09:52:10 +0800] "GET /xingrg/all/function/internal_message.html?_=1708998732010&CODE_STATE=getMsg HTTP/1.1" 200 27
124.79.245.19 - - [27/Feb/2024:09:52:10 +0800] "POST /xingrg/dwr/call/plaincall/AjaxQqpsService.checkOrder.dwr HTTP/1.1" 200 78
222.70.245.42 - - [27/Feb/2024:09:52:11 +0800] "POST /xingrg/services/DataTransmitService HTTP/1.1" 200 2331
124.79.245.19 - - [27/Feb/2024:09:52:12 +0800] "GET /xingrg/kc/mdqp/qqps_order_info.html?code=302024022700282 HTTP/1.1" 200 26789
124.79.245.19 - - [27/Feb/2024:09:52:12 +0800] "GET /xingrg/dwr/interface/AjaxComOrderService.js HTTP/1.1" 200 18264
124.79.245.19 - - [27/Feb/2024:09:52:12 +0800] "GET /xingrg/dwr/interface/AjaxQqpsService.js HTTP/1.1" 200 16326
124.79.245.19 - - [27/Feb/2024:09:52:12 +0800] "GET /xingrg/dwr/engine.js HTTP/1.1" 200 43631
124.79.245.19 - - [27/Feb/2024:09:52:13 +0800] "POST /xingrg/dwr/call/plaincall/AjaxQqpsService.loadMaterielItems.dwr HTTP/1.1" 200 362
222.70.245.42 - - [27/Feb/2024:09:52:14 +0800] "POST /xingrg/services/DataTransmitService HTTP/1.1" 200 524
116.224.254.208 - - [27/Feb/2024:09:52:15 +0800] "GET /xingrg/all/function/internal_message.html?_=1708998734383&CODE_STATE=getMsg HTTP/1.1" 200 27
124.78.67.200 - - [27/Feb/2024:09:52:15 +0800] "POST /xingrg/kc/buy/cgsh_order_operate.html HTTP/1.1" 200 12
222.70.245.42 - - [27/Feb/2024:09:52:15 +0800] "POST /xingrg/services/DataTransmitService HTTP/1.1" 200 412
222.70.245.42 - - [27/Feb/2024:09:52:18 +0800] "POST /xingrg/services/DataTransmitService HTTP/1.1" 200 524
222.70.245.42 - - [27/Feb/2024:09:52:19 +0800] "POST /xingrg/services/DataTransmitService HTTP/1.1" 200 2331
58.40.7.146 - - [27/Feb/2024:09:52:28 +0800] "POST /xingrg/services/DataTransmitService HTTP/1.1" 200 524
116.238.97.31 - - [27/Feb/2024:09:52:28 +0800] "GET /xingrg/all/function/internal_message.html?_=1708998749082&CODE_STATE=getMsg HTTP/1.1" 200 27
222.70.245.42 - - [27/Feb/2024:09:52:28 +0800] "POST /xingrg/services/DataTransmitService HTTP/1.1" 200 524
222.70.245.42 - - [27/Feb/2024:09:52:30 +0800] "POST /xingrg/services/DataTransmitService HTTP/1.1" 200 2331
180.164.1.25 - - [27/Feb/2024:09:52:34 +0800] "GET /xingrg/all/function/internal_message.html?_=1708998754554&CODE_STATE=getMsg HTTP/1.1" 200 27
180.171.62.200 - - [27/Feb/2024:09:52:38 +0800] "GET /xingrg/all/function/internal_message.html?_=1708998759237&CODE_STATE=getMsg HTTP/1.1" 200 27
116.230.123.222 - - [27/Feb/2024:09:52:44 +0800] "GET /xingrg/check_reg.html?_=1708998764271 HTTP/1.1" 200 22
116.230.123.222 - - [27/Feb/2024:09:52:44 +0800] "GET /xingrg/all/function/internal_message.html?_=1708998764274&CODE_STATE=getMsg HTTP/1.1" 200 27
222.70.245.42 - - [27/Feb/2024:09:52:45 +0800] "GET /xingrg/all/function/internal_message.html?_=1708998771537&CODE_STATE=getMsg HTTP/1.1" 200 27
172.20.0.100 - - [27/Feb/2024:09:52:51 +0800] "GET /xingrg/all/function/internal_message.html?_=1708998770171&CODE_STATE=getMsg HTTP/1.1" 200 27
101.83.145.37 - - [27/Feb/2024:09:52:52 +0800] "GET /xingrg/all/function/internal_message.html?_=1708998531883&CODE_STATE=getMsg HTTP/1.1" 200 27
222.70.245.42 - - [27/Feb/2024:09:52:53 +0800] "POST /xingrg/services/DataTransmitService HTTP/1.1" 200 524
222.70.245.42 - - [27/Feb/2024:09:52:54 +0800] "POST /xingrg/services/DataTransmitService HTTP/1.1" 200 412
222.70.245.42 - - [27/Feb/2024:09:52:56 +0800] "POST /xingrg/services/DataTransmitService HTTP/1.1" 200 524
124.79.245.19 - - [27/Feb/2024:09:52:56 +0800] "GET /xingrg/all/function/internal_message.html?_=1708998788502&CODE_STATE=getMsg HTTP/1.1" 200 27
222.70.245.42 - - [27/Feb/2024:09:52:57 +0800] "POST /xingrg/services/DataTransmitService HTTP/1.1" 200 412
116.224.254.208 - - [27/Feb/2024:09:52:57 +0800] "GET /xingrg/all/function/internal_message.html?_=1708998777312&CODE_STATE=getMsg HTTP/1.1" 200 27
120.253.135.82 - - [27/Feb/2024:09:52:58 +0800] "GET /xingrg/all/function/internal_message.html?_=1708998612508&CODE_STATE=getMsg HTTP/1.1" 200 27
180.169.147.146 - - [27/Feb/2024:09:52:59 +0800] "GET /xingrg/all/function/internal_message.html?_=1708998777996&CODE_STATE=getMsg HTTP/1.1" 200 27
101.83.145.37 - - [27/Feb/2024:09:53:00 +0800] "GET /xingrg/all/function/internal_message.html?_=1708998781579&CODE_STATE=getMsg HTTP/1.1" 200 27
222.69.145.54 - - [27/Feb/2024:09:53:02 +0800] "GET /xingrg/login.html HTTP/1.1" 200 7641
222.69.145.54 - - [27/Feb/2024:09:53:02 +0800] "GET /favicon.ico HTTP/1.1" 404 -
222.69.145.54 - - [27/Feb/2024:09:53:04 +0800] "POST /xingrg/login.do HTTP/1.1" 302 -
222.69.145.54 - - [27/Feb/2024:09:53:04 +0800] "GET /xingrg/index.html?sysBaseUrl=http%3A%2F%2F180.169.147.146%3A18081%2Fxingrg%2F&costTime=810×tamp=1708998784587 HTTP/1.1" 200 17179
222.69.145.54 - - [27/Feb/2024:09:53:04 +0800] "GET /favicon.ico HTTP/1.1" 404 -
222.69.145.54 - - [27/Feb/2024:09:53:04 +0800] "GET /xingrg/all/function/internal_message.html?_=1708998785574&CODE_STATE=count HTTP/1.1" 200 11
222.69.145.54 - - [27/Feb/2024:09:53:04 +0800] "GET /xingrg/check_reg.html?_=1708998785578 HTTP/1.1" 200 22
222.69.145.54 - - [27/Feb/2024:09:53:04 +0800] "POST /xingrg/all/common/load_tree.html?tree=area_rest_tree_json&manage=1 HTTP/1.1" 200 351
222.69.145.54 - - [27/Feb/2024:09:53:05 +0800] "POST /xingrg/load_menu.html HTTP/1.1" 200 5138
222.69.145.54 - - [27/Feb/2024:09:53:08 +0800] "GET /xingrg/kc/buy/cgsh_order_list.html HTTP/1.1" 200 57747
222.70.115.1 - - [27/Feb/2024:09:53:10 +0800] "GET /xingrg/all/function/internal_message.html?_=1708998792009&CODE_STATE=getMsg HTTP/1.1" 200 27
222.70.115.1 - - [27/Feb/2024:09:53:10 +0800] "GET /xingrg/check_reg.html?_=1708998792013 HTTP/1.1" 200 22
222.69.145.54 - - [27/Feb/2024:09:53:13 +0800] "POST /xingrg/kc/buy/cgsh_list_operate.html HTTP/1.1" 200 1853
116.224.254.208 - - [27/Feb/2024:09:53:15 +0800] "GET /xingrg/all/function/internal_message.html?_=1708998794379&CODE_STATE=getMsg HTTP/1.1" 200 27
222.70.245.42 - - [27/Feb/2024:09:53:20 +0800] "POST /xingrg/services/DataTransmitService HTTP/1.1" 200 524
222.70.245.42 - - [27/Feb/2024:09:53:21 +0800] "POST /xingrg/services/DataTransmitService HTTP/1.1" 200 2331
222.69.145.54 - - [27/Feb/2024:09:53:24 +0800] "GET /xingrg/kc/buy/cgsh_order_add.html HTTP/1.1" 200 72720
222.69.145.54 - - [27/Feb/2024:09:53:24 +0800] "GET /xingrg/words/20240227092505_words.js HTTP/1.1" 200 1013978
222.69.145.54 - - [27/Feb/2024:09:53:24 +0800] "POST /xingrg/kc/buy/cgsh_order_operate.html HTTP/1.1" 200 8245
222.69.145.54 - - [27/Feb/2024:09:53:24 +0800] "GET /xingrg/javascript/easyui/themes/default/validatebox.css HTTP/1.1" 404 1104
222.69.145.54 - - [27/Feb/2024:09:53:24 +0800] "GET /xingrg/all/common/auto_word.html?type=employee&rest_code=00154 HTTP/1.1" 200 101
222.69.145.54 - - [27/Feb/2024:09:53:24 +0800] "GET /xingrg/all/common/auto_word.html?type=employee&rest_code=00154 HTTP/1.1" 200 101
222.70.245.42 - - [27/Feb/2024:09:53:26 +0800] "POST /xingrg/services/DataTransmitService HTTP/1.1" 200 524
222.70.245.42 - - [27/Feb/2024:09:53:27 +0800] "POST /xingrg/services/DataTransmitService HTTP/1.1" 200 2331
116.238.97.31 - - [27/Feb/2024:09:53:28 +0800] "GET /xingrg/all/function/internal_message.html?_=1708998809070&CODE_STATE=getMsg HTTP/1.1" 200 27
116.238.97.31 - - [27/Feb/2024:09:53:29 +0800] "GET /xingrg/check_reg.html?_=1708998809452 HTTP/1.1" 200 22
222.70.245.42 - - [27/Feb/2024:09:53:30 +0800] "POST /xingrg/services/DataTransmitService HTTP/1.1" 200 524
222.70.245.42 - - [27/Feb/2024:09:53:31 +0800] "POST /xingrg/services/DataTransmitService HTTP/1.1" 200 412
222.70.245.42 - - [27/Feb/2024:09:53:34 +0800] "POST /xingrg/services/DataTransmitService HTTP/1.1" 200 524
180.164.1.25 - - [27/Feb/2024:09:53:34 +0800] "GET /xingrg/check_reg.html?_=1708998814531 HTTP/1.1" 200 22
180.164.1.25 - - [27/Feb/2024:09:53:34 +0800] "GET /xingrg/all/function/internal_message.html?_=1708998814536&CODE_STATE=getMsg HTTP/1.1" 200 27
222.70.245.42 - - [27/Feb/2024:09:53:35 +0800] "POST /xingrg/services/DataTransmitService HTTP/1.1" 200 412
180.171.62.200 - - [27/Feb/2024:09:53:38 +0800] "GET /xingrg/all/function/internal_message.html?_=1708998819239&CODE_STATE=getMsg HTTP/1.1" 200 27
222.69.145.54 - - [27/Feb/2024:09:53:38 +0800] "GET /xingrg/javascript/auto/indicator.gif HTTP/1.1" 404 1066
116.230.123.222 - - [27/Feb/2024:09:53:44 +0800] "GET /xingrg/all/function/internal_message.html?_=1708998824274&CODE_STATE=getMsg HTTP/1.1" 200 27
222.70.245.42 - - [27/Feb/2024:09:53:45 +0800] "GET /xingrg/all/function/internal_message.html?_=1708998831544&CODE_STATE=getMsg HTTP/1.1" 200 27
172.20.0.100 - - [27/Feb/2024:09:53:51 +0800] "GET /xingrg/all/function/internal_message.html?_=1708998830174&CODE_STATE=getMsg HTTP/1.1" 200 27
172.20.0.100 - - [27/Feb/2024:09:53:51 +0800] "GET /xingrg/check_reg.html?_=1708998830176 HTTP/1.1" 200 22
222.70.245.42 - - [27/Feb/2024:09:53:51 +0800] "POST /xingrg/services/DataTransmitService HTTP/1.1" 200 524
101.83.145.37 - - [27/Feb/2024:09:53:52 +0800] "GET /xingrg/all/function/internal_message.html?_=1708998591883&CODE_STATE=getMsg HTTP/1.1" 200 27
222.70.245.42 - - [27/Feb/2024:09:53:52 +0800] "POST /xingrg/services/DataTransmitService HTTP/1.1" 200 2331
222.70.245.42 - - [27/Feb/2024:09:53:54 +0800] "POST /xingrg/services/DataTransmitService HTTP/1.1" 200 524
222.69.145.54 - - [27/Feb/2024:09:53:54 +0800] "GET /xingrg/kc/buy/cgsh_order_operate.html?command=get_materiel&rest_code=00154&code=00101008024&supplier_code=00100417&order_time=2024-02-27 HTTP/1.1" 200 408
222.70.245.42 - - [27/Feb/2024:09:53:56 +0800] "POST /xingrg/services/DataTransmitService HTTP/1.1" 200 412
124.79.245.19 - - [27/Feb/2024:09:53:56 +0800] "GET /xingrg/all/function/internal_message.html?_=1708998848501&CODE_STATE=getMsg HTTP/1.1" 200 27
116.224.254.208 - - [27/Feb/2024:09:53:57 +0800] "GET /xingrg/all/function/internal_message.html?_=1708998837297&CODE_STATE=getMsg HTTP/1.1" 200 27
120.253.135.82 - - [27/Feb/2024:09:53:58 +0800] "GET /xingrg/all/function/internal_message.html?_=1708998672522&CODE_STATE=getMsg HTTP/1.1" 200 27
222.70.245.42 - - [27/Feb/2024:09:53:58 +0800] "POST /xingrg/services/DataTransmitService HTTP/1.1" 200 524
180.169.147.146 - - [27/Feb/2024:09:53:59 +0800] "GET /xingrg/all/function/internal_message.html?_=1708998837994&CODE_STATE=getMsg HTTP/1.1" 200 27
222.70.245.42 - - [27/Feb/2024:09:53:59 +0800] "POST /xingrg/services/DataTransmitService HTTP/1.1" 200 2331
101.83.145.37 - - [27/Feb/2024:09:54:00 +0800] "GET /xingrg/all/function/internal_message.html?_=1708998841605&CODE_STATE=getMsg HTTP/1.1" 200 27
222.70.245.42 - - [27/Feb/2024:09:54:01 +0800] "POST /xingrg/services/DataTransmitService HTTP/1.1" 200 524
124.78.67.200 - - [27/Feb/2024:09:54:03 +0800] "GET /xingrg/all/function/internal_message.html?_=1708998843088&CODE_STATE=getMsg HTTP/1.1" 200 27
124.78.67.200 - - [27/Feb/2024:09:54:03 +0800] "GET /xingrg/kc/buy/cgsh_order_info.html?code=212024022707481 HTTP/1.1" 200 68425
222.70.245.42 - - [27/Feb/2024:09:54:03 +0800] "POST /xingrg/services/DataTransmitService HTTP/1.1" 200 2331
124.78.67.200 - - [27/Feb/2024:09:54:03 +0800] "GET /xingrg/javascript/easyui/themes/default/validatebox.css HTTP/1.1" 404 1104
124.78.67.200 - - [27/Feb/2024:09:54:04 +0800] "POST /xingrg/kc/buy/cgsh_order_operate.html HTTP/1.1" 200 1800
222.69.145.54 - - [27/Feb/2024:09:54:04 +0800] "GET /xingrg/all/function/internal_message.html?_=1708998845598&CODE_STATE=getMsg HTTP/1.1" 200 27
222.70.245.42 - - [27/Feb/2024:09:54:05 +0800] "POST /xingrg/services/DataTransmitService HTTP/1.1" 200 524
222.70.245.42 - - [27/Feb/2024:09:54:06 +0800] "POST /xingrg/services/DataTransmitService HTTP/1.1" 200 2331
222.70.245.42 - - [27/Feb/2024:09:54:10 +0800] "POST /xingrg/services/DataTransmitService HTTP/1.1" 200 524
222.70.115.1 - - [27/Feb/2024:09:54:10 +0800] "GET /xingrg/all/function/internal_message.html?_=1708998852011&CODE_STATE=getMsg HTTP/1.1" 200 27
222.70.245.42 - - [27/Feb/2024:09:54:11 +0800] "POST /xingrg/services/DataTransmitService HTTP/1.1" 200 412
124.78.67.200 - - [27/Feb/2024:09:54:12 +0800] "GET /xingrg/kc/print/load_data.html?order_code=212024022707481&kc_code=cgsh&condition= HTTP/1.1" 200 1219
222.69.145.54 - - [27/Feb/2024:09:54:13 +0800] "GET /xingrg/kc/buy/cgsh_order_operate.html?command=get_materiel&rest_code=00154&code=00101008259&supplier_code=00100417&order_time=2024-02-27 HTTP/1.1" 200 408
116.224.254.208 - - [27/Feb/2024:09:54:15 +0800] "GET /xingrg/check_reg.html?_=1708998854406 HTTP/1.1" 200 22
116.224.254.208 - - [27/Feb/2024:09:54:15 +0800] "GET /xingrg/all/function/internal_message.html?_=1708998854401&CODE_STATE=getMsg HTTP/1.1" 200 27
124.78.67.200 - - [27/Feb/2024:09:54:19 +0800] "POST /xingrg/kc/buy/cgsh_order_operate.html HTTP/1.1" 200 8245
124.78.67.200 - - [27/Feb/2024:09:54:19 +0800] "GET /xingrg/javascript/easyui/themes/default/validatebox.css HTTP/1.1" 404 1104
222.69.145.54 - - [27/Feb/2024:09:54:25 +0800] "GET /xingrg/kc/buy/cgsh_order_operate.html?command=get_materiel&rest_code=00154&code=00101008300&supplier_code=00100417&order_time=2024-02-27 HTTP/1.1" 200 412
116.238.97.31 - - [27/Feb/2024:09:54:28 +0800] "GET /xingrg/all/function/internal_message.html?_=1708998869051&CODE_STATE=getMsg HTTP/1.1" 200 27
180.164.1.25 - - [27/Feb/2024:09:54:34 +0800] "GET /xingrg/all/function/internal_message.html?_=1708998874516&CODE_STATE=getMsg HTTP/1.1" 200 27
180.171.62.200 - - [27/Feb/2024:09:54:38 +0800] "GET /xingrg/all/function/internal_message.html?_=1708998879242&CODE_STATE=getMsg HTTP/1.1" 200 27
222.70.245.42 - - [27/Feb/2024:09:54:44 +0800] "GET /xingrg/check_reg.html?_=1708998889782 HTTP/1.1" 200 22
116.230.123.222 - - [27/Feb/2024:09:54:44 +0800] "GET /xingrg/all/function/internal_message.html?_=1708998884275&CODE_STATE=getMsg HTTP/1.1" 200 27
222.70.245.42 - - [27/Feb/2024:09:54:45 +0800] "GET /xingrg/all/function/internal_message.html?_=1708998891556&CODE_STATE=getMsg HTTP/1.1" 200 27
222.69.145.54 - - [27/Feb/2024:09:54:46 +0800] "GET /xingrg/kc/buy/cgsh_order_operate.html?command=get_materiel&rest_code=00154&code=00101008644&supplier_code=00100417&order_time=2024-02-27 HTTP/1.1" 200 420
172.20.0.100 - - [27/Feb/2024:09:54:51 +0800] "GET /xingrg/all/function/internal_message.html?_=1708998890177&CODE_STATE=getMsg HTTP/1.1" 200 27
101.83.145.37 - - [27/Feb/2024:09:54:52 +0800] "GET /xingrg/all/function/internal_message.html?_=1708998651883&CODE_STATE=getMsg HTTP/1.1" 200 27
101.83.145.37 - - [27/Feb/2024:09:54:52 +0800] "GET /xingrg/check_reg.html?_=1708998651886 HTTP/1.1" 200 22
124.79.245.19 - - [27/Feb/2024:09:54:56 +0800] "GET /xingrg/all/function/internal_message.html?_=1708998908499&CODE_STATE=getMsg HTTP/1.1" 200 27
116.224.254.208 - - [27/Feb/2024:09:54:57 +0800] "GET /xingrg/all/function/internal_message.html?_=1708998897306&CODE_STATE=getMsg HTTP/1.1" 200 27
116.224.254.208 - - [27/Feb/2024:09:54:57 +0800] "GET /xingrg/check_reg.html?_=1708998897309 HTTP/1.1" 200 22
222.69.145.54 - - [27/Feb/2024:09:54:57 +0800] "GET /xingrg/kc/buy/cgsh_order_operate.html?command=get_materiel&rest_code=00154&code=00101008234&supplier_code=00100417&order_time=2024-02-27 HTTP/1.1" 200 408
120.253.135.82 - - [27/Feb/2024:09:54:58 +0800] "GET /xingrg/all/function/internal_message.html?_=1708998732549&CODE_STATE=getMsg HTTP/1.1" 200 27
180.169.147.146 - - [27/Feb/2024:09:54:59 +0800] "GET /xingrg/all/function/internal_message.html?_=1708998897993&CODE_STATE=getMsg HTTP/1.1" 200 27
180.169.147.146 - - [27/Feb/2024:09:54:59 +0800] "GET /xingrg/check_reg.html?_=1708998898174 HTTP/1.1" 200 22
101.83.145.37 - - [27/Feb/2024:09:55:00 +0800] "GET /xingrg/all/function/internal_message.html?_=1708998901606&CODE_STATE=getMsg HTTP/1.1" 200 27
101.83.145.37 - - [27/Feb/2024:09:55:00 +0800] "GET /xingrg/check_reg.html?_=1708998901609 HTTP/1.1" 200 22
124.78.67.200 - - [27/Feb/2024:09:55:03 +0800] "GET /xingrg/all/function/internal_message.html?_=1708998903067&CODE_STATE=getMsg HTTP/1.1" 200 27
222.69.145.54 - - [27/Feb/2024:09:55:04 +0800] "GET /xingrg/all/function/internal_message.html?_=1708998905603&CODE_STATE=getMsg HTTP/1.1" 200 27
222.70.115.1 - - [27/Feb/2024:09:55:10 +0800] "GET /xingrg/all/function/internal_message.html?_=1708998912039&CODE_STATE=getMsg HTTP/1.1" 200 27
222.69.145.54 - - [27/Feb/2024:09:55:11 +0800] "GET /xingrg/kc/buy/cgsh_order_operate.html?command=get_materiel&rest_code=00154&code=00101008268&supplier_code=00100417&order_time=2024-02-27 HTTP/1.1" 200 408
116.224.254.208 - - [27/Feb/2024:09:55:15 +0800] "GET /xingrg/all/function/internal_message.html?_=1708998914417&CODE_STATE=getMsg HTTP/1.1" 200 27
124.78.67.200 - - [27/Feb/2024:09:55:28 +0800] "GET /xingrg/check_reg.html?_=1708998928606 HTTP/1.1" 200 22
116.238.97.31 - - [27/Feb/2024:09:55:28 +0800] "GET /xingrg/all/function/internal_message.html?_=1708998929033&CODE_STATE=getMsg HTTP/1.1" 200 27
180.164.1.25 - - [27/Feb/2024:09:55:34 +0800] "GET /xingrg/all/function/internal_message.html?_=1708998934525&CODE_STATE=getMsg HTTP/1.1" 200 27
222.69.145.54 - - [27/Feb/2024:09:55:34 +0800] "GET /xingrg/kc/buy/cgsh_order_operate.html?command=get_materiel&rest_code=00154&code=00101008298&supplier_code=00100417&order_time=2024-02-27 HTTP/1.1" 200 413
180.171.62.200 - - [27/Feb/2024:09:55:38 +0800] "GET /xingrg/all/function/internal_message.html?_=1708998939242&CODE_STATE=getMsg HTTP/1.1" 200 27
116.230.123.222 - - [27/Feb/2024:09:55:45 +0800] "GET /xingrg/all/function/internal_message.html?_=1708998944300&CODE_STATE=getMsg HTTP/1.1" 200 27
222.70.245.42 - - [27/Feb/2024:09:55:46 +0800] "GET /xingrg/all/function/internal_message.html?_=1708998951571&CODE_STATE=getMsg HTTP/1.1" 200 27
222.69.145.54 - - [27/Feb/2024:09:55:49 +0800] "GET /xingrg/kc/buy/cgsh_order_operate.html?command=get_materiel&rest_code=00154&code=00101008270&supplier_code=00100417&order_time=2024-02-27 HTTP/1.1" 200 412
172.20.0.100 - - [27/Feb/2024:09:55:51 +0800] "GET /xingrg/all/function/internal_message.html?_=1708998950179&CODE_STATE=getMsg HTTP/1.1" 200 27
101.83.145.37 - - [27/Feb/2024:09:55:52 +0800] "GET /xingrg/all/function/internal_message.html?_=1708998711886&CODE_STATE=getMsg HTTP/1.1" 200 27
124.79.245.19 - - [27/Feb/2024:09:55:56 +0800] "GET /xingrg/check_reg.html?_=1708998968497 HTTP/1.1" 200 22
124.79.245.19 - - [27/Feb/2024:09:55:56 +0800] "GET /xingrg/all/function/internal_message.html?_=1708998968498&CODE_STATE=getMsg HTTP/1.1" 200 27
116.224.254.208 - - [27/Feb/2024:09:55:57 +0800] "GET /xingrg/all/function/internal_message.html?_=1708998957296&CODE_STATE=getMsg HTTP/1.1" 200 27
120.253.135.82 - - [27/Feb/2024:09:55:58 +0800] "GET /xingrg/all/function/internal_message.html?_=1708998792564&CODE_STATE=getMsg HTTP/1.1" 200 27
180.169.147.146 - - [27/Feb/2024:09:55:59 +0800] "GET /xingrg/all/function/internal_message.html?_=1708998957994&CODE_STATE=getMsg HTTP/1.1" 200 27
222.69.145.54 - - [27/Feb/2024:09:55:59 +0800] "GET /xingrg/kc/buy/cgsh_order_operate.html?command=get_materiel&rest_code=00154&code=00101008087&supplier_code=00100417&order_time=2024-02-27 HTTP/1.1" 200 412
101.83.145.37 - - [27/Feb/2024:09:56:00 +0800] "GET /xingrg/all/function/internal_message.html?_=1708998961608&CODE_STATE=getMsg HTTP/1.1" 200 27
124.78.67.200 - - [27/Feb/2024:09:56:03 +0800] "GET /xingrg/all/function/internal_message.html?_=1708998963050&CODE_STATE=getMsg HTTP/1.1" 200 27
222.69.145.54 - - [27/Feb/2024:09:56:04 +0800] "GET /xingrg/all/function/internal_message.html?_=1708998965608&CODE_STATE=getMsg HTTP/1.1" 200 27
180.164.1.25 - - [27/Feb/2024:09:56:05 +0800] "GET /xingrg/kc/buy/cgsh_order_list.html HTTP/1.1" 200 57751
180.164.1.25 - - [27/Feb/2024:09:56:05 +0800] "GET /xingrg/css/base.css HTTP/1.1" 200 2811
180.164.1.25 - - [27/Feb/2024:09:56:05 +0800] "GET /xingrg/css/site.css HTTP/1.1" 200 7541
180.164.1.25 - - [27/Feb/2024:09:56:05 +0800] "GET /xingrg/javascript/jquery_tools/datebox.css HTTP/1.1" 200 2597
180.164.1.25 - - [27/Feb/2024:09:56:05 +0800] "GET /xingrg/javascript/easyui/themes/icon.css HTTP/1.1" 200 4483
180.164.1.25 - - [27/Feb/2024:09:56:05 +0800] "GET /xingrg/javascript/easyui/themes/default/easyui.css HTTP/1.1" 200 30432
180.164.1.25 - - [27/Feb/2024:09:56:05 +0800] "GET /xingrg/javascript/jquery_tools/fix.css HTTP/1.1" 200 1702
180.164.1.25 - - [27/Feb/2024:09:56:05 +0800] "GET /xingrg/javascript/auto/jquery.autocomplete.css HTTP/1.1" 200 587
180.164.1.25 - - [27/Feb/2024:09:56:05 +0800] "GET /xingrg/javascript/jquery_tools/table.css HTTP/1.1" 200 1032
180.164.1.25 - - [27/Feb/2024:09:56:05 +0800] "GET /xingrg/javascript/jquery_tools/jquery.tools.min.js HTTP/1.1" 200 138801
180.164.1.25 - - [27/Feb/2024:09:56:05 +0800] "GET /xingrg/javascript/jquery_tools/jquery.tools.extend.js HTTP/1.1" 200 15385
180.164.1.25 - - [27/Feb/2024:09:56:05 +0800] "GET /xingrg/javascript/jquery_tools/jquery.tools.hotkey.js HTTP/1.1" 200 3242
180.164.1.25 - - [27/Feb/2024:09:56:05 +0800] "GET /xingrg/javascript/jquery_tools/list_manager.js HTTP/1.1" 200 3652
180.164.1.25 - - [27/Feb/2024:09:56:05 +0800] "GET /xingrg/javascript/jquery_tools/jquery.tools.table.js HTTP/1.1" 200 6994
180.164.1.25 - - [27/Feb/2024:09:56:05 +0800] "GET /xingrg/javascript/auto/jquery.autocomplete.js HTTP/1.1" 200 21624
180.164.1.25 - - [27/Feb/2024:09:56:05 +0800] "GET /xingrg/javascript/easyui/easyloader.js HTTP/1.1" 200 5975
180.164.1.25 - - [27/Feb/2024:09:56:05 +0800] "GET /xingrg/javascript/jquery.utils.js HTTP/1.1" 200 11805
180.164.1.25 - - [27/Feb/2024:09:56:05 +0800] "GET /xingrg/javascript/jquery.cookie.js HTTP/1.1" 200 5513
180.164.1.25 - - [27/Feb/2024:09:56:05 +0800] "GET /xingrg/javascript/print/LodopFuncs.js HTTP/1.1" 200 5121
180.164.1.25 - - [27/Feb/2024:09:56:06 +0800] "GET /xingrg/javascript/easyui/plugins/jquery.parser.js HTTP/1.1" 200 1142
180.164.1.25 - - [27/Feb/2024:09:56:06 +0800] "GET /xingrg/images/control/ajaxLoader.gif HTTP/1.1" 200 4659
222.70.115.1 - - [27/Feb/2024:09:56:10 +0800] "GET /xingrg/all/function/internal_message.html?_=1708998972038&CODE_STATE=getMsg HTTP/1.1" 200 27
222.69.145.54 - - [27/Feb/2024:09:56:10 +0800] "GET /xingrg/kc/buy/cgsh_order_operate.html?command=get_materiel&rest_code=00154&code=00101008351&supplier_code=00100417&order_time=2024-02-27 HTTP/1.1" 200 408
116.224.254.208 - - [27/Feb/2024:09:56:15 +0800] "GET /xingrg/all/function/internal_message.html?_=1708998974426&CODE_STATE=getMsg HTTP/1.1" 200 27
180.164.1.25 - - [27/Feb/2024:09:56:16 +0800] "POST /xingrg/kc/buy/cgsh_list_operate.html HTTP/1.1" 200 3631
116.230.123.222 - - [27/Feb/2024:09:56:18 +0800] "GET /xingrg/kc/buy/cgsh_order_add.html HTTP/1.1" 200 73472
116.230.123.222 - - [27/Feb/2024:09:56:18 +0800] "GET /xingrg/words/20240227092505_words.js HTTP/1.1" 200 1013978
116.230.123.222 - - [27/Feb/2024:09:56:19 +0800] "POST /xingrg/kc/buy/cgsh_order_operate.html HTTP/1.1" 200 8245
116.230.123.222 - - [27/Feb/2024:09:56:19 +0800] "GET /xingrg/javascript/easyui/themes/default/validatebox.css HTTP/1.1" 404 1104
222.69.145.54 - - [27/Feb/2024:09:56:21 +0800] "GET /xingrg/kc/buy/cgsh_order_operate.html?command=get_materiel&rest_code=00154&code=00101015070&supplier_code=00100417&order_time=2024-02-27 HTTP/1.1" 200 413
180.164.1.25 - - [27/Feb/2024:09:56:24 +0800] "POST /xingrg/kc/buy/cgsh_list_operate.html HTTP/1.1" 200 574
180.164.1.25 - - [27/Feb/2024:09:56:26 +0800] "GET /xingrg/kc/buy/cgsh_order_info.html?code=212024022707473 HTTP/1.1" 200 73623
180.164.1.25 - - [27/Feb/2024:09:56:26 +0800] "GET /xingrg/javascript/pic_change.js HTTP/1.1" 200 4739
180.164.1.25 - - [27/Feb/2024:09:56:26 +0800] "GET /xingrg/javascript/jquery_tools/order_manager.js HTTP/1.1" 200 11183
180.164.1.25 - - [27/Feb/2024:09:56:26 +0800] "GET /xingrg/javascript/convert.js HTTP/1.1" 200 1239
180.164.1.25 - - [27/Feb/2024:09:56:26 +0800] "GET /xingrg/javascript/json2.js HTTP/1.1" 200 11259
180.164.1.25 - - [27/Feb/2024:09:56:26 +0800] "GET /xingrg/javascript/print/kc_print.js HTTP/1.1" 200 11415
180.164.1.25 - - [27/Feb/2024:09:56:26 +0800] "GET /xingrg/words/20240227092505_words.js HTTP/1.1" 200 1013978
180.164.1.25 - - [27/Feb/2024:09:56:26 +0800] "GET /xingrg/javascript/easyui/themes/default/validatebox.css HTTP/1.1" 404 1104
180.164.1.25 - - [27/Feb/2024:09:56:26 +0800] "GET /xingrg/javascript/easyui/plugins/jquery.validatebox.js HTTP/1.1" 200 6103
180.164.1.25 - - [27/Feb/2024:09:56:26 +0800] "GET /xingrg/javascript/easyui/plugins/jquery.numberbox.js HTTP/1.1" 200 5213
180.164.1.25 - - [27/Feb/2024:09:56:26 +0800] "GET /xingrg/all/common/auto_word.html?type=employee&rest_code=00108 HTTP/1.1" 200 101
180.164.1.25 - - [27/Feb/2024:09:56:26 +0800] "GET /xingrg/all/common/auto_word.html?type=employee&rest_code=00108 HTTP/1.1" 200 101
180.164.1.25 - - [27/Feb/2024:09:56:27 +0800] "POST /xingrg/kc/buy/cgsh_order_operate.html HTTP/1.1" 200 5608
116.238.97.31 - - [27/Feb/2024:09:56:28 +0800] "GET /xingrg/all/function/internal_message.html?_=1708998989007&CODE_STATE=getMsg HTTP/1.1" 200 27
222.69.145.54 - - [27/Feb/2024:09:56:31 +0800] "GET /xingrg/kc/buy/cgsh_order_operate.html?command=get_materiel&rest_code=00154&code=00101008264&supplier_code=00100417&order_time=2024-02-27 HTTP/1.1" 200 432
180.164.1.25 - - [27/Feb/2024:09:56:34 +0800] "GET /xingrg/all/function/internal_message.html?_=1708998994528&CODE_STATE=getMsg HTTP/1.1" 200 27
180.171.62.200 - - [27/Feb/2024:09:56:38 +0800] "GET /xingrg/all/function/internal_message.html?_=1708998999245&CODE_STATE=getMsg HTTP/1.1" 200 27
180.171.62.200 - - [27/Feb/2024:09:56:38 +0800] "GET /xingrg/check_reg.html?_=1708998999248 HTTP/1.1" 200 22
116.230.123.222 - - [27/Feb/2024:09:56:39 +0800] "GET /xingrg/javascript/jquery_tools/images/prev.gif HTTP/1.1" 404 1086
116.230.123.222 - - [27/Feb/2024:09:56:39 +0800] "GET /xingrg/javascript/jquery_tools/images/next.gif HTTP/1.1" 404 1086
116.230.123.222 - - [27/Feb/2024:09:56:44 +0800] "GET /xingrg/all/function/internal_message.html?_=1708999004300&CODE_STATE=getMsg HTTP/1.1" 200 27
222.70.245.42 - - [27/Feb/2024:09:56:45 +0800] "GET /xingrg/all/function/internal_message.html?_=1708999011584&CODE_STATE=getMsg HTTP/1.1" 200 27
116.230.123.222 - - [27/Feb/2024:09:56:48 +0800] "GET /xingrg/kc/buy/cgsh_order_operate.html?command=get_materiel&rest_code=00111&code=00101009044&supplier_code=00100037&order_time=2024-02-27 HTTP/1.1" 200 412
172.20.0.100 - - [27/Feb/2024:09:56:51 +0800] "GET /xingrg/all/function/internal_message.html?_=1708999010181&CODE_STATE=getMsg HTTP/1.1" 200 27
101.83.145.37 - - [27/Feb/2024:09:56:52 +0800] "GET /xingrg/all/function/internal_message.html?_=1708998771911&CODE_STATE=getMsg HTTP/1.1" 200 27
124.79.245.19 - - [27/Feb/2024:09:56:56 +0800] "GET /xingrg/all/function/internal_message.html?_=1708999028495&CODE_STATE=getMsg HTTP/1.1" 200 27
116.224.254.208 - - [27/Feb/2024:09:56:57 +0800] "GET /xingrg/all/function/internal_message.html?_=1708999017311&CODE_STATE=getMsg HTTP/1.1" 200 27
120.253.135.82 - - [27/Feb/2024:09:56:57 +0800] "GET /xingrg/check_reg.html?_=1708998852026 HTTP/1.1" 200 22
120.253.135.82 - - [27/Feb/2024:09:56:58 +0800] "GET /xingrg/all/function/internal_message.html?_=1708998852578&CODE_STATE=getMsg HTTP/1.1" 200 27
180.169.147.146 - - [27/Feb/2024:09:56:59 +0800] "GET /xingrg/all/function/internal_message.html?_=1708999017987&CODE_STATE=getMsg HTTP/1.1" 200 27
180.164.1.25 - - [27/Feb/2024:09:57:00 +0800] "POST /xingrg/kc/buy/cgsh_order_operate.html HTTP/1.1" 200 37
101.83.145.37 - - [27/Feb/2024:09:57:00 +0800] "GET /xingrg/all/function/internal_message.html?_=1708999021610&CODE_STATE=getMsg HTTP/1.1" 200 27
116.230.123.222 - - [27/Feb/2024:09:57:02 +0800] "GET /xingrg/kc/buy/cgsh_order_operate.html?command=get_materiel&rest_code=00111&code=00101009010&supplier_code=00100037&order_time=2024-02-27 HTTP/1.1" 200 416
