101.83.145.37 - - [27/Feb/2024:10:25:00 +0800] "GET /xingrg/all/function/internal_message.html?_=1709000701632&CODE_STATE=getMsg HTTP/1.1" 200 27
101.83.145.37 - - [27/Feb/2024:10:25:00 +0800] "GET /xingrg/check_reg.html?_=1709000701636 HTTP/1.1" 200 22
124.78.67.200 - - [27/Feb/2024:10:25:02 +0800] "GET /xingrg/all/function/internal_message.html?_=1709000702484&CODE_STATE=getMsg HTTP/1.1" 200 27
222.69.145.54 - - [27/Feb/2024:10:25:04 +0800] "GET /xingrg/all/function/internal_message.html?_=1709000705594&CODE_STATE=getMsg HTTP/1.1" 200 27
124.78.67.200 - - [27/Feb/2024:10:25:05 +0800] "GET /xingrg/kc/buy/cgsh_order_operate.html?command=get_materiel&rest_code=00141&code=00101008032&supplier_code=00100007&order_time=2024-02-27 HTTP/1.1" 200 409
222.70.115.1 - - [27/Feb/2024:10:25:10 +0800] "GET /xingrg/all/function/internal_message.html?_=1709000712098&CODE_STATE=getMsg HTTP/1.1" 200 27
116.224.254.208 - - [27/Feb/2024:10:25:15 +0800] "GET /xingrg/all/function/internal_message.html?_=1709000714708&CODE_STATE=getMsg HTTP/1.1" 200 27
116.224.254.208 - - [27/Feb/2024:10:25:20 +0800] "GET /xingrg/all/function/internal_message.html?_=1709000720445&CODE_STATE=getMsg HTTP/1.1" 200 27
120.253.135.82 - - [27/Feb/2024:10:25:28 +0800] "GET /xingrg/all/function/internal_message.html?_=1709000562755&CODE_STATE=getMsg HTTP/1.1" 200 27
124.78.67.200 - - [27/Feb/2024:10:25:28 +0800] "GET /xingrg/check_reg.html?_=1709000728585 HTTP/1.1" 200 22
124.78.67.200 - - [27/Feb/2024:10:25:30 +0800] "GET /xingrg/kc/buy/cgsh_order_operate.html?command=get_materiel&rest_code=00141&code=00101008370&supplier_code=00100007&order_time=2024-02-27 HTTP/1.1" 200 412
180.171.62.200 - - [27/Feb/2024:10:25:38 +0800] "GET /xingrg/all/function/internal_message.html?_=1709000739242&CODE_STATE=getMsg HTTP/1.1" 200 27
180.164.1.25 - - [27/Feb/2024:10:25:38 +0800] "GET /xingrg/all/function/internal_message.html?_=1709000738673&CODE_STATE=getMsg HTTP/1.1" 200 27
124.78.67.200 - - [27/Feb/2024:10:25:40 +0800] "GET /xingrg/kc/buy/cgsh_order_operate.html?command=get_materiel&rest_code=00141&code=00101008024&supplier_code=00100007&order_time=2024-02-27 HTTP/1.1" 200 408
116.237.72.5 - - [27/Feb/2024:10:25:43 +0800] "GET /xingrg/all/function/internal_message.html?_=1709000744925&CODE_STATE=getMsg HTTP/1.1" 200 27
116.230.123.222 - - [27/Feb/2024:10:25:44 +0800] "GET /xingrg/all/function/internal_message.html?_=1709000744338&CODE_STATE=getMsg HTTP/1.1" 200 27
222.70.245.42 - - [27/Feb/2024:10:25:47 +0800] "GET /xingrg/all/function/internal_message.html?_=1709000753260&CODE_STATE=getMsg HTTP/1.1" 200 27
172.20.0.100 - - [27/Feb/2024:10:25:51 +0800] "GET /xingrg/all/function/internal_message.html?_=1709000750171&CODE_STATE=getMsg HTTP/1.1" 200 27
101.83.145.37 - - [27/Feb/2024:10:25:52 +0800] "GET /xingrg/all/function/internal_message.html?_=1709000511934&CODE_STATE=getMsg HTTP/1.1" 200 27
124.79.245.19 - - [27/Feb/2024:10:25:56 +0800] "GET /xingrg/check_reg.html?_=1709000768519 HTTP/1.1" 200 22
124.79.245.19 - - [27/Feb/2024:10:25:56 +0800] "GET /xingrg/all/function/internal_message.html?_=1709000768520&CODE_STATE=getMsg HTTP/1.1" 200 27
180.169.147.146 - - [27/Feb/2024:10:25:56 +0800] "GET /xingrg/all/function/internal_message.html?_=1709000756652&CODE_STATE=getMsg HTTP/1.1" 200 27
180.169.147.146 - - [27/Feb/2024:10:25:56 +0800] "GET /xingrg/check_reg.html?_=1709000756659 HTTP/1.1" 200 22
180.169.147.146 - - [27/Feb/2024:10:25:59 +0800] "GET /xingrg/all/function/internal_message.html?_=1709000758065&CODE_STATE=getMsg HTTP/1.1" 200 27
101.83.145.37 - - [27/Feb/2024:10:26:00 +0800] "GET /xingrg/all/function/internal_message.html?_=1709000761637&CODE_STATE=getMsg HTTP/1.1" 200 27
124.78.67.200 - - [27/Feb/2024:10:26:02 +0800] "GET /xingrg/all/function/internal_message.html?_=1709000762462&CODE_STATE=getMsg HTTP/1.1" 200 27
222.69.145.54 - - [27/Feb/2024:10:26:04 +0800] "GET /xingrg/all/function/internal_message.html?_=1709000765591&CODE_STATE=getMsg HTTP/1.1" 200 27
124.78.67.200 - - [27/Feb/2024:10:26:07 +0800] "GET /xingrg/kc/buy/cgsh_order_operate.html?command=get_materiel&rest_code=00141&code=00101008356&supplier_code=00100007&order_time=2024-02-27 HTTP/1.1" 200 408
222.70.115.1 - - [27/Feb/2024:10:26:10 +0800] "GET /xingrg/all/function/internal_message.html?_=1709000772096&CODE_STATE=getMsg HTTP/1.1" 200 27
124.78.67.200 - - [27/Feb/2024:10:26:13 +0800] "POST /xingrg/kc/buy/cgsh_order_operate.html HTTP/1.1" 200 2065
116.237.72.5 - - [27/Feb/2024:10:26:14 +0800] "GET /xingrg/kc/buy/buy_main.html HTTP/1.1" 200 12412
116.237.72.5 - - [27/Feb/2024:10:26:14 +0800] "GET /xingrg/css/new_ie.css HTTP/1.1" 404 1036
116.224.254.208 - - [27/Feb/2024:10:26:15 +0800] "GET /xingrg/all/function/internal_message.html?_=1709000774705&CODE_STATE=getMsg HTTP/1.1" 200 27
180.164.1.25 - - [27/Feb/2024:10:26:16 +0800] "GET /xingrg/javascript/easyui/themes/default/images/button_plain_hover.png HTTP/1.1" 200 144
116.237.72.5 - - [27/Feb/2024:10:26:17 +0800] "GET /xingrg/images/yd/bt.gif HTTP/1.1" 404 1040
116.237.72.5 - - [27/Feb/2024:10:26:19 +0800] "GET /xingrg/kc/buy/cgsh_order_list.html HTTP/1.1" 200 8212
116.237.72.5 - - [27/Feb/2024:10:26:19 +0800] "GET /xingrg/kc/buy/cgsh_order_list.html HTTP/1.1" 200 57741
116.224.254.208 - - [27/Feb/2024:10:26:20 +0800] "GET /xingrg/all/function/internal_message.html?_=1709000780465&CODE_STATE=getMsg HTTP/1.1" 200 27
180.164.1.25 - - [27/Feb/2024:10:26:21 +0800] "POST /xingrg/kc/buy/cgsh_list_operate.html HTTP/1.1" 200 574
180.164.1.25 - - [27/Feb/2024:10:26:22 +0800] "GET /xingrg/kc/buy/cgsh_order_info.html?code=212024022707473 HTTP/1.1" 200 73623
180.164.1.25 - - [27/Feb/2024:10:26:22 +0800] "GET /xingrg/words/20240227092505_words.js HTTP/1.1" 304 -
180.164.1.25 - - [27/Feb/2024:10:26:23 +0800] "GET /xingrg/javascript/easyui/themes/icons/copy_new.png HTTP/1.1" 200 815
180.164.1.25 - - [27/Feb/2024:10:26:23 +0800] "GET /xingrg/javascript/easyui/themes/icons/ok.png HTTP/1.1" 200 883
180.164.1.25 - - [27/Feb/2024:10:26:23 +0800] "GET /xingrg/javascript/easyui/themes/icons/cancel.png HTTP/1.1" 200 1133
180.164.1.25 - - [27/Feb/2024:10:26:23 +0800] "GET /xingrg/javascript/easyui/themes/icons/template_new.png HTTP/1.1" 200 3956
180.164.1.25 - - [27/Feb/2024:10:26:23 +0800] "GET /xingrg/javascript/easyui/themes/default/images/menu_downarrow.png HTTP/1.1" 200 173
180.164.1.25 - - [27/Feb/2024:10:26:23 +0800] "GET /xingrg/javascript/easyui/themes/icons/print.png HTTP/1.1" 200 1057
180.164.1.25 - - [27/Feb/2024:10:26:23 +0800] "GET /xingrg/javascript/easyui/themes/default/validatebox.css HTTP/1.1" 404 1104
180.164.1.25 - - [27/Feb/2024:10:26:23 +0800] "GET /xingrg/all/common/auto_word.html?type=employee&rest_code=00108 HTTP/1.1" 200 101
180.164.1.25 - - [27/Feb/2024:10:26:23 +0800] "GET /xingrg/all/common/auto_word.html?type=employee&rest_code=00108 HTTP/1.1" 200 101
180.164.1.25 - - [27/Feb/2024:10:26:24 +0800] "POST /xingrg/kc/buy/cgsh_order_operate.html HTTP/1.1" 200 5608
180.164.1.25 - - [27/Feb/2024:10:26:24 +0800] "GET /xingrg/javascript/easyui/themes/icons/edit_remove.png HTTP/1.1" 200 625
124.78.67.200 - - [27/Feb/2024:10:26:24 +0800] "GET /xingrg/kc/buy/cgsh_order_operate.html?command=get_materiel&rest_code=00141&code=00101008301&supplier_code=00100007&order_time=2024-02-27 HTTP/1.1" 200 422
116.237.72.5 - - [27/Feb/2024:10:26:28 +0800] "POST /xingrg/kc/buy/cgsh_list_operate.html HTTP/1.1" 200 2694
120.253.135.82 - - [27/Feb/2024:10:26:28 +0800] "GET /xingrg/all/function/internal_message.html?_=1709000622814&CODE_STATE=getMsg HTTP/1.1" 200 27
180.171.62.200 - - [27/Feb/2024:10:26:38 +0800] "GET /xingrg/all/function/internal_message.html?_=1709000799242&CODE_STATE=getMsg HTTP/1.1" 200 27
180.171.62.200 - - [27/Feb/2024:10:26:38 +0800] "GET /xingrg/check_reg.html?_=1709000799247 HTTP/1.1" 200 22
180.164.1.25 - - [27/Feb/2024:10:26:38 +0800] "GET /xingrg/all/function/internal_message.html?_=1709000798673&CODE_STATE=getMsg HTTP/1.1" 200 27
180.164.1.25 - - [27/Feb/2024:10:26:40 +0800] "POST /xingrg/kc/buy/cgsh_order_operate.html HTTP/1.1" 200 37
116.237.72.5 - - [27/Feb/2024:10:26:43 +0800] "GET /xingrg/check_reg.html?_=1709000804926 HTTP/1.1" 200 22
116.237.72.5 - - [27/Feb/2024:10:26:43 +0800] "GET /xingrg/all/function/internal_message.html?_=1709000804929&CODE_STATE=getMsg HTTP/1.1" 200 27
124.78.67.200 - - [27/Feb/2024:10:26:43 +0800] "GET /xingrg/kc/buy/cgsh_order_operate.html?command=get_materiel&rest_code=00141&code=00101008251&supplier_code=00100007&order_time=2024-02-27 HTTP/1.1" 200 408
180.164.1.25 - - [27/Feb/2024:10:26:44 +0800] "POST /xingrg/kc/buy/cgsh_order_operate.html HTTP/1.1" 200 5012
116.230.123.222 - - [27/Feb/2024:10:26:44 +0800] "GET /xingrg/all/function/internal_message.html?_=1709000804339&CODE_STATE=getMsg HTTP/1.1" 200 27
222.70.245.42 - - [27/Feb/2024:10:26:47 +0800] "GET /xingrg/all/function/internal_message.html?_=1709000813271&CODE_STATE=getMsg HTTP/1.1" 200 27
180.164.1.25 - - [27/Feb/2024:10:26:47 +0800] "GET /xingrg/kc/print/load_config.html?kc_code=cgsh HTTP/1.1" 200 1927
180.164.1.25 - - [27/Feb/2024:10:26:48 +0800] "GET /xingrg/kc/print/load_data.html?order_code=212024022707473&kc_code=cgsh&condition= HTTP/1.1" 200 1571
116.237.72.5 - - [27/Feb/2024:10:26:49 +0800] "GET /xingrg/kc/buy/cgsh_order_add.html HTTP/1.1" 200 73510
116.237.72.5 - - [27/Feb/2024:10:26:49 +0800] "POST /xingrg/kc/buy/cgsh_order_operate.html HTTP/1.1" 200 8245
116.237.72.5 - - [27/Feb/2024:10:26:49 +0800] "GET /xingrg/javascript/easyui/themes/default/validatebox.css HTTP/1.1" 404 1104
116.237.72.5 - - [27/Feb/2024:10:26:49 +0800] "GET /xingrg/all/common/auto_word.html?type=employee&rest_code=00106 HTTP/1.1" 200 205
116.237.72.5 - - [27/Feb/2024:10:26:49 +0800] "GET /xingrg/all/common/auto_word.html?type=employee&rest_code=00106 HTTP/1.1" 200 205
172.20.0.100 - - [27/Feb/2024:10:26:51 +0800] "GET /xingrg/all/function/internal_message.html?_=1709000810172&CODE_STATE=getMsg HTTP/1.1" 200 27
116.237.72.5 - - [27/Feb/2024:10:26:51 +0800] "GET /xingrg/javascript/easyui/themes/default/tree.css HTTP/1.1" 404 1090
116.237.72.5 - - [27/Feb/2024:10:26:52 +0800] "POST /xingrg/all/common/load_tree.html?tree=supplier_tree_json&isDelete=1 HTTP/1.1" 200 78565
101.83.145.37 - - [27/Feb/2024:10:26:52 +0800] "GET /xingrg/all/function/internal_message.html?_=1709000571934&CODE_STATE=getMsg HTTP/1.1" 200 27
124.79.245.19 - - [27/Feb/2024:10:26:56 +0800] "GET /xingrg/all/function/internal_message.html?_=1709000828545&CODE_STATE=getMsg HTTP/1.1" 200 27
180.169.147.146 - - [27/Feb/2024:10:26:56 +0800] "GET /xingrg/all/function/internal_message.html?_=1709000816660&CODE_STATE=getMsg HTTP/1.1" 200 27
120.253.135.82 - - [27/Feb/2024:10:26:57 +0800] "GET /xingrg/check_reg.html?_=1709000652080 HTTP/1.1" 200 22
180.169.147.146 - - [27/Feb/2024:10:26:59 +0800] "GET /xingrg/all/function/internal_message.html?_=1709000818079&CODE_STATE=getMsg HTTP/1.1" 200 27
222.70.245.42 - - [27/Feb/2024:10:27:00 +0800] "POST /xingrg/services/DataTransmitService HTTP/1.1" 200 524
101.83.145.37 - - [27/Feb/2024:10:27:00 +0800] "GET /xingrg/all/function/internal_message.html?_=1709000821638&CODE_STATE=getMsg HTTP/1.1" 200 27
222.70.245.42 - - [27/Feb/2024:10:27:01 +0800] "POST /xingrg/services/DataTransmitService HTTP/1.1" 200 2331
124.78.67.200 - - [27/Feb/2024:10:27:02 +0800] "GET /xingrg/all/function/internal_message.html?_=1709000822432&CODE_STATE=getMsg HTTP/1.1" 200 27
222.70.245.42 - - [27/Feb/2024:10:27:03 +0800] "POST /xingrg/services/DataTransmitService HTTP/1.1" 200 524
222.70.245.42 - - [27/Feb/2024:10:27:04 +0800] "POST /xingrg/services/DataTransmitService HTTP/1.1" 200 412
222.69.145.54 - - [27/Feb/2024:10:27:04 +0800] "GET /xingrg/all/function/internal_message.html?_=1709000825600&CODE_STATE=getMsg HTTP/1.1" 200 27
222.70.245.42 - - [27/Feb/2024:10:27:07 +0800] "POST /xingrg/services/DataTransmitService HTTP/1.1" 200 524
222.70.245.42 - - [27/Feb/2024:10:27:08 +0800] "POST /xingrg/services/DataTransmitService HTTP/1.1" 200 412
222.70.115.1 - - [27/Feb/2024:10:27:10 +0800] "GET /xingrg/all/function/internal_message.html?_=1709000832122&CODE_STATE=getMsg HTTP/1.1" 200 27
116.224.254.208 - - [27/Feb/2024:10:27:15 +0800] "GET /xingrg/all/function/internal_message.html?_=1709000834716&CODE_STATE=getMsg HTTP/1.1" 200 27
116.237.72.5 - - [27/Feb/2024:10:27:15 +0800] "GET /xingrg/javascript/auto/indicator.gif HTTP/1.1" 404 1066
116.224.254.208 - - [27/Feb/2024:10:27:20 +0800] "GET /xingrg/all/function/internal_message.html?_=1709000840460&CODE_STATE=getMsg HTTP/1.1" 200 27
116.237.72.5 - - [27/Feb/2024:10:27:26 +0800] "GET /xingrg/kc/buy/cgsh_order_operate.html?command=get_materiel&rest_code=00106&code=00101029011&supplier_code=00100017&order_time=2024-02-27 HTTP/1.1" 200 482
120.253.135.82 - - [27/Feb/2024:10:27:28 +0800] "GET /xingrg/all/function/internal_message.html?_=1709000682829&CODE_STATE=getMsg HTTP/1.1" 200 27
124.78.67.200 - - [27/Feb/2024:10:27:34 +0800] "GET /xingrg/kc/buy/cgsh_order_operate.html?command=get_materiel&rest_code=00141&code=00101008108&supplier_code=00100007&order_time=2024-02-27 HTTP/1.1" 200 412
180.171.62.200 - - [27/Feb/2024:10:27:38 +0800] "GET /xingrg/all/function/internal_message.html?_=1709000859247&CODE_STATE=getMsg HTTP/1.1" 200 27
180.164.1.25 - - [27/Feb/2024:10:27:38 +0800] "GET /xingrg/all/function/internal_message.html?_=1709000858663&CODE_STATE=getMsg HTTP/1.1" 200 27
124.78.67.200 - - [27/Feb/2024:10:27:42 +0800] "POST /xingrg/kc/buy/cgsh_order_operate.html HTTP/1.1" 200 2065
116.237.72.5 - - [27/Feb/2024:10:27:43 +0800] "GET /xingrg/all/function/internal_message.html?_=1709000864930&CODE_STATE=getMsg HTTP/1.1" 200 27
116.230.123.222 - - [27/Feb/2024:10:27:44 +0800] "GET /xingrg/all/function/internal_message.html?_=1709000864339&CODE_STATE=getMsg HTTP/1.1" 200 27
116.230.123.222 - - [27/Feb/2024:10:27:44 +0800] "GET /xingrg/check_reg.html?_=1709000864341 HTTP/1.1" 200 22
222.70.245.42 - - [27/Feb/2024:10:27:47 +0800] "GET /xingrg/all/function/internal_message.html?_=1709000873498&CODE_STATE=getMsg HTTP/1.1" 200 27
172.20.0.100 - - [27/Feb/2024:10:27:51 +0800] "GET /xingrg/all/function/internal_message.html?_=1709000870174&CODE_STATE=getMsg HTTP/1.1" 200 27
101.83.145.37 - - [27/Feb/2024:10:27:52 +0800] "GET /xingrg/all/function/internal_message.html?_=1709000631935&CODE_STATE=getMsg HTTP/1.1" 200 27
124.79.245.19 - - [27/Feb/2024:10:27:56 +0800] "GET /xingrg/all/function/internal_message.html?_=1709000888543&CODE_STATE=getMsg HTTP/1.1" 200 27
180.169.147.146 - - [27/Feb/2024:10:27:56 +0800] "GET /xingrg/all/function/internal_message.html?_=1709000876655&CODE_STATE=getMsg HTTP/1.1" 200 27
180.169.147.146 - - [27/Feb/2024:10:27:59 +0800] "GET /xingrg/all/function/internal_message.html?_=1709000878077&CODE_STATE=getMsg HTTP/1.1" 200 27
101.83.145.37 - - [27/Feb/2024:10:28:00 +0800] "GET /xingrg/all/function/internal_message.html?_=1709000881629&CODE_STATE=getMsg HTTP/1.1" 200 27
124.78.67.200 - - [27/Feb/2024:10:28:02 +0800] "GET /xingrg/all/function/internal_message.html?_=1709000882414&CODE_STATE=getMsg HTTP/1.1" 200 27
222.69.145.54 - - [27/Feb/2024:10:28:04 +0800] "GET /xingrg/all/function/internal_message.html?_=1709000885593&CODE_STATE=getMsg HTTP/1.1" 200 27
222.69.145.54 - - [27/Feb/2024:10:28:04 +0800] "GET /xingrg/check_reg.html?_=1709000885596 HTTP/1.1" 200 22
222.70.115.1 - - [27/Feb/2024:10:28:10 +0800] "GET /xingrg/all/function/internal_message.html?_=1709000892119&CODE_STATE=getMsg HTTP/1.1" 200 27
222.70.115.1 - - [27/Feb/2024:10:28:10 +0800] "GET /xingrg/check_reg.html?_=1709000892120 HTTP/1.1" 200 22
116.224.254.208 - - [27/Feb/2024:10:28:15 +0800] "GET /xingrg/all/function/internal_message.html?_=1709000894738&CODE_STATE=getMsg HTTP/1.1" 200 27
116.237.72.5 - - [27/Feb/2024:10:28:16 +0800] "GET /xingrg/kc/buy/cgsh_order_operate.html?command=get_materiel&rest_code=00106&code=00101027001&supplier_code=00100017&order_time=2024-02-27 HTTP/1.1" 200 470
116.224.254.208 - - [27/Feb/2024:10:28:20 +0800] "GET /xingrg/all/function/internal_message.html?_=1709000900484&CODE_STATE=getMsg HTTP/1.1" 200 27
116.224.254.208 - - [27/Feb/2024:10:28:20 +0800] "GET /xingrg/check_reg.html?_=1709000900486 HTTP/1.1" 200 22
180.164.1.25 - - [27/Feb/2024:10:28:27 +0800] "GET /xingrg/kc/buy/cgsh_order_add.html HTTP/1.1" 200 73608
180.164.1.25 - - [27/Feb/2024:10:28:27 +0800] "POST /xingrg/kc/buy/cgsh_order_operate.html HTTP/1.1" 200 8245
180.164.1.25 - - [27/Feb/2024:10:28:27 +0800] "GET /xingrg/javascript/easyui/themes/default/validatebox.css HTTP/1.1" 404 1104
120.253.135.82 - - [27/Feb/2024:10:28:28 +0800] "GET /xingrg/all/function/internal_message.html?_=1709000742842&CODE_STATE=getMsg HTTP/1.1" 200 27
180.171.62.200 - - [27/Feb/2024:10:28:38 +0800] "GET /xingrg/all/function/internal_message.html?_=1709000919248&CODE_STATE=getMsg HTTP/1.1" 200 27
180.164.1.25 - - [27/Feb/2024:10:28:38 +0800] "GET /xingrg/all/function/internal_message.html?_=1709000918673&CODE_STATE=getMsg HTTP/1.1" 200 27
116.237.72.5 - - [27/Feb/2024:10:28:43 +0800] "GET /xingrg/all/function/internal_message.html?_=1709000924928&CODE_STATE=getMsg HTTP/1.1" 200 27
116.230.123.222 - - [27/Feb/2024:10:28:44 +0800] "GET /xingrg/all/function/internal_message.html?_=1709000924337&CODE_STATE=getMsg HTTP/1.1" 200 27
222.70.245.42 - - [27/Feb/2024:10:28:47 +0800] "GET /xingrg/all/function/internal_message.html?_=1709000933506&CODE_STATE=getMsg HTTP/1.1" 200 27
116.237.72.5 - - [27/Feb/2024:10:28:50 +0800] "GET /xingrg/kc/buy/cgsh_order_operate.html?command=get_materiel&rest_code=00106&code=00101029024&supplier_code=00100017&order_time=2024-02-27 HTTP/1.1" 200 461
172.20.0.100 - - [27/Feb/2024:10:28:51 +0800] "GET /xingrg/all/function/internal_message.html?_=1709000930176&CODE_STATE=getMsg HTTP/1.1" 200 27
172.20.0.100 - - [27/Feb/2024:10:28:51 +0800] "GET /xingrg/check_reg.html?_=1709000930177 HTTP/1.1" 200 22
101.83.145.37 - - [27/Feb/2024:10:28:52 +0800] "GET /xingrg/all/function/internal_message.html?_=1709000691935&CODE_STATE=getMsg HTTP/1.1" 200 27
124.79.245.19 - - [27/Feb/2024:10:28:56 +0800] "GET /xingrg/all/function/internal_message.html?_=1709000948540&CODE_STATE=getMsg HTTP/1.1" 200 27
180.169.147.146 - - [27/Feb/2024:10:28:56 +0800] "GET /xingrg/all/function/internal_message.html?_=1709000936658&CODE_STATE=getMsg HTTP/1.1" 200 27
180.169.147.146 - - [27/Feb/2024:10:28:59 +0800] "GET /xingrg/all/function/internal_message.html?_=1709000938075&CODE_STATE=getMsg HTTP/1.1" 200 27
101.83.145.37 - - [27/Feb/2024:10:29:00 +0800] "GET /xingrg/all/function/internal_message.html?_=1709000941631&CODE_STATE=getMsg HTTP/1.1" 200 27
124.78.67.200 - - [27/Feb/2024:10:29:02 +0800] "GET /xingrg/all/function/internal_message.html?_=1709000942397&CODE_STATE=getMsg HTTP/1.1" 200 27
222.69.145.54 - - [27/Feb/2024:10:29:04 +0800] "GET /xingrg/all/function/internal_message.html?_=1709000945591&CODE_STATE=getMsg HTTP/1.1" 200 27
222.70.115.1 - - [27/Feb/2024:10:29:10 +0800] "GET /xingrg/all/function/internal_message.html?_=1709000952118&CODE_STATE=getMsg HTTP/1.1" 200 27
116.237.72.5 - - [27/Feb/2024:10:29:11 +0800] "GET /xingrg/kc/buy/cgsh_order_operate.html?command=get_materiel&rest_code=00106&code=00101029022&supplier_code=00100017&order_time=2024-02-27 HTTP/1.1" 200 472
116.224.254.208 - - [27/Feb/2024:10:29:15 +0800] "GET /xingrg/check_reg.html?_=1709000954740 HTTP/1.1" 200 22
116.224.254.208 - - [27/Feb/2024:10:29:15 +0800] "GET /xingrg/all/function/internal_message.html?_=1709000954741&CODE_STATE=getMsg HTTP/1.1" 200 27
116.224.254.208 - - [27/Feb/2024:10:29:20 +0800] "GET /xingrg/all/function/internal_message.html?_=1709000960484&CODE_STATE=getMsg HTTP/1.1" 200 27
120.253.135.82 - - [27/Feb/2024:10:29:28 +0800] "GET /xingrg/all/function/internal_message.html?_=1709000802902&CODE_STATE=getMsg HTTP/1.1" 200 27
180.171.62.200 - - [27/Feb/2024:10:29:38 +0800] "GET /xingrg/all/function/internal_message.html?_=1709000979249&CODE_STATE=getMsg HTTP/1.1" 200 27
116.237.72.5 - - [27/Feb/2024:10:29:38 +0800] "GET /xingrg/kc/buy/cgsh_order_operate.html?command=get_materiel&rest_code=00106&code=00101028011&supplier_code=00100017&order_time=2024-02-27 HTTP/1.1" 200 477
180.164.1.25 - - [27/Feb/2024:10:29:38 +0800] "GET /xingrg/check_reg.html?_=1709000978680 HTTP/1.1" 200 22
180.164.1.25 - - [27/Feb/2024:10:29:38 +0800] "GET /xingrg/all/function/internal_message.html?_=1709000978686&CODE_STATE=getMsg HTTP/1.1" 200 27
116.238.97.31 - - [27/Feb/2024:10:29:42 +0800] "POST /xingrg/all/common/load_combo.html?type=base HTTP/1.1" 200 3321
116.237.72.5 - - [27/Feb/2024:10:29:43 +0800] "GET /xingrg/all/function/internal_message.html?_=1709000984937&CODE_STATE=getMsg HTTP/1.1" 200 27
116.230.123.222 - - [27/Feb/2024:10:29:44 +0800] "GET /xingrg/all/function/internal_message.html?_=1709000984337&CODE_STATE=getMsg HTTP/1.1" 200 27
222.70.245.42 - - [27/Feb/2024:10:29:45 +0800] "GET /xingrg/check_reg.html?_=1709000991487 HTTP/1.1" 200 22
222.70.245.42 - - [27/Feb/2024:10:29:47 +0800] "GET /xingrg/all/function/internal_message.html?_=1709000993515&CODE_STATE=getMsg HTTP/1.1" 200 27
124.78.67.200 - - [27/Feb/2024:10:29:48 +0800] "GET /xingrg/kc/buy/cgsh_order_operate.html?command=get_materiel&rest_code=00141&code=00101008359&supplier_code=00100007&order_time=2024-02-27 HTTP/1.1" 200 408
172.20.0.100 - - [27/Feb/2024:10:29:51 +0800] "GET /xingrg/all/function/internal_message.html?_=1709000990179&CODE_STATE=getMsg HTTP/1.1" 200 27
101.83.145.37 - - [27/Feb/2024:10:29:52 +0800] "GET /xingrg/all/function/internal_message.html?_=1709000751936&CODE_STATE=getMsg HTTP/1.1" 200 27
101.83.145.37 - - [27/Feb/2024:10:29:52 +0800] "GET /xingrg/check_reg.html?_=1709000751939 HTTP/1.1" 200 22
124.79.245.19 - - [27/Feb/2024:10:29:56 +0800] "GET /xingrg/all/function/internal_message.html?_=1709001008538&CODE_STATE=getMsg HTTP/1.1" 200 27
180.169.147.146 - - [27/Feb/2024:10:29:56 +0800] "GET /xingrg/all/function/internal_message.html?_=1709000996660&CODE_STATE=getMsg HTTP/1.1" 200 27
180.169.147.146 - - [27/Feb/2024:10:29:59 +0800] "GET /xingrg/all/function/internal_message.html?_=1709000998073&CODE_STATE=getMsg HTTP/1.1" 200 27
180.169.147.146 - - [27/Feb/2024:10:29:59 +0800] "GET /xingrg/check_reg.html?_=1709000998107 HTTP/1.1" 200 22
116.238.97.31 - - [27/Feb/2024:10:29:59 +0800] "GET /xingrg/kc/base/wldb_order_operate.html?command=get_materiel&rest_code=00102&base_code=0010476&code=00101019108 HTTP/1.1" 200 476
116.237.72.5 - - [27/Feb/2024:10:29:59 +0800] "GET /xingrg/kc/buy/cgsh_order_operate.html?command=get_materiel&rest_code=00106&code=00101029002&supplier_code=00100017&order_time=2024-02-27 HTTP/1.1" 200 470
124.78.67.200 - - [27/Feb/2024:10:30:00 +0800] "GET /xingrg/kc/buy/cgsh_order_operate.html?command=get_materiel&rest_code=00141&code=00101008213&supplier_code=00100007&order_time=2024-02-27 HTTP/1.1" 200 412
101.83.145.37 - - [27/Feb/2024:10:30:00 +0800] "GET /xingrg/all/function/internal_message.html?_=1709001001630&CODE_STATE=getMsg HTTP/1.1" 200 27
101.83.145.37 - - [27/Feb/2024:10:30:00 +0800] "GET /xingrg/check_reg.html?_=1709001001633 HTTP/1.1" 200 22
124.78.67.200 - - [27/Feb/2024:10:30:02 +0800] "GET /xingrg/all/function/internal_message.html?_=1709001002387&CODE_STATE=getMsg HTTP/1.1" 200 27
222.69.145.54 - - [27/Feb/2024:10:30:04 +0800] "GET /xingrg/all/function/internal_message.html?_=1709001005602&CODE_STATE=getMsg HTTP/1.1" 200 27
116.238.97.31 - - [27/Feb/2024:10:30:05 +0800] "GET /xingrg/kc/base/wldb_order_operate.html?command=get_materiel&rest_code=00102&base_code=0010476&code=00101019238 HTTP/1.1" 200 467
222.70.115.1 - - [27/Feb/2024:10:30:10 +0800] "GET /xingrg/all/function/internal_message.html?_=1709001012117&CODE_STATE=getMsg HTTP/1.1" 200 27
116.238.97.31 - - [27/Feb/2024:10:30:10 +0800] "GET /xingrg/login.html HTTP/1.1" 200 7641
124.78.67.200 - - [27/Feb/2024:10:30:11 +0800] "GET /xingrg/kc/buy/cgsh_order_operate.html?command=get_materiel&rest_code=00141&code=00101008274&supplier_code=00100007&order_time=2024-02-27 HTTP/1.1" 200 412
116.238.97.31 - - [27/Feb/2024:10:30:12 +0800] "GET /xingrg/kc/base/wldb_order_operate.html?command=get_materiel&rest_code=00102&base_code=0010476&code=00101019391 HTTP/1.1" 200 485
116.238.97.31 - - [27/Feb/2024:10:30:14 +0800] "GET /xingrg/login.html HTTP/1.1" 200 7641
116.238.97.31 - - [27/Feb/2024:10:30:15 +0800] "GET /favicon.ico HTTP/1.1" 404 -
116.224.254.208 - - [27/Feb/2024:10:30:15 +0800] "GET /xingrg/all/function/internal_message.html?_=1709001014748&CODE_STATE=getMsg HTTP/1.1" 200 27
116.238.97.31 - - [27/Feb/2024:10:30:15 +0800] "GET /favicon.ico HTTP/1.1" 404 -
116.238.97.31 - - [27/Feb/2024:10:30:17 +0800] "GET /xingrg/kc/base/wldb_order_operate.html?command=get_materiel&rest_code=00102&base_code=0010476&code=00101019258 HTTP/1.1" 200 483
116.237.72.5 - - [27/Feb/2024:10:30:19 +0800] "GET /xingrg/kc/buy/cgsh_order_operate.html?command=get_materiel&rest_code=00106&code=00101029003&supplier_code=00100017&order_time=2024-02-27 HTTP/1.1" 200 475
116.224.254.208 - - [27/Feb/2024:10:30:20 +0800] "GET /xingrg/all/function/internal_message.html?_=1709001020487&CODE_STATE=getMsg HTTP/1.1" 200 27
116.238.97.31 - - [27/Feb/2024:10:30:20 +0800] "GET /xingrg/kc/base/wldb_order_operate.html?command=get_materiel&rest_code=00102&base_code=0010476&code=00101019185 HTTP/1.1" 200 469
116.238.97.31 - - [27/Feb/2024:10:30:26 +0800] "GET /xingrg/kc/base/wldb_order_operate.html?command=get_materiel&rest_code=00102&base_code=0010476&code=00101019405 HTTP/1.1" 200 482
124.78.67.200 - - [27/Feb/2024:10:30:28 +0800] "GET /xingrg/check_reg.html?_=1709001028596 HTTP/1.1" 200 22
120.253.135.82 - - [27/Feb/2024:10:30:28 +0800] "GET /xingrg/all/function/internal_message.html?_=1709000862917&CODE_STATE=getMsg HTTP/1.1" 200 27
116.238.97.31 - - [27/Feb/2024:10:30:30 +0800] "GET /xingrg/kc/base/wldb_order_operate.html?command=get_materiel&rest_code=00102&base_code=0010476&code=00101019111 HTTP/1.1" 200 467
116.238.97.31 - - [27/Feb/2024:10:30:35 +0800] "GET /xingrg/kc/base/wldb_order_operate.html?command=get_materiel&rest_code=00102&base_code=0010476&code=00101019015 HTTP/1.1" 200 451
116.237.72.5 - - [27/Feb/2024:10:30:36 +0800] "GET /xingrg/kc/buy/cgsh_order_operate.html?command=get_materiel&rest_code=00106&code=00101029023&supplier_code=00100017&order_time=2024-02-27 HTTP/1.1" 200 477
180.171.62.200 - - [27/Feb/2024:10:30:38 +0800] "GET /xingrg/all/function/internal_message.html?_=1709001039250&CODE_STATE=getMsg HTTP/1.1" 200 27
180.164.1.25 - - [27/Feb/2024:10:30:38 +0800] "GET /xingrg/all/function/internal_message.html?_=1709001038679&CODE_STATE=getMsg HTTP/1.1" 200 27
124.78.67.200 - - [27/Feb/2024:10:30:39 +0800] "GET /xingrg/kc/buy/cgsh_order_operate.html?command=get_materiel&rest_code=00141&code=00101013044&supplier_code=00100007&order_time=2024-02-27 HTTP/1.1" 200 449
116.238.97.31 - - [27/Feb/2024:10:30:41 +0800] "GET /xingrg/kc/base/wldb_order_operate.html?command=get_materiel&rest_code=00102&base_code=0010476&code=00102034109 HTTP/1.1" 200 439
116.237.72.5 - - [27/Feb/2024:10:30:43 +0800] "GET /xingrg/all/function/internal_message.html?_=1709001044933&CODE_STATE=getMsg HTTP/1.1" 200 27
116.230.123.222 - - [27/Feb/2024:10:30:44 +0800] "GET /xingrg/all/function/internal_message.html?_=1709001044336&CODE_STATE=getMsg HTTP/1.1" 200 27
222.70.245.42 - - [27/Feb/2024:10:30:47 +0800] "GET /xingrg/all/function/internal_message.html?_=1709001053528&CODE_STATE=getMsg HTTP/1.1" 200 27
124.78.67.200 - - [27/Feb/2024:10:30:50 +0800] "GET /xingrg/kc/buy/cgsh_order_operate.html?command=get_materiel&rest_code=00141&code=00101008403&supplier_code=00100007&order_time=2024-02-27 HTTP/1.1" 200 412
172.20.0.100 - - [27/Feb/2024:10:30:51 +0800] "GET /xingrg/all/function/internal_message.html?_=1709001050182&CODE_STATE=getMsg HTTP/1.1" 200 27
101.83.145.37 - - [27/Feb/2024:10:30:52 +0800] "GET /xingrg/all/function/internal_message.html?_=1709000811938&CODE_STATE=getMsg HTTP/1.1" 200 27
124.78.67.200 - - [27/Feb/2024:10:30:54 +0800] "POST /xingrg/kc/buy/cgsh_order_operate.html HTTP/1.1" 200 2065
124.79.245.19 - - [27/Feb/2024:10:30:56 +0800] "GET /xingrg/all/function/internal_message.html?_=1709001068537&CODE_STATE=getMsg HTTP/1.1" 200 27
124.79.245.19 - - [27/Feb/2024:10:30:56 +0800] "GET /xingrg/check_reg.html?_=1709001068538 HTTP/1.1" 200 22
180.169.147.146 - - [27/Feb/2024:10:30:56 +0800] "GET /xingrg/all/function/internal_message.html?_=1709001056653&CODE_STATE=getMsg HTTP/1.1" 200 27
180.169.147.146 - - [27/Feb/2024:10:30:56 +0800] "GET /xingrg/check_reg.html?_=1709001056655 HTTP/1.1" 200 22
180.169.147.146 - - [27/Feb/2024:10:30:59 +0800] "GET /xingrg/all/function/internal_message.html?_=1709001058074&CODE_STATE=getMsg HTTP/1.1" 200 27
101.83.145.37 - - [27/Feb/2024:10:31:00 +0800] "GET /xingrg/all/function/internal_message.html?_=1709001061657&CODE_STATE=getMsg HTTP/1.1" 200 27
124.78.67.200 - - [27/Feb/2024:10:31:01 +0800] "GET /xingrg/kc/buy/cgsh_order_operate.html?command=get_materiel&rest_code=00141&code=00101008344&supplier_code=00100007&order_time=2024-02-27 HTTP/1.1" 200 412
124.78.67.200 - - [27/Feb/2024:10:31:02 +0800] "GET /xingrg/all/function/internal_message.html?_=1709001062359&CODE_STATE=getMsg HTTP/1.1" 200 27
222.69.145.54 - - [27/Feb/2024:10:31:04 +0800] "GET /xingrg/all/function/internal_message.html?_=1709001065595&CODE_STATE=getMsg HTTP/1.1" 200 27
222.70.115.1 - - [27/Feb/2024:10:31:10 +0800] "GET /xingrg/all/function/internal_message.html?_=1709001072116&CODE_STATE=getMsg HTTP/1.1" 200 27
116.224.254.208 - - [27/Feb/2024:10:31:15 +0800] "GET /xingrg/all/function/internal_message.html?_=1709001074747&CODE_STATE=getMsg HTTP/1.1" 200 27
116.238.97.31 - - [27/Feb/2024:10:31:17 +0800] "GET /xingrg/kc/base/wldb_order_operate.html?command=get_materiel&rest_code=00102&base_code=0010476&code=00101019071 HTTP/1.1" 200 471
116.224.254.208 - - [27/Feb/2024:10:31:20 +0800] "GET /xingrg/all/function/internal_message.html?_=1709001080481&CODE_STATE=getMsg HTTP/1.1" 200 27
116.238.97.31 - - [27/Feb/2024:10:31:21 +0800] "GET /xingrg/kc/base/wldb_order_operate.html?command=get_materiel&rest_code=00102&base_code=0010476&code=00101013044 HTTP/1.1" 200 450
120.253.135.82 - - [27/Feb/2024:10:31:28 +0800] "GET /xingrg/all/function/internal_message.html?_=1709000922962&CODE_STATE=getMsg HTTP/1.1" 200 27
180.171.62.200 - - [27/Feb/2024:10:31:38 +0800] "GET /xingrg/check_reg.html?_=1709001099251 HTTP/1.1" 200 22
180.171.62.200 - - [27/Feb/2024:10:31:38 +0800] "GET /xingrg/all/function/internal_message.html?_=1709001099254&CODE_STATE=getMsg HTTP/1.1" 200 27
180.164.1.25 - - [27/Feb/2024:10:31:38 +0800] "GET /xingrg/all/function/internal_message.html?_=1709001098671&CODE_STATE=getMsg HTTP/1.1" 200 27
116.237.72.5 - - [27/Feb/2024:10:31:43 +0800] "GET /xingrg/check_reg.html?_=1709001104923 HTTP/1.1" 200 22
116.237.72.5 - - [27/Feb/2024:10:31:43 +0800] "GET /xingrg/all/function/internal_message.html?_=1709001104924&CODE_STATE=getMsg HTTP/1.1" 200 27
116.230.123.222 - - [27/Feb/2024:10:31:44 +0800] "GET /xingrg/all/function/internal_message.html?_=1709001104335&CODE_STATE=getMsg HTTP/1.1" 200 27
222.70.245.42 - - [27/Feb/2024:10:31:47 +0800] "GET /xingrg/all/function/internal_message.html?_=1709001113543&CODE_STATE=getMsg HTTP/1.1" 200 27
172.20.0.100 - - [27/Feb/2024:10:31:51 +0800] "GET /xingrg/all/function/internal_message.html?_=1709001110183&CODE_STATE=getMsg HTTP/1.1" 200 27
116.237.72.5 - - [27/Feb/2024:10:31:51 +0800] "POST /xingrg/kc/buy/cgsh_order_operate.html HTTP/1.1" 200 37
101.83.145.37 - - [27/Feb/2024:10:31:52 +0800] "GET /xingrg/all/function/internal_message.html?_=1709000871939&CODE_STATE=getMsg HTTP/1.1" 200 27
116.237.72.5 - - [27/Feb/2024:10:31:54 +0800] "POST /xingrg/kc/buy/cgsh_order_operate.html HTTP/1.1" 200 7080
124.79.245.19 - - [27/Feb/2024:10:31:56 +0800] "GET /xingrg/all/function/internal_message.html?_=1709001128537&CODE_STATE=getMsg HTTP/1.1" 200 27
180.169.147.146 - - [27/Feb/2024:10:31:56 +0800] "GET /xingrg/all/function/internal_message.html?_=1709001116660&CODE_STATE=getMsg HTTP/1.1" 200 27
120.253.135.82 - - [27/Feb/2024:10:31:57 +0800] "GET /xingrg/check_reg.html?_=1709000952088 HTTP/1.1" 200 22
180.169.147.146 - - [27/Feb/2024:10:31:59 +0800] "GET /xingrg/all/function/internal_message.html?_=1709001118072&CODE_STATE=getMsg HTTP/1.1" 200 27
101.83.145.37 - - [27/Feb/2024:10:32:00 +0800] "GET /xingrg/all/function/internal_message.html?_=1709001121655&CODE_STATE=getMsg HTTP/1.1" 200 27
124.78.67.200 - - [27/Feb/2024:10:32:02 +0800] "GET /xingrg/all/function/internal_message.html?_=1709001122326&CODE_STATE=getMsg HTTP/1.1" 200 27
124.78.67.200 - - [27/Feb/2024:10:32:03 +0800] "GET /xingrg/kc/buy/cgsh_order_operate.html?command=get_materiel&rest_code=00141&code=00101008072&supplier_code=00100007&order_time=2024-02-27 HTTP/1.1" 200 408
222.69.145.54 - - [27/Feb/2024:10:32:04 +0800] "GET /xingrg/all/function/internal_message.html?_=1709001125588&CODE_STATE=getMsg HTTP/1.1" 200 27
222.70.115.1 - - [27/Feb/2024:10:32:10 +0800] "GET /xingrg/all/function/internal_message.html?_=1709001132129&CODE_STATE=getMsg HTTP/1.1" 200 27
116.224.254.208 - - [27/Feb/2024:10:32:15 +0800] "GET /xingrg/all/function/internal_message.html?_=1709001134769&CODE_STATE=getMsg HTTP/1.1" 200 27
124.78.67.200 - - [27/Feb/2024:10:32:17 +0800] "GET /xingrg/kc/buy/cgsh_order_operate.html?command=get_materiel&rest_code=00141&code=00101008155&supplier_code=00100007&order_time=2024-02-27 HTTP/1.1" 200 408
116.224.254.208 - - [27/Feb/2024:10:32:20 +0800] "GET /xingrg/all/function/internal_message.html?_=1709001140458&CODE_STATE=getMsg HTTP/1.1" 200 27
120.253.135.82 - - [27/Feb/2024:10:32:28 +0800] "GET /xingrg/all/function/internal_message.html?_=1709000982975&CODE_STATE=getMsg HTTP/1.1" 200 27
124.78.67.200 - - [27/Feb/2024:10:32:37 +0800] "GET /xingrg/kc/buy/cgsh_order_operate.html?command=get_materiel&rest_code=00141&code=00101008199&supplier_code=00100007&order_time=2024-02-27 HTTP/1.1" 200 427
180.171.62.200 - - [27/Feb/2024:10:32:38 +0800] "GET /xingrg/all/function/internal_message.html?_=1709001159255&CODE_STATE=getMsg HTTP/1.1" 200 27
180.164.1.25 - - [27/Feb/2024:10:32:38 +0800] "GET /xingrg/all/function/internal_message.html?_=1709001158663&CODE_STATE=getMsg HTTP/1.1" 200 27
116.238.97.31 - - [27/Feb/2024:10:32:39 +0800] "GET /xingrg/check_reg.html?_=1709001160153 HTTP/1.1" 200 22
116.237.72.5 - - [27/Feb/2024:10:32:43 +0800] "GET /xingrg/all/function/internal_message.html?_=1709001164925&CODE_STATE=getMsg HTTP/1.1" 200 27
116.230.123.222 - - [27/Feb/2024:10:32:44 +0800] "GET /xingrg/all/function/internal_message.html?_=1709001164336&CODE_STATE=getMsg HTTP/1.1" 200 27
116.230.123.222 - - [27/Feb/2024:10:32:44 +0800] "GET /xingrg/check_reg.html?_=1709001164337 HTTP/1.1" 200 22
222.70.245.42 - - [27/Feb/2024:10:32:48 +0800] "GET /xingrg/all/function/internal_message.html?_=1709001173755&CODE_STATE=getMsg HTTP/1.1" 200 27
172.20.0.100 - - [27/Feb/2024:10:32:51 +0800] "GET /xingrg/all/function/internal_message.html?_=1709001170168&CODE_STATE=getMsg HTTP/1.1" 200 27
101.83.145.37 - - [27/Feb/2024:10:32:52 +0800] "GET /xingrg/all/function/internal_message.html?_=1709000931939&CODE_STATE=getMsg HTTP/1.1" 200 27
124.79.245.19 - - [27/Feb/2024:10:32:56 +0800] "GET /xingrg/all/function/internal_message.html?_=1709001188541&CODE_STATE=getMsg HTTP/1.1" 200 27
180.169.147.146 - - [27/Feb/2024:10:32:56 +0800] "GET /xingrg/all/function/internal_message.html?_=1709001176865&CODE_STATE=getMsg HTTP/1.1" 200 27
180.169.147.146 - - [27/Feb/2024:10:32:59 +0800] "GET /xingrg/all/function/internal_message.html?_=1709001178079&CODE_STATE=getMsg HTTP/1.1" 200 27
180.169.147.146 - - [27/Feb/2024:10:32:59 +0800] "POST /xingrg/dwr/call/plaincall/AjaxReportQueryService.refreshCache.dwr HTTP/1.1" 200 78
101.83.145.37 - - [27/Feb/2024:10:33:00 +0800] "GET /xingrg/all/function/internal_message.html?_=1709001181654&CODE_STATE=getMsg HTTP/1.1" 200 27
124.78.67.200 - - [27/Feb/2024:10:33:00 +0800] "GET /xingrg/kc/buy/cgsh_order_operate.html?command=get_materiel&rest_code=00141&code=00101008126&supplier_code=00100007&order_time=2024-02-27 HTTP/1.1" 200 412
116.237.72.5 - - [27/Feb/2024:10:33:01 +0800] "GET /xingrg/kc/buy/buy_main.html HTTP/1.1" 200 12412
116.237.72.5 - - [27/Feb/2024:10:33:01 +0800] "GET /xingrg/css/new_ie.css HTTP/1.1" 404 1036
124.78.67.200 - - [27/Feb/2024:10:33:02 +0800] "GET /xingrg/all/function/internal_message.html?_=1709001182306&CODE_STATE=getMsg HTTP/1.1" 200 27
180.169.147.146 - - [27/Feb/2024:10:33:02 +0800] "POST /xingrg/all/report/load_report_page.html HTTP/1.1" 200 52802
180.169.147.146 - - [27/Feb/2024:10:33:02 +0800] "GET /xingrg/servlets/image?cache=0.7663716571003085&image=px HTTP/1.1" 200 807
116.237.72.5 - - [27/Feb/2024:10:33:02 +0800] "GET /xingrg/images/yd/bt.gif HTTP/1.1" 404 1040
116.237.72.5 - - [27/Feb/2024:10:33:03 +0800] "GET /xingrg/kc/buy/cgsh_order_list.html HTTP/1.1" 200 57741
222.69.145.54 - - [27/Feb/2024:10:33:04 +0800] "GET /xingrg/all/function/internal_message.html?_=1709001185603&CODE_STATE=getMsg HTTP/1.1" 200 27
222.69.145.54 - - [27/Feb/2024:10:33:04 +0800] "GET /xingrg/check_reg.html?_=1709001185606 HTTP/1.1" 200 22
124.78.67.200 - - [27/Feb/2024:10:33:07 +0800] "POST /xingrg/kc/buy/cgsh_order_operate.html HTTP/1.1" 200 2065
222.70.115.1 - - [27/Feb/2024:10:33:10 +0800] "GET /xingrg/check_reg.html?_=1709001192128 HTTP/1.1" 200 22
222.70.115.1 - - [27/Feb/2024:10:33:10 +0800] "GET /xingrg/all/function/internal_message.html?_=1709001192129&CODE_STATE=getMsg HTTP/1.1" 200 27
116.237.72.5 - - [27/Feb/2024:10:33:12 +0800] "POST /xingrg/kc/buy/cgsh_list_operate.html HTTP/1.1" 200 3113
116.224.254.208 - - [27/Feb/2024:10:33:15 +0800] "GET /xingrg/all/function/internal_message.html?_=1709001194768&CODE_STATE=getMsg HTTP/1.1" 200 27
124.78.67.200 - - [27/Feb/2024:10:33:19 +0800] "GET /xingrg/kc/buy/cgsh_order_operate.html?command=get_materiel&rest_code=00141&code=00101008361&supplier_code=00100007&order_time=2024-02-27 HTTP/1.1" 200 408
116.224.254.208 - - [27/Feb/2024:10:33:20 +0800] "GET /xingrg/all/function/internal_message.html?_=1709001200456&CODE_STATE=getMsg HTTP/1.1" 200 27
116.224.254.208 - - [27/Feb/2024:10:33:20 +0800] "GET /xingrg/check_reg.html?_=1709001200459 HTTP/1.1" 200 22
180.169.147.146 - - [27/Feb/2024:10:33:28 +0800] "POST /xingrg/dwr/call/plaincall/AjaxReportQueryService.refreshCache.dwr HTTP/1.1" 200 78
120.253.135.82 - - [27/Feb/2024:10:33:28 +0800] "GET /xingrg/all/function/internal_message.html?_=1709001042987&CODE_STATE=getMsg HTTP/1.1" 200 27
180.169.147.146 - - [27/Feb/2024:10:33:29 +0800] "POST /xingrg/dwr/call/plaincall/AjaxReportQueryService.refreshCache.dwr HTTP/1.1" 200 78
180.169.147.146 - - [27/Feb/2024:10:33:30 +0800] "POST /xingrg/all/report/load_report_page.html HTTP/1.1" 200 52713
180.169.147.146 - - [27/Feb/2024:10:33:30 +0800] "GET /xingrg/servlets/image?cache=0.9144130181677095&image=px HTTP/1.1" 200 807
124.78.67.200 - - [27/Feb/2024:10:33:31 +0800] "GET /xingrg/kc/buy/cgsh_order_operate.html?command=get_materiel&rest_code=00141&code=00101008321&supplier_code=00100007&order_time=2024-02-27 HTTP/1.1" 200 412
180.169.147.146 - - [27/Feb/2024:10:33:31 +0800] "POST /xingrg/all/report/load_report_page.html HTTP/1.1" 200 52829
180.169.147.146 - - [27/Feb/2024:10:33:32 +0800] "GET /xingrg/servlets/image?cache=0.024961260575439903&image=px HTTP/1.1" 200 807
180.171.62.200 - - [27/Feb/2024:10:33:38 +0800] "GET /xingrg/all/function/internal_message.html?_=1709001219256&CODE_STATE=getMsg HTTP/1.1" 200 27
180.164.1.25 - - [27/Feb/2024:10:33:38 +0800] "GET /xingrg/all/function/internal_message.html?_=1709001218656&CODE_STATE=getMsg HTTP/1.1" 200 27
124.78.67.200 - - [27/Feb/2024:10:33:42 +0800] "GET /xingrg/kc/buy/cgsh_order_operate.html?command=get_materiel&rest_code=00141&code=00101008059&supplier_code=00100007&order_time=2024-02-27 HTTP/1.1" 200 408
116.237.72.5 - - [27/Feb/2024:10:33:43 +0800] "GET /xingrg/all/function/internal_message.html?_=1709001224941&CODE_STATE=getMsg HTTP/1.1" 200 27
116.238.97.31 - - [27/Feb/2024:10:33:44 +0800] "POST /xingrg/kc/base/wldb_order_operate.html HTTP/1.1" 200 37
116.230.123.222 - - [27/Feb/2024:10:33:44 +0800] "GET /xingrg/all/function/internal_message.html?_=1709001224335&CODE_STATE=getMsg HTTP/1.1" 200 27
222.70.245.42 - - [27/Feb/2024:10:33:48 +0800] "GET /xingrg/all/function/internal_message.html?_=1709001233758&CODE_STATE=getMsg HTTP/1.1" 200 27
116.238.97.31 - - [27/Feb/2024:10:33:50 +0800] "POST /xingrg/kc/base/wldb_order_operate.html HTTP/1.1" 200 12
116.238.97.31 - - [27/Feb/2024:10:33:50 +0800] "POST /xingrg/kc/base/wldb_order_operate.html HTTP/1.1" 200 7235
172.20.0.100 - - [27/Feb/2024:10:33:51 +0800] "GET /xingrg/all/function/internal_message.html?_=1709001230170&CODE_STATE=getMsg HTTP/1.1" 200 27
172.20.0.100 - - [27/Feb/2024:10:33:51 +0800] "GET /xingrg/check_reg.html?_=1709001230172 HTTP/1.1" 200 22
101.83.145.37 - - [27/Feb/2024:10:33:52 +0800] "GET /xingrg/all/function/internal_message.html?_=1709000991940&CODE_STATE=getMsg HTTP/1.1" 200 27
116.238.97.31 - - [27/Feb/2024:10:33:53 +0800] "GET /xingrg/kc/base/wldb_order_info.html?code=422024022702089 HTTP/1.1" 200 26216
116.238.97.31 - - [27/Feb/2024:10:33:53 +0800] "GET /xingrg/words/20240227092505_words.js HTTP/1.1" 304 -
116.238.97.31 - - [27/Feb/2024:10:33:53 +0800] "GET /xingrg/javascript/easyui/themes/default/validatebox.css HTTP/1.1" 404 1104
116.238.97.31 - - [27/Feb/2024:10:33:53 +0800] "POST /xingrg/kc/base/wldb_order_operate.html HTTP/1.1" 200 5416
124.79.245.19 - - [27/Feb/2024:10:33:56 +0800] "GET /xingrg/all/function/internal_message.html?_=1709001248541&CODE_STATE=getMsg HTTP/1.1" 200 27
116.238.97.31 - - [27/Feb/2024:10:33:56 +0800] "GET /xingrg/kc/base/wldb_order_add.html HTTP/1.1" 200 30340
180.169.147.146 - - [27/Feb/2024:10:33:56 +0800] "GET /xingrg/all/function/internal_message.html?_=1709001236847&CODE_STATE=getMsg HTTP/1.1" 200 27
116.238.97.31 - - [27/Feb/2024:10:33:57 +0800] "POST /xingrg/kc/base/wldb_order_operate.html HTTP/1.1" 200 6806
116.238.97.31 - - [27/Feb/2024:10:33:57 +0800] "GET /xingrg/javascript/easyui/themes/default/validatebox.css HTTP/1.1" 404 1104
116.238.97.31 - - [27/Feb/2024:10:33:58 +0800] "POST /xingrg/all/common/load_combo.html?type=base HTTP/1.1" 200 3321
180.169.147.146 - - [27/Feb/2024:10:33:59 +0800] "GET /xingrg/all/function/internal_message.html?_=1709001238077&CODE_STATE=getMsg HTTP/1.1" 200 27
116.238.97.31 - - [27/Feb/2024:10:34:00 +0800] "POST /xingrg/all/common/load_combo.html?type=base HTTP/1.1" 200 3321
180.169.147.146 - - [27/Feb/2024:10:34:00 +0800] "POST /xingrg/all/report/report_print.html HTTP/1.1" 200 7680
101.83.145.37 - - [27/Feb/2024:10:34:00 +0800] "GET /xingrg/all/function/internal_message.html?_=1709001241653&CODE_STATE=getMsg HTTP/1.1" 200 27
124.78.67.200 - - [27/Feb/2024:10:34:02 +0800] "GET /xingrg/all/function/internal_message.html?_=1709001242536&CODE_STATE=getMsg HTTP/1.1" 200 27
222.69.145.54 - - [27/Feb/2024:10:34:04 +0800] "GET /xingrg/all/function/internal_message.html?_=1709001245597&CODE_STATE=getMsg HTTP/1.1" 200 27
222.70.115.1 - - [27/Feb/2024:10:34:10 +0800] "GET /xingrg/all/function/internal_message.html?_=1709001252128&CODE_STATE=getMsg HTTP/1.1" 200 27
116.224.254.208 - - [27/Feb/2024:10:34:15 +0800] "GET /xingrg/all/function/internal_message.html?_=1709001254770&CODE_STATE=getMsg HTTP/1.1" 200 27
116.224.254.208 - - [27/Feb/2024:10:34:15 +0800] "GET /xingrg/check_reg.html?_=1709001254773 HTTP/1.1" 200 22
124.78.67.200 - - [27/Feb/2024:10:34:19 +0800] "POST /xingrg/kc/buy/cgsh_order_operate.html HTTP/1.1" 200 2065
116.238.97.31 - - [27/Feb/2024:10:34:20 +0800] "GET /xingrg/kc/base/wldb_order_operate.html?command=get_materiel&rest_code=00102&base_code=0010476&code=00101019134 HTTP/1.1" 200 478
116.224.254.208 - - [27/Feb/2024:10:34:20 +0800] "GET /xingrg/all/function/internal_message.html?_=1709001260442&CODE_STATE=getMsg HTTP/1.1" 200 27
124.78.67.200 - - [27/Feb/2024:10:34:25 +0800] "GET /xingrg/kc/buy/cgsh_order_operate.html?command=get_materiel&rest_code=00141&code=00101008298&supplier_code=00100007&order_time=2024-02-27 HTTP/1.1" 200 412
120.253.135.82 - - [27/Feb/2024:10:34:28 +0800] "GET /xingrg/all/function/internal_message.html?_=1709001103052&CODE_STATE=getMsg HTTP/1.1" 200 27
116.238.97.31 - - [27/Feb/2024:10:34:29 +0800] "POST /xingrg/kc/base/wldb_order_operate.html HTTP/1.1" 200 37
116.238.97.31 - - [27/Feb/2024:10:34:31 +0800] "GET /xingrg/login.html HTTP/1.1" 200 7641
116.238.97.31 - - [27/Feb/2024:10:34:35 +0800] "POST /xingrg/kc/base/wldb_order_operate.html HTTP/1.1" 200 12
116.238.97.31 - - [27/Feb/2024:10:34:35 +0800] "POST /xingrg/kc/base/wldb_order_operate.html HTTP/1.1" 200 3195
116.238.97.31 - - [27/Feb/2024:10:34:37 +0800] "GET /xingrg/kc/base/wldb_order_info.html?code=422024022702090 HTTP/1.1" 200 26217
116.238.97.31 - - [27/Feb/2024:10:34:37 +0800] "GET /xingrg/javascript/easyui/themes/default/validatebox.css HTTP/1.1" 404 1104
116.238.97.31 - - [27/Feb/2024:10:34:37 +0800] "POST /xingrg/kc/base/wldb_order_operate.html HTTP/1.1" 200 1467
116.238.97.31 - - [27/Feb/2024:10:34:38 +0800] "GET /favicon.ico HTTP/1.1" 404 -
180.171.62.200 - - [27/Feb/2024:10:34:38 +0800] "GET /xingrg/all/function/internal_message.html?_=1709001279258&CODE_STATE=getMsg HTTP/1.1" 200 27
180.164.1.25 - - [27/Feb/2024:10:34:38 +0800] "GET /xingrg/all/function/internal_message.html?_=1709001278670&CODE_STATE=getMsg HTTP/1.1" 200 27
180.164.1.25 - - [27/Feb/2024:10:34:38 +0800] "GET /xingrg/check_reg.html?_=1709001278673 HTTP/1.1" 200 22
116.238.97.31 - - [27/Feb/2024:10:34:39 +0800] "GET /xingrg/kc/base/wldb_order_add.html HTTP/1.1" 200 30340
116.238.97.31 - - [27/Feb/2024:10:34:39 +0800] "POST /xingrg/kc/base/wldb_order_operate.html HTTP/1.1" 200 6806
116.238.97.31 - - [27/Feb/2024:10:34:39 +0800] "GET /xingrg/javascript/easyui/themes/default/validatebox.css HTTP/1.1" 404 1104
116.238.97.31 - - [27/Feb/2024:10:34:41 +0800] "POST /xingrg/all/common/load_combo.html?type=base HTTP/1.1" 200 3321
116.238.97.31 - - [27/Feb/2024:10:34:42 +0800] "POST /xingrg/all/common/load_combo.html?type=base HTTP/1.1" 200 3321
116.237.72.5 - - [27/Feb/2024:10:34:43 +0800] "GET /xingrg/all/function/internal_message.html?_=1709001284942&CODE_STATE=getMsg HTTP/1.1" 200 27
116.230.123.222 - - [27/Feb/2024:10:34:44 +0800] "GET /xingrg/all/function/internal_message.html?_=1709001284361&CODE_STATE=getMsg HTTP/1.1" 200 27
222.70.245.42 - - [27/Feb/2024:10:34:45 +0800] "GET /xingrg/check_reg.html?_=1709001291703 HTTP/1.1" 200 22
222.70.245.42 - - [27/Feb/2024:10:34:48 +0800] "GET /xingrg/all/function/internal_message.html?_=1709001293770&CODE_STATE=getMsg HTTP/1.1" 200 27
116.238.97.31 - - [27/Feb/2024:10:34:49 +0800] "POST /xingrg/login.do HTTP/1.1" 302 -
116.238.97.31 - - [27/Feb/2024:10:34:49 +0800] "GET /xingrg/index.html?sysBaseUrl=http%3A%2F%2F180.169.147.146%3A18081%2Fxingrg%2F&costTime=870×tamp=1709001289074 HTTP/1.1" 200 17503
116.238.97.31 - - [27/Feb/2024:10:34:50 +0800] "GET /favicon.ico HTTP/1.1" 404 -
116.238.97.31 - - [27/Feb/2024:10:34:50 +0800] "POST /xingrg/all/common/load_tree.html?tree=area_rest_tree_json&manage=1 HTTP/1.1" 200 3624
116.238.97.31 - - [27/Feb/2024:10:34:50 +0800] "GET /xingrg/all/function/internal_message.html?_=1709001292677&CODE_STATE=count HTTP/1.1" 200 11
116.238.97.31 - - [27/Feb/2024:10:34:50 +0800] "GET /xingrg/check_reg.html?_=1709001292683 HTTP/1.1" 200 22
116.238.97.31 - - [27/Feb/2024:10:34:51 +0800] "POST /xingrg/load_menu.html HTTP/1.1" 200 11443
172.20.0.100 - - [27/Feb/2024:10:34:51 +0800] "GET /xingrg/all/function/internal_message.html?_=1709001290173&CODE_STATE=getMsg HTTP/1.1" 200 27
101.83.145.37 - - [27/Feb/2024:10:34:52 +0800] "GET /xingrg/check_reg.html?_=1709001051940 HTTP/1.1" 200 22
101.83.145.37 - - [27/Feb/2024:10:34:52 +0800] "GET /xingrg/all/function/internal_message.html?_=1709001051943&CODE_STATE=getMsg HTTP/1.1" 200 27
116.238.97.31 - - [27/Feb/2024:10:34:53 +0800] "POST /xingrg/all/user/operate.html HTTP/1.1" 200 36
116.238.97.31 - - [27/Feb/2024:10:34:53 +0800] "GET /xingrg/index.html?sysBaseUrl=http%3A%2F%2F180.169.147.146%3A18081%2Fxingrg%2F&costTime=870×tamp=1709001289074 HTTP/1.1" 200 17503
116.238.97.31 - - [27/Feb/2024:10:34:54 +0800] "GET /xingrg/javascript/jquery_easy_ui/themes/default/easyui.css HTTP/1.1" 304 -
116.238.97.31 - - [27/Feb/2024:10:34:54 +0800] "GET /xingrg/javascript/jquery_easy_ui/themes/icon.css HTTP/1.1" 304 -
116.238.97.31 - - [27/Feb/2024:10:34:54 +0800] "GET /xingrg/css/form.css HTTP/1.1" 304 -
116.238.97.31 - - [27/Feb/2024:10:34:54 +0800] "GET /xingrg/javascript/jquery-1.4.2.min.js HTTP/1.1" 304 -
116.238.97.31 - - [27/Feb/2024:10:34:54 +0800] "GET /xingrg/javascript/jquery_easy_ui/jquery.easyui.min.js HTTP/1.1" 304 -
116.238.97.31 - - [27/Feb/2024:10:34:54 +0800] "GET /xingrg/javascript/jquery_easy_ui/easyui-lang-zh_CN.js HTTP/1.1" 304 -
116.238.97.31 - - [27/Feb/2024:10:34:54 +0800] "GET /xingrg/javascript/jquery.form.js HTTP/1.1" 304 -
116.238.97.31 - - [27/Feb/2024:10:34:54 +0800] "GET /xingrg/javascript/jquery.utils.js HTTP/1.1" 304 -
116.238.97.31 - - [27/Feb/2024:10:34:54 +0800] "GET /xingrg/javascript/jquery.timers.js HTTP/1.1" 304 -
116.238.97.31 - - [27/Feb/2024:10:34:54 +0800] "GET /xingrg/images/blue/jxLogo.png HTTP/1.1" 304 -
116.238.97.31 - - [27/Feb/2024:10:34:54 +0800] "GET /xingrg/images/blue/navBackgound.jpg HTTP/1.1" 304 -
116.238.97.31 - - [27/Feb/2024:10:34:54 +0800] "GET /xingrg/javascript/jquery_easy_ui/themes/icons/settle_new.png HTTP/1.1" 304 -
116.238.97.31 - - [27/Feb/2024:10:34:54 +0800] "GET /xingrg/kc/base/wldb_order_operate.html?command=get_materiel&rest_code=00102&base_code=0010476&code=00101013093 HTTP/1.1" 200 450
116.238.97.31 - - [27/Feb/2024:10:34:54 +0800] "GET /xingrg/all/function/internal_message.html?_=1709001296325&CODE_STATE=count HTTP/1.1" 200 11
116.238.97.31 - - [27/Feb/2024:10:34:54 +0800] "GET /xingrg/check_reg.html?_=1709001296326 HTTP/1.1" 200 22
