222.70.245.42 - - [27/Feb/2024:07:14:32 +0800] "GET /xingrg/kc/base/wldb_order_operate.html?command=get_materiel&rest_code=00146&base_code=0010064&code=00102001008 HTTP/1.1" 200 440
222.70.245.42 - - [27/Feb/2024:07:14:37 +0800] "GET /xingrg/check_reg.html?_=1708989282369 HTTP/1.1" 200 22
222.70.245.42 - - [27/Feb/2024:07:14:37 +0800] "GET /xingrg/all/function/internal_message.html?_=1708989282425&CODE_STATE=getMsg HTTP/1.1" 200 27
180.171.62.200 - - [27/Feb/2024:07:14:38 +0800] "GET /xingrg/all/function/internal_message.html?_=1708989279215&CODE_STATE=getMsg HTTP/1.1" 200 27
120.253.135.82 - - [27/Feb/2024:07:14:40 +0800] "POST /xingrg/kc/pszx/mdps_list_operate.html HTTP/1.1" 200 2805
120.253.135.82 - - [27/Feb/2024:07:14:41 +0800] "POST /xingrg/kc/pszx/mdps_list_operate.html HTTP/1.1" 200 593
58.40.7.146 - - [27/Feb/2024:07:14:42 +0800] "GET /xingrg/all/function/internal_message.html?_=1708989282318&CODE_STATE=getMsg HTTP/1.1" 200 27
180.169.147.146 - - [27/Feb/2024:07:14:43 +0800] "GET /xingrg/all/function/internal_message.html?_=1708989283022&CODE_STATE=getMsg HTTP/1.1" 200 27
120.253.135.82 - - [27/Feb/2024:07:14:43 +0800] "POST /xingrg/kc/pszx/mdps_list_operate.html HTTP/1.1" 200 452
120.253.135.82 - - [27/Feb/2024:07:14:45 +0800] "GET /xingrg/kc/pszx/mdps_order_info.html?code=312024022700370 HTTP/1.1" 200 23978
120.253.135.82 - - [27/Feb/2024:07:14:45 +0800] "GET /xingrg/javascript/easyui/themes/default/validatebox.css HTTP/1.1" 404 1104
120.253.135.82 - - [27/Feb/2024:07:14:45 +0800] "POST /xingrg/kc/pszx/mdps_order_operate.html HTTP/1.1" 200 3765
222.70.245.42 - - [27/Feb/2024:07:14:45 +0800] "POST /xingrg/kc/base/wldb_order_operate.html HTTP/1.1" 200 37
120.253.135.82 - - [27/Feb/2024:07:14:47 +0800] "POST /xingrg/all/common/load_combo.html?type=base HTTP/1.1" 200 1169
222.70.245.42 - - [27/Feb/2024:07:14:51 +0800] "POST /xingrg/kc/base/wldb_order_operate.html HTTP/1.1" 200 12
222.70.245.42 - - [27/Feb/2024:07:14:51 +0800] "POST /xingrg/kc/base/wldb_order_operate.html HTTP/1.1" 200 2183
120.253.135.82 - - [27/Feb/2024:07:14:51 +0800] "GET /xingrg/all/function/internal_message.html?_=1708989125677&CODE_STATE=getMsg HTTP/1.1" 200 27
120.253.135.82 - - [27/Feb/2024:07:14:51 +0800] "GET /xingrg/check_reg.html?_=1708989125676 HTTP/1.1" 200 22
120.253.135.82 - - [27/Feb/2024:07:14:51 +0800] "POST /xingrg/kc/pszx/mdps_order_operate.html HTTP/1.1" 200 37
120.253.135.82 - - [27/Feb/2024:07:14:53 +0800] "GET /xingrg/kc/pszx/mdps_order_info.html?code=312024022700370 HTTP/1.1" 200 23978
120.253.135.82 - - [27/Feb/2024:07:14:53 +0800] "GET /xingrg/javascript/easyui/themes/default/validatebox.css HTTP/1.1" 404 1104
120.253.135.82 - - [27/Feb/2024:07:14:54 +0800] "POST /xingrg/kc/pszx/mdps_order_operate.html HTTP/1.1" 200 3796
222.70.245.42 - - [27/Feb/2024:07:14:58 +0800] "GET /xingrg/kc/base/wldb_order_info.html?code=422024022702086 HTTP/1.1" 200 26228
222.70.245.42 - - [27/Feb/2024:07:14:58 +0800] "GET /xingrg/javascript/easyui/themes/default/validatebox.css HTTP/1.1" 404 1104
222.70.245.42 - - [27/Feb/2024:07:14:58 +0800] "POST /xingrg/kc/base/wldb_order_operate.html HTTP/1.1" 200 478
222.70.245.42 - - [27/Feb/2024:07:15:01 +0800] "GET /xingrg/kc/base/wldb_order_add.html HTTP/1.1" 200 30350
222.70.245.42 - - [27/Feb/2024:07:15:02 +0800] "POST /xingrg/kc/base/wldb_order_operate.html HTTP/1.1" 200 6806
222.70.245.42 - - [27/Feb/2024:07:15:02 +0800] "GET /xingrg/javascript/easyui/themes/default/validatebox.css HTTP/1.1" 404 1104
124.78.67.200 - - [27/Feb/2024:07:15:05 +0800] "GET /xingrg/all/function/internal_message.html?_=1708989305919&CODE_STATE=getMsg HTTP/1.1" 200 27
120.253.135.82 - - [27/Feb/2024:07:15:10 +0800] "POST /xingrg/kc/pszx/mdps_list_operate.html HTTP/1.1" 200 2805
120.253.135.82 - - [27/Feb/2024:07:15:12 +0800] "GET /xingrg/kc/buy/buy_main.html HTTP/1.1" 200 12341
120.253.135.82 - - [27/Feb/2024:07:15:12 +0800] "GET /xingrg/css/new_ie.css HTTP/1.1" 404 1036
120.253.135.82 - - [27/Feb/2024:07:15:13 +0800] "GET /xingrg/images/yd/bt.gif HTTP/1.1" 404 1040
120.253.135.82 - - [27/Feb/2024:07:15:14 +0800] "GET /xingrg/kc/buy/cgsh_order_list.html HTTP/1.1" 200 57692
120.253.135.82 - - [27/Feb/2024:07:15:17 +0800] "POST /xingrg/kc/buy/cgsh_list_operate.html HTTP/1.1" 200 986
120.253.135.82 - - [27/Feb/2024:07:15:19 +0800] "GET /xingrg/kc/buy/cgsh_order_add.html HTTP/1.1" 200 72531
120.253.135.82 - - [27/Feb/2024:07:15:19 +0800] "POST /xingrg/kc/buy/cgsh_order_operate.html HTTP/1.1" 200 8245
120.253.135.82 - - [27/Feb/2024:07:15:19 +0800] "GET /xingrg/javascript/easyui/themes/default/validatebox.css HTTP/1.1" 404 1104
222.70.245.42 - - [27/Feb/2024:07:15:22 +0800] "GET /xingrg/kc/base/wldb_order_operate.html?command=get_materiel&rest_code=00146&base_code=0010064&code=00102002453 HTTP/1.1" 200 434
120.253.135.82 - - [27/Feb/2024:07:15:27 +0800] "GET /xingrg/kc/buy/cgsh_order_operate.html?command=get_materiel&rest_code=00101&code=00102002543&supplier_code=&order_time=2024-02-27 HTTP/1.1" 200 441
124.78.67.200 - - [27/Feb/2024:07:15:28 +0800] "GET /xingrg/check_reg.html?_=1708989328670 HTTP/1.1" 200 22
120.253.135.82 - - [27/Feb/2024:07:15:30 +0800] "POST /xingrg/all/common/load_select.html HTTP/1.1" 200 25
222.70.245.42 - - [27/Feb/2024:07:15:30 +0800] "GET /xingrg/kc/base/wldb_order_operate.html?command=get_materiel&rest_code=00146&base_code=0010064&code=00102002238 HTTP/1.1" 200 434
120.253.135.82 - - [27/Feb/2024:07:15:34 +0800] "GET /xingrg/kc/buy/cgsh_order_operate.html?command=get_materiel_price&rest_code=00101&code=00102002543&unit_code=00100130&supplier_code=&order_time=2024-02-27 HTTP/1.1" 200 30
222.70.245.42 - - [27/Feb/2024:07:15:37 +0800] "GET /xingrg/all/function/internal_message.html?_=1708989342440&CODE_STATE=getMsg HTTP/1.1" 200 27
180.171.62.200 - - [27/Feb/2024:07:15:38 +0800] "GET /xingrg/all/function/internal_message.html?_=1708989339216&CODE_STATE=getMsg HTTP/1.1" 200 27
120.253.135.82 - - [27/Feb/2024:07:15:39 +0800] "GET /xingrg/kc/pszx/mdps_order_list.html?orderType=0 HTTP/1.1" 200 20995
120.253.135.82 - - [27/Feb/2024:07:15:40 +0800] "POST /xingrg/kc/pszx/mdps_list_operate.html HTTP/1.1" 200 5326
58.40.7.146 - - [27/Feb/2024:07:15:42 +0800] "GET /xingrg/all/function/internal_message.html?_=1708989342320&CODE_STATE=getMsg HTTP/1.1" 200 27
180.169.147.146 - - [27/Feb/2024:07:15:43 +0800] "GET /xingrg/all/function/internal_message.html?_=1708989343043&CODE_STATE=getMsg HTTP/1.1" 200 27
120.253.135.82 - - [27/Feb/2024:07:15:47 +0800] "POST /xingrg/kc/pszx/mdps_list_operate.html HTTP/1.1" 200 2805
120.253.135.82 - - [27/Feb/2024:07:15:49 +0800] "POST /xingrg/kc/pszx/mdps_list_operate.html HTTP/1.1" 200 452
120.253.135.82 - - [27/Feb/2024:07:15:50 +0800] "GET /xingrg/kc/pszx/mdps_order_info.html?code=312024022700370 HTTP/1.1" 200 23978
120.253.135.82 - - [27/Feb/2024:07:15:51 +0800] "GET /xingrg/javascript/easyui/themes/default/validatebox.css HTTP/1.1" 404 1104
120.253.135.82 - - [27/Feb/2024:07:15:51 +0800] "POST /xingrg/kc/pszx/mdps_order_operate.html HTTP/1.1" 200 3796
120.253.135.82 - - [27/Feb/2024:07:15:51 +0800] "GET /xingrg/all/function/internal_message.html?_=1708989185679&CODE_STATE=getMsg HTTP/1.1" 200 27
222.70.245.42 - - [27/Feb/2024:07:16:01 +0800] "POST /xingrg/kc/base/wldb_order_operate.html HTTP/1.1" 200 37
124.78.67.200 - - [27/Feb/2024:07:16:05 +0800] "GET /xingrg/all/function/internal_message.html?_=1708989365902&CODE_STATE=getMsg HTTP/1.1" 200 27
222.70.245.42 - - [27/Feb/2024:07:16:06 +0800] "POST /xingrg/kc/base/wldb_order_operate.html HTTP/1.1" 200 12
222.70.245.42 - - [27/Feb/2024:07:16:06 +0800] "POST /xingrg/kc/base/wldb_order_operate.html HTTP/1.1" 200 2655
222.70.245.42 - - [27/Feb/2024:07:16:07 +0800] "GET /xingrg/kc/base/wldb_order_info.html?code=422024022702087 HTTP/1.1" 200 26230
222.70.245.42 - - [27/Feb/2024:07:16:08 +0800] "GET /xingrg/javascript/easyui/themes/default/validatebox.css HTTP/1.1" 404 1104
222.70.245.42 - - [27/Feb/2024:07:16:08 +0800] "POST /xingrg/kc/base/wldb_order_operate.html HTTP/1.1" 200 940
120.253.135.82 - - [27/Feb/2024:07:16:08 +0800] "GET /xingrg/kc/pszx/mdps_order_operate.html?command=get_materiel&pszx_code=00101&rest_code=00104&base_code=0010250&code=00102034154 HTTP/1.1" 200 453
120.253.135.82 - - [27/Feb/2024:07:16:10 +0800] "POST /xingrg/all/common/load_select.html HTTP/1.1" 200 25
222.70.245.42 - - [27/Feb/2024:07:16:11 +0800] "GET /xingrg/kc/base/wldb_order_add.html HTTP/1.1" 200 30350
222.70.245.42 - - [27/Feb/2024:07:16:11 +0800] "POST /xingrg/kc/base/wldb_order_operate.html HTTP/1.1" 200 6806
222.70.245.42 - - [27/Feb/2024:07:16:12 +0800] "GET /xingrg/javascript/easyui/themes/default/validatebox.css HTTP/1.1" 404 1104
120.253.135.82 - - [27/Feb/2024:07:16:12 +0800] "GET /xingrg/kc/pszx/mdps_order_operate.html?command=get_materiel_price&pszx_code=00101&rest_code=00104&base_code=0010250&code=00102034154&unit_code=00100367&order_time=2024-02-28 HTTP/1.1" 200 35
120.253.135.82 - - [27/Feb/2024:07:16:29 +0800] "POST /xingrg/kc/pszx/mdps_order_operate.html HTTP/1.1" 200 37
120.253.135.82 - - [27/Feb/2024:07:16:30 +0800] "GET /xingrg/kc/pszx/mdps_order_info.html?code=312024022700370 HTTP/1.1" 200 23978
120.253.135.82 - - [27/Feb/2024:07:16:31 +0800] "GET /xingrg/javascript/easyui/themes/default/validatebox.css HTTP/1.1" 404 1104
120.253.135.82 - - [27/Feb/2024:07:16:31 +0800] "POST /xingrg/kc/pszx/mdps_order_operate.html HTTP/1.1" 200 3789
120.253.135.82 - - [27/Feb/2024:07:16:36 +0800] "GET /xingrg/kc/pszx/mdps_order_info.html?code=312024022700370 HTTP/1.1" 200 23978
222.70.245.42 - - [27/Feb/2024:07:16:37 +0800] "GET /xingrg/all/function/internal_message.html?_=1708989402453&CODE_STATE=getMsg HTTP/1.1" 200 27
120.253.135.82 - - [27/Feb/2024:07:16:37 +0800] "GET /xingrg/javascript/easyui/themes/default/validatebox.css HTTP/1.1" 404 1104
120.253.135.82 - - [27/Feb/2024:07:16:37 +0800] "POST /xingrg/kc/pszx/mdps_order_operate.html HTTP/1.1" 200 3789
180.171.62.200 - - [27/Feb/2024:07:16:38 +0800] "GET /xingrg/check_reg.html?_=1708989399218 HTTP/1.1" 200 22
180.171.62.200 - - [27/Feb/2024:07:16:38 +0800] "GET /xingrg/all/function/internal_message.html?_=1708989399221&CODE_STATE=getMsg HTTP/1.1" 200 27
222.70.245.42 - - [27/Feb/2024:07:16:41 +0800] "GET /xingrg/kc/base/wldb_order_operate.html?command=get_materiel&rest_code=00146&base_code=0010069&code=00101007032 HTTP/1.1" 200 435
58.40.7.146 - - [27/Feb/2024:07:16:42 +0800] "GET /xingrg/all/function/internal_message.html?_=1708989402322&CODE_STATE=getMsg HTTP/1.1" 200 27
58.40.7.146 - - [27/Feb/2024:07:16:42 +0800] "GET /xingrg/check_reg.html?_=1708989402323 HTTP/1.1" 200 22
180.169.147.146 - - [27/Feb/2024:07:16:43 +0800] "GET /xingrg/check_reg.html?_=1708989403018 HTTP/1.1" 200 22
180.169.147.146 - - [27/Feb/2024:07:16:43 +0800] "GET /xingrg/all/function/internal_message.html?_=1708989403022&CODE_STATE=getMsg HTTP/1.1" 200 27
120.253.135.82 - - [27/Feb/2024:07:16:45 +0800] "POST /xingrg/kc/pszx/mdps_order_operate.html HTTP/1.1" 200 37
120.253.135.82 - - [27/Feb/2024:07:16:48 +0800] "GET /xingrg/kc/pszx/mdps_order_info.html?code=312024022700370 HTTP/1.1" 200 23978
120.253.135.82 - - [27/Feb/2024:07:16:48 +0800] "GET /xingrg/javascript/easyui/themes/default/validatebox.css HTTP/1.1" 404 1104
120.253.135.82 - - [27/Feb/2024:07:16:49 +0800] "POST /xingrg/kc/pszx/mdps_order_operate.html HTTP/1.1" 200 3789
120.253.135.82 - - [27/Feb/2024:07:16:51 +0800] "GET /xingrg/all/function/internal_message.html?_=1708989245822&CODE_STATE=getMsg HTTP/1.1" 200 27
120.253.135.82 - - [27/Feb/2024:07:16:51 +0800] "POST /xingrg/kc/pszx/mdps_list_operate.html HTTP/1.1" 200 2805
222.70.245.42 - - [27/Feb/2024:07:16:53 +0800] "POST /xingrg/kc/base/wldb_order_operate.html HTTP/1.1" 200 37
120.253.135.82 - - [27/Feb/2024:07:16:53 +0800] "POST /xingrg/kc/pszx/mdps_list_operate.html HTTP/1.1" 200 378
120.253.135.82 - - [27/Feb/2024:07:16:55 +0800] "GET /xingrg/kc/pszx/mdps_order_info.html?code=312024022700371 HTTP/1.1" 200 23978
120.253.135.82 - - [27/Feb/2024:07:16:55 +0800] "GET /xingrg/javascript/easyui/themes/default/validatebox.css HTTP/1.1" 404 1104
222.70.245.42 - - [27/Feb/2024:07:16:58 +0800] "POST /xingrg/kc/base/wldb_order_operate.html HTTP/1.1" 200 12
120.253.135.82 - - [27/Feb/2024:07:16:59 +0800] "POST /xingrg/kc/pszx/mdps_order_operate.html HTTP/1.1" 200 3288
222.70.245.42 - - [27/Feb/2024:07:16:59 +0800] "POST /xingrg/kc/base/wldb_order_operate.html HTTP/1.1" 200 2186
222.70.245.42 - - [27/Feb/2024:07:17:00 +0800] "GET /xingrg/kc/base/wldb_order_info.html?code=422024022702088 HTTP/1.1" 200 26225
222.70.245.42 - - [27/Feb/2024:07:17:01 +0800] "GET /xingrg/javascript/easyui/themes/default/validatebox.css HTTP/1.1" 404 1104
222.70.245.42 - - [27/Feb/2024:07:17:01 +0800] "POST /xingrg/kc/base/wldb_order_operate.html HTTP/1.1" 200 480
120.253.135.82 - - [27/Feb/2024:07:17:02 +0800] "POST /xingrg/kc/pszx/mdps_order_operate.html HTTP/1.1" 200 37
120.253.135.82 - - [27/Feb/2024:07:17:04 +0800] "GET /xingrg/kc/pszx/mdps_order_info.html?code=312024022700371 HTTP/1.1" 200 23978
120.253.135.82 - - [27/Feb/2024:07:17:04 +0800] "GET /xingrg/javascript/easyui/themes/default/validatebox.css HTTP/1.1" 404 1104
120.253.135.82 - - [27/Feb/2024:07:17:05 +0800] "POST /xingrg/kc/pszx/mdps_order_operate.html HTTP/1.1" 200 3310
124.78.67.200 - - [27/Feb/2024:07:17:05 +0800] "GET /xingrg/all/function/internal_message.html?_=1708989425883&CODE_STATE=getMsg HTTP/1.1" 200 27
120.253.135.82 - - [27/Feb/2024:07:17:10 +0800] "POST /xingrg/kc/pszx/mdps_list_operate.html HTTP/1.1" 200 2805
120.253.135.82 - - [27/Feb/2024:07:17:15 +0800] "POST /xingrg/kc/pszx/mdps_list_operate.html HTTP/1.1" 200 448
120.253.135.82 - - [27/Feb/2024:07:17:18 +0800] "POST /xingrg/kc/pszx/mdps_list_operate.html HTTP/1.1" 200 593
120.253.135.82 - - [27/Feb/2024:07:17:21 +0800] "GET /xingrg/kc/pszx/mdps_order_info.html?code=312024022700369 HTTP/1.1" 200 23978
120.253.135.82 - - [27/Feb/2024:07:17:21 +0800] "GET /xingrg/javascript/easyui/themes/default/validatebox.css HTTP/1.1" 404 1104
120.253.135.82 - - [27/Feb/2024:07:17:22 +0800] "POST /xingrg/kc/pszx/mdps_order_operate.html HTTP/1.1" 200 4787
120.253.135.82 - - [27/Feb/2024:07:17:30 +0800] "POST /xingrg/kc/pszx/mdps_list_operate.html HTTP/1.1" 200 2805
222.70.245.42 - - [27/Feb/2024:07:17:37 +0800] "GET /xingrg/all/function/internal_message.html?_=1708989462466&CODE_STATE=getMsg HTTP/1.1" 200 27
180.171.62.200 - - [27/Feb/2024:07:17:38 +0800] "GET /xingrg/all/function/internal_message.html?_=1708989459223&CODE_STATE=getMsg HTTP/1.1" 200 27
58.40.7.146 - - [27/Feb/2024:07:17:42 +0800] "GET /xingrg/all/function/internal_message.html?_=1708989462324&CODE_STATE=getMsg HTTP/1.1" 200 27
180.169.147.146 - - [27/Feb/2024:07:17:43 +0800] "GET /xingrg/all/function/internal_message.html?_=1708989463034&CODE_STATE=getMsg HTTP/1.1" 200 27
120.253.135.82 - - [27/Feb/2024:07:17:51 +0800] "GET /xingrg/all/function/internal_message.html?_=1708989305998&CODE_STATE=getMsg HTTP/1.1" 200 27
124.78.67.200 - - [27/Feb/2024:07:18:05 +0800] "GET /xingrg/all/function/internal_message.html?_=1708989485869&CODE_STATE=getMsg HTTP/1.1" 200 27
120.253.135.82 - - [27/Feb/2024:07:18:13 +0800] "GET /xingrg/kc/pszx/mdqp_order_list.html?state=10 HTTP/1.1" 200 11966
120.253.135.82 - - [27/Feb/2024:07:18:13 +0800] "GET /xingrg/dwr/interface/AjaxQqpsService.js HTTP/1.1" 200 16326
120.253.135.82 - - [27/Feb/2024:07:18:13 +0800] "GET /xingrg/dwr/interface/AjaxReportQueryService.js HTTP/1.1" 200 13203
120.253.135.82 - - [27/Feb/2024:07:18:13 +0800] "GET /xingrg/dwr/engine.js HTTP/1.1" 200 43631
120.253.135.82 - - [27/Feb/2024:07:18:16 +0800] "GET /xingrg/kc/pszx/jzcl_ps.html HTTP/1.1" 200 7683
120.253.135.82 - - [27/Feb/2024:07:18:16 +0800] "POST /xingrg/all/common/load_tree.html?tree=area_rest_tree_json HTTP/1.1" 200 3624
120.253.135.82 - - [27/Feb/2024:07:18:16 +0800] "POST /xingrg/kc/pszx/jzcl_ps_operate.html HTTP/1.1" 200 1715
120.253.135.82 - - [27/Feb/2024:07:18:17 +0800] "POST /xingrg/kc/pszx/jzcl_ps_operate.html HTTP/1.1" 200 1715
120.253.135.82 - - [27/Feb/2024:07:18:32 +0800] "POST /xingrg/kc/pszx/jzcl_ps_operate.html HTTP/1.1" 200 4
222.70.245.42 - - [27/Feb/2024:07:18:37 +0800] "GET /xingrg/all/function/internal_message.html?_=1708989522479&CODE_STATE=getMsg HTTP/1.1" 200 27
180.171.62.200 - - [27/Feb/2024:07:18:38 +0800] "GET /xingrg/all/function/internal_message.html?_=1708989519209&CODE_STATE=getMsg HTTP/1.1" 200 27
58.40.7.146 - - [27/Feb/2024:07:18:42 +0800] "GET /xingrg/all/function/internal_message.html?_=1708989522326&CODE_STATE=getMsg HTTP/1.1" 200 27
180.169.147.146 - - [27/Feb/2024:07:18:43 +0800] "GET /xingrg/all/function/internal_message.html?_=1708989523037&CODE_STATE=getMsg HTTP/1.1" 200 27
120.253.135.82 - - [27/Feb/2024:07:18:46 +0800] "GET /xingrg/kc/pszx/mdps_order_list.html HTTP/1.1" 200 20995
120.253.135.82 - - [27/Feb/2024:07:18:47 +0800] "POST /xingrg/kc/pszx/mdps_list_operate.html HTTP/1.1" 200 5402
120.253.135.82 - - [27/Feb/2024:07:18:51 +0800] "GET /xingrg/all/function/internal_message.html?_=1708989366016&CODE_STATE=getMsg HTTP/1.1" 200 27
222.70.115.1 - - [27/Feb/2024:07:18:54 +0800] "POST /xingrg/services/DataTransmitService HTTP/1.1" 200 524
120.253.135.82 - - [27/Feb/2024:07:19:04 +0800] "POST /xingrg/kc/pszx/mdps_list_operate.html HTTP/1.1" 200 3921
124.78.67.200 - - [27/Feb/2024:07:19:05 +0800] "GET /xingrg/all/function/internal_message.html?_=1708989545850&CODE_STATE=getMsg HTTP/1.1" 200 27
120.253.135.82 - - [27/Feb/2024:07:19:06 +0800] "POST /xingrg/kc/pszx/mdps_list_operate.html HTTP/1.1" 200 205
120.253.135.82 - - [27/Feb/2024:07:19:08 +0800] "GET /xingrg/kc/pszx/mdps_order_info.html?code=312024021600228 HTTP/1.1" 200 23982
120.253.135.82 - - [27/Feb/2024:07:19:08 +0800] "GET /xingrg/javascript/easyui/themes/default/validatebox.css HTTP/1.1" 404 1104
120.253.135.82 - - [27/Feb/2024:07:19:08 +0800] "POST /xingrg/kc/pszx/mdps_order_operate.html HTTP/1.1" 200 2285
120.253.135.82 - - [27/Feb/2024:07:19:12 +0800] "POST /xingrg/kc/pszx/mdps_list_operate.html HTTP/1.1" 200 216
120.253.135.82 - - [27/Feb/2024:07:19:14 +0800] "GET /xingrg/kc/pszx/mdps_order_info.html?code=312024022300302 HTTP/1.1" 200 23978
120.253.135.82 - - [27/Feb/2024:07:19:14 +0800] "GET /xingrg/javascript/easyui/themes/default/validatebox.css HTTP/1.1" 404 1104
120.253.135.82 - - [27/Feb/2024:07:19:15 +0800] "POST /xingrg/kc/pszx/mdps_order_operate.html HTTP/1.1" 200 2310
120.253.135.82 - - [27/Feb/2024:07:19:19 +0800] "POST /xingrg/kc/pszx/mdps_list_operate.html HTTP/1.1" 200 3921
120.253.135.82 - - [27/Feb/2024:07:19:20 +0800] "POST /xingrg/kc/pszx/mdps_list_operate.html HTTP/1.1" 200 210
120.253.135.82 - - [27/Feb/2024:07:19:22 +0800] "GET /xingrg/kc/pszx/mdps_order_info.html?code=312024022500335 HTTP/1.1" 200 23976
120.253.135.82 - - [27/Feb/2024:07:19:23 +0800] "GET /xingrg/javascript/easyui/themes/default/validatebox.css HTTP/1.1" 404 1104
120.253.135.82 - - [27/Feb/2024:07:19:23 +0800] "POST /xingrg/kc/pszx/mdps_order_operate.html HTTP/1.1" 200 2286
120.253.135.82 - - [27/Feb/2024:07:19:25 +0800] "POST /xingrg/kc/pszx/mdps_list_operate.html HTTP/1.1" 200 3921
120.253.135.82 - - [27/Feb/2024:07:19:26 +0800] "POST /xingrg/kc/pszx/mdps_list_operate.html HTTP/1.1" 200 617
120.253.135.82 - - [27/Feb/2024:07:19:28 +0800] "GET /xingrg/kc/pszx/mdps_order_info.html?code=312024022700372 HTTP/1.1" 200 23978
120.253.135.82 - - [27/Feb/2024:07:19:28 +0800] "GET /xingrg/javascript/easyui/themes/default/validatebox.css HTTP/1.1" 404 1104
120.253.135.82 - - [27/Feb/2024:07:19:29 +0800] "POST /xingrg/kc/pszx/mdps_order_operate.html HTTP/1.1" 200 4764
120.253.135.82 - - [27/Feb/2024:07:19:32 +0800] "POST /xingrg/kc/pszx/mdps_order_operate.html HTTP/1.1" 200 37
120.253.135.82 - - [27/Feb/2024:07:19:34 +0800] "GET /xingrg/kc/pszx/mdps_order_info.html?code=312024022700372 HTTP/1.1" 200 23978
120.253.135.82 - - [27/Feb/2024:07:19:34 +0800] "GET /xingrg/javascript/easyui/themes/default/validatebox.css HTTP/1.1" 404 1104
120.253.135.82 - - [27/Feb/2024:07:19:35 +0800] "POST /xingrg/kc/pszx/mdps_order_operate.html HTTP/1.1" 200 4812
222.70.245.42 - - [27/Feb/2024:07:19:37 +0800] "GET /xingrg/check_reg.html?_=1708989582580 HTTP/1.1" 200 22
222.70.245.42 - - [27/Feb/2024:07:19:37 +0800] "GET /xingrg/all/function/internal_message.html?_=1708989582581&CODE_STATE=getMsg HTTP/1.1" 200 27
180.171.62.200 - - [27/Feb/2024:07:19:38 +0800] "GET /xingrg/all/function/internal_message.html?_=1708989579211&CODE_STATE=getMsg HTTP/1.1" 200 27
58.40.7.146 - - [27/Feb/2024:07:19:42 +0800] "GET /xingrg/all/function/internal_message.html?_=1708989582330&CODE_STATE=getMsg HTTP/1.1" 200 27
180.169.147.146 - - [27/Feb/2024:07:19:43 +0800] "GET /xingrg/all/function/internal_message.html?_=1708989583037&CODE_STATE=getMsg HTTP/1.1" 200 27
120.253.135.82 - - [27/Feb/2024:07:19:49 +0800] "POST /xingrg/all/common/load_select.html HTTP/1.1" 200 25
120.253.135.82 - - [27/Feb/2024:07:19:51 +0800] "GET /xingrg/kc/pszx/mdps_order_operate.html?command=get_materiel_price&pszx_code=00101&rest_code=00149&base_code=0010246&code=00101016046&unit_code=00100138&order_time=2024-02-28 HTTP/1.1" 200 35
120.253.135.82 - - [27/Feb/2024:07:19:51 +0800] "GET /xingrg/check_reg.html?_=1708989425671 HTTP/1.1" 200 22
120.253.135.82 - - [27/Feb/2024:07:19:51 +0800] "GET /xingrg/all/function/internal_message.html?_=1708989426030&CODE_STATE=getMsg HTTP/1.1" 200 27
120.253.135.82 - - [27/Feb/2024:07:20:03 +0800] "POST /xingrg/kc/pszx/mdps_order_operate.html HTTP/1.1" 200 37
124.78.67.200 - - [27/Feb/2024:07:20:05 +0800] "GET /xingrg/all/function/internal_message.html?_=1708989605825&CODE_STATE=getMsg HTTP/1.1" 200 27
120.253.135.82 - - [27/Feb/2024:07:20:05 +0800] "GET /xingrg/kc/pszx/mdps_order_info.html?code=312024022700372 HTTP/1.1" 200 23978
120.253.135.82 - - [27/Feb/2024:07:20:06 +0800] "GET /xingrg/javascript/easyui/themes/default/validatebox.css HTTP/1.1" 404 1104
120.253.135.82 - - [27/Feb/2024:07:20:06 +0800] "POST /xingrg/kc/pszx/mdps_order_operate.html HTTP/1.1" 200 4811
120.253.135.82 - - [27/Feb/2024:07:20:07 +0800] "POST /xingrg/kc/pszx/mdps_list_operate.html HTTP/1.1" 200 3921
120.253.135.82 - - [27/Feb/2024:07:20:09 +0800] "POST /xingrg/kc/pszx/mdps_list_operate.html HTTP/1.1" 200 300
120.253.135.82 - - [27/Feb/2024:07:20:10 +0800] "GET /xingrg/kc/pszx/mdps_order_info.html?code=312024022700373 HTTP/1.1" 200 23978
120.253.135.82 - - [27/Feb/2024:07:20:11 +0800] "GET /xingrg/javascript/easyui/themes/default/validatebox.css HTTP/1.1" 404 1104
120.253.135.82 - - [27/Feb/2024:07:20:11 +0800] "POST /xingrg/kc/pszx/mdps_order_operate.html HTTP/1.1" 200 2792
120.253.135.82 - - [27/Feb/2024:07:20:13 +0800] "POST /xingrg/all/common/load_combo.html?type=base HTTP/1.1" 200 1169
120.253.135.82 - - [27/Feb/2024:07:20:17 +0800] "POST /xingrg/kc/pszx/mdps_order_operate.html HTTP/1.1" 200 37
120.253.135.82 - - [27/Feb/2024:07:20:18 +0800] "GET /xingrg/kc/pszx/mdps_order_info.html?code=312024022700373 HTTP/1.1" 200 23978
120.253.135.82 - - [27/Feb/2024:07:20:19 +0800] "GET /xingrg/javascript/easyui/themes/default/validatebox.css HTTP/1.1" 404 1104
120.253.135.82 - - [27/Feb/2024:07:20:19 +0800] "POST /xingrg/kc/pszx/mdps_order_operate.html HTTP/1.1" 200 2811
120.253.135.82 - - [27/Feb/2024:07:20:21 +0800] "POST /xingrg/kc/pszx/mdps_list_operate.html HTTP/1.1" 200 3921
120.253.135.82 - - [27/Feb/2024:07:20:23 +0800] "POST /xingrg/kc/pszx/mdps_list_operate.html HTTP/1.1" 200 478
120.253.135.82 - - [27/Feb/2024:07:20:24 +0800] "GET /xingrg/kc/pszx/mdps_order_info.html?code=312024022700374 HTTP/1.1" 200 23978
120.253.135.82 - - [27/Feb/2024:07:20:25 +0800] "GET /xingrg/javascript/easyui/themes/default/validatebox.css HTTP/1.1" 404 1104
120.253.135.82 - - [27/Feb/2024:07:20:25 +0800] "POST /xingrg/kc/pszx/mdps_order_operate.html HTTP/1.1" 200 3829
120.253.135.82 - - [27/Feb/2024:07:20:27 +0800] "POST /xingrg/all/common/load_combo.html?type=base HTTP/1.1" 200 1169
124.78.67.200 - - [27/Feb/2024:07:20:28 +0800] "GET /xingrg/check_reg.html?_=1708989628661 HTTP/1.1" 200 22
120.253.135.82 - - [27/Feb/2024:07:20:35 +0800] "POST /xingrg/kc/pszx/mdps_order_operate.html HTTP/1.1" 200 37
120.253.135.82 - - [27/Feb/2024:07:20:36 +0800] "GET /xingrg/kc/pszx/mdps_order_info.html?code=312024022700374 HTTP/1.1" 200 23976
222.70.245.42 - - [27/Feb/2024:07:20:37 +0800] "GET /xingrg/all/function/internal_message.html?_=1708989642585&CODE_STATE=getMsg HTTP/1.1" 200 27
120.253.135.82 - - [27/Feb/2024:07:20:37 +0800] "GET /xingrg/javascript/easyui/themes/default/validatebox.css HTTP/1.1" 404 1104
120.253.135.82 - - [27/Feb/2024:07:20:37 +0800] "POST /xingrg/kc/pszx/mdps_order_operate.html HTTP/1.1" 200 3857
180.171.62.200 - - [27/Feb/2024:07:20:38 +0800] "GET /xingrg/all/function/internal_message.html?_=1708989639213&CODE_STATE=getMsg HTTP/1.1" 200 27
58.40.7.146 - - [27/Feb/2024:07:20:42 +0800] "GET /xingrg/all/function/internal_message.html?_=1708989642335&CODE_STATE=getMsg HTTP/1.1" 200 27
180.169.147.146 - - [27/Feb/2024:07:20:43 +0800] "GET /xingrg/all/function/internal_message.html?_=1708989643038&CODE_STATE=getMsg HTTP/1.1" 200 27
120.253.135.82 - - [27/Feb/2024:07:20:51 +0800] "GET /xingrg/all/function/internal_message.html?_=1708989486043&CODE_STATE=getMsg HTTP/1.1" 200 27
124.78.67.200 - - [27/Feb/2024:07:21:05 +0800] "GET /xingrg/all/function/internal_message.html?_=1708989665815&CODE_STATE=getMsg HTTP/1.1" 200 27
222.70.245.42 - - [27/Feb/2024:07:21:37 +0800] "GET /xingrg/all/function/internal_message.html?_=1708989702599&CODE_STATE=getMsg HTTP/1.1" 200 27
180.171.62.200 - - [27/Feb/2024:07:21:38 +0800] "GET /xingrg/all/function/internal_message.html?_=1708989699213&CODE_STATE=getMsg HTTP/1.1" 200 27
180.171.62.200 - - [27/Feb/2024:07:21:38 +0800] "GET /xingrg/check_reg.html?_=1708989699217 HTTP/1.1" 200 22
58.40.7.146 - - [27/Feb/2024:07:21:42 +0800] "GET /xingrg/check_reg.html?_=1708989702323 HTTP/1.1" 200 22
58.40.7.146 - - [27/Feb/2024:07:21:42 +0800] "GET /xingrg/all/function/internal_message.html?_=1708989702323&CODE_STATE=getMsg HTTP/1.1" 200 27
180.169.147.146 - - [27/Feb/2024:07:21:43 +0800] "GET /xingrg/check_reg.html?_=1708989703030 HTTP/1.1" 200 22
180.169.147.146 - - [27/Feb/2024:07:21:43 +0800] "GET /xingrg/all/function/internal_message.html?_=1708989703037&CODE_STATE=getMsg HTTP/1.1" 200 27
120.253.135.82 - - [27/Feb/2024:07:21:51 +0800] "GET /xingrg/all/function/internal_message.html?_=1708989546058&CODE_STATE=getMsg HTTP/1.1" 200 27
124.78.67.200 - - [27/Feb/2024:07:22:05 +0800] "GET /xingrg/all/function/internal_message.html?_=1708989725803&CODE_STATE=getMsg HTTP/1.1" 200 27
222.70.245.42 - - [27/Feb/2024:07:22:37 +0800] "GET /xingrg/all/function/internal_message.html?_=1708989762813&CODE_STATE=getMsg HTTP/1.1" 200 27
180.171.62.200 - - [27/Feb/2024:07:22:38 +0800] "GET /xingrg/all/function/internal_message.html?_=1708989759217&CODE_STATE=getMsg HTTP/1.1" 200 27
58.40.7.146 - - [27/Feb/2024:07:22:42 +0800] "GET /xingrg/all/function/internal_message.html?_=1708989762326&CODE_STATE=getMsg HTTP/1.1" 200 27
180.169.147.146 - - [27/Feb/2024:07:22:43 +0800] "GET /xingrg/all/function/internal_message.html?_=1708989763039&CODE_STATE=getMsg HTTP/1.1" 200 27
120.253.135.82 - - [27/Feb/2024:07:22:52 +0800] "GET /xingrg/all/function/internal_message.html?_=1708989606232&CODE_STATE=getMsg HTTP/1.1" 200 27
124.78.67.200 - - [27/Feb/2024:07:23:05 +0800] "GET /xingrg/all/function/internal_message.html?_=1708989785791&CODE_STATE=getMsg HTTP/1.1" 200 27
222.70.245.42 - - [27/Feb/2024:07:23:37 +0800] "GET /xingrg/all/function/internal_message.html?_=1708989822814&CODE_STATE=getMsg HTTP/1.1" 200 27
180.171.62.200 - - [27/Feb/2024:07:23:38 +0800] "GET /xingrg/all/function/internal_message.html?_=1708989819219&CODE_STATE=getMsg HTTP/1.1" 200 27
58.40.7.146 - - [27/Feb/2024:07:23:42 +0800] "GET /xingrg/all/function/internal_message.html?_=1708989822331&CODE_STATE=getMsg HTTP/1.1" 200 27
180.169.147.146 - - [27/Feb/2024:07:23:43 +0800] "GET /xingrg/all/function/internal_message.html?_=1708989823038&CODE_STATE=getMsg HTTP/1.1" 200 27
120.253.135.82 - - [27/Feb/2024:07:23:52 +0800] "GET /xingrg/all/function/internal_message.html?_=1708989666241&CODE_STATE=getMsg HTTP/1.1" 200 27
120.253.135.82 - - [27/Feb/2024:07:24:04 +0800] "POST /xingrg/kc/pszx/mdps_order_operate.html HTTP/1.1" 200 37
124.78.67.200 - - [27/Feb/2024:07:24:05 +0800] "GET /xingrg/all/function/internal_message.html?_=1708989845775&CODE_STATE=getMsg HTTP/1.1" 200 27
120.253.135.82 - - [27/Feb/2024:07:24:06 +0800] "GET /xingrg/kc/pszx/mdps_order_info.html?code=312024022700374 HTTP/1.1" 200 23976
120.253.135.82 - - [27/Feb/2024:07:24:06 +0800] "GET /xingrg/javascript/easyui/themes/default/validatebox.css HTTP/1.1" 404 1104
120.253.135.82 - - [27/Feb/2024:07:24:07 +0800] "POST /xingrg/kc/pszx/mdps_order_operate.html HTTP/1.1" 200 2816
120.253.135.82 - - [27/Feb/2024:07:24:09 +0800] "POST /xingrg/kc/pszx/mdps_list_operate.html HTTP/1.1" 200 3918
120.253.135.82 - - [27/Feb/2024:07:24:11 +0800] "POST /xingrg/kc/pszx/mdps_list_operate.html HTTP/1.1" 200 208
120.253.135.82 - - [27/Feb/2024:07:24:16 +0800] "POST /xingrg/kc/pszx/mdps_list_operate.html HTTP/1.1" 200 216
120.253.135.82 - - [27/Feb/2024:07:24:27 +0800] "POST /xingrg/kc/pszx/mdps_list_operate.html HTTP/1.1" 200 291
120.253.135.82 - - [27/Feb/2024:07:24:29 +0800] "POST /xingrg/kc/pszx/mdps_list_operate.html HTTP/1.1" 200 300
120.253.135.82 - - [27/Feb/2024:07:24:31 +0800] "POST /xingrg/kc/pszx/mdps_list_operate.html HTTP/1.1" 200 617
120.253.135.82 - - [27/Feb/2024:07:24:36 +0800] "GET /xingrg/kc/pszx/mdps_order_info.html?code=312024022700375 HTTP/1.1" 200 23978
120.253.135.82 - - [27/Feb/2024:07:24:37 +0800] "GET /xingrg/javascript/easyui/themes/default/validatebox.css HTTP/1.1" 404 1104
222.70.245.42 - - [27/Feb/2024:07:24:37 +0800] "GET /xingrg/check_reg.html?_=1708989882780 HTTP/1.1" 200 22
120.253.135.82 - - [27/Feb/2024:07:24:37 +0800] "POST /xingrg/kc/pszx/mdps_order_operate.html HTTP/1.1" 200 2284
222.70.245.42 - - [27/Feb/2024:07:24:37 +0800] "GET /xingrg/all/function/internal_message.html?_=1708989882826&CODE_STATE=getMsg HTTP/1.1" 200 27
180.171.62.200 - - [27/Feb/2024:07:24:38 +0800] "GET /xingrg/all/function/internal_message.html?_=1708989879220&CODE_STATE=getMsg HTTP/1.1" 200 27
120.253.135.82 - - [27/Feb/2024:07:24:40 +0800] "POST /xingrg/kc/pszx/mdps_order_operate.html HTTP/1.1" 200 37
120.253.135.82 - - [27/Feb/2024:07:24:41 +0800] "GET /xingrg/kc/pszx/mdps_order_info.html?code=312024022700375 HTTP/1.1" 200 23978
120.253.135.82 - - [27/Feb/2024:07:24:42 +0800] "GET /xingrg/javascript/easyui/themes/default/validatebox.css HTTP/1.1" 404 1104
58.40.7.146 - - [27/Feb/2024:07:24:42 +0800] "GET /xingrg/all/function/internal_message.html?_=1708989882335&CODE_STATE=getMsg HTTP/1.1" 200 27
120.253.135.82 - - [27/Feb/2024:07:24:42 +0800] "POST /xingrg/kc/pszx/mdps_order_operate.html HTTP/1.1" 200 2292
180.169.147.146 - - [27/Feb/2024:07:24:43 +0800] "GET /xingrg/all/function/internal_message.html?_=1708989883037&CODE_STATE=getMsg HTTP/1.1" 200 27
120.253.135.82 - - [27/Feb/2024:07:24:47 +0800] "POST /xingrg/kc/pszx/mdps_list_operate.html HTTP/1.1" 200 3918
120.253.135.82 - - [27/Feb/2024:07:24:50 +0800] "GET /xingrg/kc/pszx/mdps_order_add.html HTTP/1.1" 200 29064
120.253.135.82 - - [27/Feb/2024:07:24:50 +0800] "POST /xingrg/kc/pszx/mdps_order_operate.html HTTP/1.1" 200 7126
120.253.135.82 - - [27/Feb/2024:07:24:51 +0800] "GET /xingrg/javascript/easyui/themes/default/validatebox.css HTTP/1.1" 404 1104
120.253.135.82 - - [27/Feb/2024:07:24:51 +0800] "GET /xingrg/check_reg.html?_=1708989725680 HTTP/1.1" 200 22
120.253.135.82 - - [27/Feb/2024:07:24:52 +0800] "GET /xingrg/all/function/internal_message.html?_=1708989726254&CODE_STATE=getMsg HTTP/1.1" 200 27
120.253.135.82 - - [27/Feb/2024:07:24:59 +0800] "POST /xingrg/all/common/load_combo.html?type=base HTTP/1.1" 200 1169
124.78.67.200 - - [27/Feb/2024:07:25:05 +0800] "GET /xingrg/all/function/internal_message.html?_=1708989905764&CODE_STATE=getMsg HTTP/1.1" 200 27
120.253.135.82 - - [27/Feb/2024:07:25:21 +0800] "GET /xingrg/kc/pszx/mdps_order_operate.html?command=get_materiel&pszx_code=00101&rest_code=00149&base_code=0010570&code=00101026186 HTTP/1.1" 200 457
124.78.67.200 - - [27/Feb/2024:07:25:28 +0800] "GET /xingrg/check_reg.html?_=1708989928667 HTTP/1.1" 200 22
120.253.135.82 - - [27/Feb/2024:07:25:29 +0800] "POST /xingrg/kc/pszx/mdps_order_operate.html HTTP/1.1" 200 37
120.253.135.82 - - [27/Feb/2024:07:25:30 +0800] "GET /xingrg/kc/pszx/mdps_order_info.html?code=312024022700376 HTTP/1.1" 200 23976
120.253.135.82 - - [27/Feb/2024:07:25:31 +0800] "GET /xingrg/javascript/easyui/themes/default/validatebox.css HTTP/1.1" 404 1104
120.253.135.82 - - [27/Feb/2024:07:25:31 +0800] "POST /xingrg/kc/pszx/mdps_order_operate.html HTTP/1.1" 200 2309
120.253.135.82 - - [27/Feb/2024:07:25:32 +0800] "POST /xingrg/kc/pszx/mdps_list_operate.html HTTP/1.1" 200 4284
120.253.135.82 - - [27/Feb/2024:07:25:34 +0800] "POST /xingrg/kc/pszx/mdps_list_operate.html HTTP/1.1" 200 224
222.70.245.42 - - [27/Feb/2024:07:25:37 +0800] "GET /xingrg/all/function/internal_message.html?_=1708989942841&CODE_STATE=getMsg HTTP/1.1" 200 27
120.253.135.82 - - [27/Feb/2024:07:25:37 +0800] "POST /xingrg/kc/pszx/mdps_list_operate.html HTTP/1.1" 200 205
180.171.62.200 - - [27/Feb/2024:07:25:38 +0800] "GET /xingrg/all/function/internal_message.html?_=1708989939222&CODE_STATE=getMsg HTTP/1.1" 200 27
120.253.135.82 - - [27/Feb/2024:07:25:39 +0800] "POST /xingrg/kc/pszx/mdps_list_operate.html HTTP/1.1" 200 216
58.40.7.146 - - [27/Feb/2024:07:25:42 +0800] "GET /xingrg/all/function/internal_message.html?_=1708989942322&CODE_STATE=getMsg HTTP/1.1" 200 27
180.169.147.146 - - [27/Feb/2024:07:25:43 +0800] "GET /xingrg/all/function/internal_message.html?_=1708989943029&CODE_STATE=getMsg HTTP/1.1" 200 27
120.253.135.82 - - [27/Feb/2024:07:25:50 +0800] "POST /xingrg/kc/pszx/mdps_list_operate.html HTTP/1.1" 200 210
120.253.135.82 - - [27/Feb/2024:07:25:52 +0800] "GET /xingrg/all/function/internal_message.html?_=1708989786267&CODE_STATE=getMsg HTTP/1.1" 200 27
120.253.135.82 - - [27/Feb/2024:07:25:53 +0800] "POST /xingrg/kc/pszx/mdps_list_operate.html HTTP/1.1" 200 617
120.253.135.82 - - [27/Feb/2024:07:25:57 +0800] "POST /xingrg/kc/pszx/mdps_list_operate.html HTTP/1.1" 200 300
120.253.135.82 - - [27/Feb/2024:07:25:59 +0800] "POST /xingrg/kc/pszx/mdps_list_operate.html HTTP/1.1" 200 291
120.253.135.82 - - [27/Feb/2024:07:26:02 +0800] "POST /xingrg/kc/pszx/mdps_list_operate.html HTTP/1.1" 200 208
124.78.67.200 - - [27/Feb/2024:07:26:05 +0800] "GET /xingrg/all/function/internal_message.html?_=1708989965736&CODE_STATE=getMsg HTTP/1.1" 200 27
120.253.135.82 - - [27/Feb/2024:07:26:08 +0800] "GET /xingrg/kc/pszx/mdqp_order_list.html?state=10 HTTP/1.1" 200 10319
120.253.135.82 - - [27/Feb/2024:07:26:08 +0800] "GET /xingrg/dwr/interface/AjaxQqpsService.js HTTP/1.1" 200 16326
120.253.135.82 - - [27/Feb/2024:07:26:08 +0800] "GET /xingrg/dwr/interface/AjaxReportQueryService.js HTTP/1.1" 200 13203
120.253.135.82 - - [27/Feb/2024:07:26:08 +0800] "GET /xingrg/dwr/engine.js HTTP/1.1" 200 43631
222.70.245.42 - - [27/Feb/2024:07:26:37 +0800] "GET /xingrg/all/function/internal_message.html?_=1708990002854&CODE_STATE=getMsg HTTP/1.1" 200 27
180.171.62.200 - - [27/Feb/2024:07:26:38 +0800] "GET /xingrg/check_reg.html?_=1708989999224 HTTP/1.1" 200 22
180.171.62.200 - - [27/Feb/2024:07:26:38 +0800] "GET /xingrg/all/function/internal_message.html?_=1708989999226&CODE_STATE=getMsg HTTP/1.1" 200 27
58.40.7.146 - - [27/Feb/2024:07:26:42 +0800] "GET /xingrg/all/function/internal_message.html?_=1708990002325&CODE_STATE=getMsg HTTP/1.1" 200 27
58.40.7.146 - - [27/Feb/2024:07:26:42 +0800] "GET /xingrg/check_reg.html?_=1708990002326 HTTP/1.1" 200 22
180.169.147.146 - - [27/Feb/2024:07:26:43 +0800] "GET /xingrg/all/function/internal_message.html?_=1708990003019&CODE_STATE=getMsg HTTP/1.1" 200 27
180.169.147.146 - - [27/Feb/2024:07:26:43 +0800] "GET /xingrg/check_reg.html?_=1708990003025 HTTP/1.1" 200 22
120.253.135.82 - - [27/Feb/2024:07:26:52 +0800] "GET /xingrg/all/function/internal_message.html?_=1708989846433&CODE_STATE=getMsg HTTP/1.1" 200 27
124.78.67.200 - - [27/Feb/2024:07:27:05 +0800] "GET /xingrg/all/function/internal_message.html?_=1708990025724&CODE_STATE=getMsg HTTP/1.1" 200 27
222.70.245.42 - - [27/Feb/2024:07:27:37 +0800] "GET /xingrg/all/function/internal_message.html?_=1708990063116&CODE_STATE=getMsg HTTP/1.1" 200 27
180.171.62.200 - - [27/Feb/2024:07:27:38 +0800] "GET /xingrg/all/function/internal_message.html?_=1708990059212&CODE_STATE=getMsg HTTP/1.1" 200 27
58.40.7.146 - - [27/Feb/2024:07:27:42 +0800] "GET /xingrg/all/function/internal_message.html?_=1708990062328&CODE_STATE=getMsg HTTP/1.1" 200 27
180.169.147.146 - - [27/Feb/2024:07:27:43 +0800] "GET /xingrg/all/function/internal_message.html?_=1708990063032&CODE_STATE=getMsg HTTP/1.1" 200 27
120.253.135.82 - - [27/Feb/2024:07:27:52 +0800] "GET /xingrg/all/function/internal_message.html?_=1708989906435&CODE_STATE=getMsg HTTP/1.1" 200 27
124.78.67.200 - - [27/Feb/2024:07:28:05 +0800] "GET /xingrg/all/function/internal_message.html?_=1708990085702&CODE_STATE=getMsg HTTP/1.1" 200 27
222.70.245.42 - - [27/Feb/2024:07:28:37 +0800] "GET /xingrg/all/function/internal_message.html?_=1708990123130&CODE_STATE=getMsg HTTP/1.1" 200 27
180.171.62.200 - - [27/Feb/2024:07:28:38 +0800] "GET /xingrg/all/function/internal_message.html?_=1708990119214&CODE_STATE=getMsg HTTP/1.1" 200 27
58.40.7.146 - - [27/Feb/2024:07:28:42 +0800] "GET /xingrg/all/function/internal_message.html?_=1708990122330&CODE_STATE=getMsg HTTP/1.1" 200 27
180.169.147.146 - - [27/Feb/2024:07:28:43 +0800] "GET /xingrg/all/function/internal_message.html?_=1708990123034&CODE_STATE=getMsg HTTP/1.1" 200 27
120.253.135.82 - - [27/Feb/2024:07:28:52 +0800] "GET /xingrg/all/function/internal_message.html?_=1708989966613&CODE_STATE=getMsg HTTP/1.1" 200 27
124.78.67.200 - - [27/Feb/2024:07:29:05 +0800] "GET /xingrg/all/function/internal_message.html?_=1708990145684&CODE_STATE=getMsg HTTP/1.1" 200 27
222.70.245.42 - - [27/Feb/2024:07:29:37 +0800] "GET /xingrg/check_reg.html?_=1708990183003 HTTP/1.1" 200 22
222.70.245.42 - - [27/Feb/2024:07:29:37 +0800] "GET /xingrg/all/function/internal_message.html?_=1708990183144&CODE_STATE=getMsg HTTP/1.1" 200 27
180.171.62.200 - - [27/Feb/2024:07:29:38 +0800] "GET /xingrg/all/function/internal_message.html?_=1708990179214&CODE_STATE=getMsg HTTP/1.1" 200 27
58.40.7.146 - - [27/Feb/2024:07:29:42 +0800] "GET /xingrg/all/function/internal_message.html?_=1708990182333&CODE_STATE=getMsg HTTP/1.1" 200 27
180.169.147.146 - - [27/Feb/2024:07:29:43 +0800] "GET /xingrg/all/function/internal_message.html?_=1708990183027&CODE_STATE=getMsg HTTP/1.1" 200 27
120.253.135.82 - - [27/Feb/2024:07:29:51 +0800] "GET /xingrg/check_reg.html?_=1708990025682 HTTP/1.1" 200 22
120.253.135.82 - - [27/Feb/2024:07:29:52 +0800] "GET /xingrg/all/function/internal_message.html?_=1708990026779&CODE_STATE=getMsg HTTP/1.1" 200 27
124.78.67.200 - - [27/Feb/2024:07:30:05 +0800] "GET /xingrg/all/function/internal_message.html?_=1708990205665&CODE_STATE=getMsg HTTP/1.1" 200 27
124.78.67.200 - - [27/Feb/2024:07:30:28 +0800] "GET /xingrg/check_reg.html?_=1708990228667 HTTP/1.1" 200 22
222.70.245.42 - - [27/Feb/2024:07:30:37 +0800] "GET /xingrg/all/function/internal_message.html?_=1708990243158&CODE_STATE=getMsg HTTP/1.1" 200 27
180.171.62.200 - - [27/Feb/2024:07:30:38 +0800] "GET /xingrg/all/function/internal_message.html?_=1708990239216&CODE_STATE=getMsg HTTP/1.1" 200 27
58.40.7.146 - - [27/Feb/2024:07:30:42 +0800] "GET /xingrg/all/function/internal_message.html?_=1708990242335&CODE_STATE=getMsg HTTP/1.1" 200 27
180.169.147.146 - - [27/Feb/2024:07:30:43 +0800] "GET /xingrg/all/function/internal_message.html?_=1708990243031&CODE_STATE=getMsg HTTP/1.1" 200 27
120.253.135.82 - - [27/Feb/2024:07:30:52 +0800] "GET /xingrg/all/function/internal_message.html?_=1708990086789&CODE_STATE=getMsg HTTP/1.1" 200 27
124.78.67.200 - - [27/Feb/2024:07:31:05 +0800] "GET /xingrg/all/function/internal_message.html?_=1708990265653&CODE_STATE=getMsg HTTP/1.1" 200 27
222.70.245.42 - - [27/Feb/2024:07:31:37 +0800] "GET /xingrg/all/function/internal_message.html?_=1708990303171&CODE_STATE=getMsg HTTP/1.1" 200 27
180.171.62.200 - - [27/Feb/2024:07:31:38 +0800] "GET /xingrg/all/function/internal_message.html?_=1708990299218&CODE_STATE=getMsg HTTP/1.1" 200 27
180.171.62.200 - - [27/Feb/2024:07:31:38 +0800] "GET /xingrg/check_reg.html?_=1708990299223 HTTP/1.1" 200 22
58.40.7.146 - - [27/Feb/2024:07:31:42 +0800] "GET /xingrg/check_reg.html?_=1708990302337 HTTP/1.1" 200 22
58.40.7.146 - - [27/Feb/2024:07:31:42 +0800] "GET /xingrg/all/function/internal_message.html?_=1708990302338&CODE_STATE=getMsg HTTP/1.1" 200 27
180.169.147.146 - - [27/Feb/2024:07:31:43 +0800] "GET /xingrg/check_reg.html?_=1708990303025 HTTP/1.1" 200 22
180.169.147.146 - - [27/Feb/2024:07:31:43 +0800] "GET /xingrg/all/function/internal_message.html?_=1708990303029&CODE_STATE=getMsg HTTP/1.1" 200 27
120.253.135.82 - - [27/Feb/2024:07:31:52 +0800] "GET /xingrg/all/function/internal_message.html?_=1708990146801&CODE_STATE=getMsg HTTP/1.1" 200 27
124.78.67.200 - - [27/Feb/2024:07:32:05 +0800] "GET /xingrg/all/function/internal_message.html?_=1708990325629&CODE_STATE=getMsg HTTP/1.1" 200 27
120.253.135.82 - - [27/Feb/2024:07:32:28 +0800] "GET /xingrg/kc/pszx/mdqp_order_list.html?state=10 HTTP/1.1" 200 10319
120.253.135.82 - - [27/Feb/2024:07:32:28 +0800] "GET /xingrg/dwr/interface/AjaxQqpsService.js HTTP/1.1" 200 16326
120.253.135.82 - - [27/Feb/2024:07:32:28 +0800] "GET /xingrg/dwr/interface/AjaxReportQueryService.js HTTP/1.1" 200 13203
120.253.135.82 - - [27/Feb/2024:07:32:28 +0800] "GET /xingrg/dwr/engine.js HTTP/1.1" 200 43631
120.253.135.82 - - [27/Feb/2024:07:32:31 +0800] "GET /xingrg/kc/pszx/mdps_order_list.html?orderType=0 HTTP/1.1" 200 20995
120.253.135.82 - - [27/Feb/2024:07:32:33 +0800] "POST /xingrg/kc/pszx/mdps_list_operate.html HTTP/1.1" 200 5399
222.70.245.42 - - [27/Feb/2024:07:32:38 +0800] "GET /xingrg/all/function/internal_message.html?_=1708990363387&CODE_STATE=getMsg HTTP/1.1" 200 27
180.171.62.200 - - [27/Feb/2024:07:32:38 +0800] "GET /xingrg/all/function/internal_message.html?_=1708990359223&CODE_STATE=getMsg HTTP/1.1" 200 27
58.40.7.146 - - [27/Feb/2024:07:32:42 +0800] "GET /xingrg/all/function/internal_message.html?_=1708990362341&CODE_STATE=getMsg HTTP/1.1" 200 27
180.169.147.146 - - [27/Feb/2024:07:32:43 +0800] "GET /xingrg/all/function/internal_message.html?_=1708990363043&CODE_STATE=getMsg HTTP/1.1" 200 27
120.253.135.82 - - [27/Feb/2024:07:32:52 +0800] "GET /xingrg/all/function/internal_message.html?_=1708990206815&CODE_STATE=getMsg HTTP/1.1" 200 27
124.78.67.200 - - [27/Feb/2024:07:33:05 +0800] "GET /xingrg/all/function/internal_message.html?_=1708990385617&CODE_STATE=getMsg HTTP/1.1" 200 27
222.70.245.42 - - [27/Feb/2024:07:33:38 +0800] "GET /xingrg/all/function/internal_message.html?_=1708990423401&CODE_STATE=getMsg HTTP/1.1" 200 27
180.171.62.200 - - [27/Feb/2024:07:33:38 +0800] "GET /xingrg/all/function/internal_message.html?_=1708990419223&CODE_STATE=getMsg HTTP/1.1" 200 27
58.40.7.146 - - [27/Feb/2024:07:33:42 +0800] "GET /xingrg/all/function/internal_message.html?_=1708990422329&CODE_STATE=getMsg HTTP/1.1" 200 27
180.169.147.146 - - [27/Feb/2024:07:33:43 +0800] "GET /xingrg/all/function/internal_message.html?_=1708990423031&CODE_STATE=getMsg HTTP/1.1" 200 27
120.253.135.82 - - [27/Feb/2024:07:33:52 +0800] "GET /xingrg/kc/pszx/mdqp_order_list.html?state=10 HTTP/1.1" 200 10319
120.253.135.82 - - [27/Feb/2024:07:33:52 +0800] "GET /xingrg/dwr/interface/AjaxQqpsService.js HTTP/1.1" 200 16326
120.253.135.82 - - [27/Feb/2024:07:33:52 +0800] "GET /xingrg/dwr/interface/AjaxReportQueryService.js HTTP/1.1" 200 13203
120.253.135.82 - - [27/Feb/2024:07:33:52 +0800] "GET /xingrg/dwr/engine.js HTTP/1.1" 200 43631
120.253.135.82 - - [27/Feb/2024:07:33:52 +0800] "GET /xingrg/all/function/internal_message.html?_=1708990266829&CODE_STATE=getMsg HTTP/1.1" 200 27
124.78.67.200 - - [27/Feb/2024:07:34:05 +0800] "GET /xingrg/all/function/internal_message.html?_=1708990445600&CODE_STATE=getMsg HTTP/1.1" 200 27
222.70.245.42 - - [27/Feb/2024:07:34:38 +0800] "GET /xingrg/check_reg.html?_=1708990483250 HTTP/1.1" 200 22
222.70.245.42 - - [27/Feb/2024:07:34:38 +0800] "GET /xingrg/all/function/internal_message.html?_=1708990483415&CODE_STATE=getMsg HTTP/1.1" 200 27
180.171.62.200 - - [27/Feb/2024:07:34:38 +0800] "GET /xingrg/all/function/internal_message.html?_=1708990479225&CODE_STATE=getMsg HTTP/1.1" 200 27
58.40.7.146 - - [27/Feb/2024:07:34:42 +0800] "GET /xingrg/all/function/internal_message.html?_=1708990482331&CODE_STATE=getMsg HTTP/1.1" 200 27
180.169.147.146 - - [27/Feb/2024:07:34:43 +0800] "GET /xingrg/all/function/internal_message.html?_=1708990483024&CODE_STATE=getMsg HTTP/1.1" 200 27
120.253.135.82 - - [27/Feb/2024:07:34:51 +0800] "GET /xingrg/check_reg.html?_=1708990325853 HTTP/1.1" 200 22
120.253.135.82 - - [27/Feb/2024:07:34:52 +0800] "GET /xingrg/all/function/internal_message.html?_=1708990326842&CODE_STATE=getMsg HTTP/1.1" 200 27
124.78.67.200 - - [27/Feb/2024:07:35:05 +0800] "GET /xingrg/all/function/internal_message.html?_=1708990505579&CODE_STATE=getMsg HTTP/1.1" 200 27
124.78.67.200 - - [27/Feb/2024:07:35:28 +0800] "GET /xingrg/check_reg.html?_=1708990528647 HTTP/1.1" 200 22
120.253.135.82 - - [27/Feb/2024:07:35:29 +0800] "GET /xingrg/kc/pszx/mdqp_order_list.html?state=10 HTTP/1.1" 200 10319
120.253.135.82 - - [27/Feb/2024:07:35:29 +0800] "GET /xingrg/dwr/interface/AjaxQqpsService.js HTTP/1.1" 200 16326
120.253.135.82 - - [27/Feb/2024:07:35:29 +0800] "GET /xingrg/dwr/interface/AjaxReportQueryService.js HTTP/1.1" 200 13203
120.253.135.82 - - [27/Feb/2024:07:35:29 +0800] "GET /xingrg/dwr/engine.js HTTP/1.1" 200 43631
222.70.245.42 - - [27/Feb/2024:07:35:38 +0800] "GET /xingrg/all/function/internal_message.html?_=1708990543429&CODE_STATE=getMsg HTTP/1.1" 200 27
180.171.62.200 - - [27/Feb/2024:07:35:38 +0800] "GET /xingrg/all/function/internal_message.html?_=1708990539213&CODE_STATE=getMsg HTTP/1.1" 200 27
58.40.7.146 - - [27/Feb/2024:07:35:42 +0800] "GET /xingrg/all/function/internal_message.html?_=1708990542335&CODE_STATE=getMsg HTTP/1.1" 200 27
120.253.135.82 - - [27/Feb/2024:07:35:42 +0800] "GET /xingrg/kc/pszx/mdps_order_list.html?orderType=0 HTTP/1.1" 200 20995
120.253.135.82 - - [27/Feb/2024:07:35:43 +0800] "POST /xingrg/kc/pszx/mdps_list_operate.html HTTP/1.1" 200 5399
180.169.147.146 - - [27/Feb/2024:07:35:43 +0800] "GET /xingrg/all/function/internal_message.html?_=1708990543043&CODE_STATE=getMsg HTTP/1.1" 200 27
120.253.135.82 - - [27/Feb/2024:07:35:48 +0800] "POST /xingrg/kc/pszx/mdps_list_operate.html HTTP/1.1" 200 3501
120.253.135.82 - - [27/Feb/2024:07:35:52 +0800] "GET /xingrg/all/function/internal_message.html?_=1708990386856&CODE_STATE=getMsg HTTP/1.1" 200 27
120.253.135.82 - - [27/Feb/2024:07:35:54 +0800] "POST /xingrg/kc/pszx/mdps_list_operate.html HTTP/1.1" 200 205
120.253.135.82 - - [27/Feb/2024:07:35:57 +0800] "GET /xingrg/kc/pszx/mdps_order_info.html?code=312024022100275 HTTP/1.1" 200 23978
120.253.135.82 - - [27/Feb/2024:07:35:57 +0800] "GET /xingrg/javascript/easyui/themes/default/validatebox.css HTTP/1.1" 404 1104
120.253.135.82 - - [27/Feb/2024:07:35:57 +0800] "POST /xingrg/kc/pszx/mdps_order_operate.html HTTP/1.1" 200 2285
120.253.135.82 - - [27/Feb/2024:07:36:03 +0800] "POST /xingrg/kc/pszx/mdps_order_operate.html HTTP/1.1" 200 37
124.78.67.200 - - [27/Feb/2024:07:36:05 +0800] "GET /xingrg/all/function/internal_message.html?_=1708990565560&CODE_STATE=getMsg HTTP/1.1" 200 27
120.253.135.82 - - [27/Feb/2024:07:36:07 +0800] "POST /xingrg/kc/pszx/mdps_order_operate.html HTTP/1.1" 200 12
120.253.135.82 - - [27/Feb/2024:07:36:14 +0800] "GET /xingrg/kc/pszx/mdps_order_info.html?code=312024022100275 HTTP/1.1" 200 19638
120.253.135.82 - - [27/Feb/2024:07:36:15 +0800] "GET /xingrg/javascript/easyui/themes/default/validatebox.css HTTP/1.1" 404 1104
120.253.135.82 - - [27/Feb/2024:07:36:15 +0800] "POST /xingrg/kc/pszx/mdps_order_operate.html HTTP/1.1" 200 506
120.253.135.82 - - [27/Feb/2024:07:36:23 +0800] "POST /xingrg/kc/pszx/mdps_list_operate.html HTTP/1.1" 200 210
120.253.135.82 - - [27/Feb/2024:07:36:24 +0800] "GET /xingrg/kc/pszx/mdps_order_info.html?code=312024022500336 HTTP/1.1" 200 23970
120.253.135.82 - - [27/Feb/2024:07:36:25 +0800] "GET /xingrg/javascript/easyui/themes/default/validatebox.css HTTP/1.1" 404 1104
120.253.135.82 - - [27/Feb/2024:07:36:25 +0800] "POST /xingrg/kc/pszx/mdps_order_operate.html HTTP/1.1" 200 2286
120.253.135.82 - - [27/Feb/2024:07:36:29 +0800] "POST /xingrg/kc/pszx/mdps_order_operate.html HTTP/1.1" 200 37
120.253.135.82 - - [27/Feb/2024:07:36:33 +0800] "POST /xingrg/kc/pszx/mdps_order_operate.html HTTP/1.1" 200 12
222.70.245.42 - - [27/Feb/2024:07:36:38 +0800] "GET /xingrg/all/function/internal_message.html?_=1708990603442&CODE_STATE=getMsg HTTP/1.1" 200 27
120.253.135.82 - - [27/Feb/2024:07:36:38 +0800] "GET /xingrg/kc/pszx/mdps_order_info.html?code=312024022500336 HTTP/1.1" 200 19630
180.171.62.200 - - [27/Feb/2024:07:36:38 +0800] "GET /xingrg/all/function/internal_message.html?_=1708990599214&CODE_STATE=getMsg HTTP/1.1" 200 27
180.171.62.200 - - [27/Feb/2024:07:36:38 +0800] "GET /xingrg/check_reg.html?_=1708990599217 HTTP/1.1" 200 22
120.253.135.82 - - [27/Feb/2024:07:36:38 +0800] "GET /xingrg/javascript/easyui/themes/default/validatebox.css HTTP/1.1" 404 1104
120.253.135.82 - - [27/Feb/2024:07:36:39 +0800] "POST /xingrg/kc/pszx/mdps_order_operate.html HTTP/1.1" 200 507
120.253.135.82 - - [27/Feb/2024:07:36:40 +0800] "POST /xingrg/kc/pszx/mdps_list_operate.html HTTP/1.1" 200 2771
120.253.135.82 - - [27/Feb/2024:07:36:42 +0800] "POST /xingrg/kc/pszx/mdps_list_operate.html HTTP/1.1" 200 216
