120.253.135.82 - - [27/Feb/2024:09:12:26 +0800] "GET /xingrg/javascript/jquery_tools/jquery.tools.min.js HTTP/1.1" 304 -
120.253.135.82 - - [27/Feb/2024:09:12:26 +0800] "GET /xingrg/javascript/jquery_tools/jquery.tools.extend.js HTTP/1.1" 304 -
120.253.135.82 - - [27/Feb/2024:09:12:26 +0800] "GET /xingrg/javascript/jquery.cookie.js HTTP/1.1" 304 -
120.253.135.82 - - [27/Feb/2024:09:12:26 +0800] "GET /xingrg/javascript/jquery_tools/list_manager.js HTTP/1.1" 304 -
120.253.135.82 - - [27/Feb/2024:09:12:26 +0800] "GET /xingrg/javascript/auto/jquery.autocomplete.js HTTP/1.1" 304 -
120.253.135.82 - - [27/Feb/2024:09:12:26 +0800] "GET /xingrg/javascript/convert.js HTTP/1.1" 304 -
120.253.135.82 - - [27/Feb/2024:09:12:26 +0800] "GET /xingrg/javascript/print/LodopFuncs.js HTTP/1.1" 304 -
120.253.135.82 - - [27/Feb/2024:09:12:26 +0800] "GET /xingrg/javascript/easyui/easyloader.js HTTP/1.1" 304 -
120.253.135.82 - - [27/Feb/2024:09:12:26 +0800] "GET /xingrg/javascript/jquery_tools/jquery.tools.hotkey.js HTTP/1.1" 304 -
120.253.135.82 - - [27/Feb/2024:09:12:26 +0800] "GET /xingrg/javascript/easyui/themes/icons/print_new.png HTTP/1.1" 304 -
120.253.135.82 - - [27/Feb/2024:09:12:26 +0800] "GET /xingrg/javascript/easyui/themes/icons/refresh_new.png HTTP/1.1" 304 -
120.253.135.82 - - [27/Feb/2024:09:12:26 +0800] "GET /xingrg/javascript/easyui/themes/icons/filter_new.png HTTP/1.1" 304 -
116.230.123.222 - - [27/Feb/2024:09:12:26 +0800] "GET /xingrg/kc/buy/cgsh_order_operate.html?command=get_materiel&rest_code=00111&code=00101008213&supplier_code=00100005&order_time=2024-02-27 HTTP/1.1" 200 412
120.253.135.82 - - [27/Feb/2024:09:12:26 +0800] "GET /xingrg/javascript/easyui/plugins/jquery.parser.js HTTP/1.1" 304 -
120.253.135.82 - - [27/Feb/2024:09:12:26 +0800] "GET /xingrg/javascript/easyui/plugins/jquery.draggable.js HTTP/1.1" 304 -
120.253.135.82 - - [27/Feb/2024:09:12:26 +0800] "GET /xingrg/all/common/auto_word.html?type=base&rest_code=00101 HTTP/1.1" 200 671
120.253.135.82 - - [27/Feb/2024:09:12:26 +0800] "GET /xingrg/javascript/easyui/plugins/jquery.droppable.js HTTP/1.1" 304 -
120.253.135.82 - - [27/Feb/2024:09:12:26 +0800] "GET /xingrg/javascript/easyui/themes/default/tree.css HTTP/1.1" 404 1090
120.253.135.82 - - [27/Feb/2024:09:12:26 +0800] "GET /xingrg/javascript/easyui/plugins/jquery.tree.js HTTP/1.1" 304 -
120.253.135.82 - - [27/Feb/2024:09:12:26 +0800] "POST /xingrg/all/common/load_tree.html?tree=materiel_sort_tree_json HTTP/1.1" 200 9734
120.253.135.82 - - [27/Feb/2024:09:12:27 +0800] "GET /xingrg/javascript/easyui/themes/sunny/images/tree_arrows.gif HTTP/1.1" 304 -
120.253.135.82 - - [27/Feb/2024:09:12:27 +0800] "GET /xingrg/javascript/easyui/themes/sunny/images/tree_folder_open.gif HTTP/1.1" 304 -
120.253.135.82 - - [27/Feb/2024:09:12:27 +0800] "GET /xingrg/javascript/easyui/themes/sunny/images/tree_folder.gif HTTP/1.1" 304 -
120.253.135.82 - - [27/Feb/2024:09:12:27 +0800] "GET /xingrg/javascript/easyui/themes/sunny/images/tree_file.gif HTTP/1.1" 304 -
120.253.135.82 - - [27/Feb/2024:09:12:27 +0800] "POST /xingrg/all/common/load_combo.html?type=base HTTP/1.1" 200 1169
116.230.123.222 - - [27/Feb/2024:09:12:35 +0800] "GET /xingrg/kc/buy/cgsh_order_operate.html?command=get_materiel&rest_code=00111&code=00101008169&supplier_code=00100005&order_time=2024-02-27 HTTP/1.1" 200 412
180.171.62.200 - - [27/Feb/2024:09:12:38 +0800] "GET /xingrg/all/function/internal_message.html?_=1708996359242&CODE_STATE=getMsg HTTP/1.1" 200 27
120.253.135.82 - - [27/Feb/2024:09:12:40 +0800] "POST /xingrg/kc/base/stock_operate.html HTTP/1.1" 200 2049
120.253.135.82 - - [27/Feb/2024:09:12:40 +0800] "GET /xingrg/javascript/jquery_tools/fix_table.js HTTP/1.1" 304 -
58.40.7.146 - - [27/Feb/2024:09:12:42 +0800] "GET /xingrg/all/function/internal_message.html?_=1708996362369&CODE_STATE=getMsg HTTP/1.1" 200 27
180.169.147.146 - - [27/Feb/2024:09:12:43 +0800] "GET /xingrg/all/function/internal_message.html?_=1708996363076&CODE_STATE=getMsg HTTP/1.1" 200 27
222.70.245.42 - - [27/Feb/2024:09:12:43 +0800] "GET /xingrg/all/function/internal_message.html?_=1708996369190&CODE_STATE=getMsg HTTP/1.1" 200 27
116.237.72.5 - - [27/Feb/2024:09:12:44 +0800] "GET /xingrg/login.html?r=1 HTTP/1.1" 200 7641
116.237.72.5 - - [27/Feb/2024:09:12:44 +0800] "GET /favicon.ico HTTP/1.1" 404 -
116.230.123.222 - - [27/Feb/2024:09:12:44 +0800] "GET /xingrg/all/function/internal_message.html?_=1708996364216&CODE_STATE=getMsg HTTP/1.1" 200 27
116.230.123.222 - - [27/Feb/2024:09:12:44 +0800] "GET /xingrg/check_reg.html?_=1708996364221 HTTP/1.1" 200 22
116.238.97.31 - - [27/Feb/2024:09:12:46 +0800] "GET /xingrg/all/function/internal_message.html?_=1708996366697&CODE_STATE=getMsg HTTP/1.1" 200 27
116.237.72.5 - - [27/Feb/2024:09:12:48 +0800] "POST /xingrg/login.do HTTP/1.1" 302 -
116.237.72.5 - - [27/Feb/2024:09:12:48 +0800] "GET /xingrg/index.html?sysBaseUrl=http%3A%2F%2F180.169.147.146%3A18081%2Fxingrg%2F&costTime=801×tamp=1708996368269 HTTP/1.1" 200 17173
116.237.72.5 - - [27/Feb/2024:09:12:48 +0800] "GET /favicon.ico HTTP/1.1" 404 -
116.237.72.5 - - [27/Feb/2024:09:12:48 +0800] "GET /xingrg/all/function/internal_message.html?_=1708996370397&CODE_STATE=count HTTP/1.1" 200 11
116.237.72.5 - - [27/Feb/2024:09:12:48 +0800] "GET /xingrg/check_reg.html?_=1708996370398 HTTP/1.1" 200 22
116.237.72.5 - - [27/Feb/2024:09:12:48 +0800] "POST /xingrg/all/common/load_tree.html?tree=area_rest_tree_json&manage=1 HTTP/1.1" 200 342
116.237.72.5 - - [27/Feb/2024:09:12:48 +0800] "POST /xingrg/load_menu.html HTTP/1.1" 200 5138
116.230.123.222 - - [27/Feb/2024:09:12:48 +0800] "GET /xingrg/kc/buy/cgsh_order_operate.html?command=get_materiel&rest_code=00111&code=00101008372&supplier_code=00100005&order_time=2024-02-27 HTTP/1.1" 200 408
116.237.72.5 - - [27/Feb/2024:09:12:50 +0800] "GET /xingrg/kc/buy/buy_main.html HTTP/1.1" 200 12412
116.237.72.5 - - [27/Feb/2024:09:12:50 +0800] "GET /xingrg/css/new_ie.css HTTP/1.1" 404 1036
116.224.254.208 - - [27/Feb/2024:09:12:51 +0800] "GET /xingrg/all/function/internal_message.html?_=1708996370233&CODE_STATE=getMsg HTTP/1.1" 200 27
116.237.72.5 - - [27/Feb/2024:09:12:51 +0800] "GET /xingrg/images/yd/bt.gif HTTP/1.1" 404 1040
101.83.145.37 - - [27/Feb/2024:09:12:52 +0800] "GET /xingrg/all/function/internal_message.html?_=1708996131859&CODE_STATE=getMsg HTTP/1.1" 200 27
116.237.72.5 - - [27/Feb/2024:09:12:52 +0800] "GET /xingrg/kc/buy/cgsh_order_list.html HTTP/1.1" 200 57692
120.253.135.82 - - [27/Feb/2024:09:12:57 +0800] "GET /xingrg/all/function/internal_message.html?_=1708996211919&CODE_STATE=getMsg HTTP/1.1" 200 27
116.237.72.5 - - [27/Feb/2024:09:12:57 +0800] "POST /xingrg/kc/buy/cgsh_list_operate.html HTTP/1.1" 200 2272
101.83.145.37 - - [27/Feb/2024:09:13:00 +0800] "GET /xingrg/all/function/internal_message.html?_=1708996381524&CODE_STATE=getMsg HTTP/1.1" 200 27
116.230.123.222 - - [27/Feb/2024:09:13:01 +0800] "GET /xingrg/kc/buy/cgsh_order_operate.html?command=get_materiel&rest_code=00111&code=00101008096&supplier_code=00100005&order_time=2024-02-27 HTTP/1.1" 200 412
222.69.145.54 - - [27/Feb/2024:09:13:02 +0800] "GET /xingrg/all/function/internal_message.html?_=1708996383340&CODE_STATE=getMsg HTTP/1.1" 200 27
124.78.67.200 - - [27/Feb/2024:09:13:03 +0800] "GET /xingrg/all/function/internal_message.html?_=1708996383717&CODE_STATE=getMsg HTTP/1.1" 200 27
116.224.254.208 - - [27/Feb/2024:09:13:23 +0800] "GET /xingrg/all/function/internal_message.html?_=1708996403754&CODE_STATE=getMsg HTTP/1.1" 200 27
180.171.62.200 - - [27/Feb/2024:09:13:38 +0800] "GET /xingrg/all/function/internal_message.html?_=1708996419243&CODE_STATE=getMsg HTTP/1.1" 200 27
116.237.72.5 - - [27/Feb/2024:09:13:38 +0800] "GET /xingrg/kc/buy/cgsh_order_add.html HTTP/1.1" 200 73461
116.237.72.5 - - [27/Feb/2024:09:13:39 +0800] "POST /xingrg/kc/buy/cgsh_order_operate.html HTTP/1.1" 200 8245
116.237.72.5 - - [27/Feb/2024:09:13:39 +0800] "GET /xingrg/javascript/easyui/themes/default/validatebox.css HTTP/1.1" 404 1104
116.237.72.5 - - [27/Feb/2024:09:13:39 +0800] "GET /xingrg/all/common/auto_word.html?type=employee&rest_code=00106 HTTP/1.1" 200 205
116.237.72.5 - - [27/Feb/2024:09:13:39 +0800] "GET /xingrg/all/common/auto_word.html?type=employee&rest_code=00106 HTTP/1.1" 200 205
116.237.72.5 - - [27/Feb/2024:09:13:40 +0800] "GET /xingrg/javascript/easyui/themes/default/tree.css HTTP/1.1" 404 1090
116.237.72.5 - - [27/Feb/2024:09:13:41 +0800] "POST /xingrg/all/common/load_tree.html?tree=supplier_tree_json&isDelete=1 HTTP/1.1" 200 78456
58.40.7.146 - - [27/Feb/2024:09:13:42 +0800] "GET /xingrg/all/function/internal_message.html?_=1708996422372&CODE_STATE=getMsg HTTP/1.1" 200 27
180.169.147.146 - - [27/Feb/2024:09:13:43 +0800] "GET /xingrg/all/function/internal_message.html?_=1708996423066&CODE_STATE=getMsg HTTP/1.1" 200 27
222.70.245.42 - - [27/Feb/2024:09:13:43 +0800] "GET /xingrg/all/function/internal_message.html?_=1708996429190&CODE_STATE=getMsg HTTP/1.1" 200 27
116.230.123.222 - - [27/Feb/2024:09:13:44 +0800] "GET /xingrg/all/function/internal_message.html?_=1708996424213&CODE_STATE=getMsg HTTP/1.1" 200 27
116.238.97.31 - - [27/Feb/2024:09:13:46 +0800] "GET /xingrg/all/function/internal_message.html?_=1708996426685&CODE_STATE=getMsg HTTP/1.1" 200 27
116.237.72.5 - - [27/Feb/2024:09:13:48 +0800] "GET /xingrg/all/function/internal_message.html?_=1708996430411&CODE_STATE=getMsg HTTP/1.1" 200 27
116.224.254.208 - - [27/Feb/2024:09:13:51 +0800] "GET /xingrg/all/function/internal_message.html?_=1708996430228&CODE_STATE=getMsg HTTP/1.1" 200 27
101.83.145.37 - - [27/Feb/2024:09:13:52 +0800] "GET /xingrg/all/function/internal_message.html?_=1708996191859&CODE_STATE=getMsg HTTP/1.1" 200 27
120.253.135.82 - - [27/Feb/2024:09:13:57 +0800] "GET /xingrg/all/function/internal_message.html?_=1708996271931&CODE_STATE=getMsg HTTP/1.1" 200 27
116.230.123.222 - - [27/Feb/2024:09:14:00 +0800] "GET /xingrg/kc/buy/cgsh_order_operate.html?command=get_materiel&rest_code=00111&code=00101008274&supplier_code=00100005&order_time=2024-02-27 HTTP/1.1" 200 412
101.83.145.37 - - [27/Feb/2024:09:14:00 +0800] "GET /xingrg/all/function/internal_message.html?_=1708996441588&CODE_STATE=getMsg HTTP/1.1" 200 27
222.69.145.54 - - [27/Feb/2024:09:14:02 +0800] "GET /xingrg/all/function/internal_message.html?_=1708996443336&CODE_STATE=getMsg HTTP/1.1" 200 27
124.78.67.200 - - [27/Feb/2024:09:14:03 +0800] "GET /xingrg/all/function/internal_message.html?_=1708996443689&CODE_STATE=getMsg HTTP/1.1" 200 27
101.83.145.37 - - [27/Feb/2024:09:14:05 +0800] "GET /xingrg/kc/buy/cgsh_order_operate.html?command=get_materiel&rest_code=00105&code=00102010715&supplier_code=&order_time=2024-02-27 HTTP/1.1" 200 412
116.224.254.208 - - [27/Feb/2024:09:14:12 +0800] "GET /xingrg/kc/buy/cgsh_order_list.html HTTP/1.1" 200 57698
116.230.123.222 - - [27/Feb/2024:09:14:13 +0800] "GET /xingrg/kc/buy/cgsh_order_operate.html?command=get_materiel&rest_code=00111&code=00101008186&supplier_code=00100005&order_time=2024-02-27 HTTP/1.1" 200 408
116.224.254.208 - - [27/Feb/2024:09:14:15 +0800] "POST /xingrg/kc/buy/cgsh_list_operate.html HTTP/1.1" 200 1885
116.224.254.208 - - [27/Feb/2024:09:14:17 +0800] "GET /xingrg/kc/buy/cgsh_order_add.html HTTP/1.1" 200 73511
116.224.254.208 - - [27/Feb/2024:09:14:18 +0800] "POST /xingrg/kc/buy/cgsh_order_operate.html HTTP/1.1" 200 8245
116.224.254.208 - - [27/Feb/2024:09:14:18 +0800] "GET /xingrg/javascript/easyui/themes/default/validatebox.css HTTP/1.1" 404 1104
116.224.254.208 - - [27/Feb/2024:09:14:23 +0800] "GET /xingrg/all/function/internal_message.html?_=1708996463743&CODE_STATE=getMsg HTTP/1.1" 200 27
116.230.123.222 - - [27/Feb/2024:09:14:26 +0800] "GET /xingrg/kc/buy/cgsh_order_operate.html?command=get_materiel&rest_code=00111&code=00101008051&supplier_code=00100005&order_time=2024-02-27 HTTP/1.1" 200 408
116.224.254.208 - - [27/Feb/2024:09:14:28 +0800] "GET /xingrg/kc/buy/cgsh_order_operate.html?command=get_materiel&rest_code=00150&code=00101009011&supplier_code=00100022&order_time=2024-02-27 HTTP/1.1" 200 416
180.171.62.200 - - [27/Feb/2024:09:14:38 +0800] "GET /xingrg/all/function/internal_message.html?_=1708996479231&CODE_STATE=getMsg HTTP/1.1" 200 27
116.224.254.208 - - [27/Feb/2024:09:14:39 +0800] "POST /xingrg/kc/buy/cgsh_order_operate.html HTTP/1.1" 200 37
116.230.123.222 - - [27/Feb/2024:09:14:40 +0800] "GET /xingrg/kc/buy/cgsh_order_operate.html?command=get_materiel&rest_code=00111&code=00101008338&supplier_code=00100005&order_time=2024-02-27 HTTP/1.1" 200 408
58.40.7.146 - - [27/Feb/2024:09:14:42 +0800] "GET /xingrg/all/function/internal_message.html?_=1708996482376&CODE_STATE=getMsg HTTP/1.1" 200 27
222.70.245.42 - - [27/Feb/2024:09:14:42 +0800] "GET /xingrg/check_reg.html?_=1708996487953 HTTP/1.1" 200 22
180.169.147.146 - - [27/Feb/2024:09:14:43 +0800] "GET /xingrg/all/function/internal_message.html?_=1708996483084&CODE_STATE=getMsg HTTP/1.1" 200 27
222.70.245.42 - - [27/Feb/2024:09:14:43 +0800] "GET /xingrg/all/function/internal_message.html?_=1708996489204&CODE_STATE=getMsg HTTP/1.1" 200 27
116.230.123.222 - - [27/Feb/2024:09:14:44 +0800] "GET /xingrg/all/function/internal_message.html?_=1708996484214&CODE_STATE=getMsg HTTP/1.1" 200 27
116.224.254.208 - - [27/Feb/2024:09:14:45 +0800] "POST /xingrg/kc/buy/cgsh_order_operate.html HTTP/1.1" 200 12
116.238.97.31 - - [27/Feb/2024:09:14:46 +0800] "GET /xingrg/all/function/internal_message.html?_=1708996486699&CODE_STATE=getMsg HTTP/1.1" 200 27
116.224.254.208 - - [27/Feb/2024:09:14:47 +0800] "GET /xingrg/kc/buy/cgsh_order_info.html?code=212024022707465 HTTP/1.1" 200 68418
116.224.254.208 - - [27/Feb/2024:09:14:47 +0800] "GET /xingrg/javascript/easyui/themes/default/validatebox.css HTTP/1.1" 404 1104
116.237.72.5 - - [27/Feb/2024:09:14:48 +0800] "GET /xingrg/all/function/internal_message.html?_=1708996490407&CODE_STATE=getMsg HTTP/1.1" 200 27
116.224.254.208 - - [27/Feb/2024:09:14:48 +0800] "POST /xingrg/kc/buy/cgsh_order_operate.html HTTP/1.1" 200 609
116.224.254.208 - - [27/Feb/2024:09:14:50 +0800] "GET /xingrg/kc/print/load_data.html?order_code=212024022707465&kc_code=cgsh&condition= HTTP/1.1" 200 741
116.224.254.208 - - [27/Feb/2024:09:14:51 +0800] "GET /xingrg/check_reg.html?_=1708996490227 HTTP/1.1" 200 22
116.224.254.208 - - [27/Feb/2024:09:14:51 +0800] "GET /xingrg/all/function/internal_message.html?_=1708996490232&CODE_STATE=getMsg HTTP/1.1" 200 27
101.83.145.37 - - [27/Feb/2024:09:14:52 +0800] "GET /xingrg/check_reg.html?_=1708996251860 HTTP/1.1" 200 22
101.83.145.37 - - [27/Feb/2024:09:14:52 +0800] "GET /xingrg/all/function/internal_message.html?_=1708996251863&CODE_STATE=getMsg HTTP/1.1" 200 27
116.224.254.208 - - [27/Feb/2024:09:14:56 +0800] "POST /xingrg/all/user/operate.html HTTP/1.1" 200 36
116.224.254.208 - - [27/Feb/2024:09:14:56 +0800] "GET /xingrg/index.html?sysBaseUrl=http%3A%2F%2F180.169.147.146%3A18081%2Fxingrg%2F&costTime=808×tamp=1708994197988 HTTP/1.1" 200 17177
116.224.254.208 - - [27/Feb/2024:09:14:57 +0800] "GET /xingrg/javascript/jquery_easy_ui/themes/default/easyui.css HTTP/1.1" 304 -
116.224.254.208 - - [27/Feb/2024:09:14:57 +0800] "GET /xingrg/javascript/jquery_easy_ui/themes/icon.css HTTP/1.1" 304 -
116.224.254.208 - - [27/Feb/2024:09:14:57 +0800] "GET /xingrg/css/form.css HTTP/1.1" 304 -
116.224.254.208 - - [27/Feb/2024:09:14:57 +0800] "GET /xingrg/javascript/jquery-1.4.2.min.js HTTP/1.1" 304 -
116.224.254.208 - - [27/Feb/2024:09:14:57 +0800] "GET /xingrg/javascript/jquery_easy_ui/jquery.easyui.min.js HTTP/1.1" 304 -
116.224.254.208 - - [27/Feb/2024:09:14:57 +0800] "GET /xingrg/javascript/jquery_easy_ui/easyui-lang-zh_CN.js HTTP/1.1" 304 -
116.224.254.208 - - [27/Feb/2024:09:14:57 +0800] "GET /xingrg/javascript/jquery.form.js HTTP/1.1" 304 -
116.224.254.208 - - [27/Feb/2024:09:14:57 +0800] "GET /xingrg/javascript/jquery.utils.js HTTP/1.1" 304 -
116.224.254.208 - - [27/Feb/2024:09:14:57 +0800] "GET /xingrg/javascript/jquery.timers.js HTTP/1.1" 304 -
116.224.254.208 - - [27/Feb/2024:09:14:57 +0800] "GET /xingrg/images/blue/jxLogo.png HTTP/1.1" 304 -
116.224.254.208 - - [27/Feb/2024:09:14:57 +0800] "GET /xingrg/javascript/jquery_easy_ui/themes/icons/settle_new.png HTTP/1.1" 304 -
116.224.254.208 - - [27/Feb/2024:09:14:57 +0800] "GET /xingrg/images/blue/navBackgound.jpg HTTP/1.1" 304 -
116.224.254.208 - - [27/Feb/2024:09:14:57 +0800] "GET /xingrg/all/function/internal_message.html?_=1708996497319&CODE_STATE=count HTTP/1.1" 200 11
116.224.254.208 - - [27/Feb/2024:09:14:57 +0800] "GET /xingrg/images/blue/pingpu.png HTTP/1.1" 304 -
116.224.254.208 - - [27/Feb/2024:09:14:57 +0800] "GET /xingrg/check_reg.html?_=1708996497320 HTTP/1.1" 200 22
116.224.254.208 - - [27/Feb/2024:09:14:57 +0800] "GET /xingrg/javascript/jquery_easy_ui/themes/default/images/tabs_leftarrow.png HTTP/1.1" 304 -
116.224.254.208 - - [27/Feb/2024:09:14:57 +0800] "GET /xingrg/javascript/jquery_easy_ui/themes/default/images/tabs_rightarrow.png HTTP/1.1" 304 -
116.224.254.208 - - [27/Feb/2024:09:14:57 +0800] "GET /xingrg/javascript/jquery_easy_ui/themes/default/images/panel_tool_collapse.gif HTTP/1.1" 304 -
116.224.254.208 - - [27/Feb/2024:09:14:57 +0800] "POST /xingrg/all/common/load_tree.html?tree=area_rest_tree_json&manage=1 HTTP/1.1" 200 476
116.224.254.208 - - [27/Feb/2024:09:14:57 +0800] "POST /xingrg/load_menu.html HTTP/1.1" 200 5138
120.253.135.82 - - [27/Feb/2024:09:14:57 +0800] "GET /xingrg/all/function/internal_message.html?_=1708996331951&CODE_STATE=getMsg HTTP/1.1" 200 27
116.224.254.208 - - [27/Feb/2024:09:14:59 +0800] "GET /xingrg/kc/buy/cgsh_order_list.html HTTP/1.1" 200 57696
101.83.145.37 - - [27/Feb/2024:09:15:00 +0800] "GET /xingrg/check_reg.html?_=1708996501573 HTTP/1.1" 200 22
101.83.145.37 - - [27/Feb/2024:09:15:00 +0800] "GET /xingrg/all/function/internal_message.html?_=1708996501577&CODE_STATE=getMsg HTTP/1.1" 200 27
116.224.254.208 - - [27/Feb/2024:09:15:01 +0800] "POST /xingrg/kc/buy/cgsh_list_operate.html HTTP/1.1" 200 986
222.69.145.54 - - [27/Feb/2024:09:15:02 +0800] "GET /xingrg/all/function/internal_message.html?_=1708996503344&CODE_STATE=getMsg HTTP/1.1" 200 27
222.69.145.54 - - [27/Feb/2024:09:15:02 +0800] "GET /xingrg/check_reg.html?_=1708996503346 HTTP/1.1" 200 22
116.224.254.208 - - [27/Feb/2024:09:15:03 +0800] "GET /xingrg/kc/buy/cgsh_order_add.html HTTP/1.1" 200 73065
116.224.254.208 - - [27/Feb/2024:09:15:03 +0800] "POST /xingrg/kc/buy/cgsh_order_operate.html HTTP/1.1" 200 8245
116.224.254.208 - - [27/Feb/2024:09:15:03 +0800] "GET /xingrg/javascript/easyui/themes/default/validatebox.css HTTP/1.1" 404 1104
124.78.67.200 - - [27/Feb/2024:09:15:03 +0800] "GET /xingrg/all/function/internal_message.html?_=1708996503677&CODE_STATE=getMsg HTTP/1.1" 200 27
116.224.254.208 - - [27/Feb/2024:09:15:04 +0800] "GET /xingrg/javascript/auto/indicator.gif HTTP/1.1" 404 1066
116.224.254.208 - - [27/Feb/2024:09:15:12 +0800] "GET /xingrg/kc/buy/cgsh_order_operate.html?command=get_materiel&rest_code=00151&code=00101009178&supplier_code=00100022&order_time=2024-02-27 HTTP/1.1" 200 413
116.237.72.5 - - [27/Feb/2024:09:15:21 +0800] "GET /xingrg/javascript/auto/indicator.gif HTTP/1.1" 404 1066
116.224.254.208 - - [27/Feb/2024:09:15:22 +0800] "GET /xingrg/kc/buy/cgsh_order_operate.html?command=get_materiel&rest_code=00151&code=00101009045&supplier_code=00100022&order_time=2024-02-27 HTTP/1.1" 200 412
124.78.67.200 - - [27/Feb/2024:09:15:28 +0800] "GET /xingrg/check_reg.html?_=1708996528631 HTTP/1.1" 200 22
116.224.254.208 - - [27/Feb/2024:09:15:29 +0800] "GET /xingrg/kc/buy/cgsh_order_operate.html?command=get_materiel&rest_code=00151&code=00101009011&supplier_code=00100022&order_time=2024-02-27 HTTP/1.1" 200 416
180.169.147.146 - - [27/Feb/2024:09:15:32 +0800] "POST /xingrg/all/user/operate.html HTTP/1.1" 200 36
180.169.147.146 - - [27/Feb/2024:09:15:32 +0800] "GET /xingrg/index.html?sysBaseUrl=http%3A%2F%2F180.169.147.146%3A18081%2Fxingrg%2F&costTime=39×tamp=1592034574635 HTTP/1.1" 200 17503
180.169.147.146 - - [27/Feb/2024:09:15:32 +0800] "GET /xingrg/javascript/jquery_easy_ui/themes/default/easyui.css HTTP/1.1" 304 -
180.169.147.146 - - [27/Feb/2024:09:15:32 +0800] "GET /xingrg/javascript/jquery_easy_ui/themes/icon.css HTTP/1.1" 304 -
180.169.147.146 - - [27/Feb/2024:09:15:32 +0800] "GET /xingrg/css/form.css HTTP/1.1" 304 -
180.169.147.146 - - [27/Feb/2024:09:15:32 +0800] "GET /xingrg/javascript/jquery-1.4.2.min.js HTTP/1.1" 304 -
180.169.147.146 - - [27/Feb/2024:09:15:32 +0800] "GET /xingrg/javascript/jquery_easy_ui/jquery.easyui.min.js HTTP/1.1" 304 -
180.169.147.146 - - [27/Feb/2024:09:15:32 +0800] "GET /xingrg/javascript/jquery_easy_ui/easyui-lang-zh_CN.js HTTP/1.1" 304 -
180.169.147.146 - - [27/Feb/2024:09:15:32 +0800] "GET /xingrg/javascript/jquery.form.js HTTP/1.1" 304 -
180.169.147.146 - - [27/Feb/2024:09:15:32 +0800] "GET /xingrg/javascript/jquery.utils.js HTTP/1.1" 304 -
180.169.147.146 - - [27/Feb/2024:09:15:32 +0800] "GET /xingrg/javascript/jquery.timers.js HTTP/1.1" 304 -
180.169.147.146 - - [27/Feb/2024:09:15:32 +0800] "GET /xingrg/images/blue/jxLogo.png HTTP/1.1" 304 -
180.169.147.146 - - [27/Feb/2024:09:15:32 +0800] "GET /xingrg/images/blue/navBackgound.jpg HTTP/1.1" 304 -
180.169.147.146 - - [27/Feb/2024:09:15:32 +0800] "GET /xingrg/javascript/jquery_easy_ui/themes/icons/settle_new.png HTTP/1.1" 304 -
180.169.147.146 - - [27/Feb/2024:09:15:32 +0800] "GET /xingrg/check_reg.html?_=1708996532493 HTTP/1.1" 200 22
180.169.147.146 - - [27/Feb/2024:09:15:32 +0800] "GET /xingrg/all/function/internal_message.html?_=1708996532492&CODE_STATE=count HTTP/1.1" 200 11
180.169.147.146 - - [27/Feb/2024:09:15:32 +0800] "POST /xingrg/all/common/load_tree.html?tree=area_rest_tree_json&manage=1 HTTP/1.1" 200 3624
180.169.147.146 - - [27/Feb/2024:09:15:32 +0800] "POST /xingrg/load_menu.html HTTP/1.1" 200 9959
116.237.72.5 - - [27/Feb/2024:09:15:33 +0800] "GET /xingrg/kc/buy/cgsh_order_operate.html?command=get_materiel&rest_code=00106&code=00101008091&supplier_code=00100007&order_time=2024-02-27 HTTP/1.1" 200 412
180.169.147.146 - - [27/Feb/2024:09:15:34 +0800] "GET /xingrg/kc/mdqp/pssh_order_list.html HTTP/1.1" 200 17769
180.169.147.146 - - [27/Feb/2024:09:15:35 +0800] "POST /xingrg/kc/mdqp/pssh_list_operate.html HTTP/1.1" 200 8949
180.171.62.200 - - [27/Feb/2024:09:15:38 +0800] "GET /xingrg/all/function/internal_message.html?_=1708996539230&CODE_STATE=getMsg HTTP/1.1" 200 27
180.169.147.146 - - [27/Feb/2024:09:15:40 +0800] "POST /xingrg/kc/mdqp/pssh_list_operate.html HTTP/1.1" 200 8614
116.224.254.208 - - [27/Feb/2024:09:15:40 +0800] "POST /xingrg/kc/buy/cgsh_order_operate.html HTTP/1.1" 200 37
58.40.7.146 - - [27/Feb/2024:09:15:42 +0800] "GET /xingrg/all/function/internal_message.html?_=1708996542376&CODE_STATE=getMsg HTTP/1.1" 200 27
180.169.147.146 - - [27/Feb/2024:09:15:42 +0800] "POST /xingrg/kc/mdqp/pssh_list_operate.html HTTP/1.1" 200 269
222.70.245.42 - - [27/Feb/2024:09:15:43 +0800] "GET /xingrg/all/function/internal_message.html?_=1708996549217&CODE_STATE=getMsg HTTP/1.1" 200 27
116.230.123.222 - - [27/Feb/2024:09:15:44 +0800] "GET /xingrg/all/function/internal_message.html?_=1708996544241&CODE_STATE=getMsg HTTP/1.1" 200 27
116.230.123.222 - - [27/Feb/2024:09:15:46 +0800] "GET /xingrg/kc/buy/cgsh_order_operate.html?command=get_materiel&rest_code=00111&code=00101008069&supplier_code=00100005&order_time=2024-02-27 HTTP/1.1" 200 412
116.238.97.31 - - [27/Feb/2024:09:15:46 +0800] "GET /xingrg/all/function/internal_message.html?_=1708996546702&CODE_STATE=getMsg HTTP/1.1" 200 27
116.224.254.208 - - [27/Feb/2024:09:15:47 +0800] "POST /xingrg/kc/buy/cgsh_order_operate.html HTTP/1.1" 200 12
116.237.72.5 - - [27/Feb/2024:09:15:48 +0800] "GET /xingrg/all/function/internal_message.html?_=1708996550415&CODE_STATE=getMsg HTTP/1.1" 200 27
116.224.254.208 - - [27/Feb/2024:09:15:49 +0800] "GET /xingrg/kc/buy/cgsh_order_info.html?code=212024022707466 HTTP/1.1" 200 67972
116.224.254.208 - - [27/Feb/2024:09:15:49 +0800] "GET /xingrg/javascript/easyui/themes/default/validatebox.css HTTP/1.1" 404 1104
116.224.254.208 - - [27/Feb/2024:09:15:50 +0800] "POST /xingrg/kc/buy/cgsh_order_operate.html HTTP/1.1" 200 1817
116.224.254.208 - - [27/Feb/2024:09:15:51 +0800] "GET /xingrg/all/function/internal_message.html?_=1708996550227&CODE_STATE=getMsg HTTP/1.1" 200 27
101.83.145.37 - - [27/Feb/2024:09:15:52 +0800] "GET /xingrg/all/function/internal_message.html?_=1708996311863&CODE_STATE=getMsg HTTP/1.1" 200 27
120.253.135.82 - - [27/Feb/2024:09:15:52 +0800] "GET /xingrg/kc/pszx/mdqp_order_list.html?state=10 HTTP/1.1" 200 10319
120.253.135.82 - - [27/Feb/2024:09:15:52 +0800] "GET /xingrg/dwr/interface/AjaxQqpsService.js HTTP/1.1" 200 16326
120.253.135.82 - - [27/Feb/2024:09:15:52 +0800] "GET /xingrg/dwr/interface/AjaxReportQueryService.js HTTP/1.1" 200 13203
120.253.135.82 - - [27/Feb/2024:09:15:52 +0800] "GET /xingrg/dwr/engine.js HTTP/1.1" 200 43631
116.224.254.208 - - [27/Feb/2024:09:15:52 +0800] "GET /xingrg/kc/print/load_data.html?order_code=212024022707466&kc_code=cgsh&condition= HTTP/1.1" 200 1212
120.253.135.82 - - [27/Feb/2024:09:15:55 +0800] "GET /xingrg/kc/pszx/mdps_order_list.html?orderType=0 HTTP/1.1" 200 20995
120.253.135.82 - - [27/Feb/2024:09:15:55 +0800] "GET /xingrg/javascript/easyui/themes/default/easyui.css HTTP/1.1" 304 -
120.253.135.82 - - [27/Feb/2024:09:15:55 +0800] "GET /xingrg/javascript/jquery_tools/table.css HTTP/1.1" 304 -
120.253.135.82 - - [27/Feb/2024:09:15:55 +0800] "GET /xingrg/javascript/jquery_tools/jquery.tools.table.js HTTP/1.1" 304 -
120.253.135.82 - - [27/Feb/2024:09:15:55 +0800] "POST /xingrg/kc/pszx/mdps_list_operate.html HTTP/1.1" 200 5340
116.224.254.208 - - [27/Feb/2024:09:15:57 +0800] "GET /xingrg/all/function/internal_message.html?_=1708996557339&CODE_STATE=getMsg HTTP/1.1" 200 27
116.230.123.222 - - [27/Feb/2024:09:15:57 +0800] "GET /xingrg/kc/buy/cgsh_order_operate.html?command=get_materiel&rest_code=00111&code=00101008368&supplier_code=00100005&order_time=2024-02-27 HTTP/1.1" 200 408
120.253.135.82 - - [27/Feb/2024:09:15:57 +0800] "GET /xingrg/all/function/internal_message.html?_=1708996391960&CODE_STATE=getMsg HTTP/1.1" 200 27
120.253.135.82 - - [27/Feb/2024:09:15:58 +0800] "GET /xingrg/kc/pszx/mdqp_order_list.html?state=10 HTTP/1.1" 200 10319
120.253.135.82 - - [27/Feb/2024:09:15:58 +0800] "GET /xingrg/dwr/interface/AjaxQqpsService.js HTTP/1.1" 200 16326
120.253.135.82 - - [27/Feb/2024:09:15:58 +0800] "GET /xingrg/dwr/interface/AjaxReportQueryService.js HTTP/1.1" 200 13203
120.253.135.82 - - [27/Feb/2024:09:15:58 +0800] "GET /xingrg/dwr/engine.js HTTP/1.1" 200 43631
101.83.145.37 - - [27/Feb/2024:09:16:00 +0800] "GET /xingrg/all/function/internal_message.html?_=1708996561548&CODE_STATE=getMsg HTTP/1.1" 200 27
120.253.135.82 - - [27/Feb/2024:09:16:01 +0800] "GET /xingrg/kc/report/report_main.html HTTP/1.1" 200 8599
222.69.145.54 - - [27/Feb/2024:09:16:02 +0800] "GET /xingrg/all/function/internal_message.html?_=1708996563337&CODE_STATE=getMsg HTTP/1.1" 200 27
120.253.135.82 - - [27/Feb/2024:09:16:03 +0800] "GET /xingrg/kc/base/kc_stocks.html HTTP/1.1" 200 16554
120.253.135.82 - - [27/Feb/2024:09:16:03 +0800] "GET /xingrg/javascript/easyui/themes/default/tree.css HTTP/1.1" 404 1090
124.78.67.200 - - [27/Feb/2024:09:16:03 +0800] "GET /xingrg/all/function/internal_message.html?_=1708996563661&CODE_STATE=getMsg HTTP/1.1" 200 27
120.253.135.82 - - [27/Feb/2024:09:16:03 +0800] "POST /xingrg/all/common/load_tree.html?tree=materiel_sort_tree_json HTTP/1.1" 200 9734
120.253.135.82 - - [27/Feb/2024:09:16:05 +0800] "POST /xingrg/all/common/load_combo.html?type=base HTTP/1.1" 200 1169
116.237.72.5 - - [27/Feb/2024:09:16:08 +0800] "GET /xingrg/kc/buy/cgsh_order_operate.html?command=get_materiel&rest_code=00106&code=00101008256&supplier_code=00100007&order_time=2024-02-27 HTTP/1.1" 200 412
116.230.123.222 - - [27/Feb/2024:09:16:08 +0800] "GET /xingrg/kc/buy/cgsh_order_operate.html?command=get_materiel&rest_code=00111&code=00101008353&supplier_code=00100005&order_time=2024-02-27 HTTP/1.1" 200 408
120.253.135.82 - - [27/Feb/2024:09:16:11 +0800] "POST /xingrg/kc/base/stock_operate.html HTTP/1.1" 200 1456
120.253.135.82 - - [27/Feb/2024:09:16:16 +0800] "GET /xingrg/kc/pszx/mdqp_order_list.html?state=10 HTTP/1.1" 200 10319
120.253.135.82 - - [27/Feb/2024:09:16:16 +0800] "GET /xingrg/dwr/interface/AjaxQqpsService.js HTTP/1.1" 200 16326
120.253.135.82 - - [27/Feb/2024:09:16:16 +0800] "GET /xingrg/dwr/interface/AjaxReportQueryService.js HTTP/1.1" 200 13203
120.253.135.82 - - [27/Feb/2024:09:16:16 +0800] "GET /xingrg/dwr/engine.js HTTP/1.1" 200 43631
116.237.72.5 - - [27/Feb/2024:09:16:22 +0800] "GET /xingrg/kc/buy/cgsh_order_operate.html?command=get_materiel&rest_code=00106&code=00101008234&supplier_code=00100007&order_time=2024-02-27 HTTP/1.1" 200 408
120.253.135.82 - - [27/Feb/2024:09:16:23 +0800] "GET /xingrg/kc/pszx/mdqp_order_list.html?state=10 HTTP/1.1" 200 10319
120.253.135.82 - - [27/Feb/2024:09:16:23 +0800] "GET /xingrg/dwr/interface/AjaxQqpsService.js HTTP/1.1" 200 16326
120.253.135.82 - - [27/Feb/2024:09:16:23 +0800] "GET /xingrg/dwr/interface/AjaxReportQueryService.js HTTP/1.1" 200 13203
120.253.135.82 - - [27/Feb/2024:09:16:23 +0800] "GET /xingrg/dwr/engine.js HTTP/1.1" 200 43631
180.169.147.146 - - [27/Feb/2024:09:16:32 +0800] "GET /xingrg/all/function/internal_message.html?_=1708996592512&CODE_STATE=getMsg HTTP/1.1" 200 27
116.230.123.222 - - [27/Feb/2024:09:16:33 +0800] "GET /xingrg/kc/buy/cgsh_order_operate.html?command=get_materiel&rest_code=00111&code=00101008355&supplier_code=00100005&order_time=2024-02-27 HTTP/1.1" 200 408
180.171.62.200 - - [27/Feb/2024:09:16:38 +0800] "GET /xingrg/all/function/internal_message.html?_=1708996599233&CODE_STATE=getMsg HTTP/1.1" 200 27
180.171.62.200 - - [27/Feb/2024:09:16:38 +0800] "GET /xingrg/check_reg.html?_=1708996599237 HTTP/1.1" 200 22
58.40.7.146 - - [27/Feb/2024:09:16:42 +0800] "GET /xingrg/check_reg.html?_=1708996602378 HTTP/1.1" 200 22
58.40.7.146 - - [27/Feb/2024:09:16:42 +0800] "GET /xingrg/all/function/internal_message.html?_=1708996602379&CODE_STATE=getMsg HTTP/1.1" 200 27
222.70.245.42 - - [27/Feb/2024:09:16:43 +0800] "GET /xingrg/all/function/internal_message.html?_=1708996609230&CODE_STATE=getMsg HTTP/1.1" 200 27
101.83.145.37 - - [27/Feb/2024:09:16:44 +0800] "POST /xingrg/kc/buy/cgsh_order_operate.html HTTP/1.1" 200 37
116.230.123.222 - - [27/Feb/2024:09:16:44 +0800] "GET /xingrg/all/function/internal_message.html?_=1708996604224&CODE_STATE=getMsg HTTP/1.1" 200 27
101.83.145.37 - - [27/Feb/2024:09:16:46 +0800] "POST /xingrg/kc/buy/cgsh_order_operate.html HTTP/1.1" 200 2660
116.238.97.31 - - [27/Feb/2024:09:16:46 +0800] "GET /xingrg/check_reg.html?_=1708996606698 HTTP/1.1" 200 22
116.238.97.31 - - [27/Feb/2024:09:16:46 +0800] "GET /xingrg/all/function/internal_message.html?_=1708996606698&CODE_STATE=getMsg HTTP/1.1" 200 27
116.237.72.5 - - [27/Feb/2024:09:16:46 +0800] "GET /xingrg/kc/buy/cgsh_order_operate.html?command=get_materiel&rest_code=00106&code=00101008155&supplier_code=00100007&order_time=2024-02-27 HTTP/1.1" 200 408
101.83.145.37 - - [27/Feb/2024:09:16:47 +0800] "GET /xingrg/kc/print/load_data.html?order_code=212024022707467&kc_code=cgsh&condition= HTTP/1.1" 200 649
116.237.72.5 - - [27/Feb/2024:09:16:48 +0800] "GET /xingrg/all/function/internal_message.html?_=1708996610405&CODE_STATE=getMsg HTTP/1.1" 200 27
116.230.123.222 - - [27/Feb/2024:09:16:49 +0800] "GET /xingrg/kc/buy/cgsh_order_operate.html?command=get_materiel&rest_code=00111&code=00101008095&supplier_code=00100005&order_time=2024-02-27 HTTP/1.1" 200 412
116.224.254.208 - - [27/Feb/2024:09:16:51 +0800] "GET /xingrg/all/function/internal_message.html?_=1708996610242&CODE_STATE=getMsg HTTP/1.1" 200 27
101.83.145.37 - - [27/Feb/2024:09:16:52 +0800] "GET /xingrg/all/function/internal_message.html?_=1708996371864&CODE_STATE=getMsg HTTP/1.1" 200 27
116.224.254.208 - - [27/Feb/2024:09:16:57 +0800] "GET /xingrg/all/function/internal_message.html?_=1708996617336&CODE_STATE=getMsg HTTP/1.1" 200 27
120.253.135.82 - - [27/Feb/2024:09:16:57 +0800] "GET /xingrg/check_reg.html?_=1708996451910 HTTP/1.1" 200 22
120.253.135.82 - - [27/Feb/2024:09:16:57 +0800] "GET /xingrg/all/function/internal_message.html?_=1708996451973&CODE_STATE=getMsg HTTP/1.1" 200 27
101.83.145.37 - - [27/Feb/2024:09:17:00 +0800] "GET /xingrg/all/function/internal_message.html?_=1708996621550&CODE_STATE=getMsg HTTP/1.1" 200 27
222.69.145.54 - - [27/Feb/2024:09:17:02 +0800] "GET /xingrg/all/function/internal_message.html?_=1708996623339&CODE_STATE=getMsg HTTP/1.1" 200 27
124.78.67.200 - - [27/Feb/2024:09:17:03 +0800] "GET /xingrg/all/function/internal_message.html?_=1708996623653&CODE_STATE=getMsg HTTP/1.1" 200 27
116.230.123.222 - - [27/Feb/2024:09:17:09 +0800] "GET /xingrg/kc/buy/cgsh_order_operate.html?command=get_materiel&rest_code=00111&code=00101008150&supplier_code=00100005&order_time=2024-02-27 HTTP/1.1" 200 409
124.79.245.19 - - [27/Feb/2024:09:17:18 +0800] "GET /favicon.ico HTTP/1.1" 404 -
116.230.123.222 - - [27/Feb/2024:09:17:19 +0800] "GET /xingrg/kc/buy/cgsh_order_operate.html?command=get_materiel&rest_code=00111&code=00101008060&supplier_code=00100005&order_time=2024-02-27 HTTP/1.1" 200 416
116.237.72.5 - - [27/Feb/2024:09:17:22 +0800] "GET /xingrg/kc/buy/cgsh_order_operate.html?command=get_materiel&rest_code=00106&code=00101008110&supplier_code=00100007&order_time=2024-02-27 HTTP/1.1" 200 408
116.230.123.222 - - [27/Feb/2024:09:17:29 +0800] "GET /xingrg/kc/buy/cgsh_order_operate.html?command=get_materiel&rest_code=00111&code=00101008223&supplier_code=00100005&order_time=2024-02-27 HTTP/1.1" 200 412
180.171.62.200 - - [27/Feb/2024:09:17:38 +0800] "GET /xingrg/all/function/internal_message.html?_=1708996659237&CODE_STATE=getMsg HTTP/1.1" 200 27
180.164.1.25 - - [27/Feb/2024:09:17:39 +0800] "GET /favicon.ico HTTP/1.1" 404 -
116.230.123.222 - - [27/Feb/2024:09:17:41 +0800] "GET /xingrg/kc/buy/cgsh_order_operate.html?command=get_materiel&rest_code=00111&code=00101008168&supplier_code=00100005&order_time=2024-02-27 HTTP/1.1" 200 413
58.40.7.146 - - [27/Feb/2024:09:17:42 +0800] "GET /xingrg/all/function/internal_message.html?_=1708996662366&CODE_STATE=getMsg HTTP/1.1" 200 27
222.70.245.42 - - [27/Feb/2024:09:17:43 +0800] "GET /xingrg/all/function/internal_message.html?_=1708996669486&CODE_STATE=getMsg HTTP/1.1" 200 27
116.230.123.222 - - [27/Feb/2024:09:17:44 +0800] "POST /xingrg/kc/buy/cgsh_order_operate.html HTTP/1.1" 200 2065
116.230.123.222 - - [27/Feb/2024:09:17:44 +0800] "GET /xingrg/check_reg.html?_=1708996664225 HTTP/1.1" 200 22
116.230.123.222 - - [27/Feb/2024:09:17:44 +0800] "GET /xingrg/all/function/internal_message.html?_=1708996664229&CODE_STATE=getMsg HTTP/1.1" 200 27
116.238.97.31 - - [27/Feb/2024:09:17:46 +0800] "GET /xingrg/all/function/internal_message.html?_=1708996666692&CODE_STATE=getMsg HTTP/1.1" 200 27
116.237.72.5 - - [27/Feb/2024:09:17:48 +0800] "GET /xingrg/check_reg.html?_=1708996670403 HTTP/1.1" 200 22
116.237.72.5 - - [27/Feb/2024:09:17:48 +0800] "GET /xingrg/all/function/internal_message.html?_=1708996670407&CODE_STATE=getMsg HTTP/1.1" 200 27
116.224.254.208 - - [27/Feb/2024:09:17:51 +0800] "GET /xingrg/all/function/internal_message.html?_=1708996670238&CODE_STATE=getMsg HTTP/1.1" 200 27
101.83.145.37 - - [27/Feb/2024:09:17:52 +0800] "GET /xingrg/all/function/internal_message.html?_=1708996431864&CODE_STATE=getMsg HTTP/1.1" 200 27
116.224.254.208 - - [27/Feb/2024:09:17:57 +0800] "GET /xingrg/all/function/internal_message.html?_=1708996677335&CODE_STATE=getMsg HTTP/1.1" 200 27
120.253.135.82 - - [27/Feb/2024:09:17:57 +0800] "GET /xingrg/all/function/internal_message.html?_=1708996511985&CODE_STATE=getMsg HTTP/1.1" 200 27
101.83.145.37 - - [27/Feb/2024:09:18:00 +0800] "GET /xingrg/all/function/internal_message.html?_=1708996681560&CODE_STATE=getMsg HTTP/1.1" 200 27
222.69.145.54 - - [27/Feb/2024:09:18:02 +0800] "GET /xingrg/all/function/internal_message.html?_=1708996683340&CODE_STATE=getMsg HTTP/1.1" 200 27
124.78.67.200 - - [27/Feb/2024:09:18:03 +0800] "GET /xingrg/all/function/internal_message.html?_=1708996683625&CODE_STATE=getMsg HTTP/1.1" 200 27
116.230.123.222 - - [27/Feb/2024:09:18:08 +0800] "POST /xingrg/kc/buy/cgsh_order_operate.html HTTP/1.1" 200 37
116.230.123.222 - - [27/Feb/2024:09:18:16 +0800] "POST /xingrg/kc/buy/cgsh_order_operate.html HTTP/1.1" 200 12
116.230.123.222 - - [27/Feb/2024:09:18:19 +0800] "GET /xingrg/kc/buy/cgsh_order_info.html?code=212024022707468 HTTP/1.1" 200 68332
116.230.123.222 - - [27/Feb/2024:09:18:19 +0800] "GET /xingrg/javascript/easyui/themes/default/validatebox.css HTTP/1.1" 404 1104
116.230.123.222 - - [27/Feb/2024:09:18:20 +0800] "POST /xingrg/kc/buy/cgsh_order_operate.html HTTP/1.1" 200 11842
116.230.123.222 - - [27/Feb/2024:09:18:23 +0800] "GET /xingrg/kc/print/load_config.html?kc_code=cgsh HTTP/1.1" 200 1927
116.230.123.222 - - [27/Feb/2024:09:18:24 +0800] "GET /xingrg/kc/print/load_data.html?order_code=212024022707468&kc_code=cgsh&condition= HTTP/1.1" 200 4995
180.164.1.25 - - [27/Feb/2024:09:18:31 +0800] "GET /xingrg/login.html HTTP/1.1" 200 7641
180.164.1.25 - - [27/Feb/2024:09:18:31 +0800] "GET /xingrg/images/blue/jxLogo.png HTTP/1.1" 304 -
180.164.1.25 - - [27/Feb/2024:09:18:31 +0800] "GET /xingrg/images/blue/login_bg.png HTTP/1.1" 304 -
180.164.1.25 - - [27/Feb/2024:09:18:31 +0800] "GET /xingrg/images/blue/hj.png HTTP/1.1" 304 -
180.164.1.25 - - [27/Feb/2024:09:18:31 +0800] "GET /xingrg/images/blue/srbg.png HTTP/1.1" 304 -
180.164.1.25 - - [27/Feb/2024:09:18:31 +0800] "GET /favicon.ico HTTP/1.1" 404 -
116.237.72.5 - - [27/Feb/2024:09:18:33 +0800] "GET /xingrg/kc/buy/cgsh_order_operate.html?command=get_materiel&rest_code=00106&code=00101008096&supplier_code=00100007&order_time=2024-02-27 HTTP/1.1" 200 412
180.164.1.25 - - [27/Feb/2024:09:18:33 +0800] "POST /xingrg/login.do HTTP/1.1" 302 -
180.164.1.25 - - [27/Feb/2024:09:18:33 +0800] "GET /xingrg/index.html?sysBaseUrl=http%3A%2F%2F180.169.147.146%3A18081%2Fxingrg%2F&costTime=853×tamp=1708996713804 HTTP/1.1" 200 17183
180.164.1.25 - - [27/Feb/2024:09:18:33 +0800] "GET /xingrg/javascript/jquery_easy_ui/themes/default/easyui.css HTTP/1.1" 304 -
180.164.1.25 - - [27/Feb/2024:09:18:33 +0800] "GET /xingrg/javascript/jquery_easy_ui/themes/icon.css HTTP/1.1" 304 -
180.164.1.25 - - [27/Feb/2024:09:18:33 +0800] "GET /xingrg/css/form.css HTTP/1.1" 304 -
180.164.1.25 - - [27/Feb/2024:09:18:33 +0800] "GET /xingrg/javascript/jquery-1.4.2.min.js HTTP/1.1" 304 -
180.164.1.25 - - [27/Feb/2024:09:18:34 +0800] "GET /favicon.ico HTTP/1.1" 404 -
180.164.1.25 - - [27/Feb/2024:09:18:34 +0800] "GET /xingrg/javascript/jquery_easy_ui/jquery.easyui.min.js HTTP/1.1" 304 -
180.164.1.25 - - [27/Feb/2024:09:18:34 +0800] "GET /xingrg/javascript/jquery_easy_ui/easyui-lang-zh_CN.js HTTP/1.1" 304 -
180.164.1.25 - - [27/Feb/2024:09:18:34 +0800] "GET /xingrg/javascript/jquery.form.js HTTP/1.1" 304 -
180.164.1.25 - - [27/Feb/2024:09:18:34 +0800] "GET /xingrg/javascript/jquery.utils.js HTTP/1.1" 304 -
180.164.1.25 - - [27/Feb/2024:09:18:34 +0800] "GET /xingrg/javascript/jquery.timers.js HTTP/1.1" 304 -
180.164.1.25 - - [27/Feb/2024:09:18:34 +0800] "GET /xingrg/javascript/jquery_easy_ui/themes/icons/settle_new.png HTTP/1.1" 304 -
180.164.1.25 - - [27/Feb/2024:09:18:34 +0800] "GET /xingrg/images/blue/navBackgound.jpg HTTP/1.1" 304 -
180.164.1.25 - - [27/Feb/2024:09:18:34 +0800] "POST /xingrg/all/common/load_tree.html?tree=area_rest_tree_json&manage=1 HTTP/1.1" 200 357
180.164.1.25 - - [27/Feb/2024:09:18:34 +0800] "GET /xingrg/all/function/internal_message.html?_=1708996712760&CODE_STATE=count HTTP/1.1" 200 11
180.164.1.25 - - [27/Feb/2024:09:18:34 +0800] "GET /xingrg/check_reg.html?_=1708996712761 HTTP/1.1" 200 22
180.164.1.25 - - [27/Feb/2024:09:18:34 +0800] "GET /xingrg/javascript/jquery_easy_ui/themes/default/images/panel_tool_collapse.gif HTTP/1.1" 304 -
180.164.1.25 - - [27/Feb/2024:09:18:34 +0800] "GET /xingrg/images/blue/pingpu.png HTTP/1.1" 304 -
180.164.1.25 - - [27/Feb/2024:09:18:34 +0800] "GET /xingrg/javascript/jquery_easy_ui/themes/default/images/tabs_rightarrow.png HTTP/1.1" 304 -
180.164.1.25 - - [27/Feb/2024:09:18:34 +0800] "GET /xingrg/javascript/jquery_easy_ui/themes/default/images/tabs_leftarrow.png HTTP/1.1" 304 -
180.164.1.25 - - [27/Feb/2024:09:18:34 +0800] "POST /xingrg/load_menu.html HTTP/1.1" 200 5138
180.164.1.25 - - [27/Feb/2024:09:18:34 +0800] "GET /xingrg/javascript/jquery_easy_ui/themes/default/images/tree_arrows.gif HTTP/1.1" 304 -
180.164.1.25 - - [27/Feb/2024:09:18:34 +0800] "GET /xingrg/javascript/jquery_easy_ui/themes/default/images/tree_folder_open.gif HTTP/1.1" 304 -
180.164.1.25 - - [27/Feb/2024:09:18:34 +0800] "GET /xingrg/javascript/jquery_easy_ui/themes/icons/search_new.png HTTP/1.1" 304 -
180.164.1.25 - - [27/Feb/2024:09:18:34 +0800] "GET /xingrg/javascript/jquery_easy_ui/themes/default/images/tree_folder.gif HTTP/1.1" 304 -
180.164.1.25 - - [27/Feb/2024:09:18:34 +0800] "GET /xingrg/javascript/jquery_easy_ui/themes/icons/storage_new.png HTTP/1.1" 304 -
180.164.1.25 - - [27/Feb/2024:09:18:34 +0800] "GET /xingrg/javascript/jquery_easy_ui/themes/icons/forms_new.png HTTP/1.1" 304 -
180.164.1.25 - - [27/Feb/2024:09:18:34 +0800] "GET /xingrg/javascript/jquery_easy_ui/themes/default/images/tree_file.gif HTTP/1.1" 304 -
180.171.62.200 - - [27/Feb/2024:09:18:38 +0800] "GET /xingrg/all/function/internal_message.html?_=1708996719238&CODE_STATE=getMsg HTTP/1.1" 200 27
180.164.1.25 - - [27/Feb/2024:09:18:39 +0800] "GET /xingrg/javascript/jquery_easy_ui/themes/icons/rest.png HTTP/1.1" 200 695
180.164.1.25 - - [27/Feb/2024:09:18:39 +0800] "GET /xingrg/javascript/jquery_easy_ui/themes/icons/area.png HTTP/1.1" 200 262
180.164.1.25 - - [27/Feb/2024:09:18:41 +0800] "GET /xingrg/javascript/jquery_easy_ui/themes/default/images/tabs_close.gif HTTP/1.1" 304 -
180.164.1.25 - - [27/Feb/2024:09:18:42 +0800] "GET /xingrg/kc/buy/cgsh_order_list.html HTTP/1.1" 200 57702
180.164.1.25 - - [27/Feb/2024:09:18:42 +0800] "GET /xingrg/css/base.css HTTP/1.1" 304 -
180.164.1.25 - - [27/Feb/2024:09:18:42 +0800] "GET /xingrg/css/site.css HTTP/1.1" 304 -
180.164.1.25 - - [27/Feb/2024:09:18:42 +0800] "GET /xingrg/javascript/jquery_tools/datebox.css HTTP/1.1" 304 -
180.164.1.25 - - [27/Feb/2024:09:18:42 +0800] "GET /xingrg/javascript/easyui/themes/default/easyui.css HTTP/1.1" 304 -
180.164.1.25 - - [27/Feb/2024:09:18:42 +0800] "GET /xingrg/javascript/easyui/themes/icon.css HTTP/1.1" 304 -
180.164.1.25 - - [27/Feb/2024:09:18:42 +0800] "GET /xingrg/javascript/auto/jquery.autocomplete.css HTTP/1.1" 304 -
180.164.1.25 - - [27/Feb/2024:09:18:42 +0800] "GET /xingrg/javascript/jquery_tools/fix.css HTTP/1.1" 304 -
180.164.1.25 - - [27/Feb/2024:09:18:42 +0800] "GET /xingrg/javascript/jquery_tools/table.css HTTP/1.1" 304 -
180.164.1.25 - - [27/Feb/2024:09:18:42 +0800] "GET /xingrg/javascript/jquery_tools/jquery.tools.min.js HTTP/1.1" 304 -
58.40.7.146 - - [27/Feb/2024:09:18:42 +0800] "GET /xingrg/all/function/internal_message.html?_=1708996722371&CODE_STATE=getMsg HTTP/1.1" 200 27
180.164.1.25 - - [27/Feb/2024:09:18:42 +0800] "GET /xingrg/javascript/jquery_tools/jquery.tools.extend.js HTTP/1.1" 304 -
180.164.1.25 - - [27/Feb/2024:09:18:42 +0800] "GET /xingrg/javascript/jquery_tools/jquery.tools.hotkey.js HTTP/1.1" 304 -
180.164.1.25 - - [27/Feb/2024:09:18:42 +0800] "GET /xingrg/javascript/jquery_tools/jquery.tools.table.js HTTP/1.1" 304 -
180.164.1.25 - - [27/Feb/2024:09:18:42 +0800] "GET /xingrg/javascript/jquery_tools/list_manager.js HTTP/1.1" 304 -
180.164.1.25 - - [27/Feb/2024:09:18:42 +0800] "GET /xingrg/javascript/auto/jquery.autocomplete.js HTTP/1.1" 304 -
180.164.1.25 - - [27/Feb/2024:09:18:42 +0800] "GET /xingrg/javascript/easyui/easyloader.js HTTP/1.1" 304 -
180.164.1.25 - - [27/Feb/2024:09:18:42 +0800] "GET /xingrg/javascript/jquery.cookie.js HTTP/1.1" 304 -
180.164.1.25 - - [27/Feb/2024:09:18:42 +0800] "GET /xingrg/javascript/print/LodopFuncs.js HTTP/1.1" 304 -
180.164.1.25 - - [27/Feb/2024:09:18:43 +0800] "GET /xingrg/javascript/easyui/themes/icons/edit_add_new.png HTTP/1.1" 304 -
180.164.1.25 - - [27/Feb/2024:09:18:43 +0800] "GET /xingrg/javascript/easyui/themes/icons/cance_new.png HTTP/1.1" 304 -
180.164.1.25 - - [27/Feb/2024:09:18:43 +0800] "GET /xingrg/javascript/easyui/themes/icons/check_new.png HTTP/1.1" 304 -
180.164.1.25 - - [27/Feb/2024:09:18:43 +0800] "GET /xingrg/javascript/easyui/themes/icons/field_new.png HTTP/1.1" 304 -
180.164.1.25 - - [27/Feb/2024:09:18:43 +0800] "GET /xingrg/javascript/easyui/themes/icons/import_new.png HTTP/1.1" 304 -
180.164.1.25 - - [27/Feb/2024:09:18:43 +0800] "GET /xingrg/javascript/easyui/plugins/jquery.parser.js HTTP/1.1" 304 -
180.164.1.25 - - [27/Feb/2024:09:18:43 +0800] "GET /xingrg/images/control/ajaxLoader.gif HTTP/1.1" 304 -
222.70.245.42 - - [27/Feb/2024:09:18:43 +0800] "GET /xingrg/all/function/internal_message.html?_=1708996729493&CODE_STATE=getMsg HTTP/1.1" 200 27
116.230.123.222 - - [27/Feb/2024:09:18:44 +0800] "GET /xingrg/all/function/internal_message.html?_=1708996724249&CODE_STATE=getMsg HTTP/1.1" 200 27
116.238.97.31 - - [27/Feb/2024:09:18:46 +0800] "GET /xingrg/all/function/internal_message.html?_=1708996726691&CODE_STATE=getMsg HTTP/1.1" 200 27
101.83.145.37 - - [27/Feb/2024:09:18:48 +0800] "GET /xingrg/javascript/jquery_easy_ui/themes/default/images/tabs_active.png HTTP/1.1" 304 -
116.237.72.5 - - [27/Feb/2024:09:18:48 +0800] "GET /xingrg/all/function/internal_message.html?_=1708996730416&CODE_STATE=getMsg HTTP/1.1" 200 27
101.83.145.37 - - [27/Feb/2024:09:18:49 +0800] "GET /xingrg/javascript/easyui/themes/default/images/button_plain_hover.png HTTP/1.1" 304 -
116.224.254.208 - - [27/Feb/2024:09:18:51 +0800] "GET /xingrg/all/function/internal_message.html?_=1708996730228&CODE_STATE=getMsg HTTP/1.1" 200 27
101.83.145.37 - - [27/Feb/2024:09:18:52 +0800] "GET /xingrg/all/function/internal_message.html?_=1708996491868&CODE_STATE=getMsg HTTP/1.1" 200 27
116.224.254.208 - - [27/Feb/2024:09:18:57 +0800] "GET /xingrg/all/function/internal_message.html?_=1708996737335&CODE_STATE=getMsg HTTP/1.1" 200 27
120.253.135.82 - - [27/Feb/2024:09:18:57 +0800] "GET /xingrg/all/function/internal_message.html?_=1708996571999&CODE_STATE=getMsg HTTP/1.1" 200 27
101.83.145.37 - - [27/Feb/2024:09:19:00 +0800] "GET /xingrg/all/function/internal_message.html?_=1708996741551&CODE_STATE=getMsg HTTP/1.1" 200 27
222.69.145.54 - - [27/Feb/2024:09:19:02 +0800] "GET /xingrg/all/function/internal_message.html?_=1708996743341&CODE_STATE=getMsg HTTP/1.1" 200 27
124.78.67.200 - - [27/Feb/2024:09:19:03 +0800] "GET /xingrg/all/function/internal_message.html?_=1708996743613&CODE_STATE=getMsg HTTP/1.1" 200 27
116.230.123.222 - - [27/Feb/2024:09:19:10 +0800] "GET /xingrg/kc/buy/cgsh_order_add.html HTTP/1.1" 200 73423
116.230.123.222 - - [27/Feb/2024:09:19:11 +0800] "POST /xingrg/kc/buy/cgsh_order_operate.html HTTP/1.1" 200 8245
116.230.123.222 - - [27/Feb/2024:09:19:11 +0800] "GET /xingrg/javascript/easyui/themes/default/validatebox.css HTTP/1.1" 404 1104
180.164.1.25 - - [27/Feb/2024:09:19:14 +0800] "POST /xingrg/kc/buy/cgsh_list_operate.html HTTP/1.1" 200 6006
124.79.245.19 - - [27/Feb/2024:09:19:19 +0800] "POST /xingrg/services/DataTransmitService HTTP/1.1" 200 524
101.83.145.37 - - [27/Feb/2024:09:19:21 +0800] "GET /xingrg/javascript/jquery_easy_ui/themes/default/images/tabs_active.png HTTP/1.1" 304 -
116.237.72.5 - - [27/Feb/2024:09:19:31 +0800] "POST /xingrg/services/DataTransmitService HTTP/1.1" 200 524
116.230.123.222 - - [27/Feb/2024:09:19:32 +0800] "GET /xingrg/kc/buy/cgsh_order_operate.html?command=get_materiel&rest_code=00111&code=00101002027&supplier_code=00100199&order_time=2024-02-27 HTTP/1.1" 200 434
180.164.1.25 - - [27/Feb/2024:09:19:34 +0800] "GET /xingrg/all/function/internal_message.html?_=1708996772777&CODE_STATE=getMsg HTTP/1.1" 200 27
180.169.147.146 - - [27/Feb/2024:09:19:37 +0800] "GET /xingrg/login.html HTTP/1.1" 200 7641
180.171.62.200 - - [27/Feb/2024:09:19:38 +0800] "GET /xingrg/all/function/internal_message.html?_=1708996779238&CODE_STATE=getMsg HTTP/1.1" 200 27
58.40.7.146 - - [27/Feb/2024:09:19:42 +0800] "GET /xingrg/all/function/internal_message.html?_=1708996782377&CODE_STATE=getMsg HTTP/1.1" 200 27
222.70.245.42 - - [27/Feb/2024:09:19:42 +0800] "GET /xingrg/check_reg.html?_=1708996788136 HTTP/1.1" 200 22
180.169.147.146 - - [27/Feb/2024:09:19:43 +0800] "GET /favicon.ico HTTP/1.1" 404 -
222.70.245.42 - - [27/Feb/2024:09:19:43 +0800] "GET /xingrg/all/function/internal_message.html?_=1708996789505&CODE_STATE=getMsg HTTP/1.1" 200 27
116.230.123.222 - - [27/Feb/2024:09:19:44 +0800] "GET /xingrg/all/function/internal_message.html?_=1708996784251&CODE_STATE=getMsg HTTP/1.1" 200 27
116.238.97.31 - - [27/Feb/2024:09:19:46 +0800] "GET /xingrg/all/function/internal_message.html?_=1708996786698&CODE_STATE=getMsg HTTP/1.1" 200 27
116.230.123.222 - - [27/Feb/2024:09:19:46 +0800] "GET /xingrg/kc/buy/cgsh_order_operate.html?command=get_materiel&rest_code=00111&code=00101001069&supplier_code=00100199&order_time=2024-02-27 HTTP/1.1" 200 411
116.237.72.5 - - [27/Feb/2024:09:19:47 +0800] "GET /xingrg/kc/buy/cgsh_order_operate.html?command=get_materiel&rest_code=00106&code=00101008038&supplier_code=00100007&order_time=2024-02-27 HTTP/1.1" 200 412
180.169.147.146 - - [27/Feb/2024:09:19:47 +0800] "POST /xingrg/login.do HTTP/1.1" 302 -
180.169.147.146 - - [27/Feb/2024:09:19:47 +0800] "GET /xingrg/index.html?sysBaseUrl=http%3A%2F%2F180.169.147.146%3A18081%2Fxingrg%2F&costTime=837×tamp=1708996787379 HTTP/1.1" 200 17503
180.169.147.146 - - [27/Feb/2024:09:19:48 +0800] "GET /favicon.ico HTTP/1.1" 404 -
116.237.72.5 - - [27/Feb/2024:09:19:48 +0800] "GET /xingrg/all/function/internal_message.html?_=1708996790407&CODE_STATE=getMsg HTTP/1.1" 200 27
180.169.147.146 - - [27/Feb/2024:09:19:49 +0800] "POST /xingrg/all/common/load_tree.html?tree=area_rest_tree_json&manage=1 HTTP/1.1" 200 3624
