124.78.67.200 - - [27/Feb/2024:09:57:03 +0800] "GET /xingrg/all/function/internal_message.html?_=1708999023032&CODE_STATE=getMsg HTTP/1.1" 200 27
222.69.145.54 - - [27/Feb/2024:09:57:04 +0800] "GET /xingrg/all/function/internal_message.html?_=1708999025590&CODE_STATE=getMsg HTTP/1.1" 200 27
222.69.145.54 - - [27/Feb/2024:09:57:06 +0800] "GET /xingrg/kc/buy/cgsh_order_operate.html?command=get_materiel&rest_code=00154&code=00101008108&supplier_code=00100417&order_time=2024-02-27 HTTP/1.1" 200 412
180.164.1.25 - - [27/Feb/2024:09:57:06 +0800] "POST /xingrg/kc/buy/cgsh_order_operate.html HTTP/1.1" 200 5608
222.70.245.42 - - [27/Feb/2024:09:57:07 +0800] "POST /xingrg/services/DataTransmitService HTTP/1.1" 200 524
222.70.245.42 - - [27/Feb/2024:09:57:08 +0800] "POST /xingrg/services/DataTransmitService HTTP/1.1" 200 2331
222.70.115.1 - - [27/Feb/2024:09:57:10 +0800] "GET /xingrg/all/function/internal_message.html?_=1708999032042&CODE_STATE=getMsg HTTP/1.1" 200 27
222.70.245.42 - - [27/Feb/2024:09:57:10 +0800] "POST /xingrg/services/DataTransmitService HTTP/1.1" 200 524
222.70.245.42 - - [27/Feb/2024:09:57:11 +0800] "POST /xingrg/services/DataTransmitService HTTP/1.1" 200 2331
222.70.245.42 - - [27/Feb/2024:09:57:13 +0800] "POST /xingrg/services/DataTransmitService HTTP/1.1" 200 524
180.164.1.25 - - [27/Feb/2024:09:57:14 +0800] "POST /xingrg/kc/buy/cgsh_order_operate.html HTTP/1.1" 200 37
222.70.245.42 - - [27/Feb/2024:09:57:14 +0800] "POST /xingrg/services/DataTransmitService HTTP/1.1" 200 2331
116.224.254.208 - - [27/Feb/2024:09:57:15 +0800] "GET /xingrg/all/function/internal_message.html?_=1708999034456&CODE_STATE=getMsg HTTP/1.1" 200 27
180.164.1.25 - - [27/Feb/2024:09:57:16 +0800] "POST /xingrg/kc/buy/cgsh_order_operate.html HTTP/1.1" 200 5608
222.70.245.42 - - [27/Feb/2024:09:57:16 +0800] "POST /xingrg/services/DataTransmitService HTTP/1.1" 200 524
222.70.245.42 - - [27/Feb/2024:09:57:18 +0800] "POST /xingrg/services/DataTransmitService HTTP/1.1" 200 412
222.69.145.54 - - [27/Feb/2024:09:57:18 +0800] "GET /xingrg/kc/buy/cgsh_order_operate.html?command=get_materiel&rest_code=00154&code=00101012029&supplier_code=00100417&order_time=2024-02-27 HTTP/1.1" 200 412
222.70.245.42 - - [27/Feb/2024:09:57:18 +0800] "POST /xingrg/services/DataTransmitService HTTP/1.1" 200 524
222.70.245.42 - - [27/Feb/2024:09:57:20 +0800] "POST /xingrg/services/DataTransmitService HTTP/1.1" 200 2331
222.70.245.42 - - [27/Feb/2024:09:57:22 +0800] "POST /xingrg/services/DataTransmitService HTTP/1.1" 200 524
222.70.245.42 - - [27/Feb/2024:09:57:24 +0800] "POST /xingrg/services/DataTransmitService HTTP/1.1" 200 2331
120.253.135.82 - - [27/Feb/2024:09:57:27 +0800] "GET /xingrg/kc/pszx/mdqp_order_list.html?state=10 HTTP/1.1" 200 10759
120.253.135.82 - - [27/Feb/2024:09:57:27 +0800] "GET /xingrg/dwr/interface/AjaxQqpsService.js HTTP/1.1" 200 16326
120.253.135.82 - - [27/Feb/2024:09:57:27 +0800] "GET /xingrg/dwr/engine.js HTTP/1.1" 200 43631
120.253.135.82 - - [27/Feb/2024:09:57:27 +0800] "GET /xingrg/dwr/interface/AjaxReportQueryService.js HTTP/1.1" 200 13203
116.238.97.31 - - [27/Feb/2024:09:57:28 +0800] "GET /xingrg/all/function/internal_message.html?_=1708999048980&CODE_STATE=getMsg HTTP/1.1" 200 27
222.69.145.54 - - [27/Feb/2024:09:57:29 +0800] "GET /xingrg/kc/buy/cgsh_order_operate.html?command=get_materiel&rest_code=00154&code=00101008356&supplier_code=00100417&order_time=2024-02-27 HTTP/1.1" 200 408
222.70.245.42 - - [27/Feb/2024:09:57:32 +0800] "POST /xingrg/services/DataTransmitService HTTP/1.1" 200 524
222.70.245.42 - - [27/Feb/2024:09:57:33 +0800] "POST /xingrg/services/DataTransmitService HTTP/1.1" 200 412
222.70.245.42 - - [27/Feb/2024:09:57:34 +0800] "POST /xingrg/services/DataTransmitService HTTP/1.1" 200 524
180.164.1.25 - - [27/Feb/2024:09:57:34 +0800] "GET /xingrg/all/function/internal_message.html?_=1708999054507&CODE_STATE=getMsg HTTP/1.1" 200 27
222.70.245.42 - - [27/Feb/2024:09:57:35 +0800] "POST /xingrg/services/DataTransmitService HTTP/1.1" 200 2331
120.253.135.82 - - [27/Feb/2024:09:57:35 +0800] "GET /xingrg/kc/pszx/mdqp_order_info.html?code=302024022700282 HTTP/1.1" 200 13350
120.253.135.82 - - [27/Feb/2024:09:57:35 +0800] "GET /xingrg/dwr/interface/AjaxComOrderService.js HTTP/1.1" 200 18264
120.253.135.82 - - [27/Feb/2024:09:57:35 +0800] "GET /xingrg/dwr/interface/AjaxQqpsService.js HTTP/1.1" 200 16326
120.253.135.82 - - [27/Feb/2024:09:57:35 +0800] "GET /xingrg/javascript/tools/jquery.qtip-1.0.0-rc3.min.js HTTP/1.1" 304 -
120.253.135.82 - - [27/Feb/2024:09:57:35 +0800] "GET /xingrg/javascript/print/kc_print.js HTTP/1.1" 304 -
120.253.135.82 - - [27/Feb/2024:09:57:35 +0800] "GET /xingrg/javascript/checkform.js HTTP/1.1" 304 -
120.253.135.82 - - [27/Feb/2024:09:57:35 +0800] "GET /xingrg/dwr/engine.js HTTP/1.1" 200 43631
120.253.135.82 - - [27/Feb/2024:09:57:35 +0800] "GET /xingrg/javascript/ToolTips.js HTTP/1.1" 304 -
120.253.135.82 - - [27/Feb/2024:09:57:35 +0800] "GET /xingrg/javascript/Grid.js HTTP/1.1" 304 -
120.253.135.82 - - [27/Feb/2024:09:57:35 +0800] "GET /xingrg/javascript/AjaxInfoList.js HTTP/1.1" 304 -
120.253.135.82 - - [27/Feb/2024:09:57:36 +0800] "POST /xingrg/dwr/call/plaincall/AjaxQqpsService.loadMaterielItems.dwr HTTP/1.1" 200 362
116.230.123.222 - - [27/Feb/2024:09:57:37 +0800] "GET /xingrg/kc/buy/cgsh_order_operate.html?command=get_materiel&rest_code=00111&code=00101009124&supplier_code=00100037&order_time=2024-02-27 HTTP/1.1" 200 416
180.171.62.200 - - [27/Feb/2024:09:57:38 +0800] "GET /xingrg/all/function/internal_message.html?_=1708999059248&CODE_STATE=getMsg HTTP/1.1" 200 27
120.253.135.82 - - [27/Feb/2024:09:57:38 +0800] "GET /xingrg/kc/pszx/mdqp_order_list.html?isBack=1 HTTP/1.1" 302 -
222.70.245.42 - - [27/Feb/2024:09:57:38 +0800] "POST /xingrg/services/DataTransmitService HTTP/1.1" 200 524
120.253.135.82 - - [27/Feb/2024:09:57:39 +0800] "GET /xingrg/kc/pszx/mdqp_order_list.html?state=10 HTTP/1.1" 200 10759
120.253.135.82 - - [27/Feb/2024:09:57:39 +0800] "GET /xingrg/images/yd/bt.gif HTTP/1.1" 404 1040
120.253.135.82 - - [27/Feb/2024:09:57:39 +0800] "GET /xingrg/images/yd/bt2.gif HTTP/1.1" 404 1042
120.253.135.82 - - [27/Feb/2024:09:57:39 +0800] "GET /xingrg/dwr/interface/AjaxQqpsService.js HTTP/1.1" 200 16326
120.253.135.82 - - [27/Feb/2024:09:57:39 +0800] "GET /xingrg/dwr/interface/AjaxReportQueryService.js HTTP/1.1" 200 13203
120.253.135.82 - - [27/Feb/2024:09:57:39 +0800] "GET /xingrg/dwr/engine.js HTTP/1.1" 200 43631
222.70.245.42 - - [27/Feb/2024:09:57:40 +0800] "POST /xingrg/services/DataTransmitService HTTP/1.1" 200 412
222.69.145.54 - - [27/Feb/2024:09:57:40 +0800] "GET /xingrg/kc/buy/cgsh_order_operate.html?command=get_materiel&rest_code=00154&code=00101008286&supplier_code=00100417&order_time=2024-02-27 HTTP/1.1" 200 408
120.253.135.82 - - [27/Feb/2024:09:57:41 +0800] "GET /xingrg/kc/pszx/mdps_order_list.html?orderType=0 HTTP/1.1" 200 20995
120.253.135.82 - - [27/Feb/2024:09:57:41 +0800] "POST /xingrg/kc/pszx/mdps_list_operate.html HTTP/1.1" 200 5340
222.70.245.42 - - [27/Feb/2024:09:57:42 +0800] "POST /xingrg/services/DataTransmitService HTTP/1.1" 200 524
120.253.135.82 - - [27/Feb/2024:09:57:43 +0800] "GET /xingrg/javascript/auto/indicator.gif HTTP/1.1" 404 1066
222.70.245.42 - - [27/Feb/2024:09:57:43 +0800] "POST /xingrg/services/DataTransmitService HTTP/1.1" 200 2331
116.230.123.222 - - [27/Feb/2024:09:57:44 +0800] "GET /xingrg/check_reg.html?_=1708999064298 HTTP/1.1" 200 22
116.230.123.222 - - [27/Feb/2024:09:57:44 +0800] "GET /xingrg/all/function/internal_message.html?_=1708999064299&CODE_STATE=getMsg HTTP/1.1" 200 27
222.70.245.42 - - [27/Feb/2024:09:57:46 +0800] "GET /xingrg/all/function/internal_message.html?_=1708999071791&CODE_STATE=getMsg HTTP/1.1" 200 27
222.70.245.42 - - [27/Feb/2024:09:57:49 +0800] "POST /xingrg/services/DataTransmitService HTTP/1.1" 200 524
172.20.0.100 - - [27/Feb/2024:09:57:51 +0800] "GET /xingrg/all/function/internal_message.html?_=1708999070183&CODE_STATE=getMsg HTTP/1.1" 200 27
222.70.245.42 - - [27/Feb/2024:09:57:51 +0800] "POST /xingrg/services/DataTransmitService HTTP/1.1" 200 2331
120.253.135.82 - - [27/Feb/2024:09:57:51 +0800] "POST /xingrg/kc/pszx/mdps_list_operate.html HTTP/1.1" 200 1690
222.69.145.54 - - [27/Feb/2024:09:57:52 +0800] "GET /xingrg/kc/buy/cgsh_order_operate.html?command=get_materiel&rest_code=00154&code=00101008350&supplier_code=00100417&order_time=2024-02-27 HTTP/1.1" 200 408
101.83.145.37 - - [27/Feb/2024:09:57:52 +0800] "GET /xingrg/all/function/internal_message.html?_=1708998831912&CODE_STATE=getMsg HTTP/1.1" 200 27
120.253.135.82 - - [27/Feb/2024:09:57:52 +0800] "POST /xingrg/kc/pszx/mdps_list_operate.html HTTP/1.1" 200 202
120.253.135.82 - - [27/Feb/2024:09:57:53 +0800] "GET /xingrg/kc/pszx/mdps_order_info.html?code=312024022600362 HTTP/1.1" 200 23978
120.253.135.82 - - [27/Feb/2024:09:57:53 +0800] "GET /xingrg/javascript/jquery_tools/order_manager.js HTTP/1.1" 304 -
120.253.135.82 - - [27/Feb/2024:09:57:53 +0800] "GET /xingrg/words/20240227092505_words.js HTTP/1.1" 200 1013978
222.70.245.42 - - [27/Feb/2024:09:57:53 +0800] "POST /xingrg/services/DataTransmitService HTTP/1.1" 200 524
120.253.135.82 - - [27/Feb/2024:09:57:54 +0800] "GET /xingrg/javascript/easyui/themes/default/validatebox.css HTTP/1.1" 404 1104
120.253.135.82 - - [27/Feb/2024:09:57:54 +0800] "GET /xingrg/javascript/easyui/plugins/jquery.validatebox.js HTTP/1.1" 304 -
120.253.135.82 - - [27/Feb/2024:09:57:54 +0800] "GET /xingrg/javascript/easyui/plugins/jquery.numberbox.js HTTP/1.1" 304 -
120.253.135.82 - - [27/Feb/2024:09:57:54 +0800] "POST /xingrg/kc/pszx/mdps_order_operate.html HTTP/1.1" 200 2282
222.70.245.42 - - [27/Feb/2024:09:57:54 +0800] "POST /xingrg/services/DataTransmitService HTTP/1.1" 200 412
124.79.245.19 - - [27/Feb/2024:09:57:56 +0800] "GET /xingrg/all/function/internal_message.html?_=1708999088494&CODE_STATE=getMsg HTTP/1.1" 200 27
120.253.135.82 - - [27/Feb/2024:09:57:56 +0800] "GET /xingrg/kc/print/load_config.html?kc_code=mdps HTTP/1.1" 200 2390
120.253.135.82 - - [27/Feb/2024:09:57:56 +0800] "GET /xingrg/kc/print/load_data.html?order_code=312024022600362&kc_code=mdps&condition= HTTP/1.1" 200 682
116.224.254.208 - - [27/Feb/2024:09:57:57 +0800] "GET /xingrg/all/function/internal_message.html?_=1708999077302&CODE_STATE=getMsg HTTP/1.1" 200 27
120.253.135.82 - - [27/Feb/2024:09:57:58 +0800] "GET /xingrg/all/function/internal_message.html?_=1708998912612&CODE_STATE=getMsg HTTP/1.1" 200 27
180.169.147.146 - - [27/Feb/2024:09:57:59 +0800] "GET /xingrg/all/function/internal_message.html?_=1708999078002&CODE_STATE=getMsg HTTP/1.1" 200 27
101.83.145.37 - - [27/Feb/2024:09:58:00 +0800] "GET /xingrg/all/function/internal_message.html?_=1708999081612&CODE_STATE=getMsg HTTP/1.1" 200 27
124.78.67.200 - - [27/Feb/2024:09:58:02 +0800] "GET /xingrg/all/function/internal_message.html?_=1708999083014&CODE_STATE=getMsg HTTP/1.1" 200 27
222.69.145.54 - - [27/Feb/2024:09:58:04 +0800] "GET /xingrg/check_reg.html?_=1708999085604 HTTP/1.1" 200 22
222.69.145.54 - - [27/Feb/2024:09:58:04 +0800] "GET /xingrg/all/function/internal_message.html?_=1708999085608&CODE_STATE=getMsg HTTP/1.1" 200 27
222.69.145.54 - - [27/Feb/2024:09:58:05 +0800] "GET /xingrg/kc/buy/cgsh_order_operate.html?command=get_materiel&rest_code=00154&code=00101008361&supplier_code=00100417&order_time=2024-02-27 HTTP/1.1" 200 408
222.70.115.1 - - [27/Feb/2024:09:58:10 +0800] "GET /xingrg/check_reg.html?_=1708999092043 HTTP/1.1" 200 22
222.70.115.1 - - [27/Feb/2024:09:58:10 +0800] "GET /xingrg/all/function/internal_message.html?_=1708999092044&CODE_STATE=getMsg HTTP/1.1" 200 27
222.70.245.42 - - [27/Feb/2024:09:58:11 +0800] "POST /xingrg/services/DataTransmitService HTTP/1.1" 200 524
222.70.245.42 - - [27/Feb/2024:09:58:12 +0800] "POST /xingrg/services/DataTransmitService HTTP/1.1" 200 2331
116.224.254.208 - - [27/Feb/2024:09:58:15 +0800] "GET /xingrg/all/function/internal_message.html?_=1708999094470&CODE_STATE=getMsg HTTP/1.1" 200 27
222.70.245.42 - - [27/Feb/2024:09:58:25 +0800] "POST /xingrg/services/DataTransmitService HTTP/1.1" 200 524
222.70.245.42 - - [27/Feb/2024:09:58:27 +0800] "POST /xingrg/services/DataTransmitService HTTP/1.1" 200 2331
116.238.97.31 - - [27/Feb/2024:09:58:28 +0800] "GET /xingrg/all/function/internal_message.html?_=1708999108960&CODE_STATE=getMsg HTTP/1.1" 200 27
116.238.97.31 - - [27/Feb/2024:09:58:29 +0800] "GET /xingrg/check_reg.html?_=1708999109436 HTTP/1.1" 200 22
222.70.245.42 - - [27/Feb/2024:09:58:30 +0800] "POST /xingrg/services/DataTransmitService HTTP/1.1" 200 524
222.70.245.42 - - [27/Feb/2024:09:58:32 +0800] "POST /xingrg/services/DataTransmitService HTTP/1.1" 200 2331
116.230.123.222 - - [27/Feb/2024:09:58:32 +0800] "GET /xingrg/kc/buy/cgsh_order_operate.html?command=get_materiel&rest_code=00111&code=00101009004&supplier_code=00100037&order_time=2024-02-27 HTTP/1.1" 200 409
180.164.1.25 - - [27/Feb/2024:09:58:34 +0800] "GET /xingrg/all/function/internal_message.html?_=1708999114514&CODE_STATE=getMsg HTTP/1.1" 200 27
180.164.1.25 - - [27/Feb/2024:09:58:34 +0800] "GET /xingrg/check_reg.html?_=1708999114517 HTTP/1.1" 200 22
222.70.245.42 - - [27/Feb/2024:09:58:34 +0800] "POST /xingrg/services/DataTransmitService HTTP/1.1" 200 524
222.70.245.42 - - [27/Feb/2024:09:58:35 +0800] "POST /xingrg/services/DataTransmitService HTTP/1.1" 200 412
222.70.245.42 - - [27/Feb/2024:09:58:37 +0800] "POST /xingrg/services/DataTransmitService HTTP/1.1" 200 524
180.171.62.200 - - [27/Feb/2024:09:58:38 +0800] "GET /xingrg/all/function/internal_message.html?_=1708999119250&CODE_STATE=getMsg HTTP/1.1" 200 27
222.70.245.42 - - [27/Feb/2024:09:58:38 +0800] "POST /xingrg/services/DataTransmitService HTTP/1.1" 200 2331
222.70.245.42 - - [27/Feb/2024:09:58:41 +0800] "POST /xingrg/services/DataTransmitService HTTP/1.1" 200 524
116.230.123.222 - - [27/Feb/2024:09:58:42 +0800] "GET /xingrg/kc/buy/cgsh_order_operate.html?command=get_materiel&rest_code=00111&code=00101009113&supplier_code=00100037&order_time=2024-02-27 HTTP/1.1" 200 413
222.70.245.42 - - [27/Feb/2024:09:58:42 +0800] "POST /xingrg/services/DataTransmitService HTTP/1.1" 200 412
222.70.245.42 - - [27/Feb/2024:09:58:44 +0800] "POST /xingrg/services/DataTransmitService HTTP/1.1" 200 524
116.230.123.222 - - [27/Feb/2024:09:58:44 +0800] "GET /xingrg/all/function/internal_message.html?_=1708999124293&CODE_STATE=getMsg HTTP/1.1" 200 27
222.70.245.42 - - [27/Feb/2024:09:58:45 +0800] "POST /xingrg/services/DataTransmitService HTTP/1.1" 200 2331
222.70.245.42 - - [27/Feb/2024:09:58:46 +0800] "GET /xingrg/all/function/internal_message.html?_=1708999131798&CODE_STATE=getMsg HTTP/1.1" 200 27
222.70.245.42 - - [27/Feb/2024:09:58:49 +0800] "POST /xingrg/services/DataTransmitService HTTP/1.1" 200 524
222.70.245.42 - - [27/Feb/2024:09:58:50 +0800] "POST /xingrg/services/DataTransmitService HTTP/1.1" 200 412
172.20.0.100 - - [27/Feb/2024:09:58:51 +0800] "GET /xingrg/check_reg.html?_=1708999130169 HTTP/1.1" 200 22
172.20.0.100 - - [27/Feb/2024:09:58:51 +0800] "GET /xingrg/all/function/internal_message.html?_=1708999130171&CODE_STATE=getMsg HTTP/1.1" 200 27
101.83.145.37 - - [27/Feb/2024:09:58:52 +0800] "GET /xingrg/all/function/internal_message.html?_=1708998891912&CODE_STATE=getMsg HTTP/1.1" 200 27
116.230.123.222 - - [27/Feb/2024:09:58:55 +0800] "GET /xingrg/kc/buy/cgsh_order_operate.html?command=get_materiel&rest_code=00111&code=00101009063&supplier_code=00100037&order_time=2024-02-27 HTTP/1.1" 200 410
124.79.245.19 - - [27/Feb/2024:09:58:56 +0800] "GET /xingrg/all/function/internal_message.html?_=1708999148508&CODE_STATE=getMsg HTTP/1.1" 200 27
116.224.254.208 - - [27/Feb/2024:09:58:57 +0800] "GET /xingrg/all/function/internal_message.html?_=1708999137295&CODE_STATE=getMsg HTTP/1.1" 200 27
120.253.135.82 - - [27/Feb/2024:09:58:58 +0800] "GET /xingrg/all/function/internal_message.html?_=1708998972645&CODE_STATE=getMsg HTTP/1.1" 200 27
180.169.147.146 - - [27/Feb/2024:09:58:59 +0800] "GET /xingrg/all/function/internal_message.html?_=1708999138014&CODE_STATE=getMsg HTTP/1.1" 200 27
101.83.145.37 - - [27/Feb/2024:09:59:00 +0800] "GET /xingrg/all/function/internal_message.html?_=1708999141613&CODE_STATE=getMsg HTTP/1.1" 200 27
124.78.67.200 - - [27/Feb/2024:09:59:02 +0800] "GET /xingrg/all/function/internal_message.html?_=1708999142986&CODE_STATE=getMsg HTTP/1.1" 200 27
222.69.145.54 - - [27/Feb/2024:09:59:04 +0800] "GET /xingrg/all/function/internal_message.html?_=1708999145609&CODE_STATE=getMsg HTTP/1.1" 200 27
116.230.123.222 - - [27/Feb/2024:09:59:05 +0800] "GET /xingrg/kc/buy/cgsh_order_operate.html?command=get_materiel&rest_code=00111&code=00101015044&supplier_code=00100037&order_time=2024-02-27 HTTP/1.1" 200 408
222.70.115.1 - - [27/Feb/2024:09:59:10 +0800] "GET /xingrg/all/function/internal_message.html?_=1708999152042&CODE_STATE=getMsg HTTP/1.1" 200 27
116.224.254.208 - - [27/Feb/2024:09:59:15 +0800] "GET /xingrg/check_reg.html?_=1708999154488 HTTP/1.1" 200 22
116.224.254.208 - - [27/Feb/2024:09:59:15 +0800] "GET /xingrg/all/function/internal_message.html?_=1708999154492&CODE_STATE=getMsg HTTP/1.1" 200 27
116.230.123.222 - - [27/Feb/2024:09:59:25 +0800] "GET /xingrg/kc/buy/cgsh_order_operate.html?command=get_materiel&rest_code=00111&code=00101010136&supplier_code=00100037&order_time=2024-02-27 HTTP/1.1" 200 408
116.238.97.31 - - [27/Feb/2024:09:59:28 +0800] "GET /xingrg/all/function/internal_message.html?_=1708999168943&CODE_STATE=getMsg HTTP/1.1" 200 27
180.164.1.25 - - [27/Feb/2024:09:59:34 +0800] "GET /xingrg/all/function/internal_message.html?_=1708999174516&CODE_STATE=getMsg HTTP/1.1" 200 27
180.171.62.200 - - [27/Feb/2024:09:59:38 +0800] "GET /xingrg/all/function/internal_message.html?_=1708999179251&CODE_STATE=getMsg HTTP/1.1" 200 27
116.230.123.222 - - [27/Feb/2024:09:59:42 +0800] "POST /xingrg/kc/buy/cgsh_order_operate.html HTTP/1.1" 200 37
222.70.245.42 - - [27/Feb/2024:09:59:44 +0800] "GET /xingrg/check_reg.html?_=1708999190102 HTTP/1.1" 200 22
116.230.123.222 - - [27/Feb/2024:09:59:44 +0800] "GET /xingrg/all/function/internal_message.html?_=1708999184303&CODE_STATE=getMsg HTTP/1.1" 200 27
222.70.245.42 - - [27/Feb/2024:09:59:46 +0800] "GET /xingrg/all/function/internal_message.html?_=1708999191812&CODE_STATE=getMsg HTTP/1.1" 200 27
116.230.123.222 - - [27/Feb/2024:09:59:49 +0800] "POST /xingrg/kc/buy/cgsh_order_operate.html HTTP/1.1" 200 12
172.20.0.100 - - [27/Feb/2024:09:59:51 +0800] "GET /xingrg/all/function/internal_message.html?_=1708999190173&CODE_STATE=getMsg HTTP/1.1" 200 27
101.83.145.37 - - [27/Feb/2024:09:59:52 +0800] "GET /xingrg/check_reg.html?_=1708998951913 HTTP/1.1" 200 22
101.83.145.37 - - [27/Feb/2024:09:59:52 +0800] "GET /xingrg/all/function/internal_message.html?_=1708998951916&CODE_STATE=getMsg HTTP/1.1" 200 27
116.230.123.222 - - [27/Feb/2024:09:59:52 +0800] "GET /xingrg/kc/buy/cgsh_order_info.html?code=212024022707482 HTTP/1.1" 200 68383
116.230.123.222 - - [27/Feb/2024:09:59:52 +0800] "GET /xingrg/javascript/easyui/themes/default/validatebox.css HTTP/1.1" 404 1104
116.230.123.222 - - [27/Feb/2024:09:59:53 +0800] "POST /xingrg/kc/buy/cgsh_order_operate.html HTTP/1.1" 200 4137
124.79.245.19 - - [27/Feb/2024:09:59:56 +0800] "GET /xingrg/all/function/internal_message.html?_=1708999208508&CODE_STATE=getMsg HTTP/1.1" 200 27
116.230.123.222 - - [27/Feb/2024:09:59:56 +0800] "GET /xingrg/kc/print/load_data.html?order_code=212024022707482&kc_code=cgsh&condition= HTTP/1.1" 200 2086
116.224.254.208 - - [27/Feb/2024:09:59:57 +0800] "GET /xingrg/all/function/internal_message.html?_=1708999197311&CODE_STATE=getMsg HTTP/1.1" 200 27
116.224.254.208 - - [27/Feb/2024:09:59:57 +0800] "GET /xingrg/check_reg.html?_=1708999197312 HTTP/1.1" 200 22
120.253.135.82 - - [27/Feb/2024:09:59:58 +0800] "GET /xingrg/all/function/internal_message.html?_=1708999032649&CODE_STATE=getMsg HTTP/1.1" 200 27
180.169.147.146 - - [27/Feb/2024:09:59:59 +0800] "GET /xingrg/all/function/internal_message.html?_=1708999198033&CODE_STATE=getMsg HTTP/1.1" 200 27
180.169.147.146 - - [27/Feb/2024:09:59:59 +0800] "GET /xingrg/check_reg.html?_=1708999198184 HTTP/1.1" 200 22
101.83.145.37 - - [27/Feb/2024:10:00:00 +0800] "GET /xingrg/check_reg.html?_=1708999201601 HTTP/1.1" 200 22
101.83.145.37 - - [27/Feb/2024:10:00:00 +0800] "GET /xingrg/all/function/internal_message.html?_=1708999201602&CODE_STATE=getMsg HTTP/1.1" 200 27
124.78.67.200 - - [27/Feb/2024:10:00:02 +0800] "GET /xingrg/all/function/internal_message.html?_=1708999202963&CODE_STATE=getMsg HTTP/1.1" 200 27
222.69.145.54 - - [27/Feb/2024:10:00:04 +0800] "GET /xingrg/all/function/internal_message.html?_=1708999205602&CODE_STATE=getMsg HTTP/1.1" 200 27
222.70.245.42 - - [27/Feb/2024:10:00:09 +0800] "POST /xingrg/services/DataTransmitService HTTP/1.1" 200 524
222.70.115.1 - - [27/Feb/2024:10:00:10 +0800] "GET /xingrg/all/function/internal_message.html?_=1708999212042&CODE_STATE=getMsg HTTP/1.1" 200 27
222.70.245.42 - - [27/Feb/2024:10:00:10 +0800] "POST /xingrg/services/DataTransmitService HTTP/1.1" 200 2331
222.70.245.42 - - [27/Feb/2024:10:00:12 +0800] "POST /xingrg/services/DataTransmitService HTTP/1.1" 200 524
222.70.245.42 - - [27/Feb/2024:10:00:14 +0800] "POST /xingrg/services/DataTransmitService HTTP/1.1" 200 2331
116.224.254.208 - - [27/Feb/2024:10:00:15 +0800] "GET /xingrg/all/function/internal_message.html?_=1708999214492&CODE_STATE=getMsg HTTP/1.1" 200 27
222.70.245.42 - - [27/Feb/2024:10:00:16 +0800] "POST /xingrg/services/DataTransmitService HTTP/1.1" 200 524
222.70.245.42 - - [27/Feb/2024:10:00:17 +0800] "POST /xingrg/services/DataTransmitService HTTP/1.1" 200 412
222.70.245.42 - - [27/Feb/2024:10:00:21 +0800] "POST /xingrg/services/DataTransmitService HTTP/1.1" 200 524
222.70.245.42 - - [27/Feb/2024:10:00:22 +0800] "POST /xingrg/services/DataTransmitService HTTP/1.1" 200 2331
222.70.245.42 - - [27/Feb/2024:10:00:24 +0800] "POST /xingrg/services/DataTransmitService HTTP/1.1" 200 524
222.70.245.42 - - [27/Feb/2024:10:00:25 +0800] "POST /xingrg/services/DataTransmitService HTTP/1.1" 200 2331
222.70.245.42 - - [27/Feb/2024:10:00:27 +0800] "POST /xingrg/services/DataTransmitService HTTP/1.1" 200 524
124.78.67.200 - - [27/Feb/2024:10:00:28 +0800] "GET /xingrg/check_reg.html?_=1708999228618 HTTP/1.1" 200 22
116.238.97.31 - - [27/Feb/2024:10:00:28 +0800] "GET /xingrg/all/function/internal_message.html?_=1708999228930&CODE_STATE=getMsg HTTP/1.1" 200 27
222.70.245.42 - - [27/Feb/2024:10:00:29 +0800] "POST /xingrg/services/DataTransmitService HTTP/1.1" 200 2331
222.70.245.42 - - [27/Feb/2024:10:00:31 +0800] "POST /xingrg/services/DataTransmitService HTTP/1.1" 200 524
222.70.245.42 - - [27/Feb/2024:10:00:33 +0800] "POST /xingrg/services/DataTransmitService HTTP/1.1" 200 412
180.164.1.25 - - [27/Feb/2024:10:00:34 +0800] "GET /xingrg/all/function/internal_message.html?_=1708999234517&CODE_STATE=getMsg HTTP/1.1" 200 27
180.171.62.200 - - [27/Feb/2024:10:00:38 +0800] "GET /xingrg/all/function/internal_message.html?_=1708999239251&CODE_STATE=getMsg HTTP/1.1" 200 27
116.230.123.222 - - [27/Feb/2024:10:00:44 +0800] "GET /xingrg/all/function/internal_message.html?_=1708999244339&CODE_STATE=getMsg HTTP/1.1" 200 27
222.70.245.42 - - [27/Feb/2024:10:00:46 +0800] "GET /xingrg/all/function/internal_message.html?_=1708999251825&CODE_STATE=getMsg HTTP/1.1" 200 27
222.70.245.42 - - [27/Feb/2024:10:00:46 +0800] "POST /xingrg/services/DataTransmitService HTTP/1.1" 200 524
222.70.245.42 - - [27/Feb/2024:10:00:48 +0800] "POST /xingrg/services/DataTransmitService HTTP/1.1" 200 2331
222.70.245.42 - - [27/Feb/2024:10:00:50 +0800] "POST /xingrg/services/DataTransmitService HTTP/1.1" 200 524
172.20.0.100 - - [27/Feb/2024:10:00:51 +0800] "GET /xingrg/all/function/internal_message.html?_=1708999250176&CODE_STATE=getMsg HTTP/1.1" 200 27
222.70.245.42 - - [27/Feb/2024:10:00:51 +0800] "POST /xingrg/services/DataTransmitService HTTP/1.1" 200 412
101.83.145.37 - - [27/Feb/2024:10:00:52 +0800] "GET /xingrg/all/function/internal_message.html?_=1708999011915&CODE_STATE=getMsg HTTP/1.1" 200 27
222.70.245.42 - - [27/Feb/2024:10:00:55 +0800] "POST /xingrg/services/DataTransmitService HTTP/1.1" 200 524
124.79.245.19 - - [27/Feb/2024:10:00:56 +0800] "GET /xingrg/check_reg.html?_=1708999268506 HTTP/1.1" 200 22
124.79.245.19 - - [27/Feb/2024:10:00:56 +0800] "GET /xingrg/all/function/internal_message.html?_=1708999268506&CODE_STATE=getMsg HTTP/1.1" 200 27
222.70.245.42 - - [27/Feb/2024:10:00:56 +0800] "POST /xingrg/services/DataTransmitService HTTP/1.1" 200 2331
116.224.254.208 - - [27/Feb/2024:10:00:57 +0800] "GET /xingrg/all/function/internal_message.html?_=1708999257299&CODE_STATE=getMsg HTTP/1.1" 200 27
120.253.135.82 - - [27/Feb/2024:10:00:58 +0800] "GET /xingrg/all/function/internal_message.html?_=1708999092679&CODE_STATE=getMsg HTTP/1.1" 200 27
180.169.147.146 - - [27/Feb/2024:10:00:59 +0800] "GET /xingrg/all/function/internal_message.html?_=1708999258030&CODE_STATE=getMsg HTTP/1.1" 200 27
222.70.245.42 - - [27/Feb/2024:10:00:59 +0800] "POST /xingrg/services/DataTransmitService HTTP/1.1" 200 524
101.83.145.37 - - [27/Feb/2024:10:01:00 +0800] "GET /xingrg/all/function/internal_message.html?_=1708999261600&CODE_STATE=getMsg HTTP/1.1" 200 27
222.70.245.42 - - [27/Feb/2024:10:01:00 +0800] "POST /xingrg/services/DataTransmitService HTTP/1.1" 200 412
124.78.67.200 - - [27/Feb/2024:10:01:02 +0800] "GET /xingrg/all/function/internal_message.html?_=1708999262936&CODE_STATE=getMsg HTTP/1.1" 200 27
222.69.145.54 - - [27/Feb/2024:10:01:04 +0800] "GET /xingrg/all/function/internal_message.html?_=1708999265595&CODE_STATE=getMsg HTTP/1.1" 200 27
222.70.115.1 - - [27/Feb/2024:10:01:10 +0800] "GET /xingrg/all/function/internal_message.html?_=1708999272042&CODE_STATE=getMsg HTTP/1.1" 200 27
116.224.254.208 - - [27/Feb/2024:10:01:15 +0800] "GET /xingrg/all/function/internal_message.html?_=1708999274498&CODE_STATE=getMsg HTTP/1.1" 200 27
116.238.97.31 - - [27/Feb/2024:10:01:28 +0800] "GET /xingrg/all/function/internal_message.html?_=1708999288902&CODE_STATE=getMsg HTTP/1.1" 200 27
222.70.115.1 - - [27/Feb/2024:10:01:30 +0800] "GET /favicon.ico HTTP/1.1" 404 -
222.70.245.42 - - [27/Feb/2024:10:01:32 +0800] "POST /xingrg/services/DataTransmitService HTTP/1.1" 200 524
222.70.245.42 - - [27/Feb/2024:10:01:34 +0800] "POST /xingrg/services/DataTransmitService HTTP/1.1" 200 2331
180.164.1.25 - - [27/Feb/2024:10:01:34 +0800] "GET /xingrg/all/function/internal_message.html?_=1708999294511&CODE_STATE=getMsg HTTP/1.1" 200 27
222.70.245.42 - - [27/Feb/2024:10:01:35 +0800] "POST /xingrg/services/DataTransmitService HTTP/1.1" 200 524
222.70.245.42 - - [27/Feb/2024:10:01:37 +0800] "POST /xingrg/services/DataTransmitService HTTP/1.1" 200 2331
180.171.62.200 - - [27/Feb/2024:10:01:38 +0800] "GET /xingrg/check_reg.html?_=1708999299238 HTTP/1.1" 200 22
180.171.62.200 - - [27/Feb/2024:10:01:38 +0800] "GET /xingrg/all/function/internal_message.html?_=1708999299241&CODE_STATE=getMsg HTTP/1.1" 200 27
222.70.245.42 - - [27/Feb/2024:10:01:40 +0800] "POST /xingrg/services/DataTransmitService HTTP/1.1" 200 524
222.70.245.42 - - [27/Feb/2024:10:01:42 +0800] "POST /xingrg/services/DataTransmitService HTTP/1.1" 200 412
116.230.123.222 - - [27/Feb/2024:10:01:44 +0800] "GET /xingrg/all/function/internal_message.html?_=1708999304350&CODE_STATE=getMsg HTTP/1.1" 200 27
222.70.245.42 - - [27/Feb/2024:10:01:46 +0800] "GET /xingrg/all/function/internal_message.html?_=1708999311839&CODE_STATE=getMsg HTTP/1.1" 200 27
172.20.0.100 - - [27/Feb/2024:10:01:51 +0800] "GET /xingrg/all/function/internal_message.html?_=1708999310181&CODE_STATE=getMsg HTTP/1.1" 200 27
101.83.145.37 - - [27/Feb/2024:10:01:52 +0800] "GET /xingrg/all/function/internal_message.html?_=1708999071916&CODE_STATE=getMsg HTTP/1.1" 200 27
222.70.245.42 - - [27/Feb/2024:10:01:53 +0800] "POST /xingrg/services/DataTransmitService HTTP/1.1" 200 524
222.70.245.42 - - [27/Feb/2024:10:01:54 +0800] "POST /xingrg/services/DataTransmitService HTTP/1.1" 200 412
124.79.245.19 - - [27/Feb/2024:10:01:56 +0800] "GET /xingrg/all/function/internal_message.html?_=1708999328504&CODE_STATE=getMsg HTTP/1.1" 200 27
116.224.254.208 - - [27/Feb/2024:10:01:57 +0800] "GET /xingrg/all/function/internal_message.html?_=1708999317298&CODE_STATE=getMsg HTTP/1.1" 200 27
120.253.135.82 - - [27/Feb/2024:10:01:57 +0800] "GET /xingrg/check_reg.html?_=1708999152039 HTTP/1.1" 200 22
120.253.135.82 - - [27/Feb/2024:10:01:58 +0800] "GET /xingrg/all/function/internal_message.html?_=1708999152713&CODE_STATE=getMsg HTTP/1.1" 200 27
180.169.147.146 - - [27/Feb/2024:10:01:59 +0800] "GET /xingrg/all/function/internal_message.html?_=1708999318032&CODE_STATE=getMsg HTTP/1.1" 200 27
101.83.145.37 - - [27/Feb/2024:10:02:00 +0800] "GET /xingrg/all/function/internal_message.html?_=1708999321614&CODE_STATE=getMsg HTTP/1.1" 200 27
124.78.67.200 - - [27/Feb/2024:10:02:02 +0800] "GET /xingrg/all/function/internal_message.html?_=1708999322915&CODE_STATE=getMsg HTTP/1.1" 200 27
222.69.145.54 - - [27/Feb/2024:10:02:04 +0800] "GET /xingrg/all/function/internal_message.html?_=1708999325606&CODE_STATE=getMsg HTTP/1.1" 200 27
222.70.245.42 - - [27/Feb/2024:10:02:06 +0800] "POST /xingrg/services/DataTransmitService HTTP/1.1" 200 524
222.70.245.42 - - [27/Feb/2024:10:02:07 +0800] "POST /xingrg/services/DataTransmitService HTTP/1.1" 200 412
222.70.245.42 - - [27/Feb/2024:10:02:08 +0800] "POST /xingrg/services/DataTransmitService HTTP/1.1" 200 524
222.70.115.1 - - [27/Feb/2024:10:02:10 +0800] "GET /xingrg/all/function/internal_message.html?_=1708999332045&CODE_STATE=getMsg HTTP/1.1" 200 27
222.70.245.42 - - [27/Feb/2024:10:02:10 +0800] "POST /xingrg/services/DataTransmitService HTTP/1.1" 200 2331
222.70.245.42 - - [27/Feb/2024:10:02:13 +0800] "POST /xingrg/services/DataTransmitService HTTP/1.1" 200 524
222.70.245.42 - - [27/Feb/2024:10:02:14 +0800] "POST /xingrg/services/DataTransmitService HTTP/1.1" 200 412
116.224.254.208 - - [27/Feb/2024:10:02:15 +0800] "GET /xingrg/all/function/internal_message.html?_=1708999334518&CODE_STATE=getMsg HTTP/1.1" 200 27
218.81.65.124 - - [27/Feb/2024:10:02:20 +0800] "POST /xingrg/services/DataTransmitService HTTP/1.1" 200 524
116.238.97.31 - - [27/Feb/2024:10:02:28 +0800] "GET /xingrg/all/function/internal_message.html?_=1708999348876&CODE_STATE=getMsg HTTP/1.1" 200 27
222.70.245.42 - - [27/Feb/2024:10:02:33 +0800] "POST /xingrg/services/DataTransmitService HTTP/1.1" 200 524
180.164.1.25 - - [27/Feb/2024:10:02:34 +0800] "GET /xingrg/all/function/internal_message.html?_=1708999354523&CODE_STATE=getMsg HTTP/1.1" 200 27
222.70.245.42 - - [27/Feb/2024:10:02:35 +0800] "POST /xingrg/services/DataTransmitService HTTP/1.1" 200 2331
180.171.62.200 - - [27/Feb/2024:10:02:38 +0800] "GET /xingrg/all/function/internal_message.html?_=1708999359243&CODE_STATE=getMsg HTTP/1.1" 200 27
116.230.123.222 - - [27/Feb/2024:10:02:44 +0800] "GET /xingrg/check_reg.html?_=1708999364306 HTTP/1.1" 200 22
116.230.123.222 - - [27/Feb/2024:10:02:44 +0800] "GET /xingrg/all/function/internal_message.html?_=1708999364324&CODE_STATE=getMsg HTTP/1.1" 200 27
222.70.245.42 - - [27/Feb/2024:10:02:46 +0800] "GET /xingrg/all/function/internal_message.html?_=1708999372043&CODE_STATE=getMsg HTTP/1.1" 200 27
222.70.245.42 - - [27/Feb/2024:10:02:47 +0800] "POST /xingrg/services/DataTransmitService HTTP/1.1" 200 524
222.70.245.42 - - [27/Feb/2024:10:02:49 +0800] "POST /xingrg/services/DataTransmitService HTTP/1.1" 200 2331
222.70.245.42 - - [27/Feb/2024:10:02:51 +0800] "POST /xingrg/services/DataTransmitService HTTP/1.1" 200 524
172.20.0.100 - - [27/Feb/2024:10:02:51 +0800] "GET /xingrg/all/function/internal_message.html?_=1708999370182&CODE_STATE=getMsg HTTP/1.1" 200 27
101.83.145.37 - - [27/Feb/2024:10:02:52 +0800] "GET /xingrg/all/function/internal_message.html?_=1708999131916&CODE_STATE=getMsg HTTP/1.1" 200 27
222.70.245.42 - - [27/Feb/2024:10:02:52 +0800] "POST /xingrg/services/DataTransmitService HTTP/1.1" 200 412
222.70.245.42 - - [27/Feb/2024:10:02:55 +0800] "POST /xingrg/services/DataTransmitService HTTP/1.1" 200 524
124.79.245.19 - - [27/Feb/2024:10:02:56 +0800] "GET /xingrg/all/function/internal_message.html?_=1708999388502&CODE_STATE=getMsg HTTP/1.1" 200 27
222.70.245.42 - - [27/Feb/2024:10:02:56 +0800] "POST /xingrg/services/DataTransmitService HTTP/1.1" 200 412
116.224.254.208 - - [27/Feb/2024:10:02:57 +0800] "GET /xingrg/all/function/internal_message.html?_=1708999377290&CODE_STATE=getMsg HTTP/1.1" 200 27
120.253.135.82 - - [27/Feb/2024:10:02:58 +0800] "GET /xingrg/all/function/internal_message.html?_=1708999212721&CODE_STATE=getMsg HTTP/1.1" 200 27
222.70.245.42 - - [27/Feb/2024:10:02:58 +0800] "POST /xingrg/services/DataTransmitService HTTP/1.1" 200 524
180.169.147.146 - - [27/Feb/2024:10:02:59 +0800] "GET /xingrg/all/function/internal_message.html?_=1708999378029&CODE_STATE=getMsg HTTP/1.1" 200 27
222.70.245.42 - - [27/Feb/2024:10:02:59 +0800] "POST /xingrg/services/DataTransmitService HTTP/1.1" 200 2331
101.83.145.37 - - [27/Feb/2024:10:03:00 +0800] "GET /xingrg/all/function/internal_message.html?_=1708999381614&CODE_STATE=getMsg HTTP/1.1" 200 27
124.78.67.200 - - [27/Feb/2024:10:03:02 +0800] "GET /xingrg/all/function/internal_message.html?_=1708999382895&CODE_STATE=getMsg HTTP/1.1" 200 27
222.70.245.42 - - [27/Feb/2024:10:03:03 +0800] "POST /xingrg/services/DataTransmitService HTTP/1.1" 200 524
222.70.245.42 - - [27/Feb/2024:10:03:04 +0800] "POST /xingrg/services/DataTransmitService HTTP/1.1" 200 2331
222.69.145.54 - - [27/Feb/2024:10:03:04 +0800] "GET /xingrg/check_reg.html?_=1708999385613 HTTP/1.1" 200 22
222.69.145.54 - - [27/Feb/2024:10:03:04 +0800] "GET /xingrg/all/function/internal_message.html?_=1708999385617&CODE_STATE=getMsg HTTP/1.1" 200 27
222.70.245.42 - - [27/Feb/2024:10:03:06 +0800] "POST /xingrg/services/DataTransmitService HTTP/1.1" 200 524
222.70.245.42 - - [27/Feb/2024:10:03:07 +0800] "POST /xingrg/services/DataTransmitService HTTP/1.1" 200 2331
222.70.115.1 - - [27/Feb/2024:10:03:10 +0800] "GET /xingrg/check_reg.html?_=1708999392044 HTTP/1.1" 200 22
222.70.115.1 - - [27/Feb/2024:10:03:10 +0800] "GET /xingrg/all/function/internal_message.html?_=1708999392044&CODE_STATE=getMsg HTTP/1.1" 200 27
222.70.245.42 - - [27/Feb/2024:10:03:10 +0800] "POST /xingrg/services/DataTransmitService HTTP/1.1" 200 524
222.70.245.42 - - [27/Feb/2024:10:03:11 +0800] "POST /xingrg/services/DataTransmitService HTTP/1.1" 200 412
222.70.245.42 - - [27/Feb/2024:10:03:14 +0800] "POST /xingrg/services/DataTransmitService HTTP/1.1" 200 524
116.224.254.208 - - [27/Feb/2024:10:03:15 +0800] "GET /xingrg/all/function/internal_message.html?_=1708999394501&CODE_STATE=getMsg HTTP/1.1" 200 27
222.70.245.42 - - [27/Feb/2024:10:03:15 +0800] "POST /xingrg/services/DataTransmitService HTTP/1.1" 200 412
116.224.254.208 - - [27/Feb/2024:10:03:19 +0800] "POST /xingrg/all/user/operate.html HTTP/1.1" 200 36
116.224.254.208 - - [27/Feb/2024:10:03:20 +0800] "GET /xingrg/index.html?sysBaseUrl=http%3A%2F%2F180.169.147.146%3A18081%2Fxingrg%2F&costTime=808×tamp=1708994197988 HTTP/1.1" 200 17179
116.224.254.208 - - [27/Feb/2024:10:03:20 +0800] "GET /xingrg/javascript/jquery_easy_ui/themes/default/easyui.css HTTP/1.1" 304 -
116.224.254.208 - - [27/Feb/2024:10:03:20 +0800] "GET /xingrg/javascript/jquery_easy_ui/themes/icon.css HTTP/1.1" 304 -
116.224.254.208 - - [27/Feb/2024:10:03:20 +0800] "GET /xingrg/css/form.css HTTP/1.1" 304 -
116.224.254.208 - - [27/Feb/2024:10:03:20 +0800] "GET /xingrg/javascript/jquery-1.4.2.min.js HTTP/1.1" 304 -
116.224.254.208 - - [27/Feb/2024:10:03:20 +0800] "GET /xingrg/javascript/jquery_easy_ui/jquery.easyui.min.js HTTP/1.1" 304 -
116.224.254.208 - - [27/Feb/2024:10:03:20 +0800] "GET /xingrg/javascript/jquery_easy_ui/easyui-lang-zh_CN.js HTTP/1.1" 304 -
116.224.254.208 - - [27/Feb/2024:10:03:20 +0800] "GET /xingrg/javascript/jquery.form.js HTTP/1.1" 304 -
116.224.254.208 - - [27/Feb/2024:10:03:20 +0800] "GET /xingrg/javascript/jquery.utils.js HTTP/1.1" 304 -
116.224.254.208 - - [27/Feb/2024:10:03:20 +0800] "GET /xingrg/javascript/jquery.timers.js HTTP/1.1" 304 -
116.224.254.208 - - [27/Feb/2024:10:03:20 +0800] "GET /xingrg/images/blue/jxLogo.png HTTP/1.1" 304 -
116.224.254.208 - - [27/Feb/2024:10:03:20 +0800] "GET /xingrg/images/blue/navBackgound.jpg HTTP/1.1" 304 -
116.224.254.208 - - [27/Feb/2024:10:03:20 +0800] "GET /xingrg/javascript/jquery_easy_ui/themes/icons/settle_new.png HTTP/1.1" 304 -
116.224.254.208 - - [27/Feb/2024:10:03:20 +0800] "GET /xingrg/all/function/internal_message.html?_=1708999400445&CODE_STATE=count HTTP/1.1" 200 11
116.224.254.208 - - [27/Feb/2024:10:03:20 +0800] "GET /xingrg/check_reg.html?_=1708999400447 HTTP/1.1" 200 22
116.224.254.208 - - [27/Feb/2024:10:03:20 +0800] "GET /xingrg/javascript/jquery_easy_ui/themes/default/images/tabs_rightarrow.png HTTP/1.1" 304 -
116.224.254.208 - - [27/Feb/2024:10:03:20 +0800] "GET /xingrg/javascript/jquery_easy_ui/themes/default/images/panel_tool_collapse.gif HTTP/1.1" 304 -
116.224.254.208 - - [27/Feb/2024:10:03:20 +0800] "GET /xingrg/images/blue/pingpu.png HTTP/1.1" 304 -
116.224.254.208 - - [27/Feb/2024:10:03:20 +0800] "GET /xingrg/javascript/jquery_easy_ui/themes/default/images/tabs_leftarrow.png HTTP/1.1" 304 -
116.224.254.208 - - [27/Feb/2024:10:03:20 +0800] "POST /xingrg/all/common/load_tree.html?tree=area_rest_tree_json&manage=1 HTTP/1.1" 200 476
116.224.254.208 - - [27/Feb/2024:10:03:20 +0800] "POST /xingrg/load_menu.html HTTP/1.1" 200 5138
222.70.245.42 - - [27/Feb/2024:10:03:21 +0800] "POST /xingrg/services/DataTransmitService HTTP/1.1" 200 524
116.224.254.208 - - [27/Feb/2024:10:03:22 +0800] "GET /xingrg/kc/report/report_main.html HTTP/1.1" 200 7340
116.224.254.208 - - [27/Feb/2024:10:03:22 +0800] "GET /xingrg/css/blue.css HTTP/1.1" 200 15949
116.224.254.208 - - [27/Feb/2024:10:03:22 +0800] "GET /xingrg/javascript/jquery_ui/themes/humanity/humanity.css HTTP/1.1" 200 27801
116.224.254.208 - - [27/Feb/2024:10:03:22 +0800] "GET /xingrg/javascript/myfunction.js HTTP/1.1" 200 24559
116.224.254.208 - - [27/Feb/2024:10:03:22 +0800] "GET /xingrg/javascript/jquery_easy_ui/themes/icons/back_new.png HTTP/1.1" 200 3414
222.70.245.42 - - [27/Feb/2024:10:03:22 +0800] "POST /xingrg/services/DataTransmitService HTTP/1.1" 200 2331
116.224.254.208 - - [27/Feb/2024:10:03:24 +0800] "GET /xingrg/kc/base/kc_stocks.html HTTP/1.1" 200 16560
116.224.254.208 - - [27/Feb/2024:10:03:24 +0800] "GET /xingrg/javascript/easyui/themes/sunny/easyui.css HTTP/1.1" 200 34304
116.224.254.208 - - [27/Feb/2024:10:03:24 +0800] "GET /xingrg/javascript/easyui/themes/icons/filter_new.png HTTP/1.1" 200 795
116.224.254.208 - - [27/Feb/2024:10:03:24 +0800] "GET /xingrg/javascript/easyui/themes/icons/refresh_new.png HTTP/1.1" 200 685
116.224.254.208 - - [27/Feb/2024:10:03:24 +0800] "GET /xingrg/javascript/easyui/themes/icons/print_new.png HTTP/1.1" 200 3580
116.224.254.208 - - [27/Feb/2024:10:03:24 +0800] "GET /xingrg/javascript/easyui/plugins/jquery.draggable.js HTTP/1.1" 200 6121
116.224.254.208 - - [27/Feb/2024:10:03:24 +0800] "GET /xingrg/javascript/easyui/plugins/jquery.droppable.js HTTP/1.1" 200 1167
116.224.254.208 - - [27/Feb/2024:10:03:24 +0800] "GET /xingrg/all/common/auto_word.html?type=base&rest_code=00150 HTTP/1.1" 200 1853
116.224.254.208 - - [27/Feb/2024:10:03:24 +0800] "GET /xingrg/javascript/easyui/themes/default/tree.css HTTP/1.1" 404 1090
116.224.254.208 - - [27/Feb/2024:10:03:24 +0800] "GET /xingrg/javascript/easyui/plugins/jquery.tree.js HTTP/1.1" 200 20874
116.224.254.208 - - [27/Feb/2024:10:03:24 +0800] "POST /xingrg/all/common/load_tree.html?tree=materiel_sort_tree_json HTTP/1.1" 200 9734
116.224.254.208 - - [27/Feb/2024:10:03:24 +0800] "GET /xingrg/javascript/easyui/themes/sunny/images/tree_folder.gif HTTP/1.1" 200 952
116.224.254.208 - - [27/Feb/2024:10:03:24 +0800] "GET /xingrg/javascript/easyui/themes/sunny/images/tree_arrows.gif HTTP/1.1" 200 617
116.224.254.208 - - [27/Feb/2024:10:03:24 +0800] "GET /xingrg/javascript/easyui/themes/sunny/images/tree_file.gif HTTP/1.1" 200 118
116.224.254.208 - - [27/Feb/2024:10:03:24 +0800] "GET /xingrg/javascript/easyui/themes/sunny/images/tree_folder_open.gif HTTP/1.1" 200 956
116.224.254.208 - - [27/Feb/2024:10:03:26 +0800] "GET /xingrg/javascript/auto/indicator.gif HTTP/1.1" 404 1066
222.70.245.42 - - [27/Feb/2024:10:03:26 +0800] "POST /xingrg/services/DataTransmitService HTTP/1.1" 200 524
222.70.245.42 - - [27/Feb/2024:10:03:27 +0800] "POST /xingrg/services/DataTransmitService HTTP/1.1" 200 412
116.238.97.31 - - [27/Feb/2024:10:03:28 +0800] "GET /xingrg/all/function/internal_message.html?_=1708999408847&CODE_STATE=getMsg HTTP/1.1" 200 27
116.238.97.31 - - [27/Feb/2024:10:03:29 +0800] "GET /xingrg/check_reg.html?_=1708999409418 HTTP/1.1" 200 22
222.70.245.42 - - [27/Feb/2024:10:03:29 +0800] "POST /xingrg/services/DataTransmitService HTTP/1.1" 200 524
116.224.254.208 - - [27/Feb/2024:10:03:29 +0800] "POST /xingrg/kc/base/stock_operate.html HTTP/1.1" 200 4370
116.224.254.208 - - [27/Feb/2024:10:03:29 +0800] "GET /xingrg/javascript/jquery_tools/fix_table.js HTTP/1.1" 200 6528
222.70.245.42 - - [27/Feb/2024:10:03:30 +0800] "POST /xingrg/services/DataTransmitService HTTP/1.1" 200 412
116.224.254.208 - - [27/Feb/2024:10:03:31 +0800] "GET /xingrg/javascript/easyui/themes/sunny/images/ui-bg_gloss-wave_70_ffdd57_500x100.png HTTP/1.1" 200 3830
116.224.254.208 - - [27/Feb/2024:10:03:32 +0800] "POST /xingrg/kc/base/stock_operate.html HTTP/1.1" 200 25387
180.164.1.25 - - [27/Feb/2024:10:03:34 +0800] "GET /xingrg/check_reg.html?_=1708999414517 HTTP/1.1" 200 22
180.164.1.25 - - [27/Feb/2024:10:03:34 +0800] "GET /xingrg/all/function/internal_message.html?_=1708999414520&CODE_STATE=getMsg HTTP/1.1" 200 27
180.171.62.200 - - [27/Feb/2024:10:03:38 +0800] "GET /xingrg/all/function/internal_message.html?_=1708999419244&CODE_STATE=getMsg HTTP/1.1" 200 27
116.230.123.222 - - [27/Feb/2024:10:03:44 +0800] "GET /xingrg/all/function/internal_message.html?_=1708999424312&CODE_STATE=getMsg HTTP/1.1" 200 27
222.70.245.42 - - [27/Feb/2024:10:03:46 +0800] "GET /xingrg/all/function/internal_message.html?_=1708999432053&CODE_STATE=getMsg HTTP/1.1" 200 27
172.20.0.100 - - [27/Feb/2024:10:03:51 +0800] "GET /xingrg/check_reg.html?_=1708999430169 HTTP/1.1" 200 22
172.20.0.100 - - [27/Feb/2024:10:03:51 +0800] "GET /xingrg/all/function/internal_message.html?_=1708999430170&CODE_STATE=getMsg HTTP/1.1" 200 27
101.83.145.37 - - [27/Feb/2024:10:03:52 +0800] "GET /xingrg/all/function/internal_message.html?_=1708999191917&CODE_STATE=getMsg HTTP/1.1" 200 27
124.79.245.19 - - [27/Feb/2024:10:03:52 +0800] "GET /xingrg/images/yd/bt.gif HTTP/1.1" 404 1040
124.79.245.19 - - [27/Feb/2024:10:03:52 +0800] "GET /xingrg/images/yd/bt2.gif HTTP/1.1" 404 1042
124.79.245.19 - - [27/Feb/2024:10:03:54 +0800] "GET /xingrg/kc/mdqp/qqps_order_list.html?isBack=1 HTTP/1.1" 200 9677
124.79.245.19 - - [27/Feb/2024:10:03:54 +0800] "GET /xingrg/dwr/interface/AjaxReportQueryService.js HTTP/1.1" 200 13203
124.79.245.19 - - [27/Feb/2024:10:03:54 +0800] "GET /xingrg/dwr/interface/AjaxQqpsService.js HTTP/1.1" 200 16326
124.79.245.19 - - [27/Feb/2024:10:03:54 +0800] "GET /xingrg/dwr/engine.js HTTP/1.1" 200 43631
124.79.245.19 - - [27/Feb/2024:10:03:56 +0800] "GET /xingrg/all/function/internal_message.html?_=1708999448513&CODE_STATE=getMsg HTTP/1.1" 200 27
120.253.135.82 - - [27/Feb/2024:10:03:58 +0800] "GET /xingrg/all/function/internal_message.html?_=1708999272736&CODE_STATE=getMsg HTTP/1.1" 200 27
180.169.147.146 - - [27/Feb/2024:10:03:59 +0800] "GET /xingrg/all/function/internal_message.html?_=1708999438028&CODE_STATE=getMsg HTTP/1.1" 200 27
222.70.245.42 - - [27/Feb/2024:10:04:00 +0800] "POST /xingrg/services/DataTransmitService HTTP/1.1" 200 524
101.83.145.37 - - [27/Feb/2024:10:04:00 +0800] "GET /xingrg/all/function/internal_message.html?_=1708999441600&CODE_STATE=getMsg HTTP/1.1" 200 27
222.70.245.42 - - [27/Feb/2024:10:04:01 +0800] "POST /xingrg/services/DataTransmitService HTTP/1.1" 200 2331
124.78.67.200 - - [27/Feb/2024:10:04:02 +0800] "GET /xingrg/all/function/internal_message.html?_=1708999442875&CODE_STATE=getMsg HTTP/1.1" 200 27
222.69.145.54 - - [27/Feb/2024:10:04:04 +0800] "GET /xingrg/all/function/internal_message.html?_=1708999445599&CODE_STATE=getMsg HTTP/1.1" 200 27
222.70.245.42 - - [27/Feb/2024:10:04:08 +0800] "POST /xingrg/services/DataTransmitService HTTP/1.1" 200 524
222.70.245.42 - - [27/Feb/2024:10:04:09 +0800] "POST /xingrg/services/DataTransmitService HTTP/1.1" 200 2331
222.70.115.1 - - [27/Feb/2024:10:04:10 +0800] "GET /xingrg/all/function/internal_message.html?_=1708999452042&CODE_STATE=getMsg HTTP/1.1" 200 27
222.70.245.42 - - [27/Feb/2024:10:04:12 +0800] "POST /xingrg/services/DataTransmitService HTTP/1.1" 200 524
222.70.245.42 - - [27/Feb/2024:10:04:13 +0800] "POST /xingrg/services/DataTransmitService HTTP/1.1" 200 412
222.70.245.42 - - [27/Feb/2024:10:04:14 +0800] "POST /xingrg/services/DataTransmitService HTTP/1.1" 200 524
116.224.254.208 - - [27/Feb/2024:10:04:15 +0800] "GET /xingrg/all/function/internal_message.html?_=1708999454516&CODE_STATE=getMsg HTTP/1.1" 200 27
116.224.254.208 - - [27/Feb/2024:10:04:15 +0800] "GET /xingrg/check_reg.html?_=1708999454521 HTTP/1.1" 200 22
222.70.245.42 - - [27/Feb/2024:10:04:15 +0800] "POST /xingrg/services/DataTransmitService HTTP/1.1" 200 412
116.224.254.208 - - [27/Feb/2024:10:04:20 +0800] "GET /xingrg/all/function/internal_message.html?_=1708999460448&CODE_STATE=getMsg HTTP/1.1" 200 27
116.238.97.31 - - [27/Feb/2024:10:04:28 +0800] "GET /xingrg/all/function/internal_message.html?_=1708999468831&CODE_STATE=getMsg HTTP/1.1" 200 27
180.164.1.25 - - [27/Feb/2024:10:04:35 +0800] "GET /xingrg/login.html HTTP/1.1" 200 7641
180.164.1.25 - - [27/Feb/2024:10:04:35 +0800] "GET /xingrg/images/blue/jxLogo.png HTTP/1.1" 200 6156
180.164.1.25 - - [27/Feb/2024:10:04:35 +0800] "GET /xingrg/images/blue/login_bg.png HTTP/1.1" 200 22101
180.164.1.25 - - [27/Feb/2024:10:04:35 +0800] "GET /xingrg/images/blue/hj.png HTTP/1.1" 200 1014
180.164.1.25 - - [27/Feb/2024:10:04:35 +0800] "GET /xingrg/images/blue/srbg.png HTTP/1.1" 200 138
180.164.1.25 - - [27/Feb/2024:10:04:35 +0800] "GET /favicon.ico HTTP/1.1" 404 -
180.164.1.25 - - [27/Feb/2024:10:04:38 +0800] "POST /xingrg/login.do HTTP/1.1" 302 -
180.171.62.200 - - [27/Feb/2024:10:04:38 +0800] "GET /xingrg/all/function/internal_message.html?_=1708999479246&CODE_STATE=getMsg HTTP/1.1" 200 27
180.164.1.25 - - [27/Feb/2024:10:04:38 +0800] "GET /xingrg/index.html?sysBaseUrl=http%3A%2F%2F180.169.147.146%3A18081%2Fxingrg%2F&costTime=863×tamp=1708999478159 HTTP/1.1" 200 17183
180.164.1.25 - - [27/Feb/2024:10:04:38 +0800] "GET /xingrg/javascript/jquery_easy_ui/themes/icon.css HTTP/1.1" 200 3949
180.164.1.25 - - [27/Feb/2024:10:04:38 +0800] "GET /xingrg/javascript/jquery_easy_ui/themes/default/easyui.css HTTP/1.1" 200 26500
180.164.1.25 - - [27/Feb/2024:10:04:38 +0800] "GET /xingrg/css/form.css HTTP/1.1" 200 893
180.164.1.25 - - [27/Feb/2024:10:04:38 +0800] "GET /xingrg/javascript/jquery.form.js HTTP/1.1" 200 23110
180.164.1.25 - - [27/Feb/2024:10:04:38 +0800] "GET /xingrg/javascript/jquery_easy_ui/jquery.easyui.min.js HTTP/1.1" 200 213662
180.164.1.25 - - [27/Feb/2024:10:04:38 +0800] "GET /xingrg/javascript/jquery_easy_ui/easyui-lang-zh_CN.js HTTP/1.1" 200 1900
180.164.1.25 - - [27/Feb/2024:10:04:38 +0800] "GET /xingrg/javascript/jquery.timers.js HTTP/1.1" 200 3532
180.164.1.25 - - [27/Feb/2024:10:04:38 +0800] "GET /xingrg/javascript/jquery-1.4.2.min.js HTTP/1.1" 200 72205
180.164.1.25 - - [27/Feb/2024:10:04:38 +0800] "GET /favicon.ico HTTP/1.1" 404 -
180.164.1.25 - - [27/Feb/2024:10:04:38 +0800] "GET /xingrg/javascript/jquery_easy_ui/themes/icons/settle_new.png HTTP/1.1" 200 826
180.164.1.25 - - [27/Feb/2024:10:04:38 +0800] "GET /xingrg/images/blue/navBackgound.jpg HTTP/1.1" 200 12378
180.164.1.25 - - [27/Feb/2024:10:04:38 +0800] "POST /xingrg/all/common/load_tree.html?tree=area_rest_tree_json&manage=1 HTTP/1.1" 200 357
180.164.1.25 - - [27/Feb/2024:10:04:38 +0800] "GET /xingrg/all/function/internal_message.html?_=1708999478651&CODE_STATE=count HTTP/1.1" 200 11
180.164.1.25 - - [27/Feb/2024:10:04:38 +0800] "GET /xingrg/images/blue/pingpu.png HTTP/1.1" 200 231
180.164.1.25 - - [27/Feb/2024:10:04:38 +0800] "GET /xingrg/check_reg.html?_=1708999478651 HTTP/1.1" 200 22
180.164.1.25 - - [27/Feb/2024:10:04:38 +0800] "GET /xingrg/javascript/jquery_easy_ui/themes/default/images/tabs_leftarrow.png HTTP/1.1" 200 389
180.164.1.25 - - [27/Feb/2024:10:04:38 +0800] "GET /xingrg/javascript/jquery_easy_ui/themes/default/images/tabs_rightarrow.png HTTP/1.1" 200 395
180.164.1.25 - - [27/Feb/2024:10:04:38 +0800] "GET /xingrg/javascript/jquery_easy_ui/themes/default/images/panel_tool_collapse.gif HTTP/1.1" 200 246
180.164.1.25 - - [27/Feb/2024:10:04:38 +0800] "POST /xingrg/load_menu.html HTTP/1.1" 200 5138
180.164.1.25 - - [27/Feb/2024:10:04:38 +0800] "GET /xingrg/javascript/jquery_easy_ui/themes/default/images/tree_arrows.gif HTTP/1.1" 200 1043
180.164.1.25 - - [27/Feb/2024:10:04:38 +0800] "GET /xingrg/javascript/jquery_easy_ui/themes/default/images/tree_folder_open.gif HTTP/1.1" 200 956
180.164.1.25 - - [27/Feb/2024:10:04:38 +0800] "GET /xingrg/javascript/jquery_easy_ui/themes/icons/search_new.png HTTP/1.1" 200 586
180.164.1.25 - - [27/Feb/2024:10:04:38 +0800] "GET /xingrg/javascript/jquery_easy_ui/themes/default/images/tree_folder.gif HTTP/1.1" 200 952
180.164.1.25 - - [27/Feb/2024:10:04:38 +0800] "GET /xingrg/javascript/jquery_easy_ui/themes/icons/storage_new.png HTTP/1.1" 200 853
180.164.1.25 - - [27/Feb/2024:10:04:38 +0800] "GET /xingrg/javascript/jquery_easy_ui/themes/icons/forms_new.png HTTP/1.1" 200 350
180.164.1.25 - - [27/Feb/2024:10:04:38 +0800] "GET /xingrg/javascript/jquery_easy_ui/themes/default/images/tree_file.gif HTTP/1.1" 200 118
222.70.245.42 - - [27/Feb/2024:10:04:44 +0800] "GET /xingrg/check_reg.html?_=1708999490331 HTTP/1.1" 200 22
