120.253.135.82 - - [23/Feb/2024:07:53:44 +0800] "GET /xingrg/check_reg.html?_=1708645857961 HTTP/1.1" 200 22
116.224.254.208 - - [23/Feb/2024:07:53:47 +0800] "POST /xingrg/kc/buy/cgsh_order_operate.html HTTP/1.1" 200 12
116.232.194.112 - - [23/Feb/2024:07:53:53 +0800] "GET /xingrg/all/function/internal_message.html?_=1708646008590&CODE_STATE=getMsg HTTP/1.1" 200 27
58.40.7.146 - - [23/Feb/2024:07:54:00 +0800] "GET /xingrg/all/function/internal_message.html?_=1708646040053&CODE_STATE=getMsg HTTP/1.1" 200 27
116.232.194.112 - - [23/Feb/2024:07:54:02 +0800] "GET /xingrg/all/function/internal_message.html?_=1708646017260&CODE_STATE=getMsg HTTP/1.1" 200 27
221.239.172.101 - - [23/Feb/2024:07:54:03 +0800] "GET /xingrg/all/function/internal_message.html?_=1708646042148&CODE_STATE=getMsg HTTP/1.1" 200 27
221.239.172.101 - - [23/Feb/2024:07:54:03 +0800] "GET /xingrg/check_reg.html?_=1708646042158 HTTP/1.1" 200 22
116.232.194.112 - - [23/Feb/2024:07:54:10 +0800] "GET /xingrg/all/function/internal_message.html?_=1708646025240&CODE_STATE=getMsg HTTP/1.1" 200 27
116.232.194.112 - - [23/Feb/2024:07:54:10 +0800] "GET /xingrg/check_reg.html?_=1708646025242 HTTP/1.1" 200 22
116.228.172.94 - - [23/Feb/2024:07:54:12 +0800] "GET /xingrg/all/function/internal_message.html?_=1708645839104&CODE_STATE=getMsg HTTP/1.1" 302 -
116.232.194.112 - - [23/Feb/2024:07:54:15 +0800] "GET /xingrg/check_reg.html?_=1708646030617 HTTP/1.1" 200 22
116.238.97.31 - - [23/Feb/2024:07:54:24 +0800] "GET /xingrg/all/function/internal_message.html?_=1708646065150&CODE_STATE=getMsg HTTP/1.1" 200 27
120.253.135.82 - - [23/Feb/2024:07:54:25 +0800] "GET /xingrg/all/function/internal_message.html?_=1708645898818&CODE_STATE=getMsg HTTP/1.1" 200 27
116.238.97.31 - - [23/Feb/2024:07:54:25 +0800] "GET /xingrg/javascript/jquery_easy_ui/themes/default/images/tabs_active.png HTTP/1.1" 200 2894
124.78.67.200 - - [23/Feb/2024:07:54:29 +0800] "GET /xingrg/all/function/internal_message.html?_=1708646069953&CODE_STATE=getMsg HTTP/1.1" 200 27
116.224.254.208 - - [23/Feb/2024:07:54:37 +0800] "GET /xingrg/all/function/internal_message.html?_=1708646078307&CODE_STATE=getMsg HTTP/1.1" 200 27
116.224.254.208 - - [23/Feb/2024:07:54:38 +0800] "GET /xingrg/kc/buy/cgsh_order_info.html?code=212024022305983 HTTP/1.1" 200 67964
116.224.254.208 - - [23/Feb/2024:07:54:39 +0800] "GET /xingrg/javascript/easyui/themes/default/validatebox.css HTTP/1.1" 404 1104
116.224.254.208 - - [23/Feb/2024:07:54:40 +0800] "POST /xingrg/kc/buy/cgsh_order_operate.html HTTP/1.1" 200 3607
218.79.28.144 - - [23/Feb/2024:07:54:42 +0800] "GET /xingrg/all/function/internal_message.html?_=1708646089061&CODE_STATE=getMsg HTTP/1.1" 200 27
116.224.254.208 - - [23/Feb/2024:07:54:46 +0800] "GET /xingrg/kc/print/load_config.html?kc_code=cgsh HTTP/1.1" 200 1927
116.224.254.208 - - [23/Feb/2024:07:54:46 +0800] "GET /xingrg/kc/print/load_data.html?order_code=212024022305983&kc_code=cgsh&condition= HTTP/1.1" 200 1843
116.224.254.208 - - [23/Feb/2024:07:54:51 +0800] "GET /xingrg/javascript/jquery_easy_ui/themes/icons/area.png HTTP/1.1" 200 262
116.238.97.31 - - [23/Feb/2024:07:54:51 +0800] "GET /xingrg/javascript/jquery_easy_ui/themes/icons/rest.png HTTP/1.1" 200 695
116.238.97.31 - - [23/Feb/2024:07:54:51 +0800] "GET /xingrg/javascript/jquery_easy_ui/themes/icons/area.png HTTP/1.1" 200 262
116.224.254.208 - - [23/Feb/2024:07:54:52 +0800] "GET /xingrg/javascript/jquery_easy_ui/themes/icons/ok.png HTTP/1.1" 200 883
116.224.254.208 - - [23/Feb/2024:07:54:52 +0800] "GET /xingrg/javascript/jquery_easy_ui/themes/default/images/button_a_bg.gif HTTP/1.1" 200 1194
116.224.254.208 - - [23/Feb/2024:07:54:52 +0800] "GET /xingrg/javascript/jquery_easy_ui/themes/default/images/button_span_bg.gif HTTP/1.1" 200 2061
116.224.254.208 - - [23/Feb/2024:07:54:52 +0800] "GET /xingrg/javascript/jquery_easy_ui/themes/icons/rest.png HTTP/1.1" 200 695
116.224.254.208 - - [23/Feb/2024:07:54:52 +0800] "GET /xingrg/javascript/jquery_easy_ui/themes/default/images/panel_tools.gif HTTP/1.1" 200 737
116.224.254.208 - - [23/Feb/2024:07:54:52 +0800] "GET /xingrg/javascript/jquery_easy_ui/themes/default/images/panel_title.png HTTP/1.1" 200 266
116.224.254.208 - - [23/Feb/2024:07:54:53 +0800] "POST /xingrg/all/user/operate.html HTTP/1.1" 200 36
116.224.254.208 - - [23/Feb/2024:07:54:53 +0800] "GET /xingrg/index.html?sysBaseUrl=http%3A%2F%2F180.169.147.146%3A18081%2Fxingrg%2F&costTime=812×tamp=1708645637571 HTTP/1.1" 200 17179
116.224.254.208 - - [23/Feb/2024:07:54:53 +0800] "GET /xingrg/javascript/jquery_easy_ui/themes/default/easyui.css HTTP/1.1" 304 -
116.224.254.208 - - [23/Feb/2024:07:54:53 +0800] "GET /xingrg/javascript/jquery_easy_ui/themes/icon.css HTTP/1.1" 304 -
116.224.254.208 - - [23/Feb/2024:07:54:53 +0800] "GET /xingrg/css/form.css HTTP/1.1" 304 -
116.224.254.208 - - [23/Feb/2024:07:54:53 +0800] "GET /xingrg/javascript/jquery-1.4.2.min.js HTTP/1.1" 304 -
116.224.254.208 - - [23/Feb/2024:07:54:53 +0800] "GET /xingrg/javascript/jquery_easy_ui/jquery.easyui.min.js HTTP/1.1" 304 -
116.224.254.208 - - [23/Feb/2024:07:54:53 +0800] "GET /xingrg/javascript/jquery_easy_ui/easyui-lang-zh_CN.js HTTP/1.1" 304 -
116.224.254.208 - - [23/Feb/2024:07:54:53 +0800] "GET /xingrg/javascript/jquery.form.js HTTP/1.1" 304 -
116.224.254.208 - - [23/Feb/2024:07:54:53 +0800] "GET /xingrg/javascript/jquery.utils.js HTTP/1.1" 304 -
116.224.254.208 - - [23/Feb/2024:07:54:53 +0800] "GET /xingrg/javascript/jquery.timers.js HTTP/1.1" 304 -
116.224.254.208 - - [23/Feb/2024:07:54:53 +0800] "GET /xingrg/images/blue/jxLogo.png HTTP/1.1" 304 -
116.224.254.208 - - [23/Feb/2024:07:54:53 +0800] "GET /xingrg/javascript/jquery_easy_ui/themes/icons/settle_new.png HTTP/1.1" 304 -
116.224.254.208 - - [23/Feb/2024:07:54:53 +0800] "GET /xingrg/images/blue/navBackgound.jpg HTTP/1.1" 304 -
116.224.254.208 - - [23/Feb/2024:07:54:53 +0800] "GET /xingrg/all/function/internal_message.html?_=1708646094134&CODE_STATE=count HTTP/1.1" 200 11
116.224.254.208 - - [23/Feb/2024:07:54:53 +0800] "GET /xingrg/check_reg.html?_=1708646094135 HTTP/1.1" 200 22
116.224.254.208 - - [23/Feb/2024:07:54:53 +0800] "GET /xingrg/images/blue/pingpu.png HTTP/1.1" 304 -
116.224.254.208 - - [23/Feb/2024:07:54:53 +0800] "GET /xingrg/javascript/jquery_easy_ui/themes/default/images/panel_tool_collapse.gif HTTP/1.1" 304 -
116.224.254.208 - - [23/Feb/2024:07:54:53 +0800] "GET /xingrg/javascript/jquery_easy_ui/themes/default/images/tabs_rightarrow.png HTTP/1.1" 304 -
116.232.194.112 - - [23/Feb/2024:07:54:53 +0800] "GET /xingrg/all/function/internal_message.html?_=1708646068593&CODE_STATE=getMsg HTTP/1.1" 200 27
116.224.254.208 - - [23/Feb/2024:07:54:53 +0800] "POST /xingrg/all/common/load_tree.html?tree=area_rest_tree_json&manage=1 HTTP/1.1" 200 476
116.224.254.208 - - [23/Feb/2024:07:54:53 +0800] "POST /xingrg/load_menu.html HTTP/1.1" 200 5138
116.224.254.208 - - [23/Feb/2024:07:54:53 +0800] "GET /xingrg/javascript/jquery_easy_ui/themes/default/images/tree_arrows.gif HTTP/1.1" 304 -
116.224.254.208 - - [23/Feb/2024:07:54:53 +0800] "GET /xingrg/javascript/jquery_easy_ui/themes/default/images/tree_folder_open.gif HTTP/1.1" 304 -
116.224.254.208 - - [23/Feb/2024:07:54:53 +0800] "GET /xingrg/javascript/jquery_easy_ui/themes/icons/search_new.png HTTP/1.1" 304 -
116.224.254.208 - - [23/Feb/2024:07:54:53 +0800] "GET /xingrg/javascript/jquery_easy_ui/themes/default/images/tree_folder.gif HTTP/1.1" 304 -
116.224.254.208 - - [23/Feb/2024:07:54:53 +0800] "GET /xingrg/javascript/jquery_easy_ui/themes/default/images/tree_file.gif HTTP/1.1" 304 -
116.224.254.208 - - [23/Feb/2024:07:54:53 +0800] "GET /xingrg/javascript/jquery_easy_ui/themes/icons/storage_new.png HTTP/1.1" 304 -
116.224.254.208 - - [23/Feb/2024:07:54:53 +0800] "GET /xingrg/javascript/jquery_easy_ui/themes/default/images/tabs_leftarrow.png HTTP/1.1" 304 -
116.224.254.208 - - [23/Feb/2024:07:54:54 +0800] "GET /xingrg/javascript/jquery_easy_ui/themes/icons/forms_new.png HTTP/1.1" 304 -
116.224.254.208 - - [23/Feb/2024:07:54:56 +0800] "GET /xingrg/kc/buy/cgsh_order_list.html HTTP/1.1" 200 57698
116.224.254.208 - - [23/Feb/2024:07:54:58 +0800] "POST /xingrg/kc/buy/cgsh_list_operate.html HTTP/1.1" 200 986
116.224.254.208 - - [23/Feb/2024:07:54:59 +0800] "GET /xingrg/kc/buy/cgsh_order_add.html HTTP/1.1" 200 73511
116.224.254.208 - - [23/Feb/2024:07:54:59 +0800] "POST /xingrg/kc/buy/cgsh_order_operate.html HTTP/1.1" 200 8245
116.224.254.208 - - [23/Feb/2024:07:55:00 +0800] "GET /xingrg/javascript/easyui/themes/default/validatebox.css HTTP/1.1" 404 1104
58.40.7.146 - - [23/Feb/2024:07:55:00 +0800] "GET /xingrg/all/function/internal_message.html?_=1708646100056&CODE_STATE=getMsg HTTP/1.1" 200 27
116.224.254.208 - - [23/Feb/2024:07:55:00 +0800] "GET /xingrg/all/common/auto_word.html?type=employee&rest_code=00150 HTTP/1.1" 200 159
116.224.254.208 - - [23/Feb/2024:07:55:00 +0800] "GET /xingrg/all/common/auto_word.html?type=employee&rest_code=00150 HTTP/1.1" 200 159
116.224.254.208 - - [23/Feb/2024:07:55:00 +0800] "GET /xingrg/javascript/auto/indicator.gif HTTP/1.1" 404 1066
116.232.194.112 - - [23/Feb/2024:07:55:02 +0800] "GET /xingrg/all/function/internal_message.html?_=1708646077243&CODE_STATE=getMsg HTTP/1.1" 200 27
221.239.172.101 - - [23/Feb/2024:07:55:03 +0800] "GET /xingrg/all/function/internal_message.html?_=1708646102142&CODE_STATE=getMsg HTTP/1.1" 200 27
116.232.194.112 - - [23/Feb/2024:07:55:10 +0800] "GET /xingrg/all/function/internal_message.html?_=1708646085239&CODE_STATE=getMsg HTTP/1.1" 200 27
116.224.254.208 - - [23/Feb/2024:07:55:10 +0800] "GET /xingrg/kc/buy/cgsh_order_operate.html?command=get_materiel&rest_code=00150&code=00101016030&supplier_code=00100096&order_time=2024-02-23 HTTP/1.1" 200 412
116.228.172.94 - - [23/Feb/2024:07:55:12 +0800] "GET /xingrg/all/function/internal_message.html?_=1708645899116&CODE_STATE=getMsg HTTP/1.1" 302 -
116.228.172.94 - - [23/Feb/2024:07:55:12 +0800] "GET /xingrg/check_reg.html?_=1708645899117 HTTP/1.1" 302 -
116.224.254.208 - - [23/Feb/2024:07:55:21 +0800] "GET /xingrg/kc/buy/cgsh_order_operate.html?command=get_materiel&rest_code=00150&code=00101016071&supplier_code=00100096&order_time=2024-02-23 HTTP/1.1" 200 416
116.238.97.31 - - [23/Feb/2024:07:55:24 +0800] "GET /xingrg/all/function/internal_message.html?_=1708646125134&CODE_STATE=getMsg HTTP/1.1" 200 27
120.253.135.82 - - [23/Feb/2024:07:55:25 +0800] "GET /xingrg/all/function/internal_message.html?_=1708645958831&CODE_STATE=getMsg HTTP/1.1" 200 27
124.78.67.200 - - [23/Feb/2024:07:55:29 +0800] "GET /xingrg/all/function/internal_message.html?_=1708646129953&CODE_STATE=getMsg HTTP/1.1" 200 27
116.224.254.208 - - [23/Feb/2024:07:55:30 +0800] "GET /xingrg/kc/buy/cgsh_order_operate.html?command=get_materiel&rest_code=00150&code=00101012025&supplier_code=00100096&order_time=2024-02-23 HTTP/1.1" 200 412
218.79.28.144 - - [23/Feb/2024:07:55:42 +0800] "GET /xingrg/all/function/internal_message.html?_=1708646149061&CODE_STATE=getMsg HTTP/1.1" 200 27
218.79.28.144 - - [23/Feb/2024:07:55:42 +0800] "GET /xingrg/check_reg.html?_=1708646149067 HTTP/1.1" 200 22
116.224.254.208 - - [23/Feb/2024:07:55:53 +0800] "GET /xingrg/all/function/internal_message.html?_=1708646154154&CODE_STATE=getMsg HTTP/1.1" 200 27
116.232.194.112 - - [23/Feb/2024:07:55:53 +0800] "GET /xingrg/all/function/internal_message.html?_=1708646128594&CODE_STATE=getMsg HTTP/1.1" 200 27
58.40.7.146 - - [23/Feb/2024:07:56:00 +0800] "GET /xingrg/all/function/internal_message.html?_=1708646160058&CODE_STATE=getMsg HTTP/1.1" 200 27
116.224.254.208 - - [23/Feb/2024:07:56:01 +0800] "GET /xingrg/kc/buy/cgsh_order_operate.html?command=get_materiel&rest_code=00150&code=00101001191&supplier_code=00100096&order_time=2024-02-23 HTTP/1.1" 200 414
116.232.194.112 - - [23/Feb/2024:07:56:02 +0800] "GET /xingrg/all/function/internal_message.html?_=1708646137220&CODE_STATE=getMsg HTTP/1.1" 200 27
221.239.172.101 - - [23/Feb/2024:07:56:03 +0800] "GET /xingrg/all/function/internal_message.html?_=1708646162145&CODE_STATE=getMsg HTTP/1.1" 200 27
116.232.194.112 - - [23/Feb/2024:07:56:10 +0800] "GET /xingrg/all/function/internal_message.html?_=1708646145241&CODE_STATE=getMsg HTTP/1.1" 200 27
116.228.172.94 - - [23/Feb/2024:07:56:12 +0800] "GET /xingrg/all/function/internal_message.html?_=1708645959108&CODE_STATE=getMsg HTTP/1.1" 302 -
116.224.254.208 - - [23/Feb/2024:07:56:17 +0800] "GET /xingrg/kc/buy/cgsh_order_operate.html?command=get_materiel&rest_code=00150&code=00101006063&supplier_code=00100096&order_time=2024-02-23 HTTP/1.1" 200 414
116.238.97.31 - - [23/Feb/2024:07:56:24 +0800] "GET /xingrg/all/function/internal_message.html?_=1708646185153&CODE_STATE=getMsg HTTP/1.1" 200 27
120.253.135.82 - - [23/Feb/2024:07:56:25 +0800] "GET /xingrg/all/function/internal_message.html?_=1708646018907&CODE_STATE=getMsg HTTP/1.1" 200 27
124.78.67.200 - - [23/Feb/2024:07:56:29 +0800] "GET /xingrg/all/function/internal_message.html?_=1708646189941&CODE_STATE=getMsg HTTP/1.1" 200 27
116.224.254.208 - - [23/Feb/2024:07:56:30 +0800] "GET /xingrg/kc/buy/cgsh_order_operate.html?command=get_materiel&rest_code=00150&code=00101006109&supplier_code=00100096&order_time=2024-02-23 HTTP/1.1" 200 409
116.232.194.112 - - [23/Feb/2024:07:56:37 +0800] "GET /xingrg/check_reg.html?_=1708646172844 HTTP/1.1" 200 22
116.224.254.208 - - [23/Feb/2024:07:56:41 +0800] "GET /xingrg/kc/buy/cgsh_order_operate.html?command=get_materiel&rest_code=00150&code=00101006111&supplier_code=00100096&order_time=2024-02-23 HTTP/1.1" 200 411
218.79.28.144 - - [23/Feb/2024:07:56:42 +0800] "GET /xingrg/all/function/internal_message.html?_=1708646209069&CODE_STATE=getMsg HTTP/1.1" 200 27
116.224.254.208 - - [23/Feb/2024:07:56:52 +0800] "GET /xingrg/kc/buy/cgsh_order_operate.html?command=get_materiel&rest_code=00150&code=00101010711&supplier_code=00100096&order_time=2024-02-23 HTTP/1.1" 200 406
116.224.254.208 - - [23/Feb/2024:07:56:53 +0800] "GET /xingrg/all/function/internal_message.html?_=1708646214143&CODE_STATE=getMsg HTTP/1.1" 200 27
116.232.194.112 - - [23/Feb/2024:07:56:53 +0800] "GET /xingrg/check_reg.html?_=1708646188580 HTTP/1.1" 200 22
116.232.194.112 - - [23/Feb/2024:07:56:53 +0800] "GET /xingrg/all/function/internal_message.html?_=1708646188585&CODE_STATE=getMsg HTTP/1.1" 200 27
58.40.7.146 - - [23/Feb/2024:07:57:00 +0800] "GET /xingrg/check_reg.html?_=1708646220045 HTTP/1.1" 200 22
58.40.7.146 - - [23/Feb/2024:07:57:00 +0800] "GET /xingrg/all/function/internal_message.html?_=1708646220046&CODE_STATE=getMsg HTTP/1.1" 200 27
116.232.194.112 - - [23/Feb/2024:07:57:02 +0800] "GET /xingrg/all/function/internal_message.html?_=1708646197208&CODE_STATE=getMsg HTTP/1.1" 200 27
116.224.254.208 - - [23/Feb/2024:07:57:02 +0800] "GET /xingrg/kc/buy/cgsh_order_operate.html?command=get_materiel&rest_code=00150&code=00101007061&supplier_code=00100096&order_time=2024-02-23 HTTP/1.1" 200 411
221.239.172.101 - - [23/Feb/2024:07:57:03 +0800] "GET /xingrg/all/function/internal_message.html?_=1708646222139&CODE_STATE=getMsg HTTP/1.1" 200 27
124.78.67.200 - - [23/Feb/2024:07:57:09 +0800] "POST /xingrg/services/DataTransmitService HTTP/1.1" 200 524
116.232.194.112 - - [23/Feb/2024:07:57:10 +0800] "GET /xingrg/all/function/internal_message.html?_=1708646205236&CODE_STATE=getMsg HTTP/1.1" 200 27
116.228.172.94 - - [23/Feb/2024:07:57:12 +0800] "GET /xingrg/all/function/internal_message.html?_=1708646019124&CODE_STATE=getMsg HTTP/1.1" 302 -
116.238.97.31 - - [23/Feb/2024:07:57:24 +0800] "GET /xingrg/all/function/internal_message.html?_=1708646245135&CODE_STATE=getMsg HTTP/1.1" 200 27
120.253.135.82 - - [23/Feb/2024:07:57:25 +0800] "GET /xingrg/all/function/internal_message.html?_=1708646078921&CODE_STATE=getMsg HTTP/1.1" 200 27
124.78.67.200 - - [23/Feb/2024:07:57:29 +0800] "GET /xingrg/all/function/internal_message.html?_=1708646249952&CODE_STATE=getMsg HTTP/1.1" 200 27
124.78.67.200 - - [23/Feb/2024:07:57:29 +0800] "GET /xingrg/check_reg.html?_=1708646249955 HTTP/1.1" 200 22
116.224.254.208 - - [23/Feb/2024:07:57:40 +0800] "POST /xingrg/kc/buy/cgsh_order_operate.html HTTP/1.1" 200 37
218.79.28.144 - - [23/Feb/2024:07:57:42 +0800] "GET /xingrg/all/function/internal_message.html?_=1708646269059&CODE_STATE=getMsg HTTP/1.1" 200 27
116.224.254.208 - - [23/Feb/2024:07:57:49 +0800] "POST /xingrg/kc/buy/cgsh_order_operate.html HTTP/1.1" 200 12
116.232.194.112 - - [23/Feb/2024:07:57:53 +0800] "GET /xingrg/all/function/internal_message.html?_=1708646248583&CODE_STATE=getMsg HTTP/1.1" 200 27
58.40.7.146 - - [23/Feb/2024:07:58:00 +0800] "GET /xingrg/all/function/internal_message.html?_=1708646280047&CODE_STATE=getMsg HTTP/1.1" 200 27
116.232.194.112 - - [23/Feb/2024:07:58:02 +0800] "GET /xingrg/all/function/internal_message.html?_=1708646257194&CODE_STATE=getMsg HTTP/1.1" 200 27
221.239.172.101 - - [23/Feb/2024:07:58:03 +0800] "GET /xingrg/all/function/internal_message.html?_=1708646282140&CODE_STATE=getMsg HTTP/1.1" 200 27
116.232.194.112 - - [23/Feb/2024:07:58:10 +0800] "GET /xingrg/all/function/internal_message.html?_=1708646265247&CODE_STATE=getMsg HTTP/1.1" 200 27
116.224.254.208 - - [23/Feb/2024:07:58:10 +0800] "GET /xingrg/kc/buy/cgsh_order_info.html?code=212024022305984 HTTP/1.1" 200 68410
116.224.254.208 - - [23/Feb/2024:07:58:11 +0800] "GET /xingrg/javascript/easyui/themes/default/validatebox.css HTTP/1.1" 404 1104
116.224.254.208 - - [23/Feb/2024:07:58:12 +0800] "POST /xingrg/kc/buy/cgsh_order_operate.html HTTP/1.1" 200 5334
116.228.172.94 - - [23/Feb/2024:07:58:12 +0800] "GET /xingrg/all/function/internal_message.html?_=1708646079111&CODE_STATE=getMsg HTTP/1.1" 302 -
116.224.254.208 - - [23/Feb/2024:07:58:14 +0800] "GET /xingrg/kc/print/load_data.html?order_code=212024022305984&kc_code=cgsh&condition= HTTP/1.1" 200 2466
116.238.97.31 - - [23/Feb/2024:07:58:24 +0800] "GET /xingrg/check_reg.html?_=1708646305152 HTTP/1.1" 200 22
116.238.97.31 - - [23/Feb/2024:07:58:24 +0800] "GET /xingrg/all/function/internal_message.html?_=1708646305158&CODE_STATE=getMsg HTTP/1.1" 200 27
120.253.135.82 - - [23/Feb/2024:07:58:25 +0800] "GET /xingrg/all/function/internal_message.html?_=1708646139017&CODE_STATE=getMsg HTTP/1.1" 200 27
124.78.67.200 - - [23/Feb/2024:07:58:29 +0800] "GET /xingrg/all/function/internal_message.html?_=1708646309955&CODE_STATE=getMsg HTTP/1.1" 200 27
218.79.28.144 - - [23/Feb/2024:07:58:42 +0800] "GET /xingrg/all/function/internal_message.html?_=1708646329064&CODE_STATE=getMsg HTTP/1.1" 200 27
120.253.135.82 - - [23/Feb/2024:07:58:44 +0800] "GET /xingrg/check_reg.html?_=1708646157975 HTTP/1.1" 200 22
116.224.254.208 - - [23/Feb/2024:07:58:53 +0800] "GET /xingrg/all/function/internal_message.html?_=1708646334173&CODE_STATE=getMsg HTTP/1.1" 200 27
116.232.194.112 - - [23/Feb/2024:07:58:53 +0800] "GET /xingrg/all/function/internal_message.html?_=1708646308574&CODE_STATE=getMsg HTTP/1.1" 200 27
58.40.7.146 - - [23/Feb/2024:07:59:00 +0800] "GET /xingrg/all/function/internal_message.html?_=1708646340049&CODE_STATE=getMsg HTTP/1.1" 200 27
116.232.194.112 - - [23/Feb/2024:07:59:02 +0800] "GET /xingrg/all/function/internal_message.html?_=1708646317176&CODE_STATE=getMsg HTTP/1.1" 200 27
221.239.172.101 - - [23/Feb/2024:07:59:03 +0800] "GET /xingrg/all/function/internal_message.html?_=1708646342142&CODE_STATE=getMsg HTTP/1.1" 200 27
221.239.172.101 - - [23/Feb/2024:07:59:03 +0800] "GET /xingrg/check_reg.html?_=1708646342143 HTTP/1.1" 200 22
116.232.194.112 - - [23/Feb/2024:07:59:10 +0800] "GET /xingrg/check_reg.html?_=1708646325246 HTTP/1.1" 200 22
116.232.194.112 - - [23/Feb/2024:07:59:10 +0800] "GET /xingrg/all/function/internal_message.html?_=1708646325248&CODE_STATE=getMsg HTTP/1.1" 200 27
116.228.172.94 - - [23/Feb/2024:07:59:12 +0800] "GET /xingrg/all/function/internal_message.html?_=1708646139108&CODE_STATE=getMsg HTTP/1.1" 302 -
116.232.194.112 - - [23/Feb/2024:07:59:15 +0800] "GET /xingrg/check_reg.html?_=1708646330606 HTTP/1.1" 200 22
116.238.97.31 - - [23/Feb/2024:07:59:24 +0800] "GET /xingrg/all/function/internal_message.html?_=1708646365135&CODE_STATE=getMsg HTTP/1.1" 200 27
120.253.135.82 - - [23/Feb/2024:07:59:25 +0800] "GET /xingrg/all/function/internal_message.html?_=1708646199026&CODE_STATE=getMsg HTTP/1.1" 200 27
124.78.67.200 - - [23/Feb/2024:07:59:29 +0800] "GET /xingrg/all/function/internal_message.html?_=1708646369951&CODE_STATE=getMsg HTTP/1.1" 200 27
218.79.28.144 - - [23/Feb/2024:07:59:42 +0800] "GET /xingrg/all/function/internal_message.html?_=1708646389067&CODE_STATE=getMsg HTTP/1.1" 200 27
116.224.254.208 - - [23/Feb/2024:07:59:53 +0800] "GET /xingrg/check_reg.html?_=1708646394145 HTTP/1.1" 200 22
116.224.254.208 - - [23/Feb/2024:07:59:53 +0800] "GET /xingrg/all/function/internal_message.html?_=1708646394149&CODE_STATE=getMsg HTTP/1.1" 200 27
116.232.194.112 - - [23/Feb/2024:07:59:53 +0800] "GET /xingrg/all/function/internal_message.html?_=1708646368583&CODE_STATE=getMsg HTTP/1.1" 200 27
58.40.7.146 - - [23/Feb/2024:08:00:00 +0800] "GET /xingrg/all/function/internal_message.html?_=1708646400050&CODE_STATE=getMsg HTTP/1.1" 200 27
116.232.194.112 - - [23/Feb/2024:08:00:02 +0800] "GET /xingrg/all/function/internal_message.html?_=1708646377158&CODE_STATE=getMsg HTTP/1.1" 200 27
221.239.172.101 - - [23/Feb/2024:08:00:03 +0800] "GET /xingrg/all/function/internal_message.html?_=1708646402145&CODE_STATE=getMsg HTTP/1.1" 200 27
116.232.194.112 - - [23/Feb/2024:08:00:10 +0800] "GET /xingrg/all/function/internal_message.html?_=1708646385241&CODE_STATE=getMsg HTTP/1.1" 200 27
116.228.172.94 - - [23/Feb/2024:08:00:12 +0800] "GET /xingrg/all/function/internal_message.html?_=1708646199115&CODE_STATE=getMsg HTTP/1.1" 302 -
116.228.172.94 - - [23/Feb/2024:08:00:12 +0800] "GET /xingrg/check_reg.html?_=1708646199117 HTTP/1.1" 302 -
116.238.97.31 - - [23/Feb/2024:08:00:24 +0800] "GET /xingrg/all/function/internal_message.html?_=1708646425147&CODE_STATE=getMsg HTTP/1.1" 200 27
120.253.135.82 - - [23/Feb/2024:08:00:25 +0800] "GET /xingrg/all/function/internal_message.html?_=1708646259040&CODE_STATE=getMsg HTTP/1.1" 200 27
124.78.67.200 - - [23/Feb/2024:08:00:29 +0800] "GET /xingrg/all/function/internal_message.html?_=1708646429951&CODE_STATE=getMsg HTTP/1.1" 200 27
116.232.37.121 - - [23/Feb/2024:08:00:38 +0800] "POST /xingrg/services/DataTransmitService HTTP/1.1" 200 524
218.79.28.144 - - [23/Feb/2024:08:00:42 +0800] "GET /xingrg/all/function/internal_message.html?_=1708646449068&CODE_STATE=getMsg HTTP/1.1" 200 27
218.79.28.144 - - [23/Feb/2024:08:00:42 +0800] "GET /xingrg/check_reg.html?_=1708646449073 HTTP/1.1" 200 22
116.224.254.208 - - [23/Feb/2024:08:00:53 +0800] "GET /xingrg/all/function/internal_message.html?_=1708646454131&CODE_STATE=getMsg HTTP/1.1" 200 27
116.232.194.112 - - [23/Feb/2024:08:00:53 +0800] "GET /xingrg/all/function/internal_message.html?_=1708646428571&CODE_STATE=getMsg HTTP/1.1" 200 27
58.40.7.146 - - [23/Feb/2024:08:01:00 +0800] "GET /xingrg/all/function/internal_message.html?_=1708646460028&CODE_STATE=getMsg HTTP/1.1" 200 27
116.232.194.112 - - [23/Feb/2024:08:01:02 +0800] "GET /xingrg/all/function/internal_message.html?_=1708646437143&CODE_STATE=getMsg HTTP/1.1" 200 27
221.239.172.101 - - [23/Feb/2024:08:01:03 +0800] "GET /xingrg/all/function/internal_message.html?_=1708646462151&CODE_STATE=getMsg HTTP/1.1" 200 27
116.232.194.112 - - [23/Feb/2024:08:01:10 +0800] "GET /xingrg/all/function/internal_message.html?_=1708646445231&CODE_STATE=getMsg HTTP/1.1" 200 27
116.228.172.94 - - [23/Feb/2024:08:01:12 +0800] "GET /xingrg/all/function/internal_message.html?_=1708646259105&CODE_STATE=getMsg HTTP/1.1" 302 -
222.70.242.249 - - [23/Feb/2024:08:01:18 +0800] "POST /xingrg/services/DataTransmitService HTTP/1.1" 200 524
116.238.97.31 - - [23/Feb/2024:08:01:24 +0800] "GET /xingrg/all/function/internal_message.html?_=1708646485140&CODE_STATE=getMsg HTTP/1.1" 200 27
120.253.135.82 - - [23/Feb/2024:08:01:25 +0800] "GET /xingrg/all/function/internal_message.html?_=1708646319137&CODE_STATE=getMsg HTTP/1.1" 200 27
124.78.67.200 - - [23/Feb/2024:08:01:29 +0800] "GET /xingrg/all/function/internal_message.html?_=1708646489950&CODE_STATE=getMsg HTTP/1.1" 200 27
116.224.254.208 - - [23/Feb/2024:08:01:35 +0800] "POST /xingrg/services/DataTransmitService HTTP/1.1" 200 524
116.232.194.112 - - [23/Feb/2024:08:01:37 +0800] "GET /xingrg/check_reg.html?_=1708646472826 HTTP/1.1" 200 22
218.79.28.144 - - [23/Feb/2024:08:01:42 +0800] "GET /xingrg/all/function/internal_message.html?_=1708646509060&CODE_STATE=getMsg HTTP/1.1" 200 27
116.224.254.208 - - [23/Feb/2024:08:01:53 +0800] "GET /xingrg/all/function/internal_message.html?_=1708646514116&CODE_STATE=getMsg HTTP/1.1" 200 27
116.232.194.112 - - [23/Feb/2024:08:01:53 +0800] "GET /xingrg/all/function/internal_message.html?_=1708646488578&CODE_STATE=getMsg HTTP/1.1" 200 27
116.232.194.112 - - [23/Feb/2024:08:01:53 +0800] "GET /xingrg/check_reg.html?_=1708646488579 HTTP/1.1" 200 22
58.40.7.146 - - [23/Feb/2024:08:02:00 +0800] "GET /xingrg/check_reg.html?_=1708646520033 HTTP/1.1" 200 22
58.40.7.146 - - [23/Feb/2024:08:02:00 +0800] "GET /xingrg/all/function/internal_message.html?_=1708646520034&CODE_STATE=getMsg HTTP/1.1" 200 27
116.232.194.112 - - [23/Feb/2024:08:02:02 +0800] "GET /xingrg/all/function/internal_message.html?_=1708646497139&CODE_STATE=getMsg HTTP/1.1" 200 27
221.239.172.101 - - [23/Feb/2024:08:02:03 +0800] "GET /xingrg/all/function/internal_message.html?_=1708646522152&CODE_STATE=getMsg HTTP/1.1" 200 27
116.232.194.112 - - [23/Feb/2024:08:02:10 +0800] "GET /xingrg/all/function/internal_message.html?_=1708646505236&CODE_STATE=getMsg HTTP/1.1" 200 27
116.228.172.94 - - [23/Feb/2024:08:02:12 +0800] "GET /xingrg/all/function/internal_message.html?_=1708646319122&CODE_STATE=getMsg HTTP/1.1" 302 -
116.238.97.31 - - [23/Feb/2024:08:02:24 +0800] "GET /xingrg/all/function/internal_message.html?_=1708646545132&CODE_STATE=getMsg HTTP/1.1" 200 27
120.253.135.82 - - [23/Feb/2024:08:02:25 +0800] "GET /xingrg/all/function/internal_message.html?_=1708646379145&CODE_STATE=getMsg HTTP/1.1" 200 27
124.78.67.200 - - [23/Feb/2024:08:02:29 +0800] "GET /xingrg/all/function/internal_message.html?_=1708646549949&CODE_STATE=getMsg HTTP/1.1" 200 27
124.78.67.200 - - [23/Feb/2024:08:02:29 +0800] "GET /xingrg/check_reg.html?_=1708646549953 HTTP/1.1" 200 22
218.79.28.144 - - [23/Feb/2024:08:02:42 +0800] "GET /xingrg/all/function/internal_message.html?_=1708646569064&CODE_STATE=getMsg HTTP/1.1" 200 27
116.224.254.208 - - [23/Feb/2024:08:02:53 +0800] "GET /xingrg/all/function/internal_message.html?_=1708646574089&CODE_STATE=getMsg HTTP/1.1" 200 27
116.232.194.112 - - [23/Feb/2024:08:02:53 +0800] "GET /xingrg/all/function/internal_message.html?_=1708646548586&CODE_STATE=getMsg HTTP/1.1" 200 27
58.40.7.146 - - [23/Feb/2024:08:03:00 +0800] "GET /xingrg/all/function/internal_message.html?_=1708646580038&CODE_STATE=getMsg HTTP/1.1" 200 27
116.232.194.112 - - [23/Feb/2024:08:03:02 +0800] "GET /xingrg/all/function/internal_message.html?_=1708646557123&CODE_STATE=getMsg HTTP/1.1" 200 27
221.239.172.101 - - [23/Feb/2024:08:03:03 +0800] "GET /xingrg/all/function/internal_message.html?_=1708646582156&CODE_STATE=getMsg HTTP/1.1" 200 27
116.232.194.112 - - [23/Feb/2024:08:03:10 +0800] "GET /xingrg/all/function/internal_message.html?_=1708646565240&CODE_STATE=getMsg HTTP/1.1" 200 27
116.228.172.94 - - [23/Feb/2024:08:03:12 +0800] "GET /xingrg/all/function/internal_message.html?_=1708646379119&CODE_STATE=getMsg HTTP/1.1" 302 -
116.238.97.31 - - [23/Feb/2024:08:03:24 +0800] "GET /xingrg/all/function/internal_message.html?_=1708646605142&CODE_STATE=getMsg HTTP/1.1" 200 27
116.238.97.31 - - [23/Feb/2024:08:03:24 +0800] "GET /xingrg/check_reg.html?_=1708646605148 HTTP/1.1" 200 22
120.253.135.82 - - [23/Feb/2024:08:03:25 +0800] "GET /xingrg/all/function/internal_message.html?_=1708646439247&CODE_STATE=getMsg HTTP/1.1" 200 27
124.78.67.200 - - [23/Feb/2024:08:03:29 +0800] "GET /xingrg/all/function/internal_message.html?_=1708646609951&CODE_STATE=getMsg HTTP/1.1" 200 27
218.79.28.144 - - [23/Feb/2024:08:03:42 +0800] "GET /xingrg/all/function/internal_message.html?_=1708646629068&CODE_STATE=getMsg HTTP/1.1" 200 27
120.253.135.82 - - [23/Feb/2024:08:03:44 +0800] "GET /xingrg/check_reg.html?_=1708646457972 HTTP/1.1" 200 22
116.224.254.208 - - [23/Feb/2024:08:03:53 +0800] "GET /xingrg/all/function/internal_message.html?_=1708646634061&CODE_STATE=getMsg HTTP/1.1" 200 27
116.232.194.112 - - [23/Feb/2024:08:03:53 +0800] "GET /xingrg/all/function/internal_message.html?_=1708646608577&CODE_STATE=getMsg HTTP/1.1" 200 27
58.40.7.146 - - [23/Feb/2024:08:04:00 +0800] "GET /xingrg/all/function/internal_message.html?_=1708646640025&CODE_STATE=getMsg HTTP/1.1" 200 27
116.232.194.112 - - [23/Feb/2024:08:04:02 +0800] "GET /xingrg/all/function/internal_message.html?_=1708646617096&CODE_STATE=getMsg HTTP/1.1" 200 27
221.239.172.101 - - [23/Feb/2024:08:04:03 +0800] "GET /xingrg/check_reg.html?_=1708646642151 HTTP/1.1" 200 22
221.239.172.101 - - [23/Feb/2024:08:04:03 +0800] "GET /xingrg/all/function/internal_message.html?_=1708646642156&CODE_STATE=getMsg HTTP/1.1" 200 27
116.232.194.112 - - [23/Feb/2024:08:04:10 +0800] "GET /xingrg/all/function/internal_message.html?_=1708646625241&CODE_STATE=getMsg HTTP/1.1" 200 27
116.232.194.112 - - [23/Feb/2024:08:04:10 +0800] "GET /xingrg/check_reg.html?_=1708646625242 HTTP/1.1" 200 22
116.228.172.94 - - [23/Feb/2024:08:04:12 +0800] "GET /xingrg/all/function/internal_message.html?_=1708646439126&CODE_STATE=getMsg HTTP/1.1" 302 -
116.232.194.112 - - [23/Feb/2024:08:04:15 +0800] "GET /xingrg/check_reg.html?_=1708646630625 HTTP/1.1" 200 22
116.238.97.31 - - [23/Feb/2024:08:04:24 +0800] "GET /xingrg/all/function/internal_message.html?_=1708646665140&CODE_STATE=getMsg HTTP/1.1" 200 27
120.253.135.82 - - [23/Feb/2024:08:04:25 +0800] "GET /xingrg/all/function/internal_message.html?_=1708646499250&CODE_STATE=getMsg HTTP/1.1" 200 27
124.78.67.200 - - [23/Feb/2024:08:04:29 +0800] "GET /xingrg/all/function/internal_message.html?_=1708646669949&CODE_STATE=getMsg HTTP/1.1" 200 27
114.83.221.124 - - [23/Feb/2024:08:04:37 +0800] "POST /xingrg/services/DataTransmitService HTTP/1.1" 200 524
218.79.28.144 - - [23/Feb/2024:08:04:42 +0800] "GET /xingrg/all/function/internal_message.html?_=1708646689069&CODE_STATE=getMsg HTTP/1.1" 200 27
116.224.254.208 - - [23/Feb/2024:08:04:53 +0800] "GET /xingrg/all/function/internal_message.html?_=1708646694035&CODE_STATE=getMsg HTTP/1.1" 200 27
116.224.254.208 - - [23/Feb/2024:08:04:53 +0800] "GET /xingrg/check_reg.html?_=1708646694158 HTTP/1.1" 200 22
116.232.194.112 - - [23/Feb/2024:08:04:53 +0800] "GET /xingrg/all/function/internal_message.html?_=1708646668586&CODE_STATE=getMsg HTTP/1.1" 200 27
101.83.145.37 - - [23/Feb/2024:08:04:59 +0800] "POST /xingrg/services/DataTransmitService HTTP/1.1" 200 524
58.40.7.146 - - [23/Feb/2024:08:05:00 +0800] "GET /xingrg/all/function/internal_message.html?_=1708646700026&CODE_STATE=getMsg HTTP/1.1" 200 27
116.232.194.112 - - [23/Feb/2024:08:05:02 +0800] "GET /xingrg/all/function/internal_message.html?_=1708646677069&CODE_STATE=getMsg HTTP/1.1" 200 27
221.239.172.101 - - [23/Feb/2024:08:05:03 +0800] "GET /xingrg/all/function/internal_message.html?_=1708646702149&CODE_STATE=getMsg HTTP/1.1" 200 27
116.232.194.112 - - [23/Feb/2024:08:05:10 +0800] "GET /xingrg/all/function/internal_message.html?_=1708646685240&CODE_STATE=getMsg HTTP/1.1" 200 27
116.228.172.94 - - [23/Feb/2024:08:05:12 +0800] "GET /xingrg/all/function/internal_message.html?_=1708646499119&CODE_STATE=getMsg HTTP/1.1" 302 -
116.228.172.94 - - [23/Feb/2024:08:05:12 +0800] "GET /xingrg/check_reg.html?_=1708646499120 HTTP/1.1" 302 -
116.238.97.31 - - [23/Feb/2024:08:05:24 +0800] "GET /xingrg/all/function/internal_message.html?_=1708646725152&CODE_STATE=getMsg HTTP/1.1" 200 27
120.253.135.82 - - [23/Feb/2024:08:05:25 +0800] "GET /xingrg/all/function/internal_message.html?_=1708646559264&CODE_STATE=getMsg HTTP/1.1" 200 27
124.78.67.200 - - [23/Feb/2024:08:05:29 +0800] "GET /xingrg/all/function/internal_message.html?_=1708646729949&CODE_STATE=getMsg HTTP/1.1" 200 27
218.79.28.144 - - [23/Feb/2024:08:05:42 +0800] "GET /xingrg/all/function/internal_message.html?_=1708646749073&CODE_STATE=getMsg HTTP/1.1" 200 27
218.79.28.144 - - [23/Feb/2024:08:05:42 +0800] "GET /xingrg/check_reg.html?_=1708646749079 HTTP/1.1" 200 22
116.224.254.208 - - [23/Feb/2024:08:05:53 +0800] "GET /xingrg/all/function/internal_message.html?_=1708646754021&CODE_STATE=getMsg HTTP/1.1" 200 27
116.232.194.112 - - [23/Feb/2024:08:05:53 +0800] "GET /xingrg/all/function/internal_message.html?_=1708646728588&CODE_STATE=getMsg HTTP/1.1" 200 27
58.40.7.146 - - [23/Feb/2024:08:06:00 +0800] "GET /xingrg/all/function/internal_message.html?_=1708646760028&CODE_STATE=getMsg HTTP/1.1" 200 27
116.232.194.112 - - [23/Feb/2024:08:06:02 +0800] "GET /xingrg/all/function/internal_message.html?_=1708646737049&CODE_STATE=getMsg HTTP/1.1" 200 27
221.239.172.101 - - [23/Feb/2024:08:06:03 +0800] "GET /xingrg/all/function/internal_message.html?_=1708646762148&CODE_STATE=getMsg HTTP/1.1" 200 27
116.232.194.112 - - [23/Feb/2024:08:06:10 +0800] "GET /xingrg/all/function/internal_message.html?_=1708646745239&CODE_STATE=getMsg HTTP/1.1" 200 27
116.228.172.94 - - [23/Feb/2024:08:06:12 +0800] "GET /xingrg/all/function/internal_message.html?_=1708646559109&CODE_STATE=getMsg HTTP/1.1" 302 -
116.238.97.31 - - [23/Feb/2024:08:06:24 +0800] "GET /xingrg/all/function/internal_message.html?_=1708646785150&CODE_STATE=getMsg HTTP/1.1" 200 27
120.253.135.82 - - [23/Feb/2024:08:06:25 +0800] "GET /xingrg/all/function/internal_message.html?_=1708646619367&CODE_STATE=getMsg HTTP/1.1" 200 27
124.78.67.200 - - [23/Feb/2024:08:06:29 +0800] "GET /xingrg/all/function/internal_message.html?_=1708646789948&CODE_STATE=getMsg HTTP/1.1" 200 27
116.232.194.112 - - [23/Feb/2024:08:06:37 +0800] "GET /xingrg/check_reg.html?_=1708646772812 HTTP/1.1" 200 22
218.79.28.144 - - [23/Feb/2024:08:06:42 +0800] "GET /xingrg/all/function/internal_message.html?_=1708646809065&CODE_STATE=getMsg HTTP/1.1" 200 27
116.224.254.208 - - [23/Feb/2024:08:06:53 +0800] "GET /xingrg/all/function/internal_message.html?_=1708646814005&CODE_STATE=getMsg HTTP/1.1" 200 27
116.232.194.112 - - [23/Feb/2024:08:06:53 +0800] "GET /xingrg/check_reg.html?_=1708646788580 HTTP/1.1" 200 22
116.232.194.112 - - [23/Feb/2024:08:06:53 +0800] "GET /xingrg/all/function/internal_message.html?_=1708646788582&CODE_STATE=getMsg HTTP/1.1" 200 27
58.40.7.146 - - [23/Feb/2024:08:07:00 +0800] "GET /xingrg/all/function/internal_message.html?_=1708646820031&CODE_STATE=getMsg HTTP/1.1" 200 27
58.40.7.146 - - [23/Feb/2024:08:07:00 +0800] "GET /xingrg/check_reg.html?_=1708646820033 HTTP/1.1" 200 22
116.232.194.112 - - [23/Feb/2024:08:07:02 +0800] "GET /xingrg/all/function/internal_message.html?_=1708646797037&CODE_STATE=getMsg HTTP/1.1" 200 27
221.239.172.101 - - [23/Feb/2024:08:07:03 +0800] "GET /xingrg/all/function/internal_message.html?_=1708646822148&CODE_STATE=getMsg HTTP/1.1" 200 27
116.232.194.112 - - [23/Feb/2024:08:07:10 +0800] "GET /xingrg/all/function/internal_message.html?_=1708646805229&CODE_STATE=getMsg HTTP/1.1" 200 27
116.228.172.94 - - [23/Feb/2024:08:07:12 +0800] "GET /xingrg/all/function/internal_message.html?_=1708646619120&CODE_STATE=getMsg HTTP/1.1" 302 -
116.238.97.31 - - [23/Feb/2024:08:07:24 +0800] "GET /xingrg/all/function/internal_message.html?_=1708646845145&CODE_STATE=getMsg HTTP/1.1" 200 27
120.253.135.82 - - [23/Feb/2024:08:07:25 +0800] "GET /xingrg/all/function/internal_message.html?_=1708646679369&CODE_STATE=getMsg HTTP/1.1" 200 27
124.78.67.200 - - [23/Feb/2024:08:07:29 +0800] "GET /xingrg/all/function/internal_message.html?_=1708646849948&CODE_STATE=getMsg HTTP/1.1" 200 27
124.78.67.200 - - [23/Feb/2024:08:07:29 +0800] "GET /xingrg/check_reg.html?_=1708646849952 HTTP/1.1" 200 22
218.79.28.144 - - [23/Feb/2024:08:07:42 +0800] "GET /xingrg/all/function/internal_message.html?_=1708646869072&CODE_STATE=getMsg HTTP/1.1" 200 27
116.224.254.208 - - [23/Feb/2024:08:07:53 +0800] "GET /xingrg/all/function/internal_message.html?_=1708646873988&CODE_STATE=getMsg HTTP/1.1" 200 27
116.232.194.112 - - [23/Feb/2024:08:07:53 +0800] "GET /xingrg/all/function/internal_message.html?_=1708646848578&CODE_STATE=getMsg HTTP/1.1" 200 27
58.40.7.146 - - [23/Feb/2024:08:08:00 +0800] "GET /xingrg/all/function/internal_message.html?_=1708646880034&CODE_STATE=getMsg HTTP/1.1" 200 27
116.232.194.112 - - [23/Feb/2024:08:08:02 +0800] "GET /xingrg/all/function/internal_message.html?_=1708646857020&CODE_STATE=getMsg HTTP/1.1" 200 27
221.239.172.101 - - [23/Feb/2024:08:08:03 +0800] "GET /xingrg/all/function/internal_message.html?_=1708646882148&CODE_STATE=getMsg HTTP/1.1" 200 27
116.232.194.112 - - [23/Feb/2024:08:08:10 +0800] "GET /xingrg/all/function/internal_message.html?_=1708646865237&CODE_STATE=getMsg HTTP/1.1" 200 27
116.228.172.94 - - [23/Feb/2024:08:08:12 +0800] "GET /xingrg/all/function/internal_message.html?_=1708646679108&CODE_STATE=getMsg HTTP/1.1" 302 -
116.238.97.31 - - [23/Feb/2024:08:08:24 +0800] "GET /xingrg/all/function/internal_message.html?_=1708646905145&CODE_STATE=getMsg HTTP/1.1" 200 27
116.238.97.31 - - [23/Feb/2024:08:08:24 +0800] "GET /xingrg/check_reg.html?_=1708646905147 HTTP/1.1" 200 22
120.253.135.82 - - [23/Feb/2024:08:08:25 +0800] "GET /xingrg/all/function/internal_message.html?_=1708646739466&CODE_STATE=getMsg HTTP/1.1" 200 27
124.78.67.200 - - [23/Feb/2024:08:08:29 +0800] "GET /xingrg/all/function/internal_message.html?_=1708646909948&CODE_STATE=getMsg HTTP/1.1" 200 27
180.164.1.25 - - [23/Feb/2024:08:08:41 +0800] "POST /xingrg/services/DataTransmitService HTTP/1.1" 200 524
218.79.28.144 - - [23/Feb/2024:08:08:42 +0800] "GET /xingrg/all/function/internal_message.html?_=1708646929075&CODE_STATE=getMsg HTTP/1.1" 200 27
120.253.135.82 - - [23/Feb/2024:08:08:43 +0800] "POST /xingrg/kc/pszx/mdps_list_operate.html HTTP/1.1" 200 1692
120.253.135.82 - - [23/Feb/2024:08:08:44 +0800] "GET /xingrg/check_reg.html?_=1708646757977 HTTP/1.1" 200 22
120.253.135.82 - - [23/Feb/2024:08:08:44 +0800] "POST /xingrg/kc/pszx/mdps_list_operate.html HTTP/1.1" 200 212
120.253.135.82 - - [23/Feb/2024:08:08:46 +0800] "GET /xingrg/kc/pszx/mdps_order_info.html?code=312024022000250 HTTP/1.1" 200 23978
120.253.135.82 - - [23/Feb/2024:08:08:46 +0800] "GET /xingrg/javascript/easyui/themes/default/validatebox.css HTTP/1.1" 404 1104
120.253.135.82 - - [23/Feb/2024:08:08:47 +0800] "POST /xingrg/kc/pszx/mdps_order_operate.html HTTP/1.1" 200 2296
116.224.254.208 - - [23/Feb/2024:08:08:53 +0800] "GET /xingrg/all/function/internal_message.html?_=1708646933962&CODE_STATE=getMsg HTTP/1.1" 200 27
116.232.194.112 - - [23/Feb/2024:08:08:53 +0800] "GET /xingrg/all/function/internal_message.html?_=1708646908577&CODE_STATE=getMsg HTTP/1.1" 200 27
120.253.135.82 - - [23/Feb/2024:08:08:57 +0800] "POST /xingrg/kc/pszx/mdps_order_operate.html HTTP/1.1" 200 37
120.253.135.82 - - [23/Feb/2024:08:08:58 +0800] "GET /xingrg/kc/pszx/mdps_order_info.html?code=312024022000250 HTTP/1.1" 200 23978
120.253.135.82 - - [23/Feb/2024:08:08:59 +0800] "GET /xingrg/javascript/easyui/themes/default/validatebox.css HTTP/1.1" 404 1104
120.253.135.82 - - [23/Feb/2024:08:08:59 +0800] "POST /xingrg/kc/pszx/mdps_order_operate.html HTTP/1.1" 200 2296
58.40.7.146 - - [23/Feb/2024:08:09:00 +0800] "GET /xingrg/all/function/internal_message.html?_=1708646940036&CODE_STATE=getMsg HTTP/1.1" 200 27
116.232.194.112 - - [23/Feb/2024:08:09:02 +0800] "GET /xingrg/all/function/internal_message.html?_=1708646917010&CODE_STATE=getMsg HTTP/1.1" 200 27
221.239.172.101 - - [23/Feb/2024:08:09:03 +0800] "GET /xingrg/all/function/internal_message.html?_=1708646942162&CODE_STATE=getMsg HTTP/1.1" 200 27
221.239.172.101 - - [23/Feb/2024:08:09:03 +0800] "GET /xingrg/check_reg.html?_=1708646942167 HTTP/1.1" 200 22
120.253.135.82 - - [23/Feb/2024:08:09:06 +0800] "POST /xingrg/kc/pszx/mdps_order_operate.html HTTP/1.1" 200 37
120.253.135.82 - - [23/Feb/2024:08:09:07 +0800] "GET /xingrg/kc/pszx/mdps_order_info.html?code=312024022000250 HTTP/1.1" 200 23978
120.253.135.82 - - [23/Feb/2024:08:09:08 +0800] "GET /xingrg/javascript/easyui/themes/default/validatebox.css HTTP/1.1" 404 1104
120.253.135.82 - - [23/Feb/2024:08:09:08 +0800] "POST /xingrg/kc/pszx/mdps_order_operate.html HTTP/1.1" 200 2296
116.232.194.112 - - [23/Feb/2024:08:09:10 +0800] "GET /xingrg/all/function/internal_message.html?_=1708646925248&CODE_STATE=getMsg HTTP/1.1" 200 27
116.232.194.112 - - [23/Feb/2024:08:09:10 +0800] "GET /xingrg/check_reg.html?_=1708646925253 HTTP/1.1" 200 22
120.253.135.82 - - [23/Feb/2024:08:09:10 +0800] "POST /xingrg/kc/pszx/mdps_list_operate.html HTTP/1.1" 200 1692
120.253.135.82 - - [23/Feb/2024:08:09:12 +0800] "POST /xingrg/kc/pszx/mdps_list_operate.html HTTP/1.1" 200 212
116.228.172.94 - - [23/Feb/2024:08:09:12 +0800] "GET /xingrg/all/function/internal_message.html?_=1708646739112&CODE_STATE=getMsg HTTP/1.1" 302 -
116.232.194.112 - - [23/Feb/2024:08:09:15 +0800] "GET /xingrg/check_reg.html?_=1708646930619 HTTP/1.1" 200 22
120.253.135.82 - - [23/Feb/2024:08:09:18 +0800] "POST /xingrg/kc/pszx/mdps_list_operate.html HTTP/1.1" 200 2054
120.253.135.82 - - [23/Feb/2024:08:09:20 +0800] "POST /xingrg/kc/pszx/mdps_list_operate.html HTTP/1.1" 200 212
120.253.135.82 - - [23/Feb/2024:08:09:22 +0800] "GET /xingrg/kc/pszx/mdps_order_info.html?code=312024022000258 HTTP/1.1" 200 23972
120.253.135.82 - - [23/Feb/2024:08:09:22 +0800] "GET /xingrg/javascript/easyui/themes/default/validatebox.css HTTP/1.1" 404 1104
120.253.135.82 - - [23/Feb/2024:08:09:23 +0800] "POST /xingrg/kc/pszx/mdps_order_operate.html HTTP/1.1" 200 2293
116.238.97.31 - - [23/Feb/2024:08:09:24 +0800] "GET /xingrg/all/function/internal_message.html?_=1708646965136&CODE_STATE=getMsg HTTP/1.1" 200 27
120.253.135.82 - - [23/Feb/2024:08:09:25 +0800] "GET /xingrg/all/function/internal_message.html?_=1708646799474&CODE_STATE=getMsg HTTP/1.1" 200 27
124.78.67.200 - - [23/Feb/2024:08:09:29 +0800] "GET /xingrg/all/function/internal_message.html?_=1708646969947&CODE_STATE=getMsg HTTP/1.1" 200 27
120.253.135.82 - - [23/Feb/2024:08:09:33 +0800] "POST /xingrg/kc/pszx/mdps_order_operate.html HTTP/1.1" 200 37
120.253.135.82 - - [23/Feb/2024:08:09:35 +0800] "GET /xingrg/kc/pszx/mdps_order_info.html?code=312024022000258 HTTP/1.1" 200 23972
120.253.135.82 - - [23/Feb/2024:08:09:36 +0800] "GET /xingrg/javascript/easyui/themes/default/validatebox.css HTTP/1.1" 404 1104
120.253.135.82 - - [23/Feb/2024:08:09:36 +0800] "POST /xingrg/kc/pszx/mdps_order_operate.html HTTP/1.1" 200 2293
120.253.135.82 - - [23/Feb/2024:08:09:37 +0800] "POST /xingrg/kc/pszx/mdps_list_operate.html HTTP/1.1" 200 2054
120.253.135.82 - - [23/Feb/2024:08:09:40 +0800] "POST /xingrg/kc/pszx/mdps_list_operate.html HTTP/1.1" 200 209
120.253.135.82 - - [23/Feb/2024:08:09:41 +0800] "GET /xingrg/kc/pszx/mdps_order_info.html?code=312024022200298 HTTP/1.1" 200 23978
120.253.135.82 - - [23/Feb/2024:08:09:42 +0800] "GET /xingrg/javascript/easyui/themes/default/validatebox.css HTTP/1.1" 404 1104
218.79.28.144 - - [23/Feb/2024:08:09:42 +0800] "GET /xingrg/all/function/internal_message.html?_=1708646989063&CODE_STATE=getMsg HTTP/1.1" 200 27
120.253.135.82 - - [23/Feb/2024:08:09:42 +0800] "POST /xingrg/kc/pszx/mdps_order_operate.html HTTP/1.1" 200 2288
120.253.135.82 - - [23/Feb/2024:08:09:49 +0800] "POST /xingrg/kc/pszx/mdps_order_operate.html HTTP/1.1" 200 37
120.253.135.82 - - [23/Feb/2024:08:09:50 +0800] "GET /xingrg/kc/pszx/mdps_order_info.html?code=312024022200298 HTTP/1.1" 200 23978
120.253.135.82 - - [23/Feb/2024:08:09:51 +0800] "GET /xingrg/javascript/easyui/themes/default/validatebox.css HTTP/1.1" 404 1104
120.253.135.82 - - [23/Feb/2024:08:09:52 +0800] "POST /xingrg/kc/pszx/mdps_order_operate.html HTTP/1.1" 200 2288
116.224.254.208 - - [23/Feb/2024:08:09:53 +0800] "GET /xingrg/all/function/internal_message.html?_=1708646993935&CODE_STATE=getMsg HTTP/1.1" 200 27
116.224.254.208 - - [23/Feb/2024:08:09:53 +0800] "GET /xingrg/check_reg.html?_=1708646994152 HTTP/1.1" 200 22
116.232.194.112 - - [23/Feb/2024:08:09:53 +0800] "GET /xingrg/all/function/internal_message.html?_=1708646968593&CODE_STATE=getMsg HTTP/1.1" 200 27
58.40.7.146 - - [23/Feb/2024:08:10:00 +0800] "GET /xingrg/all/function/internal_message.html?_=1708647000022&CODE_STATE=getMsg HTTP/1.1" 200 27
116.232.194.112 - - [23/Feb/2024:08:10:02 +0800] "GET /xingrg/all/function/internal_message.html?_=1708646976993&CODE_STATE=getMsg HTTP/1.1" 200 27
221.239.172.101 - - [23/Feb/2024:08:10:03 +0800] "GET /xingrg/all/function/internal_message.html?_=1708647002158&CODE_STATE=getMsg HTTP/1.1" 200 27
116.232.194.112 - - [23/Feb/2024:08:10:10 +0800] "GET /xingrg/all/function/internal_message.html?_=1708646985246&CODE_STATE=getMsg HTTP/1.1" 200 27
116.238.97.31 - - [23/Feb/2024:08:10:12 +0800] "GET /xingrg/kc/base/wldb_order_add.html HTTP/1.1" 200 30340
116.238.97.31 - - [23/Feb/2024:08:10:12 +0800] "POST /xingrg/kc/base/wldb_order_operate.html HTTP/1.1" 200 6806
116.238.97.31 - - [23/Feb/2024:08:10:12 +0800] "GET /xingrg/javascript/easyui/themes/default/validatebox.css HTTP/1.1" 404 1104
116.228.172.94 - - [23/Feb/2024:08:10:12 +0800] "GET /xingrg/all/function/internal_message.html?_=1708646799104&CODE_STATE=getMsg HTTP/1.1" 302 -
116.228.172.94 - - [23/Feb/2024:08:10:12 +0800] "GET /xingrg/check_reg.html?_=1708646799106 HTTP/1.1" 302 -
120.253.135.82 - - [23/Feb/2024:08:10:20 +0800] "POST /xingrg/kc/pszx/mdps_list_operate.html HTTP/1.1" 200 2054
116.238.97.31 - - [23/Feb/2024:08:10:24 +0800] "GET /xingrg/all/function/internal_message.html?_=1708647025140&CODE_STATE=getMsg HTTP/1.1" 200 27
120.253.135.82 - - [23/Feb/2024:08:10:25 +0800] "GET /xingrg/all/function/internal_message.html?_=1708646859488&CODE_STATE=getMsg HTTP/1.1" 200 27
124.78.67.200 - - [23/Feb/2024:08:10:29 +0800] "GET /xingrg/all/function/internal_message.html?_=1708647029947&CODE_STATE=getMsg HTTP/1.1" 200 27
218.79.28.144 - - [23/Feb/2024:08:10:42 +0800] "GET /xingrg/all/function/internal_message.html?_=1708647049068&CODE_STATE=getMsg HTTP/1.1" 200 27
218.79.28.144 - - [23/Feb/2024:08:10:42 +0800] "GET /xingrg/check_reg.html?_=1708647049074 HTTP/1.1" 200 22
116.224.254.208 - - [23/Feb/2024:08:10:53 +0800] "GET /xingrg/all/function/internal_message.html?_=1708647053925&CODE_STATE=getMsg HTTP/1.1" 200 27
116.232.194.112 - - [23/Feb/2024:08:10:53 +0800] "GET /xingrg/all/function/internal_message.html?_=1708647028581&CODE_STATE=getMsg HTTP/1.1" 200 27
58.40.7.146 - - [23/Feb/2024:08:11:00 +0800] "GET /xingrg/all/function/internal_message.html?_=1708647060023&CODE_STATE=getMsg HTTP/1.1" 200 27
116.232.194.112 - - [23/Feb/2024:08:11:02 +0800] "GET /xingrg/all/function/internal_message.html?_=1708647036978&CODE_STATE=getMsg HTTP/1.1" 200 27
221.239.172.101 - - [23/Feb/2024:08:11:03 +0800] "GET /xingrg/all/function/internal_message.html?_=1708647062158&CODE_STATE=getMsg HTTP/1.1" 200 27
116.232.194.112 - - [23/Feb/2024:08:11:10 +0800] "GET /xingrg/all/function/internal_message.html?_=1708647045245&CODE_STATE=getMsg HTTP/1.1" 200 27
116.228.172.94 - - [23/Feb/2024:08:11:12 +0800] "GET /xingrg/all/function/internal_message.html?_=1708646859113&CODE_STATE=getMsg HTTP/1.1" 302 -
116.238.97.31 - - [23/Feb/2024:08:11:24 +0800] "GET /xingrg/all/function/internal_message.html?_=1708647085141&CODE_STATE=getMsg HTTP/1.1" 200 27
120.253.135.82 - - [23/Feb/2024:08:11:25 +0800] "GET /xingrg/all/function/internal_message.html?_=1708646919600&CODE_STATE=getMsg HTTP/1.1" 200 27
124.78.67.200 - - [23/Feb/2024:08:11:29 +0800] "GET /xingrg/all/function/internal_message.html?_=1708647089944&CODE_STATE=getMsg HTTP/1.1" 200 27
116.232.194.112 - - [23/Feb/2024:08:11:37 +0800] "GET /xingrg/check_reg.html?_=1708647072792 HTTP/1.1" 200 22
218.79.28.144 - - [23/Feb/2024:08:11:42 +0800] "GET /xingrg/all/function/internal_message.html?_=1708647109076&CODE_STATE=getMsg HTTP/1.1" 200 27
116.224.254.208 - - [23/Feb/2024:08:11:53 +0800] "GET /xingrg/all/function/internal_message.html?_=1708647113901&CODE_STATE=getMsg HTTP/1.1" 200 27
116.232.194.112 - - [23/Feb/2024:08:11:53 +0800] "GET /xingrg/check_reg.html?_=1708647088578 HTTP/1.1" 200 22
116.232.194.112 - - [23/Feb/2024:08:11:53 +0800] "GET /xingrg/all/function/internal_message.html?_=1708647088580&CODE_STATE=getMsg HTTP/1.1" 200 27
58.40.7.146 - - [23/Feb/2024:08:12:00 +0800] "GET /xingrg/all/function/internal_message.html?_=1708647120025&CODE_STATE=getMsg HTTP/1.1" 200 27
58.40.7.146 - - [23/Feb/2024:08:12:00 +0800] "GET /xingrg/check_reg.html?_=1708647120026 HTTP/1.1" 200 22
116.232.194.112 - - [23/Feb/2024:08:12:02 +0800] "GET /xingrg/all/function/internal_message.html?_=1708647096963&CODE_STATE=getMsg HTTP/1.1" 200 27
221.239.172.101 - - [23/Feb/2024:08:12:03 +0800] "GET /xingrg/all/function/internal_message.html?_=1708647122162&CODE_STATE=getMsg HTTP/1.1" 200 27
116.232.194.112 - - [23/Feb/2024:08:12:10 +0800] "GET /xingrg/all/function/internal_message.html?_=1708647105237&CODE_STATE=getMsg HTTP/1.1" 200 27
116.228.172.94 - - [23/Feb/2024:08:12:12 +0800] "GET /xingrg/all/function/internal_message.html?_=1708646919109&CODE_STATE=getMsg HTTP/1.1" 302 -
116.238.97.31 - - [23/Feb/2024:08:12:24 +0800] "GET /xingrg/all/function/internal_message.html?_=1708647145150&CODE_STATE=getMsg HTTP/1.1" 200 27
120.253.135.82 - - [23/Feb/2024:08:12:25 +0800] "GET /xingrg/all/function/internal_message.html?_=1708646979608&CODE_STATE=getMsg HTTP/1.1" 200 27
124.78.67.200 - - [23/Feb/2024:08:12:29 +0800] "GET /xingrg/all/function/internal_message.html?_=1708647149945&CODE_STATE=getMsg HTTP/1.1" 200 27
124.78.67.200 - - [23/Feb/2024:08:12:29 +0800] "GET /xingrg/check_reg.html?_=1708647149949 HTTP/1.1" 200 22
101.83.145.37 - - [23/Feb/2024:08:12:38 +0800] "POST /xingrg/services/DataTransmitService HTTP/1.1" 200 524
