218.79.28.144 - - [23/Feb/2024:06:52:42 +0800] "GET /xingrg/all/function/internal_message.html?_=1708642369019&CODE_STATE=getMsg HTTP/1.1" 200 27
116.230.123.222 - - [23/Feb/2024:06:52:53 +0800] "GET /xingrg/check_reg.html?_=1708642370294 HTTP/1.1" 200 22
116.232.194.112 - - [23/Feb/2024:06:52:53 +0800] "GET /xingrg/all/function/internal_message.html?_=1708642348584&CODE_STATE=getMsg HTTP/1.1" 200 27
58.40.7.146 - - [23/Feb/2024:06:53:00 +0800] "GET /xingrg/all/function/internal_message.html?_=1708642380035&CODE_STATE=getMsg HTTP/1.1" 200 27
120.253.135.82 - - [23/Feb/2024:06:53:00 +0800] "GET /xingrg/all/function/internal_message.html?_=1708642214337&CODE_STATE=getMsg HTTP/1.1" 200 27
221.239.172.101 - - [23/Feb/2024:06:53:02 +0800] "GET /xingrg/all/function/internal_message.html?_=1708642382055&CODE_STATE=getMsg HTTP/1.1" 200 27
116.232.194.112 - - [23/Feb/2024:06:53:03 +0800] "GET /xingrg/all/function/internal_message.html?_=1708642358401&CODE_STATE=getMsg HTTP/1.1" 200 27
116.232.194.112 - - [23/Feb/2024:06:53:10 +0800] "GET /xingrg/all/function/internal_message.html?_=1708642365234&CODE_STATE=getMsg HTTP/1.1" 200 27
116.228.172.94 - - [23/Feb/2024:06:53:12 +0800] "GET /xingrg/all/function/internal_message.html?_=1708642179119&CODE_STATE=getMsg HTTP/1.1" 302 -
222.70.241.57 - - [23/Feb/2024:06:53:23 +0800] "GET /xingrg/kc/base/wldb_order_list.html HTTP/1.1" 200 19019
222.70.241.57 - - [23/Feb/2024:06:53:23 +0800] "POST /xingrg/kc/base/wldb_list_operate.html HTTP/1.1" 200 928
222.70.241.57 - - [23/Feb/2024:06:53:26 +0800] "GET /xingrg/kc/base/wldb_order_add.html HTTP/1.1" 200 30350
222.70.241.57 - - [23/Feb/2024:06:53:27 +0800] "POST /xingrg/kc/base/wldb_order_operate.html HTTP/1.1" 200 6806
222.70.241.57 - - [23/Feb/2024:06:53:27 +0800] "GET /xingrg/all/common/auto_word.html?type=base&rest_code=00146 HTTP/1.1" 200 1799
222.70.241.57 - - [23/Feb/2024:06:53:27 +0800] "GET /xingrg/all/common/auto_word.html?type=base&rest_code=00146 HTTP/1.1" 200 1799
222.70.241.57 - - [23/Feb/2024:06:53:27 +0800] "GET /xingrg/javascript/easyui/themes/default/validatebox.css HTTP/1.1" 404 1104
124.78.67.200 - - [23/Feb/2024:06:53:29 +0800] "GET /xingrg/all/function/internal_message.html?_=1708642409989&CODE_STATE=getMsg HTTP/1.1" 200 27
116.230.123.222 - - [23/Feb/2024:06:53:34 +0800] "GET /xingrg/all/function/internal_message.html?_=1708642411855&CODE_STATE=getMsg HTTP/1.1" 200 27
116.224.254.208 - - [23/Feb/2024:06:53:37 +0800] "GET /xingrg/all/function/internal_message.html?_=1708642417775&CODE_STATE=getMsg HTTP/1.1" 200 27
218.79.28.144 - - [23/Feb/2024:06:53:42 +0800] "GET /xingrg/all/function/internal_message.html?_=1708642429019&CODE_STATE=getMsg HTTP/1.1" 200 27
222.70.241.57 - - [23/Feb/2024:06:53:43 +0800] "GET /xingrg/kc/base/wldb_order_operate.html?command=get_materiel&rest_code=00146&base_code=0010063&code=00101019133 HTTP/1.1" 200 480
120.253.135.82 - - [23/Feb/2024:06:53:44 +0800] "GET /xingrg/check_reg.html?_=1708642257739 HTTP/1.1" 200 22
222.70.241.57 - - [23/Feb/2024:06:53:49 +0800] "GET /xingrg/kc/base/wldb_order_operate.html?command=get_materiel&rest_code=00146&base_code=0010063&code=00101019400 HTTP/1.1" 200 465
116.232.194.112 - - [23/Feb/2024:06:53:53 +0800] "GET /xingrg/all/function/internal_message.html?_=1708642408581&CODE_STATE=getMsg HTTP/1.1" 200 27
222.70.241.57 - - [23/Feb/2024:06:53:58 +0800] "GET /xingrg/kc/base/wldb_order_operate.html?command=get_materiel&rest_code=00146&base_code=0010063&code=00101019496 HTTP/1.1" 200 471
58.40.7.146 - - [23/Feb/2024:06:54:00 +0800] "GET /xingrg/all/function/internal_message.html?_=1708642440021&CODE_STATE=getMsg HTTP/1.1" 200 27
120.253.135.82 - - [23/Feb/2024:06:54:00 +0800] "GET /xingrg/all/function/internal_message.html?_=1708642274354&CODE_STATE=getMsg HTTP/1.1" 200 27
221.239.172.101 - - [23/Feb/2024:06:54:02 +0800] "GET /xingrg/all/function/internal_message.html?_=1708642442056&CODE_STATE=getMsg HTTP/1.1" 200 27
221.239.172.101 - - [23/Feb/2024:06:54:02 +0800] "GET /xingrg/check_reg.html?_=1708642442073 HTTP/1.1" 200 22
116.232.194.112 - - [23/Feb/2024:06:54:03 +0800] "GET /xingrg/all/function/internal_message.html?_=1708642418372&CODE_STATE=getMsg HTTP/1.1" 200 27
116.232.194.112 - - [23/Feb/2024:06:54:10 +0800] "GET /xingrg/all/function/internal_message.html?_=1708642425242&CODE_STATE=getMsg HTTP/1.1" 200 27
116.232.194.112 - - [23/Feb/2024:06:54:10 +0800] "GET /xingrg/check_reg.html?_=1708642425247 HTTP/1.1" 200 22
116.228.172.94 - - [23/Feb/2024:06:54:12 +0800] "GET /xingrg/all/function/internal_message.html?_=1708642239118&CODE_STATE=getMsg HTTP/1.1" 302 -
222.70.241.57 - - [23/Feb/2024:06:54:14 +0800] "GET /xingrg/kc/base/wldb_order_operate.html?command=get_materiel&rest_code=00146&base_code=0010063&code=00101016094 HTTP/1.1" 200 470
116.232.194.112 - - [23/Feb/2024:06:54:15 +0800] "GET /xingrg/check_reg.html?_=1708642430626 HTTP/1.1" 200 22
222.70.241.57 - - [23/Feb/2024:06:54:22 +0800] "GET /xingrg/kc/base/wldb_order_operate.html?command=get_materiel&rest_code=00146&base_code=0010063&code=00101016020 HTTP/1.1" 200 447
124.78.67.200 - - [23/Feb/2024:06:54:29 +0800] "GET /xingrg/all/function/internal_message.html?_=1708642469987&CODE_STATE=getMsg HTTP/1.1" 200 27
116.230.123.222 - - [23/Feb/2024:06:54:34 +0800] "GET /xingrg/all/function/internal_message.html?_=1708642471844&CODE_STATE=getMsg HTTP/1.1" 200 27
116.224.254.208 - - [23/Feb/2024:06:54:37 +0800] "GET /xingrg/all/function/internal_message.html?_=1708642477764&CODE_STATE=getMsg HTTP/1.1" 200 27
218.79.28.144 - - [23/Feb/2024:06:54:42 +0800] "GET /xingrg/all/function/internal_message.html?_=1708642489019&CODE_STATE=getMsg HTTP/1.1" 200 27
222.70.241.57 - - [23/Feb/2024:06:54:47 +0800] "GET /xingrg/kc/base/wldb_order_operate.html?command=get_materiel&rest_code=00146&base_code=0010063&code=00101013225 HTTP/1.1" 200 449
116.232.194.112 - - [23/Feb/2024:06:54:53 +0800] "GET /xingrg/all/function/internal_message.html?_=1708642468581&CODE_STATE=getMsg HTTP/1.1" 200 27
58.40.7.146 - - [23/Feb/2024:06:55:00 +0800] "GET /xingrg/all/function/internal_message.html?_=1708642500024&CODE_STATE=getMsg HTTP/1.1" 200 27
120.253.135.82 - - [23/Feb/2024:06:55:00 +0800] "GET /xingrg/all/function/internal_message.html?_=1708642334374&CODE_STATE=getMsg HTTP/1.1" 200 27
221.239.172.101 - - [23/Feb/2024:06:55:02 +0800] "GET /xingrg/all/function/internal_message.html?_=1708642502061&CODE_STATE=getMsg HTTP/1.1" 200 27
116.232.194.112 - - [23/Feb/2024:06:55:03 +0800] "GET /xingrg/all/function/internal_message.html?_=1708642478357&CODE_STATE=getMsg HTTP/1.1" 200 27
222.70.241.57 - - [23/Feb/2024:06:55:06 +0800] "POST /xingrg/kc/base/wldb_order_operate.html HTTP/1.1" 200 37
116.232.194.112 - - [23/Feb/2024:06:55:10 +0800] "GET /xingrg/all/function/internal_message.html?_=1708642485248&CODE_STATE=getMsg HTTP/1.1" 200 27
222.70.241.57 - - [23/Feb/2024:06:55:11 +0800] "POST /xingrg/kc/base/wldb_order_operate.html HTTP/1.1" 200 12
222.70.241.57 - - [23/Feb/2024:06:55:11 +0800] "POST /xingrg/kc/base/wldb_order_operate.html HTTP/1.1" 200 4690
116.228.172.94 - - [23/Feb/2024:06:55:12 +0800] "GET /xingrg/check_reg.html?_=1708642299105 HTTP/1.1" 302 -
116.228.172.94 - - [23/Feb/2024:06:55:12 +0800] "GET /xingrg/all/function/internal_message.html?_=1708642299107&CODE_STATE=getMsg HTTP/1.1" 302 -
222.70.241.57 - - [23/Feb/2024:06:55:14 +0800] "GET /xingrg/kc/base/wldb_order_info.html?code=422024022301801 HTTP/1.1" 200 26229
222.70.241.57 - - [23/Feb/2024:06:55:15 +0800] "GET /xingrg/javascript/easyui/themes/default/validatebox.css HTTP/1.1" 404 1104
222.70.241.57 - - [23/Feb/2024:06:55:15 +0800] "POST /xingrg/kc/base/wldb_order_operate.html HTTP/1.1" 200 2927
124.78.67.200 - - [23/Feb/2024:06:55:29 +0800] "GET /xingrg/all/function/internal_message.html?_=1708642529986&CODE_STATE=getMsg HTTP/1.1" 200 27
116.230.123.222 - - [23/Feb/2024:06:55:34 +0800] "GET /xingrg/all/function/internal_message.html?_=1708642531815&CODE_STATE=getMsg HTTP/1.1" 200 27
116.224.254.208 - - [23/Feb/2024:06:55:37 +0800] "GET /xingrg/all/function/internal_message.html?_=1708642537776&CODE_STATE=getMsg HTTP/1.1" 200 27
218.79.28.144 - - [23/Feb/2024:06:55:42 +0800] "GET /xingrg/all/function/internal_message.html?_=1708642549022&CODE_STATE=getMsg HTTP/1.1" 200 27
218.79.28.144 - - [23/Feb/2024:06:55:42 +0800] "GET /xingrg/check_reg.html?_=1708642549025 HTTP/1.1" 200 22
222.70.241.57 - - [23/Feb/2024:06:55:50 +0800] "GET /xingrg/kc/base/wldb_order_add.html HTTP/1.1" 200 30350
222.70.241.57 - - [23/Feb/2024:06:55:51 +0800] "POST /xingrg/kc/base/wldb_order_operate.html HTTP/1.1" 200 6806
222.70.241.57 - - [23/Feb/2024:06:55:51 +0800] "GET /xingrg/javascript/easyui/themes/default/validatebox.css HTTP/1.1" 404 1104
116.232.194.112 - - [23/Feb/2024:06:55:53 +0800] "GET /xingrg/all/function/internal_message.html?_=1708642528571&CODE_STATE=getMsg HTTP/1.1" 200 27
58.40.7.146 - - [23/Feb/2024:06:56:00 +0800] "GET /xingrg/all/function/internal_message.html?_=1708642560026&CODE_STATE=getMsg HTTP/1.1" 200 27
120.253.135.82 - - [23/Feb/2024:06:56:00 +0800] "GET /xingrg/all/function/internal_message.html?_=1708642394478&CODE_STATE=getMsg HTTP/1.1" 200 27
221.239.172.101 - - [23/Feb/2024:06:56:02 +0800] "GET /xingrg/all/function/internal_message.html?_=1708642562069&CODE_STATE=getMsg HTTP/1.1" 200 27
116.232.194.112 - - [23/Feb/2024:06:56:03 +0800] "GET /xingrg/all/function/internal_message.html?_=1708642538336&CODE_STATE=getMsg HTTP/1.1" 200 27
222.70.241.57 - - [23/Feb/2024:06:56:10 +0800] "GET /xingrg/kc/base/wldb_order_operate.html?command=get_materiel&rest_code=00146&base_code=0010063&code=00101019199 HTTP/1.1" 200 473
116.232.194.112 - - [23/Feb/2024:06:56:10 +0800] "GET /xingrg/all/function/internal_message.html?_=1708642545240&CODE_STATE=getMsg HTTP/1.1" 200 27
116.228.172.94 - - [23/Feb/2024:06:56:12 +0800] "GET /xingrg/all/function/internal_message.html?_=1708642359126&CODE_STATE=getMsg HTTP/1.1" 302 -
222.70.241.57 - - [23/Feb/2024:06:56:19 +0800] "GET /xingrg/kc/base/wldb_order_operate.html?command=get_materiel&rest_code=00146&base_code=0010063&code=00101019257 HTTP/1.1" 200 478
222.70.241.57 - - [23/Feb/2024:06:56:22 +0800] "GET /xingrg/check_reg.html?_=1708642599291 HTTP/1.1" 200 22
124.78.67.200 - - [23/Feb/2024:06:56:29 +0800] "GET /xingrg/all/function/internal_message.html?_=1708642589987&CODE_STATE=getMsg HTTP/1.1" 200 27
116.230.123.222 - - [23/Feb/2024:06:56:34 +0800] "GET /xingrg/all/function/internal_message.html?_=1708642591785&CODE_STATE=getMsg HTTP/1.1" 200 27
116.224.254.208 - - [23/Feb/2024:06:56:37 +0800] "GET /xingrg/check_reg.html?_=1708642597773 HTTP/1.1" 200 22
116.224.254.208 - - [23/Feb/2024:06:56:37 +0800] "GET /xingrg/all/function/internal_message.html?_=1708642597775&CODE_STATE=getMsg HTTP/1.1" 200 27
116.232.194.112 - - [23/Feb/2024:06:56:38 +0800] "GET /xingrg/check_reg.html?_=1708642573009 HTTP/1.1" 200 22
218.79.28.144 - - [23/Feb/2024:06:56:42 +0800] "GET /xingrg/all/function/internal_message.html?_=1708642609028&CODE_STATE=getMsg HTTP/1.1" 200 27
222.70.241.57 - - [23/Feb/2024:06:56:43 +0800] "GET /xingrg/kc/base/wldb_order_operate.html?command=get_materiel&rest_code=00146&base_code=0010063&code=00101019258 HTTP/1.1" 200 483
116.232.194.112 - - [23/Feb/2024:06:56:53 +0800] "GET /xingrg/all/function/internal_message.html?_=1708642588579&CODE_STATE=getMsg HTTP/1.1" 200 27
116.232.194.112 - - [23/Feb/2024:06:56:53 +0800] "GET /xingrg/check_reg.html?_=1708642588581 HTTP/1.1" 200 22
58.40.7.146 - - [23/Feb/2024:06:57:00 +0800] "GET /xingrg/all/function/internal_message.html?_=1708642620034&CODE_STATE=getMsg HTTP/1.1" 200 27
58.40.7.146 - - [23/Feb/2024:06:57:00 +0800] "GET /xingrg/check_reg.html?_=1708642620036 HTTP/1.1" 200 22
120.253.135.82 - - [23/Feb/2024:06:57:00 +0800] "GET /xingrg/all/function/internal_message.html?_=1708642454487&CODE_STATE=getMsg HTTP/1.1" 200 27
221.239.172.101 - - [23/Feb/2024:06:57:02 +0800] "GET /xingrg/all/function/internal_message.html?_=1708642622072&CODE_STATE=getMsg HTTP/1.1" 200 27
116.232.194.112 - - [23/Feb/2024:06:57:03 +0800] "GET /xingrg/all/function/internal_message.html?_=1708642598329&CODE_STATE=getMsg HTTP/1.1" 200 27
222.70.241.57 - - [23/Feb/2024:06:57:08 +0800] "POST /xingrg/kc/base/wldb_order_operate.html HTTP/1.1" 200 37
116.232.194.112 - - [23/Feb/2024:06:57:10 +0800] "GET /xingrg/all/function/internal_message.html?_=1708642605233&CODE_STATE=getMsg HTTP/1.1" 200 27
116.228.172.94 - - [23/Feb/2024:06:57:12 +0800] "GET /xingrg/all/function/internal_message.html?_=1708642419109&CODE_STATE=getMsg HTTP/1.1" 302 -
222.70.241.57 - - [23/Feb/2024:06:57:14 +0800] "POST /xingrg/kc/base/wldb_order_operate.html HTTP/1.1" 200 12
222.70.241.57 - - [23/Feb/2024:06:57:14 +0800] "POST /xingrg/kc/base/wldb_order_operate.html HTTP/1.1" 200 2728
222.70.241.57 - - [23/Feb/2024:06:57:16 +0800] "GET /xingrg/kc/base/wldb_order_info.html?code=422024022301802 HTTP/1.1" 200 26228
222.70.241.57 - - [23/Feb/2024:06:57:17 +0800] "GET /xingrg/javascript/easyui/themes/default/validatebox.css HTTP/1.1" 404 1104
222.70.241.57 - - [23/Feb/2024:06:57:17 +0800] "POST /xingrg/kc/base/wldb_order_operate.html HTTP/1.1" 200 1011
222.70.241.57 - - [23/Feb/2024:06:57:19 +0800] "GET /xingrg/kc/base/wldb_order_add.html HTTP/1.1" 200 30350
222.70.241.57 - - [23/Feb/2024:06:57:20 +0800] "POST /xingrg/kc/base/wldb_order_operate.html HTTP/1.1" 200 6806
222.70.241.57 - - [23/Feb/2024:06:57:20 +0800] "GET /xingrg/javascript/easyui/themes/default/validatebox.css HTTP/1.1" 404 1104
124.78.67.200 - - [23/Feb/2024:06:57:29 +0800] "GET /xingrg/all/function/internal_message.html?_=1708642649988&CODE_STATE=getMsg HTTP/1.1" 200 27
124.78.67.200 - - [23/Feb/2024:06:57:29 +0800] "GET /xingrg/check_reg.html?_=1708642649991 HTTP/1.1" 200 22
116.230.123.222 - - [23/Feb/2024:06:57:34 +0800] "GET /xingrg/all/function/internal_message.html?_=1708642651755&CODE_STATE=getMsg HTTP/1.1" 200 27
116.224.254.208 - - [23/Feb/2024:06:57:37 +0800] "GET /xingrg/all/function/internal_message.html?_=1708642657763&CODE_STATE=getMsg HTTP/1.1" 200 27
218.79.28.144 - - [23/Feb/2024:06:57:42 +0800] "GET /xingrg/all/function/internal_message.html?_=1708642669031&CODE_STATE=getMsg HTTP/1.1" 200 27
116.230.123.222 - - [23/Feb/2024:06:57:53 +0800] "GET /xingrg/check_reg.html?_=1708642670275 HTTP/1.1" 200 22
116.232.194.112 - - [23/Feb/2024:06:57:53 +0800] "GET /xingrg/all/function/internal_message.html?_=1708642648580&CODE_STATE=getMsg HTTP/1.1" 200 27
58.40.7.146 - - [23/Feb/2024:06:58:00 +0800] "GET /xingrg/all/function/internal_message.html?_=1708642680038&CODE_STATE=getMsg HTTP/1.1" 200 27
120.253.135.82 - - [23/Feb/2024:06:58:00 +0800] "GET /xingrg/all/function/internal_message.html?_=1708642514600&CODE_STATE=getMsg HTTP/1.1" 200 27
221.239.172.101 - - [23/Feb/2024:06:58:02 +0800] "GET /xingrg/all/function/internal_message.html?_=1708642682072&CODE_STATE=getMsg HTTP/1.1" 200 27
116.232.194.112 - - [23/Feb/2024:06:58:03 +0800] "GET /xingrg/all/function/internal_message.html?_=1708642658311&CODE_STATE=getMsg HTTP/1.1" 200 27
116.232.194.112 - - [23/Feb/2024:06:58:10 +0800] "GET /xingrg/all/function/internal_message.html?_=1708642665244&CODE_STATE=getMsg HTTP/1.1" 200 27
116.228.172.94 - - [23/Feb/2024:06:58:12 +0800] "GET /xingrg/all/function/internal_message.html?_=1708642479123&CODE_STATE=getMsg HTTP/1.1" 302 -
222.70.241.57 - - [23/Feb/2024:06:58:13 +0800] "GET /xingrg/kc/base/wldb_order_operate.html?command=get_materiel&rest_code=00146&base_code=0010063&code=00101019027 HTTP/1.1" 200 476
222.70.241.57 - - [23/Feb/2024:06:58:26 +0800] "GET /xingrg/kc/base/wldb_order_operate.html?command=get_materiel&rest_code=00146&base_code=0010063&code=00101019450 HTTP/1.1" 200 482
124.78.67.200 - - [23/Feb/2024:06:58:29 +0800] "GET /xingrg/all/function/internal_message.html?_=1708642709973&CODE_STATE=getMsg HTTP/1.1" 200 27
222.70.241.57 - - [23/Feb/2024:06:58:34 +0800] "GET /xingrg/kc/base/wldb_order_operate.html?command=get_materiel&rest_code=00146&base_code=0010063&code=00101019313 HTTP/1.1" 200 457
116.230.123.222 - - [23/Feb/2024:06:58:34 +0800] "GET /xingrg/all/function/internal_message.html?_=1708642711728&CODE_STATE=getMsg HTTP/1.1" 200 27
116.224.254.208 - - [23/Feb/2024:06:58:37 +0800] "GET /xingrg/all/function/internal_message.html?_=1708642717769&CODE_STATE=getMsg HTTP/1.1" 200 27
218.79.28.144 - - [23/Feb/2024:06:58:42 +0800] "GET /xingrg/all/function/internal_message.html?_=1708642729033&CODE_STATE=getMsg HTTP/1.1" 200 27
120.253.135.82 - - [23/Feb/2024:06:58:44 +0800] "GET /xingrg/check_reg.html?_=1708642557744 HTTP/1.1" 200 22
222.70.241.57 - - [23/Feb/2024:06:58:44 +0800] "GET /xingrg/kc/base/wldb_order_operate.html?command=get_materiel&rest_code=00146&base_code=0010063&code=00101019164 HTTP/1.1" 200 466
116.232.194.112 - - [23/Feb/2024:06:58:53 +0800] "GET /xingrg/all/function/internal_message.html?_=1708642708579&CODE_STATE=getMsg HTTP/1.1" 200 27
222.70.241.57 - - [23/Feb/2024:06:58:56 +0800] "POST /xingrg/kc/base/wldb_order_operate.html HTTP/1.1" 200 37
58.40.7.146 - - [23/Feb/2024:06:59:00 +0800] "GET /xingrg/all/function/internal_message.html?_=1708642740024&CODE_STATE=getMsg HTTP/1.1" 200 27
120.253.135.82 - - [23/Feb/2024:06:59:00 +0800] "GET /xingrg/all/function/internal_message.html?_=1708642574634&CODE_STATE=getMsg HTTP/1.1" 200 27
222.70.241.57 - - [23/Feb/2024:06:59:02 +0800] "POST /xingrg/kc/base/wldb_order_operate.html HTTP/1.1" 200 12
222.70.241.57 - - [23/Feb/2024:06:59:02 +0800] "POST /xingrg/kc/base/wldb_order_operate.html HTTP/1.1" 200 3716
221.239.172.101 - - [23/Feb/2024:06:59:02 +0800] "GET /xingrg/all/function/internal_message.html?_=1708642742073&CODE_STATE=getMsg HTTP/1.1" 200 27
221.239.172.101 - - [23/Feb/2024:06:59:02 +0800] "GET /xingrg/check_reg.html?_=1708642742077 HTTP/1.1" 200 22
116.232.194.112 - - [23/Feb/2024:06:59:03 +0800] "GET /xingrg/all/function/internal_message.html?_=1708642718285&CODE_STATE=getMsg HTTP/1.1" 200 27
222.70.241.57 - - [23/Feb/2024:06:59:05 +0800] "GET /xingrg/kc/base/wldb_order_info.html?code=422024022301803 HTTP/1.1" 200 26229
222.70.241.57 - - [23/Feb/2024:06:59:06 +0800] "GET /xingrg/javascript/easyui/themes/default/validatebox.css HTTP/1.1" 404 1104
222.70.241.57 - - [23/Feb/2024:06:59:06 +0800] "POST /xingrg/kc/base/wldb_order_operate.html HTTP/1.1" 200 1977
116.232.194.112 - - [23/Feb/2024:06:59:10 +0800] "GET /xingrg/all/function/internal_message.html?_=1708642725238&CODE_STATE=getMsg HTTP/1.1" 200 27
116.232.194.112 - - [23/Feb/2024:06:59:10 +0800] "GET /xingrg/check_reg.html?_=1708642725245 HTTP/1.1" 200 22
222.70.241.57 - - [23/Feb/2024:06:59:11 +0800] "GET /xingrg/kc/base/wldb_order_add.html HTTP/1.1" 200 30350
222.70.241.57 - - [23/Feb/2024:06:59:12 +0800] "POST /xingrg/kc/base/wldb_order_operate.html HTTP/1.1" 200 6806
116.228.172.94 - - [23/Feb/2024:06:59:12 +0800] "GET /xingrg/all/function/internal_message.html?_=1708642539109&CODE_STATE=getMsg HTTP/1.1" 302 -
222.70.241.57 - - [23/Feb/2024:06:59:12 +0800] "GET /xingrg/javascript/easyui/themes/default/validatebox.css HTTP/1.1" 404 1104
116.232.194.112 - - [23/Feb/2024:06:59:15 +0800] "GET /xingrg/check_reg.html?_=1708642730608 HTTP/1.1" 200 22
124.78.67.200 - - [23/Feb/2024:06:59:29 +0800] "GET /xingrg/all/function/internal_message.html?_=1708642769986&CODE_STATE=getMsg HTTP/1.1" 200 27
116.230.123.222 - - [23/Feb/2024:06:59:34 +0800] "GET /xingrg/all/function/internal_message.html?_=1708642771738&CODE_STATE=getMsg HTTP/1.1" 200 27
222.70.241.57 - - [23/Feb/2024:06:59:35 +0800] "GET /xingrg/kc/base/wldb_order_operate.html?command=get_materiel&rest_code=00146&base_code=0010064&code=00102002138 HTTP/1.1" 200 434
116.224.254.208 - - [23/Feb/2024:06:59:37 +0800] "GET /xingrg/all/function/internal_message.html?_=1708642777763&CODE_STATE=getMsg HTTP/1.1" 200 27
218.79.28.144 - - [23/Feb/2024:06:59:42 +0800] "GET /xingrg/all/function/internal_message.html?_=1708642789036&CODE_STATE=getMsg HTTP/1.1" 200 27
222.70.241.57 - - [23/Feb/2024:06:59:44 +0800] "POST /xingrg/kc/base/wldb_order_operate.html HTTP/1.1" 200 37
222.70.241.57 - - [23/Feb/2024:06:59:49 +0800] "POST /xingrg/kc/base/wldb_order_operate.html HTTP/1.1" 200 12
222.70.241.57 - - [23/Feb/2024:06:59:49 +0800] "POST /xingrg/kc/base/wldb_order_operate.html HTTP/1.1" 200 2180
116.232.194.112 - - [23/Feb/2024:06:59:53 +0800] "GET /xingrg/all/function/internal_message.html?_=1708642768579&CODE_STATE=getMsg HTTP/1.1" 200 27
222.70.241.57 - - [23/Feb/2024:06:59:53 +0800] "GET /xingrg/kc/base/wldb_order_info.html?code=422024022301804 HTTP/1.1" 200 26227
222.70.241.57 - - [23/Feb/2024:06:59:54 +0800] "GET /xingrg/javascript/easyui/themes/default/validatebox.css HTTP/1.1" 404 1104
222.70.241.57 - - [23/Feb/2024:06:59:54 +0800] "POST /xingrg/kc/base/wldb_order_operate.html HTTP/1.1" 200 475
58.40.7.146 - - [23/Feb/2024:07:00:00 +0800] "GET /xingrg/all/function/internal_message.html?_=1708642800027&CODE_STATE=getMsg HTTP/1.1" 200 27
120.253.135.82 - - [23/Feb/2024:07:00:00 +0800] "GET /xingrg/all/function/internal_message.html?_=1708642634646&CODE_STATE=getMsg HTTP/1.1" 200 27
221.239.172.101 - - [23/Feb/2024:07:00:02 +0800] "GET /xingrg/all/function/internal_message.html?_=1708642802079&CODE_STATE=getMsg HTTP/1.1" 200 27
116.232.194.112 - - [23/Feb/2024:07:00:03 +0800] "GET /xingrg/all/function/internal_message.html?_=1708642778267&CODE_STATE=getMsg HTTP/1.1" 200 27
116.232.194.112 - - [23/Feb/2024:07:00:10 +0800] "GET /xingrg/all/function/internal_message.html?_=1708642785234&CODE_STATE=getMsg HTTP/1.1" 200 27
116.228.172.94 - - [23/Feb/2024:07:00:12 +0800] "GET /xingrg/check_reg.html?_=1708642599122 HTTP/1.1" 302 -
116.228.172.94 - - [23/Feb/2024:07:00:12 +0800] "GET /xingrg/all/function/internal_message.html?_=1708642599123&CODE_STATE=getMsg HTTP/1.1" 302 -
124.78.67.200 - - [23/Feb/2024:07:00:29 +0800] "GET /xingrg/all/function/internal_message.html?_=1708642829987&CODE_STATE=getMsg HTTP/1.1" 200 27
116.230.123.222 - - [23/Feb/2024:07:00:34 +0800] "GET /xingrg/all/function/internal_message.html?_=1708642831721&CODE_STATE=getMsg HTTP/1.1" 200 27
116.224.254.208 - - [23/Feb/2024:07:00:37 +0800] "GET /xingrg/all/function/internal_message.html?_=1708642837769&CODE_STATE=getMsg HTTP/1.1" 200 27
218.79.28.144 - - [23/Feb/2024:07:00:42 +0800] "GET /xingrg/all/function/internal_message.html?_=1708642849041&CODE_STATE=getMsg HTTP/1.1" 200 27
218.79.28.144 - - [23/Feb/2024:07:00:42 +0800] "GET /xingrg/check_reg.html?_=1708642849038 HTTP/1.1" 200 22
116.232.194.112 - - [23/Feb/2024:07:00:53 +0800] "GET /xingrg/all/function/internal_message.html?_=1708642828596&CODE_STATE=getMsg HTTP/1.1" 200 27
58.40.7.146 - - [23/Feb/2024:07:01:00 +0800] "GET /xingrg/all/function/internal_message.html?_=1708642860029&CODE_STATE=getMsg HTTP/1.1" 200 27
120.253.135.82 - - [23/Feb/2024:07:01:01 +0800] "GET /xingrg/all/function/internal_message.html?_=1708642694770&CODE_STATE=getMsg HTTP/1.1" 200 27
221.239.172.101 - - [23/Feb/2024:07:01:02 +0800] "GET /xingrg/all/function/internal_message.html?_=1708642862065&CODE_STATE=getMsg HTTP/1.1" 200 27
116.232.194.112 - - [23/Feb/2024:07:01:03 +0800] "GET /xingrg/all/function/internal_message.html?_=1708642838250&CODE_STATE=getMsg HTTP/1.1" 200 27
116.232.194.112 - - [23/Feb/2024:07:01:10 +0800] "GET /xingrg/all/function/internal_message.html?_=1708642845242&CODE_STATE=getMsg HTTP/1.1" 200 27
116.228.172.94 - - [23/Feb/2024:07:01:12 +0800] "GET /xingrg/all/function/internal_message.html?_=1708642659111&CODE_STATE=getMsg HTTP/1.1" 302 -
124.78.67.200 - - [23/Feb/2024:07:01:29 +0800] "GET /xingrg/all/function/internal_message.html?_=1708642889985&CODE_STATE=getMsg HTTP/1.1" 200 27
116.224.254.208 - - [23/Feb/2024:07:01:37 +0800] "GET /xingrg/all/function/internal_message.html?_=1708642897776&CODE_STATE=getMsg HTTP/1.1" 200 27
116.224.254.208 - - [23/Feb/2024:07:01:37 +0800] "GET /xingrg/check_reg.html?_=1708642897779 HTTP/1.1" 200 22
116.232.194.112 - - [23/Feb/2024:07:01:38 +0800] "GET /xingrg/check_reg.html?_=1708642872995 HTTP/1.1" 200 22
218.79.28.144 - - [23/Feb/2024:07:01:42 +0800] "GET /xingrg/all/function/internal_message.html?_=1708642909027&CODE_STATE=getMsg HTTP/1.1" 200 27
116.232.194.112 - - [23/Feb/2024:07:01:53 +0800] "GET /xingrg/check_reg.html?_=1708642888568 HTTP/1.1" 200 22
116.232.194.112 - - [23/Feb/2024:07:01:53 +0800] "GET /xingrg/all/function/internal_message.html?_=1708642888573&CODE_STATE=getMsg HTTP/1.1" 200 27
58.40.7.146 - - [23/Feb/2024:07:02:00 +0800] "GET /xingrg/all/function/internal_message.html?_=1708642920033&CODE_STATE=getMsg HTTP/1.1" 200 27
58.40.7.146 - - [23/Feb/2024:07:02:00 +0800] "GET /xingrg/check_reg.html?_=1708642920035 HTTP/1.1" 200 22
120.253.135.82 - - [23/Feb/2024:07:02:01 +0800] "GET /xingrg/all/function/internal_message.html?_=1708642754773&CODE_STATE=getMsg HTTP/1.1" 200 27
221.239.172.101 - - [23/Feb/2024:07:02:02 +0800] "GET /xingrg/all/function/internal_message.html?_=1708642922065&CODE_STATE=getMsg HTTP/1.1" 200 27
116.232.194.112 - - [23/Feb/2024:07:02:03 +0800] "GET /xingrg/all/function/internal_message.html?_=1708642898228&CODE_STATE=getMsg HTTP/1.1" 200 27
116.232.194.112 - - [23/Feb/2024:07:02:10 +0800] "GET /xingrg/all/function/internal_message.html?_=1708642905238&CODE_STATE=getMsg HTTP/1.1" 200 27
116.228.172.94 - - [23/Feb/2024:07:02:12 +0800] "GET /xingrg/all/function/internal_message.html?_=1708642719111&CODE_STATE=getMsg HTTP/1.1" 302 -
124.78.67.200 - - [23/Feb/2024:07:02:29 +0800] "GET /xingrg/all/function/internal_message.html?_=1708642949986&CODE_STATE=getMsg HTTP/1.1" 200 27
124.78.67.200 - - [23/Feb/2024:07:02:29 +0800] "GET /xingrg/check_reg.html?_=1708642949989 HTTP/1.1" 200 22
116.224.254.208 - - [23/Feb/2024:07:02:37 +0800] "GET /xingrg/all/function/internal_message.html?_=1708642957766&CODE_STATE=getMsg HTTP/1.1" 200 27
218.79.28.144 - - [23/Feb/2024:07:02:42 +0800] "GET /xingrg/all/function/internal_message.html?_=1708642969029&CODE_STATE=getMsg HTTP/1.1" 200 27
116.232.194.112 - - [23/Feb/2024:07:02:53 +0800] "GET /xingrg/all/function/internal_message.html?_=1708642948590&CODE_STATE=getMsg HTTP/1.1" 200 27
58.40.7.146 - - [23/Feb/2024:07:03:00 +0800] "GET /xingrg/all/function/internal_message.html?_=1708642980037&CODE_STATE=getMsg HTTP/1.1" 200 27
120.253.135.82 - - [23/Feb/2024:07:03:01 +0800] "GET /xingrg/all/function/internal_message.html?_=1708642814888&CODE_STATE=getMsg HTTP/1.1" 200 27
221.239.172.101 - - [23/Feb/2024:07:03:02 +0800] "GET /xingrg/all/function/internal_message.html?_=1708642982068&CODE_STATE=getMsg HTTP/1.1" 200 27
116.232.194.112 - - [23/Feb/2024:07:03:03 +0800] "GET /xingrg/all/function/internal_message.html?_=1708642958207&CODE_STATE=getMsg HTTP/1.1" 200 27
116.232.194.112 - - [23/Feb/2024:07:03:10 +0800] "GET /xingrg/all/function/internal_message.html?_=1708642965241&CODE_STATE=getMsg HTTP/1.1" 200 27
116.228.172.94 - - [23/Feb/2024:07:03:12 +0800] "GET /xingrg/all/function/internal_message.html?_=1708642779101&CODE_STATE=getMsg HTTP/1.1" 302 -
124.78.67.200 - - [23/Feb/2024:07:03:29 +0800] "GET /xingrg/all/function/internal_message.html?_=1708643009969&CODE_STATE=getMsg HTTP/1.1" 200 27
116.224.254.208 - - [23/Feb/2024:07:03:37 +0800] "GET /xingrg/all/function/internal_message.html?_=1708643017776&CODE_STATE=getMsg HTTP/1.1" 200 27
218.79.28.144 - - [23/Feb/2024:07:03:42 +0800] "GET /xingrg/all/function/internal_message.html?_=1708643029030&CODE_STATE=getMsg HTTP/1.1" 200 27
120.253.135.82 - - [23/Feb/2024:07:03:44 +0800] "GET /xingrg/check_reg.html?_=1708642857753 HTTP/1.1" 200 22
116.232.194.112 - - [23/Feb/2024:07:03:53 +0800] "GET /xingrg/all/function/internal_message.html?_=1708643008585&CODE_STATE=getMsg HTTP/1.1" 200 27
58.40.7.146 - - [23/Feb/2024:07:04:00 +0800] "GET /xingrg/all/function/internal_message.html?_=1708643040040&CODE_STATE=getMsg HTTP/1.1" 200 27
120.253.135.82 - - [23/Feb/2024:07:04:01 +0800] "GET /xingrg/all/function/internal_message.html?_=1708642874912&CODE_STATE=getMsg HTTP/1.1" 200 27
221.239.172.101 - - [23/Feb/2024:07:04:03 +0800] "GET /xingrg/check_reg.html?_=1708643042120 HTTP/1.1" 200 22
221.239.172.101 - - [23/Feb/2024:07:04:03 +0800] "GET /xingrg/all/function/internal_message.html?_=1708643042082&CODE_STATE=getMsg HTTP/1.1" 200 27
116.232.194.112 - - [23/Feb/2024:07:04:03 +0800] "GET /xingrg/all/function/internal_message.html?_=1708643018193&CODE_STATE=getMsg HTTP/1.1" 200 27
116.232.194.112 - - [23/Feb/2024:07:04:10 +0800] "GET /xingrg/all/function/internal_message.html?_=1708643025239&CODE_STATE=getMsg HTTP/1.1" 200 27
116.232.194.112 - - [23/Feb/2024:07:04:10 +0800] "GET /xingrg/check_reg.html?_=1708643025242 HTTP/1.1" 200 22
116.228.172.94 - - [23/Feb/2024:07:04:12 +0800] "GET /xingrg/all/function/internal_message.html?_=1708642839118&CODE_STATE=getMsg HTTP/1.1" 302 -
116.232.194.112 - - [23/Feb/2024:07:04:15 +0800] "GET /xingrg/check_reg.html?_=1708643030620 HTTP/1.1" 200 22
124.78.67.200 - - [23/Feb/2024:07:04:29 +0800] "GET /xingrg/all/function/internal_message.html?_=1708643069985&CODE_STATE=getMsg HTTP/1.1" 200 27
116.224.254.208 - - [23/Feb/2024:07:04:37 +0800] "GET /xingrg/all/function/internal_message.html?_=1708643077772&CODE_STATE=getMsg HTTP/1.1" 200 27
218.79.28.144 - - [23/Feb/2024:07:04:42 +0800] "GET /xingrg/all/function/internal_message.html?_=1708643089031&CODE_STATE=getMsg HTTP/1.1" 200 27
116.232.194.112 - - [23/Feb/2024:07:04:53 +0800] "GET /xingrg/all/function/internal_message.html?_=1708643068580&CODE_STATE=getMsg HTTP/1.1" 200 27
58.40.7.146 - - [23/Feb/2024:07:05:00 +0800] "GET /xingrg/all/function/internal_message.html?_=1708643100026&CODE_STATE=getMsg HTTP/1.1" 200 27
120.253.135.82 - - [23/Feb/2024:07:05:01 +0800] "GET /xingrg/all/function/internal_message.html?_=1708642934926&CODE_STATE=getMsg HTTP/1.1" 200 27
221.239.172.101 - - [23/Feb/2024:07:05:02 +0800] "GET /xingrg/all/function/internal_message.html?_=1708643102073&CODE_STATE=getMsg HTTP/1.1" 200 27
116.232.194.112 - - [23/Feb/2024:07:05:03 +0800] "GET /xingrg/all/function/internal_message.html?_=1708643078177&CODE_STATE=getMsg HTTP/1.1" 200 27
116.232.194.112 - - [23/Feb/2024:07:05:10 +0800] "GET /xingrg/all/function/internal_message.html?_=1708643085241&CODE_STATE=getMsg HTTP/1.1" 200 27
116.228.172.94 - - [23/Feb/2024:07:05:12 +0800] "GET /xingrg/all/function/internal_message.html?_=1708642899118&CODE_STATE=getMsg HTTP/1.1" 302 -
116.228.172.94 - - [23/Feb/2024:07:05:12 +0800] "GET /xingrg/check_reg.html?_=1708642899120 HTTP/1.1" 302 -
124.78.67.200 - - [23/Feb/2024:07:05:29 +0800] "GET /xingrg/all/function/internal_message.html?_=1708643129984&CODE_STATE=getMsg HTTP/1.1" 200 27
116.224.254.208 - - [23/Feb/2024:07:05:37 +0800] "GET /xingrg/all/function/internal_message.html?_=1708643137766&CODE_STATE=getMsg HTTP/1.1" 200 27
218.79.28.144 - - [23/Feb/2024:07:05:42 +0800] "GET /xingrg/all/function/internal_message.html?_=1708643149034&CODE_STATE=getMsg HTTP/1.1" 200 27
218.79.28.144 - - [23/Feb/2024:07:05:42 +0800] "GET /xingrg/check_reg.html?_=1708643149038 HTTP/1.1" 200 22
116.232.194.112 - - [23/Feb/2024:07:05:53 +0800] "GET /xingrg/all/function/internal_message.html?_=1708643128575&CODE_STATE=getMsg HTTP/1.1" 200 27
58.40.7.146 - - [23/Feb/2024:07:06:00 +0800] "GET /xingrg/all/function/internal_message.html?_=1708643160028&CODE_STATE=getMsg HTTP/1.1" 200 27
120.253.135.82 - - [23/Feb/2024:07:06:01 +0800] "GET /xingrg/all/function/internal_message.html?_=1708642995054&CODE_STATE=getMsg HTTP/1.1" 200 27
221.239.172.101 - - [23/Feb/2024:07:06:02 +0800] "GET /xingrg/all/function/internal_message.html?_=1708643162072&CODE_STATE=getMsg HTTP/1.1" 200 27
116.232.194.112 - - [23/Feb/2024:07:06:03 +0800] "GET /xingrg/all/function/internal_message.html?_=1708643138162&CODE_STATE=getMsg HTTP/1.1" 200 27
116.232.194.112 - - [23/Feb/2024:07:06:10 +0800] "GET /xingrg/all/function/internal_message.html?_=1708643145237&CODE_STATE=getMsg HTTP/1.1" 200 27
116.228.172.94 - - [23/Feb/2024:07:06:12 +0800] "GET /xingrg/all/function/internal_message.html?_=1708642959108&CODE_STATE=getMsg HTTP/1.1" 302 -
124.78.67.200 - - [23/Feb/2024:07:06:29 +0800] "GET /xingrg/all/function/internal_message.html?_=1708643189987&CODE_STATE=getMsg HTTP/1.1" 200 27
116.224.254.208 - - [23/Feb/2024:07:06:37 +0800] "GET /xingrg/all/function/internal_message.html?_=1708643197770&CODE_STATE=getMsg HTTP/1.1" 200 27
116.224.254.208 - - [23/Feb/2024:07:06:37 +0800] "GET /xingrg/check_reg.html?_=1708643197771 HTTP/1.1" 200 22
116.232.194.112 - - [23/Feb/2024:07:06:38 +0800] "GET /xingrg/check_reg.html?_=1708643172992 HTTP/1.1" 200 22
218.79.28.144 - - [23/Feb/2024:07:06:42 +0800] "GET /xingrg/all/function/internal_message.html?_=1708643209037&CODE_STATE=getMsg HTTP/1.1" 200 27
116.232.194.112 - - [23/Feb/2024:07:06:53 +0800] "GET /xingrg/check_reg.html?_=1708643188578 HTTP/1.1" 200 22
116.232.194.112 - - [23/Feb/2024:07:06:53 +0800] "GET /xingrg/all/function/internal_message.html?_=1708643188580&CODE_STATE=getMsg HTTP/1.1" 200 27
58.40.7.146 - - [23/Feb/2024:07:07:00 +0800] "GET /xingrg/all/function/internal_message.html?_=1708643220031&CODE_STATE=getMsg HTTP/1.1" 200 27
58.40.7.146 - - [23/Feb/2024:07:07:00 +0800] "GET /xingrg/check_reg.html?_=1708643220033 HTTP/1.1" 200 22
120.253.135.82 - - [23/Feb/2024:07:07:01 +0800] "GET /xingrg/all/function/internal_message.html?_=1708643055064&CODE_STATE=getMsg HTTP/1.1" 200 27
221.239.172.101 - - [23/Feb/2024:07:07:02 +0800] "GET /xingrg/all/function/internal_message.html?_=1708643222077&CODE_STATE=getMsg HTTP/1.1" 200 27
116.232.194.112 - - [23/Feb/2024:07:07:03 +0800] "GET /xingrg/all/function/internal_message.html?_=1708643198165&CODE_STATE=getMsg HTTP/1.1" 200 27
116.232.194.112 - - [23/Feb/2024:07:07:10 +0800] "GET /xingrg/all/function/internal_message.html?_=1708643205250&CODE_STATE=getMsg HTTP/1.1" 200 27
116.228.172.94 - - [23/Feb/2024:07:07:12 +0800] "GET /xingrg/all/function/internal_message.html?_=1708643019121&CODE_STATE=getMsg HTTP/1.1" 302 -
124.78.67.200 - - [23/Feb/2024:07:07:29 +0800] "GET /xingrg/all/function/internal_message.html?_=1708643249966&CODE_STATE=getMsg HTTP/1.1" 200 27
124.78.67.200 - - [23/Feb/2024:07:07:29 +0800] "GET /xingrg/check_reg.html?_=1708643249970 HTTP/1.1" 200 22
120.253.135.82 - - [23/Feb/2024:07:07:37 +0800] "POST /xingrg/kc/pszx/mdps_list_operate.html HTTP/1.1" 200 2826
116.224.254.208 - - [23/Feb/2024:07:07:37 +0800] "GET /xingrg/all/function/internal_message.html?_=1708643257767&CODE_STATE=getMsg HTTP/1.1" 200 27
120.253.135.82 - - [23/Feb/2024:07:07:40 +0800] "GET /xingrg/javascript/easyui/plugins/jquery.draggable.js HTTP/1.1" 304 -
120.253.135.82 - - [23/Feb/2024:07:07:40 +0800] "GET /xingrg/javascript/easyui/plugins/jquery.droppable.js HTTP/1.1" 304 -
120.253.135.82 - - [23/Feb/2024:07:07:40 +0800] "GET /xingrg/javascript/easyui/themes/default/tree.css HTTP/1.1" 404 1090
120.253.135.82 - - [23/Feb/2024:07:07:40 +0800] "GET /xingrg/javascript/easyui/plugins/jquery.tree.js HTTP/1.1" 304 -
120.253.135.82 - - [23/Feb/2024:07:07:40 +0800] "POST /xingrg/all/common/load_tree.html?tree=area_rest_tree_json HTTP/1.1" 200 3624
120.253.135.82 - - [23/Feb/2024:07:07:40 +0800] "GET /xingrg/javascript/easyui/themes/default/images/tree_arrows.gif HTTP/1.1" 304 -
120.253.135.82 - - [23/Feb/2024:07:07:40 +0800] "GET /xingrg/javascript/easyui/themes/default/images/tree_checkbox_0.gif HTTP/1.1" 304 -
120.253.135.82 - - [23/Feb/2024:07:07:40 +0800] "GET /xingrg/javascript/easyui/themes/default/images/tree_checkbox_1.gif HTTP/1.1" 304 -
120.253.135.82 - - [23/Feb/2024:07:07:40 +0800] "GET /xingrg/javascript/easyui/themes/default/images/tree_checkbox_2.gif HTTP/1.1" 304 -
120.253.135.82 - - [23/Feb/2024:07:07:40 +0800] "GET /xingrg/javascript/easyui/themes/default/images/tree_folder_open.gif HTTP/1.1" 304 -
120.253.135.82 - - [23/Feb/2024:07:07:40 +0800] "GET /xingrg/javascript/easyui/themes/icons/area.png HTTP/1.1" 304 -
120.253.135.82 - - [23/Feb/2024:07:07:40 +0800] "GET /xingrg/javascript/easyui/themes/icons/manage.png HTTP/1.1" 304 -
120.253.135.82 - - [23/Feb/2024:07:07:40 +0800] "GET /xingrg/javascript/easyui/themes/icons/rest.png HTTP/1.1" 304 -
218.79.28.144 - - [23/Feb/2024:07:07:42 +0800] "GET /xingrg/all/function/internal_message.html?_=1708643269039&CODE_STATE=getMsg HTTP/1.1" 200 27
116.232.194.112 - - [23/Feb/2024:07:07:53 +0800] "GET /xingrg/all/function/internal_message.html?_=1708643248591&CODE_STATE=getMsg HTTP/1.1" 200 27
58.40.7.146 - - [23/Feb/2024:07:08:00 +0800] "GET /xingrg/all/function/internal_message.html?_=1708643280036&CODE_STATE=getMsg HTTP/1.1" 200 27
120.253.135.82 - - [23/Feb/2024:07:08:01 +0800] "GET /xingrg/all/function/internal_message.html?_=1708643115093&CODE_STATE=getMsg HTTP/1.1" 200 27
120.253.135.82 - - [23/Feb/2024:07:08:02 +0800] "POST /xingrg/kc/pszx/mdps_list_operate.html HTTP/1.1" 200 3172
221.239.172.101 - - [23/Feb/2024:07:08:02 +0800] "GET /xingrg/all/function/internal_message.html?_=1708643282077&CODE_STATE=getMsg HTTP/1.1" 200 27
116.232.194.112 - - [23/Feb/2024:07:08:03 +0800] "GET /xingrg/all/function/internal_message.html?_=1708643258141&CODE_STATE=getMsg HTTP/1.1" 200 27
120.253.135.82 - - [23/Feb/2024:07:08:04 +0800] "POST /xingrg/kc/pszx/mdps_list_operate.html HTTP/1.1" 200 212
120.253.135.82 - - [23/Feb/2024:07:08:05 +0800] "GET /xingrg/kc/pszx/mdps_order_info.html?code=312024022300303 HTTP/1.1" 200 23978
120.253.135.82 - - [23/Feb/2024:07:08:06 +0800] "GET /xingrg/javascript/easyui/themes/default/validatebox.css HTTP/1.1" 404 1104
120.253.135.82 - - [23/Feb/2024:07:08:06 +0800] "POST /xingrg/kc/pszx/mdps_order_operate.html HTTP/1.1" 200 2298
120.253.135.82 - - [23/Feb/2024:07:08:09 +0800] "GET /xingrg/kc/print/load_data.html?order_code=312024022300303&kc_code=mdps&condition= HTTP/1.1" 200 690
116.232.194.112 - - [23/Feb/2024:07:08:10 +0800] "GET /xingrg/all/function/internal_message.html?_=1708643265251&CODE_STATE=getMsg HTTP/1.1" 200 27
116.228.172.94 - - [23/Feb/2024:07:08:12 +0800] "GET /xingrg/all/function/internal_message.html?_=1708643079119&CODE_STATE=getMsg HTTP/1.1" 302 -
124.78.67.200 - - [23/Feb/2024:07:08:29 +0800] "GET /xingrg/all/function/internal_message.html?_=1708643309981&CODE_STATE=getMsg HTTP/1.1" 200 27
116.224.254.208 - - [23/Feb/2024:07:08:37 +0800] "GET /xingrg/all/function/internal_message.html?_=1708643317781&CODE_STATE=getMsg HTTP/1.1" 200 27
218.79.28.144 - - [23/Feb/2024:07:08:42 +0800] "GET /xingrg/all/function/internal_message.html?_=1708643329042&CODE_STATE=getMsg HTTP/1.1" 200 27
120.253.135.82 - - [23/Feb/2024:07:08:44 +0800] "GET /xingrg/check_reg.html?_=1708643157755 HTTP/1.1" 200 22
116.232.194.112 - - [23/Feb/2024:07:08:53 +0800] "GET /xingrg/all/function/internal_message.html?_=1708643308590&CODE_STATE=getMsg HTTP/1.1" 200 27
58.40.7.146 - - [23/Feb/2024:07:09:00 +0800] "GET /xingrg/all/function/internal_message.html?_=1708643340038&CODE_STATE=getMsg HTTP/1.1" 200 27
120.253.135.82 - - [23/Feb/2024:07:09:01 +0800] "GET /xingrg/all/function/internal_message.html?_=1708643175106&CODE_STATE=getMsg HTTP/1.1" 200 27
221.239.172.101 - - [23/Feb/2024:07:09:02 +0800] "GET /xingrg/all/function/internal_message.html?_=1708643342078&CODE_STATE=getMsg HTTP/1.1" 200 27
221.239.172.101 - - [23/Feb/2024:07:09:02 +0800] "GET /xingrg/check_reg.html?_=1708643342124 HTTP/1.1" 200 22
116.232.194.112 - - [23/Feb/2024:07:09:03 +0800] "GET /xingrg/all/function/internal_message.html?_=1708643318124&CODE_STATE=getMsg HTTP/1.1" 200 27
120.253.135.82 - - [23/Feb/2024:07:09:09 +0800] "POST /xingrg/kc/pszx/mdps_list_operate.html HTTP/1.1" 200 3172
116.232.194.112 - - [23/Feb/2024:07:09:10 +0800] "GET /xingrg/check_reg.html?_=1708643325249 HTTP/1.1" 200 22
116.232.194.112 - - [23/Feb/2024:07:09:10 +0800] "GET /xingrg/all/function/internal_message.html?_=1708643325251&CODE_STATE=getMsg HTTP/1.1" 200 27
120.253.135.82 - - [23/Feb/2024:07:09:12 +0800] "GET /xingrg/kc/report/report_main.html HTTP/1.1" 200 8599
116.228.172.94 - - [23/Feb/2024:07:09:12 +0800] "GET /xingrg/all/function/internal_message.html?_=1708643139115&CODE_STATE=getMsg HTTP/1.1" 302 -
120.253.135.82 - - [23/Feb/2024:07:09:14 +0800] "GET /xingrg/kc/base/kc_stocks.html HTTP/1.1" 200 16554
120.253.135.82 - - [23/Feb/2024:07:09:14 +0800] "GET /xingrg/javascript/easyui/themes/sunny/easyui.css HTTP/1.1" 304 -
120.253.135.82 - - [23/Feb/2024:07:09:14 +0800] "GET /xingrg/javascript/easyui/themes/icons/print_new.png HTTP/1.1" 304 -
120.253.135.82 - - [23/Feb/2024:07:09:14 +0800] "GET /xingrg/javascript/easyui/themes/icons/filter_new.png HTTP/1.1" 304 -
120.253.135.82 - - [23/Feb/2024:07:09:14 +0800] "GET /xingrg/javascript/easyui/themes/icons/refresh_new.png HTTP/1.1" 304 -
120.253.135.82 - - [23/Feb/2024:07:09:14 +0800] "GET /xingrg/javascript/easyui/themes/default/tree.css HTTP/1.1" 404 1090
120.253.135.82 - - [23/Feb/2024:07:09:14 +0800] "POST /xingrg/all/common/load_tree.html?tree=materiel_sort_tree_json HTTP/1.1" 200 9734
120.253.135.82 - - [23/Feb/2024:07:09:14 +0800] "GET /xingrg/javascript/easyui/themes/sunny/images/tree_arrows.gif HTTP/1.1" 304 -
120.253.135.82 - - [23/Feb/2024:07:09:14 +0800] "GET /xingrg/javascript/easyui/themes/sunny/images/tree_folder_open.gif HTTP/1.1" 304 -
120.253.135.82 - - [23/Feb/2024:07:09:14 +0800] "GET /xingrg/javascript/easyui/themes/sunny/images/tree_folder.gif HTTP/1.1" 304 -
120.253.135.82 - - [23/Feb/2024:07:09:14 +0800] "GET /xingrg/javascript/easyui/themes/sunny/images/tree_file.gif HTTP/1.1" 304 -
120.253.135.82 - - [23/Feb/2024:07:09:15 +0800] "POST /xingrg/all/common/load_combo.html?type=base HTTP/1.1" 200 1169
116.232.194.112 - - [23/Feb/2024:07:09:15 +0800] "GET /xingrg/check_reg.html?_=1708643330623 HTTP/1.1" 200 22
120.253.135.82 - - [23/Feb/2024:07:09:23 +0800] "POST /xingrg/kc/base/stock_operate.html HTTP/1.1" 200 1463
120.253.135.82 - - [23/Feb/2024:07:09:23 +0800] "GET /xingrg/javascript/jquery_tools/fix_table.js HTTP/1.1" 304 -
124.78.67.200 - - [23/Feb/2024:07:09:29 +0800] "GET /xingrg/all/function/internal_message.html?_=1708643369971&CODE_STATE=getMsg HTTP/1.1" 200 27
120.253.135.82 - - [23/Feb/2024:07:09:37 +0800] "POST /xingrg/kc/base/stock_operate.html HTTP/1.1" 200 1457
116.224.254.208 - - [23/Feb/2024:07:09:37 +0800] "GET /xingrg/all/function/internal_message.html?_=1708643377778&CODE_STATE=getMsg HTTP/1.1" 200 27
218.79.28.144 - - [23/Feb/2024:07:09:42 +0800] "GET /xingrg/all/function/internal_message.html?_=1708643389044&CODE_STATE=getMsg HTTP/1.1" 200 27
120.253.135.82 - - [23/Feb/2024:07:09:44 +0800] "POST /xingrg/kc/base/stock_operate.html HTTP/1.1" 200 1480
116.232.194.112 - - [23/Feb/2024:07:09:53 +0800] "GET /xingrg/all/function/internal_message.html?_=1708643368579&CODE_STATE=getMsg HTTP/1.1" 200 27
58.40.7.146 - - [23/Feb/2024:07:10:00 +0800] "GET /xingrg/all/function/internal_message.html?_=1708643400041&CODE_STATE=getMsg HTTP/1.1" 200 27
120.253.135.82 - - [23/Feb/2024:07:10:01 +0800] "GET /xingrg/all/function/internal_message.html?_=1708643235120&CODE_STATE=getMsg HTTP/1.1" 200 27
221.239.172.101 - - [23/Feb/2024:07:10:02 +0800] "GET /xingrg/all/function/internal_message.html?_=1708643402077&CODE_STATE=getMsg HTTP/1.1" 200 27
116.232.194.112 - - [23/Feb/2024:07:10:03 +0800] "GET /xingrg/all/function/internal_message.html?_=1708643378099&CODE_STATE=getMsg HTTP/1.1" 200 27
116.232.194.112 - - [23/Feb/2024:07:10:10 +0800] "GET /xingrg/all/function/internal_message.html?_=1708643385240&CODE_STATE=getMsg HTTP/1.1" 200 27
116.228.172.94 - - [23/Feb/2024:07:10:12 +0800] "GET /xingrg/all/function/internal_message.html?_=1708643199113&CODE_STATE=getMsg HTTP/1.1" 302 -
116.228.172.94 - - [23/Feb/2024:07:10:12 +0800] "GET /xingrg/check_reg.html?_=1708643199114 HTTP/1.1" 302 -
124.78.67.200 - - [23/Feb/2024:07:10:29 +0800] "GET /xingrg/all/function/internal_message.html?_=1708643429966&CODE_STATE=getMsg HTTP/1.1" 200 27
116.224.254.208 - - [23/Feb/2024:07:10:37 +0800] "GET /xingrg/all/function/internal_message.html?_=1708643437768&CODE_STATE=getMsg HTTP/1.1" 200 27
218.79.28.144 - - [23/Feb/2024:07:10:42 +0800] "GET /xingrg/check_reg.html?_=1708643449029 HTTP/1.1" 200 22
218.79.28.144 - - [23/Feb/2024:07:10:42 +0800] "GET /xingrg/all/function/internal_message.html?_=1708643449033&CODE_STATE=getMsg HTTP/1.1" 200 27
116.232.194.112 - - [23/Feb/2024:07:10:53 +0800] "GET /xingrg/all/function/internal_message.html?_=1708643428586&CODE_STATE=getMsg HTTP/1.1" 200 27
58.40.7.146 - - [23/Feb/2024:07:11:00 +0800] "GET /xingrg/all/function/internal_message.html?_=1708643460028&CODE_STATE=getMsg HTTP/1.1" 200 27
120.253.135.82 - - [23/Feb/2024:07:11:00 +0800] "POST /xingrg/kc/base/stock_operate.html HTTP/1.1" 200 1732
120.253.135.82 - - [23/Feb/2024:07:11:01 +0800] "GET /xingrg/all/function/internal_message.html?_=1708643295130&CODE_STATE=getMsg HTTP/1.1" 200 27
221.239.172.101 - - [23/Feb/2024:07:11:02 +0800] "GET /xingrg/all/function/internal_message.html?_=1708643462085&CODE_STATE=getMsg HTTP/1.1" 200 27
116.232.194.112 - - [23/Feb/2024:07:11:03 +0800] "GET /xingrg/all/function/internal_message.html?_=1708643438080&CODE_STATE=getMsg HTTP/1.1" 200 27
120.253.135.82 - - [23/Feb/2024:07:11:06 +0800] "POST /xingrg/kc/base/stock_operate.html HTTP/1.1" 200 1990
116.232.194.112 - - [23/Feb/2024:07:11:10 +0800] "GET /xingrg/all/function/internal_message.html?_=1708643445240&CODE_STATE=getMsg HTTP/1.1" 200 27
116.228.172.94 - - [23/Feb/2024:07:11:12 +0800] "GET /xingrg/all/function/internal_message.html?_=1708643259109&CODE_STATE=getMsg HTTP/1.1" 302 -
124.78.67.200 - - [23/Feb/2024:07:11:29 +0800] "GET /xingrg/all/function/internal_message.html?_=1708643489980&CODE_STATE=getMsg HTTP/1.1" 200 27
116.224.254.208 - - [23/Feb/2024:07:11:37 +0800] "GET /xingrg/all/function/internal_message.html?_=1708643497780&CODE_STATE=getMsg HTTP/1.1" 200 27
116.224.254.208 - - [23/Feb/2024:07:11:37 +0800] "GET /xingrg/check_reg.html?_=1708643497784 HTTP/1.1" 200 22
116.232.194.112 - - [23/Feb/2024:07:11:38 +0800] "GET /xingrg/check_reg.html?_=1708643472989 HTTP/1.1" 200 22
218.79.28.144 - - [23/Feb/2024:07:11:42 +0800] "GET /xingrg/all/function/internal_message.html?_=1708643509036&CODE_STATE=getMsg HTTP/1.1" 200 27
120.253.135.82 - - [23/Feb/2024:07:11:48 +0800] "POST /xingrg/kc/base/stock_operate.html HTTP/1.1" 200 1467
116.232.194.112 - - [23/Feb/2024:07:11:53 +0800] "GET /xingrg/check_reg.html?_=1708643488579 HTTP/1.1" 200 22
116.232.194.112 - - [23/Feb/2024:07:11:53 +0800] "GET /xingrg/all/function/internal_message.html?_=1708643488581&CODE_STATE=getMsg HTTP/1.1" 200 27
58.40.7.146 - - [23/Feb/2024:07:12:00 +0800] "GET /xingrg/all/function/internal_message.html?_=1708643520032&CODE_STATE=getMsg HTTP/1.1" 200 27
58.40.7.146 - - [23/Feb/2024:07:12:00 +0800] "GET /xingrg/check_reg.html?_=1708643520033 HTTP/1.1" 200 22
120.253.135.82 - - [23/Feb/2024:07:12:01 +0800] "GET /xingrg/all/function/internal_message.html?_=1708643355145&CODE_STATE=getMsg HTTP/1.1" 200 27
120.253.135.82 - - [23/Feb/2024:07:12:02 +0800] "POST /xingrg/kc/base/stock_operate.html HTTP/1.1" 200 1467
221.239.172.101 - - [23/Feb/2024:07:12:02 +0800] "GET /xingrg/all/function/internal_message.html?_=1708643522092&CODE_STATE=getMsg HTTP/1.1" 200 27
116.232.194.112 - - [23/Feb/2024:07:12:03 +0800] "GET /xingrg/all/function/internal_message.html?_=1708643498056&CODE_STATE=getMsg HTTP/1.1" 200 27
120.253.135.82 - - [23/Feb/2024:07:12:09 +0800] "POST /xingrg/kc/base/stock_operate.html HTTP/1.1" 200 1470
116.232.194.112 - - [23/Feb/2024:07:12:10 +0800] "GET /xingrg/all/function/internal_message.html?_=1708643505227&CODE_STATE=getMsg HTTP/1.1" 200 27
116.228.172.94 - - [23/Feb/2024:07:12:12 +0800] "GET /xingrg/all/function/internal_message.html?_=1708643319127&CODE_STATE=getMsg HTTP/1.1" 302 -
120.253.135.82 - - [23/Feb/2024:07:12:23 +0800] "POST /xingrg/kc/base/stock_operate.html HTTP/1.1" 200 1473
124.78.67.200 - - [23/Feb/2024:07:12:29 +0800] "GET /xingrg/check_reg.html?_=1708643549979 HTTP/1.1" 200 22
124.78.67.200 - - [23/Feb/2024:07:12:29 +0800] "GET /xingrg/all/function/internal_message.html?_=1708643549983&CODE_STATE=getMsg HTTP/1.1" 200 27
120.253.135.82 - - [23/Feb/2024:07:12:30 +0800] "POST /xingrg/kc/base/stock_operate.html HTTP/1.1" 200 1468
116.224.254.208 - - [23/Feb/2024:07:12:37 +0800] "GET /xingrg/all/function/internal_message.html?_=1708643557778&CODE_STATE=getMsg HTTP/1.1" 200 27
218.79.28.144 - - [23/Feb/2024:07:12:42 +0800] "GET /xingrg/all/function/internal_message.html?_=1708643569037&CODE_STATE=getMsg HTTP/1.1" 200 27
116.232.194.112 - - [23/Feb/2024:07:12:53 +0800] "GET /xingrg/all/function/internal_message.html?_=1708643548571&CODE_STATE=getMsg HTTP/1.1" 200 27
58.40.7.146 - - [23/Feb/2024:07:13:00 +0800] "GET /xingrg/all/function/internal_message.html?_=1708643580034&CODE_STATE=getMsg HTTP/1.1" 200 27
120.253.135.82 - - [23/Feb/2024:07:13:01 +0800] "GET /xingrg/all/function/internal_message.html?_=1708643415160&CODE_STATE=getMsg HTTP/1.1" 200 27
221.239.172.101 - - [23/Feb/2024:07:13:02 +0800] "GET /xingrg/all/function/internal_message.html?_=1708643582094&CODE_STATE=getMsg HTTP/1.1" 200 27
116.232.194.112 - - [23/Feb/2024:07:13:03 +0800] "GET /xingrg/all/function/internal_message.html?_=1708643558034&CODE_STATE=getMsg HTTP/1.1" 200 27
116.232.194.112 - - [23/Feb/2024:07:13:10 +0800] "GET /xingrg/all/function/internal_message.html?_=1708643565237&CODE_STATE=getMsg HTTP/1.1" 200 27
116.228.172.94 - - [23/Feb/2024:07:13:12 +0800] "GET /xingrg/all/function/internal_message.html?_=1708643379102&CODE_STATE=getMsg HTTP/1.1" 302 -
120.253.135.82 - - [23/Feb/2024:07:13:22 +0800] "POST /xingrg/kc/base/stock_operate.html HTTP/1.1" 200 1757
124.78.67.200 - - [23/Feb/2024:07:13:29 +0800] "GET /xingrg/all/function/internal_message.html?_=1708643609984&CODE_STATE=getMsg HTTP/1.1" 200 27
116.224.254.208 - - [23/Feb/2024:07:13:37 +0800] "GET /xingrg/all/function/internal_message.html?_=1708643617779&CODE_STATE=getMsg HTTP/1.1" 200 27
