218.79.28.144 - - [23/Feb/2024:10:03:42 +0800] "GET /xingrg/all/function/internal_message.html?_=1708653829139&CODE_STATE=getMsg HTTP/1.1" 200 27
101.83.145.37 - - [23/Feb/2024:10:03:42 +0800] "POST /xingrg/login.do HTTP/1.1" 200 2421
101.83.145.37 - - [23/Feb/2024:10:03:42 +0800] "GET /favicon.ico HTTP/1.1" 404 -
180.169.147.146 - - [23/Feb/2024:10:03:43 +0800] "GET /xingrg/all/function/internal_message.html?_=1708653823214&CODE_STATE=getMsg HTTP/1.1" 200 27
101.83.145.37 - - [23/Feb/2024:10:03:43 +0800] "GET /xingrg/login.html HTTP/1.1" 200 7641
101.83.145.37 - - [23/Feb/2024:10:03:43 +0800] "GET /favicon.ico HTTP/1.1" 404 -
101.83.145.37 - - [23/Feb/2024:10:03:44 +0800] "POST /xingrg/login.do HTTP/1.1" 302 -
101.83.145.37 - - [23/Feb/2024:10:03:44 +0800] "GET /xingrg/index.html?sysBaseUrl=http%3A%2F%2F180.169.147.146%3A18081%2Fxingrg%2F&costTime=845×tamp=1708653824834 HTTP/1.1" 200 17173
101.83.145.37 - - [23/Feb/2024:10:03:45 +0800] "GET /favicon.ico HTTP/1.1" 404 -
101.83.145.37 - - [23/Feb/2024:10:03:45 +0800] "GET /xingrg/all/function/internal_message.html?_=1708653826603&CODE_STATE=count HTTP/1.1" 200 11
101.83.145.37 - - [23/Feb/2024:10:03:45 +0800] "GET /xingrg/check_reg.html?_=1708653826604 HTTP/1.1" 200 22
101.83.145.37 - - [23/Feb/2024:10:03:45 +0800] "POST /xingrg/all/common/load_tree.html?tree=area_rest_tree_json&manage=1 HTTP/1.1" 200 3624
120.253.135.82 - - [23/Feb/2024:10:03:45 +0800] "GET /xingrg/check_reg.html?_=1708653658932 HTTP/1.1" 200 22
101.83.145.37 - - [23/Feb/2024:10:03:45 +0800] "POST /xingrg/load_menu.html HTTP/1.1" 200 5138
222.70.242.249 - - [23/Feb/2024:10:03:48 +0800] "POST /xingrg/services/DataTransmitService HTTP/1.1" 200 524
222.70.242.249 - - [23/Feb/2024:10:03:49 +0800] "POST /xingrg/services/DataTransmitService HTTP/1.1" 200 412
222.70.242.249 - - [23/Feb/2024:10:03:50 +0800] "POST /xingrg/services/DataTransmitService HTTP/1.1" 200 524
222.70.242.249 - - [23/Feb/2024:10:03:50 +0800] "POST /xingrg/services/DataTransmitService HTTP/1.1" 200 412
180.164.1.25 - - [23/Feb/2024:10:03:51 +0800] "GET /xingrg/all/function/internal_message.html?_=1708653831008&CODE_STATE=getMsg HTTP/1.1" 200 27
180.164.1.25 - - [23/Feb/2024:10:03:51 +0800] "GET /xingrg/check_reg.html?_=1708653831332 HTTP/1.1" 200 22
116.232.194.112 - - [23/Feb/2024:10:03:53 +0800] "GET /xingrg/all/function/internal_message.html?_=1708653808579&CODE_STATE=getMsg HTTP/1.1" 200 27
101.83.145.37 - - [23/Feb/2024:10:03:54 +0800] "GET /xingrg/kc/buy/cgsh_order_list.html HTTP/1.1" 200 57692
58.40.7.146 - - [23/Feb/2024:10:04:00 +0800] "GET /xingrg/all/function/internal_message.html?_=1708653840028&CODE_STATE=getMsg HTTP/1.1" 200 27
116.232.194.112 - - [23/Feb/2024:10:04:00 +0800] "GET /xingrg/all/function/internal_message.html?_=1708653814935&CODE_STATE=getMsg HTTP/1.1" 200 27
101.83.145.37 - - [23/Feb/2024:10:04:01 +0800] "POST /xingrg/kc/buy/cgsh_list_operate.html HTTP/1.1" 200 2687
221.239.172.101 - - [23/Feb/2024:10:04:03 +0800] "GET /xingrg/all/function/internal_message.html?_=1708653842305&CODE_STATE=getMsg HTTP/1.1" 200 27
221.239.172.101 - - [23/Feb/2024:10:04:03 +0800] "GET /xingrg/check_reg.html?_=1708653842308 HTTP/1.1" 200 22
101.83.145.37 - - [23/Feb/2024:10:04:05 +0800] "GET /xingrg/kc/buy/cgsh_order_add.html HTTP/1.1" 200 73549
101.83.145.37 - - [23/Feb/2024:10:04:05 +0800] "POST /xingrg/kc/buy/cgsh_order_operate.html HTTP/1.1" 200 8245
101.83.145.37 - - [23/Feb/2024:10:04:05 +0800] "GET /xingrg/javascript/easyui/themes/default/validatebox.css HTTP/1.1" 404 1104
101.83.145.37 - - [23/Feb/2024:10:04:05 +0800] "GET /xingrg/all/common/auto_word.html?type=employee&rest_code=00105 HTTP/1.1" 200 193
101.83.145.37 - - [23/Feb/2024:10:04:05 +0800] "GET /xingrg/all/common/auto_word.html?type=employee&rest_code=00105 HTTP/1.1" 200 193
101.83.145.37 - - [23/Feb/2024:10:04:07 +0800] "GET /xingrg/javascript/auto/indicator.gif HTTP/1.1" 404 1066
222.70.242.249 - - [23/Feb/2024:10:04:12 +0800] "POST /xingrg/services/DataTransmitService HTTP/1.1" 200 524
116.228.172.94 - - [23/Feb/2024:10:04:12 +0800] "GET /xingrg/all/function/internal_message.html?_=1708653639119&CODE_STATE=getMsg HTTP/1.1" 302 -
116.238.97.31 - - [23/Feb/2024:10:04:13 +0800] "GET /xingrg/kc/buy/cgsh_order_list.html HTTP/1.1" 200 57692
222.70.242.249 - - [23/Feb/2024:10:04:13 +0800] "POST /xingrg/services/DataTransmitService HTTP/1.1" 200 412
116.238.97.31 - - [23/Feb/2024:10:04:15 +0800] "POST /xingrg/kc/buy/cgsh_list_operate.html HTTP/1.1" 200 986
116.232.194.112 - - [23/Feb/2024:10:04:15 +0800] "GET /xingrg/check_reg.html?_=1708653830614 HTTP/1.1" 200 22
222.70.242.249 - - [23/Feb/2024:10:04:16 +0800] "POST /xingrg/services/DataTransmitService HTTP/1.1" 200 524
116.238.97.31 - - [23/Feb/2024:10:04:17 +0800] "GET /xingrg/kc/buy/cgsh_order_add.html HTTP/1.1" 200 73502
222.70.242.249 - - [23/Feb/2024:10:04:17 +0800] "POST /xingrg/services/DataTransmitService HTTP/1.1" 200 2331
116.238.97.31 - - [23/Feb/2024:10:04:18 +0800] "POST /xingrg/kc/buy/cgsh_order_operate.html HTTP/1.1" 200 8245
116.238.97.31 - - [23/Feb/2024:10:04:18 +0800] "GET /xingrg/javascript/easyui/themes/default/validatebox.css HTTP/1.1" 404 1104
116.238.97.31 - - [23/Feb/2024:10:04:19 +0800] "GET /xingrg/javascript/easyui/themes/default/tree.css HTTP/1.1" 404 1090
116.238.97.31 - - [23/Feb/2024:10:04:19 +0800] "POST /xingrg/all/common/load_tree.html?tree=supplier_tree_json&isDelete=1 HTTP/1.1" 200 78460
116.238.97.31 - - [23/Feb/2024:10:04:20 +0800] "GET /xingrg/all/function/internal_message.html?_=1708653861554&CODE_STATE=getMsg HTTP/1.1" 200 27
120.253.135.82 - - [23/Feb/2024:10:04:21 +0800] "GET /xingrg/all/function/internal_message.html?_=1708653695576&CODE_STATE=getMsg HTTP/1.1" 200 27
101.83.145.37 - - [23/Feb/2024:10:04:22 +0800] "GET /xingrg/kc/buy/cgsh_order_operate.html?command=get_materiel&rest_code=00105&code=00101006111&supplier_code=00100012&order_time=2024-02-23 HTTP/1.1" 200 409
222.70.242.249 - - [23/Feb/2024:10:04:24 +0800] "POST /xingrg/services/DataTransmitService HTTP/1.1" 200 524
222.70.242.249 - - [23/Feb/2024:10:04:26 +0800] "GET /xingrg/all/function/internal_message.html?_=1708653884003&CODE_STATE=getMsg HTTP/1.1" 200 27
222.70.242.249 - - [23/Feb/2024:10:04:26 +0800] "POST /xingrg/services/DataTransmitService HTTP/1.1" 200 412
222.70.242.249 - - [23/Feb/2024:10:04:29 +0800] "POST /xingrg/services/DataTransmitService HTTP/1.1" 200 524
116.224.254.208 - - [23/Feb/2024:10:04:29 +0800] "GET /xingrg/all/function/internal_message.html?_=1708653869256&CODE_STATE=getMsg HTTP/1.1" 200 27
124.78.67.200 - - [23/Feb/2024:10:04:29 +0800] "GET /xingrg/all/function/internal_message.html?_=1708653869926&CODE_STATE=getMsg HTTP/1.1" 200 27
222.70.242.249 - - [23/Feb/2024:10:04:30 +0800] "POST /xingrg/services/DataTransmitService HTTP/1.1" 200 412
116.238.97.31 - - [23/Feb/2024:10:04:30 +0800] "GET /xingrg/javascript/auto/indicator.gif HTTP/1.1" 404 1066
180.163.30.27 - - [23/Feb/2024:10:04:31 +0800] "GET /xingrg/check_reg.html?_=1708653816112 HTTP/1.1" 302 -
180.163.30.27 - - [23/Feb/2024:10:04:31 +0800] "GET /xingrg/login.html HTTP/1.1" 200 7641
116.237.75.51 - - [23/Feb/2024:10:04:32 +0800] "GET /xingrg/all/function/internal_message.html?_=1708653877203&CODE_STATE=getMsg HTTP/1.1" 200 27
116.224.254.208 - - [23/Feb/2024:10:04:32 +0800] "GET /xingrg/check_reg.html?_=1708653873232 HTTP/1.1" 200 22
116.224.254.208 - - [23/Feb/2024:10:04:32 +0800] "GET /xingrg/all/function/internal_message.html?_=1708653873235&CODE_STATE=getMsg HTTP/1.1" 200 27
222.70.242.249 - - [23/Feb/2024:10:04:33 +0800] "POST /xingrg/services/DataTransmitService HTTP/1.1" 200 524
222.70.242.249 - - [23/Feb/2024:10:04:34 +0800] "POST /xingrg/services/DataTransmitService HTTP/1.1" 200 2331
116.238.97.31 - - [23/Feb/2024:10:04:35 +0800] "GET /xingrg/kc/buy/cgsh_order_operate.html?command=get_materiel&rest_code=00102&code=00101011005&supplier_code=00100047&order_time=2024-02-23 HTTP/1.1" 200 428
222.70.115.1 - - [23/Feb/2024:10:04:41 +0800] "GET /xingrg/all/function/internal_message.html?_=1708653889779&CODE_STATE=getMsg HTTP/1.1" 200 27
222.69.131.13 - - [23/Feb/2024:10:04:41 +0800] "GET /xingrg/all/function/internal_message.html?_=1708653882543&CODE_STATE=getMsg HTTP/1.1" 200 27
218.79.28.144 - - [23/Feb/2024:10:04:42 +0800] "GET /xingrg/all/function/internal_message.html?_=1708653889140&CODE_STATE=getMsg HTTP/1.1" 200 27
180.169.147.146 - - [23/Feb/2024:10:04:43 +0800] "GET /xingrg/all/function/internal_message.html?_=1708653883210&CODE_STATE=getMsg HTTP/1.1" 200 27
222.70.242.249 - - [23/Feb/2024:10:04:44 +0800] "POST /xingrg/services/DataTransmitService HTTP/1.1" 200 524
120.253.135.82 - - [23/Feb/2024:10:04:45 +0800] "GET /xingrg/kc/buy/cgsh_order_list.html HTTP/1.1" 200 57692
222.70.242.249 - - [23/Feb/2024:10:04:45 +0800] "POST /xingrg/services/DataTransmitService HTTP/1.1" 200 412
101.83.145.37 - - [23/Feb/2024:10:04:45 +0800] "GET /xingrg/all/function/internal_message.html?_=1708653887434&CODE_STATE=getMsg HTTP/1.1" 200 27
120.253.135.82 - - [23/Feb/2024:10:04:47 +0800] "POST /xingrg/kc/buy/cgsh_list_operate.html HTTP/1.1" 200 986
116.238.97.31 - - [23/Feb/2024:10:04:49 +0800] "GET /xingrg/kc/buy/cgsh_order_operate.html?command=get_materiel&rest_code=00102&code=00101011003&supplier_code=00100047&order_time=2024-02-23 HTTP/1.1" 200 413
120.253.135.82 - - [23/Feb/2024:10:04:49 +0800] "GET /xingrg/kc/buy/cgsh_order_add.html HTTP/1.1" 200 72531
120.253.135.82 - - [23/Feb/2024:10:04:50 +0800] "POST /xingrg/kc/buy/cgsh_order_operate.html HTTP/1.1" 200 8245
120.253.135.82 - - [23/Feb/2024:10:04:50 +0800] "GET /xingrg/javascript/easyui/themes/default/validatebox.css HTTP/1.1" 404 1104
180.164.1.25 - - [23/Feb/2024:10:04:50 +0800] "GET /xingrg/all/function/internal_message.html?_=1708653890999&CODE_STATE=getMsg HTTP/1.1" 200 27
222.70.242.249 - - [23/Feb/2024:10:04:53 +0800] "POST /xingrg/services/DataTransmitService HTTP/1.1" 200 524
116.232.194.112 - - [23/Feb/2024:10:04:53 +0800] "GET /xingrg/all/function/internal_message.html?_=1708653868581&CODE_STATE=getMsg HTTP/1.1" 200 27
222.70.242.249 - - [23/Feb/2024:10:04:54 +0800] "POST /xingrg/services/DataTransmitService HTTP/1.1" 200 412
222.70.242.249 - - [23/Feb/2024:10:04:56 +0800] "POST /xingrg/services/DataTransmitService HTTP/1.1" 200 524
222.70.242.249 - - [23/Feb/2024:10:04:57 +0800] "POST /xingrg/services/DataTransmitService HTTP/1.1" 200 2331
120.253.135.82 - - [23/Feb/2024:10:04:59 +0800] "POST /xingrg/all/common/load_combo.html?type=employee HTTP/1.1" 200 1749
116.238.97.31 - - [23/Feb/2024:10:04:59 +0800] "POST /xingrg/kc/buy/cgsh_order_operate.html HTTP/1.1" 200 37
58.40.7.146 - - [23/Feb/2024:10:05:00 +0800] "GET /xingrg/all/function/internal_message.html?_=1708653900035&CODE_STATE=getMsg HTTP/1.1" 200 27
116.232.194.112 - - [23/Feb/2024:10:05:00 +0800] "GET /xingrg/all/function/internal_message.html?_=1708653874927&CODE_STATE=getMsg HTTP/1.1" 200 27
101.83.145.37 - - [23/Feb/2024:10:05:00 +0800] "GET /xingrg/kc/buy/cgsh_order_operate.html?command=get_materiel&rest_code=00105&code=00101006240&supplier_code=00100012&order_time=2024-02-23 HTTP/1.1" 200 422
116.238.97.31 - - [23/Feb/2024:10:05:02 +0800] "POST /xingrg/kc/buy/cgsh_order_operate.html HTTP/1.1" 200 3252
221.239.172.101 - - [23/Feb/2024:10:05:03 +0800] "GET /xingrg/all/function/internal_message.html?_=1708653902313&CODE_STATE=getMsg HTTP/1.1" 200 27
222.70.242.249 - - [23/Feb/2024:10:05:08 +0800] "POST /xingrg/services/DataTransmitService HTTP/1.1" 200 524
222.70.242.249 - - [23/Feb/2024:10:05:09 +0800] "POST /xingrg/services/DataTransmitService HTTP/1.1" 200 412
120.253.135.82 - - [23/Feb/2024:10:05:09 +0800] "GET /xingrg/kc/buy/cgsh_order_operate.html?command=get_materiel&rest_code=00101&code=00102034130&supplier_code=00100135&order_time=2024-02-23 HTTP/1.1" 200 464
120.253.135.82 - - [23/Feb/2024:10:05:12 +0800] "POST /xingrg/all/common/load_select.html HTTP/1.1" 200 25
116.228.172.94 - - [23/Feb/2024:10:05:12 +0800] "GET /xingrg/check_reg.html?_=1708653699109 HTTP/1.1" 302 -
116.228.172.94 - - [23/Feb/2024:10:05:12 +0800] "GET /xingrg/all/function/internal_message.html?_=1708653699111&CODE_STATE=getMsg HTTP/1.1" 302 -
120.253.135.82 - - [23/Feb/2024:10:05:16 +0800] "GET /xingrg/kc/buy/cgsh_order_operate.html?command=get_materiel_price&rest_code=00101&code=00102034130&unit_code=00100365&supplier_code=00100135&order_time=2024-02-23 HTTP/1.1" 200 28
116.238.97.31 - - [23/Feb/2024:10:05:20 +0800] "GET /xingrg/all/function/internal_message.html?_=1708653921540&CODE_STATE=getMsg HTTP/1.1" 200 27
222.70.242.249 - - [23/Feb/2024:10:05:21 +0800] "POST /xingrg/services/DataTransmitService HTTP/1.1" 200 524
120.253.135.82 - - [23/Feb/2024:10:05:21 +0800] "GET /xingrg/all/function/internal_message.html?_=1708653755589&CODE_STATE=getMsg HTTP/1.1" 200 27
222.70.242.249 - - [23/Feb/2024:10:05:22 +0800] "POST /xingrg/services/DataTransmitService HTTP/1.1" 200 412
222.70.242.249 - - [23/Feb/2024:10:05:23 +0800] "POST /xingrg/services/DataTransmitService HTTP/1.1" 200 524
222.70.242.249 - - [23/Feb/2024:10:05:24 +0800] "POST /xingrg/services/DataTransmitService HTTP/1.1" 200 412
222.70.242.249 - - [23/Feb/2024:10:05:26 +0800] "GET /xingrg/all/function/internal_message.html?_=1708653944010&CODE_STATE=getMsg HTTP/1.1" 200 27
222.70.242.249 - - [23/Feb/2024:10:05:27 +0800] "POST /xingrg/services/DataTransmitService HTTP/1.1" 200 524
222.70.242.249 - - [23/Feb/2024:10:05:28 +0800] "POST /xingrg/services/DataTransmitService HTTP/1.1" 200 2331
116.224.254.208 - - [23/Feb/2024:10:05:29 +0800] "GET /xingrg/all/function/internal_message.html?_=1708653929238&CODE_STATE=getMsg HTTP/1.1" 200 27
124.78.67.200 - - [23/Feb/2024:10:05:29 +0800] "GET /xingrg/all/function/internal_message.html?_=1708653929932&CODE_STATE=getMsg HTTP/1.1" 200 27
116.237.75.51 - - [23/Feb/2024:10:05:32 +0800] "GET /xingrg/all/function/internal_message.html?_=1708653937187&CODE_STATE=getMsg HTTP/1.1" 200 27
116.224.254.208 - - [23/Feb/2024:10:05:32 +0800] "GET /xingrg/all/function/internal_message.html?_=1708653933237&CODE_STATE=getMsg HTTP/1.1" 200 27
180.169.147.146 - - [23/Feb/2024:10:05:33 +0800] "GET /xingrg/index.html?sysBaseUrl=http%3A%2F%2F180.169.147.146%3A18081%2Fxingrg%2F&costTime=39×tamp=1592034574635 HTTP/1.1" 200 17503
180.169.147.146 - - [23/Feb/2024:10:05:34 +0800] "POST /xingrg/all/common/load_tree.html?tree=area_rest_tree_json&manage=1 HTTP/1.1" 200 3624
180.169.147.146 - - [23/Feb/2024:10:05:34 +0800] "GET /xingrg/check_reg.html?_=1708653934866 HTTP/1.1" 200 22
180.169.147.146 - - [23/Feb/2024:10:05:34 +0800] "GET /xingrg/all/function/internal_message.html?_=1708653934863&CODE_STATE=count HTTP/1.1" 200 11
180.169.147.146 - - [23/Feb/2024:10:05:34 +0800] "GET /favicon.ico HTTP/1.1" 404 -
180.169.147.146 - - [23/Feb/2024:10:05:34 +0800] "POST /xingrg/load_menu.html HTTP/1.1" 200 11564
120.253.135.82 - - [23/Feb/2024:10:05:37 +0800] "POST /xingrg/kc/buy/cgsh_order_operate.html HTTP/1.1" 200 37
101.83.145.37 - - [23/Feb/2024:10:05:37 +0800] "GET /xingrg/kc/buy/cgsh_order_operate.html?command=get_materiel&rest_code=00105&code=00101006109&supplier_code=00100012&order_time=2024-02-23 HTTP/1.1" 200 409
180.169.147.146 - - [23/Feb/2024:10:05:38 +0800] "POST /xingrg/all/user/operate.html HTTP/1.1" 200 36
180.169.147.146 - - [23/Feb/2024:10:05:38 +0800] "GET /xingrg/index.html?sysBaseUrl=http%3A%2F%2F180.169.147.146%3A18081%2Fxingrg%2F&costTime=39×tamp=1592034574635 HTTP/1.1" 200 17503
180.169.147.146 - - [23/Feb/2024:10:05:38 +0800] "GET /xingrg/javascript/jquery_easy_ui/themes/default/easyui.css HTTP/1.1" 304 -
180.169.147.146 - - [23/Feb/2024:10:05:38 +0800] "GET /xingrg/javascript/jquery_easy_ui/themes/icon.css HTTP/1.1" 304 -
180.169.147.146 - - [23/Feb/2024:10:05:38 +0800] "GET /xingrg/css/form.css HTTP/1.1" 304 -
180.169.147.146 - - [23/Feb/2024:10:05:38 +0800] "GET /xingrg/javascript/jquery-1.4.2.min.js HTTP/1.1" 304 -
180.169.147.146 - - [23/Feb/2024:10:05:39 +0800] "GET /xingrg/javascript/jquery_easy_ui/jquery.easyui.min.js HTTP/1.1" 304 -
180.169.147.146 - - [23/Feb/2024:10:05:39 +0800] "GET /xingrg/javascript/jquery_easy_ui/easyui-lang-zh_CN.js HTTP/1.1" 304 -
180.169.147.146 - - [23/Feb/2024:10:05:39 +0800] "GET /xingrg/javascript/jquery.form.js HTTP/1.1" 304 -
180.169.147.146 - - [23/Feb/2024:10:05:39 +0800] "GET /xingrg/javascript/jquery.utils.js HTTP/1.1" 304 -
180.169.147.146 - - [23/Feb/2024:10:05:39 +0800] "GET /xingrg/javascript/jquery.timers.js HTTP/1.1" 304 -
180.169.147.146 - - [23/Feb/2024:10:05:39 +0800] "GET /xingrg/images/blue/jxLogo.png HTTP/1.1" 304 -
180.169.147.146 - - [23/Feb/2024:10:05:39 +0800] "GET /xingrg/images/blue/navBackgound.jpg HTTP/1.1" 304 -
180.169.147.146 - - [23/Feb/2024:10:05:39 +0800] "GET /xingrg/javascript/jquery_easy_ui/themes/icons/settle_new.png HTTP/1.1" 304 -
180.169.147.146 - - [23/Feb/2024:10:05:39 +0800] "GET /xingrg/all/function/internal_message.html?_=1708653939217&CODE_STATE=count HTTP/1.1" 200 11
180.169.147.146 - - [23/Feb/2024:10:05:39 +0800] "GET /xingrg/check_reg.html?_=1708653939219 HTTP/1.1" 200 22
180.169.147.146 - - [23/Feb/2024:10:05:39 +0800] "GET /xingrg/javascript/jquery_easy_ui/themes/default/images/tabs_leftarrow.png HTTP/1.1" 304 -
180.169.147.146 - - [23/Feb/2024:10:05:39 +0800] "GET /xingrg/javascript/jquery_easy_ui/themes/default/images/panel_tool_collapse.gif HTTP/1.1" 304 -
180.169.147.146 - - [23/Feb/2024:10:05:39 +0800] "GET /xingrg/javascript/jquery_easy_ui/themes/default/images/panel_tool_expand.gif HTTP/1.1" 304 -
180.169.147.146 - - [23/Feb/2024:10:05:39 +0800] "GET /xingrg/javascript/jquery_easy_ui/themes/default/images/tabs_rightarrow.png HTTP/1.1" 304 -
180.169.147.146 - - [23/Feb/2024:10:05:39 +0800] "GET /xingrg/images/blue/pingpu.png HTTP/1.1" 304 -
180.169.147.146 - - [23/Feb/2024:10:05:39 +0800] "POST /xingrg/all/common/load_tree.html?tree=area_rest_tree_json&manage=1 HTTP/1.1" 200 3624
180.169.147.146 - - [23/Feb/2024:10:05:39 +0800] "POST /xingrg/load_menu.html HTTP/1.1" 200 9959
116.230.123.222 - - [23/Feb/2024:10:05:40 +0800] "GET /xingrg/login.html HTTP/1.1" 200 7641
116.230.123.222 - - [23/Feb/2024:10:05:40 +0800] "GET /favicon.ico HTTP/1.1" 404 -
180.169.147.146 - - [23/Feb/2024:10:05:41 +0800] "GET /xingrg/kc/buy/cgsh_order_list.html HTTP/1.1" 200 57947
222.70.115.1 - - [23/Feb/2024:10:05:41 +0800] "GET /xingrg/all/function/internal_message.html?_=1708653949779&CODE_STATE=getMsg HTTP/1.1" 200 27
222.69.131.13 - - [23/Feb/2024:10:05:41 +0800] "GET /xingrg/all/function/internal_message.html?_=1708653942543&CODE_STATE=getMsg HTTP/1.1" 200 27
218.79.28.144 - - [23/Feb/2024:10:05:42 +0800] "GET /xingrg/check_reg.html?_=1708653949141 HTTP/1.1" 200 22
218.79.28.144 - - [23/Feb/2024:10:05:42 +0800] "GET /xingrg/all/function/internal_message.html?_=1708653949144&CODE_STATE=getMsg HTTP/1.1" 200 27
180.169.147.146 - - [23/Feb/2024:10:05:43 +0800] "GET /xingrg/all/function/internal_message.html?_=1708653943211&CODE_STATE=getMsg HTTP/1.1" 200 27
180.169.147.146 - - [23/Feb/2024:10:05:43 +0800] "GET /xingrg/check_reg.html?_=1708653943223 HTTP/1.1" 200 22
222.70.242.249 - - [23/Feb/2024:10:05:45 +0800] "POST /xingrg/services/DataTransmitService HTTP/1.1" 200 524
101.83.145.37 - - [23/Feb/2024:10:05:45 +0800] "GET /xingrg/all/function/internal_message.html?_=1708653947398&CODE_STATE=getMsg HTTP/1.1" 200 27
222.70.242.249 - - [23/Feb/2024:10:05:46 +0800] "POST /xingrg/services/DataTransmitService HTTP/1.1" 200 412
222.70.242.249 - - [23/Feb/2024:10:05:46 +0800] "POST /xingrg/services/DataTransmitService HTTP/1.1" 200 524
101.83.145.37 - - [23/Feb/2024:10:05:47 +0800] "POST /xingrg/kc/buy/cgsh_order_operate.html HTTP/1.1" 200 37
120.253.135.82 - - [23/Feb/2024:10:05:47 +0800] "POST /xingrg/kc/buy/cgsh_order_operate.html HTTP/1.1" 200 2688
222.70.242.249 - - [23/Feb/2024:10:05:47 +0800] "POST /xingrg/services/DataTransmitService HTTP/1.1" 200 412
222.70.242.249 - - [23/Feb/2024:10:05:48 +0800] "POST /xingrg/services/DataTransmitService HTTP/1.1" 200 524
222.70.242.249 - - [23/Feb/2024:10:05:49 +0800] "POST /xingrg/services/DataTransmitService HTTP/1.1" 200 412
180.169.147.146 - - [23/Feb/2024:10:05:49 +0800] "POST /xingrg/kc/buy/cgsh_list_operate.html HTTP/1.1" 200 1849
180.164.1.25 - - [23/Feb/2024:10:05:50 +0800] "GET /xingrg/all/function/internal_message.html?_=1708653950981&CODE_STATE=getMsg HTTP/1.1" 200 27
120.253.135.82 - - [23/Feb/2024:10:05:51 +0800] "GET /xingrg/kc/print/load_data.html?order_code=212024022306009&kc_code=cgsh&condition= HTTP/1.1" 200 772
222.70.242.249 - - [23/Feb/2024:10:05:51 +0800] "POST /xingrg/services/DataTransmitService HTTP/1.1" 200 524
222.70.242.249 - - [23/Feb/2024:10:05:52 +0800] "POST /xingrg/services/DataTransmitService HTTP/1.1" 200 2331
116.232.194.112 - - [23/Feb/2024:10:05:53 +0800] "GET /xingrg/all/function/internal_message.html?_=1708653928574&CODE_STATE=getMsg HTTP/1.1" 200 27
180.169.147.146 - - [23/Feb/2024:10:05:56 +0800] "GET /xingrg/javascript/auto/indicator.gif HTTP/1.1" 404 1066
116.230.123.222 - - [23/Feb/2024:10:05:59 +0800] "POST /xingrg/login.do HTTP/1.1" 302 -
116.230.123.222 - - [23/Feb/2024:10:05:59 +0800] "GET /xingrg/index.html?sysBaseUrl=http%3A%2F%2F180.169.147.146%3A18081%2Fxingrg%2F&costTime=798×tamp=1708653959036 HTTP/1.1" 200 17173
116.230.123.222 - - [23/Feb/2024:10:05:59 +0800] "GET /favicon.ico HTTP/1.1" 404 -
116.230.123.222 - - [23/Feb/2024:10:05:59 +0800] "GET /xingrg/all/function/internal_message.html?_=1708653956560&CODE_STATE=count HTTP/1.1" 200 11
116.230.123.222 - - [23/Feb/2024:10:05:59 +0800] "GET /xingrg/check_reg.html?_=1708653956561 HTTP/1.1" 200 22
116.230.123.222 - - [23/Feb/2024:10:05:59 +0800] "POST /xingrg/all/common/load_tree.html?tree=area_rest_tree_json&manage=1 HTTP/1.1" 200 342
116.230.123.222 - - [23/Feb/2024:10:05:59 +0800] "POST /xingrg/load_menu.html HTTP/1.1" 200 5138
58.40.7.146 - - [23/Feb/2024:10:06:00 +0800] "GET /xingrg/all/function/internal_message.html?_=1708653960024&CODE_STATE=getMsg HTTP/1.1" 200 27
116.232.194.112 - - [23/Feb/2024:10:06:00 +0800] "GET /xingrg/all/function/internal_message.html?_=1708653934924&CODE_STATE=getMsg HTTP/1.1" 200 27
222.70.242.249 - - [23/Feb/2024:10:06:00 +0800] "POST /xingrg/services/DataTransmitService HTTP/1.1" 200 524
222.70.242.249 - - [23/Feb/2024:10:06:01 +0800] "POST /xingrg/services/DataTransmitService HTTP/1.1" 200 412
221.239.172.101 - - [23/Feb/2024:10:06:03 +0800] "GET /xingrg/all/function/internal_message.html?_=1708653962304&CODE_STATE=getMsg HTTP/1.1" 200 27
101.83.145.37 - - [23/Feb/2024:10:06:03 +0800] "POST /xingrg/kc/buy/cgsh_order_operate.html HTTP/1.1" 200 3852
116.230.123.222 - - [23/Feb/2024:10:06:03 +0800] "GET /xingrg/kc/buy/cgsh_order_list.html HTTP/1.1" 200 57692
180.169.147.146 - - [23/Feb/2024:10:06:05 +0800] "POST /xingrg/kc/buy/cgsh_list_operate.html HTTP/1.1" 200 6091
116.230.123.222 - - [23/Feb/2024:10:06:05 +0800] "POST /xingrg/kc/buy/cgsh_list_operate.html HTTP/1.1" 200 986
222.70.242.249 - - [23/Feb/2024:10:06:06 +0800] "POST /xingrg/services/DataTransmitService HTTP/1.1" 200 524
222.70.242.249 - - [23/Feb/2024:10:06:07 +0800] "POST /xingrg/services/DataTransmitService HTTP/1.1" 200 2331
180.169.147.146 - - [23/Feb/2024:10:06:11 +0800] "POST /xingrg/kc/buy/cgsh_list_operate.html HTTP/1.1" 200 567
116.228.172.94 - - [23/Feb/2024:10:06:12 +0800] "GET /xingrg/all/function/internal_message.html?_=1708653759120&CODE_STATE=getMsg HTTP/1.1" 302 -
222.70.242.249 - - [23/Feb/2024:10:06:14 +0800] "POST /xingrg/services/DataTransmitService HTTP/1.1" 200 524
101.83.145.37 - - [23/Feb/2024:10:06:15 +0800] "GET /xingrg/kc/print/load_config.html?kc_code=cgsh HTTP/1.1" 200 1927
222.70.242.249 - - [23/Feb/2024:10:06:15 +0800] "POST /xingrg/services/DataTransmitService HTTP/1.1" 200 412
101.83.145.37 - - [23/Feb/2024:10:06:15 +0800] "GET /xingrg/kc/print/load_data.html?order_code=212024022306010&kc_code=cgsh&condition= HTTP/1.1" 200 1219
116.238.97.31 - - [23/Feb/2024:10:06:20 +0800] "GET /xingrg/all/function/internal_message.html?_=1708653981524&CODE_STATE=getMsg HTTP/1.1" 200 27
120.253.135.82 - - [23/Feb/2024:10:06:22 +0800] "GET /xingrg/all/function/internal_message.html?_=1708653815729&CODE_STATE=getMsg HTTP/1.1" 200 27
222.70.242.249 - - [23/Feb/2024:10:06:25 +0800] "GET /xingrg/check_reg.html?_=1708654003712 HTTP/1.1" 200 22
222.70.242.249 - - [23/Feb/2024:10:06:26 +0800] "GET /xingrg/all/function/internal_message.html?_=1708654004024&CODE_STATE=getMsg HTTP/1.1" 200 27
180.169.147.146 - - [23/Feb/2024:10:06:27 +0800] "POST /xingrg/kc/buy/cgsh_list_operate.html HTTP/1.1" 200 6247
116.224.254.208 - - [23/Feb/2024:10:06:29 +0800] "GET /xingrg/all/function/internal_message.html?_=1708653989223&CODE_STATE=getMsg HTTP/1.1" 200 27
124.78.67.200 - - [23/Feb/2024:10:06:29 +0800] "GET /xingrg/all/function/internal_message.html?_=1708653989922&CODE_STATE=getMsg HTTP/1.1" 200 27
116.224.254.208 - - [23/Feb/2024:10:06:31 +0800] "GET /xingrg/check_reg.html?_=1708653990714 HTTP/1.1" 200 22
116.237.75.51 - - [23/Feb/2024:10:06:32 +0800] "GET /xingrg/all/function/internal_message.html?_=1708653997172&CODE_STATE=getMsg HTTP/1.1" 200 27
116.224.254.208 - - [23/Feb/2024:10:06:32 +0800] "GET /xingrg/all/function/internal_message.html?_=1708653993229&CODE_STATE=getMsg HTTP/1.1" 200 27
116.232.194.112 - - [23/Feb/2024:10:06:37 +0800] "GET /xingrg/check_reg.html?_=1708653972447 HTTP/1.1" 200 22
222.70.242.249 - - [23/Feb/2024:10:06:38 +0800] "POST /xingrg/services/DataTransmitService HTTP/1.1" 401 565
222.70.242.249 - - [23/Feb/2024:10:06:38 +0800] "POST /xingrg/services/DataTransmitService HTTP/1.1" 200 478
222.70.242.249 - - [23/Feb/2024:10:06:38 +0800] "POST /xingrg/services/DataTransmitService HTTP/1.1" 200 1319
222.70.242.249 - - [23/Feb/2024:10:06:38 +0800] "POST /xingrg/services/DataTransmitService HTTP/1.1" 200 478
222.70.242.249 - - [23/Feb/2024:10:06:38 +0800] "POST /xingrg/services/DataTransmitService HTTP/1.1" 200 1319
222.70.242.249 - - [23/Feb/2024:10:06:38 +0800] "POST /xingrg/services/DataTransmitService HTTP/1.1" 200 524
180.169.147.146 - - [23/Feb/2024:10:06:39 +0800] "GET /xingrg/all/function/internal_message.html?_=1708653999234&CODE_STATE=getMsg HTTP/1.1" 200 27
222.70.242.249 - - [23/Feb/2024:10:06:39 +0800] "POST /xingrg/services/DataTransmitService HTTP/1.1" 200 2331
222.70.242.249 - - [23/Feb/2024:10:06:40 +0800] "POST /xingrg/services/DataTransmitService HTTP/1.1" 200 45454
222.70.242.249 - - [23/Feb/2024:10:06:40 +0800] "POST /xingrg/services/DataTransmitService HTTP/1.1" 200 19237
222.70.115.1 - - [23/Feb/2024:10:06:41 +0800] "GET /xingrg/all/function/internal_message.html?_=1708654009780&CODE_STATE=getMsg HTTP/1.1" 200 27
222.69.131.13 - - [23/Feb/2024:10:06:41 +0800] "GET /xingrg/check_reg.html?_=1708654002540 HTTP/1.1" 200 22
222.69.131.13 - - [23/Feb/2024:10:06:41 +0800] "GET /xingrg/all/function/internal_message.html?_=1708654002544&CODE_STATE=getMsg HTTP/1.1" 200 27
218.79.28.144 - - [23/Feb/2024:10:06:42 +0800] "GET /xingrg/all/function/internal_message.html?_=1708654009147&CODE_STATE=getMsg HTTP/1.1" 200 27
180.169.147.146 - - [23/Feb/2024:10:06:43 +0800] "GET /xingrg/all/function/internal_message.html?_=1708654003213&CODE_STATE=getMsg HTTP/1.1" 200 27
101.83.145.37 - - [23/Feb/2024:10:06:45 +0800] "GET /xingrg/all/function/internal_message.html?_=1708654007377&CODE_STATE=getMsg HTTP/1.1" 200 27
222.70.242.249 - - [23/Feb/2024:10:06:45 +0800] "POST /xingrg/services/DataTransmitService HTTP/1.1" 200 524
222.70.242.249 - - [23/Feb/2024:10:06:47 +0800] "POST /xingrg/services/DataTransmitService HTTP/1.1" 200 2331
180.164.1.25 - - [23/Feb/2024:10:06:50 +0800] "GET /xingrg/all/function/internal_message.html?_=1708654010963&CODE_STATE=getMsg HTTP/1.1" 200 27
116.232.194.112 - - [23/Feb/2024:10:06:53 +0800] "GET /xingrg/all/function/internal_message.html?_=1708653988578&CODE_STATE=getMsg HTTP/1.1" 200 27
116.232.194.112 - - [23/Feb/2024:10:06:53 +0800] "GET /xingrg/check_reg.html?_=1708653988581 HTTP/1.1" 200 22
222.70.242.249 - - [23/Feb/2024:10:06:55 +0800] "POST /xingrg/services/DataTransmitService HTTP/1.1" 200 524
116.230.123.222 - - [23/Feb/2024:10:06:56 +0800] "GET /xingrg/kc/buy/cgsh_order_add.html HTTP/1.1" 200 73423
116.230.123.222 - - [23/Feb/2024:10:06:56 +0800] "GET /xingrg/words/20240222114519_words.js HTTP/1.1" 304 -
116.230.123.222 - - [23/Feb/2024:10:06:56 +0800] "POST /xingrg/kc/buy/cgsh_order_operate.html HTTP/1.1" 200 8245
222.70.242.249 - - [23/Feb/2024:10:06:56 +0800] "POST /xingrg/services/DataTransmitService HTTP/1.1" 200 412
116.230.123.222 - - [23/Feb/2024:10:06:57 +0800] "GET /xingrg/javascript/easyui/themes/default/validatebox.css HTTP/1.1" 404 1104
116.230.123.222 - - [23/Feb/2024:10:06:57 +0800] "GET /xingrg/all/common/auto_word.html?type=employee&rest_code=00111 HTTP/1.1" 200 105
116.230.123.222 - - [23/Feb/2024:10:06:57 +0800] "GET /xingrg/all/common/auto_word.html?type=employee&rest_code=00111 HTTP/1.1" 200 105
222.70.242.249 - - [23/Feb/2024:10:06:58 +0800] "POST /xingrg/services/DataTransmitService HTTP/1.1" 200 524
116.230.123.222 - - [23/Feb/2024:10:06:59 +0800] "GET /xingrg/all/function/internal_message.html?_=1708654016568&CODE_STATE=getMsg HTTP/1.1" 200 27
222.70.242.249 - - [23/Feb/2024:10:06:59 +0800] "POST /xingrg/services/DataTransmitService HTTP/1.1" 200 412
58.40.7.146 - - [23/Feb/2024:10:07:00 +0800] "GET /xingrg/all/function/internal_message.html?_=1708654020028&CODE_STATE=getMsg HTTP/1.1" 200 27
58.40.7.146 - - [23/Feb/2024:10:07:00 +0800] "GET /xingrg/check_reg.html?_=1708654020029 HTTP/1.1" 200 22
116.232.194.112 - - [23/Feb/2024:10:07:00 +0800] "GET /xingrg/all/function/internal_message.html?_=1708653994921&CODE_STATE=getMsg HTTP/1.1" 200 27
221.239.172.101 - - [23/Feb/2024:10:07:03 +0800] "GET /xingrg/all/function/internal_message.html?_=1708654022308&CODE_STATE=getMsg HTTP/1.1" 200 27
222.70.242.249 - - [23/Feb/2024:10:07:03 +0800] "POST /xingrg/services/DataTransmitService HTTP/1.1" 200 524
222.70.242.249 - - [23/Feb/2024:10:07:04 +0800] "POST /xingrg/services/DataTransmitService HTTP/1.1" 200 2331
222.70.242.249 - - [23/Feb/2024:10:07:12 +0800] "POST /xingrg/services/DataTransmitService HTTP/1.1" 200 524
116.228.172.94 - - [23/Feb/2024:10:07:12 +0800] "GET /xingrg/all/function/internal_message.html?_=1708653819120&CODE_STATE=getMsg HTTP/1.1" 302 -
222.70.242.249 - - [23/Feb/2024:10:07:12 +0800] "POST /xingrg/services/DataTransmitService HTTP/1.1" 200 412
222.70.242.249 - - [23/Feb/2024:10:07:14 +0800] "POST /xingrg/services/DataTransmitService HTTP/1.1" 200 524
222.70.242.249 - - [23/Feb/2024:10:07:14 +0800] "POST /xingrg/services/DataTransmitService HTTP/1.1" 200 412
116.238.97.31 - - [23/Feb/2024:10:07:20 +0800] "GET /xingrg/check_reg.html?_=1708654041271 HTTP/1.1" 200 22
116.238.97.31 - - [23/Feb/2024:10:07:20 +0800] "GET /xingrg/all/function/internal_message.html?_=1708654041510&CODE_STATE=getMsg HTTP/1.1" 200 27
120.253.135.82 - - [23/Feb/2024:10:07:22 +0800] "GET /xingrg/all/function/internal_message.html?_=1708653875741&CODE_STATE=getMsg HTTP/1.1" 200 27
116.230.123.222 - - [23/Feb/2024:10:07:24 +0800] "GET /xingrg/javascript/auto/indicator.gif HTTP/1.1" 404 1066
222.70.242.249 - - [23/Feb/2024:10:07:26 +0800] "GET /xingrg/all/function/internal_message.html?_=1708654064037&CODE_STATE=getMsg HTTP/1.1" 200 27
222.70.242.249 - - [23/Feb/2024:10:07:26 +0800] "POST /xingrg/services/DataTransmitService HTTP/1.1" 200 524
116.230.123.222 - - [23/Feb/2024:10:07:28 +0800] "GET /xingrg/javascript/jquery_tools/images/prev.gif HTTP/1.1" 404 1086
116.230.123.222 - - [23/Feb/2024:10:07:28 +0800] "GET /xingrg/javascript/jquery_tools/images/next.gif HTTP/1.1" 404 1086
222.70.242.249 - - [23/Feb/2024:10:07:28 +0800] "POST /xingrg/services/DataTransmitService HTTP/1.1" 200 2331
116.224.254.208 - - [23/Feb/2024:10:07:29 +0800] "GET /xingrg/all/function/internal_message.html?_=1708654049226&CODE_STATE=getMsg HTTP/1.1" 200 27
124.78.67.200 - - [23/Feb/2024:10:07:29 +0800] "GET /xingrg/all/function/internal_message.html?_=1708654049940&CODE_STATE=getMsg HTTP/1.1" 200 27
124.78.67.200 - - [23/Feb/2024:10:07:29 +0800] "GET /xingrg/check_reg.html?_=1708654049942 HTTP/1.1" 200 22
116.237.75.51 - - [23/Feb/2024:10:07:32 +0800] "GET /xingrg/all/function/internal_message.html?_=1708654057156&CODE_STATE=getMsg HTTP/1.1" 200 27
116.224.254.208 - - [23/Feb/2024:10:07:32 +0800] "GET /xingrg/all/function/internal_message.html?_=1708654053228&CODE_STATE=getMsg HTTP/1.1" 200 27
222.70.242.249 - - [23/Feb/2024:10:07:36 +0800] "POST /xingrg/services/DataTransmitService HTTP/1.1" 200 524
222.70.242.249 - - [23/Feb/2024:10:07:36 +0800] "POST /xingrg/services/DataTransmitService HTTP/1.1" 200 412
120.253.135.82 - - [23/Feb/2024:10:07:37 +0800] "POST /xingrg/kc/buy/cgsh_order_operate.html HTTP/1.1" 200 37
116.230.123.222 - - [23/Feb/2024:10:07:39 +0800] "GET /xingrg/kc/buy/cgsh_order_operate.html?command=get_materiel&rest_code=00111&code=00101016105&supplier_code=00100037&order_time=2024-02-23 HTTP/1.1" 200 409
180.169.147.146 - - [23/Feb/2024:10:07:39 +0800] "GET /xingrg/all/function/internal_message.html?_=1708654059224&CODE_STATE=getMsg HTTP/1.1" 200 27
222.70.242.249 - - [23/Feb/2024:10:07:40 +0800] "POST /xingrg/services/DataTransmitService HTTP/1.1" 200 524
222.70.242.249 - - [23/Feb/2024:10:07:41 +0800] "POST /xingrg/services/DataTransmitService HTTP/1.1" 200 412
222.70.115.1 - - [23/Feb/2024:10:07:41 +0800] "GET /xingrg/all/function/internal_message.html?_=1708654069780&CODE_STATE=getMsg HTTP/1.1" 200 27
222.69.131.13 - - [23/Feb/2024:10:07:41 +0800] "GET /xingrg/all/function/internal_message.html?_=1708654062542&CODE_STATE=getMsg HTTP/1.1" 200 27
218.79.28.144 - - [23/Feb/2024:10:07:42 +0800] "GET /xingrg/all/function/internal_message.html?_=1708654069148&CODE_STATE=getMsg HTTP/1.1" 200 27
222.70.242.249 - - [23/Feb/2024:10:07:42 +0800] "POST /xingrg/services/DataTransmitService HTTP/1.1" 200 524
180.169.147.146 - - [23/Feb/2024:10:07:43 +0800] "GET /xingrg/all/function/internal_message.html?_=1708654063208&CODE_STATE=getMsg HTTP/1.1" 200 27
222.70.242.249 - - [23/Feb/2024:10:07:43 +0800] "POST /xingrg/services/DataTransmitService HTTP/1.1" 200 412
120.253.135.82 - - [23/Feb/2024:10:07:45 +0800] "POST /xingrg/kc/buy/cgsh_order_operate.html HTTP/1.1" 200 12
101.83.145.37 - - [23/Feb/2024:10:07:45 +0800] "GET /xingrg/all/function/internal_message.html?_=1708654067343&CODE_STATE=getMsg HTTP/1.1" 200 27
120.253.135.82 - - [23/Feb/2024:10:07:47 +0800] "GET /xingrg/kc/buy/cgsh_order_info.html?code=212024022306009 HTTP/1.1" 200 67444
222.70.242.249 - - [23/Feb/2024:10:07:47 +0800] "POST /xingrg/services/DataTransmitService HTTP/1.1" 200 524
120.253.135.82 - - [23/Feb/2024:10:07:48 +0800] "GET /xingrg/javascript/easyui/themes/default/validatebox.css HTTP/1.1" 404 1104
222.70.242.249 - - [23/Feb/2024:10:07:49 +0800] "POST /xingrg/services/DataTransmitService HTTP/1.1" 200 2331
120.253.135.82 - - [23/Feb/2024:10:07:49 +0800] "POST /xingrg/kc/buy/cgsh_order_operate.html HTTP/1.1" 200 638
180.164.1.25 - - [23/Feb/2024:10:07:50 +0800] "GET /xingrg/all/function/internal_message.html?_=1708654070938&CODE_STATE=getMsg HTTP/1.1" 200 27
116.230.123.222 - - [23/Feb/2024:10:07:53 +0800] "GET /xingrg/kc/buy/cgsh_order_operate.html?command=get_materiel&rest_code=00111&code=00101019435&supplier_code=00100037&order_time=2024-02-23 HTTP/1.1" 200 417
116.232.194.112 - - [23/Feb/2024:10:07:53 +0800] "GET /xingrg/all/function/internal_message.html?_=1708654048584&CODE_STATE=getMsg HTTP/1.1" 200 27
222.70.242.249 - - [23/Feb/2024:10:07:56 +0800] "POST /xingrg/services/DataTransmitService HTTP/1.1" 200 524
222.70.242.249 - - [23/Feb/2024:10:07:57 +0800] "POST /xingrg/services/DataTransmitService HTTP/1.1" 200 412
222.70.242.249 - - [23/Feb/2024:10:07:57 +0800] "POST /xingrg/services/DataTransmitService HTTP/1.1" 200 524
222.70.242.249 - - [23/Feb/2024:10:07:58 +0800] "POST /xingrg/services/DataTransmitService HTTP/1.1" 200 412
116.230.123.222 - - [23/Feb/2024:10:07:59 +0800] "GET /xingrg/all/function/internal_message.html?_=1708654076575&CODE_STATE=getMsg HTTP/1.1" 200 27
58.40.7.146 - - [23/Feb/2024:10:08:00 +0800] "GET /xingrg/all/function/internal_message.html?_=1708654080030&CODE_STATE=getMsg HTTP/1.1" 200 27
116.232.194.112 - - [23/Feb/2024:10:08:00 +0800] "GET /xingrg/all/function/internal_message.html?_=1708654054891&CODE_STATE=getMsg HTTP/1.1" 200 27
221.239.172.101 - - [23/Feb/2024:10:08:03 +0800] "GET /xingrg/all/function/internal_message.html?_=1708654082309&CODE_STATE=getMsg HTTP/1.1" 200 27
116.230.123.222 - - [23/Feb/2024:10:08:08 +0800] "GET /xingrg/kc/buy/cgsh_order_operate.html?command=get_materiel&rest_code=00111&code=00101009011&supplier_code=00100037&order_time=2024-02-23 HTTP/1.1" 200 416
116.228.172.94 - - [23/Feb/2024:10:08:12 +0800] "GET /xingrg/all/function/internal_message.html?_=1708653879121&CODE_STATE=getMsg HTTP/1.1" 302 -
116.238.97.31 - - [23/Feb/2024:10:08:20 +0800] "GET /xingrg/all/function/internal_message.html?_=1708654101496&CODE_STATE=getMsg HTTP/1.1" 200 27
120.253.135.82 - - [23/Feb/2024:10:08:22 +0800] "GET /xingrg/all/function/internal_message.html?_=1708653935885&CODE_STATE=getMsg HTTP/1.1" 200 27
116.230.123.222 - - [23/Feb/2024:10:08:22 +0800] "GET /xingrg/kc/buy/cgsh_order_operate.html?command=get_materiel&rest_code=00111&code=00101009015&supplier_code=00100037&order_time=2024-02-23 HTTP/1.1" 200 416
222.70.242.249 - - [23/Feb/2024:10:08:26 +0800] "GET /xingrg/all/function/internal_message.html?_=1708654124051&CODE_STATE=getMsg HTTP/1.1" 200 27
116.224.254.208 - - [23/Feb/2024:10:08:29 +0800] "GET /xingrg/all/function/internal_message.html?_=1708654109217&CODE_STATE=getMsg HTTP/1.1" 200 27
124.78.67.200 - - [23/Feb/2024:10:08:29 +0800] "GET /xingrg/all/function/internal_message.html?_=1708654109930&CODE_STATE=getMsg HTTP/1.1" 200 27
116.237.75.51 - - [23/Feb/2024:10:08:31 +0800] "GET /xingrg/check_reg.html?_=1708654116092 HTTP/1.1" 200 22
116.237.75.51 - - [23/Feb/2024:10:08:32 +0800] "GET /xingrg/all/function/internal_message.html?_=1708654117145&CODE_STATE=getMsg HTTP/1.1" 200 27
180.163.30.85 - - [23/Feb/2024:10:08:32 +0800] "GET /xingrg/all/function/internal_message.html?_=1708654057156&CODE_STATE=getMsg HTTP/1.1" 302 -
180.163.30.85 - - [23/Feb/2024:10:08:32 +0800] "GET /xingrg/login.html HTTP/1.1" 200 7641
116.224.254.208 - - [23/Feb/2024:10:08:32 +0800] "GET /xingrg/all/function/internal_message.html?_=1708654113222&CODE_STATE=getMsg HTTP/1.1" 200 27
116.230.123.222 - - [23/Feb/2024:10:08:34 +0800] "GET /xingrg/kc/buy/cgsh_order_operate.html?command=get_materiel&rest_code=00111&code=00101012029&supplier_code=00100037&order_time=2024-02-23 HTTP/1.1" 200 412
180.169.147.146 - - [23/Feb/2024:10:08:39 +0800] "GET /xingrg/all/function/internal_message.html?_=1708654119227&CODE_STATE=getMsg HTTP/1.1" 200 27
222.70.115.1 - - [23/Feb/2024:10:08:41 +0800] "GET /xingrg/check_reg.html?_=1708654129781 HTTP/1.1" 200 22
222.70.115.1 - - [23/Feb/2024:10:08:41 +0800] "GET /xingrg/all/function/internal_message.html?_=1708654129783&CODE_STATE=getMsg HTTP/1.1" 200 27
222.69.131.13 - - [23/Feb/2024:10:08:41 +0800] "GET /xingrg/all/function/internal_message.html?_=1708654122543&CODE_STATE=getMsg HTTP/1.1" 200 27
218.79.28.144 - - [23/Feb/2024:10:08:42 +0800] "GET /xingrg/all/function/internal_message.html?_=1708654129149&CODE_STATE=getMsg HTTP/1.1" 200 27
180.169.147.146 - - [23/Feb/2024:10:08:43 +0800] "GET /xingrg/all/function/internal_message.html?_=1708654123216&CODE_STATE=getMsg HTTP/1.1" 200 27
101.83.145.37 - - [23/Feb/2024:10:08:45 +0800] "GET /xingrg/check_reg.html?_=1708654126618 HTTP/1.1" 200 22
120.253.135.82 - - [23/Feb/2024:10:08:45 +0800] "GET /xingrg/check_reg.html?_=1708653958941 HTTP/1.1" 200 22
101.83.145.37 - - [23/Feb/2024:10:08:45 +0800] "GET /xingrg/all/function/internal_message.html?_=1708654127326&CODE_STATE=getMsg HTTP/1.1" 200 27
116.230.123.222 - - [23/Feb/2024:10:08:46 +0800] "GET /xingrg/kc/buy/cgsh_order_operate.html?command=get_materiel&rest_code=00111&code=00101009113&supplier_code=00100037&order_time=2024-02-23 HTTP/1.1" 200 413
116.230.123.222 - - [23/Feb/2024:10:08:46 +0800] "POST /xingrg/services/DataTransmitService HTTP/1.1" 200 524
180.164.1.25 - - [23/Feb/2024:10:08:50 +0800] "GET /xingrg/all/function/internal_message.html?_=1708654130913&CODE_STATE=getMsg HTTP/1.1" 200 27
180.164.1.25 - - [23/Feb/2024:10:08:51 +0800] "GET /xingrg/check_reg.html?_=1708654131316 HTTP/1.1" 200 22
116.232.194.112 - - [23/Feb/2024:10:08:53 +0800] "GET /xingrg/all/function/internal_message.html?_=1708654108584&CODE_STATE=getMsg HTTP/1.1" 200 27
180.157.174.252 - - [23/Feb/2024:10:08:57 +0800] "GET /xingrg/login_supplier.html HTTP/1.1" 200 3208
120.253.135.82 - - [23/Feb/2024:10:08:57 +0800] "GET /xingrg/kc/pszx/mdqp_order_list.html?state=10 HTTP/1.1" 200 10319
120.253.135.82 - - [23/Feb/2024:10:08:58 +0800] "GET /xingrg/dwr/interface/AjaxQqpsService.js HTTP/1.1" 200 16326
120.253.135.82 - - [23/Feb/2024:10:08:58 +0800] "GET /xingrg/dwr/interface/AjaxReportQueryService.js HTTP/1.1" 200 13203
120.253.135.82 - - [23/Feb/2024:10:08:58 +0800] "GET /xingrg/dwr/engine.js HTTP/1.1" 200 43631
180.157.174.252 - - [23/Feb/2024:10:08:58 +0800] "GET /favicon.ico HTTP/1.1" 404 -
116.230.123.222 - - [23/Feb/2024:10:08:59 +0800] "GET /xingrg/all/function/internal_message.html?_=1708654136563&CODE_STATE=getMsg HTTP/1.1" 200 27
58.40.7.146 - - [23/Feb/2024:10:09:00 +0800] "GET /xingrg/all/function/internal_message.html?_=1708654140033&CODE_STATE=getMsg HTTP/1.1" 200 27
116.232.194.112 - - [23/Feb/2024:10:09:00 +0800] "GET /xingrg/all/function/internal_message.html?_=1708654114871&CODE_STATE=getMsg HTTP/1.1" 200 27
116.230.123.222 - - [23/Feb/2024:10:09:02 +0800] "GET /xingrg/kc/buy/cgsh_order_operate.html?command=get_materiel&rest_code=00111&code=00101009004&supplier_code=00100037&order_time=2024-02-23 HTTP/1.1" 200 409
221.239.172.101 - - [23/Feb/2024:10:09:03 +0800] "GET /xingrg/all/function/internal_message.html?_=1708654142314&CODE_STATE=getMsg HTTP/1.1" 200 27
221.239.172.101 - - [23/Feb/2024:10:09:03 +0800] "GET /xingrg/check_reg.html?_=1708654142320 HTTP/1.1" 200 22
116.230.123.222 - - [23/Feb/2024:10:09:06 +0800] "POST /xingrg/services/DataTransmitService HTTP/1.1" 200 501
116.230.123.222 - - [23/Feb/2024:10:09:07 +0800] "POST /xingrg/services/DataTransmitService HTTP/1.1" 200 501
180.157.174.252 - - [23/Feb/2024:10:09:08 +0800] "POST /xingrg/login_supplier.html HTTP/1.1" 302 -
180.157.174.252 - - [23/Feb/2024:10:09:08 +0800] "GET /xingrg/supplier_index.html?sysBaseUrl=http%3A%2F%2F180.169.147.146%3A18081%2Fxingrg%2F&costTime=251×tamp=1708654148365 HTTP/1.1" 200 9061
180.157.174.252 - - [23/Feb/2024:10:09:08 +0800] "GET /favicon.ico HTTP/1.1" 404 -
116.228.172.94 - - [23/Feb/2024:10:09:12 +0800] "GET /xingrg/all/function/internal_message.html?_=1708653939121&CODE_STATE=getMsg HTTP/1.1" 302 -
116.230.123.222 - - [23/Feb/2024:10:09:14 +0800] "POST /xingrg/services/DataTransmitService HTTP/1.1" 200 501
116.232.194.112 - - [23/Feb/2024:10:09:15 +0800] "GET /xingrg/check_reg.html?_=1708654130621 HTTP/1.1" 200 22
116.238.97.31 - - [23/Feb/2024:10:09:20 +0800] "GET /xingrg/all/function/internal_message.html?_=1708654161466&CODE_STATE=getMsg HTTP/1.1" 200 27
116.230.123.222 - - [23/Feb/2024:10:09:21 +0800] "POST /xingrg/services/DataTransmitService HTTP/1.1" 200 501
116.230.123.222 - - [23/Feb/2024:10:09:22 +0800] "POST /xingrg/services/DataTransmitService HTTP/1.1" 200 501
120.253.135.82 - - [23/Feb/2024:10:09:22 +0800] "GET /xingrg/all/function/internal_message.html?_=1708653996005&CODE_STATE=getMsg HTTP/1.1" 200 27
222.70.242.249 - - [23/Feb/2024:10:09:26 +0800] "GET /xingrg/all/function/internal_message.html?_=1708654184064&CODE_STATE=getMsg HTTP/1.1" 200 27
116.230.123.222 - - [23/Feb/2024:10:09:26 +0800] "POST /xingrg/services/DataTransmitService HTTP/1.1" 200 501
116.230.123.222 - - [23/Feb/2024:10:09:27 +0800] "POST /xingrg/services/DataTransmitService HTTP/1.1" 200 501
116.230.123.222 - - [23/Feb/2024:10:09:27 +0800] "POST /xingrg/services/DataTransmitService HTTP/1.1" 200 501
116.230.123.222 - - [23/Feb/2024:10:09:28 +0800] "POST /xingrg/services/DataTransmitService HTTP/1.1" 200 412
116.224.254.208 - - [23/Feb/2024:10:09:29 +0800] "GET /xingrg/all/function/internal_message.html?_=1708654169201&CODE_STATE=getMsg HTTP/1.1" 200 27
124.78.67.200 - - [23/Feb/2024:10:09:29 +0800] "GET /xingrg/all/function/internal_message.html?_=1708654169929&CODE_STATE=getMsg HTTP/1.1" 200 27
180.157.174.252 - - [23/Feb/2024:10:09:31 +0800] "GET /xingrg/supplier/cgsh_order_list.html HTTP/1.1" 200 10896
116.237.75.51 - - [23/Feb/2024:10:09:32 +0800] "GET /xingrg/all/function/internal_message.html?_=1708654177128&CODE_STATE=getMsg HTTP/1.1" 200 27
116.224.254.208 - - [23/Feb/2024:10:09:32 +0800] "GET /xingrg/all/function/internal_message.html?_=1708654173242&CODE_STATE=getMsg HTTP/1.1" 200 27
116.224.254.208 - - [23/Feb/2024:10:09:32 +0800] "GET /xingrg/check_reg.html?_=1708654173245 HTTP/1.1" 200 22
116.230.123.222 - - [23/Feb/2024:10:09:36 +0800] "POST /xingrg/kc/buy/cgsh_order_operate.html HTTP/1.1" 200 37
180.157.174.252 - - [23/Feb/2024:10:09:39 +0800] "POST /xingrg/supplier/cgsh_list_operate.html HTTP/1.1" 200 6899
180.169.147.146 - - [23/Feb/2024:10:09:39 +0800] "GET /xingrg/all/function/internal_message.html?_=1708654179228&CODE_STATE=getMsg HTTP/1.1" 200 27
222.70.115.1 - - [23/Feb/2024:10:09:41 +0800] "GET /xingrg/all/function/internal_message.html?_=1708654189768&CODE_STATE=getMsg HTTP/1.1" 200 27
222.69.131.13 - - [23/Feb/2024:10:09:41 +0800] "GET /xingrg/all/function/internal_message.html?_=1708654182530&CODE_STATE=getMsg HTTP/1.1" 200 27
218.79.28.144 - - [23/Feb/2024:10:09:42 +0800] "GET /xingrg/all/function/internal_message.html?_=1708654189136&CODE_STATE=getMsg HTTP/1.1" 200 27
180.169.147.146 - - [23/Feb/2024:10:09:43 +0800] "GET /xingrg/all/function/internal_message.html?_=1708654183217&CODE_STATE=getMsg HTTP/1.1" 200 27
116.230.123.222 - - [23/Feb/2024:10:09:45 +0800] "POST /xingrg/kc/buy/cgsh_order_operate.html HTTP/1.1" 200 12
101.83.145.37 - - [23/Feb/2024:10:09:45 +0800] "GET /xingrg/all/function/internal_message.html?_=1708654187298&CODE_STATE=getMsg HTTP/1.1" 200 27
116.230.123.222 - - [23/Feb/2024:10:09:48 +0800] "GET /xingrg/kc/buy/cgsh_order_info.html?code=212024022306011 HTTP/1.1" 200 68334
116.230.123.222 - - [23/Feb/2024:10:09:48 +0800] "GET /xingrg/javascript/easyui/themes/default/validatebox.css HTTP/1.1" 404 1104
116.230.123.222 - - [23/Feb/2024:10:09:49 +0800] "POST /xingrg/kc/buy/cgsh_order_operate.html HTTP/1.1" 200 4150
180.164.1.25 - - [23/Feb/2024:10:09:50 +0800] "GET /xingrg/all/function/internal_message.html?_=1708654190903&CODE_STATE=getMsg HTTP/1.1" 200 27
116.230.123.222 - - [23/Feb/2024:10:09:51 +0800] "GET /xingrg/kc/print/load_config.html?kc_code=cgsh HTTP/1.1" 200 1927
116.230.123.222 - - [23/Feb/2024:10:09:52 +0800] "GET /xingrg/kc/print/load_data.html?order_code=212024022306011&kc_code=cgsh&condition= HTTP/1.1" 200 2099
116.232.194.112 - - [23/Feb/2024:10:09:53 +0800] "GET /xingrg/all/function/internal_message.html?_=1708654168584&CODE_STATE=getMsg HTTP/1.1" 200 27
116.230.123.222 - - [23/Feb/2024:10:09:59 +0800] "GET /xingrg/all/function/internal_message.html?_=1708654196575&CODE_STATE=getMsg HTTP/1.1" 200 27
116.232.194.112 - - [23/Feb/2024:10:10:00 +0800] "GET /xingrg/all/function/internal_message.html?_=1708654174855&CODE_STATE=getMsg HTTP/1.1" 200 27
58.40.7.146 - - [23/Feb/2024:10:10:01 +0800] "GET /xingrg/all/function/internal_message.html?_=1708654201243&CODE_STATE=getMsg HTTP/1.1" 200 27
221.239.172.101 - - [23/Feb/2024:10:10:03 +0800] "GET /xingrg/all/function/internal_message.html?_=1708654202320&CODE_STATE=getMsg HTTP/1.1" 200 27
116.230.123.222 - - [23/Feb/2024:10:10:06 +0800] "GET /xingrg/kc/buy/cgsh_order_add.html HTTP/1.1" 200 73423
116.230.123.222 - - [23/Feb/2024:10:10:07 +0800] "POST /xingrg/kc/buy/cgsh_order_operate.html HTTP/1.1" 200 8245
116.230.123.222 - - [23/Feb/2024:10:10:07 +0800] "GET /xingrg/javascript/easyui/themes/default/validatebox.css HTTP/1.1" 404 1104
180.157.174.252 - - [23/Feb/2024:10:10:08 +0800] "GET /xingrg/javascript/jquery_tools/images/prev.gif HTTP/1.1" 404 1086
180.157.174.252 - - [23/Feb/2024:10:10:08 +0800] "GET /xingrg/javascript/jquery_tools/images/next.gif HTTP/1.1" 404 1086
116.228.172.94 - - [23/Feb/2024:10:10:12 +0800] "GET /xingrg/check_reg.html?_=1708653999117 HTTP/1.1" 302 -
116.228.172.94 - - [23/Feb/2024:10:10:12 +0800] "GET /xingrg/all/function/internal_message.html?_=1708653999119&CODE_STATE=getMsg HTTP/1.1" 302 -
180.157.174.252 - - [23/Feb/2024:10:10:18 +0800] "POST /xingrg/supplier/cgsh_list_operate.html HTTP/1.1" 200 6365
116.238.97.31 - - [23/Feb/2024:10:10:20 +0800] "GET /xingrg/all/function/internal_message.html?_=1708654221444&CODE_STATE=getMsg HTTP/1.1" 200 27
120.253.135.82 - - [23/Feb/2024:10:10:22 +0800] "GET /xingrg/all/function/internal_message.html?_=1708654056017&CODE_STATE=getMsg HTTP/1.1" 200 27
116.230.123.222 - - [23/Feb/2024:10:10:25 +0800] "GET /xingrg/kc/buy/cgsh_order_operate.html?command=get_materiel&rest_code=00111&code=00101002027&supplier_code=00100199&order_time=2024-02-23 HTTP/1.1" 200 434
222.70.242.249 - - [23/Feb/2024:10:10:26 +0800] "GET /xingrg/all/function/internal_message.html?_=1708654244080&CODE_STATE=getMsg HTTP/1.1" 200 27
180.157.174.252 - - [23/Feb/2024:10:10:28 +0800] "POST /xingrg/supplier/cgsh_list_operate.html HTTP/1.1" 200 4350
116.224.254.208 - - [23/Feb/2024:10:10:29 +0800] "GET /xingrg/all/function/internal_message.html?_=1708654229192&CODE_STATE=getMsg HTTP/1.1" 200 27
124.78.67.200 - - [23/Feb/2024:10:10:29 +0800] "GET /xingrg/all/function/internal_message.html?_=1708654229941&CODE_STATE=getMsg HTTP/1.1" 200 27
116.237.75.51 - - [23/Feb/2024:10:10:32 +0800] "GET /xingrg/all/function/internal_message.html?_=1708654237115&CODE_STATE=getMsg HTTP/1.1" 200 27
