222.70.242.249 - - [23/Feb/2024:11:02:31 +0800] "POST /xingrg/services/DataTransmitService HTTP/1.1" 200 524
222.70.242.249 - - [23/Feb/2024:11:02:32 +0800] "POST /xingrg/services/DataTransmitService HTTP/1.1" 200 2331
116.224.254.208 - - [23/Feb/2024:11:02:32 +0800] "GET /xingrg/all/function/internal_message.html?_=1708657353229&CODE_STATE=getMsg HTTP/1.1" 200 27
116.237.75.51 - - [23/Feb/2024:11:02:37 +0800] "GET /xingrg/all/function/internal_message.html?_=1708657362065&CODE_STATE=getMsg HTTP/1.1" 200 27
180.169.147.146 - - [23/Feb/2024:11:02:39 +0800] "GET /xingrg/all/function/internal_message.html?_=1708657359262&CODE_STATE=getMsg HTTP/1.1" 200 27
222.70.242.249 - - [23/Feb/2024:11:02:41 +0800] "POST /xingrg/services/DataTransmitService HTTP/1.1" 200 524
222.69.131.13 - - [23/Feb/2024:11:02:41 +0800] "GET /xingrg/all/function/internal_message.html?_=1708657362526&CODE_STATE=getMsg HTTP/1.1" 200 27
222.70.115.1 - - [23/Feb/2024:11:02:41 +0800] "GET /xingrg/all/function/internal_message.html?_=1708657369909&CODE_STATE=getMsg HTTP/1.1" 200 27
218.79.28.144 - - [23/Feb/2024:11:02:42 +0800] "GET /xingrg/all/function/internal_message.html?_=1708657369174&CODE_STATE=getMsg HTTP/1.1" 200 27
120.253.135.82 - - [23/Feb/2024:11:02:42 +0800] "GET /xingrg/kc/pszx/mdqp_order_list.html?state=10 HTTP/1.1" 200 11164
120.253.135.82 - - [23/Feb/2024:11:02:42 +0800] "GET /xingrg/dwr/engine.js HTTP/1.1" 200 43631
120.253.135.82 - - [23/Feb/2024:11:02:42 +0800] "GET /xingrg/dwr/interface/AjaxReportQueryService.js HTTP/1.1" 200 13203
120.253.135.82 - - [23/Feb/2024:11:02:42 +0800] "GET /xingrg/dwr/interface/AjaxQqpsService.js HTTP/1.1" 200 16326
222.70.242.249 - - [23/Feb/2024:11:02:43 +0800] "POST /xingrg/services/DataTransmitService HTTP/1.1" 200 412
222.70.242.249 - - [23/Feb/2024:11:02:43 +0800] "POST /xingrg/services/DataTransmitService HTTP/1.1" 200 524
222.70.242.249 - - [23/Feb/2024:11:02:45 +0800] "POST /xingrg/services/DataTransmitService HTTP/1.1" 200 412
101.83.145.37 - - [23/Feb/2024:11:02:45 +0800] "GET /xingrg/all/function/internal_message.html?_=1708657366637&CODE_STATE=getMsg HTTP/1.1" 200 27
120.253.135.82 - - [23/Feb/2024:11:02:47 +0800] "GET /xingrg/kc/pszx/mdqp_order_info.html?code=302024022300235 HTTP/1.1" 200 13350
120.253.135.82 - - [23/Feb/2024:11:02:47 +0800] "GET /xingrg/dwr/interface/AjaxComOrderService.js HTTP/1.1" 200 18264
120.253.135.82 - - [23/Feb/2024:11:02:47 +0800] "GET /xingrg/dwr/engine.js HTTP/1.1" 200 43631
120.253.135.82 - - [23/Feb/2024:11:02:47 +0800] "GET /xingrg/dwr/interface/AjaxQqpsService.js HTTP/1.1" 200 16326
120.253.135.82 - - [23/Feb/2024:11:02:48 +0800] "POST /xingrg/dwr/call/plaincall/AjaxQqpsService.loadMaterielItems.dwr HTTP/1.1" 200 366
180.164.1.25 - - [23/Feb/2024:11:02:50 +0800] "GET /xingrg/all/function/internal_message.html?_=1708657370097&CODE_STATE=getMsg HTTP/1.1" 200 27
120.253.135.82 - - [23/Feb/2024:11:02:50 +0800] "GET /xingrg/kc/pszx/mdqp_order_list.html?isBack=1 HTTP/1.1" 302 -
120.253.135.82 - - [23/Feb/2024:11:02:51 +0800] "GET /xingrg/kc/pszx/mdqp_order_list.html?state=10 HTTP/1.1" 200 11164
120.253.135.82 - - [23/Feb/2024:11:02:51 +0800] "GET /xingrg/dwr/interface/AjaxReportQueryService.js HTTP/1.1" 200 13203
120.253.135.82 - - [23/Feb/2024:11:02:51 +0800] "GET /xingrg/dwr/interface/AjaxQqpsService.js HTTP/1.1" 200 16326
120.253.135.82 - - [23/Feb/2024:11:02:51 +0800] "GET /xingrg/dwr/engine.js HTTP/1.1" 200 43631
222.70.242.249 - - [23/Feb/2024:11:02:51 +0800] "POST /xingrg/services/DataTransmitService HTTP/1.1" 200 524
222.70.242.249 - - [23/Feb/2024:11:02:53 +0800] "POST /xingrg/services/DataTransmitService HTTP/1.1" 200 2331
116.232.194.112 - - [23/Feb/2024:11:02:53 +0800] "GET /xingrg/all/function/internal_message.html?_=1708657348578&CODE_STATE=getMsg HTTP/1.1" 200 27
116.230.123.222 - - [23/Feb/2024:11:02:59 +0800] "GET /xingrg/all/function/internal_message.html?_=1708657376188&CODE_STATE=getMsg HTTP/1.1" 200 27
116.232.194.112 - - [23/Feb/2024:11:02:59 +0800] "GET /xingrg/all/function/internal_message.html?_=1708657353973&CODE_STATE=getMsg HTTP/1.1" 200 27
58.40.7.146 - - [23/Feb/2024:11:03:00 +0800] "GET /xingrg/all/function/internal_message.html?_=1708657380268&CODE_STATE=getMsg HTTP/1.1" 200 27
222.70.242.249 - - [23/Feb/2024:11:03:01 +0800] "POST /xingrg/services/DataTransmitService HTTP/1.1" 200 524
221.239.172.101 - - [23/Feb/2024:11:03:03 +0800] "GET /xingrg/all/function/internal_message.html?_=1708657382384&CODE_STATE=getMsg HTTP/1.1" 200 27
222.70.242.249 - - [23/Feb/2024:11:03:06 +0800] "POST /xingrg/services/DataTransmitService HTTP/1.1" 200 501
222.70.242.249 - - [23/Feb/2024:11:03:07 +0800] "POST /xingrg/services/DataTransmitService HTTP/1.1" 200 524
222.70.242.249 - - [23/Feb/2024:11:03:09 +0800] "POST /xingrg/services/DataTransmitService HTTP/1.1" 200 412
222.70.242.249 - - [23/Feb/2024:11:03:10 +0800] "POST /xingrg/services/DataTransmitService HTTP/1.1" 200 524
222.70.242.249 - - [23/Feb/2024:11:03:11 +0800] "POST /xingrg/services/DataTransmitService HTTP/1.1" 200 2331
116.228.172.94 - - [23/Feb/2024:11:03:12 +0800] "GET /xingrg/all/function/internal_message.html?_=1708657179116&CODE_STATE=getMsg HTTP/1.1" 302 -
116.238.97.31 - - [23/Feb/2024:11:03:20 +0800] "GET /xingrg/all/function/internal_message.html?_=1708657400679&CODE_STATE=getMsg HTTP/1.1" 200 27
222.70.242.249 - - [23/Feb/2024:11:03:23 +0800] "POST /xingrg/services/DataTransmitService HTTP/1.1" 200 524
222.70.242.249 - - [23/Feb/2024:11:03:24 +0800] "POST /xingrg/services/DataTransmitService HTTP/1.1" 200 412
222.70.242.249 - - [23/Feb/2024:11:03:25 +0800] "POST /xingrg/services/DataTransmitService HTTP/1.1" 200 524
120.253.135.82 - - [23/Feb/2024:11:03:25 +0800] "GET /xingrg/all/function/internal_message.html?_=1708657239155&CODE_STATE=getMsg HTTP/1.1" 200 27
222.70.242.249 - - [23/Feb/2024:11:03:26 +0800] "POST /xingrg/services/DataTransmitService HTTP/1.1" 200 412
222.70.242.249 - - [23/Feb/2024:11:03:27 +0800] "POST /xingrg/services/DataTransmitService HTTP/1.1" 200 524
116.224.254.208 - - [23/Feb/2024:11:03:28 +0800] "GET /xingrg/all/function/internal_message.html?_=1708657408267&CODE_STATE=getMsg HTTP/1.1" 200 27
222.70.242.249 - - [23/Feb/2024:11:03:28 +0800] "POST /xingrg/services/DataTransmitService HTTP/1.1" 200 2331
124.78.67.200 - - [23/Feb/2024:11:03:29 +0800] "GET /xingrg/all/function/internal_message.html?_=1708657409943&CODE_STATE=getMsg HTTP/1.1" 200 27
101.83.217.210 - - [23/Feb/2024:11:03:30 +0800] "GET /xingrg/all/function/internal_message.html?_=1708657410525&CODE_STATE=getMsg HTTP/1.1" 200 27
116.237.75.51 - - [23/Feb/2024:11:03:31 +0800] "GET /xingrg/check_reg.html?_=1708657416672 HTTP/1.1" 200 22
116.224.254.208 - - [23/Feb/2024:11:03:32 +0800] "GET /xingrg/all/function/internal_message.html?_=1708657413224&CODE_STATE=getMsg HTTP/1.1" 200 27
116.237.75.51 - - [23/Feb/2024:11:03:37 +0800] "GET /xingrg/all/function/internal_message.html?_=1708657422056&CODE_STATE=getMsg HTTP/1.1" 200 27
222.70.242.249 - - [23/Feb/2024:11:03:38 +0800] "POST /xingrg/services/DataTransmitService HTTP/1.1" 200 524
180.169.147.146 - - [23/Feb/2024:11:03:39 +0800] "GET /xingrg/all/function/internal_message.html?_=1708657419253&CODE_STATE=getMsg HTTP/1.1" 200 27
222.69.131.13 - - [23/Feb/2024:11:03:41 +0800] "GET /xingrg/all/function/internal_message.html?_=1708657422532&CODE_STATE=getMsg HTTP/1.1" 200 27
222.70.115.1 - - [23/Feb/2024:11:03:41 +0800] "GET /xingrg/all/function/internal_message.html?_=1708657429908&CODE_STATE=getMsg HTTP/1.1" 200 27
222.70.115.1 - - [23/Feb/2024:11:03:41 +0800] "GET /xingrg/check_reg.html?_=1708657429909 HTTP/1.1" 200 22
218.79.28.144 - - [23/Feb/2024:11:03:42 +0800] "GET /xingrg/all/function/internal_message.html?_=1708657429175&CODE_STATE=getMsg HTTP/1.1" 200 27
222.70.242.249 - - [23/Feb/2024:11:03:43 +0800] "POST /xingrg/services/DataTransmitService HTTP/1.1" 200 501
101.83.145.37 - - [23/Feb/2024:11:03:45 +0800] "GET /xingrg/all/function/internal_message.html?_=1708657426637&CODE_STATE=getMsg HTTP/1.1" 200 27
101.83.145.37 - - [23/Feb/2024:11:03:45 +0800] "GET /xingrg/check_reg.html?_=1708657426640 HTTP/1.1" 200 22
120.253.135.82 - - [23/Feb/2024:11:03:45 +0800] "GET /xingrg/check_reg.html?_=1708657259000 HTTP/1.1" 200 22
222.70.242.249 - - [23/Feb/2024:11:03:46 +0800] "POST /xingrg/services/DataTransmitService HTTP/1.1" 200 524
222.70.242.249 - - [23/Feb/2024:11:03:48 +0800] "POST /xingrg/services/DataTransmitService HTTP/1.1" 200 412
222.70.242.249 - - [23/Feb/2024:11:03:49 +0800] "POST /xingrg/services/DataTransmitService HTTP/1.1" 200 524
180.164.1.25 - - [23/Feb/2024:11:03:50 +0800] "GET /xingrg/all/function/internal_message.html?_=1708657430083&CODE_STATE=getMsg HTTP/1.1" 200 27
222.70.242.249 - - [23/Feb/2024:11:03:50 +0800] "POST /xingrg/services/DataTransmitService HTTP/1.1" 200 2331
180.164.1.25 - - [23/Feb/2024:11:03:51 +0800] "GET /xingrg/check_reg.html?_=1708657431138 HTTP/1.1" 200 22
116.232.194.112 - - [23/Feb/2024:11:03:53 +0800] "GET /xingrg/all/function/internal_message.html?_=1708657408582&CODE_STATE=getMsg HTTP/1.1" 200 27
222.70.115.1 - - [23/Feb/2024:11:03:56 +0800] "GET /xingrg/logout.do HTTP/1.1" 302 -
222.70.115.1 - - [23/Feb/2024:11:03:56 +0800] "GET /xingrg/login.html?sysBaseUrl=http%3A%2F%2F180.169.147.146%3A18081%2Fxingrg%2F&costTime=32×tamp=1708657436051 HTTP/1.1" 200 7641
116.230.123.222 - - [23/Feb/2024:11:03:59 +0800] "GET /xingrg/all/function/internal_message.html?_=1708657436172&CODE_STATE=getMsg HTTP/1.1" 200 27
116.232.194.112 - - [23/Feb/2024:11:03:59 +0800] "GET /xingrg/all/function/internal_message.html?_=1708657413957&CODE_STATE=getMsg HTTP/1.1" 200 27
58.40.7.146 - - [23/Feb/2024:11:04:00 +0800] "GET /xingrg/all/function/internal_message.html?_=1708657440242&CODE_STATE=getMsg HTTP/1.1" 200 27
222.70.242.249 - - [23/Feb/2024:11:04:00 +0800] "POST /xingrg/services/DataTransmitService HTTP/1.1" 200 524
222.70.242.249 - - [23/Feb/2024:11:04:01 +0800] "POST /xingrg/services/DataTransmitService HTTP/1.1" 200 412
221.239.172.101 - - [23/Feb/2024:11:04:03 +0800] "GET /xingrg/all/function/internal_message.html?_=1708657442384&CODE_STATE=getMsg HTTP/1.1" 200 27
221.239.172.101 - - [23/Feb/2024:11:04:03 +0800] "GET /xingrg/check_reg.html?_=1708657442387 HTTP/1.1" 200 22
222.70.115.1 - - [23/Feb/2024:11:04:05 +0800] "POST /xingrg/login.do HTTP/1.1" 302 -
222.70.115.1 - - [23/Feb/2024:11:04:05 +0800] "GET /xingrg/index.html?sysBaseUrl=http%3A%2F%2F180.169.147.146%3A18081%2Fxingrg%2F&costTime=859×tamp=1708657445813 HTTP/1.1" 200 17179
222.70.115.1 - - [23/Feb/2024:11:04:06 +0800] "GET /xingrg/check_reg.html?_=1708657454349 HTTP/1.1" 200 22
222.70.115.1 - - [23/Feb/2024:11:04:06 +0800] "GET /xingrg/all/function/internal_message.html?_=1708657454348&CODE_STATE=count HTTP/1.1" 200 11
222.70.115.1 - - [23/Feb/2024:11:04:06 +0800] "POST /xingrg/all/common/load_tree.html?tree=area_rest_tree_json&manage=1 HTTP/1.1" 200 351
222.70.115.1 - - [23/Feb/2024:11:04:06 +0800] "POST /xingrg/load_menu.html HTTP/1.1" 200 5138
222.70.242.249 - - [23/Feb/2024:11:04:11 +0800] "POST /xingrg/services/DataTransmitService HTTP/1.1" 200 524
116.228.172.94 - - [23/Feb/2024:11:04:12 +0800] "GET /xingrg/all/function/internal_message.html?_=1708657239123&CODE_STATE=getMsg HTTP/1.1" 302 -
222.70.242.249 - - [23/Feb/2024:11:04:12 +0800] "POST /xingrg/services/DataTransmitService HTTP/1.1" 200 2331
116.232.194.112 - - [23/Feb/2024:11:04:16 +0800] "GET /xingrg/check_reg.html?_=1708657430619 HTTP/1.1" 200 22
116.238.97.31 - - [23/Feb/2024:11:04:20 +0800] "GET /xingrg/all/function/internal_message.html?_=1708657460658&CODE_STATE=getMsg HTTP/1.1" 200 27
222.70.242.249 - - [23/Feb/2024:11:04:20 +0800] "POST /xingrg/services/DataTransmitService HTTP/1.1" 200 524
222.70.242.249 - - [23/Feb/2024:11:04:21 +0800] "POST /xingrg/services/DataTransmitService HTTP/1.1" 200 412
222.70.242.249 - - [23/Feb/2024:11:04:22 +0800] "POST /xingrg/services/DataTransmitService HTTP/1.1" 200 524
222.70.242.249 - - [23/Feb/2024:11:04:23 +0800] "POST /xingrg/services/DataTransmitService HTTP/1.1" 200 412
120.253.135.82 - - [23/Feb/2024:11:04:25 +0800] "GET /xingrg/all/function/internal_message.html?_=1708657299168&CODE_STATE=getMsg HTTP/1.1" 200 27
222.70.242.249 - - [23/Feb/2024:11:04:25 +0800] "POST /xingrg/services/DataTransmitService HTTP/1.1" 200 524
222.70.242.249 - - [23/Feb/2024:11:04:26 +0800] "POST /xingrg/services/DataTransmitService HTTP/1.1" 200 2331
116.224.254.208 - - [23/Feb/2024:11:04:28 +0800] "GET /xingrg/all/function/internal_message.html?_=1708657468251&CODE_STATE=getMsg HTTP/1.1" 200 27
124.78.67.200 - - [23/Feb/2024:11:04:29 +0800] "GET /xingrg/all/function/internal_message.html?_=1708657469936&CODE_STATE=getMsg HTTP/1.1" 200 27
101.83.217.210 - - [23/Feb/2024:11:04:30 +0800] "GET /xingrg/all/function/internal_message.html?_=1708657470534&CODE_STATE=getMsg HTTP/1.1" 200 27
101.83.217.210 - - [23/Feb/2024:11:04:30 +0800] "GET /xingrg/check_reg.html?_=1708657470540 HTTP/1.1" 200 22
116.224.254.208 - - [23/Feb/2024:11:04:32 +0800] "GET /xingrg/check_reg.html?_=1708657473230 HTTP/1.1" 200 22
116.224.254.208 - - [23/Feb/2024:11:04:32 +0800] "GET /xingrg/all/function/internal_message.html?_=1708657473233&CODE_STATE=getMsg HTTP/1.1" 200 27
116.237.75.51 - - [23/Feb/2024:11:04:37 +0800] "GET /xingrg/all/function/internal_message.html?_=1708657482027&CODE_STATE=getMsg HTTP/1.1" 200 27
180.169.147.146 - - [23/Feb/2024:11:04:39 +0800] "GET /xingrg/all/function/internal_message.html?_=1708657479272&CODE_STATE=getMsg HTTP/1.1" 200 27
222.69.131.13 - - [23/Feb/2024:11:04:41 +0800] "GET /xingrg/all/function/internal_message.html?_=1708657482527&CODE_STATE=getMsg HTTP/1.1" 200 27
218.79.28.144 - - [23/Feb/2024:11:04:42 +0800] "GET /xingrg/all/function/internal_message.html?_=1708657489178&CODE_STATE=getMsg HTTP/1.1" 200 27
101.83.145.37 - - [23/Feb/2024:11:04:45 +0800] "GET /xingrg/all/function/internal_message.html?_=1708657486640&CODE_STATE=getMsg HTTP/1.1" 200 27
180.164.1.25 - - [23/Feb/2024:11:04:50 +0800] "GET /xingrg/all/function/internal_message.html?_=1708657490069&CODE_STATE=getMsg HTTP/1.1" 200 27
222.70.242.249 - - [23/Feb/2024:11:04:51 +0800] "POST /xingrg/services/DataTransmitService HTTP/1.1" 200 524
116.232.194.112 - - [23/Feb/2024:11:04:53 +0800] "GET /xingrg/all/function/internal_message.html?_=1708657468581&CODE_STATE=getMsg HTTP/1.1" 200 27
222.70.242.249 - - [23/Feb/2024:11:04:56 +0800] "POST /xingrg/services/DataTransmitService HTTP/1.1" 200 501
116.230.123.222 - - [23/Feb/2024:11:04:59 +0800] "GET /xingrg/all/function/internal_message.html?_=1708657496156&CODE_STATE=getMsg HTTP/1.1" 200 27
116.232.194.112 - - [23/Feb/2024:11:04:59 +0800] "GET /xingrg/all/function/internal_message.html?_=1708657473941&CODE_STATE=getMsg HTTP/1.1" 200 27
58.40.7.146 - - [23/Feb/2024:11:05:00 +0800] "GET /xingrg/all/function/internal_message.html?_=1708657500214&CODE_STATE=getMsg HTTP/1.1" 200 27
221.239.172.101 - - [23/Feb/2024:11:05:03 +0800] "GET /xingrg/all/function/internal_message.html?_=1708657502384&CODE_STATE=getMsg HTTP/1.1" 200 27
222.70.115.1 - - [23/Feb/2024:11:05:06 +0800] "GET /xingrg/all/function/internal_message.html?_=1708657514349&CODE_STATE=getMsg HTTP/1.1" 200 27
116.230.123.222 - - [23/Feb/2024:11:05:10 +0800] "GET /xingrg/kc/print/load_data.html?order_code=212024022306025&kc_code=cgsh&condition= HTTP/1.1" 200 704
116.228.172.94 - - [23/Feb/2024:11:05:12 +0800] "GET /xingrg/check_reg.html?_=1708657299117 HTTP/1.1" 302 -
116.228.172.94 - - [23/Feb/2024:11:05:12 +0800] "GET /xingrg/all/function/internal_message.html?_=1708657299119&CODE_STATE=getMsg HTTP/1.1" 302 -
222.70.242.249 - - [23/Feb/2024:11:05:16 +0800] "POST /xingrg/services/DataTransmitService HTTP/1.1" 200 524
222.70.242.249 - - [23/Feb/2024:11:05:18 +0800] "POST /xingrg/services/DataTransmitService HTTP/1.1" 200 412
116.230.123.222 - - [23/Feb/2024:11:05:19 +0800] "GET /xingrg/kc/buy/cgsh_order_add.html HTTP/1.1" 200 73423
222.70.242.249 - - [23/Feb/2024:11:05:19 +0800] "POST /xingrg/services/DataTransmitService HTTP/1.1" 200 524
116.230.123.222 - - [23/Feb/2024:11:05:19 +0800] "POST /xingrg/kc/buy/cgsh_order_operate.html HTTP/1.1" 200 8245
116.230.123.222 - - [23/Feb/2024:11:05:19 +0800] "GET /xingrg/javascript/easyui/themes/default/validatebox.css HTTP/1.1" 404 1104
116.238.97.31 - - [23/Feb/2024:11:05:20 +0800] "GET /xingrg/all/function/internal_message.html?_=1708657520645&CODE_STATE=getMsg HTTP/1.1" 200 27
222.70.242.249 - - [23/Feb/2024:11:05:20 +0800] "POST /xingrg/services/DataTransmitService HTTP/1.1" 200 2331
101.83.145.37 - - [23/Feb/2024:11:05:21 +0800] "POST /xingrg/services/DataTransmitService HTTP/1.1" 200 524
114.83.221.124 - - [23/Feb/2024:11:05:21 +0800] "POST /xingrg/services/DataTransmitService HTTP/1.1" 200 524
114.83.221.124 - - [23/Feb/2024:11:05:23 +0800] "POST /xingrg/services/DataTransmitService HTTP/1.1" 200 412
120.253.135.82 - - [23/Feb/2024:11:05:25 +0800] "GET /xingrg/all/function/internal_message.html?_=1708657359182&CODE_STATE=getMsg HTTP/1.1" 200 27
116.224.254.208 - - [23/Feb/2024:11:05:28 +0800] "GET /xingrg/all/function/internal_message.html?_=1708657528236&CODE_STATE=getMsg HTTP/1.1" 200 27
124.78.67.200 - - [23/Feb/2024:11:05:29 +0800] "GET /xingrg/all/function/internal_message.html?_=1708657529933&CODE_STATE=getMsg HTTP/1.1" 200 27
101.83.217.210 - - [23/Feb/2024:11:05:30 +0800] "GET /xingrg/all/function/internal_message.html?_=1708657530538&CODE_STATE=getMsg HTTP/1.1" 200 27
116.224.254.208 - - [23/Feb/2024:11:05:32 +0800] "GET /xingrg/all/function/internal_message.html?_=1708657533229&CODE_STATE=getMsg HTTP/1.1" 200 27
116.237.75.51 - - [23/Feb/2024:11:05:37 +0800] "GET /xingrg/all/function/internal_message.html?_=1708657542006&CODE_STATE=getMsg HTTP/1.1" 200 27
116.230.123.222 - - [23/Feb/2024:11:05:37 +0800] "GET /xingrg/kc/buy/cgsh_order_operate.html?command=get_materiel&rest_code=00111&code=00101002006&supplier_code=00100091&order_time=2024-02-23 HTTP/1.1" 200 434
180.169.147.146 - - [23/Feb/2024:11:05:39 +0800] "GET /xingrg/check_reg.html?_=1708657539251 HTTP/1.1" 200 22
180.169.147.146 - - [23/Feb/2024:11:05:39 +0800] "GET /xingrg/all/function/internal_message.html?_=1708657539254&CODE_STATE=getMsg HTTP/1.1" 200 27
222.69.131.13 - - [23/Feb/2024:11:05:41 +0800] "GET /xingrg/all/function/internal_message.html?_=1708657542521&CODE_STATE=getMsg HTTP/1.1" 200 27
218.79.28.144 - - [23/Feb/2024:11:05:42 +0800] "GET /xingrg/check_reg.html?_=1708657549180 HTTP/1.1" 200 22
218.79.28.144 - - [23/Feb/2024:11:05:42 +0800] "GET /xingrg/all/function/internal_message.html?_=1708657549185&CODE_STATE=getMsg HTTP/1.1" 200 27
101.83.145.37 - - [23/Feb/2024:11:05:45 +0800] "GET /xingrg/all/function/internal_message.html?_=1708657546642&CODE_STATE=getMsg HTTP/1.1" 200 27
180.164.1.25 - - [23/Feb/2024:11:05:50 +0800] "GET /xingrg/all/function/internal_message.html?_=1708657550043&CODE_STATE=getMsg HTTP/1.1" 200 27
116.230.123.222 - - [23/Feb/2024:11:05:53 +0800] "GET /xingrg/kc/buy/cgsh_order_operate.html?command=get_materiel&rest_code=00111&code=00101002034&supplier_code=00100091&order_time=2024-02-23 HTTP/1.1" 200 410
116.232.194.112 - - [23/Feb/2024:11:05:53 +0800] "GET /xingrg/all/function/internal_message.html?_=1708657528582&CODE_STATE=getMsg HTTP/1.1" 200 27
116.230.123.222 - - [23/Feb/2024:11:05:59 +0800] "GET /xingrg/all/function/internal_message.html?_=1708657556143&CODE_STATE=getMsg HTTP/1.1" 200 27
116.232.194.112 - - [23/Feb/2024:11:05:59 +0800] "GET /xingrg/all/function/internal_message.html?_=1708657533926&CODE_STATE=getMsg HTTP/1.1" 200 27
116.230.123.222 - - [23/Feb/2024:11:05:59 +0800] "GET /xingrg/check_reg.html?_=1708657556412 HTTP/1.1" 200 22
58.40.7.146 - - [23/Feb/2024:11:06:00 +0800] "GET /xingrg/all/function/internal_message.html?_=1708657560201&CODE_STATE=getMsg HTTP/1.1" 200 27
221.239.172.101 - - [23/Feb/2024:11:06:03 +0800] "GET /xingrg/all/function/internal_message.html?_=1708657562384&CODE_STATE=getMsg HTTP/1.1" 200 27
222.70.242.249 - - [23/Feb/2024:11:06:03 +0800] "POST /xingrg/services/DataTransmitService HTTP/1.1" 200 524
101.83.145.37 - - [23/Feb/2024:11:06:03 +0800] "POST /xingrg/services/DataTransmitService HTTP/1.1" 200 501
222.70.242.249 - - [23/Feb/2024:11:06:03 +0800] "POST /xingrg/services/DataTransmitService HTTP/1.1" 200 524
222.70.242.249 - - [23/Feb/2024:11:06:05 +0800] "POST /xingrg/services/DataTransmitService HTTP/1.1" 200 2331
222.70.115.1 - - [23/Feb/2024:11:06:06 +0800] "GET /xingrg/all/function/internal_message.html?_=1708657574351&CODE_STATE=getMsg HTTP/1.1" 200 27
222.70.242.249 - - [23/Feb/2024:11:06:06 +0800] "POST /xingrg/services/DataTransmitService HTTP/1.1" 200 412
116.230.123.222 - - [23/Feb/2024:11:06:06 +0800] "GET /xingrg/kc/buy/cgsh_order_operate.html?command=get_materiel&rest_code=00111&code=00101003037&supplier_code=00100091&order_time=2024-02-23 HTTP/1.1" 200 418
116.228.172.94 - - [23/Feb/2024:11:06:12 +0800] "GET /xingrg/all/function/internal_message.html?_=1708657359109&CODE_STATE=getMsg HTTP/1.1" 302 -
116.238.97.31 - - [23/Feb/2024:11:06:20 +0800] "GET /xingrg/all/function/internal_message.html?_=1708657580630&CODE_STATE=getMsg HTTP/1.1" 200 27
120.253.135.82 - - [23/Feb/2024:11:06:21 +0800] "GET /xingrg/login.html HTTP/1.1" 200 7641
222.70.242.249 - - [23/Feb/2024:11:06:22 +0800] "POST /xingrg/services/DataTransmitService HTTP/1.1" 200 524
222.70.242.249 - - [23/Feb/2024:11:06:24 +0800] "POST /xingrg/services/DataTransmitService HTTP/1.1" 200 412
120.253.135.82 - - [23/Feb/2024:11:06:24 +0800] "POST /xingrg/login.do HTTP/1.1" 302 -
222.70.242.249 - - [23/Feb/2024:11:06:24 +0800] "POST /xingrg/services/DataTransmitService HTTP/1.1" 200 524
120.253.135.82 - - [23/Feb/2024:11:06:24 +0800] "GET /xingrg/index.html?sysBaseUrl=http%3A%2F%2F180.169.147.146%3A18081%2Fxingrg%2F&costTime=1105×tamp=1708657584585 HTTP/1.1" 200 17173
120.253.135.82 - - [23/Feb/2024:11:06:24 +0800] "GET /xingrg/all/function/internal_message.html?_=1708657753122&CODE_STATE=count HTTP/1.1" 200 11
120.253.135.82 - - [23/Feb/2024:11:06:24 +0800] "GET /xingrg/check_reg.html?_=1708657753122 HTTP/1.1" 200 22
120.253.135.82 - - [23/Feb/2024:11:06:25 +0800] "POST /xingrg/all/common/load_tree.html?tree=area_rest_tree_json&manage=1 HTTP/1.1" 200 344
120.253.135.82 - - [23/Feb/2024:11:06:25 +0800] "POST /xingrg/load_menu.html HTTP/1.1" 200 6743
120.253.135.82 - - [23/Feb/2024:11:06:25 +0800] "GET /xingrg/all/function/internal_message.html?_=1708657419324&CODE_STATE=getMsg HTTP/1.1" 200 27
222.70.242.249 - - [23/Feb/2024:11:06:25 +0800] "POST /xingrg/services/DataTransmitService HTTP/1.1" 200 412
116.224.254.208 - - [23/Feb/2024:11:06:28 +0800] "GET /xingrg/all/function/internal_message.html?_=1708657588220&CODE_STATE=getMsg HTTP/1.1" 200 27
222.70.242.249 - - [23/Feb/2024:11:06:28 +0800] "POST /xingrg/services/DataTransmitService HTTP/1.1" 200 524
222.70.242.249 - - [23/Feb/2024:11:06:29 +0800] "POST /xingrg/services/DataTransmitService HTTP/1.1" 200 2331
124.78.67.200 - - [23/Feb/2024:11:06:29 +0800] "GET /xingrg/all/function/internal_message.html?_=1708657589960&CODE_STATE=getMsg HTTP/1.1" 200 27
101.83.217.210 - - [23/Feb/2024:11:06:30 +0800] "GET /xingrg/all/function/internal_message.html?_=1708657590533&CODE_STATE=getMsg HTTP/1.1" 200 27
116.224.254.208 - - [23/Feb/2024:11:06:31 +0800] "GET /xingrg/check_reg.html?_=1708657590849 HTTP/1.1" 200 22
116.224.254.208 - - [23/Feb/2024:11:06:32 +0800] "GET /xingrg/all/function/internal_message.html?_=1708657593224&CODE_STATE=getMsg HTTP/1.1" 200 27
120.253.135.82 - - [23/Feb/2024:11:06:32 +0800] "GET /xingrg/kc/pszx/mdqp_order_list.html?state=10 HTTP/1.1" 200 11164
120.253.135.82 - - [23/Feb/2024:11:06:32 +0800] "GET /xingrg/javascript/pic_change.js HTTP/1.1" 304 -
120.253.135.82 - - [23/Feb/2024:11:06:32 +0800] "GET /xingrg/dwr/interface/AjaxReportQueryService.js HTTP/1.1" 200 13203
120.253.135.82 - - [23/Feb/2024:11:06:32 +0800] "GET /xingrg/dwr/interface/AjaxQqpsService.js HTTP/1.1" 200 16326
120.253.135.82 - - [23/Feb/2024:11:06:32 +0800] "GET /xingrg/dwr/util.js HTTP/1.1" 304 -
120.253.135.82 - - [23/Feb/2024:11:06:32 +0800] "GET /xingrg/dwr/engine.js HTTP/1.1" 200 43631
120.253.135.82 - - [23/Feb/2024:11:06:32 +0800] "GET /xingrg/javascript/myfunction.js HTTP/1.1" 304 -
222.70.242.249 - - [23/Feb/2024:11:06:37 +0800] "POST /xingrg/services/DataTransmitService HTTP/1.1" 200 524
116.237.75.51 - - [23/Feb/2024:11:06:37 +0800] "GET /xingrg/all/function/internal_message.html?_=1708657601980&CODE_STATE=getMsg HTTP/1.1" 200 27
180.163.28.143 - - [23/Feb/2024:11:06:37 +0800] "GET /xingrg/all/function/internal_message.html?_=1708657542006&CODE_STATE=getMsg HTTP/1.1" 302 -
180.163.28.143 - - [23/Feb/2024:11:06:37 +0800] "GET /xingrg/login.html HTTP/1.1" 200 7641
116.232.194.112 - - [23/Feb/2024:11:06:37 +0800] "GET /xingrg/check_reg.html?_=1708657572265 HTTP/1.1" 200 22
180.169.147.146 - - [23/Feb/2024:11:06:39 +0800] "GET /xingrg/all/function/internal_message.html?_=1708657599273&CODE_STATE=getMsg HTTP/1.1" 200 27
222.69.131.13 - - [23/Feb/2024:11:06:41 +0800] "GET /xingrg/all/function/internal_message.html?_=1708657602535&CODE_STATE=getMsg HTTP/1.1" 200 27
222.69.131.13 - - [23/Feb/2024:11:06:41 +0800] "GET /xingrg/check_reg.html?_=1708657602539 HTTP/1.1" 200 22
120.253.135.82 - - [23/Feb/2024:11:06:42 +0800] "GET /xingrg/kc/pszx/mdps_order_list.html?orderType=0 HTTP/1.1" 200 20995
218.79.28.144 - - [23/Feb/2024:11:06:42 +0800] "GET /xingrg/all/function/internal_message.html?_=1708657609172&CODE_STATE=getMsg HTTP/1.1" 200 27
120.253.135.82 - - [23/Feb/2024:11:06:42 +0800] "POST /xingrg/kc/pszx/mdps_list_operate.html HTTP/1.1" 200 5252
222.70.242.249 - - [23/Feb/2024:11:06:43 +0800] "POST /xingrg/services/DataTransmitService HTTP/1.1" 200 501
116.230.123.222 - - [23/Feb/2024:11:06:43 +0800] "POST /xingrg/kc/buy/cgsh_order_operate.html HTTP/1.1" 200 37
101.83.145.37 - - [23/Feb/2024:11:06:45 +0800] "GET /xingrg/all/function/internal_message.html?_=1708657606642&CODE_STATE=getMsg HTTP/1.1" 200 27
180.164.1.25 - - [23/Feb/2024:11:06:50 +0800] "GET /xingrg/all/function/internal_message.html?_=1708657610017&CODE_STATE=getMsg HTTP/1.1" 200 27
222.70.242.249 - - [23/Feb/2024:11:06:53 +0800] "POST /xingrg/services/DataTransmitService HTTP/1.1" 200 524
116.230.123.222 - - [23/Feb/2024:11:06:53 +0800] "POST /xingrg/kc/buy/cgsh_order_operate.html HTTP/1.1" 200 12
116.232.194.112 - - [23/Feb/2024:11:06:53 +0800] "GET /xingrg/all/function/internal_message.html?_=1708657588571&CODE_STATE=getMsg HTTP/1.1" 200 27
116.232.194.112 - - [23/Feb/2024:11:06:53 +0800] "GET /xingrg/check_reg.html?_=1708657588573 HTTP/1.1" 200 22
222.70.242.249 - - [23/Feb/2024:11:06:54 +0800] "POST /xingrg/services/DataTransmitService HTTP/1.1" 200 412
222.70.242.249 - - [23/Feb/2024:11:06:55 +0800] "POST /xingrg/services/DataTransmitService HTTP/1.1" 200 524
222.70.242.249 - - [23/Feb/2024:11:06:56 +0800] "POST /xingrg/services/DataTransmitService HTTP/1.1" 200 412
116.232.194.112 - - [23/Feb/2024:11:06:59 +0800] "GET /xingrg/all/function/internal_message.html?_=1708657593910&CODE_STATE=getMsg HTTP/1.1" 200 27
222.70.242.249 - - [23/Feb/2024:11:06:59 +0800] "POST /xingrg/services/DataTransmitService HTTP/1.1" 200 524
58.40.7.146 - - [23/Feb/2024:11:07:00 +0800] "GET /xingrg/check_reg.html?_=1708657620064 HTTP/1.1" 200 22
58.40.7.146 - - [23/Feb/2024:11:07:00 +0800] "GET /xingrg/all/function/internal_message.html?_=1708657620177&CODE_STATE=getMsg HTTP/1.1" 200 27
222.70.242.249 - - [23/Feb/2024:11:07:00 +0800] "POST /xingrg/services/DataTransmitService HTTP/1.1" 200 2331
116.230.123.222 - - [23/Feb/2024:11:07:01 +0800] "GET /xingrg/kc/buy/cgsh_order_info.html?code=212024022306026 HTTP/1.1" 200 68336
116.230.123.222 - - [23/Feb/2024:11:07:02 +0800] "GET /xingrg/javascript/easyui/themes/default/validatebox.css HTTP/1.1" 404 1104
221.239.172.101 - - [23/Feb/2024:11:07:03 +0800] "GET /xingrg/all/function/internal_message.html?_=1708657622383&CODE_STATE=getMsg HTTP/1.1" 200 27
116.230.123.222 - - [23/Feb/2024:11:07:03 +0800] "POST /xingrg/kc/buy/cgsh_order_operate.html HTTP/1.1" 200 1802
116.230.123.222 - - [23/Feb/2024:11:07:05 +0800] "GET /xingrg/kc/print/load_data.html?order_code=212024022306026&kc_code=cgsh&condition= HTTP/1.1" 200 1234
222.70.115.1 - - [23/Feb/2024:11:07:06 +0800] "GET /xingrg/all/function/internal_message.html?_=1708657634353&CODE_STATE=getMsg HTTP/1.1" 200 27
222.70.242.249 - - [23/Feb/2024:11:07:08 +0800] "POST /xingrg/services/DataTransmitService HTTP/1.1" 200 524
222.70.242.249 - - [23/Feb/2024:11:07:09 +0800] "POST /xingrg/services/DataTransmitService HTTP/1.1" 200 412
116.230.123.222 - - [23/Feb/2024:11:07:09 +0800] "GET /xingrg/kc/buy/cgsh_order_add.html HTTP/1.1" 200 73423
116.230.123.222 - - [23/Feb/2024:11:07:09 +0800] "POST /xingrg/kc/buy/cgsh_order_operate.html HTTP/1.1" 200 8245
116.230.123.222 - - [23/Feb/2024:11:07:10 +0800] "GET /xingrg/javascript/easyui/themes/default/validatebox.css HTTP/1.1" 404 1104
116.228.172.94 - - [23/Feb/2024:11:07:12 +0800] "GET /xingrg/all/function/internal_message.html?_=1708657419116&CODE_STATE=getMsg HTTP/1.1" 302 -
222.70.115.1 - - [23/Feb/2024:11:07:17 +0800] "GET /xingrg/kc/buy/buy_main.html HTTP/1.1" 200 12412
222.70.115.1 - - [23/Feb/2024:11:07:17 +0800] "GET /xingrg/css/new_ie.css HTTP/1.1" 404 1036
222.70.115.1 - - [23/Feb/2024:11:07:18 +0800] "GET /xingrg/images/yd/bt.gif HTTP/1.1" 404 1040
222.70.115.1 - - [23/Feb/2024:11:07:19 +0800] "GET /xingrg/kc/buy/cgsh_order_list.html HTTP/1.1" 200 57698
116.238.97.31 - - [23/Feb/2024:11:07:20 +0800] "GET /xingrg/all/function/internal_message.html?_=1708657640607&CODE_STATE=getMsg HTTP/1.1" 200 27
116.230.123.222 - - [23/Feb/2024:11:07:20 +0800] "GET /xingrg/kc/buy/cgsh_order_operate.html?command=get_materiel&rest_code=00111&code=00101002007&supplier_code=00100442&order_time=2024-02-23 HTTP/1.1" 200 409
116.238.97.31 - - [23/Feb/2024:11:07:20 +0800] "GET /xingrg/check_reg.html?_=1708657641193 HTTP/1.1" 200 22
222.70.115.1 - - [23/Feb/2024:11:07:22 +0800] "POST /xingrg/kc/buy/cgsh_list_operate.html HTTP/1.1" 200 986
120.253.135.82 - - [23/Feb/2024:11:07:24 +0800] "GET /xingrg/all/function/internal_message.html?_=1708657813131&CODE_STATE=getMsg HTTP/1.1" 200 27
120.253.135.82 - - [23/Feb/2024:11:07:25 +0800] "GET /xingrg/all/function/internal_message.html?_=1708657479334&CODE_STATE=getMsg HTTP/1.1" 200 27
116.224.254.208 - - [23/Feb/2024:11:07:28 +0800] "GET /xingrg/all/function/internal_message.html?_=1708657648207&CODE_STATE=getMsg HTTP/1.1" 200 27
124.78.67.200 - - [23/Feb/2024:11:07:29 +0800] "GET /xingrg/check_reg.html?_=1708657649945 HTTP/1.1" 200 22
124.78.67.200 - - [23/Feb/2024:11:07:29 +0800] "GET /xingrg/all/function/internal_message.html?_=1708657649949&CODE_STATE=getMsg HTTP/1.1" 200 27
222.70.242.249 - - [23/Feb/2024:11:07:29 +0800] "POST /xingrg/services/DataTransmitService HTTP/1.1" 200 524
101.83.217.210 - - [23/Feb/2024:11:07:30 +0800] "GET /xingrg/all/function/internal_message.html?_=1708657650528&CODE_STATE=getMsg HTTP/1.1" 200 27
222.70.242.249 - - [23/Feb/2024:11:07:31 +0800] "POST /xingrg/services/DataTransmitService HTTP/1.1" 200 412
116.224.254.208 - - [23/Feb/2024:11:07:32 +0800] "GET /xingrg/all/function/internal_message.html?_=1708657653229&CODE_STATE=getMsg HTTP/1.1" 200 27
116.230.123.222 - - [23/Feb/2024:11:07:32 +0800] "POST /xingrg/kc/buy/cgsh_order_operate.html HTTP/1.1" 200 37
222.70.242.249 - - [23/Feb/2024:11:07:33 +0800] "POST /xingrg/services/DataTransmitService HTTP/1.1" 200 524
222.70.242.249 - - [23/Feb/2024:11:07:35 +0800] "POST /xingrg/services/DataTransmitService HTTP/1.1" 200 2331
116.237.75.51 - - [23/Feb/2024:11:07:37 +0800] "GET /xingrg/all/function/internal_message.html?_=1708657661964&CODE_STATE=getMsg HTTP/1.1" 200 27
116.237.75.51 - - [23/Feb/2024:11:07:37 +0800] "GET /xingrg/kc/base/base_main.html HTTP/1.1" 200 12142
180.169.147.146 - - [23/Feb/2024:11:07:39 +0800] "GET /xingrg/all/function/internal_message.html?_=1708657659254&CODE_STATE=getMsg HTTP/1.1" 200 27
116.237.75.51 - - [23/Feb/2024:11:07:40 +0800] "GET /xingrg/kc/base/wldb_order_list.html HTTP/1.1" 200 19013
116.237.75.51 - - [23/Feb/2024:11:07:41 +0800] "POST /xingrg/kc/base/wldb_list_operate.html HTTP/1.1" 200 2558
222.70.242.249 - - [23/Feb/2024:11:07:41 +0800] "POST /xingrg/services/DataTransmitService HTTP/1.1" 200 524
222.69.131.13 - - [23/Feb/2024:11:07:41 +0800] "GET /xingrg/all/function/internal_message.html?_=1708657662529&CODE_STATE=getMsg HTTP/1.1" 200 27
218.79.28.144 - - [23/Feb/2024:11:07:42 +0800] "GET /xingrg/all/function/internal_message.html?_=1708657669173&CODE_STATE=getMsg HTTP/1.1" 200 27
222.70.242.249 - - [23/Feb/2024:11:07:43 +0800] "POST /xingrg/services/DataTransmitService HTTP/1.1" 200 412
222.70.115.1 - - [23/Feb/2024:11:07:43 +0800] "GET /xingrg/kc/buy/cgsh_order_add.html HTTP/1.1" 200 73546
116.230.123.222 - - [23/Feb/2024:11:07:45 +0800] "POST /xingrg/kc/buy/cgsh_order_operate.html HTTP/1.1" 200 12
101.83.145.37 - - [23/Feb/2024:11:07:45 +0800] "GET /xingrg/all/function/internal_message.html?_=1708657666641&CODE_STATE=getMsg HTTP/1.1" 200 27
222.70.115.1 - - [23/Feb/2024:11:07:45 +0800] "GET /xingrg/css/base.css HTTP/1.1" 200 2811
222.70.115.1 - - [23/Feb/2024:11:07:45 +0800] "GET /xingrg/javascript/jquery_tools/jquery.tools.extend.js HTTP/1.1" 200 15385
222.70.115.1 - - [23/Feb/2024:11:07:45 +0800] "GET /xingrg/css/site.css HTTP/1.1" 200 7541
222.70.115.1 - - [23/Feb/2024:11:07:45 +0800] "GET /xingrg/javascript/easyui/themes/icon.css HTTP/1.1" 200 4483
222.70.115.1 - - [23/Feb/2024:11:07:45 +0800] "GET /xingrg/javascript/auto/jquery.autocomplete.css HTTP/1.1" 200 587
222.70.115.1 - - [23/Feb/2024:11:07:45 +0800] "GET /xingrg/javascript/easyui/themes/default/easyui.css HTTP/1.1" 200 30432
222.70.115.1 - - [23/Feb/2024:11:07:45 +0800] "GET /xingrg/javascript/jquery_tools/jquery.tools.min.js HTTP/1.1" 200 138801
222.70.115.1 - - [23/Feb/2024:11:07:45 +0800] "GET /xingrg/javascript/jquery_tools/datebox.css HTTP/1.1" 200 2597
222.70.115.1 - - [23/Feb/2024:11:07:45 +0800] "GET /xingrg/javascript/jquery_tools/fix.css HTTP/1.1" 200 1702
222.70.115.1 - - [23/Feb/2024:11:07:45 +0800] "GET /xingrg/javascript/jquery_tools/jquery.tools.hotkey.js HTTP/1.1" 200 3242
222.70.115.1 - - [23/Feb/2024:11:07:45 +0800] "GET /xingrg/javascript/jquery_tools/jquery.tools.table.js HTTP/1.1" 200 6994
222.70.115.1 - - [23/Feb/2024:11:07:45 +0800] "GET /xingrg/javascript/jquery_tools/table.css HTTP/1.1" 200 1032
222.70.115.1 - - [23/Feb/2024:11:07:45 +0800] "GET /xingrg/javascript/pic_change.js HTTP/1.1" 200 4739
222.70.115.1 - - [23/Feb/2024:11:07:45 +0800] "GET /xingrg/javascript/auto/jquery.autocomplete.js HTTP/1.1" 200 21624
222.70.115.1 - - [23/Feb/2024:11:07:45 +0800] "GET /xingrg/javascript/easyui/easyloader.js HTTP/1.1" 200 5975
222.70.115.1 - - [23/Feb/2024:11:07:45 +0800] "GET /xingrg/javascript/jquery.utils.js HTTP/1.1" 200 11805
222.70.115.1 - - [23/Feb/2024:11:07:45 +0800] "GET /xingrg/javascript/jquery_tools/order_manager.js HTTP/1.1" 200 11183
222.70.115.1 - - [23/Feb/2024:11:07:45 +0800] "GET /xingrg/javascript/convert.js HTTP/1.1" 200 1239
222.70.115.1 - - [23/Feb/2024:11:07:45 +0800] "GET /xingrg/javascript/json2.js HTTP/1.1" 200 11259
222.70.115.1 - - [23/Feb/2024:11:07:45 +0800] "GET /xingrg/javascript/jquery.cookie.js HTTP/1.1" 200 5513
222.70.115.1 - - [23/Feb/2024:11:07:45 +0800] "GET /xingrg/javascript/print/LodopFuncs.js HTTP/1.1" 200 5121
222.70.115.1 - - [23/Feb/2024:11:07:45 +0800] "GET /xingrg/javascript/print/kc_print.js HTTP/1.1" 200 11415
222.70.115.1 - - [23/Feb/2024:11:07:45 +0800] "GET /xingrg/words/20240222114519_words.js HTTP/1.1" 200 1013853
222.70.115.1 - - [23/Feb/2024:11:07:45 +0800] "GET /xingrg/javascript/easyui/themes/icons/ok.png HTTP/1.1" 200 883
222.70.115.1 - - [23/Feb/2024:11:07:45 +0800] "GET /xingrg/javascript/easyui/themes/icons/copy_new.png HTTP/1.1" 200 815
222.70.115.1 - - [23/Feb/2024:11:07:45 +0800] "GET /xingrg/javascript/easyui/themes/icons/template_new.png HTTP/1.1" 200 3956
222.70.115.1 - - [23/Feb/2024:11:07:45 +0800] "GET /xingrg/javascript/easyui/themes/icons/print.png HTTP/1.1" 200 1057
222.70.115.1 - - [23/Feb/2024:11:07:45 +0800] "GET /xingrg/javascript/easyui/themes/default/images/menu_downarrow.png HTTP/1.1" 200 173
222.70.115.1 - - [23/Feb/2024:11:07:45 +0800] "GET /xingrg/javascript/easyui/themes/icons/cancel.png HTTP/1.1" 200 1133
222.70.115.1 - - [23/Feb/2024:11:07:46 +0800] "GET /xingrg/javascript/easyui/plugins/jquery.parser.js HTTP/1.1" 200 1142
222.70.115.1 - - [23/Feb/2024:11:07:46 +0800] "POST /xingrg/kc/buy/cgsh_order_operate.html HTTP/1.1" 200 8245
222.70.115.1 - - [23/Feb/2024:11:07:46 +0800] "GET /xingrg/javascript/easyui/themes/default/validatebox.css HTTP/1.1" 404 1104
222.70.115.1 - - [23/Feb/2024:11:07:46 +0800] "GET /xingrg/javascript/easyui/plugins/jquery.validatebox.js HTTP/1.1" 200 6103
222.70.115.1 - - [23/Feb/2024:11:07:46 +0800] "GET /xingrg/javascript/easyui/plugins/jquery.numberbox.js HTTP/1.1" 200 5213
222.70.115.1 - - [23/Feb/2024:11:07:46 +0800] "GET /xingrg/javascript/easyui/themes/icons/edit_remove.png HTTP/1.1" 200 625
222.70.115.1 - - [23/Feb/2024:11:07:46 +0800] "GET /xingrg/all/common/auto_word.html?type=employee&rest_code=00156 HTTP/1.1" 200 47
222.70.115.1 - - [23/Feb/2024:11:07:46 +0800] "GET /xingrg/all/common/auto_word.html?type=employee&rest_code=00156 HTTP/1.1" 200 47
116.237.75.51 - - [23/Feb/2024:11:07:46 +0800] "POST /xingrg/kc/buy/cgsh_list_operate.html HTTP/1.1" 200 1852
116.237.75.51 - - [23/Feb/2024:11:07:47 +0800] "GET /xingrg/kc/base/wldb_order_add.html HTTP/1.1" 200 30348
116.237.75.51 - - [23/Feb/2024:11:07:48 +0800] "GET /xingrg/javascript/easyui/themes/default/validatebox.css HTTP/1.1" 404 1104
116.237.75.51 - - [23/Feb/2024:11:07:48 +0800] "POST /xingrg/kc/base/wldb_order_operate.html HTTP/1.1" 200 6806
222.70.115.1 - - [23/Feb/2024:11:07:48 +0800] "GET /xingrg/javascript/auto/indicator.gif HTTP/1.1" 404 1066
180.164.1.25 - - [23/Feb/2024:11:07:50 +0800] "GET /xingrg/all/function/internal_message.html?_=1708657669999&CODE_STATE=getMsg HTTP/1.1" 200 27
222.70.115.1 - - [23/Feb/2024:11:07:52 +0800] "GET /xingrg/index.html?sysBaseUrl=http%3A%2F%2F180.169.147.146%3A18081%2Fxingrg%2F&costTime=859×tamp=1708657445813 HTTP/1.1" 200 17179
222.70.115.1 - - [23/Feb/2024:11:07:52 +0800] "GET /xingrg/check_reg.html?_=1708657680761 HTTP/1.1" 200 22
222.70.115.1 - - [23/Feb/2024:11:07:52 +0800] "GET /xingrg/all/function/internal_message.html?_=1708657680761&CODE_STATE=count HTTP/1.1" 200 11
222.70.115.1 - - [23/Feb/2024:11:07:52 +0800] "POST /xingrg/all/common/load_tree.html?tree=area_rest_tree_json&manage=1 HTTP/1.1" 200 351
222.70.115.1 - - [23/Feb/2024:11:07:52 +0800] "POST /xingrg/load_menu.html HTTP/1.1" 200 5138
116.237.75.51 - - [23/Feb/2024:11:07:53 +0800] "POST /xingrg/all/common/load_combo.html?type=base HTTP/1.1" 200 3227
222.70.115.1 - - [23/Feb/2024:11:07:53 +0800] "GET /xingrg/kc/buy/buy_main.html HTTP/1.1" 200 12412
222.70.115.1 - - [23/Feb/2024:11:07:53 +0800] "GET /xingrg/css/new_ie.css HTTP/1.1" 404 1036
116.232.194.112 - - [23/Feb/2024:11:07:53 +0800] "GET /xingrg/all/function/internal_message.html?_=1708657648578&CODE_STATE=getMsg HTTP/1.1" 200 27
116.230.123.222 - - [23/Feb/2024:11:07:54 +0800] "GET /xingrg/kc/buy/cgsh_order_info.html?code=212024022306027 HTTP/1.1" 200 68334
116.230.123.222 - - [23/Feb/2024:11:07:54 +0800] "GET /xingrg/javascript/easyui/themes/default/validatebox.css HTTP/1.1" 404 1104
222.70.115.1 - - [23/Feb/2024:11:07:55 +0800] "GET /xingrg/kc/buy/cgsh_order_list.html HTTP/1.1" 200 57698
116.230.123.222 - - [23/Feb/2024:11:07:55 +0800] "POST /xingrg/kc/buy/cgsh_order_operate.html HTTP/1.1" 200 606
116.237.75.51 - - [23/Feb/2024:11:07:56 +0800] "POST /xingrg/all/common/load_combo.html?type=base HTTP/1.1" 200 3227
222.70.115.1 - - [23/Feb/2024:11:07:57 +0800] "POST /xingrg/kc/buy/cgsh_list_operate.html HTTP/1.1" 200 986
116.230.123.222 - - [23/Feb/2024:11:07:58 +0800] "GET /xingrg/kc/print/load_data.html?order_code=212024022306027&kc_code=cgsh&condition= HTTP/1.1" 200 701
116.232.194.112 - - [23/Feb/2024:11:07:59 +0800] "GET /xingrg/all/function/internal_message.html?_=1708657653900&CODE_STATE=getMsg HTTP/1.1" 200 27
116.230.123.222 - - [23/Feb/2024:11:07:59 +0800] "GET /xingrg/all/function/internal_message.html?_=1708657676399&CODE_STATE=getMsg HTTP/1.1" 200 27
58.40.7.146 - - [23/Feb/2024:11:08:00 +0800] "GET /xingrg/all/function/internal_message.html?_=1708657680150&CODE_STATE=getMsg HTTP/1.1" 200 27
222.70.242.249 - - [23/Feb/2024:11:08:03 +0800] "POST /xingrg/services/DataTransmitService HTTP/1.1" 200 524
221.239.172.101 - - [23/Feb/2024:11:08:03 +0800] "GET /xingrg/all/function/internal_message.html?_=1708657682388&CODE_STATE=getMsg HTTP/1.1" 200 27
222.70.115.1 - - [23/Feb/2024:11:08:04 +0800] "GET /xingrg/kc/buy/cgsh_order_add.html HTTP/1.1" 200 73546
222.70.115.1 - - [23/Feb/2024:11:08:04 +0800] "GET /xingrg/words/20240222114519_words.js HTTP/1.1" 304 -
222.70.115.1 - - [23/Feb/2024:11:08:04 +0800] "POST /xingrg/kc/buy/cgsh_order_operate.html HTTP/1.1" 200 8245
222.70.115.1 - - [23/Feb/2024:11:08:04 +0800] "GET /xingrg/javascript/easyui/themes/default/validatebox.css HTTP/1.1" 404 1104
116.230.123.222 - - [23/Feb/2024:11:08:04 +0800] "GET /xingrg/kc/buy/cgsh_order_add.html HTTP/1.1" 200 73423
222.70.115.1 - - [23/Feb/2024:11:08:04 +0800] "GET /xingrg/all/common/auto_word.html?type=employee&rest_code=00156 HTTP/1.1" 200 47
222.70.115.1 - - [23/Feb/2024:11:08:04 +0800] "GET /xingrg/all/common/auto_word.html?type=employee&rest_code=00156 HTTP/1.1" 200 47
116.230.123.222 - - [23/Feb/2024:11:08:04 +0800] "POST /xingrg/kc/buy/cgsh_order_operate.html HTTP/1.1" 200 8245
116.230.123.222 - - [23/Feb/2024:11:08:04 +0800] "GET /xingrg/javascript/easyui/themes/default/validatebox.css HTTP/1.1" 404 1104
222.70.242.249 - - [23/Feb/2024:11:08:04 +0800] "POST /xingrg/services/DataTransmitService HTTP/1.1" 200 2331
116.237.75.51 - - [23/Feb/2024:11:08:06 +0800] "GET /xingrg/kc/base/wldb_order_operate.html?command=get_materiel&rest_code=00106&base_code=0010397&code=00102002347 HTTP/1.1" 200 458
222.70.115.1 - - [23/Feb/2024:11:08:06 +0800] "GET /xingrg/javascript/jquery_tools/images/prev.gif HTTP/1.1" 404 1086
222.70.115.1 - - [23/Feb/2024:11:08:06 +0800] "GET /xingrg/javascript/jquery_tools/images/next.gif HTTP/1.1" 404 1086
116.228.172.94 - - [23/Feb/2024:11:08:12 +0800] "GET /xingrg/all/function/internal_message.html?_=1708657479114&CODE_STATE=getMsg HTTP/1.1" 302 -
222.70.242.249 - - [23/Feb/2024:11:08:13 +0800] "POST /xingrg/services/DataTransmitService HTTP/1.1" 200 524
222.70.242.249 - - [23/Feb/2024:11:08:15 +0800] "POST /xingrg/services/DataTransmitService HTTP/1.1" 200 412
116.237.75.51 - - [23/Feb/2024:11:08:16 +0800] "POST /xingrg/kc/base/wldb_order_operate.html HTTP/1.1" 200 37
222.70.242.249 - - [23/Feb/2024:11:08:17 +0800] "POST /xingrg/services/DataTransmitService HTTP/1.1" 200 524
116.237.75.51 - - [23/Feb/2024:11:08:18 +0800] "POST /xingrg/kc/base/wldb_order_operate.html HTTP/1.1" 200 2208
116.237.75.51 - - [23/Feb/2024:11:08:18 +0800] "GET /xingrg/kc/base/wldb_order_info.html?code=422024022301814 HTTP/1.1" 200 30364
222.70.242.249 - - [23/Feb/2024:11:08:19 +0800] "POST /xingrg/services/DataTransmitService HTTP/1.1" 200 2331
116.237.75.51 - - [23/Feb/2024:11:08:19 +0800] "GET /xingrg/javascript/easyui/themes/default/validatebox.css HTTP/1.1" 404 1104
116.238.97.31 - - [23/Feb/2024:11:08:20 +0800] "GET /xingrg/all/function/internal_message.html?_=1708657700596&CODE_STATE=getMsg HTTP/1.1" 200 27
116.237.75.51 - - [23/Feb/2024:11:08:21 +0800] "POST /xingrg/kc/base/wldb_order_operate.html HTTP/1.1" 200 2208
120.253.135.82 - - [23/Feb/2024:11:08:24 +0800] "GET /xingrg/all/function/internal_message.html?_=1708657873132&CODE_STATE=getMsg HTTP/1.1" 200 27
120.253.135.82 - - [23/Feb/2024:11:08:25 +0800] "GET /xingrg/all/function/internal_message.html?_=1708657539462&CODE_STATE=getMsg HTTP/1.1" 200 27
222.70.242.249 - - [23/Feb/2024:11:08:26 +0800] "POST /xingrg/services/DataTransmitService HTTP/1.1" 200 524
116.237.75.51 - - [23/Feb/2024:11:08:27 +0800] "GET /xingrg/kc/base/wldb_order_add.html HTTP/1.1" 200 30348
116.237.75.51 - - [23/Feb/2024:11:08:28 +0800] "GET /xingrg/javascript/easyui/themes/default/validatebox.css HTTP/1.1" 404 1104
116.237.75.51 - - [23/Feb/2024:11:08:28 +0800] "POST /xingrg/kc/base/wldb_order_operate.html HTTP/1.1" 200 6806
116.224.254.208 - - [23/Feb/2024:11:08:28 +0800] "GET /xingrg/all/function/internal_message.html?_=1708657708181&CODE_STATE=getMsg HTTP/1.1" 200 27
124.78.67.200 - - [23/Feb/2024:11:08:29 +0800] "GET /xingrg/all/function/internal_message.html?_=1708657709936&CODE_STATE=getMsg HTTP/1.1" 200 27
116.237.75.51 - - [23/Feb/2024:11:08:32 +0800] "GET /xingrg/check_reg.html?_=1708657716710 HTTP/1.1" 200 22
116.224.254.208 - - [23/Feb/2024:11:08:32 +0800] "GET /xingrg/all/function/internal_message.html?_=1708657713227&CODE_STATE=getMsg HTTP/1.1" 200 27
222.70.242.249 - - [23/Feb/2024:11:08:34 +0800] "POST /xingrg/services/DataTransmitService HTTP/1.1" 200 501
222.70.115.1 - - [23/Feb/2024:11:08:34 +0800] "GET /xingrg/kc/buy/cgsh_order_operate.html?command=get_materiel&rest_code=00156&code=00101009078&supplier_code=00100012&order_time=2024-02-23 HTTP/1.1" 200 408
116.230.123.222 - - [23/Feb/2024:11:08:37 +0800] "GET /xingrg/kc/buy/cgsh_order_operate.html?command=get_materiel&rest_code=00111&code=00101004046&supplier_code=00100312&order_time=2024-02-23 HTTP/1.1" 200 418
116.237.75.51 - - [23/Feb/2024:11:08:37 +0800] "GET /xingrg/all/function/internal_message.html?_=1708657721946&CODE_STATE=getMsg HTTP/1.1" 200 27
116.237.75.51 - - [23/Feb/2024:11:08:37 +0800] "POST /xingrg/all/common/load_combo.html?type=base HTTP/1.1" 200 3227
180.169.147.146 - - [23/Feb/2024:11:08:39 +0800] "GET /xingrg/all/function/internal_message.html?_=1708657719267&CODE_STATE=getMsg HTTP/1.1" 200 27
116.237.75.51 - - [23/Feb/2024:11:08:39 +0800] "POST /xingrg/all/common/load_combo.html?type=base HTTP/1.1" 200 3227
222.69.131.13 - - [23/Feb/2024:11:08:41 +0800] "GET /xingrg/all/function/internal_message.html?_=1708657722539&CODE_STATE=getMsg HTTP/1.1" 200 27
180.164.1.25 - - [23/Feb/2024:11:08:41 +0800] "POST /xingrg/services/DataTransmitService HTTP/1.1" 200 524
218.79.28.144 - - [23/Feb/2024:11:08:42 +0800] "GET /xingrg/all/function/internal_message.html?_=1708657729176&CODE_STATE=getMsg HTTP/1.1" 200 27
101.83.145.37 - - [23/Feb/2024:11:08:45 +0800] "GET /xingrg/check_reg.html?_=1708657726643 HTTP/1.1" 200 22
101.83.145.37 - - [23/Feb/2024:11:08:45 +0800] "GET /xingrg/all/function/internal_message.html?_=1708657726647&CODE_STATE=getMsg HTTP/1.1" 200 27
120.253.135.82 - - [23/Feb/2024:11:08:45 +0800] "GET /xingrg/check_reg.html?_=1708657559003 HTTP/1.1" 200 22
222.70.242.249 - - [23/Feb/2024:11:08:49 +0800] "POST /xingrg/services/DataTransmitService HTTP/1.1" 200 524
180.164.1.25 - - [23/Feb/2024:11:08:50 +0800] "GET /xingrg/all/function/internal_message.html?_=1708657729985&CODE_STATE=getMsg HTTP/1.1" 200 27
222.70.115.1 - - [23/Feb/2024:11:08:50 +0800] "GET /xingrg/kc/buy/cgsh_order_operate.html?command=get_materiel&rest_code=00156&code=00101009004&supplier_code=00100012&order_time=2024-02-23 HTTP/1.1" 200 409
180.164.1.25 - - [23/Feb/2024:11:08:51 +0800] "GET /xingrg/check_reg.html?_=1708657731121 HTTP/1.1" 200 22
222.70.242.249 - - [23/Feb/2024:11:08:51 +0800] "POST /xingrg/services/DataTransmitService HTTP/1.1" 200 412
222.70.115.1 - - [23/Feb/2024:11:08:52 +0800] "GET /xingrg/all/function/internal_message.html?_=1708657740764&CODE_STATE=getMsg HTTP/1.1" 200 27
222.70.242.249 - - [23/Feb/2024:11:08:52 +0800] "POST /xingrg/services/DataTransmitService HTTP/1.1" 200 524
222.70.242.249 - - [23/Feb/2024:11:08:53 +0800] "POST /xingrg/services/DataTransmitService HTTP/1.1" 200 412
116.232.194.112 - - [23/Feb/2024:11:08:53 +0800] "GET /xingrg/all/function/internal_message.html?_=1708657708578&CODE_STATE=getMsg HTTP/1.1" 200 27
222.70.242.249 - - [23/Feb/2024:11:08:56 +0800] "POST /xingrg/services/DataTransmitService HTTP/1.1" 200 524
222.70.242.249 - - [23/Feb/2024:11:08:57 +0800] "POST /xingrg/services/DataTransmitService HTTP/1.1" 200 2331
116.232.194.112 - - [23/Feb/2024:11:08:59 +0800] "GET /xingrg/all/function/internal_message.html?_=1708657713879&CODE_STATE=getMsg HTTP/1.1" 200 27
116.230.123.222 - - [23/Feb/2024:11:08:59 +0800] "GET /xingrg/all/function/internal_message.html?_=1708657736374&CODE_STATE=getMsg HTTP/1.1" 200 27
58.40.7.146 - - [23/Feb/2024:11:09:00 +0800] "GET /xingrg/all/function/internal_message.html?_=1708657740121&CODE_STATE=getMsg HTTP/1.1" 200 27
221.239.172.101 - - [23/Feb/2024:11:09:03 +0800] "GET /xingrg/all/function/internal_message.html?_=1708657742389&CODE_STATE=getMsg HTTP/1.1" 200 27
221.239.172.101 - - [23/Feb/2024:11:09:03 +0800] "GET /xingrg/check_reg.html?_=1708657742390 HTTP/1.1" 200 22
222.70.115.1 - - [23/Feb/2024:11:09:03 +0800] "GET /xingrg/kc/buy/cgsh_order_operate.html?command=get_materiel&rest_code=00156&code=00101009018&supplier_code=00100012&order_time=2024-02-23 HTTP/1.1" 200 409
222.70.242.249 - - [23/Feb/2024:11:09:05 +0800] "POST /xingrg/services/DataTransmitService HTTP/1.1" 200 524
116.228.172.94 - - [23/Feb/2024:11:09:12 +0800] "GET /xingrg/all/function/internal_message.html?_=1708657539110&CODE_STATE=getMsg HTTP/1.1" 302 -
116.232.194.112 - - [23/Feb/2024:11:09:16 +0800] "GET /xingrg/check_reg.html?_=1708657730626 HTTP/1.1" 200 22
222.70.115.1 - - [23/Feb/2024:11:09:19 +0800] "GET /xingrg/kc/buy/cgsh_order_operate.html?command=get_materiel&rest_code=00156&code=00101009010&supplier_code=00100012&order_time=2024-02-23 HTTP/1.1" 200 416
116.238.97.31 - - [23/Feb/2024:11:09:20 +0800] "GET /xingrg/all/function/internal_message.html?_=1708657760576&CODE_STATE=getMsg HTTP/1.1" 200 27
