218.79.28.144 - - [23/Feb/2024:07:35:42 +0800] "GET /xingrg/check_reg.html?_=1708644949042 HTTP/1.1" 200 22
218.79.28.144 - - [23/Feb/2024:07:35:42 +0800] "GET /xingrg/all/function/internal_message.html?_=1708644949048&CODE_STATE=getMsg HTTP/1.1" 200 27
116.232.194.112 - - [23/Feb/2024:07:35:53 +0800] "GET /xingrg/all/function/internal_message.html?_=1708644928579&CODE_STATE=getMsg HTTP/1.1" 200 27
58.40.7.146 - - [23/Feb/2024:07:36:00 +0800] "GET /xingrg/all/function/internal_message.html?_=1708644960037&CODE_STATE=getMsg HTTP/1.1" 200 27
120.253.135.82 - - [23/Feb/2024:07:36:02 +0800] "GET /xingrg/all/function/internal_message.html?_=1708644796079&CODE_STATE=getMsg HTTP/1.1" 200 27
116.232.194.112 - - [23/Feb/2024:07:36:02 +0800] "GET /xingrg/all/function/internal_message.html?_=1708644937629&CODE_STATE=getMsg HTTP/1.1" 200 27
221.239.172.101 - - [23/Feb/2024:07:36:02 +0800] "GET /xingrg/all/function/internal_message.html?_=1708644962124&CODE_STATE=getMsg HTTP/1.1" 200 27
116.232.194.112 - - [23/Feb/2024:07:36:10 +0800] "GET /xingrg/all/function/internal_message.html?_=1708644945244&CODE_STATE=getMsg HTTP/1.1" 200 27
116.228.172.94 - - [23/Feb/2024:07:36:12 +0800] "GET /xingrg/all/function/internal_message.html?_=1708644759122&CODE_STATE=getMsg HTTP/1.1" 302 -
116.238.97.31 - - [23/Feb/2024:07:36:24 +0800] "GET /xingrg/all/function/internal_message.html?_=1708644985143&CODE_STATE=getMsg HTTP/1.1" 200 27
124.78.67.200 - - [23/Feb/2024:07:36:29 +0800] "GET /xingrg/all/function/internal_message.html?_=1708644989972&CODE_STATE=getMsg HTTP/1.1" 200 27
116.224.254.208 - - [23/Feb/2024:07:36:37 +0800] "GET /xingrg/all/function/internal_message.html?_=1708644997780&CODE_STATE=getMsg HTTP/1.1" 200 27
116.224.254.208 - - [23/Feb/2024:07:36:37 +0800] "GET /xingrg/check_reg.html?_=1708644997784 HTTP/1.1" 200 22
116.232.194.112 - - [23/Feb/2024:07:36:38 +0800] "GET /xingrg/check_reg.html?_=1708644972895 HTTP/1.1" 200 22
218.79.28.144 - - [23/Feb/2024:07:36:42 +0800] "GET /xingrg/all/function/internal_message.html?_=1708645009047&CODE_STATE=getMsg HTTP/1.1" 200 27
116.232.194.112 - - [23/Feb/2024:07:36:53 +0800] "GET /xingrg/all/function/internal_message.html?_=1708644988582&CODE_STATE=getMsg HTTP/1.1" 200 27
116.232.194.112 - - [23/Feb/2024:07:36:53 +0800] "GET /xingrg/check_reg.html?_=1708644988583 HTTP/1.1" 200 22
58.40.7.146 - - [23/Feb/2024:07:37:00 +0800] "GET /xingrg/all/function/internal_message.html?_=1708645020039&CODE_STATE=getMsg HTTP/1.1" 200 27
58.40.7.146 - - [23/Feb/2024:07:37:00 +0800] "GET /xingrg/check_reg.html?_=1708645020041 HTTP/1.1" 200 22
120.253.135.82 - - [23/Feb/2024:07:37:02 +0800] "GET /xingrg/all/function/internal_message.html?_=1708644856091&CODE_STATE=getMsg HTTP/1.1" 200 27
116.232.194.112 - - [23/Feb/2024:07:37:02 +0800] "GET /xingrg/all/function/internal_message.html?_=1708644997602&CODE_STATE=getMsg HTTP/1.1" 200 27
221.239.172.101 - - [23/Feb/2024:07:37:02 +0800] "GET /xingrg/all/function/internal_message.html?_=1708645022113&CODE_STATE=getMsg HTTP/1.1" 200 27
116.232.194.112 - - [23/Feb/2024:07:37:10 +0800] "GET /xingrg/all/function/internal_message.html?_=1708645005232&CODE_STATE=getMsg HTTP/1.1" 200 27
116.228.172.94 - - [23/Feb/2024:07:37:12 +0800] "GET /xingrg/all/function/internal_message.html?_=1708644819112&CODE_STATE=getMsg HTTP/1.1" 302 -
116.238.97.31 - - [23/Feb/2024:07:37:24 +0800] "GET /xingrg/all/function/internal_message.html?_=1708645045131&CODE_STATE=getMsg HTTP/1.1" 200 27
124.78.67.200 - - [23/Feb/2024:07:37:29 +0800] "GET /xingrg/all/function/internal_message.html?_=1708645049972&CODE_STATE=getMsg HTTP/1.1" 200 27
124.78.67.200 - - [23/Feb/2024:07:37:29 +0800] "GET /xingrg/check_reg.html?_=1708645049975 HTTP/1.1" 200 22
116.224.254.208 - - [23/Feb/2024:07:37:37 +0800] "GET /xingrg/all/function/internal_message.html?_=1708645057785&CODE_STATE=getMsg HTTP/1.1" 200 27
218.79.28.144 - - [23/Feb/2024:07:37:42 +0800] "GET /xingrg/all/function/internal_message.html?_=1708645069052&CODE_STATE=getMsg HTTP/1.1" 200 27
116.232.194.112 - - [23/Feb/2024:07:37:53 +0800] "GET /xingrg/all/function/internal_message.html?_=1708645048572&CODE_STATE=getMsg HTTP/1.1" 200 27
58.40.7.146 - - [23/Feb/2024:07:38:00 +0800] "GET /xingrg/all/function/internal_message.html?_=1708645080043&CODE_STATE=getMsg HTTP/1.1" 200 27
120.253.135.82 - - [23/Feb/2024:07:38:02 +0800] "GET /xingrg/all/function/internal_message.html?_=1708644916205&CODE_STATE=getMsg HTTP/1.1" 200 27
116.232.194.112 - - [23/Feb/2024:07:38:02 +0800] "GET /xingrg/all/function/internal_message.html?_=1708645057586&CODE_STATE=getMsg HTTP/1.1" 200 27
221.239.172.101 - - [23/Feb/2024:07:38:03 +0800] "GET /xingrg/all/function/internal_message.html?_=1708645082127&CODE_STATE=getMsg HTTP/1.1" 200 27
116.232.194.112 - - [23/Feb/2024:07:38:10 +0800] "GET /xingrg/all/function/internal_message.html?_=1708645065241&CODE_STATE=getMsg HTTP/1.1" 200 27
116.228.172.94 - - [23/Feb/2024:07:38:12 +0800] "GET /xingrg/all/function/internal_message.html?_=1708644879099&CODE_STATE=getMsg HTTP/1.1" 302 -
116.238.97.31 - - [23/Feb/2024:07:38:24 +0800] "GET /xingrg/all/function/internal_message.html?_=1708645105143&CODE_STATE=getMsg HTTP/1.1" 200 27
116.238.97.31 - - [23/Feb/2024:07:38:24 +0800] "GET /xingrg/check_reg.html?_=1708645105146 HTTP/1.1" 200 22
124.78.67.200 - - [23/Feb/2024:07:38:29 +0800] "GET /xingrg/all/function/internal_message.html?_=1708645109970&CODE_STATE=getMsg HTTP/1.1" 200 27
116.224.254.208 - - [23/Feb/2024:07:38:37 +0800] "GET /xingrg/all/function/internal_message.html?_=1708645117757&CODE_STATE=getMsg HTTP/1.1" 200 27
218.79.28.144 - - [23/Feb/2024:07:38:42 +0800] "GET /xingrg/all/function/internal_message.html?_=1708645129053&CODE_STATE=getMsg HTTP/1.1" 200 27
120.253.135.82 - - [23/Feb/2024:07:38:44 +0800] "GET /xingrg/check_reg.html?_=1708644957873 HTTP/1.1" 200 22
116.232.194.112 - - [23/Feb/2024:07:38:53 +0800] "GET /xingrg/all/function/internal_message.html?_=1708645108582&CODE_STATE=getMsg HTTP/1.1" 200 27
58.40.7.146 - - [23/Feb/2024:07:39:00 +0800] "GET /xingrg/all/function/internal_message.html?_=1708645140046&CODE_STATE=getMsg HTTP/1.1" 200 27
120.253.135.82 - - [23/Feb/2024:07:39:02 +0800] "GET /xingrg/all/function/internal_message.html?_=1708644976212&CODE_STATE=getMsg HTTP/1.1" 200 27
116.232.194.112 - - [23/Feb/2024:07:39:02 +0800] "GET /xingrg/all/function/internal_message.html?_=1708645117573&CODE_STATE=getMsg HTTP/1.1" 200 27
221.239.172.101 - - [23/Feb/2024:07:39:02 +0800] "GET /xingrg/all/function/internal_message.html?_=1708645142117&CODE_STATE=getMsg HTTP/1.1" 200 27
221.239.172.101 - - [23/Feb/2024:07:39:03 +0800] "GET /xingrg/check_reg.html?_=1708645142127 HTTP/1.1" 200 22
116.232.194.112 - - [23/Feb/2024:07:39:10 +0800] "GET /xingrg/all/function/internal_message.html?_=1708645125231&CODE_STATE=getMsg HTTP/1.1" 200 27
116.232.194.112 - - [23/Feb/2024:07:39:10 +0800] "GET /xingrg/check_reg.html?_=1708645125234 HTTP/1.1" 200 22
124.79.245.19 - - [23/Feb/2024:07:39:10 +0800] "POST /xingrg/services/DataTransmitService HTTP/1.1" 200 524
116.228.172.94 - - [23/Feb/2024:07:39:12 +0800] "GET /xingrg/all/function/internal_message.html?_=1708644939109&CODE_STATE=getMsg HTTP/1.1" 302 -
116.232.194.112 - - [23/Feb/2024:07:39:15 +0800] "GET /xingrg/check_reg.html?_=1708645130616 HTTP/1.1" 200 22
116.238.97.31 - - [23/Feb/2024:07:39:24 +0800] "GET /xingrg/all/function/internal_message.html?_=1708645165130&CODE_STATE=getMsg HTTP/1.1" 200 27
124.78.67.200 - - [23/Feb/2024:07:39:29 +0800] "GET /xingrg/all/function/internal_message.html?_=1708645169979&CODE_STATE=getMsg HTTP/1.1" 200 27
116.224.254.208 - - [23/Feb/2024:07:39:37 +0800] "GET /xingrg/all/function/internal_message.html?_=1708645177772&CODE_STATE=getMsg HTTP/1.1" 200 27
218.79.28.144 - - [23/Feb/2024:07:39:42 +0800] "GET /xingrg/all/function/internal_message.html?_=1708645189054&CODE_STATE=getMsg HTTP/1.1" 200 27
116.232.194.112 - - [23/Feb/2024:07:39:53 +0800] "GET /xingrg/all/function/internal_message.html?_=1708645168571&CODE_STATE=getMsg HTTP/1.1" 200 27
58.40.7.146 - - [23/Feb/2024:07:40:00 +0800] "GET /xingrg/all/function/internal_message.html?_=1708645200049&CODE_STATE=getMsg HTTP/1.1" 200 27
120.253.135.82 - - [23/Feb/2024:07:40:02 +0800] "GET /xingrg/all/function/internal_message.html?_=1708645036234&CODE_STATE=getMsg HTTP/1.1" 200 27
116.232.194.112 - - [23/Feb/2024:07:40:02 +0800] "GET /xingrg/all/function/internal_message.html?_=1708645177561&CODE_STATE=getMsg HTTP/1.1" 200 27
221.239.172.101 - - [23/Feb/2024:07:40:03 +0800] "GET /xingrg/all/function/internal_message.html?_=1708645202117&CODE_STATE=getMsg HTTP/1.1" 200 27
116.232.194.112 - - [23/Feb/2024:07:40:10 +0800] "GET /xingrg/all/function/internal_message.html?_=1708645185245&CODE_STATE=getMsg HTTP/1.1" 200 27
116.228.172.94 - - [23/Feb/2024:07:40:12 +0800] "GET /xingrg/all/function/internal_message.html?_=1708644999125&CODE_STATE=getMsg HTTP/1.1" 302 -
116.228.172.94 - - [23/Feb/2024:07:40:12 +0800] "GET /xingrg/check_reg.html?_=1708644999126 HTTP/1.1" 302 -
116.238.97.31 - - [23/Feb/2024:07:40:24 +0800] "GET /xingrg/all/function/internal_message.html?_=1708645225142&CODE_STATE=getMsg HTTP/1.1" 200 27
124.78.67.200 - - [23/Feb/2024:07:40:29 +0800] "GET /xingrg/all/function/internal_message.html?_=1708645229954&CODE_STATE=getMsg HTTP/1.1" 200 27
116.224.254.208 - - [23/Feb/2024:07:40:37 +0800] "GET /xingrg/all/function/internal_message.html?_=1708645237774&CODE_STATE=getMsg HTTP/1.1" 200 27
218.79.28.144 - - [23/Feb/2024:07:40:42 +0800] "GET /xingrg/check_reg.html?_=1708645249056 HTTP/1.1" 200 22
218.79.28.144 - - [23/Feb/2024:07:40:42 +0800] "GET /xingrg/all/function/internal_message.html?_=1708645249062&CODE_STATE=getMsg HTTP/1.1" 200 27
120.253.135.82 - - [23/Feb/2024:07:40:47 +0800] "GET /xingrg/kc/pszx/mdqp_order_list.html?state=10 HTTP/1.1" 200 10319
120.253.135.82 - - [23/Feb/2024:07:40:47 +0800] "GET /xingrg/dwr/interface/AjaxQqpsService.js HTTP/1.1" 200 16326
120.253.135.82 - - [23/Feb/2024:07:40:47 +0800] "GET /xingrg/dwr/engine.js HTTP/1.1" 200 43631
120.253.135.82 - - [23/Feb/2024:07:40:47 +0800] "GET /xingrg/dwr/interface/AjaxReportQueryService.js HTTP/1.1" 200 13203
120.253.135.82 - - [23/Feb/2024:07:40:50 +0800] "GET /xingrg/kc/pszx/mdps_order_list.html?orderType=0 HTTP/1.1" 200 20995
120.253.135.82 - - [23/Feb/2024:07:40:50 +0800] "POST /xingrg/kc/pszx/mdps_list_operate.html HTTP/1.1" 200 5328
116.230.123.222 - - [23/Feb/2024:07:40:53 +0800] "POST /xingrg/services/DataTransmitService HTTP/1.1" 200 524
116.232.194.112 - - [23/Feb/2024:07:40:53 +0800] "GET /xingrg/all/function/internal_message.html?_=1708645228578&CODE_STATE=getMsg HTTP/1.1" 200 27
58.40.7.146 - - [23/Feb/2024:07:41:00 +0800] "GET /xingrg/all/function/internal_message.html?_=1708645260051&CODE_STATE=getMsg HTTP/1.1" 200 27
120.253.135.82 - - [23/Feb/2024:07:41:02 +0800] "GET /xingrg/all/function/internal_message.html?_=1708645096239&CODE_STATE=getMsg HTTP/1.1" 200 27
116.232.194.112 - - [23/Feb/2024:07:41:02 +0800] "GET /xingrg/all/function/internal_message.html?_=1708645237537&CODE_STATE=getMsg HTTP/1.1" 200 27
221.239.172.101 - - [23/Feb/2024:07:41:03 +0800] "GET /xingrg/all/function/internal_message.html?_=1708645262120&CODE_STATE=getMsg HTTP/1.1" 200 27
116.232.194.112 - - [23/Feb/2024:07:41:10 +0800] "GET /xingrg/all/function/internal_message.html?_=1708645245240&CODE_STATE=getMsg HTTP/1.1" 200 27
116.228.172.94 - - [23/Feb/2024:07:41:12 +0800] "GET /xingrg/all/function/internal_message.html?_=1708645059126&CODE_STATE=getMsg HTTP/1.1" 302 -
120.253.135.82 - - [23/Feb/2024:07:41:12 +0800] "GET /favicon.ico HTTP/1.1" 404 -
120.253.135.82 - - [23/Feb/2024:07:41:19 +0800] "POST /xingrg/kc/pszx/mdps_list_operate.html HTTP/1.1" 200 2061
120.253.135.82 - - [23/Feb/2024:07:41:21 +0800] "POST /xingrg/kc/pszx/mdps_list_operate.html HTTP/1.1" 200 286
120.253.135.82 - - [23/Feb/2024:07:41:22 +0800] "GET /xingrg/kc/pszx/mdps_order_info.html?code=312024022100279 HTTP/1.1" 200 23978
120.253.135.82 - - [23/Feb/2024:07:41:23 +0800] "GET /xingrg/javascript/easyui/themes/default/validatebox.css HTTP/1.1" 404 1104
120.253.135.82 - - [23/Feb/2024:07:41:23 +0800] "POST /xingrg/kc/pszx/mdps_order_operate.html HTTP/1.1" 200 2789
116.238.97.31 - - [23/Feb/2024:07:41:24 +0800] "GET /xingrg/all/function/internal_message.html?_=1708645285138&CODE_STATE=getMsg HTTP/1.1" 200 27
120.253.135.82 - - [23/Feb/2024:07:41:28 +0800] "POST /xingrg/kc/pszx/mdps_order_operate.html HTTP/1.1" 200 37
124.78.67.200 - - [23/Feb/2024:07:41:29 +0800] "GET /xingrg/all/function/internal_message.html?_=1708645289970&CODE_STATE=getMsg HTTP/1.1" 200 27
120.253.135.82 - - [23/Feb/2024:07:41:32 +0800] "POST /xingrg/kc/pszx/mdps_order_operate.html HTTP/1.1" 200 12
120.253.135.82 - - [23/Feb/2024:07:41:33 +0800] "GET /xingrg/kc/pszx/mdps_order_info.html?code=312024022100279 HTTP/1.1" 200 19638
120.253.135.82 - - [23/Feb/2024:07:41:33 +0800] "GET /xingrg/javascript/easyui/themes/default/validatebox.css HTTP/1.1" 404 1104
120.253.135.82 - - [23/Feb/2024:07:41:34 +0800] "POST /xingrg/kc/pszx/mdps_order_operate.html HTTP/1.1" 200 1007
120.253.135.82 - - [23/Feb/2024:07:41:36 +0800] "POST /xingrg/kc/pszx/mdps_list_operate.html HTTP/1.1" 200 210
120.253.135.82 - - [23/Feb/2024:07:41:36 +0800] "GET /xingrg/kc/pszx/mdps_order_info.html?code=312024022100292 HTTP/1.1" 200 23978
116.224.254.208 - - [23/Feb/2024:07:41:37 +0800] "GET /xingrg/all/function/internal_message.html?_=1708645297781&CODE_STATE=getMsg HTTP/1.1" 200 27
116.224.254.208 - - [23/Feb/2024:07:41:37 +0800] "GET /xingrg/check_reg.html?_=1708645297784 HTTP/1.1" 200 22
120.253.135.82 - - [23/Feb/2024:07:41:37 +0800] "GET /xingrg/javascript/easyui/themes/default/validatebox.css HTTP/1.1" 404 1104
120.253.135.82 - - [23/Feb/2024:07:41:37 +0800] "POST /xingrg/kc/pszx/mdps_order_operate.html HTTP/1.1" 200 2304
116.232.194.112 - - [23/Feb/2024:07:41:37 +0800] "GET /xingrg/check_reg.html?_=1708645272876 HTTP/1.1" 200 22
120.253.135.82 - - [23/Feb/2024:07:41:41 +0800] "POST /xingrg/kc/pszx/mdps_order_operate.html HTTP/1.1" 200 37
218.79.28.144 - - [23/Feb/2024:07:41:42 +0800] "GET /xingrg/all/function/internal_message.html?_=1708645309046&CODE_STATE=getMsg HTTP/1.1" 200 27
120.253.135.82 - - [23/Feb/2024:07:41:45 +0800] "POST /xingrg/kc/pszx/mdps_order_operate.html HTTP/1.1" 200 12
116.232.194.112 - - [23/Feb/2024:07:41:53 +0800] "GET /xingrg/all/function/internal_message.html?_=1708645288590&CODE_STATE=getMsg HTTP/1.1" 200 27
116.232.194.112 - - [23/Feb/2024:07:41:53 +0800] "GET /xingrg/check_reg.html?_=1708645288593 HTTP/1.1" 200 22
58.40.7.146 - - [23/Feb/2024:07:42:00 +0800] "GET /xingrg/check_reg.html?_=1708645320053 HTTP/1.1" 200 22
58.40.7.146 - - [23/Feb/2024:07:42:00 +0800] "GET /xingrg/all/function/internal_message.html?_=1708645320055&CODE_STATE=getMsg HTTP/1.1" 200 27
116.232.194.112 - - [23/Feb/2024:07:42:02 +0800] "GET /xingrg/all/function/internal_message.html?_=1708645297520&CODE_STATE=getMsg HTTP/1.1" 200 27
221.239.172.101 - - [23/Feb/2024:07:42:03 +0800] "GET /xingrg/all/function/internal_message.html?_=1708645322120&CODE_STATE=getMsg HTTP/1.1" 200 27
116.232.194.112 - - [23/Feb/2024:07:42:10 +0800] "GET /xingrg/all/function/internal_message.html?_=1708645305237&CODE_STATE=getMsg HTTP/1.1" 200 27
116.228.172.94 - - [23/Feb/2024:07:42:12 +0800] "GET /xingrg/all/function/internal_message.html?_=1708645119101&CODE_STATE=getMsg HTTP/1.1" 302 -
120.253.135.82 - - [23/Feb/2024:07:42:14 +0800] "GET /xingrg/kc/pszx/mdps_order_info.html?code=312024022100292 HTTP/1.1" 200 19638
120.253.135.82 - - [23/Feb/2024:07:42:15 +0800] "GET /xingrg/javascript/easyui/themes/default/validatebox.css HTTP/1.1" 404 1104
120.253.135.82 - - [23/Feb/2024:07:42:15 +0800] "GET /xingrg/all/function/internal_message.html?_=1708645168920&CODE_STATE=getMsg HTTP/1.1" 200 27
120.253.135.82 - - [23/Feb/2024:07:42:15 +0800] "POST /xingrg/kc/pszx/mdps_order_operate.html HTTP/1.1" 200 525
120.253.135.82 - - [23/Feb/2024:07:42:16 +0800] "POST /xingrg/kc/pszx/mdps_list_operate.html HTTP/1.1" 200 868
116.238.97.31 - - [23/Feb/2024:07:42:23 +0800] "POST /xingrg/services/DataTransmitService HTTP/1.1" 200 524
116.238.97.31 - - [23/Feb/2024:07:42:24 +0800] "GET /xingrg/all/function/internal_message.html?_=1708645345134&CODE_STATE=getMsg HTTP/1.1" 200 27
124.78.67.200 - - [23/Feb/2024:07:42:29 +0800] "GET /xingrg/all/function/internal_message.html?_=1708645349970&CODE_STATE=getMsg HTTP/1.1" 200 27
124.78.67.200 - - [23/Feb/2024:07:42:29 +0800] "GET /xingrg/check_reg.html?_=1708645349973 HTTP/1.1" 200 22
116.224.254.208 - - [23/Feb/2024:07:42:37 +0800] "GET /xingrg/all/function/internal_message.html?_=1708645357776&CODE_STATE=getMsg HTTP/1.1" 200 27
218.79.28.144 - - [23/Feb/2024:07:42:42 +0800] "GET /xingrg/all/function/internal_message.html?_=1708645369049&CODE_STATE=getMsg HTTP/1.1" 200 27
116.232.194.112 - - [23/Feb/2024:07:42:53 +0800] "GET /xingrg/all/function/internal_message.html?_=1708645348590&CODE_STATE=getMsg HTTP/1.1" 200 27
58.40.7.146 - - [23/Feb/2024:07:43:00 +0800] "GET /xingrg/all/function/internal_message.html?_=1708645380040&CODE_STATE=getMsg HTTP/1.1" 200 27
116.232.194.112 - - [23/Feb/2024:07:43:02 +0800] "GET /xingrg/all/function/internal_message.html?_=1708645357507&CODE_STATE=getMsg HTTP/1.1" 200 27
221.239.172.101 - - [23/Feb/2024:07:43:03 +0800] "GET /xingrg/all/function/internal_message.html?_=1708645382126&CODE_STATE=getMsg HTTP/1.1" 200 27
116.232.194.112 - - [23/Feb/2024:07:43:10 +0800] "GET /xingrg/all/function/internal_message.html?_=1708645365245&CODE_STATE=getMsg HTTP/1.1" 200 27
116.228.172.94 - - [23/Feb/2024:07:43:12 +0800] "GET /xingrg/all/function/internal_message.html?_=1708645179115&CODE_STATE=getMsg HTTP/1.1" 302 -
120.253.135.82 - - [23/Feb/2024:07:43:15 +0800] "GET /xingrg/all/function/internal_message.html?_=1708645229010&CODE_STATE=getMsg HTTP/1.1" 200 27
116.238.97.31 - - [23/Feb/2024:07:43:24 +0800] "GET /xingrg/all/function/internal_message.html?_=1708645405143&CODE_STATE=getMsg HTTP/1.1" 200 27
116.238.97.31 - - [23/Feb/2024:07:43:24 +0800] "GET /xingrg/check_reg.html?_=1708645405146 HTTP/1.1" 200 22
124.78.67.200 - - [23/Feb/2024:07:43:29 +0800] "GET /xingrg/all/function/internal_message.html?_=1708645409968&CODE_STATE=getMsg HTTP/1.1" 200 27
116.224.254.208 - - [23/Feb/2024:07:43:37 +0800] "GET /xingrg/all/function/internal_message.html?_=1708645417772&CODE_STATE=getMsg HTTP/1.1" 200 27
218.79.28.144 - - [23/Feb/2024:07:43:42 +0800] "GET /xingrg/all/function/internal_message.html?_=1708645429053&CODE_STATE=getMsg HTTP/1.1" 200 27
120.253.135.82 - - [23/Feb/2024:07:43:44 +0800] "GET /xingrg/check_reg.html?_=1708645257871 HTTP/1.1" 200 22
116.232.194.112 - - [23/Feb/2024:07:43:53 +0800] "GET /xingrg/all/function/internal_message.html?_=1708645408587&CODE_STATE=getMsg HTTP/1.1" 200 27
58.40.7.146 - - [23/Feb/2024:07:44:00 +0800] "GET /xingrg/all/function/internal_message.html?_=1708645440042&CODE_STATE=getMsg HTTP/1.1" 200 27
116.232.194.112 - - [23/Feb/2024:07:44:02 +0800] "GET /xingrg/all/function/internal_message.html?_=1708645417484&CODE_STATE=getMsg HTTP/1.1" 200 27
221.239.172.101 - - [23/Feb/2024:07:44:03 +0800] "GET /xingrg/all/function/internal_message.html?_=1708645442129&CODE_STATE=getMsg HTTP/1.1" 200 27
221.239.172.101 - - [23/Feb/2024:07:44:03 +0800] "GET /xingrg/check_reg.html?_=1708645442135 HTTP/1.1" 200 22
116.232.194.112 - - [23/Feb/2024:07:44:10 +0800] "GET /xingrg/check_reg.html?_=1708645425242 HTTP/1.1" 200 22
116.232.194.112 - - [23/Feb/2024:07:44:10 +0800] "GET /xingrg/all/function/internal_message.html?_=1708645425243&CODE_STATE=getMsg HTTP/1.1" 200 27
116.228.172.94 - - [23/Feb/2024:07:44:12 +0800] "GET /xingrg/all/function/internal_message.html?_=1708645239105&CODE_STATE=getMsg HTTP/1.1" 302 -
120.253.135.82 - - [23/Feb/2024:07:44:15 +0800] "GET /xingrg/all/function/internal_message.html?_=1708645289010&CODE_STATE=getMsg HTTP/1.1" 200 27
116.232.194.112 - - [23/Feb/2024:07:44:15 +0800] "GET /xingrg/check_reg.html?_=1708645430623 HTTP/1.1" 200 22
116.238.97.31 - - [23/Feb/2024:07:44:24 +0800] "GET /xingrg/all/function/internal_message.html?_=1708645465132&CODE_STATE=getMsg HTTP/1.1" 200 27
120.253.135.82 - - [23/Feb/2024:07:44:27 +0800] "POST /xingrg/kc/pszx/mdps_list_operate.html HTTP/1.1" 200 3172
124.78.67.200 - - [23/Feb/2024:07:44:29 +0800] "GET /xingrg/all/function/internal_message.html?_=1708645469956&CODE_STATE=getMsg HTTP/1.1" 200 27
120.253.135.82 - - [23/Feb/2024:07:44:29 +0800] "POST /xingrg/kc/pszx/mdps_list_operate.html HTTP/1.1" 200 205
120.253.135.82 - - [23/Feb/2024:07:44:34 +0800] "POST /xingrg/kc/pszx/mdps_list_operate.html HTTP/1.1" 200 212
120.253.135.82 - - [23/Feb/2024:07:44:35 +0800] "GET /xingrg/kc/pszx/mdps_order_info.html?code=312024022300303 HTTP/1.1" 200 23978
120.253.135.82 - - [23/Feb/2024:07:44:36 +0800] "GET /xingrg/javascript/easyui/themes/default/validatebox.css HTTP/1.1" 404 1104
120.253.135.82 - - [23/Feb/2024:07:44:36 +0800] "POST /xingrg/kc/pszx/mdps_order_operate.html HTTP/1.1" 200 2298
116.224.254.208 - - [23/Feb/2024:07:44:37 +0800] "GET /xingrg/all/function/internal_message.html?_=1708645477772&CODE_STATE=getMsg HTTP/1.1" 200 27
120.253.135.82 - - [23/Feb/2024:07:44:39 +0800] "POST /xingrg/kc/pszx/mdps_order_operate.html HTTP/1.1" 200 37
218.79.28.144 - - [23/Feb/2024:07:44:42 +0800] "GET /xingrg/all/function/internal_message.html?_=1708645489056&CODE_STATE=getMsg HTTP/1.1" 200 27
120.253.135.82 - - [23/Feb/2024:07:44:43 +0800] "POST /xingrg/kc/pszx/mdps_order_operate.html HTTP/1.1" 200 12
120.253.135.82 - - [23/Feb/2024:07:44:50 +0800] "GET /xingrg/kc/pszx/mdps_order_info.html?code=312024022300303 HTTP/1.1" 200 19638
120.253.135.82 - - [23/Feb/2024:07:44:51 +0800] "GET /xingrg/javascript/easyui/themes/default/validatebox.css HTTP/1.1" 404 1104
120.253.135.82 - - [23/Feb/2024:07:44:51 +0800] "POST /xingrg/kc/pszx/mdps_order_operate.html HTTP/1.1" 200 516
116.232.194.112 - - [23/Feb/2024:07:44:53 +0800] "GET /xingrg/all/function/internal_message.html?_=1708645468577&CODE_STATE=getMsg HTTP/1.1" 200 27
120.253.135.82 - - [23/Feb/2024:07:44:53 +0800] "POST /xingrg/kc/pszx/mdps_list_operate.html HTTP/1.1" 200 2801
120.253.135.82 - - [23/Feb/2024:07:44:55 +0800] "POST /xingrg/kc/pszx/mdps_list_operate.html HTTP/1.1" 200 207
120.253.135.82 - - [23/Feb/2024:07:44:56 +0800] "GET /xingrg/kc/pszx/mdps_order_info.html?code=312024022200297 HTTP/1.1" 200 23978
120.253.135.82 - - [23/Feb/2024:07:44:57 +0800] "GET /xingrg/javascript/easyui/themes/default/validatebox.css HTTP/1.1" 404 1104
120.253.135.82 - - [23/Feb/2024:07:44:57 +0800] "POST /xingrg/kc/pszx/mdps_order_operate.html HTTP/1.1" 200 2295
58.40.7.146 - - [23/Feb/2024:07:45:00 +0800] "GET /xingrg/all/function/internal_message.html?_=1708645500044&CODE_STATE=getMsg HTTP/1.1" 200 27
120.253.135.82 - - [23/Feb/2024:07:45:00 +0800] "POST /xingrg/kc/pszx/mdps_order_operate.html HTTP/1.1" 200 37
116.232.194.112 - - [23/Feb/2024:07:45:02 +0800] "GET /xingrg/all/function/internal_message.html?_=1708645477462&CODE_STATE=getMsg HTTP/1.1" 200 27
221.239.172.101 - - [23/Feb/2024:07:45:03 +0800] "GET /xingrg/all/function/internal_message.html?_=1708645502128&CODE_STATE=getMsg HTTP/1.1" 200 27
120.253.135.82 - - [23/Feb/2024:07:45:04 +0800] "POST /xingrg/kc/pszx/mdps_order_operate.html HTTP/1.1" 200 12
120.253.135.82 - - [23/Feb/2024:07:45:06 +0800] "GET /xingrg/kc/pszx/mdps_order_info.html?code=312024022200297 HTTP/1.1" 200 19638
120.253.135.82 - - [23/Feb/2024:07:45:06 +0800] "GET /xingrg/javascript/easyui/themes/default/validatebox.css HTTP/1.1" 404 1104
120.253.135.82 - - [23/Feb/2024:07:45:06 +0800] "POST /xingrg/kc/pszx/mdps_order_operate.html HTTP/1.1" 200 516
120.253.135.82 - - [23/Feb/2024:07:45:08 +0800] "POST /xingrg/kc/pszx/mdps_list_operate.html HTTP/1.1" 200 2429
120.253.135.82 - - [23/Feb/2024:07:45:09 +0800] "POST /xingrg/kc/pszx/mdps_list_operate.html HTTP/1.1" 200 452
116.232.194.112 - - [23/Feb/2024:07:45:10 +0800] "GET /xingrg/all/function/internal_message.html?_=1708645485237&CODE_STATE=getMsg HTTP/1.1" 200 27
120.253.135.82 - - [23/Feb/2024:07:45:10 +0800] "POST /xingrg/kc/pszx/mdps_list_operate.html HTTP/1.1" 200 216
116.228.172.94 - - [23/Feb/2024:07:45:12 +0800] "GET /xingrg/check_reg.html?_=1708645299123 HTTP/1.1" 302 -
116.228.172.94 - - [23/Feb/2024:07:45:12 +0800] "GET /xingrg/all/function/internal_message.html?_=1708645299122&CODE_STATE=getMsg HTTP/1.1" 302 -
120.253.135.82 - - [23/Feb/2024:07:45:12 +0800] "GET /xingrg/kc/pszx/mdps_order_info.html?code=312024022200296 HTTP/1.1" 200 23978
120.253.135.82 - - [23/Feb/2024:07:45:13 +0800] "GET /xingrg/javascript/easyui/themes/default/validatebox.css HTTP/1.1" 404 1104
120.253.135.82 - - [23/Feb/2024:07:45:13 +0800] "POST /xingrg/kc/pszx/mdps_order_operate.html HTTP/1.1" 200 3765
120.253.135.82 - - [23/Feb/2024:07:45:17 +0800] "GET /xingrg/all/function/internal_message.html?_=1708645351613&CODE_STATE=getMsg HTTP/1.1" 200 27
120.253.135.82 - - [23/Feb/2024:07:45:18 +0800] "POST /xingrg/kc/pszx/mdps_order_operate.html HTTP/1.1" 200 37
120.253.135.82 - - [23/Feb/2024:07:45:22 +0800] "POST /xingrg/kc/pszx/mdps_order_operate.html HTTP/1.1" 200 12
116.238.97.31 - - [23/Feb/2024:07:45:24 +0800] "GET /xingrg/all/function/internal_message.html?_=1708645525141&CODE_STATE=getMsg HTTP/1.1" 200 27
124.78.67.200 - - [23/Feb/2024:07:45:29 +0800] "GET /xingrg/all/function/internal_message.html?_=1708645529946&CODE_STATE=getMsg HTTP/1.1" 200 27
116.224.254.208 - - [23/Feb/2024:07:45:37 +0800] "GET /xingrg/all/function/internal_message.html?_=1708645537765&CODE_STATE=getMsg HTTP/1.1" 200 27
218.79.28.144 - - [23/Feb/2024:07:45:42 +0800] "GET /xingrg/all/function/internal_message.html?_=1708645549058&CODE_STATE=getMsg HTTP/1.1" 200 27
218.79.28.144 - - [23/Feb/2024:07:45:42 +0800] "GET /xingrg/check_reg.html?_=1708645549063 HTTP/1.1" 200 22
116.232.194.112 - - [23/Feb/2024:07:45:53 +0800] "GET /xingrg/all/function/internal_message.html?_=1708645528586&CODE_STATE=getMsg HTTP/1.1" 200 27
58.40.7.146 - - [23/Feb/2024:07:46:00 +0800] "GET /xingrg/all/function/internal_message.html?_=1708645560045&CODE_STATE=getMsg HTTP/1.1" 200 27
116.224.254.208 - - [23/Feb/2024:07:46:02 +0800] "GET /xingrg/index.html?sysBaseUrl=http%3A%2F%2F180.169.147.146%3A18081%2Fxingrg%2F&costTime=14×tamp=1698040851670 HTTP/1.1" 302 -
116.224.254.208 - - [23/Feb/2024:07:46:02 +0800] "GET /xingrg/login.html HTTP/1.1" 200 7641
116.224.254.208 - - [23/Feb/2024:07:46:02 +0800] "GET /xingrg/images/blue/jxLogo.png HTTP/1.1" 200 6156
116.232.194.112 - - [23/Feb/2024:07:46:02 +0800] "GET /xingrg/all/function/internal_message.html?_=1708645537437&CODE_STATE=getMsg HTTP/1.1" 200 27
116.224.254.208 - - [23/Feb/2024:07:46:02 +0800] "GET /xingrg/images/blue/login_bg.png HTTP/1.1" 200 22101
116.224.254.208 - - [23/Feb/2024:07:46:02 +0800] "GET /xingrg/images/blue/hj.png HTTP/1.1" 200 1014
116.224.254.208 - - [23/Feb/2024:07:46:02 +0800] "GET /favicon.ico HTTP/1.1" 404 -
116.224.254.208 - - [23/Feb/2024:07:46:02 +0800] "GET /xingrg/images/blue/srbg.png HTTP/1.1" 200 138
221.239.172.101 - - [23/Feb/2024:07:46:03 +0800] "GET /xingrg/all/function/internal_message.html?_=1708645562126&CODE_STATE=getMsg HTTP/1.1" 200 27
116.232.194.112 - - [23/Feb/2024:07:46:10 +0800] "GET /xingrg/all/function/internal_message.html?_=1708645545239&CODE_STATE=getMsg HTTP/1.1" 200 27
116.228.172.94 - - [23/Feb/2024:07:46:12 +0800] "GET /xingrg/all/function/internal_message.html?_=1708645359119&CODE_STATE=getMsg HTTP/1.1" 302 -
120.253.135.82 - - [23/Feb/2024:07:46:24 +0800] "GET /xingrg/kc/pszx/mdps_order_info.html?code=312024022200296 HTTP/1.1" 200 19638
116.238.97.31 - - [23/Feb/2024:07:46:24 +0800] "GET /xingrg/all/function/internal_message.html?_=1708645585134&CODE_STATE=getMsg HTTP/1.1" 200 27
120.253.135.82 - - [23/Feb/2024:07:46:24 +0800] "GET /xingrg/javascript/easyui/themes/default/validatebox.css HTTP/1.1" 404 1104
120.253.135.82 - - [23/Feb/2024:07:46:24 +0800] "GET /xingrg/all/function/internal_message.html?_=1708645418460&CODE_STATE=getMsg HTTP/1.1" 200 27
120.253.135.82 - - [23/Feb/2024:07:46:25 +0800] "POST /xingrg/kc/pszx/mdps_order_operate.html HTTP/1.1" 200 1976
120.253.135.82 - - [23/Feb/2024:07:46:26 +0800] "POST /xingrg/kc/pszx/mdps_list_operate.html HTTP/1.1" 200 2057
120.253.135.82 - - [23/Feb/2024:07:46:27 +0800] "POST /xingrg/kc/pszx/mdps_list_operate.html HTTP/1.1" 200 216
120.253.135.82 - - [23/Feb/2024:07:46:28 +0800] "POST /xingrg/kc/pszx/mdps_list_operate.html HTTP/1.1" 200 205
124.78.67.200 - - [23/Feb/2024:07:46:29 +0800] "GET /xingrg/all/function/internal_message.html?_=1708645589955&CODE_STATE=getMsg HTTP/1.1" 200 27
116.232.194.112 - - [23/Feb/2024:07:46:37 +0800] "GET /xingrg/check_reg.html?_=1708645572866 HTTP/1.1" 200 22
218.79.28.144 - - [23/Feb/2024:07:46:42 +0800] "GET /xingrg/all/function/internal_message.html?_=1708645609063&CODE_STATE=getMsg HTTP/1.1" 200 27
116.237.75.51 - - [23/Feb/2024:07:46:53 +0800] "POST /xingrg/services/DataTransmitService HTTP/1.1" 200 524
116.232.194.112 - - [23/Feb/2024:07:46:53 +0800] "GET /xingrg/all/function/internal_message.html?_=1708645588586&CODE_STATE=getMsg HTTP/1.1" 200 27
116.232.194.112 - - [23/Feb/2024:07:46:53 +0800] "GET /xingrg/check_reg.html?_=1708645588590 HTTP/1.1" 200 22
58.40.7.146 - - [23/Feb/2024:07:47:00 +0800] "GET /xingrg/all/function/internal_message.html?_=1708645620048&CODE_STATE=getMsg HTTP/1.1" 200 27
58.40.7.146 - - [23/Feb/2024:07:47:00 +0800] "GET /xingrg/check_reg.html?_=1708645620049 HTTP/1.1" 200 22
116.232.194.112 - - [23/Feb/2024:07:47:02 +0800] "GET /xingrg/all/function/internal_message.html?_=1708645597413&CODE_STATE=getMsg HTTP/1.1" 200 27
221.239.172.101 - - [23/Feb/2024:07:47:03 +0800] "GET /xingrg/all/function/internal_message.html?_=1708645622129&CODE_STATE=getMsg HTTP/1.1" 200 27
116.232.194.112 - - [23/Feb/2024:07:47:10 +0800] "GET /xingrg/all/function/internal_message.html?_=1708645605230&CODE_STATE=getMsg HTTP/1.1" 200 27
116.228.172.94 - - [23/Feb/2024:07:47:12 +0800] "GET /xingrg/all/function/internal_message.html?_=1708645419107&CODE_STATE=getMsg HTTP/1.1" 302 -
116.224.254.208 - - [23/Feb/2024:07:47:17 +0800] "POST /xingrg/login.do HTTP/1.1" 302 -
116.224.254.208 - - [23/Feb/2024:07:47:17 +0800] "GET /xingrg/index.html?sysBaseUrl=http%3A%2F%2F180.169.147.146%3A18081%2Fxingrg%2F&costTime=812×tamp=1708645637571 HTTP/1.1" 200 17177
116.224.254.208 - - [23/Feb/2024:07:47:17 +0800] "GET /xingrg/javascript/jquery_easy_ui/themes/default/easyui.css HTTP/1.1" 200 26500
116.224.254.208 - - [23/Feb/2024:07:47:17 +0800] "GET /xingrg/javascript/jquery.form.js HTTP/1.1" 200 23110
116.224.254.208 - - [23/Feb/2024:07:47:17 +0800] "GET /xingrg/css/form.css HTTP/1.1" 200 893
116.224.254.208 - - [23/Feb/2024:07:47:17 +0800] "GET /xingrg/javascript/jquery-1.4.2.min.js HTTP/1.1" 200 72205
116.224.254.208 - - [23/Feb/2024:07:47:17 +0800] "GET /xingrg/javascript/jquery_easy_ui/jquery.easyui.min.js HTTP/1.1" 200 213662
116.224.254.208 - - [23/Feb/2024:07:47:17 +0800] "GET /xingrg/javascript/jquery_easy_ui/easyui-lang-zh_CN.js HTTP/1.1" 200 1900
116.224.254.208 - - [23/Feb/2024:07:47:17 +0800] "GET /xingrg/javascript/jquery_easy_ui/themes/icon.css HTTP/1.1" 200 3949
116.224.254.208 - - [23/Feb/2024:07:47:17 +0800] "GET /xingrg/javascript/jquery.timers.js HTTP/1.1" 200 3532
116.224.254.208 - - [23/Feb/2024:07:47:17 +0800] "GET /favicon.ico HTTP/1.1" 404 -
116.224.254.208 - - [23/Feb/2024:07:47:17 +0800] "GET /xingrg/javascript/jquery_easy_ui/themes/icons/settle_new.png HTTP/1.1" 200 826
116.224.254.208 - - [23/Feb/2024:07:47:17 +0800] "GET /xingrg/images/blue/navBackgound.jpg HTTP/1.1" 200 12378
116.224.254.208 - - [23/Feb/2024:07:47:18 +0800] "POST /xingrg/all/common/load_tree.html?tree=area_rest_tree_json&manage=1 HTTP/1.1" 200 476
116.224.254.208 - - [23/Feb/2024:07:47:18 +0800] "GET /xingrg/all/function/internal_message.html?_=1708645638666&CODE_STATE=count HTTP/1.1" 200 11
116.224.254.208 - - [23/Feb/2024:07:47:18 +0800] "GET /xingrg/images/blue/pingpu.png HTTP/1.1" 200 231
116.224.254.208 - - [23/Feb/2024:07:47:18 +0800] "GET /xingrg/check_reg.html?_=1708645638667 HTTP/1.1" 200 22
116.224.254.208 - - [23/Feb/2024:07:47:18 +0800] "GET /xingrg/javascript/jquery_easy_ui/themes/default/images/tabs_leftarrow.png HTTP/1.1" 200 389
116.224.254.208 - - [23/Feb/2024:07:47:18 +0800] "GET /xingrg/javascript/jquery_easy_ui/themes/default/images/tabs_rightarrow.png HTTP/1.1" 200 395
116.224.254.208 - - [23/Feb/2024:07:47:18 +0800] "GET /xingrg/javascript/jquery_easy_ui/themes/default/images/panel_tool_collapse.gif HTTP/1.1" 200 246
116.224.254.208 - - [23/Feb/2024:07:47:18 +0800] "POST /xingrg/load_menu.html HTTP/1.1" 200 5138
116.224.254.208 - - [23/Feb/2024:07:47:18 +0800] "GET /xingrg/javascript/jquery_easy_ui/themes/default/images/tree_arrows.gif HTTP/1.1" 200 1043
116.224.254.208 - - [23/Feb/2024:07:47:18 +0800] "GET /xingrg/javascript/jquery_easy_ui/themes/default/images/tree_folder.gif HTTP/1.1" 200 952
116.224.254.208 - - [23/Feb/2024:07:47:18 +0800] "GET /xingrg/javascript/jquery_easy_ui/themes/default/images/tree_folder_open.gif HTTP/1.1" 200 956
116.224.254.208 - - [23/Feb/2024:07:47:18 +0800] "GET /xingrg/javascript/jquery_easy_ui/themes/icons/search_new.png HTTP/1.1" 200 586
116.224.254.208 - - [23/Feb/2024:07:47:18 +0800] "GET /xingrg/javascript/jquery_easy_ui/themes/icons/forms_new.png HTTP/1.1" 200 350
116.224.254.208 - - [23/Feb/2024:07:47:18 +0800] "GET /xingrg/javascript/jquery_easy_ui/themes/icons/storage_new.png HTTP/1.1" 200 853
116.224.254.208 - - [23/Feb/2024:07:47:18 +0800] "GET /xingrg/javascript/jquery_easy_ui/themes/default/images/tree_file.gif HTTP/1.1" 200 118
116.238.97.31 - - [23/Feb/2024:07:47:24 +0800] "GET /xingrg/all/function/internal_message.html?_=1708645645144&CODE_STATE=getMsg HTTP/1.1" 200 27
120.253.135.82 - - [23/Feb/2024:07:47:24 +0800] "GET /xingrg/all/function/internal_message.html?_=1708645478566&CODE_STATE=getMsg HTTP/1.1" 200 27
124.78.67.200 - - [23/Feb/2024:07:47:29 +0800] "GET /xingrg/all/function/internal_message.html?_=1708645649955&CODE_STATE=getMsg HTTP/1.1" 200 27
124.78.67.200 - - [23/Feb/2024:07:47:29 +0800] "GET /xingrg/check_reg.html?_=1708645649958 HTTP/1.1" 200 22
218.79.28.144 - - [23/Feb/2024:07:47:42 +0800] "GET /xingrg/all/function/internal_message.html?_=1708645669051&CODE_STATE=getMsg HTTP/1.1" 200 27
116.232.194.112 - - [23/Feb/2024:07:47:53 +0800] "GET /xingrg/all/function/internal_message.html?_=1708645648579&CODE_STATE=getMsg HTTP/1.1" 200 27
58.40.7.146 - - [23/Feb/2024:07:48:00 +0800] "GET /xingrg/all/function/internal_message.html?_=1708645680052&CODE_STATE=getMsg HTTP/1.1" 200 27
116.232.194.112 - - [23/Feb/2024:07:48:02 +0800] "GET /xingrg/all/function/internal_message.html?_=1708645657391&CODE_STATE=getMsg HTTP/1.1" 200 27
221.239.172.101 - - [23/Feb/2024:07:48:03 +0800] "GET /xingrg/all/function/internal_message.html?_=1708645682138&CODE_STATE=getMsg HTTP/1.1" 200 27
116.232.194.112 - - [23/Feb/2024:07:48:10 +0800] "GET /xingrg/all/function/internal_message.html?_=1708645665246&CODE_STATE=getMsg HTTP/1.1" 200 27
116.228.172.94 - - [23/Feb/2024:07:48:12 +0800] "GET /xingrg/all/function/internal_message.html?_=1708645479111&CODE_STATE=getMsg HTTP/1.1" 302 -
116.224.254.208 - - [23/Feb/2024:07:48:18 +0800] "GET /xingrg/all/function/internal_message.html?_=1708645698699&CODE_STATE=getMsg HTTP/1.1" 200 27
116.238.97.31 - - [23/Feb/2024:07:48:24 +0800] "GET /xingrg/all/function/internal_message.html?_=1708645705147&CODE_STATE=getMsg HTTP/1.1" 200 27
116.238.97.31 - - [23/Feb/2024:07:48:24 +0800] "GET /xingrg/check_reg.html?_=1708645705152 HTTP/1.1" 200 22
120.253.135.82 - - [23/Feb/2024:07:48:24 +0800] "GET /xingrg/all/function/internal_message.html?_=1708645538579&CODE_STATE=getMsg HTTP/1.1" 200 27
124.78.67.200 - - [23/Feb/2024:07:48:29 +0800] "GET /xingrg/all/function/internal_message.html?_=1708645709953&CODE_STATE=getMsg HTTP/1.1" 200 27
218.79.28.144 - - [23/Feb/2024:07:48:42 +0800] "GET /xingrg/all/function/internal_message.html?_=1708645729053&CODE_STATE=getMsg HTTP/1.1" 200 27
120.253.135.82 - - [23/Feb/2024:07:48:44 +0800] "GET /xingrg/check_reg.html?_=1708645557965 HTTP/1.1" 200 22
116.232.194.112 - - [23/Feb/2024:07:48:53 +0800] "GET /xingrg/all/function/internal_message.html?_=1708645708576&CODE_STATE=getMsg HTTP/1.1" 200 27
58.40.7.146 - - [23/Feb/2024:07:49:00 +0800] "GET /xingrg/all/function/internal_message.html?_=1708645740055&CODE_STATE=getMsg HTTP/1.1" 200 27
116.232.194.112 - - [23/Feb/2024:07:49:02 +0800] "GET /xingrg/all/function/internal_message.html?_=1708645717360&CODE_STATE=getMsg HTTP/1.1" 200 27
221.239.172.101 - - [23/Feb/2024:07:49:03 +0800] "GET /xingrg/check_reg.html?_=1708645742147 HTTP/1.1" 200 22
221.239.172.101 - - [23/Feb/2024:07:49:03 +0800] "GET /xingrg/all/function/internal_message.html?_=1708645742144&CODE_STATE=getMsg HTTP/1.1" 200 27
116.232.194.112 - - [23/Feb/2024:07:49:10 +0800] "GET /xingrg/check_reg.html?_=1708645725242 HTTP/1.1" 200 22
116.232.194.112 - - [23/Feb/2024:07:49:10 +0800] "GET /xingrg/all/function/internal_message.html?_=1708645725243&CODE_STATE=getMsg HTTP/1.1" 200 27
116.228.172.94 - - [23/Feb/2024:07:49:12 +0800] "GET /xingrg/all/function/internal_message.html?_=1708645539100&CODE_STATE=getMsg HTTP/1.1" 302 -
116.232.194.112 - - [23/Feb/2024:07:49:15 +0800] "GET /xingrg/check_reg.html?_=1708645730616 HTTP/1.1" 200 22
116.224.254.208 - - [23/Feb/2024:07:49:18 +0800] "GET /xingrg/all/function/internal_message.html?_=1708645758684&CODE_STATE=getMsg HTTP/1.1" 200 27
116.238.97.31 - - [23/Feb/2024:07:49:24 +0800] "GET /xingrg/all/function/internal_message.html?_=1708645765132&CODE_STATE=getMsg HTTP/1.1" 200 27
120.253.135.82 - - [23/Feb/2024:07:49:24 +0800] "GET /xingrg/all/function/internal_message.html?_=1708645598594&CODE_STATE=getMsg HTTP/1.1" 200 27
124.78.67.200 - - [23/Feb/2024:07:49:29 +0800] "GET /xingrg/all/function/internal_message.html?_=1708645769954&CODE_STATE=getMsg HTTP/1.1" 200 27
218.79.28.144 - - [23/Feb/2024:07:49:42 +0800] "GET /xingrg/all/function/internal_message.html?_=1708645789058&CODE_STATE=getMsg HTTP/1.1" 200 27
116.232.194.112 - - [23/Feb/2024:07:49:53 +0800] "GET /xingrg/all/function/internal_message.html?_=1708645768590&CODE_STATE=getMsg HTTP/1.1" 200 27
58.40.7.146 - - [23/Feb/2024:07:50:00 +0800] "GET /xingrg/all/function/internal_message.html?_=1708645800057&CODE_STATE=getMsg HTTP/1.1" 200 27
116.232.194.112 - - [23/Feb/2024:07:50:02 +0800] "GET /xingrg/all/function/internal_message.html?_=1708645777341&CODE_STATE=getMsg HTTP/1.1" 200 27
221.239.172.101 - - [23/Feb/2024:07:50:03 +0800] "GET /xingrg/all/function/internal_message.html?_=1708645802131&CODE_STATE=getMsg HTTP/1.1" 200 27
116.232.194.112 - - [23/Feb/2024:07:50:10 +0800] "GET /xingrg/all/function/internal_message.html?_=1708645785243&CODE_STATE=getMsg HTTP/1.1" 200 27
116.228.172.94 - - [23/Feb/2024:07:50:12 +0800] "GET /xingrg/all/function/internal_message.html?_=1708645599114&CODE_STATE=getMsg HTTP/1.1" 302 -
116.228.172.94 - - [23/Feb/2024:07:50:12 +0800] "GET /xingrg/check_reg.html?_=1708645599115 HTTP/1.1" 302 -
116.224.254.208 - - [23/Feb/2024:07:50:18 +0800] "GET /xingrg/all/function/internal_message.html?_=1708645818679&CODE_STATE=getMsg HTTP/1.1" 200 27
116.238.97.31 - - [23/Feb/2024:07:50:24 +0800] "GET /xingrg/all/function/internal_message.html?_=1708645825138&CODE_STATE=getMsg HTTP/1.1" 200 27
120.253.135.82 - - [23/Feb/2024:07:50:24 +0800] "GET /xingrg/all/function/internal_message.html?_=1708645658607&CODE_STATE=getMsg HTTP/1.1" 200 27
124.78.67.200 - - [23/Feb/2024:07:50:29 +0800] "GET /xingrg/all/function/internal_message.html?_=1708645829953&CODE_STATE=getMsg HTTP/1.1" 200 27
218.79.28.144 - - [23/Feb/2024:07:50:42 +0800] "GET /xingrg/all/function/internal_message.html?_=1708645849061&CODE_STATE=getMsg HTTP/1.1" 200 27
218.79.28.144 - - [23/Feb/2024:07:50:42 +0800] "GET /xingrg/check_reg.html?_=1708645849067 HTTP/1.1" 200 22
116.232.194.112 - - [23/Feb/2024:07:50:53 +0800] "GET /xingrg/all/function/internal_message.html?_=1708645828592&CODE_STATE=getMsg HTTP/1.1" 200 27
58.40.7.146 - - [23/Feb/2024:07:51:00 +0800] "GET /xingrg/all/function/internal_message.html?_=1708645860043&CODE_STATE=getMsg HTTP/1.1" 200 27
116.232.194.112 - - [23/Feb/2024:07:51:02 +0800] "GET /xingrg/all/function/internal_message.html?_=1708645837315&CODE_STATE=getMsg HTTP/1.1" 200 27
221.239.172.101 - - [23/Feb/2024:07:51:03 +0800] "GET /xingrg/all/function/internal_message.html?_=1708645862144&CODE_STATE=getMsg HTTP/1.1" 200 27
116.232.194.112 - - [23/Feb/2024:07:51:10 +0800] "GET /xingrg/all/function/internal_message.html?_=1708645845241&CODE_STATE=getMsg HTTP/1.1" 200 27
116.228.172.94 - - [23/Feb/2024:07:51:12 +0800] "GET /xingrg/all/function/internal_message.html?_=1708645659108&CODE_STATE=getMsg HTTP/1.1" 302 -
116.224.254.208 - - [23/Feb/2024:07:51:18 +0800] "GET /xingrg/all/function/internal_message.html?_=1708645878695&CODE_STATE=getMsg HTTP/1.1" 200 27
116.238.97.31 - - [23/Feb/2024:07:51:24 +0800] "GET /xingrg/all/function/internal_message.html?_=1708645885149&CODE_STATE=getMsg HTTP/1.1" 200 27
120.253.135.82 - - [23/Feb/2024:07:51:25 +0800] "GET /xingrg/all/function/internal_message.html?_=1708645718701&CODE_STATE=getMsg HTTP/1.1" 200 27
124.78.67.200 - - [23/Feb/2024:07:51:29 +0800] "GET /xingrg/all/function/internal_message.html?_=1708645889950&CODE_STATE=getMsg HTTP/1.1" 200 27
116.232.194.112 - - [23/Feb/2024:07:51:37 +0800] "GET /xingrg/check_reg.html?_=1708645872852 HTTP/1.1" 200 22
218.79.28.144 - - [23/Feb/2024:07:51:42 +0800] "GET /xingrg/all/function/internal_message.html?_=1708645909068&CODE_STATE=getMsg HTTP/1.1" 200 27
116.232.194.112 - - [23/Feb/2024:07:51:53 +0800] "GET /xingrg/check_reg.html?_=1708645888579 HTTP/1.1" 200 22
116.232.194.112 - - [23/Feb/2024:07:51:53 +0800] "GET /xingrg/all/function/internal_message.html?_=1708645888581&CODE_STATE=getMsg HTTP/1.1" 200 27
116.224.254.208 - - [23/Feb/2024:07:51:57 +0800] "GET /xingrg/javascript/jquery_easy_ui/themes/default/images/button_plain_hover.png HTTP/1.1" 200 252
58.40.7.146 - - [23/Feb/2024:07:52:00 +0800] "GET /xingrg/all/function/internal_message.html?_=1708645920045&CODE_STATE=getMsg HTTP/1.1" 200 27
58.40.7.146 - - [23/Feb/2024:07:52:00 +0800] "GET /xingrg/check_reg.html?_=1708645920047 HTTP/1.1" 200 22
116.224.254.208 - - [23/Feb/2024:07:52:00 +0800] "GET /xingrg/javascript/jquery_easy_ui/themes/default/images/tabs_close.gif HTTP/1.1" 200 829
116.224.254.208 - - [23/Feb/2024:07:52:00 +0800] "GET /xingrg/kc/buy/cgsh_order_list.html HTTP/1.1" 200 57696
116.224.254.208 - - [23/Feb/2024:07:52:01 +0800] "GET /xingrg/javascript/easyui/themes/icons/edit_add_new.png HTTP/1.1" 200 2997
116.224.254.208 - - [23/Feb/2024:07:52:01 +0800] "GET /xingrg/javascript/easyui/themes/icons/cance_new.png HTTP/1.1" 200 3986
116.224.254.208 - - [23/Feb/2024:07:52:01 +0800] "GET /xingrg/javascript/easyui/themes/icons/check_new.png HTTP/1.1" 200 3224
116.224.254.208 - - [23/Feb/2024:07:52:01 +0800] "GET /xingrg/javascript/easyui/themes/icons/field_new.png HTTP/1.1" 200 1097
116.224.254.208 - - [23/Feb/2024:07:52:01 +0800] "GET /xingrg/javascript/easyui/themes/icons/import_new.png HTTP/1.1" 200 1247
116.224.254.208 - - [23/Feb/2024:07:52:01 +0800] "GET /xingrg/images/control/ajaxLoader.gif HTTP/1.1" 200 4659
116.232.194.112 - - [23/Feb/2024:07:52:02 +0800] "GET /xingrg/all/function/internal_message.html?_=1708645897296&CODE_STATE=getMsg HTTP/1.1" 200 27
221.239.172.101 - - [23/Feb/2024:07:52:03 +0800] "GET /xingrg/all/function/internal_message.html?_=1708645922131&CODE_STATE=getMsg HTTP/1.1" 200 27
116.224.254.208 - - [23/Feb/2024:07:52:03 +0800] "POST /xingrg/kc/buy/cgsh_list_operate.html HTTP/1.1" 200 986
116.224.254.208 - - [23/Feb/2024:07:52:04 +0800] "GET /xingrg/javascript/easyui/themes/default/images/button_plain_hover.png HTTP/1.1" 200 144
116.224.254.208 - - [23/Feb/2024:07:52:05 +0800] "GET /xingrg/kc/buy/cgsh_order_add.html HTTP/1.1" 200 73065
116.224.254.208 - - [23/Feb/2024:07:52:05 +0800] "GET /xingrg/words/20240222114519_words.js HTTP/1.1" 304 -
116.224.254.208 - - [23/Feb/2024:07:52:05 +0800] "GET /xingrg/javascript/easyui/themes/icons/template_new.png HTTP/1.1" 200 3956
116.224.254.208 - - [23/Feb/2024:07:52:05 +0800] "GET /xingrg/javascript/easyui/themes/icons/ok.png HTTP/1.1" 200 883
116.224.254.208 - - [23/Feb/2024:07:52:05 +0800] "GET /xingrg/javascript/easyui/themes/icons/cancel.png HTTP/1.1" 200 1133
116.224.254.208 - - [23/Feb/2024:07:52:05 +0800] "GET /xingrg/javascript/easyui/themes/default/images/menu_downarrow.png HTTP/1.1" 200 173
116.224.254.208 - - [23/Feb/2024:07:52:05 +0800] "GET /xingrg/javascript/easyui/themes/icons/print.png HTTP/1.1" 200 1057
116.224.254.208 - - [23/Feb/2024:07:52:05 +0800] "POST /xingrg/kc/buy/cgsh_order_operate.html HTTP/1.1" 200 8245
116.224.254.208 - - [23/Feb/2024:07:52:05 +0800] "GET /xingrg/javascript/easyui/themes/default/validatebox.css HTTP/1.1" 404 1104
116.224.254.208 - - [23/Feb/2024:07:52:05 +0800] "GET /xingrg/all/common/auto_word.html?type=employee&rest_code=00151 HTTP/1.1" 200 293
116.224.254.208 - - [23/Feb/2024:07:52:05 +0800] "GET /xingrg/all/common/auto_word.html?type=employee&rest_code=00151 HTTP/1.1" 200 293
116.224.254.208 - - [23/Feb/2024:07:52:06 +0800] "GET /xingrg/javascript/easyui/themes/icons/edit_remove.png HTTP/1.1" 200 625
116.224.254.208 - - [23/Feb/2024:07:52:08 +0800] "GET /xingrg/javascript/auto/indicator.gif HTTP/1.1" 404 1066
116.232.194.112 - - [23/Feb/2024:07:52:10 +0800] "GET /xingrg/all/function/internal_message.html?_=1708645905239&CODE_STATE=getMsg HTTP/1.1" 200 27
116.228.172.94 - - [23/Feb/2024:07:52:12 +0800] "GET /xingrg/all/function/internal_message.html?_=1708645719125&CODE_STATE=getMsg HTTP/1.1" 302 -
116.224.254.208 - - [23/Feb/2024:07:52:17 +0800] "GET /xingrg/kc/buy/cgsh_order_operate.html?command=get_materiel&rest_code=00151&code=00101016025&supplier_code=00100096&order_time=2024-02-23 HTTP/1.1" 200 408
116.224.254.208 - - [23/Feb/2024:07:52:18 +0800] "GET /xingrg/check_reg.html?_=1708645938679 HTTP/1.1" 200 22
116.224.254.208 - - [23/Feb/2024:07:52:18 +0800] "GET /xingrg/all/function/internal_message.html?_=1708645938684&CODE_STATE=getMsg HTTP/1.1" 200 27
116.238.97.31 - - [23/Feb/2024:07:52:24 +0800] "GET /xingrg/all/function/internal_message.html?_=1708645945148&CODE_STATE=getMsg HTTP/1.1" 200 27
120.253.135.82 - - [23/Feb/2024:07:52:25 +0800] "GET /xingrg/all/function/internal_message.html?_=1708645778712&CODE_STATE=getMsg HTTP/1.1" 200 27
116.224.254.208 - - [23/Feb/2024:07:52:29 +0800] "GET /xingrg/kc/buy/cgsh_order_operate.html?command=get_materiel&rest_code=00151&code=00101012060&supplier_code=00100096&order_time=2024-02-23 HTTP/1.1" 200 408
124.78.67.200 - - [23/Feb/2024:07:52:29 +0800] "GET /xingrg/all/function/internal_message.html?_=1708645949950&CODE_STATE=getMsg HTTP/1.1" 200 27
124.78.67.200 - - [23/Feb/2024:07:52:29 +0800] "GET /xingrg/check_reg.html?_=1708645949961 HTTP/1.1" 200 22
116.224.254.208 - - [23/Feb/2024:07:52:36 +0800] "GET /xingrg/kc/buy/cgsh_order_operate.html?command=get_materiel&rest_code=00151&code=00101012039&supplier_code=00100096&order_time=2024-02-23 HTTP/1.1" 200 408
218.79.28.144 - - [23/Feb/2024:07:52:42 +0800] "GET /xingrg/all/function/internal_message.html?_=1708645969054&CODE_STATE=getMsg HTTP/1.1" 200 27
116.224.254.208 - - [23/Feb/2024:07:52:43 +0800] "GET /xingrg/kc/buy/cgsh_order_operate.html?command=get_materiel&rest_code=00151&code=00101016051&supplier_code=00100096&order_time=2024-02-23 HTTP/1.1" 200 408
116.224.254.208 - - [23/Feb/2024:07:52:50 +0800] "GET /xingrg/kc/buy/cgsh_order_operate.html?command=get_materiel&rest_code=00151&code=00101012044&supplier_code=00100096&order_time=2024-02-23 HTTP/1.1" 200 410
116.232.194.112 - - [23/Feb/2024:07:52:53 +0800] "GET /xingrg/all/function/internal_message.html?_=1708645948574&CODE_STATE=getMsg HTTP/1.1" 200 27
58.40.7.146 - - [23/Feb/2024:07:53:00 +0800] "GET /xingrg/all/function/internal_message.html?_=1708645980050&CODE_STATE=getMsg HTTP/1.1" 200 27
116.232.194.112 - - [23/Feb/2024:07:53:02 +0800] "GET /xingrg/all/function/internal_message.html?_=1708645957270&CODE_STATE=getMsg HTTP/1.1" 200 27
221.239.172.101 - - [23/Feb/2024:07:53:03 +0800] "GET /xingrg/all/function/internal_message.html?_=1708645982141&CODE_STATE=getMsg HTTP/1.1" 200 27
116.232.194.112 - - [23/Feb/2024:07:53:10 +0800] "GET /xingrg/all/function/internal_message.html?_=1708645965239&CODE_STATE=getMsg HTTP/1.1" 200 27
116.228.172.94 - - [23/Feb/2024:07:53:12 +0800] "GET /xingrg/all/function/internal_message.html?_=1708645779112&CODE_STATE=getMsg HTTP/1.1" 302 -
116.224.254.208 - - [23/Feb/2024:07:53:18 +0800] "GET /xingrg/all/function/internal_message.html?_=1708645998685&CODE_STATE=getMsg HTTP/1.1" 200 27
116.224.254.208 - - [23/Feb/2024:07:53:23 +0800] "GET /xingrg/kc/buy/cgsh_order_operate.html?command=get_materiel&rest_code=00151&code=00101006372&supplier_code=00100096&order_time=2024-02-23 HTTP/1.1" 200 423
116.238.97.31 - - [23/Feb/2024:07:53:24 +0800] "GET /xingrg/all/function/internal_message.html?_=1708646005129&CODE_STATE=getMsg HTTP/1.1" 200 27
116.238.97.31 - - [23/Feb/2024:07:53:24 +0800] "GET /xingrg/check_reg.html?_=1708646005132 HTTP/1.1" 200 22
120.253.135.82 - - [23/Feb/2024:07:53:25 +0800] "GET /xingrg/all/function/internal_message.html?_=1708645838807&CODE_STATE=getMsg HTTP/1.1" 200 27
124.78.67.200 - - [23/Feb/2024:07:53:29 +0800] "GET /xingrg/all/function/internal_message.html?_=1708646009952&CODE_STATE=getMsg HTTP/1.1" 200 27
116.224.254.208 - - [23/Feb/2024:07:53:37 +0800] "POST /xingrg/kc/buy/cgsh_order_operate.html HTTP/1.1" 200 37
218.79.28.144 - - [23/Feb/2024:07:53:42 +0800] "GET /xingrg/all/function/internal_message.html?_=1708646029057&CODE_STATE=getMsg HTTP/1.1" 200 27
