116.237.75.51 - - [23/Feb/2024:10:47:28 +0800] "GET /xingrg/javascript/easyui/themes/default/validatebox.css HTTP/1.1" 404 1104
116.237.75.51 - - [23/Feb/2024:10:47:28 +0800] "POST /xingrg/kc/buy/cgsh_order_operate.html HTTP/1.1" 200 8245
116.237.75.51 - - [23/Feb/2024:10:47:28 +0800] "GET /xingrg/javascript/easyui/themes/default/tree.css HTTP/1.1" 404 1090
116.224.254.208 - - [23/Feb/2024:10:47:28 +0800] "GET /xingrg/all/function/internal_message.html?_=1708656448554&CODE_STATE=getMsg HTTP/1.1" 200 27
222.70.242.249 - - [23/Feb/2024:10:47:29 +0800] "POST /xingrg/services/DataTransmitService HTTP/1.1" 200 524
116.237.75.51 - - [23/Feb/2024:10:47:29 +0800] "POST /xingrg/all/common/load_tree.html?tree=supplier_tree_json&isDelete=1 HTTP/1.1" 200 78460
124.78.67.200 - - [23/Feb/2024:10:47:29 +0800] "GET /xingrg/check_reg.html?_=1708656449921 HTTP/1.1" 200 22
124.78.67.200 - - [23/Feb/2024:10:47:29 +0800] "GET /xingrg/all/function/internal_message.html?_=1708656449925&CODE_STATE=getMsg HTTP/1.1" 200 27
222.70.242.249 - - [23/Feb/2024:10:47:30 +0800] "POST /xingrg/services/DataTransmitService HTTP/1.1" 200 412
101.83.217.210 - - [23/Feb/2024:10:47:30 +0800] "GET /xingrg/all/function/internal_message.html?_=1708656450544&CODE_STATE=getMsg HTTP/1.1" 200 27
116.237.75.51 - - [23/Feb/2024:10:47:32 +0800] "GET /xingrg/kc/base/wldb_order_list.html HTTP/1.1" 200 19013
116.237.75.51 - - [23/Feb/2024:10:47:32 +0800] "GET /xingrg/all/function/internal_message.html?_=1708656457266&CODE_STATE=getMsg HTTP/1.1" 200 27
116.224.254.208 - - [23/Feb/2024:10:47:32 +0800] "GET /xingrg/all/function/internal_message.html?_=1708656453233&CODE_STATE=getMsg HTTP/1.1" 200 27
116.237.75.51 - - [23/Feb/2024:10:47:33 +0800] "POST /xingrg/kc/base/wldb_list_operate.html HTTP/1.1" 200 2166
116.237.75.51 - - [23/Feb/2024:10:47:35 +0800] "GET /xingrg/kc/base/wldb_order_add.html HTTP/1.1" 200 30344
116.237.75.51 - - [23/Feb/2024:10:47:35 +0800] "POST /xingrg/kc/base/wldb_order_operate.html HTTP/1.1" 200 6806
116.237.75.51 - - [23/Feb/2024:10:47:35 +0800] "GET /xingrg/javascript/easyui/themes/default/validatebox.css HTTP/1.1" 404 1104
116.237.75.51 - - [23/Feb/2024:10:47:35 +0800] "GET /xingrg/javascript/jquery_easy_ui/themes/default/images/tabs_active.png HTTP/1.1" 304 -
116.237.75.51 - - [23/Feb/2024:10:47:37 +0800] "POST /xingrg/all/common/load_combo.html?type=base HTTP/1.1" 200 3227
180.169.147.146 - - [23/Feb/2024:10:47:39 +0800] "GET /xingrg/all/function/internal_message.html?_=1708656459246&CODE_STATE=getMsg HTTP/1.1" 200 27
222.69.131.13 - - [23/Feb/2024:10:47:41 +0800] "GET /xingrg/all/function/internal_message.html?_=1708656462535&CODE_STATE=getMsg HTTP/1.1" 200 27
222.70.115.1 - - [23/Feb/2024:10:47:41 +0800] "GET /xingrg/all/function/internal_message.html?_=1708656469849&CODE_STATE=getMsg HTTP/1.1" 200 27
116.237.75.51 - - [23/Feb/2024:10:47:41 +0800] "POST /xingrg/all/common/load_combo.html?type=base HTTP/1.1" 200 3227
218.79.28.144 - - [23/Feb/2024:10:47:42 +0800] "GET /xingrg/all/function/internal_message.html?_=1708656469169&CODE_STATE=getMsg HTTP/1.1" 200 27
101.83.145.37 - - [23/Feb/2024:10:47:45 +0800] "GET /xingrg/all/function/internal_message.html?_=1708656466633&CODE_STATE=getMsg HTTP/1.1" 200 27
116.237.75.51 - - [23/Feb/2024:10:47:49 +0800] "GET /xingrg/all/function/internal_message.html?_=1708656470603&CODE_STATE=getMsg HTTP/1.1" 200 27
180.164.1.25 - - [23/Feb/2024:10:47:50 +0800] "GET /xingrg/all/function/internal_message.html?_=1708656470296&CODE_STATE=getMsg HTTP/1.1" 200 27
116.237.75.51 - - [23/Feb/2024:10:47:50 +0800] "GET /xingrg/kc/buy/cgsh_order_operate.html?command=get_materiel&rest_code=00106&code=00101009140&supplier_code=00100022&order_time=2024-02-23 HTTP/1.1" 200 413
172.20.0.100 - - [23/Feb/2024:10:47:53 +0800] "GET /xingrg/check_reg.html?_=1708656474900 HTTP/1.1" 200 22
172.20.0.100 - - [23/Feb/2024:10:47:53 +0800] "GET /xingrg/all/function/internal_message.html?_=1708656474902&CODE_STATE=getMsg HTTP/1.1" 200 27
116.232.194.112 - - [23/Feb/2024:10:47:53 +0800] "GET /xingrg/all/function/internal_message.html?_=1708656448568&CODE_STATE=getMsg HTTP/1.1" 200 27
116.230.123.222 - - [23/Feb/2024:10:47:59 +0800] "GET /xingrg/all/function/internal_message.html?_=1708656476441&CODE_STATE=getMsg HTTP/1.1" 200 27
116.232.194.112 - - [23/Feb/2024:10:47:59 +0800] "GET /xingrg/all/function/internal_message.html?_=1708656454218&CODE_STATE=getMsg HTTP/1.1" 200 27
58.40.7.146 - - [23/Feb/2024:10:48:00 +0800] "GET /xingrg/all/function/internal_message.html?_=1708656480559&CODE_STATE=getMsg HTTP/1.1" 200 27
221.239.172.101 - - [23/Feb/2024:10:48:03 +0800] "GET /xingrg/all/function/internal_message.html?_=1708656482362&CODE_STATE=getMsg HTTP/1.1" 200 27
116.237.75.51 - - [23/Feb/2024:10:48:04 +0800] "POST /xingrg/kc/buy/cgsh_order_operate.html HTTP/1.1" 200 37
116.237.75.51 - - [23/Feb/2024:10:48:11 +0800] "POST /xingrg/kc/buy/cgsh_order_operate.html HTTP/1.1" 200 12
116.237.75.51 - - [23/Feb/2024:10:48:11 +0800] "GET /xingrg/kc/base/wldb_order_operate.html?command=get_materiel&rest_code=00106&base_code=0010396&code=00101019430 HTTP/1.1" 200 478
116.228.172.94 - - [23/Feb/2024:10:48:12 +0800] "GET /xingrg/all/function/internal_message.html?_=1708656279109&CODE_STATE=getMsg HTTP/1.1" 302 -
116.237.75.51 - - [23/Feb/2024:10:48:15 +0800] "GET /xingrg/kc/buy/cgsh_order_info.html?code=212024022306022 HTTP/1.1" 200 68376
116.237.75.51 - - [23/Feb/2024:10:48:16 +0800] "GET /xingrg/javascript/easyui/themes/default/validatebox.css HTTP/1.1" 404 1104
116.237.75.51 - - [23/Feb/2024:10:48:17 +0800] "POST /xingrg/kc/buy/cgsh_order_operate.html HTTP/1.1" 200 610
116.238.97.31 - - [23/Feb/2024:10:48:20 +0800] "GET /xingrg/all/function/internal_message.html?_=1708656500946&CODE_STATE=getMsg HTTP/1.1" 200 27
116.237.75.51 - - [23/Feb/2024:10:48:24 +0800] "POST /xingrg/kc/base/wldb_order_operate.html HTTP/1.1" 200 37
120.253.135.82 - - [23/Feb/2024:10:48:24 +0800] "GET /xingrg/all/function/internal_message.html?_=1708656338465&CODE_STATE=getMsg HTTP/1.1" 200 27
116.237.75.51 - - [23/Feb/2024:10:48:25 +0800] "POST /xingrg/kc/base/wldb_order_operate.html HTTP/1.1" 200 2221
116.237.75.51 - - [23/Feb/2024:10:48:26 +0800] "GET /xingrg/kc/print/load_data.html?order_code=212024022306022&kc_code=cgsh&condition= HTTP/1.1" 200 744
222.70.242.249 - - [23/Feb/2024:10:48:26 +0800] "GET /xingrg/all/function/internal_message.html?_=1708656524625&CODE_STATE=getMsg HTTP/1.1" 200 27
116.237.75.51 - - [23/Feb/2024:10:48:27 +0800] "GET /xingrg/kc/base/wldb_order_info.html?code=422024022301813 HTTP/1.1" 200 30358
116.237.75.51 - - [23/Feb/2024:10:48:28 +0800] "GET /xingrg/javascript/easyui/themes/default/validatebox.css HTTP/1.1" 404 1104
116.224.254.208 - - [23/Feb/2024:10:48:28 +0800] "GET /xingrg/all/function/internal_message.html?_=1708656508531&CODE_STATE=getMsg HTTP/1.1" 200 27
124.78.67.200 - - [23/Feb/2024:10:48:29 +0800] "GET /xingrg/all/function/internal_message.html?_=1708656509922&CODE_STATE=getMsg HTTP/1.1" 200 27
101.83.217.210 - - [23/Feb/2024:10:48:30 +0800] "GET /xingrg/all/function/internal_message.html?_=1708656510539&CODE_STATE=getMsg HTTP/1.1" 200 27
116.237.75.51 - - [23/Feb/2024:10:48:30 +0800] "POST /xingrg/kc/base/wldb_order_operate.html HTTP/1.1" 200 2221
116.237.75.51 - - [23/Feb/2024:10:48:31 +0800] "GET /xingrg/check_reg.html?_=1708656516648 HTTP/1.1" 200 22
180.163.29.103 - - [23/Feb/2024:10:48:32 +0800] "GET /xingrg/all/function/internal_message.html?_=1708656457266&CODE_STATE=getMsg HTTP/1.1" 302 -
180.163.29.103 - - [23/Feb/2024:10:48:32 +0800] "GET /xingrg/login.html HTTP/1.1" 200 7641
116.224.254.208 - - [23/Feb/2024:10:48:33 +0800] "GET /xingrg/all/function/internal_message.html?_=1708656513235&CODE_STATE=getMsg HTTP/1.1" 200 27
116.237.75.51 - - [23/Feb/2024:10:48:37 +0800] "GET /xingrg/all/function/internal_message.html?_=1708656522259&CODE_STATE=getMsg HTTP/1.1" 200 27
116.237.75.51 - - [23/Feb/2024:10:48:38 +0800] "GET /xingrg/kc/base/base_main.html HTTP/1.1" 200 12142
180.169.147.146 - - [23/Feb/2024:10:48:39 +0800] "GET /xingrg/all/function/internal_message.html?_=1708656519265&CODE_STATE=getMsg HTTP/1.1" 200 27
116.237.75.51 - - [23/Feb/2024:10:48:40 +0800] "GET /xingrg/kc/base/wldb_order_list.html HTTP/1.1" 200 19013
222.69.131.13 - - [23/Feb/2024:10:48:41 +0800] "GET /xingrg/all/function/internal_message.html?_=1708656522530&CODE_STATE=getMsg HTTP/1.1" 200 27
222.70.115.1 - - [23/Feb/2024:10:48:41 +0800] "GET /xingrg/all/function/internal_message.html?_=1708656529848&CODE_STATE=getMsg HTTP/1.1" 200 27
222.70.115.1 - - [23/Feb/2024:10:48:41 +0800] "GET /xingrg/check_reg.html?_=1708656529851 HTTP/1.1" 200 22
116.237.75.51 - - [23/Feb/2024:10:48:41 +0800] "POST /xingrg/kc/base/wldb_list_operate.html HTTP/1.1" 200 2558
218.79.28.144 - - [23/Feb/2024:10:48:42 +0800] "GET /xingrg/all/function/internal_message.html?_=1708656529171&CODE_STATE=getMsg HTTP/1.1" 200 27
101.83.145.37 - - [23/Feb/2024:10:48:45 +0800] "GET /xingrg/all/function/internal_message.html?_=1708656526634&CODE_STATE=getMsg HTTP/1.1" 200 27
101.83.145.37 - - [23/Feb/2024:10:48:45 +0800] "GET /xingrg/check_reg.html?_=1708656526638 HTTP/1.1" 200 22
120.253.135.82 - - [23/Feb/2024:10:48:45 +0800] "GET /xingrg/check_reg.html?_=1708656358981 HTTP/1.1" 200 22
116.237.75.51 - - [23/Feb/2024:10:48:46 +0800] "GET /xingrg/kc/buy/buy_main.html HTTP/1.1" 200 12412
116.237.75.51 - - [23/Feb/2024:10:48:46 +0800] "GET /xingrg/css/new_ie.css HTTP/1.1" 404 1036
116.237.75.51 - - [23/Feb/2024:10:48:47 +0800] "GET /xingrg/images/yd/bt.gif HTTP/1.1" 404 1040
116.237.75.51 - - [23/Feb/2024:10:48:47 +0800] "GET /xingrg/kc/print/load_data.html?order_code=212024022306022&kc_code=cgsh HTTP/1.1" 200 744
116.237.75.51 - - [23/Feb/2024:10:48:48 +0800] "GET /xingrg/kc/buy/cgsh_order_list.html HTTP/1.1" 200 57692
116.237.75.51 - - [23/Feb/2024:10:48:49 +0800] "GET /xingrg/all/function/internal_message.html?_=1708656530598&CODE_STATE=getMsg HTTP/1.1" 200 27
180.164.1.25 - - [23/Feb/2024:10:48:50 +0800] "GET /xingrg/all/function/internal_message.html?_=1708656530291&CODE_STATE=getMsg HTTP/1.1" 200 27
180.164.1.25 - - [23/Feb/2024:10:48:51 +0800] "GET /xingrg/check_reg.html?_=1708656531199 HTTP/1.1" 200 22
172.20.0.100 - - [23/Feb/2024:10:48:53 +0800] "GET /xingrg/all/function/internal_message.html?_=1708656534901&CODE_STATE=getMsg HTTP/1.1" 200 27
116.232.194.112 - - [23/Feb/2024:10:48:53 +0800] "GET /xingrg/all/function/internal_message.html?_=1708656508578&CODE_STATE=getMsg HTTP/1.1" 200 27
116.237.75.51 - - [23/Feb/2024:10:48:54 +0800] "POST /xingrg/kc/buy/cgsh_list_operate.html HTTP/1.1" 200 2284
116.237.75.51 - - [23/Feb/2024:10:48:57 +0800] "GET /xingrg/kc/base/base_main.html HTTP/1.1" 200 12142
116.237.75.51 - - [23/Feb/2024:10:48:59 +0800] "GET /xingrg/kc/base/wldb_order_list.html HTTP/1.1" 200 19013
116.230.123.222 - - [23/Feb/2024:10:48:59 +0800] "GET /xingrg/all/function/internal_message.html?_=1708656536425&CODE_STATE=getMsg HTTP/1.1" 200 27
116.232.194.112 - - [23/Feb/2024:10:48:59 +0800] "GET /xingrg/all/function/internal_message.html?_=1708656514201&CODE_STATE=getMsg HTTP/1.1" 200 27
116.237.75.51 - - [23/Feb/2024:10:48:59 +0800] "POST /xingrg/kc/base/wldb_list_operate.html HTTP/1.1" 200 2558
58.40.7.146 - - [23/Feb/2024:10:49:00 +0800] "GET /xingrg/all/function/internal_message.html?_=1708656540532&CODE_STATE=getMsg HTTP/1.1" 200 27
221.239.172.101 - - [23/Feb/2024:10:49:03 +0800] "GET /xingrg/all/function/internal_message.html?_=1708656542364&CODE_STATE=getMsg HTTP/1.1" 200 27
221.239.172.101 - - [23/Feb/2024:10:49:03 +0800] "GET /xingrg/check_reg.html?_=1708656542412 HTTP/1.1" 200 22
116.237.75.51 - - [23/Feb/2024:10:49:05 +0800] "POST /xingrg/services/DataTransmitService HTTP/1.1" 200 524
116.237.75.51 - - [23/Feb/2024:10:49:06 +0800] "POST /xingrg/services/DataTransmitService HTTP/1.1" 200 2579
116.237.75.51 - - [23/Feb/2024:10:49:07 +0800] "POST /xingrg/services/DataTransmitService HTTP/1.1" 200 179044
116.228.172.94 - - [23/Feb/2024:10:49:12 +0800] "GET /xingrg/all/function/internal_message.html?_=1708656339122&CODE_STATE=getMsg HTTP/1.1" 302 -
116.232.194.112 - - [23/Feb/2024:10:49:15 +0800] "GET /xingrg/check_reg.html?_=1708656530620 HTTP/1.1" 200 22
116.238.97.31 - - [23/Feb/2024:10:49:20 +0800] "GET /xingrg/all/function/internal_message.html?_=1708656560935&CODE_STATE=getMsg HTTP/1.1" 200 27
116.237.75.51 - - [23/Feb/2024:10:49:22 +0800] "GET /xingrg/kc/buy/cgsh_order_add.html HTTP/1.1" 200 73467
116.237.75.51 - - [23/Feb/2024:10:49:24 +0800] "GET /xingrg/javascript/easyui/themes/default/validatebox.css HTTP/1.1" 404 1104
116.237.75.51 - - [23/Feb/2024:10:49:24 +0800] "POST /xingrg/kc/buy/cgsh_order_operate.html HTTP/1.1" 200 8245
120.253.135.82 - - [23/Feb/2024:10:49:24 +0800] "GET /xingrg/all/function/internal_message.html?_=1708656398465&CODE_STATE=getMsg HTTP/1.1" 200 27
222.70.242.249 - - [23/Feb/2024:10:49:26 +0800] "GET /xingrg/all/function/internal_message.html?_=1708656584646&CODE_STATE=getMsg HTTP/1.1" 200 27
116.237.75.51 - - [23/Feb/2024:10:49:28 +0800] "GET /xingrg/javascript/easyui/themes/default/tree.css HTTP/1.1" 404 1090
116.224.254.208 - - [23/Feb/2024:10:49:28 +0800] "GET /xingrg/all/function/internal_message.html?_=1708656568515&CODE_STATE=getMsg HTTP/1.1" 200 27
116.237.75.51 - - [23/Feb/2024:10:49:29 +0800] "POST /xingrg/all/common/load_tree.html?tree=supplier_tree_json&isDelete=1 HTTP/1.1" 200 78460
124.78.67.200 - - [23/Feb/2024:10:49:29 +0800] "GET /xingrg/all/function/internal_message.html?_=1708656569921&CODE_STATE=getMsg HTTP/1.1" 200 27
101.83.217.210 - - [23/Feb/2024:10:49:30 +0800] "GET /xingrg/all/function/internal_message.html?_=1708656570538&CODE_STATE=getMsg HTTP/1.1" 200 27
101.83.217.210 - - [23/Feb/2024:10:49:30 +0800] "GET /xingrg/check_reg.html?_=1708656570543 HTTP/1.1" 200 22
116.224.254.208 - - [23/Feb/2024:10:49:32 +0800] "GET /xingrg/check_reg.html?_=1708656573228 HTTP/1.1" 200 22
116.224.254.208 - - [23/Feb/2024:10:49:32 +0800] "GET /xingrg/all/function/internal_message.html?_=1708656573230&CODE_STATE=getMsg HTTP/1.1" 200 27
116.237.75.51 - - [23/Feb/2024:10:49:37 +0800] "GET /xingrg/all/function/internal_message.html?_=1708656582230&CODE_STATE=getMsg HTTP/1.1" 200 27
180.169.147.146 - - [23/Feb/2024:10:49:39 +0800] "GET /xingrg/all/function/internal_message.html?_=1708656579252&CODE_STATE=getMsg HTTP/1.1" 200 27
222.70.115.1 - - [23/Feb/2024:10:49:41 +0800] "GET /xingrg/all/function/internal_message.html?_=1708656589850&CODE_STATE=getMsg HTTP/1.1" 200 27
222.69.131.13 - - [23/Feb/2024:10:49:41 +0800] "GET /xingrg/all/function/internal_message.html?_=1708656582540&CODE_STATE=getMsg HTTP/1.1" 200 27
218.79.28.144 - - [23/Feb/2024:10:49:42 +0800] "GET /xingrg/all/function/internal_message.html?_=1708656589171&CODE_STATE=getMsg HTTP/1.1" 200 27
101.83.145.37 - - [23/Feb/2024:10:49:45 +0800] "GET /xingrg/all/function/internal_message.html?_=1708656586638&CODE_STATE=getMsg HTTP/1.1" 200 27
116.237.75.51 - - [23/Feb/2024:10:49:49 +0800] "GET /xingrg/kc/buy/cgsh_order_operate.html?command=get_materiel&rest_code=00106&code=00101005037&supplier_code=00100631&order_time=2024-02-23 HTTP/1.1" 200 428
180.164.1.25 - - [23/Feb/2024:10:49:50 +0800] "GET /xingrg/all/function/internal_message.html?_=1708656590271&CODE_STATE=getMsg HTTP/1.1" 200 27
172.20.0.100 - - [23/Feb/2024:10:49:53 +0800] "GET /xingrg/all/function/internal_message.html?_=1708656594893&CODE_STATE=getMsg HTTP/1.1" 200 27
116.232.194.112 - - [23/Feb/2024:10:49:53 +0800] "GET /xingrg/all/function/internal_message.html?_=1708656568589&CODE_STATE=getMsg HTTP/1.1" 200 27
116.230.123.222 - - [23/Feb/2024:10:49:59 +0800] "GET /xingrg/all/function/internal_message.html?_=1708656596411&CODE_STATE=getMsg HTTP/1.1" 200 27
116.232.194.112 - - [23/Feb/2024:10:49:59 +0800] "GET /xingrg/all/function/internal_message.html?_=1708656574195&CODE_STATE=getMsg HTTP/1.1" 200 27
58.40.7.146 - - [23/Feb/2024:10:50:00 +0800] "GET /xingrg/all/function/internal_message.html?_=1708656600504&CODE_STATE=getMsg HTTP/1.1" 200 27
221.239.172.101 - - [23/Feb/2024:10:50:03 +0800] "GET /xingrg/all/function/internal_message.html?_=1708656602358&CODE_STATE=getMsg HTTP/1.1" 200 27
116.237.75.51 - - [23/Feb/2024:10:50:03 +0800] "POST /xingrg/kc/buy/cgsh_order_operate.html HTTP/1.1" 200 37
116.237.75.51 - - [23/Feb/2024:10:50:10 +0800] "POST /xingrg/kc/buy/cgsh_order_operate.html HTTP/1.1" 200 12
116.228.172.94 - - [23/Feb/2024:10:50:12 +0800] "GET /xingrg/check_reg.html?_=1708656399112 HTTP/1.1" 302 -
116.228.172.94 - - [23/Feb/2024:10:50:12 +0800] "GET /xingrg/all/function/internal_message.html?_=1708656399113&CODE_STATE=getMsg HTTP/1.1" 302 -
116.237.75.51 - - [23/Feb/2024:10:50:13 +0800] "GET /xingrg/kc/buy/cgsh_order_info.html?code=212024022306023 HTTP/1.1" 200 68376
116.237.75.51 - - [23/Feb/2024:10:50:14 +0800] "GET /xingrg/javascript/easyui/themes/default/validatebox.css HTTP/1.1" 404 1104
116.237.75.51 - - [23/Feb/2024:10:50:15 +0800] "POST /xingrg/kc/buy/cgsh_order_operate.html HTTP/1.1" 200 605
116.238.97.31 - - [23/Feb/2024:10:50:20 +0800] "GET /xingrg/all/function/internal_message.html?_=1708656620919&CODE_STATE=getMsg HTTP/1.1" 200 27
116.237.75.51 - - [23/Feb/2024:10:50:23 +0800] "GET /xingrg/kc/print/load_data.html?order_code=212024022306023&kc_code=cgsh&condition= HTTP/1.1" 200 703
120.253.135.82 - - [23/Feb/2024:10:50:24 +0800] "GET /xingrg/all/function/internal_message.html?_=1708656458479&CODE_STATE=getMsg HTTP/1.1" 200 27
222.70.242.249 - - [23/Feb/2024:10:50:26 +0800] "GET /xingrg/all/function/internal_message.html?_=1708656644653&CODE_STATE=getMsg HTTP/1.1" 200 27
116.224.254.208 - - [23/Feb/2024:10:50:28 +0800] "GET /xingrg/all/function/internal_message.html?_=1708656628495&CODE_STATE=getMsg HTTP/1.1" 200 27
124.78.67.200 - - [23/Feb/2024:10:50:29 +0800] "GET /xingrg/all/function/internal_message.html?_=1708656629910&CODE_STATE=getMsg HTTP/1.1" 200 27
101.83.217.210 - - [23/Feb/2024:10:50:30 +0800] "GET /xingrg/all/function/internal_message.html?_=1708656630533&CODE_STATE=getMsg HTTP/1.1" 200 27
116.224.254.208 - - [23/Feb/2024:10:50:32 +0800] "GET /xingrg/all/function/internal_message.html?_=1708656633225&CODE_STATE=getMsg HTTP/1.1" 200 27
116.237.75.51 - - [23/Feb/2024:10:50:37 +0800] "GET /xingrg/all/function/internal_message.html?_=1708656642213&CODE_STATE=getMsg HTTP/1.1" 200 27
180.169.147.146 - - [23/Feb/2024:10:50:39 +0800] "GET /xingrg/all/function/internal_message.html?_=1708656639261&CODE_STATE=getMsg HTTP/1.1" 200 27
180.169.147.146 - - [23/Feb/2024:10:50:39 +0800] "GET /xingrg/check_reg.html?_=1708656639269 HTTP/1.1" 200 22
222.69.131.13 - - [23/Feb/2024:10:50:41 +0800] "GET /xingrg/all/function/internal_message.html?_=1708656642528&CODE_STATE=getMsg HTTP/1.1" 200 27
222.70.115.1 - - [23/Feb/2024:10:50:41 +0800] "GET /xingrg/all/function/internal_message.html?_=1708656649878&CODE_STATE=getMsg HTTP/1.1" 200 27
218.79.28.144 - - [23/Feb/2024:10:50:42 +0800] "GET /xingrg/check_reg.html?_=1708656649158 HTTP/1.1" 200 22
218.79.28.144 - - [23/Feb/2024:10:50:42 +0800] "GET /xingrg/all/function/internal_message.html?_=1708656649162&CODE_STATE=getMsg HTTP/1.1" 200 27
116.237.75.51 - - [23/Feb/2024:10:50:44 +0800] "GET /xingrg/kc/buy/cgsh_order_add.html HTTP/1.1" 200 73467
116.237.75.51 - - [23/Feb/2024:10:50:44 +0800] "POST /xingrg/kc/buy/cgsh_order_operate.html HTTP/1.1" 200 8245
116.237.75.51 - - [23/Feb/2024:10:50:45 +0800] "GET /xingrg/javascript/easyui/themes/default/validatebox.css HTTP/1.1" 404 1104
101.83.145.37 - - [23/Feb/2024:10:50:45 +0800] "GET /xingrg/all/function/internal_message.html?_=1708656646642&CODE_STATE=getMsg HTTP/1.1" 200 27
116.237.75.51 - - [23/Feb/2024:10:50:47 +0800] "GET /xingrg/javascript/easyui/themes/default/tree.css HTTP/1.1" 404 1090
116.237.75.51 - - [23/Feb/2024:10:50:48 +0800] "POST /xingrg/all/common/load_tree.html?tree=supplier_tree_json&isDelete=1 HTTP/1.1" 200 78460
180.164.1.25 - - [23/Feb/2024:10:50:50 +0800] "GET /xingrg/all/function/internal_message.html?_=1708656650258&CODE_STATE=getMsg HTTP/1.1" 200 27
172.20.0.100 - - [23/Feb/2024:10:50:53 +0800] "GET /xingrg/all/function/internal_message.html?_=1708656654885&CODE_STATE=getMsg HTTP/1.1" 200 27
116.232.194.112 - - [23/Feb/2024:10:50:53 +0800] "GET /xingrg/all/function/internal_message.html?_=1708656628585&CODE_STATE=getMsg HTTP/1.1" 200 27
222.70.242.249 - - [23/Feb/2024:10:50:56 +0800] "POST /xingrg/services/DataTransmitService HTTP/1.1" 401 565
222.70.242.249 - - [23/Feb/2024:10:50:56 +0800] "POST /xingrg/services/DataTransmitService HTTP/1.1" 200 478
222.70.242.249 - - [23/Feb/2024:10:50:56 +0800] "POST /xingrg/services/DataTransmitService HTTP/1.1" 200 1319
222.70.242.249 - - [23/Feb/2024:10:50:56 +0800] "POST /xingrg/services/DataTransmitService HTTP/1.1" 200 478
221.239.172.101 - - [23/Feb/2024:10:50:56 +0800] "GET /xingrg/kc/buy/cgsh_order_add.html HTTP/1.1" 200 72662
222.70.242.249 - - [23/Feb/2024:10:50:57 +0800] "POST /xingrg/services/DataTransmitService HTTP/1.1" 200 1319
222.70.242.249 - - [23/Feb/2024:10:50:57 +0800] "POST /xingrg/services/DataTransmitService HTTP/1.1" 200 524
221.239.172.101 - - [23/Feb/2024:10:50:57 +0800] "GET /xingrg/words/20240222114519_words.js HTTP/1.1" 200 1013853
221.239.172.101 - - [23/Feb/2024:10:50:57 +0800] "POST /xingrg/kc/buy/cgsh_order_operate.html HTTP/1.1" 200 8245
221.239.172.101 - - [23/Feb/2024:10:50:57 +0800] "GET /xingrg/all/common/auto_word.html?type=employee&rest_code=00145 HTTP/1.1" 200 151
221.239.172.101 - - [23/Feb/2024:10:50:57 +0800] "GET /xingrg/javascript/easyui/themes/default/validatebox.css HTTP/1.1" 404 1104
221.239.172.101 - - [23/Feb/2024:10:50:57 +0800] "GET /xingrg/all/common/auto_word.html?type=employee&rest_code=00145 HTTP/1.1" 200 151
222.70.242.249 - - [23/Feb/2024:10:50:58 +0800] "POST /xingrg/services/DataTransmitService HTTP/1.1" 200 2331
222.70.242.249 - - [23/Feb/2024:10:50:58 +0800] "POST /xingrg/services/DataTransmitService HTTP/1.1" 200 45454
222.70.242.249 - - [23/Feb/2024:10:50:58 +0800] "POST /xingrg/services/DataTransmitService HTTP/1.1" 200 19237
116.230.123.222 - - [23/Feb/2024:10:50:59 +0800] "GET /xingrg/all/function/internal_message.html?_=1708656656396&CODE_STATE=getMsg HTTP/1.1" 200 27
116.230.123.222 - - [23/Feb/2024:10:50:59 +0800] "GET /xingrg/check_reg.html?_=1708656656461 HTTP/1.1" 200 22
116.232.194.112 - - [23/Feb/2024:10:50:59 +0800] "GET /xingrg/all/function/internal_message.html?_=1708656634185&CODE_STATE=getMsg HTTP/1.1" 200 27
58.40.7.146 - - [23/Feb/2024:10:51:00 +0800] "GET /xingrg/all/function/internal_message.html?_=1708656660494&CODE_STATE=getMsg HTTP/1.1" 200 27
221.239.172.101 - - [23/Feb/2024:10:51:00 +0800] "GET /xingrg/kc/mdqp/qqps_order_list.html HTTP/1.1" 200 9222
221.239.172.101 - - [23/Feb/2024:10:51:00 +0800] "GET /xingrg/css/blue.css HTTP/1.1" 200 15949
221.239.172.101 - - [23/Feb/2024:10:51:00 +0800] "GET /xingrg/dwr/interface/AjaxQqpsService.js HTTP/1.1" 200 16326
221.239.172.101 - - [23/Feb/2024:10:51:01 +0800] "GET /xingrg/dwr/interface/AjaxReportQueryService.js HTTP/1.1" 200 13203
221.239.172.101 - - [23/Feb/2024:10:51:01 +0800] "GET /xingrg/dwr/engine.js HTTP/1.1" 200 43631
221.239.172.101 - - [23/Feb/2024:10:51:01 +0800] "GET /xingrg/dwr/util.js HTTP/1.1" 200 35990
221.239.172.101 - - [23/Feb/2024:10:51:01 +0800] "GET /xingrg/javascript/Calendar.js HTTP/1.1" 200 31561
221.239.172.101 - - [23/Feb/2024:10:51:01 +0800] "GET /xingrg/javascript/myfunction.js HTTP/1.1" 200 24559
221.239.172.101 - - [23/Feb/2024:10:51:01 +0800] "GET /xingrg/javascript/ToolTips.js HTTP/1.1" 200 5615
221.239.172.101 - - [23/Feb/2024:10:51:01 +0800] "GET /xingrg/javascript/jquery_easy_ui/themes/default/easyui.css HTTP/1.1" 200 26500
221.239.172.101 - - [23/Feb/2024:10:51:01 +0800] "GET /xingrg/javascript/jquery_easy_ui/themes/icon.css HTTP/1.1" 200 3949
221.239.172.101 - - [23/Feb/2024:10:51:01 +0800] "GET /xingrg/javascript/jquery_easy_ui/themes/icons/edit_add_new.png HTTP/1.1" 200 2997
221.239.172.101 - - [23/Feb/2024:10:51:01 +0800] "GET /xingrg/javascript/jquery_easy_ui/themes/icons/check_new.png HTTP/1.1" 200 3224
221.239.172.101 - - [23/Feb/2024:10:51:01 +0800] "GET /xingrg/javascript/jquery_easy_ui/themes/icons/uncheck_new.png HTTP/1.1" 200 3197
221.239.172.101 - - [23/Feb/2024:10:51:01 +0800] "GET /xingrg/javascript/jquery_easy_ui/themes/icons/cance_new.png HTTP/1.1" 200 3986
116.237.75.51 - - [23/Feb/2024:10:51:02 +0800] "POST /xingrg/kc/buy/cgsh_list_operate.html HTTP/1.1" 200 2284
221.239.172.101 - - [23/Feb/2024:10:51:02 +0800] "GET /xingrg/javascript/jquery_easy_ui/themes/default/images/button_plain_hover.png HTTP/1.1" 200 252
221.239.172.101 - - [23/Feb/2024:10:51:03 +0800] "GET /xingrg/all/function/internal_message.html?_=1708656662362&CODE_STATE=getMsg HTTP/1.1" 200 27
221.239.172.101 - - [23/Feb/2024:10:51:04 +0800] "GET /xingrg/kc/mdqp/qqps_order_add.html HTTP/1.1" 200 26555
221.239.172.101 - - [23/Feb/2024:10:51:04 +0800] "GET /xingrg/javascript/jquery-1.4.2.min.js HTTP/1.1" 200 72205
221.239.172.101 - - [23/Feb/2024:10:51:04 +0800] "GET /xingrg/javascript/jquery_easy_ui/jquery.easyui.min.js HTTP/1.1" 200 213662
221.239.172.101 - - [23/Feb/2024:10:51:04 +0800] "GET /xingrg/javascript/jquery_easy_ui/easyui-lang-zh_CN.js HTTP/1.1" 200 1900
221.239.172.101 - - [23/Feb/2024:10:51:04 +0800] "GET /xingrg/javascript/tools/jquery.qtip-1.0.0-rc3.min.js HTTP/1.1" 200 38404
221.239.172.101 - - [23/Feb/2024:10:51:04 +0800] "GET /xingrg/dwr/interface/AjaxComOrderService.js HTTP/1.1" 200 18264
221.239.172.101 - - [23/Feb/2024:10:51:04 +0800] "GET /xingrg/dwr/interface/AjaxQqpsService.js HTTP/1.1" 200 16326
221.239.172.101 - - [23/Feb/2024:10:51:04 +0800] "GET /xingrg/dwr/engine.js HTTP/1.1" 200 43631
221.239.172.101 - - [23/Feb/2024:10:51:04 +0800] "GET /xingrg/javascript/AjaxInfoList.js HTTP/1.1" 200 3774
221.239.172.101 - - [23/Feb/2024:10:51:04 +0800] "GET /xingrg/javascript/Grid.js HTTP/1.1" 200 58908
222.70.242.249 - - [23/Feb/2024:10:51:04 +0800] "POST /xingrg/services/DataTransmitService HTTP/1.1" 200 524
221.239.172.101 - - [23/Feb/2024:10:51:05 +0800] "GET /xingrg/images/blue/button/kc_tab_edit.gif HTTP/1.1" 200 551
221.239.172.101 - - [23/Feb/2024:10:51:05 +0800] "GET /xingrg/images/blue/button/kc_tab_add.gif HTTP/1.1" 200 375
221.239.172.101 - - [23/Feb/2024:10:51:05 +0800] "GET /xingrg/images/blue/button/kc_tab_save.gif HTTP/1.1" 200 777
221.239.172.101 - - [23/Feb/2024:10:51:05 +0800] "GET /xingrg/images/blue/button/kc_tab_del.gif HTTP/1.1" 200 383
221.239.172.101 - - [23/Feb/2024:10:51:05 +0800] "GET /xingrg/javascript/jquery_easy_ui/themes/icons/copy_new.png HTTP/1.1" 200 815
221.239.172.101 - - [23/Feb/2024:10:51:05 +0800] "GET /xingrg/javascript/jquery_easy_ui/themes/icons/template_new.png HTTP/1.1" 200 3956
221.239.172.101 - - [23/Feb/2024:10:51:05 +0800] "GET /xingrg/javascript/jquery_easy_ui/themes/icons/ok.png HTTP/1.1" 200 883
221.239.172.101 - - [23/Feb/2024:10:51:05 +0800] "GET /xingrg/javascript/jquery_easy_ui/themes/icons/print.png HTTP/1.1" 200 1057
221.239.172.101 - - [23/Feb/2024:10:51:05 +0800] "GET /xingrg/javascript/jquery_easy_ui/themes/default/images/menu_downarrow.png HTTP/1.1" 200 173
221.239.172.101 - - [23/Feb/2024:10:51:05 +0800] "GET /xingrg/javascript/jquery_easy_ui/themes/icons/back_new.png HTTP/1.1" 200 3414
221.239.172.101 - - [23/Feb/2024:10:51:05 +0800] "GET /xingrg/javascript/jquery_easy_ui/themes/default/images/combo_arrow_dot.gif HTTP/1.1" 200 79
221.239.172.101 - - [23/Feb/2024:10:51:05 +0800] "GET /xingrg/images/blue/kc_tab_left.gif HTTP/1.1" 200 188
221.239.172.101 - - [23/Feb/2024:10:51:05 +0800] "GET /xingrg/images/blue/kc_tab_mid.gif HTTP/1.1" 200 44
221.239.172.101 - - [23/Feb/2024:10:51:05 +0800] "GET /xingrg/images/blue/kc_tab2_left.gif HTTP/1.1" 200 625
221.239.172.101 - - [23/Feb/2024:10:51:05 +0800] "GET /xingrg/images/blue/kc_tab_right.gif HTTP/1.1" 200 643
221.239.172.101 - - [23/Feb/2024:10:51:05 +0800] "GET /xingrg/images/blue/kc_tab2_right.gif HTTP/1.1" 200 192
222.70.242.249 - - [23/Feb/2024:10:51:06 +0800] "POST /xingrg/services/DataTransmitService HTTP/1.1" 200 2331
116.237.75.51 - - [23/Feb/2024:10:51:12 +0800] "POST /xingrg/kc/buy/cgsh_list_operate.html HTTP/1.1" 200 560
116.228.172.94 - - [23/Feb/2024:10:51:12 +0800] "GET /xingrg/all/function/internal_message.html?_=1708656459099&CODE_STATE=getMsg HTTP/1.1" 302 -
116.237.75.51 - - [23/Feb/2024:10:51:13 +0800] "GET /xingrg/kc/buy/cgsh_order_info.html?code=212024022305989 HTTP/1.1" 200 73476
116.237.75.51 - - [23/Feb/2024:10:51:14 +0800] "GET /xingrg/javascript/easyui/themes/default/validatebox.css HTTP/1.1" 404 1104
116.237.75.51 - - [23/Feb/2024:10:51:15 +0800] "POST /xingrg/kc/buy/cgsh_order_operate.html HTTP/1.1" 200 27489
222.70.242.249 - - [23/Feb/2024:10:51:15 +0800] "POST /xingrg/services/DataTransmitService HTTP/1.1" 200 524
222.70.242.249 - - [23/Feb/2024:10:51:17 +0800] "POST /xingrg/services/DataTransmitService HTTP/1.1" 200 412
222.70.242.249 - - [23/Feb/2024:10:51:18 +0800] "POST /xingrg/services/DataTransmitService HTTP/1.1" 200 524
222.70.242.249 - - [23/Feb/2024:10:51:19 +0800] "POST /xingrg/services/DataTransmitService HTTP/1.1" 200 412
116.238.97.31 - - [23/Feb/2024:10:51:20 +0800] "GET /xingrg/all/function/internal_message.html?_=1708656680905&CODE_STATE=getMsg HTTP/1.1" 200 27
222.70.242.249 - - [23/Feb/2024:10:51:23 +0800] "POST /xingrg/services/DataTransmitService HTTP/1.1" 200 524
222.70.242.249 - - [23/Feb/2024:10:51:24 +0800] "POST /xingrg/services/DataTransmitService HTTP/1.1" 200 2331
120.253.135.82 - - [23/Feb/2024:10:51:24 +0800] "GET /xingrg/all/function/internal_message.html?_=1708656518629&CODE_STATE=getMsg HTTP/1.1" 200 27
222.70.242.249 - - [23/Feb/2024:10:51:25 +0800] "GET /xingrg/check_reg.html?_=1708656703774 HTTP/1.1" 200 22
222.70.242.249 - - [23/Feb/2024:10:51:26 +0800] "GET /xingrg/all/function/internal_message.html?_=1708656704666&CODE_STATE=getMsg HTTP/1.1" 200 27
116.224.254.208 - - [23/Feb/2024:10:51:28 +0800] "GET /xingrg/all/function/internal_message.html?_=1708656688479&CODE_STATE=getMsg HTTP/1.1" 200 27
124.78.67.200 - - [23/Feb/2024:10:51:29 +0800] "GET /xingrg/all/function/internal_message.html?_=1708656689929&CODE_STATE=getMsg HTTP/1.1" 200 27
101.83.217.210 - - [23/Feb/2024:10:51:30 +0800] "GET /xingrg/all/function/internal_message.html?_=1708656690536&CODE_STATE=getMsg HTTP/1.1" 200 27
116.224.254.208 - - [23/Feb/2024:10:51:31 +0800] "GET /xingrg/check_reg.html?_=1708656690836 HTTP/1.1" 200 22
116.224.254.208 - - [23/Feb/2024:10:51:32 +0800] "GET /xingrg/all/function/internal_message.html?_=1708656693228&CODE_STATE=getMsg HTTP/1.1" 200 27
222.70.242.249 - - [23/Feb/2024:10:51:32 +0800] "POST /xingrg/services/DataTransmitService HTTP/1.1" 200 524
222.70.242.249 - - [23/Feb/2024:10:51:33 +0800] "POST /xingrg/services/DataTransmitService HTTP/1.1" 200 412
221.239.172.101 - - [23/Feb/2024:10:51:35 +0800] "GET /xingrg/images/blue/wait.gif HTTP/1.1" 200 1100
221.239.172.101 - - [23/Feb/2024:10:51:36 +0800] "POST /xingrg/dwr/call/plaincall/AjaxQqpsService.saveOrder.dwr HTTP/1.1" 200 78
116.237.75.51 - - [23/Feb/2024:10:51:37 +0800] "GET /xingrg/all/function/internal_message.html?_=1708656702186&CODE_STATE=getMsg HTTP/1.1" 200 27
116.232.194.112 - - [23/Feb/2024:10:51:37 +0800] "GET /xingrg/check_reg.html?_=1708656672319 HTTP/1.1" 200 22
180.169.147.146 - - [23/Feb/2024:10:51:39 +0800] "GET /xingrg/all/function/internal_message.html?_=1708656699272&CODE_STATE=getMsg HTTP/1.1" 200 27
222.70.115.1 - - [23/Feb/2024:10:51:41 +0800] "GET /xingrg/all/function/internal_message.html?_=1708656709878&CODE_STATE=getMsg HTTP/1.1" 200 27
222.69.131.13 - - [23/Feb/2024:10:51:41 +0800] "GET /xingrg/all/function/internal_message.html?_=1708656702545&CODE_STATE=getMsg HTTP/1.1" 200 27
222.69.131.13 - - [23/Feb/2024:10:51:41 +0800] "GET /xingrg/check_reg.html?_=1708656702549 HTTP/1.1" 200 22
218.79.28.144 - - [23/Feb/2024:10:51:42 +0800] "GET /xingrg/all/function/internal_message.html?_=1708656709163&CODE_STATE=getMsg HTTP/1.1" 200 27
101.83.145.37 - - [23/Feb/2024:10:51:45 +0800] "GET /xingrg/all/function/internal_message.html?_=1708656706644&CODE_STATE=getMsg HTTP/1.1" 200 27
180.164.1.25 - - [23/Feb/2024:10:51:50 +0800] "GET /xingrg/all/function/internal_message.html?_=1708656710237&CODE_STATE=getMsg HTTP/1.1" 200 27
222.70.242.249 - - [23/Feb/2024:10:51:53 +0800] "POST /xingrg/services/DataTransmitService HTTP/1.1" 200 524
116.232.194.112 - - [23/Feb/2024:10:51:53 +0800] "GET /xingrg/check_reg.html?_=1708656688574 HTTP/1.1" 200 22
116.232.194.112 - - [23/Feb/2024:10:51:53 +0800] "GET /xingrg/all/function/internal_message.html?_=1708656688576&CODE_STATE=getMsg HTTP/1.1" 200 27
222.70.242.249 - - [23/Feb/2024:10:51:54 +0800] "POST /xingrg/services/DataTransmitService HTTP/1.1" 200 412
222.70.242.249 - - [23/Feb/2024:10:51:57 +0800] "POST /xingrg/services/DataTransmitService HTTP/1.1" 200 524
222.70.242.249 - - [23/Feb/2024:10:51:58 +0800] "POST /xingrg/services/DataTransmitService HTTP/1.1" 200 2331
116.230.123.222 - - [23/Feb/2024:10:51:59 +0800] "GET /xingrg/all/function/internal_message.html?_=1708656716367&CODE_STATE=getMsg HTTP/1.1" 200 27
116.232.194.112 - - [23/Feb/2024:10:51:59 +0800] "GET /xingrg/all/function/internal_message.html?_=1708656694164&CODE_STATE=getMsg HTTP/1.1" 200 27
58.40.7.146 - - [23/Feb/2024:10:52:00 +0800] "GET /xingrg/check_reg.html?_=1708656720105 HTTP/1.1" 200 22
58.40.7.146 - - [23/Feb/2024:10:52:00 +0800] "GET /xingrg/all/function/internal_message.html?_=1708656720469&CODE_STATE=getMsg HTTP/1.1" 200 27
221.239.172.101 - - [23/Feb/2024:10:52:03 +0800] "GET /xingrg/all/function/internal_message.html?_=1708656722366&CODE_STATE=getMsg HTTP/1.1" 200 27
222.70.242.249 - - [23/Feb/2024:10:52:06 +0800] "POST /xingrg/services/DataTransmitService HTTP/1.1" 200 524
222.70.242.249 - - [23/Feb/2024:10:52:07 +0800] "POST /xingrg/services/DataTransmitService HTTP/1.1" 200 412
222.70.242.249 - - [23/Feb/2024:10:52:08 +0800] "POST /xingrg/services/DataTransmitService HTTP/1.1" 200 524
222.70.242.249 - - [23/Feb/2024:10:52:09 +0800] "POST /xingrg/services/DataTransmitService HTTP/1.1" 200 412
116.228.172.94 - - [23/Feb/2024:10:52:12 +0800] "GET /xingrg/all/function/internal_message.html?_=1708656519117&CODE_STATE=getMsg HTTP/1.1" 302 -
222.70.242.249 - - [23/Feb/2024:10:52:16 +0800] "POST /xingrg/services/DataTransmitService HTTP/1.1" 200 524
221.239.172.101 - - [23/Feb/2024:10:52:17 +0800] "POST /xingrg/dwr/call/plaincall/AjaxQqpsService.getMaterielByCode.dwr HTTP/1.1" 200 1598
222.70.242.249 - - [23/Feb/2024:10:52:17 +0800] "POST /xingrg/services/DataTransmitService HTTP/1.1" 200 412
222.70.242.249 - - [23/Feb/2024:10:52:17 +0800] "POST /xingrg/services/DataTransmitService HTTP/1.1" 200 524
222.70.242.249 - - [23/Feb/2024:10:52:18 +0800] "POST /xingrg/services/DataTransmitService HTTP/1.1" 200 412
222.70.242.249 - - [23/Feb/2024:10:52:18 +0800] "POST /xingrg/services/DataTransmitService HTTP/1.1" 200 524
222.70.242.249 - - [23/Feb/2024:10:52:19 +0800] "POST /xingrg/services/DataTransmitService HTTP/1.1" 200 412
222.70.242.249 - - [23/Feb/2024:10:52:19 +0800] "POST /xingrg/services/DataTransmitService HTTP/1.1" 200 524
116.237.75.51 - - [23/Feb/2024:10:52:20 +0800] "GET /xingrg/kc/buy/cgsh_order_operate.html?command=get_materiel&rest_code=00106&code=00101008223&supplier_code=00100007&order_time=2024-02-23 HTTP/1.1" 200 412
116.238.97.31 - - [23/Feb/2024:10:52:20 +0800] "GET /xingrg/all/function/internal_message.html?_=1708656740882&CODE_STATE=getMsg HTTP/1.1" 200 27
222.70.242.249 - - [23/Feb/2024:10:52:20 +0800] "POST /xingrg/services/DataTransmitService HTTP/1.1" 200 412
116.238.97.31 - - [23/Feb/2024:10:52:20 +0800] "GET /xingrg/check_reg.html?_=1708656741245 HTTP/1.1" 200 22
221.239.172.101 - - [23/Feb/2024:10:52:20 +0800] "POST /xingrg/dwr/call/plaincall/AjaxQqpsService.saveMaterielItem.dwr HTTP/1.1" 200 78
221.239.172.101 - - [23/Feb/2024:10:52:21 +0800] "POST /xingrg/dwr/call/plaincall/AjaxQqpsService.saveOrder.dwr HTTP/1.1" 200 78
120.253.135.82 - - [23/Feb/2024:10:52:24 +0800] "GET /xingrg/all/function/internal_message.html?_=1708656578631&CODE_STATE=getMsg HTTP/1.1" 200 27
222.70.242.249 - - [23/Feb/2024:10:52:25 +0800] "POST /xingrg/services/DataTransmitService HTTP/1.1" 200 524
222.70.242.249 - - [23/Feb/2024:10:52:26 +0800] "POST /xingrg/services/DataTransmitService HTTP/1.1" 200 2331
222.70.242.249 - - [23/Feb/2024:10:52:26 +0800] "GET /xingrg/all/function/internal_message.html?_=1708656764680&CODE_STATE=getMsg HTTP/1.1" 200 27
116.224.254.208 - - [23/Feb/2024:10:52:28 +0800] "GET /xingrg/all/function/internal_message.html?_=1708656748477&CODE_STATE=getMsg HTTP/1.1" 200 27
124.78.67.200 - - [23/Feb/2024:10:52:29 +0800] "GET /xingrg/check_reg.html?_=1708656749931 HTTP/1.1" 200 22
124.78.67.200 - - [23/Feb/2024:10:52:29 +0800] "GET /xingrg/all/function/internal_message.html?_=1708656749934&CODE_STATE=getMsg HTTP/1.1" 200 27
221.239.172.101 - - [23/Feb/2024:10:52:29 +0800] "POST /xingrg/dwr/call/plaincall/AjaxQqpsService.getMaterielByCode.dwr HTTP/1.1" 200 1591
101.83.217.210 - - [23/Feb/2024:10:52:30 +0800] "GET /xingrg/all/function/internal_message.html?_=1708656750535&CODE_STATE=getMsg HTTP/1.1" 200 27
116.224.254.208 - - [23/Feb/2024:10:52:32 +0800] "GET /xingrg/all/function/internal_message.html?_=1708656753220&CODE_STATE=getMsg HTTP/1.1" 200 27
221.239.172.101 - - [23/Feb/2024:10:52:32 +0800] "POST /xingrg/dwr/call/plaincall/AjaxQqpsService.saveMaterielItem.dwr HTTP/1.1" 200 78
222.70.242.249 - - [23/Feb/2024:10:52:33 +0800] "POST /xingrg/services/DataTransmitService HTTP/1.1" 200 524
222.70.242.249 - - [23/Feb/2024:10:52:34 +0800] "POST /xingrg/services/DataTransmitService HTTP/1.1" 200 412
116.237.75.51 - - [23/Feb/2024:10:52:35 +0800] "GET /xingrg/kc/buy/cgsh_order_operate.html?command=get_materiel&rest_code=00106&code=00101008095&supplier_code=00100007&order_time=2024-02-23 HTTP/1.1" 200 412
116.237.75.51 - - [23/Feb/2024:10:52:37 +0800] "GET /xingrg/all/function/internal_message.html?_=1708656762167&CODE_STATE=getMsg HTTP/1.1" 200 27
180.169.147.146 - - [23/Feb/2024:10:52:39 +0800] "GET /xingrg/all/function/internal_message.html?_=1708656759247&CODE_STATE=getMsg HTTP/1.1" 200 27
222.69.131.13 - - [23/Feb/2024:10:52:41 +0800] "GET /xingrg/all/function/internal_message.html?_=1708656762523&CODE_STATE=getMsg HTTP/1.1" 200 27
222.70.115.1 - - [23/Feb/2024:10:52:41 +0800] "GET /xingrg/all/function/internal_message.html?_=1708656769877&CODE_STATE=getMsg HTTP/1.1" 200 27
218.79.28.144 - - [23/Feb/2024:10:52:42 +0800] "GET /xingrg/all/function/internal_message.html?_=1708656769166&CODE_STATE=getMsg HTTP/1.1" 200 27
101.83.145.37 - - [23/Feb/2024:10:52:45 +0800] "GET /xingrg/all/function/internal_message.html?_=1708656766644&CODE_STATE=getMsg HTTP/1.1" 200 27
180.164.1.25 - - [23/Feb/2024:10:52:50 +0800] "GET /xingrg/all/function/internal_message.html?_=1708656770235&CODE_STATE=getMsg HTTP/1.1" 200 27
116.232.194.112 - - [23/Feb/2024:10:52:53 +0800] "GET /xingrg/all/function/internal_message.html?_=1708656748589&CODE_STATE=getMsg HTTP/1.1" 200 27
221.239.172.101 - - [23/Feb/2024:10:52:55 +0800] "POST /xingrg/dwr/call/plaincall/AjaxQqpsService.getMaterielByCode.dwr HTTP/1.1" 200 1665
116.230.123.222 - - [23/Feb/2024:10:52:59 +0800] "GET /xingrg/all/function/internal_message.html?_=1708656776337&CODE_STATE=getMsg HTTP/1.1" 200 27
116.232.194.112 - - [23/Feb/2024:10:52:59 +0800] "GET /xingrg/all/function/internal_message.html?_=1708656754147&CODE_STATE=getMsg HTTP/1.1" 200 27
58.40.7.146 - - [23/Feb/2024:10:53:00 +0800] "GET /xingrg/all/function/internal_message.html?_=1708656780459&CODE_STATE=getMsg HTTP/1.1" 200 27
221.239.172.101 - - [23/Feb/2024:10:53:00 +0800] "POST /xingrg/dwr/call/plaincall/AjaxQqpsService.saveMaterielItem.dwr HTTP/1.1" 200 78
116.237.75.51 - - [23/Feb/2024:10:53:01 +0800] "GET /xingrg/kc/buy/cgsh_order_operate.html?command=get_materiel&rest_code=00106&code=00101008061&supplier_code=00100007&order_time=2024-02-23 HTTP/1.1" 200 422
221.239.172.101 - - [23/Feb/2024:10:53:03 +0800] "GET /xingrg/all/function/internal_message.html?_=1708656782374&CODE_STATE=getMsg HTTP/1.1" 200 27
116.237.75.51 - - [23/Feb/2024:10:53:07 +0800] "POST /xingrg/kc/buy/cgsh_order_operate.html HTTP/1.1" 200 2065
221.239.172.101 - - [23/Feb/2024:10:53:07 +0800] "POST /xingrg/dwr/call/plaincall/AjaxQqpsService.getMaterielByCode.dwr HTTP/1.1" 200 1665
221.239.172.101 - - [23/Feb/2024:10:53:09 +0800] "POST /xingrg/dwr/call/plaincall/AjaxQqpsService.saveMaterielItem.dwr HTTP/1.1" 200 78
116.228.172.94 - - [23/Feb/2024:10:53:12 +0800] "GET /xingrg/all/function/internal_message.html?_=1708656579109&CODE_STATE=getMsg HTTP/1.1" 302 -
116.237.75.51 - - [23/Feb/2024:10:53:13 +0800] "GET /xingrg/kc/buy/cgsh_order_operate.html?command=get_materiel&rest_code=00106&code=00101008114&supplier_code=00100007&order_time=2024-02-23 HTTP/1.1" 200 413
221.239.172.101 - - [23/Feb/2024:10:53:20 +0800] "POST /xingrg/dwr/call/plaincall/AjaxQqpsService.getMaterielByCode.dwr HTTP/1.1" 200 1668
116.238.97.31 - - [23/Feb/2024:10:53:20 +0800] "GET /xingrg/all/function/internal_message.html?_=1708656800858&CODE_STATE=getMsg HTTP/1.1" 200 27
221.239.172.101 - - [23/Feb/2024:10:53:23 +0800] "POST /xingrg/dwr/call/plaincall/AjaxQqpsService.saveMaterielItem.dwr HTTP/1.1" 200 79
120.253.135.82 - - [23/Feb/2024:10:53:25 +0800] "GET /xingrg/all/function/internal_message.html?_=1708656638789&CODE_STATE=getMsg HTTP/1.1" 200 27
222.70.242.249 - - [23/Feb/2024:10:53:26 +0800] "GET /xingrg/all/function/internal_message.html?_=1708656824694&CODE_STATE=getMsg HTTP/1.1" 200 27
116.224.254.208 - - [23/Feb/2024:10:53:28 +0800] "GET /xingrg/all/function/internal_message.html?_=1708656808458&CODE_STATE=getMsg HTTP/1.1" 200 27
221.239.172.101 - - [23/Feb/2024:10:53:29 +0800] "POST /xingrg/dwr/call/plaincall/AjaxQqpsService.getMaterielByCode.dwr HTTP/1.1" 200 1660
124.78.67.200 - - [23/Feb/2024:10:53:29 +0800] "GET /xingrg/all/function/internal_message.html?_=1708656809911&CODE_STATE=getMsg HTTP/1.1" 200 27
101.83.217.210 - - [23/Feb/2024:10:53:30 +0800] "GET /xingrg/all/function/internal_message.html?_=1708656810533&CODE_STATE=getMsg HTTP/1.1" 200 27
221.239.172.101 - - [23/Feb/2024:10:53:30 +0800] "POST /xingrg/dwr/call/plaincall/AjaxQqpsService.saveMaterielItem.dwr HTTP/1.1" 200 79
116.237.75.51 - - [23/Feb/2024:10:53:32 +0800] "GET /xingrg/check_reg.html?_=1708656816704 HTTP/1.1" 200 22
116.224.254.208 - - [23/Feb/2024:10:53:32 +0800] "GET /xingrg/all/function/internal_message.html?_=1708656813232&CODE_STATE=getMsg HTTP/1.1" 200 27
116.237.75.51 - - [23/Feb/2024:10:53:37 +0800] "GET /xingrg/all/function/internal_message.html?_=1708656822149&CODE_STATE=getMsg HTTP/1.1" 200 27
180.169.147.146 - - [23/Feb/2024:10:53:39 +0800] "GET /xingrg/all/function/internal_message.html?_=1708656819264&CODE_STATE=getMsg HTTP/1.1" 200 27
222.69.131.13 - - [23/Feb/2024:10:53:41 +0800] "GET /xingrg/all/function/internal_message.html?_=1708656822530&CODE_STATE=getMsg HTTP/1.1" 200 27
222.70.115.1 - - [23/Feb/2024:10:53:41 +0800] "GET /xingrg/all/function/internal_message.html?_=1708656829877&CODE_STATE=getMsg HTTP/1.1" 200 27
222.70.115.1 - - [23/Feb/2024:10:53:41 +0800] "GET /xingrg/check_reg.html?_=1708656829880 HTTP/1.1" 200 22
218.79.28.144 - - [23/Feb/2024:10:53:42 +0800] "GET /xingrg/all/function/internal_message.html?_=1708656829168&CODE_STATE=getMsg HTTP/1.1" 200 27
116.237.75.51 - - [23/Feb/2024:10:53:43 +0800] "GET /xingrg/kc/buy/cgsh_order_operate.html?command=get_materiel&rest_code=00106&code=00101008168&supplier_code=00100007&order_time=2024-02-23 HTTP/1.1" 200 412
101.83.145.37 - - [23/Feb/2024:10:53:45 +0800] "GET /xingrg/check_reg.html?_=1708656826645 HTTP/1.1" 200 22
101.83.145.37 - - [23/Feb/2024:10:53:45 +0800] "GET /xingrg/all/function/internal_message.html?_=1708656826648&CODE_STATE=getMsg HTTP/1.1" 200 27
120.253.135.82 - - [23/Feb/2024:10:53:45 +0800] "GET /xingrg/check_reg.html?_=1708656658990 HTTP/1.1" 200 22
221.239.172.101 - - [23/Feb/2024:10:53:46 +0800] "POST /xingrg/dwr/call/plaincall/AjaxQqpsService.getMaterielByCode.dwr HTTP/1.1" 200 1646
221.239.172.101 - - [23/Feb/2024:10:53:47 +0800] "POST /xingrg/dwr/call/plaincall/AjaxQqpsService.saveMaterielItem.dwr HTTP/1.1" 200 79
180.164.1.25 - - [23/Feb/2024:10:53:50 +0800] "GET /xingrg/all/function/internal_message.html?_=1708656830234&CODE_STATE=getMsg HTTP/1.1" 200 27
180.164.1.25 - - [23/Feb/2024:10:53:51 +0800] "GET /xingrg/check_reg.html?_=1708656831176 HTTP/1.1" 200 22
116.237.75.51 - - [23/Feb/2024:10:53:53 +0800] "GET /xingrg/kc/buy/cgsh_order_operate.html?command=get_materiel&rest_code=00106&code=00101008150&supplier_code=00100007&order_time=2024-02-23 HTTP/1.1" 200 409
116.232.194.112 - - [23/Feb/2024:10:53:53 +0800] "GET /xingrg/all/function/internal_message.html?_=1708656808577&CODE_STATE=getMsg HTTP/1.1" 200 27
221.239.172.101 - - [23/Feb/2024:10:53:55 +0800] "POST /xingrg/dwr/call/plaincall/AjaxQqpsService.getMaterielByCode.dwr HTTP/1.1" 200 1650
116.230.123.222 - - [23/Feb/2024:10:53:59 +0800] "GET /xingrg/all/function/internal_message.html?_=1708656836322&CODE_STATE=getMsg HTTP/1.1" 200 27
116.232.194.112 - - [23/Feb/2024:10:53:59 +0800] "GET /xingrg/all/function/internal_message.html?_=1708656814138&CODE_STATE=getMsg HTTP/1.1" 200 27
221.239.172.101 - - [23/Feb/2024:10:53:59 +0800] "POST /xingrg/dwr/call/plaincall/AjaxQqpsService.saveMaterielItem.dwr HTTP/1.1" 200 79
58.40.7.146 - - [23/Feb/2024:10:54:00 +0800] "GET /xingrg/all/function/internal_message.html?_=1708656840453&CODE_STATE=getMsg HTTP/1.1" 200 27
116.237.75.51 - - [23/Feb/2024:10:54:01 +0800] "GET /xingrg/kc/buy/cgsh_order_operate.html?command=get_materiel&rest_code=00106&code=00101008041&supplier_code=00100007&order_time=2024-02-23 HTTP/1.1" 200 408
221.239.172.101 - - [23/Feb/2024:10:54:03 +0800] "GET /xingrg/all/function/internal_message.html?_=1708656842374&CODE_STATE=getMsg HTTP/1.1" 200 27
221.239.172.101 - - [23/Feb/2024:10:54:03 +0800] "GET /xingrg/check_reg.html?_=1708656842402 HTTP/1.1" 200 22
221.239.172.101 - - [23/Feb/2024:10:54:10 +0800] "POST /xingrg/dwr/call/plaincall/AjaxQqpsService.getMaterielByCode.dwr HTTP/1.1" 200 1657
116.228.172.94 - - [23/Feb/2024:10:54:12 +0800] "GET /xingrg/all/function/internal_message.html?_=1708656639107&CODE_STATE=getMsg HTTP/1.1" 302 -
221.239.172.101 - - [23/Feb/2024:10:54:14 +0800] "POST /xingrg/dwr/call/plaincall/AjaxQqpsService.saveMaterielItem.dwr HTTP/1.1" 200 79
116.237.75.51 - - [23/Feb/2024:10:54:15 +0800] "POST /xingrg/kc/buy/cgsh_order_operate.html HTTP/1.1" 200 37
116.232.194.112 - - [23/Feb/2024:10:54:15 +0800] "GET /xingrg/check_reg.html?_=1708656830610 HTTP/1.1" 200 22
116.238.97.31 - - [23/Feb/2024:10:54:20 +0800] "GET /xingrg/all/function/internal_message.html?_=1708656860830&CODE_STATE=getMsg HTTP/1.1" 200 27
221.239.172.101 - - [23/Feb/2024:10:54:22 +0800] "POST /xingrg/dwr/call/plaincall/AjaxQqpsService.getMaterielByCode.dwr HTTP/1.1" 200 1657
120.253.135.82 - - [23/Feb/2024:10:54:25 +0800] "GET /xingrg/all/function/internal_message.html?_=1708656698798&CODE_STATE=getMsg HTTP/1.1" 200 27
221.239.172.101 - - [23/Feb/2024:10:54:26 +0800] "POST /xingrg/dwr/call/plaincall/AjaxQqpsService.saveMaterielItem.dwr HTTP/1.1" 200 79
222.70.242.249 - - [23/Feb/2024:10:54:26 +0800] "GET /xingrg/all/function/internal_message.html?_=1708656884714&CODE_STATE=getMsg HTTP/1.1" 200 27
116.224.254.208 - - [23/Feb/2024:10:54:28 +0800] "GET /xingrg/all/function/internal_message.html?_=1708656868430&CODE_STATE=getMsg HTTP/1.1" 200 27
124.78.67.200 - - [23/Feb/2024:10:54:29 +0800] "GET /xingrg/all/function/internal_message.html?_=1708656869923&CODE_STATE=getMsg HTTP/1.1" 200 27
101.83.217.210 - - [23/Feb/2024:10:54:30 +0800] "GET /xingrg/all/function/internal_message.html?_=1708656870537&CODE_STATE=getMsg HTTP/1.1" 200 27
101.83.217.210 - - [23/Feb/2024:10:54:30 +0800] "GET /xingrg/check_reg.html?_=1708656870540 HTTP/1.1" 200 22
116.224.254.208 - - [23/Feb/2024:10:54:32 +0800] "GET /xingrg/check_reg.html?_=1708656873219 HTTP/1.1" 200 22
116.224.254.208 - - [23/Feb/2024:10:54:32 +0800] "GET /xingrg/all/function/internal_message.html?_=1708656873222&CODE_STATE=getMsg HTTP/1.1" 200 27
221.239.172.101 - - [23/Feb/2024:10:54:34 +0800] "POST /xingrg/dwr/call/plaincall/AjaxQqpsService.getMaterielByCode.dwr HTTP/1.1" 200 1603
221.239.172.101 - - [23/Feb/2024:10:54:38 +0800] "POST /xingrg/dwr/call/plaincall/AjaxQqpsService.saveMaterielItem.dwr HTTP/1.1" 200 79
180.169.147.146 - - [23/Feb/2024:10:54:39 +0800] "GET /xingrg/all/function/internal_message.html?_=1708656879267&CODE_STATE=getMsg HTTP/1.1" 200 27
222.69.131.13 - - [23/Feb/2024:10:54:41 +0800] "GET /xingrg/all/function/internal_message.html?_=1708656882538&CODE_STATE=getMsg HTTP/1.1" 200 27
222.70.115.1 - - [23/Feb/2024:10:54:41 +0800] "GET /xingrg/all/function/internal_message.html?_=1708656889880&CODE_STATE=getMsg HTTP/1.1" 200 27
218.79.28.144 - - [23/Feb/2024:10:54:42 +0800] "GET /xingrg/all/function/internal_message.html?_=1708656889170&CODE_STATE=getMsg HTTP/1.1" 200 27
101.83.145.37 - - [23/Feb/2024:10:54:45 +0800] "GET /xingrg/all/function/internal_message.html?_=1708656886634&CODE_STATE=getMsg HTTP/1.1" 200 27
221.239.172.101 - - [23/Feb/2024:10:54:45 +0800] "POST /xingrg/dwr/call/plaincall/AjaxQqpsService.getMaterielByCode.dwr HTTP/1.1" 200 1624
180.164.1.25 - - [23/Feb/2024:10:54:50 +0800] "GET /xingrg/all/function/internal_message.html?_=1708656890211&CODE_STATE=getMsg HTTP/1.1" 200 27
221.239.172.101 - - [23/Feb/2024:10:54:50 +0800] "POST /xingrg/dwr/call/plaincall/AjaxQqpsService.saveMaterielItem.dwr HTTP/1.1" 200 79
116.232.194.112 - - [23/Feb/2024:10:54:53 +0800] "GET /xingrg/all/function/internal_message.html?_=1708656868591&CODE_STATE=getMsg HTTP/1.1" 200 27
221.239.172.101 - - [23/Feb/2024:10:54:54 +0800] "POST /xingrg/dwr/call/plaincall/AjaxQqpsService.checkOrder.dwr HTTP/1.1" 200 79
