221.239.172.101 - - [22/Feb/2024:09:41:01 +0800] "GET /xingrg/all/function/internal_message.html?_=1708566060451&CODE_STATE=getMsg HTTP/1.1" 200 27
116.224.254.208 - - [22/Feb/2024:09:41:06 +0800] "GET /xingrg/kc/buy/cgsh_order_operate.html?command=get_materiel&rest_code=00150&code=00101009066&supplier_code=00100022&order_time=2024-02-22 HTTP/1.1" 200 416
116.228.172.94 - - [22/Feb/2024:09:41:12 +0800] "GET /xingrg/all/function/internal_message.html?_=1708565859115&CODE_STATE=getMsg HTTP/1.1" 200 27
116.230.123.222 - - [22/Feb/2024:09:41:15 +0800] "GET /xingrg/kc/buy/cgsh_order_info.html?code=212024022205761 HTTP/1.1" 200 68330
116.230.123.222 - - [22/Feb/2024:09:41:15 +0800] "GET /xingrg/javascript/easyui/themes/default/validatebox.css HTTP/1.1" 404 1104
116.230.123.222 - - [22/Feb/2024:09:41:16 +0800] "POST /xingrg/kc/buy/cgsh_order_operate.html HTTP/1.1" 200 1196
116.224.254.208 - - [22/Feb/2024:09:41:18 +0800] "GET /xingrg/kc/buy/cgsh_order_operate.html?command=get_materiel&rest_code=00150&code=00101009010&supplier_code=00100022&order_time=2024-02-22 HTTP/1.1" 200 416
116.224.254.208 - - [22/Feb/2024:09:41:21 +0800] "GET /xingrg/all/function/internal_message.html?_=1708566082063&CODE_STATE=getMsg HTTP/1.1" 200 27
116.224.254.208 - - [22/Feb/2024:09:41:21 +0800] "GET /xingrg/check_reg.html?_=1708566082068 HTTP/1.1" 200 22
116.232.194.112 - - [22/Feb/2024:09:41:23 +0800] "GET /xingrg/all/function/internal_message.html?_=1708566059828&CODE_STATE=getMsg HTTP/1.1" 200 27
116.224.254.208 - - [22/Feb/2024:09:41:26 +0800] "GET /xingrg/kc/buy/cgsh_order_operate.html?command=get_materiel&rest_code=00150&code=00101009109&supplier_code=00100022&order_time=2024-02-22 HTTP/1.1" 200 413
116.230.123.222 - - [22/Feb/2024:09:41:28 +0800] "GET /xingrg/kc/print/load_data.html?order_code=212024022205761&kc_code=cgsh&condition= HTTP/1.1" 200 915
101.83.145.37 - - [22/Feb/2024:09:41:29 +0800] "GET /xingrg/all/function/internal_message.html?_=1708566090105&CODE_STATE=getMsg HTTP/1.1" 200 27
116.230.123.222 - - [22/Feb/2024:09:41:33 +0800] "GET /xingrg/kc/buy/cgsh_order_add.html HTTP/1.1" 200 73423
116.230.123.222 - - [22/Feb/2024:09:41:33 +0800] "POST /xingrg/kc/buy/cgsh_order_operate.html HTTP/1.1" 200 8245
116.230.123.222 - - [22/Feb/2024:09:41:33 +0800] "GET /xingrg/javascript/easyui/themes/default/validatebox.css HTTP/1.1" 404 1104
58.40.7.146 - - [22/Feb/2024:09:41:37 +0800] "GET /xingrg/all/function/internal_message.html?_=1708566097344&CODE_STATE=getMsg HTTP/1.1" 200 27
116.232.194.112 - - [22/Feb/2024:09:41:39 +0800] "GET /xingrg/check_reg.html?_=1708566076161 HTTP/1.1" 200 22
116.238.97.31 - - [22/Feb/2024:09:41:40 +0800] "GET /xingrg/check_reg.html?_=1708566101112 HTTP/1.1" 200 22
218.79.28.144 - - [22/Feb/2024:09:41:43 +0800] "GET /xingrg/all/function/internal_message.html?_=1708566108274&CODE_STATE=getMsg HTTP/1.1" 200 27
124.78.67.200 - - [22/Feb/2024:09:41:47 +0800] "GET /xingrg/all/function/internal_message.html?_=1708566107983&CODE_STATE=getMsg HTTP/1.1" 200 27
222.70.115.1 - - [22/Feb/2024:09:41:49 +0800] "GET /xingrg/all/function/internal_message.html?_=1708566116158&CODE_STATE=getMsg HTTP/1.1" 200 27
116.224.254.208 - - [22/Feb/2024:09:41:56 +0800] "POST /xingrg/kc/buy/cgsh_order_operate.html HTTP/1.1" 200 37
116.230.123.222 - - [22/Feb/2024:09:41:57 +0800] "GET /xingrg/all/function/internal_message.html?_=1708566114707&CODE_STATE=getMsg HTTP/1.1" 200 27
116.232.194.112 - - [22/Feb/2024:09:41:58 +0800] "GET /xingrg/all/function/internal_message.html?_=1708566095284&CODE_STATE=getMsg HTTP/1.1" 200 27
58.40.7.146 - - [22/Feb/2024:09:41:59 +0800] "GET /xingrg/all/function/internal_message.html?_=1708566119619&CODE_STATE=getMsg HTTP/1.1" 200 27
58.40.7.146 - - [22/Feb/2024:09:41:59 +0800] "GET /xingrg/check_reg.html?_=1708566119621 HTTP/1.1" 200 22
221.239.172.101 - - [22/Feb/2024:09:42:01 +0800] "GET /xingrg/all/function/internal_message.html?_=1708566120452&CODE_STATE=getMsg HTTP/1.1" 200 27
116.224.254.208 - - [22/Feb/2024:09:42:03 +0800] "POST /xingrg/kc/buy/cgsh_order_operate.html HTTP/1.1" 200 12
116.224.254.208 - - [22/Feb/2024:09:42:05 +0800] "GET /xingrg/kc/buy/cgsh_order_info.html?code=212024022205762 HTTP/1.1" 200 68418
116.224.254.208 - - [22/Feb/2024:09:42:05 +0800] "GET /xingrg/javascript/easyui/themes/default/validatebox.css HTTP/1.1" 404 1104
116.224.254.208 - - [22/Feb/2024:09:42:06 +0800] "POST /xingrg/kc/buy/cgsh_order_operate.html HTTP/1.1" 200 2985
116.224.254.208 - - [22/Feb/2024:09:42:07 +0800] "GET /xingrg/kc/print/load_config.html?kc_code=cgsh HTTP/1.1" 200 1927
116.224.254.208 - - [22/Feb/2024:09:42:08 +0800] "GET /xingrg/kc/print/load_data.html?order_code=212024022205762&kc_code=cgsh&condition= HTTP/1.1" 200 1656
116.228.172.94 - - [22/Feb/2024:09:42:12 +0800] "GET /xingrg/all/function/internal_message.html?_=1708565919112&CODE_STATE=getMsg HTTP/1.1" 200 27
116.224.254.208 - - [22/Feb/2024:09:42:15 +0800] "POST /xingrg/all/user/operate.html HTTP/1.1" 200 36
116.224.254.208 - - [22/Feb/2024:09:42:15 +0800] "GET /xingrg/index.html?sysBaseUrl=http%3A%2F%2F180.169.147.146%3A18081%2Fxingrg%2F&costTime=814×tamp=1708565319719 HTTP/1.1" 200 17177
116.224.254.208 - - [22/Feb/2024:09:42:15 +0800] "GET /xingrg/javascript/jquery_easy_ui/themes/default/easyui.css HTTP/1.1" 304 -
116.224.254.208 - - [22/Feb/2024:09:42:15 +0800] "GET /xingrg/javascript/jquery_easy_ui/themes/icon.css HTTP/1.1" 304 -
116.224.254.208 - - [22/Feb/2024:09:42:15 +0800] "GET /xingrg/css/form.css HTTP/1.1" 304 -
116.224.254.208 - - [22/Feb/2024:09:42:16 +0800] "GET /xingrg/javascript/jquery-1.4.2.min.js HTTP/1.1" 304 -
116.224.254.208 - - [22/Feb/2024:09:42:16 +0800] "GET /xingrg/javascript/jquery_easy_ui/jquery.easyui.min.js HTTP/1.1" 304 -
116.224.254.208 - - [22/Feb/2024:09:42:16 +0800] "GET /xingrg/javascript/jquery_easy_ui/easyui-lang-zh_CN.js HTTP/1.1" 304 -
116.224.254.208 - - [22/Feb/2024:09:42:16 +0800] "GET /xingrg/javascript/jquery.form.js HTTP/1.1" 304 -
116.224.254.208 - - [22/Feb/2024:09:42:16 +0800] "GET /xingrg/javascript/jquery.utils.js HTTP/1.1" 304 -
116.224.254.208 - - [22/Feb/2024:09:42:16 +0800] "GET /xingrg/javascript/jquery.timers.js HTTP/1.1" 304 -
116.224.254.208 - - [22/Feb/2024:09:42:16 +0800] "GET /xingrg/images/blue/jxLogo.png HTTP/1.1" 304 -
116.224.254.208 - - [22/Feb/2024:09:42:16 +0800] "GET /xingrg/javascript/jquery_easy_ui/themes/icons/settle_new.png HTTP/1.1" 304 -
116.224.254.208 - - [22/Feb/2024:09:42:16 +0800] "GET /xingrg/images/blue/navBackgound.jpg HTTP/1.1" 304 -
116.224.254.208 - - [22/Feb/2024:09:42:16 +0800] "GET /xingrg/all/function/internal_message.html?_=1708566136693&CODE_STATE=count HTTP/1.1" 200 11
116.224.254.208 - - [22/Feb/2024:09:42:16 +0800] "GET /xingrg/check_reg.html?_=1708566136693 HTTP/1.1" 200 22
116.224.254.208 - - [22/Feb/2024:09:42:16 +0800] "GET /xingrg/images/blue/pingpu.png HTTP/1.1" 304 -
116.224.254.208 - - [22/Feb/2024:09:42:16 +0800] "GET /xingrg/javascript/jquery_easy_ui/themes/default/images/tabs_leftarrow.png HTTP/1.1" 304 -
116.224.254.208 - - [22/Feb/2024:09:42:16 +0800] "GET /xingrg/javascript/jquery_easy_ui/themes/default/images/tabs_rightarrow.png HTTP/1.1" 304 -
116.224.254.208 - - [22/Feb/2024:09:42:16 +0800] "GET /xingrg/javascript/jquery_easy_ui/themes/default/images/panel_tool_collapse.gif HTTP/1.1" 304 -
116.224.254.208 - - [22/Feb/2024:09:42:16 +0800] "POST /xingrg/all/common/load_tree.html?tree=area_rest_tree_json&manage=1 HTTP/1.1" 200 476
116.224.254.208 - - [22/Feb/2024:09:42:16 +0800] "POST /xingrg/load_menu.html HTTP/1.1" 200 5138
116.224.254.208 - - [22/Feb/2024:09:42:18 +0800] "GET /xingrg/kc/buy/cgsh_order_list.html HTTP/1.1" 200 57696
116.224.254.208 - - [22/Feb/2024:09:42:22 +0800] "POST /xingrg/kc/buy/cgsh_list_operate.html HTTP/1.1" 200 1882
116.232.194.112 - - [22/Feb/2024:09:42:23 +0800] "GET /xingrg/all/function/internal_message.html?_=1708566119815&CODE_STATE=getMsg HTTP/1.1" 200 27
116.224.254.208 - - [22/Feb/2024:09:42:25 +0800] "GET /xingrg/kc/buy/cgsh_order_add.html HTTP/1.1" 200 73065
116.224.254.208 - - [22/Feb/2024:09:42:25 +0800] "POST /xingrg/kc/buy/cgsh_order_operate.html HTTP/1.1" 200 8245
116.224.254.208 - - [22/Feb/2024:09:42:25 +0800] "GET /xingrg/javascript/easyui/themes/default/validatebox.css HTTP/1.1" 404 1104
116.224.254.208 - - [22/Feb/2024:09:42:27 +0800] "GET /xingrg/javascript/auto/indicator.gif HTTP/1.1" 404 1066
124.78.67.200 - - [22/Feb/2024:09:42:28 +0800] "POST /xingrg/kc/buy/cgsh_order_operate.html HTTP/1.1" 200 37
101.83.145.37 - - [22/Feb/2024:09:42:29 +0800] "GET /xingrg/all/function/internal_message.html?_=1708566150085&CODE_STATE=getMsg HTTP/1.1" 200 27
124.78.67.200 - - [22/Feb/2024:09:42:36 +0800] "POST /xingrg/kc/buy/cgsh_order_operate.html HTTP/1.1" 200 12
58.40.7.146 - - [22/Feb/2024:09:42:37 +0800] "GET /xingrg/all/function/internal_message.html?_=1708566157347&CODE_STATE=getMsg HTTP/1.1" 200 27
124.78.67.200 - - [22/Feb/2024:09:42:39 +0800] "GET /xingrg/kc/buy/cgsh_order_info.html?code=212024022205763 HTTP/1.1" 200 68376
124.78.67.200 - - [22/Feb/2024:09:42:39 +0800] "GET /xingrg/javascript/easyui/themes/default/validatebox.css HTTP/1.1" 404 1104
124.78.67.200 - - [22/Feb/2024:09:42:40 +0800] "POST /xingrg/kc/buy/cgsh_order_operate.html HTTP/1.1" 200 11843
124.78.67.200 - - [22/Feb/2024:09:42:42 +0800] "GET /xingrg/kc/print/load_data.html?order_code=212024022205763&kc_code=cgsh&condition= HTTP/1.1" 200 5007
180.169.147.146 - - [22/Feb/2024:09:42:43 +0800] "GET /xingrg/check_reg.html?_=1708566162958 HTTP/1.1" 302 -
218.79.28.144 - - [22/Feb/2024:09:42:43 +0800] "GET /xingrg/all/function/internal_message.html?_=1708566168261&CODE_STATE=getMsg HTTP/1.1" 200 27
124.78.67.200 - - [22/Feb/2024:09:42:47 +0800] "GET /xingrg/all/function/internal_message.html?_=1708566168016&CODE_STATE=getMsg HTTP/1.1" 200 27
222.70.115.1 - - [22/Feb/2024:09:42:50 +0800] "GET /xingrg/logout.do HTTP/1.1" 302 -
222.70.115.1 - - [22/Feb/2024:09:42:50 +0800] "GET /xingrg/login.html?sysBaseUrl=http%3A%2F%2F180.169.147.146%3A18081%2Fxingrg%2F&costTime=30×tamp=1708566170396 HTTP/1.1" 200 7641
222.70.115.1 - - [22/Feb/2024:09:42:56 +0800] "POST /xingrg/login.do HTTP/1.1" 200 2421
116.230.123.222 - - [22/Feb/2024:09:42:57 +0800] "GET /xingrg/check_reg.html?_=1708566174687 HTTP/1.1" 200 22
116.230.123.222 - - [22/Feb/2024:09:42:57 +0800] "GET /xingrg/all/function/internal_message.html?_=1708566174689&CODE_STATE=getMsg HTTP/1.1" 200 27
222.70.115.1 - - [22/Feb/2024:09:42:57 +0800] "GET /xingrg/login.html HTTP/1.1" 200 7641
116.232.194.112 - - [22/Feb/2024:09:42:58 +0800] "GET /xingrg/all/function/internal_message.html?_=1708566155283&CODE_STATE=getMsg HTTP/1.1" 200 27
58.40.7.146 - - [22/Feb/2024:09:42:59 +0800] "GET /xingrg/all/function/internal_message.html?_=1708566179624&CODE_STATE=getMsg HTTP/1.1" 200 27
221.239.172.101 - - [22/Feb/2024:09:43:01 +0800] "GET /xingrg/all/function/internal_message.html?_=1708566180446&CODE_STATE=getMsg HTTP/1.1" 200 27
222.70.115.1 - - [22/Feb/2024:09:43:02 +0800] "POST /xingrg/login.do HTTP/1.1" 302 -
222.70.115.1 - - [22/Feb/2024:09:43:02 +0800] "GET /xingrg/index.html?sysBaseUrl=http%3A%2F%2F180.169.147.146%3A18081%2Fxingrg%2F&costTime=838×tamp=1708566182278 HTTP/1.1" 200 17179
222.70.115.1 - - [22/Feb/2024:09:43:02 +0800] "GET /xingrg/check_reg.html?_=1708566188808 HTTP/1.1" 200 22
222.70.115.1 - - [22/Feb/2024:09:43:02 +0800] "GET /xingrg/all/function/internal_message.html?_=1708566188807&CODE_STATE=count HTTP/1.1" 200 11
222.70.115.1 - - [22/Feb/2024:09:43:02 +0800] "POST /xingrg/all/common/load_tree.html?tree=area_rest_tree_json&manage=1 HTTP/1.1" 200 351
222.70.115.1 - - [22/Feb/2024:09:43:02 +0800] "POST /xingrg/load_menu.html HTTP/1.1" 200 5138
222.70.115.1 - - [22/Feb/2024:09:43:04 +0800] "GET /xingrg/kc/mdqp/qp_main.html HTTP/1.1" 200 10633
222.70.115.1 - - [22/Feb/2024:09:43:05 +0800] "GET /xingrg/images/yd/bt.gif HTTP/1.1" 404 1040
116.224.254.208 - - [22/Feb/2024:09:43:06 +0800] "GET /xingrg/kc/buy/cgsh_order_operate.html?command=get_materiel&rest_code=00151&code=00101009178&supplier_code=00100022&order_time=2024-02-22 HTTP/1.1" 200 413
222.70.115.1 - - [22/Feb/2024:09:43:06 +0800] "GET /xingrg/kc/mdqp/qqps_order_list.html HTTP/1.1" 200 9642
222.70.115.1 - - [22/Feb/2024:09:43:06 +0800] "GET /xingrg/dwr/interface/AjaxQqpsService.js HTTP/1.1" 200 16326
222.70.115.1 - - [22/Feb/2024:09:43:06 +0800] "GET /xingrg/dwr/interface/AjaxReportQueryService.js HTTP/1.1" 200 13203
222.70.115.1 - - [22/Feb/2024:09:43:06 +0800] "GET /xingrg/dwr/engine.js HTTP/1.1" 200 43631
222.70.115.1 - - [22/Feb/2024:09:43:10 +0800] "GET /xingrg/kc/mdqp/qqps_order_info.html?code=302024021300138 HTTP/1.1" 200 28322
222.70.115.1 - - [22/Feb/2024:09:43:10 +0800] "GET /xingrg/dwr/interface/AjaxComOrderService.js HTTP/1.1" 200 18264
222.70.115.1 - - [22/Feb/2024:09:43:10 +0800] "GET /xingrg/dwr/interface/AjaxQqpsService.js HTTP/1.1" 200 16326
222.70.115.1 - - [22/Feb/2024:09:43:10 +0800] "GET /xingrg/dwr/engine.js HTTP/1.1" 200 43631
222.70.115.1 - - [22/Feb/2024:09:43:10 +0800] "POST /xingrg/dwr/call/plaincall/AjaxQqpsService.loadMaterielItems.dwr HTTP/1.1" 200 76
116.228.172.94 - - [22/Feb/2024:09:43:12 +0800] "GET /xingrg/all/function/internal_message.html?_=1708565979104&CODE_STATE=getMsg HTTP/1.1" 200 27
222.70.115.1 - - [22/Feb/2024:09:43:15 +0800] "GET /xingrg/kc/mdqp/qqps_order_list.html?isBack=1 HTTP/1.1" 200 9651
222.70.115.1 - - [22/Feb/2024:09:43:15 +0800] "GET /xingrg/dwr/interface/AjaxQqpsService.js HTTP/1.1" 200 16326
222.70.115.1 - - [22/Feb/2024:09:43:15 +0800] "GET /xingrg/dwr/interface/AjaxReportQueryService.js HTTP/1.1" 200 13203
222.70.115.1 - - [22/Feb/2024:09:43:15 +0800] "GET /xingrg/dwr/engine.js HTTP/1.1" 200 43631
116.224.254.208 - - [22/Feb/2024:09:43:16 +0800] "GET /xingrg/all/function/internal_message.html?_=1708566196697&CODE_STATE=getMsg HTTP/1.1" 200 27
222.70.115.1 - - [22/Feb/2024:09:43:16 +0800] "GET /xingrg/kc/mdqp/qqps_order_add.html HTTP/1.1" 200 28160
222.70.115.1 - - [22/Feb/2024:09:43:16 +0800] "GET /xingrg/dwr/interface/AjaxComOrderService.js HTTP/1.1" 200 18264
222.70.115.1 - - [22/Feb/2024:09:43:16 +0800] "GET /xingrg/dwr/interface/AjaxQqpsService.js HTTP/1.1" 200 16326
222.70.115.1 - - [22/Feb/2024:09:43:16 +0800] "GET /xingrg/dwr/engine.js HTTP/1.1" 200 43631
116.224.254.208 - - [22/Feb/2024:09:43:18 +0800] "GET /xingrg/kc/buy/cgsh_order_operate.html?command=get_materiel&rest_code=00151&code=00101009039&supplier_code=00100022&order_time=2024-02-22 HTTP/1.1" 200 408
222.70.115.1 - - [22/Feb/2024:09:43:20 +0800] "GET /xingrg/javascript/auto/indicator.gif HTTP/1.1" 404 1066
116.232.194.112 - - [22/Feb/2024:09:43:23 +0800] "GET /xingrg/all/function/internal_message.html?_=1708566179799&CODE_STATE=getMsg HTTP/1.1" 200 27
222.70.115.1 - - [22/Feb/2024:09:43:27 +0800] "POST /xingrg/dwr/call/plaincall/AjaxQqpsService.saveOrder.dwr HTTP/1.1" 200 78
116.224.254.208 - - [22/Feb/2024:09:43:28 +0800] "GET /xingrg/kc/buy/cgsh_order_operate.html?command=get_materiel&rest_code=00151&code=00101009011&supplier_code=00100022&order_time=2024-02-22 HTTP/1.1" 200 416
101.83.145.37 - - [22/Feb/2024:09:43:29 +0800] "GET /xingrg/all/function/internal_message.html?_=1708566210053&CODE_STATE=getMsg HTTP/1.1" 200 27
222.70.115.1 - - [22/Feb/2024:09:43:32 +0800] "POST /xingrg/dwr/call/plaincall/AjaxQqpsService.getMaterielByCode.dwr HTTP/1.1" 200 2952
222.70.115.1 - - [22/Feb/2024:09:43:34 +0800] "POST /xingrg/dwr/call/plaincall/AjaxQqpsService.saveMaterielItem.dwr HTTP/1.1" 200 78
222.70.115.1 - - [22/Feb/2024:09:43:36 +0800] "POST /xingrg/dwr/call/plaincall/AjaxQqpsService.getMaterielByCode.dwr HTTP/1.1" 200 2925
116.224.254.208 - - [22/Feb/2024:09:43:37 +0800] "GET /xingrg/kc/buy/cgsh_order_operate.html?command=get_materiel&rest_code=00151&code=00101009028&supplier_code=00100022&order_time=2024-02-22 HTTP/1.1" 200 409
58.40.7.146 - - [22/Feb/2024:09:43:37 +0800] "GET /xingrg/all/function/internal_message.html?_=1708566217350&CODE_STATE=getMsg HTTP/1.1" 200 27
222.70.115.1 - - [22/Feb/2024:09:43:38 +0800] "POST /xingrg/dwr/call/plaincall/AjaxQqpsService.saveMaterielItem.dwr HTTP/1.1" 200 78
222.70.115.1 - - [22/Feb/2024:09:43:40 +0800] "POST /xingrg/dwr/call/plaincall/AjaxQqpsService.getMaterielByCode.dwr HTTP/1.1" 200 2897
222.70.115.1 - - [22/Feb/2024:09:43:42 +0800] "POST /xingrg/dwr/call/plaincall/AjaxQqpsService.saveMaterielItem.dwr HTTP/1.1" 200 78
218.79.28.144 - - [22/Feb/2024:09:43:43 +0800] "GET /xingrg/all/function/internal_message.html?_=1708566228261&CODE_STATE=getMsg HTTP/1.1" 200 27
222.70.115.1 - - [22/Feb/2024:09:43:46 +0800] "POST /xingrg/dwr/call/plaincall/AjaxQqpsService.getMaterielByCode.dwr HTTP/1.1" 200 2920
116.224.254.208 - - [22/Feb/2024:09:43:46 +0800] "POST /xingrg/kc/buy/cgsh_order_operate.html HTTP/1.1" 200 37
124.78.67.200 - - [22/Feb/2024:09:43:47 +0800] "GET /xingrg/check_reg.html?_=1708566227985 HTTP/1.1" 200 22
124.78.67.200 - - [22/Feb/2024:09:43:47 +0800] "GET /xingrg/all/function/internal_message.html?_=1708566227987&CODE_STATE=getMsg HTTP/1.1" 200 27
222.70.115.1 - - [22/Feb/2024:09:43:48 +0800] "POST /xingrg/dwr/call/plaincall/AjaxQqpsService.saveMaterielItem.dwr HTTP/1.1" 200 78
222.70.115.1 - - [22/Feb/2024:09:43:51 +0800] "POST /xingrg/dwr/call/plaincall/AjaxQqpsService.getMaterielByCode.dwr HTTP/1.1" 200 2903
222.70.115.1 - - [22/Feb/2024:09:43:53 +0800] "POST /xingrg/dwr/call/plaincall/AjaxQqpsService.saveMaterielItem.dwr HTTP/1.1" 200 79
116.224.254.208 - - [22/Feb/2024:09:43:53 +0800] "POST /xingrg/kc/buy/cgsh_order_operate.html HTTP/1.1" 200 12
222.70.115.1 - - [22/Feb/2024:09:43:55 +0800] "POST /xingrg/dwr/call/plaincall/AjaxQqpsService.getMaterielByCode.dwr HTTP/1.1" 200 2940
116.224.254.208 - - [22/Feb/2024:09:43:55 +0800] "GET /xingrg/kc/buy/cgsh_order_info.html?code=212024022205764 HTTP/1.1" 200 67972
116.224.254.208 - - [22/Feb/2024:09:43:56 +0800] "GET /xingrg/javascript/easyui/themes/default/validatebox.css HTTP/1.1" 404 1104
116.230.123.222 - - [22/Feb/2024:09:43:57 +0800] "GET /xingrg/all/function/internal_message.html?_=1708566234668&CODE_STATE=getMsg HTTP/1.1" 200 27
116.224.254.208 - - [22/Feb/2024:09:43:57 +0800] "POST /xingrg/kc/buy/cgsh_order_operate.html HTTP/1.1" 200 2412
222.70.115.1 - - [22/Feb/2024:09:43:57 +0800] "POST /xingrg/dwr/call/plaincall/AjaxQqpsService.saveMaterielItem.dwr HTTP/1.1" 200 79
116.232.194.112 - - [22/Feb/2024:09:43:58 +0800] "GET /xingrg/all/function/internal_message.html?_=1708566215274&CODE_STATE=getMsg HTTP/1.1" 200 27
116.224.254.208 - - [22/Feb/2024:09:43:59 +0800] "GET /xingrg/kc/print/load_data.html?order_code=212024022205764&kc_code=cgsh&condition= HTTP/1.1" 200 1449
58.40.7.146 - - [22/Feb/2024:09:43:59 +0800] "GET /xingrg/all/function/internal_message.html?_=1708566239626&CODE_STATE=getMsg HTTP/1.1" 200 27
221.239.172.101 - - [22/Feb/2024:09:44:01 +0800] "GET /xingrg/all/function/internal_message.html?_=1708566240447&CODE_STATE=getMsg HTTP/1.1" 200 27
221.239.172.101 - - [22/Feb/2024:09:44:01 +0800] "GET /xingrg/check_reg.html?_=1708566240450 HTTP/1.1" 200 22
222.70.115.1 - - [22/Feb/2024:09:44:02 +0800] "GET /xingrg/all/function/internal_message.html?_=1708566248810&CODE_STATE=getMsg HTTP/1.1" 200 27
222.70.115.1 - - [22/Feb/2024:09:44:03 +0800] "POST /xingrg/dwr/call/plaincall/AjaxQqpsService.getMaterielByCode.dwr HTTP/1.1" 200 2846
222.70.115.1 - - [22/Feb/2024:09:44:08 +0800] "POST /xingrg/dwr/call/plaincall/AjaxQqpsService.getMaterielByCode.dwr HTTP/1.1" 200 2913
222.70.115.1 - - [22/Feb/2024:09:44:11 +0800] "POST /xingrg/dwr/call/plaincall/AjaxQqpsService.saveMaterielItem.dwr HTTP/1.1" 200 79
116.228.172.94 - - [22/Feb/2024:09:44:12 +0800] "GET /xingrg/all/function/internal_message.html?_=1708566039112&CODE_STATE=getMsg HTTP/1.1" 200 27
222.70.115.1 - - [22/Feb/2024:09:44:14 +0800] "POST /xingrg/dwr/call/plaincall/AjaxQqpsService.getMaterielByCode.dwr HTTP/1.1" 200 2942
116.224.254.208 - - [22/Feb/2024:09:44:16 +0800] "GET /xingrg/all/function/internal_message.html?_=1708566256718&CODE_STATE=getMsg HTTP/1.1" 200 27
222.70.115.1 - - [22/Feb/2024:09:44:22 +0800] "POST /xingrg/dwr/call/plaincall/AjaxQqpsService.saveMaterielItem.dwr HTTP/1.1" 200 79
116.232.194.112 - - [22/Feb/2024:09:44:23 +0800] "GET /xingrg/all/function/internal_message.html?_=1708566239777&CODE_STATE=getMsg HTTP/1.1" 200 27
222.70.115.1 - - [22/Feb/2024:09:44:25 +0800] "POST /xingrg/dwr/call/plaincall/AjaxQqpsService.getMaterielByCode.dwr HTTP/1.1" 200 2945
222.70.115.1 - - [22/Feb/2024:09:44:27 +0800] "POST /xingrg/dwr/call/plaincall/AjaxQqpsService.saveMaterielItem.dwr HTTP/1.1" 200 79
101.83.145.37 - - [22/Feb/2024:09:44:29 +0800] "GET /xingrg/all/function/internal_message.html?_=1708566270028&CODE_STATE=getMsg HTTP/1.1" 200 27
222.70.115.1 - - [22/Feb/2024:09:44:30 +0800] "POST /xingrg/dwr/call/plaincall/AjaxQqpsService.getMaterielByCode.dwr HTTP/1.1" 200 2900
222.70.115.1 - - [22/Feb/2024:09:44:33 +0800] "POST /xingrg/dwr/call/plaincall/AjaxQqpsService.saveMaterielItem.dwr HTTP/1.1" 200 79
180.164.1.25 - - [22/Feb/2024:09:44:33 +0800] "GET /favicon.ico HTTP/1.1" 404 -
222.70.115.1 - - [22/Feb/2024:09:44:35 +0800] "POST /xingrg/dwr/call/plaincall/AjaxQqpsService.getMaterielByCode.dwr HTTP/1.1" 200 2915
58.40.7.146 - - [22/Feb/2024:09:44:37 +0800] "GET /xingrg/check_reg.html?_=1708566277338 HTTP/1.1" 200 22
58.40.7.146 - - [22/Feb/2024:09:44:37 +0800] "GET /xingrg/all/function/internal_message.html?_=1708566277340&CODE_STATE=getMsg HTTP/1.1" 200 27
222.70.115.1 - - [22/Feb/2024:09:44:37 +0800] "POST /xingrg/dwr/call/plaincall/AjaxQqpsService.saveMaterielItem.dwr HTTP/1.1" 200 79
222.70.115.1 - - [22/Feb/2024:09:44:43 +0800] "POST /xingrg/dwr/call/plaincall/AjaxQqpsService.getMaterielByCode.dwr HTTP/1.1" 200 2852
218.79.28.144 - - [22/Feb/2024:09:44:43 +0800] "GET /xingrg/all/function/internal_message.html?_=1708566288261&CODE_STATE=getMsg HTTP/1.1" 200 27
180.164.1.25 - - [22/Feb/2024:09:44:45 +0800] "GET /xingrg/login.html HTTP/1.1" 200 7641
180.164.1.25 - - [22/Feb/2024:09:44:45 +0800] "GET /xingrg/images/blue/jxLogo.png HTTP/1.1" 304 -
180.164.1.25 - - [22/Feb/2024:09:44:45 +0800] "GET /xingrg/images/blue/login_bg.png HTTP/1.1" 304 -
180.164.1.25 - - [22/Feb/2024:09:44:45 +0800] "GET /xingrg/images/blue/hj.png HTTP/1.1" 304 -
180.164.1.25 - - [22/Feb/2024:09:44:45 +0800] "GET /xingrg/images/blue/srbg.png HTTP/1.1" 304 -
180.164.1.25 - - [22/Feb/2024:09:44:45 +0800] "GET /favicon.ico HTTP/1.1" 404 -
180.164.1.25 - - [22/Feb/2024:09:44:47 +0800] "POST /xingrg/login.do HTTP/1.1" 302 -
180.164.1.25 - - [22/Feb/2024:09:44:47 +0800] "GET /xingrg/index.html?sysBaseUrl=http%3A%2F%2F180.169.147.146%3A18081%2Fxingrg%2F&costTime=798×tamp=1708566287745 HTTP/1.1" 200 17183
180.164.1.25 - - [22/Feb/2024:09:44:47 +0800] "GET /xingrg/javascript/jquery_easy_ui/themes/default/easyui.css HTTP/1.1" 304 -
180.164.1.25 - - [22/Feb/2024:09:44:47 +0800] "GET /xingrg/javascript/jquery_easy_ui/themes/icon.css HTTP/1.1" 304 -
180.164.1.25 - - [22/Feb/2024:09:44:47 +0800] "GET /xingrg/css/form.css HTTP/1.1" 304 -
180.164.1.25 - - [22/Feb/2024:09:44:47 +0800] "GET /xingrg/javascript/jquery-1.4.2.min.js HTTP/1.1" 304 -
180.164.1.25 - - [22/Feb/2024:09:44:47 +0800] "GET /favicon.ico HTTP/1.1" 404 -
124.78.67.200 - - [22/Feb/2024:09:44:47 +0800] "GET /xingrg/all/function/internal_message.html?_=1708566287987&CODE_STATE=getMsg HTTP/1.1" 200 27
180.164.1.25 - - [22/Feb/2024:09:44:48 +0800] "GET /xingrg/javascript/jquery_easy_ui/jquery.easyui.min.js HTTP/1.1" 304 -
180.164.1.25 - - [22/Feb/2024:09:44:48 +0800] "GET /xingrg/javascript/jquery_easy_ui/easyui-lang-zh_CN.js HTTP/1.1" 304 -
180.164.1.25 - - [22/Feb/2024:09:44:48 +0800] "GET /xingrg/javascript/jquery.form.js HTTP/1.1" 304 -
180.164.1.25 - - [22/Feb/2024:09:44:48 +0800] "GET /xingrg/javascript/jquery.utils.js HTTP/1.1" 304 -
180.164.1.25 - - [22/Feb/2024:09:44:48 +0800] "GET /xingrg/javascript/jquery.timers.js HTTP/1.1" 304 -
180.164.1.25 - - [22/Feb/2024:09:44:48 +0800] "GET /xingrg/javascript/jquery_easy_ui/themes/icons/settle_new.png HTTP/1.1" 304 -
180.164.1.25 - - [22/Feb/2024:09:44:48 +0800] "GET /xingrg/images/blue/navBackgound.jpg HTTP/1.1" 304 -
180.164.1.25 - - [22/Feb/2024:09:44:48 +0800] "POST /xingrg/all/common/load_tree.html?tree=area_rest_tree_json&manage=1 HTTP/1.1" 200 357
180.164.1.25 - - [22/Feb/2024:09:44:48 +0800] "GET /xingrg/check_reg.html?_=1708566288051 HTTP/1.1" 200 22
180.164.1.25 - - [22/Feb/2024:09:44:48 +0800] "GET /xingrg/all/function/internal_message.html?_=1708566288050&CODE_STATE=count HTTP/1.1" 200 11
180.164.1.25 - - [22/Feb/2024:09:44:48 +0800] "GET /xingrg/javascript/jquery_easy_ui/themes/default/images/panel_tool_collapse.gif HTTP/1.1" 304 -
180.164.1.25 - - [22/Feb/2024:09:44:48 +0800] "GET /xingrg/javascript/jquery_easy_ui/themes/default/images/tabs_leftarrow.png HTTP/1.1" 304 -
180.164.1.25 - - [22/Feb/2024:09:44:48 +0800] "GET /xingrg/images/blue/pingpu.png HTTP/1.1" 304 -
180.164.1.25 - - [22/Feb/2024:09:44:48 +0800] "GET /xingrg/javascript/jquery_easy_ui/themes/default/images/tabs_rightarrow.png HTTP/1.1" 304 -
180.164.1.25 - - [22/Feb/2024:09:44:48 +0800] "POST /xingrg/load_menu.html HTTP/1.1" 200 5138
180.164.1.25 - - [22/Feb/2024:09:44:48 +0800] "GET /xingrg/javascript/jquery_easy_ui/themes/default/images/tree_arrows.gif HTTP/1.1" 304 -
180.164.1.25 - - [22/Feb/2024:09:44:48 +0800] "GET /xingrg/javascript/jquery_easy_ui/themes/default/images/tree_folder_open.gif HTTP/1.1" 304 -
180.164.1.25 - - [22/Feb/2024:09:44:48 +0800] "GET /xingrg/javascript/jquery_easy_ui/themes/icons/search_new.png HTTP/1.1" 304 -
180.164.1.25 - - [22/Feb/2024:09:44:48 +0800] "GET /xingrg/javascript/jquery_easy_ui/themes/default/images/tree_folder.gif HTTP/1.1" 304 -
180.164.1.25 - - [22/Feb/2024:09:44:48 +0800] "GET /xingrg/javascript/jquery_easy_ui/themes/icons/storage_new.png HTTP/1.1" 304 -
180.164.1.25 - - [22/Feb/2024:09:44:48 +0800] "GET /xingrg/javascript/jquery_easy_ui/themes/icons/forms_new.png HTTP/1.1" 304 -
180.164.1.25 - - [22/Feb/2024:09:44:48 +0800] "GET /xingrg/javascript/jquery_easy_ui/themes/default/images/tree_file.gif HTTP/1.1" 304 -
180.164.1.25 - - [22/Feb/2024:09:44:50 +0800] "GET /xingrg/javascript/jquery_easy_ui/themes/default/images/tabs_close.gif HTTP/1.1" 304 -
180.164.1.25 - - [22/Feb/2024:09:44:51 +0800] "GET /xingrg/kc/buy/cgsh_order_list.html HTTP/1.1" 200 57702
180.164.1.25 - - [22/Feb/2024:09:44:51 +0800] "GET /xingrg/css/base.css HTTP/1.1" 304 -
180.164.1.25 - - [22/Feb/2024:09:44:51 +0800] "GET /xingrg/css/site.css HTTP/1.1" 304 -
180.164.1.25 - - [22/Feb/2024:09:44:51 +0800] "GET /xingrg/javascript/jquery_tools/datebox.css HTTP/1.1" 304 -
180.164.1.25 - - [22/Feb/2024:09:44:51 +0800] "GET /xingrg/javascript/easyui/themes/default/easyui.css HTTP/1.1" 304 -
180.164.1.25 - - [22/Feb/2024:09:44:51 +0800] "GET /xingrg/javascript/easyui/themes/icon.css HTTP/1.1" 304 -
180.164.1.25 - - [22/Feb/2024:09:44:51 +0800] "GET /xingrg/javascript/auto/jquery.autocomplete.css HTTP/1.1" 304 -
180.164.1.25 - - [22/Feb/2024:09:44:51 +0800] "GET /xingrg/javascript/jquery_tools/fix.css HTTP/1.1" 304 -
180.164.1.25 - - [22/Feb/2024:09:44:51 +0800] "GET /xingrg/javascript/jquery_tools/table.css HTTP/1.1" 304 -
180.164.1.25 - - [22/Feb/2024:09:44:51 +0800] "GET /xingrg/javascript/jquery_tools/jquery.tools.min.js HTTP/1.1" 304 -
180.164.1.25 - - [22/Feb/2024:09:44:51 +0800] "GET /xingrg/javascript/jquery_tools/jquery.tools.extend.js HTTP/1.1" 304 -
180.164.1.25 - - [22/Feb/2024:09:44:51 +0800] "GET /xingrg/javascript/jquery_tools/jquery.tools.hotkey.js HTTP/1.1" 304 -
180.164.1.25 - - [22/Feb/2024:09:44:51 +0800] "GET /xingrg/javascript/jquery_tools/jquery.tools.table.js HTTP/1.1" 304 -
180.164.1.25 - - [22/Feb/2024:09:44:51 +0800] "GET /xingrg/javascript/jquery_tools/list_manager.js HTTP/1.1" 304 -
180.164.1.25 - - [22/Feb/2024:09:44:51 +0800] "GET /xingrg/javascript/auto/jquery.autocomplete.js HTTP/1.1" 304 -
180.164.1.25 - - [22/Feb/2024:09:44:51 +0800] "GET /xingrg/javascript/easyui/easyloader.js HTTP/1.1" 304 -
180.164.1.25 - - [22/Feb/2024:09:44:51 +0800] "GET /xingrg/javascript/jquery.cookie.js HTTP/1.1" 304 -
180.164.1.25 - - [22/Feb/2024:09:44:51 +0800] "GET /xingrg/javascript/print/LodopFuncs.js HTTP/1.1" 304 -
180.164.1.25 - - [22/Feb/2024:09:44:52 +0800] "GET /xingrg/javascript/easyui/themes/icons/edit_add_new.png HTTP/1.1" 304 -
180.164.1.25 - - [22/Feb/2024:09:44:52 +0800] "GET /xingrg/javascript/easyui/themes/icons/cance_new.png HTTP/1.1" 304 -
180.164.1.25 - - [22/Feb/2024:09:44:52 +0800] "GET /xingrg/javascript/easyui/themes/icons/check_new.png HTTP/1.1" 304 -
180.164.1.25 - - [22/Feb/2024:09:44:52 +0800] "GET /xingrg/javascript/easyui/themes/icons/field_new.png HTTP/1.1" 304 -
180.164.1.25 - - [22/Feb/2024:09:44:52 +0800] "GET /xingrg/javascript/easyui/themes/icons/import_new.png HTTP/1.1" 304 -
180.164.1.25 - - [22/Feb/2024:09:44:52 +0800] "GET /xingrg/javascript/easyui/plugins/jquery.parser.js HTTP/1.1" 304 -
180.164.1.25 - - [22/Feb/2024:09:44:52 +0800] "GET /xingrg/images/control/ajaxLoader.gif HTTP/1.1" 304 -
222.70.115.1 - - [22/Feb/2024:09:44:53 +0800] "POST /xingrg/dwr/call/plaincall/AjaxQqpsService.getMaterielByCode.dwr HTTP/1.1" 200 2877
180.164.1.25 - - [22/Feb/2024:09:44:54 +0800] "POST /xingrg/kc/buy/cgsh_list_operate.html HTTP/1.1" 200 986
222.70.115.1 - - [22/Feb/2024:09:44:55 +0800] "POST /xingrg/dwr/call/plaincall/AjaxQqpsService.saveMaterielItem.dwr HTTP/1.1" 200 79
116.230.123.222 - - [22/Feb/2024:09:44:57 +0800] "GET /xingrg/all/function/internal_message.html?_=1708566294648&CODE_STATE=getMsg HTTP/1.1" 200 27
116.232.194.112 - - [22/Feb/2024:09:44:58 +0800] "GET /xingrg/all/function/internal_message.html?_=1708566275283&CODE_STATE=getMsg HTTP/1.1" 200 27
116.232.194.112 - - [22/Feb/2024:09:44:58 +0800] "GET /xingrg/check_reg.html?_=1708566275286 HTTP/1.1" 200 22
180.164.1.25 - - [22/Feb/2024:09:44:58 +0800] "GET /xingrg/javascript/jquery_easy_ui/themes/icons/area.png HTTP/1.1" 200 262
180.164.1.25 - - [22/Feb/2024:09:44:58 +0800] "GET /xingrg/javascript/jquery_easy_ui/themes/icons/rest.png HTTP/1.1" 200 695
222.70.115.1 - - [22/Feb/2024:09:44:58 +0800] "POST /xingrg/dwr/call/plaincall/AjaxQqpsService.getMaterielByCode.dwr HTTP/1.1" 200 2867
58.40.7.146 - - [22/Feb/2024:09:44:59 +0800] "GET /xingrg/all/function/internal_message.html?_=1708566299615&CODE_STATE=getMsg HTTP/1.1" 200 27
222.70.115.1 - - [22/Feb/2024:09:45:00 +0800] "POST /xingrg/dwr/call/plaincall/AjaxQqpsService.saveMaterielItem.dwr HTTP/1.1" 200 79
221.239.172.101 - - [22/Feb/2024:09:45:01 +0800] "GET /xingrg/all/function/internal_message.html?_=1708566300452&CODE_STATE=getMsg HTTP/1.1" 200 27
222.70.115.1 - - [22/Feb/2024:09:45:02 +0800] "GET /xingrg/all/function/internal_message.html?_=1708566308815&CODE_STATE=getMsg HTTP/1.1" 200 27
222.70.115.1 - - [22/Feb/2024:09:45:04 +0800] "POST /xingrg/dwr/call/plaincall/AjaxQqpsService.getMaterielByCode.dwr HTTP/1.1" 200 2861
222.70.115.1 - - [22/Feb/2024:09:45:05 +0800] "POST /xingrg/dwr/call/plaincall/AjaxQqpsService.saveMaterielItem.dwr HTTP/1.1" 200 79
222.70.115.1 - - [22/Feb/2024:09:45:11 +0800] "POST /xingrg/dwr/call/plaincall/AjaxQqpsService.getMaterielByCode.dwr HTTP/1.1" 200 2915
180.164.1.25 - - [22/Feb/2024:09:45:11 +0800] "GET /xingrg/javascript/easyui/themes/default/images/button_plain_hover.png HTTP/1.1" 304 -
180.164.1.25 - - [22/Feb/2024:09:45:12 +0800] "GET /xingrg/kc/buy/cgsh_order_add.html HTTP/1.1" 200 73559
180.164.1.25 - - [22/Feb/2024:09:45:12 +0800] "GET /xingrg/javascript/pic_change.js HTTP/1.1" 304 -
180.164.1.25 - - [22/Feb/2024:09:45:12 +0800] "GET /xingrg/javascript/jquery_tools/order_manager.js HTTP/1.1" 304 -
180.164.1.25 - - [22/Feb/2024:09:45:12 +0800] "GET /xingrg/javascript/convert.js HTTP/1.1" 304 -
180.164.1.25 - - [22/Feb/2024:09:45:12 +0800] "GET /xingrg/javascript/json2.js HTTP/1.1" 304 -
180.164.1.25 - - [22/Feb/2024:09:45:12 +0800] "GET /xingrg/javascript/print/kc_print.js HTTP/1.1" 304 -
180.164.1.25 - - [22/Feb/2024:09:45:12 +0800] "GET /xingrg/words/20240220145821_words.js HTTP/1.1" 200 1013796
180.164.1.25 - - [22/Feb/2024:09:45:12 +0800] "GET /xingrg/javascript/easyui/themes/icons/copy_new.png HTTP/1.1" 304 -
180.164.1.25 - - [22/Feb/2024:09:45:12 +0800] "GET /xingrg/javascript/easyui/themes/icons/template_new.png HTTP/1.1" 304 -
180.164.1.25 - - [22/Feb/2024:09:45:12 +0800] "GET /xingrg/javascript/easyui/themes/icons/ok.png HTTP/1.1" 304 -
180.164.1.25 - - [22/Feb/2024:09:45:12 +0800] "GET /xingrg/javascript/easyui/themes/icons/print.png HTTP/1.1" 304 -
180.164.1.25 - - [22/Feb/2024:09:45:12 +0800] "GET /xingrg/javascript/easyui/themes/default/images/menu_downarrow.png HTTP/1.1" 304 -
180.164.1.25 - - [22/Feb/2024:09:45:12 +0800] "GET /xingrg/javascript/easyui/themes/icons/cancel.png HTTP/1.1" 304 -
222.70.115.1 - - [22/Feb/2024:09:45:12 +0800] "POST /xingrg/dwr/call/plaincall/AjaxQqpsService.saveMaterielItem.dwr HTTP/1.1" 200 79
116.228.172.94 - - [22/Feb/2024:09:45:12 +0800] "GET /xingrg/all/function/internal_message.html?_=1708566099114&CODE_STATE=getMsg HTTP/1.1" 200 27
116.228.172.94 - - [22/Feb/2024:09:45:12 +0800] "GET /xingrg/check_reg.html?_=1708566099116 HTTP/1.1" 200 22
180.164.1.25 - - [22/Feb/2024:09:45:12 +0800] "POST /xingrg/kc/buy/cgsh_order_operate.html HTTP/1.1" 200 8245
180.164.1.25 - - [22/Feb/2024:09:45:12 +0800] "GET /xingrg/javascript/easyui/themes/default/validatebox.css HTTP/1.1" 404 1104
180.164.1.25 - - [22/Feb/2024:09:45:13 +0800] "GET /xingrg/javascript/easyui/plugins/jquery.validatebox.js HTTP/1.1" 304 -
180.164.1.25 - - [22/Feb/2024:09:45:13 +0800] "GET /xingrg/all/common/auto_word.html?type=employee&rest_code=00108 HTTP/1.1" 200 101
180.164.1.25 - - [22/Feb/2024:09:45:13 +0800] "GET /xingrg/all/common/auto_word.html?type=employee&rest_code=00108 HTTP/1.1" 200 101
180.164.1.25 - - [22/Feb/2024:09:45:13 +0800] "GET /xingrg/javascript/easyui/plugins/jquery.numberbox.js HTTP/1.1" 304 -
180.164.1.25 - - [22/Feb/2024:09:45:13 +0800] "GET /xingrg/javascript/easyui/themes/icons/edit_remove.png HTTP/1.1" 304 -
222.70.115.1 - - [22/Feb/2024:09:45:15 +0800] "POST /xingrg/dwr/call/plaincall/AjaxQqpsService.getMaterielByCode.dwr HTTP/1.1" 200 2874
116.224.254.208 - - [22/Feb/2024:09:45:16 +0800] "GET /xingrg/all/function/internal_message.html?_=1708566316715&CODE_STATE=getMsg HTTP/1.1" 200 27
222.70.115.1 - - [22/Feb/2024:09:45:18 +0800] "POST /xingrg/dwr/call/plaincall/AjaxQqpsService.saveMaterielItem.dwr HTTP/1.1" 200 79
222.70.115.1 - - [22/Feb/2024:09:45:21 +0800] "POST /xingrg/dwr/call/plaincall/AjaxQqpsService.getMaterielByCode.dwr HTTP/1.1" 200 2852
116.232.194.112 - - [22/Feb/2024:09:45:23 +0800] "GET /xingrg/all/function/internal_message.html?_=1708566299763&CODE_STATE=getMsg HTTP/1.1" 200 27
222.70.115.1 - - [22/Feb/2024:09:45:23 +0800] "POST /xingrg/dwr/call/plaincall/AjaxQqpsService.saveMaterielItem.dwr HTTP/1.1" 200 79
101.83.145.37 - - [22/Feb/2024:09:45:29 +0800] "GET /xingrg/all/function/internal_message.html?_=1708566330008&CODE_STATE=getMsg HTTP/1.1" 200 27
101.83.145.37 - - [22/Feb/2024:09:45:29 +0800] "GET /xingrg/check_reg.html?_=1708566330510 HTTP/1.1" 200 22
222.70.115.1 - - [22/Feb/2024:09:45:32 +0800] "POST /xingrg/dwr/call/plaincall/AjaxQqpsService.getMaterielByCode.dwr HTTP/1.1" 200 2856
222.70.115.1 - - [22/Feb/2024:09:45:35 +0800] "POST /xingrg/dwr/call/plaincall/AjaxQqpsService.saveMaterielItem.dwr HTTP/1.1" 200 79
58.40.7.146 - - [22/Feb/2024:09:45:37 +0800] "GET /xingrg/all/function/internal_message.html?_=1708566337342&CODE_STATE=getMsg HTTP/1.1" 200 27
222.70.115.1 - - [22/Feb/2024:09:45:41 +0800] "POST /xingrg/dwr/call/plaincall/AjaxQqpsService.getMaterielByCode.dwr HTTP/1.1" 200 2910
218.79.28.144 - - [22/Feb/2024:09:45:43 +0800] "GET /xingrg/all/function/internal_message.html?_=1708566348262&CODE_STATE=getMsg HTTP/1.1" 200 27
218.79.28.144 - - [22/Feb/2024:09:45:43 +0800] "GET /xingrg/check_reg.html?_=1708566348266 HTTP/1.1" 200 22
222.70.115.1 - - [22/Feb/2024:09:45:43 +0800] "POST /xingrg/dwr/call/plaincall/AjaxQqpsService.saveMaterielItem.dwr HTTP/1.1" 200 79
222.70.115.1 - - [22/Feb/2024:09:45:46 +0800] "POST /xingrg/dwr/call/plaincall/AjaxQqpsService.getMaterielByCode.dwr HTTP/1.1" 200 2920
222.70.115.1 - - [22/Feb/2024:09:45:47 +0800] "POST /xingrg/dwr/call/plaincall/AjaxQqpsService.saveMaterielItem.dwr HTTP/1.1" 200 79
124.78.67.200 - - [22/Feb/2024:09:45:47 +0800] "GET /xingrg/all/function/internal_message.html?_=1708566347985&CODE_STATE=getMsg HTTP/1.1" 200 27
180.164.1.25 - - [22/Feb/2024:09:45:48 +0800] "GET /xingrg/all/function/internal_message.html?_=1708566348054&CODE_STATE=getMsg HTTP/1.1" 200 27
116.230.123.222 - - [22/Feb/2024:09:45:57 +0800] "GET /xingrg/all/function/internal_message.html?_=1708566354630&CODE_STATE=getMsg HTTP/1.1" 200 27
116.232.194.112 - - [22/Feb/2024:09:45:58 +0800] "GET /xingrg/all/function/internal_message.html?_=1708566335280&CODE_STATE=getMsg HTTP/1.1" 200 27
58.40.7.146 - - [22/Feb/2024:09:45:59 +0800] "GET /xingrg/all/function/internal_message.html?_=1708566359619&CODE_STATE=getMsg HTTP/1.1" 200 27
221.239.172.101 - - [22/Feb/2024:09:46:01 +0800] "GET /xingrg/all/function/internal_message.html?_=1708566360455&CODE_STATE=getMsg HTTP/1.1" 200 27
222.70.115.1 - - [22/Feb/2024:09:46:02 +0800] "GET /xingrg/all/function/internal_message.html?_=1708566368809&CODE_STATE=getMsg HTTP/1.1" 200 27
222.70.115.1 - - [22/Feb/2024:09:46:08 +0800] "POST /xingrg/dwr/call/plaincall/AjaxQqpsService.getMaterielByCode.dwr HTTP/1.1" 200 2854
116.228.172.94 - - [22/Feb/2024:09:46:12 +0800] "GET /xingrg/all/function/internal_message.html?_=1708566159109&CODE_STATE=getMsg HTTP/1.1" 200 27
116.224.254.208 - - [22/Feb/2024:09:46:16 +0800] "GET /xingrg/all/function/internal_message.html?_=1708566376713&CODE_STATE=getMsg HTTP/1.1" 200 27
222.70.115.1 - - [22/Feb/2024:09:46:21 +0800] "POST /xingrg/dwr/call/plaincall/AjaxQqpsService.getMaterielByCode.dwr HTTP/1.1" 200 2924
116.232.194.112 - - [22/Feb/2024:09:46:23 +0800] "GET /xingrg/all/function/internal_message.html?_=1708566359735&CODE_STATE=getMsg HTTP/1.1" 200 27
222.70.115.1 - - [22/Feb/2024:09:46:25 +0800] "POST /xingrg/dwr/call/plaincall/AjaxQqpsService.saveMaterielItem.dwr HTTP/1.1" 200 79
101.83.145.37 - - [22/Feb/2024:09:46:28 +0800] "GET /xingrg/all/function/internal_message.html?_=1708566389987&CODE_STATE=getMsg HTTP/1.1" 200 27
222.70.115.1 - - [22/Feb/2024:09:46:33 +0800] "POST /xingrg/dwr/call/plaincall/AjaxQqpsService.removeMaterielItem.dwr HTTP/1.1" 200 79
222.70.115.1 - - [22/Feb/2024:09:46:34 +0800] "POST /xingrg/dwr/call/plaincall/AjaxQqpsService.saveOrder.dwr HTTP/1.1" 200 79
58.40.7.146 - - [22/Feb/2024:09:46:37 +0800] "GET /xingrg/all/function/internal_message.html?_=1708566397347&CODE_STATE=getMsg HTTP/1.1" 200 27
116.232.194.112 - - [22/Feb/2024:09:46:39 +0800] "GET /xingrg/check_reg.html?_=1708566376170 HTTP/1.1" 200 22
222.70.115.1 - - [22/Feb/2024:09:46:39 +0800] "GET /xingrg/kc/mdqp/qqps_order_add.html HTTP/1.1" 200 28160
222.70.115.1 - - [22/Feb/2024:09:46:40 +0800] "GET /xingrg/dwr/interface/AjaxComOrderService.js HTTP/1.1" 200 18264
222.70.115.1 - - [22/Feb/2024:09:46:40 +0800] "GET /xingrg/dwr/interface/AjaxQqpsService.js HTTP/1.1" 200 16326
222.70.115.1 - - [22/Feb/2024:09:46:40 +0800] "GET /xingrg/dwr/engine.js HTTP/1.1" 200 43631
218.79.28.144 - - [22/Feb/2024:09:46:43 +0800] "GET /xingrg/all/function/internal_message.html?_=1708566408265&CODE_STATE=getMsg HTTP/1.1" 200 27
222.70.115.1 - - [22/Feb/2024:09:46:47 +0800] "POST /xingrg/dwr/call/plaincall/AjaxQqpsService.saveOrder.dwr HTTP/1.1" 200 78
124.78.67.200 - - [22/Feb/2024:09:46:47 +0800] "GET /xingrg/all/function/internal_message.html?_=1708566407982&CODE_STATE=getMsg HTTP/1.1" 200 27
180.164.1.25 - - [22/Feb/2024:09:46:48 +0800] "GET /xingrg/all/function/internal_message.html?_=1708566408073&CODE_STATE=getMsg HTTP/1.1" 200 27
116.230.123.222 - - [22/Feb/2024:09:46:51 +0800] "POST /xingrg/services/DataTransmitService HTTP/1.1" 200 524
222.70.115.1 - - [22/Feb/2024:09:46:53 +0800] "POST /xingrg/dwr/call/plaincall/AjaxQqpsService.getMaterielByCode.dwr HTTP/1.1" 200 2859
222.70.115.1 - - [22/Feb/2024:09:46:55 +0800] "POST /xingrg/dwr/call/plaincall/AjaxQqpsService.saveMaterielItem.dwr HTTP/1.1" 200 78
116.230.123.222 - - [22/Feb/2024:09:46:57 +0800] "GET /xingrg/all/function/internal_message.html?_=1708566414603&CODE_STATE=getMsg HTTP/1.1" 200 27
222.70.115.1 - - [22/Feb/2024:09:46:58 +0800] "POST /xingrg/dwr/call/plaincall/AjaxQqpsService.getMaterielByCode.dwr HTTP/1.1" 200 2902
116.232.194.112 - - [22/Feb/2024:09:46:58 +0800] "GET /xingrg/all/function/internal_message.html?_=1708566395266&CODE_STATE=getMsg HTTP/1.1" 200 27
58.40.7.146 - - [22/Feb/2024:09:46:59 +0800] "GET /xingrg/all/function/internal_message.html?_=1708566419624&CODE_STATE=getMsg HTTP/1.1" 200 27
58.40.7.146 - - [22/Feb/2024:09:46:59 +0800] "GET /xingrg/check_reg.html?_=1708566419625 HTTP/1.1" 200 22
222.70.115.1 - - [22/Feb/2024:09:47:00 +0800] "POST /xingrg/dwr/call/plaincall/AjaxQqpsService.saveMaterielItem.dwr HTTP/1.1" 200 78
221.239.172.101 - - [22/Feb/2024:09:47:01 +0800] "GET /xingrg/all/function/internal_message.html?_=1708566420455&CODE_STATE=getMsg HTTP/1.1" 200 27
222.70.115.1 - - [22/Feb/2024:09:47:02 +0800] "GET /xingrg/all/function/internal_message.html?_=1708566428846&CODE_STATE=getMsg HTTP/1.1" 200 27
222.70.115.1 - - [22/Feb/2024:09:47:02 +0800] "POST /xingrg/dwr/call/plaincall/AjaxQqpsService.removeMaterielItem.dwr HTTP/1.1" 200 78
222.70.115.1 - - [22/Feb/2024:09:47:05 +0800] "POST /xingrg/dwr/call/plaincall/AjaxQqpsService.checkOrder.dwr HTTP/1.1" 200 78
116.228.172.94 - - [22/Feb/2024:09:47:12 +0800] "GET /xingrg/all/function/internal_message.html?_=1708566219118&CODE_STATE=getMsg HTTP/1.1" 200 27
116.224.254.208 - - [22/Feb/2024:09:47:16 +0800] "GET /xingrg/check_reg.html?_=1708566436700 HTTP/1.1" 200 22
116.224.254.208 - - [22/Feb/2024:09:47:16 +0800] "GET /xingrg/all/function/internal_message.html?_=1708566436703&CODE_STATE=getMsg HTTP/1.1" 200 27
116.232.194.112 - - [22/Feb/2024:09:47:23 +0800] "GET /xingrg/all/function/internal_message.html?_=1708566419713&CODE_STATE=getMsg HTTP/1.1" 200 27
101.83.145.37 - - [22/Feb/2024:09:47:28 +0800] "GET /xingrg/all/function/internal_message.html?_=1708566449962&CODE_STATE=getMsg HTTP/1.1" 200 27
222.70.115.1 - - [22/Feb/2024:09:47:29 +0800] "GET /xingrg/kc/mdqp/qqps_order_info.html?code=302024022200224 HTTP/1.1" 200 26563
222.70.115.1 - - [22/Feb/2024:09:47:29 +0800] "GET /xingrg/dwr/interface/AjaxComOrderService.js HTTP/1.1" 200 18264
222.70.115.1 - - [22/Feb/2024:09:47:29 +0800] "GET /xingrg/dwr/interface/AjaxQqpsService.js HTTP/1.1" 200 16326
222.70.115.1 - - [22/Feb/2024:09:47:29 +0800] "GET /xingrg/dwr/engine.js HTTP/1.1" 200 43631
222.70.115.1 - - [22/Feb/2024:09:47:30 +0800] "POST /xingrg/dwr/call/plaincall/AjaxQqpsService.loadMaterielItems.dwr HTTP/1.1" 200 623
222.70.115.1 - - [22/Feb/2024:09:47:31 +0800] "GET /xingrg/kc/mdqp/qqps_order_list.html?isBack=1 HTTP/1.1" 200 10445
222.70.115.1 - - [22/Feb/2024:09:47:31 +0800] "GET /xingrg/dwr/interface/AjaxQqpsService.js HTTP/1.1" 200 16326
222.70.115.1 - - [22/Feb/2024:09:47:31 +0800] "GET /xingrg/dwr/interface/AjaxReportQueryService.js HTTP/1.1" 200 13203
222.70.115.1 - - [22/Feb/2024:09:47:31 +0800] "GET /xingrg/dwr/engine.js HTTP/1.1" 200 43631
222.70.115.1 - - [22/Feb/2024:09:47:34 +0800] "GET /xingrg/kc/mdqp/qqps_order_info.html?code=302024022200223 HTTP/1.1" 200 28322
222.70.115.1 - - [22/Feb/2024:09:47:34 +0800] "GET /xingrg/dwr/interface/AjaxComOrderService.js HTTP/1.1" 200 18264
222.70.115.1 - - [22/Feb/2024:09:47:34 +0800] "GET /xingrg/dwr/interface/AjaxQqpsService.js HTTP/1.1" 200 16326
222.70.115.1 - - [22/Feb/2024:09:47:34 +0800] "GET /xingrg/dwr/engine.js HTTP/1.1" 200 43631
222.70.115.1 - - [22/Feb/2024:09:47:34 +0800] "POST /xingrg/dwr/call/plaincall/AjaxQqpsService.loadMaterielItems.dwr HTTP/1.1" 200 6419
58.40.7.146 - - [22/Feb/2024:09:47:37 +0800] "GET /xingrg/all/function/internal_message.html?_=1708566457349&CODE_STATE=getMsg HTTP/1.1" 200 27
180.169.147.146 - - [22/Feb/2024:09:47:43 +0800] "GET /xingrg/check_reg.html?_=1708566462941 HTTP/1.1" 302 -
218.79.28.144 - - [22/Feb/2024:09:47:43 +0800] "GET /xingrg/all/function/internal_message.html?_=1708566468267&CODE_STATE=getMsg HTTP/1.1" 200 27
124.78.67.200 - - [22/Feb/2024:09:47:47 +0800] "GET /xingrg/all/function/internal_message.html?_=1708566467972&CODE_STATE=getMsg HTTP/1.1" 200 27
180.164.1.25 - - [22/Feb/2024:09:47:48 +0800] "GET /xingrg/all/function/internal_message.html?_=1708566468064&CODE_STATE=getMsg HTTP/1.1" 200 27
116.230.123.222 - - [22/Feb/2024:09:47:57 +0800] "GET /xingrg/all/function/internal_message.html?_=1708566474575&CODE_STATE=getMsg HTTP/1.1" 200 27
116.230.123.222 - - [22/Feb/2024:09:47:57 +0800] "GET /xingrg/check_reg.html?_=1708566474700 HTTP/1.1" 200 22
116.232.194.112 - - [22/Feb/2024:09:47:58 +0800] "GET /xingrg/all/function/internal_message.html?_=1708566455270&CODE_STATE=getMsg HTTP/1.1" 200 27
58.40.7.146 - - [22/Feb/2024:09:47:59 +0800] "GET /xingrg/all/function/internal_message.html?_=1708566479627&CODE_STATE=getMsg HTTP/1.1" 200 27
221.239.172.101 - - [22/Feb/2024:09:48:01 +0800] "GET /xingrg/all/function/internal_message.html?_=1708566480444&CODE_STATE=getMsg HTTP/1.1" 200 27
222.70.115.1 - - [22/Feb/2024:09:48:02 +0800] "GET /xingrg/check_reg.html?_=1708566488820 HTTP/1.1" 200 22
222.70.115.1 - - [22/Feb/2024:09:48:02 +0800] "GET /xingrg/all/function/internal_message.html?_=1708566488825&CODE_STATE=getMsg HTTP/1.1" 200 27
116.228.172.94 - - [22/Feb/2024:09:48:12 +0800] "GET /xingrg/all/function/internal_message.html?_=1708566279112&CODE_STATE=getMsg HTTP/1.1" 200 27
116.224.254.208 - - [22/Feb/2024:09:48:16 +0800] "GET /xingrg/all/function/internal_message.html?_=1708566496711&CODE_STATE=getMsg HTTP/1.1" 200 27
116.224.254.208 - - [22/Feb/2024:09:48:19 +0800] "GET /xingrg/kc/buy/cgsh_order_list.html HTTP/1.1" 200 57696
116.224.254.208 - - [22/Feb/2024:09:48:22 +0800] "POST /xingrg/kc/buy/cgsh_list_operate.html HTTP/1.1" 200 1882
116.232.194.112 - - [22/Feb/2024:09:48:23 +0800] "GET /xingrg/all/function/internal_message.html?_=1708566479712&CODE_STATE=getMsg HTTP/1.1" 200 27
116.224.254.208 - - [22/Feb/2024:09:48:25 +0800] "POST /xingrg/kc/buy/cgsh_list_operate.html HTTP/1.1" 200 559
116.224.254.208 - - [22/Feb/2024:09:48:26 +0800] "GET /xingrg/kc/buy/cgsh_order_info.html?code=212024022205751 HTTP/1.1" 200 73086
116.224.254.208 - - [22/Feb/2024:09:48:26 +0800] "GET /xingrg/javascript/easyui/themes/default/validatebox.css HTTP/1.1" 404 1104
116.224.254.208 - - [22/Feb/2024:09:48:27 +0800] "POST /xingrg/kc/buy/cgsh_order_operate.html HTTP/1.1" 200 7436
101.83.145.37 - - [22/Feb/2024:09:48:28 +0800] "GET /xingrg/all/function/internal_message.html?_=1708566509931&CODE_STATE=getMsg HTTP/1.1" 200 27
58.40.7.146 - - [22/Feb/2024:09:48:37 +0800] "GET /xingrg/all/function/internal_message.html?_=1708566517352&CODE_STATE=getMsg HTTP/1.1" 200 27
218.79.28.144 - - [22/Feb/2024:09:48:43 +0800] "GET /xingrg/all/function/internal_message.html?_=1708566528273&CODE_STATE=getMsg HTTP/1.1" 200 27
124.78.67.200 - - [22/Feb/2024:09:48:47 +0800] "GET /xingrg/all/function/internal_message.html?_=1708566527984&CODE_STATE=getMsg HTTP/1.1" 200 27
124.78.67.200 - - [22/Feb/2024:09:48:47 +0800] "GET /xingrg/check_reg.html?_=1708566527988 HTTP/1.1" 200 22
180.164.1.25 - - [22/Feb/2024:09:48:48 +0800] "GET /xingrg/all/function/internal_message.html?_=1708566528057&CODE_STATE=getMsg HTTP/1.1" 200 27
116.224.254.208 - - [22/Feb/2024:09:48:54 +0800] "POST /xingrg/kc/buy/cgsh_order_operate.html HTTP/1.1" 200 37
116.230.123.222 - - [22/Feb/2024:09:48:56 +0800] "GET /xingrg/all/function/internal_message.html?_=1708566534559&CODE_STATE=getMsg HTTP/1.1" 200 27
116.232.194.112 - - [22/Feb/2024:09:48:58 +0800] "GET /xingrg/all/function/internal_message.html?_=1708566515278&CODE_STATE=getMsg HTTP/1.1" 200 27
58.40.7.146 - - [22/Feb/2024:09:48:59 +0800] "GET /xingrg/all/function/internal_message.html?_=1708566539627&CODE_STATE=getMsg HTTP/1.1" 200 27
221.239.172.101 - - [22/Feb/2024:09:49:01 +0800] "GET /xingrg/all/function/internal_message.html?_=1708566540458&CODE_STATE=getMsg HTTP/1.1" 200 27
221.239.172.101 - - [22/Feb/2024:09:49:01 +0800] "GET /xingrg/check_reg.html?_=1708566540461 HTTP/1.1" 200 22
222.70.115.1 - - [22/Feb/2024:09:49:02 +0800] "GET /xingrg/all/function/internal_message.html?_=1708566548824&CODE_STATE=getMsg HTTP/1.1" 200 27
116.228.172.94 - - [22/Feb/2024:09:49:12 +0800] "GET /xingrg/all/function/internal_message.html?_=1708566339102&CODE_STATE=getMsg HTTP/1.1" 200 27
116.224.254.208 - - [22/Feb/2024:09:49:16 +0800] "GET /xingrg/all/function/internal_message.html?_=1708566556708&CODE_STATE=getMsg HTTP/1.1" 200 27
116.224.254.208 - - [22/Feb/2024:09:49:17 +0800] "POST /xingrg/kc/buy/cgsh_order_operate.html HTTP/1.1" 200 12
116.224.254.208 - - [22/Feb/2024:09:49:20 +0800] "GET /xingrg/kc/buy/cgsh_order_info.html?code=212024022205751 HTTP/1.1" 200 67986
116.224.254.208 - - [22/Feb/2024:09:49:20 +0800] "GET /xingrg/javascript/easyui/themes/default/validatebox.css HTTP/1.1" 404 1104
116.224.254.208 - - [22/Feb/2024:09:49:22 +0800] "POST /xingrg/kc/buy/cgsh_order_operate.html HTTP/1.1" 200 5381
116.232.194.112 - - [22/Feb/2024:09:49:23 +0800] "GET /xingrg/all/function/internal_message.html?_=1708566539702&CODE_STATE=getMsg HTTP/1.1" 200 27
116.224.254.208 - - [22/Feb/2024:09:49:24 +0800] "GET /xingrg/kc/print/load_data.html?order_code=212024022205751&kc_code=cgsh&condition= HTTP/1.1" 200 2584
101.83.145.37 - - [22/Feb/2024:09:49:28 +0800] "GET /xingrg/all/function/internal_message.html?_=1708566569901&CODE_STATE=getMsg HTTP/1.1" 200 27
58.40.7.146 - - [22/Feb/2024:09:49:37 +0800] "GET /xingrg/check_reg.html?_=1708566577356 HTTP/1.1" 200 22
58.40.7.146 - - [22/Feb/2024:09:49:37 +0800] "GET /xingrg/all/function/internal_message.html?_=1708566577358&CODE_STATE=getMsg HTTP/1.1" 200 27
