116.230.123.222 - - [22/Feb/2024:11:22:26 +0800] "GET /xingrg/check_reg.html?_=1708572145611 HTTP/1.1" 200 22
116.230.123.222 - - [22/Feb/2024:11:22:26 +0800] "GET /xingrg/all/function/internal_message.html?_=1708572145615&CODE_STATE=getMsg HTTP/1.1" 200 27
101.83.145.37 - - [22/Feb/2024:11:22:26 +0800] "GET /xingrg/all/function/internal_message.html?_=1708572147715&CODE_STATE=getMsg HTTP/1.1" 200 27
116.224.254.208 - - [22/Feb/2024:11:22:37 +0800] "GET /xingrg/check_reg.html?_=1708572157798 HTTP/1.1" 200 22
222.70.115.1 - - [22/Feb/2024:11:22:37 +0800] "GET /xingrg/all/function/internal_message.html?_=1708572163941&CODE_STATE=getMsg HTTP/1.1" 200 27
58.40.7.146 - - [22/Feb/2024:11:22:37 +0800] "GET /xingrg/all/function/internal_message.html?_=1708572157422&CODE_STATE=getMsg HTTP/1.1" 200 27
116.224.254.208 - - [22/Feb/2024:11:22:37 +0800] "GET /xingrg/all/function/internal_message.html?_=1708572158047&CODE_STATE=getMsg HTTP/1.1" 200 27
180.169.147.146 - - [22/Feb/2024:11:22:43 +0800] "GET /xingrg/check_reg.html?_=1708572162673 HTTP/1.1" 302 -
218.79.28.144 - - [22/Feb/2024:11:22:43 +0800] "GET /xingrg/all/function/internal_message.html?_=1708572168321&CODE_STATE=getMsg HTTP/1.1" 200 27
61.170.234.204 - - [22/Feb/2024:11:22:44 +0800] "GET /xingrg/kc/buy/cgsh_order_operate.html?command=get_materiel&rest_code=00106&code=00101008223&supplier_code=00100007&order_time=2024-02-22 HTTP/1.1" 200 412
61.170.234.204 - - [22/Feb/2024:11:22:46 +0800] "POST /xingrg/kc/buy/cgsh_order_operate.html HTTP/1.1" 200 2065
124.78.67.200 - - [22/Feb/2024:11:22:47 +0800] "GET /xingrg/all/function/internal_message.html?_=1708572167930&CODE_STATE=getMsg HTTP/1.1" 200 27
180.164.1.25 - - [22/Feb/2024:11:22:48 +0800] "GET /xingrg/all/function/internal_message.html?_=1708572168056&CODE_STATE=getMsg HTTP/1.1" 200 27
61.170.234.204 - - [22/Feb/2024:11:22:55 +0800] "GET /xingrg/all/function/internal_message.html?_=1708572180178&CODE_STATE=getMsg HTTP/1.1" 200 27
180.163.30.85 - - [22/Feb/2024:11:22:55 +0800] "GET /xingrg/all/function/internal_message.html?_=1708572120190&CODE_STATE=getMsg HTTP/1.1" 302 -
116.230.123.222 - - [22/Feb/2024:11:22:55 +0800] "GET /xingrg/all/function/internal_message.html?_=1708572172971&CODE_STATE=getMsg HTTP/1.1" 200 27
180.163.30.85 - - [22/Feb/2024:11:22:56 +0800] "GET /xingrg/login.html HTTP/1.1" 200 7641
116.230.123.222 - - [22/Feb/2024:11:22:56 +0800] "GET /xingrg/check_reg.html?_=1708572174440 HTTP/1.1" 200 22
116.232.194.112 - - [22/Feb/2024:11:22:58 +0800] "GET /xingrg/all/function/internal_message.html?_=1708572155276&CODE_STATE=getMsg HTTP/1.1" 200 27
58.40.7.146 - - [22/Feb/2024:11:22:59 +0800] "GET /xingrg/all/function/internal_message.html?_=1708572179654&CODE_STATE=getMsg HTTP/1.1" 200 27
61.170.234.204 - - [22/Feb/2024:11:22:59 +0800] "GET /xingrg/kc/buy/cgsh_order_operate.html?command=get_materiel&rest_code=00106&code=00101008286&supplier_code=00100007&order_time=2024-02-22 HTTP/1.1" 200 408
221.239.172.101 - - [22/Feb/2024:11:23:01 +0800] "GET /xingrg/all/function/internal_message.html?_=1708572180569&CODE_STATE=getMsg HTTP/1.1" 200 27
180.169.147.146 - - [22/Feb/2024:11:23:03 +0800] "GET /xingrg/all/function/internal_message.html?_=1708572183663&CODE_STATE=getMsg HTTP/1.1" 200 27
116.238.97.31 - - [22/Feb/2024:11:23:04 +0800] "GET /xingrg/check_reg.html?_=1708572185020 HTTP/1.1" 200 22
180.163.28.114 - - [22/Feb/2024:11:23:08 +0800] "GET /xingrg/kc/buy/cgsh_order_operate.html?command=get_materiel&rest_code=00106&code=00101008403&supplier_code=00100007&order_time=2024-02-22 HTTP/1.1" 302 -
180.163.28.114 - - [22/Feb/2024:11:23:10 +0800] "GET /xingrg/login.html HTTP/1.1" 200 7641
116.228.172.94 - - [22/Feb/2024:11:23:12 +0800] "GET /xingrg/all/function/internal_message.html?_=1708571979105&CODE_STATE=getMsg HTTP/1.1" 200 27
116.232.194.112 - - [22/Feb/2024:11:23:21 +0800] "GET /xingrg/all/function/internal_message.html?_=1708572177938&CODE_STATE=getMsg HTTP/1.1" 200 27
61.170.234.204 - - [22/Feb/2024:11:23:23 +0800] "POST /xingrg/kc/buy/cgsh_order_operate.html HTTP/1.1" 200 37
116.230.123.222 - - [22/Feb/2024:11:23:26 +0800] "GET /xingrg/all/function/internal_message.html?_=1708572205611&CODE_STATE=getMsg HTTP/1.1" 200 27
101.83.145.37 - - [22/Feb/2024:11:23:26 +0800] "GET /xingrg/all/function/internal_message.html?_=1708572207694&CODE_STATE=getMsg HTTP/1.1" 200 27
222.70.115.1 - - [22/Feb/2024:11:23:37 +0800] "GET /xingrg/all/function/internal_message.html?_=1708572223943&CODE_STATE=getMsg HTTP/1.1" 200 27
58.40.7.146 - - [22/Feb/2024:11:23:37 +0800] "GET /xingrg/all/function/internal_message.html?_=1708572217426&CODE_STATE=getMsg HTTP/1.1" 200 27
116.224.254.208 - - [22/Feb/2024:11:23:37 +0800] "GET /xingrg/all/function/internal_message.html?_=1708572218021&CODE_STATE=getMsg HTTP/1.1" 200 27
218.79.28.144 - - [22/Feb/2024:11:23:43 +0800] "GET /xingrg/all/function/internal_message.html?_=1708572228322&CODE_STATE=getMsg HTTP/1.1" 200 27
124.78.67.200 - - [22/Feb/2024:11:23:47 +0800] "GET /xingrg/all/function/internal_message.html?_=1708572227929&CODE_STATE=getMsg HTTP/1.1" 200 27
124.78.67.200 - - [22/Feb/2024:11:23:47 +0800] "GET /xingrg/check_reg.html?_=1708572227933 HTTP/1.1" 200 22
180.164.1.25 - - [22/Feb/2024:11:23:48 +0800] "GET /xingrg/all/function/internal_message.html?_=1708572228073&CODE_STATE=getMsg HTTP/1.1" 200 27
180.163.29.103 - - [22/Feb/2024:11:23:55 +0800] "GET /xingrg/all/function/internal_message.html?_=1708572180178&CODE_STATE=getMsg HTTP/1.1" 302 -
116.230.123.222 - - [22/Feb/2024:11:23:55 +0800] "GET /xingrg/all/function/internal_message.html?_=1708572232942&CODE_STATE=getMsg HTTP/1.1" 200 27
180.163.29.234 - - [22/Feb/2024:11:23:56 +0800] "GET /xingrg/kc/buy/cgsh_order_operate.html?command=get_materiel&rest_code=00106&code=00101008286&supplier_code=00100007&order_time=2024-02-22 HTTP/1.1" 302 -
180.163.29.234 - - [22/Feb/2024:11:23:56 +0800] "GET /xingrg/login.html HTTP/1.1" 200 7641
180.163.29.103 - - [22/Feb/2024:11:23:57 +0800] "GET /xingrg/login.html HTTP/1.1" 200 7641
116.232.194.112 - - [22/Feb/2024:11:23:58 +0800] "GET /xingrg/all/function/internal_message.html?_=1708572215292&CODE_STATE=getMsg HTTP/1.1" 200 27
58.40.7.146 - - [22/Feb/2024:11:23:59 +0800] "GET /xingrg/all/function/internal_message.html?_=1708572239656&CODE_STATE=getMsg HTTP/1.1" 200 27
221.239.172.101 - - [22/Feb/2024:11:24:01 +0800] "GET /xingrg/check_reg.html?_=1708572240572 HTTP/1.1" 200 22
221.239.172.101 - - [22/Feb/2024:11:24:01 +0800] "GET /xingrg/all/function/internal_message.html?_=1708572240570&CODE_STATE=getMsg HTTP/1.1" 200 27
180.169.147.146 - - [22/Feb/2024:11:24:03 +0800] "GET /xingrg/check_reg.html?_=1708572243665 HTTP/1.1" 200 22
180.169.147.146 - - [22/Feb/2024:11:24:03 +0800] "GET /xingrg/all/function/internal_message.html?_=1708572243669&CODE_STATE=getMsg HTTP/1.1" 200 27
116.228.172.94 - - [22/Feb/2024:11:24:12 +0800] "GET /xingrg/all/function/internal_message.html?_=1708572039112&CODE_STATE=getMsg HTTP/1.1" 200 27
116.232.194.112 - - [22/Feb/2024:11:24:21 +0800] "GET /xingrg/all/function/internal_message.html?_=1708572237936&CODE_STATE=getMsg HTTP/1.1" 200 27
116.230.123.222 - - [22/Feb/2024:11:24:26 +0800] "GET /xingrg/all/function/internal_message.html?_=1708572265627&CODE_STATE=getMsg HTTP/1.1" 200 27
101.83.145.37 - - [22/Feb/2024:11:24:26 +0800] "GET /xingrg/all/function/internal_message.html?_=1708572267671&CODE_STATE=getMsg HTTP/1.1" 200 27
222.70.115.1 - - [22/Feb/2024:11:24:37 +0800] "GET /xingrg/all/function/internal_message.html?_=1708572283945&CODE_STATE=getMsg HTTP/1.1" 200 27
58.40.7.146 - - [22/Feb/2024:11:24:37 +0800] "GET /xingrg/check_reg.html?_=1708572277414 HTTP/1.1" 200 22
58.40.7.146 - - [22/Feb/2024:11:24:37 +0800] "GET /xingrg/all/function/internal_message.html?_=1708572277417&CODE_STATE=getMsg HTTP/1.1" 200 27
116.224.254.208 - - [22/Feb/2024:11:24:37 +0800] "GET /xingrg/all/function/internal_message.html?_=1708572278018&CODE_STATE=getMsg HTTP/1.1" 200 27
218.79.28.144 - - [22/Feb/2024:11:24:43 +0800] "GET /xingrg/all/function/internal_message.html?_=1708572288326&CODE_STATE=getMsg HTTP/1.1" 200 27
124.78.67.200 - - [22/Feb/2024:11:24:47 +0800] "GET /xingrg/all/function/internal_message.html?_=1708572287933&CODE_STATE=getMsg HTTP/1.1" 200 27
180.164.1.25 - - [22/Feb/2024:11:24:48 +0800] "GET /xingrg/check_reg.html?_=1708572288075 HTTP/1.1" 200 22
180.164.1.25 - - [22/Feb/2024:11:24:48 +0800] "GET /xingrg/all/function/internal_message.html?_=1708572288078&CODE_STATE=getMsg HTTP/1.1" 200 27
116.230.123.222 - - [22/Feb/2024:11:24:55 +0800] "GET /xingrg/all/function/internal_message.html?_=1708572292926&CODE_STATE=getMsg HTTP/1.1" 200 27
116.232.194.112 - - [22/Feb/2024:11:24:58 +0800] "GET /xingrg/check_reg.html?_=1708572275287 HTTP/1.1" 200 22
116.232.194.112 - - [22/Feb/2024:11:24:58 +0800] "GET /xingrg/all/function/internal_message.html?_=1708572275289&CODE_STATE=getMsg HTTP/1.1" 200 27
58.40.7.146 - - [22/Feb/2024:11:24:59 +0800] "GET /xingrg/all/function/internal_message.html?_=1708572299658&CODE_STATE=getMsg HTTP/1.1" 200 27
221.239.172.101 - - [22/Feb/2024:11:25:01 +0800] "GET /xingrg/all/function/internal_message.html?_=1708572300576&CODE_STATE=getMsg HTTP/1.1" 200 27
180.169.147.146 - - [22/Feb/2024:11:25:03 +0800] "GET /xingrg/all/function/internal_message.html?_=1708572303664&CODE_STATE=getMsg HTTP/1.1" 200 27
116.228.172.94 - - [22/Feb/2024:11:25:12 +0800] "GET /xingrg/all/function/internal_message.html?_=1708572099112&CODE_STATE=getMsg HTTP/1.1" 200 27
116.228.172.94 - - [22/Feb/2024:11:25:12 +0800] "GET /xingrg/check_reg.html?_=1708572099114 HTTP/1.1" 200 22
116.232.194.112 - - [22/Feb/2024:11:25:21 +0800] "GET /xingrg/all/function/internal_message.html?_=1708572297907&CODE_STATE=getMsg HTTP/1.1" 200 27
116.230.123.222 - - [22/Feb/2024:11:25:26 +0800] "GET /xingrg/all/function/internal_message.html?_=1708572325615&CODE_STATE=getMsg HTTP/1.1" 200 27
101.83.145.37 - - [22/Feb/2024:11:25:26 +0800] "GET /xingrg/all/function/internal_message.html?_=1708572327639&CODE_STATE=getMsg HTTP/1.1" 200 27
101.83.145.37 - - [22/Feb/2024:11:25:29 +0800] "GET /xingrg/check_reg.html?_=1708572330648 HTTP/1.1" 200 22
61.170.234.204 - - [22/Feb/2024:11:25:32 +0800] "POST /xingrg/kc/buy/cgsh_order_operate.html HTTP/1.1" 200 23943
222.70.115.1 - - [22/Feb/2024:11:25:37 +0800] "GET /xingrg/all/function/internal_message.html?_=1708572343948&CODE_STATE=getMsg HTTP/1.1" 200 27
58.40.7.146 - - [22/Feb/2024:11:25:37 +0800] "GET /xingrg/all/function/internal_message.html?_=1708572337421&CODE_STATE=getMsg HTTP/1.1" 200 27
116.224.254.208 - - [22/Feb/2024:11:25:37 +0800] "GET /xingrg/all/function/internal_message.html?_=1708572337994&CODE_STATE=getMsg HTTP/1.1" 200 27
61.170.234.204 - - [22/Feb/2024:11:25:43 +0800] "GET /xingrg/check_reg.html?_=1708572348404 HTTP/1.1" 200 22
218.79.28.144 - - [22/Feb/2024:11:25:43 +0800] "GET /xingrg/all/function/internal_message.html?_=1708572348326&CODE_STATE=getMsg HTTP/1.1" 200 27
218.79.28.144 - - [22/Feb/2024:11:25:43 +0800] "GET /xingrg/check_reg.html?_=1708572348329 HTTP/1.1" 200 22
124.78.67.200 - - [22/Feb/2024:11:25:47 +0800] "GET /xingrg/all/function/internal_message.html?_=1708572347923&CODE_STATE=getMsg HTTP/1.1" 200 27
180.164.1.25 - - [22/Feb/2024:11:25:48 +0800] "GET /xingrg/all/function/internal_message.html?_=1708572348075&CODE_STATE=getMsg HTTP/1.1" 200 27
61.170.234.204 - - [22/Feb/2024:11:25:55 +0800] "GET /xingrg/all/function/internal_message.html?_=1708572360193&CODE_STATE=getMsg HTTP/1.1" 200 27
116.230.123.222 - - [22/Feb/2024:11:25:55 +0800] "GET /xingrg/all/function/internal_message.html?_=1708572352911&CODE_STATE=getMsg HTTP/1.1" 200 27
116.232.194.112 - - [22/Feb/2024:11:25:58 +0800] "GET /xingrg/all/function/internal_message.html?_=1708572335273&CODE_STATE=getMsg HTTP/1.1" 200 27
58.40.7.146 - - [22/Feb/2024:11:25:59 +0800] "GET /xingrg/all/function/internal_message.html?_=1708572359661&CODE_STATE=getMsg HTTP/1.1" 200 27
221.239.172.101 - - [22/Feb/2024:11:26:01 +0800] "GET /xingrg/all/function/internal_message.html?_=1708572360569&CODE_STATE=getMsg HTTP/1.1" 200 27
180.169.147.146 - - [22/Feb/2024:11:26:03 +0800] "GET /xingrg/all/function/internal_message.html?_=1708572363664&CODE_STATE=getMsg HTTP/1.1" 200 27
61.170.234.204 - - [22/Feb/2024:11:26:10 +0800] "GET /xingrg/kc/buy/cgsh_order_operate.html?command=get_materiel&rest_code=00106&code=00101008041&supplier_code=00100007&order_time=2024-02-22 HTTP/1.1" 200 408
116.228.172.94 - - [22/Feb/2024:11:26:12 +0800] "GET /xingrg/all/function/internal_message.html?_=1708572159111&CODE_STATE=getMsg HTTP/1.1" 200 27
101.83.145.37 - - [22/Feb/2024:11:26:15 +0800] "GET /xingrg/kc/buy/cgsh_order_add.html HTTP/1.1" 200 73549
101.83.145.37 - - [22/Feb/2024:11:26:15 +0800] "POST /xingrg/kc/buy/cgsh_order_operate.html HTTP/1.1" 200 8245
101.83.145.37 - - [22/Feb/2024:11:26:15 +0800] "GET /xingrg/javascript/easyui/themes/default/validatebox.css HTTP/1.1" 404 1104
116.232.194.112 - - [22/Feb/2024:11:26:21 +0800] "GET /xingrg/all/function/internal_message.html?_=1708572357876&CODE_STATE=getMsg HTTP/1.1" 200 27
116.230.123.222 - - [22/Feb/2024:11:26:26 +0800] "GET /xingrg/all/function/internal_message.html?_=1708572385618&CODE_STATE=getMsg HTTP/1.1" 200 27
101.83.145.37 - - [22/Feb/2024:11:26:26 +0800] "GET /xingrg/all/function/internal_message.html?_=1708572387628&CODE_STATE=getMsg HTTP/1.1" 200 27
61.170.234.204 - - [22/Feb/2024:11:26:35 +0800] "GET /xingrg/kc/buy/cgsh_order_operate.html?command=get_materiel&rest_code=00106&code=00101008150&supplier_code=00100007&order_time=2024-02-22 HTTP/1.1" 200 409
222.70.115.1 - - [22/Feb/2024:11:26:37 +0800] "GET /xingrg/all/function/internal_message.html?_=1708572403950&CODE_STATE=getMsg HTTP/1.1" 200 27
222.70.115.1 - - [22/Feb/2024:11:26:37 +0800] "GET /xingrg/check_reg.html?_=1708572403951 HTTP/1.1" 200 22
58.40.7.146 - - [22/Feb/2024:11:26:37 +0800] "GET /xingrg/all/function/internal_message.html?_=1708572397423&CODE_STATE=getMsg HTTP/1.1" 200 27
116.224.254.208 - - [22/Feb/2024:11:26:37 +0800] "GET /xingrg/all/function/internal_message.html?_=1708572397978&CODE_STATE=getMsg HTTP/1.1" 200 27
116.232.194.112 - - [22/Feb/2024:11:26:39 +0800] "GET /xingrg/check_reg.html?_=1708572376168 HTTP/1.1" 200 22
180.163.28.180 - - [22/Feb/2024:11:26:43 +0800] "GET /xingrg/check_reg.html?_=1708572348404 HTTP/1.1" 302 -
218.79.28.144 - - [22/Feb/2024:11:26:43 +0800] "GET /xingrg/all/function/internal_message.html?_=1708572408332&CODE_STATE=getMsg HTTP/1.1" 200 27
180.163.28.180 - - [22/Feb/2024:11:26:44 +0800] "GET /xingrg/login.html HTTP/1.1" 200 7641
61.170.234.204 - - [22/Feb/2024:11:26:47 +0800] "GET /xingrg/kc/buy/cgsh_order_operate.html?command=get_materiel&rest_code=00106&code=00101008061&supplier_code=00100007&order_time=2024-02-22 HTTP/1.1" 200 422
124.78.67.200 - - [22/Feb/2024:11:26:47 +0800] "GET /xingrg/all/function/internal_message.html?_=1708572407929&CODE_STATE=getMsg HTTP/1.1" 200 27
180.164.1.25 - - [22/Feb/2024:11:26:48 +0800] "GET /xingrg/all/function/internal_message.html?_=1708572408069&CODE_STATE=getMsg HTTP/1.1" 200 27
61.170.234.204 - - [22/Feb/2024:11:26:49 +0800] "POST /xingrg/kc/buy/cgsh_order_operate.html HTTP/1.1" 200 2065
61.170.234.204 - - [22/Feb/2024:11:26:55 +0800] "GET /xingrg/all/function/internal_message.html?_=1708572420177&CODE_STATE=getMsg HTTP/1.1" 200 27
116.230.123.222 - - [22/Feb/2024:11:26:55 +0800] "GET /xingrg/all/function/internal_message.html?_=1708572412896&CODE_STATE=getMsg HTTP/1.1" 200 27
116.232.194.112 - - [22/Feb/2024:11:26:58 +0800] "GET /xingrg/all/function/internal_message.html?_=1708572395277&CODE_STATE=getMsg HTTP/1.1" 200 27
61.170.234.204 - - [22/Feb/2024:11:26:59 +0800] "POST /xingrg/kc/buy/cgsh_order_operate.html HTTP/1.1" 200 37
58.40.7.146 - - [22/Feb/2024:11:26:59 +0800] "GET /xingrg/all/function/internal_message.html?_=1708572419664&CODE_STATE=getMsg HTTP/1.1" 200 27
58.40.7.146 - - [22/Feb/2024:11:26:59 +0800] "GET /xingrg/check_reg.html?_=1708572419667 HTTP/1.1" 200 22
221.239.172.101 - - [22/Feb/2024:11:27:01 +0800] "GET /xingrg/all/function/internal_message.html?_=1708572420567&CODE_STATE=getMsg HTTP/1.1" 200 27
180.169.147.146 - - [22/Feb/2024:11:27:03 +0800] "GET /xingrg/all/function/internal_message.html?_=1708572423655&CODE_STATE=getMsg HTTP/1.1" 200 27
61.170.234.204 - - [22/Feb/2024:11:27:04 +0800] "POST /xingrg/kc/buy/cgsh_order_operate.html HTTP/1.1" 200 26318
180.163.29.212 - - [22/Feb/2024:11:27:07 +0800] "GET /xingrg/kc/buy/cgsh_order_operate.html?command=get_materiel&rest_code=00106&code=00101008041&supplier_code=00100007&order_time=2024-02-22 HTTP/1.1" 302 -
180.163.29.212 - - [22/Feb/2024:11:27:07 +0800] "GET /xingrg/login.html HTTP/1.1" 200 7641
116.228.172.94 - - [22/Feb/2024:11:27:12 +0800] "GET /xingrg/all/function/internal_message.html?_=1708572219107&CODE_STATE=getMsg HTTP/1.1" 200 27
116.232.194.112 - - [22/Feb/2024:11:27:21 +0800] "GET /xingrg/all/function/internal_message.html?_=1708572417861&CODE_STATE=getMsg HTTP/1.1" 200 27
222.70.241.57 - - [22/Feb/2024:11:27:23 +0800] "GET /xingrg/check_reg.html?_=1708572457605 HTTP/1.1" 200 22
116.230.123.222 - - [22/Feb/2024:11:27:26 +0800] "GET /xingrg/check_reg.html?_=1708572445612 HTTP/1.1" 200 22
116.230.123.222 - - [22/Feb/2024:11:27:26 +0800] "GET /xingrg/all/function/internal_message.html?_=1708572445612&CODE_STATE=getMsg HTTP/1.1" 200 27
101.83.145.37 - - [22/Feb/2024:11:27:26 +0800] "GET /xingrg/all/function/internal_message.html?_=1708572447608&CODE_STATE=getMsg HTTP/1.1" 200 27
61.170.234.204 - - [22/Feb/2024:11:27:32 +0800] "GET /xingrg/kc/print/load_data.html?order_code=212024022205784&kc_code=cgsh HTTP/1.1" 200 9674
116.224.254.208 - - [22/Feb/2024:11:27:37 +0800] "GET /xingrg/check_reg.html?_=1708572457807 HTTP/1.1" 200 22
222.70.115.1 - - [22/Feb/2024:11:27:37 +0800] "GET /xingrg/all/function/internal_message.html?_=1708572463952&CODE_STATE=getMsg HTTP/1.1" 200 27
58.40.7.146 - - [22/Feb/2024:11:27:37 +0800] "GET /xingrg/all/function/internal_message.html?_=1708572457427&CODE_STATE=getMsg HTTP/1.1" 200 27
116.224.254.208 - - [22/Feb/2024:11:27:37 +0800] "GET /xingrg/all/function/internal_message.html?_=1708572457964&CODE_STATE=getMsg HTTP/1.1" 200 27
101.83.145.37 - - [22/Feb/2024:11:27:41 +0800] "POST /xingrg/kc/buy/cgsh_list_operate.html HTTP/1.1" 200 6179
180.169.147.146 - - [22/Feb/2024:11:27:42 +0800] "GET /xingrg/check_reg.html?_=1708572462659 HTTP/1.1" 302 -
218.79.28.144 - - [22/Feb/2024:11:27:43 +0800] "GET /xingrg/all/function/internal_message.html?_=1708572468333&CODE_STATE=getMsg HTTP/1.1" 200 27
101.83.145.37 - - [22/Feb/2024:11:27:47 +0800] "POST /xingrg/kc/buy/cgsh_list_operate.html HTTP/1.1" 200 199
124.78.67.200 - - [22/Feb/2024:11:27:47 +0800] "GET /xingrg/all/function/internal_message.html?_=1708572467922&CODE_STATE=getMsg HTTP/1.1" 200 27
180.164.1.25 - - [22/Feb/2024:11:27:48 +0800] "GET /xingrg/all/function/internal_message.html?_=1708572468064&CODE_STATE=getMsg HTTP/1.1" 200 27
116.230.123.222 - - [22/Feb/2024:11:27:55 +0800] "GET /xingrg/all/function/internal_message.html?_=1708572472881&CODE_STATE=getMsg HTTP/1.1" 200 27
116.230.123.222 - - [22/Feb/2024:11:27:56 +0800] "GET /xingrg/check_reg.html?_=1708572474413 HTTP/1.1" 200 22
61.170.234.204 - - [22/Feb/2024:11:27:58 +0800] "GET /xingrg/all/function/internal_message.html?_=1708572483336&CODE_STATE=getMsg HTTP/1.1" 200 27
116.232.194.112 - - [22/Feb/2024:11:27:58 +0800] "GET /xingrg/all/function/internal_message.html?_=1708572455275&CODE_STATE=getMsg HTTP/1.1" 200 27
58.40.7.146 - - [22/Feb/2024:11:27:59 +0800] "GET /xingrg/all/function/internal_message.html?_=1708572479667&CODE_STATE=getMsg HTTP/1.1" 200 27
221.239.172.101 - - [22/Feb/2024:11:28:01 +0800] "GET /xingrg/all/function/internal_message.html?_=1708572480580&CODE_STATE=getMsg HTTP/1.1" 200 27
101.83.145.37 - - [22/Feb/2024:11:28:01 +0800] "POST /xingrg/kc/buy/cgsh_list_operate.html HTTP/1.1" 200 200
180.169.147.146 - - [22/Feb/2024:11:28:03 +0800] "GET /xingrg/all/function/internal_message.html?_=1708572483665&CODE_STATE=getMsg HTTP/1.1" 200 27
116.238.97.31 - - [22/Feb/2024:11:28:04 +0800] "GET /xingrg/check_reg.html?_=1708572485014 HTTP/1.1" 200 22
101.83.145.37 - - [22/Feb/2024:11:28:06 +0800] "GET /xingrg/kc/buy/cgsh_order_add.html HTTP/1.1" 200 73549
101.83.145.37 - - [22/Feb/2024:11:28:06 +0800] "POST /xingrg/kc/buy/cgsh_order_operate.html HTTP/1.1" 200 8245
101.83.145.37 - - [22/Feb/2024:11:28:06 +0800] "GET /xingrg/javascript/easyui/themes/default/validatebox.css HTTP/1.1" 404 1104
116.228.172.94 - - [22/Feb/2024:11:28:12 +0800] "GET /xingrg/all/function/internal_message.html?_=1708572279124&CODE_STATE=getMsg HTTP/1.1" 200 27
101.83.145.37 - - [22/Feb/2024:11:28:19 +0800] "GET /xingrg/kc/buy/cgsh_order_operate.html?command=get_materiel&rest_code=00105&code=00101003035&supplier_code=00100497&order_time=2024-02-22 HTTP/1.1" 200 413
116.232.194.112 - - [22/Feb/2024:11:28:21 +0800] "GET /xingrg/all/function/internal_message.html?_=1708572477841&CODE_STATE=getMsg HTTP/1.1" 200 27
124.79.245.19 - - [22/Feb/2024:11:28:25 +0800] "GET /xingrg/login.html HTTP/1.1" 200 7641
124.79.245.19 - - [22/Feb/2024:11:28:25 +0800] "GET /favicon.ico HTTP/1.1" 404 -
116.230.123.222 - - [22/Feb/2024:11:28:26 +0800] "GET /xingrg/all/function/internal_message.html?_=1708572505615&CODE_STATE=getMsg HTTP/1.1" 200 27
101.83.145.37 - - [22/Feb/2024:11:28:26 +0800] "GET /xingrg/all/function/internal_message.html?_=1708572507589&CODE_STATE=getMsg HTTP/1.1" 200 27
180.163.29.79 - - [22/Feb/2024:11:28:31 +0800] "GET /xingrg/kc/print/load_data.html?order_code=212024022205784&kc_code=cgsh HTTP/1.1" 302 -
180.163.29.79 - - [22/Feb/2024:11:28:33 +0800] "GET /xingrg/login.html HTTP/1.1" 200 7641
101.83.145.37 - - [22/Feb/2024:11:28:36 +0800] "POST /xingrg/kc/buy/cgsh_order_operate.html HTTP/1.1" 200 37
124.79.245.19 - - [22/Feb/2024:11:28:36 +0800] "POST /xingrg/login.do HTTP/1.1" 302 -
124.79.245.19 - - [22/Feb/2024:11:28:36 +0800] "GET /xingrg/index.html?sysBaseUrl=http%3A%2F%2F180.169.147.146%3A18081%2Fxingrg%2F&costTime=1015×tamp=1708572516768 HTTP/1.1" 200 17179
124.79.245.19 - - [22/Feb/2024:11:28:37 +0800] "GET /favicon.ico HTTP/1.1" 404 -
124.79.245.19 - - [22/Feb/2024:11:28:37 +0800] "GET /xingrg/check_reg.html?_=1708572527209 HTTP/1.1" 200 22
222.70.115.1 - - [22/Feb/2024:11:28:37 +0800] "GET /xingrg/all/function/internal_message.html?_=1708572523955&CODE_STATE=getMsg HTTP/1.1" 200 27
124.79.245.19 - - [22/Feb/2024:11:28:37 +0800] "GET /xingrg/all/function/internal_message.html?_=1708572527208&CODE_STATE=count HTTP/1.1" 200 11
124.79.245.19 - - [22/Feb/2024:11:28:37 +0800] "POST /xingrg/all/common/load_tree.html?tree=area_rest_tree_json&manage=1 HTTP/1.1" 200 351
124.79.245.19 - - [22/Feb/2024:11:28:37 +0800] "POST /xingrg/load_menu.html HTTP/1.1" 200 5138
58.40.7.146 - - [22/Feb/2024:11:28:37 +0800] "GET /xingrg/all/function/internal_message.html?_=1708572517430&CODE_STATE=getMsg HTTP/1.1" 200 27
116.224.254.208 - - [22/Feb/2024:11:28:37 +0800] "GET /xingrg/all/function/internal_message.html?_=1708572517944&CODE_STATE=getMsg HTTP/1.1" 200 27
101.83.145.37 - - [22/Feb/2024:11:28:39 +0800] "POST /xingrg/kc/buy/cgsh_order_operate.html HTTP/1.1" 200 2660
101.83.145.37 - - [22/Feb/2024:11:28:41 +0800] "GET /xingrg/kc/print/load_data.html?order_code=212024022205795&kc_code=cgsh&condition= HTTP/1.1" 200 671
218.79.28.144 - - [22/Feb/2024:11:28:43 +0800] "GET /xingrg/all/function/internal_message.html?_=1708572528333&CODE_STATE=getMsg HTTP/1.1" 200 27
124.78.67.200 - - [22/Feb/2024:11:28:47 +0800] "GET /xingrg/all/function/internal_message.html?_=1708572527915&CODE_STATE=getMsg HTTP/1.1" 200 27
124.78.67.200 - - [22/Feb/2024:11:28:47 +0800] "GET /xingrg/check_reg.html?_=1708572527918 HTTP/1.1" 200 22
180.164.1.25 - - [22/Feb/2024:11:28:48 +0800] "GET /xingrg/all/function/internal_message.html?_=1708572528067&CODE_STATE=getMsg HTTP/1.1" 200 27
116.230.123.222 - - [22/Feb/2024:11:28:55 +0800] "GET /xingrg/all/function/internal_message.html?_=1708572532853&CODE_STATE=getMsg HTTP/1.1" 200 27
180.163.28.143 - - [22/Feb/2024:11:28:58 +0800] "GET /xingrg/all/function/internal_message.html?_=1708572483336&CODE_STATE=getMsg HTTP/1.1" 302 -
61.170.234.204 - - [22/Feb/2024:11:28:58 +0800] "GET /xingrg/all/function/internal_message.html?_=1708572543317&CODE_STATE=getMsg HTTP/1.1" 200 27
180.163.28.143 - - [22/Feb/2024:11:28:58 +0800] "GET /xingrg/login.html HTTP/1.1" 200 7641
101.83.145.37 - - [22/Feb/2024:11:28:58 +0800] "GET /xingrg/kc/base/wldb_order_list.html HTTP/1.1" 200 19013
116.232.194.112 - - [22/Feb/2024:11:28:58 +0800] "GET /xingrg/all/function/internal_message.html?_=1708572515285&CODE_STATE=getMsg HTTP/1.1" 200 27
101.83.145.37 - - [22/Feb/2024:11:28:59 +0800] "POST /xingrg/kc/base/wldb_list_operate.html HTTP/1.1" 200 2158
58.40.7.146 - - [22/Feb/2024:11:28:59 +0800] "GET /xingrg/all/function/internal_message.html?_=1708572539669&CODE_STATE=getMsg HTTP/1.1" 200 27
101.83.145.37 - - [22/Feb/2024:11:29:00 +0800] "GET /xingrg/kc/base/wldb_order_add.html HTTP/1.1" 200 30344
101.83.145.37 - - [22/Feb/2024:11:29:00 +0800] "GET /xingrg/javascript/easyui/themes/default/validatebox.css HTTP/1.1" 404 1104
101.83.145.37 - - [22/Feb/2024:11:29:00 +0800] "POST /xingrg/kc/base/wldb_order_operate.html HTTP/1.1" 200 6806
221.239.172.101 - - [22/Feb/2024:11:29:01 +0800] "GET /xingrg/check_reg.html?_=1708572540580 HTTP/1.1" 200 22
221.239.172.101 - - [22/Feb/2024:11:29:01 +0800] "GET /xingrg/all/function/internal_message.html?_=1708572540583&CODE_STATE=getMsg HTTP/1.1" 200 27
101.83.145.37 - - [22/Feb/2024:11:29:01 +0800] "POST /xingrg/all/common/load_combo.html?type=base HTTP/1.1" 200 3409
180.169.147.146 - - [22/Feb/2024:11:29:03 +0800] "GET /xingrg/check_reg.html?_=1708572543663 HTTP/1.1" 200 22
180.169.147.146 - - [22/Feb/2024:11:29:03 +0800] "GET /xingrg/all/function/internal_message.html?_=1708572543667&CODE_STATE=getMsg HTTP/1.1" 200 27
116.228.172.94 - - [22/Feb/2024:11:29:12 +0800] "GET /xingrg/all/function/internal_message.html?_=1708572339117&CODE_STATE=getMsg HTTP/1.1" 200 27
116.232.194.112 - - [22/Feb/2024:11:29:21 +0800] "GET /xingrg/all/function/internal_message.html?_=1708572537822&CODE_STATE=getMsg HTTP/1.1" 200 27
116.230.123.222 - - [22/Feb/2024:11:29:26 +0800] "GET /xingrg/all/function/internal_message.html?_=1708572565616&CODE_STATE=getMsg HTTP/1.1" 200 27
101.83.145.37 - - [22/Feb/2024:11:29:26 +0800] "GET /xingrg/all/function/internal_message.html?_=1708572567589&CODE_STATE=getMsg HTTP/1.1" 200 27
222.70.115.1 - - [22/Feb/2024:11:29:37 +0800] "GET /xingrg/all/function/internal_message.html?_=1708572583957&CODE_STATE=getMsg HTTP/1.1" 200 27
124.79.245.19 - - [22/Feb/2024:11:29:37 +0800] "GET /xingrg/all/function/internal_message.html?_=1708572587222&CODE_STATE=getMsg HTTP/1.1" 200 27
58.40.7.146 - - [22/Feb/2024:11:29:37 +0800] "GET /xingrg/check_reg.html?_=1708572577418 HTTP/1.1" 200 22
116.224.254.208 - - [22/Feb/2024:11:29:37 +0800] "GET /xingrg/all/function/internal_message.html?_=1708572577932&CODE_STATE=getMsg HTTP/1.1" 200 27
58.40.7.146 - - [22/Feb/2024:11:29:37 +0800] "GET /xingrg/all/function/internal_message.html?_=1708572577419&CODE_STATE=getMsg HTTP/1.1" 200 27
218.79.28.144 - - [22/Feb/2024:11:29:43 +0800] "GET /xingrg/all/function/internal_message.html?_=1708572588334&CODE_STATE=getMsg HTTP/1.1" 200 27
124.78.67.200 - - [22/Feb/2024:11:29:47 +0800] "GET /xingrg/all/function/internal_message.html?_=1708572587930&CODE_STATE=getMsg HTTP/1.1" 200 27
180.164.1.25 - - [22/Feb/2024:11:29:48 +0800] "GET /xingrg/all/function/internal_message.html?_=1708572588058&CODE_STATE=getMsg HTTP/1.1" 200 27
180.164.1.25 - - [22/Feb/2024:11:29:48 +0800] "GET /xingrg/check_reg.html?_=1708572588060 HTTP/1.1" 200 22
116.230.123.222 - - [22/Feb/2024:11:29:55 +0800] "GET /xingrg/all/function/internal_message.html?_=1708572592839&CODE_STATE=getMsg HTTP/1.1" 200 27
180.163.30.100 - - [22/Feb/2024:11:29:58 +0800] "GET /xingrg/all/function/internal_message.html?_=1708572543317&CODE_STATE=getMsg HTTP/1.1" 302 -
61.170.234.204 - - [22/Feb/2024:11:29:58 +0800] "GET /xingrg/all/function/internal_message.html?_=1708572603300&CODE_STATE=getMsg HTTP/1.1" 200 27
116.232.194.112 - - [22/Feb/2024:11:29:58 +0800] "GET /xingrg/all/function/internal_message.html?_=1708572575272&CODE_STATE=getMsg HTTP/1.1" 200 27
116.232.194.112 - - [22/Feb/2024:11:29:58 +0800] "GET /xingrg/check_reg.html?_=1708572575285 HTTP/1.1" 200 22
180.163.30.100 - - [22/Feb/2024:11:29:58 +0800] "GET /xingrg/login.html HTTP/1.1" 200 7641
58.40.7.146 - - [22/Feb/2024:11:29:59 +0800] "GET /xingrg/all/function/internal_message.html?_=1708572599655&CODE_STATE=getMsg HTTP/1.1" 200 27
221.239.172.101 - - [22/Feb/2024:11:30:01 +0800] "GET /xingrg/all/function/internal_message.html?_=1708572600577&CODE_STATE=getMsg HTTP/1.1" 200 27
180.169.147.146 - - [22/Feb/2024:11:30:03 +0800] "GET /xingrg/all/function/internal_message.html?_=1708572603669&CODE_STATE=getMsg HTTP/1.1" 200 27
116.228.172.94 - - [22/Feb/2024:11:30:12 +0800] "GET /xingrg/check_reg.html?_=1708572399105 HTTP/1.1" 200 22
116.228.172.94 - - [22/Feb/2024:11:30:12 +0800] "GET /xingrg/all/function/internal_message.html?_=1708572399107&CODE_STATE=getMsg HTTP/1.1" 200 27
116.232.194.112 - - [22/Feb/2024:11:30:21 +0800] "GET /xingrg/all/function/internal_message.html?_=1708572597799&CODE_STATE=getMsg HTTP/1.1" 200 27
101.83.145.37 - - [22/Feb/2024:11:30:24 +0800] "GET /xingrg/kc/base/wldb_order_operate.html?command=get_materiel&rest_code=00105&base_code=0010507&code=00101019373 HTTP/1.1" 200 466
116.230.123.222 - - [22/Feb/2024:11:30:26 +0800] "GET /xingrg/all/function/internal_message.html?_=1708572625616&CODE_STATE=getMsg HTTP/1.1" 200 27
101.83.145.37 - - [22/Feb/2024:11:30:26 +0800] "GET /xingrg/all/function/internal_message.html?_=1708572627535&CODE_STATE=getMsg HTTP/1.1" 200 27
101.83.145.37 - - [22/Feb/2024:11:30:29 +0800] "GET /xingrg/check_reg.html?_=1708572630653 HTTP/1.1" 200 22
101.83.145.37 - - [22/Feb/2024:11:30:31 +0800] "GET /xingrg/kc/base/wldb_order_operate.html?command=get_materiel&rest_code=00105&base_code=0010507&code=00101019374 HTTP/1.1" 200 467
101.83.145.37 - - [22/Feb/2024:11:30:36 +0800] "POST /xingrg/kc/base/wldb_order_operate.html HTTP/1.1" 200 37
124.79.245.19 - - [22/Feb/2024:11:30:37 +0800] "GET /xingrg/all/function/internal_message.html?_=1708572647221&CODE_STATE=getMsg HTTP/1.1" 200 27
222.70.115.1 - - [22/Feb/2024:11:30:37 +0800] "GET /xingrg/all/function/internal_message.html?_=1708572643960&CODE_STATE=getMsg HTTP/1.1" 200 27
116.224.254.208 - - [22/Feb/2024:11:30:37 +0800] "GET /xingrg/all/function/internal_message.html?_=1708572637913&CODE_STATE=getMsg HTTP/1.1" 200 27
58.40.7.146 - - [22/Feb/2024:11:30:37 +0800] "GET /xingrg/all/function/internal_message.html?_=1708572637423&CODE_STATE=getMsg HTTP/1.1" 200 27
101.83.145.37 - - [22/Feb/2024:11:30:37 +0800] "POST /xingrg/kc/base/wldb_order_operate.html HTTP/1.1" 200 2706
101.83.145.37 - - [22/Feb/2024:11:30:40 +0800] "GET /xingrg/kc/base/wldb_order_info.html?code=422024022201723 HTTP/1.1" 200 30355
101.83.145.37 - - [22/Feb/2024:11:30:40 +0800] "GET /xingrg/javascript/easyui/themes/default/validatebox.css HTTP/1.1" 404 1104
101.83.145.37 - - [22/Feb/2024:11:30:41 +0800] "POST /xingrg/kc/base/wldb_order_operate.html HTTP/1.1" 200 2706
61.170.234.204 - - [22/Feb/2024:11:30:43 +0800] "GET /xingrg/check_reg.html?_=1708572648389 HTTP/1.1" 200 22
218.79.28.144 - - [22/Feb/2024:11:30:43 +0800] "GET /xingrg/check_reg.html?_=1708572648338 HTTP/1.1" 200 22
218.79.28.144 - - [22/Feb/2024:11:30:43 +0800] "GET /xingrg/all/function/internal_message.html?_=1708572648342&CODE_STATE=getMsg HTTP/1.1" 200 27
124.78.67.200 - - [22/Feb/2024:11:30:47 +0800] "GET /xingrg/all/function/internal_message.html?_=1708572647934&CODE_STATE=getMsg HTTP/1.1" 200 27
180.164.1.25 - - [22/Feb/2024:11:30:48 +0800] "GET /xingrg/all/function/internal_message.html?_=1708572648069&CODE_STATE=getMsg HTTP/1.1" 200 27
101.83.145.37 - - [22/Feb/2024:11:30:48 +0800] "GET /xingrg/kc/base/wldb_order_add.html HTTP/1.1" 200 30344
101.83.145.37 - - [22/Feb/2024:11:30:48 +0800] "GET /xingrg/javascript/easyui/themes/default/validatebox.css HTTP/1.1" 404 1104
101.83.145.37 - - [22/Feb/2024:11:30:48 +0800] "POST /xingrg/kc/base/wldb_order_operate.html HTTP/1.1" 200 6806
101.83.145.37 - - [22/Feb/2024:11:30:51 +0800] "POST /xingrg/all/common/load_combo.html?type=base HTTP/1.1" 200 3409
116.230.123.222 - - [22/Feb/2024:11:30:55 +0800] "GET /xingrg/all/function/internal_message.html?_=1708572652825&CODE_STATE=getMsg HTTP/1.1" 200 27
120.253.135.82 - - [22/Feb/2024:11:30:56 +0800] "GET /xingrg/kc/pszx/mdqp_order_list.html?state=10 HTTP/1.1" 200 11164
120.253.135.82 - - [22/Feb/2024:11:30:56 +0800] "GET /xingrg/dwr/interface/AjaxQqpsService.js HTTP/1.1" 200 16326
120.253.135.82 - - [22/Feb/2024:11:30:56 +0800] "GET /xingrg/dwr/interface/AjaxReportQueryService.js HTTP/1.1" 200 13203
120.253.135.82 - - [22/Feb/2024:11:30:56 +0800] "GET /xingrg/dwr/engine.js HTTP/1.1" 200 43631
180.163.29.234 - - [22/Feb/2024:11:30:58 +0800] "GET /xingrg/all/function/internal_message.html?_=1708572603300&CODE_STATE=getMsg HTTP/1.1" 302 -
180.163.29.234 - - [22/Feb/2024:11:30:58 +0800] "GET /xingrg/login.html HTTP/1.1" 200 7641
61.170.234.204 - - [22/Feb/2024:11:30:58 +0800] "GET /xingrg/all/function/internal_message.html?_=1708572663288&CODE_STATE=getMsg HTTP/1.1" 200 27
116.232.194.112 - - [22/Feb/2024:11:30:58 +0800] "GET /xingrg/all/function/internal_message.html?_=1708572635278&CODE_STATE=getMsg HTTP/1.1" 200 27
58.40.7.146 - - [22/Feb/2024:11:30:59 +0800] "GET /xingrg/all/function/internal_message.html?_=1708572659658&CODE_STATE=getMsg HTTP/1.1" 200 27
221.239.172.101 - - [22/Feb/2024:11:31:01 +0800] "GET /xingrg/all/function/internal_message.html?_=1708572660580&CODE_STATE=getMsg HTTP/1.1" 200 27
120.253.135.82 - - [22/Feb/2024:11:31:01 +0800] "GET /xingrg/kc/pszx/mdqp_order_info.html?code=302024022200223 HTTP/1.1" 200 13350
120.253.135.82 - - [22/Feb/2024:11:31:01 +0800] "GET /xingrg/dwr/interface/AjaxComOrderService.js HTTP/1.1" 200 18264
120.253.135.82 - - [22/Feb/2024:11:31:01 +0800] "GET /xingrg/dwr/interface/AjaxQqpsService.js HTTP/1.1" 200 16326
120.253.135.82 - - [22/Feb/2024:11:31:01 +0800] "GET /xingrg/dwr/engine.js HTTP/1.1" 200 43631
120.253.135.82 - - [22/Feb/2024:11:31:02 +0800] "POST /xingrg/dwr/call/plaincall/AjaxQqpsService.loadMaterielItems.dwr HTTP/1.1" 200 6380
180.169.147.146 - - [22/Feb/2024:11:31:03 +0800] "GET /xingrg/all/function/internal_message.html?_=1708572663672&CODE_STATE=getMsg HTTP/1.1" 200 27
101.83.145.37 - - [22/Feb/2024:11:31:04 +0800] "GET /xingrg/kc/base/wldb_order_operate.html?command=get_materiel&rest_code=00105&base_code=0010508&code=00102002082 HTTP/1.1" 200 454
120.253.135.82 - - [22/Feb/2024:11:31:08 +0800] "GET /xingrg/images/yd/bt.gif HTTP/1.1" 404 1040
120.253.135.82 - - [22/Feb/2024:11:31:08 +0800] "GET /xingrg/images/yd/bt2.gif HTTP/1.1" 404 1042
116.228.172.94 - - [22/Feb/2024:11:31:12 +0800] "GET /xingrg/all/function/internal_message.html?_=1708572459110&CODE_STATE=getMsg HTTP/1.1" 200 27
101.83.145.37 - - [22/Feb/2024:11:31:13 +0800] "GET /xingrg/kc/base/wldb_order_operate.html?command=get_materiel&rest_code=00105&base_code=0010508&code=00102002258 HTTP/1.1" 200 448
116.232.194.112 - - [22/Feb/2024:11:31:21 +0800] "GET /xingrg/all/function/internal_message.html?_=1708572657783&CODE_STATE=getMsg HTTP/1.1" 200 27
116.230.123.222 - - [22/Feb/2024:11:31:26 +0800] "GET /xingrg/all/function/internal_message.html?_=1708572685610&CODE_STATE=getMsg HTTP/1.1" 200 27
101.83.145.37 - - [22/Feb/2024:11:31:26 +0800] "GET /xingrg/all/function/internal_message.html?_=1708572687530&CODE_STATE=getMsg HTTP/1.1" 200 27
116.232.194.112 - - [22/Feb/2024:11:31:28 +0800] "GET /xingrg/kc/buy/buy_main.html HTTP/1.1" 200 12412
116.232.194.112 - - [22/Feb/2024:11:31:28 +0800] "GET /xingrg/css/new_ie.css HTTP/1.1" 404 1036
120.253.135.82 - - [22/Feb/2024:11:31:28 +0800] "GET /xingrg/kc/pszx/mdqp_order_list.html?isBack=1 HTTP/1.1" 302 -
120.253.135.82 - - [22/Feb/2024:11:31:29 +0800] "GET /xingrg/kc/pszx/mdqp_order_list.html?state=10 HTTP/1.1" 200 11164
120.253.135.82 - - [22/Feb/2024:11:31:29 +0800] "GET /xingrg/dwr/interface/AjaxQqpsService.js HTTP/1.1" 200 16326
120.253.135.82 - - [22/Feb/2024:11:31:29 +0800] "GET /xingrg/dwr/engine.js HTTP/1.1" 200 43631
120.253.135.82 - - [22/Feb/2024:11:31:29 +0800] "GET /xingrg/dwr/interface/AjaxReportQueryService.js HTTP/1.1" 200 13203
116.232.194.112 - - [22/Feb/2024:11:31:29 +0800] "GET /xingrg/kc/mdqp/qp_main.html HTTP/1.1" 200 10633
116.232.194.112 - - [22/Feb/2024:11:31:30 +0800] "GET /xingrg/kc/base/base_main.html HTTP/1.1" 200 12142
116.232.194.112 - - [22/Feb/2024:11:31:33 +0800] "GET /xingrg/kc/mdqp/pssh_order_list.html HTTP/1.1" 200 17891
116.232.194.112 - - [22/Feb/2024:11:31:34 +0800] "POST /xingrg/kc/mdqp/pssh_list_operate.html HTTP/1.1" 200 9113
116.232.194.112 - - [22/Feb/2024:11:31:36 +0800] "POST /xingrg/kc/mdqp/pssh_list_operate.html HTTP/1.1" 200 551
222.70.115.1 - - [22/Feb/2024:11:31:37 +0800] "GET /xingrg/all/function/internal_message.html?_=1708572703962&CODE_STATE=getMsg HTTP/1.1" 200 27
222.70.115.1 - - [22/Feb/2024:11:31:37 +0800] "GET /xingrg/check_reg.html?_=1708572703963 HTTP/1.1" 200 22
116.224.254.208 - - [22/Feb/2024:11:31:37 +0800] "GET /xingrg/all/function/internal_message.html?_=1708572697889&CODE_STATE=getMsg HTTP/1.1" 200 27
58.40.7.146 - - [22/Feb/2024:11:31:37 +0800] "GET /xingrg/all/function/internal_message.html?_=1708572697426&CODE_STATE=getMsg HTTP/1.1" 200 27
124.79.245.19 - - [22/Feb/2024:11:31:37 +0800] "GET /xingrg/all/function/internal_message.html?_=1708572707220&CODE_STATE=getMsg HTTP/1.1" 200 27
116.232.194.112 - - [22/Feb/2024:11:31:39 +0800] "GET /xingrg/check_reg.html?_=1708572676177 HTTP/1.1" 200 22
116.232.194.112 - - [22/Feb/2024:11:31:39 +0800] "POST /xingrg/kc/mdqp/pssh_list_operate.html HTTP/1.1" 200 766
116.232.194.112 - - [22/Feb/2024:11:31:42 +0800] "POST /xingrg/kc/mdqp/pssh_list_operate.html HTTP/1.1" 200 374
180.163.29.212 - - [22/Feb/2024:11:31:43 +0800] "GET /xingrg/check_reg.html?_=1708572648389 HTTP/1.1" 302 -
218.79.28.144 - - [22/Feb/2024:11:31:43 +0800] "GET /xingrg/all/function/internal_message.html?_=1708572708328&CODE_STATE=getMsg HTTP/1.1" 200 27
180.163.29.212 - - [22/Feb/2024:11:31:43 +0800] "GET /xingrg/login.html HTTP/1.1" 200 7641
116.232.194.112 - - [22/Feb/2024:11:31:46 +0800] "POST /xingrg/kc/mdqp/pssh_list_operate.html HTTP/1.1" 200 694
124.78.67.200 - - [22/Feb/2024:11:31:47 +0800] "GET /xingrg/all/function/internal_message.html?_=1708572707923&CODE_STATE=getMsg HTTP/1.1" 200 27
180.164.1.25 - - [22/Feb/2024:11:31:48 +0800] "GET /xingrg/all/function/internal_message.html?_=1708572708066&CODE_STATE=getMsg HTTP/1.1" 200 27
116.232.194.112 - - [22/Feb/2024:11:31:52 +0800] "POST /xingrg/kc/mdqp/pssh_list_operate.html HTTP/1.1" 200 453
116.232.194.112 - - [22/Feb/2024:11:31:54 +0800] "POST /xingrg/kc/mdqp/pssh_list_operate.html HTTP/1.1" 200 815
116.230.123.222 - - [22/Feb/2024:11:31:55 +0800] "GET /xingrg/all/function/internal_message.html?_=1708572712809&CODE_STATE=getMsg HTTP/1.1" 200 27
61.170.234.204 - - [22/Feb/2024:11:31:58 +0800] "GET /xingrg/all/function/internal_message.html?_=1708572723274&CODE_STATE=getMsg HTTP/1.1" 200 27
116.232.194.112 - - [22/Feb/2024:11:31:58 +0800] "GET /xingrg/all/function/internal_message.html?_=1708572695271&CODE_STATE=getMsg HTTP/1.1" 200 27
58.40.7.146 - - [22/Feb/2024:11:31:59 +0800] "GET /xingrg/all/function/internal_message.html?_=1708572719658&CODE_STATE=getMsg HTTP/1.1" 200 27
58.40.7.146 - - [22/Feb/2024:11:31:59 +0800] "GET /xingrg/check_reg.html?_=1708572719660 HTTP/1.1" 200 22
221.239.172.101 - - [22/Feb/2024:11:32:01 +0800] "GET /xingrg/all/function/internal_message.html?_=1708572720585&CODE_STATE=getMsg HTTP/1.1" 200 27
116.232.194.112 - - [22/Feb/2024:11:32:03 +0800] "GET /xingrg/kc/buy/buy_main.html HTTP/1.1" 200 12412
116.232.194.112 - - [22/Feb/2024:11:32:03 +0800] "GET /xingrg/css/new_ie.css HTTP/1.1" 404 1036
180.169.147.146 - - [22/Feb/2024:11:32:03 +0800] "GET /xingrg/all/function/internal_message.html?_=1708572723670&CODE_STATE=getMsg HTTP/1.1" 200 27
116.232.194.112 - - [22/Feb/2024:11:32:04 +0800] "GET /xingrg/images/yd/bt.gif HTTP/1.1" 404 1040
116.232.194.112 - - [22/Feb/2024:11:32:05 +0800] "GET /xingrg/kc/buy/cgsh_order_list.html HTTP/1.1" 200 57698
116.228.172.94 - - [22/Feb/2024:11:32:12 +0800] "GET /xingrg/all/function/internal_message.html?_=1708572519127&CODE_STATE=getMsg HTTP/1.1" 200 27
116.232.194.112 - - [22/Feb/2024:11:32:21 +0800] "GET /xingrg/all/function/internal_message.html?_=1708572717764&CODE_STATE=getMsg HTTP/1.1" 200 27
222.70.241.57 - - [22/Feb/2024:11:32:23 +0800] "GET /xingrg/check_reg.html?_=1708572757611 HTTP/1.1" 200 22
116.230.123.222 - - [22/Feb/2024:11:32:26 +0800] "GET /xingrg/all/function/internal_message.html?_=1708572745622&CODE_STATE=getMsg HTTP/1.1" 200 27
116.230.123.222 - - [22/Feb/2024:11:32:26 +0800] "GET /xingrg/check_reg.html?_=1708572745628 HTTP/1.1" 200 22
101.83.145.37 - - [22/Feb/2024:11:32:26 +0800] "GET /xingrg/all/function/internal_message.html?_=1708572747492&CODE_STATE=getMsg HTTP/1.1" 200 27
116.224.254.208 - - [22/Feb/2024:11:32:37 +0800] "GET /xingrg/check_reg.html?_=1708572757797 HTTP/1.1" 200 22
222.70.115.1 - - [22/Feb/2024:11:32:37 +0800] "GET /xingrg/all/function/internal_message.html?_=1708572763965&CODE_STATE=getMsg HTTP/1.1" 200 27
116.224.254.208 - - [22/Feb/2024:11:32:37 +0800] "GET /xingrg/all/function/internal_message.html?_=1708572757861&CODE_STATE=getMsg HTTP/1.1" 200 27
124.79.245.19 - - [22/Feb/2024:11:32:37 +0800] "GET /xingrg/all/function/internal_message.html?_=1708572767222&CODE_STATE=getMsg HTTP/1.1" 200 27
58.40.7.146 - - [22/Feb/2024:11:32:37 +0800] "GET /xingrg/all/function/internal_message.html?_=1708572757430&CODE_STATE=getMsg HTTP/1.1" 200 27
180.169.147.146 - - [22/Feb/2024:11:32:42 +0800] "GET /xingrg/check_reg.html?_=1708572762649 HTTP/1.1" 302 -
218.79.28.144 - - [22/Feb/2024:11:32:43 +0800] "GET /xingrg/all/function/internal_message.html?_=1708572768330&CODE_STATE=getMsg HTTP/1.1" 200 27
124.78.67.200 - - [22/Feb/2024:11:32:47 +0800] "GET /xingrg/all/function/internal_message.html?_=1708572767912&CODE_STATE=getMsg HTTP/1.1" 200 27
180.164.1.25 - - [22/Feb/2024:11:32:48 +0800] "GET /xingrg/all/function/internal_message.html?_=1708572768063&CODE_STATE=getMsg HTTP/1.1" 200 27
116.230.123.222 - - [22/Feb/2024:11:32:55 +0800] "GET /xingrg/all/function/internal_message.html?_=1708572772821&CODE_STATE=getMsg HTTP/1.1" 200 27
116.230.123.222 - - [22/Feb/2024:11:32:56 +0800] "GET /xingrg/check_reg.html?_=1708572774415 HTTP/1.1" 200 22
180.163.30.100 - - [22/Feb/2024:11:32:58 +0800] "GET /xingrg/all/function/internal_message.html?_=1708572723274&CODE_STATE=getMsg HTTP/1.1" 302 -
61.170.234.204 - - [22/Feb/2024:11:32:58 +0800] "GET /xingrg/all/function/internal_message.html?_=1708572783257&CODE_STATE=getMsg HTTP/1.1" 200 27
180.163.30.100 - - [22/Feb/2024:11:32:58 +0800] "GET /xingrg/login.html HTTP/1.1" 200 7641
116.232.194.112 - - [22/Feb/2024:11:32:58 +0800] "GET /xingrg/all/function/internal_message.html?_=1708572755291&CODE_STATE=getMsg HTTP/1.1" 200 27
58.40.7.146 - - [22/Feb/2024:11:32:59 +0800] "GET /xingrg/all/function/internal_message.html?_=1708572779662&CODE_STATE=getMsg HTTP/1.1" 200 27
221.239.172.101 - - [22/Feb/2024:11:33:01 +0800] "GET /xingrg/all/function/internal_message.html?_=1708572780588&CODE_STATE=getMsg HTTP/1.1" 200 27
180.169.147.146 - - [22/Feb/2024:11:33:03 +0800] "GET /xingrg/all/function/internal_message.html?_=1708572783675&CODE_STATE=getMsg HTTP/1.1" 200 27
116.232.194.112 - - [22/Feb/2024:11:33:04 +0800] "POST /xingrg/kc/buy/cgsh_list_operate.html HTTP/1.1" 200 10315
116.238.97.31 - - [22/Feb/2024:11:33:04 +0800] "GET /xingrg/check_reg.html?_=1708572785001 HTTP/1.1" 200 22
101.83.145.37 - - [22/Feb/2024:11:33:06 +0800] "GET /xingrg/kc/base/wldb_order_operate.html?command=get_materiel&rest_code=00105&base_code=0010508&code=00102002439 HTTP/1.1" 200 472
101.83.145.37 - - [22/Feb/2024:11:33:12 +0800] "POST /xingrg/kc/base/wldb_order_operate.html HTTP/1.1" 200 37
116.228.172.94 - - [22/Feb/2024:11:33:12 +0800] "GET /xingrg/all/function/internal_message.html?_=1708572579107&CODE_STATE=getMsg HTTP/1.1" 200 27
101.83.145.37 - - [22/Feb/2024:11:33:12 +0800] "POST /xingrg/kc/base/wldb_order_operate.html HTTP/1.1" 200 3184
101.83.145.37 - - [22/Feb/2024:11:33:15 +0800] "GET /xingrg/kc/base/wldb_order_info.html?code=422024022201724 HTTP/1.1" 200 30357
101.83.145.37 - - [22/Feb/2024:11:33:15 +0800] "GET /xingrg/javascript/easyui/themes/default/validatebox.css HTTP/1.1" 404 1104
101.83.145.37 - - [22/Feb/2024:11:33:16 +0800] "POST /xingrg/kc/base/wldb_order_operate.html HTTP/1.1" 200 3184
101.83.145.37 - - [22/Feb/2024:11:33:20 +0800] "GET /xingrg/kc/base/wldb_order_add.html HTTP/1.1" 200 30344
101.83.145.37 - - [22/Feb/2024:11:33:20 +0800] "POST /xingrg/kc/base/wldb_order_operate.html HTTP/1.1" 200 6806
101.83.145.37 - - [22/Feb/2024:11:33:20 +0800] "GET /xingrg/javascript/easyui/themes/default/validatebox.css HTTP/1.1" 404 1104
116.232.194.112 - - [22/Feb/2024:11:33:21 +0800] "GET /xingrg/all/function/internal_message.html?_=1708572777748&CODE_STATE=getMsg HTTP/1.1" 200 27
101.83.145.37 - - [22/Feb/2024:11:33:21 +0800] "POST /xingrg/all/common/load_combo.html?type=base HTTP/1.1" 200 3409
116.230.123.222 - - [22/Feb/2024:11:33:26 +0800] "GET /xingrg/all/function/internal_message.html?_=1708572805624&CODE_STATE=getMsg HTTP/1.1" 200 27
101.83.145.37 - - [22/Feb/2024:11:33:26 +0800] "GET /xingrg/all/function/internal_message.html?_=1708572807464&CODE_STATE=getMsg HTTP/1.1" 200 27
101.83.145.37 - - [22/Feb/2024:11:33:30 +0800] "GET /xingrg/kc/base/wldb_order_operate.html?command=get_materiel&rest_code=00105&base_code=0010507&code=00101013003 HTTP/1.1" 200 430
120.253.135.82 - - [22/Feb/2024:11:33:36 +0800] "GET /xingrg/kc/buy/cgsh_order_list.html HTTP/1.1" 200 57692
116.224.254.208 - - [22/Feb/2024:11:33:37 +0800] "GET /xingrg/all/function/internal_message.html?_=1708572817840&CODE_STATE=getMsg HTTP/1.1" 200 27
222.70.115.1 - - [22/Feb/2024:11:33:37 +0800] "GET /xingrg/all/function/internal_message.html?_=1708572823967&CODE_STATE=getMsg HTTP/1.1" 200 27
124.79.245.19 - - [22/Feb/2024:11:33:37 +0800] "GET /xingrg/check_reg.html?_=1708572827210 HTTP/1.1" 200 22
124.79.245.19 - - [22/Feb/2024:11:33:37 +0800] "GET /xingrg/all/function/internal_message.html?_=1708572827210&CODE_STATE=getMsg HTTP/1.1" 200 27
58.40.7.146 - - [22/Feb/2024:11:33:37 +0800] "GET /xingrg/all/function/internal_message.html?_=1708572817433&CODE_STATE=getMsg HTTP/1.1" 200 27
101.83.145.37 - - [22/Feb/2024:11:33:38 +0800] "GET /xingrg/kc/base/wldb_order_operate.html?command=get_materiel&rest_code=00105&base_code=0010507&code=00101013182 HTTP/1.1" 200 430
120.253.135.82 - - [22/Feb/2024:11:33:38 +0800] "POST /xingrg/kc/buy/cgsh_list_operate.html HTTP/1.1" 200 986
120.253.135.82 - - [22/Feb/2024:11:33:41 +0800] "GET /xingrg/kc/buy/cgsh_order_add.html HTTP/1.1" 200 72531
120.253.135.82 - - [22/Feb/2024:11:33:41 +0800] "GET /xingrg/javascript/easyui/themes/icons/template_new.png HTTP/1.1" 304 -
120.253.135.82 - - [22/Feb/2024:11:33:41 +0800] "POST /xingrg/kc/buy/cgsh_order_operate.html HTTP/1.1" 200 8245
120.253.135.82 - - [22/Feb/2024:11:33:41 +0800] "GET /xingrg/all/common/auto_word.html?type=employee&rest_code=00101 HTTP/1.1" 200 973
120.253.135.82 - - [22/Feb/2024:11:33:41 +0800] "GET /xingrg/all/common/auto_word.html?type=employee&rest_code=00101 HTTP/1.1" 200 973
120.253.135.82 - - [22/Feb/2024:11:33:41 +0800] "GET /xingrg/javascript/easyui/themes/default/validatebox.css HTTP/1.1" 404 1104
218.79.28.144 - - [22/Feb/2024:11:33:43 +0800] "GET /xingrg/all/function/internal_message.html?_=1708572828332&CODE_STATE=getMsg HTTP/1.1" 200 27
101.83.145.37 - - [22/Feb/2024:11:33:47 +0800] "GET /xingrg/kc/base/wldb_order_operate.html?command=get_materiel&rest_code=00105&base_code=0010507&code=00101013081 HTTP/1.1" 200 430
124.78.67.200 - - [22/Feb/2024:11:33:47 +0800] "GET /xingrg/all/function/internal_message.html?_=1708572827930&CODE_STATE=getMsg HTTP/1.1" 200 27
124.78.67.200 - - [22/Feb/2024:11:33:47 +0800] "GET /xingrg/check_reg.html?_=1708572827935 HTTP/1.1" 200 22
180.164.1.25 - - [22/Feb/2024:11:33:48 +0800] "GET /xingrg/all/function/internal_message.html?_=1708572828070&CODE_STATE=getMsg HTTP/1.1" 200 27
120.253.135.82 - - [22/Feb/2024:11:33:52 +0800] "POST /xingrg/all/common/load_combo.html?type=employee HTTP/1.1" 200 1749
116.230.123.222 - - [22/Feb/2024:11:33:55 +0800] "GET /xingrg/all/function/internal_message.html?_=1708572832793&CODE_STATE=getMsg HTTP/1.1" 200 27
61.170.234.204 - - [22/Feb/2024:11:33:58 +0800] "GET /xingrg/all/function/internal_message.html?_=1708572843242&CODE_STATE=getMsg HTTP/1.1" 200 27
116.232.194.112 - - [22/Feb/2024:11:33:58 +0800] "GET /xingrg/all/function/internal_message.html?_=1708572815275&CODE_STATE=getMsg HTTP/1.1" 200 27
120.253.135.82 - - [22/Feb/2024:11:33:59 +0800] "GET /xingrg/javascript/jquery_easy_ui/themes/default/images/tabs_active.png HTTP/1.1" 304 -
58.40.7.146 - - [22/Feb/2024:11:33:59 +0800] "GET /xingrg/all/function/internal_message.html?_=1708572839664&CODE_STATE=getMsg HTTP/1.1" 200 27
120.253.135.82 - - [22/Feb/2024:11:33:59 +0800] "GET /xingrg/javascript/jquery_easy_ui/themes/default/images/tabs_active.png HTTP/1.1" 304 -
116.232.194.112 - - [22/Feb/2024:11:33:59 +0800] "GET /xingrg/kc/buy/cgsh_order_add.html HTTP/1.1" 200 73555
116.232.194.112 - - [22/Feb/2024:11:34:00 +0800] "GET /xingrg/words/20240220145821_words.js HTTP/1.1" 304 -
116.232.194.112 - - [22/Feb/2024:11:34:00 +0800] "POST /xingrg/kc/buy/cgsh_order_operate.html HTTP/1.1" 200 8245
