101.83.145.37 - - [22/Feb/2024:09:00:47 +0800] "GET /xingrg/javascript/jquery_easy_ui/themes/icons/copy_new.png HTTP/1.1" 304 -
101.83.145.37 - - [22/Feb/2024:09:00:47 +0800] "GET /xingrg/javascript/jquery_easy_ui/themes/icons/print.png HTTP/1.1" 304 -
101.83.145.37 - - [22/Feb/2024:09:00:47 +0800] "GET /xingrg/javascript/jquery_easy_ui/themes/icons/back_new.png HTTP/1.1" 304 -
101.83.145.37 - - [22/Feb/2024:09:00:47 +0800] "GET /xingrg/images/blue/kc_tab_left.gif HTTP/1.1" 304 -
101.83.145.37 - - [22/Feb/2024:09:00:47 +0800] "GET /xingrg/javascript/jquery_easy_ui/themes/default/images/combo_arrow_dot.gif HTTP/1.1" 304 -
101.83.145.37 - - [22/Feb/2024:09:00:47 +0800] "GET /xingrg/javascript/jquery_easy_ui/themes/default/images/menu_downarrow.png HTTP/1.1" 304 -
101.83.145.37 - - [22/Feb/2024:09:00:47 +0800] "GET /xingrg/javascript/jquery_easy_ui/themes/icons/template_new.png HTTP/1.1" 304 -
101.83.145.37 - - [22/Feb/2024:09:00:47 +0800] "GET /xingrg/images/blue/kc_tab_mid.gif HTTP/1.1" 304 -
101.83.145.37 - - [22/Feb/2024:09:00:47 +0800] "GET /xingrg/images/blue/kc_tab_right.gif HTTP/1.1" 304 -
101.83.145.37 - - [22/Feb/2024:09:00:47 +0800] "POST /xingrg/dwr/call/plaincall/AjaxQqpsService.loadMaterielItems.dwr HTTP/1.1" 200 3430
116.230.123.222 - - [22/Feb/2024:09:00:57 +0800] "GET /xingrg/all/function/internal_message.html?_=1708563654626&CODE_STATE=getMsg HTTP/1.1" 200 27
116.232.194.112 - - [22/Feb/2024:09:00:58 +0800] "GET /xingrg/all/function/internal_message.html?_=1708563635269&CODE_STATE=getMsg HTTP/1.1" 200 27
58.40.7.146 - - [22/Feb/2024:09:00:59 +0800] "GET /xingrg/all/function/internal_message.html?_=1708563659623&CODE_STATE=getMsg HTTP/1.1" 200 27
221.239.172.101 - - [22/Feb/2024:09:01:01 +0800] "GET /xingrg/all/function/internal_message.html?_=1708563660400&CODE_STATE=getMsg HTTP/1.1" 200 27
124.78.67.200 - - [22/Feb/2024:09:01:06 +0800] "GET /xingrg/all/function/internal_message.html?_=1708563666783&CODE_STATE=getMsg HTTP/1.1" 200 27
120.253.135.82 - - [22/Feb/2024:09:01:07 +0800] "GET /xingrg/kc/pszx/mdqp_order_list.html?state=10 HTTP/1.1" 200 10319
120.253.135.82 - - [22/Feb/2024:09:01:07 +0800] "GET /xingrg/dwr/interface/AjaxQqpsService.js HTTP/1.1" 200 16326
120.253.135.82 - - [22/Feb/2024:09:01:07 +0800] "GET /xingrg/dwr/interface/AjaxReportQueryService.js HTTP/1.1" 200 13203
120.253.135.82 - - [22/Feb/2024:09:01:07 +0800] "GET /xingrg/dwr/engine.js HTTP/1.1" 200 43631
116.228.172.94 - - [22/Feb/2024:09:01:12 +0800] "GET /xingrg/all/function/internal_message.html?_=1708563459115&CODE_STATE=getMsg HTTP/1.1" 200 27
116.224.254.208 - - [22/Feb/2024:09:01:20 +0800] "GET /xingrg/all/function/internal_message.html?_=1708563681037&CODE_STATE=getMsg HTTP/1.1" 200 27
116.232.194.112 - - [22/Feb/2024:09:01:23 +0800] "GET /xingrg/all/function/internal_message.html?_=1708563660446&CODE_STATE=getMsg HTTP/1.1" 200 27
120.253.135.82 - - [22/Feb/2024:09:01:26 +0800] "GET /xingrg/kc/pszx/mdth_order_list.html HTTP/1.1" 200 18419
101.83.145.37 - - [22/Feb/2024:09:01:26 +0800] "GET /xingrg/kc/base/wldb_order_list.html HTTP/1.1" 200 19013
120.253.135.82 - - [22/Feb/2024:09:01:26 +0800] "POST /xingrg/kc/pszx/mdth_order_new_list.html HTTP/1.1" 200 4737
101.83.145.37 - - [22/Feb/2024:09:01:27 +0800] "POST /xingrg/kc/base/wldb_list_operate.html HTTP/1.1" 200 928
101.83.145.37 - - [22/Feb/2024:09:01:27 +0800] "GET /xingrg/javascript/easyui/themes/default/images/button_plain_hover.png HTTP/1.1" 304 -
101.83.145.37 - - [22/Feb/2024:09:01:27 +0800] "GET /xingrg/kc/base/wldb_order_add.html HTTP/1.1" 200 30344
101.83.145.37 - - [22/Feb/2024:09:01:28 +0800] "GET /xingrg/javascript/jquery_tools/order_manager.js HTTP/1.1" 304 -
101.83.145.37 - - [22/Feb/2024:09:01:28 +0800] "GET /xingrg/javascript/json2.js HTTP/1.1" 304 -
101.83.145.37 - - [22/Feb/2024:09:01:28 +0800] "GET /xingrg/javascript/convert.js HTTP/1.1" 304 -
101.83.145.37 - - [22/Feb/2024:09:01:28 +0800] "GET /xingrg/javascript/easyui/themes/icons/ok.png HTTP/1.1" 304 -
101.83.145.37 - - [22/Feb/2024:09:01:28 +0800] "GET /xingrg/javascript/easyui/themes/icons/template_new.png HTTP/1.1" 304 -
101.83.145.37 - - [22/Feb/2024:09:01:28 +0800] "GET /xingrg/javascript/easyui/themes/default/images/menu_downarrow.png HTTP/1.1" 304 -
101.83.145.37 - - [22/Feb/2024:09:01:28 +0800] "GET /xingrg/javascript/easyui/themes/icons/print.png HTTP/1.1" 304 -
101.83.145.37 - - [22/Feb/2024:09:01:28 +0800] "GET /xingrg/javascript/easyui/themes/icons/cancel.png HTTP/1.1" 304 -
101.83.145.37 - - [22/Feb/2024:09:01:28 +0800] "POST /xingrg/kc/base/wldb_order_operate.html HTTP/1.1" 200 6806
101.83.145.37 - - [22/Feb/2024:09:01:28 +0800] "GET /xingrg/all/common/auto_word.html?type=base&rest_code=00105 HTTP/1.1" 200 1907
101.83.145.37 - - [22/Feb/2024:09:01:28 +0800] "GET /xingrg/all/common/auto_word.html?type=base&rest_code=00105 HTTP/1.1" 200 1907
101.83.145.37 - - [22/Feb/2024:09:01:28 +0800] "GET /xingrg/javascript/easyui/themes/default/validatebox.css HTTP/1.1" 404 1104
101.83.145.37 - - [22/Feb/2024:09:01:28 +0800] "GET /xingrg/javascript/easyui/plugins/jquery.validatebox.js HTTP/1.1" 304 -
101.83.145.37 - - [22/Feb/2024:09:01:28 +0800] "GET /xingrg/javascript/easyui/plugins/jquery.numberbox.js HTTP/1.1" 304 -
101.83.145.37 - - [22/Feb/2024:09:01:28 +0800] "GET /xingrg/javascript/easyui/themes/icons/edit_remove.png HTTP/1.1" 304 -
120.253.135.82 - - [22/Feb/2024:09:01:29 +0800] "GET /xingrg/kc/pszx/mdqp_order_list.html?state=10 HTTP/1.1" 200 10319
120.253.135.82 - - [22/Feb/2024:09:01:29 +0800] "GET /xingrg/dwr/interface/AjaxReportQueryService.js HTTP/1.1" 200 13203
120.253.135.82 - - [22/Feb/2024:09:01:29 +0800] "GET /xingrg/dwr/interface/AjaxQqpsService.js HTTP/1.1" 200 16326
120.253.135.82 - - [22/Feb/2024:09:01:29 +0800] "GET /xingrg/dwr/engine.js HTTP/1.1" 200 43631
101.83.145.37 - - [22/Feb/2024:09:01:29 +0800] "GET /xingrg/css/images/panel_loading.gif HTTP/1.1" 304 -
101.83.145.37 - - [22/Feb/2024:09:01:29 +0800] "GET /xingrg/all/function/internal_message.html?_=1708563690526&CODE_STATE=getMsg HTTP/1.1" 200 27
101.83.145.37 - - [22/Feb/2024:09:01:29 +0800] "POST /xingrg/all/common/load_combo.html?type=base HTTP/1.1" 200 3409
101.83.145.37 - - [22/Feb/2024:09:01:33 +0800] "GET /xingrg/javascript/auto/indicator.gif HTTP/1.1" 404 1066
58.40.7.146 - - [22/Feb/2024:09:01:37 +0800] "GET /xingrg/all/function/internal_message.html?_=1708563697317&CODE_STATE=getMsg HTTP/1.1" 200 27
116.232.194.112 - - [22/Feb/2024:09:01:39 +0800] "GET /xingrg/check_reg.html?_=1708563676178 HTTP/1.1" 200 22
101.83.145.37 - - [22/Feb/2024:09:01:40 +0800] "GET /xingrg/kc/base/wldb_order_operate.html?command=get_materiel&rest_code=00105&base_code=0010507&code=00101019211 HTTP/1.1" 200 446
218.79.28.144 - - [22/Feb/2024:09:01:43 +0800] "GET /xingrg/all/function/internal_message.html?_=1708563708250&CODE_STATE=getMsg HTTP/1.1" 200 27
101.83.145.37 - - [22/Feb/2024:09:01:55 +0800] "GET /xingrg/kc/mdqp/pssh_order_list.html HTTP/1.1" 200 17891
101.83.145.37 - - [22/Feb/2024:09:01:56 +0800] "POST /xingrg/kc/mdqp/pssh_list_operate.html HTTP/1.1" 200 5342
116.230.123.222 - - [22/Feb/2024:09:01:57 +0800] "GET /xingrg/all/function/internal_message.html?_=1708563714640&CODE_STATE=getMsg HTTP/1.1" 200 27
101.83.145.37 - - [22/Feb/2024:09:01:57 +0800] "POST /xingrg/kc/mdqp/pssh_list_operate.html HTTP/1.1" 200 568
116.232.194.112 - - [22/Feb/2024:09:01:58 +0800] "GET /xingrg/all/function/internal_message.html?_=1708563695284&CODE_STATE=getMsg HTTP/1.1" 200 27
101.83.145.37 - - [22/Feb/2024:09:01:59 +0800] "GET /xingrg/kc/mdqp/pssh_order_info.html?code=312024021600211 HTTP/1.1" 200 17269
101.83.145.37 - - [22/Feb/2024:09:01:59 +0800] "GET /xingrg/javascript/jquery_tools/jquery-1.4.2.min.js HTTP/1.1" 404 1094
101.83.145.37 - - [22/Feb/2024:09:01:59 +0800] "GET /xingrg/javascript/easyui/themes/icons/back_new.png HTTP/1.1" 304 -
58.40.7.146 - - [22/Feb/2024:09:01:59 +0800] "GET /xingrg/check_reg.html?_=1708563719609 HTTP/1.1" 200 22
58.40.7.146 - - [22/Feb/2024:09:01:59 +0800] "GET /xingrg/all/function/internal_message.html?_=1708563719612&CODE_STATE=getMsg HTTP/1.1" 200 27
101.83.145.37 - - [22/Feb/2024:09:01:59 +0800] "GET /xingrg/javascript/easyui/themes/default/validatebox.css HTTP/1.1" 404 1104
101.83.145.37 - - [22/Feb/2024:09:01:59 +0800] "GET /xingrg/all/common/auto_word.html?type=base&rest_code=00105&rest_code=00105 HTTP/1.1" 200 1907
101.83.145.37 - - [22/Feb/2024:09:01:59 +0800] "GET /xingrg/all/common/auto_word.html?type=employee&rest_code=00105 HTTP/1.1" 200 193
101.83.145.37 - - [22/Feb/2024:09:01:59 +0800] "POST /xingrg/kc/mdqp/pssh_order_operate.html HTTP/1.1" 200 2121
221.239.172.101 - - [22/Feb/2024:09:02:01 +0800] "GET /xingrg/all/function/internal_message.html?_=1708563720389&CODE_STATE=getMsg HTTP/1.1" 200 27
218.81.65.124 - - [22/Feb/2024:09:02:06 +0800] "POST /xingrg/services/DataTransmitService HTTP/1.1" 200 524
124.78.67.200 - - [22/Feb/2024:09:02:06 +0800] "GET /xingrg/all/function/internal_message.html?_=1708563726756&CODE_STATE=getMsg HTTP/1.1" 200 27
116.228.172.94 - - [22/Feb/2024:09:02:12 +0800] "GET /xingrg/all/function/internal_message.html?_=1708563519109&CODE_STATE=getMsg HTTP/1.1" 200 27
116.224.254.208 - - [22/Feb/2024:09:02:20 +0800] "GET /xingrg/all/function/internal_message.html?_=1708563741036&CODE_STATE=getMsg HTTP/1.1" 200 27
116.232.194.112 - - [22/Feb/2024:09:02:23 +0800] "GET /xingrg/all/function/internal_message.html?_=1708563720434&CODE_STATE=getMsg HTTP/1.1" 200 27
101.83.145.37 - - [22/Feb/2024:09:02:29 +0800] "GET /xingrg/all/function/internal_message.html?_=1708563750530&CODE_STATE=getMsg HTTP/1.1" 200 27
58.40.7.146 - - [22/Feb/2024:09:02:37 +0800] "GET /xingrg/all/function/internal_message.html?_=1708563757320&CODE_STATE=getMsg HTTP/1.1" 200 27
180.169.147.146 - - [22/Feb/2024:09:02:43 +0800] "GET /xingrg/check_reg.html?_=1708563763112 HTTP/1.1" 200 22
218.79.28.144 - - [22/Feb/2024:09:02:43 +0800] "GET /xingrg/all/function/internal_message.html?_=1708563768237&CODE_STATE=getMsg HTTP/1.1" 200 27
116.230.123.222 - - [22/Feb/2024:09:02:57 +0800] "GET /xingrg/check_reg.html?_=1708563774640 HTTP/1.1" 200 22
116.230.123.222 - - [22/Feb/2024:09:02:57 +0800] "GET /xingrg/all/function/internal_message.html?_=1708563774643&CODE_STATE=getMsg HTTP/1.1" 200 27
116.232.194.112 - - [22/Feb/2024:09:02:58 +0800] "GET /xingrg/all/function/internal_message.html?_=1708563755285&CODE_STATE=getMsg HTTP/1.1" 200 27
58.40.7.146 - - [22/Feb/2024:09:02:59 +0800] "GET /xingrg/all/function/internal_message.html?_=1708563779601&CODE_STATE=getMsg HTTP/1.1" 200 27
221.239.172.101 - - [22/Feb/2024:09:03:01 +0800] "GET /xingrg/all/function/internal_message.html?_=1708563780389&CODE_STATE=getMsg HTTP/1.1" 200 27
124.78.67.200 - - [22/Feb/2024:09:03:06 +0800] "GET /xingrg/all/function/internal_message.html?_=1708563786737&CODE_STATE=getMsg HTTP/1.1" 200 27
116.228.172.94 - - [22/Feb/2024:09:03:12 +0800] "GET /xingrg/all/function/internal_message.html?_=1708563579123&CODE_STATE=getMsg HTTP/1.1" 200 27
116.224.254.208 - - [22/Feb/2024:09:03:20 +0800] "GET /xingrg/all/function/internal_message.html?_=1708563801023&CODE_STATE=getMsg HTTP/1.1" 200 27
116.224.254.208 - - [22/Feb/2024:09:03:20 +0800] "GET /xingrg/check_reg.html?_=1708563801025 HTTP/1.1" 200 22
116.232.194.112 - - [22/Feb/2024:09:03:23 +0800] "GET /xingrg/all/function/internal_message.html?_=1708563780431&CODE_STATE=getMsg HTTP/1.1" 200 27
120.253.135.82 - - [22/Feb/2024:09:03:27 +0800] "GET /xingrg/check_reg.html?_=1708563641008 HTTP/1.1" 200 22
101.83.145.37 - - [22/Feb/2024:09:03:29 +0800] "GET /xingrg/all/function/internal_message.html?_=1708563810480&CODE_STATE=getMsg HTTP/1.1" 200 27
58.40.7.146 - - [22/Feb/2024:09:03:37 +0800] "GET /xingrg/all/function/internal_message.html?_=1708563817306&CODE_STATE=getMsg HTTP/1.1" 200 27
218.79.28.144 - - [22/Feb/2024:09:03:43 +0800] "GET /xingrg/all/function/internal_message.html?_=1708563828240&CODE_STATE=getMsg HTTP/1.1" 200 27
116.230.123.222 - - [22/Feb/2024:09:03:57 +0800] "GET /xingrg/all/function/internal_message.html?_=1708563834628&CODE_STATE=getMsg HTTP/1.1" 200 27
116.232.194.112 - - [22/Feb/2024:09:03:58 +0800] "GET /xingrg/all/function/internal_message.html?_=1708563815283&CODE_STATE=getMsg HTTP/1.1" 200 27
58.40.7.146 - - [22/Feb/2024:09:03:59 +0800] "GET /xingrg/all/function/internal_message.html?_=1708563839602&CODE_STATE=getMsg HTTP/1.1" 200 27
221.239.172.101 - - [22/Feb/2024:09:04:01 +0800] "GET /xingrg/all/function/internal_message.html?_=1708563840393&CODE_STATE=getMsg HTTP/1.1" 200 27
221.239.172.101 - - [22/Feb/2024:09:04:01 +0800] "GET /xingrg/check_reg.html?_=1708563840395 HTTP/1.1" 200 22
124.78.67.200 - - [22/Feb/2024:09:04:06 +0800] "GET /xingrg/all/function/internal_message.html?_=1708563846720&CODE_STATE=getMsg HTTP/1.1" 200 27
116.228.172.94 - - [22/Feb/2024:09:04:12 +0800] "GET /xingrg/all/function/internal_message.html?_=1708563639127&CODE_STATE=getMsg HTTP/1.1" 200 27
116.224.254.208 - - [22/Feb/2024:09:04:20 +0800] "GET /xingrg/all/function/internal_message.html?_=1708563861035&CODE_STATE=getMsg HTTP/1.1" 200 27
101.83.145.37 - - [22/Feb/2024:09:04:22 +0800] "POST /xingrg/kc/mdqp/pssh_list_operate.html HTTP/1.1" 200 1580
116.232.194.112 - - [22/Feb/2024:09:04:23 +0800] "GET /xingrg/all/function/internal_message.html?_=1708563840408&CODE_STATE=getMsg HTTP/1.1" 200 27
101.83.145.37 - - [22/Feb/2024:09:04:24 +0800] "GET /xingrg/kc/mdqp/pssh_order_list.html HTTP/1.1" 200 17891
101.83.145.37 - - [22/Feb/2024:09:04:24 +0800] "POST /xingrg/kc/mdqp/pssh_list_operate.html HTTP/1.1" 200 5342
101.83.145.37 - - [22/Feb/2024:09:04:26 +0800] "POST /xingrg/kc/mdqp/pssh_list_operate.html HTTP/1.1" 200 256
101.83.145.37 - - [22/Feb/2024:09:04:29 +0800] "GET /xingrg/all/function/internal_message.html?_=1708563870470&CODE_STATE=getMsg HTTP/1.1" 200 27
101.83.145.37 - - [22/Feb/2024:09:04:29 +0800] "POST /xingrg/kc/mdqp/pssh_list_operate.html HTTP/1.1" 200 767
58.40.7.146 - - [22/Feb/2024:09:04:37 +0800] "GET /xingrg/all/function/internal_message.html?_=1708563877310&CODE_STATE=getMsg HTTP/1.1" 200 27
58.40.7.146 - - [22/Feb/2024:09:04:37 +0800] "GET /xingrg/check_reg.html?_=1708563877313 HTTP/1.1" 200 22
218.79.28.144 - - [22/Feb/2024:09:04:43 +0800] "GET /xingrg/all/function/internal_message.html?_=1708563888242&CODE_STATE=getMsg HTTP/1.1" 200 27
101.83.145.37 - - [22/Feb/2024:09:04:46 +0800] "POST /xingrg/kc/mdqp/pssh_list_operate.html HTTP/1.1" 200 451
116.230.123.222 - - [22/Feb/2024:09:04:57 +0800] "GET /xingrg/all/function/internal_message.html?_=1708563894628&CODE_STATE=getMsg HTTP/1.1" 200 27
116.232.194.112 - - [22/Feb/2024:09:04:58 +0800] "GET /xingrg/check_reg.html?_=1708563875284 HTTP/1.1" 200 22
116.232.194.112 - - [22/Feb/2024:09:04:58 +0800] "GET /xingrg/all/function/internal_message.html?_=1708563875287&CODE_STATE=getMsg HTTP/1.1" 200 27
58.40.7.146 - - [22/Feb/2024:09:04:59 +0800] "GET /xingrg/all/function/internal_message.html?_=1708563899604&CODE_STATE=getMsg HTTP/1.1" 200 27
221.239.172.101 - - [22/Feb/2024:09:05:01 +0800] "GET /xingrg/all/function/internal_message.html?_=1708563900395&CODE_STATE=getMsg HTTP/1.1" 200 27
124.78.67.200 - - [22/Feb/2024:09:05:06 +0800] "GET /xingrg/all/function/internal_message.html?_=1708563906697&CODE_STATE=getMsg HTTP/1.1" 200 27
116.228.172.94 - - [22/Feb/2024:09:05:12 +0800] "GET /xingrg/check_reg.html?_=1708563699124 HTTP/1.1" 200 22
116.228.172.94 - - [22/Feb/2024:09:05:12 +0800] "GET /xingrg/all/function/internal_message.html?_=1708563699126&CODE_STATE=getMsg HTTP/1.1" 200 27
116.224.254.208 - - [22/Feb/2024:09:05:20 +0800] "GET /xingrg/all/function/internal_message.html?_=1708563921036&CODE_STATE=getMsg HTTP/1.1" 200 27
116.232.194.112 - - [22/Feb/2024:09:05:23 +0800] "GET /xingrg/all/function/internal_message.html?_=1708563900399&CODE_STATE=getMsg HTTP/1.1" 200 27
116.230.123.222 - - [22/Feb/2024:09:05:28 +0800] "GET /xingrg/kc/buy/cgsh_order_add.html HTTP/1.1" 200 73423
116.230.123.222 - - [22/Feb/2024:09:05:28 +0800] "POST /xingrg/kc/buy/cgsh_order_operate.html HTTP/1.1" 200 8245
116.230.123.222 - - [22/Feb/2024:09:05:28 +0800] "GET /xingrg/javascript/easyui/themes/default/validatebox.css HTTP/1.1" 404 1104
101.83.145.37 - - [22/Feb/2024:09:05:29 +0800] "GET /xingrg/check_reg.html?_=1708563930481 HTTP/1.1" 200 22
101.83.145.37 - - [22/Feb/2024:09:05:29 +0800] "GET /xingrg/all/function/internal_message.html?_=1708563930476&CODE_STATE=getMsg HTTP/1.1" 200 27
124.78.67.200 - - [22/Feb/2024:09:05:32 +0800] "GET /xingrg/check_reg.html?_=1708563932593 HTTP/1.1" 200 22
58.40.7.146 - - [22/Feb/2024:09:05:37 +0800] "GET /xingrg/all/function/internal_message.html?_=1708563937318&CODE_STATE=getMsg HTTP/1.1" 200 27
218.79.28.144 - - [22/Feb/2024:09:05:43 +0800] "GET /xingrg/all/function/internal_message.html?_=1708563948244&CODE_STATE=getMsg HTTP/1.1" 200 27
218.79.28.144 - - [22/Feb/2024:09:05:43 +0800] "GET /xingrg/check_reg.html?_=1708563948247 HTTP/1.1" 200 22
116.230.123.222 - - [22/Feb/2024:09:05:57 +0800] "GET /xingrg/all/function/internal_message.html?_=1708563954641&CODE_STATE=getMsg HTTP/1.1" 200 27
116.232.194.112 - - [22/Feb/2024:09:05:58 +0800] "GET /xingrg/all/function/internal_message.html?_=1708563935280&CODE_STATE=getMsg HTTP/1.1" 200 27
58.40.7.146 - - [22/Feb/2024:09:05:59 +0800] "GET /xingrg/all/function/internal_message.html?_=1708563959607&CODE_STATE=getMsg HTTP/1.1" 200 27
221.239.172.101 - - [22/Feb/2024:09:06:01 +0800] "GET /xingrg/all/function/internal_message.html?_=1708563960396&CODE_STATE=getMsg HTTP/1.1" 200 27
124.78.67.200 - - [22/Feb/2024:09:06:06 +0800] "GET /xingrg/all/function/internal_message.html?_=1708563966681&CODE_STATE=getMsg HTTP/1.1" 200 27
116.230.123.222 - - [22/Feb/2024:09:06:10 +0800] "GET /xingrg/javascript/jquery_tools/images/prev.gif HTTP/1.1" 404 1086
116.230.123.222 - - [22/Feb/2024:09:06:10 +0800] "GET /xingrg/javascript/jquery_tools/images/next.gif HTTP/1.1" 404 1086
116.228.172.94 - - [22/Feb/2024:09:06:12 +0800] "GET /xingrg/all/function/internal_message.html?_=1708563759123&CODE_STATE=getMsg HTTP/1.1" 200 27
116.224.254.208 - - [22/Feb/2024:09:06:20 +0800] "GET /xingrg/all/function/internal_message.html?_=1708563981027&CODE_STATE=getMsg HTTP/1.1" 200 27
116.230.123.222 - - [22/Feb/2024:09:06:21 +0800] "GET /xingrg/kc/buy/cgsh_order_operate.html?command=get_materiel&rest_code=00111&code=00101012010&supplier_code=00100012&order_time=2024-02-22 HTTP/1.1" 200 409
116.232.194.112 - - [22/Feb/2024:09:06:23 +0800] "GET /xingrg/all/function/internal_message.html?_=1708563960378&CODE_STATE=getMsg HTTP/1.1" 200 27
101.83.145.37 - - [22/Feb/2024:09:06:29 +0800] "GET /xingrg/all/function/internal_message.html?_=1708563990481&CODE_STATE=getMsg HTTP/1.1" 200 27
58.40.7.146 - - [22/Feb/2024:09:06:37 +0800] "GET /xingrg/all/function/internal_message.html?_=1708563997323&CODE_STATE=getMsg HTTP/1.1" 200 27
116.232.194.112 - - [22/Feb/2024:09:06:39 +0800] "GET /xingrg/check_reg.html?_=1708563976166 HTTP/1.1" 200 22
116.230.123.222 - - [22/Feb/2024:09:06:39 +0800] "GET /xingrg/kc/buy/cgsh_order_operate.html?command=get_materiel&rest_code=00111&code=00101006112&supplier_code=00100012&order_time=2024-02-22 HTTP/1.1" 200 409
218.79.28.144 - - [22/Feb/2024:09:06:43 +0800] "GET /xingrg/all/function/internal_message.html?_=1708564008249&CODE_STATE=getMsg HTTP/1.1" 200 27
116.230.123.222 - - [22/Feb/2024:09:06:55 +0800] "GET /xingrg/kc/buy/cgsh_order_operate.html?command=get_materiel&rest_code=00111&code=00101006057&supplier_code=00100012&order_time=2024-02-22 HTTP/1.1" 200 413
116.230.123.222 - - [22/Feb/2024:09:06:57 +0800] "GET /xingrg/all/function/internal_message.html?_=1708564014648&CODE_STATE=getMsg HTTP/1.1" 200 27
116.232.194.112 - - [22/Feb/2024:09:06:58 +0800] "GET /xingrg/all/function/internal_message.html?_=1708563995270&CODE_STATE=getMsg HTTP/1.1" 200 27
58.40.7.146 - - [22/Feb/2024:09:06:59 +0800] "GET /xingrg/all/function/internal_message.html?_=1708564019610&CODE_STATE=getMsg HTTP/1.1" 200 27
58.40.7.146 - - [22/Feb/2024:09:06:59 +0800] "GET /xingrg/check_reg.html?_=1708564019612 HTTP/1.1" 200 22
221.239.172.101 - - [22/Feb/2024:09:07:01 +0800] "GET /xingrg/all/function/internal_message.html?_=1708564020395&CODE_STATE=getMsg HTTP/1.1" 200 27
124.78.67.200 - - [22/Feb/2024:09:07:06 +0800] "GET /xingrg/all/function/internal_message.html?_=1708564026664&CODE_STATE=getMsg HTTP/1.1" 200 27
116.230.123.222 - - [22/Feb/2024:09:07:08 +0800] "GET /xingrg/kc/buy/cgsh_order_operate.html?command=get_materiel&rest_code=00111&code=00101006056&supplier_code=00100012&order_time=2024-02-22 HTTP/1.1" 200 413
116.228.172.94 - - [22/Feb/2024:09:07:12 +0800] "GET /xingrg/all/function/internal_message.html?_=1708563819115&CODE_STATE=getMsg HTTP/1.1" 200 27
116.230.123.222 - - [22/Feb/2024:09:07:18 +0800] "POST /xingrg/kc/buy/cgsh_order_operate.html HTTP/1.1" 200 37
116.224.254.208 - - [22/Feb/2024:09:07:20 +0800] "GET /xingrg/all/function/internal_message.html?_=1708564041033&CODE_STATE=getMsg HTTP/1.1" 200 27
116.232.194.112 - - [22/Feb/2024:09:07:23 +0800] "GET /xingrg/all/function/internal_message.html?_=1708564020370&CODE_STATE=getMsg HTTP/1.1" 200 27
116.230.123.222 - - [22/Feb/2024:09:07:26 +0800] "POST /xingrg/kc/buy/cgsh_order_operate.html HTTP/1.1" 200 12
116.230.123.222 - - [22/Feb/2024:09:07:28 +0800] "GET /xingrg/kc/buy/cgsh_order_info.html?code=212024022205754 HTTP/1.1" 200 68332
116.230.123.222 - - [22/Feb/2024:09:07:28 +0800] "GET /xingrg/javascript/easyui/themes/default/validatebox.css HTTP/1.1" 404 1104
101.83.145.37 - - [22/Feb/2024:09:07:29 +0800] "GET /xingrg/all/function/internal_message.html?_=1708564050483&CODE_STATE=getMsg HTTP/1.1" 200 27
116.230.123.222 - - [22/Feb/2024:09:07:29 +0800] "POST /xingrg/kc/buy/cgsh_order_operate.html HTTP/1.1" 200 2380
116.230.123.222 - - [22/Feb/2024:09:07:32 +0800] "GET /xingrg/kc/print/load_data.html?order_code=212024022205754&kc_code=cgsh&condition= HTTP/1.1" 200 1459
58.40.7.146 - - [22/Feb/2024:09:07:37 +0800] "GET /xingrg/all/function/internal_message.html?_=1708564057310&CODE_STATE=getMsg HTTP/1.1" 200 27
180.169.147.146 - - [22/Feb/2024:09:07:43 +0800] "GET /xingrg/check_reg.html?_=1708564063089 HTTP/1.1" 200 22
218.79.28.144 - - [22/Feb/2024:09:07:43 +0800] "GET /xingrg/all/function/internal_message.html?_=1708564068250&CODE_STATE=getMsg HTTP/1.1" 200 27
116.230.123.222 - - [22/Feb/2024:09:07:57 +0800] "GET /xingrg/all/function/internal_message.html?_=1708564074649&CODE_STATE=getMsg HTTP/1.1" 200 27
116.230.123.222 - - [22/Feb/2024:09:07:57 +0800] "GET /xingrg/check_reg.html?_=1708564074653 HTTP/1.1" 200 22
116.232.194.112 - - [22/Feb/2024:09:07:58 +0800] "GET /xingrg/all/function/internal_message.html?_=1708564055281&CODE_STATE=getMsg HTTP/1.1" 200 27
58.40.7.146 - - [22/Feb/2024:09:07:59 +0800] "GET /xingrg/all/function/internal_message.html?_=1708564079629&CODE_STATE=getMsg HTTP/1.1" 200 27
221.239.172.101 - - [22/Feb/2024:09:08:01 +0800] "GET /xingrg/all/function/internal_message.html?_=1708564080399&CODE_STATE=getMsg HTTP/1.1" 200 27
124.78.67.200 - - [22/Feb/2024:09:08:06 +0800] "GET /xingrg/all/function/internal_message.html?_=1708564086640&CODE_STATE=getMsg HTTP/1.1" 200 27
116.228.172.94 - - [22/Feb/2024:09:08:12 +0800] "GET /xingrg/all/function/internal_message.html?_=1708563879113&CODE_STATE=getMsg HTTP/1.1" 200 27
116.224.254.208 - - [22/Feb/2024:09:08:20 +0800] "GET /xingrg/check_reg.html?_=1708564101045 HTTP/1.1" 200 22
116.224.254.208 - - [22/Feb/2024:09:08:20 +0800] "GET /xingrg/all/function/internal_message.html?_=1708564101048&CODE_STATE=getMsg HTTP/1.1" 200 27
116.232.194.112 - - [22/Feb/2024:09:08:23 +0800] "GET /xingrg/all/function/internal_message.html?_=1708564080352&CODE_STATE=getMsg HTTP/1.1" 200 27
120.253.135.82 - - [22/Feb/2024:09:08:27 +0800] "GET /xingrg/check_reg.html?_=1708563941010 HTTP/1.1" 200 22
101.83.145.37 - - [22/Feb/2024:09:08:29 +0800] "GET /xingrg/all/function/internal_message.html?_=1708564110471&CODE_STATE=getMsg HTTP/1.1" 200 27
124.79.245.19 - - [22/Feb/2024:09:08:32 +0800] "POST /xingrg/services/DataTransmitService HTTP/1.1" 200 524
58.40.7.146 - - [22/Feb/2024:09:08:37 +0800] "GET /xingrg/all/function/internal_message.html?_=1708564117312&CODE_STATE=getMsg HTTP/1.1" 200 27
218.79.28.144 - - [22/Feb/2024:09:08:43 +0800] "GET /xingrg/all/function/internal_message.html?_=1708564128251&CODE_STATE=getMsg HTTP/1.1" 200 27
116.230.123.222 - - [22/Feb/2024:09:08:57 +0800] "GET /xingrg/all/function/internal_message.html?_=1708564134646&CODE_STATE=getMsg HTTP/1.1" 200 27
116.232.194.112 - - [22/Feb/2024:09:08:58 +0800] "GET /xingrg/all/function/internal_message.html?_=1708564115282&CODE_STATE=getMsg HTTP/1.1" 200 27
58.40.7.146 - - [22/Feb/2024:09:08:59 +0800] "GET /xingrg/all/function/internal_message.html?_=1708564139616&CODE_STATE=getMsg HTTP/1.1" 200 27
221.239.172.101 - - [22/Feb/2024:09:09:01 +0800] "GET /xingrg/all/function/internal_message.html?_=1708564140408&CODE_STATE=getMsg HTTP/1.1" 200 27
221.239.172.101 - - [22/Feb/2024:09:09:01 +0800] "GET /xingrg/check_reg.html?_=1708564140410 HTTP/1.1" 200 22
124.78.67.200 - - [22/Feb/2024:09:09:06 +0800] "GET /xingrg/all/function/internal_message.html?_=1708564146610&CODE_STATE=getMsg HTTP/1.1" 200 27
116.228.172.94 - - [22/Feb/2024:09:09:12 +0800] "GET /xingrg/all/function/internal_message.html?_=1708563939106&CODE_STATE=getMsg HTTP/1.1" 200 27
116.224.254.208 - - [22/Feb/2024:09:09:20 +0800] "GET /xingrg/all/function/internal_message.html?_=1708564161035&CODE_STATE=getMsg HTTP/1.1" 200 27
116.232.194.112 - - [22/Feb/2024:09:09:23 +0800] "GET /xingrg/all/function/internal_message.html?_=1708564140333&CODE_STATE=getMsg HTTP/1.1" 200 27
101.83.145.37 - - [22/Feb/2024:09:09:23 +0800] "GET /xingrg/kc/buy/cgsh_order_list.html HTTP/1.1" 200 57692
101.83.145.37 - - [22/Feb/2024:09:09:26 +0800] "POST /xingrg/kc/buy/cgsh_list_operate.html HTTP/1.1" 200 986
101.83.145.37 - - [22/Feb/2024:09:09:29 +0800] "GET /xingrg/all/function/internal_message.html?_=1708564170490&CODE_STATE=getMsg HTTP/1.1" 200 27
101.83.145.37 - - [22/Feb/2024:09:09:33 +0800] "GET /xingrg/kc/buy/cgsh_order_add.html HTTP/1.1" 200 73549
101.83.145.37 - - [22/Feb/2024:09:09:33 +0800] "GET /xingrg/javascript/easyui/themes/icons/copy_new.png HTTP/1.1" 304 -
101.83.145.37 - - [22/Feb/2024:09:09:33 +0800] "POST /xingrg/kc/buy/cgsh_order_operate.html HTTP/1.1" 200 8245
101.83.145.37 - - [22/Feb/2024:09:09:33 +0800] "GET /xingrg/javascript/easyui/themes/default/validatebox.css HTTP/1.1" 404 1104
101.83.145.37 - - [22/Feb/2024:09:09:35 +0800] "GET /xingrg/javascript/easyui/plugins/jquery.draggable.js HTTP/1.1" 304 -
101.83.145.37 - - [22/Feb/2024:09:09:35 +0800] "GET /xingrg/javascript/easyui/plugins/jquery.droppable.js HTTP/1.1" 304 -
101.83.145.37 - - [22/Feb/2024:09:09:35 +0800] "GET /xingrg/javascript/easyui/themes/default/tree.css HTTP/1.1" 404 1090
101.83.145.37 - - [22/Feb/2024:09:09:35 +0800] "GET /xingrg/javascript/easyui/plugins/jquery.tree.js HTTP/1.1" 304 -
101.83.145.37 - - [22/Feb/2024:09:09:36 +0800] "POST /xingrg/all/common/load_tree.html?tree=supplier_tree_json&isDelete=1 HTTP/1.1" 200 78460
58.40.7.146 - - [22/Feb/2024:09:09:37 +0800] "GET /xingrg/all/function/internal_message.html?_=1708564177318&CODE_STATE=getMsg HTTP/1.1" 200 27
58.40.7.146 - - [22/Feb/2024:09:09:37 +0800] "GET /xingrg/check_reg.html?_=1708564177320 HTTP/1.1" 200 22
101.83.145.37 - - [22/Feb/2024:09:09:37 +0800] "GET /xingrg/javascript/easyui/themes/default/images/tree_arrows.gif HTTP/1.1" 304 -
101.83.145.37 - - [22/Feb/2024:09:09:37 +0800] "GET /xingrg/javascript/easyui/themes/default/images/tree_folder_open.gif HTTP/1.1" 304 -
101.83.145.37 - - [22/Feb/2024:09:09:37 +0800] "GET /xingrg/javascript/easyui/themes/default/images/tree_folder.gif HTTP/1.1" 304 -
101.83.145.37 - - [22/Feb/2024:09:09:37 +0800] "GET /xingrg/javascript/easyui/themes/default/images/tree_file.gif HTTP/1.1" 304 -
218.79.28.144 - - [22/Feb/2024:09:09:43 +0800] "GET /xingrg/all/function/internal_message.html?_=1708564188239&CODE_STATE=getMsg HTTP/1.1" 200 27
101.83.145.37 - - [22/Feb/2024:09:09:51 +0800] "GET /xingrg/kc/buy/cgsh_order_operate.html?command=get_materiel&rest_code=00105&code=00101008256&supplier_code=00100005&order_time=2024-02-22 HTTP/1.1" 200 412
116.230.123.222 - - [22/Feb/2024:09:09:57 +0800] "GET /xingrg/all/function/internal_message.html?_=1708564194650&CODE_STATE=getMsg HTTP/1.1" 200 27
116.232.194.112 - - [22/Feb/2024:09:09:58 +0800] "GET /xingrg/all/function/internal_message.html?_=1708564175285&CODE_STATE=getMsg HTTP/1.1" 200 27
116.232.194.112 - - [22/Feb/2024:09:09:58 +0800] "GET /xingrg/check_reg.html?_=1708564175288 HTTP/1.1" 200 22
58.40.7.146 - - [22/Feb/2024:09:09:59 +0800] "GET /xingrg/all/function/internal_message.html?_=1708564199604&CODE_STATE=getMsg HTTP/1.1" 200 27
221.239.172.101 - - [22/Feb/2024:09:10:01 +0800] "GET /xingrg/all/function/internal_message.html?_=1708564200395&CODE_STATE=getMsg HTTP/1.1" 200 27
116.238.97.31 - - [22/Feb/2024:09:10:06 +0800] "POST /xingrg/services/DataTransmitService HTTP/1.1" 200 524
124.78.67.200 - - [22/Feb/2024:09:10:06 +0800] "GET /xingrg/all/function/internal_message.html?_=1708564206586&CODE_STATE=getMsg HTTP/1.1" 200 27
101.83.145.37 - - [22/Feb/2024:09:10:09 +0800] "GET /xingrg/kc/buy/cgsh_order_operate.html?command=get_materiel&rest_code=00105&code=00101008211&supplier_code=00100005&order_time=2024-02-22 HTTP/1.1" 200 412
116.228.172.94 - - [22/Feb/2024:09:10:12 +0800] "GET /xingrg/check_reg.html?_=1708563999126 HTTP/1.1" 200 22
116.228.172.94 - - [22/Feb/2024:09:10:12 +0800] "GET /xingrg/all/function/internal_message.html?_=1708563999124&CODE_STATE=getMsg HTTP/1.1" 200 27
101.83.145.37 - - [22/Feb/2024:09:10:20 +0800] "GET /xingrg/kc/buy/cgsh_order_operate.html?command=get_materiel&rest_code=00105&code=00101008024&supplier_code=00100005&order_time=2024-02-22 HTTP/1.1" 200 408
116.224.254.208 - - [22/Feb/2024:09:10:20 +0800] "GET /xingrg/all/function/internal_message.html?_=1708564221042&CODE_STATE=getMsg HTTP/1.1" 200 27
116.232.194.112 - - [22/Feb/2024:09:10:23 +0800] "GET /xingrg/all/function/internal_message.html?_=1708564200331&CODE_STATE=getMsg HTTP/1.1" 200 27
101.83.145.37 - - [22/Feb/2024:09:10:29 +0800] "GET /xingrg/all/function/internal_message.html?_=1708564230503&CODE_STATE=getMsg HTTP/1.1" 200 27
101.83.145.37 - - [22/Feb/2024:09:10:29 +0800] "GET /xingrg/check_reg.html?_=1708564230505 HTTP/1.1" 200 22
101.83.145.37 - - [22/Feb/2024:09:10:29 +0800] "GET /xingrg/kc/buy/cgsh_order_operate.html?command=get_materiel&rest_code=00105&code=00101008353&supplier_code=00100005&order_time=2024-02-22 HTTP/1.1" 200 408
124.78.67.200 - - [22/Feb/2024:09:10:32 +0800] "GET /xingrg/check_reg.html?_=1708564232591 HTTP/1.1" 200 22
58.40.7.146 - - [22/Feb/2024:09:10:37 +0800] "GET /xingrg/all/function/internal_message.html?_=1708564237324&CODE_STATE=getMsg HTTP/1.1" 200 27
101.83.145.37 - - [22/Feb/2024:09:10:43 +0800] "GET /xingrg/kc/buy/cgsh_order_operate.html?command=get_materiel&rest_code=00105&code=00101008027&supplier_code=00100005&order_time=2024-02-22 HTTP/1.1" 200 409
218.79.28.144 - - [22/Feb/2024:09:10:43 +0800] "GET /xingrg/all/function/internal_message.html?_=1708564248239&CODE_STATE=getMsg HTTP/1.1" 200 27
218.79.28.144 - - [22/Feb/2024:09:10:43 +0800] "GET /xingrg/check_reg.html?_=1708564248244 HTTP/1.1" 200 22
101.83.145.37 - - [22/Feb/2024:09:10:55 +0800] "GET /xingrg/kc/buy/cgsh_order_operate.html?command=get_materiel&rest_code=00105&code=00101008080&supplier_code=00100005&order_time=2024-02-22 HTTP/1.1" 200 416
116.230.123.222 - - [22/Feb/2024:09:10:57 +0800] "GET /xingrg/all/function/internal_message.html?_=1708564254649&CODE_STATE=getMsg HTTP/1.1" 200 27
116.232.194.112 - - [22/Feb/2024:09:10:58 +0800] "GET /xingrg/all/function/internal_message.html?_=1708564235275&CODE_STATE=getMsg HTTP/1.1" 200 27
58.40.7.146 - - [22/Feb/2024:09:10:59 +0800] "GET /xingrg/all/function/internal_message.html?_=1708564259607&CODE_STATE=getMsg HTTP/1.1" 200 27
221.239.172.101 - - [22/Feb/2024:09:11:01 +0800] "GET /xingrg/all/function/internal_message.html?_=1708564260405&CODE_STATE=getMsg HTTP/1.1" 200 27
101.83.145.37 - - [22/Feb/2024:09:11:03 +0800] "GET /xingrg/kc/buy/cgsh_order_operate.html?command=get_materiel&rest_code=00105&code=00101008186&supplier_code=00100005&order_time=2024-02-22 HTTP/1.1" 200 408
124.78.67.200 - - [22/Feb/2024:09:11:06 +0800] "GET /xingrg/all/function/internal_message.html?_=1708564266573&CODE_STATE=getMsg HTTP/1.1" 200 27
101.83.145.37 - - [22/Feb/2024:09:11:11 +0800] "GET /xingrg/kc/buy/cgsh_order_operate.html?command=get_materiel&rest_code=00105&code=00101008032&supplier_code=00100005&order_time=2024-02-22 HTTP/1.1" 200 408
116.228.172.94 - - [22/Feb/2024:09:11:12 +0800] "GET /xingrg/all/function/internal_message.html?_=1708564059123&CODE_STATE=getMsg HTTP/1.1" 200 27
116.224.254.208 - - [22/Feb/2024:09:11:20 +0800] "GET /xingrg/all/function/internal_message.html?_=1708564281036&CODE_STATE=getMsg HTTP/1.1" 200 27
116.232.194.112 - - [22/Feb/2024:09:11:23 +0800] "GET /xingrg/all/function/internal_message.html?_=1708564260317&CODE_STATE=getMsg HTTP/1.1" 200 27
101.83.145.37 - - [22/Feb/2024:09:11:29 +0800] "GET /xingrg/all/function/internal_message.html?_=1708564290553&CODE_STATE=getMsg HTTP/1.1" 200 27
58.40.7.146 - - [22/Feb/2024:09:11:37 +0800] "GET /xingrg/all/function/internal_message.html?_=1708564297327&CODE_STATE=getMsg HTTP/1.1" 200 27
116.232.194.112 - - [22/Feb/2024:09:11:39 +0800] "GET /xingrg/check_reg.html?_=1708564276175 HTTP/1.1" 200 22
218.79.28.144 - - [22/Feb/2024:09:11:43 +0800] "GET /xingrg/all/function/internal_message.html?_=1708564308249&CODE_STATE=getMsg HTTP/1.1" 200 27
116.230.123.222 - - [22/Feb/2024:09:11:57 +0800] "GET /xingrg/all/function/internal_message.html?_=1708564314649&CODE_STATE=getMsg HTTP/1.1" 200 27
101.83.145.37 - - [22/Feb/2024:09:11:58 +0800] "GET /xingrg/kc/buy/cgsh_order_operate.html?command=get_materiel&rest_code=00105&code=00101008361&supplier_code=00100005&order_time=2024-02-22 HTTP/1.1" 200 408
116.232.194.112 - - [22/Feb/2024:09:11:58 +0800] "GET /xingrg/all/function/internal_message.html?_=1708564295285&CODE_STATE=getMsg HTTP/1.1" 200 27
58.40.7.146 - - [22/Feb/2024:09:11:59 +0800] "GET /xingrg/all/function/internal_message.html?_=1708564319616&CODE_STATE=getMsg HTTP/1.1" 200 27
58.40.7.146 - - [22/Feb/2024:09:11:59 +0800] "GET /xingrg/check_reg.html?_=1708564319617 HTTP/1.1" 200 22
221.239.172.101 - - [22/Feb/2024:09:12:01 +0800] "GET /xingrg/all/function/internal_message.html?_=1708564320406&CODE_STATE=getMsg HTTP/1.1" 200 27
116.238.97.31 - - [22/Feb/2024:09:12:03 +0800] "POST /xingrg/kc/buy/cgsh_order_operate.html HTTP/1.1" 200 37
101.83.145.37 - - [22/Feb/2024:09:12:06 +0800] "GET /xingrg/kc/buy/cgsh_order_operate.html?command=get_materiel&rest_code=00105&code=00101008356&supplier_code=00100005&order_time=2024-02-22 HTTP/1.1" 200 408
124.78.67.200 - - [22/Feb/2024:09:12:06 +0800] "GET /xingrg/all/function/internal_message.html?_=1708564326556&CODE_STATE=getMsg HTTP/1.1" 200 27
116.238.97.31 - - [22/Feb/2024:09:12:12 +0800] "POST /xingrg/kc/buy/cgsh_order_operate.html HTTP/1.1" 200 12
116.228.172.94 - - [22/Feb/2024:09:12:12 +0800] "GET /xingrg/all/function/internal_message.html?_=1708564119126&CODE_STATE=getMsg HTTP/1.1" 200 27
116.238.97.31 - - [22/Feb/2024:09:12:15 +0800] "GET /xingrg/kc/buy/cgsh_order_info.html?code=212024022205747 HTTP/1.1" 200 68399
116.238.97.31 - - [22/Feb/2024:09:12:15 +0800] "GET /xingrg/javascript/easyui/themes/default/validatebox.css HTTP/1.1" 404 1104
116.238.97.31 - - [22/Feb/2024:09:12:16 +0800] "POST /xingrg/kc/buy/cgsh_order_operate.html HTTP/1.1" 200 2974
101.83.145.37 - - [22/Feb/2024:09:12:20 +0800] "GET /xingrg/kc/buy/cgsh_order_operate.html?command=get_materiel&rest_code=00105&code=00101008300&supplier_code=00100005&order_time=2024-02-22 HTTP/1.1" 200 412
116.224.254.208 - - [22/Feb/2024:09:12:20 +0800] "GET /xingrg/all/function/internal_message.html?_=1708564341037&CODE_STATE=getMsg HTTP/1.1" 200 27
116.238.97.31 - - [22/Feb/2024:09:12:20 +0800] "GET /xingrg/kc/print/load_config.html?kc_code=cgsh HTTP/1.1" 200 1927
116.238.97.31 - - [22/Feb/2024:09:12:21 +0800] "GET /xingrg/kc/print/load_data.html?order_code=212024022205747&kc_code=cgsh&condition= HTTP/1.1" 200 1566
116.232.194.112 - - [22/Feb/2024:09:12:23 +0800] "GET /xingrg/all/function/internal_message.html?_=1708564320307&CODE_STATE=getMsg HTTP/1.1" 200 27
101.83.145.37 - - [22/Feb/2024:09:12:29 +0800] "GET /xingrg/all/function/internal_message.html?_=1708564350549&CODE_STATE=getMsg HTTP/1.1" 200 27
101.83.145.37 - - [22/Feb/2024:09:12:30 +0800] "GET /xingrg/kc/buy/cgsh_order_operate.html?command=get_materiel&rest_code=00105&code=00101008251&supplier_code=00100005&order_time=2024-02-22 HTTP/1.1" 200 408
116.238.97.31 - - [22/Feb/2024:09:12:37 +0800] "GET /xingrg/kc/buy/cgsh_order_add.html HTTP/1.1" 200 73502
58.40.7.146 - - [22/Feb/2024:09:12:37 +0800] "GET /xingrg/all/function/internal_message.html?_=1708564357314&CODE_STATE=getMsg HTTP/1.1" 200 27
116.238.97.31 - - [22/Feb/2024:09:12:37 +0800] "POST /xingrg/kc/buy/cgsh_order_operate.html HTTP/1.1" 200 8245
116.238.97.31 - - [22/Feb/2024:09:12:37 +0800] "GET /xingrg/javascript/easyui/themes/default/validatebox.css HTTP/1.1" 404 1104
101.83.145.37 - - [22/Feb/2024:09:12:40 +0800] "GET /xingrg/kc/buy/cgsh_order_operate.html?command=get_materiel&rest_code=00105&code=00101008108&supplier_code=00100005&order_time=2024-02-22 HTTP/1.1" 200 412
180.169.147.146 - - [22/Feb/2024:09:12:43 +0800] "GET /xingrg/check_reg.html?_=1708564363063 HTTP/1.1" 200 22
218.79.28.144 - - [22/Feb/2024:09:12:43 +0800] "GET /xingrg/all/function/internal_message.html?_=1708564368250&CODE_STATE=getMsg HTTP/1.1" 200 27
116.238.97.31 - - [22/Feb/2024:09:12:48 +0800] "GET /xingrg/javascript/jquery_easy_ui/themes/default/images/tabs_active.png HTTP/1.1" 200 2894
101.83.145.37 - - [22/Feb/2024:09:12:49 +0800] "GET /xingrg/kc/buy/cgsh_order_operate.html?command=get_materiel&rest_code=00105&code=00101008098&supplier_code=00100005&order_time=2024-02-22 HTTP/1.1" 200 412
116.238.97.31 - - [22/Feb/2024:09:12:52 +0800] "GET /xingrg/javascript/easyui/themes/default/tree.css HTTP/1.1" 404 1090
116.238.97.31 - - [22/Feb/2024:09:12:53 +0800] "POST /xingrg/all/common/load_tree.html?tree=supplier_tree_json&isDelete=1 HTTP/1.1" 200 78460
116.230.123.222 - - [22/Feb/2024:09:12:57 +0800] "GET /xingrg/all/function/internal_message.html?_=1708564374647&CODE_STATE=getMsg HTTP/1.1" 200 27
116.230.123.222 - - [22/Feb/2024:09:12:57 +0800] "GET /xingrg/check_reg.html?_=1708564374650 HTTP/1.1" 200 22
116.232.194.112 - - [22/Feb/2024:09:12:58 +0800] "GET /xingrg/all/function/internal_message.html?_=1708564355282&CODE_STATE=getMsg HTTP/1.1" 200 27
58.40.7.146 - - [22/Feb/2024:09:12:59 +0800] "GET /xingrg/all/function/internal_message.html?_=1708564379629&CODE_STATE=getMsg HTTP/1.1" 200 27
221.239.172.101 - - [22/Feb/2024:09:13:01 +0800] "GET /xingrg/all/function/internal_message.html?_=1708564380411&CODE_STATE=getMsg HTTP/1.1" 200 27
101.83.145.37 - - [22/Feb/2024:09:13:06 +0800] "GET /xingrg/kc/buy/cgsh_order_operate.html?command=get_materiel&rest_code=00105&code=00101008298&supplier_code=00100005&order_time=2024-02-22 HTTP/1.1" 200 412
124.78.67.200 - - [22/Feb/2024:09:13:06 +0800] "GET /xingrg/all/function/internal_message.html?_=1708564386535&CODE_STATE=getMsg HTTP/1.1" 200 27
116.228.172.94 - - [22/Feb/2024:09:13:12 +0800] "GET /xingrg/all/function/internal_message.html?_=1708564179115&CODE_STATE=getMsg HTTP/1.1" 200 27
124.78.67.200 - - [22/Feb/2024:09:13:13 +0800] "POST /xingrg/kc/buy/cgsh_list_operate.html HTTP/1.1" 200 986
116.238.97.31 - - [22/Feb/2024:09:13:19 +0800] "GET /xingrg/kc/buy/cgsh_order_operate.html?command=get_materiel&rest_code=00102&code=00101002022&supplier_code=00100400&order_time=2024-02-22 HTTP/1.1" 200 409
116.224.254.208 - - [22/Feb/2024:09:13:20 +0800] "GET /xingrg/all/function/internal_message.html?_=1708564401038&CODE_STATE=getMsg HTTP/1.1" 200 27
116.224.254.208 - - [22/Feb/2024:09:13:20 +0800] "GET /xingrg/check_reg.html?_=1708564401041 HTTP/1.1" 200 22
61.170.234.204 - - [22/Feb/2024:09:13:20 +0800] "POST /xingrg/services/DataTransmitService HTTP/1.1" 200 524
101.83.145.37 - - [22/Feb/2024:09:13:22 +0800] "GET /xingrg/kc/buy/cgsh_order_operate.html?command=get_materiel&rest_code=00105&code=00101008150&supplier_code=00100005&order_time=2024-02-22 HTTP/1.1" 200 409
116.232.194.112 - - [22/Feb/2024:09:13:23 +0800] "GET /xingrg/all/function/internal_message.html?_=1708564380280&CODE_STATE=getMsg HTTP/1.1" 200 27
120.253.135.82 - - [22/Feb/2024:09:13:28 +0800] "GET /xingrg/check_reg.html?_=1708564241051 HTTP/1.1" 200 22
101.83.145.37 - - [22/Feb/2024:09:13:29 +0800] "GET /xingrg/all/function/internal_message.html?_=1708564410480&CODE_STATE=getMsg HTTP/1.1" 200 27
116.238.97.31 - - [22/Feb/2024:09:13:34 +0800] "GET /xingrg/kc/buy/cgsh_order_operate.html?command=get_materiel&rest_code=00102&code=00101002027&supplier_code=00100400&order_time=2024-02-22 HTTP/1.1" 200 434
58.40.7.146 - - [22/Feb/2024:09:13:37 +0800] "GET /xingrg/all/function/internal_message.html?_=1708564417317&CODE_STATE=getMsg HTTP/1.1" 200 27
124.78.67.200 - - [22/Feb/2024:09:13:38 +0800] "POST /xingrg/kc/buy/cgsh_order_operate.html HTTP/1.1" 200 8245
124.78.67.200 - - [22/Feb/2024:09:13:38 +0800] "GET /xingrg/javascript/easyui/themes/default/validatebox.css HTTP/1.1" 404 1104
101.83.145.37 - - [22/Feb/2024:09:13:38 +0800] "GET /xingrg/kc/buy/cgsh_order_operate.html?command=get_materiel&rest_code=00105&code=00101008350&supplier_code=00100005&order_time=2024-02-22 HTTP/1.1" 200 408
218.79.28.144 - - [22/Feb/2024:09:13:43 +0800] "GET /xingrg/all/function/internal_message.html?_=1708564428251&CODE_STATE=getMsg HTTP/1.1" 200 27
101.83.145.37 - - [22/Feb/2024:09:13:47 +0800] "GET /xingrg/kc/buy/cgsh_order_operate.html?command=get_materiel&rest_code=00105&code=00101008131&supplier_code=00100005&order_time=2024-02-22 HTTP/1.1" 200 408
124.78.67.200 - - [22/Feb/2024:09:13:47 +0800] "GET /xingrg/index.html?sysBaseUrl=http%3A%2F%2F180.169.147.146%3A18081%2Fxingrg%2F&costTime=816×tamp=1708419633088 HTTP/1.1" 200 17179
124.78.67.200 - - [22/Feb/2024:09:13:47 +0800] "GET /xingrg/javascript/jquery_easy_ui/themes/default/easyui.css HTTP/1.1" 304 -
124.78.67.200 - - [22/Feb/2024:09:13:47 +0800] "GET /xingrg/javascript/jquery_easy_ui/themes/icon.css HTTP/1.1" 304 -
124.78.67.200 - - [22/Feb/2024:09:13:47 +0800] "GET /xingrg/css/form.css HTTP/1.1" 304 -
124.78.67.200 - - [22/Feb/2024:09:13:47 +0800] "GET /xingrg/javascript/jquery-1.4.2.min.js HTTP/1.1" 304 -
124.78.67.200 - - [22/Feb/2024:09:13:47 +0800] "GET /xingrg/javascript/jquery_easy_ui/jquery.easyui.min.js HTTP/1.1" 304 -
124.78.67.200 - - [22/Feb/2024:09:13:47 +0800] "GET /xingrg/javascript/jquery_easy_ui/easyui-lang-zh_CN.js HTTP/1.1" 304 -
124.78.67.200 - - [22/Feb/2024:09:13:47 +0800] "GET /xingrg/javascript/jquery.form.js HTTP/1.1" 304 -
124.78.67.200 - - [22/Feb/2024:09:13:47 +0800] "GET /xingrg/javascript/jquery.utils.js HTTP/1.1" 304 -
124.78.67.200 - - [22/Feb/2024:09:13:47 +0800] "GET /xingrg/javascript/jquery.timers.js HTTP/1.1" 304 -
124.78.67.200 - - [22/Feb/2024:09:13:47 +0800] "GET /xingrg/images/blue/jxLogo.png HTTP/1.1" 304 -
124.78.67.200 - - [22/Feb/2024:09:13:47 +0800] "GET /xingrg/images/blue/navBackgound.jpg HTTP/1.1" 304 -
124.78.67.200 - - [22/Feb/2024:09:13:47 +0800] "GET /xingrg/javascript/jquery_easy_ui/themes/icons/settle_new.png HTTP/1.1" 304 -
124.78.67.200 - - [22/Feb/2024:09:13:47 +0800] "GET /xingrg/all/function/internal_message.html?_=1708564427980&CODE_STATE=count HTTP/1.1" 200 11
124.78.67.200 - - [22/Feb/2024:09:13:47 +0800] "GET /xingrg/check_reg.html?_=1708564427981 HTTP/1.1" 200 22
124.78.67.200 - - [22/Feb/2024:09:13:47 +0800] "GET /xingrg/javascript/jquery_easy_ui/themes/default/images/tabs_rightarrow.png HTTP/1.1" 304 -
124.78.67.200 - - [22/Feb/2024:09:13:47 +0800] "GET /xingrg/images/blue/pingpu.png HTTP/1.1" 304 -
124.78.67.200 - - [22/Feb/2024:09:13:47 +0800] "GET /xingrg/javascript/jquery_easy_ui/themes/default/images/tabs_leftarrow.png HTTP/1.1" 304 -
124.78.67.200 - - [22/Feb/2024:09:13:47 +0800] "GET /xingrg/javascript/jquery_easy_ui/themes/default/images/panel_tool_collapse.gif HTTP/1.1" 304 -
124.78.67.200 - - [22/Feb/2024:09:13:47 +0800] "POST /xingrg/all/common/load_tree.html?tree=area_rest_tree_json&manage=1 HTTP/1.1" 200 351
124.78.67.200 - - [22/Feb/2024:09:13:48 +0800] "POST /xingrg/load_menu.html HTTP/1.1" 200 5138
124.78.67.200 - - [22/Feb/2024:09:13:51 +0800] "GET /xingrg/css/new_ie.css HTTP/1.1" 404 1036
124.78.67.200 - - [22/Feb/2024:09:13:52 +0800] "GET /xingrg/images/yd/bt.gif HTTP/1.1" 404 1040
124.78.67.200 - - [22/Feb/2024:09:13:55 +0800] "POST /xingrg/kc/buy/cgsh_list_operate.html HTTP/1.1" 200 986
116.230.123.222 - - [22/Feb/2024:09:13:57 +0800] "GET /xingrg/all/function/internal_message.html?_=1708564434638&CODE_STATE=getMsg HTTP/1.1" 200 27
116.232.194.112 - - [22/Feb/2024:09:13:58 +0800] "GET /xingrg/all/function/internal_message.html?_=1708564415286&CODE_STATE=getMsg HTTP/1.1" 200 27
124.78.67.200 - - [22/Feb/2024:09:13:59 +0800] "POST /xingrg/kc/buy/cgsh_order_operate.html HTTP/1.1" 200 8245
58.40.7.146 - - [22/Feb/2024:09:13:59 +0800] "GET /xingrg/all/function/internal_message.html?_=1708564439617&CODE_STATE=getMsg HTTP/1.1" 200 27
124.78.67.200 - - [22/Feb/2024:09:13:59 +0800] "GET /xingrg/javascript/easyui/themes/default/validatebox.css HTTP/1.1" 404 1104
221.239.172.101 - - [22/Feb/2024:09:14:01 +0800] "GET /xingrg/all/function/internal_message.html?_=1708564440411&CODE_STATE=getMsg HTTP/1.1" 200 27
221.239.172.101 - - [22/Feb/2024:09:14:01 +0800] "GET /xingrg/check_reg.html?_=1708564440414 HTTP/1.1" 200 22
101.83.145.37 - - [22/Feb/2024:09:14:03 +0800] "GET /xingrg/kc/buy/cgsh_order_operate.html?command=get_materiel&rest_code=00105&code=00101008155&supplier_code=00100005&order_time=2024-02-22 HTTP/1.1" 200 408
124.78.67.200 - - [22/Feb/2024:09:14:04 +0800] "GET /xingrg/javascript/auto/indicator.gif HTTP/1.1" 404 1066
124.78.67.200 - - [22/Feb/2024:09:14:07 +0800] "GET /xingrg/kc/buy/cgsh_order_add.html HTTP/1.1" 200 73467
124.78.67.200 - - [22/Feb/2024:09:14:07 +0800] "GET /xingrg/css/base.css HTTP/1.1" 304 -
124.78.67.200 - - [22/Feb/2024:09:14:08 +0800] "GET /xingrg/css/site.css HTTP/1.1" 304 -
124.78.67.200 - - [22/Feb/2024:09:14:08 +0800] "GET /xingrg/javascript/jquery_tools/datebox.css HTTP/1.1" 304 -
124.78.67.200 - - [22/Feb/2024:09:14:08 +0800] "GET /xingrg/javascript/easyui/themes/default/easyui.css HTTP/1.1" 304 -
124.78.67.200 - - [22/Feb/2024:09:14:08 +0800] "GET /xingrg/javascript/easyui/themes/icon.css HTTP/1.1" 304 -
124.78.67.200 - - [22/Feb/2024:09:14:08 +0800] "GET /xingrg/javascript/auto/jquery.autocomplete.css HTTP/1.1" 304 -
124.78.67.200 - - [22/Feb/2024:09:14:08 +0800] "GET /xingrg/javascript/jquery_tools/fix.css HTTP/1.1" 304 -
124.78.67.200 - - [22/Feb/2024:09:14:08 +0800] "GET /xingrg/javascript/jquery_tools/table.css HTTP/1.1" 304 -
124.78.67.200 - - [22/Feb/2024:09:14:08 +0800] "GET /xingrg/javascript/pic_change.js HTTP/1.1" 304 -
124.78.67.200 - - [22/Feb/2024:09:14:08 +0800] "GET /xingrg/javascript/jquery_tools/jquery.tools.min.js HTTP/1.1" 304 -
124.78.67.200 - - [22/Feb/2024:09:14:08 +0800] "GET /xingrg/javascript/jquery_tools/jquery.tools.extend.js HTTP/1.1" 304 -
124.78.67.200 - - [22/Feb/2024:09:14:08 +0800] "GET /xingrg/javascript/jquery_tools/jquery.tools.hotkey.js HTTP/1.1" 304 -
124.78.67.200 - - [22/Feb/2024:09:14:08 +0800] "GET /xingrg/javascript/jquery_tools/jquery.tools.table.js HTTP/1.1" 304 -
124.78.67.200 - - [22/Feb/2024:09:14:08 +0800] "GET /xingrg/javascript/auto/jquery.autocomplete.js HTTP/1.1" 304 -
124.78.67.200 - - [22/Feb/2024:09:14:08 +0800] "GET /xingrg/javascript/easyui/easyloader.js HTTP/1.1" 304 -
124.78.67.200 - - [22/Feb/2024:09:14:08 +0800] "GET /xingrg/javascript/jquery.utils.js HTTP/1.1" 304 -
124.78.67.200 - - [22/Feb/2024:09:14:08 +0800] "GET /xingrg/javascript/jquery_tools/order_manager.js HTTP/1.1" 304 -
124.78.67.200 - - [22/Feb/2024:09:14:08 +0800] "GET /xingrg/javascript/convert.js HTTP/1.1" 304 -
124.78.67.200 - - [22/Feb/2024:09:14:08 +0800] "GET /xingrg/javascript/json2.js HTTP/1.1" 304 -
124.78.67.200 - - [22/Feb/2024:09:14:08 +0800] "GET /xingrg/javascript/jquery.cookie.js HTTP/1.1" 304 -
124.78.67.200 - - [22/Feb/2024:09:14:08 +0800] "GET /xingrg/javascript/print/kc_print.js HTTP/1.1" 304 -
124.78.67.200 - - [22/Feb/2024:09:14:08 +0800] "GET /xingrg/javascript/print/LodopFuncs.js HTTP/1.1" 304 -
124.78.67.200 - - [22/Feb/2024:09:14:08 +0800] "GET /xingrg/words/20240220145821_words.js HTTP/1.1" 304 -
124.78.67.200 - - [22/Feb/2024:09:14:08 +0800] "GET /xingrg/javascript/easyui/plugins/jquery.parser.js HTTP/1.1" 304 -
124.78.67.200 - - [22/Feb/2024:09:14:08 +0800] "GET /xingrg/images/control/ajaxLoader.gif HTTP/1.1" 304 -
124.78.67.200 - - [22/Feb/2024:09:14:08 +0800] "POST /xingrg/kc/buy/cgsh_order_operate.html HTTP/1.1" 200 8245
124.78.67.200 - - [22/Feb/2024:09:14:08 +0800] "GET /xingrg/javascript/easyui/themes/default/validatebox.css HTTP/1.1" 404 1104
116.228.172.94 - - [22/Feb/2024:09:14:12 +0800] "GET /xingrg/all/function/internal_message.html?_=1708564239104&CODE_STATE=getMsg HTTP/1.1" 200 27
101.83.145.37 - - [22/Feb/2024:09:14:13 +0800] "POST /xingrg/kc/buy/cgsh_order_operate.html HTTP/1.1" 200 2065
101.83.145.37 - - [22/Feb/2024:09:14:15 +0800] "POST /xingrg/kc/buy/cgsh_order_operate.html HTTP/1.1" 200 2065
124.78.67.200 - - [22/Feb/2024:09:14:17 +0800] "GET /xingrg/javascript/jquery_tools/images/next.gif HTTP/1.1" 404 1086
124.78.67.200 - - [22/Feb/2024:09:14:17 +0800] "GET /xingrg/javascript/jquery_tools/images/prev.gif HTTP/1.1" 404 1086
116.224.254.208 - - [22/Feb/2024:09:14:20 +0800] "GET /xingrg/all/function/internal_message.html?_=1708564461041&CODE_STATE=getMsg HTTP/1.1" 200 27
