61.170.234.204 - - [22/Feb/2024:10:56:05 +0800] "GET /xingrg/javascript/easyui/themes/icons/ok.png HTTP/1.1" 200 883
61.170.234.204 - - [22/Feb/2024:10:56:05 +0800] "GET /xingrg/javascript/easyui/themes/icons/print.png HTTP/1.1" 304 -
61.170.234.204 - - [22/Feb/2024:10:56:05 +0800] "GET /xingrg/javascript/easyui/themes/default/images/menu_downarrow.png HTTP/1.1" 304 -
61.170.234.204 - - [22/Feb/2024:10:56:05 +0800] "GET /xingrg/javascript/easyui/themes/icons/cancel.png HTTP/1.1" 304 -
61.170.234.204 - - [22/Feb/2024:10:56:05 +0800] "POST /xingrg/kc/base/wldb_order_operate.html HTTP/1.1" 200 6806
61.170.234.204 - - [22/Feb/2024:10:56:05 +0800] "GET /xingrg/all/common/auto_word.html?type=base&rest_code=00106 HTTP/1.1" 200 1799
61.170.234.204 - - [22/Feb/2024:10:56:05 +0800] "GET /xingrg/all/common/auto_word.html?type=base&rest_code=00106 HTTP/1.1" 200 1799
61.170.234.204 - - [22/Feb/2024:10:56:05 +0800] "GET /xingrg/javascript/easyui/themes/default/validatebox.css HTTP/1.1" 404 1104
61.170.234.204 - - [22/Feb/2024:10:56:05 +0800] "GET /xingrg/javascript/easyui/plugins/jquery.validatebox.js HTTP/1.1" 304 -
222.70.115.1 - - [22/Feb/2024:10:56:05 +0800] "GET /xingrg/all/function/internal_message.html?_=1708570572416&CODE_STATE=getMsg HTTP/1.1" 200 27
61.170.234.204 - - [22/Feb/2024:10:56:05 +0800] "GET /xingrg/javascript/easyui/themes/icons/edit_remove.png HTTP/1.1" 304 -
61.170.234.204 - - [22/Feb/2024:10:56:05 +0800] "GET /xingrg/javascript/easyui/plugins/jquery.numberbox.js HTTP/1.1" 304 -
61.170.234.204 - - [22/Feb/2024:10:56:07 +0800] "GET /xingrg/css/images/panel_loading.gif HTTP/1.1" 200 1737
61.170.234.204 - - [22/Feb/2024:10:56:07 +0800] "POST /xingrg/all/common/load_combo.html?type=base HTTP/1.1" 200 3227
61.170.234.204 - - [22/Feb/2024:10:56:11 +0800] "POST /xingrg/all/common/load_combo.html?type=base HTTP/1.1" 200 3227
116.228.172.94 - - [22/Feb/2024:10:56:12 +0800] "GET /xingrg/all/function/internal_message.html?_=1708570359123&CODE_STATE=getMsg HTTP/1.1" 200 27
116.224.254.208 - - [22/Feb/2024:10:56:16 +0800] "GET /xingrg/all/function/internal_message.html?_=1708570576703&CODE_STATE=getMsg HTTP/1.1" 200 27
116.232.194.112 - - [22/Feb/2024:10:56:21 +0800] "GET /xingrg/all/function/internal_message.html?_=1708570558479&CODE_STATE=getMsg HTTP/1.1" 200 27
117.25.15.249 - - [22/Feb/2024:10:56:24 +0800] "GET /xingrg/check_reg.html?_=1708570584521 HTTP/1.1" 200 22
117.25.15.249 - - [22/Feb/2024:10:56:24 +0800] "GET /xingrg/all/function/internal_message.html?_=1708570584529&CODE_STATE=getMsg HTTP/1.1" 200 27
116.230.123.222 - - [22/Feb/2024:10:56:26 +0800] "GET /xingrg/all/function/internal_message.html?_=1708570585605&CODE_STATE=getMsg HTTP/1.1" 200 27
101.83.145.37 - - [22/Feb/2024:10:56:27 +0800] "GET /xingrg/all/function/internal_message.html?_=1708570588243&CODE_STATE=getMsg HTTP/1.1" 200 27
58.40.7.146 - - [22/Feb/2024:10:56:37 +0800] "GET /xingrg/all/function/internal_message.html?_=1708570597402&CODE_STATE=getMsg HTTP/1.1" 200 27
116.232.194.112 - - [22/Feb/2024:10:56:39 +0800] "GET /xingrg/check_reg.html?_=1708570576177 HTTP/1.1" 200 22
61.170.234.204 - - [22/Feb/2024:10:56:42 +0800] "GET /xingrg/all/function/internal_message.html?_=1708570607722&CODE_STATE=getMsg HTTP/1.1" 200 27
218.79.28.144 - - [22/Feb/2024:10:56:43 +0800] "GET /xingrg/all/function/internal_message.html?_=1708570608306&CODE_STATE=getMsg HTTP/1.1" 200 27
180.163.29.212 - - [22/Feb/2024:10:56:43 +0800] "GET /xingrg/all/function/internal_message.html?_=1708570547739&CODE_STATE=getMsg HTTP/1.1" 302 -
180.163.29.212 - - [22/Feb/2024:10:56:44 +0800] "GET /xingrg/login.html HTTP/1.1" 200 7641
124.78.67.200 - - [22/Feb/2024:10:56:47 +0800] "GET /xingrg/all/function/internal_message.html?_=1708570607962&CODE_STATE=getMsg HTTP/1.1" 200 27
180.164.1.25 - - [22/Feb/2024:10:56:48 +0800] "GET /xingrg/all/function/internal_message.html?_=1708570608051&CODE_STATE=getMsg HTTP/1.1" 200 27
116.230.123.222 - - [22/Feb/2024:10:56:55 +0800] "GET /xingrg/all/function/internal_message.html?_=1708570613418&CODE_STATE=getMsg HTTP/1.1" 200 27
116.232.194.112 - - [22/Feb/2024:10:56:58 +0800] "GET /xingrg/all/function/internal_message.html?_=1708570595280&CODE_STATE=getMsg HTTP/1.1" 200 27
58.40.7.146 - - [22/Feb/2024:10:56:59 +0800] "GET /xingrg/all/function/internal_message.html?_=1708570619642&CODE_STATE=getMsg HTTP/1.1" 200 27
58.40.7.146 - - [22/Feb/2024:10:56:59 +0800] "GET /xingrg/check_reg.html?_=1708570619674 HTTP/1.1" 200 22
221.239.172.101 - - [22/Feb/2024:10:57:01 +0800] "GET /xingrg/all/function/internal_message.html?_=1708570620543&CODE_STATE=getMsg HTTP/1.1" 200 27
61.170.234.204 - - [22/Feb/2024:10:57:01 +0800] "GET /xingrg/all/function/internal_message.html?_=1708570622389&CODE_STATE=getMsg HTTP/1.1" 200 27
180.169.147.146 - - [22/Feb/2024:10:57:03 +0800] "GET /xingrg/all/function/internal_message.html?_=1708570623667&CODE_STATE=getMsg HTTP/1.1" 200 27
222.70.115.1 - - [22/Feb/2024:10:57:05 +0800] "GET /xingrg/all/function/internal_message.html?_=1708570632416&CODE_STATE=getMsg HTTP/1.1" 200 27
116.238.97.31 - - [22/Feb/2024:10:57:09 +0800] "GET /xingrg/kc/buy/cgsh_order_list.html HTTP/1.1" 200 57692
116.238.97.31 - - [22/Feb/2024:10:57:12 +0800] "POST /xingrg/kc/buy/cgsh_list_operate.html HTTP/1.1" 200 986
116.228.172.94 - - [22/Feb/2024:10:57:12 +0800] "GET /xingrg/all/function/internal_message.html?_=1708570419123&CODE_STATE=getMsg HTTP/1.1" 200 27
116.238.97.31 - - [22/Feb/2024:10:57:13 +0800] "GET /xingrg/kc/buy/cgsh_order_add.html HTTP/1.1" 200 73502
116.238.97.31 - - [22/Feb/2024:10:57:13 +0800] "POST /xingrg/kc/buy/cgsh_order_operate.html HTTP/1.1" 200 8245
116.238.97.31 - - [22/Feb/2024:10:57:13 +0800] "GET /xingrg/javascript/easyui/themes/default/validatebox.css HTTP/1.1" 404 1104
116.224.254.208 - - [22/Feb/2024:10:57:16 +0800] "GET /xingrg/all/function/internal_message.html?_=1708570636713&CODE_STATE=getMsg HTTP/1.1" 200 27
116.224.254.208 - - [22/Feb/2024:10:57:16 +0800] "GET /xingrg/check_reg.html?_=1708570636715 HTTP/1.1" 200 22
116.232.194.112 - - [22/Feb/2024:10:57:21 +0800] "GET /xingrg/all/function/internal_message.html?_=1708570618461&CODE_STATE=getMsg HTTP/1.1" 200 27
222.70.241.57 - - [22/Feb/2024:10:57:23 +0800] "GET /xingrg/check_reg.html?_=1708570657574 HTTP/1.1" 200 22
117.25.15.249 - - [22/Feb/2024:10:57:24 +0800] "GET /xingrg/all/function/internal_message.html?_=1708570644532&CODE_STATE=getMsg HTTP/1.1" 200 27
116.230.123.222 - - [22/Feb/2024:10:57:26 +0800] "GET /xingrg/check_reg.html?_=1708570645611 HTTP/1.1" 200 22
116.230.123.222 - - [22/Feb/2024:10:57:26 +0800] "GET /xingrg/all/function/internal_message.html?_=1708570645614&CODE_STATE=getMsg HTTP/1.1" 200 27
101.83.145.37 - - [22/Feb/2024:10:57:27 +0800] "GET /xingrg/all/function/internal_message.html?_=1708570648214&CODE_STATE=getMsg HTTP/1.1" 200 27
58.40.7.146 - - [22/Feb/2024:10:57:37 +0800] "GET /xingrg/all/function/internal_message.html?_=1708570657406&CODE_STATE=getMsg HTTP/1.1" 200 27
61.170.234.204 - - [22/Feb/2024:10:57:42 +0800] "GET /xingrg/all/function/internal_message.html?_=1708570667700&CODE_STATE=getMsg HTTP/1.1" 200 27
116.232.32.106 - - [22/Feb/2024:10:57:42 +0800] "POST /xingrg/services/DataTransmitService HTTP/1.1" 200 524
180.169.147.146 - - [22/Feb/2024:10:57:43 +0800] "GET /xingrg/check_reg.html?_=1708570662727 HTTP/1.1" 302 -
218.79.28.144 - - [22/Feb/2024:10:57:43 +0800] "GET /xingrg/all/function/internal_message.html?_=1708570668307&CODE_STATE=getMsg HTTP/1.1" 200 27
116.232.32.106 - - [22/Feb/2024:10:57:43 +0800] "POST /xingrg/services/DataTransmitService HTTP/1.1" 200 412
116.238.97.31 - - [22/Feb/2024:10:57:45 +0800] "GET /xingrg/kc/buy/cgsh_order_operate.html?command=get_materiel&rest_code=00102&code=00101020086&supplier_code=00100481&order_time=2024-02-22 HTTP/1.1" 200 417
124.78.67.200 - - [22/Feb/2024:10:57:47 +0800] "GET /xingrg/all/function/internal_message.html?_=1708570667943&CODE_STATE=getMsg HTTP/1.1" 200 27
180.164.1.25 - - [22/Feb/2024:10:57:48 +0800] "GET /xingrg/all/function/internal_message.html?_=1708570668078&CODE_STATE=getMsg HTTP/1.1" 200 27
116.230.123.222 - - [22/Feb/2024:10:57:55 +0800] "GET /xingrg/all/function/internal_message.html?_=1708570673403&CODE_STATE=getMsg HTTP/1.1" 200 27
116.230.123.222 - - [22/Feb/2024:10:57:56 +0800] "GET /xingrg/check_reg.html?_=1708570674514 HTTP/1.1" 200 22
116.232.194.112 - - [22/Feb/2024:10:57:58 +0800] "GET /xingrg/all/function/internal_message.html?_=1708570655277&CODE_STATE=getMsg HTTP/1.1" 200 27
58.40.7.146 - - [22/Feb/2024:10:57:59 +0800] "GET /xingrg/all/function/internal_message.html?_=1708570679646&CODE_STATE=getMsg HTTP/1.1" 200 27
221.239.172.101 - - [22/Feb/2024:10:58:01 +0800] "GET /xingrg/all/function/internal_message.html?_=1708570680548&CODE_STATE=getMsg HTTP/1.1" 200 27
61.170.234.204 - - [22/Feb/2024:10:58:01 +0800] "GET /xingrg/javascript/auto/indicator.gif HTTP/1.1" 404 1066
61.170.234.204 - - [22/Feb/2024:10:58:01 +0800] "GET /xingrg/check_reg.html?_=1708570682372 HTTP/1.1" 200 22
61.170.234.204 - - [22/Feb/2024:10:58:01 +0800] "GET /xingrg/all/function/internal_message.html?_=1708570682375&CODE_STATE=getMsg HTTP/1.1" 200 27
180.169.147.146 - - [22/Feb/2024:10:58:03 +0800] "GET /xingrg/all/function/internal_message.html?_=1708570683661&CODE_STATE=getMsg HTTP/1.1" 200 27
116.238.97.31 - - [22/Feb/2024:10:58:04 +0800] "GET /xingrg/check_reg.html?_=1708570685080 HTTP/1.1" 200 22
222.70.115.1 - - [22/Feb/2024:10:58:05 +0800] "GET /xingrg/all/function/internal_message.html?_=1708570692416&CODE_STATE=getMsg HTTP/1.1" 200 27
61.170.234.204 - - [22/Feb/2024:10:58:07 +0800] "GET /xingrg/kc/base/wldb_order_operate.html?command=get_materiel&rest_code=00106&base_code=0010396&code=00101019127 HTTP/1.1" 200 480
116.228.172.94 - - [22/Feb/2024:10:58:12 +0800] "GET /xingrg/all/function/internal_message.html?_=1708570479115&CODE_STATE=getMsg HTTP/1.1" 200 27
116.224.254.208 - - [22/Feb/2024:10:58:16 +0800] "GET /xingrg/all/function/internal_message.html?_=1708570696702&CODE_STATE=getMsg HTTP/1.1" 200 27
116.232.194.112 - - [22/Feb/2024:10:58:21 +0800] "GET /xingrg/all/function/internal_message.html?_=1708570678443&CODE_STATE=getMsg HTTP/1.1" 200 27
116.238.97.31 - - [22/Feb/2024:10:58:22 +0800] "POST /xingrg/kc/buy/cgsh_order_operate.html HTTP/1.1" 200 37
117.25.15.249 - - [22/Feb/2024:10:58:24 +0800] "GET /xingrg/all/function/internal_message.html?_=1708570704534&CODE_STATE=getMsg HTTP/1.1" 200 27
116.230.123.222 - - [22/Feb/2024:10:58:26 +0800] "GET /xingrg/all/function/internal_message.html?_=1708570705617&CODE_STATE=getMsg HTTP/1.1" 200 27
101.83.145.37 - - [22/Feb/2024:10:58:27 +0800] "GET /xingrg/all/function/internal_message.html?_=1708570708183&CODE_STATE=getMsg HTTP/1.1" 200 27
61.170.234.204 - - [22/Feb/2024:10:58:27 +0800] "GET /xingrg/kc/base/wldb_order_operate.html?command=get_materiel&rest_code=00106&base_code=0010396&code=00101019185 HTTP/1.1" 200 469
116.238.97.31 - - [22/Feb/2024:10:58:29 +0800] "POST /xingrg/kc/buy/cgsh_order_operate.html HTTP/1.1" 200 12
116.238.97.31 - - [22/Feb/2024:10:58:31 +0800] "GET /xingrg/kc/buy/cgsh_order_info.html?code=212024022205774 HTTP/1.1" 200 68421
116.238.97.31 - - [22/Feb/2024:10:58:31 +0800] "GET /xingrg/javascript/easyui/themes/default/validatebox.css HTTP/1.1" 404 1104
116.238.97.31 - - [22/Feb/2024:10:58:33 +0800] "POST /xingrg/kc/buy/cgsh_order_operate.html HTTP/1.1" 200 612
116.238.97.31 - - [22/Feb/2024:10:58:35 +0800] "GET /xingrg/kc/print/load_data.html?order_code=212024022205774&kc_code=cgsh&condition= HTTP/1.1" 200 701
58.40.7.146 - - [22/Feb/2024:10:58:37 +0800] "GET /xingrg/all/function/internal_message.html?_=1708570717394&CODE_STATE=getMsg HTTP/1.1" 200 27
180.163.30.76 - - [22/Feb/2024:10:58:42 +0800] "GET /xingrg/all/function/internal_message.html?_=1708570667700&CODE_STATE=getMsg HTTP/1.1" 302 -
61.170.234.204 - - [22/Feb/2024:10:58:42 +0800] "GET /xingrg/all/function/internal_message.html?_=1708570727677&CODE_STATE=getMsg HTTP/1.1" 200 27
180.163.30.76 - - [22/Feb/2024:10:58:42 +0800] "GET /xingrg/login.html HTTP/1.1" 200 7641
218.79.28.144 - - [22/Feb/2024:10:58:43 +0800] "GET /xingrg/all/function/internal_message.html?_=1708570728308&CODE_STATE=getMsg HTTP/1.1" 200 27
116.238.97.31 - - [22/Feb/2024:10:58:43 +0800] "GET /xingrg/kc/buy/cgsh_order_add.html HTTP/1.1" 200 73502
61.170.234.204 - - [22/Feb/2024:10:58:44 +0800] "GET /xingrg/kc/base/wldb_order_operate.html?command=get_materiel&rest_code=00106&base_code=0010396&code=00101019492 HTTP/1.1" 200 456
116.238.97.31 - - [22/Feb/2024:10:58:44 +0800] "POST /xingrg/kc/buy/cgsh_order_operate.html HTTP/1.1" 200 8245
116.238.97.31 - - [22/Feb/2024:10:58:44 +0800] "GET /xingrg/javascript/easyui/themes/default/validatebox.css HTTP/1.1" 404 1104
124.78.67.200 - - [22/Feb/2024:10:58:47 +0800] "GET /xingrg/all/function/internal_message.html?_=1708570727953&CODE_STATE=getMsg HTTP/1.1" 200 27
124.78.67.200 - - [22/Feb/2024:10:58:47 +0800] "GET /xingrg/check_reg.html?_=1708570727957 HTTP/1.1" 200 22
180.164.1.25 - - [22/Feb/2024:10:58:48 +0800] "GET /xingrg/all/function/internal_message.html?_=1708570728055&CODE_STATE=getMsg HTTP/1.1" 200 27
116.230.123.222 - - [22/Feb/2024:10:58:55 +0800] "GET /xingrg/all/function/internal_message.html?_=1708570733401&CODE_STATE=getMsg HTTP/1.1" 200 27
116.232.194.112 - - [22/Feb/2024:10:58:58 +0800] "GET /xingrg/all/function/internal_message.html?_=1708570715277&CODE_STATE=getMsg HTTP/1.1" 200 27
58.40.7.146 - - [22/Feb/2024:10:58:59 +0800] "GET /xingrg/all/function/internal_message.html?_=1708570739648&CODE_STATE=getMsg HTTP/1.1" 200 27
61.170.234.204 - - [22/Feb/2024:10:58:59 +0800] "GET /xingrg/kc/base/wldb_order_operate.html?command=get_materiel&rest_code=00106&base_code=0010396&code=00101019071 HTTP/1.1" 200 471
221.239.172.101 - - [22/Feb/2024:10:59:01 +0800] "GET /xingrg/all/function/internal_message.html?_=1708570740550&CODE_STATE=getMsg HTTP/1.1" 200 27
221.239.172.101 - - [22/Feb/2024:10:59:01 +0800] "GET /xingrg/check_reg.html?_=1708570740560 HTTP/1.1" 200 22
61.170.234.204 - - [22/Feb/2024:10:59:01 +0800] "GET /xingrg/all/function/internal_message.html?_=1708570742372&CODE_STATE=getMsg HTTP/1.1" 200 27
180.169.147.146 - - [22/Feb/2024:10:59:03 +0800] "GET /xingrg/check_reg.html?_=1708570743662 HTTP/1.1" 200 22
180.169.147.146 - - [22/Feb/2024:10:59:03 +0800] "GET /xingrg/all/function/internal_message.html?_=1708570743666&CODE_STATE=getMsg HTTP/1.1" 200 27
222.70.115.1 - - [22/Feb/2024:10:59:05 +0800] "GET /xingrg/all/function/internal_message.html?_=1708570752417&CODE_STATE=getMsg HTTP/1.1" 200 27
116.228.172.94 - - [22/Feb/2024:10:59:12 +0800] "GET /xingrg/all/function/internal_message.html?_=1708570539103&CODE_STATE=getMsg HTTP/1.1" 200 27
61.170.234.204 - - [22/Feb/2024:10:59:15 +0800] "GET /xingrg/kc/base/wldb_order_operate.html?command=get_materiel&rest_code=00106&base_code=0010396&code=00101019184 HTTP/1.1" 200 458
116.224.254.208 - - [22/Feb/2024:10:59:16 +0800] "GET /xingrg/all/function/internal_message.html?_=1708570756710&CODE_STATE=getMsg HTTP/1.1" 200 27
218.81.65.124 - - [22/Feb/2024:10:59:19 +0800] "GET /favicon.ico HTTP/1.1" 404 -
116.232.194.112 - - [22/Feb/2024:10:59:21 +0800] "GET /xingrg/all/function/internal_message.html?_=1708570738418&CODE_STATE=getMsg HTTP/1.1" 200 27
117.25.15.249 - - [22/Feb/2024:10:59:24 +0800] "GET /xingrg/all/function/internal_message.html?_=1708570764537&CODE_STATE=getMsg HTTP/1.1" 200 27
116.230.123.222 - - [22/Feb/2024:10:59:26 +0800] "GET /xingrg/all/function/internal_message.html?_=1708570765615&CODE_STATE=getMsg HTTP/1.1" 200 27
101.83.145.37 - - [22/Feb/2024:10:59:27 +0800] "GET /xingrg/all/function/internal_message.html?_=1708570768163&CODE_STATE=getMsg HTTP/1.1" 200 27
61.170.234.204 - - [22/Feb/2024:10:59:28 +0800] "GET /xingrg/kc/base/wldb_order_operate.html?command=get_materiel&rest_code=00106&base_code=0010396&code=00101019400 HTTP/1.1" 200 465
58.40.7.146 - - [22/Feb/2024:10:59:37 +0800] "GET /xingrg/all/function/internal_message.html?_=1708570777397&CODE_STATE=getMsg HTTP/1.1" 200 27
58.40.7.146 - - [22/Feb/2024:10:59:37 +0800] "GET /xingrg/check_reg.html?_=1708570777400 HTTP/1.1" 200 22
61.170.234.204 - - [22/Feb/2024:10:59:40 +0800] "GET /xingrg/kc/base/wldb_order_operate.html?command=get_materiel&rest_code=00106&base_code=0010396&code=00101019222 HTTP/1.1" 200 452
61.170.234.204 - - [22/Feb/2024:10:59:42 +0800] "GET /xingrg/all/function/internal_message.html?_=1708570787658&CODE_STATE=getMsg HTTP/1.1" 200 27
218.79.28.144 - - [22/Feb/2024:10:59:43 +0800] "GET /xingrg/all/function/internal_message.html?_=1708570788308&CODE_STATE=getMsg HTTP/1.1" 200 27
124.78.67.200 - - [22/Feb/2024:10:59:47 +0800] "GET /xingrg/all/function/internal_message.html?_=1708570787950&CODE_STATE=getMsg HTTP/1.1" 200 27
180.164.1.25 - - [22/Feb/2024:10:59:48 +0800] "GET /xingrg/all/function/internal_message.html?_=1708570788067&CODE_STATE=getMsg HTTP/1.1" 200 27
180.164.1.25 - - [22/Feb/2024:10:59:48 +0800] "GET /xingrg/check_reg.html?_=1708570788071 HTTP/1.1" 200 22
116.230.123.222 - - [22/Feb/2024:10:59:55 +0800] "GET /xingrg/all/function/internal_message.html?_=1708570793384&CODE_STATE=getMsg HTTP/1.1" 200 27
61.170.234.204 - - [22/Feb/2024:10:59:58 +0800] "GET /xingrg/kc/base/wldb_order_operate.html?command=get_materiel&rest_code=00106&base_code=0010396&code=00101016094 HTTP/1.1" 200 470
116.232.194.112 - - [22/Feb/2024:10:59:58 +0800] "GET /xingrg/all/function/internal_message.html?_=1708570775272&CODE_STATE=getMsg HTTP/1.1" 200 27
116.232.194.112 - - [22/Feb/2024:10:59:58 +0800] "GET /xingrg/check_reg.html?_=1708570775274 HTTP/1.1" 200 22
58.40.7.146 - - [22/Feb/2024:10:59:59 +0800] "GET /xingrg/all/function/internal_message.html?_=1708570799651&CODE_STATE=getMsg HTTP/1.1" 200 27
221.239.172.101 - - [22/Feb/2024:11:00:01 +0800] "GET /xingrg/all/function/internal_message.html?_=1708570800544&CODE_STATE=getMsg HTTP/1.1" 200 27
61.170.234.204 - - [22/Feb/2024:11:00:01 +0800] "GET /xingrg/all/function/internal_message.html?_=1708570802376&CODE_STATE=getMsg HTTP/1.1" 200 27
180.169.147.146 - - [22/Feb/2024:11:00:03 +0800] "GET /xingrg/all/function/internal_message.html?_=1708570803661&CODE_STATE=getMsg HTTP/1.1" 200 27
222.70.115.1 - - [22/Feb/2024:11:00:05 +0800] "GET /xingrg/check_reg.html?_=1708570812422 HTTP/1.1" 200 22
222.70.115.1 - - [22/Feb/2024:11:00:05 +0800] "GET /xingrg/all/function/internal_message.html?_=1708570812424&CODE_STATE=getMsg HTTP/1.1" 200 27
120.253.135.82 - - [22/Feb/2024:11:00:11 +0800] "GET /xingrg/check_reg.html?_=1708570645074 HTTP/1.1" 200 22
116.224.254.208 - - [22/Feb/2024:11:00:12 +0800] "POST /xingrg/services/DataTransmitService HTTP/1.1" 200 524
116.228.172.94 - - [22/Feb/2024:11:00:12 +0800] "GET /xingrg/all/function/internal_message.html?_=1708570599110&CODE_STATE=getMsg HTTP/1.1" 200 27
116.228.172.94 - - [22/Feb/2024:11:00:12 +0800] "GET /xingrg/check_reg.html?_=1708570599112 HTTP/1.1" 200 22
116.224.254.208 - - [22/Feb/2024:11:00:13 +0800] "POST /xingrg/services/DataTransmitService HTTP/1.1" 200 412
116.224.254.208 - - [22/Feb/2024:11:00:16 +0800] "GET /xingrg/all/function/internal_message.html?_=1708570816709&CODE_STATE=getMsg HTTP/1.1" 200 27
116.232.194.112 - - [22/Feb/2024:11:00:21 +0800] "GET /xingrg/all/function/internal_message.html?_=1708570798392&CODE_STATE=getMsg HTTP/1.1" 200 27
117.25.15.249 - - [22/Feb/2024:11:00:24 +0800] "GET /xingrg/all/function/internal_message.html?_=1708570824526&CODE_STATE=getMsg HTTP/1.1" 200 27
116.230.123.222 - - [22/Feb/2024:11:00:26 +0800] "GET /xingrg/all/function/internal_message.html?_=1708570825617&CODE_STATE=getMsg HTTP/1.1" 200 27
61.170.234.204 - - [22/Feb/2024:11:00:26 +0800] "POST /xingrg/kc/base/wldb_order_operate.html HTTP/1.1" 200 37
101.83.145.37 - - [22/Feb/2024:11:00:27 +0800] "GET /xingrg/all/function/internal_message.html?_=1708570828130&CODE_STATE=getMsg HTTP/1.1" 200 27
61.170.234.204 - - [22/Feb/2024:11:00:27 +0800] "POST /xingrg/kc/base/wldb_order_operate.html HTTP/1.1" 200 5694
61.170.234.204 - - [22/Feb/2024:11:00:27 +0800] "GET /xingrg/kc/base/wldb_order_info.html?code=422024022201717 HTTP/1.1" 200 30359
61.170.234.204 - - [22/Feb/2024:11:00:28 +0800] "GET /xingrg/javascript/easyui/themes/default/validatebox.css HTTP/1.1" 404 1104
61.170.234.204 - - [22/Feb/2024:11:00:28 +0800] "POST /xingrg/kc/base/wldb_order_operate.html HTTP/1.1" 200 5694
101.83.145.37 - - [22/Feb/2024:11:00:29 +0800] "GET /xingrg/check_reg.html?_=1708570830600 HTTP/1.1" 200 22
61.170.234.204 - - [22/Feb/2024:11:00:32 +0800] "GET /xingrg/kc/base/wldb_order_add.html HTTP/1.1" 200 30344
61.170.234.204 - - [22/Feb/2024:11:00:32 +0800] "POST /xingrg/kc/base/wldb_order_operate.html HTTP/1.1" 200 6806
61.170.234.204 - - [22/Feb/2024:11:00:32 +0800] "GET /xingrg/javascript/easyui/themes/default/validatebox.css HTTP/1.1" 404 1104
61.170.234.204 - - [22/Feb/2024:11:00:33 +0800] "POST /xingrg/all/common/load_combo.html?type=base HTTP/1.1" 200 3227
58.40.7.146 - - [22/Feb/2024:11:00:37 +0800] "GET /xingrg/all/function/internal_message.html?_=1708570837401&CODE_STATE=getMsg HTTP/1.1" 200 27
61.170.234.204 - - [22/Feb/2024:11:00:38 +0800] "POST /xingrg/all/common/load_combo.html?type=base HTTP/1.1" 200 3227
61.170.234.204 - - [22/Feb/2024:11:00:42 +0800] "GET /xingrg/all/function/internal_message.html?_=1708570847641&CODE_STATE=getMsg HTTP/1.1" 200 27
180.163.28.114 - - [22/Feb/2024:11:00:42 +0800] "GET /xingrg/all/function/internal_message.html?_=1708570787658&CODE_STATE=getMsg HTTP/1.1" 302 -
61.170.234.204 - - [22/Feb/2024:11:00:43 +0800] "GET /xingrg/check_reg.html?_=1708570848329 HTTP/1.1" 200 22
218.79.28.144 - - [22/Feb/2024:11:00:43 +0800] "GET /xingrg/all/function/internal_message.html?_=1708570848311&CODE_STATE=getMsg HTTP/1.1" 200 27
218.79.28.144 - - [22/Feb/2024:11:00:43 +0800] "GET /xingrg/check_reg.html?_=1708570848317 HTTP/1.1" 200 22
180.163.28.114 - - [22/Feb/2024:11:00:44 +0800] "GET /xingrg/login.html HTTP/1.1" 200 7641
124.78.67.200 - - [22/Feb/2024:11:00:47 +0800] "GET /xingrg/all/function/internal_message.html?_=1708570847942&CODE_STATE=getMsg HTTP/1.1" 200 27
180.164.1.25 - - [22/Feb/2024:11:00:48 +0800] "GET /xingrg/all/function/internal_message.html?_=1708570848070&CODE_STATE=getMsg HTTP/1.1" 200 27
116.230.123.222 - - [22/Feb/2024:11:00:55 +0800] "GET /xingrg/all/function/internal_message.html?_=1708570853369&CODE_STATE=getMsg HTTP/1.1" 200 27
116.232.194.112 - - [22/Feb/2024:11:00:58 +0800] "GET /xingrg/all/function/internal_message.html?_=1708570835278&CODE_STATE=getMsg HTTP/1.1" 200 27
58.40.7.146 - - [22/Feb/2024:11:00:59 +0800] "GET /xingrg/all/function/internal_message.html?_=1708570859655&CODE_STATE=getMsg HTTP/1.1" 200 27
221.239.172.101 - - [22/Feb/2024:11:01:01 +0800] "GET /xingrg/all/function/internal_message.html?_=1708570860551&CODE_STATE=getMsg HTTP/1.1" 200 27
61.170.234.204 - - [22/Feb/2024:11:01:01 +0800] "GET /xingrg/all/function/internal_message.html?_=1708570862401&CODE_STATE=getMsg HTTP/1.1" 200 27
180.169.147.146 - - [22/Feb/2024:11:01:03 +0800] "GET /xingrg/all/function/internal_message.html?_=1708570863655&CODE_STATE=getMsg HTTP/1.1" 200 27
222.70.115.1 - - [22/Feb/2024:11:01:05 +0800] "GET /xingrg/all/function/internal_message.html?_=1708570872436&CODE_STATE=getMsg HTTP/1.1" 200 27
116.228.172.94 - - [22/Feb/2024:11:01:12 +0800] "GET /xingrg/all/function/internal_message.html?_=1708570659109&CODE_STATE=getMsg HTTP/1.1" 200 27
116.224.254.208 - - [22/Feb/2024:11:01:16 +0800] "GET /xingrg/all/function/internal_message.html?_=1708570876702&CODE_STATE=getMsg HTTP/1.1" 200 27
116.232.194.112 - - [22/Feb/2024:11:01:21 +0800] "GET /xingrg/all/function/internal_message.html?_=1708570858365&CODE_STATE=getMsg HTTP/1.1" 200 27
117.25.15.249 - - [22/Feb/2024:11:01:24 +0800] "GET /xingrg/check_reg.html?_=1708570884531 HTTP/1.1" 200 22
117.25.15.249 - - [22/Feb/2024:11:01:24 +0800] "GET /xingrg/all/function/internal_message.html?_=1708570884533&CODE_STATE=getMsg HTTP/1.1" 200 27
116.230.123.222 - - [22/Feb/2024:11:01:26 +0800] "GET /xingrg/all/function/internal_message.html?_=1708570885608&CODE_STATE=getMsg HTTP/1.1" 200 27
101.83.145.37 - - [22/Feb/2024:11:01:27 +0800] "GET /xingrg/all/function/internal_message.html?_=1708570888109&CODE_STATE=getMsg HTTP/1.1" 200 27
58.40.7.146 - - [22/Feb/2024:11:01:37 +0800] "GET /xingrg/all/function/internal_message.html?_=1708570897404&CODE_STATE=getMsg HTTP/1.1" 200 27
116.232.194.112 - - [22/Feb/2024:11:01:39 +0800] "GET /xingrg/check_reg.html?_=1708570876177 HTTP/1.1" 200 22
61.170.234.204 - - [22/Feb/2024:11:01:41 +0800] "GET /xingrg/kc/base/wldb_order_operate.html?command=get_materiel&rest_code=00106&base_code=0010396&code=00101019258 HTTP/1.1" 200 483
61.170.234.204 - - [22/Feb/2024:11:01:42 +0800] "GET /xingrg/all/function/internal_message.html?_=1708570907620&CODE_STATE=getMsg HTTP/1.1" 200 27
180.163.28.55 - - [22/Feb/2024:11:01:42 +0800] "GET /xingrg/all/function/internal_message.html?_=1708570847641&CODE_STATE=getMsg HTTP/1.1" 302 -
180.163.29.217 - - [22/Feb/2024:11:01:43 +0800] "GET /xingrg/check_reg.html?_=1708570848329 HTTP/1.1" 302 -
218.79.28.144 - - [22/Feb/2024:11:01:43 +0800] "GET /xingrg/all/function/internal_message.html?_=1708570908320&CODE_STATE=getMsg HTTP/1.1" 200 27
180.163.28.55 - - [22/Feb/2024:11:01:43 +0800] "GET /xingrg/login.html HTTP/1.1" 200 7641
180.163.29.217 - - [22/Feb/2024:11:01:44 +0800] "GET /xingrg/login.html HTTP/1.1" 200 7641
124.78.67.200 - - [22/Feb/2024:11:01:47 +0800] "GET /xingrg/all/function/internal_message.html?_=1708570907951&CODE_STATE=getMsg HTTP/1.1" 200 27
180.164.1.25 - - [22/Feb/2024:11:01:48 +0800] "GET /xingrg/all/function/internal_message.html?_=1708570908068&CODE_STATE=getMsg HTTP/1.1" 200 27
61.170.234.204 - - [22/Feb/2024:11:01:52 +0800] "GET /xingrg/kc/base/wldb_order_operate.html?command=get_materiel&rest_code=00106&base_code=0010396&code=00101016020 HTTP/1.1" 200 446
116.230.123.222 - - [22/Feb/2024:11:01:55 +0800] "GET /xingrg/all/function/internal_message.html?_=1708570913354&CODE_STATE=getMsg HTTP/1.1" 200 27
116.232.194.112 - - [22/Feb/2024:11:01:58 +0800] "GET /xingrg/all/function/internal_message.html?_=1708570895279&CODE_STATE=getMsg HTTP/1.1" 200 27
58.40.7.146 - - [22/Feb/2024:11:01:59 +0800] "GET /xingrg/all/function/internal_message.html?_=1708570919657&CODE_STATE=getMsg HTTP/1.1" 200 27
58.40.7.146 - - [22/Feb/2024:11:01:59 +0800] "GET /xingrg/check_reg.html?_=1708570919659 HTTP/1.1" 200 22
221.239.172.101 - - [22/Feb/2024:11:02:01 +0800] "GET /xingrg/all/function/internal_message.html?_=1708570920553&CODE_STATE=getMsg HTTP/1.1" 200 27
61.170.234.204 - - [22/Feb/2024:11:02:01 +0800] "GET /xingrg/all/function/internal_message.html?_=1708570922415&CODE_STATE=getMsg HTTP/1.1" 200 27
180.169.147.146 - - [22/Feb/2024:11:02:03 +0800] "GET /xingrg/all/function/internal_message.html?_=1708570923664&CODE_STATE=getMsg HTTP/1.1" 200 27
222.70.115.1 - - [22/Feb/2024:11:02:05 +0800] "GET /xingrg/all/function/internal_message.html?_=1708570932437&CODE_STATE=getMsg HTTP/1.1" 200 27
61.170.234.204 - - [22/Feb/2024:11:02:06 +0800] "POST /xingrg/kc/base/wldb_order_operate.html HTTP/1.1" 200 37
61.170.234.204 - - [22/Feb/2024:11:02:07 +0800] "POST /xingrg/kc/base/wldb_order_operate.html HTTP/1.1" 200 3207
61.170.234.204 - - [22/Feb/2024:11:02:08 +0800] "GET /xingrg/kc/base/wldb_order_info.html?code=422024022201718 HTTP/1.1" 200 30359
61.170.234.204 - - [22/Feb/2024:11:02:08 +0800] "GET /xingrg/javascript/easyui/themes/default/validatebox.css HTTP/1.1" 404 1104
61.170.234.204 - - [22/Feb/2024:11:02:09 +0800] "POST /xingrg/kc/base/wldb_order_operate.html HTTP/1.1" 200 3207
116.228.172.94 - - [22/Feb/2024:11:02:12 +0800] "GET /xingrg/all/function/internal_message.html?_=1708570719121&CODE_STATE=getMsg HTTP/1.1" 200 27
61.170.234.204 - - [22/Feb/2024:11:02:13 +0800] "GET /xingrg/kc/print/load_config.html?kc_code=wldb HTTP/1.1" 200 2261
61.170.234.204 - - [22/Feb/2024:11:02:14 +0800] "GET /xingrg/kc/print/load_data.html?order_code=422024022201718&kc_code=wldb&condition= HTTP/1.1" 200 876
116.224.254.208 - - [22/Feb/2024:11:02:16 +0800] "GET /xingrg/all/function/internal_message.html?_=1708570936717&CODE_STATE=getMsg HTTP/1.1" 200 27
116.224.254.208 - - [22/Feb/2024:11:02:16 +0800] "GET /xingrg/check_reg.html?_=1708570936720 HTTP/1.1" 200 22
116.232.194.112 - - [22/Feb/2024:11:02:21 +0800] "GET /xingrg/all/function/internal_message.html?_=1708570918350&CODE_STATE=getMsg HTTP/1.1" 200 27
222.70.241.57 - - [22/Feb/2024:11:02:23 +0800] "GET /xingrg/check_reg.html?_=1708570957581 HTTP/1.1" 200 22
117.25.15.249 - - [22/Feb/2024:11:02:24 +0800] "GET /xingrg/all/function/internal_message.html?_=1708570944534&CODE_STATE=getMsg HTTP/1.1" 200 27
218.81.65.124 - - [22/Feb/2024:11:02:24 +0800] "GET /favicon.ico HTTP/1.1" 404 -
116.230.123.222 - - [22/Feb/2024:11:02:26 +0800] "GET /xingrg/all/function/internal_message.html?_=1708570945623&CODE_STATE=getMsg HTTP/1.1" 200 27
116.230.123.222 - - [22/Feb/2024:11:02:26 +0800] "GET /xingrg/check_reg.html?_=1708570945630 HTTP/1.1" 200 22
61.170.234.204 - - [22/Feb/2024:11:02:26 +0800] "GET /xingrg/kc/base/base_main.html HTTP/1.1" 200 12142
101.83.145.37 - - [22/Feb/2024:11:02:27 +0800] "GET /xingrg/all/function/internal_message.html?_=1708570948085&CODE_STATE=getMsg HTTP/1.1" 200 27
61.170.234.204 - - [22/Feb/2024:11:02:27 +0800] "GET /xingrg/kc/base/wldb_order_list.html HTTP/1.1" 200 19013
61.170.234.204 - - [22/Feb/2024:11:02:28 +0800] "POST /xingrg/kc/base/wldb_list_operate.html HTTP/1.1" 200 2166
61.170.234.204 - - [22/Feb/2024:11:02:32 +0800] "GET /xingrg/kc/buy/buy_main.html HTTP/1.1" 200 12412
61.170.234.204 - - [22/Feb/2024:11:02:32 +0800] "GET /xingrg/css/new_ie.css HTTP/1.1" 404 1036
61.170.234.204 - - [22/Feb/2024:11:02:32 +0800] "GET /xingrg/javascript/ToolTips.js HTTP/1.1" 304 -
61.170.234.204 - - [22/Feb/2024:11:02:32 +0800] "GET /xingrg/javascript/jquery_ui/jquery-ui.min.js HTTP/1.1" 304 -
61.170.234.204 - - [22/Feb/2024:11:02:32 +0800] "GET /xingrg/images/blue/button/cgfkd.gif HTTP/1.1" 304 -
61.170.234.204 - - [22/Feb/2024:11:02:32 +0800] "GET /xingrg/images/blue/button/cgshd.gif HTTP/1.1" 304 -
61.170.234.204 - - [22/Feb/2024:11:02:32 +0800] "GET /xingrg/images/blue/button/cgydd.gif HTTP/1.1" 304 -
61.170.234.204 - - [22/Feb/2024:11:02:32 +0800] "GET /xingrg/images/blue/button/cgxqd.gif HTTP/1.1" 304 -
61.170.234.204 - - [22/Feb/2024:11:02:32 +0800] "GET /xingrg/images/blue/button/ckthd.gif HTTP/1.1" 304 -
61.170.234.204 - - [22/Feb/2024:11:02:32 +0800] "GET /xingrg/javascript/jquery_ui/themes/humanity/images/ui-bg_inset-soft_100_f4f0ec_1x100.png HTTP/1.1" 304 -
61.170.234.204 - - [22/Feb/2024:11:02:32 +0800] "GET /xingrg/images/blue/button/down_ah.jpg HTTP/1.1" 304 -
61.170.234.204 - - [22/Feb/2024:11:02:32 +0800] "GET /xingrg/javascript/jquery_ui/themes/humanity/images/ui-iconsnew.jpg HTTP/1.1" 304 -
61.170.234.204 - - [22/Feb/2024:11:02:32 +0800] "GET /xingrg/javascript/jquery_ui/themes/humanity/images/ui-bg_glass_70_ede4d4_1x400.png HTTP/1.1" 304 -
61.170.234.204 - - [22/Feb/2024:11:02:32 +0800] "GET /xingrg/javascript/jquery_ui/themes/humanity/images/ui-icons_ffffff_256x240.png HTTP/1.1" 304 -
61.170.234.204 - - [22/Feb/2024:11:02:32 +0800] "GET /xingrg/javascript/jquery_ui/themes/humanity/images/ui-icons_c47a23_256x240.png HTTP/1.1" 304 -
61.170.234.204 - - [22/Feb/2024:11:02:33 +0800] "GET /xingrg/images/yd/bt.gif HTTP/1.1" 404 1040
61.170.234.204 - - [22/Feb/2024:11:02:34 +0800] "GET /xingrg/kc/buy/cgsh_order_list.html HTTP/1.1" 200 57692
58.40.7.146 - - [22/Feb/2024:11:02:37 +0800] "GET /xingrg/all/function/internal_message.html?_=1708570957408&CODE_STATE=getMsg HTTP/1.1" 200 27
61.170.234.204 - - [22/Feb/2024:11:02:38 +0800] "POST /xingrg/kc/buy/cgsh_list_operate.html HTTP/1.1" 200 1854
61.170.234.204 - - [22/Feb/2024:11:02:42 +0800] "GET /xingrg/all/function/internal_message.html?_=1708570967604&CODE_STATE=getMsg HTTP/1.1" 200 27
61.170.234.204 - - [22/Feb/2024:11:02:42 +0800] "GET /xingrg/kc/base/base_main.html HTTP/1.1" 200 12142
180.169.147.146 - - [22/Feb/2024:11:02:43 +0800] "GET /xingrg/check_reg.html?_=1708570962723 HTTP/1.1" 302 -
218.79.28.144 - - [22/Feb/2024:11:02:43 +0800] "GET /xingrg/all/function/internal_message.html?_=1708570968322&CODE_STATE=getMsg HTTP/1.1" 200 27
61.170.234.204 - - [22/Feb/2024:11:02:44 +0800] "GET /xingrg/kc/buy/buy_main.html HTTP/1.1" 200 12412
61.170.234.204 - - [22/Feb/2024:11:02:44 +0800] "GET /xingrg/css/new_ie.css HTTP/1.1" 404 1036
61.170.234.204 - - [22/Feb/2024:11:02:45 +0800] "GET /xingrg/images/yd/bt.gif HTTP/1.1" 404 1040
61.170.234.204 - - [22/Feb/2024:11:02:47 +0800] "GET /xingrg/kc/buy/cgsh_order_list.html HTTP/1.1" 200 57692
124.78.67.200 - - [22/Feb/2024:11:02:47 +0800] "GET /xingrg/all/function/internal_message.html?_=1708570967955&CODE_STATE=getMsg HTTP/1.1" 200 27
180.164.1.25 - - [22/Feb/2024:11:02:48 +0800] "GET /xingrg/all/function/internal_message.html?_=1708570968075&CODE_STATE=getMsg HTTP/1.1" 200 27
61.170.234.204 - - [22/Feb/2024:11:02:50 +0800] "POST /xingrg/kc/buy/cgsh_list_operate.html HTTP/1.1" 200 1854
61.170.234.204 - - [22/Feb/2024:11:02:54 +0800] "POST /xingrg/kc/buy/cgsh_list_operate.html HTTP/1.1" 200 576
116.230.123.222 - - [22/Feb/2024:11:02:55 +0800] "GET /xingrg/all/function/internal_message.html?_=1708570973339&CODE_STATE=getMsg HTTP/1.1" 200 27
61.170.234.204 - - [22/Feb/2024:11:02:55 +0800] "GET /xingrg/kc/buy/cgsh_order_info.html?code=212024022205767 HTTP/1.1" 200 73466
61.170.234.204 - - [22/Feb/2024:11:02:56 +0800] "GET /xingrg/javascript/easyui/themes/icons/copy_new.png HTTP/1.1" 304 -
61.170.234.204 - - [22/Feb/2024:11:02:56 +0800] "GET /xingrg/javascript/easyui/themes/default/validatebox.css HTTP/1.1" 404 1104
61.170.234.204 - - [22/Feb/2024:11:02:56 +0800] "GET /xingrg/all/common/auto_word.html?type=employee&rest_code=00106 HTTP/1.1" 200 205
61.170.234.204 - - [22/Feb/2024:11:02:56 +0800] "GET /xingrg/all/common/auto_word.html?type=employee&rest_code=00106 HTTP/1.1" 200 205
116.230.123.222 - - [22/Feb/2024:11:02:56 +0800] "GET /xingrg/check_reg.html?_=1708570974511 HTTP/1.1" 200 22
61.170.234.204 - - [22/Feb/2024:11:02:57 +0800] "POST /xingrg/kc/buy/cgsh_order_operate.html HTTP/1.1" 200 12207
116.232.194.112 - - [22/Feb/2024:11:02:58 +0800] "GET /xingrg/all/function/internal_message.html?_=1708570955277&CODE_STATE=getMsg HTTP/1.1" 200 27
58.40.7.146 - - [22/Feb/2024:11:02:59 +0800] "GET /xingrg/all/function/internal_message.html?_=1708570979645&CODE_STATE=getMsg HTTP/1.1" 200 27
221.239.172.101 - - [22/Feb/2024:11:03:01 +0800] "GET /xingrg/all/function/internal_message.html?_=1708570980552&CODE_STATE=getMsg HTTP/1.1" 200 27
61.170.234.204 - - [22/Feb/2024:11:03:01 +0800] "GET /xingrg/check_reg.html?_=1708570982397 HTTP/1.1" 200 22
61.170.234.204 - - [22/Feb/2024:11:03:01 +0800] "GET /xingrg/all/function/internal_message.html?_=1708570982400&CODE_STATE=getMsg HTTP/1.1" 200 27
180.169.147.146 - - [22/Feb/2024:11:03:03 +0800] "GET /xingrg/all/function/internal_message.html?_=1708570983664&CODE_STATE=getMsg HTTP/1.1" 200 27
116.238.97.31 - - [22/Feb/2024:11:03:04 +0800] "GET /xingrg/check_reg.html?_=1708570985062 HTTP/1.1" 200 22
222.70.115.1 - - [22/Feb/2024:11:03:05 +0800] "GET /xingrg/all/function/internal_message.html?_=1708570992437&CODE_STATE=getMsg HTTP/1.1" 200 27
61.170.234.204 - - [22/Feb/2024:11:03:07 +0800] "GET /xingrg/kc/base/base_main.html HTTP/1.1" 200 12142
117.25.15.249 - - [22/Feb/2024:11:03:11 +0800] "POST /xingrg/dwr/call/plaincall/AjaxReportQueryService.getFixDate.dwr HTTP/1.1" 200 112
116.228.172.94 - - [22/Feb/2024:11:03:12 +0800] "GET /xingrg/all/function/internal_message.html?_=1708570779115&CODE_STATE=getMsg HTTP/1.1" 200 27
117.25.15.249 - - [22/Feb/2024:11:03:14 +0800] "POST /xingrg/dwr/call/plaincall/AjaxReportQueryService.getFixDate.dwr HTTP/1.1" 200 112
117.25.15.249 - - [22/Feb/2024:11:03:15 +0800] "POST /xingrg/dwr/call/plaincall/AjaxReportQueryService.refreshCache.dwr HTTP/1.1" 200 79
117.25.15.249 - - [22/Feb/2024:11:03:16 +0800] "POST /xingrg/all/report/load_report_page.html HTTP/1.1" 200 61037
117.25.15.249 - - [22/Feb/2024:11:03:16 +0800] "GET /xingrg/servlets/image?cache=0.5411779388949903&image=px HTTP/1.1" 200 807
116.224.254.208 - - [22/Feb/2024:11:03:16 +0800] "GET /xingrg/all/function/internal_message.html?_=1708570996721&CODE_STATE=getMsg HTTP/1.1" 200 27
117.25.15.249 - - [22/Feb/2024:11:03:17 +0800] "GET /xingrg/all/report/report_query.html?isQuery=1&fileName=dma/new_5.0/menu/menu_hz.xml&queryString=(a.sale_day%2520between%252020230101%2520and%252020231231)%2520and%2520(a.sid%2520in%2520(15))%2520and%2520(a.tj_code%253D14)&queryText=%25E3%2580%2590%25E8%2590%25A5%25E4%25B8%259A%25E6%2597%25A5%25E6%259C%259F%253A2023-01-01%2520%25E8%2587%25B3%25202023-12-31%25E3%2580%2591%2520%25E5%25B9%25B6%25E4%25B8%2594%2520%2520%25E3%2580%2590%25E9%2597%25A8%25E5%25BA%2597%25E5%2590%258D%25E7%25A7%25B0%2520%253D%2520%25E8%258A%25B1%25E5%259B%25AD%25E9%2585%2592%25E5%25BA%2597%25E9%259D%2592%25E6%25B5%25A6%25E5%25BA%2597%25E3%2580%2591%2520%25E5%25B9%25B6%25E4%25B8%2594%2520%25E3%2580%2590%25E7%25BB%259F%25E8%25AE%25A1%25E7%25B1%25BB%25E5%2588%25AB%2520%253D%2520%25E7%25A4%25BC%25E7%259B%2592%25E3%2580%2591 HTTP/1.1" 200 54116
117.25.15.249 - - [22/Feb/2024:11:03:17 +0800] "GET /xingrg/dwr/engine.js HTTP/1.1" 200 43631
117.25.15.249 - - [22/Feb/2024:11:03:17 +0800] "POST /xingrg/all/report/load_report_page.html HTTP/1.1" 200 105723
117.25.15.249 - - [22/Feb/2024:11:03:17 +0800] "GET /xingrg/servlets/image?cache=0.449352771552023&image=px HTTP/1.1" 200 807
117.25.15.249 - - [22/Feb/2024:11:03:19 +0800] "POST /xingrg/all/report/load_report_page.html HTTP/1.1" 200 105880
117.25.15.249 - - [22/Feb/2024:11:03:20 +0800] "GET /xingrg/servlets/image?cache=0.4605718923807728&image=px HTTP/1.1" 200 807
116.232.194.112 - - [22/Feb/2024:11:03:21 +0800] "GET /xingrg/all/function/internal_message.html?_=1708570978345&CODE_STATE=getMsg HTTP/1.1" 200 27
117.25.15.249 - - [22/Feb/2024:11:03:24 +0800] "GET /xingrg/all/function/internal_message.html?_=1708571004527&CODE_STATE=getMsg HTTP/1.1" 200 27
114.83.220.155 - - [22/Feb/2024:11:03:25 +0800] "POST /xingrg/services/DataTransmitService HTTP/1.1" 200 524
116.230.123.222 - - [22/Feb/2024:11:03:26 +0800] "GET /xingrg/all/function/internal_message.html?_=1708571005618&CODE_STATE=getMsg HTTP/1.1" 200 27
114.83.220.155 - - [22/Feb/2024:11:03:26 +0800] "POST /xingrg/services/DataTransmitService HTTP/1.1" 200 412
101.83.145.37 - - [22/Feb/2024:11:03:27 +0800] "GET /xingrg/all/function/internal_message.html?_=1708571008055&CODE_STATE=getMsg HTTP/1.1" 200 27
117.25.15.249 - - [22/Feb/2024:11:03:30 +0800] "GET /xingrg/all/report/report_query.html?isQuery=1&fileName=dma/new_5.0/menu/menu_mx.xml&queryString=(a.sale_day%2520between%252020230101%2520and%252020231231)%2520and%2520(a.sid%2520in%2520(15))%2520and%2520(a.tj_code%253D14)%2520and%2520(a.menu_name%253D'%255B%25E7%25A4%25BC%25E7%259B%2592%255D%25E5%25A4%25A7%25E9%2597%25B8%25E8%259F%25B9%25E8%259F%25B9%25E5%258D%25A11288%25E5%259E%258B'%2520and%2520a.menu_unit%253D'%25E5%25BC%25A0')&queryText=%25E3%2580%2590%25E8%2590%25A5%25E4%25B8%259A%25E6%2597%25A5%25E6%259C%259F%253A2023-01-01%2520%25E8%2587%25B3%25202023-12-31%25E3%2580%2591%2520%25E5%25B9%25B6%25E4%25B8%2594%2520%2520%25E3%2580%2590%25E9%2597%25A8%25E5%25BA%2597%25E5%2590%258D%25E7%25A7%25B0%2520%253D%2520%25E8%258A%25B1%25E5%259B%25AD%25E9%2585%2592%25E5%25BA%2597%25E9%259D%2592%25E6%25B5%25A6%25E5%25BA%2597%25E3%2580%2591%2520%25E5%25B9%25B6%25E4%25B8%2594%2520%25E3%2580%2590%25E7%25BB%259F%25E8%25AE%25A1%25E7%25B1%25BB%25E5%2588%25AB%2520%253D%2520%25E7%25A4%25BC%25E7%259B%2592%25E3%2580%2591%2520%25E5%25B9%25B6%25E4%25B8%2594%2520%25E3%2580%2590%25E8%258F%259C%25E5%2593%2581%25E5%2590%258D%25E7%25A7%25B0%2520%253D%2520%255B%25E7%25A4%25BC%25E7%259B%2592%255D%25E5%25A4%25A7%25E9%2597%25B8%25E8%259F%25B9%25E8%259F%25B9%25E5%258D%25A11288%25E5%259E%258B%25E3%2580%2591%2520%25E3%2580%2590%25E5%258D%2595%25E4%25BD%258D%2520%253D%2520%25E5%25BC%25A0%25E3%2580%2591 HTTP/1.1" 200 51854
117.25.15.249 - - [22/Feb/2024:11:03:30 +0800] "GET /xingrg/dwr/engine.js HTTP/1.1" 200 43631
101.83.145.37 - - [22/Feb/2024:11:03:31 +0800] "POST /xingrg/services/DataTransmitService HTTP/1.1" 200 524
117.25.15.249 - - [22/Feb/2024:11:03:31 +0800] "POST /xingrg/all/report/load_report_page.html HTTP/1.1" 200 15977
117.25.15.249 - - [22/Feb/2024:11:03:31 +0800] "GET /xingrg/servlets/image?cache=0.4962783128149155&image=px HTTP/1.1" 200 807
101.83.145.37 - - [22/Feb/2024:11:03:32 +0800] "POST /xingrg/services/DataTransmitService HTTP/1.1" 200 412
58.40.7.146 - - [22/Feb/2024:11:03:37 +0800] "GET /xingrg/all/function/internal_message.html?_=1708571017413&CODE_STATE=getMsg HTTP/1.1" 200 27
180.163.30.100 - - [22/Feb/2024:11:03:42 +0800] "GET /xingrg/all/function/internal_message.html?_=1708570967604&CODE_STATE=getMsg HTTP/1.1" 302 -
61.170.234.204 - - [22/Feb/2024:11:03:42 +0800] "GET /xingrg/all/function/internal_message.html?_=1708571027587&CODE_STATE=getMsg HTTP/1.1" 200 27
218.79.28.144 - - [22/Feb/2024:11:03:43 +0800] "GET /xingrg/all/function/internal_message.html?_=1708571028323&CODE_STATE=getMsg HTTP/1.1" 200 27
180.163.30.100 - - [22/Feb/2024:11:03:43 +0800] "GET /xingrg/login.html HTTP/1.1" 200 7641
124.78.67.200 - - [22/Feb/2024:11:03:47 +0800] "GET /xingrg/check_reg.html?_=1708571027951 HTTP/1.1" 200 22
124.78.67.200 - - [22/Feb/2024:11:03:47 +0800] "GET /xingrg/all/function/internal_message.html?_=1708571027955&CODE_STATE=getMsg HTTP/1.1" 200 27
180.164.1.25 - - [22/Feb/2024:11:03:48 +0800] "GET /xingrg/all/function/internal_message.html?_=1708571028077&CODE_STATE=getMsg HTTP/1.1" 200 27
116.230.123.222 - - [22/Feb/2024:11:03:55 +0800] "GET /xingrg/all/function/internal_message.html?_=1708571033310&CODE_STATE=getMsg HTTP/1.1" 200 27
116.232.194.112 - - [22/Feb/2024:11:03:58 +0800] "GET /xingrg/all/function/internal_message.html?_=1708571015270&CODE_STATE=getMsg HTTP/1.1" 200 27
58.40.7.146 - - [22/Feb/2024:11:03:59 +0800] "GET /xingrg/all/function/internal_message.html?_=1708571039648&CODE_STATE=getMsg HTTP/1.1" 200 27
221.239.172.101 - - [22/Feb/2024:11:04:01 +0800] "GET /xingrg/all/function/internal_message.html?_=1708571040545&CODE_STATE=getMsg HTTP/1.1" 200 27
221.239.172.101 - - [22/Feb/2024:11:04:01 +0800] "GET /xingrg/check_reg.html?_=1708571040551 HTTP/1.1" 200 22
180.169.147.146 - - [22/Feb/2024:11:04:03 +0800] "GET /xingrg/check_reg.html?_=1708571043662 HTTP/1.1" 200 22
180.169.147.146 - - [22/Feb/2024:11:04:03 +0800] "GET /xingrg/all/function/internal_message.html?_=1708571043664&CODE_STATE=getMsg HTTP/1.1" 200 27
222.70.115.1 - - [22/Feb/2024:11:04:05 +0800] "GET /xingrg/all/function/internal_message.html?_=1708571052449&CODE_STATE=getMsg HTTP/1.1" 200 27
116.228.172.94 - - [22/Feb/2024:11:04:12 +0800] "GET /xingrg/all/function/internal_message.html?_=1708570839112&CODE_STATE=getMsg HTTP/1.1" 200 27
116.224.254.208 - - [22/Feb/2024:11:04:16 +0800] "GET /xingrg/all/function/internal_message.html?_=1708571056710&CODE_STATE=getMsg HTTP/1.1" 200 27
116.232.194.112 - - [22/Feb/2024:11:04:21 +0800] "GET /xingrg/all/function/internal_message.html?_=1708571038325&CODE_STATE=getMsg HTTP/1.1" 200 27
117.25.15.249 - - [22/Feb/2024:11:04:24 +0800] "GET /xingrg/all/function/internal_message.html?_=1708571064537&CODE_STATE=getMsg HTTP/1.1" 200 27
116.230.123.222 - - [22/Feb/2024:11:04:26 +0800] "GET /xingrg/all/function/internal_message.html?_=1708571065614&CODE_STATE=getMsg HTTP/1.1" 200 27
101.83.145.37 - - [22/Feb/2024:11:04:27 +0800] "GET /xingrg/all/function/internal_message.html?_=1708571068031&CODE_STATE=getMsg HTTP/1.1" 200 27
58.40.7.146 - - [22/Feb/2024:11:04:37 +0800] "GET /xingrg/check_reg.html?_=1708571077399 HTTP/1.1" 200 22
58.40.7.146 - - [22/Feb/2024:11:04:37 +0800] "GET /xingrg/all/function/internal_message.html?_=1708571077401&CODE_STATE=getMsg HTTP/1.1" 200 27
61.170.234.204 - - [22/Feb/2024:11:04:42 +0800] "GET /xingrg/all/function/internal_message.html?_=1708571087570&CODE_STATE=getMsg HTTP/1.1" 200 27
180.163.29.219 - - [22/Feb/2024:11:04:43 +0800] "GET /xingrg/all/function/internal_message.html?_=1708571027587&CODE_STATE=getMsg HTTP/1.1" 302 -
218.79.28.144 - - [22/Feb/2024:11:04:43 +0800] "GET /xingrg/all/function/internal_message.html?_=1708571088308&CODE_STATE=getMsg HTTP/1.1" 200 27
180.163.29.219 - - [22/Feb/2024:11:04:43 +0800] "GET /xingrg/login.html HTTP/1.1" 200 7641
124.78.67.200 - - [22/Feb/2024:11:04:47 +0800] "GET /xingrg/all/function/internal_message.html?_=1708571087956&CODE_STATE=getMsg HTTP/1.1" 200 27
180.164.1.25 - - [22/Feb/2024:11:04:48 +0800] "GET /xingrg/check_reg.html?_=1708571088069 HTTP/1.1" 200 22
180.164.1.25 - - [22/Feb/2024:11:04:48 +0800] "GET /xingrg/all/function/internal_message.html?_=1708571088071&CODE_STATE=getMsg HTTP/1.1" 200 27
116.230.123.222 - - [22/Feb/2024:11:04:55 +0800] "GET /xingrg/all/function/internal_message.html?_=1708571093296&CODE_STATE=getMsg HTTP/1.1" 200 27
116.232.194.112 - - [22/Feb/2024:11:04:58 +0800] "GET /xingrg/all/function/internal_message.html?_=1708571075276&CODE_STATE=getMsg HTTP/1.1" 200 27
116.232.194.112 - - [22/Feb/2024:11:04:58 +0800] "GET /xingrg/check_reg.html?_=1708571075278 HTTP/1.1" 200 22
58.40.7.146 - - [22/Feb/2024:11:04:59 +0800] "GET /xingrg/all/function/internal_message.html?_=1708571099650&CODE_STATE=getMsg HTTP/1.1" 200 27
221.239.172.101 - - [22/Feb/2024:11:05:01 +0800] "GET /xingrg/all/function/internal_message.html?_=1708571100551&CODE_STATE=getMsg HTTP/1.1" 200 27
180.169.147.146 - - [22/Feb/2024:11:05:03 +0800] "GET /xingrg/all/function/internal_message.html?_=1708571103665&CODE_STATE=getMsg HTTP/1.1" 200 27
222.70.115.1 - - [22/Feb/2024:11:05:05 +0800] "GET /xingrg/check_reg.html?_=1708571112434 HTTP/1.1" 200 22
222.70.115.1 - - [22/Feb/2024:11:05:05 +0800] "GET /xingrg/all/function/internal_message.html?_=1708571112437&CODE_STATE=getMsg HTTP/1.1" 200 27
116.228.172.94 - - [22/Feb/2024:11:05:12 +0800] "GET /xingrg/check_reg.html?_=1708570899100 HTTP/1.1" 200 22
116.228.172.94 - - [22/Feb/2024:11:05:12 +0800] "GET /xingrg/all/function/internal_message.html?_=1708570899102&CODE_STATE=getMsg HTTP/1.1" 200 27
116.224.254.208 - - [22/Feb/2024:11:05:16 +0800] "GET /xingrg/all/function/internal_message.html?_=1708571116700&CODE_STATE=getMsg HTTP/1.1" 200 27
101.83.145.37 - - [22/Feb/2024:11:05:16 +0800] "GET /xingrg/kc/buy/cgsh_order_list.html HTTP/1.1" 200 57692
101.83.145.37 - - [22/Feb/2024:11:05:17 +0800] "GET /xingrg/javascript/jquery_easy_ui/themes/default/images/tabs_active.png HTTP/1.1" 304 -
116.232.194.112 - - [22/Feb/2024:11:05:21 +0800] "GET /xingrg/all/function/internal_message.html?_=1708571098309&CODE_STATE=getMsg HTTP/1.1" 200 27
101.83.145.37 - - [22/Feb/2024:11:05:22 +0800] "POST /xingrg/kc/buy/cgsh_list_operate.html HTTP/1.1" 200 2263
117.25.15.249 - - [22/Feb/2024:11:05:24 +0800] "GET /xingrg/all/function/internal_message.html?_=1708571124524&CODE_STATE=getMsg HTTP/1.1" 200 27
116.230.123.222 - - [22/Feb/2024:11:05:26 +0800] "GET /xingrg/all/function/internal_message.html?_=1708571125616&CODE_STATE=getMsg HTTP/1.1" 200 27
101.83.145.37 - - [22/Feb/2024:11:05:26 +0800] "GET /xingrg/kc/buy/cgsh_order_add.html HTTP/1.1" 200 73549
101.83.145.37 - - [22/Feb/2024:11:05:26 +0800] "GET /xingrg/all/function/internal_message.html?_=1708571128040&CODE_STATE=getMsg HTTP/1.1" 200 27
101.83.145.37 - - [22/Feb/2024:11:05:27 +0800] "POST /xingrg/kc/buy/cgsh_order_operate.html HTTP/1.1" 200 8245
101.83.145.37 - - [22/Feb/2024:11:05:27 +0800] "GET /xingrg/javascript/easyui/themes/default/validatebox.css HTTP/1.1" 404 1104
101.83.145.37 - - [22/Feb/2024:11:05:29 +0800] "GET /xingrg/check_reg.html?_=1708571130630 HTTP/1.1" 200 22
58.40.7.146 - - [22/Feb/2024:11:05:37 +0800] "GET /xingrg/all/function/internal_message.html?_=1708571137405&CODE_STATE=getMsg HTTP/1.1" 200 27
61.170.234.204 - - [22/Feb/2024:11:05:42 +0800] "GET /xingrg/all/function/internal_message.html?_=1708571147553&CODE_STATE=getMsg HTTP/1.1" 200 27
61.170.234.204 - - [22/Feb/2024:11:05:43 +0800] "GET /xingrg/check_reg.html?_=1708571148319 HTTP/1.1" 200 22
218.79.28.144 - - [22/Feb/2024:11:05:43 +0800] "GET /xingrg/all/function/internal_message.html?_=1708571148310&CODE_STATE=getMsg HTTP/1.1" 200 27
218.79.28.144 - - [22/Feb/2024:11:05:43 +0800] "GET /xingrg/check_reg.html?_=1708571148313 HTTP/1.1" 200 22
101.83.145.37 - - [22/Feb/2024:11:05:47 +0800] "GET /xingrg/kc/buy/cgsh_order_operate.html?command=get_materiel&rest_code=00105&code=00101004051&supplier_code=00100312&order_time=2024-02-22 HTTP/1.1" 200 429
124.78.67.200 - - [22/Feb/2024:11:05:47 +0800] "GET /xingrg/all/function/internal_message.html?_=1708571147940&CODE_STATE=getMsg HTTP/1.1" 200 27
180.164.1.25 - - [22/Feb/2024:11:05:48 +0800] "GET /xingrg/all/function/internal_message.html?_=1708571148059&CODE_STATE=getMsg HTTP/1.1" 200 27
116.230.123.222 - - [22/Feb/2024:11:05:55 +0800] "GET /xingrg/all/function/internal_message.html?_=1708571153281&CODE_STATE=getMsg HTTP/1.1" 200 27
116.232.194.112 - - [22/Feb/2024:11:05:58 +0800] "GET /xingrg/all/function/internal_message.html?_=1708571135266&CODE_STATE=getMsg HTTP/1.1" 200 27
58.40.7.146 - - [22/Feb/2024:11:05:59 +0800] "GET /xingrg/all/function/internal_message.html?_=1708571159652&CODE_STATE=getMsg HTTP/1.1" 200 27
221.239.172.101 - - [22/Feb/2024:11:06:01 +0800] "GET /xingrg/all/function/internal_message.html?_=1708571160554&CODE_STATE=getMsg HTTP/1.1" 200 27
101.83.145.37 - - [22/Feb/2024:11:06:01 +0800] "GET /xingrg/kc/buy/cgsh_order_operate.html?command=get_materiel&rest_code=00105&code=00101004067&supplier_code=00100312&order_time=2024-02-22 HTTP/1.1" 200 413
180.169.147.146 - - [22/Feb/2024:11:06:03 +0800] "GET /xingrg/all/function/internal_message.html?_=1708571163660&CODE_STATE=getMsg HTTP/1.1" 200 27
