116.224.254.208 - - [18/Feb/2024:09:23:30 +0800] "GET /xingrg/kc/buy/cgsh_order_operate.html?command=get_materiel&rest_code=00150&code=00101008355&supplier_code=00100008&order_time=2024-02-18 HTTP/1.1" 200 408
116.230.123.222 - - [18/Feb/2024:09:23:41 +0800] "GET /xingrg/check_reg.html?_=1708219421220 HTTP/1.1" 200 22
116.224.254.208 - - [18/Feb/2024:09:23:44 +0800] "GET /xingrg/kc/buy/cgsh_order_operate.html?command=get_materiel&rest_code=00150&code=00101008372&supplier_code=00100008&order_time=2024-02-18 HTTP/1.1" 200 408
116.224.254.208 - - [18/Feb/2024:09:23:50 +0800] "GET /xingrg/all/function/internal_message.html?_=1708219430499&CODE_STATE=getMsg HTTP/1.1" 200 27
116.224.254.208 - - [18/Feb/2024:09:23:50 +0800] "GET /xingrg/check_reg.html?_=1708219430582 HTTP/1.1" 200 22
221.239.172.101 - - [18/Feb/2024:09:23:53 +0800] "GET /xingrg/check_reg.html?_=1708219433099 HTTP/1.1" 200 22
221.239.172.101 - - [18/Feb/2024:09:23:53 +0800] "GET /xingrg/all/function/internal_message.html?_=1708219433102&CODE_STATE=getMsg HTTP/1.1" 200 27
116.238.97.31 - - [18/Feb/2024:09:23:57 +0800] "GET /xingrg/all/function/internal_message.html?_=1708219438456&CODE_STATE=getMsg HTTP/1.1" 200 27
116.230.123.222 - - [18/Feb/2024:09:23:58 +0800] "GET /xingrg/all/function/internal_message.html?_=1708219434569&CODE_STATE=getMsg HTTP/1.1" 200 27
116.224.254.208 - - [18/Feb/2024:09:23:58 +0800] "GET /xingrg/kc/buy/cgsh_order_operate.html?command=get_materiel&rest_code=00150&code=00101008356&supplier_code=00100008&order_time=2024-02-18 HTTP/1.1" 200 408
124.78.67.200 - - [18/Feb/2024:09:23:59 +0800] "GET /xingrg/all/function/internal_message.html?_=1708219439587&CODE_STATE=getMsg HTTP/1.1" 200 27
116.224.254.208 - - [18/Feb/2024:09:24:12 +0800] "GET /xingrg/kc/buy/cgsh_order_operate.html?command=get_materiel&rest_code=00150&code=00101008411&supplier_code=00100008&order_time=2024-02-18 HTTP/1.1" 200 412
120.253.135.82 - - [18/Feb/2024:09:24:12 +0800] "GET /xingrg/all/function/internal_message.html?_=1708219284720&CODE_STATE=getMsg HTTP/1.1" 200 27
222.69.134.90 - - [18/Feb/2024:09:24:20 +0800] "GET /favicon.ico HTTP/1.1" 404 -
116.224.254.208 - - [18/Feb/2024:09:24:21 +0800] "GET /xingrg/kc/buy/cgsh_order_operate.html?command=get_materiel&rest_code=00150&code=00101008137&supplier_code=00100008&order_time=2024-02-18 HTTP/1.1" 200 408
116.230.123.222 - - [18/Feb/2024:09:24:28 +0800] "GET /xingrg/all/function/internal_message.html?_=1708219468612&CODE_STATE=getMsg HTTP/1.1" 200 27
116.224.254.208 - - [18/Feb/2024:09:24:32 +0800] "GET /xingrg/kc/buy/cgsh_order_operate.html?command=get_materiel&rest_code=00150&code=00101008362&supplier_code=00100008&order_time=2024-02-18 HTTP/1.1" 200 409
116.224.254.208 - - [18/Feb/2024:09:24:45 +0800] "GET /xingrg/kc/buy/cgsh_order_operate.html?command=get_materiel&rest_code=00150&code=00101008198&supplier_code=00100008&order_time=2024-02-18 HTTP/1.1" 200 413
116.224.254.208 - - [18/Feb/2024:09:24:50 +0800] "GET /xingrg/all/function/internal_message.html?_=1708219490478&CODE_STATE=getMsg HTTP/1.1" 200 27
221.239.172.101 - - [18/Feb/2024:09:24:53 +0800] "GET /xingrg/all/function/internal_message.html?_=1708219493100&CODE_STATE=getMsg HTTP/1.1" 200 27
116.224.254.208 - - [18/Feb/2024:09:24:55 +0800] "GET /xingrg/kc/buy/cgsh_order_operate.html?command=get_materiel&rest_code=00150&code=00101008286&supplier_code=00100008&order_time=2024-02-18 HTTP/1.1" 200 408
116.238.97.31 - - [18/Feb/2024:09:24:57 +0800] "GET /xingrg/all/function/internal_message.html?_=1708219498444&CODE_STATE=getMsg HTTP/1.1" 200 27
116.230.123.222 - - [18/Feb/2024:09:24:58 +0800] "GET /xingrg/all/function/internal_message.html?_=1708219494568&CODE_STATE=getMsg HTTP/1.1" 200 27
124.78.67.200 - - [18/Feb/2024:09:24:59 +0800] "GET /xingrg/all/function/internal_message.html?_=1708219499569&CODE_STATE=getMsg HTTP/1.1" 200 27
116.224.254.208 - - [18/Feb/2024:09:25:05 +0800] "GET /xingrg/kc/buy/cgsh_order_operate.html?command=get_materiel&rest_code=00150&code=00101008371&supplier_code=00100008&order_time=2024-02-18 HTTP/1.1" 200 412
120.253.135.82 - - [18/Feb/2024:09:25:12 +0800] "GET /xingrg/check_reg.html?_=1708219344629 HTTP/1.1" 200 22
120.253.135.82 - - [18/Feb/2024:09:25:12 +0800] "GET /xingrg/all/function/internal_message.html?_=1708219344734&CODE_STATE=getMsg HTTP/1.1" 200 27
116.224.254.208 - - [18/Feb/2024:09:25:17 +0800] "POST /xingrg/kc/buy/cgsh_order_operate.html HTTP/1.1" 200 37
116.224.254.208 - - [18/Feb/2024:09:25:19 +0800] "POST /xingrg/kc/buy/cgsh_order_operate.html HTTP/1.1" 200 13880
116.224.254.208 - - [18/Feb/2024:09:25:27 +0800] "GET /xingrg/kc/buy/cgsh_order_operate.html?command=get_materiel&rest_code=00150&code=00101008353&supplier_code=00100008&order_time=2024-02-18 HTTP/1.1" 200 408
116.230.123.222 - - [18/Feb/2024:09:25:28 +0800] "GET /xingrg/all/function/internal_message.html?_=1708219528596&CODE_STATE=getMsg HTTP/1.1" 200 27
116.224.254.208 - - [18/Feb/2024:09:25:41 +0800] "GET /xingrg/kc/buy/cgsh_order_operate.html?command=get_materiel&rest_code=00150&code=00101008213&supplier_code=00100008&order_time=2024-02-18 HTTP/1.1" 200 412
116.238.97.31 - - [18/Feb/2024:09:25:45 +0800] "GET /xingrg/kc/base/wldb_order_list.html HTTP/1.1" 200 19013
116.238.97.31 - - [18/Feb/2024:09:25:46 +0800] "POST /xingrg/kc/base/wldb_list_operate.html HTTP/1.1" 200 928
116.238.97.31 - - [18/Feb/2024:09:25:46 +0800] "GET /xingrg/kc/base/wldb_order_add.html HTTP/1.1" 200 30340
116.238.97.31 - - [18/Feb/2024:09:25:46 +0800] "POST /xingrg/kc/base/wldb_order_operate.html HTTP/1.1" 200 6806
116.238.97.31 - - [18/Feb/2024:09:25:46 +0800] "GET /xingrg/all/common/auto_word.html?type=base&rest_code=00102 HTTP/1.1" 200 1857
116.238.97.31 - - [18/Feb/2024:09:25:46 +0800] "GET /xingrg/javascript/easyui/themes/default/validatebox.css HTTP/1.1" 404 1104
116.238.97.31 - - [18/Feb/2024:09:25:46 +0800] "GET /xingrg/all/common/auto_word.html?type=base&rest_code=00102 HTTP/1.1" 200 1857
116.238.97.31 - - [18/Feb/2024:09:25:48 +0800] "POST /xingrg/all/common/load_combo.html?type=base HTTP/1.1" 200 3321
116.224.254.208 - - [18/Feb/2024:09:25:50 +0800] "GET /xingrg/all/function/internal_message.html?_=1708219550457&CODE_STATE=getMsg HTTP/1.1" 200 27
116.224.254.208 - - [18/Feb/2024:09:25:53 +0800] "GET /xingrg/kc/buy/cgsh_order_operate.html?command=get_materiel&rest_code=00150&code=00101008403&supplier_code=00100008&order_time=2024-02-18 HTTP/1.1" 200 412
221.239.172.101 - - [18/Feb/2024:09:25:53 +0800] "GET /xingrg/all/function/internal_message.html?_=1708219553106&CODE_STATE=getMsg HTTP/1.1" 200 27
116.238.97.31 - - [18/Feb/2024:09:25:53 +0800] "GET /xingrg/kc/base/wldb_order_operate.html?command=get_materiel&rest_code=00102&base_code=0010477&code=00102002367 HTTP/1.1" 200 431
116.238.97.31 - - [18/Feb/2024:09:25:57 +0800] "GET /xingrg/all/function/internal_message.html?_=1708219558441&CODE_STATE=getMsg HTTP/1.1" 200 27
116.230.123.222 - - [18/Feb/2024:09:25:58 +0800] "GET /xingrg/all/function/internal_message.html?_=1708219554562&CODE_STATE=getMsg HTTP/1.1" 200 27
124.78.67.200 - - [18/Feb/2024:09:25:59 +0800] "GET /xingrg/all/function/internal_message.html?_=1708219559551&CODE_STATE=getMsg HTTP/1.1" 200 27
116.224.254.208 - - [18/Feb/2024:09:26:02 +0800] "GET /xingrg/kc/buy/cgsh_order_operate.html?command=get_materiel&rest_code=00150&code=00101009011&supplier_code=00100008&order_time=2024-02-18 HTTP/1.1" 200 416
116.238.97.31 - - [18/Feb/2024:09:26:06 +0800] "GET /xingrg/kc/base/wldb_order_operate.html?command=get_materiel&rest_code=00102&base_code=0010477&code=00102002321 HTTP/1.1" 200 447
120.253.135.82 - - [18/Feb/2024:09:26:13 +0800] "GET /xingrg/all/function/internal_message.html?_=1708219404747&CODE_STATE=getMsg HTTP/1.1" 200 27
116.224.254.208 - - [18/Feb/2024:09:26:14 +0800] "GET /xingrg/kc/buy/cgsh_order_operate.html?command=get_materiel&rest_code=00150&code=00101009015&supplier_code=00100008&order_time=2024-02-18 HTTP/1.1" 200 416
116.238.97.31 - - [18/Feb/2024:09:26:18 +0800] "GET /xingrg/kc/base/wldb_order_operate.html?command=get_materiel&rest_code=00102&base_code=0010477&code=00102002586 HTTP/1.1" 200 440
116.224.254.208 - - [18/Feb/2024:09:26:24 +0800] "POST /xingrg/kc/buy/cgsh_order_operate.html HTTP/1.1" 200 37
116.224.254.208 - - [18/Feb/2024:09:26:26 +0800] "POST /xingrg/kc/buy/cgsh_order_operate.html HTTP/1.1" 200 16844
124.78.67.200 - - [18/Feb/2024:09:26:27 +0800] "GET /xingrg/images/yd/bt.gif HTTP/1.1" 404 1040
116.230.123.222 - - [18/Feb/2024:09:26:28 +0800] "GET /xingrg/all/function/internal_message.html?_=1708219588580&CODE_STATE=getMsg HTTP/1.1" 200 27
124.78.67.200 - - [18/Feb/2024:09:26:31 +0800] "POST /xingrg/kc/buy/cgsh_list_operate.html HTTP/1.1" 200 986
124.78.67.200 - - [18/Feb/2024:09:26:34 +0800] "GET /xingrg/javascript/jquery_tools/images/prev.gif HTTP/1.1" 404 1086
124.78.67.200 - - [18/Feb/2024:09:26:34 +0800] "GET /xingrg/javascript/jquery_tools/images/next.gif HTTP/1.1" 404 1086
116.224.254.208 - - [18/Feb/2024:09:26:35 +0800] "GET /xingrg/kc/buy/cgsh_order_operate.html?command=get_materiel&rest_code=00150&code=00101008150&supplier_code=00100008&order_time=2024-02-18 HTTP/1.1" 200 409
116.238.97.31 - - [18/Feb/2024:09:26:40 +0800] "GET /xingrg/kc/buy/cgsh_order_list.html HTTP/1.1" 200 57692
116.224.254.208 - - [18/Feb/2024:09:26:45 +0800] "POST /xingrg/kc/buy/cgsh_order_operate.html HTTP/1.1" 200 37
116.238.97.31 - - [18/Feb/2024:09:26:45 +0800] "POST /xingrg/kc/buy/cgsh_list_operate.html HTTP/1.1" 200 986
116.238.97.31 - - [18/Feb/2024:09:26:47 +0800] "GET /xingrg/kc/buy/cgsh_order_add.html HTTP/1.1" 200 73502
116.238.97.31 - - [18/Feb/2024:09:26:47 +0800] "POST /xingrg/kc/buy/cgsh_order_operate.html HTTP/1.1" 200 8245
116.238.97.31 - - [18/Feb/2024:09:26:47 +0800] "GET /xingrg/javascript/easyui/themes/default/validatebox.css HTTP/1.1" 404 1104
124.78.67.200 - - [18/Feb/2024:09:26:48 +0800] "POST /xingrg/kc/buy/cgsh_list_operate.html HTTP/1.1" 200 6246
221.239.172.101 - - [18/Feb/2024:09:26:53 +0800] "GET /xingrg/all/function/internal_message.html?_=1708219613094&CODE_STATE=getMsg HTTP/1.1" 200 27
116.238.97.31 - - [18/Feb/2024:09:26:57 +0800] "GET /xingrg/all/function/internal_message.html?_=1708219618423&CODE_STATE=getMsg HTTP/1.1" 200 27
116.238.97.31 - - [18/Feb/2024:09:26:57 +0800] "GET /xingrg/check_reg.html?_=1708219618863 HTTP/1.1" 200 22
116.230.123.222 - - [18/Feb/2024:09:26:58 +0800] "GET /xingrg/all/function/internal_message.html?_=1708219614551&CODE_STATE=getMsg HTTP/1.1" 200 27
116.230.123.222 - - [18/Feb/2024:09:26:58 +0800] "GET /xingrg/check_reg.html?_=1708219614553 HTTP/1.1" 200 22
124.78.67.200 - - [18/Feb/2024:09:26:59 +0800] "GET /xingrg/all/function/internal_message.html?_=1708219619535&CODE_STATE=getMsg HTTP/1.1" 200 27
120.253.135.82 - - [18/Feb/2024:09:27:13 +0800] "GET /xingrg/all/function/internal_message.html?_=1708219464772&CODE_STATE=getMsg HTTP/1.1" 200 27
116.224.254.208 - - [18/Feb/2024:09:27:14 +0800] "POST /xingrg/kc/buy/cgsh_order_operate.html HTTP/1.1" 200 17432
116.224.254.208 - - [18/Feb/2024:09:27:24 +0800] "POST /xingrg/services/DataTransmitService HTTP/1.1" 200 524
116.230.123.222 - - [18/Feb/2024:09:27:28 +0800] "GET /xingrg/all/function/internal_message.html?_=1708219648563&CODE_STATE=getMsg HTTP/1.1" 200 27
116.224.254.208 - - [18/Feb/2024:09:27:34 +0800] "POST /xingrg/services/DataTransmitService HTTP/1.1" 200 524
116.224.254.208 - - [18/Feb/2024:09:27:50 +0800] "GET /xingrg/all/function/internal_message.html?_=1708219670555&CODE_STATE=getMsg HTTP/1.1" 200 27
221.239.172.101 - - [18/Feb/2024:09:27:53 +0800] "GET /xingrg/all/function/internal_message.html?_=1708219673094&CODE_STATE=getMsg HTTP/1.1" 200 27
116.238.97.31 - - [18/Feb/2024:09:27:57 +0800] "GET /xingrg/all/function/internal_message.html?_=1708219678409&CODE_STATE=getMsg HTTP/1.1" 200 27
116.230.123.222 - - [18/Feb/2024:09:27:58 +0800] "GET /xingrg/all/function/internal_message.html?_=1708219674555&CODE_STATE=getMsg HTTP/1.1" 200 27
124.78.67.200 - - [18/Feb/2024:09:27:59 +0800] "GET /xingrg/all/function/internal_message.html?_=1708219679519&CODE_STATE=getMsg HTTP/1.1" 200 27
120.253.135.82 - - [18/Feb/2024:09:28:13 +0800] "GET /xingrg/all/function/internal_message.html?_=1708219524832&CODE_STATE=getMsg HTTP/1.1" 200 27
124.78.67.200 - - [18/Feb/2024:09:28:14 +0800] "GET /xingrg/check_reg.html?_=1708219694561 HTTP/1.1" 200 22
116.224.254.208 - - [18/Feb/2024:09:28:24 +0800] "GET /xingrg/javascript/jquery_easy_ui/themes/icons/rest.png HTTP/1.1" 304 -
116.224.254.208 - - [18/Feb/2024:09:28:24 +0800] "GET /xingrg/javascript/jquery_easy_ui/themes/icons/area.png HTTP/1.1" 304 -
116.230.123.222 - - [18/Feb/2024:09:28:28 +0800] "GET /xingrg/all/function/internal_message.html?_=1708219708547&CODE_STATE=getMsg HTTP/1.1" 200 27
116.224.254.208 - - [18/Feb/2024:09:28:33 +0800] "POST /xingrg/kc/buy/cgsh_order_operate.html HTTP/1.1" 200 37
101.83.145.37 - - [18/Feb/2024:09:28:40 +0800] "POST /xingrg/services/DataTransmitService HTTP/1.1" 200 524
116.230.123.222 - - [18/Feb/2024:09:28:41 +0800] "GET /xingrg/check_reg.html?_=1708219721199 HTTP/1.1" 200 22
116.224.254.208 - - [18/Feb/2024:09:28:43 +0800] "POST /xingrg/kc/buy/cgsh_order_operate.html HTTP/1.1" 200 12
221.239.172.101 - - [18/Feb/2024:09:28:53 +0800] "GET /xingrg/all/function/internal_message.html?_=1708219733096&CODE_STATE=getMsg HTTP/1.1" 200 27
221.239.172.101 - - [18/Feb/2024:09:28:53 +0800] "GET /xingrg/check_reg.html?_=1708219733108 HTTP/1.1" 200 22
116.238.97.31 - - [18/Feb/2024:09:28:57 +0800] "GET /xingrg/all/function/internal_message.html?_=1708219738397&CODE_STATE=getMsg HTTP/1.1" 200 27
116.230.123.222 - - [18/Feb/2024:09:28:58 +0800] "GET /xingrg/all/function/internal_message.html?_=1708219734559&CODE_STATE=getMsg HTTP/1.1" 200 27
124.78.67.200 - - [18/Feb/2024:09:28:59 +0800] "GET /xingrg/all/function/internal_message.html?_=1708219739492&CODE_STATE=getMsg HTTP/1.1" 200 27
116.224.254.208 - - [18/Feb/2024:09:29:00 +0800] "GET /xingrg/kc/buy/cgsh_order_info.html?code=212024021804867 HTTP/1.1" 200 68436
116.224.254.208 - - [18/Feb/2024:09:29:00 +0800] "GET /xingrg/javascript/easyui/themes/default/validatebox.css HTTP/1.1" 404 1104
116.224.254.208 - - [18/Feb/2024:09:29:01 +0800] "POST /xingrg/kc/buy/cgsh_order_operate.html HTTP/1.1" 200 15370
116.224.254.208 - - [18/Feb/2024:09:29:04 +0800] "GET /xingrg/kc/print/load_data.html?order_code=212024021804867&kc_code=cgsh&condition= HTTP/1.1" 200 6306
116.224.254.208 - - [18/Feb/2024:09:29:11 +0800] "GET /xingrg/javascript/jquery_easy_ui/themes/default/images/button_a_bg.gif HTTP/1.1" 304 -
116.224.254.208 - - [18/Feb/2024:09:29:11 +0800] "GET /xingrg/javascript/jquery_easy_ui/themes/icons/ok.png HTTP/1.1" 304 -
116.224.254.208 - - [18/Feb/2024:09:29:11 +0800] "GET /xingrg/javascript/jquery_easy_ui/themes/default/images/button_span_bg.gif HTTP/1.1" 304 -
116.224.254.208 - - [18/Feb/2024:09:29:11 +0800] "GET /xingrg/javascript/jquery_easy_ui/themes/default/images/panel_title.png HTTP/1.1" 304 -
116.224.254.208 - - [18/Feb/2024:09:29:11 +0800] "GET /xingrg/javascript/jquery_easy_ui/themes/default/images/panel_tools.gif HTTP/1.1" 304 -
120.253.135.82 - - [18/Feb/2024:09:29:13 +0800] "GET /xingrg/all/function/internal_message.html?_=1708219584836&CODE_STATE=getMsg HTTP/1.1" 200 27
116.224.254.208 - - [18/Feb/2024:09:29:13 +0800] "POST /xingrg/all/user/operate.html HTTP/1.1" 200 36
116.224.254.208 - - [18/Feb/2024:09:29:13 +0800] "GET /xingrg/index.html?sysBaseUrl=http%3A%2F%2F180.169.147.146%3A18081%2Fxingrg%2F&costTime=819×tamp=1708218830136 HTTP/1.1" 200 17177
116.224.254.208 - - [18/Feb/2024:09:29:13 +0800] "GET /xingrg/javascript/jquery_easy_ui/themes/default/easyui.css HTTP/1.1" 304 -
116.224.254.208 - - [18/Feb/2024:09:29:13 +0800] "GET /xingrg/javascript/jquery_easy_ui/themes/icon.css HTTP/1.1" 304 -
116.224.254.208 - - [18/Feb/2024:09:29:13 +0800] "GET /xingrg/css/form.css HTTP/1.1" 304 -
116.224.254.208 - - [18/Feb/2024:09:29:13 +0800] "GET /xingrg/javascript/jquery-1.4.2.min.js HTTP/1.1" 304 -
116.224.254.208 - - [18/Feb/2024:09:29:13 +0800] "GET /xingrg/javascript/jquery_easy_ui/jquery.easyui.min.js HTTP/1.1" 304 -
116.224.254.208 - - [18/Feb/2024:09:29:13 +0800] "GET /xingrg/javascript/jquery_easy_ui/easyui-lang-zh_CN.js HTTP/1.1" 304 -
116.224.254.208 - - [18/Feb/2024:09:29:13 +0800] "GET /xingrg/javascript/jquery.form.js HTTP/1.1" 304 -
116.224.254.208 - - [18/Feb/2024:09:29:13 +0800] "GET /xingrg/javascript/jquery.utils.js HTTP/1.1" 304 -
116.224.254.208 - - [18/Feb/2024:09:29:13 +0800] "GET /xingrg/javascript/jquery.timers.js HTTP/1.1" 304 -
116.224.254.208 - - [18/Feb/2024:09:29:13 +0800] "GET /xingrg/images/blue/jxLogo.png HTTP/1.1" 304 -
116.224.254.208 - - [18/Feb/2024:09:29:13 +0800] "GET /xingrg/images/blue/navBackgound.jpg HTTP/1.1" 304 -
116.224.254.208 - - [18/Feb/2024:09:29:13 +0800] "GET /xingrg/javascript/jquery_easy_ui/themes/icons/settle_new.png HTTP/1.1" 304 -
116.224.254.208 - - [18/Feb/2024:09:29:13 +0800] "GET /xingrg/all/function/internal_message.html?_=1708219753697&CODE_STATE=count HTTP/1.1" 200 11
116.224.254.208 - - [18/Feb/2024:09:29:13 +0800] "GET /xingrg/javascript/jquery_easy_ui/themes/default/images/tabs_leftarrow.png HTTP/1.1" 304 -
116.224.254.208 - - [18/Feb/2024:09:29:13 +0800] "GET /xingrg/check_reg.html?_=1708219753698 HTTP/1.1" 200 22
116.224.254.208 - - [18/Feb/2024:09:29:13 +0800] "GET /xingrg/javascript/jquery_easy_ui/themes/default/images/panel_tool_collapse.gif HTTP/1.1" 304 -
116.224.254.208 - - [18/Feb/2024:09:29:13 +0800] "GET /xingrg/images/blue/pingpu.png HTTP/1.1" 304 -
116.224.254.208 - - [18/Feb/2024:09:29:13 +0800] "GET /xingrg/javascript/jquery_easy_ui/themes/default/images/tabs_rightarrow.png HTTP/1.1" 304 -
116.224.254.208 - - [18/Feb/2024:09:29:14 +0800] "POST /xingrg/all/common/load_tree.html?tree=area_rest_tree_json&manage=1 HTTP/1.1" 200 476
116.224.254.208 - - [18/Feb/2024:09:29:14 +0800] "POST /xingrg/load_menu.html HTTP/1.1" 200 5138
116.224.254.208 - - [18/Feb/2024:09:29:26 +0800] "GET /xingrg/kc/buy/cgsh_order_list.html HTTP/1.1" 200 57696
116.230.123.222 - - [18/Feb/2024:09:29:28 +0800] "GET /xingrg/all/function/internal_message.html?_=1708219768531&CODE_STATE=getMsg HTTP/1.1" 200 27
116.224.254.208 - - [18/Feb/2024:09:29:28 +0800] "POST /xingrg/kc/buy/cgsh_list_operate.html HTTP/1.1" 200 986
116.224.254.208 - - [18/Feb/2024:09:29:30 +0800] "GET /xingrg/kc/buy/cgsh_order_add.html HTTP/1.1" 200 73077
116.224.254.208 - - [18/Feb/2024:09:29:30 +0800] "POST /xingrg/kc/buy/cgsh_order_operate.html HTTP/1.1" 200 8245
116.224.254.208 - - [18/Feb/2024:09:29:30 +0800] "GET /xingrg/javascript/easyui/themes/default/validatebox.css HTTP/1.1" 404 1104
116.224.254.208 - - [18/Feb/2024:09:29:30 +0800] "GET /xingrg/all/common/auto_word.html?type=employee&rest_code=00151 HTTP/1.1" 200 293
116.224.254.208 - - [18/Feb/2024:09:29:30 +0800] "GET /xingrg/all/common/auto_word.html?type=employee&rest_code=00151 HTTP/1.1" 200 293
116.224.254.208 - - [18/Feb/2024:09:29:32 +0800] "GET /xingrg/javascript/auto/indicator.gif HTTP/1.1" 404 1066
116.224.254.208 - - [18/Feb/2024:09:29:41 +0800] "GET /xingrg/kc/buy/cgsh_order_operate.html?command=get_materiel&rest_code=00151&code=00101010711&supplier_code=00100096&order_time=2024-02-18 HTTP/1.1" 200 408
221.239.172.101 - - [18/Feb/2024:09:29:53 +0800] "GET /xingrg/all/function/internal_message.html?_=1708219793107&CODE_STATE=getMsg HTTP/1.1" 200 27
116.238.97.31 - - [18/Feb/2024:09:29:57 +0800] "GET /xingrg/all/function/internal_message.html?_=1708219798373&CODE_STATE=getMsg HTTP/1.1" 200 27
116.230.123.222 - - [18/Feb/2024:09:29:58 +0800] "GET /xingrg/all/function/internal_message.html?_=1708219794555&CODE_STATE=getMsg HTTP/1.1" 200 27
116.224.254.208 - - [18/Feb/2024:09:29:58 +0800] "POST /xingrg/kc/buy/cgsh_order_operate.html HTTP/1.1" 200 37
124.78.67.200 - - [18/Feb/2024:09:29:59 +0800] "GET /xingrg/all/function/internal_message.html?_=1708219799467&CODE_STATE=getMsg HTTP/1.1" 200 27
116.224.254.208 - - [18/Feb/2024:09:30:05 +0800] "POST /xingrg/kc/buy/cgsh_order_operate.html HTTP/1.1" 200 12
116.224.254.208 - - [18/Feb/2024:09:30:07 +0800] "GET /xingrg/kc/buy/cgsh_order_info.html?code=212024021804868 HTTP/1.1" 200 67980
116.224.254.208 - - [18/Feb/2024:09:30:08 +0800] "GET /xingrg/javascript/easyui/themes/default/validatebox.css HTTP/1.1" 404 1104
116.224.254.208 - - [18/Feb/2024:09:30:09 +0800] "POST /xingrg/kc/buy/cgsh_order_operate.html HTTP/1.1" 200 608
116.224.254.208 - - [18/Feb/2024:09:30:11 +0800] "GET /xingrg/kc/print/load_data.html?order_code=212024021804868&kc_code=cgsh&condition= HTTP/1.1" 200 702
120.253.135.82 - - [18/Feb/2024:09:30:12 +0800] "GET /xingrg/check_reg.html?_=1708219644674 HTTP/1.1" 200 22
120.253.135.82 - - [18/Feb/2024:09:30:13 +0800] "GET /xingrg/all/function/internal_message.html?_=1708219644850&CODE_STATE=getMsg HTTP/1.1" 200 27
116.224.254.208 - - [18/Feb/2024:09:30:13 +0800] "GET /xingrg/all/function/internal_message.html?_=1708219813719&CODE_STATE=getMsg HTTP/1.1" 200 27
116.238.97.31 - - [18/Feb/2024:09:30:22 +0800] "GET /xingrg/kc/buy/cgsh_order_operate.html?command=get_materiel&rest_code=00102&code=00101012025&supplier_code=00100096&order_time=2024-02-18 HTTP/1.1" 200 412
116.230.123.222 - - [18/Feb/2024:09:30:28 +0800] "GET /xingrg/all/function/internal_message.html?_=1708219828516&CODE_STATE=getMsg HTTP/1.1" 200 27
116.238.97.31 - - [18/Feb/2024:09:30:33 +0800] "GET /xingrg/kc/buy/cgsh_order_operate.html?command=get_materiel&rest_code=00102&code=00101007022&supplier_code=00100096&order_time=2024-02-18 HTTP/1.1" 200 435
221.239.172.101 - - [18/Feb/2024:09:30:53 +0800] "GET /xingrg/all/function/internal_message.html?_=1708219853114&CODE_STATE=getMsg HTTP/1.1" 200 27
116.238.97.31 - - [18/Feb/2024:09:30:57 +0800] "GET /xingrg/all/function/internal_message.html?_=1708219858343&CODE_STATE=getMsg HTTP/1.1" 200 27
116.230.123.222 - - [18/Feb/2024:09:30:58 +0800] "GET /xingrg/all/function/internal_message.html?_=1708219854558&CODE_STATE=getMsg HTTP/1.1" 200 27
124.78.67.200 - - [18/Feb/2024:09:30:59 +0800] "GET /xingrg/all/function/internal_message.html?_=1708219859448&CODE_STATE=getMsg HTTP/1.1" 200 27
120.253.135.82 - - [18/Feb/2024:09:31:13 +0800] "GET /xingrg/all/function/internal_message.html?_=1708219704875&CODE_STATE=getMsg HTTP/1.1" 200 27
116.224.254.208 - - [18/Feb/2024:09:31:13 +0800] "GET /xingrg/all/function/internal_message.html?_=1708219873716&CODE_STATE=getMsg HTTP/1.1" 200 27
116.238.97.31 - - [18/Feb/2024:09:31:26 +0800] "POST /xingrg/kc/buy/cgsh_order_operate.html HTTP/1.1" 200 37
116.230.123.222 - - [18/Feb/2024:09:31:28 +0800] "GET /xingrg/all/function/internal_message.html?_=1708219888499&CODE_STATE=getMsg HTTP/1.1" 200 27
116.238.97.31 - - [18/Feb/2024:09:31:35 +0800] "POST /xingrg/kc/buy/cgsh_order_operate.html HTTP/1.1" 200 12
116.238.97.31 - - [18/Feb/2024:09:31:37 +0800] "GET /xingrg/kc/buy/cgsh_order_info.html?code=212024021804869 HTTP/1.1" 200 68399
116.238.97.31 - - [18/Feb/2024:09:31:38 +0800] "GET /xingrg/javascript/easyui/themes/default/validatebox.css HTTP/1.1" 404 1104
116.238.97.31 - - [18/Feb/2024:09:31:39 +0800] "POST /xingrg/kc/buy/cgsh_order_operate.html HTTP/1.1" 200 1201
116.235.92.110 - - [18/Feb/2024:09:31:40 +0800] "POST /xingrg/services/DataTransmitService HTTP/1.1" 200 524
180.164.1.25 - - [18/Feb/2024:09:31:40 +0800] "POST /xingrg/services/DataTransmitService HTTP/1.1" 200 524
116.238.97.31 - - [18/Feb/2024:09:31:44 +0800] "GET /xingrg/kc/print/load_config.html?kc_code=cgsh HTTP/1.1" 200 1927
116.238.97.31 - - [18/Feb/2024:09:31:44 +0800] "GET /xingrg/kc/print/load_data.html?order_code=212024021804869&kc_code=cgsh&condition= HTTP/1.1" 200 891
221.239.172.101 - - [18/Feb/2024:09:31:53 +0800] "GET /xingrg/all/function/internal_message.html?_=1708219913099&CODE_STATE=getMsg HTTP/1.1" 200 27
116.238.97.31 - - [18/Feb/2024:09:31:57 +0800] "GET /xingrg/all/function/internal_message.html?_=1708219918339&CODE_STATE=getMsg HTTP/1.1" 200 27
116.238.97.31 - - [18/Feb/2024:09:31:57 +0800] "GET /xingrg/check_reg.html?_=1708219918839 HTTP/1.1" 200 22
116.238.97.31 - - [18/Feb/2024:09:31:58 +0800] "GET /xingrg/kc/buy/cgsh_order_add.html HTTP/1.1" 200 73502
116.238.97.31 - - [18/Feb/2024:09:31:58 +0800] "GET /xingrg/javascript/easyui/themes/default/validatebox.css HTTP/1.1" 404 1104
116.238.97.31 - - [18/Feb/2024:09:31:58 +0800] "POST /xingrg/kc/buy/cgsh_order_operate.html HTTP/1.1" 200 8245
116.230.123.222 - - [18/Feb/2024:09:31:58 +0800] "GET /xingrg/check_reg.html?_=1708219914565 HTTP/1.1" 200 22
116.230.123.222 - - [18/Feb/2024:09:31:58 +0800] "GET /xingrg/all/function/internal_message.html?_=1708219914566&CODE_STATE=getMsg HTTP/1.1" 200 27
124.78.67.200 - - [18/Feb/2024:09:31:59 +0800] "GET /xingrg/all/function/internal_message.html?_=1708219919429&CODE_STATE=getMsg HTTP/1.1" 200 27
116.238.97.31 - - [18/Feb/2024:09:32:01 +0800] "GET /xingrg/javascript/easyui/themes/default/tree.css HTTP/1.1" 404 1090
116.238.97.31 - - [18/Feb/2024:09:32:01 +0800] "POST /xingrg/all/common/load_tree.html?tree=supplier_tree_json&isDelete=1 HTTP/1.1" 200 78460
120.253.135.82 - - [18/Feb/2024:09:32:13 +0800] "GET /xingrg/all/function/internal_message.html?_=1708219764899&CODE_STATE=getMsg HTTP/1.1" 200 27
116.224.254.208 - - [18/Feb/2024:09:32:13 +0800] "GET /xingrg/all/function/internal_message.html?_=1708219933728&CODE_STATE=getMsg HTTP/1.1" 200 27
116.230.123.222 - - [18/Feb/2024:09:32:28 +0800] "GET /xingrg/all/function/internal_message.html?_=1708219948481&CODE_STATE=getMsg HTTP/1.1" 200 27
221.239.172.101 - - [18/Feb/2024:09:32:53 +0800] "GET /xingrg/all/function/internal_message.html?_=1708219973100&CODE_STATE=getMsg HTTP/1.1" 200 27
116.238.97.31 - - [18/Feb/2024:09:32:57 +0800] "GET /xingrg/all/function/internal_message.html?_=1708219978324&CODE_STATE=getMsg HTTP/1.1" 200 27
116.230.123.222 - - [18/Feb/2024:09:32:58 +0800] "GET /xingrg/all/function/internal_message.html?_=1708219974562&CODE_STATE=getMsg HTTP/1.1" 200 27
124.78.67.200 - - [18/Feb/2024:09:32:59 +0800] "GET /xingrg/all/function/internal_message.html?_=1708219979413&CODE_STATE=getMsg HTTP/1.1" 200 27
116.238.97.31 - - [18/Feb/2024:09:33:04 +0800] "GET /xingrg/kc/buy/cgsh_order_operate.html?command=get_materiel&rest_code=00102&code=00101002027&supplier_code=00100400&order_time=2024-02-18 HTTP/1.1" 200 434
120.253.135.82 - - [18/Feb/2024:09:33:13 +0800] "GET /xingrg/all/function/internal_message.html?_=1708219824968&CODE_STATE=getMsg HTTP/1.1" 200 27
116.224.254.208 - - [18/Feb/2024:09:33:13 +0800] "GET /xingrg/all/function/internal_message.html?_=1708219993751&CODE_STATE=getMsg HTTP/1.1" 200 27
124.78.67.200 - - [18/Feb/2024:09:33:14 +0800] "GET /xingrg/check_reg.html?_=1708219994543 HTTP/1.1" 200 22
116.238.97.31 - - [18/Feb/2024:09:33:20 +0800] "GET /xingrg/kc/buy/cgsh_order_operate.html?command=get_materiel&rest_code=00102&code=00101001191&supplier_code=00100400&order_time=2024-02-18 HTTP/1.1" 200 413
116.230.123.222 - - [18/Feb/2024:09:33:28 +0800] "GET /xingrg/all/function/internal_message.html?_=1708220008464&CODE_STATE=getMsg HTTP/1.1" 200 27
116.238.97.31 - - [18/Feb/2024:09:33:33 +0800] "GET /xingrg/kc/buy/cgsh_order_operate.html?command=get_materiel&rest_code=00102&code=00101005037&supplier_code=00100400&order_time=2024-02-18 HTTP/1.1" 200 428
116.230.123.222 - - [18/Feb/2024:09:33:41 +0800] "GET /xingrg/check_reg.html?_=1708220021180 HTTP/1.1" 200 22
116.238.97.31 - - [18/Feb/2024:09:33:44 +0800] "GET /xingrg/kc/buy/cgsh_order_operate.html?command=get_materiel&rest_code=00102&code=00101001069&supplier_code=00100400&order_time=2024-02-18 HTTP/1.1" 200 409
221.239.172.101 - - [18/Feb/2024:09:33:53 +0800] "GET /xingrg/all/function/internal_message.html?_=1708220033105&CODE_STATE=getMsg HTTP/1.1" 200 27
221.239.172.101 - - [18/Feb/2024:09:33:53 +0800] "GET /xingrg/check_reg.html?_=1708220033111 HTTP/1.1" 200 22
116.238.97.31 - - [18/Feb/2024:09:33:57 +0800] "GET /xingrg/all/function/internal_message.html?_=1708220038308&CODE_STATE=getMsg HTTP/1.1" 200 27
116.230.123.222 - - [18/Feb/2024:09:33:58 +0800] "GET /xingrg/all/function/internal_message.html?_=1708220034557&CODE_STATE=getMsg HTTP/1.1" 200 27
124.78.67.200 - - [18/Feb/2024:09:33:59 +0800] "GET /xingrg/all/function/internal_message.html?_=1708220039407&CODE_STATE=getMsg HTTP/1.1" 200 27
116.238.97.31 - - [18/Feb/2024:09:34:04 +0800] "GET /xingrg/kc/buy/cgsh_order_operate.html?command=get_materiel&rest_code=00102&code=00101002022&supplier_code=00100400&order_time=2024-02-18 HTTP/1.1" 200 409
120.253.135.82 - - [18/Feb/2024:09:34:13 +0800] "GET /xingrg/all/function/internal_message.html?_=1708219884995&CODE_STATE=getMsg HTTP/1.1" 200 27
116.224.254.208 - - [18/Feb/2024:09:34:13 +0800] "GET /xingrg/check_reg.html?_=1708220053739 HTTP/1.1" 200 22
116.224.254.208 - - [18/Feb/2024:09:34:13 +0800] "GET /xingrg/all/function/internal_message.html?_=1708220053741&CODE_STATE=getMsg HTTP/1.1" 200 27
116.230.123.222 - - [18/Feb/2024:09:34:28 +0800] "GET /xingrg/all/function/internal_message.html?_=1708220068450&CODE_STATE=getMsg HTTP/1.1" 200 27
124.78.67.200 - - [18/Feb/2024:09:34:48 +0800] "GET /xingrg/css/new_ie.css HTTP/1.1" 404 1036
124.78.67.200 - - [18/Feb/2024:09:34:49 +0800] "GET /xingrg/images/yd/bt.gif HTTP/1.1" 404 1040
124.78.67.200 - - [18/Feb/2024:09:34:52 +0800] "POST /xingrg/kc/buy/cgsh_list_operate.html HTTP/1.1" 200 986
221.239.172.101 - - [18/Feb/2024:09:34:53 +0800] "GET /xingrg/all/function/internal_message.html?_=1708220093112&CODE_STATE=getMsg HTTP/1.1" 200 27
116.238.97.31 - - [18/Feb/2024:09:34:57 +0800] "GET /xingrg/all/function/internal_message.html?_=1708220098303&CODE_STATE=getMsg HTTP/1.1" 200 27
116.230.123.222 - - [18/Feb/2024:09:34:58 +0800] "GET /xingrg/all/function/internal_message.html?_=1708220094562&CODE_STATE=getMsg HTTP/1.1" 200 27
124.78.67.200 - - [18/Feb/2024:09:34:59 +0800] "GET /xingrg/all/function/internal_message.html?_=1708220099392&CODE_STATE=getMsg HTTP/1.1" 200 27
120.253.135.82 - - [18/Feb/2024:09:35:13 +0800] "GET /xingrg/check_reg.html?_=1708219944732 HTTP/1.1" 200 22
120.253.135.82 - - [18/Feb/2024:09:35:13 +0800] "GET /xingrg/all/function/internal_message.html?_=1708219945010&CODE_STATE=getMsg HTTP/1.1" 200 27
116.224.254.208 - - [18/Feb/2024:09:35:13 +0800] "GET /xingrg/all/function/internal_message.html?_=1708220113733&CODE_STATE=getMsg HTTP/1.1" 200 27
116.230.123.222 - - [18/Feb/2024:09:35:28 +0800] "GET /xingrg/all/function/internal_message.html?_=1708220128459&CODE_STATE=getMsg HTTP/1.1" 200 27
221.239.172.101 - - [18/Feb/2024:09:35:53 +0800] "GET /xingrg/all/function/internal_message.html?_=1708220153111&CODE_STATE=getMsg HTTP/1.1" 200 27
116.238.97.31 - - [18/Feb/2024:09:35:57 +0800] "GET /xingrg/all/function/internal_message.html?_=1708220158291&CODE_STATE=getMsg HTTP/1.1" 200 27
116.230.123.222 - - [18/Feb/2024:09:35:58 +0800] "GET /xingrg/all/function/internal_message.html?_=1708220154548&CODE_STATE=getMsg HTTP/1.1" 200 27
124.78.67.200 - - [18/Feb/2024:09:35:59 +0800] "GET /xingrg/all/function/internal_message.html?_=1708220159375&CODE_STATE=getMsg HTTP/1.1" 200 27
116.238.97.31 - - [18/Feb/2024:09:36:10 +0800] "POST /xingrg/kc/buy/cgsh_order_operate.html HTTP/1.1" 200 37
120.253.135.82 - - [18/Feb/2024:09:36:13 +0800] "GET /xingrg/all/function/internal_message.html?_=1708220005024&CODE_STATE=getMsg HTTP/1.1" 200 27
116.224.254.208 - - [18/Feb/2024:09:36:13 +0800] "GET /xingrg/all/function/internal_message.html?_=1708220173743&CODE_STATE=getMsg HTTP/1.1" 200 27
116.238.97.31 - - [18/Feb/2024:09:36:17 +0800] "POST /xingrg/kc/buy/cgsh_order_operate.html HTTP/1.1" 200 12
116.238.97.31 - - [18/Feb/2024:09:36:20 +0800] "GET /xingrg/kc/buy/cgsh_order_info.html?code=212024021804870 HTTP/1.1" 200 68407
116.238.97.31 - - [18/Feb/2024:09:36:20 +0800] "GET /xingrg/javascript/easyui/themes/default/validatebox.css HTTP/1.1" 404 1104
116.238.97.31 - - [18/Feb/2024:09:36:21 +0800] "POST /xingrg/kc/buy/cgsh_order_operate.html HTTP/1.1" 200 3565
116.238.97.31 - - [18/Feb/2024:09:36:25 +0800] "GET /xingrg/kc/print/load_data.html?order_code=212024021804870&kc_code=cgsh&condition= HTTP/1.1" 200 1807
116.230.123.222 - - [18/Feb/2024:09:36:28 +0800] "GET /xingrg/all/function/internal_message.html?_=1708220188442&CODE_STATE=getMsg HTTP/1.1" 200 27
221.239.172.101 - - [18/Feb/2024:09:36:53 +0800] "GET /xingrg/all/function/internal_message.html?_=1708220213114&CODE_STATE=getMsg HTTP/1.1" 200 27
116.238.97.31 - - [18/Feb/2024:09:36:57 +0800] "GET /xingrg/all/function/internal_message.html?_=1708220218269&CODE_STATE=getMsg HTTP/1.1" 200 27
116.238.97.31 - - [18/Feb/2024:09:36:57 +0800] "GET /xingrg/check_reg.html?_=1708220218827 HTTP/1.1" 200 22
116.230.123.222 - - [18/Feb/2024:09:36:58 +0800] "GET /xingrg/check_reg.html?_=1708220214554 HTTP/1.1" 200 22
116.230.123.222 - - [18/Feb/2024:09:36:58 +0800] "GET /xingrg/all/function/internal_message.html?_=1708220214552&CODE_STATE=getMsg HTTP/1.1" 200 27
124.78.67.200 - - [18/Feb/2024:09:36:59 +0800] "GET /xingrg/all/function/internal_message.html?_=1708220219355&CODE_STATE=getMsg HTTP/1.1" 200 27
120.253.135.82 - - [18/Feb/2024:09:37:13 +0800] "GET /xingrg/all/function/internal_message.html?_=1708220065116&CODE_STATE=getMsg HTTP/1.1" 200 27
116.224.254.208 - - [18/Feb/2024:09:37:13 +0800] "GET /xingrg/all/function/internal_message.html?_=1708220233750&CODE_STATE=getMsg HTTP/1.1" 200 27
116.230.123.222 - - [18/Feb/2024:09:37:28 +0800] "GET /xingrg/all/function/internal_message.html?_=1708220248427&CODE_STATE=getMsg HTTP/1.1" 200 27
114.83.219.181 - - [18/Feb/2024:09:37:38 +0800] "POST /xingrg/services/DataTransmitService HTTP/1.1" 200 524
221.239.172.101 - - [18/Feb/2024:09:37:53 +0800] "GET /xingrg/all/function/internal_message.html?_=1708220273114&CODE_STATE=getMsg HTTP/1.1" 200 27
116.238.97.31 - - [18/Feb/2024:09:37:57 +0800] "GET /xingrg/all/function/internal_message.html?_=1708220278242&CODE_STATE=getMsg HTTP/1.1" 200 27
116.230.123.222 - - [18/Feb/2024:09:37:58 +0800] "GET /xingrg/all/function/internal_message.html?_=1708220274556&CODE_STATE=getMsg HTTP/1.1" 200 27
124.78.67.200 - - [18/Feb/2024:09:37:59 +0800] "GET /xingrg/all/function/internal_message.html?_=1708220279343&CODE_STATE=getMsg HTTP/1.1" 200 27
120.253.135.82 - - [18/Feb/2024:09:38:13 +0800] "GET /xingrg/all/function/internal_message.html?_=1708220125199&CODE_STATE=getMsg HTTP/1.1" 200 27
116.224.254.208 - - [18/Feb/2024:09:38:14 +0800] "GET /xingrg/all/function/internal_message.html?_=1708220293754&CODE_STATE=getMsg HTTP/1.1" 200 27
124.78.67.200 - - [18/Feb/2024:09:38:14 +0800] "GET /xingrg/check_reg.html?_=1708220294520 HTTP/1.1" 200 22
116.230.123.222 - - [18/Feb/2024:09:38:28 +0800] "GET /xingrg/all/function/internal_message.html?_=1708220308411&CODE_STATE=getMsg HTTP/1.1" 200 27
116.230.123.222 - - [18/Feb/2024:09:38:41 +0800] "GET /xingrg/check_reg.html?_=1708220321193 HTTP/1.1" 200 22
221.239.172.101 - - [18/Feb/2024:09:38:53 +0800] "GET /xingrg/all/function/internal_message.html?_=1708220333117&CODE_STATE=getMsg HTTP/1.1" 200 27
221.239.172.101 - - [18/Feb/2024:09:38:53 +0800] "GET /xingrg/check_reg.html?_=1708220333114 HTTP/1.1" 200 22
116.238.97.31 - - [18/Feb/2024:09:38:57 +0800] "GET /xingrg/all/function/internal_message.html?_=1708220338233&CODE_STATE=getMsg HTTP/1.1" 200 27
116.230.123.222 - - [18/Feb/2024:09:38:58 +0800] "GET /xingrg/all/function/internal_message.html?_=1708220334571&CODE_STATE=getMsg HTTP/1.1" 200 27
124.78.67.200 - - [18/Feb/2024:09:38:59 +0800] "GET /xingrg/all/function/internal_message.html?_=1708220339315&CODE_STATE=getMsg HTTP/1.1" 200 27
120.253.135.82 - - [18/Feb/2024:09:39:13 +0800] "GET /xingrg/all/function/internal_message.html?_=1708220185206&CODE_STATE=getMsg HTTP/1.1" 200 27
116.224.254.208 - - [18/Feb/2024:09:39:13 +0800] "GET /xingrg/check_reg.html?_=1708220353758 HTTP/1.1" 200 22
116.224.254.208 - - [18/Feb/2024:09:39:13 +0800] "GET /xingrg/all/function/internal_message.html?_=1708220353760&CODE_STATE=getMsg HTTP/1.1" 200 27
116.230.123.222 - - [18/Feb/2024:09:39:28 +0800] "GET /xingrg/all/function/internal_message.html?_=1708220368385&CODE_STATE=getMsg HTTP/1.1" 200 27
221.239.172.101 - - [18/Feb/2024:09:39:53 +0800] "GET /xingrg/all/function/internal_message.html?_=1708220393115&CODE_STATE=getMsg HTTP/1.1" 200 27
116.238.97.31 - - [18/Feb/2024:09:39:56 +0800] "GET /xingrg/all/function/internal_message.html?_=1708220398209&CODE_STATE=getMsg HTTP/1.1" 200 27
116.230.123.222 - - [18/Feb/2024:09:39:58 +0800] "GET /xingrg/all/function/internal_message.html?_=1708220394559&CODE_STATE=getMsg HTTP/1.1" 200 27
124.78.67.200 - - [18/Feb/2024:09:39:59 +0800] "GET /xingrg/all/function/internal_message.html?_=1708220399307&CODE_STATE=getMsg HTTP/1.1" 200 27
120.253.135.82 - - [18/Feb/2024:09:40:13 +0800] "GET /xingrg/check_reg.html?_=1708220244801 HTTP/1.1" 200 22
120.253.135.82 - - [18/Feb/2024:09:40:13 +0800] "GET /xingrg/all/function/internal_message.html?_=1708220245228&CODE_STATE=getMsg HTTP/1.1" 200 27
116.224.254.208 - - [18/Feb/2024:09:40:13 +0800] "GET /xingrg/all/function/internal_message.html?_=1708220413753&CODE_STATE=getMsg HTTP/1.1" 200 27
116.230.123.222 - - [18/Feb/2024:09:40:28 +0800] "GET /xingrg/all/function/internal_message.html?_=1708220428368&CODE_STATE=getMsg HTTP/1.1" 200 27
221.239.172.101 - - [18/Feb/2024:09:40:53 +0800] "GET /xingrg/all/function/internal_message.html?_=1708220453117&CODE_STATE=getMsg HTTP/1.1" 200 27
116.238.97.31 - - [18/Feb/2024:09:40:56 +0800] "GET /xingrg/all/function/internal_message.html?_=1708220458192&CODE_STATE=getMsg HTTP/1.1" 200 27
116.230.123.222 - - [18/Feb/2024:09:40:58 +0800] "GET /xingrg/all/function/internal_message.html?_=1708220454565&CODE_STATE=getMsg HTTP/1.1" 200 27
124.78.67.200 - - [18/Feb/2024:09:40:59 +0800] "GET /xingrg/all/function/internal_message.html?_=1708220459296&CODE_STATE=getMsg HTTP/1.1" 200 27
120.253.135.82 - - [18/Feb/2024:09:41:13 +0800] "GET /xingrg/all/function/internal_message.html?_=1708220305248&CODE_STATE=getMsg HTTP/1.1" 200 27
116.224.254.208 - - [18/Feb/2024:09:41:13 +0800] "GET /xingrg/all/function/internal_message.html?_=1708220473762&CODE_STATE=getMsg HTTP/1.1" 200 27
116.230.123.222 - - [18/Feb/2024:09:41:28 +0800] "GET /xingrg/all/function/internal_message.html?_=1708220488351&CODE_STATE=getMsg HTTP/1.1" 200 27
221.239.172.101 - - [18/Feb/2024:09:41:53 +0800] "GET /xingrg/all/function/internal_message.html?_=1708220513117&CODE_STATE=getMsg HTTP/1.1" 200 27
116.238.97.31 - - [18/Feb/2024:09:41:56 +0800] "GET /xingrg/all/function/internal_message.html?_=1708220518170&CODE_STATE=getMsg HTTP/1.1" 200 27
116.238.97.31 - - [18/Feb/2024:09:41:57 +0800] "GET /xingrg/check_reg.html?_=1708220518803 HTTP/1.1" 200 22
116.230.123.222 - - [18/Feb/2024:09:41:58 +0800] "GET /xingrg/check_reg.html?_=1708220514559 HTTP/1.1" 200 22
116.230.123.222 - - [18/Feb/2024:09:41:58 +0800] "GET /xingrg/all/function/internal_message.html?_=1708220514561&CODE_STATE=getMsg HTTP/1.1" 200 27
124.78.67.200 - - [18/Feb/2024:09:41:59 +0800] "GET /xingrg/all/function/internal_message.html?_=1708220519281&CODE_STATE=getMsg HTTP/1.1" 200 27
120.253.135.82 - - [18/Feb/2024:09:42:13 +0800] "GET /xingrg/all/function/internal_message.html?_=1708220365262&CODE_STATE=getMsg HTTP/1.1" 200 27
116.224.254.208 - - [18/Feb/2024:09:42:13 +0800] "GET /xingrg/all/function/internal_message.html?_=1708220533775&CODE_STATE=getMsg HTTP/1.1" 200 27
116.230.123.222 - - [18/Feb/2024:09:42:28 +0800] "GET /xingrg/all/function/internal_message.html?_=1708220548335&CODE_STATE=getMsg HTTP/1.1" 200 27
222.69.134.90 - - [18/Feb/2024:09:42:29 +0800] "GET /xingrg/login.html HTTP/1.1" 200 7641
222.69.134.90 - - [18/Feb/2024:09:42:29 +0800] "GET /xingrg/images/blue/jxLogo.png HTTP/1.1" 200 6156
222.69.134.90 - - [18/Feb/2024:09:42:29 +0800] "GET /xingrg/images/blue/login_bg.png HTTP/1.1" 200 22101
222.69.134.90 - - [18/Feb/2024:09:42:29 +0800] "GET /xingrg/images/blue/hj.png HTTP/1.1" 200 1014
222.69.134.90 - - [18/Feb/2024:09:42:29 +0800] "GET /xingrg/images/blue/srbg.png HTTP/1.1" 200 138
222.69.134.90 - - [18/Feb/2024:09:42:29 +0800] "GET /favicon.ico HTTP/1.1" 404 -
222.69.134.90 - - [18/Feb/2024:09:42:31 +0800] "POST /xingrg/login.do HTTP/1.1" 302 -
222.69.134.90 - - [18/Feb/2024:09:42:32 +0800] "GET /xingrg/index.html?sysBaseUrl=http%3A%2F%2F180.169.147.146%3A18081%2Fxingrg%2F&costTime=819×tamp=1708220551988 HTTP/1.1" 200 17179
222.69.134.90 - - [18/Feb/2024:09:42:32 +0800] "GET /xingrg/javascript/jquery_easy_ui/themes/default/easyui.css HTTP/1.1" 200 26500
222.69.134.90 - - [18/Feb/2024:09:42:32 +0800] "GET /xingrg/javascript/jquery_easy_ui/themes/icon.css HTTP/1.1" 200 3949
222.69.134.90 - - [18/Feb/2024:09:42:32 +0800] "GET /xingrg/css/form.css HTTP/1.1" 200 893
222.69.134.90 - - [18/Feb/2024:09:42:32 +0800] "GET /xingrg/javascript/jquery_easy_ui/jquery.easyui.min.js HTTP/1.1" 200 213662
222.69.134.90 - - [18/Feb/2024:09:42:32 +0800] "GET /xingrg/javascript/jquery_easy_ui/easyui-lang-zh_CN.js HTTP/1.1" 200 1900
222.69.134.90 - - [18/Feb/2024:09:42:32 +0800] "GET /xingrg/javascript/jquery-1.4.2.min.js HTTP/1.1" 200 72205
222.69.134.90 - - [18/Feb/2024:09:42:32 +0800] "GET /xingrg/javascript/jquery.timers.js HTTP/1.1" 200 3532
222.69.134.90 - - [18/Feb/2024:09:42:32 +0800] "GET /xingrg/javascript/jquery.form.js HTTP/1.1" 200 23110
222.69.134.90 - - [18/Feb/2024:09:42:32 +0800] "GET /favicon.ico HTTP/1.1" 404 -
222.69.134.90 - - [18/Feb/2024:09:42:32 +0800] "GET /xingrg/images/blue/navBackgound.jpg HTTP/1.1" 200 12378
222.69.134.90 - - [18/Feb/2024:09:42:32 +0800] "GET /xingrg/javascript/jquery_easy_ui/themes/icons/settle_new.png HTTP/1.1" 200 826
222.69.134.90 - - [18/Feb/2024:09:42:32 +0800] "GET /xingrg/all/function/internal_message.html?_=1708220553420&CODE_STATE=count HTTP/1.1" 200 11
222.69.134.90 - - [18/Feb/2024:09:42:32 +0800] "GET /xingrg/check_reg.html?_=1708220553421 HTTP/1.1" 200 22
222.69.134.90 - - [18/Feb/2024:09:42:32 +0800] "GET /xingrg/images/blue/pingpu.png HTTP/1.1" 200 231
222.69.134.90 - - [18/Feb/2024:09:42:32 +0800] "GET /xingrg/javascript/jquery_easy_ui/themes/default/images/tabs_leftarrow.png HTTP/1.1" 200 389
222.69.134.90 - - [18/Feb/2024:09:42:32 +0800] "GET /xingrg/javascript/jquery_easy_ui/themes/default/images/tabs_rightarrow.png HTTP/1.1" 200 395
222.69.134.90 - - [18/Feb/2024:09:42:32 +0800] "GET /xingrg/javascript/jquery_easy_ui/themes/default/images/panel_tool_collapse.gif HTTP/1.1" 200 246
222.69.134.90 - - [18/Feb/2024:09:42:32 +0800] "POST /xingrg/all/common/load_tree.html?tree=area_rest_tree_json&manage=1 HTTP/1.1" 200 351
222.69.134.90 - - [18/Feb/2024:09:42:32 +0800] "POST /xingrg/load_menu.html HTTP/1.1" 200 5138
222.69.134.90 - - [18/Feb/2024:09:42:32 +0800] "GET /xingrg/javascript/jquery_easy_ui/themes/default/images/tree_arrows.gif HTTP/1.1" 200 1043
222.69.134.90 - - [18/Feb/2024:09:42:32 +0800] "GET /xingrg/javascript/jquery_easy_ui/themes/default/images/tree_folder_open.gif HTTP/1.1" 200 956
222.69.134.90 - - [18/Feb/2024:09:42:32 +0800] "GET /xingrg/javascript/jquery_easy_ui/themes/icons/search_new.png HTTP/1.1" 200 586
222.69.134.90 - - [18/Feb/2024:09:42:32 +0800] "GET /xingrg/javascript/jquery_easy_ui/themes/default/images/tree_folder.gif HTTP/1.1" 200 952
222.69.134.90 - - [18/Feb/2024:09:42:32 +0800] "GET /xingrg/javascript/jquery_easy_ui/themes/icons/storage_new.png HTTP/1.1" 200 853
222.69.134.90 - - [18/Feb/2024:09:42:32 +0800] "GET /xingrg/javascript/jquery_easy_ui/themes/icons/forms_new.png HTTP/1.1" 200 350
222.69.134.90 - - [18/Feb/2024:09:42:32 +0800] "GET /xingrg/javascript/jquery_easy_ui/themes/default/images/tree_file.gif HTTP/1.1" 200 118
222.69.134.90 - - [18/Feb/2024:09:42:36 +0800] "GET /xingrg/javascript/jquery_easy_ui/themes/default/images/tabs_close.gif HTTP/1.1" 200 829
222.69.134.90 - - [18/Feb/2024:09:42:37 +0800] "GET /xingrg/kc/buy/cgsh_order_list.html HTTP/1.1" 200 57698
222.69.134.90 - - [18/Feb/2024:09:42:37 +0800] "GET /xingrg/javascript/easyui/themes/icons/edit_add_new.png HTTP/1.1" 200 2997
222.69.134.90 - - [18/Feb/2024:09:42:37 +0800] "GET /xingrg/javascript/easyui/themes/icons/cance_new.png HTTP/1.1" 200 3986
222.69.134.90 - - [18/Feb/2024:09:42:37 +0800] "GET /xingrg/javascript/easyui/themes/icons/check_new.png HTTP/1.1" 200 3224
222.69.134.90 - - [18/Feb/2024:09:42:37 +0800] "GET /xingrg/javascript/easyui/themes/icons/field_new.png HTTP/1.1" 200 1097
222.69.134.90 - - [18/Feb/2024:09:42:37 +0800] "GET /xingrg/javascript/easyui/themes/icons/import_new.png HTTP/1.1" 200 1247
222.69.134.90 - - [18/Feb/2024:09:42:37 +0800] "GET /xingrg/images/control/ajaxLoader.gif HTTP/1.1" 200 4659
222.69.134.90 - - [18/Feb/2024:09:42:41 +0800] "POST /xingrg/kc/buy/cgsh_list_operate.html HTTP/1.1" 200 1855
221.239.172.101 - - [18/Feb/2024:09:42:53 +0800] "GET /xingrg/all/function/internal_message.html?_=1708220573115&CODE_STATE=getMsg HTTP/1.1" 200 27
116.238.97.31 - - [18/Feb/2024:09:42:56 +0800] "GET /xingrg/all/function/internal_message.html?_=1708220578151&CODE_STATE=getMsg HTTP/1.1" 200 27
116.230.123.222 - - [18/Feb/2024:09:42:58 +0800] "GET /xingrg/all/function/internal_message.html?_=1708220574550&CODE_STATE=getMsg HTTP/1.1" 200 27
124.78.67.200 - - [18/Feb/2024:09:42:59 +0800] "GET /xingrg/all/function/internal_message.html?_=1708220579258&CODE_STATE=getMsg HTTP/1.1" 200 27
222.69.134.90 - - [18/Feb/2024:09:43:09 +0800] "POST /xingrg/kc/buy/cgsh_list_operate.html HTTP/1.1" 200 576
222.69.134.90 - - [18/Feb/2024:09:43:10 +0800] "GET /xingrg/kc/buy/cgsh_order_info.html?code=212024021704616 HTTP/1.1" 200 72670
222.69.134.90 - - [18/Feb/2024:09:43:10 +0800] "GET /xingrg/javascript/easyui/themes/icons/copy_new.png HTTP/1.1" 200 815
222.69.134.90 - - [18/Feb/2024:09:43:10 +0800] "GET /xingrg/javascript/easyui/themes/icons/template_new.png HTTP/1.1" 200 3956
222.69.134.90 - - [18/Feb/2024:09:43:10 +0800] "GET /xingrg/javascript/easyui/themes/icons/ok.png HTTP/1.1" 200 883
222.69.134.90 - - [18/Feb/2024:09:43:10 +0800] "GET /xingrg/javascript/easyui/themes/icons/print.png HTTP/1.1" 200 1057
222.69.134.90 - - [18/Feb/2024:09:43:10 +0800] "GET /xingrg/javascript/easyui/themes/default/images/menu_downarrow.png HTTP/1.1" 200 173
222.69.134.90 - - [18/Feb/2024:09:43:10 +0800] "GET /xingrg/javascript/easyui/themes/icons/cancel.png HTTP/1.1" 200 1133
222.69.134.90 - - [18/Feb/2024:09:43:10 +0800] "GET /xingrg/javascript/easyui/themes/default/validatebox.css HTTP/1.1" 404 1104
222.69.134.90 - - [18/Feb/2024:09:43:10 +0800] "GET /xingrg/all/common/auto_word.html?type=employee&rest_code=00154 HTTP/1.1" 200 101
222.69.134.90 - - [18/Feb/2024:09:43:11 +0800] "GET /xingrg/all/common/auto_word.html?type=employee&rest_code=00154 HTTP/1.1" 200 101
222.69.134.90 - - [18/Feb/2024:09:43:11 +0800] "POST /xingrg/kc/buy/cgsh_order_operate.html HTTP/1.1" 200 14168
222.69.134.90 - - [18/Feb/2024:09:43:11 +0800] "GET /xingrg/javascript/easyui/themes/icons/edit_remove.png HTTP/1.1" 200 625
120.253.135.82 - - [18/Feb/2024:09:43:13 +0800] "GET /xingrg/all/function/internal_message.html?_=1708220425315&CODE_STATE=getMsg HTTP/1.1" 200 27
116.224.254.208 - - [18/Feb/2024:09:43:13 +0800] "GET /xingrg/all/function/internal_message.html?_=1708220593770&CODE_STATE=getMsg HTTP/1.1" 200 27
124.78.67.200 - - [18/Feb/2024:09:43:14 +0800] "GET /xingrg/check_reg.html?_=1708220594509 HTTP/1.1" 200 22
116.230.123.222 - - [18/Feb/2024:09:43:28 +0800] "GET /xingrg/all/function/internal_message.html?_=1708220608319&CODE_STATE=getMsg HTTP/1.1" 200 27
222.69.134.90 - - [18/Feb/2024:09:43:32 +0800] "GET /xingrg/all/function/internal_message.html?_=1708220613431&CODE_STATE=getMsg HTTP/1.1" 200 27
116.230.123.222 - - [18/Feb/2024:09:43:41 +0800] "GET /xingrg/check_reg.html?_=1708220621174 HTTP/1.1" 200 22
221.239.172.101 - - [18/Feb/2024:09:43:53 +0800] "GET /xingrg/check_reg.html?_=1708220633108 HTTP/1.1" 200 22
221.239.172.101 - - [18/Feb/2024:09:43:53 +0800] "GET /xingrg/all/function/internal_message.html?_=1708220633112&CODE_STATE=getMsg HTTP/1.1" 200 27
116.238.97.31 - - [18/Feb/2024:09:43:56 +0800] "GET /xingrg/all/function/internal_message.html?_=1708220638134&CODE_STATE=getMsg HTTP/1.1" 200 27
116.230.123.222 - - [18/Feb/2024:09:43:58 +0800] "GET /xingrg/all/function/internal_message.html?_=1708220634560&CODE_STATE=getMsg HTTP/1.1" 200 27
124.78.67.200 - - [18/Feb/2024:09:43:59 +0800] "GET /xingrg/all/function/internal_message.html?_=1708220639250&CODE_STATE=getMsg HTTP/1.1" 200 27
120.253.135.82 - - [18/Feb/2024:09:44:13 +0800] "GET /xingrg/all/function/internal_message.html?_=1708220485328&CODE_STATE=getMsg HTTP/1.1" 200 27
116.224.254.208 - - [18/Feb/2024:09:44:13 +0800] "GET /xingrg/all/function/internal_message.html?_=1708220653771&CODE_STATE=getMsg HTTP/1.1" 200 27
116.224.254.208 - - [18/Feb/2024:09:44:13 +0800] "GET /xingrg/check_reg.html?_=1708220653772 HTTP/1.1" 200 22
120.253.135.82 - - [18/Feb/2024:09:44:18 +0800] "GET /xingrg/kc/pszx/mdqp_order_list.html?state=10 HTTP/1.1" 200 10319
120.253.135.82 - - [18/Feb/2024:09:44:18 +0800] "GET /xingrg/dwr/interface/AjaxReportQueryService.js HTTP/1.1" 200 13203
120.253.135.82 - - [18/Feb/2024:09:44:18 +0800] "GET /xingrg/dwr/interface/AjaxQqpsService.js HTTP/1.1" 200 16326
120.253.135.82 - - [18/Feb/2024:09:44:18 +0800] "GET /xingrg/dwr/engine.js HTTP/1.1" 200 43631
120.253.135.82 - - [18/Feb/2024:09:44:20 +0800] "GET /xingrg/kc/pszx/mdps_order_list.html?orderType=0 HTTP/1.1" 200 20995
120.253.135.82 - - [18/Feb/2024:09:44:20 +0800] "POST /xingrg/kc/pszx/mdps_list_operate.html HTTP/1.1" 200 5187
116.230.123.222 - - [18/Feb/2024:09:44:28 +0800] "GET /xingrg/all/function/internal_message.html?_=1708220668302&CODE_STATE=getMsg HTTP/1.1" 200 27
222.69.134.90 - - [18/Feb/2024:09:44:32 +0800] "GET /xingrg/all/function/internal_message.html?_=1708220673438&CODE_STATE=getMsg HTTP/1.1" 200 27
120.253.135.82 - - [18/Feb/2024:09:44:34 +0800] "POST /xingrg/kc/pszx/mdps_list_operate.html HTTP/1.1" 200 3535
