124.78.67.200 - - [18/Feb/2024:15:17:35 +0800] "POST /xingrg/kc/buy/cgsh_list_operate.html HTTP/1.1" 200 4648
180.163.29.219 - - [18/Feb/2024:15:17:46 +0800] "GET /xingrg/all/function/internal_message.html?_=1708240603012&CODE_STATE=getMsg HTTP/1.1" 302 -
180.163.29.219 - - [18/Feb/2024:15:17:46 +0800] "GET /xingrg/login.html HTTP/1.1" 200 7641
180.163.29.217 - - [18/Feb/2024:15:17:46 +0800] "GET /xingrg/check_reg.html?_=1708240603016 HTTP/1.1" 302 -
175.42.36.45 - - [18/Feb/2024:15:17:46 +0800] "GET /xingrg/kc/buy/cgsh_order_operate.html?command=get_materiel&rest_code=00149&code=00101008370&supplier_code=00100008&order_time=2024-02-18 HTTP/1.1" 200 412
61.170.234.194 - - [18/Feb/2024:15:17:46 +0800] "GET /xingrg/all/function/internal_message.html?_=1708240663017&CODE_STATE=getMsg HTTP/1.1" 200 27
180.163.29.217 - - [18/Feb/2024:15:17:47 +0800] "GET /xingrg/login.html HTTP/1.1" 200 7641
124.78.67.200 - - [18/Feb/2024:15:17:50 +0800] "POST /xingrg/kc/buy/cgsh_list_operate.html HTTP/1.1" 200 4648
221.239.172.101 - - [18/Feb/2024:15:17:53 +0800] "GET /xingrg/all/function/internal_message.html?_=1708240673543&CODE_STATE=getMsg HTTP/1.1" 200 27
124.78.67.200 - - [18/Feb/2024:15:18:08 +0800] "GET /xingrg/all/function/internal_message.html?_=1708240688812&CODE_STATE=getMsg HTTP/1.1" 200 27
218.81.220.25 - - [18/Feb/2024:15:18:09 +0800] "GET /xingrg/all/function/internal_message.html?_=1708240716378&CODE_STATE=getMsg HTTP/1.1" 200 27
124.78.67.200 - - [18/Feb/2024:15:18:11 +0800] "GET /xingrg/check_reg.html?_=1708240691273 HTTP/1.1" 200 22
116.224.254.208 - - [18/Feb/2024:15:18:14 +0800] "GET /xingrg/all/function/internal_message.html?_=1708240693911&CODE_STATE=getMsg HTTP/1.1" 200 27
116.230.123.222 - - [18/Feb/2024:15:18:17 +0800] "GET /xingrg/check_reg.html?_=1708240696983 HTTP/1.1" 200 22
116.230.123.222 - - [18/Feb/2024:15:18:17 +0800] "GET /xingrg/all/function/internal_message.html?_=1708240696982&CODE_STATE=getMsg HTTP/1.1" 200 27
175.42.36.45 - - [18/Feb/2024:15:18:20 +0800] "GET /xingrg/all/function/internal_message.html?_=1708240699609&CODE_STATE=getMsg HTTP/1.1" 200 27
175.42.36.45 - - [18/Feb/2024:15:18:22 +0800] "GET /xingrg/kc/buy/cgsh_order_operate.html?command=get_materiel&rest_code=00149&code=00101008361&supplier_code=00100008&order_time=2024-02-18 HTTP/1.1" 200 408
180.169.147.146 - - [18/Feb/2024:15:18:23 +0800] "GET /xingrg/all/function/internal_message.html?_=1708240703050&CODE_STATE=getMsg HTTP/1.1" 200 27
180.164.1.25 - - [18/Feb/2024:15:18:25 +0800] "GET /xingrg/check_reg.html?_=1708240705244 HTTP/1.1" 200 22
180.164.1.25 - - [18/Feb/2024:15:18:25 +0800] "GET /xingrg/all/function/internal_message.html?_=1708240705246&CODE_STATE=getMsg HTTP/1.1" 200 27
124.78.67.200 - - [18/Feb/2024:15:18:28 +0800] "GET /xingrg/kc/buy/buy_main.html HTTP/1.1" 200 12412
124.78.67.200 - - [18/Feb/2024:15:18:28 +0800] "GET /xingrg/css/blue.css HTTP/1.1" 200 15949
124.78.67.200 - - [18/Feb/2024:15:18:28 +0800] "GET /xingrg/css/new_ie.css HTTP/1.1" 404 1036
124.78.67.200 - - [18/Feb/2024:15:18:28 +0800] "GET /xingrg/javascript/jquery_ui/themes/humanity/humanity.css HTTP/1.1" 200 27801
124.78.67.200 - - [18/Feb/2024:15:18:28 +0800] "GET /xingrg/javascript/myfunction.js HTTP/1.1" 200 24559
124.78.67.200 - - [18/Feb/2024:15:18:28 +0800] "GET /xingrg/javascript/pic_change.js HTTP/1.1" 200 4739
124.78.67.200 - - [18/Feb/2024:15:18:28 +0800] "GET /xingrg/javascript/ToolTips.js HTTP/1.1" 200 5615
124.78.67.200 - - [18/Feb/2024:15:18:28 +0800] "GET /xingrg/javascript/jquery_easy_ui/themes/default/easyui.css HTTP/1.1" 200 26500
124.78.67.200 - - [18/Feb/2024:15:18:28 +0800] "GET /xingrg/javascript/jquery-1.4.2.min.js HTTP/1.1" 200 72205
124.78.67.200 - - [18/Feb/2024:15:18:28 +0800] "GET /xingrg/javascript/jquery_ui/jquery-ui.min.js HTTP/1.1" 200 186181
124.78.67.200 - - [18/Feb/2024:15:18:28 +0800] "GET /xingrg/javascript/jquery_easy_ui/themes/icon.css HTTP/1.1" 200 3949
124.78.67.200 - - [18/Feb/2024:15:18:28 +0800] "GET /xingrg/javascript/jquery.utils.js HTTP/1.1" 200 11805
124.78.67.200 - - [18/Feb/2024:15:18:28 +0800] "GET /xingrg/images/blue/button/cgydd.gif HTTP/1.1" 200 2712
124.78.67.200 - - [18/Feb/2024:15:18:28 +0800] "GET /xingrg/images/blue/button/cgshd.gif HTTP/1.1" 200 2618
124.78.67.200 - - [18/Feb/2024:15:18:28 +0800] "GET /xingrg/images/blue/button/cgfkd.gif HTTP/1.1" 200 2075
124.78.67.200 - - [18/Feb/2024:15:18:28 +0800] "GET /xingrg/images/blue/button/kc.gif HTTP/1.1" 200 2160
124.78.67.200 - - [18/Feb/2024:15:18:28 +0800] "GET /xingrg/images/blue/button/ckthd.gif HTTP/1.1" 200 2045
124.78.67.200 - - [18/Feb/2024:15:18:30 +0800] "GET /xingrg/kc/buy/cgsh_order_list.html HTTP/1.1" 200 57698
124.78.67.200 - - [18/Feb/2024:15:18:30 +0800] "GET /xingrg/css/base.css HTTP/1.1" 200 2811
124.78.67.200 - - [18/Feb/2024:15:18:30 +0800] "GET /xingrg/css/site.css HTTP/1.1" 200 7541
124.78.67.200 - - [18/Feb/2024:15:18:30 +0800] "GET /xingrg/javascript/jquery_tools/datebox.css HTTP/1.1" 200 2597
124.78.67.200 - - [18/Feb/2024:15:18:30 +0800] "GET /xingrg/javascript/easyui/themes/default/easyui.css HTTP/1.1" 200 30432
124.78.67.200 - - [18/Feb/2024:15:18:30 +0800] "GET /xingrg/javascript/easyui/themes/icon.css HTTP/1.1" 200 4483
124.78.67.200 - - [18/Feb/2024:15:18:30 +0800] "GET /xingrg/javascript/auto/jquery.autocomplete.css HTTP/1.1" 200 587
124.78.67.200 - - [18/Feb/2024:15:18:30 +0800] "GET /xingrg/javascript/jquery_tools/fix.css HTTP/1.1" 200 1702
124.78.67.200 - - [18/Feb/2024:15:18:30 +0800] "GET /xingrg/javascript/jquery_tools/table.css HTTP/1.1" 200 1032
124.78.67.200 - - [18/Feb/2024:15:18:30 +0800] "GET /xingrg/javascript/jquery_tools/jquery.tools.min.js HTTP/1.1" 200 138801
124.78.67.200 - - [18/Feb/2024:15:18:30 +0800] "GET /xingrg/javascript/jquery_tools/jquery.tools.extend.js HTTP/1.1" 200 15385
124.78.67.200 - - [18/Feb/2024:15:18:30 +0800] "GET /xingrg/javascript/jquery_tools/jquery.tools.hotkey.js HTTP/1.1" 200 3242
124.78.67.200 - - [18/Feb/2024:15:18:30 +0800] "GET /xingrg/javascript/jquery_tools/jquery.tools.table.js HTTP/1.1" 200 6994
124.78.67.200 - - [18/Feb/2024:15:18:30 +0800] "GET /xingrg/javascript/jquery_tools/list_manager.js HTTP/1.1" 200 3652
124.78.67.200 - - [18/Feb/2024:15:18:30 +0800] "GET /xingrg/javascript/auto/jquery.autocomplete.js HTTP/1.1" 200 21624
124.78.67.200 - - [18/Feb/2024:15:18:30 +0800] "GET /xingrg/javascript/easyui/easyloader.js HTTP/1.1" 200 5975
124.78.67.200 - - [18/Feb/2024:15:18:30 +0800] "GET /xingrg/javascript/jquery.cookie.js HTTP/1.1" 200 5513
124.78.67.200 - - [18/Feb/2024:15:18:30 +0800] "GET /xingrg/javascript/print/LodopFuncs.js HTTP/1.1" 200 5121
124.78.67.200 - - [18/Feb/2024:15:18:30 +0800] "GET /xingrg/javascript/easyui/plugins/jquery.parser.js HTTP/1.1" 200 1142
218.81.220.25 - - [18/Feb/2024:15:18:32 +0800] "GET /xingrg/check_reg.html?_=1708240739213 HTTP/1.1" 200 22
175.42.36.45 - - [18/Feb/2024:15:18:33 +0800] "GET /xingrg/kc/buy/cgsh_order_operate.html?command=get_materiel&rest_code=00149&code=00101008059&supplier_code=00100008&order_time=2024-02-18 HTTP/1.1" 200 408
101.228.146.191 - - [18/Feb/2024:15:18:34 +0800] "GET /xingrg/all/function/internal_message.html?_=1708240712607&CODE_STATE=getMsg HTTP/1.1" 200 27
101.228.146.191 - - [18/Feb/2024:15:18:34 +0800] "GET /xingrg/check_reg.html?_=1708240712610 HTTP/1.1" 200 22
175.42.36.45 - - [18/Feb/2024:15:18:44 +0800] "GET /xingrg/kc/buy/cgsh_order_operate.html?command=get_materiel&rest_code=00149&code=00101008330&supplier_code=00100008&order_time=2024-02-18 HTTP/1.1" 200 408
61.170.234.194 - - [18/Feb/2024:15:18:46 +0800] "GET /xingrg/all/function/internal_message.html?_=1708240723002&CODE_STATE=getMsg HTTP/1.1" 200 27
221.239.172.101 - - [18/Feb/2024:15:18:53 +0800] "GET /xingrg/all/function/internal_message.html?_=1708240733540&CODE_STATE=getMsg HTTP/1.1" 200 27
221.239.172.101 - - [18/Feb/2024:15:18:53 +0800] "GET /xingrg/check_reg.html?_=1708240733543 HTTP/1.1" 200 22
175.42.36.45 - - [18/Feb/2024:15:18:56 +0800] "GET /xingrg/kc/buy/cgsh_order_operate.html?command=get_materiel&rest_code=00149&code=00101008357&supplier_code=00100008&order_time=2024-02-18 HTTP/1.1" 200 408
124.78.67.200 - - [18/Feb/2024:15:19:01 +0800] "POST /xingrg/kc/buy/cgsh_list_operate.html HTTP/1.1" 200 5962
175.42.36.45 - - [18/Feb/2024:15:19:08 +0800] "GET /xingrg/kc/buy/cgsh_order_operate.html?command=get_materiel&rest_code=00149&code=00101008286&supplier_code=00100008&order_time=2024-02-18 HTTP/1.1" 200 408
124.78.67.200 - - [18/Feb/2024:15:19:08 +0800] "GET /xingrg/all/function/internal_message.html?_=1708240748784&CODE_STATE=getMsg HTTP/1.1" 200 27
218.81.220.25 - - [18/Feb/2024:15:19:09 +0800] "GET /xingrg/all/function/internal_message.html?_=1708240776385&CODE_STATE=getMsg HTTP/1.1" 200 27
180.169.147.146 - - [18/Feb/2024:15:19:10 +0800] "GET /xingrg/check_reg.html?_=1708240750297 HTTP/1.1" 200 22
116.224.254.208 - - [18/Feb/2024:15:19:14 +0800] "GET /xingrg/check_reg.html?_=1708240753900 HTTP/1.1" 200 22
116.224.254.208 - - [18/Feb/2024:15:19:14 +0800] "GET /xingrg/all/function/internal_message.html?_=1708240753903&CODE_STATE=getMsg HTTP/1.1" 200 27
116.230.123.222 - - [18/Feb/2024:15:19:17 +0800] "GET /xingrg/all/function/internal_message.html?_=1708240757007&CODE_STATE=getMsg HTTP/1.1" 200 27
175.42.36.45 - - [18/Feb/2024:15:19:20 +0800] "GET /xingrg/all/function/internal_message.html?_=1708240759600&CODE_STATE=getMsg HTTP/1.1" 200 27
180.169.147.146 - - [18/Feb/2024:15:19:23 +0800] "GET /xingrg/all/function/internal_message.html?_=1708240763040&CODE_STATE=getMsg HTTP/1.1" 200 27
175.42.36.45 - - [18/Feb/2024:15:19:24 +0800] "GET /xingrg/kc/buy/cgsh_order_operate.html?command=get_materiel&rest_code=00149&code=00101008368&supplier_code=00100008&order_time=2024-02-18 HTTP/1.1" 200 408
180.164.1.25 - - [18/Feb/2024:15:19:25 +0800] "GET /xingrg/all/function/internal_message.html?_=1708240765235&CODE_STATE=getMsg HTTP/1.1" 200 27
101.228.146.191 - - [18/Feb/2024:15:19:34 +0800] "GET /xingrg/all/function/internal_message.html?_=1708240772610&CODE_STATE=getMsg HTTP/1.1" 200 27
175.42.36.45 - - [18/Feb/2024:15:19:45 +0800] "GET /xingrg/kc/buy/cgsh_order_operate.html?command=get_materiel&rest_code=00149&code=00101008131&supplier_code=00100008&order_time=2024-02-18 HTTP/1.1" 200 408
61.170.234.194 - - [18/Feb/2024:15:19:46 +0800] "GET /xingrg/all/function/internal_message.html?_=1708240783004&CODE_STATE=getMsg HTTP/1.1" 200 27
221.239.172.101 - - [18/Feb/2024:15:19:53 +0800] "GET /xingrg/all/function/internal_message.html?_=1708240793545&CODE_STATE=getMsg HTTP/1.1" 200 27
124.79.246.120 - - [18/Feb/2024:15:19:56 +0800] "GET /xingrg/check_reg.html?_=1708240804112 HTTP/1.1" 200 22
175.42.36.45 - - [18/Feb/2024:15:19:59 +0800] "GET /xingrg/kc/buy/cgsh_order_operate.html?command=get_materiel&rest_code=00149&code=00101008108&supplier_code=00100008&order_time=2024-02-18 HTTP/1.1" 200 412
124.78.67.200 - - [18/Feb/2024:15:20:08 +0800] "GET /xingrg/all/function/internal_message.html?_=1708240808778&CODE_STATE=getMsg HTTP/1.1" 200 27
218.81.220.25 - - [18/Feb/2024:15:20:09 +0800] "GET /xingrg/all/function/internal_message.html?_=1708240836400&CODE_STATE=getMsg HTTP/1.1" 200 27
175.42.36.45 - - [18/Feb/2024:15:20:11 +0800] "GET /xingrg/kc/buy/cgsh_order_operate.html?command=get_materiel&rest_code=00149&code=00101008352&supplier_code=00100008&order_time=2024-02-18 HTTP/1.1" 200 412
116.224.254.208 - - [18/Feb/2024:15:20:14 +0800] "GET /xingrg/all/function/internal_message.html?_=1708240813911&CODE_STATE=getMsg HTTP/1.1" 200 27
116.230.123.222 - - [18/Feb/2024:15:20:17 +0800] "GET /xingrg/all/function/internal_message.html?_=1708240817021&CODE_STATE=getMsg HTTP/1.1" 200 27
175.42.36.45 - - [18/Feb/2024:15:20:20 +0800] "GET /xingrg/check_reg.html?_=1708240819564 HTTP/1.1" 200 22
175.42.36.45 - - [18/Feb/2024:15:20:20 +0800] "GET /xingrg/all/function/internal_message.html?_=1708240819569&CODE_STATE=getMsg HTTP/1.1" 200 27
180.169.147.146 - - [18/Feb/2024:15:20:23 +0800] "GET /xingrg/all/function/internal_message.html?_=1708240823020&CODE_STATE=getMsg HTTP/1.1" 200 27
180.164.1.25 - - [18/Feb/2024:15:20:25 +0800] "GET /xingrg/all/function/internal_message.html?_=1708240825242&CODE_STATE=getMsg HTTP/1.1" 200 27
175.42.36.45 - - [18/Feb/2024:15:20:25 +0800] "GET /xingrg/kc/buy/cgsh_order_operate.html?command=get_materiel&rest_code=00149&code=00101008005&supplier_code=00100008&order_time=2024-02-18 HTTP/1.1" 200 412
101.228.146.191 - - [18/Feb/2024:15:20:34 +0800] "GET /xingrg/all/function/internal_message.html?_=1708240832608&CODE_STATE=getMsg HTTP/1.1" 200 27
175.42.36.45 - - [18/Feb/2024:15:20:37 +0800] "GET /xingrg/kc/buy/cgsh_order_operate.html?command=get_materiel&rest_code=00149&code=00101008150&supplier_code=00100008&order_time=2024-02-18 HTTP/1.1" 200 409
175.42.36.45 - - [18/Feb/2024:15:20:40 +0800] "POST /xingrg/kc/buy/cgsh_order_operate.html HTTP/1.1" 200 2065
61.170.234.194 - - [18/Feb/2024:15:20:46 +0800] "GET /xingrg/all/function/internal_message.html?_=1708240843005&CODE_STATE=getMsg HTTP/1.1" 200 27
175.42.36.45 - - [18/Feb/2024:15:20:50 +0800] "GET /xingrg/kc/buy/cgsh_order_operate.html?command=get_materiel&rest_code=00149&code=00101008171&supplier_code=00100008&order_time=2024-02-18 HTTP/1.1" 200 421
221.239.172.101 - - [18/Feb/2024:15:20:53 +0800] "GET /xingrg/all/function/internal_message.html?_=1708240853552&CODE_STATE=getMsg HTTP/1.1" 200 27
175.42.36.45 - - [18/Feb/2024:15:21:01 +0800] "GET /xingrg/kc/buy/cgsh_order_operate.html?command=get_materiel&rest_code=00149&code=00101015006&supplier_code=00100008&order_time=2024-02-18 HTTP/1.1" 200 413
124.78.67.200 - - [18/Feb/2024:15:21:08 +0800] "GET /xingrg/all/function/internal_message.html?_=1708240868766&CODE_STATE=getMsg HTTP/1.1" 200 27
218.81.220.25 - - [18/Feb/2024:15:21:09 +0800] "GET /xingrg/all/function/internal_message.html?_=1708240896785&CODE_STATE=getMsg HTTP/1.1" 200 27
116.224.254.208 - - [18/Feb/2024:15:21:14 +0800] "GET /xingrg/all/function/internal_message.html?_=1708240873911&CODE_STATE=getMsg HTTP/1.1" 200 27
116.230.123.222 - - [18/Feb/2024:15:21:17 +0800] "GET /xingrg/all/function/internal_message.html?_=1708240877019&CODE_STATE=getMsg HTTP/1.1" 200 27
175.42.36.45 - - [18/Feb/2024:15:21:20 +0800] "GET /xingrg/kc/buy/cgsh_order_operate.html?command=get_materiel&rest_code=00149&code=00101008731&supplier_code=00100008&order_time=2024-02-18 HTTP/1.1" 200 412
175.42.36.45 - - [18/Feb/2024:15:21:20 +0800] "GET /xingrg/all/function/internal_message.html?_=1708240879571&CODE_STATE=getMsg HTTP/1.1" 200 27
180.169.147.146 - - [18/Feb/2024:15:21:23 +0800] "GET /xingrg/all/function/internal_message.html?_=1708240882994&CODE_STATE=getMsg HTTP/1.1" 200 27
180.164.1.25 - - [18/Feb/2024:15:21:25 +0800] "GET /xingrg/all/function/internal_message.html?_=1708240885235&CODE_STATE=getMsg HTTP/1.1" 200 27
222.64.62.208 - - [18/Feb/2024:15:21:26 +0800] "POST /xingrg/services/DataTransmitService HTTP/1.1" 200 524
222.64.62.208 - - [18/Feb/2024:15:21:27 +0800] "POST /xingrg/services/DataTransmitService HTTP/1.1" 200 501
222.64.62.208 - - [18/Feb/2024:15:21:28 +0800] "POST /xingrg/services/DataTransmitService HTTP/1.1" 200 501
222.64.62.208 - - [18/Feb/2024:15:21:28 +0800] "POST /xingrg/services/DataTransmitService HTTP/1.1" 200 501
222.64.62.208 - - [18/Feb/2024:15:21:28 +0800] "POST /xingrg/services/DataTransmitService HTTP/1.1" 200 501
222.64.62.208 - - [18/Feb/2024:15:21:29 +0800] "POST /xingrg/services/DataTransmitService HTTP/1.1" 200 501
222.64.62.208 - - [18/Feb/2024:15:21:29 +0800] "POST /xingrg/services/DataTransmitService HTTP/1.1" 200 501
175.42.36.45 - - [18/Feb/2024:15:21:29 +0800] "GET /xingrg/kc/buy/cgsh_order_operate.html?command=get_materiel&rest_code=00149&code=00101009113&supplier_code=00100008&order_time=2024-02-18 HTTP/1.1" 200 414
222.64.62.208 - - [18/Feb/2024:15:21:29 +0800] "POST /xingrg/services/DataTransmitService HTTP/1.1" 200 412
101.228.146.191 - - [18/Feb/2024:15:21:34 +0800] "GET /xingrg/all/function/internal_message.html?_=1708240892609&CODE_STATE=getMsg HTTP/1.1" 200 27
175.42.36.45 - - [18/Feb/2024:15:21:42 +0800] "GET /xingrg/kc/buy/cgsh_order_operate.html?command=get_materiel&rest_code=00149&code=00101015110&supplier_code=00100008&order_time=2024-02-18 HTTP/1.1" 200 413
180.163.28.143 - - [18/Feb/2024:15:21:46 +0800] "GET /xingrg/all/function/internal_message.html?_=1708240843005&CODE_STATE=getMsg HTTP/1.1" 302 -
180.163.28.143 - - [18/Feb/2024:15:21:46 +0800] "GET /xingrg/login.html HTTP/1.1" 200 7641
61.170.234.194 - - [18/Feb/2024:15:21:46 +0800] "GET /xingrg/all/function/internal_message.html?_=1708240903013&CODE_STATE=getMsg HTTP/1.1" 200 27
61.170.234.194 - - [18/Feb/2024:15:21:46 +0800] "GET /xingrg/check_reg.html?_=1708240903016 HTTP/1.1" 200 22
221.239.172.101 - - [18/Feb/2024:15:21:53 +0800] "GET /xingrg/all/function/internal_message.html?_=1708240913551&CODE_STATE=getMsg HTTP/1.1" 200 27
175.42.36.45 - - [18/Feb/2024:15:21:58 +0800] "POST /xingrg/kc/buy/cgsh_order_operate.html HTTP/1.1" 200 37
175.42.36.45 - - [18/Feb/2024:15:22:03 +0800] "POST /xingrg/kc/buy/cgsh_order_operate.html HTTP/1.1" 200 16268
124.78.67.200 - - [18/Feb/2024:15:22:08 +0800] "GET /xingrg/all/function/internal_message.html?_=1708240928741&CODE_STATE=getMsg HTTP/1.1" 200 27
218.81.220.25 - - [18/Feb/2024:15:22:09 +0800] "GET /xingrg/all/function/internal_message.html?_=1708240956800&CODE_STATE=getMsg HTTP/1.1" 200 27
116.224.254.208 - - [18/Feb/2024:15:22:14 +0800] "GET /xingrg/all/function/internal_message.html?_=1708240933903&CODE_STATE=getMsg HTTP/1.1" 200 27
116.230.123.222 - - [18/Feb/2024:15:22:17 +0800] "GET /xingrg/all/function/internal_message.html?_=1708240937009&CODE_STATE=getMsg HTTP/1.1" 200 27
175.42.36.45 - - [18/Feb/2024:15:22:20 +0800] "GET /xingrg/all/function/internal_message.html?_=1708240939558&CODE_STATE=getMsg HTTP/1.1" 200 27
180.169.147.146 - - [18/Feb/2024:15:22:23 +0800] "GET /xingrg/all/function/internal_message.html?_=1708240942973&CODE_STATE=getMsg HTTP/1.1" 200 27
175.42.36.45 - - [18/Feb/2024:15:22:24 +0800] "GET /xingrg/kc/buy/cgsh_order_add.html HTTP/1.1" 200 73555
175.42.36.45 - - [18/Feb/2024:15:22:24 +0800] "POST /xingrg/kc/buy/cgsh_order_operate.html HTTP/1.1" 200 8245
175.42.36.45 - - [18/Feb/2024:15:22:24 +0800] "GET /xingrg/javascript/easyui/themes/default/validatebox.css HTTP/1.1" 404 1104
180.164.1.25 - - [18/Feb/2024:15:22:25 +0800] "GET /xingrg/all/function/internal_message.html?_=1708240945238&CODE_STATE=getMsg HTTP/1.1" 200 27
124.78.67.200 - - [18/Feb/2024:15:22:27 +0800] "POST /xingrg/kc/buy/cgsh_list_operate.html HTTP/1.1" 200 4648
101.228.146.191 - - [18/Feb/2024:15:22:34 +0800] "GET /xingrg/all/function/internal_message.html?_=1708240952609&CODE_STATE=getMsg HTTP/1.1" 200 27
61.170.234.194 - - [18/Feb/2024:15:22:46 +0800] "GET /xingrg/all/function/internal_message.html?_=1708240963017&CODE_STATE=getMsg HTTP/1.1" 200 27
175.42.36.45 - - [18/Feb/2024:15:22:53 +0800] "GET /xingrg/kc/buy/cgsh_order_operate.html?command=get_materiel&rest_code=00149&code=00101012025&supplier_code=00100096&order_time=2024-02-18 HTTP/1.1" 200 412
221.239.172.101 - - [18/Feb/2024:15:22:53 +0800] "GET /xingrg/all/function/internal_message.html?_=1708240973550&CODE_STATE=getMsg HTTP/1.1" 200 27
124.78.67.200 - - [18/Feb/2024:15:23:08 +0800] "GET /xingrg/all/function/internal_message.html?_=1708240988730&CODE_STATE=getMsg HTTP/1.1" 200 27
218.81.220.25 - - [18/Feb/2024:15:23:10 +0800] "GET /xingrg/all/function/internal_message.html?_=1708241017195&CODE_STATE=getMsg HTTP/1.1" 200 27
124.78.67.200 - - [18/Feb/2024:15:23:11 +0800] "GET /xingrg/check_reg.html?_=1708240991243 HTTP/1.1" 200 22
116.224.254.208 - - [18/Feb/2024:15:23:14 +0800] "GET /xingrg/all/function/internal_message.html?_=1708240993910&CODE_STATE=getMsg HTTP/1.1" 200 27
116.230.123.222 - - [18/Feb/2024:15:23:17 +0800] "GET /xingrg/check_reg.html?_=1708240997009 HTTP/1.1" 200 22
116.230.123.222 - - [18/Feb/2024:15:23:17 +0800] "GET /xingrg/all/function/internal_message.html?_=1708240997010&CODE_STATE=getMsg HTTP/1.1" 200 27
175.42.36.45 - - [18/Feb/2024:15:23:20 +0800] "GET /xingrg/all/function/internal_message.html?_=1708240999585&CODE_STATE=getMsg HTTP/1.1" 200 27
180.169.147.146 - - [18/Feb/2024:15:23:23 +0800] "GET /xingrg/all/function/internal_message.html?_=1708241002951&CODE_STATE=getMsg HTTP/1.1" 200 27
180.164.1.25 - - [18/Feb/2024:15:23:25 +0800] "GET /xingrg/all/function/internal_message.html?_=1708241005239&CODE_STATE=getMsg HTTP/1.1" 200 27
180.164.1.25 - - [18/Feb/2024:15:23:25 +0800] "GET /xingrg/check_reg.html?_=1708241005241 HTTP/1.1" 200 22
175.42.36.45 - - [18/Feb/2024:15:23:26 +0800] "GET /xingrg/kc/buy/cgsh_order_operate.html?command=get_materiel&rest_code=00149&code=00101006240&supplier_code=00100096&order_time=2024-02-18 HTTP/1.1" 200 424
218.81.220.25 - - [18/Feb/2024:15:23:32 +0800] "GET /xingrg/check_reg.html?_=1708241039217 HTTP/1.1" 200 22
101.228.146.191 - - [18/Feb/2024:15:23:34 +0800] "GET /xingrg/all/function/internal_message.html?_=1708241012609&CODE_STATE=getMsg HTTP/1.1" 200 27
101.228.146.191 - - [18/Feb/2024:15:23:34 +0800] "GET /xingrg/check_reg.html?_=1708241012610 HTTP/1.1" 200 22
61.170.234.194 - - [18/Feb/2024:15:23:46 +0800] "GET /xingrg/all/function/internal_message.html?_=1708241023020&CODE_STATE=getMsg HTTP/1.1" 200 27
221.239.172.101 - - [18/Feb/2024:15:23:53 +0800] "GET /xingrg/check_reg.html?_=1708241033553 HTTP/1.1" 200 22
221.239.172.101 - - [18/Feb/2024:15:23:53 +0800] "GET /xingrg/all/function/internal_message.html?_=1708241033554&CODE_STATE=getMsg HTTP/1.1" 200 27
175.42.36.45 - - [18/Feb/2024:15:23:55 +0800] "GET /xingrg/kc/buy/cgsh_order_operate.html?command=get_materiel&rest_code=00149&code=00101006111&supplier_code=00100096&order_time=2024-02-18 HTTP/1.1" 200 409
101.228.146.191 - - [18/Feb/2024:15:23:58 +0800] "GET /xingrg/kc/base/yddb_order_list.html HTTP/1.1" 200 16624
101.228.146.191 - - [18/Feb/2024:15:23:58 +0800] "POST /xingrg/kc/base/yddb_list_operate.html HTTP/1.1" 200 1343
101.228.146.191 - - [18/Feb/2024:15:24:01 +0800] "POST /xingrg/kc/base/yddb_list_operate.html HTTP/1.1" 200 358
101.228.146.191 - - [18/Feb/2024:15:24:01 +0800] "GET /xingrg/kc/base/yddb_order_info.html?code=482024021300068 HTTP/1.1" 200 30742
101.228.146.191 - - [18/Feb/2024:15:24:01 +0800] "GET /xingrg/css/blue.css HTTP/1.1" 200 15949
101.228.146.191 - - [18/Feb/2024:15:24:01 +0800] "GET /xingrg/dwr/interface/AjaxComOrderService.js HTTP/1.1" 200 18264
101.228.146.191 - - [18/Feb/2024:15:24:01 +0800] "GET /xingrg/dwr/engine.js HTTP/1.1" 200 43631
101.228.146.191 - - [18/Feb/2024:15:24:01 +0800] "GET /xingrg/dwr/interface/AjaxYddbService.js HTTP/1.1" 200 13201
101.228.146.191 - - [18/Feb/2024:15:24:01 +0800] "GET /xingrg/javascript/Calendar.js HTTP/1.1" 200 31561
101.228.146.191 - - [18/Feb/2024:15:24:01 +0800] "GET /xingrg/dwr/util.js HTTP/1.1" 200 35990
101.228.146.191 - - [18/Feb/2024:15:24:01 +0800] "GET /xingrg/javascript/myfunction.js HTTP/1.1" 200 24559
101.228.146.191 - - [18/Feb/2024:15:24:02 +0800] "GET /xingrg/javascript/checkform.js HTTP/1.1" 200 18351
101.228.146.191 - - [18/Feb/2024:15:24:02 +0800] "GET /xingrg/javascript/AjaxInfoList.js HTTP/1.1" 200 3774
101.228.146.191 - - [18/Feb/2024:15:24:02 +0800] "GET /xingrg/javascript/Grid.js HTTP/1.1" 200 58908
101.228.146.191 - - [18/Feb/2024:15:24:02 +0800] "GET /xingrg/javascript/ToolTips.js HTTP/1.1" 200 5615
101.228.146.191 - - [18/Feb/2024:15:24:02 +0800] "GET /xingrg/images/blue/button/kc_tab_add.gif HTTP/1.1" 200 375
101.228.146.191 - - [18/Feb/2024:15:24:02 +0800] "GET /xingrg/images/blue/button/kc_tab_edit.gif HTTP/1.1" 200 551
101.228.146.191 - - [18/Feb/2024:15:24:02 +0800] "GET /xingrg/images/blue/button/kc_tab_save.gif HTTP/1.1" 200 777
101.228.146.191 - - [18/Feb/2024:15:24:02 +0800] "GET /xingrg/images/blue/button/kc_tab_del.gif HTTP/1.1" 200 383
101.228.146.191 - - [18/Feb/2024:15:24:02 +0800] "GET /xingrg/images/blue/wait.gif HTTP/1.1" 200 1100
101.228.146.191 - - [18/Feb/2024:15:24:02 +0800] "GET /xingrg/javascript/jquery_easy_ui/themes/icons/edit_add_new.png HTTP/1.1" 200 2997
101.228.146.191 - - [18/Feb/2024:15:24:02 +0800] "GET /xingrg/javascript/jquery_easy_ui/themes/icons/print.png HTTP/1.1" 200 1057
101.228.146.191 - - [18/Feb/2024:15:24:02 +0800] "GET /xingrg/javascript/jquery_easy_ui/themes/default/images/menu_downarrow.png HTTP/1.1" 200 173
101.228.146.191 - - [18/Feb/2024:15:24:02 +0800] "GET /xingrg/javascript/jquery_easy_ui/themes/icons/cance_new.png HTTP/1.1" 200 3986
101.228.146.191 - - [18/Feb/2024:15:24:02 +0800] "GET /xingrg/javascript/jquery_easy_ui/themes/icons/back_new.png HTTP/1.1" 200 3414
101.228.146.191 - - [18/Feb/2024:15:24:02 +0800] "GET /xingrg/images/blue/kc_tab_left.gif HTTP/1.1" 200 188
101.228.146.191 - - [18/Feb/2024:15:24:02 +0800] "GET /xingrg/images/blue/kc_tab_mid.gif HTTP/1.1" 200 44
101.228.146.191 - - [18/Feb/2024:15:24:02 +0800] "GET /xingrg/images/blue/kc_tab_right.gif HTTP/1.1" 200 643
101.228.146.191 - - [18/Feb/2024:15:24:02 +0800] "GET /xingrg/javascript/jquery_easy_ui/themes/icons/check_new.png HTTP/1.1" 200 3224
101.228.146.191 - - [18/Feb/2024:15:24:02 +0800] "GET /xingrg/images/blue/kc_tab2_left.gif HTTP/1.1" 200 625
101.228.146.191 - - [18/Feb/2024:15:24:02 +0800] "GET /xingrg/images/blue/kc_tab2_right.gif HTTP/1.1" 200 192
101.228.146.191 - - [18/Feb/2024:15:24:02 +0800] "POST /xingrg/dwr/call/plaincall/AjaxYddbService.loadMaterielItems.dwr HTTP/1.1" 200 1031
124.78.67.200 - - [18/Feb/2024:15:24:08 +0800] "GET /xingrg/all/function/internal_message.html?_=1708241048714&CODE_STATE=getMsg HTTP/1.1" 200 27
218.81.220.25 - - [18/Feb/2024:15:24:10 +0800] "GET /xingrg/all/function/internal_message.html?_=1708241077203&CODE_STATE=getMsg HTTP/1.1" 200 27
180.169.147.146 - - [18/Feb/2024:15:24:10 +0800] "GET /xingrg/check_reg.html?_=1708241050301 HTTP/1.1" 200 22
175.42.36.45 - - [18/Feb/2024:15:24:11 +0800] "GET /xingrg/kc/buy/cgsh_order_operate.html?command=get_materiel&rest_code=00149&code=00101006109&supplier_code=00100096&order_time=2024-02-18 HTTP/1.1" 200 409
116.224.254.208 - - [18/Feb/2024:15:24:14 +0800] "GET /xingrg/check_reg.html?_=1708241053909 HTTP/1.1" 200 22
116.224.254.208 - - [18/Feb/2024:15:24:14 +0800] "GET /xingrg/all/function/internal_message.html?_=1708241053912&CODE_STATE=getMsg HTTP/1.1" 200 27
101.228.146.191 - - [18/Feb/2024:15:24:17 +0800] "GET /xingrg/images/yd/bt.gif HTTP/1.1" 404 1040
116.230.123.222 - - [18/Feb/2024:15:24:17 +0800] "GET /xingrg/all/function/internal_message.html?_=1708241057008&CODE_STATE=getMsg HTTP/1.1" 200 27
175.42.36.45 - - [18/Feb/2024:15:24:20 +0800] "GET /xingrg/all/function/internal_message.html?_=1708241059603&CODE_STATE=getMsg HTTP/1.1" 200 27
180.169.147.146 - - [18/Feb/2024:15:24:23 +0800] "GET /xingrg/all/function/internal_message.html?_=1708241062942&CODE_STATE=getMsg HTTP/1.1" 200 27
180.164.1.25 - - [18/Feb/2024:15:24:25 +0800] "GET /xingrg/all/function/internal_message.html?_=1708241065258&CODE_STATE=getMsg HTTP/1.1" 200 27
101.228.146.191 - - [18/Feb/2024:15:24:30 +0800] "POST /xingrg/dwr/call/plaincall/AjaxComOrderService.getMaterielSearchList.dwr HTTP/1.1" 200 233400
101.228.146.191 - - [18/Feb/2024:15:24:30 +0800] "POST /xingrg/dwr/call/plaincall/AjaxComOrderService.getMaterielSearchList.dwr HTTP/1.1" 200 9618
175.42.36.45 - - [18/Feb/2024:15:24:32 +0800] "GET /xingrg/kc/buy/cgsh_order_operate.html?command=get_materiel&rest_code=00149&code=00101006055&supplier_code=00100096&order_time=2024-02-18 HTTP/1.1" 200 411
101.228.146.191 - - [18/Feb/2024:15:24:34 +0800] "GET /xingrg/all/function/internal_message.html?_=1708241072616&CODE_STATE=getMsg HTTP/1.1" 200 27
101.228.146.191 - - [18/Feb/2024:15:24:39 +0800] "POST /xingrg/dwr/call/plaincall/AjaxComOrderService.getMaterielSearchList.dwr HTTP/1.1" 200 76
101.228.146.191 - - [18/Feb/2024:15:24:41 +0800] "POST /xingrg/dwr/call/plaincall/AjaxComOrderService.getMaterielSearchList.dwr HTTP/1.1" 200 9618
61.170.234.194 - - [18/Feb/2024:15:24:46 +0800] "GET /xingrg/all/function/internal_message.html?_=1708241083021&CODE_STATE=getMsg HTTP/1.1" 200 27
101.228.146.191 - - [18/Feb/2024:15:24:47 +0800] "POST /xingrg/dwr/call/plaincall/AjaxYddbService.getMaterielByMap.dwr HTTP/1.1" 200 1566
221.239.172.101 - - [18/Feb/2024:15:24:53 +0800] "GET /xingrg/all/function/internal_message.html?_=1708241093553&CODE_STATE=getMsg HTTP/1.1" 200 27
124.79.246.120 - - [18/Feb/2024:15:24:56 +0800] "GET /xingrg/check_reg.html?_=1708241104141 HTTP/1.1" 200 22
175.42.36.45 - - [18/Feb/2024:15:25:00 +0800] "GET /xingrg/kc/buy/cgsh_order_operate.html?command=get_materiel&rest_code=00149&code=00101007061&supplier_code=00100096&order_time=2024-02-18 HTTP/1.1" 200 411
124.78.67.200 - - [18/Feb/2024:15:25:08 +0800] "GET /xingrg/all/function/internal_message.html?_=1708241108696&CODE_STATE=getMsg HTTP/1.1" 200 27
218.81.220.25 - - [18/Feb/2024:15:25:10 +0800] "GET /xingrg/all/function/internal_message.html?_=1708241137215&CODE_STATE=getMsg HTTP/1.1" 200 27
101.228.146.191 - - [18/Feb/2024:15:25:12 +0800] "POST /xingrg/dwr/call/plaincall/AjaxYddbService.saveMaterielItem.dwr HTTP/1.1" 200 78
116.224.254.208 - - [18/Feb/2024:15:25:14 +0800] "GET /xingrg/all/function/internal_message.html?_=1708241113909&CODE_STATE=getMsg HTTP/1.1" 200 27
116.230.123.222 - - [18/Feb/2024:15:25:17 +0800] "GET /xingrg/all/function/internal_message.html?_=1708241117008&CODE_STATE=getMsg HTTP/1.1" 200 27
180.169.147.146 - - [18/Feb/2024:15:25:23 +0800] "GET /xingrg/all/function/internal_message.html?_=1708241122929&CODE_STATE=getMsg HTTP/1.1" 200 27
180.164.1.25 - - [18/Feb/2024:15:25:25 +0800] "GET /xingrg/all/function/internal_message.html?_=1708241125243&CODE_STATE=getMsg HTTP/1.1" 200 27
175.42.36.45 - - [18/Feb/2024:15:25:27 +0800] "POST /xingrg/kc/buy/cgsh_order_operate.html HTTP/1.1" 200 37
101.228.146.191 - - [18/Feb/2024:15:25:29 +0800] "POST /xingrg/dwr/call/plaincall/AjaxComOrderService.getMaterielSearchList.dwr HTTP/1.1" 200 15042
175.42.36.45 - - [18/Feb/2024:15:25:30 +0800] "POST /xingrg/kc/buy/cgsh_order_operate.html HTTP/1.1" 200 5626
101.228.146.191 - - [18/Feb/2024:15:25:34 +0800] "GET /xingrg/all/function/internal_message.html?_=1708241132621&CODE_STATE=getMsg HTTP/1.1" 200 27
101.228.146.191 - - [18/Feb/2024:15:25:44 +0800] "POST /xingrg/dwr/call/plaincall/AjaxComOrderService.getMaterielSearchList.dwr HTTP/1.1" 200 76
61.170.234.194 - - [18/Feb/2024:15:25:46 +0800] "GET /xingrg/all/function/internal_message.html?_=1708241143023&CODE_STATE=getMsg HTTP/1.1" 200 27
101.228.146.191 - - [18/Feb/2024:15:25:46 +0800] "POST /xingrg/dwr/call/plaincall/AjaxComOrderService.getMaterielSearchList.dwr HTTP/1.1" 200 32413
101.228.146.191 - - [18/Feb/2024:15:25:53 +0800] "POST /xingrg/dwr/call/plaincall/AjaxYddbService.getMaterielByMap.dwr HTTP/1.1" 200 1559
221.239.172.101 - - [18/Feb/2024:15:25:53 +0800] "GET /xingrg/all/function/internal_message.html?_=1708241153555&CODE_STATE=getMsg HTTP/1.1" 200 27
175.42.36.45 - - [18/Feb/2024:15:25:57 +0800] "GET /xingrg/kc/buy/cgsh_order_add.html HTTP/1.1" 200 73555
175.42.36.45 - - [18/Feb/2024:15:25:58 +0800] "POST /xingrg/kc/buy/cgsh_order_operate.html HTTP/1.1" 200 8245
175.42.36.45 - - [18/Feb/2024:15:25:58 +0800] "GET /xingrg/javascript/easyui/themes/default/validatebox.css HTTP/1.1" 404 1104
124.78.67.200 - - [18/Feb/2024:15:26:08 +0800] "GET /xingrg/all/function/internal_message.html?_=1708241168673&CODE_STATE=getMsg HTTP/1.1" 200 27
218.81.220.25 - - [18/Feb/2024:15:26:10 +0800] "GET /xingrg/all/function/internal_message.html?_=1708241197547&CODE_STATE=getMsg HTTP/1.1" 200 27
116.224.254.208 - - [18/Feb/2024:15:26:14 +0800] "GET /xingrg/all/function/internal_message.html?_=1708241173902&CODE_STATE=getMsg HTTP/1.1" 200 27
175.42.36.45 - - [18/Feb/2024:15:26:16 +0800] "GET /xingrg/kc/buy/cgsh_order_operate.html?command=get_materiel&rest_code=00149&code=00101009049&supplier_code=00100201&order_time=2024-02-18 HTTP/1.1" 200 416
116.230.123.222 - - [18/Feb/2024:15:26:17 +0800] "GET /xingrg/all/function/internal_message.html?_=1708241177010&CODE_STATE=getMsg HTTP/1.1" 200 27
175.42.36.45 - - [18/Feb/2024:15:26:20 +0800] "GET /xingrg/all/function/internal_message.html?_=1708241179635&CODE_STATE=getMsg HTTP/1.1" 200 27
180.169.147.146 - - [18/Feb/2024:15:26:23 +0800] "GET /xingrg/all/function/internal_message.html?_=1708241182914&CODE_STATE=getMsg HTTP/1.1" 200 27
180.164.1.25 - - [18/Feb/2024:15:26:25 +0800] "GET /xingrg/all/function/internal_message.html?_=1708241185235&CODE_STATE=getMsg HTTP/1.1" 200 27
101.228.146.191 - - [18/Feb/2024:15:26:28 +0800] "POST /xingrg/dwr/call/plaincall/AjaxYddbService.saveMaterielItem.dwr HTTP/1.1" 200 79
175.42.36.45 - - [18/Feb/2024:15:26:30 +0800] "GET /xingrg/kc/buy/cgsh_order_operate.html?command=get_materiel&rest_code=00149&code=00101009062&supplier_code=00100201&order_time=2024-02-18 HTTP/1.1" 200 412
101.228.146.191 - - [18/Feb/2024:15:26:34 +0800] "GET /xingrg/all/function/internal_message.html?_=1708241192618&CODE_STATE=getMsg HTTP/1.1" 200 27
61.170.234.194 - - [18/Feb/2024:15:26:46 +0800] "GET /xingrg/check_reg.html?_=1708241203024 HTTP/1.1" 200 22
61.170.234.194 - - [18/Feb/2024:15:26:46 +0800] "GET /xingrg/all/function/internal_message.html?_=1708241203028&CODE_STATE=getMsg HTTP/1.1" 200 27
221.239.172.101 - - [18/Feb/2024:15:26:53 +0800] "GET /xingrg/all/function/internal_message.html?_=1708241213555&CODE_STATE=getMsg HTTP/1.1" 200 27
101.228.146.191 - - [18/Feb/2024:15:27:03 +0800] "POST /xingrg/kc/base/yddb_list_operate.html HTTP/1.1" 200 1345
175.42.36.45 - - [18/Feb/2024:15:27:07 +0800] "POST /xingrg/kc/buy/cgsh_order_operate.html HTTP/1.1" 200 37
124.78.67.200 - - [18/Feb/2024:15:27:08 +0800] "GET /xingrg/all/function/internal_message.html?_=1708241228652&CODE_STATE=getMsg HTTP/1.1" 200 27
175.42.36.45 - - [18/Feb/2024:15:27:09 +0800] "POST /xingrg/kc/buy/cgsh_order_operate.html HTTP/1.1" 200 3252
175.42.36.45 - - [18/Feb/2024:15:27:10 +0800] "GET /xingrg/kc/buy/cgsh_order_add.html HTTP/1.1" 200 73555
218.81.220.25 - - [18/Feb/2024:15:27:11 +0800] "GET /xingrg/all/function/internal_message.html?_=1708241257554&CODE_STATE=getMsg HTTP/1.1" 200 27
175.42.36.45 - - [18/Feb/2024:15:27:11 +0800] "POST /xingrg/kc/buy/cgsh_order_operate.html HTTP/1.1" 200 8245
175.42.36.45 - - [18/Feb/2024:15:27:11 +0800] "GET /xingrg/javascript/easyui/themes/default/validatebox.css HTTP/1.1" 404 1104
116.224.254.208 - - [18/Feb/2024:15:27:14 +0800] "GET /xingrg/all/function/internal_message.html?_=1708241233918&CODE_STATE=getMsg HTTP/1.1" 200 27
116.230.123.222 - - [18/Feb/2024:15:27:17 +0800] "GET /xingrg/all/function/internal_message.html?_=1708241237010&CODE_STATE=getMsg HTTP/1.1" 200 27
175.42.36.45 - - [18/Feb/2024:15:27:20 +0800] "GET /xingrg/all/function/internal_message.html?_=1708241239631&CODE_STATE=getMsg HTTP/1.1" 200 27
180.169.147.146 - - [18/Feb/2024:15:27:23 +0800] "GET /xingrg/all/function/internal_message.html?_=1708241242893&CODE_STATE=getMsg HTTP/1.1" 200 27
180.164.1.25 - - [18/Feb/2024:15:27:25 +0800] "GET /xingrg/all/function/internal_message.html?_=1708241245243&CODE_STATE=getMsg HTTP/1.1" 200 27
175.42.36.45 - - [18/Feb/2024:15:27:26 +0800] "GET /xingrg/kc/buy/cgsh_order_operate.html?command=get_materiel&rest_code=00149&code=00101004051&supplier_code=00100083&order_time=2024-02-18 HTTP/1.1" 200 429
116.224.254.208 - - [18/Feb/2024:15:27:29 +0800] "POST /xingrg/services/DataTransmitService HTTP/1.1" 200 524
116.224.254.208 - - [18/Feb/2024:15:27:30 +0800] "POST /xingrg/services/DataTransmitService HTTP/1.1" 200 501
101.228.146.191 - - [18/Feb/2024:15:27:34 +0800] "GET /xingrg/all/function/internal_message.html?_=1708241252621&CODE_STATE=getMsg HTTP/1.1" 200 27
175.42.36.45 - - [18/Feb/2024:15:27:39 +0800] "GET /xingrg/kc/buy/cgsh_order_operate.html?command=get_materiel&rest_code=00149&code=00101004067&supplier_code=00100083&order_time=2024-02-18 HTTP/1.1" 200 413
61.170.234.194 - - [18/Feb/2024:15:27:46 +0800] "GET /xingrg/all/function/internal_message.html?_=1708241263013&CODE_STATE=getMsg HTTP/1.1" 200 27
175.42.36.45 - - [18/Feb/2024:15:27:49 +0800] "POST /xingrg/kc/buy/cgsh_order_operate.html HTTP/1.1" 200 37
175.42.36.45 - - [18/Feb/2024:15:27:51 +0800] "POST /xingrg/kc/buy/cgsh_order_operate.html HTTP/1.1" 200 3251
175.42.36.45 - - [18/Feb/2024:15:27:53 +0800] "GET /xingrg/kc/buy/cgsh_order_add.html HTTP/1.1" 200 73555
221.239.172.101 - - [18/Feb/2024:15:27:53 +0800] "GET /xingrg/all/function/internal_message.html?_=1708241273556&CODE_STATE=getMsg HTTP/1.1" 200 27
175.42.36.45 - - [18/Feb/2024:15:27:53 +0800] "POST /xingrg/kc/buy/cgsh_order_operate.html HTTP/1.1" 200 8245
175.42.36.45 - - [18/Feb/2024:15:27:53 +0800] "GET /xingrg/javascript/easyui/themes/default/validatebox.css HTTP/1.1" 404 1104
175.42.36.45 - - [18/Feb/2024:15:28:06 +0800] "GET /xingrg/kc/buy/cgsh_order_operate.html?command=get_materiel&rest_code=00149&code=00101001052&supplier_code=00100039&order_time=2024-02-18 HTTP/1.1" 200 409
124.78.67.200 - - [18/Feb/2024:15:28:08 +0800] "GET /xingrg/all/function/internal_message.html?_=1708241288637&CODE_STATE=getMsg HTTP/1.1" 200 27
218.81.220.25 - - [18/Feb/2024:15:28:11 +0800] "GET /xingrg/all/function/internal_message.html?_=1708241317896&CODE_STATE=getMsg HTTP/1.1" 200 27
124.78.67.200 - - [18/Feb/2024:15:28:11 +0800] "GET /xingrg/check_reg.html?_=1708241291228 HTTP/1.1" 200 22
116.224.254.208 - - [18/Feb/2024:15:28:14 +0800] "GET /xingrg/all/function/internal_message.html?_=1708241293906&CODE_STATE=getMsg HTTP/1.1" 200 27
175.42.36.45 - - [18/Feb/2024:15:28:15 +0800] "GET /xingrg/kc/buy/cgsh_order_operate.html?command=get_materiel&rest_code=00149&code=00101002022&supplier_code=00100039&order_time=2024-02-18 HTTP/1.1" 200 410
116.230.123.222 - - [18/Feb/2024:15:28:17 +0800] "GET /xingrg/check_reg.html?_=1708241297011 HTTP/1.1" 200 22
116.230.123.222 - - [18/Feb/2024:15:28:17 +0800] "GET /xingrg/all/function/internal_message.html?_=1708241297017&CODE_STATE=getMsg HTTP/1.1" 200 27
175.42.36.45 - - [18/Feb/2024:15:28:20 +0800] "GET /xingrg/all/function/internal_message.html?_=1708241299646&CODE_STATE=getMsg HTTP/1.1" 200 27
180.169.147.146 - - [18/Feb/2024:15:28:23 +0800] "GET /xingrg/all/function/internal_message.html?_=1708241302880&CODE_STATE=getMsg HTTP/1.1" 200 27
180.164.1.25 - - [18/Feb/2024:15:28:25 +0800] "GET /xingrg/check_reg.html?_=1708241305244 HTTP/1.1" 200 22
180.164.1.25 - - [18/Feb/2024:15:28:25 +0800] "GET /xingrg/all/function/internal_message.html?_=1708241305246&CODE_STATE=getMsg HTTP/1.1" 200 27
175.42.36.45 - - [18/Feb/2024:15:28:29 +0800] "GET /xingrg/kc/buy/cgsh_order_operate.html?command=get_materiel&rest_code=00149&code=00101002027&supplier_code=00100039&order_time=2024-02-18 HTTP/1.1" 200 434
218.81.220.25 - - [18/Feb/2024:15:28:32 +0800] "GET /xingrg/check_reg.html?_=1708241339222 HTTP/1.1" 200 22
101.228.146.191 - - [18/Feb/2024:15:28:34 +0800] "GET /xingrg/all/function/internal_message.html?_=1708241312616&CODE_STATE=getMsg HTTP/1.1" 200 27
101.228.146.191 - - [18/Feb/2024:15:28:34 +0800] "GET /xingrg/check_reg.html?_=1708241312619 HTTP/1.1" 200 22
61.170.234.194 - - [18/Feb/2024:15:28:46 +0800] "GET /xingrg/all/function/internal_message.html?_=1708241323019&CODE_STATE=getMsg HTTP/1.1" 200 27
175.42.36.45 - - [18/Feb/2024:15:28:47 +0800] "GET /xingrg/kc/buy/cgsh_order_operate.html?command=get_materiel&rest_code=00149&code=00101005045&supplier_code=00100039&order_time=2024-02-18 HTTP/1.1" 200 409
101.83.145.37 - - [18/Feb/2024:15:28:48 +0800] "POST /xingrg/services/DataTransmitService HTTP/1.1" 200 524
101.83.145.37 - - [18/Feb/2024:15:28:49 +0800] "POST /xingrg/services/DataTransmitService HTTP/1.1" 200 501
221.239.172.101 - - [18/Feb/2024:15:28:53 +0800] "GET /xingrg/all/function/internal_message.html?_=1708241333555&CODE_STATE=getMsg HTTP/1.1" 200 27
221.239.172.101 - - [18/Feb/2024:15:28:53 +0800] "GET /xingrg/check_reg.html?_=1708241333557 HTTP/1.1" 200 22
175.42.36.45 - - [18/Feb/2024:15:28:57 +0800] "GET /xingrg/kc/buy/cgsh_order_operate.html?command=get_materiel&rest_code=00149&code=00101001140&supplier_code=00100039&order_time=2024-02-18 HTTP/1.1" 200 438
124.78.67.200 - - [18/Feb/2024:15:29:08 +0800] "GET /xingrg/all/function/internal_message.html?_=1708241348615&CODE_STATE=getMsg HTTP/1.1" 200 27
180.169.147.146 - - [18/Feb/2024:15:29:10 +0800] "GET /xingrg/check_reg.html?_=1708241350290 HTTP/1.1" 200 22
175.42.36.45 - - [18/Feb/2024:15:29:10 +0800] "GET /xingrg/kc/buy/cgsh_order_operate.html?command=get_materiel&rest_code=00149&code=00101005037&supplier_code=00100039&order_time=2024-02-18 HTTP/1.1" 200 428
218.81.220.25 - - [18/Feb/2024:15:29:11 +0800] "GET /xingrg/all/function/internal_message.html?_=1708241377909&CODE_STATE=getMsg HTTP/1.1" 200 27
116.224.254.208 - - [18/Feb/2024:15:29:14 +0800] "GET /xingrg/all/function/internal_message.html?_=1708241353907&CODE_STATE=getMsg HTTP/1.1" 200 27
116.224.254.208 - - [18/Feb/2024:15:29:14 +0800] "GET /xingrg/check_reg.html?_=1708241353910 HTTP/1.1" 200 22
116.230.123.222 - - [18/Feb/2024:15:29:17 +0800] "GET /xingrg/all/function/internal_message.html?_=1708241357016&CODE_STATE=getMsg HTTP/1.1" 200 27
175.42.36.45 - - [18/Feb/2024:15:29:20 +0800] "GET /xingrg/all/function/internal_message.html?_=1708241359651&CODE_STATE=getMsg HTTP/1.1" 200 27
175.42.36.45 - - [18/Feb/2024:15:29:22 +0800] "GET /xingrg/kc/buy/cgsh_order_operate.html?command=get_materiel&rest_code=00149&code=00101001061&supplier_code=00100039&order_time=2024-02-18 HTTP/1.1" 200 419
180.169.147.146 - - [18/Feb/2024:15:29:23 +0800] "GET /xingrg/all/function/internal_message.html?_=1708241362867&CODE_STATE=getMsg HTTP/1.1" 200 27
180.164.1.25 - - [18/Feb/2024:15:29:25 +0800] "GET /xingrg/all/function/internal_message.html?_=1708241365248&CODE_STATE=getMsg HTTP/1.1" 200 27
101.228.146.191 - - [18/Feb/2024:15:29:34 +0800] "GET /xingrg/all/function/internal_message.html?_=1708241372625&CODE_STATE=getMsg HTTP/1.1" 200 27
175.42.36.45 - - [18/Feb/2024:15:29:38 +0800] "POST /xingrg/kc/buy/cgsh_order_operate.html HTTP/1.1" 200 37
175.42.36.45 - - [18/Feb/2024:15:29:40 +0800] "POST /xingrg/kc/buy/cgsh_order_operate.html HTTP/1.1" 200 6222
61.170.234.194 - - [18/Feb/2024:15:29:46 +0800] "GET /xingrg/all/function/internal_message.html?_=1708241383021&CODE_STATE=getMsg HTTP/1.1" 200 27
221.239.172.101 - - [18/Feb/2024:15:29:53 +0800] "GET /xingrg/all/function/internal_message.html?_=1708241393556&CODE_STATE=getMsg HTTP/1.1" 200 27
175.42.36.45 - - [18/Feb/2024:15:29:54 +0800] "GET /xingrg/kc/buy/cgsh_order_add.html HTTP/1.1" 200 73555
175.42.36.45 - - [18/Feb/2024:15:29:54 +0800] "POST /xingrg/kc/buy/cgsh_order_operate.html HTTP/1.1" 200 8245
175.42.36.45 - - [18/Feb/2024:15:29:54 +0800] "GET /xingrg/javascript/easyui/themes/default/validatebox.css HTTP/1.1" 404 1104
124.79.246.120 - - [18/Feb/2024:15:29:56 +0800] "GET /xingrg/check_reg.html?_=1708241404137 HTTP/1.1" 200 22
175.42.36.45 - - [18/Feb/2024:15:30:05 +0800] "GET /xingrg/kc/buy/cgsh_order_operate.html?command=get_materiel&rest_code=00149&code=00101001140&supplier_code=00100319&order_time=2024-02-18 HTTP/1.1" 200 438
124.78.67.200 - - [18/Feb/2024:15:30:08 +0800] "GET /xingrg/all/function/internal_message.html?_=1708241408594&CODE_STATE=getMsg HTTP/1.1" 200 27
218.81.220.25 - - [18/Feb/2024:15:30:11 +0800] "GET /xingrg/all/function/internal_message.html?_=1708241437923&CODE_STATE=getMsg HTTP/1.1" 200 27
116.224.254.208 - - [18/Feb/2024:15:30:14 +0800] "GET /xingrg/all/function/internal_message.html?_=1708241413900&CODE_STATE=getMsg HTTP/1.1" 200 27
116.230.123.222 - - [18/Feb/2024:15:30:17 +0800] "GET /xingrg/all/function/internal_message.html?_=1708241417016&CODE_STATE=getMsg HTTP/1.1" 200 27
175.42.36.45 - - [18/Feb/2024:15:30:20 +0800] "GET /xingrg/all/function/internal_message.html?_=1708241419638&CODE_STATE=getMsg HTTP/1.1" 200 27
175.42.36.45 - - [18/Feb/2024:15:30:20 +0800] "GET /xingrg/check_reg.html?_=1708241419706 HTTP/1.1" 200 22
175.42.36.45 - - [18/Feb/2024:15:30:23 +0800] "GET /xingrg/kc/buy/cgsh_order_operate.html?command=get_materiel&rest_code=00149&code=00101001125&supplier_code=00100319&order_time=2024-02-18 HTTP/1.1" 200 416
180.169.147.146 - - [18/Feb/2024:15:30:23 +0800] "GET /xingrg/all/function/internal_message.html?_=1708241422852&CODE_STATE=getMsg HTTP/1.1" 200 27
180.164.1.25 - - [18/Feb/2024:15:30:25 +0800] "GET /xingrg/all/function/internal_message.html?_=1708241425243&CODE_STATE=getMsg HTTP/1.1" 200 27
101.228.146.191 - - [18/Feb/2024:15:30:34 +0800] "GET /xingrg/all/function/internal_message.html?_=1708241432616&CODE_STATE=getMsg HTTP/1.1" 200 27
175.42.36.45 - - [18/Feb/2024:15:30:38 +0800] "GET /xingrg/kc/buy/cgsh_order_operate.html?command=get_materiel&rest_code=00149&code=00101001169&supplier_code=00100319&order_time=2024-02-18 HTTP/1.1" 200 415
114.83.219.181 - - [18/Feb/2024:15:30:42 +0800] "GET /favicon.ico HTTP/1.1" 404 -
61.170.234.194 - - [18/Feb/2024:15:30:46 +0800] "GET /xingrg/all/function/internal_message.html?_=1708241443025&CODE_STATE=getMsg HTTP/1.1" 200 27
221.239.172.101 - - [18/Feb/2024:15:30:53 +0800] "GET /xingrg/all/function/internal_message.html?_=1708241453558&CODE_STATE=getMsg HTTP/1.1" 200 27
175.42.36.45 - - [18/Feb/2024:15:30:59 +0800] "GET /xingrg/kc/buy/cgsh_order_operate.html?command=get_materiel&rest_code=00149&code=00101001093&supplier_code=00100319&order_time=2024-02-18 HTTP/1.1" 200 413
124.78.67.200 - - [18/Feb/2024:15:31:08 +0800] "GET /xingrg/all/function/internal_message.html?_=1708241468575&CODE_STATE=getMsg HTTP/1.1" 200 27
218.81.220.25 - - [18/Feb/2024:15:31:11 +0800] "GET /xingrg/all/function/internal_message.html?_=1708241498260&CODE_STATE=getMsg HTTP/1.1" 200 27
116.224.254.208 - - [18/Feb/2024:15:31:14 +0800] "GET /xingrg/all/function/internal_message.html?_=1708241473904&CODE_STATE=getMsg HTTP/1.1" 200 27
175.42.36.45 - - [18/Feb/2024:15:31:16 +0800] "POST /xingrg/kc/buy/cgsh_order_operate.html HTTP/1.1" 200 37
116.230.123.222 - - [18/Feb/2024:15:31:17 +0800] "GET /xingrg/all/function/internal_message.html?_=1708241477014&CODE_STATE=getMsg HTTP/1.1" 200 27
175.42.36.45 - - [18/Feb/2024:15:31:18 +0800] "POST /xingrg/kc/buy/cgsh_order_operate.html HTTP/1.1" 200 4458
175.42.36.45 - - [18/Feb/2024:15:31:20 +0800] "GET /xingrg/all/function/internal_message.html?_=1708241479644&CODE_STATE=getMsg HTTP/1.1" 200 27
175.42.36.45 - - [18/Feb/2024:15:31:21 +0800] "GET /xingrg/kc/buy/cgsh_order_add.html HTTP/1.1" 200 73555
175.42.36.45 - - [18/Feb/2024:15:31:22 +0800] "POST /xingrg/kc/buy/cgsh_order_operate.html HTTP/1.1" 200 8245
175.42.36.45 - - [18/Feb/2024:15:31:22 +0800] "GET /xingrg/javascript/easyui/themes/default/validatebox.css HTTP/1.1" 404 1104
180.169.147.146 - - [18/Feb/2024:15:31:23 +0800] "GET /xingrg/all/function/internal_message.html?_=1708241482835&CODE_STATE=getMsg HTTP/1.1" 200 27
180.164.1.25 - - [18/Feb/2024:15:31:25 +0800] "GET /xingrg/all/function/internal_message.html?_=1708241485231&CODE_STATE=getMsg HTTP/1.1" 200 27
175.42.36.45 - - [18/Feb/2024:15:31:32 +0800] "GET /xingrg/kc/buy/cgsh_order_operate.html?command=get_materiel&rest_code=00149&code=00101003016&supplier_code=00100093&order_time=2024-02-18 HTTP/1.1" 200 422
101.228.146.191 - - [18/Feb/2024:15:31:34 +0800] "GET /xingrg/all/function/internal_message.html?_=1708241492623&CODE_STATE=getMsg HTTP/1.1" 200 27
180.163.28.114 - - [18/Feb/2024:15:31:46 +0800] "GET /xingrg/all/function/internal_message.html?_=1708241443025&CODE_STATE=getMsg HTTP/1.1" 302 -
180.163.28.114 - - [18/Feb/2024:15:31:46 +0800] "GET /xingrg/login.html HTTP/1.1" 200 7641
61.170.234.194 - - [18/Feb/2024:15:31:46 +0800] "GET /xingrg/check_reg.html?_=1708241503031 HTTP/1.1" 200 22
61.170.234.194 - - [18/Feb/2024:15:31:46 +0800] "GET /xingrg/all/function/internal_message.html?_=1708241503026&CODE_STATE=getMsg HTTP/1.1" 200 27
175.42.36.45 - - [18/Feb/2024:15:31:50 +0800] "POST /xingrg/kc/buy/cgsh_order_operate.html HTTP/1.1" 200 37
175.42.36.45 - - [18/Feb/2024:15:31:52 +0800] "POST /xingrg/kc/buy/cgsh_order_operate.html HTTP/1.1" 200 2669
175.42.36.45 - - [18/Feb/2024:15:31:53 +0800] "GET /xingrg/kc/buy/cgsh_order_add.html HTTP/1.1" 200 73555
221.239.172.101 - - [18/Feb/2024:15:31:53 +0800] "GET /xingrg/all/function/internal_message.html?_=1708241513571&CODE_STATE=getMsg HTTP/1.1" 200 27
175.42.36.45 - - [18/Feb/2024:15:31:54 +0800] "POST /xingrg/kc/buy/cgsh_order_operate.html HTTP/1.1" 200 8245
175.42.36.45 - - [18/Feb/2024:15:31:54 +0800] "GET /xingrg/javascript/easyui/themes/default/validatebox.css HTTP/1.1" 404 1104
180.164.1.25 - - [18/Feb/2024:15:31:56 +0800] "POST /xingrg/services/DataTransmitService HTTP/1.1" 200 524
180.164.1.25 - - [18/Feb/2024:15:31:56 +0800] "POST /xingrg/services/DataTransmitService HTTP/1.1" 200 501
175.42.36.45 - - [18/Feb/2024:15:32:04 +0800] "GET /xingrg/kc/buy/cgsh_order_operate.html?command=get_materiel&rest_code=00149&code=00101004011&supplier_code=00100090&order_time=2024-02-18 HTTP/1.1" 200 436
124.78.67.200 - - [18/Feb/2024:15:32:08 +0800] "GET /xingrg/all/function/internal_message.html?_=1708241528562&CODE_STATE=getMsg HTTP/1.1" 200 27
218.81.220.25 - - [18/Feb/2024:15:32:11 +0800] "GET /xingrg/all/function/internal_message.html?_=1708241558263&CODE_STATE=getMsg HTTP/1.1" 200 27
175.42.36.45 - - [18/Feb/2024:15:32:13 +0800] "POST /xingrg/kc/buy/cgsh_order_operate.html HTTP/1.1" 200 37
116.224.254.208 - - [18/Feb/2024:15:32:14 +0800] "GET /xingrg/all/function/internal_message.html?_=1708241533896&CODE_STATE=getMsg HTTP/1.1" 200 27
175.42.36.45 - - [18/Feb/2024:15:32:16 +0800] "POST /xingrg/kc/buy/cgsh_order_operate.html HTTP/1.1" 200 2662
116.230.123.222 - - [18/Feb/2024:15:32:17 +0800] "GET /xingrg/all/function/internal_message.html?_=1708241537015&CODE_STATE=getMsg HTTP/1.1" 200 27
175.42.36.45 - - [18/Feb/2024:15:32:18 +0800] "GET /xingrg/kc/buy/cgsh_order_add.html HTTP/1.1" 200 73555
175.42.36.45 - - [18/Feb/2024:15:32:19 +0800] "POST /xingrg/kc/buy/cgsh_order_operate.html HTTP/1.1" 200 8245
