61.170.234.194 - - [18/Feb/2024:11:35:46 +0800] "POST /xingrg/kc/buy/cgsh_order_operate.html HTTP/1.1" 200 37
218.81.220.25 - - [18/Feb/2024:11:35:48 +0800] "GET /xingrg/all/function/internal_message.html?_=1708227371466&CODE_STATE=getMsg HTTP/1.1" 200 27
180.164.1.25 - - [18/Feb/2024:11:35:49 +0800] "GET /xingrg/kc/buy/cgsh_order_operate.html?command=get_materiel&rest_code=00108&code=00101006001&supplier_code=00100464&order_time=2024-02-18 HTTP/1.1" 200 426
221.239.172.101 - - [18/Feb/2024:11:35:53 +0800] "GET /xingrg/all/function/internal_message.html?_=1708227353256&CODE_STATE=getMsg HTTP/1.1" 200 27
61.170.234.194 - - [18/Feb/2024:11:35:54 +0800] "POST /xingrg/kc/buy/cgsh_order_operate.html HTTP/1.1" 200 12
120.253.135.82 - - [18/Feb/2024:11:35:57 +0800] "GET /xingrg/check_reg.html?_=1708227189102 HTTP/1.1" 200 22
116.238.97.31 - - [18/Feb/2024:11:35:58 +0800] "GET /xingrg/all/function/internal_message.html?_=1708227358787&CODE_STATE=getMsg HTTP/1.1" 200 27
116.230.123.222 - - [18/Feb/2024:11:35:58 +0800] "GET /xingrg/all/function/internal_message.html?_=1708227355045&CODE_STATE=getMsg HTTP/1.1" 200 27
124.78.67.200 - - [18/Feb/2024:11:36:03 +0800] "GET /xingrg/all/function/internal_message.html?_=1708227363059&CODE_STATE=getMsg HTTP/1.1" 200 27
180.169.147.146 - - [18/Feb/2024:11:36:05 +0800] "GET /xingrg/all/function/internal_message.html?_=1708227365749&CODE_STATE=getMsg HTTP/1.1" 200 27
61.170.234.194 - - [18/Feb/2024:11:36:11 +0800] "GET /xingrg/kc/buy/cgsh_order_info.html?code=212024021804921 HTTP/1.1" 200 68380
61.170.234.194 - - [18/Feb/2024:11:36:11 +0800] "GET /xingrg/javascript/easyui/themes/default/validatebox.css HTTP/1.1" 404 1104
61.170.234.194 - - [18/Feb/2024:11:36:12 +0800] "POST /xingrg/kc/buy/cgsh_order_operate.html HTTP/1.1" 200 1210
116.224.254.208 - - [18/Feb/2024:11:36:14 +0800] "GET /xingrg/all/function/internal_message.html?_=1708227373919&CODE_STATE=getMsg HTTP/1.1" 200 27
116.230.123.222 - - [18/Feb/2024:11:36:16 +0800] "GET /xingrg/all/function/internal_message.html?_=1708227376044&CODE_STATE=getMsg HTTP/1.1" 200 27
116.230.123.222 - - [18/Feb/2024:11:36:16 +0800] "GET /xingrg/check_reg.html?_=1708227376326 HTTP/1.1" 200 22
61.170.234.194 - - [18/Feb/2024:11:36:18 +0800] "GET /xingrg/kc/print/load_data.html?order_code=212024021804921&kc_code=cgsh&condition= HTTP/1.1" 200 951
180.164.1.25 - - [18/Feb/2024:11:36:25 +0800] "GET /xingrg/all/function/internal_message.html?_=1708227385246&CODE_STATE=getMsg HTTP/1.1" 200 27
61.170.234.194 - - [18/Feb/2024:11:36:25 +0800] "GET /xingrg/kc/buy/cgsh_order_add.html HTTP/1.1" 200 73467
61.170.234.194 - - [18/Feb/2024:11:36:26 +0800] "POST /xingrg/kc/buy/cgsh_order_operate.html HTTP/1.1" 200 8245
61.170.234.194 - - [18/Feb/2024:11:36:26 +0800] "GET /xingrg/javascript/easyui/themes/default/validatebox.css HTTP/1.1" 404 1104
61.170.234.194 - - [18/Feb/2024:11:36:29 +0800] "GET /xingrg/javascript/easyui/themes/default/tree.css HTTP/1.1" 404 1090
61.170.234.194 - - [18/Feb/2024:11:36:30 +0800] "POST /xingrg/all/common/load_tree.html?tree=supplier_tree_json&isDelete=1 HTTP/1.1" 200 78460
222.69.134.90 - - [18/Feb/2024:11:36:31 +0800] "GET /xingrg/all/function/internal_message.html?_=1708227392982&CODE_STATE=getMsg HTTP/1.1" 200 27
218.81.220.25 - - [18/Feb/2024:11:36:32 +0800] "GET /xingrg/all/function/internal_message.html?_=1708227418954&CODE_STATE=getMsg HTTP/1.1" 200 27
218.81.220.25 - - [18/Feb/2024:11:36:37 +0800] "POST /xingrg/kc/buy/cgsh_order_operate.html HTTP/1.1" 200 37
180.164.1.25 - - [18/Feb/2024:11:36:47 +0800] "POST /xingrg/kc/buy/cgsh_order_operate.html HTTP/1.1" 200 37
218.81.220.25 - - [18/Feb/2024:11:36:48 +0800] "POST /xingrg/kc/buy/cgsh_order_operate.html HTTP/1.1" 200 22196
218.81.220.25 - - [18/Feb/2024:11:36:48 +0800] "GET /xingrg/all/function/internal_message.html?_=1708227431480&CODE_STATE=getMsg HTTP/1.1" 200 27
218.81.220.25 - - [18/Feb/2024:11:36:50 +0800] "GET /xingrg/javascript/jquery_easy_ui/themes/default/images/tabs_active.png HTTP/1.1" 304 -
221.239.172.101 - - [18/Feb/2024:11:36:53 +0800] "GET /xingrg/all/function/internal_message.html?_=1708227413259&CODE_STATE=getMsg HTTP/1.1" 200 27
61.170.234.194 - - [18/Feb/2024:11:36:55 +0800] "GET /xingrg/all/function/internal_message.html?_=1708227412349&CODE_STATE=getMsg HTTP/1.1" 200 27
116.238.97.31 - - [18/Feb/2024:11:36:58 +0800] "GET /xingrg/all/function/internal_message.html?_=1708227418788&CODE_STATE=getMsg HTTP/1.1" 200 27
180.164.1.25 - - [18/Feb/2024:11:36:58 +0800] "POST /xingrg/kc/buy/cgsh_order_operate.html HTTP/1.1" 200 2674
116.230.123.222 - - [18/Feb/2024:11:36:58 +0800] "GET /xingrg/all/function/internal_message.html?_=1708227415044&CODE_STATE=getMsg HTTP/1.1" 200 27
124.78.67.200 - - [18/Feb/2024:11:37:03 +0800] "GET /xingrg/all/function/internal_message.html?_=1708227423039&CODE_STATE=getMsg HTTP/1.1" 200 27
180.164.1.25 - - [18/Feb/2024:11:37:04 +0800] "GET /xingrg/kc/print/load_data.html?order_code=212024021804922&kc_code=cgsh&condition= HTTP/1.1" 200 698
180.169.147.146 - - [18/Feb/2024:11:37:05 +0800] "GET /xingrg/all/function/internal_message.html?_=1708227425756&CODE_STATE=getMsg HTTP/1.1" 200 27
116.238.97.31 - - [18/Feb/2024:11:37:06 +0800] "GET /xingrg/kc/buy/cgsh_order_add.html HTTP/1.1" 200 73502
116.238.97.31 - - [18/Feb/2024:11:37:06 +0800] "POST /xingrg/kc/buy/cgsh_order_operate.html HTTP/1.1" 200 8245
116.238.97.31 - - [18/Feb/2024:11:37:06 +0800] "GET /xingrg/javascript/easyui/themes/default/validatebox.css HTTP/1.1" 404 1104
180.164.1.25 - - [18/Feb/2024:11:37:10 +0800] "GET /xingrg/kc/buy/cgsh_order_add.html HTTP/1.1" 200 73559
180.164.1.25 - - [18/Feb/2024:11:37:10 +0800] "POST /xingrg/kc/buy/cgsh_order_operate.html HTTP/1.1" 200 8245
180.164.1.25 - - [18/Feb/2024:11:37:10 +0800] "GET /xingrg/javascript/easyui/themes/default/validatebox.css HTTP/1.1" 404 1104
116.224.254.208 - - [18/Feb/2024:11:37:14 +0800] "GET /xingrg/all/function/internal_message.html?_=1708227433934&CODE_STATE=getMsg HTTP/1.1" 200 27
116.230.123.222 - - [18/Feb/2024:11:37:16 +0800] "GET /xingrg/all/function/internal_message.html?_=1708227436025&CODE_STATE=getMsg HTTP/1.1" 200 27
218.81.220.25 - - [18/Feb/2024:11:37:21 +0800] "POST /xingrg/kc/buy/cgsh_list_operate.html HTTP/1.1" 200 571
180.164.1.25 - - [18/Feb/2024:11:37:25 +0800] "GET /xingrg/all/function/internal_message.html?_=1708227445245&CODE_STATE=getMsg HTTP/1.1" 200 27
218.81.220.25 - - [18/Feb/2024:11:37:26 +0800] "GET /xingrg/kc/buy/cgsh_order_info.html?code=212024021804894 HTTP/1.1" 200 73476
218.81.220.25 - - [18/Feb/2024:11:37:26 +0800] "GET /xingrg/javascript/easyui/themes/default/validatebox.css HTTP/1.1" 404 1104
116.238.97.31 - - [18/Feb/2024:11:37:27 +0800] "GET /xingrg/kc/buy/cgsh_order_operate.html?command=get_materiel&rest_code=00102&code=00101010111&supplier_code=00100327&order_time=2024-02-18 HTTP/1.1" 200 417
218.81.220.25 - - [18/Feb/2024:11:37:28 +0800] "POST /xingrg/kc/buy/cgsh_order_operate.html HTTP/1.1" 200 22196
218.81.220.25 - - [18/Feb/2024:11:37:31 +0800] "GET /xingrg/kc/print/load_data.html?order_code=212024021804894&kc_code=cgsh&condition= HTTP/1.1" 200 8110
222.69.134.90 - - [18/Feb/2024:11:37:31 +0800] "GET /xingrg/all/function/internal_message.html?_=1708227452974&CODE_STATE=getMsg HTTP/1.1" 200 27
222.69.134.90 - - [18/Feb/2024:11:37:32 +0800] "GET /xingrg/check_reg.html?_=1708227453433 HTTP/1.1" 200 22
218.81.220.25 - - [18/Feb/2024:11:37:32 +0800] "GET /xingrg/all/function/internal_message.html?_=1708227478970&CODE_STATE=getMsg HTTP/1.1" 200 27
116.238.97.31 - - [18/Feb/2024:11:37:39 +0800] "GET /xingrg/kc/buy/cgsh_order_operate.html?command=get_materiel&rest_code=00102&code=00101010792&supplier_code=00100327&order_time=2024-02-18 HTTP/1.1" 200 410
218.81.220.25 - - [18/Feb/2024:11:37:51 +0800] "GET /xingrg/kc/buy/cgsh_order_add.html HTTP/1.1" 200 73467
218.81.220.25 - - [18/Feb/2024:11:37:51 +0800] "POST /xingrg/kc/buy/cgsh_order_operate.html HTTP/1.1" 200 8245
218.81.220.25 - - [18/Feb/2024:11:37:52 +0800] "GET /xingrg/javascript/easyui/themes/default/validatebox.css HTTP/1.1" 404 1104
221.239.172.101 - - [18/Feb/2024:11:37:53 +0800] "GET /xingrg/all/function/internal_message.html?_=1708227473275&CODE_STATE=getMsg HTTP/1.1" 200 27
61.170.234.194 - - [18/Feb/2024:11:37:54 +0800] "GET /xingrg/check_reg.html?_=1708227471108 HTTP/1.1" 200 22
61.170.234.194 - - [18/Feb/2024:11:37:55 +0800] "GET /xingrg/all/function/internal_message.html?_=1708227472328&CODE_STATE=getMsg HTTP/1.1" 200 27
180.164.1.25 - - [18/Feb/2024:11:37:55 +0800] "GET /xingrg/javascript/auto/indicator.gif HTTP/1.1" 404 1066
180.164.1.25 - - [18/Feb/2024:11:37:56 +0800] "GET /xingrg/javascript/jquery_tools/images/next.gif HTTP/1.1" 404 1086
180.164.1.25 - - [18/Feb/2024:11:37:56 +0800] "GET /xingrg/javascript/jquery_tools/images/prev.gif HTTP/1.1" 404 1086
116.238.97.31 - - [18/Feb/2024:11:37:57 +0800] "GET /xingrg/kc/buy/cgsh_order_operate.html?command=get_materiel&rest_code=00102&code=00101010143&supplier_code=00100327&order_time=2024-02-18 HTTP/1.1" 200 413
116.238.97.31 - - [18/Feb/2024:11:37:58 +0800] "GET /xingrg/all/function/internal_message.html?_=1708227478786&CODE_STATE=getMsg HTTP/1.1" 200 27
116.230.123.222 - - [18/Feb/2024:11:37:58 +0800] "GET /xingrg/all/function/internal_message.html?_=1708227475035&CODE_STATE=getMsg HTTP/1.1" 200 27
116.238.97.31 - - [18/Feb/2024:11:37:59 +0800] "GET /xingrg/check_reg.html?_=1708227479686 HTTP/1.1" 200 22
124.78.67.200 - - [18/Feb/2024:11:38:03 +0800] "GET /xingrg/all/function/internal_message.html?_=1708227483019&CODE_STATE=getMsg HTTP/1.1" 200 27
180.169.147.146 - - [18/Feb/2024:11:38:05 +0800] "GET /xingrg/all/function/internal_message.html?_=1708227485775&CODE_STATE=getMsg HTTP/1.1" 200 27
180.164.1.25 - - [18/Feb/2024:11:38:06 +0800] "GET /xingrg/kc/buy/cgsh_order_operate.html?command=get_materiel&rest_code=00108&code=00101004067&supplier_code=00100312&order_time=2024-02-18 HTTP/1.1" 200 413
116.238.97.31 - - [18/Feb/2024:11:38:12 +0800] "GET /xingrg/kc/buy/cgsh_order_operate.html?command=get_materiel&rest_code=00102&code=00101008171&supplier_code=00100327&order_time=2024-02-18 HTTP/1.1" 200 421
61.170.234.194 - - [18/Feb/2024:11:38:13 +0800] "GET /xingrg/kc/buy/cgsh_order_operate.html?command=get_materiel&rest_code=00106&code=00101001322&supplier_code=00100653&order_time=2024-02-18 HTTP/1.1" 200 426
116.224.254.208 - - [18/Feb/2024:11:38:14 +0800] "GET /xingrg/all/function/internal_message.html?_=1708227493929&CODE_STATE=getMsg HTTP/1.1" 200 27
116.230.123.222 - - [18/Feb/2024:11:38:16 +0800] "GET /xingrg/all/function/internal_message.html?_=1708227496011&CODE_STATE=getMsg HTTP/1.1" 200 27
180.164.1.25 - - [18/Feb/2024:11:38:25 +0800] "GET /xingrg/check_reg.html?_=1708227505232 HTTP/1.1" 200 22
180.164.1.25 - - [18/Feb/2024:11:38:25 +0800] "GET /xingrg/all/function/internal_message.html?_=1708227505235&CODE_STATE=getMsg HTTP/1.1" 200 27
116.238.97.31 - - [18/Feb/2024:11:38:27 +0800] "GET /xingrg/kc/buy/cgsh_order_operate.html?command=get_materiel&rest_code=00102&code=00101001041&supplier_code=00100327&order_time=2024-02-18 HTTP/1.1" 200 413
218.81.220.25 - - [18/Feb/2024:11:38:31 +0800] "GET /xingrg/check_reg.html?_=1708227537770 HTTP/1.1" 200 22
222.69.134.90 - - [18/Feb/2024:11:38:31 +0800] "GET /xingrg/all/function/internal_message.html?_=1708227512959&CODE_STATE=getMsg HTTP/1.1" 200 27
218.81.220.25 - - [18/Feb/2024:11:38:32 +0800] "GET /xingrg/all/function/internal_message.html?_=1708227538983&CODE_STATE=getMsg HTTP/1.1" 200 27
116.238.97.31 - - [18/Feb/2024:11:38:44 +0800] "POST /xingrg/kc/buy/cgsh_order_operate.html HTTP/1.1" 200 37
221.239.172.101 - - [18/Feb/2024:11:38:53 +0800] "GET /xingrg/all/function/internal_message.html?_=1708227533259&CODE_STATE=getMsg HTTP/1.1" 200 27
221.239.172.101 - - [18/Feb/2024:11:38:53 +0800] "GET /xingrg/check_reg.html?_=1708227533262 HTTP/1.1" 200 22
61.170.234.194 - - [18/Feb/2024:11:38:55 +0800] "GET /xingrg/all/function/internal_message.html?_=1708227532312&CODE_STATE=getMsg HTTP/1.1" 200 27
116.230.123.222 - - [18/Feb/2024:11:38:58 +0800] "GET /xingrg/all/function/internal_message.html?_=1708227535038&CODE_STATE=getMsg HTTP/1.1" 200 27
124.78.67.200 - - [18/Feb/2024:11:39:03 +0800] "GET /xingrg/all/function/internal_message.html?_=1708227543002&CODE_STATE=getMsg HTTP/1.1" 200 27
180.169.147.146 - - [18/Feb/2024:11:39:05 +0800] "GET /xingrg/all/function/internal_message.html?_=1708227545760&CODE_STATE=getMsg HTTP/1.1" 200 27
180.163.30.100 - - [18/Feb/2024:11:39:10 +0800] "GET /xingrg/kc/buy/cgsh_order_operate.html?command=get_materiel&rest_code=00106&code=00101001322&supplier_code=00100653&order_time=2024-02-18 HTTP/1.1" 302 -
180.163.30.100 - - [18/Feb/2024:11:39:10 +0800] "GET /xingrg/login.html HTTP/1.1" 200 7641
116.224.254.208 - - [18/Feb/2024:11:39:14 +0800] "GET /xingrg/all/function/internal_message.html?_=1708227553924&CODE_STATE=getMsg HTTP/1.1" 200 27
116.224.254.208 - - [18/Feb/2024:11:39:14 +0800] "GET /xingrg/check_reg.html?_=1708227553927 HTTP/1.1" 200 22
116.230.123.222 - - [18/Feb/2024:11:39:16 +0800] "GET /xingrg/all/function/internal_message.html?_=1708227555983&CODE_STATE=getMsg HTTP/1.1" 200 27
61.170.234.194 - - [18/Feb/2024:11:39:16 +0800] "POST /xingrg/kc/buy/cgsh_order_operate.html HTTP/1.1" 200 37
116.238.97.31 - - [18/Feb/2024:11:39:22 +0800] "POST /xingrg/kc/buy/cgsh_order_operate.html HTTP/1.1" 200 12
180.164.1.25 - - [18/Feb/2024:11:39:25 +0800] "GET /xingrg/all/function/internal_message.html?_=1708227565244&CODE_STATE=getMsg HTTP/1.1" 200 27
61.170.234.194 - - [18/Feb/2024:11:39:25 +0800] "POST /xingrg/kc/buy/cgsh_order_operate.html HTTP/1.1" 200 12
116.238.97.31 - - [18/Feb/2024:11:39:26 +0800] "GET /xingrg/kc/buy/cgsh_order_info.html?code=212024021804923 HTTP/1.1" 200 68409
116.238.97.31 - - [18/Feb/2024:11:39:26 +0800] "GET /xingrg/javascript/easyui/themes/default/validatebox.css HTTP/1.1" 404 1104
61.170.234.194 - - [18/Feb/2024:11:39:27 +0800] "GET /xingrg/kc/buy/cgsh_order_info.html?code=212024021804924 HTTP/1.1" 200 68370
61.170.234.194 - - [18/Feb/2024:11:39:28 +0800] "GET /xingrg/javascript/easyui/themes/default/validatebox.css HTTP/1.1" 404 1104
116.238.97.31 - - [18/Feb/2024:11:39:28 +0800] "POST /xingrg/kc/buy/cgsh_order_operate.html HTTP/1.1" 200 2990
61.170.234.194 - - [18/Feb/2024:11:39:29 +0800] "POST /xingrg/kc/buy/cgsh_order_operate.html HTTP/1.1" 200 613
116.238.97.31 - - [18/Feb/2024:11:39:30 +0800] "GET /xingrg/kc/print/load_data.html?order_code=212024021804923&kc_code=cgsh&condition= HTTP/1.1" 200 1613
222.69.134.90 - - [18/Feb/2024:11:39:31 +0800] "GET /xingrg/all/function/internal_message.html?_=1708227572943&CODE_STATE=getMsg HTTP/1.1" 200 27
180.164.1.25 - - [18/Feb/2024:11:39:32 +0800] "GET /xingrg/kc/buy/cgsh_order_operate.html?command=get_materiel&rest_code=00108&code=00101010672&supplier_code=00100312&order_time=2024-02-18 HTTP/1.1" 200 417
218.81.220.25 - - [18/Feb/2024:11:39:32 +0800] "GET /xingrg/all/function/internal_message.html?_=1708227598997&CODE_STATE=getMsg HTTP/1.1" 200 27
116.238.97.31 - - [18/Feb/2024:11:39:35 +0800] "GET /xingrg/kc/buy/cgsh_order_add.html HTTP/1.1" 200 73502
116.238.97.31 - - [18/Feb/2024:11:39:35 +0800] "POST /xingrg/kc/buy/cgsh_order_operate.html HTTP/1.1" 200 8245
116.238.97.31 - - [18/Feb/2024:11:39:35 +0800] "GET /xingrg/javascript/easyui/themes/default/validatebox.css HTTP/1.1" 404 1104
61.170.234.194 - - [18/Feb/2024:11:39:43 +0800] "GET /xingrg/kc/print/load_data.html?order_code=212024021804924&kc_code=cgsh&condition= HTTP/1.1" 200 714
116.238.97.31 - - [18/Feb/2024:11:39:51 +0800] "GET /xingrg/kc/buy/cgsh_order_operate.html?command=get_materiel&rest_code=00102&code=00101004124&supplier_code=00100090&order_time=2024-02-18 HTTP/1.1" 200 412
61.170.234.194 - - [18/Feb/2024:11:39:52 +0800] "GET /xingrg/kc/buy/cgsh_order_add.html HTTP/1.1" 200 73467
61.170.234.194 - - [18/Feb/2024:11:39:52 +0800] "POST /xingrg/kc/buy/cgsh_order_operate.html HTTP/1.1" 200 8245
61.170.234.194 - - [18/Feb/2024:11:39:52 +0800] "GET /xingrg/javascript/easyui/themes/default/validatebox.css HTTP/1.1" 404 1104
221.239.172.101 - - [18/Feb/2024:11:39:53 +0800] "GET /xingrg/all/function/internal_message.html?_=1708227593263&CODE_STATE=getMsg HTTP/1.1" 200 27
61.170.234.194 - - [18/Feb/2024:11:39:53 +0800] "GET /xingrg/javascript/easyui/themes/default/tree.css HTTP/1.1" 404 1090
61.170.234.194 - - [18/Feb/2024:11:39:54 +0800] "POST /xingrg/all/common/load_tree.html?tree=supplier_tree_json&isDelete=1 HTTP/1.1" 200 78460
61.170.234.194 - - [18/Feb/2024:11:39:56 +0800] "GET /xingrg/all/function/internal_message.html?_=1708227593419&CODE_STATE=getMsg HTTP/1.1" 200 27
116.238.97.31 - - [18/Feb/2024:11:39:58 +0800] "GET /xingrg/all/function/internal_message.html?_=1708227598801&CODE_STATE=getMsg HTTP/1.1" 200 27
116.230.123.222 - - [18/Feb/2024:11:39:58 +0800] "GET /xingrg/all/function/internal_message.html?_=1708227595050&CODE_STATE=getMsg HTTP/1.1" 200 27
116.230.123.222 - - [18/Feb/2024:11:39:58 +0800] "GET /xingrg/check_reg.html?_=1708227595053 HTTP/1.1" 200 22
116.238.97.31 - - [18/Feb/2024:11:40:00 +0800] "GET /xingrg/kc/buy/cgsh_order_operate.html?command=get_materiel&rest_code=00102&code=00101001140&supplier_code=00100090&order_time=2024-02-18 HTTP/1.1" 200 436
124.78.67.200 - - [18/Feb/2024:11:40:03 +0800] "GET /xingrg/all/function/internal_message.html?_=1708227602994&CODE_STATE=getMsg HTTP/1.1" 200 27
124.78.67.200 - - [18/Feb/2024:11:40:03 +0800] "GET /xingrg/check_reg.html?_=1708227603135 HTTP/1.1" 200 22
180.169.147.146 - - [18/Feb/2024:11:40:05 +0800] "GET /xingrg/check_reg.html?_=1708227605759 HTTP/1.1" 200 22
180.169.147.146 - - [18/Feb/2024:11:40:05 +0800] "GET /xingrg/all/function/internal_message.html?_=1708227605765&CODE_STATE=getMsg HTTP/1.1" 200 27
116.224.254.208 - - [18/Feb/2024:11:40:14 +0800] "GET /xingrg/all/function/internal_message.html?_=1708227613926&CODE_STATE=getMsg HTTP/1.1" 200 27
116.230.123.222 - - [18/Feb/2024:11:40:16 +0800] "GET /xingrg/all/function/internal_message.html?_=1708227615966&CODE_STATE=getMsg HTTP/1.1" 200 27
116.238.97.31 - - [18/Feb/2024:11:40:17 +0800] "POST /xingrg/kc/buy/cgsh_order_operate.html HTTP/1.1" 200 37
116.238.97.31 - - [18/Feb/2024:11:40:24 +0800] "POST /xingrg/kc/buy/cgsh_order_operate.html HTTP/1.1" 200 12
180.164.1.25 - - [18/Feb/2024:11:40:25 +0800] "GET /xingrg/all/function/internal_message.html?_=1708227625240&CODE_STATE=getMsg HTTP/1.1" 200 27
180.164.1.25 - - [18/Feb/2024:11:40:26 +0800] "GET /xingrg/kc/buy/cgsh_order_operate.html?command=get_materiel&rest_code=00108&code=00101001045&supplier_code=00100312&order_time=2024-02-18 HTTP/1.1" 200 421
116.238.97.31 - - [18/Feb/2024:11:40:26 +0800] "GET /xingrg/kc/buy/cgsh_order_info.html?code=212024021804925 HTTP/1.1" 200 68413
116.238.97.31 - - [18/Feb/2024:11:40:26 +0800] "GET /xingrg/javascript/easyui/themes/default/validatebox.css HTTP/1.1" 404 1104
116.238.97.31 - - [18/Feb/2024:11:40:27 +0800] "POST /xingrg/kc/buy/cgsh_order_operate.html HTTP/1.1" 200 1208
116.238.97.31 - - [18/Feb/2024:11:40:29 +0800] "GET /xingrg/kc/print/load_data.html?order_code=212024021804925&kc_code=cgsh&condition= HTTP/1.1" 200 985
222.69.134.90 - - [18/Feb/2024:11:40:31 +0800] "GET /xingrg/all/function/internal_message.html?_=1708227632918&CODE_STATE=getMsg HTTP/1.1" 200 27
218.81.220.25 - - [18/Feb/2024:11:40:32 +0800] "GET /xingrg/all/function/internal_message.html?_=1708227659010&CODE_STATE=getMsg HTTP/1.1" 200 27
61.170.234.194 - - [18/Feb/2024:11:40:33 +0800] "GET /xingrg/kc/buy/cgsh_order_operate.html?command=get_materiel&rest_code=00106&code=00101010161&supplier_code=00100334&order_time=2024-02-18 HTTP/1.1" 200 429
116.238.97.31 - - [18/Feb/2024:11:40:35 +0800] "GET /xingrg/kc/buy/cgsh_order_add.html HTTP/1.1" 200 73502
116.238.97.31 - - [18/Feb/2024:11:40:35 +0800] "POST /xingrg/kc/buy/cgsh_order_operate.html HTTP/1.1" 200 8245
116.238.97.31 - - [18/Feb/2024:11:40:35 +0800] "GET /xingrg/javascript/easyui/themes/default/validatebox.css HTTP/1.1" 404 1104
120.253.135.82 - - [18/Feb/2024:11:40:41 +0800] "GET /xingrg/kc/pszx/mdqp_order_list.html?state=10 HTTP/1.1" 200 10319
120.253.135.82 - - [18/Feb/2024:11:40:41 +0800] "GET /xingrg/dwr/interface/AjaxQqpsService.js HTTP/1.1" 200 16326
120.253.135.82 - - [18/Feb/2024:11:40:41 +0800] "GET /xingrg/dwr/interface/AjaxReportQueryService.js HTTP/1.1" 200 13203
120.253.135.82 - - [18/Feb/2024:11:40:41 +0800] "GET /xingrg/dwr/engine.js HTTP/1.1" 200 43631
61.170.234.194 - - [18/Feb/2024:11:40:44 +0800] "POST /xingrg/kc/buy/cgsh_order_operate.html HTTP/1.1" 200 37
120.253.135.82 - - [18/Feb/2024:11:40:49 +0800] "GET /xingrg/kc/pszx/mdps_order_list.html?orderType=0 HTTP/1.1" 200 20995
116.238.97.31 - - [18/Feb/2024:11:40:50 +0800] "GET /xingrg/kc/buy/cgsh_order_operate.html?command=get_materiel&rest_code=00102&code=00101012122&supplier_code=00100325&order_time=2024-02-18 HTTP/1.1" 200 417
221.239.172.101 - - [18/Feb/2024:11:40:53 +0800] "GET /xingrg/all/function/internal_message.html?_=1708227653280&CODE_STATE=getMsg HTTP/1.1" 200 27
120.253.135.82 - - [18/Feb/2024:11:40:54 +0800] "POST /xingrg/kc/pszx/mdps_list_operate.html HTTP/1.1" 200 5187
61.170.234.194 - - [18/Feb/2024:11:40:56 +0800] "GET /xingrg/all/function/internal_message.html?_=1708227653395&CODE_STATE=getMsg HTTP/1.1" 200 27
120.253.135.82 - - [18/Feb/2024:11:40:57 +0800] "GET /xingrg/check_reg.html?_=1708227489112 HTTP/1.1" 200 22
116.238.97.31 - - [18/Feb/2024:11:40:58 +0800] "GET /xingrg/all/function/internal_message.html?_=1708227658783&CODE_STATE=getMsg HTTP/1.1" 200 27
116.230.123.222 - - [18/Feb/2024:11:40:58 +0800] "GET /xingrg/all/function/internal_message.html?_=1708227655053&CODE_STATE=getMsg HTTP/1.1" 200 27
124.78.67.200 - - [18/Feb/2024:11:41:03 +0800] "GET /xingrg/all/function/internal_message.html?_=1708227662977&CODE_STATE=getMsg HTTP/1.1" 200 27
116.230.123.222 - - [18/Feb/2024:11:41:05 +0800] "GET /xingrg/kc/buy/buy_main.html HTTP/1.1" 200 12412
116.230.123.222 - - [18/Feb/2024:11:41:05 +0800] "GET /xingrg/css/new_ie.css HTTP/1.1" 404 1036
120.253.135.82 - - [18/Feb/2024:11:41:05 +0800] "POST /xingrg/kc/pszx/mdps_list_operate.html HTTP/1.1" 200 3535
180.169.147.146 - - [18/Feb/2024:11:41:05 +0800] "GET /xingrg/all/function/internal_message.html?_=1708227665759&CODE_STATE=getMsg HTTP/1.1" 200 27
116.230.123.222 - - [18/Feb/2024:11:41:06 +0800] "GET /xingrg/images/yd/bt.gif HTTP/1.1" 404 1040
116.230.123.222 - - [18/Feb/2024:11:41:07 +0800] "GET /xingrg/kc/buy/cgsh_order_list.html HTTP/1.1" 200 57692
120.253.135.82 - - [18/Feb/2024:11:41:07 +0800] "POST /xingrg/kc/pszx/mdps_list_operate.html HTTP/1.1" 200 201
116.238.97.31 - - [18/Feb/2024:11:41:09 +0800] "POST /xingrg/kc/buy/cgsh_order_operate.html HTTP/1.1" 200 37
120.253.135.82 - - [18/Feb/2024:11:41:09 +0800] "GET /xingrg/kc/pszx/mdps_order_info.html?code=312024021600233 HTTP/1.1" 200 23976
120.253.135.82 - - [18/Feb/2024:11:41:10 +0800] "GET /xingrg/javascript/easyui/themes/default/validatebox.css HTTP/1.1" 404 1104
61.170.234.194 - - [18/Feb/2024:11:41:11 +0800] "POST /xingrg/kc/buy/cgsh_order_operate.html HTTP/1.1" 200 12
120.253.135.82 - - [18/Feb/2024:11:41:11 +0800] "POST /xingrg/kc/pszx/mdps_order_operate.html HTTP/1.1" 200 2282
116.230.123.222 - - [18/Feb/2024:11:41:12 +0800] "POST /xingrg/kc/buy/cgsh_list_operate.html HTTP/1.1" 200 986
116.224.254.208 - - [18/Feb/2024:11:41:14 +0800] "GET /xingrg/all/function/internal_message.html?_=1708227673922&CODE_STATE=getMsg HTTP/1.1" 200 27
61.170.234.194 - - [18/Feb/2024:11:41:14 +0800] "GET /xingrg/kc/buy/cgsh_order_info.html?code=212024021804926 HTTP/1.1" 200 68382
61.170.234.194 - - [18/Feb/2024:11:41:14 +0800] "GET /xingrg/javascript/easyui/themes/default/validatebox.css HTTP/1.1" 404 1104
120.253.135.82 - - [18/Feb/2024:11:41:15 +0800] "POST /xingrg/kc/pszx/mdps_order_operate.html HTTP/1.1" 200 37
61.170.234.194 - - [18/Feb/2024:11:41:15 +0800] "POST /xingrg/kc/buy/cgsh_order_operate.html HTTP/1.1" 200 602
116.230.123.222 - - [18/Feb/2024:11:41:15 +0800] "POST /xingrg/kc/buy/cgsh_list_operate.html HTTP/1.1" 200 986
116.230.123.222 - - [18/Feb/2024:11:41:16 +0800] "GET /xingrg/all/function/internal_message.html?_=1708227675966&CODE_STATE=getMsg HTTP/1.1" 200 27
116.230.123.222 - - [18/Feb/2024:11:41:16 +0800] "GET /xingrg/check_reg.html?_=1708227676312 HTTP/1.1" 200 22
61.170.234.194 - - [18/Feb/2024:11:41:18 +0800] "GET /xingrg/kc/print/load_data.html?order_code=212024021804926&kc_code=cgsh&condition= HTTP/1.1" 200 708
120.253.135.82 - - [18/Feb/2024:11:41:20 +0800] "POST /xingrg/kc/pszx/mdps_order_operate.html HTTP/1.1" 200 12
124.78.67.200 - - [18/Feb/2024:11:41:20 +0800] "GET /favicon.ico HTTP/1.1" 404 -
222.70.115.1 - - [18/Feb/2024:11:41:24 +0800] "POST /xingrg/services/DataTransmitService HTTP/1.1" 200 524
180.164.1.25 - - [18/Feb/2024:11:41:25 +0800] "GET /xingrg/all/function/internal_message.html?_=1708227685248&CODE_STATE=getMsg HTTP/1.1" 200 27
222.70.115.1 - - [18/Feb/2024:11:41:25 +0800] "POST /xingrg/services/DataTransmitService HTTP/1.1" 200 501
120.253.135.82 - - [18/Feb/2024:11:41:29 +0800] "GET /xingrg/kc/pszx/mdps_order_info.html?code=312024021600233 HTTP/1.1" 200 19636
120.253.135.82 - - [18/Feb/2024:11:41:29 +0800] "GET /xingrg/javascript/easyui/themes/default/validatebox.css HTTP/1.1" 404 1104
222.69.134.90 - - [18/Feb/2024:11:41:31 +0800] "GET /xingrg/all/function/internal_message.html?_=1708227692903&CODE_STATE=getMsg HTTP/1.1" 200 27
120.253.135.82 - - [18/Feb/2024:11:41:32 +0800] "POST /xingrg/kc/pszx/mdps_order_operate.html HTTP/1.1" 200 503
218.81.220.25 - - [18/Feb/2024:11:41:33 +0800] "GET /xingrg/all/function/internal_message.html?_=1708227719219&CODE_STATE=getMsg HTTP/1.1" 200 27
61.170.234.194 - - [18/Feb/2024:11:41:34 +0800] "GET /xingrg/kc/buy/cgsh_order_add.html HTTP/1.1" 200 73467
61.170.234.194 - - [18/Feb/2024:11:41:34 +0800] "GET /xingrg/javascript/easyui/themes/default/validatebox.css HTTP/1.1" 404 1104
61.170.234.194 - - [18/Feb/2024:11:41:35 +0800] "POST /xingrg/kc/buy/cgsh_order_operate.html HTTP/1.1" 200 8245
116.238.97.31 - - [18/Feb/2024:11:41:35 +0800] "POST /xingrg/kc/buy/cgsh_order_operate.html HTTP/1.1" 200 12
120.253.135.82 - - [18/Feb/2024:11:41:35 +0800] "POST /xingrg/kc/pszx/mdps_list_operate.html HTTP/1.1" 200 352
61.170.234.194 - - [18/Feb/2024:11:41:36 +0800] "GET /xingrg/javascript/easyui/themes/default/tree.css HTTP/1.1" 404 1090
61.170.234.194 - - [18/Feb/2024:11:41:39 +0800] "POST /xingrg/all/common/load_tree.html?tree=supplier_tree_json&isDelete=1 HTTP/1.1" 200 78460
120.253.135.82 - - [18/Feb/2024:11:41:43 +0800] "GET /xingrg/kc/pszx/mdps_order_info.html?code=312024021600230 HTTP/1.1" 200 23976
120.253.135.82 - - [18/Feb/2024:11:41:43 +0800] "GET /xingrg/javascript/easyui/themes/default/validatebox.css HTTP/1.1" 404 1104
116.238.97.31 - - [18/Feb/2024:11:41:43 +0800] "GET /xingrg/kc/buy/cgsh_order_info.html?code=212024021804927 HTTP/1.1" 200 68413
116.238.97.31 - - [18/Feb/2024:11:41:44 +0800] "POST /xingrg/kc/buy/cgsh_order_operate.html HTTP/1.1" 200 -
120.253.135.82 - - [18/Feb/2024:11:41:44 +0800] "POST /xingrg/kc/pszx/mdps_order_operate.html HTTP/1.1" 200 3246
116.238.97.31 - - [18/Feb/2024:11:41:44 +0800] "GET /xingrg/javascript/easyui/themes/default/validatebox.css HTTP/1.1" 404 1104
116.238.97.31 - - [18/Feb/2024:11:41:45 +0800] "POST /xingrg/kc/buy/cgsh_order_operate.html HTTP/1.1" 200 611
116.238.97.31 - - [18/Feb/2024:11:41:47 +0800] "GET /xingrg/kc/print/load_data.html?order_code=212024021804927&kc_code=cgsh&condition= HTTP/1.1" 200 690
120.253.135.82 - - [18/Feb/2024:11:41:48 +0800] "POST /xingrg/kc/pszx/mdps_order_operate.html HTTP/1.1" 200 37
116.238.97.31 - - [18/Feb/2024:11:41:51 +0800] "GET /xingrg/kc/buy/cgsh_order_add.html HTTP/1.1" 200 73502
116.238.97.31 - - [18/Feb/2024:11:41:52 +0800] "POST /xingrg/kc/buy/cgsh_order_operate.html HTTP/1.1" 200 8245
116.238.97.31 - - [18/Feb/2024:11:41:52 +0800] "GET /xingrg/javascript/easyui/themes/default/validatebox.css HTTP/1.1" 404 1104
120.253.135.82 - - [18/Feb/2024:11:41:52 +0800] "POST /xingrg/kc/pszx/mdps_order_operate.html HTTP/1.1" 200 12
221.239.172.101 - - [18/Feb/2024:11:41:53 +0800] "GET /xingrg/all/function/internal_message.html?_=1708227713264&CODE_STATE=getMsg HTTP/1.1" 200 27
120.253.135.82 - - [18/Feb/2024:11:41:55 +0800] "GET /xingrg/kc/pszx/mdps_order_info.html?code=312024021600230 HTTP/1.1" 200 19636
120.253.135.82 - - [18/Feb/2024:11:41:56 +0800] "GET /xingrg/javascript/easyui/themes/default/validatebox.css HTTP/1.1" 404 1104
120.253.135.82 - - [18/Feb/2024:11:41:56 +0800] "POST /xingrg/kc/pszx/mdps_order_operate.html HTTP/1.1" 200 1458
61.170.234.194 - - [18/Feb/2024:11:41:56 +0800] "GET /xingrg/all/function/internal_message.html?_=1708227713376&CODE_STATE=getMsg HTTP/1.1" 200 27
116.238.97.31 - - [18/Feb/2024:11:41:58 +0800] "GET /xingrg/all/function/internal_message.html?_=1708227718814&CODE_STATE=getMsg HTTP/1.1" 200 27
120.253.135.82 - - [18/Feb/2024:11:41:58 +0800] "POST /xingrg/kc/pszx/mdps_list_operate.html HTTP/1.1" 200 2800
116.230.123.222 - - [18/Feb/2024:11:41:58 +0800] "GET /xingrg/all/function/internal_message.html?_=1708227715091&CODE_STATE=getMsg HTTP/1.1" 200 27
120.253.135.82 - - [18/Feb/2024:11:42:00 +0800] "POST /xingrg/kc/pszx/mdps_list_operate.html HTTP/1.1" 200 558
120.253.135.82 - - [18/Feb/2024:11:42:01 +0800] "GET /xingrg/kc/pszx/mdps_order_info.html?code=312024021600229 HTTP/1.1" 200 23976
120.253.135.82 - - [18/Feb/2024:11:42:02 +0800] "GET /xingrg/javascript/easyui/themes/default/validatebox.css HTTP/1.1" 404 1104
120.253.135.82 - - [18/Feb/2024:11:42:02 +0800] "POST /xingrg/kc/pszx/mdps_order_operate.html HTTP/1.1" 200 6715
116.238.97.31 - - [18/Feb/2024:11:42:03 +0800] "GET /xingrg/kc/buy/cgsh_order_operate.html?command=get_materiel&rest_code=00102&code=00101001029&supplier_code=00100312&order_time=2024-02-18 HTTP/1.1" 200 417
124.78.67.200 - - [18/Feb/2024:11:42:03 +0800] "GET /xingrg/all/function/internal_message.html?_=1708227722974&CODE_STATE=getMsg HTTP/1.1" 200 27
180.169.147.146 - - [18/Feb/2024:11:42:05 +0800] "GET /xingrg/all/function/internal_message.html?_=1708227725762&CODE_STATE=getMsg HTTP/1.1" 200 27
120.253.135.82 - - [18/Feb/2024:11:42:08 +0800] "POST /xingrg/kc/pszx/mdps_order_operate.html HTTP/1.1" 200 37
61.170.234.194 - - [18/Feb/2024:11:42:09 +0800] "GET /xingrg/kc/buy/cgsh_order_operate.html?command=get_materiel&rest_code=00106&code=00101012046&supplier_code=00100487&order_time=2024-02-18 HTTP/1.1" 200 417
120.253.135.82 - - [18/Feb/2024:11:42:13 +0800] "POST /xingrg/kc/pszx/mdps_order_operate.html HTTP/1.1" 200 12
116.224.254.208 - - [18/Feb/2024:11:42:14 +0800] "GET /xingrg/all/function/internal_message.html?_=1708227733930&CODE_STATE=getMsg HTTP/1.1" 200 27
116.238.97.31 - - [18/Feb/2024:11:42:14 +0800] "GET /xingrg/kc/buy/cgsh_order_operate.html?command=get_materiel&rest_code=00102&code=00101005022&supplier_code=00100312&order_time=2024-02-18 HTTP/1.1" 200 419
116.230.123.222 - - [18/Feb/2024:11:42:16 +0800] "GET /xingrg/all/function/internal_message.html?_=1708227735949&CODE_STATE=getMsg HTTP/1.1" 200 27
120.253.135.82 - - [18/Feb/2024:11:42:17 +0800] "GET /xingrg/kc/pszx/mdps_order_info.html?code=312024021600229 HTTP/1.1" 200 19636
120.253.135.82 - - [18/Feb/2024:11:42:17 +0800] "GET /xingrg/javascript/easyui/themes/default/validatebox.css HTTP/1.1" 404 1104
120.253.135.82 - - [18/Feb/2024:11:42:18 +0800] "POST /xingrg/kc/pszx/mdps_order_operate.html HTTP/1.1" 200 4895
116.238.97.31 - - [18/Feb/2024:11:42:23 +0800] "GET /xingrg/kc/buy/cgsh_order_operate.html?command=get_materiel&rest_code=00102&code=00101001194&supplier_code=00100312&order_time=2024-02-18 HTTP/1.1" 200 415
180.164.1.25 - - [18/Feb/2024:11:42:24 +0800] "GET /xingrg/kc/buy/cgsh_order_operate.html?command=get_materiel&rest_code=00108&code=00101001047&supplier_code=00100312&order_time=2024-02-18 HTTP/1.1" 200 421
180.164.1.25 - - [18/Feb/2024:11:42:25 +0800] "GET /xingrg/all/function/internal_message.html?_=1708227745242&CODE_STATE=getMsg HTTP/1.1" 200 27
120.253.135.82 - - [18/Feb/2024:11:42:26 +0800] "POST /xingrg/kc/pszx/mdps_list_operate.html HTTP/1.1" 200 2431
120.253.135.82 - - [18/Feb/2024:11:42:29 +0800] "POST /xingrg/kc/pszx/mdps_list_operate.html HTTP/1.1" 200 378
222.69.134.90 - - [18/Feb/2024:11:42:31 +0800] "GET /xingrg/all/function/internal_message.html?_=1708227752888&CODE_STATE=getMsg HTTP/1.1" 200 27
222.69.134.90 - - [18/Feb/2024:11:42:32 +0800] "GET /xingrg/check_reg.html?_=1708227753427 HTTP/1.1" 200 22
218.81.220.25 - - [18/Feb/2024:11:42:33 +0800] "GET /xingrg/all/function/internal_message.html?_=1708227779225&CODE_STATE=getMsg HTTP/1.1" 200 27
116.230.123.222 - - [18/Feb/2024:11:42:33 +0800] "POST /xingrg/services/DataTransmitService HTTP/1.1" 200 524
120.253.135.82 - - [18/Feb/2024:11:42:36 +0800] "GET /xingrg/kc/pszx/mdps_order_info.html?code=312024021800241 HTTP/1.1" 200 23978
120.253.135.82 - - [18/Feb/2024:11:42:37 +0800] "GET /xingrg/javascript/easyui/themes/default/validatebox.css HTTP/1.1" 404 1104
116.230.123.222 - - [18/Feb/2024:11:42:37 +0800] "POST /xingrg/services/DataTransmitService HTTP/1.1" 200 412
61.170.234.194 - - [18/Feb/2024:11:42:39 +0800] "POST /xingrg/kc/buy/cgsh_order_operate.html HTTP/1.1" 200 37
120.253.135.82 - - [18/Feb/2024:11:42:42 +0800] "POST /xingrg/kc/pszx/mdps_order_operate.html HTTP/1.1" 200 3316
116.238.97.31 - - [18/Feb/2024:11:42:47 +0800] "GET /xingrg/kc/buy/cgsh_order_operate.html?command=get_materiel&rest_code=00102&code=00101001016&supplier_code=00100312&order_time=2024-02-18 HTTP/1.1" 200 414
61.170.234.194 - - [18/Feb/2024:11:42:52 +0800] "POST /xingrg/kc/buy/cgsh_order_operate.html HTTP/1.1" 200 12
221.239.172.101 - - [18/Feb/2024:11:42:53 +0800] "GET /xingrg/all/function/internal_message.html?_=1708227773282&CODE_STATE=getMsg HTTP/1.1" 200 27
120.253.135.82 - - [18/Feb/2024:11:42:54 +0800] "POST /xingrg/kc/pszx/mdps_order_operate.html HTTP/1.1" 200 37
61.170.234.194 - - [18/Feb/2024:11:42:56 +0800] "GET /xingrg/kc/buy/cgsh_order_info.html?code=212024021804928 HTTP/1.1" 200 68388
61.170.234.194 - - [18/Feb/2024:11:42:56 +0800] "GET /xingrg/all/function/internal_message.html?_=1708227773377&CODE_STATE=getMsg HTTP/1.1" 200 27
61.170.234.194 - - [18/Feb/2024:11:42:56 +0800] "GET /xingrg/javascript/easyui/themes/default/validatebox.css HTTP/1.1" 404 1104
61.170.234.194 - - [18/Feb/2024:11:42:57 +0800] "POST /xingrg/kc/buy/cgsh_order_operate.html HTTP/1.1" 200 610
116.238.97.31 - - [18/Feb/2024:11:42:58 +0800] "GET /xingrg/all/function/internal_message.html?_=1708227778754&CODE_STATE=getMsg HTTP/1.1" 200 27
116.230.123.222 - - [18/Feb/2024:11:42:58 +0800] "GET /xingrg/all/function/internal_message.html?_=1708227775071&CODE_STATE=getMsg HTTP/1.1" 200 27
120.253.135.82 - - [18/Feb/2024:11:42:59 +0800] "POST /xingrg/kc/pszx/mdps_order_operate.html HTTP/1.1" 200 12
61.170.234.194 - - [18/Feb/2024:11:42:59 +0800] "GET /xingrg/kc/print/load_data.html?order_code=212024021804928&kc_code=cgsh&condition= HTTP/1.1" 200 716
124.78.67.200 - - [18/Feb/2024:11:43:03 +0800] "GET /xingrg/all/function/internal_message.html?_=1708227782956&CODE_STATE=getMsg HTTP/1.1" 200 27
116.238.97.31 - - [18/Feb/2024:11:43:03 +0800] "POST /xingrg/kc/buy/cgsh_order_operate.html HTTP/1.1" 200 37
120.253.135.82 - - [18/Feb/2024:11:43:04 +0800] "GET /xingrg/kc/pszx/mdps_order_info.html?code=312024021800241 HTTP/1.1" 200 19638
120.253.135.82 - - [18/Feb/2024:11:43:05 +0800] "GET /xingrg/javascript/easyui/themes/default/validatebox.css HTTP/1.1" 404 1104
120.253.135.82 - - [18/Feb/2024:11:43:05 +0800] "POST /xingrg/kc/pszx/mdps_order_operate.html HTTP/1.1" 200 1529
180.163.30.85 - - [18/Feb/2024:11:43:06 +0800] "GET /xingrg/kc/buy/cgsh_order_operate.html?command=get_materiel&rest_code=00106&code=00101012046&supplier_code=00100487&order_time=2024-02-18 HTTP/1.1" 302 -
180.163.30.85 - - [18/Feb/2024:11:43:06 +0800] "GET /xingrg/login.html HTTP/1.1" 200 7641
116.238.97.31 - - [18/Feb/2024:11:43:11 +0800] "POST /xingrg/kc/buy/cgsh_order_operate.html HTTP/1.1" 200 12
61.170.234.194 - - [18/Feb/2024:11:43:12 +0800] "GET /xingrg/kc/buy/cgsh_order_add.html HTTP/1.1" 200 73467
61.170.234.194 - - [18/Feb/2024:11:43:12 +0800] "GET /xingrg/javascript/easyui/themes/default/validatebox.css HTTP/1.1" 404 1104
61.170.234.194 - - [18/Feb/2024:11:43:12 +0800] "POST /xingrg/kc/buy/cgsh_order_operate.html HTTP/1.1" 200 8245
116.238.97.31 - - [18/Feb/2024:11:43:13 +0800] "GET /xingrg/kc/buy/cgsh_order_info.html?code=212024021804929 HTTP/1.1" 200 68413
116.238.97.31 - - [18/Feb/2024:11:43:13 +0800] "GET /xingrg/javascript/easyui/themes/default/validatebox.css HTTP/1.1" 404 1104
116.224.254.208 - - [18/Feb/2024:11:43:14 +0800] "GET /xingrg/all/function/internal_message.html?_=1708227793927&CODE_STATE=getMsg HTTP/1.1" 200 27
116.238.97.31 - - [18/Feb/2024:11:43:14 +0800] "POST /xingrg/kc/buy/cgsh_order_operate.html HTTP/1.1" 200 2403
61.170.234.194 - - [18/Feb/2024:11:43:16 +0800] "GET /xingrg/javascript/easyui/themes/default/tree.css HTTP/1.1" 404 1090
116.230.123.222 - - [18/Feb/2024:11:43:16 +0800] "GET /xingrg/all/function/internal_message.html?_=1708227795932&CODE_STATE=getMsg HTTP/1.1" 200 27
61.170.234.194 - - [18/Feb/2024:11:43:16 +0800] "POST /xingrg/all/common/load_tree.html?tree=supplier_tree_json&isDelete=1 HTTP/1.1" 200 78460
116.238.97.31 - - [18/Feb/2024:11:43:18 +0800] "GET /xingrg/kc/print/load_data.html?order_code=212024021804929&kc_code=cgsh&condition= HTTP/1.1" 200 1386
180.164.1.25 - - [18/Feb/2024:11:43:25 +0800] "GET /xingrg/check_reg.html?_=1708227805243 HTTP/1.1" 200 22
180.164.1.25 - - [18/Feb/2024:11:43:25 +0800] "GET /xingrg/all/function/internal_message.html?_=1708227805245&CODE_STATE=getMsg HTTP/1.1" 200 27
120.253.135.82 - - [18/Feb/2024:11:43:25 +0800] "POST /xingrg/kc/pszx/mdps_list_operate.html HTTP/1.1" 200 2060
120.253.135.82 - - [18/Feb/2024:11:43:28 +0800] "POST /xingrg/kc/pszx/mdps_list_operate.html HTTP/1.1" 200 663
116.238.97.31 - - [18/Feb/2024:11:43:29 +0800] "GET /xingrg/kc/buy/cgsh_order_add.html HTTP/1.1" 200 8212
218.81.220.25 - - [18/Feb/2024:11:43:31 +0800] "GET /xingrg/check_reg.html?_=1708227837773 HTTP/1.1" 200 22
222.69.134.90 - - [18/Feb/2024:11:43:31 +0800] "GET /xingrg/all/function/internal_message.html?_=1708227812872&CODE_STATE=getMsg HTTP/1.1" 200 27
218.81.220.25 - - [18/Feb/2024:11:43:33 +0800] "GET /xingrg/all/function/internal_message.html?_=1708227839243&CODE_STATE=getMsg HTTP/1.1" 200 27
120.253.135.82 - - [18/Feb/2024:11:43:34 +0800] "GET /xingrg/kc/pszx/mdps_order_info.html?code=312024021600227 HTTP/1.1" 200 23976
120.253.135.82 - - [18/Feb/2024:11:43:34 +0800] "GET /xingrg/javascript/easyui/themes/default/validatebox.css HTTP/1.1" 404 1104
116.238.97.31 - - [18/Feb/2024:11:43:40 +0800] "GET /xingrg/kc/buy/cgsh_order_add.html HTTP/1.1" 200 8212
120.253.135.82 - - [18/Feb/2024:11:43:41 +0800] "POST /xingrg/kc/pszx/mdps_order_operate.html HTTP/1.1" 200 18317
116.238.97.31 - - [18/Feb/2024:11:43:41 +0800] "GET /xingrg/kc/buy/cgsh_order_add.html HTTP/1.1" 200 8212
116.238.97.31 - - [18/Feb/2024:11:43:41 +0800] "GET /xingrg/kc/buy/cgsh_order_add.html HTTP/1.1" 200 8212
116.238.97.31 - - [18/Feb/2024:11:43:41 +0800] "GET /xingrg/kc/buy/cgsh_order_add.html HTTP/1.1" 200 8212
116.238.97.31 - - [18/Feb/2024:11:43:41 +0800] "GET /xingrg/kc/buy/cgsh_order_add.html HTTP/1.1" 200 73502
116.238.97.31 - - [18/Feb/2024:11:43:41 +0800] "GET /xingrg/kc/buy/cgsh_order_add.html HTTP/1.1" 200 73502
61.170.234.194 - - [18/Feb/2024:11:43:42 +0800] "GET /xingrg/kc/buy/cgsh_order_operate.html?command=get_materiel&rest_code=00106&code=00101008583&supplier_code=00100327&order_time=2024-02-18 HTTP/1.1" 200 417
116.238.97.31 - - [18/Feb/2024:11:43:42 +0800] "GET /xingrg/javascript/easyui/themes/default/validatebox.css HTTP/1.1" 404 1104
116.238.97.31 - - [18/Feb/2024:11:43:42 +0800] "POST /xingrg/kc/buy/cgsh_order_operate.html HTTP/1.1" 200 8245
116.238.97.31 - - [18/Feb/2024:11:43:42 +0800] "POST /xingrg/kc/buy/cgsh_order_operate.html HTTP/1.1" 200 8245
221.239.172.101 - - [18/Feb/2024:11:43:53 +0800] "GET /xingrg/check_reg.html?_=1708227833282 HTTP/1.1" 200 22
221.239.172.101 - - [18/Feb/2024:11:43:53 +0800] "GET /xingrg/all/function/internal_message.html?_=1708227833285&CODE_STATE=getMsg HTTP/1.1" 200 27
116.238.97.31 - - [18/Feb/2024:11:43:53 +0800] "GET /xingrg/kc/buy/cgsh_order_operate.html?command=get_materiel&rest_code=00102&code=00101012101&supplier_code=00100487&order_time=2024-02-18 HTTP/1.1" 200 418
61.170.234.194 - - [18/Feb/2024:11:43:56 +0800] "GET /xingrg/all/function/internal_message.html?_=1708227833349&CODE_STATE=getMsg HTTP/1.1" 200 27
116.238.97.31 - - [18/Feb/2024:11:43:58 +0800] "GET /xingrg/all/function/internal_message.html?_=1708227838733&CODE_STATE=getMsg HTTP/1.1" 200 27
116.230.123.222 - - [18/Feb/2024:11:43:58 +0800] "GET /xingrg/all/function/internal_message.html?_=1708227835059&CODE_STATE=getMsg HTTP/1.1" 200 27
120.253.135.82 - - [18/Feb/2024:11:43:59 +0800] "POST /xingrg/kc/pszx/mdps_order_operate.html HTTP/1.1" 200 37
124.78.67.200 - - [18/Feb/2024:11:44:03 +0800] "GET /xingrg/all/function/internal_message.html?_=1708227842940&CODE_STATE=getMsg HTTP/1.1" 200 27
61.170.234.194 - - [18/Feb/2024:11:44:07 +0800] "POST /xingrg/kc/buy/cgsh_order_operate.html HTTP/1.1" 200 37
116.238.97.31 - - [18/Feb/2024:11:44:07 +0800] "POST /xingrg/kc/buy/cgsh_order_operate.html HTTP/1.1" 200 64
120.253.135.82 - - [18/Feb/2024:11:44:09 +0800] "POST /xingrg/kc/pszx/mdps_order_operate.html HTTP/1.1" 200 12
116.224.254.208 - - [18/Feb/2024:11:44:14 +0800] "GET /xingrg/all/function/internal_message.html?_=1708227853921&CODE_STATE=getMsg HTTP/1.1" 200 27
116.224.254.208 - - [18/Feb/2024:11:44:14 +0800] "GET /xingrg/check_reg.html?_=1708227853922 HTTP/1.1" 200 22
116.238.97.31 - - [18/Feb/2024:11:44:15 +0800] "POST /xingrg/kc/buy/cgsh_order_operate.html HTTP/1.1" 200 37
116.230.123.222 - - [18/Feb/2024:11:44:16 +0800] "GET /xingrg/all/function/internal_message.html?_=1708227855917&CODE_STATE=getMsg HTTP/1.1" 200 27
61.170.234.194 - - [18/Feb/2024:11:44:16 +0800] "POST /xingrg/kc/buy/cgsh_order_operate.html HTTP/1.1" 200 12
116.238.97.31 - - [18/Feb/2024:11:44:17 +0800] "POST /xingrg/kc/buy/cgsh_order_operate.html HTTP/1.1" 200 2663
61.170.234.194 - - [18/Feb/2024:11:44:18 +0800] "GET /xingrg/kc/buy/cgsh_order_info.html?code=212024021804930 HTTP/1.1" 200 68378
61.170.234.194 - - [18/Feb/2024:11:44:19 +0800] "GET /xingrg/javascript/easyui/themes/default/validatebox.css HTTP/1.1" 404 1104
61.170.234.194 - - [18/Feb/2024:11:44:20 +0800] "POST /xingrg/kc/buy/cgsh_order_operate.html HTTP/1.1" 200 613
61.170.234.194 - - [18/Feb/2024:11:44:21 +0800] "GET /xingrg/kc/print/load_data.html?order_code=212024021804930&kc_code=cgsh&condition= HTTP/1.1" 200 713
116.238.97.31 - - [18/Feb/2024:11:44:23 +0800] "POST /xingrg/kc/buy/cgsh_order_operate.html HTTP/1.1" 200 37
180.164.1.25 - - [18/Feb/2024:11:44:25 +0800] "GET /xingrg/all/function/internal_message.html?_=1708227865245&CODE_STATE=getMsg HTTP/1.1" 200 27
180.163.30.27 - - [18/Feb/2024:11:44:30 +0800] "GET /xingrg/kc/buy/cgsh_order_operate.html?command=get_materiel&rest_code=00106&code=00101008583&supplier_code=00100327&order_time=2024-02-18 HTTP/1.1" 302 -
180.163.30.27 - - [18/Feb/2024:11:44:30 +0800] "GET /xingrg/login.html HTTP/1.1" 200 7641
116.238.97.31 - - [18/Feb/2024:11:44:31 +0800] "POST /xingrg/kc/buy/cgsh_order_operate.html HTTP/1.1" 200 12
61.170.234.194 - - [18/Feb/2024:11:44:31 +0800] "GET /xingrg/kc/buy/cgsh_order_add.html HTTP/1.1" 200 73467
222.69.134.90 - - [18/Feb/2024:11:44:31 +0800] "GET /xingrg/all/function/internal_message.html?_=1708227872852&CODE_STATE=getMsg HTTP/1.1" 200 27
61.170.234.194 - - [18/Feb/2024:11:44:31 +0800] "POST /xingrg/kc/buy/cgsh_order_operate.html HTTP/1.1" 200 8245
61.170.234.194 - - [18/Feb/2024:11:44:32 +0800] "GET /xingrg/javascript/easyui/themes/default/validatebox.css HTTP/1.1" 404 1104
218.81.220.25 - - [18/Feb/2024:11:44:33 +0800] "GET /xingrg/all/function/internal_message.html?_=1708227899485&CODE_STATE=getMsg HTTP/1.1" 200 27
116.238.97.31 - - [18/Feb/2024:11:44:33 +0800] "GET /xingrg/kc/buy/cgsh_order_info.html?code=212024021804932 HTTP/1.1" 200 68419
116.238.97.31 - - [18/Feb/2024:11:44:34 +0800] "GET /xingrg/javascript/easyui/themes/default/validatebox.css HTTP/1.1" 404 1104
116.238.97.31 - - [18/Feb/2024:11:44:35 +0800] "POST /xingrg/kc/buy/cgsh_order_operate.html HTTP/1.1" 200 613
61.170.234.194 - - [18/Feb/2024:11:44:36 +0800] "GET /xingrg/javascript/easyui/themes/default/tree.css HTTP/1.1" 404 1090
61.170.234.194 - - [18/Feb/2024:11:44:37 +0800] "POST /xingrg/all/common/load_tree.html?tree=supplier_tree_json&isDelete=1 HTTP/1.1" 200 78460
116.238.97.31 - - [18/Feb/2024:11:44:37 +0800] "GET /xingrg/kc/print/load_data.html?order_code=212024021804932&kc_code=cgsh&condition= HTTP/1.1" 200 699
116.238.97.31 - - [18/Feb/2024:11:44:42 +0800] "GET /xingrg/kc/buy/cgsh_order_add.html HTTP/1.1" 200 73502
116.238.97.31 - - [18/Feb/2024:11:44:42 +0800] "POST /xingrg/kc/buy/cgsh_order_operate.html HTTP/1.1" 200 8245
116.238.97.31 - - [18/Feb/2024:11:44:42 +0800] "GET /xingrg/javascript/easyui/themes/default/validatebox.css HTTP/1.1" 404 1104
120.253.135.82 - - [18/Feb/2024:11:44:43 +0800] "GET /xingrg/kc/pszx/mdps_order_info.html?code=312024021600227 HTTP/1.1" 200 19636
120.253.135.82 - - [18/Feb/2024:11:44:44 +0800] "GET /xingrg/javascript/easyui/themes/default/validatebox.css HTTP/1.1" 404 1104
120.253.135.82 - - [18/Feb/2024:11:44:44 +0800] "POST /xingrg/kc/pszx/mdps_order_operate.html HTTP/1.1" 200 16414
120.253.135.82 - - [18/Feb/2024:11:44:45 +0800] "POST /xingrg/kc/pszx/mdps_list_operate.html HTTP/1.1" 200 1689
120.253.135.82 - - [18/Feb/2024:11:44:49 +0800] "GET /xingrg/kc/pszx/mdps_order_list.html?orderType=0 HTTP/1.1" 200 20995
120.253.135.82 - - [18/Feb/2024:11:44:49 +0800] "POST /xingrg/kc/pszx/mdps_list_operate.html HTTP/1.1" 200 5179
61.170.234.194 - - [18/Feb/2024:11:44:52 +0800] "GET /xingrg/kc/buy/cgsh_order_operate.html?command=get_materiel&rest_code=00106&code=00101010276&supplier_code=00100323&order_time=2024-02-18 HTTP/1.1" 200 416
116.238.97.31 - - [18/Feb/2024:11:44:52 +0800] "GET /xingrg/kc/buy/cgsh_order_operate.html?command=get_materiel&rest_code=00102&code=00101003035&supplier_code=00100092&order_time=2024-02-18 HTTP/1.1" 200 414
221.239.172.101 - - [18/Feb/2024:11:44:53 +0800] "GET /xingrg/all/function/internal_message.html?_=1708227893269&CODE_STATE=getMsg HTTP/1.1" 200 27
61.170.234.194 - - [18/Feb/2024:11:44:56 +0800] "GET /xingrg/all/function/internal_message.html?_=1708227893327&CODE_STATE=getMsg HTTP/1.1" 200 27
116.238.97.31 - - [18/Feb/2024:11:44:58 +0800] "GET /xingrg/all/function/internal_message.html?_=1708227898716&CODE_STATE=getMsg HTTP/1.1" 200 27
116.230.123.222 - - [18/Feb/2024:11:44:58 +0800] "GET /xingrg/check_reg.html?_=1708227895040 HTTP/1.1" 200 22
116.230.123.222 - - [18/Feb/2024:11:44:58 +0800] "GET /xingrg/all/function/internal_message.html?_=1708227895042&CODE_STATE=getMsg HTTP/1.1" 200 27
124.78.67.200 - - [18/Feb/2024:11:45:03 +0800] "GET /xingrg/all/function/internal_message.html?_=1708227902918&CODE_STATE=getMsg HTTP/1.1" 200 27
124.78.67.200 - - [18/Feb/2024:11:45:03 +0800] "GET /xingrg/check_reg.html?_=1708227903138 HTTP/1.1" 200 22
120.253.135.82 - - [18/Feb/2024:11:45:05 +0800] "POST /xingrg/kc/pszx/mdps_list_operate.html HTTP/1.1" 200 1693
116.238.97.31 - - [18/Feb/2024:11:45:06 +0800] "POST /xingrg/kc/buy/cgsh_order_operate.html HTTP/1.1" 200 37
61.170.234.194 - - [18/Feb/2024:11:45:11 +0800] "POST /xingrg/kc/buy/cgsh_order_operate.html HTTP/1.1" 200 37
116.224.254.208 - - [18/Feb/2024:11:45:14 +0800] "GET /xingrg/all/function/internal_message.html?_=1708227913939&CODE_STATE=getMsg HTTP/1.1" 200 27
116.238.97.31 - - [18/Feb/2024:11:45:15 +0800] "POST /xingrg/kc/buy/cgsh_order_operate.html HTTP/1.1" 200 12
120.253.135.82 - - [18/Feb/2024:11:45:15 +0800] "POST /xingrg/kc/pszx/mdps_list_operate.html HTTP/1.1" 200 868
116.230.123.222 - - [18/Feb/2024:11:45:16 +0800] "GET /xingrg/all/function/internal_message.html?_=1708227915901&CODE_STATE=getMsg HTTP/1.1" 200 27
116.238.97.31 - - [18/Feb/2024:11:45:17 +0800] "GET /xingrg/kc/buy/cgsh_order_info.html?code=212024021804933 HTTP/1.1" 200 68411
116.238.97.31 - - [18/Feb/2024:11:45:18 +0800] "GET /xingrg/javascript/easyui/themes/default/validatebox.css HTTP/1.1" 404 1104
116.238.97.31 - - [18/Feb/2024:11:45:19 +0800] "POST /xingrg/kc/buy/cgsh_order_operate.html HTTP/1.1" 200 610
116.238.97.31 - - [18/Feb/2024:11:45:20 +0800] "GET /xingrg/kc/print/load_data.html?order_code=212024021804933&kc_code=cgsh&condition= HTTP/1.1" 200 741
61.170.234.194 - - [18/Feb/2024:11:45:24 +0800] "POST /xingrg/kc/buy/cgsh_order_operate.html HTTP/1.1" 200 12
180.164.1.25 - - [18/Feb/2024:11:45:25 +0800] "GET /xingrg/all/function/internal_message.html?_=1708227925245&CODE_STATE=getMsg HTTP/1.1" 200 27
120.253.135.82 - - [18/Feb/2024:11:45:25 +0800] "POST /xingrg/kc/pszx/mdps_list_operate.html HTTP/1.1" 200 868
116.238.97.31 - - [18/Feb/2024:11:45:27 +0800] "GET /xingrg/kc/buy/cgsh_order_add.html HTTP/1.1" 200 73502
116.238.97.31 - - [18/Feb/2024:11:45:27 +0800] "POST /xingrg/kc/buy/cgsh_order_operate.html HTTP/1.1" 200 8245
116.238.97.31 - - [18/Feb/2024:11:45:27 +0800] "GET /xingrg/javascript/easyui/themes/default/validatebox.css HTTP/1.1" 404 1104
120.253.135.82 - - [18/Feb/2024:11:45:28 +0800] "GET /xingrg/kc/pszx/mdqp_order_list.html?state=10 HTTP/1.1" 200 10319
120.253.135.82 - - [18/Feb/2024:11:45:28 +0800] "GET /xingrg/dwr/interface/AjaxQqpsService.js HTTP/1.1" 200 16326
120.253.135.82 - - [18/Feb/2024:11:45:28 +0800] "GET /xingrg/dwr/interface/AjaxReportQueryService.js HTTP/1.1" 200 13203
120.253.135.82 - - [18/Feb/2024:11:45:28 +0800] "GET /xingrg/dwr/engine.js HTTP/1.1" 200 43631
222.69.134.90 - - [18/Feb/2024:11:45:31 +0800] "GET /xingrg/all/function/internal_message.html?_=1708227932842&CODE_STATE=getMsg HTTP/1.1" 200 27
