116.224.254.208 - - [18/Feb/2024:16:35:02 +0800] "POST /xingrg/all/common/load_combo.html?type=base HTTP/1.1" 200 3318
124.78.67.200 - - [18/Feb/2024:16:35:07 +0800] "GET /xingrg/all/function/internal_message.html?_=1708245307666&CODE_STATE=getMsg HTTP/1.1" 200 27
116.224.254.208 - - [18/Feb/2024:16:35:12 +0800] "GET /xingrg/kc/base/wldb_order_operate.html?command=get_materiel&rest_code=00150&base_code=0010446&code=00102002258 HTTP/1.1" 200 448
180.169.147.146 - - [18/Feb/2024:16:35:16 +0800] "GET /xingrg/all/function/internal_message.html?_=1708245316332&CODE_STATE=getMsg HTTP/1.1" 200 27
116.230.123.222 - - [18/Feb/2024:16:35:17 +0800] "GET /xingrg/all/function/internal_message.html?_=1708245317111&CODE_STATE=getMsg HTTP/1.1" 200 27
120.253.135.82 - - [18/Feb/2024:16:35:19 +0800] "GET /xingrg/login.html HTTP/1.1" 200 7641
120.253.135.82 - - [18/Feb/2024:16:35:19 +0800] "GET /xingrg/images/blue/jxLogo.png HTTP/1.1" 304 -
120.253.135.82 - - [18/Feb/2024:16:35:19 +0800] "GET /xingrg/images/blue/login_bg.png HTTP/1.1" 304 -
120.253.135.82 - - [18/Feb/2024:16:35:19 +0800] "GET /xingrg/images/blue/hj.png HTTP/1.1" 304 -
120.253.135.82 - - [18/Feb/2024:16:35:19 +0800] "GET /xingrg/images/blue/srbg.png HTTP/1.1" 304 -
120.253.135.82 - - [18/Feb/2024:16:35:20 +0800] "GET /favicon.ico HTTP/1.1" 404 -
218.81.220.25 - - [18/Feb/2024:16:35:20 +0800] "GET /xingrg/all/function/internal_message.html?_=1708245347308&CODE_STATE=getMsg HTTP/1.1" 200 27
116.224.254.208 - - [18/Feb/2024:16:35:20 +0800] "GET /xingrg/kc/base/wldb_order_operate.html?command=get_materiel&rest_code=00150&base_code=0010446&code=00102002603 HTTP/1.1" 200 432
180.164.1.25 - - [18/Feb/2024:16:35:22 +0800] "GET /xingrg/all/function/internal_message.html?_=1708245322710&CODE_STATE=getMsg HTTP/1.1" 200 27
180.164.1.25 - - [18/Feb/2024:16:35:22 +0800] "GET /xingrg/check_reg.html?_=1708245323007 HTTP/1.1" 200 22
120.253.135.82 - - [18/Feb/2024:16:35:25 +0800] "POST /xingrg/login.do HTTP/1.1" 302 -
120.253.135.82 - - [18/Feb/2024:16:35:25 +0800] "GET /xingrg/index.html?sysBaseUrl=http%3A%2F%2F180.169.147.146%3A18081%2Fxingrg%2F&costTime=805×tamp=1708245325251 HTTP/1.1" 200 17173
120.253.135.82 - - [18/Feb/2024:16:35:25 +0800] "GET /xingrg/javascript/jquery_easy_ui/themes/default/easyui.css HTTP/1.1" 304 -
120.253.135.82 - - [18/Feb/2024:16:35:25 +0800] "GET /xingrg/javascript/jquery_easy_ui/themes/icon.css HTTP/1.1" 304 -
120.253.135.82 - - [18/Feb/2024:16:35:25 +0800] "GET /xingrg/css/form.css HTTP/1.1" 304 -
120.253.135.82 - - [18/Feb/2024:16:35:25 +0800] "GET /xingrg/javascript/jquery-1.4.2.min.js HTTP/1.1" 304 -
120.253.135.82 - - [18/Feb/2024:16:35:25 +0800] "GET /xingrg/javascript/jquery_easy_ui/jquery.easyui.min.js HTTP/1.1" 304 -
120.253.135.82 - - [18/Feb/2024:16:35:25 +0800] "GET /xingrg/javascript/jquery.form.js HTTP/1.1" 304 -
120.253.135.82 - - [18/Feb/2024:16:35:25 +0800] "GET /xingrg/javascript/jquery.timers.js HTTP/1.1" 304 -
120.253.135.82 - - [18/Feb/2024:16:35:25 +0800] "GET /xingrg/javascript/jquery.utils.js HTTP/1.1" 304 -
120.253.135.82 - - [18/Feb/2024:16:35:25 +0800] "GET /xingrg/javascript/jquery_easy_ui/easyui-lang-zh_CN.js HTTP/1.1" 304 -
120.253.135.82 - - [18/Feb/2024:16:35:25 +0800] "GET /favicon.ico HTTP/1.1" 404 -
120.253.135.82 - - [18/Feb/2024:16:35:25 +0800] "GET /xingrg/images/blue/navBackgound.jpg HTTP/1.1" 304 -
120.253.135.82 - - [18/Feb/2024:16:35:25 +0800] "GET /xingrg/javascript/jquery_easy_ui/themes/icons/settle_new.png HTTP/1.1" 304 -
120.253.135.82 - - [18/Feb/2024:16:35:25 +0800] "GET /xingrg/images/blue/pingpu.png HTTP/1.1" 304 -
120.253.135.82 - - [18/Feb/2024:16:35:25 +0800] "GET /xingrg/javascript/jquery_easy_ui/themes/default/images/tabs_leftarrow.png HTTP/1.1" 304 -
120.253.135.82 - - [18/Feb/2024:16:35:25 +0800] "GET /xingrg/javascript/jquery_easy_ui/themes/default/images/tabs_rightarrow.png HTTP/1.1" 304 -
120.253.135.82 - - [18/Feb/2024:16:35:25 +0800] "GET /xingrg/javascript/jquery_easy_ui/themes/default/images/panel_tool_collapse.gif HTTP/1.1" 304 -
120.253.135.82 - - [18/Feb/2024:16:35:25 +0800] "POST /xingrg/all/common/load_tree.html?tree=area_rest_tree_json&manage=1 HTTP/1.1" 200 344
120.253.135.82 - - [18/Feb/2024:16:35:25 +0800] "GET /xingrg/javascript/jquery_easy_ui/themes/default/images/tree_arrows.gif HTTP/1.1" 304 -
120.253.135.82 - - [18/Feb/2024:16:35:25 +0800] "GET /xingrg/all/function/internal_message.html?_=1708245157643&CODE_STATE=count HTTP/1.1" 200 11
120.253.135.82 - - [18/Feb/2024:16:35:25 +0800] "GET /xingrg/check_reg.html?_=1708245157644 HTTP/1.1" 200 22
120.253.135.82 - - [18/Feb/2024:16:35:25 +0800] "POST /xingrg/load_menu.html HTTP/1.1" 200 6743
120.253.135.82 - - [18/Feb/2024:16:35:26 +0800] "GET /xingrg/javascript/jquery_easy_ui/themes/default/images/tree_folder_open.gif HTTP/1.1" 304 -
120.253.135.82 - - [18/Feb/2024:16:35:26 +0800] "GET /xingrg/javascript/jquery_easy_ui/themes/icons/search_new.png HTTP/1.1" 304 -
120.253.135.82 - - [18/Feb/2024:16:35:26 +0800] "GET /xingrg/javascript/jquery_easy_ui/themes/icons/delivery_new.png HTTP/1.1" 304 -
120.253.135.82 - - [18/Feb/2024:16:35:26 +0800] "GET /xingrg/javascript/jquery_easy_ui/themes/icons/storage_new.png HTTP/1.1" 304 -
120.253.135.82 - - [18/Feb/2024:16:35:26 +0800] "GET /xingrg/javascript/jquery_easy_ui/themes/default/images/tree_file.gif HTTP/1.1" 304 -
120.253.135.82 - - [18/Feb/2024:16:35:26 +0800] "GET /xingrg/javascript/jquery_easy_ui/themes/icons/forms_new.png HTTP/1.1" 304 -
120.253.135.82 - - [18/Feb/2024:16:35:26 +0800] "GET /xingrg/javascript/jquery_easy_ui/themes/default/images/tree_folder.gif HTTP/1.1" 304 -
120.253.135.82 - - [18/Feb/2024:16:35:30 +0800] "GET /xingrg/javascript/jquery_easy_ui/themes/default/images/tabs_close.gif HTTP/1.1" 304 -
120.253.135.82 - - [18/Feb/2024:16:35:30 +0800] "GET /xingrg/kc/pszx/mdqp_order_list.html?state=10 HTTP/1.1" 200 10319
120.253.135.82 - - [18/Feb/2024:16:35:30 +0800] "GET /xingrg/css/blue.css HTTP/1.1" 304 -
120.253.135.82 - - [18/Feb/2024:16:35:30 +0800] "GET /xingrg/javascript/pic_change.js HTTP/1.1" 304 -
120.253.135.82 - - [18/Feb/2024:16:35:30 +0800] "GET /xingrg/dwr/interface/AjaxQqpsService.js HTTP/1.1" 200 16326
120.253.135.82 - - [18/Feb/2024:16:35:30 +0800] "GET /xingrg/dwr/interface/AjaxReportQueryService.js HTTP/1.1" 200 13203
120.253.135.82 - - [18/Feb/2024:16:35:30 +0800] "GET /xingrg/dwr/engine.js HTTP/1.1" 200 43631
120.253.135.82 - - [18/Feb/2024:16:35:30 +0800] "GET /xingrg/javascript/Calendar.js HTTP/1.1" 304 -
120.253.135.82 - - [18/Feb/2024:16:35:30 +0800] "GET /xingrg/dwr/util.js HTTP/1.1" 304 -
120.253.135.82 - - [18/Feb/2024:16:35:30 +0800] "GET /xingrg/javascript/myfunction.js HTTP/1.1" 304 -
120.253.135.82 - - [18/Feb/2024:16:35:30 +0800] "GET /xingrg/javascript/jquery_easy_ui/themes/icons/check_new.png HTTP/1.1" 304 -
120.253.135.82 - - [18/Feb/2024:16:35:30 +0800] "GET /xingrg/javascript/jquery_easy_ui/themes/icons/back_new.png HTTP/1.1" 304 -
120.253.135.82 - - [18/Feb/2024:16:35:30 +0800] "GET /xingrg/javascript/jquery_easy_ui/themes/icons/uncheck_new.png HTTP/1.1" 304 -
101.228.146.191 - - [18/Feb/2024:16:35:34 +0800] "GET /xingrg/all/function/internal_message.html?_=1708245332664&CODE_STATE=getMsg HTTP/1.1" 200 27
116.224.254.208 - - [18/Feb/2024:16:35:36 +0800] "POST /xingrg/kc/base/wldb_order_operate.html HTTP/1.1" 200 37
101.83.145.37 - - [18/Feb/2024:16:35:39 +0800] "GET /xingrg/all/function/internal_message.html?_=1708245340531&CODE_STATE=getMsg HTTP/1.1" 200 27
116.224.254.208 - - [18/Feb/2024:16:35:42 +0800] "POST /xingrg/kc/base/wldb_order_operate.html HTTP/1.1" 200 12
116.224.254.208 - - [18/Feb/2024:16:35:42 +0800] "POST /xingrg/kc/base/wldb_order_operate.html HTTP/1.1" 200 2664
116.224.254.208 - - [18/Feb/2024:16:35:43 +0800] "GET /xingrg/kc/base/wldb_order_info.html?code=422024021801517 HTTP/1.1" 200 26241
116.224.254.208 - - [18/Feb/2024:16:35:43 +0800] "GET /xingrg/javascript/easyui/themes/default/validatebox.css HTTP/1.1" 404 1104
116.224.254.208 - - [18/Feb/2024:16:35:44 +0800] "POST /xingrg/kc/base/wldb_order_operate.html HTTP/1.1" 200 944
116.224.254.208 - - [18/Feb/2024:16:35:46 +0800] "GET /xingrg/kc/base/wldb_order_add.html HTTP/1.1" 200 30358
61.170.234.194 - - [18/Feb/2024:16:35:46 +0800] "GET /xingrg/all/function/internal_message.html?_=1708245343087&CODE_STATE=getMsg HTTP/1.1" 200 27
116.224.254.208 - - [18/Feb/2024:16:35:46 +0800] "POST /xingrg/kc/base/wldb_order_operate.html HTTP/1.1" 200 6806
116.224.254.208 - - [18/Feb/2024:16:35:46 +0800] "GET /xingrg/javascript/easyui/themes/default/validatebox.css HTTP/1.1" 404 1104
116.224.254.208 - - [18/Feb/2024:16:35:47 +0800] "POST /xingrg/all/common/load_combo.html?type=base HTTP/1.1" 200 3318
180.169.147.146 - - [18/Feb/2024:16:35:50 +0800] "GET /xingrg/all/function/internal_message.html?_=1708245350647&CODE_STATE=getMsg HTTP/1.1" 200 27
180.169.147.146 - - [18/Feb/2024:16:35:50 +0800] "GET /xingrg/check_reg.html?_=1708245350651 HTTP/1.1" 200 22
116.224.254.208 - - [18/Feb/2024:16:35:52 +0800] "GET /xingrg/all/function/internal_message.html?_=1708245352306&CODE_STATE=getMsg HTTP/1.1" 200 27
221.239.172.101 - - [18/Feb/2024:16:35:53 +0800] "GET /xingrg/all/function/internal_message.html?_=1708245353646&CODE_STATE=getMsg HTTP/1.1" 200 27
116.224.254.208 - - [18/Feb/2024:16:35:58 +0800] "GET /xingrg/kc/base/wldb_order_operate.html?command=get_materiel&rest_code=00150&base_code=0010446&code=00102002315 HTTP/1.1" 200 462
116.224.254.208 - - [18/Feb/2024:16:36:05 +0800] "GET /xingrg/kc/base/wldb_order_operate.html?command=get_materiel&rest_code=00150&base_code=0010446&code=00102002022 HTTP/1.1" 200 472
124.78.67.200 - - [18/Feb/2024:16:36:07 +0800] "GET /xingrg/all/function/internal_message.html?_=1708245367640&CODE_STATE=getMsg HTTP/1.1" 200 27
116.224.254.208 - - [18/Feb/2024:16:36:13 +0800] "GET /xingrg/kc/base/wldb_order_operate.html?command=get_materiel&rest_code=00150&base_code=0010446&code=00102002448 HTTP/1.1" 200 439
180.169.147.146 - - [18/Feb/2024:16:36:16 +0800] "GET /xingrg/all/function/internal_message.html?_=1708245376343&CODE_STATE=getMsg HTTP/1.1" 200 27
180.169.147.146 - - [18/Feb/2024:16:36:16 +0800] "GET /xingrg/check_reg.html?_=1708245376344 HTTP/1.1" 200 22
116.230.123.222 - - [18/Feb/2024:16:36:17 +0800] "GET /xingrg/all/function/internal_message.html?_=1708245377113&CODE_STATE=getMsg HTTP/1.1" 200 27
218.81.220.25 - - [18/Feb/2024:16:36:20 +0800] "GET /xingrg/all/function/internal_message.html?_=1708245407658&CODE_STATE=getMsg HTTP/1.1" 200 27
116.224.254.208 - - [18/Feb/2024:16:36:21 +0800] "POST /xingrg/kc/base/wldb_order_operate.html HTTP/1.1" 200 37
180.164.1.25 - - [18/Feb/2024:16:36:22 +0800] "GET /xingrg/all/function/internal_message.html?_=1708245382695&CODE_STATE=getMsg HTTP/1.1" 200 27
116.224.254.208 - - [18/Feb/2024:16:36:26 +0800] "POST /xingrg/kc/base/wldb_order_operate.html HTTP/1.1" 200 12
116.224.254.208 - - [18/Feb/2024:16:36:27 +0800] "POST /xingrg/kc/base/wldb_order_operate.html HTTP/1.1" 200 3195
116.224.254.208 - - [18/Feb/2024:16:36:29 +0800] "GET /xingrg/kc/base/wldb_order_info.html?code=422024021801518 HTTP/1.1" 200 26240
116.224.254.208 - - [18/Feb/2024:16:36:30 +0800] "GET /xingrg/javascript/easyui/themes/default/validatebox.css HTTP/1.1" 404 1104
116.224.254.208 - - [18/Feb/2024:16:36:30 +0800] "POST /xingrg/kc/base/wldb_order_operate.html HTTP/1.1" 200 1467
116.224.254.208 - - [18/Feb/2024:16:36:32 +0800] "GET /xingrg/kc/base/wldb_order_add.html HTTP/1.1" 200 30358
116.224.254.208 - - [18/Feb/2024:16:36:33 +0800] "POST /xingrg/kc/base/wldb_order_operate.html HTTP/1.1" 200 6806
116.224.254.208 - - [18/Feb/2024:16:36:33 +0800] "GET /xingrg/javascript/easyui/themes/default/validatebox.css HTTP/1.1" 404 1104
101.228.146.191 - - [18/Feb/2024:16:36:34 +0800] "GET /xingrg/all/function/internal_message.html?_=1708245392664&CODE_STATE=getMsg HTTP/1.1" 200 27
116.224.254.208 - - [18/Feb/2024:16:36:34 +0800] "POST /xingrg/all/common/load_combo.html?type=base HTTP/1.1" 200 3318
101.83.145.37 - - [18/Feb/2024:16:36:39 +0800] "GET /xingrg/all/function/internal_message.html?_=1708245400491&CODE_STATE=getMsg HTTP/1.1" 200 27
116.224.254.208 - - [18/Feb/2024:16:36:43 +0800] "GET /xingrg/kc/base/wldb_order_operate.html?command=get_materiel&rest_code=00150&base_code=0010445&code=00101019358 HTTP/1.1" 200 460
61.170.234.194 - - [18/Feb/2024:16:36:46 +0800] "GET /xingrg/all/function/internal_message.html?_=1708245403091&CODE_STATE=getMsg HTTP/1.1" 200 27
61.170.234.194 - - [18/Feb/2024:16:36:46 +0800] "GET /xingrg/check_reg.html?_=1708245403095 HTTP/1.1" 200 22
180.163.28.114 - - [18/Feb/2024:16:36:46 +0800] "GET /xingrg/all/function/internal_message.html?_=1708245343087&CODE_STATE=getMsg HTTP/1.1" 302 -
180.163.28.114 - - [18/Feb/2024:16:36:47 +0800] "GET /xingrg/login.html HTTP/1.1" 200 7641
180.169.147.146 - - [18/Feb/2024:16:36:50 +0800] "GET /xingrg/all/function/internal_message.html?_=1708245410651&CODE_STATE=getMsg HTTP/1.1" 200 27
116.224.254.208 - - [18/Feb/2024:16:36:52 +0800] "GET /xingrg/all/function/internal_message.html?_=1708245412302&CODE_STATE=getMsg HTTP/1.1" 200 27
221.239.172.101 - - [18/Feb/2024:16:36:53 +0800] "GET /xingrg/all/function/internal_message.html?_=1708245413647&CODE_STATE=getMsg HTTP/1.1" 200 27
116.224.254.208 - - [18/Feb/2024:16:36:54 +0800] "POST /xingrg/kc/base/wldb_order_operate.html HTTP/1.1" 200 37
116.224.254.208 - - [18/Feb/2024:16:37:03 +0800] "POST /xingrg/kc/base/wldb_order_operate.html HTTP/1.1" 200 12
116.224.254.208 - - [18/Feb/2024:16:37:03 +0800] "POST /xingrg/kc/base/wldb_order_operate.html HTTP/1.1" 200 2201
116.224.254.208 - - [18/Feb/2024:16:37:04 +0800] "GET /xingrg/kc/base/wldb_order_info.html?code=422024021801519 HTTP/1.1" 200 26239
116.224.254.208 - - [18/Feb/2024:16:37:05 +0800] "GET /xingrg/javascript/easyui/themes/default/validatebox.css HTTP/1.1" 404 1104
116.224.254.208 - - [18/Feb/2024:16:37:05 +0800] "POST /xingrg/kc/base/wldb_order_operate.html HTTP/1.1" 200 495
124.78.67.200 - - [18/Feb/2024:16:37:07 +0800] "GET /xingrg/all/function/internal_message.html?_=1708245427620&CODE_STATE=getMsg HTTP/1.1" 200 27
116.224.254.208 - - [18/Feb/2024:16:37:13 +0800] "GET /xingrg/kc/base/wldb_order_add.html HTTP/1.1" 200 30358
116.224.254.208 - - [18/Feb/2024:16:37:14 +0800] "POST /xingrg/kc/base/wldb_order_operate.html HTTP/1.1" 200 6806
116.224.254.208 - - [18/Feb/2024:16:37:14 +0800] "GET /xingrg/javascript/easyui/themes/default/validatebox.css HTTP/1.1" 404 1104
116.224.254.208 - - [18/Feb/2024:16:37:15 +0800] "POST /xingrg/all/common/load_combo.html?type=base HTTP/1.1" 200 3318
180.169.147.146 - - [18/Feb/2024:16:37:16 +0800] "GET /xingrg/all/function/internal_message.html?_=1708245436342&CODE_STATE=getMsg HTTP/1.1" 200 27
116.230.123.222 - - [18/Feb/2024:16:37:17 +0800] "GET /xingrg/all/function/internal_message.html?_=1708245437125&CODE_STATE=getMsg HTTP/1.1" 200 27
218.81.220.25 - - [18/Feb/2024:16:37:20 +0800] "GET /xingrg/all/function/internal_message.html?_=1708245467663&CODE_STATE=getMsg HTTP/1.1" 200 27
180.164.1.25 - - [18/Feb/2024:16:37:22 +0800] "GET /xingrg/all/function/internal_message.html?_=1708245442684&CODE_STATE=getMsg HTTP/1.1" 200 27
180.169.147.146 - - [18/Feb/2024:16:37:23 +0800] "GET /xingrg/javascript/jquery_tools/images/next.gif HTTP/1.1" 404 1086
180.169.147.146 - - [18/Feb/2024:16:37:23 +0800] "GET /xingrg/javascript/jquery_tools/images/prev.gif HTTP/1.1" 404 1086
116.224.254.208 - - [18/Feb/2024:16:37:26 +0800] "GET /xingrg/kc/base/wldb_order_operate.html?command=get_materiel&rest_code=00150&base_code=0010445&code=00101013011 HTTP/1.1" 200 452
180.169.147.146 - - [18/Feb/2024:16:37:30 +0800] "GET /xingrg/javascript/auto/indicator.gif HTTP/1.1" 404 1066
116.224.254.208 - - [18/Feb/2024:16:37:33 +0800] "GET /xingrg/kc/base/wldb_order_operate.html?command=get_materiel&rest_code=00150&base_code=0010445&code=00101019079 HTTP/1.1" 200 479
101.228.146.191 - - [18/Feb/2024:16:37:34 +0800] "GET /xingrg/all/function/internal_message.html?_=1708245452689&CODE_STATE=getMsg HTTP/1.1" 200 27
180.169.147.146 - - [18/Feb/2024:16:37:36 +0800] "POST /xingrg/kc/buy/cgsh_list_operate.html HTTP/1.1" 200 1898
101.83.145.37 - - [18/Feb/2024:16:37:39 +0800] "GET /xingrg/check_reg.html?_=1708245460500 HTTP/1.1" 200 22
101.83.145.37 - - [18/Feb/2024:16:37:39 +0800] "GET /xingrg/all/function/internal_message.html?_=1708245460503&CODE_STATE=getMsg HTTP/1.1" 200 27
116.224.254.208 - - [18/Feb/2024:16:37:41 +0800] "GET /xingrg/kc/base/wldb_order_operate.html?command=get_materiel&rest_code=00150&base_code=0010445&code=00101019438 HTTP/1.1" 200 460
180.163.28.143 - - [18/Feb/2024:16:37:46 +0800] "GET /xingrg/all/function/internal_message.html?_=1708245403091&CODE_STATE=getMsg HTTP/1.1" 302 -
61.170.234.194 - - [18/Feb/2024:16:37:46 +0800] "GET /xingrg/all/function/internal_message.html?_=1708245463095&CODE_STATE=getMsg HTTP/1.1" 200 27
180.163.28.143 - - [18/Feb/2024:16:37:46 +0800] "GET /xingrg/login.html HTTP/1.1" 200 7641
116.224.254.208 - - [18/Feb/2024:16:37:50 +0800] "GET /xingrg/kc/base/wldb_order_operate.html?command=get_materiel&rest_code=00150&base_code=0010445&code=00101019391 HTTP/1.1" 200 485
180.169.147.146 - - [18/Feb/2024:16:37:50 +0800] "GET /xingrg/all/function/internal_message.html?_=1708245470653&CODE_STATE=getMsg HTTP/1.1" 200 27
180.169.147.146 - - [18/Feb/2024:16:37:51 +0800] "POST /xingrg/kc/buy/cgsh_list_operate.html HTTP/1.1" 200 203
116.224.254.208 - - [18/Feb/2024:16:37:52 +0800] "GET /xingrg/all/function/internal_message.html?_=1708245472312&CODE_STATE=getMsg HTTP/1.1" 200 27
221.239.172.101 - - [18/Feb/2024:16:37:53 +0800] "GET /xingrg/all/function/internal_message.html?_=1708245473649&CODE_STATE=getMsg HTTP/1.1" 200 27
180.169.147.146 - - [18/Feb/2024:16:37:55 +0800] "POST /xingrg/kc/buy/cgsh_list_operate.html HTTP/1.1" 200 4
116.224.254.208 - - [18/Feb/2024:16:37:58 +0800] "GET /xingrg/kc/base/wldb_order_operate.html?command=get_materiel&rest_code=00150&base_code=0010445&code=00101019295 HTTP/1.1" 200 475
180.169.147.146 - - [18/Feb/2024:16:38:02 +0800] "POST /xingrg/kc/buy/cgsh_list_operate.html HTTP/1.1" 200 1873
124.78.67.200 - - [18/Feb/2024:16:38:07 +0800] "GET /xingrg/all/function/internal_message.html?_=1708245487593&CODE_STATE=getMsg HTTP/1.1" 200 27
124.78.67.200 - - [18/Feb/2024:16:38:10 +0800] "GET /xingrg/check_reg.html?_=1708245491016 HTTP/1.1" 200 22
116.224.254.208 - - [18/Feb/2024:16:38:12 +0800] "POST /xingrg/kc/base/wldb_order_operate.html HTTP/1.1" 200 37
180.169.147.146 - - [18/Feb/2024:16:38:16 +0800] "GET /xingrg/all/function/internal_message.html?_=1708245496339&CODE_STATE=getMsg HTTP/1.1" 200 27
116.230.123.222 - - [18/Feb/2024:16:38:17 +0800] "GET /xingrg/check_reg.html?_=1708245497124 HTTP/1.1" 200 22
116.230.123.222 - - [18/Feb/2024:16:38:17 +0800] "GET /xingrg/all/function/internal_message.html?_=1708245497125&CODE_STATE=getMsg HTTP/1.1" 200 27
116.224.254.208 - - [18/Feb/2024:16:38:19 +0800] "POST /xingrg/kc/base/wldb_order_operate.html HTTP/1.1" 200 12
116.224.254.208 - - [18/Feb/2024:16:38:19 +0800] "POST /xingrg/kc/base/wldb_order_operate.html HTTP/1.1" 200 4221
218.81.220.25 - - [18/Feb/2024:16:38:20 +0800] "GET /xingrg/all/function/internal_message.html?_=1708245527676&CODE_STATE=getMsg HTTP/1.1" 200 27
116.224.254.208 - - [18/Feb/2024:16:38:20 +0800] "GET /xingrg/kc/base/wldb_order_info.html?code=422024021801520 HTTP/1.1" 200 26241
116.224.254.208 - - [18/Feb/2024:16:38:21 +0800] "GET /xingrg/javascript/easyui/themes/default/validatebox.css HTTP/1.1" 404 1104
116.224.254.208 - - [18/Feb/2024:16:38:21 +0800] "POST /xingrg/kc/base/wldb_order_operate.html HTTP/1.1" 200 2470
180.164.1.25 - - [18/Feb/2024:16:38:22 +0800] "GET /xingrg/all/function/internal_message.html?_=1708245502668&CODE_STATE=getMsg HTTP/1.1" 200 27
218.81.220.25 - - [18/Feb/2024:16:38:33 +0800] "GET /xingrg/check_reg.html?_=1708245540334 HTTP/1.1" 200 22
101.228.146.191 - - [18/Feb/2024:16:38:34 +0800] "GET /xingrg/all/function/internal_message.html?_=1708245512689&CODE_STATE=getMsg HTTP/1.1" 200 27
101.228.146.191 - - [18/Feb/2024:16:38:34 +0800] "GET /xingrg/check_reg.html?_=1708245512692 HTTP/1.1" 200 22
101.83.145.37 - - [18/Feb/2024:16:38:39 +0800] "GET /xingrg/all/function/internal_message.html?_=1708245520499&CODE_STATE=getMsg HTTP/1.1" 200 27
180.163.28.143 - - [18/Feb/2024:16:38:46 +0800] "GET /xingrg/all/function/internal_message.html?_=1708245463095&CODE_STATE=getMsg HTTP/1.1" 302 -
180.163.28.143 - - [18/Feb/2024:16:38:46 +0800] "GET /xingrg/login.html HTTP/1.1" 200 7641
61.170.234.194 - - [18/Feb/2024:16:38:46 +0800] "GET /xingrg/all/function/internal_message.html?_=1708245523096&CODE_STATE=getMsg HTTP/1.1" 200 27
180.169.147.146 - - [18/Feb/2024:16:38:50 +0800] "GET /xingrg/all/function/internal_message.html?_=1708245530651&CODE_STATE=getMsg HTTP/1.1" 200 27
116.224.254.208 - - [18/Feb/2024:16:38:52 +0800] "GET /xingrg/check_reg.html?_=1708245532310 HTTP/1.1" 200 22
116.224.254.208 - - [18/Feb/2024:16:38:52 +0800] "GET /xingrg/all/function/internal_message.html?_=1708245532315&CODE_STATE=getMsg HTTP/1.1" 200 27
221.239.172.101 - - [18/Feb/2024:16:38:53 +0800] "GET /xingrg/check_reg.html?_=1708245533652 HTTP/1.1" 200 22
221.239.172.101 - - [18/Feb/2024:16:38:53 +0800] "GET /xingrg/all/function/internal_message.html?_=1708245533654&CODE_STATE=getMsg HTTP/1.1" 200 27
180.169.147.146 - - [18/Feb/2024:16:39:03 +0800] "POST /xingrg/kc/buy/cgsh_list_operate.html HTTP/1.1" 200 1896
124.78.67.200 - - [18/Feb/2024:16:39:07 +0800] "GET /xingrg/all/function/internal_message.html?_=1708245547575&CODE_STATE=getMsg HTTP/1.1" 200 27
180.169.147.146 - - [18/Feb/2024:16:39:16 +0800] "GET /xingrg/all/function/internal_message.html?_=1708245556331&CODE_STATE=getMsg HTTP/1.1" 200 27
116.230.123.222 - - [18/Feb/2024:16:39:17 +0800] "GET /xingrg/all/function/internal_message.html?_=1708245557123&CODE_STATE=getMsg HTTP/1.1" 200 27
218.81.220.25 - - [18/Feb/2024:16:39:20 +0800] "GET /xingrg/all/function/internal_message.html?_=1708245587690&CODE_STATE=getMsg HTTP/1.1" 200 27
180.164.1.25 - - [18/Feb/2024:16:39:22 +0800] "GET /xingrg/all/function/internal_message.html?_=1708245562664&CODE_STATE=getMsg HTTP/1.1" 200 27
180.169.147.146 - - [18/Feb/2024:16:39:24 +0800] "POST /xingrg/kc/buy/cgsh_list_operate.html HTTP/1.1" 200 198
180.169.147.146 - - [18/Feb/2024:16:39:30 +0800] "POST /xingrg/kc/buy/cgsh_list_operate.html HTTP/1.1" 200 4
101.228.146.191 - - [18/Feb/2024:16:39:34 +0800] "GET /xingrg/all/function/internal_message.html?_=1708245572691&CODE_STATE=getMsg HTTP/1.1" 200 27
101.83.145.37 - - [18/Feb/2024:16:39:39 +0800] "GET /xingrg/all/function/internal_message.html?_=1708245580501&CODE_STATE=getMsg HTTP/1.1" 200 27
61.170.234.194 - - [18/Feb/2024:16:39:46 +0800] "GET /xingrg/all/function/internal_message.html?_=1708245583099&CODE_STATE=getMsg HTTP/1.1" 200 27
180.169.147.146 - - [18/Feb/2024:16:39:46 +0800] "POST /xingrg/kc/buy/cgsh_list_operate.html HTTP/1.1" 200 1871
180.169.147.146 - - [18/Feb/2024:16:39:50 +0800] "GET /xingrg/all/function/internal_message.html?_=1708245590647&CODE_STATE=getMsg HTTP/1.1" 200 27
116.224.254.208 - - [18/Feb/2024:16:39:52 +0800] "GET /xingrg/all/function/internal_message.html?_=1708245592354&CODE_STATE=getMsg HTTP/1.1" 200 27
221.239.172.101 - - [18/Feb/2024:16:39:53 +0800] "GET /xingrg/all/function/internal_message.html?_=1708245593655&CODE_STATE=getMsg HTTP/1.1" 200 27
124.79.246.120 - - [18/Feb/2024:16:39:56 +0800] "GET /xingrg/check_reg.html?_=1708245604224 HTTP/1.1" 200 22
124.78.67.200 - - [18/Feb/2024:16:40:07 +0800] "GET /xingrg/all/function/internal_message.html?_=1708245607559&CODE_STATE=getMsg HTTP/1.1" 200 27
180.169.147.146 - - [18/Feb/2024:16:40:16 +0800] "GET /xingrg/all/function/internal_message.html?_=1708245616368&CODE_STATE=getMsg HTTP/1.1" 200 27
116.230.123.222 - - [18/Feb/2024:16:40:17 +0800] "GET /xingrg/all/function/internal_message.html?_=1708245617124&CODE_STATE=getMsg HTTP/1.1" 200 27
218.81.220.25 - - [18/Feb/2024:16:40:20 +0800] "GET /xingrg/all/function/internal_message.html?_=1708245647704&CODE_STATE=getMsg HTTP/1.1" 200 27
180.164.1.25 - - [18/Feb/2024:16:40:22 +0800] "GET /xingrg/all/function/internal_message.html?_=1708245622642&CODE_STATE=getMsg HTTP/1.1" 200 27
180.164.1.25 - - [18/Feb/2024:16:40:22 +0800] "GET /xingrg/check_reg.html?_=1708245622990 HTTP/1.1" 200 22
101.228.146.191 - - [18/Feb/2024:16:40:34 +0800] "GET /xingrg/all/function/internal_message.html?_=1708245632692&CODE_STATE=getMsg HTTP/1.1" 200 27
101.83.145.37 - - [18/Feb/2024:16:40:39 +0800] "GET /xingrg/all/function/internal_message.html?_=1708245640502&CODE_STATE=getMsg HTTP/1.1" 200 27
61.170.234.194 - - [18/Feb/2024:16:40:46 +0800] "GET /xingrg/all/function/internal_message.html?_=1708245643101&CODE_STATE=getMsg HTTP/1.1" 200 27
180.169.147.146 - - [18/Feb/2024:16:40:50 +0800] "GET /xingrg/all/function/internal_message.html?_=1708245650657&CODE_STATE=getMsg HTTP/1.1" 200 27
180.169.147.146 - - [18/Feb/2024:16:40:50 +0800] "GET /xingrg/check_reg.html?_=1708245650667 HTTP/1.1" 200 22
116.224.254.208 - - [18/Feb/2024:16:40:52 +0800] "GET /xingrg/all/function/internal_message.html?_=1708245652298&CODE_STATE=getMsg HTTP/1.1" 200 27
221.239.172.101 - - [18/Feb/2024:16:40:53 +0800] "GET /xingrg/all/function/internal_message.html?_=1708245653656&CODE_STATE=getMsg HTTP/1.1" 200 27
124.78.67.200 - - [18/Feb/2024:16:41:07 +0800] "GET /xingrg/all/function/internal_message.html?_=1708245667545&CODE_STATE=getMsg HTTP/1.1" 200 27
180.169.147.146 - - [18/Feb/2024:16:41:16 +0800] "GET /xingrg/all/function/internal_message.html?_=1708245676366&CODE_STATE=getMsg HTTP/1.1" 200 27
180.169.147.146 - - [18/Feb/2024:16:41:16 +0800] "GET /xingrg/check_reg.html?_=1708245676367 HTTP/1.1" 200 22
116.230.123.222 - - [18/Feb/2024:16:41:17 +0800] "GET /xingrg/all/function/internal_message.html?_=1708245677119&CODE_STATE=getMsg HTTP/1.1" 200 27
218.81.220.25 - - [18/Feb/2024:16:41:21 +0800] "GET /xingrg/all/function/internal_message.html?_=1708245708110&CODE_STATE=getMsg HTTP/1.1" 200 27
180.164.1.25 - - [18/Feb/2024:16:41:22 +0800] "GET /xingrg/all/function/internal_message.html?_=1708245682619&CODE_STATE=getMsg HTTP/1.1" 200 27
101.228.146.191 - - [18/Feb/2024:16:41:34 +0800] "GET /xingrg/all/function/internal_message.html?_=1708245692692&CODE_STATE=getMsg HTTP/1.1" 200 27
101.83.145.37 - - [18/Feb/2024:16:41:39 +0800] "GET /xingrg/all/function/internal_message.html?_=1708245700505&CODE_STATE=getMsg HTTP/1.1" 200 27
61.170.234.194 - - [18/Feb/2024:16:41:46 +0800] "GET /xingrg/check_reg.html?_=1708245703101 HTTP/1.1" 200 22
61.170.234.194 - - [18/Feb/2024:16:41:46 +0800] "GET /xingrg/all/function/internal_message.html?_=1708245703104&CODE_STATE=getMsg HTTP/1.1" 200 27
180.169.147.146 - - [18/Feb/2024:16:41:50 +0800] "GET /xingrg/all/function/internal_message.html?_=1708245710654&CODE_STATE=getMsg HTTP/1.1" 200 27
116.224.254.208 - - [18/Feb/2024:16:41:52 +0800] "GET /xingrg/all/function/internal_message.html?_=1708245712313&CODE_STATE=getMsg HTTP/1.1" 200 27
221.239.172.101 - - [18/Feb/2024:16:41:53 +0800] "GET /xingrg/all/function/internal_message.html?_=1708245713657&CODE_STATE=getMsg HTTP/1.1" 200 27
124.78.67.200 - - [18/Feb/2024:16:42:07 +0800] "GET /xingrg/all/function/internal_message.html?_=1708245727531&CODE_STATE=getMsg HTTP/1.1" 200 27
180.169.147.146 - - [18/Feb/2024:16:42:16 +0800] "GET /xingrg/all/function/internal_message.html?_=1708245736365&CODE_STATE=getMsg HTTP/1.1" 200 27
116.230.123.222 - - [18/Feb/2024:16:42:17 +0800] "GET /xingrg/all/function/internal_message.html?_=1708245737117&CODE_STATE=getMsg HTTP/1.1" 200 27
218.81.220.25 - - [18/Feb/2024:16:42:21 +0800] "GET /xingrg/all/function/internal_message.html?_=1708245768121&CODE_STATE=getMsg HTTP/1.1" 200 27
180.164.1.25 - - [18/Feb/2024:16:42:22 +0800] "GET /xingrg/all/function/internal_message.html?_=1708245742594&CODE_STATE=getMsg HTTP/1.1" 200 27
101.228.146.191 - - [18/Feb/2024:16:42:34 +0800] "GET /xingrg/all/function/internal_message.html?_=1708245752693&CODE_STATE=getMsg HTTP/1.1" 200 27
101.83.145.37 - - [18/Feb/2024:16:42:39 +0800] "GET /xingrg/check_reg.html?_=1708245760491 HTTP/1.1" 200 22
101.83.145.37 - - [18/Feb/2024:16:42:39 +0800] "GET /xingrg/all/function/internal_message.html?_=1708245760494&CODE_STATE=getMsg HTTP/1.1" 200 27
61.170.234.194 - - [18/Feb/2024:16:42:46 +0800] "GET /xingrg/all/function/internal_message.html?_=1708245763095&CODE_STATE=getMsg HTTP/1.1" 200 27
180.169.147.146 - - [18/Feb/2024:16:42:50 +0800] "GET /xingrg/all/function/internal_message.html?_=1708245770659&CODE_STATE=getMsg HTTP/1.1" 200 27
116.224.254.208 - - [18/Feb/2024:16:42:52 +0800] "GET /xingrg/all/function/internal_message.html?_=1708245772315&CODE_STATE=getMsg HTTP/1.1" 200 27
221.239.172.101 - - [18/Feb/2024:16:42:53 +0800] "GET /xingrg/all/function/internal_message.html?_=1708245773657&CODE_STATE=getMsg HTTP/1.1" 200 27
124.78.67.200 - - [18/Feb/2024:16:43:07 +0800] "GET /xingrg/all/function/internal_message.html?_=1708245787513&CODE_STATE=getMsg HTTP/1.1" 200 27
124.78.67.200 - - [18/Feb/2024:16:43:10 +0800] "GET /xingrg/check_reg.html?_=1708245791015 HTTP/1.1" 200 22
180.169.147.146 - - [18/Feb/2024:16:43:16 +0800] "GET /xingrg/all/function/internal_message.html?_=1708245796363&CODE_STATE=getMsg HTTP/1.1" 200 27
116.230.123.222 - - [18/Feb/2024:16:43:17 +0800] "GET /xingrg/all/function/internal_message.html?_=1708245797142&CODE_STATE=getMsg HTTP/1.1" 200 27
116.230.123.222 - - [18/Feb/2024:16:43:17 +0800] "GET /xingrg/check_reg.html?_=1708245797145 HTTP/1.1" 200 22
218.81.220.25 - - [18/Feb/2024:16:43:21 +0800] "GET /xingrg/all/function/internal_message.html?_=1708245828545&CODE_STATE=getMsg HTTP/1.1" 200 27
180.164.1.25 - - [18/Feb/2024:16:43:22 +0800] "GET /xingrg/all/function/internal_message.html?_=1708245802580&CODE_STATE=getMsg HTTP/1.1" 200 27
218.81.220.25 - - [18/Feb/2024:16:43:33 +0800] "GET /xingrg/check_reg.html?_=1708245840630 HTTP/1.1" 200 22
101.228.146.191 - - [18/Feb/2024:16:43:34 +0800] "GET /xingrg/check_reg.html?_=1708245812694 HTTP/1.1" 200 22
101.228.146.191 - - [18/Feb/2024:16:43:34 +0800] "GET /xingrg/all/function/internal_message.html?_=1708245812697&CODE_STATE=getMsg HTTP/1.1" 200 27
101.83.145.37 - - [18/Feb/2024:16:43:39 +0800] "GET /xingrg/all/function/internal_message.html?_=1708245820496&CODE_STATE=getMsg HTTP/1.1" 200 27
61.170.234.194 - - [18/Feb/2024:16:43:46 +0800] "GET /xingrg/all/function/internal_message.html?_=1708245823097&CODE_STATE=getMsg HTTP/1.1" 200 27
180.169.147.146 - - [18/Feb/2024:16:43:50 +0800] "GET /xingrg/all/function/internal_message.html?_=1708245830657&CODE_STATE=getMsg HTTP/1.1" 200 27
116.224.254.208 - - [18/Feb/2024:16:43:52 +0800] "GET /xingrg/check_reg.html?_=1708245832317 HTTP/1.1" 200 22
116.224.254.208 - - [18/Feb/2024:16:43:52 +0800] "GET /xingrg/all/function/internal_message.html?_=1708245832322&CODE_STATE=getMsg HTTP/1.1" 200 27
221.239.172.101 - - [18/Feb/2024:16:43:53 +0800] "GET /xingrg/check_reg.html?_=1708245833657 HTTP/1.1" 200 22
221.239.172.101 - - [18/Feb/2024:16:43:53 +0800] "GET /xingrg/all/function/internal_message.html?_=1708245833659&CODE_STATE=getMsg HTTP/1.1" 200 27
124.78.67.200 - - [18/Feb/2024:16:44:07 +0800] "GET /xingrg/all/function/internal_message.html?_=1708245847502&CODE_STATE=getMsg HTTP/1.1" 200 27
180.169.147.146 - - [18/Feb/2024:16:44:16 +0800] "GET /xingrg/all/function/internal_message.html?_=1708245856360&CODE_STATE=getMsg HTTP/1.1" 200 27
124.78.67.200 - - [18/Feb/2024:16:44:16 +0800] "POST /xingrg/services/DataTransmitService HTTP/1.1" 200 524
116.230.123.222 - - [18/Feb/2024:16:44:17 +0800] "GET /xingrg/all/function/internal_message.html?_=1708245857144&CODE_STATE=getMsg HTTP/1.1" 200 27
218.81.220.25 - - [18/Feb/2024:16:44:21 +0800] "GET /xingrg/all/function/internal_message.html?_=1708245888554&CODE_STATE=getMsg HTTP/1.1" 200 27
180.164.1.25 - - [18/Feb/2024:16:44:22 +0800] "GET /xingrg/all/function/internal_message.html?_=1708245862559&CODE_STATE=getMsg HTTP/1.1" 200 27
101.228.146.191 - - [18/Feb/2024:16:44:34 +0800] "GET /xingrg/all/function/internal_message.html?_=1708245872696&CODE_STATE=getMsg HTTP/1.1" 200 27
101.83.145.37 - - [18/Feb/2024:16:44:39 +0800] "GET /xingrg/all/function/internal_message.html?_=1708245880496&CODE_STATE=getMsg HTTP/1.1" 200 27
61.170.234.194 - - [18/Feb/2024:16:44:46 +0800] "GET /xingrg/all/function/internal_message.html?_=1708245883099&CODE_STATE=getMsg HTTP/1.1" 200 27
124.78.67.200 - - [18/Feb/2024:16:44:49 +0800] "POST /xingrg/services/DataTransmitService HTTP/1.1" 200 524
180.169.147.146 - - [18/Feb/2024:16:44:50 +0800] "GET /xingrg/all/function/internal_message.html?_=1708245890648&CODE_STATE=getMsg HTTP/1.1" 200 27
124.78.67.200 - - [18/Feb/2024:16:44:51 +0800] "POST /xingrg/services/DataTransmitService HTTP/1.1" 200 501
124.78.67.200 - - [18/Feb/2024:16:44:51 +0800] "POST /xingrg/services/DataTransmitService HTTP/1.1" 200 501
116.224.254.208 - - [18/Feb/2024:16:44:52 +0800] "GET /xingrg/all/function/internal_message.html?_=1708245892299&CODE_STATE=getMsg HTTP/1.1" 200 27
124.78.67.200 - - [18/Feb/2024:16:44:53 +0800] "POST /xingrg/services/DataTransmitService HTTP/1.1" 200 501
221.239.172.101 - - [18/Feb/2024:16:44:53 +0800] "GET /xingrg/all/function/internal_message.html?_=1708245893657&CODE_STATE=getMsg HTTP/1.1" 200 27
124.78.67.200 - - [18/Feb/2024:16:44:55 +0800] "POST /xingrg/services/DataTransmitService HTTP/1.1" 200 501
124.78.67.200 - - [18/Feb/2024:16:44:55 +0800] "POST /xingrg/services/DataTransmitService HTTP/1.1" 200 501
124.79.246.120 - - [18/Feb/2024:16:44:56 +0800] "GET /xingrg/check_reg.html?_=1708245904264 HTTP/1.1" 200 22
124.78.67.200 - - [18/Feb/2024:16:44:59 +0800] "POST /xingrg/services/DataTransmitService HTTP/1.1" 200 501
124.78.67.200 - - [18/Feb/2024:16:44:59 +0800] "POST /xingrg/services/DataTransmitService HTTP/1.1" 200 501
124.78.67.200 - - [18/Feb/2024:16:45:00 +0800] "POST /xingrg/services/DataTransmitService HTTP/1.1" 200 501
124.78.67.200 - - [18/Feb/2024:16:45:00 +0800] "POST /xingrg/services/DataTransmitService HTTP/1.1" 200 412
124.78.67.200 - - [18/Feb/2024:16:45:07 +0800] "GET /xingrg/all/function/internal_message.html?_=1708245907481&CODE_STATE=getMsg HTTP/1.1" 200 27
180.169.147.146 - - [18/Feb/2024:16:45:16 +0800] "GET /xingrg/all/function/internal_message.html?_=1708245916358&CODE_STATE=getMsg HTTP/1.1" 200 27
116.230.123.222 - - [18/Feb/2024:16:45:17 +0800] "GET /xingrg/all/function/internal_message.html?_=1708245917151&CODE_STATE=getMsg HTTP/1.1" 200 27
218.81.220.25 - - [18/Feb/2024:16:45:21 +0800] "GET /xingrg/all/function/internal_message.html?_=1708245948567&CODE_STATE=getMsg HTTP/1.1" 200 27
180.164.1.25 - - [18/Feb/2024:16:45:22 +0800] "GET /xingrg/all/function/internal_message.html?_=1708245922531&CODE_STATE=getMsg HTTP/1.1" 200 27
180.164.1.25 - - [18/Feb/2024:16:45:22 +0800] "GET /xingrg/check_reg.html?_=1708245922993 HTTP/1.1" 200 22
101.228.146.191 - - [18/Feb/2024:16:45:34 +0800] "GET /xingrg/all/function/internal_message.html?_=1708245932697&CODE_STATE=getMsg HTTP/1.1" 200 27
101.83.145.37 - - [18/Feb/2024:16:45:39 +0800] "GET /xingrg/all/function/internal_message.html?_=1708245940497&CODE_STATE=getMsg HTTP/1.1" 200 27
61.170.234.194 - - [18/Feb/2024:16:45:46 +0800] "GET /xingrg/all/function/internal_message.html?_=1708245943101&CODE_STATE=getMsg HTTP/1.1" 200 27
180.169.147.146 - - [18/Feb/2024:16:45:50 +0800] "GET /xingrg/all/function/internal_message.html?_=1708245950653&CODE_STATE=getMsg HTTP/1.1" 200 27
180.169.147.146 - - [18/Feb/2024:16:45:50 +0800] "GET /xingrg/check_reg.html?_=1708245950656 HTTP/1.1" 200 22
116.224.254.208 - - [18/Feb/2024:16:45:52 +0800] "GET /xingrg/all/function/internal_message.html?_=1708245952316&CODE_STATE=getMsg HTTP/1.1" 200 27
221.239.172.101 - - [18/Feb/2024:16:45:53 +0800] "GET /xingrg/all/function/internal_message.html?_=1708245953657&CODE_STATE=getMsg HTTP/1.1" 200 27
124.78.67.200 - - [18/Feb/2024:16:46:07 +0800] "GET /xingrg/all/function/internal_message.html?_=1708245967468&CODE_STATE=getMsg HTTP/1.1" 200 27
180.169.147.146 - - [18/Feb/2024:16:46:16 +0800] "GET /xingrg/check_reg.html?_=1708245976358 HTTP/1.1" 200 22
180.169.147.146 - - [18/Feb/2024:16:46:16 +0800] "GET /xingrg/all/function/internal_message.html?_=1708245976357&CODE_STATE=getMsg HTTP/1.1" 200 27
116.230.123.222 - - [18/Feb/2024:16:46:17 +0800] "GET /xingrg/all/function/internal_message.html?_=1708245977140&CODE_STATE=getMsg HTTP/1.1" 200 27
218.81.220.25 - - [18/Feb/2024:16:46:21 +0800] "GET /xingrg/all/function/internal_message.html?_=1708246008979&CODE_STATE=getMsg HTTP/1.1" 200 27
180.164.1.25 - - [18/Feb/2024:16:46:22 +0800] "GET /xingrg/all/function/internal_message.html?_=1708245982515&CODE_STATE=getMsg HTTP/1.1" 200 27
101.228.146.191 - - [18/Feb/2024:16:46:34 +0800] "GET /xingrg/all/function/internal_message.html?_=1708245992696&CODE_STATE=getMsg HTTP/1.1" 200 27
101.83.145.37 - - [18/Feb/2024:16:46:39 +0800] "GET /xingrg/all/function/internal_message.html?_=1708246000501&CODE_STATE=getMsg HTTP/1.1" 200 27
61.170.234.194 - - [18/Feb/2024:16:46:46 +0800] "GET /xingrg/all/function/internal_message.html?_=1708246003102&CODE_STATE=getMsg HTTP/1.1" 200 27
61.170.234.194 - - [18/Feb/2024:16:46:46 +0800] "GET /xingrg/check_reg.html?_=1708246003106 HTTP/1.1" 200 22
180.169.147.146 - - [18/Feb/2024:16:46:50 +0800] "GET /xingrg/all/function/internal_message.html?_=1708246010646&CODE_STATE=getMsg HTTP/1.1" 200 27
116.224.254.208 - - [18/Feb/2024:16:46:52 +0800] "GET /xingrg/all/function/internal_message.html?_=1708246012306&CODE_STATE=getMsg HTTP/1.1" 200 27
221.239.172.101 - - [18/Feb/2024:16:46:53 +0800] "GET /xingrg/all/function/internal_message.html?_=1708246013660&CODE_STATE=getMsg HTTP/1.1" 200 27
124.78.67.200 - - [18/Feb/2024:16:47:07 +0800] "GET /xingrg/all/function/internal_message.html?_=1708246027455&CODE_STATE=getMsg HTTP/1.1" 200 27
180.169.147.146 - - [18/Feb/2024:16:47:16 +0800] "GET /xingrg/all/function/internal_message.html?_=1708246036372&CODE_STATE=getMsg HTTP/1.1" 200 27
116.230.123.222 - - [18/Feb/2024:16:47:17 +0800] "GET /xingrg/all/function/internal_message.html?_=1708246037141&CODE_STATE=getMsg HTTP/1.1" 200 27
218.81.220.25 - - [18/Feb/2024:16:47:21 +0800] "GET /xingrg/all/function/internal_message.html?_=1708246068985&CODE_STATE=getMsg HTTP/1.1" 200 27
180.164.1.25 - - [18/Feb/2024:16:47:22 +0800] "GET /xingrg/all/function/internal_message.html?_=1708246042497&CODE_STATE=getMsg HTTP/1.1" 200 27
101.228.146.191 - - [18/Feb/2024:16:47:34 +0800] "GET /xingrg/all/function/internal_message.html?_=1708246052699&CODE_STATE=getMsg HTTP/1.1" 200 27
101.83.145.37 - - [18/Feb/2024:16:47:39 +0800] "GET /xingrg/check_reg.html?_=1708246060502 HTTP/1.1" 200 22
101.83.145.37 - - [18/Feb/2024:16:47:39 +0800] "GET /xingrg/all/function/internal_message.html?_=1708246060507&CODE_STATE=getMsg HTTP/1.1" 200 27
61.170.234.194 - - [18/Feb/2024:16:47:46 +0800] "GET /xingrg/all/function/internal_message.html?_=1708246063095&CODE_STATE=getMsg HTTP/1.1" 200 27
180.169.147.146 - - [18/Feb/2024:16:47:50 +0800] "GET /xingrg/all/function/internal_message.html?_=1708246070646&CODE_STATE=getMsg HTTP/1.1" 200 27
116.224.254.208 - - [18/Feb/2024:16:47:52 +0800] "GET /xingrg/all/function/internal_message.html?_=1708246072303&CODE_STATE=getMsg HTTP/1.1" 200 27
221.239.172.101 - - [18/Feb/2024:16:47:53 +0800] "GET /xingrg/all/function/internal_message.html?_=1708246073659&CODE_STATE=getMsg HTTP/1.1" 200 27
124.78.67.200 - - [18/Feb/2024:16:48:07 +0800] "GET /xingrg/all/function/internal_message.html?_=1708246087427&CODE_STATE=getMsg HTTP/1.1" 200 27
124.78.67.200 - - [18/Feb/2024:16:48:10 +0800] "GET /xingrg/check_reg.html?_=1708246091004 HTTP/1.1" 200 22
180.169.147.146 - - [18/Feb/2024:16:48:16 +0800] "GET /xingrg/all/function/internal_message.html?_=1708246096370&CODE_STATE=getMsg HTTP/1.1" 200 27
116.230.123.222 - - [18/Feb/2024:16:48:17 +0800] "GET /xingrg/all/function/internal_message.html?_=1708246097142&CODE_STATE=getMsg HTTP/1.1" 200 27
116.230.123.222 - - [18/Feb/2024:16:48:17 +0800] "GET /xingrg/check_reg.html?_=1708246097144 HTTP/1.1" 200 22
218.81.220.25 - - [18/Feb/2024:16:48:22 +0800] "GET /xingrg/all/function/internal_message.html?_=1708246129344&CODE_STATE=getMsg HTTP/1.1" 200 27
180.164.1.25 - - [18/Feb/2024:16:48:22 +0800] "GET /xingrg/all/function/internal_message.html?_=1708246102485&CODE_STATE=getMsg HTTP/1.1" 200 27
218.81.220.25 - - [18/Feb/2024:16:48:33 +0800] "GET /xingrg/check_reg.html?_=1708246140638 HTTP/1.1" 200 22
101.228.146.191 - - [18/Feb/2024:16:48:34 +0800] "GET /xingrg/check_reg.html?_=1708246112698 HTTP/1.1" 200 22
101.228.146.191 - - [18/Feb/2024:16:48:34 +0800] "GET /xingrg/all/function/internal_message.html?_=1708246112700&CODE_STATE=getMsg HTTP/1.1" 200 27
101.83.145.37 - - [18/Feb/2024:16:48:39 +0800] "GET /xingrg/all/function/internal_message.html?_=1708246120493&CODE_STATE=getMsg HTTP/1.1" 200 27
61.170.234.194 - - [18/Feb/2024:16:48:46 +0800] "GET /xingrg/all/function/internal_message.html?_=1708246123097&CODE_STATE=getMsg HTTP/1.1" 200 27
180.169.147.146 - - [18/Feb/2024:16:48:50 +0800] "GET /xingrg/all/function/internal_message.html?_=1708246130648&CODE_STATE=getMsg HTTP/1.1" 200 27
116.224.254.208 - - [18/Feb/2024:16:48:52 +0800] "GET /xingrg/check_reg.html?_=1708246132314 HTTP/1.1" 200 22
116.224.254.208 - - [18/Feb/2024:16:48:52 +0800] "GET /xingrg/all/function/internal_message.html?_=1708246132311&CODE_STATE=getMsg HTTP/1.1" 200 27
221.239.172.101 - - [18/Feb/2024:16:48:53 +0800] "GET /xingrg/all/function/internal_message.html?_=1708246133662&CODE_STATE=getMsg HTTP/1.1" 200 27
221.239.172.101 - - [18/Feb/2024:16:48:53 +0800] "GET /xingrg/check_reg.html?_=1708246133662 HTTP/1.1" 200 22
124.78.67.200 - - [18/Feb/2024:16:49:07 +0800] "GET /xingrg/all/function/internal_message.html?_=1708246147404&CODE_STATE=getMsg HTTP/1.1" 200 27
180.169.147.146 - - [18/Feb/2024:16:49:16 +0800] "GET /xingrg/all/function/internal_message.html?_=1708246156368&CODE_STATE=getMsg HTTP/1.1" 200 27
116.230.123.222 - - [18/Feb/2024:16:49:17 +0800] "GET /xingrg/all/function/internal_message.html?_=1708246157142&CODE_STATE=getMsg HTTP/1.1" 200 27
218.81.220.25 - - [18/Feb/2024:16:49:22 +0800] "GET /xingrg/all/function/internal_message.html?_=1708246189355&CODE_STATE=getMsg HTTP/1.1" 200 27
180.164.1.25 - - [18/Feb/2024:16:49:22 +0800] "GET /xingrg/all/function/internal_message.html?_=1708246162461&CODE_STATE=getMsg HTTP/1.1" 200 27
101.228.146.191 - - [18/Feb/2024:16:49:34 +0800] "GET /xingrg/all/function/internal_message.html?_=1708246172706&CODE_STATE=getMsg HTTP/1.1" 200 27
101.83.145.37 - - [18/Feb/2024:16:49:39 +0800] "GET /xingrg/all/function/internal_message.html?_=1708246180493&CODE_STATE=getMsg HTTP/1.1" 200 27
61.170.234.194 - - [18/Feb/2024:16:49:46 +0800] "GET /xingrg/all/function/internal_message.html?_=1708246183097&CODE_STATE=getMsg HTTP/1.1" 200 27
180.169.147.146 - - [18/Feb/2024:16:49:50 +0800] "GET /xingrg/all/function/internal_message.html?_=1708246190645&CODE_STATE=getMsg HTTP/1.1" 200 27
116.224.254.208 - - [18/Feb/2024:16:49:52 +0800] "GET /xingrg/all/function/internal_message.html?_=1708246192314&CODE_STATE=getMsg HTTP/1.1" 200 27
221.239.172.101 - - [18/Feb/2024:16:49:53 +0800] "GET /xingrg/all/function/internal_message.html?_=1708246193662&CODE_STATE=getMsg HTTP/1.1" 200 27
124.79.246.120 - - [18/Feb/2024:16:49:56 +0800] "GET /xingrg/check_reg.html?_=1708246204263 HTTP/1.1" 200 22
124.78.67.200 - - [18/Feb/2024:16:50:07 +0800] "GET /xingrg/all/function/internal_message.html?_=1708246207388&CODE_STATE=getMsg HTTP/1.1" 200 27
180.169.147.146 - - [18/Feb/2024:16:50:16 +0800] "GET /xingrg/all/function/internal_message.html?_=1708246216366&CODE_STATE=getMsg HTTP/1.1" 200 27
116.230.123.222 - - [18/Feb/2024:16:50:17 +0800] "GET /xingrg/all/function/internal_message.html?_=1708246217149&CODE_STATE=getMsg HTTP/1.1" 200 27
218.81.220.25 - - [18/Feb/2024:16:50:22 +0800] "GET /xingrg/all/function/internal_message.html?_=1708246249369&CODE_STATE=getMsg HTTP/1.1" 200 27
180.164.1.25 - - [18/Feb/2024:16:50:22 +0800] "GET /xingrg/all/function/internal_message.html?_=1708246222439&CODE_STATE=getMsg HTTP/1.1" 200 27
180.164.1.25 - - [18/Feb/2024:16:50:22 +0800] "GET /xingrg/check_reg.html?_=1708246222991 HTTP/1.1" 200 22
116.224.254.208 - - [18/Feb/2024:16:50:26 +0800] "GET /xingrg/kc/base/yddb_order_list.html HTTP/1.1" 200 16624
116.224.254.208 - - [18/Feb/2024:16:50:27 +0800] "POST /xingrg/kc/base/yddb_list_operate.html HTTP/1.1" 200 636
116.224.254.208 - - [18/Feb/2024:16:50:31 +0800] "POST /xingrg/kc/base/yddb_list_operate.html HTTP/1.1" 200 1347
101.228.146.191 - - [18/Feb/2024:16:50:34 +0800] "GET /xingrg/all/function/internal_message.html?_=1708246232690&CODE_STATE=getMsg HTTP/1.1" 200 27
101.83.145.37 - - [18/Feb/2024:16:50:39 +0800] "GET /xingrg/all/function/internal_message.html?_=1708246240495&CODE_STATE=getMsg HTTP/1.1" 200 27
116.224.254.208 - - [18/Feb/2024:16:50:39 +0800] "POST /xingrg/kc/base/yddb_list_operate.html HTTP/1.1" 200 4431
116.224.254.208 - - [18/Feb/2024:16:50:46 +0800] "POST /xingrg/kc/base/yddb_list_operate.html HTTP/1.1" 200 7141
61.170.234.194 - - [18/Feb/2024:16:50:46 +0800] "GET /xingrg/all/function/internal_message.html?_=1708246243105&CODE_STATE=getMsg HTTP/1.1" 200 27
116.224.254.208 - - [18/Feb/2024:16:50:49 +0800] "POST /xingrg/kc/base/yddb_list_operate.html HTTP/1.1" 200 208
180.169.147.146 - - [18/Feb/2024:16:50:50 +0800] "GET /xingrg/all/function/internal_message.html?_=1708246250656&CODE_STATE=getMsg HTTP/1.1" 200 27
180.169.147.146 - - [18/Feb/2024:16:50:50 +0800] "GET /xingrg/check_reg.html?_=1708246250658 HTTP/1.1" 200 22
116.224.254.208 - - [18/Feb/2024:16:50:51 +0800] "GET /xingrg/kc/base/yddb_order_info.html?code=482024021700090 HTTP/1.1" 200 31974
124.78.67.200 - - [18/Feb/2024:16:50:51 +0800] "GET /xingrg/css/new_ie.css HTTP/1.1" 404 1036
116.224.254.208 - - [18/Feb/2024:16:50:51 +0800] "GET /xingrg/dwr/interface/AjaxComOrderService.js HTTP/1.1" 200 18264
116.224.254.208 - - [18/Feb/2024:16:50:52 +0800] "GET /xingrg/dwr/interface/AjaxYddbService.js HTTP/1.1" 200 13201
116.224.254.208 - - [18/Feb/2024:16:50:52 +0800] "GET /xingrg/dwr/engine.js HTTP/1.1" 200 43631
116.224.254.208 - - [18/Feb/2024:16:50:52 +0800] "GET /xingrg/dwr/util.js HTTP/1.1" 200 35990
116.224.254.208 - - [18/Feb/2024:16:50:52 +0800] "GET /xingrg/all/function/internal_message.html?_=1708246252296&CODE_STATE=getMsg HTTP/1.1" 200 27
116.224.254.208 - - [18/Feb/2024:16:50:52 +0800] "POST /xingrg/dwr/call/plaincall/AjaxYddbService.loadMaterielItems.dwr HTTP/1.1" 200 403
221.239.172.101 - - [18/Feb/2024:16:50:53 +0800] "GET /xingrg/all/function/internal_message.html?_=1708246253667&CODE_STATE=getMsg HTTP/1.1" 200 27
116.224.254.208 - - [18/Feb/2024:16:50:55 +0800] "GET /xingrg/kc/base/yddb_order_report.html?fileType=servlets/html&code=482024021700090&reportName=ck_order_report&subName=yddb HTTP/1.1" 302 -
116.224.254.208 - - [18/Feb/2024:16:50:55 +0800] "GET /xingrg/servlets/html?sysBaseUrl=http%3A%2F%2F180.169.147.146%3A18081%2Fxingrg%2F&costTime=415×tamp=1708246255482 HTTP/1.1" 200 14706
116.224.254.208 - - [18/Feb/2024:16:50:55 +0800] "GET /xingrg/servlets/image?image=px HTTP/1.1" 200 807
116.224.254.208 - - [18/Feb/2024:16:50:55 +0800] "GET /favicon.ico HTTP/1.1" 404 -
124.78.67.200 - - [18/Feb/2024:16:50:56 +0800] "POST /xingrg/kc/buy/cgsh_list_operate.html HTTP/1.1" 200 4648
124.78.67.200 - - [18/Feb/2024:16:51:07 +0800] "GET /xingrg/all/function/internal_message.html?_=1708246267374&CODE_STATE=getMsg HTTP/1.1" 200 27
180.169.147.146 - - [18/Feb/2024:16:51:16 +0800] "GET /xingrg/check_reg.html?_=1708246276367 HTTP/1.1" 200 22
180.169.147.146 - - [18/Feb/2024:16:51:16 +0800] "GET /xingrg/all/function/internal_message.html?_=1708246276369&CODE_STATE=getMsg HTTP/1.1" 200 27
116.230.123.222 - - [18/Feb/2024:16:51:17 +0800] "GET /xingrg/all/function/internal_message.html?_=1708246277147&CODE_STATE=getMsg HTTP/1.1" 200 27
180.164.1.25 - - [18/Feb/2024:16:51:22 +0800] "GET /xingrg/all/function/internal_message.html?_=1708246282418&CODE_STATE=getMsg HTTP/1.1" 200 27
218.81.220.25 - - [18/Feb/2024:16:51:22 +0800] "GET /xingrg/all/function/internal_message.html?_=1708246309801&CODE_STATE=getMsg HTTP/1.1" 200 27
124.78.67.200 - - [18/Feb/2024:16:51:28 +0800] "POST /xingrg/kc/buy/cgsh_list_operate.html HTTP/1.1" 200 5962
222.64.62.208 - - [18/Feb/2024:16:51:29 +0800] "POST /xingrg/services/DataTransmitService HTTP/1.1" 200 524
222.64.62.208 - - [18/Feb/2024:16:51:31 +0800] "POST /xingrg/services/DataTransmitService HTTP/1.1" 200 501
222.64.62.208 - - [18/Feb/2024:16:51:31 +0800] "POST /xingrg/services/DataTransmitService HTTP/1.1" 200 501
222.64.62.208 - - [18/Feb/2024:16:51:32 +0800] "POST /xingrg/services/DataTransmitService HTTP/1.1" 200 501
222.64.62.208 - - [18/Feb/2024:16:51:33 +0800] "POST /xingrg/services/DataTransmitService HTTP/1.1" 200 501
222.64.62.208 - - [18/Feb/2024:16:51:33 +0800] "POST /xingrg/services/DataTransmitService HTTP/1.1" 200 501
101.228.146.191 - - [18/Feb/2024:16:51:34 +0800] "GET /xingrg/all/function/internal_message.html?_=1708246292704&CODE_STATE=getMsg HTTP/1.1" 200 27
222.64.62.208 - - [18/Feb/2024:16:51:34 +0800] "POST /xingrg/services/DataTransmitService HTTP/1.1" 200 501
222.64.62.208 - - [18/Feb/2024:16:51:35 +0800] "POST /xingrg/services/DataTransmitService HTTP/1.1" 200 412
101.83.145.37 - - [18/Feb/2024:16:51:39 +0800] "GET /xingrg/all/function/internal_message.html?_=1708246300496&CODE_STATE=getMsg HTTP/1.1" 200 27
61.170.234.194 - - [18/Feb/2024:16:51:46 +0800] "GET /xingrg/check_reg.html?_=1708246303109 HTTP/1.1" 200 22
61.170.234.194 - - [18/Feb/2024:16:51:46 +0800] "GET /xingrg/all/function/internal_message.html?_=1708246303105&CODE_STATE=getMsg HTTP/1.1" 200 27
180.169.147.146 - - [18/Feb/2024:16:51:50 +0800] "GET /xingrg/all/function/internal_message.html?_=1708246310655&CODE_STATE=getMsg HTTP/1.1" 200 27
