116.230.123.222 - - [16/Feb/2024:13:18:10 +0800] "POST /xingrg/kc/base/wldb_order_operate.html HTTP/1.1" 200 12
116.230.123.222 - - [16/Feb/2024:13:18:10 +0800] "POST /xingrg/kc/base/wldb_order_operate.html HTTP/1.1" 200 5164
180.164.1.25 - - [16/Feb/2024:13:18:12 +0800] "GET /xingrg/kc/mdqp/qqps_order_info.html?code=302024021600169 HTTP/1.1" 200 28403
180.164.1.25 - - [16/Feb/2024:13:18:12 +0800] "GET /xingrg/dwr/interface/AjaxComOrderService.js HTTP/1.1" 200 18264
180.164.1.25 - - [16/Feb/2024:13:18:12 +0800] "GET /xingrg/dwr/interface/AjaxQqpsService.js HTTP/1.1" 200 16326
180.164.1.25 - - [16/Feb/2024:13:18:12 +0800] "GET /xingrg/dwr/engine.js HTTP/1.1" 200 43631
101.83.145.37 - - [16/Feb/2024:13:18:12 +0800] "GET /xingrg/all/function/internal_message.html?_=1708060456908&CODE_STATE=getMsg HTTP/1.1" 200 27
180.164.1.25 - - [16/Feb/2024:13:18:13 +0800] "POST /xingrg/dwr/call/plaincall/AjaxQqpsService.loadMaterielItems.dwr HTTP/1.1" 200 2362
124.78.158.60 - - [16/Feb/2024:13:18:17 +0800] "GET /xingrg/all/function/internal_message.html?_=1708060695311&CODE_STATE=getMsg HTTP/1.1" 200 27
180.164.1.25 - - [16/Feb/2024:13:18:20 +0800] "GET /xingrg/javascript/auto/indicator.gif HTTP/1.1" 404 1066
218.81.220.26 - - [16/Feb/2024:13:18:22 +0800] "GET /xingrg/all/function/internal_message.html?_=1708060720640&CODE_STATE=getMsg HTTP/1.1" 200 27
124.78.67.200 - - [16/Feb/2024:13:18:23 +0800] "GET /xingrg/check_reg.html?_=1708060703312 HTTP/1.1" 200 22
180.164.1.25 - - [16/Feb/2024:13:18:24 +0800] "POST /xingrg/dwr/call/plaincall/AjaxQqpsService.getMaterielByCode.dwr HTTP/1.1" 200 3026
116.230.123.222 - - [16/Feb/2024:13:18:25 +0800] "GET /xingrg/kc/base/wldb_order_info.html?code=422024021601333 HTTP/1.1" 200 26222
116.230.123.222 - - [16/Feb/2024:13:18:25 +0800] "GET /xingrg/javascript/easyui/themes/default/validatebox.css HTTP/1.1" 404 1104
116.230.123.222 - - [16/Feb/2024:13:18:25 +0800] "POST /xingrg/kc/base/wldb_order_operate.html HTTP/1.1" 200 3390
180.164.1.25 - - [16/Feb/2024:13:18:27 +0800] "POST /xingrg/dwr/call/plaincall/AjaxQqpsService.saveMaterielItem.dwr HTTP/1.1" 200 78
116.230.123.222 - - [16/Feb/2024:13:18:27 +0800] "GET /xingrg/kc/base/wldb_order_add.html HTTP/1.1" 200 30344
116.230.123.222 - - [16/Feb/2024:13:18:28 +0800] "GET /xingrg/javascript/easyui/themes/default/validatebox.css HTTP/1.1" 404 1104
116.230.123.222 - - [16/Feb/2024:13:18:28 +0800] "POST /xingrg/kc/base/wldb_order_operate.html HTTP/1.1" 200 6806
180.164.1.25 - - [16/Feb/2024:13:18:30 +0800] "POST /xingrg/dwr/call/plaincall/AjaxQqpsService.checkOrder.dwr HTTP/1.1" 200 78
180.164.1.25 - - [16/Feb/2024:13:18:32 +0800] "GET /xingrg/kc/mdqp/qqps_order_info.html?code=302024021600169 HTTP/1.1" 200 26644
180.164.1.25 - - [16/Feb/2024:13:18:32 +0800] "GET /xingrg/dwr/interface/AjaxComOrderService.js HTTP/1.1" 200 18264
180.164.1.25 - - [16/Feb/2024:13:18:32 +0800] "GET /xingrg/dwr/interface/AjaxQqpsService.js HTTP/1.1" 200 16326
180.164.1.25 - - [16/Feb/2024:13:18:32 +0800] "GET /xingrg/dwr/engine.js HTTP/1.1" 200 43631
180.164.1.25 - - [16/Feb/2024:13:18:32 +0800] "POST /xingrg/dwr/call/plaincall/AjaxQqpsService.loadMaterielItems.dwr HTTP/1.1" 200 2672
120.253.135.82 - - [16/Feb/2024:13:18:33 +0800] "GET /xingrg/all/function/internal_message.html?_=1708060879721&CODE_STATE=getMsg HTTP/1.1" 200 27
180.164.1.25 - - [16/Feb/2024:13:18:34 +0800] "GET /xingrg/kc/mdqp/qqps_order_list.html?isBack=1 HTTP/1.1" 200 10088
180.164.1.25 - - [16/Feb/2024:13:18:34 +0800] "GET /xingrg/dwr/interface/AjaxQqpsService.js HTTP/1.1" 200 16326
180.164.1.25 - - [16/Feb/2024:13:18:34 +0800] "GET /xingrg/dwr/interface/AjaxReportQueryService.js HTTP/1.1" 200 13203
180.164.1.25 - - [16/Feb/2024:13:18:34 +0800] "GET /xingrg/dwr/engine.js HTTP/1.1" 200 43631
116.230.123.222 - - [16/Feb/2024:13:18:36 +0800] "GET /xingrg/kc/base/wldb_order_operate.html?command=get_materiel&rest_code=00111&base_code=0010306&code=00102002448 HTTP/1.1" 200 439
124.78.67.200 - - [16/Feb/2024:13:18:43 +0800] "GET /xingrg/all/function/internal_message.html?_=1708060723225&CODE_STATE=getMsg HTTP/1.1" 200 27
180.164.1.25 - - [16/Feb/2024:13:18:45 +0800] "GET /xingrg/check_reg.html?_=1708060724714 HTTP/1.1" 200 22
180.164.1.25 - - [16/Feb/2024:13:18:45 +0800] "GET /xingrg/all/function/internal_message.html?_=1708060724717&CODE_STATE=getMsg HTTP/1.1" 200 27
114.83.219.181 - - [16/Feb/2024:13:18:45 +0800] "GET /xingrg/all/function/internal_message.html?_=1708060725015&CODE_STATE=getMsg HTTP/1.1" 200 27
114.83.219.181 - - [16/Feb/2024:13:18:49 +0800] "GET /xingrg/check_reg.html?_=1708060729294 HTTP/1.1" 200 22
218.81.65.124 - - [16/Feb/2024:13:18:53 +0800] "GET /xingrg/all/function/internal_message.html?_=1708060740607&CODE_STATE=getMsg HTTP/1.1" 200 27
116.230.123.222 - - [16/Feb/2024:13:18:54 +0800] "POST /xingrg/kc/base/wldb_order_operate.html HTTP/1.1" 200 37
218.81.220.26 - - [16/Feb/2024:13:18:54 +0800] "GET /xingrg/kc/buy/cgsh_order_operate.html?command=get_materiel&rest_code=00146&code=00101001040&supplier_code=00100090&order_time=2024-02-16 HTTP/1.1" 200 417
116.230.123.222 - - [16/Feb/2024:13:18:59 +0800] "POST /xingrg/kc/base/wldb_order_operate.html HTTP/1.1" 200 12
116.230.123.222 - - [16/Feb/2024:13:19:00 +0800] "POST /xingrg/kc/base/wldb_order_operate.html HTTP/1.1" 200 2189
116.224.254.208 - - [16/Feb/2024:13:19:01 +0800] "GET /xingrg/all/function/internal_message.html?_=1708060740950&CODE_STATE=getMsg HTTP/1.1" 200 27
116.230.123.222 - - [16/Feb/2024:13:19:01 +0800] "GET /xingrg/kc/base/wldb_order_info.html?code=422024021601334 HTTP/1.1" 200 26222
116.230.123.222 - - [16/Feb/2024:13:19:01 +0800] "GET /xingrg/javascript/easyui/themes/default/validatebox.css HTTP/1.1" 404 1104
116.230.123.222 - - [16/Feb/2024:13:19:02 +0800] "POST /xingrg/kc/base/wldb_order_operate.html HTTP/1.1" 200 484
116.230.123.222 - - [16/Feb/2024:13:19:03 +0800] "GET /xingrg/kc/base/wldb_order_add.html HTTP/1.1" 200 30344
116.230.123.222 - - [16/Feb/2024:13:19:04 +0800] "POST /xingrg/kc/base/wldb_order_operate.html HTTP/1.1" 200 6806
116.230.123.222 - - [16/Feb/2024:13:19:04 +0800] "GET /xingrg/javascript/easyui/themes/default/validatebox.css HTTP/1.1" 404 1104
120.253.135.82 - - [16/Feb/2024:13:19:06 +0800] "GET /xingrg/check_reg.html?_=1708060578519 HTTP/1.1" 200 22
116.232.194.112 - - [16/Feb/2024:13:19:09 +0800] "GET /xingrg/all/function/internal_message.html?_=1708060737873&CODE_STATE=getMsg HTTP/1.1" 200 27
218.81.220.26 - - [16/Feb/2024:13:19:09 +0800] "GET /xingrg/all/function/internal_message.html?_=1708060765348&CODE_STATE=getMsg HTTP/1.1" 302 -
101.83.145.37 - - [16/Feb/2024:13:19:12 +0800] "GET /xingrg/all/function/internal_message.html?_=1708060516908&CODE_STATE=getMsg HTTP/1.1" 200 27
124.78.158.60 - - [16/Feb/2024:13:19:17 +0800] "GET /xingrg/all/function/internal_message.html?_=1708060755285&CODE_STATE=getMsg HTTP/1.1" 200 27
218.81.220.26 - - [16/Feb/2024:13:19:22 +0800] "GET /xingrg/all/function/internal_message.html?_=1708060780654&CODE_STATE=getMsg HTTP/1.1" 200 27
116.230.123.222 - - [16/Feb/2024:13:19:23 +0800] "GET /xingrg/kc/base/wldb_order_operate.html?command=get_materiel&rest_code=00111&base_code=0010283&code=00101019390 HTTP/1.1" 200 470
116.230.123.222 - - [16/Feb/2024:13:19:31 +0800] "GET /xingrg/kc/base/wldb_order_operate.html?command=get_materiel&rest_code=00111&base_code=0010283&code=00101019187 HTTP/1.1" 200 479
120.253.135.82 - - [16/Feb/2024:13:19:33 +0800] "GET /xingrg/all/function/internal_message.html?_=1708060939724&CODE_STATE=getMsg HTTP/1.1" 200 27
120.253.135.82 - - [16/Feb/2024:13:19:33 +0800] "GET /xingrg/check_reg.html?_=1708060939727 HTTP/1.1" 200 22
116.230.123.222 - - [16/Feb/2024:13:19:39 +0800] "GET /xingrg/kc/base/wldb_order_operate.html?command=get_materiel&rest_code=00111&base_code=0010283&code=00101019536 HTTP/1.1" 200 471
124.78.67.200 - - [16/Feb/2024:13:19:43 +0800] "GET /xingrg/all/function/internal_message.html?_=1708060783209&CODE_STATE=getMsg HTTP/1.1" 200 27
180.164.1.25 - - [16/Feb/2024:13:19:45 +0800] "GET /xingrg/all/function/internal_message.html?_=1708060784712&CODE_STATE=getMsg HTTP/1.1" 200 27
114.83.219.181 - - [16/Feb/2024:13:19:45 +0800] "GET /xingrg/all/function/internal_message.html?_=1708060784989&CODE_STATE=getMsg HTTP/1.1" 200 27
116.230.123.222 - - [16/Feb/2024:13:19:47 +0800] "GET /xingrg/kc/base/wldb_order_operate.html?command=get_materiel&rest_code=00111&base_code=0010283&code=00101019535 HTTP/1.1" 200 476
218.81.220.26 - - [16/Feb/2024:13:19:47 +0800] "GET /xingrg/kc/buy/cgsh_order_operate.html?command=get_materiel&rest_code=00146&code=00101001125&supplier_code=00100090&order_time=2024-02-16 HTTP/1.1" 200 416
218.81.65.124 - - [16/Feb/2024:13:19:53 +0800] "GET /xingrg/check_reg.html?_=1708060800611 HTTP/1.1" 200 22
218.81.65.124 - - [16/Feb/2024:13:19:53 +0800] "GET /xingrg/all/function/internal_message.html?_=1708060800606&CODE_STATE=getMsg HTTP/1.1" 200 27
116.230.123.222 - - [16/Feb/2024:13:19:58 +0800] "POST /xingrg/kc/base/wldb_order_operate.html HTTP/1.1" 200 37
116.224.254.208 - - [16/Feb/2024:13:20:01 +0800] "GET /xingrg/all/function/internal_message.html?_=1708060800937&CODE_STATE=getMsg HTTP/1.1" 200 27
116.230.123.222 - - [16/Feb/2024:13:20:05 +0800] "POST /xingrg/kc/base/wldb_order_operate.html HTTP/1.1" 200 12
116.230.123.222 - - [16/Feb/2024:13:20:05 +0800] "POST /xingrg/kc/base/wldb_order_operate.html HTTP/1.1" 200 5240
116.230.123.222 - - [16/Feb/2024:13:20:06 +0800] "GET /xingrg/kc/base/wldb_order_info.html?code=422024021601335 HTTP/1.1" 200 26223
116.230.123.222 - - [16/Feb/2024:13:20:06 +0800] "GET /xingrg/javascript/easyui/themes/default/validatebox.css HTTP/1.1" 404 1104
116.230.123.222 - - [16/Feb/2024:13:20:07 +0800] "POST /xingrg/kc/base/wldb_order_operate.html HTTP/1.1" 200 3467
116.230.123.222 - - [16/Feb/2024:13:20:08 +0800] "GET /xingrg/kc/base/wldb_order_add.html HTTP/1.1" 200 30344
116.230.123.222 - - [16/Feb/2024:13:20:09 +0800] "GET /xingrg/javascript/easyui/themes/default/validatebox.css HTTP/1.1" 404 1104
116.230.123.222 - - [16/Feb/2024:13:20:09 +0800] "POST /xingrg/kc/base/wldb_order_operate.html HTTP/1.1" 200 6806
116.232.194.112 - - [16/Feb/2024:13:20:09 +0800] "GET /xingrg/all/function/internal_message.html?_=1708060797888&CODE_STATE=getMsg HTTP/1.1" 200 27
218.81.220.26 - - [16/Feb/2024:13:20:09 +0800] "GET /xingrg/all/function/internal_message.html?_=1708060825369&CODE_STATE=getMsg HTTP/1.1" 302 -
101.83.145.37 - - [16/Feb/2024:13:20:12 +0800] "GET /xingrg/check_reg.html?_=1708060576908 HTTP/1.1" 200 22
101.83.145.37 - - [16/Feb/2024:13:20:12 +0800] "GET /xingrg/all/function/internal_message.html?_=1708060576911&CODE_STATE=getMsg HTTP/1.1" 200 27
124.78.158.60 - - [16/Feb/2024:13:20:17 +0800] "GET /xingrg/all/function/internal_message.html?_=1708060815255&CODE_STATE=getMsg HTTP/1.1" 200 27
124.78.158.60 - - [16/Feb/2024:13:20:18 +0800] "GET /xingrg/check_reg.html?_=1708060816677 HTTP/1.1" 200 22
218.81.220.26 - - [16/Feb/2024:13:20:19 +0800] "GET /xingrg/kc/buy/cgsh_order_operate.html?command=get_materiel&rest_code=00146&code=00101001169&supplier_code=00100090&order_time=2024-02-16 HTTP/1.1" 200 417
218.81.220.26 - - [16/Feb/2024:13:20:22 +0800] "GET /xingrg/all/function/internal_message.html?_=1708060840666&CODE_STATE=getMsg HTTP/1.1" 200 27
116.230.123.222 - - [16/Feb/2024:13:20:22 +0800] "GET /xingrg/kc/base/wldb_order_operate.html?command=get_materiel&rest_code=00111&base_code=0010306&code=00102004030 HTTP/1.1" 200 442
116.224.254.208 - - [16/Feb/2024:13:20:23 +0800] "GET /xingrg/check_reg.html?_=1708060823361 HTTP/1.1" 200 22
116.230.123.222 - - [16/Feb/2024:13:20:28 +0800] "GET /xingrg/kc/base/wldb_order_operate.html?command=get_materiel&rest_code=00111&base_code=0010306&code=00102004006 HTTP/1.1" 200 442
116.230.123.222 - - [16/Feb/2024:13:20:32 +0800] "GET /xingrg/kc/base/wldb_order_operate.html?command=get_materiel&rest_code=00111&base_code=0010306&code=00102002204 HTTP/1.1" 200 447
120.253.135.82 - - [16/Feb/2024:13:20:33 +0800] "GET /xingrg/all/function/internal_message.html?_=1708060999734&CODE_STATE=getMsg HTTP/1.1" 200 27
116.230.123.222 - - [16/Feb/2024:13:20:38 +0800] "POST /xingrg/kc/base/wldb_order_operate.html HTTP/1.1" 200 37
218.81.220.26 - - [16/Feb/2024:13:20:39 +0800] "GET /xingrg/kc/buy/cgsh_order_operate.html?command=get_materiel&rest_code=00146&code=00101001037&supplier_code=00100090&order_time=2024-02-16 HTTP/1.1" 200 418
124.78.67.200 - - [16/Feb/2024:13:20:43 +0800] "GET /xingrg/all/function/internal_message.html?_=1708060843196&CODE_STATE=getMsg HTTP/1.1" 200 27
116.230.123.222 - - [16/Feb/2024:13:20:44 +0800] "POST /xingrg/kc/base/wldb_order_operate.html HTTP/1.1" 200 12
116.230.123.222 - - [16/Feb/2024:13:20:44 +0800] "POST /xingrg/kc/base/wldb_order_operate.html HTTP/1.1" 200 3156
114.83.219.181 - - [16/Feb/2024:13:20:45 +0800] "GET /xingrg/all/function/internal_message.html?_=1708060844973&CODE_STATE=getMsg HTTP/1.1" 200 27
180.164.1.25 - - [16/Feb/2024:13:20:45 +0800] "GET /xingrg/all/function/internal_message.html?_=1708060844729&CODE_STATE=getMsg HTTP/1.1" 200 27
116.230.123.222 - - [16/Feb/2024:13:20:45 +0800] "GET /xingrg/kc/base/wldb_order_info.html?code=422024021601336 HTTP/1.1" 200 26222
116.230.123.222 - - [16/Feb/2024:13:20:46 +0800] "GET /xingrg/javascript/easyui/themes/default/validatebox.css HTTP/1.1" 404 1104
116.230.123.222 - - [16/Feb/2024:13:20:46 +0800] "POST /xingrg/kc/base/wldb_order_operate.html HTTP/1.1" 200 1428
116.230.123.222 - - [16/Feb/2024:13:20:48 +0800] "GET /xingrg/kc/base/wldb_order_add.html HTTP/1.1" 200 30344
116.230.123.222 - - [16/Feb/2024:13:20:49 +0800] "POST /xingrg/kc/base/wldb_order_operate.html HTTP/1.1" 200 6806
116.230.123.222 - - [16/Feb/2024:13:20:49 +0800] "GET /xingrg/javascript/easyui/themes/default/validatebox.css HTTP/1.1" 404 1104
218.81.65.124 - - [16/Feb/2024:13:20:53 +0800] "GET /xingrg/all/function/internal_message.html?_=1708060860608&CODE_STATE=getMsg HTTP/1.1" 200 27
218.81.220.26 - - [16/Feb/2024:13:20:58 +0800] "POST /xingrg/kc/buy/cgsh_order_operate.html HTTP/1.1" 200 37
116.224.254.208 - - [16/Feb/2024:13:21:01 +0800] "GET /xingrg/all/function/internal_message.html?_=1708060860916&CODE_STATE=getMsg HTTP/1.1" 200 27
116.230.123.222 - - [16/Feb/2024:13:21:05 +0800] "GET /xingrg/kc/base/wldb_order_operate.html?command=get_materiel&rest_code=00111&base_code=0010283&code=00101019425 HTTP/1.1" 200 457
218.81.220.26 - - [16/Feb/2024:13:21:05 +0800] "POST /xingrg/kc/buy/cgsh_order_operate.html HTTP/1.1" 200 4456
116.232.194.112 - - [16/Feb/2024:13:21:09 +0800] "GET /xingrg/all/function/internal_message.html?_=1708060857892&CODE_STATE=getMsg HTTP/1.1" 200 27
116.232.194.112 - - [16/Feb/2024:13:21:09 +0800] "GET /xingrg/check_reg.html?_=1708060857895 HTTP/1.1" 200 22
218.81.220.26 - - [16/Feb/2024:13:21:09 +0800] "GET /xingrg/all/function/internal_message.html?_=1708060885375&CODE_STATE=getMsg HTTP/1.1" 302 -
218.81.220.26 - - [16/Feb/2024:13:21:09 +0800] "GET /xingrg/kc/buy/cgsh_order_add.html HTTP/1.1" 200 73467
218.81.220.26 - - [16/Feb/2024:13:21:10 +0800] "POST /xingrg/kc/buy/cgsh_order_operate.html HTTP/1.1" 200 8245
218.81.220.26 - - [16/Feb/2024:13:21:10 +0800] "GET /xingrg/javascript/easyui/themes/default/validatebox.css HTTP/1.1" 404 1104
116.230.123.222 - - [16/Feb/2024:13:21:11 +0800] "POST /xingrg/kc/base/wldb_order_operate.html HTTP/1.1" 200 37
101.83.145.37 - - [16/Feb/2024:13:21:12 +0800] "GET /xingrg/all/function/internal_message.html?_=1708060636896&CODE_STATE=getMsg HTTP/1.1" 200 27
116.230.123.222 - - [16/Feb/2024:13:21:17 +0800] "POST /xingrg/kc/base/wldb_order_operate.html HTTP/1.1" 200 12
116.230.123.222 - - [16/Feb/2024:13:21:17 +0800] "POST /xingrg/kc/base/wldb_order_operate.html HTTP/1.1" 200 2680
124.78.158.60 - - [16/Feb/2024:13:21:17 +0800] "GET /xingrg/all/function/internal_message.html?_=1708060875228&CODE_STATE=getMsg HTTP/1.1" 200 27
218.81.220.26 - - [16/Feb/2024:13:21:22 +0800] "GET /xingrg/all/function/internal_message.html?_=1708060900681&CODE_STATE=getMsg HTTP/1.1" 200 27
116.230.123.222 - - [16/Feb/2024:13:21:28 +0800] "GET /xingrg/kc/base/wldb_order_info.html?code=422024021601337 HTTP/1.1" 200 26222
116.230.123.222 - - [16/Feb/2024:13:21:29 +0800] "GET /xingrg/javascript/easyui/themes/default/validatebox.css HTTP/1.1" 404 1104
116.230.123.222 - - [16/Feb/2024:13:21:29 +0800] "POST /xingrg/kc/base/wldb_order_operate.html HTTP/1.1" 200 964
120.253.135.82 - - [16/Feb/2024:13:21:33 +0800] "GET /xingrg/all/function/internal_message.html?_=1708061059739&CODE_STATE=getMsg HTTP/1.1" 200 27
116.230.123.222 - - [16/Feb/2024:13:21:34 +0800] "GET /xingrg/kc/base/wldb_order_add.html HTTP/1.1" 200 30344
116.230.123.222 - - [16/Feb/2024:13:21:35 +0800] "POST /xingrg/kc/base/wldb_order_operate.html HTTP/1.1" 200 6806
116.230.123.222 - - [16/Feb/2024:13:21:35 +0800] "GET /xingrg/javascript/easyui/themes/default/validatebox.css HTTP/1.1" 404 1104
124.78.67.200 - - [16/Feb/2024:13:21:43 +0800] "GET /xingrg/all/function/internal_message.html?_=1708060903182&CODE_STATE=getMsg HTTP/1.1" 200 27
114.83.219.181 - - [16/Feb/2024:13:21:45 +0800] "GET /xingrg/all/function/internal_message.html?_=1708060904962&CODE_STATE=getMsg HTTP/1.1" 200 27
180.164.1.25 - - [16/Feb/2024:13:21:45 +0800] "GET /xingrg/all/function/internal_message.html?_=1708060904729&CODE_STATE=getMsg HTTP/1.1" 200 27
116.230.123.222 - - [16/Feb/2024:13:21:51 +0800] "GET /xingrg/kc/base/wldb_order_operate.html?command=get_materiel&rest_code=00111&base_code=0010306&code=00102015103 HTTP/1.1" 200 437
218.81.65.124 - - [16/Feb/2024:13:21:53 +0800] "GET /xingrg/all/function/internal_message.html?_=1708060920608&CODE_STATE=getMsg HTTP/1.1" 200 27
116.224.254.208 - - [16/Feb/2024:13:22:01 +0800] "GET /xingrg/all/function/internal_message.html?_=1708060920899&CODE_STATE=getMsg HTTP/1.1" 200 27
116.232.194.112 - - [16/Feb/2024:13:22:09 +0800] "GET /xingrg/all/function/internal_message.html?_=1708060917886&CODE_STATE=getMsg HTTP/1.1" 200 27
218.81.220.26 - - [16/Feb/2024:13:22:09 +0800] "GET /xingrg/check_reg.html?_=1708060945069 HTTP/1.1" 302 -
218.81.220.26 - - [16/Feb/2024:13:22:09 +0800] "GET /xingrg/all/function/internal_message.html?_=1708060945389&CODE_STATE=getMsg HTTP/1.1" 302 -
101.83.145.37 - - [16/Feb/2024:13:22:12 +0800] "GET /xingrg/all/function/internal_message.html?_=1708060696896&CODE_STATE=getMsg HTTP/1.1" 200 27
218.81.65.124 - - [16/Feb/2024:13:22:16 +0800] "POST /xingrg/services/DataTransmitService HTTP/1.1" 200 524
124.78.158.60 - - [16/Feb/2024:13:22:17 +0800] "GET /xingrg/all/function/internal_message.html?_=1708060935215&CODE_STATE=getMsg HTTP/1.1" 200 27
218.81.220.26 - - [16/Feb/2024:13:22:17 +0800] "GET /xingrg/kc/buy/cgsh_order_operate.html?command=get_materiel&rest_code=00146&code=00101008053&supplier_code=00100325&order_time=2024-02-16 HTTP/1.1" 200 412
218.81.65.124 - - [16/Feb/2024:13:22:18 +0800] "POST /xingrg/services/DataTransmitService HTTP/1.1" 200 501
218.81.65.124 - - [16/Feb/2024:13:22:18 +0800] "POST /xingrg/services/DataTransmitService HTTP/1.1" 200 501
218.81.65.124 - - [16/Feb/2024:13:22:19 +0800] "POST /xingrg/services/DataTransmitService HTTP/1.1" 200 501
218.81.65.124 - - [16/Feb/2024:13:22:20 +0800] "POST /xingrg/services/DataTransmitService HTTP/1.1" 200 501
218.81.65.124 - - [16/Feb/2024:13:22:20 +0800] "POST /xingrg/services/DataTransmitService HTTP/1.1" 200 501
218.81.65.124 - - [16/Feb/2024:13:22:21 +0800] "POST /xingrg/services/DataTransmitService HTTP/1.1" 200 501
218.81.65.124 - - [16/Feb/2024:13:22:21 +0800] "POST /xingrg/services/DataTransmitService HTTP/1.1" 200 501
218.81.65.124 - - [16/Feb/2024:13:22:21 +0800] "POST /xingrg/services/DataTransmitService HTTP/1.1" 200 412
218.81.220.26 - - [16/Feb/2024:13:22:22 +0800] "GET /xingrg/all/function/internal_message.html?_=1708060960695&CODE_STATE=getMsg HTTP/1.1" 200 27
120.253.135.82 - - [16/Feb/2024:13:22:33 +0800] "GET /xingrg/all/function/internal_message.html?_=1708061119739&CODE_STATE=getMsg HTTP/1.1" 200 27
218.81.220.26 - - [16/Feb/2024:13:22:39 +0800] "GET /xingrg/kc/buy/cgsh_order_operate.html?command=get_materiel&rest_code=00146&code=00101010269&supplier_code=00100325&order_time=2024-02-16 HTTP/1.1" 200 408
124.78.67.200 - - [16/Feb/2024:13:22:43 +0800] "GET /xingrg/all/function/internal_message.html?_=1708060963190&CODE_STATE=getMsg HTTP/1.1" 200 27
114.83.219.181 - - [16/Feb/2024:13:22:45 +0800] "GET /xingrg/all/function/internal_message.html?_=1708060964949&CODE_STATE=getMsg HTTP/1.1" 200 27
180.164.1.25 - - [16/Feb/2024:13:22:45 +0800] "GET /xingrg/all/function/internal_message.html?_=1708060964715&CODE_STATE=getMsg HTTP/1.1" 200 27
218.81.65.124 - - [16/Feb/2024:13:22:53 +0800] "GET /xingrg/all/function/internal_message.html?_=1708060980607&CODE_STATE=getMsg HTTP/1.1" 200 27
218.81.220.26 - - [16/Feb/2024:13:22:53 +0800] "GET /xingrg/kc/buy/cgsh_order_operate.html?command=get_materiel&rest_code=00146&code=00101007106&supplier_code=00100325&order_time=2024-02-16 HTTP/1.1" 200 409
116.224.254.208 - - [16/Feb/2024:13:23:01 +0800] "GET /xingrg/all/function/internal_message.html?_=1708060980882&CODE_STATE=getMsg HTTP/1.1" 200 27
116.232.194.112 - - [16/Feb/2024:13:23:09 +0800] "GET /xingrg/all/function/internal_message.html?_=1708060977879&CODE_STATE=getMsg HTTP/1.1" 200 27
218.81.220.26 - - [16/Feb/2024:13:23:09 +0800] "GET /xingrg/all/function/internal_message.html?_=1708061005417&CODE_STATE=getMsg HTTP/1.1" 302 -
218.81.220.26 - - [16/Feb/2024:13:23:10 +0800] "GET /xingrg/check_reg.html?_=1708061008523 HTTP/1.1" 200 22
101.83.145.37 - - [16/Feb/2024:13:23:12 +0800] "GET /xingrg/all/function/internal_message.html?_=1708060756896&CODE_STATE=getMsg HTTP/1.1" 200 27
124.78.158.60 - - [16/Feb/2024:13:23:17 +0800] "GET /xingrg/all/function/internal_message.html?_=1708060995186&CODE_STATE=getMsg HTTP/1.1" 200 27
218.81.220.26 - - [16/Feb/2024:13:23:22 +0800] "GET /xingrg/all/function/internal_message.html?_=1708061020708&CODE_STATE=getMsg HTTP/1.1" 200 27
124.78.67.200 - - [16/Feb/2024:13:23:23 +0800] "GET /xingrg/check_reg.html?_=1708061003305 HTTP/1.1" 200 22
120.253.135.82 - - [16/Feb/2024:13:23:33 +0800] "GET /xingrg/all/function/internal_message.html?_=1708061179744&CODE_STATE=getMsg HTTP/1.1" 200 27
124.78.67.200 - - [16/Feb/2024:13:23:43 +0800] "GET /xingrg/all/function/internal_message.html?_=1708061023178&CODE_STATE=getMsg HTTP/1.1" 200 27
218.81.220.26 - - [16/Feb/2024:13:23:44 +0800] "POST /xingrg/kc/buy/cgsh_order_operate.html HTTP/1.1" 200 37
114.83.219.181 - - [16/Feb/2024:13:23:45 +0800] "GET /xingrg/all/function/internal_message.html?_=1708061024933&CODE_STATE=getMsg HTTP/1.1" 200 27
180.164.1.25 - - [16/Feb/2024:13:23:45 +0800] "GET /xingrg/check_reg.html?_=1708061024720 HTTP/1.1" 200 22
180.164.1.25 - - [16/Feb/2024:13:23:45 +0800] "GET /xingrg/all/function/internal_message.html?_=1708061024722&CODE_STATE=getMsg HTTP/1.1" 200 27
218.81.220.26 - - [16/Feb/2024:13:23:47 +0800] "POST /xingrg/kc/buy/cgsh_order_operate.html HTTP/1.1" 200 3829
114.83.219.181 - - [16/Feb/2024:13:23:49 +0800] "GET /xingrg/check_reg.html?_=1708061029286 HTTP/1.1" 200 22
218.81.65.124 - - [16/Feb/2024:13:23:53 +0800] "GET /xingrg/all/function/internal_message.html?_=1708061040606&CODE_STATE=getMsg HTTP/1.1" 200 27
218.81.220.26 - - [16/Feb/2024:13:23:54 +0800] "GET /xingrg/kc/print/load_data.html?order_code=212024021604507&kc_code=cgsh&condition= HTTP/1.1" 200 1123
116.224.254.208 - - [16/Feb/2024:13:24:01 +0800] "GET /xingrg/all/function/internal_message.html?_=1708061040867&CODE_STATE=getMsg HTTP/1.1" 200 27
218.81.220.26 - - [16/Feb/2024:13:24:02 +0800] "GET /xingrg/kc/buy/cgsh_order_add.html HTTP/1.1" 200 73467
218.81.220.26 - - [16/Feb/2024:13:24:03 +0800] "POST /xingrg/kc/buy/cgsh_order_operate.html HTTP/1.1" 200 8245
218.81.220.26 - - [16/Feb/2024:13:24:03 +0800] "GET /xingrg/javascript/easyui/themes/default/validatebox.css HTTP/1.1" 404 1104
120.253.135.82 - - [16/Feb/2024:13:24:06 +0800] "GET /xingrg/check_reg.html?_=1708060878523 HTTP/1.1" 200 22
116.232.194.112 - - [16/Feb/2024:13:24:09 +0800] "GET /xingrg/all/function/internal_message.html?_=1708061037881&CODE_STATE=getMsg HTTP/1.1" 200 27
218.81.220.26 - - [16/Feb/2024:13:24:09 +0800] "GET /xingrg/all/function/internal_message.html?_=1708061065437&CODE_STATE=getMsg HTTP/1.1" 302 -
101.83.145.37 - - [16/Feb/2024:13:24:12 +0800] "GET /xingrg/all/function/internal_message.html?_=1708060816896&CODE_STATE=getMsg HTTP/1.1" 200 27
124.78.158.60 - - [16/Feb/2024:13:24:17 +0800] "GET /xingrg/all/function/internal_message.html?_=1708061055157&CODE_STATE=getMsg HTTP/1.1" 200 27
218.81.220.26 - - [16/Feb/2024:13:24:22 +0800] "GET /xingrg/all/function/internal_message.html?_=1708061080721&CODE_STATE=getMsg HTTP/1.1" 200 27
120.253.135.82 - - [16/Feb/2024:13:24:33 +0800] "GET /xingrg/check_reg.html?_=1708061239755 HTTP/1.1" 200 22
120.253.135.82 - - [16/Feb/2024:13:24:33 +0800] "GET /xingrg/all/function/internal_message.html?_=1708061239748&CODE_STATE=getMsg HTTP/1.1" 200 27
116.230.123.222 - - [16/Feb/2024:13:24:34 +0800] "POST /xingrg/kc/buy/cgsh_list_operate.html HTTP/1.1" 200 4170
116.230.123.222 - - [16/Feb/2024:13:24:38 +0800] "GET /xingrg/kc/base/wldb_order_operate.html?command=get_materiel&rest_code=00111&base_code=0010306&code=00102002022 HTTP/1.1" 200 472
124.78.67.200 - - [16/Feb/2024:13:24:43 +0800] "GET /xingrg/all/function/internal_message.html?_=1708061083153&CODE_STATE=getMsg HTTP/1.1" 200 27
116.230.123.222 - - [16/Feb/2024:13:24:44 +0800] "POST /xingrg/kc/base/wldb_order_operate.html HTTP/1.1" 200 37
114.83.219.181 - - [16/Feb/2024:13:24:45 +0800] "GET /xingrg/all/function/internal_message.html?_=1708061084918&CODE_STATE=getMsg HTTP/1.1" 200 27
180.164.1.25 - - [16/Feb/2024:13:24:45 +0800] "GET /xingrg/all/function/internal_message.html?_=1708061084731&CODE_STATE=getMsg HTTP/1.1" 200 27
218.81.220.26 - - [16/Feb/2024:13:24:48 +0800] "GET /xingrg/kc/buy/cgsh_order_operate.html?command=get_materiel&rest_code=00146&code=00101014101&supplier_code=00100086&order_time=2024-02-16 HTTP/1.1" 200 416
116.230.123.222 - - [16/Feb/2024:13:24:50 +0800] "POST /xingrg/kc/base/wldb_order_operate.html HTTP/1.1" 200 12
116.230.123.222 - - [16/Feb/2024:13:24:50 +0800] "POST /xingrg/kc/base/wldb_order_operate.html HTTP/1.1" 200 3176
218.81.65.124 - - [16/Feb/2024:13:24:53 +0800] "GET /xingrg/all/function/internal_message.html?_=1708061100604&CODE_STATE=getMsg HTTP/1.1" 200 27
218.81.65.124 - - [16/Feb/2024:13:24:53 +0800] "GET /xingrg/check_reg.html?_=1708061100606 HTTP/1.1" 200 22
116.224.254.208 - - [16/Feb/2024:13:25:00 +0800] "GET /xingrg/all/function/internal_message.html?_=1708061100845&CODE_STATE=getMsg HTTP/1.1" 200 27
218.81.220.26 - - [16/Feb/2024:13:25:07 +0800] "POST /xingrg/kc/buy/cgsh_order_operate.html HTTP/1.1" 200 37
116.232.194.112 - - [16/Feb/2024:13:25:09 +0800] "GET /xingrg/all/function/internal_message.html?_=1708061097877&CODE_STATE=getMsg HTTP/1.1" 200 27
218.81.220.26 - - [16/Feb/2024:13:25:09 +0800] "GET /xingrg/all/function/internal_message.html?_=1708061125458&CODE_STATE=getMsg HTTP/1.1" 302 -
218.81.220.26 - - [16/Feb/2024:13:25:09 +0800] "POST /xingrg/kc/buy/cgsh_order_operate.html HTTP/1.1" 200 2663
218.81.220.26 - - [16/Feb/2024:13:25:11 +0800] "GET /xingrg/kc/print/load_data.html?order_code=212024021604508&kc_code=cgsh&condition= HTTP/1.1" 200 751
101.83.145.37 - - [16/Feb/2024:13:25:12 +0800] "GET /xingrg/all/function/internal_message.html?_=1708060876896&CODE_STATE=getMsg HTTP/1.1" 200 27
101.83.145.37 - - [16/Feb/2024:13:25:12 +0800] "GET /xingrg/check_reg.html?_=1708060876899 HTTP/1.1" 200 22
124.78.158.60 - - [16/Feb/2024:13:25:17 +0800] "GET /xingrg/all/function/internal_message.html?_=1708061115134&CODE_STATE=getMsg HTTP/1.1" 200 27
124.78.158.60 - - [16/Feb/2024:13:25:18 +0800] "GET /xingrg/check_reg.html?_=1708061116652 HTTP/1.1" 200 22
218.81.220.26 - - [16/Feb/2024:13:25:22 +0800] "GET /xingrg/all/function/internal_message.html?_=1708061140734&CODE_STATE=getMsg HTTP/1.1" 200 27
218.81.220.26 - - [16/Feb/2024:13:25:22 +0800] "GET /xingrg/kc/buy/cgsh_order_add.html HTTP/1.1" 200 73467
218.81.220.26 - - [16/Feb/2024:13:25:23 +0800] "POST /xingrg/kc/buy/cgsh_order_operate.html HTTP/1.1" 200 8245
218.81.220.26 - - [16/Feb/2024:13:25:23 +0800] "GET /xingrg/javascript/easyui/themes/default/validatebox.css HTTP/1.1" 404 1104
116.224.254.208 - - [16/Feb/2024:13:25:23 +0800] "GET /xingrg/check_reg.html?_=1708061123341 HTTP/1.1" 200 22
120.253.135.82 - - [16/Feb/2024:13:25:33 +0800] "GET /xingrg/all/function/internal_message.html?_=1708061299752&CODE_STATE=getMsg HTTP/1.1" 200 27
124.78.67.200 - - [16/Feb/2024:13:25:43 +0800] "GET /xingrg/all/function/internal_message.html?_=1708061143134&CODE_STATE=getMsg HTTP/1.1" 200 27
218.81.220.26 - - [16/Feb/2024:13:25:43 +0800] "GET /xingrg/kc/buy/cgsh_order_operate.html?command=get_materiel&rest_code=00146&code=00101003003&supplier_code=00100093&order_time=2024-02-16 HTTP/1.1" 200 437
114.83.219.181 - - [16/Feb/2024:13:25:45 +0800] "GET /xingrg/all/function/internal_message.html?_=1708061144902&CODE_STATE=getMsg HTTP/1.1" 200 27
180.164.1.25 - - [16/Feb/2024:13:25:45 +0800] "GET /xingrg/all/function/internal_message.html?_=1708061144713&CODE_STATE=getMsg HTTP/1.1" 200 27
218.81.65.124 - - [16/Feb/2024:13:25:53 +0800] "GET /xingrg/all/function/internal_message.html?_=1708061160605&CODE_STATE=getMsg HTTP/1.1" 200 27
116.224.254.208 - - [16/Feb/2024:13:26:00 +0800] "GET /xingrg/all/function/internal_message.html?_=1708061160840&CODE_STATE=getMsg HTTP/1.1" 200 27
116.232.194.112 - - [16/Feb/2024:13:26:09 +0800] "GET /xingrg/all/function/internal_message.html?_=1708061157873&CODE_STATE=getMsg HTTP/1.1" 200 27
116.232.194.112 - - [16/Feb/2024:13:26:09 +0800] "GET /xingrg/check_reg.html?_=1708061157876 HTTP/1.1" 200 22
218.81.220.26 - - [16/Feb/2024:13:26:09 +0800] "POST /xingrg/kc/buy/cgsh_order_operate.html HTTP/1.1" 200 37
218.81.220.26 - - [16/Feb/2024:13:26:09 +0800] "GET /xingrg/all/function/internal_message.html?_=1708061185474&CODE_STATE=getMsg HTTP/1.1" 302 -
101.83.145.37 - - [16/Feb/2024:13:26:12 +0800] "GET /xingrg/all/function/internal_message.html?_=1708060936899&CODE_STATE=getMsg HTTP/1.1" 200 27
218.81.220.26 - - [16/Feb/2024:13:26:13 +0800] "POST /xingrg/kc/buy/cgsh_order_operate.html HTTP/1.1" 200 2665
218.81.220.26 - - [16/Feb/2024:13:26:16 +0800] "GET /xingrg/kc/print/load_data.html?order_code=212024021604509&kc_code=cgsh&condition= HTTP/1.1" 200 741
124.78.158.60 - - [16/Feb/2024:13:26:17 +0800] "GET /xingrg/all/function/internal_message.html?_=1708061175110&CODE_STATE=getMsg HTTP/1.1" 200 27
218.81.220.26 - - [16/Feb/2024:13:26:22 +0800] "GET /xingrg/all/function/internal_message.html?_=1708061200749&CODE_STATE=getMsg HTTP/1.1" 200 27
120.253.135.82 - - [16/Feb/2024:13:26:33 +0800] "GET /xingrg/all/function/internal_message.html?_=1708061359757&CODE_STATE=getMsg HTTP/1.1" 200 27
124.78.67.200 - - [16/Feb/2024:13:26:43 +0800] "GET /xingrg/all/function/internal_message.html?_=1708061203113&CODE_STATE=getMsg HTTP/1.1" 200 27
114.83.219.181 - - [16/Feb/2024:13:26:45 +0800] "GET /xingrg/all/function/internal_message.html?_=1708061204879&CODE_STATE=getMsg HTTP/1.1" 200 27
180.164.1.25 - - [16/Feb/2024:13:26:45 +0800] "GET /xingrg/all/function/internal_message.html?_=1708061204712&CODE_STATE=getMsg HTTP/1.1" 200 27
116.232.194.112 - - [16/Feb/2024:13:26:48 +0800] "GET /xingrg/kc/buy/buy_main.html HTTP/1.1" 200 12412
116.232.194.112 - - [16/Feb/2024:13:26:48 +0800] "GET /xingrg/css/new_ie.css HTTP/1.1" 404 1036
116.232.194.112 - - [16/Feb/2024:13:26:49 +0800] "GET /xingrg/images/yd/bt.gif HTTP/1.1" 404 1040
116.232.194.112 - - [16/Feb/2024:13:26:50 +0800] "GET /xingrg/kc/buy/cgsh_order_list.html HTTP/1.1" 200 57698
116.232.194.112 - - [16/Feb/2024:13:26:53 +0800] "POST /xingrg/kc/buy/cgsh_list_operate.html HTTP/1.1" 200 986
218.81.65.124 - - [16/Feb/2024:13:26:53 +0800] "GET /xingrg/all/function/internal_message.html?_=1708061220603&CODE_STATE=getMsg HTTP/1.1" 200 27
116.230.123.222 - - [16/Feb/2024:13:26:57 +0800] "GET /xingrg/kc/base/wldb_order_info.html?code=422024021601338 HTTP/1.1" 200 26222
116.230.123.222 - - [16/Feb/2024:13:26:57 +0800] "GET /xingrg/javascript/easyui/themes/default/validatebox.css HTTP/1.1" 404 1104
116.230.123.222 - - [16/Feb/2024:13:26:57 +0800] "POST /xingrg/kc/base/wldb_order_operate.html HTTP/1.1" 200 1447
116.224.254.208 - - [16/Feb/2024:13:27:00 +0800] "GET /xingrg/all/function/internal_message.html?_=1708061220813&CODE_STATE=getMsg HTTP/1.1" 200 27
218.81.220.26 - - [16/Feb/2024:13:27:03 +0800] "GET /xingrg/kc/buy/cgsh_order_add.html HTTP/1.1" 302 -
218.81.220.26 - - [16/Feb/2024:13:27:03 +0800] "GET /xingrg/login.html HTTP/1.1" 200 7641
218.81.220.26 - - [16/Feb/2024:13:27:03 +0800] "GET /xingrg/login.html HTTP/1.1" 200 7641
218.81.220.26 - - [16/Feb/2024:13:27:04 +0800] "GET /favicon.ico HTTP/1.1" 404 -
116.232.194.112 - - [16/Feb/2024:13:27:09 +0800] "GET /xingrg/all/function/internal_message.html?_=1708061217872&CODE_STATE=getMsg HTTP/1.1" 200 27
218.81.220.26 - - [16/Feb/2024:13:27:10 +0800] "POST /xingrg/login.do HTTP/1.1" 302 -
218.81.220.26 - - [16/Feb/2024:13:27:10 +0800] "GET /xingrg/index.html?sysBaseUrl=http%3A%2F%2F180.169.147.146%3A18081%2Fxingrg%2F&costTime=809×tamp=1708061230719 HTTP/1.1" 200 17179
218.81.220.26 - - [16/Feb/2024:13:27:10 +0800] "GET /favicon.ico HTTP/1.1" 404 -
218.81.220.26 - - [16/Feb/2024:13:27:10 +0800] "GET /xingrg/check_reg.html?_=1708061246880 HTTP/1.1" 200 22
218.81.220.26 - - [16/Feb/2024:13:27:10 +0800] "GET /xingrg/all/function/internal_message.html?_=1708061246880&CODE_STATE=count HTTP/1.1" 200 11
218.81.220.26 - - [16/Feb/2024:13:27:11 +0800] "POST /xingrg/all/common/load_tree.html?tree=area_rest_tree_json&manage=1 HTTP/1.1" 200 479
218.81.220.26 - - [16/Feb/2024:13:27:11 +0800] "POST /xingrg/load_menu.html HTTP/1.1" 200 5138
218.81.220.26 - - [16/Feb/2024:13:27:12 +0800] "GET /xingrg/kc/buy/buy_main.html HTTP/1.1" 200 12412
218.81.220.26 - - [16/Feb/2024:13:27:12 +0800] "GET /xingrg/css/new_ie.css HTTP/1.1" 404 1036
101.83.145.37 - - [16/Feb/2024:13:27:12 +0800] "GET /xingrg/all/function/internal_message.html?_=1708060996899&CODE_STATE=getMsg HTTP/1.1" 200 27
218.81.220.26 - - [16/Feb/2024:13:27:13 +0800] "GET /xingrg/images/yd/bt.gif HTTP/1.1" 404 1040
218.81.220.26 - - [16/Feb/2024:13:27:14 +0800] "GET /xingrg/kc/buy/cgsh_order_list.html HTTP/1.1" 200 57698
124.78.158.60 - - [16/Feb/2024:13:27:17 +0800] "GET /xingrg/all/function/internal_message.html?_=1708061235082&CODE_STATE=getMsg HTTP/1.1" 200 27
218.81.220.26 - - [16/Feb/2024:13:27:22 +0800] "GET /xingrg/all/function/internal_message.html?_=1708061260895&CODE_STATE=getMsg HTTP/1.1" 200 27
218.81.220.26 - - [16/Feb/2024:13:27:33 +0800] "POST /xingrg/kc/buy/cgsh_list_operate.html HTTP/1.1" 200 5761
120.253.135.82 - - [16/Feb/2024:13:27:33 +0800] "GET /xingrg/all/function/internal_message.html?_=1708061419763&CODE_STATE=getMsg HTTP/1.1" 200 27
218.81.220.26 - - [16/Feb/2024:13:27:40 +0800] "POST /xingrg/kc/buy/cgsh_list_operate.html HTTP/1.1" 200 491
218.81.220.26 - - [16/Feb/2024:13:27:42 +0800] "GET /xingrg/kc/buy/cgsh_order_info.html?code=212024021604504 HTTP/1.1" 200 73474
124.78.67.200 - - [16/Feb/2024:13:27:43 +0800] "GET /xingrg/all/function/internal_message.html?_=1708061263096&CODE_STATE=getMsg HTTP/1.1" 200 27
218.81.220.26 - - [16/Feb/2024:13:27:43 +0800] "GET /xingrg/javascript/easyui/themes/default/validatebox.css HTTP/1.1" 404 1104
218.81.220.26 - - [16/Feb/2024:13:27:44 +0800] "POST /xingrg/kc/buy/cgsh_order_operate.html HTTP/1.1" 200 5025
180.164.1.25 - - [16/Feb/2024:13:27:45 +0800] "GET /xingrg/all/function/internal_message.html?_=1708061264720&CODE_STATE=getMsg HTTP/1.1" 200 27
218.81.220.26 - - [16/Feb/2024:13:27:49 +0800] "GET /xingrg/javascript/auto/indicator.gif HTTP/1.1" 404 1066
218.81.65.124 - - [16/Feb/2024:13:27:53 +0800] "GET /xingrg/all/function/internal_message.html?_=1708061280618&CODE_STATE=getMsg HTTP/1.1" 200 27
116.224.254.208 - - [16/Feb/2024:13:28:00 +0800] "GET /xingrg/all/function/internal_message.html?_=1708061280793&CODE_STATE=getMsg HTTP/1.1" 200 27
116.232.194.112 - - [16/Feb/2024:13:28:09 +0800] "GET /xingrg/all/function/internal_message.html?_=1708061277885&CODE_STATE=getMsg HTTP/1.1" 200 27
218.81.220.26 - - [16/Feb/2024:13:28:10 +0800] "GET /xingrg/check_reg.html?_=1708061308536 HTTP/1.1" 200 22
218.81.220.26 - - [16/Feb/2024:13:28:10 +0800] "GET /xingrg/all/function/internal_message.html?_=1708061306888&CODE_STATE=getMsg HTTP/1.1" 200 27
101.83.145.37 - - [16/Feb/2024:13:28:12 +0800] "GET /xingrg/all/function/internal_message.html?_=1708061056899&CODE_STATE=getMsg HTTP/1.1" 200 27
218.81.220.26 - - [16/Feb/2024:13:28:14 +0800] "GET /xingrg/kc/buy/cgsh_order_operate.html?command=get_materiel&rest_code=00146&code=00101001049&supplier_code=00100199&order_time=2024-02-16 HTTP/1.1" 200 417
124.78.158.60 - - [16/Feb/2024:13:28:17 +0800] "GET /xingrg/all/function/internal_message.html?_=1708061295052&CODE_STATE=getMsg HTTP/1.1" 200 27
218.81.220.26 - - [16/Feb/2024:13:28:22 +0800] "GET /xingrg/all/function/internal_message.html?_=1708061320901&CODE_STATE=getMsg HTTP/1.1" 200 27
124.78.67.200 - - [16/Feb/2024:13:28:23 +0800] "GET /xingrg/check_reg.html?_=1708061303300 HTTP/1.1" 200 22
218.81.220.26 - - [16/Feb/2024:13:28:29 +0800] "GET /xingrg/kc/buy/cgsh_order_operate.html?command=get_materiel&rest_code=00146&code=00101001099&supplier_code=00100199&order_time=2024-02-16 HTTP/1.1" 200 411
120.253.135.82 - - [16/Feb/2024:13:28:33 +0800] "GET /xingrg/all/function/internal_message.html?_=1708061479767&CODE_STATE=getMsg HTTP/1.1" 200 27
124.78.67.200 - - [16/Feb/2024:13:28:43 +0800] "GET /xingrg/all/function/internal_message.html?_=1708061323079&CODE_STATE=getMsg HTTP/1.1" 200 27
180.164.1.25 - - [16/Feb/2024:13:28:45 +0800] "GET /xingrg/check_reg.html?_=1708061324715 HTTP/1.1" 200 22
180.164.1.25 - - [16/Feb/2024:13:28:45 +0800] "GET /xingrg/all/function/internal_message.html?_=1708061324721&CODE_STATE=getMsg HTTP/1.1" 200 27
218.81.220.26 - - [16/Feb/2024:13:28:51 +0800] "POST /xingrg/kc/buy/cgsh_order_operate.html HTTP/1.1" 200 37
218.81.65.124 - - [16/Feb/2024:13:28:53 +0800] "GET /xingrg/all/function/internal_message.html?_=1708061340615&CODE_STATE=getMsg HTTP/1.1" 200 27
218.81.220.26 - - [16/Feb/2024:13:28:54 +0800] "POST /xingrg/kc/buy/cgsh_order_operate.html HTTP/1.1" 200 5617
218.81.220.26 - - [16/Feb/2024:13:28:54 +0800] "GET /xingrg/javascript/jquery_easy_ui/themes/default/images/tabs_active.png HTTP/1.1" 304 -
218.81.220.26 - - [16/Feb/2024:13:28:54 +0800] "GET /xingrg/javascript/jquery_easy_ui/themes/default/images/tabs_active.png HTTP/1.1" 304 -
116.238.97.31 - - [16/Feb/2024:13:28:56 +0800] "POST /xingrg/services/DataTransmitService HTTP/1.1" 200 524
116.238.97.31 - - [16/Feb/2024:13:28:57 +0800] "POST /xingrg/services/DataTransmitService HTTP/1.1" 200 501
116.224.254.208 - - [16/Feb/2024:13:29:00 +0800] "GET /xingrg/all/function/internal_message.html?_=1708061340778&CODE_STATE=getMsg HTTP/1.1" 200 27
218.81.220.26 - - [16/Feb/2024:13:29:01 +0800] "POST /xingrg/kc/buy/cgsh_list_operate.html HTTP/1.1" 200 433
218.81.220.26 - - [16/Feb/2024:13:29:05 +0800] "GET /xingrg/kc/buy/cgsh_order_info.html?code=212024021604506 HTTP/1.1" 200 73480
218.81.220.26 - - [16/Feb/2024:13:29:05 +0800] "GET /xingrg/javascript/easyui/themes/default/validatebox.css HTTP/1.1" 404 1104
218.81.220.26 - - [16/Feb/2024:13:29:06 +0800] "POST /xingrg/kc/buy/cgsh_order_operate.html HTTP/1.1" 200 4456
120.253.135.82 - - [16/Feb/2024:13:29:06 +0800] "GET /xingrg/check_reg.html?_=1708061178528 HTTP/1.1" 200 22
116.232.194.112 - - [16/Feb/2024:13:29:09 +0800] "GET /xingrg/all/function/internal_message.html?_=1708061337887&CODE_STATE=getMsg HTTP/1.1" 200 27
218.81.220.26 - - [16/Feb/2024:13:29:10 +0800] "GET /xingrg/all/function/internal_message.html?_=1708061366904&CODE_STATE=getMsg HTTP/1.1" 200 27
101.83.145.37 - - [16/Feb/2024:13:29:12 +0800] "GET /xingrg/all/function/internal_message.html?_=1708061116899&CODE_STATE=getMsg HTTP/1.1" 200 27
218.81.220.26 - - [16/Feb/2024:13:29:15 +0800] "GET /xingrg/kc/buy/cgsh_order_operate.html?command=get_materiel&rest_code=00146&code=00101001140&supplier_code=00100090&order_time=2024-02-16 HTTP/1.1" 200 438
124.78.158.60 - - [16/Feb/2024:13:29:17 +0800] "GET /xingrg/all/function/internal_message.html?_=1708061355029&CODE_STATE=getMsg HTTP/1.1" 200 27
218.81.220.26 - - [16/Feb/2024:13:29:22 +0800] "GET /xingrg/all/function/internal_message.html?_=1708061380914&CODE_STATE=getMsg HTTP/1.1" 200 27
120.253.135.82 - - [16/Feb/2024:13:29:33 +0800] "GET /xingrg/all/function/internal_message.html?_=1708061539771&CODE_STATE=getMsg HTTP/1.1" 200 27
120.253.135.82 - - [16/Feb/2024:13:29:33 +0800] "GET /xingrg/check_reg.html?_=1708061539774 HTTP/1.1" 200 22
124.78.67.200 - - [16/Feb/2024:13:29:43 +0800] "GET /xingrg/all/function/internal_message.html?_=1708061383055&CODE_STATE=getMsg HTTP/1.1" 200 27
180.164.1.25 - - [16/Feb/2024:13:29:45 +0800] "GET /xingrg/all/function/internal_message.html?_=1708061384713&CODE_STATE=getMsg HTTP/1.1" 200 27
218.81.65.124 - - [16/Feb/2024:13:29:53 +0800] "GET /xingrg/check_reg.html?_=1708061400614 HTTP/1.1" 200 22
218.81.65.124 - - [16/Feb/2024:13:29:53 +0800] "GET /xingrg/all/function/internal_message.html?_=1708061400615&CODE_STATE=getMsg HTTP/1.1" 200 27
218.81.220.26 - - [16/Feb/2024:13:29:53 +0800] "POST /xingrg/kc/buy/cgsh_order_operate.html HTTP/1.1" 200 37
218.81.220.26 - - [16/Feb/2024:13:29:55 +0800] "POST /xingrg/kc/buy/cgsh_order_operate.html HTTP/1.1" 200 5057
218.81.220.26 - - [16/Feb/2024:13:29:57 +0800] "GET /xingrg/kc/buy/cgsh_order_add.html HTTP/1.1" 200 73467
218.81.220.26 - - [16/Feb/2024:13:29:58 +0800] "POST /xingrg/kc/buy/cgsh_order_operate.html HTTP/1.1" 200 8245
218.81.220.26 - - [16/Feb/2024:13:29:58 +0800] "GET /xingrg/javascript/easyui/themes/default/validatebox.css HTTP/1.1" 404 1104
116.224.254.208 - - [16/Feb/2024:13:30:00 +0800] "GET /xingrg/all/function/internal_message.html?_=1708061400752&CODE_STATE=getMsg HTTP/1.1" 200 27
116.232.194.112 - - [16/Feb/2024:13:30:09 +0800] "GET /xingrg/all/function/internal_message.html?_=1708061397883&CODE_STATE=getMsg HTTP/1.1" 200 27
218.81.220.26 - - [16/Feb/2024:13:30:11 +0800] "GET /xingrg/all/function/internal_message.html?_=1708061426989&CODE_STATE=getMsg HTTP/1.1" 200 27
101.83.145.37 - - [16/Feb/2024:13:30:12 +0800] "GET /xingrg/check_reg.html?_=1708061176899 HTTP/1.1" 200 22
101.83.145.37 - - [16/Feb/2024:13:30:12 +0800] "GET /xingrg/all/function/internal_message.html?_=1708061176902&CODE_STATE=getMsg HTTP/1.1" 200 27
124.78.158.60 - - [16/Feb/2024:13:30:17 +0800] "GET /xingrg/all/function/internal_message.html?_=1708061415000&CODE_STATE=getMsg HTTP/1.1" 200 27
124.78.158.60 - - [16/Feb/2024:13:30:18 +0800] "GET /xingrg/check_reg.html?_=1708061416642 HTTP/1.1" 200 22
218.81.220.26 - - [16/Feb/2024:13:30:21 +0800] "POST /xingrg/kc/buy/cgsh_list_operate.html HTTP/1.1" 200 5761
218.81.220.26 - - [16/Feb/2024:13:30:22 +0800] "GET /xingrg/all/function/internal_message.html?_=1708061440927&CODE_STATE=getMsg HTTP/1.1" 200 27
116.224.254.208 - - [16/Feb/2024:13:30:23 +0800] "GET /xingrg/check_reg.html?_=1708061423333 HTTP/1.1" 200 22
120.253.135.82 - - [16/Feb/2024:13:30:33 +0800] "GET /xingrg/all/function/internal_message.html?_=1708061599777&CODE_STATE=getMsg HTTP/1.1" 200 27
218.81.220.26 - - [16/Feb/2024:13:30:34 +0800] "POST /xingrg/kc/buy/cgsh_list_operate.html HTTP/1.1" 200 5761
218.81.220.26 - - [16/Feb/2024:13:30:40 +0800] "POST /xingrg/kc/buy/cgsh_list_operate.html HTTP/1.1" 200 510
124.78.67.200 - - [16/Feb/2024:13:30:42 +0800] "GET /xingrg/all/function/internal_message.html?_=1708061443040&CODE_STATE=getMsg HTTP/1.1" 200 27
218.81.220.26 - - [16/Feb/2024:13:30:44 +0800] "GET /xingrg/kc/buy/cgsh_order_info.html?code=212024021604506 HTTP/1.1" 200 73480
218.81.220.26 - - [16/Feb/2024:13:30:44 +0800] "GET /xingrg/javascript/easyui/themes/default/validatebox.css HTTP/1.1" 404 1104
218.81.220.26 - - [16/Feb/2024:13:30:45 +0800] "POST /xingrg/kc/buy/cgsh_order_operate.html HTTP/1.1" 200 5057
180.164.1.25 - - [16/Feb/2024:13:30:45 +0800] "GET /xingrg/all/function/internal_message.html?_=1708061444720&CODE_STATE=getMsg HTTP/1.1" 200 27
218.81.65.124 - - [16/Feb/2024:13:30:53 +0800] "GET /xingrg/all/function/internal_message.html?_=1708061460606&CODE_STATE=getMsg HTTP/1.1" 200 27
116.224.254.208 - - [16/Feb/2024:13:31:00 +0800] "GET /xingrg/all/function/internal_message.html?_=1708061460740&CODE_STATE=getMsg HTTP/1.1" 200 27
218.81.220.26 - - [16/Feb/2024:13:31:03 +0800] "POST /xingrg/kc/buy/cgsh_order_operate.html HTTP/1.1" 200 37
218.81.220.26 - - [16/Feb/2024:13:31:05 +0800] "POST /xingrg/kc/buy/cgsh_order_operate.html HTTP/1.1" 200 5059
180.164.1.25 - - [16/Feb/2024:13:31:06 +0800] "GET /xingrg/login.html HTTP/1.1" 200 7641
180.164.1.25 - - [16/Feb/2024:13:31:06 +0800] "GET /favicon.ico HTTP/1.1" 404 -
218.81.220.26 - - [16/Feb/2024:13:31:07 +0800] "GET /xingrg/kc/print/load_data.html?order_code=212024021604506&kc_code=cgsh&condition= HTTP/1.1" 200 1684
116.232.194.112 - - [16/Feb/2024:13:31:09 +0800] "GET /xingrg/check_reg.html?_=1708061457880 HTTP/1.1" 200 22
116.232.194.112 - - [16/Feb/2024:13:31:09 +0800] "GET /xingrg/all/function/internal_message.html?_=1708061457881&CODE_STATE=getMsg HTTP/1.1" 200 27
218.81.220.26 - - [16/Feb/2024:13:31:11 +0800] "GET /xingrg/all/function/internal_message.html?_=1708061486992&CODE_STATE=getMsg HTTP/1.1" 200 27
101.83.145.37 - - [16/Feb/2024:13:31:12 +0800] "GET /xingrg/all/function/internal_message.html?_=1708061236902&CODE_STATE=getMsg HTTP/1.1" 200 27
124.78.158.60 - - [16/Feb/2024:13:31:17 +0800] "GET /xingrg/all/function/internal_message.html?_=1708061474973&CODE_STATE=getMsg HTTP/1.1" 200 27
180.164.1.25 - - [16/Feb/2024:13:31:18 +0800] "POST /xingrg/login.do HTTP/1.1" 302 -
180.164.1.25 - - [16/Feb/2024:13:31:18 +0800] "GET /xingrg/index.html?sysBaseUrl=http%3A%2F%2F180.169.147.146%3A18081%2Fxingrg%2F&costTime=815×tamp=1708061478447 HTTP/1.1" 200 17179
180.164.1.25 - - [16/Feb/2024:13:31:18 +0800] "GET /favicon.ico HTTP/1.1" 404 -
180.164.1.25 - - [16/Feb/2024:13:31:18 +0800] "GET /xingrg/all/function/internal_message.html?_=1708061477883&CODE_STATE=count HTTP/1.1" 200 11
180.164.1.25 - - [16/Feb/2024:13:31:18 +0800] "GET /xingrg/check_reg.html?_=1708061477883 HTTP/1.1" 200 22
180.164.1.25 - - [16/Feb/2024:13:31:18 +0800] "POST /xingrg/all/common/load_tree.html?tree=area_rest_tree_json&manage=1 HTTP/1.1" 200 351
180.164.1.25 - - [16/Feb/2024:13:31:19 +0800] "POST /xingrg/load_menu.html HTTP/1.1" 200 5138
180.164.1.25 - - [16/Feb/2024:13:31:21 +0800] "GET /xingrg/kc/mdqp/qqps_order_list.html HTTP/1.1" 200 9222
180.164.1.25 - - [16/Feb/2024:13:31:21 +0800] "GET /xingrg/dwr/interface/AjaxQqpsService.js HTTP/1.1" 200 16326
180.164.1.25 - - [16/Feb/2024:13:31:21 +0800] "GET /xingrg/dwr/interface/AjaxReportQueryService.js HTTP/1.1" 200 13203
180.164.1.25 - - [16/Feb/2024:13:31:21 +0800] "GET /xingrg/dwr/engine.js HTTP/1.1" 200 43631
218.81.220.26 - - [16/Feb/2024:13:31:22 +0800] "GET /xingrg/all/function/internal_message.html?_=1708061500941&CODE_STATE=getMsg HTTP/1.1" 200 27
180.164.1.25 - - [16/Feb/2024:13:31:23 +0800] "GET /xingrg/kc/mdqp/pssh_order_list.html HTTP/1.1" 200 17889
180.164.1.25 - - [16/Feb/2024:13:31:23 +0800] "POST /xingrg/kc/mdqp/pssh_list_operate.html HTTP/1.1" 200 5394
180.164.1.25 - - [16/Feb/2024:13:31:24 +0800] "POST /xingrg/kc/mdqp/pssh_list_operate.html HTTP/1.1" 200 262
116.230.123.222 - - [16/Feb/2024:13:31:26 +0800] "GET /xingrg/check_reg.html?_=1708061484352 HTTP/1.1" 200 22
180.164.1.25 - - [16/Feb/2024:13:31:30 +0800] "POST /xingrg/kc/mdqp/pssh_list_operate.html HTTP/1.1" 200 266
120.253.135.82 - - [16/Feb/2024:13:31:33 +0800] "GET /xingrg/all/function/internal_message.html?_=1708061659786&CODE_STATE=getMsg HTTP/1.1" 200 27
180.164.1.25 - - [16/Feb/2024:13:31:36 +0800] "POST /xingrg/kc/mdqp/pssh_list_operate.html HTTP/1.1" 200 753
218.81.220.26 - - [16/Feb/2024:13:31:37 +0800] "POST /xingrg/kc/buy/cgsh_list_operate.html HTTP/1.1" 200 5761
218.81.220.26 - - [16/Feb/2024:13:31:40 +0800] "POST /xingrg/kc/buy/cgsh_list_operate.html HTTP/1.1" 200 563
218.81.220.26 - - [16/Feb/2024:13:31:42 +0800] "GET /xingrg/kc/buy/cgsh_order_info.html?code=212024021604504 HTTP/1.1" 200 73474
218.81.220.26 - - [16/Feb/2024:13:31:42 +0800] "GET /xingrg/javascript/easyui/themes/default/validatebox.css HTTP/1.1" 404 1104
124.78.67.200 - - [16/Feb/2024:13:31:42 +0800] "GET /xingrg/all/function/internal_message.html?_=1708061503027&CODE_STATE=getMsg HTTP/1.1" 200 27
218.81.220.26 - - [16/Feb/2024:13:31:43 +0800] "POST /xingrg/kc/buy/cgsh_order_operate.html HTTP/1.1" 200 5617
180.164.1.25 - - [16/Feb/2024:13:31:44 +0800] "GET /xingrg/kc/buy/cgsh_order_list.html HTTP/1.1" 200 57698
180.164.1.25 - - [16/Feb/2024:13:31:52 +0800] "POST /xingrg/kc/buy/cgsh_list_operate.html HTTP/1.1" 200 2718
218.81.65.124 - - [16/Feb/2024:13:31:53 +0800] "GET /xingrg/all/function/internal_message.html?_=1708061520614&CODE_STATE=getMsg HTTP/1.1" 200 27
180.164.1.25 - - [16/Feb/2024:13:31:58 +0800] "POST /xingrg/kc/buy/cgsh_list_operate.html HTTP/1.1" 200 576
180.164.1.25 - - [16/Feb/2024:13:32:00 +0800] "POST /xingrg/kc/buy/cgsh_list_operate.html HTTP/1.1" 200 595
116.224.254.208 - - [16/Feb/2024:13:32:00 +0800] "GET /xingrg/all/function/internal_message.html?_=1708061520718&CODE_STATE=getMsg HTTP/1.1" 200 27
218.81.220.26 - - [16/Feb/2024:13:32:03 +0800] "POST /xingrg/kc/buy/cgsh_order_operate.html HTTP/1.1" 200 37
180.164.1.25 - - [16/Feb/2024:13:32:05 +0800] "POST /xingrg/kc/buy/cgsh_list_operate.html HTTP/1.1" 200 582
218.81.220.26 - - [16/Feb/2024:13:32:06 +0800] "POST /xingrg/kc/buy/cgsh_order_operate.html HTTP/1.1" 200 5617
116.232.194.112 - - [16/Feb/2024:13:32:09 +0800] "GET /xingrg/all/function/internal_message.html?_=1708061517887&CODE_STATE=getMsg HTTP/1.1" 200 27
