218.81.65.124 - - [16/Feb/2024:12:43:12 +0800] "GET /xingrg/javascript/easyui/themes/default/validatebox.css HTTP/1.1" 404 1104
218.81.65.124 - - [16/Feb/2024:12:43:12 +0800] "POST /xingrg/kc/base/wldb_order_operate.html HTTP/1.1" 200 2395
101.83.145.37 - - [16/Feb/2024:12:43:12 +0800] "GET /xingrg/all/function/internal_message.html?_=1708058356888&CODE_STATE=getMsg HTTP/1.1" 200 27
114.83.219.181 - - [16/Feb/2024:12:43:13 +0800] "GET /xingrg/kc/mdqp/qqps_order_list.html?isBack=1 HTTP/1.1" 200 9677
114.83.219.181 - - [16/Feb/2024:12:43:13 +0800] "GET /xingrg/dwr/interface/AjaxQqpsService.js HTTP/1.1" 200 16326
114.83.219.181 - - [16/Feb/2024:12:43:13 +0800] "GET /xingrg/dwr/interface/AjaxReportQueryService.js HTTP/1.1" 200 13203
114.83.219.181 - - [16/Feb/2024:12:43:13 +0800] "GET /xingrg/dwr/engine.js HTTP/1.1" 200 43631
218.81.220.26 - - [16/Feb/2024:12:43:14 +0800] "POST /xingrg/kc/buy/cgsh_order_operate.html HTTP/1.1" 200 2065
124.78.158.60 - - [16/Feb/2024:12:43:18 +0800] "GET /xingrg/all/function/internal_message.html?_=1708058596152&CODE_STATE=getMsg HTTP/1.1" 200 27
218.81.65.124 - - [16/Feb/2024:12:43:22 +0800] "GET /xingrg/kc/buy/cgsh_order_list.html HTTP/1.1" 200 57698
218.81.220.26 - - [16/Feb/2024:12:43:23 +0800] "GET /xingrg/kc/buy/cgsh_order_operate.html?command=get_materiel&rest_code=00146&code=00101008296&supplier_code=00100005&order_time=2024-02-16 HTTP/1.1" 200 416
124.78.67.200 - - [16/Feb/2024:12:43:23 +0800] "GET /xingrg/check_reg.html?_=1708058603422 HTTP/1.1" 200 22
218.81.220.26 - - [16/Feb/2024:12:43:31 +0800] "GET /xingrg/check_reg.html?_=1708058629368 HTTP/1.1" 200 22
218.81.220.26 - - [16/Feb/2024:12:43:32 +0800] "GET /xingrg/all/function/internal_message.html?_=1708058631084&CODE_STATE=getMsg HTTP/1.1" 200 27
120.253.135.82 - - [16/Feb/2024:12:43:33 +0800] "GET /xingrg/all/function/internal_message.html?_=1708058779556&CODE_STATE=getMsg HTTP/1.1" 200 27
218.81.220.26 - - [16/Feb/2024:12:43:38 +0800] "GET /xingrg/kc/buy/cgsh_order_operate.html?command=get_materiel&rest_code=00146&code=00101016122&supplier_code=00100005&order_time=2024-02-16 HTTP/1.1" 200 409
124.78.67.200 - - [16/Feb/2024:12:43:43 +0800] "GET /xingrg/all/function/internal_message.html?_=1708058623885&CODE_STATE=getMsg HTTP/1.1" 200 27
180.164.1.25 - - [16/Feb/2024:12:43:45 +0800] "GET /xingrg/check_reg.html?_=1708058624712 HTTP/1.1" 200 22
180.164.1.25 - - [16/Feb/2024:12:43:45 +0800] "GET /xingrg/all/function/internal_message.html?_=1708058624716&CODE_STATE=getMsg HTTP/1.1" 200 27
114.83.219.181 - - [16/Feb/2024:12:43:46 +0800] "GET /xingrg/all/function/internal_message.html?_=1708058625790&CODE_STATE=getMsg HTTP/1.1" 200 27
101.83.145.37 - - [16/Feb/2024:12:43:47 +0800] "GET /xingrg/kc/buy/cgsh_order_add.html HTTP/1.1" 200 73549
101.83.145.37 - - [16/Feb/2024:12:43:48 +0800] "POST /xingrg/kc/buy/cgsh_order_operate.html HTTP/1.1" 200 8245
101.83.145.37 - - [16/Feb/2024:12:43:48 +0800] "GET /xingrg/javascript/easyui/themes/default/validatebox.css HTTP/1.1" 404 1104
114.83.219.181 - - [16/Feb/2024:12:43:50 +0800] "GET /xingrg/check_reg.html?_=1708058629383 HTTP/1.1" 200 22
218.81.65.124 - - [16/Feb/2024:12:43:53 +0800] "POST /xingrg/kc/buy/cgsh_list_operate.html HTTP/1.1" 200 5870
218.81.65.124 - - [16/Feb/2024:12:43:53 +0800] "GET /xingrg/all/function/internal_message.html?_=1708058640559&CODE_STATE=getMsg HTTP/1.1" 200 27
218.81.220.26 - - [16/Feb/2024:12:43:57 +0800] "GET /xingrg/kc/buy/cgsh_order_operate.html?command=get_materiel&rest_code=00146&code=00101008001&supplier_code=00100005&order_time=2024-02-16 HTTP/1.1" 200 412
116.224.254.208 - - [16/Feb/2024:12:44:01 +0800] "GET /xingrg/all/function/internal_message.html?_=1708058641555&CODE_STATE=getMsg HTTP/1.1" 200 27
101.83.145.37 - - [16/Feb/2024:12:44:08 +0800] "GET /xingrg/kc/buy/cgsh_order_operate.html?command=get_materiel&rest_code=00105&code=00101006335&supplier_code=00100558&order_time=2024-02-16 HTTP/1.1" 200 414
101.83.145.37 - - [16/Feb/2024:12:44:12 +0800] "GET /xingrg/all/function/internal_message.html?_=1708058416902&CODE_STATE=getMsg HTTP/1.1" 200 27
218.81.220.26 - - [16/Feb/2024:12:44:17 +0800] "GET /xingrg/kc/buy/cgsh_order_operate.html?command=get_materiel&rest_code=00146&code=00101008042&supplier_code=00100005&order_time=2024-02-16 HTTP/1.1" 200 416
124.78.158.60 - - [16/Feb/2024:12:44:18 +0800] "GET /xingrg/all/function/internal_message.html?_=1708058656137&CODE_STATE=getMsg HTTP/1.1" 200 27
116.224.254.208 - - [16/Feb/2024:12:44:29 +0800] "GET /xingrg/kc/buy/cgsh_order_list.html HTTP/1.1" 200 57698
116.224.254.208 - - [16/Feb/2024:12:44:31 +0800] "POST /xingrg/kc/buy/cgsh_list_operate.html HTTP/1.1" 200 986
218.81.220.26 - - [16/Feb/2024:12:44:32 +0800] "GET /xingrg/kc/buy/cgsh_order_operate.html?command=get_materiel&rest_code=00146&code=00101008225&supplier_code=00100005&order_time=2024-02-16 HTTP/1.1" 200 416
218.81.220.26 - - [16/Feb/2024:12:44:32 +0800] "GET /xingrg/all/function/internal_message.html?_=1708058691098&CODE_STATE=getMsg HTTP/1.1" 200 27
120.253.135.82 - - [16/Feb/2024:12:44:33 +0800] "GET /xingrg/all/function/internal_message.html?_=1708058839561&CODE_STATE=getMsg HTTP/1.1" 200 27
120.253.135.82 - - [16/Feb/2024:12:44:33 +0800] "GET /xingrg/check_reg.html?_=1708058839564 HTTP/1.1" 200 22
218.81.220.26 - - [16/Feb/2024:12:44:37 +0800] "GET /xingrg/check_reg.html?_=1708058692809 HTTP/1.1" 302 -
101.83.145.37 - - [16/Feb/2024:12:44:37 +0800] "GET /xingrg/kc/buy/cgsh_order_operate.html?command=get_materiel&rest_code=00105&code=00101006284&supplier_code=00100558&order_time=2024-02-16 HTTP/1.1" 200 418
218.81.220.26 - - [16/Feb/2024:12:44:40 +0800] "POST /xingrg/kc/buy/cgsh_order_operate.html HTTP/1.1" 200 2065
124.78.67.200 - - [16/Feb/2024:12:44:43 +0800] "GET /xingrg/all/function/internal_message.html?_=1708058683869&CODE_STATE=getMsg HTTP/1.1" 200 27
180.164.1.25 - - [16/Feb/2024:12:44:45 +0800] "GET /xingrg/all/function/internal_message.html?_=1708058684703&CODE_STATE=getMsg HTTP/1.1" 200 27
114.83.219.181 - - [16/Feb/2024:12:44:46 +0800] "GET /xingrg/all/function/internal_message.html?_=1708058685763&CODE_STATE=getMsg HTTP/1.1" 200 27
218.81.220.26 - - [16/Feb/2024:12:44:49 +0800] "POST /xingrg/kc/buy/cgsh_order_operate.html HTTP/1.1" 200 37
218.81.65.124 - - [16/Feb/2024:12:44:53 +0800] "GET /xingrg/check_reg.html?_=1708058700553 HTTP/1.1" 200 22
218.81.65.124 - - [16/Feb/2024:12:44:53 +0800] "GET /xingrg/all/function/internal_message.html?_=1708058700555&CODE_STATE=getMsg HTTP/1.1" 200 27
116.224.254.208 - - [16/Feb/2024:12:44:57 +0800] "GET /xingrg/kc/buy/cgsh_order_add.html HTTP/1.1" 200 73523
116.224.254.208 - - [16/Feb/2024:12:44:57 +0800] "POST /xingrg/kc/buy/cgsh_order_operate.html HTTP/1.1" 200 8245
116.224.254.208 - - [16/Feb/2024:12:44:57 +0800] "GET /xingrg/javascript/easyui/themes/default/validatebox.css HTTP/1.1" 404 1104
116.224.254.208 - - [16/Feb/2024:12:45:01 +0800] "GET /xingrg/all/function/internal_message.html?_=1708058701532&CODE_STATE=getMsg HTTP/1.1" 200 27
101.83.145.37 - - [16/Feb/2024:12:45:05 +0800] "GET /xingrg/kc/buy/cgsh_order_operate.html?command=get_materiel&rest_code=00105&code=00101006334&supplier_code=00100558&order_time=2024-02-16 HTTP/1.1" 200 414
218.81.220.26 - - [16/Feb/2024:12:45:12 +0800] "POST /xingrg/kc/buy/cgsh_order_operate.html HTTP/1.1" 200 15691
101.83.145.37 - - [16/Feb/2024:12:45:12 +0800] "GET /xingrg/all/function/internal_message.html?_=1708058476906&CODE_STATE=getMsg HTTP/1.1" 200 27
101.83.145.37 - - [16/Feb/2024:12:45:12 +0800] "GET /xingrg/check_reg.html?_=1708058476909 HTTP/1.1" 200 22
116.224.254.208 - - [16/Feb/2024:12:45:12 +0800] "GET /xingrg/kc/buy/cgsh_order_operate.html?command=get_materiel&rest_code=00150&code=00101002006&supplier_code=00100091&order_time=2024-02-16 HTTP/1.1" 200 434
124.78.158.60 - - [16/Feb/2024:12:45:18 +0800] "GET /xingrg/all/function/internal_message.html?_=1708058716108&CODE_STATE=getMsg HTTP/1.1" 200 27
124.78.158.60 - - [16/Feb/2024:12:45:19 +0800] "GET /xingrg/check_reg.html?_=1708058716768 HTTP/1.1" 200 22
218.81.220.26 - - [16/Feb/2024:12:45:23 +0800] "GET /xingrg/kc/buy/cgsh_order_operate.html?command=get_materiel&rest_code=00146&code=00101008150&supplier_code=00100005&order_time=2024-02-16 HTTP/1.1" 200 409
116.224.254.208 - - [16/Feb/2024:12:45:23 +0800] "GET /xingrg/check_reg.html?_=1708058723457 HTTP/1.1" 200 22
116.224.254.208 - - [16/Feb/2024:12:45:30 +0800] "GET /xingrg/kc/buy/cgsh_order_operate.html?command=get_materiel&rest_code=00150&code=00101003037&supplier_code=00100091&order_time=2024-02-16 HTTP/1.1" 200 416
218.81.220.26 - - [16/Feb/2024:12:45:32 +0800] "GET /xingrg/all/function/internal_message.html?_=1708058751112&CODE_STATE=getMsg HTTP/1.1" 200 27
120.253.135.82 - - [16/Feb/2024:12:45:33 +0800] "GET /xingrg/all/function/internal_message.html?_=1708058899566&CODE_STATE=getMsg HTTP/1.1" 200 27
101.83.145.37 - - [16/Feb/2024:12:45:33 +0800] "GET /xingrg/kc/buy/cgsh_order_operate.html?command=get_materiel&rest_code=00105&code=00102026001&supplier_code=00100558&order_time=2024-02-16 HTTP/1.1" 200 409
124.78.67.200 - - [16/Feb/2024:12:45:43 +0800] "GET /xingrg/all/function/internal_message.html?_=1708058743851&CODE_STATE=getMsg HTTP/1.1" 200 27
116.224.254.208 - - [16/Feb/2024:12:45:44 +0800] "POST /xingrg/kc/buy/cgsh_order_operate.html HTTP/1.1" 200 37
180.164.1.25 - - [16/Feb/2024:12:45:45 +0800] "GET /xingrg/all/function/internal_message.html?_=1708058744708&CODE_STATE=getMsg HTTP/1.1" 200 27
114.83.219.181 - - [16/Feb/2024:12:45:46 +0800] "GET /xingrg/all/function/internal_message.html?_=1708058745735&CODE_STATE=getMsg HTTP/1.1" 200 27
116.224.254.208 - - [16/Feb/2024:12:45:51 +0800] "POST /xingrg/kc/buy/cgsh_order_operate.html HTTP/1.1" 200 12
218.81.65.124 - - [16/Feb/2024:12:45:53 +0800] "GET /xingrg/all/function/internal_message.html?_=1708058760552&CODE_STATE=getMsg HTTP/1.1" 200 27
116.224.254.208 - - [16/Feb/2024:12:45:54 +0800] "GET /xingrg/kc/buy/cgsh_order_info.html?code=212024021604490 HTTP/1.1" 200 68440
116.224.254.208 - - [16/Feb/2024:12:45:54 +0800] "GET /xingrg/javascript/easyui/themes/default/validatebox.css HTTP/1.1" 404 1104
101.83.145.37 - - [16/Feb/2024:12:45:57 +0800] "POST /xingrg/kc/buy/cgsh_order_operate.html HTTP/1.1" 200 37
116.224.254.208 - - [16/Feb/2024:12:45:57 +0800] "POST /xingrg/kc/buy/cgsh_order_operate.html HTTP/1.1" 200 1209
116.224.254.208 - - [16/Feb/2024:12:45:59 +0800] "GET /xingrg/kc/print/load_data.html?order_code=212024021604490&kc_code=cgsh&condition= HTTP/1.1" 200 1040
101.83.145.37 - - [16/Feb/2024:12:45:59 +0800] "POST /xingrg/kc/buy/cgsh_order_operate.html HTTP/1.1" 200 4442
116.224.254.208 - - [16/Feb/2024:12:46:01 +0800] "GET /xingrg/all/function/internal_message.html?_=1708058761530&CODE_STATE=getMsg HTTP/1.1" 200 27
101.83.145.37 - - [16/Feb/2024:12:46:03 +0800] "GET /xingrg/kc/print/load_data.html?order_code=212024021604491&kc_code=cgsh&condition= HTTP/1.1" 200 1352
218.81.220.26 - - [16/Feb/2024:12:46:03 +0800] "GET /xingrg/kc/buy/cgsh_order_operate.html?command=get_materiel&rest_code=00146&code=00101008061&supplier_code=00100005&order_time=2024-02-16 HTTP/1.1" 200 422
116.224.254.208 - - [16/Feb/2024:12:46:07 +0800] "GET /xingrg/kc/buy/cgsh_order_add.html HTTP/1.1" 200 73523
116.224.254.208 - - [16/Feb/2024:12:46:07 +0800] "POST /xingrg/kc/buy/cgsh_order_operate.html HTTP/1.1" 200 8245
116.224.254.208 - - [16/Feb/2024:12:46:07 +0800] "GET /xingrg/javascript/easyui/themes/default/validatebox.css HTTP/1.1" 404 1104
101.83.145.37 - - [16/Feb/2024:12:46:12 +0800] "GET /xingrg/all/function/internal_message.html?_=1708058536901&CODE_STATE=getMsg HTTP/1.1" 200 27
124.78.158.60 - - [16/Feb/2024:12:46:18 +0800] "GET /xingrg/all/function/internal_message.html?_=1708058776086&CODE_STATE=getMsg HTTP/1.1" 200 27
116.224.254.208 - - [16/Feb/2024:12:46:19 +0800] "GET /xingrg/kc/buy/cgsh_order_operate.html?command=get_materiel&rest_code=00150&code=00101003040&supplier_code=00100093&order_time=2024-02-16 HTTP/1.1" 200 416
218.81.220.26 - - [16/Feb/2024:12:46:22 +0800] "GET /xingrg/kc/buy/cgsh_order_operate.html?command=get_materiel&rest_code=00146&code=00101008223&supplier_code=00100005&order_time=2024-02-16 HTTP/1.1" 200 414
116.230.123.222 - - [16/Feb/2024:12:46:26 +0800] "GET /xingrg/check_reg.html?_=1708058784389 HTTP/1.1" 200 22
218.81.220.26 - - [16/Feb/2024:12:46:32 +0800] "GET /xingrg/all/function/internal_message.html?_=1708058811126&CODE_STATE=getMsg HTTP/1.1" 200 27
120.253.135.82 - - [16/Feb/2024:12:46:33 +0800] "GET /xingrg/all/function/internal_message.html?_=1708058959570&CODE_STATE=getMsg HTTP/1.1" 200 27
116.224.254.208 - - [16/Feb/2024:12:46:33 +0800] "POST /xingrg/kc/buy/cgsh_order_operate.html HTTP/1.1" 200 37
116.224.254.208 - - [16/Feb/2024:12:46:39 +0800] "POST /xingrg/kc/buy/cgsh_order_operate.html HTTP/1.1" 200 12
116.224.254.208 - - [16/Feb/2024:12:46:41 +0800] "GET /xingrg/kc/buy/cgsh_order_info.html?code=212024021604492 HTTP/1.1" 200 68438
116.224.254.208 - - [16/Feb/2024:12:46:42 +0800] "GET /xingrg/javascript/easyui/themes/default/validatebox.css HTTP/1.1" 404 1104
116.224.254.208 - - [16/Feb/2024:12:46:43 +0800] "POST /xingrg/kc/buy/cgsh_order_operate.html HTTP/1.1" 200 615
124.78.67.200 - - [16/Feb/2024:12:46:43 +0800] "GET /xingrg/all/function/internal_message.html?_=1708058803831&CODE_STATE=getMsg HTTP/1.1" 200 27
116.224.254.208 - - [16/Feb/2024:12:46:44 +0800] "GET /xingrg/kc/print/load_data.html?order_code=212024021604492&kc_code=cgsh&condition= HTTP/1.1" 200 794
180.164.1.25 - - [16/Feb/2024:12:46:45 +0800] "GET /xingrg/all/function/internal_message.html?_=1708058804715&CODE_STATE=getMsg HTTP/1.1" 200 27
114.83.219.181 - - [16/Feb/2024:12:46:46 +0800] "GET /xingrg/all/function/internal_message.html?_=1708058805721&CODE_STATE=getMsg HTTP/1.1" 200 27
218.81.220.26 - - [16/Feb/2024:12:46:48 +0800] "GET /xingrg/kc/buy/cgsh_order_operate.html?command=get_materiel&rest_code=00146&code=00101015004&supplier_code=00100005&order_time=2024-02-16 HTTP/1.1" 200 409
116.224.254.208 - - [16/Feb/2024:12:46:50 +0800] "GET /xingrg/kc/buy/cgsh_order_add.html HTTP/1.1" 200 73523
116.224.254.208 - - [16/Feb/2024:12:46:51 +0800] "POST /xingrg/kc/buy/cgsh_order_operate.html HTTP/1.1" 200 8245
116.224.254.208 - - [16/Feb/2024:12:46:51 +0800] "GET /xingrg/javascript/easyui/themes/default/validatebox.css HTTP/1.1" 404 1104
218.81.65.124 - - [16/Feb/2024:12:46:53 +0800] "GET /xingrg/all/function/internal_message.html?_=1708058820559&CODE_STATE=getMsg HTTP/1.1" 200 27
116.224.254.208 - - [16/Feb/2024:12:47:01 +0800] "GET /xingrg/all/function/internal_message.html?_=1708058821501&CODE_STATE=getMsg HTTP/1.1" 200 27
116.224.254.208 - - [16/Feb/2024:12:47:01 +0800] "GET /xingrg/kc/buy/cgsh_order_operate.html?command=get_materiel&rest_code=00150&code=00101003035&supplier_code=00100092&order_time=2024-02-16 HTTP/1.1" 200 412
218.81.220.26 - - [16/Feb/2024:12:47:05 +0800] "GET /xingrg/kc/buy/cgsh_order_operate.html?command=get_materiel&rest_code=00146&code=00101008439&supplier_code=00100005&order_time=2024-02-16 HTTP/1.1" 200 413
101.83.145.37 - - [16/Feb/2024:12:47:12 +0800] "GET /xingrg/all/function/internal_message.html?_=1708058596901&CODE_STATE=getMsg HTTP/1.1" 200 27
116.224.254.208 - - [16/Feb/2024:12:47:17 +0800] "GET /xingrg/kc/buy/cgsh_order_operate.html?command=get_materiel&rest_code=00150&code=00101003006&supplier_code=00100092&order_time=2024-02-16 HTTP/1.1" 200 412
124.78.158.60 - - [16/Feb/2024:12:47:18 +0800] "GET /xingrg/all/function/internal_message.html?_=1708058836073&CODE_STATE=getMsg HTTP/1.1" 200 27
218.81.220.26 - - [16/Feb/2024:12:47:18 +0800] "POST /xingrg/kc/buy/cgsh_order_operate.html HTTP/1.1" 200 2065
218.81.220.26 - - [16/Feb/2024:12:47:26 +0800] "GET /xingrg/kc/buy/cgsh_order_operate.html?command=get_materiel&rest_code=00146&code=00101008350&supplier_code=00100005&order_time=2024-02-16 HTTP/1.1" 200 408
218.81.220.26 - - [16/Feb/2024:12:47:32 +0800] "GET /xingrg/all/function/internal_message.html?_=1708058871138&CODE_STATE=getMsg HTTP/1.1" 200 27
120.253.135.82 - - [16/Feb/2024:12:47:33 +0800] "GET /xingrg/all/function/internal_message.html?_=1708059019575&CODE_STATE=getMsg HTTP/1.1" 200 27
218.81.220.26 - - [16/Feb/2024:12:47:43 +0800] "GET /xingrg/kc/buy/cgsh_order_operate.html?command=get_materiel&rest_code=00146&code=00101008589&supplier_code=00100005&order_time=2024-02-16 HTTP/1.1" 200 409
124.78.67.200 - - [16/Feb/2024:12:47:43 +0800] "GET /xingrg/all/function/internal_message.html?_=1708058863805&CODE_STATE=getMsg HTTP/1.1" 200 27
180.164.1.25 - - [16/Feb/2024:12:47:45 +0800] "GET /xingrg/all/function/internal_message.html?_=1708058864718&CODE_STATE=getMsg HTTP/1.1" 200 27
114.83.219.181 - - [16/Feb/2024:12:47:46 +0800] "GET /xingrg/all/function/internal_message.html?_=1708058865709&CODE_STATE=getMsg HTTP/1.1" 200 27
116.224.254.208 - - [16/Feb/2024:12:47:48 +0800] "POST /xingrg/kc/buy/cgsh_order_operate.html HTTP/1.1" 200 37
218.81.65.124 - - [16/Feb/2024:12:47:53 +0800] "GET /xingrg/all/function/internal_message.html?_=1708058880558&CODE_STATE=getMsg HTTP/1.1" 200 27
116.224.254.208 - - [16/Feb/2024:12:47:56 +0800] "POST /xingrg/kc/buy/cgsh_order_operate.html HTTP/1.1" 200 12
116.224.254.208 - - [16/Feb/2024:12:47:58 +0800] "GET /xingrg/kc/buy/cgsh_order_info.html?code=212024021604493 HTTP/1.1" 200 68438
116.224.254.208 - - [16/Feb/2024:12:47:58 +0800] "GET /xingrg/javascript/easyui/themes/default/validatebox.css HTTP/1.1" 404 1104
116.224.254.208 - - [16/Feb/2024:12:47:59 +0800] "POST /xingrg/kc/buy/cgsh_order_operate.html HTTP/1.1" 200 1209
116.224.254.208 - - [16/Feb/2024:12:48:01 +0800] "GET /xingrg/all/function/internal_message.html?_=1708058881489&CODE_STATE=getMsg HTTP/1.1" 200 27
116.224.254.208 - - [16/Feb/2024:12:48:02 +0800] "GET /xingrg/kc/print/load_data.html?order_code=212024021604493&kc_code=cgsh&condition= HTTP/1.1" 200 1021
120.253.135.82 - - [16/Feb/2024:12:48:04 +0800] "GET /xingrg/check_reg.html?_=1708058715917 HTTP/1.1" 200 22
218.81.220.26 - - [16/Feb/2024:12:48:05 +0800] "GET /xingrg/kc/buy/cgsh_order_operate.html?command=get_materiel&rest_code=00146&code=00101008114&supplier_code=00100005&order_time=2024-02-16 HTTP/1.1" 200 413
116.224.254.208 - - [16/Feb/2024:12:48:08 +0800] "GET /xingrg/kc/buy/cgsh_order_add.html HTTP/1.1" 200 73523
116.224.254.208 - - [16/Feb/2024:12:48:08 +0800] "POST /xingrg/kc/buy/cgsh_order_operate.html HTTP/1.1" 200 8245
116.224.254.208 - - [16/Feb/2024:12:48:08 +0800] "GET /xingrg/javascript/easyui/themes/default/validatebox.css HTTP/1.1" 404 1104
101.83.145.37 - - [16/Feb/2024:12:48:12 +0800] "GET /xingrg/all/function/internal_message.html?_=1708058656901&CODE_STATE=getMsg HTTP/1.1" 200 27
124.78.158.60 - - [16/Feb/2024:12:48:18 +0800] "GET /xingrg/all/function/internal_message.html?_=1708058896045&CODE_STATE=getMsg HTTP/1.1" 200 27
116.224.254.208 - - [16/Feb/2024:12:48:22 +0800] "GET /xingrg/kc/buy/cgsh_order_operate.html?command=get_materiel&rest_code=00150&code=00101004046&supplier_code=00100312&order_time=2024-02-16 HTTP/1.1" 200 418
124.78.67.200 - - [16/Feb/2024:12:48:23 +0800] "GET /xingrg/check_reg.html?_=1708058903405 HTTP/1.1" 200 22
218.81.220.26 - - [16/Feb/2024:12:48:31 +0800] "GET /xingrg/check_reg.html?_=1708058929375 HTTP/1.1" 200 22
218.81.220.26 - - [16/Feb/2024:12:48:32 +0800] "GET /xingrg/all/function/internal_message.html?_=1708058931152&CODE_STATE=getMsg HTTP/1.1" 200 27
120.253.135.82 - - [16/Feb/2024:12:48:33 +0800] "GET /xingrg/all/function/internal_message.html?_=1708059079580&CODE_STATE=getMsg HTTP/1.1" 200 27
116.224.254.208 - - [16/Feb/2024:12:48:37 +0800] "POST /xingrg/kc/buy/cgsh_order_operate.html HTTP/1.1" 200 37
124.78.67.200 - - [16/Feb/2024:12:48:43 +0800] "GET /xingrg/all/function/internal_message.html?_=1708058923792&CODE_STATE=getMsg HTTP/1.1" 200 27
116.224.254.208 - - [16/Feb/2024:12:48:44 +0800] "POST /xingrg/kc/buy/cgsh_order_operate.html HTTP/1.1" 200 12
180.164.1.25 - - [16/Feb/2024:12:48:45 +0800] "GET /xingrg/check_reg.html?_=1708058924719 HTTP/1.1" 200 22
180.164.1.25 - - [16/Feb/2024:12:48:45 +0800] "GET /xingrg/all/function/internal_message.html?_=1708058924722&CODE_STATE=getMsg HTTP/1.1" 200 27
114.83.219.181 - - [16/Feb/2024:12:48:46 +0800] "GET /xingrg/all/function/internal_message.html?_=1708058925681&CODE_STATE=getMsg HTTP/1.1" 200 27
116.224.254.208 - - [16/Feb/2024:12:48:47 +0800] "GET /xingrg/kc/buy/cgsh_order_info.html?code=212024021604494 HTTP/1.1" 200 68440
116.224.254.208 - - [16/Feb/2024:12:48:47 +0800] "GET /xingrg/javascript/easyui/themes/default/validatebox.css HTTP/1.1" 404 1104
116.224.254.208 - - [16/Feb/2024:12:48:48 +0800] "POST /xingrg/kc/buy/cgsh_order_operate.html HTTP/1.1" 200 615
114.83.219.181 - - [16/Feb/2024:12:48:49 +0800] "GET /xingrg/check_reg.html?_=1708058929367 HTTP/1.1" 200 22
218.81.65.124 - - [16/Feb/2024:12:48:53 +0800] "GET /xingrg/all/function/internal_message.html?_=1708058940557&CODE_STATE=getMsg HTTP/1.1" 200 27
116.224.254.208 - - [16/Feb/2024:12:48:53 +0800] "GET /xingrg/kc/print/load_data.html?order_code=212024021604494&kc_code=cgsh&condition= HTTP/1.1" 200 746
116.224.254.208 - - [16/Feb/2024:12:49:01 +0800] "GET /xingrg/kc/buy/cgsh_order_add.html HTTP/1.1" 200 73523
218.81.220.26 - - [16/Feb/2024:12:49:01 +0800] "GET /xingrg/kc/buy/cgsh_order_operate.html?command=get_materiel&rest_code=00146&code=00101008349&supplier_code=00100005&order_time=2024-02-16 HTTP/1.1" 200 412
116.224.254.208 - - [16/Feb/2024:12:49:01 +0800] "POST /xingrg/kc/buy/cgsh_order_operate.html HTTP/1.1" 200 8245
116.224.254.208 - - [16/Feb/2024:12:49:01 +0800] "GET /xingrg/javascript/easyui/themes/default/validatebox.css HTTP/1.1" 404 1104
116.224.254.208 - - [16/Feb/2024:12:49:01 +0800] "GET /xingrg/all/function/internal_message.html?_=1708058941505&CODE_STATE=getMsg HTTP/1.1" 200 27
101.83.145.37 - - [16/Feb/2024:12:49:12 +0800] "GET /xingrg/all/function/internal_message.html?_=1708058716901&CODE_STATE=getMsg HTTP/1.1" 200 27
116.224.254.208 - - [16/Feb/2024:12:49:16 +0800] "GET /xingrg/kc/buy/cgsh_order_operate.html?command=get_materiel&rest_code=00150&code=00101001125&supplier_code=00100090&order_time=2024-02-16 HTTP/1.1" 200 417
124.78.158.60 - - [16/Feb/2024:12:49:18 +0800] "GET /xingrg/all/function/internal_message.html?_=1708058956018&CODE_STATE=getMsg HTTP/1.1" 200 27
218.81.220.26 - - [16/Feb/2024:12:49:31 +0800] "GET /xingrg/kc/buy/cgsh_order_operate.html?command=get_materiel&rest_code=00146&code=00101008095&supplier_code=00100005&order_time=2024-02-16 HTTP/1.1" 200 412
218.81.220.26 - - [16/Feb/2024:12:49:32 +0800] "GET /xingrg/all/function/internal_message.html?_=1708058991165&CODE_STATE=getMsg HTTP/1.1" 200 27
120.253.135.82 - - [16/Feb/2024:12:49:33 +0800] "GET /xingrg/all/function/internal_message.html?_=1708059139584&CODE_STATE=getMsg HTTP/1.1" 200 27
120.253.135.82 - - [16/Feb/2024:12:49:33 +0800] "GET /xingrg/check_reg.html?_=1708059139587 HTTP/1.1" 200 22
218.81.220.26 - - [16/Feb/2024:12:49:37 +0800] "GET /xingrg/check_reg.html?_=1708058993055 HTTP/1.1" 302 -
116.224.254.208 - - [16/Feb/2024:12:49:38 +0800] "GET /xingrg/kc/buy/cgsh_order_operate.html?command=get_materiel&rest_code=00150&code=00101004101&supplier_code=00100090&order_time=2024-02-16 HTTP/1.1" 200 436
124.78.67.200 - - [16/Feb/2024:12:49:43 +0800] "GET /xingrg/all/function/internal_message.html?_=1708058983772&CODE_STATE=getMsg HTTP/1.1" 200 27
180.164.1.25 - - [16/Feb/2024:12:49:45 +0800] "GET /xingrg/all/function/internal_message.html?_=1708058984712&CODE_STATE=getMsg HTTP/1.1" 200 27
114.83.219.181 - - [16/Feb/2024:12:49:46 +0800] "GET /xingrg/all/function/internal_message.html?_=1708058985654&CODE_STATE=getMsg HTTP/1.1" 200 27
218.81.220.26 - - [16/Feb/2024:12:49:48 +0800] "POST /xingrg/kc/buy/cgsh_order_operate.html HTTP/1.1" 200 2065
218.81.65.124 - - [16/Feb/2024:12:49:53 +0800] "GET /xingrg/check_reg.html?_=1708059000556 HTTP/1.1" 200 22
218.81.65.124 - - [16/Feb/2024:12:49:53 +0800] "GET /xingrg/all/function/internal_message.html?_=1708059000558&CODE_STATE=getMsg HTTP/1.1" 200 27
116.224.254.208 - - [16/Feb/2024:12:49:54 +0800] "GET /xingrg/kc/buy/cgsh_order_operate.html?command=get_materiel&rest_code=00150&code=00101001025&supplier_code=00100090&order_time=2024-02-16 HTTP/1.1" 200 421
218.81.220.26 - - [16/Feb/2024:12:49:57 +0800] "GET /xingrg/kc/buy/cgsh_order_operate.html?command=get_materiel&rest_code=00146&code=00101008674&supplier_code=00100005&order_time=2024-02-16 HTTP/1.1" 200 412
116.224.254.208 - - [16/Feb/2024:12:50:01 +0800] "GET /xingrg/all/function/internal_message.html?_=1708059001494&CODE_STATE=getMsg HTTP/1.1" 200 27
116.224.254.208 - - [16/Feb/2024:12:50:10 +0800] "POST /xingrg/kc/buy/cgsh_order_operate.html HTTP/1.1" 200 37
101.83.145.37 - - [16/Feb/2024:12:50:12 +0800] "GET /xingrg/all/function/internal_message.html?_=1708058776901&CODE_STATE=getMsg HTTP/1.1" 200 27
101.83.145.37 - - [16/Feb/2024:12:50:12 +0800] "GET /xingrg/check_reg.html?_=1708058776904 HTTP/1.1" 200 22
116.224.254.208 - - [16/Feb/2024:12:50:17 +0800] "POST /xingrg/kc/buy/cgsh_order_operate.html HTTP/1.1" 200 12
124.78.158.60 - - [16/Feb/2024:12:50:18 +0800] "GET /xingrg/all/function/internal_message.html?_=1708059015991&CODE_STATE=getMsg HTTP/1.1" 200 27
124.78.158.60 - - [16/Feb/2024:12:50:19 +0800] "GET /xingrg/check_reg.html?_=1708059016759 HTTP/1.1" 200 22
116.224.254.208 - - [16/Feb/2024:12:50:19 +0800] "GET /xingrg/kc/buy/cgsh_order_info.html?code=212024021604495 HTTP/1.1" 200 68440
116.224.254.208 - - [16/Feb/2024:12:50:19 +0800] "GET /xingrg/javascript/easyui/themes/default/validatebox.css HTTP/1.1" 404 1104
116.224.254.208 - - [16/Feb/2024:12:50:20 +0800] "POST /xingrg/kc/buy/cgsh_order_operate.html HTTP/1.1" 200 1816
116.224.254.208 - - [16/Feb/2024:12:50:22 +0800] "GET /xingrg/kc/print/load_data.html?order_code=212024021604495&kc_code=cgsh&condition= HTTP/1.1" 200 1279
116.224.254.208 - - [16/Feb/2024:12:50:23 +0800] "GET /xingrg/check_reg.html?_=1708059023445 HTTP/1.1" 200 22
218.81.220.26 - - [16/Feb/2024:12:50:28 +0800] "GET /xingrg/kc/buy/cgsh_order_operate.html?command=get_materiel&rest_code=00146&code=00101008041&supplier_code=00100005&order_time=2024-02-16 HTTP/1.1" 200 408
116.224.254.208 - - [16/Feb/2024:12:50:28 +0800] "GET /xingrg/kc/buy/cgsh_order_add.html HTTP/1.1" 200 73523
116.224.254.208 - - [16/Feb/2024:12:50:29 +0800] "POST /xingrg/kc/buy/cgsh_order_operate.html HTTP/1.1" 200 8245
116.224.254.208 - - [16/Feb/2024:12:50:29 +0800] "GET /xingrg/javascript/easyui/themes/default/validatebox.css HTTP/1.1" 404 1104
218.81.220.26 - - [16/Feb/2024:12:50:32 +0800] "GET /xingrg/all/function/internal_message.html?_=1708059051179&CODE_STATE=getMsg HTTP/1.1" 200 27
120.253.135.82 - - [16/Feb/2024:12:50:33 +0800] "GET /xingrg/all/function/internal_message.html?_=1708059199589&CODE_STATE=getMsg HTTP/1.1" 200 27
116.230.123.222 - - [16/Feb/2024:12:50:33 +0800] "POST /xingrg/services/DataTransmitService HTTP/1.1" 200 524
116.230.123.222 - - [16/Feb/2024:12:50:35 +0800] "POST /xingrg/services/DataTransmitService HTTP/1.1" 200 412
116.224.254.208 - - [16/Feb/2024:12:50:40 +0800] "GET /xingrg/kc/buy/cgsh_order_operate.html?command=get_materiel&rest_code=00150&code=00101007085&supplier_code=00100328&order_time=2024-02-16 HTTP/1.1" 200 413
124.78.67.200 - - [16/Feb/2024:12:50:43 +0800] "GET /xingrg/all/function/internal_message.html?_=1708059043759&CODE_STATE=getMsg HTTP/1.1" 200 27
180.164.1.25 - - [16/Feb/2024:12:50:45 +0800] "GET /xingrg/all/function/internal_message.html?_=1708059044715&CODE_STATE=getMsg HTTP/1.1" 200 27
114.83.219.181 - - [16/Feb/2024:12:50:46 +0800] "GET /xingrg/all/function/internal_message.html?_=1708059045624&CODE_STATE=getMsg HTTP/1.1" 200 27
116.224.254.208 - - [16/Feb/2024:12:50:51 +0800] "POST /xingrg/kc/buy/cgsh_order_operate.html HTTP/1.1" 200 37
218.81.65.124 - - [16/Feb/2024:12:50:53 +0800] "GET /xingrg/all/function/internal_message.html?_=1708059060556&CODE_STATE=getMsg HTTP/1.1" 200 27
218.81.220.26 - - [16/Feb/2024:12:50:55 +0800] "GET /xingrg/kc/buy/cgsh_order_operate.html?command=get_materiel&rest_code=00146&code=00101015110&supplier_code=00100005&order_time=2024-02-16 HTTP/1.1" 200 412
116.224.254.208 - - [16/Feb/2024:12:50:58 +0800] "POST /xingrg/kc/buy/cgsh_order_operate.html HTTP/1.1" 200 12
116.224.254.208 - - [16/Feb/2024:12:51:01 +0800] "GET /xingrg/kc/buy/cgsh_order_info.html?code=212024021604496 HTTP/1.1" 200 68440
116.224.254.208 - - [16/Feb/2024:12:51:01 +0800] "GET /xingrg/javascript/easyui/themes/default/validatebox.css HTTP/1.1" 404 1104
116.224.254.208 - - [16/Feb/2024:12:51:01 +0800] "GET /xingrg/all/function/internal_message.html?_=1708059061462&CODE_STATE=getMsg HTTP/1.1" 200 27
116.224.254.208 - - [16/Feb/2024:12:51:02 +0800] "POST /xingrg/kc/buy/cgsh_order_operate.html HTTP/1.1" 200 608
116.224.254.208 - - [16/Feb/2024:12:51:04 +0800] "GET /xingrg/kc/print/load_data.html?order_code=212024021604496&kc_code=cgsh&condition= HTTP/1.1" 200 733
116.224.254.208 - - [16/Feb/2024:12:51:10 +0800] "GET /xingrg/kc/buy/cgsh_order_add.html HTTP/1.1" 200 73523
116.224.254.208 - - [16/Feb/2024:12:51:12 +0800] "POST /xingrg/kc/buy/cgsh_order_operate.html HTTP/1.1" 200 8245
116.224.254.208 - - [16/Feb/2024:12:51:12 +0800] "GET /xingrg/javascript/easyui/themes/default/validatebox.css HTTP/1.1" 404 1104
101.83.145.37 - - [16/Feb/2024:12:51:12 +0800] "GET /xingrg/all/function/internal_message.html?_=1708058836904&CODE_STATE=getMsg HTTP/1.1" 200 27
124.78.158.60 - - [16/Feb/2024:12:51:18 +0800] "GET /xingrg/all/function/internal_message.html?_=1708059075964&CODE_STATE=getMsg HTTP/1.1" 200 27
116.224.254.208 - - [16/Feb/2024:12:51:24 +0800] "GET /xingrg/kc/buy/cgsh_order_operate.html?command=get_materiel&rest_code=00150&code=00101010079&supplier_code=00100336&order_time=2024-02-16 HTTP/1.1" 200 413
116.230.123.222 - - [16/Feb/2024:12:51:26 +0800] "GET /xingrg/check_reg.html?_=1708059084363 HTTP/1.1" 200 22
218.81.220.26 - - [16/Feb/2024:12:51:30 +0800] "GET /xingrg/kc/buy/cgsh_order_operate.html?command=get_materiel&rest_code=00146&code=00101015066&supplier_code=00100005&order_time=2024-02-16 HTTP/1.1" 200 413
218.81.220.26 - - [16/Feb/2024:12:51:32 +0800] "GET /xingrg/all/function/internal_message.html?_=1708059111192&CODE_STATE=getMsg HTTP/1.1" 200 27
120.253.135.82 - - [16/Feb/2024:12:51:33 +0800] "GET /xingrg/all/function/internal_message.html?_=1708059259595&CODE_STATE=getMsg HTTP/1.1" 200 27
116.224.254.208 - - [16/Feb/2024:12:51:35 +0800] "POST /xingrg/kc/buy/cgsh_order_operate.html HTTP/1.1" 200 37
116.224.254.208 - - [16/Feb/2024:12:51:42 +0800] "POST /xingrg/kc/buy/cgsh_order_operate.html HTTP/1.1" 200 12
124.78.67.200 - - [16/Feb/2024:12:51:43 +0800] "GET /xingrg/all/function/internal_message.html?_=1708059103732&CODE_STATE=getMsg HTTP/1.1" 200 27
116.224.254.208 - - [16/Feb/2024:12:51:44 +0800] "GET /xingrg/kc/buy/cgsh_order_info.html?code=212024021604497 HTTP/1.1" 200 68436
116.224.254.208 - - [16/Feb/2024:12:51:45 +0800] "GET /xingrg/javascript/easyui/themes/default/validatebox.css HTTP/1.1" 404 1104
180.164.1.25 - - [16/Feb/2024:12:51:45 +0800] "GET /xingrg/all/function/internal_message.html?_=1708059104711&CODE_STATE=getMsg HTTP/1.1" 200 27
116.224.254.208 - - [16/Feb/2024:12:51:46 +0800] "POST /xingrg/kc/buy/cgsh_order_operate.html HTTP/1.1" 200 607
114.83.219.181 - - [16/Feb/2024:12:51:46 +0800] "GET /xingrg/all/function/internal_message.html?_=1708059105594&CODE_STATE=getMsg HTTP/1.1" 200 27
116.224.254.208 - - [16/Feb/2024:12:51:48 +0800] "GET /xingrg/kc/print/load_data.html?order_code=212024021604497&kc_code=cgsh&condition= HTTP/1.1" 200 735
218.81.65.124 - - [16/Feb/2024:12:51:53 +0800] "GET /xingrg/all/function/internal_message.html?_=1708059120556&CODE_STATE=getMsg HTTP/1.1" 200 27
116.224.254.208 - - [16/Feb/2024:12:51:56 +0800] "GET /xingrg/kc/buy/cgsh_order_add.html HTTP/1.1" 200 73523
116.224.254.208 - - [16/Feb/2024:12:51:56 +0800] "POST /xingrg/kc/buy/cgsh_order_operate.html HTTP/1.1" 200 8245
116.224.254.208 - - [16/Feb/2024:12:51:56 +0800] "GET /xingrg/javascript/easyui/themes/default/validatebox.css HTTP/1.1" 404 1104
116.224.254.208 - - [16/Feb/2024:12:52:01 +0800] "GET /xingrg/all/function/internal_message.html?_=1708059121441&CODE_STATE=getMsg HTTP/1.1" 200 27
116.224.254.208 - - [16/Feb/2024:12:52:10 +0800] "GET /xingrg/kc/buy/cgsh_order_operate.html?command=get_materiel&rest_code=00150&code=00101020275&supplier_code=00100322&order_time=2024-02-16 HTTP/1.1" 200 416
101.83.145.37 - - [16/Feb/2024:12:52:12 +0800] "GET /xingrg/all/function/internal_message.html?_=1708058896904&CODE_STATE=getMsg HTTP/1.1" 200 27
124.78.158.60 - - [16/Feb/2024:12:52:18 +0800] "GET /xingrg/all/function/internal_message.html?_=1708059135935&CODE_STATE=getMsg HTTP/1.1" 200 27
116.224.254.208 - - [16/Feb/2024:12:52:22 +0800] "POST /xingrg/kc/buy/cgsh_order_operate.html HTTP/1.1" 200 37
116.224.254.208 - - [16/Feb/2024:12:52:29 +0800] "POST /xingrg/kc/buy/cgsh_order_operate.html HTTP/1.1" 200 12
116.224.254.208 - - [16/Feb/2024:12:52:31 +0800] "GET /xingrg/kc/buy/cgsh_order_info.html?code=212024021604498 HTTP/1.1" 200 68430
116.224.254.208 - - [16/Feb/2024:12:52:32 +0800] "GET /xingrg/javascript/easyui/themes/default/validatebox.css HTTP/1.1" 404 1104
218.81.220.26 - - [16/Feb/2024:12:52:32 +0800] "GET /xingrg/all/function/internal_message.html?_=1708059171206&CODE_STATE=getMsg HTTP/1.1" 200 27
116.224.254.208 - - [16/Feb/2024:12:52:33 +0800] "POST /xingrg/kc/buy/cgsh_order_operate.html HTTP/1.1" 200 605
120.253.135.82 - - [16/Feb/2024:12:52:33 +0800] "GET /xingrg/all/function/internal_message.html?_=1708059319599&CODE_STATE=getMsg HTTP/1.1" 200 27
116.224.254.208 - - [16/Feb/2024:12:52:35 +0800] "GET /xingrg/kc/print/load_data.html?order_code=212024021604498&kc_code=cgsh&condition= HTTP/1.1" 200 728
124.78.67.200 - - [16/Feb/2024:12:52:43 +0800] "GET /xingrg/all/function/internal_message.html?_=1708059163709&CODE_STATE=getMsg HTTP/1.1" 200 27
218.81.220.26 - - [16/Feb/2024:12:52:45 +0800] "POST /xingrg/kc/buy/cgsh_order_operate.html HTTP/1.1" 200 37
180.164.1.25 - - [16/Feb/2024:12:52:45 +0800] "GET /xingrg/all/function/internal_message.html?_=1708059164728&CODE_STATE=getMsg HTTP/1.1" 200 27
114.83.219.181 - - [16/Feb/2024:12:52:46 +0800] "GET /xingrg/all/function/internal_message.html?_=1708059165585&CODE_STATE=getMsg HTTP/1.1" 200 27
218.81.220.26 - - [16/Feb/2024:12:52:52 +0800] "POST /xingrg/kc/buy/cgsh_order_operate.html HTTP/1.1" 200 22795
218.81.65.124 - - [16/Feb/2024:12:52:53 +0800] "GET /xingrg/all/function/internal_message.html?_=1708059180554&CODE_STATE=getMsg HTTP/1.1" 200 27
116.224.254.208 - - [16/Feb/2024:12:53:01 +0800] "GET /xingrg/all/function/internal_message.html?_=1708059181429&CODE_STATE=getMsg HTTP/1.1" 200 27
120.253.135.82 - - [16/Feb/2024:12:53:04 +0800] "GET /xingrg/check_reg.html?_=1708059015930 HTTP/1.1" 200 22
101.83.145.37 - - [16/Feb/2024:12:53:12 +0800] "GET /xingrg/all/function/internal_message.html?_=1708058956904&CODE_STATE=getMsg HTTP/1.1" 200 27
124.78.158.60 - - [16/Feb/2024:12:53:18 +0800] "GET /xingrg/all/function/internal_message.html?_=1708059195924&CODE_STATE=getMsg HTTP/1.1" 200 27
124.78.67.200 - - [16/Feb/2024:12:53:23 +0800] "GET /xingrg/check_reg.html?_=1708059203386 HTTP/1.1" 200 22
218.81.220.26 - - [16/Feb/2024:12:53:31 +0800] "GET /xingrg/check_reg.html?_=1708059229383 HTTP/1.1" 200 22
218.81.220.26 - - [16/Feb/2024:12:53:32 +0800] "GET /xingrg/all/function/internal_message.html?_=1708059231220&CODE_STATE=getMsg HTTP/1.1" 200 27
120.253.135.82 - - [16/Feb/2024:12:53:33 +0800] "GET /xingrg/all/function/internal_message.html?_=1708059379603&CODE_STATE=getMsg HTTP/1.1" 200 27
124.78.67.200 - - [16/Feb/2024:12:53:43 +0800] "GET /xingrg/all/function/internal_message.html?_=1708059223691&CODE_STATE=getMsg HTTP/1.1" 200 27
180.164.1.25 - - [16/Feb/2024:12:53:45 +0800] "GET /xingrg/check_reg.html?_=1708059224718 HTTP/1.1" 200 22
180.164.1.25 - - [16/Feb/2024:12:53:45 +0800] "GET /xingrg/all/function/internal_message.html?_=1708059224721&CODE_STATE=getMsg HTTP/1.1" 200 27
114.83.219.181 - - [16/Feb/2024:12:53:46 +0800] "GET /xingrg/all/function/internal_message.html?_=1708059225574&CODE_STATE=getMsg HTTP/1.1" 200 27
114.83.219.181 - - [16/Feb/2024:12:53:49 +0800] "GET /xingrg/check_reg.html?_=1708059229353 HTTP/1.1" 200 22
218.81.65.124 - - [16/Feb/2024:12:53:53 +0800] "GET /xingrg/all/function/internal_message.html?_=1708059240553&CODE_STATE=getMsg HTTP/1.1" 200 27
116.224.254.208 - - [16/Feb/2024:12:54:01 +0800] "GET /xingrg/all/function/internal_message.html?_=1708059241407&CODE_STATE=getMsg HTTP/1.1" 200 27
101.93.220.37 - - [16/Feb/2024:12:54:07 +0800] "POST /xingrg/services/DataTransmitService HTTP/1.1" 200 524
101.83.145.37 - - [16/Feb/2024:12:54:12 +0800] "GET /xingrg/all/function/internal_message.html?_=1708059016908&CODE_STATE=getMsg HTTP/1.1" 200 27
218.81.220.26 - - [16/Feb/2024:12:54:13 +0800] "POST /xingrg/kc/buy/cgsh_order_operate.html HTTP/1.1" 200 37
124.78.158.60 - - [16/Feb/2024:12:54:18 +0800] "GET /xingrg/all/function/internal_message.html?_=1708059255895&CODE_STATE=getMsg HTTP/1.1" 200 27
218.81.220.26 - - [16/Feb/2024:12:54:24 +0800] "POST /xingrg/kc/buy/cgsh_order_operate.html HTTP/1.1" 200 22795
120.253.135.82 - - [16/Feb/2024:12:54:33 +0800] "GET /xingrg/all/function/internal_message.html?_=1708059439608&CODE_STATE=getMsg HTTP/1.1" 200 27
120.253.135.82 - - [16/Feb/2024:12:54:33 +0800] "GET /xingrg/check_reg.html?_=1708059439611 HTTP/1.1" 200 22
218.81.220.26 - - [16/Feb/2024:12:54:37 +0800] "GET /xingrg/check_reg.html?_=1708059293190 HTTP/1.1" 302 -
124.78.67.200 - - [16/Feb/2024:12:54:43 +0800] "GET /xingrg/all/function/internal_message.html?_=1708059283667&CODE_STATE=getMsg HTTP/1.1" 200 27
180.164.1.25 - - [16/Feb/2024:12:54:45 +0800] "GET /xingrg/all/function/internal_message.html?_=1708059284717&CODE_STATE=getMsg HTTP/1.1" 200 27
114.83.219.181 - - [16/Feb/2024:12:54:46 +0800] "GET /xingrg/all/function/internal_message.html?_=1708059285548&CODE_STATE=getMsg HTTP/1.1" 200 27
218.81.65.124 - - [16/Feb/2024:12:54:53 +0800] "GET /xingrg/check_reg.html?_=1708059300555 HTTP/1.1" 200 22
218.81.65.124 - - [16/Feb/2024:12:54:53 +0800] "GET /xingrg/all/function/internal_message.html?_=1708059300552&CODE_STATE=getMsg HTTP/1.1" 200 27
218.81.220.26 - - [16/Feb/2024:12:54:56 +0800] "GET /xingrg/kc/buy/cgsh_order_list.html HTTP/1.1" 302 -
218.81.220.26 - - [16/Feb/2024:12:54:56 +0800] "GET /xingrg/login.html HTTP/1.1" 200 7641
218.81.220.26 - - [16/Feb/2024:12:54:56 +0800] "GET /xingrg/login.html HTTP/1.1" 200 7641
218.81.220.26 - - [16/Feb/2024:12:54:58 +0800] "GET /xingrg/images/blue/login_bg.png HTTP/1.1" 304 -
218.81.220.26 - - [16/Feb/2024:12:54:58 +0800] "GET /xingrg/images/blue/jxLogo.png HTTP/1.1" 304 -
218.81.220.26 - - [16/Feb/2024:12:54:58 +0800] "GET /xingrg/images/blue/srbg.png HTTP/1.1" 304 -
218.81.220.26 - - [16/Feb/2024:12:54:58 +0800] "GET /xingrg/images/blue/hj.png HTTP/1.1" 304 -
218.81.220.26 - - [16/Feb/2024:12:54:58 +0800] "GET /favicon.ico HTTP/1.1" 404 -
116.224.254.208 - - [16/Feb/2024:12:55:01 +0800] "GET /xingrg/all/function/internal_message.html?_=1708059301384&CODE_STATE=getMsg HTTP/1.1" 200 27
218.81.220.26 - - [16/Feb/2024:12:55:08 +0800] "POST /xingrg/login.do HTTP/1.1" 302 -
218.81.220.26 - - [16/Feb/2024:12:55:08 +0800] "GET /xingrg/index.html?sysBaseUrl=http%3A%2F%2F180.169.147.146%3A18081%2Fxingrg%2F&costTime=814×tamp=1708059308293 HTTP/1.1" 200 17179
218.81.220.26 - - [16/Feb/2024:12:55:08 +0800] "GET /xingrg/javascript/jquery_easy_ui/themes/default/easyui.css HTTP/1.1" 304 -
218.81.220.26 - - [16/Feb/2024:12:55:08 +0800] "GET /xingrg/javascript/jquery_easy_ui/themes/icon.css HTTP/1.1" 304 -
218.81.220.26 - - [16/Feb/2024:12:55:08 +0800] "GET /xingrg/css/form.css HTTP/1.1" 304 -
218.81.220.26 - - [16/Feb/2024:12:55:08 +0800] "GET /xingrg/javascript/jquery-1.4.2.min.js HTTP/1.1" 304 -
218.81.220.26 - - [16/Feb/2024:12:55:08 +0800] "GET /xingrg/javascript/jquery.utils.js HTTP/1.1" 304 -
218.81.220.26 - - [16/Feb/2024:12:55:08 +0800] "GET /xingrg/javascript/jquery.form.js HTTP/1.1" 304 -
218.81.220.26 - - [16/Feb/2024:12:55:08 +0800] "GET /xingrg/javascript/jquery.timers.js HTTP/1.1" 304 -
218.81.220.26 - - [16/Feb/2024:12:55:08 +0800] "GET /xingrg/javascript/jquery_easy_ui/jquery.easyui.min.js HTTP/1.1" 304 -
218.81.220.26 - - [16/Feb/2024:12:55:08 +0800] "GET /xingrg/javascript/jquery_easy_ui/easyui-lang-zh_CN.js HTTP/1.1" 304 -
218.81.220.26 - - [16/Feb/2024:12:55:08 +0800] "GET /favicon.ico HTTP/1.1" 404 -
218.81.220.26 - - [16/Feb/2024:12:55:08 +0800] "GET /xingrg/images/blue/navBackgound.jpg HTTP/1.1" 304 -
218.81.220.26 - - [16/Feb/2024:12:55:08 +0800] "GET /xingrg/javascript/jquery_easy_ui/themes/icons/settle_new.png HTTP/1.1" 304 -
218.81.220.26 - - [16/Feb/2024:12:55:08 +0800] "GET /xingrg/images/blue/pingpu.png HTTP/1.1" 304 -
218.81.220.26 - - [16/Feb/2024:12:55:08 +0800] "GET /xingrg/javascript/jquery_easy_ui/themes/default/images/tabs_leftarrow.png HTTP/1.1" 304 -
218.81.220.26 - - [16/Feb/2024:12:55:08 +0800] "GET /xingrg/javascript/jquery_easy_ui/themes/default/images/tabs_rightarrow.png HTTP/1.1" 304 -
218.81.220.26 - - [16/Feb/2024:12:55:08 +0800] "GET /xingrg/javascript/jquery_easy_ui/themes/default/images/panel_tool_collapse.gif HTTP/1.1" 304 -
218.81.220.26 - - [16/Feb/2024:12:55:08 +0800] "GET /xingrg/all/function/internal_message.html?_=1708059324396&CODE_STATE=count HTTP/1.1" 200 11
218.81.220.26 - - [16/Feb/2024:12:55:08 +0800] "GET /xingrg/check_reg.html?_=1708059324397 HTTP/1.1" 200 22
218.81.220.26 - - [16/Feb/2024:12:55:08 +0800] "POST /xingrg/all/common/load_tree.html?tree=area_rest_tree_json&manage=1 HTTP/1.1" 200 479
218.81.220.26 - - [16/Feb/2024:12:55:08 +0800] "POST /xingrg/load_menu.html HTTP/1.1" 200 5138
218.81.220.26 - - [16/Feb/2024:12:55:08 +0800] "GET /xingrg/javascript/jquery_easy_ui/themes/default/images/tree_arrows.gif HTTP/1.1" 304 -
218.81.220.26 - - [16/Feb/2024:12:55:08 +0800] "GET /xingrg/javascript/jquery_easy_ui/themes/default/images/tree_folder_open.gif HTTP/1.1" 304 -
218.81.220.26 - - [16/Feb/2024:12:55:08 +0800] "GET /xingrg/javascript/jquery_easy_ui/themes/icons/search_new.png HTTP/1.1" 304 -
218.81.220.26 - - [16/Feb/2024:12:55:08 +0800] "GET /xingrg/javascript/jquery_easy_ui/themes/default/images/tree_folder.gif HTTP/1.1" 304 -
218.81.220.26 - - [16/Feb/2024:12:55:08 +0800] "GET /xingrg/javascript/jquery_easy_ui/themes/icons/storage_new.png HTTP/1.1" 304 -
218.81.220.26 - - [16/Feb/2024:12:55:08 +0800] "GET /xingrg/javascript/jquery_easy_ui/themes/icons/forms_new.png HTTP/1.1" 304 -
218.81.220.26 - - [16/Feb/2024:12:55:08 +0800] "GET /xingrg/javascript/jquery_easy_ui/themes/default/images/tree_file.gif HTTP/1.1" 304 -
101.83.145.37 - - [16/Feb/2024:12:55:12 +0800] "GET /xingrg/check_reg.html?_=1708059076908 HTTP/1.1" 200 22
101.83.145.37 - - [16/Feb/2024:12:55:12 +0800] "GET /xingrg/all/function/internal_message.html?_=1708059076911&CODE_STATE=getMsg HTTP/1.1" 200 27
218.81.220.26 - - [16/Feb/2024:12:55:13 +0800] "GET /xingrg/kc/buy/buy_main.html HTTP/1.1" 200 12412
218.81.220.26 - - [16/Feb/2024:12:55:13 +0800] "GET /xingrg/javascript/jquery_easy_ui/themes/default/images/tabs_close.gif HTTP/1.1" 304 -
218.81.220.26 - - [16/Feb/2024:12:55:13 +0800] "GET /xingrg/css/new_ie.css HTTP/1.1" 404 1036
218.81.220.26 - - [16/Feb/2024:12:55:13 +0800] "GET /xingrg/css/blue.css HTTP/1.1" 304 -
218.81.220.26 - - [16/Feb/2024:12:55:13 +0800] "GET /xingrg/javascript/jquery_ui/themes/humanity/humanity.css HTTP/1.1" 304 -
218.81.220.26 - - [16/Feb/2024:12:55:13 +0800] "GET /xingrg/javascript/pic_change.js HTTP/1.1" 304 -
218.81.220.26 - - [16/Feb/2024:12:55:13 +0800] "GET /xingrg/javascript/myfunction.js HTTP/1.1" 304 -
218.81.220.26 - - [16/Feb/2024:12:55:13 +0800] "GET /xingrg/javascript/jquery_ui/jquery-ui.min.js HTTP/1.1" 304 -
218.81.220.26 - - [16/Feb/2024:12:55:13 +0800] "GET /xingrg/javascript/ToolTips.js HTTP/1.1" 304 -
218.81.220.26 - - [16/Feb/2024:12:55:13 +0800] "GET /xingrg/images/blue/button/cgshd.gif HTTP/1.1" 304 -
218.81.220.26 - - [16/Feb/2024:12:55:13 +0800] "GET /xingrg/images/blue/button/ckthd.gif HTTP/1.1" 304 -
218.81.220.26 - - [16/Feb/2024:12:55:13 +0800] "GET /xingrg/images/blue/button/kc.gif HTTP/1.1" 304 -
218.81.220.26 - - [16/Feb/2024:12:55:13 +0800] "GET /xingrg/images/blue/pic_form2.gif HTTP/1.1" 304 -
218.81.220.26 - - [16/Feb/2024:12:55:13 +0800] "GET /xingrg/images/blue/button/cgxqd.gif HTTP/1.1" 304 -
218.81.220.26 - - [16/Feb/2024:12:55:13 +0800] "GET /xingrg/images/blue/button/cgfkd.gif HTTP/1.1" 304 -
218.81.220.26 - - [16/Feb/2024:12:55:13 +0800] "GET /xingrg/images/blue/button/down_ah.jpg HTTP/1.1" 304 -
218.81.220.26 - - [16/Feb/2024:12:55:13 +0800] "GET /xingrg/images/blue/bg_dotted.jpg HTTP/1.1" 304 -
218.81.220.26 - - [16/Feb/2024:12:55:13 +0800] "GET /xingrg/images/blue/button/cgydd.gif HTTP/1.1" 304 -
218.81.220.26 - - [16/Feb/2024:12:55:13 +0800] "GET /xingrg/javascript/jquery_ui/themes/humanity/images/ui-bg_inset-soft_100_f4f0ec_1x100.png HTTP/1.1" 304 -
218.81.220.26 - - [16/Feb/2024:12:55:13 +0800] "GET /xingrg/images/blue/button/right_ah.jpg HTTP/1.1" 304 -
218.81.220.26 - - [16/Feb/2024:12:55:13 +0800] "GET /xingrg/javascript/jquery_ui/themes/humanity/images/ui-iconsnew.jpg HTTP/1.1" 304 -
218.81.220.26 - - [16/Feb/2024:12:55:13 +0800] "GET /xingrg/javascript/jquery_ui/themes/humanity/images/ui-icons_ffffff_256x240.png HTTP/1.1" 304 -
218.81.220.26 - - [16/Feb/2024:12:55:13 +0800] "GET /xingrg/javascript/jquery_ui/themes/humanity/images/ui-icons_c47a23_256x240.png HTTP/1.1" 304 -
218.81.220.26 - - [16/Feb/2024:12:55:13 +0800] "GET /xingrg/javascript/jquery_ui/themes/humanity/images/ui-bg_glass_70_ede4d4_1x400.png HTTP/1.1" 304 -
218.81.220.26 - - [16/Feb/2024:12:55:14 +0800] "GET /xingrg/images/yd/bt.gif HTTP/1.1" 404 1040
218.81.220.26 - - [16/Feb/2024:12:55:15 +0800] "GET /xingrg/kc/buy/cgsh_order_list.html HTTP/1.1" 200 57698
218.81.220.26 - - [16/Feb/2024:12:55:15 +0800] "GET /xingrg/css/base.css HTTP/1.1" 304 -
218.81.220.26 - - [16/Feb/2024:12:55:15 +0800] "GET /xingrg/css/site.css HTTP/1.1" 304 -
218.81.220.26 - - [16/Feb/2024:12:55:15 +0800] "GET /xingrg/javascript/easyui/themes/icon.css HTTP/1.1" 304 -
218.81.220.26 - - [16/Feb/2024:12:55:15 +0800] "GET /xingrg/javascript/auto/jquery.autocomplete.css HTTP/1.1" 304 -
218.81.220.26 - - [16/Feb/2024:12:55:15 +0800] "GET /xingrg/javascript/jquery_tools/datebox.css HTTP/1.1" 304 -
218.81.220.26 - - [16/Feb/2024:12:55:15 +0800] "GET /xingrg/javascript/easyui/themes/default/easyui.css HTTP/1.1" 304 -
218.81.220.26 - - [16/Feb/2024:12:55:15 +0800] "GET /xingrg/javascript/jquery_tools/fix.css HTTP/1.1" 304 -
218.81.220.26 - - [16/Feb/2024:12:55:15 +0800] "GET /xingrg/javascript/jquery_tools/table.css HTTP/1.1" 304 -
218.81.220.26 - - [16/Feb/2024:12:55:15 +0800] "GET /xingrg/javascript/jquery_tools/jquery.tools.extend.js HTTP/1.1" 304 -
218.81.220.26 - - [16/Feb/2024:12:55:15 +0800] "GET /xingrg/javascript/jquery_tools/jquery.tools.min.js HTTP/1.1" 304 -
218.81.220.26 - - [16/Feb/2024:12:55:15 +0800] "GET /xingrg/javascript/jquery_tools/jquery.tools.hotkey.js HTTP/1.1" 304 -
218.81.220.26 - - [16/Feb/2024:12:55:15 +0800] "GET /xingrg/javascript/jquery_tools/jquery.tools.table.js HTTP/1.1" 304 -
218.81.220.26 - - [16/Feb/2024:12:55:15 +0800] "GET /xingrg/javascript/jquery_tools/list_manager.js HTTP/1.1" 304 -
218.81.220.26 - - [16/Feb/2024:12:55:15 +0800] "GET /xingrg/javascript/auto/jquery.autocomplete.js HTTP/1.1" 304 -
218.81.220.26 - - [16/Feb/2024:12:55:15 +0800] "GET /xingrg/javascript/jquery.cookie.js HTTP/1.1" 304 -
218.81.220.26 - - [16/Feb/2024:12:55:15 +0800] "GET /xingrg/javascript/easyui/easyloader.js HTTP/1.1" 304 -
218.81.220.26 - - [16/Feb/2024:12:55:15 +0800] "GET /xingrg/javascript/print/LodopFuncs.js HTTP/1.1" 304 -
218.81.220.26 - - [16/Feb/2024:12:55:15 +0800] "GET /xingrg/javascript/easyui/themes/icons/edit_add_new.png HTTP/1.1" 304 -
218.81.220.26 - - [16/Feb/2024:12:55:15 +0800] "GET /xingrg/javascript/easyui/themes/icons/cance_new.png HTTP/1.1" 304 -
218.81.220.26 - - [16/Feb/2024:12:55:15 +0800] "GET /xingrg/javascript/easyui/themes/icons/check_new.png HTTP/1.1" 304 -
218.81.220.26 - - [16/Feb/2024:12:55:15 +0800] "GET /xingrg/javascript/easyui/themes/icons/field_new.png HTTP/1.1" 304 -
218.81.220.26 - - [16/Feb/2024:12:55:15 +0800] "GET /xingrg/javascript/easyui/themes/icons/import_new.png HTTP/1.1" 304 -
218.81.220.26 - - [16/Feb/2024:12:55:15 +0800] "GET /xingrg/javascript/easyui/plugins/jquery.parser.js HTTP/1.1" 304 -
218.81.220.26 - - [16/Feb/2024:12:55:15 +0800] "GET /xingrg/images/control/ajaxLoader.gif HTTP/1.1" 304 -
124.78.158.60 - - [16/Feb/2024:12:55:18 +0800] "GET /xingrg/all/function/internal_message.html?_=1708059315864&CODE_STATE=getMsg HTTP/1.1" 200 27
124.78.158.60 - - [16/Feb/2024:12:55:19 +0800] "GET /xingrg/check_reg.html?_=1708059316739 HTTP/1.1" 200 22
218.81.220.26 - - [16/Feb/2024:12:55:19 +0800] "POST /xingrg/kc/buy/cgsh_list_operate.html HTTP/1.1" 200 1869
116.224.254.208 - - [16/Feb/2024:12:55:23 +0800] "GET /xingrg/check_reg.html?_=1708059323435 HTTP/1.1" 200 22
218.81.220.26 - - [16/Feb/2024:12:55:29 +0800] "POST /xingrg/kc/buy/cgsh_list_operate.html HTTP/1.1" 200 568
120.253.135.82 - - [16/Feb/2024:12:55:33 +0800] "GET /xingrg/all/function/internal_message.html?_=1708059499613&CODE_STATE=getMsg HTTP/1.1" 200 27
218.81.220.26 - - [16/Feb/2024:12:55:36 +0800] "GET /xingrg/kc/buy/cgsh_order_info.html?code=212024021604414 HTTP/1.1" 200 73476
218.81.220.26 - - [16/Feb/2024:12:55:36 +0800] "GET /xingrg/javascript/convert.js HTTP/1.1" 304 -
218.81.220.26 - - [16/Feb/2024:12:55:36 +0800] "GET /xingrg/javascript/jquery_tools/order_manager.js HTTP/1.1" 304 -
218.81.220.26 - - [16/Feb/2024:12:55:36 +0800] "GET /xingrg/javascript/json2.js HTTP/1.1" 304 -
218.81.220.26 - - [16/Feb/2024:12:55:36 +0800] "GET /xingrg/javascript/print/kc_print.js HTTP/1.1" 304 -
