124.78.158.60 - - [16/Feb/2024:08:55:00 +0800] "GET /xingrg/kc/buy/cgsh_order_operate.html?command=get_materiel&rest_code=00106&code=00101007027&supplier_code=00100096&order_time=2024-02-16 HTTP/1.1" 200 427
116.224.254.208 - - [16/Feb/2024:08:55:05 +0800] "GET /xingrg/all/function/internal_message.html?_=1708044905328&CODE_STATE=getMsg HTTP/1.1" 200 27
114.83.219.181 - - [16/Feb/2024:08:55:10 +0800] "GET /xingrg/kc/buy/cgsh_order_operate.html?command=get_materiel&rest_code=00149&code=00101008674&supplier_code=00100008&order_time=2024-02-16 HTTP/1.1" 200 413
114.83.219.181 - - [16/Feb/2024:08:55:19 +0800] "GET /xingrg/kc/buy/cgsh_order_operate.html?command=get_materiel&rest_code=00149&code=00101008358&supplier_code=00100008&order_time=2024-02-16 HTTP/1.1" 200 412
116.224.254.208 - - [16/Feb/2024:08:55:23 +0800] "GET /xingrg/check_reg.html?_=1708044923891 HTTP/1.1" 200 22
180.163.30.76 - - [16/Feb/2024:08:55:25 +0800] "GET /xingrg/kc/buy/cgsh_order_operate.html?command=get_materiel&rest_code=00106&code=00101007090&supplier_code=00100096&order_time=2024-02-16 HTTP/1.1" 302 -
180.164.1.25 - - [16/Feb/2024:08:55:25 +0800] "GET /xingrg/all/function/internal_message.html?_=1708044924364&CODE_STATE=getMsg HTTP/1.1" 200 27
180.164.1.25 - - [16/Feb/2024:08:55:25 +0800] "GET /xingrg/check_reg.html?_=1708044924365 HTTP/1.1" 200 22
180.163.30.76 - - [16/Feb/2024:08:55:25 +0800] "GET /xingrg/login.html HTTP/1.1" 200 7641
218.81.220.26 - - [16/Feb/2024:08:55:28 +0800] "GET /xingrg/check_reg.html?_=1708044946208 HTTP/1.1" 200 22
114.83.219.181 - - [16/Feb/2024:08:55:29 +0800] "GET /xingrg/kc/buy/cgsh_order_operate.html?command=get_materiel&rest_code=00149&code=00101008224&supplier_code=00100008&order_time=2024-02-16 HTTP/1.1" 200 416
218.81.220.26 - - [16/Feb/2024:08:55:30 +0800] "GET /xingrg/all/function/internal_message.html?_=1708044948189&CODE_STATE=getMsg HTTP/1.1" 200 27
101.83.145.37 - - [16/Feb/2024:08:55:30 +0800] "GET /xingrg/all/function/internal_message.html?_=1708044695147&CODE_STATE=getMsg HTTP/1.1" 200 27
124.78.158.60 - - [16/Feb/2024:08:55:43 +0800] "POST /xingrg/kc/buy/cgsh_order_operate.html HTTP/1.1" 200 37
124.78.67.200 - - [16/Feb/2024:08:55:47 +0800] "GET /xingrg/all/function/internal_message.html?_=1708044947272&CODE_STATE=getMsg HTTP/1.1" 200 27
114.83.219.181 - - [16/Feb/2024:08:55:50 +0800] "GET /xingrg/all/function/internal_message.html?_=1708044949858&CODE_STATE=getMsg HTTP/1.1" 200 27
114.83.219.181 - - [16/Feb/2024:08:55:50 +0800] "GET /xingrg/kc/buy/cgsh_order_operate.html?command=get_materiel&rest_code=00149&code=00101008029&supplier_code=00100008&order_time=2024-02-16 HTTP/1.1" 200 417
116.232.194.112 - - [16/Feb/2024:08:55:55 +0800] "GET /xingrg/all/function/internal_message.html?_=1708044944229&CODE_STATE=getMsg HTTP/1.1" 200 27
114.83.219.181 - - [16/Feb/2024:08:56:00 +0800] "GET /xingrg/kc/buy/cgsh_order_operate.html?command=get_materiel&rest_code=00149&code=00101008239&supplier_code=00100008&order_time=2024-02-16 HTTP/1.1" 200 416
124.78.158.60 - - [16/Feb/2024:08:56:02 +0800] "POST /xingrg/kc/buy/cgsh_order_operate.html HTTP/1.1" 200 12
124.78.158.60 - - [16/Feb/2024:08:56:05 +0800] "GET /xingrg/kc/buy/cgsh_order_info.html?code=212024021604353 HTTP/1.1" 200 68368
116.224.254.208 - - [16/Feb/2024:08:56:05 +0800] "GET /xingrg/all/function/internal_message.html?_=1708044965309&CODE_STATE=getMsg HTTP/1.1" 200 27
124.78.158.60 - - [16/Feb/2024:08:56:05 +0800] "GET /xingrg/javascript/easyui/themes/default/validatebox.css HTTP/1.1" 404 1104
124.78.158.60 - - [16/Feb/2024:08:56:06 +0800] "POST /xingrg/kc/buy/cgsh_order_operate.html HTTP/1.1" 200 6589
114.83.219.181 - - [16/Feb/2024:08:56:11 +0800] "GET /xingrg/kc/buy/cgsh_order_operate.html?command=get_materiel&rest_code=00149&code=00101008198&supplier_code=00100008&order_time=2024-02-16 HTTP/1.1" 200 413
124.78.158.60 - - [16/Feb/2024:08:56:13 +0800] "GET /xingrg/kc/print/load_data.html?order_code=212024021604353&kc_code=cgsh&condition= HTTP/1.1" 200 3004
124.78.158.60 - - [16/Feb/2024:08:56:21 +0800] "GET /xingrg/kc/print/load_data.html?order_code=212024021604353&kc_code=cgsh HTTP/1.1" 200 3004
114.83.219.181 - - [16/Feb/2024:08:56:22 +0800] "GET /xingrg/kc/buy/cgsh_order_operate.html?command=get_materiel&rest_code=00149&code=00101008126&supplier_code=00100008&order_time=2024-02-16 HTTP/1.1" 200 412
180.164.1.25 - - [16/Feb/2024:08:56:25 +0800] "GET /xingrg/all/function/internal_message.html?_=1708044984362&CODE_STATE=getMsg HTTP/1.1" 200 27
218.81.220.26 - - [16/Feb/2024:08:56:30 +0800] "GET /xingrg/all/function/internal_message.html?_=1708045008203&CODE_STATE=getMsg HTTP/1.1" 200 27
101.83.145.37 - - [16/Feb/2024:08:56:30 +0800] "GET /xingrg/all/function/internal_message.html?_=1708044755153&CODE_STATE=getMsg HTTP/1.1" 200 27
114.83.219.181 - - [16/Feb/2024:08:56:36 +0800] "GET /xingrg/kc/buy/cgsh_order_operate.html?command=get_materiel&rest_code=00149&code=00101008355&supplier_code=00100008&order_time=2024-02-16 HTTP/1.1" 200 408
124.78.67.200 - - [16/Feb/2024:08:56:47 +0800] "GET /xingrg/all/function/internal_message.html?_=1708045007258&CODE_STATE=getMsg HTTP/1.1" 200 27
114.83.219.181 - - [16/Feb/2024:08:56:50 +0800] "GET /xingrg/all/function/internal_message.html?_=1708045009863&CODE_STATE=getMsg HTTP/1.1" 200 27
124.78.158.60 - - [16/Feb/2024:08:56:50 +0800] "GET /xingrg/all/function/internal_message.html?_=1708045008706&CODE_STATE=getMsg HTTP/1.1" 200 27
116.232.194.112 - - [16/Feb/2024:08:56:55 +0800] "GET /xingrg/all/function/internal_message.html?_=1708045004228&CODE_STATE=getMsg HTTP/1.1" 200 27
114.83.219.181 - - [16/Feb/2024:08:56:55 +0800] "GET /xingrg/kc/buy/cgsh_order_operate.html?command=get_materiel&rest_code=00149&code=00101008024&supplier_code=00100008&order_time=2024-02-16 HTTP/1.1" 200 408
116.224.254.208 - - [16/Feb/2024:08:57:05 +0800] "GET /xingrg/all/function/internal_message.html?_=1708045025291&CODE_STATE=getMsg HTTP/1.1" 200 27
116.232.194.112 - - [16/Feb/2024:08:57:08 +0800] "GET /xingrg/check_reg.html?_=1708045017939 HTTP/1.1" 200 22
114.83.219.181 - - [16/Feb/2024:08:57:12 +0800] "GET /xingrg/kc/buy/cgsh_order_operate.html?command=get_materiel&rest_code=00149&code=00101008205&supplier_code=00100008&order_time=2024-02-16 HTTP/1.1" 200 412
180.164.1.25 - - [16/Feb/2024:08:57:25 +0800] "GET /xingrg/all/function/internal_message.html?_=1708045044351&CODE_STATE=getMsg HTTP/1.1" 200 27
114.83.219.181 - - [16/Feb/2024:08:57:28 +0800] "GET /xingrg/kc/buy/cgsh_order_operate.html?command=get_materiel&rest_code=00149&code=00101008251&supplier_code=00100008&order_time=2024-02-16 HTTP/1.1" 200 408
218.81.220.26 - - [16/Feb/2024:08:57:30 +0800] "GET /xingrg/all/function/internal_message.html?_=1708045068218&CODE_STATE=getMsg HTTP/1.1" 200 27
101.83.145.37 - - [16/Feb/2024:08:57:30 +0800] "GET /xingrg/all/function/internal_message.html?_=1708044815145&CODE_STATE=getMsg HTTP/1.1" 200 27
114.83.219.181 - - [16/Feb/2024:08:57:39 +0800] "GET /xingrg/kc/buy/cgsh_order_operate.html?command=get_materiel&rest_code=00149&code=00101008646&supplier_code=00100008&order_time=2024-02-16 HTTP/1.1" 200 432
124.78.67.200 - - [16/Feb/2024:08:57:47 +0800] "GET /xingrg/all/function/internal_message.html?_=1708045067246&CODE_STATE=getMsg HTTP/1.1" 200 27
114.83.219.181 - - [16/Feb/2024:08:57:48 +0800] "GET /xingrg/kc/buy/cgsh_order_operate.html?command=get_materiel&rest_code=00149&code=00101008136&supplier_code=00100008&order_time=2024-02-16 HTTP/1.1" 200 413
180.163.30.100 - - [16/Feb/2024:08:57:50 +0800] "GET /xingrg/all/function/internal_message.html?_=1708045008706&CODE_STATE=getMsg HTTP/1.1" 302 -
114.83.219.181 - - [16/Feb/2024:08:57:50 +0800] "GET /xingrg/all/function/internal_message.html?_=1708045069872&CODE_STATE=getMsg HTTP/1.1" 200 27
124.78.158.60 - - [16/Feb/2024:08:57:50 +0800] "GET /xingrg/all/function/internal_message.html?_=1708045068687&CODE_STATE=getMsg HTTP/1.1" 200 27
180.163.30.100 - - [16/Feb/2024:08:57:52 +0800] "GET /xingrg/login.html HTTP/1.1" 200 7641
116.232.194.112 - - [16/Feb/2024:08:57:55 +0800] "GET /xingrg/all/function/internal_message.html?_=1708045064208&CODE_STATE=getMsg HTTP/1.1" 200 27
114.83.219.181 - - [16/Feb/2024:08:57:59 +0800] "GET /xingrg/kc/buy/cgsh_order_operate.html?command=get_materiel&rest_code=00149&code=00101008286&supplier_code=00100008&order_time=2024-02-16 HTTP/1.1" 200 408
116.224.254.208 - - [16/Feb/2024:08:58:05 +0800] "GET /xingrg/all/function/internal_message.html?_=1708045085281&CODE_STATE=getMsg HTTP/1.1" 200 27
114.83.219.181 - - [16/Feb/2024:08:58:17 +0800] "GET /xingrg/kc/buy/cgsh_order_operate.html?command=get_materiel&rest_code=00149&code=00101008108&supplier_code=00100008&order_time=2024-02-16 HTTP/1.1" 200 412
114.83.219.181 - - [16/Feb/2024:08:58:22 +0800] "POST /xingrg/kc/buy/cgsh_order_operate.html HTTP/1.1" 200 2065
124.78.67.200 - - [16/Feb/2024:08:58:24 +0800] "GET /xingrg/check_reg.html?_=1708045104160 HTTP/1.1" 200 22
180.164.1.25 - - [16/Feb/2024:08:58:25 +0800] "GET /xingrg/all/function/internal_message.html?_=1708045104366&CODE_STATE=getMsg HTTP/1.1" 200 27
114.83.219.181 - - [16/Feb/2024:08:58:28 +0800] "GET /xingrg/kc/buy/cgsh_order_operate.html?command=get_materiel&rest_code=00149&code=00101008318&supplier_code=00100008&order_time=2024-02-16 HTTP/1.1" 200 408
101.83.145.37 - - [16/Feb/2024:08:58:30 +0800] "GET /xingrg/all/function/internal_message.html?_=1708044875145&CODE_STATE=getMsg HTTP/1.1" 200 27
101.83.145.37 - - [16/Feb/2024:08:58:30 +0800] "GET /xingrg/check_reg.html?_=1708044875149 HTTP/1.1" 200 22
218.81.220.26 - - [16/Feb/2024:08:58:31 +0800] "GET /xingrg/all/function/internal_message.html?_=1708045128688&CODE_STATE=getMsg HTTP/1.1" 200 27
114.83.219.181 - - [16/Feb/2024:08:58:38 +0800] "GET /xingrg/kc/buy/cgsh_order_operate.html?command=get_materiel&rest_code=00149&code=00101008352&supplier_code=00100008&order_time=2024-02-16 HTTP/1.1" 200 412
124.78.67.200 - - [16/Feb/2024:08:58:47 +0800] "GET /xingrg/all/function/internal_message.html?_=1708045127230&CODE_STATE=getMsg HTTP/1.1" 200 27
114.83.219.181 - - [16/Feb/2024:08:58:50 +0800] "GET /xingrg/check_reg.html?_=1708045129880 HTTP/1.1" 200 22
114.83.219.181 - - [16/Feb/2024:08:58:50 +0800] "GET /xingrg/all/function/internal_message.html?_=1708045129883&CODE_STATE=getMsg HTTP/1.1" 200 27
124.78.158.60 - - [16/Feb/2024:08:58:50 +0800] "GET /xingrg/all/function/internal_message.html?_=1708045128672&CODE_STATE=getMsg HTTP/1.1" 200 27
114.83.219.181 - - [16/Feb/2024:08:58:51 +0800] "GET /xingrg/kc/buy/cgsh_order_operate.html?command=get_materiel&rest_code=00149&code=00101008005&supplier_code=00100008&order_time=2024-02-16 HTTP/1.1" 200 412
116.238.97.31 - - [16/Feb/2024:08:58:52 +0800] "POST /xingrg/services/DataTransmitService HTTP/1.1" 200 524
116.232.194.112 - - [16/Feb/2024:08:58:55 +0800] "GET /xingrg/all/function/internal_message.html?_=1708045124182&CODE_STATE=getMsg HTTP/1.1" 200 27
114.83.219.181 - - [16/Feb/2024:08:59:01 +0800] "GET /xingrg/kc/buy/cgsh_order_operate.html?command=get_materiel&rest_code=00149&code=00101015110&supplier_code=00100008&order_time=2024-02-16 HTTP/1.1" 200 413
116.224.254.208 - - [16/Feb/2024:08:59:05 +0800] "GET /xingrg/all/function/internal_message.html?_=1708045145262&CODE_STATE=getMsg HTTP/1.1" 200 27
114.83.219.181 - - [16/Feb/2024:08:59:13 +0800] "GET /xingrg/kc/buy/cgsh_order_operate.html?command=get_materiel&rest_code=00149&code=00101008498&supplier_code=00100008&order_time=2024-02-16 HTTP/1.1" 200 424
114.83.219.181 - - [16/Feb/2024:08:59:16 +0800] "POST /xingrg/kc/buy/cgsh_order_operate.html HTTP/1.1" 200 2065
114.83.219.181 - - [16/Feb/2024:08:59:22 +0800] "GET /xingrg/kc/buy/cgsh_order_operate.html?command=get_materiel&rest_code=00149&code=00101008060&supplier_code=00100008&order_time=2024-02-16 HTTP/1.1" 200 418
180.164.1.25 - - [16/Feb/2024:08:59:25 +0800] "GET /xingrg/all/function/internal_message.html?_=1708045164365&CODE_STATE=getMsg HTTP/1.1" 200 27
218.81.220.26 - - [16/Feb/2024:08:59:26 +0800] "GET /xingrg/check_reg.html?_=1708045182071 HTTP/1.1" 302 -
101.83.145.37 - - [16/Feb/2024:08:59:30 +0800] "GET /xingrg/all/function/internal_message.html?_=1708044935148&CODE_STATE=getMsg HTTP/1.1" 200 27
218.81.220.26 - - [16/Feb/2024:08:59:31 +0800] "GET /xingrg/all/function/internal_message.html?_=1708045188696&CODE_STATE=getMsg HTTP/1.1" 200 27
114.83.219.181 - - [16/Feb/2024:08:59:31 +0800] "GET /xingrg/kc/buy/cgsh_order_operate.html?command=get_materiel&rest_code=00149&code=00101009004&supplier_code=00100008&order_time=2024-02-16 HTTP/1.1" 200 409
114.83.219.181 - - [16/Feb/2024:08:59:40 +0800] "GET /xingrg/kc/buy/cgsh_order_operate.html?command=get_materiel&rest_code=00149&code=00101008150&supplier_code=00100008&order_time=2024-02-16 HTTP/1.1" 200 409
124.78.67.200 - - [16/Feb/2024:08:59:47 +0800] "GET /xingrg/all/function/internal_message.html?_=1708045187211&CODE_STATE=getMsg HTTP/1.1" 200 27
114.83.219.181 - - [16/Feb/2024:08:59:50 +0800] "GET /xingrg/all/function/internal_message.html?_=1708045189862&CODE_STATE=getMsg HTTP/1.1" 200 27
124.78.158.60 - - [16/Feb/2024:08:59:50 +0800] "GET /xingrg/all/function/internal_message.html?_=1708045188646&CODE_STATE=getMsg HTTP/1.1" 200 27
114.83.219.181 - - [16/Feb/2024:08:59:51 +0800] "GET /xingrg/kc/buy/cgsh_order_operate.html?command=get_materiel&rest_code=00149&code=00101015147&supplier_code=00100008&order_time=2024-02-16 HTTP/1.1" 200 410
116.232.194.112 - - [16/Feb/2024:08:59:55 +0800] "GET /xingrg/all/function/internal_message.html?_=1708045184166&CODE_STATE=getMsg HTTP/1.1" 200 27
114.83.219.181 - - [16/Feb/2024:09:00:01 +0800] "GET /xingrg/kc/buy/cgsh_order_operate.html?command=get_materiel&rest_code=00149&code=00101009045&supplier_code=00100008&order_time=2024-02-16 HTTP/1.1" 200 414
116.224.254.208 - - [16/Feb/2024:09:00:05 +0800] "GET /xingrg/all/function/internal_message.html?_=1708045205243&CODE_STATE=getMsg HTTP/1.1" 200 27
116.224.254.208 - - [16/Feb/2024:09:00:23 +0800] "GET /xingrg/check_reg.html?_=1708045223883 HTTP/1.1" 200 22
180.164.1.25 - - [16/Feb/2024:09:00:25 +0800] "GET /xingrg/check_reg.html?_=1708045224359 HTTP/1.1" 200 22
180.164.1.25 - - [16/Feb/2024:09:00:25 +0800] "GET /xingrg/all/function/internal_message.html?_=1708045224360&CODE_STATE=getMsg HTTP/1.1" 200 27
218.81.220.26 - - [16/Feb/2024:09:00:28 +0800] "GET /xingrg/check_reg.html?_=1708045246217 HTTP/1.1" 200 22
114.83.219.181 - - [16/Feb/2024:09:00:30 +0800] "POST /xingrg/kc/buy/cgsh_order_operate.html HTTP/1.1" 200 37
101.83.145.37 - - [16/Feb/2024:09:00:30 +0800] "POST /xingrg/kc/buy/cgsh_order_operate.html HTTP/1.1" 200 64
218.81.220.26 - - [16/Feb/2024:09:00:31 +0800] "GET /xingrg/all/function/internal_message.html?_=1708045249115&CODE_STATE=getMsg HTTP/1.1" 200 27
124.78.158.60 - - [16/Feb/2024:09:00:37 +0800] "GET /xingrg/check_reg.html?_=1708045235151 HTTP/1.1" 200 22
101.83.145.37 - - [16/Feb/2024:09:00:42 +0800] "POST /xingrg/kc/buy/cgsh_order_operate.html HTTP/1.1" 200 37
114.83.219.181 - - [16/Feb/2024:09:00:43 +0800] "POST /xingrg/kc/buy/cgsh_order_operate.html HTTP/1.1" 200 12
101.83.145.37 - - [16/Feb/2024:09:00:44 +0800] "POST /xingrg/kc/buy/cgsh_order_operate.html HTTP/1.1" 200 14468
114.83.219.181 - - [16/Feb/2024:09:00:46 +0800] "GET /xingrg/kc/buy/cgsh_order_info.html?code=212024021604354 HTTP/1.1" 200 68464
114.83.219.181 - - [16/Feb/2024:09:00:47 +0800] "GET /xingrg/javascript/easyui/themes/default/validatebox.css HTTP/1.1" 404 1104
124.78.67.200 - - [16/Feb/2024:09:00:47 +0800] "GET /xingrg/all/function/internal_message.html?_=1708045247189&CODE_STATE=getMsg HTTP/1.1" 200 27
114.83.219.181 - - [16/Feb/2024:09:00:48 +0800] "POST /xingrg/kc/buy/cgsh_order_operate.html HTTP/1.1" 200 17204
101.83.145.37 - - [16/Feb/2024:09:00:48 +0800] "GET /xingrg/kc/print/load_data.html?order_code=212024021604356&kc_code=cgsh&condition= HTTP/1.1" 200 5162
114.83.219.181 - - [16/Feb/2024:09:00:49 +0800] "GET /xingrg/kc/print/load_config.html?kc_code=cgsh HTTP/1.1" 200 1927
114.83.219.181 - - [16/Feb/2024:09:00:49 +0800] "GET /xingrg/kc/print/load_data.html?order_code=212024021604354&kc_code=cgsh&condition= HTTP/1.1" 200 7008
124.78.158.60 - - [16/Feb/2024:09:00:50 +0800] "GET /xingrg/all/function/internal_message.html?_=1708045248618&CODE_STATE=getMsg HTTP/1.1" 200 27
114.83.219.181 - - [16/Feb/2024:09:00:50 +0800] "GET /xingrg/all/function/internal_message.html?_=1708045250137&CODE_STATE=getMsg HTTP/1.1" 200 27
116.232.194.112 - - [16/Feb/2024:09:00:55 +0800] "GET /xingrg/all/function/internal_message.html?_=1708045244139&CODE_STATE=getMsg HTTP/1.1" 200 27
114.83.219.181 - - [16/Feb/2024:09:00:56 +0800] "GET /xingrg/kc/buy/cgsh_order_add.html HTTP/1.1" 200 73555
114.83.219.181 - - [16/Feb/2024:09:00:56 +0800] "POST /xingrg/kc/buy/cgsh_order_operate.html HTTP/1.1" 200 8245
114.83.219.181 - - [16/Feb/2024:09:00:56 +0800] "GET /xingrg/javascript/easyui/themes/default/validatebox.css HTTP/1.1" 404 1104
116.224.254.208 - - [16/Feb/2024:09:01:05 +0800] "GET /xingrg/all/function/internal_message.html?_=1708045265233&CODE_STATE=getMsg HTTP/1.1" 200 27
180.164.1.25 - - [16/Feb/2024:09:01:25 +0800] "GET /xingrg/all/function/internal_message.html?_=1708045284368&CODE_STATE=getMsg HTTP/1.1" 200 27
101.83.145.37 - - [16/Feb/2024:09:01:30 +0800] "GET /xingrg/all/function/internal_message.html?_=1708045055167&CODE_STATE=getMsg HTTP/1.1" 200 27
218.81.220.26 - - [16/Feb/2024:09:01:31 +0800] "GET /xingrg/all/function/internal_message.html?_=1708045309505&CODE_STATE=getMsg HTTP/1.1" 200 27
124.78.67.200 - - [16/Feb/2024:09:01:47 +0800] "GET /xingrg/all/function/internal_message.html?_=1708045307172&CODE_STATE=getMsg HTTP/1.1" 200 27
124.78.158.60 - - [16/Feb/2024:09:01:50 +0800] "GET /xingrg/all/function/internal_message.html?_=1708045308604&CODE_STATE=getMsg HTTP/1.1" 200 27
114.83.219.181 - - [16/Feb/2024:09:01:50 +0800] "GET /xingrg/all/function/internal_message.html?_=1708045310114&CODE_STATE=getMsg HTTP/1.1" 200 27
116.232.194.112 - - [16/Feb/2024:09:01:55 +0800] "GET /xingrg/all/function/internal_message.html?_=1708045304125&CODE_STATE=getMsg HTTP/1.1" 200 27
116.224.254.208 - - [16/Feb/2024:09:02:05 +0800] "GET /xingrg/all/function/internal_message.html?_=1708045325205&CODE_STATE=getMsg HTTP/1.1" 200 27
116.232.194.112 - - [16/Feb/2024:09:02:08 +0800] "GET /xingrg/check_reg.html?_=1708045317932 HTTP/1.1" 200 22
114.83.219.181 - - [16/Feb/2024:09:02:09 +0800] "GET /xingrg/kc/buy/cgsh_order_operate.html?command=get_materiel&rest_code=00149&code=00101016030&supplier_code=00100096&order_time=2024-02-16 HTTP/1.1" 200 414
180.164.1.25 - - [16/Feb/2024:09:02:25 +0800] "GET /xingrg/all/function/internal_message.html?_=1708045344362&CODE_STATE=getMsg HTTP/1.1" 200 27
101.83.145.37 - - [16/Feb/2024:09:02:30 +0800] "GET /xingrg/all/function/internal_message.html?_=1708045115151&CODE_STATE=getMsg HTTP/1.1" 200 27
114.83.219.181 - - [16/Feb/2024:09:02:31 +0800] "GET /xingrg/kc/buy/cgsh_order_operate.html?command=get_materiel&rest_code=00149&code=00101012051&supplier_code=00100096&order_time=2024-02-16 HTTP/1.1" 200 408
218.81.220.26 - - [16/Feb/2024:09:02:31 +0800] "GET /xingrg/all/function/internal_message.html?_=1708045369518&CODE_STATE=getMsg HTTP/1.1" 200 27
124.78.67.200 - - [16/Feb/2024:09:02:47 +0800] "GET /xingrg/all/function/internal_message.html?_=1708045367155&CODE_STATE=getMsg HTTP/1.1" 200 27
180.163.29.234 - - [16/Feb/2024:09:02:50 +0800] "GET /xingrg/all/function/internal_message.html?_=1708045308604&CODE_STATE=getMsg HTTP/1.1" 302 -
124.78.158.60 - - [16/Feb/2024:09:02:50 +0800] "GET /xingrg/all/function/internal_message.html?_=1708045368591&CODE_STATE=getMsg HTTP/1.1" 200 27
114.83.219.181 - - [16/Feb/2024:09:02:50 +0800] "GET /xingrg/all/function/internal_message.html?_=1708045370102&CODE_STATE=getMsg HTTP/1.1" 200 27
180.163.29.234 - - [16/Feb/2024:09:02:52 +0800] "GET /xingrg/login.html HTTP/1.1" 200 7641
114.83.219.181 - - [16/Feb/2024:09:02:54 +0800] "GET /xingrg/kc/buy/cgsh_order_operate.html?command=get_materiel&rest_code=00149&code=00101007106&supplier_code=00100096&order_time=2024-02-16 HTTP/1.1" 200 410
116.232.194.112 - - [16/Feb/2024:09:02:55 +0800] "GET /xingrg/all/function/internal_message.html?_=1708045364119&CODE_STATE=getMsg HTTP/1.1" 200 27
116.224.254.208 - - [16/Feb/2024:09:03:05 +0800] "GET /xingrg/all/function/internal_message.html?_=1708045385181&CODE_STATE=getMsg HTTP/1.1" 200 27
114.83.219.181 - - [16/Feb/2024:09:03:11 +0800] "GET /xingrg/kc/buy/cgsh_order_operate.html?command=get_materiel&rest_code=00149&code=00101006240&supplier_code=00100096&order_time=2024-02-16 HTTP/1.1" 200 422
116.232.194.112 - - [16/Feb/2024:09:03:19 +0800] "POST /xingrg/services/DataTransmitService HTTP/1.1" 200 524
124.78.67.200 - - [16/Feb/2024:09:03:24 +0800] "GET /xingrg/check_reg.html?_=1708045404144 HTTP/1.1" 200 22
180.164.1.25 - - [16/Feb/2024:09:03:25 +0800] "GET /xingrg/all/function/internal_message.html?_=1708045404356&CODE_STATE=getMsg HTTP/1.1" 200 27
114.83.219.181 - - [16/Feb/2024:09:03:28 +0800] "GET /xingrg/kc/buy/cgsh_order_operate.html?command=get_materiel&rest_code=00149&code=00101006112&supplier_code=00100096&order_time=2024-02-16 HTTP/1.1" 200 410
101.83.145.37 - - [16/Feb/2024:09:03:30 +0800] "GET /xingrg/all/function/internal_message.html?_=1708045175136&CODE_STATE=getMsg HTTP/1.1" 200 27
101.83.145.37 - - [16/Feb/2024:09:03:30 +0800] "GET /xingrg/check_reg.html?_=1708045175154 HTTP/1.1" 200 22
218.81.220.26 - - [16/Feb/2024:09:03:31 +0800] "GET /xingrg/all/function/internal_message.html?_=1708045429531&CODE_STATE=getMsg HTTP/1.1" 200 27
114.83.219.181 - - [16/Feb/2024:09:03:45 +0800] "POST /xingrg/kc/buy/cgsh_order_operate.html HTTP/1.1" 200 37
124.78.67.200 - - [16/Feb/2024:09:03:47 +0800] "GET /xingrg/all/function/internal_message.html?_=1708045427134&CODE_STATE=getMsg HTTP/1.1" 200 27
124.78.158.60 - - [16/Feb/2024:09:03:50 +0800] "GET /xingrg/all/function/internal_message.html?_=1708045428582&CODE_STATE=getMsg HTTP/1.1" 200 27
116.232.194.112 - - [16/Feb/2024:09:03:55 +0800] "GET /xingrg/all/function/internal_message.html?_=1708045424112&CODE_STATE=getMsg HTTP/1.1" 200 27
114.83.219.181 - - [16/Feb/2024:09:04:01 +0800] "POST /xingrg/kc/buy/cgsh_order_operate.html HTTP/1.1" 200 12
116.224.254.208 - - [16/Feb/2024:09:04:05 +0800] "GET /xingrg/all/function/internal_message.html?_=1708045445166&CODE_STATE=getMsg HTTP/1.1" 200 27
114.83.219.181 - - [16/Feb/2024:09:04:09 +0800] "GET /xingrg/kc/buy/cgsh_order_info.html?code=212024021604357 HTTP/1.1" 200 68454
114.83.219.181 - - [16/Feb/2024:09:04:10 +0800] "GET /xingrg/javascript/easyui/themes/default/validatebox.css HTTP/1.1" 404 1104
114.83.219.181 - - [16/Feb/2024:09:04:11 +0800] "POST /xingrg/kc/buy/cgsh_order_operate.html HTTP/1.1" 200 2978
114.83.219.181 - - [16/Feb/2024:09:04:18 +0800] "GET /xingrg/kc/print/load_data.html?order_code=212024021604357&kc_code=cgsh&condition= HTTP/1.1" 200 1590
180.164.1.25 - - [16/Feb/2024:09:04:25 +0800] "GET /xingrg/all/function/internal_message.html?_=1708045464358&CODE_STATE=getMsg HTTP/1.1" 200 27
218.81.220.26 - - [16/Feb/2024:09:04:27 +0800] "GET /xingrg/check_reg.html?_=1708045482302 HTTP/1.1" 302 -
101.83.145.37 - - [16/Feb/2024:09:04:30 +0800] "GET /xingrg/all/function/internal_message.html?_=1708045235107&CODE_STATE=getMsg HTTP/1.1" 200 27
218.81.220.26 - - [16/Feb/2024:09:04:31 +0800] "GET /xingrg/all/function/internal_message.html?_=1708045489545&CODE_STATE=getMsg HTTP/1.1" 200 27
124.78.67.200 - - [16/Feb/2024:09:04:47 +0800] "GET /xingrg/all/function/internal_message.html?_=1708045487109&CODE_STATE=getMsg HTTP/1.1" 200 27
124.78.158.60 - - [16/Feb/2024:09:04:50 +0800] "GET /xingrg/all/function/internal_message.html?_=1708045488568&CODE_STATE=getMsg HTTP/1.1" 200 27
114.83.219.181 - - [16/Feb/2024:09:04:50 +0800] "GET /xingrg/all/function/internal_message.html?_=1708045490113&CODE_STATE=getMsg HTTP/1.1" 200 27
124.78.67.200 - - [16/Feb/2024:09:04:54 +0800] "POST /xingrg/services/DataTransmitService HTTP/1.1" 200 524
116.232.194.112 - - [16/Feb/2024:09:04:55 +0800] "GET /xingrg/all/function/internal_message.html?_=1708045484110&CODE_STATE=getMsg HTTP/1.1" 200 27
116.224.254.208 - - [16/Feb/2024:09:05:05 +0800] "GET /xingrg/all/function/internal_message.html?_=1708045505143&CODE_STATE=getMsg HTTP/1.1" 200 27
116.224.254.208 - - [16/Feb/2024:09:05:23 +0800] "GET /xingrg/check_reg.html?_=1708045523889 HTTP/1.1" 200 22
180.164.1.25 - - [16/Feb/2024:09:05:25 +0800] "GET /xingrg/all/function/internal_message.html?_=1708045524374&CODE_STATE=getMsg HTTP/1.1" 200 27
180.164.1.25 - - [16/Feb/2024:09:05:25 +0800] "GET /xingrg/check_reg.html?_=1708045524376 HTTP/1.1" 200 22
218.81.220.26 - - [16/Feb/2024:09:05:28 +0800] "GET /xingrg/check_reg.html?_=1708045546226 HTTP/1.1" 200 22
101.83.145.37 - - [16/Feb/2024:09:05:30 +0800] "GET /xingrg/all/function/internal_message.html?_=1708045295092&CODE_STATE=getMsg HTTP/1.1" 200 27
218.81.220.26 - - [16/Feb/2024:09:05:32 +0800] "GET /xingrg/all/function/internal_message.html?_=1708045549710&CODE_STATE=getMsg HTTP/1.1" 200 27
124.78.158.60 - - [16/Feb/2024:09:05:37 +0800] "GET /xingrg/check_reg.html?_=1708045535123 HTTP/1.1" 200 22
124.78.158.60 - - [16/Feb/2024:09:05:39 +0800] "GET /xingrg/kc/buy/cgsh_order_add.html HTTP/1.1" 200 73467
124.78.158.60 - - [16/Feb/2024:09:05:40 +0800] "POST /xingrg/kc/buy/cgsh_order_operate.html HTTP/1.1" 200 8245
124.78.158.60 - - [16/Feb/2024:09:05:41 +0800] "GET /xingrg/javascript/easyui/themes/default/validatebox.css HTTP/1.1" 404 1104
124.78.67.200 - - [16/Feb/2024:09:05:47 +0800] "GET /xingrg/all/function/internal_message.html?_=1708045547086&CODE_STATE=getMsg HTTP/1.1" 200 27
124.78.158.60 - - [16/Feb/2024:09:05:50 +0800] "GET /xingrg/all/function/internal_message.html?_=1708045548550&CODE_STATE=getMsg HTTP/1.1" 200 27
114.83.219.181 - - [16/Feb/2024:09:05:50 +0800] "GET /xingrg/all/function/internal_message.html?_=1708045550085&CODE_STATE=getMsg HTTP/1.1" 200 27
180.163.29.217 - - [16/Feb/2024:09:05:52 +0800] "GET /xingrg/all/function/internal_message.html?_=1708045488568&CODE_STATE=getMsg HTTP/1.1" 302 -
180.163.29.217 - - [16/Feb/2024:09:05:52 +0800] "GET /xingrg/login.html HTTP/1.1" 200 7641
116.232.194.112 - - [16/Feb/2024:09:05:54 +0800] "GET /xingrg/all/function/internal_message.html?_=1708045544086&CODE_STATE=getMsg HTTP/1.1" 200 27
124.78.158.60 - - [16/Feb/2024:09:06:00 +0800] "GET /xingrg/javascript/easyui/themes/default/tree.css HTTP/1.1" 404 1090
124.78.158.60 - - [16/Feb/2024:09:06:00 +0800] "POST /xingrg/all/common/load_tree.html?tree=supplier_tree_json&isDelete=1 HTTP/1.1" 200 78460
116.224.254.208 - - [16/Feb/2024:09:06:05 +0800] "GET /xingrg/all/function/internal_message.html?_=1708045565138&CODE_STATE=getMsg HTTP/1.1" 200 27
180.164.1.25 - - [16/Feb/2024:09:06:25 +0800] "GET /xingrg/all/function/internal_message.html?_=1708045584374&CODE_STATE=getMsg HTTP/1.1" 200 27
124.78.158.60 - - [16/Feb/2024:09:06:27 +0800] "GET /xingrg/kc/buy/cgsh_order_operate.html?command=get_materiel&rest_code=00106&code=00101008155&supplier_code=00100007&order_time=2024-02-16 HTTP/1.1" 200 408
101.83.145.37 - - [16/Feb/2024:09:06:30 +0800] "GET /xingrg/all/function/internal_message.html?_=1708045355077&CODE_STATE=getMsg HTTP/1.1" 200 27
218.81.220.26 - - [16/Feb/2024:09:06:32 +0800] "GET /xingrg/all/function/internal_message.html?_=1708045609713&CODE_STATE=getMsg HTTP/1.1" 200 27
124.78.158.60 - - [16/Feb/2024:09:06:40 +0800] "GET /xingrg/kc/buy/cgsh_order_operate.html?command=get_materiel&rest_code=00106&code=00101008283&supplier_code=00100007&order_time=2024-02-16 HTTP/1.1" 200 408
124.78.67.200 - - [16/Feb/2024:09:06:47 +0800] "GET /xingrg/all/function/internal_message.html?_=1708045607068&CODE_STATE=getMsg HTTP/1.1" 200 27
124.78.158.60 - - [16/Feb/2024:09:06:50 +0800] "GET /xingrg/all/function/internal_message.html?_=1708045608533&CODE_STATE=getMsg HTTP/1.1" 200 27
114.83.219.181 - - [16/Feb/2024:09:06:50 +0800] "GET /xingrg/all/function/internal_message.html?_=1708045610055&CODE_STATE=getMsg HTTP/1.1" 200 27
180.163.29.79 - - [16/Feb/2024:09:06:53 +0800] "GET /xingrg/all/function/internal_message.html?_=1708045548550&CODE_STATE=getMsg HTTP/1.1" 302 -
116.232.194.112 - - [16/Feb/2024:09:06:54 +0800] "GET /xingrg/all/function/internal_message.html?_=1708045604067&CODE_STATE=getMsg HTTP/1.1" 200 27
180.163.29.79 - - [16/Feb/2024:09:06:55 +0800] "GET /xingrg/login.html HTTP/1.1" 200 7641
124.78.158.60 - - [16/Feb/2024:09:06:57 +0800] "GET /xingrg/kc/buy/cgsh_order_operate.html?command=get_materiel&rest_code=00106&code=00101008110&supplier_code=00100007&order_time=2024-02-16 HTTP/1.1" 200 408
116.224.254.208 - - [16/Feb/2024:09:07:05 +0800] "GET /xingrg/all/function/internal_message.html?_=1708045625118&CODE_STATE=getMsg HTTP/1.1" 200 27
116.232.194.112 - - [16/Feb/2024:09:07:08 +0800] "GET /xingrg/check_reg.html?_=1708045617915 HTTP/1.1" 200 22
124.78.158.60 - - [16/Feb/2024:09:07:16 +0800] "GET /xingrg/kc/buy/cgsh_order_operate.html?command=get_materiel&rest_code=00106&code=00101008096&supplier_code=00100007&order_time=2024-02-16 HTTP/1.1" 200 412
180.163.30.85 - - [16/Feb/2024:09:07:24 +0800] "GET /xingrg/kc/buy/cgsh_order_operate.html?command=get_materiel&rest_code=00106&code=00101008155&supplier_code=00100007&order_time=2024-02-16 HTTP/1.1" 302 -
180.164.1.25 - - [16/Feb/2024:09:07:25 +0800] "GET /xingrg/all/function/internal_message.html?_=1708045644365&CODE_STATE=getMsg HTTP/1.1" 200 27
180.163.30.85 - - [16/Feb/2024:09:07:25 +0800] "GET /xingrg/login.html HTTP/1.1" 200 7641
124.78.158.60 - - [16/Feb/2024:09:07:30 +0800] "GET /xingrg/kc/buy/cgsh_order_operate.html?command=get_materiel&rest_code=00106&code=00101008038&supplier_code=00100007&order_time=2024-02-16 HTTP/1.1" 200 412
101.83.145.37 - - [16/Feb/2024:09:07:30 +0800] "GET /xingrg/all/function/internal_message.html?_=1708045415063&CODE_STATE=getMsg HTTP/1.1" 200 27
218.81.220.26 - - [16/Feb/2024:09:07:32 +0800] "GET /xingrg/all/function/internal_message.html?_=1708045670135&CODE_STATE=getMsg HTTP/1.1" 200 27
124.78.67.200 - - [16/Feb/2024:09:07:47 +0800] "GET /xingrg/all/function/internal_message.html?_=1708045667045&CODE_STATE=getMsg HTTP/1.1" 200 27
124.78.158.60 - - [16/Feb/2024:09:07:50 +0800] "GET /xingrg/all/function/internal_message.html?_=1708045668514&CODE_STATE=getMsg HTTP/1.1" 200 27
114.83.219.181 - - [16/Feb/2024:09:07:50 +0800] "GET /xingrg/all/function/internal_message.html?_=1708045670040&CODE_STATE=getMsg HTTP/1.1" 200 27
180.163.29.234 - - [16/Feb/2024:09:07:54 +0800] "GET /xingrg/kc/buy/cgsh_order_operate.html?command=get_materiel&rest_code=00106&code=00101008110&supplier_code=00100007&order_time=2024-02-16 HTTP/1.1" 302 -
180.163.29.234 - - [16/Feb/2024:09:07:54 +0800] "GET /xingrg/login.html HTTP/1.1" 200 7641
116.232.194.112 - - [16/Feb/2024:09:07:54 +0800] "GET /xingrg/all/function/internal_message.html?_=1708045664045&CODE_STATE=getMsg HTTP/1.1" 200 27
124.78.158.60 - - [16/Feb/2024:09:08:03 +0800] "GET /xingrg/kc/buy/cgsh_order_operate.html?command=get_materiel&rest_code=00106&code=00101008361&supplier_code=00100007&order_time=2024-02-16 HTTP/1.1" 200 408
116.224.254.208 - - [16/Feb/2024:09:08:05 +0800] "GET /xingrg/all/function/internal_message.html?_=1708045685096&CODE_STATE=getMsg HTTP/1.1" 200 27
180.164.1.25 - - [16/Feb/2024:09:08:06 +0800] "GET /xingrg/kc/base/yddb_order_list.html HTTP/1.1" 200 16628
180.164.1.25 - - [16/Feb/2024:09:08:07 +0800] "POST /xingrg/kc/base/yddb_list_operate.html HTTP/1.1" 200 636
180.164.1.25 - - [16/Feb/2024:09:08:08 +0800] "GET /xingrg/javascript/jquery_easy_ui/themes/default/images/tabs_active.png HTTP/1.1" 200 2894
180.164.1.25 - - [16/Feb/2024:09:08:12 +0800] "POST /xingrg/kc/base/yddb_list_operate.html HTTP/1.1" 200 4426
124.78.67.200 - - [16/Feb/2024:09:08:24 +0800] "GET /xingrg/check_reg.html?_=1708045704127 HTTP/1.1" 200 22
180.164.1.25 - - [16/Feb/2024:09:08:25 +0800] "GET /xingrg/all/function/internal_message.html?_=1708045704362&CODE_STATE=getMsg HTTP/1.1" 200 27
101.83.145.37 - - [16/Feb/2024:09:08:30 +0800] "GET /xingrg/all/function/internal_message.html?_=1708045475032&CODE_STATE=getMsg HTTP/1.1" 200 27
101.83.145.37 - - [16/Feb/2024:09:08:30 +0800] "GET /xingrg/check_reg.html?_=1708045475159 HTTP/1.1" 200 22
218.81.220.26 - - [16/Feb/2024:09:08:32 +0800] "GET /xingrg/all/function/internal_message.html?_=1708045730145&CODE_STATE=getMsg HTTP/1.1" 200 27
124.78.158.60 - - [16/Feb/2024:09:08:42 +0800] "GET /xingrg/kc/buy/cgsh_order_operate.html?command=get_materiel&rest_code=00106&code=00101008355&supplier_code=00100007&order_time=2024-02-16 HTTP/1.1" 200 408
180.164.1.25 - - [16/Feb/2024:09:08:44 +0800] "GET /xingrg/kc/buy/cgsh_order_list.html HTTP/1.1" 200 57702
180.164.1.25 - - [16/Feb/2024:09:08:46 +0800] "POST /xingrg/kc/buy/cgsh_list_operate.html HTTP/1.1" 200 986
124.78.67.200 - - [16/Feb/2024:09:08:46 +0800] "GET /xingrg/all/function/internal_message.html?_=1708045727024&CODE_STATE=getMsg HTTP/1.1" 200 27
114.83.219.181 - - [16/Feb/2024:09:08:50 +0800] "GET /xingrg/check_reg.html?_=1708045729870 HTTP/1.1" 200 22
124.78.158.60 - - [16/Feb/2024:09:08:50 +0800] "GET /xingrg/all/function/internal_message.html?_=1708045728489&CODE_STATE=getMsg HTTP/1.1" 200 27
114.83.219.181 - - [16/Feb/2024:09:08:50 +0800] "GET /xingrg/all/function/internal_message.html?_=1708045730014&CODE_STATE=getMsg HTTP/1.1" 200 27
116.232.194.112 - - [16/Feb/2024:09:08:54 +0800] "GET /xingrg/all/function/internal_message.html?_=1708045724038&CODE_STATE=getMsg HTTP/1.1" 200 27
180.163.30.85 - - [16/Feb/2024:09:09:01 +0800] "GET /xingrg/kc/buy/cgsh_order_operate.html?command=get_materiel&rest_code=00106&code=00101008361&supplier_code=00100007&order_time=2024-02-16 HTTP/1.1" 302 -
180.163.30.85 - - [16/Feb/2024:09:09:02 +0800] "GET /xingrg/login.html HTTP/1.1" 200 7641
116.224.254.208 - - [16/Feb/2024:09:09:05 +0800] "GET /xingrg/all/function/internal_message.html?_=1708045745091&CODE_STATE=getMsg HTTP/1.1" 200 27
124.78.158.60 - - [16/Feb/2024:09:09:08 +0800] "GET /xingrg/kc/buy/cgsh_order_operate.html?command=get_materiel&rest_code=00106&code=00101008198&supplier_code=00100007&order_time=2024-02-16 HTTP/1.1" 200 413
124.78.158.60 - - [16/Feb/2024:09:09:21 +0800] "GET /xingrg/kc/buy/cgsh_order_operate.html?command=get_materiel&rest_code=00106&code=00101008517&supplier_code=00100007&order_time=2024-02-16 HTTP/1.1" 200 414
180.164.1.25 - - [16/Feb/2024:09:09:25 +0800] "GET /xingrg/all/function/internal_message.html?_=1708045764365&CODE_STATE=getMsg HTTP/1.1" 200 27
218.81.220.26 - - [16/Feb/2024:09:09:27 +0800] "GET /xingrg/check_reg.html?_=1708045782542 HTTP/1.1" 302 -
101.83.145.37 - - [16/Feb/2024:09:09:30 +0800] "GET /xingrg/all/function/internal_message.html?_=1708045535003&CODE_STATE=getMsg HTTP/1.1" 200 27
218.81.220.26 - - [16/Feb/2024:09:09:32 +0800] "GET /xingrg/all/function/internal_message.html?_=1708045790621&CODE_STATE=getMsg HTTP/1.1" 200 27
124.78.158.60 - - [16/Feb/2024:09:09:36 +0800] "GET /xingrg/kc/buy/cgsh_order_operate.html?command=get_materiel&rest_code=00106&code=00101008286&supplier_code=00100007&order_time=2024-02-16 HTTP/1.1" 200 408
124.78.67.200 - - [16/Feb/2024:09:09:46 +0800] "GET /xingrg/all/function/internal_message.html?_=1708045787011&CODE_STATE=getMsg HTTP/1.1" 200 27
124.78.158.60 - - [16/Feb/2024:09:09:48 +0800] "GET /xingrg/kc/buy/cgsh_order_operate.html?command=get_materiel&rest_code=00106&code=00101008131&supplier_code=00100007&order_time=2024-02-16 HTTP/1.1" 200 408
124.78.158.60 - - [16/Feb/2024:09:09:50 +0800] "GET /xingrg/all/function/internal_message.html?_=1708045788461&CODE_STATE=getMsg HTTP/1.1" 200 27
114.83.219.181 - - [16/Feb/2024:09:09:50 +0800] "GET /xingrg/all/function/internal_message.html?_=1708045789985&CODE_STATE=getMsg HTTP/1.1" 200 27
116.232.194.112 - - [16/Feb/2024:09:09:54 +0800] "GET /xingrg/all/function/internal_message.html?_=1708045784037&CODE_STATE=getMsg HTTP/1.1" 200 27
124.78.158.60 - - [16/Feb/2024:09:09:59 +0800] "GET /xingrg/kc/buy/cgsh_order_operate.html?command=get_materiel&rest_code=00106&code=00101008318&supplier_code=00100007&order_time=2024-02-16 HTTP/1.1" 200 408
116.224.254.208 - - [16/Feb/2024:09:10:05 +0800] "GET /xingrg/all/function/internal_message.html?_=1708045805072&CODE_STATE=getMsg HTTP/1.1" 200 27
124.78.158.60 - - [16/Feb/2024:09:10:08 +0800] "GET /xingrg/kc/buy/cgsh_order_operate.html?command=get_materiel&rest_code=00106&code=00101008352&supplier_code=00100007&order_time=2024-02-16 HTTP/1.1" 200 412
124.78.158.60 - - [16/Feb/2024:09:10:18 +0800] "GET /xingrg/kc/buy/cgsh_order_operate.html?command=get_materiel&rest_code=00106&code=00101008005&supplier_code=00100007&order_time=2024-02-16 HTTP/1.1" 200 412
116.224.254.208 - - [16/Feb/2024:09:10:23 +0800] "GET /xingrg/check_reg.html?_=1708045823880 HTTP/1.1" 200 22
180.164.1.25 - - [16/Feb/2024:09:10:25 +0800] "GET /xingrg/all/function/internal_message.html?_=1708045824359&CODE_STATE=getMsg HTTP/1.1" 200 27
180.164.1.25 - - [16/Feb/2024:09:10:25 +0800] "GET /xingrg/check_reg.html?_=1708045824362 HTTP/1.1" 200 22
218.81.220.26 - - [16/Feb/2024:09:10:28 +0800] "GET /xingrg/check_reg.html?_=1708045846231 HTTP/1.1" 200 22
124.78.158.60 - - [16/Feb/2024:09:10:30 +0800] "GET /xingrg/kc/buy/cgsh_order_operate.html?command=get_materiel&rest_code=00106&code=00101008213&supplier_code=00100007&order_time=2024-02-16 HTTP/1.1" 200 412
101.83.145.37 - - [16/Feb/2024:09:10:30 +0800] "GET /xingrg/all/function/internal_message.html?_=1708045594988&CODE_STATE=getMsg HTTP/1.1" 200 27
218.81.220.26 - - [16/Feb/2024:09:10:32 +0800] "GET /xingrg/all/function/internal_message.html?_=1708045850625&CODE_STATE=getMsg HTTP/1.1" 200 27
124.78.158.60 - - [16/Feb/2024:09:10:37 +0800] "GET /xingrg/check_reg.html?_=1708045835108 HTTP/1.1" 200 22
124.78.67.200 - - [16/Feb/2024:09:10:46 +0800] "GET /xingrg/all/function/internal_message.html?_=1708045846988&CODE_STATE=getMsg HTTP/1.1" 200 27
124.78.158.60 - - [16/Feb/2024:09:10:50 +0800] "GET /xingrg/all/function/internal_message.html?_=1708045848446&CODE_STATE=getMsg HTTP/1.1" 200 27
114.83.219.181 - - [16/Feb/2024:09:10:50 +0800] "GET /xingrg/all/function/internal_message.html?_=1708045849978&CODE_STATE=getMsg HTTP/1.1" 200 27
124.78.158.60 - - [16/Feb/2024:09:10:50 +0800] "POST /xingrg/kc/buy/cgsh_order_operate.html HTTP/1.1" 200 37
116.232.194.112 - - [16/Feb/2024:09:10:54 +0800] "GET /xingrg/all/function/internal_message.html?_=1708045844016&CODE_STATE=getMsg HTTP/1.1" 200 27
116.224.254.208 - - [16/Feb/2024:09:10:59 +0800] "GET /xingrg/kc/buy/cgsh_order_add.html HTTP/1.1" 200 73523
116.224.254.208 - - [16/Feb/2024:09:11:00 +0800] "GET /xingrg/words/20240208113601_words.js HTTP/1.1" 304 -
116.224.254.208 - - [16/Feb/2024:09:11:00 +0800] "POST /xingrg/kc/buy/cgsh_order_operate.html HTTP/1.1" 200 8245
116.224.254.208 - - [16/Feb/2024:09:11:00 +0800] "GET /xingrg/javascript/easyui/themes/default/validatebox.css HTTP/1.1" 404 1104
116.224.254.208 - - [16/Feb/2024:09:11:00 +0800] "GET /xingrg/all/common/auto_word.html?type=employee&rest_code=00150 HTTP/1.1" 200 159
116.224.254.208 - - [16/Feb/2024:09:11:00 +0800] "GET /xingrg/all/common/auto_word.html?type=employee&rest_code=00150 HTTP/1.1" 200 159
116.224.254.208 - - [16/Feb/2024:09:11:05 +0800] "GET /xingrg/all/function/internal_message.html?_=1708045865051&CODE_STATE=getMsg HTTP/1.1" 200 27
124.78.158.60 - - [16/Feb/2024:09:11:06 +0800] "POST /xingrg/kc/buy/cgsh_order_operate.html HTTP/1.1" 200 10326
116.224.254.208 - - [16/Feb/2024:09:11:14 +0800] "GET /xingrg/kc/buy/cgsh_order_operate.html?command=get_materiel&rest_code=00150&code=00101009175&supplier_code=00100022&order_time=2024-02-16 HTTP/1.1" 200 415
124.78.158.60 - - [16/Feb/2024:09:11:18 +0800] "GET /xingrg/kc/buy/cgsh_order_operate.html?command=get_materiel&rest_code=00106&code=00101008275&supplier_code=00100007&order_time=2024-02-16 HTTP/1.1" 200 416
180.164.1.25 - - [16/Feb/2024:09:11:25 +0800] "GET /xingrg/all/function/internal_message.html?_=1708045884363&CODE_STATE=getMsg HTTP/1.1" 200 27
124.78.158.60 - - [16/Feb/2024:09:11:26 +0800] "GET /xingrg/kc/buy/cgsh_order_operate.html?command=get_materiel&rest_code=00106&code=00101008078&supplier_code=00100007&order_time=2024-02-16 HTTP/1.1" 200 416
116.224.254.208 - - [16/Feb/2024:09:11:26 +0800] "GET /xingrg/kc/buy/cgsh_order_operate.html?command=get_materiel&rest_code=00150&code=00101009044&supplier_code=00100022&order_time=2024-02-16 HTTP/1.1" 200 412
101.83.145.37 - - [16/Feb/2024:09:11:30 +0800] "GET /xingrg/all/function/internal_message.html?_=1708045654974&CODE_STATE=getMsg HTTP/1.1" 200 27
218.81.220.26 - - [16/Feb/2024:09:11:32 +0800] "GET /xingrg/all/function/internal_message.html?_=1708045910638&CODE_STATE=getMsg HTTP/1.1" 200 27
116.224.254.208 - - [16/Feb/2024:09:11:34 +0800] "GET /xingrg/kc/buy/cgsh_order_operate.html?command=get_materiel&rest_code=00150&code=00101009045&supplier_code=00100022&order_time=2024-02-16 HTTP/1.1" 200 412
124.78.158.60 - - [16/Feb/2024:09:11:37 +0800] "GET /xingrg/kc/buy/cgsh_order_operate.html?command=get_materiel&rest_code=00106&code=00101008312&supplier_code=00100007&order_time=2024-02-16 HTTP/1.1" 200 412
124.78.67.200 - - [16/Feb/2024:09:11:46 +0800] "GET /xingrg/all/function/internal_message.html?_=1708045906964&CODE_STATE=getMsg HTTP/1.1" 200 27
116.224.254.208 - - [16/Feb/2024:09:11:49 +0800] "POST /xingrg/kc/buy/cgsh_order_operate.html HTTP/1.1" 200 37
124.78.158.60 - - [16/Feb/2024:09:11:49 +0800] "GET /xingrg/kc/buy/cgsh_order_operate.html?command=get_materiel&rest_code=00106&code=00101009011&supplier_code=00100007&order_time=2024-02-16 HTTP/1.1" 200 416
124.78.158.60 - - [16/Feb/2024:09:11:50 +0800] "GET /xingrg/all/function/internal_message.html?_=1708045908428&CODE_STATE=getMsg HTTP/1.1" 200 27
114.83.219.181 - - [16/Feb/2024:09:11:50 +0800] "GET /xingrg/all/function/internal_message.html?_=1708045909964&CODE_STATE=getMsg HTTP/1.1" 200 27
116.232.194.112 - - [16/Feb/2024:09:11:54 +0800] "GET /xingrg/all/function/internal_message.html?_=1708045903993&CODE_STATE=getMsg HTTP/1.1" 200 27
116.224.254.208 - - [16/Feb/2024:09:11:55 +0800] "POST /xingrg/kc/buy/cgsh_order_operate.html HTTP/1.1" 200 12
124.78.158.60 - - [16/Feb/2024:09:11:57 +0800] "POST /xingrg/kc/buy/cgsh_order_operate.html HTTP/1.1" 200 2065
116.224.254.208 - - [16/Feb/2024:09:11:59 +0800] "GET /xingrg/kc/buy/cgsh_order_info.html?code=212024021604359 HTTP/1.1" 200 68434
116.224.254.208 - - [16/Feb/2024:09:11:59 +0800] "GET /xingrg/javascript/easyui/themes/default/validatebox.css HTTP/1.1" 404 1104
116.224.254.208 - - [16/Feb/2024:09:12:00 +0800] "POST /xingrg/kc/buy/cgsh_order_operate.html HTTP/1.1" 200 1789
116.224.254.208 - - [16/Feb/2024:09:12:01 +0800] "GET /xingrg/kc/print/load_config.html?kc_code=cgsh HTTP/1.1" 200 1927
116.224.254.208 - - [16/Feb/2024:09:12:02 +0800] "GET /xingrg/kc/print/load_data.html?order_code=212024021604359&kc_code=cgsh&condition= HTTP/1.1" 200 1212
116.224.254.208 - - [16/Feb/2024:09:12:05 +0800] "GET /xingrg/all/function/internal_message.html?_=1708045925031&CODE_STATE=getMsg HTTP/1.1" 200 27
124.78.158.60 - - [16/Feb/2024:09:12:05 +0800] "GET /xingrg/kc/buy/cgsh_order_operate.html?command=get_materiel&rest_code=00106&code=00101013179&supplier_code=00100007&order_time=2024-02-16 HTTP/1.1" 200 412
116.232.194.112 - - [16/Feb/2024:09:12:08 +0800] "GET /xingrg/check_reg.html?_=1708045917895 HTTP/1.1" 200 22
116.224.254.208 - - [16/Feb/2024:09:12:11 +0800] "GET /xingrg/kc/buy/cgsh_order_add.html HTTP/1.1" 200 73523
116.224.254.208 - - [16/Feb/2024:09:12:12 +0800] "POST /xingrg/kc/buy/cgsh_order_operate.html HTTP/1.1" 200 8245
116.224.254.208 - - [16/Feb/2024:09:12:12 +0800] "GET /xingrg/javascript/easyui/themes/default/validatebox.css HTTP/1.1" 404 1104
180.163.29.219 - - [16/Feb/2024:09:12:14 +0800] "GET /xingrg/kc/buy/cgsh_order_operate.html?command=get_materiel&rest_code=00106&code=00101008275&supplier_code=00100007&order_time=2024-02-16 HTTP/1.1" 302 -
180.163.29.219 - - [16/Feb/2024:09:12:15 +0800] "GET /xingrg/login.html HTTP/1.1" 200 7641
124.78.158.60 - - [16/Feb/2024:09:12:17 +0800] "GET /xingrg/kc/buy/cgsh_order_operate.html?command=get_materiel&rest_code=00106&code=00101008067&supplier_code=00100007&order_time=2024-02-16 HTTP/1.1" 200 416
116.224.254.208 - - [16/Feb/2024:09:12:22 +0800] "GET /xingrg/kc/buy/cgsh_order_operate.html?command=get_materiel&rest_code=00150&code=00101008027&supplier_code=00100008&order_time=2024-02-16 HTTP/1.1" 200 409
180.164.1.25 - - [16/Feb/2024:09:12:25 +0800] "GET /xingrg/all/function/internal_message.html?_=1708045944361&CODE_STATE=getMsg HTTP/1.1" 200 27
124.78.158.60 - - [16/Feb/2024:09:12:27 +0800] "GET /xingrg/kc/buy/cgsh_order_operate.html?command=get_materiel&rest_code=00106&code=00101008024&supplier_code=00100007&order_time=2024-02-16 HTTP/1.1" 200 408
101.83.145.37 - - [16/Feb/2024:09:12:30 +0800] "GET /xingrg/all/function/internal_message.html?_=1708045714958&CODE_STATE=getMsg HTTP/1.1" 200 27
218.81.220.26 - - [16/Feb/2024:09:12:33 +0800] "GET /xingrg/all/function/internal_message.html?_=1708045971085&CODE_STATE=getMsg HTTP/1.1" 200 27
116.224.254.208 - - [16/Feb/2024:09:12:39 +0800] "GET /xingrg/kc/buy/cgsh_order_operate.html?command=get_materiel&rest_code=00150&code=00101008331&supplier_code=00100008&order_time=2024-02-16 HTTP/1.1" 200 416
124.78.158.60 - - [16/Feb/2024:09:12:39 +0800] "POST /xingrg/kc/buy/cgsh_order_operate.html HTTP/1.1" 200 37
124.78.67.200 - - [16/Feb/2024:09:12:46 +0800] "GET /xingrg/all/function/internal_message.html?_=1708045966946&CODE_STATE=getMsg HTTP/1.1" 200 27
116.224.254.208 - - [16/Feb/2024:09:12:49 +0800] "GET /xingrg/kc/buy/cgsh_order_operate.html?command=get_materiel&rest_code=00150&code=00101008403&supplier_code=00100008&order_time=2024-02-16 HTTP/1.1" 200 412
114.83.219.181 - - [16/Feb/2024:09:12:50 +0800] "GET /xingrg/all/function/internal_message.html?_=1708045969934&CODE_STATE=getMsg HTTP/1.1" 200 27
124.78.158.60 - - [16/Feb/2024:09:12:52 +0800] "POST /xingrg/kc/buy/cgsh_order_operate.html HTTP/1.1" 200 14484
116.232.194.112 - - [16/Feb/2024:09:12:54 +0800] "GET /xingrg/all/function/internal_message.html?_=1708045963985&CODE_STATE=getMsg HTTP/1.1" 200 27
116.224.254.208 - - [16/Feb/2024:09:12:58 +0800] "GET /xingrg/kc/buy/cgsh_order_operate.html?command=get_materiel&rest_code=00150&code=00101008358&supplier_code=00100008&order_time=2024-02-16 HTTP/1.1" 200 412
124.78.158.60 - - [16/Feb/2024:09:13:04 +0800] "GET /xingrg/kc/buy/cgsh_order_operate.html?command=get_materiel&rest_code=00106&code=00101008358&supplier_code=00100007&order_time=2024-02-16 HTTP/1.1" 200 412
116.224.254.208 - - [16/Feb/2024:09:13:05 +0800] "GET /xingrg/all/function/internal_message.html?_=1708045985003&CODE_STATE=getMsg HTTP/1.1" 200 27
116.224.254.208 - - [16/Feb/2024:09:13:09 +0800] "GET /xingrg/kc/buy/cgsh_order_operate.html?command=get_materiel&rest_code=00150&code=00101008568&supplier_code=00100008&order_time=2024-02-16 HTTP/1.1" 200 413
116.224.254.208 - - [16/Feb/2024:09:13:22 +0800] "GET /xingrg/kc/buy/cgsh_order_operate.html?command=get_materiel&rest_code=00150&code=00101008591&supplier_code=00100008&order_time=2024-02-16 HTTP/1.1" 200 410
124.78.67.200 - - [16/Feb/2024:09:13:24 +0800] "GET /xingrg/check_reg.html?_=1708046004119 HTTP/1.1" 200 22
180.164.1.25 - - [16/Feb/2024:09:13:25 +0800] "GET /xingrg/all/function/internal_message.html?_=1708046004370&CODE_STATE=getMsg HTTP/1.1" 200 27
101.83.145.37 - - [16/Feb/2024:09:13:30 +0800] "GET /xingrg/all/function/internal_message.html?_=1708045774944&CODE_STATE=getMsg HTTP/1.1" 200 27
101.83.145.37 - - [16/Feb/2024:09:13:30 +0800] "GET /xingrg/check_reg.html?_=1708045775148 HTTP/1.1" 200 22
116.224.254.208 - - [16/Feb/2024:09:13:33 +0800] "GET /xingrg/kc/buy/cgsh_order_operate.html?command=get_materiel&rest_code=00150&code=00101008042&supplier_code=00100008&order_time=2024-02-16 HTTP/1.1" 200 416
218.81.220.26 - - [16/Feb/2024:09:13:33 +0800] "GET /xingrg/all/function/internal_message.html?_=1708046031103&CODE_STATE=getMsg HTTP/1.1" 200 27
124.78.67.200 - - [16/Feb/2024:09:13:46 +0800] "GET /xingrg/all/function/internal_message.html?_=1708046026930&CODE_STATE=getMsg HTTP/1.1" 200 27
116.224.254.208 - - [16/Feb/2024:09:13:48 +0800] "GET /xingrg/kc/buy/cgsh_order_operate.html?command=get_materiel&rest_code=00150&code=00101008087&supplier_code=00100008&order_time=2024-02-16 HTTP/1.1" 200 412
124.78.158.60 - - [16/Feb/2024:09:13:50 +0800] "GET /xingrg/all/function/internal_message.html?_=1708046028438&CODE_STATE=getMsg HTTP/1.1" 200 27
114.83.219.181 - - [16/Feb/2024:09:13:50 +0800] "GET /xingrg/check_reg.html?_=1708046029856 HTTP/1.1" 200 22
114.83.219.181 - - [16/Feb/2024:09:13:50 +0800] "GET /xingrg/all/function/internal_message.html?_=1708046029905&CODE_STATE=getMsg HTTP/1.1" 200 27
116.232.194.112 - - [16/Feb/2024:09:13:54 +0800] "GET /xingrg/all/function/internal_message.html?_=1708046023982&CODE_STATE=getMsg HTTP/1.1" 200 27
116.224.254.208 - - [16/Feb/2024:09:14:00 +0800] "GET /xingrg/kc/buy/cgsh_order_operate.html?command=get_materiel&rest_code=00150&code=00101008361&supplier_code=00100008&order_time=2024-02-16 HTTP/1.1" 200 408
180.163.29.212 - - [16/Feb/2024:09:14:01 +0800] "GET /xingrg/kc/buy/cgsh_order_operate.html?command=get_materiel&rest_code=00106&code=00101008358&supplier_code=00100007&order_time=2024-02-16 HTTP/1.1" 302 -
180.163.29.212 - - [16/Feb/2024:09:14:02 +0800] "GET /xingrg/login.html HTTP/1.1" 200 7641
116.224.254.208 - - [16/Feb/2024:09:14:05 +0800] "GET /xingrg/all/function/internal_message.html?_=1708046044991&CODE_STATE=getMsg HTTP/1.1" 200 27
116.224.254.208 - - [16/Feb/2024:09:14:11 +0800] "GET /xingrg/kc/buy/cgsh_order_operate.html?command=get_materiel&rest_code=00150&code=00101008355&supplier_code=00100008&order_time=2024-02-16 HTTP/1.1" 200 408
