124.78.158.60 - - [16/Feb/2024:12:18:53 +0800] "GET /xingrg/kc/base/wldb_order_operate.html?command=get_materiel&rest_code=00106&base_code=0010396&code=00101016094 HTTP/1.1" 200 470
218.81.65.124 - - [16/Feb/2024:12:18:53 +0800] "GET /xingrg/all/function/internal_message.html?_=1708057140502&CODE_STATE=getMsg HTTP/1.1" 200 27
124.78.158.60 - - [16/Feb/2024:12:19:01 +0800] "GET /xingrg/kc/base/wldb_order_operate.html?command=get_materiel&rest_code=00106&base_code=0010396&code=00101016044 HTTP/1.1" 200 465
116.224.254.208 - - [16/Feb/2024:12:19:02 +0800] "GET /xingrg/all/function/internal_message.html?_=1708057141912&CODE_STATE=getMsg HTTP/1.1" 200 27
114.83.219.181 - - [16/Feb/2024:12:19:04 +0800] "POST /xingrg/kc/base/wldb_order_operate.html HTTP/1.1" 200 37
114.83.219.181 - - [16/Feb/2024:12:19:04 +0800] "POST /xingrg/kc/base/wldb_order_operate.html HTTP/1.1" 200 2219
114.83.219.181 - - [16/Feb/2024:12:19:05 +0800] "GET /xingrg/kc/base/wldb_order_info.html?code=422024021601317 HTTP/1.1" 200 30361
114.83.219.181 - - [16/Feb/2024:12:19:05 +0800] "GET /xingrg/javascript/easyui/themes/default/validatebox.css HTTP/1.1" 404 1104
114.83.219.181 - - [16/Feb/2024:12:19:06 +0800] "POST /xingrg/kc/base/wldb_order_operate.html HTTP/1.1" 200 2219
114.83.219.181 - - [16/Feb/2024:12:19:10 +0800] "GET /xingrg/kc/base/wldb_order_add.html HTTP/1.1" 200 30350
114.83.219.181 - - [16/Feb/2024:12:19:10 +0800] "GET /xingrg/javascript/easyui/themes/default/validatebox.css HTTP/1.1" 404 1104
114.83.219.181 - - [16/Feb/2024:12:19:10 +0800] "POST /xingrg/kc/base/wldb_order_operate.html HTTP/1.1" 200 6806
124.78.158.60 - - [16/Feb/2024:12:19:11 +0800] "GET /xingrg/kc/base/wldb_order_operate.html?command=get_materiel&rest_code=00106&base_code=0010396&code=00101019185 HTTP/1.1" 200 469
101.83.145.37 - - [16/Feb/2024:12:19:12 +0800] "GET /xingrg/all/function/internal_message.html?_=1708056916878&CODE_STATE=getMsg HTTP/1.1" 200 27
124.78.158.60 - - [16/Feb/2024:12:19:17 +0800] "GET /xingrg/kc/base/wldb_order_operate.html?command=get_materiel&rest_code=00106&base_code=0010396&code=00101019222 HTTP/1.1" 200 452
124.78.158.60 - - [16/Feb/2024:12:19:18 +0800] "GET /xingrg/all/function/internal_message.html?_=1708057156595&CODE_STATE=getMsg HTTP/1.1" 200 27
120.253.135.82 - - [16/Feb/2024:12:19:20 +0800] "POST /xingrg/kc/pszx/mdps_list_operate.html HTTP/1.1" 200 210
120.253.135.82 - - [16/Feb/2024:12:19:21 +0800] "GET /xingrg/kc/pszx/mdps_order_info.html?code=312024021600221 HTTP/1.1" 200 23976
120.253.135.82 - - [16/Feb/2024:12:19:21 +0800] "GET /xingrg/javascript/easyui/themes/default/validatebox.css HTTP/1.1" 404 1104
120.253.135.82 - - [16/Feb/2024:12:19:21 +0800] "POST /xingrg/kc/pszx/mdps_order_operate.html HTTP/1.1" 200 2297
120.253.135.82 - - [16/Feb/2024:12:19:24 +0800] "GET /xingrg/kc/print/load_data.html?order_code=312024021600221&kc_code=mdps&condition= HTTP/1.1" 200 707
124.78.158.60 - - [16/Feb/2024:12:19:24 +0800] "GET /xingrg/kc/base/wldb_order_operate.html?command=get_materiel&rest_code=00106&base_code=0010396&code=00101019258 HTTP/1.1" 200 483
180.164.1.25 - - [16/Feb/2024:12:19:25 +0800] "GET /xingrg/all/function/internal_message.html?_=1708057164366&CODE_STATE=getMsg HTTP/1.1" 200 27
124.78.158.60 - - [16/Feb/2024:12:19:30 +0800] "GET /xingrg/kc/base/wldb_order_operate.html?command=get_materiel&rest_code=00106&base_code=0010396&code=00101019391 HTTP/1.1" 200 486
114.83.219.181 - - [16/Feb/2024:12:19:31 +0800] "GET /xingrg/kc/base/wldb_order_operate.html?command=get_materiel&rest_code=00149&base_code=0010413&code=00101029011 HTTP/1.1" 200 482
120.253.135.82 - - [16/Feb/2024:12:19:32 +0800] "GET /xingrg/all/function/internal_message.html?_=1708057339444&CODE_STATE=getMsg HTTP/1.1" 200 27
120.253.135.82 - - [16/Feb/2024:12:19:32 +0800] "GET /xingrg/check_reg.html?_=1708057339448 HTTP/1.1" 200 22
218.81.220.26 - - [16/Feb/2024:12:19:35 +0800] "GET /xingrg/check_reg.html?_=1708057191603 HTTP/1.1" 302 -
124.78.158.60 - - [16/Feb/2024:12:19:40 +0800] "GET /xingrg/kc/base/wldb_order_operate.html?command=get_materiel&rest_code=00106&base_code=0010396&code=00101019492 HTTP/1.1" 200 456
124.78.67.200 - - [16/Feb/2024:12:19:44 +0800] "GET /xingrg/all/function/internal_message.html?_=1708057184317&CODE_STATE=getMsg HTTP/1.1" 200 27
120.253.135.82 - - [16/Feb/2024:12:19:44 +0800] "POST /xingrg/kc/pszx/mdps_list_operate.html HTTP/1.1" 200 5150
124.78.158.60 - - [16/Feb/2024:12:19:45 +0800] "GET /xingrg/kc/base/wldb_order_operate.html?command=get_materiel&rest_code=00106&base_code=0010396&code=00101016001 HTTP/1.1" 200 458
114.83.219.181 - - [16/Feb/2024:12:19:46 +0800] "GET /xingrg/all/function/internal_message.html?_=1708057186322&CODE_STATE=getMsg HTTP/1.1" 200 27
120.253.135.82 - - [16/Feb/2024:12:19:48 +0800] "POST /xingrg/kc/pszx/mdps_list_operate.html HTTP/1.1" 200 515
120.253.135.82 - - [16/Feb/2024:12:19:49 +0800] "GET /xingrg/kc/pszx/mdps_order_info.html?code=312024021600214 HTTP/1.1" 200 23970
120.253.135.82 - - [16/Feb/2024:12:19:49 +0800] "GET /xingrg/javascript/easyui/themes/default/validatebox.css HTTP/1.1" 404 1104
120.253.135.82 - - [16/Feb/2024:12:19:50 +0800] "POST /xingrg/kc/pszx/mdps_order_operate.html HTTP/1.1" 200 4244
120.253.135.82 - - [16/Feb/2024:12:19:51 +0800] "POST /xingrg/kc/pszx/mdps_list_operate.html HTTP/1.1" 200 5150
116.232.194.112 - - [16/Feb/2024:12:19:52 +0800] "GET /xingrg/all/function/internal_message.html?_=1708057180915&CODE_STATE=getMsg HTTP/1.1" 200 27
124.78.158.60 - - [16/Feb/2024:12:19:52 +0800] "GET /xingrg/kc/base/wldb_order_operate.html?command=get_materiel&rest_code=00106&base_code=0010396&code=00101016020 HTTP/1.1" 200 447
218.81.65.124 - - [16/Feb/2024:12:19:53 +0800] "GET /xingrg/all/function/internal_message.html?_=1708057200500&CODE_STATE=getMsg HTTP/1.1" 200 27
218.81.65.124 - - [16/Feb/2024:12:19:53 +0800] "GET /xingrg/check_reg.html?_=1708057200502 HTTP/1.1" 200 22
120.253.135.82 - - [16/Feb/2024:12:19:53 +0800] "POST /xingrg/kc/pszx/mdps_list_operate.html HTTP/1.1" 200 611
120.253.135.82 - - [16/Feb/2024:12:19:54 +0800] "GET /xingrg/kc/pszx/mdps_order_info.html?code=312024021600215 HTTP/1.1" 200 23970
120.253.135.82 - - [16/Feb/2024:12:19:54 +0800] "GET /xingrg/javascript/easyui/themes/default/validatebox.css HTTP/1.1" 404 1104
120.253.135.82 - - [16/Feb/2024:12:19:54 +0800] "POST /xingrg/kc/pszx/mdps_order_operate.html HTTP/1.1" 200 6785
120.253.135.82 - - [16/Feb/2024:12:19:57 +0800] "GET /xingrg/kc/print/load_data.html?order_code=312024021600215&kc_code=mdps&condition= HTTP/1.1" 200 2766
124.78.158.60 - - [16/Feb/2024:12:20:00 +0800] "POST /xingrg/kc/base/wldb_order_operate.html HTTP/1.1" 200 37
124.78.158.60 - - [16/Feb/2024:12:20:01 +0800] "POST /xingrg/kc/base/wldb_order_operate.html HTTP/1.1" 200 6194
124.78.158.60 - - [16/Feb/2024:12:20:01 +0800] "GET /xingrg/kc/base/wldb_order_info.html?code=422024021601318 HTTP/1.1" 200 30363
116.224.254.208 - - [16/Feb/2024:12:20:02 +0800] "GET /xingrg/all/function/internal_message.html?_=1708057201895&CODE_STATE=getMsg HTTP/1.1" 200 27
124.78.158.60 - - [16/Feb/2024:12:20:02 +0800] "GET /xingrg/javascript/easyui/themes/default/validatebox.css HTTP/1.1" 404 1104
124.78.158.60 - - [16/Feb/2024:12:20:03 +0800] "POST /xingrg/kc/base/wldb_order_operate.html HTTP/1.1" 200 6194
101.83.145.37 - - [16/Feb/2024:12:20:12 +0800] "GET /xingrg/check_reg.html?_=1708056976878 HTTP/1.1" 200 22
101.83.145.37 - - [16/Feb/2024:12:20:12 +0800] "GET /xingrg/all/function/internal_message.html?_=1708056976881&CODE_STATE=getMsg HTTP/1.1" 200 27
124.78.158.60 - - [16/Feb/2024:12:20:18 +0800] "GET /xingrg/all/function/internal_message.html?_=1708057216567&CODE_STATE=getMsg HTTP/1.1" 200 27
124.78.158.60 - - [16/Feb/2024:12:20:19 +0800] "GET /xingrg/check_reg.html?_=1708057216832 HTTP/1.1" 200 22
114.83.219.181 - - [16/Feb/2024:12:20:21 +0800] "GET /xingrg/kc/base/wldb_order_operate.html?command=get_materiel&rest_code=00149&base_code=0010413&code=00101026022 HTTP/1.1" 200 491
116.224.254.208 - - [16/Feb/2024:12:20:23 +0800] "GET /xingrg/check_reg.html?_=1708057223523 HTTP/1.1" 200 22
180.164.1.25 - - [16/Feb/2024:12:20:25 +0800] "GET /xingrg/check_reg.html?_=1708057224369 HTTP/1.1" 200 22
180.164.1.25 - - [16/Feb/2024:12:20:25 +0800] "GET /xingrg/all/function/internal_message.html?_=1708057224375&CODE_STATE=getMsg HTTP/1.1" 200 27
114.83.219.181 - - [16/Feb/2024:12:20:30 +0800] "GET /xingrg/kc/base/wldb_order_operate.html?command=get_materiel&rest_code=00149&base_code=0010413&code=00101026025 HTTP/1.1" 200 490
120.253.135.82 - - [16/Feb/2024:12:20:32 +0800] "POST /xingrg/kc/pszx/mdps_list_operate.html HTTP/1.1" 200 5150
120.253.135.82 - - [16/Feb/2024:12:20:32 +0800] "GET /xingrg/all/function/internal_message.html?_=1708057399447&CODE_STATE=getMsg HTTP/1.1" 200 27
124.78.158.60 - - [16/Feb/2024:12:20:33 +0800] "GET /xingrg/kc/base/wldb_order_add.html HTTP/1.1" 200 30348
124.78.158.60 - - [16/Feb/2024:12:20:33 +0800] "POST /xingrg/kc/base/wldb_order_operate.html HTTP/1.1" 200 6806
124.78.158.60 - - [16/Feb/2024:12:20:34 +0800] "GET /xingrg/javascript/easyui/themes/default/validatebox.css HTTP/1.1" 404 1104
120.253.135.82 - - [16/Feb/2024:12:20:37 +0800] "POST /xingrg/kc/pszx/mdps_list_operate.html HTTP/1.1" 200 3314
114.83.219.181 - - [16/Feb/2024:12:20:37 +0800] "GET /xingrg/kc/base/wldb_order_operate.html?command=get_materiel&rest_code=00149&base_code=0010413&code=00101025001 HTTP/1.1" 200 468
120.253.135.82 - - [16/Feb/2024:12:20:40 +0800] "POST /xingrg/kc/pszx/mdps_list_operate.html HTTP/1.1" 200 355
120.253.135.82 - - [16/Feb/2024:12:20:41 +0800] "GET /xingrg/kc/pszx/mdps_order_info.html?code=312024021600217 HTTP/1.1" 200 23970
120.253.135.82 - - [16/Feb/2024:12:20:41 +0800] "GET /xingrg/javascript/easyui/themes/default/validatebox.css HTTP/1.1" 404 1104
120.253.135.82 - - [16/Feb/2024:12:20:41 +0800] "POST /xingrg/kc/pszx/mdps_order_operate.html HTTP/1.1" 200 3259
124.78.67.200 - - [16/Feb/2024:12:20:44 +0800] "GET /xingrg/all/function/internal_message.html?_=1708057244291&CODE_STATE=getMsg HTTP/1.1" 200 27
120.253.135.82 - - [16/Feb/2024:12:20:44 +0800] "GET /xingrg/kc/print/load_data.html?order_code=312024021600217&kc_code=mdps&condition= HTTP/1.1" 200 1114
114.83.219.181 - - [16/Feb/2024:12:20:46 +0800] "GET /xingrg/all/function/internal_message.html?_=1708057246293&CODE_STATE=getMsg HTTP/1.1" 200 27
124.78.158.60 - - [16/Feb/2024:12:20:47 +0800] "POST /xingrg/all/common/load_combo.html?type=base HTTP/1.1" 200 3227
114.83.219.181 - - [16/Feb/2024:12:20:50 +0800] "GET /xingrg/kc/base/wldb_order_operate.html?command=get_materiel&rest_code=00149&base_code=0010413&code=00101020079 HTTP/1.1" 200 443
116.232.194.112 - - [16/Feb/2024:12:20:52 +0800] "GET /xingrg/all/function/internal_message.html?_=1708057240895&CODE_STATE=getMsg HTTP/1.1" 200 27
124.78.158.60 - - [16/Feb/2024:12:20:52 +0800] "POST /xingrg/all/common/load_combo.html?type=base HTTP/1.1" 200 3227
218.81.65.124 - - [16/Feb/2024:12:20:53 +0800] "GET /xingrg/all/function/internal_message.html?_=1708057260501&CODE_STATE=getMsg HTTP/1.1" 200 27
114.83.219.181 - - [16/Feb/2024:12:20:58 +0800] "GET /xingrg/kc/base/wldb_order_operate.html?command=get_materiel&rest_code=00149&base_code=0010413&code=00101028009 HTTP/1.1" 200 462
116.224.254.208 - - [16/Feb/2024:12:21:02 +0800] "GET /xingrg/all/function/internal_message.html?_=1708057261883&CODE_STATE=getMsg HTTP/1.1" 200 27
114.83.219.181 - - [16/Feb/2024:12:21:05 +0800] "GET /xingrg/kc/base/wldb_order_operate.html?command=get_materiel&rest_code=00149&base_code=0010413&code=00101029005 HTTP/1.1" 200 459
120.253.135.82 - - [16/Feb/2024:12:21:08 +0800] "POST /xingrg/kc/pszx/mdps_list_operate.html HTTP/1.1" 200 3314
114.83.219.181 - - [16/Feb/2024:12:21:09 +0800] "GET /xingrg/kc/base/wldb_order_operate.html?command=get_materiel&rest_code=00149&base_code=0010413&code=00101027039 HTTP/1.1" 200 457
124.78.158.60 - - [16/Feb/2024:12:21:12 +0800] "GET /xingrg/kc/base/wldb_order_operate.html?command=get_materiel&rest_code=00106&base_code=0010396&code=00101019243 HTTP/1.1" 200 463
101.83.145.37 - - [16/Feb/2024:12:21:12 +0800] "GET /xingrg/all/function/internal_message.html?_=1708057036881&CODE_STATE=getMsg HTTP/1.1" 200 27
114.83.219.181 - - [16/Feb/2024:12:21:17 +0800] "GET /xingrg/kc/base/wldb_order_operate.html?command=get_materiel&rest_code=00149&base_code=0010413&code=00101029025 HTTP/1.1" 200 466
124.78.158.60 - - [16/Feb/2024:12:21:18 +0800] "GET /xingrg/all/function/internal_message.html?_=1708057276629&CODE_STATE=getMsg HTTP/1.1" 200 27
124.78.158.60 - - [16/Feb/2024:12:21:19 +0800] "GET /xingrg/kc/base/wldb_order_operate.html?command=get_materiel&rest_code=00106&base_code=0010396&code=00101019297 HTTP/1.1" 200 476
180.164.1.25 - - [16/Feb/2024:12:21:25 +0800] "GET /xingrg/all/function/internal_message.html?_=1708057284373&CODE_STATE=getMsg HTTP/1.1" 200 27
114.83.219.181 - - [16/Feb/2024:12:21:25 +0800] "POST /xingrg/kc/base/wldb_order_operate.html HTTP/1.1" 200 37
116.230.123.222 - - [16/Feb/2024:12:21:26 +0800] "GET /xingrg/check_reg.html?_=1708057284430 HTTP/1.1" 200 22
114.83.219.181 - - [16/Feb/2024:12:21:26 +0800] "POST /xingrg/kc/base/wldb_order_operate.html HTTP/1.1" 200 5717
124.78.158.60 - - [16/Feb/2024:12:21:28 +0800] "GET /xingrg/kc/base/wldb_order_operate.html?command=get_materiel&rest_code=00106&base_code=0010396&code=00101019184 HTTP/1.1" 200 458
114.83.219.181 - - [16/Feb/2024:12:21:32 +0800] "GET /xingrg/kc/base/wldb_order_info.html?code=422024021601319 HTTP/1.1" 200 30363
120.253.135.82 - - [16/Feb/2024:12:21:32 +0800] "GET /xingrg/all/function/internal_message.html?_=1708057459452&CODE_STATE=getMsg HTTP/1.1" 200 27
114.83.219.181 - - [16/Feb/2024:12:21:33 +0800] "GET /xingrg/javascript/easyui/themes/default/validatebox.css HTTP/1.1" 404 1104
114.83.219.181 - - [16/Feb/2024:12:21:33 +0800] "POST /xingrg/kc/base/wldb_order_operate.html HTTP/1.1" 200 5717
124.78.158.60 - - [16/Feb/2024:12:21:36 +0800] "GET /xingrg/kc/base/wldb_order_operate.html?command=get_materiel&rest_code=00106&base_code=0010396&code=00101019359 HTTP/1.1" 200 462
124.78.67.200 - - [16/Feb/2024:12:21:44 +0800] "GET /xingrg/all/function/internal_message.html?_=1708057304266&CODE_STATE=getMsg HTTP/1.1" 200 27
124.78.158.60 - - [16/Feb/2024:12:21:44 +0800] "POST /xingrg/kc/base/wldb_order_operate.html HTTP/1.1" 200 37
124.78.158.60 - - [16/Feb/2024:12:21:45 +0800] "POST /xingrg/kc/base/wldb_order_operate.html HTTP/1.1" 200 4687
124.78.158.60 - - [16/Feb/2024:12:21:45 +0800] "GET /xingrg/kc/base/wldb_order_info.html?code=422024021601320 HTTP/1.1" 200 30363
124.78.158.60 - - [16/Feb/2024:12:21:45 +0800] "GET /xingrg/javascript/easyui/themes/default/validatebox.css HTTP/1.1" 404 1104
124.78.158.60 - - [16/Feb/2024:12:21:46 +0800] "POST /xingrg/kc/base/wldb_order_operate.html HTTP/1.1" 200 4687
114.83.219.181 - - [16/Feb/2024:12:21:46 +0800] "GET /xingrg/all/function/internal_message.html?_=1708057306270&CODE_STATE=getMsg HTTP/1.1" 200 27
116.232.194.112 - - [16/Feb/2024:12:21:52 +0800] "GET /xingrg/all/function/internal_message.html?_=1708057300878&CODE_STATE=getMsg HTTP/1.1" 200 27
218.81.65.124 - - [16/Feb/2024:12:21:53 +0800] "GET /xingrg/all/function/internal_message.html?_=1708057320503&CODE_STATE=getMsg HTTP/1.1" 200 27
218.81.220.26 - - [16/Feb/2024:12:21:56 +0800] "POST /xingrg/kc/buy/cgsh_order_operate.html HTTP/1.1" 200 10955
116.224.254.208 - - [16/Feb/2024:12:22:01 +0800] "GET /xingrg/all/function/internal_message.html?_=1708057321862&CODE_STATE=getMsg HTTP/1.1" 200 27
116.232.194.112 - - [16/Feb/2024:12:22:08 +0800] "GET /xingrg/check_reg.html?_=1708057317322 HTTP/1.1" 200 22
101.83.145.37 - - [16/Feb/2024:12:22:12 +0800] "GET /xingrg/all/function/internal_message.html?_=1708057096881&CODE_STATE=getMsg HTTP/1.1" 200 27
124.78.158.60 - - [16/Feb/2024:12:22:18 +0800] "GET /xingrg/all/function/internal_message.html?_=1708057336613&CODE_STATE=getMsg HTTP/1.1" 200 27
180.164.1.25 - - [16/Feb/2024:12:22:25 +0800] "GET /xingrg/all/function/internal_message.html?_=1708057344361&CODE_STATE=getMsg HTTP/1.1" 200 27
120.253.135.82 - - [16/Feb/2024:12:22:28 +0800] "POST /xingrg/kc/pszx/mdps_list_operate.html HTTP/1.1" 200 5150
218.81.220.26 - - [16/Feb/2024:12:22:30 +0800] "GET /xingrg/all/function/internal_message.html?_=1708057368334&CODE_STATE=getMsg HTTP/1.1" 200 27
120.253.135.82 - - [16/Feb/2024:12:22:33 +0800] "GET /xingrg/all/function/internal_message.html?_=1708057519457&CODE_STATE=getMsg HTTP/1.1" 200 27
124.78.67.200 - - [16/Feb/2024:12:22:44 +0800] "GET /xingrg/all/function/internal_message.html?_=1708057364248&CODE_STATE=getMsg HTTP/1.1" 200 27
114.83.219.181 - - [16/Feb/2024:12:22:46 +0800] "GET /xingrg/all/function/internal_message.html?_=1708057366344&CODE_STATE=getMsg HTTP/1.1" 200 27
116.232.194.112 - - [16/Feb/2024:12:22:52 +0800] "GET /xingrg/all/function/internal_message.html?_=1708057360865&CODE_STATE=getMsg HTTP/1.1" 200 27
218.81.65.124 - - [16/Feb/2024:12:22:53 +0800] "GET /xingrg/all/function/internal_message.html?_=1708057380501&CODE_STATE=getMsg HTTP/1.1" 200 27
116.224.254.208 - - [16/Feb/2024:12:23:01 +0800] "GET /xingrg/all/function/internal_message.html?_=1708057381842&CODE_STATE=getMsg HTTP/1.1" 200 27
120.253.135.82 - - [16/Feb/2024:12:23:04 +0800] "GET /xingrg/check_reg.html?_=1708057215890 HTTP/1.1" 200 22
101.83.145.37 - - [16/Feb/2024:12:23:12 +0800] "GET /xingrg/all/function/internal_message.html?_=1708057156881&CODE_STATE=getMsg HTTP/1.1" 200 27
114.83.219.181 - - [16/Feb/2024:12:23:17 +0800] "POST /xingrg/kc/base/wldb_order_operate.html HTTP/1.1" 200 37
114.83.219.181 - - [16/Feb/2024:12:23:17 +0800] "POST /xingrg/kc/base/wldb_order_operate.html HTTP/1.1" 200 5717
124.78.158.60 - - [16/Feb/2024:12:23:18 +0800] "GET /xingrg/all/function/internal_message.html?_=1708057396595&CODE_STATE=getMsg HTTP/1.1" 200 27
114.83.219.181 - - [16/Feb/2024:12:23:18 +0800] "GET /xingrg/kc/base/wldb_order_info.html?code=422024021601319 HTTP/1.1" 200 30363
114.83.219.181 - - [16/Feb/2024:12:23:19 +0800] "GET /xingrg/javascript/easyui/themes/default/validatebox.css HTTP/1.1" 404 1104
114.83.219.181 - - [16/Feb/2024:12:23:20 +0800] "POST /xingrg/kc/base/wldb_order_operate.html HTTP/1.1" 200 5717
180.164.1.25 - - [16/Feb/2024:12:23:20 +0800] "GET /xingrg/kc/mdqp/psth_order_list1.html HTTP/1.1" 200 17915
180.164.1.25 - - [16/Feb/2024:12:23:20 +0800] "POST /xingrg/kc/mdqp/psth_list_operate.html HTTP/1.1" 200 749
120.253.135.82 - - [16/Feb/2024:12:23:22 +0800] "POST /xingrg/kc/pszx/mdps_list_operate.html HTTP/1.1" 200 552
114.83.219.181 - - [16/Feb/2024:12:23:22 +0800] "GET /xingrg/kc/base/wldb_order_add.html HTTP/1.1" 200 30350
114.83.219.181 - - [16/Feb/2024:12:23:23 +0800] "POST /xingrg/kc/base/wldb_order_operate.html HTTP/1.1" 200 6806
114.83.219.181 - - [16/Feb/2024:12:23:23 +0800] "GET /xingrg/javascript/easyui/themes/default/validatebox.css HTTP/1.1" 404 1104
124.78.67.200 - - [16/Feb/2024:12:23:23 +0800] "GET /xingrg/check_reg.html?_=1708057403505 HTTP/1.1" 200 22
180.164.1.25 - - [16/Feb/2024:12:23:23 +0800] "POST /xingrg/kc/mdqp/psth_list_operate.html HTTP/1.1" 200 5297
120.253.135.82 - - [16/Feb/2024:12:23:25 +0800] "GET /xingrg/kc/pszx/mdps_order_info.html?code=312024021600218 HTTP/1.1" 200 23976
180.164.1.25 - - [16/Feb/2024:12:23:25 +0800] "GET /xingrg/all/function/internal_message.html?_=1708057404376&CODE_STATE=getMsg HTTP/1.1" 200 27
180.164.1.25 - - [16/Feb/2024:12:23:25 +0800] "POST /xingrg/kc/mdqp/psth_list_operate.html HTTP/1.1" 200 201
120.253.135.82 - - [16/Feb/2024:12:23:25 +0800] "GET /xingrg/javascript/easyui/themes/default/validatebox.css HTTP/1.1" 404 1104
120.253.135.82 - - [16/Feb/2024:12:23:26 +0800] "POST /xingrg/kc/pszx/mdps_order_operate.html HTTP/1.1" 200 4354
180.164.1.25 - - [16/Feb/2024:12:23:27 +0800] "POST /xingrg/kc/mdqp/psth_list_operate.html HTTP/1.1" 200 218
120.253.135.82 - - [16/Feb/2024:12:23:28 +0800] "GET /xingrg/kc/print/load_data.html?order_code=312024021600218&kc_code=mdps&condition= HTTP/1.1" 200 1680
101.83.145.37 - - [16/Feb/2024:12:23:29 +0800] "POST /xingrg/services/DataTransmitService HTTP/1.1" 200 524
101.83.145.37 - - [16/Feb/2024:12:23:30 +0800] "POST /xingrg/services/DataTransmitService HTTP/1.1" 200 501
218.81.220.26 - - [16/Feb/2024:12:23:30 +0800] "GET /xingrg/all/function/internal_message.html?_=1708057428351&CODE_STATE=getMsg HTTP/1.1" 200 27
218.81.220.26 - - [16/Feb/2024:12:23:30 +0800] "GET /xingrg/check_reg.html?_=1708057428348 HTTP/1.1" 200 22
101.83.145.37 - - [16/Feb/2024:12:23:30 +0800] "POST /xingrg/services/DataTransmitService HTTP/1.1" 200 501
114.83.219.181 - - [16/Feb/2024:12:23:31 +0800] "GET /xingrg/kc/base/wldb_order_operate.html?command=get_materiel&rest_code=00149&base_code=0010414&code=00101036005 HTTP/1.1" 200 445
101.83.145.37 - - [16/Feb/2024:12:23:31 +0800] "POST /xingrg/services/DataTransmitService HTTP/1.1" 200 412
120.253.135.82 - - [16/Feb/2024:12:23:33 +0800] "GET /xingrg/all/function/internal_message.html?_=1708057579463&CODE_STATE=getMsg HTTP/1.1" 200 27
124.78.158.60 - - [16/Feb/2024:12:23:39 +0800] "POST /xingrg/kc/base/wldb_order_operate.html HTTP/1.1" 200 37
124.78.158.60 - - [16/Feb/2024:12:23:40 +0800] "POST /xingrg/kc/base/wldb_order_operate.html HTTP/1.1" 200 4687
124.78.158.60 - - [16/Feb/2024:12:23:41 +0800] "GET /xingrg/kc/base/wldb_order_info.html?code=422024021601320 HTTP/1.1" 200 30363
124.78.158.60 - - [16/Feb/2024:12:23:41 +0800] "GET /xingrg/javascript/easyui/themes/default/validatebox.css HTTP/1.1" 404 1104
124.78.158.60 - - [16/Feb/2024:12:23:42 +0800] "POST /xingrg/kc/base/wldb_order_operate.html HTTP/1.1" 200 4687
124.78.67.200 - - [16/Feb/2024:12:23:44 +0800] "GET /xingrg/all/function/internal_message.html?_=1708057424245&CODE_STATE=getMsg HTTP/1.1" 200 27
114.83.219.181 - - [16/Feb/2024:12:23:46 +0800] "GET /xingrg/all/function/internal_message.html?_=1708057426216&CODE_STATE=getMsg HTTP/1.1" 200 27
114.83.219.181 - - [16/Feb/2024:12:23:47 +0800] "POST /xingrg/kc/base/wldb_order_operate.html HTTP/1.1" 200 37
114.83.219.181 - - [16/Feb/2024:12:23:48 +0800] "POST /xingrg/kc/base/wldb_order_operate.html HTTP/1.1" 200 2196
114.83.219.181 - - [16/Feb/2024:12:23:49 +0800] "GET /xingrg/kc/base/wldb_order_info.html?code=422024021601321 HTTP/1.1" 200 30361
114.83.219.181 - - [16/Feb/2024:12:23:49 +0800] "GET /xingrg/javascript/easyui/themes/default/validatebox.css HTTP/1.1" 404 1104
114.83.219.181 - - [16/Feb/2024:12:23:50 +0800] "GET /xingrg/check_reg.html?_=1708057429427 HTTP/1.1" 200 22
114.83.219.181 - - [16/Feb/2024:12:23:50 +0800] "POST /xingrg/kc/base/wldb_order_operate.html HTTP/1.1" 200 2196
116.232.194.112 - - [16/Feb/2024:12:23:52 +0800] "GET /xingrg/all/function/internal_message.html?_=1708057420848&CODE_STATE=getMsg HTTP/1.1" 200 27
218.81.65.124 - - [16/Feb/2024:12:23:53 +0800] "GET /xingrg/all/function/internal_message.html?_=1708057440517&CODE_STATE=getMsg HTTP/1.1" 200 27
120.253.135.82 - - [16/Feb/2024:12:23:54 +0800] "POST /xingrg/kc/pszx/mdps_list_operate.html HTTP/1.1" 200 5150
120.253.135.82 - - [16/Feb/2024:12:23:58 +0800] "POST /xingrg/kc/pszx/mdps_list_operate.html HTTP/1.1" 200 298
120.253.135.82 - - [16/Feb/2024:12:24:01 +0800] "POST /xingrg/kc/pszx/mdps_list_operate.html HTTP/1.1" 200 285
116.224.254.208 - - [16/Feb/2024:12:24:01 +0800] "GET /xingrg/all/function/internal_message.html?_=1708057441824&CODE_STATE=getMsg HTTP/1.1" 200 27
120.253.135.82 - - [16/Feb/2024:12:24:04 +0800] "GET /xingrg/kc/pszx/mdps_order_info.html?code=312024021600219 HTTP/1.1" 200 23976
120.253.135.82 - - [16/Feb/2024:12:24:04 +0800] "GET /xingrg/javascript/easyui/themes/default/validatebox.css HTTP/1.1" 404 1104
120.253.135.82 - - [16/Feb/2024:12:24:04 +0800] "POST /xingrg/kc/pszx/mdps_order_operate.html HTTP/1.1" 200 2781
120.253.135.82 - - [16/Feb/2024:12:24:07 +0800] "GET /xingrg/kc/print/load_data.html?order_code=312024021600219&kc_code=mdps&condition= HTTP/1.1" 200 920
114.83.219.181 - - [16/Feb/2024:12:24:09 +0800] "GET /xingrg/kc/base/wldb_order_add.html HTTP/1.1" 200 30350
114.83.219.181 - - [16/Feb/2024:12:24:09 +0800] "POST /xingrg/kc/base/wldb_order_operate.html HTTP/1.1" 200 6806
114.83.219.181 - - [16/Feb/2024:12:24:09 +0800] "GET /xingrg/javascript/easyui/themes/default/validatebox.css HTTP/1.1" 404 1104
101.83.145.37 - - [16/Feb/2024:12:24:12 +0800] "GET /xingrg/all/function/internal_message.html?_=1708057216881&CODE_STATE=getMsg HTTP/1.1" 200 27
114.83.219.181 - - [16/Feb/2024:12:24:16 +0800] "GET /xingrg/kc/base/wldb_order_operate.html?command=get_materiel&rest_code=00149&base_code=0010394&code=00101016094 HTTP/1.1" 200 469
124.78.158.60 - - [16/Feb/2024:12:24:18 +0800] "GET /xingrg/all/function/internal_message.html?_=1708057456577&CODE_STATE=getMsg HTTP/1.1" 200 27
116.224.254.208 - - [16/Feb/2024:12:24:21 +0800] "POST /xingrg/services/DataTransmitService HTTP/1.1" 200 524
114.83.219.181 - - [16/Feb/2024:12:24:22 +0800] "GET /xingrg/kc/base/wldb_order_operate.html?command=get_materiel&rest_code=00149&base_code=0010394&code=00101019183 HTTP/1.1" 200 448
116.224.254.208 - - [16/Feb/2024:12:24:22 +0800] "POST /xingrg/services/DataTransmitService HTTP/1.1" 200 412
180.164.1.25 - - [16/Feb/2024:12:24:25 +0800] "GET /xingrg/all/function/internal_message.html?_=1708057464366&CODE_STATE=getMsg HTTP/1.1" 200 27
114.83.219.181 - - [16/Feb/2024:12:24:25 +0800] "GET /xingrg/kc/base/wldb_order_operate.html?command=get_materiel&rest_code=00149&base_code=0010394&code=00101019400 HTTP/1.1" 200 465
120.253.135.82 - - [16/Feb/2024:12:24:28 +0800] "POST /xingrg/kc/pszx/mdps_list_operate.html HTTP/1.1" 200 5150
114.83.219.181 - - [16/Feb/2024:12:24:28 +0800] "GET /xingrg/kc/base/wldb_order_operate.html?command=get_materiel&rest_code=00149&base_code=0010394&code=00101019438 HTTP/1.1" 200 462
218.81.220.26 - - [16/Feb/2024:12:24:30 +0800] "GET /xingrg/all/function/internal_message.html?_=1708057488362&CODE_STATE=getMsg HTTP/1.1" 200 27
114.83.219.181 - - [16/Feb/2024:12:24:32 +0800] "GET /xingrg/kc/base/wldb_order_operate.html?command=get_materiel&rest_code=00149&base_code=0010394&code=00101019391 HTTP/1.1" 200 485
120.253.135.82 - - [16/Feb/2024:12:24:33 +0800] "GET /xingrg/all/function/internal_message.html?_=1708057639467&CODE_STATE=getMsg HTTP/1.1" 200 27
120.253.135.82 - - [16/Feb/2024:12:24:33 +0800] "GET /xingrg/check_reg.html?_=1708057639470 HTTP/1.1" 200 22
124.78.158.60 - - [16/Feb/2024:12:24:34 +0800] "GET /xingrg/kc/base/wldb_order_add.html HTTP/1.1" 200 30348
124.78.158.60 - - [16/Feb/2024:12:24:34 +0800] "POST /xingrg/kc/base/wldb_order_operate.html HTTP/1.1" 200 6806
124.78.158.60 - - [16/Feb/2024:12:24:34 +0800] "GET /xingrg/javascript/easyui/themes/default/validatebox.css HTTP/1.1" 404 1104
114.83.219.181 - - [16/Feb/2024:12:24:34 +0800] "GET /xingrg/kc/base/wldb_order_operate.html?command=get_materiel&rest_code=00149&base_code=0010394&code=00101019222 HTTP/1.1" 200 451
120.253.135.82 - - [16/Feb/2024:12:24:35 +0800] "POST /xingrg/kc/pszx/mdps_list_operate.html HTTP/1.1" 200 552
124.78.158.60 - - [16/Feb/2024:12:24:35 +0800] "POST /xingrg/all/common/load_combo.html?type=base HTTP/1.1" 200 3227
218.81.220.26 - - [16/Feb/2024:12:24:36 +0800] "GET /xingrg/check_reg.html?_=1708057491834 HTTP/1.1" 302 -
114.83.219.181 - - [16/Feb/2024:12:24:37 +0800] "GET /xingrg/kc/base/wldb_order_operate.html?command=get_materiel&rest_code=00149&base_code=0010394&code=00101019376 HTTP/1.1" 200 475
120.253.135.82 - - [16/Feb/2024:12:24:38 +0800] "POST /xingrg/kc/pszx/mdps_list_operate.html HTTP/1.1" 200 298
124.78.158.60 - - [16/Feb/2024:12:24:38 +0800] "POST /xingrg/all/common/load_combo.html?type=base HTTP/1.1" 200 3227
114.83.219.181 - - [16/Feb/2024:12:24:43 +0800] "GET /xingrg/kc/base/wldb_order_operate.html?command=get_materiel&rest_code=00149&base_code=0010394&code=00101019527 HTTP/1.1" 200 474
124.78.67.200 - - [16/Feb/2024:12:24:44 +0800] "GET /xingrg/all/function/internal_message.html?_=1708057484227&CODE_STATE=getMsg HTTP/1.1" 200 27
120.253.135.82 - - [16/Feb/2024:12:24:44 +0800] "POST /xingrg/kc/pszx/mdps_list_operate.html HTTP/1.1" 200 3314
114.83.219.181 - - [16/Feb/2024:12:24:46 +0800] "GET /xingrg/all/function/internal_message.html?_=1708057486192&CODE_STATE=getMsg HTTP/1.1" 200 27
114.83.219.181 - - [16/Feb/2024:12:24:47 +0800] "GET /xingrg/kc/base/wldb_order_operate.html?command=get_materiel&rest_code=00149&base_code=0010394&code=00101019199 HTTP/1.1" 200 473
120.253.135.82 - - [16/Feb/2024:12:24:49 +0800] "POST /xingrg/kc/pszx/mdps_list_operate.html HTTP/1.1" 200 5150
124.78.158.60 - - [16/Feb/2024:12:24:50 +0800] "GET /xingrg/kc/base/wldb_order_operate.html?command=get_materiel&rest_code=00106&base_code=0010397&code=00102002238 HTTP/1.1" 200 434
116.232.194.112 - - [16/Feb/2024:12:24:51 +0800] "GET /xingrg/all/function/internal_message.html?_=1708057480844&CODE_STATE=getMsg HTTP/1.1" 200 27
218.81.65.124 - - [16/Feb/2024:12:24:53 +0800] "GET /xingrg/check_reg.html?_=1708057500501 HTTP/1.1" 200 22
218.81.65.124 - - [16/Feb/2024:12:24:53 +0800] "GET /xingrg/all/function/internal_message.html?_=1708057500503&CODE_STATE=getMsg HTTP/1.1" 200 27
114.83.219.181 - - [16/Feb/2024:12:24:53 +0800] "GET /xingrg/kc/base/wldb_order_operate.html?command=get_materiel&rest_code=00149&base_code=0010394&code=00101019185 HTTP/1.1" 200 469
124.78.158.60 - - [16/Feb/2024:12:24:55 +0800] "GET /xingrg/kc/base/wldb_order_operate.html?command=get_materiel&rest_code=00106&base_code=0010397&code=00102002362 HTTP/1.1" 200 434
120.253.135.82 - - [16/Feb/2024:12:24:57 +0800] "POST /xingrg/kc/pszx/mdps_list_operate.html HTTP/1.1" 200 515
114.83.219.181 - - [16/Feb/2024:12:24:57 +0800] "GET /xingrg/kc/base/wldb_order_operate.html?command=get_materiel&rest_code=00149&base_code=0010394&code=00101016046 HTTP/1.1" 200 458
120.253.135.82 - - [16/Feb/2024:12:25:00 +0800] "POST /xingrg/kc/pszx/mdps_list_operate.html HTTP/1.1" 200 611
116.224.254.208 - - [16/Feb/2024:12:25:01 +0800] "GET /xingrg/all/function/internal_message.html?_=1708057501805&CODE_STATE=getMsg HTTP/1.1" 200 27
124.78.158.60 - - [16/Feb/2024:12:25:03 +0800] "POST /xingrg/kc/base/wldb_order_operate.html HTTP/1.1" 200 37
124.78.158.60 - - [16/Feb/2024:12:25:04 +0800] "POST /xingrg/kc/base/wldb_order_operate.html HTTP/1.1" 200 2654
101.83.145.37 - - [16/Feb/2024:12:25:12 +0800] "GET /xingrg/check_reg.html?_=1708057276881 HTTP/1.1" 200 22
101.83.145.37 - - [16/Feb/2024:12:25:12 +0800] "GET /xingrg/all/function/internal_message.html?_=1708057276884&CODE_STATE=getMsg HTTP/1.1" 200 27
124.78.158.60 - - [16/Feb/2024:12:25:17 +0800] "GET /xingrg/kc/base/wldb_order_info.html?code=422024021601322 HTTP/1.1" 200 30364
124.78.158.60 - - [16/Feb/2024:12:25:17 +0800] "GET /xingrg/javascript/easyui/themes/default/validatebox.css HTTP/1.1" 404 1104
124.78.158.60 - - [16/Feb/2024:12:25:18 +0800] "POST /xingrg/kc/base/wldb_order_operate.html HTTP/1.1" 200 2654
124.78.158.60 - - [16/Feb/2024:12:25:18 +0800] "GET /xingrg/all/function/internal_message.html?_=1708057516551&CODE_STATE=getMsg HTTP/1.1" 200 27
124.78.158.60 - - [16/Feb/2024:12:25:19 +0800] "GET /xingrg/check_reg.html?_=1708057516841 HTTP/1.1" 200 22
124.78.158.60 - - [16/Feb/2024:12:25:19 +0800] "GET /xingrg/kc/mdqp/qp_main.html HTTP/1.1" 200 10633
124.78.158.60 - - [16/Feb/2024:12:25:19 +0800] "GET /xingrg/images/yd/bt.gif HTTP/1.1" 404 1040
124.78.158.60 - - [16/Feb/2024:12:25:21 +0800] "GET /xingrg/kc/base/base_main.html HTTP/1.1" 200 12142
124.78.158.60 - - [16/Feb/2024:12:25:22 +0800] "GET /xingrg/kc/base/yddb_order_list.html HTTP/1.1" 200 16618
124.78.158.60 - - [16/Feb/2024:12:25:23 +0800] "POST /xingrg/kc/base/yddb_list_operate.html HTTP/1.1" 200 636
116.224.254.208 - - [16/Feb/2024:12:25:23 +0800] "GET /xingrg/check_reg.html?_=1708057523504 HTTP/1.1" 200 22
180.164.1.25 - - [16/Feb/2024:12:25:25 +0800] "GET /xingrg/all/function/internal_message.html?_=1708057524366&CODE_STATE=getMsg HTTP/1.1" 200 27
180.164.1.25 - - [16/Feb/2024:12:25:25 +0800] "GET /xingrg/check_reg.html?_=1708057524366 HTTP/1.1" 200 22
124.78.158.60 - - [16/Feb/2024:12:25:25 +0800] "POST /xingrg/kc/base/yddb_list_operate.html HTTP/1.1" 200 4275
114.83.219.181 - - [16/Feb/2024:12:25:26 +0800] "POST /xingrg/kc/base/wldb_order_operate.html HTTP/1.1" 200 37
124.78.158.60 - - [16/Feb/2024:12:25:27 +0800] "POST /xingrg/kc/base/yddb_list_operate.html HTTP/1.1" 200 201
114.83.219.181 - - [16/Feb/2024:12:25:27 +0800] "POST /xingrg/kc/base/wldb_order_operate.html HTTP/1.1" 200 7207
114.83.219.181 - - [16/Feb/2024:12:25:27 +0800] "GET /xingrg/kc/base/wldb_order_info.html?code=422024021601323 HTTP/1.1" 200 30367
124.78.158.60 - - [16/Feb/2024:12:25:28 +0800] "GET /xingrg/kc/buy/buy_main.html HTTP/1.1" 200 12412
124.78.158.60 - - [16/Feb/2024:12:25:28 +0800] "GET /xingrg/css/new_ie.css HTTP/1.1" 404 1036
114.83.219.181 - - [16/Feb/2024:12:25:28 +0800] "GET /xingrg/javascript/easyui/themes/default/validatebox.css HTTP/1.1" 404 1104
114.83.219.181 - - [16/Feb/2024:12:25:28 +0800] "POST /xingrg/kc/base/wldb_order_operate.html HTTP/1.1" 200 7207
218.81.220.26 - - [16/Feb/2024:12:25:30 +0800] "GET /xingrg/all/function/internal_message.html?_=1708057548375&CODE_STATE=getMsg HTTP/1.1" 200 27
120.253.135.82 - - [16/Feb/2024:12:25:33 +0800] "GET /xingrg/all/function/internal_message.html?_=1708057699472&CODE_STATE=getMsg HTTP/1.1" 200 27
124.78.67.200 - - [16/Feb/2024:12:25:44 +0800] "GET /xingrg/all/function/internal_message.html?_=1708057544207&CODE_STATE=getMsg HTTP/1.1" 200 27
114.83.219.181 - - [16/Feb/2024:12:25:46 +0800] "GET /xingrg/all/function/internal_message.html?_=1708057546169&CODE_STATE=getMsg HTTP/1.1" 200 27
116.232.194.112 - - [16/Feb/2024:12:25:51 +0800] "GET /xingrg/all/function/internal_message.html?_=1708057540826&CODE_STATE=getMsg HTTP/1.1" 200 27
218.81.65.124 - - [16/Feb/2024:12:25:53 +0800] "GET /xingrg/all/function/internal_message.html?_=1708057560502&CODE_STATE=getMsg HTTP/1.1" 200 27
116.224.254.208 - - [16/Feb/2024:12:26:01 +0800] "GET /xingrg/all/function/internal_message.html?_=1708057561796&CODE_STATE=getMsg HTTP/1.1" 200 27
120.253.135.82 - - [16/Feb/2024:12:26:06 +0800] "GET /xingrg/kc/pszx/mdqp_order_list.html?state=10 HTTP/1.1" 200 11567
120.253.135.82 - - [16/Feb/2024:12:26:06 +0800] "GET /xingrg/dwr/interface/AjaxQqpsService.js HTTP/1.1" 200 16326
120.253.135.82 - - [16/Feb/2024:12:26:06 +0800] "GET /xingrg/dwr/interface/AjaxReportQueryService.js HTTP/1.1" 200 13203
120.253.135.82 - - [16/Feb/2024:12:26:06 +0800] "GET /xingrg/dwr/engine.js HTTP/1.1" 200 43631
101.83.145.37 - - [16/Feb/2024:12:26:12 +0800] "GET /xingrg/all/function/internal_message.html?_=1708057336884&CODE_STATE=getMsg HTTP/1.1" 200 27
124.78.158.60 - - [16/Feb/2024:12:26:18 +0800] "GET /xingrg/all/function/internal_message.html?_=1708057576526&CODE_STATE=getMsg HTTP/1.1" 200 27
180.164.1.25 - - [16/Feb/2024:12:26:25 +0800] "GET /xingrg/all/function/internal_message.html?_=1708057584350&CODE_STATE=getMsg HTTP/1.1" 200 27
116.230.123.222 - - [16/Feb/2024:12:26:26 +0800] "GET /xingrg/check_reg.html?_=1708057584444 HTTP/1.1" 200 22
114.83.219.181 - - [16/Feb/2024:12:26:29 +0800] "GET /xingrg/kc/base/wldb_order_add.html HTTP/1.1" 200 30350
114.83.219.181 - - [16/Feb/2024:12:26:30 +0800] "POST /xingrg/kc/base/wldb_order_operate.html HTTP/1.1" 200 6806
114.83.219.181 - - [16/Feb/2024:12:26:30 +0800] "GET /xingrg/javascript/easyui/themes/default/validatebox.css HTTP/1.1" 404 1104
218.81.220.26 - - [16/Feb/2024:12:26:30 +0800] "GET /xingrg/all/function/internal_message.html?_=1708057608801&CODE_STATE=getMsg HTTP/1.1" 200 27
120.253.135.82 - - [16/Feb/2024:12:26:33 +0800] "GET /xingrg/all/function/internal_message.html?_=1708057759476&CODE_STATE=getMsg HTTP/1.1" 200 27
114.83.219.181 - - [16/Feb/2024:12:26:37 +0800] "GET /xingrg/kc/base/wldb_order_operate.html?command=get_materiel&rest_code=00149&base_code=0010394&code=00101019138 HTTP/1.1" 200 438
114.83.219.181 - - [16/Feb/2024:12:26:41 +0800] "GET /xingrg/kc/base/wldb_order_operate.html?command=get_materiel&rest_code=00149&base_code=0010394&code=00101019422 HTTP/1.1" 200 472
124.78.67.200 - - [16/Feb/2024:12:26:44 +0800] "GET /xingrg/all/function/internal_message.html?_=1708057604192&CODE_STATE=getMsg HTTP/1.1" 200 27
114.83.219.181 - - [16/Feb/2024:12:26:45 +0800] "GET /xingrg/kc/base/wldb_order_operate.html?command=get_materiel&rest_code=00149&base_code=0010394&code=00101019637 HTTP/1.1" 200 449
114.83.219.181 - - [16/Feb/2024:12:26:46 +0800] "GET /xingrg/all/function/internal_message.html?_=1708057606144&CODE_STATE=getMsg HTTP/1.1" 200 27
114.83.219.181 - - [16/Feb/2024:12:26:49 +0800] "GET /xingrg/kc/base/wldb_order_operate.html?command=get_materiel&rest_code=00149&base_code=0010394&code=00101019306 HTTP/1.1" 200 479
116.232.194.112 - - [16/Feb/2024:12:26:51 +0800] "GET /xingrg/all/function/internal_message.html?_=1708057600809&CODE_STATE=getMsg HTTP/1.1" 200 27
218.81.65.124 - - [16/Feb/2024:12:26:53 +0800] "GET /xingrg/all/function/internal_message.html?_=1708057620548&CODE_STATE=getMsg HTTP/1.1" 200 27
114.83.219.181 - - [16/Feb/2024:12:26:55 +0800] "GET /xingrg/kc/base/wldb_order_operate.html?command=get_materiel&rest_code=00149&base_code=0010394&code=00101019133 HTTP/1.1" 200 480
116.224.254.208 - - [16/Feb/2024:12:27:01 +0800] "GET /xingrg/all/function/internal_message.html?_=1708057621782&CODE_STATE=getMsg HTTP/1.1" 200 27
114.83.219.181 - - [16/Feb/2024:12:27:04 +0800] "GET /xingrg/kc/base/wldb_order_operate.html?command=get_materiel&rest_code=00149&base_code=0010394&code=00101016044 HTTP/1.1" 200 466
116.232.194.112 - - [16/Feb/2024:12:27:08 +0800] "GET /xingrg/check_reg.html?_=1708057617311 HTTP/1.1" 200 22
116.235.92.110 - - [16/Feb/2024:12:27:09 +0800] "POST /xingrg/services/DataTransmitService HTTP/1.1" 200 524
116.235.92.110 - - [16/Feb/2024:12:27:10 +0800] "POST /xingrg/services/DataTransmitService HTTP/1.1" 200 412
101.83.145.37 - - [16/Feb/2024:12:27:12 +0800] "GET /xingrg/all/function/internal_message.html?_=1708057396884&CODE_STATE=getMsg HTTP/1.1" 200 27
124.78.158.60 - - [16/Feb/2024:12:27:18 +0800] "GET /xingrg/all/function/internal_message.html?_=1708057636497&CODE_STATE=getMsg HTTP/1.1" 200 27
180.164.1.25 - - [16/Feb/2024:12:27:22 +0800] "POST /xingrg/services/DataTransmitService HTTP/1.1" 200 524
180.164.1.25 - - [16/Feb/2024:12:27:23 +0800] "POST /xingrg/services/DataTransmitService HTTP/1.1" 200 501
180.164.1.25 - - [16/Feb/2024:12:27:23 +0800] "POST /xingrg/services/DataTransmitService HTTP/1.1" 200 501
180.164.1.25 - - [16/Feb/2024:12:27:24 +0800] "POST /xingrg/services/DataTransmitService HTTP/1.1" 200 501
180.164.1.25 - - [16/Feb/2024:12:27:24 +0800] "POST /xingrg/services/DataTransmitService HTTP/1.1" 200 501
180.164.1.25 - - [16/Feb/2024:12:27:25 +0800] "POST /xingrg/services/DataTransmitService HTTP/1.1" 200 501
180.164.1.25 - - [16/Feb/2024:12:27:25 +0800] "GET /xingrg/all/function/internal_message.html?_=1708057644357&CODE_STATE=getMsg HTTP/1.1" 200 27
180.164.1.25 - - [16/Feb/2024:12:27:25 +0800] "POST /xingrg/services/DataTransmitService HTTP/1.1" 200 412
218.81.220.26 - - [16/Feb/2024:12:27:30 +0800] "GET /xingrg/all/function/internal_message.html?_=1708057668807&CODE_STATE=getMsg HTTP/1.1" 200 27
120.253.135.82 - - [16/Feb/2024:12:27:33 +0800] "GET /xingrg/all/function/internal_message.html?_=1708057819481&CODE_STATE=getMsg HTTP/1.1" 200 27
114.83.219.181 - - [16/Feb/2024:12:27:33 +0800] "POST /xingrg/kc/base/wldb_order_operate.html HTTP/1.1" 200 37
114.83.219.181 - - [16/Feb/2024:12:27:34 +0800] "POST /xingrg/kc/base/wldb_order_operate.html HTTP/1.1" 200 5689
114.83.219.181 - - [16/Feb/2024:12:27:34 +0800] "GET /xingrg/kc/base/wldb_order_info.html?code=422024021601324 HTTP/1.1" 200 30365
114.83.219.181 - - [16/Feb/2024:12:27:35 +0800] "GET /xingrg/javascript/easyui/themes/default/validatebox.css HTTP/1.1" 404 1104
114.83.219.181 - - [16/Feb/2024:12:27:35 +0800] "POST /xingrg/kc/base/wldb_order_operate.html HTTP/1.1" 200 5689
114.83.219.181 - - [16/Feb/2024:12:27:37 +0800] "GET /xingrg/kc/base/wldb_order_add.html HTTP/1.1" 200 30350
114.83.219.181 - - [16/Feb/2024:12:27:37 +0800] "POST /xingrg/kc/base/wldb_order_operate.html HTTP/1.1" 200 6806
114.83.219.181 - - [16/Feb/2024:12:27:37 +0800] "GET /xingrg/javascript/easyui/themes/default/validatebox.css HTTP/1.1" 404 1104
124.78.67.200 - - [16/Feb/2024:12:27:44 +0800] "GET /xingrg/all/function/internal_message.html?_=1708057664172&CODE_STATE=getMsg HTTP/1.1" 200 27
114.83.219.181 - - [16/Feb/2024:12:27:46 +0800] "GET /xingrg/all/function/internal_message.html?_=1708057666120&CODE_STATE=getMsg HTTP/1.1" 200 27
114.83.219.181 - - [16/Feb/2024:12:27:48 +0800] "GET /xingrg/kc/base/wldb_order_operate.html?command=get_materiel&rest_code=00149&base_code=0010394&code=00101019187 HTTP/1.1" 200 479
116.232.194.112 - - [16/Feb/2024:12:27:51 +0800] "GET /xingrg/all/function/internal_message.html?_=1708057660794&CODE_STATE=getMsg HTTP/1.1" 200 27
218.81.65.124 - - [16/Feb/2024:12:27:53 +0800] "GET /xingrg/all/function/internal_message.html?_=1708057680531&CODE_STATE=getMsg HTTP/1.1" 200 27
114.83.219.181 - - [16/Feb/2024:12:27:59 +0800] "GET /xingrg/kc/base/wldb_order_operate.html?command=get_materiel&rest_code=00149&base_code=0010394&code=00101016120 HTTP/1.1" 200 455
116.224.254.208 - - [16/Feb/2024:12:28:01 +0800] "GET /xingrg/all/function/internal_message.html?_=1708057681766&CODE_STATE=getMsg HTTP/1.1" 200 27
120.253.135.82 - - [16/Feb/2024:12:28:04 +0800] "GET /xingrg/check_reg.html?_=1708057515895 HTTP/1.1" 200 22
114.83.219.181 - - [16/Feb/2024:12:28:09 +0800] "GET /xingrg/kc/base/wldb_order_operate.html?command=get_materiel&rest_code=00149&base_code=0010394&code=00101019253 HTTP/1.1" 200 482
101.83.145.37 - - [16/Feb/2024:12:28:12 +0800] "GET /xingrg/all/function/internal_message.html?_=1708057456884&CODE_STATE=getMsg HTTP/1.1" 200 27
124.78.158.60 - - [16/Feb/2024:12:28:18 +0800] "GET /xingrg/all/function/internal_message.html?_=1708057696482&CODE_STATE=getMsg HTTP/1.1" 200 27
124.78.67.200 - - [16/Feb/2024:12:28:23 +0800] "GET /xingrg/check_reg.html?_=1708057703474 HTTP/1.1" 200 22
180.164.1.25 - - [16/Feb/2024:12:28:25 +0800] "GET /xingrg/all/function/internal_message.html?_=1708057704359&CODE_STATE=getMsg HTTP/1.1" 200 27
218.81.220.26 - - [16/Feb/2024:12:28:30 +0800] "GET /xingrg/check_reg.html?_=1708057728874 HTTP/1.1" 200 22
218.81.220.26 - - [16/Feb/2024:12:28:30 +0800] "GET /xingrg/all/function/internal_message.html?_=1708057728875&CODE_STATE=getMsg HTTP/1.1" 200 27
114.83.219.181 - - [16/Feb/2024:12:28:31 +0800] "POST /xingrg/kc/base/wldb_order_operate.html HTTP/1.1" 200 37
114.83.219.181 - - [16/Feb/2024:12:28:32 +0800] "POST /xingrg/kc/base/wldb_order_operate.html HTTP/1.1" 200 5732
114.83.219.181 - - [16/Feb/2024:12:28:32 +0800] "GET /xingrg/kc/base/wldb_order_info.html?code=422024021601325 HTTP/1.1" 200 30365
120.253.135.82 - - [16/Feb/2024:12:28:33 +0800] "GET /xingrg/all/function/internal_message.html?_=1708057879486&CODE_STATE=getMsg HTTP/1.1" 200 27
114.83.219.181 - - [16/Feb/2024:12:28:33 +0800] "GET /xingrg/javascript/easyui/themes/default/validatebox.css HTTP/1.1" 404 1104
114.83.219.181 - - [16/Feb/2024:12:28:33 +0800] "POST /xingrg/kc/base/wldb_order_operate.html HTTP/1.1" 200 5732
180.164.1.25 - - [16/Feb/2024:12:28:39 +0800] "POST /xingrg/dwr/call/plaincall/AjaxCheckService.deleteOrder.dwr HTTP/1.1" 200 78
180.164.1.25 - - [16/Feb/2024:12:28:41 +0800] "GET /xingrg/kc/base/check_order_list.html HTTP/1.1" 200 16142
180.164.1.25 - - [16/Feb/2024:12:28:41 +0800] "POST /xingrg/kc/base/check_list_operate.html HTTP/1.1" 200 781
124.78.67.200 - - [16/Feb/2024:12:28:44 +0800] "GET /xingrg/all/function/internal_message.html?_=1708057724155&CODE_STATE=getMsg HTTP/1.1" 200 27
114.83.219.181 - - [16/Feb/2024:12:28:46 +0800] "GET /xingrg/all/function/internal_message.html?_=1708057726105&CODE_STATE=getMsg HTTP/1.1" 200 27
114.83.219.181 - - [16/Feb/2024:12:28:50 +0800] "GET /xingrg/check_reg.html?_=1708057729525 HTTP/1.1" 200 22
218.81.65.124 - - [16/Feb/2024:12:28:53 +0800] "GET /xingrg/all/function/internal_message.html?_=1708057740529&CODE_STATE=getMsg HTTP/1.1" 200 27
116.224.254.208 - - [16/Feb/2024:12:29:01 +0800] "GET /xingrg/all/function/internal_message.html?_=1708057741748&CODE_STATE=getMsg HTTP/1.1" 200 27
101.83.145.37 - - [16/Feb/2024:12:29:12 +0800] "GET /xingrg/all/function/internal_message.html?_=1708057516884&CODE_STATE=getMsg HTTP/1.1" 200 27
124.78.158.60 - - [16/Feb/2024:12:29:18 +0800] "GET /xingrg/all/function/internal_message.html?_=1708057756467&CODE_STATE=getMsg HTTP/1.1" 200 27
180.164.1.25 - - [16/Feb/2024:12:29:25 +0800] "GET /xingrg/all/function/internal_message.html?_=1708057764364&CODE_STATE=getMsg HTTP/1.1" 200 27
218.81.220.26 - - [16/Feb/2024:12:29:30 +0800] "GET /xingrg/all/function/internal_message.html?_=1708057788881&CODE_STATE=getMsg HTTP/1.1" 200 27
120.253.135.82 - - [16/Feb/2024:12:29:33 +0800] "GET /xingrg/all/function/internal_message.html?_=1708057939491&CODE_STATE=getMsg HTTP/1.1" 200 27
120.253.135.82 - - [16/Feb/2024:12:29:33 +0800] "GET /xingrg/check_reg.html?_=1708057939492 HTTP/1.1" 200 22
218.81.220.26 - - [16/Feb/2024:12:29:36 +0800] "GET /xingrg/check_reg.html?_=1708057792080 HTTP/1.1" 302 -
124.78.67.200 - - [16/Feb/2024:12:29:44 +0800] "GET /xingrg/all/function/internal_message.html?_=1708057784137&CODE_STATE=getMsg HTTP/1.1" 200 27
114.83.219.181 - - [16/Feb/2024:12:29:46 +0800] "GET /xingrg/all/function/internal_message.html?_=1708057786077&CODE_STATE=getMsg HTTP/1.1" 200 27
218.81.65.124 - - [16/Feb/2024:12:29:53 +0800] "GET /xingrg/check_reg.html?_=1708057800527 HTTP/1.1" 200 22
218.81.65.124 - - [16/Feb/2024:12:29:53 +0800] "GET /xingrg/all/function/internal_message.html?_=1708057800529&CODE_STATE=getMsg HTTP/1.1" 200 27
116.224.254.208 - - [16/Feb/2024:12:30:01 +0800] "GET /xingrg/all/function/internal_message.html?_=1708057801745&CODE_STATE=getMsg HTTP/1.1" 200 27
101.83.145.37 - - [16/Feb/2024:12:30:12 +0800] "GET /xingrg/check_reg.html?_=1708057576884 HTTP/1.1" 200 22
101.83.145.37 - - [16/Feb/2024:12:30:12 +0800] "GET /xingrg/all/function/internal_message.html?_=1708057576887&CODE_STATE=getMsg HTTP/1.1" 200 27
124.78.158.60 - - [16/Feb/2024:12:30:18 +0800] "GET /xingrg/all/function/internal_message.html?_=1708057816441&CODE_STATE=getMsg HTTP/1.1" 200 27
124.78.158.60 - - [16/Feb/2024:12:30:19 +0800] "GET /xingrg/check_reg.html?_=1708057816819 HTTP/1.1" 200 22
116.224.254.208 - - [16/Feb/2024:12:30:23 +0800] "GET /xingrg/check_reg.html?_=1708057823491 HTTP/1.1" 200 22
180.164.1.25 - - [16/Feb/2024:12:30:25 +0800] "GET /xingrg/all/function/internal_message.html?_=1708057824364&CODE_STATE=getMsg HTTP/1.1" 200 27
180.164.1.25 - - [16/Feb/2024:12:30:25 +0800] "GET /xingrg/check_reg.html?_=1708057824364 HTTP/1.1" 200 22
218.81.220.26 - - [16/Feb/2024:12:30:31 +0800] "GET /xingrg/all/function/internal_message.html?_=1708057849249&CODE_STATE=getMsg HTTP/1.1" 200 27
120.253.135.82 - - [16/Feb/2024:12:30:33 +0800] "GET /xingrg/all/function/internal_message.html?_=1708057999495&CODE_STATE=getMsg HTTP/1.1" 200 27
124.78.67.200 - - [16/Feb/2024:12:30:44 +0800] "GET /xingrg/all/function/internal_message.html?_=1708057844113&CODE_STATE=getMsg HTTP/1.1" 200 27
114.83.219.181 - - [16/Feb/2024:12:30:46 +0800] "GET /xingrg/all/function/internal_message.html?_=1708057846048&CODE_STATE=getMsg HTTP/1.1" 200 27
218.81.65.124 - - [16/Feb/2024:12:30:53 +0800] "GET /xingrg/all/function/internal_message.html?_=1708057860527&CODE_STATE=getMsg HTTP/1.1" 200 27
116.224.254.208 - - [16/Feb/2024:12:31:01 +0800] "GET /xingrg/all/function/internal_message.html?_=1708057861737&CODE_STATE=getMsg HTTP/1.1" 200 27
101.83.145.37 - - [16/Feb/2024:12:31:12 +0800] "GET /xingrg/all/function/internal_message.html?_=1708057636896&CODE_STATE=getMsg HTTP/1.1" 200 27
124.78.158.60 - - [16/Feb/2024:12:31:18 +0800] "GET /xingrg/all/function/internal_message.html?_=1708057876413&CODE_STATE=getMsg HTTP/1.1" 200 27
180.164.1.25 - - [16/Feb/2024:12:31:25 +0800] "GET /xingrg/all/function/internal_message.html?_=1708057884362&CODE_STATE=getMsg HTTP/1.1" 200 27
116.230.123.222 - - [16/Feb/2024:12:31:26 +0800] "GET /xingrg/check_reg.html?_=1708057884424 HTTP/1.1" 200 22
218.81.220.26 - - [16/Feb/2024:12:31:31 +0800] "GET /xingrg/all/function/internal_message.html?_=1708057909252&CODE_STATE=getMsg HTTP/1.1" 200 27
120.253.135.82 - - [16/Feb/2024:12:31:33 +0800] "GET /xingrg/all/function/internal_message.html?_=1708058059500&CODE_STATE=getMsg HTTP/1.1" 200 27
124.78.67.200 - - [16/Feb/2024:12:31:44 +0800] "GET /xingrg/all/function/internal_message.html?_=1708057904098&CODE_STATE=getMsg HTTP/1.1" 200 27
114.83.219.181 - - [16/Feb/2024:12:31:45 +0800] "POST /xingrg/services/DataTransmitService HTTP/1.1" 200 524
114.83.219.181 - - [16/Feb/2024:12:31:46 +0800] "GET /xingrg/all/function/internal_message.html?_=1708057906018&CODE_STATE=getMsg HTTP/1.1" 200 27
114.83.219.181 - - [16/Feb/2024:12:31:47 +0800] "POST /xingrg/services/DataTransmitService HTTP/1.1" 200 412
218.81.65.124 - - [16/Feb/2024:12:31:53 +0800] "GET /xingrg/all/function/internal_message.html?_=1708057920541&CODE_STATE=getMsg HTTP/1.1" 200 27
116.224.254.208 - - [16/Feb/2024:12:32:01 +0800] "GET /xingrg/all/function/internal_message.html?_=1708057921723&CODE_STATE=getMsg HTTP/1.1" 200 27
180.164.1.25 - - [16/Feb/2024:12:32:02 +0800] "GET /xingrg/kc/base/check_order_add.html HTTP/1.1" 200 26442
180.164.1.25 - - [16/Feb/2024:12:32:02 +0800] "GET /xingrg/dwr/interface/AjaxComOrderService.js HTTP/1.1" 200 18264
180.164.1.25 - - [16/Feb/2024:12:32:02 +0800] "GET /xingrg/dwr/interface/AjaxCheckService.js HTTP/1.1" 200 14003
180.164.1.25 - - [16/Feb/2024:12:32:02 +0800] "GET /xingrg/dwr/engine.js HTTP/1.1" 200 43631
180.164.1.25 - - [16/Feb/2024:12:32:07 +0800] "POST /xingrg/dwr/call/plaincall/AjaxCheckService.saveOrder.dwr HTTP/1.1" 200 78
180.164.1.25 - - [16/Feb/2024:12:32:07 +0800] "POST /xingrg/dwr/call/plaincall/AjaxCheckService.saveOrder.dwr HTTP/1.1" 200 78
