218.81.220.26 - - [16/Feb/2024:09:39:28 +0800] "GET /xingrg/check_reg.html?_=1708047583913 HTTP/1.1" 302 -
101.83.145.37 - - [16/Feb/2024:09:39:30 +0800] "GET /xingrg/all/function/internal_message.html?_=1708047334453&CODE_STATE=getMsg HTTP/1.1" 200 27
218.81.220.26 - - [16/Feb/2024:09:39:38 +0800] "GET /xingrg/all/function/internal_message.html?_=1708047595983&CODE_STATE=getMsg HTTP/1.1" 200 27
124.78.67.200 - - [16/Feb/2024:09:39:46 +0800] "GET /xingrg/all/function/internal_message.html?_=1708047586466&CODE_STATE=getMsg HTTP/1.1" 200 27
180.163.28.109 - - [16/Feb/2024:09:39:50 +0800] "GET /xingrg/all/function/internal_message.html?_=1708047527859&CODE_STATE=getMsg HTTP/1.1" 302 -
124.78.158.60 - - [16/Feb/2024:09:39:50 +0800] "GET /xingrg/all/function/internal_message.html?_=1708047587855&CODE_STATE=getMsg HTTP/1.1" 200 27
180.163.28.109 - - [16/Feb/2024:09:39:50 +0800] "GET /xingrg/login.html HTTP/1.1" 200 7641
114.83.219.181 - - [16/Feb/2024:09:39:50 +0800] "GET /xingrg/all/function/internal_message.html?_=1708047589495&CODE_STATE=getMsg HTTP/1.1" 200 27
116.232.194.112 - - [16/Feb/2024:09:39:54 +0800] "GET /xingrg/all/function/internal_message.html?_=1708047583564&CODE_STATE=getMsg HTTP/1.1" 200 27
116.224.254.208 - - [16/Feb/2024:09:40:04 +0800] "GET /xingrg/all/function/internal_message.html?_=1708047604698&CODE_STATE=getMsg HTTP/1.1" 200 27
218.81.65.124 - - [16/Feb/2024:09:40:21 +0800] "GET /xingrg/all/function/internal_message.html?_=1708047629327&CODE_STATE=getMsg HTTP/1.1" 200 27
116.224.254.208 - - [16/Feb/2024:09:40:23 +0800] "GET /xingrg/check_reg.html?_=1708047623903 HTTP/1.1" 200 22
180.164.1.25 - - [16/Feb/2024:09:40:25 +0800] "GET /xingrg/check_reg.html?_=1708047624360 HTTP/1.1" 200 22
180.164.1.25 - - [16/Feb/2024:09:40:25 +0800] "GET /xingrg/all/function/internal_message.html?_=1708047624362&CODE_STATE=getMsg HTTP/1.1" 200 27
218.81.220.26 - - [16/Feb/2024:09:40:29 +0800] "GET /xingrg/check_reg.html?_=1708047647132 HTTP/1.1" 200 22
101.83.145.37 - - [16/Feb/2024:09:40:30 +0800] "GET /xingrg/all/function/internal_message.html?_=1708047394438&CODE_STATE=getMsg HTTP/1.1" 200 27
180.164.1.25 - - [16/Feb/2024:09:40:35 +0800] "GET /xingrg/kc/buy/cgsh_order_add.html HTTP/1.1" 200 73559
180.164.1.25 - - [16/Feb/2024:09:40:35 +0800] "POST /xingrg/kc/buy/cgsh_order_operate.html HTTP/1.1" 200 8245
180.164.1.25 - - [16/Feb/2024:09:40:35 +0800] "GET /xingrg/javascript/easyui/themes/default/validatebox.css HTTP/1.1" 404 1104
180.164.1.25 - - [16/Feb/2024:09:40:35 +0800] "GET /xingrg/all/common/auto_word.html?type=employee&rest_code=00108 HTTP/1.1" 200 101
180.164.1.25 - - [16/Feb/2024:09:40:35 +0800] "GET /xingrg/all/common/auto_word.html?type=employee&rest_code=00108 HTTP/1.1" 200 101
124.78.158.60 - - [16/Feb/2024:09:40:37 +0800] "GET /xingrg/check_reg.html?_=1708047635017 HTTP/1.1" 200 22
218.81.220.26 - - [16/Feb/2024:09:40:38 +0800] "GET /xingrg/all/function/internal_message.html?_=1708047655993&CODE_STATE=getMsg HTTP/1.1" 200 27
124.78.67.200 - - [16/Feb/2024:09:40:46 +0800] "GET /xingrg/all/function/internal_message.html?_=1708047646441&CODE_STATE=getMsg HTTP/1.1" 200 27
180.163.30.100 - - [16/Feb/2024:09:40:50 +0800] "GET /xingrg/all/function/internal_message.html?_=1708047587855&CODE_STATE=getMsg HTTP/1.1" 302 -
124.78.158.60 - - [16/Feb/2024:09:40:50 +0800] "GET /xingrg/all/function/internal_message.html?_=1708047647826&CODE_STATE=getMsg HTTP/1.1" 200 27
180.163.30.100 - - [16/Feb/2024:09:40:50 +0800] "GET /xingrg/login.html HTTP/1.1" 200 7641
114.83.219.181 - - [16/Feb/2024:09:40:50 +0800] "GET /xingrg/all/function/internal_message.html?_=1708047649464&CODE_STATE=getMsg HTTP/1.1" 200 27
116.224.254.208 - - [16/Feb/2024:09:40:50 +0800] "POST /xingrg/kc/mdqp/pssh_list_operate.html HTTP/1.1" 200 269
116.232.194.112 - - [16/Feb/2024:09:40:54 +0800] "GET /xingrg/all/function/internal_message.html?_=1708047643537&CODE_STATE=getMsg HTTP/1.1" 200 27
116.224.254.208 - - [16/Feb/2024:09:40:56 +0800] "GET /xingrg/kc/mdqp/qqps_order_list.html HTTP/1.1" 200 9222
116.224.254.208 - - [16/Feb/2024:09:40:56 +0800] "GET /xingrg/dwr/interface/AjaxQqpsService.js HTTP/1.1" 200 16326
116.224.254.208 - - [16/Feb/2024:09:40:56 +0800] "GET /xingrg/dwr/engine.js HTTP/1.1" 200 43631
116.224.254.208 - - [16/Feb/2024:09:40:56 +0800] "GET /xingrg/dwr/util.js HTTP/1.1" 304 -
116.224.254.208 - - [16/Feb/2024:09:40:58 +0800] "GET /xingrg/kc/mdqp/pssh_order_list.html HTTP/1.1" 200 17849
116.224.254.208 - - [16/Feb/2024:09:40:58 +0800] "POST /xingrg/kc/mdqp/pssh_list_operate.html HTTP/1.1" 200 5375
116.224.254.208 - - [16/Feb/2024:09:41:00 +0800] "GET /xingrg/dwr/interface/AjaxReportQueryService.js HTTP/1.1" 200 13203
116.224.254.208 - - [16/Feb/2024:09:41:01 +0800] "POST /xingrg/kc/mdqp/pssh_list_operate.html HTTP/1.1" 200 787
116.224.254.208 - - [16/Feb/2024:09:41:02 +0800] "GET /xingrg/kc/mdqp/pssh_order_info.html?code=312024021500201 HTTP/1.1" 200 17279
116.224.254.208 - - [16/Feb/2024:09:41:02 +0800] "GET /xingrg/javascript/jquery_tools/jquery-1.4.2.min.js HTTP/1.1" 404 1094
116.224.254.208 - - [16/Feb/2024:09:41:03 +0800] "GET /xingrg/javascript/easyui/themes/default/validatebox.css HTTP/1.1" 404 1104
116.224.254.208 - - [16/Feb/2024:09:41:03 +0800] "GET /xingrg/all/common/auto_word.html?type=base&rest_code=00150&rest_code=00150 HTTP/1.1" 200 1853
116.224.254.208 - - [16/Feb/2024:09:41:03 +0800] "POST /xingrg/kc/mdqp/pssh_order_operate.html HTTP/1.1" 200 9098
116.224.254.208 - - [16/Feb/2024:09:41:04 +0800] "GET /xingrg/all/function/internal_message.html?_=1708047664677&CODE_STATE=getMsg HTTP/1.1" 200 27
116.224.254.208 - - [16/Feb/2024:09:41:08 +0800] "GET /xingrg/kc/buy/cgsh_order_list.html HTTP/1.1" 200 57698
116.224.254.208 - - [16/Feb/2024:09:41:10 +0800] "POST /xingrg/kc/buy/cgsh_list_operate.html HTTP/1.1" 200 986
116.224.254.208 - - [16/Feb/2024:09:41:14 +0800] "GET /xingrg/javascript/jquery_tools/images/prev.gif HTTP/1.1" 404 1086
116.224.254.208 - - [16/Feb/2024:09:41:14 +0800] "GET /xingrg/javascript/jquery_tools/images/next.gif HTTP/1.1" 404 1086
180.164.1.25 - - [16/Feb/2024:09:41:21 +0800] "GET /xingrg/javascript/auto/indicator.gif HTTP/1.1" 404 1066
218.81.65.124 - - [16/Feb/2024:09:41:21 +0800] "GET /xingrg/all/function/internal_message.html?_=1708047689341&CODE_STATE=getMsg HTTP/1.1" 200 27
116.224.254.208 - - [16/Feb/2024:09:41:23 +0800] "POST /xingrg/kc/buy/cgsh_list_operate.html HTTP/1.1" 200 2857
180.164.1.25 - - [16/Feb/2024:09:41:25 +0800] "GET /xingrg/all/function/internal_message.html?_=1708047684359&CODE_STATE=getMsg HTTP/1.1" 200 27
116.224.254.208 - - [16/Feb/2024:09:41:25 +0800] "POST /xingrg/kc/buy/cgsh_list_operate.html HTTP/1.1" 200 571
116.224.254.208 - - [16/Feb/2024:09:41:26 +0800] "GET /xingrg/kc/buy/cgsh_order_info.html?code=212024021604360 HTTP/1.1" 200 68436
116.224.254.208 - - [16/Feb/2024:09:41:27 +0800] "GET /xingrg/javascript/easyui/themes/default/validatebox.css HTTP/1.1" 404 1104
116.224.254.208 - - [16/Feb/2024:09:41:28 +0800] "POST /xingrg/kc/buy/cgsh_order_operate.html HTTP/1.1" 200 11842
101.83.145.37 - - [16/Feb/2024:09:41:30 +0800] "GET /xingrg/all/function/internal_message.html?_=1708047454423&CODE_STATE=getMsg HTTP/1.1" 200 27
116.224.254.208 - - [16/Feb/2024:09:41:36 +0800] "POST /xingrg/kc/buy/cgsh_order_operate.html HTTP/1.1" 200 12
180.164.1.25 - - [16/Feb/2024:09:41:38 +0800] "GET /xingrg/kc/buy/cgsh_order_operate.html?command=get_materiel&rest_code=00108&code=00101006129&supplier_code=00100012&order_time=2024-02-16 HTTP/1.1" 200 440
218.81.220.26 - - [16/Feb/2024:09:41:38 +0800] "GET /xingrg/all/function/internal_message.html?_=1708047716006&CODE_STATE=getMsg HTTP/1.1" 200 27
116.224.254.208 - - [16/Feb/2024:09:41:39 +0800] "GET /xingrg/kc/buy/cgsh_order_info.html?code=212024021604360 HTTP/1.1" 200 73532
116.224.254.208 - - [16/Feb/2024:09:41:39 +0800] "GET /xingrg/javascript/easyui/themes/default/validatebox.css HTTP/1.1" 404 1104
116.224.254.208 - - [16/Feb/2024:09:41:40 +0800] "POST /xingrg/kc/buy/cgsh_order_operate.html HTTP/1.1" 200 13898
124.78.67.200 - - [16/Feb/2024:09:41:46 +0800] "GET /xingrg/all/function/internal_message.html?_=1708047706419&CODE_STATE=getMsg HTTP/1.1" 200 27
124.78.158.60 - - [16/Feb/2024:09:41:50 +0800] "GET /xingrg/all/function/internal_message.html?_=1708047707798&CODE_STATE=getMsg HTTP/1.1" 200 27
114.83.219.181 - - [16/Feb/2024:09:41:50 +0800] "GET /xingrg/all/function/internal_message.html?_=1708047709453&CODE_STATE=getMsg HTTP/1.1" 200 27
180.164.1.25 - - [16/Feb/2024:09:41:51 +0800] "GET /xingrg/kc/buy/cgsh_order_operate.html?command=get_materiel&rest_code=00108&code=00101006109&supplier_code=00100012&order_time=2024-02-16 HTTP/1.1" 200 410
116.232.194.112 - - [16/Feb/2024:09:41:54 +0800] "GET /xingrg/all/function/internal_message.html?_=1708047703510&CODE_STATE=getMsg HTTP/1.1" 200 27
116.224.254.208 - - [16/Feb/2024:09:41:56 +0800] "POST /xingrg/kc/buy/cgsh_order_operate.html HTTP/1.1" 200 37
116.224.254.208 - - [16/Feb/2024:09:42:04 +0800] "GET /xingrg/all/function/internal_message.html?_=1708047724685&CODE_STATE=getMsg HTTP/1.1" 200 27
116.232.194.112 - - [16/Feb/2024:09:42:08 +0800] "GET /xingrg/check_reg.html?_=1708047717818 HTTP/1.1" 200 22
116.224.254.208 - - [16/Feb/2024:09:42:09 +0800] "POST /xingrg/kc/buy/cgsh_order_operate.html HTTP/1.1" 200 12
116.224.254.208 - - [16/Feb/2024:09:42:11 +0800] "GET /xingrg/kc/buy/cgsh_order_info.html?code=212024021604360 HTTP/1.1" 200 68436
116.224.254.208 - - [16/Feb/2024:09:42:12 +0800] "GET /xingrg/javascript/easyui/themes/default/validatebox.css HTTP/1.1" 404 1104
116.224.254.208 - - [16/Feb/2024:09:42:13 +0800] "POST /xingrg/kc/buy/cgsh_order_operate.html HTTP/1.1" 200 11254
218.81.65.124 - - [16/Feb/2024:09:42:21 +0800] "GET /xingrg/all/function/internal_message.html?_=1708047749340&CODE_STATE=getMsg HTTP/1.1" 200 27
180.164.1.25 - - [16/Feb/2024:09:42:25 +0800] "GET /xingrg/all/function/internal_message.html?_=1708047744347&CODE_STATE=getMsg HTTP/1.1" 200 27
101.83.145.37 - - [16/Feb/2024:09:42:30 +0800] "GET /xingrg/all/function/internal_message.html?_=1708047514408&CODE_STATE=getMsg HTTP/1.1" 200 27
218.81.220.26 - - [16/Feb/2024:09:42:38 +0800] "GET /xingrg/all/function/internal_message.html?_=1708047776472&CODE_STATE=getMsg HTTP/1.1" 200 27
124.78.67.200 - - [16/Feb/2024:09:42:46 +0800] "GET /xingrg/all/function/internal_message.html?_=1708047766397&CODE_STATE=getMsg HTTP/1.1" 200 27
124.78.158.60 - - [16/Feb/2024:09:42:50 +0800] "GET /xingrg/all/function/internal_message.html?_=1708047767782&CODE_STATE=getMsg HTTP/1.1" 200 27
180.163.28.114 - - [16/Feb/2024:09:42:50 +0800] "GET /xingrg/all/function/internal_message.html?_=1708047707798&CODE_STATE=getMsg HTTP/1.1" 302 -
180.163.28.114 - - [16/Feb/2024:09:42:50 +0800] "GET /xingrg/login.html HTTP/1.1" 200 7641
114.83.219.181 - - [16/Feb/2024:09:42:50 +0800] "GET /xingrg/all/function/internal_message.html?_=1708047769438&CODE_STATE=getMsg HTTP/1.1" 200 27
116.232.194.112 - - [16/Feb/2024:09:42:54 +0800] "GET /xingrg/all/function/internal_message.html?_=1708047763501&CODE_STATE=getMsg HTTP/1.1" 200 27
116.224.254.208 - - [16/Feb/2024:09:43:04 +0800] "GET /xingrg/all/function/internal_message.html?_=1708047784667&CODE_STATE=getMsg HTTP/1.1" 200 27
218.81.65.124 - - [16/Feb/2024:09:43:21 +0800] "GET /xingrg/all/function/internal_message.html?_=1708047809338&CODE_STATE=getMsg HTTP/1.1" 200 27
124.78.67.200 - - [16/Feb/2024:09:43:23 +0800] "GET /xingrg/check_reg.html?_=1708047804005 HTTP/1.1" 200 22
180.164.1.25 - - [16/Feb/2024:09:43:25 +0800] "GET /xingrg/all/function/internal_message.html?_=1708047804360&CODE_STATE=getMsg HTTP/1.1" 200 27
101.83.145.37 - - [16/Feb/2024:09:43:30 +0800] "GET /xingrg/all/function/internal_message.html?_=1708047574393&CODE_STATE=getMsg HTTP/1.1" 200 27
101.83.145.37 - - [16/Feb/2024:09:43:30 +0800] "GET /xingrg/check_reg.html?_=1708047575160 HTTP/1.1" 200 22
218.81.220.26 - - [16/Feb/2024:09:43:38 +0800] "GET /xingrg/all/function/internal_message.html?_=1708047836486&CODE_STATE=getMsg HTTP/1.1" 200 27
124.78.67.200 - - [16/Feb/2024:09:43:46 +0800] "GET /xingrg/all/function/internal_message.html?_=1708047826373&CODE_STATE=getMsg HTTP/1.1" 200 27
180.164.1.25 - - [16/Feb/2024:09:43:47 +0800] "POST /xingrg/kc/buy/cgsh_order_operate.html HTTP/1.1" 200 37
180.164.1.25 - - [16/Feb/2024:09:43:49 +0800] "POST /xingrg/kc/buy/cgsh_order_operate.html HTTP/1.1" 200 3271
124.78.158.60 - - [16/Feb/2024:09:43:49 +0800] "GET /xingrg/all/function/internal_message.html?_=1708047827760&CODE_STATE=getMsg HTTP/1.1" 200 27
114.83.219.181 - - [16/Feb/2024:09:43:50 +0800] "GET /xingrg/all/function/internal_message.html?_=1708047829410&CODE_STATE=getMsg HTTP/1.1" 200 27
114.83.219.181 - - [16/Feb/2024:09:43:50 +0800] "GET /xingrg/check_reg.html?_=1708047829802 HTTP/1.1" 200 22
116.232.194.112 - - [16/Feb/2024:09:43:54 +0800] "GET /xingrg/all/function/internal_message.html?_=1708047823475&CODE_STATE=getMsg HTTP/1.1" 200 27
180.164.1.25 - - [16/Feb/2024:09:43:57 +0800] "GET /xingrg/kc/print/load_config.html?kc_code=cgsh HTTP/1.1" 200 1927
180.164.1.25 - - [16/Feb/2024:09:43:58 +0800] "GET /xingrg/kc/print/load_data.html?order_code=212024021604365&kc_code=cgsh&condition= HTTP/1.1" 200 1020
116.224.254.208 - - [16/Feb/2024:09:44:04 +0800] "GET /xingrg/all/function/internal_message.html?_=1708047844653&CODE_STATE=getMsg HTTP/1.1" 200 27
180.164.1.25 - - [16/Feb/2024:09:44:10 +0800] "GET /xingrg/kc/buy/cgsh_order_add.html HTTP/1.1" 200 73559
180.164.1.25 - - [16/Feb/2024:09:44:10 +0800] "POST /xingrg/kc/buy/cgsh_order_operate.html HTTP/1.1" 200 8245
180.164.1.25 - - [16/Feb/2024:09:44:10 +0800] "GET /xingrg/javascript/easyui/themes/default/validatebox.css HTTP/1.1" 404 1104
124.78.67.200 - - [16/Feb/2024:09:44:11 +0800] "GET /xingrg/css/new_ie.css HTTP/1.1" 404 1036
124.78.67.200 - - [16/Feb/2024:09:44:15 +0800] "POST /xingrg/kc/buy/cgsh_list_operate.html HTTP/1.1" 200 986
124.78.67.200 - - [16/Feb/2024:09:44:16 +0800] "POST /xingrg/kc/buy/cgsh_order_operate.html HTTP/1.1" 200 8245
124.78.67.200 - - [16/Feb/2024:09:44:16 +0800] "GET /xingrg/javascript/easyui/themes/default/validatebox.css HTTP/1.1" 404 1104
218.81.65.124 - - [16/Feb/2024:09:44:21 +0800] "GET /xingrg/check_reg.html?_=1708047869339 HTTP/1.1" 200 22
218.81.65.124 - - [16/Feb/2024:09:44:21 +0800] "GET /xingrg/all/function/internal_message.html?_=1708047869341&CODE_STATE=getMsg HTTP/1.1" 200 27
180.164.1.25 - - [16/Feb/2024:09:44:25 +0800] "GET /xingrg/all/function/internal_message.html?_=1708047864361&CODE_STATE=getMsg HTTP/1.1" 200 27
218.81.220.26 - - [16/Feb/2024:09:44:28 +0800] "GET /xingrg/check_reg.html?_=1708047884137 HTTP/1.1" 302 -
101.83.145.37 - - [16/Feb/2024:09:44:30 +0800] "GET /xingrg/all/function/internal_message.html?_=1708047634365&CODE_STATE=getMsg HTTP/1.1" 200 27
124.78.67.200 - - [16/Feb/2024:09:44:34 +0800] "GET /xingrg/javascript/jquery_tools/images/prev.gif HTTP/1.1" 404 1086
124.78.67.200 - - [16/Feb/2024:09:44:34 +0800] "GET /xingrg/javascript/jquery_tools/images/next.gif HTTP/1.1" 404 1086
124.78.67.200 - - [16/Feb/2024:09:44:38 +0800] "GET /xingrg/dwr/engine.js HTTP/1.1" 200 43631
124.78.67.200 - - [16/Feb/2024:09:44:39 +0800] "GET /xingrg/javascript/easyui/themes/default/validatebox.css HTTP/1.1" 404 1104
218.81.220.26 - - [16/Feb/2024:09:44:39 +0800] "GET /xingrg/all/function/internal_message.html?_=1708047896911&CODE_STATE=getMsg HTTP/1.1" 200 27
124.78.67.200 - - [16/Feb/2024:09:44:41 +0800] "GET /xingrg/javascript/jquery_tools/images/prev.gif HTTP/1.1" 404 1086
124.78.67.200 - - [16/Feb/2024:09:44:41 +0800] "GET /xingrg/javascript/jquery_tools/images/next.gif HTTP/1.1" 404 1086
124.78.67.200 - - [16/Feb/2024:09:44:44 +0800] "GET /xingrg/kc/buy/cgsh_order_add.html HTTP/1.1" 200 73467
124.78.67.200 - - [16/Feb/2024:09:44:44 +0800] "GET /xingrg/css/base.css HTTP/1.1" 304 -
124.78.67.200 - - [16/Feb/2024:09:44:44 +0800] "GET /xingrg/css/site.css HTTP/1.1" 304 -
124.78.67.200 - - [16/Feb/2024:09:44:44 +0800] "GET /xingrg/javascript/jquery_tools/datebox.css HTTP/1.1" 304 -
124.78.67.200 - - [16/Feb/2024:09:44:44 +0800] "GET /xingrg/javascript/easyui/themes/default/easyui.css HTTP/1.1" 304 -
124.78.67.200 - - [16/Feb/2024:09:44:44 +0800] "GET /xingrg/javascript/easyui/themes/icon.css HTTP/1.1" 304 -
124.78.67.200 - - [16/Feb/2024:09:44:44 +0800] "GET /xingrg/javascript/auto/jquery.autocomplete.css HTTP/1.1" 304 -
124.78.67.200 - - [16/Feb/2024:09:44:44 +0800] "GET /xingrg/javascript/jquery_tools/fix.css HTTP/1.1" 304 -
124.78.67.200 - - [16/Feb/2024:09:44:44 +0800] "GET /xingrg/javascript/jquery_tools/table.css HTTP/1.1" 304 -
124.78.67.200 - - [16/Feb/2024:09:44:44 +0800] "GET /xingrg/javascript/pic_change.js HTTP/1.1" 304 -
124.78.67.200 - - [16/Feb/2024:09:44:44 +0800] "GET /xingrg/javascript/jquery_tools/jquery.tools.min.js HTTP/1.1" 304 -
124.78.67.200 - - [16/Feb/2024:09:44:44 +0800] "GET /xingrg/javascript/jquery_tools/jquery.tools.extend.js HTTP/1.1" 304 -
124.78.67.200 - - [16/Feb/2024:09:44:44 +0800] "GET /xingrg/javascript/jquery_tools/jquery.tools.hotkey.js HTTP/1.1" 304 -
124.78.67.200 - - [16/Feb/2024:09:44:44 +0800] "GET /xingrg/javascript/jquery_tools/jquery.tools.table.js HTTP/1.1" 304 -
124.78.67.200 - - [16/Feb/2024:09:44:44 +0800] "GET /xingrg/javascript/auto/jquery.autocomplete.js HTTP/1.1" 304 -
124.78.67.200 - - [16/Feb/2024:09:44:44 +0800] "GET /xingrg/javascript/easyui/easyloader.js HTTP/1.1" 304 -
124.78.67.200 - - [16/Feb/2024:09:44:44 +0800] "GET /xingrg/javascript/jquery.utils.js HTTP/1.1" 304 -
124.78.67.200 - - [16/Feb/2024:09:44:44 +0800] "GET /xingrg/javascript/jquery_tools/order_manager.js HTTP/1.1" 304 -
124.78.67.200 - - [16/Feb/2024:09:44:44 +0800] "GET /xingrg/javascript/convert.js HTTP/1.1" 304 -
124.78.67.200 - - [16/Feb/2024:09:44:44 +0800] "GET /xingrg/javascript/json2.js HTTP/1.1" 304 -
124.78.67.200 - - [16/Feb/2024:09:44:44 +0800] "GET /xingrg/javascript/jquery.cookie.js HTTP/1.1" 304 -
124.78.67.200 - - [16/Feb/2024:09:44:44 +0800] "GET /xingrg/javascript/print/kc_print.js HTTP/1.1" 304 -
124.78.67.200 - - [16/Feb/2024:09:44:44 +0800] "GET /xingrg/javascript/print/LodopFuncs.js HTTP/1.1" 304 -
124.78.67.200 - - [16/Feb/2024:09:44:45 +0800] "GET /xingrg/words/20240208113601_words.js HTTP/1.1" 304 -
124.78.67.200 - - [16/Feb/2024:09:44:45 +0800] "GET /xingrg/javascript/easyui/plugins/jquery.parser.js HTTP/1.1" 304 -
124.78.67.200 - - [16/Feb/2024:09:44:45 +0800] "GET /xingrg/images/control/ajaxLoader.gif HTTP/1.1" 304 -
124.78.67.200 - - [16/Feb/2024:09:44:45 +0800] "POST /xingrg/kc/buy/cgsh_order_operate.html HTTP/1.1" 200 8245
124.78.67.200 - - [16/Feb/2024:09:44:45 +0800] "GET /xingrg/javascript/easyui/themes/default/validatebox.css HTTP/1.1" 404 1104
124.78.67.200 - - [16/Feb/2024:09:44:46 +0800] "GET /xingrg/all/function/internal_message.html?_=1708047886364&CODE_STATE=getMsg HTTP/1.1" 200 27
124.78.158.60 - - [16/Feb/2024:09:44:49 +0800] "GET /xingrg/all/function/internal_message.html?_=1708047887730&CODE_STATE=getMsg HTTP/1.1" 200 27
114.83.219.181 - - [16/Feb/2024:09:44:50 +0800] "GET /xingrg/all/function/internal_message.html?_=1708047889385&CODE_STATE=getMsg HTTP/1.1" 200 27
180.163.30.76 - - [16/Feb/2024:09:44:50 +0800] "GET /xingrg/all/function/internal_message.html?_=1708047827760&CODE_STATE=getMsg HTTP/1.1" 302 -
180.163.30.76 - - [16/Feb/2024:09:44:50 +0800] "GET /xingrg/login.html HTTP/1.1" 200 7641
116.232.194.112 - - [16/Feb/2024:09:44:54 +0800] "GET /xingrg/all/function/internal_message.html?_=1708047883467&CODE_STATE=getMsg HTTP/1.1" 200 27
124.78.67.200 - - [16/Feb/2024:09:45:02 +0800] "GET /xingrg/kc/buy/cgsh_order_operate.html?command=get_materiel&rest_code=00141&code=00101016030&supplier_code=00100036&order_time=2024-02-16 HTTP/1.1" 200 412
116.224.254.208 - - [16/Feb/2024:09:45:04 +0800] "GET /xingrg/all/function/internal_message.html?_=1708047904650&CODE_STATE=getMsg HTTP/1.1" 200 27
180.164.1.25 - - [16/Feb/2024:09:45:08 +0800] "GET /xingrg/javascript/jquery_tools/images/prev.gif HTTP/1.1" 404 1086
180.164.1.25 - - [16/Feb/2024:09:45:08 +0800] "GET /xingrg/javascript/jquery_tools/images/next.gif HTTP/1.1" 404 1086
124.78.67.200 - - [16/Feb/2024:09:45:15 +0800] "POST /xingrg/kc/buy/cgsh_order_operate.html HTTP/1.1" 200 37
180.164.1.25 - - [16/Feb/2024:09:45:17 +0800] "GET /xingrg/kc/buy/cgsh_order_operate.html?command=get_materiel&rest_code=00108&code=00101011001&supplier_code=00100036&order_time=2024-02-16 HTTP/1.1" 200 423
218.81.65.124 - - [16/Feb/2024:09:45:21 +0800] "GET /xingrg/all/function/internal_message.html?_=1708047929345&CODE_STATE=getMsg HTTP/1.1" 200 27
116.224.254.208 - - [16/Feb/2024:09:45:23 +0800] "GET /xingrg/check_reg.html?_=1708047923897 HTTP/1.1" 200 22
124.78.67.200 - - [16/Feb/2024:09:45:24 +0800] "POST /xingrg/kc/buy/cgsh_order_operate.html HTTP/1.1" 200 12
180.164.1.25 - - [16/Feb/2024:09:45:25 +0800] "GET /xingrg/check_reg.html?_=1708047924354 HTTP/1.1" 200 22
180.164.1.25 - - [16/Feb/2024:09:45:25 +0800] "GET /xingrg/all/function/internal_message.html?_=1708047924356&CODE_STATE=getMsg HTTP/1.1" 200 27
180.164.1.25 - - [16/Feb/2024:09:45:27 +0800] "GET /xingrg/kc/buy/cgsh_order_operate.html?command=get_materiel&rest_code=00108&code=00101011004&supplier_code=00100036&order_time=2024-02-16 HTTP/1.1" 200 412
218.81.220.26 - - [16/Feb/2024:09:45:29 +0800] "GET /xingrg/check_reg.html?_=1708047947137 HTTP/1.1" 200 22
101.83.145.37 - - [16/Feb/2024:09:45:30 +0800] "GET /xingrg/all/function/internal_message.html?_=1708047694351&CODE_STATE=getMsg HTTP/1.1" 200 27
180.164.1.25 - - [16/Feb/2024:09:45:36 +0800] "GET /xingrg/kc/buy/cgsh_order_operate.html?command=get_materiel&rest_code=00108&code=00101012032&supplier_code=00100036&order_time=2024-02-16 HTTP/1.1" 200 417
124.78.67.200 - - [16/Feb/2024:09:45:36 +0800] "GET /xingrg/kc/buy/cgsh_order_info.html?code=212024021604366 HTTP/1.1" 200 68378
124.78.158.60 - - [16/Feb/2024:09:45:37 +0800] "GET /xingrg/check_reg.html?_=1708047935001 HTTP/1.1" 200 22
124.78.67.200 - - [16/Feb/2024:09:45:37 +0800] "GET /xingrg/javascript/easyui/themes/default/validatebox.css HTTP/1.1" 404 1104
124.78.67.200 - - [16/Feb/2024:09:45:38 +0800] "POST /xingrg/kc/buy/cgsh_order_operate.html HTTP/1.1" 200 605
218.81.220.26 - - [16/Feb/2024:09:45:39 +0800] "GET /xingrg/all/function/internal_message.html?_=1708047956919&CODE_STATE=getMsg HTTP/1.1" 200 27
124.78.67.200 - - [16/Feb/2024:09:45:40 +0800] "GET /xingrg/kc/print/load_data.html?order_code=212024021604366&kc_code=cgsh&condition= HTTP/1.1" 200 776
124.78.67.200 - - [16/Feb/2024:09:45:46 +0800] "GET /xingrg/all/function/internal_message.html?_=1708047946345&CODE_STATE=getMsg HTTP/1.1" 200 27
180.164.1.25 - - [16/Feb/2024:09:45:47 +0800] "POST /xingrg/kc/buy/cgsh_order_operate.html HTTP/1.1" 200 37
124.78.158.60 - - [16/Feb/2024:09:45:49 +0800] "GET /xingrg/all/function/internal_message.html?_=1708047947703&CODE_STATE=getMsg HTTP/1.1" 200 27
114.83.219.181 - - [16/Feb/2024:09:45:50 +0800] "GET /xingrg/all/function/internal_message.html?_=1708047949355&CODE_STATE=getMsg HTTP/1.1" 200 27
180.164.1.25 - - [16/Feb/2024:09:45:50 +0800] "POST /xingrg/kc/buy/cgsh_order_operate.html HTTP/1.1" 200 3852
218.81.65.124 - - [16/Feb/2024:09:45:50 +0800] "GET /xingrg/kc/buy/cgsh_order_list.html HTTP/1.1" 200 57698
124.78.67.200 - - [16/Feb/2024:09:45:50 +0800] "POST /xingrg/kc/buy/cgsh_order_operate.html HTTP/1.1" 200 8245
124.78.67.200 - - [16/Feb/2024:09:45:51 +0800] "GET /xingrg/javascript/easyui/themes/default/validatebox.css HTTP/1.1" 404 1104
180.164.1.25 - - [16/Feb/2024:09:45:53 +0800] "GET /xingrg/kc/print/load_data.html?order_code=212024021604367&kc_code=cgsh&condition= HTTP/1.1" 200 1223
218.81.65.124 - - [16/Feb/2024:09:45:53 +0800] "GET /xingrg/kc/buy/cgsh_order_list.html HTTP/1.1" 200 57698
116.232.194.112 - - [16/Feb/2024:09:45:54 +0800] "GET /xingrg/all/function/internal_message.html?_=1708047943454&CODE_STATE=getMsg HTTP/1.1" 200 27
218.81.65.124 - - [16/Feb/2024:09:45:55 +0800] "POST /xingrg/kc/buy/cgsh_list_operate.html HTTP/1.1" 200 986
218.81.65.124 - - [16/Feb/2024:09:46:02 +0800] "GET /xingrg/kc/buy/cgsh_order_add.html HTTP/1.1" 200 73461
218.81.65.124 - - [16/Feb/2024:09:46:02 +0800] "POST /xingrg/kc/buy/cgsh_order_operate.html HTTP/1.1" 200 8245
218.81.65.124 - - [16/Feb/2024:09:46:02 +0800] "GET /xingrg/javascript/easyui/themes/default/validatebox.css HTTP/1.1" 404 1104
218.81.65.124 - - [16/Feb/2024:09:46:02 +0800] "GET /xingrg/all/common/auto_word.html?type=employee&rest_code=00148 HTTP/1.1" 200 197
218.81.65.124 - - [16/Feb/2024:09:46:02 +0800] "GET /xingrg/all/common/auto_word.html?type=employee&rest_code=00148 HTTP/1.1" 200 197
180.164.1.25 - - [16/Feb/2024:09:46:03 +0800] "GET /xingrg/kc/buy/cgsh_order_add.html HTTP/1.1" 200 73559
180.164.1.25 - - [16/Feb/2024:09:46:04 +0800] "POST /xingrg/kc/buy/cgsh_order_operate.html HTTP/1.1" 200 8245
180.164.1.25 - - [16/Feb/2024:09:46:04 +0800] "GET /xingrg/javascript/easyui/themes/default/validatebox.css HTTP/1.1" 404 1104
116.224.254.208 - - [16/Feb/2024:09:46:04 +0800] "GET /xingrg/all/function/internal_message.html?_=1708047964653&CODE_STATE=getMsg HTTP/1.1" 200 27
218.81.65.124 - - [16/Feb/2024:09:46:05 +0800] "GET /xingrg/javascript/auto/indicator.gif HTTP/1.1" 404 1066
218.81.65.124 - - [16/Feb/2024:09:46:06 +0800] "GET /xingrg/javascript/jquery_tools/images/prev.gif HTTP/1.1" 404 1086
218.81.65.124 - - [16/Feb/2024:09:46:06 +0800] "GET /xingrg/javascript/jquery_tools/images/next.gif HTTP/1.1" 404 1086
124.78.67.200 - - [16/Feb/2024:09:46:06 +0800] "GET /xingrg/kc/buy/cgsh_order_operate.html?command=get_materiel&rest_code=00141&code=00101006013&supplier_code=00100012&order_time=2024-02-16 HTTP/1.1" 200 409
218.81.65.124 - - [16/Feb/2024:09:46:14 +0800] "GET /xingrg/kc/buy/cgsh_order_operate.html?command=get_materiel&rest_code=00148&code=00101002006&supplier_code=00100091&order_time=2024-02-16 HTTP/1.1" 200 434
218.81.65.124 - - [16/Feb/2024:09:46:21 +0800] "GET /xingrg/all/function/internal_message.html?_=1708047989335&CODE_STATE=getMsg HTTP/1.1" 200 27
180.164.1.25 - - [16/Feb/2024:09:46:25 +0800] "GET /xingrg/all/function/internal_message.html?_=1708047984349&CODE_STATE=getMsg HTTP/1.1" 200 27
101.83.145.37 - - [16/Feb/2024:09:46:30 +0800] "GET /xingrg/all/function/internal_message.html?_=1708047754336&CODE_STATE=getMsg HTTP/1.1" 200 27
218.81.65.124 - - [16/Feb/2024:09:46:33 +0800] "POST /xingrg/kc/buy/cgsh_order_operate.html HTTP/1.1" 200 37
218.81.65.124 - - [16/Feb/2024:09:46:35 +0800] "POST /xingrg/kc/buy/cgsh_order_operate.html HTTP/1.1" 200 2661
218.81.65.124 - - [16/Feb/2024:09:46:35 +0800] "GET /xingrg/kc/print/load_config.html?kc_code=cgsh HTTP/1.1" 200 1927
218.81.65.124 - - [16/Feb/2024:09:46:36 +0800] "GET /xingrg/kc/print/load_data.html?order_code=212024021604368&kc_code=cgsh&condition= HTTP/1.1" 200 740
218.81.220.26 - - [16/Feb/2024:09:46:39 +0800] "GET /xingrg/all/function/internal_message.html?_=1708048016932&CODE_STATE=getMsg HTTP/1.1" 200 27
218.81.65.124 - - [16/Feb/2024:09:46:41 +0800] "GET /xingrg/kc/buy/cgsh_order_add.html HTTP/1.1" 200 73461
218.81.65.124 - - [16/Feb/2024:09:46:41 +0800] "POST /xingrg/kc/buy/cgsh_order_operate.html HTTP/1.1" 200 8245
218.81.65.124 - - [16/Feb/2024:09:46:41 +0800] "GET /xingrg/javascript/easyui/themes/default/validatebox.css HTTP/1.1" 404 1104
124.78.67.200 - - [16/Feb/2024:09:46:46 +0800] "GET /xingrg/all/function/internal_message.html?_=1708048006336&CODE_STATE=getMsg HTTP/1.1" 200 27
124.78.158.60 - - [16/Feb/2024:09:46:49 +0800] "GET /xingrg/all/function/internal_message.html?_=1708048007689&CODE_STATE=getMsg HTTP/1.1" 200 27
114.83.219.181 - - [16/Feb/2024:09:46:50 +0800] "GET /xingrg/all/function/internal_message.html?_=1708048009341&CODE_STATE=getMsg HTTP/1.1" 200 27
116.232.194.112 - - [16/Feb/2024:09:46:54 +0800] "GET /xingrg/all/function/internal_message.html?_=1708048003432&CODE_STATE=getMsg HTTP/1.1" 200 27
218.81.65.124 - - [16/Feb/2024:09:46:56 +0800] "GET /xingrg/kc/buy/cgsh_order_operate.html?command=get_materiel&rest_code=00148&code=00101004051&supplier_code=00100312&order_time=2024-02-16 HTTP/1.1" 200 429
124.78.67.200 - - [16/Feb/2024:09:46:57 +0800] "GET /xingrg/kc/buy/cgsh_order_operate.html?command=get_materiel&rest_code=00141&code=00101006129&supplier_code=00100012&order_time=2024-02-16 HTTP/1.1" 200 439
116.224.254.208 - - [16/Feb/2024:09:47:04 +0800] "GET /xingrg/all/function/internal_message.html?_=1708048024637&CODE_STATE=getMsg HTTP/1.1" 200 27
218.81.65.124 - - [16/Feb/2024:09:47:05 +0800] "GET /xingrg/kc/buy/cgsh_order_operate.html?command=get_materiel&rest_code=00148&code=00101004030&supplier_code=00100312&order_time=2024-02-16 HTTP/1.1" 200 409
116.232.194.112 - - [16/Feb/2024:09:47:08 +0800] "GET /xingrg/check_reg.html?_=1708048017806 HTTP/1.1" 200 22
124.78.67.200 - - [16/Feb/2024:09:47:13 +0800] "GET /xingrg/kc/buy/cgsh_order_operate.html?command=get_materiel&rest_code=00141&code=00101006113&supplier_code=00100012&order_time=2024-02-16 HTTP/1.1" 200 413
218.81.65.124 - - [16/Feb/2024:09:47:14 +0800] "GET /xingrg/kc/buy/cgsh_order_operate.html?command=get_materiel&rest_code=00148&code=00101001029&supplier_code=00100312&order_time=2024-02-16 HTTP/1.1" 200 417
218.81.65.124 - - [16/Feb/2024:09:47:21 +0800] "GET /xingrg/all/function/internal_message.html?_=1708048049338&CODE_STATE=getMsg HTTP/1.1" 200 27
180.164.1.25 - - [16/Feb/2024:09:47:25 +0800] "GET /xingrg/all/function/internal_message.html?_=1708048044362&CODE_STATE=getMsg HTTP/1.1" 200 27
218.81.65.124 - - [16/Feb/2024:09:47:25 +0800] "GET /xingrg/kc/buy/cgsh_order_operate.html?command=get_materiel&rest_code=00148&code=00101010672&supplier_code=00100312&order_time=2024-02-16 HTTP/1.1" 200 415
124.78.67.200 - - [16/Feb/2024:09:47:27 +0800] "GET /xingrg/kc/buy/cgsh_order_operate.html?command=get_materiel&rest_code=00141&code=00101006177&supplier_code=00100012&order_time=2024-02-16 HTTP/1.1" 200 408
101.83.145.37 - - [16/Feb/2024:09:47:30 +0800] "GET /xingrg/all/function/internal_message.html?_=1708047814321&CODE_STATE=getMsg HTTP/1.1" 200 27
218.81.65.124 - - [16/Feb/2024:09:47:34 +0800] "GET /xingrg/kc/buy/cgsh_order_operate.html?command=get_materiel&rest_code=00148&code=00101001096&supplier_code=00100312&order_time=2024-02-16 HTTP/1.1" 200 413
218.81.220.26 - - [16/Feb/2024:09:47:39 +0800] "GET /xingrg/all/function/internal_message.html?_=1708048077417&CODE_STATE=getMsg HTTP/1.1" 200 27
124.78.67.200 - - [16/Feb/2024:09:47:45 +0800] "POST /xingrg/kc/buy/cgsh_order_operate.html HTTP/1.1" 200 37
218.81.65.124 - - [16/Feb/2024:09:47:46 +0800] "GET /xingrg/kc/buy/cgsh_order_operate.html?command=get_materiel&rest_code=00148&code=00101005035&supplier_code=00100312&order_time=2024-02-16 HTTP/1.1" 200 412
180.163.30.100 - - [16/Feb/2024:09:47:49 +0800] "GET /xingrg/all/function/internal_message.html?_=1708048007689&CODE_STATE=getMsg HTTP/1.1" 302 -
124.78.158.60 - - [16/Feb/2024:09:47:49 +0800] "GET /xingrg/all/function/internal_message.html?_=1708048067661&CODE_STATE=getMsg HTTP/1.1" 200 27
180.163.30.100 - - [16/Feb/2024:09:47:49 +0800] "GET /xingrg/login.html HTTP/1.1" 200 7641
114.83.219.181 - - [16/Feb/2024:09:47:50 +0800] "GET /xingrg/all/function/internal_message.html?_=1708048069325&CODE_STATE=getMsg HTTP/1.1" 200 27
218.81.65.124 - - [16/Feb/2024:09:47:53 +0800] "GET /xingrg/kc/buy/cgsh_order_operate.html?command=get_materiel&rest_code=00148&code=00101005073&supplier_code=00100312&order_time=2024-02-16 HTTP/1.1" 200 410
116.232.194.112 - - [16/Feb/2024:09:47:54 +0800] "GET /xingrg/all/function/internal_message.html?_=1708048063427&CODE_STATE=getMsg HTTP/1.1" 200 27
124.78.67.200 - - [16/Feb/2024:09:47:54 +0800] "POST /xingrg/kc/buy/cgsh_order_operate.html HTTP/1.1" 200 12
124.78.67.200 - - [16/Feb/2024:09:47:56 +0800] "GET /xingrg/kc/buy/cgsh_order_info.html?code=212024021604369 HTTP/1.1" 200 68376
124.78.67.200 - - [16/Feb/2024:09:47:57 +0800] "GET /xingrg/javascript/easyui/themes/default/validatebox.css HTTP/1.1" 404 1104
124.78.67.200 - - [16/Feb/2024:09:47:58 +0800] "POST /xingrg/kc/buy/cgsh_order_operate.html HTTP/1.1" 200 2407
124.78.67.200 - - [16/Feb/2024:09:47:59 +0800] "GET /xingrg/kc/print/load_data.html?order_code=212024021604369&kc_code=cgsh&condition= HTTP/1.1" 200 1499
116.224.254.208 - - [16/Feb/2024:09:48:04 +0800] "GET /xingrg/all/function/internal_message.html?_=1708048084616&CODE_STATE=getMsg HTTP/1.1" 200 27
124.78.67.200 - - [16/Feb/2024:09:48:06 +0800] "POST /xingrg/kc/buy/cgsh_order_operate.html HTTP/1.1" 200 8245
124.78.67.200 - - [16/Feb/2024:09:48:06 +0800] "GET /xingrg/javascript/easyui/themes/default/validatebox.css HTTP/1.1" 404 1104
218.81.65.124 - - [16/Feb/2024:09:48:21 +0800] "GET /xingrg/all/function/internal_message.html?_=1708048109348&CODE_STATE=getMsg HTTP/1.1" 200 27
124.78.67.200 - - [16/Feb/2024:09:48:23 +0800] "GET /xingrg/kc/buy/cgsh_order_operate.html?command=get_materiel&rest_code=00141&code=00101005037&supplier_code=00100040&order_time=2024-02-16 HTTP/1.1" 200 409
124.78.67.200 - - [16/Feb/2024:09:48:23 +0800] "GET /xingrg/check_reg.html?_=1708048103999 HTTP/1.1" 200 22
180.164.1.25 - - [16/Feb/2024:09:48:25 +0800] "GET /xingrg/all/function/internal_message.html?_=1708048104370&CODE_STATE=getMsg HTTP/1.1" 200 27
101.83.145.37 - - [16/Feb/2024:09:48:30 +0800] "GET /xingrg/all/function/internal_message.html?_=1708047874306&CODE_STATE=getMsg HTTP/1.1" 200 27
101.83.145.37 - - [16/Feb/2024:09:48:30 +0800] "GET /xingrg/check_reg.html?_=1708047875152 HTTP/1.1" 200 22
124.78.67.200 - - [16/Feb/2024:09:48:38 +0800] "POST /xingrg/kc/buy/cgsh_order_operate.html HTTP/1.1" 200 37
218.81.220.26 - - [16/Feb/2024:09:48:39 +0800] "GET /xingrg/all/function/internal_message.html?_=1708048137427&CODE_STATE=getMsg HTTP/1.1" 200 27
218.81.65.124 - - [16/Feb/2024:09:48:44 +0800] "POST /xingrg/kc/buy/cgsh_order_operate.html HTTP/1.1" 200 37
124.78.67.200 - - [16/Feb/2024:09:48:46 +0800] "GET /xingrg/all/function/internal_message.html?_=1708048126360&CODE_STATE=getMsg HTTP/1.1" 200 27
218.81.65.124 - - [16/Feb/2024:09:48:47 +0800] "POST /xingrg/kc/buy/cgsh_order_operate.html HTTP/1.1" 200 5631
218.81.65.124 - - [16/Feb/2024:09:48:48 +0800] "GET /xingrg/kc/print/load_data.html?order_code=212024021604371&kc_code=cgsh&condition= HTTP/1.1" 200 1809
124.78.158.60 - - [16/Feb/2024:09:48:49 +0800] "GET /xingrg/all/function/internal_message.html?_=1708048127636&CODE_STATE=getMsg HTTP/1.1" 200 27
114.83.219.181 - - [16/Feb/2024:09:48:50 +0800] "GET /xingrg/all/function/internal_message.html?_=1708048129304&CODE_STATE=getMsg HTTP/1.1" 200 27
124.78.67.200 - - [16/Feb/2024:09:48:50 +0800] "POST /xingrg/kc/buy/cgsh_order_operate.html HTTP/1.1" 200 12
114.83.219.181 - - [16/Feb/2024:09:48:50 +0800] "GET /xingrg/check_reg.html?_=1708048129798 HTTP/1.1" 200 22
116.232.194.112 - - [16/Feb/2024:09:48:54 +0800] "GET /xingrg/all/function/internal_message.html?_=1708048123412&CODE_STATE=getMsg HTTP/1.1" 200 27
124.78.67.200 - - [16/Feb/2024:09:48:54 +0800] "GET /xingrg/kc/buy/cgsh_order_info.html?code=212024021604370 HTTP/1.1" 200 68376
124.78.67.200 - - [16/Feb/2024:09:48:55 +0800] "GET /xingrg/javascript/easyui/themes/default/validatebox.css HTTP/1.1" 404 1104
124.78.67.200 - - [16/Feb/2024:09:48:56 +0800] "POST /xingrg/kc/buy/cgsh_order_operate.html HTTP/1.1" 200 603
124.78.67.200 - - [16/Feb/2024:09:48:59 +0800] "GET /xingrg/kc/print/load_data.html?order_code=212024021604370&kc_code=cgsh&condition= HTTP/1.1" 200 784
218.81.65.124 - - [16/Feb/2024:09:49:00 +0800] "GET /xingrg/kc/buy/cgsh_order_add.html HTTP/1.1" 200 73461
218.81.65.124 - - [16/Feb/2024:09:49:00 +0800] "POST /xingrg/kc/buy/cgsh_order_operate.html HTTP/1.1" 200 8245
218.81.65.124 - - [16/Feb/2024:09:49:00 +0800] "GET /xingrg/javascript/easyui/themes/default/validatebox.css HTTP/1.1" 404 1104
116.224.254.208 - - [16/Feb/2024:09:49:04 +0800] "GET /xingrg/all/function/internal_message.html?_=1708048144597&CODE_STATE=getMsg HTTP/1.1" 200 27
218.81.65.124 - - [16/Feb/2024:09:49:13 +0800] "GET /xingrg/kc/buy/cgsh_order_operate.html?command=get_materiel&rest_code=00148&code=00101002002&supplier_code=00100087&order_time=2024-02-15 HTTP/1.1" 200 420
218.81.65.124 - - [16/Feb/2024:09:49:21 +0800] "GET /xingrg/all/function/internal_message.html?_=1708048169351&CODE_STATE=getMsg HTTP/1.1" 200 27
218.81.65.124 - - [16/Feb/2024:09:49:22 +0800] "GET /xingrg/check_reg.html?_=1708048169352 HTTP/1.1" 200 22
218.81.65.124 - - [16/Feb/2024:09:49:24 +0800] "POST /xingrg/kc/buy/cgsh_order_operate.html HTTP/1.1" 200 37
180.164.1.25 - - [16/Feb/2024:09:49:25 +0800] "GET /xingrg/all/function/internal_message.html?_=1708048164360&CODE_STATE=getMsg HTTP/1.1" 200 27
218.81.65.124 - - [16/Feb/2024:09:49:28 +0800] "POST /xingrg/kc/buy/cgsh_order_operate.html HTTP/1.1" 200 2668
218.81.220.26 - - [16/Feb/2024:09:49:29 +0800] "GET /xingrg/check_reg.html?_=1708048184389 HTTP/1.1" 302 -
218.81.65.124 - - [16/Feb/2024:09:49:30 +0800] "GET /xingrg/kc/print/load_data.html?order_code=212024021604372&kc_code=cgsh&condition= HTTP/1.1" 200 736
101.83.145.37 - - [16/Feb/2024:09:49:30 +0800] "GET /xingrg/all/function/internal_message.html?_=1708047934279&CODE_STATE=getMsg HTTP/1.1" 200 27
218.81.65.124 - - [16/Feb/2024:09:49:33 +0800] "GET /xingrg/kc/buy/cgsh_order_add.html HTTP/1.1" 200 73461
218.81.65.124 - - [16/Feb/2024:09:49:34 +0800] "POST /xingrg/kc/buy/cgsh_order_operate.html HTTP/1.1" 200 8245
218.81.65.124 - - [16/Feb/2024:09:49:34 +0800] "GET /xingrg/javascript/easyui/themes/default/validatebox.css HTTP/1.1" 404 1104
218.81.220.26 - - [16/Feb/2024:09:49:40 +0800] "GET /xingrg/all/function/internal_message.html?_=1708048197882&CODE_STATE=getMsg HTTP/1.1" 200 27
124.78.67.200 - - [16/Feb/2024:09:49:46 +0800] "GET /xingrg/all/function/internal_message.html?_=1708048186357&CODE_STATE=getMsg HTTP/1.1" 200 27
218.81.65.124 - - [16/Feb/2024:09:49:49 +0800] "GET /xingrg/kc/buy/cgsh_order_operate.html?command=get_materiel&rest_code=00148&code=00101003004&supplier_code=00100093&order_time=2024-02-15 HTTP/1.1" 200 422
124.78.158.60 - - [16/Feb/2024:09:49:49 +0800] "GET /xingrg/all/function/internal_message.html?_=1708048187610&CODE_STATE=getMsg HTTP/1.1" 200 27
114.83.219.181 - - [16/Feb/2024:09:49:50 +0800] "GET /xingrg/all/function/internal_message.html?_=1708048189282&CODE_STATE=getMsg HTTP/1.1" 200 27
116.232.194.112 - - [16/Feb/2024:09:49:54 +0800] "GET /xingrg/all/function/internal_message.html?_=1708048183391&CODE_STATE=getMsg HTTP/1.1" 200 27
218.81.65.124 - - [16/Feb/2024:09:49:59 +0800] "POST /xingrg/kc/buy/cgsh_order_operate.html HTTP/1.1" 200 37
218.81.65.124 - - [16/Feb/2024:09:50:01 +0800] "POST /xingrg/kc/buy/cgsh_order_operate.html HTTP/1.1" 200 2671
218.81.65.124 - - [16/Feb/2024:09:50:03 +0800] "GET /xingrg/kc/print/load_data.html?order_code=212024021604373&kc_code=cgsh&condition= HTTP/1.1" 200 741
116.224.254.208 - - [16/Feb/2024:09:50:04 +0800] "GET /xingrg/all/function/internal_message.html?_=1708048204577&CODE_STATE=getMsg HTTP/1.1" 200 27
218.81.65.124 - - [16/Feb/2024:09:50:09 +0800] "GET /xingrg/kc/buy/cgsh_order_add.html HTTP/1.1" 200 73461
218.81.65.124 - - [16/Feb/2024:09:50:09 +0800] "POST /xingrg/kc/buy/cgsh_order_operate.html HTTP/1.1" 200 8245
218.81.65.124 - - [16/Feb/2024:09:50:09 +0800] "GET /xingrg/javascript/easyui/themes/default/validatebox.css HTTP/1.1" 404 1104
218.81.65.124 - - [16/Feb/2024:09:50:21 +0800] "GET /xingrg/kc/buy/cgsh_order_operate.html?command=get_materiel&rest_code=00148&code=00101001138&supplier_code=00100313&order_time=2024-02-16 HTTP/1.1" 200 413
218.81.65.124 - - [16/Feb/2024:09:50:21 +0800] "GET /xingrg/all/function/internal_message.html?_=1708048229344&CODE_STATE=getMsg HTTP/1.1" 200 27
116.224.254.208 - - [16/Feb/2024:09:50:23 +0800] "GET /xingrg/check_reg.html?_=1708048223895 HTTP/1.1" 200 22
180.164.1.25 - - [16/Feb/2024:09:50:25 +0800] "GET /xingrg/check_reg.html?_=1708048224369 HTTP/1.1" 200 22
180.164.1.25 - - [16/Feb/2024:09:50:25 +0800] "GET /xingrg/all/function/internal_message.html?_=1708048224371&CODE_STATE=getMsg HTTP/1.1" 200 27
218.81.220.26 - - [16/Feb/2024:09:50:29 +0800] "GET /xingrg/check_reg.html?_=1708048247142 HTTP/1.1" 200 22
101.83.145.37 - - [16/Feb/2024:09:50:30 +0800] "GET /xingrg/all/function/internal_message.html?_=1708047994264&CODE_STATE=getMsg HTTP/1.1" 200 27
124.78.158.60 - - [16/Feb/2024:09:50:37 +0800] "GET /xingrg/check_reg.html?_=1708048234990 HTTP/1.1" 200 22
218.81.220.26 - - [16/Feb/2024:09:50:40 +0800] "GET /xingrg/all/function/internal_message.html?_=1708048257892&CODE_STATE=getMsg HTTP/1.1" 200 27
218.81.65.124 - - [16/Feb/2024:09:50:44 +0800] "GET /xingrg/kc/buy/cgsh_order_operate.html?command=get_materiel&rest_code=00148&code=00102026001&supplier_code=00100313&order_time=2024-02-15 HTTP/1.1" 200 409
124.78.67.200 - - [16/Feb/2024:09:50:46 +0800] "GET /xingrg/all/function/internal_message.html?_=1708048246330&CODE_STATE=getMsg HTTP/1.1" 200 27
180.163.29.219 - - [16/Feb/2024:09:50:49 +0800] "GET /xingrg/all/function/internal_message.html?_=1708048187610&CODE_STATE=getMsg HTTP/1.1" 302 -
180.163.29.219 - - [16/Feb/2024:09:50:49 +0800] "GET /xingrg/login.html HTTP/1.1" 200 7641
124.78.158.60 - - [16/Feb/2024:09:50:49 +0800] "GET /xingrg/all/function/internal_message.html?_=1708048247583&CODE_STATE=getMsg HTTP/1.1" 200 27
114.83.219.181 - - [16/Feb/2024:09:50:50 +0800] "GET /xingrg/all/function/internal_message.html?_=1708048249268&CODE_STATE=getMsg HTTP/1.1" 200 27
116.232.194.112 - - [16/Feb/2024:09:50:54 +0800] "GET /xingrg/all/function/internal_message.html?_=1708048243367&CODE_STATE=getMsg HTTP/1.1" 200 27
116.224.254.208 - - [16/Feb/2024:09:51:04 +0800] "GET /xingrg/all/function/internal_message.html?_=1708048264556&CODE_STATE=getMsg HTTP/1.1" 200 27
120.253.135.82 - - [16/Feb/2024:09:51:05 +0800] "GET /xingrg/login.html HTTP/1.1" 200 7641
120.253.135.82 - - [16/Feb/2024:09:51:07 +0800] "POST /xingrg/login.do HTTP/1.1" 302 -
120.253.135.82 - - [16/Feb/2024:09:51:08 +0800] "GET /xingrg/index.html?sysBaseUrl=http%3A%2F%2F180.169.147.146%3A18081%2Fxingrg%2F&costTime=914×tamp=1708048267846 HTTP/1.1" 200 17173
120.253.135.82 - - [16/Feb/2024:09:51:08 +0800] "GET /xingrg/all/function/internal_message.html?_=1708048434902&CODE_STATE=count HTTP/1.1" 200 11
120.253.135.82 - - [16/Feb/2024:09:51:08 +0800] "GET /xingrg/check_reg.html?_=1708048434906 HTTP/1.1" 200 22
120.253.135.82 - - [16/Feb/2024:09:51:08 +0800] "POST /xingrg/load_menu.html HTTP/1.1" 200 6743
120.253.135.82 - - [16/Feb/2024:09:51:08 +0800] "POST /xingrg/all/common/load_tree.html?tree=area_rest_tree_json&manage=1 HTTP/1.1" 200 344
218.81.65.124 - - [16/Feb/2024:09:51:11 +0800] "POST /xingrg/kc/buy/cgsh_order_operate.html HTTP/1.1" 200 37
120.253.135.82 - - [16/Feb/2024:09:51:12 +0800] "GET /xingrg/kc/pszx/mdps_order_list.html?orderType=0 HTTP/1.1" 200 20995
120.253.135.82 - - [16/Feb/2024:09:51:12 +0800] "POST /xingrg/kc/pszx/mdps_list_operate.html HTTP/1.1" 200 5200
218.81.65.124 - - [16/Feb/2024:09:51:13 +0800] "POST /xingrg/kc/buy/cgsh_order_operate.html HTTP/1.1" 200 3251
218.81.65.124 - - [16/Feb/2024:09:51:14 +0800] "GET /xingrg/kc/print/load_data.html?order_code=212024021604374&kc_code=cgsh&condition= HTTP/1.1" 200 902
120.253.135.82 - - [16/Feb/2024:09:51:15 +0800] "POST /xingrg/kc/pszx/mdps_list_operate.html HTTP/1.1" 200 5318
120.253.135.82 - - [16/Feb/2024:09:51:17 +0800] "POST /xingrg/kc/pszx/mdps_list_operate.html HTTP/1.1" 200 632
120.253.135.82 - - [16/Feb/2024:09:51:18 +0800] "GET /xingrg/kc/pszx/mdps_order_info.html?code=312024021500201 HTTP/1.1" 200 23976
218.81.65.124 - - [16/Feb/2024:09:51:18 +0800] "GET /xingrg/kc/buy/cgsh_order_add.html HTTP/1.1" 200 73461
120.253.135.82 - - [16/Feb/2024:09:51:19 +0800] "GET /xingrg/javascript/easyui/themes/default/validatebox.css HTTP/1.1" 404 1104
218.81.65.124 - - [16/Feb/2024:09:51:19 +0800] "POST /xingrg/kc/buy/cgsh_order_operate.html HTTP/1.1" 200 8245
218.81.65.124 - - [16/Feb/2024:09:51:19 +0800] "GET /xingrg/javascript/easyui/themes/default/validatebox.css HTTP/1.1" 404 1104
120.253.135.82 - - [16/Feb/2024:09:51:19 +0800] "GET /xingrg/all/common/auto_word.html?type=base&rest_code=00101 HTTP/1.1" 200 671
120.253.135.82 - - [16/Feb/2024:09:51:19 +0800] "POST /xingrg/kc/pszx/mdps_order_operate.html HTTP/1.1" 200 10497
218.81.65.124 - - [16/Feb/2024:09:51:21 +0800] "GET /xingrg/all/function/internal_message.html?_=1708048289345&CODE_STATE=getMsg HTTP/1.1" 200 27
120.253.135.82 - - [16/Feb/2024:09:51:23 +0800] "POST /xingrg/kc/pszx/mdps_order_operate.html HTTP/1.1" 200 37
180.164.1.25 - - [16/Feb/2024:09:51:25 +0800] "GET /xingrg/all/function/internal_message.html?_=1708048284357&CODE_STATE=getMsg HTTP/1.1" 200 27
120.253.135.82 - - [16/Feb/2024:09:51:28 +0800] "POST /xingrg/kc/pszx/mdps_order_operate.html HTTP/1.1" 200 12
101.83.145.37 - - [16/Feb/2024:09:51:30 +0800] "GET /xingrg/all/function/internal_message.html?_=1708048054249&CODE_STATE=getMsg HTTP/1.1" 200 27
120.253.135.82 - - [16/Feb/2024:09:51:30 +0800] "GET /xingrg/kc/pszx/mdps_order_info.html?code=312024021500201 HTTP/1.1" 200 19634
120.253.135.82 - - [16/Feb/2024:09:51:30 +0800] "GET /xingrg/javascript/easyui/themes/default/validatebox.css HTTP/1.1" 404 1104
120.253.135.82 - - [16/Feb/2024:09:51:30 +0800] "POST /xingrg/kc/pszx/mdps_order_operate.html HTTP/1.1" 200 8651
120.253.135.82 - - [16/Feb/2024:09:51:38 +0800] "POST /xingrg/kc/pszx/mdps_list_operate.html HTTP/1.1" 200 2298
218.81.220.26 - - [16/Feb/2024:09:51:40 +0800] "GET /xingrg/all/function/internal_message.html?_=1708048317905&CODE_STATE=getMsg HTTP/1.1" 200 27
120.253.135.82 - - [16/Feb/2024:09:51:40 +0800] "POST /xingrg/kc/pszx/mdps_list_operate.html HTTP/1.1" 200 210
120.253.135.82 - - [16/Feb/2024:09:51:40 +0800] "GET /xingrg/kc/pszx/mdps_order_info.html?code=312024020800189 HTTP/1.1" 200 23978
120.253.135.82 - - [16/Feb/2024:09:51:41 +0800] "GET /xingrg/javascript/easyui/themes/default/validatebox.css HTTP/1.1" 404 1104
120.253.135.82 - - [16/Feb/2024:09:51:41 +0800] "GET /xingrg/all/common/auto_word.html?type=base&rest_code=00101 HTTP/1.1" 200 671
120.253.135.82 - - [16/Feb/2024:09:51:41 +0800] "POST /xingrg/kc/pszx/mdps_order_operate.html HTTP/1.1" 200 2304
120.253.135.82 - - [16/Feb/2024:09:51:45 +0800] "POST /xingrg/kc/pszx/mdps_order_operate.html HTTP/1.1" 200 37
124.78.67.200 - - [16/Feb/2024:09:51:46 +0800] "GET /xingrg/all/function/internal_message.html?_=1708048306314&CODE_STATE=getMsg HTTP/1.1" 200 27
120.253.135.82 - - [16/Feb/2024:09:51:49 +0800] "POST /xingrg/kc/pszx/mdps_order_operate.html HTTP/1.1" 200 12
124.78.158.60 - - [16/Feb/2024:09:51:49 +0800] "GET /xingrg/all/function/internal_message.html?_=1708048307568&CODE_STATE=getMsg HTTP/1.1" 200 27
114.83.219.181 - - [16/Feb/2024:09:51:50 +0800] "GET /xingrg/all/function/internal_message.html?_=1708048309242&CODE_STATE=getMsg HTTP/1.1" 200 27
120.253.135.82 - - [16/Feb/2024:09:51:50 +0800] "GET /xingrg/kc/pszx/mdps_order_info.html?code=312024020800189 HTTP/1.1" 200 19636
120.253.135.82 - - [16/Feb/2024:09:51:51 +0800] "GET /xingrg/javascript/easyui/themes/default/validatebox.css HTTP/1.1" 404 1104
120.253.135.82 - - [16/Feb/2024:09:51:51 +0800] "POST /xingrg/kc/pszx/mdps_order_operate.html HTTP/1.1" 200 525
120.253.135.82 - - [16/Feb/2024:09:51:53 +0800] "POST /xingrg/kc/pszx/mdps_list_operate.html HTTP/1.1" 200 1928
116.232.194.112 - - [16/Feb/2024:09:51:54 +0800] "GET /xingrg/all/function/internal_message.html?_=1708048303350&CODE_STATE=getMsg HTTP/1.1" 200 27
218.81.65.124 - - [16/Feb/2024:09:51:54 +0800] "GET /xingrg/kc/buy/cgsh_order_operate.html?command=get_materiel&rest_code=00148&code=00101003035&supplier_code=00100497&order_time=2024-02-15 HTTP/1.1" 200 414
120.253.135.82 - - [16/Feb/2024:09:51:55 +0800] "GET /xingrg/kc/pszx/mdps_order_list.html?orderType=0 HTTP/1.1" 200 20995
120.253.135.82 - - [16/Feb/2024:09:51:55 +0800] "POST /xingrg/kc/pszx/mdps_list_operate.html HTTP/1.1" 200 5191
120.253.135.82 - - [16/Feb/2024:09:52:00 +0800] "POST /xingrg/kc/pszx/mdps_list_operate.html HTTP/1.1" 200 616
120.253.135.82 - - [16/Feb/2024:09:52:01 +0800] "GET /xingrg/kc/pszx/mdps_order_info.html?code=312024021600211 HTTP/1.1" 200 23970
120.253.135.82 - - [16/Feb/2024:09:52:02 +0800] "GET /xingrg/javascript/easyui/themes/default/validatebox.css HTTP/1.1" 404 1104
120.253.135.82 - - [16/Feb/2024:09:52:02 +0800] "GET /xingrg/all/common/auto_word.html?type=base&rest_code=00101 HTTP/1.1" 200 671
120.253.135.82 - - [16/Feb/2024:09:52:02 +0800] "POST /xingrg/kc/pszx/mdps_order_operate.html HTTP/1.1" 200 5801
116.224.254.208 - - [16/Feb/2024:09:52:04 +0800] "GET /xingrg/all/function/internal_message.html?_=1708048324546&CODE_STATE=getMsg HTTP/1.1" 200 27
120.253.135.82 - - [16/Feb/2024:09:52:06 +0800] "POST /xingrg/kc/pszx/mdps_list_operate.html HTTP/1.1" 200 672
218.81.65.124 - - [16/Feb/2024:09:52:06 +0800] "POST /xingrg/kc/buy/cgsh_order_operate.html HTTP/1.1" 200 37
120.253.135.82 - - [16/Feb/2024:09:52:06 +0800] "GET /xingrg/kc/pszx/mdps_order_info.html?code=312024021600212 HTTP/1.1" 200 23970
120.253.135.82 - - [16/Feb/2024:09:52:07 +0800] "GET /xingrg/javascript/easyui/themes/default/validatebox.css HTTP/1.1" 404 1104
120.253.135.82 - - [16/Feb/2024:09:52:07 +0800] "GET /xingrg/all/common/auto_word.html?type=base&rest_code=00101 HTTP/1.1" 200 671
120.253.135.82 - - [16/Feb/2024:09:52:07 +0800] "POST /xingrg/kc/pszx/mdps_order_operate.html HTTP/1.1" 200 11119
120.253.135.82 - - [16/Feb/2024:09:52:08 +0800] "GET /xingrg/all/function/internal_message.html?_=1708048494916&CODE_STATE=getMsg HTTP/1.1" 200 27
218.81.65.124 - - [16/Feb/2024:09:52:08 +0800] "POST /xingrg/kc/buy/cgsh_order_operate.html HTTP/1.1" 200 2661
116.232.194.112 - - [16/Feb/2024:09:52:08 +0800] "GET /xingrg/check_reg.html?_=1708048317802 HTTP/1.1" 200 22
218.81.65.124 - - [16/Feb/2024:09:52:09 +0800] "GET /xingrg/kc/print/load_data.html?order_code=212024021604375&kc_code=cgsh&condition= HTTP/1.1" 200 675
