116.232.194.112 - - [16/Feb/2024:12:07:52 +0800] "GET /xingrg/all/function/internal_message.html?_=1708056461049&CODE_STATE=getMsg HTTP/1.1" 200 27
218.81.65.124 - - [16/Feb/2024:12:07:53 +0800] "GET /xingrg/all/function/internal_message.html?_=1708056480486&CODE_STATE=getMsg HTTP/1.1" 200 27
124.78.158.60 - - [16/Feb/2024:12:07:54 +0800] "GET /xingrg/kc/buy/cgsh_order_operate.html?command=get_materiel&rest_code=00106&code=00101010161&supplier_code=00100334&order_time=2024-02-16 HTTP/1.1" 200 429
114.83.219.181 - - [16/Feb/2024:12:07:55 +0800] "POST /xingrg/kc/buy/cgsh_order_operate.html HTTP/1.1" 200 12
114.83.219.181 - - [16/Feb/2024:12:07:57 +0800] "GET /xingrg/kc/buy/cgsh_order_info.html?code=212024021604482 HTTP/1.1" 200 68466
114.83.219.181 - - [16/Feb/2024:12:07:59 +0800] "GET /xingrg/javascript/easyui/themes/default/validatebox.css HTTP/1.1" 404 1104
114.83.219.181 - - [16/Feb/2024:12:08:00 +0800] "POST /xingrg/kc/buy/cgsh_order_operate.html HTTP/1.1" 200 1221
114.83.219.181 - - [16/Feb/2024:12:08:01 +0800] "GET /xingrg/kc/print/load_data.html?order_code=212024021604482&kc_code=cgsh&condition= HTTP/1.1" 200 1001
116.224.254.208 - - [16/Feb/2024:12:08:02 +0800] "GET /xingrg/all/function/internal_message.html?_=1708056482135&CODE_STATE=getMsg HTTP/1.1" 200 27
120.253.135.82 - - [16/Feb/2024:12:08:04 +0800] "GET /xingrg/check_reg.html?_=1708056315879 HTTP/1.1" 200 22
114.83.219.181 - - [16/Feb/2024:12:08:06 +0800] "GET /xingrg/kc/buy/cgsh_order_add.html HTTP/1.1" 200 73555
114.83.219.181 - - [16/Feb/2024:12:08:06 +0800] "POST /xingrg/kc/buy/cgsh_order_operate.html HTTP/1.1" 200 8245
114.83.219.181 - - [16/Feb/2024:12:08:07 +0800] "GET /xingrg/javascript/easyui/themes/default/validatebox.css HTTP/1.1" 404 1104
120.253.135.82 - - [16/Feb/2024:12:08:09 +0800] "POST /xingrg/kc/pszx/mdps_list_operate.html HTTP/1.1" 200 285
101.83.145.37 - - [16/Feb/2024:12:08:12 +0800] "GET /xingrg/all/function/internal_message.html?_=1708056256887&CODE_STATE=getMsg HTTP/1.1" 200 27
120.253.135.82 - - [16/Feb/2024:12:08:13 +0800] "POST /xingrg/kc/pszx/mdps_list_operate.html HTTP/1.1" 200 5141
114.83.219.181 - - [16/Feb/2024:12:08:16 +0800] "GET /xingrg/kc/buy/cgsh_order_operate.html?command=get_materiel&rest_code=00149&code=00101001037&supplier_code=00100090&order_time=2024-02-16 HTTP/1.1" 200 418
120.253.135.82 - - [16/Feb/2024:12:08:16 +0800] "POST /xingrg/kc/pszx/mdps_list_operate.html HTTP/1.1" 200 212
124.78.158.60 - - [16/Feb/2024:12:08:19 +0800] "GET /xingrg/all/function/internal_message.html?_=1708056496797&CODE_STATE=getMsg HTTP/1.1" 200 27
120.253.135.82 - - [16/Feb/2024:12:08:21 +0800] "GET /xingrg/kc/pszx/mdps_order_info.html?code=312024021500200 HTTP/1.1" 200 23970
120.253.135.82 - - [16/Feb/2024:12:08:22 +0800] "GET /xingrg/javascript/easyui/themes/default/validatebox.css HTTP/1.1" 404 1104
120.253.135.82 - - [16/Feb/2024:12:08:22 +0800] "GET /xingrg/all/common/auto_word.html?type=base&rest_code=00101 HTTP/1.1" 200 671
120.253.135.82 - - [16/Feb/2024:12:08:22 +0800] "POST /xingrg/kc/pszx/mdps_order_operate.html HTTP/1.1" 200 2297
124.78.67.200 - - [16/Feb/2024:12:08:23 +0800] "GET /xingrg/check_reg.html?_=1708056503537 HTTP/1.1" 200 22
180.164.1.25 - - [16/Feb/2024:12:08:25 +0800] "GET /xingrg/all/function/internal_message.html?_=1708056504359&CODE_STATE=getMsg HTTP/1.1" 200 27
120.253.135.82 - - [16/Feb/2024:12:08:28 +0800] "POST /xingrg/kc/pszx/mdps_order_operate.html HTTP/1.1" 200 37
114.83.219.181 - - [16/Feb/2024:12:08:28 +0800] "POST /xingrg/kc/buy/cgsh_order_operate.html HTTP/1.1" 200 37
120.253.135.82 - - [16/Feb/2024:12:08:32 +0800] "POST /xingrg/kc/pszx/mdps_order_operate.html HTTP/1.1" 200 12
120.253.135.82 - - [16/Feb/2024:12:08:33 +0800] "GET /xingrg/all/function/internal_message.html?_=1708056679812&CODE_STATE=getMsg HTTP/1.1" 200 27
120.253.135.82 - - [16/Feb/2024:12:08:33 +0800] "GET /xingrg/kc/pszx/mdps_order_info.html?code=312024021500200 HTTP/1.1" 200 19628
120.253.135.82 - - [16/Feb/2024:12:08:34 +0800] "GET /xingrg/javascript/easyui/themes/default/validatebox.css HTTP/1.1" 404 1104
120.253.135.82 - - [16/Feb/2024:12:08:34 +0800] "POST /xingrg/kc/pszx/mdps_order_operate.html HTTP/1.1" 200 516
114.83.219.181 - - [16/Feb/2024:12:08:38 +0800] "POST /xingrg/kc/buy/cgsh_order_operate.html HTTP/1.1" 200 12
124.78.67.200 - - [16/Feb/2024:12:08:44 +0800] "GET /xingrg/all/function/internal_message.html?_=1708056524474&CODE_STATE=getMsg HTTP/1.1" 200 27
124.78.158.60 - - [16/Feb/2024:12:08:45 +0800] "POST /xingrg/kc/buy/cgsh_order_operate.html HTTP/1.1" 200 37
114.83.219.181 - - [16/Feb/2024:12:08:46 +0800] "GET /xingrg/kc/buy/cgsh_order_info.html?code=212024021604483 HTTP/1.1" 200 68468
114.83.219.181 - - [16/Feb/2024:12:08:47 +0800] "GET /xingrg/javascript/easyui/themes/default/validatebox.css HTTP/1.1" 404 1104
114.83.219.181 - - [16/Feb/2024:12:08:47 +0800] "GET /xingrg/all/function/internal_message.html?_=1708056526509&CODE_STATE=getMsg HTTP/1.1" 200 27
114.83.219.181 - - [16/Feb/2024:12:08:48 +0800] "POST /xingrg/kc/buy/cgsh_order_operate.html HTTP/1.1" 200 617
114.83.219.181 - - [16/Feb/2024:12:08:50 +0800] "GET /xingrg/check_reg.html?_=1708056529460 HTTP/1.1" 200 22
114.83.219.181 - - [16/Feb/2024:12:08:50 +0800] "GET /xingrg/kc/print/load_data.html?order_code=212024021604483&kc_code=cgsh&condition= HTTP/1.1" 200 789
116.232.194.112 - - [16/Feb/2024:12:08:52 +0800] "GET /xingrg/all/function/internal_message.html?_=1708056521050&CODE_STATE=getMsg HTTP/1.1" 200 27
218.81.65.124 - - [16/Feb/2024:12:08:53 +0800] "GET /xingrg/all/function/internal_message.html?_=1708056540485&CODE_STATE=getMsg HTTP/1.1" 200 27
114.83.219.181 - - [16/Feb/2024:12:08:55 +0800] "GET /xingrg/kc/buy/cgsh_order_add.html HTTP/1.1" 200 73555
114.83.219.181 - - [16/Feb/2024:12:08:55 +0800] "POST /xingrg/kc/buy/cgsh_order_operate.html HTTP/1.1" 200 8245
114.83.219.181 - - [16/Feb/2024:12:08:55 +0800] "GET /xingrg/javascript/easyui/themes/default/validatebox.css HTTP/1.1" 404 1104
120.253.135.82 - - [16/Feb/2024:12:09:00 +0800] "POST /xingrg/kc/pszx/mdps_list_operate.html HTTP/1.1" 200 5151
116.224.254.208 - - [16/Feb/2024:12:09:02 +0800] "GET /xingrg/all/function/internal_message.html?_=1708056542107&CODE_STATE=getMsg HTTP/1.1" 200 27
124.78.158.60 - - [16/Feb/2024:12:09:03 +0800] "POST /xingrg/kc/buy/cgsh_order_operate.html HTTP/1.1" 200 12
124.78.158.60 - - [16/Feb/2024:12:09:06 +0800] "GET /xingrg/kc/buy/cgsh_order_info.html?code=212024021604484 HTTP/1.1" 200 68382
120.253.135.82 - - [16/Feb/2024:12:09:06 +0800] "POST /xingrg/kc/pszx/mdps_list_operate.html HTTP/1.1" 200 3314
124.78.158.60 - - [16/Feb/2024:12:09:06 +0800] "GET /xingrg/javascript/easyui/themes/default/validatebox.css HTTP/1.1" 404 1104
124.78.158.60 - - [16/Feb/2024:12:09:07 +0800] "POST /xingrg/kc/buy/cgsh_order_operate.html HTTP/1.1" 200 602
120.253.135.82 - - [16/Feb/2024:12:09:10 +0800] "POST /xingrg/kc/pszx/mdps_list_operate.html HTTP/1.1" 200 285
124.78.158.60 - - [16/Feb/2024:12:09:10 +0800] "GET /xingrg/kc/print/load_data.html?order_code=212024021604484&kc_code=cgsh&condition= HTTP/1.1" 200 708
120.253.135.82 - - [16/Feb/2024:12:09:12 +0800] "POST /xingrg/kc/pszx/mdps_list_operate.html HTTP/1.1" 200 208
101.83.145.37 - - [16/Feb/2024:12:09:12 +0800] "GET /xingrg/all/function/internal_message.html?_=1708056316887&CODE_STATE=getMsg HTTP/1.1" 200 27
120.253.135.82 - - [16/Feb/2024:12:09:13 +0800] "GET /xingrg/kc/pszx/mdps_order_info.html?code=312024021600210 HTTP/1.1" 200 23970
120.253.135.82 - - [16/Feb/2024:12:09:13 +0800] "GET /xingrg/javascript/easyui/themes/default/validatebox.css HTTP/1.1" 404 1104
120.253.135.82 - - [16/Feb/2024:12:09:13 +0800] "GET /xingrg/all/common/auto_word.html?type=base&rest_code=00101 HTTP/1.1" 200 671
120.253.135.82 - - [16/Feb/2024:12:09:13 +0800] "POST /xingrg/kc/pszx/mdps_order_operate.html HTTP/1.1" 200 2291
120.253.135.82 - - [16/Feb/2024:12:09:18 +0800] "POST /xingrg/kc/pszx/mdps_list_operate.html HTTP/1.1" 200 3314
124.78.158.60 - - [16/Feb/2024:12:09:19 +0800] "GET /xingrg/all/function/internal_message.html?_=1708056556770&CODE_STATE=getMsg HTTP/1.1" 200 27
180.164.1.25 - - [16/Feb/2024:12:09:25 +0800] "GET /xingrg/all/function/internal_message.html?_=1708056564371&CODE_STATE=getMsg HTTP/1.1" 200 27
124.78.158.60 - - [16/Feb/2024:12:09:28 +0800] "GET /xingrg/kc/buy/cgsh_order_add.html HTTP/1.1" 200 73467
124.78.158.60 - - [16/Feb/2024:12:09:29 +0800] "POST /xingrg/kc/buy/cgsh_order_operate.html HTTP/1.1" 200 8245
124.78.158.60 - - [16/Feb/2024:12:09:29 +0800] "GET /xingrg/javascript/easyui/themes/default/validatebox.css HTTP/1.1" 404 1104
124.78.158.60 - - [16/Feb/2024:12:09:30 +0800] "GET /xingrg/javascript/easyui/themes/default/tree.css HTTP/1.1" 404 1090
124.78.158.60 - - [16/Feb/2024:12:09:31 +0800] "POST /xingrg/all/common/load_tree.html?tree=supplier_tree_json&isDelete=1 HTTP/1.1" 200 78460
120.253.135.82 - - [16/Feb/2024:12:09:32 +0800] "GET /xingrg/all/function/internal_message.html?_=1708056739397&CODE_STATE=getMsg HTTP/1.1" 200 27
120.253.135.82 - - [16/Feb/2024:12:09:32 +0800] "GET /xingrg/check_reg.html?_=1708056739400 HTTP/1.1" 200 22
218.81.220.26 - - [16/Feb/2024:12:09:35 +0800] "GET /xingrg/check_reg.html?_=1708056591115 HTTP/1.1" 302 -
124.78.67.200 - - [16/Feb/2024:12:09:44 +0800] "GET /xingrg/all/function/internal_message.html?_=1708056584461&CODE_STATE=getMsg HTTP/1.1" 200 27
124.78.158.60 - - [16/Feb/2024:12:09:47 +0800] "GET /xingrg/kc/buy/cgsh_order_operate.html?command=get_materiel&rest_code=00106&code=00101010678&supplier_code=00100564&order_time=2024-02-16 HTTP/1.1" 200 427
114.83.219.181 - - [16/Feb/2024:12:09:47 +0800] "GET /xingrg/all/function/internal_message.html?_=1708056586485&CODE_STATE=getMsg HTTP/1.1" 200 27
120.253.135.82 - - [16/Feb/2024:12:09:49 +0800] "GET /xingrg/javascript/auto/jquery.autocomplete.css HTTP/1.1" 304 -
120.253.135.82 - - [16/Feb/2024:12:09:49 +0800] "GET /xingrg/css/base.css HTTP/1.1" 304 -
120.253.135.82 - - [16/Feb/2024:12:09:49 +0800] "GET /xingrg/javascript/jquery_tools/datebox.css HTTP/1.1" 304 -
120.253.135.82 - - [16/Feb/2024:12:09:49 +0800] "GET /xingrg/css/site.css HTTP/1.1" 304 -
120.253.135.82 - - [16/Feb/2024:12:09:49 +0800] "GET /xingrg/javascript/jquery_tools/jquery.tools.min.js HTTP/1.1" 304 -
120.253.135.82 - - [16/Feb/2024:12:09:49 +0800] "GET /xingrg/javascript/jquery_tools/fix.css HTTP/1.1" 304 -
120.253.135.82 - - [16/Feb/2024:12:09:49 +0800] "GET /xingrg/javascript/easyui/themes/default/easyui.css HTTP/1.1" 304 -
120.253.135.82 - - [16/Feb/2024:12:09:49 +0800] "GET /xingrg/javascript/easyui/themes/icon.css HTTP/1.1" 304 -
120.253.135.82 - - [16/Feb/2024:12:09:49 +0800] "GET /xingrg/javascript/jquery_tools/table.css HTTP/1.1" 304 -
120.253.135.82 - - [16/Feb/2024:12:09:49 +0800] "GET /xingrg/kc/pszx/mdps_order_list.html?orderType=0 HTTP/1.1" 200 20995
120.253.135.82 - - [16/Feb/2024:12:09:49 +0800] "GET /xingrg/javascript/jquery_tools/jquery.tools.hotkey.js HTTP/1.1" 304 -
120.253.135.82 - - [16/Feb/2024:12:09:49 +0800] "GET /xingrg/javascript/jquery_tools/jquery.tools.table.js HTTP/1.1" 304 -
120.253.135.82 - - [16/Feb/2024:12:09:50 +0800] "GET /xingrg/javascript/jquery_tools/jquery.tools.extend.js HTTP/1.1" 304 -
120.253.135.82 - - [16/Feb/2024:12:09:50 +0800] "GET /xingrg/javascript/jquery.cookie.js HTTP/1.1" 304 -
120.253.135.82 - - [16/Feb/2024:12:09:50 +0800] "GET /xingrg/javascript/jquery_tools/list_manager.js HTTP/1.1" 304 -
120.253.135.82 - - [16/Feb/2024:12:09:50 +0800] "GET /xingrg/javascript/easyui/easyloader.js HTTP/1.1" 304 -
120.253.135.82 - - [16/Feb/2024:12:09:50 +0800] "GET /xingrg/javascript/easyui/plugins/jquery.parser.js HTTP/1.1" 304 -
120.253.135.82 - - [16/Feb/2024:12:09:50 +0800] "POST /xingrg/kc/pszx/mdps_list_operate.html HTTP/1.1" 200 5151
116.232.194.112 - - [16/Feb/2024:12:09:52 +0800] "GET /xingrg/all/function/internal_message.html?_=1708056581048&CODE_STATE=getMsg HTTP/1.1" 200 27
218.81.65.124 - - [16/Feb/2024:12:09:53 +0800] "GET /xingrg/check_reg.html?_=1708056600511 HTTP/1.1" 200 22
218.81.65.124 - - [16/Feb/2024:12:09:53 +0800] "GET /xingrg/all/function/internal_message.html?_=1708056600512&CODE_STATE=getMsg HTTP/1.1" 200 27
120.253.135.82 - - [16/Feb/2024:12:09:53 +0800] "POST /xingrg/kc/pszx/mdps_list_operate.html HTTP/1.1" 200 3314
120.253.135.82 - - [16/Feb/2024:12:09:55 +0800] "POST /xingrg/kc/pszx/mdps_list_operate.html HTTP/1.1" 200 208
120.253.135.82 - - [16/Feb/2024:12:09:55 +0800] "GET /xingrg/kc/pszx/mdps_order_info.html?code=312024021600210 HTTP/1.1" 200 23970
120.253.135.82 - - [16/Feb/2024:12:09:56 +0800] "GET /xingrg/javascript/jquery_tools/order_manager.js HTTP/1.1" 304 -
120.253.135.82 - - [16/Feb/2024:12:09:56 +0800] "GET /xingrg/javascript/json2.js HTTP/1.1" 304 -
120.253.135.82 - - [16/Feb/2024:12:09:56 +0800] "GET /xingrg/javascript/convert.js HTTP/1.1" 304 -
120.253.135.82 - - [16/Feb/2024:12:09:56 +0800] "GET /xingrg/words/20240208113601_words.js HTTP/1.1" 304 -
120.253.135.82 - - [16/Feb/2024:12:09:56 +0800] "GET /xingrg/javascript/easyui/themes/default/validatebox.css HTTP/1.1" 404 1104
120.253.135.82 - - [16/Feb/2024:12:09:56 +0800] "GET /xingrg/javascript/easyui/plugins/jquery.validatebox.js HTTP/1.1" 304 -
120.253.135.82 - - [16/Feb/2024:12:09:56 +0800] "GET /xingrg/javascript/easyui/plugins/jquery.numberbox.js HTTP/1.1" 304 -
120.253.135.82 - - [16/Feb/2024:12:09:56 +0800] "GET /xingrg/all/common/auto_word.html?type=base&rest_code=00101 HTTP/1.1" 200 671
120.253.135.82 - - [16/Feb/2024:12:09:56 +0800] "POST /xingrg/kc/pszx/mdps_order_operate.html HTTP/1.1" 200 2291
120.253.135.82 - - [16/Feb/2024:12:09:58 +0800] "GET /xingrg/kc/print/load_config.html?kc_code=mdps HTTP/1.1" 200 2390
120.253.135.82 - - [16/Feb/2024:12:09:58 +0800] "GET /xingrg/kc/print/load_data.html?order_code=312024021600210&kc_code=mdps&condition= HTTP/1.1" 200 684
116.224.254.208 - - [16/Feb/2024:12:10:02 +0800] "GET /xingrg/all/function/internal_message.html?_=1708056602085&CODE_STATE=getMsg HTTP/1.1" 200 27
124.78.158.60 - - [16/Feb/2024:12:10:08 +0800] "POST /xingrg/kc/buy/cgsh_order_operate.html HTTP/1.1" 200 37
101.83.145.37 - - [16/Feb/2024:12:10:12 +0800] "GET /xingrg/check_reg.html?_=1708056376887 HTTP/1.1" 200 22
101.83.145.37 - - [16/Feb/2024:12:10:12 +0800] "GET /xingrg/all/function/internal_message.html?_=1708056376890&CODE_STATE=getMsg HTTP/1.1" 200 27
124.78.158.60 - - [16/Feb/2024:12:10:17 +0800] "POST /xingrg/kc/buy/cgsh_order_operate.html HTTP/1.1" 200 12
124.78.158.60 - - [16/Feb/2024:12:10:21 +0800] "GET /xingrg/kc/buy/cgsh_order_info.html?code=212024021604485 HTTP/1.1" 200 68370
124.78.158.60 - - [16/Feb/2024:12:10:22 +0800] "GET /xingrg/javascript/easyui/themes/default/validatebox.css HTTP/1.1" 404 1104
124.78.158.60 - - [16/Feb/2024:12:10:23 +0800] "POST /xingrg/kc/buy/cgsh_order_operate.html HTTP/1.1" 200 614
116.224.254.208 - - [16/Feb/2024:12:10:23 +0800] "GET /xingrg/check_reg.html?_=1708056623556 HTTP/1.1" 200 22
124.78.158.60 - - [16/Feb/2024:12:10:24 +0800] "GET /xingrg/kc/print/load_data.html?order_code=212024021604485&kc_code=cgsh&condition= HTTP/1.1" 200 696
180.164.1.25 - - [16/Feb/2024:12:10:25 +0800] "GET /xingrg/check_reg.html?_=1708056624357 HTTP/1.1" 200 22
180.164.1.25 - - [16/Feb/2024:12:10:25 +0800] "GET /xingrg/all/function/internal_message.html?_=1708056624360&CODE_STATE=getMsg HTTP/1.1" 200 27
120.253.135.82 - - [16/Feb/2024:12:10:32 +0800] "GET /xingrg/all/function/internal_message.html?_=1708056799401&CODE_STATE=getMsg HTTP/1.1" 200 27
124.78.158.60 - - [16/Feb/2024:12:10:39 +0800] "GET /xingrg/kc/buy/cgsh_order_add.html HTTP/1.1" 200 73467
124.78.158.60 - - [16/Feb/2024:12:10:39 +0800] "POST /xingrg/kc/buy/cgsh_order_operate.html HTTP/1.1" 200 8245
124.78.158.60 - - [16/Feb/2024:12:10:39 +0800] "GET /xingrg/javascript/easyui/themes/default/validatebox.css HTTP/1.1" 404 1104
124.78.158.60 - - [16/Feb/2024:12:10:40 +0800] "GET /xingrg/javascript/easyui/themes/default/tree.css HTTP/1.1" 404 1090
124.78.158.60 - - [16/Feb/2024:12:10:40 +0800] "POST /xingrg/all/common/load_tree.html?tree=supplier_tree_json&isDelete=1 HTTP/1.1" 200 78460
124.78.67.200 - - [16/Feb/2024:12:10:44 +0800] "GET /xingrg/all/function/internal_message.html?_=1708056644442&CODE_STATE=getMsg HTTP/1.1" 200 27
114.83.219.181 - - [16/Feb/2024:12:10:47 +0800] "GET /xingrg/all/function/internal_message.html?_=1708056646461&CODE_STATE=getMsg HTTP/1.1" 200 27
116.232.194.112 - - [16/Feb/2024:12:10:52 +0800] "GET /xingrg/all/function/internal_message.html?_=1708056641046&CODE_STATE=getMsg HTTP/1.1" 200 27
218.81.65.124 - - [16/Feb/2024:12:10:53 +0800] "GET /xingrg/all/function/internal_message.html?_=1708056660510&CODE_STATE=getMsg HTTP/1.1" 200 27
116.224.254.208 - - [16/Feb/2024:12:11:02 +0800] "GET /xingrg/all/function/internal_message.html?_=1708056662058&CODE_STATE=getMsg HTTP/1.1" 200 27
120.253.135.82 - - [16/Feb/2024:12:11:03 +0800] "POST /xingrg/kc/pszx/mdps_list_operate.html HTTP/1.1" 200 355
124.78.158.60 - - [16/Feb/2024:12:11:03 +0800] "GET /xingrg/kc/buy/cgsh_order_operate.html?command=get_materiel&rest_code=00106&code=00101006082&supplier_code=00100574&order_time=2024-02-16 HTTP/1.1" 200 419
120.253.135.82 - - [16/Feb/2024:12:11:05 +0800] "POST /xingrg/kc/pszx/mdps_list_operate.html HTTP/1.1" 200 201
120.253.135.82 - - [16/Feb/2024:12:11:08 +0800] "POST /xingrg/kc/pszx/mdps_list_operate.html HTTP/1.1" 200 5151
120.253.135.82 - - [16/Feb/2024:12:11:10 +0800] "POST /xingrg/kc/pszx/mdps_list_operate.html HTTP/1.1" 200 616
120.253.135.82 - - [16/Feb/2024:12:11:11 +0800] "GET /xingrg/kc/pszx/mdps_order_info.html?code=312024021600211 HTTP/1.1" 200 23970
120.253.135.82 - - [16/Feb/2024:12:11:11 +0800] "GET /xingrg/javascript/easyui/themes/default/validatebox.css HTTP/1.1" 404 1104
120.253.135.82 - - [16/Feb/2024:12:11:11 +0800] "GET /xingrg/all/common/auto_word.html?type=base&rest_code=00101 HTTP/1.1" 200 671
120.253.135.82 - - [16/Feb/2024:12:11:12 +0800] "POST /xingrg/kc/pszx/mdps_order_operate.html HTTP/1.1" 200 5801
101.83.145.37 - - [16/Feb/2024:12:11:12 +0800] "GET /xingrg/all/function/internal_message.html?_=1708056436875&CODE_STATE=getMsg HTTP/1.1" 200 27
124.78.158.60 - - [16/Feb/2024:12:11:19 +0800] "GET /xingrg/all/function/internal_message.html?_=1708056676779&CODE_STATE=getMsg HTTP/1.1" 200 27
120.253.135.82 - - [16/Feb/2024:12:11:23 +0800] "POST /xingrg/kc/pszx/mdps_order_operate.html HTTP/1.1" 200 37
180.164.1.25 - - [16/Feb/2024:12:11:25 +0800] "GET /xingrg/all/function/internal_message.html?_=1708056684375&CODE_STATE=getMsg HTTP/1.1" 200 27
116.230.123.222 - - [16/Feb/2024:12:11:26 +0800] "GET /xingrg/check_reg.html?_=1708056684470 HTTP/1.1" 200 22
120.253.135.82 - - [16/Feb/2024:12:11:28 +0800] "GET /xingrg/kc/pszx/mdps_order_info.html?code=312024021600211 HTTP/1.1" 200 23970
120.253.135.82 - - [16/Feb/2024:12:11:28 +0800] "GET /xingrg/javascript/easyui/themes/default/validatebox.css HTTP/1.1" 404 1104
120.253.135.82 - - [16/Feb/2024:12:11:28 +0800] "GET /xingrg/all/common/auto_word.html?type=base&rest_code=00101 HTTP/1.1" 200 671
120.253.135.82 - - [16/Feb/2024:12:11:28 +0800] "POST /xingrg/kc/pszx/mdps_order_operate.html HTTP/1.1" 200 4805
120.253.135.82 - - [16/Feb/2024:12:11:32 +0800] "GET /xingrg/all/function/internal_message.html?_=1708056859406&CODE_STATE=getMsg HTTP/1.1" 200 27
120.253.135.82 - - [16/Feb/2024:12:11:35 +0800] "POST /xingrg/kc/pszx/mdps_list_operate.html HTTP/1.1" 200 5150
124.78.158.60 - - [16/Feb/2024:12:11:36 +0800] "POST /xingrg/kc/buy/cgsh_order_operate.html HTTP/1.1" 200 37
120.253.135.82 - - [16/Feb/2024:12:11:37 +0800] "POST /xingrg/kc/pszx/mdps_list_operate.html HTTP/1.1" 200 672
120.253.135.82 - - [16/Feb/2024:12:11:37 +0800] "GET /xingrg/kc/pszx/mdps_order_info.html?code=312024021600212 HTTP/1.1" 200 23970
120.253.135.82 - - [16/Feb/2024:12:11:38 +0800] "GET /xingrg/javascript/easyui/themes/default/validatebox.css HTTP/1.1" 404 1104
120.253.135.82 - - [16/Feb/2024:12:11:38 +0800] "GET /xingrg/all/common/auto_word.html?type=base&rest_code=00101 HTTP/1.1" 200 671
120.253.135.82 - - [16/Feb/2024:12:11:38 +0800] "POST /xingrg/kc/pszx/mdps_order_operate.html HTTP/1.1" 200 11119
124.78.158.60 - - [16/Feb/2024:12:11:43 +0800] "POST /xingrg/kc/buy/cgsh_order_operate.html HTTP/1.1" 200 12
124.78.67.200 - - [16/Feb/2024:12:11:44 +0800] "GET /xingrg/all/function/internal_message.html?_=1708056704420&CODE_STATE=getMsg HTTP/1.1" 200 27
124.78.158.60 - - [16/Feb/2024:12:11:46 +0800] "GET /xingrg/kc/buy/cgsh_order_info.html?code=212024021604486 HTTP/1.1" 200 68384
124.78.158.60 - - [16/Feb/2024:12:11:46 +0800] "GET /xingrg/javascript/easyui/themes/default/validatebox.css HTTP/1.1" 404 1104
114.83.219.181 - - [16/Feb/2024:12:11:47 +0800] "GET /xingrg/all/function/internal_message.html?_=1708056706445&CODE_STATE=getMsg HTTP/1.1" 200 27
124.78.158.60 - - [16/Feb/2024:12:11:47 +0800] "POST /xingrg/kc/buy/cgsh_order_operate.html HTTP/1.1" 200 617
124.78.158.60 - - [16/Feb/2024:12:11:50 +0800] "GET /xingrg/kc/print/load_data.html?order_code=212024021604486&kc_code=cgsh&condition= HTTP/1.1" 200 729
116.232.194.112 - - [16/Feb/2024:12:11:52 +0800] "GET /xingrg/all/function/internal_message.html?_=1708056701023&CODE_STATE=getMsg HTTP/1.1" 200 27
218.81.65.124 - - [16/Feb/2024:12:11:53 +0800] "GET /xingrg/all/function/internal_message.html?_=1708056720507&CODE_STATE=getMsg HTTP/1.1" 200 27
124.78.158.60 - - [16/Feb/2024:12:11:57 +0800] "GET /xingrg/kc/buy/cgsh_order_add.html HTTP/1.1" 200 73467
124.78.158.60 - - [16/Feb/2024:12:11:58 +0800] "POST /xingrg/kc/buy/cgsh_order_operate.html HTTP/1.1" 200 8245
124.78.158.60 - - [16/Feb/2024:12:11:58 +0800] "GET /xingrg/javascript/easyui/themes/default/validatebox.css HTTP/1.1" 404 1104
124.78.158.60 - - [16/Feb/2024:12:12:00 +0800] "GET /xingrg/javascript/easyui/themes/default/tree.css HTTP/1.1" 404 1090
124.78.158.60 - - [16/Feb/2024:12:12:00 +0800] "POST /xingrg/all/common/load_tree.html?tree=supplier_tree_json&isDelete=1 HTTP/1.1" 200 78460
116.224.254.208 - - [16/Feb/2024:12:12:02 +0800] "GET /xingrg/all/function/internal_message.html?_=1708056722040&CODE_STATE=getMsg HTTP/1.1" 200 27
116.232.194.112 - - [16/Feb/2024:12:12:08 +0800] "GET /xingrg/check_reg.html?_=1708056717358 HTTP/1.1" 200 22
101.83.145.37 - - [16/Feb/2024:12:12:12 +0800] "GET /xingrg/all/function/internal_message.html?_=1708056496875&CODE_STATE=getMsg HTTP/1.1" 200 27
124.78.158.60 - - [16/Feb/2024:12:12:16 +0800] "GET /xingrg/kc/buy/cgsh_order_operate.html?command=get_materiel&rest_code=00106&code=00101001115&supplier_code=00100089&order_time=2024-02-16 HTTP/1.1" 200 433
124.78.158.60 - - [16/Feb/2024:12:12:19 +0800] "GET /xingrg/all/function/internal_message.html?_=1708056736746&CODE_STATE=getMsg HTTP/1.1" 200 27
120.253.135.82 - - [16/Feb/2024:12:12:20 +0800] "POST /xingrg/kc/pszx/mdps_list_operate.html HTTP/1.1" 200 5150
120.253.135.82 - - [16/Feb/2024:12:12:23 +0800] "POST /xingrg/kc/pszx/mdps_list_operate.html HTTP/1.1" 200 672
120.253.135.82 - - [16/Feb/2024:12:12:24 +0800] "GET /xingrg/kc/pszx/mdps_order_info.html?code=312024021600212 HTTP/1.1" 200 23970
120.253.135.82 - - [16/Feb/2024:12:12:24 +0800] "GET /xingrg/javascript/easyui/themes/default/validatebox.css HTTP/1.1" 404 1104
120.253.135.82 - - [16/Feb/2024:12:12:25 +0800] "GET /xingrg/all/common/auto_word.html?type=base&rest_code=00101 HTTP/1.1" 200 671
120.253.135.82 - - [16/Feb/2024:12:12:25 +0800] "POST /xingrg/kc/pszx/mdps_order_operate.html HTTP/1.1" 200 11119
180.164.1.25 - - [16/Feb/2024:12:12:25 +0800] "GET /xingrg/all/function/internal_message.html?_=1708056744371&CODE_STATE=getMsg HTTP/1.1" 200 27
120.253.135.82 - - [16/Feb/2024:12:12:27 +0800] "POST /xingrg/kc/pszx/mdps_list_operate.html HTTP/1.1" 200 5150
120.253.135.82 - - [16/Feb/2024:12:12:28 +0800] "POST /xingrg/kc/pszx/mdps_list_operate.html HTTP/1.1" 200 617
120.253.135.82 - - [16/Feb/2024:12:12:29 +0800] "GET /xingrg/kc/pszx/mdps_order_info.html?code=312024021600213 HTTP/1.1" 200 23970
120.253.135.82 - - [16/Feb/2024:12:12:29 +0800] "GET /xingrg/javascript/easyui/themes/default/validatebox.css HTTP/1.1" 404 1104
120.253.135.82 - - [16/Feb/2024:12:12:29 +0800] "GET /xingrg/all/common/auto_word.html?type=base&rest_code=00101 HTTP/1.1" 200 671
120.253.135.82 - - [16/Feb/2024:12:12:29 +0800] "POST /xingrg/kc/pszx/mdps_order_operate.html HTTP/1.1" 200 7274
120.253.135.82 - - [16/Feb/2024:12:12:32 +0800] "GET /xingrg/all/function/internal_message.html?_=1708056919410&CODE_STATE=getMsg HTTP/1.1" 200 27
124.78.158.60 - - [16/Feb/2024:12:12:40 +0800] "POST /xingrg/kc/buy/cgsh_order_operate.html HTTP/1.1" 200 37
124.78.67.200 - - [16/Feb/2024:12:12:44 +0800] "GET /xingrg/all/function/internal_message.html?_=1708056764406&CODE_STATE=getMsg HTTP/1.1" 200 27
114.83.219.181 - - [16/Feb/2024:12:12:47 +0800] "GET /xingrg/all/function/internal_message.html?_=1708056766434&CODE_STATE=getMsg HTTP/1.1" 200 27
124.78.158.60 - - [16/Feb/2024:12:12:48 +0800] "POST /xingrg/kc/buy/cgsh_order_operate.html HTTP/1.1" 200 12
116.232.194.112 - - [16/Feb/2024:12:12:52 +0800] "GET /xingrg/all/function/internal_message.html?_=1708056761009&CODE_STATE=getMsg HTTP/1.1" 200 27
124.78.158.60 - - [16/Feb/2024:12:12:52 +0800] "GET /xingrg/kc/buy/cgsh_order_info.html?code=212024021604487 HTTP/1.1" 200 68380
218.81.65.124 - - [16/Feb/2024:12:12:53 +0800] "GET /xingrg/all/function/internal_message.html?_=1708056780506&CODE_STATE=getMsg HTTP/1.1" 200 27
124.78.158.60 - - [16/Feb/2024:12:12:53 +0800] "GET /xingrg/javascript/easyui/themes/default/validatebox.css HTTP/1.1" 404 1104
124.78.158.60 - - [16/Feb/2024:12:12:54 +0800] "POST /xingrg/kc/buy/cgsh_order_operate.html HTTP/1.1" 200 610
124.78.158.60 - - [16/Feb/2024:12:12:58 +0800] "GET /xingrg/kc/print/load_data.html?order_code=212024021604487&kc_code=cgsh&condition= HTTP/1.1" 200 784
116.224.254.208 - - [16/Feb/2024:12:13:02 +0800] "GET /xingrg/all/function/internal_message.html?_=1708056782024&CODE_STATE=getMsg HTTP/1.1" 200 27
120.253.135.82 - - [16/Feb/2024:12:13:04 +0800] "GET /xingrg/check_reg.html?_=1708056615880 HTTP/1.1" 200 22
101.83.145.37 - - [16/Feb/2024:12:13:12 +0800] "GET /xingrg/all/function/internal_message.html?_=1708056556875&CODE_STATE=getMsg HTTP/1.1" 200 27
124.78.158.60 - - [16/Feb/2024:12:13:15 +0800] "GET /xingrg/kc/buy/cgsh_order_add.html HTTP/1.1" 200 73467
124.78.158.60 - - [16/Feb/2024:12:13:16 +0800] "POST /xingrg/kc/buy/cgsh_order_operate.html HTTP/1.1" 200 8245
124.78.158.60 - - [16/Feb/2024:12:13:16 +0800] "GET /xingrg/javascript/easyui/themes/default/validatebox.css HTTP/1.1" 404 1104
120.253.135.82 - - [16/Feb/2024:12:13:16 +0800] "POST /xingrg/kc/pszx/mdps_list_operate.html HTTP/1.1" 200 5150
124.78.158.60 - - [16/Feb/2024:12:13:19 +0800] "GET /xingrg/all/function/internal_message.html?_=1708056796786&CODE_STATE=getMsg HTTP/1.1" 200 27
120.253.135.82 - - [16/Feb/2024:12:13:22 +0800] "POST /xingrg/kc/pszx/mdps_list_operate.html HTTP/1.1" 200 629
124.78.67.200 - - [16/Feb/2024:12:13:23 +0800] "GET /xingrg/check_reg.html?_=1708056803508 HTTP/1.1" 200 22
180.164.1.25 - - [16/Feb/2024:12:13:25 +0800] "GET /xingrg/all/function/internal_message.html?_=1708056804372&CODE_STATE=getMsg HTTP/1.1" 200 27
120.253.135.82 - - [16/Feb/2024:12:13:25 +0800] "POST /xingrg/kc/pszx/mdps_list_operate.html HTTP/1.1" 200 672
120.253.135.82 - - [16/Feb/2024:12:13:26 +0800] "POST /xingrg/kc/pszx/mdps_list_operate.html HTTP/1.1" 200 515
120.253.135.82 - - [16/Feb/2024:12:13:27 +0800] "GET /xingrg/kc/pszx/mdps_order_info.html?code=312024021600214 HTTP/1.1" 200 23970
120.253.135.82 - - [16/Feb/2024:12:13:27 +0800] "GET /xingrg/javascript/easyui/themes/default/validatebox.css HTTP/1.1" 404 1104
120.253.135.82 - - [16/Feb/2024:12:13:27 +0800] "GET /xingrg/all/common/auto_word.html?type=base&rest_code=00101 HTTP/1.1" 200 671
124.78.158.60 - - [16/Feb/2024:12:13:28 +0800] "GET /xingrg/javascript/easyui/themes/default/tree.css HTTP/1.1" 404 1090
120.253.135.82 - - [16/Feb/2024:12:13:28 +0800] "POST /xingrg/kc/pszx/mdps_order_operate.html HTTP/1.1" 200 4244
124.78.158.60 - - [16/Feb/2024:12:13:28 +0800] "POST /xingrg/all/common/load_tree.html?tree=supplier_tree_json&isDelete=1 HTTP/1.1" 200 78460
120.253.135.82 - - [16/Feb/2024:12:13:30 +0800] "POST /xingrg/kc/pszx/mdps_list_operate.html HTTP/1.1" 200 5150
120.253.135.82 - - [16/Feb/2024:12:13:32 +0800] "POST /xingrg/kc/pszx/mdps_list_operate.html HTTP/1.1" 200 611
120.253.135.82 - - [16/Feb/2024:12:13:32 +0800] "GET /xingrg/all/function/internal_message.html?_=1708056979416&CODE_STATE=getMsg HTTP/1.1" 200 27
120.253.135.82 - - [16/Feb/2024:12:13:33 +0800] "GET /xingrg/kc/pszx/mdps_order_info.html?code=312024021600215 HTTP/1.1" 200 23970
120.253.135.82 - - [16/Feb/2024:12:13:34 +0800] "GET /xingrg/javascript/easyui/themes/default/validatebox.css HTTP/1.1" 404 1104
120.253.135.82 - - [16/Feb/2024:12:13:34 +0800] "GET /xingrg/all/common/auto_word.html?type=base&rest_code=00101 HTTP/1.1" 200 671
120.253.135.82 - - [16/Feb/2024:12:13:34 +0800] "POST /xingrg/kc/pszx/mdps_order_operate.html HTTP/1.1" 200 6785
120.253.135.82 - - [16/Feb/2024:12:13:38 +0800] "POST /xingrg/kc/pszx/mdps_list_operate.html HTTP/1.1" 200 5150
120.253.135.82 - - [16/Feb/2024:12:13:39 +0800] "POST /xingrg/kc/pszx/mdps_list_operate.html HTTP/1.1" 200 552
120.253.135.82 - - [16/Feb/2024:12:13:40 +0800] "GET /xingrg/kc/pszx/mdps_order_info.html?code=312024021600218 HTTP/1.1" 200 23976
120.253.135.82 - - [16/Feb/2024:12:13:40 +0800] "GET /xingrg/javascript/easyui/themes/default/validatebox.css HTTP/1.1" 404 1104
120.253.135.82 - - [16/Feb/2024:12:13:40 +0800] "GET /xingrg/all/common/auto_word.html?type=base&rest_code=00101 HTTP/1.1" 200 671
120.253.135.82 - - [16/Feb/2024:12:13:40 +0800] "POST /xingrg/kc/pszx/mdps_order_operate.html HTTP/1.1" 200 4354
124.78.67.200 - - [16/Feb/2024:12:13:44 +0800] "GET /xingrg/all/function/internal_message.html?_=1708056824427&CODE_STATE=getMsg HTTP/1.1" 200 27
114.83.219.181 - - [16/Feb/2024:12:13:47 +0800] "GET /xingrg/all/function/internal_message.html?_=1708056826421&CODE_STATE=getMsg HTTP/1.1" 200 27
120.253.135.82 - - [16/Feb/2024:12:13:47 +0800] "POST /xingrg/kc/pszx/mdps_list_operate.html HTTP/1.1" 200 5150
120.253.135.82 - - [16/Feb/2024:12:13:49 +0800] "POST /xingrg/kc/pszx/mdps_list_operate.html HTTP/1.1" 200 285
114.83.219.181 - - [16/Feb/2024:12:13:50 +0800] "GET /xingrg/check_reg.html?_=1708056829451 HTTP/1.1" 200 22
120.253.135.82 - - [16/Feb/2024:12:13:50 +0800] "GET /xingrg/kc/pszx/mdps_order_info.html?code=312024021600219 HTTP/1.1" 200 23976
120.253.135.82 - - [16/Feb/2024:12:13:50 +0800] "GET /xingrg/javascript/easyui/themes/default/validatebox.css HTTP/1.1" 404 1104
120.253.135.82 - - [16/Feb/2024:12:13:50 +0800] "GET /xingrg/all/common/auto_word.html?type=base&rest_code=00101 HTTP/1.1" 200 671
120.253.135.82 - - [16/Feb/2024:12:13:51 +0800] "POST /xingrg/kc/pszx/mdps_order_operate.html HTTP/1.1" 200 2781
116.232.194.112 - - [16/Feb/2024:12:13:52 +0800] "GET /xingrg/all/function/internal_message.html?_=1708056821006&CODE_STATE=getMsg HTTP/1.1" 200 27
218.81.65.124 - - [16/Feb/2024:12:13:53 +0800] "GET /xingrg/all/function/internal_message.html?_=1708056840504&CODE_STATE=getMsg HTTP/1.1" 200 27
124.78.158.60 - - [16/Feb/2024:12:13:57 +0800] "GET /xingrg/kc/buy/cgsh_order_operate.html?command=get_materiel&rest_code=00106&code=00101019489&supplier_code=00100323&order_time=2024-02-16 HTTP/1.1" 200 410
116.224.254.208 - - [16/Feb/2024:12:14:02 +0800] "GET /xingrg/all/function/internal_message.html?_=1708056842010&CODE_STATE=getMsg HTTP/1.1" 200 27
120.253.135.82 - - [16/Feb/2024:12:14:08 +0800] "POST /xingrg/kc/pszx/mdps_order_operate.html HTTP/1.1" 200 37
101.83.145.37 - - [16/Feb/2024:12:14:12 +0800] "GET /xingrg/all/function/internal_message.html?_=1708056616875&CODE_STATE=getMsg HTTP/1.1" 200 27
120.253.135.82 - - [16/Feb/2024:12:14:16 +0800] "GET /xingrg/kc/pszx/mdps_order_info.html?code=312024021600219 HTTP/1.1" 200 23976
120.253.135.82 - - [16/Feb/2024:12:14:16 +0800] "GET /xingrg/javascript/easyui/themes/default/validatebox.css HTTP/1.1" 404 1104
120.253.135.82 - - [16/Feb/2024:12:14:16 +0800] "GET /xingrg/all/common/auto_word.html?type=base&rest_code=00101 HTTP/1.1" 200 671
120.253.135.82 - - [16/Feb/2024:12:14:16 +0800] "POST /xingrg/kc/pszx/mdps_order_operate.html HTTP/1.1" 200 2781
124.78.158.60 - - [16/Feb/2024:12:14:18 +0800] "GET /xingrg/all/function/internal_message.html?_=1708056856701&CODE_STATE=getMsg HTTP/1.1" 200 27
120.253.135.82 - - [16/Feb/2024:12:14:19 +0800] "POST /xingrg/kc/pszx/mdps_list_operate.html HTTP/1.1" 200 5150
120.253.135.82 - - [16/Feb/2024:12:14:22 +0800] "POST /xingrg/kc/pszx/mdps_list_operate.html HTTP/1.1" 200 298
180.164.1.25 - - [16/Feb/2024:12:14:25 +0800] "GET /xingrg/all/function/internal_message.html?_=1708056864366&CODE_STATE=getMsg HTTP/1.1" 200 27
124.78.158.60 - - [16/Feb/2024:12:14:27 +0800] "GET /xingrg/kc/buy/cgsh_order_operate.html?command=get_materiel&rest_code=00106&code=00101010825&supplier_code=00100323&order_time=2024-02-16 HTTP/1.1" 200 429
120.253.135.82 - - [16/Feb/2024:12:14:27 +0800] "POST /xingrg/kc/pszx/mdps_list_operate.html HTTP/1.1" 200 3314
120.253.135.82 - - [16/Feb/2024:12:14:31 +0800] "POST /xingrg/kc/pszx/mdps_list_operate.html HTTP/1.1" 200 201
120.253.135.82 - - [16/Feb/2024:12:14:32 +0800] "GET /xingrg/all/function/internal_message.html?_=1708057039420&CODE_STATE=getMsg HTTP/1.1" 200 27
120.253.135.82 - - [16/Feb/2024:12:14:32 +0800] "GET /xingrg/check_reg.html?_=1708057039425 HTTP/1.1" 200 22
120.253.135.82 - - [16/Feb/2024:12:14:33 +0800] "POST /xingrg/kc/pszx/mdps_list_operate.html HTTP/1.1" 200 355
218.81.220.26 - - [16/Feb/2024:12:14:35 +0800] "GET /xingrg/check_reg.html?_=1708056891366 HTTP/1.1" 302 -
120.253.135.82 - - [16/Feb/2024:12:14:38 +0800] "POST /xingrg/kc/pszx/mdps_list_operate.html HTTP/1.1" 200 5150
120.253.135.82 - - [16/Feb/2024:12:14:44 +0800] "POST /xingrg/kc/pszx/mdps_list_operate.html HTTP/1.1" 200 210
124.78.67.200 - - [16/Feb/2024:12:14:44 +0800] "GET /xingrg/all/function/internal_message.html?_=1708056884411&CODE_STATE=getMsg HTTP/1.1" 200 27
124.78.158.60 - - [16/Feb/2024:12:14:45 +0800] "GET /xingrg/kc/buy/cgsh_order_operate.html?command=get_materiel&rest_code=00106&code=00101010082&supplier_code=00100323&order_time=2024-02-16 HTTP/1.1" 200 446
114.83.219.181 - - [16/Feb/2024:12:14:47 +0800] "GET /xingrg/all/function/internal_message.html?_=1708056886392&CODE_STATE=getMsg HTTP/1.1" 200 27
116.232.194.112 - - [16/Feb/2024:12:14:52 +0800] "GET /xingrg/all/function/internal_message.html?_=1708056880983&CODE_STATE=getMsg HTTP/1.1" 200 27
218.81.65.124 - - [16/Feb/2024:12:14:53 +0800] "GET /xingrg/check_reg.html?_=1708056900507 HTTP/1.1" 200 22
218.81.65.124 - - [16/Feb/2024:12:14:53 +0800] "GET /xingrg/all/function/internal_message.html?_=1708056900506&CODE_STATE=getMsg HTTP/1.1" 200 27
120.253.135.82 - - [16/Feb/2024:12:14:57 +0800] "GET /xingrg/kc/pszx/mdqp_order_list.html?state=10 HTTP/1.1" 200 11567
120.253.135.82 - - [16/Feb/2024:12:14:57 +0800] "GET /xingrg/dwr/interface/AjaxQqpsService.js HTTP/1.1" 200 16326
120.253.135.82 - - [16/Feb/2024:12:14:57 +0800] "GET /xingrg/dwr/interface/AjaxReportQueryService.js HTTP/1.1" 200 13203
120.253.135.82 - - [16/Feb/2024:12:14:57 +0800] "GET /xingrg/dwr/engine.js HTTP/1.1" 200 43631
120.253.135.82 - - [16/Feb/2024:12:14:59 +0800] "GET /xingrg/kc/pszx/mdps_order_list.html?orderType=0 HTTP/1.1" 200 20995
120.253.135.82 - - [16/Feb/2024:12:15:00 +0800] "POST /xingrg/kc/pszx/mdps_list_operate.html HTTP/1.1" 200 5150
116.224.254.208 - - [16/Feb/2024:12:15:02 +0800] "GET /xingrg/all/function/internal_message.html?_=1708056901995&CODE_STATE=getMsg HTTP/1.1" 200 27
124.78.158.60 - - [16/Feb/2024:12:15:02 +0800] "POST /xingrg/kc/buy/cgsh_order_operate.html HTTP/1.1" 200 37
120.253.135.82 - - [16/Feb/2024:12:15:04 +0800] "POST /xingrg/kc/pszx/mdps_list_operate.html HTTP/1.1" 200 629
120.253.135.82 - - [16/Feb/2024:12:15:06 +0800] "POST /xingrg/kc/pszx/mdps_list_operate.html HTTP/1.1" 200 672
120.253.135.82 - - [16/Feb/2024:12:15:07 +0800] "GET /xingrg/kc/pszx/mdps_order_info.html?code=312024021600212 HTTP/1.1" 200 23970
120.253.135.82 - - [16/Feb/2024:12:15:07 +0800] "GET /xingrg/javascript/easyui/themes/default/validatebox.css HTTP/1.1" 404 1104
124.78.158.60 - - [16/Feb/2024:12:15:11 +0800] "POST /xingrg/kc/buy/cgsh_order_operate.html HTTP/1.1" 200 12
120.253.135.82 - - [16/Feb/2024:12:15:11 +0800] "POST /xingrg/kc/pszx/mdps_order_operate.html HTTP/1.1" 200 11119
101.83.145.37 - - [16/Feb/2024:12:15:12 +0800] "GET /xingrg/all/function/internal_message.html?_=1708056676875&CODE_STATE=getMsg HTTP/1.1" 200 27
101.83.145.37 - - [16/Feb/2024:12:15:12 +0800] "GET /xingrg/check_reg.html?_=1708056676878 HTTP/1.1" 200 22
120.253.135.82 - - [16/Feb/2024:12:15:15 +0800] "GET /xingrg/kc/print/load_data.html?order_code=312024021600212&kc_code=mdps&condition= HTTP/1.1" 200 4902
124.78.158.60 - - [16/Feb/2024:12:15:16 +0800] "GET /xingrg/kc/buy/cgsh_order_info.html?code=212024021604488 HTTP/1.1" 200 68381
124.78.158.60 - - [16/Feb/2024:12:15:16 +0800] "GET /xingrg/javascript/easyui/themes/default/validatebox.css HTTP/1.1" 404 1104
124.78.158.60 - - [16/Feb/2024:12:15:17 +0800] "POST /xingrg/kc/buy/cgsh_order_operate.html HTTP/1.1" 200 1817
124.78.158.60 - - [16/Feb/2024:12:15:19 +0800] "GET /xingrg/all/function/internal_message.html?_=1708056916741&CODE_STATE=getMsg HTTP/1.1" 200 27
124.78.158.60 - - [16/Feb/2024:12:15:19 +0800] "GET /xingrg/check_reg.html?_=1708056916845 HTTP/1.1" 200 22
124.78.158.60 - - [16/Feb/2024:12:15:20 +0800] "GET /xingrg/kc/print/load_data.html?order_code=212024021604488&kc_code=cgsh&condition= HTTP/1.1" 200 1186
116.224.254.208 - - [16/Feb/2024:12:15:23 +0800] "GET /xingrg/check_reg.html?_=1708056923541 HTTP/1.1" 200 22
180.164.1.25 - - [16/Feb/2024:12:15:25 +0800] "GET /xingrg/check_reg.html?_=1708056924358 HTTP/1.1" 200 22
180.164.1.25 - - [16/Feb/2024:12:15:25 +0800] "GET /xingrg/all/function/internal_message.html?_=1708056924360&CODE_STATE=getMsg HTTP/1.1" 200 27
114.83.219.181 - - [16/Feb/2024:12:15:31 +0800] "GET /xingrg/kc/base/wldb_order_list.html HTTP/1.1" 200 19019
124.78.158.60 - - [16/Feb/2024:12:15:31 +0800] "GET /xingrg/kc/buy/cgsh_order_add.html HTTP/1.1" 200 73467
124.78.158.60 - - [16/Feb/2024:12:15:32 +0800] "POST /xingrg/kc/buy/cgsh_order_operate.html HTTP/1.1" 200 8245
124.78.158.60 - - [16/Feb/2024:12:15:32 +0800] "GET /xingrg/javascript/easyui/themes/default/validatebox.css HTTP/1.1" 404 1104
114.83.219.181 - - [16/Feb/2024:12:15:32 +0800] "POST /xingrg/kc/base/wldb_list_operate.html HTTP/1.1" 200 928
120.253.135.82 - - [16/Feb/2024:12:15:32 +0800] "GET /xingrg/all/function/internal_message.html?_=1708057099424&CODE_STATE=getMsg HTTP/1.1" 200 27
124.78.67.200 - - [16/Feb/2024:12:15:44 +0800] "GET /xingrg/all/function/internal_message.html?_=1708056944397&CODE_STATE=getMsg HTTP/1.1" 200 27
124.78.158.60 - - [16/Feb/2024:12:15:45 +0800] "GET /xingrg/javascript/easyui/themes/default/tree.css HTTP/1.1" 404 1090
124.78.158.60 - - [16/Feb/2024:12:15:46 +0800] "POST /xingrg/all/common/load_tree.html?tree=supplier_tree_json&isDelete=1 HTTP/1.1" 200 78460
114.83.219.181 - - [16/Feb/2024:12:15:47 +0800] "GET /xingrg/all/function/internal_message.html?_=1708056946377&CODE_STATE=getMsg HTTP/1.1" 200 27
116.232.194.112 - - [16/Feb/2024:12:15:52 +0800] "GET /xingrg/all/function/internal_message.html?_=1708056940975&CODE_STATE=getMsg HTTP/1.1" 200 27
218.81.65.124 - - [16/Feb/2024:12:15:53 +0800] "GET /xingrg/all/function/internal_message.html?_=1708056960505&CODE_STATE=getMsg HTTP/1.1" 200 27
116.224.254.208 - - [16/Feb/2024:12:16:02 +0800] "GET /xingrg/all/function/internal_message.html?_=1708056961980&CODE_STATE=getMsg HTTP/1.1" 200 27
124.78.158.60 - - [16/Feb/2024:12:16:10 +0800] "GET /xingrg/kc/buy/cgsh_order_operate.html?command=get_materiel&rest_code=00106&code=00101020479&supplier_code=00100325&order_time=2024-02-16 HTTP/1.1" 200 415
101.83.145.37 - - [16/Feb/2024:12:16:12 +0800] "GET /xingrg/all/function/internal_message.html?_=1708056736878&CODE_STATE=getMsg HTTP/1.1" 200 27
120.253.135.82 - - [16/Feb/2024:12:16:17 +0800] "POST /xingrg/kc/pszx/mdps_list_operate.html HTTP/1.1" 200 617
120.253.135.82 - - [16/Feb/2024:12:16:17 +0800] "GET /xingrg/kc/pszx/mdps_order_info.html?code=312024021600213 HTTP/1.1" 200 23970
120.253.135.82 - - [16/Feb/2024:12:16:18 +0800] "GET /xingrg/javascript/easyui/themes/default/validatebox.css HTTP/1.1" 404 1104
120.253.135.82 - - [16/Feb/2024:12:16:18 +0800] "POST /xingrg/kc/pszx/mdps_order_operate.html HTTP/1.1" 200 7274
124.78.158.60 - - [16/Feb/2024:12:16:18 +0800] "GET /xingrg/all/function/internal_message.html?_=1708056976664&CODE_STATE=getMsg HTTP/1.1" 200 27
120.253.135.82 - - [16/Feb/2024:12:16:20 +0800] "GET /xingrg/kc/print/load_data.html?order_code=312024021600213&kc_code=mdps&condition= HTTP/1.1" 200 2966
180.164.1.25 - - [16/Feb/2024:12:16:25 +0800] "GET /xingrg/all/function/internal_message.html?_=1708056984345&CODE_STATE=getMsg HTTP/1.1" 200 27
116.230.123.222 - - [16/Feb/2024:12:16:26 +0800] "GET /xingrg/check_reg.html?_=1708056984450 HTTP/1.1" 200 22
120.253.135.82 - - [16/Feb/2024:12:16:32 +0800] "GET /xingrg/all/function/internal_message.html?_=1708057159430&CODE_STATE=getMsg HTTP/1.1" 200 27
124.78.158.60 - - [16/Feb/2024:12:16:39 +0800] "POST /xingrg/kc/buy/cgsh_order_operate.html HTTP/1.1" 200 37
124.78.67.200 - - [16/Feb/2024:12:16:44 +0800] "GET /xingrg/all/function/internal_message.html?_=1708057004381&CODE_STATE=getMsg HTTP/1.1" 200 27
114.83.219.181 - - [16/Feb/2024:12:16:47 +0800] "GET /xingrg/all/function/internal_message.html?_=1708057006364&CODE_STATE=getMsg HTTP/1.1" 200 27
124.78.158.60 - - [16/Feb/2024:12:16:47 +0800] "POST /xingrg/kc/buy/cgsh_order_operate.html HTTP/1.1" 200 12
124.78.158.60 - - [16/Feb/2024:12:16:49 +0800] "GET /xingrg/kc/buy/cgsh_order_info.html?code=212024021604489 HTTP/1.1" 200 68382
124.78.158.60 - - [16/Feb/2024:12:16:50 +0800] "GET /xingrg/javascript/easyui/themes/default/validatebox.css HTTP/1.1" 404 1104
124.78.158.60 - - [16/Feb/2024:12:16:51 +0800] "POST /xingrg/kc/buy/cgsh_order_operate.html HTTP/1.1" 200 610
116.232.194.112 - - [16/Feb/2024:12:16:52 +0800] "GET /xingrg/all/function/internal_message.html?_=1708057000956&CODE_STATE=getMsg HTTP/1.1" 200 27
124.78.158.60 - - [16/Feb/2024:12:16:52 +0800] "GET /xingrg/kc/print/load_data.html?order_code=212024021604489&kc_code=cgsh&condition= HTTP/1.1" 200 718
218.81.65.124 - - [16/Feb/2024:12:16:53 +0800] "GET /xingrg/all/function/internal_message.html?_=1708057020505&CODE_STATE=getMsg HTTP/1.1" 200 27
120.253.135.82 - - [16/Feb/2024:12:16:54 +0800] "POST /xingrg/kc/pszx/mdps_list_operate.html HTTP/1.1" 200 5150
116.224.254.208 - - [16/Feb/2024:12:17:02 +0800] "GET /xingrg/all/function/internal_message.html?_=1708057021966&CODE_STATE=getMsg HTTP/1.1" 200 27
120.253.135.82 - - [16/Feb/2024:12:17:06 +0800] "POST /xingrg/kc/pszx/mdps_list_operate.html HTTP/1.1" 200 629
116.232.194.112 - - [16/Feb/2024:12:17:08 +0800] "GET /xingrg/check_reg.html?_=1708057017340 HTTP/1.1" 200 22
120.253.135.82 - - [16/Feb/2024:12:17:09 +0800] "GET /xingrg/kc/pszx/mdps_order_info.html?code=312024021600211 HTTP/1.1" 200 23970
120.253.135.82 - - [16/Feb/2024:12:17:10 +0800] "GET /xingrg/javascript/easyui/themes/default/validatebox.css HTTP/1.1" 404 1104
120.253.135.82 - - [16/Feb/2024:12:17:10 +0800] "POST /xingrg/kc/pszx/mdps_order_operate.html HTTP/1.1" 200 4805
101.83.145.37 - - [16/Feb/2024:12:17:12 +0800] "GET /xingrg/all/function/internal_message.html?_=1708056796878&CODE_STATE=getMsg HTTP/1.1" 200 27
120.253.135.82 - - [16/Feb/2024:12:17:14 +0800] "POST /xingrg/kc/pszx/mdps_list_operate.html HTTP/1.1" 200 5150
124.78.158.60 - - [16/Feb/2024:12:17:18 +0800] "GET /xingrg/all/function/internal_message.html?_=1708057036634&CODE_STATE=getMsg HTTP/1.1" 200 27
124.78.158.60 - - [16/Feb/2024:12:17:19 +0800] "GET /xingrg/kc/base/base_main.html HTTP/1.1" 200 12142
124.78.158.60 - - [16/Feb/2024:12:17:20 +0800] "GET /xingrg/kc/base/wldb_order_list.html HTTP/1.1" 200 19013
124.78.158.60 - - [16/Feb/2024:12:17:21 +0800] "POST /xingrg/kc/base/wldb_list_operate.html HTTP/1.1" 200 928
101.93.220.37 - - [16/Feb/2024:12:17:24 +0800] "POST /xingrg/services/DataTransmitService HTTP/1.1" 200 524
180.164.1.25 - - [16/Feb/2024:12:17:25 +0800] "GET /xingrg/all/function/internal_message.html?_=1708057044356&CODE_STATE=getMsg HTTP/1.1" 200 27
101.93.220.37 - - [16/Feb/2024:12:17:25 +0800] "POST /xingrg/services/DataTransmitService HTTP/1.1" 200 412
124.78.158.60 - - [16/Feb/2024:12:17:32 +0800] "GET /xingrg/kc/base/wldb_order_add.html HTTP/1.1" 200 30348
124.78.158.60 - - [16/Feb/2024:12:17:32 +0800] "POST /xingrg/kc/base/wldb_order_operate.html HTTP/1.1" 200 6806
124.78.158.60 - - [16/Feb/2024:12:17:32 +0800] "GET /xingrg/all/common/auto_word.html?type=base&rest_code=00106 HTTP/1.1" 200 1799
124.78.158.60 - - [16/Feb/2024:12:17:32 +0800] "GET /xingrg/all/common/auto_word.html?type=base&rest_code=00106 HTTP/1.1" 200 1799
124.78.158.60 - - [16/Feb/2024:12:17:32 +0800] "GET /xingrg/javascript/easyui/themes/default/validatebox.css HTTP/1.1" 404 1104
120.253.135.82 - - [16/Feb/2024:12:17:32 +0800] "GET /xingrg/all/function/internal_message.html?_=1708057219433&CODE_STATE=getMsg HTTP/1.1" 200 27
124.78.158.60 - - [16/Feb/2024:12:17:33 +0800] "POST /xingrg/all/common/load_combo.html?type=base HTTP/1.1" 200 3227
124.78.158.60 - - [16/Feb/2024:12:17:37 +0800] "POST /xingrg/all/common/load_combo.html?type=base HTTP/1.1" 200 3227
124.78.67.200 - - [16/Feb/2024:12:17:44 +0800] "GET /xingrg/all/function/internal_message.html?_=1708057064369&CODE_STATE=getMsg HTTP/1.1" 200 27
124.78.158.60 - - [16/Feb/2024:12:17:46 +0800] "GET /xingrg/kc/base/wldb_order_operate.html?command=get_materiel&rest_code=00106&base_code=0010396&code=00101019476 HTTP/1.1" 200 480
114.83.219.181 - - [16/Feb/2024:12:17:47 +0800] "GET /xingrg/all/function/internal_message.html?_=1708057066350&CODE_STATE=getMsg HTTP/1.1" 200 27
116.232.194.112 - - [16/Feb/2024:12:17:52 +0800] "GET /xingrg/all/function/internal_message.html?_=1708057060943&CODE_STATE=getMsg HTTP/1.1" 200 27
218.81.65.124 - - [16/Feb/2024:12:17:53 +0800] "GET /xingrg/all/function/internal_message.html?_=1708057080503&CODE_STATE=getMsg HTTP/1.1" 200 27
124.78.158.60 - - [16/Feb/2024:12:17:59 +0800] "GET /xingrg/kc/base/wldb_order_operate.html?command=get_materiel&rest_code=00106&base_code=0010396&code=00101027001 HTTP/1.1" 200 472
116.224.254.208 - - [16/Feb/2024:12:18:02 +0800] "GET /xingrg/all/function/internal_message.html?_=1708057081941&CODE_STATE=getMsg HTTP/1.1" 200 27
120.253.135.82 - - [16/Feb/2024:12:18:04 +0800] "GET /xingrg/check_reg.html?_=1708056915896 HTTP/1.1" 200 22
124.78.158.60 - - [16/Feb/2024:12:18:09 +0800] "POST /xingrg/kc/base/wldb_order_operate.html HTTP/1.1" 200 37
124.78.158.60 - - [16/Feb/2024:12:18:09 +0800] "POST /xingrg/kc/base/wldb_order_operate.html HTTP/1.1" 200 2729
101.83.145.37 - - [16/Feb/2024:12:18:12 +0800] "GET /xingrg/all/function/internal_message.html?_=1708056856878&CODE_STATE=getMsg HTTP/1.1" 200 27
124.78.158.60 - - [16/Feb/2024:12:18:12 +0800] "GET /xingrg/kc/base/wldb_order_info.html?code=422024021601316 HTTP/1.1" 200 30363
124.78.158.60 - - [16/Feb/2024:12:18:13 +0800] "GET /xingrg/javascript/easyui/themes/default/validatebox.css HTTP/1.1" 404 1104
124.78.158.60 - - [16/Feb/2024:12:18:14 +0800] "POST /xingrg/kc/base/wldb_order_operate.html HTTP/1.1" 200 2729
124.78.158.60 - - [16/Feb/2024:12:18:18 +0800] "GET /xingrg/all/function/internal_message.html?_=1708057096620&CODE_STATE=getMsg HTTP/1.1" 200 27
124.78.67.200 - - [16/Feb/2024:12:18:23 +0800] "GET /xingrg/check_reg.html?_=1708057103523 HTTP/1.1" 200 22
180.164.1.25 - - [16/Feb/2024:12:18:25 +0800] "GET /xingrg/all/function/internal_message.html?_=1708057104358&CODE_STATE=getMsg HTTP/1.1" 200 27
120.253.135.82 - - [16/Feb/2024:12:18:32 +0800] "GET /xingrg/all/function/internal_message.html?_=1708057279439&CODE_STATE=getMsg HTTP/1.1" 200 27
114.83.219.181 - - [16/Feb/2024:12:18:38 +0800] "GET /xingrg/kc/base/wldb_order_add.html HTTP/1.1" 200 30350
114.83.219.181 - - [16/Feb/2024:12:18:38 +0800] "POST /xingrg/kc/base/wldb_order_operate.html HTTP/1.1" 200 6806
114.83.219.181 - - [16/Feb/2024:12:18:38 +0800] "GET /xingrg/all/common/auto_word.html?type=base&rest_code=00149 HTTP/1.1" 200 1907
114.83.219.181 - - [16/Feb/2024:12:18:38 +0800] "GET /xingrg/all/common/auto_word.html?type=base&rest_code=00149 HTTP/1.1" 200 1907
114.83.219.181 - - [16/Feb/2024:12:18:38 +0800] "GET /xingrg/javascript/easyui/themes/default/validatebox.css HTTP/1.1" 404 1104
124.78.158.60 - - [16/Feb/2024:12:18:41 +0800] "GET /xingrg/kc/base/wldb_order_add.html HTTP/1.1" 200 30348
124.78.158.60 - - [16/Feb/2024:12:18:41 +0800] "POST /xingrg/kc/base/wldb_order_operate.html HTTP/1.1" 200 6806
124.78.158.60 - - [16/Feb/2024:12:18:41 +0800] "GET /xingrg/javascript/easyui/themes/default/validatebox.css HTTP/1.1" 404 1104
124.78.158.60 - - [16/Feb/2024:12:18:42 +0800] "POST /xingrg/all/common/load_combo.html?type=base HTTP/1.1" 200 3227
124.78.67.200 - - [16/Feb/2024:12:18:44 +0800] "GET /xingrg/all/function/internal_message.html?_=1708057124341&CODE_STATE=getMsg HTTP/1.1" 200 27
124.78.158.60 - - [16/Feb/2024:12:18:45 +0800] "POST /xingrg/all/common/load_combo.html?type=base HTTP/1.1" 200 3227
114.83.219.181 - - [16/Feb/2024:12:18:46 +0800] "GET /xingrg/all/function/internal_message.html?_=1708057126324&CODE_STATE=getMsg HTTP/1.1" 200 27
114.83.219.181 - - [16/Feb/2024:12:18:49 +0800] "GET /xingrg/kc/base/wldb_order_operate.html?command=get_materiel&rest_code=00149&base_code=0010413&code=00101029022 HTTP/1.1" 200 474
114.83.219.181 - - [16/Feb/2024:12:18:50 +0800] "GET /xingrg/check_reg.html?_=1708057129434 HTTP/1.1" 200 22
116.232.194.112 - - [16/Feb/2024:12:18:52 +0800] "GET /xingrg/all/function/internal_message.html?_=1708057120929&CODE_STATE=getMsg HTTP/1.1" 200 27
