218.81.65.124 - - [16/Feb/2024:10:56:37 +0800] "GET /xingrg/all/function/internal_message.html?_=1708052204750&CODE_STATE=getMsg HTTP/1.1" 200 27
124.78.67.200 - - [16/Feb/2024:10:56:37 +0800] "POST /xingrg/kc/buy/cgsh_order_operate.html HTTP/1.1" 200 12
218.81.220.26 - - [16/Feb/2024:10:56:38 +0800] "GET /xingrg/kc/buy/cgsh_order_operate.html?command=get_materiel&rest_code=00146&code=00101008300&supplier_code=00100005&order_time=2024-02-16 HTTP/1.1" 200 412
124.78.67.200 - - [16/Feb/2024:10:56:41 +0800] "GET /xingrg/kc/buy/cgsh_order_info.html?code=212024021604412 HTTP/1.1" 200 68376
124.78.67.200 - - [16/Feb/2024:10:56:41 +0800] "GET /xingrg/javascript/easyui/themes/default/validatebox.css HTTP/1.1" 404 1104
180.164.1.25 - - [16/Feb/2024:10:56:45 +0800] "POST /xingrg/kc/buy/cgsh_order_operate.html HTTP/1.1" 200 37
124.78.67.200 - - [16/Feb/2024:10:56:45 +0800] "POST /xingrg/kc/buy/cgsh_order_operate.html HTTP/1.1" 200 18935
116.235.92.110 - - [16/Feb/2024:10:56:45 +0800] "POST /xingrg/services/DataTransmitService HTTP/1.1" 200 501
124.78.67.200 - - [16/Feb/2024:10:56:45 +0800] "GET /xingrg/all/function/internal_message.html?_=1708052205673&CODE_STATE=getMsg HTTP/1.1" 200 27
180.164.1.25 - - [16/Feb/2024:10:56:47 +0800] "POST /xingrg/kc/buy/cgsh_order_operate.html HTTP/1.1" 200 2677
124.78.67.200 - - [16/Feb/2024:10:56:47 +0800] "GET /xingrg/kc/print/load_data.html?order_code=212024021604412&kc_code=cgsh&condition= HTTP/1.1" 200 7683
101.83.145.37 - - [16/Feb/2024:10:56:47 +0800] "GET /xingrg/kc/buy/cgsh_order_operate.html?command=get_materiel&rest_code=00105&code=00101004030&supplier_code=00100312&order_time=2024-02-16 HTTP/1.1" 200 409
218.81.65.124 - - [16/Feb/2024:10:56:47 +0800] "GET /xingrg/kc/buy/cgsh_order_operate.html?command=get_materiel&rest_code=00148&code=00101005030&supplier_code=00100312&order_time=2024-02-16 HTTP/1.1" 200 413
114.83.219.181 - - [16/Feb/2024:10:56:48 +0800] "GET /xingrg/all/function/internal_message.html?_=1708052207961&CODE_STATE=getMsg HTTP/1.1" 200 27
180.164.1.25 - - [16/Feb/2024:10:56:48 +0800] "GET /xingrg/kc/print/load_data.html?order_code=212024021604413&kc_code=cgsh&condition= HTTP/1.1" 200 708
218.81.220.26 - - [16/Feb/2024:10:56:50 +0800] "GET /xingrg/all/function/internal_message.html?_=1708052228619&CODE_STATE=getMsg HTTP/1.1" 200 27
116.230.123.222 - - [16/Feb/2024:10:56:51 +0800] "GET /xingrg/kc/buy/cgsh_order_operate.html?command=get_materiel&rest_code=00111&code=00101008251&supplier_code=00100005&order_time=2024-02-16 HTTP/1.1" 200 408
116.232.194.112 - - [16/Feb/2024:10:56:53 +0800] "GET /xingrg/all/function/internal_message.html?_=1708052202209&CODE_STATE=getMsg HTTP/1.1" 200 27
124.78.67.200 - - [16/Feb/2024:10:56:53 +0800] "POST /xingrg/kc/buy/cgsh_order_operate.html HTTP/1.1" 200 8245
124.78.67.200 - - [16/Feb/2024:10:56:53 +0800] "GET /xingrg/javascript/easyui/themes/default/validatebox.css HTTP/1.1" 404 1104
180.164.1.25 - - [16/Feb/2024:10:56:58 +0800] "GET /xingrg/kc/base/check_order_list.html HTTP/1.1" 200 16142
116.235.92.110 - - [16/Feb/2024:10:56:58 +0800] "POST /xingrg/services/DataTransmitService HTTP/1.1" 200 501
180.164.1.25 - - [16/Feb/2024:10:56:58 +0800] "POST /xingrg/kc/base/check_list_operate.html HTTP/1.1" 200 781
116.235.92.110 - - [16/Feb/2024:10:56:59 +0800] "POST /xingrg/services/DataTransmitService HTTP/1.1" 200 501
218.81.220.26 - - [16/Feb/2024:10:56:59 +0800] "POST /xingrg/kc/buy/cgsh_order_operate.html HTTP/1.1" 200 37
116.235.92.110 - - [16/Feb/2024:10:56:59 +0800] "POST /xingrg/services/DataTransmitService HTTP/1.1" 200 501
180.164.1.25 - - [16/Feb/2024:10:57:00 +0800] "GET /xingrg/kc/base/check_order_add.html HTTP/1.1" 200 26442
180.164.1.25 - - [16/Feb/2024:10:57:00 +0800] "GET /xingrg/css/table.css HTTP/1.1" 200 3684
180.164.1.25 - - [16/Feb/2024:10:57:00 +0800] "GET /xingrg/dwr/interface/AjaxComOrderService.js HTTP/1.1" 200 18264
180.164.1.25 - - [16/Feb/2024:10:57:00 +0800] "GET /xingrg/dwr/interface/AjaxCheckService.js HTTP/1.1" 200 14003
180.164.1.25 - - [16/Feb/2024:10:57:00 +0800] "GET /xingrg/dwr/engine.js HTTP/1.1" 200 43631
101.83.145.37 - - [16/Feb/2024:10:57:03 +0800] "GET /xingrg/kc/buy/cgsh_order_operate.html?command=get_materiel&rest_code=00105&code=00101004049&supplier_code=00100312&order_time=2024-02-16 HTTP/1.1" 200 413
116.224.254.208 - - [16/Feb/2024:10:57:03 +0800] "GET /xingrg/all/function/internal_message.html?_=1708052223499&CODE_STATE=getMsg HTTP/1.1" 200 27
124.78.67.200 - - [16/Feb/2024:10:57:04 +0800] "GET /xingrg/kc/buy/cgsh_order_operate.html?command=get_materiel&rest_code=00141&code=00101001037&supplier_code=00100090&order_time=2024-02-16 HTTP/1.1" 200 418
180.164.1.25 - - [16/Feb/2024:10:57:05 +0800] "POST /xingrg/dwr/call/plaincall/AjaxCheckService.saveOrder.dwr HTTP/1.1" 200 78
180.164.1.25 - - [16/Feb/2024:10:57:05 +0800] "POST /xingrg/dwr/call/plaincall/AjaxCheckService.loadOrderItems.dwr HTTP/1.1" 200 367
116.235.92.110 - - [16/Feb/2024:10:57:06 +0800] "POST /xingrg/services/DataTransmitService HTTP/1.1" 200 501
180.164.1.25 - - [16/Feb/2024:10:57:06 +0800] "GET /xingrg/javascript/jquery_easy_ui/themes/icons/pencil.png HTTP/1.1" 200 713
116.235.92.110 - - [16/Feb/2024:10:57:07 +0800] "POST /xingrg/services/DataTransmitService HTTP/1.1" 200 501
116.235.92.110 - - [16/Feb/2024:10:57:08 +0800] "POST /xingrg/services/DataTransmitService HTTP/1.1" 200 501
218.81.65.124 - - [16/Feb/2024:10:57:08 +0800] "GET /xingrg/kc/buy/cgsh_order_operate.html?command=get_materiel&rest_code=00148&code=00101001156&supplier_code=00100312&order_time=2024-02-16 HTTP/1.1" 200 409
116.232.194.112 - - [16/Feb/2024:10:57:08 +0800] "GET /xingrg/check_reg.html?_=1708052217615 HTTP/1.1" 200 22
116.230.123.222 - - [16/Feb/2024:10:57:08 +0800] "GET /xingrg/kc/buy/cgsh_order_operate.html?command=get_materiel&rest_code=00111&code=00101008077&supplier_code=00100005&order_time=2024-02-16 HTTP/1.1" 200 416
116.235.92.110 - - [16/Feb/2024:10:57:09 +0800] "POST /xingrg/services/DataTransmitService HTTP/1.1" 200 412
180.164.1.25 - - [16/Feb/2024:10:57:10 +0800] "POST /xingrg/dwr/call/plaincall/AjaxCheckService.importOrderItems.dwr HTTP/1.1" 200 78
180.164.1.25 - - [16/Feb/2024:10:57:11 +0800] "POST /xingrg/dwr/call/plaincall/AjaxCheckService.loadOrderItems.dwr HTTP/1.1" 200 84384
180.164.1.25 - - [16/Feb/2024:10:57:11 +0800] "GET /xingrg/javascript/jquery_easy_ui/themes/icons/no.png HTTP/1.1" 200 922
101.83.145.37 - - [16/Feb/2024:10:57:12 +0800] "GET /xingrg/all/function/internal_message.html?_=1708051996855&CODE_STATE=getMsg HTTP/1.1" 200 27
124.78.67.200 - - [16/Feb/2024:10:57:15 +0800] "GET /xingrg/kc/buy/cgsh_order_operate.html?command=get_materiel&rest_code=00141&code=00101001140&supplier_code=00100090&order_time=2024-02-16 HTTP/1.1" 200 438
180.164.1.25 - - [16/Feb/2024:10:57:20 +0800] "POST /xingrg/services/DataTransmitService HTTP/1.1" 200 524
180.164.1.25 - - [16/Feb/2024:10:57:21 +0800] "POST /xingrg/services/DataTransmitService HTTP/1.1" 200 412
101.83.145.37 - - [16/Feb/2024:10:57:24 +0800] "GET /xingrg/kc/buy/cgsh_order_operate.html?command=get_materiel&rest_code=00105&code=00101001096&supplier_code=00100312&order_time=2024-02-16 HTTP/1.1" 200 433
180.164.1.25 - - [16/Feb/2024:10:57:25 +0800] "GET /xingrg/all/function/internal_message.html?_=1708052244357&CODE_STATE=getMsg HTTP/1.1" 200 27
218.81.65.124 - - [16/Feb/2024:10:57:26 +0800] "GET /xingrg/kc/buy/cgsh_order_operate.html?command=get_materiel&rest_code=00148&code=00101001136&supplier_code=00100312&order_time=2024-02-16 HTTP/1.1" 200 432
120.253.135.82 - - [16/Feb/2024:10:57:32 +0800] "GET /xingrg/all/function/internal_message.html?_=1708052419059&CODE_STATE=getMsg HTTP/1.1" 200 27
116.230.123.222 - - [16/Feb/2024:10:57:36 +0800] "GET /xingrg/kc/buy/cgsh_order_operate.html?command=get_materiel&rest_code=00111&code=00101008108&supplier_code=00100005&order_time=2024-02-16 HTTP/1.1" 200 412
218.81.65.124 - - [16/Feb/2024:10:57:37 +0800] "GET /xingrg/all/function/internal_message.html?_=1708052264727&CODE_STATE=getMsg HTTP/1.1" 200 27
124.78.67.200 - - [16/Feb/2024:10:57:45 +0800] "GET /xingrg/all/function/internal_message.html?_=1708052265651&CODE_STATE=getMsg HTTP/1.1" 200 27
101.83.145.37 - - [16/Feb/2024:10:57:45 +0800] "GET /xingrg/kc/buy/cgsh_order_operate.html?command=get_materiel&rest_code=00105&code=00101005073&supplier_code=00100312&order_time=2024-02-16 HTTP/1.1" 200 410
114.83.219.181 - - [16/Feb/2024:10:57:48 +0800] "GET /xingrg/all/function/internal_message.html?_=1708052267931&CODE_STATE=getMsg HTTP/1.1" 200 27
218.81.65.124 - - [16/Feb/2024:10:57:50 +0800] "POST /xingrg/kc/buy/cgsh_order_operate.html HTTP/1.1" 200 37
116.232.194.112 - - [16/Feb/2024:10:57:53 +0800] "GET /xingrg/all/function/internal_message.html?_=1708052262200&CODE_STATE=getMsg HTTP/1.1" 200 27
116.230.123.222 - - [16/Feb/2024:10:57:54 +0800] "POST /xingrg/kc/buy/cgsh_order_operate.html HTTP/1.1" 200 37
124.78.67.200 - - [16/Feb/2024:10:57:55 +0800] "GET /xingrg/kc/buy/cgsh_order_operate.html?command=get_materiel&rest_code=00141&code=00101004104&supplier_code=00100090&order_time=2024-02-16 HTTP/1.1" 200 428
218.81.65.124 - - [16/Feb/2024:10:58:02 +0800] "POST /xingrg/kc/buy/cgsh_order_operate.html HTTP/1.1" 200 6228
218.81.65.124 - - [16/Feb/2024:10:58:03 +0800] "GET /xingrg/kc/print/load_data.html?order_code=212024021604415&kc_code=cgsh&condition= HTTP/1.1" 200 2049
116.224.254.208 - - [16/Feb/2024:10:58:03 +0800] "GET /xingrg/all/function/internal_message.html?_=1708052283485&CODE_STATE=getMsg HTTP/1.1" 200 27
116.230.123.222 - - [16/Feb/2024:10:58:03 +0800] "POST /xingrg/kc/buy/cgsh_order_operate.html HTTP/1.1" 200 12
124.78.67.200 - - [16/Feb/2024:10:58:05 +0800] "GET /xingrg/kc/buy/cgsh_order_operate.html?command=get_materiel&rest_code=00141&code=00101001125&supplier_code=00100090&order_time=2024-02-16 HTTP/1.1" 200 417
116.230.123.222 - - [16/Feb/2024:10:58:06 +0800] "GET /xingrg/kc/buy/cgsh_order_info.html?code=212024021604416 HTTP/1.1" 200 68332
116.230.123.222 - - [16/Feb/2024:10:58:06 +0800] "GET /xingrg/javascript/easyui/themes/default/validatebox.css HTTP/1.1" 404 1104
116.230.123.222 - - [16/Feb/2024:10:58:07 +0800] "POST /xingrg/kc/buy/cgsh_order_operate.html HTTP/1.1" 200 2961
101.83.145.37 - - [16/Feb/2024:10:58:12 +0800] "POST /xingrg/kc/buy/cgsh_order_operate.html HTTP/1.1" 200 37
116.230.123.222 - - [16/Feb/2024:10:58:12 +0800] "GET /xingrg/kc/print/load_data.html?order_code=212024021604416&kc_code=cgsh&condition= HTTP/1.1" 200 1649
101.83.145.37 - - [16/Feb/2024:10:58:13 +0800] "GET /xingrg/all/function/internal_message.html?_=1708052057523&CODE_STATE=getMsg HTTP/1.1" 200 27
101.83.145.37 - - [16/Feb/2024:10:58:14 +0800] "POST /xingrg/kc/buy/cgsh_order_operate.html HTTP/1.1" 200 5623
218.81.65.124 - - [16/Feb/2024:10:58:15 +0800] "GET /xingrg/kc/buy/cgsh_order_add.html HTTP/1.1" 200 73461
218.81.65.124 - - [16/Feb/2024:10:58:15 +0800] "POST /xingrg/kc/buy/cgsh_order_operate.html HTTP/1.1" 200 8245
218.81.65.124 - - [16/Feb/2024:10:58:16 +0800] "GET /xingrg/javascript/easyui/themes/default/validatebox.css HTTP/1.1" 404 1104
101.83.145.37 - - [16/Feb/2024:10:58:16 +0800] "GET /xingrg/kc/print/load_config.html?kc_code=cgsh HTTP/1.1" 200 1927
124.78.67.200 - - [16/Feb/2024:10:58:19 +0800] "POST /xingrg/kc/buy/cgsh_order_operate.html HTTP/1.1" 200 37
101.83.145.37 - - [16/Feb/2024:10:58:20 +0800] "GET /xingrg/kc/print/load_data.html?order_code=212024021604417&kc_code=cgsh&condition= HTTP/1.1" 200 1803
124.78.67.200 - - [16/Feb/2024:10:58:23 +0800] "GET /xingrg/check_reg.html?_=1708052303815 HTTP/1.1" 200 22
180.164.1.25 - - [16/Feb/2024:10:58:25 +0800] "GET /xingrg/all/function/internal_message.html?_=1708052304361&CODE_STATE=getMsg HTTP/1.1" 200 27
124.78.67.200 - - [16/Feb/2024:10:58:29 +0800] "POST /xingrg/kc/buy/cgsh_order_operate.html HTTP/1.1" 200 12
120.253.135.82 - - [16/Feb/2024:10:58:32 +0800] "GET /xingrg/all/function/internal_message.html?_=1708052479064&CODE_STATE=getMsg HTTP/1.1" 200 27
124.78.67.200 - - [16/Feb/2024:10:58:33 +0800] "GET /xingrg/kc/buy/cgsh_order_info.html?code=212024021604418 HTTP/1.1" 200 68380
124.78.67.200 - - [16/Feb/2024:10:58:33 +0800] "GET /xingrg/javascript/easyui/themes/default/validatebox.css HTTP/1.1" 404 1104
218.81.65.124 - - [16/Feb/2024:10:58:33 +0800] "GET /xingrg/kc/buy/cgsh_order_operate.html?command=get_materiel&rest_code=00148&code=00101001023&supplier_code=00100653&order_time=2024-02-16 HTTP/1.1" 200 433
116.230.123.222 - - [16/Feb/2024:10:58:34 +0800] "GET /xingrg/kc/buy/cgsh_order_add.html HTTP/1.1" 200 73423
124.78.67.200 - - [16/Feb/2024:10:58:34 +0800] "POST /xingrg/kc/buy/cgsh_order_operate.html HTTP/1.1" 200 3002
116.230.123.222 - - [16/Feb/2024:10:58:34 +0800] "POST /xingrg/kc/buy/cgsh_order_operate.html HTTP/1.1" 200 8245
116.230.123.222 - - [16/Feb/2024:10:58:34 +0800] "GET /xingrg/javascript/easyui/themes/default/validatebox.css HTTP/1.1" 404 1104
101.83.145.37 - - [16/Feb/2024:10:58:36 +0800] "GET /xingrg/kc/buy/cgsh_order_add.html HTTP/1.1" 200 73549
101.83.145.37 - - [16/Feb/2024:10:58:36 +0800] "POST /xingrg/kc/buy/cgsh_order_operate.html HTTP/1.1" 200 8245
101.83.145.37 - - [16/Feb/2024:10:58:36 +0800] "GET /xingrg/javascript/easyui/themes/default/validatebox.css HTTP/1.1" 404 1104
218.81.65.124 - - [16/Feb/2024:10:58:37 +0800] "GET /xingrg/all/function/internal_message.html?_=1708052324711&CODE_STATE=getMsg HTTP/1.1" 200 27
124.78.67.200 - - [16/Feb/2024:10:58:38 +0800] "GET /xingrg/kc/print/load_data.html?order_code=212024021604418&kc_code=cgsh&condition= HTTP/1.1" 200 1708
124.78.67.200 - - [16/Feb/2024:10:58:42 +0800] "POST /xingrg/kc/buy/cgsh_order_operate.html HTTP/1.1" 200 8245
124.78.67.200 - - [16/Feb/2024:10:58:42 +0800] "GET /xingrg/javascript/easyui/themes/default/validatebox.css HTTP/1.1" 404 1104
124.78.67.200 - - [16/Feb/2024:10:58:45 +0800] "GET /xingrg/all/function/internal_message.html?_=1708052325634&CODE_STATE=getMsg HTTP/1.1" 200 27
218.81.65.124 - - [16/Feb/2024:10:58:46 +0800] "POST /xingrg/kc/buy/cgsh_order_operate.html HTTP/1.1" 200 37
114.83.219.181 - - [16/Feb/2024:10:58:48 +0800] "GET /xingrg/all/function/internal_message.html?_=1708052327903&CODE_STATE=getMsg HTTP/1.1" 200 27
218.81.65.124 - - [16/Feb/2024:10:58:48 +0800] "POST /xingrg/kc/buy/cgsh_order_operate.html HTTP/1.1" 200 2660
114.83.219.181 - - [16/Feb/2024:10:58:50 +0800] "GET /xingrg/check_reg.html?_=1708052329601 HTTP/1.1" 200 22
218.81.65.124 - - [16/Feb/2024:10:58:50 +0800] "GET /xingrg/kc/print/load_data.html?order_code=212024021604419&kc_code=cgsh&condition= HTTP/1.1" 200 661
116.232.194.112 - - [16/Feb/2024:10:58:53 +0800] "GET /xingrg/all/function/internal_message.html?_=1708052322179&CODE_STATE=getMsg HTTP/1.1" 200 27
124.78.67.200 - - [16/Feb/2024:10:58:54 +0800] "GET /xingrg/kc/buy/cgsh_order_operate.html?command=get_materiel&rest_code=00141&code=00101003016&supplier_code=00100093&order_time=2024-02-16 HTTP/1.1" 200 422
116.224.254.208 - - [16/Feb/2024:10:59:03 +0800] "GET /xingrg/all/function/internal_message.html?_=1708052343458&CODE_STATE=getMsg HTTP/1.1" 200 27
116.230.123.222 - - [16/Feb/2024:10:59:04 +0800] "GET /xingrg/kc/buy/cgsh_order_operate.html?command=get_materiel&rest_code=00111&code=00101009113&supplier_code=00100037&order_time=2024-02-16 HTTP/1.1" 200 413
101.83.145.37 - - [16/Feb/2024:10:59:05 +0800] "GET /xingrg/kc/buy/cgsh_order_operate.html?command=get_materiel&rest_code=00105&code=00101004063&supplier_code=00100085&order_time=2024-02-16 HTTP/1.1" 200 438
124.78.67.200 - - [16/Feb/2024:10:59:06 +0800] "GET /xingrg/kc/buy/cgsh_order_operate.html?command=get_materiel&rest_code=00141&code=00101003005&supplier_code=00100093&order_time=2024-02-16 HTTP/1.1" 200 421
218.81.65.124 - - [16/Feb/2024:10:59:06 +0800] "GET /xingrg/kc/buy/cgsh_order_add.html HTTP/1.1" 200 73461
218.81.65.124 - - [16/Feb/2024:10:59:07 +0800] "POST /xingrg/kc/buy/cgsh_order_operate.html HTTP/1.1" 200 8245
218.81.65.124 - - [16/Feb/2024:10:59:07 +0800] "GET /xingrg/javascript/easyui/themes/default/validatebox.css HTTP/1.1" 404 1104
101.83.145.37 - - [16/Feb/2024:10:59:13 +0800] "GET /xingrg/all/function/internal_message.html?_=1708052117498&CODE_STATE=getMsg HTTP/1.1" 200 27
124.78.67.200 - - [16/Feb/2024:10:59:14 +0800] "GET /xingrg/kc/buy/cgsh_order_operate.html?command=get_materiel&rest_code=00141&code=00101003004&supplier_code=00100093&order_time=2024-02-16 HTTP/1.1" 200 422
218.81.65.124 - - [16/Feb/2024:10:59:21 +0800] "GET /xingrg/kc/buy/cgsh_order_operate.html?command=get_materiel&rest_code=00148&code=00101002007&supplier_code=00100442&order_time=2024-02-16 HTTP/1.1" 200 409
180.164.1.25 - - [16/Feb/2024:10:59:25 +0800] "GET /xingrg/all/function/internal_message.html?_=1708052364375&CODE_STATE=getMsg HTTP/1.1" 200 27
218.81.220.26 - - [16/Feb/2024:10:59:32 +0800] "GET /xingrg/check_reg.html?_=1708052387713 HTTP/1.1" 302 -
120.253.135.82 - - [16/Feb/2024:10:59:32 +0800] "GET /xingrg/all/function/internal_message.html?_=1708052539068&CODE_STATE=getMsg HTTP/1.1" 200 27
120.253.135.82 - - [16/Feb/2024:10:59:32 +0800] "GET /xingrg/check_reg.html?_=1708052539072 HTTP/1.1" 200 22
218.81.65.124 - - [16/Feb/2024:10:59:34 +0800] "GET /xingrg/kc/buy/cgsh_order_operate.html?command=get_materiel&rest_code=00148&code=00101001060&supplier_code=00100442&order_time=2024-02-16 HTTP/1.1" 200 23
124.78.67.200 - - [16/Feb/2024:10:59:35 +0800] "POST /xingrg/kc/buy/cgsh_order_operate.html HTTP/1.1" 200 37
218.81.65.124 - - [16/Feb/2024:10:59:37 +0800] "GET /xingrg/all/function/internal_message.html?_=1708052384690&CODE_STATE=getMsg HTTP/1.1" 200 27
218.81.65.124 - - [16/Feb/2024:10:59:37 +0800] "GET /xingrg/check_reg.html?_=1708052384785 HTTP/1.1" 200 22
101.83.145.37 - - [16/Feb/2024:10:59:39 +0800] "POST /xingrg/kc/buy/cgsh_order_operate.html HTTP/1.1" 200 88
124.78.67.200 - - [16/Feb/2024:10:59:45 +0800] "GET /xingrg/all/function/internal_message.html?_=1708052385637&CODE_STATE=getMsg HTTP/1.1" 200 27
218.81.65.124 - - [16/Feb/2024:10:59:46 +0800] "POST /xingrg/kc/buy/cgsh_order_operate.html HTTP/1.1" 200 37
114.83.219.181 - - [16/Feb/2024:10:59:48 +0800] "GET /xingrg/all/function/internal_message.html?_=1708052387885&CODE_STATE=getMsg HTTP/1.1" 200 27
218.81.65.124 - - [16/Feb/2024:10:59:50 +0800] "POST /xingrg/kc/buy/cgsh_order_operate.html HTTP/1.1" 200 2656
101.83.145.37 - - [16/Feb/2024:10:59:50 +0800] "POST /xingrg/kc/buy/cgsh_order_operate.html HTTP/1.1" 200 88
124.78.67.200 - - [16/Feb/2024:10:59:50 +0800] "POST /xingrg/kc/buy/cgsh_order_operate.html HTTP/1.1" 200 12
218.81.65.124 - - [16/Feb/2024:10:59:52 +0800] "GET /xingrg/index.html?sysBaseUrl=http%3A%2F%2F180.169.147.146%3A18081%2Fxingrg%2F&costTime=44×tamp=1622098168715 HTTP/1.1" 200 17179
218.81.65.124 - - [16/Feb/2024:10:59:53 +0800] "GET /xingrg/all/function/internal_message.html?_=1708052400390&CODE_STATE=count HTTP/1.1" 200 11
218.81.65.124 - - [16/Feb/2024:10:59:53 +0800] "GET /xingrg/check_reg.html?_=1708052400391 HTTP/1.1" 200 22
218.81.65.124 - - [16/Feb/2024:10:59:53 +0800] "GET /favicon.ico HTTP/1.1" 404 -
116.232.194.112 - - [16/Feb/2024:10:59:53 +0800] "GET /xingrg/all/function/internal_message.html?_=1708052382164&CODE_STATE=getMsg HTTP/1.1" 200 27
218.81.65.124 - - [16/Feb/2024:10:59:53 +0800] "POST /xingrg/load_menu.html HTTP/1.1" 200 5138
218.81.65.124 - - [16/Feb/2024:10:59:53 +0800] "POST /xingrg/all/common/load_tree.html?tree=area_rest_tree_json&manage=1 HTTP/1.1" 200 351
124.78.67.200 - - [16/Feb/2024:10:59:53 +0800] "GET /xingrg/kc/buy/cgsh_order_info.html?code=212024021604420 HTTP/1.1" 200 68378
124.78.67.200 - - [16/Feb/2024:10:59:53 +0800] "GET /xingrg/javascript/easyui/themes/default/validatebox.css HTTP/1.1" 404 1104
124.78.67.200 - - [16/Feb/2024:10:59:54 +0800] "POST /xingrg/kc/buy/cgsh_order_operate.html HTTP/1.1" 200 1227
218.81.65.124 - - [16/Feb/2024:10:59:55 +0800] "GET /xingrg/kc/buy/cgsh_order_list.html HTTP/1.1" 200 57698
124.78.67.200 - - [16/Feb/2024:10:59:56 +0800] "GET /xingrg/kc/print/load_data.html?order_code=212024021604420&kc_code=cgsh&condition= HTTP/1.1" 200 1023
101.83.145.37 - - [16/Feb/2024:11:00:00 +0800] "POST /xingrg/kc/buy/cgsh_order_operate.html HTTP/1.1" 200 37
124.78.67.200 - - [16/Feb/2024:11:00:01 +0800] "POST /xingrg/kc/buy/cgsh_order_operate.html HTTP/1.1" 200 8245
124.78.67.200 - - [16/Feb/2024:11:00:01 +0800] "GET /xingrg/javascript/easyui/themes/default/validatebox.css HTTP/1.1" 404 1104
101.83.145.37 - - [16/Feb/2024:11:00:02 +0800] "POST /xingrg/kc/buy/cgsh_order_operate.html HTTP/1.1" 200 2665
116.224.254.208 - - [16/Feb/2024:11:00:03 +0800] "GET /xingrg/all/function/internal_message.html?_=1708052403438&CODE_STATE=getMsg HTTP/1.1" 200 27
101.83.145.37 - - [16/Feb/2024:11:00:05 +0800] "GET /xingrg/kc/print/load_data.html?order_code=212024021604424&kc_code=cgsh&condition= HTTP/1.1" 200 726
101.83.145.37 - - [16/Feb/2024:11:00:12 +0800] "GET /xingrg/check_reg.html?_=1708052176860 HTTP/1.1" 200 22
101.83.145.37 - - [16/Feb/2024:11:00:13 +0800] "GET /xingrg/all/function/internal_message.html?_=1708052177471&CODE_STATE=getMsg HTTP/1.1" 200 27
124.78.67.200 - - [16/Feb/2024:11:00:14 +0800] "GET /xingrg/kc/buy/cgsh_order_operate.html?command=get_materiel&rest_code=00141&code=00101001023&supplier_code=00100653&order_time=2024-02-16 HTTP/1.1" 200 432
101.83.145.37 - - [16/Feb/2024:11:00:21 +0800] "GET /xingrg/kc/buy/cgsh_order_add.html HTTP/1.1" 200 73549
101.83.145.37 - - [16/Feb/2024:11:00:21 +0800] "POST /xingrg/kc/buy/cgsh_order_operate.html HTTP/1.1" 200 8245
101.83.145.37 - - [16/Feb/2024:11:00:21 +0800] "GET /xingrg/javascript/easyui/themes/default/validatebox.css HTTP/1.1" 404 1104
116.224.254.208 - - [16/Feb/2024:11:00:23 +0800] "GET /xingrg/check_reg.html?_=1708052423756 HTTP/1.1" 200 22
124.78.67.200 - - [16/Feb/2024:11:00:24 +0800] "GET /xingrg/kc/buy/cgsh_order_operate.html?command=get_materiel&rest_code=00141&code=00101001138&supplier_code=00100653&order_time=2024-02-16 HTTP/1.1" 200 413
180.164.1.25 - - [16/Feb/2024:11:00:25 +0800] "GET /xingrg/check_reg.html?_=1708052424367 HTTP/1.1" 200 22
180.164.1.25 - - [16/Feb/2024:11:00:25 +0800] "GET /xingrg/all/function/internal_message.html?_=1708052424370&CODE_STATE=getMsg HTTP/1.1" 200 27
218.81.65.124 - - [16/Feb/2024:11:00:28 +0800] "POST /xingrg/kc/buy/cgsh_list_operate.html HTTP/1.1" 200 5869
218.81.220.26 - - [16/Feb/2024:11:00:29 +0800] "POST /xingrg/kc/buy/cgsh_order_operate.html HTTP/1.1" 200 9770
218.81.220.26 - - [16/Feb/2024:11:00:29 +0800] "GET /xingrg/check_reg.html?_=1708052447226 HTTP/1.1" 200 22
218.81.220.26 - - [16/Feb/2024:11:00:29 +0800] "GET /xingrg/all/function/internal_message.html?_=1708052447223&CODE_STATE=getMsg HTTP/1.1" 200 27
120.253.135.82 - - [16/Feb/2024:11:00:32 +0800] "GET /xingrg/all/function/internal_message.html?_=1708052599072&CODE_STATE=getMsg HTTP/1.1" 200 27
124.78.67.200 - - [16/Feb/2024:11:00:36 +0800] "POST /xingrg/kc/buy/cgsh_order_operate.html HTTP/1.1" 200 37
124.78.67.200 - - [16/Feb/2024:11:00:43 +0800] "POST /xingrg/kc/buy/cgsh_order_operate.html HTTP/1.1" 200 12
124.78.67.200 - - [16/Feb/2024:11:00:45 +0800] "GET /xingrg/all/function/internal_message.html?_=1708052445611&CODE_STATE=getMsg HTTP/1.1" 200 27
124.78.67.200 - - [16/Feb/2024:11:00:45 +0800] "GET /xingrg/kc/buy/cgsh_order_info.html?code=212024021604425 HTTP/1.1" 200 68368
124.78.67.200 - - [16/Feb/2024:11:00:46 +0800] "GET /xingrg/javascript/easyui/themes/default/validatebox.css HTTP/1.1" 404 1104
218.81.65.124 - - [16/Feb/2024:11:00:47 +0800] "POST /xingrg/kc/buy/cgsh_list_operate.html HTTP/1.1" 200 574
124.78.67.200 - - [16/Feb/2024:11:00:47 +0800] "POST /xingrg/kc/buy/cgsh_order_operate.html HTTP/1.1" 200 1205
114.83.219.181 - - [16/Feb/2024:11:00:48 +0800] "GET /xingrg/all/function/internal_message.html?_=1708052447855&CODE_STATE=getMsg HTTP/1.1" 200 27
101.83.145.37 - - [16/Feb/2024:11:00:49 +0800] "GET /xingrg/kc/buy/cgsh_order_operate.html?command=get_materiel&rest_code=00105&code=00101002009&supplier_code=00100088&order_time=2024-02-16 HTTP/1.1" 200 417
124.78.67.200 - - [16/Feb/2024:11:00:49 +0800] "GET /xingrg/kc/print/load_data.html?order_code=212024021604425&kc_code=cgsh&condition= HTTP/1.1" 200 921
218.81.220.26 - - [16/Feb/2024:11:00:51 +0800] "GET /xingrg/kc/buy/cgsh_order_operate.html?command=get_materiel&rest_code=00146&code=00101008175&supplier_code=00100005&order_time=2024-02-16 HTTP/1.1" 200 412
218.81.65.124 - - [16/Feb/2024:11:00:53 +0800] "GET /xingrg/all/function/internal_message.html?_=1708052460403&CODE_STATE=getMsg HTTP/1.1" 200 27
116.232.194.112 - - [16/Feb/2024:11:00:53 +0800] "GET /xingrg/all/function/internal_message.html?_=1708052442149&CODE_STATE=getMsg HTTP/1.1" 200 27
124.78.67.200 - - [16/Feb/2024:11:00:54 +0800] "POST /xingrg/kc/buy/cgsh_order_operate.html HTTP/1.1" 200 8245
124.78.67.200 - - [16/Feb/2024:11:00:54 +0800] "GET /xingrg/javascript/easyui/themes/default/validatebox.css HTTP/1.1" 404 1104
218.81.65.124 - - [16/Feb/2024:11:00:58 +0800] "POST /xingrg/kc/buy/cgsh_list_operate.html HTTP/1.1" 200 198
218.81.65.124 - - [16/Feb/2024:11:01:00 +0800] "GET /xingrg/kc/buy/cgsh_order_info.html?code=212024021604422 HTTP/1.1" 200 73472
218.81.65.124 - - [16/Feb/2024:11:01:01 +0800] "GET /xingrg/javascript/easyui/themes/default/validatebox.css HTTP/1.1" 404 1104
218.81.65.124 - - [16/Feb/2024:11:01:01 +0800] "GET /xingrg/all/common/auto_word.html?type=employee&rest_code=00148 HTTP/1.1" 200 197
218.81.65.124 - - [16/Feb/2024:11:01:01 +0800] "GET /xingrg/all/common/auto_word.html?type=employee&rest_code=00148 HTTP/1.1" 200 197
218.81.65.124 - - [16/Feb/2024:11:01:02 +0800] "POST /xingrg/kc/buy/cgsh_order_operate.html HTTP/1.1" 200 2656
116.224.254.208 - - [16/Feb/2024:11:01:03 +0800] "GET /xingrg/all/function/internal_message.html?_=1708052463418&CODE_STATE=getMsg HTTP/1.1" 200 27
124.78.67.200 - - [16/Feb/2024:11:01:03 +0800] "GET /xingrg/kc/buy/cgsh_order_operate.html?command=get_materiel&rest_code=00141&code=00101004051&supplier_code=00100312&order_time=2024-02-16 HTTP/1.1" 200 429
218.81.65.124 - - [16/Feb/2024:11:01:04 +0800] "GET /xingrg/javascript/auto/indicator.gif HTTP/1.1" 404 1066
218.81.220.26 - - [16/Feb/2024:11:01:06 +0800] "GET /xingrg/kc/buy/cgsh_order_operate.html?command=get_materiel&rest_code=00146&code=00102016484&supplier_code=00100005&order_time=2024-02-16 HTTP/1.1" 200 412
218.81.65.124 - - [16/Feb/2024:11:01:09 +0800] "GET /xingrg/kc/buy/cgsh_order_operate.html?command=get_materiel&rest_code=00148&code=00101001060&supplier_code=00100442&order_time=2024-02-16 HTTP/1.1" 200 421
124.78.67.200 - - [16/Feb/2024:11:01:13 +0800] "GET /xingrg/kc/buy/cgsh_order_operate.html?command=get_materiel&rest_code=00141&code=00101004046&supplier_code=00100312&order_time=2024-02-16 HTTP/1.1" 200 418
101.83.145.37 - - [16/Feb/2024:11:01:13 +0800] "GET /xingrg/all/function/internal_message.html?_=1708052237486&CODE_STATE=getMsg HTTP/1.1" 200 27
101.83.145.37 - - [16/Feb/2024:11:01:22 +0800] "POST /xingrg/kc/buy/cgsh_order_operate.html HTTP/1.1" 200 64
218.81.220.26 - - [16/Feb/2024:11:01:24 +0800] "POST /xingrg/kc/buy/cgsh_order_operate.html HTTP/1.1" 200 37
180.164.1.25 - - [16/Feb/2024:11:01:25 +0800] "GET /xingrg/all/function/internal_message.html?_=1708052484369&CODE_STATE=getMsg HTTP/1.1" 200 27
116.230.123.222 - - [16/Feb/2024:11:01:26 +0800] "GET /xingrg/check_reg.html?_=1708052484680 HTTP/1.1" 200 22
218.81.65.124 - - [16/Feb/2024:11:01:30 +0800] "POST /xingrg/kc/buy/cgsh_order_operate.html HTTP/1.1" 200 37
120.253.135.82 - - [16/Feb/2024:11:01:32 +0800] "GET /xingrg/all/function/internal_message.html?_=1708052659078&CODE_STATE=getMsg HTTP/1.1" 200 27
101.83.145.37 - - [16/Feb/2024:11:01:36 +0800] "POST /xingrg/kc/buy/cgsh_order_operate.html HTTP/1.1" 200 37
218.81.65.124 - - [16/Feb/2024:11:01:36 +0800] "POST /xingrg/kc/buy/cgsh_order_operate.html HTTP/1.1" 200 3257
218.81.65.124 - - [16/Feb/2024:11:01:38 +0800] "GET /xingrg/kc/print/load_config.html?kc_code=cgsh HTTP/1.1" 200 1927
124.78.67.200 - - [16/Feb/2024:11:01:38 +0800] "GET /xingrg/kc/buy/cgsh_order_operate.html?command=get_materiel&rest_code=00141&code=00101004027&supplier_code=00100312&order_time=2024-02-16 HTTP/1.1" 200 428
218.81.65.124 - - [16/Feb/2024:11:01:39 +0800] "GET /xingrg/kc/print/load_data.html?order_code=212024021604422&kc_code=cgsh&condition= HTTP/1.1" 200 911
101.83.145.37 - - [16/Feb/2024:11:01:43 +0800] "POST /xingrg/kc/buy/cgsh_order_operate.html HTTP/1.1" 200 2666
218.81.65.124 - - [16/Feb/2024:11:01:44 +0800] "GET /xingrg/kc/buy/cgsh_order_list.html HTTP/1.1" 200 57698
114.83.219.181 - - [16/Feb/2024:11:01:45 +0800] "POST /xingrg/services/DataTransmitService HTTP/1.1" 200 524
124.78.67.200 - - [16/Feb/2024:11:01:45 +0800] "GET /xingrg/all/function/internal_message.html?_=1708052505593&CODE_STATE=getMsg HTTP/1.1" 200 27
114.83.219.181 - - [16/Feb/2024:11:01:45 +0800] "POST /xingrg/services/DataTransmitService HTTP/1.1" 200 412
101.83.145.37 - - [16/Feb/2024:11:01:47 +0800] "GET /xingrg/kc/print/load_data.html?order_code=212024021604427&kc_code=cgsh&condition= HTTP/1.1" 200 753
114.83.219.181 - - [16/Feb/2024:11:01:48 +0800] "GET /xingrg/all/function/internal_message.html?_=1708052507826&CODE_STATE=getMsg HTTP/1.1" 200 27
218.81.65.124 - - [16/Feb/2024:11:01:53 +0800] "GET /xingrg/all/function/internal_message.html?_=1708052520403&CODE_STATE=getMsg HTTP/1.1" 200 27
116.232.194.112 - - [16/Feb/2024:11:01:53 +0800] "GET /xingrg/all/function/internal_message.html?_=1708052502123&CODE_STATE=getMsg HTTP/1.1" 200 27
116.224.254.208 - - [16/Feb/2024:11:02:03 +0800] "GET /xingrg/all/function/internal_message.html?_=1708052523403&CODE_STATE=getMsg HTTP/1.1" 200 27
116.232.194.112 - - [16/Feb/2024:11:02:08 +0800] "GET /xingrg/check_reg.html?_=1708052517607 HTTP/1.1" 200 22
116.230.123.222 - - [16/Feb/2024:11:02:08 +0800] "GET /xingrg/kc/buy/cgsh_order_operate.html?command=get_materiel&rest_code=00111&code=00101009044&supplier_code=00100037&order_time=2024-02-16 HTTP/1.1" 200 412
101.83.145.37 - - [16/Feb/2024:11:02:13 +0800] "GET /xingrg/all/function/internal_message.html?_=1708052297470&CODE_STATE=getMsg HTTP/1.1" 200 27
180.164.1.25 - - [16/Feb/2024:11:02:25 +0800] "GET /xingrg/all/function/internal_message.html?_=1708052544361&CODE_STATE=getMsg HTTP/1.1" 200 27
120.253.135.82 - - [16/Feb/2024:11:02:32 +0800] "GET /xingrg/all/function/internal_message.html?_=1708052719082&CODE_STATE=getMsg HTTP/1.1" 200 27
218.81.65.124 - - [16/Feb/2024:11:02:38 +0800] "POST /xingrg/kc/buy/cgsh_list_operate.html HTTP/1.1" 200 5870
116.230.123.222 - - [16/Feb/2024:11:02:42 +0800] "GET /xingrg/kc/buy/cgsh_order_operate.html?command=get_materiel&rest_code=00111&code=00101009056&supplier_code=00100037&order_time=2024-02-16 HTTP/1.1" 200 413
124.78.67.200 - - [16/Feb/2024:11:02:45 +0800] "GET /xingrg/all/function/internal_message.html?_=1708052565569&CODE_STATE=getMsg HTTP/1.1" 200 27
223.113.128.142 - - [16/Feb/2024:11:02:46 +0800] "GET / HTTP/1.1" 404 -
223.113.128.142 - - [16/Feb/2024:11:02:46 +0800] "îê‰?¶Ì×;cÁ/µ4ö“ÓD˜ä(f¿”4|äfþž’ NcŒ½ÐL)ŒIÈð•ªÅôO^`ï­Ý¼…ãrVk]&À+À/À,À0̨̩À ÀÀ" 400 -
223.113.128.142 - - [16/Feb/2024:11:02:47 +0800] "t3 12.1.2 " 400 -
114.83.219.181 - - [16/Feb/2024:11:02:48 +0800] "GET /xingrg/all/function/internal_message.html?_=1708052567796&CODE_STATE=getMsg HTTP/1.1" 200 27
218.81.65.124 - - [16/Feb/2024:11:02:53 +0800] "GET /xingrg/all/function/internal_message.html?_=1708052580403&CODE_STATE=getMsg HTTP/1.1" 200 27
116.232.194.112 - - [16/Feb/2024:11:02:53 +0800] "GET /xingrg/all/function/internal_message.html?_=1708052562093&CODE_STATE=getMsg HTTP/1.1" 200 27
116.224.254.208 - - [16/Feb/2024:11:03:03 +0800] "GET /xingrg/all/function/internal_message.html?_=1708052583390&CODE_STATE=getMsg HTTP/1.1" 200 27
116.230.123.222 - - [16/Feb/2024:11:03:07 +0800] "GET /xingrg/kc/buy/cgsh_order_operate.html?command=get_materiel&rest_code=00111&code=00101015195&supplier_code=00100037&order_time=2024-02-16 HTTP/1.1" 200 412
101.83.145.37 - - [16/Feb/2024:11:03:13 +0800] "GET /xingrg/all/function/internal_message.html?_=1708052357440&CODE_STATE=getMsg HTTP/1.1" 200 27
124.78.67.200 - - [16/Feb/2024:11:03:23 +0800] "GET /xingrg/check_reg.html?_=1708052603810 HTTP/1.1" 200 22
180.164.1.25 - - [16/Feb/2024:11:03:25 +0800] "GET /xingrg/all/function/internal_message.html?_=1708052604367&CODE_STATE=getMsg HTTP/1.1" 200 27
124.78.67.200 - - [16/Feb/2024:11:03:30 +0800] "GET /xingrg/kc/buy/cgsh_order_operate.html?command=get_materiel&rest_code=00141&code=00101004071&supplier_code=00100312&order_time=2024-02-16 HTTP/1.1" 200 409
116.230.123.222 - - [16/Feb/2024:11:03:32 +0800] "GET /xingrg/kc/buy/cgsh_order_operate.html?command=get_materiel&rest_code=00111&code=00101015110&supplier_code=00100037&order_time=2024-02-16 HTTP/1.1" 200 412
120.253.135.82 - - [16/Feb/2024:11:03:32 +0800] "GET /xingrg/all/function/internal_message.html?_=1708052779087&CODE_STATE=getMsg HTTP/1.1" 200 27
124.78.67.200 - - [16/Feb/2024:11:03:45 +0800] "GET /xingrg/all/function/internal_message.html?_=1708052625563&CODE_STATE=getMsg HTTP/1.1" 200 27
124.78.67.200 - - [16/Feb/2024:11:03:47 +0800] "GET /xingrg/kc/buy/cgsh_order_operate.html?command=get_materiel&rest_code=00141&code=00101004030&supplier_code=00100312&order_time=2024-02-16 HTTP/1.1" 200 409
116.230.123.222 - - [16/Feb/2024:11:03:47 +0800] "GET /xingrg/kc/buy/cgsh_order_operate.html?command=get_materiel&rest_code=00111&code=00101008041&supplier_code=00100037&order_time=2024-02-16 HTTP/1.1" 200 408
114.83.219.181 - - [16/Feb/2024:11:03:48 +0800] "GET /xingrg/all/function/internal_message.html?_=1708052627788&CODE_STATE=getMsg HTTP/1.1" 200 27
114.83.219.181 - - [16/Feb/2024:11:03:50 +0800] "GET /xingrg/check_reg.html?_=1708052629587 HTTP/1.1" 200 22
218.81.65.124 - - [16/Feb/2024:11:03:53 +0800] "GET /xingrg/all/function/internal_message.html?_=1708052640400&CODE_STATE=getMsg HTTP/1.1" 200 27
116.232.194.112 - - [16/Feb/2024:11:03:53 +0800] "GET /xingrg/all/function/internal_message.html?_=1708052622069&CODE_STATE=getMsg HTTP/1.1" 200 27
116.224.254.208 - - [16/Feb/2024:11:04:03 +0800] "GET /xingrg/all/function/internal_message.html?_=1708052643364&CODE_STATE=getMsg HTTP/1.1" 200 27
116.230.123.222 - - [16/Feb/2024:11:04:03 +0800] "GET /xingrg/kc/buy/cgsh_order_operate.html?command=get_materiel&rest_code=00111&code=00101013052&supplier_code=00100037&order_time=2024-02-16 HTTP/1.1" 200 441
101.83.145.37 - - [16/Feb/2024:11:04:13 +0800] "GET /xingrg/all/function/internal_message.html?_=1708052417416&CODE_STATE=getMsg HTTP/1.1" 200 27
180.164.1.25 - - [16/Feb/2024:11:04:25 +0800] "GET /xingrg/all/function/internal_message.html?_=1708052664357&CODE_STATE=getMsg HTTP/1.1" 200 27
218.81.220.26 - - [16/Feb/2024:11:04:32 +0800] "GET /xingrg/check_reg.html?_=1708052687947 HTTP/1.1" 302 -
120.253.135.82 - - [16/Feb/2024:11:04:32 +0800] "GET /xingrg/check_reg.html?_=1708052839095 HTTP/1.1" 200 22
120.253.135.82 - - [16/Feb/2024:11:04:32 +0800] "GET /xingrg/all/function/internal_message.html?_=1708052839092&CODE_STATE=getMsg HTTP/1.1" 200 27
124.78.67.200 - - [16/Feb/2024:11:04:36 +0800] "GET /xingrg/kc/buy/cgsh_order_operate.html?command=get_materiel&rest_code=00141&code=00101001156&supplier_code=00100312&order_time=2024-02-16 HTTP/1.1" 200 409
124.78.67.200 - - [16/Feb/2024:11:04:45 +0800] "GET /xingrg/kc/buy/cgsh_order_operate.html?command=get_materiel&rest_code=00141&code=00101005072&supplier_code=00100312&order_time=2024-02-16 HTTP/1.1" 200 417
124.78.67.200 - - [16/Feb/2024:11:04:45 +0800] "GET /xingrg/all/function/internal_message.html?_=1708052685571&CODE_STATE=getMsg HTTP/1.1" 200 27
114.83.219.181 - - [16/Feb/2024:11:04:48 +0800] "GET /xingrg/all/function/internal_message.html?_=1708052687770&CODE_STATE=getMsg HTTP/1.1" 200 27
218.81.65.124 - - [16/Feb/2024:11:04:51 +0800] "GET /favicon.ico HTTP/1.1" 404 -
218.81.65.124 - - [16/Feb/2024:11:04:53 +0800] "GET /xingrg/check_reg.html?_=1708052700399 HTTP/1.1" 200 22
218.81.65.124 - - [16/Feb/2024:11:04:53 +0800] "GET /xingrg/all/function/internal_message.html?_=1708052700400&CODE_STATE=getMsg HTTP/1.1" 200 27
116.232.194.112 - - [16/Feb/2024:11:04:53 +0800] "GET /xingrg/all/function/internal_message.html?_=1708052682048&CODE_STATE=getMsg HTTP/1.1" 200 27
124.78.67.200 - - [16/Feb/2024:11:04:57 +0800] "GET /xingrg/kc/buy/cgsh_order_operate.html?command=get_materiel&rest_code=00141&code=00101010672&supplier_code=00100312&order_time=2024-02-16 HTTP/1.1" 200 417
116.224.254.208 - - [16/Feb/2024:11:05:03 +0800] "GET /xingrg/all/function/internal_message.html?_=1708052703338&CODE_STATE=getMsg HTTP/1.1" 200 27
116.230.123.222 - - [16/Feb/2024:11:05:06 +0800] "GET /xingrg/kc/buy/cgsh_order_operate.html?command=get_materiel&rest_code=00111&code=00101007095&supplier_code=00100037&order_time=2024-02-16 HTTP/1.1" 200 415
101.83.145.37 - - [16/Feb/2024:11:05:12 +0800] "GET /xingrg/check_reg.html?_=1708052476856 HTTP/1.1" 200 22
101.83.145.37 - - [16/Feb/2024:11:05:13 +0800] "GET /xingrg/all/function/internal_message.html?_=1708052477390&CODE_STATE=getMsg HTTP/1.1" 200 27
124.78.67.200 - - [16/Feb/2024:11:05:18 +0800] "GET /xingrg/kc/buy/cgsh_order_operate.html?command=get_materiel&rest_code=00141&code=00101001029&supplier_code=00100312&order_time=2024-02-16 HTTP/1.1" 200 417
116.224.254.208 - - [16/Feb/2024:11:05:23 +0800] "GET /xingrg/check_reg.html?_=1708052723741 HTTP/1.1" 200 22
180.164.1.25 - - [16/Feb/2024:11:05:25 +0800] "GET /xingrg/all/function/internal_message.html?_=1708052724359&CODE_STATE=getMsg HTTP/1.1" 200 27
180.164.1.25 - - [16/Feb/2024:11:05:25 +0800] "GET /xingrg/check_reg.html?_=1708052724361 HTTP/1.1" 200 22
124.78.67.200 - - [16/Feb/2024:11:05:29 +0800] "GET /xingrg/kc/buy/cgsh_order_operate.html?command=get_materiel&rest_code=00141&code=00101005022&supplier_code=00100312&order_time=2024-02-16 HTTP/1.1" 200 417
120.253.135.82 - - [16/Feb/2024:11:05:32 +0800] "GET /xingrg/all/function/internal_message.html?_=1708052899096&CODE_STATE=getMsg HTTP/1.1" 200 27
116.230.123.222 - - [16/Feb/2024:11:05:40 +0800] "POST /xingrg/kc/buy/cgsh_order_operate.html HTTP/1.1" 200 37
124.78.67.200 - - [16/Feb/2024:11:05:42 +0800] "GET /xingrg/kc/buy/cgsh_order_operate.html?command=get_materiel&rest_code=00141&code=00101004023&supplier_code=00100312&order_time=2024-02-16 HTTP/1.1" 200 409
124.78.67.200 - - [16/Feb/2024:11:05:45 +0800] "GET /xingrg/all/function/internal_message.html?_=1708052745545&CODE_STATE=getMsg HTTP/1.1" 200 27
114.83.219.181 - - [16/Feb/2024:11:05:48 +0800] "GET /xingrg/all/function/internal_message.html?_=1708052747740&CODE_STATE=getMsg HTTP/1.1" 200 27
116.230.123.222 - - [16/Feb/2024:11:05:49 +0800] "POST /xingrg/kc/buy/cgsh_order_operate.html HTTP/1.1" 200 12
116.230.123.222 - - [16/Feb/2024:11:05:51 +0800] "GET /xingrg/kc/buy/cgsh_order_info.html?code=212024021604428 HTTP/1.1" 200 68334
116.230.123.222 - - [16/Feb/2024:11:05:52 +0800] "GET /xingrg/javascript/easyui/themes/default/validatebox.css HTTP/1.1" 404 1104
218.81.65.124 - - [16/Feb/2024:11:05:53 +0800] "GET /xingrg/all/function/internal_message.html?_=1708052760403&CODE_STATE=getMsg HTTP/1.1" 200 27
116.232.194.112 - - [16/Feb/2024:11:05:53 +0800] "GET /xingrg/all/function/internal_message.html?_=1708052742039&CODE_STATE=getMsg HTTP/1.1" 200 27
116.230.123.222 - - [16/Feb/2024:11:05:53 +0800] "POST /xingrg/kc/buy/cgsh_order_operate.html HTTP/1.1" 200 4745
124.78.67.200 - - [16/Feb/2024:11:05:59 +0800] "POST /xingrg/kc/buy/cgsh_order_operate.html HTTP/1.1" 200 37
124.78.158.60 - - [16/Feb/2024:11:05:59 +0800] "POST /xingrg/kc/buy/cgsh_order_operate.html HTTP/1.1" 200 29862
116.230.123.222 - - [16/Feb/2024:11:05:59 +0800] "GET /xingrg/kc/print/load_data.html?order_code=212024021604428&kc_code=cgsh&condition= HTTP/1.1" 200 2327
124.78.158.60 - - [16/Feb/2024:11:06:02 +0800] "GET /xingrg/kc/print/load_data.html?order_code=212024021604358&kc_code=cgsh HTTP/1.1" 200 11015
116.224.254.208 - - [16/Feb/2024:11:06:03 +0800] "GET /xingrg/all/function/internal_message.html?_=1708052763338&CODE_STATE=getMsg HTTP/1.1" 200 27
124.78.67.200 - - [16/Feb/2024:11:06:06 +0800] "POST /xingrg/kc/buy/cgsh_order_operate.html HTTP/1.1" 200 12
124.78.67.200 - - [16/Feb/2024:11:06:09 +0800] "GET /xingrg/kc/buy/cgsh_order_info.html?code=212024021604429 HTTP/1.1" 200 68380
124.78.67.200 - - [16/Feb/2024:11:06:10 +0800] "GET /xingrg/javascript/easyui/themes/default/validatebox.css HTTP/1.1" 404 1104
124.78.67.200 - - [16/Feb/2024:11:06:11 +0800] "POST /xingrg/kc/buy/cgsh_order_operate.html HTTP/1.1" 200 6554
124.78.67.200 - - [16/Feb/2024:11:06:13 +0800] "GET /xingrg/kc/print/load_data.html?order_code=212024021604429&kc_code=cgsh&condition= HTTP/1.1" 200 2985
101.83.145.37 - - [16/Feb/2024:11:06:13 +0800] "GET /xingrg/all/function/internal_message.html?_=1708052537360&CODE_STATE=getMsg HTTP/1.1" 200 27
124.78.67.200 - - [16/Feb/2024:11:06:19 +0800] "POST /xingrg/kc/buy/cgsh_order_operate.html HTTP/1.1" 200 8245
124.78.67.200 - - [16/Feb/2024:11:06:19 +0800] "GET /xingrg/javascript/easyui/themes/default/validatebox.css HTTP/1.1" 404 1104
180.164.1.25 - - [16/Feb/2024:11:06:25 +0800] "GET /xingrg/all/function/internal_message.html?_=1708052784365&CODE_STATE=getMsg HTTP/1.1" 200 27
116.230.123.222 - - [16/Feb/2024:11:06:26 +0800] "GET /xingrg/check_reg.html?_=1708052784673 HTTP/1.1" 200 22
124.78.67.200 - - [16/Feb/2024:11:06:30 +0800] "GET /xingrg/kc/buy/cgsh_order_operate.html?command=get_materiel&rest_code=00141&code=00101012046&supplier_code=00100487&order_time=2024-02-16 HTTP/1.1" 200 417
120.253.135.82 - - [16/Feb/2024:11:06:32 +0800] "GET /xingrg/all/function/internal_message.html?_=1708052959100&CODE_STATE=getMsg HTTP/1.1" 200 27
124.78.158.60 - - [16/Feb/2024:11:06:43 +0800] "GET /xingrg/kc/buy/cgsh_order_add.html HTTP/1.1" 200 73467
124.78.67.200 - - [16/Feb/2024:11:06:43 +0800] "POST /xingrg/kc/buy/cgsh_order_operate.html HTTP/1.1" 200 37
124.78.158.60 - - [16/Feb/2024:11:06:44 +0800] "GET /xingrg/javascript/easyui/themes/default/validatebox.css HTTP/1.1" 404 1104
124.78.158.60 - - [16/Feb/2024:11:06:44 +0800] "POST /xingrg/kc/buy/cgsh_order_operate.html HTTP/1.1" 200 8245
124.78.67.200 - - [16/Feb/2024:11:06:45 +0800] "GET /xingrg/all/function/internal_message.html?_=1708052805529&CODE_STATE=getMsg HTTP/1.1" 200 27
124.78.158.60 - - [16/Feb/2024:11:06:47 +0800] "GET /xingrg/javascript/easyui/themes/default/tree.css HTTP/1.1" 404 1090
124.78.158.60 - - [16/Feb/2024:11:06:48 +0800] "POST /xingrg/all/common/load_tree.html?tree=supplier_tree_json&isDelete=1 HTTP/1.1" 200 78460
114.83.219.181 - - [16/Feb/2024:11:06:48 +0800] "GET /xingrg/all/function/internal_message.html?_=1708052807716&CODE_STATE=getMsg HTTP/1.1" 200 27
124.78.158.60 - - [16/Feb/2024:11:06:50 +0800] "GET /xingrg/all/function/internal_message.html?_=1708052808420&CODE_STATE=getMsg HTTP/1.1" 200 27
124.78.67.200 - - [16/Feb/2024:11:06:50 +0800] "POST /xingrg/kc/buy/cgsh_order_operate.html HTTP/1.1" 200 12
218.81.65.124 - - [16/Feb/2024:11:06:53 +0800] "GET /xingrg/all/function/internal_message.html?_=1708052820402&CODE_STATE=getMsg HTTP/1.1" 200 27
116.232.194.112 - - [16/Feb/2024:11:06:53 +0800] "GET /xingrg/all/function/internal_message.html?_=1708052802021&CODE_STATE=getMsg HTTP/1.1" 200 27
124.78.67.200 - - [16/Feb/2024:11:06:53 +0800] "GET /xingrg/kc/buy/cgsh_order_info.html?code=212024021604430 HTTP/1.1" 200 68386
124.78.67.200 - - [16/Feb/2024:11:06:53 +0800] "GET /xingrg/javascript/easyui/themes/default/validatebox.css HTTP/1.1" 404 1104
124.78.67.200 - - [16/Feb/2024:11:06:55 +0800] "POST /xingrg/kc/buy/cgsh_order_operate.html HTTP/1.1" 200 610
124.78.67.200 - - [16/Feb/2024:11:06:56 +0800] "GET /xingrg/kc/print/load_data.html?order_code=212024021604430&kc_code=cgsh&condition= HTTP/1.1" 200 713
124.78.67.200 - - [16/Feb/2024:11:07:00 +0800] "POST /xingrg/kc/buy/cgsh_order_operate.html HTTP/1.1" 200 8245
124.78.67.200 - - [16/Feb/2024:11:07:00 +0800] "GET /xingrg/javascript/easyui/themes/default/validatebox.css HTTP/1.1" 404 1104
124.78.158.60 - - [16/Feb/2024:11:07:02 +0800] "GET /xingrg/javascript/auto/indicator.gif HTTP/1.1" 404 1066
116.224.254.208 - - [16/Feb/2024:11:07:03 +0800] "GET /xingrg/all/function/internal_message.html?_=1708052823320&CODE_STATE=getMsg HTTP/1.1" 200 27
124.78.158.60 - - [16/Feb/2024:11:07:08 +0800] "GET /xingrg/kc/buy/cgsh_order_operate.html?command=get_materiel&rest_code=00106&code=00101005037&supplier_code=00100631&order_time=2024-02-16 HTTP/1.1" 200 409
116.232.194.112 - - [16/Feb/2024:11:07:08 +0800] "GET /xingrg/check_reg.html?_=1708052817590 HTTP/1.1" 200 22
124.78.67.200 - - [16/Feb/2024:11:07:10 +0800] "GET /xingrg/kc/buy/cgsh_order_operate.html?command=get_materiel&rest_code=00141&code=00101002007&supplier_code=00100442&order_time=2024-02-16 HTTP/1.1" 200 409
101.83.145.37 - - [16/Feb/2024:11:07:13 +0800] "GET /xingrg/all/function/internal_message.html?_=1708052597330&CODE_STATE=getMsg HTTP/1.1" 200 27
124.78.158.60 - - [16/Feb/2024:11:07:22 +0800] "POST /xingrg/kc/buy/cgsh_order_operate.html HTTP/1.1" 200 37
180.164.1.25 - - [16/Feb/2024:11:07:25 +0800] "GET /xingrg/all/function/internal_message.html?_=1708052844356&CODE_STATE=getMsg HTTP/1.1" 200 27
124.78.67.200 - - [16/Feb/2024:11:07:25 +0800] "GET /xingrg/kc/buy/cgsh_order_operate.html?command=get_materiel&rest_code=00141&code=00101001060&supplier_code=00100442&order_time=2024-02-16 HTTP/1.1" 200 421
124.78.158.60 - - [16/Feb/2024:11:07:30 +0800] "POST /xingrg/kc/buy/cgsh_order_operate.html HTTP/1.1" 200 12
120.253.135.82 - - [16/Feb/2024:11:07:32 +0800] "GET /xingrg/all/function/internal_message.html?_=1708053019105&CODE_STATE=getMsg HTTP/1.1" 200 27
124.78.158.60 - - [16/Feb/2024:11:07:33 +0800] "GET /xingrg/kc/buy/cgsh_order_info.html?code=212024021604431 HTTP/1.1" 200 68376
124.78.158.60 - - [16/Feb/2024:11:07:33 +0800] "GET /xingrg/javascript/easyui/themes/default/validatebox.css HTTP/1.1" 404 1104
124.78.158.60 - - [16/Feb/2024:11:07:35 +0800] "POST /xingrg/kc/buy/cgsh_order_operate.html HTTP/1.1" 200 603
116.230.123.222 - - [16/Feb/2024:11:07:35 +0800] "POST /xingrg/kc/buy/cgsh_list_operate.html HTTP/1.1" 200 986
124.78.67.200 - - [16/Feb/2024:11:07:39 +0800] "POST /xingrg/kc/buy/cgsh_order_operate.html HTTP/1.1" 200 37
124.78.158.60 - - [16/Feb/2024:11:07:40 +0800] "GET /xingrg/kc/print/load_data.html?order_code=212024021604431&kc_code=cgsh&condition= HTTP/1.1" 200 697
124.78.67.200 - - [16/Feb/2024:11:07:45 +0800] "GET /xingrg/all/function/internal_message.html?_=1708052865526&CODE_STATE=getMsg HTTP/1.1" 200 27
124.78.67.200 - - [16/Feb/2024:11:07:47 +0800] "POST /xingrg/kc/buy/cgsh_order_operate.html HTTP/1.1" 200 12
114.83.219.181 - - [16/Feb/2024:11:07:48 +0800] "GET /xingrg/all/function/internal_message.html?_=1708052867702&CODE_STATE=getMsg HTTP/1.1" 200 27
124.78.67.200 - - [16/Feb/2024:11:07:49 +0800] "GET /xingrg/kc/buy/cgsh_order_info.html?code=212024021604432 HTTP/1.1" 200 68378
124.78.67.200 - - [16/Feb/2024:11:07:50 +0800] "GET /xingrg/javascript/easyui/themes/default/validatebox.css HTTP/1.1" 404 1104
124.78.158.60 - - [16/Feb/2024:11:07:50 +0800] "GET /xingrg/all/function/internal_message.html?_=1708052868391&CODE_STATE=getMsg HTTP/1.1" 200 27
124.78.67.200 - - [16/Feb/2024:11:07:51 +0800] "POST /xingrg/kc/buy/cgsh_order_operate.html HTTP/1.1" 200 1209
124.78.67.200 - - [16/Feb/2024:11:07:52 +0800] "GET /xingrg/kc/print/load_data.html?order_code=212024021604432&kc_code=cgsh&condition= HTTP/1.1" 200 954
218.81.65.124 - - [16/Feb/2024:11:07:53 +0800] "GET /xingrg/all/function/internal_message.html?_=1708052880400&CODE_STATE=getMsg HTTP/1.1" 200 27
116.232.194.112 - - [16/Feb/2024:11:07:53 +0800] "GET /xingrg/all/function/internal_message.html?_=1708052862013&CODE_STATE=getMsg HTTP/1.1" 200 27
124.78.67.200 - - [16/Feb/2024:11:07:57 +0800] "POST /xingrg/kc/buy/cgsh_order_operate.html HTTP/1.1" 200 8245
124.78.67.200 - - [16/Feb/2024:11:07:57 +0800] "GET /xingrg/javascript/easyui/themes/default/validatebox.css HTTP/1.1" 404 1104
116.224.254.208 - - [16/Feb/2024:11:08:03 +0800] "GET /xingrg/all/function/internal_message.html?_=1708052883301&CODE_STATE=getMsg HTTP/1.1" 200 27
124.78.67.200 - - [16/Feb/2024:11:08:06 +0800] "GET /xingrg/kc/buy/cgsh_order_operate.html?command=get_materiel&rest_code=00141&code=00101001115&supplier_code=00100089&order_time=2024-02-16 HTTP/1.1" 200 433
101.83.145.37 - - [16/Feb/2024:11:08:13 +0800] "GET /xingrg/all/function/internal_message.html?_=1708052657305&CODE_STATE=getMsg HTTP/1.1" 200 27
124.78.67.200 - - [16/Feb/2024:11:08:18 +0800] "POST /xingrg/kc/buy/cgsh_order_operate.html HTTP/1.1" 200 37
124.78.67.200 - - [16/Feb/2024:11:08:23 +0800] "GET /xingrg/check_reg.html?_=1708052903759 HTTP/1.1" 200 22
180.164.1.25 - - [16/Feb/2024:11:08:25 +0800] "GET /xingrg/all/function/internal_message.html?_=1708052904361&CODE_STATE=getMsg HTTP/1.1" 200 27
124.78.67.200 - - [16/Feb/2024:11:08:25 +0800] "POST /xingrg/kc/buy/cgsh_order_operate.html HTTP/1.1" 200 12
124.78.67.200 - - [16/Feb/2024:11:08:28 +0800] "GET /xingrg/kc/buy/cgsh_order_info.html?code=212024021604433 HTTP/1.1" 200 68378
124.78.67.200 - - [16/Feb/2024:11:08:28 +0800] "GET /xingrg/javascript/easyui/themes/default/validatebox.css HTTP/1.1" 404 1104
124.78.67.200 - - [16/Feb/2024:11:08:29 +0800] "POST /xingrg/kc/buy/cgsh_order_operate.html HTTP/1.1" 200 611
114.93.233.132 - - [16/Feb/2024:11:08:29 +0800] "GET /favicon.ico HTTP/1.1" 404 -
124.78.67.200 - - [16/Feb/2024:11:08:31 +0800] "GET /xingrg/kc/print/load_data.html?order_code=212024021604433&kc_code=cgsh&condition= HTTP/1.1" 200 792
120.253.135.82 - - [16/Feb/2024:11:08:32 +0800] "GET /xingrg/all/function/internal_message.html?_=1708053079111&CODE_STATE=getMsg HTTP/1.1" 200 27
124.78.67.200 - - [16/Feb/2024:11:08:36 +0800] "POST /xingrg/kc/buy/cgsh_order_operate.html HTTP/1.1" 200 8245
124.78.67.200 - - [16/Feb/2024:11:08:36 +0800] "GET /xingrg/javascript/easyui/themes/default/validatebox.css HTTP/1.1" 404 1104
