120.253.135.82 - - [15/Feb/2024:11:12:25 +0800] "GET /xingrg/kc/print/load_data.html?order_code=312024021500204&kc_code=mdps&condition= HTTP/1.1" 200 699
116.232.194.112 - - [15/Feb/2024:11:12:26 +0800] "GET /xingrg/all/function/internal_message.html?_=1707966737340&CODE_STATE=getMsg HTTP/1.1" 200 27
124.78.67.200 - - [15/Feb/2024:11:12:36 +0800] "GET /xingrg/kc/buy/cgsh_order_operate.html?command=get_materiel&rest_code=00141&code=00101001125&supplier_code=00100090&order_time=2024-02-15 HTTP/1.1" 200 416
116.224.254.208 - - [15/Feb/2024:11:12:39 +0800] "GET /xingrg/all/function/internal_message.html?_=1707966759052&CODE_STATE=getMsg HTTP/1.1" 200 27
180.164.1.25 - - [15/Feb/2024:11:12:45 +0800] "GET /xingrg/all/function/internal_message.html?_=1707966764767&CODE_STATE=getMsg HTTP/1.1" 200 27
120.253.135.82 - - [15/Feb/2024:11:12:45 +0800] "GET /xingrg/all/function/internal_message.html?_=1707966932117&CODE_STATE=getMsg HTTP/1.1" 200 27
124.78.67.200 - - [15/Feb/2024:11:12:47 +0800] "GET /xingrg/kc/buy/cgsh_order_operate.html?command=get_materiel&rest_code=00141&code=00101001140&supplier_code=00100090&order_time=2024-02-15 HTTP/1.1" 200 438
120.253.135.82 - - [15/Feb/2024:11:12:51 +0800] "POST /xingrg/kc/pszx/mdps_list_operate.html HTTP/1.1" 200 4612
101.83.145.37 - - [15/Feb/2024:11:12:51 +0800] "GET /xingrg/all/function/internal_message.html?_=1707966536156&CODE_STATE=getMsg HTTP/1.1" 200 27
101.83.145.37 - - [15/Feb/2024:11:12:51 +0800] "GET /xingrg/check_reg.html?_=1707966536439 HTTP/1.1" 200 22
120.253.135.82 - - [15/Feb/2024:11:12:54 +0800] "POST /xingrg/kc/pszx/mdps_list_operate.html HTTP/1.1" 200 286
124.78.155.173 - - [15/Feb/2024:11:12:54 +0800] "GET /xingrg/all/function/internal_message.html?_=1707966772415&CODE_STATE=getMsg HTTP/1.1" 200 27
120.253.135.82 - - [15/Feb/2024:11:12:55 +0800] "GET /xingrg/kc/pszx/mdps_order_info.html?code=312024021500198 HTTP/1.1" 200 23970
120.253.135.82 - - [15/Feb/2024:11:12:56 +0800] "GET /xingrg/javascript/easyui/themes/default/validatebox.css HTTP/1.1" 404 1104
120.253.135.82 - - [15/Feb/2024:11:12:56 +0800] "POST /xingrg/kc/pszx/mdps_order_operate.html HTTP/1.1" 200 2790
221.239.172.206 - - [15/Feb/2024:11:12:57 +0800] "GET /xingrg/check_reg.html?_=1707966775961 HTTP/1.1" 200 22
124.78.67.200 - - [15/Feb/2024:11:13:01 +0800] "GET /xingrg/kc/buy/cgsh_order_operate.html?command=get_materiel&rest_code=00141&code=00101004104&supplier_code=00100090&order_time=2024-02-15 HTTP/1.1" 200 408
120.253.135.82 - - [15/Feb/2024:11:13:02 +0800] "GET /xingrg/kc/print/load_data.html?order_code=312024021500198&kc_code=mdps&condition= HTTP/1.1" 200 919
114.83.222.2 - - [15/Feb/2024:11:13:08 +0800] "GET /xingrg/all/function/internal_message.html?_=1707966788336&CODE_STATE=getMsg HTTP/1.1" 200 27
114.83.222.2 - - [15/Feb/2024:11:13:08 +0800] "GET /xingrg/check_reg.html?_=1707966788340 HTTP/1.1" 200 22
124.78.67.200 - - [15/Feb/2024:11:13:09 +0800] "GET /xingrg/all/function/internal_message.html?_=1707966789817&CODE_STATE=getMsg HTTP/1.1" 200 27
124.78.67.200 - - [15/Feb/2024:11:13:13 +0800] "POST /xingrg/kc/buy/cgsh_order_operate.html HTTP/1.1" 200 37
124.78.67.200 - - [15/Feb/2024:11:13:20 +0800] "POST /xingrg/kc/buy/cgsh_order_operate.html HTTP/1.1" 200 12
221.239.172.206 - - [15/Feb/2024:11:13:21 +0800] "GET /xingrg/all/function/internal_message.html?_=1707966800518&CODE_STATE=getMsg HTTP/1.1" 200 27
120.253.135.82 - - [15/Feb/2024:11:13:22 +0800] "POST /xingrg/kc/pszx/mdps_list_operate.html HTTP/1.1" 200 4612
120.253.135.82 - - [15/Feb/2024:11:13:24 +0800] "POST /xingrg/kc/pszx/mdps_list_operate.html HTTP/1.1" 200 640
120.253.135.82 - - [15/Feb/2024:11:13:25 +0800] "GET /xingrg/kc/pszx/mdps_order_info.html?code=312024021500199 HTTP/1.1" 200 23970
120.253.135.82 - - [15/Feb/2024:11:13:25 +0800] "GET /xingrg/javascript/easyui/themes/default/validatebox.css HTTP/1.1" 404 1104
120.253.135.82 - - [15/Feb/2024:11:13:26 +0800] "POST /xingrg/kc/pszx/mdps_order_operate.html HTTP/1.1" 200 5420
116.232.194.112 - - [15/Feb/2024:11:13:26 +0800] "GET /xingrg/all/function/internal_message.html?_=1707966797322&CODE_STATE=getMsg HTTP/1.1" 200 27
120.253.135.82 - - [15/Feb/2024:11:13:31 +0800] "GET /xingrg/kc/print/load_data.html?order_code=312024021500199&kc_code=mdps&condition= HTTP/1.1" 200 2180
116.224.254.208 - - [15/Feb/2024:11:13:39 +0800] "GET /xingrg/check_reg.html?_=1707966819046 HTTP/1.1" 200 22
116.224.254.208 - - [15/Feb/2024:11:13:39 +0800] "GET /xingrg/all/function/internal_message.html?_=1707966819050&CODE_STATE=getMsg HTTP/1.1" 200 27
116.232.194.112 - - [15/Feb/2024:11:13:39 +0800] "GET /xingrg/check_reg.html?_=1707966810515 HTTP/1.1" 200 22
180.164.1.25 - - [15/Feb/2024:11:13:45 +0800] "GET /xingrg/check_reg.html?_=1707966824760 HTTP/1.1" 200 22
180.164.1.25 - - [15/Feb/2024:11:13:45 +0800] "GET /xingrg/all/function/internal_message.html?_=1707966824762&CODE_STATE=getMsg HTTP/1.1" 200 27
120.253.135.82 - - [15/Feb/2024:11:13:45 +0800] "GET /xingrg/all/function/internal_message.html?_=1707966992123&CODE_STATE=getMsg HTTP/1.1" 200 27
120.253.135.82 - - [15/Feb/2024:11:13:45 +0800] "GET /xingrg/check_reg.html?_=1707966992124 HTTP/1.1" 200 22
124.78.67.200 - - [15/Feb/2024:11:13:49 +0800] "GET /xingrg/kc/buy/cgsh_order_info.html?code=212024021504232 HTTP/1.1" 200 68380
124.78.67.200 - - [15/Feb/2024:11:13:50 +0800] "GET /xingrg/javascript/easyui/themes/default/validatebox.css HTTP/1.1" 404 1104
124.78.67.200 - - [15/Feb/2024:11:13:51 +0800] "POST /xingrg/kc/buy/cgsh_order_operate.html HTTP/1.1" 200 2406
101.83.145.37 - - [15/Feb/2024:11:13:51 +0800] "GET /xingrg/all/function/internal_message.html?_=1707966596144&CODE_STATE=getMsg HTTP/1.1" 200 27
124.78.67.200 - - [15/Feb/2024:11:13:53 +0800] "GET /xingrg/kc/print/load_data.html?order_code=212024021504232&kc_code=cgsh&condition= HTTP/1.1" 200 1473
124.78.155.173 - - [15/Feb/2024:11:13:54 +0800] "GET /xingrg/all/function/internal_message.html?_=1707966832403&CODE_STATE=getMsg HTTP/1.1" 200 27
124.78.67.200 - - [15/Feb/2024:11:13:58 +0800] "POST /xingrg/kc/buy/cgsh_order_operate.html HTTP/1.1" 200 8245
124.78.67.200 - - [15/Feb/2024:11:13:58 +0800] "GET /xingrg/javascript/easyui/themes/default/validatebox.css HTTP/1.1" 404 1104
120.253.135.82 - - [15/Feb/2024:11:14:03 +0800] "POST /xingrg/kc/pszx/mdps_list_operate.html HTTP/1.1" 200 4612
120.253.135.82 - - [15/Feb/2024:11:14:04 +0800] "POST /xingrg/kc/pszx/mdps_list_operate.html HTTP/1.1" 200 212
120.253.135.82 - - [15/Feb/2024:11:14:05 +0800] "GET /xingrg/kc/pszx/mdps_order_info.html?code=312024021500200 HTTP/1.1" 200 23970
120.253.135.82 - - [15/Feb/2024:11:14:05 +0800] "GET /xingrg/javascript/easyui/themes/default/validatebox.css HTTP/1.1" 404 1104
120.253.135.82 - - [15/Feb/2024:11:14:06 +0800] "POST /xingrg/kc/pszx/mdps_order_operate.html HTTP/1.1" 200 2297
114.83.222.2 - - [15/Feb/2024:11:14:08 +0800] "GET /xingrg/all/function/internal_message.html?_=1707966848342&CODE_STATE=getMsg HTTP/1.1" 200 27
124.78.67.200 - - [15/Feb/2024:11:14:09 +0800] "GET /xingrg/all/function/internal_message.html?_=1707966849794&CODE_STATE=getMsg HTTP/1.1" 200 27
120.253.135.82 - - [15/Feb/2024:11:14:11 +0800] "GET /xingrg/kc/print/load_data.html?order_code=312024021500200&kc_code=mdps&condition= HTTP/1.1" 200 678
221.239.172.206 - - [15/Feb/2024:11:14:21 +0800] "GET /xingrg/all/function/internal_message.html?_=1707966860521&CODE_STATE=getMsg HTTP/1.1" 200 27
124.78.67.200 - - [15/Feb/2024:11:14:23 +0800] "GET /xingrg/kc/buy/cgsh_order_operate.html?command=get_materiel&rest_code=00141&code=00101002007&supplier_code=00100442&order_time=2024-02-15 HTTP/1.1" 200 410
116.232.194.112 - - [15/Feb/2024:11:14:26 +0800] "GET /xingrg/all/function/internal_message.html?_=1707966857301&CODE_STATE=getMsg HTTP/1.1" 200 27
116.224.254.208 - - [15/Feb/2024:11:14:39 +0800] "GET /xingrg/all/function/internal_message.html?_=1707966879037&CODE_STATE=getMsg HTTP/1.1" 200 27
180.164.1.25 - - [15/Feb/2024:11:14:45 +0800] "GET /xingrg/all/function/internal_message.html?_=1707966884749&CODE_STATE=getMsg HTTP/1.1" 200 27
120.253.135.82 - - [15/Feb/2024:11:14:45 +0800] "GET /xingrg/all/function/internal_message.html?_=1707967052128&CODE_STATE=getMsg HTTP/1.1" 200 27
101.83.145.37 - - [15/Feb/2024:11:14:51 +0800] "GET /xingrg/all/function/internal_message.html?_=1707966656144&CODE_STATE=getMsg HTTP/1.1" 200 27
180.163.29.79 - - [15/Feb/2024:11:14:54 +0800] "GET /xingrg/all/function/internal_message.html?_=1707966832403&CODE_STATE=getMsg HTTP/1.1" 302 -
124.78.155.173 - - [15/Feb/2024:11:14:54 +0800] "GET /xingrg/all/function/internal_message.html?_=1707966892388&CODE_STATE=getMsg HTTP/1.1" 200 27
180.163.29.79 - - [15/Feb/2024:11:14:56 +0800] "GET /xingrg/login.html HTTP/1.1" 200 7641
124.78.155.173 - - [15/Feb/2024:11:14:59 +0800] "GET /xingrg/kc/buy/buy_main.html HTTP/1.1" 200 12412
124.78.155.173 - - [15/Feb/2024:11:14:59 +0800] "GET /xingrg/css/new_ie.css HTTP/1.1" 404 1036
124.78.155.173 - - [15/Feb/2024:11:15:00 +0800] "GET /xingrg/kc/buy/cgsh_order_list.html HTTP/1.1" 200 57692
124.78.155.173 - - [15/Feb/2024:11:15:03 +0800] "POST /xingrg/kc/buy/cgsh_list_operate.html HTTP/1.1" 200 986
124.78.155.173 - - [15/Feb/2024:11:15:05 +0800] "GET /xingrg/kc/buy/cgsh_order_add.html HTTP/1.1" 200 73467
124.78.155.173 - - [15/Feb/2024:11:15:05 +0800] "POST /xingrg/kc/buy/cgsh_order_operate.html HTTP/1.1" 200 8245
124.78.155.173 - - [15/Feb/2024:11:15:05 +0800] "GET /xingrg/javascript/easyui/themes/default/validatebox.css HTTP/1.1" 404 1104
114.83.222.2 - - [15/Feb/2024:11:15:08 +0800] "GET /xingrg/all/function/internal_message.html?_=1707966908346&CODE_STATE=getMsg HTTP/1.1" 200 27
124.78.67.200 - - [15/Feb/2024:11:15:09 +0800] "GET /xingrg/all/function/internal_message.html?_=1707966909786&CODE_STATE=getMsg HTTP/1.1" 200 27
124.78.155.173 - - [15/Feb/2024:11:15:09 +0800] "GET /xingrg/javascript/easyui/themes/default/tree.css HTTP/1.1" 404 1090
124.78.155.173 - - [15/Feb/2024:11:15:10 +0800] "POST /xingrg/all/common/load_tree.html?tree=supplier_tree_json&isDelete=1 HTTP/1.1" 200 78460
120.253.135.82 - - [15/Feb/2024:11:15:19 +0800] "GET /xingrg/check_reg.html?_=1707966749834 HTTP/1.1" 200 22
221.239.172.206 - - [15/Feb/2024:11:15:21 +0800] "GET /xingrg/all/function/internal_message.html?_=1707966920512&CODE_STATE=getMsg HTTP/1.1" 200 27
116.232.194.112 - - [15/Feb/2024:11:15:26 +0800] "GET /xingrg/all/function/internal_message.html?_=1707966917273&CODE_STATE=getMsg HTTP/1.1" 200 27
124.78.155.173 - - [15/Feb/2024:11:15:26 +0800] "GET /xingrg/javascript/auto/indicator.gif HTTP/1.1" 404 1066
124.78.155.173 - - [15/Feb/2024:11:15:32 +0800] "GET /xingrg/kc/buy/cgsh_order_operate.html?command=get_materiel&rest_code=00106&code=00101001140&supplier_code=00100090&order_time=2024-02-15 HTTP/1.1" 200 438
116.224.254.208 - - [15/Feb/2024:11:15:39 +0800] "GET /xingrg/all/function/internal_message.html?_=1707966939046&CODE_STATE=getMsg HTTP/1.1" 200 27
180.164.1.25 - - [15/Feb/2024:11:15:45 +0800] "GET /xingrg/all/function/internal_message.html?_=1707966944760&CODE_STATE=getMsg HTTP/1.1" 200 27
120.253.135.82 - - [15/Feb/2024:11:15:45 +0800] "GET /xingrg/all/function/internal_message.html?_=1707967112132&CODE_STATE=getMsg HTTP/1.1" 200 27
124.78.155.173 - - [15/Feb/2024:11:15:50 +0800] "GET /xingrg/kc/buy/cgsh_order_operate.html?command=get_materiel&rest_code=00106&code=00101001324&supplier_code=00100090&order_time=2024-02-15 HTTP/1.1" 200 402
101.83.145.37 - - [15/Feb/2024:11:15:51 +0800] "GET /xingrg/all/function/internal_message.html?_=1707966716144&CODE_STATE=getMsg HTTP/1.1" 200 27
124.78.155.173 - - [15/Feb/2024:11:15:54 +0800] "GET /xingrg/all/function/internal_message.html?_=1707966952364&CODE_STATE=getMsg HTTP/1.1" 200 27
124.78.155.173 - - [15/Feb/2024:11:15:54 +0800] "GET /xingrg/check_reg.html?_=1707966952636 HTTP/1.1" 200 22
114.83.222.2 - - [15/Feb/2024:11:16:08 +0800] "GET /xingrg/all/function/internal_message.html?_=1707966968349&CODE_STATE=getMsg HTTP/1.1" 200 27
124.78.67.200 - - [15/Feb/2024:11:16:09 +0800] "GET /xingrg/all/function/internal_message.html?_=1707966969763&CODE_STATE=getMsg HTTP/1.1" 200 27
124.78.155.173 - - [15/Feb/2024:11:16:18 +0800] "POST /xingrg/kc/buy/cgsh_order_operate.html HTTP/1.1" 200 37
124.78.67.200 - - [15/Feb/2024:11:16:18 +0800] "POST /xingrg/kc/buy/cgsh_order_operate.html HTTP/1.1" 200 64
221.239.172.206 - - [15/Feb/2024:11:16:21 +0800] "GET /xingrg/all/function/internal_message.html?_=1707966980511&CODE_STATE=getMsg HTTP/1.1" 200 27
124.78.67.200 - - [15/Feb/2024:11:16:26 +0800] "POST /xingrg/kc/buy/cgsh_order_operate.html HTTP/1.1" 200 37
116.232.194.112 - - [15/Feb/2024:11:16:26 +0800] "GET /xingrg/all/function/internal_message.html?_=1707966977248&CODE_STATE=getMsg HTTP/1.1" 200 27
180.163.28.180 - - [15/Feb/2024:11:16:28 +0800] "GET /xingrg/kc/buy/cgsh_order_operate.html?command=get_materiel&rest_code=00106&code=00101001140&supplier_code=00100090&order_time=2024-02-15 HTTP/1.1" 302 -
180.163.28.180 - - [15/Feb/2024:11:16:30 +0800] "GET /xingrg/login.html HTTP/1.1" 200 7641
124.78.155.173 - - [15/Feb/2024:11:16:30 +0800] "POST /xingrg/kc/buy/cgsh_order_operate.html HTTP/1.1" 200 12
124.78.67.200 - - [15/Feb/2024:11:16:33 +0800] "POST /xingrg/kc/buy/cgsh_order_operate.html HTTP/1.1" 200 12
124.78.155.173 - - [15/Feb/2024:11:16:35 +0800] "GET /xingrg/kc/buy/cgsh_order_info.html?code=212024021504234 HTTP/1.1" 200 68382
124.78.155.173 - - [15/Feb/2024:11:16:35 +0800] "GET /xingrg/javascript/easyui/themes/default/validatebox.css HTTP/1.1" 404 1104
124.78.67.200 - - [15/Feb/2024:11:16:36 +0800] "GET /xingrg/kc/buy/cgsh_order_info.html?code=212024021504235 HTTP/1.1" 200 68378
124.78.67.200 - - [15/Feb/2024:11:16:36 +0800] "GET /xingrg/javascript/easyui/themes/default/validatebox.css HTTP/1.1" 404 1104
124.78.155.173 - - [15/Feb/2024:11:16:37 +0800] "POST /xingrg/kc/buy/cgsh_order_operate.html HTTP/1.1" 200 1214
124.78.67.200 - - [15/Feb/2024:11:16:37 +0800] "POST /xingrg/kc/buy/cgsh_order_operate.html HTTP/1.1" 200 608
116.224.254.208 - - [15/Feb/2024:11:16:39 +0800] "GET /xingrg/all/function/internal_message.html?_=1707966999039&CODE_STATE=getMsg HTTP/1.1" 200 27
124.78.67.200 - - [15/Feb/2024:11:16:39 +0800] "GET /xingrg/kc/print/load_data.html?order_code=212024021504235&kc_code=cgsh&condition= HTTP/1.1" 200 719
124.78.155.173 - - [15/Feb/2024:11:16:41 +0800] "GET /xingrg/kc/print/load_data.html?order_code=212024021504234&kc_code=cgsh&condition= HTTP/1.1" 200 1023
124.78.67.200 - - [15/Feb/2024:11:16:44 +0800] "POST /xingrg/kc/buy/cgsh_order_operate.html HTTP/1.1" 200 8245
124.78.67.200 - - [15/Feb/2024:11:16:44 +0800] "GET /xingrg/javascript/easyui/themes/default/validatebox.css HTTP/1.1" 404 1104
180.164.1.25 - - [15/Feb/2024:11:16:45 +0800] "GET /xingrg/all/function/internal_message.html?_=1707967004752&CODE_STATE=getMsg HTTP/1.1" 200 27
120.253.135.82 - - [15/Feb/2024:11:16:45 +0800] "GET /xingrg/all/function/internal_message.html?_=1707967172137&CODE_STATE=getMsg HTTP/1.1" 200 27
101.83.145.37 - - [15/Feb/2024:11:16:51 +0800] "GET /xingrg/all/function/internal_message.html?_=1707966776145&CODE_STATE=getMsg HTTP/1.1" 200 27
124.78.67.200 - - [15/Feb/2024:11:16:53 +0800] "GET /xingrg/kc/buy/cgsh_order_operate.html?command=get_materiel&rest_code=00141&code=00101004051&supplier_code=00100312&order_time=2024-02-15 HTTP/1.1" 200 429
180.163.29.206 - - [15/Feb/2024:11:16:54 +0800] "GET /xingrg/check_reg.html?_=1707966952636 HTTP/1.1" 302 -
124.78.155.173 - - [15/Feb/2024:11:16:54 +0800] "GET /xingrg/all/function/internal_message.html?_=1707967012345&CODE_STATE=getMsg HTTP/1.1" 200 27
180.163.29.206 - - [15/Feb/2024:11:16:55 +0800] "GET /xingrg/login.html HTTP/1.1" 200 7641
124.78.155.173 - - [15/Feb/2024:11:16:59 +0800] "GET /xingrg/kc/buy/cgsh_order_add.html HTTP/1.1" 200 73467
124.78.155.173 - - [15/Feb/2024:11:17:00 +0800] "POST /xingrg/kc/buy/cgsh_order_operate.html HTTP/1.1" 200 8245
124.78.155.173 - - [15/Feb/2024:11:17:00 +0800] "GET /xingrg/javascript/easyui/themes/default/validatebox.css HTTP/1.1" 404 1104
124.78.155.173 - - [15/Feb/2024:11:17:01 +0800] "GET /xingrg/javascript/easyui/themes/default/tree.css HTTP/1.1" 404 1090
124.78.155.173 - - [15/Feb/2024:11:17:01 +0800] "POST /xingrg/all/common/load_tree.html?tree=supplier_tree_json&isDelete=1 HTTP/1.1" 200 78460
124.78.67.200 - - [15/Feb/2024:11:17:03 +0800] "GET /xingrg/kc/buy/cgsh_order_operate.html?command=get_materiel&rest_code=00141&code=00101004046&supplier_code=00100312&order_time=2024-02-15 HTTP/1.1" 200 418
114.83.222.2 - - [15/Feb/2024:11:17:08 +0800] "GET /xingrg/all/function/internal_message.html?_=1707967028352&CODE_STATE=getMsg HTTP/1.1" 200 27
124.78.67.200 - - [15/Feb/2024:11:17:09 +0800] "GET /xingrg/all/function/internal_message.html?_=1707967029746&CODE_STATE=getMsg HTTP/1.1" 200 27
124.78.67.200 - - [15/Feb/2024:11:17:11 +0800] "GET /xingrg/kc/buy/cgsh_order_operate.html?command=get_materiel&rest_code=00141&code=00101004067&supplier_code=00100312&order_time=2024-02-15 HTTP/1.1" 200 415
221.239.172.206 - - [15/Feb/2024:11:17:21 +0800] "GET /xingrg/all/function/internal_message.html?_=1707967040511&CODE_STATE=getMsg HTTP/1.1" 200 27
124.78.155.173 - - [15/Feb/2024:11:17:22 +0800] "GET /xingrg/kc/buy/cgsh_order_operate.html?command=get_materiel&rest_code=00106&code=00101023021&supplier_code=00100316&order_time=2024-02-15 HTTP/1.1" 200 409
124.78.67.200 - - [15/Feb/2024:11:17:23 +0800] "GET /xingrg/kc/buy/cgsh_order_operate.html?command=get_materiel&rest_code=00141&code=00101004071&supplier_code=00100312&order_time=2024-02-15 HTTP/1.1" 200 409
116.232.194.112 - - [15/Feb/2024:11:17:26 +0800] "GET /xingrg/all/function/internal_message.html?_=1707967037221&CODE_STATE=getMsg HTTP/1.1" 200 27
124.78.67.200 - - [15/Feb/2024:11:17:34 +0800] "GET /xingrg/kc/buy/cgsh_order_operate.html?command=get_materiel&rest_code=00141&code=00101004030&supplier_code=00100312&order_time=2024-02-15 HTTP/1.1" 200 408
116.224.254.208 - - [15/Feb/2024:11:17:39 +0800] "GET /xingrg/all/function/internal_message.html?_=1707967059051&CODE_STATE=getMsg HTTP/1.1" 200 27
180.163.29.103 - - [15/Feb/2024:11:17:41 +0800] "GET /xingrg/kc/print/load_data.html?order_code=212024021504234&kc_code=cgsh&condition= HTTP/1.1" 302 -
180.163.29.103 - - [15/Feb/2024:11:17:41 +0800] "GET /xingrg/login.html HTTP/1.1" 200 7641
180.164.1.25 - - [15/Feb/2024:11:17:45 +0800] "GET /xingrg/all/function/internal_message.html?_=1707967064751&CODE_STATE=getMsg HTTP/1.1" 200 27
120.253.135.82 - - [15/Feb/2024:11:17:45 +0800] "GET /xingrg/all/function/internal_message.html?_=1707967232141&CODE_STATE=getMsg HTTP/1.1" 200 27
180.163.30.27 - - [15/Feb/2024:11:17:48 +0800] "GET /xingrg/all/function/internal_message.html?_=1707966892388&CODE_STATE=getMsg HTTP/1.1" 302 -
101.83.145.37 - - [15/Feb/2024:11:17:51 +0800] "GET /xingrg/all/function/internal_message.html?_=1707966836146&CODE_STATE=getMsg HTTP/1.1" 200 27
101.83.145.37 - - [15/Feb/2024:11:17:51 +0800] "GET /xingrg/check_reg.html?_=1707966836415 HTTP/1.1" 200 22
124.78.67.200 - - [15/Feb/2024:11:17:53 +0800] "GET /xingrg/kc/buy/cgsh_order_operate.html?command=get_materiel&rest_code=00141&code=00101005015&supplier_code=00100312&order_time=2024-02-15 HTTP/1.1" 200 409
180.163.30.85 - - [15/Feb/2024:11:17:54 +0800] "GET /xingrg/all/function/internal_message.html?_=1707967012345&CODE_STATE=getMsg HTTP/1.1" 302 -
180.163.30.85 - - [15/Feb/2024:11:17:54 +0800] "GET /xingrg/login.html HTTP/1.1" 200 7641
180.163.30.27 - - [15/Feb/2024:11:17:56 +0800] "GET /xingrg/login.html HTTP/1.1" 200 7641
221.239.172.206 - - [15/Feb/2024:11:17:57 +0800] "GET /xingrg/check_reg.html?_=1707967075971 HTTP/1.1" 200 22
124.78.155.173 - - [15/Feb/2024:11:18:02 +0800] "POST /xingrg/kc/buy/cgsh_order_operate.html HTTP/1.1" 200 37
124.78.67.200 - - [15/Feb/2024:11:18:04 +0800] "GET /xingrg/kc/buy/cgsh_order_operate.html?command=get_materiel&rest_code=00141&code=00101004020&supplier_code=00100312&order_time=2024-02-15 HTTP/1.1" 200 409
114.83.222.2 - - [15/Feb/2024:11:18:08 +0800] "GET /xingrg/check_reg.html?_=1707967088354 HTTP/1.1" 200 22
114.83.222.2 - - [15/Feb/2024:11:18:08 +0800] "GET /xingrg/all/function/internal_message.html?_=1707967088360&CODE_STATE=getMsg HTTP/1.1" 200 27
124.78.67.200 - - [15/Feb/2024:11:18:09 +0800] "GET /xingrg/all/function/internal_message.html?_=1707967089723&CODE_STATE=getMsg HTTP/1.1" 200 27
124.78.155.173 - - [15/Feb/2024:11:18:11 +0800] "POST /xingrg/kc/buy/cgsh_order_operate.html HTTP/1.1" 200 12
124.78.67.200 - - [15/Feb/2024:11:18:15 +0800] "GET /xingrg/kc/buy/cgsh_order_operate.html?command=get_materiel&rest_code=00141&code=00101010672&supplier_code=00100312&order_time=2024-02-15 HTTP/1.1" 200 417
124.78.155.173 - - [15/Feb/2024:11:18:16 +0800] "GET /xingrg/kc/buy/cgsh_order_info.html?code=212024021504236 HTTP/1.1" 200 68382
124.78.155.173 - - [15/Feb/2024:11:18:16 +0800] "GET /xingrg/javascript/easyui/themes/default/validatebox.css HTTP/1.1" 404 1104
124.78.155.173 - - [15/Feb/2024:11:18:17 +0800] "POST /xingrg/kc/buy/cgsh_order_operate.html HTTP/1.1" 200 608
180.163.29.219 - - [15/Feb/2024:11:18:19 +0800] "GET /xingrg/kc/buy/cgsh_order_operate.html?command=get_materiel&rest_code=00106&code=00101023021&supplier_code=00100316&order_time=2024-02-15 HTTP/1.1" 302 -
180.163.29.219 - - [15/Feb/2024:11:18:21 +0800] "GET /xingrg/login.html HTTP/1.1" 200 7641
221.239.172.206 - - [15/Feb/2024:11:18:21 +0800] "GET /xingrg/all/function/internal_message.html?_=1707967100514&CODE_STATE=getMsg HTTP/1.1" 200 27
116.232.194.112 - - [15/Feb/2024:11:18:26 +0800] "GET /xingrg/all/function/internal_message.html?_=1707967097203&CODE_STATE=getMsg HTTP/1.1" 200 27
124.78.67.200 - - [15/Feb/2024:11:18:28 +0800] "GET /xingrg/check_reg.html?_=1707967108465 HTTP/1.1" 200 22
124.78.67.200 - - [15/Feb/2024:11:18:29 +0800] "GET /xingrg/kc/buy/cgsh_order_operate.html?command=get_materiel&rest_code=00141&code=00101005011&supplier_code=00100312&order_time=2024-02-15 HTTP/1.1" 200 417
124.78.155.173 - - [15/Feb/2024:11:18:33 +0800] "GET /xingrg/kc/print/load_data.html?order_code=212024021504236&kc_code=cgsh&condition= HTTP/1.1" 200 723
124.78.67.200 - - [15/Feb/2024:11:18:38 +0800] "GET /xingrg/kc/buy/cgsh_order_operate.html?command=get_materiel&rest_code=00141&code=00101005072&supplier_code=00100312&order_time=2024-02-15 HTTP/1.1" 200 417
116.224.254.208 - - [15/Feb/2024:11:18:39 +0800] "GET /xingrg/check_reg.html?_=1707967119042 HTTP/1.1" 200 22
116.224.254.208 - - [15/Feb/2024:11:18:39 +0800] "GET /xingrg/all/function/internal_message.html?_=1707967119045&CODE_STATE=getMsg HTTP/1.1" 200 27
116.232.194.112 - - [15/Feb/2024:11:18:39 +0800] "GET /xingrg/check_reg.html?_=1707967110487 HTTP/1.1" 200 22
120.253.135.82 - - [15/Feb/2024:11:18:44 +0800] "GET /xingrg/kc/pszx/mdqp_order_list.html?state=10 HTTP/1.1" 200 10753
120.253.135.82 - - [15/Feb/2024:11:18:44 +0800] "GET /xingrg/dwr/interface/AjaxQqpsService.js HTTP/1.1" 200 16326
120.253.135.82 - - [15/Feb/2024:11:18:44 +0800] "GET /xingrg/dwr/interface/AjaxReportQueryService.js HTTP/1.1" 200 13203
120.253.135.82 - - [15/Feb/2024:11:18:44 +0800] "GET /xingrg/dwr/engine.js HTTP/1.1" 200 43631
180.164.1.25 - - [15/Feb/2024:11:18:45 +0800] "GET /xingrg/all/function/internal_message.html?_=1707967124766&CODE_STATE=getMsg HTTP/1.1" 200 27
180.164.1.25 - - [15/Feb/2024:11:18:45 +0800] "GET /xingrg/check_reg.html?_=1707967124767 HTTP/1.1" 200 22
120.253.135.82 - - [15/Feb/2024:11:18:45 +0800] "GET /xingrg/all/function/internal_message.html?_=1707967292146&CODE_STATE=getMsg HTTP/1.1" 200 27
120.253.135.82 - - [15/Feb/2024:11:18:45 +0800] "GET /xingrg/check_reg.html?_=1707967292148 HTTP/1.1" 200 22
124.78.155.173 - - [15/Feb/2024:11:18:46 +0800] "GET /xingrg/kc/buy/cgsh_order_add.html HTTP/1.1" 200 73467
124.78.155.173 - - [15/Feb/2024:11:18:47 +0800] "POST /xingrg/kc/buy/cgsh_order_operate.html HTTP/1.1" 200 8245
124.78.155.173 - - [15/Feb/2024:11:18:47 +0800] "GET /xingrg/javascript/easyui/themes/default/validatebox.css HTTP/1.1" 404 1104
124.78.67.200 - - [15/Feb/2024:11:18:48 +0800] "GET /xingrg/kc/buy/cgsh_order_operate.html?command=get_materiel&rest_code=00141&code=00101001029&supplier_code=00100312&order_time=2024-02-15 HTTP/1.1" 200 415
101.83.145.37 - - [15/Feb/2024:11:18:51 +0800] "GET /xingrg/all/function/internal_message.html?_=1707966896149&CODE_STATE=getMsg HTTP/1.1" 200 27
124.78.155.173 - - [15/Feb/2024:11:18:51 +0800] "GET /xingrg/javascript/easyui/themes/default/tree.css HTTP/1.1" 404 1090
124.78.155.173 - - [15/Feb/2024:11:18:52 +0800] "POST /xingrg/all/common/load_tree.html?tree=supplier_tree_json&isDelete=1 HTTP/1.1" 200 78460
124.78.155.173 - - [15/Feb/2024:11:18:54 +0800] "GET /xingrg/all/function/internal_message.html?_=1707967132959&CODE_STATE=getMsg HTTP/1.1" 200 27
120.253.135.82 - - [15/Feb/2024:11:18:56 +0800] "GET /xingrg/kc/pszx/mdqp_order_list.html?state=10 HTTP/1.1" 200 10753
120.253.135.82 - - [15/Feb/2024:11:18:56 +0800] "GET /xingrg/dwr/interface/AjaxReportQueryService.js HTTP/1.1" 200 13203
120.253.135.82 - - [15/Feb/2024:11:18:56 +0800] "GET /xingrg/dwr/interface/AjaxQqpsService.js HTTP/1.1" 200 16326
120.253.135.82 - - [15/Feb/2024:11:18:56 +0800] "GET /xingrg/dwr/engine.js HTTP/1.1" 200 43631
124.78.67.200 - - [15/Feb/2024:11:18:57 +0800] "GET /xingrg/kc/buy/cgsh_order_operate.html?command=get_materiel&rest_code=00141&code=00101005022&supplier_code=00100312&order_time=2024-02-15 HTTP/1.1" 200 417
120.253.135.82 - - [15/Feb/2024:11:18:59 +0800] "GET /xingrg/kc/pszx/mdqp_order_info.html?code=302024021500148 HTTP/1.1" 200 13338
120.253.135.82 - - [15/Feb/2024:11:18:59 +0800] "GET /xingrg/dwr/interface/AjaxComOrderService.js HTTP/1.1" 200 18264
120.253.135.82 - - [15/Feb/2024:11:18:59 +0800] "GET /xingrg/dwr/interface/AjaxQqpsService.js HTTP/1.1" 200 16326
120.253.135.82 - - [15/Feb/2024:11:18:59 +0800] "GET /xingrg/dwr/engine.js HTTP/1.1" 200 43631
120.253.135.82 - - [15/Feb/2024:11:18:59 +0800] "POST /xingrg/dwr/call/plaincall/AjaxQqpsService.loadMaterielItems.dwr HTTP/1.1" 200 385
120.253.135.82 - - [15/Feb/2024:11:19:02 +0800] "GET /xingrg/kc/pszx/mdqp_order_list.html?isBack=1 HTTP/1.1" 302 -
120.253.135.82 - - [15/Feb/2024:11:19:03 +0800] "GET /xingrg/kc/pszx/mdqp_order_list.html?state=10 HTTP/1.1" 200 10753
120.253.135.82 - - [15/Feb/2024:11:19:03 +0800] "GET /xingrg/dwr/interface/AjaxQqpsService.js HTTP/1.1" 200 16326
120.253.135.82 - - [15/Feb/2024:11:19:03 +0800] "GET /xingrg/dwr/engine.js HTTP/1.1" 200 43631
120.253.135.82 - - [15/Feb/2024:11:19:03 +0800] "GET /xingrg/dwr/interface/AjaxReportQueryService.js HTTP/1.1" 200 13203
114.83.222.2 - - [15/Feb/2024:11:19:08 +0800] "GET /xingrg/all/function/internal_message.html?_=1707967148349&CODE_STATE=getMsg HTTP/1.1" 200 27
124.78.67.200 - - [15/Feb/2024:11:19:09 +0800] "GET /xingrg/all/function/internal_message.html?_=1707967149711&CODE_STATE=getMsg HTTP/1.1" 200 27
120.253.135.82 - - [15/Feb/2024:11:19:10 +0800] "GET /xingrg/kc/pszx/jzcl_ps.html HTTP/1.1" 200 7683
120.253.135.82 - - [15/Feb/2024:11:19:10 +0800] "POST /xingrg/kc/pszx/jzcl_ps_operate.html HTTP/1.1" 200 406
120.253.135.82 - - [15/Feb/2024:11:19:10 +0800] "POST /xingrg/kc/pszx/jzcl_ps_operate.html HTTP/1.1" 200 406
120.253.135.82 - - [15/Feb/2024:11:19:10 +0800] "POST /xingrg/all/common/load_tree.html?tree=area_rest_tree_json HTTP/1.1" 200 3624
124.78.67.200 - - [15/Feb/2024:11:19:13 +0800] "POST /xingrg/kc/buy/cgsh_order_operate.html HTTP/1.1" 200 37
124.78.155.173 - - [15/Feb/2024:11:19:13 +0800] "GET /xingrg/kc/buy/cgsh_order_operate.html?command=get_materiel&rest_code=00106&code=00101002006&supplier_code=00100091&order_time=2024-02-15 HTTP/1.1" 200 434
120.253.135.82 - - [15/Feb/2024:11:19:18 +0800] "POST /xingrg/kc/pszx/jzcl_ps_operate.html HTTP/1.1" 200 4
120.253.135.82 - - [15/Feb/2024:11:19:20 +0800] "POST /xingrg/kc/pszx/jzcl_ps_operate.html HTTP/1.1" 200 21
120.253.135.82 - - [15/Feb/2024:11:19:21 +0800] "GET /xingrg/kc/pszx/mdps_order_list.html HTTP/1.1" 200 20995
120.253.135.82 - - [15/Feb/2024:11:19:21 +0800] "POST /xingrg/kc/pszx/mdps_list_operate.html HTTP/1.1" 200 4972
221.239.172.206 - - [15/Feb/2024:11:19:21 +0800] "GET /xingrg/all/function/internal_message.html?_=1707967160513&CODE_STATE=getMsg HTTP/1.1" 200 27
124.78.67.200 - - [15/Feb/2024:11:19:22 +0800] "POST /xingrg/kc/buy/cgsh_order_operate.html HTTP/1.1" 200 12
124.78.67.200 - - [15/Feb/2024:11:19:24 +0800] "GET /xingrg/kc/buy/cgsh_order_info.html?code=212024021504237 HTTP/1.1" 200 68380
124.78.67.200 - - [15/Feb/2024:11:19:25 +0800] "GET /xingrg/javascript/easyui/themes/default/validatebox.css HTTP/1.1" 404 1104
120.253.135.82 - - [15/Feb/2024:11:19:26 +0800] "POST /xingrg/kc/pszx/mdps_list_operate.html HTTP/1.1" 200 217
124.78.67.200 - - [15/Feb/2024:11:19:26 +0800] "POST /xingrg/kc/buy/cgsh_order_operate.html HTTP/1.1" 200 7163
116.232.194.112 - - [15/Feb/2024:11:19:26 +0800] "GET /xingrg/all/function/internal_message.html?_=1707967157176&CODE_STATE=getMsg HTTP/1.1" 200 27
120.253.135.82 - - [15/Feb/2024:11:19:26 +0800] "GET /xingrg/kc/pszx/mdps_order_info.html?code=312024021500206 HTTP/1.1" 200 23970
120.253.135.82 - - [15/Feb/2024:11:19:26 +0800] "GET /xingrg/javascript/easyui/themes/default/validatebox.css HTTP/1.1" 404 1104
120.253.135.82 - - [15/Feb/2024:11:19:27 +0800] "GET /xingrg/all/common/auto_word.html?type=base&rest_code=00101 HTTP/1.1" 200 671
120.253.135.82 - - [15/Feb/2024:11:19:27 +0800] "POST /xingrg/kc/pszx/mdps_order_operate.html HTTP/1.1" 200 2297
124.78.155.173 - - [15/Feb/2024:11:19:28 +0800] "GET /xingrg/kc/buy/cgsh_order_operate.html?command=get_materiel&rest_code=00106&code=00101003037&supplier_code=00100091&order_time=2024-02-15 HTTP/1.1" 200 418
124.78.67.200 - - [15/Feb/2024:11:19:29 +0800] "GET /xingrg/kc/print/load_data.html?order_code=212024021504237&kc_code=cgsh&condition= HTTP/1.1" 200 3229
120.253.135.82 - - [15/Feb/2024:11:19:30 +0800] "POST /xingrg/kc/pszx/mdps_order_operate.html HTTP/1.1" 200 37
180.163.28.180 - - [15/Feb/2024:11:19:33 +0800] "GET /xingrg/kc/print/load_data.html?order_code=212024021504236&kc_code=cgsh&condition= HTTP/1.1" 302 -
180.163.28.180 - - [15/Feb/2024:11:19:33 +0800] "GET /xingrg/login.html HTTP/1.1" 200 7641
124.78.67.200 - - [15/Feb/2024:11:19:34 +0800] "POST /xingrg/kc/buy/cgsh_order_operate.html HTTP/1.1" 200 8245
124.78.67.200 - - [15/Feb/2024:11:19:34 +0800] "GET /xingrg/javascript/easyui/themes/default/validatebox.css HTTP/1.1" 404 1104
120.253.135.82 - - [15/Feb/2024:11:19:36 +0800] "GET /xingrg/kc/pszx/mdps_order_info.html?code=312024021500206 HTTP/1.1" 200 23970
120.253.135.82 - - [15/Feb/2024:11:19:37 +0800] "GET /xingrg/javascript/easyui/themes/default/validatebox.css HTTP/1.1" 404 1104
120.253.135.82 - - [15/Feb/2024:11:19:37 +0800] "GET /xingrg/all/common/auto_word.html?type=base&rest_code=00101 HTTP/1.1" 200 671
120.253.135.82 - - [15/Feb/2024:11:19:37 +0800] "POST /xingrg/kc/pszx/mdps_order_operate.html HTTP/1.1" 200 2304
116.224.254.208 - - [15/Feb/2024:11:19:39 +0800] "GET /xingrg/all/function/internal_message.html?_=1707967179039&CODE_STATE=getMsg HTTP/1.1" 200 27
124.78.67.200 - - [15/Feb/2024:11:19:44 +0800] "GET /xingrg/kc/buy/cgsh_order_operate.html?command=get_materiel&rest_code=00141&code=00101012046&supplier_code=00100487&order_time=2024-02-15 HTTP/1.1" 200 417
180.164.1.25 - - [15/Feb/2024:11:19:45 +0800] "GET /xingrg/all/function/internal_message.html?_=1707967184759&CODE_STATE=getMsg HTTP/1.1" 200 27
120.253.135.82 - - [15/Feb/2024:11:19:46 +0800] "GET /xingrg/all/function/internal_message.html?_=1707967352153&CODE_STATE=getMsg HTTP/1.1" 200 27
124.78.155.173 - - [15/Feb/2024:11:19:49 +0800] "POST /xingrg/kc/buy/cgsh_order_operate.html HTTP/1.1" 200 37
101.83.145.37 - - [15/Feb/2024:11:19:51 +0800] "GET /xingrg/all/function/internal_message.html?_=1707966956149&CODE_STATE=getMsg HTTP/1.1" 200 27
124.78.155.173 - - [15/Feb/2024:11:19:54 +0800] "GET /xingrg/all/function/internal_message.html?_=1707967192939&CODE_STATE=getMsg HTTP/1.1" 200 27
124.78.155.173 - - [15/Feb/2024:11:19:57 +0800] "POST /xingrg/kc/buy/cgsh_order_operate.html HTTP/1.1" 200 12
124.78.155.173 - - [15/Feb/2024:11:20:02 +0800] "GET /xingrg/kc/buy/cgsh_order_info.html?code=212024021504238 HTTP/1.1" 200 68382
124.78.155.173 - - [15/Feb/2024:11:20:02 +0800] "GET /xingrg/javascript/easyui/themes/default/validatebox.css HTTP/1.1" 404 1104
124.78.155.173 - - [15/Feb/2024:11:20:03 +0800] "POST /xingrg/kc/buy/cgsh_order_operate.html HTTP/1.1" 200 1212
124.78.155.173 - - [15/Feb/2024:11:20:05 +0800] "GET /xingrg/kc/print/load_data.html?order_code=212024021504238&kc_code=cgsh&condition= HTTP/1.1" 200 1020
180.163.30.85 - - [15/Feb/2024:11:20:06 +0800] "GET /xingrg/kc/buy/cgsh_order_operate.html?command=get_materiel&rest_code=00106&code=00101002006&supplier_code=00100091&order_time=2024-02-15 HTTP/1.1" 302 -
180.163.30.85 - - [15/Feb/2024:11:20:06 +0800] "GET /xingrg/login.html HTTP/1.1" 200 7641
114.83.222.2 - - [15/Feb/2024:11:20:08 +0800] "GET /xingrg/all/function/internal_message.html?_=1707967208348&CODE_STATE=getMsg HTTP/1.1" 200 27
124.78.67.200 - - [15/Feb/2024:11:20:09 +0800] "GET /xingrg/all/function/internal_message.html?_=1707967209678&CODE_STATE=getMsg HTTP/1.1" 200 27
124.78.67.200 - - [15/Feb/2024:11:20:10 +0800] "POST /xingrg/kc/buy/cgsh_order_operate.html HTTP/1.1" 200 37
124.78.155.173 - - [15/Feb/2024:11:20:14 +0800] "GET /xingrg/kc/buy/cgsh_order_add.html HTTP/1.1" 200 73467
124.78.155.173 - - [15/Feb/2024:11:20:15 +0800] "POST /xingrg/kc/buy/cgsh_order_operate.html HTTP/1.1" 200 8245
124.78.155.173 - - [15/Feb/2024:11:20:15 +0800] "GET /xingrg/javascript/easyui/themes/default/validatebox.css HTTP/1.1" 404 1104
124.78.155.173 - - [15/Feb/2024:11:20:16 +0800] "GET /xingrg/javascript/easyui/themes/default/tree.css HTTP/1.1" 404 1090
124.78.155.173 - - [15/Feb/2024:11:20:17 +0800] "POST /xingrg/all/common/load_tree.html?tree=supplier_tree_json&isDelete=1 HTTP/1.1" 200 78460
124.78.67.200 - - [15/Feb/2024:11:20:18 +0800] "POST /xingrg/kc/buy/cgsh_order_operate.html HTTP/1.1" 200 12
120.253.135.82 - - [15/Feb/2024:11:20:19 +0800] "GET /xingrg/check_reg.html?_=1707967049855 HTTP/1.1" 200 22
124.78.67.200 - - [15/Feb/2024:11:20:20 +0800] "GET /xingrg/kc/buy/cgsh_order_info.html?code=212024021504239 HTTP/1.1" 200 68386
124.78.67.200 - - [15/Feb/2024:11:20:21 +0800] "GET /xingrg/javascript/easyui/themes/default/validatebox.css HTTP/1.1" 404 1104
221.239.172.206 - - [15/Feb/2024:11:20:21 +0800] "GET /xingrg/all/function/internal_message.html?_=1707967220512&CODE_STATE=getMsg HTTP/1.1" 200 27
124.78.67.200 - - [15/Feb/2024:11:20:22 +0800] "POST /xingrg/kc/buy/cgsh_order_operate.html HTTP/1.1" 200 611
124.78.67.200 - - [15/Feb/2024:11:20:23 +0800] "GET /xingrg/kc/print/load_data.html?order_code=212024021504239&kc_code=cgsh&condition= HTTP/1.1" 200 721
116.232.194.112 - - [15/Feb/2024:11:20:26 +0800] "GET /xingrg/all/function/internal_message.html?_=1707967217167&CODE_STATE=getMsg HTTP/1.1" 200 27
124.78.67.200 - - [15/Feb/2024:11:20:27 +0800] "POST /xingrg/kc/buy/cgsh_order_operate.html HTTP/1.1" 200 8245
124.78.67.200 - - [15/Feb/2024:11:20:28 +0800] "GET /xingrg/javascript/easyui/themes/default/validatebox.css HTTP/1.1" 404 1104
124.78.155.173 - - [15/Feb/2024:11:20:35 +0800] "GET /xingrg/kc/buy/cgsh_order_operate.html?command=get_materiel&rest_code=00106&code=00101003041&supplier_code=00100088&order_time=2024-02-15 HTTP/1.1" 200 415
124.78.67.200 - - [15/Feb/2024:11:20:38 +0800] "GET /xingrg/kc/buy/cgsh_order_operate.html?command=get_materiel&rest_code=00141&code=00101004034&supplier_code=00100085&order_time=2024-02-15 HTTP/1.1" 200 418
116.224.254.208 - - [15/Feb/2024:11:20:39 +0800] "GET /xingrg/all/function/internal_message.html?_=1707967239052&CODE_STATE=getMsg HTTP/1.1" 200 27
180.164.1.25 - - [15/Feb/2024:11:20:45 +0800] "GET /xingrg/all/function/internal_message.html?_=1707967244759&CODE_STATE=getMsg HTTP/1.1" 200 27
120.253.135.82 - - [15/Feb/2024:11:20:46 +0800] "GET /xingrg/all/function/internal_message.html?_=1707967412158&CODE_STATE=getMsg HTTP/1.1" 200 27
101.83.145.37 - - [15/Feb/2024:11:20:51 +0800] "GET /xingrg/all/function/internal_message.html?_=1707967016150&CODE_STATE=getMsg HTTP/1.1" 200 27
124.78.67.200 - - [15/Feb/2024:11:20:52 +0800] "POST /xingrg/kc/buy/cgsh_order_operate.html HTTP/1.1" 200 37
180.164.1.25 - - [15/Feb/2024:11:20:53 +0800] "GET /xingrg/kc/buy/cgsh_order_list.html HTTP/1.1" 200 57702
180.164.1.25 - - [15/Feb/2024:11:20:53 +0800] "GET /xingrg/css/base.css HTTP/1.1" 200 2811
180.164.1.25 - - [15/Feb/2024:11:20:53 +0800] "GET /xingrg/javascript/easyui/themes/icon.css HTTP/1.1" 200 4483
180.164.1.25 - - [15/Feb/2024:11:20:53 +0800] "GET /xingrg/css/site.css HTTP/1.1" 200 7541
180.164.1.25 - - [15/Feb/2024:11:20:53 +0800] "GET /xingrg/javascript/jquery_tools/datebox.css HTTP/1.1" 200 2597
180.164.1.25 - - [15/Feb/2024:11:20:53 +0800] "GET /xingrg/javascript/easyui/themes/default/easyui.css HTTP/1.1" 200 30432
180.164.1.25 - - [15/Feb/2024:11:20:53 +0800] "GET /xingrg/javascript/jquery_tools/fix.css HTTP/1.1" 200 1702
180.164.1.25 - - [15/Feb/2024:11:20:53 +0800] "GET /xingrg/javascript/jquery_tools/table.css HTTP/1.1" 200 1032
180.164.1.25 - - [15/Feb/2024:11:20:53 +0800] "GET /xingrg/javascript/jquery_tools/jquery.tools.min.js HTTP/1.1" 200 138801
180.164.1.25 - - [15/Feb/2024:11:20:53 +0800] "GET /xingrg/javascript/jquery_tools/jquery.tools.extend.js HTTP/1.1" 200 15385
180.164.1.25 - - [15/Feb/2024:11:20:53 +0800] "GET /xingrg/javascript/jquery_tools/jquery.tools.hotkey.js HTTP/1.1" 200 3242
180.164.1.25 - - [15/Feb/2024:11:20:53 +0800] "GET /xingrg/javascript/jquery_tools/jquery.tools.table.js HTTP/1.1" 200 6994
180.164.1.25 - - [15/Feb/2024:11:20:53 +0800] "GET /xingrg/javascript/jquery_tools/list_manager.js HTTP/1.1" 200 3652
180.164.1.25 - - [15/Feb/2024:11:20:53 +0800] "GET /xingrg/javascript/easyui/easyloader.js HTTP/1.1" 200 5975
180.164.1.25 - - [15/Feb/2024:11:20:53 +0800] "GET /xingrg/javascript/jquery.cookie.js HTTP/1.1" 200 5513
180.164.1.25 - - [15/Feb/2024:11:20:54 +0800] "GET /xingrg/javascript/easyui/themes/icons/edit_add_new.png HTTP/1.1" 200 2997
180.164.1.25 - - [15/Feb/2024:11:20:54 +0800] "GET /xingrg/javascript/easyui/themes/icons/cance_new.png HTTP/1.1" 200 3986
180.164.1.25 - - [15/Feb/2024:11:20:54 +0800] "GET /xingrg/javascript/easyui/themes/icons/import_new.png HTTP/1.1" 200 1247
180.164.1.25 - - [15/Feb/2024:11:20:54 +0800] "GET /xingrg/javascript/easyui/themes/icons/field_new.png HTTP/1.1" 200 1097
180.164.1.25 - - [15/Feb/2024:11:20:54 +0800] "GET /xingrg/javascript/easyui/themes/icons/check_new.png HTTP/1.1" 200 3224
180.164.1.25 - - [15/Feb/2024:11:20:54 +0800] "GET /xingrg/javascript/easyui/plugins/jquery.parser.js HTTP/1.1" 200 1142
180.164.1.25 - - [15/Feb/2024:11:20:54 +0800] "GET /xingrg/images/control/ajaxLoader.gif HTTP/1.1" 200 4659
124.78.155.173 - - [15/Feb/2024:11:20:54 +0800] "GET /xingrg/check_reg.html?_=1707967252616 HTTP/1.1" 200 22
180.163.28.180 - - [15/Feb/2024:11:20:54 +0800] "GET /xingrg/all/function/internal_message.html?_=1707967192939&CODE_STATE=getMsg HTTP/1.1" 302 -
124.78.155.173 - - [15/Feb/2024:11:20:54 +0800] "GET /xingrg/all/function/internal_message.html?_=1707967252916&CODE_STATE=getMsg HTTP/1.1" 200 27
180.163.28.180 - - [15/Feb/2024:11:20:56 +0800] "GET /xingrg/login.html HTTP/1.1" 200 7641
124.78.67.200 - - [15/Feb/2024:11:21:00 +0800] "POST /xingrg/kc/buy/cgsh_order_operate.html HTTP/1.1" 200 12
124.78.155.173 - - [15/Feb/2024:11:21:03 +0800] "POST /xingrg/kc/buy/cgsh_order_operate.html HTTP/1.1" 200 37
124.78.67.200 - - [15/Feb/2024:11:21:04 +0800] "GET /xingrg/kc/buy/cgsh_order_info.html?code=212024021504240 HTTP/1.1" 200 68378
124.78.67.200 - - [15/Feb/2024:11:21:05 +0800] "GET /xingrg/javascript/easyui/themes/default/validatebox.css HTTP/1.1" 404 1104
180.163.30.76 - - [15/Feb/2024:11:21:06 +0800] "GET /xingrg/kc/print/load_data.html?order_code=212024021504238&kc_code=cgsh&condition= HTTP/1.1" 302 -
124.78.67.200 - - [15/Feb/2024:11:21:06 +0800] "POST /xingrg/kc/buy/cgsh_order_operate.html HTTP/1.1" 200 616
180.163.30.76 - - [15/Feb/2024:11:21:06 +0800] "GET /xingrg/login.html HTTP/1.1" 200 7641
124.78.67.200 - - [15/Feb/2024:11:21:08 +0800] "GET /xingrg/kc/print/load_data.html?order_code=212024021504240&kc_code=cgsh&condition= HTTP/1.1" 200 775
114.83.222.2 - - [15/Feb/2024:11:21:08 +0800] "GET /xingrg/all/function/internal_message.html?_=1707967268347&CODE_STATE=getMsg HTTP/1.1" 200 27
124.78.67.200 - - [15/Feb/2024:11:21:09 +0800] "GET /xingrg/all/function/internal_message.html?_=1707967269677&CODE_STATE=getMsg HTTP/1.1" 200 27
124.78.155.173 - - [15/Feb/2024:11:21:11 +0800] "POST /xingrg/kc/buy/cgsh_order_operate.html HTTP/1.1" 200 12
124.78.67.200 - - [15/Feb/2024:11:21:12 +0800] "POST /xingrg/kc/buy/cgsh_order_operate.html HTTP/1.1" 200 8245
124.78.67.200 - - [15/Feb/2024:11:21:12 +0800] "GET /xingrg/javascript/easyui/themes/default/validatebox.css HTTP/1.1" 404 1104
180.164.1.25 - - [15/Feb/2024:11:21:13 +0800] "POST /xingrg/kc/buy/cgsh_list_operate.html HTTP/1.1" 200 2320
124.78.155.173 - - [15/Feb/2024:11:21:20 +0800] "GET /xingrg/kc/buy/cgsh_order_info.html?code=212024021504241 HTTP/1.1" 200 68380
124.78.155.173 - - [15/Feb/2024:11:21:21 +0800] "GET /xingrg/javascript/easyui/themes/default/validatebox.css HTTP/1.1" 404 1104
221.239.172.206 - - [15/Feb/2024:11:21:21 +0800] "GET /xingrg/all/function/internal_message.html?_=1707967280511&CODE_STATE=getMsg HTTP/1.1" 200 27
124.78.155.173 - - [15/Feb/2024:11:21:22 +0800] "POST /xingrg/kc/buy/cgsh_order_operate.html HTTP/1.1" 200 612
124.78.155.173 - - [15/Feb/2024:11:21:24 +0800] "GET /xingrg/kc/print/load_data.html?order_code=212024021504241&kc_code=cgsh&condition= HTTP/1.1" 200 784
116.232.194.112 - - [15/Feb/2024:11:21:26 +0800] "GET /xingrg/all/function/internal_message.html?_=1707967277153&CODE_STATE=getMsg HTTP/1.1" 200 27
124.78.67.200 - - [15/Feb/2024:11:21:30 +0800] "GET /xingrg/kc/buy/cgsh_order_operate.html?command=get_materiel&rest_code=00141&code=00101002034&supplier_code=00100091&order_time=2024-02-15 HTTP/1.1" 200 409
124.78.155.173 - - [15/Feb/2024:11:21:30 +0800] "GET /xingrg/kc/buy/cgsh_order_add.html HTTP/1.1" 200 73467
124.78.155.173 - - [15/Feb/2024:11:21:31 +0800] "POST /xingrg/kc/buy/cgsh_order_operate.html HTTP/1.1" 200 8245
124.78.155.173 - - [15/Feb/2024:11:21:31 +0800] "GET /xingrg/javascript/easyui/themes/default/validatebox.css HTTP/1.1" 404 1104
180.163.28.180 - - [15/Feb/2024:11:21:32 +0800] "GET /xingrg/kc/buy/cgsh_order_operate.html?command=get_materiel&rest_code=00106&code=00101003041&supplier_code=00100088&order_time=2024-02-15 HTTP/1.1" 302 -
180.163.28.180 - - [15/Feb/2024:11:21:32 +0800] "GET /xingrg/login.html HTTP/1.1" 200 7641
180.164.1.25 - - [15/Feb/2024:11:21:35 +0800] "GET /xingrg/javascript/easyui/themes/default/images/button_plain_hover.png HTTP/1.1" 200 144
180.164.1.25 - - [15/Feb/2024:11:21:38 +0800] "POST /xingrg/kc/buy/cgsh_list_operate.html HTTP/1.1" 200 558
124.78.67.200 - - [15/Feb/2024:11:21:39 +0800] "GET /xingrg/kc/buy/cgsh_order_operate.html?command=get_materiel&rest_code=00141&code=00101003037&supplier_code=00100091&order_time=2024-02-15 HTTP/1.1" 200 418
116.224.254.208 - - [15/Feb/2024:11:21:39 +0800] "GET /xingrg/all/function/internal_message.html?_=1707967299049&CODE_STATE=getMsg HTTP/1.1" 200 27
124.78.155.173 - - [15/Feb/2024:11:21:41 +0800] "GET /xingrg/javascript/easyui/themes/default/tree.css HTTP/1.1" 404 1090
124.78.155.173 - - [15/Feb/2024:11:21:42 +0800] "POST /xingrg/all/common/load_tree.html?tree=supplier_tree_json&isDelete=1 HTTP/1.1" 200 78460
180.164.1.25 - - [15/Feb/2024:11:21:42 +0800] "GET /xingrg/kc/buy/cgsh_order_info.html?code=212024021504215 HTTP/1.1" 200 73568
180.164.1.25 - - [15/Feb/2024:11:21:42 +0800] "GET /xingrg/javascript/convert.js HTTP/1.1" 200 1239
180.164.1.25 - - [15/Feb/2024:11:21:42 +0800] "GET /xingrg/javascript/jquery_tools/order_manager.js HTTP/1.1" 200 11183
180.164.1.25 - - [15/Feb/2024:11:21:42 +0800] "GET /xingrg/javascript/json2.js HTTP/1.1" 200 11259
180.164.1.25 - - [15/Feb/2024:11:21:42 +0800] "GET /xingrg/javascript/easyui/themes/icons/copy_new.png HTTP/1.1" 200 815
180.164.1.25 - - [15/Feb/2024:11:21:42 +0800] "GET /xingrg/javascript/easyui/themes/icons/ok.png HTTP/1.1" 200 883
180.164.1.25 - - [15/Feb/2024:11:21:42 +0800] "GET /xingrg/javascript/easyui/themes/default/images/menu_downarrow.png HTTP/1.1" 200 173
180.164.1.25 - - [15/Feb/2024:11:21:42 +0800] "GET /xingrg/javascript/easyui/themes/icons/template_new.png HTTP/1.1" 200 3956
180.164.1.25 - - [15/Feb/2024:11:21:42 +0800] "GET /xingrg/javascript/easyui/themes/icons/print.png HTTP/1.1" 200 1057
180.164.1.25 - - [15/Feb/2024:11:21:42 +0800] "GET /xingrg/javascript/easyui/themes/icons/cancel.png HTTP/1.1" 200 1133
180.164.1.25 - - [15/Feb/2024:11:21:42 +0800] "GET /xingrg/javascript/easyui/themes/default/validatebox.css HTTP/1.1" 404 1104
180.164.1.25 - - [15/Feb/2024:11:21:42 +0800] "GET /xingrg/javascript/easyui/plugins/jquery.validatebox.js HTTP/1.1" 200 6103
180.164.1.25 - - [15/Feb/2024:11:21:42 +0800] "GET /xingrg/javascript/easyui/plugins/jquery.numberbox.js HTTP/1.1" 200 5213
180.164.1.25 - - [15/Feb/2024:11:21:42 +0800] "GET /xingrg/all/common/auto_word.html?type=employee&rest_code=00108 HTTP/1.1" 200 101
180.164.1.25 - - [15/Feb/2024:11:21:42 +0800] "GET /xingrg/all/common/auto_word.html?type=employee&rest_code=00108 HTTP/1.1" 200 101
180.164.1.25 - - [15/Feb/2024:11:21:43 +0800] "POST /xingrg/kc/buy/cgsh_order_operate.html HTTP/1.1" 200 18034
180.164.1.25 - - [15/Feb/2024:11:21:43 +0800] "GET /xingrg/javascript/easyui/themes/icons/edit_remove.png HTTP/1.1" 200 625
180.164.1.25 - - [15/Feb/2024:11:21:45 +0800] "GET /xingrg/all/function/internal_message.html?_=1707967304755&CODE_STATE=getMsg HTTP/1.1" 200 27
120.253.135.82 - - [15/Feb/2024:11:21:46 +0800] "GET /xingrg/all/function/internal_message.html?_=1707967472162&CODE_STATE=getMsg HTTP/1.1" 200 27
101.83.145.37 - - [15/Feb/2024:11:21:51 +0800] "GET /xingrg/all/function/internal_message.html?_=1707967076150&CODE_STATE=getMsg HTTP/1.1" 200 27
124.78.67.200 - - [15/Feb/2024:11:21:52 +0800] "POST /xingrg/kc/buy/cgsh_order_operate.html HTTP/1.1" 200 37
124.78.155.173 - - [15/Feb/2024:11:21:54 +0800] "GET /xingrg/all/function/internal_message.html?_=1707967312893&CODE_STATE=getMsg HTTP/1.1" 200 27
124.78.67.200 - - [15/Feb/2024:11:21:59 +0800] "POST /xingrg/kc/buy/cgsh_order_operate.html HTTP/1.1" 200 12
124.78.155.173 - - [15/Feb/2024:11:22:00 +0800] "GET /xingrg/kc/buy/cgsh_order_operate.html?command=get_materiel&rest_code=00106&code=00101004124&supplier_code=00100086&order_time=2024-02-15 HTTP/1.1" 200 412
114.83.222.2 - - [15/Feb/2024:11:22:08 +0800] "GET /xingrg/all/function/internal_message.html?_=1707967328368&CODE_STATE=getMsg HTTP/1.1" 200 27
124.78.155.173 - - [15/Feb/2024:11:22:10 +0800] "GET /xingrg/kc/buy/cgsh_order_operate.html?command=get_materiel&rest_code=00106&code=00101005088&supplier_code=00100086&order_time=2024-02-15 HTTP/1.1" 200 414
221.239.172.206 - - [15/Feb/2024:11:22:21 +0800] "GET /xingrg/all/function/internal_message.html?_=1707967340510&CODE_STATE=getMsg HTTP/1.1" 200 27
116.232.194.112 - - [15/Feb/2024:11:22:26 +0800] "GET /xingrg/all/function/internal_message.html?_=1707967337150&CODE_STATE=getMsg HTTP/1.1" 200 27
124.78.155.173 - - [15/Feb/2024:11:22:35 +0800] "POST /xingrg/kc/buy/cgsh_order_operate.html HTTP/1.1" 200 37
116.224.254.208 - - [15/Feb/2024:11:22:39 +0800] "GET /xingrg/all/function/internal_message.html?_=1707967359052&CODE_STATE=getMsg HTTP/1.1" 200 27
124.78.155.173 - - [15/Feb/2024:11:22:44 +0800] "POST /xingrg/kc/buy/cgsh_order_operate.html HTTP/1.1" 200 12
180.164.1.25 - - [15/Feb/2024:11:22:45 +0800] "GET /xingrg/all/function/internal_message.html?_=1707967364759&CODE_STATE=getMsg HTTP/1.1" 200 27
120.253.135.82 - - [15/Feb/2024:11:22:46 +0800] "GET /xingrg/all/function/internal_message.html?_=1707967532167&CODE_STATE=getMsg HTTP/1.1" 200 27
124.78.67.200 - - [15/Feb/2024:11:22:48 +0800] "GET /xingrg/kc/buy/cgsh_order_info.html?code=212024021504242 HTTP/1.1" 200 68380
124.78.67.200 - - [15/Feb/2024:11:22:49 +0800] "GET /xingrg/javascript/easyui/themes/default/validatebox.css HTTP/1.1" 404 1104
124.78.155.173 - - [15/Feb/2024:11:22:49 +0800] "GET /xingrg/kc/buy/cgsh_order_info.html?code=212024021504243 HTTP/1.1" 200 68382
124.78.155.173 - - [15/Feb/2024:11:22:49 +0800] "GET /xingrg/javascript/easyui/themes/default/validatebox.css HTTP/1.1" 404 1104
124.78.67.200 - - [15/Feb/2024:11:22:50 +0800] "POST /xingrg/kc/buy/cgsh_order_operate.html HTTP/1.1" 200 1206
124.78.155.173 - - [15/Feb/2024:11:22:50 +0800] "POST /xingrg/kc/buy/cgsh_order_operate.html HTTP/1.1" 200 1207
101.83.145.37 - - [15/Feb/2024:11:22:51 +0800] "GET /xingrg/all/function/internal_message.html?_=1707967136150&CODE_STATE=getMsg HTTP/1.1" 200 27
101.83.145.37 - - [15/Feb/2024:11:22:51 +0800] "GET /xingrg/check_reg.html?_=1707967136387 HTTP/1.1" 200 22
124.78.155.173 - - [15/Feb/2024:11:22:52 +0800] "GET /xingrg/kc/print/load_data.html?order_code=212024021504243&kc_code=cgsh&condition= HTTP/1.1" 200 1011
124.78.155.173 - - [15/Feb/2024:11:22:54 +0800] "GET /xingrg/all/function/internal_message.html?_=1707967372898&CODE_STATE=getMsg HTTP/1.1" 200 27
180.163.29.212 - - [15/Feb/2024:11:22:55 +0800] "GET /xingrg/all/function/internal_message.html?_=1707967312893&CODE_STATE=getMsg HTTP/1.1" 302 -
180.163.29.212 - - [15/Feb/2024:11:22:55 +0800] "GET /xingrg/login.html HTTP/1.1" 200 7641
124.78.67.200 - - [15/Feb/2024:11:22:55 +0800] "GET /xingrg/kc/print/load_data.html?order_code=212024021504242&kc_code=cgsh&condition= HTTP/1.1" 200 1016
221.239.172.206 - - [15/Feb/2024:11:22:57 +0800] "GET /xingrg/check_reg.html?_=1707967375976 HTTP/1.1" 200 22
124.78.67.200 - - [15/Feb/2024:11:23:02 +0800] "POST /xingrg/kc/buy/cgsh_order_operate.html HTTP/1.1" 200 8245
