180.163.28.180 - - [15/Feb/2024:15:51:55 +0800] "GET /xingrg/check_reg.html?_=1707983453184 HTTP/1.1" 302 -
180.163.28.180 - - [15/Feb/2024:15:51:55 +0800] "GET /xingrg/login.html HTTP/1.1" 200 7641
116.235.92.110 - - [15/Feb/2024:15:52:04 +0800] "GET /xingrg/all/function/internal_message.html?_=1707983532086&CODE_STATE=getMsg HTTP/1.1" 200 27
124.78.67.200 - - [15/Feb/2024:15:52:05 +0800] "GET /xingrg/all/function/internal_message.html?_=1707983525060&CODE_STATE=getMsg HTTP/1.1" 200 27
116.224.254.208 - - [15/Feb/2024:15:52:21 +0800] "GET /xingrg/all/function/internal_message.html?_=1707983541687&CODE_STATE=getMsg HTTP/1.1" 200 27
221.239.172.206 - - [15/Feb/2024:15:52:22 +0800] "GET /xingrg/all/function/internal_message.html?_=1707983540806&CODE_STATE=getMsg HTTP/1.1" 200 27
218.81.220.24 - - [15/Feb/2024:15:52:32 +0800] "GET /xingrg/all/function/internal_message.html?_=1707983567672&CODE_STATE=getMsg HTTP/1.1" 200 27
180.164.1.25 - - [15/Feb/2024:15:52:41 +0800] "GET /xingrg/all/function/internal_message.html?_=1707983561084&CODE_STATE=getMsg HTTP/1.1" 200 27
124.78.155.173 - - [15/Feb/2024:15:52:52 +0800] "GET /xingrg/all/function/internal_message.html?_=1707983570113&CODE_STATE=getMsg HTTP/1.1" 200 27
116.232.194.112 - - [15/Feb/2024:15:52:53 +0800] "GET /xingrg/all/function/internal_message.html?_=1707983563854&CODE_STATE=getMsg HTTP/1.1" 200 27
221.239.172.206 - - [15/Feb/2024:15:52:57 +0800] "GET /xingrg/check_reg.html?_=1707983576255 HTTP/1.1" 200 22
116.235.92.110 - - [15/Feb/2024:15:53:04 +0800] "GET /xingrg/all/function/internal_message.html?_=1707983592085&CODE_STATE=getMsg HTTP/1.1" 200 27
124.78.67.200 - - [15/Feb/2024:15:53:05 +0800] "GET /xingrg/all/function/internal_message.html?_=1707983585040&CODE_STATE=getMsg HTTP/1.1" 200 27
116.224.254.208 - - [15/Feb/2024:15:53:21 +0800] "GET /xingrg/all/function/internal_message.html?_=1707983601669&CODE_STATE=getMsg HTTP/1.1" 200 27
221.239.172.206 - - [15/Feb/2024:15:53:22 +0800] "GET /xingrg/all/function/internal_message.html?_=1707983600810&CODE_STATE=getMsg HTTP/1.1" 200 27
124.78.67.200 - - [15/Feb/2024:15:53:27 +0800] "GET /xingrg/check_reg.html?_=1707983607601 HTTP/1.1" 200 22
218.81.220.24 - - [15/Feb/2024:15:53:32 +0800] "GET /xingrg/all/function/internal_message.html?_=1707983627678&CODE_STATE=getMsg HTTP/1.1" 200 27
180.164.1.25 - - [15/Feb/2024:15:53:41 +0800] "GET /xingrg/all/function/internal_message.html?_=1707983621058&CODE_STATE=getMsg HTTP/1.1" 200 27
218.81.220.24 - - [15/Feb/2024:15:53:41 +0800] "GET /xingrg/check_reg.html?_=1707983634538 HTTP/1.1" 302 -
180.164.1.25 - - [15/Feb/2024:15:53:45 +0800] "GET /xingrg/check_reg.html?_=1707983624751 HTTP/1.1" 200 22
124.78.155.173 - - [15/Feb/2024:15:53:52 +0800] "GET /xingrg/all/function/internal_message.html?_=1707983630084&CODE_STATE=getMsg HTTP/1.1" 200 27
180.163.30.85 - - [15/Feb/2024:15:53:52 +0800] "GET /xingrg/all/function/internal_message.html?_=1707983570113&CODE_STATE=getMsg HTTP/1.1" 302 -
116.232.194.112 - - [15/Feb/2024:15:53:53 +0800] "GET /xingrg/all/function/internal_message.html?_=1707983623827&CODE_STATE=getMsg HTTP/1.1" 200 27
180.163.30.85 - - [15/Feb/2024:15:53:54 +0800] "GET /xingrg/login.html HTTP/1.1" 200 7641
116.235.92.110 - - [15/Feb/2024:15:54:04 +0800] "GET /xingrg/all/function/internal_message.html?_=1707983652083&CODE_STATE=getMsg HTTP/1.1" 200 27
124.78.67.200 - - [15/Feb/2024:15:54:05 +0800] "GET /xingrg/all/function/internal_message.html?_=1707983645019&CODE_STATE=getMsg HTTP/1.1" 200 27
116.224.254.208 - - [15/Feb/2024:15:54:21 +0800] "GET /xingrg/all/function/internal_message.html?_=1707983661649&CODE_STATE=getMsg HTTP/1.1" 200 27
221.239.172.206 - - [15/Feb/2024:15:54:22 +0800] "GET /xingrg/all/function/internal_message.html?_=1707983660812&CODE_STATE=getMsg HTTP/1.1" 200 27
218.81.220.24 - - [15/Feb/2024:15:54:33 +0800] "GET /xingrg/all/function/internal_message.html?_=1707983688151&CODE_STATE=getMsg HTTP/1.1" 200 27
180.164.1.25 - - [15/Feb/2024:15:54:41 +0800] "GET /xingrg/all/function/internal_message.html?_=1707983681038&CODE_STATE=getMsg HTTP/1.1" 200 27
124.78.155.173 - - [15/Feb/2024:15:54:51 +0800] "GET /xingrg/all/function/internal_message.html?_=1707983690054&CODE_STATE=getMsg HTTP/1.1" 200 27
180.163.29.234 - - [15/Feb/2024:15:54:52 +0800] "GET /xingrg/all/function/internal_message.html?_=1707983630084&CODE_STATE=getMsg HTTP/1.1" 302 -
180.163.29.234 - - [15/Feb/2024:15:54:52 +0800] "GET /xingrg/login.html HTTP/1.1" 200 7641
116.232.194.112 - - [15/Feb/2024:15:54:53 +0800] "GET /xingrg/all/function/internal_message.html?_=1707983683800&CODE_STATE=getMsg HTTP/1.1" 200 27
218.81.220.24 - - [15/Feb/2024:15:54:59 +0800] "GET /xingrg/check_reg.html?_=1707983714679 HTTP/1.1" 200 22
58.40.7.146 - - [15/Feb/2024:15:55:01 +0800] "POST /xingrg/services/DataTransmitService HTTP/1.1" 200 524
116.235.92.110 - - [15/Feb/2024:15:55:04 +0800] "GET /xingrg/all/function/internal_message.html?_=1707983712082&CODE_STATE=getMsg HTTP/1.1" 200 27
116.235.92.110 - - [15/Feb/2024:15:55:04 +0800] "GET /xingrg/check_reg.html?_=1707983712083 HTTP/1.1" 200 22
124.78.67.200 - - [15/Feb/2024:15:55:04 +0800] "GET /xingrg/all/function/internal_message.html?_=1707983704993&CODE_STATE=getMsg HTTP/1.1" 200 27
116.224.254.208 - - [15/Feb/2024:15:55:21 +0800] "GET /xingrg/all/function/internal_message.html?_=1707983721630&CODE_STATE=getMsg HTTP/1.1" 200 27
221.239.172.206 - - [15/Feb/2024:15:55:22 +0800] "GET /xingrg/all/function/internal_message.html?_=1707983720798&CODE_STATE=getMsg HTTP/1.1" 200 27
116.224.254.208 - - [15/Feb/2024:15:55:23 +0800] "GET /xingrg/check_reg.html?_=1707983723290 HTTP/1.1" 200 22
218.81.220.24 - - [15/Feb/2024:15:55:33 +0800] "GET /xingrg/all/function/internal_message.html?_=1707983748155&CODE_STATE=getMsg HTTP/1.1" 200 27
180.164.1.25 - - [15/Feb/2024:15:55:41 +0800] "GET /xingrg/all/function/internal_message.html?_=1707983741020&CODE_STATE=getMsg HTTP/1.1" 200 27
124.78.155.173 - - [15/Feb/2024:15:55:51 +0800] "GET /xingrg/all/function/internal_message.html?_=1707983750042&CODE_STATE=getMsg HTTP/1.1" 200 27
116.232.194.112 - - [15/Feb/2024:15:55:53 +0800] "GET /xingrg/all/function/internal_message.html?_=1707983743777&CODE_STATE=getMsg HTTP/1.1" 200 27
124.78.155.173 - - [15/Feb/2024:15:55:55 +0800] "GET /xingrg/check_reg.html?_=1707983753166 HTTP/1.1" 200 22
116.235.92.110 - - [15/Feb/2024:15:56:04 +0800] "GET /xingrg/all/function/internal_message.html?_=1707983772082&CODE_STATE=getMsg HTTP/1.1" 200 27
124.78.67.200 - - [15/Feb/2024:15:56:04 +0800] "GET /xingrg/all/function/internal_message.html?_=1707983764973&CODE_STATE=getMsg HTTP/1.1" 200 27
116.224.254.208 - - [15/Feb/2024:15:56:21 +0800] "GET /xingrg/all/function/internal_message.html?_=1707983781621&CODE_STATE=getMsg HTTP/1.1" 200 27
221.239.172.206 - - [15/Feb/2024:15:56:22 +0800] "GET /xingrg/all/function/internal_message.html?_=1707983780800&CODE_STATE=getMsg HTTP/1.1" 200 27
182.127.60.65 - - [15/Feb/2024:15:56:30 +0800] "GET /favicon.ico HTTP/1.1" 404 -
218.81.220.24 - - [15/Feb/2024:15:56:33 +0800] "GET /xingrg/all/function/internal_message.html?_=1707983808168&CODE_STATE=getMsg HTTP/1.1" 200 27
180.164.1.25 - - [15/Feb/2024:15:56:41 +0800] "GET /xingrg/all/function/internal_message.html?_=1707983801002&CODE_STATE=getMsg HTTP/1.1" 200 27
116.235.92.110 - - [15/Feb/2024:15:56:42 +0800] "GET /favicon.ico HTTP/1.1" 404 -
116.232.194.112 - - [15/Feb/2024:15:56:48 +0800] "GET /xingrg/check_reg.html?_=1707983799423 HTTP/1.1" 200 22
180.163.28.143 - - [15/Feb/2024:15:56:51 +0800] "GET /xingrg/all/function/internal_message.html?_=1707983750042&CODE_STATE=getMsg HTTP/1.1" 302 -
124.78.155.173 - - [15/Feb/2024:15:56:51 +0800] "GET /xingrg/all/function/internal_message.html?_=1707983810017&CODE_STATE=getMsg HTTP/1.1" 200 27
116.232.194.112 - - [15/Feb/2024:15:56:53 +0800] "GET /xingrg/all/function/internal_message.html?_=1707983803761&CODE_STATE=getMsg HTTP/1.1" 200 27
180.163.28.143 - - [15/Feb/2024:15:56:55 +0800] "GET /xingrg/login.html HTTP/1.1" 200 7641
116.235.92.110 - - [15/Feb/2024:15:57:04 +0800] "GET /xingrg/all/function/internal_message.html?_=1707983832096&CODE_STATE=getMsg HTTP/1.1" 200 27
124.78.67.200 - - [15/Feb/2024:15:57:04 +0800] "GET /xingrg/all/function/internal_message.html?_=1707983824958&CODE_STATE=getMsg HTTP/1.1" 200 27
116.224.254.208 - - [15/Feb/2024:15:57:21 +0800] "GET /xingrg/all/function/internal_message.html?_=1707983841597&CODE_STATE=getMsg HTTP/1.1" 200 27
221.239.172.206 - - [15/Feb/2024:15:57:22 +0800] "GET /xingrg/all/function/internal_message.html?_=1707983840799&CODE_STATE=getMsg HTTP/1.1" 200 27
218.81.220.24 - - [15/Feb/2024:15:57:33 +0800] "GET /xingrg/all/function/internal_message.html?_=1707983868590&CODE_STATE=getMsg HTTP/1.1" 200 27
180.164.1.25 - - [15/Feb/2024:15:57:41 +0800] "GET /xingrg/all/function/internal_message.html?_=1707983860975&CODE_STATE=getMsg HTTP/1.1" 200 27
124.78.155.173 - - [15/Feb/2024:15:57:51 +0800] "GET /xingrg/all/function/internal_message.html?_=1707983869987&CODE_STATE=getMsg HTTP/1.1" 200 27
116.232.194.112 - - [15/Feb/2024:15:57:53 +0800] "GET /xingrg/all/function/internal_message.html?_=1707983863739&CODE_STATE=getMsg HTTP/1.1" 200 27
221.239.172.206 - - [15/Feb/2024:15:57:57 +0800] "GET /xingrg/check_reg.html?_=1707983876261 HTTP/1.1" 200 22
116.235.92.110 - - [15/Feb/2024:15:58:04 +0800] "GET /xingrg/all/function/internal_message.html?_=1707983892095&CODE_STATE=getMsg HTTP/1.1" 200 27
124.78.67.200 - - [15/Feb/2024:15:58:04 +0800] "GET /xingrg/all/function/internal_message.html?_=1707983884940&CODE_STATE=getMsg HTTP/1.1" 200 27
116.224.254.208 - - [15/Feb/2024:15:58:21 +0800] "GET /xingrg/all/function/internal_message.html?_=1707983901581&CODE_STATE=getMsg HTTP/1.1" 200 27
221.239.172.206 - - [15/Feb/2024:15:58:22 +0800] "GET /xingrg/all/function/internal_message.html?_=1707983900802&CODE_STATE=getMsg HTTP/1.1" 200 27
124.78.67.200 - - [15/Feb/2024:15:58:27 +0800] "GET /xingrg/check_reg.html?_=1707983907581 HTTP/1.1" 200 22
218.81.220.24 - - [15/Feb/2024:15:58:34 +0800] "GET /xingrg/all/function/internal_message.html?_=1707983928929&CODE_STATE=getMsg HTTP/1.1" 200 27
180.164.1.25 - - [15/Feb/2024:15:58:41 +0800] "GET /xingrg/all/function/internal_message.html?_=1707983920974&CODE_STATE=getMsg HTTP/1.1" 200 27
218.81.220.24 - - [15/Feb/2024:15:58:42 +0800] "GET /xingrg/check_reg.html?_=1707983934828 HTTP/1.1" 302 -
180.164.1.25 - - [15/Feb/2024:15:58:45 +0800] "GET /xingrg/check_reg.html?_=1707983924748 HTTP/1.1" 200 22
124.78.155.173 - - [15/Feb/2024:15:58:51 +0800] "GET /xingrg/all/function/internal_message.html?_=1707983929957&CODE_STATE=getMsg HTTP/1.1" 200 27
180.163.30.27 - - [15/Feb/2024:15:58:52 +0800] "GET /xingrg/all/function/internal_message.html?_=1707983869987&CODE_STATE=getMsg HTTP/1.1" 302 -
180.163.30.27 - - [15/Feb/2024:15:58:53 +0800] "GET /xingrg/login.html HTTP/1.1" 200 7641
116.232.194.112 - - [15/Feb/2024:15:58:53 +0800] "GET /xingrg/all/function/internal_message.html?_=1707983923718&CODE_STATE=getMsg HTTP/1.1" 200 27
116.235.92.110 - - [15/Feb/2024:15:59:04 +0800] "GET /xingrg/all/function/internal_message.html?_=1707983952094&CODE_STATE=getMsg HTTP/1.1" 200 27
124.78.67.200 - - [15/Feb/2024:15:59:04 +0800] "GET /xingrg/all/function/internal_message.html?_=1707983944919&CODE_STATE=getMsg HTTP/1.1" 200 27
116.224.254.208 - - [15/Feb/2024:15:59:21 +0800] "GET /xingrg/all/function/internal_message.html?_=1707983961559&CODE_STATE=getMsg HTTP/1.1" 200 27
221.239.172.206 - - [15/Feb/2024:15:59:22 +0800] "GET /xingrg/all/function/internal_message.html?_=1707983960808&CODE_STATE=getMsg HTTP/1.1" 200 27
116.232.194.112 - - [15/Feb/2024:15:59:31 +0800] "POST /xingrg/services/DataTransmitService HTTP/1.1" 200 524
218.81.220.24 - - [15/Feb/2024:15:59:34 +0800] "GET /xingrg/all/function/internal_message.html?_=1707983988943&CODE_STATE=getMsg HTTP/1.1" 200 27
116.232.194.112 - - [15/Feb/2024:15:59:34 +0800] "POST /xingrg/services/DataTransmitService HTTP/1.1" 200 501
116.232.194.112 - - [15/Feb/2024:15:59:35 +0800] "POST /xingrg/services/DataTransmitService HTTP/1.1" 200 501
116.232.194.112 - - [15/Feb/2024:15:59:40 +0800] "POST /xingrg/services/DataTransmitService HTTP/1.1" 200 501
180.164.1.25 - - [15/Feb/2024:15:59:41 +0800] "GET /xingrg/all/function/internal_message.html?_=1707983980956&CODE_STATE=getMsg HTTP/1.1" 200 27
116.232.194.112 - - [15/Feb/2024:15:59:45 +0800] "POST /xingrg/services/DataTransmitService HTTP/1.1" 200 501
116.232.194.112 - - [15/Feb/2024:15:59:45 +0800] "POST /xingrg/services/DataTransmitService HTTP/1.1" 200 501
116.232.194.112 - - [15/Feb/2024:15:59:46 +0800] "POST /xingrg/services/DataTransmitService HTTP/1.1" 200 501
116.232.194.112 - - [15/Feb/2024:15:59:48 +0800] "POST /xingrg/services/DataTransmitService HTTP/1.1" 200 501
116.232.194.112 - - [15/Feb/2024:15:59:49 +0800] "POST /xingrg/services/DataTransmitService HTTP/1.1" 200 501
116.232.194.112 - - [15/Feb/2024:15:59:49 +0800] "POST /xingrg/services/DataTransmitService HTTP/1.1" 200 501
116.232.194.112 - - [15/Feb/2024:15:59:50 +0800] "POST /xingrg/services/DataTransmitService HTTP/1.1" 200 412
180.163.30.27 - - [15/Feb/2024:15:59:51 +0800] "GET /xingrg/all/function/internal_message.html?_=1707983929957&CODE_STATE=getMsg HTTP/1.1" 302 -
124.78.155.173 - - [15/Feb/2024:15:59:51 +0800] "GET /xingrg/all/function/internal_message.html?_=1707983989952&CODE_STATE=getMsg HTTP/1.1" 200 27
116.232.194.112 - - [15/Feb/2024:15:59:53 +0800] "GET /xingrg/all/function/internal_message.html?_=1707983983718&CODE_STATE=getMsg HTTP/1.1" 200 27
180.163.30.27 - - [15/Feb/2024:15:59:53 +0800] "GET /xingrg/login.html HTTP/1.1" 200 7641
218.81.220.24 - - [15/Feb/2024:16:00:00 +0800] "GET /xingrg/check_reg.html?_=1707984015114 HTTP/1.1" 200 22
116.235.92.110 - - [15/Feb/2024:16:00:04 +0800] "GET /xingrg/check_reg.html?_=1707984012093 HTTP/1.1" 200 22
116.235.92.110 - - [15/Feb/2024:16:00:04 +0800] "GET /xingrg/all/function/internal_message.html?_=1707984012094&CODE_STATE=getMsg HTTP/1.1" 200 27
124.78.67.200 - - [15/Feb/2024:16:00:04 +0800] "GET /xingrg/all/function/internal_message.html?_=1707984004900&CODE_STATE=getMsg HTTP/1.1" 200 27
116.224.254.208 - - [15/Feb/2024:16:00:21 +0800] "GET /xingrg/all/function/internal_message.html?_=1707984021538&CODE_STATE=getMsg HTTP/1.1" 200 27
221.239.172.206 - - [15/Feb/2024:16:00:22 +0800] "GET /xingrg/all/function/internal_message.html?_=1707984020807&CODE_STATE=getMsg HTTP/1.1" 200 27
116.224.254.208 - - [15/Feb/2024:16:00:23 +0800] "GET /xingrg/check_reg.html?_=1707984023279 HTTP/1.1" 200 22
218.81.220.24 - - [15/Feb/2024:16:00:34 +0800] "GET /xingrg/all/function/internal_message.html?_=1707984048958&CODE_STATE=getMsg HTTP/1.1" 200 27
180.164.1.25 - - [15/Feb/2024:16:00:41 +0800] "GET /xingrg/all/function/internal_message.html?_=1707984040928&CODE_STATE=getMsg HTTP/1.1" 200 27
124.78.155.173 - - [15/Feb/2024:16:00:51 +0800] "GET /xingrg/all/function/internal_message.html?_=1707984049922&CODE_STATE=getMsg HTTP/1.1" 200 27
116.232.194.112 - - [15/Feb/2024:16:00:53 +0800] "GET /xingrg/all/function/internal_message.html?_=1707984043694&CODE_STATE=getMsg HTTP/1.1" 200 27
124.78.155.173 - - [15/Feb/2024:16:00:55 +0800] "GET /xingrg/check_reg.html?_=1707984053154 HTTP/1.1" 200 22
116.235.92.110 - - [15/Feb/2024:16:01:04 +0800] "GET /xingrg/all/function/internal_message.html?_=1707984072118&CODE_STATE=getMsg HTTP/1.1" 200 27
124.78.67.200 - - [15/Feb/2024:16:01:04 +0800] "GET /xingrg/all/function/internal_message.html?_=1707984064888&CODE_STATE=getMsg HTTP/1.1" 200 27
116.224.254.208 - - [15/Feb/2024:16:01:21 +0800] "GET /xingrg/all/function/internal_message.html?_=1707984081541&CODE_STATE=getMsg HTTP/1.1" 200 27
221.239.172.206 - - [15/Feb/2024:16:01:22 +0800] "GET /xingrg/all/function/internal_message.html?_=1707984080806&CODE_STATE=getMsg HTTP/1.1" 200 27
218.81.220.24 - - [15/Feb/2024:16:01:34 +0800] "GET /xingrg/all/function/internal_message.html?_=1707984108975&CODE_STATE=getMsg HTTP/1.1" 200 27
180.164.1.25 - - [15/Feb/2024:16:01:41 +0800] "GET /xingrg/all/function/internal_message.html?_=1707984100902&CODE_STATE=getMsg HTTP/1.1" 200 27
116.235.92.110 - - [15/Feb/2024:16:01:44 +0800] "GET /favicon.ico HTTP/1.1" 404 -
116.232.194.112 - - [15/Feb/2024:16:01:48 +0800] "GET /xingrg/check_reg.html?_=1707984099412 HTTP/1.1" 200 22
124.78.155.173 - - [15/Feb/2024:16:01:51 +0800] "GET /xingrg/all/function/internal_message.html?_=1707984109904&CODE_STATE=getMsg HTTP/1.1" 200 27
116.232.194.112 - - [15/Feb/2024:16:01:53 +0800] "GET /xingrg/all/function/internal_message.html?_=1707984103670&CODE_STATE=getMsg HTTP/1.1" 200 27
116.235.92.110 - - [15/Feb/2024:16:02:04 +0800] "GET /xingrg/all/function/internal_message.html?_=1707984132117&CODE_STATE=getMsg HTTP/1.1" 200 27
124.78.67.200 - - [15/Feb/2024:16:02:04 +0800] "GET /xingrg/all/function/internal_message.html?_=1707984124877&CODE_STATE=getMsg HTTP/1.1" 200 27
116.224.254.208 - - [15/Feb/2024:16:02:21 +0800] "GET /xingrg/all/function/internal_message.html?_=1707984141525&CODE_STATE=getMsg HTTP/1.1" 200 27
221.239.172.206 - - [15/Feb/2024:16:02:22 +0800] "GET /xingrg/all/function/internal_message.html?_=1707984140804&CODE_STATE=getMsg HTTP/1.1" 200 27
218.81.220.24 - - [15/Feb/2024:16:02:34 +0800] "GET /xingrg/all/function/internal_message.html?_=1707984169417&CODE_STATE=getMsg HTTP/1.1" 200 27
180.164.1.25 - - [15/Feb/2024:16:02:41 +0800] "GET /xingrg/all/function/internal_message.html?_=1707984160900&CODE_STATE=getMsg HTTP/1.1" 200 27
124.78.155.173 - - [15/Feb/2024:16:02:51 +0800] "GET /xingrg/all/function/internal_message.html?_=1707984169875&CODE_STATE=getMsg HTTP/1.1" 200 27
116.232.194.112 - - [15/Feb/2024:16:02:53 +0800] "GET /xingrg/all/function/internal_message.html?_=1707984163651&CODE_STATE=getMsg HTTP/1.1" 200 27
221.239.172.206 - - [15/Feb/2024:16:02:57 +0800] "GET /xingrg/check_reg.html?_=1707984176265 HTTP/1.1" 200 22
116.235.92.110 - - [15/Feb/2024:16:03:04 +0800] "GET /xingrg/all/function/internal_message.html?_=1707984192115&CODE_STATE=getMsg HTTP/1.1" 200 27
124.78.67.200 - - [15/Feb/2024:16:03:04 +0800] "GET /xingrg/all/function/internal_message.html?_=1707984184858&CODE_STATE=getMsg HTTP/1.1" 200 27
116.224.254.208 - - [15/Feb/2024:16:03:21 +0800] "GET /xingrg/all/function/internal_message.html?_=1707984201502&CODE_STATE=getMsg HTTP/1.1" 200 27
221.239.172.206 - - [15/Feb/2024:16:03:22 +0800] "GET /xingrg/all/function/internal_message.html?_=1707984200805&CODE_STATE=getMsg HTTP/1.1" 200 27
124.78.67.200 - - [15/Feb/2024:16:03:27 +0800] "GET /xingrg/check_reg.html?_=1707984207562 HTTP/1.1" 200 22
218.81.220.24 - - [15/Feb/2024:16:03:34 +0800] "GET /xingrg/all/function/internal_message.html?_=1707984229418&CODE_STATE=getMsg HTTP/1.1" 200 27
180.164.1.25 - - [15/Feb/2024:16:03:41 +0800] "GET /xingrg/all/function/internal_message.html?_=1707984220894&CODE_STATE=getMsg HTTP/1.1" 200 27
218.81.220.24 - - [15/Feb/2024:16:03:42 +0800] "GET /xingrg/check_reg.html?_=1707984235107 HTTP/1.1" 302 -
180.164.1.25 - - [15/Feb/2024:16:03:45 +0800] "GET /xingrg/check_reg.html?_=1707984224740 HTTP/1.1" 200 22
124.78.155.173 - - [15/Feb/2024:16:03:51 +0800] "GET /xingrg/all/function/internal_message.html?_=1707984229845&CODE_STATE=getMsg HTTP/1.1" 200 27
116.232.194.112 - - [15/Feb/2024:16:03:53 +0800] "GET /xingrg/all/function/internal_message.html?_=1707984223633&CODE_STATE=getMsg HTTP/1.1" 200 27
116.235.92.110 - - [15/Feb/2024:16:04:04 +0800] "GET /xingrg/all/function/internal_message.html?_=1707984252115&CODE_STATE=getMsg HTTP/1.1" 200 27
124.78.67.200 - - [15/Feb/2024:16:04:04 +0800] "GET /xingrg/all/function/internal_message.html?_=1707984244853&CODE_STATE=getMsg HTTP/1.1" 200 27
116.224.254.208 - - [15/Feb/2024:16:04:21 +0800] "GET /xingrg/all/function/internal_message.html?_=1707984261483&CODE_STATE=getMsg HTTP/1.1" 200 27
221.239.172.206 - - [15/Feb/2024:16:04:22 +0800] "GET /xingrg/all/function/internal_message.html?_=1707984260811&CODE_STATE=getMsg HTTP/1.1" 200 27
218.81.220.24 - - [15/Feb/2024:16:04:35 +0800] "GET /xingrg/all/function/internal_message.html?_=1707984289872&CODE_STATE=getMsg HTTP/1.1" 200 27
180.164.1.25 - - [15/Feb/2024:16:04:41 +0800] "GET /xingrg/all/function/internal_message.html?_=1707984280870&CODE_STATE=getMsg HTTP/1.1" 200 27
218.81.220.24 - - [15/Feb/2024:16:04:50 +0800] "POST /xingrg/services/DataTransmitService HTTP/1.1" 200 524
124.78.155.173 - - [15/Feb/2024:16:04:51 +0800] "GET /xingrg/all/function/internal_message.html?_=1707984289818&CODE_STATE=getMsg HTTP/1.1" 200 27
116.232.194.112 - - [15/Feb/2024:16:04:53 +0800] "GET /xingrg/all/function/internal_message.html?_=1707984283608&CODE_STATE=getMsg HTTP/1.1" 200 27
218.81.220.24 - - [15/Feb/2024:16:05:00 +0800] "GET /xingrg/check_reg.html?_=1707984315115 HTTP/1.1" 200 22
116.235.92.110 - - [15/Feb/2024:16:05:04 +0800] "GET /xingrg/all/function/internal_message.html?_=1707984312114&CODE_STATE=getMsg HTTP/1.1" 200 27
116.235.92.110 - - [15/Feb/2024:16:05:04 +0800] "GET /xingrg/check_reg.html?_=1707984312115 HTTP/1.1" 200 22
124.78.67.200 - - [15/Feb/2024:16:05:04 +0800] "GET /xingrg/all/function/internal_message.html?_=1707984304841&CODE_STATE=getMsg HTTP/1.1" 200 27
116.230.123.222 - - [15/Feb/2024:16:05:20 +0800] "GET /xingrg/index.html?sysBaseUrl=http%3A%2F%2F180.169.147.146%3A18081%2Fxingrg%2F&costTime=819×tamp=1707878426976 HTTP/1.1" 200 17413
116.230.123.222 - - [15/Feb/2024:16:05:20 +0800] "GET /favicon.ico HTTP/1.1" 404 -
116.230.123.222 - - [15/Feb/2024:16:05:20 +0800] "GET /xingrg/all/function/internal_message.html?_=1707984319717&CODE_STATE=count HTTP/1.1" 200 11
116.230.123.222 - - [15/Feb/2024:16:05:20 +0800] "GET /xingrg/check_reg.html?_=1707984319718 HTTP/1.1" 200 22
116.230.123.222 - - [15/Feb/2024:16:05:21 +0800] "POST /xingrg/all/common/load_tree.html?tree=area_rest_tree_json&manage=1 HTTP/1.1" 200 470
116.230.123.222 - - [15/Feb/2024:16:05:21 +0800] "POST /xingrg/load_menu.html HTTP/1.1" 200 9959
218.81.220.24 - - [15/Feb/2024:16:05:21 +0800] "POST /xingrg/services/DataTransmitService HTTP/1.1" 200 501
116.224.254.208 - - [15/Feb/2024:16:05:21 +0800] "GET /xingrg/all/function/internal_message.html?_=1707984321457&CODE_STATE=getMsg HTTP/1.1" 200 27
116.230.123.222 - - [15/Feb/2024:16:05:21 +0800] "GET /xingrg/all/function/internal_message.html?_=1707984320555&CODE_STATE=getMsg HTTP/1.1" 200 27
221.239.172.206 - - [15/Feb/2024:16:05:22 +0800] "GET /xingrg/all/function/internal_message.html?_=1707984320809&CODE_STATE=getMsg HTTP/1.1" 200 27
218.81.220.24 - - [15/Feb/2024:16:05:22 +0800] "POST /xingrg/services/DataTransmitService HTTP/1.1" 200 501
124.78.155.173 - - [15/Feb/2024:16:05:22 +0800] "POST /xingrg/services/DataTransmitService HTTP/1.1" 200 524
116.224.254.208 - - [15/Feb/2024:16:05:23 +0800] "GET /xingrg/check_reg.html?_=1707984323288 HTTP/1.1" 200 22
124.78.155.173 - - [15/Feb/2024:16:05:27 +0800] "POST /xingrg/services/DataTransmitService HTTP/1.1" 200 501
218.81.220.24 - - [15/Feb/2024:16:05:35 +0800] "GET /xingrg/all/function/internal_message.html?_=1707984349883&CODE_STATE=getMsg HTTP/1.1" 200 27
218.81.220.24 - - [15/Feb/2024:16:05:40 +0800] "POST /xingrg/services/DataTransmitService HTTP/1.1" 200 501
180.164.1.25 - - [15/Feb/2024:16:05:41 +0800] "GET /xingrg/all/function/internal_message.html?_=1707984340857&CODE_STATE=getMsg HTTP/1.1" 200 27
116.230.123.222 - - [15/Feb/2024:16:05:48 +0800] "GET /xingrg/kc/buy/buy_main.html HTTP/1.1" 200 12412
116.230.123.222 - - [15/Feb/2024:16:05:48 +0800] "GET /xingrg/css/new_ie.css HTTP/1.1" 404 1036
116.230.123.222 - - [15/Feb/2024:16:05:49 +0800] "GET /xingrg/images/yd/bt.gif HTTP/1.1" 404 1040
116.230.123.222 - - [15/Feb/2024:16:05:50 +0800] "GET /xingrg/kc/buy/cgsh_order_list.html HTTP/1.1" 200 57692
116.230.123.222 - - [15/Feb/2024:16:05:50 +0800] "GET /xingrg/javascript/jquery_tools/images/prev.gif HTTP/1.1" 404 1086
116.230.123.222 - - [15/Feb/2024:16:05:50 +0800] "GET /xingrg/javascript/jquery_tools/images/next.gif HTTP/1.1" 404 1086
180.163.29.103 - - [15/Feb/2024:16:05:51 +0800] "GET /xingrg/all/function/internal_message.html?_=1707984289818&CODE_STATE=getMsg HTTP/1.1" 302 -
124.78.155.173 - - [15/Feb/2024:16:05:51 +0800] "GET /xingrg/all/function/internal_message.html?_=1707984349794&CODE_STATE=getMsg HTTP/1.1" 200 27
180.163.29.103 - - [15/Feb/2024:16:05:52 +0800] "GET /xingrg/login.html HTTP/1.1" 200 7641
116.232.194.112 - - [15/Feb/2024:16:05:53 +0800] "GET /xingrg/all/function/internal_message.html?_=1707984343589&CODE_STATE=getMsg HTTP/1.1" 200 27
116.230.123.222 - - [15/Feb/2024:16:05:54 +0800] "POST /xingrg/kc/buy/cgsh_list_operate.html HTTP/1.1" 200 1858
218.81.220.24 - - [15/Feb/2024:16:05:54 +0800] "POST /xingrg/services/DataTransmitService HTTP/1.1" 200 501
124.78.155.173 - - [15/Feb/2024:16:05:55 +0800] "GET /xingrg/check_reg.html?_=1707984353135 HTTP/1.1" 200 22
218.81.220.24 - - [15/Feb/2024:16:05:56 +0800] "POST /xingrg/services/DataTransmitService HTTP/1.1" 200 501
116.230.123.222 - - [15/Feb/2024:16:05:56 +0800] "GET /xingrg/kc/buy/cgsh_order_add.html HTTP/1.1" 200 73423
116.230.123.222 - - [15/Feb/2024:16:05:57 +0800] "POST /xingrg/kc/buy/cgsh_order_operate.html HTTP/1.1" 200 8245
116.230.123.222 - - [15/Feb/2024:16:05:57 +0800] "GET /xingrg/javascript/easyui/themes/default/validatebox.css HTTP/1.1" 404 1104
116.230.123.222 - - [15/Feb/2024:16:05:57 +0800] "GET /xingrg/all/common/auto_word.html?type=employee&rest_code=00111 HTTP/1.1" 200 105
116.230.123.222 - - [15/Feb/2024:16:05:57 +0800] "GET /xingrg/all/common/auto_word.html?type=employee&rest_code=00111 HTTP/1.1" 200 105
116.230.123.222 - - [15/Feb/2024:16:06:00 +0800] "POST /xingrg/kc/buy/cgsh_list_operate.html HTTP/1.1" 200 570
218.81.220.24 - - [15/Feb/2024:16:06:02 +0800] "POST /xingrg/services/DataTransmitService HTTP/1.1" 200 501
116.235.92.110 - - [15/Feb/2024:16:06:04 +0800] "GET /xingrg/all/function/internal_message.html?_=1707984372114&CODE_STATE=getMsg HTTP/1.1" 200 27
218.81.220.24 - - [15/Feb/2024:16:06:04 +0800] "POST /xingrg/services/DataTransmitService HTTP/1.1" 200 501
124.78.67.200 - - [15/Feb/2024:16:06:04 +0800] "GET /xingrg/all/function/internal_message.html?_=1707984364815&CODE_STATE=getMsg HTTP/1.1" 200 27
218.81.220.24 - - [15/Feb/2024:16:06:06 +0800] "POST /xingrg/services/DataTransmitService HTTP/1.1" 200 501
218.81.220.24 - - [15/Feb/2024:16:06:06 +0800] "POST /xingrg/services/DataTransmitService HTTP/1.1" 200 412
116.230.123.222 - - [15/Feb/2024:16:06:09 +0800] "POST /xingrg/kc/buy/cgsh_list_operate.html HTTP/1.1" 200 4
116.230.123.222 - - [15/Feb/2024:16:06:12 +0800] "POST /xingrg/kc/buy/cgsh_list_operate.html HTTP/1.1" 200 986
116.230.123.222 - - [15/Feb/2024:16:06:14 +0800] "GET /xingrg/kc/buy/cgsh_order_add.html HTTP/1.1" 200 73423
116.230.123.222 - - [15/Feb/2024:16:06:14 +0800] "POST /xingrg/kc/buy/cgsh_order_operate.html HTTP/1.1" 200 8245
116.230.123.222 - - [15/Feb/2024:16:06:14 +0800] "GET /xingrg/javascript/easyui/themes/default/validatebox.css HTTP/1.1" 404 1104
116.230.123.222 - - [15/Feb/2024:16:06:15 +0800] "GET /xingrg/javascript/auto/indicator.gif HTTP/1.1" 404 1066
116.230.123.222 - - [15/Feb/2024:16:06:21 +0800] "GET /xingrg/all/function/internal_message.html?_=1707984379732&CODE_STATE=getMsg HTTP/1.1" 200 27
116.224.254.208 - - [15/Feb/2024:16:06:21 +0800] "GET /xingrg/all/function/internal_message.html?_=1707984381438&CODE_STATE=getMsg HTTP/1.1" 200 27
116.230.123.222 - - [15/Feb/2024:16:06:21 +0800] "GET /xingrg/all/function/internal_message.html?_=1707984380539&CODE_STATE=getMsg HTTP/1.1" 200 27
221.239.172.206 - - [15/Feb/2024:16:06:22 +0800] "GET /xingrg/all/function/internal_message.html?_=1707984380812&CODE_STATE=getMsg HTTP/1.1" 200 27
116.230.123.222 - - [15/Feb/2024:16:06:26 +0800] "GET /xingrg/kc/buy/cgsh_order_operate.html?command=get_materiel&rest_code=00111&code=00101002006&supplier_code=00100091&order_time=2024-02-15 HTTP/1.1" 200 434
218.81.220.24 - - [15/Feb/2024:16:06:35 +0800] "GET /xingrg/all/function/internal_message.html?_=1707984409897&CODE_STATE=getMsg HTTP/1.1" 200 27
180.164.1.25 - - [15/Feb/2024:16:06:41 +0800] "GET /xingrg/all/function/internal_message.html?_=1707984400829&CODE_STATE=getMsg HTTP/1.1" 200 27
116.232.194.112 - - [15/Feb/2024:16:06:48 +0800] "GET /xingrg/check_reg.html?_=1707984399402 HTTP/1.1" 200 22
124.78.155.173 - - [15/Feb/2024:16:06:51 +0800] "GET /xingrg/all/function/internal_message.html?_=1707984409768&CODE_STATE=getMsg HTTP/1.1" 200 27
116.232.194.112 - - [15/Feb/2024:16:06:53 +0800] "GET /xingrg/all/function/internal_message.html?_=1707984403570&CODE_STATE=getMsg HTTP/1.1" 200 27
116.235.92.110 - - [15/Feb/2024:16:07:04 +0800] "GET /xingrg/all/function/internal_message.html?_=1707984432114&CODE_STATE=getMsg HTTP/1.1" 200 27
124.78.67.200 - - [15/Feb/2024:16:07:04 +0800] "GET /xingrg/all/function/internal_message.html?_=1707984424803&CODE_STATE=getMsg HTTP/1.1" 200 27
116.230.123.222 - - [15/Feb/2024:16:07:21 +0800] "GET /xingrg/all/function/internal_message.html?_=1707984439735&CODE_STATE=getMsg HTTP/1.1" 200 27
116.224.254.208 - - [15/Feb/2024:16:07:21 +0800] "GET /xingrg/all/function/internal_message.html?_=1707984441433&CODE_STATE=getMsg HTTP/1.1" 200 27
116.230.123.222 - - [15/Feb/2024:16:07:21 +0800] "GET /xingrg/check_reg.html?_=1707984440524 HTTP/1.1" 200 22
116.230.123.222 - - [15/Feb/2024:16:07:21 +0800] "GET /xingrg/all/function/internal_message.html?_=1707984440528&CODE_STATE=getMsg HTTP/1.1" 200 27
221.239.172.206 - - [15/Feb/2024:16:07:22 +0800] "GET /xingrg/all/function/internal_message.html?_=1707984440811&CODE_STATE=getMsg HTTP/1.1" 200 27
218.81.220.24 - - [15/Feb/2024:16:07:35 +0800] "GET /xingrg/all/function/internal_message.html?_=1707984470349&CODE_STATE=getMsg HTTP/1.1" 200 27
180.164.1.25 - - [15/Feb/2024:16:07:41 +0800] "GET /xingrg/all/function/internal_message.html?_=1707984460815&CODE_STATE=getMsg HTTP/1.1" 200 27
124.78.155.173 - - [15/Feb/2024:16:07:51 +0800] "GET /xingrg/all/function/internal_message.html?_=1707984469737&CODE_STATE=getMsg HTTP/1.1" 200 27
116.232.194.112 - - [15/Feb/2024:16:07:53 +0800] "GET /xingrg/all/function/internal_message.html?_=1707984463558&CODE_STATE=getMsg HTTP/1.1" 200 27
221.239.172.206 - - [15/Feb/2024:16:07:57 +0800] "GET /xingrg/check_reg.html?_=1707984476270 HTTP/1.1" 200 22
116.235.92.110 - - [15/Feb/2024:16:08:04 +0800] "GET /xingrg/all/function/internal_message.html?_=1707984492111&CODE_STATE=getMsg HTTP/1.1" 200 27
124.78.67.200 - - [15/Feb/2024:16:08:04 +0800] "GET /xingrg/all/function/internal_message.html?_=1707984484777&CODE_STATE=getMsg HTTP/1.1" 200 27
116.230.123.222 - - [15/Feb/2024:16:08:21 +0800] "GET /xingrg/all/function/internal_message.html?_=1707984499730&CODE_STATE=getMsg HTTP/1.1" 200 27
116.224.254.208 - - [15/Feb/2024:16:08:21 +0800] "GET /xingrg/all/function/internal_message.html?_=1707984501410&CODE_STATE=getMsg HTTP/1.1" 200 27
116.230.123.222 - - [15/Feb/2024:16:08:21 +0800] "GET /xingrg/all/function/internal_message.html?_=1707984500511&CODE_STATE=getMsg HTTP/1.1" 200 27
221.239.172.206 - - [15/Feb/2024:16:08:22 +0800] "GET /xingrg/all/function/internal_message.html?_=1707984500811&CODE_STATE=getMsg HTTP/1.1" 200 27
124.78.67.200 - - [15/Feb/2024:16:08:27 +0800] "GET /xingrg/check_reg.html?_=1707984507542 HTTP/1.1" 200 22
218.81.220.24 - - [15/Feb/2024:16:08:35 +0800] "GET /xingrg/all/function/internal_message.html?_=1707984530360&CODE_STATE=getMsg HTTP/1.1" 200 27
180.164.1.25 - - [15/Feb/2024:16:08:41 +0800] "GET /xingrg/all/function/internal_message.html?_=1707984520804&CODE_STATE=getMsg HTTP/1.1" 200 27
218.81.220.24 - - [15/Feb/2024:16:08:42 +0800] "GET /xingrg/check_reg.html?_=1707984535381 HTTP/1.1" 302 -
114.83.222.2 - - [15/Feb/2024:16:08:44 +0800] "POST /xingrg/services/DataTransmitService HTTP/1.1" 200 524
180.164.1.25 - - [15/Feb/2024:16:08:45 +0800] "GET /xingrg/check_reg.html?_=1707984524757 HTTP/1.1" 200 22
180.163.29.103 - - [15/Feb/2024:16:08:51 +0800] "GET /xingrg/all/function/internal_message.html?_=1707984469737&CODE_STATE=getMsg HTTP/1.1" 302 -
124.78.155.173 - - [15/Feb/2024:16:08:51 +0800] "GET /xingrg/all/function/internal_message.html?_=1707984529725&CODE_STATE=getMsg HTTP/1.1" 200 27
180.163.29.103 - - [15/Feb/2024:16:08:52 +0800] "GET /xingrg/login.html HTTP/1.1" 200 7641
116.232.194.112 - - [15/Feb/2024:16:08:53 +0800] "GET /xingrg/all/function/internal_message.html?_=1707984523537&CODE_STATE=getMsg HTTP/1.1" 200 27
116.235.92.110 - - [15/Feb/2024:16:09:04 +0800] "GET /xingrg/all/function/internal_message.html?_=1707984552112&CODE_STATE=getMsg HTTP/1.1" 200 27
124.78.67.200 - - [15/Feb/2024:16:09:04 +0800] "GET /xingrg/all/function/internal_message.html?_=1707984544752&CODE_STATE=getMsg HTTP/1.1" 200 27
116.230.123.222 - - [15/Feb/2024:16:09:21 +0800] "GET /xingrg/all/function/internal_message.html?_=1707984559722&CODE_STATE=getMsg HTTP/1.1" 200 27
116.224.254.208 - - [15/Feb/2024:16:09:21 +0800] "GET /xingrg/all/function/internal_message.html?_=1707984561391&CODE_STATE=getMsg HTTP/1.1" 200 27
116.230.123.222 - - [15/Feb/2024:16:09:21 +0800] "GET /xingrg/all/function/internal_message.html?_=1707984560495&CODE_STATE=getMsg HTTP/1.1" 200 27
221.239.172.206 - - [15/Feb/2024:16:09:22 +0800] "GET /xingrg/all/function/internal_message.html?_=1707984560819&CODE_STATE=getMsg HTTP/1.1" 200 27
218.81.220.24 - - [15/Feb/2024:16:09:36 +0800] "GET /xingrg/all/function/internal_message.html?_=1707984590834&CODE_STATE=getMsg HTTP/1.1" 200 27
180.164.1.25 - - [15/Feb/2024:16:09:41 +0800] "GET /xingrg/all/function/internal_message.html?_=1707984580787&CODE_STATE=getMsg HTTP/1.1" 200 27
222.70.115.1 - - [15/Feb/2024:16:09:41 +0800] "POST /xingrg/services/DataTransmitService HTTP/1.1" 200 524
222.70.115.1 - - [15/Feb/2024:16:09:42 +0800] "POST /xingrg/services/DataTransmitService HTTP/1.1" 200 501
124.78.155.173 - - [15/Feb/2024:16:09:51 +0800] "GET /xingrg/all/function/internal_message.html?_=1707984589698&CODE_STATE=getMsg HTTP/1.1" 200 27
116.232.194.112 - - [15/Feb/2024:16:09:53 +0800] "GET /xingrg/all/function/internal_message.html?_=1707984583518&CODE_STATE=getMsg HTTP/1.1" 200 27
218.81.220.24 - - [15/Feb/2024:16:10:00 +0800] "GET /xingrg/check_reg.html?_=1707984615115 HTTP/1.1" 200 22
116.235.92.110 - - [15/Feb/2024:16:10:04 +0800] "GET /xingrg/all/function/internal_message.html?_=1707984612110&CODE_STATE=getMsg HTTP/1.1" 200 27
116.235.92.110 - - [15/Feb/2024:16:10:04 +0800] "GET /xingrg/check_reg.html?_=1707984612113 HTTP/1.1" 200 22
124.78.67.200 - - [15/Feb/2024:16:10:04 +0800] "GET /xingrg/all/function/internal_message.html?_=1707984604725&CODE_STATE=getMsg HTTP/1.1" 200 27
116.230.123.222 - - [15/Feb/2024:16:10:21 +0800] "GET /xingrg/check_reg.html?_=1707984619723 HTTP/1.1" 200 22
116.230.123.222 - - [15/Feb/2024:16:10:21 +0800] "GET /xingrg/all/function/internal_message.html?_=1707984619727&CODE_STATE=getMsg HTTP/1.1" 200 27
116.224.254.208 - - [15/Feb/2024:16:10:21 +0800] "GET /xingrg/all/function/internal_message.html?_=1707984621369&CODE_STATE=getMsg HTTP/1.1" 200 27
116.230.123.222 - - [15/Feb/2024:16:10:21 +0800] "GET /xingrg/all/function/internal_message.html?_=1707984620480&CODE_STATE=getMsg HTTP/1.1" 200 27
221.239.172.206 - - [15/Feb/2024:16:10:22 +0800] "GET /xingrg/all/function/internal_message.html?_=1707984620818&CODE_STATE=getMsg HTTP/1.1" 200 27
116.224.254.208 - - [15/Feb/2024:16:10:23 +0800] "GET /xingrg/check_reg.html?_=1707984623285 HTTP/1.1" 200 22
218.81.220.24 - - [15/Feb/2024:16:10:36 +0800] "GET /xingrg/all/function/internal_message.html?_=1707984650840&CODE_STATE=getMsg HTTP/1.1" 200 27
180.164.1.25 - - [15/Feb/2024:16:10:41 +0800] "GET /xingrg/all/function/internal_message.html?_=1707984640777&CODE_STATE=getMsg HTTP/1.1" 200 27
180.164.1.25 - - [15/Feb/2024:16:10:49 +0800] "POST /xingrg/services/DataTransmitService HTTP/1.1" 200 524
180.163.30.100 - - [15/Feb/2024:16:10:51 +0800] "GET /xingrg/all/function/internal_message.html?_=1707984589698&CODE_STATE=getMsg HTTP/1.1" 302 -
124.78.155.173 - - [15/Feb/2024:16:10:51 +0800] "GET /xingrg/all/function/internal_message.html?_=1707984649668&CODE_STATE=getMsg HTTP/1.1" 200 27
180.163.30.100 - - [15/Feb/2024:16:10:52 +0800] "GET /xingrg/login.html HTTP/1.1" 200 7641
116.232.194.112 - - [15/Feb/2024:16:10:53 +0800] "GET /xingrg/all/function/internal_message.html?_=1707984643489&CODE_STATE=getMsg HTTP/1.1" 200 27
124.78.155.173 - - [15/Feb/2024:16:10:55 +0800] "GET /xingrg/check_reg.html?_=1707984653119 HTTP/1.1" 200 22
116.235.92.110 - - [15/Feb/2024:16:11:04 +0800] "GET /xingrg/all/function/internal_message.html?_=1707984672111&CODE_STATE=getMsg HTTP/1.1" 200 27
124.78.67.200 - - [15/Feb/2024:16:11:04 +0800] "GET /xingrg/all/function/internal_message.html?_=1707984664708&CODE_STATE=getMsg HTTP/1.1" 200 27
116.230.123.222 - - [15/Feb/2024:16:11:21 +0800] "GET /xingrg/all/function/internal_message.html?_=1707984679726&CODE_STATE=getMsg HTTP/1.1" 200 27
116.224.254.208 - - [15/Feb/2024:16:11:21 +0800] "GET /xingrg/all/function/internal_message.html?_=1707984681363&CODE_STATE=getMsg HTTP/1.1" 200 27
116.230.123.222 - - [15/Feb/2024:16:11:21 +0800] "GET /xingrg/all/function/internal_message.html?_=1707984680465&CODE_STATE=getMsg HTTP/1.1" 200 27
221.239.172.206 - - [15/Feb/2024:16:11:22 +0800] "GET /xingrg/all/function/internal_message.html?_=1707984680818&CODE_STATE=getMsg HTTP/1.1" 200 27
116.230.123.222 - - [15/Feb/2024:16:11:23 +0800] "GET /xingrg/kc/buy/cgsh_order_operate.html?command=get_materiel&rest_code=00111&code=00101003037&supplier_code=00100091&order_time=2024-02-15 HTTP/1.1" 200 418
218.81.220.24 - - [15/Feb/2024:16:11:36 +0800] "GET /xingrg/all/function/internal_message.html?_=1707984710852&CODE_STATE=getMsg HTTP/1.1" 200 27
116.230.123.222 - - [15/Feb/2024:16:11:39 +0800] "POST /xingrg/kc/buy/cgsh_order_operate.html HTTP/1.1" 200 37
180.164.1.25 - - [15/Feb/2024:16:11:41 +0800] "GET /xingrg/all/function/internal_message.html?_=1707984700775&CODE_STATE=getMsg HTTP/1.1" 200 27
116.230.123.222 - - [15/Feb/2024:16:11:47 +0800] "POST /xingrg/kc/buy/cgsh_order_operate.html HTTP/1.1" 200 12
116.232.194.112 - - [15/Feb/2024:16:11:48 +0800] "GET /xingrg/check_reg.html?_=1707984699396 HTTP/1.1" 200 22
116.230.123.222 - - [15/Feb/2024:16:11:49 +0800] "GET /xingrg/kc/buy/cgsh_order_info.html?code=212024021504337 HTTP/1.1" 200 68336
116.230.123.222 - - [15/Feb/2024:16:11:50 +0800] "GET /xingrg/javascript/easyui/themes/default/validatebox.css HTTP/1.1" 404 1104
180.163.30.100 - - [15/Feb/2024:16:11:51 +0800] "GET /xingrg/all/function/internal_message.html?_=1707984649668&CODE_STATE=getMsg HTTP/1.1" 302 -
116.230.123.222 - - [15/Feb/2024:16:11:51 +0800] "POST /xingrg/kc/buy/cgsh_order_operate.html HTTP/1.1" 200 1211
124.78.155.173 - - [15/Feb/2024:16:11:51 +0800] "GET /xingrg/all/function/internal_message.html?_=1707984709640&CODE_STATE=getMsg HTTP/1.1" 200 27
180.163.30.100 - - [15/Feb/2024:16:11:52 +0800] "GET /xingrg/login.html HTTP/1.1" 200 7641
116.230.123.222 - - [15/Feb/2024:16:11:52 +0800] "GET /xingrg/kc/print/load_config.html?kc_code=cgsh HTTP/1.1" 200 1927
116.232.194.112 - - [15/Feb/2024:16:11:53 +0800] "GET /xingrg/all/function/internal_message.html?_=1707984703480&CODE_STATE=getMsg HTTP/1.1" 200 27
116.230.123.222 - - [15/Feb/2024:16:11:53 +0800] "GET /xingrg/kc/print/load_data.html?order_code=212024021504337&kc_code=cgsh&condition= HTTP/1.1" 200 1007
116.235.92.110 - - [15/Feb/2024:16:12:04 +0800] "GET /xingrg/all/function/internal_message.html?_=1707984732111&CODE_STATE=getMsg HTTP/1.1" 200 27
124.78.67.200 - - [15/Feb/2024:16:12:04 +0800] "GET /xingrg/all/function/internal_message.html?_=1707984724690&CODE_STATE=getMsg HTTP/1.1" 200 27
116.230.123.222 - - [15/Feb/2024:16:12:21 +0800] "GET /xingrg/all/function/internal_message.html?_=1707984739741&CODE_STATE=getMsg HTTP/1.1" 200 27
116.224.254.208 - - [15/Feb/2024:16:12:21 +0800] "GET /xingrg/all/function/internal_message.html?_=1707984741341&CODE_STATE=getMsg HTTP/1.1" 200 27
116.230.123.222 - - [15/Feb/2024:16:12:21 +0800] "GET /xingrg/all/function/internal_message.html?_=1707984740448&CODE_STATE=getMsg HTTP/1.1" 200 27
116.230.123.222 - - [15/Feb/2024:16:12:21 +0800] "GET /xingrg/check_reg.html?_=1707984740497 HTTP/1.1" 200 22
221.239.172.206 - - [15/Feb/2024:16:12:22 +0800] "GET /xingrg/all/function/internal_message.html?_=1707984740824&CODE_STATE=getMsg HTTP/1.1" 200 27
218.81.220.24 - - [15/Feb/2024:16:12:36 +0800] "GET /xingrg/all/function/internal_message.html?_=1707984771421&CODE_STATE=getMsg HTTP/1.1" 200 27
180.164.1.25 - - [15/Feb/2024:16:12:41 +0800] "GET /xingrg/all/function/internal_message.html?_=1707984760750&CODE_STATE=getMsg HTTP/1.1" 200 27
101.83.145.37 - - [15/Feb/2024:16:12:48 +0800] "GET /xingrg/index.html?sysBaseUrl=http%3A%2F%2F180.169.147.146%3A18081%2Fxingrg%2F&costTime=32×tamp=1585224308505 HTTP/1.1" 302 -
101.83.145.37 - - [15/Feb/2024:16:12:48 +0800] "GET /xingrg/login.html HTTP/1.1" 200 7641
101.83.145.37 - - [15/Feb/2024:16:12:49 +0800] "GET /favicon.ico HTTP/1.1" 404 -
124.78.155.173 - - [15/Feb/2024:16:12:51 +0800] "GET /xingrg/all/function/internal_message.html?_=1707984769630&CODE_STATE=getMsg HTTP/1.1" 200 27
116.232.194.112 - - [15/Feb/2024:16:12:53 +0800] "GET /xingrg/all/function/internal_message.html?_=1707984763457&CODE_STATE=getMsg HTTP/1.1" 200 27
221.239.172.206 - - [15/Feb/2024:16:12:57 +0800] "GET /xingrg/check_reg.html?_=1707984776273 HTTP/1.1" 200 22
101.83.145.37 - - [15/Feb/2024:16:13:02 +0800] "POST /xingrg/login.do HTTP/1.1" 302 -
101.83.145.37 - - [15/Feb/2024:16:13:02 +0800] "GET /xingrg/index.html?sysBaseUrl=http%3A%2F%2F180.169.147.146%3A18081%2Fxingrg%2F&costTime=810×tamp=1707984782210 HTTP/1.1" 200 17173
101.83.145.37 - - [15/Feb/2024:16:13:03 +0800] "GET /favicon.ico HTTP/1.1" 404 -
101.83.145.37 - - [15/Feb/2024:16:13:03 +0800] "POST /xingrg/all/common/load_tree.html?tree=area_rest_tree_json&manage=1 HTTP/1.1" 200 342
101.83.145.37 - - [15/Feb/2024:16:13:03 +0800] "GET /xingrg/all/function/internal_message.html?_=1707984548146&CODE_STATE=count HTTP/1.1" 200 11
101.83.145.37 - - [15/Feb/2024:16:13:03 +0800] "GET /xingrg/check_reg.html?_=1707984548147 HTTP/1.1" 200 22
101.83.145.37 - - [15/Feb/2024:16:13:03 +0800] "POST /xingrg/load_menu.html HTTP/1.1" 200 5138
116.235.92.110 - - [15/Feb/2024:16:13:04 +0800] "GET /xingrg/all/function/internal_message.html?_=1707984792110&CODE_STATE=getMsg HTTP/1.1" 200 27
124.78.67.200 - - [15/Feb/2024:16:13:04 +0800] "GET /xingrg/all/function/internal_message.html?_=1707984784666&CODE_STATE=getMsg HTTP/1.1" 200 27
101.83.145.37 - - [15/Feb/2024:16:13:06 +0800] "GET /xingrg/kc/base/base_main.html HTTP/1.1" 200 12142
101.83.145.37 - - [15/Feb/2024:16:13:07 +0800] "GET /xingrg/kc/base/wldb_order_list.html HTTP/1.1" 200 19013
101.83.145.37 - - [15/Feb/2024:16:13:09 +0800] "POST /xingrg/kc/base/wldb_list_operate.html HTTP/1.1" 200 5495
101.83.145.37 - - [15/Feb/2024:16:13:11 +0800] "GET /xingrg/kc/base/wldb_order_add.html HTTP/1.1" 200 30344
101.83.145.37 - - [15/Feb/2024:16:13:12 +0800] "POST /xingrg/kc/base/wldb_order_operate.html HTTP/1.1" 200 6806
101.83.145.37 - - [15/Feb/2024:16:13:12 +0800] "GET /xingrg/all/common/auto_word.html?type=base&rest_code=00105 HTTP/1.1" 200 1907
101.83.145.37 - - [15/Feb/2024:16:13:12 +0800] "GET /xingrg/all/common/auto_word.html?type=base&rest_code=00105 HTTP/1.1" 200 1907
101.83.145.37 - - [15/Feb/2024:16:13:12 +0800] "GET /xingrg/javascript/easyui/themes/default/validatebox.css HTTP/1.1" 404 1104
101.83.145.37 - - [15/Feb/2024:16:13:18 +0800] "GET /xingrg/javascript/auto/indicator.gif HTTP/1.1" 404 1066
116.230.123.222 - - [15/Feb/2024:16:13:21 +0800] "GET /xingrg/all/function/internal_message.html?_=1707984799735&CODE_STATE=getMsg HTTP/1.1" 200 27
116.224.254.208 - - [15/Feb/2024:16:13:21 +0800] "GET /xingrg/all/function/internal_message.html?_=1707984801318&CODE_STATE=getMsg HTTP/1.1" 200 27
116.230.123.222 - - [15/Feb/2024:16:13:21 +0800] "GET /xingrg/all/function/internal_message.html?_=1707984800419&CODE_STATE=getMsg HTTP/1.1" 200 27
221.239.172.206 - - [15/Feb/2024:16:13:22 +0800] "GET /xingrg/all/function/internal_message.html?_=1707984800832&CODE_STATE=getMsg HTTP/1.1" 200 27
101.83.145.37 - - [15/Feb/2024:16:13:25 +0800] "GET /xingrg/javascript/jquery_tools/images/next.gif HTTP/1.1" 404 1086
101.83.145.37 - - [15/Feb/2024:16:13:25 +0800] "GET /xingrg/javascript/jquery_tools/images/prev.gif HTTP/1.1" 404 1086
124.78.67.200 - - [15/Feb/2024:16:13:27 +0800] "GET /xingrg/check_reg.html?_=1707984807526 HTTP/1.1" 200 22
101.83.145.37 - - [15/Feb/2024:16:13:33 +0800] "GET /xingrg/kc/base/wldb_order_operate.html?command=get_materiel&rest_code=00105&base_code=0010507&code=00101011005 HTTP/1.1" 200 431
218.81.220.24 - - [15/Feb/2024:16:13:36 +0800] "GET /xingrg/all/function/internal_message.html?_=1707984831427&CODE_STATE=getMsg HTTP/1.1" 200 27
180.164.1.25 - - [15/Feb/2024:16:13:41 +0800] "GET /xingrg/all/function/internal_message.html?_=1707984820746&CODE_STATE=getMsg HTTP/1.1" 200 27
218.81.220.24 - - [15/Feb/2024:16:13:42 +0800] "GET /xingrg/check_reg.html?_=1707984835641 HTTP/1.1" 302 -
101.83.145.37 - - [15/Feb/2024:16:13:43 +0800] "POST /xingrg/kc/base/wldb_order_operate.html HTTP/1.1" 200 37
101.83.145.37 - - [15/Feb/2024:16:13:44 +0800] "POST /xingrg/kc/base/wldb_order_operate.html HTTP/1.1" 200 2182
101.83.145.37 - - [15/Feb/2024:16:13:44 +0800] "GET /xingrg/kc/base/wldb_order_info.html?code=422024021501285 HTTP/1.1" 200 30361
180.164.1.25 - - [15/Feb/2024:16:13:45 +0800] "GET /xingrg/check_reg.html?_=1707984824751 HTTP/1.1" 200 22
101.83.145.37 - - [15/Feb/2024:16:13:45 +0800] "GET /xingrg/javascript/easyui/themes/default/validatebox.css HTTP/1.1" 404 1104
101.83.145.37 - - [15/Feb/2024:16:13:46 +0800] "POST /xingrg/kc/base/wldb_order_operate.html HTTP/1.1" 200 2182
124.78.155.173 - - [15/Feb/2024:16:13:51 +0800] "GET /xingrg/all/function/internal_message.html?_=1707984829615&CODE_STATE=getMsg HTTP/1.1" 200 27
116.232.194.112 - - [15/Feb/2024:16:13:52 +0800] "GET /xingrg/all/function/internal_message.html?_=1707984823442&CODE_STATE=getMsg HTTP/1.1" 200 27
101.83.145.37 - - [15/Feb/2024:16:14:03 +0800] "GET /xingrg/all/function/internal_message.html?_=1707984608160&CODE_STATE=getMsg HTTP/1.1" 200 27
116.235.92.110 - - [15/Feb/2024:16:14:04 +0800] "GET /xingrg/all/function/internal_message.html?_=1707984852108&CODE_STATE=getMsg HTTP/1.1" 200 27
124.78.67.200 - - [15/Feb/2024:16:14:04 +0800] "GET /xingrg/all/function/internal_message.html?_=1707984844643&CODE_STATE=getMsg HTTP/1.1" 200 27
101.83.145.37 - - [15/Feb/2024:16:14:09 +0800] "POST /xingrg/kc/base/wldb_list_operate.html HTTP/1.1" 200 2746
101.83.145.37 - - [15/Feb/2024:16:14:15 +0800] "POST /xingrg/kc/base/wldb_list_operate.html HTTP/1.1" 200 5499
124.78.155.173 - - [15/Feb/2024:16:14:20 +0800] "GET /xingrg/kc/base/base_main.html HTTP/1.1" 200 12142
116.230.123.222 - - [15/Feb/2024:16:14:21 +0800] "GET /xingrg/all/function/internal_message.html?_=1707984859734&CODE_STATE=getMsg HTTP/1.1" 200 27
116.224.254.208 - - [15/Feb/2024:16:14:21 +0800] "GET /xingrg/all/function/internal_message.html?_=1707984861296&CODE_STATE=getMsg HTTP/1.1" 200 27
116.230.123.222 - - [15/Feb/2024:16:14:21 +0800] "GET /xingrg/all/function/internal_message.html?_=1707984860404&CODE_STATE=getMsg HTTP/1.1" 200 27
124.78.155.173 - - [15/Feb/2024:16:14:21 +0800] "GET /xingrg/kc/base/wldb_order_list.html HTTP/1.1" 200 19013
221.239.172.206 - - [15/Feb/2024:16:14:22 +0800] "GET /xingrg/all/function/internal_message.html?_=1707984860831&CODE_STATE=getMsg HTTP/1.1" 200 27
124.78.155.173 - - [15/Feb/2024:16:14:22 +0800] "POST /xingrg/kc/base/wldb_list_operate.html HTTP/1.1" 200 4172
124.78.155.173 - - [15/Feb/2024:16:14:25 +0800] "POST /xingrg/kc/base/wldb_list_operate.html HTTP/1.1" 200 466
124.78.155.173 - - [15/Feb/2024:16:14:25 +0800] "GET /xingrg/kc/base/wldb_order_info.html?code=422024021501263 HTTP/1.1" 200 30363
124.78.155.173 - - [15/Feb/2024:16:14:26 +0800] "GET /xingrg/javascript/easyui/themes/default/validatebox.css HTTP/1.1" 404 1104
124.78.155.173 - - [15/Feb/2024:16:14:27 +0800] "POST /xingrg/kc/base/wldb_order_operate.html HTTP/1.1" 200 3707
124.78.155.173 - - [15/Feb/2024:16:14:31 +0800] "GET /xingrg/kc/base/wldb_order_operate.html?command=get_materiel&rest_code=00106&base_code=0010396&code=00101027001 HTTP/1.1" 200 472
218.81.220.24 - - [15/Feb/2024:16:14:37 +0800] "GET /xingrg/all/function/internal_message.html?_=1707984891862&CODE_STATE=getMsg HTTP/1.1" 200 27
180.164.1.25 - - [15/Feb/2024:16:14:41 +0800] "GET /xingrg/all/function/internal_message.html?_=1707984880724&CODE_STATE=getMsg HTTP/1.1" 200 27
124.78.155.173 - - [15/Feb/2024:16:14:51 +0800] "GET /xingrg/all/function/internal_message.html?_=1707984889590&CODE_STATE=getMsg HTTP/1.1" 200 27
116.232.194.112 - - [15/Feb/2024:16:14:52 +0800] "GET /xingrg/all/function/internal_message.html?_=1707984883431&CODE_STATE=getMsg HTTP/1.1" 200 27
218.81.220.24 - - [15/Feb/2024:16:15:00 +0800] "GET /xingrg/check_reg.html?_=1707984915122 HTTP/1.1" 200 22
101.83.145.37 - - [15/Feb/2024:16:15:03 +0800] "GET /xingrg/all/function/internal_message.html?_=1707984668152&CODE_STATE=getMsg HTTP/1.1" 200 27
116.235.92.110 - - [15/Feb/2024:16:15:04 +0800] "GET /xingrg/check_reg.html?_=1707984912123 HTTP/1.1" 200 22
124.78.67.200 - - [15/Feb/2024:16:15:04 +0800] "GET /xingrg/all/function/internal_message.html?_=1707984904614&CODE_STATE=getMsg HTTP/1.1" 200 27
116.235.92.110 - - [15/Feb/2024:16:15:04 +0800] "GET /xingrg/all/function/internal_message.html?_=1707984912122&CODE_STATE=getMsg HTTP/1.1" 200 27
180.163.29.234 - - [15/Feb/2024:16:15:21 +0800] "GET /xingrg/kc/base/wldb_order_list.html HTTP/1.1" 302 -
116.230.123.222 - - [15/Feb/2024:16:15:21 +0800] "GET /xingrg/all/function/internal_message.html?_=1707984919735&CODE_STATE=getMsg HTTP/1.1" 200 27
116.230.123.222 - - [15/Feb/2024:16:15:21 +0800] "GET /xingrg/check_reg.html?_=1707984919734 HTTP/1.1" 200 22
