116.230.123.222 - - [14/Feb/2024:10:41:09 +0800] "GET /xingrg/kc/buy/cgsh_order_operate.html?command=get_materiel&rest_code=00111&code=00101001125&supplier_code=00100319&order_time=2024-02-14 HTTP/1.1" 200 416
101.83.240.5 - - [14/Feb/2024:10:41:11 +0800] "GET /xingrg/all/function/internal_message.html?_=1707878471334&CODE_STATE=getMsg HTTP/1.1" 200 27
101.83.145.37 - - [14/Feb/2024:10:41:17 +0800] "GET /xingrg/all/function/internal_message.html?_=1707878241938&CODE_STATE=getMsg HTTP/1.1" 200 27
221.239.172.206 - - [14/Feb/2024:10:41:19 +0800] "GET /xingrg/all/function/internal_message.html?_=1707878478972&CODE_STATE=getMsg HTTP/1.1" 200 27
116.230.123.222 - - [14/Feb/2024:10:41:20 +0800] "POST /xingrg/kc/buy/cgsh_order_operate.html HTTP/1.1" 200 37
218.81.216.246 - - [14/Feb/2024:10:41:21 +0800] "GET /xingrg/check_reg.html?_=1707878491520 HTTP/1.1" 200 22
116.224.254.208 - - [14/Feb/2024:10:41:25 +0800] "GET /xingrg/all/function/internal_message.html?_=1707878485544&CODE_STATE=getMsg HTTP/1.1" 200 27
218.81.216.246 - - [14/Feb/2024:10:41:26 +0800] "POST /xingrg/services/DataTransmitService HTTP/1.1" 200 524
218.81.216.246 - - [14/Feb/2024:10:41:27 +0800] "POST /xingrg/services/DataTransmitService HTTP/1.1" 200 412
180.164.1.25 - - [14/Feb/2024:10:41:28 +0800] "GET /xingrg/all/function/internal_message.html?_=1707878486900&CODE_STATE=getMsg HTTP/1.1" 200 27
124.78.67.200 - - [14/Feb/2024:10:41:28 +0800] "GET /xingrg/all/function/internal_message.html?_=1707878488799&CODE_STATE=getMsg HTTP/1.1" 200 27
116.230.123.222 - - [14/Feb/2024:10:41:29 +0800] "POST /xingrg/kc/buy/cgsh_order_operate.html HTTP/1.1" 200 12
116.232.194.112 - - [14/Feb/2024:10:41:31 +0800] "GET /xingrg/all/function/internal_message.html?_=1707878484207&CODE_STATE=getMsg HTTP/1.1" 200 27
116.230.123.222 - - [14/Feb/2024:10:41:31 +0800] "GET /xingrg/all/function/internal_message.html?_=1707878491013&CODE_STATE=getMsg HTTP/1.1" 200 27
218.81.216.246 - - [14/Feb/2024:10:41:32 +0800] "POST /xingrg/services/DataTransmitService HTTP/1.1" 200 524
116.230.123.222 - - [14/Feb/2024:10:41:33 +0800] "GET /xingrg/kc/print/load_config.html?kc_code=cgsh HTTP/1.1" 200 1927
218.81.216.246 - - [14/Feb/2024:10:41:33 +0800] "GET /xingrg/all/function/internal_message.html?_=1707878503656&CODE_STATE=getMsg HTTP/1.1" 200 27
218.81.216.246 - - [14/Feb/2024:10:41:33 +0800] "POST /xingrg/services/DataTransmitService HTTP/1.1" 200 412
218.81.216.246 - - [14/Feb/2024:10:41:34 +0800] "POST /xingrg/services/DataTransmitService HTTP/1.1" 200 524
101.83.145.37 - - [14/Feb/2024:10:41:34 +0800] "POST /xingrg/kc/buy/cgsh_order_operate.html HTTP/1.1" 200 37
116.230.123.222 - - [14/Feb/2024:10:41:34 +0800] "GET /xingrg/kc/print/load_data.html?order_code=212024021404100&kc_code=cgsh&condition= HTTP/1.1" 200 943
116.230.123.222 - - [14/Feb/2024:10:41:35 +0800] "GET /xingrg/kc/buy/cgsh_order_info.html?code=212024021404100 HTTP/1.1" 200 68336
218.81.216.246 - - [14/Feb/2024:10:41:35 +0800] "POST /xingrg/services/DataTransmitService HTTP/1.1" 200 412
218.81.216.246 - - [14/Feb/2024:10:41:35 +0800] "POST /xingrg/services/DataTransmitService HTTP/1.1" 200 524
116.230.123.222 - - [14/Feb/2024:10:41:35 +0800] "GET /xingrg/javascript/easyui/themes/default/validatebox.css HTTP/1.1" 404 1104
218.81.216.246 - - [14/Feb/2024:10:41:36 +0800] "POST /xingrg/services/DataTransmitService HTTP/1.1" 200 412
101.83.145.37 - - [14/Feb/2024:10:41:36 +0800] "POST /xingrg/kc/buy/cgsh_order_operate.html HTTP/1.1" 200 2660
116.230.123.222 - - [14/Feb/2024:10:41:36 +0800] "POST /xingrg/kc/buy/cgsh_order_operate.html HTTP/1.1" 200 1213
218.81.65.124 - - [14/Feb/2024:10:41:38 +0800] "GET /favicon.ico HTTP/1.1" 404 -
101.83.145.37 - - [14/Feb/2024:10:41:38 +0800] "GET /xingrg/kc/print/load_data.html?order_code=212024021404101&kc_code=cgsh&condition= HTTP/1.1" 200 743
218.81.216.246 - - [14/Feb/2024:10:41:45 +0800] "GET /xingrg/all/function/internal_message.html?_=1707878513559&CODE_STATE=getMsg HTTP/1.1" 302 -
116.230.123.222 - - [14/Feb/2024:10:41:50 +0800] "GET /xingrg/kc/buy/cgsh_order_add.html HTTP/1.1" 200 73423
116.230.123.222 - - [14/Feb/2024:10:41:50 +0800] "POST /xingrg/kc/buy/cgsh_order_operate.html HTTP/1.1" 200 8245
116.230.123.222 - - [14/Feb/2024:10:41:50 +0800] "GET /xingrg/javascript/easyui/themes/default/validatebox.css HTTP/1.1" 404 1104
116.237.76.128 - - [14/Feb/2024:10:41:51 +0800] "GET /xingrg/all/function/internal_message.html?_=1707878510289&CODE_STATE=getMsg HTTP/1.1" 200 27
101.83.145.37 - - [14/Feb/2024:10:41:56 +0800] "GET /xingrg/kc/buy/cgsh_order_add.html HTTP/1.1" 200 73549
101.83.145.37 - - [14/Feb/2024:10:41:57 +0800] "POST /xingrg/kc/buy/cgsh_order_operate.html HTTP/1.1" 200 8245
101.83.145.37 - - [14/Feb/2024:10:41:57 +0800] "GET /xingrg/javascript/easyui/themes/default/validatebox.css HTTP/1.1" 404 1104
218.81.216.246 - - [14/Feb/2024:10:41:57 +0800] "POST /xingrg/services/DataTransmitService HTTP/1.1" 200 524
218.81.216.246 - - [14/Feb/2024:10:41:58 +0800] "POST /xingrg/services/DataTransmitService HTTP/1.1" 200 412
101.83.240.5 - - [14/Feb/2024:10:42:11 +0800] "GET /xingrg/all/function/internal_message.html?_=1707878531304&CODE_STATE=getMsg HTTP/1.1" 200 27
101.83.240.5 - - [14/Feb/2024:10:42:11 +0800] "GET /xingrg/check_reg.html?_=1707878531744 HTTP/1.1" 200 22
218.81.216.246 - - [14/Feb/2024:10:42:15 +0800] "POST /xingrg/services/DataTransmitService HTTP/1.1" 401 565
218.81.216.246 - - [14/Feb/2024:10:42:15 +0800] "POST /xingrg/services/DataTransmitService HTTP/1.1" 200 478
218.81.216.246 - - [14/Feb/2024:10:42:15 +0800] "POST /xingrg/services/DataTransmitService HTTP/1.1" 200 1319
218.81.216.246 - - [14/Feb/2024:10:42:15 +0800] "POST /xingrg/services/DataTransmitService HTTP/1.1" 200 478
218.81.216.246 - - [14/Feb/2024:10:42:15 +0800] "POST /xingrg/services/DataTransmitService HTTP/1.1" 200 1319
218.81.216.246 - - [14/Feb/2024:10:42:16 +0800] "POST /xingrg/services/DataTransmitService HTTP/1.1" 200 524
116.230.123.222 - - [14/Feb/2024:10:42:16 +0800] "GET /xingrg/kc/buy/cgsh_order_operate.html?command=get_materiel&rest_code=00111&code=00101002042&supplier_code=00100088&order_time=2024-02-14 HTTP/1.1" 200 418
101.83.145.37 - - [14/Feb/2024:10:42:16 +0800] "GET /xingrg/kc/buy/cgsh_order_operate.html?command=get_materiel&rest_code=00105&code=00101003016&supplier_code=00100093&order_time=2024-02-14 HTTP/1.1" 200 420
218.81.216.246 - - [14/Feb/2024:10:42:16 +0800] "POST /xingrg/services/DataTransmitService HTTP/1.1" 200 2331
218.81.216.246 - - [14/Feb/2024:10:42:17 +0800] "POST /xingrg/services/DataTransmitService HTTP/1.1" 200 45454
218.81.216.246 - - [14/Feb/2024:10:42:17 +0800] "POST /xingrg/services/DataTransmitService HTTP/1.1" 200 19237
101.83.145.37 - - [14/Feb/2024:10:42:17 +0800] "GET /xingrg/all/function/internal_message.html?_=1707878301922&CODE_STATE=getMsg HTTP/1.1" 200 27
221.239.172.206 - - [14/Feb/2024:10:42:20 +0800] "GET /xingrg/all/function/internal_message.html?_=1707878538970&CODE_STATE=getMsg HTTP/1.1" 200 27
116.232.36.65 - - [14/Feb/2024:10:42:22 +0800] "POST /xingrg/services/DataTransmitService HTTP/1.1" 200 524
116.232.36.65 - - [14/Feb/2024:10:42:23 +0800] "POST /xingrg/services/DataTransmitService HTTP/1.1" 200 501
116.224.254.208 - - [14/Feb/2024:10:42:25 +0800] "GET /xingrg/all/function/internal_message.html?_=1707878545541&CODE_STATE=getMsg HTTP/1.1" 200 27
218.81.216.246 - - [14/Feb/2024:10:42:26 +0800] "POST /xingrg/services/DataTransmitService HTTP/1.1" 200 524
218.81.216.246 - - [14/Feb/2024:10:42:27 +0800] "POST /xingrg/services/DataTransmitService HTTP/1.1" 200 2331
180.164.1.25 - - [14/Feb/2024:10:42:28 +0800] "GET /xingrg/all/function/internal_message.html?_=1707878546886&CODE_STATE=getMsg HTTP/1.1" 200 27
124.78.67.200 - - [14/Feb/2024:10:42:28 +0800] "GET /xingrg/all/function/internal_message.html?_=1707878548788&CODE_STATE=getMsg HTTP/1.1" 200 27
116.232.194.112 - - [14/Feb/2024:10:42:31 +0800] "GET /xingrg/all/function/internal_message.html?_=1707878544185&CODE_STATE=getMsg HTTP/1.1" 200 27
116.230.123.222 - - [14/Feb/2024:10:42:31 +0800] "GET /xingrg/all/function/internal_message.html?_=1707878550992&CODE_STATE=getMsg HTTP/1.1" 200 27
218.81.216.246 - - [14/Feb/2024:10:42:33 +0800] "GET /xingrg/all/function/internal_message.html?_=1707878563669&CODE_STATE=getMsg HTTP/1.1" 200 27
116.230.123.222 - - [14/Feb/2024:10:42:36 +0800] "POST /xingrg/kc/buy/cgsh_order_operate.html HTTP/1.1" 200 37
218.81.216.246 - - [14/Feb/2024:10:42:40 +0800] "POST /xingrg/services/DataTransmitService HTTP/1.1" 200 524
116.237.76.128 - - [14/Feb/2024:10:42:41 +0800] "GET /xingrg/check_reg.html?_=1707878560102 HTTP/1.1" 200 22
218.81.216.246 - - [14/Feb/2024:10:42:41 +0800] "POST /xingrg/services/DataTransmitService HTTP/1.1" 200 412
218.81.216.246 - - [14/Feb/2024:10:42:45 +0800] "GET /xingrg/all/function/internal_message.html?_=1707878573805&CODE_STATE=getMsg HTTP/1.1" 302 -
218.81.216.246 - - [14/Feb/2024:10:42:46 +0800] "POST /xingrg/services/DataTransmitService HTTP/1.1" 200 524
101.83.145.37 - - [14/Feb/2024:10:42:47 +0800] "POST /xingrg/kc/buy/cgsh_order_operate.html HTTP/1.1" 200 37
116.232.194.112 - - [14/Feb/2024:10:42:47 +0800] "GET /xingrg/check_reg.html?_=1707878560224 HTTP/1.1" 200 22
116.230.123.222 - - [14/Feb/2024:10:42:47 +0800] "POST /xingrg/kc/buy/cgsh_order_operate.html HTTP/1.1" 200 12
218.81.216.246 - - [14/Feb/2024:10:42:47 +0800] "POST /xingrg/services/DataTransmitService HTTP/1.1" 200 412
101.83.145.37 - - [14/Feb/2024:10:42:49 +0800] "POST /xingrg/kc/buy/cgsh_order_operate.html HTTP/1.1" 200 2671
116.230.123.222 - - [14/Feb/2024:10:42:51 +0800] "GET /xingrg/kc/buy/cgsh_order_info.html?code=212024021404102 HTTP/1.1" 200 68334
116.237.76.128 - - [14/Feb/2024:10:42:51 +0800] "GET /xingrg/all/function/internal_message.html?_=1707878570263&CODE_STATE=getMsg HTTP/1.1" 200 27
116.230.123.222 - - [14/Feb/2024:10:42:51 +0800] "GET /xingrg/javascript/easyui/themes/default/validatebox.css HTTP/1.1" 404 1104
116.230.123.222 - - [14/Feb/2024:10:42:52 +0800] "POST /xingrg/kc/buy/cgsh_order_operate.html HTTP/1.1" 200 617
218.81.216.246 - - [14/Feb/2024:10:42:52 +0800] "POST /xingrg/services/DataTransmitService HTTP/1.1" 200 524
101.83.145.37 - - [14/Feb/2024:10:42:53 +0800] "GET /xingrg/kc/print/load_data.html?order_code=212024021404103&kc_code=cgsh&condition= HTTP/1.1" 200 736
218.81.216.246 - - [14/Feb/2024:10:42:53 +0800] "POST /xingrg/services/DataTransmitService HTTP/1.1" 200 2331
116.230.123.222 - - [14/Feb/2024:10:42:54 +0800] "GET /xingrg/kc/print/load_data.html?order_code=212024021404102&kc_code=cgsh&condition= HTTP/1.1" 200 782
221.239.172.206 - - [14/Feb/2024:10:42:55 +0800] "GET /xingrg/check_reg.html?_=1707878574437 HTTP/1.1" 200 22
116.230.123.222 - - [14/Feb/2024:10:43:02 +0800] "GET /xingrg/kc/buy/cgsh_order_add.html HTTP/1.1" 200 73423
218.81.216.246 - - [14/Feb/2024:10:43:02 +0800] "POST /xingrg/services/DataTransmitService HTTP/1.1" 200 524
116.230.123.222 - - [14/Feb/2024:10:43:02 +0800] "POST /xingrg/kc/buy/cgsh_order_operate.html HTTP/1.1" 200 8245
116.230.123.222 - - [14/Feb/2024:10:43:02 +0800] "GET /xingrg/javascript/easyui/themes/default/validatebox.css HTTP/1.1" 404 1104
218.81.216.246 - - [14/Feb/2024:10:43:04 +0800] "POST /xingrg/services/DataTransmitService HTTP/1.1" 200 412
218.81.216.246 - - [14/Feb/2024:10:43:11 +0800] "GET /xingrg/check_reg.html?_=1707878599718 HTTP/1.1" 302 -
101.83.240.5 - - [14/Feb/2024:10:43:11 +0800] "GET /xingrg/all/function/internal_message.html?_=1707878591287&CODE_STATE=getMsg HTTP/1.1" 200 27
116.230.123.222 - - [14/Feb/2024:10:43:16 +0800] "GET /xingrg/kc/buy/cgsh_order_operate.html?command=get_materiel&rest_code=00111&code=00101004067&supplier_code=00100312&order_time=2024-02-14 HTTP/1.1" 200 413
218.81.216.246 - - [14/Feb/2024:10:43:16 +0800] "POST /xingrg/services/DataTransmitService HTTP/1.1" 200 524
101.83.145.37 - - [14/Feb/2024:10:43:17 +0800] "GET /xingrg/all/function/internal_message.html?_=1707878361914&CODE_STATE=getMsg HTTP/1.1" 200 27
218.81.216.246 - - [14/Feb/2024:10:43:18 +0800] "POST /xingrg/services/DataTransmitService HTTP/1.1" 200 412
221.239.172.206 - - [14/Feb/2024:10:43:19 +0800] "GET /xingrg/all/function/internal_message.html?_=1707878598977&CODE_STATE=getMsg HTTP/1.1" 200 27
101.83.145.37 - - [14/Feb/2024:10:43:20 +0800] "GET /xingrg/kc/buy/cgsh_order_add.html HTTP/1.1" 200 73549
101.83.145.37 - - [14/Feb/2024:10:43:20 +0800] "POST /xingrg/kc/buy/cgsh_order_operate.html HTTP/1.1" 200 8245
101.83.145.37 - - [14/Feb/2024:10:43:20 +0800] "GET /xingrg/javascript/easyui/themes/default/validatebox.css HTTP/1.1" 404 1104
218.81.216.246 - - [14/Feb/2024:10:43:23 +0800] "POST /xingrg/services/DataTransmitService HTTP/1.1" 200 524
218.81.216.246 - - [14/Feb/2024:10:43:24 +0800] "POST /xingrg/services/DataTransmitService HTTP/1.1" 200 2331
116.224.254.208 - - [14/Feb/2024:10:43:25 +0800] "GET /xingrg/check_reg.html?_=1707878605535 HTTP/1.1" 200 22
116.224.254.208 - - [14/Feb/2024:10:43:25 +0800] "GET /xingrg/all/function/internal_message.html?_=1707878605537&CODE_STATE=getMsg HTTP/1.1" 200 27
180.164.1.25 - - [14/Feb/2024:10:43:28 +0800] "GET /xingrg/all/function/internal_message.html?_=1707878606874&CODE_STATE=getMsg HTTP/1.1" 200 27
124.78.67.200 - - [14/Feb/2024:10:43:28 +0800] "GET /xingrg/all/function/internal_message.html?_=1707878608764&CODE_STATE=getMsg HTTP/1.1" 200 27
116.230.123.222 - - [14/Feb/2024:10:43:30 +0800] "POST /xingrg/kc/buy/cgsh_order_operate.html HTTP/1.1" 200 37
116.232.194.112 - - [14/Feb/2024:10:43:31 +0800] "GET /xingrg/all/function/internal_message.html?_=1707878604168&CODE_STATE=getMsg HTTP/1.1" 200 27
218.81.216.246 - - [14/Feb/2024:10:43:31 +0800] "POST /xingrg/services/DataTransmitService HTTP/1.1" 200 524
218.81.216.246 - - [14/Feb/2024:10:43:32 +0800] "POST /xingrg/services/DataTransmitService HTTP/1.1" 200 412
218.81.216.246 - - [14/Feb/2024:10:43:33 +0800] "POST /xingrg/services/DataTransmitService HTTP/1.1" 200 524
218.81.216.246 - - [14/Feb/2024:10:43:33 +0800] "GET /xingrg/all/function/internal_message.html?_=1707878623698&CODE_STATE=getMsg HTTP/1.1" 200 27
218.81.216.246 - - [14/Feb/2024:10:43:34 +0800] "POST /xingrg/services/DataTransmitService HTTP/1.1" 200 412
218.81.216.246 - - [14/Feb/2024:10:43:34 +0800] "POST /xingrg/services/DataTransmitService HTTP/1.1" 200 524
218.81.216.246 - - [14/Feb/2024:10:43:35 +0800] "POST /xingrg/services/DataTransmitService HTTP/1.1" 200 412
218.81.216.246 - - [14/Feb/2024:10:43:35 +0800] "POST /xingrg/services/DataTransmitService HTTP/1.1" 200 524
101.83.145.37 - - [14/Feb/2024:10:43:36 +0800] "GET /xingrg/check_reg.html?_=1707878380848 HTTP/1.1" 200 22
218.81.216.246 - - [14/Feb/2024:10:43:36 +0800] "POST /xingrg/services/DataTransmitService HTTP/1.1" 200 412
116.230.123.222 - - [14/Feb/2024:10:43:38 +0800] "POST /xingrg/kc/buy/cgsh_order_operate.html HTTP/1.1" 200 12
218.81.216.246 - - [14/Feb/2024:10:43:39 +0800] "POST /xingrg/services/DataTransmitService HTTP/1.1" 200 524
116.230.123.222 - - [14/Feb/2024:10:43:40 +0800] "GET /xingrg/kc/buy/cgsh_order_info.html?code=212024021404104 HTTP/1.1" 200 68336
218.81.216.246 - - [14/Feb/2024:10:43:40 +0800] "POST /xingrg/services/DataTransmitService HTTP/1.1" 200 412
116.230.123.222 - - [14/Feb/2024:10:43:41 +0800] "GET /xingrg/javascript/easyui/themes/default/validatebox.css HTTP/1.1" 404 1104
218.81.216.246 - - [14/Feb/2024:10:43:41 +0800] "POST /xingrg/services/DataTransmitService HTTP/1.1" 200 524
180.163.28.114 - - [14/Feb/2024:10:43:42 +0800] "GET /xingrg/check_reg.html?_=1707878560102 HTTP/1.1" 302 -
180.163.28.114 - - [14/Feb/2024:10:43:42 +0800] "GET /xingrg/login.html HTTP/1.1" 200 7641
116.230.123.222 - - [14/Feb/2024:10:43:42 +0800] "POST /xingrg/kc/buy/cgsh_order_operate.html HTTP/1.1" 200 610
218.81.216.246 - - [14/Feb/2024:10:43:42 +0800] "POST /xingrg/services/DataTransmitService HTTP/1.1" 200 412
218.81.216.246 - - [14/Feb/2024:10:43:43 +0800] "POST /xingrg/services/DataTransmitService HTTP/1.1" 200 524
116.230.123.222 - - [14/Feb/2024:10:43:44 +0800] "GET /xingrg/kc/print/load_data.html?order_code=212024021404104&kc_code=cgsh&condition= HTTP/1.1" 200 702
218.81.216.246 - - [14/Feb/2024:10:43:44 +0800] "POST /xingrg/services/DataTransmitService HTTP/1.1" 200 412
218.81.216.246 - - [14/Feb/2024:10:43:45 +0800] "GET /xingrg/all/function/internal_message.html?_=1707878633820&CODE_STATE=getMsg HTTP/1.1" 302 -
116.230.123.222 - - [14/Feb/2024:10:43:48 +0800] "GET /xingrg/kc/buy/cgsh_order_add.html HTTP/1.1" 200 73423
116.230.123.222 - - [14/Feb/2024:10:43:49 +0800] "POST /xingrg/kc/buy/cgsh_order_operate.html HTTP/1.1" 200 8245
116.230.123.222 - - [14/Feb/2024:10:43:49 +0800] "GET /xingrg/javascript/easyui/themes/default/validatebox.css HTTP/1.1" 404 1104
116.237.76.128 - - [14/Feb/2024:10:43:51 +0800] "GET /xingrg/all/function/internal_message.html?_=1707878630252&CODE_STATE=getMsg HTTP/1.1" 200 27
101.83.145.37 - - [14/Feb/2024:10:43:57 +0800] "GET /xingrg/kc/buy/cgsh_order_operate.html?command=get_materiel&rest_code=00105&code=00101004051&supplier_code=00100312&order_time=2024-02-14 HTTP/1.1" 200 429
218.81.216.246 - - [14/Feb/2024:10:44:00 +0800] "POST /xingrg/services/DataTransmitService HTTP/1.1" 200 524
218.81.216.246 - - [14/Feb/2024:10:44:01 +0800] "POST /xingrg/services/DataTransmitService HTTP/1.1" 200 2331
116.230.123.222 - - [14/Feb/2024:10:44:08 +0800] "GET /xingrg/kc/buy/cgsh_order_operate.html?command=get_materiel&rest_code=00111&code=00101003033&supplier_code=00100497&order_time=2024-02-14 HTTP/1.1" 200 426
101.83.240.5 - - [14/Feb/2024:10:44:11 +0800] "GET /xingrg/all/function/internal_message.html?_=1707878651260&CODE_STATE=getMsg HTTP/1.1" 200 27
218.81.216.246 - - [14/Feb/2024:10:44:13 +0800] "POST /xingrg/services/DataTransmitService HTTP/1.1" 200 524
218.81.216.246 - - [14/Feb/2024:10:44:14 +0800] "POST /xingrg/services/DataTransmitService HTTP/1.1" 200 412
101.83.145.37 - - [14/Feb/2024:10:44:17 +0800] "GET /xingrg/all/function/internal_message.html?_=1707878421887&CODE_STATE=getMsg HTTP/1.1" 200 27
221.239.172.206 - - [14/Feb/2024:10:44:19 +0800] "GET /xingrg/all/function/internal_message.html?_=1707878658976&CODE_STATE=getMsg HTTP/1.1" 200 27
116.230.123.222 - - [14/Feb/2024:10:44:23 +0800] "POST /xingrg/kc/buy/cgsh_order_operate.html HTTP/1.1" 200 37
116.224.254.208 - - [14/Feb/2024:10:44:25 +0800] "GET /xingrg/all/function/internal_message.html?_=1707878665529&CODE_STATE=getMsg HTTP/1.1" 200 27
180.164.1.25 - - [14/Feb/2024:10:44:28 +0800] "GET /xingrg/all/function/internal_message.html?_=1707878666860&CODE_STATE=getMsg HTTP/1.1" 200 27
124.78.67.200 - - [14/Feb/2024:10:44:28 +0800] "GET /xingrg/all/function/internal_message.html?_=1707878668762&CODE_STATE=getMsg HTTP/1.1" 200 27
116.230.123.222 - - [14/Feb/2024:10:44:30 +0800] "POST /xingrg/kc/buy/cgsh_order_operate.html HTTP/1.1" 200 12
116.232.194.112 - - [14/Feb/2024:10:44:31 +0800] "GET /xingrg/all/function/internal_message.html?_=1707878664145&CODE_STATE=getMsg HTTP/1.1" 200 27
218.81.216.246 - - [14/Feb/2024:10:44:33 +0800] "GET /xingrg/all/function/internal_message.html?_=1707878683712&CODE_STATE=getMsg HTTP/1.1" 200 27
116.230.123.222 - - [14/Feb/2024:10:44:36 +0800] "GET /xingrg/kc/buy/cgsh_order_info.html?code=212024021404105 HTTP/1.1" 200 68338
116.230.123.222 - - [14/Feb/2024:10:44:37 +0800] "GET /xingrg/javascript/easyui/themes/default/validatebox.css HTTP/1.1" 404 1104
116.230.123.222 - - [14/Feb/2024:10:44:38 +0800] "POST /xingrg/kc/buy/cgsh_order_operate.html HTTP/1.1" 200 625
116.230.123.222 - - [14/Feb/2024:10:44:40 +0800] "GET /xingrg/kc/print/load_data.html?order_code=212024021404105&kc_code=cgsh&condition= HTTP/1.1" 200 722
218.81.216.246 - - [14/Feb/2024:10:44:45 +0800] "GET /xingrg/all/function/internal_message.html?_=1707878694058&CODE_STATE=getMsg HTTP/1.1" 302 -
116.230.123.222 - - [14/Feb/2024:10:44:46 +0800] "GET /xingrg/kc/buy/cgsh_order_add.html HTTP/1.1" 200 73423
116.230.123.222 - - [14/Feb/2024:10:44:46 +0800] "POST /xingrg/kc/buy/cgsh_order_operate.html HTTP/1.1" 200 8245
116.230.123.222 - - [14/Feb/2024:10:44:46 +0800] "GET /xingrg/javascript/easyui/themes/default/validatebox.css HTTP/1.1" 404 1104
218.81.216.246 - - [14/Feb/2024:10:44:49 +0800] "POST /xingrg/services/DataTransmitService HTTP/1.1" 200 524
124.78.67.200 - - [14/Feb/2024:10:44:49 +0800] "GET /xingrg/check_reg.html?_=1707878689728 HTTP/1.1" 200 22
218.81.216.246 - - [14/Feb/2024:10:44:50 +0800] "POST /xingrg/services/DataTransmitService HTTP/1.1" 200 412
116.237.76.128 - - [14/Feb/2024:10:44:51 +0800] "GET /xingrg/all/function/internal_message.html?_=1707878690226&CODE_STATE=getMsg HTTP/1.1" 200 27
116.230.123.222 - - [14/Feb/2024:10:45:00 +0800] "GET /xingrg/kc/buy/cgsh_order_operate.html?command=get_materiel&rest_code=00111&code=00101004104&supplier_code=00100086&order_time=2024-02-14 HTTP/1.1" 200 408
218.81.216.246 - - [14/Feb/2024:10:45:00 +0800] "POST /xingrg/services/DataTransmitService HTTP/1.1" 200 524
101.83.145.37 - - [14/Feb/2024:10:45:01 +0800] "GET /xingrg/kc/buy/cgsh_order_operate.html?command=get_materiel&rest_code=00105&code=00101004067&supplier_code=00100312&order_time=2024-02-14 HTTP/1.1" 200 413
218.81.216.246 - - [14/Feb/2024:10:45:01 +0800] "POST /xingrg/services/DataTransmitService HTTP/1.1" 200 412
116.230.123.222 - - [14/Feb/2024:10:45:11 +0800] "GET /xingrg/kc/buy/cgsh_order_operate.html?command=get_materiel&rest_code=00111&code=00101004101&supplier_code=00100086&order_time=2024-02-14 HTTP/1.1" 200 413
101.83.240.5 - - [14/Feb/2024:10:45:11 +0800] "GET /xingrg/all/function/internal_message.html?_=1707878711233&CODE_STATE=getMsg HTTP/1.1" 200 27
218.81.216.246 - - [14/Feb/2024:10:45:12 +0800] "POST /xingrg/services/DataTransmitService HTTP/1.1" 200 524
218.81.216.246 - - [14/Feb/2024:10:45:13 +0800] "POST /xingrg/services/DataTransmitService HTTP/1.1" 200 412
101.83.145.37 - - [14/Feb/2024:10:45:17 +0800] "GET /xingrg/all/function/internal_message.html?_=1707878481862&CODE_STATE=getMsg HTTP/1.1" 200 27
218.81.216.246 - - [14/Feb/2024:10:45:17 +0800] "POST /xingrg/services/DataTransmitService HTTP/1.1" 200 524
218.81.216.246 - - [14/Feb/2024:10:45:18 +0800] "POST /xingrg/services/DataTransmitService HTTP/1.1" 200 412
101.83.145.37 - - [14/Feb/2024:10:45:19 +0800] "GET /xingrg/kc/buy/cgsh_order_operate.html?command=get_materiel&rest_code=00105&code=00101004030&supplier_code=00100312&order_time=2024-02-14 HTTP/1.1" 200 408
221.239.172.206 - - [14/Feb/2024:10:45:19 +0800] "GET /xingrg/all/function/internal_message.html?_=1707878718975&CODE_STATE=getMsg HTTP/1.1" 200 27
218.81.216.246 - - [14/Feb/2024:10:45:24 +0800] "POST /xingrg/services/DataTransmitService HTTP/1.1" 200 524
218.81.216.246 - - [14/Feb/2024:10:45:25 +0800] "POST /xingrg/services/DataTransmitService HTTP/1.1" 200 412
116.224.254.208 - - [14/Feb/2024:10:45:25 +0800] "GET /xingrg/all/function/internal_message.html?_=1707878725543&CODE_STATE=getMsg HTTP/1.1" 200 27
218.81.216.246 - - [14/Feb/2024:10:45:26 +0800] "POST /xingrg/services/DataTransmitService HTTP/1.1" 200 524
116.230.123.222 - - [14/Feb/2024:10:45:26 +0800] "POST /xingrg/kc/buy/cgsh_order_operate.html HTTP/1.1" 200 37
218.81.216.246 - - [14/Feb/2024:10:45:27 +0800] "POST /xingrg/services/DataTransmitService HTTP/1.1" 200 2331
180.164.1.25 - - [14/Feb/2024:10:45:28 +0800] "GET /xingrg/all/function/internal_message.html?_=1707878726842&CODE_STATE=getMsg HTTP/1.1" 200 27
124.78.67.200 - - [14/Feb/2024:10:45:28 +0800] "GET /xingrg/all/function/internal_message.html?_=1707878728739&CODE_STATE=getMsg HTTP/1.1" 200 27
116.232.194.112 - - [14/Feb/2024:10:45:31 +0800] "GET /xingrg/all/function/internal_message.html?_=1707878724144&CODE_STATE=getMsg HTTP/1.1" 200 27
116.230.123.222 - - [14/Feb/2024:10:45:31 +0800] "GET /xingrg/check_reg.html?_=1707878731225 HTTP/1.1" 200 22
116.230.123.222 - - [14/Feb/2024:10:45:31 +0800] "GET /xingrg/all/function/internal_message.html?_=1707878731226&CODE_STATE=getMsg HTTP/1.1" 200 27
218.81.216.246 - - [14/Feb/2024:10:45:33 +0800] "GET /xingrg/all/function/internal_message.html?_=1707878743740&CODE_STATE=getMsg HTTP/1.1" 200 27
116.230.123.222 - - [14/Feb/2024:10:45:36 +0800] "POST /xingrg/kc/buy/cgsh_order_operate.html HTTP/1.1" 200 12
218.81.216.246 - - [14/Feb/2024:10:45:39 +0800] "POST /xingrg/services/DataTransmitService HTTP/1.1" 200 524
116.230.123.222 - - [14/Feb/2024:10:45:39 +0800] "GET /xingrg/kc/buy/cgsh_order_info.html?code=212024021404106 HTTP/1.1" 200 68336
116.230.123.222 - - [14/Feb/2024:10:45:39 +0800] "GET /xingrg/javascript/easyui/themes/default/validatebox.css HTTP/1.1" 404 1104
218.81.216.246 - - [14/Feb/2024:10:45:40 +0800] "POST /xingrg/services/DataTransmitService HTTP/1.1" 200 412
116.230.123.222 - - [14/Feb/2024:10:45:40 +0800] "POST /xingrg/kc/buy/cgsh_order_operate.html HTTP/1.1" 200 1200
180.164.1.25 - - [14/Feb/2024:10:45:42 +0800] "GET /xingrg/check_reg.html?_=1707878740896 HTTP/1.1" 200 22
116.230.123.222 - - [14/Feb/2024:10:45:43 +0800] "GET /xingrg/kc/print/load_data.html?order_code=212024021404106&kc_code=cgsh&condition= HTTP/1.1" 200 988
218.81.216.246 - - [14/Feb/2024:10:45:45 +0800] "GET /xingrg/all/function/internal_message.html?_=1707878754069&CODE_STATE=getMsg HTTP/1.1" 302 -
116.230.123.222 - - [14/Feb/2024:10:45:48 +0800] "GET /xingrg/kc/buy/cgsh_order_add.html HTTP/1.1" 200 73423
116.230.123.222 - - [14/Feb/2024:10:45:48 +0800] "POST /xingrg/kc/buy/cgsh_order_operate.html HTTP/1.1" 200 8245
116.230.123.222 - - [14/Feb/2024:10:45:48 +0800] "GET /xingrg/javascript/easyui/themes/default/validatebox.css HTTP/1.1" 404 1104
116.237.76.128 - - [14/Feb/2024:10:45:51 +0800] "GET /xingrg/all/function/internal_message.html?_=1707878750199&CODE_STATE=getMsg HTTP/1.1" 200 27
101.83.145.37 - - [14/Feb/2024:10:45:51 +0800] "GET /xingrg/kc/buy/cgsh_order_operate.html?command=get_materiel&rest_code=00105&code=00101004020&supplier_code=00100312&order_time=2024-02-14 HTTP/1.1" 200 409
218.81.216.246 - - [14/Feb/2024:10:45:58 +0800] "POST /xingrg/services/DataTransmitService HTTP/1.1" 200 524
218.81.216.246 - - [14/Feb/2024:10:45:59 +0800] "POST /xingrg/services/DataTransmitService HTTP/1.1" 200 412
218.81.216.246 - - [14/Feb/2024:10:45:59 +0800] "POST /xingrg/services/DataTransmitService HTTP/1.1" 200 524
116.230.123.222 - - [14/Feb/2024:10:46:00 +0800] "GET /xingrg/kc/buy/cgsh_order_operate.html?command=get_materiel&rest_code=00111&code=00101001115&supplier_code=00100089&order_time=2024-02-14 HTTP/1.1" 200 413
218.81.216.246 - - [14/Feb/2024:10:46:00 +0800] "POST /xingrg/services/DataTransmitService HTTP/1.1" 200 412
218.81.216.246 - - [14/Feb/2024:10:46:08 +0800] "POST /xingrg/services/DataTransmitService HTTP/1.1" 200 524
218.81.216.246 - - [14/Feb/2024:10:46:10 +0800] "POST /xingrg/services/DataTransmitService HTTP/1.1" 200 412
218.81.216.246 - - [14/Feb/2024:10:46:11 +0800] "POST /xingrg/services/DataTransmitService HTTP/1.1" 200 524
101.83.240.5 - - [14/Feb/2024:10:46:11 +0800] "GET /xingrg/all/function/internal_message.html?_=1707878771218&CODE_STATE=getMsg HTTP/1.1" 200 27
218.81.216.246 - - [14/Feb/2024:10:46:12 +0800] "POST /xingrg/services/DataTransmitService HTTP/1.1" 200 412
218.81.216.246 - - [14/Feb/2024:10:46:12 +0800] "POST /xingrg/services/DataTransmitService HTTP/1.1" 200 524
218.81.216.246 - - [14/Feb/2024:10:46:13 +0800] "POST /xingrg/services/DataTransmitService HTTP/1.1" 200 412
116.230.123.222 - - [14/Feb/2024:10:46:14 +0800] "POST /xingrg/kc/buy/cgsh_order_operate.html HTTP/1.1" 200 37
101.83.145.37 - - [14/Feb/2024:10:46:17 +0800] "GET /xingrg/all/function/internal_message.html?_=1707878541834&CODE_STATE=getMsg HTTP/1.1" 200 27
101.83.145.37 - - [14/Feb/2024:10:46:18 +0800] "GET /xingrg/kc/buy/cgsh_order_operate.html?command=get_materiel&rest_code=00105&code=00101001045&supplier_code=00100312&order_time=2024-02-14 HTTP/1.1" 200 423
221.239.172.206 - - [14/Feb/2024:10:46:19 +0800] "GET /xingrg/all/function/internal_message.html?_=1707878778978&CODE_STATE=getMsg HTTP/1.1" 200 27
218.81.216.246 - - [14/Feb/2024:10:46:21 +0800] "GET /xingrg/check_reg.html?_=1707878791524 HTTP/1.1" 200 22
218.81.216.246 - - [14/Feb/2024:10:46:22 +0800] "POST /xingrg/services/DataTransmitService HTTP/1.1" 200 524
218.81.216.246 - - [14/Feb/2024:10:46:23 +0800] "POST /xingrg/services/DataTransmitService HTTP/1.1" 200 2331
116.230.123.222 - - [14/Feb/2024:10:46:25 +0800] "POST /xingrg/kc/buy/cgsh_order_operate.html HTTP/1.1" 200 12
116.224.254.208 - - [14/Feb/2024:10:46:25 +0800] "GET /xingrg/all/function/internal_message.html?_=1707878785542&CODE_STATE=getMsg HTTP/1.1" 200 27
116.230.123.222 - - [14/Feb/2024:10:46:27 +0800] "GET /xingrg/kc/buy/cgsh_order_info.html?code=212024021404107 HTTP/1.1" 200 68334
180.164.1.25 - - [14/Feb/2024:10:46:28 +0800] "GET /xingrg/all/function/internal_message.html?_=1707878786831&CODE_STATE=getMsg HTTP/1.1" 200 27
116.230.123.222 - - [14/Feb/2024:10:46:28 +0800] "GET /xingrg/javascript/easyui/themes/default/validatebox.css HTTP/1.1" 404 1104
124.78.67.200 - - [14/Feb/2024:10:46:28 +0800] "GET /xingrg/all/function/internal_message.html?_=1707878788714&CODE_STATE=getMsg HTTP/1.1" 200 27
116.230.123.222 - - [14/Feb/2024:10:46:29 +0800] "POST /xingrg/kc/buy/cgsh_order_operate.html HTTP/1.1" 200 611
218.81.216.246 - - [14/Feb/2024:10:46:30 +0800] "POST /xingrg/services/DataTransmitService HTTP/1.1" 200 524
116.232.194.112 - - [14/Feb/2024:10:46:31 +0800] "GET /xingrg/all/function/internal_message.html?_=1707878784128&CODE_STATE=getMsg HTTP/1.1" 200 27
218.81.216.246 - - [14/Feb/2024:10:46:31 +0800] "POST /xingrg/services/DataTransmitService HTTP/1.1" 200 412
116.230.123.222 - - [14/Feb/2024:10:46:31 +0800] "GET /xingrg/all/function/internal_message.html?_=1707878791220&CODE_STATE=getMsg HTTP/1.1" 200 27
218.81.216.246 - - [14/Feb/2024:10:46:33 +0800] "GET /xingrg/all/function/internal_message.html?_=1707878803757&CODE_STATE=getMsg HTTP/1.1" 200 27
101.83.145.37 - - [14/Feb/2024:10:46:38 +0800] "GET /xingrg/kc/buy/cgsh_order_operate.html?command=get_materiel&rest_code=00105&code=00101001029&supplier_code=00100312&order_time=2024-02-14 HTTP/1.1" 200 417
218.81.216.246 - - [14/Feb/2024:10:46:45 +0800] "GET /xingrg/all/function/internal_message.html?_=1707878814313&CODE_STATE=getMsg HTTP/1.1" 302 -
116.237.76.128 - - [14/Feb/2024:10:46:51 +0800] "GET /xingrg/all/function/internal_message.html?_=1707878810170&CODE_STATE=getMsg HTTP/1.1" 200 27
180.163.28.143 - - [14/Feb/2024:10:46:52 +0800] "GET /xingrg/all/function/internal_message.html?_=1707878750199&CODE_STATE=getMsg HTTP/1.1" 302 -
180.163.28.143 - - [14/Feb/2024:10:46:52 +0800] "GET /xingrg/login.html HTTP/1.1" 200 7641
116.230.123.222 - - [14/Feb/2024:10:46:53 +0800] "GET /xingrg/kc/print/load_data.html?order_code=212024021404107&kc_code=cgsh&condition= HTTP/1.1" 200 769
116.230.123.222 - - [14/Feb/2024:10:46:58 +0800] "GET /xingrg/kc/buy/cgsh_order_add.html HTTP/1.1" 200 73423
116.230.123.222 - - [14/Feb/2024:10:46:58 +0800] "POST /xingrg/kc/buy/cgsh_order_operate.html HTTP/1.1" 200 8245
116.230.123.222 - - [14/Feb/2024:10:46:58 +0800] "GET /xingrg/javascript/easyui/themes/default/validatebox.css HTTP/1.1" 404 1104
101.83.145.37 - - [14/Feb/2024:10:47:07 +0800] "GET /xingrg/kc/buy/cgsh_order_operate.html?command=get_materiel&rest_code=00105&code=00101004023&supplier_code=00100312&order_time=2024-02-14 HTTP/1.1" 200 409
101.83.240.5 - - [14/Feb/2024:10:47:11 +0800] "GET /xingrg/all/function/internal_message.html?_=1707878831188&CODE_STATE=getMsg HTTP/1.1" 200 27
116.230.123.222 - - [14/Feb/2024:10:47:11 +0800] "GET /xingrg/kc/buy/cgsh_order_operate.html?command=get_materiel&rest_code=00111&code=00101002007&supplier_code=00100442&order_time=2024-02-14 HTTP/1.1" 200 410
101.83.240.5 - - [14/Feb/2024:10:47:11 +0800] "GET /xingrg/check_reg.html?_=1707878831774 HTTP/1.1" 200 22
218.81.216.246 - - [14/Feb/2024:10:47:12 +0800] "POST /xingrg/services/DataTransmitService HTTP/1.1" 200 524
218.81.216.246 - - [14/Feb/2024:10:47:13 +0800] "POST /xingrg/services/DataTransmitService HTTP/1.1" 200 412
218.81.216.246 - - [14/Feb/2024:10:47:15 +0800] "POST /xingrg/services/DataTransmitService HTTP/1.1" 200 524
218.81.216.246 - - [14/Feb/2024:10:47:16 +0800] "POST /xingrg/services/DataTransmitService HTTP/1.1" 200 2331
101.83.145.37 - - [14/Feb/2024:10:47:17 +0800] "GET /xingrg/all/function/internal_message.html?_=1707878601865&CODE_STATE=getMsg HTTP/1.1" 200 27
221.239.172.206 - - [14/Feb/2024:10:47:19 +0800] "GET /xingrg/all/function/internal_message.html?_=1707878838976&CODE_STATE=getMsg HTTP/1.1" 200 27
218.81.216.246 - - [14/Feb/2024:10:47:25 +0800] "POST /xingrg/services/DataTransmitService HTTP/1.1" 200 524
116.224.254.208 - - [14/Feb/2024:10:47:25 +0800] "GET /xingrg/all/function/internal_message.html?_=1707878845543&CODE_STATE=getMsg HTTP/1.1" 200 27
218.81.216.246 - - [14/Feb/2024:10:47:25 +0800] "POST /xingrg/services/DataTransmitService HTTP/1.1" 200 412
218.81.216.246 - - [14/Feb/2024:10:47:26 +0800] "POST /xingrg/services/DataTransmitService HTTP/1.1" 200 524
218.81.216.246 - - [14/Feb/2024:10:47:27 +0800] "POST /xingrg/services/DataTransmitService HTTP/1.1" 200 412
116.230.123.222 - - [14/Feb/2024:10:47:27 +0800] "POST /xingrg/kc/buy/cgsh_order_operate.html HTTP/1.1" 200 37
180.164.1.25 - - [14/Feb/2024:10:47:27 +0800] "GET /xingrg/all/function/internal_message.html?_=1707878846806&CODE_STATE=getMsg HTTP/1.1" 200 27
218.81.216.246 - - [14/Feb/2024:10:47:28 +0800] "POST /xingrg/services/DataTransmitService HTTP/1.1" 200 524
124.78.67.200 - - [14/Feb/2024:10:47:28 +0800] "GET /xingrg/all/function/internal_message.html?_=1707878848701&CODE_STATE=getMsg HTTP/1.1" 200 27
218.81.216.246 - - [14/Feb/2024:10:47:28 +0800] "POST /xingrg/services/DataTransmitService HTTP/1.1" 200 412
218.81.216.246 - - [14/Feb/2024:10:47:29 +0800] "POST /xingrg/services/DataTransmitService HTTP/1.1" 200 524
218.81.216.246 - - [14/Feb/2024:10:47:30 +0800] "POST /xingrg/services/DataTransmitService HTTP/1.1" 200 412
218.81.216.246 - - [14/Feb/2024:10:47:30 +0800] "POST /xingrg/services/DataTransmitService HTTP/1.1" 200 524
116.232.194.112 - - [14/Feb/2024:10:47:31 +0800] "GET /xingrg/all/function/internal_message.html?_=1707878844118&CODE_STATE=getMsg HTTP/1.1" 200 27
218.81.216.246 - - [14/Feb/2024:10:47:31 +0800] "POST /xingrg/services/DataTransmitService HTTP/1.1" 200 412
116.230.123.222 - - [14/Feb/2024:10:47:31 +0800] "GET /xingrg/all/function/internal_message.html?_=1707878851200&CODE_STATE=getMsg HTTP/1.1" 200 27
218.81.216.246 - - [14/Feb/2024:10:47:33 +0800] "GET /xingrg/all/function/internal_message.html?_=1707878863769&CODE_STATE=getMsg HTTP/1.1" 200 27
116.230.123.222 - - [14/Feb/2024:10:47:36 +0800] "POST /xingrg/kc/buy/cgsh_order_operate.html HTTP/1.1" 200 12
218.81.216.246 - - [14/Feb/2024:10:47:37 +0800] "POST /xingrg/services/DataTransmitService HTTP/1.1" 200 524
218.81.216.246 - - [14/Feb/2024:10:47:38 +0800] "POST /xingrg/services/DataTransmitService HTTP/1.1" 200 412
101.83.145.37 - - [14/Feb/2024:10:47:41 +0800] "POST /xingrg/kc/buy/cgsh_order_operate.html HTTP/1.1" 200 37
116.237.76.128 - - [14/Feb/2024:10:47:41 +0800] "GET /xingrg/check_reg.html?_=1707878860111 HTTP/1.1" 200 22
101.83.145.37 - - [14/Feb/2024:10:47:41 +0800] "POST /xingrg/services/DataTransmitService HTTP/1.1" 200 524
218.81.216.246 - - [14/Feb/2024:10:47:42 +0800] "POST /xingrg/services/DataTransmitService HTTP/1.1" 200 524
116.230.123.222 - - [14/Feb/2024:10:47:42 +0800] "GET /xingrg/kc/print/load_data.html?order_code=212024021404108&kc_code=cgsh&condition= HTTP/1.1" 200 701
116.230.123.222 - - [14/Feb/2024:10:47:42 +0800] "GET /xingrg/kc/buy/cgsh_order_info.html?code=212024021404108 HTTP/1.1" 200 68334
116.230.123.222 - - [14/Feb/2024:10:47:43 +0800] "GET /xingrg/javascript/easyui/themes/default/validatebox.css HTTP/1.1" 404 1104
101.83.145.37 - - [14/Feb/2024:10:47:43 +0800] "POST /xingrg/kc/buy/cgsh_order_operate.html HTTP/1.1" 200 6227
116.230.123.222 - - [14/Feb/2024:10:47:44 +0800] "POST /xingrg/kc/buy/cgsh_order_operate.html HTTP/1.1" 200 606
218.81.216.246 - - [14/Feb/2024:10:47:45 +0800] "GET /xingrg/all/function/internal_message.html?_=1707878874328&CODE_STATE=getMsg HTTP/1.1" 302 -
116.232.194.112 - - [14/Feb/2024:10:47:47 +0800] "GET /xingrg/check_reg.html?_=1707878860223 HTTP/1.1" 200 22
116.237.76.128 - - [14/Feb/2024:10:47:51 +0800] "GET /xingrg/all/function/internal_message.html?_=1707878870146&CODE_STATE=getMsg HTTP/1.1" 200 27
180.163.28.143 - - [14/Feb/2024:10:47:51 +0800] "GET /xingrg/all/function/internal_message.html?_=1707878810170&CODE_STATE=getMsg HTTP/1.1" 302 -
180.163.28.143 - - [14/Feb/2024:10:47:51 +0800] "GET /xingrg/login.html HTTP/1.1" 200 7641
116.230.123.222 - - [14/Feb/2024:10:47:54 +0800] "GET /xingrg/kc/buy/cgsh_order_add.html HTTP/1.1" 200 73423
116.230.123.222 - - [14/Feb/2024:10:47:54 +0800] "POST /xingrg/kc/buy/cgsh_order_operate.html HTTP/1.1" 200 8245
116.230.123.222 - - [14/Feb/2024:10:47:54 +0800] "GET /xingrg/javascript/easyui/themes/default/validatebox.css HTTP/1.1" 404 1104
221.239.172.206 - - [14/Feb/2024:10:47:55 +0800] "GET /xingrg/check_reg.html?_=1707878874427 HTTP/1.1" 200 22
101.83.145.37 - - [14/Feb/2024:10:48:02 +0800] "POST /xingrg/kc/buy/cgsh_order_operate.html HTTP/1.1" 200 37
101.83.145.37 - - [14/Feb/2024:10:48:04 +0800] "POST /xingrg/kc/buy/cgsh_order_operate.html HTTP/1.1" 200 6227
116.230.123.222 - - [14/Feb/2024:10:48:06 +0800] "GET /xingrg/kc/buy/cgsh_order_operate.html?command=get_materiel&rest_code=00111&code=00101002006&supplier_code=00100091&order_time=2024-02-14 HTTP/1.1" 200 434
101.83.240.5 - - [14/Feb/2024:10:48:11 +0800] "GET /xingrg/all/function/internal_message.html?_=1707878891167&CODE_STATE=getMsg HTTP/1.1" 200 27
218.81.216.246 - - [14/Feb/2024:10:48:11 +0800] "GET /xingrg/check_reg.html?_=1707878899947 HTTP/1.1" 302 -
101.83.145.37 - - [14/Feb/2024:10:48:17 +0800] "GET /xingrg/all/function/internal_message.html?_=1707878661847&CODE_STATE=getMsg HTTP/1.1" 200 27
221.239.172.206 - - [14/Feb/2024:10:48:19 +0800] "GET /xingrg/all/function/internal_message.html?_=1707878898984&CODE_STATE=getMsg HTTP/1.1" 200 27
116.230.123.222 - - [14/Feb/2024:10:48:20 +0800] "GET /xingrg/kc/buy/cgsh_order_operate.html?command=get_materiel&rest_code=00111&code=00101003037&supplier_code=00100091&order_time=2024-02-14 HTTP/1.1" 200 416
101.83.145.37 - - [14/Feb/2024:10:48:22 +0800] "POST /xingrg/services/DataTransmitService HTTP/1.1" 200 501
218.81.216.246 - - [14/Feb/2024:10:48:23 +0800] "POST /xingrg/services/DataTransmitService HTTP/1.1" 200 412
101.83.145.37 - - [14/Feb/2024:10:48:23 +0800] "GET /xingrg/kc/print/load_data.html?order_code=212024021404109&kc_code=cgsh&condition= HTTP/1.1" 200 2046
116.224.254.208 - - [14/Feb/2024:10:48:25 +0800] "GET /xingrg/check_reg.html?_=1707878905539 HTTP/1.1" 200 22
116.224.254.208 - - [14/Feb/2024:10:48:25 +0800] "GET /xingrg/all/function/internal_message.html?_=1707878905542&CODE_STATE=getMsg HTTP/1.1" 200 27
180.164.1.25 - - [14/Feb/2024:10:48:27 +0800] "GET /xingrg/all/function/internal_message.html?_=1707878906800&CODE_STATE=getMsg HTTP/1.1" 200 27
124.78.67.200 - - [14/Feb/2024:10:48:28 +0800] "GET /xingrg/all/function/internal_message.html?_=1707878908686&CODE_STATE=getMsg HTTP/1.1" 200 27
218.81.216.246 - - [14/Feb/2024:10:48:29 +0800] "POST /xingrg/services/DataTransmitService HTTP/1.1" 200 524
218.81.216.246 - - [14/Feb/2024:10:48:30 +0800] "POST /xingrg/services/DataTransmitService HTTP/1.1" 200 412
116.232.194.112 - - [14/Feb/2024:10:48:31 +0800] "GET /xingrg/all/function/internal_message.html?_=1707878904096&CODE_STATE=getMsg HTTP/1.1" 200 27
218.81.216.246 - - [14/Feb/2024:10:48:31 +0800] "POST /xingrg/services/DataTransmitService HTTP/1.1" 200 524
116.230.123.222 - - [14/Feb/2024:10:48:31 +0800] "GET /xingrg/all/function/internal_message.html?_=1707878911177&CODE_STATE=getMsg HTTP/1.1" 200 27
218.81.216.246 - - [14/Feb/2024:10:48:32 +0800] "POST /xingrg/services/DataTransmitService HTTP/1.1" 200 2331
218.81.216.246 - - [14/Feb/2024:10:48:33 +0800] "GET /xingrg/all/function/internal_message.html?_=1707878923793&CODE_STATE=getMsg HTTP/1.1" 200 27
101.83.145.37 - - [14/Feb/2024:10:48:36 +0800] "GET /xingrg/check_reg.html?_=1707878680831 HTTP/1.1" 200 22
116.230.123.222 - - [14/Feb/2024:10:48:38 +0800] "POST /xingrg/kc/buy/cgsh_order_operate.html HTTP/1.1" 200 37
218.81.216.246 - - [14/Feb/2024:10:48:39 +0800] "POST /xingrg/services/DataTransmitService HTTP/1.1" 200 524
218.81.216.246 - - [14/Feb/2024:10:48:40 +0800] "POST /xingrg/services/DataTransmitService HTTP/1.1" 200 412
218.81.216.246 - - [14/Feb/2024:10:48:45 +0800] "POST /xingrg/services/DataTransmitService HTTP/1.1" 200 524
218.81.216.246 - - [14/Feb/2024:10:48:46 +0800] "GET /xingrg/all/function/internal_message.html?_=1707878934574&CODE_STATE=getMsg HTTP/1.1" 302 -
116.230.123.222 - - [14/Feb/2024:10:48:46 +0800] "POST /xingrg/kc/buy/cgsh_order_operate.html HTTP/1.1" 200 12
218.81.216.246 - - [14/Feb/2024:10:48:46 +0800] "POST /xingrg/services/DataTransmitService HTTP/1.1" 200 412
218.81.216.246 - - [14/Feb/2024:10:48:48 +0800] "POST /xingrg/services/DataTransmitService HTTP/1.1" 200 524
218.81.216.246 - - [14/Feb/2024:10:48:49 +0800] "POST /xingrg/services/DataTransmitService HTTP/1.1" 200 2331
116.230.123.222 - - [14/Feb/2024:10:48:49 +0800] "GET /xingrg/kc/buy/cgsh_order_info.html?code=212024021404110 HTTP/1.1" 200 68336
116.230.123.222 - - [14/Feb/2024:10:48:49 +0800] "GET /xingrg/javascript/easyui/themes/default/validatebox.css HTTP/1.1" 404 1104
116.230.123.222 - - [14/Feb/2024:10:48:50 +0800] "POST /xingrg/kc/buy/cgsh_order_operate.html HTTP/1.1" 200 1211
116.237.76.128 - - [14/Feb/2024:10:48:51 +0800] "GET /xingrg/all/function/internal_message.html?_=1707878930132&CODE_STATE=getMsg HTTP/1.1" 200 27
116.230.123.222 - - [14/Feb/2024:10:48:52 +0800] "GET /xingrg/kc/print/load_data.html?order_code=212024021404110&kc_code=cgsh&condition= HTTP/1.1" 200 1007
218.81.216.246 - - [14/Feb/2024:10:48:57 +0800] "POST /xingrg/services/DataTransmitService HTTP/1.1" 200 524
218.81.216.246 - - [14/Feb/2024:10:48:57 +0800] "POST /xingrg/services/DataTransmitService HTTP/1.1" 200 412
101.83.240.5 - - [14/Feb/2024:10:49:11 +0800] "GET /xingrg/all/function/internal_message.html?_=1707878951138&CODE_STATE=getMsg HTTP/1.1" 200 27
218.81.216.246 - - [14/Feb/2024:10:49:13 +0800] "POST /xingrg/services/DataTransmitService HTTP/1.1" 200 524
218.81.216.246 - - [14/Feb/2024:10:49:14 +0800] "POST /xingrg/services/DataTransmitService HTTP/1.1" 200 412
218.81.216.246 - - [14/Feb/2024:10:49:15 +0800] "POST /xingrg/services/DataTransmitService HTTP/1.1" 200 524
218.81.216.246 - - [14/Feb/2024:10:49:16 +0800] "POST /xingrg/services/DataTransmitService HTTP/1.1" 200 2331
101.83.145.37 - - [14/Feb/2024:10:49:17 +0800] "GET /xingrg/all/function/internal_message.html?_=1707878721831&CODE_STATE=getMsg HTTP/1.1" 200 27
221.239.172.206 - - [14/Feb/2024:10:49:20 +0800] "GET /xingrg/all/function/internal_message.html?_=1707878958989&CODE_STATE=getMsg HTTP/1.1" 200 27
218.81.216.246 - - [14/Feb/2024:10:49:24 +0800] "POST /xingrg/services/DataTransmitService HTTP/1.1" 200 524
116.224.254.208 - - [14/Feb/2024:10:49:25 +0800] "GET /xingrg/all/function/internal_message.html?_=1707878965554&CODE_STATE=getMsg HTTP/1.1" 200 27
218.81.216.246 - - [14/Feb/2024:10:49:25 +0800] "POST /xingrg/services/DataTransmitService HTTP/1.1" 200 412
180.164.1.25 - - [14/Feb/2024:10:49:27 +0800] "GET /xingrg/all/function/internal_message.html?_=1707878966792&CODE_STATE=getMsg HTTP/1.1" 200 27
124.78.67.200 - - [14/Feb/2024:10:49:28 +0800] "GET /xingrg/all/function/internal_message.html?_=1707878968659&CODE_STATE=getMsg HTTP/1.1" 200 27
218.81.216.246 - - [14/Feb/2024:10:49:28 +0800] "POST /xingrg/services/DataTransmitService HTTP/1.1" 200 524
218.81.216.246 - - [14/Feb/2024:10:49:29 +0800] "POST /xingrg/services/DataTransmitService HTTP/1.1" 200 2331
116.232.194.112 - - [14/Feb/2024:10:49:31 +0800] "GET /xingrg/all/function/internal_message.html?_=1707878964094&CODE_STATE=getMsg HTTP/1.1" 200 27
116.230.123.222 - - [14/Feb/2024:10:49:31 +0800] "GET /xingrg/all/function/internal_message.html?_=1707878971154&CODE_STATE=getMsg HTTP/1.1" 200 27
218.81.216.246 - - [14/Feb/2024:10:49:33 +0800] "GET /xingrg/all/function/internal_message.html?_=1707878983796&CODE_STATE=getMsg HTTP/1.1" 200 27
101.83.145.37 - - [14/Feb/2024:10:49:35 +0800] "GET /xingrg/kc/buy/cgsh_order_add.html HTTP/1.1" 200 73549
101.83.145.37 - - [14/Feb/2024:10:49:36 +0800] "POST /xingrg/kc/buy/cgsh_order_operate.html HTTP/1.1" 200 8245
101.83.145.37 - - [14/Feb/2024:10:49:36 +0800] "GET /xingrg/javascript/easyui/themes/default/validatebox.css HTTP/1.1" 404 1104
218.81.216.246 - - [14/Feb/2024:10:49:36 +0800] "POST /xingrg/services/DataTransmitService HTTP/1.1" 200 524
218.81.216.246 - - [14/Feb/2024:10:49:37 +0800] "POST /xingrg/services/DataTransmitService HTTP/1.1" 200 412
218.81.216.246 - - [14/Feb/2024:10:49:46 +0800] "GET /xingrg/all/function/internal_message.html?_=1707878994588&CODE_STATE=getMsg HTTP/1.1" 302 -
124.78.67.200 - - [14/Feb/2024:10:49:49 +0800] "GET /xingrg/check_reg.html?_=1707878989723 HTTP/1.1" 200 22
116.237.76.128 - - [14/Feb/2024:10:49:51 +0800] "GET /xingrg/all/function/internal_message.html?_=1707878990119&CODE_STATE=getMsg HTTP/1.1" 200 27
180.163.29.206 - - [14/Feb/2024:10:49:52 +0800] "GET /xingrg/all/function/internal_message.html?_=1707878930132&CODE_STATE=getMsg HTTP/1.1" 302 -
180.163.29.206 - - [14/Feb/2024:10:49:52 +0800] "GET /xingrg/login.html HTTP/1.1" 200 7641
218.81.216.246 - - [14/Feb/2024:10:49:56 +0800] "POST /xingrg/services/DataTransmitService HTTP/1.1" 200 524
218.81.216.246 - - [14/Feb/2024:10:49:57 +0800] "POST /xingrg/services/DataTransmitService HTTP/1.1" 200 412
218.81.216.246 - - [14/Feb/2024:10:50:02 +0800] "POST /xingrg/services/DataTransmitService HTTP/1.1" 200 524
218.81.216.246 - - [14/Feb/2024:10:50:03 +0800] "POST /xingrg/services/DataTransmitService HTTP/1.1" 200 2331
101.83.240.5 - - [14/Feb/2024:10:50:11 +0800] "GET /xingrg/all/function/internal_message.html?_=1707879011108&CODE_STATE=getMsg HTTP/1.1" 200 27
218.81.216.246 - - [14/Feb/2024:10:50:14 +0800] "POST /xingrg/services/DataTransmitService HTTP/1.1" 200 524
218.81.216.246 - - [14/Feb/2024:10:50:14 +0800] "POST /xingrg/services/DataTransmitService HTTP/1.1" 200 412
101.83.145.37 - - [14/Feb/2024:10:50:17 +0800] "GET /xingrg/all/function/internal_message.html?_=1707878781813&CODE_STATE=getMsg HTTP/1.1" 200 27
221.239.172.206 - - [14/Feb/2024:10:50:20 +0800] "GET /xingrg/all/function/internal_message.html?_=1707879018989&CODE_STATE=getMsg HTTP/1.1" 200 27
116.224.254.208 - - [14/Feb/2024:10:50:25 +0800] "GET /xingrg/all/function/internal_message.html?_=1707879025548&CODE_STATE=getMsg HTTP/1.1" 200 27
180.164.1.25 - - [14/Feb/2024:10:50:27 +0800] "GET /xingrg/all/function/internal_message.html?_=1707879026774&CODE_STATE=getMsg HTTP/1.1" 200 27
124.78.67.200 - - [14/Feb/2024:10:50:28 +0800] "GET /xingrg/all/function/internal_message.html?_=1707879028644&CODE_STATE=getMsg HTTP/1.1" 200 27
116.232.194.112 - - [14/Feb/2024:10:50:31 +0800] "GET /xingrg/all/function/internal_message.html?_=1707879024094&CODE_STATE=getMsg HTTP/1.1" 200 27
116.230.123.222 - - [14/Feb/2024:10:50:31 +0800] "GET /xingrg/all/function/internal_message.html?_=1707879031135&CODE_STATE=getMsg HTTP/1.1" 200 27
116.230.123.222 - - [14/Feb/2024:10:50:31 +0800] "GET /xingrg/check_reg.html?_=1707879031214 HTTP/1.1" 200 22
218.81.216.246 - - [14/Feb/2024:10:50:33 +0800] "GET /xingrg/all/function/internal_message.html?_=1707879043818&CODE_STATE=getMsg HTTP/1.1" 200 27
180.164.1.25 - - [14/Feb/2024:10:50:42 +0800] "GET /xingrg/check_reg.html?_=1707879040897 HTTP/1.1" 200 22
116.224.254.208 - - [14/Feb/2024:10:50:45 +0800] "POST /xingrg/services/DataTransmitService HTTP/1.1" 200 524
218.81.216.246 - - [14/Feb/2024:10:50:46 +0800] "GET /xingrg/all/function/internal_message.html?_=1707879054816&CODE_STATE=getMsg HTTP/1.1" 302 -
101.83.240.5 - - [14/Feb/2024:10:50:50 +0800] "GET /xingrg/kc/buy/cgsh_order_add.html HTTP/1.1" 200 73555
101.83.240.5 - - [14/Feb/2024:10:50:51 +0800] "POST /xingrg/kc/buy/cgsh_order_operate.html HTTP/1.1" 200 8245
101.83.240.5 - - [14/Feb/2024:10:50:51 +0800] "GET /xingrg/javascript/easyui/themes/default/validatebox.css HTTP/1.1" 404 1104
116.237.76.128 - - [14/Feb/2024:10:50:51 +0800] "GET /xingrg/all/function/internal_message.html?_=1707879050105&CODE_STATE=getMsg HTTP/1.1" 200 27
101.83.145.37 - - [14/Feb/2024:10:50:56 +0800] "GET /xingrg/kc/buy/cgsh_order_operate.html?command=get_materiel&rest_code=00105&code=00101002006&supplier_code=00100091&order_time=2024-02-14 HTTP/1.1" 200 434
101.83.240.5 - - [14/Feb/2024:10:50:59 +0800] "GET /xingrg/kc/mdqp/pssh_order_list.html HTTP/1.1" 200 17891
101.83.240.5 - - [14/Feb/2024:10:50:59 +0800] "POST /xingrg/kc/mdqp/pssh_list_operate.html HTTP/1.1" 200 5453
101.83.240.5 - - [14/Feb/2024:10:51:01 +0800] "POST /xingrg/kc/mdqp/pssh_list_operate.html HTTP/1.1" 200 789
101.83.240.5 - - [14/Feb/2024:10:51:02 +0800] "GET /xingrg/kc/mdqp/pssh_order_info.html?code=312024021200195 HTTP/1.1" 200 17316
101.83.240.5 - - [14/Feb/2024:10:51:02 +0800] "GET /xingrg/javascript/jquery_tools/jquery-1.4.2.min.js HTTP/1.1" 404 1094
101.83.240.5 - - [14/Feb/2024:10:51:02 +0800] "GET /xingrg/javascript/easyui/themes/default/validatebox.css HTTP/1.1" 404 1104
101.83.240.5 - - [14/Feb/2024:10:51:02 +0800] "GET /xingrg/all/common/auto_word.html?type=base&rest_code=00149&rest_code=00149 HTTP/1.1" 200 1907
101.83.240.5 - - [14/Feb/2024:10:51:02 +0800] "POST /xingrg/kc/mdqp/pssh_order_operate.html HTTP/1.1" 200 4816
101.83.240.5 - - [14/Feb/2024:10:51:07 +0800] "POST /xingrg/kc/mdqp/pssh_order_operate.html HTTP/1.1" 200 37
218.81.216.246 - - [14/Feb/2024:10:51:09 +0800] "POST /xingrg/services/DataTransmitService HTTP/1.1" 200 524
218.81.216.246 - - [14/Feb/2024:10:51:10 +0800] "POST /xingrg/services/DataTransmitService HTTP/1.1" 200 2331
