180.164.1.25 - - [14/Feb/2024:11:19:27 +0800] "GET /xingrg/all/function/internal_message.html?_=1707880766376&CODE_STATE=getMsg HTTP/1.1" 200 27
124.78.67.200 - - [14/Feb/2024:11:19:28 +0800] "GET /xingrg/all/function/internal_message.html?_=1707880768656&CODE_STATE=getMsg HTTP/1.1" 200 27
116.232.194.112 - - [14/Feb/2024:11:19:30 +0800] "GET /xingrg/all/function/internal_message.html?_=1707880763620&CODE_STATE=getMsg HTTP/1.1" 200 27
116.230.123.222 - - [14/Feb/2024:11:19:31 +0800] "GET /xingrg/all/function/internal_message.html?_=1707880770624&CODE_STATE=getMsg HTTP/1.1" 200 27
218.81.216.246 - - [14/Feb/2024:11:19:34 +0800] "GET /xingrg/all/function/internal_message.html?_=1707880784220&CODE_STATE=getMsg HTTP/1.1" 200 27
124.78.67.200 - - [14/Feb/2024:11:19:49 +0800] "GET /xingrg/check_reg.html?_=1707880789702 HTTP/1.1" 200 22
218.81.216.246 - - [14/Feb/2024:11:19:49 +0800] "GET /xingrg/all/function/internal_message.html?_=1707880798350&CODE_STATE=getMsg HTTP/1.1" 302 -
116.237.76.128 - - [14/Feb/2024:11:19:50 +0800] "GET /xingrg/all/function/internal_message.html?_=1707880789477&CODE_STATE=getMsg HTTP/1.1" 200 27
101.83.145.37 - - [14/Feb/2024:11:19:55 +0800] "GET /xingrg/kc/base/wldb_order_operate.html?command=get_materiel&rest_code=00105&base_code=0010508&code=00102002497 HTTP/1.1" 200 439
101.83.145.37 - - [14/Feb/2024:11:20:02 +0800] "GET /xingrg/all/function/internal_message.html?_=1707880566607&CODE_STATE=getMsg HTTP/1.1" 200 27
101.83.240.5 - - [14/Feb/2024:11:20:10 +0800] "GET /xingrg/all/function/internal_message.html?_=1707880810566&CODE_STATE=getMsg HTTP/1.1" 200 27
101.83.145.37 - - [14/Feb/2024:11:20:15 +0800] "POST /xingrg/kc/base/wldb_order_operate.html HTTP/1.1" 200 37
101.83.145.37 - - [14/Feb/2024:11:20:16 +0800] "POST /xingrg/kc/base/wldb_order_operate.html HTTP/1.1" 200 3651
101.83.145.37 - - [14/Feb/2024:11:20:17 +0800] "GET /xingrg/kc/base/wldb_order_info.html?code=422024021401182 HTTP/1.1" 200 30358
101.83.145.37 - - [14/Feb/2024:11:20:17 +0800] "GET /xingrg/javascript/easyui/themes/default/validatebox.css HTTP/1.1" 404 1104
101.83.145.37 - - [14/Feb/2024:11:20:18 +0800] "POST /xingrg/kc/base/wldb_order_operate.html HTTP/1.1" 200 3651
221.239.172.206 - - [14/Feb/2024:11:20:20 +0800] "GET /xingrg/all/function/internal_message.html?_=1707880819016&CODE_STATE=getMsg HTTP/1.1" 200 27
116.224.254.208 - - [14/Feb/2024:11:20:25 +0800] "GET /xingrg/all/function/internal_message.html?_=1707880825536&CODE_STATE=getMsg HTTP/1.1" 200 27
180.164.1.25 - - [14/Feb/2024:11:20:27 +0800] "GET /xingrg/all/function/internal_message.html?_=1707880826368&CODE_STATE=getMsg HTTP/1.1" 200 27
124.78.67.200 - - [14/Feb/2024:11:20:28 +0800] "GET /xingrg/all/function/internal_message.html?_=1707880828633&CODE_STATE=getMsg HTTP/1.1" 200 27
116.232.194.112 - - [14/Feb/2024:11:20:30 +0800] "GET /xingrg/all/function/internal_message.html?_=1707880823604&CODE_STATE=getMsg HTTP/1.1" 200 27
116.230.123.222 - - [14/Feb/2024:11:20:31 +0800] "GET /xingrg/all/function/internal_message.html?_=1707880830635&CODE_STATE=getMsg HTTP/1.1" 200 27
116.230.123.222 - - [14/Feb/2024:11:20:31 +0800] "GET /xingrg/check_reg.html?_=1707880831135 HTTP/1.1" 200 22
218.81.216.246 - - [14/Feb/2024:11:20:34 +0800] "GET /xingrg/all/function/internal_message.html?_=1707880844233&CODE_STATE=getMsg HTTP/1.1" 200 27
101.83.145.37 - - [14/Feb/2024:11:20:34 +0800] "GET /xingrg/kc/base/wldb_order_add.html HTTP/1.1" 200 30344
101.83.145.37 - - [14/Feb/2024:11:20:35 +0800] "POST /xingrg/kc/base/wldb_order_operate.html HTTP/1.1" 200 6806
101.83.145.37 - - [14/Feb/2024:11:20:35 +0800] "GET /xingrg/javascript/easyui/themes/default/validatebox.css HTTP/1.1" 404 1104
180.164.1.25 - - [14/Feb/2024:11:20:42 +0800] "GET /xingrg/check_reg.html?_=1707880840899 HTTP/1.1" 200 22
218.81.216.246 - - [14/Feb/2024:11:20:49 +0800] "GET /xingrg/all/function/internal_message.html?_=1707880858587&CODE_STATE=getMsg HTTP/1.1" 302 -
116.237.76.128 - - [14/Feb/2024:11:20:50 +0800] "GET /xingrg/all/function/internal_message.html?_=1707880849446&CODE_STATE=getMsg HTTP/1.1" 200 27
101.83.145.37 - - [14/Feb/2024:11:20:53 +0800] "GET /xingrg/kc/base/wldb_order_operate.html?command=get_materiel&rest_code=00105&base_code=0010507&code=00101019430 HTTP/1.1" 200 477
101.83.145.37 - - [14/Feb/2024:11:21:02 +0800] "GET /xingrg/check_reg.html?_=1707880626611 HTTP/1.1" 200 22
101.83.145.37 - - [14/Feb/2024:11:21:02 +0800] "GET /xingrg/all/function/internal_message.html?_=1707880626615&CODE_STATE=getMsg HTTP/1.1" 200 27
101.83.145.37 - - [14/Feb/2024:11:21:03 +0800] "GET /xingrg/kc/base/wldb_order_operate.html?command=get_materiel&rest_code=00105&base_code=0010507&code=00101019469 HTTP/1.1" 200 455
101.83.240.5 - - [14/Feb/2024:11:21:10 +0800] "GET /xingrg/all/function/internal_message.html?_=1707880870554&CODE_STATE=getMsg HTTP/1.1" 200 27
101.83.145.37 - - [14/Feb/2024:11:21:18 +0800] "GET /xingrg/kc/base/wldb_order_operate.html?command=get_materiel&rest_code=00105&base_code=0010507&code=00101013052 HTTP/1.1" 200 442
221.239.172.206 - - [14/Feb/2024:11:21:20 +0800] "GET /xingrg/all/function/internal_message.html?_=1707880879018&CODE_STATE=getMsg HTTP/1.1" 200 27
218.81.216.246 - - [14/Feb/2024:11:21:21 +0800] "GET /xingrg/check_reg.html?_=1707880891579 HTTP/1.1" 200 22
116.224.254.208 - - [14/Feb/2024:11:21:25 +0800] "GET /xingrg/all/function/internal_message.html?_=1707880885541&CODE_STATE=getMsg HTTP/1.1" 200 27
180.164.1.25 - - [14/Feb/2024:11:21:27 +0800] "GET /xingrg/all/function/internal_message.html?_=1707880886364&CODE_STATE=getMsg HTTP/1.1" 200 27
124.78.67.200 - - [14/Feb/2024:11:21:28 +0800] "GET /xingrg/all/function/internal_message.html?_=1707880888610&CODE_STATE=getMsg HTTP/1.1" 200 27
116.232.194.112 - - [14/Feb/2024:11:21:30 +0800] "GET /xingrg/all/function/internal_message.html?_=1707880883583&CODE_STATE=getMsg HTTP/1.1" 200 27
116.230.123.222 - - [14/Feb/2024:11:21:31 +0800] "GET /xingrg/all/function/internal_message.html?_=1707880890618&CODE_STATE=getMsg HTTP/1.1" 200 27
218.81.216.246 - - [14/Feb/2024:11:21:34 +0800] "GET /xingrg/all/function/internal_message.html?_=1707880904247&CODE_STATE=getMsg HTTP/1.1" 200 27
101.83.145.37 - - [14/Feb/2024:11:21:40 +0800] "GET /xingrg/kc/base/wldb_order_operate.html?command=get_materiel&rest_code=00105&base_code=0010507&code=00101019438 HTTP/1.1" 200 462
101.83.240.5 - - [14/Feb/2024:11:21:42 +0800] "GET /xingrg/kc/base/wldb_order_add.html HTTP/1.1" 200 30350
101.83.240.5 - - [14/Feb/2024:11:21:42 +0800] "POST /xingrg/kc/base/wldb_order_operate.html HTTP/1.1" 200 6806
101.83.240.5 - - [14/Feb/2024:11:21:42 +0800] "GET /xingrg/javascript/easyui/themes/default/validatebox.css HTTP/1.1" 404 1104
218.81.216.246 - - [14/Feb/2024:11:21:49 +0800] "GET /xingrg/all/function/internal_message.html?_=1707880918596&CODE_STATE=getMsg HTTP/1.1" 302 -
116.237.76.128 - - [14/Feb/2024:11:21:50 +0800] "GET /xingrg/all/function/internal_message.html?_=1707880909417&CODE_STATE=getMsg HTTP/1.1" 200 27
101.83.145.37 - - [14/Feb/2024:11:21:52 +0800] "GET /xingrg/kc/base/wldb_order_operate.html?command=get_materiel&rest_code=00105&base_code=0010507&code=00101019015 HTTP/1.1" 200 451
101.83.240.5 - - [14/Feb/2024:11:22:01 +0800] "GET /xingrg/kc/base/wldb_order_operate.html?command=get_materiel&rest_code=00149&base_code=0010394&code=00101019400 HTTP/1.1" 200 465
101.83.145.37 - - [14/Feb/2024:11:22:02 +0800] "GET /xingrg/all/function/internal_message.html?_=1707880686615&CODE_STATE=getMsg HTTP/1.1" 200 27
101.83.145.37 - - [14/Feb/2024:11:22:04 +0800] "GET /xingrg/kc/base/wldb_order_operate.html?command=get_materiel&rest_code=00105&base_code=0010507&code=00101019258 HTTP/1.1" 200 483
101.83.240.5 - - [14/Feb/2024:11:22:06 +0800] "GET /xingrg/kc/base/wldb_order_operate.html?command=get_materiel&rest_code=00149&base_code=0010394&code=00101019243 HTTP/1.1" 200 463
101.83.240.5 - - [14/Feb/2024:11:22:10 +0800] "GET /xingrg/all/function/internal_message.html?_=1707880930600&CODE_STATE=getMsg HTTP/1.1" 200 27
101.83.240.5 - - [14/Feb/2024:11:22:10 +0800] "GET /xingrg/kc/base/wldb_order_operate.html?command=get_materiel&rest_code=00149&base_code=0010394&code=00101019289 HTTP/1.1" 200 468
101.83.240.5 - - [14/Feb/2024:11:22:12 +0800] "GET /xingrg/check_reg.html?_=1707880931906 HTTP/1.1" 200 22
101.83.240.5 - - [14/Feb/2024:11:22:14 +0800] "GET /xingrg/kc/base/wldb_order_operate.html?command=get_materiel&rest_code=00149&base_code=0010394&code=00101019222 HTTP/1.1" 200 452
101.83.145.37 - - [14/Feb/2024:11:22:15 +0800] "GET /xingrg/kc/base/wldb_order_operate.html?command=get_materiel&rest_code=00105&base_code=0010507&code=00101019384 HTTP/1.1" 200 471
221.239.172.206 - - [14/Feb/2024:11:22:20 +0800] "GET /xingrg/all/function/internal_message.html?_=1707880939025&CODE_STATE=getMsg HTTP/1.1" 200 27
116.224.254.208 - - [14/Feb/2024:11:22:25 +0800] "GET /xingrg/all/function/internal_message.html?_=1707880945537&CODE_STATE=getMsg HTTP/1.1" 200 27
180.164.1.25 - - [14/Feb/2024:11:22:27 +0800] "GET /xingrg/all/function/internal_message.html?_=1707880946340&CODE_STATE=getMsg HTTP/1.1" 200 27
124.78.67.200 - - [14/Feb/2024:11:22:28 +0800] "GET /xingrg/all/function/internal_message.html?_=1707880948585&CODE_STATE=getMsg HTTP/1.1" 200 27
116.232.194.112 - - [14/Feb/2024:11:22:30 +0800] "GET /xingrg/all/function/internal_message.html?_=1707880943565&CODE_STATE=getMsg HTTP/1.1" 200 27
116.230.123.222 - - [14/Feb/2024:11:22:31 +0800] "GET /xingrg/all/function/internal_message.html?_=1707880950604&CODE_STATE=getMsg HTTP/1.1" 200 27
101.83.145.37 - - [14/Feb/2024:11:22:32 +0800] "GET /xingrg/kc/base/wldb_order_operate.html?command=get_materiel&rest_code=00105&base_code=0010507&code=00101019306 HTTP/1.1" 200 479
218.81.216.246 - - [14/Feb/2024:11:22:34 +0800] "GET /xingrg/all/function/internal_message.html?_=1707880964259&CODE_STATE=getMsg HTTP/1.1" 200 27
116.237.76.128 - - [14/Feb/2024:11:22:41 +0800] "GET /xingrg/check_reg.html?_=1707880960143 HTTP/1.1" 200 22
116.232.194.112 - - [14/Feb/2024:11:22:47 +0800] "GET /xingrg/check_reg.html?_=1707880960226 HTTP/1.1" 200 22
218.81.216.246 - - [14/Feb/2024:11:22:50 +0800] "GET /xingrg/all/function/internal_message.html?_=1707880978837&CODE_STATE=getMsg HTTP/1.1" 302 -
116.237.76.128 - - [14/Feb/2024:11:22:50 +0800] "GET /xingrg/all/function/internal_message.html?_=1707880969403&CODE_STATE=getMsg HTTP/1.1" 200 27
101.83.240.5 - - [14/Feb/2024:11:22:54 +0800] "POST /xingrg/kc/base/wldb_order_operate.html HTTP/1.1" 200 37
101.83.240.5 - - [14/Feb/2024:11:22:55 +0800] "POST /xingrg/kc/base/wldb_order_operate.html HTTP/1.1" 200 5218
221.239.172.206 - - [14/Feb/2024:11:22:55 +0800] "GET /xingrg/check_reg.html?_=1707880974472 HTTP/1.1" 200 22
101.83.145.37 - - [14/Feb/2024:11:23:02 +0800] "GET /xingrg/all/function/internal_message.html?_=1707880746615&CODE_STATE=getMsg HTTP/1.1" 200 27
101.83.240.5 - - [14/Feb/2024:11:23:05 +0800] "GET /xingrg/kc/base/wldb_order_info.html?code=422024021401183 HTTP/1.1" 200 30365
101.83.240.5 - - [14/Feb/2024:11:23:06 +0800] "GET /xingrg/javascript/easyui/themes/default/validatebox.css HTTP/1.1" 404 1104
101.83.240.5 - - [14/Feb/2024:11:23:06 +0800] "POST /xingrg/kc/base/wldb_order_operate.html HTTP/1.1" 200 5218
101.83.145.37 - - [14/Feb/2024:11:23:08 +0800] "GET /xingrg/kc/base/wldb_order_operate.html?command=get_materiel&rest_code=00105&base_code=0010507&code=00101019529 HTTP/1.1" 200 476
101.83.240.5 - - [14/Feb/2024:11:23:10 +0800] "GET /xingrg/all/function/internal_message.html?_=1707880990572&CODE_STATE=getMsg HTTP/1.1" 200 27
101.83.240.5 - - [14/Feb/2024:11:23:10 +0800] "GET /xingrg/kc/base/wldb_order_add.html HTTP/1.1" 200 30350
101.83.240.5 - - [14/Feb/2024:11:23:11 +0800] "POST /xingrg/kc/base/wldb_order_operate.html HTTP/1.1" 200 6806
101.83.240.5 - - [14/Feb/2024:11:23:11 +0800] "GET /xingrg/javascript/easyui/themes/default/validatebox.css HTTP/1.1" 404 1104
218.81.216.246 - - [14/Feb/2024:11:23:11 +0800] "GET /xingrg/check_reg.html?_=1707881000574 HTTP/1.1" 302 -
221.239.172.206 - - [14/Feb/2024:11:23:20 +0800] "GET /xingrg/all/function/internal_message.html?_=1707880999018&CODE_STATE=getMsg HTTP/1.1" 200 27
101.83.145.37 - - [14/Feb/2024:11:23:20 +0800] "POST /xingrg/kc/base/wldb_order_operate.html HTTP/1.1" 200 37
101.83.145.37 - - [14/Feb/2024:11:23:21 +0800] "POST /xingrg/kc/base/wldb_order_operate.html HTTP/1.1" 200 6722
101.83.240.5 - - [14/Feb/2024:11:23:21 +0800] "GET /xingrg/kc/base/wldb_order_operate.html?command=get_materiel&rest_code=00149&base_code=0010394&code=00101016019 HTTP/1.1" 200 451
101.83.145.37 - - [14/Feb/2024:11:23:22 +0800] "GET /xingrg/kc/base/wldb_order_info.html?code=422024021401184 HTTP/1.1" 200 30359
101.83.145.37 - - [14/Feb/2024:11:23:22 +0800] "GET /xingrg/javascript/easyui/themes/default/validatebox.css HTTP/1.1" 404 1104
101.83.145.37 - - [14/Feb/2024:11:23:23 +0800] "POST /xingrg/kc/base/wldb_order_operate.html HTTP/1.1" 200 6722
116.224.254.208 - - [14/Feb/2024:11:23:25 +0800] "GET /xingrg/all/function/internal_message.html?_=1707881005547&CODE_STATE=getMsg HTTP/1.1" 200 27
116.224.254.208 - - [14/Feb/2024:11:23:25 +0800] "GET /xingrg/check_reg.html?_=1707881005549 HTTP/1.1" 200 22
101.83.240.5 - - [14/Feb/2024:11:23:26 +0800] "GET /xingrg/kc/base/wldb_order_operate.html?command=get_materiel&rest_code=00149&base_code=0010394&code=00101019183 HTTP/1.1" 200 448
180.164.1.25 - - [14/Feb/2024:11:23:27 +0800] "GET /xingrg/all/function/internal_message.html?_=1707881006329&CODE_STATE=getMsg HTTP/1.1" 200 27
124.78.67.200 - - [14/Feb/2024:11:23:28 +0800] "GET /xingrg/all/function/internal_message.html?_=1707881008578&CODE_STATE=getMsg HTTP/1.1" 200 27
116.232.194.112 - - [14/Feb/2024:11:23:30 +0800] "GET /xingrg/all/function/internal_message.html?_=1707881003542&CODE_STATE=getMsg HTTP/1.1" 200 27
116.230.123.222 - - [14/Feb/2024:11:23:31 +0800] "GET /xingrg/all/function/internal_message.html?_=1707881010589&CODE_STATE=getMsg HTTP/1.1" 200 27
101.83.240.5 - - [14/Feb/2024:11:23:31 +0800] "GET /xingrg/kc/base/wldb_order_operate.html?command=get_materiel&rest_code=00149&base_code=0010394&code=00101019257 HTTP/1.1" 200 478
218.81.216.246 - - [14/Feb/2024:11:23:34 +0800] "GET /xingrg/all/function/internal_message.html?_=1707881024280&CODE_STATE=getMsg HTTP/1.1" 200 27
101.83.240.5 - - [14/Feb/2024:11:23:35 +0800] "GET /xingrg/kc/base/wldb_order_operate.html?command=get_materiel&rest_code=00149&base_code=0010394&code=00101019391 HTTP/1.1" 200 485
218.81.216.246 - - [14/Feb/2024:11:23:50 +0800] "GET /xingrg/all/function/internal_message.html?_=1707881038841&CODE_STATE=getMsg HTTP/1.1" 302 -
116.237.76.128 - - [14/Feb/2024:11:23:50 +0800] "GET /xingrg/all/function/internal_message.html?_=1707881029375&CODE_STATE=getMsg HTTP/1.1" 200 27
101.83.240.5 - - [14/Feb/2024:11:23:59 +0800] "POST /xingrg/kc/base/wldb_order_operate.html HTTP/1.1" 200 37
101.83.240.5 - - [14/Feb/2024:11:24:00 +0800] "POST /xingrg/kc/base/wldb_order_operate.html HTTP/1.1" 200 4690
101.83.240.5 - - [14/Feb/2024:11:24:01 +0800] "GET /xingrg/kc/base/wldb_order_info.html?code=422024021401185 HTTP/1.1" 200 30367
101.83.240.5 - - [14/Feb/2024:11:24:01 +0800] "GET /xingrg/javascript/easyui/themes/default/validatebox.css HTTP/1.1" 404 1104
101.83.240.5 - - [14/Feb/2024:11:24:02 +0800] "POST /xingrg/kc/base/wldb_order_operate.html HTTP/1.1" 200 4690
101.83.145.37 - - [14/Feb/2024:11:24:02 +0800] "GET /xingrg/all/function/internal_message.html?_=1707880806615&CODE_STATE=getMsg HTTP/1.1" 200 27
101.83.240.5 - - [14/Feb/2024:11:24:10 +0800] "GET /xingrg/all/function/internal_message.html?_=1707881050546&CODE_STATE=getMsg HTTP/1.1" 200 27
101.83.240.5 - - [14/Feb/2024:11:24:14 +0800] "GET /xingrg/kc/base/wldb_order_add.html HTTP/1.1" 200 30350
101.83.240.5 - - [14/Feb/2024:11:24:14 +0800] "POST /xingrg/kc/base/wldb_order_operate.html HTTP/1.1" 200 6806
101.83.240.5 - - [14/Feb/2024:11:24:14 +0800] "GET /xingrg/javascript/easyui/themes/default/validatebox.css HTTP/1.1" 404 1104
221.239.172.206 - - [14/Feb/2024:11:24:20 +0800] "GET /xingrg/all/function/internal_message.html?_=1707881059018&CODE_STATE=getMsg HTTP/1.1" 200 27
101.83.240.5 - - [14/Feb/2024:11:24:24 +0800] "GET /xingrg/kc/base/wldb_order_operate.html?command=get_materiel&rest_code=00149&base_code=0010394&code=00101019185 HTTP/1.1" 200 469
116.224.254.208 - - [14/Feb/2024:11:24:25 +0800] "GET /xingrg/all/function/internal_message.html?_=1707881065553&CODE_STATE=getMsg HTTP/1.1" 200 27
180.164.1.25 - - [14/Feb/2024:11:24:27 +0800] "GET /xingrg/all/function/internal_message.html?_=1707881066328&CODE_STATE=getMsg HTTP/1.1" 200 27
124.78.67.200 - - [14/Feb/2024:11:24:28 +0800] "GET /xingrg/all/function/internal_message.html?_=1707881068554&CODE_STATE=getMsg HTTP/1.1" 200 27
116.232.194.112 - - [14/Feb/2024:11:24:30 +0800] "GET /xingrg/all/function/internal_message.html?_=1707881063538&CODE_STATE=getMsg HTTP/1.1" 200 27
116.230.123.222 - - [14/Feb/2024:11:24:31 +0800] "GET /xingrg/all/function/internal_message.html?_=1707881070573&CODE_STATE=getMsg HTTP/1.1" 200 27
218.81.216.246 - - [14/Feb/2024:11:24:34 +0800] "GET /xingrg/all/function/internal_message.html?_=1707881084286&CODE_STATE=getMsg HTTP/1.1" 200 27
101.83.240.5 - - [14/Feb/2024:11:24:39 +0800] "GET /xingrg/kc/base/wldb_order_operate.html?command=get_materiel&rest_code=00149&base_code=0010394&code=00101019422 HTTP/1.1" 200 472
101.83.240.5 - - [14/Feb/2024:11:24:43 +0800] "GET /xingrg/kc/base/wldb_order_operate.html?command=get_materiel&rest_code=00149&base_code=0010394&code=00101019637 HTTP/1.1" 200 449
124.78.67.200 - - [14/Feb/2024:11:24:49 +0800] "GET /xingrg/check_reg.html?_=1707881089700 HTTP/1.1" 200 22
218.81.216.246 - - [14/Feb/2024:11:24:50 +0800] "GET /xingrg/all/function/internal_message.html?_=1707881099065&CODE_STATE=getMsg HTTP/1.1" 302 -
116.237.76.128 - - [14/Feb/2024:11:24:50 +0800] "GET /xingrg/all/function/internal_message.html?_=1707881089345&CODE_STATE=getMsg HTTP/1.1" 200 27
101.83.145.37 - - [14/Feb/2024:11:25:02 +0800] "GET /xingrg/all/function/internal_message.html?_=1707880866617&CODE_STATE=getMsg HTTP/1.1" 200 27
101.83.240.5 - - [14/Feb/2024:11:25:10 +0800] "GET /xingrg/all/function/internal_message.html?_=1707881110517&CODE_STATE=getMsg HTTP/1.1" 200 27
221.239.172.206 - - [14/Feb/2024:11:25:20 +0800] "GET /xingrg/all/function/internal_message.html?_=1707881119018&CODE_STATE=getMsg HTTP/1.1" 200 27
116.224.254.208 - - [14/Feb/2024:11:25:25 +0800] "GET /xingrg/all/function/internal_message.html?_=1707881125552&CODE_STATE=getMsg HTTP/1.1" 200 27
180.164.1.25 - - [14/Feb/2024:11:25:27 +0800] "GET /xingrg/all/function/internal_message.html?_=1707881126299&CODE_STATE=getMsg HTTP/1.1" 200 27
124.78.67.200 - - [14/Feb/2024:11:25:28 +0800] "GET /xingrg/all/function/internal_message.html?_=1707881128547&CODE_STATE=getMsg HTTP/1.1" 200 27
116.237.76.128 - - [14/Feb/2024:11:25:28 +0800] "POST /xingrg/services/DataTransmitService HTTP/1.1" 200 524
116.237.76.128 - - [14/Feb/2024:11:25:29 +0800] "POST /xingrg/services/DataTransmitService HTTP/1.1" 200 501
116.232.194.112 - - [14/Feb/2024:11:25:30 +0800] "GET /xingrg/all/function/internal_message.html?_=1707881123514&CODE_STATE=getMsg HTTP/1.1" 200 27
101.83.240.5 - - [14/Feb/2024:11:25:30 +0800] "POST /xingrg/kc/base/wldb_order_operate.html HTTP/1.1" 200 37
116.230.123.222 - - [14/Feb/2024:11:25:31 +0800] "GET /xingrg/all/function/internal_message.html?_=1707881130554&CODE_STATE=getMsg HTTP/1.1" 200 27
101.83.240.5 - - [14/Feb/2024:11:25:31 +0800] "POST /xingrg/kc/base/wldb_order_operate.html HTTP/1.1" 200 4224
116.230.123.222 - - [14/Feb/2024:11:25:31 +0800] "GET /xingrg/check_reg.html?_=1707881131118 HTTP/1.1" 200 22
101.83.240.5 - - [14/Feb/2024:11:25:32 +0800] "GET /xingrg/kc/base/wldb_order_info.html?code=422024021401186 HTTP/1.1" 200 30365
101.83.240.5 - - [14/Feb/2024:11:25:32 +0800] "GET /xingrg/javascript/easyui/themes/default/validatebox.css HTTP/1.1" 404 1104
101.83.240.5 - - [14/Feb/2024:11:25:33 +0800] "POST /xingrg/kc/base/wldb_order_operate.html HTTP/1.1" 200 4224
218.81.216.246 - - [14/Feb/2024:11:25:34 +0800] "GET /xingrg/all/function/internal_message.html?_=1707881144309&CODE_STATE=getMsg HTTP/1.1" 200 27
101.83.240.5 - - [14/Feb/2024:11:25:36 +0800] "POST /xingrg/kc/base/wldb_list_operate.html HTTP/1.1" 200 2990
180.164.1.25 - - [14/Feb/2024:11:25:42 +0800] "GET /xingrg/check_reg.html?_=1707881140893 HTTP/1.1" 200 22
218.81.216.246 - - [14/Feb/2024:11:25:50 +0800] "GET /xingrg/all/function/internal_message.html?_=1707881159071&CODE_STATE=getMsg HTTP/1.1" 302 -
116.237.76.128 - - [14/Feb/2024:11:25:50 +0800] "GET /xingrg/all/function/internal_message.html?_=1707881149317&CODE_STATE=getMsg HTTP/1.1" 200 27
101.83.145.37 - - [14/Feb/2024:11:26:02 +0800] "GET /xingrg/check_reg.html?_=1707880926618 HTTP/1.1" 200 22
101.83.145.37 - - [14/Feb/2024:11:26:02 +0800] "GET /xingrg/all/function/internal_message.html?_=1707880926621&CODE_STATE=getMsg HTTP/1.1" 200 27
101.83.240.5 - - [14/Feb/2024:11:26:05 +0800] "POST /xingrg/kc/base/wldb_list_operate.html HTTP/1.1" 200 4
221.239.172.206 - - [14/Feb/2024:11:26:20 +0800] "GET /xingrg/all/function/internal_message.html?_=1707881179020&CODE_STATE=getMsg HTTP/1.1" 200 27
218.81.216.246 - - [14/Feb/2024:11:26:21 +0800] "GET /xingrg/check_reg.html?_=1707881191586 HTTP/1.1" 200 22
116.224.254.208 - - [14/Feb/2024:11:26:25 +0800] "GET /xingrg/all/function/internal_message.html?_=1707881185541&CODE_STATE=getMsg HTTP/1.1" 200 27
180.164.1.25 - - [14/Feb/2024:11:26:27 +0800] "GET /xingrg/all/function/internal_message.html?_=1707881186272&CODE_STATE=getMsg HTTP/1.1" 200 27
124.78.67.200 - - [14/Feb/2024:11:26:28 +0800] "GET /xingrg/all/function/internal_message.html?_=1707881188535&CODE_STATE=getMsg HTTP/1.1" 200 27
116.232.194.112 - - [14/Feb/2024:11:26:30 +0800] "GET /xingrg/all/function/internal_message.html?_=1707881183496&CODE_STATE=getMsg HTTP/1.1" 200 27
116.230.123.222 - - [14/Feb/2024:11:26:31 +0800] "GET /xingrg/all/function/internal_message.html?_=1707881190539&CODE_STATE=getMsg HTTP/1.1" 200 27
218.81.216.246 - - [14/Feb/2024:11:26:34 +0800] "GET /xingrg/all/function/internal_message.html?_=1707881204317&CODE_STATE=getMsg HTTP/1.1" 200 27
101.83.240.5 - - [14/Feb/2024:11:26:43 +0800] "POST /xingrg/kc/base/wldb_list_operate.html HTTP/1.1" 200 928
116.237.76.128 - - [14/Feb/2024:11:26:50 +0800] "GET /xingrg/all/function/internal_message.html?_=1707881209303&CODE_STATE=getMsg HTTP/1.1" 200 27
218.81.216.246 - - [14/Feb/2024:11:26:50 +0800] "GET /xingrg/all/function/internal_message.html?_=1707881219306&CODE_STATE=getMsg HTTP/1.1" 302 -
101.83.145.37 - - [14/Feb/2024:11:27:02 +0800] "GET /xingrg/all/function/internal_message.html?_=1707880986621&CODE_STATE=getMsg HTTP/1.1" 200 27
101.83.240.5 - - [14/Feb/2024:11:27:10 +0800] "GET /xingrg/all/function/internal_message.html?_=1707881230524&CODE_STATE=getMsg HTTP/1.1" 200 27
101.83.240.5 - - [14/Feb/2024:11:27:12 +0800] "GET /xingrg/check_reg.html?_=1707881231884 HTTP/1.1" 200 22
221.239.172.206 - - [14/Feb/2024:11:27:20 +0800] "GET /xingrg/all/function/internal_message.html?_=1707881239023&CODE_STATE=getMsg HTTP/1.1" 200 27
116.224.254.208 - - [14/Feb/2024:11:27:25 +0800] "GET /xingrg/all/function/internal_message.html?_=1707881245546&CODE_STATE=getMsg HTTP/1.1" 200 27
180.164.1.25 - - [14/Feb/2024:11:27:27 +0800] "GET /xingrg/all/function/internal_message.html?_=1707881246249&CODE_STATE=getMsg HTTP/1.1" 200 27
124.78.67.200 - - [14/Feb/2024:11:27:28 +0800] "GET /xingrg/all/function/internal_message.html?_=1707881248514&CODE_STATE=getMsg HTTP/1.1" 200 27
116.232.194.112 - - [14/Feb/2024:11:27:30 +0800] "GET /xingrg/all/function/internal_message.html?_=1707881243466&CODE_STATE=getMsg HTTP/1.1" 200 27
116.230.123.222 - - [14/Feb/2024:11:27:31 +0800] "GET /xingrg/all/function/internal_message.html?_=1707881250518&CODE_STATE=getMsg HTTP/1.1" 200 27
218.81.216.246 - - [14/Feb/2024:11:27:34 +0800] "GET /xingrg/all/function/internal_message.html?_=1707881264327&CODE_STATE=getMsg HTTP/1.1" 200 27
116.237.76.128 - - [14/Feb/2024:11:27:41 +0800] "GET /xingrg/check_reg.html?_=1707881260148 HTTP/1.1" 200 22
116.232.194.112 - - [14/Feb/2024:11:27:47 +0800] "GET /xingrg/check_reg.html?_=1707881260231 HTTP/1.1" 200 22
116.237.76.128 - - [14/Feb/2024:11:27:50 +0800] "GET /xingrg/all/function/internal_message.html?_=1707881269278&CODE_STATE=getMsg HTTP/1.1" 200 27
218.81.216.246 - - [14/Feb/2024:11:27:50 +0800] "GET /xingrg/all/function/internal_message.html?_=1707881279318&CODE_STATE=getMsg HTTP/1.1" 302 -
221.239.172.206 - - [14/Feb/2024:11:27:55 +0800] "GET /xingrg/check_reg.html?_=1707881274471 HTTP/1.1" 200 22
101.83.145.37 - - [14/Feb/2024:11:28:02 +0800] "GET /xingrg/all/function/internal_message.html?_=1707881046622&CODE_STATE=getMsg HTTP/1.1" 200 27
101.83.240.5 - - [14/Feb/2024:11:28:07 +0800] "POST /xingrg/kc/mdqp/pssh_list_operate.html HTTP/1.1" 200 814
101.83.240.5 - - [14/Feb/2024:11:28:10 +0800] "GET /xingrg/all/function/internal_message.html?_=1707881290509&CODE_STATE=getMsg HTTP/1.1" 200 27
101.83.240.5 - - [14/Feb/2024:11:28:11 +0800] "GET /xingrg/kc/buy/cgsh_order_list.html HTTP/1.1" 200 57698
218.81.216.246 - - [14/Feb/2024:11:28:12 +0800] "GET /xingrg/check_reg.html?_=1707881300785 HTTP/1.1" 302 -
101.83.240.5 - - [14/Feb/2024:11:28:13 +0800] "POST /xingrg/kc/buy/cgsh_list_operate.html HTTP/1.1" 200 986
221.239.172.206 - - [14/Feb/2024:11:28:20 +0800] "GET /xingrg/all/function/internal_message.html?_=1707881299029&CODE_STATE=getMsg HTTP/1.1" 200 27
116.224.254.208 - - [14/Feb/2024:11:28:25 +0800] "GET /xingrg/all/function/internal_message.html?_=1707881305546&CODE_STATE=getMsg HTTP/1.1" 200 27
116.224.254.208 - - [14/Feb/2024:11:28:25 +0800] "GET /xingrg/check_reg.html?_=1707881305547 HTTP/1.1" 200 22
180.164.1.25 - - [14/Feb/2024:11:28:27 +0800] "GET /xingrg/all/function/internal_message.html?_=1707881306223&CODE_STATE=getMsg HTTP/1.1" 200 27
124.78.67.200 - - [14/Feb/2024:11:28:28 +0800] "GET /xingrg/all/function/internal_message.html?_=1707881308493&CODE_STATE=getMsg HTTP/1.1" 200 27
116.232.194.112 - - [14/Feb/2024:11:28:30 +0800] "GET /xingrg/all/function/internal_message.html?_=1707881303439&CODE_STATE=getMsg HTTP/1.1" 200 27
116.230.123.222 - - [14/Feb/2024:11:28:31 +0800] "GET /xingrg/all/function/internal_message.html?_=1707881310504&CODE_STATE=getMsg HTTP/1.1" 200 27
218.81.216.246 - - [14/Feb/2024:11:28:34 +0800] "GET /xingrg/all/function/internal_message.html?_=1707881324346&CODE_STATE=getMsg HTTP/1.1" 200 27
116.232.194.112 - - [14/Feb/2024:11:28:41 +0800] "POST /xingrg/services/DataTransmitService HTTP/1.1" 200 524
116.232.194.112 - - [14/Feb/2024:11:28:42 +0800] "POST /xingrg/services/DataTransmitService HTTP/1.1" 200 412
116.237.76.128 - - [14/Feb/2024:11:28:50 +0800] "GET /xingrg/all/function/internal_message.html?_=1707881329253&CODE_STATE=getMsg HTTP/1.1" 200 27
218.81.216.246 - - [14/Feb/2024:11:28:50 +0800] "GET /xingrg/all/function/internal_message.html?_=1707881339534&CODE_STATE=getMsg HTTP/1.1" 302 -
101.83.145.37 - - [14/Feb/2024:11:29:02 +0800] "GET /xingrg/all/function/internal_message.html?_=1707881106623&CODE_STATE=getMsg HTTP/1.1" 200 27
101.83.240.5 - - [14/Feb/2024:11:29:10 +0800] "GET /xingrg/all/function/internal_message.html?_=1707881350487&CODE_STATE=getMsg HTTP/1.1" 200 27
112.51.231.212 - - [14/Feb/2024:11:29:11 +0800] "GET /favicon.ico HTTP/1.1" 404 -
112.51.231.212 - - [14/Feb/2024:11:29:16 +0800] "GET /xingrg/login.html HTTP/1.1" 200 7641
112.51.231.212 - - [14/Feb/2024:11:29:16 +0800] "GET /xingrg/images/blue/jxLogo.png HTTP/1.1" 200 6156
112.51.231.212 - - [14/Feb/2024:11:29:17 +0800] "GET /xingrg/images/blue/login_bg.png HTTP/1.1" 200 22101
112.51.231.212 - - [14/Feb/2024:11:29:17 +0800] "GET /xingrg/images/blue/hj.png HTTP/1.1" 200 1014
112.51.231.212 - - [14/Feb/2024:11:29:17 +0800] "GET /xingrg/images/blue/srbg.png HTTP/1.1" 200 138
112.51.231.212 - - [14/Feb/2024:11:29:17 +0800] "GET /favicon.ico HTTP/1.1" 404 -
112.51.231.212 - - [14/Feb/2024:11:29:19 +0800] "POST /xingrg/login.do HTTP/1.1" 302 -
221.239.172.206 - - [14/Feb/2024:11:29:20 +0800] "GET /xingrg/all/function/internal_message.html?_=1707881359029&CODE_STATE=getMsg HTTP/1.1" 200 27
112.51.231.212 - - [14/Feb/2024:11:29:20 +0800] "GET /xingrg/index.html?sysBaseUrl=http%3A%2F%2F180.169.147.146%3A18081%2Fxingrg%2F&costTime=829×tamp=1707881359963 HTTP/1.1" 200 17503
112.51.231.212 - - [14/Feb/2024:11:29:20 +0800] "GET /xingrg/javascript/jquery_easy_ui/themes/default/easyui.css HTTP/1.1" 200 26500
112.51.231.212 - - [14/Feb/2024:11:29:20 +0800] "GET /xingrg/css/form.css HTTP/1.1" 200 893
112.51.231.212 - - [14/Feb/2024:11:29:20 +0800] "GET /xingrg/javascript/jquery_easy_ui/themes/icon.css HTTP/1.1" 200 3949
112.51.231.212 - - [14/Feb/2024:11:29:20 +0800] "GET /xingrg/javascript/jquery-1.4.2.min.js HTTP/1.1" 200 72205
112.51.231.212 - - [14/Feb/2024:11:29:20 +0800] "GET /xingrg/javascript/jquery_easy_ui/jquery.easyui.min.js HTTP/1.1" 200 213662
112.51.231.212 - - [14/Feb/2024:11:29:20 +0800] "GET /xingrg/javascript/jquery_easy_ui/easyui-lang-zh_CN.js HTTP/1.1" 200 1900
112.51.231.212 - - [14/Feb/2024:11:29:20 +0800] "GET /xingrg/javascript/jquery.utils.js HTTP/1.1" 200 11805
112.51.231.212 - - [14/Feb/2024:11:29:20 +0800] "GET /xingrg/javascript/jquery.form.js HTTP/1.1" 200 23110
112.51.231.212 - - [14/Feb/2024:11:29:20 +0800] "GET /xingrg/javascript/jquery.timers.js HTTP/1.1" 200 3532
112.51.231.212 - - [14/Feb/2024:11:29:20 +0800] "GET /favicon.ico HTTP/1.1" 404 -
112.51.231.212 - - [14/Feb/2024:11:29:20 +0800] "GET /xingrg/javascript/jquery_easy_ui/themes/icons/settle_new.png HTTP/1.1" 200 826
112.51.231.212 - - [14/Feb/2024:11:29:20 +0800] "GET /xingrg/images/blue/navBackgound.jpg HTTP/1.1" 200 12378
112.51.231.212 - - [14/Feb/2024:11:29:20 +0800] "GET /xingrg/all/function/internal_message.html?_=1707881352384&CODE_STATE=count HTTP/1.1" 200 11
112.51.231.212 - - [14/Feb/2024:11:29:20 +0800] "GET /xingrg/check_reg.html?_=1707881352384 HTTP/1.1" 200 22
112.51.231.212 - - [14/Feb/2024:11:29:20 +0800] "GET /xingrg/images/blue/pingpu.png HTTP/1.1" 200 231
112.51.231.212 - - [14/Feb/2024:11:29:20 +0800] "GET /xingrg/javascript/jquery_easy_ui/themes/default/images/tabs_leftarrow.png HTTP/1.1" 200 389
112.51.231.212 - - [14/Feb/2024:11:29:20 +0800] "GET /xingrg/javascript/jquery_easy_ui/themes/default/images/tabs_rightarrow.png HTTP/1.1" 200 395
112.51.231.212 - - [14/Feb/2024:11:29:20 +0800] "POST /xingrg/all/common/load_tree.html?tree=area_rest_tree_json&manage=1 HTTP/1.1" 200 3624
112.51.231.212 - - [14/Feb/2024:11:29:20 +0800] "GET /xingrg/javascript/jquery_easy_ui/themes/default/images/panel_tool_expand.gif HTTP/1.1" 200 247
112.51.231.212 - - [14/Feb/2024:11:29:20 +0800] "GET /xingrg/javascript/jquery_easy_ui/themes/default/images/panel_tool_collapse.gif HTTP/1.1" 200 246
112.51.231.212 - - [14/Feb/2024:11:29:20 +0800] "POST /xingrg/load_menu.html HTTP/1.1" 200 11564
112.51.231.212 - - [14/Feb/2024:11:29:20 +0800] "GET /xingrg/javascript/jquery_easy_ui/themes/icons/storage_new.png HTTP/1.1" 200 853
112.51.231.212 - - [14/Feb/2024:11:29:20 +0800] "GET /xingrg/javascript/jquery_easy_ui/themes/icons/delivery_new.png HTTP/1.1" 200 700
112.51.231.212 - - [14/Feb/2024:11:29:20 +0800] "GET /xingrg/javascript/jquery_easy_ui/themes/default/images/tree_folder_open.gif HTTP/1.1" 200 956
112.51.231.212 - - [14/Feb/2024:11:29:20 +0800] "GET /xingrg/javascript/jquery_easy_ui/themes/default/images/tree_arrows.gif HTTP/1.1" 200 1043
112.51.231.212 - - [14/Feb/2024:11:29:20 +0800] "GET /xingrg/javascript/jquery_easy_ui/themes/icons/search_new.png HTTP/1.1" 200 586
112.51.231.212 - - [14/Feb/2024:11:29:20 +0800] "GET /xingrg/javascript/jquery_easy_ui/themes/icons/checkout_new.png HTTP/1.1" 200 744
112.51.231.212 - - [14/Feb/2024:11:29:20 +0800] "GET /xingrg/javascript/jquery_easy_ui/themes/icons/forms_new.png HTTP/1.1" 200 350
112.51.231.212 - - [14/Feb/2024:11:29:20 +0800] "GET /xingrg/javascript/jquery_easy_ui/themes/icons/setting_new.png HTTP/1.1" 200 450
112.51.231.212 - - [14/Feb/2024:11:29:20 +0800] "GET /xingrg/javascript/jquery_easy_ui/themes/default/images/tree_file.gif HTTP/1.1" 200 118
112.51.231.212 - - [14/Feb/2024:11:29:20 +0800] "GET /xingrg/javascript/jquery_easy_ui/themes/icons/systemset_new.png HTTP/1.1" 200 606
112.51.231.212 - - [14/Feb/2024:11:29:20 +0800] "GET /xingrg/javascript/jquery_easy_ui/themes/default/images/tree_folder.gif HTTP/1.1" 200 952
112.51.231.212 - - [14/Feb/2024:11:29:24 +0800] "GET /xingrg/javascript/jquery_easy_ui/themes/default/images/button_a_bg.gif HTTP/1.1" 200 1194
112.51.231.212 - - [14/Feb/2024:11:29:24 +0800] "GET /xingrg/javascript/jquery_easy_ui/themes/default/images/button_span_bg.gif HTTP/1.1" 200 2061
112.51.231.212 - - [14/Feb/2024:11:29:24 +0800] "GET /xingrg/javascript/jquery_easy_ui/themes/icons/area.png HTTP/1.1" 200 262
112.51.231.212 - - [14/Feb/2024:11:29:24 +0800] "GET /xingrg/javascript/jquery_easy_ui/themes/icons/manage.png HTTP/1.1" 200 696
112.51.231.212 - - [14/Feb/2024:11:29:24 +0800] "GET /xingrg/javascript/jquery_easy_ui/themes/icons/rest.png HTTP/1.1" 200 695
112.51.231.212 - - [14/Feb/2024:11:29:24 +0800] "GET /xingrg/javascript/jquery_easy_ui/themes/icons/ok.png HTTP/1.1" 200 883
112.51.231.212 - - [14/Feb/2024:11:29:24 +0800] "GET /xingrg/javascript/jquery_easy_ui/themes/default/images/panel_title.png HTTP/1.1" 200 266
112.51.231.212 - - [14/Feb/2024:11:29:24 +0800] "GET /xingrg/javascript/jquery_easy_ui/themes/default/images/panel_tools.gif HTTP/1.1" 200 737
116.224.254.208 - - [14/Feb/2024:11:29:25 +0800] "GET /xingrg/all/function/internal_message.html?_=1707881365547&CODE_STATE=getMsg HTTP/1.1" 200 27
180.164.1.25 - - [14/Feb/2024:11:29:27 +0800] "GET /xingrg/all/function/internal_message.html?_=1707881366204&CODE_STATE=getMsg HTTP/1.1" 200 27
124.78.67.200 - - [14/Feb/2024:11:29:28 +0800] "GET /xingrg/all/function/internal_message.html?_=1707881368470&CODE_STATE=getMsg HTTP/1.1" 200 27
112.51.231.212 - - [14/Feb/2024:11:29:28 +0800] "GET /xingrg/images/control/ajaxLoader.gif HTTP/1.1" 200 4659
112.51.231.212 - - [14/Feb/2024:11:29:28 +0800] "POST /xingrg/all/user/operate.html HTTP/1.1" 200 36
112.51.231.212 - - [14/Feb/2024:11:29:28 +0800] "GET /xingrg/index.html?sysBaseUrl=http%3A%2F%2F180.169.147.146%3A18081%2Fxingrg%2F&costTime=829×tamp=1707881359963 HTTP/1.1" 200 17509
112.51.231.212 - - [14/Feb/2024:11:29:28 +0800] "GET /xingrg/javascript/jquery_easy_ui/themes/default/easyui.css HTTP/1.1" 304 -
112.51.231.212 - - [14/Feb/2024:11:29:29 +0800] "GET /xingrg/javascript/jquery_easy_ui/themes/icon.css HTTP/1.1" 304 -
112.51.231.212 - - [14/Feb/2024:11:29:29 +0800] "GET /xingrg/css/form.css HTTP/1.1" 304 -
112.51.231.212 - - [14/Feb/2024:11:29:29 +0800] "GET /xingrg/javascript/jquery-1.4.2.min.js HTTP/1.1" 304 -
112.51.231.212 - - [14/Feb/2024:11:29:29 +0800] "GET /xingrg/javascript/jquery_easy_ui/jquery.easyui.min.js HTTP/1.1" 304 -
112.51.231.212 - - [14/Feb/2024:11:29:29 +0800] "GET /xingrg/javascript/jquery_easy_ui/easyui-lang-zh_CN.js HTTP/1.1" 304 -
112.51.231.212 - - [14/Feb/2024:11:29:29 +0800] "GET /xingrg/javascript/jquery.form.js HTTP/1.1" 304 -
112.51.231.212 - - [14/Feb/2024:11:29:29 +0800] "GET /xingrg/javascript/jquery.utils.js HTTP/1.1" 304 -
112.51.231.212 - - [14/Feb/2024:11:29:29 +0800] "GET /xingrg/javascript/jquery.timers.js HTTP/1.1" 304 -
112.51.231.212 - - [14/Feb/2024:11:29:29 +0800] "GET /xingrg/images/blue/jxLogo.png HTTP/1.1" 304 -
112.51.231.212 - - [14/Feb/2024:11:29:29 +0800] "GET /xingrg/javascript/jquery_easy_ui/themes/icons/settle_new.png HTTP/1.1" 304 -
112.51.231.212 - - [14/Feb/2024:11:29:29 +0800] "GET /xingrg/images/blue/navBackgound.jpg HTTP/1.1" 304 -
112.51.231.212 - - [14/Feb/2024:11:29:29 +0800] "GET /xingrg/all/function/internal_message.html?_=1707881361429&CODE_STATE=count HTTP/1.1" 200 11
112.51.231.212 - - [14/Feb/2024:11:29:29 +0800] "GET /xingrg/check_reg.html?_=1707881361429 HTTP/1.1" 200 22
112.51.231.212 - - [14/Feb/2024:11:29:29 +0800] "GET /xingrg/javascript/jquery_easy_ui/themes/default/images/panel_tool_expand.gif HTTP/1.1" 304 -
112.51.231.212 - - [14/Feb/2024:11:29:29 +0800] "GET /xingrg/javascript/jquery_easy_ui/themes/default/images/panel_tool_collapse.gif HTTP/1.1" 304 -
112.51.231.212 - - [14/Feb/2024:11:29:29 +0800] "GET /xingrg/images/blue/pingpu.png HTTP/1.1" 304 -
112.51.231.212 - - [14/Feb/2024:11:29:29 +0800] "GET /xingrg/javascript/jquery_easy_ui/themes/default/images/tabs_leftarrow.png HTTP/1.1" 304 -
112.51.231.212 - - [14/Feb/2024:11:29:29 +0800] "GET /xingrg/javascript/jquery_easy_ui/themes/default/images/tabs_rightarrow.png HTTP/1.1" 304 -
112.51.231.212 - - [14/Feb/2024:11:29:29 +0800] "POST /xingrg/all/common/load_tree.html?tree=area_rest_tree_json&manage=1 HTTP/1.1" 200 3624
112.51.231.212 - - [14/Feb/2024:11:29:29 +0800] "POST /xingrg/load_menu.html HTTP/1.1" 200 9959
116.232.194.112 - - [14/Feb/2024:11:29:30 +0800] "GET /xingrg/all/function/internal_message.html?_=1707881363417&CODE_STATE=getMsg HTTP/1.1" 200 27
112.51.231.212 - - [14/Feb/2024:11:29:30 +0800] "GET /xingrg/javascript/jquery_easy_ui/themes/default/images/tabs_close.gif HTTP/1.1" 200 829
112.51.231.212 - - [14/Feb/2024:11:29:30 +0800] "GET /xingrg/kc/buy/buy_main.html HTTP/1.1" 200 12412
112.51.231.212 - - [14/Feb/2024:11:29:30 +0800] "GET /xingrg/css/new_ie.css HTTP/1.1" 404 1036
112.51.231.212 - - [14/Feb/2024:11:29:30 +0800] "GET /xingrg/javascript/ToolTips.js HTTP/1.1" 200 5615
112.51.231.212 - - [14/Feb/2024:11:29:30 +0800] "GET /xingrg/css/blue.css HTTP/1.1" 200 15949
112.51.231.212 - - [14/Feb/2024:11:29:30 +0800] "GET /xingrg/javascript/jquery_ui/themes/humanity/humanity.css HTTP/1.1" 200 27801
112.51.231.212 - - [14/Feb/2024:11:29:30 +0800] "GET /xingrg/javascript/pic_change.js HTTP/1.1" 200 4739
112.51.231.212 - - [14/Feb/2024:11:29:30 +0800] "GET /xingrg/javascript/myfunction.js HTTP/1.1" 200 24559
112.51.231.212 - - [14/Feb/2024:11:29:30 +0800] "GET /xingrg/javascript/jquery_ui/jquery-ui.min.js HTTP/1.1" 200 186181
112.51.231.212 - - [14/Feb/2024:11:29:30 +0800] "GET /xingrg/images/blue/button/cgxqd.gif HTTP/1.1" 200 2619
112.51.231.212 - - [14/Feb/2024:11:29:30 +0800] "GET /xingrg/images/blue/button/cgydd.gif HTTP/1.1" 200 2712
112.51.231.212 - - [14/Feb/2024:11:29:30 +0800] "GET /xingrg/images/blue/button/cgshd.gif HTTP/1.1" 200 2618
112.51.231.212 - - [14/Feb/2024:11:29:30 +0800] "GET /xingrg/images/blue/button/cgfkd.gif HTTP/1.1" 200 2075
112.51.231.212 - - [14/Feb/2024:11:29:30 +0800] "GET /xingrg/images/blue/button/kc.gif HTTP/1.1" 200 2160
112.51.231.212 - - [14/Feb/2024:11:29:30 +0800] "GET /xingrg/images/blue/button/ckthd.gif HTTP/1.1" 200 2045
112.51.231.212 - - [14/Feb/2024:11:29:30 +0800] "GET /xingrg/images/blue/pic_form2.gif HTTP/1.1" 200 1853
112.51.231.212 - - [14/Feb/2024:11:29:30 +0800] "GET /xingrg/javascript/jquery_ui/themes/humanity/images/ui-bg_inset-soft_100_f4f0ec_1x100.png HTTP/1.1" 200 141
112.51.231.212 - - [14/Feb/2024:11:29:30 +0800] "GET /xingrg/images/blue/button/right_ah.jpg HTTP/1.1" 200 1744
112.51.231.212 - - [14/Feb/2024:11:29:30 +0800] "GET /xingrg/images/blue/bg_dotted.jpg HTTP/1.1" 200 319
112.51.231.212 - - [14/Feb/2024:11:29:30 +0800] "GET /xingrg/images/blue/button/down_ah.jpg HTTP/1.1" 200 1732
112.51.231.212 - - [14/Feb/2024:11:29:30 +0800] "GET /xingrg/javascript/jquery_ui/themes/humanity/images/ui-bg_glass_70_ede4d4_1x400.png HTTP/1.1" 200 161
112.51.231.212 - - [14/Feb/2024:11:29:30 +0800] "GET /xingrg/javascript/jquery_ui/themes/humanity/images/ui-icons_c47a23_256x240.png HTTP/1.1" 200 5355
112.51.231.212 - - [14/Feb/2024:11:29:30 +0800] "GET /xingrg/javascript/jquery_ui/themes/humanity/images/ui-icons_ffffff_256x240.png HTTP/1.1" 200 4369
112.51.231.212 - - [14/Feb/2024:11:29:30 +0800] "GET /xingrg/javascript/jquery_ui/themes/humanity/images/ui-iconsnew.jpg HTTP/1.1" 200 337
116.230.123.222 - - [14/Feb/2024:11:29:31 +0800] "GET /xingrg/all/function/internal_message.html?_=1707881370488&CODE_STATE=getMsg HTTP/1.1" 200 27
112.51.231.212 - - [14/Feb/2024:11:29:31 +0800] "GET /xingrg/images/yd/bt.gif HTTP/1.1" 404 1040
112.51.231.212 - - [14/Feb/2024:11:29:32 +0800] "GET /xingrg/kc/buy/cgsh_order_list.html HTTP/1.1" 200 57953
112.51.231.212 - - [14/Feb/2024:11:29:32 +0800] "GET /xingrg/javascript/easyui/themes/default/easyui.css HTTP/1.1" 200 30432
112.51.231.212 - - [14/Feb/2024:11:29:32 +0800] "GET /xingrg/css/base.css HTTP/1.1" 200 2811
112.51.231.212 - - [14/Feb/2024:11:29:32 +0800] "GET /xingrg/css/site.css HTTP/1.1" 200 7541
112.51.231.212 - - [14/Feb/2024:11:29:32 +0800] "GET /xingrg/javascript/jquery_tools/datebox.css HTTP/1.1" 200 2597
112.51.231.212 - - [14/Feb/2024:11:29:32 +0800] "GET /xingrg/javascript/easyui/themes/icon.css HTTP/1.1" 200 4483
112.51.231.212 - - [14/Feb/2024:11:29:32 +0800] "GET /xingrg/javascript/auto/jquery.autocomplete.css HTTP/1.1" 200 587
112.51.231.212 - - [14/Feb/2024:11:29:32 +0800] "GET /xingrg/javascript/jquery_tools/table.css HTTP/1.1" 200 1032
112.51.231.212 - - [14/Feb/2024:11:29:32 +0800] "GET /xingrg/javascript/jquery_tools/fix.css HTTP/1.1" 200 1702
112.51.231.212 - - [14/Feb/2024:11:29:32 +0800] "GET /xingrg/javascript/jquery_tools/jquery.tools.min.js HTTP/1.1" 200 138801
112.51.231.212 - - [14/Feb/2024:11:29:32 +0800] "GET /xingrg/javascript/jquery_tools/jquery.tools.extend.js HTTP/1.1" 200 15385
112.51.231.212 - - [14/Feb/2024:11:29:32 +0800] "GET /xingrg/javascript/jquery_tools/jquery.tools.hotkey.js HTTP/1.1" 200 3242
112.51.231.212 - - [14/Feb/2024:11:29:32 +0800] "GET /xingrg/javascript/jquery_tools/list_manager.js HTTP/1.1" 200 3652
112.51.231.212 - - [14/Feb/2024:11:29:32 +0800] "GET /xingrg/javascript/jquery_tools/jquery.tools.table.js HTTP/1.1" 200 6994
112.51.231.212 - - [14/Feb/2024:11:29:32 +0800] "GET /xingrg/javascript/auto/jquery.autocomplete.js HTTP/1.1" 200 21624
112.51.231.212 - - [14/Feb/2024:11:29:32 +0800] "GET /xingrg/javascript/easyui/easyloader.js HTTP/1.1" 200 5975
112.51.231.212 - - [14/Feb/2024:11:29:32 +0800] "GET /xingrg/javascript/jquery.cookie.js HTTP/1.1" 200 5513
112.51.231.212 - - [14/Feb/2024:11:29:32 +0800] "GET /xingrg/javascript/print/LodopFuncs.js HTTP/1.1" 200 5121
218.81.216.246 - - [14/Feb/2024:11:29:34 +0800] "GET /xingrg/all/function/internal_message.html?_=1707881384354&CODE_STATE=getMsg HTTP/1.1" 200 27
112.51.231.212 - - [14/Feb/2024:11:29:38 +0800] "GET /xingrg/javascript/easyui/themes/icons/edit_add_new.png HTTP/1.1" 200 2997
112.51.231.212 - - [14/Feb/2024:11:29:38 +0800] "GET /xingrg/javascript/easyui/themes/icons/uncheck_new.png HTTP/1.1" 200 3197
112.51.231.212 - - [14/Feb/2024:11:29:38 +0800] "GET /xingrg/javascript/easyui/themes/icons/import_new.png HTTP/1.1" 200 1247
112.51.231.212 - - [14/Feb/2024:11:29:38 +0800] "GET /xingrg/javascript/easyui/themes/icons/field_new.png HTTP/1.1" 200 1097
112.51.231.212 - - [14/Feb/2024:11:29:38 +0800] "GET /xingrg/javascript/easyui/themes/icons/check_new.png HTTP/1.1" 200 3224
112.51.231.212 - - [14/Feb/2024:11:29:38 +0800] "GET /xingrg/javascript/easyui/themes/icons/cance_new.png HTTP/1.1" 200 3986
112.51.231.212 - - [14/Feb/2024:11:29:38 +0800] "GET /xingrg/javascript/easyui/plugins/jquery.parser.js HTTP/1.1" 200 1142
124.78.67.200 - - [14/Feb/2024:11:29:49 +0800] "GET /xingrg/check_reg.html?_=1707881389687 HTTP/1.1" 200 22
116.237.76.128 - - [14/Feb/2024:11:29:50 +0800] "GET /xingrg/all/function/internal_message.html?_=1707881389241&CODE_STATE=getMsg HTTP/1.1" 200 27
218.81.216.246 - - [14/Feb/2024:11:29:50 +0800] "GET /xingrg/all/function/internal_message.html?_=1707881399546&CODE_STATE=getMsg HTTP/1.1" 302 -
112.51.231.212 - - [14/Feb/2024:11:29:59 +0800] "POST /xingrg/kc/buy/cgsh_list_operate.html HTTP/1.1" 200 5926
101.83.145.37 - - [14/Feb/2024:11:30:02 +0800] "GET /xingrg/all/function/internal_message.html?_=1707881166624&CODE_STATE=getMsg HTTP/1.1" 200 27
101.83.240.5 - - [14/Feb/2024:11:30:10 +0800] "GET /xingrg/all/function/internal_message.html?_=1707881410476&CODE_STATE=getMsg HTTP/1.1" 200 27
221.239.172.206 - - [14/Feb/2024:11:30:20 +0800] "GET /xingrg/all/function/internal_message.html?_=1707881419031&CODE_STATE=getMsg HTTP/1.1" 200 27
116.224.254.208 - - [14/Feb/2024:11:30:25 +0800] "GET /xingrg/all/function/internal_message.html?_=1707881425547&CODE_STATE=getMsg HTTP/1.1" 200 27
180.164.1.25 - - [14/Feb/2024:11:30:27 +0800] "GET /xingrg/all/function/internal_message.html?_=1707881426204&CODE_STATE=getMsg HTTP/1.1" 200 27
124.78.67.200 - - [14/Feb/2024:11:30:28 +0800] "GET /xingrg/all/function/internal_message.html?_=1707881428457&CODE_STATE=getMsg HTTP/1.1" 200 27
112.51.231.212 - - [14/Feb/2024:11:30:29 +0800] "GET /xingrg/all/function/internal_message.html?_=1707881421441&CODE_STATE=getMsg HTTP/1.1" 200 27
116.232.194.112 - - [14/Feb/2024:11:30:30 +0800] "GET /xingrg/all/function/internal_message.html?_=1707881423388&CODE_STATE=getMsg HTTP/1.1" 200 27
116.230.123.222 - - [14/Feb/2024:11:30:31 +0800] "GET /xingrg/all/function/internal_message.html?_=1707881430472&CODE_STATE=getMsg HTTP/1.1" 200 27
116.230.123.222 - - [14/Feb/2024:11:30:31 +0800] "GET /xingrg/check_reg.html?_=1707881431098 HTTP/1.1" 200 22
218.81.216.246 - - [14/Feb/2024:11:30:34 +0800] "GET /xingrg/all/function/internal_message.html?_=1707881444377&CODE_STATE=getMsg HTTP/1.1" 200 27
180.164.1.25 - - [14/Feb/2024:11:30:42 +0800] "GET /xingrg/check_reg.html?_=1707881440878 HTTP/1.1" 200 22
116.237.76.128 - - [14/Feb/2024:11:30:50 +0800] "GET /xingrg/all/function/internal_message.html?_=1707881449228&CODE_STATE=getMsg HTTP/1.1" 200 27
218.81.216.246 - - [14/Feb/2024:11:30:51 +0800] "GET /xingrg/all/function/internal_message.html?_=1707881459806&CODE_STATE=getMsg HTTP/1.1" 302 -
101.83.145.37 - - [14/Feb/2024:11:31:02 +0800] "GET /xingrg/check_reg.html?_=1707881226624 HTTP/1.1" 200 22
101.83.145.37 - - [14/Feb/2024:11:31:02 +0800] "GET /xingrg/all/function/internal_message.html?_=1707881226628&CODE_STATE=getMsg HTTP/1.1" 200 27
101.83.240.5 - - [14/Feb/2024:11:31:03 +0800] "GET /xingrg/kc/buy/cgsh_order_add.html HTTP/1.1" 200 73555
101.83.240.5 - - [14/Feb/2024:11:31:03 +0800] "POST /xingrg/kc/buy/cgsh_order_operate.html HTTP/1.1" 200 8245
101.83.240.5 - - [14/Feb/2024:11:31:03 +0800] "GET /xingrg/javascript/easyui/themes/default/validatebox.css HTTP/1.1" 404 1104
101.83.240.5 - - [14/Feb/2024:11:31:06 +0800] "GET /xingrg/javascript/auto/indicator.gif HTTP/1.1" 404 1066
101.83.240.5 - - [14/Feb/2024:11:31:07 +0800] "GET /xingrg/javascript/jquery_tools/images/next.gif HTTP/1.1" 404 1086
101.83.240.5 - - [14/Feb/2024:11:31:07 +0800] "GET /xingrg/javascript/jquery_tools/images/prev.gif HTTP/1.1" 404 1086
101.83.240.5 - - [14/Feb/2024:11:31:10 +0800] "GET /xingrg/all/function/internal_message.html?_=1707881470472&CODE_STATE=getMsg HTTP/1.1" 200 27
101.83.240.5 - - [14/Feb/2024:11:31:18 +0800] "GET /xingrg/kc/buy/cgsh_order_operate.html?command=get_materiel&rest_code=00149&code=00101037239&supplier_code=00100323&order_time=2024-02-14 HTTP/1.1" 200 410
221.239.172.206 - - [14/Feb/2024:11:31:20 +0800] "GET /xingrg/all/function/internal_message.html?_=1707881479031&CODE_STATE=getMsg HTTP/1.1" 200 27
218.81.216.246 - - [14/Feb/2024:11:31:21 +0800] "GET /xingrg/check_reg.html?_=1707881491590 HTTP/1.1" 200 22
116.224.254.208 - - [14/Feb/2024:11:31:25 +0800] "GET /xingrg/all/function/internal_message.html?_=1707881485547&CODE_STATE=getMsg HTTP/1.1" 200 27
112.51.231.212 - - [14/Feb/2024:11:31:26 +0800] "GET /xingrg/javascript/jquery_tools/images/prev.gif HTTP/1.1" 404 1086
112.51.231.212 - - [14/Feb/2024:11:31:26 +0800] "GET /xingrg/javascript/jquery_tools/images/next.gif HTTP/1.1" 404 1086
180.164.1.25 - - [14/Feb/2024:11:31:27 +0800] "GET /xingrg/all/function/internal_message.html?_=1707881486186&CODE_STATE=getMsg HTTP/1.1" 200 27
101.83.240.5 - - [14/Feb/2024:11:31:27 +0800] "GET /xingrg/kc/buy/cgsh_order_operate.html?command=get_materiel&rest_code=00149&code=00101004069&supplier_code=00100323&order_time=2024-02-14 HTTP/1.1" 200 418
124.78.67.200 - - [14/Feb/2024:11:31:28 +0800] "GET /xingrg/all/function/internal_message.html?_=1707881488443&CODE_STATE=getMsg HTTP/1.1" 200 27
112.51.231.212 - - [14/Feb/2024:11:31:29 +0800] "GET /xingrg/all/function/internal_message.html?_=1707881481444&CODE_STATE=getMsg HTTP/1.1" 200 27
116.232.194.112 - - [14/Feb/2024:11:31:30 +0800] "GET /xingrg/all/function/internal_message.html?_=1707881483371&CODE_STATE=getMsg HTTP/1.1" 200 27
116.230.123.222 - - [14/Feb/2024:11:31:31 +0800] "GET /xingrg/all/function/internal_message.html?_=1707881490442&CODE_STATE=getMsg HTTP/1.1" 200 27
218.81.216.246 - - [14/Feb/2024:11:31:34 +0800] "GET /xingrg/all/function/internal_message.html?_=1707881504383&CODE_STATE=getMsg HTTP/1.1" 200 27
112.51.231.212 - - [14/Feb/2024:11:31:35 +0800] "POST /xingrg/kc/buy/cgsh_list_operate.html HTTP/1.1" 200 6300
112.51.231.212 - - [14/Feb/2024:11:31:40 +0800] "POST /xingrg/kc/buy/cgsh_list_operate.html HTTP/1.1" 200 198
112.51.231.212 - - [14/Feb/2024:11:31:41 +0800] "GET /xingrg/javascript/easyui/themes/default/images/button_plain_hover.png HTTP/1.1" 200 144
112.51.231.212 - - [14/Feb/2024:11:31:45 +0800] "POST /xingrg/kc/buy/cgsh_list_operate.html HTTP/1.1" 200 4
116.237.76.128 - - [14/Feb/2024:11:31:50 +0800] "GET /xingrg/all/function/internal_message.html?_=1707881509201&CODE_STATE=getMsg HTTP/1.1" 200 27
218.81.216.246 - - [14/Feb/2024:11:31:51 +0800] "GET /xingrg/all/function/internal_message.html?_=1707881519809&CODE_STATE=getMsg HTTP/1.1" 302 -
112.51.231.212 - - [14/Feb/2024:11:31:51 +0800] "POST /xingrg/kc/buy/cgsh_list_operate.html HTTP/1.1" 200 6285
112.51.231.212 - - [14/Feb/2024:11:31:58 +0800] "POST /xingrg/kc/buy/cgsh_list_operate.html HTTP/1.1" 200 1870
112.51.231.212 - - [14/Feb/2024:11:32:00 +0800] "POST /xingrg/kc/buy/cgsh_list_operate.html HTTP/1.1" 200 198
101.83.145.37 - - [14/Feb/2024:11:32:02 +0800] "GET /xingrg/all/function/internal_message.html?_=1707881286628&CODE_STATE=getMsg HTTP/1.1" 200 27
