101.83.240.5 - - [14/Feb/2024:10:51:11 +0800] "GET /xingrg/all/function/internal_message.html?_=1707879071088&CODE_STATE=getMsg HTTP/1.1" 200 27
101.83.240.5 - - [14/Feb/2024:10:51:11 +0800] "POST /xingrg/kc/mdqp/pssh_order_operate.html HTTP/1.1" 200 12
101.83.240.5 - - [14/Feb/2024:10:51:14 +0800] "GET /xingrg/kc/mdqp/pssh_order_info.html?code=312024021200195 HTTP/1.1" 200 14392
101.83.240.5 - - [14/Feb/2024:10:51:14 +0800] "GET /xingrg/javascript/jquery_tools/jquery-1.4.2.min.js HTTP/1.1" 404 1094
101.83.240.5 - - [14/Feb/2024:10:51:14 +0800] "GET /xingrg/javascript/easyui/themes/icons/uncheck_new.png HTTP/1.1" 200 3197
101.83.240.5 - - [14/Feb/2024:10:51:14 +0800] "GET /xingrg/javascript/easyui/themes/default/validatebox.css HTTP/1.1" 404 1104
101.83.240.5 - - [14/Feb/2024:10:51:14 +0800] "POST /xingrg/kc/mdqp/pssh_order_operate.html HTTP/1.1" 200 4816
101.83.145.37 - - [14/Feb/2024:10:51:17 +0800] "GET /xingrg/all/function/internal_message.html?_=1707878841783&CODE_STATE=getMsg HTTP/1.1" 200 27
218.81.216.246 - - [14/Feb/2024:10:51:18 +0800] "POST /xingrg/services/DataTransmitService HTTP/1.1" 200 524
221.239.172.206 - - [14/Feb/2024:10:51:20 +0800] "GET /xingrg/all/function/internal_message.html?_=1707879078988&CODE_STATE=getMsg HTTP/1.1" 200 27
218.81.216.246 - - [14/Feb/2024:10:51:21 +0800] "GET /xingrg/check_reg.html?_=1707879091535 HTTP/1.1" 200 22
101.83.240.5 - - [14/Feb/2024:10:51:22 +0800] "GET /xingrg/kc/mdqp/pssh_order_list.html?isBack=1 HTTP/1.1" 200 17891
101.83.240.5 - - [14/Feb/2024:10:51:23 +0800] "POST /xingrg/kc/mdqp/pssh_list_operate.html HTTP/1.1" 200 5469
101.83.240.5 - - [14/Feb/2024:10:51:24 +0800] "POST /xingrg/kc/mdqp/pssh_list_operate.html HTTP/1.1" 200 268
116.224.254.208 - - [14/Feb/2024:10:51:25 +0800] "GET /xingrg/all/function/internal_message.html?_=1707879085544&CODE_STATE=getMsg HTTP/1.1" 200 27
101.83.240.5 - - [14/Feb/2024:10:51:25 +0800] "GET /xingrg/kc/mdqp/pssh_order_info.html?code=312024021200194 HTTP/1.1" 200 17312
101.83.240.5 - - [14/Feb/2024:10:51:25 +0800] "GET /xingrg/javascript/jquery_tools/jquery-1.4.2.min.js HTTP/1.1" 404 1094
101.83.240.5 - - [14/Feb/2024:10:51:26 +0800] "GET /xingrg/javascript/easyui/themes/default/validatebox.css HTTP/1.1" 404 1104
101.83.240.5 - - [14/Feb/2024:10:51:26 +0800] "POST /xingrg/kc/mdqp/pssh_order_operate.html HTTP/1.1" 200 547
218.81.216.246 - - [14/Feb/2024:10:51:27 +0800] "POST /xingrg/services/DataTransmitService HTTP/1.1" 200 501
180.164.1.25 - - [14/Feb/2024:10:51:27 +0800] "GET /xingrg/all/function/internal_message.html?_=1707879086771&CODE_STATE=getMsg HTTP/1.1" 200 27
124.78.67.200 - - [14/Feb/2024:10:51:28 +0800] "GET /xingrg/all/function/internal_message.html?_=1707879088628&CODE_STATE=getMsg HTTP/1.1" 200 27
101.83.240.5 - - [14/Feb/2024:10:51:30 +0800] "POST /xingrg/kc/mdqp/pssh_order_operate.html HTTP/1.1" 200 37
116.232.194.112 - - [14/Feb/2024:10:51:31 +0800] "GET /xingrg/all/function/internal_message.html?_=1707879084067&CODE_STATE=getMsg HTTP/1.1" 200 27
116.230.123.222 - - [14/Feb/2024:10:51:31 +0800] "GET /xingrg/all/function/internal_message.html?_=1707879091120&CODE_STATE=getMsg HTTP/1.1" 200 27
101.83.240.5 - - [14/Feb/2024:10:51:32 +0800] "POST /xingrg/kc/mdqp/pssh_order_operate.html HTTP/1.1" 200 12
218.81.216.246 - - [14/Feb/2024:10:51:34 +0800] "GET /xingrg/all/function/internal_message.html?_=1707879103823&CODE_STATE=getMsg HTTP/1.1" 200 27
218.81.216.246 - - [14/Feb/2024:10:51:35 +0800] "POST /xingrg/services/DataTransmitService HTTP/1.1" 200 524
101.83.240.5 - - [14/Feb/2024:10:51:40 +0800] "GET /xingrg/kc/mdqp/pssh_order_info.html?code=312024021200194 HTTP/1.1" 200 14388
101.83.240.5 - - [14/Feb/2024:10:51:40 +0800] "GET /xingrg/javascript/jquery_tools/jquery-1.4.2.min.js HTTP/1.1" 404 1094
101.83.240.5 - - [14/Feb/2024:10:51:40 +0800] "GET /xingrg/javascript/easyui/themes/default/validatebox.css HTTP/1.1" 404 1104
101.83.240.5 - - [14/Feb/2024:10:51:40 +0800] "POST /xingrg/kc/mdqp/pssh_order_operate.html HTTP/1.1" 200 547
101.83.240.5 - - [14/Feb/2024:10:51:43 +0800] "GET /xingrg/kc/base/wldb_order_list.html HTTP/1.1" 200 19019
101.83.240.5 - - [14/Feb/2024:10:51:43 +0800] "POST /xingrg/kc/mdqp/pssh_list_operate.html HTTP/1.1" 200 814
101.83.240.5 - - [14/Feb/2024:10:51:43 +0800] "POST /xingrg/kc/base/wldb_list_operate.html HTTP/1.1" 200 928
218.81.216.246 - - [14/Feb/2024:10:51:46 +0800] "GET /xingrg/all/function/internal_message.html?_=1707879114818&CODE_STATE=getMsg HTTP/1.1" 302 -
101.83.240.5 - - [14/Feb/2024:10:51:46 +0800] "GET /xingrg/kc/base/wldb_order_add.html HTTP/1.1" 200 30350
101.83.240.5 - - [14/Feb/2024:10:51:46 +0800] "POST /xingrg/kc/base/wldb_order_operate.html HTTP/1.1" 200 6806
101.83.240.5 - - [14/Feb/2024:10:51:46 +0800] "GET /xingrg/all/common/auto_word.html?type=base&rest_code=00149 HTTP/1.1" 200 1907
101.83.240.5 - - [14/Feb/2024:10:51:46 +0800] "GET /xingrg/javascript/easyui/themes/default/validatebox.css HTTP/1.1" 404 1104
101.83.240.5 - - [14/Feb/2024:10:51:46 +0800] "GET /xingrg/all/common/auto_word.html?type=base&rest_code=00149 HTTP/1.1" 200 1907
116.237.76.128 - - [14/Feb/2024:10:51:51 +0800] "GET /xingrg/all/function/internal_message.html?_=1707879110094&CODE_STATE=getMsg HTTP/1.1" 200 27
218.81.216.246 - - [14/Feb/2024:10:51:55 +0800] "POST /xingrg/services/DataTransmitService HTTP/1.1" 200 501
101.83.240.5 - - [14/Feb/2024:10:51:55 +0800] "GET /xingrg/kc/base/wldb_order_operate.html?command=get_materiel&rest_code=00149&base_code=0010394&code=00101019133 HTTP/1.1" 200 480
101.83.240.5 - - [14/Feb/2024:10:51:59 +0800] "GET /xingrg/kc/base/wldb_order_operate.html?command=get_materiel&rest_code=00149&base_code=0010394&code=00101019430 HTTP/1.1" 200 477
218.81.216.246 - - [14/Feb/2024:10:52:03 +0800] "POST /xingrg/services/DataTransmitService HTTP/1.1" 200 524
101.83.240.5 - - [14/Feb/2024:10:52:03 +0800] "GET /xingrg/kc/base/wldb_order_operate.html?command=get_materiel&rest_code=00149&base_code=0010394&code=00101019438 HTTP/1.1" 200 462
218.81.216.246 - - [14/Feb/2024:10:52:04 +0800] "POST /xingrg/services/DataTransmitService HTTP/1.1" 200 412
218.81.216.246 - - [14/Feb/2024:10:52:06 +0800] "POST /xingrg/services/DataTransmitService HTTP/1.1" 200 524
101.83.240.5 - - [14/Feb/2024:10:52:07 +0800] "GET /xingrg/kc/base/wldb_order_operate.html?command=get_materiel&rest_code=00149&base_code=0010394&code=00101019079 HTTP/1.1" 200 479
218.81.216.246 - - [14/Feb/2024:10:52:07 +0800] "POST /xingrg/services/DataTransmitService HTTP/1.1" 200 2331
101.83.240.5 - - [14/Feb/2024:10:52:11 +0800] "GET /xingrg/all/function/internal_message.html?_=1707879131060&CODE_STATE=getMsg HTTP/1.1" 200 27
101.83.240.5 - - [14/Feb/2024:10:52:11 +0800] "GET /xingrg/check_reg.html?_=1707879131777 HTTP/1.1" 200 22
101.83.240.5 - - [14/Feb/2024:10:52:12 +0800] "GET /xingrg/kc/base/wldb_order_operate.html?command=get_materiel&rest_code=00149&base_code=0010394&code=00101019306 HTTP/1.1" 200 479
101.83.145.37 - - [14/Feb/2024:10:52:17 +0800] "GET /xingrg/all/function/internal_message.html?_=1707878901754&CODE_STATE=getMsg HTTP/1.1" 200 27
101.83.240.5 - - [14/Feb/2024:10:52:19 +0800] "GET /xingrg/kc/base/wldb_order_operate.html?command=get_materiel&rest_code=00149&base_code=0010394&code=00101019187 HTTP/1.1" 200 479
221.239.172.206 - - [14/Feb/2024:10:52:20 +0800] "GET /xingrg/all/function/internal_message.html?_=1707879138987&CODE_STATE=getMsg HTTP/1.1" 200 27
218.81.216.246 - - [14/Feb/2024:10:52:22 +0800] "POST /xingrg/services/DataTransmitService HTTP/1.1" 200 524
101.83.240.5 - - [14/Feb/2024:10:52:25 +0800] "GET /xingrg/kc/base/wldb_order_operate.html?command=get_materiel&rest_code=00149&base_code=0010394&code=00101019536 HTTP/1.1" 200 471
116.224.254.208 - - [14/Feb/2024:10:52:25 +0800] "GET /xingrg/all/function/internal_message.html?_=1707879145549&CODE_STATE=getMsg HTTP/1.1" 200 27
180.164.1.25 - - [14/Feb/2024:10:52:27 +0800] "GET /xingrg/all/function/internal_message.html?_=1707879146752&CODE_STATE=getMsg HTTP/1.1" 200 27
124.78.67.200 - - [14/Feb/2024:10:52:28 +0800] "GET /xingrg/all/function/internal_message.html?_=1707879148616&CODE_STATE=getMsg HTTP/1.1" 200 27
101.83.240.5 - - [14/Feb/2024:10:52:29 +0800] "GET /xingrg/kc/base/wldb_order_operate.html?command=get_materiel&rest_code=00149&base_code=0010394&code=00101019253 HTTP/1.1" 200 482
116.232.194.112 - - [14/Feb/2024:10:52:31 +0800] "GET /xingrg/all/function/internal_message.html?_=1707879144038&CODE_STATE=getMsg HTTP/1.1" 200 27
218.81.216.246 - - [14/Feb/2024:10:52:31 +0800] "POST /xingrg/services/DataTransmitService HTTP/1.1" 200 501
116.230.123.222 - - [14/Feb/2024:10:52:31 +0800] "GET /xingrg/all/function/internal_message.html?_=1707879151104&CODE_STATE=getMsg HTTP/1.1" 200 27
218.81.216.246 - - [14/Feb/2024:10:52:34 +0800] "GET /xingrg/all/function/internal_message.html?_=1707879163836&CODE_STATE=getMsg HTTP/1.1" 200 27
101.83.240.5 - - [14/Feb/2024:10:52:34 +0800] "GET /xingrg/kc/base/wldb_order_operate.html?command=get_materiel&rest_code=00149&base_code=0010394&code=00101016094 HTTP/1.1" 200 469
218.81.216.246 - - [14/Feb/2024:10:52:37 +0800] "POST /xingrg/services/DataTransmitService HTTP/1.1" 200 524
101.83.145.37 - - [14/Feb/2024:10:52:38 +0800] "POST /xingrg/kc/buy/cgsh_order_operate.html HTTP/1.1" 200 37
218.81.216.246 - - [14/Feb/2024:10:52:38 +0800] "POST /xingrg/services/DataTransmitService HTTP/1.1" 200 412
101.83.240.5 - - [14/Feb/2024:10:52:39 +0800] "GET /xingrg/kc/base/wldb_order_operate.html?command=get_materiel&rest_code=00149&base_code=0010394&code=00101019384 HTTP/1.1" 200 471
101.83.145.37 - - [14/Feb/2024:10:52:41 +0800] "POST /xingrg/kc/buy/cgsh_order_operate.html HTTP/1.1" 200 2661
116.237.76.128 - - [14/Feb/2024:10:52:41 +0800] "GET /xingrg/check_reg.html?_=1707879160113 HTTP/1.1" 200 22
218.81.216.246 - - [14/Feb/2024:10:52:42 +0800] "POST /xingrg/services/DataTransmitService HTTP/1.1" 200 524
218.81.216.246 - - [14/Feb/2024:10:52:43 +0800] "POST /xingrg/services/DataTransmitService HTTP/1.1" 200 2331
101.83.145.37 - - [14/Feb/2024:10:52:43 +0800] "GET /xingrg/kc/print/load_data.html?order_code=212024021404111&kc_code=cgsh&condition= HTTP/1.1" 200 740
218.81.216.246 - - [14/Feb/2024:10:52:46 +0800] "GET /xingrg/all/function/internal_message.html?_=1707879175090&CODE_STATE=getMsg HTTP/1.1" 302 -
116.232.194.112 - - [14/Feb/2024:10:52:47 +0800] "GET /xingrg/check_reg.html?_=1707879160225 HTTP/1.1" 200 22
218.81.216.246 - - [14/Feb/2024:10:52:50 +0800] "POST /xingrg/services/DataTransmitService HTTP/1.1" 200 524
116.237.76.128 - - [14/Feb/2024:10:52:51 +0800] "GET /xingrg/all/function/internal_message.html?_=1707879170070&CODE_STATE=getMsg HTTP/1.1" 200 27
221.239.172.206 - - [14/Feb/2024:10:52:55 +0800] "GET /xingrg/check_reg.html?_=1707879174432 HTTP/1.1" 200 22
101.83.240.5 - - [14/Feb/2024:10:53:11 +0800] "POST /xingrg/kc/base/wldb_order_operate.html HTTP/1.1" 200 37
218.81.216.246 - - [14/Feb/2024:10:53:11 +0800] "GET /xingrg/check_reg.html?_=1707879199948 HTTP/1.1" 302 -
101.83.240.5 - - [14/Feb/2024:10:53:11 +0800] "POST /xingrg/kc/base/wldb_order_operate.html HTTP/1.1" 200 6788
101.83.240.5 - - [14/Feb/2024:10:53:12 +0800] "GET /xingrg/kc/base/wldb_order_info.html?code=422024021401172 HTTP/1.1" 200 30365
101.83.240.5 - - [14/Feb/2024:10:53:12 +0800] "GET /xingrg/javascript/easyui/themes/default/validatebox.css HTTP/1.1" 404 1104
101.83.240.5 - - [14/Feb/2024:10:53:13 +0800] "POST /xingrg/kc/base/wldb_order_operate.html HTTP/1.1" 200 6788
101.83.145.37 - - [14/Feb/2024:10:53:17 +0800] "GET /xingrg/all/function/internal_message.html?_=1707878961740&CODE_STATE=getMsg HTTP/1.1" 200 27
221.239.172.206 - - [14/Feb/2024:10:53:20 +0800] "GET /xingrg/all/function/internal_message.html?_=1707879198988&CODE_STATE=getMsg HTTP/1.1" 200 27
116.224.254.208 - - [14/Feb/2024:10:53:25 +0800] "GET /xingrg/check_reg.html?_=1707879205552 HTTP/1.1" 200 22
116.224.254.208 - - [14/Feb/2024:10:53:25 +0800] "GET /xingrg/all/function/internal_message.html?_=1707879205556&CODE_STATE=getMsg HTTP/1.1" 200 27
101.83.145.37 - - [14/Feb/2024:10:53:26 +0800] "GET /xingrg/kc/buy/cgsh_order_add.html HTTP/1.1" 200 73549
101.83.145.37 - - [14/Feb/2024:10:53:27 +0800] "POST /xingrg/kc/buy/cgsh_order_operate.html HTTP/1.1" 200 8245
101.83.145.37 - - [14/Feb/2024:10:53:27 +0800] "GET /xingrg/javascript/easyui/themes/default/validatebox.css HTTP/1.1" 404 1104
180.164.1.25 - - [14/Feb/2024:10:53:27 +0800] "GET /xingrg/all/function/internal_message.html?_=1707879206746&CODE_STATE=getMsg HTTP/1.1" 200 27
124.78.67.200 - - [14/Feb/2024:10:53:28 +0800] "GET /xingrg/all/function/internal_message.html?_=1707879208589&CODE_STATE=getMsg HTTP/1.1" 200 27
116.232.194.112 - - [14/Feb/2024:10:53:31 +0800] "GET /xingrg/all/function/internal_message.html?_=1707879204030&CODE_STATE=getMsg HTTP/1.1" 200 27
116.230.123.222 - - [14/Feb/2024:10:53:31 +0800] "GET /xingrg/all/function/internal_message.html?_=1707879211088&CODE_STATE=getMsg HTTP/1.1" 200 27
218.81.216.246 - - [14/Feb/2024:10:53:34 +0800] "GET /xingrg/all/function/internal_message.html?_=1707879223858&CODE_STATE=getMsg HTTP/1.1" 200 27
101.83.145.37 - - [14/Feb/2024:10:53:36 +0800] "GET /xingrg/check_reg.html?_=1707878980820 HTTP/1.1" 200 22
180.164.1.25 - - [14/Feb/2024:10:53:38 +0800] "POST /xingrg/services/DataTransmitService HTTP/1.1" 200 524
180.164.1.25 - - [14/Feb/2024:10:53:40 +0800] "POST /xingrg/services/DataTransmitService HTTP/1.1" 200 412
218.81.216.246 - - [14/Feb/2024:10:53:46 +0800] "GET /xingrg/all/function/internal_message.html?_=1707879235095&CODE_STATE=getMsg HTTP/1.1" 302 -
101.83.145.37 - - [14/Feb/2024:10:53:46 +0800] "GET /xingrg/kc/buy/cgsh_order_operate.html?command=get_materiel&rest_code=00105&code=00101001140&supplier_code=00100319&order_time=2024-02-14 HTTP/1.1" 200 438
116.237.76.128 - - [14/Feb/2024:10:53:51 +0800] "GET /xingrg/all/function/internal_message.html?_=1707879230054&CODE_STATE=getMsg HTTP/1.1" 200 27
101.83.240.5 - - [14/Feb/2024:10:54:11 +0800] "GET /xingrg/all/function/internal_message.html?_=1707879251077&CODE_STATE=getMsg HTTP/1.1" 200 27
101.83.145.37 - - [14/Feb/2024:10:54:17 +0800] "GET /xingrg/all/function/internal_message.html?_=1707879021716&CODE_STATE=getMsg HTTP/1.1" 200 27
101.83.145.37 - - [14/Feb/2024:10:54:19 +0800] "GET /xingrg/kc/buy/cgsh_order_operate.html?command=get_materiel&rest_code=00105&code=00101001169&supplier_code=00100319&order_time=2024-02-14 HTTP/1.1" 200 417
221.239.172.206 - - [14/Feb/2024:10:54:20 +0800] "GET /xingrg/all/function/internal_message.html?_=1707879258993&CODE_STATE=getMsg HTTP/1.1" 200 27
116.224.254.208 - - [14/Feb/2024:10:54:25 +0800] "GET /xingrg/all/function/internal_message.html?_=1707879265543&CODE_STATE=getMsg HTTP/1.1" 200 27
180.164.1.25 - - [14/Feb/2024:10:54:27 +0800] "GET /xingrg/all/function/internal_message.html?_=1707879266719&CODE_STATE=getMsg HTTP/1.1" 200 27
124.78.67.200 - - [14/Feb/2024:10:54:28 +0800] "GET /xingrg/all/function/internal_message.html?_=1707879268572&CODE_STATE=getMsg HTTP/1.1" 200 27
116.232.194.112 - - [14/Feb/2024:10:54:30 +0800] "GET /xingrg/all/function/internal_message.html?_=1707879264004&CODE_STATE=getMsg HTTP/1.1" 200 27
116.230.123.222 - - [14/Feb/2024:10:54:31 +0800] "GET /xingrg/all/function/internal_message.html?_=1707879271072&CODE_STATE=getMsg HTTP/1.1" 200 27
218.81.216.246 - - [14/Feb/2024:10:54:34 +0800] "GET /xingrg/all/function/internal_message.html?_=1707879283874&CODE_STATE=getMsg HTTP/1.1" 200 27
218.81.216.246 - - [14/Feb/2024:10:54:46 +0800] "GET /xingrg/all/function/internal_message.html?_=1707879295352&CODE_STATE=getMsg HTTP/1.1" 302 -
124.78.67.200 - - [14/Feb/2024:10:54:49 +0800] "GET /xingrg/check_reg.html?_=1707879289713 HTTP/1.1" 200 22
116.237.76.128 - - [14/Feb/2024:10:54:51 +0800] "GET /xingrg/all/function/internal_message.html?_=1707879290039&CODE_STATE=getMsg HTTP/1.1" 200 27
101.83.240.5 - - [14/Feb/2024:10:55:11 +0800] "GET /xingrg/all/function/internal_message.html?_=1707879311059&CODE_STATE=getMsg HTTP/1.1" 200 27
101.83.145.37 - - [14/Feb/2024:10:55:17 +0800] "GET /xingrg/all/function/internal_message.html?_=1707879081689&CODE_STATE=getMsg HTTP/1.1" 200 27
221.239.172.206 - - [14/Feb/2024:10:55:20 +0800] "GET /xingrg/all/function/internal_message.html?_=1707879318993&CODE_STATE=getMsg HTTP/1.1" 200 27
116.224.254.208 - - [14/Feb/2024:10:55:25 +0800] "GET /xingrg/all/function/internal_message.html?_=1707879325555&CODE_STATE=getMsg HTTP/1.1" 200 27
101.83.145.37 - - [14/Feb/2024:10:55:27 +0800] "POST /xingrg/kc/buy/cgsh_order_operate.html HTTP/1.1" 200 37
180.164.1.25 - - [14/Feb/2024:10:55:27 +0800] "GET /xingrg/all/function/internal_message.html?_=1707879326695&CODE_STATE=getMsg HTTP/1.1" 200 27
124.78.67.200 - - [14/Feb/2024:10:55:28 +0800] "GET /xingrg/all/function/internal_message.html?_=1707879328558&CODE_STATE=getMsg HTTP/1.1" 200 27
101.83.145.37 - - [14/Feb/2024:10:55:29 +0800] "POST /xingrg/kc/buy/cgsh_order_operate.html HTTP/1.1" 200 3260
116.232.194.112 - - [14/Feb/2024:10:55:30 +0800] "GET /xingrg/all/function/internal_message.html?_=1707879323991&CODE_STATE=getMsg HTTP/1.1" 200 27
116.230.123.222 - - [14/Feb/2024:10:55:31 +0800] "GET /xingrg/all/function/internal_message.html?_=1707879331067&CODE_STATE=getMsg HTTP/1.1" 200 27
116.230.123.222 - - [14/Feb/2024:10:55:31 +0800] "GET /xingrg/check_reg.html?_=1707879331193 HTTP/1.1" 200 22
101.83.145.37 - - [14/Feb/2024:10:55:32 +0800] "GET /xingrg/kc/print/load_data.html?order_code=212024021404112&kc_code=cgsh&condition= HTTP/1.1" 200 910
218.81.216.246 - - [14/Feb/2024:10:55:34 +0800] "GET /xingrg/all/function/internal_message.html?_=1707879343878&CODE_STATE=getMsg HTTP/1.1" 200 27
180.164.1.25 - - [14/Feb/2024:10:55:42 +0800] "GET /xingrg/check_reg.html?_=1707879340896 HTTP/1.1" 200 22
218.81.216.246 - - [14/Feb/2024:10:55:46 +0800] "GET /xingrg/all/function/internal_message.html?_=1707879355356&CODE_STATE=getMsg HTTP/1.1" 302 -
116.237.76.128 - - [14/Feb/2024:10:55:51 +0800] "GET /xingrg/all/function/internal_message.html?_=1707879350011&CODE_STATE=getMsg HTTP/1.1" 200 27
101.83.145.37 - - [14/Feb/2024:10:55:55 +0800] "GET /xingrg/kc/buy/cgsh_order_add.html HTTP/1.1" 200 73549
101.83.145.37 - - [14/Feb/2024:10:55:55 +0800] "POST /xingrg/kc/buy/cgsh_order_operate.html HTTP/1.1" 200 8245
101.83.145.37 - - [14/Feb/2024:10:55:55 +0800] "GET /xingrg/javascript/easyui/themes/default/validatebox.css HTTP/1.1" 404 1104
101.83.240.5 - - [14/Feb/2024:10:55:56 +0800] "POST /xingrg/services/DataTransmitService HTTP/1.1" 200 524
101.83.240.5 - - [14/Feb/2024:10:55:57 +0800] "POST /xingrg/services/DataTransmitService HTTP/1.1" 200 412
101.83.240.5 - - [14/Feb/2024:10:56:11 +0800] "GET /xingrg/all/function/internal_message.html?_=1707879371040&CODE_STATE=getMsg HTTP/1.1" 200 27
101.83.145.37 - - [14/Feb/2024:10:56:17 +0800] "GET /xingrg/all/function/internal_message.html?_=1707879141677&CODE_STATE=getMsg HTTP/1.1" 200 27
221.239.172.206 - - [14/Feb/2024:10:56:20 +0800] "GET /xingrg/all/function/internal_message.html?_=1707879378992&CODE_STATE=getMsg HTTP/1.1" 200 27
101.83.145.37 - - [14/Feb/2024:10:56:20 +0800] "GET /xingrg/kc/buy/cgsh_order_operate.html?command=get_materiel&rest_code=00105&code=00101002007&supplier_code=00100442&order_time=2024-02-14 HTTP/1.1" 200 410
124.78.67.200 - - [14/Feb/2024:10:56:21 +0800] "GET /xingrg/kc/buy/cgsh_order_add.html HTTP/1.1" 200 73467
124.78.67.200 - - [14/Feb/2024:10:56:21 +0800] "GET /xingrg/css/base.css HTTP/1.1" 304 -
124.78.67.200 - - [14/Feb/2024:10:56:21 +0800] "GET /xingrg/css/site.css HTTP/1.1" 304 -
124.78.67.200 - - [14/Feb/2024:10:56:21 +0800] "GET /xingrg/javascript/jquery_tools/datebox.css HTTP/1.1" 304 -
124.78.67.200 - - [14/Feb/2024:10:56:21 +0800] "GET /xingrg/javascript/easyui/themes/default/easyui.css HTTP/1.1" 304 -
124.78.67.200 - - [14/Feb/2024:10:56:21 +0800] "GET /xingrg/javascript/easyui/themes/icon.css HTTP/1.1" 304 -
124.78.67.200 - - [14/Feb/2024:10:56:21 +0800] "GET /xingrg/javascript/auto/jquery.autocomplete.css HTTP/1.1" 304 -
124.78.67.200 - - [14/Feb/2024:10:56:21 +0800] "GET /xingrg/javascript/jquery_tools/fix.css HTTP/1.1" 304 -
124.78.67.200 - - [14/Feb/2024:10:56:21 +0800] "GET /xingrg/javascript/jquery_tools/table.css HTTP/1.1" 304 -
124.78.67.200 - - [14/Feb/2024:10:56:21 +0800] "GET /xingrg/javascript/pic_change.js HTTP/1.1" 304 -
124.78.67.200 - - [14/Feb/2024:10:56:21 +0800] "GET /xingrg/javascript/jquery_tools/jquery.tools.min.js HTTP/1.1" 304 -
218.81.216.246 - - [14/Feb/2024:10:56:21 +0800] "GET /xingrg/check_reg.html?_=1707879391549 HTTP/1.1" 200 22
124.78.67.200 - - [14/Feb/2024:10:56:21 +0800] "GET /xingrg/javascript/jquery_tools/jquery.tools.extend.js HTTP/1.1" 304 -
124.78.67.200 - - [14/Feb/2024:10:56:21 +0800] "GET /xingrg/javascript/jquery_tools/jquery.tools.hotkey.js HTTP/1.1" 304 -
124.78.67.200 - - [14/Feb/2024:10:56:21 +0800] "GET /xingrg/javascript/jquery_tools/jquery.tools.table.js HTTP/1.1" 304 -
124.78.67.200 - - [14/Feb/2024:10:56:21 +0800] "GET /xingrg/javascript/auto/jquery.autocomplete.js HTTP/1.1" 304 -
124.78.67.200 - - [14/Feb/2024:10:56:21 +0800] "GET /xingrg/javascript/easyui/easyloader.js HTTP/1.1" 304 -
124.78.67.200 - - [14/Feb/2024:10:56:21 +0800] "GET /xingrg/javascript/jquery.utils.js HTTP/1.1" 304 -
124.78.67.200 - - [14/Feb/2024:10:56:21 +0800] "GET /xingrg/javascript/jquery_tools/order_manager.js HTTP/1.1" 304 -
124.78.67.200 - - [14/Feb/2024:10:56:21 +0800] "GET /xingrg/javascript/convert.js HTTP/1.1" 304 -
124.78.67.200 - - [14/Feb/2024:10:56:21 +0800] "GET /xingrg/javascript/json2.js HTTP/1.1" 304 -
124.78.67.200 - - [14/Feb/2024:10:56:21 +0800] "GET /xingrg/javascript/jquery.cookie.js HTTP/1.1" 304 -
124.78.67.200 - - [14/Feb/2024:10:56:21 +0800] "GET /xingrg/javascript/print/kc_print.js HTTP/1.1" 304 -
124.78.67.200 - - [14/Feb/2024:10:56:21 +0800] "GET /xingrg/javascript/print/LodopFuncs.js HTTP/1.1" 304 -
124.78.67.200 - - [14/Feb/2024:10:56:21 +0800] "GET /xingrg/words/20240208113601_words.js HTTP/1.1" 304 -
124.78.67.200 - - [14/Feb/2024:10:56:22 +0800] "GET /xingrg/javascript/easyui/plugins/jquery.parser.js HTTP/1.1" 304 -
124.78.67.200 - - [14/Feb/2024:10:56:22 +0800] "GET /xingrg/images/control/ajaxLoader.gif HTTP/1.1" 304 -
124.78.67.200 - - [14/Feb/2024:10:56:22 +0800] "POST /xingrg/kc/buy/cgsh_order_operate.html HTTP/1.1" 200 8245
124.78.67.200 - - [14/Feb/2024:10:56:22 +0800] "GET /xingrg/javascript/easyui/themes/default/validatebox.css HTTP/1.1" 404 1104
116.224.254.208 - - [14/Feb/2024:10:56:25 +0800] "GET /xingrg/all/function/internal_message.html?_=1707879385560&CODE_STATE=getMsg HTTP/1.1" 200 27
180.164.1.25 - - [14/Feb/2024:10:56:27 +0800] "GET /xingrg/all/function/internal_message.html?_=1707879386691&CODE_STATE=getMsg HTTP/1.1" 200 27
124.78.67.200 - - [14/Feb/2024:10:56:28 +0800] "GET /xingrg/javascript/auto/indicator.gif HTTP/1.1" 404 1066
124.78.67.200 - - [14/Feb/2024:10:56:28 +0800] "GET /xingrg/all/function/internal_message.html?_=1707879388951&CODE_STATE=getMsg HTTP/1.1" 200 27
116.232.194.112 - - [14/Feb/2024:10:56:30 +0800] "GET /xingrg/all/function/internal_message.html?_=1707879383970&CODE_STATE=getMsg HTTP/1.1" 200 27
116.230.123.222 - - [14/Feb/2024:10:56:31 +0800] "GET /xingrg/all/function/internal_message.html?_=1707879391052&CODE_STATE=getMsg HTTP/1.1" 200 27
218.81.216.246 - - [14/Feb/2024:10:56:34 +0800] "GET /xingrg/all/function/internal_message.html?_=1707879403892&CODE_STATE=getMsg HTTP/1.1" 200 27
124.78.67.200 - - [14/Feb/2024:10:56:40 +0800] "GET /xingrg/kc/buy/cgsh_order_operate.html?command=get_materiel&rest_code=00141&code=00101001140&supplier_code=00100090&order_time=2024-02-14 HTTP/1.1" 200 436
101.83.145.37 - - [14/Feb/2024:10:56:41 +0800] "GET /xingrg/kc/buy/cgsh_order_operate.html?command=get_materiel&rest_code=00105&code=00101001060&supplier_code=00100442&order_time=2024-02-14 HTTP/1.1" 200 421
218.81.216.246 - - [14/Feb/2024:10:56:47 +0800] "GET /xingrg/all/function/internal_message.html?_=1707879415592&CODE_STATE=getMsg HTTP/1.1" 302 -
116.230.123.222 - - [14/Feb/2024:10:56:48 +0800] "GET /xingrg/kc/base/base_main.html HTTP/1.1" 200 12142
116.230.123.222 - - [14/Feb/2024:10:56:49 +0800] "GET /xingrg/kc/base/wldb_order_list.html HTTP/1.1" 200 19013
116.230.123.222 - - [14/Feb/2024:10:56:50 +0800] "POST /xingrg/kc/base/wldb_list_operate.html HTTP/1.1" 200 928
116.237.76.128 - - [14/Feb/2024:10:56:51 +0800] "GET /xingrg/all/function/internal_message.html?_=1707879409989&CODE_STATE=getMsg HTTP/1.1" 200 27
116.230.123.222 - - [14/Feb/2024:10:56:54 +0800] "GET /xingrg/kc/base/wldb_order_add.html HTTP/1.1" 200 30344
116.230.123.222 - - [14/Feb/2024:10:56:54 +0800] "POST /xingrg/kc/base/wldb_order_operate.html HTTP/1.1" 200 6806
116.230.123.222 - - [14/Feb/2024:10:56:54 +0800] "GET /xingrg/all/common/auto_word.html?type=base&rest_code=00111 HTTP/1.1" 200 1753
116.230.123.222 - - [14/Feb/2024:10:56:54 +0800] "GET /xingrg/all/common/auto_word.html?type=base&rest_code=00111 HTTP/1.1" 200 1753
116.230.123.222 - - [14/Feb/2024:10:56:54 +0800] "GET /xingrg/javascript/easyui/themes/default/validatebox.css HTTP/1.1" 404 1104
124.78.67.200 - - [14/Feb/2024:10:56:54 +0800] "GET /xingrg/kc/buy/cgsh_order_operate.html?command=get_materiel&rest_code=00141&code=00101001125&supplier_code=00100090&order_time=2024-02-14 HTTP/1.1" 200 415
101.83.240.5 - - [14/Feb/2024:10:57:11 +0800] "GET /xingrg/all/function/internal_message.html?_=1707879431020&CODE_STATE=getMsg HTTP/1.1" 200 27
101.83.240.5 - - [14/Feb/2024:10:57:11 +0800] "GET /xingrg/check_reg.html?_=1707879431790 HTTP/1.1" 200 22
116.230.123.222 - - [14/Feb/2024:10:57:14 +0800] "GET /xingrg/kc/base/wldb_order_operate.html?command=get_materiel&rest_code=00111&base_code=0010283&code=00101019222 HTTP/1.1" 200 453
124.78.67.200 - - [14/Feb/2024:10:57:15 +0800] "GET /xingrg/kc/buy/cgsh_order_operate.html?command=get_materiel&rest_code=00141&code=00101004104&supplier_code=00100090&order_time=2024-02-14 HTTP/1.1" 200 408
101.83.145.37 - - [14/Feb/2024:10:57:17 +0800] "GET /xingrg/all/function/internal_message.html?_=1707879201654&CODE_STATE=getMsg HTTP/1.1" 200 27
101.83.145.37 - - [14/Feb/2024:10:57:19 +0800] "POST /xingrg/kc/buy/cgsh_order_operate.html HTTP/1.1" 200 37
221.239.172.206 - - [14/Feb/2024:10:57:20 +0800] "GET /xingrg/all/function/internal_message.html?_=1707879438992&CODE_STATE=getMsg HTTP/1.1" 200 27
101.83.145.37 - - [14/Feb/2024:10:57:22 +0800] "POST /xingrg/kc/buy/cgsh_order_operate.html HTTP/1.1" 200 3257
116.230.123.222 - - [14/Feb/2024:10:57:22 +0800] "GET /xingrg/kc/base/wldb_order_operate.html?command=get_materiel&rest_code=00111&base_code=0010283&code=00101019400 HTTP/1.1" 200 464
116.224.254.208 - - [14/Feb/2024:10:57:25 +0800] "GET /xingrg/all/function/internal_message.html?_=1707879445554&CODE_STATE=getMsg HTTP/1.1" 200 27
124.78.67.200 - - [14/Feb/2024:10:57:25 +0800] "POST /xingrg/kc/buy/cgsh_order_operate.html HTTP/1.1" 200 37
101.83.145.37 - - [14/Feb/2024:10:57:26 +0800] "GET /xingrg/kc/print/load_data.html?order_code=212024021404113&kc_code=cgsh&condition= HTTP/1.1" 200 911
180.164.1.25 - - [14/Feb/2024:10:57:27 +0800] "GET /xingrg/all/function/internal_message.html?_=1707879446667&CODE_STATE=getMsg HTTP/1.1" 200 27
124.78.67.200 - - [14/Feb/2024:10:57:28 +0800] "GET /xingrg/all/function/internal_message.html?_=1707879448931&CODE_STATE=getMsg HTTP/1.1" 200 27
116.232.194.112 - - [14/Feb/2024:10:57:30 +0800] "GET /xingrg/all/function/internal_message.html?_=1707879443944&CODE_STATE=getMsg HTTP/1.1" 200 27
116.230.123.222 - - [14/Feb/2024:10:57:31 +0800] "GET /xingrg/all/function/internal_message.html?_=1707879451032&CODE_STATE=getMsg HTTP/1.1" 200 27
124.78.67.200 - - [14/Feb/2024:10:57:33 +0800] "POST /xingrg/kc/buy/cgsh_order_operate.html HTTP/1.1" 200 12
116.230.123.222 - - [14/Feb/2024:10:57:33 +0800] "GET /xingrg/kc/base/wldb_order_operate.html?command=get_materiel&rest_code=00111&base_code=0010283&code=00101019133 HTTP/1.1" 200 480
218.81.216.246 - - [14/Feb/2024:10:57:34 +0800] "GET /xingrg/all/function/internal_message.html?_=1707879463904&CODE_STATE=getMsg HTTP/1.1" 200 27
124.78.67.200 - - [14/Feb/2024:10:57:35 +0800] "GET /xingrg/kc/buy/cgsh_order_info.html?code=212024021404114 HTTP/1.1" 200 68380
124.78.67.200 - - [14/Feb/2024:10:57:36 +0800] "GET /xingrg/javascript/easyui/themes/default/validatebox.css HTTP/1.1" 404 1104
124.78.67.200 - - [14/Feb/2024:10:57:37 +0800] "POST /xingrg/kc/buy/cgsh_order_operate.html HTTP/1.1" 200 1802
116.237.76.128 - - [14/Feb/2024:10:57:41 +0800] "GET /xingrg/check_reg.html?_=1707879460117 HTTP/1.1" 200 22
124.78.67.200 - - [14/Feb/2024:10:57:42 +0800] "GET /xingrg/kc/print/load_data.html?order_code=212024021404114&kc_code=cgsh&condition= HTTP/1.1" 200 1243
218.81.216.246 - - [14/Feb/2024:10:57:47 +0800] "GET /xingrg/all/function/internal_message.html?_=1707879475604&CODE_STATE=getMsg HTTP/1.1" 302 -
116.232.194.112 - - [14/Feb/2024:10:57:47 +0800] "GET /xingrg/check_reg.html?_=1707879460220 HTTP/1.1" 200 22
124.78.67.200 - - [14/Feb/2024:10:57:47 +0800] "POST /xingrg/kc/buy/cgsh_order_operate.html HTTP/1.1" 200 8245
124.78.67.200 - - [14/Feb/2024:10:57:47 +0800] "GET /xingrg/javascript/easyui/themes/default/validatebox.css HTTP/1.1" 404 1104
116.237.76.128 - - [14/Feb/2024:10:57:51 +0800] "GET /xingrg/all/function/internal_message.html?_=1707879469965&CODE_STATE=getMsg HTTP/1.1" 200 27
221.239.172.206 - - [14/Feb/2024:10:57:55 +0800] "GET /xingrg/check_reg.html?_=1707879474438 HTTP/1.1" 200 22
116.230.123.222 - - [14/Feb/2024:10:57:57 +0800] "POST /xingrg/kc/base/wldb_order_operate.html HTTP/1.1" 200 37
124.78.67.200 - - [14/Feb/2024:10:57:59 +0800] "GET /xingrg/kc/buy/cgsh_order_operate.html?command=get_materiel&rest_code=00141&code=00101001115&supplier_code=00100089&order_time=2024-02-14 HTTP/1.1" 200 415
116.230.123.222 - - [14/Feb/2024:10:58:02 +0800] "POST /xingrg/kc/base/wldb_order_operate.html HTTP/1.1" 200 12
116.230.123.222 - - [14/Feb/2024:10:58:02 +0800] "POST /xingrg/kc/base/wldb_order_operate.html HTTP/1.1" 200 3205
116.230.123.222 - - [14/Feb/2024:10:58:08 +0800] "GET /xingrg/kc/base/wldb_order_info.html?code=422024021401173 HTTP/1.1" 200 26222
116.230.123.222 - - [14/Feb/2024:10:58:09 +0800] "GET /xingrg/javascript/easyui/themes/default/validatebox.css HTTP/1.1" 404 1104
116.230.123.222 - - [14/Feb/2024:10:58:09 +0800] "POST /xingrg/kc/base/wldb_order_operate.html HTTP/1.1" 200 1478
101.83.240.5 - - [14/Feb/2024:10:58:11 +0800] "GET /xingrg/all/function/internal_message.html?_=1707879491005&CODE_STATE=getMsg HTTP/1.1" 200 27
218.81.216.246 - - [14/Feb/2024:10:58:11 +0800] "GET /xingrg/check_reg.html?_=1707879500159 HTTP/1.1" 302 -
116.230.123.222 - - [14/Feb/2024:10:58:13 +0800] "GET /xingrg/kc/print/load_config.html?kc_code=wldb HTTP/1.1" 200 2261
124.78.67.200 - - [14/Feb/2024:10:58:13 +0800] "POST /xingrg/kc/buy/cgsh_order_operate.html HTTP/1.1" 200 37
116.230.123.222 - - [14/Feb/2024:10:58:13 +0800] "GET /xingrg/kc/print/load_data.html?order_code=422024021401173&kc_code=wldb&condition= HTTP/1.1" 200 925
101.83.145.37 - - [14/Feb/2024:10:58:17 +0800] "GET /xingrg/all/function/internal_message.html?_=1707879261636&CODE_STATE=getMsg HTTP/1.1" 200 27
221.239.172.206 - - [14/Feb/2024:10:58:20 +0800] "GET /xingrg/all/function/internal_message.html?_=1707879498998&CODE_STATE=getMsg HTTP/1.1" 200 27
124.78.67.200 - - [14/Feb/2024:10:58:20 +0800] "POST /xingrg/kc/buy/cgsh_order_operate.html HTTP/1.1" 200 12
124.78.67.200 - - [14/Feb/2024:10:58:23 +0800] "GET /xingrg/kc/buy/cgsh_order_info.html?code=212024021404115 HTTP/1.1" 200 68378
124.78.67.200 - - [14/Feb/2024:10:58:23 +0800] "GET /xingrg/javascript/easyui/themes/default/validatebox.css HTTP/1.1" 404 1104
124.78.67.200 - - [14/Feb/2024:10:58:24 +0800] "POST /xingrg/kc/buy/cgsh_order_operate.html HTTP/1.1" 200 608
116.224.254.208 - - [14/Feb/2024:10:58:25 +0800] "GET /xingrg/all/function/internal_message.html?_=1707879505559&CODE_STATE=getMsg HTTP/1.1" 200 27
116.224.254.208 - - [14/Feb/2024:10:58:25 +0800] "GET /xingrg/check_reg.html?_=1707879505562 HTTP/1.1" 200 22
124.78.67.200 - - [14/Feb/2024:10:58:25 +0800] "POST /xingrg/kc/buy/cgsh_order_operate.html HTTP/1.1" 200 8245
124.78.67.200 - - [14/Feb/2024:10:58:26 +0800] "GET /xingrg/javascript/easyui/themes/default/validatebox.css HTTP/1.1" 404 1104
180.164.1.25 - - [14/Feb/2024:10:58:27 +0800] "GET /xingrg/all/function/internal_message.html?_=1707879506638&CODE_STATE=getMsg HTTP/1.1" 200 27
124.78.67.200 - - [14/Feb/2024:10:58:28 +0800] "GET /xingrg/all/function/internal_message.html?_=1707879508910&CODE_STATE=getMsg HTTP/1.1" 200 27
116.232.194.112 - - [14/Feb/2024:10:58:30 +0800] "GET /xingrg/all/function/internal_message.html?_=1707879503927&CODE_STATE=getMsg HTTP/1.1" 200 27
116.230.123.222 - - [14/Feb/2024:10:58:31 +0800] "GET /xingrg/all/function/internal_message.html?_=1707879511014&CODE_STATE=getMsg HTTP/1.1" 200 27
218.81.216.246 - - [14/Feb/2024:10:58:34 +0800] "GET /xingrg/all/function/internal_message.html?_=1707879523931&CODE_STATE=getMsg HTTP/1.1" 200 27
101.83.145.37 - - [14/Feb/2024:10:58:36 +0800] "GET /xingrg/check_reg.html?_=1707879280812 HTTP/1.1" 200 22
124.78.67.200 - - [14/Feb/2024:10:58:44 +0800] "POST /xingrg/kc/buy/cgsh_list_operate.html HTTP/1.1" 200 2358
124.78.67.200 - - [14/Feb/2024:10:58:47 +0800] "POST /xingrg/kc/buy/cgsh_list_operate.html HTTP/1.1" 200 352
218.81.216.246 - - [14/Feb/2024:10:58:47 +0800] "GET /xingrg/all/function/internal_message.html?_=1707879535818&CODE_STATE=getMsg HTTP/1.1" 302 -
124.78.67.200 - - [14/Feb/2024:10:58:49 +0800] "POST /xingrg/kc/buy/cgsh_list_operate.html HTTP/1.1" 200 202
124.78.67.200 - - [14/Feb/2024:10:58:49 +0800] "GET /xingrg/javascript/easyui/themes/default/validatebox.css HTTP/1.1" 404 1104
124.78.67.200 - - [14/Feb/2024:10:58:50 +0800] "POST /xingrg/kc/buy/cgsh_order_operate.html HTTP/1.1" 200 608
116.237.76.128 - - [14/Feb/2024:10:58:51 +0800] "GET /xingrg/all/function/internal_message.html?_=1707879529952&CODE_STATE=getMsg HTTP/1.1" 200 27
124.78.67.200 - - [14/Feb/2024:10:58:53 +0800] "GET /xingrg/kc/print/load_data.html?order_code=212024021404115&kc_code=cgsh&condition= HTTP/1.1" 200 781
124.78.67.200 - - [14/Feb/2024:10:58:57 +0800] "POST /xingrg/kc/buy/cgsh_order_operate.html HTTP/1.1" 200 8245
124.78.67.200 - - [14/Feb/2024:10:58:57 +0800] "GET /xingrg/javascript/easyui/themes/default/validatebox.css HTTP/1.1" 404 1104
101.83.240.5 - - [14/Feb/2024:10:59:11 +0800] "GET /xingrg/all/function/internal_message.html?_=1707879550984&CODE_STATE=getMsg HTTP/1.1" 200 27
124.78.67.200 - - [14/Feb/2024:10:59:15 +0800] "GET /xingrg/kc/buy/cgsh_order_operate.html?command=get_materiel&rest_code=00141&code=00101002007&supplier_code=00100442&order_time=2024-02-14 HTTP/1.1" 200 410
101.83.145.37 - - [14/Feb/2024:10:59:17 +0800] "GET /xingrg/all/function/internal_message.html?_=1707879321609&CODE_STATE=getMsg HTTP/1.1" 200 27
221.239.172.206 - - [14/Feb/2024:10:59:20 +0800] "GET /xingrg/all/function/internal_message.html?_=1707879558998&CODE_STATE=getMsg HTTP/1.1" 200 27
116.224.254.208 - - [14/Feb/2024:10:59:25 +0800] "GET /xingrg/all/function/internal_message.html?_=1707879565532&CODE_STATE=getMsg HTTP/1.1" 200 27
180.164.1.25 - - [14/Feb/2024:10:59:27 +0800] "GET /xingrg/all/function/internal_message.html?_=1707879566621&CODE_STATE=getMsg HTTP/1.1" 200 27
124.78.67.200 - - [14/Feb/2024:10:59:28 +0800] "GET /xingrg/all/function/internal_message.html?_=1707879568892&CODE_STATE=getMsg HTTP/1.1" 200 27
116.232.194.112 - - [14/Feb/2024:10:59:30 +0800] "GET /xingrg/all/function/internal_message.html?_=1707879563918&CODE_STATE=getMsg HTTP/1.1" 200 27
116.230.123.222 - - [14/Feb/2024:10:59:31 +0800] "GET /xingrg/all/function/internal_message.html?_=1707879570989&CODE_STATE=getMsg HTTP/1.1" 200 27
218.81.216.246 - - [14/Feb/2024:10:59:34 +0800] "GET /xingrg/all/function/internal_message.html?_=1707879583951&CODE_STATE=getMsg HTTP/1.1" 200 27
218.81.216.246 - - [14/Feb/2024:10:59:47 +0800] "GET /xingrg/all/function/internal_message.html?_=1707879595832&CODE_STATE=getMsg HTTP/1.1" 302 -
124.78.67.200 - - [14/Feb/2024:10:59:49 +0800] "GET /xingrg/check_reg.html?_=1707879589716 HTTP/1.1" 200 22
116.237.76.128 - - [14/Feb/2024:10:59:51 +0800] "GET /xingrg/all/function/internal_message.html?_=1707879589924&CODE_STATE=getMsg HTTP/1.1" 200 27
124.78.67.200 - - [14/Feb/2024:10:59:58 +0800] "GET /xingrg/kc/buy/cgsh_order_operate.html?command=get_materiel&rest_code=00141&code=00101001052&supplier_code=00100442&order_time=2024-02-14 HTTP/1.1" 200 411
101.83.240.5 - - [14/Feb/2024:11:00:11 +0800] "GET /xingrg/all/function/internal_message.html?_=1707879610964&CODE_STATE=getMsg HTTP/1.1" 200 27
124.78.67.200 - - [14/Feb/2024:11:00:13 +0800] "GET /xingrg/kc/buy/cgsh_order_operate.html?command=get_materiel&rest_code=00141&code=00101001060&supplier_code=00100442&order_time=2024-02-14 HTTP/1.1" 200 419
218.81.216.246 - - [14/Feb/2024:11:00:14 +0800] "POST /xingrg/services/DataTransmitService HTTP/1.1" 200 501
218.81.216.246 - - [14/Feb/2024:11:00:16 +0800] "POST /xingrg/services/DataTransmitService HTTP/1.1" 200 501
101.83.145.37 - - [14/Feb/2024:11:00:17 +0800] "GET /xingrg/all/function/internal_message.html?_=1707879381594&CODE_STATE=getMsg HTTP/1.1" 200 27
221.239.172.206 - - [14/Feb/2024:11:00:20 +0800] "GET /xingrg/all/function/internal_message.html?_=1707879618999&CODE_STATE=getMsg HTTP/1.1" 200 27
116.224.254.208 - - [14/Feb/2024:11:00:25 +0800] "GET /xingrg/all/function/internal_message.html?_=1707879625521&CODE_STATE=getMsg HTTP/1.1" 200 27
180.164.1.25 - - [14/Feb/2024:11:00:27 +0800] "GET /xingrg/all/function/internal_message.html?_=1707879626600&CODE_STATE=getMsg HTTP/1.1" 200 27
124.78.67.200 - - [14/Feb/2024:11:00:28 +0800] "GET /xingrg/all/function/internal_message.html?_=1707879628860&CODE_STATE=getMsg HTTP/1.1" 200 27
116.232.194.112 - - [14/Feb/2024:11:00:30 +0800] "GET /xingrg/all/function/internal_message.html?_=1707879623905&CODE_STATE=getMsg HTTP/1.1" 200 27
116.230.123.222 - - [14/Feb/2024:11:00:31 +0800] "GET /xingrg/all/function/internal_message.html?_=1707879630970&CODE_STATE=getMsg HTTP/1.1" 200 27
116.230.123.222 - - [14/Feb/2024:11:00:31 +0800] "GET /xingrg/check_reg.html?_=1707879631189 HTTP/1.1" 200 22
218.81.216.246 - - [14/Feb/2024:11:00:34 +0800] "GET /xingrg/all/function/internal_message.html?_=1707879643967&CODE_STATE=getMsg HTTP/1.1" 200 27
218.81.216.246 - - [14/Feb/2024:11:00:37 +0800] "POST /xingrg/services/DataTransmitService HTTP/1.1" 200 501
180.164.1.25 - - [14/Feb/2024:11:00:42 +0800] "GET /xingrg/check_reg.html?_=1707879640888 HTTP/1.1" 200 22
218.81.216.246 - - [14/Feb/2024:11:00:47 +0800] "GET /xingrg/all/function/internal_message.html?_=1707879656209&CODE_STATE=getMsg HTTP/1.1" 302 -
180.163.29.234 - - [14/Feb/2024:11:00:51 +0800] "GET /xingrg/all/function/internal_message.html?_=1707879589924&CODE_STATE=getMsg HTTP/1.1" 302 -
116.237.76.128 - - [14/Feb/2024:11:00:51 +0800] "GET /xingrg/all/function/internal_message.html?_=1707879649894&CODE_STATE=getMsg HTTP/1.1" 200 27
180.163.29.234 - - [14/Feb/2024:11:00:51 +0800] "GET /xingrg/login.html HTTP/1.1" 200 7641
218.81.216.246 - - [14/Feb/2024:11:00:59 +0800] "POST /xingrg/services/DataTransmitService HTTP/1.1" 200 501
218.81.216.246 - - [14/Feb/2024:11:01:00 +0800] "POST /xingrg/services/DataTransmitService HTTP/1.1" 200 501
218.81.216.246 - - [14/Feb/2024:11:01:01 +0800] "POST /xingrg/services/DataTransmitService HTTP/1.1" 200 501
218.81.216.246 - - [14/Feb/2024:11:01:07 +0800] "POST /xingrg/services/DataTransmitService HTTP/1.1" 200 501
218.81.216.246 - - [14/Feb/2024:11:01:09 +0800] "POST /xingrg/services/DataTransmitService HTTP/1.1" 200 501
101.83.240.5 - - [14/Feb/2024:11:01:11 +0800] "GET /xingrg/all/function/internal_message.html?_=1707879670943&CODE_STATE=getMsg HTTP/1.1" 200 27
218.81.216.246 - - [14/Feb/2024:11:01:11 +0800] "POST /xingrg/services/DataTransmitService HTTP/1.1" 200 501
218.81.216.246 - - [14/Feb/2024:11:01:11 +0800] "POST /xingrg/services/DataTransmitService HTTP/1.1" 200 412
101.83.145.37 - - [14/Feb/2024:11:01:17 +0800] "GET /xingrg/all/function/internal_message.html?_=1707879441581&CODE_STATE=getMsg HTTP/1.1" 200 27
221.239.172.206 - - [14/Feb/2024:11:01:20 +0800] "GET /xingrg/all/function/internal_message.html?_=1707879678998&CODE_STATE=getMsg HTTP/1.1" 200 27
218.81.216.246 - - [14/Feb/2024:11:01:21 +0800] "GET /xingrg/check_reg.html?_=1707879691559 HTTP/1.1" 200 22
116.224.254.208 - - [14/Feb/2024:11:01:25 +0800] "GET /xingrg/all/function/internal_message.html?_=1707879685543&CODE_STATE=getMsg HTTP/1.1" 200 27
180.164.1.25 - - [14/Feb/2024:11:01:27 +0800] "GET /xingrg/all/function/internal_message.html?_=1707879686583&CODE_STATE=getMsg HTTP/1.1" 200 27
124.78.67.200 - - [14/Feb/2024:11:01:28 +0800] "GET /xingrg/all/function/internal_message.html?_=1707879688836&CODE_STATE=getMsg HTTP/1.1" 200 27
116.232.194.112 - - [14/Feb/2024:11:01:30 +0800] "GET /xingrg/all/function/internal_message.html?_=1707879683891&CODE_STATE=getMsg HTTP/1.1" 200 27
116.230.123.222 - - [14/Feb/2024:11:01:31 +0800] "GET /xingrg/all/function/internal_message.html?_=1707879690953&CODE_STATE=getMsg HTTP/1.1" 200 27
218.81.216.246 - - [14/Feb/2024:11:01:34 +0800] "GET /xingrg/all/function/internal_message.html?_=1707879703975&CODE_STATE=getMsg HTTP/1.1" 200 27
218.81.216.246 - - [14/Feb/2024:11:01:47 +0800] "GET /xingrg/all/function/internal_message.html?_=1707879716220&CODE_STATE=getMsg HTTP/1.1" 302 -
116.237.76.128 - - [14/Feb/2024:11:01:51 +0800] "GET /xingrg/all/function/internal_message.html?_=1707879709881&CODE_STATE=getMsg HTTP/1.1" 200 27
101.83.240.5 - - [14/Feb/2024:11:02:11 +0800] "GET /xingrg/all/function/internal_message.html?_=1707879730925&CODE_STATE=getMsg HTTP/1.1" 200 27
101.83.240.5 - - [14/Feb/2024:11:02:11 +0800] "GET /xingrg/check_reg.html?_=1707879731793 HTTP/1.1" 200 22
101.83.145.37 - - [14/Feb/2024:11:02:17 +0800] "GET /xingrg/all/function/internal_message.html?_=1707879501566&CODE_STATE=getMsg HTTP/1.1" 200 27
221.239.172.206 - - [14/Feb/2024:11:02:20 +0800] "GET /xingrg/all/function/internal_message.html?_=1707879739000&CODE_STATE=getMsg HTTP/1.1" 200 27
116.224.254.208 - - [14/Feb/2024:11:02:25 +0800] "GET /xingrg/all/function/internal_message.html?_=1707879745543&CODE_STATE=getMsg HTTP/1.1" 200 27
180.164.1.25 - - [14/Feb/2024:11:02:27 +0800] "GET /xingrg/all/function/internal_message.html?_=1707879746570&CODE_STATE=getMsg HTTP/1.1" 200 27
124.78.67.200 - - [14/Feb/2024:11:02:28 +0800] "GET /xingrg/all/function/internal_message.html?_=1707879748831&CODE_STATE=getMsg HTTP/1.1" 200 27
116.232.194.112 - - [14/Feb/2024:11:02:30 +0800] "GET /xingrg/all/function/internal_message.html?_=1707879743880&CODE_STATE=getMsg HTTP/1.1" 200 27
116.230.123.222 - - [14/Feb/2024:11:02:31 +0800] "GET /xingrg/all/function/internal_message.html?_=1707879750935&CODE_STATE=getMsg HTTP/1.1" 200 27
218.81.216.246 - - [14/Feb/2024:11:02:34 +0800] "GET /xingrg/all/function/internal_message.html?_=1707879763988&CODE_STATE=getMsg HTTP/1.1" 200 27
124.78.67.200 - - [14/Feb/2024:11:02:40 +0800] "POST /xingrg/kc/buy/cgsh_order_operate.html HTTP/1.1" 200 37
116.237.76.128 - - [14/Feb/2024:11:02:41 +0800] "GET /xingrg/check_reg.html?_=1707879760117 HTTP/1.1" 200 22
116.232.194.112 - - [14/Feb/2024:11:02:47 +0800] "GET /xingrg/check_reg.html?_=1707879760214 HTTP/1.1" 200 22
124.78.67.200 - - [14/Feb/2024:11:02:47 +0800] "POST /xingrg/kc/buy/cgsh_order_operate.html HTTP/1.1" 200 12
218.81.216.246 - - [14/Feb/2024:11:02:47 +0800] "GET /xingrg/all/function/internal_message.html?_=1707879776419&CODE_STATE=getMsg HTTP/1.1" 302 -
124.78.67.200 - - [14/Feb/2024:11:02:49 +0800] "GET /xingrg/kc/buy/cgsh_order_info.html?code=212024021404116 HTTP/1.1" 200 68378
124.78.67.200 - - [14/Feb/2024:11:02:50 +0800] "GET /xingrg/javascript/easyui/themes/default/validatebox.css HTTP/1.1" 404 1104
116.237.76.128 - - [14/Feb/2024:11:02:51 +0800] "GET /xingrg/all/function/internal_message.html?_=1707879769859&CODE_STATE=getMsg HTTP/1.1" 200 27
124.78.67.200 - - [14/Feb/2024:11:02:51 +0800] "POST /xingrg/kc/buy/cgsh_order_operate.html HTTP/1.1" 200 1801
124.78.67.200 - - [14/Feb/2024:11:02:52 +0800] "GET /xingrg/kc/print/load_data.html?order_code=212024021404116&kc_code=cgsh&condition= HTTP/1.1" 200 1177
221.239.172.206 - - [14/Feb/2024:11:02:55 +0800] "GET /xingrg/check_reg.html?_=1707879774446 HTTP/1.1" 200 22
124.78.67.200 - - [14/Feb/2024:11:02:57 +0800] "POST /xingrg/kc/buy/cgsh_order_operate.html HTTP/1.1" 200 8245
124.78.67.200 - - [14/Feb/2024:11:02:57 +0800] "GET /xingrg/javascript/easyui/themes/default/validatebox.css HTTP/1.1" 404 1104
124.78.67.200 - - [14/Feb/2024:11:03:06 +0800] "GET /xingrg/kc/buy/cgsh_order_operate.html?command=get_materiel&rest_code=00141&code=00101004051&supplier_code=00100312&order_time=2024-02-14 HTTP/1.1" 200 429
101.83.240.5 - - [14/Feb/2024:11:03:11 +0800] "GET /xingrg/all/function/internal_message.html?_=1707879790910&CODE_STATE=getMsg HTTP/1.1" 200 27
218.81.216.246 - - [14/Feb/2024:11:03:11 +0800] "GET /xingrg/check_reg.html?_=1707879800163 HTTP/1.1" 302 -
124.78.67.200 - - [14/Feb/2024:11:03:16 +0800] "GET /xingrg/kc/buy/cgsh_order_operate.html?command=get_materiel&rest_code=00141&code=00101004046&supplier_code=00100312&order_time=2024-02-14 HTTP/1.1" 200 418
101.83.145.37 - - [14/Feb/2024:11:03:17 +0800] "GET /xingrg/all/function/internal_message.html?_=1707879561551&CODE_STATE=getMsg HTTP/1.1" 200 27
221.239.172.206 - - [14/Feb/2024:11:03:20 +0800] "GET /xingrg/all/function/internal_message.html?_=1707879799003&CODE_STATE=getMsg HTTP/1.1" 200 27
116.224.254.208 - - [14/Feb/2024:11:03:25 +0800] "GET /xingrg/check_reg.html?_=1707879805538 HTTP/1.1" 200 22
116.224.254.208 - - [14/Feb/2024:11:03:25 +0800] "GET /xingrg/all/function/internal_message.html?_=1707879805541&CODE_STATE=getMsg HTTP/1.1" 200 27
124.78.67.200 - - [14/Feb/2024:11:03:27 +0800] "GET /xingrg/kc/buy/cgsh_order_operate.html?command=get_materiel&rest_code=00141&code=00101004067&supplier_code=00100312&order_time=2024-02-14 HTTP/1.1" 200 413
180.164.1.25 - - [14/Feb/2024:11:03:27 +0800] "GET /xingrg/all/function/internal_message.html?_=1707879806550&CODE_STATE=getMsg HTTP/1.1" 200 27
116.230.123.222 - - [14/Feb/2024:11:03:28 +0800] "GET /xingrg/kc/base/base_main.html HTTP/1.1" 200 12142
124.78.67.200 - - [14/Feb/2024:11:03:28 +0800] "GET /xingrg/all/function/internal_message.html?_=1707879808824&CODE_STATE=getMsg HTTP/1.1" 200 27
116.230.123.222 - - [14/Feb/2024:11:03:29 +0800] "GET /xingrg/kc/base/wldb_order_list.html HTTP/1.1" 200 19013
116.230.123.222 - - [14/Feb/2024:11:03:29 +0800] "GET /xingrg/javascript/jquery_tools/images/next.gif HTTP/1.1" 404 1086
116.230.123.222 - - [14/Feb/2024:11:03:29 +0800] "GET /xingrg/javascript/jquery_tools/images/prev.gif HTTP/1.1" 404 1086
116.230.123.222 - - [14/Feb/2024:11:03:29 +0800] "POST /xingrg/kc/base/wldb_list_operate.html HTTP/1.1" 200 928
116.230.123.222 - - [14/Feb/2024:11:03:30 +0800] "GET /xingrg/kc/base/wldb_order_add.html HTTP/1.1" 200 30344
116.232.194.112 - - [14/Feb/2024:11:03:30 +0800] "GET /xingrg/all/function/internal_message.html?_=1707879803860&CODE_STATE=getMsg HTTP/1.1" 200 27
116.230.123.222 - - [14/Feb/2024:11:03:30 +0800] "POST /xingrg/kc/base/wldb_order_operate.html HTTP/1.1" 200 6806
116.230.123.222 - - [14/Feb/2024:11:03:31 +0800] "GET /xingrg/javascript/easyui/themes/default/validatebox.css HTTP/1.1" 404 1104
116.230.123.222 - - [14/Feb/2024:11:03:31 +0800] "GET /xingrg/all/function/internal_message.html?_=1707879810945&CODE_STATE=getMsg HTTP/1.1" 200 27
218.81.216.246 - - [14/Feb/2024:11:03:34 +0800] "GET /xingrg/all/function/internal_message.html?_=1707879824009&CODE_STATE=getMsg HTTP/1.1" 200 27
101.83.145.37 - - [14/Feb/2024:11:03:36 +0800] "GET /xingrg/check_reg.html?_=1707879580788 HTTP/1.1" 200 22
124.78.67.200 - - [14/Feb/2024:11:03:38 +0800] "GET /xingrg/kc/buy/cgsh_order_operate.html?command=get_materiel&rest_code=00141&code=00101004071&supplier_code=00100312&order_time=2024-02-14 HTTP/1.1" 200 409
116.230.123.222 - - [14/Feb/2024:11:03:45 +0800] "GET /xingrg/kc/base/wldb_order_operate.html?command=get_materiel&rest_code=00111&base_code=0010283&code=00101013139 HTTP/1.1" 200 451
124.78.67.200 - - [14/Feb/2024:11:03:47 +0800] "GET /xingrg/kc/buy/cgsh_order_operate.html?command=get_materiel&rest_code=00141&code=00101004023&supplier_code=00100312&order_time=2024-02-14 HTTP/1.1" 200 409
218.81.216.246 - - [14/Feb/2024:11:03:47 +0800] "GET /xingrg/all/function/internal_message.html?_=1707879836432&CODE_STATE=getMsg HTTP/1.1" 302 -
116.230.123.222 - - [14/Feb/2024:11:03:49 +0800] "GET /xingrg/kc/base/wldb_order_operate.html?command=get_materiel&rest_code=00111&base_code=0010283&code=00101019425 HTTP/1.1" 200 458
101.83.145.37 - - [14/Feb/2024:11:03:51 +0800] "GET /xingrg/kc/buy/buy_main.html HTTP/1.1" 200 12412
116.237.76.128 - - [14/Feb/2024:11:03:51 +0800] "GET /xingrg/all/function/internal_message.html?_=1707879829844&CODE_STATE=getMsg HTTP/1.1" 200 27
101.83.145.37 - - [14/Feb/2024:11:03:51 +0800] "GET /xingrg/css/new_ie.css HTTP/1.1" 404 1036
101.83.145.37 - - [14/Feb/2024:11:03:52 +0800] "GET /xingrg/images/yd/bt.gif HTTP/1.1" 404 1040
101.83.145.37 - - [14/Feb/2024:11:03:53 +0800] "GET /xingrg/kc/buy/cgsh_order_list.html HTTP/1.1" 200 57692
116.230.123.222 - - [14/Feb/2024:11:04:00 +0800] "POST /xingrg/kc/base/wldb_order_operate.html HTTP/1.1" 200 37
124.78.67.200 - - [14/Feb/2024:11:04:00 +0800] "GET /xingrg/kc/buy/cgsh_order_operate.html?command=get_materiel&rest_code=00141&code=00101010672&supplier_code=00100312&order_time=2024-02-14 HTTP/1.1" 200 417
116.230.123.222 - - [14/Feb/2024:11:04:07 +0800] "POST /xingrg/kc/base/wldb_order_operate.html HTTP/1.1" 200 12
116.230.123.222 - - [14/Feb/2024:11:04:07 +0800] "POST /xingrg/kc/base/wldb_order_operate.html HTTP/1.1" 200 2681
116.230.123.222 - - [14/Feb/2024:11:04:09 +0800] "GET /xingrg/kc/base/wldb_order_info.html?code=422024021401174 HTTP/1.1" 200 26222
