218.81.216.246 - - [13/Feb/2024:10:48:25 +0800] "POST /xingrg/services/DataTransmitService HTTP/1.1" 200 412
218.81.216.246 - - [13/Feb/2024:10:48:25 +0800] "POST /xingrg/services/DataTransmitService HTTP/1.1" 200 524
218.81.216.246 - - [13/Feb/2024:10:48:26 +0800] "POST /xingrg/services/DataTransmitService HTTP/1.1" 200 412
218.81.216.246 - - [13/Feb/2024:10:48:26 +0800] "POST /xingrg/services/DataTransmitService HTTP/1.1" 200 524
218.81.216.246 - - [13/Feb/2024:10:48:27 +0800] "POST /xingrg/services/DataTransmitService HTTP/1.1" 200 412
218.81.216.246 - - [13/Feb/2024:10:48:34 +0800] "POST /xingrg/services/DataTransmitService HTTP/1.1" 200 524
116.232.194.112 - - [13/Feb/2024:10:48:35 +0800] "GET /xingrg/check_reg.html?_=1707792510851 HTTP/1.1" 200 22
116.232.194.112 - - [13/Feb/2024:10:48:35 +0800] "GET /xingrg/all/function/internal_message.html?_=1707792510853&CODE_STATE=getMsg HTTP/1.1" 200 27
218.81.216.246 - - [13/Feb/2024:10:48:35 +0800] "POST /xingrg/services/DataTransmitService HTTP/1.1" 200 2331
116.230.123.222 - - [13/Feb/2024:10:48:36 +0800] "GET /xingrg/all/function/internal_message.html?_=1707792516764&CODE_STATE=getMsg HTTP/1.1" 200 27
101.83.145.37 - - [13/Feb/2024:10:48:37 +0800] "POST /xingrg/kc/base/wldb_order_operate.html HTTP/1.1" 200 37
101.83.145.37 - - [13/Feb/2024:10:48:38 +0800] "POST /xingrg/kc/base/wldb_order_operate.html HTTP/1.1" 200 4709
114.83.222.132 - - [13/Feb/2024:10:48:41 +0800] "GET /xingrg/all/function/internal_message.html?_=1707792520941&CODE_STATE=getMsg HTTP/1.1" 200 27
101.83.145.37 - - [13/Feb/2024:10:48:43 +0800] "GET /xingrg/kc/base/wldb_order_info.html?code=422024021301134 HTTP/1.1" 200 30361
101.83.145.37 - - [13/Feb/2024:10:48:44 +0800] "GET /xingrg/javascript/easyui/themes/default/validatebox.css HTTP/1.1" 404 1104
101.83.145.37 - - [13/Feb/2024:10:48:44 +0800] "POST /xingrg/kc/base/wldb_order_operate.html HTTP/1.1" 200 4709
218.81.216.246 - - [13/Feb/2024:10:48:44 +0800] "POST /xingrg/services/DataTransmitService HTTP/1.1" 200 524
218.81.216.246 - - [13/Feb/2024:10:48:46 +0800] "POST /xingrg/services/DataTransmitService HTTP/1.1" 200 412
116.224.254.208 - - [13/Feb/2024:10:48:46 +0800] "GET /xingrg/all/function/internal_message.html?_=1707792526266&CODE_STATE=getMsg HTTP/1.1" 200 27
124.78.67.200 - - [13/Feb/2024:10:48:53 +0800] "GET /xingrg/all/function/internal_message.html?_=1707792533991&CODE_STATE=getMsg HTTP/1.1" 200 27
180.163.28.109 - - [13/Feb/2024:10:48:55 +0800] "GET /xingrg/check_reg.html?_=1707792474374 HTTP/1.1" 302 -
180.163.28.109 - - [13/Feb/2024:10:48:55 +0800] "GET /xingrg/login.html HTTP/1.1" 200 7641
116.237.78.120 - - [13/Feb/2024:10:48:55 +0800] "GET /xingrg/all/function/internal_message.html?_=1707792534957&CODE_STATE=getMsg HTTP/1.1" 200 27
218.81.216.246 - - [13/Feb/2024:10:49:02 +0800] "GET /xingrg/all/function/internal_message.html?_=1707792547824&CODE_STATE=getMsg HTTP/1.1" 302 -
116.230.123.222 - - [13/Feb/2024:10:49:03 +0800] "GET /xingrg/javascript/jquery_easy_ui/themes/default/images/tabs_active.png HTTP/1.1" 304 -
116.230.123.222 - - [13/Feb/2024:10:49:05 +0800] "POST /xingrg/kc/buy/cgsh_list_operate.html HTTP/1.1" 200 352
116.230.123.222 - - [13/Feb/2024:10:49:07 +0800] "GET /xingrg/kc/buy/cgsh_order_info.html?code=212024021303980 HTTP/1.1" 200 73436
116.230.123.222 - - [13/Feb/2024:10:49:08 +0800] "GET /xingrg/javascript/easyui/themes/default/validatebox.css HTTP/1.1" 404 1104
116.230.123.222 - - [13/Feb/2024:10:49:09 +0800] "POST /xingrg/kc/buy/cgsh_order_operate.html HTTP/1.1" 200 3856
101.83.145.37 - - [13/Feb/2024:10:49:10 +0800] "GET /xingrg/all/function/internal_message.html?_=1707792315425&CODE_STATE=getMsg HTTP/1.1" 200 27
116.230.123.222 - - [13/Feb/2024:10:49:10 +0800] "GET /xingrg/kc/print/load_data.html?order_code=212024021303980&kc_code=cgsh&condition= HTTP/1.1" 200 1145
221.239.172.206 - - [13/Feb/2024:10:49:18 +0800] "GET /xingrg/all/function/internal_message.html?_=1707792557473&CODE_STATE=getMsg HTTP/1.1" 200 27
218.81.216.246 - - [13/Feb/2024:10:49:23 +0800] "GET /xingrg/check_reg.html?_=1707792569695 HTTP/1.1" 200 22
116.230.123.222 - - [13/Feb/2024:10:49:31 +0800] "POST /xingrg/kc/buy/cgsh_list_operate.html HTTP/1.1" 200 4844
116.232.194.112 - - [13/Feb/2024:10:49:35 +0800] "GET /xingrg/all/function/internal_message.html?_=1707792570851&CODE_STATE=getMsg HTTP/1.1" 200 27
116.230.123.222 - - [13/Feb/2024:10:49:36 +0800] "GET /xingrg/all/function/internal_message.html?_=1707792576740&CODE_STATE=getMsg HTTP/1.1" 200 27
116.224.254.208 - - [13/Feb/2024:10:49:40 +0800] "POST /xingrg/services/DataTransmitService HTTP/1.1" 200 524
114.83.222.132 - - [13/Feb/2024:10:49:41 +0800] "GET /xingrg/check_reg.html?_=1707792580944 HTTP/1.1" 200 22
114.83.222.132 - - [13/Feb/2024:10:49:41 +0800] "GET /xingrg/all/function/internal_message.html?_=1707792580946&CODE_STATE=getMsg HTTP/1.1" 200 27
116.224.254.208 - - [13/Feb/2024:10:49:42 +0800] "POST /xingrg/services/DataTransmitService HTTP/1.1" 200 412
116.224.254.208 - - [13/Feb/2024:10:49:46 +0800] "GET /xingrg/all/function/internal_message.html?_=1707792586253&CODE_STATE=getMsg HTTP/1.1" 200 27
124.78.67.200 - - [13/Feb/2024:10:49:53 +0800] "GET /xingrg/all/function/internal_message.html?_=1707792593968&CODE_STATE=getMsg HTTP/1.1" 200 27
124.78.67.200 - - [13/Feb/2024:10:49:54 +0800] "GET /xingrg/check_reg.html?_=1707792594317 HTTP/1.1" 200 22
116.237.78.120 - - [13/Feb/2024:10:49:55 +0800] "GET /xingrg/all/function/internal_message.html?_=1707792594928&CODE_STATE=getMsg HTTP/1.1" 200 27
180.163.30.85 - - [13/Feb/2024:10:49:55 +0800] "GET /xingrg/all/function/internal_message.html?_=1707792534957&CODE_STATE=getMsg HTTP/1.1" 302 -
180.163.30.85 - - [13/Feb/2024:10:49:56 +0800] "GET /xingrg/login.html HTTP/1.1" 200 7641
218.81.216.246 - - [13/Feb/2024:10:50:02 +0800] "GET /xingrg/all/function/internal_message.html?_=1707792607833&CODE_STATE=getMsg HTTP/1.1" 302 -
101.83.145.37 - - [13/Feb/2024:10:50:10 +0800] "GET /xingrg/all/function/internal_message.html?_=1707792375484&CODE_STATE=getMsg HTTP/1.1" 200 27
221.239.172.206 - - [13/Feb/2024:10:50:18 +0800] "GET /xingrg/all/function/internal_message.html?_=1707792617472&CODE_STATE=getMsg HTTP/1.1" 200 27
218.81.216.246 - - [13/Feb/2024:10:50:28 +0800] "POST /xingrg/services/DataTransmitService HTTP/1.1" 200 524
218.81.216.246 - - [13/Feb/2024:10:50:29 +0800] "POST /xingrg/services/DataTransmitService HTTP/1.1" 200 412
116.232.194.112 - - [13/Feb/2024:10:50:35 +0800] "GET /xingrg/all/function/internal_message.html?_=1707792630852&CODE_STATE=getMsg HTTP/1.1" 200 27
116.230.123.222 - - [13/Feb/2024:10:50:36 +0800] "GET /xingrg/all/function/internal_message.html?_=1707792636721&CODE_STATE=getMsg HTTP/1.1" 200 27
114.83.222.132 - - [13/Feb/2024:10:50:41 +0800] "GET /xingrg/all/function/internal_message.html?_=1707792640948&CODE_STATE=getMsg HTTP/1.1" 200 27
218.81.216.246 - - [13/Feb/2024:10:50:42 +0800] "POST /xingrg/services/DataTransmitService HTTP/1.1" 200 524
218.81.216.246 - - [13/Feb/2024:10:50:43 +0800] "POST /xingrg/services/DataTransmitService HTTP/1.1" 200 2331
116.224.254.208 - - [13/Feb/2024:10:50:46 +0800] "GET /xingrg/all/function/internal_message.html?_=1707792646229&CODE_STATE=getMsg HTTP/1.1" 200 27
180.164.1.25 - - [13/Feb/2024:10:50:48 +0800] "POST /xingrg/services/DataTransmitService HTTP/1.1" 200 524
180.164.1.25 - - [13/Feb/2024:10:50:49 +0800] "POST /xingrg/services/DataTransmitService HTTP/1.1" 200 412
218.81.216.246 - - [13/Feb/2024:10:50:52 +0800] "POST /xingrg/services/DataTransmitService HTTP/1.1" 200 524
124.78.67.200 - - [13/Feb/2024:10:50:53 +0800] "GET /xingrg/all/function/internal_message.html?_=1707792653960&CODE_STATE=getMsg HTTP/1.1" 200 27
116.237.78.120 - - [13/Feb/2024:10:50:55 +0800] "GET /xingrg/all/function/internal_message.html?_=1707792654901&CODE_STATE=getMsg HTTP/1.1" 200 27
218.81.216.246 - - [13/Feb/2024:10:51:00 +0800] "POST /xingrg/services/DataTransmitService HTTP/1.1" 200 501
218.81.216.246 - - [13/Feb/2024:10:51:03 +0800] "GET /xingrg/all/function/internal_message.html?_=1707792668059&CODE_STATE=getMsg HTTP/1.1" 302 -
116.224.254.208 - - [13/Feb/2024:10:51:03 +0800] "GET /xingrg/check_reg.html?_=1707792663530 HTTP/1.1" 200 22
218.81.216.246 - - [13/Feb/2024:10:51:07 +0800] "POST /xingrg/services/DataTransmitService HTTP/1.1" 200 524
218.81.216.246 - - [13/Feb/2024:10:51:08 +0800] "POST /xingrg/services/DataTransmitService HTTP/1.1" 200 412
101.83.145.37 - - [13/Feb/2024:10:51:10 +0800] "GET /xingrg/all/function/internal_message.html?_=1707792435437&CODE_STATE=getMsg HTTP/1.1" 200 27
218.81.216.246 - - [13/Feb/2024:10:51:14 +0800] "POST /xingrg/services/DataTransmitService HTTP/1.1" 200 524
218.81.216.246 - - [13/Feb/2024:10:51:15 +0800] "POST /xingrg/services/DataTransmitService HTTP/1.1" 200 412
221.239.172.206 - - [13/Feb/2024:10:51:18 +0800] "GET /xingrg/all/function/internal_message.html?_=1707792677476&CODE_STATE=getMsg HTTP/1.1" 200 27
218.81.216.246 - - [13/Feb/2024:10:51:25 +0800] "POST /xingrg/services/DataTransmitService HTTP/1.1" 200 524
218.81.216.246 - - [13/Feb/2024:10:51:26 +0800] "POST /xingrg/services/DataTransmitService HTTP/1.1" 200 412
218.81.216.246 - - [13/Feb/2024:10:51:30 +0800] "POST /xingrg/services/DataTransmitService HTTP/1.1" 200 524
218.81.216.246 - - [13/Feb/2024:10:51:31 +0800] "POST /xingrg/services/DataTransmitService HTTP/1.1" 200 2331
116.230.123.222 - - [13/Feb/2024:10:51:36 +0800] "GET /xingrg/all/function/internal_message.html?_=1707792696704&CODE_STATE=getMsg HTTP/1.1" 200 27
218.81.216.246 - - [13/Feb/2024:10:51:38 +0800] "POST /xingrg/services/DataTransmitService HTTP/1.1" 200 524
218.81.216.246 - - [13/Feb/2024:10:51:39 +0800] "POST /xingrg/services/DataTransmitService HTTP/1.1" 200 412
114.83.222.132 - - [13/Feb/2024:10:51:41 +0800] "GET /xingrg/all/function/internal_message.html?_=1707792700943&CODE_STATE=getMsg HTTP/1.1" 200 27
114.83.222.132 - - [13/Feb/2024:10:51:41 +0800] "GET /xingrg/kc/base/wldb_order_list.html HTTP/1.1" 200 19019
114.83.222.132 - - [13/Feb/2024:10:51:42 +0800] "POST /xingrg/kc/base/wldb_list_operate.html HTTP/1.1" 200 928
114.83.222.132 - - [13/Feb/2024:10:51:44 +0800] "GET /xingrg/kc/base/wldb_order_add.html HTTP/1.1" 200 30350
114.83.222.132 - - [13/Feb/2024:10:51:44 +0800] "POST /xingrg/kc/base/wldb_order_operate.html HTTP/1.1" 200 6806
114.83.222.132 - - [13/Feb/2024:10:51:44 +0800] "GET /xingrg/all/common/auto_word.html?type=base&rest_code=00149 HTTP/1.1" 200 1907
114.83.222.132 - - [13/Feb/2024:10:51:44 +0800] "GET /xingrg/all/common/auto_word.html?type=base&rest_code=00149 HTTP/1.1" 200 1907
114.83.222.132 - - [13/Feb/2024:10:51:44 +0800] "GET /xingrg/javascript/easyui/themes/default/validatebox.css HTTP/1.1" 404 1104
218.81.216.246 - - [13/Feb/2024:10:51:44 +0800] "POST /xingrg/services/DataTransmitService HTTP/1.1" 200 524
218.81.216.246 - - [13/Feb/2024:10:51:45 +0800] "POST /xingrg/services/DataTransmitService HTTP/1.1" 200 412
116.224.254.208 - - [13/Feb/2024:10:51:46 +0800] "GET /xingrg/all/function/internal_message.html?_=1707792706219&CODE_STATE=getMsg HTTP/1.1" 200 27
218.81.216.246 - - [13/Feb/2024:10:51:47 +0800] "POST /xingrg/services/DataTransmitService HTTP/1.1" 200 524
218.81.216.246 - - [13/Feb/2024:10:51:47 +0800] "POST /xingrg/services/DataTransmitService HTTP/1.1" 200 412
218.81.216.246 - - [13/Feb/2024:10:51:49 +0800] "POST /xingrg/services/DataTransmitService HTTP/1.1" 200 524
218.81.216.246 - - [13/Feb/2024:10:51:50 +0800] "POST /xingrg/services/DataTransmitService HTTP/1.1" 200 2331
114.83.222.132 - - [13/Feb/2024:10:51:51 +0800] "GET /xingrg/kc/base/wldb_order_operate.html?command=get_materiel&rest_code=00149&base_code=0010394&code=00101019184 HTTP/1.1" 200 457
124.78.67.200 - - [13/Feb/2024:10:51:53 +0800] "GET /xingrg/all/function/internal_message.html?_=1707792713941&CODE_STATE=getMsg HTTP/1.1" 200 27
180.163.28.180 - - [13/Feb/2024:10:51:55 +0800] "GET /xingrg/all/function/internal_message.html?_=1707792654901&CODE_STATE=getMsg HTTP/1.1" 302 -
180.163.28.180 - - [13/Feb/2024:10:51:55 +0800] "GET /xingrg/login.html HTTP/1.1" 200 7641
116.237.78.120 - - [13/Feb/2024:10:51:55 +0800] "GET /xingrg/all/function/internal_message.html?_=1707792714869&CODE_STATE=getMsg HTTP/1.1" 200 27
218.81.216.246 - - [13/Feb/2024:10:51:58 +0800] "POST /xingrg/services/DataTransmitService HTTP/1.1" 200 524
114.83.222.132 - - [13/Feb/2024:10:51:59 +0800] "GET /xingrg/kc/base/wldb_order_operate.html?command=get_materiel&rest_code=00149&base_code=0010394&code=00101019376 HTTP/1.1" 200 476
218.81.216.246 - - [13/Feb/2024:10:52:03 +0800] "GET /xingrg/all/function/internal_message.html?_=1707792728063&CODE_STATE=getMsg HTTP/1.1" 302 -
114.83.222.132 - - [13/Feb/2024:10:52:03 +0800] "GET /xingrg/kc/base/wldb_order_operate.html?command=get_materiel&rest_code=00149&base_code=0010394&code=00101019133 HTTP/1.1" 200 480
114.83.222.132 - - [13/Feb/2024:10:52:06 +0800] "GET /xingrg/kc/base/wldb_order_operate.html?command=get_materiel&rest_code=00149&base_code=0010394&code=00101016094 HTTP/1.1" 200 469
218.81.216.246 - - [13/Feb/2024:10:52:07 +0800] "POST /xingrg/services/DataTransmitService HTTP/1.1" 200 501
114.83.222.132 - - [13/Feb/2024:10:52:09 +0800] "GET /xingrg/kc/base/wldb_order_operate.html?command=get_materiel&rest_code=00149&base_code=0010394&code=00101019405 HTTP/1.1" 200 482
101.83.145.37 - - [13/Feb/2024:10:52:10 +0800] "GET /xingrg/all/function/internal_message.html?_=1707792495423&CODE_STATE=getMsg HTTP/1.1" 200 27
114.83.222.132 - - [13/Feb/2024:10:52:13 +0800] "GET /xingrg/kc/base/wldb_order_operate.html?command=get_materiel&rest_code=00149&base_code=0010394&code=00101019391 HTTP/1.1" 200 485
116.230.123.222 - - [13/Feb/2024:10:52:13 +0800] "GET /xingrg/kc/base/base_main.html HTTP/1.1" 200 12142
116.230.123.222 - - [13/Feb/2024:10:52:13 +0800] "GET /xingrg/images/blue/button/wlsy.gif HTTP/1.1" 200 2536
116.230.123.222 - - [13/Feb/2024:10:52:13 +0800] "GET /xingrg/images/blue/button/ckpd.gif HTTP/1.1" 200 2051
116.230.123.222 - - [13/Feb/2024:10:52:13 +0800] "GET /xingrg/images/blue/button/ckdb.gif HTTP/1.1" 200 1950
116.230.123.222 - - [13/Feb/2024:10:52:13 +0800] "GET /xingrg/images/blue/button/yddb.gif HTTP/1.1" 200 2040
116.230.123.222 - - [13/Feb/2024:10:52:13 +0800] "GET /xingrg/images/blue/button/top_right.jpg HTTP/1.1" 200 1708
116.230.123.222 - - [13/Feb/2024:10:52:13 +0800] "GET /xingrg/images/blue/button/top_left.jpg HTTP/1.1" 200 1632
116.230.123.222 - - [13/Feb/2024:10:52:13 +0800] "GET /xingrg/images/blue/button/down.jpg HTTP/1.1" 200 1560
116.230.123.222 - - [13/Feb/2024:10:52:13 +0800] "GET /xingrg/images/blue/button/left_ah.jpg HTTP/1.1" 200 1643
116.230.123.222 - - [13/Feb/2024:10:52:13 +0800] "GET /xingrg/images/blue/button/bottom_right.jpg HTTP/1.1" 200 1436
116.230.123.222 - - [13/Feb/2024:10:52:13 +0800] "GET /xingrg/images/blue/button/bottom_left.jpg HTTP/1.1" 200 1524
116.230.123.222 - - [13/Feb/2024:10:52:15 +0800] "GET /xingrg/kc/base/wldb_order_list.html HTTP/1.1" 200 19013
116.230.123.222 - - [13/Feb/2024:10:52:15 +0800] "POST /xingrg/kc/base/wldb_list_operate.html HTTP/1.1" 200 928
114.83.222.132 - - [13/Feb/2024:10:52:18 +0800] "GET /xingrg/kc/base/wldb_order_operate.html?command=get_materiel&rest_code=00149&base_code=0010394&code=00101019127 HTTP/1.1" 200 479
221.239.172.206 - - [13/Feb/2024:10:52:18 +0800] "GET /xingrg/all/function/internal_message.html?_=1707792737490&CODE_STATE=getMsg HTTP/1.1" 200 27
218.81.216.246 - - [13/Feb/2024:10:52:18 +0800] "POST /xingrg/services/DataTransmitService HTTP/1.1" 200 524
218.81.216.246 - - [13/Feb/2024:10:52:19 +0800] "POST /xingrg/services/DataTransmitService HTTP/1.1" 200 2331
114.83.222.132 - - [13/Feb/2024:10:52:21 +0800] "GET /xingrg/kc/base/wldb_order_operate.html?command=get_materiel&rest_code=00149&base_code=0010394&code=00101019185 HTTP/1.1" 200 469
116.230.123.222 - - [13/Feb/2024:10:52:24 +0800] "GET /xingrg/kc/base/wldb_order_add.html HTTP/1.1" 200 30344
116.230.123.222 - - [13/Feb/2024:10:52:25 +0800] "POST /xingrg/kc/base/wldb_order_operate.html HTTP/1.1" 200 6806
116.230.123.222 - - [13/Feb/2024:10:52:25 +0800] "GET /xingrg/all/common/auto_word.html?type=base&rest_code=00111 HTTP/1.1" 200 1753
116.230.123.222 - - [13/Feb/2024:10:52:25 +0800] "GET /xingrg/all/common/auto_word.html?type=base&rest_code=00111 HTTP/1.1" 200 1753
116.230.123.222 - - [13/Feb/2024:10:52:25 +0800] "GET /xingrg/javascript/easyui/themes/default/validatebox.css HTTP/1.1" 404 1104
114.83.222.132 - - [13/Feb/2024:10:52:25 +0800] "GET /xingrg/kc/base/wldb_order_operate.html?command=get_materiel&rest_code=00149&base_code=0010394&code=00101019187 HTTP/1.1" 200 479
218.81.216.246 - - [13/Feb/2024:10:52:26 +0800] "POST /xingrg/services/DataTransmitService HTTP/1.1" 200 524
218.81.216.246 - - [13/Feb/2024:10:52:28 +0800] "POST /xingrg/services/DataTransmitService HTTP/1.1" 200 412
218.81.216.246 - - [13/Feb/2024:10:52:29 +0800] "POST /xingrg/services/DataTransmitService HTTP/1.1" 200 524
218.81.216.246 - - [13/Feb/2024:10:52:30 +0800] "POST /xingrg/services/DataTransmitService HTTP/1.1" 200 412
218.81.216.246 - - [13/Feb/2024:10:52:31 +0800] "POST /xingrg/services/DataTransmitService HTTP/1.1" 200 524
218.81.216.246 - - [13/Feb/2024:10:52:32 +0800] "POST /xingrg/services/DataTransmitService HTTP/1.1" 200 412
116.230.123.222 - - [13/Feb/2024:10:52:35 +0800] "GET /xingrg/javascript/jquery_tools/images/prev.gif HTTP/1.1" 404 1086
116.230.123.222 - - [13/Feb/2024:10:52:35 +0800] "GET /xingrg/javascript/jquery_tools/images/next.gif HTTP/1.1" 404 1086
218.81.216.246 - - [13/Feb/2024:10:52:36 +0800] "POST /xingrg/services/DataTransmitService HTTP/1.1" 200 524
116.230.123.222 - - [13/Feb/2024:10:52:36 +0800] "GET /xingrg/all/function/internal_message.html?_=1707792756688&CODE_STATE=getMsg HTTP/1.1" 200 27
218.81.216.246 - - [13/Feb/2024:10:52:36 +0800] "POST /xingrg/services/DataTransmitService HTTP/1.1" 200 412
116.230.123.222 - - [13/Feb/2024:10:52:36 +0800] "GET /xingrg/check_reg.html?_=1707792757047 HTTP/1.1" 200 22
218.81.216.246 - - [13/Feb/2024:10:52:37 +0800] "POST /xingrg/services/DataTransmitService HTTP/1.1" 200 524
218.81.216.246 - - [13/Feb/2024:10:52:38 +0800] "GET /xingrg/check_reg.html?_=1707792763167 HTTP/1.1" 302 -
218.81.216.246 - - [13/Feb/2024:10:52:38 +0800] "POST /xingrg/services/DataTransmitService HTTP/1.1" 200 412
116.230.123.222 - - [13/Feb/2024:10:52:39 +0800] "GET /xingrg/kc/base/wldb_order_operate.html?command=get_materiel&rest_code=00111&base_code=0010283&code=00101016040 HTTP/1.1" 200 458
218.81.216.246 - - [13/Feb/2024:10:52:39 +0800] "POST /xingrg/services/DataTransmitService HTTP/1.1" 200 524
218.81.216.246 - - [13/Feb/2024:10:52:39 +0800] "POST /xingrg/services/DataTransmitService HTTP/1.1" 200 412
218.81.216.246 - - [13/Feb/2024:10:52:39 +0800] "POST /xingrg/services/DataTransmitService HTTP/1.1" 200 524
218.81.216.246 - - [13/Feb/2024:10:52:40 +0800] "POST /xingrg/services/DataTransmitService HTTP/1.1" 200 412
218.81.216.246 - - [13/Feb/2024:10:52:40 +0800] "POST /xingrg/services/DataTransmitService HTTP/1.1" 200 524
114.83.222.132 - - [13/Feb/2024:10:52:41 +0800] "GET /xingrg/all/function/internal_message.html?_=1707792760947&CODE_STATE=getMsg HTTP/1.1" 200 27
218.81.216.246 - - [13/Feb/2024:10:52:41 +0800] "POST /xingrg/services/DataTransmitService HTTP/1.1" 200 412
218.81.216.246 - - [13/Feb/2024:10:52:42 +0800] "POST /xingrg/services/DataTransmitService HTTP/1.1" 200 524
218.81.216.246 - - [13/Feb/2024:10:52:43 +0800] "POST /xingrg/services/DataTransmitService HTTP/1.1" 200 412
218.81.216.246 - - [13/Feb/2024:10:52:43 +0800] "POST /xingrg/services/DataTransmitService HTTP/1.1" 200 524
218.81.216.246 - - [13/Feb/2024:10:52:44 +0800] "POST /xingrg/services/DataTransmitService HTTP/1.1" 200 412
116.230.123.222 - - [13/Feb/2024:10:52:44 +0800] "GET /xingrg/kc/base/wldb_order_operate.html?command=get_materiel&rest_code=00111&base_code=0010283&code=00101016029 HTTP/1.1" 200 460
114.83.222.132 - - [13/Feb/2024:10:52:44 +0800] "POST /xingrg/kc/base/wldb_order_operate.html HTTP/1.1" 200 37
114.83.222.132 - - [13/Feb/2024:10:52:45 +0800] "POST /xingrg/kc/base/wldb_order_operate.html HTTP/1.1" 200 5793
116.224.254.208 - - [13/Feb/2024:10:52:46 +0800] "GET /xingrg/all/function/internal_message.html?_=1707792766191&CODE_STATE=getMsg HTTP/1.1" 200 27
114.83.222.132 - - [13/Feb/2024:10:52:49 +0800] "GET /xingrg/kc/base/wldb_order_info.html?code=422024021301135 HTTP/1.1" 200 30365
116.230.123.222 - - [13/Feb/2024:10:52:49 +0800] "GET /xingrg/kc/base/wldb_order_operate.html?command=get_materiel&rest_code=00111&base_code=0010283&code=00101019438 HTTP/1.1" 200 462
218.81.216.246 - - [13/Feb/2024:10:52:49 +0800] "POST /xingrg/services/DataTransmitService HTTP/1.1" 200 524
114.83.222.132 - - [13/Feb/2024:10:52:49 +0800] "GET /xingrg/javascript/easyui/themes/default/validatebox.css HTTP/1.1" 404 1104
114.83.222.132 - - [13/Feb/2024:10:52:50 +0800] "POST /xingrg/kc/base/wldb_order_operate.html HTTP/1.1" 200 5793
218.81.216.246 - - [13/Feb/2024:10:52:50 +0800] "POST /xingrg/services/DataTransmitService HTTP/1.1" 200 2331
114.83.222.132 - - [13/Feb/2024:10:52:52 +0800] "GET /xingrg/kc/base/wldb_order_add.html HTTP/1.1" 200 30350
114.83.222.132 - - [13/Feb/2024:10:52:52 +0800] "POST /xingrg/kc/base/wldb_order_operate.html HTTP/1.1" 200 6806
114.83.222.132 - - [13/Feb/2024:10:52:52 +0800] "GET /xingrg/javascript/easyui/themes/default/validatebox.css HTTP/1.1" 404 1104
221.239.172.206 - - [13/Feb/2024:10:52:53 +0800] "GET /xingrg/check_reg.html?_=1707792772937 HTTP/1.1" 200 22
124.78.67.200 - - [13/Feb/2024:10:52:53 +0800] "GET /xingrg/all/function/internal_message.html?_=1707792773915&CODE_STATE=getMsg HTTP/1.1" 200 27
116.237.78.120 - - [13/Feb/2024:10:52:55 +0800] "GET /xingrg/check_reg.html?_=1707792774353 HTTP/1.1" 200 22
180.163.29.219 - - [13/Feb/2024:10:52:55 +0800] "GET /xingrg/all/function/internal_message.html?_=1707792714869&CODE_STATE=getMsg HTTP/1.1" 302 -
116.230.123.222 - - [13/Feb/2024:10:52:55 +0800] "GET /xingrg/kc/base/wldb_order_operate.html?command=get_materiel&rest_code=00111&base_code=0010283&code=00101019133 HTTP/1.1" 200 480
180.163.29.219 - - [13/Feb/2024:10:52:55 +0800] "GET /xingrg/login.html HTTP/1.1" 200 7641
116.237.78.120 - - [13/Feb/2024:10:52:55 +0800] "GET /xingrg/all/function/internal_message.html?_=1707792774840&CODE_STATE=getMsg HTTP/1.1" 200 27
218.81.216.246 - - [13/Feb/2024:10:52:58 +0800] "POST /xingrg/services/DataTransmitService HTTP/1.1" 200 524
114.83.222.132 - - [13/Feb/2024:10:52:59 +0800] "GET /xingrg/kc/base/wldb_order_operate.html?command=get_materiel&rest_code=00149&base_code=0010394&code=00101019384 HTTP/1.1" 200 471
218.81.216.246 - - [13/Feb/2024:10:52:59 +0800] "POST /xingrg/services/DataTransmitService HTTP/1.1" 200 412
116.230.123.222 - - [13/Feb/2024:10:53:01 +0800] "GET /xingrg/kc/base/wldb_order_operate.html?command=get_materiel&rest_code=00111&base_code=0010283&code=00101019391 HTTP/1.1" 200 485
218.81.216.246 - - [13/Feb/2024:10:53:03 +0800] "GET /xingrg/all/function/internal_message.html?_=1707792788278&CODE_STATE=getMsg HTTP/1.1" 302 -
218.81.216.246 - - [13/Feb/2024:10:53:03 +0800] "POST /xingrg/services/DataTransmitService HTTP/1.1" 200 524
218.81.216.246 - - [13/Feb/2024:10:53:04 +0800] "POST /xingrg/services/DataTransmitService HTTP/1.1" 200 412
114.83.222.132 - - [13/Feb/2024:10:53:05 +0800] "GET /xingrg/kc/base/wldb_order_operate.html?command=get_materiel&rest_code=00149&base_code=0010394&code=00101019183 HTTP/1.1" 200 449
218.81.216.246 - - [13/Feb/2024:10:53:05 +0800] "POST /xingrg/services/DataTransmitService HTTP/1.1" 200 524
218.81.216.246 - - [13/Feb/2024:10:53:06 +0800] "POST /xingrg/services/DataTransmitService HTTP/1.1" 200 2331
114.83.222.132 - - [13/Feb/2024:10:53:08 +0800] "GET /xingrg/kc/base/wldb_order_operate.html?command=get_materiel&rest_code=00149&base_code=0010394&code=00101019438 HTTP/1.1" 200 462
116.230.123.222 - - [13/Feb/2024:10:53:09 +0800] "GET /xingrg/kc/base/wldb_order_operate.html?command=get_materiel&rest_code=00111&base_code=0010283&code=00102002026 HTTP/1.1" 200 431
101.83.145.37 - - [13/Feb/2024:10:53:10 +0800] "GET /xingrg/all/function/internal_message.html?_=1707792555432&CODE_STATE=getMsg HTTP/1.1" 200 27
101.83.145.37 - - [13/Feb/2024:10:53:10 +0800] "GET /xingrg/check_reg.html?_=1707792555435 HTTP/1.1" 200 22
114.83.222.132 - - [13/Feb/2024:10:53:12 +0800] "GET /xingrg/kc/base/wldb_order_operate.html?command=get_materiel&rest_code=00149&base_code=0010394&code=00101016076 HTTP/1.1" 200 477
218.81.216.246 - - [13/Feb/2024:10:53:14 +0800] "POST /xingrg/services/DataTransmitService HTTP/1.1" 200 524
116.230.123.222 - - [13/Feb/2024:10:53:15 +0800] "GET /xingrg/kc/base/wldb_order_operate.html?command=get_materiel&rest_code=00111&base_code=0010283&code=00101019015 HTTP/1.1" 200 451
221.239.172.206 - - [13/Feb/2024:10:53:18 +0800] "GET /xingrg/all/function/internal_message.html?_=1707792797481&CODE_STATE=getMsg HTTP/1.1" 200 27
218.81.216.246 - - [13/Feb/2024:10:53:22 +0800] "POST /xingrg/services/DataTransmitService HTTP/1.1" 200 501
116.230.123.222 - - [13/Feb/2024:10:53:23 +0800] "GET /xingrg/kc/base/wldb_order_operate.html?command=get_materiel&rest_code=00111&base_code=0010283&code=00101019222 HTTP/1.1" 200 453
218.81.216.246 - - [13/Feb/2024:10:53:25 +0800] "POST /xingrg/services/DataTransmitService HTTP/1.1" 200 524
218.81.216.246 - - [13/Feb/2024:10:53:26 +0800] "POST /xingrg/services/DataTransmitService HTTP/1.1" 200 412
218.81.216.246 - - [13/Feb/2024:10:53:29 +0800] "POST /xingrg/services/DataTransmitService HTTP/1.1" 200 524
218.81.216.246 - - [13/Feb/2024:10:53:30 +0800] "POST /xingrg/services/DataTransmitService HTTP/1.1" 200 412
114.83.222.132 - - [13/Feb/2024:10:53:32 +0800] "POST /xingrg/kc/base/wldb_order_operate.html HTTP/1.1" 200 37
114.83.222.132 - - [13/Feb/2024:10:53:32 +0800] "POST /xingrg/kc/base/wldb_order_operate.html HTTP/1.1" 200 4201
116.230.123.222 - - [13/Feb/2024:10:53:33 +0800] "GET /xingrg/kc/base/wldb_order_operate.html?command=get_materiel&rest_code=00111&base_code=0010283&code=00101019185 HTTP/1.1" 200 468
114.83.222.132 - - [13/Feb/2024:10:53:33 +0800] "GET /xingrg/kc/base/wldb_order_info.html?code=422024021301136 HTTP/1.1" 200 30365
114.83.222.132 - - [13/Feb/2024:10:53:34 +0800] "GET /xingrg/javascript/easyui/themes/default/validatebox.css HTTP/1.1" 404 1104
114.83.222.132 - - [13/Feb/2024:10:53:34 +0800] "POST /xingrg/kc/base/wldb_order_operate.html HTTP/1.1" 200 4201
101.83.145.37 - - [13/Feb/2024:10:53:35 +0800] "GET /xingrg/kc/buy/buy_main.html HTTP/1.1" 200 12412
101.83.145.37 - - [13/Feb/2024:10:53:35 +0800] "GET /xingrg/css/new_ie.css HTTP/1.1" 404 1036
101.83.145.37 - - [13/Feb/2024:10:53:35 +0800] "GET /xingrg/javascript/jquery_ui/themes/humanity/humanity.css HTTP/1.1" 304 -
101.83.145.37 - - [13/Feb/2024:10:53:35 +0800] "GET /xingrg/javascript/ToolTips.js HTTP/1.1" 304 -
101.83.145.37 - - [13/Feb/2024:10:53:35 +0800] "GET /xingrg/javascript/jquery_ui/jquery-ui.min.js HTTP/1.1" 304 -
101.83.145.37 - - [13/Feb/2024:10:53:35 +0800] "GET /xingrg/images/blue/button/cgxqd.gif HTTP/1.1" 304 -
101.83.145.37 - - [13/Feb/2024:10:53:35 +0800] "GET /xingrg/images/blue/button/cgydd.gif HTTP/1.1" 304 -
101.83.145.37 - - [13/Feb/2024:10:53:35 +0800] "GET /xingrg/images/blue/button/cgshd.gif HTTP/1.1" 304 -
101.83.145.37 - - [13/Feb/2024:10:53:35 +0800] "GET /xingrg/images/blue/button/ckthd.gif HTTP/1.1" 304 -
101.83.145.37 - - [13/Feb/2024:10:53:35 +0800] "GET /xingrg/images/blue/button/cgfkd.gif HTTP/1.1" 304 -
101.83.145.37 - - [13/Feb/2024:10:53:35 +0800] "GET /xingrg/javascript/jquery_ui/themes/humanity/images/ui-bg_inset-soft_100_f4f0ec_1x100.png HTTP/1.1" 304 -
101.83.145.37 - - [13/Feb/2024:10:53:35 +0800] "GET /xingrg/images/blue/button/down_ah.jpg HTTP/1.1" 304 -
101.83.145.37 - - [13/Feb/2024:10:53:35 +0800] "GET /xingrg/javascript/jquery_ui/themes/humanity/images/ui-iconsnew.jpg HTTP/1.1" 304 -
101.83.145.37 - - [13/Feb/2024:10:53:35 +0800] "GET /xingrg/javascript/jquery_ui/themes/humanity/images/ui-icons_ffffff_256x240.png HTTP/1.1" 304 -
101.83.145.37 - - [13/Feb/2024:10:53:35 +0800] "GET /xingrg/javascript/jquery_ui/themes/humanity/images/ui-icons_c47a23_256x240.png HTTP/1.1" 304 -
101.83.145.37 - - [13/Feb/2024:10:53:35 +0800] "GET /xingrg/javascript/jquery_ui/themes/humanity/images/ui-bg_glass_70_ede4d4_1x400.png HTTP/1.1" 304 -
101.83.145.37 - - [13/Feb/2024:10:53:35 +0800] "GET /xingrg/images/yd/bt.gif HTTP/1.1" 404 1040
116.230.123.222 - - [13/Feb/2024:10:53:36 +0800] "GET /xingrg/all/function/internal_message.html?_=1707792816742&CODE_STATE=getMsg HTTP/1.1" 200 27
101.83.145.37 - - [13/Feb/2024:10:53:37 +0800] "GET /xingrg/kc/buy/cgsh_order_list.html HTTP/1.1" 200 57692
116.230.123.222 - - [13/Feb/2024:10:53:39 +0800] "GET /xingrg/kc/base/wldb_order_operate.html?command=get_materiel&rest_code=00111&base_code=0010283&code=00101019079 HTTP/1.1" 200 479
101.83.145.37 - - [13/Feb/2024:10:53:40 +0800] "POST /xingrg/kc/buy/cgsh_list_operate.html HTTP/1.1" 200 986
114.83.222.132 - - [13/Feb/2024:10:53:41 +0800] "GET /xingrg/kc/base/wldb_order_add.html HTTP/1.1" 200 30350
114.83.222.132 - - [13/Feb/2024:10:53:41 +0800] "POST /xingrg/kc/base/wldb_order_operate.html HTTP/1.1" 200 6806
114.83.222.132 - - [13/Feb/2024:10:53:41 +0800] "GET /xingrg/javascript/easyui/themes/default/validatebox.css HTTP/1.1" 404 1104
114.83.222.132 - - [13/Feb/2024:10:53:43 +0800] "POST /xingrg/services/DataTransmitService HTTP/1.1" 200 524
114.83.222.132 - - [13/Feb/2024:10:53:44 +0800] "POST /xingrg/services/DataTransmitService HTTP/1.1" 200 501
116.230.123.222 - - [13/Feb/2024:10:53:46 +0800] "GET /xingrg/kc/base/wldb_order_operate.html?command=get_materiel&rest_code=00111&base_code=0010283&code=00101019306 HTTP/1.1" 200 479
116.224.254.208 - - [13/Feb/2024:10:53:46 +0800] "GET /xingrg/all/function/internal_message.html?_=1707792826167&CODE_STATE=getMsg HTTP/1.1" 200 27
101.83.145.37 - - [13/Feb/2024:10:53:50 +0800] "GET /xingrg/kc/buy/cgsh_order_add.html HTTP/1.1" 200 73549
114.83.222.132 - - [13/Feb/2024:10:53:51 +0800] "GET /xingrg/kc/base/wldb_order_operate.html?command=get_materiel&rest_code=00149&base_code=0010395&code=00102002315 HTTP/1.1" 200 461
101.83.145.37 - - [13/Feb/2024:10:53:51 +0800] "GET /xingrg/javascript/easyui/themes/icons/copy_new.png HTTP/1.1" 304 -
101.83.145.37 - - [13/Feb/2024:10:53:51 +0800] "POST /xingrg/kc/buy/cgsh_order_operate.html HTTP/1.1" 200 8245
101.83.145.37 - - [13/Feb/2024:10:53:51 +0800] "GET /xingrg/javascript/easyui/themes/default/validatebox.css HTTP/1.1" 404 1104
101.83.145.37 - - [13/Feb/2024:10:53:51 +0800] "GET /xingrg/all/common/auto_word.html?type=employee&rest_code=00105 HTTP/1.1" 200 193
101.83.145.37 - - [13/Feb/2024:10:53:51 +0800] "GET /xingrg/all/common/auto_word.html?type=employee&rest_code=00105 HTTP/1.1" 200 193
218.81.216.246 - - [13/Feb/2024:10:53:51 +0800] "POST /xingrg/services/DataTransmitService HTTP/1.1" 200 524
218.81.216.246 - - [13/Feb/2024:10:53:52 +0800] "POST /xingrg/services/DataTransmitService HTTP/1.1" 200 412
116.230.123.222 - - [13/Feb/2024:10:53:52 +0800] "GET /xingrg/kc/base/wldb_order_operate.html?command=get_materiel&rest_code=00111&base_code=0010283&code=00101019315 HTTP/1.1" 200 475
124.78.67.200 - - [13/Feb/2024:10:53:53 +0800] "GET /xingrg/all/function/internal_message.html?_=1707792833896&CODE_STATE=getMsg HTTP/1.1" 200 27
180.163.30.27 - - [13/Feb/2024:10:53:54 +0800] "GET /xingrg/check_reg.html?_=1707792774353 HTTP/1.1" 302 -
180.163.30.27 - - [13/Feb/2024:10:53:54 +0800] "GET /xingrg/login.html HTTP/1.1" 200 7641
116.237.78.120 - - [13/Feb/2024:10:53:55 +0800] "GET /xingrg/all/function/internal_message.html?_=1707792834827&CODE_STATE=getMsg HTTP/1.1" 200 27
116.230.123.222 - - [13/Feb/2024:10:53:58 +0800] "GET /xingrg/kc/base/wldb_order_operate.html?command=get_materiel&rest_code=00111&base_code=0010283&code=00101019063 HTTP/1.1" 200 461
114.83.222.132 - - [13/Feb/2024:10:54:02 +0800] "GET /xingrg/kc/base/wldb_order_operate.html?command=get_materiel&rest_code=00149&base_code=0010395&code=00102002082 HTTP/1.1" 200 452
218.81.216.246 - - [13/Feb/2024:10:54:03 +0800] "GET /xingrg/all/function/internal_message.html?_=1707792848284&CODE_STATE=getMsg HTTP/1.1" 302 -
116.230.123.222 - - [13/Feb/2024:10:54:06 +0800] "GET /xingrg/kc/base/wldb_order_operate.html?command=get_materiel&rest_code=00111&base_code=0010283&code=00101019010 HTTP/1.1" 200 468
114.83.222.132 - - [13/Feb/2024:10:54:06 +0800] "GET /xingrg/kc/base/wldb_order_operate.html?command=get_materiel&rest_code=00149&base_code=0010395&code=00102002448 HTTP/1.1" 200 440
101.83.145.37 - - [13/Feb/2024:10:54:10 +0800] "GET /xingrg/all/function/internal_message.html?_=1707792615435&CODE_STATE=getMsg HTTP/1.1" 200 27
114.83.222.132 - - [13/Feb/2024:10:54:11 +0800] "GET /xingrg/kc/base/wldb_order_operate.html?command=get_materiel&rest_code=00149&base_code=0010395&code=00102002204 HTTP/1.1" 200 447
221.239.172.206 - - [13/Feb/2024:10:54:18 +0800] "GET /xingrg/all/function/internal_message.html?_=1707792857480&CODE_STATE=getMsg HTTP/1.1" 200 27
218.81.216.246 - - [13/Feb/2024:10:54:23 +0800] "GET /xingrg/check_reg.html?_=1707792869703 HTTP/1.1" 200 22
114.83.222.132 - - [13/Feb/2024:10:54:35 +0800] "POST /xingrg/kc/base/wldb_order_operate.html HTTP/1.1" 200 37
114.83.222.132 - - [13/Feb/2024:10:54:36 +0800] "POST /xingrg/kc/base/wldb_order_operate.html HTTP/1.1" 200 3670
114.83.222.132 - - [13/Feb/2024:10:54:36 +0800] "GET /xingrg/kc/base/wldb_order_info.html?code=422024021301137 HTTP/1.1" 200 30365
116.230.123.222 - - [13/Feb/2024:10:54:36 +0800] "GET /xingrg/all/function/internal_message.html?_=1707792876639&CODE_STATE=getMsg HTTP/1.1" 200 27
114.83.222.132 - - [13/Feb/2024:10:54:36 +0800] "GET /xingrg/javascript/easyui/themes/default/validatebox.css HTTP/1.1" 404 1104
114.83.222.132 - - [13/Feb/2024:10:54:37 +0800] "POST /xingrg/kc/base/wldb_order_operate.html HTTP/1.1" 200 3670
114.83.222.132 - - [13/Feb/2024:10:54:40 +0800] "GET /xingrg/kc/base/wldb_order_add.html HTTP/1.1" 200 30350
114.83.222.132 - - [13/Feb/2024:10:54:40 +0800] "POST /xingrg/kc/base/wldb_order_operate.html HTTP/1.1" 200 6806
114.83.222.132 - - [13/Feb/2024:10:54:40 +0800] "GET /xingrg/javascript/easyui/themes/default/validatebox.css HTTP/1.1" 404 1104
114.83.222.132 - - [13/Feb/2024:10:54:41 +0800] "GET /xingrg/all/function/internal_message.html?_=1707792880956&CODE_STATE=getMsg HTTP/1.1" 200 27
114.83.222.132 - - [13/Feb/2024:10:54:41 +0800] "GET /xingrg/check_reg.html?_=1707792880959 HTTP/1.1" 200 22
116.230.123.222 - - [13/Feb/2024:10:54:45 +0800] "POST /xingrg/kc/base/wldb_order_operate.html HTTP/1.1" 200 37
116.230.123.222 - - [13/Feb/2024:10:54:46 +0800] "POST /xingrg/kc/base/wldb_order_operate.html HTTP/1.1" 200 8232
116.224.254.208 - - [13/Feb/2024:10:54:46 +0800] "GET /xingrg/all/function/internal_message.html?_=1707792886146&CODE_STATE=getMsg HTTP/1.1" 200 27
116.230.123.222 - - [13/Feb/2024:10:54:46 +0800] "GET /xingrg/kc/base/wldb_order_info.html?code=422024021301138 HTTP/1.1" 200 30359
116.230.123.222 - - [13/Feb/2024:10:54:47 +0800] "GET /xingrg/javascript/easyui/themes/default/validatebox.css HTTP/1.1" 404 1104
116.230.123.222 - - [13/Feb/2024:10:54:48 +0800] "POST /xingrg/kc/base/wldb_order_operate.html HTTP/1.1" 200 8232
114.83.222.132 - - [13/Feb/2024:10:54:48 +0800] "GET /xingrg/kc/base/wldb_order_operate.html?command=get_materiel&rest_code=00149&base_code=0010395&code=00102015103 HTTP/1.1" 200 439
116.230.123.222 - - [13/Feb/2024:10:54:53 +0800] "POST /xingrg/kc/base/wldb_order_operate.html HTTP/1.1" 200 37
124.78.67.200 - - [13/Feb/2024:10:54:53 +0800] "GET /xingrg/all/function/internal_message.html?_=1707792893868&CODE_STATE=getMsg HTTP/1.1" 200 27
124.78.67.200 - - [13/Feb/2024:10:54:54 +0800] "GET /xingrg/check_reg.html?_=1707792894298 HTTP/1.1" 200 22
180.163.28.143 - - [13/Feb/2024:10:54:55 +0800] "GET /xingrg/all/function/internal_message.html?_=1707792834827&CODE_STATE=getMsg HTTP/1.1" 302 -
180.163.28.143 - - [13/Feb/2024:10:54:55 +0800] "GET /xingrg/login.html HTTP/1.1" 200 7641
116.237.78.120 - - [13/Feb/2024:10:54:55 +0800] "GET /xingrg/all/function/internal_message.html?_=1707792894814&CODE_STATE=getMsg HTTP/1.1" 200 27
116.230.123.222 - - [13/Feb/2024:10:55:00 +0800] "POST /xingrg/kc/base/wldb_order_operate.html HTTP/1.1" 200 12
116.230.123.222 - - [13/Feb/2024:10:55:00 +0800] "POST /xingrg/kc/base/wldb_order_operate.html HTTP/1.1" 200 8231
116.237.78.120 - - [13/Feb/2024:10:55:00 +0800] "GET /xingrg/kc/buy/buy_main.html HTTP/1.1" 200 12412
116.237.78.120 - - [13/Feb/2024:10:55:00 +0800] "GET /xingrg/css/new_ie.css HTTP/1.1" 404 1036
116.237.78.120 - - [13/Feb/2024:10:55:00 +0800] "GET /xingrg/images/yd/bt.gif HTTP/1.1" 404 1040
116.230.123.222 - - [13/Feb/2024:10:55:01 +0800] "GET /xingrg/kc/base/wldb_order_info.html?code=422024021301138 HTTP/1.1" 200 26223
116.230.123.222 - - [13/Feb/2024:10:55:01 +0800] "GET /xingrg/javascript/easyui/themes/default/validatebox.css HTTP/1.1" 404 1104
116.230.123.222 - - [13/Feb/2024:10:55:01 +0800] "POST /xingrg/kc/base/wldb_order_operate.html HTTP/1.1" 200 6372
116.237.78.120 - - [13/Feb/2024:10:55:02 +0800] "GET /xingrg/kc/buy/cgsh_order_list.html HTTP/1.1" 200 57692
114.83.222.132 - - [13/Feb/2024:10:55:02 +0800] "GET /xingrg/kc/base/wldb_order_operate.html?command=get_materiel&rest_code=00149&base_code=0010395&code=00102002238 HTTP/1.1" 200 434
218.81.216.246 - - [13/Feb/2024:10:55:03 +0800] "GET /xingrg/all/function/internal_message.html?_=1707792908504&CODE_STATE=getMsg HTTP/1.1" 302 -
116.230.123.222 - - [13/Feb/2024:10:55:03 +0800] "GET /xingrg/kc/base/wldb_order_add.html HTTP/1.1" 200 30344
116.230.123.222 - - [13/Feb/2024:10:55:03 +0800] "POST /xingrg/kc/base/wldb_order_operate.html HTTP/1.1" 200 6806
116.230.123.222 - - [13/Feb/2024:10:55:04 +0800] "GET /xingrg/javascript/easyui/themes/default/validatebox.css HTTP/1.1" 404 1104
116.237.78.120 - - [13/Feb/2024:10:55:04 +0800] "POST /xingrg/kc/buy/cgsh_list_operate.html HTTP/1.1" 200 986
116.237.78.120 - - [13/Feb/2024:10:55:05 +0800] "GET /xingrg/kc/buy/cgsh_order_add.html HTTP/1.1" 200 73467
116.237.78.120 - - [13/Feb/2024:10:55:06 +0800] "GET /xingrg/javascript/easyui/themes/default/validatebox.css HTTP/1.1" 404 1104
116.237.78.120 - - [13/Feb/2024:10:55:06 +0800] "POST /xingrg/kc/buy/cgsh_order_operate.html HTTP/1.1" 200 8245
116.237.78.120 - - [13/Feb/2024:10:55:06 +0800] "GET /xingrg/all/common/auto_word.html?type=employee&rest_code=00106 HTTP/1.1" 200 205
116.237.78.120 - - [13/Feb/2024:10:55:06 +0800] "GET /xingrg/all/common/auto_word.html?type=employee&rest_code=00106 HTTP/1.1" 200 205
116.237.78.120 - - [13/Feb/2024:10:55:07 +0800] "GET /xingrg/javascript/easyui/themes/default/tree.css HTTP/1.1" 404 1090
116.237.78.120 - - [13/Feb/2024:10:55:07 +0800] "POST /xingrg/all/common/load_tree.html?tree=supplier_tree_json&isDelete=1 HTTP/1.1" 200 78460
101.83.145.37 - - [13/Feb/2024:10:55:10 +0800] "GET /xingrg/all/function/internal_message.html?_=1707792675432&CODE_STATE=getMsg HTTP/1.1" 200 27
116.237.78.120 - - [13/Feb/2024:10:55:16 +0800] "GET /xingrg/javascript/auto/indicator.gif HTTP/1.1" 404 1066
221.239.172.206 - - [13/Feb/2024:10:55:18 +0800] "GET /xingrg/all/function/internal_message.html?_=1707792917482&CODE_STATE=getMsg HTTP/1.1" 200 27
116.230.123.222 - - [13/Feb/2024:10:55:18 +0800] "GET /xingrg/kc/base/wldb_order_operate.html?command=get_materiel&rest_code=00111&base_code=0010283&code=00101016019 HTTP/1.1" 200 451
116.237.78.120 - - [13/Feb/2024:10:55:21 +0800] "GET /xingrg/kc/buy/cgsh_order_operate.html?command=get_materiel&rest_code=00106&code=00101001145&supplier_code=00100314&order_time=2024-02-13 HTTP/1.1" 200 414
218.81.216.246 - - [13/Feb/2024:10:55:23 +0800] "POST /xingrg/services/DataTransmitService HTTP/1.1" 200 524
218.81.216.246 - - [13/Feb/2024:10:55:25 +0800] "POST /xingrg/services/DataTransmitService HTTP/1.1" 200 412
114.83.222.132 - - [13/Feb/2024:10:55:26 +0800] "POST /xingrg/kc/base/wldb_order_operate.html HTTP/1.1" 200 37
114.83.222.132 - - [13/Feb/2024:10:55:27 +0800] "POST /xingrg/kc/base/wldb_order_operate.html HTTP/1.1" 200 3141
114.83.222.132 - - [13/Feb/2024:10:55:27 +0800] "GET /xingrg/kc/base/wldb_order_info.html?code=422024021301139 HTTP/1.1" 200 30364
218.81.216.246 - - [13/Feb/2024:10:55:27 +0800] "POST /xingrg/services/DataTransmitService HTTP/1.1" 200 524
114.83.222.132 - - [13/Feb/2024:10:55:28 +0800] "GET /xingrg/javascript/easyui/themes/default/validatebox.css HTTP/1.1" 404 1104
218.81.216.246 - - [13/Feb/2024:10:55:28 +0800] "POST /xingrg/services/DataTransmitService HTTP/1.1" 200 2331
114.83.222.132 - - [13/Feb/2024:10:55:28 +0800] "POST /xingrg/kc/base/wldb_order_operate.html HTTP/1.1" 200 3141
114.83.222.132 - - [13/Feb/2024:10:55:31 +0800] "GET /xingrg/kc/base/wldb_order_add.html HTTP/1.1" 200 30350
114.83.222.132 - - [13/Feb/2024:10:55:31 +0800] "POST /xingrg/kc/base/wldb_order_operate.html HTTP/1.1" 200 6806
114.83.222.132 - - [13/Feb/2024:10:55:31 +0800] "GET /xingrg/javascript/easyui/themes/default/validatebox.css HTTP/1.1" 404 1104
116.230.123.222 - - [13/Feb/2024:10:55:31 +0800] "GET /xingrg/kc/base/wldb_order_operate.html?command=get_materiel&rest_code=00111&base_code=0010283&code=00101019071 HTTP/1.1" 200 471
116.237.78.120 - - [13/Feb/2024:10:55:32 +0800] "POST /xingrg/kc/buy/cgsh_order_operate.html HTTP/1.1" 200 37
101.83.145.37 - - [13/Feb/2024:10:55:32 +0800] "GET /xingrg/kc/buy/cgsh_order_operate.html?command=get_materiel&rest_code=00105&code=00101003016&supplier_code=00100093&order_time=2024-02-13 HTTP/1.1" 200 420
218.81.216.246 - - [13/Feb/2024:10:55:35 +0800] "POST /xingrg/services/DataTransmitService HTTP/1.1" 200 524
116.230.123.222 - - [13/Feb/2024:10:55:36 +0800] "GET /xingrg/all/function/internal_message.html?_=1707792936675&CODE_STATE=getMsg HTTP/1.1" 200 27
116.230.123.222 - - [13/Feb/2024:10:55:37 +0800] "GET /xingrg/kc/base/wldb_order_operate.html?command=get_materiel&rest_code=00111&base_code=0010283&code=00101019359 HTTP/1.1" 200 461
116.237.78.120 - - [13/Feb/2024:10:55:39 +0800] "POST /xingrg/kc/buy/cgsh_order_operate.html HTTP/1.1" 200 12
114.83.222.132 - - [13/Feb/2024:10:55:41 +0800] "GET /xingrg/all/function/internal_message.html?_=1707792940930&CODE_STATE=getMsg HTTP/1.1" 200 27
114.83.222.132 - - [13/Feb/2024:10:55:41 +0800] "GET /xingrg/kc/base/wldb_order_operate.html?command=get_materiel&rest_code=00149&base_code=0010395&code=00102002362 HTTP/1.1" 200 434
116.230.123.222 - - [13/Feb/2024:10:55:46 +0800] "GET /xingrg/kc/base/wldb_order_operate.html?command=get_materiel&rest_code=00111&base_code=0010283&code=00101019529 HTTP/1.1" 200 475
116.224.254.208 - - [13/Feb/2024:10:55:46 +0800] "GET /xingrg/all/function/internal_message.html?_=1707792946129&CODE_STATE=getMsg HTTP/1.1" 200 27
124.78.67.200 - - [13/Feb/2024:10:55:53 +0800] "GET /xingrg/all/function/internal_message.html?_=1707792953855&CODE_STATE=getMsg HTTP/1.1" 200 27
116.230.123.222 - - [13/Feb/2024:10:55:53 +0800] "POST /xingrg/kc/base/wldb_order_operate.html HTTP/1.1" 200 37
116.230.123.222 - - [13/Feb/2024:10:55:54 +0800] "POST /xingrg/kc/base/wldb_order_operate.html HTTP/1.1" 200 3693
116.237.78.120 - - [13/Feb/2024:10:55:54 +0800] "GET /xingrg/kc/buy/cgsh_order_info.html?code=212024021303989 HTTP/1.1" 200 68380
180.163.29.212 - - [13/Feb/2024:10:55:55 +0800] "GET /xingrg/all/function/internal_message.html?_=1707792894814&CODE_STATE=getMsg HTTP/1.1" 302 -
180.163.29.212 - - [13/Feb/2024:10:55:55 +0800] "GET /xingrg/login.html HTTP/1.1" 200 7641
116.237.78.120 - - [13/Feb/2024:10:55:55 +0800] "GET /xingrg/javascript/easyui/themes/default/validatebox.css HTTP/1.1" 404 1104
116.237.78.120 - - [13/Feb/2024:10:55:55 +0800] "GET /xingrg/all/function/internal_message.html?_=1707792954792&CODE_STATE=getMsg HTTP/1.1" 200 27
116.237.78.120 - - [13/Feb/2024:10:55:56 +0800] "POST /xingrg/kc/buy/cgsh_order_operate.html HTTP/1.1" 200 611
116.237.78.120 - - [13/Feb/2024:10:55:57 +0800] "GET /xingrg/kc/print/load_config.html?kc_code=cgsh HTTP/1.1" 200 1927
116.237.78.120 - - [13/Feb/2024:10:55:58 +0800] "GET /xingrg/kc/print/load_data.html?order_code=212024021303989&kc_code=cgsh&condition= HTTP/1.1" 200 715
114.83.222.132 - - [13/Feb/2024:10:55:58 +0800] "POST /xingrg/kc/base/wldb_order_operate.html HTTP/1.1" 200 37
114.83.222.132 - - [13/Feb/2024:10:55:59 +0800] "GET /xingrg/kc/base/wldb_order_info.html?code=422024021301141 HTTP/1.1" 200 30366
114.83.222.132 - - [13/Feb/2024:10:56:00 +0800] "GET /xingrg/javascript/easyui/themes/default/validatebox.css HTTP/1.1" 404 1104
116.230.123.222 - - [13/Feb/2024:10:56:00 +0800] "POST /xingrg/kc/base/wldb_order_operate.html HTTP/1.1" 200 12
114.83.222.132 - - [13/Feb/2024:10:56:00 +0800] "POST /xingrg/kc/base/wldb_order_operate.html HTTP/1.1" 200 2654
114.83.222.132 - - [13/Feb/2024:10:56:00 +0800] "POST /xingrg/kc/base/wldb_order_operate.html HTTP/1.1" 200 2654
114.83.222.132 - - [13/Feb/2024:10:56:02 +0800] "GET /xingrg/kc/base/wldb_order_add.html HTTP/1.1" 200 30350
116.230.123.222 - - [13/Feb/2024:10:56:03 +0800] "GET /xingrg/kc/base/wldb_order_info.html?code=422024021301140 HTTP/1.1" 200 26222
114.83.222.132 - - [13/Feb/2024:10:56:03 +0800] "POST /xingrg/kc/base/wldb_order_operate.html HTTP/1.1" 200 6806
114.83.222.132 - - [13/Feb/2024:10:56:03 +0800] "GET /xingrg/javascript/easyui/themes/default/validatebox.css HTTP/1.1" 404 1104
218.81.216.246 - - [13/Feb/2024:10:56:03 +0800] "GET /xingrg/all/function/internal_message.html?_=1707792968508&CODE_STATE=getMsg HTTP/1.1" 302 -
116.230.123.222 - - [13/Feb/2024:10:56:03 +0800] "GET /xingrg/javascript/easyui/themes/default/validatebox.css HTTP/1.1" 404 1104
116.230.123.222 - - [13/Feb/2024:10:56:03 +0800] "POST /xingrg/kc/base/wldb_order_operate.html HTTP/1.1" 200 1954
116.224.254.208 - - [13/Feb/2024:10:56:03 +0800] "GET /xingrg/check_reg.html?_=1707792963518 HTTP/1.1" 200 22
116.230.123.222 - - [13/Feb/2024:10:56:05 +0800] "GET /xingrg/kc/base/wldb_order_add.html HTTP/1.1" 200 30344
116.230.123.222 - - [13/Feb/2024:10:56:05 +0800] "POST /xingrg/kc/base/wldb_order_operate.html HTTP/1.1" 200 6806
116.230.123.222 - - [13/Feb/2024:10:56:05 +0800] "GET /xingrg/javascript/easyui/themes/default/validatebox.css HTTP/1.1" 404 1104
116.237.78.120 - - [13/Feb/2024:10:56:06 +0800] "GET /xingrg/kc/buy/cgsh_order_add.html HTTP/1.1" 200 73467
116.237.78.120 - - [13/Feb/2024:10:56:06 +0800] "POST /xingrg/kc/buy/cgsh_order_operate.html HTTP/1.1" 200 8245
116.237.78.120 - - [13/Feb/2024:10:56:06 +0800] "GET /xingrg/javascript/easyui/themes/default/validatebox.css HTTP/1.1" 404 1104
116.237.78.120 - - [13/Feb/2024:10:56:07 +0800] "GET /xingrg/javascript/easyui/themes/default/tree.css HTTP/1.1" 404 1090
116.237.78.120 - - [13/Feb/2024:10:56:08 +0800] "POST /xingrg/all/common/load_tree.html?tree=supplier_tree_json&isDelete=1 HTTP/1.1" 200 78460
114.83.222.132 - - [13/Feb/2024:10:56:10 +0800] "GET /xingrg/kc/base/wldb_order_operate.html?command=get_materiel&rest_code=00149&base_code=0010394&code=00101016044 HTTP/1.1" 200 466
101.83.145.37 - - [13/Feb/2024:10:56:10 +0800] "GET /xingrg/all/function/internal_message.html?_=1707792735440&CODE_STATE=getMsg HTTP/1.1" 200 27
114.83.222.132 - - [13/Feb/2024:10:56:14 +0800] "GET /xingrg/kc/base/wldb_order_operate.html?command=get_materiel&rest_code=00149&base_code=0010394&code=00101016046 HTTP/1.1" 200 458
116.230.123.222 - - [13/Feb/2024:10:56:17 +0800] "GET /xingrg/kc/base/wldb_order_operate.html?command=get_materiel&rest_code=00111&base_code=0010306&code=00102002150 HTTP/1.1" 200 447
180.163.29.103 - - [13/Feb/2024:10:56:18 +0800] "GET /xingrg/kc/buy/cgsh_order_operate.html?command=get_materiel&rest_code=00106&code=00101001145&supplier_code=00100314&order_time=2024-02-13 HTTP/1.1" 302 -
180.163.29.103 - - [13/Feb/2024:10:56:18 +0800] "GET /xingrg/login.html HTTP/1.1" 200 7641
221.239.172.206 - - [13/Feb/2024:10:56:18 +0800] "GET /xingrg/all/function/internal_message.html?_=1707792977481&CODE_STATE=getMsg HTTP/1.1" 200 27
116.230.123.222 - - [13/Feb/2024:10:56:23 +0800] "POST /xingrg/kc/base/wldb_order_operate.html HTTP/1.1" 200 37
116.237.78.120 - - [13/Feb/2024:10:56:30 +0800] "GET /xingrg/kc/buy/cgsh_order_operate.html?command=get_materiel&rest_code=00106&code=00101001044&supplier_code=00100090&order_time=2024-02-13 HTTP/1.1" 200 432
114.83.222.132 - - [13/Feb/2024:10:56:33 +0800] "POST /xingrg/kc/base/wldb_order_operate.html HTTP/1.1" 200 37
116.230.123.222 - - [13/Feb/2024:10:56:33 +0800] "POST /xingrg/kc/base/wldb_order_operate.html HTTP/1.1" 200 2086
116.230.123.222 - - [13/Feb/2024:10:56:34 +0800] "POST /xingrg/kc/base/wldb_order_operate.html HTTP/1.1" 200 12
114.83.222.132 - - [13/Feb/2024:10:56:34 +0800] "POST /xingrg/kc/base/wldb_order_operate.html HTTP/1.1" 200 2701
114.83.222.132 - - [13/Feb/2024:10:56:35 +0800] "GET /xingrg/kc/base/wldb_order_info.html?code=422024021301143 HTTP/1.1" 200 30365
114.83.222.132 - - [13/Feb/2024:10:56:36 +0800] "GET /xingrg/javascript/easyui/themes/default/validatebox.css HTTP/1.1" 404 1104
114.83.222.132 - - [13/Feb/2024:10:56:36 +0800] "POST /xingrg/kc/base/wldb_order_operate.html HTTP/1.1" 200 2701
114.83.222.132 - - [13/Feb/2024:10:56:38 +0800] "GET /xingrg/kc/base/wldb_order_add.html HTTP/1.1" 200 30350
114.83.222.132 - - [13/Feb/2024:10:56:39 +0800] "GET /xingrg/javascript/easyui/themes/default/validatebox.css HTTP/1.1" 404 1104
114.83.222.132 - - [13/Feb/2024:10:56:39 +0800] "POST /xingrg/kc/base/wldb_order_operate.html HTTP/1.1" 200 6806
116.230.123.222 - - [13/Feb/2024:10:56:39 +0800] "GET /xingrg/kc/base/wldb_order_info.html?code=422024021301142 HTTP/1.1" 200 26221
116.230.123.222 - - [13/Feb/2024:10:56:39 +0800] "GET /xingrg/javascript/easyui/themes/default/validatebox.css HTTP/1.1" 404 1104
116.230.123.222 - - [13/Feb/2024:10:56:40 +0800] "POST /xingrg/kc/base/wldb_order_operate.html HTTP/1.1" 200 490
