114.83.222.132 - - [13/Feb/2024:10:56:41 +0800] "GET /xingrg/all/function/internal_message.html?_=1707793000908&CODE_STATE=getMsg HTTP/1.1" 200 27
116.237.78.120 - - [13/Feb/2024:10:56:42 +0800] "GET /xingrg/kc/buy/cgsh_order_operate.html?command=get_materiel&rest_code=00106&code=00101001140&supplier_code=00100090&order_time=2024-02-13 HTTP/1.1" 200 436
116.230.123.222 - - [13/Feb/2024:10:56:44 +0800] "GET /xingrg/kc/base/wldb_order_add.html HTTP/1.1" 200 30344
116.230.123.222 - - [13/Feb/2024:10:56:44 +0800] "GET /xingrg/javascript/easyui/themes/default/validatebox.css HTTP/1.1" 404 1104
116.230.123.222 - - [13/Feb/2024:10:56:44 +0800] "POST /xingrg/kc/base/wldb_order_operate.html HTTP/1.1" 200 6806
114.83.222.132 - - [13/Feb/2024:10:56:45 +0800] "GET /xingrg/kc/base/wldb_order_operate.html?command=get_materiel&rest_code=00149&base_code=0010394&code=00101019358 HTTP/1.1" 200 462
116.224.254.208 - - [13/Feb/2024:10:56:46 +0800] "GET /xingrg/all/function/internal_message.html?_=1707793006105&CODE_STATE=getMsg HTTP/1.1" 200 27
124.78.67.200 - - [13/Feb/2024:10:56:53 +0800] "GET /xingrg/all/function/internal_message.html?_=1707793013836&CODE_STATE=getMsg HTTP/1.1" 200 27
116.237.78.120 - - [13/Feb/2024:10:56:54 +0800] "POST /xingrg/kc/buy/cgsh_order_operate.html HTTP/1.1" 200 37
116.230.123.222 - - [13/Feb/2024:10:56:56 +0800] "GET /xingrg/kc/base/wldb_order_operate.html?command=get_materiel&rest_code=00111&base_code=0010283&code=00101019238 HTTP/1.1" 200 467
180.163.29.234 - - [13/Feb/2024:10:56:57 +0800] "GET /xingrg/kc/print/load_data.html?order_code=212024021303989&kc_code=cgsh&condition= HTTP/1.1" 302 -
180.163.29.234 - - [13/Feb/2024:10:56:57 +0800] "GET /xingrg/login.html HTTP/1.1" 200 7641
114.83.222.132 - - [13/Feb/2024:10:57:01 +0800] "POST /xingrg/kc/base/wldb_order_operate.html HTTP/1.1" 200 37
114.83.222.132 - - [13/Feb/2024:10:57:02 +0800] "GET /xingrg/kc/base/wldb_order_info.html?code=422024021301144 HTTP/1.1" 200 30365
116.237.78.120 - - [13/Feb/2024:10:57:02 +0800] "POST /xingrg/kc/buy/cgsh_order_operate.html HTTP/1.1" 200 12
114.83.222.132 - - [13/Feb/2024:10:57:02 +0800] "POST /xingrg/kc/base/wldb_order_operate.html HTTP/1.1" 200 2206
114.83.222.132 - - [13/Feb/2024:10:57:02 +0800] "GET /xingrg/javascript/easyui/themes/default/validatebox.css HTTP/1.1" 404 1104
116.230.123.222 - - [13/Feb/2024:10:57:03 +0800] "GET /xingrg/kc/base/wldb_order_operate.html?command=get_materiel&rest_code=00111&base_code=0010283&code=00101019108 HTTP/1.1" 200 477
114.83.222.132 - - [13/Feb/2024:10:57:03 +0800] "POST /xingrg/kc/base/wldb_order_operate.html HTTP/1.1" 200 2206
218.81.216.246 - - [13/Feb/2024:10:57:03 +0800] "GET /xingrg/all/function/internal_message.html?_=1707793028731&CODE_STATE=getMsg HTTP/1.1" 302 -
116.237.78.120 - - [13/Feb/2024:10:57:05 +0800] "GET /xingrg/kc/buy/cgsh_order_info.html?code=212024021303990 HTTP/1.1" 200 68382
114.83.222.132 - - [13/Feb/2024:10:57:05 +0800] "GET /xingrg/kc/base/wldb_order_add.html HTTP/1.1" 200 30350
116.237.78.120 - - [13/Feb/2024:10:57:05 +0800] "GET /xingrg/javascript/easyui/themes/default/validatebox.css HTTP/1.1" 404 1104
114.83.222.132 - - [13/Feb/2024:10:57:05 +0800] "POST /xingrg/kc/base/wldb_order_operate.html HTTP/1.1" 200 6806
114.83.222.132 - - [13/Feb/2024:10:57:05 +0800] "GET /xingrg/javascript/easyui/themes/default/validatebox.css HTTP/1.1" 404 1104
101.83.145.37 - - [13/Feb/2024:10:57:08 +0800] "POST /xingrg/kc/buy/cgsh_order_operate.html HTTP/1.1" 200 37
116.237.78.120 - - [13/Feb/2024:10:57:08 +0800] "POST /xingrg/kc/buy/cgsh_order_operate.html HTTP/1.1" 200 1210
116.230.123.222 - - [13/Feb/2024:10:57:08 +0800] "POST /xingrg/kc/base/wldb_order_operate.html HTTP/1.1" 200 37
116.237.78.120 - - [13/Feb/2024:10:57:10 +0800] "GET /xingrg/kc/print/load_data.html?order_code=212024021303990&kc_code=cgsh&condition= HTTP/1.1" 200 1016
101.83.145.37 - - [13/Feb/2024:10:57:10 +0800] "POST /xingrg/kc/buy/cgsh_order_operate.html HTTP/1.1" 200 2669
101.83.145.37 - - [13/Feb/2024:10:57:10 +0800] "GET /xingrg/all/function/internal_message.html?_=1707792795444&CODE_STATE=getMsg HTTP/1.1" 200 27
116.230.123.222 - - [13/Feb/2024:10:57:14 +0800] "POST /xingrg/kc/base/wldb_order_operate.html HTTP/1.1" 200 12
114.83.222.132 - - [13/Feb/2024:10:57:14 +0800] "GET /xingrg/kc/base/wldb_order_operate.html?command=get_materiel&rest_code=00149&base_code=0010395&code=00102034130 HTTP/1.1" 200 463
116.230.123.222 - - [13/Feb/2024:10:57:14 +0800] "POST /xingrg/kc/base/wldb_order_operate.html HTTP/1.1" 200 2718
116.237.78.120 - - [13/Feb/2024:10:57:15 +0800] "GET /xingrg/kc/print/load_data.html?order_code=212024021303990&kc_code=cgsh HTTP/1.1" 200 1016
116.230.123.222 - - [13/Feb/2024:10:57:16 +0800] "GET /xingrg/kc/base/wldb_order_info.html?code=422024021301145 HTTP/1.1" 200 26222
101.83.145.37 - - [13/Feb/2024:10:57:16 +0800] "GET /xingrg/kc/print/load_config.html?kc_code=cgsh HTTP/1.1" 200 1927
116.230.123.222 - - [13/Feb/2024:10:57:16 +0800] "GET /xingrg/javascript/easyui/themes/default/validatebox.css HTTP/1.1" 404 1104
116.230.123.222 - - [13/Feb/2024:10:57:16 +0800] "POST /xingrg/kc/base/wldb_order_operate.html HTTP/1.1" 200 1002
101.83.145.37 - - [13/Feb/2024:10:57:17 +0800] "GET /xingrg/kc/print/load_data.html?order_code=212024021303991&kc_code=cgsh&condition= HTTP/1.1" 200 730
221.239.172.206 - - [13/Feb/2024:10:57:18 +0800] "GET /xingrg/all/function/internal_message.html?_=1707793037480&CODE_STATE=getMsg HTTP/1.1" 200 27
116.230.123.222 - - [13/Feb/2024:10:57:18 +0800] "GET /xingrg/kc/base/wldb_order_add.html HTTP/1.1" 200 30344
116.230.123.222 - - [13/Feb/2024:10:57:19 +0800] "POST /xingrg/kc/base/wldb_order_operate.html HTTP/1.1" 200 6806
116.230.123.222 - - [13/Feb/2024:10:57:19 +0800] "GET /xingrg/javascript/easyui/themes/default/validatebox.css HTTP/1.1" 404 1104
114.83.222.132 - - [13/Feb/2024:10:57:28 +0800] "POST /xingrg/kc/base/wldb_order_operate.html HTTP/1.1" 200 37
114.83.222.132 - - [13/Feb/2024:10:57:28 +0800] "POST /xingrg/kc/base/wldb_order_operate.html HTTP/1.1" 200 2214
116.237.78.120 - - [13/Feb/2024:10:57:36 +0800] "GET /xingrg/kc/buy/cgsh_order_add.html HTTP/1.1" 200 73467
116.230.123.222 - - [13/Feb/2024:10:57:36 +0800] "GET /xingrg/kc/base/wldb_order_operate.html?command=get_materiel&rest_code=00111&base_code=0010306&code=00102004005 HTTP/1.1" 200 432
114.83.222.132 - - [13/Feb/2024:10:57:36 +0800] "GET /xingrg/kc/base/wldb_order_info.html?code=422024021301146 HTTP/1.1" 200 30366
116.237.78.120 - - [13/Feb/2024:10:57:36 +0800] "POST /xingrg/kc/buy/cgsh_order_operate.html HTTP/1.1" 200 8245
116.237.78.120 - - [13/Feb/2024:10:57:36 +0800] "GET /xingrg/javascript/easyui/themes/default/validatebox.css HTTP/1.1" 404 1104
116.230.123.222 - - [13/Feb/2024:10:57:36 +0800] "GET /xingrg/all/function/internal_message.html?_=1707793056693&CODE_STATE=getMsg HTTP/1.1" 200 27
114.83.222.132 - - [13/Feb/2024:10:57:36 +0800] "GET /xingrg/javascript/easyui/themes/default/validatebox.css HTTP/1.1" 404 1104
116.230.123.222 - - [13/Feb/2024:10:57:36 +0800] "GET /xingrg/check_reg.html?_=1707793057053 HTTP/1.1" 200 22
114.83.222.132 - - [13/Feb/2024:10:57:37 +0800] "POST /xingrg/kc/base/wldb_order_operate.html HTTP/1.1" 200 2214
218.81.216.246 - - [13/Feb/2024:10:57:38 +0800] "GET /xingrg/check_reg.html?_=1707793063170 HTTP/1.1" 302 -
101.83.145.37 - - [13/Feb/2024:10:57:38 +0800] "GET /xingrg/kc/buy/cgsh_order_add.html HTTP/1.1" 200 73549
101.83.145.37 - - [13/Feb/2024:10:57:39 +0800] "POST /xingrg/kc/buy/cgsh_order_operate.html HTTP/1.1" 200 8245
101.83.145.37 - - [13/Feb/2024:10:57:39 +0800] "GET /xingrg/javascript/easyui/themes/default/validatebox.css HTTP/1.1" 404 1104
114.83.222.132 - - [13/Feb/2024:10:57:40 +0800] "GET /xingrg/all/function/internal_message.html?_=1707793060888&CODE_STATE=getMsg HTTP/1.1" 200 27
116.224.254.208 - - [13/Feb/2024:10:57:46 +0800] "GET /xingrg/all/function/internal_message.html?_=1707793066080&CODE_STATE=getMsg HTTP/1.1" 200 27
116.237.78.120 - - [13/Feb/2024:10:57:51 +0800] "GET /xingrg/javascript/easyui/themes/default/tree.css HTTP/1.1" 404 1090
116.237.78.120 - - [13/Feb/2024:10:57:52 +0800] "POST /xingrg/all/common/load_tree.html?tree=supplier_tree_json&isDelete=1 HTTP/1.1" 200 78460
114.83.222.132 - - [13/Feb/2024:10:57:52 +0800] "GET /xingrg/kc/base/wldb_order_add.html HTTP/1.1" 200 30350
114.83.222.132 - - [13/Feb/2024:10:57:53 +0800] "POST /xingrg/kc/base/wldb_order_operate.html HTTP/1.1" 200 6806
114.83.222.132 - - [13/Feb/2024:10:57:53 +0800] "GET /xingrg/javascript/easyui/themes/default/validatebox.css HTTP/1.1" 404 1104
124.78.67.200 - - [13/Feb/2024:10:57:53 +0800] "GET /xingrg/all/function/internal_message.html?_=1707793073823&CODE_STATE=getMsg HTTP/1.1" 200 27
221.239.172.206 - - [13/Feb/2024:10:57:53 +0800] "GET /xingrg/check_reg.html?_=1707793072941 HTTP/1.1" 200 22
116.237.78.120 - - [13/Feb/2024:10:57:55 +0800] "GET /xingrg/check_reg.html?_=1707793074345 HTTP/1.1" 200 22
116.237.78.120 - - [13/Feb/2024:10:57:55 +0800] "GET /xingrg/all/function/internal_message.html?_=1707793074798&CODE_STATE=getMsg HTTP/1.1" 200 27
114.83.222.132 - - [13/Feb/2024:10:57:58 +0800] "GET /xingrg/kc/base/wldb_order_operate.html?command=get_materiel&rest_code=00149&base_code=0010394&code=00101019542 HTTP/1.1" 200 445
116.230.123.222 - - [13/Feb/2024:10:58:00 +0800] "GET /xingrg/kc/base/wldb_order_operate.html?command=get_materiel&rest_code=00111&base_code=0010306&code=00102004006 HTTP/1.1" 200 442
218.81.216.246 - - [13/Feb/2024:10:58:03 +0800] "GET /xingrg/all/function/internal_message.html?_=1707793088739&CODE_STATE=getMsg HTTP/1.1" 302 -
116.230.123.222 - - [13/Feb/2024:10:58:06 +0800] "POST /xingrg/kc/base/wldb_order_operate.html HTTP/1.1" 200 37
116.237.78.120 - - [13/Feb/2024:10:58:07 +0800] "GET /xingrg/kc/buy/cgsh_order_operate.html?command=get_materiel&rest_code=00106&code=00101003003&supplier_code=00100093&order_time=2024-02-13 HTTP/1.1" 200 439
180.163.30.76 - - [13/Feb/2024:10:58:10 +0800] "GET /xingrg/kc/print/load_data.html?order_code=212024021303990&kc_code=cgsh&condition= HTTP/1.1" 302 -
180.163.30.76 - - [13/Feb/2024:10:58:10 +0800] "GET /xingrg/login.html HTTP/1.1" 200 7641
101.83.145.37 - - [13/Feb/2024:10:58:10 +0800] "GET /xingrg/all/function/internal_message.html?_=1707792855440&CODE_STATE=getMsg HTTP/1.1" 200 27
101.83.145.37 - - [13/Feb/2024:10:58:10 +0800] "GET /xingrg/check_reg.html?_=1707792855444 HTTP/1.1" 200 22
180.163.28.180 - - [13/Feb/2024:10:58:14 +0800] "GET /xingrg/kc/print/load_data.html?order_code=212024021303990&kc_code=cgsh HTTP/1.1" 302 -
180.163.28.180 - - [13/Feb/2024:10:58:14 +0800] "GET /xingrg/login.html HTTP/1.1" 200 7641
114.83.222.132 - - [13/Feb/2024:10:58:14 +0800] "POST /xingrg/kc/base/wldb_order_operate.html HTTP/1.1" 200 37
116.230.123.222 - - [13/Feb/2024:10:58:16 +0800] "POST /xingrg/kc/base/wldb_order_operate.html HTTP/1.1" 200 12
114.83.222.132 - - [13/Feb/2024:10:58:16 +0800] "GET /xingrg/kc/base/wldb_order_info.html?code=422024021301148 HTTP/1.1" 200 30362
114.83.222.132 - - [13/Feb/2024:10:58:16 +0800] "POST /xingrg/kc/base/wldb_order_operate.html HTTP/1.1" 200 2188
116.230.123.222 - - [13/Feb/2024:10:58:17 +0800] "POST /xingrg/kc/base/wldb_order_operate.html HTTP/1.1" 200 2086
114.83.222.132 - - [13/Feb/2024:10:58:17 +0800] "GET /xingrg/javascript/easyui/themes/default/validatebox.css HTTP/1.1" 404 1104
114.83.222.132 - - [13/Feb/2024:10:58:18 +0800] "POST /xingrg/kc/base/wldb_order_operate.html HTTP/1.1" 200 2188
221.239.172.206 - - [13/Feb/2024:10:58:18 +0800] "GET /xingrg/all/function/internal_message.html?_=1707793097483&CODE_STATE=getMsg HTTP/1.1" 200 27
116.230.123.222 - - [13/Feb/2024:10:58:18 +0800] "GET /xingrg/kc/base/wldb_order_info.html?code=422024021301147 HTTP/1.1" 200 26219
116.230.123.222 - - [13/Feb/2024:10:58:19 +0800] "GET /xingrg/javascript/easyui/themes/default/validatebox.css HTTP/1.1" 404 1104
116.230.123.222 - - [13/Feb/2024:10:58:19 +0800] "POST /xingrg/kc/base/wldb_order_operate.html HTTP/1.1" 200 484
101.83.145.37 - - [13/Feb/2024:10:58:20 +0800] "GET /xingrg/kc/buy/cgsh_order_operate.html?command=get_materiel&rest_code=00105&code=00101001140&supplier_code=00100319&order_time=2024-02-13 HTTP/1.1" 200 438
116.237.78.120 - - [13/Feb/2024:10:58:22 +0800] "GET /xingrg/kc/buy/cgsh_order_operate.html?command=get_materiel&rest_code=00106&code=00101003040&supplier_code=00100093&order_time=2024-02-13 HTTP/1.1" 200 416
116.230.123.222 - - [13/Feb/2024:10:58:22 +0800] "GET /xingrg/kc/base/wldb_order_add.html HTTP/1.1" 200 30344
116.230.123.222 - - [13/Feb/2024:10:58:22 +0800] "POST /xingrg/kc/base/wldb_order_operate.html HTTP/1.1" 200 6806
116.230.123.222 - - [13/Feb/2024:10:58:23 +0800] "GET /xingrg/javascript/easyui/themes/default/validatebox.css HTTP/1.1" 404 1104
114.83.222.132 - - [13/Feb/2024:10:58:25 +0800] "GET /xingrg/kc/base/wldb_order_add.html HTTP/1.1" 200 30350
114.83.222.132 - - [13/Feb/2024:10:58:25 +0800] "POST /xingrg/kc/base/wldb_order_operate.html HTTP/1.1" 200 6806
114.83.222.132 - - [13/Feb/2024:10:58:25 +0800] "GET /xingrg/javascript/easyui/themes/default/validatebox.css HTTP/1.1" 404 1104
114.83.222.132 - - [13/Feb/2024:10:58:31 +0800] "GET /xingrg/kc/base/wldb_order_operate.html?command=get_materiel&rest_code=00149&base_code=0010394&code=00101019199 HTTP/1.1" 200 473
116.237.78.120 - - [13/Feb/2024:10:58:33 +0800] "POST /xingrg/kc/buy/cgsh_order_operate.html HTTP/1.1" 200 37
116.230.123.222 - - [13/Feb/2024:10:58:36 +0800] "GET /xingrg/all/function/internal_message.html?_=1707793116677&CODE_STATE=getMsg HTTP/1.1" 200 27
116.237.78.120 - - [13/Feb/2024:10:58:39 +0800] "POST /xingrg/kc/buy/cgsh_order_operate.html HTTP/1.1" 200 12
116.230.123.222 - - [13/Feb/2024:10:58:39 +0800] "GET /xingrg/kc/base/wldb_order_operate.html?command=get_materiel&rest_code=00111&base_code=0010306&code=00102002448 HTTP/1.1" 200 439
114.83.222.132 - - [13/Feb/2024:10:58:40 +0800] "GET /xingrg/all/function/internal_message.html?_=1707793120861&CODE_STATE=getMsg HTTP/1.1" 200 27
114.83.222.132 - - [13/Feb/2024:10:58:41 +0800] "POST /xingrg/kc/base/wldb_order_operate.html HTTP/1.1" 200 37
114.83.222.132 - - [13/Feb/2024:10:58:42 +0800] "POST /xingrg/kc/base/wldb_order_operate.html HTTP/1.1" 200 2215
116.224.254.208 - - [13/Feb/2024:10:58:46 +0800] "GET /xingrg/all/function/internal_message.html?_=1707793126063&CODE_STATE=getMsg HTTP/1.1" 200 27
116.237.78.120 - - [13/Feb/2024:10:58:46 +0800] "GET /xingrg/kc/buy/cgsh_order_info.html?code=212024021303992 HTTP/1.1" 200 68380
101.83.145.37 - - [13/Feb/2024:10:58:47 +0800] "GET /xingrg/kc/buy/cgsh_order_operate.html?command=get_materiel&rest_code=00105&code=00101001125&supplier_code=00100319&order_time=2024-02-13 HTTP/1.1" 200 417
116.237.78.120 - - [13/Feb/2024:10:58:48 +0800] "GET /xingrg/javascript/easyui/themes/default/validatebox.css HTTP/1.1" 404 1104
116.237.78.120 - - [13/Feb/2024:10:58:49 +0800] "POST /xingrg/kc/buy/cgsh_order_operate.html HTTP/1.1" 200 1213
116.237.78.120 - - [13/Feb/2024:10:58:51 +0800] "GET /xingrg/kc/print/load_data.html?order_code=212024021303992&kc_code=cgsh&condition= HTTP/1.1" 200 1005
116.230.123.222 - - [13/Feb/2024:10:58:53 +0800] "GET /xingrg/kc/base/wldb_order_operate.html?command=get_materiel&rest_code=00111&base_code=0010306&code=00102002314 HTTP/1.1" 200 461
124.78.67.200 - - [13/Feb/2024:10:58:53 +0800] "GET /xingrg/all/function/internal_message.html?_=1707793133804&CODE_STATE=getMsg HTTP/1.1" 200 27
116.237.78.120 - - [13/Feb/2024:10:58:55 +0800] "GET /xingrg/all/function/internal_message.html?_=1707793134775&CODE_STATE=getMsg HTTP/1.1" 200 27
116.237.78.120 - - [13/Feb/2024:10:58:56 +0800] "GET /xingrg/kc/buy/cgsh_order_add.html HTTP/1.1" 200 73467
116.237.78.120 - - [13/Feb/2024:10:58:56 +0800] "POST /xingrg/kc/buy/cgsh_order_operate.html HTTP/1.1" 200 8245
116.237.78.120 - - [13/Feb/2024:10:58:56 +0800] "GET /xingrg/javascript/easyui/themes/default/validatebox.css HTTP/1.1" 404 1104
116.237.78.120 - - [13/Feb/2024:10:58:57 +0800] "GET /xingrg/javascript/easyui/themes/default/tree.css HTTP/1.1" 404 1090
116.237.78.120 - - [13/Feb/2024:10:58:58 +0800] "POST /xingrg/all/common/load_tree.html?tree=supplier_tree_json&isDelete=1 HTTP/1.1" 200 78460
114.83.222.132 - - [13/Feb/2024:10:58:58 +0800] "GET /xingrg/kc/base/wldb_order_info.html?code=422024021301149 HTTP/1.1" 200 30364
114.83.222.132 - - [13/Feb/2024:10:58:59 +0800] "GET /xingrg/javascript/easyui/themes/default/validatebox.css HTTP/1.1" 404 1104
114.83.222.132 - - [13/Feb/2024:10:58:59 +0800] "POST /xingrg/kc/base/wldb_order_operate.html HTTP/1.1" 200 2215
116.230.123.222 - - [13/Feb/2024:10:58:59 +0800] "GET /xingrg/kc/base/wldb_order_operate.html?command=get_materiel&rest_code=00111&base_code=0010306&code=00102002204 HTTP/1.1" 200 447
2.57.149.204 - - [13/Feb/2024:10:59:03 +0800] "/*àCookie: mstshash=Administr " 400 -
114.83.222.132 - - [13/Feb/2024:10:59:03 +0800] "POST /xingrg/kc/base/wldb_list_operate.html HTTP/1.1" 200 5404
218.81.216.246 - - [13/Feb/2024:10:59:03 +0800] "GET /xingrg/all/function/internal_message.html?_=1707793148948&CODE_STATE=getMsg HTTP/1.1" 302 -
116.230.123.222 - - [13/Feb/2024:10:59:06 +0800] "GET /xingrg/kc/base/wldb_order_operate.html?command=get_materiel&rest_code=00111&base_code=0010306&code=00102002304 HTTP/1.1" 200 462
101.83.145.37 - - [13/Feb/2024:10:59:10 +0800] "GET /xingrg/all/function/internal_message.html?_=1707792915453&CODE_STATE=getMsg HTTP/1.1" 200 27
101.83.145.37 - - [13/Feb/2024:10:59:16 +0800] "GET /xingrg/kc/buy/cgsh_order_operate.html?command=get_materiel&rest_code=00105&code=00101001169&supplier_code=00100319&order_time=2024-02-13 HTTP/1.1" 200 417
116.237.78.120 - - [13/Feb/2024:10:59:17 +0800] "GET /xingrg/kc/buy/cgsh_order_operate.html?command=get_materiel&rest_code=00106&code=00101003041&supplier_code=00100094&order_time=2024-02-13 HTTP/1.1" 200 416
221.239.172.206 - - [13/Feb/2024:10:59:18 +0800] "GET /xingrg/all/function/internal_message.html?_=1707793157489&CODE_STATE=getMsg HTTP/1.1" 200 27
218.81.216.246 - - [13/Feb/2024:10:59:23 +0800] "GET /xingrg/check_reg.html?_=1707793169710 HTTP/1.1" 200 22
116.230.123.222 - - [13/Feb/2024:10:59:27 +0800] "POST /xingrg/kc/base/wldb_order_operate.html HTTP/1.1" 200 37
116.230.123.222 - - [13/Feb/2024:10:59:29 +0800] "POST /xingrg/kc/base/wldb_order_operate.html HTTP/1.1" 200 4156
116.230.123.222 - - [13/Feb/2024:10:59:35 +0800] "POST /xingrg/kc/base/wldb_order_operate.html HTTP/1.1" 200 12
116.230.123.222 - - [13/Feb/2024:10:59:38 +0800] "GET /xingrg/kc/base/wldb_order_info.html?code=422024021301150 HTTP/1.1" 200 26223
116.230.123.222 - - [13/Feb/2024:10:59:38 +0800] "GET /xingrg/javascript/easyui/themes/default/validatebox.css HTTP/1.1" 404 1104
116.237.78.120 - - [13/Feb/2024:10:59:38 +0800] "POST /xingrg/kc/buy/cgsh_order_operate.html HTTP/1.1" 200 37
116.230.123.222 - - [13/Feb/2024:10:59:38 +0800] "POST /xingrg/kc/base/wldb_order_operate.html HTTP/1.1" 200 2406
114.83.222.132 - - [13/Feb/2024:10:59:40 +0800] "GET /xingrg/all/function/internal_message.html?_=1707793180841&CODE_STATE=getMsg HTTP/1.1" 200 27
114.83.222.132 - - [13/Feb/2024:10:59:41 +0800] "GET /xingrg/check_reg.html?_=1707793180952 HTTP/1.1" 200 22
116.224.254.208 - - [13/Feb/2024:10:59:46 +0800] "GET /xingrg/all/function/internal_message.html?_=1707793186045&CODE_STATE=getMsg HTTP/1.1" 200 27
116.237.78.120 - - [13/Feb/2024:10:59:46 +0800] "POST /xingrg/kc/buy/cgsh_order_operate.html HTTP/1.1" 200 12
116.237.78.120 - - [13/Feb/2024:10:59:49 +0800] "GET /xingrg/kc/buy/cgsh_order_info.html?code=212024021303993 HTTP/1.1" 200 68378
116.237.78.120 - - [13/Feb/2024:10:59:49 +0800] "GET /xingrg/javascript/easyui/themes/default/validatebox.css HTTP/1.1" 404 1104
116.237.78.120 - - [13/Feb/2024:10:59:50 +0800] "POST /xingrg/kc/buy/cgsh_order_operate.html HTTP/1.1" 200 614
116.237.78.120 - - [13/Feb/2024:10:59:52 +0800] "GET /xingrg/kc/print/load_data.html?order_code=212024021303993&kc_code=cgsh&condition= HTTP/1.1" 200 796
124.78.67.200 - - [13/Feb/2024:10:59:53 +0800] "GET /xingrg/all/function/internal_message.html?_=1707793193778&CODE_STATE=getMsg HTTP/1.1" 200 27
124.78.67.200 - - [13/Feb/2024:10:59:54 +0800] "GET /xingrg/check_reg.html?_=1707793194270 HTTP/1.1" 200 22
180.163.28.55 - - [13/Feb/2024:10:59:55 +0800] "GET /xingrg/all/function/internal_message.html?_=1707793134775&CODE_STATE=getMsg HTTP/1.1" 302 -
116.237.78.120 - - [13/Feb/2024:10:59:55 +0800] "GET /xingrg/all/function/internal_message.html?_=1707793194787&CODE_STATE=getMsg HTTP/1.1" 200 27
180.163.28.55 - - [13/Feb/2024:10:59:55 +0800] "GET /xingrg/login.html HTTP/1.1" 200 7641
116.237.78.120 - - [13/Feb/2024:10:59:57 +0800] "GET /xingrg/kc/buy/cgsh_order_add.html HTTP/1.1" 200 73467
116.237.78.120 - - [13/Feb/2024:10:59:58 +0800] "GET /xingrg/javascript/easyui/themes/default/validatebox.css HTTP/1.1" 404 1104
116.237.78.120 - - [13/Feb/2024:10:59:58 +0800] "POST /xingrg/kc/buy/cgsh_order_operate.html HTTP/1.1" 200 8245
116.237.78.120 - - [13/Feb/2024:10:59:59 +0800] "GET /xingrg/javascript/easyui/themes/default/tree.css HTTP/1.1" 404 1090
116.237.78.120 - - [13/Feb/2024:11:00:00 +0800] "POST /xingrg/all/common/load_tree.html?tree=supplier_tree_json&isDelete=1 HTTP/1.1" 200 78460
116.230.123.222 - - [13/Feb/2024:11:00:00 +0800] "GET /xingrg/kc/base/wldb_order_add.html HTTP/1.1" 200 30344
116.230.123.222 - - [13/Feb/2024:11:00:00 +0800] "POST /xingrg/kc/base/wldb_order_operate.html HTTP/1.1" 200 6806
116.230.123.222 - - [13/Feb/2024:11:00:00 +0800] "GET /xingrg/javascript/easyui/themes/default/validatebox.css HTTP/1.1" 404 1104
218.81.216.246 - - [13/Feb/2024:11:00:03 +0800] "GET /xingrg/all/function/internal_message.html?_=1707793208968&CODE_STATE=getMsg HTTP/1.1" 302 -
101.83.145.37 - - [13/Feb/2024:11:00:09 +0800] "POST /xingrg/kc/buy/cgsh_order_operate.html HTTP/1.1" 200 37
101.83.145.37 - - [13/Feb/2024:11:00:10 +0800] "GET /xingrg/all/function/internal_message.html?_=1707792975508&CODE_STATE=getMsg HTTP/1.1" 200 27
101.83.145.37 - - [13/Feb/2024:11:00:11 +0800] "POST /xingrg/kc/buy/cgsh_order_operate.html HTTP/1.1" 200 3861
180.163.29.206 - - [13/Feb/2024:11:00:14 +0800] "GET /xingrg/kc/buy/cgsh_order_operate.html?command=get_materiel&rest_code=00106&code=00101003041&supplier_code=00100094&order_time=2024-02-13 HTTP/1.1" 302 -
180.163.29.206 - - [13/Feb/2024:11:00:14 +0800] "GET /xingrg/login.html HTTP/1.1" 200 7641
101.83.145.37 - - [13/Feb/2024:11:00:14 +0800] "GET /xingrg/kc/print/load_data.html?order_code=212024021303994&kc_code=cgsh&condition= HTTP/1.1" 200 1140
114.83.222.132 - - [13/Feb/2024:11:00:16 +0800] "POST /xingrg/kc/base/wldb_list_operate.html HTTP/1.1" 200 4
116.237.78.120 - - [13/Feb/2024:11:00:18 +0800] "GET /xingrg/kc/buy/cgsh_order_operate.html?command=get_materiel&rest_code=00106&code=00101005088&supplier_code=00100086&order_time=2024-02-13 HTTP/1.1" 200 414
221.239.172.206 - - [13/Feb/2024:11:00:18 +0800] "GET /xingrg/all/function/internal_message.html?_=1707793217487&CODE_STATE=getMsg HTTP/1.1" 200 27
116.230.123.222 - - [13/Feb/2024:11:00:25 +0800] "GET /xingrg/kc/base/wldb_order_operate.html?command=get_materiel&rest_code=00111&base_code=0010283&code=00101019110 HTTP/1.1" 200 477
101.83.145.37 - - [13/Feb/2024:11:00:32 +0800] "GET /xingrg/kc/buy/cgsh_order_add.html HTTP/1.1" 200 73549
101.83.145.37 - - [13/Feb/2024:11:00:33 +0800] "POST /xingrg/kc/buy/cgsh_order_operate.html HTTP/1.1" 200 8245
101.83.145.37 - - [13/Feb/2024:11:00:33 +0800] "GET /xingrg/javascript/easyui/themes/default/validatebox.css HTTP/1.1" 404 1104
116.230.123.222 - - [13/Feb/2024:11:00:35 +0800] "GET /xingrg/kc/base/wldb_order_operate.html?command=get_materiel&rest_code=00111&base_code=0010283&code=00101019066 HTTP/1.1" 200 455
116.230.123.222 - - [13/Feb/2024:11:00:36 +0800] "GET /xingrg/all/function/internal_message.html?_=1707793236684&CODE_STATE=getMsg HTTP/1.1" 200 27
116.224.254.208 - - [13/Feb/2024:11:00:46 +0800] "GET /xingrg/all/function/internal_message.html?_=1707793246030&CODE_STATE=getMsg HTTP/1.1" 200 27
124.78.67.200 - - [13/Feb/2024:11:00:53 +0800] "GET /xingrg/all/function/internal_message.html?_=1707793253763&CODE_STATE=getMsg HTTP/1.1" 200 27
116.237.78.120 - - [13/Feb/2024:11:00:54 +0800] "POST /xingrg/kc/buy/cgsh_order_operate.html HTTP/1.1" 200 37
101.83.145.37 - - [13/Feb/2024:11:00:57 +0800] "GET /xingrg/kc/buy/cgsh_order_operate.html?command=get_materiel&rest_code=00105&code=00101005037&supplier_code=00100334&order_time=2024-02-13 HTTP/1.1" 200 409
116.224.254.208 - - [13/Feb/2024:11:01:03 +0800] "GET /xingrg/check_reg.html?_=1707793263515 HTTP/1.1" 200 22
218.81.216.246 - - [13/Feb/2024:11:01:04 +0800] "GET /xingrg/all/function/internal_message.html?_=1707793269191&CODE_STATE=getMsg HTTP/1.1" 302 -
116.237.78.120 - - [13/Feb/2024:11:01:08 +0800] "POST /xingrg/kc/buy/cgsh_order_operate.html HTTP/1.1" 200 12
101.83.145.37 - - [13/Feb/2024:11:01:10 +0800] "GET /xingrg/all/function/internal_message.html?_=1707793035485&CODE_STATE=getMsg HTTP/1.1" 200 27
101.83.145.37 - - [13/Feb/2024:11:01:11 +0800] "POST /xingrg/kc/buy/cgsh_order_operate.html HTTP/1.1" 200 37
116.237.78.120 - - [13/Feb/2024:11:01:12 +0800] "GET /xingrg/kc/buy/cgsh_order_info.html?code=212024021303995 HTTP/1.1" 200 68382
116.237.78.120 - - [13/Feb/2024:11:01:13 +0800] "GET /xingrg/javascript/easyui/themes/default/validatebox.css HTTP/1.1" 404 1104
101.83.145.37 - - [13/Feb/2024:11:01:13 +0800] "POST /xingrg/kc/buy/cgsh_order_operate.html HTTP/1.1" 200 2654
116.237.78.120 - - [13/Feb/2024:11:01:14 +0800] "POST /xingrg/kc/buy/cgsh_order_operate.html HTTP/1.1" 200 612
180.163.29.217 - - [13/Feb/2024:11:01:15 +0800] "GET /xingrg/kc/buy/cgsh_order_operate.html?command=get_materiel&rest_code=00106&code=00101005088&supplier_code=00100086&order_time=2024-02-13 HTTP/1.1" 302 -
180.163.29.217 - - [13/Feb/2024:11:01:15 +0800] "GET /xingrg/login.html HTTP/1.1" 200 7641
116.237.78.120 - - [13/Feb/2024:11:01:15 +0800] "GET /xingrg/kc/print/load_data.html?order_code=212024021303995&kc_code=cgsh&condition= HTTP/1.1" 200 779
101.83.145.37 - - [13/Feb/2024:11:01:16 +0800] "GET /xingrg/kc/print/load_data.html?order_code=212024021303996&kc_code=cgsh&condition= HTTP/1.1" 200 667
221.239.172.206 - - [13/Feb/2024:11:01:18 +0800] "GET /xingrg/all/function/internal_message.html?_=1707793277487&CODE_STATE=getMsg HTTP/1.1" 200 27
116.237.78.120 - - [13/Feb/2024:11:01:20 +0800] "GET /xingrg/kc/buy/cgsh_order_add.html HTTP/1.1" 200 73467
116.237.78.120 - - [13/Feb/2024:11:01:21 +0800] "POST /xingrg/kc/buy/cgsh_order_operate.html HTTP/1.1" 200 8245
116.237.78.120 - - [13/Feb/2024:11:01:21 +0800] "GET /xingrg/javascript/easyui/themes/default/validatebox.css HTTP/1.1" 404 1104
116.230.123.222 - - [13/Feb/2024:11:01:23 +0800] "POST /xingrg/kc/base/wldb_order_operate.html HTTP/1.1" 200 37
116.237.78.120 - - [13/Feb/2024:11:01:25 +0800] "GET /xingrg/javascript/easyui/themes/default/tree.css HTTP/1.1" 404 1090
116.237.78.120 - - [13/Feb/2024:11:01:25 +0800] "POST /xingrg/all/common/load_tree.html?tree=supplier_tree_json&isDelete=1 HTTP/1.1" 200 78460
116.230.123.222 - - [13/Feb/2024:11:01:29 +0800] "POST /xingrg/kc/base/wldb_order_operate.html HTTP/1.1" 200 12
116.230.123.222 - - [13/Feb/2024:11:01:29 +0800] "POST /xingrg/kc/base/wldb_order_operate.html HTTP/1.1" 200 3697
101.83.145.37 - - [13/Feb/2024:11:01:36 +0800] "GET /xingrg/kc/buy/cgsh_order_add.html HTTP/1.1" 200 73549
101.83.145.37 - - [13/Feb/2024:11:01:37 +0800] "POST /xingrg/kc/buy/cgsh_order_operate.html HTTP/1.1" 200 8245
101.83.145.37 - - [13/Feb/2024:11:01:37 +0800] "GET /xingrg/javascript/easyui/themes/default/validatebox.css HTTP/1.1" 404 1104
116.230.123.222 - - [13/Feb/2024:11:01:38 +0800] "GET /xingrg/kc/base/wldb_order_info.html?code=422024021301151 HTTP/1.1" 200 26223
116.230.123.222 - - [13/Feb/2024:11:01:39 +0800] "GET /xingrg/javascript/easyui/themes/default/validatebox.css HTTP/1.1" 404 1104
116.230.123.222 - - [13/Feb/2024:11:01:39 +0800] "POST /xingrg/kc/base/wldb_order_operate.html HTTP/1.1" 200 1959
116.237.78.120 - - [13/Feb/2024:11:01:42 +0800] "GET /xingrg/kc/buy/cgsh_order_operate.html?command=get_materiel&rest_code=00106&code=00101003035&supplier_code=00100092&order_time=2024-02-13 HTTP/1.1" 200 414
116.224.254.208 - - [13/Feb/2024:11:01:46 +0800] "GET /xingrg/all/function/internal_message.html?_=1707793306008&CODE_STATE=getMsg HTTP/1.1" 200 27
124.78.67.200 - - [13/Feb/2024:11:01:53 +0800] "GET /xingrg/all/function/internal_message.html?_=1707793313751&CODE_STATE=getMsg HTTP/1.1" 200 27
101.83.145.37 - - [13/Feb/2024:11:01:55 +0800] "GET /xingrg/kc/buy/cgsh_order_operate.html?command=get_materiel&rest_code=00105&code=00101004030&supplier_code=00100312&order_time=2024-02-13 HTTP/1.1" 200 408
116.237.78.120 - - [13/Feb/2024:11:01:56 +0800] "GET /xingrg/all/function/internal_message.html?_=1707793315943&CODE_STATE=getMsg HTTP/1.1" 200 27
218.81.216.246 - - [13/Feb/2024:11:02:04 +0800] "GET /xingrg/all/function/internal_message.html?_=1707793329197&CODE_STATE=getMsg HTTP/1.1" 302 -
116.237.78.120 - - [13/Feb/2024:11:02:06 +0800] "GET /xingrg/kc/buy/cgsh_order_operate.html?command=get_materiel&rest_code=00106&code=00101003006&supplier_code=00100092&order_time=2024-02-13 HTTP/1.1" 200 414
101.83.145.37 - - [13/Feb/2024:11:02:10 +0800] "GET /xingrg/all/function/internal_message.html?_=1707793095458&CODE_STATE=getMsg HTTP/1.1" 200 27
101.83.145.37 - - [13/Feb/2024:11:02:12 +0800] "GET /xingrg/kc/buy/cgsh_order_operate.html?command=get_materiel&rest_code=00105&code=00101001029&supplier_code=00100312&order_time=2024-02-13 HTTP/1.1" 200 417
221.239.172.206 - - [13/Feb/2024:11:02:18 +0800] "GET /xingrg/all/function/internal_message.html?_=1707793337489&CODE_STATE=getMsg HTTP/1.1" 200 27
116.237.78.120 - - [13/Feb/2024:11:02:21 +0800] "POST /xingrg/kc/buy/cgsh_order_operate.html HTTP/1.1" 200 37
116.237.78.120 - - [13/Feb/2024:11:02:28 +0800] "POST /xingrg/kc/buy/cgsh_order_operate.html HTTP/1.1" 200 12
116.237.78.120 - - [13/Feb/2024:11:02:32 +0800] "GET /xingrg/kc/buy/cgsh_order_info.html?code=212024021303997 HTTP/1.1" 200 68380
116.237.78.120 - - [13/Feb/2024:11:02:32 +0800] "GET /xingrg/javascript/easyui/themes/default/validatebox.css HTTP/1.1" 404 1104
101.83.145.37 - - [13/Feb/2024:11:02:35 +0800] "POST /xingrg/kc/buy/cgsh_order_operate.html HTTP/1.1" 200 37
116.237.78.120 - - [13/Feb/2024:11:02:35 +0800] "POST /xingrg/kc/buy/cgsh_order_operate.html HTTP/1.1" 200 1208
116.230.123.222 - - [13/Feb/2024:11:02:36 +0800] "GET /xingrg/all/function/internal_message.html?_=1707793356687&CODE_STATE=getMsg HTTP/1.1" 200 27
116.230.123.222 - - [13/Feb/2024:11:02:36 +0800] "GET /xingrg/check_reg.html?_=1707793357066 HTTP/1.1" 200 22
218.81.216.246 - - [13/Feb/2024:11:02:38 +0800] "GET /xingrg/check_reg.html?_=1707793363390 HTTP/1.1" 302 -
101.83.145.37 - - [13/Feb/2024:11:02:38 +0800] "POST /xingrg/kc/buy/cgsh_order_operate.html HTTP/1.1" 200 3253
180.163.29.206 - - [13/Feb/2024:11:02:39 +0800] "GET /xingrg/kc/buy/cgsh_order_operate.html?command=get_materiel&rest_code=00106&code=00101003035&supplier_code=00100092&order_time=2024-02-13 HTTP/1.1" 302 -
180.163.29.206 - - [13/Feb/2024:11:02:40 +0800] "GET /xingrg/login.html HTTP/1.1" 200 7641
116.237.78.120 - - [13/Feb/2024:11:02:40 +0800] "GET /xingrg/kc/print/load_data.html?order_code=212024021303997&kc_code=cgsh&condition= HTTP/1.1" 200 1003
101.83.145.37 - - [13/Feb/2024:11:02:42 +0800] "GET /xingrg/kc/print/load_data.html?order_code=212024021303998&kc_code=cgsh&condition= HTTP/1.1" 200 897
116.224.254.208 - - [13/Feb/2024:11:02:46 +0800] "GET /xingrg/all/function/internal_message.html?_=1707793365981&CODE_STATE=getMsg HTTP/1.1" 200 27
116.237.78.120 - - [13/Feb/2024:11:02:47 +0800] "GET /xingrg/kc/buy/cgsh_order_add.html HTTP/1.1" 200 73467
116.237.78.120 - - [13/Feb/2024:11:02:48 +0800] "POST /xingrg/kc/buy/cgsh_order_operate.html HTTP/1.1" 200 8245
116.237.78.120 - - [13/Feb/2024:11:02:48 +0800] "GET /xingrg/javascript/easyui/themes/default/validatebox.css HTTP/1.1" 404 1104
116.237.78.120 - - [13/Feb/2024:11:02:48 +0800] "GET /xingrg/javascript/easyui/themes/default/tree.css HTTP/1.1" 404 1090
116.237.78.120 - - [13/Feb/2024:11:02:49 +0800] "POST /xingrg/all/common/load_tree.html?tree=supplier_tree_json&isDelete=1 HTTP/1.1" 200 78460
124.78.67.200 - - [13/Feb/2024:11:02:53 +0800] "GET /xingrg/all/function/internal_message.html?_=1707793373727&CODE_STATE=getMsg HTTP/1.1" 200 27
221.239.172.206 - - [13/Feb/2024:11:02:53 +0800] "GET /xingrg/check_reg.html?_=1707793372950 HTTP/1.1" 200 22
116.237.78.120 - - [13/Feb/2024:11:02:55 +0800] "GET /xingrg/check_reg.html?_=1707793374325 HTTP/1.1" 200 22
116.237.78.120 - - [13/Feb/2024:11:02:56 +0800] "GET /xingrg/all/function/internal_message.html?_=1707793375915&CODE_STATE=getMsg HTTP/1.1" 200 27
101.83.145.37 - - [13/Feb/2024:11:02:59 +0800] "GET /xingrg/kc/buy/cgsh_order_add.html HTTP/1.1" 200 73549
101.83.145.37 - - [13/Feb/2024:11:02:59 +0800] "POST /xingrg/kc/buy/cgsh_order_operate.html HTTP/1.1" 200 8245
101.83.145.37 - - [13/Feb/2024:11:02:59 +0800] "GET /xingrg/javascript/easyui/themes/default/validatebox.css HTTP/1.1" 404 1104
180.163.28.109 - - [13/Feb/2024:11:03:03 +0800] "GET /xingrg/kc/buy/cgsh_order_operate.html?command=get_materiel&rest_code=00106&code=00101003006&supplier_code=00100092&order_time=2024-02-13 HTTP/1.1" 302 -
180.163.28.109 - - [13/Feb/2024:11:03:03 +0800] "GET /xingrg/login.html HTTP/1.1" 200 7641
218.81.216.246 - - [13/Feb/2024:11:03:04 +0800] "GET /xingrg/all/function/internal_message.html?_=1707793389410&CODE_STATE=getMsg HTTP/1.1" 302 -
116.237.78.120 - - [13/Feb/2024:11:03:04 +0800] "GET /xingrg/kc/buy/cgsh_order_operate.html?command=get_materiel&rest_code=00106&code=00101002006&supplier_code=00100091&order_time=2024-02-13 HTTP/1.1" 200 434
101.83.145.37 - - [13/Feb/2024:11:03:10 +0800] "GET /xingrg/check_reg.html?_=1707793155498 HTTP/1.1" 200 22
101.83.145.37 - - [13/Feb/2024:11:03:10 +0800] "GET /xingrg/all/function/internal_message.html?_=1707793155500&CODE_STATE=getMsg HTTP/1.1" 200 27
116.237.78.120 - - [13/Feb/2024:11:03:13 +0800] "GET /xingrg/kc/buy/cgsh_order_operate.html?command=get_materiel&rest_code=00106&code=00101003037&supplier_code=00100091&order_time=2024-02-13 HTTP/1.1" 200 418
221.239.172.206 - - [13/Feb/2024:11:03:18 +0800] "GET /xingrg/all/function/internal_message.html?_=1707793397496&CODE_STATE=getMsg HTTP/1.1" 200 27
116.237.78.120 - - [13/Feb/2024:11:03:27 +0800] "POST /xingrg/kc/buy/cgsh_order_operate.html HTTP/1.1" 200 37
101.83.145.37 - - [13/Feb/2024:11:03:29 +0800] "GET /xingrg/kc/buy/cgsh_order_operate.html?command=get_materiel&rest_code=00105&code=00101001167&supplier_code=00100314&order_time=2024-02-13 HTTP/1.1" 200 412
116.237.78.120 - - [13/Feb/2024:11:03:34 +0800] "POST /xingrg/kc/buy/cgsh_order_operate.html HTTP/1.1" 200 12
116.230.123.222 - - [13/Feb/2024:11:03:36 +0800] "GET /xingrg/all/function/internal_message.html?_=1707793416673&CODE_STATE=getMsg HTTP/1.1" 200 27
116.237.78.120 - - [13/Feb/2024:11:03:37 +0800] "GET /xingrg/kc/buy/cgsh_order_info.html?code=212024021303999 HTTP/1.1" 200 68382
116.237.78.120 - - [13/Feb/2024:11:03:37 +0800] "GET /xingrg/javascript/easyui/themes/default/validatebox.css HTTP/1.1" 404 1104
116.237.78.120 - - [13/Feb/2024:11:03:38 +0800] "POST /xingrg/kc/buy/cgsh_order_operate.html HTTP/1.1" 200 1212
180.163.29.206 - - [13/Feb/2024:11:03:40 +0800] "GET /xingrg/kc/print/load_data.html?order_code=212024021303997&kc_code=cgsh&condition= HTTP/1.1" 302 -
180.163.29.206 - - [13/Feb/2024:11:03:40 +0800] "GET /xingrg/login.html HTTP/1.1" 200 7641
116.237.78.120 - - [13/Feb/2024:11:03:40 +0800] "GET /xingrg/kc/print/load_data.html?order_code=212024021303999&kc_code=cgsh&condition= HTTP/1.1" 200 1023
116.237.78.120 - - [13/Feb/2024:11:03:45 +0800] "GET /xingrg/kc/buy/cgsh_order_add.html HTTP/1.1" 200 73467
116.237.78.120 - - [13/Feb/2024:11:03:46 +0800] "GET /xingrg/javascript/easyui/themes/default/validatebox.css HTTP/1.1" 404 1104
116.237.78.120 - - [13/Feb/2024:11:03:46 +0800] "POST /xingrg/kc/buy/cgsh_order_operate.html HTTP/1.1" 200 8245
116.224.254.208 - - [13/Feb/2024:11:03:46 +0800] "GET /xingrg/all/function/internal_message.html?_=1707793425965&CODE_STATE=getMsg HTTP/1.1" 200 27
101.83.145.37 - - [13/Feb/2024:11:03:48 +0800] "POST /xingrg/kc/buy/cgsh_order_operate.html HTTP/1.1" 200 37
116.237.78.120 - - [13/Feb/2024:11:03:50 +0800] "GET /xingrg/javascript/easyui/themes/default/tree.css HTTP/1.1" 404 1090
116.237.78.120 - - [13/Feb/2024:11:03:50 +0800] "POST /xingrg/all/common/load_tree.html?tree=supplier_tree_json&isDelete=1 HTTP/1.1" 200 78460
116.230.123.222 - - [13/Feb/2024:11:03:50 +0800] "GET /xingrg/kc/base/wldb_order_add.html HTTP/1.1" 200 30344
116.230.123.222 - - [13/Feb/2024:11:03:51 +0800] "GET /xingrg/javascript/easyui/themes/default/validatebox.css HTTP/1.1" 404 1104
116.230.123.222 - - [13/Feb/2024:11:03:51 +0800] "POST /xingrg/kc/base/wldb_order_operate.html HTTP/1.1" 200 6806
101.83.145.37 - - [13/Feb/2024:11:03:52 +0800] "POST /xingrg/kc/buy/cgsh_order_operate.html HTTP/1.1" 200 2659
124.78.67.200 - - [13/Feb/2024:11:03:53 +0800] "GET /xingrg/all/function/internal_message.html?_=1707793433715&CODE_STATE=getMsg HTTP/1.1" 200 27
180.163.30.76 - - [13/Feb/2024:11:03:55 +0800] "GET /xingrg/check_reg.html?_=1707793374325 HTTP/1.1" 302 -
180.163.30.76 - - [13/Feb/2024:11:03:55 +0800] "GET /xingrg/login.html HTTP/1.1" 200 7641
116.237.78.120 - - [13/Feb/2024:11:03:56 +0800] "GET /xingrg/all/function/internal_message.html?_=1707793436029&CODE_STATE=getMsg HTTP/1.1" 200 27
101.83.145.37 - - [13/Feb/2024:11:03:56 +0800] "GET /xingrg/kc/print/load_data.html?order_code=212024021304000&kc_code=cgsh&condition= HTTP/1.1" 200 672
180.163.29.103 - - [13/Feb/2024:11:04:01 +0800] "GET /xingrg/kc/buy/cgsh_order_operate.html?command=get_materiel&rest_code=00106&code=00101002006&supplier_code=00100091&order_time=2024-02-13 HTTP/1.1" 302 -
180.163.29.103 - - [13/Feb/2024:11:04:01 +0800] "GET /xingrg/login.html HTTP/1.1" 200 7641
218.81.216.246 - - [13/Feb/2024:11:04:04 +0800] "GET /xingrg/all/function/internal_message.html?_=1707793449414&CODE_STATE=getMsg HTTP/1.1" 302 -
116.237.78.120 - - [13/Feb/2024:11:04:07 +0800] "GET /xingrg/kc/buy/cgsh_order_operate.html?command=get_materiel&rest_code=00106&code=00101010843&supplier_code=00100547&order_time=2024-02-13 HTTP/1.1" 200 430
101.83.145.37 - - [13/Feb/2024:11:04:10 +0800] "GET /xingrg/all/function/internal_message.html?_=1707793215478&CODE_STATE=getMsg HTTP/1.1" 200 27
101.83.145.37 - - [13/Feb/2024:11:04:15 +0800] "GET /xingrg/kc/buy/cgsh_order_add.html HTTP/1.1" 200 73549
101.83.145.37 - - [13/Feb/2024:11:04:15 +0800] "POST /xingrg/kc/buy/cgsh_order_operate.html HTTP/1.1" 200 8245
101.83.145.37 - - [13/Feb/2024:11:04:15 +0800] "GET /xingrg/javascript/easyui/themes/default/validatebox.css HTTP/1.1" 404 1104
116.230.123.222 - - [13/Feb/2024:11:04:18 +0800] "GET /xingrg/kc/base/wldb_order_operate.html?command=get_materiel&rest_code=00111&base_code=0010306&code=00102002454 HTTP/1.1" 200 449
221.239.172.206 - - [13/Feb/2024:11:04:18 +0800] "GET /xingrg/all/function/internal_message.html?_=1707793457495&CODE_STATE=getMsg HTTP/1.1" 200 27
218.81.216.246 - - [13/Feb/2024:11:04:23 +0800] "GET /xingrg/check_reg.html?_=1707793469712 HTTP/1.1" 200 22
116.230.123.222 - - [13/Feb/2024:11:04:27 +0800] "POST /xingrg/kc/base/wldb_order_operate.html HTTP/1.1" 200 37
116.237.78.120 - - [13/Feb/2024:11:04:28 +0800] "GET /xingrg/kc/buy/cgsh_order_operate.html?command=get_materiel&rest_code=00106&code=00101010081&supplier_code=00100547&order_time=2024-02-13 HTTP/1.1" 200 413
101.83.145.37 - - [13/Feb/2024:11:04:33 +0800] "GET /xingrg/kc/buy/cgsh_order_operate.html?command=get_materiel&rest_code=00105&code=00101002007&supplier_code=00100442&order_time=2024-02-13 HTTP/1.1" 200 410
116.230.123.222 - - [13/Feb/2024:11:04:36 +0800] "POST /xingrg/kc/base/wldb_order_operate.html HTTP/1.1" 200 12
116.230.123.222 - - [13/Feb/2024:11:04:36 +0800] "POST /xingrg/kc/base/wldb_order_operate.html HTTP/1.1" 200 2198
116.237.78.120 - - [13/Feb/2024:11:04:45 +0800] "POST /xingrg/kc/buy/cgsh_order_operate.html HTTP/1.1" 200 37
116.230.123.222 - - [13/Feb/2024:11:04:46 +0800] "GET /xingrg/kc/base/wldb_order_info.html?code=422024021301152 HTTP/1.1" 200 26223
116.224.254.208 - - [13/Feb/2024:11:04:46 +0800] "GET /xingrg/all/function/internal_message.html?_=1707793485949&CODE_STATE=getMsg HTTP/1.1" 200 27
116.230.123.222 - - [13/Feb/2024:11:04:46 +0800] "GET /xingrg/javascript/easyui/themes/default/validatebox.css HTTP/1.1" 404 1104
116.230.123.222 - - [13/Feb/2024:11:04:47 +0800] "POST /xingrg/kc/base/wldb_order_operate.html HTTP/1.1" 200 491
124.78.67.200 - - [13/Feb/2024:11:04:53 +0800] "GET /xingrg/all/function/internal_message.html?_=1707793493698&CODE_STATE=getMsg HTTP/1.1" 200 27
124.78.67.200 - - [13/Feb/2024:11:04:54 +0800] "GET /xingrg/check_reg.html?_=1707793494252 HTTP/1.1" 200 22
180.163.30.27 - - [13/Feb/2024:11:04:56 +0800] "GET /xingrg/all/function/internal_message.html?_=1707793436029&CODE_STATE=getMsg HTTP/1.1" 302 -
101.83.145.37 - - [13/Feb/2024:11:04:56 +0800] "POST /xingrg/kc/buy/cgsh_order_operate.html HTTP/1.1" 200 37
180.163.30.27 - - [13/Feb/2024:11:04:56 +0800] "GET /xingrg/login.html HTTP/1.1" 200 7641
116.237.78.120 - - [13/Feb/2024:11:04:56 +0800] "GET /xingrg/all/function/internal_message.html?_=1707793496003&CODE_STATE=getMsg HTTP/1.1" 200 27
101.83.145.37 - - [13/Feb/2024:11:04:59 +0800] "POST /xingrg/kc/buy/cgsh_order_operate.html HTTP/1.1" 200 2657
116.237.78.120 - - [13/Feb/2024:11:05:03 +0800] "POST /xingrg/kc/buy/cgsh_order_operate.html HTTP/1.1" 200 12
101.83.145.37 - - [13/Feb/2024:11:05:03 +0800] "GET /xingrg/kc/print/load_data.html?order_code=212024021304002&kc_code=cgsh&condition= HTTP/1.1" 200 667
180.163.29.212 - - [13/Feb/2024:11:05:04 +0800] "GET /xingrg/kc/buy/cgsh_order_operate.html?command=get_materiel&rest_code=00106&code=00101010843&supplier_code=00100547&order_time=2024-02-13 HTTP/1.1" 302 -
180.163.29.212 - - [13/Feb/2024:11:05:04 +0800] "GET /xingrg/login.html HTTP/1.1" 200 7641
218.81.216.246 - - [13/Feb/2024:11:05:04 +0800] "GET /xingrg/all/function/internal_message.html?_=1707793509639&CODE_STATE=getMsg HTTP/1.1" 302 -
116.237.78.120 - - [13/Feb/2024:11:05:08 +0800] "GET /xingrg/kc/buy/cgsh_order_info.html?code=212024021304001 HTTP/1.1" 200 68370
116.237.78.120 - - [13/Feb/2024:11:05:09 +0800] "GET /xingrg/javascript/easyui/themes/default/validatebox.css HTTP/1.1" 404 1104
101.83.145.37 - - [13/Feb/2024:11:05:10 +0800] "GET /xingrg/all/function/internal_message.html?_=1707793275465&CODE_STATE=getMsg HTTP/1.1" 200 27
116.237.78.120 - - [13/Feb/2024:11:05:11 +0800] "POST /xingrg/kc/buy/cgsh_order_operate.html HTTP/1.1" 200 627
116.237.78.120 - - [13/Feb/2024:11:05:13 +0800] "GET /xingrg/kc/print/load_data.html?order_code=212024021304001&kc_code=cgsh&condition= HTTP/1.1" 200 710
221.239.172.206 - - [13/Feb/2024:11:05:18 +0800] "GET /xingrg/all/function/internal_message.html?_=1707793517501&CODE_STATE=getMsg HTTP/1.1" 200 27
116.237.78.120 - - [13/Feb/2024:11:05:24 +0800] "GET /xingrg/kc/buy/cgsh_order_add.html HTTP/1.1" 200 73467
116.237.78.120 - - [13/Feb/2024:11:05:24 +0800] "POST /xingrg/kc/buy/cgsh_order_operate.html HTTP/1.1" 200 8245
116.237.78.120 - - [13/Feb/2024:11:05:24 +0800] "GET /xingrg/javascript/easyui/themes/default/validatebox.css HTTP/1.1" 404 1104
116.237.78.120 - - [13/Feb/2024:11:05:25 +0800] "GET /xingrg/javascript/easyui/themes/default/tree.css HTTP/1.1" 404 1090
116.237.78.120 - - [13/Feb/2024:11:05:26 +0800] "POST /xingrg/all/common/load_tree.html?tree=supplier_tree_json&isDelete=1 HTTP/1.1" 200 78460
101.83.145.37 - - [13/Feb/2024:11:05:29 +0800] "GET /xingrg/kc/buy/cgsh_order_add.html HTTP/1.1" 200 73549
101.83.145.37 - - [13/Feb/2024:11:05:29 +0800] "POST /xingrg/kc/buy/cgsh_order_operate.html HTTP/1.1" 200 8245
101.83.145.37 - - [13/Feb/2024:11:05:29 +0800] "GET /xingrg/javascript/easyui/themes/default/validatebox.css HTTP/1.1" 404 1104
116.230.123.222 - - [13/Feb/2024:11:05:36 +0800] "GET /xingrg/all/function/internal_message.html?_=1707793536678&CODE_STATE=getMsg HTTP/1.1" 200 27
116.237.78.120 - - [13/Feb/2024:11:05:46 +0800] "GET /xingrg/kc/buy/cgsh_order_operate.html?command=get_materiel&rest_code=00106&code=00101004051&supplier_code=00100312&order_time=2024-02-13 HTTP/1.1" 200 408
116.224.254.208 - - [13/Feb/2024:11:05:46 +0800] "GET /xingrg/all/function/internal_message.html?_=1707793545927&CODE_STATE=getMsg HTTP/1.1" 200 27
101.83.145.37 - - [13/Feb/2024:11:05:49 +0800] "GET /xingrg/kc/buy/cgsh_order_operate.html?command=get_materiel&rest_code=00105&code=00101003041&supplier_code=00100094&order_time=2024-02-13 HTTP/1.1" 200 418
124.78.67.200 - - [13/Feb/2024:11:05:53 +0800] "GET /xingrg/all/function/internal_message.html?_=1707793553701&CODE_STATE=getMsg HTTP/1.1" 200 27
116.237.78.120 - - [13/Feb/2024:11:05:56 +0800] "GET /xingrg/all/function/internal_message.html?_=1707793555982&CODE_STATE=getMsg HTTP/1.1" 200 27
116.237.78.120 - - [13/Feb/2024:11:06:01 +0800] "GET /xingrg/kc/buy/cgsh_order_operate.html?command=get_materiel&rest_code=00106&code=00101004046&supplier_code=00100312&order_time=2024-02-13 HTTP/1.1" 200 418
116.224.254.208 - - [13/Feb/2024:11:06:03 +0800] "GET /xingrg/check_reg.html?_=1707793563501 HTTP/1.1" 200 22
218.81.216.246 - - [13/Feb/2024:11:06:04 +0800] "GET /xingrg/all/function/internal_message.html?_=1707793569647&CODE_STATE=getMsg HTTP/1.1" 302 -
101.83.145.37 - - [13/Feb/2024:11:06:10 +0800] "GET /xingrg/all/function/internal_message.html?_=1707793335453&CODE_STATE=getMsg HTTP/1.1" 200 27
116.237.78.120 - - [13/Feb/2024:11:06:16 +0800] "GET /xingrg/kc/buy/cgsh_order_operate.html?command=get_materiel&rest_code=00106&code=00101004067&supplier_code=00100312&order_time=2024-02-13 HTTP/1.1" 200 413
221.239.172.206 - - [13/Feb/2024:11:06:18 +0800] "GET /xingrg/all/function/internal_message.html?_=1707793577501&CODE_STATE=getMsg HTTP/1.1" 200 27
101.83.145.37 - - [13/Feb/2024:11:06:28 +0800] "POST /xingrg/kc/buy/cgsh_order_operate.html HTTP/1.1" 200 37
120.253.135.82 - - [13/Feb/2024:11:06:30 +0800] "GET /xingrg/login.html HTTP/1.1" 200 7641
101.83.145.37 - - [13/Feb/2024:11:06:32 +0800] "POST /xingrg/kc/buy/cgsh_order_operate.html HTTP/1.1" 200 2666
116.237.78.120 - - [13/Feb/2024:11:06:32 +0800] "GET /xingrg/kc/buy/cgsh_order_operate.html?command=get_materiel&rest_code=00106&code=00101004020&supplier_code=00100312&order_time=2024-02-13 HTTP/1.1" 200 409
116.230.123.222 - - [13/Feb/2024:11:06:36 +0800] "GET /xingrg/all/function/internal_message.html?_=1707793596663&CODE_STATE=getMsg HTTP/1.1" 200 27
101.83.145.37 - - [13/Feb/2024:11:06:36 +0800] "GET /xingrg/kc/print/load_data.html?order_code=212024021304003&kc_code=cgsh&condition= HTTP/1.1" 200 752
120.253.135.82 - - [13/Feb/2024:11:06:37 +0800] "POST /xingrg/login.do HTTP/1.1" 302 -
120.253.135.82 - - [13/Feb/2024:11:06:37 +0800] "GET /xingrg/index.html?sysBaseUrl=http%3A%2F%2F180.169.147.146%3A18081%2Fxingrg%2F&costTime=1971×tamp=1707793597610 HTTP/1.1" 200 17173
120.253.135.82 - - [13/Feb/2024:11:06:38 +0800] "GET /xingrg/all/function/internal_message.html?_=1707793763676&CODE_STATE=count HTTP/1.1" 200 11
120.253.135.82 - - [13/Feb/2024:11:06:38 +0800] "GET /xingrg/check_reg.html?_=1707793763678 HTTP/1.1" 200 22
120.253.135.82 - - [13/Feb/2024:11:06:38 +0800] "POST /xingrg/all/common/load_tree.html?tree=area_rest_tree_json&manage=1 HTTP/1.1" 200 344
120.253.135.82 - - [13/Feb/2024:11:06:38 +0800] "POST /xingrg/load_menu.html HTTP/1.1" 200 6743
180.163.28.143 - - [13/Feb/2024:11:06:40 +0800] "GET /xingrg/kc/buy/cgsh_order_operate.html?command=get_materiel&rest_code=00106&code=00101004051&supplier_code=00100312&order_time=2024-02-13 HTTP/1.1" 302 -
180.163.28.143 - - [13/Feb/2024:11:06:40 +0800] "GET /xingrg/login.html HTTP/1.1" 200 7641
120.253.135.82 - - [13/Feb/2024:11:06:42 +0800] "GET /xingrg/kc/pszx/mdps_order_list.html?orderType=0 HTTP/1.1" 200 20995
120.253.135.82 - - [13/Feb/2024:11:06:42 +0800] "POST /xingrg/kc/pszx/mdps_list_operate.html HTTP/1.1" 200 2797
116.224.254.208 - - [13/Feb/2024:11:06:46 +0800] "GET /xingrg/all/function/internal_message.html?_=1707793605920&CODE_STATE=getMsg HTTP/1.1" 200 27
116.237.78.120 - - [13/Feb/2024:11:06:49 +0800] "GET /xingrg/kc/buy/cgsh_order_operate.html?command=get_materiel&rest_code=00106&code=00101004013&supplier_code=00100312&order_time=2024-02-13 HTTP/1.1" 200 415
120.253.135.82 - - [13/Feb/2024:11:06:49 +0800] "GET /xingrg/kc/pszx/mdps_order_add.html HTTP/1.1" 200 29064
120.253.135.82 - - [13/Feb/2024:11:06:49 +0800] "POST /xingrg/kc/pszx/mdps_order_operate.html HTTP/1.1" 200 7126
120.253.135.82 - - [13/Feb/2024:11:06:50 +0800] "GET /xingrg/javascript/easyui/themes/default/validatebox.css HTTP/1.1" 404 1104
120.253.135.82 - - [13/Feb/2024:11:06:50 +0800] "GET /xingrg/all/common/auto_word.html?type=base&rest_code=00101 HTTP/1.1" 200 671
120.253.135.82 - - [13/Feb/2024:11:06:51 +0800] "POST /xingrg/all/common/load_combo.html?type=base HTTP/1.1" 200 1169
124.78.67.200 - - [13/Feb/2024:11:06:53 +0800] "GET /xingrg/all/function/internal_message.html?_=1707793613675&CODE_STATE=getMsg HTTP/1.1" 200 27
120.253.135.82 - - [13/Feb/2024:11:06:55 +0800] "GET /xingrg/javascript/easyui/themes/default/tree.css HTTP/1.1" 404 1090
120.253.135.82 - - [13/Feb/2024:11:06:55 +0800] "POST /xingrg/all/common/load_tree.html?tree=area_rest_tree_json&only_rest=1 HTTP/1.1" 200 3503
101.83.145.37 - - [13/Feb/2024:11:06:55 +0800] "GET /xingrg/kc/buy/cgsh_order_add.html HTTP/1.1" 200 73549
101.83.145.37 - - [13/Feb/2024:11:06:55 +0800] "POST /xingrg/kc/buy/cgsh_order_operate.html HTTP/1.1" 200 8245
101.83.145.37 - - [13/Feb/2024:11:06:55 +0800] "GET /xingrg/javascript/easyui/themes/default/validatebox.css HTTP/1.1" 404 1104
116.237.78.120 - - [13/Feb/2024:11:06:56 +0800] "GET /xingrg/all/function/internal_message.html?_=1707793615958&CODE_STATE=getMsg HTTP/1.1" 200 27
