116.230.123.222 - - [13/Feb/2024:17:15:32 +0800] "GET /xingrg/kc/buy/cgsh_order_operate.html?command=get_materiel&rest_code=00111&code=00101006335&supplier_code=00100558&order_time=2024-02-13 HTTP/1.1" 200 414
101.83.145.37 - - [13/Feb/2024:17:15:34 +0800] "GET /xingrg/all/function/internal_message.html?_=1707815499078&CODE_STATE=getMsg HTTP/1.1" 200 27
180.164.1.25 - - [13/Feb/2024:17:15:41 +0800] "GET /xingrg/all/function/internal_message.html?_=1707815740384&CODE_STATE=getMsg HTTP/1.1" 200 27
180.164.1.25 - - [13/Feb/2024:17:15:41 +0800] "GET /xingrg/check_reg.html?_=1707815740900 HTTP/1.1" 200 22
116.224.254.208 - - [13/Feb/2024:17:15:46 +0800] "GET /xingrg/all/function/internal_message.html?_=1707815746576&CODE_STATE=getMsg HTTP/1.1" 200 27
116.224.254.208 - - [13/Feb/2024:17:15:46 +0800] "GET /xingrg/check_reg.html?_=1707815746578 HTTP/1.1" 200 22
124.78.67.200 - - [13/Feb/2024:17:15:47 +0800] "GET /xingrg/all/function/internal_message.html?_=1707815747633&CODE_STATE=getMsg HTTP/1.1" 200 27
116.237.78.120 - - [13/Feb/2024:17:15:48 +0800] "GET /xingrg/all/function/internal_message.html?_=1707815747619&CODE_STATE=getMsg HTTP/1.1" 200 27
218.81.216.246 - - [13/Feb/2024:17:15:48 +0800] "GET /xingrg/all/function/internal_message.html?_=1707815754699&CODE_STATE=getMsg HTTP/1.1" 302 -
116.230.123.222 - - [13/Feb/2024:17:16:08 +0800] "GET /xingrg/kc/buy/cgsh_order_operate.html?command=get_materiel&rest_code=00111&code=00101006284&supplier_code=00100558&order_time=2024-02-13 HTTP/1.1" 200 418
101.228.146.191 - - [13/Feb/2024:17:16:16 +0800] "GET /xingrg/all/function/internal_message.html?_=1707815776600&CODE_STATE=getMsg HTTP/1.1" 200 27
221.239.172.206 - - [13/Feb/2024:17:16:18 +0800] "GET /xingrg/all/function/internal_message.html?_=1707815777892&CODE_STATE=getMsg HTTP/1.1" 200 27
116.230.123.222 - - [13/Feb/2024:17:16:20 +0800] "GET /xingrg/all/function/internal_message.html?_=1707815780247&CODE_STATE=getMsg HTTP/1.1" 200 27
218.81.216.246 - - [13/Feb/2024:17:16:21 +0800] "GET /xingrg/all/function/internal_message.html?_=1707815787947&CODE_STATE=getMsg HTTP/1.1" 200 27
116.230.123.222 - - [13/Feb/2024:17:16:24 +0800] "GET /xingrg/kc/buy/cgsh_order_operate.html?command=get_materiel&rest_code=00111&code=00102026001&supplier_code=00100558&order_time=2024-02-13 HTTP/1.1" 200 409
101.83.145.37 - - [13/Feb/2024:17:16:33 +0800] "POST /xingrg/kc/buy/cgsh_list_operate.html HTTP/1.1" 200 4
116.230.123.222 - - [13/Feb/2024:17:16:38 +0800] "POST /xingrg/kc/buy/cgsh_order_operate.html HTTP/1.1" 200 37
101.83.145.37 - - [13/Feb/2024:17:16:39 +0800] "POST /xingrg/kc/buy/cgsh_list_operate.html HTTP/1.1" 200 986
180.164.1.25 - - [13/Feb/2024:17:16:41 +0800] "GET /xingrg/all/function/internal_message.html?_=1707815800360&CODE_STATE=getMsg HTTP/1.1" 200 27
101.83.145.37 - - [13/Feb/2024:17:16:42 +0800] "GET /xingrg/kc/base/base_main.html HTTP/1.1" 200 12142
101.83.145.37 - - [13/Feb/2024:17:16:44 +0800] "GET /xingrg/kc/base/wldb_order_list.html HTTP/1.1" 200 19013
101.83.145.37 - - [13/Feb/2024:17:16:45 +0800] "POST /xingrg/kc/base/wldb_list_operate.html HTTP/1.1" 200 5496
116.230.123.222 - - [13/Feb/2024:17:16:46 +0800] "POST /xingrg/kc/buy/cgsh_order_operate.html HTTP/1.1" 200 12
116.224.254.208 - - [13/Feb/2024:17:16:46 +0800] "GET /xingrg/all/function/internal_message.html?_=1707815806573&CODE_STATE=getMsg HTTP/1.1" 200 27
124.78.67.200 - - [13/Feb/2024:17:16:47 +0800] "GET /xingrg/all/function/internal_message.html?_=1707815807606&CODE_STATE=getMsg HTTP/1.1" 200 27
116.237.78.120 - - [13/Feb/2024:17:16:48 +0800] "GET /xingrg/all/function/internal_message.html?_=1707815807590&CODE_STATE=getMsg HTTP/1.1" 200 27
218.81.216.246 - - [13/Feb/2024:17:16:48 +0800] "GET /xingrg/all/function/internal_message.html?_=1707815814717&CODE_STATE=getMsg HTTP/1.1" 302 -
116.230.123.222 - - [13/Feb/2024:17:16:49 +0800] "GET /xingrg/kc/buy/cgsh_order_info.html?code=212024021304053 HTTP/1.1" 200 68330
116.230.123.222 - - [13/Feb/2024:17:16:49 +0800] "GET /xingrg/javascript/easyui/themes/default/validatebox.css HTTP/1.1" 404 1104
116.230.123.222 - - [13/Feb/2024:17:16:50 +0800] "POST /xingrg/kc/buy/cgsh_order_operate.html HTTP/1.1" 200 1796
116.230.123.222 - - [13/Feb/2024:17:16:51 +0800] "GET /xingrg/kc/print/load_config.html?kc_code=cgsh HTTP/1.1" 200 1927
116.230.123.222 - - [13/Feb/2024:17:16:52 +0800] "GET /xingrg/kc/print/load_data.html?order_code=212024021304053&kc_code=cgsh&condition= HTTP/1.1" 200 1147
101.228.146.191 - - [13/Feb/2024:17:17:16 +0800] "GET /xingrg/all/function/internal_message.html?_=1707815836583&CODE_STATE=getMsg HTTP/1.1" 200 27
221.239.172.206 - - [13/Feb/2024:17:17:18 +0800] "GET /xingrg/all/function/internal_message.html?_=1707815837891&CODE_STATE=getMsg HTTP/1.1" 200 27
116.230.123.222 - - [13/Feb/2024:17:17:20 +0800] "GET /xingrg/all/function/internal_message.html?_=1707815840251&CODE_STATE=getMsg HTTP/1.1" 200 27
218.81.216.246 - - [13/Feb/2024:17:17:21 +0800] "GET /xingrg/all/function/internal_message.html?_=1707815847962&CODE_STATE=getMsg HTTP/1.1" 200 27
101.83.145.37 - - [13/Feb/2024:17:17:34 +0800] "GET /xingrg/all/function/internal_message.html?_=1707815619079&CODE_STATE=getMsg HTTP/1.1" 200 27
180.164.1.25 - - [13/Feb/2024:17:17:41 +0800] "GET /xingrg/all/function/internal_message.html?_=1707815860344&CODE_STATE=getMsg HTTP/1.1" 200 27
101.83.145.37 - - [13/Feb/2024:17:17:44 +0800] "POST /xingrg/kc/base/wldb_list_operate.html HTTP/1.1" 200 4
218.81.216.246 - - [13/Feb/2024:17:17:45 +0800] "GET /xingrg/check_reg.html?_=1707815871405 HTTP/1.1" 302 -
116.224.254.208 - - [13/Feb/2024:17:17:46 +0800] "GET /xingrg/all/function/internal_message.html?_=1707815866561&CODE_STATE=getMsg HTTP/1.1" 200 27
101.83.145.37 - - [13/Feb/2024:17:17:47 +0800] "POST /xingrg/kc/base/wldb_list_operate.html HTTP/1.1" 200 2557
124.78.67.200 - - [13/Feb/2024:17:17:47 +0800] "GET /xingrg/all/function/internal_message.html?_=1707815867586&CODE_STATE=getMsg HTTP/1.1" 200 27
116.237.78.120 - - [13/Feb/2024:17:17:48 +0800] "GET /xingrg/all/function/internal_message.html?_=1707815867579&CODE_STATE=getMsg HTTP/1.1" 200 27
218.81.216.246 - - [13/Feb/2024:17:17:48 +0800] "GET /xingrg/all/function/internal_message.html?_=1707815874729&CODE_STATE=getMsg HTTP/1.1" 302 -
221.239.172.206 - - [13/Feb/2024:17:17:54 +0800] "GET /xingrg/check_reg.html?_=1707815873336 HTTP/1.1" 200 22
116.237.78.120 - - [13/Feb/2024:17:17:55 +0800] "GET /xingrg/check_reg.html?_=1707815874430 HTTP/1.1" 200 22
116.237.78.120 - - [13/Feb/2024:17:18:03 +0800] "POST /xingrg/services/DataTransmitService HTTP/1.1" 200 524
116.237.78.120 - - [13/Feb/2024:17:18:04 +0800] "POST /xingrg/services/DataTransmitService HTTP/1.1" 200 412
101.83.145.37 - - [13/Feb/2024:17:18:13 +0800] "POST /xingrg/kc/base/wldb_list_operate.html HTTP/1.1" 200 4
101.83.145.37 - - [13/Feb/2024:17:18:15 +0800] "POST /xingrg/kc/base/wldb_list_operate.html HTTP/1.1" 200 928
101.228.146.191 - - [13/Feb/2024:17:18:16 +0800] "GET /xingrg/all/function/internal_message.html?_=1707815896569&CODE_STATE=getMsg HTTP/1.1" 200 27
221.239.172.206 - - [13/Feb/2024:17:18:18 +0800] "GET /xingrg/all/function/internal_message.html?_=1707815897881&CODE_STATE=getMsg HTTP/1.1" 200 27
116.230.123.222 - - [13/Feb/2024:17:18:20 +0800] "GET /xingrg/check_reg.html?_=1707815900247 HTTP/1.1" 200 22
116.230.123.222 - - [13/Feb/2024:17:18:20 +0800] "GET /xingrg/all/function/internal_message.html?_=1707815900248&CODE_STATE=getMsg HTTP/1.1" 200 27
218.81.216.246 - - [13/Feb/2024:17:18:21 +0800] "GET /xingrg/all/function/internal_message.html?_=1707815907974&CODE_STATE=getMsg HTTP/1.1" 200 27
101.83.145.37 - - [13/Feb/2024:17:18:34 +0800] "GET /xingrg/all/function/internal_message.html?_=1707815679061&CODE_STATE=getMsg HTTP/1.1" 200 27
101.83.145.37 - - [13/Feb/2024:17:18:34 +0800] "GET /xingrg/check_reg.html?_=1707815679080 HTTP/1.1" 200 22
180.164.1.25 - - [13/Feb/2024:17:18:41 +0800] "GET /xingrg/all/function/internal_message.html?_=1707815920332&CODE_STATE=getMsg HTTP/1.1" 200 27
116.224.254.208 - - [13/Feb/2024:17:18:46 +0800] "GET /xingrg/all/function/internal_message.html?_=1707815926571&CODE_STATE=getMsg HTTP/1.1" 200 27
124.78.67.200 - - [13/Feb/2024:17:18:47 +0800] "GET /xingrg/all/function/internal_message.html?_=1707815927571&CODE_STATE=getMsg HTTP/1.1" 200 27
116.237.78.120 - - [13/Feb/2024:17:18:48 +0800] "GET /xingrg/all/function/internal_message.html?_=1707815927554&CODE_STATE=getMsg HTTP/1.1" 200 27
218.81.216.246 - - [13/Feb/2024:17:18:48 +0800] "GET /xingrg/all/function/internal_message.html?_=1707815934947&CODE_STATE=getMsg HTTP/1.1" 302 -
101.228.146.191 - - [13/Feb/2024:17:19:16 +0800] "GET /xingrg/all/function/internal_message.html?_=1707815956554&CODE_STATE=getMsg HTTP/1.1" 200 27
101.228.146.191 - - [13/Feb/2024:17:19:17 +0800] "GET /xingrg/check_reg.html?_=1707815957711 HTTP/1.1" 200 22
221.239.172.206 - - [13/Feb/2024:17:19:18 +0800] "GET /xingrg/all/function/internal_message.html?_=1707815957888&CODE_STATE=getMsg HTTP/1.1" 200 27
218.81.216.246 - - [13/Feb/2024:17:19:19 +0800] "GET /xingrg/check_reg.html?_=1707815966306 HTTP/1.1" 200 22
116.230.123.222 - - [13/Feb/2024:17:19:20 +0800] "GET /xingrg/all/function/internal_message.html?_=1707815960247&CODE_STATE=getMsg HTTP/1.1" 200 27
218.81.216.246 - - [13/Feb/2024:17:19:21 +0800] "GET /xingrg/all/function/internal_message.html?_=1707815967987&CODE_STATE=getMsg HTTP/1.1" 200 27
101.83.145.37 - - [13/Feb/2024:17:19:34 +0800] "GET /xingrg/all/function/internal_message.html?_=1707815739034&CODE_STATE=getMsg HTTP/1.1" 200 27
180.164.1.25 - - [13/Feb/2024:17:19:41 +0800] "GET /xingrg/all/function/internal_message.html?_=1707815980324&CODE_STATE=getMsg HTTP/1.1" 200 27
116.224.254.208 - - [13/Feb/2024:17:19:46 +0800] "GET /xingrg/all/function/internal_message.html?_=1707815986570&CODE_STATE=getMsg HTTP/1.1" 200 27
124.78.67.200 - - [13/Feb/2024:17:19:47 +0800] "GET /xingrg/all/function/internal_message.html?_=1707815987548&CODE_STATE=getMsg HTTP/1.1" 200 27
116.237.78.120 - - [13/Feb/2024:17:19:48 +0800] "GET /xingrg/all/function/internal_message.html?_=1707815987523&CODE_STATE=getMsg HTTP/1.1" 200 27
218.81.216.246 - - [13/Feb/2024:17:19:48 +0800] "GET /xingrg/all/function/internal_message.html?_=1707815994958&CODE_STATE=getMsg HTTP/1.1" 302 -
124.78.67.200 - - [13/Feb/2024:17:19:52 +0800] "GET /xingrg/check_reg.html?_=1707815992948 HTTP/1.1" 200 22
101.228.146.191 - - [13/Feb/2024:17:20:16 +0800] "GET /xingrg/all/function/internal_message.html?_=1707816016525&CODE_STATE=getMsg HTTP/1.1" 200 27
221.239.172.206 - - [13/Feb/2024:17:20:18 +0800] "GET /xingrg/all/function/internal_message.html?_=1707816017888&CODE_STATE=getMsg HTTP/1.1" 200 27
116.230.123.222 - - [13/Feb/2024:17:20:20 +0800] "GET /xingrg/all/function/internal_message.html?_=1707816020248&CODE_STATE=getMsg HTTP/1.1" 200 27
218.81.216.246 - - [13/Feb/2024:17:20:21 +0800] "GET /xingrg/all/function/internal_message.html?_=1707816028001&CODE_STATE=getMsg HTTP/1.1" 200 27
101.83.145.37 - - [13/Feb/2024:17:20:34 +0800] "GET /xingrg/all/function/internal_message.html?_=1707815799004&CODE_STATE=getMsg HTTP/1.1" 200 27
116.224.254.208 - - [13/Feb/2024:17:20:38 +0800] "POST /xingrg/kc/base/yddb_list_operate.html HTTP/1.1" 200 1861
180.164.1.25 - - [13/Feb/2024:17:20:41 +0800] "GET /xingrg/all/function/internal_message.html?_=1707816040310&CODE_STATE=getMsg HTTP/1.1" 200 27
180.164.1.25 - - [13/Feb/2024:17:20:41 +0800] "GET /xingrg/check_reg.html?_=1707816040901 HTTP/1.1" 200 22
116.224.254.208 - - [13/Feb/2024:17:20:46 +0800] "GET /xingrg/all/function/internal_message.html?_=1707816046576&CODE_STATE=getMsg HTTP/1.1" 200 27
116.224.254.208 - - [13/Feb/2024:17:20:46 +0800] "GET /xingrg/check_reg.html?_=1707816046577 HTTP/1.1" 200 22
124.78.67.200 - - [13/Feb/2024:17:20:47 +0800] "GET /xingrg/all/function/internal_message.html?_=1707816047539&CODE_STATE=getMsg HTTP/1.1" 200 27
116.237.78.120 - - [13/Feb/2024:17:20:48 +0800] "GET /xingrg/all/function/internal_message.html?_=1707816047499&CODE_STATE=getMsg HTTP/1.1" 200 27
218.81.216.246 - - [13/Feb/2024:17:20:49 +0800] "GET /xingrg/all/function/internal_message.html?_=1707816055198&CODE_STATE=getMsg HTTP/1.1" 302 -
101.228.146.191 - - [13/Feb/2024:17:21:16 +0800] "GET /xingrg/all/function/internal_message.html?_=1707816076522&CODE_STATE=getMsg HTTP/1.1" 200 27
221.239.172.206 - - [13/Feb/2024:17:21:18 +0800] "GET /xingrg/all/function/internal_message.html?_=1707816077886&CODE_STATE=getMsg HTTP/1.1" 200 27
116.230.123.222 - - [13/Feb/2024:17:21:20 +0800] "GET /xingrg/all/function/internal_message.html?_=1707816080255&CODE_STATE=getMsg HTTP/1.1" 200 27
218.81.216.246 - - [13/Feb/2024:17:21:21 +0800] "GET /xingrg/all/function/internal_message.html?_=1707816088015&CODE_STATE=getMsg HTTP/1.1" 200 27
101.83.145.37 - - [13/Feb/2024:17:21:34 +0800] "GET /xingrg/all/function/internal_message.html?_=1707815858973&CODE_STATE=getMsg HTTP/1.1" 200 27
180.164.1.25 - - [13/Feb/2024:17:21:41 +0800] "GET /xingrg/all/function/internal_message.html?_=1707816100299&CODE_STATE=getMsg HTTP/1.1" 200 27
116.224.254.208 - - [13/Feb/2024:17:21:46 +0800] "GET /xingrg/all/function/internal_message.html?_=1707816106573&CODE_STATE=getMsg HTTP/1.1" 200 27
124.78.67.200 - - [13/Feb/2024:17:21:47 +0800] "GET /xingrg/all/function/internal_message.html?_=1707816107515&CODE_STATE=getMsg HTTP/1.1" 200 27
180.163.29.234 - - [13/Feb/2024:17:21:48 +0800] "GET /xingrg/all/function/internal_message.html?_=1707816047499&CODE_STATE=getMsg HTTP/1.1" 302 -
116.237.78.120 - - [13/Feb/2024:17:21:48 +0800] "GET /xingrg/all/function/internal_message.html?_=1707816107484&CODE_STATE=getMsg HTTP/1.1" 200 27
180.163.29.234 - - [13/Feb/2024:17:21:48 +0800] "GET /xingrg/login.html HTTP/1.1" 200 7641
218.81.216.246 - - [13/Feb/2024:17:21:49 +0800] "GET /xingrg/all/function/internal_message.html?_=1707816115209&CODE_STATE=getMsg HTTP/1.1" 302 -
101.228.146.191 - - [13/Feb/2024:17:22:16 +0800] "GET /xingrg/all/function/internal_message.html?_=1707816136505&CODE_STATE=getMsg HTTP/1.1" 200 27
221.239.172.206 - - [13/Feb/2024:17:22:18 +0800] "GET /xingrg/all/function/internal_message.html?_=1707816137886&CODE_STATE=getMsg HTTP/1.1" 200 27
116.230.123.222 - - [13/Feb/2024:17:22:20 +0800] "GET /xingrg/all/function/internal_message.html?_=1707816140253&CODE_STATE=getMsg HTTP/1.1" 200 27
218.81.216.246 - - [13/Feb/2024:17:22:21 +0800] "GET /xingrg/all/function/internal_message.html?_=1707816148029&CODE_STATE=getMsg HTTP/1.1" 200 27
101.83.145.37 - - [13/Feb/2024:17:22:34 +0800] "GET /xingrg/all/function/internal_message.html?_=1707815918959&CODE_STATE=getMsg HTTP/1.1" 200 27
180.164.1.25 - - [13/Feb/2024:17:22:41 +0800] "GET /xingrg/all/function/internal_message.html?_=1707816160280&CODE_STATE=getMsg HTTP/1.1" 200 27
116.224.254.208 - - [13/Feb/2024:17:22:44 +0800] "POST /xingrg/kc/base/yddb_list_operate.html HTTP/1.1" 200 204
218.81.216.246 - - [13/Feb/2024:17:22:45 +0800] "GET /xingrg/check_reg.html?_=1707816171617 HTTP/1.1" 302 -
116.224.254.208 - - [13/Feb/2024:17:22:46 +0800] "GET /xingrg/kc/base/yddb_order_info.html?code=482024021300070 HTTP/1.1" 200 29838
116.224.254.208 - - [13/Feb/2024:17:22:46 +0800] "GET /xingrg/dwr/interface/AjaxComOrderService.js HTTP/1.1" 200 18264
116.224.254.208 - - [13/Feb/2024:17:22:46 +0800] "GET /xingrg/dwr/interface/AjaxYddbService.js HTTP/1.1" 200 13201
116.224.254.208 - - [13/Feb/2024:17:22:46 +0800] "GET /xingrg/dwr/engine.js HTTP/1.1" 200 43631
116.224.254.208 - - [13/Feb/2024:17:22:46 +0800] "GET /xingrg/all/function/internal_message.html?_=1707816166555&CODE_STATE=getMsg HTTP/1.1" 200 27
116.224.254.208 - - [13/Feb/2024:17:22:47 +0800] "POST /xingrg/dwr/call/plaincall/AjaxYddbService.loadMaterielItems.dwr HTTP/1.1" 200 417
124.78.67.200 - - [13/Feb/2024:17:22:47 +0800] "GET /xingrg/all/function/internal_message.html?_=1707816167492&CODE_STATE=getMsg HTTP/1.1" 200 27
116.237.78.120 - - [13/Feb/2024:17:22:48 +0800] "GET /xingrg/all/function/internal_message.html?_=1707816167470&CODE_STATE=getMsg HTTP/1.1" 200 27
218.81.216.246 - - [13/Feb/2024:17:22:49 +0800] "GET /xingrg/all/function/internal_message.html?_=1707816175225&CODE_STATE=getMsg HTTP/1.1" 302 -
116.224.254.208 - - [13/Feb/2024:17:22:49 +0800] "GET /xingrg/kc/base/yddb_order_report.html?fileType=servlets/html&code=482024021300070&reportName=ck_order_report&subName=yddb HTTP/1.1" 302 -
116.224.254.208 - - [13/Feb/2024:17:22:49 +0800] "GET /xingrg/servlets/html?sysBaseUrl=http%3A%2F%2F180.169.147.146%3A18081%2Fxingrg%2F&costTime=412×tamp=1707816169416 HTTP/1.1" 200 14765
116.224.254.208 - - [13/Feb/2024:17:22:49 +0800] "GET /xingrg/servlets/image?image=px HTTP/1.1" 200 807
116.224.254.208 - - [13/Feb/2024:17:22:49 +0800] "GET /favicon.ico HTTP/1.1" 404 -
221.239.172.206 - - [13/Feb/2024:17:22:54 +0800] "GET /xingrg/check_reg.html?_=1707816173348 HTTP/1.1" 200 22
116.237.78.120 - - [13/Feb/2024:17:22:55 +0800] "GET /xingrg/check_reg.html?_=1707816174434 HTTP/1.1" 200 22
114.83.222.132 - - [13/Feb/2024:17:23:11 +0800] "GET /xingrg/login.html HTTP/1.1" 200 7641
114.83.222.132 - - [13/Feb/2024:17:23:12 +0800] "GET /favicon.ico HTTP/1.1" 404 -
101.228.146.191 - - [13/Feb/2024:17:23:16 +0800] "GET /xingrg/all/function/internal_message.html?_=1707816196502&CODE_STATE=getMsg HTTP/1.1" 200 27
221.239.172.206 - - [13/Feb/2024:17:23:18 +0800] "GET /xingrg/all/function/internal_message.html?_=1707816197890&CODE_STATE=getMsg HTTP/1.1" 200 27
116.230.123.222 - - [13/Feb/2024:17:23:20 +0800] "GET /xingrg/check_reg.html?_=1707816200253 HTTP/1.1" 200 22
116.230.123.222 - - [13/Feb/2024:17:23:20 +0800] "GET /xingrg/all/function/internal_message.html?_=1707816200255&CODE_STATE=getMsg HTTP/1.1" 200 27
218.81.216.246 - - [13/Feb/2024:17:23:21 +0800] "GET /xingrg/all/function/internal_message.html?_=1707816208042&CODE_STATE=getMsg HTTP/1.1" 200 27
101.83.145.37 - - [13/Feb/2024:17:23:34 +0800] "GET /xingrg/all/function/internal_message.html?_=1707815978944&CODE_STATE=getMsg HTTP/1.1" 200 27
101.83.145.37 - - [13/Feb/2024:17:23:34 +0800] "GET /xingrg/check_reg.html?_=1707815979086 HTTP/1.1" 200 22
218.81.65.124 - - [13/Feb/2024:17:23:38 +0800] "GET /xingrg/index.html?sysBaseUrl=http%3A%2F%2F180.169.147.146%3A18081%2Fxingrg%2F&costTime=44×tamp=1622098168715 HTTP/1.1" 302 -
218.81.65.124 - - [13/Feb/2024:17:23:38 +0800] "GET /xingrg/login.html HTTP/1.1" 200 7641
218.81.65.124 - - [13/Feb/2024:17:23:38 +0800] "GET /favicon.ico HTTP/1.1" 404 -
114.83.222.132 - - [13/Feb/2024:17:23:39 +0800] "POST /xingrg/login.do HTTP/1.1" 302 -
114.83.222.132 - - [13/Feb/2024:17:23:39 +0800] "GET /xingrg/index.html?sysBaseUrl=http%3A%2F%2F180.169.147.146%3A18081%2Fxingrg%2F&costTime=87×tamp=1707816219759 HTTP/1.1" 200 16968
114.83.222.132 - - [13/Feb/2024:17:23:39 +0800] "GET /favicon.ico HTTP/1.1" 404 -
114.83.222.132 - - [13/Feb/2024:17:23:40 +0800] "GET /xingrg/check_reg.html?_=1707816217965 HTTP/1.1" 200 22
114.83.222.132 - - [13/Feb/2024:17:23:40 +0800] "GET /xingrg/all/function/internal_message.html?_=1707816217964&CODE_STATE=count HTTP/1.1" 200 11
114.83.222.132 - - [13/Feb/2024:17:23:40 +0800] "POST /xingrg/load_menu.html HTTP/1.1" 200 677
114.83.222.132 - - [13/Feb/2024:17:23:40 +0800] "POST /xingrg/all/common/load_tree.html?tree=area_rest_tree_json&manage=1 HTTP/1.1" 200 3624
180.164.1.25 - - [13/Feb/2024:17:23:41 +0800] "GET /xingrg/all/function/internal_message.html?_=1707816220277&CODE_STATE=getMsg HTTP/1.1" 200 27
218.81.65.124 - - [13/Feb/2024:17:23:41 +0800] "POST /xingrg/login.do HTTP/1.1" 302 -
218.81.65.124 - - [13/Feb/2024:17:23:41 +0800] "GET /xingrg/index.html?sysBaseUrl=http%3A%2F%2F180.169.147.146%3A18081%2Fxingrg%2F&costTime=799×tamp=1707816221916 HTTP/1.1" 200 17179
218.81.65.124 - - [13/Feb/2024:17:23:42 +0800] "GET /favicon.ico HTTP/1.1" 404 -
218.81.65.124 - - [13/Feb/2024:17:23:42 +0800] "GET /xingrg/all/function/internal_message.html?_=1707816224791&CODE_STATE=count HTTP/1.1" 200 11
218.81.65.124 - - [13/Feb/2024:17:23:42 +0800] "GET /xingrg/check_reg.html?_=1707816224792 HTTP/1.1" 200 22
218.81.65.124 - - [13/Feb/2024:17:23:42 +0800] "POST /xingrg/all/common/load_tree.html?tree=area_rest_tree_json&manage=1 HTTP/1.1" 200 351
218.81.65.124 - - [13/Feb/2024:17:23:42 +0800] "POST /xingrg/load_menu.html HTTP/1.1" 200 5138
114.83.222.132 - - [13/Feb/2024:17:23:43 +0800] "GET /xingrg/dma/sys/data_clear.html HTTP/1.1" 200 12693
114.83.222.132 - - [13/Feb/2024:17:23:43 +0800] "GET /xingrg/dwr/interface/AjaxReportQueryService.js HTTP/1.1" 200 13203
114.83.222.132 - - [13/Feb/2024:17:23:43 +0800] "GET /xingrg/dwr/engine.js HTTP/1.1" 200 43631
114.83.222.132 - - [13/Feb/2024:17:23:43 +0800] "GET /xingrg/dwr/util.js HTTP/1.1" 304 -
114.83.222.132 - - [13/Feb/2024:17:23:43 +0800] "POST /xingrg/all/common/load_tree.html?tree=station_tree_json HTTP/1.1" 200 3218
114.83.222.132 - - [13/Feb/2024:17:23:44 +0800] "POST /xingrg/all/common/load_tree.html?tree=station_tree_json HTTP/1.1" 200 3218
218.81.65.124 - - [13/Feb/2024:17:23:45 +0800] "GET /xingrg/kc/base/kc_stocks.html HTTP/1.1" 200 16560
218.81.65.124 - - [13/Feb/2024:17:23:46 +0800] "GET /xingrg/javascript/easyui/themes/default/tree.css HTTP/1.1" 404 1090
218.81.65.124 - - [13/Feb/2024:17:23:46 +0800] "GET /xingrg/all/common/auto_word.html?type=base&rest_code=00148 HTTP/1.1" 200 1799
218.81.65.124 - - [13/Feb/2024:17:23:46 +0800] "POST /xingrg/all/common/load_tree.html?tree=materiel_sort_tree_json HTTP/1.1" 200 9734
218.81.65.124 - - [13/Feb/2024:17:23:46 +0800] "GET /xingrg/kc/base/crk_hz.html HTTP/1.1" 200 11247
116.224.254.208 - - [13/Feb/2024:17:23:46 +0800] "GET /xingrg/all/function/internal_message.html?_=1707816226555&CODE_STATE=getMsg HTTP/1.1" 200 27
218.81.65.124 - - [13/Feb/2024:17:23:46 +0800] "POST /xingrg/kc/cost/cost_operate.html?command=get_base_tree HTTP/1.1" 200 2583
218.81.65.124 - - [13/Feb/2024:17:23:46 +0800] "POST /xingrg/all/common/load_tree.html?tree=materiel_sort_tree_json HTTP/1.1" 200 9734
124.78.67.200 - - [13/Feb/2024:17:23:47 +0800] "GET /xingrg/all/function/internal_message.html?_=1707816227481&CODE_STATE=getMsg HTTP/1.1" 200 27
116.237.78.120 - - [13/Feb/2024:17:23:48 +0800] "GET /xingrg/all/function/internal_message.html?_=1707816227447&CODE_STATE=getMsg HTTP/1.1" 200 27
218.81.216.246 - - [13/Feb/2024:17:23:49 +0800] "GET /xingrg/all/function/internal_message.html?_=1707816235449&CODE_STATE=getMsg HTTP/1.1" 302 -
218.81.65.124 - - [13/Feb/2024:17:23:52 +0800] "GET /xingrg/kc/base/crk_hz.html?_=1707816234593&command=get_cost_id&end_date=2024-02-29&start_date=2024-02-01 HTTP/1.1" 200 51
218.81.65.124 - - [13/Feb/2024:17:23:52 +0800] "GET /xingrg/all/report/report_query.html?isQuery=1&onlyBody=1&rh=99999&rw=1800&varString=start:20240201,cost_id:4882,mid:20240201&fileName=kc/base/crk_hz_type_by_base.xml&queryString=%20a.base_code%20in%20('0010015')%20&queryText=ÈÕÆÚ£º2024-02-01ÖÁ2024-02-29%20²Ö¿â£ºÔ±¹¤²Í&tableQueryString=materiel_table$sp1$$sp$before_table$sp1$$sp$crk_table$sp1$order_day%20between%2020240201%20and%2020240229 HTTP/1.1" 200 49400
218.81.65.124 - - [13/Feb/2024:17:23:52 +0800] "GET /xingrg/dwr/interface/AjaxReportQueryService.js HTTP/1.1" 200 13203
218.81.65.124 - - [13/Feb/2024:17:23:52 +0800] "GET /xingrg/dwr/engine.js HTTP/1.1" 200 43631
218.81.65.124 - - [13/Feb/2024:17:23:56 +0800] "POST /xingrg/all/report/load_report_page.html HTTP/1.1" 200 94513
218.81.65.124 - - [13/Feb/2024:17:23:56 +0800] "GET /xingrg/servlets/image?cache=0.2861979398692299&image=px HTTP/1.1" 200 807
114.83.222.132 - - [13/Feb/2024:17:24:13 +0800] "POST /xingrg/dma/sys/setting_operate.html HTTP/1.1" 200 4
101.228.146.191 - - [13/Feb/2024:17:24:16 +0800] "GET /xingrg/all/function/internal_message.html?_=1707816256488&CODE_STATE=getMsg HTTP/1.1" 200 27
101.228.146.191 - - [13/Feb/2024:17:24:17 +0800] "GET /xingrg/check_reg.html?_=1707816257708 HTTP/1.1" 200 22
221.239.172.206 - - [13/Feb/2024:17:24:18 +0800] "GET /xingrg/all/function/internal_message.html?_=1707816257891&CODE_STATE=getMsg HTTP/1.1" 200 27
218.81.216.246 - - [13/Feb/2024:17:24:19 +0800] "GET /xingrg/check_reg.html?_=1707816266310 HTTP/1.1" 200 22
116.230.123.222 - - [13/Feb/2024:17:24:20 +0800] "GET /xingrg/all/function/internal_message.html?_=1707816260254&CODE_STATE=getMsg HTTP/1.1" 200 27
218.81.216.246 - - [13/Feb/2024:17:24:21 +0800] "GET /xingrg/all/function/internal_message.html?_=1707816268055&CODE_STATE=getMsg HTTP/1.1" 200 27
101.83.145.37 - - [13/Feb/2024:17:24:34 +0800] "GET /xingrg/all/function/internal_message.html?_=1707816039018&CODE_STATE=getMsg HTTP/1.1" 200 27
180.164.1.25 - - [13/Feb/2024:17:24:41 +0800] "GET /xingrg/all/function/internal_message.html?_=1707816280260&CODE_STATE=getMsg HTTP/1.1" 200 27
218.81.65.124 - - [13/Feb/2024:17:24:42 +0800] "GET /xingrg/all/function/internal_message.html?_=1707816284798&CODE_STATE=getMsg HTTP/1.1" 200 27
116.224.254.208 - - [13/Feb/2024:17:24:46 +0800] "GET /xingrg/all/function/internal_message.html?_=1707816286565&CODE_STATE=getMsg HTTP/1.1" 200 27
124.78.67.200 - - [13/Feb/2024:17:24:47 +0800] "GET /xingrg/all/function/internal_message.html?_=1707816287456&CODE_STATE=getMsg HTTP/1.1" 200 27
116.237.78.120 - - [13/Feb/2024:17:24:48 +0800] "GET /xingrg/all/function/internal_message.html?_=1707816287418&CODE_STATE=getMsg HTTP/1.1" 200 27
218.81.216.246 - - [13/Feb/2024:17:24:49 +0800] "GET /xingrg/all/function/internal_message.html?_=1707816295462&CODE_STATE=getMsg HTTP/1.1" 302 -
124.78.67.200 - - [13/Feb/2024:17:24:52 +0800] "GET /xingrg/check_reg.html?_=1707816292933 HTTP/1.1" 200 22
101.228.146.191 - - [13/Feb/2024:17:25:16 +0800] "GET /xingrg/all/function/internal_message.html?_=1707816316460&CODE_STATE=getMsg HTTP/1.1" 200 27
221.239.172.206 - - [13/Feb/2024:17:25:18 +0800] "GET /xingrg/all/function/internal_message.html?_=1707816317891&CODE_STATE=getMsg HTTP/1.1" 200 27
116.230.123.222 - - [13/Feb/2024:17:25:20 +0800] "GET /xingrg/all/function/internal_message.html?_=1707816320255&CODE_STATE=getMsg HTTP/1.1" 200 27
218.81.216.246 - - [13/Feb/2024:17:25:21 +0800] "GET /xingrg/all/function/internal_message.html?_=1707816328070&CODE_STATE=getMsg HTTP/1.1" 200 27
101.83.145.37 - - [13/Feb/2024:17:25:34 +0800] "GET /xingrg/all/function/internal_message.html?_=1707816099071&CODE_STATE=getMsg HTTP/1.1" 200 27
180.164.1.25 - - [13/Feb/2024:17:25:41 +0800] "GET /xingrg/all/function/internal_message.html?_=1707816340246&CODE_STATE=getMsg HTTP/1.1" 200 27
180.164.1.25 - - [13/Feb/2024:17:25:41 +0800] "GET /xingrg/check_reg.html?_=1707816340902 HTTP/1.1" 200 22
218.81.65.124 - - [13/Feb/2024:17:25:42 +0800] "GET /xingrg/all/function/internal_message.html?_=1707816344801&CODE_STATE=getMsg HTTP/1.1" 200 27
116.224.254.208 - - [13/Feb/2024:17:25:46 +0800] "GET /xingrg/all/function/internal_message.html?_=1707816346563&CODE_STATE=getMsg HTTP/1.1" 200 27
116.224.254.208 - - [13/Feb/2024:17:25:46 +0800] "GET /xingrg/check_reg.html?_=1707816346566 HTTP/1.1" 200 22
124.78.67.200 - - [13/Feb/2024:17:25:47 +0800] "GET /xingrg/all/function/internal_message.html?_=1707816347449&CODE_STATE=getMsg HTTP/1.1" 200 27
116.237.78.120 - - [13/Feb/2024:17:25:48 +0800] "GET /xingrg/all/function/internal_message.html?_=1707816347391&CODE_STATE=getMsg HTTP/1.1" 200 27
218.81.216.246 - - [13/Feb/2024:17:25:49 +0800] "GET /xingrg/all/function/internal_message.html?_=1707816355689&CODE_STATE=getMsg HTTP/1.1" 302 -
101.228.146.191 - - [13/Feb/2024:17:26:16 +0800] "GET /xingrg/all/function/internal_message.html?_=1707816376430&CODE_STATE=getMsg HTTP/1.1" 200 27
221.239.172.206 - - [13/Feb/2024:17:26:18 +0800] "GET /xingrg/all/function/internal_message.html?_=1707816377891&CODE_STATE=getMsg HTTP/1.1" 200 27
116.230.123.222 - - [13/Feb/2024:17:26:20 +0800] "GET /xingrg/all/function/internal_message.html?_=1707816380254&CODE_STATE=getMsg HTTP/1.1" 200 27
218.81.216.246 - - [13/Feb/2024:17:26:21 +0800] "GET /xingrg/all/function/internal_message.html?_=1707816388082&CODE_STATE=getMsg HTTP/1.1" 200 27
101.83.145.37 - - [13/Feb/2024:17:26:34 +0800] "GET /xingrg/all/function/internal_message.html?_=1707816159065&CODE_STATE=getMsg HTTP/1.1" 200 27
180.164.1.25 - - [13/Feb/2024:17:26:41 +0800] "GET /xingrg/all/function/internal_message.html?_=1707816400228&CODE_STATE=getMsg HTTP/1.1" 200 27
218.81.65.124 - - [13/Feb/2024:17:26:42 +0800] "GET /xingrg/all/function/internal_message.html?_=1707816404806&CODE_STATE=getMsg HTTP/1.1" 200 27
116.224.254.208 - - [13/Feb/2024:17:26:46 +0800] "GET /xingrg/all/function/internal_message.html?_=1707816406558&CODE_STATE=getMsg HTTP/1.1" 200 27
124.78.67.200 - - [13/Feb/2024:17:26:47 +0800] "GET /xingrg/all/function/internal_message.html?_=1707816407425&CODE_STATE=getMsg HTTP/1.1" 200 27
116.237.78.120 - - [13/Feb/2024:17:26:48 +0800] "GET /xingrg/all/function/internal_message.html?_=1707816407377&CODE_STATE=getMsg HTTP/1.1" 200 27
218.81.216.246 - - [13/Feb/2024:17:26:49 +0800] "GET /xingrg/all/function/internal_message.html?_=1707816415692&CODE_STATE=getMsg HTTP/1.1" 302 -
116.230.123.222 - - [13/Feb/2024:17:27:14 +0800] "GET /xingrg/kc/mdqp/qp_main.html HTTP/1.1" 200 10633
116.230.123.222 - - [13/Feb/2024:17:27:14 +0800] "GET /xingrg/images/blue/button/qqpsd.gif HTTP/1.1" 200 2548
116.230.123.222 - - [13/Feb/2024:17:27:14 +0800] "GET /xingrg/images/blue/button/psshd.gif HTTP/1.1" 200 2692
116.230.123.222 - - [13/Feb/2024:17:27:14 +0800] "GET /xingrg/images/blue/button/pszx.gif HTTP/1.1" 200 2648
116.230.123.222 - - [13/Feb/2024:17:27:14 +0800] "GET /xingrg/kc/base/base_main.html HTTP/1.1" 200 12142
101.228.146.191 - - [13/Feb/2024:17:27:16 +0800] "GET /xingrg/all/function/internal_message.html?_=1707816436411&CODE_STATE=getMsg HTTP/1.1" 200 27
116.230.123.222 - - [13/Feb/2024:17:27:18 +0800] "GET /xingrg/kc/base/yddb_order_list.html HTTP/1.1" 200 16618
116.230.123.222 - - [13/Feb/2024:17:27:18 +0800] "GET /xingrg/javascript/jquery_tools/images/prev.gif HTTP/1.1" 404 1086
116.230.123.222 - - [13/Feb/2024:17:27:18 +0800] "GET /xingrg/javascript/jquery_tools/images/next.gif HTTP/1.1" 404 1086
116.230.123.222 - - [13/Feb/2024:17:27:18 +0800] "POST /xingrg/kc/base/yddb_list_operate.html HTTP/1.1" 200 636
221.239.172.206 - - [13/Feb/2024:17:27:18 +0800] "GET /xingrg/all/function/internal_message.html?_=1707816437892&CODE_STATE=getMsg HTTP/1.1" 200 27
116.230.123.222 - - [13/Feb/2024:17:27:20 +0800] "POST /xingrg/kc/base/yddb_list_operate.html HTTP/1.1" 200 636
116.230.123.222 - - [13/Feb/2024:17:27:20 +0800] "GET /xingrg/all/function/internal_message.html?_=1707816440260&CODE_STATE=getMsg HTTP/1.1" 200 27
116.230.123.222 - - [13/Feb/2024:17:27:20 +0800] "POST /xingrg/kc/base/yddb_list_operate.html HTTP/1.1" 200 636
218.81.216.246 - - [13/Feb/2024:17:27:21 +0800] "GET /xingrg/all/function/internal_message.html?_=1707816448097&CODE_STATE=getMsg HTTP/1.1" 200 27
116.230.123.222 - - [13/Feb/2024:17:27:21 +0800] "POST /xingrg/kc/base/yddb_list_operate.html HTTP/1.1" 200 636
116.230.123.222 - - [13/Feb/2024:17:27:26 +0800] "POST /xingrg/kc/base/yddb_list_operate.html HTTP/1.1" 200 4317
116.230.123.222 - - [13/Feb/2024:17:27:28 +0800] "POST /xingrg/kc/base/yddb_list_operate.html HTTP/1.1" 200 214
101.83.145.37 - - [13/Feb/2024:17:27:34 +0800] "GET /xingrg/all/function/internal_message.html?_=1707816219116&CODE_STATE=getMsg HTTP/1.1" 200 27
180.164.1.25 - - [13/Feb/2024:17:27:41 +0800] "GET /xingrg/all/function/internal_message.html?_=1707816460214&CODE_STATE=getMsg HTTP/1.1" 200 27
218.81.65.124 - - [13/Feb/2024:17:27:42 +0800] "GET /xingrg/all/function/internal_message.html?_=1707816464802&CODE_STATE=getMsg HTTP/1.1" 200 27
116.232.194.112 - - [13/Feb/2024:17:27:44 +0800] "POST /xingrg/services/DataTransmitService HTTP/1.1" 200 524
116.232.194.112 - - [13/Feb/2024:17:27:45 +0800] "POST /xingrg/services/DataTransmitService HTTP/1.1" 200 412
218.81.216.246 - - [13/Feb/2024:17:27:46 +0800] "GET /xingrg/check_reg.html?_=1707816471825 HTTP/1.1" 302 -
116.224.254.208 - - [13/Feb/2024:17:27:46 +0800] "GET /xingrg/all/function/internal_message.html?_=1707816466554&CODE_STATE=getMsg HTTP/1.1" 200 27
124.78.67.200 - - [13/Feb/2024:17:27:47 +0800] "GET /xingrg/all/function/internal_message.html?_=1707816467401&CODE_STATE=getMsg HTTP/1.1" 200 27
116.237.78.120 - - [13/Feb/2024:17:27:48 +0800] "GET /xingrg/all/function/internal_message.html?_=1707816467353&CODE_STATE=getMsg HTTP/1.1" 200 27
218.81.216.246 - - [13/Feb/2024:17:27:49 +0800] "GET /xingrg/all/function/internal_message.html?_=1707816475706&CODE_STATE=getMsg HTTP/1.1" 302 -
221.239.172.206 - - [13/Feb/2024:17:27:54 +0800] "GET /xingrg/check_reg.html?_=1707816473351 HTTP/1.1" 200 22
116.237.78.120 - - [13/Feb/2024:17:27:55 +0800] "GET /xingrg/check_reg.html?_=1707816474438 HTTP/1.1" 200 22
101.228.146.191 - - [13/Feb/2024:17:28:16 +0800] "GET /xingrg/all/function/internal_message.html?_=1707816496396&CODE_STATE=getMsg HTTP/1.1" 200 27
221.239.172.206 - - [13/Feb/2024:17:28:18 +0800] "GET /xingrg/all/function/internal_message.html?_=1707816497899&CODE_STATE=getMsg HTTP/1.1" 200 27
116.230.123.222 - - [13/Feb/2024:17:28:20 +0800] "GET /xingrg/all/function/internal_message.html?_=1707816500259&CODE_STATE=getMsg HTTP/1.1" 200 27
116.230.123.222 - - [13/Feb/2024:17:28:20 +0800] "GET /xingrg/check_reg.html?_=1707816500263 HTTP/1.1" 200 22
218.81.216.246 - - [13/Feb/2024:17:28:21 +0800] "GET /xingrg/all/function/internal_message.html?_=1707816508110&CODE_STATE=getMsg HTTP/1.1" 200 27
218.81.65.124 - - [13/Feb/2024:17:28:23 +0800] "GET /xingrg/kc/base/wldb_order_list.html HTTP/1.1" 200 19019
218.81.65.124 - - [13/Feb/2024:17:28:24 +0800] "POST /xingrg/kc/base/wldb_list_operate.html HTTP/1.1" 200 928
101.83.145.37 - - [13/Feb/2024:17:28:34 +0800] "GET /xingrg/check_reg.html?_=1707816279173 HTTP/1.1" 200 22
101.83.145.37 - - [13/Feb/2024:17:28:34 +0800] "GET /xingrg/all/function/internal_message.html?_=1707816279174&CODE_STATE=getMsg HTTP/1.1" 200 27
180.164.1.25 - - [13/Feb/2024:17:28:41 +0800] "GET /xingrg/all/function/internal_message.html?_=1707816520193&CODE_STATE=getMsg HTTP/1.1" 200 27
116.224.254.208 - - [13/Feb/2024:17:28:46 +0800] "GET /xingrg/all/function/internal_message.html?_=1707816526566&CODE_STATE=getMsg HTTP/1.1" 200 27
124.78.67.200 - - [13/Feb/2024:17:28:47 +0800] "GET /xingrg/all/function/internal_message.html?_=1707816527378&CODE_STATE=getMsg HTTP/1.1" 200 27
116.237.78.120 - - [13/Feb/2024:17:28:48 +0800] "GET /xingrg/all/function/internal_message.html?_=1707816527327&CODE_STATE=getMsg HTTP/1.1" 200 27
218.81.216.246 - - [13/Feb/2024:17:28:49 +0800] "GET /xingrg/all/function/internal_message.html?_=1707816535940&CODE_STATE=getMsg HTTP/1.1" 302 -
180.163.30.100 - - [13/Feb/2024:17:28:55 +0800] "GET /xingrg/check_reg.html?_=1707816474438 HTTP/1.1" 302 -
180.163.30.100 - - [13/Feb/2024:17:28:55 +0800] "GET /xingrg/login.html HTTP/1.1" 200 7641
101.228.146.191 - - [13/Feb/2024:17:29:16 +0800] "GET /xingrg/all/function/internal_message.html?_=1707816556380&CODE_STATE=getMsg HTTP/1.1" 200 27
101.228.146.191 - - [13/Feb/2024:17:29:17 +0800] "GET /xingrg/check_reg.html?_=1707816557693 HTTP/1.1" 200 22
221.239.172.206 - - [13/Feb/2024:17:29:18 +0800] "GET /xingrg/all/function/internal_message.html?_=1707816557889&CODE_STATE=getMsg HTTP/1.1" 200 27
218.81.216.246 - - [13/Feb/2024:17:29:19 +0800] "GET /xingrg/check_reg.html?_=1707816566318 HTTP/1.1" 200 22
116.230.123.222 - - [13/Feb/2024:17:29:20 +0800] "GET /xingrg/all/function/internal_message.html?_=1707816560263&CODE_STATE=getMsg HTTP/1.1" 200 27
218.81.216.246 - - [13/Feb/2024:17:29:21 +0800] "GET /xingrg/all/function/internal_message.html?_=1707816568123&CODE_STATE=getMsg HTTP/1.1" 200 27
101.83.145.37 - - [13/Feb/2024:17:29:34 +0800] "GET /xingrg/all/function/internal_message.html?_=1707816339242&CODE_STATE=getMsg HTTP/1.1" 200 27
180.164.1.25 - - [13/Feb/2024:17:29:41 +0800] "GET /xingrg/all/function/internal_message.html?_=1707816580184&CODE_STATE=getMsg HTTP/1.1" 200 27
116.224.254.208 - - [13/Feb/2024:17:29:46 +0800] "GET /xingrg/all/function/internal_message.html?_=1707816586562&CODE_STATE=getMsg HTTP/1.1" 200 27
124.78.67.200 - - [13/Feb/2024:17:29:47 +0800] "GET /xingrg/all/function/internal_message.html?_=1707816587360&CODE_STATE=getMsg HTTP/1.1" 200 27
116.237.78.120 - - [13/Feb/2024:17:29:48 +0800] "GET /xingrg/all/function/internal_message.html?_=1707816587298&CODE_STATE=getMsg HTTP/1.1" 200 27
218.81.216.246 - - [13/Feb/2024:17:29:49 +0800] "GET /xingrg/all/function/internal_message.html?_=1707816595959&CODE_STATE=getMsg HTTP/1.1" 302 -
124.78.67.200 - - [13/Feb/2024:17:29:52 +0800] "GET /xingrg/check_reg.html?_=1707816592922 HTTP/1.1" 200 22
116.235.92.110 - - [13/Feb/2024:17:30:03 +0800] "POST /xingrg/services/DataTransmitService HTTP/1.1" 401 565
116.235.92.110 - - [13/Feb/2024:17:30:03 +0800] "POST /xingrg/services/DataTransmitService HTTP/1.1" 200 478
116.235.92.110 - - [13/Feb/2024:17:30:03 +0800] "POST /xingrg/services/DataTransmitService HTTP/1.1" 200 1319
116.235.92.110 - - [13/Feb/2024:17:30:04 +0800] "POST /xingrg/services/DataTransmitService HTTP/1.1" 200 478
116.235.92.110 - - [13/Feb/2024:17:30:04 +0800] "POST /xingrg/services/DataTransmitService HTTP/1.1" 200 1319
116.235.92.110 - - [13/Feb/2024:17:30:04 +0800] "POST /xingrg/services/DataTransmitService HTTP/1.1" 200 524
116.235.92.110 - - [13/Feb/2024:17:30:04 +0800] "POST /xingrg/services/DataTransmitService HTTP/1.1" 200 2311
116.235.92.110 - - [13/Feb/2024:17:30:05 +0800] "POST /xingrg/services/DataTransmitService HTTP/1.1" 200 45454
116.235.92.110 - - [13/Feb/2024:17:30:05 +0800] "POST /xingrg/services/DataTransmitService HTTP/1.1" 200 19237
218.81.216.246 - - [13/Feb/2024:17:30:08 +0800] "GET /xingrg/kc/base/base_main.html HTTP/1.1" 200 12142
218.81.216.246 - - [13/Feb/2024:17:30:09 +0800] "GET /xingrg/css/blue.css HTTP/1.1" 304 -
218.81.216.246 - - [13/Feb/2024:17:30:09 +0800] "GET /xingrg/javascript/jquery.utils.js HTTP/1.1" 304 -
218.81.216.246 - - [13/Feb/2024:17:30:09 +0800] "GET /xingrg/javascript/jquery-1.4.2.min.js HTTP/1.1" 304 -
218.81.216.246 - - [13/Feb/2024:17:30:09 +0800] "GET /xingrg/javascript/pic_change.js HTTP/1.1" 304 -
218.81.216.246 - - [13/Feb/2024:17:30:09 +0800] "GET /xingrg/javascript/jquery_easy_ui/themes/icon.css HTTP/1.1" 304 -
218.81.216.246 - - [13/Feb/2024:17:30:09 +0800] "GET /xingrg/javascript/jquery_easy_ui/themes/default/easyui.css HTTP/1.1" 304 -
218.81.216.246 - - [13/Feb/2024:17:30:09 +0800] "GET /xingrg/javascript/myfunction.js HTTP/1.1" 304 -
218.81.216.246 - - [13/Feb/2024:17:30:09 +0800] "GET /favicon.ico HTTP/1.1" 404 -
218.81.216.246 - - [13/Feb/2024:17:30:09 +0800] "GET /xingrg/kc/base/base_main.html HTTP/1.1" 200 12142
116.230.123.222 - - [13/Feb/2024:17:30:11 +0800] "POST /xingrg/kc/base/yddb_list_operate.html HTTP/1.1" 200 4317
218.81.216.246 - - [13/Feb/2024:17:30:11 +0800] "GET /xingrg/kc/base/wldb_order_list.html HTTP/1.1" 200 19019
218.81.216.246 - - [13/Feb/2024:17:30:11 +0800] "GET /xingrg/css/base.css HTTP/1.1" 304 -
218.81.216.246 - - [13/Feb/2024:17:30:11 +0800] "GET /xingrg/css/site.css HTTP/1.1" 304 -
218.81.216.246 - - [13/Feb/2024:17:30:11 +0800] "GET /xingrg/javascript/jquery_tools/datebox.css HTTP/1.1" 304 -
218.81.216.246 - - [13/Feb/2024:17:30:11 +0800] "GET /xingrg/javascript/auto/jquery.autocomplete.css HTTP/1.1" 304 -
218.81.216.246 - - [13/Feb/2024:17:30:11 +0800] "GET /xingrg/javascript/jquery_tools/jquery.tools.hotkey.js HTTP/1.1" 304 -
218.81.216.246 - - [13/Feb/2024:17:30:11 +0800] "GET /xingrg/javascript/jquery_tools/fix.css HTTP/1.1" 304 -
218.81.216.246 - - [13/Feb/2024:17:30:11 +0800] "GET /xingrg/javascript/easyui/themes/icon.css HTTP/1.1" 304 -
218.81.216.246 - - [13/Feb/2024:17:30:11 +0800] "GET /xingrg/javascript/easyui/themes/default/easyui.css HTTP/1.1" 304 -
218.81.216.246 - - [13/Feb/2024:17:30:11 +0800] "GET /xingrg/javascript/jquery_tools/jquery.tools.min.js HTTP/1.1" 304 -
218.81.216.246 - - [13/Feb/2024:17:30:11 +0800] "GET /xingrg/javascript/jquery_tools/table.css HTTP/1.1" 304 -
218.81.216.246 - - [13/Feb/2024:17:30:11 +0800] "GET /xingrg/javascript/jquery_tools/jquery.tools.extend.js HTTP/1.1" 304 -
218.81.216.246 - - [13/Feb/2024:17:30:11 +0800] "GET /xingrg/javascript/jquery_tools/jquery.tools.table.js HTTP/1.1" 304 -
218.81.216.246 - - [13/Feb/2024:17:30:11 +0800] "GET /xingrg/javascript/auto/jquery.autocomplete.js HTTP/1.1" 304 -
218.81.216.246 - - [13/Feb/2024:17:30:11 +0800] "GET /xingrg/javascript/jquery_tools/list_manager.js HTTP/1.1" 304 -
218.81.216.246 - - [13/Feb/2024:17:30:11 +0800] "GET /xingrg/javascript/easyui/easyloader.js HTTP/1.1" 304 -
218.81.216.246 - - [13/Feb/2024:17:30:11 +0800] "GET /xingrg/javascript/jquery.cookie.js HTTP/1.1" 304 -
218.81.216.246 - - [13/Feb/2024:17:30:11 +0800] "GET /xingrg/javascript/print/LodopFuncs.js HTTP/1.1" 304 -
218.81.216.246 - - [13/Feb/2024:17:30:11 +0800] "GET /xingrg/javascript/easyui/plugins/jquery.parser.js HTTP/1.1" 304 -
218.81.216.246 - - [13/Feb/2024:17:30:12 +0800] "POST /xingrg/kc/base/wldb_list_operate.html HTTP/1.1" 200 928
101.228.146.191 - - [13/Feb/2024:17:30:16 +0800] "GET /xingrg/all/function/internal_message.html?_=1707816616365&CODE_STATE=getMsg HTTP/1.1" 200 27
221.239.172.206 - - [13/Feb/2024:17:30:18 +0800] "GET /xingrg/all/function/internal_message.html?_=1707816617900&CODE_STATE=getMsg HTTP/1.1" 200 27
116.230.123.222 - - [13/Feb/2024:17:30:20 +0800] "GET /xingrg/all/function/internal_message.html?_=1707816620268&CODE_STATE=getMsg HTTP/1.1" 200 27
116.230.123.222 - - [13/Feb/2024:17:30:20 +0800] "GET /xingrg/kc/base/base_main.html HTTP/1.1" 200 12142
218.81.216.246 - - [13/Feb/2024:17:30:21 +0800] "GET /xingrg/all/function/internal_message.html?_=1707816628138&CODE_STATE=getMsg HTTP/1.1" 200 27
116.230.123.222 - - [13/Feb/2024:17:30:21 +0800] "GET /xingrg/kc/base/yddb_order_list.html HTTP/1.1" 200 16618
116.230.123.222 - - [13/Feb/2024:17:30:22 +0800] "GET /xingrg/javascript/jquery_tools/images/prev.gif HTTP/1.1" 404 1086
116.230.123.222 - - [13/Feb/2024:17:30:22 +0800] "GET /xingrg/javascript/jquery_tools/images/next.gif HTTP/1.1" 404 1086
116.230.123.222 - - [13/Feb/2024:17:30:22 +0800] "POST /xingrg/kc/base/yddb_list_operate.html HTTP/1.1" 200 636
218.81.216.246 - - [13/Feb/2024:17:30:22 +0800] "GET /xingrg/kc/base/wldb_order_add.html HTTP/1.1" 200 30350
218.81.216.246 - - [13/Feb/2024:17:30:22 +0800] "GET /xingrg/javascript/jquery_tools/order_manager.js HTTP/1.1" 304 -
218.81.216.246 - - [13/Feb/2024:17:30:22 +0800] "GET /xingrg/javascript/convert.js HTTP/1.1" 304 -
218.81.216.246 - - [13/Feb/2024:17:30:22 +0800] "GET /xingrg/javascript/json2.js HTTP/1.1" 304 -
218.81.216.246 - - [13/Feb/2024:17:30:22 +0800] "GET /xingrg/javascript/print/kc_print.js HTTP/1.1" 304 -
218.81.216.246 - - [13/Feb/2024:17:30:22 +0800] "GET /xingrg/words/20240208113601_words.js HTTP/1.1" 304 -
218.81.216.246 - - [13/Feb/2024:17:30:22 +0800] "POST /xingrg/kc/base/wldb_order_operate.html HTTP/1.1" 200 6806
218.81.216.246 - - [13/Feb/2024:17:30:23 +0800] "GET /xingrg/javascript/easyui/themes/icons/edit_remove.png HTTP/1.1" 304 -
218.81.216.246 - - [13/Feb/2024:17:30:23 +0800] "GET /xingrg/all/common/auto_word.html?type=base&rest_code=00146 HTTP/1.1" 200 1799
218.81.216.246 - - [13/Feb/2024:17:30:23 +0800] "GET /xingrg/all/common/auto_word.html?type=base&rest_code=00146 HTTP/1.1" 200 1799
218.81.216.246 - - [13/Feb/2024:17:30:23 +0800] "GET /xingrg/javascript/easyui/themes/default/validatebox.css HTTP/1.1" 404 1104
218.81.216.246 - - [13/Feb/2024:17:30:23 +0800] "GET /xingrg/javascript/easyui/plugins/jquery.validatebox.js HTTP/1.1" 304 -
218.81.216.246 - - [13/Feb/2024:17:30:23 +0800] "GET /xingrg/javascript/easyui/plugins/jquery.numberbox.js HTTP/1.1" 304 -
116.230.123.222 - - [13/Feb/2024:17:30:23 +0800] "POST /xingrg/kc/base/yddb_list_operate.html HTTP/1.1" 200 636
218.81.216.246 - - [13/Feb/2024:17:30:26 +0800] "GET /xingrg/javascript/auto/indicator.gif HTTP/1.1" 404 1066
218.81.216.246 - - [13/Feb/2024:17:30:31 +0800] "GET /xingrg/javascript/jquery_tools/images/prev.gif HTTP/1.1" 404 1086
218.81.216.246 - - [13/Feb/2024:17:30:31 +0800] "GET /xingrg/javascript/jquery_tools/images/next.gif HTTP/1.1" 404 1086
101.83.145.37 - - [13/Feb/2024:17:30:34 +0800] "GET /xingrg/all/function/internal_message.html?_=1707816399265&CODE_STATE=getMsg HTTP/1.1" 200 27
116.230.123.222 - - [13/Feb/2024:17:30:37 +0800] "POST /xingrg/kc/base/yddb_list_operate.html HTTP/1.1" 200 2109
116.230.123.222 - - [13/Feb/2024:17:30:38 +0800] "POST /xingrg/kc/base/yddb_list_operate.html HTTP/1.1" 200 215
116.230.123.222 - - [13/Feb/2024:17:30:39 +0800] "GET /xingrg/kc/base/yddb_order_info.html?code=482024021300069 HTTP/1.1" 200 31807
116.230.123.222 - - [13/Feb/2024:17:30:39 +0800] "GET /xingrg/dwr/interface/AjaxComOrderService.js HTTP/1.1" 200 18264
116.230.123.222 - - [13/Feb/2024:17:30:39 +0800] "GET /xingrg/dwr/interface/AjaxYddbService.js HTTP/1.1" 200 13201
116.230.123.222 - - [13/Feb/2024:17:30:39 +0800] "GET /xingrg/dwr/engine.js HTTP/1.1" 200 43631
116.230.123.222 - - [13/Feb/2024:17:30:39 +0800] "GET /xingrg/javascript/AjaxInfoList.js HTTP/1.1" 200 3774
116.230.123.222 - - [13/Feb/2024:17:30:39 +0800] "GET /xingrg/dwr/util.js HTTP/1.1" 200 35990
116.230.123.222 - - [13/Feb/2024:17:30:39 +0800] "GET /xingrg/javascript/checkform.js HTTP/1.1" 200 18351
116.230.123.222 - - [13/Feb/2024:17:30:39 +0800] "GET /xingrg/javascript/Grid.js HTTP/1.1" 200 58908
116.230.123.222 - - [13/Feb/2024:17:30:39 +0800] "GET /xingrg/javascript/Calendar.js HTTP/1.1" 200 31561
116.230.123.222 - - [13/Feb/2024:17:30:39 +0800] "GET /xingrg/javascript/jquery_easy_ui/themes/icons/edit_add_new.png HTTP/1.1" 200 2997
116.230.123.222 - - [13/Feb/2024:17:30:39 +0800] "GET /xingrg/javascript/jquery_easy_ui/themes/default/images/menu_downarrow.png HTTP/1.1" 200 173
116.230.123.222 - - [13/Feb/2024:17:30:39 +0800] "GET /xingrg/javascript/jquery_easy_ui/themes/icons/check_new.png HTTP/1.1" 200 3224
116.230.123.222 - - [13/Feb/2024:17:30:39 +0800] "GET /xingrg/javascript/jquery_easy_ui/themes/icons/print.png HTTP/1.1" 200 1057
116.230.123.222 - - [13/Feb/2024:17:30:39 +0800] "GET /xingrg/javascript/jquery_easy_ui/themes/icons/back_new.png HTTP/1.1" 200 3414
116.230.123.222 - - [13/Feb/2024:17:30:39 +0800] "GET /xingrg/images/blue/wait.gif HTTP/1.1" 200 1100
116.230.123.222 - - [13/Feb/2024:17:30:39 +0800] "GET /xingrg/images/blue/kc_tab_mid.gif HTTP/1.1" 200 44
116.230.123.222 - - [13/Feb/2024:17:30:39 +0800] "GET /xingrg/images/blue/kc_tab_left.gif HTTP/1.1" 200 188
116.230.123.222 - - [13/Feb/2024:17:30:39 +0800] "GET /xingrg/images/blue/kc_tab_right.gif HTTP/1.1" 200 643
116.230.123.222 - - [13/Feb/2024:17:30:40 +0800] "POST /xingrg/dwr/call/plaincall/AjaxYddbService.loadMaterielItems.dwr HTTP/1.1" 200 410
218.81.216.246 - - [13/Feb/2024:17:30:40 +0800] "GET /xingrg/kc/base/wldb_order_operate.html?command=get_materiel&rest_code=00146&base_code=0010063&code=00101019373 HTTP/1.1" 200 466
180.164.1.25 - - [13/Feb/2024:17:30:41 +0800] "GET /xingrg/all/function/internal_message.html?_=1707816640181&CODE_STATE=getMsg HTTP/1.1" 200 27
180.164.1.25 - - [13/Feb/2024:17:30:41 +0800] "GET /xingrg/check_reg.html?_=1707816640886 HTTP/1.1" 200 22
116.230.123.222 - - [13/Feb/2024:17:30:42 +0800] "GET /xingrg/javascript/jquery_easy_ui/themes/default/images/button_plain_hover.png HTTP/1.1" 200 252
116.224.254.208 - - [13/Feb/2024:17:30:46 +0800] "GET /xingrg/all/function/internal_message.html?_=1707816646556&CODE_STATE=getMsg HTTP/1.1" 200 27
116.224.254.208 - - [13/Feb/2024:17:30:46 +0800] "GET /xingrg/check_reg.html?_=1707816646558 HTTP/1.1" 200 22
124.78.67.200 - - [13/Feb/2024:17:30:47 +0800] "GET /xingrg/all/function/internal_message.html?_=1707816647339&CODE_STATE=getMsg HTTP/1.1" 200 27
116.237.78.120 - - [13/Feb/2024:17:30:48 +0800] "GET /xingrg/all/function/internal_message.html?_=1707816647269&CODE_STATE=getMsg HTTP/1.1" 200 27
218.81.216.246 - - [13/Feb/2024:17:30:50 +0800] "GET /xingrg/all/function/internal_message.html?_=1707816656187&CODE_STATE=getMsg HTTP/1.1" 302 -
116.230.123.222 - - [13/Feb/2024:17:30:50 +0800] "POST /xingrg/dwr/call/plaincall/AjaxYddbService.objCheckOrder.dwr HTTP/1.1" 200 192
116.235.92.110 - - [13/Feb/2024:17:30:54 +0800] "POST /xingrg/services/DataTransmitService HTTP/1.1" 200 524
218.81.216.246 - - [13/Feb/2024:17:31:01 +0800] "GET /xingrg/kc/base/wldb_order_operate.html?command=get_materiel&rest_code=00146&base_code=0010063&code=00102002258 HTTP/1.1" 200 446
116.230.123.222 - - [13/Feb/2024:17:31:05 +0800] "POST /xingrg/dwr/call/plaincall/AjaxYddbService.saveOrder.dwr HTTP/1.1" 200 78
116.230.123.222 - - [13/Feb/2024:17:31:16 +0800] "POST /xingrg/dwr/call/plaincall/AjaxYddbService.objCheckOrder.dwr HTTP/1.1" 200 78
101.228.146.191 - - [13/Feb/2024:17:31:16 +0800] "GET /xingrg/all/function/internal_message.html?_=1707816676356&CODE_STATE=getMsg HTTP/1.1" 200 27
221.239.172.206 - - [13/Feb/2024:17:31:18 +0800] "GET /xingrg/all/function/internal_message.html?_=1707816677900&CODE_STATE=getMsg HTTP/1.1" 200 27
218.81.216.246 - - [13/Feb/2024:17:31:19 +0800] "POST /xingrg/kc/base/wldb_order_operate.html HTTP/1.1" 200 37
218.81.216.246 - - [13/Feb/2024:17:31:20 +0800] "POST /xingrg/kc/base/wldb_order_operate.html HTTP/1.1" 200 2208
218.81.216.246 - - [13/Feb/2024:17:31:21 +0800] "GET /xingrg/all/function/internal_message.html?_=1707816688151&CODE_STATE=getMsg HTTP/1.1" 200 27
218.81.216.246 - - [13/Feb/2024:17:31:21 +0800] "GET /xingrg/kc/base/wldb_order_info.html?code=422024021301166 HTTP/1.1" 200 30361
116.230.123.222 - - [13/Feb/2024:17:31:21 +0800] "GET /xingrg/kc/base/yddb_order_info.html?code=482024021300069 HTTP/1.1" 200 31928
116.230.123.222 - - [13/Feb/2024:17:31:21 +0800] "GET /xingrg/dwr/interface/AjaxComOrderService.js HTTP/1.1" 200 18264
116.230.123.222 - - [13/Feb/2024:17:31:21 +0800] "GET /xingrg/dwr/interface/AjaxYddbService.js HTTP/1.1" 200 13201
116.230.123.222 - - [13/Feb/2024:17:31:21 +0800] "GET /xingrg/dwr/engine.js HTTP/1.1" 200 43631
