116.237.78.120 - - [13/Feb/2024:10:27:54 +0800] "GET /xingrg/all/function/internal_message.html?_=1707791274223&CODE_STATE=getMsg HTTP/1.1" 200 27
180.163.29.217 - - [13/Feb/2024:10:27:55 +0800] "GET /xingrg/all/function/internal_message.html?_=1707791214254&CODE_STATE=getMsg HTTP/1.1" 302 -
116.237.78.120 - - [13/Feb/2024:10:27:55 +0800] "GET /xingrg/check_reg.html?_=1707791274444 HTTP/1.1" 200 22
180.163.29.217 - - [13/Feb/2024:10:27:55 +0800] "GET /xingrg/login.html HTTP/1.1" 200 7641
58.40.7.146 - - [13/Feb/2024:10:27:56 +0800] "POST /xingrg/services/DataTransmitService HTTP/1.1" 200 524
218.81.216.246 - - [13/Feb/2024:10:28:00 +0800] "GET /xingrg/all/function/internal_message.html?_=1707791285226&CODE_STATE=getMsg HTTP/1.1" 302 -
101.83.145.37 - - [13/Feb/2024:10:28:10 +0800] "GET /xingrg/check_reg.html?_=1707791055377 HTTP/1.1" 200 22
101.83.145.37 - - [13/Feb/2024:10:28:10 +0800] "GET /xingrg/all/function/internal_message.html?_=1707791055380&CODE_STATE=getMsg HTTP/1.1" 200 27
221.239.172.206 - - [13/Feb/2024:10:28:18 +0800] "GET /xingrg/all/function/internal_message.html?_=1707791297461&CODE_STATE=getMsg HTTP/1.1" 200 27
116.232.194.112 - - [13/Feb/2024:10:28:35 +0800] "GET /xingrg/check_reg.html?_=1707791310804 HTTP/1.1" 200 22
116.232.194.112 - - [13/Feb/2024:10:28:35 +0800] "GET /xingrg/all/function/internal_message.html?_=1707791310807&CODE_STATE=getMsg HTTP/1.1" 200 27
116.224.254.208 - - [13/Feb/2024:10:28:47 +0800] "GET /xingrg/all/function/internal_message.html?_=1707791326648&CODE_STATE=getMsg HTTP/1.1" 200 27
124.78.67.200 - - [13/Feb/2024:10:28:54 +0800] "GET /xingrg/all/function/internal_message.html?_=1707791334370&CODE_STATE=getMsg HTTP/1.1" 200 27
116.237.78.120 - - [13/Feb/2024:10:28:54 +0800] "GET /xingrg/all/function/internal_message.html?_=1707791334197&CODE_STATE=getMsg HTTP/1.1" 200 27
180.163.30.100 - - [13/Feb/2024:10:28:55 +0800] "GET /xingrg/all/function/internal_message.html?_=1707791274223&CODE_STATE=getMsg HTTP/1.1" 302 -
180.163.29.212 - - [13/Feb/2024:10:28:55 +0800] "GET /xingrg/check_reg.html?_=1707791274444 HTTP/1.1" 302 -
180.163.30.100 - - [13/Feb/2024:10:28:55 +0800] "GET /xingrg/login.html HTTP/1.1" 200 7641
180.163.29.212 - - [13/Feb/2024:10:28:56 +0800] "GET /xingrg/login.html HTTP/1.1" 200 7641
218.81.216.246 - - [13/Feb/2024:10:29:00 +0800] "GET /xingrg/all/function/internal_message.html?_=1707791345448&CODE_STATE=getMsg HTTP/1.1" 302 -
101.83.145.37 - - [13/Feb/2024:10:29:10 +0800] "GET /xingrg/all/function/internal_message.html?_=1707791115389&CODE_STATE=getMsg HTTP/1.1" 200 27
221.239.172.206 - - [13/Feb/2024:10:29:18 +0800] "GET /xingrg/all/function/internal_message.html?_=1707791357463&CODE_STATE=getMsg HTTP/1.1" 200 27
218.81.216.246 - - [13/Feb/2024:10:29:23 +0800] "GET /xingrg/check_reg.html?_=1707791369672 HTTP/1.1" 200 22
116.232.194.112 - - [13/Feb/2024:10:29:35 +0800] "GET /xingrg/all/function/internal_message.html?_=1707791370804&CODE_STATE=getMsg HTTP/1.1" 200 27
116.224.254.208 - - [13/Feb/2024:10:29:47 +0800] "GET /xingrg/all/function/internal_message.html?_=1707791386631&CODE_STATE=getMsg HTTP/1.1" 200 27
124.78.67.200 - - [13/Feb/2024:10:29:54 +0800] "GET /xingrg/all/function/internal_message.html?_=1707791394352&CODE_STATE=getMsg HTTP/1.1" 200 27
124.78.67.200 - - [13/Feb/2024:10:29:54 +0800] "GET /xingrg/check_reg.html?_=1707791394384 HTTP/1.1" 200 22
116.237.78.120 - - [13/Feb/2024:10:29:54 +0800] "GET /xingrg/all/function/internal_message.html?_=1707791394167&CODE_STATE=getMsg HTTP/1.1" 200 27
218.81.216.246 - - [13/Feb/2024:10:30:00 +0800] "GET /xingrg/all/function/internal_message.html?_=1707791405455&CODE_STATE=getMsg HTTP/1.1" 302 -
101.83.145.37 - - [13/Feb/2024:10:30:10 +0800] "GET /xingrg/all/function/internal_message.html?_=1707791175375&CODE_STATE=getMsg HTTP/1.1" 200 27
221.239.172.206 - - [13/Feb/2024:10:30:18 +0800] "GET /xingrg/all/function/internal_message.html?_=1707791417462&CODE_STATE=getMsg HTTP/1.1" 200 27
116.232.194.112 - - [13/Feb/2024:10:30:35 +0800] "GET /xingrg/all/function/internal_message.html?_=1707791430801&CODE_STATE=getMsg HTTP/1.1" 200 27
116.224.254.208 - - [13/Feb/2024:10:30:47 +0800] "GET /xingrg/all/function/internal_message.html?_=1707791446613&CODE_STATE=getMsg HTTP/1.1" 200 27
180.163.28.180 - - [13/Feb/2024:10:30:54 +0800] "GET /xingrg/all/function/internal_message.html?_=1707791394167&CODE_STATE=getMsg HTTP/1.1" 302 -
124.78.67.200 - - [13/Feb/2024:10:30:54 +0800] "GET /xingrg/all/function/internal_message.html?_=1707791454341&CODE_STATE=getMsg HTTP/1.1" 200 27
116.237.78.120 - - [13/Feb/2024:10:30:54 +0800] "GET /xingrg/all/function/internal_message.html?_=1707791454151&CODE_STATE=getMsg HTTP/1.1" 200 27
180.163.28.180 - - [13/Feb/2024:10:30:54 +0800] "GET /xingrg/login.html HTTP/1.1" 200 7641
218.81.65.124 - - [13/Feb/2024:10:30:59 +0800] "GET /favicon.ico HTTP/1.1" 404 -
218.81.216.246 - - [13/Feb/2024:10:31:00 +0800] "GET /xingrg/all/function/internal_message.html?_=1707791465771&CODE_STATE=getMsg HTTP/1.1" 302 -
116.224.254.208 - - [13/Feb/2024:10:31:04 +0800] "GET /xingrg/check_reg.html?_=1707791463597 HTTP/1.1" 200 22
101.83.145.37 - - [13/Feb/2024:10:31:10 +0800] "GET /xingrg/all/function/internal_message.html?_=1707791235378&CODE_STATE=getMsg HTTP/1.1" 200 27
221.239.172.206 - - [13/Feb/2024:10:31:18 +0800] "GET /xingrg/all/function/internal_message.html?_=1707791477462&CODE_STATE=getMsg HTTP/1.1" 200 27
101.83.145.37 - - [13/Feb/2024:10:31:21 +0800] "GET /xingrg/kc/base/wldb_order_operate.html?command=get_materiel&rest_code=00105&base_code=0010507&code=00101019110 HTTP/1.1" 200 475
116.232.194.112 - - [13/Feb/2024:10:31:35 +0800] "GET /xingrg/all/function/internal_message.html?_=1707791490804&CODE_STATE=getMsg HTTP/1.1" 200 27
116.224.254.208 - - [13/Feb/2024:10:31:47 +0800] "GET /xingrg/all/function/internal_message.html?_=1707791506592&CODE_STATE=getMsg HTTP/1.1" 200 27
180.163.28.143 - - [13/Feb/2024:10:31:54 +0800] "GET /xingrg/all/function/internal_message.html?_=1707791454151&CODE_STATE=getMsg HTTP/1.1" 302 -
124.78.67.200 - - [13/Feb/2024:10:31:54 +0800] "GET /xingrg/all/function/internal_message.html?_=1707791514318&CODE_STATE=getMsg HTTP/1.1" 200 27
180.163.28.143 - - [13/Feb/2024:10:31:54 +0800] "GET /xingrg/login.html HTTP/1.1" 200 7641
116.237.78.120 - - [13/Feb/2024:10:31:54 +0800] "GET /xingrg/all/function/internal_message.html?_=1707791514125&CODE_STATE=getMsg HTTP/1.1" 200 27
218.81.216.246 - - [13/Feb/2024:10:32:00 +0800] "GET /xingrg/all/function/internal_message.html?_=1707791525787&CODE_STATE=getMsg HTTP/1.1" 302 -
116.230.123.222 - - [13/Feb/2024:10:32:03 +0800] "GET /favicon.ico HTTP/1.1" 404 -
116.237.78.120 - - [13/Feb/2024:10:32:05 +0800] "GET /xingrg/kc/base/base_main.html HTTP/1.1" 200 12142
116.237.78.120 - - [13/Feb/2024:10:32:07 +0800] "GET /xingrg/kc/base/wldb_order_list.html HTTP/1.1" 200 19013
116.237.78.120 - - [13/Feb/2024:10:32:09 +0800] "POST /xingrg/kc/base/wldb_list_operate.html HTTP/1.1" 200 928
116.237.78.120 - - [13/Feb/2024:10:32:10 +0800] "GET /xingrg/kc/base/wldb_order_add.html HTTP/1.1" 200 30348
101.83.145.37 - - [13/Feb/2024:10:32:10 +0800] "GET /xingrg/all/function/internal_message.html?_=1707791295386&CODE_STATE=getMsg HTTP/1.1" 200 27
116.237.78.120 - - [13/Feb/2024:10:32:10 +0800] "POST /xingrg/kc/base/wldb_order_operate.html HTTP/1.1" 200 6806
116.237.78.120 - - [13/Feb/2024:10:32:11 +0800] "GET /xingrg/javascript/easyui/themes/default/validatebox.css HTTP/1.1" 404 1104
101.83.145.37 - - [13/Feb/2024:10:32:12 +0800] "GET /xingrg/kc/base/wldb_order_operate.html?command=get_materiel&rest_code=00105&base_code=0010507&code=00101019258 HTTP/1.1" 200 483
116.237.78.120 - - [13/Feb/2024:10:32:13 +0800] "POST /xingrg/all/common/load_combo.html?type=base HTTP/1.1" 200 3227
116.237.78.120 - - [13/Feb/2024:10:32:16 +0800] "POST /xingrg/all/common/load_combo.html?type=base HTTP/1.1" 200 3227
221.239.172.206 - - [13/Feb/2024:10:32:18 +0800] "GET /xingrg/all/function/internal_message.html?_=1707791537468&CODE_STATE=getMsg HTTP/1.1" 200 27
116.237.78.120 - - [13/Feb/2024:10:32:20 +0800] "GET /xingrg/javascript/auto/indicator.gif HTTP/1.1" 404 1066
116.237.78.120 - - [13/Feb/2024:10:32:21 +0800] "GET /xingrg/kc/base/wldb_order_operate.html?command=get_materiel&rest_code=00106&base_code=0010396&code=00101013139 HTTP/1.1" 200 451
116.230.123.222 - - [13/Feb/2024:10:32:27 +0800] "GET /xingrg/login.html HTTP/1.1" 200 7641
116.230.123.222 - - [13/Feb/2024:10:32:27 +0800] "GET /xingrg/images/blue/jxLogo.png HTTP/1.1" 304 -
116.230.123.222 - - [13/Feb/2024:10:32:28 +0800] "GET /xingrg/images/blue/login_bg.png HTTP/1.1" 304 -
116.230.123.222 - - [13/Feb/2024:10:32:28 +0800] "GET /xingrg/images/blue/srbg.png HTTP/1.1" 304 -
116.230.123.222 - - [13/Feb/2024:10:32:28 +0800] "GET /xingrg/images/blue/hj.png HTTP/1.1" 304 -
116.230.123.222 - - [13/Feb/2024:10:32:28 +0800] "GET /favicon.ico HTTP/1.1" 404 -
101.83.145.37 - - [13/Feb/2024:10:32:30 +0800] "GET /xingrg/kc/base/wldb_order_operate.html?command=get_materiel&rest_code=00105&base_code=0010507&code=00101019187 HTTP/1.1" 200 479
116.237.78.120 - - [13/Feb/2024:10:32:31 +0800] "GET /xingrg/kc/base/wldb_order_operate.html?command=get_materiel&rest_code=00106&base_code=0010396&code=00101016094 HTTP/1.1" 200 470
116.230.123.222 - - [13/Feb/2024:10:32:32 +0800] "POST /xingrg/login.do HTTP/1.1" 302 -
116.230.123.222 - - [13/Feb/2024:10:32:32 +0800] "GET /xingrg/index.html?sysBaseUrl=http%3A%2F%2F180.169.147.146%3A18081%2Fxingrg%2F&costTime=828×tamp=1707791552782 HTTP/1.1" 200 17419
116.230.123.222 - - [13/Feb/2024:10:32:32 +0800] "GET /xingrg/javascript/jquery_easy_ui/themes/default/easyui.css HTTP/1.1" 304 -
116.230.123.222 - - [13/Feb/2024:10:32:32 +0800] "GET /xingrg/javascript/jquery_easy_ui/themes/icon.css HTTP/1.1" 304 -
116.230.123.222 - - [13/Feb/2024:10:32:32 +0800] "GET /xingrg/css/form.css HTTP/1.1" 304 -
116.230.123.222 - - [13/Feb/2024:10:32:32 +0800] "GET /xingrg/javascript/jquery-1.4.2.min.js HTTP/1.1" 304 -
116.230.123.222 - - [13/Feb/2024:10:32:32 +0800] "GET /xingrg/javascript/jquery_easy_ui/jquery.easyui.min.js HTTP/1.1" 304 -
116.230.123.222 - - [13/Feb/2024:10:32:32 +0800] "GET /xingrg/javascript/jquery_easy_ui/easyui-lang-zh_CN.js HTTP/1.1" 304 -
116.230.123.222 - - [13/Feb/2024:10:32:32 +0800] "GET /xingrg/javascript/jquery.form.js HTTP/1.1" 304 -
116.230.123.222 - - [13/Feb/2024:10:32:32 +0800] "GET /xingrg/javascript/jquery.utils.js HTTP/1.1" 304 -
116.230.123.222 - - [13/Feb/2024:10:32:32 +0800] "GET /xingrg/javascript/jquery.timers.js HTTP/1.1" 304 -
116.230.123.222 - - [13/Feb/2024:10:32:33 +0800] "GET /favicon.ico HTTP/1.1" 404 -
116.230.123.222 - - [13/Feb/2024:10:32:33 +0800] "GET /xingrg/javascript/jquery_easy_ui/themes/icons/settle_new.png HTTP/1.1" 304 -
116.230.123.222 - - [13/Feb/2024:10:32:33 +0800] "GET /xingrg/images/blue/navBackgound.jpg HTTP/1.1" 304 -
116.230.123.222 - - [13/Feb/2024:10:32:33 +0800] "POST /xingrg/all/common/load_tree.html?tree=area_rest_tree_json&manage=1 HTTP/1.1" 200 470
116.230.123.222 - - [13/Feb/2024:10:32:33 +0800] "GET /xingrg/all/function/internal_message.html?_=1707791553411&CODE_STATE=count HTTP/1.1" 200 11
116.230.123.222 - - [13/Feb/2024:10:32:33 +0800] "GET /xingrg/check_reg.html?_=1707791553413 HTTP/1.1" 200 22
116.230.123.222 - - [13/Feb/2024:10:32:33 +0800] "GET /xingrg/images/blue/pingpu.png HTTP/1.1" 304 -
116.230.123.222 - - [13/Feb/2024:10:32:33 +0800] "GET /xingrg/javascript/jquery_easy_ui/themes/default/images/tabs_leftarrow.png HTTP/1.1" 304 -
116.230.123.222 - - [13/Feb/2024:10:32:33 +0800] "GET /xingrg/javascript/jquery_easy_ui/themes/default/images/tabs_rightarrow.png HTTP/1.1" 304 -
116.230.123.222 - - [13/Feb/2024:10:32:33 +0800] "GET /xingrg/javascript/jquery_easy_ui/themes/default/images/panel_tool_expand.gif HTTP/1.1" 200 247
116.230.123.222 - - [13/Feb/2024:10:32:33 +0800] "GET /xingrg/javascript/jquery_easy_ui/themes/default/images/panel_tool_collapse.gif HTTP/1.1" 304 -
116.230.123.222 - - [13/Feb/2024:10:32:33 +0800] "POST /xingrg/load_menu.html HTTP/1.1" 200 9959
116.230.123.222 - - [13/Feb/2024:10:32:33 +0800] "GET /xingrg/javascript/jquery_easy_ui/themes/default/images/tree_arrows.gif HTTP/1.1" 304 -
116.230.123.222 - - [13/Feb/2024:10:32:33 +0800] "GET /xingrg/javascript/jquery_easy_ui/themes/default/images/tree_folder_open.gif HTTP/1.1" 304 -
116.230.123.222 - - [13/Feb/2024:10:32:33 +0800] "GET /xingrg/javascript/jquery_easy_ui/themes/icons/search_new.png HTTP/1.1" 304 -
116.230.123.222 - - [13/Feb/2024:10:32:33 +0800] "GET /xingrg/javascript/jquery_easy_ui/themes/default/images/tree_folder.gif HTTP/1.1" 304 -
116.230.123.222 - - [13/Feb/2024:10:32:33 +0800] "GET /xingrg/javascript/jquery_easy_ui/themes/icons/checkout_new.png HTTP/1.1" 200 744
116.230.123.222 - - [13/Feb/2024:10:32:33 +0800] "GET /xingrg/javascript/jquery_easy_ui/themes/icons/storage_new.png HTTP/1.1" 304 -
116.230.123.222 - - [13/Feb/2024:10:32:33 +0800] "GET /xingrg/javascript/jquery_easy_ui/themes/icons/forms_new.png HTTP/1.1" 304 -
116.230.123.222 - - [13/Feb/2024:10:32:33 +0800] "GET /xingrg/javascript/jquery_easy_ui/themes/icons/systemset_new.png HTTP/1.1" 200 606
116.230.123.222 - - [13/Feb/2024:10:32:33 +0800] "GET /xingrg/javascript/jquery_easy_ui/themes/icons/setting_new.png HTTP/1.1" 200 450
116.230.123.222 - - [13/Feb/2024:10:32:33 +0800] "GET /xingrg/javascript/jquery_easy_ui/themes/default/images/tree_file.gif HTTP/1.1" 304 -
116.230.123.222 - - [13/Feb/2024:10:32:34 +0800] "GET /xingrg/javascript/jquery_easy_ui/themes/icons/area.png HTTP/1.1" 304 -
116.230.123.222 - - [13/Feb/2024:10:32:34 +0800] "GET /xingrg/javascript/jquery_easy_ui/themes/icons/rest.png HTTP/1.1" 304 -
116.230.123.222 - - [13/Feb/2024:10:32:34 +0800] "GET /xingrg/javascript/jquery_easy_ui/themes/default/images/button_a_bg.gif HTTP/1.1" 200 1194
116.230.123.222 - - [13/Feb/2024:10:32:34 +0800] "GET /xingrg/javascript/jquery_easy_ui/themes/icons/ok.png HTTP/1.1" 200 883
116.230.123.222 - - [13/Feb/2024:10:32:34 +0800] "GET /xingrg/javascript/jquery_easy_ui/themes/default/images/button_span_bg.gif HTTP/1.1" 200 2061
116.230.123.222 - - [13/Feb/2024:10:32:34 +0800] "GET /xingrg/javascript/jquery_easy_ui/themes/default/images/panel_tools.gif HTTP/1.1" 200 737
116.230.123.222 - - [13/Feb/2024:10:32:34 +0800] "GET /xingrg/javascript/jquery_easy_ui/themes/default/images/panel_title.png HTTP/1.1" 200 266
116.232.194.112 - - [13/Feb/2024:10:32:35 +0800] "GET /xingrg/all/function/internal_message.html?_=1707791550804&CODE_STATE=getMsg HTTP/1.1" 200 27
116.230.123.222 - - [13/Feb/2024:10:32:36 +0800] "GET /xingrg/images/control/ajaxLoader.gif HTTP/1.1" 304 -
116.230.123.222 - - [13/Feb/2024:10:32:36 +0800] "POST /xingrg/all/user/operate.html HTTP/1.1" 200 36
116.230.123.222 - - [13/Feb/2024:10:32:36 +0800] "GET /xingrg/index.html?sysBaseUrl=http%3A%2F%2F180.169.147.146%3A18081%2Fxingrg%2F&costTime=828×tamp=1707791552782 HTTP/1.1" 200 17413
116.230.123.222 - - [13/Feb/2024:10:32:36 +0800] "GET /xingrg/javascript/jquery_easy_ui/themes/default/easyui.css HTTP/1.1" 304 -
116.230.123.222 - - [13/Feb/2024:10:32:36 +0800] "GET /xingrg/javascript/jquery_easy_ui/themes/icon.css HTTP/1.1" 304 -
116.230.123.222 - - [13/Feb/2024:10:32:36 +0800] "GET /xingrg/css/form.css HTTP/1.1" 304 -
116.230.123.222 - - [13/Feb/2024:10:32:36 +0800] "GET /xingrg/javascript/jquery-1.4.2.min.js HTTP/1.1" 304 -
116.230.123.222 - - [13/Feb/2024:10:32:36 +0800] "GET /xingrg/javascript/jquery_easy_ui/jquery.easyui.min.js HTTP/1.1" 304 -
116.230.123.222 - - [13/Feb/2024:10:32:36 +0800] "GET /xingrg/javascript/jquery_easy_ui/easyui-lang-zh_CN.js HTTP/1.1" 304 -
116.230.123.222 - - [13/Feb/2024:10:32:36 +0800] "GET /xingrg/javascript/jquery.utils.js HTTP/1.1" 304 -
116.230.123.222 - - [13/Feb/2024:10:32:36 +0800] "GET /xingrg/javascript/jquery.form.js HTTP/1.1" 304 -
116.230.123.222 - - [13/Feb/2024:10:32:36 +0800] "GET /xingrg/javascript/jquery.timers.js HTTP/1.1" 304 -
116.230.123.222 - - [13/Feb/2024:10:32:36 +0800] "GET /xingrg/images/blue/jxLogo.png HTTP/1.1" 304 -
116.230.123.222 - - [13/Feb/2024:10:32:36 +0800] "GET /xingrg/images/blue/navBackgound.jpg HTTP/1.1" 304 -
116.230.123.222 - - [13/Feb/2024:10:32:36 +0800] "GET /xingrg/javascript/jquery_easy_ui/themes/icons/settle_new.png HTTP/1.1" 304 -
116.230.123.222 - - [13/Feb/2024:10:32:36 +0800] "GET /xingrg/all/function/internal_message.html?_=1707791557018&CODE_STATE=count HTTP/1.1" 200 11
116.230.123.222 - - [13/Feb/2024:10:32:36 +0800] "GET /xingrg/check_reg.html?_=1707791557019 HTTP/1.1" 200 22
116.230.123.222 - - [13/Feb/2024:10:32:36 +0800] "GET /xingrg/javascript/jquery_easy_ui/themes/default/images/tabs_leftarrow.png HTTP/1.1" 304 -
116.230.123.222 - - [13/Feb/2024:10:32:36 +0800] "GET /xingrg/javascript/jquery_easy_ui/themes/default/images/panel_tool_expand.gif HTTP/1.1" 304 -
116.230.123.222 - - [13/Feb/2024:10:32:36 +0800] "GET /xingrg/javascript/jquery_easy_ui/themes/default/images/panel_tool_collapse.gif HTTP/1.1" 304 -
116.230.123.222 - - [13/Feb/2024:10:32:36 +0800] "GET /xingrg/javascript/jquery_easy_ui/themes/default/images/tabs_rightarrow.png HTTP/1.1" 304 -
116.230.123.222 - - [13/Feb/2024:10:32:36 +0800] "GET /xingrg/images/blue/pingpu.png HTTP/1.1" 304 -
116.230.123.222 - - [13/Feb/2024:10:32:36 +0800] "POST /xingrg/all/common/load_tree.html?tree=area_rest_tree_json&manage=1 HTTP/1.1" 200 470
116.230.123.222 - - [13/Feb/2024:10:32:37 +0800] "POST /xingrg/load_menu.html HTTP/1.1" 200 9959
218.81.216.246 - - [13/Feb/2024:10:32:37 +0800] "GET /xingrg/check_reg.html?_=1707791562744 HTTP/1.1" 302 -
116.230.123.222 - - [13/Feb/2024:10:32:38 +0800] "GET /xingrg/kc/buy/buy_main.html HTTP/1.1" 200 12412
116.230.123.222 - - [13/Feb/2024:10:32:38 +0800] "GET /xingrg/javascript/jquery_easy_ui/themes/default/images/tabs_close.gif HTTP/1.1" 304 -
116.230.123.222 - - [13/Feb/2024:10:32:38 +0800] "GET /xingrg/css/new_ie.css HTTP/1.1" 404 1036
116.230.123.222 - - [13/Feb/2024:10:32:38 +0800] "GET /xingrg/css/blue.css HTTP/1.1" 304 -
116.230.123.222 - - [13/Feb/2024:10:32:38 +0800] "GET /xingrg/javascript/jquery_ui/themes/humanity/humanity.css HTTP/1.1" 304 -
116.230.123.222 - - [13/Feb/2024:10:32:38 +0800] "GET /xingrg/javascript/pic_change.js HTTP/1.1" 304 -
116.230.123.222 - - [13/Feb/2024:10:32:38 +0800] "GET /xingrg/javascript/ToolTips.js HTTP/1.1" 304 -
116.230.123.222 - - [13/Feb/2024:10:32:38 +0800] "GET /xingrg/javascript/myfunction.js HTTP/1.1" 304 -
116.230.123.222 - - [13/Feb/2024:10:32:38 +0800] "GET /xingrg/javascript/jquery_ui/jquery-ui.min.js HTTP/1.1" 304 -
116.230.123.222 - - [13/Feb/2024:10:32:38 +0800] "GET /xingrg/images/blue/button/cgydd.gif HTTP/1.1" 304 -
116.230.123.222 - - [13/Feb/2024:10:32:38 +0800] "GET /xingrg/images/blue/button/cgxqd.gif HTTP/1.1" 304 -
116.230.123.222 - - [13/Feb/2024:10:32:38 +0800] "GET /xingrg/images/blue/button/cgshd.gif HTTP/1.1" 304 -
116.230.123.222 - - [13/Feb/2024:10:32:38 +0800] "GET /xingrg/images/blue/button/cgfkd.gif HTTP/1.1" 304 -
116.230.123.222 - - [13/Feb/2024:10:32:38 +0800] "GET /xingrg/images/blue/button/kc.gif HTTP/1.1" 304 -
116.230.123.222 - - [13/Feb/2024:10:32:38 +0800] "GET /xingrg/images/blue/button/ckthd.gif HTTP/1.1" 304 -
116.230.123.222 - - [13/Feb/2024:10:32:38 +0800] "GET /xingrg/images/blue/pic_form2.gif HTTP/1.1" 304 -
116.230.123.222 - - [13/Feb/2024:10:32:39 +0800] "GET /xingrg/images/blue/bg_dotted.jpg HTTP/1.1" 304 -
116.230.123.222 - - [13/Feb/2024:10:32:39 +0800] "GET /xingrg/images/blue/button/right_ah.jpg HTTP/1.1" 304 -
116.230.123.222 - - [13/Feb/2024:10:32:39 +0800] "GET /xingrg/javascript/jquery_ui/themes/humanity/images/ui-bg_inset-soft_100_f4f0ec_1x100.png HTTP/1.1" 304 -
116.230.123.222 - - [13/Feb/2024:10:32:39 +0800] "GET /xingrg/images/blue/button/down_ah.jpg HTTP/1.1" 304 -
116.230.123.222 - - [13/Feb/2024:10:32:39 +0800] "GET /xingrg/javascript/jquery_ui/themes/humanity/images/ui-icons_ffffff_256x240.png HTTP/1.1" 304 -
116.230.123.222 - - [13/Feb/2024:10:32:39 +0800] "GET /xingrg/javascript/jquery_ui/themes/humanity/images/ui-iconsnew.jpg HTTP/1.1" 304 -
116.230.123.222 - - [13/Feb/2024:10:32:39 +0800] "GET /xingrg/javascript/jquery_ui/themes/humanity/images/ui-icons_c47a23_256x240.png HTTP/1.1" 304 -
116.230.123.222 - - [13/Feb/2024:10:32:39 +0800] "GET /xingrg/javascript/jquery_ui/themes/humanity/images/ui-bg_glass_70_ede4d4_1x400.png HTTP/1.1" 304 -
116.230.123.222 - - [13/Feb/2024:10:32:39 +0800] "GET /xingrg/images/yd/bt.gif HTTP/1.1" 404 1040
116.230.123.222 - - [13/Feb/2024:10:32:41 +0800] "GET /xingrg/kc/buy/cgsh_order_list.html HTTP/1.1" 200 57692
116.230.123.222 - - [13/Feb/2024:10:32:41 +0800] "GET /xingrg/css/base.css HTTP/1.1" 304 -
116.230.123.222 - - [13/Feb/2024:10:32:41 +0800] "GET /xingrg/css/site.css HTTP/1.1" 304 -
116.230.123.222 - - [13/Feb/2024:10:32:41 +0800] "GET /xingrg/javascript/jquery_tools/datebox.css HTTP/1.1" 304 -
116.230.123.222 - - [13/Feb/2024:10:32:41 +0800] "GET /xingrg/javascript/easyui/themes/default/easyui.css HTTP/1.1" 304 -
116.230.123.222 - - [13/Feb/2024:10:32:41 +0800] "GET /xingrg/javascript/easyui/themes/icon.css HTTP/1.1" 304 -
116.230.123.222 - - [13/Feb/2024:10:32:41 +0800] "GET /xingrg/javascript/auto/jquery.autocomplete.css HTTP/1.1" 304 -
116.230.123.222 - - [13/Feb/2024:10:32:41 +0800] "GET /xingrg/javascript/jquery_tools/fix.css HTTP/1.1" 304 -
116.230.123.222 - - [13/Feb/2024:10:32:41 +0800] "GET /xingrg/javascript/jquery_tools/table.css HTTP/1.1" 304 -
116.230.123.222 - - [13/Feb/2024:10:32:41 +0800] "GET /xingrg/javascript/jquery_tools/jquery.tools.min.js HTTP/1.1" 304 -
116.230.123.222 - - [13/Feb/2024:10:32:41 +0800] "GET /xingrg/javascript/jquery_tools/jquery.tools.extend.js HTTP/1.1" 304 -
116.230.123.222 - - [13/Feb/2024:10:32:41 +0800] "GET /xingrg/javascript/jquery_tools/jquery.tools.hotkey.js HTTP/1.1" 304 -
116.230.123.222 - - [13/Feb/2024:10:32:41 +0800] "GET /xingrg/javascript/jquery_tools/jquery.tools.table.js HTTP/1.1" 304 -
116.230.123.222 - - [13/Feb/2024:10:32:41 +0800] "GET /xingrg/javascript/jquery_tools/list_manager.js HTTP/1.1" 304 -
116.230.123.222 - - [13/Feb/2024:10:32:41 +0800] "GET /xingrg/javascript/auto/jquery.autocomplete.js HTTP/1.1" 304 -
116.230.123.222 - - [13/Feb/2024:10:32:41 +0800] "GET /xingrg/javascript/easyui/easyloader.js HTTP/1.1" 304 -
116.230.123.222 - - [13/Feb/2024:10:32:41 +0800] "GET /xingrg/javascript/jquery.cookie.js HTTP/1.1" 304 -
116.230.123.222 - - [13/Feb/2024:10:32:41 +0800] "GET /xingrg/javascript/print/LodopFuncs.js HTTP/1.1" 304 -
116.230.123.222 - - [13/Feb/2024:10:32:41 +0800] "GET /xingrg/javascript/easyui/themes/icons/field_new.png HTTP/1.1" 304 -
116.230.123.222 - - [13/Feb/2024:10:32:41 +0800] "GET /xingrg/javascript/easyui/themes/icons/cance_new.png HTTP/1.1" 304 -
116.230.123.222 - - [13/Feb/2024:10:32:41 +0800] "GET /xingrg/javascript/easyui/themes/icons/check_new.png HTTP/1.1" 304 -
116.230.123.222 - - [13/Feb/2024:10:32:41 +0800] "GET /xingrg/javascript/easyui/themes/icons/import_new.png HTTP/1.1" 304 -
116.230.123.222 - - [13/Feb/2024:10:32:41 +0800] "GET /xingrg/javascript/easyui/themes/icons/edit_add_new.png HTTP/1.1" 304 -
116.230.123.222 - - [13/Feb/2024:10:32:41 +0800] "GET /xingrg/javascript/easyui/plugins/jquery.parser.js HTTP/1.1" 304 -
116.230.123.222 - - [13/Feb/2024:10:32:44 +0800] "POST /xingrg/kc/buy/cgsh_list_operate.html HTTP/1.1" 200 986
116.230.123.222 - - [13/Feb/2024:10:32:45 +0800] "GET /xingrg/javascript/easyui/themes/default/images/button_plain_hover.png HTTP/1.1" 304 -
116.224.254.208 - - [13/Feb/2024:10:32:47 +0800] "GET /xingrg/all/function/internal_message.html?_=1707791566574&CODE_STATE=getMsg HTTP/1.1" 200 27
116.230.123.222 - - [13/Feb/2024:10:32:47 +0800] "GET /xingrg/kc/buy/cgsh_order_add.html HTTP/1.1" 200 73423
116.230.123.222 - - [13/Feb/2024:10:32:47 +0800] "GET /xingrg/javascript/jquery_tools/order_manager.js HTTP/1.1" 304 -
116.230.123.222 - - [13/Feb/2024:10:32:47 +0800] "GET /xingrg/javascript/convert.js HTTP/1.1" 304 -
116.230.123.222 - - [13/Feb/2024:10:32:47 +0800] "GET /xingrg/javascript/json2.js HTTP/1.1" 304 -
116.230.123.222 - - [13/Feb/2024:10:32:47 +0800] "GET /xingrg/javascript/print/kc_print.js HTTP/1.1" 304 -
116.230.123.222 - - [13/Feb/2024:10:32:47 +0800] "GET /xingrg/words/20240208113601_words.js HTTP/1.1" 200 1013734
116.230.123.222 - - [13/Feb/2024:10:32:47 +0800] "GET /xingrg/javascript/easyui/themes/icons/copy_new.png HTTP/1.1" 304 -
116.230.123.222 - - [13/Feb/2024:10:32:47 +0800] "GET /xingrg/javascript/easyui/themes/icons/template_new.png HTTP/1.1" 304 -
116.230.123.222 - - [13/Feb/2024:10:32:47 +0800] "GET /xingrg/javascript/easyui/themes/icons/ok.png HTTP/1.1" 304 -
116.230.123.222 - - [13/Feb/2024:10:32:47 +0800] "GET /xingrg/javascript/easyui/themes/icons/print.png HTTP/1.1" 304 -
116.230.123.222 - - [13/Feb/2024:10:32:47 +0800] "GET /xingrg/javascript/easyui/themes/default/images/menu_downarrow.png HTTP/1.1" 304 -
116.230.123.222 - - [13/Feb/2024:10:32:47 +0800] "GET /xingrg/javascript/easyui/themes/icons/cancel.png HTTP/1.1" 304 -
116.230.123.222 - - [13/Feb/2024:10:32:47 +0800] "POST /xingrg/kc/buy/cgsh_order_operate.html HTTP/1.1" 200 8245
116.230.123.222 - - [13/Feb/2024:10:32:47 +0800] "GET /xingrg/javascript/easyui/themes/default/validatebox.css HTTP/1.1" 404 1104
116.230.123.222 - - [13/Feb/2024:10:32:47 +0800] "GET /xingrg/javascript/easyui/plugins/jquery.validatebox.js HTTP/1.1" 304 -
116.230.123.222 - - [13/Feb/2024:10:32:47 +0800] "GET /xingrg/javascript/easyui/plugins/jquery.numberbox.js HTTP/1.1" 304 -
116.230.123.222 - - [13/Feb/2024:10:32:47 +0800] "GET /xingrg/javascript/easyui/themes/icons/edit_remove.png HTTP/1.1" 304 -
116.230.123.222 - - [13/Feb/2024:10:32:47 +0800] "GET /xingrg/all/common/auto_word.html?type=employee&rest_code=00111 HTTP/1.1" 200 105
116.230.123.222 - - [13/Feb/2024:10:32:47 +0800] "GET /xingrg/all/common/auto_word.html?type=employee&rest_code=00111 HTTP/1.1" 200 105
116.230.123.222 - - [13/Feb/2024:10:32:48 +0800] "GET /xingrg/javascript/auto/indicator.gif HTTP/1.1" 404 1066
116.237.78.120 - - [13/Feb/2024:10:32:48 +0800] "POST /xingrg/kc/base/wldb_order_operate.html HTTP/1.1" 200 37
116.237.78.120 - - [13/Feb/2024:10:32:49 +0800] "POST /xingrg/kc/base/wldb_order_operate.html HTTP/1.1" 200 2697
116.237.78.120 - - [13/Feb/2024:10:32:49 +0800] "GET /xingrg/kc/base/wldb_order_info.html?code=422024021301127 HTTP/1.1" 200 30363
116.237.78.120 - - [13/Feb/2024:10:32:50 +0800] "GET /xingrg/javascript/easyui/themes/default/validatebox.css HTTP/1.1" 404 1104
116.230.123.222 - - [13/Feb/2024:10:32:50 +0800] "GET /xingrg/javascript/jquery_tools/images/prev.gif HTTP/1.1" 404 1086
116.230.123.222 - - [13/Feb/2024:10:32:50 +0800] "GET /xingrg/javascript/jquery_tools/images/next.gif HTTP/1.1" 404 1086
116.237.78.120 - - [13/Feb/2024:10:32:51 +0800] "POST /xingrg/kc/base/wldb_order_operate.html HTTP/1.1" 200 2697
116.237.78.120 - - [13/Feb/2024:10:32:53 +0800] "POST /xingrg/kc/base/wldb_list_operate.html HTTP/1.1" 200 1779
221.239.172.206 - - [13/Feb/2024:10:32:53 +0800] "GET /xingrg/check_reg.html?_=1707791572918 HTTP/1.1" 200 22
180.163.28.180 - - [13/Feb/2024:10:32:54 +0800] "GET /xingrg/all/function/internal_message.html?_=1707791514125&CODE_STATE=getMsg HTTP/1.1" 302 -
124.78.67.200 - - [13/Feb/2024:10:32:54 +0800] "GET /xingrg/all/function/internal_message.html?_=1707791574296&CODE_STATE=getMsg HTTP/1.1" 200 27
116.237.78.120 - - [13/Feb/2024:10:32:54 +0800] "POST /xingrg/kc/base/wldb_list_operate.html HTTP/1.1" 200 291
116.237.78.120 - - [13/Feb/2024:10:32:54 +0800] "GET /xingrg/all/function/internal_message.html?_=1707791574111&CODE_STATE=getMsg HTTP/1.1" 200 27
116.237.78.120 - - [13/Feb/2024:10:32:55 +0800] "GET /xingrg/check_reg.html?_=1707791574428 HTTP/1.1" 200 22
180.163.28.180 - - [13/Feb/2024:10:32:55 +0800] "GET /xingrg/login.html HTTP/1.1" 200 7641
116.230.123.222 - - [13/Feb/2024:10:32:59 +0800] "GET /xingrg/kc/buy/cgsh_order_operate.html?command=get_materiel&rest_code=00111&code=00101001167&supplier_code=00100314&order_time=2024-02-13 HTTP/1.1" 200 412
218.81.216.246 - - [13/Feb/2024:10:33:00 +0800] "GET /xingrg/all/function/internal_message.html?_=1707791585969&CODE_STATE=getMsg HTTP/1.1" 302 -
116.237.78.120 - - [13/Feb/2024:10:33:04 +0800] "GET /xingrg/kc/base/wldb_order_add.html HTTP/1.1" 200 30348
116.237.78.120 - - [13/Feb/2024:10:33:05 +0800] "GET /xingrg/javascript/easyui/themes/default/validatebox.css HTTP/1.1" 404 1104
116.237.78.120 - - [13/Feb/2024:10:33:05 +0800] "POST /xingrg/kc/base/wldb_order_operate.html HTTP/1.1" 200 6806
116.237.78.120 - - [13/Feb/2024:10:33:08 +0800] "POST /xingrg/all/common/load_combo.html?type=base HTTP/1.1" 200 3227
101.83.145.37 - - [13/Feb/2024:10:33:10 +0800] "GET /xingrg/kc/base/wldb_order_operate.html?command=get_materiel&rest_code=00105&base_code=0010507&code=00101019535 HTTP/1.1" 200 477
101.83.145.37 - - [13/Feb/2024:10:33:10 +0800] "GET /xingrg/check_reg.html?_=1707791355396 HTTP/1.1" 200 22
101.83.145.37 - - [13/Feb/2024:10:33:10 +0800] "GET /xingrg/all/function/internal_message.html?_=1707791355398&CODE_STATE=getMsg HTTP/1.1" 200 27
116.237.78.120 - - [13/Feb/2024:10:33:11 +0800] "POST /xingrg/all/common/load_combo.html?type=base HTTP/1.1" 200 3227
116.230.123.222 - - [13/Feb/2024:10:33:13 +0800] "POST /xingrg/kc/buy/cgsh_order_operate.html HTTP/1.1" 200 37
116.230.123.222 - - [13/Feb/2024:10:33:15 +0800] "POST /xingrg/kc/buy/cgsh_order_operate.html HTTP/1.1" 200 2659
116.230.123.222 - - [13/Feb/2024:10:33:16 +0800] "GET /xingrg/kc/print/load_config.html?kc_code=cgsh HTTP/1.1" 200 1927
116.230.123.222 - - [13/Feb/2024:10:33:16 +0800] "GET /xingrg/kc/print/load_data.html?order_code=212024021303978&kc_code=cgsh&condition= HTTP/1.1" 200 672
221.239.172.206 - - [13/Feb/2024:10:33:18 +0800] "GET /xingrg/all/function/internal_message.html?_=1707791597458&CODE_STATE=getMsg HTTP/1.1" 200 27
116.230.123.222 - - [13/Feb/2024:10:33:21 +0800] "GET /xingrg/kc/buy/cgsh_order_add.html HTTP/1.1" 200 73423
116.230.123.222 - - [13/Feb/2024:10:33:21 +0800] "POST /xingrg/kc/buy/cgsh_order_operate.html HTTP/1.1" 200 8245
116.230.123.222 - - [13/Feb/2024:10:33:21 +0800] "GET /xingrg/javascript/easyui/themes/default/validatebox.css HTTP/1.1" 404 1104
116.237.78.120 - - [13/Feb/2024:10:33:33 +0800] "GET /xingrg/kc/base/wldb_order_operate.html?command=get_materiel&rest_code=00106&base_code=0010396&code=00101019295 HTTP/1.1" 200 475
101.83.145.37 - - [13/Feb/2024:10:33:34 +0800] "GET /xingrg/kc/base/wldb_order_operate.html?command=get_materiel&rest_code=00105&base_code=0010507&code=00101019306 HTTP/1.1" 200 479
116.230.123.222 - - [13/Feb/2024:10:33:34 +0800] "GET /xingrg/kc/buy/cgsh_order_operate.html?command=get_materiel&rest_code=00111&code=00101003040&supplier_code=00100093&order_time=2024-02-13 HTTP/1.1" 200 416
116.232.194.112 - - [13/Feb/2024:10:33:35 +0800] "GET /xingrg/check_reg.html?_=1707791610802 HTTP/1.1" 200 22
116.232.194.112 - - [13/Feb/2024:10:33:35 +0800] "GET /xingrg/all/function/internal_message.html?_=1707791610804&CODE_STATE=getMsg HTTP/1.1" 200 27
116.230.123.222 - - [13/Feb/2024:10:33:36 +0800] "GET /xingrg/all/function/internal_message.html?_=1707791617034&CODE_STATE=getMsg HTTP/1.1" 200 27
116.237.78.120 - - [13/Feb/2024:10:33:41 +0800] "GET /xingrg/kc/base/wldb_order_operate.html?command=get_materiel&rest_code=00106&base_code=0010396&code=00101019492 HTTP/1.1" 200 457
116.230.123.222 - - [13/Feb/2024:10:33:44 +0800] "GET /xingrg/kc/buy/cgsh_order_operate.html?command=get_materiel&rest_code=00111&code=00101003003&supplier_code=00100093&order_time=2024-02-13 HTTP/1.1" 200 437
116.237.78.120 - - [13/Feb/2024:10:33:46 +0800] "GET /xingrg/kc/base/wldb_order_operate.html?command=get_materiel&rest_code=00106&base_code=0010396&code=00101019358 HTTP/1.1" 200 460
116.224.254.208 - - [13/Feb/2024:10:33:46 +0800] "GET /xingrg/all/function/internal_message.html?_=1707791626548&CODE_STATE=getMsg HTTP/1.1" 200 27
180.163.29.234 - - [13/Feb/2024:10:33:50 +0800] "GET /xingrg/kc/base/wldb_order_info.html?code=422024021301127 HTTP/1.1" 302 -
180.163.29.234 - - [13/Feb/2024:10:33:50 +0800] "GET /xingrg/login.html HTTP/1.1" 200 7641
116.237.78.120 - - [13/Feb/2024:10:33:53 +0800] "GET /xingrg/kc/base/wldb_order_operate.html?command=get_materiel&rest_code=00106&base_code=0010396&code=00101019079 HTTP/1.1" 200 478
124.78.67.200 - - [13/Feb/2024:10:33:54 +0800] "GET /xingrg/all/function/internal_message.html?_=1707791634282&CODE_STATE=getMsg HTTP/1.1" 200 27
116.237.78.120 - - [13/Feb/2024:10:33:54 +0800] "GET /xingrg/all/function/internal_message.html?_=1707791634097&CODE_STATE=getMsg HTTP/1.1" 200 27
116.237.78.120 - - [13/Feb/2024:10:33:59 +0800] "GET /xingrg/kc/base/wldb_order_operate.html?command=get_materiel&rest_code=00106&base_code=0010396&code=00101019529 HTTP/1.1" 200 476
218.81.216.246 - - [13/Feb/2024:10:34:00 +0800] "GET /xingrg/all/function/internal_message.html?_=1707791645978&CODE_STATE=getMsg HTTP/1.1" 302 -
116.230.123.222 - - [13/Feb/2024:10:34:04 +0800] "POST /xingrg/kc/buy/cgsh_order_operate.html HTTP/1.1" 200 37
116.237.78.120 - - [13/Feb/2024:10:34:06 +0800] "GET /xingrg/kc/base/wldb_order_operate.html?command=get_materiel&rest_code=00106&base_code=0010396&code=00101019066 HTTP/1.1" 200 455
116.230.123.222 - - [13/Feb/2024:10:34:09 +0800] "POST /xingrg/kc/buy/cgsh_order_operate.html HTTP/1.1" 200 3267
101.83.145.37 - - [13/Feb/2024:10:34:10 +0800] "GET /xingrg/all/function/internal_message.html?_=1707791415383&CODE_STATE=getMsg HTTP/1.1" 200 27
116.230.123.222 - - [13/Feb/2024:10:34:13 +0800] "GET /xingrg/kc/print/load_data.html?order_code=212024021303979&kc_code=cgsh&condition= HTTP/1.1" 200 968
116.237.78.120 - - [13/Feb/2024:10:34:13 +0800] "GET /xingrg/kc/base/wldb_order_operate.html?command=get_materiel&rest_code=00106&base_code=0010396&code=00101019390 HTTP/1.1" 200 470
101.83.145.37 - - [13/Feb/2024:10:34:15 +0800] "GET /xingrg/kc/base/wldb_order_operate.html?command=get_materiel&rest_code=00105&base_code=0010507&code=00101019391 HTTP/1.1" 200 485
221.239.172.206 - - [13/Feb/2024:10:34:18 +0800] "GET /xingrg/all/function/internal_message.html?_=1707791657457&CODE_STATE=getMsg HTTP/1.1" 200 27
114.83.222.132 - - [13/Feb/2024:10:34:20 +0800] "GET /xingrg/login.html?sysBaseUrl=http%3A%2F%2F180.169.147.146%3A18081%2Fxingrg%2F&costTime=31×tamp=1615347190560 HTTP/1.1" 200 7641
114.83.222.132 - - [13/Feb/2024:10:34:20 +0800] "GET /xingrg/images/blue/jxLogo.png HTTP/1.1" 200 6156
114.83.222.132 - - [13/Feb/2024:10:34:20 +0800] "GET /xingrg/images/blue/login_bg.png HTTP/1.1" 200 22101
114.83.222.132 - - [13/Feb/2024:10:34:20 +0800] "GET /xingrg/images/blue/hj.png HTTP/1.1" 200 1014
114.83.222.132 - - [13/Feb/2024:10:34:20 +0800] "GET /xingrg/images/blue/srbg.png HTTP/1.1" 200 138
114.83.222.132 - - [13/Feb/2024:10:34:21 +0800] "GET /favicon.ico HTTP/1.1" 404 -
218.81.216.246 - - [13/Feb/2024:10:34:23 +0800] "GET /xingrg/check_reg.html?_=1707791669680 HTTP/1.1" 200 22
101.83.145.37 - - [13/Feb/2024:10:34:24 +0800] "GET /xingrg/kc/base/wldb_order_operate.html?command=get_materiel&rest_code=00105&base_code=0010507&code=00101019222 HTTP/1.1" 200 452
116.237.78.120 - - [13/Feb/2024:10:34:24 +0800] "GET /xingrg/kc/base/wldb_order_operate.html?command=get_materiel&rest_code=00106&base_code=0010396&code=00101019400 HTTP/1.1" 200 465
116.230.123.222 - - [13/Feb/2024:10:34:25 +0800] "GET /xingrg/kc/buy/cgsh_order_add.html HTTP/1.1" 200 73423
116.230.123.222 - - [13/Feb/2024:10:34:26 +0800] "POST /xingrg/kc/buy/cgsh_order_operate.html HTTP/1.1" 200 8245
116.230.123.222 - - [13/Feb/2024:10:34:26 +0800] "GET /xingrg/javascript/easyui/themes/default/validatebox.css HTTP/1.1" 404 1104
116.237.78.120 - - [13/Feb/2024:10:34:31 +0800] "GET /xingrg/kc/base/wldb_order_operate.html?command=get_materiel&rest_code=00106&base_code=0010396&code=00101019183 HTTP/1.1" 200 449
101.83.145.37 - - [13/Feb/2024:10:34:35 +0800] "GET /xingrg/kc/base/wldb_order_operate.html?command=get_materiel&rest_code=00105&base_code=0010507&code=00101019249 HTTP/1.1" 200 470
116.232.194.112 - - [13/Feb/2024:10:34:35 +0800] "GET /xingrg/all/function/internal_message.html?_=1707791670804&CODE_STATE=getMsg HTTP/1.1" 200 27
116.230.123.222 - - [13/Feb/2024:10:34:36 +0800] "GET /xingrg/all/function/internal_message.html?_=1707791677035&CODE_STATE=getMsg HTTP/1.1" 200 27
116.230.123.222 - - [13/Feb/2024:10:34:40 +0800] "GET /xingrg/kc/buy/cgsh_order_operate.html?command=get_materiel&rest_code=00111&code=00101001140&supplier_code=00100319&order_time=2024-02-13 HTTP/1.1" 200 436
114.83.222.132 - - [13/Feb/2024:10:34:40 +0800] "POST /xingrg/login.do HTTP/1.1" 302 -
114.83.222.132 - - [13/Feb/2024:10:34:40 +0800] "GET /xingrg/index.html?sysBaseUrl=http%3A%2F%2F180.169.147.146%3A18081%2Fxingrg%2F&costTime=1992×tamp=1707791680448 HTTP/1.1" 200 17179
114.83.222.132 - - [13/Feb/2024:10:34:40 +0800] "GET /xingrg/javascript/jquery_easy_ui/themes/icon.css HTTP/1.1" 200 3949
114.83.222.132 - - [13/Feb/2024:10:34:40 +0800] "GET /xingrg/javascript/jquery_easy_ui/themes/default/easyui.css HTTP/1.1" 200 26500
114.83.222.132 - - [13/Feb/2024:10:34:40 +0800] "GET /xingrg/css/form.css HTTP/1.1" 200 893
114.83.222.132 - - [13/Feb/2024:10:34:40 +0800] "GET /xingrg/javascript/jquery-1.4.2.min.js HTTP/1.1" 200 72205
114.83.222.132 - - [13/Feb/2024:10:34:40 +0800] "GET /xingrg/javascript/jquery_easy_ui/jquery.easyui.min.js HTTP/1.1" 200 213662
114.83.222.132 - - [13/Feb/2024:10:34:40 +0800] "GET /xingrg/javascript/jquery_easy_ui/easyui-lang-zh_CN.js HTTP/1.1" 200 1900
114.83.222.132 - - [13/Feb/2024:10:34:40 +0800] "GET /xingrg/javascript/jquery.form.js HTTP/1.1" 200 23110
114.83.222.132 - - [13/Feb/2024:10:34:40 +0800] "GET /xingrg/javascript/jquery.utils.js HTTP/1.1" 200 11805
114.83.222.132 - - [13/Feb/2024:10:34:40 +0800] "GET /xingrg/javascript/jquery.timers.js HTTP/1.1" 200 3532
114.83.222.132 - - [13/Feb/2024:10:34:40 +0800] "GET /favicon.ico HTTP/1.1" 404 -
114.83.222.132 - - [13/Feb/2024:10:34:40 +0800] "GET /xingrg/javascript/jquery_easy_ui/themes/icons/settle_new.png HTTP/1.1" 200 826
114.83.222.132 - - [13/Feb/2024:10:34:40 +0800] "GET /xingrg/images/blue/navBackgound.jpg HTTP/1.1" 200 12378
114.83.222.132 - - [13/Feb/2024:10:34:41 +0800] "POST /xingrg/all/common/load_tree.html?tree=area_rest_tree_json&manage=1 HTTP/1.1" 200 351
114.83.222.132 - - [13/Feb/2024:10:34:41 +0800] "GET /xingrg/all/function/internal_message.html?_=1707791680912&CODE_STATE=count HTTP/1.1" 200 11
114.83.222.132 - - [13/Feb/2024:10:34:41 +0800] "GET /xingrg/check_reg.html?_=1707791680914 HTTP/1.1" 200 22
114.83.222.132 - - [13/Feb/2024:10:34:41 +0800] "GET /xingrg/images/blue/pingpu.png HTTP/1.1" 200 231
180.163.29.219 - - [13/Feb/2024:10:34:41 +0800] "GET /xingrg/kc/base/wldb_order_operate.html?command=get_materiel&rest_code=00106&base_code=0010396&code=00101019492 HTTP/1.1" 302 -
114.83.222.132 - - [13/Feb/2024:10:34:41 +0800] "GET /xingrg/javascript/jquery_easy_ui/themes/default/images/tabs_leftarrow.png HTTP/1.1" 200 389
114.83.222.132 - - [13/Feb/2024:10:34:41 +0800] "GET /xingrg/javascript/jquery_easy_ui/themes/default/images/tabs_rightarrow.png HTTP/1.1" 200 395
114.83.222.132 - - [13/Feb/2024:10:34:41 +0800] "GET /xingrg/javascript/jquery_easy_ui/themes/default/images/panel_tool_collapse.gif HTTP/1.1" 200 246
114.83.222.132 - - [13/Feb/2024:10:34:41 +0800] "POST /xingrg/load_menu.html HTTP/1.1" 200 5138
114.83.222.132 - - [13/Feb/2024:10:34:41 +0800] "GET /xingrg/javascript/jquery_easy_ui/themes/default/images/tree_arrows.gif HTTP/1.1" 200 1043
114.83.222.132 - - [13/Feb/2024:10:34:41 +0800] "GET /xingrg/javascript/jquery_easy_ui/themes/default/images/tree_folder_open.gif HTTP/1.1" 200 956
114.83.222.132 - - [13/Feb/2024:10:34:41 +0800] "GET /xingrg/javascript/jquery_easy_ui/themes/icons/search_new.png HTTP/1.1" 200 586
114.83.222.132 - - [13/Feb/2024:10:34:41 +0800] "GET /xingrg/javascript/jquery_easy_ui/themes/default/images/tree_folder.gif HTTP/1.1" 200 952
114.83.222.132 - - [13/Feb/2024:10:34:41 +0800] "GET /xingrg/javascript/jquery_easy_ui/themes/icons/storage_new.png HTTP/1.1" 200 853
114.83.222.132 - - [13/Feb/2024:10:34:41 +0800] "GET /xingrg/javascript/jquery_easy_ui/themes/icons/forms_new.png HTTP/1.1" 200 350
114.83.222.132 - - [13/Feb/2024:10:34:41 +0800] "GET /xingrg/javascript/jquery_easy_ui/themes/default/images/tree_file.gif HTTP/1.1" 200 118
116.237.78.120 - - [13/Feb/2024:10:34:41 +0800] "POST /xingrg/kc/base/wldb_order_operate.html HTTP/1.1" 200 37
180.163.29.219 - - [13/Feb/2024:10:34:41 +0800] "GET /xingrg/login.html HTTP/1.1" 200 7641
116.237.78.120 - - [13/Feb/2024:10:34:42 +0800] "POST /xingrg/kc/base/wldb_order_operate.html HTTP/1.1" 200 6197
116.224.254.208 - - [13/Feb/2024:10:34:46 +0800] "GET /xingrg/all/function/internal_message.html?_=1707791686530&CODE_STATE=getMsg HTTP/1.1" 200 27
101.83.145.37 - - [13/Feb/2024:10:34:48 +0800] "GET /xingrg/kc/base/wldb_order_operate.html?command=get_materiel&rest_code=00105&base_code=0010507&code=00101016096 HTTP/1.1" 200 450
116.237.78.120 - - [13/Feb/2024:10:34:51 +0800] "GET /xingrg/kc/base/wldb_order_info.html?code=422024021301128 HTTP/1.1" 200 30363
116.237.78.120 - - [13/Feb/2024:10:34:52 +0800] "GET /xingrg/javascript/easyui/themes/default/validatebox.css HTTP/1.1" 404 1104
116.237.78.120 - - [13/Feb/2024:10:34:52 +0800] "POST /xingrg/kc/base/wldb_order_operate.html HTTP/1.1" 200 6197
124.78.67.200 - - [13/Feb/2024:10:34:54 +0800] "GET /xingrg/all/function/internal_message.html?_=1707791694257&CODE_STATE=getMsg HTTP/1.1" 200 27
124.78.67.200 - - [13/Feb/2024:10:34:54 +0800] "GET /xingrg/check_reg.html?_=1707791694367 HTTP/1.1" 200 22
116.237.78.120 - - [13/Feb/2024:10:34:54 +0800] "GET /xingrg/all/function/internal_message.html?_=1707791694065&CODE_STATE=getMsg HTTP/1.1" 200 27
116.230.123.222 - - [13/Feb/2024:10:34:55 +0800] "GET /xingrg/kc/buy/cgsh_order_operate.html?command=get_materiel&rest_code=00111&code=00101001125&supplier_code=00100319&order_time=2024-02-13 HTTP/1.1" 200 416
101.83.145.37 - - [13/Feb/2024:10:34:59 +0800] "GET /xingrg/kc/base/wldb_order_operate.html?command=get_materiel&rest_code=00105&base_code=0010507&code=00101019066 HTTP/1.1" 200 455
218.81.216.246 - - [13/Feb/2024:10:35:01 +0800] "GET /xingrg/all/function/internal_message.html?_=1707791706197&CODE_STATE=getMsg HTTP/1.1" 302 -
116.230.123.222 - - [13/Feb/2024:10:35:07 +0800] "GET /xingrg/kc/buy/cgsh_order_operate.html?command=get_materiel&rest_code=00111&code=00101001093&supplier_code=00100319&order_time=2024-02-13 HTTP/1.1" 200 413
114.83.222.132 - - [13/Feb/2024:10:35:08 +0800] "GET /xingrg/javascript/jquery_easy_ui/themes/default/images/tabs_close.gif HTTP/1.1" 200 829
114.83.222.132 - - [13/Feb/2024:10:35:09 +0800] "GET /xingrg/kc/buy/cgsh_order_list.html HTTP/1.1" 200 57698
114.83.222.132 - - [13/Feb/2024:10:35:09 +0800] "GET /xingrg/css/base.css HTTP/1.1" 200 2811
114.83.222.132 - - [13/Feb/2024:10:35:09 +0800] "GET /xingrg/css/site.css HTTP/1.1" 200 7541
114.83.222.132 - - [13/Feb/2024:10:35:09 +0800] "GET /xingrg/javascript/jquery_tools/datebox.css HTTP/1.1" 200 2597
114.83.222.132 - - [13/Feb/2024:10:35:09 +0800] "GET /xingrg/javascript/easyui/themes/default/easyui.css HTTP/1.1" 200 30432
114.83.222.132 - - [13/Feb/2024:10:35:09 +0800] "GET /xingrg/javascript/easyui/themes/icon.css HTTP/1.1" 200 4483
114.83.222.132 - - [13/Feb/2024:10:35:09 +0800] "GET /xingrg/javascript/auto/jquery.autocomplete.css HTTP/1.1" 200 587
114.83.222.132 - - [13/Feb/2024:10:35:09 +0800] "GET /xingrg/javascript/jquery_tools/fix.css HTTP/1.1" 200 1702
114.83.222.132 - - [13/Feb/2024:10:35:09 +0800] "GET /xingrg/javascript/jquery_tools/table.css HTTP/1.1" 200 1032
114.83.222.132 - - [13/Feb/2024:10:35:09 +0800] "GET /xingrg/javascript/jquery_tools/jquery.tools.min.js HTTP/1.1" 200 138801
114.83.222.132 - - [13/Feb/2024:10:35:09 +0800] "GET /xingrg/javascript/jquery_tools/jquery.tools.extend.js HTTP/1.1" 200 15385
114.83.222.132 - - [13/Feb/2024:10:35:09 +0800] "GET /xingrg/javascript/jquery_tools/jquery.tools.hotkey.js HTTP/1.1" 200 3242
114.83.222.132 - - [13/Feb/2024:10:35:09 +0800] "GET /xingrg/javascript/jquery_tools/jquery.tools.table.js HTTP/1.1" 200 6994
114.83.222.132 - - [13/Feb/2024:10:35:09 +0800] "GET /xingrg/javascript/jquery_tools/list_manager.js HTTP/1.1" 200 3652
114.83.222.132 - - [13/Feb/2024:10:35:09 +0800] "GET /xingrg/javascript/auto/jquery.autocomplete.js HTTP/1.1" 200 21624
114.83.222.132 - - [13/Feb/2024:10:35:09 +0800] "GET /xingrg/javascript/easyui/easyloader.js HTTP/1.1" 200 5975
114.83.222.132 - - [13/Feb/2024:10:35:09 +0800] "GET /xingrg/javascript/jquery.cookie.js HTTP/1.1" 200 5513
114.83.222.132 - - [13/Feb/2024:10:35:09 +0800] "GET /xingrg/javascript/print/LodopFuncs.js HTTP/1.1" 200 5121
114.83.222.132 - - [13/Feb/2024:10:35:09 +0800] "GET /xingrg/javascript/easyui/themes/icons/edit_add_new.png HTTP/1.1" 200 2997
114.83.222.132 - - [13/Feb/2024:10:35:09 +0800] "GET /xingrg/javascript/easyui/themes/icons/cance_new.png HTTP/1.1" 200 3986
114.83.222.132 - - [13/Feb/2024:10:35:09 +0800] "GET /xingrg/javascript/easyui/themes/icons/check_new.png HTTP/1.1" 200 3224
114.83.222.132 - - [13/Feb/2024:10:35:09 +0800] "GET /xingrg/javascript/easyui/themes/icons/field_new.png HTTP/1.1" 200 1097
114.83.222.132 - - [13/Feb/2024:10:35:09 +0800] "GET /xingrg/javascript/easyui/themes/icons/import_new.png HTTP/1.1" 200 1247
114.83.222.132 - - [13/Feb/2024:10:35:09 +0800] "GET /xingrg/javascript/easyui/plugins/jquery.parser.js HTTP/1.1" 200 1142
114.83.222.132 - - [13/Feb/2024:10:35:09 +0800] "GET /xingrg/images/control/ajaxLoader.gif HTTP/1.1" 200 4659
101.83.145.37 - - [13/Feb/2024:10:35:10 +0800] "GET /xingrg/all/function/internal_message.html?_=1707791475401&CODE_STATE=getMsg HTTP/1.1" 200 27
114.83.222.132 - - [13/Feb/2024:10:35:11 +0800] "POST /xingrg/kc/buy/cgsh_list_operate.html HTTP/1.1" 200 986
114.83.222.132 - - [13/Feb/2024:10:35:11 +0800] "GET /xingrg/javascript/easyui/themes/default/images/button_plain_hover.png HTTP/1.1" 200 144
114.83.222.132 - - [13/Feb/2024:10:35:13 +0800] "GET /xingrg/kc/buy/cgsh_order_add.html HTTP/1.1" 200 73555
114.83.222.132 - - [13/Feb/2024:10:35:13 +0800] "GET /xingrg/javascript/pic_change.js HTTP/1.1" 200 4739
114.83.222.132 - - [13/Feb/2024:10:35:13 +0800] "GET /xingrg/javascript/jquery_tools/order_manager.js HTTP/1.1" 200 11183
114.83.222.132 - - [13/Feb/2024:10:35:13 +0800] "GET /xingrg/javascript/convert.js HTTP/1.1" 200 1239
114.83.222.132 - - [13/Feb/2024:10:35:13 +0800] "GET /xingrg/javascript/json2.js HTTP/1.1" 200 11259
114.83.222.132 - - [13/Feb/2024:10:35:13 +0800] "GET /xingrg/javascript/print/kc_print.js HTTP/1.1" 200 11415
114.83.222.132 - - [13/Feb/2024:10:35:13 +0800] "GET /xingrg/words/20240208113601_words.js HTTP/1.1" 200 1013734
114.83.222.132 - - [13/Feb/2024:10:35:13 +0800] "GET /xingrg/javascript/easyui/themes/icons/copy_new.png HTTP/1.1" 200 815
114.83.222.132 - - [13/Feb/2024:10:35:13 +0800] "GET /xingrg/javascript/easyui/themes/icons/template_new.png HTTP/1.1" 200 3956
114.83.222.132 - - [13/Feb/2024:10:35:13 +0800] "GET /xingrg/javascript/easyui/themes/icons/ok.png HTTP/1.1" 200 883
114.83.222.132 - - [13/Feb/2024:10:35:13 +0800] "GET /xingrg/javascript/easyui/themes/icons/print.png HTTP/1.1" 200 1057
114.83.222.132 - - [13/Feb/2024:10:35:13 +0800] "GET /xingrg/javascript/easyui/themes/default/images/menu_downarrow.png HTTP/1.1" 200 173
114.83.222.132 - - [13/Feb/2024:10:35:13 +0800] "GET /xingrg/javascript/easyui/themes/icons/cancel.png HTTP/1.1" 200 1133
114.83.222.132 - - [13/Feb/2024:10:35:13 +0800] "POST /xingrg/kc/buy/cgsh_order_operate.html HTTP/1.1" 200 8245
114.83.222.132 - - [13/Feb/2024:10:35:13 +0800] "GET /xingrg/javascript/easyui/themes/default/validatebox.css HTTP/1.1" 404 1104
114.83.222.132 - - [13/Feb/2024:10:35:13 +0800] "GET /xingrg/javascript/easyui/plugins/jquery.validatebox.js HTTP/1.1" 200 6103
114.83.222.132 - - [13/Feb/2024:10:35:14 +0800] "GET /xingrg/all/common/auto_word.html?type=employee&rest_code=00149 HTTP/1.1" 200 147
114.83.222.132 - - [13/Feb/2024:10:35:14 +0800] "GET /xingrg/javascript/easyui/themes/icons/edit_remove.png HTTP/1.1" 200 625
114.83.222.132 - - [13/Feb/2024:10:35:14 +0800] "GET /xingrg/javascript/easyui/plugins/jquery.numberbox.js HTTP/1.1" 200 5213
114.83.222.132 - - [13/Feb/2024:10:35:14 +0800] "GET /xingrg/all/common/auto_word.html?type=employee&rest_code=00149 HTTP/1.1" 200 147
101.83.145.37 - - [13/Feb/2024:10:35:14 +0800] "POST /xingrg/kc/base/wldb_order_operate.html HTTP/1.1" 200 37
101.83.145.37 - - [13/Feb/2024:10:35:15 +0800] "POST /xingrg/kc/base/wldb_order_operate.html HTTP/1.1" 200 8234
114.83.222.132 - - [13/Feb/2024:10:35:15 +0800] "GET /xingrg/javascript/auto/indicator.gif HTTP/1.1" 404 1066
101.83.145.37 - - [13/Feb/2024:10:35:17 +0800] "GET /xingrg/kc/base/wldb_order_info.html?code=422024021301129 HTTP/1.1" 200 30359
221.239.172.206 - - [13/Feb/2024:10:35:18 +0800] "GET /xingrg/all/function/internal_message.html?_=1707791717471&CODE_STATE=getMsg HTTP/1.1" 200 27
101.83.145.37 - - [13/Feb/2024:10:35:18 +0800] "GET /xingrg/javascript/easyui/themes/default/validatebox.css HTTP/1.1" 404 1104
101.83.145.37 - - [13/Feb/2024:10:35:19 +0800] "POST /xingrg/kc/base/wldb_order_operate.html HTTP/1.1" 200 8234
116.237.78.120 - - [13/Feb/2024:10:35:19 +0800] "GET /xingrg/kc/base/wldb_order_add.html HTTP/1.1" 200 30348
116.237.78.120 - - [13/Feb/2024:10:35:20 +0800] "POST /xingrg/kc/base/wldb_order_operate.html HTTP/1.1" 200 6806
116.237.78.120 - - [13/Feb/2024:10:35:20 +0800] "GET /xingrg/javascript/easyui/themes/default/validatebox.css HTTP/1.1" 404 1104
116.230.123.222 - - [13/Feb/2024:10:35:21 +0800] "POST /xingrg/kc/buy/cgsh_order_operate.html HTTP/1.1" 200 37
116.237.78.120 - - [13/Feb/2024:10:35:21 +0800] "POST /xingrg/all/common/load_combo.html?type=base HTTP/1.1" 200 3227
116.237.78.120 - - [13/Feb/2024:10:35:24 +0800] "POST /xingrg/all/common/load_combo.html?type=base HTTP/1.1" 200 3227
