222.64.62.191 - - [12/Feb/2024:11:00:47 +0800] "GET /xingrg/javascript/easyui/themes/icons/field_new.png HTTP/1.1" 200 1097
222.64.62.191 - - [12/Feb/2024:11:00:47 +0800] "GET /xingrg/javascript/easyui/themes/icons/edit_add_new.png HTTP/1.1" 200 2997
222.64.62.191 - - [12/Feb/2024:11:00:47 +0800] "GET /xingrg/javascript/easyui/themes/icons/import_new.png HTTP/1.1" 200 1247
222.64.62.191 - - [12/Feb/2024:11:00:47 +0800] "GET /xingrg/javascript/easyui/plugins/jquery.parser.js HTTP/1.1" 200 1142
222.64.62.191 - - [12/Feb/2024:11:00:47 +0800] "GET /xingrg/images/control/ajaxLoader.gif HTTP/1.1" 200 4659
116.230.123.222 - - [12/Feb/2024:11:00:54 +0800] "POST /xingrg/kc/buy/cgsh_order_operate.html HTTP/1.1" 200 37
124.78.67.200 - - [12/Feb/2024:11:01:02 +0800] "POST /xingrg/kc/buy/cgsh_order_operate.html HTTP/1.1" 200 8245
124.78.67.200 - - [12/Feb/2024:11:01:02 +0800] "GET /xingrg/javascript/easyui/themes/default/validatebox.css HTTP/1.1" 404 1104
218.81.216.246 - - [12/Feb/2024:11:01:03 +0800] "POST /xingrg/services/DataTransmitService HTTP/1.1" 200 412
116.224.254.208 - - [12/Feb/2024:11:01:04 +0800] "GET /xingrg/all/function/internal_message.html?_=1707706864408&CODE_STATE=getMsg HTTP/1.1" 200 27
116.230.123.222 - - [12/Feb/2024:11:01:04 +0800] "POST /xingrg/kc/buy/cgsh_order_operate.html HTTP/1.1" 200 12
124.78.67.200 - - [12/Feb/2024:11:01:06 +0800] "GET /xingrg/kc/buy/cgsh_order_add.html HTTP/1.1" 200 73467
124.78.67.200 - - [12/Feb/2024:11:01:06 +0800] "GET /xingrg/css/base.css HTTP/1.1" 304 -
124.78.67.200 - - [12/Feb/2024:11:01:06 +0800] "GET /xingrg/css/site.css HTTP/1.1" 304 -
124.78.67.200 - - [12/Feb/2024:11:01:06 +0800] "GET /xingrg/javascript/jquery_tools/datebox.css HTTP/1.1" 304 -
124.78.67.200 - - [12/Feb/2024:11:01:06 +0800] "GET /xingrg/javascript/easyui/themes/default/easyui.css HTTP/1.1" 304 -
124.78.67.200 - - [12/Feb/2024:11:01:06 +0800] "GET /xingrg/javascript/easyui/themes/icon.css HTTP/1.1" 304 -
124.78.67.200 - - [12/Feb/2024:11:01:06 +0800] "GET /xingrg/javascript/auto/jquery.autocomplete.css HTTP/1.1" 304 -
124.78.67.200 - - [12/Feb/2024:11:01:06 +0800] "GET /xingrg/javascript/jquery_tools/fix.css HTTP/1.1" 304 -
124.78.67.200 - - [12/Feb/2024:11:01:06 +0800] "GET /xingrg/javascript/jquery_tools/table.css HTTP/1.1" 304 -
124.78.67.200 - - [12/Feb/2024:11:01:06 +0800] "GET /xingrg/javascript/pic_change.js HTTP/1.1" 304 -
124.78.67.200 - - [12/Feb/2024:11:01:06 +0800] "GET /xingrg/javascript/jquery_tools/jquery.tools.min.js HTTP/1.1" 304 -
124.78.67.200 - - [12/Feb/2024:11:01:06 +0800] "GET /xingrg/javascript/jquery_tools/jquery.tools.extend.js HTTP/1.1" 304 -
124.78.67.200 - - [12/Feb/2024:11:01:06 +0800] "GET /xingrg/javascript/jquery_tools/jquery.tools.hotkey.js HTTP/1.1" 304 -
124.78.67.200 - - [12/Feb/2024:11:01:06 +0800] "GET /xingrg/javascript/jquery_tools/jquery.tools.table.js HTTP/1.1" 304 -
124.78.67.200 - - [12/Feb/2024:11:01:06 +0800] "GET /xingrg/javascript/auto/jquery.autocomplete.js HTTP/1.1" 304 -
124.78.67.200 - - [12/Feb/2024:11:01:06 +0800] "GET /xingrg/javascript/easyui/easyloader.js HTTP/1.1" 304 -
124.78.67.200 - - [12/Feb/2024:11:01:06 +0800] "GET /xingrg/javascript/jquery.utils.js HTTP/1.1" 304 -
124.78.67.200 - - [12/Feb/2024:11:01:06 +0800] "GET /xingrg/javascript/jquery_tools/order_manager.js HTTP/1.1" 304 -
124.78.67.200 - - [12/Feb/2024:11:01:06 +0800] "GET /xingrg/javascript/convert.js HTTP/1.1" 304 -
124.78.67.200 - - [12/Feb/2024:11:01:06 +0800] "GET /xingrg/javascript/json2.js HTTP/1.1" 304 -
124.78.67.200 - - [12/Feb/2024:11:01:06 +0800] "GET /xingrg/javascript/jquery.cookie.js HTTP/1.1" 304 -
124.78.67.200 - - [12/Feb/2024:11:01:06 +0800] "GET /xingrg/javascript/print/kc_print.js HTTP/1.1" 304 -
124.78.67.200 - - [12/Feb/2024:11:01:06 +0800] "GET /xingrg/javascript/print/LodopFuncs.js HTTP/1.1" 304 -
124.78.67.200 - - [12/Feb/2024:11:01:06 +0800] "GET /xingrg/words/20240208113601_words.js HTTP/1.1" 304 -
124.78.67.200 - - [12/Feb/2024:11:01:06 +0800] "GET /xingrg/javascript/easyui/plugins/jquery.parser.js HTTP/1.1" 304 -
124.78.67.200 - - [12/Feb/2024:11:01:06 +0800] "GET /xingrg/images/control/ajaxLoader.gif HTTP/1.1" 304 -
124.78.67.200 - - [12/Feb/2024:11:01:07 +0800] "GET /xingrg/javascript/easyui/themes/default/validatebox.css HTTP/1.1" 404 1104
124.78.67.200 - - [12/Feb/2024:11:01:07 +0800] "POST /xingrg/kc/buy/cgsh_order_operate.html HTTP/1.1" 200 8245
116.230.123.222 - - [12/Feb/2024:11:01:07 +0800] "GET /xingrg/kc/buy/cgsh_order_info.html?code=212024021203898 HTTP/1.1" 200 68336
116.230.123.222 - - [12/Feb/2024:11:01:08 +0800] "GET /xingrg/javascript/easyui/themes/default/validatebox.css HTTP/1.1" 404 1104
116.230.123.222 - - [12/Feb/2024:11:01:09 +0800] "POST /xingrg/kc/buy/cgsh_order_operate.html HTTP/1.1" 200 1210
221.239.172.206 - - [12/Feb/2024:11:01:16 +0800] "GET /xingrg/all/function/internal_message.html?_=1707706875987&CODE_STATE=getMsg HTTP/1.1" 200 27
114.83.219.235 - - [12/Feb/2024:11:01:17 +0800] "GET /xingrg/all/function/internal_message.html?_=1707706876683&CODE_STATE=getMsg HTTP/1.1" 200 27
114.83.219.235 - - [12/Feb/2024:11:01:17 +0800] "GET /xingrg/check_reg.html?_=1707706876875 HTTP/1.1" 200 22
116.230.123.222 - - [12/Feb/2024:11:01:18 +0800] "GET /xingrg/kc/print/load_data.html?order_code=212024021203898&kc_code=cgsh&condition= HTTP/1.1" 200 944
124.78.67.200 - - [12/Feb/2024:11:01:19 +0800] "GET /xingrg/all/function/internal_message.html?_=1707706879308&CODE_STATE=getMsg HTTP/1.1" 200 27
116.230.123.222 - - [12/Feb/2024:11:01:19 +0800] "GET /xingrg/all/function/internal_message.html?_=1707706879216&CODE_STATE=getMsg HTTP/1.1" 200 27
180.164.1.25 - - [12/Feb/2024:11:01:23 +0800] "GET /xingrg/all/function/internal_message.html?_=1707706883496&CODE_STATE=getMsg HTTP/1.1" 200 27
218.81.216.246 - - [12/Feb/2024:11:01:23 +0800] "GET /xingrg/all/function/internal_message.html?_=1707706885473&CODE_STATE=getMsg HTTP/1.1" 302 -
116.230.123.222 - - [12/Feb/2024:11:01:24 +0800] "GET /xingrg/kc/buy/cgsh_order_add.html HTTP/1.1" 200 73423
116.230.123.222 - - [12/Feb/2024:11:01:25 +0800] "POST /xingrg/kc/buy/cgsh_order_operate.html HTTP/1.1" 200 8245
116.230.123.222 - - [12/Feb/2024:11:01:25 +0800] "GET /xingrg/javascript/easyui/themes/default/validatebox.css HTTP/1.1" 404 1104
101.83.145.37 - - [12/Feb/2024:11:01:25 +0800] "GET /xingrg/kc/base/wldb_order_operate.html?command=get_materiel&rest_code=00105&base_code=0010507&code=00101016019 HTTP/1.1" 200 451
218.81.216.246 - - [12/Feb/2024:11:01:27 +0800] "GET /xingrg/all/function/internal_message.html?_=1707706889359&CODE_STATE=getMsg HTTP/1.1" 200 27
180.163.29.79 - - [12/Feb/2024:11:01:28 +0800] "GET /xingrg/all/function/internal_message.html?_=1707706828796&CODE_STATE=getMsg HTTP/1.1" 302 -
101.83.145.37 - - [12/Feb/2024:11:01:28 +0800] "GET /xingrg/all/function/internal_message.html?_=1707706653430&CODE_STATE=getMsg HTTP/1.1" 200 27
180.163.29.79 - - [12/Feb/2024:11:01:28 +0800] "GET /xingrg/login.html HTTP/1.1" 200 7641
116.237.73.254 - - [12/Feb/2024:11:01:28 +0800] "GET /xingrg/all/function/internal_message.html?_=1707706888798&CODE_STATE=getMsg HTTP/1.1" 200 27
116.232.194.112 - - [12/Feb/2024:11:01:31 +0800] "GET /xingrg/all/function/internal_message.html?_=1707706888443&CODE_STATE=getMsg HTTP/1.1" 200 27
116.230.123.222 - - [12/Feb/2024:11:01:35 +0800] "GET /xingrg/kc/buy/cgsh_order_operate.html?command=get_materiel&rest_code=00111&code=00101003016&supplier_code=00100093&order_time=2024-02-12 HTTP/1.1" 200 420
101.83.145.37 - - [12/Feb/2024:11:01:38 +0800] "GET /xingrg/kc/base/wldb_order_operate.html?command=get_materiel&rest_code=00105&base_code=0010507&code=00101019372 HTTP/1.1" 200 481
222.64.62.191 - - [12/Feb/2024:11:01:41 +0800] "GET /xingrg/all/function/internal_message.html?_=1707706901905&CODE_STATE=getMsg HTTP/1.1" 200 27
218.81.216.246 - - [12/Feb/2024:11:01:47 +0800] "GET /xingrg/all/function/internal_message.html?_=1707706909016&CODE_STATE=getMsg HTTP/1.1" 200 27
116.230.123.222 - - [12/Feb/2024:11:01:48 +0800] "GET /xingrg/kc/buy/cgsh_order_operate.html?command=get_materiel&rest_code=00111&code=00101003040&supplier_code=00100093&order_time=2024-02-12 HTTP/1.1" 200 416
116.224.254.208 - - [12/Feb/2024:11:02:04 +0800] "GET /xingrg/all/function/internal_message.html?_=1707706924423&CODE_STATE=getMsg HTTP/1.1" 200 27
116.230.123.222 - - [12/Feb/2024:11:02:04 +0800] "POST /xingrg/kc/buy/cgsh_order_operate.html HTTP/1.1" 200 37
218.81.216.246 - - [12/Feb/2024:11:02:04 +0800] "GET /xingrg/check_reg.html?_=1707706926251 HTTP/1.1" 302 -
116.230.123.222 - - [12/Feb/2024:11:02:15 +0800] "POST /xingrg/kc/buy/cgsh_order_operate.html HTTP/1.1" 200 12
221.239.172.206 - - [12/Feb/2024:11:02:16 +0800] "GET /xingrg/all/function/internal_message.html?_=1707706935986&CODE_STATE=getMsg HTTP/1.1" 200 27
114.83.219.235 - - [12/Feb/2024:11:02:17 +0800] "GET /xingrg/all/function/internal_message.html?_=1707706936695&CODE_STATE=getMsg HTTP/1.1" 200 27
101.83.145.37 - - [12/Feb/2024:11:02:18 +0800] "POST /xingrg/kc/base/wldb_order_operate.html HTTP/1.1" 200 37
124.78.67.200 - - [12/Feb/2024:11:02:19 +0800] "GET /xingrg/all/function/internal_message.html?_=1707706939460&CODE_STATE=getMsg HTTP/1.1" 200 27
101.83.145.37 - - [12/Feb/2024:11:02:19 +0800] "POST /xingrg/kc/base/wldb_order_operate.html HTTP/1.1" 200 7211
101.83.145.37 - - [12/Feb/2024:11:02:20 +0800] "GET /xingrg/kc/base/wldb_order_info.html?code=422024021201081 HTTP/1.1" 200 30361
101.83.145.37 - - [12/Feb/2024:11:02:21 +0800] "GET /xingrg/javascript/easyui/themes/default/validatebox.css HTTP/1.1" 404 1104
101.83.145.37 - - [12/Feb/2024:11:02:21 +0800] "POST /xingrg/kc/base/wldb_order_operate.html HTTP/1.1" 200 7211
180.164.1.25 - - [12/Feb/2024:11:02:23 +0800] "GET /xingrg/all/function/internal_message.html?_=1707706943471&CODE_STATE=getMsg HTTP/1.1" 200 27
218.81.216.246 - - [12/Feb/2024:11:02:23 +0800] "GET /xingrg/all/function/internal_message.html?_=1707706945485&CODE_STATE=getMsg HTTP/1.1" 302 -
116.230.123.222 - - [12/Feb/2024:11:02:26 +0800] "GET /xingrg/kc/buy/cgsh_order_info.html?code=212024021203899 HTTP/1.1" 200 68334
116.230.123.222 - - [12/Feb/2024:11:02:26 +0800] "GET /xingrg/javascript/easyui/themes/default/validatebox.css HTTP/1.1" 404 1104
218.81.216.246 - - [12/Feb/2024:11:02:27 +0800] "GET /xingrg/all/function/internal_message.html?_=1707706949395&CODE_STATE=getMsg HTTP/1.1" 200 27
116.230.123.222 - - [12/Feb/2024:11:02:27 +0800] "POST /xingrg/kc/buy/cgsh_order_operate.html HTTP/1.1" 200 1219
180.163.30.100 - - [12/Feb/2024:11:02:28 +0800] "GET /xingrg/all/function/internal_message.html?_=1707706888798&CODE_STATE=getMsg HTTP/1.1" 302 -
101.83.145.37 - - [12/Feb/2024:11:02:28 +0800] "GET /xingrg/all/function/internal_message.html?_=1707706713420&CODE_STATE=getMsg HTTP/1.1" 200 27
180.163.30.100 - - [12/Feb/2024:11:02:28 +0800] "GET /xingrg/login.html HTTP/1.1" 200 7641
101.83.145.37 - - [12/Feb/2024:11:02:28 +0800] "GET /xingrg/check_reg.html?_=1707706713546 HTTP/1.1" 200 22
116.237.73.254 - - [12/Feb/2024:11:02:28 +0800] "GET /xingrg/all/function/internal_message.html?_=1707706948785&CODE_STATE=getMsg HTTP/1.1" 200 27
116.230.123.222 - - [12/Feb/2024:11:02:30 +0800] "GET /xingrg/kc/print/load_data.html?order_code=212024021203899&kc_code=cgsh&condition= HTTP/1.1" 200 998
116.232.194.112 - - [12/Feb/2024:11:02:31 +0800] "GET /xingrg/all/function/internal_message.html?_=1707706948447&CODE_STATE=getMsg HTTP/1.1" 200 27
218.81.216.246 - - [12/Feb/2024:11:02:31 +0800] "POST /xingrg/services/DataTransmitService HTTP/1.1" 200 524
218.81.216.246 - - [12/Feb/2024:11:02:32 +0800] "POST /xingrg/services/DataTransmitService HTTP/1.1" 200 2331
116.230.123.222 - - [12/Feb/2024:11:02:35 +0800] "GET /xingrg/kc/buy/cgsh_order_add.html HTTP/1.1" 200 73423
116.230.123.222 - - [12/Feb/2024:11:02:35 +0800] "POST /xingrg/kc/buy/cgsh_order_operate.html HTTP/1.1" 200 8245
116.230.123.222 - - [12/Feb/2024:11:02:35 +0800] "GET /xingrg/javascript/easyui/themes/default/validatebox.css HTTP/1.1" 404 1104
218.81.216.246 - - [12/Feb/2024:11:02:40 +0800] "POST /xingrg/services/DataTransmitService HTTP/1.1" 200 524
222.64.62.191 - - [12/Feb/2024:11:02:41 +0800] "GET /xingrg/all/function/internal_message.html?_=1707706961901&CODE_STATE=getMsg HTTP/1.1" 200 27
218.81.216.246 - - [12/Feb/2024:11:02:45 +0800] "GET /xingrg/check_reg.html?_=1707706967488 HTTP/1.1" 200 22
218.81.216.246 - - [12/Feb/2024:11:02:47 +0800] "GET /xingrg/all/function/internal_message.html?_=1707706969029&CODE_STATE=getMsg HTTP/1.1" 200 27
101.83.145.37 - - [12/Feb/2024:11:02:49 +0800] "GET /xingrg/kc/base/wldb_order_add.html HTTP/1.1" 200 30344
101.83.145.37 - - [12/Feb/2024:11:02:50 +0800] "POST /xingrg/kc/base/wldb_order_operate.html HTTP/1.1" 200 6806
101.83.145.37 - - [12/Feb/2024:11:02:50 +0800] "GET /xingrg/javascript/easyui/themes/default/validatebox.css HTTP/1.1" 404 1104
116.230.123.222 - - [12/Feb/2024:11:02:51 +0800] "GET /xingrg/kc/buy/cgsh_order_operate.html?command=get_materiel&rest_code=00111&code=00101001037&supplier_code=00100090&order_time=2024-02-12 HTTP/1.1" 200 418
221.239.172.206 - - [12/Feb/2024:11:02:52 +0800] "GET /xingrg/check_reg.html?_=1707706971442 HTTP/1.1" 200 22
116.224.254.208 - - [12/Feb/2024:11:03:04 +0800] "GET /xingrg/all/function/internal_message.html?_=1707706984412&CODE_STATE=getMsg HTTP/1.1" 200 27
101.83.145.37 - - [12/Feb/2024:11:03:11 +0800] "GET /xingrg/kc/base/wldb_order_operate.html?command=get_materiel&rest_code=00105&base_code=0010507&code=00101019018 HTTP/1.1" 200 465
218.81.216.246 - - [12/Feb/2024:11:03:12 +0800] "GET /xingrg/check_reg.html?_=1707706993839 HTTP/1.1" 200 22
116.230.123.222 - - [12/Feb/2024:11:03:13 +0800] "POST /xingrg/kc/buy/cgsh_order_operate.html HTTP/1.1" 200 37
218.81.216.246 - - [12/Feb/2024:11:03:16 +0800] "POST /xingrg/services/DataTransmitService HTTP/1.1" 200 412
221.239.172.206 - - [12/Feb/2024:11:03:16 +0800] "GET /xingrg/all/function/internal_message.html?_=1707706995998&CODE_STATE=getMsg HTTP/1.1" 200 27
114.83.219.235 - - [12/Feb/2024:11:03:17 +0800] "GET /xingrg/all/function/internal_message.html?_=1707706996688&CODE_STATE=getMsg HTTP/1.1" 200 27
124.78.67.200 - - [12/Feb/2024:11:03:19 +0800] "GET /xingrg/all/function/internal_message.html?_=1707706999273&CODE_STATE=getMsg HTTP/1.1" 200 27
101.83.145.37 - - [12/Feb/2024:11:03:19 +0800] "POST /xingrg/kc/base/wldb_order_operate.html HTTP/1.1" 200 37
116.230.123.222 - - [12/Feb/2024:11:03:19 +0800] "GET /xingrg/all/function/internal_message.html?_=1707706999216&CODE_STATE=getMsg HTTP/1.1" 200 27
116.230.123.222 - - [12/Feb/2024:11:03:20 +0800] "POST /xingrg/kc/buy/cgsh_order_operate.html HTTP/1.1" 200 12
101.83.145.37 - - [12/Feb/2024:11:03:20 +0800] "POST /xingrg/kc/base/wldb_order_operate.html HTTP/1.1" 200 2207
101.83.145.37 - - [12/Feb/2024:11:03:20 +0800] "GET /xingrg/kc/base/wldb_order_info.html?code=422024021201082 HTTP/1.1" 200 30358
101.83.145.37 - - [12/Feb/2024:11:03:21 +0800] "GET /xingrg/javascript/easyui/themes/default/validatebox.css HTTP/1.1" 404 1104
222.64.62.191 - - [12/Feb/2024:11:03:21 +0800] "POST /xingrg/kc/buy/cgsh_list_operate.html HTTP/1.1" 200 6334
101.83.145.37 - - [12/Feb/2024:11:03:22 +0800] "POST /xingrg/kc/base/wldb_order_operate.html HTTP/1.1" 200 2207
116.230.123.222 - - [12/Feb/2024:11:03:22 +0800] "GET /xingrg/kc/buy/cgsh_order_info.html?code=212024021203900 HTTP/1.1" 200 68336
116.230.123.222 - - [12/Feb/2024:11:03:23 +0800] "GET /xingrg/javascript/easyui/themes/default/validatebox.css HTTP/1.1" 404 1104
218.81.216.246 - - [12/Feb/2024:11:03:23 +0800] "POST /xingrg/services/DataTransmitService HTTP/1.1" 200 524
180.164.1.25 - - [12/Feb/2024:11:03:23 +0800] "GET /xingrg/all/function/internal_message.html?_=1707707003470&CODE_STATE=getMsg HTTP/1.1" 200 27
218.81.216.246 - - [12/Feb/2024:11:03:24 +0800] "GET /xingrg/all/function/internal_message.html?_=1707707005695&CODE_STATE=getMsg HTTP/1.1" 302 -
116.230.123.222 - - [12/Feb/2024:11:03:24 +0800] "POST /xingrg/kc/buy/cgsh_order_operate.html HTTP/1.1" 200 615
116.230.123.222 - - [12/Feb/2024:11:03:26 +0800] "GET /xingrg/kc/print/load_data.html?order_code=212024021203900&kc_code=cgsh&condition= HTTP/1.1" 200 774
218.81.216.246 - - [12/Feb/2024:11:03:27 +0800] "GET /xingrg/all/function/internal_message.html?_=1707707009401&CODE_STATE=getMsg HTTP/1.1" 200 27
101.83.145.37 - - [12/Feb/2024:11:03:28 +0800] "GET /xingrg/all/function/internal_message.html?_=1707706773401&CODE_STATE=getMsg HTTP/1.1" 200 27
116.237.73.254 - - [12/Feb/2024:11:03:28 +0800] "GET /xingrg/all/function/internal_message.html?_=1707707008789&CODE_STATE=getMsg HTTP/1.1" 200 27
116.237.73.254 - - [12/Feb/2024:11:03:28 +0800] "GET /xingrg/check_reg.html?_=1707707008795 HTTP/1.1" 200 22
116.232.194.112 - - [12/Feb/2024:11:03:31 +0800] "GET /xingrg/all/function/internal_message.html?_=1707707008458&CODE_STATE=getMsg HTTP/1.1" 200 27
116.232.194.112 - - [12/Feb/2024:11:03:33 +0800] "GET /xingrg/check_reg.html?_=1707707010811 HTTP/1.1" 200 22
222.64.62.191 - - [12/Feb/2024:11:03:41 +0800] "GET /xingrg/all/function/internal_message.html?_=1707707021919&CODE_STATE=getMsg HTTP/1.1" 200 27
180.164.1.25 - - [12/Feb/2024:11:03:42 +0800] "GET /xingrg/check_reg.html?_=1707707021812 HTTP/1.1" 200 22
218.81.216.246 - - [12/Feb/2024:11:03:47 +0800] "GET /xingrg/all/function/internal_message.html?_=1707707029042&CODE_STATE=getMsg HTTP/1.1" 200 27
218.81.216.246 - - [12/Feb/2024:11:04:00 +0800] "POST /xingrg/services/DataTransmitService HTTP/1.1" 200 412
218.81.216.246 - - [12/Feb/2024:11:04:01 +0800] "POST /xingrg/services/DataTransmitService HTTP/1.1" 200 524
116.230.123.222 - - [12/Feb/2024:11:04:02 +0800] "GET /xingrg/check_reg.html?_=1707707042555 HTTP/1.1" 200 22
116.224.254.208 - - [12/Feb/2024:11:04:04 +0800] "GET /xingrg/all/function/internal_message.html?_=1707707044430&CODE_STATE=getMsg HTTP/1.1" 200 27
218.81.216.246 - - [12/Feb/2024:11:04:08 +0800] "POST /xingrg/services/DataTransmitService HTTP/1.1" 200 524
218.81.216.246 - - [12/Feb/2024:11:04:09 +0800] "POST /xingrg/services/DataTransmitService HTTP/1.1" 200 2331
221.239.172.206 - - [12/Feb/2024:11:04:16 +0800] "GET /xingrg/all/function/internal_message.html?_=1707707055997&CODE_STATE=getMsg HTTP/1.1" 200 27
114.83.219.235 - - [12/Feb/2024:11:04:17 +0800] "GET /xingrg/all/function/internal_message.html?_=1707707056693&CODE_STATE=getMsg HTTP/1.1" 200 27
124.78.67.200 - - [12/Feb/2024:11:04:19 +0800] "GET /xingrg/all/function/internal_message.html?_=1707707059272&CODE_STATE=getMsg HTTP/1.1" 200 27
116.230.123.222 - - [12/Feb/2024:11:04:19 +0800] "GET /xingrg/all/function/internal_message.html?_=1707707059202&CODE_STATE=getMsg HTTP/1.1" 200 27
124.78.67.200 - - [12/Feb/2024:11:04:20 +0800] "GET /xingrg/kc/buy/cgsh_order_operate.html?command=get_materiel&rest_code=00141&code=00101001037&supplier_code=00100090&order_time=2024-02-12 HTTP/1.1" 200 418
180.164.1.25 - - [12/Feb/2024:11:04:23 +0800] "GET /xingrg/all/function/internal_message.html?_=1707707063461&CODE_STATE=getMsg HTTP/1.1" 200 27
218.81.216.246 - - [12/Feb/2024:11:04:24 +0800] "GET /xingrg/all/function/internal_message.html?_=1707707065715&CODE_STATE=getMsg HTTP/1.1" 302 -
218.81.216.246 - - [12/Feb/2024:11:04:27 +0800] "GET /xingrg/all/function/internal_message.html?_=1707707069416&CODE_STATE=getMsg HTTP/1.1" 200 27
180.163.29.219 - - [12/Feb/2024:11:04:28 +0800] "GET /xingrg/check_reg.html?_=1707707008795 HTTP/1.1" 302 -
101.83.145.37 - - [12/Feb/2024:11:04:28 +0800] "GET /xingrg/all/function/internal_message.html?_=1707706833380&CODE_STATE=getMsg HTTP/1.1" 200 27
180.163.28.55 - - [12/Feb/2024:11:04:28 +0800] "GET /xingrg/all/function/internal_message.html?_=1707707008789&CODE_STATE=getMsg HTTP/1.1" 302 -
116.237.73.254 - - [12/Feb/2024:11:04:28 +0800] "GET /xingrg/all/function/internal_message.html?_=1707707068796&CODE_STATE=getMsg HTTP/1.1" 200 27
180.163.28.55 - - [12/Feb/2024:11:04:28 +0800] "GET /xingrg/login.html HTTP/1.1" 200 7641
180.163.29.219 - - [12/Feb/2024:11:04:29 +0800] "GET /xingrg/login.html HTTP/1.1" 200 7641
116.232.194.112 - - [12/Feb/2024:11:04:31 +0800] "GET /xingrg/all/function/internal_message.html?_=1707707068460&CODE_STATE=getMsg HTTP/1.1" 200 27
124.78.67.200 - - [12/Feb/2024:11:04:32 +0800] "GET /xingrg/kc/buy/cgsh_order_operate.html?command=get_materiel&rest_code=00141&code=00101004104&supplier_code=00100090&order_time=2024-02-12 HTTP/1.1" 200 408
222.64.62.191 - - [12/Feb/2024:11:04:41 +0800] "GET /xingrg/all/function/internal_message.html?_=1707707081921&CODE_STATE=getMsg HTTP/1.1" 200 27
124.78.67.200 - - [12/Feb/2024:11:04:43 +0800] "POST /xingrg/kc/buy/cgsh_order_operate.html HTTP/1.1" 200 37
218.81.216.246 - - [12/Feb/2024:11:04:47 +0800] "GET /xingrg/all/function/internal_message.html?_=1707707089056&CODE_STATE=getMsg HTTP/1.1" 200 27
218.81.216.246 - - [12/Feb/2024:11:04:47 +0800] "POST /xingrg/services/DataTransmitService HTTP/1.1" 200 412
218.81.216.246 - - [12/Feb/2024:11:04:49 +0800] "POST /xingrg/services/DataTransmitService HTTP/1.1" 200 524
124.78.67.200 - - [12/Feb/2024:11:04:52 +0800] "POST /xingrg/kc/buy/cgsh_order_operate.html HTTP/1.1" 200 12
124.78.67.200 - - [12/Feb/2024:11:04:55 +0800] "GET /xingrg/kc/buy/cgsh_order_info.html?code=212024021203901 HTTP/1.1" 200 68380
124.78.67.200 - - [12/Feb/2024:11:04:55 +0800] "GET /xingrg/javascript/easyui/themes/default/validatebox.css HTTP/1.1" 404 1104
124.78.67.200 - - [12/Feb/2024:11:04:56 +0800] "POST /xingrg/kc/buy/cgsh_order_operate.html HTTP/1.1" 200 1207
124.78.67.200 - - [12/Feb/2024:11:04:59 +0800] "GET /xingrg/check_reg.html?_=1707707099048 HTTP/1.1" 200 22
116.224.254.208 - - [12/Feb/2024:11:05:04 +0800] "GET /xingrg/check_reg.html?_=1707707104431 HTTP/1.1" 200 22
116.224.254.208 - - [12/Feb/2024:11:05:04 +0800] "GET /xingrg/all/function/internal_message.html?_=1707707104435&CODE_STATE=getMsg HTTP/1.1" 200 27
124.78.67.200 - - [12/Feb/2024:11:05:14 +0800] "GET /xingrg/kc/print/load_data.html?order_code=212024021203901&kc_code=cgsh&condition= HTTP/1.1" 200 1012
221.239.172.206 - - [12/Feb/2024:11:05:16 +0800] "GET /xingrg/all/function/internal_message.html?_=1707707115998&CODE_STATE=getMsg HTTP/1.1" 200 27
114.83.219.235 - - [12/Feb/2024:11:05:17 +0800] "GET /xingrg/all/function/internal_message.html?_=1707707116693&CODE_STATE=getMsg HTTP/1.1" 200 27
124.78.67.200 - - [12/Feb/2024:11:05:19 +0800] "GET /xingrg/all/function/internal_message.html?_=1707707119252&CODE_STATE=getMsg HTTP/1.1" 200 27
116.230.123.222 - - [12/Feb/2024:11:05:19 +0800] "GET /xingrg/all/function/internal_message.html?_=1707707119177&CODE_STATE=getMsg HTTP/1.1" 200 27
116.230.123.222 - - [12/Feb/2024:11:05:23 +0800] "GET /xingrg/kc/base/wldb_order_list.html HTTP/1.1" 200 19013
180.164.1.25 - - [12/Feb/2024:11:05:23 +0800] "GET /xingrg/all/function/internal_message.html?_=1707707123456&CODE_STATE=getMsg HTTP/1.1" 200 27
116.230.123.222 - - [12/Feb/2024:11:05:24 +0800] "POST /xingrg/kc/base/wldb_list_operate.html HTTP/1.1" 200 928
218.81.216.246 - - [12/Feb/2024:11:05:24 +0800] "GET /xingrg/all/function/internal_message.html?_=1707707125936&CODE_STATE=getMsg HTTP/1.1" 302 -
116.230.123.222 - - [12/Feb/2024:11:05:25 +0800] "GET /xingrg/kc/base/wldb_order_add.html HTTP/1.1" 200 30344
116.230.123.222 - - [12/Feb/2024:11:05:25 +0800] "POST /xingrg/kc/base/wldb_order_operate.html HTTP/1.1" 200 6806
116.230.123.222 - - [12/Feb/2024:11:05:25 +0800] "GET /xingrg/all/common/auto_word.html?type=base&rest_code=00111 HTTP/1.1" 200 1753
116.230.123.222 - - [12/Feb/2024:11:05:25 +0800] "GET /xingrg/all/common/auto_word.html?type=base&rest_code=00111 HTTP/1.1" 200 1753
116.230.123.222 - - [12/Feb/2024:11:05:25 +0800] "GET /xingrg/javascript/easyui/themes/default/validatebox.css HTTP/1.1" 404 1104
218.81.216.246 - - [12/Feb/2024:11:05:27 +0800] "GET /xingrg/all/function/internal_message.html?_=1707707129454&CODE_STATE=getMsg HTTP/1.1" 200 27
101.83.145.37 - - [12/Feb/2024:11:05:28 +0800] "GET /xingrg/all/function/internal_message.html?_=1707706893349&CODE_STATE=getMsg HTTP/1.1" 200 27
116.237.73.254 - - [12/Feb/2024:11:05:28 +0800] "GET /xingrg/all/function/internal_message.html?_=1707707128800&CODE_STATE=getMsg HTTP/1.1" 200 27
180.163.29.103 - - [12/Feb/2024:11:05:29 +0800] "GET /xingrg/all/function/internal_message.html?_=1707707068796&CODE_STATE=getMsg HTTP/1.1" 302 -
180.163.29.103 - - [12/Feb/2024:11:05:29 +0800] "GET /xingrg/login.html HTTP/1.1" 200 7641
116.232.194.112 - - [12/Feb/2024:11:05:31 +0800] "GET /xingrg/all/function/internal_message.html?_=1707707128452&CODE_STATE=getMsg HTTP/1.1" 200 27
124.78.67.200 - - [12/Feb/2024:11:05:31 +0800] "POST /xingrg/kc/buy/cgsh_order_operate.html HTTP/1.1" 200 8245
124.78.67.200 - - [12/Feb/2024:11:05:31 +0800] "GET /xingrg/javascript/easyui/themes/default/validatebox.css HTTP/1.1" 404 1104
222.64.62.191 - - [12/Feb/2024:11:05:41 +0800] "GET /xingrg/check_reg.html?_=1707707141921 HTTP/1.1" 200 22
222.64.62.191 - - [12/Feb/2024:11:05:41 +0800] "GET /xingrg/all/function/internal_message.html?_=1707707141924&CODE_STATE=getMsg HTTP/1.1" 200 27
124.78.67.200 - - [12/Feb/2024:11:05:44 +0800] "GET /xingrg/kc/buy/cgsh_order_operate.html?command=get_materiel&rest_code=00141&code=00101002007&supplier_code=00100442&order_time=2024-02-12 HTTP/1.1" 200 410
218.81.216.246 - - [12/Feb/2024:11:05:47 +0800] "GET /xingrg/all/function/internal_message.html?_=1707707149132&CODE_STATE=getMsg HTTP/1.1" 200 27
116.230.123.222 - - [12/Feb/2024:11:05:50 +0800] "POST /xingrg/all/common/load_combo.html?type=base HTTP/1.1" 200 3142
222.64.62.191 - - [12/Feb/2024:11:05:51 +0800] "GET /xingrg/javascript/easyui/themes/default/images/button_plain_hover.png HTTP/1.1" 200 144
124.78.67.200 - - [12/Feb/2024:11:05:56 +0800] "POST /xingrg/kc/buy/cgsh_order_operate.html HTTP/1.1" 200 37
116.230.123.222 - - [12/Feb/2024:11:06:01 +0800] "GET /xingrg/kc/base/wldb_order_operate.html?command=get_materiel&rest_code=00111&base_code=0010283&code=00101019390 HTTP/1.1" 200 470
116.224.254.208 - - [12/Feb/2024:11:06:02 +0800] "POST /xingrg/services/DataTransmitService HTTP/1.1" 200 524
222.64.62.191 - - [12/Feb/2024:11:06:03 +0800] "GET /xingrg/kc/buy/cgsh_order_add.html HTTP/1.1" 200 73514
222.64.62.191 - - [12/Feb/2024:11:06:03 +0800] "GET /xingrg/javascript/convert.js HTTP/1.1" 200 1239
222.64.62.191 - - [12/Feb/2024:11:06:03 +0800] "GET /xingrg/javascript/jquery_tools/order_manager.js HTTP/1.1" 200 11183
222.64.62.191 - - [12/Feb/2024:11:06:03 +0800] "GET /xingrg/javascript/json2.js HTTP/1.1" 200 11259
222.64.62.191 - - [12/Feb/2024:11:06:03 +0800] "GET /xingrg/javascript/print/kc_print.js HTTP/1.1" 200 11415
222.64.62.191 - - [12/Feb/2024:11:06:03 +0800] "GET /xingrg/words/20240208113601_words.js HTTP/1.1" 200 1013734
222.64.62.191 - - [12/Feb/2024:11:06:03 +0800] "GET /xingrg/javascript/easyui/themes/icons/copy_new.png HTTP/1.1" 200 815
222.64.62.191 - - [12/Feb/2024:11:06:03 +0800] "GET /xingrg/javascript/easyui/themes/icons/ok.png HTTP/1.1" 200 883
222.64.62.191 - - [12/Feb/2024:11:06:03 +0800] "GET /xingrg/javascript/easyui/themes/icons/template_new.png HTTP/1.1" 200 3956
222.64.62.191 - - [12/Feb/2024:11:06:03 +0800] "GET /xingrg/javascript/easyui/themes/icons/print.png HTTP/1.1" 200 1057
222.64.62.191 - - [12/Feb/2024:11:06:03 +0800] "GET /xingrg/javascript/easyui/themes/icons/cancel.png HTTP/1.1" 200 1133
222.64.62.191 - - [12/Feb/2024:11:06:03 +0800] "GET /xingrg/javascript/easyui/themes/default/images/menu_downarrow.png HTTP/1.1" 200 173
222.64.62.191 - - [12/Feb/2024:11:06:03 +0800] "POST /xingrg/kc/buy/cgsh_order_operate.html HTTP/1.1" 200 8245
222.64.62.191 - - [12/Feb/2024:11:06:03 +0800] "GET /xingrg/javascript/easyui/themes/default/validatebox.css HTTP/1.1" 404 1104
222.64.62.191 - - [12/Feb/2024:11:06:03 +0800] "GET /xingrg/javascript/easyui/plugins/jquery.validatebox.js HTTP/1.1" 200 6103
222.64.62.191 - - [12/Feb/2024:11:06:03 +0800] "GET /xingrg/all/common/auto_word.html?type=employee&rest_code=00147 HTTP/1.1" 200 101
222.64.62.191 - - [12/Feb/2024:11:06:03 +0800] "GET /xingrg/javascript/easyui/themes/icons/edit_remove.png HTTP/1.1" 200 625
222.64.62.191 - - [12/Feb/2024:11:06:03 +0800] "GET /xingrg/javascript/easyui/plugins/jquery.numberbox.js HTTP/1.1" 200 5213
222.64.62.191 - - [12/Feb/2024:11:06:03 +0800] "GET /xingrg/all/common/auto_word.html?type=employee&rest_code=00147 HTTP/1.1" 200 101
116.224.254.208 - - [12/Feb/2024:11:06:04 +0800] "GET /xingrg/all/function/internal_message.html?_=1707707164413&CODE_STATE=getMsg HTTP/1.1" 200 27
222.64.62.191 - - [12/Feb/2024:11:06:05 +0800] "GET /xingrg/javascript/auto/indicator.gif HTTP/1.1" 404 1066
116.230.123.222 - - [12/Feb/2024:11:06:06 +0800] "GET /xingrg/kc/base/wldb_order_operate.html?command=get_materiel&rest_code=00111&base_code=0010283&code=00101016040 HTTP/1.1" 200 459
222.64.62.191 - - [12/Feb/2024:11:06:06 +0800] "GET /xingrg/javascript/jquery_tools/images/prev.gif HTTP/1.1" 404 1086
222.64.62.191 - - [12/Feb/2024:11:06:06 +0800] "GET /xingrg/javascript/jquery_tools/images/next.gif HTTP/1.1" 404 1086
124.78.67.200 - - [12/Feb/2024:11:06:13 +0800] "POST /xingrg/kc/buy/cgsh_order_operate.html HTTP/1.1" 200 12
116.230.123.222 - - [12/Feb/2024:11:06:15 +0800] "GET /xingrg/kc/base/wldb_order_operate.html?command=get_materiel&rest_code=00111&base_code=0010283&code=00101019505 HTTP/1.1" 200 478
221.239.172.206 - - [12/Feb/2024:11:06:16 +0800] "GET /xingrg/all/function/internal_message.html?_=1707707176002&CODE_STATE=getMsg HTTP/1.1" 200 27
114.83.219.235 - - [12/Feb/2024:11:06:17 +0800] "GET /xingrg/all/function/internal_message.html?_=1707707176701&CODE_STATE=getMsg HTTP/1.1" 200 27
124.78.67.200 - - [12/Feb/2024:11:06:17 +0800] "GET /xingrg/kc/buy/cgsh_order_info.html?code=212024021203902 HTTP/1.1" 200 68378
114.83.219.235 - - [12/Feb/2024:11:06:17 +0800] "GET /xingrg/check_reg.html?_=1707707176860 HTTP/1.1" 200 22
124.78.67.200 - - [12/Feb/2024:11:06:17 +0800] "GET /xingrg/javascript/easyui/themes/default/validatebox.css HTTP/1.1" 404 1104
222.64.62.191 - - [12/Feb/2024:11:06:18 +0800] "GET /xingrg/kc/buy/cgsh_order_operate.html?command=get_materiel&rest_code=00147&code=00101006055&supplier_code=00100015&order_time=2024-02-07 HTTP/1.1" 200 409
124.78.67.200 - - [12/Feb/2024:11:06:18 +0800] "POST /xingrg/kc/buy/cgsh_order_operate.html HTTP/1.1" 200 609
116.230.123.222 - - [12/Feb/2024:11:06:19 +0800] "GET /xingrg/all/function/internal_message.html?_=1707707179156&CODE_STATE=getMsg HTTP/1.1" 200 27
124.78.67.200 - - [12/Feb/2024:11:06:19 +0800] "GET /xingrg/all/function/internal_message.html?_=1707707179404&CODE_STATE=getMsg HTTP/1.1" 200 27
124.78.67.200 - - [12/Feb/2024:11:06:21 +0800] "GET /xingrg/kc/print/load_data.html?order_code=212024021203902&kc_code=cgsh&condition= HTTP/1.1" 200 720
116.230.123.222 - - [12/Feb/2024:11:06:21 +0800] "GET /xingrg/kc/base/wldb_order_operate.html?command=get_materiel&rest_code=00111&base_code=0010283&code=00101019438 HTTP/1.1" 200 462
180.164.1.25 - - [12/Feb/2024:11:06:23 +0800] "GET /xingrg/all/function/internal_message.html?_=1707707183456&CODE_STATE=getMsg HTTP/1.1" 200 27
218.81.216.246 - - [12/Feb/2024:11:06:24 +0800] "GET /xingrg/all/function/internal_message.html?_=1707707185945&CODE_STATE=getMsg HTTP/1.1" 302 -
124.78.67.200 - - [12/Feb/2024:11:06:25 +0800] "POST /xingrg/kc/buy/cgsh_order_operate.html HTTP/1.1" 200 8245
124.78.67.200 - - [12/Feb/2024:11:06:26 +0800] "GET /xingrg/javascript/easyui/themes/default/validatebox.css HTTP/1.1" 404 1104
218.81.216.246 - - [12/Feb/2024:11:06:27 +0800] "GET /xingrg/all/function/internal_message.html?_=1707707189458&CODE_STATE=getMsg HTTP/1.1" 200 27
180.163.29.79 - - [12/Feb/2024:11:06:28 +0800] "GET /xingrg/all/function/internal_message.html?_=1707707128800&CODE_STATE=getMsg HTTP/1.1" 302 -
101.83.145.37 - - [12/Feb/2024:11:06:28 +0800] "GET /xingrg/all/function/internal_message.html?_=1707706953335&CODE_STATE=getMsg HTTP/1.1" 200 27
180.163.29.79 - - [12/Feb/2024:11:06:28 +0800] "GET /xingrg/login.html HTTP/1.1" 200 7641
116.237.73.254 - - [12/Feb/2024:11:06:28 +0800] "GET /xingrg/all/function/internal_message.html?_=1707707188806&CODE_STATE=getMsg HTTP/1.1" 200 27
116.230.123.222 - - [12/Feb/2024:11:06:30 +0800] "GET /xingrg/kc/base/wldb_order_operate.html?command=get_materiel&rest_code=00111&base_code=0010283&code=00101019164 HTTP/1.1" 200 466
116.232.194.112 - - [12/Feb/2024:11:06:31 +0800] "GET /xingrg/all/function/internal_message.html?_=1707707188452&CODE_STATE=getMsg HTTP/1.1" 200 27
116.230.123.222 - - [12/Feb/2024:11:06:38 +0800] "GET /xingrg/kc/base/wldb_order_operate.html?command=get_materiel&rest_code=00111&base_code=0010283&code=00101019015 HTTP/1.1" 200 451
222.64.62.191 - - [12/Feb/2024:11:06:41 +0800] "GET /xingrg/all/function/internal_message.html?_=1707707201917&CODE_STATE=getMsg HTTP/1.1" 200 27
124.78.67.200 - - [12/Feb/2024:11:06:44 +0800] "GET /xingrg/kc/buy/cgsh_order_operate.html?command=get_materiel&rest_code=00141&code=00101002002&supplier_code=00100087&order_time=2024-02-12 HTTP/1.1" 200 420
222.64.62.191 - - [12/Feb/2024:11:06:46 +0800] "GET /xingrg/kc/buy/cgsh_order_operate.html?command=get_materiel&rest_code=00147&code=00101006065&supplier_code=00100015&order_time=2024-02-07 HTTP/1.1" 200 428
218.81.216.246 - - [12/Feb/2024:11:06:47 +0800] "GET /xingrg/all/function/internal_message.html?_=1707707209145&CODE_STATE=getMsg HTTP/1.1" 200 27
116.230.123.222 - - [12/Feb/2024:11:06:53 +0800] "GET /xingrg/kc/base/wldb_order_operate.html?command=get_materiel&rest_code=00111&base_code=0010283&code=00101019359 HTTP/1.1" 200 461
124.78.67.200 - - [12/Feb/2024:11:07:01 +0800] "POST /xingrg/kc/buy/cgsh_order_operate.html HTTP/1.1" 200 37
116.224.254.208 - - [12/Feb/2024:11:07:04 +0800] "GET /xingrg/all/function/internal_message.html?_=1707707224425&CODE_STATE=getMsg HTTP/1.1" 200 27
218.81.216.246 - - [12/Feb/2024:11:07:04 +0800] "GET /xingrg/check_reg.html?_=1707707226451 HTTP/1.1" 302 -
222.64.62.191 - - [12/Feb/2024:11:07:07 +0800] "GET /xingrg/kc/buy/cgsh_order_operate.html?command=get_materiel&rest_code=00147&code=00101006144&supplier_code=00100015&order_time=2024-02-07 HTTP/1.1" 200 409
116.230.123.222 - - [12/Feb/2024:11:07:08 +0800] "POST /xingrg/kc/base/wldb_order_operate.html HTTP/1.1" 200 37
124.78.67.200 - - [12/Feb/2024:11:07:10 +0800] "POST /xingrg/kc/buy/cgsh_order_operate.html HTTP/1.1" 200 12
116.230.123.222 - - [12/Feb/2024:11:07:14 +0800] "POST /xingrg/kc/base/wldb_order_operate.html HTTP/1.1" 200 12
116.230.123.222 - - [12/Feb/2024:11:07:14 +0800] "POST /xingrg/kc/base/wldb_order_operate.html HTTP/1.1" 200 5174
116.230.123.222 - - [12/Feb/2024:11:07:16 +0800] "GET /xingrg/kc/base/wldb_order_info.html?code=422024021201083 HTTP/1.1" 200 26223
116.230.123.222 - - [12/Feb/2024:11:07:16 +0800] "GET /xingrg/javascript/easyui/themes/default/validatebox.css HTTP/1.1" 404 1104
116.230.123.222 - - [12/Feb/2024:11:07:16 +0800] "POST /xingrg/kc/base/wldb_order_operate.html HTTP/1.1" 200 3399
221.239.172.206 - - [12/Feb/2024:11:07:16 +0800] "GET /xingrg/all/function/internal_message.html?_=1707707235987&CODE_STATE=getMsg HTTP/1.1" 200 27
114.83.219.235 - - [12/Feb/2024:11:07:17 +0800] "GET /xingrg/all/function/internal_message.html?_=1707707236689&CODE_STATE=getMsg HTTP/1.1" 200 27
116.230.123.222 - - [12/Feb/2024:11:07:18 +0800] "GET /xingrg/kc/base/wldb_order_add.html HTTP/1.1" 200 30344
116.230.123.222 - - [12/Feb/2024:11:07:18 +0800] "POST /xingrg/kc/base/wldb_order_operate.html HTTP/1.1" 200 6806
116.230.123.222 - - [12/Feb/2024:11:07:19 +0800] "GET /xingrg/javascript/easyui/themes/default/validatebox.css HTTP/1.1" 404 1104
116.230.123.222 - - [12/Feb/2024:11:07:19 +0800] "GET /xingrg/all/function/internal_message.html?_=1707707239132&CODE_STATE=getMsg HTTP/1.1" 200 27
116.230.123.222 - - [12/Feb/2024:11:07:19 +0800] "POST /xingrg/all/common/load_combo.html?type=base HTTP/1.1" 200 3142
222.64.62.191 - - [12/Feb/2024:11:07:20 +0800] "GET /xingrg/kc/buy/cgsh_order_operate.html?command=get_materiel&rest_code=00147&code=00101006307&supplier_code=00100015&order_time=2024-02-07 HTTP/1.1" 200 410
180.164.1.25 - - [12/Feb/2024:11:07:23 +0800] "GET /xingrg/all/function/internal_message.html?_=1707707243441&CODE_STATE=getMsg HTTP/1.1" 200 27
218.81.216.246 - - [12/Feb/2024:11:07:24 +0800] "GET /xingrg/all/function/internal_message.html?_=1707707246151&CODE_STATE=getMsg HTTP/1.1" 302 -
218.81.216.246 - - [12/Feb/2024:11:07:27 +0800] "GET /xingrg/all/function/internal_message.html?_=1707707249496&CODE_STATE=getMsg HTTP/1.1" 200 27
180.163.30.76 - - [12/Feb/2024:11:07:28 +0800] "GET /xingrg/all/function/internal_message.html?_=1707707188806&CODE_STATE=getMsg HTTP/1.1" 302 -
101.83.145.37 - - [12/Feb/2024:11:07:28 +0800] "GET /xingrg/all/function/internal_message.html?_=1707707013320&CODE_STATE=getMsg HTTP/1.1" 200 27
101.83.145.37 - - [12/Feb/2024:11:07:28 +0800] "GET /xingrg/check_reg.html?_=1707707013494 HTTP/1.1" 200 22
180.163.30.76 - - [12/Feb/2024:11:07:28 +0800] "GET /xingrg/login.html HTTP/1.1" 200 7641
116.237.73.254 - - [12/Feb/2024:11:07:28 +0800] "GET /xingrg/all/function/internal_message.html?_=1707707248794&CODE_STATE=getMsg HTTP/1.1" 200 27
116.230.123.222 - - [12/Feb/2024:11:07:31 +0800] "GET /xingrg/kc/base/wldb_order_operate.html?command=get_materiel&rest_code=00111&base_code=0010283&code=00101019257 HTTP/1.1" 200 480
116.232.194.112 - - [12/Feb/2024:11:07:31 +0800] "GET /xingrg/all/function/internal_message.html?_=1707707248456&CODE_STATE=getMsg HTTP/1.1" 200 27
116.230.123.222 - - [12/Feb/2024:11:07:38 +0800] "GET /xingrg/kc/base/wldb_order_operate.html?command=get_materiel&rest_code=00111&base_code=0010283&code=00101019187 HTTP/1.1" 200 479
222.64.62.191 - - [12/Feb/2024:11:07:41 +0800] "GET /xingrg/all/function/internal_message.html?_=1707707261914&CODE_STATE=getMsg HTTP/1.1" 200 27
124.78.67.200 - - [12/Feb/2024:11:07:44 +0800] "GET /xingrg/kc/buy/cgsh_order_info.html?code=212024021203903 HTTP/1.1" 200 68376
124.78.67.200 - - [12/Feb/2024:11:07:44 +0800] "GET /xingrg/javascript/easyui/themes/default/validatebox.css HTTP/1.1" 404 1104
124.78.67.200 - - [12/Feb/2024:11:07:45 +0800] "POST /xingrg/kc/buy/cgsh_order_operate.html HTTP/1.1" 200 618
218.81.216.246 - - [12/Feb/2024:11:07:45 +0800] "GET /xingrg/check_reg.html?_=1707707267552 HTTP/1.1" 200 22
116.230.123.222 - - [12/Feb/2024:11:07:46 +0800] "GET /xingrg/kc/base/wldb_order_operate.html?command=get_materiel&rest_code=00111&base_code=0010283&code=00101019071 HTTP/1.1" 200 471
218.81.216.246 - - [12/Feb/2024:11:07:47 +0800] "GET /xingrg/all/function/internal_message.html?_=1707707269159&CODE_STATE=getMsg HTTP/1.1" 200 27
124.78.67.200 - - [12/Feb/2024:11:07:49 +0800] "GET /xingrg/kc/print/load_data.html?order_code=212024021203903&kc_code=cgsh&condition= HTTP/1.1" 200 774
221.239.172.206 - - [12/Feb/2024:11:07:52 +0800] "GET /xingrg/check_reg.html?_=1707707271448 HTTP/1.1" 200 22
124.78.67.200 - - [12/Feb/2024:11:07:54 +0800] "POST /xingrg/kc/buy/cgsh_order_operate.html HTTP/1.1" 200 8245
124.78.67.200 - - [12/Feb/2024:11:07:54 +0800] "GET /xingrg/javascript/easyui/themes/default/validatebox.css HTTP/1.1" 404 1104
116.230.123.222 - - [12/Feb/2024:11:07:54 +0800] "GET /xingrg/kc/base/wldb_order_operate.html?command=get_materiel&rest_code=00111&base_code=0010283&code=00101019133 HTTP/1.1" 200 480
116.224.254.208 - - [12/Feb/2024:11:08:04 +0800] "GET /xingrg/all/function/internal_message.html?_=1707707284422&CODE_STATE=getMsg HTTP/1.1" 200 27
124.78.67.200 - - [12/Feb/2024:11:08:04 +0800] "GET /xingrg/kc/buy/cgsh_order_operate.html?command=get_materiel&rest_code=00141&code=00101004046&supplier_code=00100312&order_time=2024-02-12 HTTP/1.1" 200 418
116.230.123.222 - - [12/Feb/2024:11:08:07 +0800] "POST /xingrg/kc/base/wldb_order_operate.html HTTP/1.1" 200 37
218.81.216.246 - - [12/Feb/2024:11:08:12 +0800] "GET /xingrg/check_reg.html?_=1707707293842 HTTP/1.1" 200 22
116.230.123.222 - - [12/Feb/2024:11:08:13 +0800] "POST /xingrg/kc/base/wldb_order_operate.html HTTP/1.1" 200 12
116.230.123.222 - - [12/Feb/2024:11:08:13 +0800] "POST /xingrg/kc/base/wldb_order_operate.html HTTP/1.1" 200 3746
116.230.123.222 - - [12/Feb/2024:11:08:15 +0800] "GET /xingrg/kc/base/wldb_order_info.html?code=422024021201084 HTTP/1.1" 200 26223
116.230.123.222 - - [12/Feb/2024:11:08:15 +0800] "GET /xingrg/javascript/easyui/themes/default/validatebox.css HTTP/1.1" 404 1104
116.230.123.222 - - [12/Feb/2024:11:08:15 +0800] "POST /xingrg/kc/base/wldb_order_operate.html HTTP/1.1" 200 2008
221.239.172.206 - - [12/Feb/2024:11:08:16 +0800] "GET /xingrg/all/function/internal_message.html?_=1707707295989&CODE_STATE=getMsg HTTP/1.1" 200 27
114.83.219.235 - - [12/Feb/2024:11:08:17 +0800] "GET /xingrg/all/function/internal_message.html?_=1707707296691&CODE_STATE=getMsg HTTP/1.1" 200 27
116.230.123.222 - - [12/Feb/2024:11:08:17 +0800] "GET /xingrg/kc/base/wldb_order_add.html HTTP/1.1" 200 30344
116.230.123.222 - - [12/Feb/2024:11:08:17 +0800] "POST /xingrg/kc/base/wldb_order_operate.html HTTP/1.1" 200 6806
116.230.123.222 - - [12/Feb/2024:11:08:18 +0800] "GET /xingrg/javascript/easyui/themes/default/validatebox.css HTTP/1.1" 404 1104
114.83.219.235 - - [12/Feb/2024:11:08:18 +0800] "GET /xingrg/kc/buy/cgsh_order_operate.html?command=get_materiel&rest_code=00149&code=00101001029&supplier_code=00100312&order_time=2024-02-12 HTTP/1.1" 200 417
124.78.67.200 - - [12/Feb/2024:11:08:19 +0800] "GET /xingrg/all/function/internal_message.html?_=1707707299235&CODE_STATE=getMsg HTTP/1.1" 200 27
116.230.123.222 - - [12/Feb/2024:11:08:19 +0800] "POST /xingrg/all/common/load_combo.html?type=base HTTP/1.1" 200 3142
116.230.123.222 - - [12/Feb/2024:11:08:19 +0800] "GET /xingrg/all/function/internal_message.html?_=1707707299125&CODE_STATE=getMsg HTTP/1.1" 200 27
124.78.67.200 - - [12/Feb/2024:11:08:20 +0800] "GET /xingrg/kc/buy/cgsh_order_operate.html?command=get_materiel&rest_code=00141&code=00101004030&supplier_code=00100312&order_time=2024-02-12 HTTP/1.1" 200 408
116.237.73.254 - - [12/Feb/2024:11:08:22 +0800] "POST /xingrg/services/DataTransmitService HTTP/1.1" 200 524
180.164.1.25 - - [12/Feb/2024:11:08:23 +0800] "GET /xingrg/all/function/internal_message.html?_=1707707303432&CODE_STATE=getMsg HTTP/1.1" 200 27
116.237.73.254 - - [12/Feb/2024:11:08:24 +0800] "POST /xingrg/services/DataTransmitService HTTP/1.1" 200 412
218.81.216.246 - - [12/Feb/2024:11:08:24 +0800] "GET /xingrg/all/function/internal_message.html?_=1707707306160&CODE_STATE=getMsg HTTP/1.1" 302 -
218.81.216.246 - - [12/Feb/2024:11:08:27 +0800] "GET /xingrg/all/function/internal_message.html?_=1707707309516&CODE_STATE=getMsg HTTP/1.1" 200 27
180.163.29.217 - - [12/Feb/2024:11:08:28 +0800] "GET /xingrg/all/function/internal_message.html?_=1707707248794&CODE_STATE=getMsg HTTP/1.1" 302 -
101.83.145.37 - - [12/Feb/2024:11:08:28 +0800] "GET /xingrg/all/function/internal_message.html?_=1707707073292&CODE_STATE=getMsg HTTP/1.1" 200 27
180.163.29.217 - - [12/Feb/2024:11:08:28 +0800] "GET /xingrg/login.html HTTP/1.1" 200 7641
116.237.73.254 - - [12/Feb/2024:11:08:28 +0800] "GET /xingrg/all/function/internal_message.html?_=1707707308801&CODE_STATE=getMsg HTTP/1.1" 200 27
116.237.73.254 - - [12/Feb/2024:11:08:28 +0800] "GET /xingrg/check_reg.html?_=1707707308804 HTTP/1.1" 200 22
124.78.67.200 - - [12/Feb/2024:11:08:29 +0800] "GET /xingrg/kc/buy/cgsh_order_operate.html?command=get_materiel&rest_code=00141&code=00101005015&supplier_code=00100312&order_time=2024-02-12 HTTP/1.1" 200 409
116.232.194.112 - - [12/Feb/2024:11:08:31 +0800] "GET /xingrg/all/function/internal_message.html?_=1707707308454&CODE_STATE=getMsg HTTP/1.1" 200 27
114.83.219.235 - - [12/Feb/2024:11:08:32 +0800] "GET /xingrg/kc/buy/cgsh_order_operate.html?command=get_materiel&rest_code=00149&code=00101001170&supplier_code=00100312&order_time=2024-02-12 HTTP/1.1" 200 415
116.232.194.112 - - [12/Feb/2024:11:08:33 +0800] "GET /xingrg/check_reg.html?_=1707707310794 HTTP/1.1" 200 22
116.230.123.222 - - [12/Feb/2024:11:08:34 +0800] "POST /xingrg/kc/base/wldb_order_operate.html HTTP/1.1" 200 37
124.78.67.200 - - [12/Feb/2024:11:08:39 +0800] "GET /xingrg/kc/buy/cgsh_order_operate.html?command=get_materiel&rest_code=00141&code=00101001156&supplier_code=00100312&order_time=2024-02-12 HTTP/1.1" 200 409
116.230.123.222 - - [12/Feb/2024:11:08:40 +0800] "POST /xingrg/kc/base/wldb_order_operate.html HTTP/1.1" 200 12
116.230.123.222 - - [12/Feb/2024:11:08:40 +0800] "POST /xingrg/kc/base/wldb_order_operate.html HTTP/1.1" 200 2198
222.64.62.191 - - [12/Feb/2024:11:08:41 +0800] "GET /xingrg/all/function/internal_message.html?_=1707707321915&CODE_STATE=getMsg HTTP/1.1" 200 27
116.230.123.222 - - [12/Feb/2024:11:08:41 +0800] "GET /xingrg/kc/base/wldb_order_info.html?code=422024021201085 HTTP/1.1" 200 26223
180.164.1.25 - - [12/Feb/2024:11:08:42 +0800] "GET /xingrg/check_reg.html?_=1707707321816 HTTP/1.1" 200 22
114.83.219.235 - - [12/Feb/2024:11:08:42 +0800] "GET /xingrg/kc/buy/cgsh_order_operate.html?command=get_materiel&rest_code=00149&code=00101005073&supplier_code=00100312&order_time=2024-02-12 HTTP/1.1" 200 412
116.230.123.222 - - [12/Feb/2024:11:08:42 +0800] "GET /xingrg/javascript/easyui/themes/default/validatebox.css HTTP/1.1" 404 1104
116.230.123.222 - - [12/Feb/2024:11:08:42 +0800] "POST /xingrg/kc/base/wldb_order_operate.html HTTP/1.1" 200 493
116.230.123.222 - - [12/Feb/2024:11:08:44 +0800] "GET /xingrg/kc/base/wldb_order_add.html HTTP/1.1" 200 30344
116.230.123.222 - - [12/Feb/2024:11:08:44 +0800] "POST /xingrg/kc/base/wldb_order_operate.html HTTP/1.1" 200 6806
116.230.123.222 - - [12/Feb/2024:11:08:45 +0800] "GET /xingrg/javascript/easyui/themes/default/validatebox.css HTTP/1.1" 404 1104
218.81.216.246 - - [12/Feb/2024:11:08:47 +0800] "GET /xingrg/all/function/internal_message.html?_=1707707329172&CODE_STATE=getMsg HTTP/1.1" 200 27
114.83.219.235 - - [12/Feb/2024:11:08:56 +0800] "POST /xingrg/kc/buy/cgsh_order_operate.html HTTP/1.1" 200 37
222.64.62.191 - - [12/Feb/2024:11:09:00 +0800] "POST /xingrg/kc/buy/cgsh_order_operate.html HTTP/1.1" 200 88
116.230.123.222 - - [12/Feb/2024:11:09:00 +0800] "GET /xingrg/kc/base/wldb_order_operate.html?command=get_materiel&rest_code=00111&base_code=0010306&code=00102002454 HTTP/1.1" 200 449
116.230.123.222 - - [12/Feb/2024:11:09:02 +0800] "GET /xingrg/check_reg.html?_=1707707342583 HTTP/1.1" 200 22
116.224.254.208 - - [12/Feb/2024:11:09:04 +0800] "GET /xingrg/all/function/internal_message.html?_=1707707344413&CODE_STATE=getMsg HTTP/1.1" 200 27
116.230.123.222 - - [12/Feb/2024:11:09:07 +0800] "GET /xingrg/kc/base/wldb_order_operate.html?command=get_materiel&rest_code=00111&base_code=0010306&code=00102002586 HTTP/1.1" 200 438
222.64.62.191 - - [12/Feb/2024:11:09:07 +0800] "POST /xingrg/kc/buy/cgsh_order_operate.html HTTP/1.1" 200 37
114.83.219.235 - - [12/Feb/2024:11:09:08 +0800] "POST /xingrg/kc/buy/cgsh_order_operate.html HTTP/1.1" 200 12
222.64.62.191 - - [12/Feb/2024:11:09:15 +0800] "POST /xingrg/kc/buy/cgsh_order_operate.html HTTP/1.1" 200 5017
116.230.123.222 - - [12/Feb/2024:11:09:16 +0800] "POST /xingrg/kc/base/wldb_order_operate.html HTTP/1.1" 200 37
221.239.172.206 - - [12/Feb/2024:11:09:16 +0800] "GET /xingrg/all/function/internal_message.html?_=1707707355992&CODE_STATE=getMsg HTTP/1.1" 200 27
124.78.67.200 - - [12/Feb/2024:11:09:19 +0800] "GET /xingrg/all/function/internal_message.html?_=1707707359214&CODE_STATE=getMsg HTTP/1.1" 200 27
116.230.123.222 - - [12/Feb/2024:11:09:19 +0800] "GET /xingrg/all/function/internal_message.html?_=1707707359098&CODE_STATE=getMsg HTTP/1.1" 200 27
116.230.123.222 - - [12/Feb/2024:11:09:21 +0800] "POST /xingrg/kc/base/wldb_order_operate.html HTTP/1.1" 200 12
116.230.123.222 - - [12/Feb/2024:11:09:21 +0800] "POST /xingrg/kc/base/wldb_order_operate.html HTTP/1.1" 200 2674
116.230.123.222 - - [12/Feb/2024:11:09:23 +0800] "GET /xingrg/kc/base/wldb_order_info.html?code=422024021201086 HTTP/1.1" 200 26224
180.164.1.25 - - [12/Feb/2024:11:09:23 +0800] "GET /xingrg/all/function/internal_message.html?_=1707707363425&CODE_STATE=getMsg HTTP/1.1" 200 27
116.230.123.222 - - [12/Feb/2024:11:09:24 +0800] "GET /xingrg/javascript/easyui/themes/default/validatebox.css HTTP/1.1" 404 1104
116.230.123.222 - - [12/Feb/2024:11:09:24 +0800] "POST /xingrg/kc/base/wldb_order_operate.html HTTP/1.1" 200 957
218.81.216.246 - - [12/Feb/2024:11:09:24 +0800] "GET /xingrg/all/function/internal_message.html?_=1707707366378&CODE_STATE=getMsg HTTP/1.1" 302 -
218.81.216.246 - - [12/Feb/2024:11:09:27 +0800] "GET /xingrg/all/function/internal_message.html?_=1707707369529&CODE_STATE=getMsg HTTP/1.1" 200 27
180.163.28.180 - - [12/Feb/2024:11:09:28 +0800] "GET /xingrg/all/function/internal_message.html?_=1707707308801&CODE_STATE=getMsg HTTP/1.1" 302 -
101.83.145.37 - - [12/Feb/2024:11:09:28 +0800] "GET /xingrg/all/function/internal_message.html?_=1707707133277&CODE_STATE=getMsg HTTP/1.1" 200 27
116.237.73.254 - - [12/Feb/2024:11:09:28 +0800] "GET /xingrg/all/function/internal_message.html?_=1707707368808&CODE_STATE=getMsg HTTP/1.1" 200 27
180.163.28.180 - - [12/Feb/2024:11:09:29 +0800] "GET /xingrg/login.html HTTP/1.1" 200 7641
180.163.29.212 - - [12/Feb/2024:11:09:29 +0800] "GET /xingrg/check_reg.html?_=1707707308804 HTTP/1.1" 302 -
180.163.29.212 - - [12/Feb/2024:11:09:29 +0800] "GET /xingrg/login.html HTTP/1.1" 200 7641
116.232.194.112 - - [12/Feb/2024:11:09:31 +0800] "GET /xingrg/all/function/internal_message.html?_=1707707368458&CODE_STATE=getMsg HTTP/1.1" 200 27
124.78.67.200 - - [12/Feb/2024:11:09:35 +0800] "GET /xingrg/kc/buy/cgsh_order_operate.html?command=get_materiel&rest_code=00141&code=00101005011&supplier_code=00100312&order_time=2024-02-12 HTTP/1.1" 200 417
222.64.62.191 - - [12/Feb/2024:11:09:41 +0800] "GET /xingrg/all/function/internal_message.html?_=1707707381907&CODE_STATE=getMsg HTTP/1.1" 200 27
222.64.62.191 - - [12/Feb/2024:11:09:44 +0800] "POST /xingrg/kc/buy/cgsh_order_operate.html HTTP/1.1" 200 37
