101.83.145.37 - - [12/Feb/2024:10:51:28 +0800] "GET /xingrg/all/function/internal_message.html?_=1707706053482&CODE_STATE=getMsg HTTP/1.1" 200 27
116.237.73.254 - - [12/Feb/2024:10:51:28 +0800] "GET /xingrg/all/function/internal_message.html?_=1707706288778&CODE_STATE=getMsg HTTP/1.1" 200 27
180.163.29.219 - - [12/Feb/2024:10:51:29 +0800] "GET /xingrg/all/function/internal_message.html?_=1707706228774&CODE_STATE=getMsg HTTP/1.1" 302 -
180.163.29.219 - - [12/Feb/2024:10:51:29 +0800] "GET /xingrg/login.html HTTP/1.1" 200 7641
116.232.194.112 - - [12/Feb/2024:10:51:31 +0800] "GET /xingrg/all/function/internal_message.html?_=1707706288436&CODE_STATE=getMsg HTTP/1.1" 200 27
101.83.145.37 - - [12/Feb/2024:10:51:31 +0800] "GET /xingrg/kc/base/wldb_order_operate.html?command=get_materiel&rest_code=00105&base_code=0010508&code=00102004030 HTTP/1.1" 200 442
116.230.123.222 - - [12/Feb/2024:10:51:37 +0800] "GET /xingrg/kc/buy/cgsh_order_operate.html?command=get_materiel&rest_code=00111&code=00101004103&supplier_code=00100312&order_time=2024-02-12 HTTP/1.1" 200 413
101.83.145.37 - - [12/Feb/2024:10:51:43 +0800] "POST /xingrg/kc/base/wldb_order_operate.html HTTP/1.1" 200 37
101.83.145.37 - - [12/Feb/2024:10:51:43 +0800] "POST /xingrg/kc/base/wldb_order_operate.html HTTP/1.1" 200 2677
101.83.145.37 - - [12/Feb/2024:10:51:44 +0800] "GET /xingrg/kc/base/wldb_order_info.html?code=422024021201078 HTTP/1.1" 200 30358
101.83.145.37 - - [12/Feb/2024:10:51:44 +0800] "GET /xingrg/javascript/easyui/themes/default/validatebox.css HTTP/1.1" 404 1104
101.83.145.37 - - [12/Feb/2024:10:51:45 +0800] "POST /xingrg/kc/base/wldb_order_operate.html HTTP/1.1" 200 2677
218.81.216.246 - - [12/Feb/2024:10:51:47 +0800] "GET /xingrg/all/function/internal_message.html?_=1707706308707&CODE_STATE=getMsg HTTP/1.1" 200 27
116.230.123.222 - - [12/Feb/2024:10:51:55 +0800] "GET /xingrg/kc/buy/cgsh_order_operate.html?command=get_materiel&rest_code=00111&code=00101004071&supplier_code=00100312&order_time=2024-02-12 HTTP/1.1" 200 409
218.81.216.246 - - [12/Feb/2024:10:52:03 +0800] "POST /xingrg/services/DataTransmitService HTTP/1.1" 200 412
116.224.254.208 - - [12/Feb/2024:10:52:04 +0800] "GET /xingrg/all/function/internal_message.html?_=1707706324410&CODE_STATE=getMsg HTTP/1.1" 200 27
218.81.216.246 - - [12/Feb/2024:10:52:04 +0800] "GET /xingrg/check_reg.html?_=1707706326040 HTTP/1.1" 302 -
218.81.216.246 - - [12/Feb/2024:10:52:05 +0800] "POST /xingrg/services/DataTransmitService HTTP/1.1" 200 524
101.83.145.37 - - [12/Feb/2024:10:52:05 +0800] "GET /xingrg/kc/base/wldb_order_add.html HTTP/1.1" 200 30344
101.83.145.37 - - [12/Feb/2024:10:52:06 +0800] "POST /xingrg/kc/base/wldb_order_operate.html HTTP/1.1" 200 6806
101.83.145.37 - - [12/Feb/2024:10:52:06 +0800] "GET /xingrg/javascript/easyui/themes/default/validatebox.css HTTP/1.1" 404 1104
116.230.123.222 - - [12/Feb/2024:10:52:09 +0800] "GET /xingrg/kc/buy/cgsh_order_operate.html?command=get_materiel&rest_code=00111&code=00101005015&supplier_code=00100312&order_time=2024-02-12 HTTP/1.1" 200 409
221.239.172.206 - - [12/Feb/2024:10:52:16 +0800] "GET /xingrg/all/function/internal_message.html?_=1707706335986&CODE_STATE=getMsg HTTP/1.1" 200 27
114.83.219.235 - - [12/Feb/2024:10:52:17 +0800] "GET /xingrg/all/function/internal_message.html?_=1707706336668&CODE_STATE=getMsg HTTP/1.1" 200 27
116.230.123.222 - - [12/Feb/2024:10:52:19 +0800] "GET /xingrg/all/function/internal_message.html?_=1707706339193&CODE_STATE=getMsg HTTP/1.1" 200 27
124.78.67.200 - - [12/Feb/2024:10:52:19 +0800] "GET /xingrg/all/function/internal_message.html?_=1707706339457&CODE_STATE=getMsg HTTP/1.1" 200 27
116.230.123.222 - - [12/Feb/2024:10:52:21 +0800] "GET /xingrg/kc/buy/cgsh_order_operate.html?command=get_materiel&rest_code=00111&code=00101001029&supplier_code=00100312&order_time=2024-02-12 HTTP/1.1" 200 417
218.81.216.246 - - [12/Feb/2024:10:52:22 +0800] "GET /xingrg/all/function/internal_message.html?_=1707706344337&CODE_STATE=getMsg HTTP/1.1" 302 -
180.164.1.25 - - [12/Feb/2024:10:52:24 +0800] "GET /xingrg/all/function/internal_message.html?_=1707706343614&CODE_STATE=getMsg HTTP/1.1" 200 27
218.81.216.246 - - [12/Feb/2024:10:52:27 +0800] "GET /xingrg/all/function/internal_message.html?_=1707706349208&CODE_STATE=getMsg HTTP/1.1" 200 27
101.83.145.37 - - [12/Feb/2024:10:52:28 +0800] "GET /xingrg/all/function/internal_message.html?_=1707706113549&CODE_STATE=getMsg HTTP/1.1" 200 27
101.83.145.37 - - [12/Feb/2024:10:52:28 +0800] "GET /xingrg/check_reg.html?_=1707706113551 HTTP/1.1" 200 22
101.83.145.37 - - [12/Feb/2024:10:52:28 +0800] "GET /xingrg/kc/base/wldb_order_operate.html?command=get_materiel&rest_code=00105&base_code=0010507&code=00101019142 HTTP/1.1" 200 464
116.237.73.254 - - [12/Feb/2024:10:52:28 +0800] "GET /xingrg/all/function/internal_message.html?_=1707706348780&CODE_STATE=getMsg HTTP/1.1" 200 27
180.163.30.27 - - [12/Feb/2024:10:52:29 +0800] "GET /xingrg/all/function/internal_message.html?_=1707706288778&CODE_STATE=getMsg HTTP/1.1" 302 -
180.163.30.27 - - [12/Feb/2024:10:52:29 +0800] "GET /xingrg/login.html HTTP/1.1" 200 7641
116.232.194.112 - - [12/Feb/2024:10:52:31 +0800] "GET /xingrg/all/function/internal_message.html?_=1707706348452&CODE_STATE=getMsg HTTP/1.1" 200 27
116.230.123.222 - - [12/Feb/2024:10:52:36 +0800] "GET /xingrg/kc/buy/cgsh_order_operate.html?command=get_materiel&rest_code=00111&code=00101001045&supplier_code=00100312&order_time=2024-02-12 HTTP/1.1" 200 423
218.81.216.246 - - [12/Feb/2024:10:52:41 +0800] "POST /xingrg/services/DataTransmitService HTTP/1.1" 200 412
101.83.145.37 - - [12/Feb/2024:10:52:41 +0800] "POST /xingrg/kc/base/wldb_order_operate.html HTTP/1.1" 200 37
101.83.145.37 - - [12/Feb/2024:10:52:42 +0800] "POST /xingrg/kc/base/wldb_order_operate.html HTTP/1.1" 200 2206
101.83.145.37 - - [12/Feb/2024:10:52:43 +0800] "GET /xingrg/kc/base/wldb_order_info.html?code=422024021201079 HTTP/1.1" 200 30357
101.83.145.37 - - [12/Feb/2024:10:52:43 +0800] "GET /xingrg/javascript/easyui/themes/default/validatebox.css HTTP/1.1" 404 1104
101.83.145.37 - - [12/Feb/2024:10:52:44 +0800] "POST /xingrg/kc/base/wldb_order_operate.html HTTP/1.1" 200 2206
218.81.216.246 - - [12/Feb/2024:10:52:45 +0800] "GET /xingrg/check_reg.html?_=1707706367476 HTTP/1.1" 200 22
218.81.216.246 - - [12/Feb/2024:10:52:47 +0800] "GET /xingrg/all/function/internal_message.html?_=1707706368721&CODE_STATE=getMsg HTTP/1.1" 200 27
116.230.123.222 - - [12/Feb/2024:10:52:49 +0800] "GET /xingrg/kc/buy/cgsh_order_operate.html?command=get_materiel&rest_code=00111&code=00101001096&supplier_code=00100312&order_time=2024-02-12 HTTP/1.1" 200 413
221.239.172.206 - - [12/Feb/2024:10:52:52 +0800] "GET /xingrg/check_reg.html?_=1707706371435 HTTP/1.1" 200 22
116.224.254.208 - - [12/Feb/2024:10:53:04 +0800] "GET /xingrg/all/function/internal_message.html?_=1707706384421&CODE_STATE=getMsg HTTP/1.1" 200 27
101.83.145.37 - - [12/Feb/2024:10:53:07 +0800] "GET /xingrg/kc/base/wldb_order_add.html HTTP/1.1" 200 30344
101.83.145.37 - - [12/Feb/2024:10:53:08 +0800] "POST /xingrg/kc/base/wldb_order_operate.html HTTP/1.1" 200 6806
101.83.145.37 - - [12/Feb/2024:10:53:08 +0800] "GET /xingrg/javascript/easyui/themes/default/validatebox.css HTTP/1.1" 404 1104
218.81.216.246 - - [12/Feb/2024:10:53:12 +0800] "GET /xingrg/check_reg.html?_=1707706393821 HTTP/1.1" 200 22
221.239.172.206 - - [12/Feb/2024:10:53:16 +0800] "GET /xingrg/all/function/internal_message.html?_=1707706395976&CODE_STATE=getMsg HTTP/1.1" 200 27
114.83.219.235 - - [12/Feb/2024:10:53:17 +0800] "GET /xingrg/all/function/internal_message.html?_=1707706396668&CODE_STATE=getMsg HTTP/1.1" 200 27
116.230.123.222 - - [12/Feb/2024:10:53:19 +0800] "GET /xingrg/all/function/internal_message.html?_=1707706399176&CODE_STATE=getMsg HTTP/1.1" 200 27
124.78.67.200 - - [12/Feb/2024:10:53:19 +0800] "GET /xingrg/all/function/internal_message.html?_=1707706399436&CODE_STATE=getMsg HTTP/1.1" 200 27
218.81.216.246 - - [12/Feb/2024:10:53:23 +0800] "GET /xingrg/all/function/internal_message.html?_=1707706404540&CODE_STATE=getMsg HTTP/1.1" 302 -
180.164.1.25 - - [12/Feb/2024:10:53:24 +0800] "GET /xingrg/all/function/internal_message.html?_=1707706403612&CODE_STATE=getMsg HTTP/1.1" 200 27
218.81.216.246 - - [12/Feb/2024:10:53:27 +0800] "GET /xingrg/all/function/internal_message.html?_=1707706409218&CODE_STATE=getMsg HTTP/1.1" 200 27
180.163.29.206 - - [12/Feb/2024:10:53:28 +0800] "GET /xingrg/all/function/internal_message.html?_=1707706348780&CODE_STATE=getMsg HTTP/1.1" 302 -
180.163.29.206 - - [12/Feb/2024:10:53:28 +0800] "GET /xingrg/login.html HTTP/1.1" 200 7641
101.83.145.37 - - [12/Feb/2024:10:53:28 +0800] "GET /xingrg/all/function/internal_message.html?_=1707706173527&CODE_STATE=getMsg HTTP/1.1" 200 27
116.237.73.254 - - [12/Feb/2024:10:53:28 +0800] "GET /xingrg/all/function/internal_message.html?_=1707706408781&CODE_STATE=getMsg HTTP/1.1" 200 27
116.237.73.254 - - [12/Feb/2024:10:53:28 +0800] "GET /xingrg/check_reg.html?_=1707706408796 HTTP/1.1" 200 22
116.232.194.112 - - [12/Feb/2024:10:53:31 +0800] "GET /xingrg/all/function/internal_message.html?_=1707706408442&CODE_STATE=getMsg HTTP/1.1" 200 27
116.232.194.112 - - [12/Feb/2024:10:53:33 +0800] "GET /xingrg/check_reg.html?_=1707706410834 HTTP/1.1" 200 22
218.81.216.246 - - [12/Feb/2024:10:53:34 +0800] "POST /xingrg/services/DataTransmitService HTTP/1.1" 200 524
218.81.216.246 - - [12/Feb/2024:10:53:35 +0800] "POST /xingrg/services/DataTransmitService HTTP/1.1" 200 2331
101.83.145.37 - - [12/Feb/2024:10:53:38 +0800] "GET /xingrg/kc/base/wldb_order_operate.html?command=get_materiel&rest_code=00105&base_code=0010507&code=00101019438 HTTP/1.1" 200 462
180.164.1.25 - - [12/Feb/2024:10:53:42 +0800] "GET /xingrg/check_reg.html?_=1707706421813 HTTP/1.1" 200 22
218.81.216.246 - - [12/Feb/2024:10:53:43 +0800] "POST /xingrg/services/DataTransmitService HTTP/1.1" 200 524
218.81.216.246 - - [12/Feb/2024:10:53:47 +0800] "GET /xingrg/all/function/internal_message.html?_=1707706428734&CODE_STATE=getMsg HTTP/1.1" 200 27
101.83.145.37 - - [12/Feb/2024:10:53:49 +0800] "GET /xingrg/kc/base/wldb_order_operate.html?command=get_materiel&rest_code=00105&base_code=0010507&code=00101016096 HTTP/1.1" 200 450
101.83.145.37 - - [12/Feb/2024:10:54:02 +0800] "GET /xingrg/kc/base/wldb_order_operate.html?command=get_materiel&rest_code=00105&base_code=0010507&code=00101019267 HTTP/1.1" 200 479
116.230.123.222 - - [12/Feb/2024:10:54:02 +0800] "GET /xingrg/check_reg.html?_=1707706442523 HTTP/1.1" 200 22
116.224.254.208 - - [12/Feb/2024:10:54:04 +0800] "GET /xingrg/all/function/internal_message.html?_=1707706444408&CODE_STATE=getMsg HTTP/1.1" 200 27
116.230.123.222 - - [12/Feb/2024:10:54:15 +0800] "POST /xingrg/kc/buy/cgsh_order_operate.html HTTP/1.1" 200 37
101.83.145.37 - - [12/Feb/2024:10:54:16 +0800] "GET /xingrg/kc/base/wldb_order_operate.html?command=get_materiel&rest_code=00105&base_code=0010507&code=00101019187 HTTP/1.1" 200 479
221.239.172.206 - - [12/Feb/2024:10:54:16 +0800] "GET /xingrg/all/function/internal_message.html?_=1707706455975&CODE_STATE=getMsg HTTP/1.1" 200 27
114.83.219.235 - - [12/Feb/2024:10:54:17 +0800] "GET /xingrg/all/function/internal_message.html?_=1707706456670&CODE_STATE=getMsg HTTP/1.1" 200 27
116.230.123.222 - - [12/Feb/2024:10:54:19 +0800] "GET /xingrg/all/function/internal_message.html?_=1707706459168&CODE_STATE=getMsg HTTP/1.1" 200 27
124.78.67.200 - - [12/Feb/2024:10:54:19 +0800] "GET /xingrg/all/function/internal_message.html?_=1707706459408&CODE_STATE=getMsg HTTP/1.1" 200 27
218.81.216.246 - - [12/Feb/2024:10:54:20 +0800] "POST /xingrg/services/DataTransmitService HTTP/1.1" 200 412
218.81.216.246 - - [12/Feb/2024:10:54:23 +0800] "GET /xingrg/all/function/internal_message.html?_=1707706464549&CODE_STATE=getMsg HTTP/1.1" 302 -
116.230.123.222 - - [12/Feb/2024:10:54:23 +0800] "POST /xingrg/kc/buy/cgsh_order_operate.html HTTP/1.1" 200 12
180.164.1.25 - - [12/Feb/2024:10:54:23 +0800] "GET /xingrg/all/function/internal_message.html?_=1707706463605&CODE_STATE=getMsg HTTP/1.1" 200 27
116.230.123.222 - - [12/Feb/2024:10:54:26 +0800] "GET /xingrg/kc/buy/cgsh_order_info.html?code=212024021203892 HTTP/1.1" 200 68336
116.230.123.222 - - [12/Feb/2024:10:54:26 +0800] "GET /xingrg/javascript/easyui/themes/default/validatebox.css HTTP/1.1" 404 1104
218.81.216.246 - - [12/Feb/2024:10:54:27 +0800] "GET /xingrg/all/function/internal_message.html?_=1707706469232&CODE_STATE=getMsg HTTP/1.1" 200 27
116.230.123.222 - - [12/Feb/2024:10:54:27 +0800] "POST /xingrg/kc/buy/cgsh_order_operate.html HTTP/1.1" 200 5376
180.163.29.219 - - [12/Feb/2024:10:54:28 +0800] "GET /xingrg/check_reg.html?_=1707706408796 HTTP/1.1" 302 -
101.83.145.37 - - [12/Feb/2024:10:54:28 +0800] "GET /xingrg/all/function/internal_message.html?_=1707706233509&CODE_STATE=getMsg HTTP/1.1" 200 27
180.163.29.219 - - [12/Feb/2024:10:54:28 +0800] "GET /xingrg/login.html HTTP/1.1" 200 7641
116.237.73.254 - - [12/Feb/2024:10:54:28 +0800] "GET /xingrg/all/function/internal_message.html?_=1707706468781&CODE_STATE=getMsg HTTP/1.1" 200 27
180.163.29.79 - - [12/Feb/2024:10:54:29 +0800] "GET /xingrg/all/function/internal_message.html?_=1707706408781&CODE_STATE=getMsg HTTP/1.1" 302 -
180.163.29.79 - - [12/Feb/2024:10:54:29 +0800] "GET /xingrg/login.html HTTP/1.1" 200 7641
116.230.123.222 - - [12/Feb/2024:10:54:30 +0800] "GET /xingrg/kc/print/load_data.html?order_code=212024021203892&kc_code=cgsh&condition= HTTP/1.1" 200 2543
116.232.194.112 - - [12/Feb/2024:10:54:31 +0800] "GET /xingrg/all/function/internal_message.html?_=1707706468445&CODE_STATE=getMsg HTTP/1.1" 200 27
218.81.216.246 - - [12/Feb/2024:10:54:32 +0800] "POST /xingrg/services/DataTransmitService HTTP/1.1" 200 524
116.230.123.222 - - [12/Feb/2024:10:54:35 +0800] "GET /xingrg/kc/buy/cgsh_order_add.html HTTP/1.1" 200 73423
116.230.123.222 - - [12/Feb/2024:10:54:36 +0800] "POST /xingrg/kc/buy/cgsh_order_operate.html HTTP/1.1" 200 8245
116.230.123.222 - - [12/Feb/2024:10:54:36 +0800] "GET /xingrg/javascript/easyui/themes/default/validatebox.css HTTP/1.1" 404 1104
101.83.145.37 - - [12/Feb/2024:10:54:45 +0800] "GET /xingrg/kc/base/wldb_order_operate.html?command=get_materiel&rest_code=00105&base_code=0010507&code=00101019199 HTTP/1.1" 200 473
218.81.216.246 - - [12/Feb/2024:10:54:47 +0800] "GET /xingrg/all/function/internal_message.html?_=1707706488747&CODE_STATE=getMsg HTTP/1.1" 200 27
116.230.123.222 - - [12/Feb/2024:10:54:49 +0800] "GET /xingrg/kc/buy/cgsh_order_operate.html?command=get_materiel&rest_code=00111&code=00101003035&supplier_code=00100497&order_time=2024-02-12 HTTP/1.1" 200 413
124.78.67.200 - - [12/Feb/2024:10:54:58 +0800] "GET /xingrg/check_reg.html?_=1707706498913 HTTP/1.1" 200 22
116.224.254.208 - - [12/Feb/2024:10:55:04 +0800] "GET /xingrg/all/function/internal_message.html?_=1707706504413&CODE_STATE=getMsg HTTP/1.1" 200 27
116.224.254.208 - - [12/Feb/2024:10:55:04 +0800] "GET /xingrg/check_reg.html?_=1707706504417 HTTP/1.1" 200 22
116.230.123.222 - - [12/Feb/2024:10:55:07 +0800] "POST /xingrg/kc/buy/cgsh_order_operate.html HTTP/1.1" 200 37
218.81.216.246 - - [12/Feb/2024:10:55:08 +0800] "POST /xingrg/services/DataTransmitService HTTP/1.1" 200 412
101.83.145.37 - - [12/Feb/2024:10:55:08 +0800] "GET /xingrg/kc/base/wldb_order_operate.html?command=get_materiel&rest_code=00105&base_code=0010507&code=00101019258 HTTP/1.1" 200 483
221.239.172.206 - - [12/Feb/2024:10:55:16 +0800] "GET /xingrg/all/function/internal_message.html?_=1707706515976&CODE_STATE=getMsg HTTP/1.1" 200 27
114.83.219.235 - - [12/Feb/2024:10:55:17 +0800] "GET /xingrg/all/function/internal_message.html?_=1707706516671&CODE_STATE=getMsg HTTP/1.1" 200 27
101.83.145.37 - - [12/Feb/2024:10:55:18 +0800] "GET /xingrg/kc/base/wldb_order_operate.html?command=get_materiel&rest_code=00105&base_code=0010507&code=00101019183 HTTP/1.1" 200 449
124.78.67.200 - - [12/Feb/2024:10:55:19 +0800] "GET /xingrg/all/function/internal_message.html?_=1707706519391&CODE_STATE=getMsg HTTP/1.1" 200 27
218.81.216.246 - - [12/Feb/2024:10:55:23 +0800] "GET /xingrg/all/function/internal_message.html?_=1707706524771&CODE_STATE=getMsg HTTP/1.1" 302 -
180.164.1.25 - - [12/Feb/2024:10:55:23 +0800] "GET /xingrg/all/function/internal_message.html?_=1707706523596&CODE_STATE=getMsg HTTP/1.1" 200 27
116.230.123.222 - - [12/Feb/2024:10:55:26 +0800] "POST /xingrg/kc/buy/cgsh_order_operate.html HTTP/1.1" 200 12
218.81.216.246 - - [12/Feb/2024:10:55:27 +0800] "GET /xingrg/all/function/internal_message.html?_=1707706529266&CODE_STATE=getMsg HTTP/1.1" 200 27
180.163.29.217 - - [12/Feb/2024:10:55:28 +0800] "GET /xingrg/all/function/internal_message.html?_=1707706468781&CODE_STATE=getMsg HTTP/1.1" 302 -
180.163.29.217 - - [12/Feb/2024:10:55:28 +0800] "GET /xingrg/login.html HTTP/1.1" 200 7641
101.83.145.37 - - [12/Feb/2024:10:55:28 +0800] "GET /xingrg/all/function/internal_message.html?_=1707706293491&CODE_STATE=getMsg HTTP/1.1" 200 27
116.237.73.254 - - [12/Feb/2024:10:55:28 +0800] "GET /xingrg/all/function/internal_message.html?_=1707706528784&CODE_STATE=getMsg HTTP/1.1" 200 27
116.230.123.222 - - [12/Feb/2024:10:55:30 +0800] "GET /xingrg/kc/buy/cgsh_order_info.html?code=212024021203893 HTTP/1.1" 200 68338
116.230.123.222 - - [12/Feb/2024:10:55:30 +0800] "GET /xingrg/javascript/easyui/themes/default/validatebox.css HTTP/1.1" 404 1104
116.232.194.112 - - [12/Feb/2024:10:55:31 +0800] "GET /xingrg/all/function/internal_message.html?_=1707706528444&CODE_STATE=getMsg HTTP/1.1" 200 27
116.230.123.222 - - [12/Feb/2024:10:55:31 +0800] "POST /xingrg/kc/buy/cgsh_order_operate.html HTTP/1.1" 200 613
101.83.145.37 - - [12/Feb/2024:10:55:31 +0800] "GET /xingrg/kc/base/wldb_order_operate.html?command=get_materiel&rest_code=00105&base_code=0010507&code=00101019315 HTTP/1.1" 200 475
116.230.123.222 - - [12/Feb/2024:10:55:42 +0800] "GET /xingrg/kc/print/load_data.html?order_code=212024021203893&kc_code=cgsh&condition= HTTP/1.1" 200 713
101.83.145.37 - - [12/Feb/2024:10:55:42 +0800] "GET /xingrg/kc/base/wldb_order_operate.html?command=get_materiel&rest_code=00105&base_code=0010507&code=00101016044 HTTP/1.1" 200 466
218.81.216.246 - - [12/Feb/2024:10:55:47 +0800] "GET /xingrg/all/function/internal_message.html?_=1707706548823&CODE_STATE=getMsg HTTP/1.1" 200 27
218.81.216.246 - - [12/Feb/2024:10:55:49 +0800] "POST /xingrg/services/DataTransmitService HTTP/1.1" 401 565
218.81.216.246 - - [12/Feb/2024:10:55:50 +0800] "POST /xingrg/services/DataTransmitService HTTP/1.1" 200 478
218.81.216.246 - - [12/Feb/2024:10:55:50 +0800] "POST /xingrg/services/DataTransmitService HTTP/1.1" 200 1319
116.230.123.222 - - [12/Feb/2024:10:55:50 +0800] "GET /xingrg/kc/buy/cgsh_order_add.html HTTP/1.1" 200 73423
218.81.216.246 - - [12/Feb/2024:10:55:50 +0800] "POST /xingrg/services/DataTransmitService HTTP/1.1" 200 478
218.81.216.246 - - [12/Feb/2024:10:55:50 +0800] "POST /xingrg/services/DataTransmitService HTTP/1.1" 200 1319
218.81.216.246 - - [12/Feb/2024:10:55:50 +0800] "POST /xingrg/services/DataTransmitService HTTP/1.1" 200 524
116.230.123.222 - - [12/Feb/2024:10:55:50 +0800] "POST /xingrg/kc/buy/cgsh_order_operate.html HTTP/1.1" 200 8245
116.230.123.222 - - [12/Feb/2024:10:55:50 +0800] "GET /xingrg/javascript/easyui/themes/default/validatebox.css HTTP/1.1" 404 1104
218.81.216.246 - - [12/Feb/2024:10:55:51 +0800] "POST /xingrg/services/DataTransmitService HTTP/1.1" 200 2331
218.81.216.246 - - [12/Feb/2024:10:55:51 +0800] "POST /xingrg/services/DataTransmitService HTTP/1.1" 200 45454
218.81.216.246 - - [12/Feb/2024:10:55:51 +0800] "POST /xingrg/services/DataTransmitService HTTP/1.1" 200 19237
116.230.123.222 - - [12/Feb/2024:10:56:02 +0800] "GET /xingrg/kc/buy/cgsh_order_operate.html?command=get_materiel&rest_code=00111&code=00101004104&supplier_code=00100086&order_time=2024-02-12 HTTP/1.1" 200 408
116.224.254.208 - - [12/Feb/2024:10:56:04 +0800] "GET /xingrg/all/function/internal_message.html?_=1707706564407&CODE_STATE=getMsg HTTP/1.1" 200 27
116.230.123.222 - - [12/Feb/2024:10:56:12 +0800] "GET /xingrg/kc/buy/cgsh_order_operate.html?command=get_materiel&rest_code=00111&code=00101004101&supplier_code=00100086&order_time=2024-02-12 HTTP/1.1" 200 413
221.239.172.206 - - [12/Feb/2024:10:56:16 +0800] "GET /xingrg/all/function/internal_message.html?_=1707706575991&CODE_STATE=getMsg HTTP/1.1" 200 27
114.83.219.235 - - [12/Feb/2024:10:56:17 +0800] "GET /xingrg/all/function/internal_message.html?_=1707706576681&CODE_STATE=getMsg HTTP/1.1" 200 27
114.83.219.235 - - [12/Feb/2024:10:56:17 +0800] "GET /xingrg/check_reg.html?_=1707706576887 HTTP/1.1" 200 22
124.78.67.200 - - [12/Feb/2024:10:56:19 +0800] "GET /xingrg/all/function/internal_message.html?_=1707706579372&CODE_STATE=getMsg HTTP/1.1" 200 27
116.230.123.222 - - [12/Feb/2024:10:56:19 +0800] "GET /xingrg/all/function/internal_message.html?_=1707706579178&CODE_STATE=getMsg HTTP/1.1" 200 27
218.81.216.246 - - [12/Feb/2024:10:56:23 +0800] "GET /xingrg/all/function/internal_message.html?_=1707706584780&CODE_STATE=getMsg HTTP/1.1" 302 -
180.164.1.25 - - [12/Feb/2024:10:56:23 +0800] "GET /xingrg/all/function/internal_message.html?_=1707706583578&CODE_STATE=getMsg HTTP/1.1" 200 27
116.230.123.222 - - [12/Feb/2024:10:56:24 +0800] "POST /xingrg/kc/buy/cgsh_order_operate.html HTTP/1.1" 200 37
218.81.216.246 - - [12/Feb/2024:10:56:27 +0800] "GET /xingrg/all/function/internal_message.html?_=1707706589274&CODE_STATE=getMsg HTTP/1.1" 200 27
101.83.145.37 - - [12/Feb/2024:10:56:28 +0800] "GET /xingrg/all/function/internal_message.html?_=1707706353466&CODE_STATE=getMsg HTTP/1.1" 200 27
116.237.73.254 - - [12/Feb/2024:10:56:28 +0800] "GET /xingrg/all/function/internal_message.html?_=1707706588783&CODE_STATE=getMsg HTTP/1.1" 200 27
180.163.29.79 - - [12/Feb/2024:10:56:29 +0800] "GET /xingrg/all/function/internal_message.html?_=1707706528784&CODE_STATE=getMsg HTTP/1.1" 302 -
180.163.29.79 - - [12/Feb/2024:10:56:29 +0800] "GET /xingrg/login.html HTTP/1.1" 200 7641
116.232.194.112 - - [12/Feb/2024:10:56:31 +0800] "GET /xingrg/all/function/internal_message.html?_=1707706588435&CODE_STATE=getMsg HTTP/1.1" 200 27
116.230.123.222 - - [12/Feb/2024:10:56:45 +0800] "POST /xingrg/kc/buy/cgsh_order_operate.html HTTP/1.1" 200 12
218.81.216.246 - - [12/Feb/2024:10:56:47 +0800] "GET /xingrg/all/function/internal_message.html?_=1707706608838&CODE_STATE=getMsg HTTP/1.1" 200 27
116.230.123.222 - - [12/Feb/2024:10:56:55 +0800] "GET /xingrg/kc/buy/cgsh_order_info.html?code=212024021203894 HTTP/1.1" 200 68336
116.230.123.222 - - [12/Feb/2024:10:56:56 +0800] "GET /xingrg/javascript/easyui/themes/default/validatebox.css HTTP/1.1" 404 1104
116.230.123.222 - - [12/Feb/2024:10:56:57 +0800] "POST /xingrg/kc/buy/cgsh_order_operate.html HTTP/1.1" 200 1201
116.230.123.222 - - [12/Feb/2024:10:57:01 +0800] "GET /xingrg/kc/print/load_data.html?order_code=212024021203894&kc_code=cgsh&condition= HTTP/1.1" 200 992
116.224.254.208 - - [12/Feb/2024:10:57:04 +0800] "GET /xingrg/all/function/internal_message.html?_=1707706624424&CODE_STATE=getMsg HTTP/1.1" 200 27
218.81.216.246 - - [12/Feb/2024:10:57:04 +0800] "GET /xingrg/check_reg.html?_=1707706626246 HTTP/1.1" 302 -
116.230.123.222 - - [12/Feb/2024:10:57:07 +0800] "GET /xingrg/kc/buy/cgsh_order_add.html HTTP/1.1" 200 73423
116.230.123.222 - - [12/Feb/2024:10:57:07 +0800] "POST /xingrg/kc/buy/cgsh_order_operate.html HTTP/1.1" 200 8245
116.230.123.222 - - [12/Feb/2024:10:57:07 +0800] "GET /xingrg/javascript/easyui/themes/default/validatebox.css HTTP/1.1" 404 1104
218.81.216.246 - - [12/Feb/2024:10:57:14 +0800] "POST /xingrg/services/DataTransmitService HTTP/1.1" 200 524
218.81.216.246 - - [12/Feb/2024:10:57:15 +0800] "POST /xingrg/services/DataTransmitService HTTP/1.1" 200 2331
221.239.172.206 - - [12/Feb/2024:10:57:16 +0800] "GET /xingrg/all/function/internal_message.html?_=1707706635976&CODE_STATE=getMsg HTTP/1.1" 200 27
114.83.219.235 - - [12/Feb/2024:10:57:17 +0800] "GET /xingrg/all/function/internal_message.html?_=1707706636669&CODE_STATE=getMsg HTTP/1.1" 200 27
116.230.123.222 - - [12/Feb/2024:10:57:18 +0800] "GET /xingrg/kc/buy/cgsh_order_operate.html?command=get_materiel&rest_code=00111&code=00101002007&supplier_code=00100442&order_time=2024-02-12 HTTP/1.1" 200 410
124.78.67.200 - - [12/Feb/2024:10:57:19 +0800] "GET /xingrg/all/function/internal_message.html?_=1707706639357&CODE_STATE=getMsg HTTP/1.1" 200 27
116.230.123.222 - - [12/Feb/2024:10:57:19 +0800] "GET /xingrg/all/function/internal_message.html?_=1707706639156&CODE_STATE=getMsg HTTP/1.1" 200 27
218.81.216.246 - - [12/Feb/2024:10:57:23 +0800] "GET /xingrg/all/function/internal_message.html?_=1707706645002&CODE_STATE=getMsg HTTP/1.1" 302 -
218.81.216.246 - - [12/Feb/2024:10:57:23 +0800] "POST /xingrg/services/DataTransmitService HTTP/1.1" 200 524
180.164.1.25 - - [12/Feb/2024:10:57:23 +0800] "GET /xingrg/all/function/internal_message.html?_=1707706643571&CODE_STATE=getMsg HTTP/1.1" 200 27
101.83.145.37 - - [12/Feb/2024:10:57:25 +0800] "GET /xingrg/kc/base/wldb_order_operate.html?command=get_materiel&rest_code=00105&base_code=0010507&code=00101019185 HTTP/1.1" 200 469
218.81.216.246 - - [12/Feb/2024:10:57:27 +0800] "GET /xingrg/all/function/internal_message.html?_=1707706649300&CODE_STATE=getMsg HTTP/1.1" 200 27
180.163.30.100 - - [12/Feb/2024:10:57:28 +0800] "GET /xingrg/all/function/internal_message.html?_=1707706588783&CODE_STATE=getMsg HTTP/1.1" 302 -
101.83.145.37 - - [12/Feb/2024:10:57:28 +0800] "GET /xingrg/all/function/internal_message.html?_=1707706413449&CODE_STATE=getMsg HTTP/1.1" 200 27
101.83.145.37 - - [12/Feb/2024:10:57:28 +0800] "GET /xingrg/check_reg.html?_=1707706413531 HTTP/1.1" 200 22
180.163.30.100 - - [12/Feb/2024:10:57:28 +0800] "GET /xingrg/login.html HTTP/1.1" 200 7641
116.237.73.254 - - [12/Feb/2024:10:57:28 +0800] "GET /xingrg/all/function/internal_message.html?_=1707706648787&CODE_STATE=getMsg HTTP/1.1" 200 27
116.230.123.222 - - [12/Feb/2024:10:57:31 +0800] "POST /xingrg/kc/buy/cgsh_order_operate.html HTTP/1.1" 200 37
116.232.194.112 - - [12/Feb/2024:10:57:31 +0800] "GET /xingrg/all/function/internal_message.html?_=1707706648442&CODE_STATE=getMsg HTTP/1.1" 200 27
218.81.216.246 - - [12/Feb/2024:10:57:45 +0800] "GET /xingrg/check_reg.html?_=1707706667478 HTTP/1.1" 200 22
101.83.145.37 - - [12/Feb/2024:10:57:46 +0800] "POST /xingrg/kc/base/wldb_order_operate.html HTTP/1.1" 200 37
218.81.216.246 - - [12/Feb/2024:10:57:47 +0800] "GET /xingrg/all/function/internal_message.html?_=1707706668914&CODE_STATE=getMsg HTTP/1.1" 200 27
101.83.145.37 - - [12/Feb/2024:10:57:47 +0800] "POST /xingrg/kc/base/wldb_order_operate.html HTTP/1.1" 200 7707
101.83.145.37 - - [12/Feb/2024:10:57:48 +0800] "GET /xingrg/kc/base/wldb_order_info.html?code=422024021201080 HTTP/1.1" 200 30361
101.83.145.37 - - [12/Feb/2024:10:57:48 +0800] "GET /xingrg/javascript/easyui/themes/default/validatebox.css HTTP/1.1" 404 1104
101.83.145.37 - - [12/Feb/2024:10:57:49 +0800] "POST /xingrg/kc/base/wldb_order_operate.html HTTP/1.1" 200 7707
221.239.172.206 - - [12/Feb/2024:10:57:52 +0800] "GET /xingrg/check_reg.html?_=1707706671428 HTTP/1.1" 200 22
218.81.216.246 - - [12/Feb/2024:10:58:01 +0800] "POST /xingrg/services/DataTransmitService HTTP/1.1" 200 412
116.224.254.208 - - [12/Feb/2024:10:58:04 +0800] "GET /xingrg/all/function/internal_message.html?_=1707706684412&CODE_STATE=getMsg HTTP/1.1" 200 27
116.230.123.222 - - [12/Feb/2024:10:58:04 +0800] "POST /xingrg/kc/buy/cgsh_order_operate.html HTTP/1.1" 200 12
116.230.123.222 - - [12/Feb/2024:10:58:07 +0800] "GET /xingrg/kc/buy/cgsh_order_info.html?code=212024021203895 HTTP/1.1" 200 68334
116.230.123.222 - - [12/Feb/2024:10:58:07 +0800] "GET /xingrg/javascript/easyui/themes/default/validatebox.css HTTP/1.1" 404 1104
218.81.216.246 - - [12/Feb/2024:10:58:07 +0800] "POST /xingrg/services/DataTransmitService HTTP/1.1" 200 524
218.81.216.246 - - [12/Feb/2024:10:58:08 +0800] "POST /xingrg/services/DataTransmitService HTTP/1.1" 200 2331
116.230.123.222 - - [12/Feb/2024:10:58:08 +0800] "POST /xingrg/kc/buy/cgsh_order_operate.html HTTP/1.1" 200 607
116.230.123.222 - - [12/Feb/2024:10:58:10 +0800] "GET /xingrg/kc/print/load_data.html?order_code=212024021203895&kc_code=cgsh&condition= HTTP/1.1" 200 702
218.81.216.246 - - [12/Feb/2024:10:58:12 +0800] "GET /xingrg/check_reg.html?_=1707706693832 HTTP/1.1" 200 22
116.230.123.222 - - [12/Feb/2024:10:58:15 +0800] "GET /xingrg/kc/buy/cgsh_order_add.html HTTP/1.1" 200 73423
116.230.123.222 - - [12/Feb/2024:10:58:15 +0800] "POST /xingrg/kc/buy/cgsh_order_operate.html HTTP/1.1" 200 8245
116.230.123.222 - - [12/Feb/2024:10:58:15 +0800] "GET /xingrg/javascript/easyui/themes/default/validatebox.css HTTP/1.1" 404 1104
221.239.172.206 - - [12/Feb/2024:10:58:16 +0800] "GET /xingrg/all/function/internal_message.html?_=1707706695988&CODE_STATE=getMsg HTTP/1.1" 200 27
114.83.219.235 - - [12/Feb/2024:10:58:17 +0800] "GET /xingrg/all/function/internal_message.html?_=1707706696674&CODE_STATE=getMsg HTTP/1.1" 200 27
218.81.216.246 - - [12/Feb/2024:10:58:18 +0800] "POST /xingrg/services/DataTransmitService HTTP/1.1" 200 524
116.230.123.222 - - [12/Feb/2024:10:58:19 +0800] "GET /xingrg/all/function/internal_message.html?_=1707706699130&CODE_STATE=getMsg HTTP/1.1" 200 27
124.78.67.200 - - [12/Feb/2024:10:58:19 +0800] "GET /xingrg/all/function/internal_message.html?_=1707706699343&CODE_STATE=getMsg HTTP/1.1" 200 27
218.81.216.246 - - [12/Feb/2024:10:58:23 +0800] "GET /xingrg/all/function/internal_message.html?_=1707706705009&CODE_STATE=getMsg HTTP/1.1" 302 -
180.164.1.25 - - [12/Feb/2024:10:58:23 +0800] "GET /xingrg/all/function/internal_message.html?_=1707706703568&CODE_STATE=getMsg HTTP/1.1" 200 27
116.230.123.222 - - [12/Feb/2024:10:58:27 +0800] "GET /xingrg/kc/buy/cgsh_order_operate.html?command=get_materiel&rest_code=00111&code=00101004017&supplier_code=00100579&order_time=2024-02-12 HTTP/1.1" 200 434
101.83.145.37 - - [12/Feb/2024:10:58:27 +0800] "GET /xingrg/kc/base/wldb_order_add.html HTTP/1.1" 200 30344
218.81.216.246 - - [12/Feb/2024:10:58:27 +0800] "GET /xingrg/all/function/internal_message.html?_=1707706709303&CODE_STATE=getMsg HTTP/1.1" 200 27
101.83.145.37 - - [12/Feb/2024:10:58:27 +0800] "POST /xingrg/kc/base/wldb_order_operate.html HTTP/1.1" 200 6806
101.83.145.37 - - [12/Feb/2024:10:58:27 +0800] "GET /xingrg/javascript/easyui/themes/default/validatebox.css HTTP/1.1" 404 1104
101.83.145.37 - - [12/Feb/2024:10:58:28 +0800] "GET /xingrg/all/function/internal_message.html?_=1707706473437&CODE_STATE=getMsg HTTP/1.1" 200 27
116.237.73.254 - - [12/Feb/2024:10:58:28 +0800] "GET /xingrg/all/function/internal_message.html?_=1707706708788&CODE_STATE=getMsg HTTP/1.1" 200 27
116.237.73.254 - - [12/Feb/2024:10:58:28 +0800] "GET /xingrg/check_reg.html?_=1707706708792 HTTP/1.1" 200 22
180.163.29.219 - - [12/Feb/2024:10:58:29 +0800] "GET /xingrg/all/function/internal_message.html?_=1707706648787&CODE_STATE=getMsg HTTP/1.1" 302 -
180.163.29.219 - - [12/Feb/2024:10:58:29 +0800] "GET /xingrg/login.html HTTP/1.1" 200 7641
218.81.216.246 - - [12/Feb/2024:10:58:30 +0800] "POST /xingrg/services/DataTransmitService HTTP/1.1" 200 501
116.232.194.112 - - [12/Feb/2024:10:58:31 +0800] "GET /xingrg/all/function/internal_message.html?_=1707706708441&CODE_STATE=getMsg HTTP/1.1" 200 27
116.232.194.112 - - [12/Feb/2024:10:58:33 +0800] "GET /xingrg/check_reg.html?_=1707706710823 HTTP/1.1" 200 22
180.164.1.25 - - [12/Feb/2024:10:58:42 +0800] "GET /xingrg/check_reg.html?_=1707706721806 HTTP/1.1" 200 22
116.230.123.222 - - [12/Feb/2024:10:58:42 +0800] "POST /xingrg/kc/buy/cgsh_order_operate.html HTTP/1.1" 200 37
218.81.216.246 - - [12/Feb/2024:10:58:47 +0800] "GET /xingrg/all/function/internal_message.html?_=1707706728974&CODE_STATE=getMsg HTTP/1.1" 200 27
218.81.216.246 - - [12/Feb/2024:10:58:53 +0800] "POST /xingrg/services/DataTransmitService HTTP/1.1" 200 524
116.230.123.222 - - [12/Feb/2024:10:58:55 +0800] "POST /xingrg/kc/buy/cgsh_order_operate.html HTTP/1.1" 200 12
116.224.254.208 - - [12/Feb/2024:10:59:04 +0800] "GET /xingrg/all/function/internal_message.html?_=1707706744426&CODE_STATE=getMsg HTTP/1.1" 200 27
101.83.145.37 - - [12/Feb/2024:10:59:04 +0800] "GET /xingrg/kc/base/wldb_order_operate.html?command=get_materiel&rest_code=00105&base_code=0010507&code=00101019184 HTTP/1.1" 200 458
116.230.123.222 - - [12/Feb/2024:10:59:05 +0800] "GET /xingrg/kc/buy/cgsh_order_info.html?code=212024021203896 HTTP/1.1" 200 68331
116.230.123.222 - - [12/Feb/2024:10:59:06 +0800] "GET /xingrg/javascript/easyui/themes/default/validatebox.css HTTP/1.1" 404 1104
116.230.123.222 - - [12/Feb/2024:10:59:07 +0800] "POST /xingrg/kc/buy/cgsh_order_operate.html HTTP/1.1" 200 611
116.230.123.222 - - [12/Feb/2024:10:59:10 +0800] "GET /xingrg/kc/print/load_data.html?order_code=212024021203896&kc_code=cgsh&condition= HTTP/1.1" 200 694
116.230.123.222 - - [12/Feb/2024:10:59:15 +0800] "GET /xingrg/kc/buy/cgsh_order_add.html HTTP/1.1" 200 73423
116.230.123.222 - - [12/Feb/2024:10:59:15 +0800] "POST /xingrg/kc/buy/cgsh_order_operate.html HTTP/1.1" 200 8245
116.230.123.222 - - [12/Feb/2024:10:59:15 +0800] "GET /xingrg/javascript/easyui/themes/default/validatebox.css HTTP/1.1" 404 1104
221.239.172.206 - - [12/Feb/2024:10:59:16 +0800] "GET /xingrg/all/function/internal_message.html?_=1707706755987&CODE_STATE=getMsg HTTP/1.1" 200 27
114.83.219.235 - - [12/Feb/2024:10:59:17 +0800] "GET /xingrg/all/function/internal_message.html?_=1707706756674&CODE_STATE=getMsg HTTP/1.1" 200 27
116.230.123.222 - - [12/Feb/2024:10:59:19 +0800] "GET /xingrg/all/function/internal_message.html?_=1707706759100&CODE_STATE=getMsg HTTP/1.1" 200 27
124.78.67.200 - - [12/Feb/2024:10:59:19 +0800] "GET /xingrg/all/function/internal_message.html?_=1707706759324&CODE_STATE=getMsg HTTP/1.1" 200 27
218.81.216.246 - - [12/Feb/2024:10:59:23 +0800] "GET /xingrg/all/function/internal_message.html?_=1707706765246&CODE_STATE=getMsg HTTP/1.1" 302 -
180.164.1.25 - - [12/Feb/2024:10:59:23 +0800] "GET /xingrg/all/function/internal_message.html?_=1707706763548&CODE_STATE=getMsg HTTP/1.1" 200 27
116.230.123.222 - - [12/Feb/2024:10:59:25 +0800] "GET /xingrg/kc/buy/cgsh_order_operate.html?command=get_materiel&rest_code=00111&code=00101002002&supplier_code=00100087&order_time=2024-02-12 HTTP/1.1" 200 420
218.81.216.246 - - [12/Feb/2024:10:59:27 +0800] "GET /xingrg/all/function/internal_message.html?_=1707706769315&CODE_STATE=getMsg HTTP/1.1" 200 27
180.163.28.114 - - [12/Feb/2024:10:59:28 +0800] "GET /xingrg/all/function/internal_message.html?_=1707706708788&CODE_STATE=getMsg HTTP/1.1" 302 -
101.83.145.37 - - [12/Feb/2024:10:59:28 +0800] "GET /xingrg/all/function/internal_message.html?_=1707706533415&CODE_STATE=getMsg HTTP/1.1" 200 27
180.163.28.114 - - [12/Feb/2024:10:59:28 +0800] "GET /xingrg/login.html HTTP/1.1" 200 7641
116.237.73.254 - - [12/Feb/2024:10:59:28 +0800] "GET /xingrg/all/function/internal_message.html?_=1707706768793&CODE_STATE=getMsg HTTP/1.1" 200 27
180.163.28.114 - - [12/Feb/2024:10:59:29 +0800] "GET /xingrg/check_reg.html?_=1707706708792 HTTP/1.1" 302 -
180.163.28.114 - - [12/Feb/2024:10:59:29 +0800] "GET /xingrg/login.html HTTP/1.1" 200 7641
218.81.216.246 - - [12/Feb/2024:10:59:30 +0800] "POST /xingrg/services/DataTransmitService HTTP/1.1" 200 412
116.232.194.112 - - [12/Feb/2024:10:59:31 +0800] "GET /xingrg/all/function/internal_message.html?_=1707706768440&CODE_STATE=getMsg HTTP/1.1" 200 27
218.81.216.246 - - [12/Feb/2024:10:59:38 +0800] "POST /xingrg/services/DataTransmitService HTTP/1.1" 200 524
222.64.62.191 - - [12/Feb/2024:10:59:42 +0800] "GET /favicon.ico HTTP/1.1" 404 -
116.230.123.222 - - [12/Feb/2024:10:59:42 +0800] "POST /xingrg/kc/buy/cgsh_order_operate.html HTTP/1.1" 200 37
218.81.216.246 - - [12/Feb/2024:10:59:47 +0800] "GET /xingrg/all/function/internal_message.html?_=1707706788988&CODE_STATE=getMsg HTTP/1.1" 200 27
218.81.216.246 - - [12/Feb/2024:10:59:51 +0800] "POST /xingrg/services/DataTransmitService HTTP/1.1" 200 524
218.81.216.246 - - [12/Feb/2024:10:59:52 +0800] "POST /xingrg/services/DataTransmitService HTTP/1.1" 200 2331
116.230.123.222 - - [12/Feb/2024:10:59:55 +0800] "POST /xingrg/kc/buy/cgsh_order_operate.html HTTP/1.1" 200 12
124.78.67.200 - - [12/Feb/2024:10:59:58 +0800] "GET /xingrg/check_reg.html?_=1707706798882 HTTP/1.1" 200 22
116.230.123.222 - - [12/Feb/2024:10:59:59 +0800] "GET /xingrg/kc/buy/cgsh_order_info.html?code=212024021203897 HTTP/1.1" 200 68332
116.230.123.222 - - [12/Feb/2024:11:00:00 +0800] "GET /xingrg/javascript/easyui/themes/default/validatebox.css HTTP/1.1" 404 1104
116.230.123.222 - - [12/Feb/2024:11:00:01 +0800] "POST /xingrg/kc/buy/cgsh_order_operate.html HTTP/1.1" 200 618
116.224.254.208 - - [12/Feb/2024:11:00:04 +0800] "GET /xingrg/check_reg.html?_=1707706804417 HTTP/1.1" 200 22
116.224.254.208 - - [12/Feb/2024:11:00:04 +0800] "GET /xingrg/all/function/internal_message.html?_=1707706804419&CODE_STATE=getMsg HTTP/1.1" 200 27
101.83.145.37 - - [12/Feb/2024:11:00:12 +0800] "GET /xingrg/kc/base/wldb_order_operate.html?command=get_materiel&rest_code=00105&base_code=0010507&code=00101019306 HTTP/1.1" 200 479
116.230.123.222 - - [12/Feb/2024:11:00:12 +0800] "GET /xingrg/kc/print/load_data.html?order_code=212024021203897&kc_code=cgsh&condition= HTTP/1.1" 200 765
221.239.172.206 - - [12/Feb/2024:11:00:16 +0800] "GET /xingrg/all/function/internal_message.html?_=1707706815987&CODE_STATE=getMsg HTTP/1.1" 200 27
114.83.219.235 - - [12/Feb/2024:11:00:17 +0800] "GET /xingrg/all/function/internal_message.html?_=1707706816680&CODE_STATE=getMsg HTTP/1.1" 200 27
116.230.123.222 - - [12/Feb/2024:11:00:19 +0800] "GET /xingrg/all/function/internal_message.html?_=1707706819081&CODE_STATE=getMsg HTTP/1.1" 200 27
116.230.123.222 - - [12/Feb/2024:11:00:19 +0800] "GET /xingrg/kc/buy/cgsh_order_add.html HTTP/1.1" 200 73423
124.78.67.200 - - [12/Feb/2024:11:00:19 +0800] "GET /xingrg/all/function/internal_message.html?_=1707706819313&CODE_STATE=getMsg HTTP/1.1" 200 27
116.230.123.222 - - [12/Feb/2024:11:00:19 +0800] "POST /xingrg/kc/buy/cgsh_order_operate.html HTTP/1.1" 200 8245
116.230.123.222 - - [12/Feb/2024:11:00:19 +0800] "GET /xingrg/javascript/easyui/themes/default/validatebox.css HTTP/1.1" 404 1104
218.81.216.246 - - [12/Feb/2024:11:00:22 +0800] "POST /xingrg/services/DataTransmitService HTTP/1.1" 200 412
218.81.216.246 - - [12/Feb/2024:11:00:23 +0800] "GET /xingrg/all/function/internal_message.html?_=1707706825257&CODE_STATE=getMsg HTTP/1.1" 302 -
180.164.1.25 - - [12/Feb/2024:11:00:23 +0800] "GET /xingrg/all/function/internal_message.html?_=1707706823519&CODE_STATE=getMsg HTTP/1.1" 200 27
218.81.216.246 - - [12/Feb/2024:11:00:27 +0800] "POST /xingrg/services/DataTransmitService HTTP/1.1" 200 524
218.81.216.246 - - [12/Feb/2024:11:00:27 +0800] "GET /xingrg/all/function/internal_message.html?_=1707706829343&CODE_STATE=getMsg HTTP/1.1" 200 27
180.163.28.55 - - [12/Feb/2024:11:00:28 +0800] "GET /xingrg/all/function/internal_message.html?_=1707706768793&CODE_STATE=getMsg HTTP/1.1" 302 -
101.83.145.37 - - [12/Feb/2024:11:00:28 +0800] "GET /xingrg/all/function/internal_message.html?_=1707706593400&CODE_STATE=getMsg HTTP/1.1" 200 27
180.163.28.55 - - [12/Feb/2024:11:00:28 +0800] "GET /xingrg/login.html HTTP/1.1" 200 7641
116.237.73.254 - - [12/Feb/2024:11:00:28 +0800] "GET /xingrg/all/function/internal_message.html?_=1707706828796&CODE_STATE=getMsg HTTP/1.1" 200 27
116.230.123.222 - - [12/Feb/2024:11:00:30 +0800] "GET /xingrg/kc/buy/cgsh_order_operate.html?command=get_materiel&rest_code=00111&code=00101001140&supplier_code=00100319&order_time=2024-02-12 HTTP/1.1" 200 436
116.232.194.112 - - [12/Feb/2024:11:00:31 +0800] "GET /xingrg/all/function/internal_message.html?_=1707706828446&CODE_STATE=getMsg HTTP/1.1" 200 27
101.83.145.37 - - [12/Feb/2024:11:00:32 +0800] "GET /xingrg/kc/base/wldb_order_operate.html?command=get_materiel&rest_code=00105&base_code=0010507&code=00101019311 HTTP/1.1" 200 474
222.64.62.191 - - [12/Feb/2024:11:00:33 +0800] "GET /xingrg/login.html HTTP/1.1" 200 7641
222.64.62.191 - - [12/Feb/2024:11:00:33 +0800] "GET /xingrg/images/blue/jxLogo.png HTTP/1.1" 200 6156
222.64.62.191 - - [12/Feb/2024:11:00:33 +0800] "GET /xingrg/images/blue/login_bg.png HTTP/1.1" 200 22101
222.64.62.191 - - [12/Feb/2024:11:00:33 +0800] "GET /xingrg/images/blue/hj.png HTTP/1.1" 200 1014
222.64.62.191 - - [12/Feb/2024:11:00:33 +0800] "GET /xingrg/images/blue/srbg.png HTTP/1.1" 200 138
222.64.62.191 - - [12/Feb/2024:11:00:34 +0800] "GET /favicon.ico HTTP/1.1" 404 -
222.64.62.191 - - [12/Feb/2024:11:00:40 +0800] "POST /xingrg/login.do HTTP/1.1" 302 -
222.64.62.191 - - [12/Feb/2024:11:00:41 +0800] "POST /xingrg/login.do HTTP/1.1" 302 -
222.64.62.191 - - [12/Feb/2024:11:00:41 +0800] "GET /xingrg/index.html?sysBaseUrl=http%3A%2F%2F180.169.147.146%3A18081%2Fxingrg%2F&costTime=1402×tamp=1707706841059 HTTP/1.1" 200 17179
222.64.62.191 - - [12/Feb/2024:11:00:41 +0800] "GET /xingrg/javascript/jquery_easy_ui/themes/default/easyui.css HTTP/1.1" 200 26500
222.64.62.191 - - [12/Feb/2024:11:00:41 +0800] "GET /xingrg/javascript/jquery_easy_ui/themes/icon.css HTTP/1.1" 200 3949
222.64.62.191 - - [12/Feb/2024:11:00:41 +0800] "GET /xingrg/javascript/jquery.form.js HTTP/1.1" 200 23110
222.64.62.191 - - [12/Feb/2024:11:00:41 +0800] "GET /xingrg/css/form.css HTTP/1.1" 200 893
222.64.62.191 - - [12/Feb/2024:11:00:41 +0800] "GET /xingrg/javascript/jquery-1.4.2.min.js HTTP/1.1" 200 72205
222.64.62.191 - - [12/Feb/2024:11:00:41 +0800] "GET /xingrg/javascript/jquery_easy_ui/easyui-lang-zh_CN.js HTTP/1.1" 200 1900
222.64.62.191 - - [12/Feb/2024:11:00:41 +0800] "GET /xingrg/javascript/jquery_easy_ui/jquery.easyui.min.js HTTP/1.1" 200 213662
222.64.62.191 - - [12/Feb/2024:11:00:41 +0800] "GET /xingrg/javascript/jquery.utils.js HTTP/1.1" 200 11805
222.64.62.191 - - [12/Feb/2024:11:00:41 +0800] "GET /xingrg/javascript/jquery.timers.js HTTP/1.1" 200 3532
222.64.62.191 - - [12/Feb/2024:11:00:41 +0800] "GET /favicon.ico HTTP/1.1" 404 -
222.64.62.191 - - [12/Feb/2024:11:00:41 +0800] "GET /xingrg/images/blue/navBackgound.jpg HTTP/1.1" 200 12378
222.64.62.191 - - [12/Feb/2024:11:00:41 +0800] "GET /xingrg/javascript/jquery_easy_ui/themes/icons/settle_new.png HTTP/1.1" 200 826
116.230.123.222 - - [12/Feb/2024:11:00:41 +0800] "GET /xingrg/kc/buy/cgsh_order_operate.html?command=get_materiel&rest_code=00111&code=00101001125&supplier_code=00100319&order_time=2024-02-12 HTTP/1.1" 200 416
222.64.62.191 - - [12/Feb/2024:11:00:41 +0800] "POST /xingrg/all/common/load_tree.html?tree=area_rest_tree_json&manage=1 HTTP/1.1" 200 351
222.64.62.191 - - [12/Feb/2024:11:00:41 +0800] "GET /xingrg/all/function/internal_message.html?_=1707706841897&CODE_STATE=count HTTP/1.1" 200 11
222.64.62.191 - - [12/Feb/2024:11:00:41 +0800] "GET /xingrg/check_reg.html?_=1707706841897 HTTP/1.1" 200 22
222.64.62.191 - - [12/Feb/2024:11:00:41 +0800] "GET /xingrg/images/blue/pingpu.png HTTP/1.1" 200 231
222.64.62.191 - - [12/Feb/2024:11:00:41 +0800] "GET /xingrg/javascript/jquery_easy_ui/themes/default/images/tabs_leftarrow.png HTTP/1.1" 200 389
222.64.62.191 - - [12/Feb/2024:11:00:41 +0800] "GET /xingrg/javascript/jquery_easy_ui/themes/default/images/tabs_rightarrow.png HTTP/1.1" 200 395
222.64.62.191 - - [12/Feb/2024:11:00:41 +0800] "GET /xingrg/javascript/jquery_easy_ui/themes/default/images/panel_tool_collapse.gif HTTP/1.1" 200 246
222.64.62.191 - - [12/Feb/2024:11:00:42 +0800] "POST /xingrg/load_menu.html HTTP/1.1" 200 5138
222.64.62.191 - - [12/Feb/2024:11:00:42 +0800] "GET /xingrg/javascript/jquery_easy_ui/themes/default/images/tree_arrows.gif HTTP/1.1" 200 1043
222.64.62.191 - - [12/Feb/2024:11:00:42 +0800] "GET /xingrg/javascript/jquery_easy_ui/themes/default/images/tree_folder_open.gif HTTP/1.1" 200 956
222.64.62.191 - - [12/Feb/2024:11:00:42 +0800] "GET /xingrg/javascript/jquery_easy_ui/themes/icons/search_new.png HTTP/1.1" 200 586
222.64.62.191 - - [12/Feb/2024:11:00:42 +0800] "GET /xingrg/javascript/jquery_easy_ui/themes/default/images/tree_folder.gif HTTP/1.1" 200 952
222.64.62.191 - - [12/Feb/2024:11:00:42 +0800] "GET /xingrg/javascript/jquery_easy_ui/themes/icons/storage_new.png HTTP/1.1" 200 853
222.64.62.191 - - [12/Feb/2024:11:00:42 +0800] "GET /xingrg/javascript/jquery_easy_ui/themes/icons/forms_new.png HTTP/1.1" 200 350
222.64.62.191 - - [12/Feb/2024:11:00:42 +0800] "GET /xingrg/javascript/jquery_easy_ui/themes/default/images/tree_file.gif HTTP/1.1" 200 118
222.64.62.191 - - [12/Feb/2024:11:00:42 +0800] "GET /xingrg/javascript/jquery_easy_ui/themes/default/images/tabs_active.png HTTP/1.1" 200 2894
222.64.62.191 - - [12/Feb/2024:11:00:44 +0800] "GET /xingrg/kc/buy/buy_main.html HTTP/1.1" 200 12412
222.64.62.191 - - [12/Feb/2024:11:00:44 +0800] "GET /xingrg/javascript/jquery_easy_ui/themes/default/images/tabs_close.gif HTTP/1.1" 200 829
222.64.62.191 - - [12/Feb/2024:11:00:44 +0800] "GET /xingrg/css/new_ie.css HTTP/1.1" 404 1036
222.64.62.191 - - [12/Feb/2024:11:00:44 +0800] "GET /xingrg/css/blue.css HTTP/1.1" 200 15949
222.64.62.191 - - [12/Feb/2024:11:00:44 +0800] "GET /xingrg/javascript/pic_change.js HTTP/1.1" 200 4739
222.64.62.191 - - [12/Feb/2024:11:00:44 +0800] "GET /xingrg/javascript/jquery_ui/themes/humanity/humanity.css HTTP/1.1" 200 27801
222.64.62.191 - - [12/Feb/2024:11:00:44 +0800] "GET /xingrg/javascript/ToolTips.js HTTP/1.1" 200 5615
222.64.62.191 - - [12/Feb/2024:11:00:44 +0800] "GET /xingrg/javascript/myfunction.js HTTP/1.1" 200 24559
222.64.62.191 - - [12/Feb/2024:11:00:44 +0800] "GET /xingrg/images/blue/button/cgxqd.gif HTTP/1.1" 200 2619
222.64.62.191 - - [12/Feb/2024:11:00:44 +0800] "GET /xingrg/images/blue/button/cgydd.gif HTTP/1.1" 200 2712
222.64.62.191 - - [12/Feb/2024:11:00:44 +0800] "GET /xingrg/images/blue/button/cgshd.gif HTTP/1.1" 200 2618
222.64.62.191 - - [12/Feb/2024:11:00:44 +0800] "GET /xingrg/images/blue/button/cgfkd.gif HTTP/1.1" 200 2075
222.64.62.191 - - [12/Feb/2024:11:00:44 +0800] "GET /xingrg/javascript/jquery_ui/jquery-ui.min.js HTTP/1.1" 200 186181
222.64.62.191 - - [12/Feb/2024:11:00:44 +0800] "GET /xingrg/images/blue/button/kc.gif HTTP/1.1" 200 2160
222.64.62.191 - - [12/Feb/2024:11:00:44 +0800] "GET /xingrg/images/blue/button/ckthd.gif HTTP/1.1" 200 2045
222.64.62.191 - - [12/Feb/2024:11:00:44 +0800] "GET /xingrg/images/blue/pic_form2.gif HTTP/1.1" 200 1853
222.64.62.191 - - [12/Feb/2024:11:00:45 +0800] "GET /xingrg/javascript/jquery_ui/themes/humanity/images/ui-bg_inset-soft_100_f4f0ec_1x100.png HTTP/1.1" 200 141
222.64.62.191 - - [12/Feb/2024:11:00:45 +0800] "GET /xingrg/images/blue/button/down_ah.jpg HTTP/1.1" 200 1732
222.64.62.191 - - [12/Feb/2024:11:00:45 +0800] "GET /xingrg/images/blue/bg_dotted.jpg HTTP/1.1" 200 319
222.64.62.191 - - [12/Feb/2024:11:00:45 +0800] "GET /xingrg/images/blue/button/right_ah.jpg HTTP/1.1" 200 1744
222.64.62.191 - - [12/Feb/2024:11:00:45 +0800] "GET /xingrg/javascript/jquery_ui/themes/humanity/images/ui-iconsnew.jpg HTTP/1.1" 200 337
222.64.62.191 - - [12/Feb/2024:11:00:45 +0800] "GET /xingrg/javascript/jquery_ui/themes/humanity/images/ui-icons_ffffff_256x240.png HTTP/1.1" 200 4369
222.64.62.191 - - [12/Feb/2024:11:00:45 +0800] "GET /xingrg/javascript/jquery_ui/themes/humanity/images/ui-bg_glass_70_ede4d4_1x400.png HTTP/1.1" 200 161
222.64.62.191 - - [12/Feb/2024:11:00:45 +0800] "GET /xingrg/javascript/jquery_ui/themes/humanity/images/ui-icons_c47a23_256x240.png HTTP/1.1" 200 5355
222.64.62.191 - - [12/Feb/2024:11:00:45 +0800] "GET /xingrg/images/yd/bt.gif HTTP/1.1" 404 1040
218.81.216.246 - - [12/Feb/2024:11:00:47 +0800] "GET /xingrg/all/function/internal_message.html?_=1707706849000&CODE_STATE=getMsg HTTP/1.1" 200 27
222.64.62.191 - - [12/Feb/2024:11:00:47 +0800] "GET /xingrg/kc/buy/cgsh_order_list.html HTTP/1.1" 200 57698
222.64.62.191 - - [12/Feb/2024:11:00:47 +0800] "GET /xingrg/css/base.css HTTP/1.1" 200 2811
222.64.62.191 - - [12/Feb/2024:11:00:47 +0800] "GET /xingrg/css/site.css HTTP/1.1" 200 7541
222.64.62.191 - - [12/Feb/2024:11:00:47 +0800] "GET /xingrg/javascript/jquery_tools/datebox.css HTTP/1.1" 200 2597
222.64.62.191 - - [12/Feb/2024:11:00:47 +0800] "GET /xingrg/javascript/easyui/themes/default/easyui.css HTTP/1.1" 200 30432
222.64.62.191 - - [12/Feb/2024:11:00:47 +0800] "GET /xingrg/javascript/auto/jquery.autocomplete.css HTTP/1.1" 200 587
222.64.62.191 - - [12/Feb/2024:11:00:47 +0800] "GET /xingrg/javascript/easyui/themes/icon.css HTTP/1.1" 200 4483
222.64.62.191 - - [12/Feb/2024:11:00:47 +0800] "GET /xingrg/javascript/jquery_tools/fix.css HTTP/1.1" 200 1702
222.64.62.191 - - [12/Feb/2024:11:00:47 +0800] "GET /xingrg/javascript/jquery_tools/table.css HTTP/1.1" 200 1032
222.64.62.191 - - [12/Feb/2024:11:00:47 +0800] "GET /xingrg/javascript/jquery_tools/jquery.tools.min.js HTTP/1.1" 200 138801
222.64.62.191 - - [12/Feb/2024:11:00:47 +0800] "GET /xingrg/javascript/jquery_tools/jquery.tools.extend.js HTTP/1.1" 200 15385
222.64.62.191 - - [12/Feb/2024:11:00:47 +0800] "GET /xingrg/javascript/jquery_tools/jquery.tools.hotkey.js HTTP/1.1" 200 3242
222.64.62.191 - - [12/Feb/2024:11:00:47 +0800] "GET /xingrg/javascript/jquery_tools/jquery.tools.table.js HTTP/1.1" 200 6994
222.64.62.191 - - [12/Feb/2024:11:00:47 +0800] "GET /xingrg/javascript/jquery_tools/list_manager.js HTTP/1.1" 200 3652
222.64.62.191 - - [12/Feb/2024:11:00:47 +0800] "GET /xingrg/javascript/auto/jquery.autocomplete.js HTTP/1.1" 200 21624
222.64.62.191 - - [12/Feb/2024:11:00:47 +0800] "GET /xingrg/javascript/easyui/easyloader.js HTTP/1.1" 200 5975
222.64.62.191 - - [12/Feb/2024:11:00:47 +0800] "GET /xingrg/javascript/jquery.cookie.js HTTP/1.1" 200 5513
222.64.62.191 - - [12/Feb/2024:11:00:47 +0800] "GET /xingrg/javascript/print/LodopFuncs.js HTTP/1.1" 200 5121
222.64.62.191 - - [12/Feb/2024:11:00:47 +0800] "GET /xingrg/javascript/easyui/themes/icons/cance_new.png HTTP/1.1" 200 3986
222.64.62.191 - - [12/Feb/2024:11:00:47 +0800] "GET /xingrg/javascript/easyui/themes/icons/check_new.png HTTP/1.1" 200 3224
