116.237.73.254 - - [12/Feb/2024:10:41:21 +0800] "GET /xingrg/kc/base/wldb_order_operate.html?command=get_materiel&rest_code=00106&base_code=0010397&code=00102015103 HTTP/1.1" 200 439
218.81.216.246 - - [12/Feb/2024:10:41:21 +0800] "GET /xingrg/all/function/internal_message.html?_=1707705683173&CODE_STATE=getMsg HTTP/1.1" 302 -
180.164.1.25 - - [12/Feb/2024:10:41:24 +0800] "GET /xingrg/all/function/internal_message.html?_=1707705683730&CODE_STATE=getMsg HTTP/1.1" 200 27
218.81.216.246 - - [12/Feb/2024:10:41:27 +0800] "GET /xingrg/all/function/internal_message.html?_=1707705688993&CODE_STATE=getMsg HTTP/1.1" 200 27
180.163.28.143 - - [12/Feb/2024:10:41:28 +0800] "GET /xingrg/all/function/internal_message.html?_=1707705628763&CODE_STATE=getMsg HTTP/1.1" 302 -
180.163.28.143 - - [12/Feb/2024:10:41:28 +0800] "GET /xingrg/login.html HTTP/1.1" 200 7641
101.83.145.37 - - [12/Feb/2024:10:41:28 +0800] "GET /xingrg/all/function/internal_message.html?_=1707705453534&CODE_STATE=getMsg HTTP/1.1" 200 27
116.237.73.254 - - [12/Feb/2024:10:41:28 +0800] "GET /xingrg/all/function/internal_message.html?_=1707705688775&CODE_STATE=getMsg HTTP/1.1" 200 27
116.237.73.254 - - [12/Feb/2024:10:41:29 +0800] "POST /xingrg/kc/base/wldb_order_operate.html HTTP/1.1" 200 37
116.237.73.254 - - [12/Feb/2024:10:41:30 +0800] "POST /xingrg/kc/base/wldb_order_operate.html HTTP/1.1" 200 3623
116.237.73.254 - - [12/Feb/2024:10:41:31 +0800] "GET /xingrg/kc/base/wldb_order_info.html?code=422024021201072 HTTP/1.1" 200 30363
116.232.194.112 - - [12/Feb/2024:10:41:31 +0800] "GET /xingrg/all/function/internal_message.html?_=1707705688425&CODE_STATE=getMsg HTTP/1.1" 200 27
116.237.73.254 - - [12/Feb/2024:10:41:31 +0800] "GET /xingrg/javascript/easyui/themes/default/validatebox.css HTTP/1.1" 404 1104
116.237.73.254 - - [12/Feb/2024:10:41:32 +0800] "POST /xingrg/kc/base/wldb_order_operate.html HTTP/1.1" 200 3623
218.81.216.246 - - [12/Feb/2024:10:41:33 +0800] "POST /xingrg/services/DataTransmitService HTTP/1.1" 200 412
116.237.73.254 - - [12/Feb/2024:10:41:34 +0800] "POST /xingrg/kc/base/wldb_list_operate.html HTTP/1.1" 200 6122
116.237.73.254 - - [12/Feb/2024:10:41:35 +0800] "POST /xingrg/kc/base/wldb_list_operate.html HTTP/1.1" 200 435
180.163.28.109 - - [12/Feb/2024:10:41:41 +0800] "GET /xingrg/kc/base/wldb_order_operate.html?command=get_materiel&rest_code=00106&base_code=0010397&code=00102002453 HTTP/1.1" 302 -
180.163.28.109 - - [12/Feb/2024:10:41:41 +0800] "GET /xingrg/login.html HTTP/1.1" 200 7641
218.81.216.246 - - [12/Feb/2024:10:41:46 +0800] "GET /xingrg/all/function/internal_message.html?_=1707705708509&CODE_STATE=getMsg HTTP/1.1" 200 27
101.83.145.37 - - [12/Feb/2024:10:41:49 +0800] "GET /xingrg/javascript/jquery_easy_ui/themes/default/images/tabs_active.png HTTP/1.1" 304 -
114.83.219.235 - - [12/Feb/2024:10:41:49 +0800] "GET /xingrg/kc/buy/cgsh_order_list.html HTTP/1.1" 200 57698
218.81.216.246 - - [12/Feb/2024:10:41:50 +0800] "POST /xingrg/services/DataTransmitService HTTP/1.1" 401 565
218.81.216.246 - - [12/Feb/2024:10:41:50 +0800] "POST /xingrg/services/DataTransmitService HTTP/1.1" 200 478
218.81.216.246 - - [12/Feb/2024:10:41:50 +0800] "POST /xingrg/services/DataTransmitService HTTP/1.1" 200 1319
218.81.216.246 - - [12/Feb/2024:10:41:50 +0800] "POST /xingrg/services/DataTransmitService HTTP/1.1" 200 478
218.81.216.246 - - [12/Feb/2024:10:41:50 +0800] "POST /xingrg/services/DataTransmitService HTTP/1.1" 200 1319
218.81.216.246 - - [12/Feb/2024:10:41:50 +0800] "POST /xingrg/services/DataTransmitService HTTP/1.1" 200 524
218.81.216.246 - - [12/Feb/2024:10:41:51 +0800] "POST /xingrg/services/DataTransmitService HTTP/1.1" 200 2331
218.81.216.246 - - [12/Feb/2024:10:41:51 +0800] "POST /xingrg/services/DataTransmitService HTTP/1.1" 200 45454
218.81.216.246 - - [12/Feb/2024:10:41:51 +0800] "POST /xingrg/services/DataTransmitService HTTP/1.1" 200 19237
101.83.145.37 - - [12/Feb/2024:10:41:52 +0800] "GET /xingrg/kc/base/base_main.html HTTP/1.1" 200 12142
101.83.145.37 - - [12/Feb/2024:10:41:52 +0800] "GET /xingrg/images/blue/button/wlsy.gif HTTP/1.1" 304 -
101.83.145.37 - - [12/Feb/2024:10:41:52 +0800] "GET /xingrg/images/blue/button/yddb.gif HTTP/1.1" 304 -
101.83.145.37 - - [12/Feb/2024:10:41:52 +0800] "GET /xingrg/images/blue/button/ckpd.gif HTTP/1.1" 304 -
101.83.145.37 - - [12/Feb/2024:10:41:52 +0800] "GET /xingrg/images/blue/button/ckdb.gif HTTP/1.1" 304 -
101.83.145.37 - - [12/Feb/2024:10:41:52 +0800] "GET /xingrg/images/blue/button/top_left.jpg HTTP/1.1" 304 -
101.83.145.37 - - [12/Feb/2024:10:41:52 +0800] "GET /xingrg/images/blue/button/top_right.jpg HTTP/1.1" 304 -
101.83.145.37 - - [12/Feb/2024:10:41:52 +0800] "GET /xingrg/images/blue/button/down.jpg HTTP/1.1" 304 -
101.83.145.37 - - [12/Feb/2024:10:41:52 +0800] "GET /xingrg/images/blue/button/bottom_left.jpg HTTP/1.1" 304 -
101.83.145.37 - - [12/Feb/2024:10:41:52 +0800] "GET /xingrg/images/blue/button/left_ah.jpg HTTP/1.1" 304 -
101.83.145.37 - - [12/Feb/2024:10:41:52 +0800] "GET /xingrg/images/blue/button/bottom_right.jpg HTTP/1.1" 304 -
114.83.219.235 - - [12/Feb/2024:10:41:52 +0800] "POST /xingrg/kc/buy/cgsh_list_operate.html HTTP/1.1" 200 986
101.83.145.37 - - [12/Feb/2024:10:41:53 +0800] "GET /xingrg/kc/base/wldb_order_list.html HTTP/1.1" 200 19013
101.83.145.37 - - [12/Feb/2024:10:41:54 +0800] "POST /xingrg/kc/base/wldb_list_operate.html HTTP/1.1" 200 928
101.83.145.37 - - [12/Feb/2024:10:41:58 +0800] "GET /xingrg/kc/base/wldb_order_add.html HTTP/1.1" 200 30344
218.81.216.246 - - [12/Feb/2024:10:41:58 +0800] "POST /xingrg/services/DataTransmitService HTTP/1.1" 200 524
101.83.145.37 - - [12/Feb/2024:10:41:59 +0800] "POST /xingrg/kc/base/wldb_order_operate.html HTTP/1.1" 200 6806
101.83.145.37 - - [12/Feb/2024:10:41:59 +0800] "GET /xingrg/all/common/auto_word.html?type=base&rest_code=00105 HTTP/1.1" 200 1907
101.83.145.37 - - [12/Feb/2024:10:41:59 +0800] "GET /xingrg/all/common/auto_word.html?type=base&rest_code=00105 HTTP/1.1" 200 1907
101.83.145.37 - - [12/Feb/2024:10:41:59 +0800] "GET /xingrg/javascript/easyui/themes/default/validatebox.css HTTP/1.1" 404 1104
218.81.216.246 - - [12/Feb/2024:10:41:59 +0800] "POST /xingrg/services/DataTransmitService HTTP/1.1" 200 2331
101.83.145.37 - - [12/Feb/2024:10:42:03 +0800] "GET /xingrg/javascript/auto/indicator.gif HTTP/1.1" 404 1066
116.224.254.208 - - [12/Feb/2024:10:42:04 +0800] "GET /xingrg/all/function/internal_message.html?_=1707705724420&CODE_STATE=getMsg HTTP/1.1" 200 27
218.81.216.246 - - [12/Feb/2024:10:42:04 +0800] "GET /xingrg/check_reg.html?_=1707705725841 HTTP/1.1" 302 -
114.83.219.235 - - [12/Feb/2024:10:42:05 +0800] "GET /xingrg/kc/buy/cgsh_order_add.html HTTP/1.1" 200 73555
114.83.219.235 - - [12/Feb/2024:10:42:06 +0800] "POST /xingrg/kc/buy/cgsh_order_operate.html HTTP/1.1" 200 8245
114.83.219.235 - - [12/Feb/2024:10:42:06 +0800] "GET /xingrg/javascript/easyui/themes/default/validatebox.css HTTP/1.1" 404 1104
114.83.219.235 - - [12/Feb/2024:10:42:06 +0800] "GET /xingrg/all/common/auto_word.html?type=employee&rest_code=00149 HTTP/1.1" 200 147
114.83.219.235 - - [12/Feb/2024:10:42:06 +0800] "GET /xingrg/all/common/auto_word.html?type=employee&rest_code=00149 HTTP/1.1" 200 147
218.81.216.246 - - [12/Feb/2024:10:42:06 +0800] "POST /xingrg/services/DataTransmitService HTTP/1.1" 200 524
114.83.219.235 - - [12/Feb/2024:10:42:10 +0800] "GET /xingrg/javascript/jquery_tools/images/prev.gif HTTP/1.1" 404 1086
114.83.219.235 - - [12/Feb/2024:10:42:10 +0800] "GET /xingrg/javascript/jquery_tools/images/next.gif HTTP/1.1" 404 1086
221.239.172.206 - - [12/Feb/2024:10:42:16 +0800] "GET /xingrg/all/function/internal_message.html?_=1707705735967&CODE_STATE=getMsg HTTP/1.1" 200 27
114.83.219.235 - - [12/Feb/2024:10:42:17 +0800] "GET /xingrg/all/function/internal_message.html?_=1707705736683&CODE_STATE=getMsg HTTP/1.1" 200 27
114.83.219.235 - - [12/Feb/2024:10:42:18 +0800] "GET /xingrg/kc/buy/cgsh_order_operate.html?command=get_materiel&rest_code=00149&code=00101001044&supplier_code=00100039&order_time=2024-02-12 HTTP/1.1" 200 430
218.81.216.246 - - [12/Feb/2024:10:42:18 +0800] "POST /xingrg/services/DataTransmitService HTTP/1.1" 200 501
116.230.123.222 - - [12/Feb/2024:10:42:19 +0800] "GET /xingrg/all/function/internal_message.html?_=1707705739361&CODE_STATE=getMsg HTTP/1.1" 200 27
124.78.67.200 - - [12/Feb/2024:10:42:19 +0800] "GET /xingrg/all/function/internal_message.html?_=1707705739653&CODE_STATE=getMsg HTTP/1.1" 200 27
101.83.145.37 - - [12/Feb/2024:10:42:19 +0800] "GET /xingrg/kc/base/wldb_order_operate.html?command=get_materiel&rest_code=00105&base_code=0010507&code=00101006047 HTTP/1.1" 200 435
218.81.216.246 - - [12/Feb/2024:10:42:21 +0800] "GET /xingrg/all/function/internal_message.html?_=1707705743185&CODE_STATE=getMsg HTTP/1.1" 302 -
218.81.216.246 - - [12/Feb/2024:10:42:22 +0800] "POST /xingrg/services/DataTransmitService HTTP/1.1" 200 524
180.164.1.25 - - [12/Feb/2024:10:42:24 +0800] "GET /xingrg/all/function/internal_message.html?_=1707705743699&CODE_STATE=getMsg HTTP/1.1" 200 27
114.83.219.235 - - [12/Feb/2024:10:42:27 +0800] "GET /xingrg/kc/buy/cgsh_order_operate.html?command=get_materiel&rest_code=00149&code=00101002027&supplier_code=00100039&order_time=2024-02-12 HTTP/1.1" 200 433
218.81.216.246 - - [12/Feb/2024:10:42:27 +0800] "GET /xingrg/all/function/internal_message.html?_=1707705749031&CODE_STATE=getMsg HTTP/1.1" 200 27
116.237.73.254 - - [12/Feb/2024:10:42:28 +0800] "GET /xingrg/all/function/internal_message.html?_=1707705748778&CODE_STATE=getMsg HTTP/1.1" 200 27
180.163.29.103 - - [12/Feb/2024:10:42:30 +0800] "GET /xingrg/kc/base/wldb_order_info.html?code=422024021201072 HTTP/1.1" 302 -
180.163.29.103 - - [12/Feb/2024:10:42:30 +0800] "GET /xingrg/login.html HTTP/1.1" 200 7641
116.232.194.112 - - [12/Feb/2024:10:42:31 +0800] "GET /xingrg/all/function/internal_message.html?_=1707705748422&CODE_STATE=getMsg HTTP/1.1" 200 27
101.83.145.37 - - [12/Feb/2024:10:42:33 +0800] "POST /xingrg/kc/base/wldb_order_operate.html HTTP/1.1" 200 37
101.83.145.37 - - [12/Feb/2024:10:42:33 +0800] "POST /xingrg/kc/base/wldb_order_operate.html HTTP/1.1" 200 2184
101.83.145.37 - - [12/Feb/2024:10:42:34 +0800] "GET /xingrg/kc/base/wldb_order_info.html?code=422024021201073 HTTP/1.1" 200 30358
101.83.145.37 - - [12/Feb/2024:10:42:35 +0800] "GET /xingrg/javascript/easyui/themes/default/validatebox.css HTTP/1.1" 404 1104
101.83.145.37 - - [12/Feb/2024:10:42:35 +0800] "POST /xingrg/kc/base/wldb_order_operate.html HTTP/1.1" 200 2184
114.83.219.235 - - [12/Feb/2024:10:42:39 +0800] "GET /xingrg/kc/buy/cgsh_order_operate.html?command=get_materiel&rest_code=00149&code=00101005037&supplier_code=00100039&order_time=2024-02-12 HTTP/1.1" 200 411
218.81.216.246 - - [12/Feb/2024:10:42:45 +0800] "GET /xingrg/check_reg.html?_=1707705767409 HTTP/1.1" 200 22
218.81.216.246 - - [12/Feb/2024:10:42:46 +0800] "GET /xingrg/all/function/internal_message.html?_=1707705768522&CODE_STATE=getMsg HTTP/1.1" 200 27
218.81.216.246 - - [12/Feb/2024:10:42:50 +0800] "POST /xingrg/services/DataTransmitService HTTP/1.1" 200 524
218.81.216.246 - - [12/Feb/2024:10:42:51 +0800] "POST /xingrg/services/DataTransmitService HTTP/1.1" 200 2331
101.83.145.37 - - [12/Feb/2024:10:42:52 +0800] "GET /xingrg/javascript/jquery_easy_ui/themes/icons/area.png HTTP/1.1" 304 -
101.83.145.37 - - [12/Feb/2024:10:42:52 +0800] "GET /xingrg/javascript/jquery_easy_ui/themes/icons/rest.png HTTP/1.1" 304 -
221.239.172.206 - - [12/Feb/2024:10:42:52 +0800] "GET /xingrg/check_reg.html?_=1707705771420 HTTP/1.1" 200 22
114.83.219.235 - - [12/Feb/2024:10:42:52 +0800] "GET /xingrg/kc/buy/cgsh_order_operate.html?command=get_materiel&rest_code=00149&code=00101001061&supplier_code=00100039&order_time=2024-02-12 HTTP/1.1" 200 417
101.83.145.37 - - [12/Feb/2024:10:42:54 +0800] "GET /xingrg/kc/base/wldb_order_add.html HTTP/1.1" 200 30344
101.83.145.37 - - [12/Feb/2024:10:42:55 +0800] "POST /xingrg/kc/base/wldb_order_operate.html HTTP/1.1" 200 6806
101.83.145.37 - - [12/Feb/2024:10:42:55 +0800] "GET /xingrg/javascript/easyui/themes/default/validatebox.css HTTP/1.1" 404 1104
218.81.216.246 - - [12/Feb/2024:10:43:01 +0800] "POST /xingrg/services/DataTransmitService HTTP/1.1" 200 412
218.81.216.246 - - [12/Feb/2024:10:43:02 +0800] "POST /xingrg/services/DataTransmitService HTTP/1.1" 200 524
218.81.216.246 - - [12/Feb/2024:10:43:03 +0800] "POST /xingrg/services/DataTransmitService HTTP/1.1" 200 2331
116.224.254.208 - - [12/Feb/2024:10:43:04 +0800] "GET /xingrg/all/function/internal_message.html?_=1707705784408&CODE_STATE=getMsg HTTP/1.1" 200 27
114.83.219.235 - - [12/Feb/2024:10:43:08 +0800] "POST /xingrg/kc/buy/cgsh_order_operate.html HTTP/1.1" 200 37
218.81.216.246 - - [12/Feb/2024:10:43:10 +0800] "POST /xingrg/services/DataTransmitService HTTP/1.1" 200 524
218.81.216.246 - - [12/Feb/2024:10:43:12 +0800] "GET /xingrg/check_reg.html?_=1707705793810 HTTP/1.1" 200 22
221.239.172.206 - - [12/Feb/2024:10:43:16 +0800] "GET /xingrg/all/function/internal_message.html?_=1707705795975&CODE_STATE=getMsg HTTP/1.1" 200 27
114.83.219.235 - - [12/Feb/2024:10:43:17 +0800] "GET /xingrg/all/function/internal_message.html?_=1707705796662&CODE_STATE=getMsg HTTP/1.1" 200 27
116.230.123.222 - - [12/Feb/2024:10:43:19 +0800] "GET /xingrg/all/function/internal_message.html?_=1707705799347&CODE_STATE=getMsg HTTP/1.1" 200 27
124.78.67.200 - - [12/Feb/2024:10:43:19 +0800] "GET /xingrg/all/function/internal_message.html?_=1707705799638&CODE_STATE=getMsg HTTP/1.1" 200 27
114.83.219.235 - - [12/Feb/2024:10:43:21 +0800] "POST /xingrg/kc/buy/cgsh_order_operate.html HTTP/1.1" 200 12
218.81.216.246 - - [12/Feb/2024:10:43:21 +0800] "GET /xingrg/all/function/internal_message.html?_=1707705803406&CODE_STATE=getMsg HTTP/1.1" 302 -
114.83.219.235 - - [12/Feb/2024:10:43:23 +0800] "GET /xingrg/kc/buy/cgsh_order_info.html?code=212024021203887 HTTP/1.1" 200 68464
180.164.1.25 - - [12/Feb/2024:10:43:24 +0800] "GET /xingrg/all/function/internal_message.html?_=1707705803694&CODE_STATE=getMsg HTTP/1.1" 200 27
114.83.219.235 - - [12/Feb/2024:10:43:24 +0800] "GET /xingrg/javascript/easyui/themes/default/validatebox.css HTTP/1.1" 404 1104
114.83.219.235 - - [12/Feb/2024:10:43:25 +0800] "POST /xingrg/kc/buy/cgsh_order_operate.html HTTP/1.1" 200 2391
114.83.219.235 - - [12/Feb/2024:10:43:26 +0800] "GET /xingrg/kc/print/load_config.html?kc_code=cgsh HTTP/1.1" 200 1927
114.83.219.235 - - [12/Feb/2024:10:43:27 +0800] "GET /xingrg/kc/print/load_data.html?order_code=212024021203887&kc_code=cgsh&condition= HTTP/1.1" 200 1413
218.81.216.246 - - [12/Feb/2024:10:43:27 +0800] "GET /xingrg/all/function/internal_message.html?_=1707705809036&CODE_STATE=getMsg HTTP/1.1" 200 27
101.83.145.37 - - [12/Feb/2024:10:43:28 +0800] "GET /xingrg/kc/base/wldb_order_operate.html?command=get_materiel&rest_code=00105&base_code=0010507&code=00101019015 HTTP/1.1" 200 451
101.83.145.37 - - [12/Feb/2024:10:43:28 +0800] "GET /xingrg/all/function/internal_message.html?_=1707705573547&CODE_STATE=getMsg HTTP/1.1" 200 27
116.237.73.254 - - [12/Feb/2024:10:43:28 +0800] "GET /xingrg/check_reg.html?_=1707705808793 HTTP/1.1" 200 22
116.237.73.254 - - [12/Feb/2024:10:43:28 +0800] "GET /xingrg/all/function/internal_message.html?_=1707705808786&CODE_STATE=getMsg HTTP/1.1" 200 27
116.232.194.112 - - [12/Feb/2024:10:43:31 +0800] "GET /xingrg/all/function/internal_message.html?_=1707705808429&CODE_STATE=getMsg HTTP/1.1" 200 27
218.81.216.246 - - [12/Feb/2024:10:43:31 +0800] "GET /xingrg/kc/buy/cgsh_order_add.html HTTP/1.1" 200 73467
218.81.216.246 - - [12/Feb/2024:10:43:31 +0800] "POST /xingrg/kc/buy/cgsh_order_operate.html HTTP/1.1" 200 8245
218.81.216.246 - - [12/Feb/2024:10:43:31 +0800] "GET /xingrg/javascript/easyui/themes/default/validatebox.css HTTP/1.1" 404 1104
114.83.219.235 - - [12/Feb/2024:10:43:33 +0800] "GET /xingrg/kc/buy/cgsh_order_add.html HTTP/1.1" 200 73555
116.232.194.112 - - [12/Feb/2024:10:43:33 +0800] "GET /xingrg/check_reg.html?_=1707705810863 HTTP/1.1" 200 22
114.83.219.235 - - [12/Feb/2024:10:43:33 +0800] "POST /xingrg/kc/buy/cgsh_order_operate.html HTTP/1.1" 200 8245
114.83.219.235 - - [12/Feb/2024:10:43:33 +0800] "GET /xingrg/javascript/easyui/themes/default/validatebox.css HTTP/1.1" 404 1104
101.83.145.37 - - [12/Feb/2024:10:43:36 +0800] "GET /xingrg/kc/base/wldb_order_operate.html?command=get_materiel&rest_code=00105&base_code=0010507&code=00101019400 HTTP/1.1" 200 465
180.164.1.25 - - [12/Feb/2024:10:43:42 +0800] "GET /xingrg/check_reg.html?_=1707705821814 HTTP/1.1" 200 22
114.83.219.235 - - [12/Feb/2024:10:43:45 +0800] "GET /xingrg/kc/buy/cgsh_order_operate.html?command=get_materiel&rest_code=00149&code=00101004101&supplier_code=00100083&order_time=2024-02-12 HTTP/1.1" 200 413
218.81.216.246 - - [12/Feb/2024:10:43:46 +0800] "POST /xingrg/services/DataTransmitService HTTP/1.1" 200 412
218.81.216.246 - - [12/Feb/2024:10:43:46 +0800] "GET /xingrg/all/function/internal_message.html?_=1707705828536&CODE_STATE=getMsg HTTP/1.1" 200 27
218.81.216.246 - - [12/Feb/2024:10:44:01 +0800] "POST /xingrg/services/DataTransmitService HTTP/1.1" 200 524
116.230.123.222 - - [12/Feb/2024:10:44:02 +0800] "GET /xingrg/check_reg.html?_=1707705842484 HTTP/1.1" 200 22
101.83.145.37 - - [12/Feb/2024:10:44:03 +0800] "POST /xingrg/services/DataTransmitService HTTP/1.1" 200 524
116.224.254.208 - - [12/Feb/2024:10:44:04 +0800] "GET /xingrg/all/function/internal_message.html?_=1707705844418&CODE_STATE=getMsg HTTP/1.1" 200 27
101.83.145.37 - - [12/Feb/2024:10:44:05 +0800] "POST /xingrg/services/DataTransmitService HTTP/1.1" 200 412
218.81.216.246 - - [12/Feb/2024:10:44:07 +0800] "GET /xingrg/kc/buy/cgsh_order_operate.html?command=get_materiel&rest_code=00146&code=00101009140&supplier_code=00100023&order_time=2024-02-12 HTTP/1.1" 200 413
101.83.145.37 - - [12/Feb/2024:10:44:11 +0800] "GET /xingrg/kc/base/wldb_order_operate.html?command=get_materiel&rest_code=00105&base_code=0010507&code=00101019222 HTTP/1.1" 200 452
221.239.172.206 - - [12/Feb/2024:10:44:16 +0800] "GET /xingrg/all/function/internal_message.html?_=1707705855976&CODE_STATE=getMsg HTTP/1.1" 200 27
114.83.219.235 - - [12/Feb/2024:10:44:17 +0800] "GET /xingrg/all/function/internal_message.html?_=1707705856662&CODE_STATE=getMsg HTTP/1.1" 200 27
116.230.123.222 - - [12/Feb/2024:10:44:19 +0800] "GET /xingrg/all/function/internal_message.html?_=1707705859318&CODE_STATE=getMsg HTTP/1.1" 200 27
124.78.67.200 - - [12/Feb/2024:10:44:19 +0800] "GET /xingrg/all/function/internal_message.html?_=1707705859624&CODE_STATE=getMsg HTTP/1.1" 200 27
218.81.216.246 - - [12/Feb/2024:10:44:21 +0800] "GET /xingrg/all/function/internal_message.html?_=1707705863415&CODE_STATE=getMsg HTTP/1.1" 302 -
180.164.1.25 - - [12/Feb/2024:10:44:24 +0800] "GET /xingrg/all/function/internal_message.html?_=1707705863676&CODE_STATE=getMsg HTTP/1.1" 200 27
101.83.145.37 - - [12/Feb/2024:10:44:25 +0800] "POST /xingrg/kc/base/wldb_order_operate.html HTTP/1.1" 200 37
101.83.145.37 - - [12/Feb/2024:10:44:26 +0800] "POST /xingrg/kc/base/wldb_order_operate.html HTTP/1.1" 200 3170
101.83.145.37 - - [12/Feb/2024:10:44:26 +0800] "GET /xingrg/kc/base/wldb_order_info.html?code=422024021201074 HTTP/1.1" 200 30358
218.81.216.246 - - [12/Feb/2024:10:44:27 +0800] "GET /xingrg/all/function/internal_message.html?_=1707705869049&CODE_STATE=getMsg HTTP/1.1" 200 27
101.83.145.37 - - [12/Feb/2024:10:44:27 +0800] "GET /xingrg/javascript/easyui/themes/default/validatebox.css HTTP/1.1" 404 1104
101.83.145.37 - - [12/Feb/2024:10:44:28 +0800] "POST /xingrg/kc/base/wldb_order_operate.html HTTP/1.1" 200 3170
101.83.145.37 - - [12/Feb/2024:10:44:28 +0800] "GET /xingrg/all/function/internal_message.html?_=1707705633523&CODE_STATE=getMsg HTTP/1.1" 200 27
116.237.73.254 - - [12/Feb/2024:10:44:28 +0800] "GET /xingrg/all/function/internal_message.html?_=1707705868782&CODE_STATE=getMsg HTTP/1.1" 200 27
180.163.29.79 - - [12/Feb/2024:10:44:29 +0800] "GET /xingrg/all/function/internal_message.html?_=1707705808786&CODE_STATE=getMsg HTTP/1.1" 302 -
180.163.29.103 - - [12/Feb/2024:10:44:29 +0800] "GET /xingrg/check_reg.html?_=1707705808793 HTTP/1.1" 302 -
180.163.29.103 - - [12/Feb/2024:10:44:29 +0800] "GET /xingrg/login.html HTTP/1.1" 200 7641
180.163.29.79 - - [12/Feb/2024:10:44:29 +0800] "GET /xingrg/login.html HTTP/1.1" 200 7641
116.232.194.112 - - [12/Feb/2024:10:44:31 +0800] "GET /xingrg/all/function/internal_message.html?_=1707705868427&CODE_STATE=getMsg HTTP/1.1" 200 27
114.83.219.235 - - [12/Feb/2024:10:44:36 +0800] "GET /xingrg/kc/buy/cgsh_order_operate.html?command=get_materiel&rest_code=00149&code=00101004017&supplier_code=00100083&order_time=2024-02-12 HTTP/1.1" 200 434
218.81.216.246 - - [12/Feb/2024:10:44:37 +0800] "POST /xingrg/services/DataTransmitService HTTP/1.1" 200 412
101.83.145.37 - - [12/Feb/2024:10:44:42 +0800] "GET /xingrg/kc/base/wldb_order_add.html HTTP/1.1" 200 30344
101.83.145.37 - - [12/Feb/2024:10:44:43 +0800] "POST /xingrg/kc/base/wldb_order_operate.html HTTP/1.1" 200 6806
101.83.145.37 - - [12/Feb/2024:10:44:43 +0800] "GET /xingrg/javascript/easyui/themes/default/validatebox.css HTTP/1.1" 404 1104
218.81.216.246 - - [12/Feb/2024:10:44:46 +0800] "GET /xingrg/all/function/internal_message.html?_=1707705888551&CODE_STATE=getMsg HTTP/1.1" 200 27
114.83.219.235 - - [12/Feb/2024:10:44:48 +0800] "POST /xingrg/kc/buy/cgsh_order_operate.html HTTP/1.1" 200 37
218.81.216.246 - - [12/Feb/2024:10:44:53 +0800] "POST /xingrg/services/DataTransmitService HTTP/1.1" 200 524
218.81.216.246 - - [12/Feb/2024:10:44:54 +0800] "POST /xingrg/services/DataTransmitService HTTP/1.1" 200 2331
114.83.219.235 - - [12/Feb/2024:10:44:58 +0800] "POST /xingrg/kc/buy/cgsh_order_operate.html HTTP/1.1" 200 12
124.78.67.200 - - [12/Feb/2024:10:44:58 +0800] "GET /xingrg/check_reg.html?_=1707705898932 HTTP/1.1" 200 22
114.83.219.235 - - [12/Feb/2024:10:45:00 +0800] "GET /xingrg/kc/buy/cgsh_order_info.html?code=212024021203888 HTTP/1.1" 200 68462
114.83.219.235 - - [12/Feb/2024:10:45:00 +0800] "GET /xingrg/javascript/easyui/themes/default/validatebox.css HTTP/1.1" 404 1104
114.83.219.235 - - [12/Feb/2024:10:45:01 +0800] "POST /xingrg/kc/buy/cgsh_order_operate.html HTTP/1.1" 200 1208
114.83.219.235 - - [12/Feb/2024:10:45:03 +0800] "GET /xingrg/kc/print/load_data.html?order_code=212024021203888&kc_code=cgsh&condition= HTTP/1.1" 200 955
116.224.254.208 - - [12/Feb/2024:10:45:04 +0800] "GET /xingrg/all/function/internal_message.html?_=1707705904420&CODE_STATE=getMsg HTTP/1.1" 200 27
116.224.254.208 - - [12/Feb/2024:10:45:04 +0800] "GET /xingrg/check_reg.html?_=1707705904422 HTTP/1.1" 200 22
114.83.219.235 - - [12/Feb/2024:10:45:07 +0800] "GET /xingrg/kc/buy/cgsh_order_add.html HTTP/1.1" 200 73555
114.83.219.235 - - [12/Feb/2024:10:45:08 +0800] "POST /xingrg/kc/buy/cgsh_order_operate.html HTTP/1.1" 200 8245
114.83.219.235 - - [12/Feb/2024:10:45:08 +0800] "GET /xingrg/javascript/easyui/themes/default/validatebox.css HTTP/1.1" 404 1104
218.81.216.246 - - [12/Feb/2024:10:45:09 +0800] "POST /xingrg/services/DataTransmitService HTTP/1.1" 200 524
101.83.145.37 - - [12/Feb/2024:10:45:09 +0800] "GET /xingrg/javascript/jquery_tools/images/next.gif HTTP/1.1" 404 1086
101.83.145.37 - - [12/Feb/2024:10:45:09 +0800] "GET /xingrg/javascript/jquery_tools/images/prev.gif HTTP/1.1" 404 1086
221.239.172.206 - - [12/Feb/2024:10:45:16 +0800] "GET /xingrg/all/function/internal_message.html?_=1707705915978&CODE_STATE=getMsg HTTP/1.1" 200 27
114.83.219.235 - - [12/Feb/2024:10:45:17 +0800] "GET /xingrg/all/function/internal_message.html?_=1707705916663&CODE_STATE=getMsg HTTP/1.1" 200 27
114.83.219.235 - - [12/Feb/2024:10:45:18 +0800] "GET /xingrg/kc/buy/cgsh_order_operate.html?command=get_materiel&rest_code=00149&code=00101009049&supplier_code=00100201&order_time=2024-02-12 HTTP/1.1" 200 416
116.230.123.222 - - [12/Feb/2024:10:45:19 +0800] "GET /xingrg/all/function/internal_message.html?_=1707705919330&CODE_STATE=getMsg HTTP/1.1" 200 27
124.78.67.200 - - [12/Feb/2024:10:45:19 +0800] "GET /xingrg/all/function/internal_message.html?_=1707705919607&CODE_STATE=getMsg HTTP/1.1" 200 27
101.83.145.37 - - [12/Feb/2024:10:45:21 +0800] "GET /xingrg/kc/base/wldb_order_operate.html?command=get_materiel&rest_code=00105&base_code=0010507&code=00101019496 HTTP/1.1" 200 471
218.81.216.246 - - [12/Feb/2024:10:45:21 +0800] "POST /xingrg/services/DataTransmitService HTTP/1.1" 200 501
218.81.216.246 - - [12/Feb/2024:10:45:22 +0800] "GET /xingrg/all/function/internal_message.html?_=1707705923633&CODE_STATE=getMsg HTTP/1.1" 302 -
180.164.1.25 - - [12/Feb/2024:10:45:24 +0800] "GET /xingrg/all/function/internal_message.html?_=1707705923677&CODE_STATE=getMsg HTTP/1.1" 200 27
218.81.216.246 - - [12/Feb/2024:10:45:24 +0800] "POST /xingrg/services/DataTransmitService HTTP/1.1" 200 524
218.81.216.246 - - [12/Feb/2024:10:45:27 +0800] "GET /xingrg/all/function/internal_message.html?_=1707705929073&CODE_STATE=getMsg HTTP/1.1" 200 27
116.237.73.254 - - [12/Feb/2024:10:45:28 +0800] "GET /xingrg/all/function/internal_message.html?_=1707705928783&CODE_STATE=getMsg HTTP/1.1" 200 27
180.163.28.143 - - [12/Feb/2024:10:45:29 +0800] "GET /xingrg/all/function/internal_message.html?_=1707705868782&CODE_STATE=getMsg HTTP/1.1" 302 -
180.163.28.143 - - [12/Feb/2024:10:45:29 +0800] "GET /xingrg/login.html HTTP/1.1" 200 7641
116.232.194.112 - - [12/Feb/2024:10:45:31 +0800] "GET /xingrg/all/function/internal_message.html?_=1707705928430&CODE_STATE=getMsg HTTP/1.1" 200 27
101.83.145.37 - - [12/Feb/2024:10:45:31 +0800] "POST /xingrg/kc/base/wldb_order_operate.html HTTP/1.1" 200 37
101.83.145.37 - - [12/Feb/2024:10:45:32 +0800] "POST /xingrg/kc/base/wldb_order_operate.html HTTP/1.1" 200 2207
101.83.145.37 - - [12/Feb/2024:10:45:34 +0800] "GET /xingrg/kc/base/wldb_order_info.html?code=422024021201075 HTTP/1.1" 200 30359
101.83.145.37 - - [12/Feb/2024:10:45:35 +0800] "GET /xingrg/javascript/easyui/themes/default/validatebox.css HTTP/1.1" 404 1104
101.83.145.37 - - [12/Feb/2024:10:45:36 +0800] "POST /xingrg/kc/base/wldb_order_operate.html HTTP/1.1" 200 2207
114.83.219.235 - - [12/Feb/2024:10:45:39 +0800] "GET /xingrg/kc/buy/cgsh_order_operate.html?command=get_materiel&rest_code=00149&code=00101009045&supplier_code=00100201&order_time=2024-02-12 HTTP/1.1" 200 412
218.81.216.246 - - [12/Feb/2024:10:45:43 +0800] "GET /xingrg/kc/buy/cgsh_order_operate.html?command=get_materiel&rest_code=00146&code=00101009178&supplier_code=00100023&order_time=2024-02-12 HTTP/1.1" 200 413
218.81.216.246 - - [12/Feb/2024:10:45:46 +0800] "GET /xingrg/all/function/internal_message.html?_=1707705948563&CODE_STATE=getMsg HTTP/1.1" 200 27
114.83.219.235 - - [12/Feb/2024:10:45:48 +0800] "GET /xingrg/kc/buy/cgsh_order_operate.html?command=get_materiel&rest_code=00149&code=00101009010&supplier_code=00100201&order_time=2024-02-12 HTTP/1.1" 200 416
114.83.219.235 - - [12/Feb/2024:10:46:01 +0800] "GET /xingrg/kc/buy/cgsh_order_operate.html?command=get_materiel&rest_code=00149&code=00101009146&supplier_code=00100201&order_time=2024-02-12 HTTP/1.1" 200 419
218.81.216.246 - - [12/Feb/2024:10:46:01 +0800] "POST /xingrg/services/DataTransmitService HTTP/1.1" 200 412
116.237.73.254 - - [12/Feb/2024:10:46:03 +0800] "POST /xingrg/kc/base/wldb_list_operate.html HTTP/1.1" 200 631
116.224.254.208 - - [12/Feb/2024:10:46:04 +0800] "GET /xingrg/all/function/internal_message.html?_=1707705964412&CODE_STATE=getMsg HTTP/1.1" 200 27
218.81.216.246 - - [12/Feb/2024:10:46:16 +0800] "POST /xingrg/kc/buy/cgsh_order_operate.html HTTP/1.1" 200 37
221.239.172.206 - - [12/Feb/2024:10:46:16 +0800] "GET /xingrg/all/function/internal_message.html?_=1707705975978&CODE_STATE=getMsg HTTP/1.1" 200 27
114.83.219.235 - - [12/Feb/2024:10:46:17 +0800] "GET /xingrg/all/function/internal_message.html?_=1707705976653&CODE_STATE=getMsg HTTP/1.1" 200 27
114.83.219.235 - - [12/Feb/2024:10:46:17 +0800] "GET /xingrg/check_reg.html?_=1707705976910 HTTP/1.1" 200 22
116.235.92.110 - - [12/Feb/2024:10:46:18 +0800] "GET /favicon.ico HTTP/1.1" 404 -
218.81.216.246 - - [12/Feb/2024:10:46:19 +0800] "POST /xingrg/kc/buy/cgsh_order_operate.html HTTP/1.1" 200 3253
116.230.123.222 - - [12/Feb/2024:10:46:19 +0800] "GET /xingrg/all/function/internal_message.html?_=1707705979314&CODE_STATE=getMsg HTTP/1.1" 200 27
124.78.67.200 - - [12/Feb/2024:10:46:19 +0800] "GET /xingrg/all/function/internal_message.html?_=1707705979582&CODE_STATE=getMsg HTTP/1.1" 200 27
116.237.73.254 - - [12/Feb/2024:10:46:20 +0800] "GET /xingrg/kc/base/wldb_order_info.html?code=422024021201069 HTTP/1.1" 200 30363
116.237.73.254 - - [12/Feb/2024:10:46:21 +0800] "GET /xingrg/javascript/easyui/themes/default/validatebox.css HTTP/1.1" 404 1104
218.81.216.246 - - [12/Feb/2024:10:46:21 +0800] "POST /xingrg/services/DataTransmitService HTTP/1.1" 401 565
218.81.216.246 - - [12/Feb/2024:10:46:21 +0800] "POST /xingrg/services/DataTransmitService HTTP/1.1" 200 478
218.81.216.246 - - [12/Feb/2024:10:46:21 +0800] "POST /xingrg/services/DataTransmitService HTTP/1.1" 200 1319
116.237.73.254 - - [12/Feb/2024:10:46:21 +0800] "POST /xingrg/kc/base/wldb_order_operate.html HTTP/1.1" 200 5215
218.81.216.246 - - [12/Feb/2024:10:46:21 +0800] "POST /xingrg/services/DataTransmitService HTTP/1.1" 200 478
218.81.216.246 - - [12/Feb/2024:10:46:21 +0800] "POST /xingrg/services/DataTransmitService HTTP/1.1" 200 1319
218.81.216.246 - - [12/Feb/2024:10:46:21 +0800] "POST /xingrg/services/DataTransmitService HTTP/1.1" 200 524
218.81.216.246 - - [12/Feb/2024:10:46:22 +0800] "GET /xingrg/all/function/internal_message.html?_=1707705983645&CODE_STATE=getMsg HTTP/1.1" 302 -
218.81.216.246 - - [12/Feb/2024:10:46:23 +0800] "POST /xingrg/services/DataTransmitService HTTP/1.1" 200 2331
218.81.216.246 - - [12/Feb/2024:10:46:23 +0800] "POST /xingrg/services/DataTransmitService HTTP/1.1" 200 45454
218.81.216.246 - - [12/Feb/2024:10:46:23 +0800] "POST /xingrg/services/DataTransmitService HTTP/1.1" 200 19237
180.164.1.25 - - [12/Feb/2024:10:46:24 +0800] "GET /xingrg/all/function/internal_message.html?_=1707705983670&CODE_STATE=getMsg HTTP/1.1" 200 27
101.83.145.37 - - [12/Feb/2024:10:46:24 +0800] "GET /xingrg/kc/base/wldb_order_add.html HTTP/1.1" 200 30344
101.83.145.37 - - [12/Feb/2024:10:46:24 +0800] "POST /xingrg/kc/base/wldb_order_operate.html HTTP/1.1" 200 6806
101.83.145.37 - - [12/Feb/2024:10:46:25 +0800] "GET /xingrg/javascript/easyui/themes/default/validatebox.css HTTP/1.1" 404 1104
218.81.216.246 - - [12/Feb/2024:10:46:27 +0800] "GET /xingrg/all/function/internal_message.html?_=1707705989076&CODE_STATE=getMsg HTTP/1.1" 200 27
218.81.216.246 - - [12/Feb/2024:10:46:28 +0800] "POST /xingrg/services/DataTransmitService HTTP/1.1" 200 524
101.83.145.37 - - [12/Feb/2024:10:46:28 +0800] "GET /xingrg/all/function/internal_message.html?_=1707705753531&CODE_STATE=getMsg HTTP/1.1" 200 27
116.237.73.254 - - [12/Feb/2024:10:46:28 +0800] "GET /xingrg/all/function/internal_message.html?_=1707705988780&CODE_STATE=getMsg HTTP/1.1" 200 27
180.163.28.143 - - [12/Feb/2024:10:46:29 +0800] "GET /xingrg/all/function/internal_message.html?_=1707705928783&CODE_STATE=getMsg HTTP/1.1" 302 -
218.81.216.246 - - [12/Feb/2024:10:46:29 +0800] "POST /xingrg/services/DataTransmitService HTTP/1.1" 200 2331
180.163.28.143 - - [12/Feb/2024:10:46:29 +0800] "GET /xingrg/login.html HTTP/1.1" 200 7641
116.232.194.112 - - [12/Feb/2024:10:46:31 +0800] "GET /xingrg/all/function/internal_message.html?_=1707705988434&CODE_STATE=getMsg HTTP/1.1" 200 27
114.83.219.235 - - [12/Feb/2024:10:46:37 +0800] "POST /xingrg/kc/buy/cgsh_order_operate.html HTTP/1.1" 200 37
218.81.216.246 - - [12/Feb/2024:10:46:38 +0800] "POST /xingrg/services/DataTransmitService HTTP/1.1" 200 524
114.83.219.235 - - [12/Feb/2024:10:46:45 +0800] "POST /xingrg/kc/buy/cgsh_order_operate.html HTTP/1.1" 200 12
101.83.145.37 - - [12/Feb/2024:10:46:46 +0800] "GET /xingrg/kc/base/wldb_order_operate.html?command=get_materiel&rest_code=00105&base_code=0010507&code=00101011005 HTTP/1.1" 200 431
218.81.216.246 - - [12/Feb/2024:10:46:46 +0800] "GET /xingrg/all/function/internal_message.html?_=1707706008576&CODE_STATE=getMsg HTTP/1.1" 200 27
114.83.219.235 - - [12/Feb/2024:10:46:48 +0800] "GET /xingrg/kc/buy/cgsh_order_info.html?code=212024021203890 HTTP/1.1" 200 68464
114.83.219.235 - - [12/Feb/2024:10:46:49 +0800] "GET /xingrg/javascript/easyui/themes/default/validatebox.css HTTP/1.1" 404 1104
114.83.219.235 - - [12/Feb/2024:10:46:51 +0800] "POST /xingrg/kc/buy/cgsh_order_operate.html HTTP/1.1" 200 2399
218.81.216.246 - - [12/Feb/2024:10:46:53 +0800] "POST /xingrg/services/DataTransmitService HTTP/1.1" 200 524
218.81.216.246 - - [12/Feb/2024:10:46:55 +0800] "POST /xingrg/services/DataTransmitService HTTP/1.1" 200 2331
218.81.216.246 - - [12/Feb/2024:10:46:59 +0800] "POST /xingrg/kc/buy/cgsh_order_operate.html HTTP/1.1" 200 37
101.83.145.37 - - [12/Feb/2024:10:47:02 +0800] "POST /xingrg/kc/base/wldb_order_operate.html HTTP/1.1" 200 37
218.81.216.246 - - [12/Feb/2024:10:47:03 +0800] "POST /xingrg/kc/buy/cgsh_order_operate.html HTTP/1.1" 200 3253
101.83.145.37 - - [12/Feb/2024:10:47:03 +0800] "POST /xingrg/kc/base/wldb_order_operate.html HTTP/1.1" 200 2180
114.83.219.235 - - [12/Feb/2024:10:47:03 +0800] "GET /xingrg/kc/print/load_data.html?order_code=212024021203890&kc_code=cgsh&condition= HTTP/1.1" 200 1410
116.224.254.208 - - [12/Feb/2024:10:47:04 +0800] "GET /xingrg/all/function/internal_message.html?_=1707706024419&CODE_STATE=getMsg HTTP/1.1" 200 27
101.83.145.37 - - [12/Feb/2024:10:47:04 +0800] "GET /xingrg/kc/base/wldb_order_info.html?code=422024021201076 HTTP/1.1" 200 30358
218.81.216.246 - - [12/Feb/2024:10:47:04 +0800] "GET /xingrg/check_reg.html?_=1707706026042 HTTP/1.1" 302 -
101.83.145.37 - - [12/Feb/2024:10:47:04 +0800] "GET /xingrg/javascript/easyui/themes/default/validatebox.css HTTP/1.1" 404 1104
101.83.145.37 - - [12/Feb/2024:10:47:05 +0800] "POST /xingrg/kc/base/wldb_order_operate.html HTTP/1.1" 200 2180
114.83.219.235 - - [12/Feb/2024:10:47:12 +0800] "GET /xingrg/kc/buy/cgsh_order_add.html HTTP/1.1" 200 73555
114.83.219.235 - - [12/Feb/2024:10:47:12 +0800] "GET /xingrg/javascript/easyui/themes/default/validatebox.css HTTP/1.1" 404 1104
114.83.219.235 - - [12/Feb/2024:10:47:12 +0800] "POST /xingrg/kc/buy/cgsh_order_operate.html HTTP/1.1" 200 8245
221.239.172.206 - - [12/Feb/2024:10:47:16 +0800] "GET /xingrg/all/function/internal_message.html?_=1707706035979&CODE_STATE=getMsg HTTP/1.1" 200 27
114.83.219.235 - - [12/Feb/2024:10:47:17 +0800] "GET /xingrg/all/function/internal_message.html?_=1707706036660&CODE_STATE=getMsg HTTP/1.1" 200 27
116.230.123.222 - - [12/Feb/2024:10:47:19 +0800] "GET /xingrg/all/function/internal_message.html?_=1707706039299&CODE_STATE=getMsg HTTP/1.1" 200 27
124.78.67.200 - - [12/Feb/2024:10:47:19 +0800] "GET /xingrg/all/function/internal_message.html?_=1707706039563&CODE_STATE=getMsg HTTP/1.1" 200 27
116.230.123.222 - - [12/Feb/2024:10:47:22 +0800] "GET /xingrg/kc/buy/cgsh_order_add.html HTTP/1.1" 200 73423
218.81.216.246 - - [12/Feb/2024:10:47:22 +0800] "GET /xingrg/all/function/internal_message.html?_=1707706043852&CODE_STATE=getMsg HTTP/1.1" 302 -
116.230.123.222 - - [12/Feb/2024:10:47:22 +0800] "POST /xingrg/kc/buy/cgsh_order_operate.html HTTP/1.1" 200 8245
116.230.123.222 - - [12/Feb/2024:10:47:22 +0800] "GET /xingrg/javascript/easyui/themes/default/validatebox.css HTTP/1.1" 404 1104
101.83.145.37 - - [12/Feb/2024:10:47:22 +0800] "GET /xingrg/kc/base/wldb_order_add.html HTTP/1.1" 200 30344
101.83.145.37 - - [12/Feb/2024:10:47:22 +0800] "POST /xingrg/kc/base/wldb_order_operate.html HTTP/1.1" 200 6806
101.83.145.37 - - [12/Feb/2024:10:47:23 +0800] "GET /xingrg/javascript/easyui/themes/default/validatebox.css HTTP/1.1" 404 1104
180.164.1.25 - - [12/Feb/2024:10:47:24 +0800] "GET /xingrg/all/function/internal_message.html?_=1707706043663&CODE_STATE=getMsg HTTP/1.1" 200 27
218.81.216.246 - - [12/Feb/2024:10:47:24 +0800] "POST /xingrg/services/DataTransmitService HTTP/1.1" 200 412
218.81.216.246 - - [12/Feb/2024:10:47:27 +0800] "GET /xingrg/all/function/internal_message.html?_=1707706049117&CODE_STATE=getMsg HTTP/1.1" 200 27
180.163.28.143 - - [12/Feb/2024:10:47:28 +0800] "GET /xingrg/all/function/internal_message.html?_=1707705988780&CODE_STATE=getMsg HTTP/1.1" 302 -
180.163.28.143 - - [12/Feb/2024:10:47:28 +0800] "GET /xingrg/login.html HTTP/1.1" 200 7641
101.83.145.37 - - [12/Feb/2024:10:47:28 +0800] "GET /xingrg/all/function/internal_message.html?_=1707705813504&CODE_STATE=getMsg HTTP/1.1" 200 27
101.83.145.37 - - [12/Feb/2024:10:47:28 +0800] "GET /xingrg/check_reg.html?_=1707705813570 HTTP/1.1" 200 22
116.237.73.254 - - [12/Feb/2024:10:47:28 +0800] "GET /xingrg/all/function/internal_message.html?_=1707706048779&CODE_STATE=getMsg HTTP/1.1" 200 27
218.81.216.246 - - [12/Feb/2024:10:47:29 +0800] "POST /xingrg/services/DataTransmitService HTTP/1.1" 200 524
116.232.194.112 - - [12/Feb/2024:10:47:31 +0800] "GET /xingrg/all/function/internal_message.html?_=1707706048440&CODE_STATE=getMsg HTTP/1.1" 200 27
116.230.123.222 - - [12/Feb/2024:10:47:37 +0800] "GET /xingrg/kc/buy/cgsh_order_operate.html?command=get_materiel&rest_code=00111&code=00102001118&supplier_code=00100073&order_time=2024-02-12 HTTP/1.1" 200 432
218.81.216.246 - - [12/Feb/2024:10:47:41 +0800] "POST /xingrg/services/DataTransmitService HTTP/1.1" 200 501
218.81.216.246 - - [12/Feb/2024:10:47:43 +0800] "POST /xingrg/services/DataTransmitService HTTP/1.1" 200 524
218.81.216.246 - - [12/Feb/2024:10:47:45 +0800] "GET /xingrg/check_reg.html?_=1707706067405 HTTP/1.1" 200 22
218.81.216.246 - - [12/Feb/2024:10:47:46 +0800] "GET /xingrg/all/function/internal_message.html?_=1707706068591&CODE_STATE=getMsg HTTP/1.1" 200 27
101.83.145.37 - - [12/Feb/2024:10:47:48 +0800] "GET /xingrg/kc/base/wldb_order_operate.html?command=get_materiel&rest_code=00105&base_code=0010507&code=00101013011 HTTP/1.1" 200 452
116.230.123.222 - - [12/Feb/2024:10:47:51 +0800] "GET /xingrg/kc/buy/cgsh_order_operate.html?command=get_materiel&rest_code=00111&code=00102001074&supplier_code=00100073&order_time=2024-02-12 HTTP/1.1" 200 432
221.239.172.206 - - [12/Feb/2024:10:47:52 +0800] "GET /xingrg/check_reg.html?_=1707706071425 HTTP/1.1" 200 22
116.230.123.222 - - [12/Feb/2024:10:48:00 +0800] "GET /xingrg/kc/buy/cgsh_order_operate.html?command=get_materiel&rest_code=00111&code=00102001151&supplier_code=00100073&order_time=2024-02-12 HTTP/1.1" 200 432
116.224.254.208 - - [12/Feb/2024:10:48:04 +0800] "GET /xingrg/all/function/internal_message.html?_=1707706084420&CODE_STATE=getMsg HTTP/1.1" 200 27
218.81.216.246 - - [12/Feb/2024:10:48:12 +0800] "GET /xingrg/check_reg.html?_=1707706093818 HTTP/1.1" 200 22
221.239.172.206 - - [12/Feb/2024:10:48:16 +0800] "GET /xingrg/all/function/internal_message.html?_=1707706095984&CODE_STATE=getMsg HTTP/1.1" 200 27
114.83.219.235 - - [12/Feb/2024:10:48:17 +0800] "GET /xingrg/all/function/internal_message.html?_=1707706096669&CODE_STATE=getMsg HTTP/1.1" 200 27
116.230.123.222 - - [12/Feb/2024:10:48:17 +0800] "POST /xingrg/kc/buy/cgsh_order_operate.html HTTP/1.1" 200 37
116.230.123.222 - - [12/Feb/2024:10:48:19 +0800] "GET /xingrg/all/function/internal_message.html?_=1707706099279&CODE_STATE=getMsg HTTP/1.1" 200 27
124.78.67.200 - - [12/Feb/2024:10:48:19 +0800] "GET /xingrg/all/function/internal_message.html?_=1707706099537&CODE_STATE=getMsg HTTP/1.1" 200 27
218.81.216.246 - - [12/Feb/2024:10:48:22 +0800] "GET /xingrg/all/function/internal_message.html?_=1707706103860&CODE_STATE=getMsg HTTP/1.1" 302 -
218.81.216.246 - - [12/Feb/2024:10:48:22 +0800] "POST /xingrg/services/DataTransmitService HTTP/1.1" 200 412
180.164.1.25 - - [12/Feb/2024:10:48:24 +0800] "GET /xingrg/all/function/internal_message.html?_=1707706103644&CODE_STATE=getMsg HTTP/1.1" 200 27
116.230.123.222 - - [12/Feb/2024:10:48:24 +0800] "POST /xingrg/kc/buy/cgsh_order_operate.html HTTP/1.1" 200 12
116.224.254.208 - - [12/Feb/2024:10:48:24 +0800] "POST /xingrg/services/DataTransmitService HTTP/1.1" 200 524
116.224.254.208 - - [12/Feb/2024:10:48:26 +0800] "POST /xingrg/services/DataTransmitService HTTP/1.1" 200 412
116.230.123.222 - - [12/Feb/2024:10:48:26 +0800] "GET /xingrg/kc/buy/cgsh_order_info.html?code=212024021203891 HTTP/1.1" 200 68334
116.230.123.222 - - [12/Feb/2024:10:48:26 +0800] "GET /xingrg/javascript/easyui/themes/default/validatebox.css HTTP/1.1" 404 1104
218.81.216.246 - - [12/Feb/2024:10:48:27 +0800] "GET /xingrg/all/function/internal_message.html?_=1707706109120&CODE_STATE=getMsg HTTP/1.1" 200 27
116.230.123.222 - - [12/Feb/2024:10:48:27 +0800] "POST /xingrg/kc/buy/cgsh_order_operate.html HTTP/1.1" 200 1809
101.83.145.37 - - [12/Feb/2024:10:48:28 +0800] "GET /xingrg/all/function/internal_message.html?_=1707705873486&CODE_STATE=getMsg HTTP/1.1" 200 27
116.237.73.254 - - [12/Feb/2024:10:48:28 +0800] "GET /xingrg/all/function/internal_message.html?_=1707706108780&CODE_STATE=getMsg HTTP/1.1" 200 27
116.237.73.254 - - [12/Feb/2024:10:48:28 +0800] "GET /xingrg/check_reg.html?_=1707706108783 HTTP/1.1" 200 22
180.163.30.85 - - [12/Feb/2024:10:48:29 +0800] "GET /xingrg/all/function/internal_message.html?_=1707706048779&CODE_STATE=getMsg HTTP/1.1" 302 -
180.163.30.85 - - [12/Feb/2024:10:48:29 +0800] "GET /xingrg/login.html HTTP/1.1" 200 7641
116.230.123.222 - - [12/Feb/2024:10:48:30 +0800] "GET /xingrg/kc/print/load_data.html?order_code=212024021203891&kc_code=cgsh&condition= HTTP/1.1" 200 1216
116.232.194.112 - - [12/Feb/2024:10:48:31 +0800] "GET /xingrg/all/function/internal_message.html?_=1707706108443&CODE_STATE=getMsg HTTP/1.1" 200 27
116.232.194.112 - - [12/Feb/2024:10:48:33 +0800] "GET /xingrg/check_reg.html?_=1707706110850 HTTP/1.1" 200 22
180.164.1.25 - - [12/Feb/2024:10:48:39 +0800] "POST /xingrg/services/DataTransmitService HTTP/1.1" 200 524
180.164.1.25 - - [12/Feb/2024:10:48:40 +0800] "POST /xingrg/services/DataTransmitService HTTP/1.1" 200 412
180.164.1.25 - - [12/Feb/2024:10:48:42 +0800] "GET /xingrg/check_reg.html?_=1707706121816 HTTP/1.1" 200 22
218.81.216.246 - - [12/Feb/2024:10:48:46 +0800] "GET /xingrg/all/function/internal_message.html?_=1707706128604&CODE_STATE=getMsg HTTP/1.1" 200 27
116.230.123.222 - - [12/Feb/2024:10:49:02 +0800] "GET /xingrg/check_reg.html?_=1707706142519 HTTP/1.1" 200 22
116.224.254.208 - - [12/Feb/2024:10:49:04 +0800] "GET /xingrg/all/function/internal_message.html?_=1707706144412&CODE_STATE=getMsg HTTP/1.1" 200 27
221.239.172.206 - - [12/Feb/2024:10:49:16 +0800] "GET /xingrg/all/function/internal_message.html?_=1707706155969&CODE_STATE=getMsg HTTP/1.1" 200 27
114.83.219.235 - - [12/Feb/2024:10:49:17 +0800] "GET /xingrg/all/function/internal_message.html?_=1707706156657&CODE_STATE=getMsg HTTP/1.1" 200 27
116.230.123.222 - - [12/Feb/2024:10:49:19 +0800] "GET /xingrg/all/function/internal_message.html?_=1707706159259&CODE_STATE=getMsg HTTP/1.1" 200 27
124.78.67.200 - - [12/Feb/2024:10:49:19 +0800] "GET /xingrg/all/function/internal_message.html?_=1707706159514&CODE_STATE=getMsg HTTP/1.1" 200 27
101.83.145.37 - - [12/Feb/2024:10:49:20 +0800] "POST /xingrg/kc/base/wldb_order_operate.html HTTP/1.1" 200 37
101.83.145.37 - - [12/Feb/2024:10:49:21 +0800] "POST /xingrg/kc/base/wldb_order_operate.html HTTP/1.1" 200 2666
218.81.216.246 - - [12/Feb/2024:10:49:22 +0800] "GET /xingrg/all/function/internal_message.html?_=1707706164097&CODE_STATE=getMsg HTTP/1.1" 302 -
180.164.1.25 - - [12/Feb/2024:10:49:24 +0800] "GET /xingrg/all/function/internal_message.html?_=1707706163643&CODE_STATE=getMsg HTTP/1.1" 200 27
218.81.216.246 - - [12/Feb/2024:10:49:27 +0800] "GET /xingrg/all/function/internal_message.html?_=1707706169132&CODE_STATE=getMsg HTTP/1.1" 200 27
180.163.30.76 - - [12/Feb/2024:10:49:28 +0800] "GET /xingrg/check_reg.html?_=1707706108783 HTTP/1.1" 302 -
180.163.30.76 - - [12/Feb/2024:10:49:28 +0800] "GET /xingrg/login.html HTTP/1.1" 200 7641
116.237.73.254 - - [12/Feb/2024:10:49:28 +0800] "GET /xingrg/all/function/internal_message.html?_=1707706168772&CODE_STATE=getMsg HTTP/1.1" 200 27
101.83.145.37 - - [12/Feb/2024:10:49:30 +0800] "GET /xingrg/kc/base/wldb_order_info.html?code=422024021201077 HTTP/1.1" 200 30361
101.83.145.37 - - [12/Feb/2024:10:49:31 +0800] "GET /xingrg/javascript/easyui/themes/default/validatebox.css HTTP/1.1" 404 1104
116.232.194.112 - - [12/Feb/2024:10:49:31 +0800] "GET /xingrg/all/function/internal_message.html?_=1707706168443&CODE_STATE=getMsg HTTP/1.1" 200 27
101.83.145.37 - - [12/Feb/2024:10:49:31 +0800] "POST /xingrg/kc/base/wldb_order_operate.html HTTP/1.1" 200 2666
116.230.123.222 - - [12/Feb/2024:10:49:37 +0800] "GET /xingrg/kc/buy/cgsh_order_add.html HTTP/1.1" 200 73423
116.230.123.222 - - [12/Feb/2024:10:49:37 +0800] "POST /xingrg/kc/buy/cgsh_order_operate.html HTTP/1.1" 200 8245
116.230.123.222 - - [12/Feb/2024:10:49:37 +0800] "GET /xingrg/javascript/easyui/themes/default/validatebox.css HTTP/1.1" 404 1104
218.81.216.246 - - [12/Feb/2024:10:49:46 +0800] "GET /xingrg/all/function/internal_message.html?_=1707706188617&CODE_STATE=getMsg HTTP/1.1" 200 27
124.78.67.200 - - [12/Feb/2024:10:49:58 +0800] "GET /xingrg/check_reg.html?_=1707706198920 HTTP/1.1" 200 22
116.224.254.208 - - [12/Feb/2024:10:50:04 +0800] "GET /xingrg/all/function/internal_message.html?_=1707706204424&CODE_STATE=getMsg HTTP/1.1" 200 27
116.224.254.208 - - [12/Feb/2024:10:50:04 +0800] "GET /xingrg/check_reg.html?_=1707706204425 HTTP/1.1" 200 22
221.239.172.206 - - [12/Feb/2024:10:50:16 +0800] "GET /xingrg/all/function/internal_message.html?_=1707706215984&CODE_STATE=getMsg HTTP/1.1" 200 27
114.83.219.235 - - [12/Feb/2024:10:50:17 +0800] "GET /xingrg/all/function/internal_message.html?_=1707706216657&CODE_STATE=getMsg HTTP/1.1" 200 27
116.230.123.222 - - [12/Feb/2024:10:50:19 +0800] "GET /xingrg/all/function/internal_message.html?_=1707706219233&CODE_STATE=getMsg HTTP/1.1" 200 27
101.83.145.37 - - [12/Feb/2024:10:50:19 +0800] "GET /xingrg/kc/base/wldb_order_add.html HTTP/1.1" 200 30344
124.78.67.200 - - [12/Feb/2024:10:50:19 +0800] "GET /xingrg/all/function/internal_message.html?_=1707706219489&CODE_STATE=getMsg HTTP/1.1" 200 27
101.83.145.37 - - [12/Feb/2024:10:50:19 +0800] "GET /xingrg/javascript/easyui/themes/default/validatebox.css HTTP/1.1" 404 1104
101.83.145.37 - - [12/Feb/2024:10:50:19 +0800] "POST /xingrg/kc/base/wldb_order_operate.html HTTP/1.1" 200 6806
218.81.216.246 - - [12/Feb/2024:10:50:22 +0800] "GET /xingrg/all/function/internal_message.html?_=1707706224105&CODE_STATE=getMsg HTTP/1.1" 302 -
180.164.1.25 - - [12/Feb/2024:10:50:24 +0800] "GET /xingrg/all/function/internal_message.html?_=1707706223642&CODE_STATE=getMsg HTTP/1.1" 200 27
218.81.216.246 - - [12/Feb/2024:10:50:27 +0800] "GET /xingrg/all/function/internal_message.html?_=1707706229174&CODE_STATE=getMsg HTTP/1.1" 200 27
101.83.145.37 - - [12/Feb/2024:10:50:28 +0800] "GET /xingrg/all/function/internal_message.html?_=1707705993498&CODE_STATE=getMsg HTTP/1.1" 200 27
116.237.73.254 - - [12/Feb/2024:10:50:28 +0800] "GET /xingrg/all/function/internal_message.html?_=1707706228774&CODE_STATE=getMsg HTTP/1.1" 200 27
116.232.194.112 - - [12/Feb/2024:10:50:31 +0800] "GET /xingrg/all/function/internal_message.html?_=1707706228439&CODE_STATE=getMsg HTTP/1.1" 200 27
218.81.216.246 - - [12/Feb/2024:10:50:47 +0800] "GET /xingrg/all/function/internal_message.html?_=1707706248700&CODE_STATE=getMsg HTTP/1.1" 200 27
218.81.216.246 - - [12/Feb/2024:10:50:49 +0800] "POST /xingrg/services/DataTransmitService HTTP/1.1" 200 524
218.81.216.246 - - [12/Feb/2024:10:50:53 +0800] "POST /xingrg/services/DataTransmitService HTTP/1.1" 200 2331
218.81.216.246 - - [12/Feb/2024:10:51:02 +0800] "POST /xingrg/services/DataTransmitService HTTP/1.1" 200 524
116.224.254.208 - - [12/Feb/2024:10:51:04 +0800] "GET /xingrg/all/function/internal_message.html?_=1707706264422&CODE_STATE=getMsg HTTP/1.1" 200 27
116.230.123.222 - - [12/Feb/2024:10:51:06 +0800] "GET /xingrg/kc/buy/cgsh_order_operate.html?command=get_materiel&rest_code=00111&code=00101004046&supplier_code=00100312&order_time=2024-02-12 HTTP/1.1" 200 418
101.83.145.37 - - [12/Feb/2024:10:51:10 +0800] "GET /xingrg/kc/base/wldb_order_operate.html?command=get_materiel&rest_code=00105&base_code=0010508&code=00102002204 HTTP/1.1" 200 448
221.239.172.206 - - [12/Feb/2024:10:51:16 +0800] "GET /xingrg/all/function/internal_message.html?_=1707706275971&CODE_STATE=getMsg HTTP/1.1" 200 27
114.83.219.235 - - [12/Feb/2024:10:51:17 +0800] "GET /xingrg/all/function/internal_message.html?_=1707706276660&CODE_STATE=getMsg HTTP/1.1" 200 27
114.83.219.235 - - [12/Feb/2024:10:51:17 +0800] "GET /xingrg/check_reg.html?_=1707706276901 HTTP/1.1" 200 22
116.230.123.222 - - [12/Feb/2024:10:51:19 +0800] "GET /xingrg/all/function/internal_message.html?_=1707706279221&CODE_STATE=getMsg HTTP/1.1" 200 27
124.78.67.200 - - [12/Feb/2024:10:51:19 +0800] "GET /xingrg/all/function/internal_message.html?_=1707706279474&CODE_STATE=getMsg HTTP/1.1" 200 27
218.81.216.246 - - [12/Feb/2024:10:51:22 +0800] "GET /xingrg/all/function/internal_message.html?_=1707706284331&CODE_STATE=getMsg HTTP/1.1" 302 -
180.164.1.25 - - [12/Feb/2024:10:51:24 +0800] "GET /xingrg/all/function/internal_message.html?_=1707706283622&CODE_STATE=getMsg HTTP/1.1" 200 27
218.81.216.246 - - [12/Feb/2024:10:51:24 +0800] "POST /xingrg/services/DataTransmitService HTTP/1.1" 200 501
116.232.194.112 - - [12/Feb/2024:10:51:25 +0800] "POST /xingrg/services/DataTransmitService HTTP/1.1" 200 524
116.232.194.112 - - [12/Feb/2024:10:51:25 +0800] "POST /xingrg/services/DataTransmitService HTTP/1.1" 200 501
116.230.123.222 - - [12/Feb/2024:10:51:26 +0800] "GET /xingrg/kc/buy/cgsh_order_operate.html?command=get_materiel&rest_code=00111&code=00101004067&supplier_code=00100312&order_time=2024-02-12 HTTP/1.1" 200 413
218.81.216.246 - - [12/Feb/2024:10:51:27 +0800] "POST /xingrg/services/DataTransmitService HTTP/1.1" 200 524
218.81.216.246 - - [12/Feb/2024:10:51:27 +0800] "GET /xingrg/all/function/internal_message.html?_=1707706289176&CODE_STATE=getMsg HTTP/1.1" 200 27
