114.83.219.235 - - [12/Feb/2024:12:02:50 +0800] "GET /xingrg/dwr/interface/AjaxReportQueryService.js HTTP/1.1" 200 13203
114.83.219.235 - - [12/Feb/2024:12:02:50 +0800] "GET /xingrg/dwr/engine.js HTTP/1.1" 200 43631
221.239.172.206 - - [12/Feb/2024:12:02:52 +0800] "GET /xingrg/check_reg.html?_=1707710571507 HTTP/1.1" 200 22
114.83.219.235 - - [12/Feb/2024:12:02:55 +0800] "GET /xingrg/all/function/internal_message.html?_=1707710572957&CODE_STATE=getMsg HTTP/1.1" 200 27
116.224.254.208 - - [12/Feb/2024:12:03:04 +0800] "GET /xingrg/all/function/internal_message.html?_=1707710584356&CODE_STATE=getMsg HTTP/1.1" 200 27
218.81.216.246 - - [12/Feb/2024:12:03:11 +0800] "GET /xingrg/check_reg.html?_=1707710593900 HTTP/1.1" 200 22
114.83.219.235 - - [12/Feb/2024:12:03:16 +0800] "GET /xingrg/all/function/internal_message.html?_=1707710595759&CODE_STATE=getMsg HTTP/1.1" 200 27
221.239.172.206 - - [12/Feb/2024:12:03:16 +0800] "GET /xingrg/all/function/internal_message.html?_=1707710596046&CODE_STATE=getMsg HTTP/1.1" 200 27
124.78.67.200 - - [12/Feb/2024:12:03:18 +0800] "GET /xingrg/all/function/internal_message.html?_=1707710598297&CODE_STATE=getMsg HTTP/1.1" 200 27
116.230.123.222 - - [12/Feb/2024:12:03:18 +0800] "GET /xingrg/all/function/internal_message.html?_=1707710598217&CODE_STATE=getMsg HTTP/1.1" 200 27
180.164.1.25 - - [12/Feb/2024:12:03:23 +0800] "GET /xingrg/all/function/internal_message.html?_=1707710602892&CODE_STATE=getMsg HTTP/1.1" 200 27
101.83.145.37 - - [12/Feb/2024:12:03:27 +0800] "GET /xingrg/all/function/internal_message.html?_=1707710372367&CODE_STATE=getMsg HTTP/1.1" 200 27
218.81.216.246 - - [12/Feb/2024:12:03:28 +0800] "GET /xingrg/all/function/internal_message.html?_=1707710610372&CODE_STATE=getMsg HTTP/1.1" 200 27
116.237.73.254 - - [12/Feb/2024:12:03:29 +0800] "GET /xingrg/check_reg.html?_=1707710609424 HTTP/1.1" 200 22
116.237.73.254 - - [12/Feb/2024:12:03:30 +0800] "GET /xingrg/all/function/internal_message.html?_=1707710610116&CODE_STATE=getMsg HTTP/1.1" 200 27
218.81.216.246 - - [12/Feb/2024:12:03:30 +0800] "GET /xingrg/all/function/internal_message.html?_=1707710612498&CODE_STATE=getMsg HTTP/1.1" 302 -
116.232.194.112 - - [12/Feb/2024:12:03:31 +0800] "GET /xingrg/all/function/internal_message.html?_=1707710608551&CODE_STATE=getMsg HTTP/1.1" 200 27
116.232.194.112 - - [12/Feb/2024:12:03:33 +0800] "GET /xingrg/check_reg.html?_=1707710610657 HTTP/1.1" 200 22
222.64.62.191 - - [12/Feb/2024:12:03:41 +0800] "GET /xingrg/all/function/internal_message.html?_=1707710621734&CODE_STATE=getMsg HTTP/1.1" 200 27
180.164.1.25 - - [12/Feb/2024:12:03:42 +0800] "GET /xingrg/check_reg.html?_=1707710621807 HTTP/1.1" 200 22
218.81.216.246 - - [12/Feb/2024:12:03:48 +0800] "GET /xingrg/all/function/internal_message.html?_=1707710630420&CODE_STATE=getMsg HTTP/1.1" 200 27
114.83.219.235 - - [12/Feb/2024:12:03:55 +0800] "GET /xingrg/all/function/internal_message.html?_=1707710632957&CODE_STATE=getMsg HTTP/1.1" 200 27
116.230.123.222 - - [12/Feb/2024:12:04:02 +0800] "GET /xingrg/check_reg.html?_=1707710642353 HTTP/1.1" 200 22
116.224.254.208 - - [12/Feb/2024:12:04:04 +0800] "GET /xingrg/all/function/internal_message.html?_=1707710644354&CODE_STATE=getMsg HTTP/1.1" 200 27
114.83.219.235 - - [12/Feb/2024:12:04:16 +0800] "GET /xingrg/all/function/internal_message.html?_=1707710655730&CODE_STATE=getMsg HTTP/1.1" 200 27
221.239.172.206 - - [12/Feb/2024:12:04:16 +0800] "GET /xingrg/all/function/internal_message.html?_=1707710656062&CODE_STATE=getMsg HTTP/1.1" 200 27
124.78.67.200 - - [12/Feb/2024:12:04:18 +0800] "GET /xingrg/all/function/internal_message.html?_=1707710658280&CODE_STATE=getMsg HTTP/1.1" 200 27
116.230.123.222 - - [12/Feb/2024:12:04:18 +0800] "GET /xingrg/all/function/internal_message.html?_=1707710658189&CODE_STATE=getMsg HTTP/1.1" 200 27
180.164.1.25 - - [12/Feb/2024:12:04:23 +0800] "GET /xingrg/all/function/internal_message.html?_=1707710662871&CODE_STATE=getMsg HTTP/1.1" 200 27
222.64.62.191 - - [12/Feb/2024:12:04:26 +0800] "GET /xingrg/kc/buy/cgsh_order_operate.html?command=get_materiel&rest_code=00147&code=00101008148&supplier_code=00100007&order_time=2024-02-07 HTTP/1.1" 200 416
101.83.145.37 - - [12/Feb/2024:12:04:27 +0800] "GET /xingrg/all/function/internal_message.html?_=1707710432352&CODE_STATE=getMsg HTTP/1.1" 200 27
218.81.216.246 - - [12/Feb/2024:12:04:28 +0800] "GET /xingrg/all/function/internal_message.html?_=1707710670385&CODE_STATE=getMsg HTTP/1.1" 200 27
116.237.73.254 - - [12/Feb/2024:12:04:30 +0800] "GET /xingrg/all/function/internal_message.html?_=1707710670102&CODE_STATE=getMsg HTTP/1.1" 200 27
218.81.216.246 - - [12/Feb/2024:12:04:30 +0800] "GET /xingrg/all/function/internal_message.html?_=1707710672505&CODE_STATE=getMsg HTTP/1.1" 302 -
116.232.194.112 - - [12/Feb/2024:12:04:31 +0800] "GET /xingrg/all/function/internal_message.html?_=1707710668553&CODE_STATE=getMsg HTTP/1.1" 200 27
222.64.62.191 - - [12/Feb/2024:12:04:33 +0800] "GET /xingrg/kc/buy/cgsh_order_operate.html?command=get_materiel&rest_code=00147&code=00101008264&supplier_code=00100007&order_time=2024-02-07 HTTP/1.1" 200 412
222.64.62.191 - - [12/Feb/2024:12:04:40 +0800] "GET /xingrg/kc/buy/cgsh_order_operate.html?command=get_materiel&rest_code=00147&code=00101008356&supplier_code=00100007&order_time=2024-02-07 HTTP/1.1" 200 408
222.64.62.191 - - [12/Feb/2024:12:04:41 +0800] "GET /xingrg/all/function/internal_message.html?_=1707710681746&CODE_STATE=getMsg HTTP/1.1" 200 27
222.64.62.191 - - [12/Feb/2024:12:04:48 +0800] "GET /xingrg/kc/buy/cgsh_order_operate.html?command=get_materiel&rest_code=00147&code=00101008251&supplier_code=00100007&order_time=2024-02-07 HTTP/1.1" 200 408
218.81.216.246 - - [12/Feb/2024:12:04:48 +0800] "GET /xingrg/all/function/internal_message.html?_=1707710690432&CODE_STATE=getMsg HTTP/1.1" 200 27
222.64.62.191 - - [12/Feb/2024:12:04:56 +0800] "GET /xingrg/kc/buy/cgsh_order_operate.html?command=get_materiel&rest_code=00147&code=00101008360&supplier_code=00100007&order_time=2024-02-07 HTTP/1.1" 200 413
124.78.67.200 - - [12/Feb/2024:12:04:58 +0800] "GET /xingrg/check_reg.html?_=1707710698615 HTTP/1.1" 200 22
222.64.62.191 - - [12/Feb/2024:12:05:03 +0800] "GET /xingrg/kc/buy/cgsh_order_operate.html?command=get_materiel&rest_code=00147&code=00101008136&supplier_code=00100007&order_time=2024-02-07 HTTP/1.1" 200 413
116.224.254.208 - - [12/Feb/2024:12:05:04 +0800] "GET /xingrg/all/function/internal_message.html?_=1707710704365&CODE_STATE=getMsg HTTP/1.1" 200 27
116.224.254.208 - - [12/Feb/2024:12:05:04 +0800] "GET /xingrg/check_reg.html?_=1707710704368 HTTP/1.1" 200 22
222.64.62.191 - - [12/Feb/2024:12:05:11 +0800] "GET /xingrg/kc/buy/cgsh_order_operate.html?command=get_materiel&rest_code=00147&code=00101008069&supplier_code=00100007&order_time=2024-02-07 HTTP/1.1" 200 412
114.83.219.235 - - [12/Feb/2024:12:05:16 +0800] "GET /xingrg/all/function/internal_message.html?_=1707710715704&CODE_STATE=getMsg HTTP/1.1" 200 27
221.239.172.206 - - [12/Feb/2024:12:05:16 +0800] "GET /xingrg/all/function/internal_message.html?_=1707710716061&CODE_STATE=getMsg HTTP/1.1" 200 27
124.78.67.200 - - [12/Feb/2024:12:05:18 +0800] "GET /xingrg/all/function/internal_message.html?_=1707710718275&CODE_STATE=getMsg HTTP/1.1" 200 27
116.230.123.222 - - [12/Feb/2024:12:05:18 +0800] "GET /xingrg/all/function/internal_message.html?_=1707710718174&CODE_STATE=getMsg HTTP/1.1" 200 27
222.64.62.191 - - [12/Feb/2024:12:05:19 +0800] "GET /xingrg/kc/buy/cgsh_order_operate.html?command=get_materiel&rest_code=00147&code=00101008286&supplier_code=00100007&order_time=2024-02-07 HTTP/1.1" 200 408
180.164.1.25 - - [12/Feb/2024:12:05:23 +0800] "GET /xingrg/all/function/internal_message.html?_=1707710722846&CODE_STATE=getMsg HTTP/1.1" 200 27
222.64.62.191 - - [12/Feb/2024:12:05:26 +0800] "GET /xingrg/kc/buy/cgsh_order_operate.html?command=get_materiel&rest_code=00147&code=00101008131&supplier_code=00100007&order_time=2024-02-07 HTTP/1.1" 200 408
101.83.145.37 - - [12/Feb/2024:12:05:27 +0800] "GET /xingrg/all/function/internal_message.html?_=1707710492337&CODE_STATE=getMsg HTTP/1.1" 200 27
218.81.216.246 - - [12/Feb/2024:12:05:28 +0800] "GET /xingrg/all/function/internal_message.html?_=1707710730414&CODE_STATE=getMsg HTTP/1.1" 200 27
180.163.30.100 - - [12/Feb/2024:12:05:30 +0800] "GET /xingrg/all/function/internal_message.html?_=1707710670102&CODE_STATE=getMsg HTTP/1.1" 302 -
116.237.73.254 - - [12/Feb/2024:12:05:30 +0800] "GET /xingrg/all/function/internal_message.html?_=1707710730074&CODE_STATE=getMsg HTTP/1.1" 200 27
180.163.30.100 - - [12/Feb/2024:12:05:30 +0800] "GET /xingrg/login.html HTTP/1.1" 200 7641
218.81.216.246 - - [12/Feb/2024:12:05:31 +0800] "GET /xingrg/all/function/internal_message.html?_=1707710732725&CODE_STATE=getMsg HTTP/1.1" 302 -
116.232.194.112 - - [12/Feb/2024:12:05:31 +0800] "GET /xingrg/all/function/internal_message.html?_=1707710728558&CODE_STATE=getMsg HTTP/1.1" 200 27
222.64.62.191 - - [12/Feb/2024:12:05:41 +0800] "GET /xingrg/all/function/internal_message.html?_=1707710741744&CODE_STATE=getMsg HTTP/1.1" 200 27
222.64.62.191 - - [12/Feb/2024:12:05:41 +0800] "GET /xingrg/check_reg.html?_=1707710741870 HTTP/1.1" 200 22
218.81.216.246 - - [12/Feb/2024:12:05:48 +0800] "GET /xingrg/all/function/internal_message.html?_=1707710750515&CODE_STATE=getMsg HTTP/1.1" 200 27
222.64.62.191 - - [12/Feb/2024:12:06:02 +0800] "GET /xingrg/kc/buy/cgsh_order_operate.html?command=get_materiel&rest_code=00147&code=00101008296&supplier_code=00100007&order_time=2024-02-07 HTTP/1.1" 200 416
116.224.254.208 - - [12/Feb/2024:12:06:04 +0800] "GET /xingrg/all/function/internal_message.html?_=1707710764357&CODE_STATE=getMsg HTTP/1.1" 200 27
222.64.62.191 - - [12/Feb/2024:12:06:09 +0800] "GET /xingrg/kc/buy/cgsh_order_operate.html?command=get_materiel&rest_code=00147&code=00101008318&supplier_code=00100007&order_time=2024-02-07 HTTP/1.1" 200 408
114.83.219.235 - - [12/Feb/2024:12:06:16 +0800] "GET /xingrg/all/function/internal_message.html?_=1707710775676&CODE_STATE=getMsg HTTP/1.1" 200 27
221.239.172.206 - - [12/Feb/2024:12:06:16 +0800] "GET /xingrg/all/function/internal_message.html?_=1707710776060&CODE_STATE=getMsg HTTP/1.1" 200 27
114.83.219.235 - - [12/Feb/2024:12:06:17 +0800] "GET /xingrg/check_reg.html?_=1707710776803 HTTP/1.1" 200 22
124.78.67.200 - - [12/Feb/2024:12:06:18 +0800] "GET /xingrg/all/function/internal_message.html?_=1707710778252&CODE_STATE=getMsg HTTP/1.1" 200 27
116.230.123.222 - - [12/Feb/2024:12:06:18 +0800] "GET /xingrg/all/function/internal_message.html?_=1707710778158&CODE_STATE=getMsg HTTP/1.1" 200 27
222.64.62.191 - - [12/Feb/2024:12:06:19 +0800] "GET /xingrg/kc/buy/cgsh_order_operate.html?command=get_materiel&rest_code=00147&code=00101008271&supplier_code=00100007&order_time=2024-02-07 HTTP/1.1" 200 408
180.164.1.25 - - [12/Feb/2024:12:06:23 +0800] "GET /xingrg/all/function/internal_message.html?_=1707710782844&CODE_STATE=getMsg HTTP/1.1" 200 27
101.83.145.37 - - [12/Feb/2024:12:06:27 +0800] "GET /xingrg/all/function/internal_message.html?_=1707710552322&CODE_STATE=getMsg HTTP/1.1" 200 27
218.81.216.246 - - [12/Feb/2024:12:06:28 +0800] "GET /xingrg/all/function/internal_message.html?_=1707710790429&CODE_STATE=getMsg HTTP/1.1" 200 27
116.237.73.254 - - [12/Feb/2024:12:06:30 +0800] "GET /xingrg/all/function/internal_message.html?_=1707710790059&CODE_STATE=getMsg HTTP/1.1" 200 27
218.81.216.246 - - [12/Feb/2024:12:06:31 +0800] "GET /xingrg/all/function/internal_message.html?_=1707710792734&CODE_STATE=getMsg HTTP/1.1" 302 -
116.232.194.112 - - [12/Feb/2024:12:06:31 +0800] "GET /xingrg/all/function/internal_message.html?_=1707710788566&CODE_STATE=getMsg HTTP/1.1" 200 27
222.64.62.191 - - [12/Feb/2024:12:06:32 +0800] "GET /xingrg/kc/buy/cgsh_order_operate.html?command=get_materiel&rest_code=00147&code=00101008353&supplier_code=00100007&order_time=2024-02-07 HTTP/1.1" 200 408
222.64.62.191 - - [12/Feb/2024:12:06:34 +0800] "POST /xingrg/kc/buy/cgsh_order_operate.html HTTP/1.1" 200 2065
222.64.62.191 - - [12/Feb/2024:12:06:41 +0800] "GET /xingrg/kc/buy/cgsh_order_operate.html?command=get_materiel&rest_code=00147&code=00101008037&supplier_code=00100007&order_time=2024-02-07 HTTP/1.1" 200 415
222.64.62.191 - - [12/Feb/2024:12:06:41 +0800] "GET /xingrg/all/function/internal_message.html?_=1707710801731&CODE_STATE=getMsg HTTP/1.1" 200 27
218.81.216.246 - - [12/Feb/2024:12:06:48 +0800] "GET /xingrg/all/function/internal_message.html?_=1707710810522&CODE_STATE=getMsg HTTP/1.1" 200 27
116.224.254.208 - - [12/Feb/2024:12:07:04 +0800] "GET /xingrg/all/function/internal_message.html?_=1707710824347&CODE_STATE=getMsg HTTP/1.1" 200 27
218.81.216.246 - - [12/Feb/2024:12:07:06 +0800] "GET /xingrg/check_reg.html?_=1707710827712 HTTP/1.1" 302 -
114.83.219.235 - - [12/Feb/2024:12:07:16 +0800] "GET /xingrg/all/function/internal_message.html?_=1707710835650&CODE_STATE=getMsg HTTP/1.1" 200 27
221.239.172.206 - - [12/Feb/2024:12:07:16 +0800] "GET /xingrg/all/function/internal_message.html?_=1707710836062&CODE_STATE=getMsg HTTP/1.1" 200 27
124.78.67.200 - - [12/Feb/2024:12:07:18 +0800] "GET /xingrg/all/function/internal_message.html?_=1707710838228&CODE_STATE=getMsg HTTP/1.1" 200 27
116.230.123.222 - - [12/Feb/2024:12:07:18 +0800] "GET /xingrg/all/function/internal_message.html?_=1707710838142&CODE_STATE=getMsg HTTP/1.1" 200 27
222.64.62.191 - - [12/Feb/2024:12:07:20 +0800] "GET /xingrg/kc/buy/cgsh_order_operate.html?command=get_materiel&rest_code=00147&code=00101008354&supplier_code=00100007&order_time=2024-02-07 HTTP/1.1" 200 412
180.164.1.25 - - [12/Feb/2024:12:07:23 +0800] "GET /xingrg/all/function/internal_message.html?_=1707710842833&CODE_STATE=getMsg HTTP/1.1" 200 27
116.237.73.254 - - [12/Feb/2024:12:07:26 +0800] "GET /xingrg/kc/buy/buy_main.html HTTP/1.1" 200 12412
116.237.73.254 - - [12/Feb/2024:12:07:27 +0800] "GET /xingrg/css/new_ie.css HTTP/1.1" 404 1036
101.83.145.37 - - [12/Feb/2024:12:07:27 +0800] "GET /xingrg/all/function/internal_message.html?_=1707710612307&CODE_STATE=getMsg HTTP/1.1" 200 27
116.237.73.254 - - [12/Feb/2024:12:07:27 +0800] "GET /xingrg/images/yd/bt.gif HTTP/1.1" 404 1040
218.81.216.246 - - [12/Feb/2024:12:07:28 +0800] "GET /xingrg/all/function/internal_message.html?_=1707710850454&CODE_STATE=getMsg HTTP/1.1" 200 27
101.83.145.37 - - [12/Feb/2024:12:07:28 +0800] "GET /xingrg/check_reg.html?_=1707710613308 HTTP/1.1" 200 22
116.237.73.254 - - [12/Feb/2024:12:07:28 +0800] "GET /xingrg/kc/buy/cgsh_order_list.html HTTP/1.1" 200 57692
116.237.73.254 - - [12/Feb/2024:12:07:29 +0800] "POST /xingrg/kc/buy/cgsh_list_operate.html HTTP/1.1" 200 6812
180.163.28.55 - - [12/Feb/2024:12:07:30 +0800] "GET /xingrg/all/function/internal_message.html?_=1707710790059&CODE_STATE=getMsg HTTP/1.1" 302 -
116.237.73.254 - - [12/Feb/2024:12:07:30 +0800] "GET /xingrg/all/function/internal_message.html?_=1707710850043&CODE_STATE=getMsg HTTP/1.1" 200 27
180.163.28.55 - - [12/Feb/2024:12:07:30 +0800] "GET /xingrg/login.html HTTP/1.1" 200 7641
222.64.62.191 - - [12/Feb/2024:12:07:31 +0800] "GET /xingrg/kc/buy/cgsh_order_operate.html?command=get_materiel&rest_code=00147&code=00101008126&supplier_code=00100007&order_time=2024-02-07 HTTP/1.1" 200 412
218.81.216.246 - - [12/Feb/2024:12:07:31 +0800] "GET /xingrg/all/function/internal_message.html?_=1707710852939&CODE_STATE=getMsg HTTP/1.1" 302 -
116.232.194.112 - - [12/Feb/2024:12:07:31 +0800] "GET /xingrg/all/function/internal_message.html?_=1707710848566&CODE_STATE=getMsg HTTP/1.1" 200 27
222.64.62.191 - - [12/Feb/2024:12:07:34 +0800] "POST /xingrg/services/DataTransmitService HTTP/1.1" 200 524
222.64.62.191 - - [12/Feb/2024:12:07:36 +0800] "POST /xingrg/services/DataTransmitService HTTP/1.1" 200 412
116.237.73.254 - - [12/Feb/2024:12:07:39 +0800] "POST /xingrg/kc/buy/cgsh_list_operate.html HTTP/1.1" 200 3607
222.64.62.191 - - [12/Feb/2024:12:07:41 +0800] "GET /xingrg/all/function/internal_message.html?_=1707710861728&CODE_STATE=getMsg HTTP/1.1" 200 27
222.64.62.191 - - [12/Feb/2024:12:07:41 +0800] "GET /xingrg/kc/buy/cgsh_order_operate.html?command=get_materiel&rest_code=00147&code=00101008321&supplier_code=00100007&order_time=2024-02-07 HTTP/1.1" 200 412
116.237.73.254 - - [12/Feb/2024:12:07:42 +0800] "POST /xingrg/kc/buy/cgsh_list_operate.html HTTP/1.1" 200 202
116.237.73.254 - - [12/Feb/2024:12:07:44 +0800] "GET /xingrg/kc/buy/cgsh_order_info.html?code=212024021203926 HTTP/1.1" 200 73475
116.230.123.222 - - [12/Feb/2024:12:07:44 +0800] "POST /xingrg/services/DataTransmitService HTTP/1.1" 200 524
116.237.73.254 - - [12/Feb/2024:12:07:44 +0800] "GET /xingrg/javascript/easyui/themes/default/validatebox.css HTTP/1.1" 404 1104
116.237.73.254 - - [12/Feb/2024:12:07:45 +0800] "POST /xingrg/kc/buy/cgsh_order_operate.html HTTP/1.1" 200 2662
116.230.123.222 - - [12/Feb/2024:12:07:45 +0800] "POST /xingrg/services/DataTransmitService HTTP/1.1" 200 501
218.81.216.246 - - [12/Feb/2024:12:07:46 +0800] "GET /xingrg/check_reg.html?_=1707710868047 HTTP/1.1" 200 22
218.81.216.246 - - [12/Feb/2024:12:07:48 +0800] "GET /xingrg/all/function/internal_message.html?_=1707710870536&CODE_STATE=getMsg HTTP/1.1" 200 27
222.64.62.191 - - [12/Feb/2024:12:07:51 +0800] "GET /xingrg/kc/buy/cgsh_order_operate.html?command=get_materiel&rest_code=00147&code=00101008300&supplier_code=00100007&order_time=2024-02-07 HTTP/1.1" 200 412
221.239.172.206 - - [12/Feb/2024:12:07:52 +0800] "GET /xingrg/check_reg.html?_=1707710871515 HTTP/1.1" 200 22
116.237.73.254 - - [12/Feb/2024:12:07:52 +0800] "POST /xingrg/kc/buy/cgsh_order_operate.html HTTP/1.1" 200 37
116.224.254.208 - - [12/Feb/2024:12:08:04 +0800] "GET /xingrg/all/function/internal_message.html?_=1707710884365&CODE_STATE=getMsg HTTP/1.1" 200 27
222.64.62.191 - - [12/Feb/2024:12:08:09 +0800] "POST /xingrg/kc/buy/cgsh_order_operate.html HTTP/1.1" 200 37
222.64.62.191 - - [12/Feb/2024:12:08:11 +0800] "POST /xingrg/kc/buy/cgsh_order_operate.html HTTP/1.1" 200 16273
218.81.216.246 - - [12/Feb/2024:12:08:11 +0800] "GET /xingrg/check_reg.html?_=1707710893907 HTTP/1.1" 200 22
114.83.219.235 - - [12/Feb/2024:12:08:16 +0800] "GET /xingrg/all/function/internal_message.html?_=1707710895636&CODE_STATE=getMsg HTTP/1.1" 200 27
221.239.172.206 - - [12/Feb/2024:12:08:16 +0800] "GET /xingrg/all/function/internal_message.html?_=1707710896058&CODE_STATE=getMsg HTTP/1.1" 200 27
124.78.67.200 - - [12/Feb/2024:12:08:18 +0800] "GET /xingrg/all/function/internal_message.html?_=1707710898212&CODE_STATE=getMsg HTTP/1.1" 200 27
116.230.123.222 - - [12/Feb/2024:12:08:18 +0800] "GET /xingrg/all/function/internal_message.html?_=1707710898127&CODE_STATE=getMsg HTTP/1.1" 200 27
222.64.62.191 - - [12/Feb/2024:12:08:19 +0800] "GET /xingrg/kc/buy/cgsh_order_operate.html?command=get_materiel&rest_code=00147&code=00101008137&supplier_code=00100007&order_time=2024-02-07 HTTP/1.1" 200 408
180.164.1.25 - - [12/Feb/2024:12:08:23 +0800] "GET /xingrg/all/function/internal_message.html?_=1707710902822&CODE_STATE=getMsg HTTP/1.1" 200 27
222.64.62.191 - - [12/Feb/2024:12:08:26 +0800] "GET /xingrg/kc/buy/cgsh_order_operate.html?command=get_materiel&rest_code=00147&code=00101008059&supplier_code=00100007&order_time=2024-02-07 HTTP/1.1" 200 408
101.83.145.37 - - [12/Feb/2024:12:08:27 +0800] "GET /xingrg/all/function/internal_message.html?_=1707710672279&CODE_STATE=getMsg HTTP/1.1" 200 27
218.81.216.246 - - [12/Feb/2024:12:08:28 +0800] "GET /xingrg/all/function/internal_message.html?_=1707710910456&CODE_STATE=getMsg HTTP/1.1" 200 27
218.81.216.246 - - [12/Feb/2024:12:08:31 +0800] "GET /xingrg/all/function/internal_message.html?_=1707710912950&CODE_STATE=getMsg HTTP/1.1" 302 -
116.232.194.112 - - [12/Feb/2024:12:08:31 +0800] "GET /xingrg/all/function/internal_message.html?_=1707710908569&CODE_STATE=getMsg HTTP/1.1" 200 27
116.232.194.112 - - [12/Feb/2024:12:08:33 +0800] "GET /xingrg/check_reg.html?_=1707710910633 HTTP/1.1" 200 22
222.64.62.191 - - [12/Feb/2024:12:08:35 +0800] "GET /xingrg/kc/buy/cgsh_order_operate.html?command=get_materiel&rest_code=00147&code=00101008357&supplier_code=00100007&order_time=2024-02-07 HTTP/1.1" 200 408
222.64.62.191 - - [12/Feb/2024:12:08:41 +0800] "GET /xingrg/all/function/internal_message.html?_=1707710921706&CODE_STATE=getMsg HTTP/1.1" 200 27
180.164.1.25 - - [12/Feb/2024:12:08:42 +0800] "GET /xingrg/check_reg.html?_=1707710921814 HTTP/1.1" 200 22
218.81.216.246 - - [12/Feb/2024:12:08:48 +0800] "GET /xingrg/all/function/internal_message.html?_=1707710930548&CODE_STATE=getMsg HTTP/1.1" 200 27
222.64.62.191 - - [12/Feb/2024:12:08:55 +0800] "GET /xingrg/kc/buy/cgsh_order_operate.html?command=get_materiel&rest_code=00147&code=00101008213&supplier_code=00100007&order_time=2024-02-07 HTTP/1.1" 200 412
222.64.62.191 - - [12/Feb/2024:12:08:57 +0800] "POST /xingrg/kc/buy/cgsh_order_operate.html HTTP/1.1" 200 2065
116.230.123.222 - - [12/Feb/2024:12:09:02 +0800] "GET /xingrg/check_reg.html?_=1707710942323 HTTP/1.1" 200 22
116.224.254.208 - - [12/Feb/2024:12:09:04 +0800] "GET /xingrg/all/function/internal_message.html?_=1707710944364&CODE_STATE=getMsg HTTP/1.1" 200 27
222.64.62.191 - - [12/Feb/2024:12:09:07 +0800] "GET /xingrg/kc/buy/cgsh_order_operate.html?command=get_materiel&rest_code=00147&code=00101008246&supplier_code=00100007&order_time=2024-02-07 HTTP/1.1" 200 408
114.83.219.235 - - [12/Feb/2024:12:09:16 +0800] "GET /xingrg/all/function/internal_message.html?_=1707710955622&CODE_STATE=getMsg HTTP/1.1" 200 27
221.239.172.206 - - [12/Feb/2024:12:09:16 +0800] "GET /xingrg/all/function/internal_message.html?_=1707710956067&CODE_STATE=getMsg HTTP/1.1" 200 27
124.78.67.200 - - [12/Feb/2024:12:09:18 +0800] "GET /xingrg/all/function/internal_message.html?_=1707710958197&CODE_STATE=getMsg HTTP/1.1" 200 27
116.230.123.222 - - [12/Feb/2024:12:09:18 +0800] "GET /xingrg/all/function/internal_message.html?_=1707710958097&CODE_STATE=getMsg HTTP/1.1" 200 27
180.164.1.25 - - [12/Feb/2024:12:09:23 +0800] "GET /xingrg/all/function/internal_message.html?_=1707710962805&CODE_STATE=getMsg HTTP/1.1" 200 27
222.64.62.191 - - [12/Feb/2024:12:09:23 +0800] "POST /xingrg/kc/buy/cgsh_order_operate.html HTTP/1.1" 200 37
116.237.73.254 - - [12/Feb/2024:12:09:23 +0800] "POST /xingrg/kc/buy/cgsh_order_operate.html HTTP/1.1" 200 12
116.237.73.254 - - [12/Feb/2024:12:09:25 +0800] "GET /xingrg/kc/buy/cgsh_order_info.html?code=212024021203926 HTTP/1.1" 200 68377
116.237.73.254 - - [12/Feb/2024:12:09:26 +0800] "GET /xingrg/javascript/easyui/themes/default/validatebox.css HTTP/1.1" 404 1104
116.237.73.254 - - [12/Feb/2024:12:09:27 +0800] "POST /xingrg/kc/buy/cgsh_order_operate.html HTTP/1.1" 200 612
101.83.145.37 - - [12/Feb/2024:12:09:27 +0800] "GET /xingrg/all/function/internal_message.html?_=1707710732249&CODE_STATE=getMsg HTTP/1.1" 200 27
218.81.216.246 - - [12/Feb/2024:12:09:28 +0800] "GET /xingrg/all/function/internal_message.html?_=1707710970470&CODE_STATE=getMsg HTTP/1.1" 200 27
116.237.73.254 - - [12/Feb/2024:12:09:29 +0800] "GET /xingrg/kc/print/load_data.html?order_code=212024021203926&kc_code=cgsh&condition= HTTP/1.1" 200 714
116.237.73.254 - - [12/Feb/2024:12:09:30 +0800] "GET /xingrg/all/function/internal_message.html?_=1707710970061&CODE_STATE=getMsg HTTP/1.1" 200 27
218.81.216.246 - - [12/Feb/2024:12:09:31 +0800] "GET /xingrg/all/function/internal_message.html?_=1707710973168&CODE_STATE=getMsg HTTP/1.1" 302 -
116.232.194.112 - - [12/Feb/2024:12:09:31 +0800] "GET /xingrg/all/function/internal_message.html?_=1707710968570&CODE_STATE=getMsg HTTP/1.1" 200 27
116.237.73.254 - - [12/Feb/2024:12:09:39 +0800] "POST /xingrg/kc/buy/cgsh_list_operate.html HTTP/1.1" 200 280
116.237.73.254 - - [12/Feb/2024:12:09:43 +0800] "POST /xingrg/kc/buy/cgsh_list_operate.html HTTP/1.1" 200 206
116.237.73.254 - - [12/Feb/2024:12:09:44 +0800] "GET /xingrg/kc/buy/cgsh_order_info.html?code=212024021203927 HTTP/1.1" 200 73476
116.237.73.254 - - [12/Feb/2024:12:09:45 +0800] "GET /xingrg/javascript/easyui/themes/default/validatebox.css HTTP/1.1" 404 1104
116.237.73.254 - - [12/Feb/2024:12:09:46 +0800] "POST /xingrg/kc/buy/cgsh_order_operate.html HTTP/1.1" 200 2668
218.81.216.246 - - [12/Feb/2024:12:09:48 +0800] "GET /xingrg/all/function/internal_message.html?_=1707710990563&CODE_STATE=getMsg HTTP/1.1" 200 27
116.237.73.254 - - [12/Feb/2024:12:09:55 +0800] "POST /xingrg/kc/buy/cgsh_order_operate.html HTTP/1.1" 200 37
124.78.67.200 - - [12/Feb/2024:12:09:58 +0800] "GET /xingrg/check_reg.html?_=1707710998587 HTTP/1.1" 200 22
222.64.62.191 - - [12/Feb/2024:12:09:59 +0800] "POST /xingrg/kc/buy/cgsh_order_operate.html HTTP/1.1" 200 19237
116.237.73.254 - - [12/Feb/2024:12:10:02 +0800] "POST /xingrg/kc/buy/cgsh_order_operate.html HTTP/1.1" 200 12
116.224.254.208 - - [12/Feb/2024:12:10:04 +0800] "GET /xingrg/all/function/internal_message.html?_=1707711004361&CODE_STATE=getMsg HTTP/1.1" 200 27
116.224.254.208 - - [12/Feb/2024:12:10:04 +0800] "GET /xingrg/check_reg.html?_=1707711004363 HTTP/1.1" 200 22
116.237.73.254 - - [12/Feb/2024:12:10:15 +0800] "GET /xingrg/kc/buy/cgsh_order_info.html?code=212024021203927 HTTP/1.1" 200 68378
116.237.73.254 - - [12/Feb/2024:12:10:15 +0800] "GET /xingrg/javascript/easyui/themes/default/validatebox.css HTTP/1.1" 404 1104
114.83.219.235 - - [12/Feb/2024:12:10:16 +0800] "GET /xingrg/all/function/internal_message.html?_=1707711015597&CODE_STATE=getMsg HTTP/1.1" 200 27
116.237.73.254 - - [12/Feb/2024:12:10:16 +0800] "POST /xingrg/kc/buy/cgsh_order_operate.html HTTP/1.1" 200 618
221.239.172.206 - - [12/Feb/2024:12:10:16 +0800] "GET /xingrg/all/function/internal_message.html?_=1707711016056&CODE_STATE=getMsg HTTP/1.1" 200 27
124.78.67.200 - - [12/Feb/2024:12:10:18 +0800] "GET /xingrg/all/function/internal_message.html?_=1707711018178&CODE_STATE=getMsg HTTP/1.1" 200 27
116.230.123.222 - - [12/Feb/2024:12:10:18 +0800] "GET /xingrg/all/function/internal_message.html?_=1707711018082&CODE_STATE=getMsg HTTP/1.1" 200 27
222.64.62.191 - - [12/Feb/2024:12:10:19 +0800] "GET /xingrg/kc/buy/cgsh_order_operate.html?command=get_materiel&rest_code=00147&code=00101010048&supplier_code=00100007&order_time=2024-02-07 HTTP/1.1" 200 412
180.164.1.25 - - [12/Feb/2024:12:10:23 +0800] "GET /xingrg/all/function/internal_message.html?_=1707711022795&CODE_STATE=getMsg HTTP/1.1" 200 27
101.83.145.37 - - [12/Feb/2024:12:10:27 +0800] "GET /xingrg/all/function/internal_message.html?_=1707710792235&CODE_STATE=getMsg HTTP/1.1" 200 27
116.237.73.254 - - [12/Feb/2024:12:10:28 +0800] "GET /xingrg/kc/print/load_data.html?order_code=212024021203927&kc_code=cgsh&condition= HTTP/1.1" 200 774
218.81.216.246 - - [12/Feb/2024:12:10:28 +0800] "GET /xingrg/all/function/internal_message.html?_=1707711030502&CODE_STATE=getMsg HTTP/1.1" 200 27
116.237.73.254 - - [12/Feb/2024:12:10:30 +0800] "GET /xingrg/all/function/internal_message.html?_=1707711030036&CODE_STATE=getMsg HTTP/1.1" 200 27
222.64.62.191 - - [12/Feb/2024:12:10:30 +0800] "GET /xingrg/kc/buy/cgsh_order_operate.html?command=get_materiel&rest_code=00147&code=00101013179&supplier_code=00100007&order_time=2024-02-07 HTTP/1.1" 200 412
218.81.216.246 - - [12/Feb/2024:12:10:31 +0800] "GET /xingrg/all/function/internal_message.html?_=1707711033179&CODE_STATE=getMsg HTTP/1.1" 302 -
116.232.194.112 - - [12/Feb/2024:12:10:31 +0800] "GET /xingrg/all/function/internal_message.html?_=1707711028567&CODE_STATE=getMsg HTTP/1.1" 200 27
222.64.62.191 - - [12/Feb/2024:12:10:38 +0800] "GET /xingrg/kc/buy/cgsh_order_operate.html?command=get_materiel&rest_code=00147&code=00101008558&supplier_code=00100007&order_time=2024-02-07 HTTP/1.1" 200 409
222.64.62.191 - - [12/Feb/2024:12:10:39 +0800] "POST /xingrg/kc/buy/cgsh_order_operate.html HTTP/1.1" 200 2065
116.237.73.254 - - [12/Feb/2024:12:10:40 +0800] "POST /xingrg/kc/buy/cgsh_list_operate.html HTTP/1.1" 200 2745
222.64.62.191 - - [12/Feb/2024:12:10:41 +0800] "GET /xingrg/all/function/internal_message.html?_=1707711041710&CODE_STATE=getMsg HTTP/1.1" 200 27
222.64.62.191 - - [12/Feb/2024:12:10:41 +0800] "GET /xingrg/check_reg.html?_=1707711041891 HTTP/1.1" 200 22
116.237.73.254 - - [12/Feb/2024:12:10:42 +0800] "POST /xingrg/kc/buy/cgsh_list_operate.html HTTP/1.1" 200 280
116.237.73.254 - - [12/Feb/2024:12:10:44 +0800] "GET /xingrg/kc/buy/cgsh_order_info.html?code=212024021203928 HTTP/1.1" 200 73480
116.237.73.254 - - [12/Feb/2024:12:10:45 +0800] "GET /xingrg/javascript/easyui/themes/default/validatebox.css HTTP/1.1" 404 1104
116.235.92.110 - - [12/Feb/2024:12:10:45 +0800] "POST /xingrg/services/DataTransmitService HTTP/1.1" 200 524
116.237.73.254 - - [12/Feb/2024:12:10:46 +0800] "POST /xingrg/kc/buy/cgsh_order_operate.html HTTP/1.1" 200 3263
218.81.216.246 - - [12/Feb/2024:12:10:48 +0800] "GET /xingrg/all/function/internal_message.html?_=1707711050634&CODE_STATE=getMsg HTTP/1.1" 200 27
116.237.73.254 - - [12/Feb/2024:12:10:53 +0800] "POST /xingrg/kc/buy/cgsh_order_operate.html HTTP/1.1" 200 37
116.237.73.254 - - [12/Feb/2024:12:11:01 +0800] "POST /xingrg/kc/buy/cgsh_order_operate.html HTTP/1.1" 200 12
101.83.145.37 - - [12/Feb/2024:12:11:03 +0800] "GET /xingrg/kc/base/base_main.html HTTP/1.1" 200 12142
116.224.254.208 - - [12/Feb/2024:12:11:04 +0800] "GET /xingrg/all/function/internal_message.html?_=1707711064351&CODE_STATE=getMsg HTTP/1.1" 200 27
116.237.73.254 - - [12/Feb/2024:12:11:04 +0800] "GET /xingrg/kc/buy/cgsh_order_info.html?code=212024021203928 HTTP/1.1" 200 68382
116.237.73.254 - - [12/Feb/2024:12:11:04 +0800] "GET /xingrg/javascript/easyui/themes/default/validatebox.css HTTP/1.1" 404 1104
101.83.145.37 - - [12/Feb/2024:12:11:05 +0800] "GET /xingrg/kc/base/wldb_order_list.html HTTP/1.1" 200 19013
116.237.73.254 - - [12/Feb/2024:12:11:05 +0800] "POST /xingrg/kc/buy/cgsh_order_operate.html HTTP/1.1" 200 1213
101.83.145.37 - - [12/Feb/2024:12:11:06 +0800] "POST /xingrg/kc/base/wldb_list_operate.html HTTP/1.1" 200 5312
101.83.145.37 - - [12/Feb/2024:12:11:08 +0800] "GET /xingrg/kc/base/wldb_order_add.html HTTP/1.1" 200 30344
101.83.145.37 - - [12/Feb/2024:12:11:09 +0800] "POST /xingrg/kc/base/wldb_order_operate.html HTTP/1.1" 200 6806
101.83.145.37 - - [12/Feb/2024:12:11:09 +0800] "GET /xingrg/javascript/easyui/themes/default/validatebox.css HTTP/1.1" 404 1104
116.237.73.254 - - [12/Feb/2024:12:11:10 +0800] "GET /xingrg/kc/print/load_data.html?order_code=212024021203928&kc_code=cgsh&condition= HTTP/1.1" 200 1024
101.83.145.37 - - [12/Feb/2024:12:11:12 +0800] "GET /xingrg/javascript/auto/indicator.gif HTTP/1.1" 404 1066
114.83.219.235 - - [12/Feb/2024:12:11:16 +0800] "GET /xingrg/all/function/internal_message.html?_=1707711075566&CODE_STATE=getMsg HTTP/1.1" 200 27
221.239.172.206 - - [12/Feb/2024:12:11:16 +0800] "GET /xingrg/all/function/internal_message.html?_=1707711076055&CODE_STATE=getMsg HTTP/1.1" 200 27
114.83.219.235 - - [12/Feb/2024:12:11:17 +0800] "GET /xingrg/check_reg.html?_=1707711076821 HTTP/1.1" 200 22
124.78.67.200 - - [12/Feb/2024:12:11:18 +0800] "GET /xingrg/all/function/internal_message.html?_=1707711078156&CODE_STATE=getMsg HTTP/1.1" 200 27
116.230.123.222 - - [12/Feb/2024:12:11:18 +0800] "GET /xingrg/all/function/internal_message.html?_=1707711078066&CODE_STATE=getMsg HTTP/1.1" 200 27
116.235.92.110 - - [12/Feb/2024:12:11:19 +0800] "POST /xingrg/services/DataTransmitService HTTP/1.1" 200 501
116.237.73.254 - - [12/Feb/2024:12:11:20 +0800] "POST /xingrg/kc/buy/cgsh_list_operate.html HTTP/1.1" 200 2308
116.237.73.254 - - [12/Feb/2024:12:11:22 +0800] "POST /xingrg/kc/buy/cgsh_list_operate.html HTTP/1.1" 200 282
101.83.145.37 - - [12/Feb/2024:12:11:23 +0800] "GET /xingrg/javascript/jquery_tools/images/next.gif HTTP/1.1" 404 1086
101.83.145.37 - - [12/Feb/2024:12:11:23 +0800] "GET /xingrg/javascript/jquery_tools/images/prev.gif HTTP/1.1" 404 1086
180.164.1.25 - - [12/Feb/2024:12:11:23 +0800] "GET /xingrg/all/function/internal_message.html?_=1707711082785&CODE_STATE=getMsg HTTP/1.1" 200 27
116.237.73.254 - - [12/Feb/2024:12:11:23 +0800] "GET /xingrg/kc/buy/cgsh_order_info.html?code=212024021203930 HTTP/1.1" 200 73478
116.237.73.254 - - [12/Feb/2024:12:11:24 +0800] "GET /xingrg/javascript/easyui/themes/default/validatebox.css HTTP/1.1" 404 1104
116.237.73.254 - - [12/Feb/2024:12:11:25 +0800] "POST /xingrg/kc/buy/cgsh_order_operate.html HTTP/1.1" 200 3268
101.83.145.37 - - [12/Feb/2024:12:11:27 +0800] "GET /xingrg/all/function/internal_message.html?_=1707710852229&CODE_STATE=getMsg HTTP/1.1" 200 27
218.81.216.246 - - [12/Feb/2024:12:11:28 +0800] "GET /xingrg/all/function/internal_message.html?_=1707711090512&CODE_STATE=getMsg HTTP/1.1" 200 27
116.237.73.254 - - [12/Feb/2024:12:11:30 +0800] "GET /xingrg/all/function/internal_message.html?_=1707711090013&CODE_STATE=getMsg HTTP/1.1" 200 27
116.237.73.254 - - [12/Feb/2024:12:11:31 +0800] "POST /xingrg/kc/buy/cgsh_order_operate.html HTTP/1.1" 200 37
116.232.194.112 - - [12/Feb/2024:12:11:31 +0800] "GET /xingrg/all/function/internal_message.html?_=1707711088570&CODE_STATE=getMsg HTTP/1.1" 200 27
218.81.216.246 - - [12/Feb/2024:12:11:31 +0800] "GET /xingrg/all/function/internal_message.html?_=1707711093401&CODE_STATE=getMsg HTTP/1.1" 302 -
116.237.73.254 - - [12/Feb/2024:12:11:37 +0800] "POST /xingrg/kc/buy/cgsh_order_operate.html HTTP/1.1" 200 12
101.83.145.37 - - [12/Feb/2024:12:11:39 +0800] "GET /xingrg/kc/base/wldb_order_operate.html?command=get_materiel&rest_code=00105&base_code=0010507&code=00101019125 HTTP/1.1" 200 482
116.237.73.254 - - [12/Feb/2024:12:11:39 +0800] "GET /xingrg/kc/buy/cgsh_order_info.html?code=212024021203930 HTTP/1.1" 200 68380
116.237.73.254 - - [12/Feb/2024:12:11:40 +0800] "GET /xingrg/javascript/easyui/themes/default/validatebox.css HTTP/1.1" 404 1104
116.237.73.254 - - [12/Feb/2024:12:11:41 +0800] "POST /xingrg/kc/buy/cgsh_order_operate.html HTTP/1.1" 200 1218
222.64.62.191 - - [12/Feb/2024:12:11:41 +0800] "GET /xingrg/all/function/internal_message.html?_=1707711101744&CODE_STATE=getMsg HTTP/1.1" 200 27
116.237.73.254 - - [12/Feb/2024:12:11:42 +0800] "GET /xingrg/kc/print/load_data.html?order_code=212024021203930&kc_code=cgsh&condition= HTTP/1.1" 200 1017
101.83.145.37 - - [12/Feb/2024:12:11:48 +0800] "POST /xingrg/kc/base/wldb_order_operate.html HTTP/1.1" 200 37
218.81.216.246 - - [12/Feb/2024:12:11:48 +0800] "GET /xingrg/all/function/internal_message.html?_=1707711110638&CODE_STATE=getMsg HTTP/1.1" 200 27
101.83.145.37 - - [12/Feb/2024:12:11:48 +0800] "POST /xingrg/kc/base/wldb_order_operate.html HTTP/1.1" 200 2222
101.83.145.37 - - [12/Feb/2024:12:11:51 +0800] "GET /xingrg/kc/base/wldb_order_info.html?code=422024021201094 HTTP/1.1" 200 30359
101.83.145.37 - - [12/Feb/2024:12:11:51 +0800] "GET /xingrg/javascript/easyui/themes/default/validatebox.css HTTP/1.1" 404 1104
101.83.145.37 - - [12/Feb/2024:12:11:52 +0800] "POST /xingrg/kc/base/wldb_order_operate.html HTTP/1.1" 200 2222
116.237.73.254 - - [12/Feb/2024:12:11:53 +0800] "GET /xingrg/kc/buy/cgsh_order_add.html HTTP/1.1" 200 73467
116.237.73.254 - - [12/Feb/2024:12:11:53 +0800] "POST /xingrg/kc/buy/cgsh_order_operate.html HTTP/1.1" 200 8245
116.237.73.254 - - [12/Feb/2024:12:11:53 +0800] "GET /xingrg/javascript/easyui/themes/default/validatebox.css HTTP/1.1" 404 1104
116.237.73.254 - - [12/Feb/2024:12:11:57 +0800] "POST /xingrg/kc/buy/cgsh_list_operate.html HTTP/1.1" 200 1872
116.237.73.254 - - [12/Feb/2024:12:11:59 +0800] "POST /xingrg/kc/buy/cgsh_list_operate.html HTTP/1.1" 200 353
116.237.73.254 - - [12/Feb/2024:12:12:01 +0800] "GET /xingrg/kc/buy/cgsh_order_info.html?code=212024021203920 HTTP/1.1" 200 73478
116.237.73.254 - - [12/Feb/2024:12:12:01 +0800] "GET /xingrg/javascript/easyui/themes/default/validatebox.css HTTP/1.1" 404 1104
116.237.73.254 - - [12/Feb/2024:12:12:02 +0800] "POST /xingrg/kc/buy/cgsh_order_operate.html HTTP/1.1" 200 3849
116.237.73.254 - - [12/Feb/2024:12:12:03 +0800] "POST /xingrg/kc/buy/cgsh_list_operate.html HTTP/1.1" 200 1872
116.224.254.208 - - [12/Feb/2024:12:12:04 +0800] "GET /xingrg/all/function/internal_message.html?_=1707711124365&CODE_STATE=getMsg HTTP/1.1" 200 27
218.81.216.246 - - [12/Feb/2024:12:12:06 +0800] "GET /xingrg/check_reg.html?_=1707711127723 HTTP/1.1" 302 -
116.237.73.254 - - [12/Feb/2024:12:12:07 +0800] "POST /xingrg/kc/buy/cgsh_order_operate.html HTTP/1.1" 200 37
180.163.29.79 - - [12/Feb/2024:12:12:09 +0800] "GET /xingrg/kc/print/load_data.html?order_code=212024021203928&kc_code=cgsh&condition= HTTP/1.1" 302 -
180.163.29.79 - - [12/Feb/2024:12:12:09 +0800] "GET /xingrg/login.html HTTP/1.1" 200 7641
114.83.219.235 - - [12/Feb/2024:12:12:16 +0800] "GET /xingrg/all/function/internal_message.html?_=1707711135541&CODE_STATE=getMsg HTTP/1.1" 200 27
116.237.73.254 - - [12/Feb/2024:12:12:16 +0800] "POST /xingrg/kc/buy/cgsh_order_operate.html HTTP/1.1" 200 12
221.239.172.206 - - [12/Feb/2024:12:12:16 +0800] "GET /xingrg/all/function/internal_message.html?_=1707711136058&CODE_STATE=getMsg HTTP/1.1" 200 27
124.78.67.200 - - [12/Feb/2024:12:12:18 +0800] "GET /xingrg/all/function/internal_message.html?_=1707711138147&CODE_STATE=getMsg HTTP/1.1" 200 27
116.230.123.222 - - [12/Feb/2024:12:12:18 +0800] "GET /xingrg/all/function/internal_message.html?_=1707711138050&CODE_STATE=getMsg HTTP/1.1" 200 27
180.164.1.25 - - [12/Feb/2024:12:12:23 +0800] "GET /xingrg/all/function/internal_message.html?_=1707711142763&CODE_STATE=getMsg HTTP/1.1" 200 27
101.83.145.37 - - [12/Feb/2024:12:12:27 +0800] "GET /xingrg/all/function/internal_message.html?_=1707710912215&CODE_STATE=getMsg HTTP/1.1" 200 27
101.83.145.37 - - [12/Feb/2024:12:12:28 +0800] "GET /xingrg/check_reg.html?_=1707710913314 HTTP/1.1" 200 22
218.81.216.246 - - [12/Feb/2024:12:12:28 +0800] "GET /xingrg/all/function/internal_message.html?_=1707711150541&CODE_STATE=getMsg HTTP/1.1" 200 27
180.163.29.217 - - [12/Feb/2024:12:12:30 +0800] "GET /xingrg/all/function/internal_message.html?_=1707711090013&CODE_STATE=getMsg HTTP/1.1" 302 -
180.163.29.217 - - [12/Feb/2024:12:12:30 +0800] "GET /xingrg/login.html HTTP/1.1" 200 7641
116.232.194.112 - - [12/Feb/2024:12:12:31 +0800] "GET /xingrg/all/function/internal_message.html?_=1707711148569&CODE_STATE=getMsg HTTP/1.1" 200 27
218.81.216.246 - - [12/Feb/2024:12:12:31 +0800] "GET /xingrg/all/function/internal_message.html?_=1707711153409&CODE_STATE=getMsg HTTP/1.1" 302 -
116.237.73.254 - - [12/Feb/2024:12:12:34 +0800] "GET /xingrg/kc/buy/cgsh_order_info.html?code=212024021203920 HTTP/1.1" 200 68380
116.237.73.254 - - [12/Feb/2024:12:12:34 +0800] "GET /xingrg/javascript/easyui/themes/default/validatebox.css HTTP/1.1" 404 1104
116.237.73.254 - - [12/Feb/2024:12:12:35 +0800] "POST /xingrg/kc/buy/cgsh_order_operate.html HTTP/1.1" 200 1799
222.64.62.191 - - [12/Feb/2024:12:12:41 +0800] "GET /xingrg/all/function/internal_message.html?_=1707711161723&CODE_STATE=getMsg HTTP/1.1" 200 27
180.163.29.217 - - [12/Feb/2024:12:12:42 +0800] "GET /xingrg/kc/print/load_data.html?order_code=212024021203930&kc_code=cgsh&condition= HTTP/1.1" 302 -
116.237.73.254 - - [12/Feb/2024:12:12:42 +0800] "GET /xingrg/kc/print/load_data.html?order_code=212024021203920&kc_code=cgsh&condition= HTTP/1.1" 200 1177
180.163.29.217 - - [12/Feb/2024:12:12:42 +0800] "GET /xingrg/login.html HTTP/1.1" 200 7641
218.81.216.246 - - [12/Feb/2024:12:12:46 +0800] "GET /xingrg/check_reg.html?_=1707711168104 HTTP/1.1" 200 22
116.237.73.254 - - [12/Feb/2024:12:12:47 +0800] "GET /xingrg/kc/buy/cgsh_order_add.html HTTP/1.1" 200 73467
116.237.73.254 - - [12/Feb/2024:12:12:47 +0800] "POST /xingrg/kc/buy/cgsh_order_operate.html HTTP/1.1" 200 8245
116.237.73.254 - - [12/Feb/2024:12:12:47 +0800] "GET /xingrg/javascript/easyui/themes/default/validatebox.css HTTP/1.1" 404 1104
116.237.73.254 - - [12/Feb/2024:12:12:48 +0800] "GET /xingrg/javascript/easyui/themes/default/tree.css HTTP/1.1" 404 1090
218.81.216.246 - - [12/Feb/2024:12:12:48 +0800] "GET /xingrg/all/function/internal_message.html?_=1707711170649&CODE_STATE=getMsg HTTP/1.1" 200 27
116.237.73.254 - - [12/Feb/2024:12:12:49 +0800] "POST /xingrg/all/common/load_tree.html?tree=supplier_tree_json&isDelete=1 HTTP/1.1" 200 78460
221.239.172.206 - - [12/Feb/2024:12:12:52 +0800] "GET /xingrg/check_reg.html?_=1707711171517 HTTP/1.1" 200 22
180.163.28.180 - - [12/Feb/2024:12:13:00 +0800] "GET /xingrg/kc/buy/cgsh_order_info.html?code=212024021203920 HTTP/1.1" 302 -
180.163.28.180 - - [12/Feb/2024:12:13:00 +0800] "GET /xingrg/login.html HTTP/1.1" 200 7641
116.224.254.208 - - [12/Feb/2024:12:13:04 +0800] "GET /xingrg/all/function/internal_message.html?_=1707711184360&CODE_STATE=getMsg HTTP/1.1" 200 27
116.237.73.254 - - [12/Feb/2024:12:13:04 +0800] "GET /xingrg/javascript/auto/indicator.gif HTTP/1.1" 404 1066
116.237.73.254 - - [12/Feb/2024:12:13:08 +0800] "GET /xingrg/kc/buy/cgsh_order_operate.html?command=get_materiel&rest_code=00106&code=00101019489&supplier_code=00100323&order_time=2024-02-12 HTTP/1.1" 200 410
218.81.216.246 - - [12/Feb/2024:12:13:11 +0800] "GET /xingrg/check_reg.html?_=1707711193910 HTTP/1.1" 200 22
114.83.219.235 - - [12/Feb/2024:12:13:16 +0800] "GET /xingrg/all/function/internal_message.html?_=1707711195514&CODE_STATE=getMsg HTTP/1.1" 200 27
221.239.172.206 - - [12/Feb/2024:12:13:16 +0800] "GET /xingrg/all/function/internal_message.html?_=1707711196058&CODE_STATE=getMsg HTTP/1.1" 200 27
124.78.67.200 - - [12/Feb/2024:12:13:18 +0800] "GET /xingrg/all/function/internal_message.html?_=1707711198139&CODE_STATE=getMsg HTTP/1.1" 200 27
116.230.123.222 - - [12/Feb/2024:12:13:18 +0800] "GET /xingrg/all/function/internal_message.html?_=1707711198036&CODE_STATE=getMsg HTTP/1.1" 200 27
116.237.73.254 - - [12/Feb/2024:12:13:20 +0800] "GET /xingrg/kc/buy/cgsh_order_operate.html?command=get_materiel&rest_code=00106&code=00101020002&supplier_code=00100323&order_time=2024-02-12 HTTP/1.1" 200 413
180.164.1.25 - - [12/Feb/2024:12:13:23 +0800] "GET /xingrg/all/function/internal_message.html?_=1707711202761&CODE_STATE=getMsg HTTP/1.1" 200 27
101.83.145.37 - - [12/Feb/2024:12:13:27 +0800] "GET /xingrg/all/function/internal_message.html?_=1707710972191&CODE_STATE=getMsg HTTP/1.1" 200 27
218.81.216.246 - - [12/Feb/2024:12:13:28 +0800] "GET /xingrg/all/function/internal_message.html?_=1707711210554&CODE_STATE=getMsg HTTP/1.1" 200 27
116.237.73.254 - - [12/Feb/2024:12:13:29 +0800] "GET /xingrg/check_reg.html?_=1707711209444 HTTP/1.1" 200 22
116.237.73.254 - - [12/Feb/2024:12:13:30 +0800] "GET /xingrg/all/function/internal_message.html?_=1707711210015&CODE_STATE=getMsg HTTP/1.1" 200 27
116.232.194.112 - - [12/Feb/2024:12:13:31 +0800] "GET /xingrg/all/function/internal_message.html?_=1707711208565&CODE_STATE=getMsg HTTP/1.1" 200 27
218.81.216.246 - - [12/Feb/2024:12:13:31 +0800] "GET /xingrg/all/function/internal_message.html?_=1707711213623&CODE_STATE=getMsg HTTP/1.1" 302 -
116.232.194.112 - - [12/Feb/2024:12:13:33 +0800] "GET /xingrg/check_reg.html?_=1707711210628 HTTP/1.1" 200 22
116.237.73.254 - - [12/Feb/2024:12:13:38 +0800] "POST /xingrg/kc/buy/cgsh_order_operate.html HTTP/1.1" 200 37
180.163.29.212 - - [12/Feb/2024:12:13:41 +0800] "GET /xingrg/kc/print/load_data.html?order_code=212024021203920&kc_code=cgsh&condition= HTTP/1.1" 302 -
180.163.29.212 - - [12/Feb/2024:12:13:41 +0800] "GET /xingrg/login.html HTTP/1.1" 200 7641
222.64.62.191 - - [12/Feb/2024:12:13:41 +0800] "GET /xingrg/all/function/internal_message.html?_=1707711221711&CODE_STATE=getMsg HTTP/1.1" 200 27
180.164.1.25 - - [12/Feb/2024:12:13:42 +0800] "GET /xingrg/check_reg.html?_=1707711221811 HTTP/1.1" 200 22
218.81.216.246 - - [12/Feb/2024:12:13:48 +0800] "GET /xingrg/all/function/internal_message.html?_=1707711230663&CODE_STATE=getMsg HTTP/1.1" 200 27
116.237.73.254 - - [12/Feb/2024:12:14:01 +0800] "POST /xingrg/kc/buy/cgsh_order_operate.html HTTP/1.1" 200 12
116.230.123.222 - - [12/Feb/2024:12:14:02 +0800] "GET /xingrg/check_reg.html?_=1707711242297 HTTP/1.1" 200 22
116.237.73.254 - - [12/Feb/2024:12:14:03 +0800] "GET /xingrg/kc/buy/cgsh_order_info.html?code=212024021203933 HTTP/1.1" 200 68381
116.224.254.208 - - [12/Feb/2024:12:14:04 +0800] "GET /xingrg/all/function/internal_message.html?_=1707711244347&CODE_STATE=getMsg HTTP/1.1" 200 27
116.237.73.254 - - [12/Feb/2024:12:14:04 +0800] "GET /xingrg/javascript/easyui/themes/default/validatebox.css HTTP/1.1" 404 1104
116.237.73.254 - - [12/Feb/2024:12:14:05 +0800] "POST /xingrg/kc/buy/cgsh_order_operate.html HTTP/1.1" 200 1197
101.83.145.37 - - [12/Feb/2024:12:14:05 +0800] "POST /xingrg/services/DataTransmitService HTTP/1.1" 200 524
116.237.73.254 - - [12/Feb/2024:12:14:06 +0800] "GET /xingrg/kc/print/load_data.html?order_code=212024021203933&kc_code=cgsh&condition= HTTP/1.1" 200 943
222.64.62.191 - - [12/Feb/2024:12:14:06 +0800] "GET /xingrg/kc/buy/cgsh_order_operate.html?command=get_materiel&rest_code=00147&code=00101008368&supplier_code=00100007&order_time=2024-02-07 HTTP/1.1" 200 408
101.83.145.37 - - [12/Feb/2024:12:14:07 +0800] "POST /xingrg/services/DataTransmitService HTTP/1.1" 200 501
101.83.145.37 - - [12/Feb/2024:12:14:07 +0800] "POST /xingrg/services/DataTransmitService HTTP/1.1" 200 501
101.83.145.37 - - [12/Feb/2024:12:14:08 +0800] "POST /xingrg/services/DataTransmitService HTTP/1.1" 200 501
101.83.145.37 - - [12/Feb/2024:12:14:08 +0800] "POST /xingrg/services/DataTransmitService HTTP/1.1" 200 501
101.83.145.37 - - [12/Feb/2024:12:14:09 +0800] "POST /xingrg/services/DataTransmitService HTTP/1.1" 200 501
101.83.145.37 - - [12/Feb/2024:12:14:10 +0800] "POST /xingrg/services/DataTransmitService HTTP/1.1" 200 501
101.83.145.37 - - [12/Feb/2024:12:14:10 +0800] "POST /xingrg/services/DataTransmitService HTTP/1.1" 200 501
101.83.145.37 - - [12/Feb/2024:12:14:11 +0800] "POST /xingrg/services/DataTransmitService HTTP/1.1" 200 501
116.237.73.254 - - [12/Feb/2024:12:14:11 +0800] "GET /xingrg/kc/print/load_data.html?order_code=212024021203933&kc_code=cgsh HTTP/1.1" 200 943
101.83.145.37 - - [12/Feb/2024:12:14:11 +0800] "POST /xingrg/services/DataTransmitService HTTP/1.1" 200 412
114.83.219.235 - - [12/Feb/2024:12:14:16 +0800] "GET /xingrg/all/function/internal_message.html?_=1707711255501&CODE_STATE=getMsg HTTP/1.1" 200 27
221.239.172.206 - - [12/Feb/2024:12:14:16 +0800] "GET /xingrg/all/function/internal_message.html?_=1707711256058&CODE_STATE=getMsg HTTP/1.1" 200 27
124.78.67.200 - - [12/Feb/2024:12:14:18 +0800] "GET /xingrg/all/function/internal_message.html?_=1707711258123&CODE_STATE=getMsg HTTP/1.1" 200 27
116.230.123.222 - - [12/Feb/2024:12:14:18 +0800] "GET /xingrg/all/function/internal_message.html?_=1707711258008&CODE_STATE=getMsg HTTP/1.1" 200 27
180.164.1.25 - - [12/Feb/2024:12:14:23 +0800] "GET /xingrg/all/function/internal_message.html?_=1707711262739&CODE_STATE=getMsg HTTP/1.1" 200 27
101.83.145.37 - - [12/Feb/2024:12:14:27 +0800] "GET /xingrg/all/function/internal_message.html?_=1707711032175&CODE_STATE=getMsg HTTP/1.1" 200 27
218.81.216.246 - - [12/Feb/2024:12:14:28 +0800] "GET /xingrg/all/function/internal_message.html?_=1707711270568&CODE_STATE=getMsg HTTP/1.1" 200 27
116.237.73.254 - - [12/Feb/2024:12:14:30 +0800] "GET /xingrg/all/function/internal_message.html?_=1707711269994&CODE_STATE=getMsg HTTP/1.1" 200 27
116.232.194.112 - - [12/Feb/2024:12:14:31 +0800] "GET /xingrg/all/function/internal_message.html?_=1707711268560&CODE_STATE=getMsg HTTP/1.1" 200 27
218.81.216.246 - - [12/Feb/2024:12:14:31 +0800] "GET /xingrg/all/function/internal_message.html?_=1707711273624&CODE_STATE=getMsg HTTP/1.1" 302 -
222.64.62.191 - - [12/Feb/2024:12:14:41 +0800] "GET /xingrg/all/function/internal_message.html?_=1707711281718&CODE_STATE=getMsg HTTP/1.1" 200 27
218.81.216.246 - - [12/Feb/2024:12:14:48 +0800] "GET /xingrg/all/function/internal_message.html?_=1707711290677&CODE_STATE=getMsg HTTP/1.1" 200 27
124.78.67.200 - - [12/Feb/2024:12:14:58 +0800] "GET /xingrg/check_reg.html?_=1707711298568 HTTP/1.1" 200 22
116.224.254.208 - - [12/Feb/2024:12:15:04 +0800] "GET /xingrg/all/function/internal_message.html?_=1707711304365&CODE_STATE=getMsg HTTP/1.1" 200 27
116.224.254.208 - - [12/Feb/2024:12:15:04 +0800] "GET /xingrg/check_reg.html?_=1707711304367 HTTP/1.1" 200 22
180.163.29.79 - - [12/Feb/2024:12:15:11 +0800] "GET /xingrg/kc/print/load_data.html?order_code=212024021203933&kc_code=cgsh HTTP/1.1" 302 -
180.163.29.79 - - [12/Feb/2024:12:15:11 +0800] "GET /xingrg/login.html HTTP/1.1" 200 7641
114.83.219.235 - - [12/Feb/2024:12:15:16 +0800] "GET /xingrg/all/function/internal_message.html?_=1707711315488&CODE_STATE=getMsg HTTP/1.1" 200 27
221.239.172.206 - - [12/Feb/2024:12:15:16 +0800] "GET /xingrg/all/function/internal_message.html?_=1707711316074&CODE_STATE=getMsg HTTP/1.1" 200 27
124.78.67.200 - - [12/Feb/2024:12:15:18 +0800] "GET /xingrg/all/function/internal_message.html?_=1707711318103&CODE_STATE=getMsg HTTP/1.1" 200 27
116.230.123.222 - - [12/Feb/2024:12:15:18 +0800] "GET /xingrg/all/function/internal_message.html?_=1707711318017&CODE_STATE=getMsg HTTP/1.1" 200 27
180.164.1.25 - - [12/Feb/2024:12:15:23 +0800] "GET /xingrg/all/function/internal_message.html?_=1707711322710&CODE_STATE=getMsg HTTP/1.1" 200 27
101.83.145.37 - - [12/Feb/2024:12:15:27 +0800] "GET /xingrg/all/function/internal_message.html?_=1707711092161&CODE_STATE=getMsg HTTP/1.1" 200 27
218.81.216.246 - - [12/Feb/2024:12:15:28 +0800] "GET /xingrg/all/function/internal_message.html?_=1707711330596&CODE_STATE=getMsg HTTP/1.1" 200 27
180.163.28.143 - - [12/Feb/2024:12:15:30 +0800] "GET /xingrg/all/function/internal_message.html?_=1707711269994&CODE_STATE=getMsg HTTP/1.1" 302 -
180.163.28.143 - - [12/Feb/2024:12:15:30 +0800] "GET /xingrg/login.html HTTP/1.1" 200 7641
116.232.194.112 - - [12/Feb/2024:12:15:31 +0800] "GET /xingrg/all/function/internal_message.html?_=1707711328571&CODE_STATE=getMsg HTTP/1.1" 200 27
218.81.216.246 - - [12/Feb/2024:12:15:32 +0800] "GET /xingrg/all/function/internal_message.html?_=1707711333944&CODE_STATE=getMsg HTTP/1.1" 302 -
222.64.62.191 - - [12/Feb/2024:12:15:41 +0800] "GET /xingrg/all/function/internal_message.html?_=1707711341703&CODE_STATE=getMsg HTTP/1.1" 200 27
