116.237.72.243 - - [11/Feb/2024:12:00:40 +0800] "GET /xingrg/check_reg.html?_=1707624038620 HTTP/1.1" 200 22
116.237.72.243 - - [11/Feb/2024:12:00:40 +0800] "GET /xingrg/all/function/internal_message.html?_=1707624038616&CODE_STATE=getMsg HTTP/1.1" 200 27
180.164.1.25 - - [11/Feb/2024:12:00:41 +0800] "GET /xingrg/all/function/internal_message.html?_=1707624041794&CODE_STATE=getMsg HTTP/1.1" 200 27
218.81.216.246 - - [11/Feb/2024:12:00:42 +0800] "POST /xingrg/services/DataTransmitService HTTP/1.1" 200 524
180.164.1.25 - - [11/Feb/2024:12:00:43 +0800] "POST /xingrg/kc/base/wldb_list_operate.html HTTP/1.1" 200 4
124.78.67.200 - - [11/Feb/2024:12:00:43 +0800] "GET /xingrg/all/function/internal_message.html?_=1707624043900&CODE_STATE=getMsg HTTP/1.1" 200 27
180.164.1.25 - - [11/Feb/2024:12:00:45 +0800] "POST /xingrg/kc/base/wldb_list_operate.html HTTP/1.1" 200 928
218.81.216.246 - - [11/Feb/2024:12:00:47 +0800] "POST /xingrg/services/DataTransmitService HTTP/1.1" 200 412
180.164.1.25 - - [11/Feb/2024:12:00:48 +0800] "GET /xingrg/kc/buy/cgsh_order_list.html HTTP/1.1" 200 57702
116.232.194.112 - - [11/Feb/2024:12:00:49 +0800] "GET /xingrg/kc/buy/cgsh_order_operate.html?command=get_materiel&rest_code=00155&code=00101002064&supplier_code=00100199&order_time=2024-02-09 HTTP/1.1" 200 417
218.81.216.246 - - [11/Feb/2024:12:00:49 +0800] "POST /xingrg/services/DataTransmitService HTTP/1.1" 200 524
114.83.221.124 - - [11/Feb/2024:12:00:52 +0800] "GET /xingrg/check_reg.html?_=1707624052066 HTTP/1.1" 200 22
218.81.216.246 - - [11/Feb/2024:12:00:54 +0800] "POST /xingrg/services/DataTransmitService HTTP/1.1" 200 412
218.81.216.246 - - [11/Feb/2024:12:00:54 +0800] "POST /xingrg/services/DataTransmitService HTTP/1.1" 200 524
114.83.221.124 - - [11/Feb/2024:12:00:54 +0800] "GET /xingrg/all/function/internal_message.html?_=1707624054071&CODE_STATE=getMsg HTTP/1.1" 200 27
218.81.216.246 - - [11/Feb/2024:12:00:59 +0800] "POST /xingrg/services/DataTransmitService HTTP/1.1" 200 412
180.164.1.25 - - [11/Feb/2024:12:01:00 +0800] "POST /xingrg/kc/buy/cgsh_list_operate.html HTTP/1.1" 200 4076
116.224.254.208 - - [11/Feb/2024:12:01:01 +0800] "GET /xingrg/all/function/internal_message.html?_=1707624062030&CODE_STATE=getMsg HTTP/1.1" 200 27
218.81.216.246 - - [11/Feb/2024:12:01:09 +0800] "GET /xingrg/all/function/internal_message.html?_=1707624071409&CODE_STATE=getMsg HTTP/1.1" 200 27
116.232.194.112 - - [11/Feb/2024:12:01:10 +0800] "GET /xingrg/kc/buy/cgsh_order_operate.html?command=get_materiel&rest_code=00155&code=00101002007&supplier_code=00100199&order_time=2024-02-09 HTTP/1.1" 200 409
218.81.216.246 - - [11/Feb/2024:12:01:11 +0800] "POST /xingrg/services/DataTransmitService HTTP/1.1" 200 524
221.239.172.206 - - [11/Feb/2024:12:01:15 +0800] "GET /xingrg/all/function/internal_message.html?_=1707624074549&CODE_STATE=getMsg HTTP/1.1" 200 27
218.81.216.246 - - [11/Feb/2024:12:01:16 +0800] "POST /xingrg/services/DataTransmitService HTTP/1.1" 200 412
218.81.216.246 - - [11/Feb/2024:12:01:19 +0800] "POST /xingrg/services/DataTransmitService HTTP/1.1" 200 524
218.81.216.246 - - [11/Feb/2024:12:01:20 +0800] "POST /xingrg/services/DataTransmitService HTTP/1.1" 200 2331
218.81.216.246 - - [11/Feb/2024:12:01:24 +0800] "POST /xingrg/services/DataTransmitService HTTP/1.1" 200 524
116.230.123.222 - - [11/Feb/2024:12:01:26 +0800] "GET /xingrg/all/function/internal_message.html?_=1707624082416&CODE_STATE=getMsg HTTP/1.1" 200 27
116.232.194.112 - - [11/Feb/2024:12:01:30 +0800] "POST /xingrg/kc/buy/cgsh_order_operate.html HTTP/1.1" 200 37
218.81.216.246 - - [11/Feb/2024:12:01:30 +0800] "POST /xingrg/services/DataTransmitService HTTP/1.1" 200 412
116.232.194.112 - - [11/Feb/2024:12:01:33 +0800] "POST /xingrg/kc/buy/cgsh_order_operate.html HTTP/1.1" 200 4442
116.232.194.112 - - [11/Feb/2024:12:01:36 +0800] "GET /xingrg/all/function/internal_message.html?_=1707624095447&CODE_STATE=getMsg HTTP/1.1" 200 27
116.232.194.112 - - [11/Feb/2024:12:01:39 +0800] "GET /xingrg/kc/print/load_data.html?order_code=212024021103812&kc_code=cgsh&condition= HTTP/1.1" 200 1365
180.163.30.85 - - [11/Feb/2024:12:01:40 +0800] "GET /xingrg/all/function/internal_message.html?_=1707624038616&CODE_STATE=getMsg HTTP/1.1" 302 -
180.163.28.180 - - [11/Feb/2024:12:01:40 +0800] "GET /xingrg/check_reg.html?_=1707624038620 HTTP/1.1" 302 -
180.163.30.85 - - [11/Feb/2024:12:01:40 +0800] "GET /xingrg/login.html HTTP/1.1" 200 7641
180.163.28.180 - - [11/Feb/2024:12:01:40 +0800] "GET /xingrg/login.html HTTP/1.1" 200 7641
116.237.72.243 - - [11/Feb/2024:12:01:40 +0800] "GET /xingrg/all/function/internal_message.html?_=1707624098621&CODE_STATE=getMsg HTTP/1.1" 200 27
180.164.1.25 - - [11/Feb/2024:12:01:41 +0800] "GET /xingrg/all/function/internal_message.html?_=1707624101778&CODE_STATE=getMsg HTTP/1.1" 200 27
218.81.216.246 - - [11/Feb/2024:12:01:43 +0800] "POST /xingrg/services/DataTransmitService HTTP/1.1" 200 524
124.78.67.200 - - [11/Feb/2024:12:01:43 +0800] "GET /xingrg/all/function/internal_message.html?_=1707624103889&CODE_STATE=getMsg HTTP/1.1" 200 27
218.81.216.246 - - [11/Feb/2024:12:01:44 +0800] "POST /xingrg/services/DataTransmitService HTTP/1.1" 200 2331
114.83.221.124 - - [11/Feb/2024:12:01:54 +0800] "GET /xingrg/all/function/internal_message.html?_=1707624114055&CODE_STATE=getMsg HTTP/1.1" 200 27
116.224.254.208 - - [11/Feb/2024:12:02:01 +0800] "GET /xingrg/all/function/internal_message.html?_=1707624122007&CODE_STATE=getMsg HTTP/1.1" 200 27
116.232.194.112 - - [11/Feb/2024:12:02:05 +0800] "POST /xingrg/kc/buy/cgsh_list_operate.html HTTP/1.1" 200 4630
180.164.1.25 - - [11/Feb/2024:12:02:09 +0800] "POST /xingrg/kc/buy/cgsh_list_operate.html HTTP/1.1" 200 4
218.81.216.246 - - [11/Feb/2024:12:02:09 +0800] "GET /xingrg/all/function/internal_message.html?_=1707624131417&CODE_STATE=getMsg HTTP/1.1" 200 27
218.81.216.246 - - [11/Feb/2024:12:02:10 +0800] "POST /xingrg/services/DataTransmitService HTTP/1.1" 200 524
218.81.216.246 - - [11/Feb/2024:12:02:11 +0800] "POST /xingrg/services/DataTransmitService HTTP/1.1" 200 2331
218.81.216.246 - - [11/Feb/2024:12:02:12 +0800] "POST /xingrg/services/DataTransmitService HTTP/1.1" 200 524
180.164.1.25 - - [11/Feb/2024:12:02:13 +0800] "POST /xingrg/kc/buy/cgsh_list_operate.html HTTP/1.1" 200 986
218.81.216.246 - - [11/Feb/2024:12:02:13 +0800] "POST /xingrg/services/DataTransmitService HTTP/1.1" 200 2331
218.81.216.246 - - [11/Feb/2024:12:02:14 +0800] "POST /xingrg/services/DataTransmitService HTTP/1.1" 200 524
221.239.172.206 - - [11/Feb/2024:12:02:15 +0800] "GET /xingrg/all/function/internal_message.html?_=1707624134549&CODE_STATE=getMsg HTTP/1.1" 200 27
218.81.216.246 - - [11/Feb/2024:12:02:19 +0800] "POST /xingrg/services/DataTransmitService HTTP/1.1" 200 412
218.81.216.246 - - [11/Feb/2024:12:02:20 +0800] "POST /xingrg/services/DataTransmitService HTTP/1.1" 200 524
218.81.216.246 - - [11/Feb/2024:12:02:22 +0800] "POST /xingrg/services/DataTransmitService HTTP/1.1" 200 2331
218.81.216.246 - - [11/Feb/2024:12:02:24 +0800] "POST /xingrg/services/DataTransmitService HTTP/1.1" 200 524
218.81.216.246 - - [11/Feb/2024:12:02:25 +0800] "POST /xingrg/services/DataTransmitService HTTP/1.1" 200 2331
116.230.123.222 - - [11/Feb/2024:12:02:26 +0800] "GET /xingrg/all/function/internal_message.html?_=1707624142401&CODE_STATE=getMsg HTTP/1.1" 200 27
218.81.216.246 - - [11/Feb/2024:12:02:27 +0800] "POST /xingrg/services/DataTransmitService HTTP/1.1" 200 524
218.81.216.246 - - [11/Feb/2024:12:02:28 +0800] "POST /xingrg/services/DataTransmitService HTTP/1.1" 200 2331
218.81.216.246 - - [11/Feb/2024:12:02:33 +0800] "POST /xingrg/services/DataTransmitService HTTP/1.1" 200 524
218.81.216.246 - - [11/Feb/2024:12:02:38 +0800] "POST /xingrg/services/DataTransmitService HTTP/1.1" 200 412
180.163.30.85 - - [11/Feb/2024:12:02:40 +0800] "GET /xingrg/all/function/internal_message.html?_=1707624098621&CODE_STATE=getMsg HTTP/1.1" 302 -
116.237.72.243 - - [11/Feb/2024:12:02:40 +0800] "GET /xingrg/all/function/internal_message.html?_=1707624158627&CODE_STATE=getMsg HTTP/1.1" 200 27
180.163.30.85 - - [11/Feb/2024:12:02:40 +0800] "GET /xingrg/login.html HTTP/1.1" 200 7641
180.164.1.25 - - [11/Feb/2024:12:02:41 +0800] "GET /xingrg/all/function/internal_message.html?_=1707624161768&CODE_STATE=getMsg HTTP/1.1" 200 27
124.78.67.200 - - [11/Feb/2024:12:02:43 +0800] "GET /xingrg/all/function/internal_message.html?_=1707624163870&CODE_STATE=getMsg HTTP/1.1" 200 27
221.239.172.206 - - [11/Feb/2024:12:02:50 +0800] "GET /xingrg/check_reg.html?_=1707624169994 HTTP/1.1" 200 22
218.81.216.246 - - [11/Feb/2024:12:02:54 +0800] "POST /xingrg/services/DataTransmitService HTTP/1.1" 200 524
114.83.221.124 - - [11/Feb/2024:12:02:54 +0800] "GET /xingrg/all/function/internal_message.html?_=1707624174027&CODE_STATE=getMsg HTTP/1.1" 200 27
218.81.216.246 - - [11/Feb/2024:12:02:59 +0800] "POST /xingrg/services/DataTransmitService HTTP/1.1" 200 524
218.81.216.246 - - [11/Feb/2024:12:03:00 +0800] "POST /xingrg/services/DataTransmitService HTTP/1.1" 200 2331
218.81.216.246 - - [11/Feb/2024:12:03:00 +0800] "POST /xingrg/services/DataTransmitService HTTP/1.1" 200 412
218.81.216.246 - - [11/Feb/2024:12:03:01 +0800] "POST /xingrg/services/DataTransmitService HTTP/1.1" 200 524
116.224.254.208 - - [11/Feb/2024:12:03:01 +0800] "GET /xingrg/all/function/internal_message.html?_=1707624181988&CODE_STATE=getMsg HTTP/1.1" 200 27
116.224.254.208 - - [11/Feb/2024:12:03:02 +0800] "GET /xingrg/check_reg.html?_=1707624182906 HTTP/1.1" 200 22
218.81.216.246 - - [11/Feb/2024:12:03:07 +0800] "GET /xingrg/check_reg.html?_=1707624189434 HTTP/1.1" 200 22
218.81.216.246 - - [11/Feb/2024:12:03:09 +0800] "GET /xingrg/all/function/internal_message.html?_=1707624191435&CODE_STATE=getMsg HTTP/1.1" 200 27
218.81.216.246 - - [11/Feb/2024:12:03:13 +0800] "POST /xingrg/services/DataTransmitService HTTP/1.1" 200 412
221.239.172.206 - - [11/Feb/2024:12:03:15 +0800] "GET /xingrg/all/function/internal_message.html?_=1707624194553&CODE_STATE=getMsg HTTP/1.1" 200 27
218.81.216.246 - - [11/Feb/2024:12:03:20 +0800] "POST /xingrg/services/DataTransmitService HTTP/1.1" 200 524
218.81.216.246 - - [11/Feb/2024:12:03:21 +0800] "POST /xingrg/services/DataTransmitService HTTP/1.1" 200 2331
218.81.216.246 - - [11/Feb/2024:12:03:24 +0800] "POST /xingrg/services/DataTransmitService HTTP/1.1" 200 524
218.81.216.246 - - [11/Feb/2024:12:03:25 +0800] "POST /xingrg/services/DataTransmitService HTTP/1.1" 200 2331
116.230.123.222 - - [11/Feb/2024:12:03:26 +0800] "GET /xingrg/all/function/internal_message.html?_=1707624202385&CODE_STATE=getMsg HTTP/1.1" 200 27
218.81.216.246 - - [11/Feb/2024:12:03:29 +0800] "POST /xingrg/services/DataTransmitService HTTP/1.1" 200 524
218.81.216.246 - - [11/Feb/2024:12:03:30 +0800] "POST /xingrg/services/DataTransmitService HTTP/1.1" 200 2331
218.81.216.246 - - [11/Feb/2024:12:03:40 +0800] "POST /xingrg/services/DataTransmitService HTTP/1.1" 200 524
180.163.30.85 - - [11/Feb/2024:12:03:40 +0800] "GET /xingrg/all/function/internal_message.html?_=1707624158627&CODE_STATE=getMsg HTTP/1.1" 302 -
180.163.30.85 - - [11/Feb/2024:12:03:40 +0800] "GET /xingrg/login.html HTTP/1.1" 200 7641
116.237.72.243 - - [11/Feb/2024:12:03:40 +0800] "GET /xingrg/all/function/internal_message.html?_=1707624218629&CODE_STATE=getMsg HTTP/1.1" 200 27
180.164.1.25 - - [11/Feb/2024:12:03:41 +0800] "GET /xingrg/all/function/internal_message.html?_=1707624221756&CODE_STATE=getMsg HTTP/1.1" 200 27
180.164.1.25 - - [11/Feb/2024:12:03:41 +0800] "GET /xingrg/check_reg.html?_=1707624221810 HTTP/1.1" 200 22
124.78.67.200 - - [11/Feb/2024:12:03:43 +0800] "GET /xingrg/all/function/internal_message.html?_=1707624223844&CODE_STATE=getMsg HTTP/1.1" 200 27
218.81.216.246 - - [11/Feb/2024:12:03:45 +0800] "POST /xingrg/services/DataTransmitService HTTP/1.1" 200 412
218.81.216.246 - - [11/Feb/2024:12:03:52 +0800] "POST /xingrg/services/DataTransmitService HTTP/1.1" 200 524
114.83.221.124 - - [11/Feb/2024:12:03:54 +0800] "GET /xingrg/all/function/internal_message.html?_=1707624234015&CODE_STATE=getMsg HTTP/1.1" 200 27
218.81.216.246 - - [11/Feb/2024:12:03:58 +0800] "POST /xingrg/services/DataTransmitService HTTP/1.1" 200 524
218.81.216.246 - - [11/Feb/2024:12:03:59 +0800] "POST /xingrg/services/DataTransmitService HTTP/1.1" 200 2331
218.81.216.246 - - [11/Feb/2024:12:04:00 +0800] "POST /xingrg/services/DataTransmitService HTTP/1.1" 200 412
218.81.216.246 - - [11/Feb/2024:12:04:00 +0800] "POST /xingrg/services/DataTransmitService HTTP/1.1" 200 524
218.81.216.246 - - [11/Feb/2024:12:04:01 +0800] "POST /xingrg/services/DataTransmitService HTTP/1.1" 200 2331
218.81.216.246 - - [11/Feb/2024:12:04:01 +0800] "POST /xingrg/services/DataTransmitService HTTP/1.1" 200 524
116.224.254.208 - - [11/Feb/2024:12:04:01 +0800] "GET /xingrg/all/function/internal_message.html?_=1707624241973&CODE_STATE=getMsg HTTP/1.1" 200 27
218.81.216.246 - - [11/Feb/2024:12:04:02 +0800] "POST /xingrg/services/DataTransmitService HTTP/1.1" 200 2331
218.81.216.246 - - [11/Feb/2024:12:04:04 +0800] "POST /xingrg/services/DataTransmitService HTTP/1.1" 200 524
218.81.216.246 - - [11/Feb/2024:12:04:05 +0800] "POST /xingrg/services/DataTransmitService HTTP/1.1" 200 2331
218.81.216.246 - - [11/Feb/2024:12:04:07 +0800] "POST /xingrg/services/DataTransmitService HTTP/1.1" 200 524
218.81.216.246 - - [11/Feb/2024:12:04:08 +0800] "POST /xingrg/services/DataTransmitService HTTP/1.1" 200 2331
218.81.216.246 - - [11/Feb/2024:12:04:09 +0800] "POST /xingrg/services/DataTransmitService HTTP/1.1" 200 524
218.81.216.246 - - [11/Feb/2024:12:04:09 +0800] "GET /xingrg/all/function/internal_message.html?_=1707624251444&CODE_STATE=getMsg HTTP/1.1" 200 27
218.81.216.246 - - [11/Feb/2024:12:04:10 +0800] "POST /xingrg/services/DataTransmitService HTTP/1.1" 200 2331
218.81.216.246 - - [11/Feb/2024:12:04:10 +0800] "POST /xingrg/services/DataTransmitService HTTP/1.1" 200 524
218.81.216.246 - - [11/Feb/2024:12:04:11 +0800] "POST /xingrg/services/DataTransmitService HTTP/1.1" 200 2331
218.81.216.246 - - [11/Feb/2024:12:04:13 +0800] "POST /xingrg/services/DataTransmitService HTTP/1.1" 200 524
218.81.216.246 - - [11/Feb/2024:12:04:14 +0800] "POST /xingrg/services/DataTransmitService HTTP/1.1" 200 2331
221.239.172.206 - - [11/Feb/2024:12:04:15 +0800] "GET /xingrg/all/function/internal_message.html?_=1707624254553&CODE_STATE=getMsg HTTP/1.1" 200 27
218.81.216.246 - - [11/Feb/2024:12:04:15 +0800] "POST /xingrg/services/DataTransmitService HTTP/1.1" 200 524
218.81.216.246 - - [11/Feb/2024:12:04:16 +0800] "POST /xingrg/services/DataTransmitService HTTP/1.1" 200 2331
218.81.216.246 - - [11/Feb/2024:12:04:17 +0800] "POST /xingrg/services/DataTransmitService HTTP/1.1" 200 524
218.81.216.246 - - [11/Feb/2024:12:04:18 +0800] "POST /xingrg/services/DataTransmitService HTTP/1.1" 200 2331
218.81.216.246 - - [11/Feb/2024:12:04:18 +0800] "POST /xingrg/services/DataTransmitService HTTP/1.1" 200 524
218.81.216.246 - - [11/Feb/2024:12:04:19 +0800] "POST /xingrg/services/DataTransmitService HTTP/1.1" 200 2331
116.230.123.222 - - [11/Feb/2024:12:04:26 +0800] "GET /xingrg/all/function/internal_message.html?_=1707624262368&CODE_STATE=getMsg HTTP/1.1" 200 27
218.81.216.246 - - [11/Feb/2024:12:04:27 +0800] "POST /xingrg/services/DataTransmitService HTTP/1.1" 200 524
222.64.56.143 - - [11/Feb/2024:12:04:33 +0800] "POST /xingrg/services/DataTransmitService HTTP/1.1" 200 524
222.64.56.143 - - [11/Feb/2024:12:04:34 +0800] "POST /xingrg/services/DataTransmitService HTTP/1.1" 200 501
180.163.29.79 - - [11/Feb/2024:12:04:40 +0800] "GET /xingrg/all/function/internal_message.html?_=1707624218629&CODE_STATE=getMsg HTTP/1.1" 302 -
180.163.29.79 - - [11/Feb/2024:12:04:40 +0800] "GET /xingrg/login.html HTTP/1.1" 200 7641
116.237.72.243 - - [11/Feb/2024:12:04:40 +0800] "GET /xingrg/all/function/internal_message.html?_=1707624278633&CODE_STATE=getMsg HTTP/1.1" 200 27
180.164.1.25 - - [11/Feb/2024:12:04:41 +0800] "GET /xingrg/all/function/internal_message.html?_=1707624281737&CODE_STATE=getMsg HTTP/1.1" 200 27
124.78.67.200 - - [11/Feb/2024:12:04:43 +0800] "GET /xingrg/all/function/internal_message.html?_=1707624283828&CODE_STATE=getMsg HTTP/1.1" 200 27
114.83.221.124 - - [11/Feb/2024:12:04:54 +0800] "GET /xingrg/all/function/internal_message.html?_=1707624293985&CODE_STATE=getMsg HTTP/1.1" 200 27
116.224.254.208 - - [11/Feb/2024:12:05:01 +0800] "GET /xingrg/all/function/internal_message.html?_=1707624301950&CODE_STATE=getMsg HTTP/1.1" 200 27
124.78.67.200 - - [11/Feb/2024:12:05:03 +0800] "GET /xingrg/check_reg.html?_=1707624303356 HTTP/1.1" 200 22
218.81.216.246 - - [11/Feb/2024:12:05:09 +0800] "GET /xingrg/all/function/internal_message.html?_=1707624311463&CODE_STATE=getMsg HTTP/1.1" 200 27
221.239.172.206 - - [11/Feb/2024:12:05:15 +0800] "GET /xingrg/all/function/internal_message.html?_=1707624314554&CODE_STATE=getMsg HTTP/1.1" 200 27
116.230.123.222 - - [11/Feb/2024:12:05:26 +0800] "GET /xingrg/all/function/internal_message.html?_=1707624322379&CODE_STATE=getMsg HTTP/1.1" 200 27
116.230.123.222 - - [11/Feb/2024:12:05:26 +0800] "GET /xingrg/check_reg.html?_=1707624322614 HTTP/1.1" 200 22
218.81.216.246 - - [11/Feb/2024:12:05:35 +0800] "POST /xingrg/services/DataTransmitService HTTP/1.1" 200 501
218.81.216.246 - - [11/Feb/2024:12:05:38 +0800] "POST /xingrg/services/DataTransmitService HTTP/1.1" 200 501
180.163.29.103 - - [11/Feb/2024:12:05:40 +0800] "GET /xingrg/all/function/internal_message.html?_=1707624278633&CODE_STATE=getMsg HTTP/1.1" 302 -
218.81.216.246 - - [11/Feb/2024:12:05:40 +0800] "POST /xingrg/services/DataTransmitService HTTP/1.1" 200 501
116.237.72.243 - - [11/Feb/2024:12:05:40 +0800] "GET /xingrg/check_reg.html?_=1707624338634 HTTP/1.1" 200 22
116.237.72.243 - - [11/Feb/2024:12:05:40 +0800] "GET /xingrg/all/function/internal_message.html?_=1707624338638&CODE_STATE=getMsg HTTP/1.1" 200 27
180.163.29.103 - - [11/Feb/2024:12:05:41 +0800] "GET /xingrg/login.html HTTP/1.1" 200 7641
180.164.1.25 - - [11/Feb/2024:12:05:41 +0800] "GET /xingrg/all/function/internal_message.html?_=1707624341736&CODE_STATE=getMsg HTTP/1.1" 200 27
218.81.216.246 - - [11/Feb/2024:12:05:43 +0800] "POST /xingrg/services/DataTransmitService HTTP/1.1" 200 501
218.81.216.246 - - [11/Feb/2024:12:05:43 +0800] "POST /xingrg/services/DataTransmitService HTTP/1.1" 200 501
124.78.67.200 - - [11/Feb/2024:12:05:43 +0800] "GET /xingrg/all/function/internal_message.html?_=1707624343822&CODE_STATE=getMsg HTTP/1.1" 200 27
218.81.216.246 - - [11/Feb/2024:12:05:44 +0800] "POST /xingrg/services/DataTransmitService HTTP/1.1" 200 501
218.81.216.246 - - [11/Feb/2024:12:05:47 +0800] "POST /xingrg/services/DataTransmitService HTTP/1.1" 200 412
114.83.221.124 - - [11/Feb/2024:12:05:52 +0800] "GET /xingrg/check_reg.html?_=1707624352086 HTTP/1.1" 200 22
114.83.221.124 - - [11/Feb/2024:12:05:54 +0800] "GET /xingrg/all/function/internal_message.html?_=1707624353964&CODE_STATE=getMsg HTTP/1.1" 200 27
218.81.216.246 - - [11/Feb/2024:12:05:54 +0800] "POST /xingrg/services/DataTransmitService HTTP/1.1" 200 524
218.81.216.246 - - [11/Feb/2024:12:06:00 +0800] "POST /xingrg/services/DataTransmitService HTTP/1.1" 200 412
116.224.254.208 - - [11/Feb/2024:12:06:01 +0800] "GET /xingrg/all/function/internal_message.html?_=1707624361931&CODE_STATE=getMsg HTTP/1.1" 200 27
218.81.216.246 - - [11/Feb/2024:12:06:04 +0800] "POST /xingrg/services/DataTransmitService HTTP/1.1" 200 524
218.81.216.246 - - [11/Feb/2024:12:06:05 +0800] "POST /xingrg/services/DataTransmitService HTTP/1.1" 200 2331
218.81.216.246 - - [11/Feb/2024:12:06:09 +0800] "GET /xingrg/all/function/internal_message.html?_=1707624371608&CODE_STATE=getMsg HTTP/1.1" 200 27
221.239.172.206 - - [11/Feb/2024:12:06:15 +0800] "GET /xingrg/all/function/internal_message.html?_=1707624374556&CODE_STATE=getMsg HTTP/1.1" 200 27
218.81.216.246 - - [11/Feb/2024:12:06:20 +0800] "POST /xingrg/services/DataTransmitService HTTP/1.1" 200 524
218.81.216.246 - - [11/Feb/2024:12:06:21 +0800] "POST /xingrg/services/DataTransmitService HTTP/1.1" 200 2331
218.81.216.246 - - [11/Feb/2024:12:06:23 +0800] "POST /xingrg/services/DataTransmitService HTTP/1.1" 200 524
218.81.216.246 - - [11/Feb/2024:12:06:24 +0800] "POST /xingrg/services/DataTransmitService HTTP/1.1" 200 2331
116.230.123.222 - - [11/Feb/2024:12:06:25 +0800] "GET /xingrg/all/function/internal_message.html?_=1707624382349&CODE_STATE=getMsg HTTP/1.1" 200 27
218.81.216.246 - - [11/Feb/2024:12:06:32 +0800] "POST /xingrg/services/DataTransmitService HTTP/1.1" 200 524
218.81.216.246 - - [11/Feb/2024:12:06:33 +0800] "POST /xingrg/services/DataTransmitService HTTP/1.1" 200 2331
218.81.216.246 - - [11/Feb/2024:12:06:36 +0800] "POST /xingrg/services/DataTransmitService HTTP/1.1" 200 524
180.163.28.143 - - [11/Feb/2024:12:06:40 +0800] "GET /xingrg/check_reg.html?_=1707624338634 HTTP/1.1" 302 -
180.163.29.206 - - [11/Feb/2024:12:06:40 +0800] "GET /xingrg/all/function/internal_message.html?_=1707624338638&CODE_STATE=getMsg HTTP/1.1" 302 -
180.163.29.206 - - [11/Feb/2024:12:06:40 +0800] "GET /xingrg/login.html HTTP/1.1" 200 7641
180.163.28.143 - - [11/Feb/2024:12:06:40 +0800] "GET /xingrg/login.html HTTP/1.1" 200 7641
116.237.72.243 - - [11/Feb/2024:12:06:40 +0800] "GET /xingrg/all/function/internal_message.html?_=1707624398625&CODE_STATE=getMsg HTTP/1.1" 200 27
180.164.1.25 - - [11/Feb/2024:12:06:41 +0800] "GET /xingrg/all/function/internal_message.html?_=1707624401722&CODE_STATE=getMsg HTTP/1.1" 200 27
218.81.216.246 - - [11/Feb/2024:12:06:42 +0800] "POST /xingrg/services/DataTransmitService HTTP/1.1" 200 412
124.78.67.200 - - [11/Feb/2024:12:06:43 +0800] "GET /xingrg/all/function/internal_message.html?_=1707624403796&CODE_STATE=getMsg HTTP/1.1" 200 27
218.81.216.246 - - [11/Feb/2024:12:06:45 +0800] "POST /xingrg/services/DataTransmitService HTTP/1.1" 200 524
218.81.216.246 - - [11/Feb/2024:12:06:50 +0800] "POST /xingrg/services/DataTransmitService HTTP/1.1" 200 412
218.81.216.246 - - [11/Feb/2024:12:06:50 +0800] "POST /xingrg/services/DataTransmitService HTTP/1.1" 200 524
218.81.216.246 - - [11/Feb/2024:12:06:52 +0800] "POST /xingrg/services/DataTransmitService HTTP/1.1" 200 2331
218.81.216.246 - - [11/Feb/2024:12:06:53 +0800] "POST /xingrg/services/DataTransmitService HTTP/1.1" 200 524
114.83.221.124 - - [11/Feb/2024:12:06:54 +0800] "GET /xingrg/all/function/internal_message.html?_=1707624413949&CODE_STATE=getMsg HTTP/1.1" 200 27
218.81.216.246 - - [11/Feb/2024:12:06:54 +0800] "POST /xingrg/services/DataTransmitService HTTP/1.1" 200 2331
116.224.254.208 - - [11/Feb/2024:12:07:01 +0800] "GET /xingrg/all/function/internal_message.html?_=1707624421918&CODE_STATE=getMsg HTTP/1.1" 200 27
218.81.216.246 - - [11/Feb/2024:12:07:09 +0800] "POST /xingrg/services/DataTransmitService HTTP/1.1" 200 524
218.81.216.246 - - [11/Feb/2024:12:07:09 +0800] "GET /xingrg/all/function/internal_message.html?_=1707624431609&CODE_STATE=getMsg HTTP/1.1" 200 27
218.81.216.246 - - [11/Feb/2024:12:07:15 +0800] "POST /xingrg/services/DataTransmitService HTTP/1.1" 200 412
221.239.172.206 - - [11/Feb/2024:12:07:15 +0800] "GET /xingrg/all/function/internal_message.html?_=1707624434557&CODE_STATE=getMsg HTTP/1.1" 200 27
218.81.216.246 - - [11/Feb/2024:12:07:16 +0800] "POST /xingrg/services/DataTransmitService HTTP/1.1" 200 524
218.81.216.246 - - [11/Feb/2024:12:07:21 +0800] "POST /xingrg/services/DataTransmitService HTTP/1.1" 200 412
218.81.216.246 - - [11/Feb/2024:12:07:21 +0800] "POST /xingrg/services/DataTransmitService HTTP/1.1" 200 524
116.230.123.222 - - [11/Feb/2024:12:07:25 +0800] "GET /xingrg/all/function/internal_message.html?_=1707624442335&CODE_STATE=getMsg HTTP/1.1" 200 27
218.81.216.246 - - [11/Feb/2024:12:07:26 +0800] "POST /xingrg/services/DataTransmitService HTTP/1.1" 200 524
218.81.216.246 - - [11/Feb/2024:12:07:27 +0800] "POST /xingrg/services/DataTransmitService HTTP/1.1" 200 2331
218.81.216.246 - - [11/Feb/2024:12:07:28 +0800] "POST /xingrg/services/DataTransmitService HTTP/1.1" 200 412
218.81.216.246 - - [11/Feb/2024:12:07:29 +0800] "POST /xingrg/services/DataTransmitService HTTP/1.1" 200 524
218.81.216.246 - - [11/Feb/2024:12:07:30 +0800] "POST /xingrg/services/DataTransmitService HTTP/1.1" 200 2331
218.81.216.246 - - [11/Feb/2024:12:07:31 +0800] "POST /xingrg/services/DataTransmitService HTTP/1.1" 200 524
218.81.216.246 - - [11/Feb/2024:12:07:32 +0800] "POST /xingrg/services/DataTransmitService HTTP/1.1" 200 2331
116.232.194.112 - - [11/Feb/2024:12:07:37 +0800] "GET /xingrg/index.html?sysBaseUrl=http%3A%2F%2F180.169.147.146%3A18081%2Fxingrg%2F&costTime=1277×tamp=1606817596806 HTTP/1.1" 302 -
116.232.194.112 - - [11/Feb/2024:12:07:37 +0800] "GET /xingrg/login.html HTTP/1.1" 200 7641
116.232.194.112 - - [11/Feb/2024:12:07:37 +0800] "GET /favicon.ico HTTP/1.1" 404 -
116.237.72.243 - - [11/Feb/2024:12:07:40 +0800] "GET /xingrg/all/function/internal_message.html?_=1707624458625&CODE_STATE=getMsg HTTP/1.1" 200 27
180.164.1.25 - - [11/Feb/2024:12:07:41 +0800] "GET /xingrg/all/function/internal_message.html?_=1707624461700&CODE_STATE=getMsg HTTP/1.1" 200 27
124.78.67.200 - - [11/Feb/2024:12:07:43 +0800] "GET /xingrg/all/function/internal_message.html?_=1707624463770&CODE_STATE=getMsg HTTP/1.1" 200 27
221.239.172.206 - - [11/Feb/2024:12:07:50 +0800] "GET /xingrg/check_reg.html?_=1707624470003 HTTP/1.1" 200 22
114.83.221.124 - - [11/Feb/2024:12:07:54 +0800] "GET /xingrg/all/function/internal_message.html?_=1707624473933&CODE_STATE=getMsg HTTP/1.1" 200 27
218.81.216.246 - - [11/Feb/2024:12:07:56 +0800] "POST /xingrg/services/DataTransmitService HTTP/1.1" 200 524
218.81.216.246 - - [11/Feb/2024:12:07:57 +0800] "POST /xingrg/services/DataTransmitService HTTP/1.1" 200 2331
116.224.254.208 - - [11/Feb/2024:12:08:01 +0800] "GET /xingrg/all/function/internal_message.html?_=1707624481899&CODE_STATE=getMsg HTTP/1.1" 200 27
116.224.254.208 - - [11/Feb/2024:12:08:02 +0800] "GET /xingrg/check_reg.html?_=1707624482894 HTTP/1.1" 200 22
116.232.194.112 - - [11/Feb/2024:12:08:07 +0800] "POST /xingrg/login.do HTTP/1.1" 302 -
116.232.194.112 - - [11/Feb/2024:12:08:07 +0800] "GET /xingrg/index.html?sysBaseUrl=http%3A%2F%2F180.169.147.146%3A18081%2Fxingrg%2F&costTime=812×tamp=1707624487594 HTTP/1.1" 200 17179
116.232.194.112 - - [11/Feb/2024:12:08:07 +0800] "GET /favicon.ico HTTP/1.1" 404 -
218.81.216.246 - - [11/Feb/2024:12:08:07 +0800] "GET /xingrg/check_reg.html?_=1707624489607 HTTP/1.1" 200 22
116.232.194.112 - - [11/Feb/2024:12:08:07 +0800] "POST /xingrg/all/common/load_tree.html?tree=area_rest_tree_json&manage=1 HTTP/1.1" 200 351
116.232.194.112 - - [11/Feb/2024:12:08:08 +0800] "GET /xingrg/check_reg.html?_=1707624487010 HTTP/1.1" 200 22
116.232.194.112 - - [11/Feb/2024:12:08:08 +0800] "GET /xingrg/all/function/internal_message.html?_=1707624487009&CODE_STATE=count HTTP/1.1" 200 11
116.232.194.112 - - [11/Feb/2024:12:08:08 +0800] "POST /xingrg/load_menu.html HTTP/1.1" 200 5138
116.232.194.112 - - [11/Feb/2024:12:08:09 +0800] "GET /xingrg/kc/buy/buy_main.html HTTP/1.1" 200 12412
116.232.194.112 - - [11/Feb/2024:12:08:09 +0800] "GET /xingrg/css/new_ie.css HTTP/1.1" 404 1036
218.81.216.246 - - [11/Feb/2024:12:08:09 +0800] "GET /xingrg/all/function/internal_message.html?_=1707624491622&CODE_STATE=getMsg HTTP/1.1" 200 27
116.232.194.112 - - [11/Feb/2024:12:08:10 +0800] "GET /xingrg/images/yd/bt.gif HTTP/1.1" 404 1040
116.232.194.112 - - [11/Feb/2024:12:08:11 +0800] "GET /xingrg/kc/buy/cgsh_order_list.html HTTP/1.1" 200 57698
221.239.172.206 - - [11/Feb/2024:12:08:15 +0800] "GET /xingrg/all/function/internal_message.html?_=1707624494561&CODE_STATE=getMsg HTTP/1.1" 200 27
218.81.216.246 - - [11/Feb/2024:12:08:16 +0800] "POST /xingrg/services/DataTransmitService HTTP/1.1" 200 524
218.81.216.246 - - [11/Feb/2024:12:08:22 +0800] "POST /xingrg/services/DataTransmitService HTTP/1.1" 200 524
218.81.216.246 - - [11/Feb/2024:12:08:23 +0800] "POST /xingrg/services/DataTransmitService HTTP/1.1" 200 2331
218.81.216.246 - - [11/Feb/2024:12:08:23 +0800] "POST /xingrg/services/DataTransmitService HTTP/1.1" 200 412
218.81.216.246 - - [11/Feb/2024:12:08:25 +0800] "POST /xingrg/services/DataTransmitService HTTP/1.1" 200 524
116.230.123.222 - - [11/Feb/2024:12:08:25 +0800] "GET /xingrg/all/function/internal_message.html?_=1707624502320&CODE_STATE=getMsg HTTP/1.1" 200 27
218.81.216.246 - - [11/Feb/2024:12:08:30 +0800] "POST /xingrg/services/DataTransmitService HTTP/1.1" 200 524
218.81.216.246 - - [11/Feb/2024:12:08:31 +0800] "POST /xingrg/services/DataTransmitService HTTP/1.1" 200 2331
218.81.216.246 - - [11/Feb/2024:12:08:32 +0800] "POST /xingrg/services/DataTransmitService HTTP/1.1" 200 412
218.81.216.246 - - [11/Feb/2024:12:08:33 +0800] "POST /xingrg/services/DataTransmitService HTTP/1.1" 200 524
218.81.216.246 - - [11/Feb/2024:12:08:34 +0800] "POST /xingrg/services/DataTransmitService HTTP/1.1" 200 2331
116.232.194.112 - - [11/Feb/2024:12:08:35 +0800] "POST /xingrg/kc/buy/cgsh_list_operate.html HTTP/1.1" 200 5949
218.81.216.246 - - [11/Feb/2024:12:08:39 +0800] "POST /xingrg/services/DataTransmitService HTTP/1.1" 200 524
180.163.30.100 - - [11/Feb/2024:12:08:40 +0800] "GET /xingrg/all/function/internal_message.html?_=1707624458625&CODE_STATE=getMsg HTTP/1.1" 302 -
218.81.216.246 - - [11/Feb/2024:12:08:40 +0800] "POST /xingrg/services/DataTransmitService HTTP/1.1" 200 2331
180.163.30.100 - - [11/Feb/2024:12:08:40 +0800] "GET /xingrg/login.html HTTP/1.1" 200 7641
116.237.72.243 - - [11/Feb/2024:12:08:40 +0800] "GET /xingrg/all/function/internal_message.html?_=1707624518630&CODE_STATE=getMsg HTTP/1.1" 200 27
180.164.1.25 - - [11/Feb/2024:12:08:41 +0800] "GET /xingrg/all/function/internal_message.html?_=1707624521687&CODE_STATE=getMsg HTTP/1.1" 200 27
180.164.1.25 - - [11/Feb/2024:12:08:41 +0800] "GET /xingrg/check_reg.html?_=1707624521813 HTTP/1.1" 200 22
124.78.67.200 - - [11/Feb/2024:12:08:43 +0800] "GET /xingrg/all/function/internal_message.html?_=1707624523760&CODE_STATE=getMsg HTTP/1.1" 200 27
114.83.221.124 - - [11/Feb/2024:12:08:54 +0800] "GET /xingrg/all/function/internal_message.html?_=1707624533908&CODE_STATE=getMsg HTTP/1.1" 200 27
218.81.216.246 - - [11/Feb/2024:12:08:55 +0800] "POST /xingrg/services/DataTransmitService HTTP/1.1" 200 524
116.224.254.208 - - [11/Feb/2024:12:09:01 +0800] "GET /xingrg/all/function/internal_message.html?_=1707624541894&CODE_STATE=getMsg HTTP/1.1" 200 27
116.232.194.112 - - [11/Feb/2024:12:09:08 +0800] "GET /xingrg/all/function/internal_message.html?_=1707624547025&CODE_STATE=getMsg HTTP/1.1" 200 27
218.81.216.246 - - [11/Feb/2024:12:09:08 +0800] "POST /xingrg/services/DataTransmitService HTTP/1.1" 200 412
218.81.216.246 - - [11/Feb/2024:12:09:08 +0800] "POST /xingrg/services/DataTransmitService HTTP/1.1" 200 524
218.81.216.246 - - [11/Feb/2024:12:09:09 +0800] "GET /xingrg/all/function/internal_message.html?_=1707624551635&CODE_STATE=getMsg HTTP/1.1" 200 27
218.81.216.246 - - [11/Feb/2024:12:09:14 +0800] "POST /xingrg/services/DataTransmitService HTTP/1.1" 200 412
221.239.172.206 - - [11/Feb/2024:12:09:15 +0800] "GET /xingrg/all/function/internal_message.html?_=1707624554559&CODE_STATE=getMsg HTTP/1.1" 200 27
218.81.216.246 - - [11/Feb/2024:12:09:15 +0800] "POST /xingrg/services/DataTransmitService HTTP/1.1" 200 524
218.81.216.246 - - [11/Feb/2024:12:09:20 +0800] "POST /xingrg/services/DataTransmitService HTTP/1.1" 200 524
218.81.216.246 - - [11/Feb/2024:12:09:21 +0800] "POST /xingrg/services/DataTransmitService HTTP/1.1" 200 2331
218.81.216.246 - - [11/Feb/2024:12:09:22 +0800] "POST /xingrg/services/DataTransmitService HTTP/1.1" 200 412
218.81.216.246 - - [11/Feb/2024:12:09:25 +0800] "POST /xingrg/services/DataTransmitService HTTP/1.1" 200 524
116.230.123.222 - - [11/Feb/2024:12:09:25 +0800] "GET /xingrg/all/function/internal_message.html?_=1707624562306&CODE_STATE=getMsg HTTP/1.1" 200 27
218.81.216.246 - - [11/Feb/2024:12:09:26 +0800] "POST /xingrg/services/DataTransmitService HTTP/1.1" 200 2331
218.81.216.246 - - [11/Feb/2024:12:09:28 +0800] "POST /xingrg/services/DataTransmitService HTTP/1.1" 200 524
218.81.216.246 - - [11/Feb/2024:12:09:29 +0800] "POST /xingrg/services/DataTransmitService HTTP/1.1" 200 2331
218.81.216.246 - - [11/Feb/2024:12:09:31 +0800] "POST /xingrg/services/DataTransmitService HTTP/1.1" 200 524
218.81.216.246 - - [11/Feb/2024:12:09:32 +0800] "POST /xingrg/services/DataTransmitService HTTP/1.1" 200 2331
218.81.216.246 - - [11/Feb/2024:12:09:33 +0800] "POST /xingrg/services/DataTransmitService HTTP/1.1" 200 524
218.81.216.246 - - [11/Feb/2024:12:09:34 +0800] "POST /xingrg/services/DataTransmitService HTTP/1.1" 200 2331
218.81.216.246 - - [11/Feb/2024:12:09:36 +0800] "POST /xingrg/services/DataTransmitService HTTP/1.1" 200 524
116.232.194.112 - - [11/Feb/2024:12:09:36 +0800] "POST /xingrg/kc/buy/cgsh_list_operate.html HTTP/1.1" 200 7064
218.81.216.246 - - [11/Feb/2024:12:09:37 +0800] "POST /xingrg/services/DataTransmitService HTTP/1.1" 200 2331
180.163.30.85 - - [11/Feb/2024:12:09:41 +0800] "GET /xingrg/all/function/internal_message.html?_=1707624518630&CODE_STATE=getMsg HTTP/1.1" 302 -
180.163.30.85 - - [11/Feb/2024:12:09:41 +0800] "GET /xingrg/login.html HTTP/1.1" 200 7641
180.164.1.25 - - [11/Feb/2024:12:09:41 +0800] "GET /xingrg/all/function/internal_message.html?_=1707624581673&CODE_STATE=getMsg HTTP/1.1" 200 27
124.78.67.200 - - [11/Feb/2024:12:09:43 +0800] "GET /xingrg/all/function/internal_message.html?_=1707624583748&CODE_STATE=getMsg HTTP/1.1" 200 27
116.232.194.112 - - [11/Feb/2024:12:09:48 +0800] "POST /xingrg/kc/buy/cgsh_list_operate.html HTTP/1.1" 200 203
116.232.194.112 - - [11/Feb/2024:12:09:50 +0800] "GET /xingrg/kc/buy/cgsh_order_info.html?code=212024021103806 HTTP/1.1" 200 73566
116.232.194.112 - - [11/Feb/2024:12:09:50 +0800] "GET /xingrg/javascript/easyui/themes/default/validatebox.css HTTP/1.1" 404 1104
116.232.194.112 - - [11/Feb/2024:12:09:50 +0800] "GET /xingrg/all/common/auto_word.html?type=employee&rest_code=00155 HTTP/1.1" 200 255
116.232.194.112 - - [11/Feb/2024:12:09:50 +0800] "GET /xingrg/all/common/auto_word.html?type=employee&rest_code=00155 HTTP/1.1" 200 255
116.232.194.112 - - [11/Feb/2024:12:09:51 +0800] "POST /xingrg/kc/buy/cgsh_order_operate.html HTTP/1.1" 200 2664
116.237.72.243 - - [11/Feb/2024:12:09:52 +0800] "GET /xingrg/all/function/internal_message.html?_=1707624578630&CODE_STATE=getMsg HTTP/1.1" 200 27
114.83.221.124 - - [11/Feb/2024:12:09:54 +0800] "GET /xingrg/all/function/internal_message.html?_=1707624593892&CODE_STATE=getMsg HTTP/1.1" 200 27
218.81.216.246 - - [11/Feb/2024:12:09:56 +0800] "POST /xingrg/services/DataTransmitService HTTP/1.1" 200 524
116.224.254.208 - - [11/Feb/2024:12:10:01 +0800] "GET /xingrg/all/function/internal_message.html?_=1707624601872&CODE_STATE=getMsg HTTP/1.1" 200 27
218.81.216.246 - - [11/Feb/2024:12:10:01 +0800] "POST /xingrg/services/DataTransmitService HTTP/1.1" 200 412
218.81.216.246 - - [11/Feb/2024:12:10:02 +0800] "POST /xingrg/services/DataTransmitService HTTP/1.1" 200 524
124.78.67.200 - - [11/Feb/2024:12:10:03 +0800] "GET /xingrg/check_reg.html?_=1707624603339 HTTP/1.1" 200 22
101.83.145.37 - - [11/Feb/2024:12:10:04 +0800] "POST /xingrg/services/DataTransmitService HTTP/1.1" 200 524
101.83.145.37 - - [11/Feb/2024:12:10:05 +0800] "POST /xingrg/services/DataTransmitService HTTP/1.1" 200 501
101.83.145.37 - - [11/Feb/2024:12:10:06 +0800] "POST /xingrg/services/DataTransmitService HTTP/1.1" 200 501
101.83.145.37 - - [11/Feb/2024:12:10:06 +0800] "POST /xingrg/services/DataTransmitService HTTP/1.1" 200 501
101.83.145.37 - - [11/Feb/2024:12:10:06 +0800] "POST /xingrg/services/DataTransmitService HTTP/1.1" 200 501
218.81.216.246 - - [11/Feb/2024:12:10:07 +0800] "POST /xingrg/services/DataTransmitService HTTP/1.1" 200 524
101.83.145.37 - - [11/Feb/2024:12:10:07 +0800] "POST /xingrg/services/DataTransmitService HTTP/1.1" 200 501
116.232.194.112 - - [11/Feb/2024:12:10:08 +0800] "GET /xingrg/all/function/internal_message.html?_=1707624607032&CODE_STATE=getMsg HTTP/1.1" 200 27
101.83.145.37 - - [11/Feb/2024:12:10:08 +0800] "POST /xingrg/services/DataTransmitService HTTP/1.1" 200 501
218.81.216.246 - - [11/Feb/2024:12:10:08 +0800] "POST /xingrg/services/DataTransmitService HTTP/1.1" 200 2331
218.81.216.246 - - [11/Feb/2024:12:10:09 +0800] "GET /xingrg/all/function/internal_message.html?_=1707624611650&CODE_STATE=getMsg HTTP/1.1" 200 27
101.83.145.37 - - [11/Feb/2024:12:10:10 +0800] "POST /xingrg/services/DataTransmitService HTTP/1.1" 200 412
218.81.216.246 - - [11/Feb/2024:12:10:10 +0800] "POST /xingrg/services/DataTransmitService HTTP/1.1" 200 412
221.239.172.206 - - [11/Feb/2024:12:10:15 +0800] "GET /xingrg/all/function/internal_message.html?_=1707624614558&CODE_STATE=getMsg HTTP/1.1" 200 27
116.230.123.222 - - [11/Feb/2024:12:10:25 +0800] "GET /xingrg/all/function/internal_message.html?_=1707624622290&CODE_STATE=getMsg HTTP/1.1" 200 27
116.230.123.222 - - [11/Feb/2024:12:10:26 +0800] "GET /xingrg/check_reg.html?_=1707624622588 HTTP/1.1" 200 22
116.232.194.112 - - [11/Feb/2024:12:10:28 +0800] "POST /xingrg/kc/buy/cgsh_list_operate.html HTTP/1.1" 200 203
218.81.216.246 - - [11/Feb/2024:12:10:32 +0800] "POST /xingrg/services/DataTransmitService HTTP/1.1" 200 524
116.232.194.112 - - [11/Feb/2024:12:10:32 +0800] "GET /xingrg/kc/buy/cgsh_order_info.html?code=212024021103803 HTTP/1.1" 200 73564
218.81.216.246 - - [11/Feb/2024:12:10:33 +0800] "POST /xingrg/services/DataTransmitService HTTP/1.1" 200 2331
116.232.194.112 - - [11/Feb/2024:12:10:33 +0800] "GET /xingrg/javascript/easyui/themes/default/validatebox.css HTTP/1.1" 404 1104
116.232.194.112 - - [11/Feb/2024:12:10:34 +0800] "POST /xingrg/kc/buy/cgsh_order_operate.html HTTP/1.1" 200 2666
218.81.216.246 - - [11/Feb/2024:12:10:34 +0800] "POST /xingrg/services/DataTransmitService HTTP/1.1" 200 524
218.81.216.246 - - [11/Feb/2024:12:10:35 +0800] "POST /xingrg/services/DataTransmitService HTTP/1.1" 200 2331
218.81.216.246 - - [11/Feb/2024:12:10:36 +0800] "POST /xingrg/services/DataTransmitService HTTP/1.1" 200 524
116.237.72.243 - - [11/Feb/2024:12:10:40 +0800] "GET /xingrg/check_reg.html?_=1707624638637 HTTP/1.1" 200 22
116.237.72.243 - - [11/Feb/2024:12:10:40 +0800] "GET /xingrg/all/function/internal_message.html?_=1707624638633&CODE_STATE=getMsg HTTP/1.1" 200 27
180.164.1.25 - - [11/Feb/2024:12:10:41 +0800] "GET /xingrg/all/function/internal_message.html?_=1707624641663&CODE_STATE=getMsg HTTP/1.1" 200 27
218.81.216.246 - - [11/Feb/2024:12:10:42 +0800] "POST /xingrg/services/DataTransmitService HTTP/1.1" 200 524
218.81.216.246 - - [11/Feb/2024:12:10:43 +0800] "POST /xingrg/services/DataTransmitService HTTP/1.1" 200 2331
124.78.67.200 - - [11/Feb/2024:12:10:43 +0800] "GET /xingrg/all/function/internal_message.html?_=1707624643729&CODE_STATE=getMsg HTTP/1.1" 200 27
218.81.216.246 - - [11/Feb/2024:12:10:51 +0800] "POST /xingrg/services/DataTransmitService HTTP/1.1" 200 412
180.163.28.114 - - [11/Feb/2024:12:10:52 +0800] "GET /xingrg/all/function/internal_message.html?_=1707624578630&CODE_STATE=getMsg HTTP/1.1" 302 -
218.81.216.246 - - [11/Feb/2024:12:10:52 +0800] "POST /xingrg/services/DataTransmitService HTTP/1.1" 200 524
180.163.28.114 - - [11/Feb/2024:12:10:52 +0800] "GET /xingrg/login.html HTTP/1.1" 200 7641
114.83.221.124 - - [11/Feb/2024:12:10:52 +0800] "GET /xingrg/check_reg.html?_=1707624652084 HTTP/1.1" 200 22
114.83.221.124 - - [11/Feb/2024:12:10:54 +0800] "GET /xingrg/all/function/internal_message.html?_=1707624653870&CODE_STATE=getMsg HTTP/1.1" 200 27
218.81.216.246 - - [11/Feb/2024:12:10:57 +0800] "POST /xingrg/services/DataTransmitService HTTP/1.1" 200 412
218.81.216.246 - - [11/Feb/2024:12:10:59 +0800] "POST /xingrg/services/DataTransmitService HTTP/1.1" 200 524
218.81.216.246 - - [11/Feb/2024:12:11:01 +0800] "POST /xingrg/services/DataTransmitService HTTP/1.1" 200 2331
116.224.254.208 - - [11/Feb/2024:12:11:01 +0800] "GET /xingrg/all/function/internal_message.html?_=1707624661844&CODE_STATE=getMsg HTTP/1.1" 200 27
116.232.194.112 - - [11/Feb/2024:12:11:01 +0800] "POST /xingrg/kc/buy/cgsh_list_operate.html HTTP/1.1" 200 7064
218.81.216.246 - - [11/Feb/2024:12:11:03 +0800] "POST /xingrg/services/DataTransmitService HTTP/1.1" 200 524
218.81.216.246 - - [11/Feb/2024:12:11:04 +0800] "POST /xingrg/services/DataTransmitService HTTP/1.1" 200 2331
218.81.216.246 - - [11/Feb/2024:12:11:06 +0800] "POST /xingrg/services/DataTransmitService HTTP/1.1" 200 524
218.81.216.246 - - [11/Feb/2024:12:11:07 +0800] "POST /xingrg/services/DataTransmitService HTTP/1.1" 200 2331
116.232.194.112 - - [11/Feb/2024:12:11:08 +0800] "GET /xingrg/all/function/internal_message.html?_=1707624667027&CODE_STATE=getMsg HTTP/1.1" 200 27
218.81.216.246 - - [11/Feb/2024:12:11:10 +0800] "GET /xingrg/all/function/internal_message.html?_=1707624671787&CODE_STATE=getMsg HTTP/1.1" 200 27
218.81.216.246 - - [11/Feb/2024:12:11:12 +0800] "POST /xingrg/services/DataTransmitService HTTP/1.1" 200 524
221.239.172.206 - - [11/Feb/2024:12:11:15 +0800] "GET /xingrg/all/function/internal_message.html?_=1707624674558&CODE_STATE=getMsg HTTP/1.1" 200 27
218.81.216.246 - - [11/Feb/2024:12:11:17 +0800] "POST /xingrg/services/DataTransmitService HTTP/1.1" 200 412
218.81.216.246 - - [11/Feb/2024:12:11:17 +0800] "POST /xingrg/services/DataTransmitService HTTP/1.1" 200 524
218.81.216.246 - - [11/Feb/2024:12:11:23 +0800] "POST /xingrg/services/DataTransmitService HTTP/1.1" 200 412
218.81.216.246 - - [11/Feb/2024:12:11:23 +0800] "POST /xingrg/services/DataTransmitService HTTP/1.1" 200 524
218.81.216.246 - - [11/Feb/2024:12:11:24 +0800] "POST /xingrg/services/DataTransmitService HTTP/1.1" 200 2331
116.230.123.222 - - [11/Feb/2024:12:11:25 +0800] "GET /xingrg/all/function/internal_message.html?_=1707624682261&CODE_STATE=getMsg HTTP/1.1" 200 27
180.163.29.217 - - [11/Feb/2024:12:11:40 +0800] "GET /xingrg/check_reg.html?_=1707624638637 HTTP/1.1" 302 -
180.163.29.217 - - [11/Feb/2024:12:11:40 +0800] "GET /xingrg/login.html HTTP/1.1" 200 7641
116.237.72.243 - - [11/Feb/2024:12:11:40 +0800] "GET /xingrg/all/function/internal_message.html?_=1707624698639&CODE_STATE=getMsg HTTP/1.1" 200 27
180.164.1.25 - - [11/Feb/2024:12:11:41 +0800] "GET /xingrg/all/function/internal_message.html?_=1707624701637&CODE_STATE=getMsg HTTP/1.1" 200 27
180.163.28.143 - - [11/Feb/2024:12:11:41 +0800] "GET /xingrg/all/function/internal_message.html?_=1707624638633&CODE_STATE=getMsg HTTP/1.1" 302 -
180.163.28.143 - - [11/Feb/2024:12:11:41 +0800] "GET /xingrg/login.html HTTP/1.1" 200 7641
218.81.216.246 - - [11/Feb/2024:12:11:43 +0800] "POST /xingrg/services/DataTransmitService HTTP/1.1" 200 524
124.78.67.200 - - [11/Feb/2024:12:11:43 +0800] "GET /xingrg/all/function/internal_message.html?_=1707624703703&CODE_STATE=getMsg HTTP/1.1" 200 27
218.81.216.246 - - [11/Feb/2024:12:11:49 +0800] "POST /xingrg/services/DataTransmitService HTTP/1.1" 200 412
218.81.216.246 - - [11/Feb/2024:12:11:50 +0800] "POST /xingrg/services/DataTransmitService HTTP/1.1" 200 524
114.83.221.124 - - [11/Feb/2024:12:11:54 +0800] "GET /xingrg/all/function/internal_message.html?_=1707624713856&CODE_STATE=getMsg HTTP/1.1" 200 27
218.81.216.246 - - [11/Feb/2024:12:11:55 +0800] "POST /xingrg/services/DataTransmitService HTTP/1.1" 200 524
218.81.216.246 - - [11/Feb/2024:12:11:56 +0800] "POST /xingrg/services/DataTransmitService HTTP/1.1" 200 2331
218.81.216.246 - - [11/Feb/2024:12:11:57 +0800] "POST /xingrg/services/DataTransmitService HTTP/1.1" 200 412
218.81.216.246 - - [11/Feb/2024:12:11:57 +0800] "POST /xingrg/services/DataTransmitService HTTP/1.1" 200 524
218.81.216.246 - - [11/Feb/2024:12:11:58 +0800] "POST /xingrg/services/DataTransmitService HTTP/1.1" 200 2331
218.81.216.246 - - [11/Feb/2024:12:11:59 +0800] "POST /xingrg/services/DataTransmitService HTTP/1.1" 200 524
218.81.216.246 - - [11/Feb/2024:12:12:00 +0800] "POST /xingrg/services/DataTransmitService HTTP/1.1" 200 2331
116.224.254.208 - - [11/Feb/2024:12:12:01 +0800] "GET /xingrg/all/function/internal_message.html?_=1707624721818&CODE_STATE=getMsg HTTP/1.1" 200 27
218.81.216.246 - - [11/Feb/2024:12:12:01 +0800] "POST /xingrg/services/DataTransmitService HTTP/1.1" 200 524
218.81.216.246 - - [11/Feb/2024:12:12:02 +0800] "POST /xingrg/services/DataTransmitService HTTP/1.1" 200 2331
218.81.216.246 - - [11/Feb/2024:12:12:03 +0800] "POST /xingrg/services/DataTransmitService HTTP/1.1" 200 524
218.81.216.246 - - [11/Feb/2024:12:12:04 +0800] "POST /xingrg/services/DataTransmitService HTTP/1.1" 200 2331
218.81.216.246 - - [11/Feb/2024:12:12:04 +0800] "POST /xingrg/services/DataTransmitService HTTP/1.1" 200 524
218.81.216.246 - - [11/Feb/2024:12:12:05 +0800] "POST /xingrg/services/DataTransmitService HTTP/1.1" 200 2331
218.81.216.246 - - [11/Feb/2024:12:12:06 +0800] "POST /xingrg/services/DataTransmitService HTTP/1.1" 200 524
218.81.216.246 - - [11/Feb/2024:12:12:07 +0800] "POST /xingrg/services/DataTransmitService HTTP/1.1" 200 2331
116.232.194.112 - - [11/Feb/2024:12:12:08 +0800] "GET /xingrg/all/function/internal_message.html?_=1707624727019&CODE_STATE=getMsg HTTP/1.1" 200 27
218.81.216.246 - - [11/Feb/2024:12:12:08 +0800] "POST /xingrg/services/DataTransmitService HTTP/1.1" 200 524
218.81.216.246 - - [11/Feb/2024:12:12:09 +0800] "POST /xingrg/services/DataTransmitService HTTP/1.1" 200 2331
218.81.216.246 - - [11/Feb/2024:12:12:10 +0800] "GET /xingrg/all/function/internal_message.html?_=1707624731802&CODE_STATE=getMsg HTTP/1.1" 200 27
218.81.216.246 - - [11/Feb/2024:12:12:10 +0800] "POST /xingrg/services/DataTransmitService HTTP/1.1" 200 524
218.81.216.246 - - [11/Feb/2024:12:12:11 +0800] "POST /xingrg/services/DataTransmitService HTTP/1.1" 200 2331
218.81.216.246 - - [11/Feb/2024:12:12:11 +0800] "POST /xingrg/services/DataTransmitService HTTP/1.1" 200 524
218.81.216.246 - - [11/Feb/2024:12:12:12 +0800] "POST /xingrg/services/DataTransmitService HTTP/1.1" 200 2331
218.81.216.246 - - [11/Feb/2024:12:12:13 +0800] "POST /xingrg/services/DataTransmitService HTTP/1.1" 200 524
218.81.216.246 - - [11/Feb/2024:12:12:14 +0800] "POST /xingrg/services/DataTransmitService HTTP/1.1" 200 2331
218.81.216.246 - - [11/Feb/2024:12:12:14 +0800] "POST /xingrg/services/DataTransmitService HTTP/1.1" 200 524
221.239.172.206 - - [11/Feb/2024:12:12:15 +0800] "GET /xingrg/all/function/internal_message.html?_=1707624734560&CODE_STATE=getMsg HTTP/1.1" 200 27
218.81.216.246 - - [11/Feb/2024:12:12:15 +0800] "POST /xingrg/services/DataTransmitService HTTP/1.1" 200 2331
218.81.216.246 - - [11/Feb/2024:12:12:15 +0800] "POST /xingrg/services/DataTransmitService HTTP/1.1" 200 524
218.81.216.246 - - [11/Feb/2024:12:12:16 +0800] "POST /xingrg/services/DataTransmitService HTTP/1.1" 200 2331
218.81.216.246 - - [11/Feb/2024:12:12:17 +0800] "POST /xingrg/services/DataTransmitService HTTP/1.1" 200 524
218.81.216.246 - - [11/Feb/2024:12:12:18 +0800] "POST /xingrg/services/DataTransmitService HTTP/1.1" 200 2331
218.81.216.246 - - [11/Feb/2024:12:12:19 +0800] "POST /xingrg/services/DataTransmitService HTTP/1.1" 200 524
218.81.216.246 - - [11/Feb/2024:12:12:20 +0800] "POST /xingrg/services/DataTransmitService HTTP/1.1" 200 2331
218.81.216.246 - - [11/Feb/2024:12:12:21 +0800] "POST /xingrg/services/DataTransmitService HTTP/1.1" 200 524
218.81.216.246 - - [11/Feb/2024:12:12:22 +0800] "POST /xingrg/services/DataTransmitService HTTP/1.1" 200 2331
218.81.216.246 - - [11/Feb/2024:12:12:23 +0800] "POST /xingrg/services/DataTransmitService HTTP/1.1" 200 524
218.81.216.246 - - [11/Feb/2024:12:12:24 +0800] "POST /xingrg/services/DataTransmitService HTTP/1.1" 200 2331
116.230.123.222 - - [11/Feb/2024:12:12:25 +0800] "GET /xingrg/all/function/internal_message.html?_=1707624742247&CODE_STATE=getMsg HTTP/1.1" 200 27
218.81.216.246 - - [11/Feb/2024:12:12:26 +0800] "POST /xingrg/services/DataTransmitService HTTP/1.1" 200 524
218.81.216.246 - - [11/Feb/2024:12:12:27 +0800] "POST /xingrg/services/DataTransmitService HTTP/1.1" 200 2331
218.81.216.246 - - [11/Feb/2024:12:12:27 +0800] "POST /xingrg/services/DataTransmitService HTTP/1.1" 200 524
218.81.216.246 - - [11/Feb/2024:12:12:28 +0800] "POST /xingrg/services/DataTransmitService HTTP/1.1" 200 2331
218.81.216.246 - - [11/Feb/2024:12:12:30 +0800] "POST /xingrg/services/DataTransmitService HTTP/1.1" 200 524
218.81.216.246 - - [11/Feb/2024:12:12:31 +0800] "POST /xingrg/services/DataTransmitService HTTP/1.1" 200 2331
218.81.216.246 - - [11/Feb/2024:12:12:32 +0800] "POST /xingrg/services/DataTransmitService HTTP/1.1" 200 524
218.81.216.246 - - [11/Feb/2024:12:12:33 +0800] "POST /xingrg/services/DataTransmitService HTTP/1.1" 200 2331
218.81.216.246 - - [11/Feb/2024:12:12:33 +0800] "POST /xingrg/services/DataTransmitService HTTP/1.1" 200 524
218.81.216.246 - - [11/Feb/2024:12:12:34 +0800] "POST /xingrg/services/DataTransmitService HTTP/1.1" 200 2331
218.81.216.246 - - [11/Feb/2024:12:12:35 +0800] "POST /xingrg/services/DataTransmitService HTTP/1.1" 200 524
218.81.216.246 - - [11/Feb/2024:12:12:36 +0800] "POST /xingrg/services/DataTransmitService HTTP/1.1" 200 2331
218.81.216.246 - - [11/Feb/2024:12:12:36 +0800] "POST /xingrg/services/DataTransmitService HTTP/1.1" 200 524
218.81.216.246 - - [11/Feb/2024:12:12:37 +0800] "POST /xingrg/services/DataTransmitService HTTP/1.1" 200 2331
218.81.216.246 - - [11/Feb/2024:12:12:37 +0800] "POST /xingrg/services/DataTransmitService HTTP/1.1" 200 524
218.81.216.246 - - [11/Feb/2024:12:12:38 +0800] "POST /xingrg/services/DataTransmitService HTTP/1.1" 200 2331
218.81.216.246 - - [11/Feb/2024:12:12:39 +0800] "POST /xingrg/services/DataTransmitService HTTP/1.1" 200 524
180.163.30.85 - - [11/Feb/2024:12:12:40 +0800] "GET /xingrg/all/function/internal_message.html?_=1707624698639&CODE_STATE=getMsg HTTP/1.1" 302 -
180.163.30.85 - - [11/Feb/2024:12:12:40 +0800] "GET /xingrg/login.html HTTP/1.1" 200 7641
218.81.216.246 - - [11/Feb/2024:12:12:40 +0800] "POST /xingrg/services/DataTransmitService HTTP/1.1" 200 2331
