180.162.115.14 - - [11/Feb/2024:17:17:17 +0800] "GET /xingrg/all/function/internal_message.html?_=1707641518278&CODE_STATE=getMsg HTTP/1.1" 200 27
218.81.65.124 - - [11/Feb/2024:17:17:20 +0800] "GET /xingrg/kc/base/wldb_order_list.html HTTP/1.1" 200 19019
116.230.123.222 - - [11/Feb/2024:17:17:20 +0800] "GET /xingrg/all/function/internal_message.html?_=1707643037101&CODE_STATE=getMsg HTTP/1.1" 200 27
218.81.65.124 - - [11/Feb/2024:17:17:21 +0800] "POST /xingrg/kc/base/wldb_list_operate.html HTTP/1.1" 200 928
218.81.65.124 - - [11/Feb/2024:17:17:22 +0800] "GET /xingrg/kc/base/wldb_order_add.html HTTP/1.1" 200 30346
218.81.65.124 - - [11/Feb/2024:17:17:23 +0800] "POST /xingrg/kc/base/wldb_order_operate.html HTTP/1.1" 200 6806
218.81.65.124 - - [11/Feb/2024:17:17:23 +0800] "GET /xingrg/all/common/auto_word.html?type=base&rest_code=00148 HTTP/1.1" 200 1799
218.81.65.124 - - [11/Feb/2024:17:17:23 +0800] "GET /xingrg/all/common/auto_word.html?type=base&rest_code=00148 HTTP/1.1" 200 1799
218.81.65.124 - - [11/Feb/2024:17:17:23 +0800] "GET /xingrg/javascript/easyui/themes/default/validatebox.css HTTP/1.1" 404 1104
116.237.72.243 - - [11/Feb/2024:17:17:23 +0800] "GET /xingrg/kc/base/wldb_order_operate.html?command=get_materiel&rest_code=00106&base_code=0010397&code=00102002441 HTTP/1.1" 200 448
218.81.65.124 - - [11/Feb/2024:17:17:29 +0800] "GET /xingrg/kc/base/wldb_order_operate.html?command=get_materiel&rest_code=00148&base_code=0010001&code=00101019183 HTTP/1.1" 200 449
116.237.72.243 - - [11/Feb/2024:17:17:32 +0800] "POST /xingrg/kc/base/wldb_order_operate.html HTTP/1.1" 200 37
116.237.72.243 - - [11/Feb/2024:17:17:32 +0800] "POST /xingrg/kc/base/wldb_order_operate.html HTTP/1.1" 200 2198
116.237.72.243 - - [11/Feb/2024:17:17:33 +0800] "GET /xingrg/kc/base/wldb_order_info.html?code=422024021101049 HTTP/1.1" 200 30359
116.237.72.243 - - [11/Feb/2024:17:17:34 +0800] "GET /xingrg/javascript/easyui/themes/default/validatebox.css HTTP/1.1" 404 1104
116.232.194.112 - - [11/Feb/2024:17:17:34 +0800] "GET /xingrg/all/function/internal_message.html?_=1707643053521&CODE_STATE=getMsg HTTP/1.1" 200 27
218.81.65.124 - - [11/Feb/2024:17:17:35 +0800] "GET /xingrg/kc/base/wldb_order_operate.html?command=get_materiel&rest_code=00148&base_code=0010001&code=00101019450 HTTP/1.1" 200 482
116.237.72.243 - - [11/Feb/2024:17:17:35 +0800] "POST /xingrg/kc/base/wldb_order_operate.html HTTP/1.1" 200 2198
180.164.1.25 - - [11/Feb/2024:17:17:37 +0800] "GET /xingrg/all/function/internal_message.html?_=1707643057187&CODE_STATE=getMsg HTTP/1.1" 200 27
124.78.67.200 - - [11/Feb/2024:17:17:38 +0800] "GET /xingrg/all/function/internal_message.html?_=1707643058217&CODE_STATE=getMsg HTTP/1.1" 200 27
218.81.216.246 - - [11/Feb/2024:17:17:38 +0800] "GET /xingrg/all/function/internal_message.html?_=1707643060890&CODE_STATE=getMsg HTTP/1.1" 200 27
116.237.72.243 - - [11/Feb/2024:17:17:38 +0800] "POST /xingrg/kc/base/wldb_list_operate.html HTTP/1.1" 200 1776
218.81.65.124 - - [11/Feb/2024:17:17:39 +0800] "GET /xingrg/kc/base/wldb_order_operate.html?command=get_materiel&rest_code=00148&base_code=0010001&code=00101016019 HTTP/1.1" 200 451
222.64.56.143 - - [11/Feb/2024:17:17:40 +0800] "POST /xingrg/kc/buy/cgsh_list_operate.html HTTP/1.1" 200 198
116.237.72.243 - - [11/Feb/2024:17:17:40 +0800] "GET /xingrg/all/function/internal_message.html?_=1707643058227&CODE_STATE=getMsg HTTP/1.1" 200 27
218.81.65.124 - - [11/Feb/2024:17:17:43 +0800] "GET /xingrg/kc/base/wldb_order_operate.html?command=get_materiel&rest_code=00148&base_code=0010001&code=00101019222 HTTP/1.1" 200 452
116.237.72.243 - - [11/Feb/2024:17:17:47 +0800] "POST /xingrg/kc/base/wldb_list_operate.html HTTP/1.1" 200 4
218.81.65.124 - - [11/Feb/2024:17:17:49 +0800] "POST /xingrg/kc/base/wldb_order_operate.html HTTP/1.1" 200 37
116.237.72.243 - - [11/Feb/2024:17:17:50 +0800] "POST /xingrg/kc/base/wldb_list_operate.html HTTP/1.1" 200 928
218.81.65.124 - - [11/Feb/2024:17:17:50 +0800] "POST /xingrg/kc/base/wldb_order_operate.html HTTP/1.1" 200 3674
218.81.65.124 - - [11/Feb/2024:17:17:50 +0800] "GET /xingrg/kc/base/wldb_order_info.html?code=422024021101050 HTTP/1.1" 200 30361
221.239.172.206 - - [11/Feb/2024:17:17:51 +0800] "GET /xingrg/check_reg.html?_=1707643070329 HTTP/1.1" 200 22
218.81.65.124 - - [11/Feb/2024:17:17:51 +0800] "GET /xingrg/javascript/easyui/themes/default/validatebox.css HTTP/1.1" 404 1104
218.81.65.124 - - [11/Feb/2024:17:17:51 +0800] "POST /xingrg/kc/base/wldb_order_operate.html HTTP/1.1" 200 3674
218.81.65.124 - - [11/Feb/2024:17:17:52 +0800] "GET /xingrg/all/function/internal_message.html?_=1707643072337&CODE_STATE=getMsg HTTP/1.1" 200 27
116.224.254.208 - - [11/Feb/2024:17:17:55 +0800] "GET /xingrg/all/function/internal_message.html?_=1707643075748&CODE_STATE=getMsg HTTP/1.1" 200 27
218.81.65.124 - - [11/Feb/2024:17:17:56 +0800] "POST /xingrg/kc/base/wldb_order_operate.html HTTP/1.1" 200 37
222.64.56.143 - - [11/Feb/2024:17:18:00 +0800] "GET /xingrg/all/function/internal_message.html?_=1707643080490&CODE_STATE=getMsg HTTP/1.1" 200 27
116.224.254.208 - - [11/Feb/2024:17:18:01 +0800] "GET /xingrg/check_reg.html?_=1707643081859 HTTP/1.1" 200 22
218.81.65.124 - - [11/Feb/2024:17:18:02 +0800] "POST /xingrg/kc/base/wldb_order_operate.html HTTP/1.1" 200 12
218.81.65.124 - - [11/Feb/2024:17:18:03 +0800] "POST /xingrg/kc/base/wldb_order_operate.html HTTP/1.1" 200 3674
180.163.29.206 - - [11/Feb/2024:17:18:05 +0800] "GET /xingrg/kc/base/wldb_order_add.html HTTP/1.1" 302 -
180.163.29.206 - - [11/Feb/2024:17:18:06 +0800] "GET /xingrg/login.html HTTP/1.1" 200 7641
101.228.146.191 - - [11/Feb/2024:17:18:08 +0800] "GET /xingrg/all/function/internal_message.html?_=1707643088681&CODE_STATE=getMsg HTTP/1.1" 200 27
221.239.172.206 - - [11/Feb/2024:17:18:15 +0800] "GET /xingrg/all/function/internal_message.html?_=1707643094885&CODE_STATE=getMsg HTTP/1.1" 200 27
180.162.115.14 - - [11/Feb/2024:17:18:17 +0800] "GET /xingrg/all/function/internal_message.html?_=1707641578269&CODE_STATE=getMsg HTTP/1.1" 200 27
218.81.65.124 - - [11/Feb/2024:17:18:20 +0800] "GET /xingrg/kc/base/wldb_order_info.html?code=422024021101050 HTTP/1.1" 200 26223
116.230.123.222 - - [11/Feb/2024:17:18:20 +0800] "GET /xingrg/all/function/internal_message.html?_=1707643097085&CODE_STATE=getMsg HTTP/1.1" 200 27
218.81.65.124 - - [11/Feb/2024:17:18:26 +0800] "GET /xingrg/javascript/easyui/themes/default/validatebox.css HTTP/1.1" 404 1104
218.81.65.124 - - [11/Feb/2024:17:18:26 +0800] "POST /xingrg/kc/base/wldb_order_operate.html HTTP/1.1" 200 1934
218.81.65.124 - - [11/Feb/2024:17:18:30 +0800] "POST /xingrg/kc/base/wldb_list_operate.html HTTP/1.1" 200 928
180.162.115.14 - - [11/Feb/2024:17:18:31 +0800] "GET /xingrg/javascript/jquery_easy_ui/themes/icons/area.png HTTP/1.1" 304 -
180.162.115.14 - - [11/Feb/2024:17:18:31 +0800] "GET /xingrg/javascript/jquery_easy_ui/themes/icons/rest.png HTTP/1.1" 304 -
218.81.65.124 - - [11/Feb/2024:17:18:33 +0800] "POST /xingrg/kc/buy/cgsh_list_operate.html HTTP/1.1" 200 986
180.162.115.14 - - [11/Feb/2024:17:18:34 +0800] "GET /xingrg/check_reg.html?_=1707641595477 HTTP/1.1" 200 22
116.232.194.112 - - [11/Feb/2024:17:18:34 +0800] "GET /xingrg/all/function/internal_message.html?_=1707643113499&CODE_STATE=getMsg HTTP/1.1" 200 27
116.232.194.112 - - [11/Feb/2024:17:18:35 +0800] "GET /xingrg/check_reg.html?_=1707643114003 HTTP/1.1" 200 22
180.164.1.25 - - [11/Feb/2024:17:18:37 +0800] "GET /xingrg/all/function/internal_message.html?_=1707643117184&CODE_STATE=getMsg HTTP/1.1" 200 27
124.78.67.200 - - [11/Feb/2024:17:18:38 +0800] "GET /xingrg/all/function/internal_message.html?_=1707643118204&CODE_STATE=getMsg HTTP/1.1" 200 27
218.81.65.124 - - [11/Feb/2024:17:18:38 +0800] "GET /xingrg/kc/base/wldb_order_list.html HTTP/1.1" 200 19019
218.81.216.246 - - [11/Feb/2024:17:18:38 +0800] "GET /xingrg/all/function/internal_message.html?_=1707643120905&CODE_STATE=getMsg HTTP/1.1" 200 27
218.81.65.124 - - [11/Feb/2024:17:18:39 +0800] "POST /xingrg/kc/base/wldb_list_operate.html HTTP/1.1" 200 928
222.64.56.143 - - [11/Feb/2024:17:18:39 +0800] "GET /xingrg/kc/buy/cgsh_order_info.html?code=212024021003716 HTTP/1.1" 200 73525
222.64.56.143 - - [11/Feb/2024:17:18:39 +0800] "GET /xingrg/javascript/jquery_tools/order_manager.js HTTP/1.1" 200 11183
222.64.56.143 - - [11/Feb/2024:17:18:39 +0800] "GET /xingrg/javascript/print/kc_print.js HTTP/1.1" 200 11415
222.64.56.143 - - [11/Feb/2024:17:18:39 +0800] "GET /xingrg/javascript/convert.js HTTP/1.1" 200 1239
222.64.56.143 - - [11/Feb/2024:17:18:39 +0800] "GET /xingrg/javascript/json2.js HTTP/1.1" 200 11259
222.64.56.143 - - [11/Feb/2024:17:18:39 +0800] "GET /xingrg/words/20240208113601_words.js HTTP/1.1" 200 1013734
222.64.56.143 - - [11/Feb/2024:17:18:39 +0800] "GET /xingrg/javascript/easyui/themes/icons/ok.png HTTP/1.1" 200 883
222.64.56.143 - - [11/Feb/2024:17:18:39 +0800] "GET /xingrg/javascript/easyui/themes/icons/template_new.png HTTP/1.1" 200 3956
222.64.56.143 - - [11/Feb/2024:17:18:39 +0800] "GET /xingrg/javascript/easyui/themes/icons/copy_new.png HTTP/1.1" 200 815
222.64.56.143 - - [11/Feb/2024:17:18:39 +0800] "GET /xingrg/javascript/easyui/themes/icons/cancel.png HTTP/1.1" 200 1133
222.64.56.143 - - [11/Feb/2024:17:18:39 +0800] "GET /xingrg/javascript/easyui/themes/icons/print.png HTTP/1.1" 200 1057
222.64.56.143 - - [11/Feb/2024:17:18:39 +0800] "GET /xingrg/javascript/easyui/themes/default/images/menu_downarrow.png HTTP/1.1" 200 173
222.64.56.143 - - [11/Feb/2024:17:18:39 +0800] "GET /xingrg/javascript/easyui/themes/default/validatebox.css HTTP/1.1" 404 1104
222.64.56.143 - - [11/Feb/2024:17:18:39 +0800] "GET /xingrg/javascript/easyui/plugins/jquery.validatebox.js HTTP/1.1" 200 6103
222.64.56.143 - - [11/Feb/2024:17:18:39 +0800] "GET /xingrg/javascript/easyui/plugins/jquery.numberbox.js HTTP/1.1" 200 5213
222.64.56.143 - - [11/Feb/2024:17:18:39 +0800] "GET /xingrg/all/common/auto_word.html?type=employee&rest_code=00147 HTTP/1.1" 200 101
222.64.56.143 - - [11/Feb/2024:17:18:39 +0800] "GET /xingrg/all/common/auto_word.html?type=employee&rest_code=00147 HTTP/1.1" 200 101
116.237.72.243 - - [11/Feb/2024:17:18:40 +0800] "GET /xingrg/all/function/internal_message.html?_=1707643118209&CODE_STATE=getMsg HTTP/1.1" 200 27
222.64.56.143 - - [11/Feb/2024:17:18:40 +0800] "POST /xingrg/kc/buy/cgsh_order_operate.html HTTP/1.1" 200 2655
222.64.56.143 - - [11/Feb/2024:17:18:40 +0800] "GET /xingrg/javascript/easyui/themes/icons/edit_remove.png HTTP/1.1" 200 625
218.81.65.124 - - [11/Feb/2024:17:18:40 +0800] "GET /xingrg/kc/buy/cgsh_order_list.html HTTP/1.1" 200 57698
222.64.56.143 - - [11/Feb/2024:17:18:40 +0800] "GET /xingrg/javascript/jquery_tools/images/prev.gif HTTP/1.1" 404 1086
222.64.56.143 - - [11/Feb/2024:17:18:40 +0800] "GET /xingrg/javascript/jquery_tools/images/next.gif HTTP/1.1" 404 1086
180.163.29.234 - - [11/Feb/2024:17:18:41 +0800] "GET /xingrg/all/function/internal_message.html?_=1707643058227&CODE_STATE=getMsg HTTP/1.1" 302 -
180.163.29.234 - - [11/Feb/2024:17:18:41 +0800] "GET /xingrg/login.html HTTP/1.1" 200 7641
180.164.1.25 - - [11/Feb/2024:17:18:41 +0800] "GET /xingrg/check_reg.html?_=1707643121814 HTTP/1.1" 200 22
218.81.65.124 - - [11/Feb/2024:17:18:43 +0800] "POST /xingrg/kc/buy/cgsh_list_operate.html HTTP/1.1" 200 986
218.81.65.124 - - [11/Feb/2024:17:18:44 +0800] "GET /xingrg/kc/mdqp/qqps_order_list.html HTTP/1.1" 200 9222
218.81.65.124 - - [11/Feb/2024:17:18:44 +0800] "GET /xingrg/dwr/interface/AjaxQqpsService.js HTTP/1.1" 200 16326
218.81.65.124 - - [11/Feb/2024:17:18:44 +0800] "GET /xingrg/dwr/interface/AjaxReportQueryService.js HTTP/1.1" 200 13203
218.81.65.124 - - [11/Feb/2024:17:18:44 +0800] "GET /xingrg/dwr/util.js HTTP/1.1" 304 -
218.81.65.124 - - [11/Feb/2024:17:18:44 +0800] "GET /xingrg/dwr/engine.js HTTP/1.1" 200 43631
222.64.56.143 - - [11/Feb/2024:17:18:48 +0800] "POST /xingrg/kc/buy/cgsh_order_operate.html HTTP/1.1" 200 37
222.64.56.143 - - [11/Feb/2024:17:18:51 +0800] "POST /xingrg/kc/buy/cgsh_order_operate.html HTTP/1.1" 200 2655
116.224.254.208 - - [11/Feb/2024:17:18:55 +0800] "GET /xingrg/all/function/internal_message.html?_=1707643135724&CODE_STATE=getMsg HTTP/1.1" 200 27
222.64.56.143 - - [11/Feb/2024:17:19:00 +0800] "GET /xingrg/all/function/internal_message.html?_=1707643140484&CODE_STATE=getMsg HTTP/1.1" 200 27
101.228.146.191 - - [11/Feb/2024:17:19:08 +0800] "GET /xingrg/all/function/internal_message.html?_=1707643148681&CODE_STATE=getMsg HTTP/1.1" 200 27
221.239.172.206 - - [11/Feb/2024:17:19:15 +0800] "GET /xingrg/all/function/internal_message.html?_=1707643154885&CODE_STATE=getMsg HTTP/1.1" 200 27
180.162.115.14 - - [11/Feb/2024:17:19:17 +0800] "GET /xingrg/all/function/internal_message.html?_=1707641638242&CODE_STATE=getMsg HTTP/1.1" 200 27
116.230.123.222 - - [11/Feb/2024:17:19:20 +0800] "GET /xingrg/all/function/internal_message.html?_=1707643157070&CODE_STATE=getMsg HTTP/1.1" 200 27
116.232.194.112 - - [11/Feb/2024:17:19:34 +0800] "GET /xingrg/all/function/internal_message.html?_=1707643173475&CODE_STATE=getMsg HTTP/1.1" 200 27
180.164.1.25 - - [11/Feb/2024:17:19:37 +0800] "GET /xingrg/all/function/internal_message.html?_=1707643177161&CODE_STATE=getMsg HTTP/1.1" 200 27
124.78.67.200 - - [11/Feb/2024:17:19:38 +0800] "GET /xingrg/all/function/internal_message.html?_=1707643178179&CODE_STATE=getMsg HTTP/1.1" 200 27
218.81.216.246 - - [11/Feb/2024:17:19:38 +0800] "GET /xingrg/all/function/internal_message.html?_=1707643180933&CODE_STATE=getMsg HTTP/1.1" 200 27
180.163.29.234 - - [11/Feb/2024:17:19:40 +0800] "GET /xingrg/all/function/internal_message.html?_=1707643118209&CODE_STATE=getMsg HTTP/1.1" 302 -
116.237.72.243 - - [11/Feb/2024:17:19:40 +0800] "GET /xingrg/all/function/internal_message.html?_=1707643178195&CODE_STATE=getMsg HTTP/1.1" 200 27
180.163.29.234 - - [11/Feb/2024:17:19:41 +0800] "GET /xingrg/login.html HTTP/1.1" 200 7641
116.224.254.208 - - [11/Feb/2024:17:19:55 +0800] "GET /xingrg/all/function/internal_message.html?_=1707643195689&CODE_STATE=getMsg HTTP/1.1" 200 27
222.64.56.143 - - [11/Feb/2024:17:20:00 +0800] "GET /xingrg/all/function/internal_message.html?_=1707643200483&CODE_STATE=getMsg HTTP/1.1" 200 27
124.78.67.200 - - [11/Feb/2024:17:20:02 +0800] "GET /xingrg/check_reg.html?_=1707643202334 HTTP/1.1" 200 22
101.228.146.191 - - [11/Feb/2024:17:20:08 +0800] "GET /xingrg/all/function/internal_message.html?_=1707643208682&CODE_STATE=getMsg HTTP/1.1" 200 27
221.239.172.206 - - [11/Feb/2024:17:20:15 +0800] "GET /xingrg/all/function/internal_message.html?_=1707643214884&CODE_STATE=getMsg HTTP/1.1" 200 27
180.162.115.14 - - [11/Feb/2024:17:20:17 +0800] "GET /xingrg/all/function/internal_message.html?_=1707641698242&CODE_STATE=getMsg HTTP/1.1" 200 27
116.230.123.222 - - [11/Feb/2024:17:20:20 +0800] "GET /xingrg/all/function/internal_message.html?_=1707643217055&CODE_STATE=getMsg HTTP/1.1" 200 27
116.230.123.222 - - [11/Feb/2024:17:20:25 +0800] "GET /xingrg/check_reg.html?_=1707643221487 HTTP/1.1" 200 22
222.64.56.143 - - [11/Feb/2024:17:20:31 +0800] "POST /xingrg/kc/buy/cgsh_order_operate.html HTTP/1.1" 200 37
222.64.56.143 - - [11/Feb/2024:17:20:33 +0800] "POST /xingrg/kc/buy/cgsh_order_operate.html HTTP/1.1" 200 2655
116.232.194.112 - - [11/Feb/2024:17:20:34 +0800] "GET /xingrg/all/function/internal_message.html?_=1707643233467&CODE_STATE=getMsg HTTP/1.1" 200 27
180.164.1.25 - - [11/Feb/2024:17:20:37 +0800] "GET /xingrg/all/function/internal_message.html?_=1707643237155&CODE_STATE=getMsg HTTP/1.1" 200 27
124.78.67.200 - - [11/Feb/2024:17:20:38 +0800] "GET /xingrg/all/function/internal_message.html?_=1707643238156&CODE_STATE=getMsg HTTP/1.1" 200 27
218.81.216.246 - - [11/Feb/2024:17:20:38 +0800] "GET /xingrg/all/function/internal_message.html?_=1707643240961&CODE_STATE=getMsg HTTP/1.1" 200 27
116.237.72.243 - - [11/Feb/2024:17:20:40 +0800] "GET /xingrg/all/function/internal_message.html?_=1707643238165&CODE_STATE=getMsg HTTP/1.1" 200 27
116.237.72.243 - - [11/Feb/2024:17:20:41 +0800] "GET /xingrg/check_reg.html?_=1707643238953 HTTP/1.1" 200 22
218.81.216.246 - - [11/Feb/2024:17:20:52 +0800] "GET /xingrg/kc/base/wldb_order_operate.html?command=get_materiel&rest_code=00146&base_code=0010064&code=00102002453 HTTP/1.1" 200 435
222.64.56.143 - - [11/Feb/2024:17:20:55 +0800] "GET /xingrg/kc/buy/cgsh_order_add.html HTTP/1.1" 200 73514
116.224.254.208 - - [11/Feb/2024:17:20:55 +0800] "GET /xingrg/all/function/internal_message.html?_=1707643255665&CODE_STATE=getMsg HTTP/1.1" 200 27
222.64.56.143 - - [11/Feb/2024:17:20:55 +0800] "POST /xingrg/kc/buy/cgsh_order_operate.html HTTP/1.1" 200 8245
222.64.56.143 - - [11/Feb/2024:17:20:55 +0800] "GET /xingrg/javascript/easyui/themes/default/validatebox.css HTTP/1.1" 404 1104
222.64.56.143 - - [11/Feb/2024:17:20:56 +0800] "GET /xingrg/javascript/auto/indicator.gif HTTP/1.1" 404 1066
222.64.56.143 - - [11/Feb/2024:17:21:00 +0800] "GET /xingrg/all/function/internal_message.html?_=1707643260503&CODE_STATE=getMsg HTTP/1.1" 200 27
222.64.56.143 - - [11/Feb/2024:17:21:00 +0800] "GET /xingrg/check_reg.html?_=1707643260504 HTTP/1.1" 200 22
101.228.146.191 - - [11/Feb/2024:17:21:08 +0800] "GET /xingrg/all/function/internal_message.html?_=1707643268681&CODE_STATE=getMsg HTTP/1.1" 200 27
101.228.146.191 - - [11/Feb/2024:17:21:08 +0800] "GET /xingrg/check_reg.html?_=1707643268684 HTTP/1.1" 200 22
222.64.56.143 - - [11/Feb/2024:17:21:10 +0800] "GET /xingrg/kc/buy/cgsh_order_operate.html?command=get_materiel&rest_code=00147&code=00101010047&supplier_code=00100331&order_time=2024-02-07 HTTP/1.1" 200 431
221.239.172.206 - - [11/Feb/2024:17:21:15 +0800] "GET /xingrg/all/function/internal_message.html?_=1707643274888&CODE_STATE=getMsg HTTP/1.1" 200 27
180.162.115.14 - - [11/Feb/2024:17:21:17 +0800] "GET /xingrg/all/function/internal_message.html?_=1707641758237&CODE_STATE=getMsg HTTP/1.1" 200 27
116.230.123.222 - - [11/Feb/2024:17:21:20 +0800] "GET /xingrg/all/function/internal_message.html?_=1707643277027&CODE_STATE=getMsg HTTP/1.1" 200 27
222.64.56.143 - - [11/Feb/2024:17:21:26 +0800] "GET /xingrg/kc/buy/cgsh_order_operate.html?command=get_materiel&rest_code=00147&code=00101008730&supplier_code=00100331&order_time=2024-02-07 HTTP/1.1" 200 413
116.232.194.112 - - [11/Feb/2024:17:21:34 +0800] "GET /xingrg/all/function/internal_message.html?_=1707643293466&CODE_STATE=getMsg HTTP/1.1" 200 27
222.64.56.143 - - [11/Feb/2024:17:21:35 +0800] "POST /xingrg/kc/buy/cgsh_order_operate.html HTTP/1.1" 200 37
180.164.1.25 - - [11/Feb/2024:17:21:37 +0800] "GET /xingrg/all/function/internal_message.html?_=1707643297134&CODE_STATE=getMsg HTTP/1.1" 200 27
124.78.67.200 - - [11/Feb/2024:17:21:38 +0800] "GET /xingrg/all/function/internal_message.html?_=1707643298134&CODE_STATE=getMsg HTTP/1.1" 200 27
218.81.216.246 - - [11/Feb/2024:17:21:38 +0800] "GET /xingrg/check_reg.html?_=1707643300584 HTTP/1.1" 200 22
218.81.216.246 - - [11/Feb/2024:17:21:38 +0800] "GET /xingrg/all/function/internal_message.html?_=1707643300974&CODE_STATE=getMsg HTTP/1.1" 200 27
116.237.72.243 - - [11/Feb/2024:17:21:40 +0800] "GET /xingrg/all/function/internal_message.html?_=1707643298141&CODE_STATE=getMsg HTTP/1.1" 200 27
180.163.28.143 - - [11/Feb/2024:17:21:41 +0800] "GET /xingrg/check_reg.html?_=1707643238953 HTTP/1.1" 302 -
180.163.28.143 - - [11/Feb/2024:17:21:41 +0800] "GET /xingrg/login.html HTTP/1.1" 200 7641
222.64.56.143 - - [11/Feb/2024:17:21:53 +0800] "POST /xingrg/kc/buy/cgsh_order_operate.html HTTP/1.1" 200 3262
116.224.254.208 - - [11/Feb/2024:17:21:55 +0800] "GET /xingrg/all/function/internal_message.html?_=1707643315630&CODE_STATE=getMsg HTTP/1.1" 200 27
222.64.56.143 - - [11/Feb/2024:17:22:00 +0800] "GET /xingrg/all/function/internal_message.html?_=1707643320478&CODE_STATE=getMsg HTTP/1.1" 200 27
101.228.146.191 - - [11/Feb/2024:17:22:08 +0800] "GET /xingrg/all/function/internal_message.html?_=1707643328684&CODE_STATE=getMsg HTTP/1.1" 200 27
221.239.172.206 - - [11/Feb/2024:17:22:15 +0800] "GET /xingrg/all/function/internal_message.html?_=1707643334888&CODE_STATE=getMsg HTTP/1.1" 200 27
180.162.115.14 - - [11/Feb/2024:17:22:17 +0800] "GET /xingrg/all/function/internal_message.html?_=1707641818229&CODE_STATE=getMsg HTTP/1.1" 200 27
116.230.123.222 - - [11/Feb/2024:17:22:20 +0800] "GET /xingrg/all/function/internal_message.html?_=1707643337039&CODE_STATE=getMsg HTTP/1.1" 200 27
116.232.194.112 - - [11/Feb/2024:17:22:34 +0800] "GET /xingrg/all/function/internal_message.html?_=1707643353442&CODE_STATE=getMsg HTTP/1.1" 200 27
222.64.56.143 - - [11/Feb/2024:17:22:35 +0800] "GET /xingrg/kc/print/load_config.html?kc_code=cgsh HTTP/1.1" 200 1927
222.64.56.143 - - [11/Feb/2024:17:22:36 +0800] "GET /xingrg/kc/print/load_data.html?order_code=212024021103829&kc_code=cgsh&condition= HTTP/1.1" 200 917
180.164.1.25 - - [11/Feb/2024:17:22:37 +0800] "GET /xingrg/all/function/internal_message.html?_=1707643357115&CODE_STATE=getMsg HTTP/1.1" 200 27
222.64.56.143 - - [11/Feb/2024:17:22:37 +0800] "GET /xingrg/javascript/print/install_lodop32.exe HTTP/1.1" 200 2434048
124.78.67.200 - - [11/Feb/2024:17:22:38 +0800] "GET /xingrg/all/function/internal_message.html?_=1707643358123&CODE_STATE=getMsg HTTP/1.1" 200 27
218.81.216.246 - - [11/Feb/2024:17:22:38 +0800] "GET /xingrg/all/function/internal_message.html?_=1707643360988&CODE_STATE=getMsg HTTP/1.1" 200 27
116.237.72.243 - - [11/Feb/2024:17:22:40 +0800] "GET /xingrg/all/function/internal_message.html?_=1707643358113&CODE_STATE=getMsg HTTP/1.1" 200 27
222.64.56.143 - - [11/Feb/2024:17:22:40 +0800] "GET /xingrg/javascript/print/install_lodop32.exe HTTP/1.1" 200 2434048
222.64.56.143 - - [11/Feb/2024:17:22:41 +0800] "GET /xingrg/javascript/print/install_lodop32.exe HTTP/1.1" 200 2434048
221.239.172.206 - - [11/Feb/2024:17:22:51 +0800] "GET /xingrg/check_reg.html?_=1707643370334 HTTP/1.1" 200 22
116.224.254.208 - - [11/Feb/2024:17:22:55 +0800] "GET /xingrg/all/function/internal_message.html?_=1707643375595&CODE_STATE=getMsg HTTP/1.1" 200 27
222.64.56.143 - - [11/Feb/2024:17:23:00 +0800] "GET /xingrg/all/function/internal_message.html?_=1707643380474&CODE_STATE=getMsg HTTP/1.1" 200 27
218.81.216.246 - - [11/Feb/2024:17:23:00 +0800] "GET /xingrg/kc/base/wldb_order_operate.html?command=get_materiel&rest_code=00146&base_code=0010064&code=00102002035 HTTP/1.1" 200 439
116.224.254.208 - - [11/Feb/2024:17:23:01 +0800] "GET /xingrg/check_reg.html?_=1707643381795 HTTP/1.1" 200 22
101.228.146.191 - - [11/Feb/2024:17:23:08 +0800] "GET /xingrg/all/function/internal_message.html?_=1707643388684&CODE_STATE=getMsg HTTP/1.1" 200 27
218.81.216.246 - - [11/Feb/2024:17:23:13 +0800] "POST /xingrg/kc/base/wldb_order_operate.html HTTP/1.1" 200 37
218.81.216.246 - - [11/Feb/2024:17:23:14 +0800] "POST /xingrg/kc/base/wldb_order_operate.html HTTP/1.1" 200 3144
221.239.172.206 - - [11/Feb/2024:17:23:15 +0800] "GET /xingrg/all/function/internal_message.html?_=1707643394890&CODE_STATE=getMsg HTTP/1.1" 200 27
218.81.216.246 - - [11/Feb/2024:17:23:16 +0800] "GET /xingrg/kc/base/wldb_order_info.html?code=422024021101051 HTTP/1.1" 200 30363
218.81.216.246 - - [11/Feb/2024:17:23:16 +0800] "GET /xingrg/javascript/easyui/themes/default/validatebox.css HTTP/1.1" 404 1104
180.162.115.14 - - [11/Feb/2024:17:23:17 +0800] "GET /xingrg/all/function/internal_message.html?_=1707641878228&CODE_STATE=getMsg HTTP/1.1" 200 27
218.81.216.246 - - [11/Feb/2024:17:23:17 +0800] "POST /xingrg/kc/base/wldb_order_operate.html HTTP/1.1" 200 3144
218.81.216.246 - - [11/Feb/2024:17:23:19 +0800] "GET /xingrg/kc/base/wldb_order_add.html HTTP/1.1" 200 30350
218.81.216.246 - - [11/Feb/2024:17:23:19 +0800] "POST /xingrg/kc/base/wldb_order_operate.html HTTP/1.1" 200 6806
218.81.216.246 - - [11/Feb/2024:17:23:19 +0800] "GET /xingrg/javascript/easyui/themes/default/validatebox.css HTTP/1.1" 404 1104
116.230.123.222 - - [11/Feb/2024:17:23:20 +0800] "GET /xingrg/all/function/internal_message.html?_=1707643397023&CODE_STATE=getMsg HTTP/1.1" 200 27
180.162.115.14 - - [11/Feb/2024:17:23:34 +0800] "GET /xingrg/check_reg.html?_=1707641895497 HTTP/1.1" 200 22
116.232.194.112 - - [11/Feb/2024:17:23:34 +0800] "GET /xingrg/all/function/internal_message.html?_=1707643413413&CODE_STATE=getMsg HTTP/1.1" 200 27
116.232.194.112 - - [11/Feb/2024:17:23:35 +0800] "GET /xingrg/check_reg.html?_=1707643413984 HTTP/1.1" 200 22
180.164.1.25 - - [11/Feb/2024:17:23:37 +0800] "GET /xingrg/all/function/internal_message.html?_=1707643417106&CODE_STATE=getMsg HTTP/1.1" 200 27
124.78.67.200 - - [11/Feb/2024:17:23:38 +0800] "GET /xingrg/all/function/internal_message.html?_=1707643418095&CODE_STATE=getMsg HTTP/1.1" 200 27
218.81.216.246 - - [11/Feb/2024:17:23:38 +0800] "GET /xingrg/all/function/internal_message.html?_=1707643421002&CODE_STATE=getMsg HTTP/1.1" 200 27
106.55.200.246 - - [11/Feb/2024:17:23:39 +0800] "GET /xingrg/all/function/internal_message.html?_=1707637658849&CODE_STATE=getMsg HTTP/1.1" 302 -
180.163.29.79 - - [11/Feb/2024:17:23:40 +0800] "GET /xingrg/all/function/internal_message.html?_=1707643358113&CODE_STATE=getMsg HTTP/1.1" 302 -
180.163.29.79 - - [11/Feb/2024:17:23:40 +0800] "GET /xingrg/login.html HTTP/1.1" 200 7641
116.237.72.243 - - [11/Feb/2024:17:23:40 +0800] "GET /xingrg/all/function/internal_message.html?_=1707643418084&CODE_STATE=getMsg HTTP/1.1" 200 27
180.164.1.25 - - [11/Feb/2024:17:23:41 +0800] "GET /xingrg/check_reg.html?_=1707643421816 HTTP/1.1" 200 22
106.55.202.193 - - [11/Feb/2024:17:23:43 +0800] "GET /xingrg/login.html HTTP/1.1" 200 7641
218.81.216.246 - - [11/Feb/2024:17:23:53 +0800] "GET /xingrg/kc/base/wldb_order_operate.html?command=get_materiel&rest_code=00146&base_code=0010063&code=00101016043 HTTP/1.1" 200 458
116.224.254.208 - - [11/Feb/2024:17:23:55 +0800] "GET /xingrg/all/function/internal_message.html?_=1707643435556&CODE_STATE=getMsg HTTP/1.1" 200 27
222.64.56.143 - - [11/Feb/2024:17:24:00 +0800] "GET /xingrg/all/function/internal_message.html?_=1707643440488&CODE_STATE=getMsg HTTP/1.1" 200 27
222.64.56.143 - - [11/Feb/2024:17:24:01 +0800] "POST /xingrg/kc/buy/cgsh_list_operate.html HTTP/1.1" 200 6070
218.81.216.246 - - [11/Feb/2024:17:24:08 +0800] "GET /xingrg/kc/base/wldb_order_operate.html?command=get_materiel&rest_code=00146&base_code=0010063&code=00101016125 HTTP/1.1" 200 460
101.228.146.191 - - [11/Feb/2024:17:24:08 +0800] "GET /xingrg/all/function/internal_message.html?_=1707643448685&CODE_STATE=getMsg HTTP/1.1" 200 27
221.239.172.206 - - [11/Feb/2024:17:24:15 +0800] "GET /xingrg/all/function/internal_message.html?_=1707643454891&CODE_STATE=getMsg HTTP/1.1" 200 27
180.162.115.14 - - [11/Feb/2024:17:24:17 +0800] "GET /xingrg/all/function/internal_message.html?_=1707641938218&CODE_STATE=getMsg HTTP/1.1" 200 27
218.81.216.246 - - [11/Feb/2024:17:24:17 +0800] "GET /xingrg/kc/base/wldb_order_operate.html?command=get_materiel&rest_code=00146&base_code=0010063&code=00101016044 HTTP/1.1" 200 466
116.230.123.222 - - [11/Feb/2024:17:24:20 +0800] "GET /xingrg/all/function/internal_message.html?_=1707643457008&CODE_STATE=getMsg HTTP/1.1" 200 27
218.81.216.246 - - [11/Feb/2024:17:24:29 +0800] "POST /xingrg/kc/base/wldb_order_operate.html HTTP/1.1" 200 37
218.81.216.246 - - [11/Feb/2024:17:24:30 +0800] "POST /xingrg/kc/base/wldb_order_operate.html HTTP/1.1" 200 2210
218.81.216.246 - - [11/Feb/2024:17:24:30 +0800] "GET /xingrg/kc/base/wldb_order_info.html?code=422024021101052 HTTP/1.1" 200 30365
218.81.216.246 - - [11/Feb/2024:17:24:31 +0800] "GET /xingrg/javascript/easyui/themes/default/validatebox.css HTTP/1.1" 404 1104
218.81.216.246 - - [11/Feb/2024:17:24:31 +0800] "POST /xingrg/kc/base/wldb_order_operate.html HTTP/1.1" 200 2210
116.232.194.112 - - [11/Feb/2024:17:24:34 +0800] "GET /xingrg/all/function/internal_message.html?_=1707643473393&CODE_STATE=getMsg HTTP/1.1" 200 27
218.81.216.246 - - [11/Feb/2024:17:24:36 +0800] "GET /xingrg/kc/base/wldb_order_add.html HTTP/1.1" 200 30350
218.81.216.246 - - [11/Feb/2024:17:24:36 +0800] "POST /xingrg/kc/base/wldb_order_operate.html HTTP/1.1" 200 6806
218.81.216.246 - - [11/Feb/2024:17:24:36 +0800] "GET /xingrg/javascript/easyui/themes/default/validatebox.css HTTP/1.1" 404 1104
180.164.1.25 - - [11/Feb/2024:17:24:37 +0800] "GET /xingrg/all/function/internal_message.html?_=1707643477096&CODE_STATE=getMsg HTTP/1.1" 200 27
124.78.67.200 - - [11/Feb/2024:17:24:38 +0800] "GET /xingrg/all/function/internal_message.html?_=1707643478069&CODE_STATE=getMsg HTTP/1.1" 200 27
218.81.216.246 - - [11/Feb/2024:17:24:38 +0800] "GET /xingrg/all/function/internal_message.html?_=1707643481016&CODE_STATE=getMsg HTTP/1.1" 200 27
116.237.72.243 - - [11/Feb/2024:17:24:40 +0800] "GET /xingrg/all/function/internal_message.html?_=1707643478055&CODE_STATE=getMsg HTTP/1.1" 200 27
116.224.254.208 - - [11/Feb/2024:17:24:55 +0800] "GET /xingrg/all/function/internal_message.html?_=1707643495519&CODE_STATE=getMsg HTTP/1.1" 200 27
106.55.201.50 - - [11/Feb/2024:17:25:00 +0800] "GET /xingrg/all/function/internal_message.html?_=1707635438804&CODE_STATE=getMsg HTTP/1.1" 302 -
81.71.5.172 - - [11/Feb/2024:17:25:00 +0800] "GET /xingrg/login.html HTTP/1.1" 200 7641
222.64.56.143 - - [11/Feb/2024:17:25:00 +0800] "GET /xingrg/all/function/internal_message.html?_=1707643500475&CODE_STATE=getMsg HTTP/1.1" 200 27
218.81.216.246 - - [11/Feb/2024:17:25:00 +0800] "GET /xingrg/kc/base/wldb_order_operate.html?command=get_materiel&rest_code=00146&base_code=0010063&code=00101019185 HTTP/1.1" 200 469
124.78.67.200 - - [11/Feb/2024:17:25:02 +0800] "GET /xingrg/check_reg.html?_=1707643502308 HTTP/1.1" 200 22
101.228.146.191 - - [11/Feb/2024:17:25:08 +0800] "GET /xingrg/all/function/internal_message.html?_=1707643508684&CODE_STATE=getMsg HTTP/1.1" 200 27
106.55.200.233 - - [11/Feb/2024:17:25:10 +0800] "GET /xingrg/check_reg.html?_=1707635738823 HTTP/1.1" 302 -
218.81.216.246 - - [11/Feb/2024:17:25:11 +0800] "POST /xingrg/kc/base/wldb_order_operate.html HTTP/1.1" 200 37
106.55.202.186 - - [11/Feb/2024:17:25:11 +0800] "GET /xingrg/login.html HTTP/1.1" 200 7641
218.81.216.246 - - [11/Feb/2024:17:25:12 +0800] "POST /xingrg/kc/base/wldb_order_operate.html HTTP/1.1" 200 2214
218.81.216.246 - - [11/Feb/2024:17:25:12 +0800] "GET /xingrg/kc/base/wldb_order_info.html?code=422024021101053 HTTP/1.1" 200 30365
218.81.216.246 - - [11/Feb/2024:17:25:13 +0800] "GET /xingrg/javascript/easyui/themes/default/validatebox.css HTTP/1.1" 404 1104
218.81.216.246 - - [11/Feb/2024:17:25:13 +0800] "POST /xingrg/kc/base/wldb_order_operate.html HTTP/1.1" 200 2214
221.239.172.206 - - [11/Feb/2024:17:25:15 +0800] "GET /xingrg/all/function/internal_message.html?_=1707643514891&CODE_STATE=getMsg HTTP/1.1" 200 27
218.81.216.246 - - [11/Feb/2024:17:25:16 +0800] "GET /xingrg/kc/base/wldb_order_add.html HTTP/1.1" 200 30350
218.81.216.246 - - [11/Feb/2024:17:25:16 +0800] "POST /xingrg/kc/base/wldb_order_operate.html HTTP/1.1" 200 6806
218.81.216.246 - - [11/Feb/2024:17:25:16 +0800] "GET /xingrg/javascript/easyui/themes/default/validatebox.css HTTP/1.1" 404 1104
180.162.115.14 - - [11/Feb/2024:17:25:17 +0800] "GET /xingrg/all/function/internal_message.html?_=1707641998215&CODE_STATE=getMsg HTTP/1.1" 200 27
116.230.123.222 - - [11/Feb/2024:17:25:20 +0800] "GET /xingrg/all/function/internal_message.html?_=1707643516993&CODE_STATE=getMsg HTTP/1.1" 200 27
222.64.56.143 - - [11/Feb/2024:17:25:21 +0800] "POST /xingrg/kc/buy/cgsh_list_operate.html HTTP/1.1" 200 281
222.64.56.143 - - [11/Feb/2024:17:25:22 +0800] "GET /xingrg/kc/buy/cgsh_order_info.html?code=212024021103829 HTTP/1.1" 200 73525
222.64.56.143 - - [11/Feb/2024:17:25:23 +0800] "GET /xingrg/javascript/easyui/themes/default/validatebox.css HTTP/1.1" 404 1104
222.64.56.143 - - [11/Feb/2024:17:25:24 +0800] "POST /xingrg/kc/buy/cgsh_order_operate.html HTTP/1.1" 200 3262
116.230.123.222 - - [11/Feb/2024:17:25:25 +0800] "GET /xingrg/check_reg.html?_=1707643521488 HTTP/1.1" 200 22
222.64.56.143 - - [11/Feb/2024:17:25:30 +0800] "GET /xingrg/kc/buy/cgsh_order_add.html HTTP/1.1" 200 73514
222.64.56.143 - - [11/Feb/2024:17:25:30 +0800] "POST /xingrg/kc/buy/cgsh_order_operate.html HTTP/1.1" 200 8245
222.64.56.143 - - [11/Feb/2024:17:25:30 +0800] "GET /xingrg/javascript/easyui/themes/default/validatebox.css HTTP/1.1" 404 1104
116.232.194.112 - - [11/Feb/2024:17:25:34 +0800] "GET /xingrg/all/function/internal_message.html?_=1707643533372&CODE_STATE=getMsg HTTP/1.1" 200 27
180.164.1.25 - - [11/Feb/2024:17:25:37 +0800] "GET /xingrg/all/function/internal_message.html?_=1707643537088&CODE_STATE=getMsg HTTP/1.1" 200 27
218.81.216.246 - - [11/Feb/2024:17:25:37 +0800] "GET /xingrg/kc/base/wldb_order_operate.html?command=get_materiel&rest_code=00146&base_code=0010063&code=00101019133 HTTP/1.1" 200 480
124.78.67.200 - - [11/Feb/2024:17:25:38 +0800] "GET /xingrg/all/function/internal_message.html?_=1707643538048&CODE_STATE=getMsg HTTP/1.1" 200 27
218.81.216.246 - - [11/Feb/2024:17:25:38 +0800] "GET /xingrg/all/function/internal_message.html?_=1707643541030&CODE_STATE=getMsg HTTP/1.1" 200 27
116.237.72.243 - - [11/Feb/2024:17:25:40 +0800] "GET /xingrg/all/function/internal_message.html?_=1707643538027&CODE_STATE=getMsg HTTP/1.1" 200 27
180.163.29.103 - - [11/Feb/2024:17:25:41 +0800] "GET /xingrg/all/function/internal_message.html?_=1707643478055&CODE_STATE=getMsg HTTP/1.1" 302 -
180.163.29.103 - - [11/Feb/2024:17:25:41 +0800] "GET /xingrg/login.html HTTP/1.1" 200 7641
116.237.72.243 - - [11/Feb/2024:17:25:41 +0800] "GET /xingrg/check_reg.html?_=1707643538934 HTTP/1.1" 200 22
222.64.56.143 - - [11/Feb/2024:17:25:41 +0800] "GET /xingrg/kc/buy/cgsh_order_operate.html?command=get_materiel&rest_code=00147&code=00101002006&supplier_code=00100091&order_time=2024-02-07 HTTP/1.1" 200 434
218.81.216.246 - - [11/Feb/2024:17:25:48 +0800] "GET /xingrg/kc/base/wldb_order_operate.html?command=get_materiel&rest_code=00146&base_code=0010063&code=00101019391 HTTP/1.1" 200 485
222.64.56.143 - - [11/Feb/2024:17:25:53 +0800] "POST /xingrg/kc/buy/cgsh_order_operate.html HTTP/1.1" 200 37
116.224.254.208 - - [11/Feb/2024:17:25:55 +0800] "GET /xingrg/all/function/internal_message.html?_=1707643555490&CODE_STATE=getMsg HTTP/1.1" 200 27
222.64.56.143 - - [11/Feb/2024:17:25:55 +0800] "POST /xingrg/kc/buy/cgsh_order_operate.html HTTP/1.1" 200 2663
222.64.56.143 - - [11/Feb/2024:17:25:57 +0800] "GET /xingrg/kc/print/load_data.html?order_code=212024021103830&kc_code=cgsh&condition= HTTP/1.1" 200 752
218.81.216.246 - - [11/Feb/2024:17:25:58 +0800] "POST /xingrg/kc/base/wldb_order_operate.html HTTP/1.1" 200 37
218.81.216.246 - - [11/Feb/2024:17:25:58 +0800] "POST /xingrg/kc/base/wldb_order_operate.html HTTP/1.1" 200 2739
218.81.216.246 - - [11/Feb/2024:17:25:59 +0800] "GET /xingrg/kc/base/wldb_order_info.html?code=422024021101054 HTTP/1.1" 200 30364
218.81.216.246 - - [11/Feb/2024:17:25:59 +0800] "GET /xingrg/javascript/easyui/themes/default/validatebox.css HTTP/1.1" 404 1104
218.81.216.246 - - [11/Feb/2024:17:26:00 +0800] "POST /xingrg/kc/base/wldb_order_operate.html HTTP/1.1" 200 2739
222.64.56.143 - - [11/Feb/2024:17:26:00 +0800] "GET /xingrg/all/function/internal_message.html?_=1707643560474&CODE_STATE=getMsg HTTP/1.1" 200 27
222.64.56.143 - - [11/Feb/2024:17:26:00 +0800] "GET /xingrg/check_reg.html?_=1707643560477 HTTP/1.1" 200 22
218.81.216.246 - - [11/Feb/2024:17:26:02 +0800] "GET /xingrg/kc/base/wldb_order_add.html HTTP/1.1" 200 30350
218.81.216.246 - - [11/Feb/2024:17:26:02 +0800] "POST /xingrg/kc/base/wldb_order_operate.html HTTP/1.1" 200 6806
218.81.216.246 - - [11/Feb/2024:17:26:02 +0800] "GET /xingrg/javascript/easyui/themes/default/validatebox.css HTTP/1.1" 404 1104
101.228.146.191 - - [11/Feb/2024:17:26:08 +0800] "GET /xingrg/check_reg.html?_=1707643568683 HTTP/1.1" 200 22
101.228.146.191 - - [11/Feb/2024:17:26:08 +0800] "GET /xingrg/all/function/internal_message.html?_=1707643568685&CODE_STATE=getMsg HTTP/1.1" 200 27
221.239.172.206 - - [11/Feb/2024:17:26:15 +0800] "GET /xingrg/all/function/internal_message.html?_=1707643574889&CODE_STATE=getMsg HTTP/1.1" 200 27
180.162.115.14 - - [11/Feb/2024:17:26:17 +0800] "GET /xingrg/all/function/internal_message.html?_=1707642058207&CODE_STATE=getMsg HTTP/1.1" 200 27
116.230.123.222 - - [11/Feb/2024:17:26:20 +0800] "GET /xingrg/all/function/internal_message.html?_=1707643576964&CODE_STATE=getMsg HTTP/1.1" 200 27
218.81.216.246 - - [11/Feb/2024:17:26:21 +0800] "GET /xingrg/kc/base/wldb_order_operate.html?command=get_materiel&rest_code=00146&base_code=0010063&code=00101016094 HTTP/1.1" 200 470
218.81.216.246 - - [11/Feb/2024:17:26:30 +0800] "POST /xingrg/kc/base/wldb_order_operate.html HTTP/1.1" 200 37
218.81.216.246 - - [11/Feb/2024:17:26:30 +0800] "POST /xingrg/kc/base/wldb_order_operate.html HTTP/1.1" 200 2214
218.81.216.246 - - [11/Feb/2024:17:26:31 +0800] "GET /xingrg/kc/base/wldb_order_info.html?code=422024021101055 HTTP/1.1" 200 30365
218.81.216.246 - - [11/Feb/2024:17:26:32 +0800] "GET /xingrg/javascript/easyui/themes/default/validatebox.css HTTP/1.1" 404 1104
218.81.216.246 - - [11/Feb/2024:17:26:33 +0800] "POST /xingrg/kc/base/wldb_order_operate.html HTTP/1.1" 200 2214
116.232.194.112 - - [11/Feb/2024:17:26:34 +0800] "GET /xingrg/all/function/internal_message.html?_=1707643593357&CODE_STATE=getMsg HTTP/1.1" 200 27
218.81.216.246 - - [11/Feb/2024:17:26:35 +0800] "GET /xingrg/kc/base/wldb_order_add.html HTTP/1.1" 200 30350
218.81.216.246 - - [11/Feb/2024:17:26:35 +0800] "POST /xingrg/kc/base/wldb_order_operate.html HTTP/1.1" 200 6806
218.81.216.246 - - [11/Feb/2024:17:26:35 +0800] "GET /xingrg/javascript/easyui/themes/default/validatebox.css HTTP/1.1" 404 1104
180.164.1.25 - - [11/Feb/2024:17:26:37 +0800] "GET /xingrg/all/function/internal_message.html?_=1707643597083&CODE_STATE=getMsg HTTP/1.1" 200 27
124.78.67.200 - - [11/Feb/2024:17:26:38 +0800] "GET /xingrg/all/function/internal_message.html?_=1707643598034&CODE_STATE=getMsg HTTP/1.1" 200 27
218.81.216.246 - - [11/Feb/2024:17:26:38 +0800] "GET /xingrg/check_reg.html?_=1707643600591 HTTP/1.1" 200 22
218.81.216.246 - - [11/Feb/2024:17:26:38 +0800] "GET /xingrg/all/function/internal_message.html?_=1707643601077&CODE_STATE=getMsg HTTP/1.1" 200 27
116.237.72.243 - - [11/Feb/2024:17:26:40 +0800] "GET /xingrg/all/function/internal_message.html?_=1707643598012&CODE_STATE=getMsg HTTP/1.1" 200 27
180.163.28.109 - - [11/Feb/2024:17:26:42 +0800] "GET /xingrg/check_reg.html?_=1707643538934 HTTP/1.1" 302 -
180.163.28.109 - - [11/Feb/2024:17:26:42 +0800] "GET /xingrg/login.html HTTP/1.1" 200 7641
116.224.254.208 - - [11/Feb/2024:17:26:55 +0800] "GET /xingrg/all/function/internal_message.html?_=1707643615484&CODE_STATE=getMsg HTTP/1.1" 200 27
218.81.216.246 - - [11/Feb/2024:17:26:56 +0800] "GET /xingrg/kc/base/wldb_order_operate.html?command=get_materiel&rest_code=00146&base_code=0010063&code=00101010057 HTTP/1.1" 200 438
222.64.56.143 - - [11/Feb/2024:17:27:00 +0800] "GET /xingrg/all/function/internal_message.html?_=1707643620485&CODE_STATE=getMsg HTTP/1.1" 200 27
218.81.216.246 - - [11/Feb/2024:17:27:08 +0800] "GET /xingrg/kc/base/wldb_order_operate.html?command=get_materiel&rest_code=00146&base_code=0010063&code=00101019015 HTTP/1.1" 200 451
101.228.146.191 - - [11/Feb/2024:17:27:08 +0800] "GET /xingrg/all/function/internal_message.html?_=1707643628683&CODE_STATE=getMsg HTTP/1.1" 200 27
221.239.172.206 - - [11/Feb/2024:17:27:15 +0800] "GET /xingrg/all/function/internal_message.html?_=1707643634891&CODE_STATE=getMsg HTTP/1.1" 200 27
180.162.115.14 - - [11/Feb/2024:17:27:17 +0800] "GET /xingrg/all/function/internal_message.html?_=1707642118192&CODE_STATE=getMsg HTTP/1.1" 200 27
116.230.123.222 - - [11/Feb/2024:17:27:20 +0800] "GET /xingrg/all/function/internal_message.html?_=1707643636948&CODE_STATE=getMsg HTTP/1.1" 200 27
218.81.216.246 - - [11/Feb/2024:17:27:24 +0800] "GET /xingrg/kc/base/wldb_order_operate.html?command=get_materiel&rest_code=00146&base_code=0010063&code=00101019063 HTTP/1.1" 200 462
116.232.194.112 - - [11/Feb/2024:17:27:34 +0800] "GET /xingrg/all/function/internal_message.html?_=1707643653340&CODE_STATE=getMsg HTTP/1.1" 200 27
180.164.1.25 - - [11/Feb/2024:17:27:37 +0800] "GET /xingrg/all/function/internal_message.html?_=1707643657059&CODE_STATE=getMsg HTTP/1.1" 200 27
218.81.216.246 - - [11/Feb/2024:17:27:37 +0800] "POST /xingrg/services/DataTransmitService HTTP/1.1" 200 501
124.78.67.200 - - [11/Feb/2024:17:27:37 +0800] "GET /xingrg/all/function/internal_message.html?_=1707643658009&CODE_STATE=getMsg HTTP/1.1" 200 27
218.81.216.246 - - [11/Feb/2024:17:27:38 +0800] "GET /xingrg/all/function/internal_message.html?_=1707643661088&CODE_STATE=getMsg HTTP/1.1" 200 27
218.81.216.246 - - [11/Feb/2024:17:27:38 +0800] "POST /xingrg/services/DataTransmitService HTTP/1.1" 200 501
218.81.216.246 - - [11/Feb/2024:17:27:39 +0800] "GET /xingrg/kc/base/wldb_order_operate.html?command=get_materiel&rest_code=00146&base_code=0010063&code=00101019187 HTTP/1.1" 200 479
116.237.72.243 - - [11/Feb/2024:17:27:40 +0800] "GET /xingrg/all/function/internal_message.html?_=1707643657998&CODE_STATE=getMsg HTTP/1.1" 200 27
221.239.172.206 - - [11/Feb/2024:17:27:51 +0800] "GET /xingrg/check_reg.html?_=1707643670338 HTTP/1.1" 200 22
218.81.216.246 - - [11/Feb/2024:17:27:55 +0800] "POST /xingrg/services/DataTransmitService HTTP/1.1" 200 501
116.224.254.208 - - [11/Feb/2024:17:27:55 +0800] "GET /xingrg/all/function/internal_message.html?_=1707643675448&CODE_STATE=getMsg HTTP/1.1" 200 27
222.64.56.143 - - [11/Feb/2024:17:28:00 +0800] "GET /xingrg/all/function/internal_message.html?_=1707643680476&CODE_STATE=getMsg HTTP/1.1" 200 27
116.224.254.208 - - [11/Feb/2024:17:28:01 +0800] "GET /xingrg/check_reg.html?_=1707643681754 HTTP/1.1" 200 22
101.228.146.191 - - [11/Feb/2024:17:28:08 +0800] "GET /xingrg/all/function/internal_message.html?_=1707643688682&CODE_STATE=getMsg HTTP/1.1" 200 27
218.81.216.246 - - [11/Feb/2024:17:28:11 +0800] "POST /xingrg/services/DataTransmitService HTTP/1.1" 200 501
218.81.216.246 - - [11/Feb/2024:17:28:12 +0800] "POST /xingrg/services/DataTransmitService HTTP/1.1" 200 501
218.81.216.246 - - [11/Feb/2024:17:28:13 +0800] "POST /xingrg/services/DataTransmitService HTTP/1.1" 200 501
221.239.172.206 - - [11/Feb/2024:17:28:15 +0800] "GET /xingrg/all/function/internal_message.html?_=1707643694893&CODE_STATE=getMsg HTTP/1.1" 200 27
180.162.115.14 - - [11/Feb/2024:17:28:17 +0800] "GET /xingrg/all/function/internal_message.html?_=1707642178191&CODE_STATE=getMsg HTTP/1.1" 200 27
218.81.216.246 - - [11/Feb/2024:17:28:20 +0800] "GET /xingrg/kc/base/wldb_order_operate.html?command=get_materiel&rest_code=00146&base_code=0010063&code=00101019267 HTTP/1.1" 200 479
116.230.123.222 - - [11/Feb/2024:17:28:20 +0800] "GET /xingrg/all/function/internal_message.html?_=1707643696921&CODE_STATE=getMsg HTTP/1.1" 200 27
218.81.216.246 - - [11/Feb/2024:17:28:21 +0800] "POST /xingrg/services/DataTransmitService HTTP/1.1" 200 501
218.81.216.246 - - [11/Feb/2024:17:28:22 +0800] "POST /xingrg/services/DataTransmitService HTTP/1.1" 200 501
218.81.216.246 - - [11/Feb/2024:17:28:23 +0800] "POST /xingrg/services/DataTransmitService HTTP/1.1" 200 501
218.81.216.246 - - [11/Feb/2024:17:28:24 +0800] "POST /xingrg/services/DataTransmitService HTTP/1.1" 200 412
180.162.115.14 - - [11/Feb/2024:17:28:34 +0800] "GET /xingrg/check_reg.html?_=1707642195480 HTTP/1.1" 200 22
116.232.194.112 - - [11/Feb/2024:17:28:34 +0800] "GET /xingrg/all/function/internal_message.html?_=1707643713317&CODE_STATE=getMsg HTTP/1.1" 200 27
116.232.194.112 - - [11/Feb/2024:17:28:35 +0800] "GET /xingrg/check_reg.html?_=1707643713968 HTTP/1.1" 200 22
180.164.1.25 - - [11/Feb/2024:17:28:37 +0800] "GET /xingrg/all/function/internal_message.html?_=1707643717043&CODE_STATE=getMsg HTTP/1.1" 200 27
124.78.67.200 - - [11/Feb/2024:17:28:37 +0800] "GET /xingrg/all/function/internal_message.html?_=1707643717990&CODE_STATE=getMsg HTTP/1.1" 200 27
218.81.216.246 - - [11/Feb/2024:17:28:38 +0800] "GET /xingrg/all/function/internal_message.html?_=1707643721101&CODE_STATE=getMsg HTTP/1.1" 200 27
116.237.72.243 - - [11/Feb/2024:17:28:40 +0800] "GET /xingrg/all/function/internal_message.html?_=1707643717982&CODE_STATE=getMsg HTTP/1.1" 200 27
180.164.1.25 - - [11/Feb/2024:17:28:41 +0800] "GET /xingrg/check_reg.html?_=1707643721823 HTTP/1.1" 200 22
116.224.254.208 - - [11/Feb/2024:17:28:55 +0800] "GET /xingrg/all/function/internal_message.html?_=1707643735424&CODE_STATE=getMsg HTTP/1.1" 200 27
106.55.202.186 - - [11/Feb/2024:17:28:59 +0800] "GET /xingrg/all/function/internal_message.html?_=1707631838756&CODE_STATE=getMsg HTTP/1.1" 302 -
222.64.56.143 - - [11/Feb/2024:17:29:00 +0800] "GET /xingrg/all/function/internal_message.html?_=1707643740492&CODE_STATE=getMsg HTTP/1.1" 200 27
106.55.202.186 - - [11/Feb/2024:17:29:02 +0800] "GET /xingrg/login.html HTTP/1.1" 200 7641
101.228.146.191 - - [11/Feb/2024:17:29:08 +0800] "GET /xingrg/all/function/internal_message.html?_=1707643748706&CODE_STATE=getMsg HTTP/1.1" 200 27
218.81.216.246 - - [11/Feb/2024:17:29:09 +0800] "GET /xingrg/kc/base/wldb_order_operate.html?command=get_materiel&rest_code=00146&base_code=0010063&code=00101019258 HTTP/1.1" 200 483
221.239.172.206 - - [11/Feb/2024:17:29:15 +0800] "GET /xingrg/all/function/internal_message.html?_=1707643754892&CODE_STATE=getMsg HTTP/1.1" 200 27
180.162.115.14 - - [11/Feb/2024:17:29:17 +0800] "GET /xingrg/all/function/internal_message.html?_=1707642238174&CODE_STATE=getMsg HTTP/1.1" 200 27
81.71.5.172 - - [11/Feb/2024:17:29:19 +0800] "GET /xingrg/check_reg.html?_=1707632138764 HTTP/1.1" 302 -
116.230.123.222 - - [11/Feb/2024:17:29:20 +0800] "GET /xingrg/all/function/internal_message.html?_=1707643756906&CODE_STATE=getMsg HTTP/1.1" 200 27
106.55.201.50 - - [11/Feb/2024:17:29:22 +0800] "GET /xingrg/login.html HTTP/1.1" 200 7641
218.81.216.246 - - [11/Feb/2024:17:29:27 +0800] "POST /xingrg/kc/base/wldb_order_operate.html HTTP/1.1" 200 37
218.81.216.246 - - [11/Feb/2024:17:29:28 +0800] "POST /xingrg/kc/base/wldb_order_operate.html HTTP/1.1" 200 4702
218.81.216.246 - - [11/Feb/2024:17:29:28 +0800] "GET /xingrg/kc/base/wldb_order_info.html?code=422024021101056 HTTP/1.1" 200 30365
218.81.216.246 - - [11/Feb/2024:17:29:29 +0800] "GET /xingrg/javascript/easyui/themes/default/validatebox.css HTTP/1.1" 404 1104
218.81.216.246 - - [11/Feb/2024:17:29:29 +0800] "POST /xingrg/kc/base/wldb_order_operate.html HTTP/1.1" 200 4702
218.81.216.246 - - [11/Feb/2024:17:29:33 +0800] "GET /xingrg/kc/base/wldb_order_add.html HTTP/1.1" 200 30350
218.81.216.246 - - [11/Feb/2024:17:29:34 +0800] "POST /xingrg/kc/base/wldb_order_operate.html HTTP/1.1" 200 6806
218.81.216.246 - - [11/Feb/2024:17:29:34 +0800] "GET /xingrg/javascript/easyui/themes/default/validatebox.css HTTP/1.1" 404 1104
116.232.194.112 - - [11/Feb/2024:17:29:34 +0800] "GET /xingrg/all/function/internal_message.html?_=1707643773300&CODE_STATE=getMsg HTTP/1.1" 200 27
180.164.1.25 - - [11/Feb/2024:17:29:37 +0800] "GET /xingrg/all/function/internal_message.html?_=1707643777045&CODE_STATE=getMsg HTTP/1.1" 200 27
124.78.67.200 - - [11/Feb/2024:17:29:37 +0800] "GET /xingrg/all/function/internal_message.html?_=1707643777964&CODE_STATE=getMsg HTTP/1.1" 200 27
218.81.216.246 - - [11/Feb/2024:17:29:38 +0800] "GET /xingrg/all/function/internal_message.html?_=1707643781115&CODE_STATE=getMsg HTTP/1.1" 200 27
180.163.30.27 - - [11/Feb/2024:17:29:40 +0800] "GET /xingrg/all/function/internal_message.html?_=1707643717982&CODE_STATE=getMsg HTTP/1.1" 302 -
116.237.72.243 - - [11/Feb/2024:17:29:40 +0800] "GET /xingrg/all/function/internal_message.html?_=1707643777967&CODE_STATE=getMsg HTTP/1.1" 200 27
180.163.30.27 - - [11/Feb/2024:17:29:40 +0800] "GET /xingrg/login.html HTTP/1.1" 200 7641
124.79.241.29 - - [11/Feb/2024:17:29:48 +0800] "POST /xingrg/services/DataTransmitService HTTP/1.1" 200 524
124.79.241.29 - - [11/Feb/2024:17:29:50 +0800] "POST /xingrg/services/DataTransmitService HTTP/1.1" 200 412
218.81.216.246 - - [11/Feb/2024:17:29:50 +0800] "GET /xingrg/kc/base/wldb_order_operate.html?command=get_materiel&rest_code=00146&base_code=0010063&code=00101019438 HTTP/1.1" 200 463
116.224.254.208 - - [11/Feb/2024:17:29:55 +0800] "GET /xingrg/all/function/internal_message.html?_=1707643795393&CODE_STATE=getMsg HTTP/1.1" 200 27
222.64.56.143 - - [11/Feb/2024:17:30:00 +0800] "GET /xingrg/all/function/internal_message.html?_=1707643800492&CODE_STATE=getMsg HTTP/1.1" 200 27
124.78.67.200 - - [11/Feb/2024:17:30:02 +0800] "GET /xingrg/check_reg.html?_=1707643802285 HTTP/1.1" 200 22
106.55.202.193 - - [11/Feb/2024:17:30:03 +0800] "GET /xingrg/all/function/internal_message.html?_=1707635558817&CODE_STATE=getMsg HTTP/1.1" 302 -
106.55.202.186 - - [11/Feb/2024:17:30:03 +0800] "GET /xingrg/login.html HTTP/1.1" 200 7641
101.228.146.191 - - [11/Feb/2024:17:30:08 +0800] "GET /xingrg/all/function/internal_message.html?_=1707643808705&CODE_STATE=getMsg HTTP/1.1" 200 27
218.81.216.246 - - [11/Feb/2024:17:30:12 +0800] "GET /xingrg/kc/base/wldb_order_operate.html?command=get_materiel&rest_code=00146&base_code=0010063&code=00101019253 HTTP/1.1" 200 482
221.239.172.206 - - [11/Feb/2024:17:30:15 +0800] "GET /xingrg/all/function/internal_message.html?_=1707643814895&CODE_STATE=getMsg HTTP/1.1" 200 27
106.55.200.246 - - [11/Feb/2024:17:30:16 +0800] "GET /xingrg/all/function/internal_message.html?_=1707632078755&CODE_STATE=getMsg HTTP/1.1" 302 -
180.162.115.14 - - [11/Feb/2024:17:30:17 +0800] "GET /xingrg/all/function/internal_message.html?_=1707642298162&CODE_STATE=getMsg HTTP/1.1" 200 27
106.55.200.45 - - [11/Feb/2024:17:30:18 +0800] "GET /xingrg/login.html HTTP/1.1" 200 7641
116.230.123.222 - - [11/Feb/2024:17:30:20 +0800] "GET /xingrg/all/function/internal_message.html?_=1707643816891&CODE_STATE=getMsg HTTP/1.1" 200 27
116.230.123.222 - - [11/Feb/2024:17:30:25 +0800] "GET /xingrg/check_reg.html?_=1707643821464 HTTP/1.1" 200 22
218.81.216.246 - - [11/Feb/2024:17:30:33 +0800] "GET /xingrg/kc/base/wldb_order_operate.html?command=get_materiel&rest_code=00146&base_code=0010063&code=00101019257 HTTP/1.1" 200 478
