218.81.216.246 - - [11/Feb/2024:10:44:28 +0800] "POST /xingrg/services/DataTransmitService HTTP/1.1" 200 19237
114.83.221.124 - - [11/Feb/2024:10:44:32 +0800] "GET /xingrg/kc/buy/cgsh_order_operate.html?command=get_materiel&rest_code=00149&code=00101009045&supplier_code=00100201&order_time=2024-02-11 HTTP/1.1" 200 412
124.78.67.200 - - [11/Feb/2024:10:44:45 +0800] "GET /xingrg/all/function/internal_message.html?_=1707619485217&CODE_STATE=getMsg HTTP/1.1" 200 27
114.83.221.124 - - [11/Feb/2024:10:44:45 +0800] "POST /xingrg/kc/buy/cgsh_order_operate.html HTTP/1.1" 200 37
116.237.72.243 - - [11/Feb/2024:10:44:47 +0800] "GET /xingrg/all/function/internal_message.html?_=1707619485318&CODE_STATE=getMsg HTTP/1.1" 200 27
218.81.216.246 - - [11/Feb/2024:10:44:52 +0800] "POST /xingrg/services/DataTransmitService HTTP/1.1" 200 524
114.83.221.124 - - [11/Feb/2024:10:44:53 +0800] "POST /xingrg/kc/buy/cgsh_order_operate.html HTTP/1.1" 200 12
218.81.216.246 - - [11/Feb/2024:10:44:53 +0800] "POST /xingrg/services/DataTransmitService HTTP/1.1" 200 2331
101.83.145.37 - - [11/Feb/2024:10:44:54 +0800] "GET /xingrg/all/function/internal_message.html?_=1707619259644&CODE_STATE=getMsg HTTP/1.1" 200 27
114.83.221.124 - - [11/Feb/2024:10:44:55 +0800] "GET /xingrg/all/function/internal_message.html?_=1707619495315&CODE_STATE=getMsg HTTP/1.1" 200 27
114.83.221.124 - - [11/Feb/2024:10:44:56 +0800] "GET /xingrg/kc/buy/cgsh_order_info.html?code=212024021103768 HTTP/1.1" 200 68464
114.83.221.124 - - [11/Feb/2024:10:44:56 +0800] "GET /xingrg/javascript/easyui/themes/default/validatebox.css HTTP/1.1" 404 1104
114.83.221.124 - - [11/Feb/2024:10:44:57 +0800] "POST /xingrg/kc/buy/cgsh_order_operate.html HTTP/1.1" 200 607
218.81.216.246 - - [11/Feb/2024:10:45:00 +0800] "POST /xingrg/services/DataTransmitService HTTP/1.1" 200 524
116.224.254.208 - - [11/Feb/2024:10:45:02 +0800] "GET /xingrg/all/function/internal_message.html?_=1707619503061&CODE_STATE=getMsg HTTP/1.1" 200 27
114.83.221.124 - - [11/Feb/2024:10:45:03 +0800] "GET /xingrg/kc/print/load_data.html?order_code=212024021103768&kc_code=cgsh&condition= HTTP/1.1" 200 717
218.81.216.246 - - [11/Feb/2024:10:45:03 +0800] "POST /xingrg/services/DataTransmitService HTTP/1.1" 200 412
124.78.67.200 - - [11/Feb/2024:10:45:03 +0800] "GET /xingrg/check_reg.html?_=1707619503630 HTTP/1.1" 200 22
218.81.216.246 - - [11/Feb/2024:10:45:06 +0800] "GET /xingrg/all/function/internal_message.html?_=1707619507921&CODE_STATE=getMsg HTTP/1.1" 200 27
114.83.221.124 - - [11/Feb/2024:10:45:07 +0800] "GET /xingrg/kc/buy/cgsh_order_add.html HTTP/1.1" 200 73555
114.83.221.124 - - [11/Feb/2024:10:45:07 +0800] "GET /xingrg/javascript/easyui/themes/default/validatebox.css HTTP/1.1" 404 1104
114.83.221.124 - - [11/Feb/2024:10:45:07 +0800] "POST /xingrg/kc/buy/cgsh_order_operate.html HTTP/1.1" 200 8245
221.239.172.206 - - [11/Feb/2024:10:45:15 +0800] "GET /xingrg/all/function/internal_message.html?_=1707619514471&CODE_STATE=getMsg HTTP/1.1" 200 27
116.230.123.222 - - [11/Feb/2024:10:45:26 +0800] "GET /xingrg/check_reg.html?_=1707619522635 HTTP/1.1" 200 22
116.230.123.222 - - [11/Feb/2024:10:45:26 +0800] "GET /xingrg/all/function/internal_message.html?_=1707619522638&CODE_STATE=getMsg HTTP/1.1" 200 27
124.78.67.200 - - [11/Feb/2024:10:45:45 +0800] "GET /xingrg/all/function/internal_message.html?_=1707619545208&CODE_STATE=getMsg HTTP/1.1" 200 27
116.237.72.243 - - [11/Feb/2024:10:45:47 +0800] "GET /xingrg/all/function/internal_message.html?_=1707619545303&CODE_STATE=getMsg HTTP/1.1" 200 27
114.83.221.124 - - [11/Feb/2024:10:45:52 +0800] "GET /xingrg/check_reg.html?_=1707619551945 HTTP/1.1" 200 22
101.83.145.37 - - [11/Feb/2024:10:45:54 +0800] "GET /xingrg/all/function/internal_message.html?_=1707619319645&CODE_STATE=getMsg HTTP/1.1" 200 27
101.83.145.37 - - [11/Feb/2024:10:45:54 +0800] "GET /xingrg/check_reg.html?_=1707619319648 HTTP/1.1" 200 22
114.83.221.124 - - [11/Feb/2024:10:45:55 +0800] "GET /xingrg/all/function/internal_message.html?_=1707619555287&CODE_STATE=getMsg HTTP/1.1" 200 27
218.81.216.246 - - [11/Feb/2024:10:46:01 +0800] "POST /xingrg/services/DataTransmitService HTTP/1.1" 200 524
116.224.254.208 - - [11/Feb/2024:10:46:02 +0800] "GET /xingrg/all/function/internal_message.html?_=1707619563052&CODE_STATE=getMsg HTTP/1.1" 200 27
218.81.216.246 - - [11/Feb/2024:10:46:05 +0800] "POST /xingrg/services/DataTransmitService HTTP/1.1" 200 412
218.81.216.246 - - [11/Feb/2024:10:46:05 +0800] "POST /xingrg/services/DataTransmitService HTTP/1.1" 200 524
218.81.216.246 - - [11/Feb/2024:10:46:06 +0800] "GET /xingrg/all/function/internal_message.html?_=1707619568020&CODE_STATE=getMsg HTTP/1.1" 200 27
218.81.216.246 - - [11/Feb/2024:10:46:08 +0800] "POST /xingrg/services/DataTransmitService HTTP/1.1" 200 412
218.81.216.246 - - [11/Feb/2024:10:46:09 +0800] "POST /xingrg/services/DataTransmitService HTTP/1.1" 200 524
218.81.216.246 - - [11/Feb/2024:10:46:11 +0800] "POST /xingrg/services/DataTransmitService HTTP/1.1" 200 412
218.81.216.246 - - [11/Feb/2024:10:46:11 +0800] "POST /xingrg/services/DataTransmitService HTTP/1.1" 200 524
218.81.216.246 - - [11/Feb/2024:10:46:14 +0800] "POST /xingrg/services/DataTransmitService HTTP/1.1" 200 524
218.81.216.246 - - [11/Feb/2024:10:46:15 +0800] "POST /xingrg/services/DataTransmitService HTTP/1.1" 200 2331
221.239.172.206 - - [11/Feb/2024:10:46:15 +0800] "GET /xingrg/all/function/internal_message.html?_=1707619574470&CODE_STATE=getMsg HTTP/1.1" 200 27
218.81.216.246 - - [11/Feb/2024:10:46:15 +0800] "POST /xingrg/services/DataTransmitService HTTP/1.1" 200 412
218.81.216.246 - - [11/Feb/2024:10:46:20 +0800] "POST /xingrg/services/DataTransmitService HTTP/1.1" 200 524
218.81.216.246 - - [11/Feb/2024:10:46:21 +0800] "POST /xingrg/services/DataTransmitService HTTP/1.1" 200 2331
116.230.123.222 - - [11/Feb/2024:10:46:26 +0800] "GET /xingrg/all/function/internal_message.html?_=1707619582636&CODE_STATE=getMsg HTTP/1.1" 200 27
218.81.216.246 - - [11/Feb/2024:10:46:29 +0800] "POST /xingrg/services/DataTransmitService HTTP/1.1" 200 524
218.81.216.246 - - [11/Feb/2024:10:46:31 +0800] "POST /xingrg/services/DataTransmitService HTTP/1.1" 200 412
218.81.216.246 - - [11/Feb/2024:10:46:35 +0800] "POST /xingrg/services/DataTransmitService HTTP/1.1" 200 524
218.81.216.246 - - [11/Feb/2024:10:46:38 +0800] "POST /xingrg/services/DataTransmitService HTTP/1.1" 200 412
218.81.216.246 - - [11/Feb/2024:10:46:39 +0800] "POST /xingrg/services/DataTransmitService HTTP/1.1" 200 524
218.81.216.246 - - [11/Feb/2024:10:46:40 +0800] "POST /xingrg/services/DataTransmitService HTTP/1.1" 200 2331
116.224.254.208 - - [11/Feb/2024:10:46:44 +0800] "POST /xingrg/services/DataTransmitService HTTP/1.1" 200 524
124.78.67.200 - - [11/Feb/2024:10:46:45 +0800] "GET /xingrg/all/function/internal_message.html?_=1707619605192&CODE_STATE=getMsg HTTP/1.1" 200 27
116.237.72.243 - - [11/Feb/2024:10:46:47 +0800] "GET /xingrg/all/function/internal_message.html?_=1707619605276&CODE_STATE=getMsg HTTP/1.1" 200 27
218.81.216.246 - - [11/Feb/2024:10:46:48 +0800] "POST /xingrg/services/DataTransmitService HTTP/1.1" 200 524
218.81.216.246 - - [11/Feb/2024:10:46:51 +0800] "POST /xingrg/services/DataTransmitService HTTP/1.1" 200 412
101.83.145.37 - - [11/Feb/2024:10:46:54 +0800] "GET /xingrg/all/function/internal_message.html?_=1707619379648&CODE_STATE=getMsg HTTP/1.1" 200 27
114.83.221.124 - - [11/Feb/2024:10:46:55 +0800] "GET /xingrg/all/function/internal_message.html?_=1707619615260&CODE_STATE=getMsg HTTP/1.1" 200 27
218.81.216.246 - - [11/Feb/2024:10:46:58 +0800] "POST /xingrg/services/DataTransmitService HTTP/1.1" 200 524
218.81.216.246 - - [11/Feb/2024:10:47:00 +0800] "POST /xingrg/services/DataTransmitService HTTP/1.1" 200 412
218.81.216.246 - - [11/Feb/2024:10:47:00 +0800] "POST /xingrg/services/DataTransmitService HTTP/1.1" 200 524
116.224.254.208 - - [11/Feb/2024:10:47:02 +0800] "GET /xingrg/all/function/internal_message.html?_=1707619623056&CODE_STATE=getMsg HTTP/1.1" 200 27
218.81.216.246 - - [11/Feb/2024:10:47:06 +0800] "GET /xingrg/all/function/internal_message.html?_=1707619628026&CODE_STATE=getMsg HTTP/1.1" 200 27
218.81.216.246 - - [11/Feb/2024:10:47:06 +0800] "POST /xingrg/services/DataTransmitService HTTP/1.1" 200 412
218.81.216.246 - - [11/Feb/2024:10:47:07 +0800] "POST /xingrg/services/DataTransmitService HTTP/1.1" 200 524
218.81.216.246 - - [11/Feb/2024:10:47:09 +0800] "POST /xingrg/services/DataTransmitService HTTP/1.1" 200 2331
180.164.1.25 - - [11/Feb/2024:10:47:10 +0800] "POST /xingrg/services/DataTransmitService HTTP/1.1" 200 524
180.164.1.25 - - [11/Feb/2024:10:47:11 +0800] "POST /xingrg/services/DataTransmitService HTTP/1.1" 200 412
221.239.172.206 - - [11/Feb/2024:10:47:15 +0800] "GET /xingrg/all/function/internal_message.html?_=1707619634474&CODE_STATE=getMsg HTTP/1.1" 200 27
218.81.216.246 - - [11/Feb/2024:10:47:20 +0800] "POST /xingrg/services/DataTransmitService HTTP/1.1" 200 524
116.230.123.222 - - [11/Feb/2024:10:47:26 +0800] "GET /xingrg/all/function/internal_message.html?_=1707619642640&CODE_STATE=getMsg HTTP/1.1" 200 27
218.81.216.246 - - [11/Feb/2024:10:47:30 +0800] "POST /xingrg/services/DataTransmitService HTTP/1.1" 200 524
218.81.216.246 - - [11/Feb/2024:10:47:34 +0800] "POST /xingrg/services/DataTransmitService HTTP/1.1" 200 412
218.81.216.246 - - [11/Feb/2024:10:47:35 +0800] "POST /xingrg/services/DataTransmitService HTTP/1.1" 200 524
218.81.216.246 - - [11/Feb/2024:10:47:36 +0800] "POST /xingrg/services/DataTransmitService HTTP/1.1" 200 2331
218.81.216.246 - - [11/Feb/2024:10:47:44 +0800] "POST /xingrg/services/DataTransmitService HTTP/1.1" 200 524
124.78.67.200 - - [11/Feb/2024:10:47:45 +0800] "GET /xingrg/all/function/internal_message.html?_=1707619665179&CODE_STATE=getMsg HTTP/1.1" 200 27
218.81.216.246 - - [11/Feb/2024:10:47:46 +0800] "POST /xingrg/services/DataTransmitService HTTP/1.1" 200 412
116.237.72.243 - - [11/Feb/2024:10:47:47 +0800] "GET /xingrg/all/function/internal_message.html?_=1707619665262&CODE_STATE=getMsg HTTP/1.1" 200 27
116.237.72.243 - - [11/Feb/2024:10:47:47 +0800] "GET /xingrg/check_reg.html?_=1707619665531 HTTP/1.1" 200 22
221.239.172.206 - - [11/Feb/2024:10:47:50 +0800] "GET /xingrg/check_reg.html?_=1707619669930 HTTP/1.1" 200 22
218.81.216.246 - - [11/Feb/2024:10:47:53 +0800] "POST /xingrg/services/DataTransmitService HTTP/1.1" 200 524
101.83.145.37 - - [11/Feb/2024:10:47:54 +0800] "GET /xingrg/all/function/internal_message.html?_=1707619439648&CODE_STATE=getMsg HTTP/1.1" 200 27
114.83.221.124 - - [11/Feb/2024:10:47:55 +0800] "GET /xingrg/all/function/internal_message.html?_=1707619675231&CODE_STATE=getMsg HTTP/1.1" 200 27
218.81.216.246 - - [11/Feb/2024:10:47:56 +0800] "POST /xingrg/services/DataTransmitService HTTP/1.1" 200 412
116.224.254.208 - - [11/Feb/2024:10:48:02 +0800] "GET /xingrg/all/function/internal_message.html?_=1707619683071&CODE_STATE=getMsg HTTP/1.1" 200 27
116.224.254.208 - - [11/Feb/2024:10:48:02 +0800] "GET /xingrg/check_reg.html?_=1707619683074 HTTP/1.1" 200 22
218.81.216.246 - - [11/Feb/2024:10:48:05 +0800] "GET /xingrg/check_reg.html?_=1707619687420 HTTP/1.1" 200 22
218.81.216.246 - - [11/Feb/2024:10:48:06 +0800] "GET /xingrg/all/function/internal_message.html?_=1707619688039&CODE_STATE=getMsg HTTP/1.1" 200 27
221.239.172.206 - - [11/Feb/2024:10:48:15 +0800] "GET /xingrg/all/function/internal_message.html?_=1707619694471&CODE_STATE=getMsg HTTP/1.1" 200 27
218.81.216.246 - - [11/Feb/2024:10:48:23 +0800] "POST /xingrg/services/DataTransmitService HTTP/1.1" 200 524
218.81.216.246 - - [11/Feb/2024:10:48:24 +0800] "POST /xingrg/services/DataTransmitService HTTP/1.1" 200 2331
116.230.123.222 - - [11/Feb/2024:10:48:26 +0800] "GET /xingrg/all/function/internal_message.html?_=1707619702630&CODE_STATE=getMsg HTTP/1.1" 200 27
218.81.216.246 - - [11/Feb/2024:10:48:32 +0800] "POST /xingrg/services/DataTransmitService HTTP/1.1" 200 524
218.81.216.246 - - [11/Feb/2024:10:48:35 +0800] "POST /xingrg/services/DataTransmitService HTTP/1.1" 200 412
218.81.216.246 - - [11/Feb/2024:10:48:37 +0800] "POST /xingrg/services/DataTransmitService HTTP/1.1" 200 524
218.81.216.246 - - [11/Feb/2024:10:48:39 +0800] "POST /xingrg/services/DataTransmitService HTTP/1.1" 200 412
218.81.216.246 - - [11/Feb/2024:10:48:42 +0800] "POST /xingrg/services/DataTransmitService HTTP/1.1" 200 524
218.81.216.246 - - [11/Feb/2024:10:48:43 +0800] "POST /xingrg/services/DataTransmitService HTTP/1.1" 200 2331
124.78.67.200 - - [11/Feb/2024:10:48:45 +0800] "GET /xingrg/all/function/internal_message.html?_=1707619725160&CODE_STATE=getMsg HTTP/1.1" 200 27
116.237.72.243 - - [11/Feb/2024:10:48:47 +0800] "GET /xingrg/all/function/internal_message.html?_=1707619725235&CODE_STATE=getMsg HTTP/1.1" 200 27
218.81.216.246 - - [11/Feb/2024:10:48:51 +0800] "POST /xingrg/services/DataTransmitService HTTP/1.1" 200 524
101.83.145.37 - - [11/Feb/2024:10:48:54 +0800] "GET /xingrg/all/function/internal_message.html?_=1707619499649&CODE_STATE=getMsg HTTP/1.1" 200 27
218.81.216.246 - - [11/Feb/2024:10:48:55 +0800] "POST /xingrg/services/DataTransmitService HTTP/1.1" 200 412
218.81.216.246 - - [11/Feb/2024:10:48:55 +0800] "POST /xingrg/services/DataTransmitService HTTP/1.1" 200 524
114.83.221.124 - - [11/Feb/2024:10:48:55 +0800] "GET /xingrg/all/function/internal_message.html?_=1707619735207&CODE_STATE=getMsg HTTP/1.1" 200 27
218.81.216.246 - - [11/Feb/2024:10:48:58 +0800] "POST /xingrg/services/DataTransmitService HTTP/1.1" 200 412
218.81.216.246 - - [11/Feb/2024:10:48:59 +0800] "POST /xingrg/services/DataTransmitService HTTP/1.1" 200 524
218.81.216.246 - - [11/Feb/2024:10:49:00 +0800] "POST /xingrg/services/DataTransmitService HTTP/1.1" 200 2331
116.224.254.208 - - [11/Feb/2024:10:49:02 +0800] "GET /xingrg/all/function/internal_message.html?_=1707619743045&CODE_STATE=getMsg HTTP/1.1" 200 27
218.81.216.246 - - [11/Feb/2024:10:49:06 +0800] "GET /xingrg/all/function/internal_message.html?_=1707619748053&CODE_STATE=getMsg HTTP/1.1" 200 27
218.81.216.246 - - [11/Feb/2024:10:49:12 +0800] "POST /xingrg/services/DataTransmitService HTTP/1.1" 200 524
221.239.172.206 - - [11/Feb/2024:10:49:15 +0800] "GET /xingrg/all/function/internal_message.html?_=1707619754471&CODE_STATE=getMsg HTTP/1.1" 200 27
218.81.216.246 - - [11/Feb/2024:10:49:16 +0800] "POST /xingrg/services/DataTransmitService HTTP/1.1" 200 412
218.81.216.246 - - [11/Feb/2024:10:49:16 +0800] "POST /xingrg/services/DataTransmitService HTTP/1.1" 200 524
218.81.216.246 - - [11/Feb/2024:10:49:20 +0800] "POST /xingrg/services/DataTransmitService HTTP/1.1" 200 412
218.81.216.246 - - [11/Feb/2024:10:49:21 +0800] "POST /xingrg/services/DataTransmitService HTTP/1.1" 200 524
218.81.216.246 - - [11/Feb/2024:10:49:24 +0800] "POST /xingrg/services/DataTransmitService HTTP/1.1" 200 412
116.230.123.222 - - [11/Feb/2024:10:49:26 +0800] "GET /xingrg/all/function/internal_message.html?_=1707619762629&CODE_STATE=getMsg HTTP/1.1" 200 27
218.81.216.246 - - [11/Feb/2024:10:49:26 +0800] "POST /xingrg/services/DataTransmitService HTTP/1.1" 200 524
218.81.216.246 - - [11/Feb/2024:10:49:27 +0800] "POST /xingrg/services/DataTransmitService HTTP/1.1" 200 2331
218.81.216.246 - - [11/Feb/2024:10:49:34 +0800] "POST /xingrg/services/DataTransmitService HTTP/1.1" 200 524
218.81.216.246 - - [11/Feb/2024:10:49:37 +0800] "POST /xingrg/services/DataTransmitService HTTP/1.1" 200 412
124.78.67.200 - - [11/Feb/2024:10:49:45 +0800] "GET /xingrg/all/function/internal_message.html?_=1707619785135&CODE_STATE=getMsg HTTP/1.1" 200 27
116.237.72.243 - - [11/Feb/2024:10:49:47 +0800] "GET /xingrg/all/function/internal_message.html?_=1707619785224&CODE_STATE=getMsg HTTP/1.1" 200 27
116.232.194.112 - - [11/Feb/2024:10:49:54 +0800] "POST /xingrg/services/DataTransmitService HTTP/1.1" 200 524
101.83.145.37 - - [11/Feb/2024:10:49:54 +0800] "GET /xingrg/all/function/internal_message.html?_=1707619559650&CODE_STATE=getMsg HTTP/1.1" 200 27
114.83.221.124 - - [11/Feb/2024:10:49:55 +0800] "GET /xingrg/all/function/internal_message.html?_=1707619795184&CODE_STATE=getMsg HTTP/1.1" 200 27
116.232.194.112 - - [11/Feb/2024:10:49:55 +0800] "POST /xingrg/services/DataTransmitService HTTP/1.1" 200 501
116.224.254.208 - - [11/Feb/2024:10:50:02 +0800] "GET /xingrg/all/function/internal_message.html?_=1707619803062&CODE_STATE=getMsg HTTP/1.1" 200 27
124.78.67.200 - - [11/Feb/2024:10:50:03 +0800] "GET /xingrg/check_reg.html?_=1707619803620 HTTP/1.1" 200 22
218.81.216.246 - - [11/Feb/2024:10:50:06 +0800] "GET /xingrg/all/function/internal_message.html?_=1707619808067&CODE_STATE=getMsg HTTP/1.1" 200 27
218.81.216.246 - - [11/Feb/2024:10:50:11 +0800] "POST /xingrg/services/DataTransmitService HTTP/1.1" 200 524
218.81.216.246 - - [11/Feb/2024:10:50:12 +0800] "POST /xingrg/services/DataTransmitService HTTP/1.1" 200 2331
221.239.172.206 - - [11/Feb/2024:10:50:15 +0800] "GET /xingrg/all/function/internal_message.html?_=1707619814471&CODE_STATE=getMsg HTTP/1.1" 200 27
218.81.216.246 - - [11/Feb/2024:10:50:20 +0800] "POST /xingrg/services/DataTransmitService HTTP/1.1" 200 524
218.81.216.246 - - [11/Feb/2024:10:50:23 +0800] "POST /xingrg/services/DataTransmitService HTTP/1.1" 200 412
116.230.123.222 - - [11/Feb/2024:10:50:26 +0800] "GET /xingrg/all/function/internal_message.html?_=1707619822631&CODE_STATE=getMsg HTTP/1.1" 200 27
116.230.123.222 - - [11/Feb/2024:10:50:26 +0800] "GET /xingrg/check_reg.html?_=1707619822632 HTTP/1.1" 200 22
218.81.216.246 - - [11/Feb/2024:10:50:26 +0800] "POST /xingrg/services/DataTransmitService HTTP/1.1" 200 524
218.81.216.246 - - [11/Feb/2024:10:50:30 +0800] "POST /xingrg/services/DataTransmitService HTTP/1.1" 200 412
218.81.216.246 - - [11/Feb/2024:10:50:36 +0800] "POST /xingrg/services/DataTransmitService HTTP/1.1" 200 524
218.81.216.246 - - [11/Feb/2024:10:50:39 +0800] "POST /xingrg/services/DataTransmitService HTTP/1.1" 200 412
218.81.216.246 - - [11/Feb/2024:10:50:39 +0800] "POST /xingrg/services/DataTransmitService HTTP/1.1" 200 524
218.81.216.246 - - [11/Feb/2024:10:50:42 +0800] "POST /xingrg/services/DataTransmitService HTTP/1.1" 200 412
124.78.67.200 - - [11/Feb/2024:10:50:45 +0800] "GET /xingrg/all/function/internal_message.html?_=1707619845123&CODE_STATE=getMsg HTTP/1.1" 200 27
218.81.216.246 - - [11/Feb/2024:10:50:46 +0800] "POST /xingrg/services/DataTransmitService HTTP/1.1" 200 524
218.81.216.246 - - [11/Feb/2024:10:50:47 +0800] "POST /xingrg/services/DataTransmitService HTTP/1.1" 200 2331
116.237.72.243 - - [11/Feb/2024:10:50:47 +0800] "GET /xingrg/all/function/internal_message.html?_=1707619845198&CODE_STATE=getMsg HTTP/1.1" 200 27
114.83.221.124 - - [11/Feb/2024:10:50:52 +0800] "GET /xingrg/check_reg.html?_=1707619851940 HTTP/1.1" 200 22
218.81.216.246 - - [11/Feb/2024:10:50:54 +0800] "POST /xingrg/services/DataTransmitService HTTP/1.1" 200 524
101.83.145.37 - - [11/Feb/2024:10:50:54 +0800] "GET /xingrg/check_reg.html?_=1707619619650 HTTP/1.1" 200 22
101.83.145.37 - - [11/Feb/2024:10:50:54 +0800] "GET /xingrg/all/function/internal_message.html?_=1707619619653&CODE_STATE=getMsg HTTP/1.1" 200 27
114.83.221.124 - - [11/Feb/2024:10:50:55 +0800] "GET /xingrg/all/function/internal_message.html?_=1707619855163&CODE_STATE=getMsg HTTP/1.1" 200 27
218.81.216.246 - - [11/Feb/2024:10:50:58 +0800] "POST /xingrg/services/DataTransmitService HTTP/1.1" 200 412
116.224.254.208 - - [11/Feb/2024:10:51:02 +0800] "GET /xingrg/all/function/internal_message.html?_=1707619863059&CODE_STATE=getMsg HTTP/1.1" 200 27
218.81.216.246 - - [11/Feb/2024:10:51:06 +0800] "GET /xingrg/all/function/internal_message.html?_=1707619868282&CODE_STATE=getMsg HTTP/1.1" 200 27
114.83.221.124 - - [11/Feb/2024:10:51:15 +0800] "GET /xingrg/kc/base/wldb_order_list.html HTTP/1.1" 200 19019
221.239.172.206 - - [11/Feb/2024:10:51:15 +0800] "GET /xingrg/all/function/internal_message.html?_=1707619874470&CODE_STATE=getMsg HTTP/1.1" 200 27
114.83.221.124 - - [11/Feb/2024:10:51:15 +0800] "POST /xingrg/kc/base/wldb_list_operate.html HTTP/1.1" 200 928
114.83.221.124 - - [11/Feb/2024:10:51:17 +0800] "GET /xingrg/kc/base/wldb_order_add.html HTTP/1.1" 200 30350
114.83.221.124 - - [11/Feb/2024:10:51:17 +0800] "POST /xingrg/kc/base/wldb_order_operate.html HTTP/1.1" 200 6806
114.83.221.124 - - [11/Feb/2024:10:51:17 +0800] "GET /xingrg/all/common/auto_word.html?type=base&rest_code=00149 HTTP/1.1" 200 1907
114.83.221.124 - - [11/Feb/2024:10:51:17 +0800] "GET /xingrg/all/common/auto_word.html?type=base&rest_code=00149 HTTP/1.1" 200 1907
114.83.221.124 - - [11/Feb/2024:10:51:17 +0800] "GET /xingrg/javascript/easyui/themes/default/validatebox.css HTTP/1.1" 404 1104
114.83.221.124 - - [11/Feb/2024:10:51:24 +0800] "GET /xingrg/kc/base/wldb_order_operate.html?command=get_materiel&rest_code=00149&base_code=0010394&code=00101016094 HTTP/1.1" 200 469
218.81.216.246 - - [11/Feb/2024:10:51:24 +0800] "POST /xingrg/services/DataTransmitService HTTP/1.1" 200 524
116.230.123.222 - - [11/Feb/2024:10:51:26 +0800] "GET /xingrg/all/function/internal_message.html?_=1707619882630&CODE_STATE=getMsg HTTP/1.1" 200 27
114.83.221.124 - - [11/Feb/2024:10:51:26 +0800] "GET /xingrg/kc/base/wldb_order_operate.html?command=get_materiel&rest_code=00149&base_code=0010394&code=00101019133 HTTP/1.1" 200 480
218.81.216.246 - - [11/Feb/2024:10:51:27 +0800] "POST /xingrg/services/DataTransmitService HTTP/1.1" 200 412
114.83.221.124 - - [11/Feb/2024:10:51:29 +0800] "GET /xingrg/kc/base/wldb_order_operate.html?command=get_materiel&rest_code=00149&base_code=0010394&code=00101019127 HTTP/1.1" 200 479
114.83.221.124 - - [11/Feb/2024:10:51:32 +0800] "GET /xingrg/kc/base/wldb_order_operate.html?command=get_materiel&rest_code=00149&base_code=0010394&code=00101019376 HTTP/1.1" 200 476
114.83.221.124 - - [11/Feb/2024:10:51:35 +0800] "GET /xingrg/kc/base/wldb_order_operate.html?command=get_materiel&rest_code=00149&base_code=0010394&code=00101019400 HTTP/1.1" 200 465
218.81.216.246 - - [11/Feb/2024:10:51:38 +0800] "POST /xingrg/services/DataTransmitService HTTP/1.1" 200 524
114.83.221.124 - - [11/Feb/2024:10:51:40 +0800] "GET /xingrg/kc/base/wldb_order_operate.html?command=get_materiel&rest_code=00149&base_code=0010394&code=00101019243 HTTP/1.1" 200 463
218.81.216.246 - - [11/Feb/2024:10:51:41 +0800] "POST /xingrg/services/DataTransmitService HTTP/1.1" 200 412
124.78.67.200 - - [11/Feb/2024:10:51:45 +0800] "GET /xingrg/all/function/internal_message.html?_=1707619905104&CODE_STATE=getMsg HTTP/1.1" 200 27
116.237.72.243 - - [11/Feb/2024:10:51:47 +0800] "GET /xingrg/all/function/internal_message.html?_=1707619905168&CODE_STATE=getMsg HTTP/1.1" 200 27
218.81.216.246 - - [11/Feb/2024:10:51:48 +0800] "POST /xingrg/services/DataTransmitService HTTP/1.1" 200 524
218.81.216.246 - - [11/Feb/2024:10:51:51 +0800] "POST /xingrg/services/DataTransmitService HTTP/1.1" 200 412
218.81.216.246 - - [11/Feb/2024:10:51:53 +0800] "POST /xingrg/services/DataTransmitService HTTP/1.1" 200 524
218.81.216.246 - - [11/Feb/2024:10:51:54 +0800] "POST /xingrg/services/DataTransmitService HTTP/1.1" 200 2331
101.83.145.37 - - [11/Feb/2024:10:51:54 +0800] "GET /xingrg/all/function/internal_message.html?_=1707619679653&CODE_STATE=getMsg HTTP/1.1" 200 27
114.83.221.124 - - [11/Feb/2024:10:51:55 +0800] "GET /xingrg/all/function/internal_message.html?_=1707619915145&CODE_STATE=getMsg HTTP/1.1" 200 27
114.83.221.124 - - [11/Feb/2024:10:52:01 +0800] "GET /xingrg/kc/base/wldb_order_operate.html?command=get_materiel&rest_code=00149&base_code=0010394&code=00101019724 HTTP/1.1" 200 445
116.224.254.208 - - [11/Feb/2024:10:52:02 +0800] "GET /xingrg/all/function/internal_message.html?_=1707619923058&CODE_STATE=getMsg HTTP/1.1" 200 27
218.81.216.246 - - [11/Feb/2024:10:52:06 +0800] "POST /xingrg/services/DataTransmitService HTTP/1.1" 200 524
114.83.221.124 - - [11/Feb/2024:10:52:06 +0800] "GET /xingrg/kc/base/wldb_order_operate.html?command=get_materiel&rest_code=00149&base_code=0010394&code=00101019185 HTTP/1.1" 200 469
218.81.216.246 - - [11/Feb/2024:10:52:06 +0800] "GET /xingrg/all/function/internal_message.html?_=1707619928298&CODE_STATE=getMsg HTTP/1.1" 200 27
218.81.216.246 - - [11/Feb/2024:10:52:09 +0800] "POST /xingrg/services/DataTransmitService HTTP/1.1" 200 412
114.83.221.124 - - [11/Feb/2024:10:52:10 +0800] "GET /xingrg/kc/base/wldb_order_operate.html?command=get_materiel&rest_code=00149&base_code=0010394&code=00101019253 HTTP/1.1" 200 482
218.81.216.246 - - [11/Feb/2024:10:52:10 +0800] "POST /xingrg/services/DataTransmitService HTTP/1.1" 200 524
114.83.221.124 - - [11/Feb/2024:10:52:13 +0800] "GET /xingrg/kc/base/wldb_order_operate.html?command=get_materiel&rest_code=00149&base_code=0010394&code=00101008646 HTTP/1.1" 200 434
218.81.216.246 - - [11/Feb/2024:10:52:14 +0800] "POST /xingrg/services/DataTransmitService HTTP/1.1" 200 412
221.239.172.206 - - [11/Feb/2024:10:52:15 +0800] "GET /xingrg/all/function/internal_message.html?_=1707619934472&CODE_STATE=getMsg HTTP/1.1" 200 27
218.81.216.246 - - [11/Feb/2024:10:52:17 +0800] "POST /xingrg/services/DataTransmitService HTTP/1.1" 200 524
218.81.216.246 - - [11/Feb/2024:10:52:18 +0800] "POST /xingrg/services/DataTransmitService HTTP/1.1" 200 2331
114.83.221.124 - - [11/Feb/2024:10:52:20 +0800] "GET /xingrg/kc/base/wldb_order_operate.html?command=get_materiel&rest_code=00149&base_code=0010394&code=00101008559 HTTP/1.1" 200 433
116.230.123.222 - - [11/Feb/2024:10:52:26 +0800] "GET /xingrg/all/function/internal_message.html?_=1707619942641&CODE_STATE=getMsg HTTP/1.1" 200 27
218.81.216.246 - - [11/Feb/2024:10:52:26 +0800] "POST /xingrg/services/DataTransmitService HTTP/1.1" 200 524
114.83.221.124 - - [11/Feb/2024:10:52:28 +0800] "GET /xingrg/kc/base/wldb_order_operate.html?command=get_materiel&rest_code=00149&base_code=0010394&code=00101019297 HTTP/1.1" 200 477
218.81.216.246 - - [11/Feb/2024:10:52:30 +0800] "POST /xingrg/services/DataTransmitService HTTP/1.1" 200 412
218.81.216.246 - - [11/Feb/2024:10:52:32 +0800] "POST /xingrg/services/DataTransmitService HTTP/1.1" 200 524
116.237.72.243 - - [11/Feb/2024:10:52:33 +0800] "GET /xingrg/kc/buy/cgsh_order_add.html HTTP/1.1" 200 73467
218.81.216.246 - - [11/Feb/2024:10:52:33 +0800] "POST /xingrg/services/DataTransmitService HTTP/1.1" 200 2331
116.237.72.243 - - [11/Feb/2024:10:52:34 +0800] "POST /xingrg/kc/buy/cgsh_order_operate.html HTTP/1.1" 200 8245
116.237.72.243 - - [11/Feb/2024:10:52:34 +0800] "GET /xingrg/javascript/easyui/themes/default/validatebox.css HTTP/1.1" 404 1104
116.237.72.243 - - [11/Feb/2024:10:52:35 +0800] "GET /xingrg/javascript/easyui/themes/default/tree.css HTTP/1.1" 404 1090
116.237.72.243 - - [11/Feb/2024:10:52:35 +0800] "POST /xingrg/all/common/load_tree.html?tree=supplier_tree_json&isDelete=1 HTTP/1.1" 200 78460
218.81.216.246 - - [11/Feb/2024:10:52:41 +0800] "POST /xingrg/services/DataTransmitService HTTP/1.1" 200 524
218.81.216.246 - - [11/Feb/2024:10:52:44 +0800] "POST /xingrg/services/DataTransmitService HTTP/1.1" 200 412
124.78.67.200 - - [11/Feb/2024:10:52:45 +0800] "GET /xingrg/all/function/internal_message.html?_=1707619965088&CODE_STATE=getMsg HTTP/1.1" 200 27
218.81.216.246 - - [11/Feb/2024:10:52:45 +0800] "POST /xingrg/services/DataTransmitService HTTP/1.1" 200 524
116.237.72.243 - - [11/Feb/2024:10:52:47 +0800] "GET /xingrg/all/function/internal_message.html?_=1707619965146&CODE_STATE=getMsg HTTP/1.1" 200 27
116.237.72.243 - - [11/Feb/2024:10:52:47 +0800] "GET /xingrg/check_reg.html?_=1707619965507 HTTP/1.1" 200 22
218.81.216.246 - - [11/Feb/2024:10:52:48 +0800] "POST /xingrg/services/DataTransmitService HTTP/1.1" 200 412
114.83.221.124 - - [11/Feb/2024:10:52:49 +0800] "GET /xingrg/login.html HTTP/1.1" 200 7641
114.83.221.124 - - [11/Feb/2024:10:52:50 +0800] "POST /xingrg/kc/base/wldb_order_operate.html HTTP/1.1" 200 37
114.83.221.124 - - [11/Feb/2024:10:52:50 +0800] "GET /favicon.ico HTTP/1.1" 404 -
221.239.172.206 - - [11/Feb/2024:10:52:50 +0800] "GET /xingrg/check_reg.html?_=1707619969929 HTTP/1.1" 200 22
114.83.221.124 - - [11/Feb/2024:10:52:50 +0800] "POST /xingrg/kc/base/wldb_order_operate.html HTTP/1.1" 200 7226
218.81.216.246 - - [11/Feb/2024:10:52:51 +0800] "POST /xingrg/services/DataTransmitService HTTP/1.1" 200 524
218.81.216.246 - - [11/Feb/2024:10:52:52 +0800] "POST /xingrg/services/DataTransmitService HTTP/1.1" 200 2331
101.83.145.37 - - [11/Feb/2024:10:52:54 +0800] "GET /xingrg/all/function/internal_message.html?_=1707619739653&CODE_STATE=getMsg HTTP/1.1" 200 27
114.83.221.124 - - [11/Feb/2024:10:52:55 +0800] "GET /xingrg/kc/base/wldb_order_info.html?code=422024021101029 HTTP/1.1" 200 30365
114.83.221.124 - - [11/Feb/2024:10:52:55 +0800] "GET /xingrg/all/function/internal_message.html?_=1707619975227&CODE_STATE=getMsg HTTP/1.1" 200 27
114.83.221.124 - - [11/Feb/2024:10:52:55 +0800] "GET /xingrg/javascript/easyui/themes/default/validatebox.css HTTP/1.1" 404 1104
114.83.221.124 - - [11/Feb/2024:10:52:56 +0800] "POST /xingrg/kc/base/wldb_order_operate.html HTTP/1.1" 200 7226
218.81.216.246 - - [11/Feb/2024:10:52:59 +0800] "POST /xingrg/services/DataTransmitService HTTP/1.1" 200 524
218.81.216.246 - - [11/Feb/2024:10:53:02 +0800] "POST /xingrg/services/DataTransmitService HTTP/1.1" 200 412
116.224.254.208 - - [11/Feb/2024:10:53:02 +0800] "GET /xingrg/all/function/internal_message.html?_=1707619983046&CODE_STATE=getMsg HTTP/1.1" 200 27
116.224.254.208 - - [11/Feb/2024:10:53:02 +0800] "GET /xingrg/check_reg.html?_=1707619983047 HTTP/1.1" 200 22
218.81.216.246 - - [11/Feb/2024:10:53:04 +0800] "POST /xingrg/services/DataTransmitService HTTP/1.1" 200 524
218.81.216.246 - - [11/Feb/2024:10:53:06 +0800] "GET /xingrg/check_reg.html?_=1707619987579 HTTP/1.1" 200 22
218.81.216.246 - - [11/Feb/2024:10:53:06 +0800] "GET /xingrg/all/function/internal_message.html?_=1707619988311&CODE_STATE=getMsg HTTP/1.1" 200 27
218.81.216.246 - - [11/Feb/2024:10:53:07 +0800] "POST /xingrg/services/DataTransmitService HTTP/1.1" 200 412
114.83.221.124 - - [11/Feb/2024:10:53:10 +0800] "POST /xingrg/login.do HTTP/1.1" 302 -
114.83.221.124 - - [11/Feb/2024:10:53:10 +0800] "GET /xingrg/index.html?sysBaseUrl=http%3A%2F%2F180.169.147.146%3A18081%2Fxingrg%2F&costTime=87×tamp=1707619990274 HTTP/1.1" 200 16968
114.83.221.124 - - [11/Feb/2024:10:53:10 +0800] "GET /favicon.ico HTTP/1.1" 404 -
114.83.221.124 - - [11/Feb/2024:10:53:10 +0800] "GET /xingrg/check_reg.html?_=1707619990101 HTTP/1.1" 200 22
114.83.221.124 - - [11/Feb/2024:10:53:10 +0800] "POST /xingrg/all/common/load_tree.html?tree=area_rest_tree_json&manage=1 HTTP/1.1" 200 3624
114.83.221.124 - - [11/Feb/2024:10:53:10 +0800] "GET /xingrg/all/function/internal_message.html?_=1707619990101&CODE_STATE=count HTTP/1.1" 200 11
114.83.221.124 - - [11/Feb/2024:10:53:10 +0800] "POST /xingrg/load_menu.html HTTP/1.1" 200 677
218.81.216.246 - - [11/Feb/2024:10:53:11 +0800] "POST /xingrg/services/DataTransmitService HTTP/1.1" 200 524
218.81.216.246 - - [11/Feb/2024:10:53:12 +0800] "POST /xingrg/services/DataTransmitService HTTP/1.1" 200 2331
221.239.172.206 - - [11/Feb/2024:10:53:15 +0800] "GET /xingrg/all/function/internal_message.html?_=1707619994476&CODE_STATE=getMsg HTTP/1.1" 200 27
114.83.221.124 - - [11/Feb/2024:10:53:17 +0800] "GET /xingrg/dma/sys/data_clear.html HTTP/1.1" 200 12693
114.83.221.124 - - [11/Feb/2024:10:53:17 +0800] "GET /xingrg/javascript/jquery_ui/themes/humanity/humanity.css HTTP/1.1" 304 -
114.83.221.124 - - [11/Feb/2024:10:53:17 +0800] "GET /xingrg/css/table.css HTTP/1.1" 304 -
114.83.221.124 - - [11/Feb/2024:10:53:17 +0800] "GET /xingrg/dwr/interface/AjaxReportQueryService.js HTTP/1.1" 200 13203
114.83.221.124 - - [11/Feb/2024:10:53:17 +0800] "GET /xingrg/dwr/util.js HTTP/1.1" 200 35990
114.83.221.124 - - [11/Feb/2024:10:53:17 +0800] "GET /xingrg/dwr/engine.js HTTP/1.1" 200 43631
114.83.221.124 - - [11/Feb/2024:10:53:17 +0800] "POST /xingrg/all/common/load_tree.html?tree=station_tree_json HTTP/1.1" 200 3218
114.83.221.124 - - [11/Feb/2024:10:53:17 +0800] "POST /xingrg/all/common/load_tree.html?tree=station_tree_json HTTP/1.1" 200 3218
114.83.221.124 - - [11/Feb/2024:10:53:18 +0800] "GET /xingrg/images/control/ajaxLoader.gif HTTP/1.1" 304 -
114.83.221.124 - - [11/Feb/2024:10:53:18 +0800] "GET /xingrg/javascript/jquery_easy_ui/themes/default/images/calendar_prevmonth.gif HTTP/1.1" 304 -
114.83.221.124 - - [11/Feb/2024:10:53:18 +0800] "GET /xingrg/javascript/jquery_easy_ui/themes/default/images/calendar_nextmonth.gif HTTP/1.1" 304 -
114.83.221.124 - - [11/Feb/2024:10:53:18 +0800] "GET /xingrg/javascript/jquery_easy_ui/themes/default/images/calendar_prevyear.gif HTTP/1.1" 304 -
114.83.221.124 - - [11/Feb/2024:10:53:18 +0800] "GET /xingrg/javascript/jquery_easy_ui/themes/default/images/calendar_nextyear.gif HTTP/1.1" 304 -
116.237.72.243 - - [11/Feb/2024:10:53:20 +0800] "GET /xingrg/kc/buy/cgsh_order_operate.html?command=get_materiel&rest_code=00106&code=00101006024&supplier_code=00100323&order_time=2024-02-11 HTTP/1.1" 200 415
218.81.216.246 - - [11/Feb/2024:10:53:21 +0800] "POST /xingrg/services/DataTransmitService HTTP/1.1" 200 524
218.81.216.246 - - [11/Feb/2024:10:53:24 +0800] "POST /xingrg/services/DataTransmitService HTTP/1.1" 200 412
116.230.123.222 - - [11/Feb/2024:10:53:26 +0800] "GET /xingrg/all/function/internal_message.html?_=1707620002640&CODE_STATE=getMsg HTTP/1.1" 200 27
114.83.221.124 - - [11/Feb/2024:10:53:31 +0800] "GET /xingrg/javascript/jquery_easy_ui/themes/default/images/validatebox_warning.png HTTP/1.1" 304 -
114.83.221.124 - - [11/Feb/2024:10:53:31 +0800] "GET /xingrg/javascript/jquery_easy_ui/themes/default/images/validatebox_pointer.gif HTTP/1.1" 304 -
116.237.72.243 - - [11/Feb/2024:10:53:35 +0800] "GET /xingrg/kc/buy/cgsh_order_operate.html?command=get_materiel&rest_code=00106&code=00101010731&supplier_code=00100323&order_time=2024-02-11 HTTP/1.1" 200 426
218.81.216.246 - - [11/Feb/2024:10:53:40 +0800] "POST /xingrg/services/DataTransmitService HTTP/1.1" 401 565
218.81.216.246 - - [11/Feb/2024:10:53:40 +0800] "POST /xingrg/services/DataTransmitService HTTP/1.1" 200 478
218.81.216.246 - - [11/Feb/2024:10:53:40 +0800] "POST /xingrg/services/DataTransmitService HTTP/1.1" 200 1319
218.81.216.246 - - [11/Feb/2024:10:53:40 +0800] "POST /xingrg/services/DataTransmitService HTTP/1.1" 200 478
218.81.216.246 - - [11/Feb/2024:10:53:40 +0800] "POST /xingrg/services/DataTransmitService HTTP/1.1" 200 1319
218.81.216.246 - - [11/Feb/2024:10:53:40 +0800] "POST /xingrg/services/DataTransmitService HTTP/1.1" 200 524
218.81.216.246 - - [11/Feb/2024:10:53:41 +0800] "POST /xingrg/services/DataTransmitService HTTP/1.1" 200 2331
218.81.216.246 - - [11/Feb/2024:10:53:41 +0800] "POST /xingrg/services/DataTransmitService HTTP/1.1" 200 45454
218.81.216.246 - - [11/Feb/2024:10:53:41 +0800] "POST /xingrg/services/DataTransmitService HTTP/1.1" 200 19237
124.78.67.200 - - [11/Feb/2024:10:53:45 +0800] "GET /xingrg/all/function/internal_message.html?_=1707620025081&CODE_STATE=getMsg HTTP/1.1" 200 27
116.237.72.243 - - [11/Feb/2024:10:53:47 +0800] "GET /xingrg/all/function/internal_message.html?_=1707620025127&CODE_STATE=getMsg HTTP/1.1" 200 27
116.237.72.243 - - [11/Feb/2024:10:53:48 +0800] "POST /xingrg/kc/buy/cgsh_order_operate.html HTTP/1.1" 200 37
114.83.221.124 - - [11/Feb/2024:10:53:52 +0800] "POST /xingrg/dma/sys/setting_operate.html HTTP/1.1" 200 4
101.83.145.37 - - [11/Feb/2024:10:53:54 +0800] "GET /xingrg/all/function/internal_message.html?_=1707619799654&CODE_STATE=getMsg HTTP/1.1" 200 27
114.83.221.124 - - [11/Feb/2024:10:53:55 +0800] "GET /xingrg/all/function/internal_message.html?_=1707620035208&CODE_STATE=getMsg HTTP/1.1" 200 27
116.237.72.243 - - [11/Feb/2024:10:53:58 +0800] "POST /xingrg/kc/buy/cgsh_order_operate.html HTTP/1.1" 200 12
116.237.72.243 - - [11/Feb/2024:10:54:00 +0800] "GET /xingrg/kc/buy/cgsh_order_info.html?code=212024021103769 HTTP/1.1" 200 68381
116.237.72.243 - - [11/Feb/2024:10:54:00 +0800] "GET /xingrg/javascript/easyui/themes/default/validatebox.css HTTP/1.1" 404 1104
116.237.72.243 - - [11/Feb/2024:10:54:02 +0800] "POST /xingrg/kc/buy/cgsh_order_operate.html HTTP/1.1" 200 621
116.224.254.208 - - [11/Feb/2024:10:54:02 +0800] "GET /xingrg/all/function/internal_message.html?_=1707620043057&CODE_STATE=getMsg HTTP/1.1" 200 27
116.237.72.243 - - [11/Feb/2024:10:54:03 +0800] "GET /xingrg/kc/print/load_data.html?order_code=212024021103769&kc_code=cgsh&condition= HTTP/1.1" 200 730
218.81.216.246 - - [11/Feb/2024:10:54:06 +0800] "GET /xingrg/all/function/internal_message.html?_=1707620048323&CODE_STATE=getMsg HTTP/1.1" 200 27
116.237.72.243 - - [11/Feb/2024:10:54:09 +0800] "GET /xingrg/kc/print/load_data.html?order_code=212024021103769&kc_code=cgsh HTTP/1.1" 200 730
218.81.216.246 - - [11/Feb/2024:10:54:14 +0800] "POST /xingrg/services/DataTransmitService HTTP/1.1" 200 524
221.239.172.206 - - [11/Feb/2024:10:54:15 +0800] "GET /xingrg/all/function/internal_message.html?_=1707620054476&CODE_STATE=getMsg HTTP/1.1" 200 27
218.81.216.246 - - [11/Feb/2024:10:54:15 +0800] "POST /xingrg/services/DataTransmitService HTTP/1.1" 200 2331
218.81.216.246 - - [11/Feb/2024:10:54:23 +0800] "POST /xingrg/services/DataTransmitService HTTP/1.1" 200 524
116.230.123.222 - - [11/Feb/2024:10:54:26 +0800] "GET /xingrg/all/function/internal_message.html?_=1707620062635&CODE_STATE=getMsg HTTP/1.1" 200 27
218.81.216.246 - - [11/Feb/2024:10:54:26 +0800] "POST /xingrg/services/DataTransmitService HTTP/1.1" 200 412
124.78.67.200 - - [11/Feb/2024:10:54:45 +0800] "GET /xingrg/all/function/internal_message.html?_=1707620085056&CODE_STATE=getMsg HTTP/1.1" 200 27
116.237.72.243 - - [11/Feb/2024:10:54:47 +0800] "GET /xingrg/all/function/internal_message.html?_=1707620085098&CODE_STATE=getMsg HTTP/1.1" 200 27
116.237.72.243 - - [11/Feb/2024:10:54:47 +0800] "GET /xingrg/kc/buy/cgsh_order_add.html HTTP/1.1" 200 73467
116.237.72.243 - - [11/Feb/2024:10:54:47 +0800] "POST /xingrg/kc/buy/cgsh_order_operate.html HTTP/1.1" 200 8245
116.237.72.243 - - [11/Feb/2024:10:54:47 +0800] "GET /xingrg/javascript/easyui/themes/default/validatebox.css HTTP/1.1" 404 1104
116.237.72.243 - - [11/Feb/2024:10:54:48 +0800] "GET /xingrg/javascript/easyui/themes/default/tree.css HTTP/1.1" 404 1090
116.237.72.243 - - [11/Feb/2024:10:54:49 +0800] "POST /xingrg/all/common/load_tree.html?tree=supplier_tree_json&isDelete=1 HTTP/1.1" 200 78460
101.83.145.37 - - [11/Feb/2024:10:54:54 +0800] "GET /xingrg/all/function/internal_message.html?_=1707619859655&CODE_STATE=getMsg HTTP/1.1" 200 27
114.83.221.124 - - [11/Feb/2024:10:54:55 +0800] "GET /xingrg/all/function/internal_message.html?_=1707620095180&CODE_STATE=getMsg HTTP/1.1" 200 27
116.224.254.208 - - [11/Feb/2024:10:55:02 +0800] "GET /xingrg/all/function/internal_message.html?_=1707620103045&CODE_STATE=getMsg HTTP/1.1" 200 27
124.78.67.200 - - [11/Feb/2024:10:55:03 +0800] "GET /xingrg/check_reg.html?_=1707620103604 HTTP/1.1" 200 22
218.81.216.246 - - [11/Feb/2024:10:55:06 +0800] "GET /xingrg/all/function/internal_message.html?_=1707620108338&CODE_STATE=getMsg HTTP/1.1" 200 27
221.239.172.206 - - [11/Feb/2024:10:55:15 +0800] "GET /xingrg/all/function/internal_message.html?_=1707620114476&CODE_STATE=getMsg HTTP/1.1" 200 27
218.81.216.246 - - [11/Feb/2024:10:55:18 +0800] "POST /xingrg/services/DataTransmitService HTTP/1.1" 200 524
116.224.254.208 - - [11/Feb/2024:10:55:18 +0800] "GET /xingrg/kc/mdqp/pssh_order_list.html HTTP/1.1" 200 17849
116.237.72.243 - - [11/Feb/2024:10:55:19 +0800] "GET /xingrg/kc/buy/cgsh_order_operate.html?command=get_materiel&rest_code=00106&code=00101001145&supplier_code=00100314&order_time=2024-02-11 HTTP/1.1" 200 414
116.224.254.208 - - [11/Feb/2024:10:55:19 +0800] "POST /xingrg/kc/mdqp/pssh_list_operate.html HTTP/1.1" 200 5444
116.224.254.208 - - [11/Feb/2024:10:55:20 +0800] "GET /xingrg/kc/base/wldb_order_list.html HTTP/1.1" 200 19019
116.224.254.208 - - [11/Feb/2024:10:55:21 +0800] "POST /xingrg/kc/base/wldb_list_operate.html HTTP/1.1" 200 928
116.224.254.208 - - [11/Feb/2024:10:55:22 +0800] "GET /xingrg/kc/base/wldb_order_add.html HTTP/1.1" 200 30350
116.224.254.208 - - [11/Feb/2024:10:55:22 +0800] "POST /xingrg/kc/base/wldb_order_operate.html HTTP/1.1" 200 6806
116.224.254.208 - - [11/Feb/2024:10:55:22 +0800] "GET /xingrg/all/common/auto_word.html?type=base&rest_code=00150 HTTP/1.1" 200 1853
116.224.254.208 - - [11/Feb/2024:10:55:22 +0800] "GET /xingrg/all/common/auto_word.html?type=base&rest_code=00150 HTTP/1.1" 200 1853
116.224.254.208 - - [11/Feb/2024:10:55:22 +0800] "GET /xingrg/javascript/easyui/themes/default/validatebox.css HTTP/1.1" 404 1104
218.81.216.246 - - [11/Feb/2024:10:55:24 +0800] "POST /xingrg/services/DataTransmitService HTTP/1.1" 200 412
116.230.123.222 - - [11/Feb/2024:10:55:26 +0800] "GET /xingrg/check_reg.html?_=1707620122637 HTTP/1.1" 200 22
116.230.123.222 - - [11/Feb/2024:10:55:26 +0800] "GET /xingrg/all/function/internal_message.html?_=1707620122639&CODE_STATE=getMsg HTTP/1.1" 200 27
116.224.254.208 - - [11/Feb/2024:10:55:26 +0800] "GET /xingrg/javascript/jquery_easy_ui/themes/default/images/tabs_active.png HTTP/1.1" 200 2894
116.237.72.243 - - [11/Feb/2024:10:55:31 +0800] "POST /xingrg/kc/buy/cgsh_order_operate.html HTTP/1.1" 200 37
218.81.216.246 - - [11/Feb/2024:10:55:31 +0800] "POST /xingrg/services/DataTransmitService HTTP/1.1" 200 524
116.224.254.208 - - [11/Feb/2024:10:55:34 +0800] "GET /xingrg/kc/base/wldb_order_operate.html?command=get_materiel&rest_code=00150&base_code=0010445&code=00101019127 HTTP/1.1" 200 479
218.81.216.246 - - [11/Feb/2024:10:55:35 +0800] "POST /xingrg/services/DataTransmitService HTTP/1.1" 200 412
218.81.216.246 - - [11/Feb/2024:10:55:38 +0800] "POST /xingrg/services/DataTransmitService HTTP/1.1" 200 524
116.237.72.243 - - [11/Feb/2024:10:55:38 +0800] "POST /xingrg/kc/buy/cgsh_order_operate.html HTTP/1.1" 200 12
116.224.254.208 - - [11/Feb/2024:10:55:39 +0800] "GET /xingrg/kc/base/wldb_order_operate.html?command=get_materiel&rest_code=00150&base_code=0010445&code=00101019164 HTTP/1.1" 200 464
116.237.72.243 - - [11/Feb/2024:10:55:41 +0800] "GET /xingrg/kc/buy/cgsh_order_info.html?code=212024021103770 HTTP/1.1" 200 68380
218.81.216.246 - - [11/Feb/2024:10:55:41 +0800] "POST /xingrg/services/DataTransmitService HTTP/1.1" 200 412
116.237.72.243 - - [11/Feb/2024:10:55:41 +0800] "GET /xingrg/javascript/easyui/themes/default/validatebox.css HTTP/1.1" 404 1104
116.237.72.243 - - [11/Feb/2024:10:55:42 +0800] "POST /xingrg/kc/buy/cgsh_order_operate.html HTTP/1.1" 200 611
218.81.216.246 - - [11/Feb/2024:10:55:43 +0800] "POST /xingrg/services/DataTransmitService HTTP/1.1" 200 524
116.224.254.208 - - [11/Feb/2024:10:55:43 +0800] "GET /xingrg/kc/base/wldb_order_operate.html?command=get_materiel&rest_code=00150&base_code=0010445&code=00101019185 HTTP/1.1" 200 469
116.237.72.243 - - [11/Feb/2024:10:55:44 +0800] "GET /xingrg/kc/print/load_data.html?order_code=212024021103770&kc_code=cgsh&condition= HTTP/1.1" 200 709
218.81.216.246 - - [11/Feb/2024:10:55:44 +0800] "POST /xingrg/services/DataTransmitService HTTP/1.1" 200 2331
124.78.67.200 - - [11/Feb/2024:10:55:45 +0800] "GET /xingrg/all/function/internal_message.html?_=1707620145043&CODE_STATE=getMsg HTTP/1.1" 200 27
116.237.72.243 - - [11/Feb/2024:10:55:47 +0800] "GET /xingrg/all/function/internal_message.html?_=1707620145089&CODE_STATE=getMsg HTTP/1.1" 200 27
116.224.254.208 - - [11/Feb/2024:10:55:50 +0800] "GET /xingrg/kc/base/wldb_order_operate.html?command=get_materiel&rest_code=00150&base_code=0010445&code=00101019267 HTTP/1.1" 200 480
116.237.72.243 - - [11/Feb/2024:10:55:50 +0800] "GET /xingrg/kc/buy/cgsh_order_add.html HTTP/1.1" 200 73467
116.237.72.243 - - [11/Feb/2024:10:55:50 +0800] "POST /xingrg/kc/buy/cgsh_order_operate.html HTTP/1.1" 200 8245
116.237.72.243 - - [11/Feb/2024:10:55:51 +0800] "GET /xingrg/javascript/easyui/themes/default/validatebox.css HTTP/1.1" 404 1104
114.83.221.124 - - [11/Feb/2024:10:55:52 +0800] "GET /xingrg/check_reg.html?_=1707620151952 HTTP/1.1" 200 22
116.237.72.243 - - [11/Feb/2024:10:55:53 +0800] "GET /xingrg/javascript/easyui/themes/default/tree.css HTTP/1.1" 404 1090
116.237.72.243 - - [11/Feb/2024:10:55:53 +0800] "POST /xingrg/all/common/load_tree.html?tree=supplier_tree_json&isDelete=1 HTTP/1.1" 200 78460
101.83.145.37 - - [11/Feb/2024:10:55:54 +0800] "GET /xingrg/check_reg.html?_=1707619919656 HTTP/1.1" 200 22
101.83.145.37 - - [11/Feb/2024:10:55:54 +0800] "GET /xingrg/all/function/internal_message.html?_=1707619919659&CODE_STATE=getMsg HTTP/1.1" 200 27
114.83.221.124 - - [11/Feb/2024:10:55:55 +0800] "GET /xingrg/all/function/internal_message.html?_=1707620155155&CODE_STATE=getMsg HTTP/1.1" 200 27
218.81.216.246 - - [11/Feb/2024:10:55:58 +0800] "POST /xingrg/services/DataTransmitService HTTP/1.1" 200 524
116.224.254.208 - - [11/Feb/2024:10:56:01 +0800] "GET /xingrg/kc/base/wldb_order_operate.html?command=get_materiel&rest_code=00150&base_code=0010445&code=00101019551 HTTP/1.1" 200 463
218.81.216.246 - - [11/Feb/2024:10:56:01 +0800] "POST /xingrg/services/DataTransmitService HTTP/1.1" 200 412
116.224.254.208 - - [11/Feb/2024:10:56:02 +0800] "GET /xingrg/all/function/internal_message.html?_=1707620163065&CODE_STATE=getMsg HTTP/1.1" 200 27
116.230.123.222 - - [11/Feb/2024:10:56:05 +0800] "POST /xingrg/services/DataTransmitService HTTP/1.1" 401 565
116.230.123.222 - - [11/Feb/2024:10:56:05 +0800] "POST /xingrg/services/DataTransmitService HTTP/1.1" 200 478
116.230.123.222 - - [11/Feb/2024:10:56:05 +0800] "POST /xingrg/services/DataTransmitService HTTP/1.1" 200 1319
116.230.123.222 - - [11/Feb/2024:10:56:05 +0800] "POST /xingrg/services/DataTransmitService HTTP/1.1" 200 478
116.230.123.222 - - [11/Feb/2024:10:56:05 +0800] "POST /xingrg/services/DataTransmitService HTTP/1.1" 200 1319
116.230.123.222 - - [11/Feb/2024:10:56:05 +0800] "POST /xingrg/services/DataTransmitService HTTP/1.1" 200 524
116.230.123.222 - - [11/Feb/2024:10:56:06 +0800] "POST /xingrg/services/DataTransmitService HTTP/1.1" 200 2499
218.81.216.246 - - [11/Feb/2024:10:56:07 +0800] "GET /xingrg/all/function/internal_message.html?_=1707620168552&CODE_STATE=getMsg HTTP/1.1" 200 27
116.237.72.243 - - [11/Feb/2024:10:56:07 +0800] "GET /xingrg/kc/buy/cgsh_order_operate.html?command=get_materiel&rest_code=00106&code=00101001140&supplier_code=00100090&order_time=2024-02-11 HTTP/1.1" 200 436
116.230.123.222 - - [11/Feb/2024:10:56:07 +0800] "POST /xingrg/services/DataTransmitService HTTP/1.1" 200 211584
116.224.254.208 - - [11/Feb/2024:10:56:09 +0800] "GET /xingrg/kc/base/wldb_order_operate.html?command=get_materiel&rest_code=00150&base_code=0010445&code=00101019450 HTTP/1.1" 200 482
221.239.172.206 - - [11/Feb/2024:10:56:15 +0800] "GET /xingrg/all/function/internal_message.html?_=1707620174474&CODE_STATE=getMsg HTTP/1.1" 200 27
116.224.254.208 - - [11/Feb/2024:10:56:17 +0800] "GET /xingrg/kc/base/wldb_order_operate.html?command=get_materiel&rest_code=00150&base_code=0010445&code=00101019438 HTTP/1.1" 200 460
218.81.216.246 - - [11/Feb/2024:10:56:20 +0800] "POST /xingrg/services/DataTransmitService HTTP/1.1" 200 524
116.224.254.208 - - [11/Feb/2024:10:56:21 +0800] "GET /xingrg/kc/base/wldb_order_operate.html?command=get_materiel&rest_code=00150&base_code=0010445&code=00101016076 HTTP/1.1" 200 477
218.81.216.246 - - [11/Feb/2024:10:56:24 +0800] "POST /xingrg/services/DataTransmitService HTTP/1.1" 200 412
116.237.72.243 - - [11/Feb/2024:10:56:24 +0800] "GET /xingrg/kc/buy/cgsh_order_operate.html?command=get_materiel&rest_code=00106&code=00101001037&supplier_code=00100090&order_time=2024-02-11 HTTP/1.1" 200 418
218.81.216.246 - - [11/Feb/2024:10:56:24 +0800] "POST /xingrg/services/DataTransmitService HTTP/1.1" 200 524
218.81.216.246 - - [11/Feb/2024:10:56:26 +0800] "POST /xingrg/services/DataTransmitService HTTP/1.1" 200 2331
116.230.123.222 - - [11/Feb/2024:10:56:26 +0800] "GET /xingrg/all/function/internal_message.html?_=1707620182642&CODE_STATE=getMsg HTTP/1.1" 200 27
116.224.254.208 - - [11/Feb/2024:10:56:26 +0800] "GET /xingrg/kc/base/wldb_order_operate.html?command=get_materiel&rest_code=00150&base_code=0010445&code=00101019372 HTTP/1.1" 200 480
116.224.254.208 - - [11/Feb/2024:10:56:31 +0800] "GET /xingrg/kc/base/wldb_order_operate.html?command=get_materiel&rest_code=00150&base_code=0010445&code=00101019400 HTTP/1.1" 200 465
218.81.216.246 - - [11/Feb/2024:10:56:41 +0800] "POST /xingrg/services/DataTransmitService HTTP/1.1" 200 524
124.78.67.200 - - [11/Feb/2024:10:56:45 +0800] "GET /xingrg/all/function/internal_message.html?_=1707620205021&CODE_STATE=getMsg HTTP/1.1" 200 27
218.81.216.246 - - [11/Feb/2024:10:56:45 +0800] "POST /xingrg/services/DataTransmitService HTTP/1.1" 200 412
116.237.72.243 - - [11/Feb/2024:10:56:45 +0800] "GET /xingrg/kc/buy/cgsh_order_operate.html?command=get_materiel&rest_code=00106&code=00101001044&supplier_code=00100090&order_time=2024-02-11 HTTP/1.1" 200 430
116.237.72.243 - - [11/Feb/2024:10:56:47 +0800] "GET /xingrg/all/function/internal_message.html?_=1707620205067&CODE_STATE=getMsg HTTP/1.1" 200 27
101.83.145.37 - - [11/Feb/2024:10:56:54 +0800] "GET /xingrg/all/function/internal_message.html?_=1707619979644&CODE_STATE=getMsg HTTP/1.1" 200 27
114.83.221.124 - - [11/Feb/2024:10:56:55 +0800] "GET /xingrg/all/function/internal_message.html?_=1707620215129&CODE_STATE=getMsg HTTP/1.1" 200 27
116.230.123.222 - - [11/Feb/2024:10:57:01 +0800] "POST /xingrg/services/DataTransmitService HTTP/1.1" 200 45454
116.230.123.222 - - [11/Feb/2024:10:57:01 +0800] "POST /xingrg/services/DataTransmitService HTTP/1.1" 200 19237
116.224.254.208 - - [11/Feb/2024:10:57:02 +0800] "GET /xingrg/all/function/internal_message.html?_=1707620223062&CODE_STATE=getMsg HTTP/1.1" 200 27
116.237.72.243 - - [11/Feb/2024:10:57:02 +0800] "POST /xingrg/kc/buy/cgsh_order_operate.html HTTP/1.1" 200 37
218.81.216.246 - - [11/Feb/2024:10:57:07 +0800] "GET /xingrg/all/function/internal_message.html?_=1707620228576&CODE_STATE=getMsg HTTP/1.1" 200 27
221.239.172.206 - - [11/Feb/2024:10:57:15 +0800] "GET /xingrg/all/function/internal_message.html?_=1707620234478&CODE_STATE=getMsg HTTP/1.1" 200 27
