101.228.146.191 - - [08/Feb/2024:11:12:52 +0800] "POST /xingrg/kc/buy/cgsh_order_operate.html HTTP/1.1" 200 37
116.230.123.222 - - [08/Feb/2024:11:12:56 +0800] "GET /xingrg/all/function/internal_message.html?_=1707361974582&CODE_STATE=getMsg HTTP/1.1" 200 27
101.83.240.145 - - [08/Feb/2024:11:12:57 +0800] "GET /xingrg/all/function/internal_message.html?_=1707361974939&CODE_STATE=getMsg HTTP/1.1" 200 27
101.228.146.191 - - [08/Feb/2024:11:13:00 +0800] "POST /xingrg/kc/buy/cgsh_order_operate.html HTTP/1.1" 200 5042
116.230.123.222 - - [08/Feb/2024:11:13:01 +0800] "GET /xingrg/kc/buy/cgsh_order_operate.html?command=get_materiel&rest_code=00111&code=00101008331&supplier_code=00100005&order_time=2024-02-08 HTTP/1.1" 200 416
101.228.146.191 - - [08/Feb/2024:11:13:01 +0800] "GET /xingrg/all/function/internal_message.html?_=1707361980671&CODE_STATE=getMsg HTTP/1.1" 200 27
222.69.128.19 - - [08/Feb/2024:11:13:03 +0800] "GET /xingrg/all/function/internal_message.html?_=1707361984857&CODE_STATE=getMsg HTTP/1.1" 200 27
222.70.172.34 - - [08/Feb/2024:11:13:06 +0800] "GET /xingrg/all/function/internal_message.html?_=1707362000547&CODE_STATE=getMsg HTTP/1.1" 200 27
180.156.195.45 - - [08/Feb/2024:11:13:06 +0800] "GET /xingrg/all/function/internal_message.html?_=1707361986616&CODE_STATE=getMsg HTTP/1.1" 302 -
180.156.195.45 - - [08/Feb/2024:11:13:06 +0800] "GET /xingrg/check_reg.html?_=1707361986848 HTTP/1.1" 302 -
101.228.146.191 - - [08/Feb/2024:11:13:07 +0800] "GET /xingrg/check_reg.html?_=1707361986476 HTTP/1.1" 200 22
116.232.194.112 - - [08/Feb/2024:11:13:11 +0800] "GET /xingrg/all/function/internal_message.html?_=1707361908578&CODE_STATE=getMsg HTTP/1.1" 200 27
116.232.194.112 - - [08/Feb/2024:11:13:11 +0800] "GET /xingrg/check_reg.html?_=1707361908582 HTTP/1.1" 200 22
116.230.123.222 - - [08/Feb/2024:11:13:14 +0800] "GET /xingrg/kc/buy/cgsh_order_operate.html?command=get_materiel&rest_code=00111&code=00101008359&supplier_code=00100005&order_time=2024-02-08 HTTP/1.1" 200 408
101.229.175.60 - - [08/Feb/2024:11:13:18 +0800] "GET /xingrg/check_reg.html?_=1707362004727 HTTP/1.1" 302 -
101.229.175.60 - - [08/Feb/2024:11:13:18 +0800] "GET /xingrg/all/function/internal_message.html?_=1707362004732&CODE_STATE=getMsg HTTP/1.1" 302 -
124.78.68.102 - - [08/Feb/2024:11:13:19 +0800] "GET /xingrg/all/function/internal_message.html?_=1707361999835&CODE_STATE=getMsg HTTP/1.1" 200 27
116.238.120.94 - - [08/Feb/2024:11:13:24 +0800] "GET /xingrg/all/function/internal_message.html?_=1707362004317&CODE_STATE=getMsg HTTP/1.1" 200 27
124.78.156.119 - - [08/Feb/2024:11:13:30 +0800] "GET /xingrg/all/function/internal_message.html?_=1707362009876&CODE_STATE=getMsg HTTP/1.1" 200 27
180.163.29.219 - - [08/Feb/2024:11:13:31 +0800] "GET /xingrg/check_reg.html?_=1707361950341 HTTP/1.1" 302 -
180.164.1.25 - - [08/Feb/2024:11:13:32 +0800] "GET /xingrg/all/function/internal_message.html?_=1707362011666&CODE_STATE=getMsg HTTP/1.1" 200 27
180.163.29.219 - - [08/Feb/2024:11:13:33 +0800] "GET /xingrg/login.html HTTP/1.1" 200 7641
101.228.146.191 - - [08/Feb/2024:11:13:33 +0800] "POST /xingrg/kc/buy/cgsh_order_operate.html HTTP/1.1" 200 37
116.232.194.112 - - [08/Feb/2024:11:13:35 +0800] "GET /xingrg/all/function/internal_message.html?_=1707361932226&CODE_STATE=getMsg HTTP/1.1" 200 27
101.228.146.191 - - [08/Feb/2024:11:13:35 +0800] "POST /xingrg/kc/buy/cgsh_order_operate.html HTTP/1.1" 200 5042
116.230.123.222 - - [08/Feb/2024:11:13:36 +0800] "GET /xingrg/kc/buy/cgsh_order_operate.html?command=get_materiel&rest_code=00111&code=00101008059&supplier_code=00100005&order_time=2024-02-08 HTTP/1.1" 200 408
116.238.97.31 - - [08/Feb/2024:11:13:39 +0800] "GET /xingrg/all/function/internal_message.html?_=1707362019508&CODE_STATE=getMsg HTTP/1.1" 200 27
116.238.97.31 - - [08/Feb/2024:11:13:39 +0800] "GET /xingrg/check_reg.html?_=1707362019509 HTTP/1.1" 200 22
116.238.97.31 - - [08/Feb/2024:11:13:39 +0800] "GET /xingrg/kc/base/wldb_order_info.html?code=422024020800783 HTTP/1.1" 200 26216
116.238.97.31 - - [08/Feb/2024:11:13:39 +0800] "GET /xingrg/javascript/easyui/themes/default/validatebox.css HTTP/1.1" 404 1104
116.238.97.31 - - [08/Feb/2024:11:13:39 +0800] "POST /xingrg/kc/base/wldb_order_operate.html HTTP/1.1" 200 1880
116.238.97.31 - - [08/Feb/2024:11:13:43 +0800] "GET /xingrg/kc/base/wldb_order_add.html HTTP/1.1" 200 30340
116.238.97.31 - - [08/Feb/2024:11:13:44 +0800] "POST /xingrg/kc/base/wldb_order_operate.html HTTP/1.1" 200 6806
116.238.97.31 - - [08/Feb/2024:11:13:44 +0800] "GET /xingrg/javascript/easyui/themes/default/validatebox.css HTTP/1.1" 404 1104
116.238.97.31 - - [08/Feb/2024:11:13:44 +0800] "POST /xingrg/all/common/load_combo.html?type=base HTTP/1.1" 200 3321
101.83.145.37 - - [08/Feb/2024:11:13:45 +0800] "GET /xingrg/check_reg.html?_=1707361789727 HTTP/1.1" 200 22
101.83.145.37 - - [08/Feb/2024:11:13:45 +0800] "GET /xingrg/all/function/internal_message.html?_=1707361789730&CODE_STATE=getMsg HTTP/1.1" 200 27
116.238.97.31 - - [08/Feb/2024:11:13:47 +0800] "POST /xingrg/all/common/load_combo.html?type=base HTTP/1.1" 200 3321
116.230.123.222 - - [08/Feb/2024:11:13:48 +0800] "GET /xingrg/kc/buy/cgsh_order_operate.html?command=get_materiel&rest_code=00111&code=00101008261&supplier_code=00100005&order_time=2024-02-08 HTTP/1.1" 200 408
116.230.123.222 - - [08/Feb/2024:11:13:56 +0800] "GET /xingrg/check_reg.html?_=1707362034572 HTTP/1.1" 200 22
116.230.123.222 - - [08/Feb/2024:11:13:56 +0800] "GET /xingrg/all/function/internal_message.html?_=1707362034573&CODE_STATE=getMsg HTTP/1.1" 200 27
101.83.240.145 - - [08/Feb/2024:11:13:57 +0800] "GET /xingrg/all/function/internal_message.html?_=1707362034915&CODE_STATE=getMsg HTTP/1.1" 200 27
116.230.123.222 - - [08/Feb/2024:11:13:58 +0800] "GET /xingrg/kc/buy/cgsh_order_operate.html?command=get_materiel&rest_code=00111&code=00101008126&supplier_code=00100005&order_time=2024-02-08 HTTP/1.1" 200 412
101.228.146.191 - - [08/Feb/2024:11:14:01 +0800] "GET /xingrg/all/function/internal_message.html?_=1707362040655&CODE_STATE=getMsg HTTP/1.1" 200 27
222.69.128.19 - - [08/Feb/2024:11:14:03 +0800] "GET /xingrg/all/function/internal_message.html?_=1707362044836&CODE_STATE=getMsg HTTP/1.1" 200 27
116.238.97.31 - - [08/Feb/2024:11:14:05 +0800] "GET /xingrg/kc/base/wldb_order_operate.html?command=get_materiel&rest_code=00102&base_code=0010477&code=00101017003 HTTP/1.1" 200 448
222.70.172.34 - - [08/Feb/2024:11:14:06 +0800] "GET /xingrg/all/function/internal_message.html?_=1707362060560&CODE_STATE=getMsg HTTP/1.1" 200 27
180.156.195.45 - - [08/Feb/2024:11:14:06 +0800] "GET /xingrg/all/function/internal_message.html?_=1707362046598&CODE_STATE=getMsg HTTP/1.1" 302 -
116.230.123.222 - - [08/Feb/2024:11:14:09 +0800] "GET /xingrg/kc/buy/cgsh_order_operate.html?command=get_materiel&rest_code=00111&code=00101008355&supplier_code=00100005&order_time=2024-02-08 HTTP/1.1" 200 408
116.232.194.112 - - [08/Feb/2024:11:14:11 +0800] "GET /xingrg/all/function/internal_message.html?_=1707361968578&CODE_STATE=getMsg HTTP/1.1" 200 27
116.238.97.31 - - [08/Feb/2024:11:14:14 +0800] "GET /xingrg/kc/base/wldb_order_operate.html?command=get_materiel&rest_code=00102&base_code=0010477&code=00102002028 HTTP/1.1" 200 469
101.229.175.60 - - [08/Feb/2024:11:14:18 +0800] "GET /xingrg/all/function/internal_message.html?_=1707362064718&CODE_STATE=getMsg HTTP/1.1" 302 -
124.78.68.102 - - [08/Feb/2024:11:14:19 +0800] "GET /xingrg/check_reg.html?_=1707362059765 HTTP/1.1" 200 22
124.78.68.102 - - [08/Feb/2024:11:14:19 +0800] "GET /xingrg/all/function/internal_message.html?_=1707362059818&CODE_STATE=getMsg HTTP/1.1" 200 27
116.230.123.222 - - [08/Feb/2024:11:14:20 +0800] "GET /xingrg/kc/buy/cgsh_order_operate.html?command=get_materiel&rest_code=00111&code=00101008372&supplier_code=00100005&order_time=2024-02-08 HTTP/1.1" 200 408
116.238.97.31 - - [08/Feb/2024:11:14:23 +0800] "GET /xingrg/kc/base/wldb_order_operate.html?command=get_materiel&rest_code=00102&base_code=0010477&code=00102002940 HTTP/1.1" 200 447
116.238.120.94 - - [08/Feb/2024:11:14:24 +0800] "GET /xingrg/all/function/internal_message.html?_=1707362064311&CODE_STATE=getMsg HTTP/1.1" 200 27
116.230.123.222 - - [08/Feb/2024:11:14:30 +0800] "GET /xingrg/kc/buy/cgsh_order_operate.html?command=get_materiel&rest_code=00111&code=00101008141&supplier_code=00100005&order_time=2024-02-08 HTTP/1.1" 200 414
124.78.156.119 - - [08/Feb/2024:11:14:30 +0800] "GET /xingrg/all/function/internal_message.html?_=1707362069856&CODE_STATE=getMsg HTTP/1.1" 200 27
180.164.1.25 - - [08/Feb/2024:11:14:32 +0800] "GET /xingrg/all/function/internal_message.html?_=1707362071656&CODE_STATE=getMsg HTTP/1.1" 200 27
116.238.97.31 - - [08/Feb/2024:11:14:35 +0800] "GET /xingrg/kc/base/wldb_order_operate.html?command=get_materiel&rest_code=00102&base_code=0010477&code=00102012014 HTTP/1.1" 200 438
116.232.194.112 - - [08/Feb/2024:11:14:35 +0800] "GET /xingrg/all/function/internal_message.html?_=1707361992205&CODE_STATE=getMsg HTTP/1.1" 200 27
116.238.97.31 - - [08/Feb/2024:11:14:39 +0800] "GET /xingrg/all/function/internal_message.html?_=1707362079475&CODE_STATE=getMsg HTTP/1.1" 200 27
101.83.145.37 - - [08/Feb/2024:11:14:45 +0800] "GET /xingrg/all/function/internal_message.html?_=1707361849729&CODE_STATE=getMsg HTTP/1.1" 200 27
116.238.97.31 - - [08/Feb/2024:11:14:48 +0800] "POST /xingrg/kc/base/wldb_order_operate.html HTTP/1.1" 200 37
116.238.97.31 - - [08/Feb/2024:11:14:54 +0800] "POST /xingrg/kc/base/wldb_order_operate.html HTTP/1.1" 200 12
116.238.97.31 - - [08/Feb/2024:11:14:54 +0800] "POST /xingrg/kc/base/wldb_order_operate.html HTTP/1.1" 200 3671
116.230.123.222 - - [08/Feb/2024:11:14:54 +0800] "GET /xingrg/kc/buy/cgsh_order_operate.html?command=get_materiel&rest_code=00111&code=00101008087&supplier_code=00100005&order_time=2024-02-08 HTTP/1.1" 200 412
116.238.97.31 - - [08/Feb/2024:11:14:55 +0800] "GET /xingrg/kc/base/wldb_order_info.html?code=422024020800787 HTTP/1.1" 200 26219
116.238.97.31 - - [08/Feb/2024:11:14:55 +0800] "GET /xingrg/javascript/easyui/themes/default/validatebox.css HTTP/1.1" 404 1104
116.238.97.31 - - [08/Feb/2024:11:14:56 +0800] "POST /xingrg/kc/base/wldb_order_operate.html HTTP/1.1" 200 1931
116.230.123.222 - - [08/Feb/2024:11:14:56 +0800] "GET /xingrg/all/function/internal_message.html?_=1707362094571&CODE_STATE=getMsg HTTP/1.1" 200 27
101.83.240.145 - - [08/Feb/2024:11:14:57 +0800] "GET /xingrg/all/function/internal_message.html?_=1707362094897&CODE_STATE=getMsg HTTP/1.1" 200 27
116.238.97.31 - - [08/Feb/2024:11:14:58 +0800] "GET /xingrg/kc/base/wldb_order_add.html HTTP/1.1" 200 30340
116.238.97.31 - - [08/Feb/2024:11:14:58 +0800] "POST /xingrg/kc/base/wldb_order_operate.html HTTP/1.1" 200 6806
116.238.97.31 - - [08/Feb/2024:11:14:59 +0800] "GET /xingrg/javascript/easyui/themes/default/validatebox.css HTTP/1.1" 404 1104
101.228.146.191 - - [08/Feb/2024:11:15:01 +0800] "GET /xingrg/all/function/internal_message.html?_=1707362100627&CODE_STATE=getMsg HTTP/1.1" 200 27
222.69.128.19 - - [08/Feb/2024:11:15:03 +0800] "GET /xingrg/all/function/internal_message.html?_=1707362104809&CODE_STATE=getMsg HTTP/1.1" 200 27
222.70.172.34 - - [08/Feb/2024:11:15:06 +0800] "GET /xingrg/all/function/internal_message.html?_=1707362120574&CODE_STATE=getMsg HTTP/1.1" 200 27
180.156.195.45 - - [08/Feb/2024:11:15:06 +0800] "GET /xingrg/all/function/internal_message.html?_=1707362106580&CODE_STATE=getMsg HTTP/1.1" 302 -
116.232.194.112 - - [08/Feb/2024:11:15:12 +0800] "GET /xingrg/all/function/internal_message.html?_=1707362028594&CODE_STATE=getMsg HTTP/1.1" 200 27
101.229.175.60 - - [08/Feb/2024:11:15:18 +0800] "GET /xingrg/all/function/internal_message.html?_=1707362124719&CODE_STATE=getMsg HTTP/1.1" 302 -
116.238.97.31 - - [08/Feb/2024:11:15:19 +0800] "POST /xingrg/all/common/load_combo.html?type=base HTTP/1.1" 200 3321
124.78.68.102 - - [08/Feb/2024:11:15:19 +0800] "GET /xingrg/all/function/internal_message.html?_=1707362119789&CODE_STATE=getMsg HTTP/1.1" 200 27
116.238.97.31 - - [08/Feb/2024:11:15:22 +0800] "POST /xingrg/all/common/load_combo.html?type=base HTTP/1.1" 200 3321
116.238.120.94 - - [08/Feb/2024:11:15:24 +0800] "GET /xingrg/all/function/internal_message.html?_=1707362124315&CODE_STATE=getMsg HTTP/1.1" 200 27
222.70.172.34 - - [08/Feb/2024:11:15:26 +0800] "GET /xingrg/kc/buy/cgsh_order_operate.html?command=get_materiel&rest_code=00146&code=00101013044&supplier_code=00100005&order_time=2024-02-08 HTTP/1.1" 200 429
116.230.123.222 - - [08/Feb/2024:11:15:30 +0800] "GET /xingrg/kc/buy/cgsh_order_operate.html?command=get_materiel&rest_code=00111&code=00101008403&supplier_code=00100005&order_time=2024-02-08 HTTP/1.1" 200 412
124.78.156.119 - - [08/Feb/2024:11:15:30 +0800] "GET /xingrg/all/function/internal_message.html?_=1707362129840&CODE_STATE=getMsg HTTP/1.1" 200 27
180.164.1.25 - - [08/Feb/2024:11:15:32 +0800] "GET /xingrg/all/function/internal_message.html?_=1707362131677&CODE_STATE=getMsg HTTP/1.1" 200 27
116.232.194.112 - - [08/Feb/2024:11:15:35 +0800] "GET /xingrg/all/function/internal_message.html?_=1707362052197&CODE_STATE=getMsg HTTP/1.1" 200 27
116.238.97.31 - - [08/Feb/2024:11:15:39 +0800] "GET /xingrg/all/function/internal_message.html?_=1707362139457&CODE_STATE=getMsg HTTP/1.1" 200 27
101.83.240.145 - - [08/Feb/2024:11:15:41 +0800] "GET /xingrg/check_reg.html?_=1707362138341 HTTP/1.1" 200 22
116.230.123.222 - - [08/Feb/2024:11:15:42 +0800] "GET /xingrg/kc/buy/cgsh_order_operate.html?command=get_materiel&rest_code=00111&code=00101008207&supplier_code=00100005&order_time=2024-02-08 HTTP/1.1" 200 408
222.70.172.34 - - [08/Feb/2024:11:15:44 +0800] "GET /xingrg/check_reg.html?_=1707362158587 HTTP/1.1" 200 22
101.83.145.37 - - [08/Feb/2024:11:15:45 +0800] "GET /xingrg/all/function/internal_message.html?_=1707361909730&CODE_STATE=getMsg HTTP/1.1" 200 27
116.238.120.94 - - [08/Feb/2024:11:15:56 +0800] "GET /xingrg/kc/buy/cgsh_order_add.html HTTP/1.1" 200 73511
116.238.97.31 - - [08/Feb/2024:11:15:56 +0800] "GET /xingrg/kc/base/wldb_order_operate.html?command=get_materiel&rest_code=00102&base_code=0010477&code=00102002685 HTTP/1.1" 200 454
116.238.120.94 - - [08/Feb/2024:11:15:56 +0800] "GET /xingrg/javascript/easyui/themes/default/validatebox.css HTTP/1.1" 404 1104
116.238.120.94 - - [08/Feb/2024:11:15:56 +0800] "POST /xingrg/kc/buy/cgsh_order_operate.html HTTP/1.1" 200 8245
116.230.123.222 - - [08/Feb/2024:11:15:56 +0800] "GET /xingrg/all/function/internal_message.html?_=1707362154582&CODE_STATE=getMsg HTTP/1.1" 200 27
101.83.240.145 - - [08/Feb/2024:11:15:57 +0800] "GET /xingrg/all/function/internal_message.html?_=1707362154887&CODE_STATE=getMsg HTTP/1.1" 200 27
222.69.128.19 - - [08/Feb/2024:11:15:58 +0800] "GET /xingrg/check_reg.html?_=1707362159874 HTTP/1.1" 200 22
101.228.146.191 - - [08/Feb/2024:11:16:01 +0800] "GET /xingrg/all/function/internal_message.html?_=1707362160604&CODE_STATE=getMsg HTTP/1.1" 200 27
222.70.172.34 - - [08/Feb/2024:11:16:01 +0800] "GET /xingrg/kc/buy/cgsh_order_operate.html?command=get_materiel&rest_code=00146&code=00101008256&supplier_code=00100005&order_time=2024-02-08 HTTP/1.1" 200 412
116.230.123.222 - - [08/Feb/2024:11:16:02 +0800] "GET /xingrg/kc/buy/cgsh_order_operate.html?command=get_materiel&rest_code=00111&code=00101008357&supplier_code=00100005&order_time=2024-02-08 HTTP/1.1" 200 408
222.69.128.19 - - [08/Feb/2024:11:16:03 +0800] "GET /xingrg/all/function/internal_message.html?_=1707362164787&CODE_STATE=getMsg HTTP/1.1" 200 27
116.238.97.31 - - [08/Feb/2024:11:16:04 +0800] "GET /xingrg/kc/base/wldb_order_operate.html?command=get_materiel&rest_code=00102&base_code=0010477&code=00102002321 HTTP/1.1" 200 447
222.70.172.34 - - [08/Feb/2024:11:16:06 +0800] "GET /xingrg/all/function/internal_message.html?_=1707362180587&CODE_STATE=getMsg HTTP/1.1" 200 27
180.156.195.45 - - [08/Feb/2024:11:16:06 +0800] "GET /xingrg/all/function/internal_message.html?_=1707362166555&CODE_STATE=getMsg HTTP/1.1" 302 -
116.238.120.94 - - [08/Feb/2024:11:16:09 +0800] "GET /xingrg/kc/buy/cgsh_order_operate.html?command=get_materiel&rest_code=00150&code=00101001037&supplier_code=00100090&order_time=2024-02-08 HTTP/1.1" 200 416
222.70.172.34 - - [08/Feb/2024:11:16:11 +0800] "POST /xingrg/kc/buy/cgsh_order_operate.html HTTP/1.1" 200 2065
116.238.97.31 - - [08/Feb/2024:11:16:11 +0800] "GET /xingrg/kc/base/wldb_order_operate.html?command=get_materiel&rest_code=00102&base_code=0010477&code=00102002197 HTTP/1.1" 200 457
116.232.194.112 - - [08/Feb/2024:11:16:11 +0800] "GET /xingrg/all/function/internal_message.html?_=1707362088578&CODE_STATE=getMsg HTTP/1.1" 200 27
101.229.175.60 - - [08/Feb/2024:11:16:18 +0800] "GET /xingrg/all/function/internal_message.html?_=1707362184720&CODE_STATE=getMsg HTTP/1.1" 302 -
124.78.68.102 - - [08/Feb/2024:11:16:19 +0800] "GET /xingrg/all/function/internal_message.html?_=1707362179774&CODE_STATE=getMsg HTTP/1.1" 200 27
116.238.97.31 - - [08/Feb/2024:11:16:19 +0800] "GET /xingrg/kc/base/wldb_order_operate.html?command=get_materiel&rest_code=00102&base_code=0010477&code=00102002257 HTTP/1.1" 200 453
116.230.123.222 - - [08/Feb/2024:11:16:21 +0800] "GET /xingrg/kc/buy/cgsh_order_operate.html?command=get_materiel&rest_code=00111&code=00101008098&supplier_code=00100005&order_time=2024-02-08 HTTP/1.1" 200 412
116.238.120.94 - - [08/Feb/2024:11:16:24 +0800] "GET /xingrg/all/function/internal_message.html?_=1707362184329&CODE_STATE=getMsg HTTP/1.1" 200 27
116.238.120.94 - - [08/Feb/2024:11:16:24 +0800] "GET /xingrg/check_reg.html?_=1707362184333 HTTP/1.1" 200 22
116.230.123.222 - - [08/Feb/2024:11:16:24 +0800] "POST /xingrg/kc/buy/cgsh_order_operate.html HTTP/1.1" 200 2065
116.238.97.31 - - [08/Feb/2024:11:16:29 +0800] "GET /xingrg/kc/base/wldb_order_operate.html?command=get_materiel&rest_code=00102&base_code=0010477&code=00102002313 HTTP/1.1" 200 444
124.78.156.119 - - [08/Feb/2024:11:16:30 +0800] "GET /xingrg/all/function/internal_message.html?_=1707362189825&CODE_STATE=getMsg HTTP/1.1" 200 27
116.230.123.222 - - [08/Feb/2024:11:16:32 +0800] "GET /xingrg/kc/buy/cgsh_order_operate.html?command=get_materiel&rest_code=00111&code=00101008361&supplier_code=00100005&order_time=2024-02-08 HTTP/1.1" 200 408
180.164.1.25 - - [08/Feb/2024:11:16:32 +0800] "GET /xingrg/all/function/internal_message.html?_=1707362191670&CODE_STATE=getMsg HTTP/1.1" 200 27
116.232.194.112 - - [08/Feb/2024:11:16:35 +0800] "GET /xingrg/all/function/internal_message.html?_=1707362112173&CODE_STATE=getMsg HTTP/1.1" 200 27
116.232.194.112 - - [08/Feb/2024:11:16:35 +0800] "GET /xingrg/check_reg.html?_=1707362112539 HTTP/1.1" 200 22
116.238.97.31 - - [08/Feb/2024:11:16:37 +0800] "GET /xingrg/kc/base/wldb_order_operate.html?command=get_materiel&rest_code=00102&base_code=0010477&code=00102002556 HTTP/1.1" 200 443
222.70.172.34 - - [08/Feb/2024:11:16:38 +0800] "GET /xingrg/kc/buy/cgsh_order_operate.html?command=get_materiel&rest_code=00146&code=00101008331&supplier_code=00100005&order_time=2024-02-08 HTTP/1.1" 200 416
116.238.97.31 - - [08/Feb/2024:11:16:39 +0800] "GET /xingrg/all/function/internal_message.html?_=1707362199474&CODE_STATE=getMsg HTTP/1.1" 200 27
101.228.146.191 - - [08/Feb/2024:11:16:39 +0800] "POST /xingrg/kc/buy/cgsh_order_operate.html HTTP/1.1" 200 37
116.230.123.222 - - [08/Feb/2024:11:16:44 +0800] "GET /xingrg/kc/buy/cgsh_order_operate.html?command=get_materiel&rest_code=00111&code=00101008049&supplier_code=00100005&order_time=2024-02-08 HTTP/1.1" 200 408
101.83.145.37 - - [08/Feb/2024:11:16:45 +0800] "GET /xingrg/all/function/internal_message.html?_=1707361969731&CODE_STATE=getMsg HTTP/1.1" 200 27
101.228.146.191 - - [08/Feb/2024:11:16:46 +0800] "POST /xingrg/kc/buy/cgsh_order_operate.html HTTP/1.1" 200 12
101.228.146.191 - - [08/Feb/2024:11:16:49 +0800] "GET /xingrg/kc/buy/cgsh_order_info.html?code=212024020803386 HTTP/1.1" 200 67499
101.228.146.191 - - [08/Feb/2024:11:16:49 +0800] "GET /xingrg/javascript/easyui/themes/default/validatebox.css HTTP/1.1" 404 1104
101.228.146.191 - - [08/Feb/2024:11:16:50 +0800] "POST /xingrg/kc/buy/cgsh_order_operate.html HTTP/1.1" 200 2991
116.238.97.31 - - [08/Feb/2024:11:16:53 +0800] "POST /xingrg/kc/base/wldb_order_operate.html HTTP/1.1" 200 37
101.228.146.191 - - [08/Feb/2024:11:16:54 +0800] "GET /xingrg/kc/print/load_data.html?order_code=212024020803386&kc_code=cgsh&condition= HTTP/1.1" 200 1639
116.238.97.31 - - [08/Feb/2024:11:16:54 +0800] "POST /xingrg/kc/base/wldb_order_operate.html HTTP/1.1" 200 4638
116.230.123.222 - - [08/Feb/2024:11:16:56 +0800] "GET /xingrg/all/function/internal_message.html?_=1707362214571&CODE_STATE=getMsg HTTP/1.1" 200 27
101.83.240.145 - - [08/Feb/2024:11:16:57 +0800] "GET /xingrg/all/function/internal_message.html?_=1707362214860&CODE_STATE=getMsg HTTP/1.1" 200 27
116.238.97.31 - - [08/Feb/2024:11:17:00 +0800] "POST /xingrg/kc/base/wldb_order_operate.html HTTP/1.1" 200 12
116.230.123.222 - - [08/Feb/2024:11:17:01 +0800] "GET /xingrg/kc/buy/cgsh_order_operate.html?command=get_materiel&rest_code=00111&code=00101008370&supplier_code=00100005&order_time=2024-02-08 HTTP/1.1" 200 412
101.228.146.191 - - [08/Feb/2024:11:17:01 +0800] "GET /xingrg/all/function/internal_message.html?_=1707362220597&CODE_STATE=getMsg HTTP/1.1" 200 27
101.228.146.191 - - [08/Feb/2024:11:17:02 +0800] "POST /xingrg/kc/buy/cgsh_list_operate.html HTTP/1.1" 200 1869
222.69.128.19 - - [08/Feb/2024:11:17:03 +0800] "GET /xingrg/all/function/internal_message.html?_=1707362224769&CODE_STATE=getMsg HTTP/1.1" 200 27
222.70.172.34 - - [08/Feb/2024:11:17:06 +0800] "GET /xingrg/all/function/internal_message.html?_=1707362240602&CODE_STATE=getMsg HTTP/1.1" 200 27
180.156.195.45 - - [08/Feb/2024:11:17:06 +0800] "GET /xingrg/all/function/internal_message.html?_=1707362226532&CODE_STATE=getMsg HTTP/1.1" 302 -
116.238.120.94 - - [08/Feb/2024:11:17:08 +0800] "GET /xingrg/kc/buy/cgsh_order_operate.html?command=get_materiel&rest_code=00150&code=00101001140&supplier_code=00100090&order_time=2024-02-08 HTTP/1.1" 200 416
116.232.194.112 - - [08/Feb/2024:11:17:11 +0800] "GET /xingrg/all/function/internal_message.html?_=1707362148578&CODE_STATE=getMsg HTTP/1.1" 200 27
116.238.97.31 - - [08/Feb/2024:11:17:12 +0800] "GET /xingrg/kc/base/wldb_order_info.html?code=422024020800788 HTTP/1.1" 200 26219
116.238.97.31 - - [08/Feb/2024:11:17:13 +0800] "GET /xingrg/javascript/easyui/themes/default/validatebox.css HTTP/1.1" 404 1104
116.238.97.31 - - [08/Feb/2024:11:17:13 +0800] "POST /xingrg/kc/base/wldb_order_operate.html HTTP/1.1" 200 2875
101.229.175.60 - - [08/Feb/2024:11:17:18 +0800] "GET /xingrg/all/function/internal_message.html?_=1707362244721&CODE_STATE=getMsg HTTP/1.1" 302 -
124.78.68.102 - - [08/Feb/2024:11:17:19 +0800] "GET /xingrg/all/function/internal_message.html?_=1707362239765&CODE_STATE=getMsg HTTP/1.1" 200 27
101.228.146.191 - - [08/Feb/2024:11:17:20 +0800] "GET /xingrg/kc/base/yddb_order_list.html HTTP/1.1" 200 16624
101.228.146.191 - - [08/Feb/2024:11:17:20 +0800] "POST /xingrg/kc/base/yddb_list_operate.html HTTP/1.1" 200 636
101.228.146.191 - - [08/Feb/2024:11:17:23 +0800] "POST /xingrg/kc/base/yddb_list_operate.html HTTP/1.1" 200 4376
116.238.120.94 - - [08/Feb/2024:11:17:24 +0800] "GET /xingrg/all/function/internal_message.html?_=1707362244329&CODE_STATE=getMsg HTTP/1.1" 200 27
116.230.123.222 - - [08/Feb/2024:11:17:26 +0800] "POST /xingrg/kc/buy/cgsh_order_operate.html HTTP/1.1" 200 2065
124.78.156.119 - - [08/Feb/2024:11:17:30 +0800] "GET /xingrg/all/function/internal_message.html?_=1707362249795&CODE_STATE=getMsg HTTP/1.1" 200 27
124.78.156.119 - - [08/Feb/2024:11:17:31 +0800] "GET /xingrg/check_reg.html?_=1707362250312 HTTP/1.1" 200 22
180.164.1.25 - - [08/Feb/2024:11:17:32 +0800] "GET /xingrg/all/function/internal_message.html?_=1707362251661&CODE_STATE=getMsg HTTP/1.1" 200 27
180.164.1.25 - - [08/Feb/2024:11:17:32 +0800] "GET /xingrg/check_reg.html?_=1707362251663 HTTP/1.1" 200 22
116.232.194.112 - - [08/Feb/2024:11:17:35 +0800] "GET /xingrg/all/function/internal_message.html?_=1707362172156&CODE_STATE=getMsg HTTP/1.1" 200 27
116.230.123.222 - - [08/Feb/2024:11:17:37 +0800] "GET /xingrg/kc/buy/cgsh_order_operate.html?command=get_materiel&rest_code=00111&code=00101008096&supplier_code=00100005&order_time=2024-02-08 HTTP/1.1" 200 412
116.238.97.31 - - [08/Feb/2024:11:17:39 +0800] "GET /xingrg/all/function/internal_message.html?_=1707362259465&CODE_STATE=getMsg HTTP/1.1" 200 27
101.83.145.37 - - [08/Feb/2024:11:17:45 +0800] "GET /xingrg/all/function/internal_message.html?_=1707362029731&CODE_STATE=getMsg HTTP/1.1" 200 27
116.230.123.222 - - [08/Feb/2024:11:17:56 +0800] "GET /xingrg/all/function/internal_message.html?_=1707362274572&CODE_STATE=getMsg HTTP/1.1" 200 27
101.83.240.145 - - [08/Feb/2024:11:17:57 +0800] "GET /xingrg/all/function/internal_message.html?_=1707362274845&CODE_STATE=getMsg HTTP/1.1" 200 27
116.230.123.222 - - [08/Feb/2024:11:17:59 +0800] "GET /xingrg/kc/buy/cgsh_order_operate.html?command=get_materiel&rest_code=00111&code=00101008201&supplier_code=00100005&order_time=2024-02-08 HTTP/1.1" 200 412
101.228.146.191 - - [08/Feb/2024:11:18:01 +0800] "GET /xingrg/all/function/internal_message.html?_=1707362280583&CODE_STATE=getMsg HTTP/1.1" 200 27
222.69.128.19 - - [08/Feb/2024:11:18:03 +0800] "GET /xingrg/all/function/internal_message.html?_=1707362284756&CODE_STATE=getMsg HTTP/1.1" 200 27
180.156.195.45 - - [08/Feb/2024:11:18:06 +0800] "GET /xingrg/all/function/internal_message.html?_=1707362286510&CODE_STATE=getMsg HTTP/1.1" 302 -
222.70.172.34 - - [08/Feb/2024:11:18:06 +0800] "GET /xingrg/all/function/internal_message.html?_=1707362300615&CODE_STATE=getMsg HTTP/1.1" 200 27
180.156.195.45 - - [08/Feb/2024:11:18:06 +0800] "GET /xingrg/check_reg.html?_=1707362286838 HTTP/1.1" 302 -
101.228.146.191 - - [08/Feb/2024:11:18:07 +0800] "GET /xingrg/check_reg.html?_=1707362286482 HTTP/1.1" 200 22
116.230.123.222 - - [08/Feb/2024:11:18:10 +0800] "GET /xingrg/kc/buy/cgsh_order_operate.html?command=get_materiel&rest_code=00111&code=00101008298&supplier_code=00100005&order_time=2024-02-08 HTTP/1.1" 200 412
116.232.194.112 - - [08/Feb/2024:11:18:11 +0800] "GET /xingrg/all/function/internal_message.html?_=1707362208578&CODE_STATE=getMsg HTTP/1.1" 200 27
116.232.194.112 - - [08/Feb/2024:11:18:12 +0800] "GET /xingrg/check_reg.html?_=1707362208582 HTTP/1.1" 200 22
101.229.175.60 - - [08/Feb/2024:11:18:18 +0800] "GET /xingrg/all/function/internal_message.html?_=1707362304722&CODE_STATE=getMsg HTTP/1.1" 302 -
101.229.175.60 - - [08/Feb/2024:11:18:18 +0800] "GET /xingrg/check_reg.html?_=1707362304726 HTTP/1.1" 302 -
124.78.68.102 - - [08/Feb/2024:11:18:19 +0800] "GET /xingrg/all/function/internal_message.html?_=1707362299752&CODE_STATE=getMsg HTTP/1.1" 200 27
116.238.120.94 - - [08/Feb/2024:11:18:24 +0800] "GET /xingrg/all/function/internal_message.html?_=1707362304322&CODE_STATE=getMsg HTTP/1.1" 200 27
124.78.156.119 - - [08/Feb/2024:11:18:30 +0800] "GET /xingrg/all/function/internal_message.html?_=1707362309776&CODE_STATE=getMsg HTTP/1.1" 200 27
180.163.29.234 - - [08/Feb/2024:11:18:31 +0800] "GET /xingrg/all/function/internal_message.html?_=1707362249795&CODE_STATE=getMsg HTTP/1.1" 302 -
180.163.29.234 - - [08/Feb/2024:11:18:31 +0800] "GET /xingrg/login.html HTTP/1.1" 200 7641
180.164.1.25 - - [08/Feb/2024:11:18:32 +0800] "GET /xingrg/all/function/internal_message.html?_=1707362311677&CODE_STATE=getMsg HTTP/1.1" 200 27
116.232.194.112 - - [08/Feb/2024:11:18:35 +0800] "GET /xingrg/all/function/internal_message.html?_=1707362232128&CODE_STATE=getMsg HTTP/1.1" 200 27
116.238.97.31 - - [08/Feb/2024:11:18:39 +0800] "GET /xingrg/all/function/internal_message.html?_=1707362319452&CODE_STATE=getMsg HTTP/1.1" 200 27
116.238.97.31 - - [08/Feb/2024:11:18:39 +0800] "GET /xingrg/check_reg.html?_=1707362319498 HTTP/1.1" 200 22
101.83.145.37 - - [08/Feb/2024:11:18:45 +0800] "GET /xingrg/check_reg.html?_=1707362089731 HTTP/1.1" 200 22
101.83.145.37 - - [08/Feb/2024:11:18:45 +0800] "GET /xingrg/all/function/internal_message.html?_=1707362089734&CODE_STATE=getMsg HTTP/1.1" 200 27
116.230.123.222 - - [08/Feb/2024:11:18:56 +0800] "GET /xingrg/check_reg.html?_=1707362334579 HTTP/1.1" 200 22
116.230.123.222 - - [08/Feb/2024:11:18:56 +0800] "GET /xingrg/all/function/internal_message.html?_=1707362334578&CODE_STATE=getMsg HTTP/1.1" 200 27
101.83.240.145 - - [08/Feb/2024:11:18:57 +0800] "GET /xingrg/all/function/internal_message.html?_=1707362334827&CODE_STATE=getMsg HTTP/1.1" 200 27
116.230.123.222 - - [08/Feb/2024:11:19:00 +0800] "GET /xingrg/kc/buy/cgsh_order_operate.html?command=get_materiel&rest_code=00111&code=00101008352&supplier_code=00100005&order_time=2024-02-08 HTTP/1.1" 200 412
101.228.146.191 - - [08/Feb/2024:11:19:01 +0800] "GET /xingrg/all/function/internal_message.html?_=1707362340554&CODE_STATE=getMsg HTTP/1.1" 200 27
222.69.128.19 - - [08/Feb/2024:11:19:03 +0800] "GET /xingrg/all/function/internal_message.html?_=1707362344742&CODE_STATE=getMsg HTTP/1.1" 200 27
116.230.123.222 - - [08/Feb/2024:11:19:05 +0800] "POST /xingrg/kc/buy/cgsh_order_operate.html HTTP/1.1" 200 2065
180.156.195.45 - - [08/Feb/2024:11:19:06 +0800] "GET /xingrg/all/function/internal_message.html?_=1707362346490&CODE_STATE=getMsg HTTP/1.1" 302 -
222.70.172.34 - - [08/Feb/2024:11:19:06 +0800] "GET /xingrg/all/function/internal_message.html?_=1707362361035&CODE_STATE=getMsg HTTP/1.1" 200 27
116.238.120.94 - - [08/Feb/2024:11:19:08 +0800] "GET /xingrg/kc/buy/cgsh_order_operate.html?command=get_materiel&rest_code=00150&code=00101001125&supplier_code=00100090&order_time=2024-02-08 HTTP/1.1" 200 416
116.232.194.112 - - [08/Feb/2024:11:19:12 +0800] "GET /xingrg/all/function/internal_message.html?_=1707362268578&CODE_STATE=getMsg HTTP/1.1" 200 27
116.230.123.222 - - [08/Feb/2024:11:19:12 +0800] "GET /xingrg/kc/buy/cgsh_order_operate.html?command=get_materiel&rest_code=00111&code=00101008131&supplier_code=00100005&order_time=2024-02-08 HTTP/1.1" 200 408
101.229.175.60 - - [08/Feb/2024:11:19:18 +0800] "GET /xingrg/all/function/internal_message.html?_=1707362364727&CODE_STATE=getMsg HTTP/1.1" 302 -
124.78.68.102 - - [08/Feb/2024:11:19:19 +0800] "GET /xingrg/all/function/internal_message.html?_=1707362359725&CODE_STATE=getMsg HTTP/1.1" 200 27
124.78.68.102 - - [08/Feb/2024:11:19:19 +0800] "GET /xingrg/check_reg.html?_=1707362359744 HTTP/1.1" 200 22
116.238.120.94 - - [08/Feb/2024:11:19:21 +0800] "GET /xingrg/kc/buy/cgsh_order_operate.html?command=get_materiel&rest_code=00150&code=00101001040&supplier_code=00100090&order_time=2024-02-08 HTTP/1.1" 200 417
116.238.120.94 - - [08/Feb/2024:11:19:24 +0800] "GET /xingrg/all/function/internal_message.html?_=1707362364331&CODE_STATE=getMsg HTTP/1.1" 200 27
124.78.156.119 - - [08/Feb/2024:11:19:30 +0800] "GET /xingrg/all/function/internal_message.html?_=1707362369755&CODE_STATE=getMsg HTTP/1.1" 200 27
180.164.1.25 - - [08/Feb/2024:11:19:32 +0800] "GET /xingrg/all/function/internal_message.html?_=1707362371678&CODE_STATE=getMsg HTTP/1.1" 200 27
116.232.194.112 - - [08/Feb/2024:11:19:35 +0800] "GET /xingrg/all/function/internal_message.html?_=1707362292128&CODE_STATE=getMsg HTTP/1.1" 200 27
116.238.97.31 - - [08/Feb/2024:11:19:39 +0800] "GET /xingrg/all/function/internal_message.html?_=1707362379431&CODE_STATE=getMsg HTTP/1.1" 200 27
116.238.120.94 - - [08/Feb/2024:11:19:40 +0800] "GET /xingrg/kc/buy/cgsh_order_operate.html?command=get_materiel&rest_code=00150&code=00101001169&supplier_code=00100090&order_time=2024-02-08 HTTP/1.1" 200 417
124.79.241.29 - - [08/Feb/2024:11:19:45 +0800] "POST /xingrg/services/DataTransmitService HTTP/1.1" 200 524
101.83.145.37 - - [08/Feb/2024:11:19:45 +0800] "GET /xingrg/all/function/internal_message.html?_=1707362149760&CODE_STATE=getMsg HTTP/1.1" 200 27
124.79.241.29 - - [08/Feb/2024:11:19:46 +0800] "POST /xingrg/services/DataTransmitService HTTP/1.1" 200 412
116.238.120.94 - - [08/Feb/2024:11:19:55 +0800] "GET /xingrg/kc/buy/cgsh_order_operate.html?command=get_materiel&rest_code=00150&code=00101004104&supplier_code=00100090&order_time=2024-02-08 HTTP/1.1" 200 410
116.230.123.222 - - [08/Feb/2024:11:19:56 +0800] "GET /xingrg/all/function/internal_message.html?_=1707362394580&CODE_STATE=getMsg HTTP/1.1" 200 27
101.83.240.145 - - [08/Feb/2024:11:19:57 +0800] "GET /xingrg/all/function/internal_message.html?_=1707362394805&CODE_STATE=getMsg HTTP/1.1" 200 27
101.228.146.191 - - [08/Feb/2024:11:20:01 +0800] "GET /xingrg/all/function/internal_message.html?_=1707362400540&CODE_STATE=getMsg HTTP/1.1" 200 27
222.69.128.19 - - [08/Feb/2024:11:20:03 +0800] "GET /xingrg/all/function/internal_message.html?_=1707362404725&CODE_STATE=getMsg HTTP/1.1" 200 27
180.156.195.45 - - [08/Feb/2024:11:20:06 +0800] "GET /xingrg/all/function/internal_message.html?_=1707362406468&CODE_STATE=getMsg HTTP/1.1" 302 -
222.70.172.34 - - [08/Feb/2024:11:20:07 +0800] "GET /xingrg/all/function/internal_message.html?_=1707362421048&CODE_STATE=getMsg HTTP/1.1" 200 27
116.232.194.112 - - [08/Feb/2024:11:20:11 +0800] "GET /xingrg/all/function/internal_message.html?_=1707362328578&CODE_STATE=getMsg HTTP/1.1" 200 27
101.229.175.60 - - [08/Feb/2024:11:20:18 +0800] "GET /xingrg/all/function/internal_message.html?_=1707362424730&CODE_STATE=getMsg HTTP/1.1" 302 -
124.78.68.102 - - [08/Feb/2024:11:20:19 +0800] "GET /xingrg/all/function/internal_message.html?_=1707362419719&CODE_STATE=getMsg HTTP/1.1" 200 27
116.238.120.94 - - [08/Feb/2024:11:20:24 +0800] "GET /xingrg/all/function/internal_message.html?_=1707362424304&CODE_STATE=getMsg HTTP/1.1" 200 27
124.78.156.119 - - [08/Feb/2024:11:20:30 +0800] "GET /xingrg/all/function/internal_message.html?_=1707362429741&CODE_STATE=getMsg HTTP/1.1" 200 27
180.164.1.25 - - [08/Feb/2024:11:20:32 +0800] "GET /xingrg/all/function/internal_message.html?_=1707362431670&CODE_STATE=getMsg HTTP/1.1" 200 27
116.232.194.112 - - [08/Feb/2024:11:20:35 +0800] "GET /xingrg/all/function/internal_message.html?_=1707362352111&CODE_STATE=getMsg HTTP/1.1" 200 27
116.238.97.31 - - [08/Feb/2024:11:20:39 +0800] "GET /xingrg/all/function/internal_message.html?_=1707362439427&CODE_STATE=getMsg HTTP/1.1" 200 27
101.83.240.145 - - [08/Feb/2024:11:20:41 +0800] "GET /xingrg/check_reg.html?_=1707362438324 HTTP/1.1" 200 22
222.70.172.34 - - [08/Feb/2024:11:20:44 +0800] "GET /xingrg/check_reg.html?_=1707362458954 HTTP/1.1" 200 22
101.83.145.37 - - [08/Feb/2024:11:20:45 +0800] "GET /xingrg/all/function/internal_message.html?_=1707362209759&CODE_STATE=getMsg HTTP/1.1" 200 27
124.78.68.102 - - [08/Feb/2024:11:20:49 +0800] "POST /xingrg/services/DataTransmitService HTTP/1.1" 200 524
124.78.68.102 - - [08/Feb/2024:11:20:51 +0800] "POST /xingrg/services/DataTransmitService HTTP/1.1" 200 412
222.70.172.34 - - [08/Feb/2024:11:20:54 +0800] "GET /xingrg/kc/buy/cgsh_order_operate.html?command=get_materiel&rest_code=00146&code=00101008350&supplier_code=00100005&order_time=2024-02-08 HTTP/1.1" 200 408
116.230.123.222 - - [08/Feb/2024:11:20:56 +0800] "GET /xingrg/all/function/internal_message.html?_=1707362454579&CODE_STATE=getMsg HTTP/1.1" 200 27
101.83.240.145 - - [08/Feb/2024:11:20:57 +0800] "GET /xingrg/all/function/internal_message.html?_=1707362454785&CODE_STATE=getMsg HTTP/1.1" 200 27
222.69.128.19 - - [08/Feb/2024:11:20:58 +0800] "GET /xingrg/check_reg.html?_=1707362459864 HTTP/1.1" 200 22
101.228.146.191 - - [08/Feb/2024:11:21:01 +0800] "GET /xingrg/all/function/internal_message.html?_=1707362460514&CODE_STATE=getMsg HTTP/1.1" 200 27
222.69.128.19 - - [08/Feb/2024:11:21:03 +0800] "GET /xingrg/all/function/internal_message.html?_=1707362464705&CODE_STATE=getMsg HTTP/1.1" 200 27
101.228.146.191 - - [08/Feb/2024:11:21:06 +0800] "GET /xingrg/kc/buy/cgsh_order_list.html HTTP/1.1" 200 57698
180.156.195.45 - - [08/Feb/2024:11:21:06 +0800] "GET /xingrg/all/function/internal_message.html?_=1707362466457&CODE_STATE=getMsg HTTP/1.1" 302 -
222.70.172.34 - - [08/Feb/2024:11:21:07 +0800] "GET /xingrg/all/function/internal_message.html?_=1707362481070&CODE_STATE=getMsg HTTP/1.1" 200 27
101.228.146.191 - - [08/Feb/2024:11:21:10 +0800] "POST /xingrg/kc/buy/cgsh_list_operate.html HTTP/1.1" 200 1869
116.232.194.112 - - [08/Feb/2024:11:21:12 +0800] "GET /xingrg/all/function/internal_message.html?_=1707362388578&CODE_STATE=getMsg HTTP/1.1" 200 27
101.229.175.60 - - [08/Feb/2024:11:21:18 +0800] "GET /xingrg/all/function/internal_message.html?_=1707362484732&CODE_STATE=getMsg HTTP/1.1" 302 -
124.78.68.102 - - [08/Feb/2024:11:21:19 +0800] "GET /xingrg/all/function/internal_message.html?_=1707362479701&CODE_STATE=getMsg HTTP/1.1" 200 27
116.238.120.94 - - [08/Feb/2024:11:21:21 +0800] "POST /xingrg/kc/buy/cgsh_order_operate.html HTTP/1.1" 200 37
101.228.146.191 - - [08/Feb/2024:11:21:21 +0800] "POST /xingrg/kc/buy/cgsh_list_operate.html HTTP/1.1" 200 618
222.70.172.34 - - [08/Feb/2024:11:21:21 +0800] "POST /xingrg/kc/buy/cgsh_order_operate.html HTTP/1.1" 200 2065
116.238.120.94 - - [08/Feb/2024:11:21:23 +0800] "POST /xingrg/kc/buy/cgsh_order_operate.html HTTP/1.1" 200 5653
116.238.120.94 - - [08/Feb/2024:11:21:24 +0800] "GET /xingrg/check_reg.html?_=1707362484323 HTTP/1.1" 200 22
116.238.120.94 - - [08/Feb/2024:11:21:24 +0800] "GET /xingrg/all/function/internal_message.html?_=1707362484322&CODE_STATE=getMsg HTTP/1.1" 200 27
116.238.120.94 - - [08/Feb/2024:11:21:24 +0800] "GET /xingrg/kc/buy/cgsh_order_add.html HTTP/1.1" 200 73511
116.238.120.94 - - [08/Feb/2024:11:21:25 +0800] "GET /xingrg/javascript/easyui/themes/default/validatebox.css HTTP/1.1" 404 1104
116.238.120.94 - - [08/Feb/2024:11:21:25 +0800] "POST /xingrg/kc/buy/cgsh_order_operate.html HTTP/1.1" 200 8245
101.228.146.191 - - [08/Feb/2024:11:21:30 +0800] "GET /xingrg/kc/buy/cgsh_order_info.html?code=212024020100399 HTTP/1.1" 200 72589
124.78.156.119 - - [08/Feb/2024:11:21:30 +0800] "GET /xingrg/all/function/internal_message.html?_=1707362489710&CODE_STATE=getMsg HTTP/1.1" 200 27
101.228.146.191 - - [08/Feb/2024:11:21:31 +0800] "GET /xingrg/javascript/easyui/themes/default/validatebox.css HTTP/1.1" 404 1104
180.163.30.27 - - [08/Feb/2024:11:21:31 +0800] "GET /xingrg/all/function/internal_message.html?_=1707362429741&CODE_STATE=getMsg HTTP/1.1" 302 -
180.163.30.27 - - [08/Feb/2024:11:21:31 +0800] "GET /xingrg/login.html HTTP/1.1" 200 7641
101.228.146.191 - - [08/Feb/2024:11:21:31 +0800] "POST /xingrg/kc/buy/cgsh_order_operate.html HTTP/1.1" 200 6289
180.164.1.25 - - [08/Feb/2024:11:21:32 +0800] "GET /xingrg/all/function/internal_message.html?_=1707362491660&CODE_STATE=getMsg HTTP/1.1" 200 27
116.238.120.94 - - [08/Feb/2024:11:21:34 +0800] "GET /xingrg/kc/buy/cgsh_order_operate.html?command=get_materiel&rest_code=00150&code=00101002006&supplier_code=00100091&order_time=2024-02-08 HTTP/1.1" 200 414
116.232.194.112 - - [08/Feb/2024:11:21:35 +0800] "GET /xingrg/all/function/internal_message.html?_=1707362412082&CODE_STATE=getMsg HTTP/1.1" 200 27
116.232.194.112 - - [08/Feb/2024:11:21:35 +0800] "GET /xingrg/check_reg.html?_=1707362412524 HTTP/1.1" 200 22
116.238.97.31 - - [08/Feb/2024:11:21:39 +0800] "GET /xingrg/all/function/internal_message.html?_=1707362499413&CODE_STATE=getMsg HTTP/1.1" 200 27
101.83.145.37 - - [08/Feb/2024:11:21:45 +0800] "GET /xingrg/all/function/internal_message.html?_=1707362269759&CODE_STATE=getMsg HTTP/1.1" 200 27
101.228.146.191 - - [08/Feb/2024:11:21:47 +0800] "GET /xingrg/kc/buy/cgsh_order_operate.html?command=get_materiel&rest_code=00142&code=00102002821&supplier_code=00100386&order_time=2024-02-07 HTTP/1.1" 200 424
116.238.120.94 - - [08/Feb/2024:11:21:52 +0800] "GET /xingrg/kc/buy/cgsh_order_operate.html?command=get_materiel&rest_code=00150&code=00101003037&supplier_code=00100091&order_time=2024-02-08 HTTP/1.1" 200 418
116.230.123.222 - - [08/Feb/2024:11:21:54 +0800] "GET /xingrg/kc/buy/cgsh_order_operate.html?command=get_materiel&rest_code=00111&code=00101008283&supplier_code=00100005&order_time=2024-02-08 HTTP/1.1" 200 408
116.230.123.222 - - [08/Feb/2024:11:21:56 +0800] "GET /xingrg/all/function/internal_message.html?_=1707362514573&CODE_STATE=getMsg HTTP/1.1" 200 27
101.83.240.145 - - [08/Feb/2024:11:21:57 +0800] "GET /xingrg/all/function/internal_message.html?_=1707362514769&CODE_STATE=getMsg HTTP/1.1" 200 27
222.70.172.34 - - [08/Feb/2024:11:21:57 +0800] "GET /xingrg/kc/buy/cgsh_order_operate.html?command=get_materiel&rest_code=00146&code=00101008358&supplier_code=00100005&order_time=2024-02-08 HTTP/1.1" 200 412
116.230.123.222 - - [08/Feb/2024:11:21:59 +0800] "POST /xingrg/kc/buy/cgsh_order_operate.html HTTP/1.1" 200 2065
101.228.146.191 - - [08/Feb/2024:11:22:01 +0800] "GET /xingrg/all/function/internal_message.html?_=1707362520498&CODE_STATE=getMsg HTTP/1.1" 200 27
222.69.128.19 - - [08/Feb/2024:11:22:03 +0800] "GET /xingrg/all/function/internal_message.html?_=1707362524697&CODE_STATE=getMsg HTTP/1.1" 200 27
116.238.120.94 - - [08/Feb/2024:11:22:05 +0800] "POST /xingrg/kc/buy/cgsh_order_operate.html HTTP/1.1" 200 37
180.156.195.45 - - [08/Feb/2024:11:22:06 +0800] "GET /xingrg/all/function/internal_message.html?_=1707362526436&CODE_STATE=getMsg HTTP/1.1" 302 -
222.70.172.34 - - [08/Feb/2024:11:22:07 +0800] "GET /xingrg/all/function/internal_message.html?_=1707362541075&CODE_STATE=getMsg HTTP/1.1" 200 27
116.230.123.222 - - [08/Feb/2024:11:22:07 +0800] "GET /xingrg/kc/buy/cgsh_order_operate.html?command=get_materiel&rest_code=00111&code=00101008005&supplier_code=00100005&order_time=2024-02-08 HTTP/1.1" 200 412
116.238.120.94 - - [08/Feb/2024:11:22:11 +0800] "POST /xingrg/kc/buy/cgsh_order_operate.html HTTP/1.1" 200 12
116.232.194.112 - - [08/Feb/2024:11:22:12 +0800] "GET /xingrg/all/function/internal_message.html?_=1707362448577&CODE_STATE=getMsg HTTP/1.1" 200 27
116.238.120.94 - - [08/Feb/2024:11:22:13 +0800] "GET /xingrg/kc/buy/cgsh_order_info.html?code=212024020803388 HTTP/1.1" 200 68424
116.238.120.94 - - [08/Feb/2024:11:22:14 +0800] "GET /xingrg/javascript/easyui/themes/default/validatebox.css HTTP/1.1" 404 1104
116.238.120.94 - - [08/Feb/2024:11:22:15 +0800] "POST /xingrg/kc/buy/cgsh_order_operate.html HTTP/1.1" 200 1214
116.238.120.94 - - [08/Feb/2024:11:22:16 +0800] "GET /xingrg/kc/print/load_config.html?kc_code=cgsh HTTP/1.1" 200 1927
101.229.175.60 - - [08/Feb/2024:11:22:18 +0800] "GET /xingrg/all/function/internal_message.html?_=1707362544716&CODE_STATE=getMsg HTTP/1.1" 302 -
101.228.146.191 - - [08/Feb/2024:11:22:19 +0800] "POST /xingrg/kc/buy/cgsh_order_operate.html HTTP/1.1" 200 37
124.78.68.102 - - [08/Feb/2024:11:22:19 +0800] "GET /xingrg/all/function/internal_message.html?_=1707362539680&CODE_STATE=getMsg HTTP/1.1" 200 27
116.238.120.94 - - [08/Feb/2024:11:22:19 +0800] "GET /xingrg/kc/print/load_data.html?order_code=212024020803388&kc_code=cgsh&condition= HTTP/1.1" 200 1019
116.230.123.222 - - [08/Feb/2024:11:22:21 +0800] "GET /xingrg/kc/buy/cgsh_order_operate.html?command=get_materiel&rest_code=00111&code=00101008264&supplier_code=00100005&order_time=2024-02-08 HTTP/1.1" 200 412
101.228.146.191 - - [08/Feb/2024:11:22:21 +0800] "POST /xingrg/kc/buy/cgsh_order_operate.html HTTP/1.1" 200 6893
116.238.120.94 - - [08/Feb/2024:11:22:24 +0800] "GET /xingrg/all/function/internal_message.html?_=1707362544310&CODE_STATE=getMsg HTTP/1.1" 200 27
116.238.120.94 - - [08/Feb/2024:11:22:24 +0800] "GET /xingrg/kc/buy/cgsh_order_add.html HTTP/1.1" 200 73511
116.238.120.94 - - [08/Feb/2024:11:22:25 +0800] "GET /xingrg/javascript/easyui/themes/default/validatebox.css HTTP/1.1" 404 1104
116.238.120.94 - - [08/Feb/2024:11:22:25 +0800] "POST /xingrg/kc/buy/cgsh_order_operate.html HTTP/1.1" 200 8245
101.228.146.191 - - [08/Feb/2024:11:22:28 +0800] "POST /xingrg/kc/buy/cgsh_list_operate.html HTTP/1.1" 200 1869
222.70.172.34 - - [08/Feb/2024:11:22:30 +0800] "POST /xingrg/kc/buy/cgsh_order_operate.html HTTP/1.1" 200 2065
124.78.156.119 - - [08/Feb/2024:11:22:30 +0800] "GET /xingrg/all/function/internal_message.html?_=1707362549698&CODE_STATE=getMsg HTTP/1.1" 200 27
124.78.156.119 - - [08/Feb/2024:11:22:31 +0800] "GET /xingrg/check_reg.html?_=1707362550296 HTTP/1.1" 200 22
180.164.1.25 - - [08/Feb/2024:11:22:32 +0800] "GET /xingrg/all/function/internal_message.html?_=1707362551672&CODE_STATE=getMsg HTTP/1.1" 200 27
180.164.1.25 - - [08/Feb/2024:11:22:32 +0800] "GET /xingrg/check_reg.html?_=1707362551673 HTTP/1.1" 200 22
116.238.120.94 - - [08/Feb/2024:11:22:33 +0800] "GET /xingrg/kc/buy/cgsh_order_operate.html?command=get_materiel&rest_code=00150&code=00101002038&supplier_code=00100087&order_time=2024-02-08 HTTP/1.1" 200 416
116.232.194.112 - - [08/Feb/2024:11:22:35 +0800] "GET /xingrg/all/function/internal_message.html?_=1707362472061&CODE_STATE=getMsg HTTP/1.1" 200 27
116.238.97.31 - - [08/Feb/2024:11:22:38 +0800] "GET /xingrg/all/function/internal_message.html?_=1707362559389&CODE_STATE=getMsg HTTP/1.1" 200 27
101.83.145.37 - - [08/Feb/2024:11:22:45 +0800] "GET /xingrg/all/function/internal_message.html?_=1707362329759&CODE_STATE=getMsg HTTP/1.1" 200 27
116.238.120.94 - - [08/Feb/2024:11:22:49 +0800] "GET /xingrg/kc/buy/cgsh_order_operate.html?command=get_materiel&rest_code=00150&code=00101002002&supplier_code=00100087&order_time=2024-02-08 HTTP/1.1" 200 420
116.230.123.222 - - [08/Feb/2024:11:22:50 +0800] "GET /xingrg/kc/buy/cgsh_order_operate.html?command=get_materiel&rest_code=00111&code=00101008291&supplier_code=00100005&order_time=2024-02-08 HTTP/1.1" 200 408
222.70.172.34 - - [08/Feb/2024:11:22:54 +0800] "GET /xingrg/kc/buy/cgsh_order_operate.html?command=get_materiel&rest_code=00146&code=00101008024&supplier_code=00100005&order_time=2024-02-08 HTTP/1.1" 200 408
116.230.123.222 - - [08/Feb/2024:11:22:56 +0800] "GET /xingrg/all/function/internal_message.html?_=1707362574581&CODE_STATE=getMsg HTTP/1.1" 200 27
101.83.240.145 - - [08/Feb/2024:11:22:57 +0800] "GET /xingrg/all/function/internal_message.html?_=1707362574744&CODE_STATE=getMsg HTTP/1.1" 200 27
116.238.120.94 - - [08/Feb/2024:11:23:01 +0800] "POST /xingrg/kc/buy/cgsh_order_operate.html HTTP/1.1" 200 37
101.228.146.191 - - [08/Feb/2024:11:23:01 +0800] "GET /xingrg/all/function/internal_message.html?_=1707362580480&CODE_STATE=getMsg HTTP/1.1" 200 27
222.69.128.19 - - [08/Feb/2024:11:23:03 +0800] "GET /xingrg/all/function/internal_message.html?_=1707362584684&CODE_STATE=getMsg HTTP/1.1" 200 27
180.156.195.45 - - [08/Feb/2024:11:23:06 +0800] "GET /xingrg/all/function/internal_message.html?_=1707362586423&CODE_STATE=getMsg HTTP/1.1" 302 -
180.156.195.45 - - [08/Feb/2024:11:23:06 +0800] "GET /xingrg/check_reg.html?_=1707362586825 HTTP/1.1" 302 -
222.70.172.34 - - [08/Feb/2024:11:23:07 +0800] "GET /xingrg/all/function/internal_message.html?_=1707362601089&CODE_STATE=getMsg HTTP/1.1" 200 27
116.238.120.94 - - [08/Feb/2024:11:23:07 +0800] "POST /xingrg/kc/buy/cgsh_order_operate.html HTTP/1.1" 200 12
101.228.146.191 - - [08/Feb/2024:11:23:07 +0800] "GET /xingrg/check_reg.html?_=1707362586488 HTTP/1.1" 200 22
116.238.120.94 - - [08/Feb/2024:11:23:09 +0800] "GET /xingrg/kc/buy/cgsh_order_info.html?code=212024020803389 HTTP/1.1" 200 68420
116.238.120.94 - - [08/Feb/2024:11:23:09 +0800] "GET /xingrg/javascript/easyui/themes/default/validatebox.css HTTP/1.1" 404 1104
116.238.120.94 - - [08/Feb/2024:11:23:10 +0800] "POST /xingrg/kc/buy/cgsh_order_operate.html HTTP/1.1" 200 1218
116.232.194.112 - - [08/Feb/2024:11:23:11 +0800] "GET /xingrg/all/function/internal_message.html?_=1707362508577&CODE_STATE=getMsg HTTP/1.1" 200 27
116.232.194.112 - - [08/Feb/2024:11:23:12 +0800] "GET /xingrg/check_reg.html?_=1707362508580 HTTP/1.1" 200 22
116.238.120.94 - - [08/Feb/2024:11:23:12 +0800] "GET /xingrg/kc/print/load_data.html?order_code=212024020803389&kc_code=cgsh&condition= HTTP/1.1" 200 1007
116.230.123.222 - - [08/Feb/2024:11:23:15 +0800] "GET /xingrg/kc/buy/cgsh_order_operate.html?command=get_materiel&rest_code=00111&code=00101008163&supplier_code=00100005&order_time=2024-02-08 HTTP/1.1" 200 409
116.238.120.94 - - [08/Feb/2024:11:23:17 +0800] "GET /xingrg/kc/buy/cgsh_order_add.html HTTP/1.1" 200 73511
116.238.120.94 - - [08/Feb/2024:11:23:17 +0800] "GET /xingrg/javascript/easyui/themes/default/validatebox.css HTTP/1.1" 404 1104
116.238.120.94 - - [08/Feb/2024:11:23:17 +0800] "POST /xingrg/kc/buy/cgsh_order_operate.html HTTP/1.1" 200 8245
116.230.123.222 - - [08/Feb/2024:11:23:18 +0800] "POST /xingrg/kc/buy/cgsh_order_operate.html HTTP/1.1" 200 2065
101.229.175.60 - - [08/Feb/2024:11:23:18 +0800] "GET /xingrg/all/function/internal_message.html?_=1707362604716&CODE_STATE=getMsg HTTP/1.1" 302 -
101.229.175.60 - - [08/Feb/2024:11:23:18 +0800] "GET /xingrg/check_reg.html?_=1707362604718 HTTP/1.1" 302 -
124.78.68.102 - - [08/Feb/2024:11:23:19 +0800] "GET /xingrg/all/function/internal_message.html?_=1707362599664&CODE_STATE=getMsg HTTP/1.1" 200 27
116.238.120.94 - - [08/Feb/2024:11:23:24 +0800] "GET /xingrg/all/function/internal_message.html?_=1707362604322&CODE_STATE=getMsg HTTP/1.1" 200 27
116.238.120.94 - - [08/Feb/2024:11:23:26 +0800] "GET /xingrg/kc/buy/cgsh_order_operate.html?command=get_materiel&rest_code=00150&code=00101003006&supplier_code=00100092&order_time=2024-02-08 HTTP/1.1" 200 412
116.230.123.222 - - [08/Feb/2024:11:23:26 +0800] "GET /xingrg/kc/buy/cgsh_order_operate.html?command=get_materiel&rest_code=00111&code=00101008257&supplier_code=00100005&order_time=2024-02-08 HTTP/1.1" 200 416
124.78.156.119 - - [08/Feb/2024:11:23:30 +0800] "GET /xingrg/all/function/internal_message.html?_=1707362609674&CODE_STATE=getMsg HTTP/1.1" 200 27
180.163.30.76 - - [08/Feb/2024:11:23:31 +0800] "GET /xingrg/all/function/internal_message.html?_=1707362549698&CODE_STATE=getMsg HTTP/1.1" 302 -
180.163.30.76 - - [08/Feb/2024:11:23:32 +0800] "GET /xingrg/login.html HTTP/1.1" 200 7641
180.164.1.25 - - [08/Feb/2024:11:23:32 +0800] "GET /xingrg/all/function/internal_message.html?_=1707362611674&CODE_STATE=getMsg HTTP/1.1" 200 27
116.232.194.112 - - [08/Feb/2024:11:23:35 +0800] "GET /xingrg/all/function/internal_message.html?_=1707362532051&CODE_STATE=getMsg HTTP/1.1" 200 27
