180.164.1.25 - - [08/Feb/2024:11:31:32 +0800] "GET /xingrg/all/function/internal_message.html?_=1707363091641&CODE_STATE=getMsg HTTP/1.1" 200 27
116.238.97.31 - - [08/Feb/2024:11:31:33 +0800] "GET /xingrg/kc/buy/cgsh_order_list.html HTTP/1.1" 200 57692
116.232.194.112 - - [08/Feb/2024:11:31:35 +0800] "GET /xingrg/all/function/internal_message.html?_=1707363011903&CODE_STATE=getMsg HTTP/1.1" 200 27
116.232.194.112 - - [08/Feb/2024:11:31:35 +0800] "GET /xingrg/check_reg.html?_=1707363012496 HTTP/1.1" 200 22
116.238.97.31 - - [08/Feb/2024:11:31:36 +0800] "POST /xingrg/kc/buy/cgsh_list_operate.html HTTP/1.1" 200 986
222.70.172.34 - - [08/Feb/2024:11:31:36 +0800] "POST /xingrg/kc/buy/cgsh_order_operate.html HTTP/1.1" 200 2065
116.238.97.31 - - [08/Feb/2024:11:31:37 +0800] "GET /xingrg/kc/buy/cgsh_order_add.html HTTP/1.1" 200 73502
116.238.97.31 - - [08/Feb/2024:11:31:37 +0800] "POST /xingrg/kc/buy/cgsh_order_operate.html HTTP/1.1" 200 8245
116.238.97.31 - - [08/Feb/2024:11:31:37 +0800] "GET /xingrg/javascript/easyui/themes/default/validatebox.css HTTP/1.1" 404 1104
116.238.97.31 - - [08/Feb/2024:11:31:37 +0800] "GET /xingrg/all/common/auto_word.html?type=employee&rest_code=00102 HTTP/1.1" 200 189
116.238.97.31 - - [08/Feb/2024:11:31:37 +0800] "GET /xingrg/all/common/auto_word.html?type=employee&rest_code=00102 HTTP/1.1" 200 189
116.238.97.31 - - [08/Feb/2024:11:31:38 +0800] "GET /xingrg/all/function/internal_message.html?_=1707363099225&CODE_STATE=getMsg HTTP/1.1" 200 27
116.238.97.31 - - [08/Feb/2024:11:31:40 +0800] "GET /xingrg/javascript/auto/indicator.gif HTTP/1.1" 404 1066
116.238.97.31 - - [08/Feb/2024:11:31:42 +0800] "GET /xingrg/javascript/jquery_tools/images/prev.gif HTTP/1.1" 404 1086
116.238.97.31 - - [08/Feb/2024:11:31:42 +0800] "GET /xingrg/javascript/jquery_tools/images/next.gif HTTP/1.1" 404 1086
101.83.145.37 - - [08/Feb/2024:11:31:45 +0800] "GET /xingrg/all/function/internal_message.html?_=1707362869763&CODE_STATE=getMsg HTTP/1.1" 200 27
222.70.172.34 - - [08/Feb/2024:11:31:47 +0800] "GET /xingrg/kc/buy/cgsh_order_operate.html?command=get_materiel&rest_code=00146&code=00101008168&supplier_code=00100005&order_time=2024-02-08 HTTP/1.1" 200 413
116.230.123.222 - - [08/Feb/2024:11:31:47 +0800] "GET /xingrg/kc/buy/cgsh_order_operate.html?command=get_materiel&rest_code=00111&code=00101008080&supplier_code=00100005&order_time=2024-02-08 HTTP/1.1" 200 416
116.238.97.31 - - [08/Feb/2024:11:31:52 +0800] "GET /xingrg/kc/buy/cgsh_order_operate.html?command=get_materiel&rest_code=00102&code=00101001037&supplier_code=00100090&order_time=2024-02-08 HTTP/1.1" 200 416
116.230.123.222 - - [08/Feb/2024:11:31:56 +0800] "GET /xingrg/all/function/internal_message.html?_=1707363114604&CODE_STATE=getMsg HTTP/1.1" 200 27
101.83.240.145 - - [08/Feb/2024:11:31:57 +0800] "GET /xingrg/all/function/internal_message.html?_=1707363114561&CODE_STATE=getMsg HTTP/1.1" 200 27
116.230.123.222 - - [08/Feb/2024:11:31:59 +0800] "POST /xingrg/kc/buy/cgsh_order_operate.html HTTP/1.1" 200 2065
101.228.146.191 - - [08/Feb/2024:11:32:01 +0800] "GET /xingrg/all/function/internal_message.html?_=1707363120314&CODE_STATE=getMsg HTTP/1.1" 200 27
222.69.128.19 - - [08/Feb/2024:11:32:02 +0800] "GET /xingrg/all/function/internal_message.html?_=1707363124517&CODE_STATE=getMsg HTTP/1.1" 200 27
180.156.195.45 - - [08/Feb/2024:11:32:06 +0800] "GET /xingrg/all/function/internal_message.html?_=1707363126283&CODE_STATE=getMsg HTTP/1.1" 302 -
222.70.172.34 - - [08/Feb/2024:11:32:07 +0800] "GET /xingrg/all/function/internal_message.html?_=1707363141211&CODE_STATE=getMsg HTTP/1.1" 200 27
120.253.135.82 - - [08/Feb/2024:11:32:09 +0800] "POST /xingrg/all/common/load_tree.html?tree=area_rest_tree_json&manage=1 HTTP/1.1" 302 -
120.253.135.82 - - [08/Feb/2024:11:32:09 +0800] "POST /xingrg/load_menu.html HTTP/1.1" 302 -
116.238.97.31 - - [08/Feb/2024:11:32:09 +0800] "GET /xingrg/kc/buy/cgsh_order_operate.html?command=get_materiel&rest_code=00102&code=00101004124&supplier_code=00100090&order_time=2024-02-08 HTTP/1.1" 200 412
120.253.135.82 - - [08/Feb/2024:11:32:09 +0800] "GET /xingrg/all/function/internal_message.html?_=1707363294825&CODE_STATE=count HTTP/1.1" 302 -
120.253.135.82 - - [08/Feb/2024:11:32:09 +0800] "GET /xingrg/check_reg.html?_=1707363294826 HTTP/1.1" 302 -
120.253.135.82 - - [08/Feb/2024:11:32:09 +0800] "GET /xingrg/login.html HTTP/1.1" 200 7641
120.253.135.82 - - [08/Feb/2024:11:32:10 +0800] "GET /xingrg/login.html HTTP/1.1" 200 7641
120.253.135.82 - - [08/Feb/2024:11:32:10 +0800] "GET /xingrg/login.html HTTP/1.1" 200 7641
120.253.135.82 - - [08/Feb/2024:11:32:10 +0800] "GET /xingrg/login.html HTTP/1.1" 200 7641
120.253.135.82 - - [08/Feb/2024:11:32:11 +0800] "GET /favicon.ico HTTP/1.1" 404 -
116.232.194.112 - - [08/Feb/2024:11:32:12 +0800] "GET /xingrg/all/function/internal_message.html?_=1707363048577&CODE_STATE=getMsg HTTP/1.1" 200 27
116.230.123.222 - - [08/Feb/2024:11:32:17 +0800] "GET /xingrg/kc/buy/cgsh_order_operate.html?command=get_materiel&rest_code=00111&code=00101019254&supplier_code=00100005&order_time=2024-02-08 HTTP/1.1" 200 447
101.229.175.60 - - [08/Feb/2024:11:32:18 +0800] "GET /xingrg/all/function/internal_message.html?_=1707363144722&CODE_STATE=getMsg HTTP/1.1" 302 -
124.78.68.102 - - [08/Feb/2024:11:32:19 +0800] "GET /xingrg/all/function/internal_message.html?_=1707363139524&CODE_STATE=getMsg HTTP/1.1" 200 27
116.238.97.31 - - [08/Feb/2024:11:32:20 +0800] "GET /xingrg/kc/buy/cgsh_order_operate.html?command=get_materiel&rest_code=00102&code=00101005088&supplier_code=00100090&order_time=2024-02-08 HTTP/1.1" 200 414
116.230.123.222 - - [08/Feb/2024:11:32:21 +0800] "POST /xingrg/all/common/load_select.html HTTP/1.1" 200 25
116.238.120.94 - - [08/Feb/2024:11:32:24 +0800] "GET /xingrg/all/function/internal_message.html?_=1707363144373&CODE_STATE=getMsg HTTP/1.1" 200 27
116.230.123.222 - - [08/Feb/2024:11:32:26 +0800] "GET /xingrg/kc/buy/cgsh_order_operate.html?command=get_materiel_price&rest_code=00111&code=00101019254&unit_code=00100040&supplier_code=00100005&order_time=2024-02-08 HTTP/1.1" 200 27
124.78.156.119 - - [08/Feb/2024:11:32:31 +0800] "GET /xingrg/all/function/internal_message.html?_=1707363150673&CODE_STATE=getMsg HTTP/1.1" 200 27
124.78.156.119 - - [08/Feb/2024:11:32:31 +0800] "GET /xingrg/check_reg.html?_=1707363150768 HTTP/1.1" 200 22
180.164.1.25 - - [08/Feb/2024:11:32:32 +0800] "GET /xingrg/all/function/internal_message.html?_=1707363151627&CODE_STATE=getMsg HTTP/1.1" 200 27
180.164.1.25 - - [08/Feb/2024:11:32:32 +0800] "GET /xingrg/check_reg.html?_=1707363151668 HTTP/1.1" 200 22
116.238.97.31 - - [08/Feb/2024:11:32:32 +0800] "GET /xingrg/kc/buy/cgsh_order_operate.html?command=get_materiel&rest_code=00102&code=00101001044&supplier_code=00100090&order_time=2024-02-08 HTTP/1.1" 200 413
180.164.1.25 - - [08/Feb/2024:11:32:32 +0800] "GET /xingrg/javascript/jquery_easy_ui/themes/default/images/tabs_active.png HTTP/1.1" 200 2894
116.232.194.112 - - [08/Feb/2024:11:32:35 +0800] "GET /xingrg/all/function/internal_message.html?_=1707363071888&CODE_STATE=getMsg HTTP/1.1" 200 27
180.164.1.25 - - [08/Feb/2024:11:32:38 +0800] "GET /xingrg/kc/buy/cgsh_order_add.html HTTP/1.1" 200 73559
180.164.1.25 - - [08/Feb/2024:11:32:38 +0800] "POST /xingrg/kc/buy/cgsh_order_operate.html HTTP/1.1" 200 8245
180.164.1.25 - - [08/Feb/2024:11:32:38 +0800] "GET /xingrg/javascript/easyui/themes/default/validatebox.css HTTP/1.1" 404 1104
116.238.97.31 - - [08/Feb/2024:11:32:38 +0800] "GET /xingrg/all/function/internal_message.html?_=1707363159202&CODE_STATE=getMsg HTTP/1.1" 200 27
116.230.123.222 - - [08/Feb/2024:11:32:40 +0800] "GET /xingrg/kc/buy/cgsh_order_operate.html?command=get_materiel&rest_code=00111&code=00101008186&supplier_code=00100005&order_time=2024-02-08 HTTP/1.1" 200 408
116.238.97.31 - - [08/Feb/2024:11:32:42 +0800] "GET /xingrg/kc/buy/cgsh_order_operate.html?command=get_materiel&rest_code=00102&code=00101001140&supplier_code=00100090&order_time=2024-02-08 HTTP/1.1" 200 417
222.70.172.34 - - [08/Feb/2024:11:32:44 +0800] "GET /xingrg/kc/buy/cgsh_order_operate.html?command=get_materiel&rest_code=00146&code=00101008439&supplier_code=00100005&order_time=2024-02-08 HTTP/1.1" 200 413
101.83.145.37 - - [08/Feb/2024:11:32:45 +0800] "GET /xingrg/all/function/internal_message.html?_=1707362929762&CODE_STATE=getMsg HTTP/1.1" 200 27
222.70.172.34 - - [08/Feb/2024:11:32:47 +0800] "POST /xingrg/kc/buy/cgsh_order_operate.html HTTP/1.1" 200 2065
222.70.115.1 - - [08/Feb/2024:11:32:55 +0800] "POST /xingrg/services/DataTransmitService HTTP/1.1" 200 524
222.70.115.1 - - [08/Feb/2024:11:32:56 +0800] "POST /xingrg/services/DataTransmitService HTTP/1.1" 200 501
116.230.123.222 - - [08/Feb/2024:11:32:56 +0800] "GET /xingrg/all/function/internal_message.html?_=1707363174633&CODE_STATE=getMsg HTTP/1.1" 200 27
101.83.240.145 - - [08/Feb/2024:11:32:57 +0800] "GET /xingrg/all/function/internal_message.html?_=1707363174543&CODE_STATE=getMsg HTTP/1.1" 200 27
116.238.97.31 - - [08/Feb/2024:11:32:59 +0800] "POST /xingrg/kc/buy/cgsh_order_operate.html HTTP/1.1" 200 37
116.230.123.222 - - [08/Feb/2024:11:32:59 +0800] "GET /xingrg/kc/buy/cgsh_order_operate.html?command=get_materiel&rest_code=00111&code=00101013179&supplier_code=00100005&order_time=2024-02-08 HTTP/1.1" 200 412
222.70.172.34 - - [08/Feb/2024:11:33:01 +0800] "GET /xingrg/kc/buy/cgsh_order_operate.html?command=get_materiel&rest_code=00146&code=00101008061&supplier_code=00100005&order_time=2024-02-08 HTTP/1.1" 200 422
101.228.146.191 - - [08/Feb/2024:11:33:01 +0800] "GET /xingrg/all/function/internal_message.html?_=1707363180290&CODE_STATE=getMsg HTTP/1.1" 200 27
222.69.128.19 - - [08/Feb/2024:11:33:02 +0800] "GET /xingrg/all/function/internal_message.html?_=1707363184491&CODE_STATE=getMsg HTTP/1.1" 200 27
180.156.195.45 - - [08/Feb/2024:11:33:06 +0800] "GET /xingrg/all/function/internal_message.html?_=1707363186267&CODE_STATE=getMsg HTTP/1.1" 302 -
180.156.195.45 - - [08/Feb/2024:11:33:06 +0800] "GET /xingrg/check_reg.html?_=1707363186795 HTTP/1.1" 302 -
116.238.97.31 - - [08/Feb/2024:11:33:07 +0800] "POST /xingrg/kc/buy/cgsh_order_operate.html HTTP/1.1" 200 12
222.70.172.34 - - [08/Feb/2024:11:33:07 +0800] "GET /xingrg/all/function/internal_message.html?_=1707363201330&CODE_STATE=getMsg HTTP/1.1" 200 27
101.228.146.191 - - [08/Feb/2024:11:33:07 +0800] "GET /xingrg/check_reg.html?_=1707363186487 HTTP/1.1" 200 22
116.238.97.31 - - [08/Feb/2024:11:33:09 +0800] "GET /xingrg/kc/buy/cgsh_order_info.html?code=212024020803401 HTTP/1.1" 200 68413
120.253.135.82 - - [08/Feb/2024:11:33:09 +0800] "GET /xingrg/all/function/internal_message.html?_=1707363354834&CODE_STATE=getMsg HTTP/1.1" 302 -
120.253.135.82 - - [08/Feb/2024:11:33:09 +0800] "GET /xingrg/login.html HTTP/1.1" 200 7641
116.238.97.31 - - [08/Feb/2024:11:33:09 +0800] "GET /xingrg/javascript/easyui/themes/default/validatebox.css HTTP/1.1" 404 1104
116.238.97.31 - - [08/Feb/2024:11:33:11 +0800] "POST /xingrg/kc/buy/cgsh_order_operate.html HTTP/1.1" 200 3002
116.232.194.112 - - [08/Feb/2024:11:33:12 +0800] "GET /xingrg/all/function/internal_message.html?_=1707363108576&CODE_STATE=getMsg HTTP/1.1" 200 27
116.232.194.112 - - [08/Feb/2024:11:33:12 +0800] "GET /xingrg/check_reg.html?_=1707363108580 HTTP/1.1" 200 22
116.230.123.222 - - [08/Feb/2024:11:33:12 +0800] "POST /xingrg/kc/buy/cgsh_order_operate.html HTTP/1.1" 200 2065
116.238.97.31 - - [08/Feb/2024:11:33:14 +0800] "GET /xingrg/kc/print/load_config.html?kc_code=cgsh HTTP/1.1" 200 1927
116.238.97.31 - - [08/Feb/2024:11:33:15 +0800] "GET /xingrg/kc/print/load_data.html?order_code=212024020803401&kc_code=cgsh&condition= HTTP/1.1" 200 1683
101.229.175.60 - - [08/Feb/2024:11:33:18 +0800] "GET /xingrg/all/function/internal_message.html?_=1707363204723&CODE_STATE=getMsg HTTP/1.1" 302 -
101.229.175.60 - - [08/Feb/2024:11:33:18 +0800] "GET /xingrg/check_reg.html?_=1707363204727 HTTP/1.1" 302 -
222.70.172.34 - - [08/Feb/2024:11:33:18 +0800] "GET /xingrg/kc/buy/cgsh_order_operate.html?command=get_materiel&rest_code=00146&code=00101013179&supplier_code=00100005&order_time=2024-02-08 HTTP/1.1" 200 412
124.78.68.102 - - [08/Feb/2024:11:33:19 +0800] "GET /xingrg/all/function/internal_message.html?_=1707363199507&CODE_STATE=getMsg HTTP/1.1" 200 27
116.238.97.31 - - [08/Feb/2024:11:33:20 +0800] "GET /xingrg/kc/buy/cgsh_order_add.html HTTP/1.1" 200 73502
116.238.97.31 - - [08/Feb/2024:11:33:21 +0800] "POST /xingrg/kc/buy/cgsh_order_operate.html HTTP/1.1" 200 8245
116.238.97.31 - - [08/Feb/2024:11:33:21 +0800] "GET /xingrg/javascript/easyui/themes/default/validatebox.css HTTP/1.1" 404 1104
116.238.120.94 - - [08/Feb/2024:11:33:24 +0800] "GET /xingrg/all/function/internal_message.html?_=1707363204355&CODE_STATE=getMsg HTTP/1.1" 200 27
180.163.28.114 - - [08/Feb/2024:11:33:31 +0800] "GET /xingrg/all/function/internal_message.html?_=1707363150673&CODE_STATE=getMsg HTTP/1.1" 302 -
124.78.156.119 - - [08/Feb/2024:11:33:31 +0800] "GET /xingrg/all/function/internal_message.html?_=1707363210645&CODE_STATE=getMsg HTTP/1.1" 200 27
180.164.1.25 - - [08/Feb/2024:11:33:32 +0800] "GET /xingrg/all/function/internal_message.html?_=1707363211626&CODE_STATE=getMsg HTTP/1.1" 200 27
180.163.28.114 - - [08/Feb/2024:11:33:33 +0800] "GET /xingrg/login.html HTTP/1.1" 200 7641
116.232.194.112 - - [08/Feb/2024:11:33:35 +0800] "GET /xingrg/all/function/internal_message.html?_=1707363131873&CODE_STATE=getMsg HTTP/1.1" 200 27
218.81.65.124 - - [08/Feb/2024:11:33:36 +0800] "POST /xingrg/services/DataTransmitService HTTP/1.1" 200 524
218.81.65.124 - - [08/Feb/2024:11:33:37 +0800] "POST /xingrg/services/DataTransmitService HTTP/1.1" 200 412
116.238.97.31 - - [08/Feb/2024:11:33:38 +0800] "GET /xingrg/all/function/internal_message.html?_=1707363219175&CODE_STATE=getMsg HTTP/1.1" 200 27
116.238.97.31 - - [08/Feb/2024:11:33:39 +0800] "GET /xingrg/check_reg.html?_=1707363219443 HTTP/1.1" 200 22
116.232.194.112 - - [08/Feb/2024:11:33:39 +0800] "GET /xingrg/index.html?sysBaseUrl=http%3A%2F%2F180.169.147.146%3A18081%2Fxingrg%2F&costTime=1277×tamp=1606817596806 HTTP/1.1" 200 17179
116.232.194.112 - - [08/Feb/2024:11:33:40 +0800] "POST /xingrg/all/common/load_tree.html?tree=area_rest_tree_json&manage=1 HTTP/1.1" 200 351
116.232.194.112 - - [08/Feb/2024:11:33:40 +0800] "GET /xingrg/all/function/internal_message.html?_=1707363137131&CODE_STATE=count HTTP/1.1" 200 11
116.232.194.112 - - [08/Feb/2024:11:33:40 +0800] "GET /xingrg/check_reg.html?_=1707363137132 HTTP/1.1" 200 22
116.232.194.112 - - [08/Feb/2024:11:33:40 +0800] "GET /favicon.ico HTTP/1.1" 404 -
116.232.194.112 - - [08/Feb/2024:11:33:40 +0800] "POST /xingrg/load_menu.html HTTP/1.1" 200 5138
222.70.172.34 - - [08/Feb/2024:11:33:40 +0800] "GET /xingrg/kc/buy/cgsh_order_operate.html?command=get_materiel&rest_code=00146&code=00101008016&supplier_code=00100005&order_time=2024-02-08 HTTP/1.1" 200 418
116.238.97.31 - - [08/Feb/2024:11:33:41 +0800] "GET /xingrg/kc/buy/cgsh_order_operate.html?command=get_materiel&rest_code=00102&code=00101010569&supplier_code=00100327&order_time=2024-02-08 HTTP/1.1" 200 409
101.83.145.37 - - [08/Feb/2024:11:33:45 +0800] "GET /xingrg/all/function/internal_message.html?_=1707362989762&CODE_STATE=getMsg HTTP/1.1" 200 27
101.83.145.37 - - [08/Feb/2024:11:33:45 +0800] "GET /xingrg/check_reg.html?_=1707362989766 HTTP/1.1" 200 22
116.230.123.222 - - [08/Feb/2024:11:33:49 +0800] "GET /xingrg/kc/buy/cgsh_order_operate.html?command=get_materiel&rest_code=00111&code=00101008354&supplier_code=00100005&order_time=2024-02-08 HTTP/1.1" 200 412
116.238.97.31 - - [08/Feb/2024:11:33:53 +0800] "GET /xingrg/kc/buy/cgsh_order_operate.html?command=get_materiel&rest_code=00102&code=00101008555&supplier_code=00100327&order_time=2024-02-08 HTTP/1.1" 200 425
116.230.123.222 - - [08/Feb/2024:11:33:56 +0800] "GET /xingrg/check_reg.html?_=1707363234600 HTTP/1.1" 200 22
116.230.123.222 - - [08/Feb/2024:11:33:56 +0800] "GET /xingrg/all/function/internal_message.html?_=1707363234601&CODE_STATE=getMsg HTTP/1.1" 200 27
101.83.240.145 - - [08/Feb/2024:11:33:57 +0800] "GET /xingrg/all/function/internal_message.html?_=1707363234518&CODE_STATE=getMsg HTTP/1.1" 200 27
116.230.123.222 - - [08/Feb/2024:11:33:58 +0800] "GET /xingrg/kc/buy/cgsh_order_operate.html?command=get_materiel&rest_code=00111&code=00101008274&supplier_code=00100005&order_time=2024-02-08 HTTP/1.1" 200 412
101.228.146.191 - - [08/Feb/2024:11:34:01 +0800] "GET /xingrg/all/function/internal_message.html?_=1707363240262&CODE_STATE=getMsg HTTP/1.1" 200 27
222.69.128.19 - - [08/Feb/2024:11:34:02 +0800] "GET /xingrg/all/function/internal_message.html?_=1707363244475&CODE_STATE=getMsg HTTP/1.1" 200 27
116.238.97.31 - - [08/Feb/2024:11:34:04 +0800] "POST /xingrg/kc/buy/cgsh_order_operate.html HTTP/1.1" 200 37
180.156.195.45 - - [08/Feb/2024:11:34:06 +0800] "GET /xingrg/all/function/internal_message.html?_=1707363246253&CODE_STATE=getMsg HTTP/1.1" 302 -
222.70.172.34 - - [08/Feb/2024:11:34:07 +0800] "GET /xingrg/all/function/internal_message.html?_=1707363261331&CODE_STATE=getMsg HTTP/1.1" 200 27
120.253.135.82 - - [08/Feb/2024:11:34:09 +0800] "GET /xingrg/all/function/internal_message.html?_=1707363414833&CODE_STATE=getMsg HTTP/1.1" 302 -
120.253.135.82 - - [08/Feb/2024:11:34:09 +0800] "GET /xingrg/login.html HTTP/1.1" 200 7641
116.238.97.31 - - [08/Feb/2024:11:34:10 +0800] "POST /xingrg/kc/buy/cgsh_order_operate.html HTTP/1.1" 200 12
116.232.194.112 - - [08/Feb/2024:11:34:12 +0800] "GET /xingrg/all/function/internal_message.html?_=1707363168577&CODE_STATE=getMsg HTTP/1.1" 200 27
116.232.194.112 - - [08/Feb/2024:11:34:12 +0800] "GET /xingrg/kc/buy/buy_main.html HTTP/1.1" 200 12412
116.232.194.112 - - [08/Feb/2024:11:34:12 +0800] "GET /xingrg/css/new_ie.css HTTP/1.1" 404 1036
116.238.97.31 - - [08/Feb/2024:11:34:13 +0800] "GET /xingrg/kc/buy/cgsh_order_info.html?code=212024020803402 HTTP/1.1" 200 68409
116.238.97.31 - - [08/Feb/2024:11:34:13 +0800] "GET /xingrg/javascript/easyui/themes/default/validatebox.css HTTP/1.1" 404 1104
116.238.97.31 - - [08/Feb/2024:11:34:14 +0800] "POST /xingrg/kc/buy/cgsh_order_operate.html HTTP/1.1" 200 1209
116.238.97.31 - - [08/Feb/2024:11:34:16 +0800] "GET /xingrg/kc/print/load_data.html?order_code=212024020803402&kc_code=cgsh&condition= HTTP/1.1" 200 926
101.229.175.60 - - [08/Feb/2024:11:34:18 +0800] "GET /xingrg/all/function/internal_message.html?_=1707363264738&CODE_STATE=getMsg HTTP/1.1" 302 -
124.78.68.102 - - [08/Feb/2024:11:34:19 +0800] "GET /xingrg/all/function/internal_message.html?_=1707363259484&CODE_STATE=getMsg HTTP/1.1" 200 27
124.78.68.102 - - [08/Feb/2024:11:34:19 +0800] "GET /xingrg/check_reg.html?_=1707363259734 HTTP/1.1" 200 22
116.238.97.31 - - [08/Feb/2024:11:34:21 +0800] "GET /xingrg/kc/buy/cgsh_order_add.html HTTP/1.1" 200 73502
116.238.97.31 - - [08/Feb/2024:11:34:21 +0800] "POST /xingrg/kc/buy/cgsh_order_operate.html HTTP/1.1" 200 8245
116.238.97.31 - - [08/Feb/2024:11:34:21 +0800] "GET /xingrg/javascript/easyui/themes/default/validatebox.css HTTP/1.1" 404 1104
116.238.120.94 - - [08/Feb/2024:11:34:24 +0800] "GET /xingrg/all/function/internal_message.html?_=1707363264338&CODE_STATE=getMsg HTTP/1.1" 200 27
116.230.123.222 - - [08/Feb/2024:11:34:24 +0800] "POST /xingrg/kc/buy/cgsh_order_operate.html HTTP/1.1" 200 2065
124.78.156.119 - - [08/Feb/2024:11:34:31 +0800] "GET /xingrg/all/function/internal_message.html?_=1707363270620&CODE_STATE=getMsg HTTP/1.1" 200 27
180.164.1.25 - - [08/Feb/2024:11:34:32 +0800] "GET /xingrg/all/function/internal_message.html?_=1707363271604&CODE_STATE=getMsg HTTP/1.1" 200 27
116.238.97.31 - - [08/Feb/2024:11:34:35 +0800] "GET /xingrg/kc/buy/cgsh_order_operate.html?command=get_materiel&rest_code=00102&code=00101001309&supplier_code=00100331&order_time=2024-02-08 HTTP/1.1" 200 410
116.232.194.112 - - [08/Feb/2024:11:34:35 +0800] "GET /xingrg/all/function/internal_message.html?_=1707363191855&CODE_STATE=getMsg HTTP/1.1" 200 27
116.238.120.94 - - [08/Feb/2024:11:34:35 +0800] "GET /xingrg/index.html?sysBaseUrl=http%3A%2F%2F180.169.147.146%3A18081%2Fxingrg%2F&costTime=14×tamp=1698040851670 HTTP/1.1" 302 -
116.238.120.94 - - [08/Feb/2024:11:34:35 +0800] "GET /xingrg/login.html HTTP/1.1" 200 7641
116.238.120.94 - - [08/Feb/2024:11:34:36 +0800] "GET /favicon.ico HTTP/1.1" 404 -
116.238.97.31 - - [08/Feb/2024:11:34:38 +0800] "GET /xingrg/all/function/internal_message.html?_=1707363279203&CODE_STATE=getMsg HTTP/1.1" 200 27
116.232.194.112 - - [08/Feb/2024:11:34:40 +0800] "GET /xingrg/all/function/internal_message.html?_=1707363197148&CODE_STATE=getMsg HTTP/1.1" 200 27
116.238.120.94 - - [08/Feb/2024:11:34:41 +0800] "POST /xingrg/login.do HTTP/1.1" 302 -
116.238.120.94 - - [08/Feb/2024:11:34:41 +0800] "GET /xingrg/index.html?sysBaseUrl=http%3A%2F%2F180.169.147.146%3A18081%2Fxingrg%2F&costTime=832×tamp=1707363281693 HTTP/1.1" 200 17503
116.238.120.94 - - [08/Feb/2024:11:34:41 +0800] "GET /favicon.ico HTTP/1.1" 404 -
116.238.120.94 - - [08/Feb/2024:11:34:42 +0800] "POST /xingrg/all/common/load_tree.html?tree=area_rest_tree_json&manage=1 HTTP/1.1" 200 3624
116.238.120.94 - - [08/Feb/2024:11:34:42 +0800] "GET /xingrg/all/function/internal_message.html?_=1707363282286&CODE_STATE=count HTTP/1.1" 200 11
116.238.120.94 - - [08/Feb/2024:11:34:42 +0800] "POST /xingrg/load_menu.html HTTP/1.1" 200 11564
116.238.120.94 - - [08/Feb/2024:11:34:42 +0800] "GET /xingrg/javascript/jquery_easy_ui/themes/default/images/panel_tool_expand.gif HTTP/1.1" 200 247
116.238.120.94 - - [08/Feb/2024:11:34:42 +0800] "GET /xingrg/check_reg.html?_=1707363282287 HTTP/1.1" 200 22
116.238.120.94 - - [08/Feb/2024:11:34:42 +0800] "GET /xingrg/javascript/jquery_easy_ui/themes/icons/delivery_new.png HTTP/1.1" 200 700
116.238.120.94 - - [08/Feb/2024:11:34:42 +0800] "GET /xingrg/javascript/jquery_easy_ui/themes/icons/checkout_new.png HTTP/1.1" 200 744
116.238.120.94 - - [08/Feb/2024:11:34:42 +0800] "GET /xingrg/javascript/jquery_easy_ui/themes/icons/systemset_new.png HTTP/1.1" 200 606
116.238.120.94 - - [08/Feb/2024:11:34:42 +0800] "GET /xingrg/javascript/jquery_easy_ui/themes/icons/setting_new.png HTTP/1.1" 200 450
116.238.120.94 - - [08/Feb/2024:11:34:45 +0800] "GET /xingrg/system/info/materiel_manager.html HTTP/1.1" 200 19497
116.238.120.94 - - [08/Feb/2024:11:34:45 +0800] "GET /xingrg/css/xtree.css HTTP/1.1" 200 880
116.238.120.94 - - [08/Feb/2024:11:34:45 +0800] "GET /xingrg/javascript/jquery_ui/themes/base/base.css HTTP/1.1" 200 28568
116.238.120.94 - - [08/Feb/2024:11:34:45 +0800] "GET /xingrg/dwr/interface/AjaxBaseInfoService.js HTTP/1.1" 200 21363
116.238.120.94 - - [08/Feb/2024:11:34:45 +0800] "GET /xingrg/dwr/interface/AjaxComOrderService.js HTTP/1.1" 200 18264
116.238.120.94 - - [08/Feb/2024:11:34:45 +0800] "GET /xingrg/dwr/util.js HTTP/1.1" 304 -
116.238.120.94 - - [08/Feb/2024:11:34:45 +0800] "GET /xingrg/dwr/engine.js HTTP/1.1" 200 43631
116.238.120.94 - - [08/Feb/2024:11:34:45 +0800] "GET /xingrg/javascript/xtree.js HTTP/1.1" 200 26582
101.83.145.37 - - [08/Feb/2024:11:34:45 +0800] "GET /xingrg/all/function/internal_message.html?_=1707363049765&CODE_STATE=getMsg HTTP/1.1" 200 27
116.238.120.94 - - [08/Feb/2024:11:34:45 +0800] "GET /xingrg/images/xtree/openfoldericon.png HTTP/1.1" 200 232
116.238.120.94 - - [08/Feb/2024:11:34:45 +0800] "GET /xingrg/javascript/jquery_easy_ui/themes/icons/print_new.png HTTP/1.1" 200 3580
116.238.120.94 - - [08/Feb/2024:11:34:45 +0800] "GET /xingrg/javascript/jquery_easy_ui/themes/icons/import_new.png HTTP/1.1" 200 1247
116.238.120.94 - - [08/Feb/2024:11:34:46 +0800] "POST /xingrg/dwr/call/plaincall/AjaxBaseInfoService.getSubMaterielSorts.dwr HTTP/1.1" 200 219
116.238.120.94 - - [08/Feb/2024:11:34:46 +0800] "GET /xingrg/images/xtree/Lplus.png HTTP/1.1" 200 224
116.238.120.94 - - [08/Feb/2024:11:34:46 +0800] "GET /xingrg/images/xtree/foldericon.png HTTP/1.1" 200 229
116.238.120.94 - - [08/Feb/2024:11:34:46 +0800] "GET /xingrg/images/xtree/Tplus.png HTTP/1.1" 200 222
116.238.120.94 - - [08/Feb/2024:11:34:46 +0800] "GET /xingrg/images/xtree/Lplus.png HTTP/1.1" 200 224
116.238.120.94 - - [08/Feb/2024:11:34:46 +0800] "POST /xingrg/dwr/call/plaincall/AjaxBaseInfoService.getMateriels.dwr HTTP/1.1" 200 2930
116.238.120.94 - - [08/Feb/2024:11:34:47 +0800] "POST /xingrg/dwr/call/plaincall/AjaxBaseInfoService.getSubMaterielSorts.dwr HTTP/1.1" 200 4242
116.238.120.94 - - [08/Feb/2024:11:34:47 +0800] "GET /xingrg/images/xtree/I.png HTTP/1.1" 200 148
116.238.120.94 - - [08/Feb/2024:11:34:47 +0800] "GET /xingrg/images/xtree/file.png HTTP/1.1" 200 251
116.238.120.94 - - [08/Feb/2024:11:34:47 +0800] "GET /xingrg/images/xtree/L.png HTTP/1.1" 200 153
116.238.120.94 - - [08/Feb/2024:11:34:47 +0800] "GET /xingrg/images/xtree/T.png HTTP/1.1" 200 152
116.238.120.94 - - [08/Feb/2024:11:34:47 +0800] "GET /xingrg/images/xtree/L.png HTTP/1.1" 200 153
116.238.120.94 - - [08/Feb/2024:11:34:47 +0800] "GET /xingrg/images/xtree/L.png HTTP/1.1" 200 153
116.238.120.94 - - [08/Feb/2024:11:34:47 +0800] "GET /xingrg/images/xtree/Tminus.png HTTP/1.1" 200 207
116.238.120.94 - - [08/Feb/2024:11:34:48 +0800] "POST /xingrg/dwr/call/plaincall/AjaxBaseInfoService.getMateriels.dwr HTTP/1.1" 200 2928
116.232.194.112 - - [08/Feb/2024:11:34:48 +0800] "GET /xingrg/images/yd/bt.gif HTTP/1.1" 404 1040
116.232.194.112 - - [08/Feb/2024:11:34:54 +0800] "GET /xingrg/kc/buy/cgsh_order_list.html HTTP/1.1" 200 57698
116.238.120.94 - - [08/Feb/2024:11:34:54 +0800] "POST /xingrg/dwr/call/plaincall/AjaxBaseInfoService.getMateriels.dwr HTTP/1.1" 200 2917
116.238.120.94 - - [08/Feb/2024:11:34:55 +0800] "GET /xingrg/system/info/materiel_info.html?code=00101001&isAdd=1 HTTP/1.1" 200 38181
116.238.120.94 - - [08/Feb/2024:11:34:55 +0800] "GET /xingrg/dwr/interface/AjaxGetFirstChart.js HTTP/1.1" 200 631
116.238.120.94 - - [08/Feb/2024:11:34:55 +0800] "GET /xingrg/dwr/engine.js HTTP/1.1" 200 43631
116.238.120.94 - - [08/Feb/2024:11:34:55 +0800] "GET /xingrg/javascript/checkform.js HTTP/1.1" 200 18351
116.238.120.94 - - [08/Feb/2024:11:34:56 +0800] "GET /favicon.ico HTTP/1.1" 404 -
116.238.120.94 - - [08/Feb/2024:11:34:56 +0800] "POST /xingrg/all/common/load_tree.html?tree=area_rest_tree_json HTTP/1.1" 200 3624
116.238.120.94 - - [08/Feb/2024:11:34:56 +0800] "GET /xingrg/javascript/jquery_easy_ui/themes/icons/manage.png HTTP/1.1" 200 696
116.238.120.94 - - [08/Feb/2024:11:34:56 +0800] "POST /xingrg/dwr/call/plaincall/AjaxBaseInfoService.getMaterielInfo.dwr HTTP/1.1" 200 204
116.238.120.94 - - [08/Feb/2024:11:34:56 +0800] "POST /xingrg/all/common/load_tree.html?tree=area_rest_tree_json&defaultRests=undefined HTTP/1.1" 200 3624
116.230.123.222 - - [08/Feb/2024:11:34:56 +0800] "GET /xingrg/all/function/internal_message.html?_=1707363294600&CODE_STATE=getMsg HTTP/1.1" 200 27
116.232.194.112 - - [08/Feb/2024:11:34:57 +0800] "POST /xingrg/kc/buy/cgsh_list_operate.html HTTP/1.1" 200 986
101.83.240.145 - - [08/Feb/2024:11:34:57 +0800] "GET /xingrg/all/function/internal_message.html?_=1707363294492&CODE_STATE=getMsg HTTP/1.1" 200 27
120.253.135.82 - - [08/Feb/2024:11:35:00 +0800] "GET /xingrg/login.html HTTP/1.1" 200 7641
101.228.146.191 - - [08/Feb/2024:11:35:01 +0800] "GET /xingrg/all/function/internal_message.html?_=1707363300273&CODE_STATE=getMsg HTTP/1.1" 200 27
116.232.194.112 - - [08/Feb/2024:11:35:02 +0800] "GET /xingrg/kc/buy/cgsh_order_add.html HTTP/1.1" 200 73555
222.69.128.19 - - [08/Feb/2024:11:35:02 +0800] "GET /xingrg/all/function/internal_message.html?_=1707363304452&CODE_STATE=getMsg HTTP/1.1" 200 27
116.232.194.112 - - [08/Feb/2024:11:35:03 +0800] "GET /xingrg/words/20240206161339_words.js HTTP/1.1" 304 -
116.232.194.112 - - [08/Feb/2024:11:35:03 +0800] "POST /xingrg/kc/buy/cgsh_order_operate.html HTTP/1.1" 200 8245
116.232.194.112 - - [08/Feb/2024:11:35:03 +0800] "GET /xingrg/javascript/easyui/themes/default/validatebox.css HTTP/1.1" 404 1104
116.232.194.112 - - [08/Feb/2024:11:35:03 +0800] "GET /xingrg/all/common/auto_word.html?type=employee&rest_code=00155 HTTP/1.1" 200 255
116.232.194.112 - - [08/Feb/2024:11:35:03 +0800] "GET /xingrg/all/common/auto_word.html?type=employee&rest_code=00155 HTTP/1.1" 200 255
120.253.135.82 - - [08/Feb/2024:11:35:04 +0800] "POST /xingrg/login.do HTTP/1.1" 302 -
120.253.135.82 - - [08/Feb/2024:11:35:04 +0800] "GET /xingrg/index.html?sysBaseUrl=http%3A%2F%2F180.169.147.146%3A18081%2Fxingrg%2F&costTime=815×tamp=1707363304178 HTTP/1.1" 200 17173
120.253.135.82 - - [08/Feb/2024:11:35:04 +0800] "GET /xingrg/all/function/internal_message.html?_=1707363469725&CODE_STATE=count HTTP/1.1" 200 11
120.253.135.82 - - [08/Feb/2024:11:35:04 +0800] "GET /xingrg/check_reg.html?_=1707363469726 HTTP/1.1" 200 22
120.253.135.82 - - [08/Feb/2024:11:35:04 +0800] "POST /xingrg/all/common/load_tree.html?tree=area_rest_tree_json&manage=1 HTTP/1.1" 200 344
120.253.135.82 - - [08/Feb/2024:11:35:04 +0800] "POST /xingrg/load_menu.html HTTP/1.1" 200 6743
116.232.194.112 - - [08/Feb/2024:11:35:06 +0800] "GET /xingrg/javascript/auto/indicator.gif HTTP/1.1" 404 1066
222.70.172.34 - - [08/Feb/2024:11:35:07 +0800] "GET /xingrg/all/function/internal_message.html?_=1707363321450&CODE_STATE=getMsg HTTP/1.1" 200 27
120.253.135.82 - - [08/Feb/2024:11:35:07 +0800] "GET /xingrg/kc/pszx/mdqp_order_list.html?state=10 HTTP/1.1" 200 10759
120.253.135.82 - - [08/Feb/2024:11:35:08 +0800] "GET /xingrg/dwr/interface/AjaxQqpsService.js HTTP/1.1" 200 16326
120.253.135.82 - - [08/Feb/2024:11:35:08 +0800] "GET /xingrg/dwr/interface/AjaxReportQueryService.js HTTP/1.1" 200 13203
120.253.135.82 - - [08/Feb/2024:11:35:08 +0800] "GET /xingrg/dwr/engine.js HTTP/1.1" 200 43631
120.253.135.82 - - [08/Feb/2024:11:35:08 +0800] "GET /xingrg/dwr/util.js HTTP/1.1" 200 35990
120.253.135.82 - - [08/Feb/2024:11:35:09 +0800] "GET /xingrg/kc/pszx/mdqp_order_list.html?state=10 HTTP/1.1" 200 10759
120.253.135.82 - - [08/Feb/2024:11:35:09 +0800] "GET /xingrg/dwr/interface/AjaxQqpsService.js HTTP/1.1" 200 16326
120.253.135.82 - - [08/Feb/2024:11:35:09 +0800] "GET /xingrg/dwr/interface/AjaxReportQueryService.js HTTP/1.1" 200 13203
116.238.97.31 - - [08/Feb/2024:11:35:09 +0800] "POST /xingrg/kc/buy/cgsh_order_operate.html HTTP/1.1" 200 37
120.253.135.82 - - [08/Feb/2024:11:35:10 +0800] "GET /xingrg/all/function/internal_message.html?_=1707363475774&CODE_STATE=getMsg HTTP/1.1" 200 27
116.232.194.112 - - [08/Feb/2024:11:35:11 +0800] "GET /xingrg/javascript/jquery_tools/images/prev.gif HTTP/1.1" 404 1086
116.232.194.112 - - [08/Feb/2024:11:35:11 +0800] "GET /xingrg/javascript/jquery_tools/images/next.gif HTTP/1.1" 404 1086
116.232.194.112 - - [08/Feb/2024:11:35:12 +0800] "GET /xingrg/all/function/internal_message.html?_=1707363228576&CODE_STATE=getMsg HTTP/1.1" 200 27
120.253.135.82 - - [08/Feb/2024:11:35:13 +0800] "GET /xingrg/kc/pszx/mdps_order_list.html?orderType=0 HTTP/1.1" 200 20995
120.253.135.82 - - [08/Feb/2024:11:35:13 +0800] "POST /xingrg/kc/pszx/mdps_list_operate.html HTTP/1.1" 200 868
116.238.97.31 - - [08/Feb/2024:11:35:16 +0800] "POST /xingrg/kc/buy/cgsh_order_operate.html HTTP/1.1" 200 12
101.229.175.60 - - [08/Feb/2024:11:35:18 +0800] "GET /xingrg/all/function/internal_message.html?_=1707363324740&CODE_STATE=getMsg HTTP/1.1" 302 -
116.238.97.31 - - [08/Feb/2024:11:35:18 +0800] "GET /xingrg/kc/buy/cgsh_order_info.html?code=212024020803403 HTTP/1.1" 200 68411
116.238.97.31 - - [08/Feb/2024:11:35:18 +0800] "GET /xingrg/javascript/easyui/themes/default/validatebox.css HTTP/1.1" 404 1104
124.78.68.102 - - [08/Feb/2024:11:35:19 +0800] "GET /xingrg/all/function/internal_message.html?_=1707363319474&CODE_STATE=getMsg HTTP/1.1" 200 27
116.238.97.31 - - [08/Feb/2024:11:35:19 +0800] "POST /xingrg/kc/buy/cgsh_order_operate.html HTTP/1.1" 200 605
116.238.97.31 - - [08/Feb/2024:11:35:22 +0800] "GET /xingrg/kc/print/load_data.html?order_code=212024020803403&kc_code=cgsh&condition= HTTP/1.1" 200 685
116.232.194.112 - - [08/Feb/2024:11:35:22 +0800] "GET /xingrg/kc/buy/cgsh_order_operate.html?command=get_materiel&rest_code=00155&code=00101001037&supplier_code=00100090&order_time=2024-02-08 HTTP/1.1" 200 418
116.238.97.31 - - [08/Feb/2024:11:35:25 +0800] "POST /xingrg/services/DataTransmitService HTTP/1.1" 200 524
116.238.97.31 - - [08/Feb/2024:11:35:26 +0800] "POST /xingrg/services/DataTransmitService HTTP/1.1" 200 412
116.238.97.31 - - [08/Feb/2024:11:35:26 +0800] "GET /xingrg/kc/buy/cgsh_order_add.html HTTP/1.1" 200 73502
116.238.97.31 - - [08/Feb/2024:11:35:27 +0800] "POST /xingrg/kc/buy/cgsh_order_operate.html HTTP/1.1" 200 8245
116.238.97.31 - - [08/Feb/2024:11:35:27 +0800] "GET /xingrg/javascript/easyui/themes/default/validatebox.css HTTP/1.1" 404 1104
180.163.28.180 - - [08/Feb/2024:11:35:31 +0800] "GET /xingrg/all/function/internal_message.html?_=1707363270620&CODE_STATE=getMsg HTTP/1.1" 302 -
124.78.156.119 - - [08/Feb/2024:11:35:31 +0800] "GET /xingrg/all/function/internal_message.html?_=1707363330602&CODE_STATE=getMsg HTTP/1.1" 200 27
180.164.1.25 - - [08/Feb/2024:11:35:32 +0800] "GET /xingrg/all/function/internal_message.html?_=1707363331605&CODE_STATE=getMsg HTTP/1.1" 200 27
116.238.120.94 - - [08/Feb/2024:11:35:32 +0800] "POST /xingrg/dwr/call/plaincall/AjaxGetFirstChart.getFirstChart.dwr HTTP/1.1" 200 78
180.163.28.180 - - [08/Feb/2024:11:35:33 +0800] "GET /xingrg/login.html HTTP/1.1" 200 7641
116.232.194.112 - - [08/Feb/2024:11:35:35 +0800] "GET /xingrg/all/function/internal_message.html?_=1707363251827&CODE_STATE=getMsg HTTP/1.1" 200 27
222.70.172.34 - - [08/Feb/2024:11:35:37 +0800] "POST /xingrg/kc/buy/cgsh_order_operate.html HTTP/1.1" 200 2065
116.238.97.31 - - [08/Feb/2024:11:35:38 +0800] "GET /xingrg/all/function/internal_message.html?_=1707363339177&CODE_STATE=getMsg HTTP/1.1" 200 27
116.232.194.112 - - [08/Feb/2024:11:35:39 +0800] "GET /xingrg/kc/buy/cgsh_order_operate.html?command=get_materiel&rest_code=00155&code=00101001140&supplier_code=00100090&order_time=2024-02-08 HTTP/1.1" 200 417
116.230.123.222 - - [08/Feb/2024:11:35:40 +0800] "POST /xingrg/kc/buy/cgsh_order_operate.html HTTP/1.1" 200 2065
116.232.194.112 - - [08/Feb/2024:11:35:40 +0800] "GET /xingrg/all/function/internal_message.html?_=1707363257138&CODE_STATE=getMsg HTTP/1.1" 200 27
101.83.240.145 - - [08/Feb/2024:11:35:41 +0800] "GET /xingrg/check_reg.html?_=1707363338279 HTTP/1.1" 200 22
116.238.120.94 - - [08/Feb/2024:11:35:42 +0800] "GET /xingrg/all/function/internal_message.html?_=1707363342326&CODE_STATE=getMsg HTTP/1.1" 200 27
116.238.97.31 - - [08/Feb/2024:11:35:42 +0800] "GET /xingrg/kc/buy/cgsh_order_operate.html?command=get_materiel&rest_code=00102&code=00101010511&supplier_code=00100322&order_time=2024-02-08 HTTP/1.1" 200 420
222.70.172.34 - - [08/Feb/2024:11:35:44 +0800] "GET /xingrg/check_reg.html?_=1707363358957 HTTP/1.1" 200 22
101.83.145.37 - - [08/Feb/2024:11:35:45 +0800] "GET /xingrg/all/function/internal_message.html?_=1707363109765&CODE_STATE=getMsg HTTP/1.1" 200 27
116.238.97.31 - - [08/Feb/2024:11:35:53 +0800] "POST /xingrg/kc/buy/cgsh_order_operate.html HTTP/1.1" 200 37
116.230.123.222 - - [08/Feb/2024:11:35:56 +0800] "GET /xingrg/all/function/internal_message.html?_=1707363354602&CODE_STATE=getMsg HTTP/1.1" 200 27
101.83.240.145 - - [08/Feb/2024:11:35:57 +0800] "GET /xingrg/all/function/internal_message.html?_=1707363354476&CODE_STATE=getMsg HTTP/1.1" 200 27
222.69.128.19 - - [08/Feb/2024:11:35:58 +0800] "GET /xingrg/check_reg.html?_=1707363359827 HTTP/1.1" 200 22
116.238.120.94 - - [08/Feb/2024:11:35:58 +0800] "POST /xingrg/dwr/call/plaincall/AjaxBaseInfoService.changeUnitGroup.dwr HTTP/1.1" 200 243
222.70.172.34 - - [08/Feb/2024:11:35:59 +0800] "GET /xingrg/kc/buy/cgsh_order_operate.html?command=get_materiel&rest_code=00146&code=00101008114&supplier_code=00100005&order_time=2024-02-08 HTTP/1.1" 200 413
116.238.97.31 - - [08/Feb/2024:11:36:00 +0800] "POST /xingrg/kc/buy/cgsh_order_operate.html HTTP/1.1" 200 12
116.238.120.94 - - [08/Feb/2024:11:36:01 +0800] "POST /xingrg/dwr/call/plaincall/AjaxBaseInfoService.saveMateriel.dwr HTTP/1.1" 200 109
116.238.120.94 - - [08/Feb/2024:11:36:01 +0800] "POST /xingrg/dwr/call/plaincall/AjaxBaseInfoService.getMateriels.dwr HTTP/1.1" 200 2917
101.228.146.191 - - [08/Feb/2024:11:36:01 +0800] "GET /xingrg/all/function/internal_message.html?_=1707363360257&CODE_STATE=getMsg HTTP/1.1" 200 27
222.69.128.19 - - [08/Feb/2024:11:36:02 +0800] "GET /xingrg/all/function/internal_message.html?_=1707363364425&CODE_STATE=getMsg HTTP/1.1" 200 27
116.238.97.31 - - [08/Feb/2024:11:36:03 +0800] "GET /xingrg/kc/buy/cgsh_order_info.html?code=212024020803404 HTTP/1.1" 200 68403
116.238.97.31 - - [08/Feb/2024:11:36:03 +0800] "GET /xingrg/words/20240208113601_words.js HTTP/1.1" 200 1013734
116.238.97.31 - - [08/Feb/2024:11:36:03 +0800] "GET /xingrg/javascript/easyui/themes/default/validatebox.css HTTP/1.1" 404 1104
116.238.97.31 - - [08/Feb/2024:11:36:04 +0800] "POST /xingrg/kc/buy/cgsh_order_operate.html HTTP/1.1" 200 610
116.238.120.94 - - [08/Feb/2024:11:36:04 +0800] "GET /xingrg/system/info/materiel_info.html?code=00101001&isAdd=1 HTTP/1.1" 200 38181
116.238.120.94 - - [08/Feb/2024:11:36:04 +0800] "GET /xingrg/dwr/interface/AjaxBaseInfoService.js HTTP/1.1" 200 21363
116.238.120.94 - - [08/Feb/2024:11:36:04 +0800] "GET /xingrg/dwr/interface/AjaxGetFirstChart.js HTTP/1.1" 200 631
116.238.120.94 - - [08/Feb/2024:11:36:04 +0800] "GET /xingrg/dwr/interface/AjaxComOrderService.js HTTP/1.1" 200 18264
116.238.120.94 - - [08/Feb/2024:11:36:04 +0800] "GET /xingrg/dwr/engine.js HTTP/1.1" 200 43631
116.238.120.94 - - [08/Feb/2024:11:36:05 +0800] "POST /xingrg/all/common/load_tree.html?tree=area_rest_tree_json HTTP/1.1" 200 3624
116.238.120.94 - - [08/Feb/2024:11:36:05 +0800] "POST /xingrg/dwr/call/plaincall/AjaxBaseInfoService.getMaterielInfo.dwr HTTP/1.1" 200 204
116.238.120.94 - - [08/Feb/2024:11:36:05 +0800] "POST /xingrg/all/common/load_tree.html?tree=area_rest_tree_json&defaultRests=undefined HTTP/1.1" 200 3624
116.238.97.31 - - [08/Feb/2024:11:36:06 +0800] "GET /xingrg/kc/print/load_data.html?order_code=212024020803404&kc_code=cgsh&condition= HTTP/1.1" 200 689
116.232.194.112 - - [08/Feb/2024:11:36:07 +0800] "GET /xingrg/kc/buy/cgsh_order_operate.html?command=get_materiel&rest_code=00155&code=00101004094&supplier_code=00100090&order_time=2024-02-08 HTTP/1.1" 200 411
222.70.172.34 - - [08/Feb/2024:11:36:07 +0800] "GET /xingrg/all/function/internal_message.html?_=1707363381669&CODE_STATE=getMsg HTTP/1.1" 200 27
116.238.97.31 - - [08/Feb/2024:11:36:11 +0800] "GET /xingrg/kc/buy/cgsh_order_add.html HTTP/1.1" 200 73502
116.238.97.31 - - [08/Feb/2024:11:36:11 +0800] "GET /xingrg/words/20240208113601_words.js HTTP/1.1" 304 -
116.238.97.31 - - [08/Feb/2024:11:36:11 +0800] "POST /xingrg/kc/buy/cgsh_order_operate.html HTTP/1.1" 200 8245
116.238.97.31 - - [08/Feb/2024:11:36:11 +0800] "GET /xingrg/javascript/easyui/themes/default/validatebox.css HTTP/1.1" 404 1104
116.232.194.112 - - [08/Feb/2024:11:36:12 +0800] "GET /xingrg/all/function/internal_message.html?_=1707363288576&CODE_STATE=getMsg HTTP/1.1" 200 27
112.111.193.219 - - [08/Feb/2024:11:36:17 +0800] "GET /xingrg/all/function/internal_message.html?_=1707363379048&CODE_STATE=getMsg HTTP/1.1" 200 27
112.111.193.219 - - [08/Feb/2024:11:36:17 +0800] "GET /xingrg/check_reg.html?_=1707363379051 HTTP/1.1" 200 22
116.232.194.112 - - [08/Feb/2024:11:36:18 +0800] "GET /xingrg/kc/buy/cgsh_order_operate.html?command=get_materiel&rest_code=00155&code=00101001125&supplier_code=00100090&order_time=2024-02-08 HTTP/1.1" 200 417
101.229.175.60 - - [08/Feb/2024:11:36:18 +0800] "GET /xingrg/all/function/internal_message.html?_=1707363384741&CODE_STATE=getMsg HTTP/1.1" 302 -
124.78.68.102 - - [08/Feb/2024:11:36:19 +0800] "GET /xingrg/all/function/internal_message.html?_=1707363379457&CODE_STATE=getMsg HTTP/1.1" 200 27
116.238.120.94 - - [08/Feb/2024:11:36:20 +0800] "GET /xingrg/index.html?sysBaseUrl=http%3A%2F%2F180.169.147.146%3A18081%2Fxingrg%2F&costTime=14×tamp=1698040851670 HTTP/1.1" 302 -
116.238.120.94 - - [08/Feb/2024:11:36:20 +0800] "GET /xingrg/login.html HTTP/1.1" 200 7641
116.238.120.94 - - [08/Feb/2024:11:36:20 +0800] "GET /favicon.ico HTTP/1.1" 404 -
116.238.97.31 - - [08/Feb/2024:11:36:23 +0800] "GET /xingrg/kc/buy/cgsh_order_operate.html?command=get_materiel&rest_code=00102&code=00101006084&supplier_code=00100505&order_time=2024-02-08 HTTP/1.1" 200 415
116.238.120.94 - - [08/Feb/2024:11:36:27 +0800] "POST /xingrg/login.do HTTP/1.1" 302 -
116.238.120.94 - - [08/Feb/2024:11:36:27 +0800] "GET /xingrg/index.html?sysBaseUrl=http%3A%2F%2F180.169.147.146%3A18081%2Fxingrg%2F&costTime=817×tamp=1707363387503 HTTP/1.1" 200 17177
116.238.120.94 - - [08/Feb/2024:11:36:27 +0800] "GET /favicon.ico HTTP/1.1" 404 -
116.238.120.94 - - [08/Feb/2024:11:36:27 +0800] "GET /xingrg/all/function/internal_message.html?_=1707363388039&CODE_STATE=count HTTP/1.1" 200 11
116.238.120.94 - - [08/Feb/2024:11:36:27 +0800] "GET /xingrg/check_reg.html?_=1707363388040 HTTP/1.1" 200 22
116.238.120.94 - - [08/Feb/2024:11:36:27 +0800] "POST /xingrg/all/common/load_tree.html?tree=area_rest_tree_json&manage=1 HTTP/1.1" 200 476
116.238.120.94 - - [08/Feb/2024:11:36:27 +0800] "POST /xingrg/load_menu.html HTTP/1.1" 200 5138
116.238.120.94 - - [08/Feb/2024:11:36:30 +0800] "POST /xingrg/all/user/operate.html HTTP/1.1" 200 36
116.238.120.94 - - [08/Feb/2024:11:36:30 +0800] "GET /xingrg/index.html?sysBaseUrl=http%3A%2F%2F180.169.147.146%3A18081%2Fxingrg%2F&costTime=817×tamp=1707363387503 HTTP/1.1" 200 17179
116.238.120.94 - - [08/Feb/2024:11:36:30 +0800] "GET /xingrg/javascript/jquery_easy_ui/themes/default/easyui.css HTTP/1.1" 304 -
116.238.120.94 - - [08/Feb/2024:11:36:30 +0800] "GET /xingrg/javascript/jquery_easy_ui/themes/icon.css HTTP/1.1" 304 -
116.238.120.94 - - [08/Feb/2024:11:36:30 +0800] "GET /xingrg/css/form.css HTTP/1.1" 304 -
116.238.120.94 - - [08/Feb/2024:11:36:30 +0800] "GET /xingrg/javascript/jquery-1.4.2.min.js HTTP/1.1" 304 -
116.238.120.94 - - [08/Feb/2024:11:36:30 +0800] "GET /xingrg/javascript/jquery_easy_ui/jquery.easyui.min.js HTTP/1.1" 304 -
116.238.120.94 - - [08/Feb/2024:11:36:30 +0800] "GET /xingrg/javascript/jquery_easy_ui/easyui-lang-zh_CN.js HTTP/1.1" 304 -
116.238.120.94 - - [08/Feb/2024:11:36:30 +0800] "GET /xingrg/javascript/jquery.form.js HTTP/1.1" 304 -
116.238.120.94 - - [08/Feb/2024:11:36:30 +0800] "GET /xingrg/javascript/jquery.utils.js HTTP/1.1" 304 -
116.238.120.94 - - [08/Feb/2024:11:36:31 +0800] "GET /xingrg/javascript/jquery.timers.js HTTP/1.1" 304 -
116.238.120.94 - - [08/Feb/2024:11:36:31 +0800] "GET /xingrg/images/blue/jxLogo.png HTTP/1.1" 304 -
116.238.120.94 - - [08/Feb/2024:11:36:31 +0800] "GET /xingrg/images/blue/navBackgound.jpg HTTP/1.1" 304 -
116.238.120.94 - - [08/Feb/2024:11:36:31 +0800] "GET /xingrg/javascript/jquery_easy_ui/themes/icons/settle_new.png HTTP/1.1" 304 -
116.238.120.94 - - [08/Feb/2024:11:36:31 +0800] "GET /xingrg/all/function/internal_message.html?_=1707363391374&CODE_STATE=count HTTP/1.1" 200 11
116.238.120.94 - - [08/Feb/2024:11:36:31 +0800] "GET /xingrg/check_reg.html?_=1707363391375 HTTP/1.1" 200 22
116.238.120.94 - - [08/Feb/2024:11:36:31 +0800] "GET /xingrg/images/blue/pingpu.png HTTP/1.1" 304 -
116.238.120.94 - - [08/Feb/2024:11:36:31 +0800] "GET /xingrg/javascript/jquery_easy_ui/themes/default/images/tabs_leftarrow.png HTTP/1.1" 304 -
116.238.120.94 - - [08/Feb/2024:11:36:31 +0800] "GET /xingrg/javascript/jquery_easy_ui/themes/default/images/panel_tool_collapse.gif HTTP/1.1" 304 -
116.238.120.94 - - [08/Feb/2024:11:36:31 +0800] "POST /xingrg/all/common/load_tree.html?tree=area_rest_tree_json&manage=1 HTTP/1.1" 200 476
116.238.120.94 - - [08/Feb/2024:11:36:31 +0800] "POST /xingrg/load_menu.html HTTP/1.1" 200 5138
116.238.120.94 - - [08/Feb/2024:11:36:31 +0800] "GET /xingrg/javascript/jquery_easy_ui/themes/icons/storage_new.png HTTP/1.1" 304 -
116.238.120.94 - - [08/Feb/2024:11:36:31 +0800] "GET /xingrg/javascript/jquery_easy_ui/themes/default/images/tree_arrows.gif HTTP/1.1" 304 -
116.238.120.94 - - [08/Feb/2024:11:36:31 +0800] "GET /xingrg/javascript/jquery_easy_ui/themes/default/images/tree_file.gif HTTP/1.1" 304 -
116.238.120.94 - - [08/Feb/2024:11:36:31 +0800] "GET /xingrg/javascript/jquery_easy_ui/themes/icons/forms_new.png HTTP/1.1" 304 -
116.238.120.94 - - [08/Feb/2024:11:36:31 +0800] "GET /xingrg/javascript/jquery_easy_ui/themes/default/images/tree_folder_open.gif HTTP/1.1" 304 -
116.238.120.94 - - [08/Feb/2024:11:36:31 +0800] "GET /xingrg/javascript/jquery_easy_ui/themes/icons/search_new.png HTTP/1.1" 304 -
116.238.120.94 - - [08/Feb/2024:11:36:31 +0800] "GET /xingrg/javascript/jquery_easy_ui/themes/default/images/tabs_rightarrow.png HTTP/1.1" 304 -
116.238.120.94 - - [08/Feb/2024:11:36:31 +0800] "GET /xingrg/javascript/jquery_easy_ui/themes/default/images/tree_folder.gif HTTP/1.1" 304 -
124.78.156.119 - - [08/Feb/2024:11:36:31 +0800] "GET /xingrg/all/function/internal_message.html?_=1707363390577&CODE_STATE=getMsg HTTP/1.1" 200 27
180.164.1.25 - - [08/Feb/2024:11:36:32 +0800] "GET /xingrg/all/function/internal_message.html?_=1707363391594&CODE_STATE=getMsg HTTP/1.1" 200 27
180.163.28.109 - - [08/Feb/2024:11:36:32 +0800] "GET /xingrg/all/function/internal_message.html?_=1707363330602&CODE_STATE=getMsg HTTP/1.1" 302 -
116.238.120.94 - - [08/Feb/2024:11:36:33 +0800] "GET /xingrg/kc/buy/cgsh_order_list.html HTTP/1.1" 200 57698
180.163.28.109 - - [08/Feb/2024:11:36:33 +0800] "GET /xingrg/login.html HTTP/1.1" 200 7641
116.232.194.112 - - [08/Feb/2024:11:36:35 +0800] "GET /xingrg/all/function/internal_message.html?_=1707363311804&CODE_STATE=getMsg HTTP/1.1" 200 27
116.232.194.112 - - [08/Feb/2024:11:36:35 +0800] "GET /xingrg/kc/buy/cgsh_order_operate.html?command=get_materiel&rest_code=00155&code=00101001284&supplier_code=00100090&order_time=2024-02-08 HTTP/1.1" 200 411
116.232.194.112 - - [08/Feb/2024:11:36:35 +0800] "GET /xingrg/check_reg.html?_=1707363312493 HTTP/1.1" 200 22
116.230.123.222 - - [08/Feb/2024:11:36:36 +0800] "POST /xingrg/kc/buy/cgsh_order_operate.html HTTP/1.1" 200 2065
116.238.120.94 - - [08/Feb/2024:11:36:37 +0800] "POST /xingrg/kc/buy/cgsh_list_operate.html HTTP/1.1" 200 1875
222.70.172.34 - - [08/Feb/2024:11:36:37 +0800] "GET /xingrg/kc/buy/cgsh_order_operate.html?command=get_materiel&rest_code=00146&code=00101008558&supplier_code=00100005&order_time=2024-02-08 HTTP/1.1" 200 409
116.238.97.31 - - [08/Feb/2024:11:36:38 +0800] "GET /xingrg/all/function/internal_message.html?_=1707363399193&CODE_STATE=getMsg HTTP/1.1" 200 27
116.238.120.94 - - [08/Feb/2024:11:36:38 +0800] "GET /xingrg/kc/buy/cgsh_order_add.html HTTP/1.1" 200 73511
116.238.120.94 - - [08/Feb/2024:11:36:38 +0800] "GET /xingrg/words/20240208113601_words.js HTTP/1.1" 200 1013734
116.238.120.94 - - [08/Feb/2024:11:36:39 +0800] "POST /xingrg/kc/buy/cgsh_order_operate.html HTTP/1.1" 200 8245
116.238.120.94 - - [08/Feb/2024:11:36:39 +0800] "GET /xingrg/javascript/easyui/themes/default/validatebox.css HTTP/1.1" 404 1104
116.238.120.94 - - [08/Feb/2024:11:36:39 +0800] "GET /xingrg/all/common/auto_word.html?type=employee&rest_code=00150 HTTP/1.1" 200 159
116.238.120.94 - - [08/Feb/2024:11:36:39 +0800] "GET /xingrg/all/common/auto_word.html?type=employee&rest_code=00150 HTTP/1.1" 200 159
116.232.194.112 - - [08/Feb/2024:11:36:40 +0800] "GET /xingrg/all/function/internal_message.html?_=1707363317164&CODE_STATE=getMsg HTTP/1.1" 200 27
116.238.120.94 - - [08/Feb/2024:11:36:41 +0800] "POST /xingrg/kc/buy/cgsh_list_operate.html HTTP/1.1" 200 582
116.238.120.94 - - [08/Feb/2024:11:36:43 +0800] "GET /xingrg/kc/buy/cgsh_order_info.html?code=212024020803387 HTTP/1.1" 200 73524
116.238.120.94 - - [08/Feb/2024:11:36:43 +0800] "GET /xingrg/words/20240208113601_words.js HTTP/1.1" 304 -
116.238.120.94 - - [08/Feb/2024:11:36:43 +0800] "GET /xingrg/javascript/easyui/themes/default/validatebox.css HTTP/1.1" 404 1104
101.83.145.37 - - [08/Feb/2024:11:36:45 +0800] "GET /xingrg/all/function/internal_message.html?_=1707363169792&CODE_STATE=getMsg HTTP/1.1" 200 27
116.232.194.112 - - [08/Feb/2024:11:36:54 +0800] "POST /xingrg/kc/buy/cgsh_order_operate.html HTTP/1.1" 200 37
116.238.120.94 - - [08/Feb/2024:11:36:54 +0800] "POST /xingrg/kc/buy/cgsh_order_operate.html HTTP/1.1" 200 9265
116.230.123.222 - - [08/Feb/2024:11:36:56 +0800] "GET /xingrg/kc/buy/cgsh_order_operate.html?command=get_materiel&rest_code=00111&code=00101008010&supplier_code=00100005&order_time=2024-02-08 HTTP/1.1" 200 412
116.230.123.222 - - [08/Feb/2024:11:36:56 +0800] "GET /xingrg/all/function/internal_message.html?_=1707363414599&CODE_STATE=getMsg HTTP/1.1" 200 27
101.83.240.145 - - [08/Feb/2024:11:36:57 +0800] "GET /xingrg/all/function/internal_message.html?_=1707363414458&CODE_STATE=getMsg HTTP/1.1" 200 27
116.232.194.112 - - [08/Feb/2024:11:36:57 +0800] "POST /xingrg/kc/buy/cgsh_order_operate.html HTTP/1.1" 200 5050
116.238.97.31 - - [08/Feb/2024:11:36:57 +0800] "POST /xingrg/kc/buy/cgsh_order_operate.html HTTP/1.1" 200 88
222.70.172.34 - - [08/Feb/2024:11:36:58 +0800] "GET /xingrg/kc/buy/cgsh_order_operate.html?command=get_materiel&rest_code=00146&code=00101020397&supplier_code=00100005&order_time=2024-02-08 HTTP/1.1" 200 412
116.232.194.112 - - [08/Feb/2024:11:36:59 +0800] "GET /xingrg/kc/print/load_config.html?kc_code=cgsh HTTP/1.1" 200 1927
116.232.194.112 - - [08/Feb/2024:11:36:59 +0800] "GET /xingrg/kc/print/load_data.html?order_code=212024020803405&kc_code=cgsh&condition= HTTP/1.1" 200 1672
101.228.146.191 - - [08/Feb/2024:11:37:01 +0800] "GET /xingrg/all/function/internal_message.html?_=1707363420235&CODE_STATE=getMsg HTTP/1.1" 200 27
222.69.128.19 - - [08/Feb/2024:11:37:02 +0800] "GET /xingrg/all/function/internal_message.html?_=1707363424406&CODE_STATE=getMsg HTTP/1.1" 200 27
116.238.97.31 - - [08/Feb/2024:11:37:04 +0800] "POST /xingrg/kc/buy/cgsh_order_operate.html HTTP/1.1" 200 37
116.238.120.94 - - [08/Feb/2024:11:37:05 +0800] "GET /xingrg/javascript/auto/indicator.gif HTTP/1.1" 404 1066
