101.228.146.191 - - [08/Feb/2024:09:53:25 +0800] "GET /xingrg/check_reg.html?_=1707357204140 HTTP/1.1" 200 22
116.238.97.31 - - [08/Feb/2024:09:53:25 +0800] "GET /xingrg/all/function/internal_message.html?_=1707357206375&CODE_STATE=getMsg HTTP/1.1" 200 27
124.78.156.119 - - [08/Feb/2024:09:53:26 +0800] "GET /xingrg/all/function/internal_message.html?_=1707357205027&CODE_STATE=getMsg HTTP/1.1" 200 27
218.81.65.124 - - [08/Feb/2024:09:53:28 +0800] "GET /xingrg/all/function/internal_message.html?_=1707357214891&CODE_STATE=getMsg HTTP/1.1" 200 27
120.253.135.82 - - [08/Feb/2024:09:53:28 +0800] "GET /xingrg/all/function/internal_message.html?_=1707357037836&CODE_STATE=getMsg HTTP/1.1" 200 27
116.230.123.222 - - [08/Feb/2024:09:53:32 +0800] "POST /xingrg/services/DataTransmitService HTTP/1.1" 200 501
180.164.1.25 - - [08/Feb/2024:09:53:32 +0800] "GET /xingrg/all/function/internal_message.html?_=1707357211667&CODE_STATE=getMsg HTTP/1.1" 200 27
116.230.123.222 - - [08/Feb/2024:09:53:33 +0800] "POST /xingrg/services/DataTransmitService HTTP/1.1" 200 501
116.230.123.222 - - [08/Feb/2024:09:53:34 +0800] "POST /xingrg/services/DataTransmitService HTTP/1.1" 200 501
116.232.194.112 - - [08/Feb/2024:09:53:35 +0800] "GET /xingrg/all/function/internal_message.html?_=1707357132630&CODE_STATE=getMsg HTTP/1.1" 200 27
116.238.120.94 - - [08/Feb/2024:09:53:39 +0800] "POST /xingrg/kc/buy/cgsh_order_operate.html HTTP/1.1" 200 37
116.238.120.94 - - [08/Feb/2024:09:53:44 +0800] "GET /xingrg/all/function/internal_message.html?_=1707357224347&CODE_STATE=getMsg HTTP/1.1" 200 27
116.230.123.222 - - [08/Feb/2024:09:53:44 +0800] "POST /xingrg/services/DataTransmitService HTTP/1.1" 200 501
116.230.123.222 - - [08/Feb/2024:09:53:45 +0800] "POST /xingrg/services/DataTransmitService HTTP/1.1" 200 501
222.69.128.19 - - [08/Feb/2024:09:53:46 +0800] "GET /xingrg/all/function/internal_message.html?_=1707357227646&CODE_STATE=getMsg HTTP/1.1" 200 27
116.230.123.222 - - [08/Feb/2024:09:53:47 +0800] "POST /xingrg/services/DataTransmitService HTTP/1.1" 200 501
116.230.123.222 - - [08/Feb/2024:09:53:48 +0800] "POST /xingrg/services/DataTransmitService HTTP/1.1" 200 412
116.238.120.94 - - [08/Feb/2024:09:53:49 +0800] "POST /xingrg/kc/buy/cgsh_order_operate.html HTTP/1.1" 200 12
116.238.120.94 - - [08/Feb/2024:09:53:51 +0800] "GET /xingrg/kc/buy/cgsh_order_info.html?code=212024020803370 HTTP/1.1" 200 68410
116.238.120.94 - - [08/Feb/2024:09:53:52 +0800] "GET /xingrg/javascript/easyui/themes/default/validatebox.css HTTP/1.1" 404 1104
116.238.120.94 - - [08/Feb/2024:09:53:53 +0800] "POST /xingrg/kc/buy/cgsh_order_operate.html HTTP/1.1" 200 2959
116.238.120.94 - - [08/Feb/2024:09:53:54 +0800] "GET /xingrg/kc/print/load_data.html?order_code=212024020803370&kc_code=cgsh&condition= HTTP/1.1" 200 1578
116.230.123.222 - - [08/Feb/2024:09:53:56 +0800] "GET /xingrg/all/function/internal_message.html?_=1707357234440&CODE_STATE=getMsg HTTP/1.1" 200 27
116.230.123.222 - - [08/Feb/2024:09:53:56 +0800] "GET /xingrg/check_reg.html?_=1707357234441 HTTP/1.1" 200 22
101.83.240.145 - - [08/Feb/2024:09:53:59 +0800] "GET /xingrg/all/function/internal_message.html?_=1707357236433&CODE_STATE=getMsg HTTP/1.1" 200 27
222.70.172.34 - - [08/Feb/2024:09:54:02 +0800] "GET /xingrg/all/function/internal_message.html?_=1707357256228&CODE_STATE=getMsg HTTP/1.1" 200 27
116.238.97.31 - - [08/Feb/2024:09:54:11 +0800] "GET /xingrg/check_reg.html?_=1707357251459 HTTP/1.1" 200 22
101.229.175.60 - - [08/Feb/2024:09:54:18 +0800] "GET /xingrg/all/function/internal_message.html?_=1707357264699&CODE_STATE=getMsg HTTP/1.1" 302 -
124.78.68.102 - - [08/Feb/2024:09:54:19 +0800] "GET /xingrg/check_reg.html?_=1707357259803 HTTP/1.1" 200 22
124.78.68.102 - - [08/Feb/2024:09:54:19 +0800] "GET /xingrg/all/function/internal_message.html?_=1707357259807&CODE_STATE=getMsg HTTP/1.1" 200 27
120.253.135.82 - - [08/Feb/2024:09:54:23 +0800] "GET /xingrg/all/function/internal_message.html?_=1707357092264&CODE_STATE=getMsg HTTP/1.1" 200 27
101.228.146.191 - - [08/Feb/2024:09:54:25 +0800] "GET /xingrg/all/function/internal_message.html?_=1707357264138&CODE_STATE=getMsg HTTP/1.1" 200 27
116.238.97.31 - - [08/Feb/2024:09:54:25 +0800] "GET /xingrg/all/function/internal_message.html?_=1707357266366&CODE_STATE=getMsg HTTP/1.1" 200 27
124.78.156.119 - - [08/Feb/2024:09:54:26 +0800] "GET /xingrg/all/function/internal_message.html?_=1707357264997&CODE_STATE=getMsg HTTP/1.1" 200 27
218.81.65.124 - - [08/Feb/2024:09:54:28 +0800] "GET /xingrg/all/function/internal_message.html?_=1707357274892&CODE_STATE=getMsg HTTP/1.1" 200 27
120.253.135.82 - - [08/Feb/2024:09:54:28 +0800] "GET /xingrg/all/function/internal_message.html?_=1707357097854&CODE_STATE=getMsg HTTP/1.1" 200 27
180.164.1.25 - - [08/Feb/2024:09:54:32 +0800] "GET /xingrg/all/function/internal_message.html?_=1707357271673&CODE_STATE=getMsg HTTP/1.1" 200 27
116.238.120.94 - - [08/Feb/2024:09:54:33 +0800] "GET /xingrg/kc/buy/cgsh_order_add.html HTTP/1.1" 200 73511
116.238.120.94 - - [08/Feb/2024:09:54:33 +0800] "GET /xingrg/javascript/easyui/themes/default/validatebox.css HTTP/1.1" 404 1104
116.238.120.94 - - [08/Feb/2024:09:54:33 +0800] "POST /xingrg/kc/buy/cgsh_order_operate.html HTTP/1.1" 200 8245
116.232.194.112 - - [08/Feb/2024:09:54:35 +0800] "GET /xingrg/all/function/internal_message.html?_=1707357192635&CODE_STATE=getMsg HTTP/1.1" 200 27
116.238.120.94 - - [08/Feb/2024:09:54:44 +0800] "GET /xingrg/all/function/internal_message.html?_=1707357284370&CODE_STATE=getMsg HTTP/1.1" 200 27
222.69.128.19 - - [08/Feb/2024:09:54:46 +0800] "GET /xingrg/all/function/internal_message.html?_=1707357287662&CODE_STATE=getMsg HTTP/1.1" 200 27
116.230.123.222 - - [08/Feb/2024:09:54:56 +0800] "GET /xingrg/all/function/internal_message.html?_=1707357294455&CODE_STATE=getMsg HTTP/1.1" 200 27
101.83.240.145 - - [08/Feb/2024:09:54:59 +0800] "GET /xingrg/all/function/internal_message.html?_=1707357296419&CODE_STATE=getMsg HTTP/1.1" 200 27
222.70.172.34 - - [08/Feb/2024:09:55:02 +0800] "GET /xingrg/all/function/internal_message.html?_=1707357316404&CODE_STATE=getMsg HTTP/1.1" 200 27
116.238.120.94 - - [08/Feb/2024:09:55:03 +0800] "GET /xingrg/kc/buy/cgsh_order_operate.html?command=get_materiel&rest_code=00150&code=00101006186&supplier_code=00100096&order_time=2024-02-08 HTTP/1.1" 200 418
116.238.120.94 - - [08/Feb/2024:09:55:16 +0800] "POST /xingrg/kc/buy/cgsh_order_operate.html HTTP/1.1" 200 37
101.229.175.60 - - [08/Feb/2024:09:55:18 +0800] "GET /xingrg/all/function/internal_message.html?_=1707357324701&CODE_STATE=getMsg HTTP/1.1" 302 -
124.78.68.102 - - [08/Feb/2024:09:55:19 +0800] "GET /xingrg/all/function/internal_message.html?_=1707357319799&CODE_STATE=getMsg HTTP/1.1" 200 27
120.253.135.82 - - [08/Feb/2024:09:55:21 +0800] "GET /xingrg/check_reg.html?_=1707357150642 HTTP/1.1" 200 22
116.238.120.94 - - [08/Feb/2024:09:55:22 +0800] "POST /xingrg/kc/buy/cgsh_order_operate.html HTTP/1.1" 200 12
120.253.135.82 - - [08/Feb/2024:09:55:23 +0800] "GET /xingrg/all/function/internal_message.html?_=1707357152277&CODE_STATE=getMsg HTTP/1.1" 200 27
116.238.120.94 - - [08/Feb/2024:09:55:24 +0800] "GET /xingrg/kc/buy/cgsh_order_info.html?code=212024020803371 HTTP/1.1" 200 68410
116.238.120.94 - - [08/Feb/2024:09:55:25 +0800] "GET /xingrg/javascript/easyui/themes/default/validatebox.css HTTP/1.1" 404 1104
101.228.146.191 - - [08/Feb/2024:09:55:25 +0800] "GET /xingrg/all/function/internal_message.html?_=1707357324137&CODE_STATE=getMsg HTTP/1.1" 200 27
116.238.97.31 - - [08/Feb/2024:09:55:25 +0800] "GET /xingrg/all/function/internal_message.html?_=1707357326346&CODE_STATE=getMsg HTTP/1.1" 200 27
124.78.156.119 - - [08/Feb/2024:09:55:26 +0800] "GET /xingrg/all/function/internal_message.html?_=1707357324984&CODE_STATE=getMsg HTTP/1.1" 200 27
116.238.120.94 - - [08/Feb/2024:09:55:26 +0800] "POST /xingrg/kc/buy/cgsh_order_operate.html HTTP/1.1" 200 613
116.238.120.94 - - [08/Feb/2024:09:55:27 +0800] "GET /xingrg/kc/print/load_data.html?order_code=212024020803371&kc_code=cgsh&condition= HTTP/1.1" 200 688
180.163.28.180 - - [08/Feb/2024:09:55:27 +0800] "GET /xingrg/all/function/internal_message.html?_=1707357264997&CODE_STATE=getMsg HTTP/1.1" 302 -
120.253.135.82 - - [08/Feb/2024:09:55:28 +0800] "GET /xingrg/check_reg.html?_=1707357157379 HTTP/1.1" 200 22
180.163.28.180 - - [08/Feb/2024:09:55:28 +0800] "GET /xingrg/login.html HTTP/1.1" 200 7641
218.81.65.124 - - [08/Feb/2024:09:55:28 +0800] "GET /xingrg/all/function/internal_message.html?_=1707357334892&CODE_STATE=getMsg HTTP/1.1" 200 27
218.81.65.124 - - [08/Feb/2024:09:55:28 +0800] "GET /xingrg/check_reg.html?_=1707357334893 HTTP/1.1" 200 22
120.253.135.82 - - [08/Feb/2024:09:55:28 +0800] "GET /xingrg/all/function/internal_message.html?_=1707357157869&CODE_STATE=getMsg HTTP/1.1" 200 27
180.164.1.25 - - [08/Feb/2024:09:55:32 +0800] "GET /xingrg/all/function/internal_message.html?_=1707357331670&CODE_STATE=getMsg HTTP/1.1" 200 27
116.232.194.112 - - [08/Feb/2024:09:55:35 +0800] "GET /xingrg/all/function/internal_message.html?_=1707357252634&CODE_STATE=getMsg HTTP/1.1" 200 27
120.253.135.82 - - [08/Feb/2024:09:55:36 +0800] "POST /xingrg/kc/base/stock_operate.html HTTP/1.1" 200 1477
101.83.240.145 - - [08/Feb/2024:09:55:39 +0800] "GET /xingrg/check_reg.html?_=1707357336419 HTTP/1.1" 200 22
116.238.120.94 - - [08/Feb/2024:09:55:44 +0800] "GET /xingrg/all/function/internal_message.html?_=1707357344355&CODE_STATE=getMsg HTTP/1.1" 200 27
222.70.172.34 - - [08/Feb/2024:09:55:44 +0800] "GET /xingrg/check_reg.html?_=1707357358147 HTTP/1.1" 200 22
222.69.128.19 - - [08/Feb/2024:09:55:46 +0800] "GET /xingrg/all/function/internal_message.html?_=1707357347651&CODE_STATE=getMsg HTTP/1.1" 200 27
116.238.120.94 - - [08/Feb/2024:09:55:46 +0800] "GET /xingrg/kc/buy/cgsh_order_add.html HTTP/1.1" 200 73511
116.238.120.94 - - [08/Feb/2024:09:55:46 +0800] "GET /xingrg/javascript/easyui/themes/default/validatebox.css HTTP/1.1" 404 1104
116.238.120.94 - - [08/Feb/2024:09:55:46 +0800] "POST /xingrg/kc/buy/cgsh_order_operate.html HTTP/1.1" 200 8245
116.230.123.222 - - [08/Feb/2024:09:55:56 +0800] "GET /xingrg/all/function/internal_message.html?_=1707357354453&CODE_STATE=getMsg HTTP/1.1" 200 27
101.83.240.145 - - [08/Feb/2024:09:55:59 +0800] "GET /xingrg/all/function/internal_message.html?_=1707357356395&CODE_STATE=getMsg HTTP/1.1" 200 27
222.70.172.34 - - [08/Feb/2024:09:56:02 +0800] "GET /xingrg/all/function/internal_message.html?_=1707357376411&CODE_STATE=getMsg HTTP/1.1" 200 27
101.229.175.60 - - [08/Feb/2024:09:56:18 +0800] "GET /xingrg/all/function/internal_message.html?_=1707357384687&CODE_STATE=getMsg HTTP/1.1" 302 -
124.78.68.102 - - [08/Feb/2024:09:56:19 +0800] "GET /xingrg/all/function/internal_message.html?_=1707357379783&CODE_STATE=getMsg HTTP/1.1" 200 27
120.253.135.82 - - [08/Feb/2024:09:56:23 +0800] "GET /xingrg/all/function/internal_message.html?_=1707357212291&CODE_STATE=getMsg HTTP/1.1" 200 27
101.228.146.191 - - [08/Feb/2024:09:56:25 +0800] "GET /xingrg/all/function/internal_message.html?_=1707357384137&CODE_STATE=getMsg HTTP/1.1" 200 27
116.238.97.31 - - [08/Feb/2024:09:56:25 +0800] "GET /xingrg/all/function/internal_message.html?_=1707357386327&CODE_STATE=getMsg HTTP/1.1" 200 27
124.78.156.119 - - [08/Feb/2024:09:56:26 +0800] "GET /xingrg/all/function/internal_message.html?_=1707357384971&CODE_STATE=getMsg HTTP/1.1" 200 27
218.81.65.124 - - [08/Feb/2024:09:56:28 +0800] "GET /xingrg/all/function/internal_message.html?_=1707357394892&CODE_STATE=getMsg HTTP/1.1" 200 27
120.253.135.82 - - [08/Feb/2024:09:56:28 +0800] "GET /xingrg/all/function/internal_message.html?_=1707357217876&CODE_STATE=getMsg HTTP/1.1" 200 27
180.164.1.25 - - [08/Feb/2024:09:56:32 +0800] "GET /xingrg/all/function/internal_message.html?_=1707357391669&CODE_STATE=getMsg HTTP/1.1" 200 27
116.232.194.112 - - [08/Feb/2024:09:56:35 +0800] "GET /xingrg/check_reg.html?_=1707357312623 HTTP/1.1" 200 22
116.232.194.112 - - [08/Feb/2024:09:56:35 +0800] "GET /xingrg/all/function/internal_message.html?_=1707357312625&CODE_STATE=getMsg HTTP/1.1" 200 27
116.238.120.94 - - [08/Feb/2024:09:56:44 +0800] "GET /xingrg/all/function/internal_message.html?_=1707357404359&CODE_STATE=getMsg HTTP/1.1" 200 27
222.69.128.19 - - [08/Feb/2024:09:56:46 +0800] "GET /xingrg/all/function/internal_message.html?_=1707357407658&CODE_STATE=getMsg HTTP/1.1" 200 27
222.69.128.19 - - [08/Feb/2024:09:56:46 +0800] "GET /xingrg/check_reg.html?_=1707357407661 HTTP/1.1" 200 22
116.230.123.222 - - [08/Feb/2024:09:56:56 +0800] "GET /xingrg/all/function/internal_message.html?_=1707357414444&CODE_STATE=getMsg HTTP/1.1" 200 27
101.83.240.145 - - [08/Feb/2024:09:56:59 +0800] "GET /xingrg/all/function/internal_message.html?_=1707357416381&CODE_STATE=getMsg HTTP/1.1" 200 27
222.70.172.34 - - [08/Feb/2024:09:57:02 +0800] "GET /xingrg/all/function/internal_message.html?_=1707357436425&CODE_STATE=getMsg HTTP/1.1" 200 27
101.229.175.60 - - [08/Feb/2024:09:57:18 +0800] "GET /xingrg/all/function/internal_message.html?_=1707357444697&CODE_STATE=getMsg HTTP/1.1" 302 -
124.78.68.102 - - [08/Feb/2024:09:57:19 +0800] "GET /xingrg/all/function/internal_message.html?_=1707357439796&CODE_STATE=getMsg HTTP/1.1" 200 27
120.253.135.82 - - [08/Feb/2024:09:57:23 +0800] "GET /xingrg/all/function/internal_message.html?_=1707357272305&CODE_STATE=getMsg HTTP/1.1" 200 27
101.228.146.191 - - [08/Feb/2024:09:57:25 +0800] "GET /xingrg/all/function/internal_message.html?_=1707357444138&CODE_STATE=getMsg HTTP/1.1" 200 27
116.238.97.31 - - [08/Feb/2024:09:57:25 +0800] "GET /xingrg/all/function/internal_message.html?_=1707357446299&CODE_STATE=getMsg HTTP/1.1" 200 27
124.78.156.119 - - [08/Feb/2024:09:57:26 +0800] "GET /xingrg/check_reg.html?_=1707357444984 HTTP/1.1" 200 22
124.78.156.119 - - [08/Feb/2024:09:57:26 +0800] "GET /xingrg/all/function/internal_message.html?_=1707357444976&CODE_STATE=getMsg HTTP/1.1" 200 27
218.81.65.124 - - [08/Feb/2024:09:57:28 +0800] "GET /xingrg/all/function/internal_message.html?_=1707357454891&CODE_STATE=getMsg HTTP/1.1" 200 27
120.253.135.82 - - [08/Feb/2024:09:57:28 +0800] "GET /xingrg/all/function/internal_message.html?_=1707357277890&CODE_STATE=getMsg HTTP/1.1" 200 27
180.164.1.25 - - [08/Feb/2024:09:57:32 +0800] "GET /xingrg/all/function/internal_message.html?_=1707357451663&CODE_STATE=getMsg HTTP/1.1" 200 27
180.164.1.25 - - [08/Feb/2024:09:57:32 +0800] "GET /xingrg/check_reg.html?_=1707357451666 HTTP/1.1" 200 22
116.232.194.112 - - [08/Feb/2024:09:57:35 +0800] "GET /xingrg/all/function/internal_message.html?_=1707357372639&CODE_STATE=getMsg HTTP/1.1" 200 27
116.238.120.94 - - [08/Feb/2024:09:57:44 +0800] "GET /xingrg/check_reg.html?_=1707357464347 HTTP/1.1" 200 22
116.238.120.94 - - [08/Feb/2024:09:57:44 +0800] "GET /xingrg/all/function/internal_message.html?_=1707357464350&CODE_STATE=getMsg HTTP/1.1" 200 27
222.69.128.19 - - [08/Feb/2024:09:57:46 +0800] "GET /xingrg/all/function/internal_message.html?_=1707357467651&CODE_STATE=getMsg HTTP/1.1" 200 27
116.230.123.222 - - [08/Feb/2024:09:57:56 +0800] "GET /xingrg/all/function/internal_message.html?_=1707357474443&CODE_STATE=getMsg HTTP/1.1" 200 27
101.83.240.145 - - [08/Feb/2024:09:57:59 +0800] "GET /xingrg/all/function/internal_message.html?_=1707357476350&CODE_STATE=getMsg HTTP/1.1" 200 27
222.70.172.34 - - [08/Feb/2024:09:58:02 +0800] "GET /xingrg/all/function/internal_message.html?_=1707357496616&CODE_STATE=getMsg HTTP/1.1" 200 27
101.229.175.60 - - [08/Feb/2024:09:58:18 +0800] "GET /xingrg/all/function/internal_message.html?_=1707357504697&CODE_STATE=getMsg HTTP/1.1" 302 -
101.229.175.60 - - [08/Feb/2024:09:58:18 +0800] "GET /xingrg/check_reg.html?_=1707357504702 HTTP/1.1" 302 -
124.78.68.102 - - [08/Feb/2024:09:58:19 +0800] "GET /xingrg/all/function/internal_message.html?_=1707357499798&CODE_STATE=getMsg HTTP/1.1" 200 27
120.253.135.82 - - [08/Feb/2024:09:58:23 +0800] "GET /xingrg/all/function/internal_message.html?_=1707357332348&CODE_STATE=getMsg HTTP/1.1" 200 27
101.228.146.191 - - [08/Feb/2024:09:58:25 +0800] "GET /xingrg/check_reg.html?_=1707357504140 HTTP/1.1" 200 22
101.228.146.191 - - [08/Feb/2024:09:58:25 +0800] "GET /xingrg/all/function/internal_message.html?_=1707357504138&CODE_STATE=getMsg HTTP/1.1" 200 27
116.238.97.31 - - [08/Feb/2024:09:58:25 +0800] "GET /xingrg/all/function/internal_message.html?_=1707357506281&CODE_STATE=getMsg HTTP/1.1" 200 27
124.78.156.119 - - [08/Feb/2024:09:58:26 +0800] "GET /xingrg/all/function/internal_message.html?_=1707357504973&CODE_STATE=getMsg HTTP/1.1" 200 27
218.81.65.124 - - [08/Feb/2024:09:58:28 +0800] "GET /xingrg/all/function/internal_message.html?_=1707357514917&CODE_STATE=getMsg HTTP/1.1" 200 27
120.253.135.82 - - [08/Feb/2024:09:58:28 +0800] "GET /xingrg/all/function/internal_message.html?_=1707357337909&CODE_STATE=getMsg HTTP/1.1" 200 27
180.164.1.25 - - [08/Feb/2024:09:58:32 +0800] "GET /xingrg/all/function/internal_message.html?_=1707357511675&CODE_STATE=getMsg HTTP/1.1" 200 27
116.232.194.112 - - [08/Feb/2024:09:58:35 +0800] "GET /xingrg/all/function/internal_message.html?_=1707357432637&CODE_STATE=getMsg HTTP/1.1" 200 27
116.238.120.94 - - [08/Feb/2024:09:58:44 +0800] "GET /xingrg/all/function/internal_message.html?_=1707357524365&CODE_STATE=getMsg HTTP/1.1" 200 27
222.69.128.19 - - [08/Feb/2024:09:58:46 +0800] "GET /xingrg/all/function/internal_message.html?_=1707357527668&CODE_STATE=getMsg HTTP/1.1" 200 27
116.230.123.222 - - [08/Feb/2024:09:58:56 +0800] "GET /xingrg/check_reg.html?_=1707357534442 HTTP/1.1" 200 22
116.230.123.222 - - [08/Feb/2024:09:58:56 +0800] "GET /xingrg/all/function/internal_message.html?_=1707357534443&CODE_STATE=getMsg HTTP/1.1" 200 27
101.83.240.145 - - [08/Feb/2024:09:58:59 +0800] "GET /xingrg/all/function/internal_message.html?_=1707357536325&CODE_STATE=getMsg HTTP/1.1" 200 27
222.70.172.34 - - [08/Feb/2024:09:59:02 +0800] "GET /xingrg/all/function/internal_message.html?_=1707357556624&CODE_STATE=getMsg HTTP/1.1" 200 27
116.238.97.31 - - [08/Feb/2024:09:59:11 +0800] "GET /xingrg/check_reg.html?_=1707357551471 HTTP/1.1" 200 22
101.229.175.60 - - [08/Feb/2024:09:59:18 +0800] "GET /xingrg/all/function/internal_message.html?_=1707357564686&CODE_STATE=getMsg HTTP/1.1" 302 -
124.78.68.102 - - [08/Feb/2024:09:59:19 +0800] "GET /xingrg/all/function/internal_message.html?_=1707357559798&CODE_STATE=getMsg HTTP/1.1" 200 27
124.78.68.102 - - [08/Feb/2024:09:59:19 +0800] "GET /xingrg/check_reg.html?_=1707357559802 HTTP/1.1" 200 22
120.253.135.82 - - [08/Feb/2024:09:59:23 +0800] "GET /xingrg/all/function/internal_message.html?_=1707357392363&CODE_STATE=getMsg HTTP/1.1" 200 27
101.228.146.191 - - [08/Feb/2024:09:59:25 +0800] "GET /xingrg/all/function/internal_message.html?_=1707357564139&CODE_STATE=getMsg HTTP/1.1" 200 27
116.238.97.31 - - [08/Feb/2024:09:59:25 +0800] "GET /xingrg/all/function/internal_message.html?_=1707357566267&CODE_STATE=getMsg HTTP/1.1" 200 27
124.78.156.119 - - [08/Feb/2024:09:59:26 +0800] "GET /xingrg/all/function/internal_message.html?_=1707357564996&CODE_STATE=getMsg HTTP/1.1" 200 27
218.81.65.124 - - [08/Feb/2024:09:59:28 +0800] "GET /xingrg/all/function/internal_message.html?_=1707357574916&CODE_STATE=getMsg HTTP/1.1" 200 27
120.253.135.82 - - [08/Feb/2024:09:59:28 +0800] "GET /xingrg/all/function/internal_message.html?_=1707357397917&CODE_STATE=getMsg HTTP/1.1" 200 27
180.164.1.25 - - [08/Feb/2024:09:59:32 +0800] "GET /xingrg/all/function/internal_message.html?_=1707357571671&CODE_STATE=getMsg HTTP/1.1" 200 27
116.232.194.112 - - [08/Feb/2024:09:59:35 +0800] "GET /xingrg/all/function/internal_message.html?_=1707357492624&CODE_STATE=getMsg HTTP/1.1" 200 27
116.238.120.94 - - [08/Feb/2024:09:59:44 +0800] "GET /xingrg/all/function/internal_message.html?_=1707357584364&CODE_STATE=getMsg HTTP/1.1" 200 27
222.69.128.19 - - [08/Feb/2024:09:59:46 +0800] "GET /xingrg/all/function/internal_message.html?_=1707357587654&CODE_STATE=getMsg HTTP/1.1" 200 27
116.230.123.222 - - [08/Feb/2024:09:59:56 +0800] "GET /xingrg/all/function/internal_message.html?_=1707357594441&CODE_STATE=getMsg HTTP/1.1" 200 27
101.83.240.145 - - [08/Feb/2024:09:59:59 +0800] "GET /xingrg/all/function/internal_message.html?_=1707357596311&CODE_STATE=getMsg HTTP/1.1" 200 27
222.70.172.34 - - [08/Feb/2024:10:00:03 +0800] "GET /xingrg/all/function/internal_message.html?_=1707357616861&CODE_STATE=getMsg HTTP/1.1" 200 27
101.229.175.60 - - [08/Feb/2024:10:00:18 +0800] "GET /xingrg/all/function/internal_message.html?_=1707357624688&CODE_STATE=getMsg HTTP/1.1" 302 -
124.78.68.102 - - [08/Feb/2024:10:00:19 +0800] "GET /xingrg/all/function/internal_message.html?_=1707357619789&CODE_STATE=getMsg HTTP/1.1" 200 27
120.253.135.82 - - [08/Feb/2024:10:00:21 +0800] "GET /xingrg/check_reg.html?_=1707357450672 HTTP/1.1" 200 22
120.253.135.82 - - [08/Feb/2024:10:00:23 +0800] "GET /xingrg/all/function/internal_message.html?_=1707357452377&CODE_STATE=getMsg HTTP/1.1" 200 27
101.228.146.191 - - [08/Feb/2024:10:00:25 +0800] "GET /xingrg/all/function/internal_message.html?_=1707357624138&CODE_STATE=getMsg HTTP/1.1" 200 27
116.238.97.31 - - [08/Feb/2024:10:00:25 +0800] "GET /xingrg/all/function/internal_message.html?_=1707357626239&CODE_STATE=getMsg HTTP/1.1" 200 27
180.163.29.206 - - [08/Feb/2024:10:00:26 +0800] "GET /xingrg/all/function/internal_message.html?_=1707357564996&CODE_STATE=getMsg HTTP/1.1" 302 -
124.78.156.119 - - [08/Feb/2024:10:00:26 +0800] "GET /xingrg/all/function/internal_message.html?_=1707357624971&CODE_STATE=getMsg HTTP/1.1" 200 27
120.253.135.82 - - [08/Feb/2024:10:00:28 +0800] "GET /xingrg/check_reg.html?_=1707357457392 HTTP/1.1" 200 22
218.81.65.124 - - [08/Feb/2024:10:00:28 +0800] "GET /xingrg/all/function/internal_message.html?_=1707357634916&CODE_STATE=getMsg HTTP/1.1" 200 27
218.81.65.124 - - [08/Feb/2024:10:00:28 +0800] "GET /xingrg/check_reg.html?_=1707357634917 HTTP/1.1" 200 22
120.253.135.82 - - [08/Feb/2024:10:00:28 +0800] "GET /xingrg/all/function/internal_message.html?_=1707357457931&CODE_STATE=getMsg HTTP/1.1" 200 27
180.163.29.206 - - [08/Feb/2024:10:00:29 +0800] "GET /xingrg/login.html HTTP/1.1" 200 7641
180.164.1.25 - - [08/Feb/2024:10:00:32 +0800] "GET /xingrg/all/function/internal_message.html?_=1707357631672&CODE_STATE=getMsg HTTP/1.1" 200 27
116.232.194.112 - - [08/Feb/2024:10:00:35 +0800] "GET /xingrg/all/function/internal_message.html?_=1707357552639&CODE_STATE=getMsg HTTP/1.1" 200 27
101.83.240.145 - - [08/Feb/2024:10:00:39 +0800] "GET /xingrg/check_reg.html?_=1707357636420 HTTP/1.1" 200 22
116.238.120.94 - - [08/Feb/2024:10:00:44 +0800] "GET /xingrg/all/function/internal_message.html?_=1707357644357&CODE_STATE=getMsg HTTP/1.1" 200 27
222.70.172.34 - - [08/Feb/2024:10:00:44 +0800] "GET /xingrg/check_reg.html?_=1707357658149 HTTP/1.1" 200 22
222.69.128.19 - - [08/Feb/2024:10:00:46 +0800] "GET /xingrg/all/function/internal_message.html?_=1707357647651&CODE_STATE=getMsg HTTP/1.1" 200 27
116.230.123.222 - - [08/Feb/2024:10:00:56 +0800] "GET /xingrg/all/function/internal_message.html?_=1707357654456&CODE_STATE=getMsg HTTP/1.1" 200 27
101.83.240.145 - - [08/Feb/2024:10:00:59 +0800] "GET /xingrg/all/function/internal_message.html?_=1707357656282&CODE_STATE=getMsg HTTP/1.1" 200 27
222.70.172.34 - - [08/Feb/2024:10:01:03 +0800] "GET /xingrg/all/function/internal_message.html?_=1707357676870&CODE_STATE=getMsg HTTP/1.1" 200 27
101.229.175.60 - - [08/Feb/2024:10:01:18 +0800] "GET /xingrg/all/function/internal_message.html?_=1707357684689&CODE_STATE=getMsg HTTP/1.1" 302 -
124.78.68.102 - - [08/Feb/2024:10:01:19 +0800] "GET /xingrg/all/function/internal_message.html?_=1707357679791&CODE_STATE=getMsg HTTP/1.1" 200 27
120.253.135.82 - - [08/Feb/2024:10:01:23 +0800] "GET /xingrg/all/function/internal_message.html?_=1707357512391&CODE_STATE=getMsg HTTP/1.1" 200 27
101.228.146.191 - - [08/Feb/2024:10:01:25 +0800] "GET /xingrg/all/function/internal_message.html?_=1707357684151&CODE_STATE=getMsg HTTP/1.1" 200 27
116.238.97.31 - - [08/Feb/2024:10:01:25 +0800] "GET /xingrg/all/function/internal_message.html?_=1707357686213&CODE_STATE=getMsg HTTP/1.1" 200 27
124.78.156.119 - - [08/Feb/2024:10:01:26 +0800] "GET /xingrg/all/function/internal_message.html?_=1707357684974&CODE_STATE=getMsg HTTP/1.1" 200 27
218.81.65.124 - - [08/Feb/2024:10:01:28 +0800] "GET /xingrg/all/function/internal_message.html?_=1707357694915&CODE_STATE=getMsg HTTP/1.1" 200 27
120.253.135.82 - - [08/Feb/2024:10:01:28 +0800] "GET /xingrg/all/function/internal_message.html?_=1707357517943&CODE_STATE=getMsg HTTP/1.1" 200 27
180.164.1.25 - - [08/Feb/2024:10:01:32 +0800] "GET /xingrg/all/function/internal_message.html?_=1707357691659&CODE_STATE=getMsg HTTP/1.1" 200 27
116.232.194.112 - - [08/Feb/2024:10:01:35 +0800] "GET /xingrg/check_reg.html?_=1707357612638 HTTP/1.1" 200 22
116.232.194.112 - - [08/Feb/2024:10:01:35 +0800] "GET /xingrg/all/function/internal_message.html?_=1707357612643&CODE_STATE=getMsg HTTP/1.1" 200 27
116.238.120.94 - - [08/Feb/2024:10:01:44 +0800] "GET /xingrg/all/function/internal_message.html?_=1707357704358&CODE_STATE=getMsg HTTP/1.1" 200 27
222.69.128.19 - - [08/Feb/2024:10:01:46 +0800] "GET /xingrg/all/function/internal_message.html?_=1707357707663&CODE_STATE=getMsg HTTP/1.1" 200 27
222.69.128.19 - - [08/Feb/2024:10:01:46 +0800] "GET /xingrg/check_reg.html?_=1707357707667 HTTP/1.1" 200 22
116.230.123.222 - - [08/Feb/2024:10:01:56 +0800] "GET /xingrg/all/function/internal_message.html?_=1707357714454&CODE_STATE=getMsg HTTP/1.1" 200 27
101.83.240.145 - - [08/Feb/2024:10:01:59 +0800] "GET /xingrg/all/function/internal_message.html?_=1707357716255&CODE_STATE=getMsg HTTP/1.1" 200 27
222.70.172.34 - - [08/Feb/2024:10:02:03 +0800] "GET /xingrg/all/function/internal_message.html?_=1707357736884&CODE_STATE=getMsg HTTP/1.1" 200 27
116.238.120.94 - - [08/Feb/2024:10:02:17 +0800] "GET /xingrg/kc/buy/cgsh_order_operate.html?command=get_materiel&rest_code=00150&code=00101008256&supplier_code=00100008&order_time=2024-02-08 HTTP/1.1" 200 413
101.229.175.60 - - [08/Feb/2024:10:02:18 +0800] "GET /xingrg/all/function/internal_message.html?_=1707357744690&CODE_STATE=getMsg HTTP/1.1" 302 -
124.78.68.102 - - [08/Feb/2024:10:02:19 +0800] "GET /xingrg/all/function/internal_message.html?_=1707357739793&CODE_STATE=getMsg HTTP/1.1" 200 27
120.253.135.82 - - [08/Feb/2024:10:02:23 +0800] "GET /xingrg/all/function/internal_message.html?_=1707357572403&CODE_STATE=getMsg HTTP/1.1" 200 27
101.228.146.191 - - [08/Feb/2024:10:02:25 +0800] "GET /xingrg/all/function/internal_message.html?_=1707357744135&CODE_STATE=getMsg HTTP/1.1" 200 27
116.238.97.31 - - [08/Feb/2024:10:02:25 +0800] "GET /xingrg/all/function/internal_message.html?_=1707357746196&CODE_STATE=getMsg HTTP/1.1" 200 27
124.78.156.119 - - [08/Feb/2024:10:02:26 +0800] "GET /xingrg/all/function/internal_message.html?_=1707357744983&CODE_STATE=getMsg HTTP/1.1" 200 27
124.78.156.119 - - [08/Feb/2024:10:02:26 +0800] "GET /xingrg/check_reg.html?_=1707357745002 HTTP/1.1" 200 22
218.81.65.124 - - [08/Feb/2024:10:02:28 +0800] "GET /xingrg/all/function/internal_message.html?_=1707357754913&CODE_STATE=getMsg HTTP/1.1" 200 27
120.253.135.82 - - [08/Feb/2024:10:02:28 +0800] "GET /xingrg/all/function/internal_message.html?_=1707357577958&CODE_STATE=getMsg HTTP/1.1" 200 27
180.164.1.25 - - [08/Feb/2024:10:02:32 +0800] "GET /xingrg/check_reg.html?_=1707357751685 HTTP/1.1" 200 22
180.164.1.25 - - [08/Feb/2024:10:02:32 +0800] "GET /xingrg/all/function/internal_message.html?_=1707357751682&CODE_STATE=getMsg HTTP/1.1" 200 27
116.238.120.94 - - [08/Feb/2024:10:02:33 +0800] "GET /xingrg/kc/buy/cgsh_order_operate.html?command=get_materiel&rest_code=00150&code=00101008027&supplier_code=00100008&order_time=2024-02-08 HTTP/1.1" 200 408
116.232.194.112 - - [08/Feb/2024:10:02:35 +0800] "GET /xingrg/all/function/internal_message.html?_=1707357672633&CODE_STATE=getMsg HTTP/1.1" 200 27
116.238.120.94 - - [08/Feb/2024:10:02:41 +0800] "GET /xingrg/kc/buy/cgsh_order_operate.html?command=get_materiel&rest_code=00150&code=00101008010&supplier_code=00100008&order_time=2024-02-08 HTTP/1.1" 200 412
116.238.120.94 - - [08/Feb/2024:10:02:44 +0800] "GET /xingrg/check_reg.html?_=1707357764385 HTTP/1.1" 200 22
116.238.120.94 - - [08/Feb/2024:10:02:44 +0800] "GET /xingrg/all/function/internal_message.html?_=1707357764387&CODE_STATE=getMsg HTTP/1.1" 200 27
222.69.128.19 - - [08/Feb/2024:10:02:46 +0800] "GET /xingrg/all/function/internal_message.html?_=1707357767655&CODE_STATE=getMsg HTTP/1.1" 200 27
116.238.120.94 - - [08/Feb/2024:10:02:48 +0800] "GET /xingrg/kc/buy/cgsh_order_operate.html?command=get_materiel&rest_code=00150&code=00101008298&supplier_code=00100008&order_time=2024-02-08 HTTP/1.1" 200 412
222.70.115.1 - - [08/Feb/2024:10:02:55 +0800] "POST /xingrg/services/DataTransmitService HTTP/1.1" 200 524
116.230.123.222 - - [08/Feb/2024:10:02:56 +0800] "GET /xingrg/all/function/internal_message.html?_=1707357774478&CODE_STATE=getMsg HTTP/1.1" 200 27
116.238.120.94 - - [08/Feb/2024:10:02:57 +0800] "GET /xingrg/kc/buy/cgsh_order_operate.html?command=get_materiel&rest_code=00150&code=00101008361&supplier_code=00100008&order_time=2024-02-08 HTTP/1.1" 200 408
101.83.240.145 - - [08/Feb/2024:10:02:59 +0800] "GET /xingrg/all/function/internal_message.html?_=1707357776240&CODE_STATE=getMsg HTTP/1.1" 200 27
222.70.172.34 - - [08/Feb/2024:10:03:03 +0800] "GET /xingrg/all/function/internal_message.html?_=1707357797054&CODE_STATE=getMsg HTTP/1.1" 200 27
101.83.240.145 - - [08/Feb/2024:10:03:07 +0800] "GET /xingrg/javascript/jquery_easy_ui/themes/default/images/tabs_active.png HTTP/1.1" 200 2894
116.238.120.94 - - [08/Feb/2024:10:03:08 +0800] "GET /xingrg/kc/buy/cgsh_order_operate.html?command=get_materiel&rest_code=00150&code=00101008163&supplier_code=00100008&order_time=2024-02-08 HTTP/1.1" 200 409
116.238.120.94 - - [08/Feb/2024:10:03:16 +0800] "GET /xingrg/kc/buy/cgsh_order_operate.html?command=get_materiel&rest_code=00150&code=00101008355&supplier_code=00100008&order_time=2024-02-08 HTTP/1.1" 200 408
101.83.240.145 - - [08/Feb/2024:10:03:17 +0800] "GET /xingrg/kc/buy/cgsh_order_operate.html?command=get_materiel&rest_code=00149&code=00101016030&supplier_code=00100096&order_time=2024-02-08 HTTP/1.1" 200 412
101.229.175.60 - - [08/Feb/2024:10:03:18 +0800] "GET /xingrg/check_reg.html?_=1707357804695 HTTP/1.1" 302 -
101.229.175.60 - - [08/Feb/2024:10:03:18 +0800] "GET /xingrg/all/function/internal_message.html?_=1707357804691&CODE_STATE=getMsg HTTP/1.1" 302 -
124.78.68.102 - - [08/Feb/2024:10:03:19 +0800] "GET /xingrg/all/function/internal_message.html?_=1707357799790&CODE_STATE=getMsg HTTP/1.1" 200 27
120.253.135.82 - - [08/Feb/2024:10:03:23 +0800] "GET /xingrg/all/function/internal_message.html?_=1707357632444&CODE_STATE=getMsg HTTP/1.1" 200 27
101.228.146.191 - - [08/Feb/2024:10:03:25 +0800] "GET /xingrg/all/function/internal_message.html?_=1707357804161&CODE_STATE=getMsg HTTP/1.1" 200 27
101.228.146.191 - - [08/Feb/2024:10:03:25 +0800] "GET /xingrg/check_reg.html?_=1707357804162 HTTP/1.1" 200 22
116.238.97.31 - - [08/Feb/2024:10:03:25 +0800] "GET /xingrg/all/function/internal_message.html?_=1707357806176&CODE_STATE=getMsg HTTP/1.1" 200 27
124.78.156.119 - - [08/Feb/2024:10:03:26 +0800] "GET /xingrg/all/function/internal_message.html?_=1707357804988&CODE_STATE=getMsg HTTP/1.1" 200 27
218.81.65.124 - - [08/Feb/2024:10:03:28 +0800] "GET /xingrg/all/function/internal_message.html?_=1707357814912&CODE_STATE=getMsg HTTP/1.1" 200 27
120.253.135.82 - - [08/Feb/2024:10:03:28 +0800] "GET /xingrg/all/function/internal_message.html?_=1707357637978&CODE_STATE=getMsg HTTP/1.1" 200 27
101.83.240.145 - - [08/Feb/2024:10:03:31 +0800] "GET /xingrg/kc/buy/cgsh_order_operate.html?command=get_materiel&rest_code=00149&code=00101016038&supplier_code=00100096&order_time=2024-02-08 HTTP/1.1" 200 408
180.164.1.25 - - [08/Feb/2024:10:03:32 +0800] "GET /xingrg/all/function/internal_message.html?_=1707357811670&CODE_STATE=getMsg HTTP/1.1" 200 27
116.232.194.112 - - [08/Feb/2024:10:03:35 +0800] "GET /xingrg/all/function/internal_message.html?_=1707357732624&CODE_STATE=getMsg HTTP/1.1" 200 27
218.81.65.124 - - [08/Feb/2024:10:03:36 +0800] "POST /xingrg/services/DataTransmitService HTTP/1.1" 200 524
101.83.240.145 - - [08/Feb/2024:10:03:40 +0800] "GET /xingrg/kc/buy/cgsh_order_operate.html?command=get_materiel&rest_code=00149&code=00101012025&supplier_code=00100096&order_time=2024-02-08 HTTP/1.1" 200 412
116.238.120.94 - - [08/Feb/2024:10:03:40 +0800] "GET /xingrg/kc/buy/cgsh_order_operate.html?command=get_materiel&rest_code=00150&code=00101008301&supplier_code=00100008&order_time=2024-02-08 HTTP/1.1" 200 422
116.238.120.94 - - [08/Feb/2024:10:03:44 +0800] "GET /xingrg/all/function/internal_message.html?_=1707357824378&CODE_STATE=getMsg HTTP/1.1" 200 27
222.69.128.19 - - [08/Feb/2024:10:03:46 +0800] "GET /xingrg/all/function/internal_message.html?_=1707357827661&CODE_STATE=getMsg HTTP/1.1" 200 27
101.83.240.145 - - [08/Feb/2024:10:03:53 +0800] "GET /xingrg/kc/buy/cgsh_order_operate.html?command=get_materiel&rest_code=00149&code=00101006056&supplier_code=00100096&order_time=2024-02-08 HTTP/1.1" 200 415
116.230.123.222 - - [08/Feb/2024:10:03:56 +0800] "GET /xingrg/all/function/internal_message.html?_=1707357834476&CODE_STATE=getMsg HTTP/1.1" 200 27
116.230.123.222 - - [08/Feb/2024:10:03:56 +0800] "GET /xingrg/check_reg.html?_=1707357834475 HTTP/1.1" 200 22
101.83.240.145 - - [08/Feb/2024:10:03:59 +0800] "GET /xingrg/all/function/internal_message.html?_=1707357836225&CODE_STATE=getMsg HTTP/1.1" 200 27
116.238.120.94 - - [08/Feb/2024:10:03:59 +0800] "GET /xingrg/kc/buy/cgsh_order_operate.html?command=get_materiel&rest_code=00150&code=00101008251&supplier_code=00100008&order_time=2024-02-08 HTTP/1.1" 200 408
222.70.172.34 - - [08/Feb/2024:10:04:03 +0800] "GET /xingrg/all/function/internal_message.html?_=1707357857066&CODE_STATE=getMsg HTTP/1.1" 200 27
116.238.120.94 - - [08/Feb/2024:10:04:08 +0800] "GET /xingrg/kc/buy/cgsh_order_operate.html?command=get_materiel&rest_code=00150&code=00101008137&supplier_code=00100008&order_time=2024-02-08 HTTP/1.1" 200 408
116.238.97.31 - - [08/Feb/2024:10:04:11 +0800] "GET /xingrg/check_reg.html?_=1707357851466 HTTP/1.1" 200 22
101.83.240.145 - - [08/Feb/2024:10:04:15 +0800] "GET /xingrg/kc/buy/cgsh_order_operate.html?command=get_materiel&rest_code=00149&code=00101006062&supplier_code=00100096&order_time=2024-02-08 HTTP/1.1" 200 410
116.238.120.94 - - [08/Feb/2024:10:04:15 +0800] "GET /xingrg/kc/buy/cgsh_order_operate.html?command=get_materiel&rest_code=00150&code=00101008357&supplier_code=00100008&order_time=2024-02-08 HTTP/1.1" 200 408
101.229.175.60 - - [08/Feb/2024:10:04:18 +0800] "GET /xingrg/all/function/internal_message.html?_=1707357864696&CODE_STATE=getMsg HTTP/1.1" 302 -
124.78.68.102 - - [08/Feb/2024:10:04:19 +0800] "GET /xingrg/all/function/internal_message.html?_=1707357859786&CODE_STATE=getMsg HTTP/1.1" 200 27
124.78.68.102 - - [08/Feb/2024:10:04:19 +0800] "GET /xingrg/check_reg.html?_=1707357859790 HTTP/1.1" 200 22
116.238.120.94 - - [08/Feb/2024:10:04:22 +0800] "GET /xingrg/kc/buy/cgsh_order_operate.html?command=get_materiel&rest_code=00150&code=00101008069&supplier_code=00100008&order_time=2024-02-08 HTTP/1.1" 200 412
120.253.135.82 - - [08/Feb/2024:10:04:23 +0800] "GET /xingrg/all/function/internal_message.html?_=1707357692447&CODE_STATE=getMsg HTTP/1.1" 200 27
101.228.146.191 - - [08/Feb/2024:10:04:25 +0800] "GET /xingrg/all/function/internal_message.html?_=1707357864175&CODE_STATE=getMsg HTTP/1.1" 200 27
116.238.97.31 - - [08/Feb/2024:10:04:25 +0800] "GET /xingrg/all/function/internal_message.html?_=1707357866166&CODE_STATE=getMsg HTTP/1.1" 200 27
124.78.156.119 - - [08/Feb/2024:10:04:26 +0800] "GET /xingrg/all/function/internal_message.html?_=1707357864991&CODE_STATE=getMsg HTTP/1.1" 200 27
218.81.65.124 - - [08/Feb/2024:10:04:28 +0800] "GET /xingrg/all/function/internal_message.html?_=1707357874912&CODE_STATE=getMsg HTTP/1.1" 200 27
120.253.135.82 - - [08/Feb/2024:10:04:28 +0800] "GET /xingrg/all/function/internal_message.html?_=1707357697985&CODE_STATE=getMsg HTTP/1.1" 200 27
116.238.120.94 - - [08/Feb/2024:10:04:30 +0800] "GET /xingrg/kc/buy/cgsh_order_operate.html?command=get_materiel&rest_code=00150&code=00101008286&supplier_code=00100008&order_time=2024-02-08 HTTP/1.1" 200 408
101.83.240.145 - - [08/Feb/2024:10:04:30 +0800] "GET /xingrg/kc/buy/cgsh_order_operate.html?command=get_materiel&rest_code=00149&code=00101006175&supplier_code=00100096&order_time=2024-02-08 HTTP/1.1" 200 414
180.164.1.25 - - [08/Feb/2024:10:04:32 +0800] "GET /xingrg/all/function/internal_message.html?_=1707357871671&CODE_STATE=getMsg HTTP/1.1" 200 27
116.232.194.112 - - [08/Feb/2024:10:04:35 +0800] "GET /xingrg/all/function/internal_message.html?_=1707357792635&CODE_STATE=getMsg HTTP/1.1" 200 27
116.238.120.94 - - [08/Feb/2024:10:04:37 +0800] "GET /xingrg/kc/buy/cgsh_order_operate.html?command=get_materiel&rest_code=00150&code=00101008005&supplier_code=00100008&order_time=2024-02-08 HTTP/1.1" 200 412
116.238.120.94 - - [08/Feb/2024:10:04:44 +0800] "GET /xingrg/all/function/internal_message.html?_=1707357884350&CODE_STATE=getMsg HTTP/1.1" 200 27
101.83.240.145 - - [08/Feb/2024:10:04:44 +0800] "GET /xingrg/kc/buy/cgsh_order_operate.html?command=get_materiel&rest_code=00149&code=00101007059&supplier_code=00100096&order_time=2024-02-08 HTTP/1.1" 200 411
222.69.128.19 - - [08/Feb/2024:10:04:46 +0800] "GET /xingrg/all/function/internal_message.html?_=1707357887658&CODE_STATE=getMsg HTTP/1.1" 200 27
116.238.120.94 - - [08/Feb/2024:10:04:46 +0800] "GET /xingrg/kc/buy/cgsh_order_operate.html?command=get_materiel&rest_code=00150&code=00101008353&supplier_code=00100008&order_time=2024-02-08 HTTP/1.1" 200 408
116.238.120.94 - - [08/Feb/2024:10:04:55 +0800] "GET /xingrg/kc/buy/cgsh_order_operate.html?command=get_materiel&rest_code=00150&code=00101008213&supplier_code=00100008&order_time=2024-02-08 HTTP/1.1" 200 412
116.230.123.222 - - [08/Feb/2024:10:04:56 +0800] "GET /xingrg/all/function/internal_message.html?_=1707357894473&CODE_STATE=getMsg HTTP/1.1" 200 27
101.83.240.145 - - [08/Feb/2024:10:04:59 +0800] "GET /xingrg/all/function/internal_message.html?_=1707357896198&CODE_STATE=getMsg HTTP/1.1" 200 27
222.70.172.34 - - [08/Feb/2024:10:05:03 +0800] "GET /xingrg/all/function/internal_message.html?_=1707357917275&CODE_STATE=getMsg HTTP/1.1" 200 27
116.238.120.94 - - [08/Feb/2024:10:05:05 +0800] "GET /xingrg/kc/buy/cgsh_order_operate.html?command=get_materiel&rest_code=00150&code=00101008358&supplier_code=00100008&order_time=2024-02-08 HTTP/1.1" 200 412
101.83.240.145 - - [08/Feb/2024:10:05:10 +0800] "GET /xingrg/kc/buy/cgsh_order_operate.html?command=get_materiel&rest_code=00149&code=00101007081&supplier_code=00100096&order_time=2024-02-08 HTTP/1.1" 200 415
101.229.175.60 - - [08/Feb/2024:10:05:18 +0800] "GET /xingrg/all/function/internal_message.html?_=1707357924697&CODE_STATE=getMsg HTTP/1.1" 302 -
124.78.68.102 - - [08/Feb/2024:10:05:19 +0800] "GET /xingrg/all/function/internal_message.html?_=1707357919786&CODE_STATE=getMsg HTTP/1.1" 200 27
120.253.135.82 - - [08/Feb/2024:10:05:21 +0800] "GET /xingrg/check_reg.html?_=1707357750701 HTTP/1.1" 200 22
120.253.135.82 - - [08/Feb/2024:10:05:23 +0800] "GET /xingrg/all/function/internal_message.html?_=1707357752461&CODE_STATE=getMsg HTTP/1.1" 200 27
116.238.97.31 - - [08/Feb/2024:10:05:25 +0800] "POST /xingrg/services/DataTransmitService HTTP/1.1" 200 524
101.228.146.191 - - [08/Feb/2024:10:05:25 +0800] "GET /xingrg/all/function/internal_message.html?_=1707357924163&CODE_STATE=getMsg HTTP/1.1" 200 27
116.238.97.31 - - [08/Feb/2024:10:05:25 +0800] "GET /xingrg/all/function/internal_message.html?_=1707357926138&CODE_STATE=getMsg HTTP/1.1" 200 27
124.78.156.119 - - [08/Feb/2024:10:05:26 +0800] "GET /xingrg/all/function/internal_message.html?_=1707357924980&CODE_STATE=getMsg HTTP/1.1" 200 27
120.253.135.82 - - [08/Feb/2024:10:05:28 +0800] "GET /xingrg/check_reg.html?_=1707357757393 HTTP/1.1" 200 22
218.81.65.124 - - [08/Feb/2024:10:05:28 +0800] "GET /xingrg/check_reg.html?_=1707357934910 HTTP/1.1" 200 22
218.81.65.124 - - [08/Feb/2024:10:05:28 +0800] "GET /xingrg/all/function/internal_message.html?_=1707357934910&CODE_STATE=getMsg HTTP/1.1" 200 27
120.253.135.82 - - [08/Feb/2024:10:05:28 +0800] "GET /xingrg/all/function/internal_message.html?_=1707357757998&CODE_STATE=getMsg HTTP/1.1" 200 27
180.164.1.25 - - [08/Feb/2024:10:05:32 +0800] "GET /xingrg/all/function/internal_message.html?_=1707357931681&CODE_STATE=getMsg HTTP/1.1" 200 27
116.232.194.112 - - [08/Feb/2024:10:05:35 +0800] "GET /xingrg/all/function/internal_message.html?_=1707357852637&CODE_STATE=getMsg HTTP/1.1" 200 27
101.83.240.145 - - [08/Feb/2024:10:05:39 +0800] "GET /xingrg/check_reg.html?_=1707357936447 HTTP/1.1" 200 22
116.238.120.94 - - [08/Feb/2024:10:05:44 +0800] "GET /xingrg/all/function/internal_message.html?_=1707357944362&CODE_STATE=getMsg HTTP/1.1" 200 27
222.70.172.34 - - [08/Feb/2024:10:05:44 +0800] "GET /xingrg/check_reg.html?_=1707357958159 HTTP/1.1" 200 22
222.69.128.19 - - [08/Feb/2024:10:05:46 +0800] "GET /xingrg/all/function/internal_message.html?_=1707357947652&CODE_STATE=getMsg HTTP/1.1" 200 27
116.230.123.222 - - [08/Feb/2024:10:05:56 +0800] "GET /xingrg/all/function/internal_message.html?_=1707357954475&CODE_STATE=getMsg HTTP/1.1" 200 27
101.83.240.145 - - [08/Feb/2024:10:05:59 +0800] "GET /xingrg/all/function/internal_message.html?_=1707357956184&CODE_STATE=getMsg HTTP/1.1" 200 27
222.70.172.34 - - [08/Feb/2024:10:06:03 +0800] "GET /xingrg/all/function/internal_message.html?_=1707357977280&CODE_STATE=getMsg HTTP/1.1" 200 27
101.229.175.60 - - [08/Feb/2024:10:06:18 +0800] "GET /xingrg/all/function/internal_message.html?_=1707357984698&CODE_STATE=getMsg HTTP/1.1" 302 -
124.78.68.102 - - [08/Feb/2024:10:06:19 +0800] "GET /xingrg/all/function/internal_message.html?_=1707357979788&CODE_STATE=getMsg HTTP/1.1" 200 27
116.238.120.94 - - [08/Feb/2024:10:06:21 +0800] "POST /xingrg/kc/buy/cgsh_order_operate.html HTTP/1.1" 200 37
120.253.135.82 - - [08/Feb/2024:10:06:23 +0800] "GET /xingrg/all/function/internal_message.html?_=1707357812474&CODE_STATE=getMsg HTTP/1.1" 200 27
101.228.146.191 - - [08/Feb/2024:10:06:25 +0800] "GET /xingrg/all/function/internal_message.html?_=1707357984164&CODE_STATE=getMsg HTTP/1.1" 200 27
116.238.97.31 - - [08/Feb/2024:10:06:25 +0800] "GET /xingrg/all/function/internal_message.html?_=1707357986113&CODE_STATE=getMsg HTTP/1.1" 200 27
124.78.156.119 - - [08/Feb/2024:10:06:26 +0800] "GET /xingrg/all/function/internal_message.html?_=1707357984981&CODE_STATE=getMsg HTTP/1.1" 200 27
218.81.65.124 - - [08/Feb/2024:10:06:28 +0800] "GET /xingrg/all/function/internal_message.html?_=1707357994910&CODE_STATE=getMsg HTTP/1.1" 200 27
120.253.135.82 - - [08/Feb/2024:10:06:28 +0800] "GET /xingrg/all/function/internal_message.html?_=1707357818011&CODE_STATE=getMsg HTTP/1.1" 200 27
180.164.1.25 - - [08/Feb/2024:10:06:32 +0800] "GET /xingrg/all/function/internal_message.html?_=1707357991676&CODE_STATE=getMsg HTTP/1.1" 200 27
101.83.240.145 - - [08/Feb/2024:10:06:33 +0800] "POST /xingrg/kc/buy/cgsh_order_operate.html HTTP/1.1" 200 37
116.238.120.94 - - [08/Feb/2024:10:06:34 +0800] "POST /xingrg/kc/buy/cgsh_order_operate.html HTTP/1.1" 200 12
116.232.194.112 - - [08/Feb/2024:10:06:35 +0800] "GET /xingrg/all/function/internal_message.html?_=1707357912639&CODE_STATE=getMsg HTTP/1.1" 200 27
116.232.194.112 - - [08/Feb/2024:10:06:35 +0800] "GET /xingrg/check_reg.html?_=1707357912643 HTTP/1.1" 200 22
101.83.240.145 - - [08/Feb/2024:10:06:41 +0800] "POST /xingrg/kc/buy/cgsh_order_operate.html HTTP/1.1" 200 12
101.83.240.145 - - [08/Feb/2024:10:06:43 +0800] "GET /xingrg/kc/buy/cgsh_order_info.html?code=212024020803373 HTTP/1.1" 200 68454
101.83.240.145 - - [08/Feb/2024:10:06:44 +0800] "GET /xingrg/javascript/easyui/themes/default/validatebox.css HTTP/1.1" 404 1104
101.83.240.145 - - [08/Feb/2024:10:06:45 +0800] "POST /xingrg/kc/buy/cgsh_order_operate.html HTTP/1.1" 200 5945
222.69.128.19 - - [08/Feb/2024:10:06:46 +0800] "GET /xingrg/all/function/internal_message.html?_=1707358007651&CODE_STATE=getMsg HTTP/1.1" 200 27
222.69.128.19 - - [08/Feb/2024:10:06:46 +0800] "GET /xingrg/check_reg.html?_=1707358007655 HTTP/1.1" 200 22
101.83.240.145 - - [08/Feb/2024:10:06:46 +0800] "GET /xingrg/kc/print/load_data.html?order_code=212024020803373&kc_code=cgsh&condition= HTTP/1.1" 200 2719
116.238.120.94 - - [08/Feb/2024:10:06:47 +0800] "GET /xingrg/kc/buy/cgsh_order_info.html?code=212024020803372 HTTP/1.1" 200 68420
116.238.120.94 - - [08/Feb/2024:10:06:48 +0800] "GET /xingrg/javascript/easyui/themes/default/validatebox.css HTTP/1.1" 404 1104
116.238.120.94 - - [08/Feb/2024:10:06:49 +0800] "POST /xingrg/kc/buy/cgsh_order_operate.html HTTP/1.1" 200 10066
116.230.123.222 - - [08/Feb/2024:10:06:56 +0800] "GET /xingrg/all/function/internal_message.html?_=1707358014474&CODE_STATE=getMsg HTTP/1.1" 200 27
101.83.240.145 - - [08/Feb/2024:10:06:59 +0800] "GET /xingrg/all/function/internal_message.html?_=1707358016168&CODE_STATE=getMsg HTTP/1.1" 200 27
116.238.120.94 - - [08/Feb/2024:10:07:01 +0800] "GET /xingrg/kc/print/load_data.html?order_code=212024020803372&kc_code=cgsh&condition= HTTP/1.1" 200 4291
222.70.172.34 - - [08/Feb/2024:10:07:03 +0800] "GET /xingrg/all/function/internal_message.html?_=1707358037295&CODE_STATE=getMsg HTTP/1.1" 200 27
116.238.120.94 - - [08/Feb/2024:10:07:09 +0800] "GET /xingrg/kc/buy/cgsh_order_add.html HTTP/1.1" 200 73511
116.238.120.94 - - [08/Feb/2024:10:07:09 +0800] "GET /xingrg/javascript/easyui/themes/default/validatebox.css HTTP/1.1" 404 1104
116.238.120.94 - - [08/Feb/2024:10:07:09 +0800] "POST /xingrg/kc/buy/cgsh_order_operate.html HTTP/1.1" 200 8245
101.229.175.60 - - [08/Feb/2024:10:07:18 +0800] "GET /xingrg/all/function/internal_message.html?_=1707358044699&CODE_STATE=getMsg HTTP/1.1" 302 -
124.78.68.102 - - [08/Feb/2024:10:07:19 +0800] "GET /xingrg/all/function/internal_message.html?_=1707358039793&CODE_STATE=getMsg HTTP/1.1" 200 27
120.253.135.82 - - [08/Feb/2024:10:07:23 +0800] "GET /xingrg/all/function/internal_message.html?_=1707357872488&CODE_STATE=getMsg HTTP/1.1" 200 27
101.228.146.191 - - [08/Feb/2024:10:07:25 +0800] "GET /xingrg/all/function/internal_message.html?_=1707358044174&CODE_STATE=getMsg HTTP/1.1" 200 27
116.238.97.31 - - [08/Feb/2024:10:07:25 +0800] "GET /xingrg/all/function/internal_message.html?_=1707358046092&CODE_STATE=getMsg HTTP/1.1" 200 27
124.78.156.119 - - [08/Feb/2024:10:07:26 +0800] "GET /xingrg/all/function/internal_message.html?_=1707358044982&CODE_STATE=getMsg HTTP/1.1" 200 27
124.78.156.119 - - [08/Feb/2024:10:07:26 +0800] "GET /xingrg/check_reg.html?_=1707358044986 HTTP/1.1" 200 22
218.81.65.124 - - [08/Feb/2024:10:07:28 +0800] "GET /xingrg/all/function/internal_message.html?_=1707358054914&CODE_STATE=getMsg HTTP/1.1" 200 27
120.253.135.82 - - [08/Feb/2024:10:07:28 +0800] "GET /xingrg/all/function/internal_message.html?_=1707357878025&CODE_STATE=getMsg HTTP/1.1" 200 27
180.164.1.25 - - [08/Feb/2024:10:07:32 +0800] "GET /xingrg/all/function/internal_message.html?_=1707358051681&CODE_STATE=getMsg HTTP/1.1" 200 27
180.164.1.25 - - [08/Feb/2024:10:07:32 +0800] "GET /xingrg/check_reg.html?_=1707358051683 HTTP/1.1" 200 22
116.232.194.112 - - [08/Feb/2024:10:07:35 +0800] "GET /xingrg/all/function/internal_message.html?_=1707357972640&CODE_STATE=getMsg HTTP/1.1" 200 27
116.238.120.94 - - [08/Feb/2024:10:07:44 +0800] "GET /xingrg/check_reg.html?_=1707358064387 HTTP/1.1" 200 22
116.238.120.94 - - [08/Feb/2024:10:07:44 +0800] "GET /xingrg/all/function/internal_message.html?_=1707358064384&CODE_STATE=getMsg HTTP/1.1" 200 27
222.69.128.19 - - [08/Feb/2024:10:07:46 +0800] "GET /xingrg/all/function/internal_message.html?_=1707358067657&CODE_STATE=getMsg HTTP/1.1" 200 27
116.238.120.94 - - [08/Feb/2024:10:07:47 +0800] "GET /xingrg/kc/buy/cgsh_order_operate.html?command=get_materiel&rest_code=00150&code=00101008126&supplier_code=00100008&order_time=2024-02-08 HTTP/1.1" 200 412
116.238.120.94 - - [08/Feb/2024:10:07:56 +0800] "GET /xingrg/kc/buy/cgsh_order_operate.html?command=get_materiel&rest_code=00150&code=00101008087&supplier_code=00100008&order_time=2024-02-08 HTTP/1.1" 200 412
116.230.123.222 - - [08/Feb/2024:10:07:56 +0800] "GET /xingrg/all/function/internal_message.html?_=1707358074473&CODE_STATE=getMsg HTTP/1.1" 200 27
101.83.240.145 - - [08/Feb/2024:10:07:59 +0800] "GET /xingrg/all/function/internal_message.html?_=1707358076153&CODE_STATE=getMsg HTTP/1.1" 200 27
222.70.172.34 - - [08/Feb/2024:10:08:03 +0800] "GET /xingrg/all/function/internal_message.html?_=1707358097465&CODE_STATE=getMsg HTTP/1.1" 200 27
116.238.120.94 - - [08/Feb/2024:10:08:18 +0800] "GET /xingrg/kc/buy/cgsh_order_operate.html?command=get_materiel&rest_code=00150&code=00101008562&supplier_code=00100008&order_time=2024-02-08 HTTP/1.1" 200 409
101.229.175.60 - - [08/Feb/2024:10:08:18 +0800] "GET /xingrg/check_reg.html?_=1707358104700 HTTP/1.1" 302 -
101.229.175.60 - - [08/Feb/2024:10:08:18 +0800] "GET /xingrg/all/function/internal_message.html?_=1707358104704&CODE_STATE=getMsg HTTP/1.1" 302 -
124.78.68.102 - - [08/Feb/2024:10:08:19 +0800] "GET /xingrg/all/function/internal_message.html?_=1707358099772&CODE_STATE=getMsg HTTP/1.1" 200 27
120.253.135.82 - - [08/Feb/2024:10:08:23 +0800] "GET /xingrg/all/function/internal_message.html?_=1707357932530&CODE_STATE=getMsg HTTP/1.1" 200 27
101.228.146.191 - - [08/Feb/2024:10:08:25 +0800] "GET /xingrg/check_reg.html?_=1707358104173 HTTP/1.1" 200 22
101.228.146.191 - - [08/Feb/2024:10:08:25 +0800] "GET /xingrg/all/function/internal_message.html?_=1707358104175&CODE_STATE=getMsg HTTP/1.1" 200 27
116.238.97.31 - - [08/Feb/2024:10:08:25 +0800] "GET /xingrg/all/function/internal_message.html?_=1707358106078&CODE_STATE=getMsg HTTP/1.1" 200 27
