120.253.135.82 - - [08/Feb/2024:09:15:35 +0800] "GET /xingrg/css/blue.css HTTP/1.1" 304 -
120.253.135.82 - - [08/Feb/2024:09:15:35 +0800] "GET /xingrg/javascript/pic_change.js HTTP/1.1" 304 -
120.253.135.82 - - [08/Feb/2024:09:15:35 +0800] "GET /xingrg/javascript/jquery_ui/themes/humanity/humanity.css HTTP/1.1" 304 -
120.253.135.82 - - [08/Feb/2024:09:15:35 +0800] "GET /xingrg/javascript/json2.js HTTP/1.1" 304 -
120.253.135.82 - - [08/Feb/2024:09:15:35 +0800] "GET /xingrg/javascript/myfunction.js HTTP/1.1" 304 -
116.232.194.112 - - [08/Feb/2024:09:15:35 +0800] "GET /xingrg/all/function/internal_message.html?_=1707354852628&CODE_STATE=getMsg HTTP/1.1" 200 27
120.253.135.82 - - [08/Feb/2024:09:15:36 +0800] "GET /xingrg/kc/base/kc_stocks.html HTTP/1.1" 200 16554
120.253.135.82 - - [08/Feb/2024:09:15:36 +0800] "GET /xingrg/css/site.css HTTP/1.1" 304 -
120.253.135.82 - - [08/Feb/2024:09:15:36 +0800] "GET /xingrg/javascript/easyui/themes/sunny/easyui.css HTTP/1.1" 304 -
120.253.135.82 - - [08/Feb/2024:09:15:36 +0800] "GET /xingrg/css/base.css HTTP/1.1" 304 -
120.253.135.82 - - [08/Feb/2024:09:15:36 +0800] "GET /xingrg/javascript/easyui/themes/icon.css HTTP/1.1" 304 -
120.253.135.82 - - [08/Feb/2024:09:15:36 +0800] "GET /xingrg/javascript/jquery_tools/datebox.css HTTP/1.1" 304 -
120.253.135.82 - - [08/Feb/2024:09:15:36 +0800] "GET /xingrg/javascript/jquery_tools/fix.css HTTP/1.1" 304 -
120.253.135.82 - - [08/Feb/2024:09:15:36 +0800] "GET /xingrg/javascript/auto/jquery.autocomplete.css HTTP/1.1" 304 -
120.253.135.82 - - [08/Feb/2024:09:15:36 +0800] "GET /xingrg/javascript/jquery_tools/jquery.tools.min.js HTTP/1.1" 304 -
120.253.135.82 - - [08/Feb/2024:09:15:36 +0800] "GET /xingrg/javascript/jquery_tools/jquery.tools.hotkey.js HTTP/1.1" 304 -
120.253.135.82 - - [08/Feb/2024:09:15:36 +0800] "GET /xingrg/javascript/easyui/easyloader.js HTTP/1.1" 304 -
120.253.135.82 - - [08/Feb/2024:09:15:36 +0800] "GET /xingrg/javascript/jquery_tools/list_manager.js HTTP/1.1" 304 -
120.253.135.82 - - [08/Feb/2024:09:15:36 +0800] "GET /xingrg/javascript/auto/jquery.autocomplete.js HTTP/1.1" 304 -
120.253.135.82 - - [08/Feb/2024:09:15:36 +0800] "GET /xingrg/javascript/jquery.cookie.js HTTP/1.1" 304 -
120.253.135.82 - - [08/Feb/2024:09:15:36 +0800] "GET /xingrg/javascript/convert.js HTTP/1.1" 304 -
120.253.135.82 - - [08/Feb/2024:09:15:36 +0800] "GET /xingrg/javascript/print/LodopFuncs.js HTTP/1.1" 304 -
120.253.135.82 - - [08/Feb/2024:09:15:36 +0800] "GET /xingrg/javascript/jquery_tools/jquery.tools.extend.js HTTP/1.1" 304 -
120.253.135.82 - - [08/Feb/2024:09:15:37 +0800] "GET /xingrg/javascript/easyui/plugins/jquery.parser.js HTTP/1.1" 304 -
120.253.135.82 - - [08/Feb/2024:09:15:37 +0800] "GET /xingrg/javascript/easyui/plugins/jquery.draggable.js HTTP/1.1" 304 -
120.253.135.82 - - [08/Feb/2024:09:15:37 +0800] "GET /xingrg/javascript/easyui/plugins/jquery.droppable.js HTTP/1.1" 304 -
120.253.135.82 - - [08/Feb/2024:09:15:37 +0800] "GET /xingrg/javascript/easyui/themes/default/tree.css HTTP/1.1" 404 1090
120.253.135.82 - - [08/Feb/2024:09:15:37 +0800] "GET /xingrg/javascript/easyui/plugins/jquery.tree.js HTTP/1.1" 304 -
120.253.135.82 - - [08/Feb/2024:09:15:37 +0800] "GET /xingrg/all/common/auto_word.html?type=base&rest_code=00101 HTTP/1.1" 200 671
120.253.135.82 - - [08/Feb/2024:09:15:37 +0800] "POST /xingrg/all/common/load_tree.html?tree=materiel_sort_tree_json HTTP/1.1" 200 9734
120.253.135.82 - - [08/Feb/2024:09:15:38 +0800] "POST /xingrg/all/common/load_combo.html?type=base HTTP/1.1" 200 1169
101.83.240.145 - - [08/Feb/2024:09:15:39 +0800] "GET /xingrg/check_reg.html?_=1707354936332 HTTP/1.1" 200 22
116.238.120.94 - - [08/Feb/2024:09:15:44 +0800] "GET /xingrg/all/function/internal_message.html?_=1707354944357&CODE_STATE=getMsg HTTP/1.1" 200 27
222.70.172.34 - - [08/Feb/2024:09:15:44 +0800] "GET /xingrg/check_reg.html?_=1707354958102 HTTP/1.1" 200 22
120.253.135.82 - - [08/Feb/2024:09:15:53 +0800] "POST /xingrg/kc/base/stock_operate.html HTTP/1.1" 200 1477
120.253.135.82 - - [08/Feb/2024:09:15:53 +0800] "GET /xingrg/javascript/jquery_tools/fix_table.js HTTP/1.1" 304 -
120.253.135.82 - - [08/Feb/2024:09:15:56 +0800] "GET /xingrg/kc/base/stock_detail.html?m=00101019375 HTTP/1.1" 200 6439
120.253.135.82 - - [08/Feb/2024:09:15:56 +0800] "GET /xingrg/javascript/jquery_easy_ui/themes/default/images/menu.gif HTTP/1.1" 304 -
120.253.135.82 - - [08/Feb/2024:09:15:59 +0800] "GET /xingrg/kc/base/stock_operate.html?_=1707354788140&command=get_report_file&start_day=20240201 HTTP/1.1" 200 53
120.253.135.82 - - [08/Feb/2024:09:15:59 +0800] "GET /xingrg/all/report/report_query.html?isQuery=1&onlyBody=1&rh=2000&fileName=kc/base/kc_stock_detail_new.xml&queryString=(1=1)&queryText=&tableQueryString=init_table$sp1$$sp$crk_table$sp1$order_day%20between%2020240201%20and%2020240229&varString=start_day:20240201,materiel_code:00101019375,cost_id:4843,end_date:20231231 HTTP/1.1" 200 48701
120.253.135.82 - - [08/Feb/2024:09:15:59 +0800] "GET /xingrg/javascript/multi_select/jqueryMultiSelect.css HTTP/1.1" 304 -
120.253.135.82 - - [08/Feb/2024:09:15:59 +0800] "GET /xingrg/javascript/calendar/timePicker.css HTTP/1.1" 304 -
120.253.135.82 - - [08/Feb/2024:09:15:59 +0800] "GET /xingrg/javascript/bigrid/fix.css HTTP/1.1" 304 -
120.253.135.82 - - [08/Feb/2024:09:15:59 +0800] "GET /xingrg/dwr/util.js HTTP/1.1" 304 -
120.253.135.82 - - [08/Feb/2024:09:15:59 +0800] "GET /xingrg/dwr/interface/AjaxReportQueryService.js HTTP/1.1" 200 13203
120.253.135.82 - - [08/Feb/2024:09:15:59 +0800] "GET /xingrg/javascript/Calendar.js HTTP/1.1" 304 -
120.253.135.82 - - [08/Feb/2024:09:15:59 +0800] "GET /xingrg/dwr/engine.js HTTP/1.1" 200 43631
120.253.135.82 - - [08/Feb/2024:09:15:59 +0800] "GET /xingrg/javascript/jqueryMultiSelect.js HTTP/1.1" 304 -
120.253.135.82 - - [08/Feb/2024:09:15:59 +0800] "GET /xingrg/javascript/calendar/jquery.timePicker.min.js HTTP/1.1" 304 -
120.253.135.82 - - [08/Feb/2024:09:15:59 +0800] "GET /xingrg/javascript/bigrid/fix.js HTTP/1.1" 304 -
222.70.172.34 - - [08/Feb/2024:09:15:59 +0800] "GET /xingrg/all/function/internal_message.html?_=1707354973014&CODE_STATE=getMsg HTTP/1.1" 200 27
120.253.135.82 - - [08/Feb/2024:09:15:59 +0800] "GET /xingrg/images/blue/button/backover.gif HTTP/1.1" 304 -
120.253.135.82 - - [08/Feb/2024:09:15:59 +0800] "GET /xingrg/images/blue/button/advanceover.gif HTTP/1.1" 304 -
120.253.135.82 - - [08/Feb/2024:09:15:59 +0800] "GET /xingrg/images/blue/button/back2over.gif HTTP/1.1" 304 -
120.253.135.82 - - [08/Feb/2024:09:15:59 +0800] "GET /xingrg/javascript/jquery_easy_ui/themes/icons/help.png HTTP/1.1" 304 -
120.253.135.82 - - [08/Feb/2024:09:15:59 +0800] "GET /xingrg/images/control/loading.gif HTTP/1.1" 304 -
120.253.135.82 - - [08/Feb/2024:09:15:59 +0800] "GET /xingrg/images/blue/button/advance2over.gif HTTP/1.1" 304 -
101.83.240.145 - - [08/Feb/2024:09:16:00 +0800] "GET /xingrg/all/function/internal_message.html?_=1707354957225&CODE_STATE=getMsg HTTP/1.1" 200 27
120.253.135.82 - - [08/Feb/2024:09:16:00 +0800] "POST /xingrg/all/report/load_report_page.html HTTP/1.1" 200 39805
120.253.135.82 - - [08/Feb/2024:09:16:01 +0800] "GET /xingrg/servlets/image?cache=0.6183564904335297&image=px HTTP/1.1" 200 807
120.253.135.82 - - [08/Feb/2024:09:16:17 +0800] "GET /xingrg/kc/base/stock_operate.html?_=1707354806352&command=get_report_file&start_day=20240129 HTTP/1.1" 200 53
120.253.135.82 - - [08/Feb/2024:09:16:17 +0800] "GET /xingrg/all/report/report_query.html?isQuery=1&onlyBody=1&rh=2000&fileName=kc/base/kc_stock_detail_new.xml&queryString=(1=1)&queryText=&tableQueryString=init_table$sp1$$sp$crk_table$sp1$order_day%20between%2020240129%20and%2020240229&varString=start_day:20240129,materiel_code:00101019375,cost_id:4843,end_date:20231231 HTTP/1.1" 200 48701
120.253.135.82 - - [08/Feb/2024:09:16:17 +0800] "GET /xingrg/dwr/interface/AjaxReportQueryService.js HTTP/1.1" 200 13203
120.253.135.82 - - [08/Feb/2024:09:16:17 +0800] "GET /xingrg/dwr/engine.js HTTP/1.1" 200 43631
101.229.175.60 - - [08/Feb/2024:09:16:18 +0800] "GET /xingrg/all/function/internal_message.html?_=1707354984683&CODE_STATE=getMsg HTTP/1.1" 302 -
120.253.135.82 - - [08/Feb/2024:09:16:18 +0800] "POST /xingrg/all/report/load_report_page.html HTTP/1.1" 200 44700
120.253.135.82 - - [08/Feb/2024:09:16:19 +0800] "GET /xingrg/servlets/image?cache=0.6894627819023458&image=px HTTP/1.1" 200 807
180.164.1.25 - - [08/Feb/2024:09:16:21 +0800] "GET /xingrg/all/function/internal_message.html?_=1707354979954&CODE_STATE=getMsg HTTP/1.1" 200 27
120.253.135.82 - - [08/Feb/2024:09:16:22 +0800] "GET /xingrg/all/function/internal_message.html?_=1707354811576&CODE_STATE=getMsg HTTP/1.1" 200 27
116.238.97.31 - - [08/Feb/2024:09:16:22 +0800] "GET /xingrg/kc/buy/cgsh_order_operate.html?command=get_materiel&rest_code=00102&code=00101008005&supplier_code=00100008&order_time=2024-02-08 HTTP/1.1" 200 412
116.238.97.31 - - [08/Feb/2024:09:16:26 +0800] "GET /xingrg/all/function/internal_message.html?_=1707354986947&CODE_STATE=getMsg HTTP/1.1" 200 27
124.78.156.119 - - [08/Feb/2024:09:16:26 +0800] "GET /xingrg/all/function/internal_message.html?_=1707354985820&CODE_STATE=getMsg HTTP/1.1" 200 27
120.253.135.82 - - [08/Feb/2024:09:16:28 +0800] "GET /xingrg/all/function/internal_message.html?_=1707354817317&CODE_STATE=getMsg HTTP/1.1" 200 27
116.230.123.222 - - [08/Feb/2024:09:16:33 +0800] "GET /favicon.ico HTTP/1.1" 404 -
116.232.194.112 - - [08/Feb/2024:09:16:35 +0800] "GET /xingrg/check_reg.html?_=1707354912643 HTTP/1.1" 200 22
116.232.194.112 - - [08/Feb/2024:09:16:35 +0800] "GET /xingrg/all/function/internal_message.html?_=1707354912640&CODE_STATE=getMsg HTTP/1.1" 200 27
116.238.120.94 - - [08/Feb/2024:09:16:44 +0800] "GET /xingrg/all/function/internal_message.html?_=1707355004349&CODE_STATE=getMsg HTTP/1.1" 200 27
222.70.172.34 - - [08/Feb/2024:09:16:59 +0800] "GET /xingrg/all/function/internal_message.html?_=1707355033028&CODE_STATE=getMsg HTTP/1.1" 200 27
101.83.240.145 - - [08/Feb/2024:09:17:00 +0800] "GET /xingrg/all/function/internal_message.html?_=1707355017209&CODE_STATE=getMsg HTTP/1.1" 200 27
116.238.97.31 - - [08/Feb/2024:09:17:08 +0800] "GET /xingrg/kc/buy/cgsh_order_operate.html?command=get_materiel&rest_code=00102&code=00101008261&supplier_code=00100008&order_time=2024-02-08 HTTP/1.1" 200 410
116.238.97.31 - - [08/Feb/2024:09:17:15 +0800] "POST /xingrg/kc/buy/cgsh_order_operate.html HTTP/1.1" 200 2065
101.229.175.60 - - [08/Feb/2024:09:17:18 +0800] "GET /xingrg/all/function/internal_message.html?_=1707355044685&CODE_STATE=getMsg HTTP/1.1" 302 -
116.238.97.31 - - [08/Feb/2024:09:17:21 +0800] "GET /xingrg/kc/buy/cgsh_order_operate.html?command=get_materiel&rest_code=00102&code=00101008072&supplier_code=00100008&order_time=2024-02-08 HTTP/1.1" 200 408
120.253.135.82 - - [08/Feb/2024:09:17:22 +0800] "GET /xingrg/all/function/internal_message.html?_=1707354871590&CODE_STATE=getMsg HTTP/1.1" 200 27
124.78.156.119 - - [08/Feb/2024:09:17:26 +0800] "GET /xingrg/check_reg.html?_=1707355044931 HTTP/1.1" 200 22
116.238.97.31 - - [08/Feb/2024:09:17:26 +0800] "GET /xingrg/all/function/internal_message.html?_=1707355046925&CODE_STATE=getMsg HTTP/1.1" 200 27
124.78.156.119 - - [08/Feb/2024:09:17:26 +0800] "GET /xingrg/all/function/internal_message.html?_=1707355045793&CODE_STATE=getMsg HTTP/1.1" 200 27
180.164.1.25 - - [08/Feb/2024:09:17:27 +0800] "GET /xingrg/login.html HTTP/1.1" 200 7641
180.164.1.25 - - [08/Feb/2024:09:17:27 +0800] "GET /favicon.ico HTTP/1.1" 404 -
120.253.135.82 - - [08/Feb/2024:09:17:28 +0800] "GET /xingrg/all/function/internal_message.html?_=1707354877331&CODE_STATE=getMsg HTTP/1.1" 200 27
116.238.97.31 - - [08/Feb/2024:09:17:31 +0800] "GET /xingrg/kc/buy/cgsh_order_operate.html?command=get_materiel&rest_code=00102&code=00101008155&supplier_code=00100008&order_time=2024-02-08 HTTP/1.1" 200 408
180.164.1.25 - - [08/Feb/2024:09:17:32 +0800] "POST /xingrg/login.do HTTP/1.1" 302 -
180.164.1.25 - - [08/Feb/2024:09:17:32 +0800] "GET /xingrg/index.html?sysBaseUrl=http%3A%2F%2F180.169.147.146%3A18081%2Fxingrg%2F&costTime=799×tamp=1707355052402 HTTP/1.1" 200 17183
180.164.1.25 - - [08/Feb/2024:09:17:32 +0800] "GET /favicon.ico HTTP/1.1" 404 -
180.164.1.25 - - [08/Feb/2024:09:17:32 +0800] "POST /xingrg/all/common/load_tree.html?tree=area_rest_tree_json&manage=1 HTTP/1.1" 200 357
180.164.1.25 - - [08/Feb/2024:09:17:32 +0800] "GET /xingrg/check_reg.html?_=1707355051652 HTTP/1.1" 200 22
180.164.1.25 - - [08/Feb/2024:09:17:32 +0800] "GET /xingrg/all/function/internal_message.html?_=1707355051651&CODE_STATE=count HTTP/1.1" 200 11
180.164.1.25 - - [08/Feb/2024:09:17:32 +0800] "POST /xingrg/load_menu.html HTTP/1.1" 200 5138
116.232.194.112 - - [08/Feb/2024:09:17:35 +0800] "GET /xingrg/all/function/internal_message.html?_=1707354972633&CODE_STATE=getMsg HTTP/1.1" 200 27
180.164.1.25 - - [08/Feb/2024:09:17:36 +0800] "GET /xingrg/kc/buy/cgsh_order_list.html HTTP/1.1" 200 57702
180.164.1.25 - - [08/Feb/2024:09:17:39 +0800] "POST /xingrg/kc/buy/cgsh_list_operate.html HTTP/1.1" 200 986
116.238.97.31 - - [08/Feb/2024:09:17:41 +0800] "GET /xingrg/kc/buy/cgsh_order_operate.html?command=get_materiel&rest_code=00102&code=00101008403&supplier_code=00100008&order_time=2024-02-08 HTTP/1.1" 200 412
180.164.1.25 - - [08/Feb/2024:09:17:42 +0800] "GET /xingrg/kc/buy/cgsh_order_add.html HTTP/1.1" 200 73559
180.164.1.25 - - [08/Feb/2024:09:17:42 +0800] "GET /xingrg/words/20240206161339_words.js HTTP/1.1" 304 -
180.164.1.25 - - [08/Feb/2024:09:17:42 +0800] "POST /xingrg/kc/buy/cgsh_order_operate.html HTTP/1.1" 200 8245
180.164.1.25 - - [08/Feb/2024:09:17:42 +0800] "GET /xingrg/javascript/easyui/themes/default/validatebox.css HTTP/1.1" 404 1104
180.164.1.25 - - [08/Feb/2024:09:17:42 +0800] "GET /xingrg/all/common/auto_word.html?type=employee&rest_code=00108 HTTP/1.1" 200 101
180.164.1.25 - - [08/Feb/2024:09:17:42 +0800] "GET /xingrg/all/common/auto_word.html?type=employee&rest_code=00108 HTTP/1.1" 200 101
116.238.120.94 - - [08/Feb/2024:09:17:44 +0800] "GET /xingrg/all/function/internal_message.html?_=1707355064364&CODE_STATE=getMsg HTTP/1.1" 200 27
116.238.120.94 - - [08/Feb/2024:09:17:44 +0800] "GET /xingrg/check_reg.html?_=1707355064366 HTTP/1.1" 200 22
180.164.1.25 - - [08/Feb/2024:09:17:45 +0800] "GET /xingrg/javascript/auto/indicator.gif HTTP/1.1" 404 1066
180.164.1.25 - - [08/Feb/2024:09:17:46 +0800] "GET /xingrg/javascript/jquery_tools/images/prev.gif HTTP/1.1" 404 1086
180.164.1.25 - - [08/Feb/2024:09:17:46 +0800] "GET /xingrg/javascript/jquery_tools/images/next.gif HTTP/1.1" 404 1086
116.238.97.31 - - [08/Feb/2024:09:17:48 +0800] "GET /xingrg/kc/buy/cgsh_order_operate.html?command=get_materiel&rest_code=00102&code=00101008358&supplier_code=00100008&order_time=2024-02-08 HTTP/1.1" 200 412
116.238.97.31 - - [08/Feb/2024:09:17:50 +0800] "POST /xingrg/kc/buy/cgsh_order_operate.html HTTP/1.1" 200 2065
180.164.1.25 - - [08/Feb/2024:09:17:56 +0800] "GET /xingrg/kc/buy/cgsh_order_operate.html?command=get_materiel&rest_code=00108&code=00101007090&supplier_code=00100002&order_time=2024-02-08 HTTP/1.1" 200 413
116.238.97.31 - - [08/Feb/2024:09:17:57 +0800] "GET /xingrg/kc/buy/cgsh_order_operate.html?command=get_materiel&rest_code=00102&code=00101008370&supplier_code=00100008&order_time=2024-02-08 HTTP/1.1" 200 412
222.70.172.34 - - [08/Feb/2024:09:17:59 +0800] "GET /xingrg/all/function/internal_message.html?_=1707355093217&CODE_STATE=getMsg HTTP/1.1" 200 27
101.83.240.145 - - [08/Feb/2024:09:18:00 +0800] "GET /xingrg/all/function/internal_message.html?_=1707355077194&CODE_STATE=getMsg HTTP/1.1" 200 27
116.238.97.31 - - [08/Feb/2024:09:18:07 +0800] "GET /xingrg/kc/buy/cgsh_order_operate.html?command=get_materiel&rest_code=00102&code=00101008270&supplier_code=00100008&order_time=2024-02-08 HTTP/1.1" 200 412
180.164.1.25 - - [08/Feb/2024:09:18:12 +0800] "GET /xingrg/kc/buy/cgsh_order_operate.html?command=get_materiel&rest_code=00108&code=00101007072&supplier_code=00100002&order_time=2024-02-08 HTTP/1.1" 200 419
101.229.175.60 - - [08/Feb/2024:09:18:18 +0800] "GET /xingrg/check_reg.html?_=1707355104686 HTTP/1.1" 302 -
101.229.175.60 - - [08/Feb/2024:09:18:18 +0800] "GET /xingrg/all/function/internal_message.html?_=1707355104690&CODE_STATE=getMsg HTTP/1.1" 302 -
116.238.97.31 - - [08/Feb/2024:09:18:20 +0800] "GET /xingrg/kc/buy/cgsh_order_operate.html?command=get_materiel&rest_code=00102&code=00101008368&supplier_code=00100008&order_time=2024-02-08 HTTP/1.1" 200 408
120.253.135.82 - - [08/Feb/2024:09:18:22 +0800] "GET /xingrg/all/function/internal_message.html?_=1707354931617&CODE_STATE=getMsg HTTP/1.1" 200 27
180.164.1.25 - - [08/Feb/2024:09:18:24 +0800] "POST /xingrg/kc/buy/cgsh_order_operate.html HTTP/1.1" 200 37
116.238.97.31 - - [08/Feb/2024:09:18:26 +0800] "GET /xingrg/all/function/internal_message.html?_=1707355106937&CODE_STATE=getMsg HTTP/1.1" 200 27
180.164.1.25 - - [08/Feb/2024:09:18:26 +0800] "POST /xingrg/kc/buy/cgsh_order_operate.html HTTP/1.1" 200 3260
124.78.156.119 - - [08/Feb/2024:09:18:26 +0800] "GET /xingrg/all/function/internal_message.html?_=1707355105775&CODE_STATE=getMsg HTTP/1.1" 200 27
120.253.135.82 - - [08/Feb/2024:09:18:28 +0800] "GET /xingrg/all/function/internal_message.html?_=1707354937353&CODE_STATE=getMsg HTTP/1.1" 200 27
180.164.1.25 - - [08/Feb/2024:09:18:29 +0800] "GET /xingrg/kc/print/load_config.html?kc_code=cgsh HTTP/1.1" 200 1927
180.164.1.25 - - [08/Feb/2024:09:18:30 +0800] "GET /xingrg/kc/print/load_data.html?order_code=212024020803359&kc_code=cgsh&condition= HTTP/1.1" 200 998
116.238.97.31 - - [08/Feb/2024:09:18:30 +0800] "GET /xingrg/kc/buy/cgsh_order_operate.html?command=get_materiel&rest_code=00102&code=00101008291&supplier_code=00100008&order_time=2024-02-08 HTTP/1.1" 200 408
180.164.1.25 - - [08/Feb/2024:09:18:32 +0800] "GET /xingrg/all/function/internal_message.html?_=1707355111683&CODE_STATE=getMsg HTTP/1.1" 200 27
116.232.194.112 - - [08/Feb/2024:09:18:35 +0800] "GET /xingrg/all/function/internal_message.html?_=1707355032624&CODE_STATE=getMsg HTTP/1.1" 200 27
116.238.120.94 - - [08/Feb/2024:09:18:44 +0800] "GET /xingrg/all/function/internal_message.html?_=1707355124361&CODE_STATE=getMsg HTTP/1.1" 200 27
116.230.123.222 - - [08/Feb/2024:09:18:52 +0800] "GET /xingrg/login.html HTTP/1.1" 200 7641
116.230.123.222 - - [08/Feb/2024:09:18:53 +0800] "GET /favicon.ico HTTP/1.1" 404 -
116.230.123.222 - - [08/Feb/2024:09:18:55 +0800] "POST /xingrg/login.do HTTP/1.1" 302 -
116.230.123.222 - - [08/Feb/2024:09:18:55 +0800] "GET /xingrg/index.html?sysBaseUrl=http%3A%2F%2F180.169.147.146%3A18081%2Fxingrg%2F&costTime=807×tamp=1707355135888 HTTP/1.1" 200 17173
116.230.123.222 - - [08/Feb/2024:09:18:56 +0800] "GET /favicon.ico HTTP/1.1" 404 -
116.230.123.222 - - [08/Feb/2024:09:18:56 +0800] "POST /xingrg/all/common/load_tree.html?tree=area_rest_tree_json&manage=1 HTTP/1.1" 200 342
116.230.123.222 - - [08/Feb/2024:09:18:56 +0800] "GET /xingrg/check_reg.html?_=1707355134397 HTTP/1.1" 200 22
116.230.123.222 - - [08/Feb/2024:09:18:56 +0800] "GET /xingrg/all/function/internal_message.html?_=1707355134394&CODE_STATE=count HTTP/1.1" 200 11
116.230.123.222 - - [08/Feb/2024:09:18:56 +0800] "POST /xingrg/load_menu.html HTTP/1.1" 200 5138
180.164.1.25 - - [08/Feb/2024:09:18:58 +0800] "GET /xingrg/kc/buy/cgsh_order_add.html HTTP/1.1" 200 73559
180.164.1.25 - - [08/Feb/2024:09:18:59 +0800] "POST /xingrg/kc/buy/cgsh_order_operate.html HTTP/1.1" 200 8245
180.164.1.25 - - [08/Feb/2024:09:18:59 +0800] "GET /xingrg/javascript/easyui/themes/default/validatebox.css HTTP/1.1" 404 1104
222.70.172.34 - - [08/Feb/2024:09:18:59 +0800] "GET /xingrg/all/function/internal_message.html?_=1707355153226&CODE_STATE=getMsg HTTP/1.1" 200 27
101.83.240.145 - - [08/Feb/2024:09:19:00 +0800] "GET /xingrg/all/function/internal_message.html?_=1707355137165&CODE_STATE=getMsg HTTP/1.1" 200 27
116.238.97.31 - - [08/Feb/2024:09:19:10 +0800] "GET /xingrg/check_reg.html?_=1707355151460 HTTP/1.1" 200 22
116.238.97.31 - - [08/Feb/2024:09:19:11 +0800] "GET /xingrg/kc/buy/cgsh_order_operate.html?command=get_materiel&rest_code=00102&code=00101020115&supplier_code=00100008&order_time=2024-02-08 HTTP/1.1" 200 410
101.229.175.60 - - [08/Feb/2024:09:19:18 +0800] "GET /xingrg/all/function/internal_message.html?_=1707355164677&CODE_STATE=getMsg HTTP/1.1" 302 -
120.253.135.82 - - [08/Feb/2024:09:19:22 +0800] "GET /xingrg/all/function/internal_message.html?_=1707354991633&CODE_STATE=getMsg HTTP/1.1" 200 27
116.238.97.31 - - [08/Feb/2024:09:19:26 +0800] "GET /xingrg/all/function/internal_message.html?_=1707355166906&CODE_STATE=getMsg HTTP/1.1" 200 27
124.78.156.119 - - [08/Feb/2024:09:19:26 +0800] "GET /xingrg/all/function/internal_message.html?_=1707355165749&CODE_STATE=getMsg HTTP/1.1" 200 27
120.253.135.82 - - [08/Feb/2024:09:19:28 +0800] "GET /xingrg/all/function/internal_message.html?_=1707354997358&CODE_STATE=getMsg HTTP/1.1" 200 27
116.238.97.31 - - [08/Feb/2024:09:19:28 +0800] "POST /xingrg/kc/buy/cgsh_order_operate.html HTTP/1.1" 200 2065
180.164.1.25 - - [08/Feb/2024:09:19:32 +0800] "GET /xingrg/all/function/internal_message.html?_=1707355171668&CODE_STATE=getMsg HTTP/1.1" 200 27
116.232.194.112 - - [08/Feb/2024:09:19:35 +0800] "GET /xingrg/all/function/internal_message.html?_=1707355092639&CODE_STATE=getMsg HTTP/1.1" 200 27
116.230.123.222 - - [08/Feb/2024:09:19:41 +0800] "GET /xingrg/kc/buy/cgsh_order_list.html HTTP/1.1" 200 57692
116.238.120.94 - - [08/Feb/2024:09:19:44 +0800] "GET /xingrg/all/function/internal_message.html?_=1707355184352&CODE_STATE=getMsg HTTP/1.1" 200 27
116.230.123.222 - - [08/Feb/2024:09:19:44 +0800] "POST /xingrg/kc/buy/cgsh_list_operate.html HTTP/1.1" 200 986
116.230.123.222 - - [08/Feb/2024:09:19:46 +0800] "GET /xingrg/kc/buy/cgsh_order_add.html HTTP/1.1" 200 73423
116.230.123.222 - - [08/Feb/2024:09:19:46 +0800] "GET /xingrg/words/20240206161339_words.js HTTP/1.1" 304 -
116.230.123.222 - - [08/Feb/2024:09:19:46 +0800] "GET /xingrg/javascript/easyui/themes/default/validatebox.css HTTP/1.1" 404 1104
116.230.123.222 - - [08/Feb/2024:09:19:46 +0800] "POST /xingrg/kc/buy/cgsh_order_operate.html HTTP/1.1" 200 8245
116.230.123.222 - - [08/Feb/2024:09:19:46 +0800] "GET /xingrg/all/common/auto_word.html?type=employee&rest_code=00111 HTTP/1.1" 200 105
116.230.123.222 - - [08/Feb/2024:09:19:46 +0800] "GET /xingrg/all/common/auto_word.html?type=employee&rest_code=00111 HTTP/1.1" 200 105
116.230.123.222 - - [08/Feb/2024:09:19:56 +0800] "GET /xingrg/all/function/internal_message.html?_=1707355194409&CODE_STATE=getMsg HTTP/1.1" 200 27
222.70.172.34 - - [08/Feb/2024:09:19:59 +0800] "GET /xingrg/all/function/internal_message.html?_=1707355213423&CODE_STATE=getMsg HTTP/1.1" 200 27
101.83.240.145 - - [08/Feb/2024:09:20:00 +0800] "GET /xingrg/all/function/internal_message.html?_=1707355197140&CODE_STATE=getMsg HTTP/1.1" 200 27
116.230.123.222 - - [08/Feb/2024:09:20:00 +0800] "GET /xingrg/javascript/auto/indicator.gif HTTP/1.1" 404 1066
116.230.123.222 - - [08/Feb/2024:09:20:14 +0800] "GET /xingrg/javascript/jquery_tools/images/prev.gif HTTP/1.1" 404 1086
116.230.123.222 - - [08/Feb/2024:09:20:14 +0800] "GET /xingrg/javascript/jquery_tools/images/next.gif HTTP/1.1" 404 1086
101.229.175.60 - - [08/Feb/2024:09:20:18 +0800] "GET /xingrg/all/function/internal_message.html?_=1707355224677&CODE_STATE=getMsg HTTP/1.1" 302 -
120.253.135.82 - - [08/Feb/2024:09:20:21 +0800] "GET /xingrg/check_reg.html?_=1707355050467 HTTP/1.1" 200 22
120.253.135.82 - - [08/Feb/2024:09:20:22 +0800] "GET /xingrg/all/function/internal_message.html?_=1707355051646&CODE_STATE=getMsg HTTP/1.1" 200 27
116.230.123.222 - - [08/Feb/2024:09:20:23 +0800] "GET /xingrg/kc/buy/cgsh_order_operate.html?command=get_materiel&rest_code=00111&code=00101001284&supplier_code=00100199&order_time=2024-02-08 HTTP/1.1" 200 409
116.238.97.31 - - [08/Feb/2024:09:20:23 +0800] "GET /xingrg/kc/buy/cgsh_order_operate.html?command=get_materiel&rest_code=00102&code=00101009160&supplier_code=00100008&order_time=2024-02-08 HTTP/1.1" 200 415
116.238.97.31 - - [08/Feb/2024:09:20:26 +0800] "GET /xingrg/all/function/internal_message.html?_=1707355226913&CODE_STATE=getMsg HTTP/1.1" 200 27
124.78.156.119 - - [08/Feb/2024:09:20:26 +0800] "GET /xingrg/all/function/internal_message.html?_=1707355225720&CODE_STATE=getMsg HTTP/1.1" 200 27
180.163.30.27 - - [08/Feb/2024:09:20:28 +0800] "GET /xingrg/all/function/internal_message.html?_=1707355165749&CODE_STATE=getMsg HTTP/1.1" 302 -
120.253.135.82 - - [08/Feb/2024:09:20:28 +0800] "GET /xingrg/check_reg.html?_=1707355057318 HTTP/1.1" 200 22
120.253.135.82 - - [08/Feb/2024:09:20:28 +0800] "GET /xingrg/all/function/internal_message.html?_=1707355057372&CODE_STATE=getMsg HTTP/1.1" 200 27
180.163.30.27 - - [08/Feb/2024:09:20:28 +0800] "GET /xingrg/login.html HTTP/1.1" 200 7641
180.164.1.25 - - [08/Feb/2024:09:20:32 +0800] "GET /xingrg/all/function/internal_message.html?_=1707355231670&CODE_STATE=getMsg HTTP/1.1" 200 27
116.232.194.112 - - [08/Feb/2024:09:20:35 +0800] "GET /xingrg/all/function/internal_message.html?_=1707355152640&CODE_STATE=getMsg HTTP/1.1" 200 27
101.83.240.145 - - [08/Feb/2024:09:20:39 +0800] "GET /xingrg/check_reg.html?_=1707355236364 HTTP/1.1" 200 22
116.238.97.31 - - [08/Feb/2024:09:20:42 +0800] "GET /xingrg/kc/buy/cgsh_order_operate.html?command=get_materiel&rest_code=00102&code=00101009175&supplier_code=00100008&order_time=2024-02-08 HTTP/1.1" 200 415
116.238.120.94 - - [08/Feb/2024:09:20:44 +0800] "GET /xingrg/all/function/internal_message.html?_=1707355244371&CODE_STATE=getMsg HTTP/1.1" 200 27
222.70.172.34 - - [08/Feb/2024:09:20:44 +0800] "GET /xingrg/check_reg.html?_=1707355258105 HTTP/1.1" 200 22
116.230.123.222 - - [08/Feb/2024:09:20:56 +0800] "GET /xingrg/all/function/internal_message.html?_=1707355254407&CODE_STATE=getMsg HTTP/1.1" 200 27
222.70.172.34 - - [08/Feb/2024:09:20:59 +0800] "GET /xingrg/all/function/internal_message.html?_=1707355273426&CODE_STATE=getMsg HTTP/1.1" 200 27
101.83.240.145 - - [08/Feb/2024:09:21:00 +0800] "GET /xingrg/all/function/internal_message.html?_=1707355257115&CODE_STATE=getMsg HTTP/1.1" 200 27
116.238.97.31 - - [08/Feb/2024:09:21:01 +0800] "POST /xingrg/kc/buy/cgsh_order_operate.html HTTP/1.1" 200 37
116.230.123.222 - - [08/Feb/2024:09:21:03 +0800] "GET /xingrg/kc/buy/cgsh_order_operate.html?command=get_materiel&rest_code=00111&code=00101001069&supplier_code=00100199&order_time=2024-02-08 HTTP/1.1" 200 409
116.238.97.31 - - [08/Feb/2024:09:21:09 +0800] "POST /xingrg/kc/buy/cgsh_order_operate.html HTTP/1.1" 200 12
116.238.97.31 - - [08/Feb/2024:09:21:12 +0800] "GET /xingrg/kc/buy/cgsh_order_info.html?code=212024020803360 HTTP/1.1" 200 68409
116.238.97.31 - - [08/Feb/2024:09:21:12 +0800] "GET /xingrg/javascript/easyui/themes/default/validatebox.css HTTP/1.1" 404 1104
116.238.97.31 - - [08/Feb/2024:09:21:13 +0800] "POST /xingrg/kc/buy/cgsh_order_operate.html HTTP/1.1" 200 18978
101.229.175.60 - - [08/Feb/2024:09:21:18 +0800] "GET /xingrg/all/function/internal_message.html?_=1707355284677&CODE_STATE=getMsg HTTP/1.1" 302 -
116.238.97.31 - - [08/Feb/2024:09:21:19 +0800] "GET /xingrg/javascript/jquery_easy_ui/themes/default/images/tabs_active.png HTTP/1.1" 200 2894
120.253.135.82 - - [08/Feb/2024:09:21:22 +0800] "GET /xingrg/all/function/internal_message.html?_=1707355111660&CODE_STATE=getMsg HTTP/1.1" 200 27
116.238.97.31 - - [08/Feb/2024:09:21:25 +0800] "POST /xingrg/kc/buy/cgsh_list_operate.html HTTP/1.1" 200 1851
116.238.97.31 - - [08/Feb/2024:09:21:26 +0800] "GET /xingrg/all/function/internal_message.html?_=1707355286891&CODE_STATE=getMsg HTTP/1.1" 200 27
124.78.156.119 - - [08/Feb/2024:09:21:26 +0800] "GET /xingrg/all/function/internal_message.html?_=1707355285692&CODE_STATE=getMsg HTTP/1.1" 200 27
120.253.135.82 - - [08/Feb/2024:09:21:28 +0800] "GET /xingrg/all/function/internal_message.html?_=1707355117385&CODE_STATE=getMsg HTTP/1.1" 200 27
222.69.128.19 - - [08/Feb/2024:09:21:29 +0800] "GET /favicon.ico HTTP/1.1" 404 -
116.238.97.31 - - [08/Feb/2024:09:21:32 +0800] "POST /xingrg/kc/buy/cgsh_list_operate.html HTTP/1.1" 200 573
222.69.128.19 - - [08/Feb/2024:09:21:32 +0800] "GET /xingrg/login.html HTTP/1.1" 200 7641
180.164.1.25 - - [08/Feb/2024:09:21:32 +0800] "GET /xingrg/all/function/internal_message.html?_=1707355291680&CODE_STATE=getMsg HTTP/1.1" 200 27
116.238.97.31 - - [08/Feb/2024:09:21:33 +0800] "GET /xingrg/kc/buy/cgsh_order_info.html?code=212024020803358 HTTP/1.1" 200 73511
222.69.128.19 - - [08/Feb/2024:09:21:33 +0800] "GET /favicon.ico HTTP/1.1" 404 -
116.238.97.31 - - [08/Feb/2024:09:21:33 +0800] "GET /xingrg/javascript/easyui/themes/default/validatebox.css HTTP/1.1" 404 1104
116.238.97.31 - - [08/Feb/2024:09:21:34 +0800] "POST /xingrg/kc/buy/cgsh_order_operate.html HTTP/1.1" 200 10946
116.232.194.112 - - [08/Feb/2024:09:21:35 +0800] "GET /xingrg/all/function/internal_message.html?_=1707355212637&CODE_STATE=getMsg HTTP/1.1" 200 27
116.232.194.112 - - [08/Feb/2024:09:21:35 +0800] "GET /xingrg/check_reg.html?_=1707355212638 HTTP/1.1" 200 22
116.238.97.31 - - [08/Feb/2024:09:21:41 +0800] "POST /xingrg/kc/buy/cgsh_order_operate.html HTTP/1.1" 200 37
116.238.120.94 - - [08/Feb/2024:09:21:44 +0800] "GET /xingrg/all/function/internal_message.html?_=1707355304343&CODE_STATE=getMsg HTTP/1.1" 200 27
222.69.128.19 - - [08/Feb/2024:09:21:45 +0800] "POST /xingrg/login.do HTTP/1.1" 302 -
222.69.128.19 - - [08/Feb/2024:09:21:45 +0800] "GET /xingrg/index.html?sysBaseUrl=http%3A%2F%2F180.169.147.146%3A18081%2Fxingrg%2F&costTime=1478×tamp=1707355305803 HTTP/1.1" 200 17179
222.69.128.19 - - [08/Feb/2024:09:21:46 +0800] "GET /favicon.ico HTTP/1.1" 404 -
222.69.128.19 - - [08/Feb/2024:09:21:46 +0800] "GET /xingrg/check_reg.html?_=1707355307635 HTTP/1.1" 200 22
222.69.128.19 - - [08/Feb/2024:09:21:46 +0800] "POST /xingrg/all/common/load_tree.html?tree=area_rest_tree_json&manage=1 HTTP/1.1" 200 351
222.69.128.19 - - [08/Feb/2024:09:21:46 +0800] "GET /xingrg/all/function/internal_message.html?_=1707355307634&CODE_STATE=count HTTP/1.1" 200 11
222.69.128.19 - - [08/Feb/2024:09:21:46 +0800] "POST /xingrg/load_menu.html HTTP/1.1" 200 5138
116.238.97.31 - - [08/Feb/2024:09:21:49 +0800] "POST /xingrg/kc/buy/cgsh_order_operate.html HTTP/1.1" 200 12
222.69.128.19 - - [08/Feb/2024:09:21:51 +0800] "GET /xingrg/kc/buy/cgsh_order_list.html HTTP/1.1" 200 57698
116.238.97.31 - - [08/Feb/2024:09:21:54 +0800] "GET /xingrg/kc/buy/cgsh_order_info.html?code=212024020803358 HTTP/1.1" 200 68409
116.238.97.31 - - [08/Feb/2024:09:21:55 +0800] "GET /xingrg/javascript/easyui/themes/default/validatebox.css HTTP/1.1" 404 1104
116.238.97.31 - - [08/Feb/2024:09:21:56 +0800] "POST /xingrg/kc/buy/cgsh_order_operate.html HTTP/1.1" 200 8891
116.230.123.222 - - [08/Feb/2024:09:21:56 +0800] "GET /xingrg/all/function/internal_message.html?_=1707355314408&CODE_STATE=getMsg HTTP/1.1" 200 27
116.230.123.222 - - [08/Feb/2024:09:21:58 +0800] "GET /xingrg/kc/buy/cgsh_order_operate.html?command=get_materiel&rest_code=00111&code=00101004030&supplier_code=00100199&order_time=2024-02-08 HTTP/1.1" 200 408
222.69.128.19 - - [08/Feb/2024:09:21:59 +0800] "POST /xingrg/kc/buy/cgsh_list_operate.html HTTP/1.1" 200 2685
222.70.172.34 - - [08/Feb/2024:09:21:59 +0800] "GET /xingrg/all/function/internal_message.html?_=1707355333438&CODE_STATE=getMsg HTTP/1.1" 200 27
101.83.240.145 - - [08/Feb/2024:09:22:00 +0800] "GET /xingrg/all/function/internal_message.html?_=1707355317100&CODE_STATE=getMsg HTTP/1.1" 200 27
116.238.97.31 - - [08/Feb/2024:09:22:01 +0800] "POST /xingrg/kc/buy/cgsh_list_operate.html HTTP/1.1" 200 986
222.69.128.19 - - [08/Feb/2024:09:22:02 +0800] "POST /xingrg/kc/buy/cgsh_list_operate.html HTTP/1.1" 200 494
116.238.97.31 - - [08/Feb/2024:09:22:02 +0800] "GET /xingrg/kc/buy/cgsh_order_add.html HTTP/1.1" 200 73502
116.238.97.31 - - [08/Feb/2024:09:22:02 +0800] "POST /xingrg/kc/buy/cgsh_order_operate.html HTTP/1.1" 200 8245
116.238.97.31 - - [08/Feb/2024:09:22:02 +0800] "GET /xingrg/javascript/easyui/themes/default/validatebox.css HTTP/1.1" 404 1104
116.238.97.31 - - [08/Feb/2024:09:22:04 +0800] "GET /xingrg/javascript/easyui/themes/default/tree.css HTTP/1.1" 404 1090
116.238.97.31 - - [08/Feb/2024:09:22:04 +0800] "POST /xingrg/all/common/load_tree.html?tree=supplier_tree_json&isDelete=1 HTTP/1.1" 200 78460
222.69.128.19 - - [08/Feb/2024:09:22:05 +0800] "POST /xingrg/kc/buy/cgsh_list_operate.html HTTP/1.1" 200 351
222.69.128.19 - - [08/Feb/2024:09:22:06 +0800] "GET /xingrg/kc/buy/cgsh_order_info.html?code=212024020703036 HTTP/1.1" 200 72670
222.69.128.19 - - [08/Feb/2024:09:22:06 +0800] "GET /xingrg/words/20240206161339_words.js HTTP/1.1" 304 -
222.69.128.19 - - [08/Feb/2024:09:22:07 +0800] "GET /xingrg/javascript/easyui/themes/default/validatebox.css HTTP/1.1" 404 1104
222.69.128.19 - - [08/Feb/2024:09:22:07 +0800] "GET /xingrg/all/common/auto_word.html?type=employee&rest_code=00154 HTTP/1.1" 200 101
222.69.128.19 - - [08/Feb/2024:09:22:07 +0800] "GET /xingrg/all/common/auto_word.html?type=employee&rest_code=00154 HTTP/1.1" 200 101
222.69.128.19 - - [08/Feb/2024:09:22:08 +0800] "POST /xingrg/kc/buy/cgsh_order_operate.html HTTP/1.1" 200 3852
222.69.128.19 - - [08/Feb/2024:09:22:16 +0800] "GET /xingrg/javascript/auto/indicator.gif HTTP/1.1" 404 1066
101.229.175.60 - - [08/Feb/2024:09:22:18 +0800] "GET /xingrg/all/function/internal_message.html?_=1707355344678&CODE_STATE=getMsg HTTP/1.1" 302 -
120.253.135.82 - - [08/Feb/2024:09:22:22 +0800] "GET /xingrg/all/function/internal_message.html?_=1707355171674&CODE_STATE=getMsg HTTP/1.1" 200 27
124.78.156.119 - - [08/Feb/2024:09:22:26 +0800] "GET /xingrg/check_reg.html?_=1707355344948 HTTP/1.1" 200 22
116.238.97.31 - - [08/Feb/2024:09:22:26 +0800] "GET /xingrg/all/function/internal_message.html?_=1707355346871&CODE_STATE=getMsg HTTP/1.1" 200 27
124.78.156.119 - - [08/Feb/2024:09:22:26 +0800] "GET /xingrg/all/function/internal_message.html?_=1707355345670&CODE_STATE=getMsg HTTP/1.1" 200 27
180.163.29.206 - - [08/Feb/2024:09:22:27 +0800] "GET /xingrg/all/function/internal_message.html?_=1707355285692&CODE_STATE=getMsg HTTP/1.1" 302 -
180.163.29.206 - - [08/Feb/2024:09:22:27 +0800] "GET /xingrg/login.html HTTP/1.1" 200 7641
120.253.135.82 - - [08/Feb/2024:09:22:28 +0800] "GET /xingrg/all/function/internal_message.html?_=1707355177398&CODE_STATE=getMsg HTTP/1.1" 200 27
180.164.1.25 - - [08/Feb/2024:09:22:32 +0800] "GET /xingrg/check_reg.html?_=1707355351673 HTTP/1.1" 200 22
180.164.1.25 - - [08/Feb/2024:09:22:32 +0800] "GET /xingrg/all/function/internal_message.html?_=1707355351676&CODE_STATE=getMsg HTTP/1.1" 200 27
116.232.194.112 - - [08/Feb/2024:09:22:35 +0800] "GET /xingrg/all/function/internal_message.html?_=1707355272637&CODE_STATE=getMsg HTTP/1.1" 200 27
222.69.128.19 - - [08/Feb/2024:09:22:36 +0800] "GET /xingrg/kc/buy/cgsh_order_operate.html?command=get_materiel&rest_code=00154&code=00101013044&supplier_code=00100151&order_time=2024-02-07 HTTP/1.1" 200 428
116.238.120.94 - - [08/Feb/2024:09:22:44 +0800] "GET /xingrg/all/function/internal_message.html?_=1707355364350&CODE_STATE=getMsg HTTP/1.1" 200 27
116.238.120.94 - - [08/Feb/2024:09:22:44 +0800] "GET /xingrg/check_reg.html?_=1707355364353 HTTP/1.1" 200 22
222.69.128.19 - - [08/Feb/2024:09:22:46 +0800] "GET /xingrg/all/function/internal_message.html?_=1707355367657&CODE_STATE=getMsg HTTP/1.1" 200 27
124.78.68.102 - - [08/Feb/2024:09:22:49 +0800] "GET /xingrg/login.html HTTP/1.1" 200 7641
124.78.68.102 - - [08/Feb/2024:09:22:50 +0800] "GET /favicon.ico HTTP/1.1" 404 -
116.230.123.222 - - [08/Feb/2024:09:22:56 +0800] "GET /xingrg/all/function/internal_message.html?_=1707355374411&CODE_STATE=getMsg HTTP/1.1" 200 27
222.70.172.34 - - [08/Feb/2024:09:22:59 +0800] "GET /xingrg/all/function/internal_message.html?_=1707355393627&CODE_STATE=getMsg HTTP/1.1" 200 27
101.83.240.145 - - [08/Feb/2024:09:22:59 +0800] "GET /xingrg/all/function/internal_message.html?_=1707355377088&CODE_STATE=getMsg HTTP/1.1" 200 27
222.69.128.19 - - [08/Feb/2024:09:23:01 +0800] "GET /xingrg/kc/buy/cgsh_order_operate.html?command=get_materiel&rest_code=00154&code=00101023039&supplier_code=00100151&order_time=2024-02-07 HTTP/1.1" 200 409
101.229.175.60 - - [08/Feb/2024:09:23:18 +0800] "GET /xingrg/all/function/internal_message.html?_=1707355404679&CODE_STATE=getMsg HTTP/1.1" 302 -
101.229.175.60 - - [08/Feb/2024:09:23:18 +0800] "GET /xingrg/check_reg.html?_=1707355404683 HTTP/1.1" 302 -
120.253.135.82 - - [08/Feb/2024:09:23:22 +0800] "GET /xingrg/all/function/internal_message.html?_=1707355231716&CODE_STATE=getMsg HTTP/1.1" 200 27
116.238.97.31 - - [08/Feb/2024:09:23:26 +0800] "GET /xingrg/all/function/internal_message.html?_=1707355406850&CODE_STATE=getMsg HTTP/1.1" 200 27
124.78.156.119 - - [08/Feb/2024:09:23:26 +0800] "GET /xingrg/all/function/internal_message.html?_=1707355405640&CODE_STATE=getMsg HTTP/1.1" 200 27
120.253.135.82 - - [08/Feb/2024:09:23:28 +0800] "GET /xingrg/all/function/internal_message.html?_=1707355237421&CODE_STATE=getMsg HTTP/1.1" 200 27
180.164.1.25 - - [08/Feb/2024:09:23:32 +0800] "GET /xingrg/all/function/internal_message.html?_=1707355411671&CODE_STATE=getMsg HTTP/1.1" 200 27
116.232.194.112 - - [08/Feb/2024:09:23:35 +0800] "GET /xingrg/all/function/internal_message.html?_=1707355332624&CODE_STATE=getMsg HTTP/1.1" 200 27
116.238.120.94 - - [08/Feb/2024:09:23:44 +0800] "GET /xingrg/all/function/internal_message.html?_=1707355424368&CODE_STATE=getMsg HTTP/1.1" 200 27
222.69.128.19 - - [08/Feb/2024:09:23:46 +0800] "GET /xingrg/all/function/internal_message.html?_=1707355427656&CODE_STATE=getMsg HTTP/1.1" 200 27
116.230.123.222 - - [08/Feb/2024:09:23:56 +0800] "GET /xingrg/check_reg.html?_=1707355434409 HTTP/1.1" 200 22
116.230.123.222 - - [08/Feb/2024:09:23:56 +0800] "GET /xingrg/all/function/internal_message.html?_=1707355434410&CODE_STATE=getMsg HTTP/1.1" 200 27
222.70.172.34 - - [08/Feb/2024:09:23:59 +0800] "GET /xingrg/all/function/internal_message.html?_=1707355453638&CODE_STATE=getMsg HTTP/1.1" 200 27
101.83.240.145 - - [08/Feb/2024:09:23:59 +0800] "GET /xingrg/all/function/internal_message.html?_=1707355437061&CODE_STATE=getMsg HTTP/1.1" 200 27
116.230.123.222 - - [08/Feb/2024:09:24:10 +0800] "POST /xingrg/kc/buy/cgsh_order_operate.html HTTP/1.1" 200 37
116.238.97.31 - - [08/Feb/2024:09:24:10 +0800] "GET /xingrg/check_reg.html?_=1707355451468 HTTP/1.1" 200 22
101.229.175.60 - - [08/Feb/2024:09:24:18 +0800] "GET /xingrg/all/function/internal_message.html?_=1707355464683&CODE_STATE=getMsg HTTP/1.1" 302 -
124.78.68.102 - - [08/Feb/2024:09:24:19 +0800] "POST /xingrg/login.do HTTP/1.1" 302 -
124.78.68.102 - - [08/Feb/2024:09:24:19 +0800] "GET /xingrg/index.html?sysBaseUrl=http%3A%2F%2F180.169.147.146%3A18081%2Fxingrg%2F&costTime=1406×tamp=1707355459250 HTTP/1.1" 200 17179
124.78.68.102 - - [08/Feb/2024:09:24:19 +0800] "GET /favicon.ico HTTP/1.1" 404 -
124.78.68.102 - - [08/Feb/2024:09:24:19 +0800] "GET /xingrg/check_reg.html?_=1707355459792 HTTP/1.1" 200 22
124.78.68.102 - - [08/Feb/2024:09:24:19 +0800] "POST /xingrg/all/common/load_tree.html?tree=area_rest_tree_json&manage=1 HTTP/1.1" 200 351
124.78.68.102 - - [08/Feb/2024:09:24:19 +0800] "GET /xingrg/all/function/internal_message.html?_=1707355459790&CODE_STATE=count HTTP/1.1" 200 11
124.78.68.102 - - [08/Feb/2024:09:24:20 +0800] "POST /xingrg/load_menu.html HTTP/1.1" 200 5138
116.230.123.222 - - [08/Feb/2024:09:24:22 +0800] "POST /xingrg/kc/buy/cgsh_order_operate.html HTTP/1.1" 200 12
120.253.135.82 - - [08/Feb/2024:09:24:22 +0800] "GET /xingrg/all/function/internal_message.html?_=1707355291732&CODE_STATE=getMsg HTTP/1.1" 200 27
116.230.123.222 - - [08/Feb/2024:09:24:24 +0800] "GET /xingrg/kc/buy/cgsh_order_info.html?code=212024020803361 HTTP/1.1" 200 68330
116.230.123.222 - - [08/Feb/2024:09:24:25 +0800] "GET /xingrg/javascript/easyui/themes/default/validatebox.css HTTP/1.1" 404 1104
116.238.97.31 - - [08/Feb/2024:09:24:26 +0800] "GET /xingrg/all/function/internal_message.html?_=1707355466829&CODE_STATE=getMsg HTTP/1.1" 200 27
116.230.123.222 - - [08/Feb/2024:09:24:26 +0800] "POST /xingrg/kc/buy/cgsh_order_operate.html HTTP/1.1" 200 1785
124.78.156.119 - - [08/Feb/2024:09:24:26 +0800] "GET /xingrg/all/function/internal_message.html?_=1707355465610&CODE_STATE=getMsg HTTP/1.1" 200 27
116.230.123.222 - - [08/Feb/2024:09:24:28 +0800] "GET /xingrg/kc/print/load_config.html?kc_code=cgsh HTTP/1.1" 200 1927
120.253.135.82 - - [08/Feb/2024:09:24:28 +0800] "GET /xingrg/all/function/internal_message.html?_=1707355297426&CODE_STATE=getMsg HTTP/1.1" 200 27
116.230.123.222 - - [08/Feb/2024:09:24:28 +0800] "GET /xingrg/kc/print/load_data.html?order_code=212024020803361&kc_code=cgsh&condition= HTTP/1.1" 200 1138
180.164.1.25 - - [08/Feb/2024:09:24:32 +0800] "GET /xingrg/all/function/internal_message.html?_=1707355471668&CODE_STATE=getMsg HTTP/1.1" 200 27
116.232.194.112 - - [08/Feb/2024:09:24:35 +0800] "GET /xingrg/all/function/internal_message.html?_=1707355392639&CODE_STATE=getMsg HTTP/1.1" 200 27
116.238.120.94 - - [08/Feb/2024:09:24:44 +0800] "GET /xingrg/all/function/internal_message.html?_=1707355484368&CODE_STATE=getMsg HTTP/1.1" 200 27
222.69.128.19 - - [08/Feb/2024:09:24:46 +0800] "GET /xingrg/all/function/internal_message.html?_=1707355487647&CODE_STATE=getMsg HTTP/1.1" 200 27
116.230.123.222 - - [08/Feb/2024:09:24:56 +0800] "GET /xingrg/all/function/internal_message.html?_=1707355494416&CODE_STATE=getMsg HTTP/1.1" 200 27
101.83.240.145 - - [08/Feb/2024:09:24:59 +0800] "GET /xingrg/all/function/internal_message.html?_=1707355497032&CODE_STATE=getMsg HTTP/1.1" 200 27
222.70.172.34 - - [08/Feb/2024:09:25:00 +0800] "GET /xingrg/all/function/internal_message.html?_=1707355513824&CODE_STATE=getMsg HTTP/1.1" 200 27
218.81.65.124 - - [08/Feb/2024:09:25:15 +0800] "GET /xingrg/index.html?sysBaseUrl=http%3A%2F%2F180.169.147.146%3A18081%2Fxingrg%2F&costTime=44×tamp=1622098168715 HTTP/1.1" 302 -
218.81.65.124 - - [08/Feb/2024:09:25:15 +0800] "GET /xingrg/login.html HTTP/1.1" 200 7641
218.81.65.124 - - [08/Feb/2024:09:25:15 +0800] "GET /favicon.ico HTTP/1.1" 404 -
101.229.175.60 - - [08/Feb/2024:09:25:18 +0800] "GET /xingrg/all/function/internal_message.html?_=1707355524684&CODE_STATE=getMsg HTTP/1.1" 302 -
218.81.65.124 - - [08/Feb/2024:09:25:19 +0800] "POST /xingrg/login.do HTTP/1.1" 200 2421
218.81.65.124 - - [08/Feb/2024:09:25:19 +0800] "GET /favicon.ico HTTP/1.1" 404 -
124.78.68.102 - - [08/Feb/2024:09:25:19 +0800] "GET /xingrg/all/function/internal_message.html?_=1707355519827&CODE_STATE=getMsg HTTP/1.1" 200 27
222.69.128.19 - - [08/Feb/2024:09:25:20 +0800] "GET /xingrg/kc/buy/cgsh_order_operate.html?command=get_materiel&rest_code=00154&code=00101009023&supplier_code=00100151&order_time=2024-02-07 HTTP/1.1" 200 408
218.81.65.124 - - [08/Feb/2024:09:25:21 +0800] "GET /xingrg/login.html HTTP/1.1" 200 7641
218.81.65.124 - - [08/Feb/2024:09:25:21 +0800] "GET /favicon.ico HTTP/1.1" 404 -
120.253.135.82 - - [08/Feb/2024:09:25:21 +0800] "GET /xingrg/check_reg.html?_=1707355350493 HTTP/1.1" 200 22
120.253.135.82 - - [08/Feb/2024:09:25:22 +0800] "GET /xingrg/all/function/internal_message.html?_=1707355351745&CODE_STATE=getMsg HTTP/1.1" 200 27
116.238.97.31 - - [08/Feb/2024:09:25:26 +0800] "GET /xingrg/all/function/internal_message.html?_=1707355526811&CODE_STATE=getMsg HTTP/1.1" 200 27
124.78.156.119 - - [08/Feb/2024:09:25:26 +0800] "GET /xingrg/all/function/internal_message.html?_=1707355525583&CODE_STATE=getMsg HTTP/1.1" 200 27
218.81.65.124 - - [08/Feb/2024:09:25:27 +0800] "POST /xingrg/login.do HTTP/1.1" 302 -
218.81.65.124 - - [08/Feb/2024:09:25:28 +0800] "POST /xingrg/login.do HTTP/1.1" 302 -
120.253.135.82 - - [08/Feb/2024:09:25:28 +0800] "GET /xingrg/check_reg.html?_=1707355357328 HTTP/1.1" 200 22
218.81.65.124 - - [08/Feb/2024:09:25:28 +0800] "GET /xingrg/index.html?sysBaseUrl=http%3A%2F%2F180.169.147.146%3A18081%2Fxingrg%2F&costTime=1315×tamp=1707355528192 HTTP/1.1" 200 17179
120.253.135.82 - - [08/Feb/2024:09:25:28 +0800] "GET /xingrg/all/function/internal_message.html?_=1707355357440&CODE_STATE=getMsg HTTP/1.1" 200 27
218.81.65.124 - - [08/Feb/2024:09:25:28 +0800] "GET /favicon.ico HTTP/1.1" 404 -
218.81.65.124 - - [08/Feb/2024:09:25:28 +0800] "GET /xingrg/all/function/internal_message.html?_=1707355534853&CODE_STATE=count HTTP/1.1" 200 11
218.81.65.124 - - [08/Feb/2024:09:25:28 +0800] "GET /xingrg/check_reg.html?_=1707355534853 HTTP/1.1" 200 22
218.81.65.124 - - [08/Feb/2024:09:25:28 +0800] "POST /xingrg/all/common/load_tree.html?tree=area_rest_tree_json&manage=1 HTTP/1.1" 200 351
218.81.65.124 - - [08/Feb/2024:09:25:28 +0800] "POST /xingrg/load_menu.html HTTP/1.1" 200 5138
218.81.65.124 - - [08/Feb/2024:09:25:31 +0800] "GET /xingrg/kc/buy/cgsh_order_list.html HTTP/1.1" 200 57698
180.164.1.25 - - [08/Feb/2024:09:25:32 +0800] "GET /xingrg/all/function/internal_message.html?_=1707355531679&CODE_STATE=getMsg HTTP/1.1" 200 27
218.81.65.124 - - [08/Feb/2024:09:25:34 +0800] "POST /xingrg/kc/buy/cgsh_list_operate.html HTTP/1.1" 200 986
116.232.194.112 - - [08/Feb/2024:09:25:35 +0800] "GET /xingrg/all/function/internal_message.html?_=1707355452629&CODE_STATE=getMsg HTTP/1.1" 200 27
218.81.65.124 - - [08/Feb/2024:09:25:35 +0800] "GET /xingrg/kc/buy/cgsh_order_add.html HTTP/1.1" 200 73461
218.81.65.124 - - [08/Feb/2024:09:25:36 +0800] "GET /xingrg/words/20240206161339_words.js HTTP/1.1" 304 -
218.81.65.124 - - [08/Feb/2024:09:25:36 +0800] "POST /xingrg/kc/buy/cgsh_order_operate.html HTTP/1.1" 200 8245
218.81.65.124 - - [08/Feb/2024:09:25:36 +0800] "GET /xingrg/javascript/easyui/themes/default/validatebox.css HTTP/1.1" 404 1104
218.81.65.124 - - [08/Feb/2024:09:25:36 +0800] "GET /xingrg/all/common/auto_word.html?type=employee&rest_code=00148 HTTP/1.1" 200 197
218.81.65.124 - - [08/Feb/2024:09:25:36 +0800] "GET /xingrg/all/common/auto_word.html?type=employee&rest_code=00148 HTTP/1.1" 200 197
218.81.65.124 - - [08/Feb/2024:09:25:37 +0800] "GET /xingrg/javascript/auto/indicator.gif HTTP/1.1" 404 1066
218.81.65.124 - - [08/Feb/2024:09:25:38 +0800] "GET /xingrg/javascript/jquery_tools/images/prev.gif HTTP/1.1" 404 1086
218.81.65.124 - - [08/Feb/2024:09:25:38 +0800] "GET /xingrg/javascript/jquery_tools/images/next.gif HTTP/1.1" 404 1086
101.83.240.145 - - [08/Feb/2024:09:25:39 +0800] "GET /xingrg/check_reg.html?_=1707355536364 HTTP/1.1" 200 22
116.238.120.94 - - [08/Feb/2024:09:25:44 +0800] "GET /xingrg/all/function/internal_message.html?_=1707355544373&CODE_STATE=getMsg HTTP/1.1" 200 27
222.70.172.34 - - [08/Feb/2024:09:25:44 +0800] "GET /xingrg/check_reg.html?_=1707355558112 HTTP/1.1" 200 22
222.69.128.19 - - [08/Feb/2024:09:25:46 +0800] "GET /xingrg/all/function/internal_message.html?_=1707355547638&CODE_STATE=getMsg HTTP/1.1" 200 27
116.230.123.222 - - [08/Feb/2024:09:25:56 +0800] "GET /xingrg/all/function/internal_message.html?_=1707355554417&CODE_STATE=getMsg HTTP/1.1" 200 27
101.83.240.145 - - [08/Feb/2024:09:25:59 +0800] "GET /xingrg/all/function/internal_message.html?_=1707355557005&CODE_STATE=getMsg HTTP/1.1" 200 27
222.70.172.34 - - [08/Feb/2024:09:26:00 +0800] "GET /xingrg/all/function/internal_message.html?_=1707355573835&CODE_STATE=getMsg HTTP/1.1" 200 27
218.81.65.124 - - [08/Feb/2024:09:26:07 +0800] "GET /xingrg/kc/base/wldb_order_list.html HTTP/1.1" 200 19019
218.81.65.124 - - [08/Feb/2024:09:26:08 +0800] "POST /xingrg/kc/base/wldb_list_operate.html HTTP/1.1" 200 928
218.81.65.124 - - [08/Feb/2024:09:26:10 +0800] "GET /xingrg/kc/base/kc_stocks.html HTTP/1.1" 200 16560
218.81.65.124 - - [08/Feb/2024:09:26:10 +0800] "GET /xingrg/javascript/easyui/themes/default/tree.css HTTP/1.1" 404 1090
218.81.65.124 - - [08/Feb/2024:09:26:10 +0800] "GET /xingrg/all/common/auto_word.html?type=base&rest_code=00148 HTTP/1.1" 200 1799
218.81.65.124 - - [08/Feb/2024:09:26:10 +0800] "POST /xingrg/all/common/load_tree.html?tree=materiel_sort_tree_json HTTP/1.1" 200 9734
101.229.175.60 - - [08/Feb/2024:09:26:18 +0800] "GET /xingrg/all/function/internal_message.html?_=1707355584686&CODE_STATE=getMsg HTTP/1.1" 302 -
124.78.68.102 - - [08/Feb/2024:09:26:19 +0800] "GET /xingrg/all/function/internal_message.html?_=1707355579812&CODE_STATE=getMsg HTTP/1.1" 200 27
120.253.135.82 - - [08/Feb/2024:09:26:22 +0800] "GET /xingrg/all/function/internal_message.html?_=1707355411759&CODE_STATE=getMsg HTTP/1.1" 200 27
218.81.65.124 - - [08/Feb/2024:09:26:24 +0800] "POST /xingrg/kc/base/stock_operate.html HTTP/1.1" 200 1697
116.238.97.31 - - [08/Feb/2024:09:26:26 +0800] "GET /xingrg/all/function/internal_message.html?_=1707355586795&CODE_STATE=getMsg HTTP/1.1" 200 27
124.78.156.119 - - [08/Feb/2024:09:26:26 +0800] "GET /xingrg/all/function/internal_message.html?_=1707355585559&CODE_STATE=getMsg HTTP/1.1" 200 27
120.253.135.82 - - [08/Feb/2024:09:26:28 +0800] "GET /xingrg/all/function/internal_message.html?_=1707355417453&CODE_STATE=getMsg HTTP/1.1" 200 27
218.81.65.124 - - [08/Feb/2024:09:26:28 +0800] "GET /xingrg/all/function/internal_message.html?_=1707355594858&CODE_STATE=getMsg HTTP/1.1" 200 27
180.164.1.25 - - [08/Feb/2024:09:26:32 +0800] "GET /xingrg/all/function/internal_message.html?_=1707355591668&CODE_STATE=getMsg HTTP/1.1" 200 27
218.81.65.124 - - [08/Feb/2024:09:26:33 +0800] "GET /xingrg/kc/base/stock_detail.html?m=00101008358 HTTP/1.1" 200 7355
218.81.65.124 - - [08/Feb/2024:09:26:34 +0800] "GET /xingrg/kc/base/stock_operate.html?_=1707355600633&command=get_report_file&start_day=20240201 HTTP/1.1" 200 53
218.81.65.124 - - [08/Feb/2024:09:26:34 +0800] "GET /xingrg/all/report/report_query.html?isQuery=1&onlyBody=1&rh=2000&fileName=kc/base/kc_stock_detail_new.xml&queryString=(1=1)&queryText=&tableQueryString=init_table$sp1$$sp$crk_table$sp1$order_day%20between%2020240201%20and%2020240229&varString=start_day:20240201,materiel_code:00101008358,cost_id:4882,end_date:20240131 HTTP/1.1" 200 48701
218.81.65.124 - - [08/Feb/2024:09:26:34 +0800] "GET /xingrg/dwr/interface/AjaxReportQueryService.js HTTP/1.1" 200 13203
