120.253.135.82 - - [08/Feb/2024:13:01:06 +0800] "GET /xingrg/javascript/bigrid/fix.css HTTP/1.1" 304 -
120.253.135.82 - - [08/Feb/2024:13:01:08 +0800] "POST /xingrg/all/report/load_report_page.html HTTP/1.1" 200 39842
120.253.135.82 - - [08/Feb/2024:13:01:08 +0800] "GET /xingrg/servlets/image?cache=0.30640441253069517&image=px HTTP/1.1" 200 807
124.78.68.102 - - [08/Feb/2024:13:01:09 +0800] "GET /xingrg/kc/buy/cgsh_order_operate.html?command=get_materiel&rest_code=00141&code=00101004079&supplier_code=00100312&order_time=2024-02-08 HTTP/1.1" 200 413
120.253.135.82 - - [08/Feb/2024:13:01:09 +0800] "GET /xingrg/all/function/internal_message.html?_=1707368298313&CODE_STATE=getMsg HTTP/1.1" 200 27
124.78.68.102 - - [08/Feb/2024:13:01:18 +0800] "GET /xingrg/all/function/internal_message.html?_=1707368478296&CODE_STATE=getMsg HTTP/1.1" 200 27
101.229.175.60 - - [08/Feb/2024:13:01:18 +0800] "GET /xingrg/all/function/internal_message.html?_=1707368484749&CODE_STATE=getMsg HTTP/1.1" 302 -
124.78.68.102 - - [08/Feb/2024:13:01:21 +0800] "GET /xingrg/kc/buy/cgsh_order_operate.html?command=get_materiel&rest_code=00141&code=00101001194&supplier_code=00100312&order_time=2024-02-08 HTTP/1.1" 200 413
120.253.135.82 - - [08/Feb/2024:13:01:23 +0800] "GET /xingrg/kc/base/stock_operate.html?_=1707368312606&command=get_report_file&start_day=20240101 HTTP/1.1" 200 53
120.253.135.82 - - [08/Feb/2024:13:01:23 +0800] "GET /xingrg/all/report/report_query.html?isQuery=1&onlyBody=1&rh=2000&fileName=kc/base/kc_stock_detail_new.xml&queryString=(1=1)&queryText=&tableQueryString=init_table$sp1$$sp$crk_table$sp1$order_day%20between%2020240101%20and%2020240229&varString=start_day:20240101,materiel_code:00101019375,cost_id:4843,end_date:20231231 HTTP/1.1" 200 48701
120.253.135.82 - - [08/Feb/2024:13:01:23 +0800] "GET /xingrg/dwr/interface/AjaxReportQueryService.js HTTP/1.1" 200 13203
120.253.135.82 - - [08/Feb/2024:13:01:23 +0800] "GET /xingrg/dwr/engine.js HTTP/1.1" 200 43631
116.230.123.222 - - [08/Feb/2024:13:01:24 +0800] "GET /xingrg/all/function/internal_message.html?_=1707368482229&CODE_STATE=getMsg HTTP/1.1" 200 27
120.253.135.82 - - [08/Feb/2024:13:01:25 +0800] "POST /xingrg/all/report/load_report_page.html HTTP/1.1" 200 118100
120.253.135.82 - - [08/Feb/2024:13:01:25 +0800] "GET /xingrg/servlets/image?cache=0.5176155828768801&image=px HTTP/1.1" 200 807
116.232.194.112 - - [08/Feb/2024:13:01:28 +0800] "GET /xingrg/all/function/internal_message.html?_=1707368404981&CODE_STATE=getMsg HTTP/1.1" 200 27
116.232.194.112 - - [08/Feb/2024:13:01:29 +0800] "GET /xingrg/all/function/internal_message.html?_=1707368405774&CODE_STATE=getMsg HTTP/1.1" 200 27
101.83.145.37 - - [08/Feb/2024:13:01:32 +0800] "POST /xingrg/kc/buy/cgsh_order_operate.html HTTP/1.1" 200 2065
124.78.156.119 - - [08/Feb/2024:13:01:34 +0800] "GET /xingrg/kc/buy/cgsh_order_operate.html?command=get_materiel&rest_code=00106&code=00101008186&supplier_code=00100007&order_time=2024-02-08 HTTP/1.1" 200 408
101.228.146.191 - - [08/Feb/2024:13:01:36 +0800] "GET /xingrg/all/function/internal_message.html?_=1707368495133&CODE_STATE=getMsg HTTP/1.1" 200 27
180.164.1.25 - - [08/Feb/2024:13:01:36 +0800] "GET /xingrg/all/function/internal_message.html?_=1707368495573&CODE_STATE=getMsg HTTP/1.1" 200 27
124.78.156.119 - - [08/Feb/2024:13:01:37 +0800] "GET /xingrg/all/function/internal_message.html?_=1707368496033&CODE_STATE=getMsg HTTP/1.1" 200 27
120.253.135.82 - - [08/Feb/2024:13:01:38 +0800] "GET /xingrg/all/function/internal_message.html?_=1707368327328&CODE_STATE=getMsg HTTP/1.1" 200 27
124.78.68.102 - - [08/Feb/2024:13:01:40 +0800] "POST /xingrg/kc/buy/cgsh_order_operate.html HTTP/1.1" 200 37
180.156.195.45 - - [08/Feb/2024:13:01:44 +0800] "GET /xingrg/all/function/internal_message.html?_=1707368505106&CODE_STATE=getMsg HTTP/1.1" 200 27
101.83.145.37 - - [08/Feb/2024:13:01:46 +0800] "GET /xingrg/all/function/internal_message.html?_=1707368270868&CODE_STATE=getMsg HTTP/1.1" 200 27
124.78.68.102 - - [08/Feb/2024:13:01:47 +0800] "POST /xingrg/kc/buy/cgsh_order_operate.html HTTP/1.1" 200 12
124.78.156.119 - - [08/Feb/2024:13:01:49 +0800] "POST /xingrg/kc/buy/cgsh_order_operate.html HTTP/1.1" 200 2065
124.78.68.102 - - [08/Feb/2024:13:01:50 +0800] "GET /xingrg/kc/buy/cgsh_order_info.html?code=212024020803514 HTTP/1.1" 200 68380
124.78.68.102 - - [08/Feb/2024:13:01:51 +0800] "GET /xingrg/javascript/easyui/themes/default/validatebox.css HTTP/1.1" 404 1104
124.78.68.102 - - [08/Feb/2024:13:01:52 +0800] "POST /xingrg/kc/buy/cgsh_order_operate.html HTTP/1.1" 200 5973
124.78.68.102 - - [08/Feb/2024:13:01:55 +0800] "GET /xingrg/kc/print/load_data.html?order_code=212024020803514&kc_code=cgsh&condition= HTTP/1.1" 200 2780
101.83.240.145 - - [08/Feb/2024:13:01:56 +0800] "GET /xingrg/all/function/internal_message.html?_=1707368513584&CODE_STATE=getMsg HTTP/1.1" 200 27
116.232.39.56 - - [08/Feb/2024:13:01:58 +0800] "GET /xingrg/all/function/internal_message.html?_=1707368519065&CODE_STATE=getMsg HTTP/1.1" 200 27
222.70.172.34 - - [08/Feb/2024:13:01:59 +0800] "GET /xingrg/check_reg.html?_=1707368534328 HTTP/1.1" 200 22
222.69.128.19 - - [08/Feb/2024:13:02:01 +0800] "GET /xingrg/all/function/internal_message.html?_=1707368521109&CODE_STATE=getMsg HTTP/1.1" 200 27
124.78.68.102 - - [08/Feb/2024:13:02:01 +0800] "POST /xingrg/kc/buy/cgsh_order_operate.html HTTP/1.1" 200 8245
124.78.68.102 - - [08/Feb/2024:13:02:01 +0800] "GET /xingrg/javascript/easyui/themes/default/validatebox.css HTTP/1.1" 404 1104
116.238.120.94 - - [08/Feb/2024:13:02:02 +0800] "GET /xingrg/all/function/internal_message.html?_=1707368522712&CODE_STATE=getMsg HTTP/1.1" 200 27
222.70.172.34 - - [08/Feb/2024:13:02:05 +0800] "GET /xingrg/all/function/internal_message.html?_=1707368540093&CODE_STATE=getMsg HTTP/1.1" 200 27
120.253.135.82 - - [08/Feb/2024:13:02:09 +0800] "GET /xingrg/all/function/internal_message.html?_=1707368358329&CODE_STATE=getMsg HTTP/1.1" 200 27
124.78.68.102 - - [08/Feb/2024:13:02:13 +0800] "GET /xingrg/kc/buy/cgsh_order_operate.html?command=get_materiel&rest_code=00141&code=00101002034&supplier_code=00100091&order_time=2024-02-08 HTTP/1.1" 200 409
124.78.68.102 - - [08/Feb/2024:13:02:18 +0800] "GET /xingrg/all/function/internal_message.html?_=1707368538274&CODE_STATE=getMsg HTTP/1.1" 200 27
101.229.175.60 - - [08/Feb/2024:13:02:18 +0800] "GET /xingrg/all/function/internal_message.html?_=1707368544774&CODE_STATE=getMsg HTTP/1.1" 302 -
124.78.156.119 - - [08/Feb/2024:13:02:22 +0800] "POST /xingrg/kc/buy/cgsh_order_operate.html HTTP/1.1" 200 37
116.230.123.222 - - [08/Feb/2024:13:02:24 +0800] "GET /xingrg/all/function/internal_message.html?_=1707368542213&CODE_STATE=getMsg HTTP/1.1" 200 27
124.78.68.102 - - [08/Feb/2024:13:02:28 +0800] "POST /xingrg/kc/buy/cgsh_order_operate.html HTTP/1.1" 200 37
116.232.194.112 - - [08/Feb/2024:13:02:28 +0800] "GET /xingrg/all/function/internal_message.html?_=1707368464959&CODE_STATE=getMsg HTTP/1.1" 200 27
116.232.194.112 - - [08/Feb/2024:13:02:29 +0800] "GET /xingrg/all/function/internal_message.html?_=1707368465786&CODE_STATE=getMsg HTTP/1.1" 200 27
124.78.68.102 - - [08/Feb/2024:13:02:35 +0800] "POST /xingrg/kc/buy/cgsh_order_operate.html HTTP/1.1" 200 12
101.228.146.191 - - [08/Feb/2024:13:02:36 +0800] "GET /xingrg/all/function/internal_message.html?_=1707368555138&CODE_STATE=getMsg HTTP/1.1" 200 27
101.228.146.191 - - [08/Feb/2024:13:02:36 +0800] "GET /xingrg/check_reg.html?_=1707368555141 HTTP/1.1" 200 22
180.164.1.25 - - [08/Feb/2024:13:02:36 +0800] "GET /xingrg/all/function/internal_message.html?_=1707368555581&CODE_STATE=getMsg HTTP/1.1" 200 27
124.78.68.102 - - [08/Feb/2024:13:02:37 +0800] "GET /xingrg/kc/buy/cgsh_order_info.html?code=212024020803515 HTTP/1.1" 200 68380
124.78.68.102 - - [08/Feb/2024:13:02:38 +0800] "GET /xingrg/javascript/easyui/themes/default/validatebox.css HTTP/1.1" 404 1104
120.253.135.82 - - [08/Feb/2024:13:02:38 +0800] "GET /xingrg/all/function/internal_message.html?_=1707368387354&CODE_STATE=getMsg HTTP/1.1" 200 27
124.78.68.102 - - [08/Feb/2024:13:02:39 +0800] "POST /xingrg/kc/buy/cgsh_order_operate.html HTTP/1.1" 200 607
124.78.68.102 - - [08/Feb/2024:13:02:41 +0800] "GET /xingrg/kc/print/load_data.html?order_code=212024020803515&kc_code=cgsh&condition= HTTP/1.1" 200 777
180.156.195.45 - - [08/Feb/2024:13:02:44 +0800] "GET /xingrg/all/function/internal_message.html?_=1707368565117&CODE_STATE=getMsg HTTP/1.1" 200 27
124.78.68.102 - - [08/Feb/2024:13:02:46 +0800] "POST /xingrg/kc/buy/cgsh_order_operate.html HTTP/1.1" 200 8245
124.78.68.102 - - [08/Feb/2024:13:02:46 +0800] "GET /xingrg/javascript/easyui/themes/default/validatebox.css HTTP/1.1" 404 1104
101.83.145.37 - - [08/Feb/2024:13:02:46 +0800] "GET /xingrg/all/function/internal_message.html?_=1707368330844&CODE_STATE=getMsg HTTP/1.1" 200 27
120.253.135.82 - - [08/Feb/2024:13:02:52 +0800] "POST /xingrg/kc/base/stock_operate.html HTTP/1.1" 200 1493
101.83.240.145 - - [08/Feb/2024:13:02:56 +0800] "GET /xingrg/all/function/internal_message.html?_=1707368573572&CODE_STATE=getMsg HTTP/1.1" 200 27
222.70.115.1 - - [08/Feb/2024:13:02:56 +0800] "POST /xingrg/services/DataTransmitService HTTP/1.1" 200 524
222.70.115.1 - - [08/Feb/2024:13:02:58 +0800] "POST /xingrg/services/DataTransmitService HTTP/1.1" 200 501
116.232.39.56 - - [08/Feb/2024:13:02:58 +0800] "GET /xingrg/all/function/internal_message.html?_=1707368579056&CODE_STATE=getMsg HTTP/1.1" 200 27
222.70.115.1 - - [08/Feb/2024:13:02:58 +0800] "POST /xingrg/services/DataTransmitService HTTP/1.1" 200 501
222.70.115.1 - - [08/Feb/2024:13:02:59 +0800] "POST /xingrg/services/DataTransmitService HTTP/1.1" 200 501
222.70.115.1 - - [08/Feb/2024:13:03:00 +0800] "POST /xingrg/services/DataTransmitService HTTP/1.1" 200 501
222.70.115.1 - - [08/Feb/2024:13:03:00 +0800] "POST /xingrg/services/DataTransmitService HTTP/1.1" 200 501
222.69.128.19 - - [08/Feb/2024:13:03:00 +0800] "GET /xingrg/all/function/internal_message.html?_=1707368581082&CODE_STATE=getMsg HTTP/1.1" 200 27
222.70.115.1 - - [08/Feb/2024:13:03:01 +0800] "POST /xingrg/services/DataTransmitService HTTP/1.1" 200 501
222.70.115.1 - - [08/Feb/2024:13:03:01 +0800] "POST /xingrg/services/DataTransmitService HTTP/1.1" 200 501
222.70.115.1 - - [08/Feb/2024:13:03:01 +0800] "POST /xingrg/services/DataTransmitService HTTP/1.1" 200 501
222.70.115.1 - - [08/Feb/2024:13:03:02 +0800] "POST /xingrg/services/DataTransmitService HTTP/1.1" 200 501
116.238.120.94 - - [08/Feb/2024:13:03:02 +0800] "GET /xingrg/all/function/internal_message.html?_=1707368582704&CODE_STATE=getMsg HTTP/1.1" 200 27
116.238.120.94 - - [08/Feb/2024:13:03:02 +0800] "GET /xingrg/check_reg.html?_=1707368582707 HTTP/1.1" 200 22
222.70.115.1 - - [08/Feb/2024:13:03:02 +0800] "POST /xingrg/services/DataTransmitService HTTP/1.1" 200 412
222.70.172.34 - - [08/Feb/2024:13:03:05 +0800] "GET /xingrg/all/function/internal_message.html?_=1707368600111&CODE_STATE=getMsg HTTP/1.1" 200 27
120.253.135.82 - - [08/Feb/2024:13:03:09 +0800] "GET /xingrg/all/function/internal_message.html?_=1707368418351&CODE_STATE=getMsg HTTP/1.1" 200 27
124.78.156.119 - - [08/Feb/2024:13:03:12 +0800] "POST /xingrg/kc/buy/cgsh_order_operate.html HTTP/1.1" 200 44212
120.253.135.82 - - [08/Feb/2024:13:03:14 +0800] "GET /xingrg/check_reg.html?_=1707368422977 HTTP/1.1" 200 22
124.78.68.102 - - [08/Feb/2024:13:03:18 +0800] "GET /xingrg/all/function/internal_message.html?_=1707368598252&CODE_STATE=getMsg HTTP/1.1" 200 27
101.229.175.60 - - [08/Feb/2024:13:03:18 +0800] "GET /xingrg/check_reg.html?_=1707368604775 HTTP/1.1" 302 -
101.229.175.60 - - [08/Feb/2024:13:03:18 +0800] "GET /xingrg/all/function/internal_message.html?_=1707368604779&CODE_STATE=getMsg HTTP/1.1" 302 -
116.230.123.222 - - [08/Feb/2024:13:03:24 +0800] "GET /xingrg/all/function/internal_message.html?_=1707368602222&CODE_STATE=getMsg HTTP/1.1" 200 27
116.230.123.222 - - [08/Feb/2024:13:03:24 +0800] "GET /xingrg/check_reg.html?_=1707368602581 HTTP/1.1" 200 22
116.232.194.112 - - [08/Feb/2024:13:03:26 +0800] "GET /xingrg/check_reg.html?_=1707368523192 HTTP/1.1" 200 22
116.232.194.112 - - [08/Feb/2024:13:03:28 +0800] "GET /xingrg/all/function/internal_message.html?_=1707368524949&CODE_STATE=getMsg HTTP/1.1" 200 27
116.232.194.112 - - [08/Feb/2024:13:03:29 +0800] "GET /xingrg/all/function/internal_message.html?_=1707368525785&CODE_STATE=getMsg HTTP/1.1" 200 27
101.228.146.191 - - [08/Feb/2024:13:03:36 +0800] "GET /xingrg/all/function/internal_message.html?_=1707368615149&CODE_STATE=getMsg HTTP/1.1" 200 27
180.164.1.25 - - [08/Feb/2024:13:03:36 +0800] "GET /xingrg/all/function/internal_message.html?_=1707368615576&CODE_STATE=getMsg HTTP/1.1" 200 27
124.78.156.119 - - [08/Feb/2024:13:03:37 +0800] "GET /xingrg/all/function/internal_message.html?_=1707368616037&CODE_STATE=getMsg HTTP/1.1" 200 27
218.81.65.124 - - [08/Feb/2024:13:03:37 +0800] "POST /xingrg/services/DataTransmitService HTTP/1.1" 200 524
218.81.65.124 - - [08/Feb/2024:13:03:38 +0800] "POST /xingrg/services/DataTransmitService HTTP/1.1" 200 501
120.253.135.82 - - [08/Feb/2024:13:03:38 +0800] "GET /xingrg/all/function/internal_message.html?_=1707368447359&CODE_STATE=getMsg HTTP/1.1" 200 27
180.156.195.45 - - [08/Feb/2024:13:03:44 +0800] "GET /xingrg/all/function/internal_message.html?_=1707368625120&CODE_STATE=getMsg HTTP/1.1" 200 27
101.83.145.37 - - [08/Feb/2024:13:03:46 +0800] "GET /xingrg/all/function/internal_message.html?_=1707368390828&CODE_STATE=getMsg HTTP/1.1" 200 27
101.83.145.37 - - [08/Feb/2024:13:03:46 +0800] "GET /xingrg/check_reg.html?_=1707368391195 HTTP/1.1" 200 22
120.253.135.82 - - [08/Feb/2024:13:03:50 +0800] "POST /xingrg/kc/base/stock_operate.html HTTP/1.1" 200 1483
116.232.39.56 - - [08/Feb/2024:13:03:58 +0800] "GET /xingrg/all/function/internal_message.html?_=1707368639064&CODE_STATE=getMsg HTTP/1.1" 200 27
222.69.128.19 - - [08/Feb/2024:13:04:00 +0800] "GET /xingrg/all/function/internal_message.html?_=1707368641070&CODE_STATE=getMsg HTTP/1.1" 200 27
116.238.120.94 - - [08/Feb/2024:13:04:02 +0800] "GET /xingrg/all/function/internal_message.html?_=1707368642723&CODE_STATE=getMsg HTTP/1.1" 200 27
222.70.172.34 - - [08/Feb/2024:13:04:05 +0800] "GET /xingrg/all/function/internal_message.html?_=1707368660209&CODE_STATE=getMsg HTTP/1.1" 200 27
124.78.68.102 - - [08/Feb/2024:13:04:07 +0800] "GET /xingrg/kc/buy/cgsh_order_operate.html?command=get_materiel&rest_code=00141&code=00101004034&supplier_code=00100085&order_time=2024-02-08 HTTP/1.1" 200 418
120.253.135.82 - - [08/Feb/2024:13:04:09 +0800] "GET /xingrg/all/function/internal_message.html?_=1707368478356&CODE_STATE=getMsg HTTP/1.1" 200 27
124.78.68.102 - - [08/Feb/2024:13:04:18 +0800] "GET /xingrg/all/function/internal_message.html?_=1707368658222&CODE_STATE=getMsg HTTP/1.1" 200 27
101.229.175.60 - - [08/Feb/2024:13:04:18 +0800] "GET /xingrg/all/function/internal_message.html?_=1707368664765&CODE_STATE=getMsg HTTP/1.1" 302 -
124.78.68.102 - - [08/Feb/2024:13:04:19 +0800] "GET /xingrg/check_reg.html?_=1707368659706 HTTP/1.1" 200 22
116.230.123.222 - - [08/Feb/2024:13:04:24 +0800] "GET /xingrg/all/function/internal_message.html?_=1707368662202&CODE_STATE=getMsg HTTP/1.1" 200 27
116.232.194.112 - - [08/Feb/2024:13:04:28 +0800] "GET /xingrg/all/function/internal_message.html?_=1707368584925&CODE_STATE=getMsg HTTP/1.1" 200 27
116.232.194.112 - - [08/Feb/2024:13:04:29 +0800] "GET /xingrg/all/function/internal_message.html?_=1707368585785&CODE_STATE=getMsg HTTP/1.1" 200 27
116.232.194.112 - - [08/Feb/2024:13:04:29 +0800] "GET /xingrg/check_reg.html?_=1707368585787 HTTP/1.1" 200 22
124.78.68.102 - - [08/Feb/2024:13:04:29 +0800] "POST /xingrg/kc/buy/cgsh_order_operate.html HTTP/1.1" 200 37
101.228.146.191 - - [08/Feb/2024:13:04:36 +0800] "GET /xingrg/all/function/internal_message.html?_=1707368675134&CODE_STATE=getMsg HTTP/1.1" 200 27
124.78.68.102 - - [08/Feb/2024:13:04:36 +0800] "POST /xingrg/kc/buy/cgsh_order_operate.html HTTP/1.1" 200 12
180.164.1.25 - - [08/Feb/2024:13:04:36 +0800] "GET /xingrg/all/function/internal_message.html?_=1707368675596&CODE_STATE=getMsg HTTP/1.1" 200 27
124.78.156.119 - - [08/Feb/2024:13:04:37 +0800] "GET /xingrg/all/function/internal_message.html?_=1707368676076&CODE_STATE=getMsg HTTP/1.1" 200 27
120.253.135.82 - - [08/Feb/2024:13:04:38 +0800] "GET /xingrg/all/function/internal_message.html?_=1707368507372&CODE_STATE=getMsg HTTP/1.1" 200 27
120.253.135.82 - - [08/Feb/2024:13:04:39 +0800] "POST /xingrg/kc/base/stock_operate.html HTTP/1.1" 200 1480
124.78.68.102 - - [08/Feb/2024:13:04:41 +0800] "GET /xingrg/kc/buy/cgsh_order_info.html?code=212024020803516 HTTP/1.1" 200 68378
124.78.68.102 - - [08/Feb/2024:13:04:41 +0800] "GET /xingrg/javascript/easyui/themes/default/validatebox.css HTTP/1.1" 404 1104
124.78.68.102 - - [08/Feb/2024:13:04:42 +0800] "POST /xingrg/kc/buy/cgsh_order_operate.html HTTP/1.1" 200 616
180.156.195.45 - - [08/Feb/2024:13:04:44 +0800] "GET /xingrg/check_reg.html?_=1707368685099 HTTP/1.1" 200 22
180.156.195.45 - - [08/Feb/2024:13:04:44 +0800] "GET /xingrg/all/function/internal_message.html?_=1707368685105&CODE_STATE=getMsg HTTP/1.1" 200 27
101.83.145.37 - - [08/Feb/2024:13:04:46 +0800] "GET /xingrg/all/function/internal_message.html?_=1707368450809&CODE_STATE=getMsg HTTP/1.1" 200 27
124.78.68.102 - - [08/Feb/2024:13:04:51 +0800] "GET /xingrg/kc/print/load_data.html?order_code=212024020803516&kc_code=cgsh&condition= HTTP/1.1" 200 775
124.78.156.119 - - [08/Feb/2024:13:04:54 +0800] "POST /xingrg/kc/buy/cgsh_order_operate.html HTTP/1.1" 200 2065
120.253.135.82 - - [08/Feb/2024:13:04:55 +0800] "POST /xingrg/kc/base/stock_operate.html HTTP/1.1" 200 1480
116.232.39.56 - - [08/Feb/2024:13:04:58 +0800] "GET /xingrg/all/function/internal_message.html?_=1707368699054&CODE_STATE=getMsg HTTP/1.1" 200 27
124.78.68.102 - - [08/Feb/2024:13:04:58 +0800] "POST /xingrg/kc/buy/cgsh_order_operate.html HTTP/1.1" 200 8245
124.78.68.102 - - [08/Feb/2024:13:04:58 +0800] "GET /xingrg/javascript/easyui/themes/default/validatebox.css HTTP/1.1" 404 1104
124.78.156.119 - - [08/Feb/2024:13:04:59 +0800] "GET /xingrg/kc/buy/cgsh_order_operate.html?command=get_materiel&rest_code=00106&code=00101008196&supplier_code=00100007&order_time=2024-02-08 HTTP/1.1" 200 416
222.69.128.19 - - [08/Feb/2024:13:05:00 +0800] "GET /xingrg/all/function/internal_message.html?_=1707368701042&CODE_STATE=getMsg HTTP/1.1" 200 27
116.238.120.94 - - [08/Feb/2024:13:05:02 +0800] "GET /xingrg/all/function/internal_message.html?_=1707368702703&CODE_STATE=getMsg HTTP/1.1" 200 27
222.70.172.34 - - [08/Feb/2024:13:05:05 +0800] "GET /xingrg/all/function/internal_message.html?_=1707368720212&CODE_STATE=getMsg HTTP/1.1" 200 27
218.81.65.124 - - [08/Feb/2024:13:05:06 +0800] "GET /xingrg/index.html?sysBaseUrl=http%3A%2F%2F180.169.147.146%3A18081%2Fxingrg%2F&costTime=44×tamp=1622098168715 HTTP/1.1" 200 17179
218.81.65.124 - - [08/Feb/2024:13:05:07 +0800] "POST /xingrg/all/common/load_tree.html?tree=area_rest_tree_json&manage=1 HTTP/1.1" 200 351
218.81.65.124 - - [08/Feb/2024:13:05:08 +0800] "GET /xingrg/all/function/internal_message.html?_=1707368714430&CODE_STATE=count HTTP/1.1" 200 11
218.81.65.124 - - [08/Feb/2024:13:05:08 +0800] "GET /xingrg/check_reg.html?_=1707368714431 HTTP/1.1" 200 22
218.81.65.124 - - [08/Feb/2024:13:05:08 +0800] "POST /xingrg/load_menu.html HTTP/1.1" 200 5138
218.81.65.124 - - [08/Feb/2024:13:05:08 +0800] "GET /favicon.ico HTTP/1.1" 404 -
124.78.156.119 - - [08/Feb/2024:13:05:08 +0800] "GET /xingrg/kc/buy/cgsh_order_operate.html?command=get_materiel&rest_code=00106&code=00101008251&supplier_code=00100007&order_time=2024-02-08 HTTP/1.1" 200 408
120.253.135.82 - - [08/Feb/2024:13:05:09 +0800] "GET /xingrg/all/function/internal_message.html?_=1707368538370&CODE_STATE=getMsg HTTP/1.1" 200 27
124.78.68.102 - - [08/Feb/2024:13:05:09 +0800] "GET /xingrg/kc/buy/cgsh_order_operate.html?command=get_materiel&rest_code=00141&code=00101001115&supplier_code=00100089&order_time=2024-02-08 HTTP/1.1" 200 413
218.81.65.124 - - [08/Feb/2024:13:05:12 +0800] "GET /xingrg/kc/base/yddb_order_list.html HTTP/1.1" 200 16624
218.81.65.124 - - [08/Feb/2024:13:05:13 +0800] "POST /xingrg/kc/base/yddb_list_operate.html HTTP/1.1" 200 636
218.81.65.124 - - [08/Feb/2024:13:05:17 +0800] "GET /xingrg/kc/base/yddb_order_add.html HTTP/1.1" 200 30039
218.81.65.124 - - [08/Feb/2024:13:05:17 +0800] "GET /xingrg/dwr/interface/AjaxComOrderService.js HTTP/1.1" 200 18264
218.81.65.124 - - [08/Feb/2024:13:05:17 +0800] "GET /xingrg/dwr/interface/AjaxYddbService.js HTTP/1.1" 200 13201
218.81.65.124 - - [08/Feb/2024:13:05:17 +0800] "GET /xingrg/dwr/engine.js HTTP/1.1" 200 43631
218.81.65.124 - - [08/Feb/2024:13:05:17 +0800] "GET /xingrg/dwr/util.js HTTP/1.1" 304 -
124.78.68.102 - - [08/Feb/2024:13:05:18 +0800] "GET /xingrg/all/function/internal_message.html?_=1707368718210&CODE_STATE=getMsg HTTP/1.1" 200 27
101.229.175.60 - - [08/Feb/2024:13:05:18 +0800] "GET /xingrg/all/function/internal_message.html?_=1707368724766&CODE_STATE=getMsg HTTP/1.1" 302 -
218.81.65.124 - - [08/Feb/2024:13:05:21 +0800] "POST /xingrg/dwr/call/plaincall/AjaxYddbService.getRestBases.dwr HTTP/1.1" 200 1055
116.230.123.222 - - [08/Feb/2024:13:05:24 +0800] "GET /xingrg/all/function/internal_message.html?_=1707368722185&CODE_STATE=getMsg HTTP/1.1" 200 27
120.253.135.82 - - [08/Feb/2024:13:05:26 +0800] "POST /xingrg/kc/base/stock_operate.html HTTP/1.1" 200 1480
116.238.97.31 - - [08/Feb/2024:13:05:26 +0800] "POST /xingrg/services/DataTransmitService HTTP/1.1" 200 524
116.232.194.112 - - [08/Feb/2024:13:05:28 +0800] "GET /xingrg/all/function/internal_message.html?_=1707368644908&CODE_STATE=getMsg HTTP/1.1" 200 27
218.81.65.124 - - [08/Feb/2024:13:05:29 +0800] "POST /xingrg/dwr/call/plaincall/AjaxYddbService.saveOrder.dwr HTTP/1.1" 200 78
116.232.194.112 - - [08/Feb/2024:13:05:29 +0800] "GET /xingrg/all/function/internal_message.html?_=1707368645786&CODE_STATE=getMsg HTTP/1.1" 200 27
116.238.97.31 - - [08/Feb/2024:13:05:29 +0800] "POST /xingrg/services/DataTransmitService HTTP/1.1" 200 501
116.238.97.31 - - [08/Feb/2024:13:05:29 +0800] "POST /xingrg/services/DataTransmitService HTTP/1.1" 200 501
116.238.97.31 - - [08/Feb/2024:13:05:30 +0800] "POST /xingrg/services/DataTransmitService HTTP/1.1" 200 501
116.238.97.31 - - [08/Feb/2024:13:05:31 +0800] "POST /xingrg/services/DataTransmitService HTTP/1.1" 200 501
116.238.97.31 - - [08/Feb/2024:13:05:31 +0800] "POST /xingrg/services/DataTransmitService HTTP/1.1" 200 501
116.238.97.31 - - [08/Feb/2024:13:05:32 +0800] "POST /xingrg/services/DataTransmitService HTTP/1.1" 200 501
116.238.97.31 - - [08/Feb/2024:13:05:32 +0800] "POST /xingrg/services/DataTransmitService HTTP/1.1" 200 501
116.238.97.31 - - [08/Feb/2024:13:05:33 +0800] "POST /xingrg/services/DataTransmitService HTTP/1.1" 200 501
116.238.97.31 - - [08/Feb/2024:13:05:34 +0800] "POST /xingrg/services/DataTransmitService HTTP/1.1" 200 412
101.228.146.191 - - [08/Feb/2024:13:05:36 +0800] "GET /xingrg/all/function/internal_message.html?_=1707368735135&CODE_STATE=getMsg HTTP/1.1" 200 27
180.164.1.25 - - [08/Feb/2024:13:05:36 +0800] "GET /xingrg/check_reg.html?_=1707368735590 HTTP/1.1" 200 22
180.164.1.25 - - [08/Feb/2024:13:05:36 +0800] "GET /xingrg/all/function/internal_message.html?_=1707368735592&CODE_STATE=getMsg HTTP/1.1" 200 27
124.78.156.119 - - [08/Feb/2024:13:05:37 +0800] "GET /xingrg/all/function/internal_message.html?_=1707368736057&CODE_STATE=getMsg HTTP/1.1" 200 27
120.253.135.82 - - [08/Feb/2024:13:05:38 +0800] "GET /xingrg/check_reg.html?_=1707368567310 HTTP/1.1" 200 22
120.253.135.82 - - [08/Feb/2024:13:05:38 +0800] "GET /xingrg/all/function/internal_message.html?_=1707368567386&CODE_STATE=getMsg HTTP/1.1" 200 27
218.81.65.124 - - [08/Feb/2024:13:05:38 +0800] "POST /xingrg/dwr/call/plaincall/AjaxComOrderService.getMaterielSearchList.dwr HTTP/1.1" 200 76
218.81.65.124 - - [08/Feb/2024:13:05:39 +0800] "POST /xingrg/dwr/call/plaincall/AjaxComOrderService.getMaterielSearchList.dwr HTTP/1.1" 200 76
218.81.65.124 - - [08/Feb/2024:13:05:39 +0800] "POST /xingrg/dwr/call/plaincall/AjaxComOrderService.getMaterielSearchList.dwr HTTP/1.1" 200 76
120.253.135.82 - - [08/Feb/2024:13:05:41 +0800] "GET /xingrg/kc/report/report_main.html HTTP/1.1" 200 8599
218.81.65.124 - - [08/Feb/2024:13:05:41 +0800] "POST /xingrg/dwr/call/plaincall/AjaxComOrderService.getMaterielSearchList.dwr HTTP/1.1" 200 76
218.81.65.124 - - [08/Feb/2024:13:05:42 +0800] "POST /xingrg/dwr/call/plaincall/AjaxComOrderService.getMaterielSearchList.dwr HTTP/1.1" 200 1047
120.253.135.82 - - [08/Feb/2024:13:05:43 +0800] "GET /xingrg/kc/base/kc_stocks.html HTTP/1.1" 200 16554
120.253.135.82 - - [08/Feb/2024:13:05:43 +0800] "GET /xingrg/javascript/easyui/themes/default/tree.css HTTP/1.1" 404 1090
120.253.135.82 - - [08/Feb/2024:13:05:43 +0800] "POST /xingrg/all/common/load_tree.html?tree=materiel_sort_tree_json HTTP/1.1" 200 9734
180.156.195.45 - - [08/Feb/2024:13:05:44 +0800] "GET /xingrg/all/function/internal_message.html?_=1707368745124&CODE_STATE=getMsg HTTP/1.1" 200 27
120.253.135.82 - - [08/Feb/2024:13:05:45 +0800] "POST /xingrg/all/common/load_combo.html?type=base HTTP/1.1" 200 1169
101.83.145.37 - - [08/Feb/2024:13:05:46 +0800] "GET /xingrg/all/function/internal_message.html?_=1707368510804&CODE_STATE=getMsg HTTP/1.1" 200 27
218.81.65.124 - - [08/Feb/2024:13:05:46 +0800] "POST /xingrg/dwr/call/plaincall/AjaxYddbService.getMaterielByMap.dwr HTTP/1.1" 200 2772
218.81.65.124 - - [08/Feb/2024:13:05:52 +0800] "GET /xingrg/images/yd/bt.gif HTTP/1.1" 404 1040
120.253.135.82 - - [08/Feb/2024:13:05:53 +0800] "POST /xingrg/kc/base/stock_operate.html HTTP/1.1" 200 1458
218.81.65.124 - - [08/Feb/2024:13:05:53 +0800] "POST /xingrg/dwr/call/plaincall/AjaxYddbService.saveMaterielItem.dwr HTTP/1.1" 200 78
124.78.156.119 - - [08/Feb/2024:13:05:55 +0800] "POST /xingrg/kc/buy/cgsh_order_operate.html HTTP/1.1" 200 2065
120.253.135.82 - - [08/Feb/2024:13:05:56 +0800] "GET /xingrg/kc/base/stock_detail.html?m=00102002511 HTTP/1.1" 200 6433
222.69.128.19 - - [08/Feb/2024:13:05:57 +0800] "GET /xingrg/check_reg.html?_=1707368757847 HTTP/1.1" 200 22
116.232.39.56 - - [08/Feb/2024:13:05:58 +0800] "GET /xingrg/all/function/internal_message.html?_=1707368759062&CODE_STATE=getMsg HTTP/1.1" 200 27
116.232.39.56 - - [08/Feb/2024:13:05:58 +0800] "GET /xingrg/check_reg.html?_=1707368759065 HTTP/1.1" 200 22
120.253.135.82 - - [08/Feb/2024:13:05:58 +0800] "GET /xingrg/kc/base/stock_operate.html?_=1707368587541&command=get_report_file&start_day=20240201 HTTP/1.1" 200 53
120.253.135.82 - - [08/Feb/2024:13:05:58 +0800] "GET /xingrg/all/report/report_query.html?isQuery=1&onlyBody=1&rh=2000&fileName=kc/base/kc_stock_detail_new.xml&queryString=(1=1)&queryText=&tableQueryString=init_table$sp1$$sp$crk_table$sp1$order_day%20between%2020240201%20and%2020240229&varString=start_day:20240201,materiel_code:00102002511,cost_id:4843,end_date:20231231 HTTP/1.1" 200 48701
120.253.135.82 - - [08/Feb/2024:13:05:58 +0800] "GET /xingrg/dwr/engine.js HTTP/1.1" 200 43631
120.253.135.82 - - [08/Feb/2024:13:05:58 +0800] "GET /xingrg/dwr/interface/AjaxReportQueryService.js HTTP/1.1" 200 13203
218.81.65.124 - - [08/Feb/2024:13:06:00 +0800] "GET /xingrg/kc/base/kc_stocks.html HTTP/1.1" 200 16560
120.253.135.82 - - [08/Feb/2024:13:06:00 +0800] "POST /xingrg/all/report/load_report_page.html HTTP/1.1" 200 30020
120.253.135.82 - - [08/Feb/2024:13:06:00 +0800] "GET /xingrg/servlets/image?cache=0.2880779825474078&image=px HTTP/1.1" 200 807
218.81.65.124 - - [08/Feb/2024:13:06:00 +0800] "GET /xingrg/javascript/easyui/themes/default/tree.css HTTP/1.1" 404 1090
218.81.65.124 - - [08/Feb/2024:13:06:00 +0800] "GET /xingrg/all/common/auto_word.html?type=base&rest_code=00148 HTTP/1.1" 200 1799
218.81.65.124 - - [08/Feb/2024:13:06:00 +0800] "POST /xingrg/all/common/load_tree.html?tree=materiel_sort_tree_json HTTP/1.1" 200 9734
222.69.128.19 - - [08/Feb/2024:13:06:00 +0800] "GET /xingrg/all/function/internal_message.html?_=1707368761027&CODE_STATE=getMsg HTTP/1.1" 200 27
116.238.120.94 - - [08/Feb/2024:13:06:02 +0800] "GET /xingrg/all/function/internal_message.html?_=1707368762723&CODE_STATE=getMsg HTTP/1.1" 200 27
222.70.172.34 - - [08/Feb/2024:13:06:05 +0800] "GET /xingrg/all/function/internal_message.html?_=1707368780327&CODE_STATE=getMsg HTTP/1.1" 200 27
218.81.65.124 - - [08/Feb/2024:13:06:06 +0800] "POST /xingrg/kc/base/stock_operate.html HTTP/1.1" 200 2729
124.78.156.119 - - [08/Feb/2024:13:06:06 +0800] "GET /xingrg/kc/buy/cgsh_order_operate.html?command=get_materiel&rest_code=00106&code=00101008108&supplier_code=00100007&order_time=2024-02-08 HTTP/1.1" 200 412
218.81.65.124 - - [08/Feb/2024:13:06:08 +0800] "GET /xingrg/all/function/internal_message.html?_=1707368774433&CODE_STATE=getMsg HTTP/1.1" 200 27
218.81.65.124 - - [08/Feb/2024:13:06:08 +0800] "GET /xingrg/kc/base/stock_detail.html?m=00101023016 HTTP/1.1" 200 7364
120.253.135.82 - - [08/Feb/2024:13:06:09 +0800] "GET /xingrg/all/function/internal_message.html?_=1707368598392&CODE_STATE=getMsg HTTP/1.1" 200 27
218.81.65.124 - - [08/Feb/2024:13:06:10 +0800] "GET /xingrg/kc/base/stock_operate.html?_=1707368776418&command=get_report_file&start_day=20240201 HTTP/1.1" 200 53
218.81.65.124 - - [08/Feb/2024:13:06:10 +0800] "GET /xingrg/all/report/report_query.html?isQuery=1&onlyBody=1&rh=2000&fileName=kc/base/kc_stock_detail_new.xml&queryString=(1=1)&queryText=&tableQueryString=init_table$sp1$$sp$crk_table$sp1$order_day%20between%2020240201%20and%2020240229&varString=start_day:20240201,materiel_code:00101023016,cost_id:4882,end_date:20240131 HTTP/1.1" 200 48701
218.81.65.124 - - [08/Feb/2024:13:06:10 +0800] "GET /xingrg/dwr/interface/AjaxReportQueryService.js HTTP/1.1" 200 13203
218.81.65.124 - - [08/Feb/2024:13:06:10 +0800] "GET /xingrg/dwr/engine.js HTTP/1.1" 200 43631
218.81.65.124 - - [08/Feb/2024:13:06:11 +0800] "POST /xingrg/all/report/load_report_page.html HTTP/1.1" 200 30059
218.81.65.124 - - [08/Feb/2024:13:06:11 +0800] "GET /xingrg/servlets/image?cache=0.28354864766685195&image=px HTTP/1.1" 200 807
120.253.135.82 - - [08/Feb/2024:13:06:12 +0800] "GET /xingrg/kc/base/stock_operate.html?_=1707368600998&command=get_report_file&start_day=20240101 HTTP/1.1" 200 53
120.253.135.82 - - [08/Feb/2024:13:06:12 +0800] "GET /xingrg/all/report/report_query.html?isQuery=1&onlyBody=1&rh=2000&fileName=kc/base/kc_stock_detail_new.xml&queryString=(1=1)&queryText=&tableQueryString=init_table$sp1$$sp$crk_table$sp1$order_day%20between%2020240101%20and%2020240229&varString=start_day:20240101,materiel_code:00102002511,cost_id:4843,end_date:20231231 HTTP/1.1" 200 48701
120.253.135.82 - - [08/Feb/2024:13:06:12 +0800] "GET /xingrg/dwr/engine.js HTTP/1.1" 200 43631
120.253.135.82 - - [08/Feb/2024:13:06:12 +0800] "GET /xingrg/dwr/interface/AjaxReportQueryService.js HTTP/1.1" 200 13203
120.253.135.82 - - [08/Feb/2024:13:06:13 +0800] "POST /xingrg/all/report/load_report_page.html HTTP/1.1" 200 64272
120.253.135.82 - - [08/Feb/2024:13:06:13 +0800] "GET /xingrg/servlets/image?cache=0.5199079654997149&image=px HTTP/1.1" 200 807
124.78.68.102 - - [08/Feb/2024:13:06:18 +0800] "GET /xingrg/all/function/internal_message.html?_=1707368778204&CODE_STATE=getMsg HTTP/1.1" 200 27
101.229.175.60 - - [08/Feb/2024:13:06:18 +0800] "GET /xingrg/all/function/internal_message.html?_=1707368784767&CODE_STATE=getMsg HTTP/1.1" 302 -
218.81.65.124 - - [08/Feb/2024:13:06:19 +0800] "GET /xingrg/kc/base/stock_operate.html?_=1707368785475&command=get_report_file&start_day=20240101 HTTP/1.1" 200 53
218.81.65.124 - - [08/Feb/2024:13:06:19 +0800] "GET /xingrg/all/report/report_query.html?isQuery=1&onlyBody=1&rh=2000&fileName=kc/base/kc_stock_detail_new.xml&queryString=(1=1)&queryText=&tableQueryString=init_table$sp1$$sp$crk_table$sp1$order_day%20between%2020240101%20and%2020240229&varString=start_day:20240101,materiel_code:00101023016,cost_id:4841,end_date:20231231 HTTP/1.1" 200 48701
218.81.65.124 - - [08/Feb/2024:13:06:19 +0800] "GET /xingrg/dwr/interface/AjaxReportQueryService.js HTTP/1.1" 200 13203
218.81.65.124 - - [08/Feb/2024:13:06:19 +0800] "GET /xingrg/dwr/engine.js HTTP/1.1" 200 43631
218.81.65.124 - - [08/Feb/2024:13:06:20 +0800] "POST /xingrg/all/report/load_report_page.html HTTP/1.1" 200 69018
218.81.65.124 - - [08/Feb/2024:13:06:20 +0800] "GET /xingrg/servlets/image?cache=0.7880449758990797&image=px HTTP/1.1" 200 807
120.253.135.82 - - [08/Feb/2024:13:06:21 +0800] "GET /xingrg/kc/base/stock_operate.html?_=1707368610044&command=get_report_file&start_day=20231201 HTTP/1.1" 200 53
120.253.135.82 - - [08/Feb/2024:13:06:21 +0800] "GET /xingrg/all/report/report_query.html?isQuery=1&onlyBody=1&rh=2000&fileName=kc/base/kc_stock_detail_new.xml&queryString=(1=1)&queryText=&tableQueryString=init_table$sp1$$sp$crk_table$sp1$order_day%20between%2020231201%20and%2020240229&varString=start_day:20231201,materiel_code:00102002511,cost_id:4772,end_date:20231130 HTTP/1.1" 200 48701
120.253.135.82 - - [08/Feb/2024:13:06:21 +0800] "GET /xingrg/dwr/engine.js HTTP/1.1" 200 43631
120.253.135.82 - - [08/Feb/2024:13:06:21 +0800] "GET /xingrg/dwr/interface/AjaxReportQueryService.js HTTP/1.1" 200 13203
120.253.135.82 - - [08/Feb/2024:13:06:22 +0800] "POST /xingrg/all/report/load_report_page.html HTTP/1.1" 200 78893
120.253.135.82 - - [08/Feb/2024:13:06:23 +0800] "GET /xingrg/servlets/image?cache=0.851153044664758&image=px HTTP/1.1" 200 807
116.230.123.222 - - [08/Feb/2024:13:06:24 +0800] "GET /xingrg/all/function/internal_message.html?_=1707368782168&CODE_STATE=getMsg HTTP/1.1" 200 27
116.232.194.112 - - [08/Feb/2024:13:06:28 +0800] "GET /xingrg/all/function/internal_message.html?_=1707368704881&CODE_STATE=getMsg HTTP/1.1" 200 27
124.78.68.102 - - [08/Feb/2024:13:06:29 +0800] "POST /xingrg/kc/buy/cgsh_order_operate.html HTTP/1.1" 200 37
116.232.194.112 - - [08/Feb/2024:13:06:29 +0800] "GET /xingrg/all/function/internal_message.html?_=1707368705787&CODE_STATE=getMsg HTTP/1.1" 200 27
218.81.65.124 - - [08/Feb/2024:13:06:34 +0800] "POST /xingrg/dwr/call/plaincall/AjaxYddbService.saveMaterielItem.dwr HTTP/1.1" 200 78
124.78.68.102 - - [08/Feb/2024:13:06:35 +0800] "POST /xingrg/kc/buy/cgsh_order_operate.html HTTP/1.1" 200 12
101.228.146.191 - - [08/Feb/2024:13:06:36 +0800] "GET /xingrg/all/function/internal_message.html?_=1707368795135&CODE_STATE=getMsg HTTP/1.1" 200 27
180.164.1.25 - - [08/Feb/2024:13:06:36 +0800] "GET /xingrg/all/function/internal_message.html?_=1707368795592&CODE_STATE=getMsg HTTP/1.1" 200 27
124.78.156.119 - - [08/Feb/2024:13:06:37 +0800] "GET /xingrg/all/function/internal_message.html?_=1707368796037&CODE_STATE=getMsg HTTP/1.1" 200 27
124.78.68.102 - - [08/Feb/2024:13:06:38 +0800] "GET /xingrg/kc/buy/cgsh_order_info.html?code=212024020803517 HTTP/1.1" 200 68378
120.253.135.82 - - [08/Feb/2024:13:06:38 +0800] "GET /xingrg/all/function/internal_message.html?_=1707368627399&CODE_STATE=getMsg HTTP/1.1" 200 27
124.78.68.102 - - [08/Feb/2024:13:06:38 +0800] "GET /xingrg/javascript/easyui/themes/default/validatebox.css HTTP/1.1" 404 1104
120.253.135.82 - - [08/Feb/2024:13:06:38 +0800] "GET /xingrg/kc/guide/show_order.html?code=452023123100335&type=45 HTTP/1.1" 302 -
120.253.135.82 - - [08/Feb/2024:13:06:39 +0800] "GET /xingrg/kc/base/check_order_info.html?code=452023123100335&sysBaseUrl=http%3A%2F%2F180.169.147.146%3A18081%2Fxingrg%2F&costTime=0×tamp=1707368798972 HTTP/1.1" 200 22866
120.253.135.82 - - [08/Feb/2024:13:06:39 +0800] "GET /xingrg/dwr/interface/AjaxCheckService.js HTTP/1.1" 200 14003
120.253.135.82 - - [08/Feb/2024:13:06:39 +0800] "GET /xingrg/dwr/engine.js HTTP/1.1" 200 43631
120.253.135.82 - - [08/Feb/2024:13:06:39 +0800] "GET /xingrg/javascript/jquery_easy_ui/themes/icons/exam_new.png HTTP/1.1" 200 756
120.253.135.82 - - [08/Feb/2024:13:06:39 +0800] "GET /favicon.ico HTTP/1.1" 404 -
124.78.68.102 - - [08/Feb/2024:13:06:39 +0800] "POST /xingrg/kc/buy/cgsh_order_operate.html HTTP/1.1" 200 611
120.253.135.82 - - [08/Feb/2024:13:06:40 +0800] "POST /xingrg/dwr/call/plaincall/AjaxCheckService.loadOrderItems.dwr HTTP/1.1" 200 46203
124.78.68.102 - - [08/Feb/2024:13:06:43 +0800] "GET /xingrg/kc/print/load_data.html?order_code=212024020803517&kc_code=cgsh&condition= HTTP/1.1" 200 789
180.156.195.45 - - [08/Feb/2024:13:06:44 +0800] "GET /xingrg/all/function/internal_message.html?_=1707368805109&CODE_STATE=getMsg HTTP/1.1" 200 27
218.81.65.124 - - [08/Feb/2024:13:06:45 +0800] "POST /xingrg/dwr/call/plaincall/AjaxYddbService.checkOrder.dwr HTTP/1.1" 200 79
101.83.145.37 - - [08/Feb/2024:13:06:46 +0800] "GET /xingrg/all/function/internal_message.html?_=1707368570794&CODE_STATE=getMsg HTTP/1.1" 200 27
218.81.65.124 - - [08/Feb/2024:13:06:46 +0800] "GET /xingrg/kc/base/yddb_order_info.html?code=482024020800050 HTTP/1.1" 200 29785
218.81.65.124 - - [08/Feb/2024:13:06:46 +0800] "GET /xingrg/dwr/interface/AjaxComOrderService.js HTTP/1.1" 200 18264
218.81.65.124 - - [08/Feb/2024:13:06:46 +0800] "GET /xingrg/dwr/interface/AjaxYddbService.js HTTP/1.1" 200 13201
218.81.65.124 - - [08/Feb/2024:13:06:46 +0800] "GET /xingrg/dwr/engine.js HTTP/1.1" 200 43631
218.81.65.124 - - [08/Feb/2024:13:06:47 +0800] "POST /xingrg/dwr/call/plaincall/AjaxYddbService.loadMaterielItems.dwr HTTP/1.1" 200 410
218.81.65.124 - - [08/Feb/2024:13:06:49 +0800] "GET /xingrg/kc/base/yddb_order_report.html?fileType=servlets/html&code=482024020800050&reportName=ck_order_report&subName=yddb HTTP/1.1" 302 -
218.81.65.124 - - [08/Feb/2024:13:06:49 +0800] "GET /xingrg/servlets/html?sysBaseUrl=http%3A%2F%2F180.169.147.146%3A18081%2Fxingrg%2F&costTime=422×tamp=1707368809245 HTTP/1.1" 200 14703
218.81.65.124 - - [08/Feb/2024:13:06:49 +0800] "GET /xingrg/servlets/image?image=px HTTP/1.1" 200 807
218.81.65.124 - - [08/Feb/2024:13:06:49 +0800] "GET /favicon.ico HTTP/1.1" 404 -
116.232.39.56 - - [08/Feb/2024:13:06:58 +0800] "GET /xingrg/all/function/internal_message.html?_=1707368819058&CODE_STATE=getMsg HTTP/1.1" 200 27
124.78.68.102 - - [08/Feb/2024:13:06:58 +0800] "POST /xingrg/kc/buy/cgsh_order_operate.html HTTP/1.1" 200 8245
124.78.68.102 - - [08/Feb/2024:13:06:58 +0800] "GET /xingrg/javascript/easyui/themes/default/validatebox.css HTTP/1.1" 404 1104
222.70.172.34 - - [08/Feb/2024:13:06:59 +0800] "GET /xingrg/check_reg.html?_=1707368834332 HTTP/1.1" 200 22
222.69.128.19 - - [08/Feb/2024:13:07:00 +0800] "GET /xingrg/all/function/internal_message.html?_=1707368821011&CODE_STATE=getMsg HTTP/1.1" 200 27
124.78.156.119 - - [08/Feb/2024:13:07:01 +0800] "POST /xingrg/kc/buy/cgsh_order_operate.html HTTP/1.1" 200 37
116.238.120.94 - - [08/Feb/2024:13:07:02 +0800] "GET /xingrg/all/function/internal_message.html?_=1707368822709&CODE_STATE=getMsg HTTP/1.1" 200 27
222.70.172.34 - - [08/Feb/2024:13:07:05 +0800] "GET /xingrg/all/function/internal_message.html?_=1707368840333&CODE_STATE=getMsg HTTP/1.1" 200 27
101.83.145.37 - - [08/Feb/2024:13:07:07 +0800] "GET /xingrg/kc/buy/cgsh_order_operate.html?command=get_materiel&rest_code=00105&code=00101008271&supplier_code=00100005&order_time=2024-02-08 HTTP/1.1" 200 408
218.81.65.124 - - [08/Feb/2024:13:07:08 +0800] "GET /xingrg/all/function/internal_message.html?_=1707368834441&CODE_STATE=getMsg HTTP/1.1" 200 27
120.253.135.82 - - [08/Feb/2024:13:07:09 +0800] "GET /xingrg/all/function/internal_message.html?_=1707368658397&CODE_STATE=getMsg HTTP/1.1" 200 27
101.83.145.37 - - [08/Feb/2024:13:07:12 +0800] "POST /xingrg/kc/buy/cgsh_order_operate.html HTTP/1.1" 200 2065
124.78.68.102 - - [08/Feb/2024:13:07:14 +0800] "GET /xingrg/kc/buy/cgsh_order_operate.html?command=get_materiel&rest_code=00141&code=00101003035&supplier_code=00100092&order_time=2024-02-08 HTTP/1.1" 200 414
124.78.68.102 - - [08/Feb/2024:13:07:18 +0800] "GET /xingrg/all/function/internal_message.html?_=1707368838174&CODE_STATE=getMsg HTTP/1.1" 200 27
101.229.175.60 - - [08/Feb/2024:13:07:18 +0800] "GET /xingrg/all/function/internal_message.html?_=1707368844768&CODE_STATE=getMsg HTTP/1.1" 302 -
116.230.123.222 - - [08/Feb/2024:13:07:24 +0800] "GET /xingrg/all/function/internal_message.html?_=1707368842151&CODE_STATE=getMsg HTTP/1.1" 200 27
116.232.194.112 - - [08/Feb/2024:13:07:28 +0800] "GET /xingrg/all/function/internal_message.html?_=1707368764875&CODE_STATE=getMsg HTTP/1.1" 200 27
116.232.194.112 - - [08/Feb/2024:13:07:29 +0800] "GET /xingrg/all/function/internal_message.html?_=1707368765780&CODE_STATE=getMsg HTTP/1.1" 200 27
124.78.68.102 - - [08/Feb/2024:13:07:30 +0800] "GET /xingrg/kc/buy/cgsh_order_operate.html?command=get_materiel&rest_code=00141&code=00101003006&supplier_code=00100092&order_time=2024-02-08 HTTP/1.1" 200 414
218.81.65.124 - - [08/Feb/2024:13:07:35 +0800] "GET /xingrg/kc/base/wldb_order_list.html HTTP/1.1" 200 19019
101.228.146.191 - - [08/Feb/2024:13:07:36 +0800] "GET /xingrg/all/function/internal_message.html?_=1707368855135&CODE_STATE=getMsg HTTP/1.1" 200 27
101.228.146.191 - - [08/Feb/2024:13:07:36 +0800] "GET /xingrg/check_reg.html?_=1707368855137 HTTP/1.1" 200 22
180.164.1.25 - - [08/Feb/2024:13:07:36 +0800] "GET /xingrg/all/function/internal_message.html?_=1707368855590&CODE_STATE=getMsg HTTP/1.1" 200 27
218.81.65.124 - - [08/Feb/2024:13:07:36 +0800] "POST /xingrg/kc/base/wldb_list_operate.html HTTP/1.1" 200 928
120.253.135.82 - - [08/Feb/2024:13:07:38 +0800] "GET /xingrg/all/function/internal_message.html?_=1707368687433&CODE_STATE=getMsg HTTP/1.1" 200 27
180.156.195.45 - - [08/Feb/2024:13:07:44 +0800] "GET /xingrg/all/function/internal_message.html?_=1707368865103&CODE_STATE=getMsg HTTP/1.1" 200 27
101.83.145.37 - - [08/Feb/2024:13:07:46 +0800] "GET /xingrg/all/function/internal_message.html?_=1707368630770&CODE_STATE=getMsg HTTP/1.1" 200 27
124.78.68.102 - - [08/Feb/2024:13:07:56 +0800] "POST /xingrg/kc/buy/cgsh_order_operate.html HTTP/1.1" 200 37
124.78.156.119 - - [08/Feb/2024:13:07:56 +0800] "POST /xingrg/kc/buy/cgsh_order_operate.html HTTP/1.1" 200 52488
116.232.39.56 - - [08/Feb/2024:13:07:58 +0800] "GET /xingrg/all/function/internal_message.html?_=1707368879071&CODE_STATE=getMsg HTTP/1.1" 200 27
222.69.128.19 - - [08/Feb/2024:13:08:00 +0800] "GET /xingrg/all/function/internal_message.html?_=1707368880994&CODE_STATE=getMsg HTTP/1.1" 200 27
116.238.120.94 - - [08/Feb/2024:13:08:02 +0800] "GET /xingrg/check_reg.html?_=1707368882710 HTTP/1.1" 200 22
116.238.120.94 - - [08/Feb/2024:13:08:02 +0800] "GET /xingrg/all/function/internal_message.html?_=1707368882716&CODE_STATE=getMsg HTTP/1.1" 200 27
124.78.68.102 - - [08/Feb/2024:13:08:03 +0800] "POST /xingrg/kc/buy/cgsh_order_operate.html HTTP/1.1" 200 12
124.78.68.102 - - [08/Feb/2024:13:08:05 +0800] "GET /xingrg/kc/buy/cgsh_order_info.html?code=212024020803518 HTTP/1.1" 200 68378
222.70.172.34 - - [08/Feb/2024:13:08:05 +0800] "GET /xingrg/all/function/internal_message.html?_=1707368900346&CODE_STATE=getMsg HTTP/1.1" 200 27
124.78.68.102 - - [08/Feb/2024:13:08:06 +0800] "GET /xingrg/javascript/easyui/themes/default/validatebox.css HTTP/1.1" 404 1104
124.78.68.102 - - [08/Feb/2024:13:08:07 +0800] "POST /xingrg/kc/buy/cgsh_order_operate.html HTTP/1.1" 200 1211
218.81.65.124 - - [08/Feb/2024:13:08:08 +0800] "GET /xingrg/all/function/internal_message.html?_=1707368894448&CODE_STATE=getMsg HTTP/1.1" 200 27
120.253.135.82 - - [08/Feb/2024:13:08:09 +0800] "GET /xingrg/all/function/internal_message.html?_=1707368718419&CODE_STATE=getMsg HTTP/1.1" 200 27
124.78.68.102 - - [08/Feb/2024:13:08:09 +0800] "GET /xingrg/kc/print/load_data.html?order_code=212024020803518&kc_code=cgsh&condition= HTTP/1.1" 200 998
124.78.156.119 - - [08/Feb/2024:13:08:11 +0800] "GET /xingrg/kc/buy/cgsh_order_operate.html?command=get_materiel&rest_code=00106&code=00101008298&supplier_code=00100007&order_time=2024-02-08 HTTP/1.1" 200 412
120.253.135.82 - - [08/Feb/2024:13:08:14 +0800] "GET /xingrg/check_reg.html?_=1707368722981 HTTP/1.1" 200 22
124.78.68.102 - - [08/Feb/2024:13:08:14 +0800] "POST /xingrg/kc/buy/cgsh_order_operate.html HTTP/1.1" 200 8245
124.78.68.102 - - [08/Feb/2024:13:08:14 +0800] "GET /xingrg/javascript/easyui/themes/default/validatebox.css HTTP/1.1" 404 1104
124.78.68.102 - - [08/Feb/2024:13:08:18 +0800] "GET /xingrg/all/function/internal_message.html?_=1707368898159&CODE_STATE=getMsg HTTP/1.1" 200 27
101.229.175.60 - - [08/Feb/2024:13:08:18 +0800] "GET /xingrg/all/function/internal_message.html?_=1707368904769&CODE_STATE=getMsg HTTP/1.1" 302 -
101.229.175.60 - - [08/Feb/2024:13:08:18 +0800] "GET /xingrg/check_reg.html?_=1707368904773 HTTP/1.1" 302 -
116.232.39.56 - - [08/Feb/2024:13:08:21 +0800] "POST /xingrg/kc/buy/cgsh_list_operate.html HTTP/1.1" 200 5107
116.230.123.222 - - [08/Feb/2024:13:08:24 +0800] "GET /xingrg/all/function/internal_message.html?_=1707368902134&CODE_STATE=getMsg HTTP/1.1" 200 27
116.230.123.222 - - [08/Feb/2024:13:08:24 +0800] "GET /xingrg/check_reg.html?_=1707368902556 HTTP/1.1" 200 22
116.232.194.112 - - [08/Feb/2024:13:08:26 +0800] "GET /xingrg/check_reg.html?_=1707368823204 HTTP/1.1" 200 22
116.232.194.112 - - [08/Feb/2024:13:08:28 +0800] "GET /xingrg/all/function/internal_message.html?_=1707368824860&CODE_STATE=getMsg HTTP/1.1" 200 27
124.78.68.102 - - [08/Feb/2024:13:08:28 +0800] "GET /xingrg/kc/buy/cgsh_order_operate.html?command=get_materiel&rest_code=00141&code=00101010885&supplier_code=00100336&order_time=2024-02-08 HTTP/1.1" 200 423
116.232.194.112 - - [08/Feb/2024:13:08:29 +0800] "GET /xingrg/all/function/internal_message.html?_=1707368825769&CODE_STATE=getMsg HTTP/1.1" 200 27
101.228.146.191 - - [08/Feb/2024:13:08:36 +0800] "GET /xingrg/all/function/internal_message.html?_=1707368915135&CODE_STATE=getMsg HTTP/1.1" 200 27
180.164.1.25 - - [08/Feb/2024:13:08:36 +0800] "GET /xingrg/all/function/internal_message.html?_=1707368915592&CODE_STATE=getMsg HTTP/1.1" 200 27
124.78.156.119 - - [08/Feb/2024:13:08:37 +0800] "GET /xingrg/all/function/internal_message.html?_=1707368916048&CODE_STATE=getMsg HTTP/1.1" 200 27
120.253.135.82 - - [08/Feb/2024:13:08:38 +0800] "GET /xingrg/all/function/internal_message.html?_=1707368747442&CODE_STATE=getMsg HTTP/1.1" 200 27
124.78.68.102 - - [08/Feb/2024:13:08:42 +0800] "POST /xingrg/kc/buy/cgsh_order_operate.html HTTP/1.1" 200 37
180.156.195.45 - - [08/Feb/2024:13:08:44 +0800] "GET /xingrg/all/function/internal_message.html?_=1707368925119&CODE_STATE=getMsg HTTP/1.1" 200 27
101.83.145.37 - - [08/Feb/2024:13:08:46 +0800] "GET /xingrg/all/function/internal_message.html?_=1707368690744&CODE_STATE=getMsg HTTP/1.1" 200 27
101.83.145.37 - - [08/Feb/2024:13:08:46 +0800] "GET /xingrg/check_reg.html?_=1707368691201 HTTP/1.1" 200 22
124.78.68.102 - - [08/Feb/2024:13:08:49 +0800] "POST /xingrg/kc/buy/cgsh_order_operate.html HTTP/1.1" 200 12
124.78.68.102 - - [08/Feb/2024:13:08:53 +0800] "GET /xingrg/kc/buy/cgsh_order_info.html?code=212024020803519 HTTP/1.1" 200 68376
124.78.68.102 - - [08/Feb/2024:13:08:53 +0800] "GET /xingrg/javascript/easyui/themes/default/validatebox.css HTTP/1.1" 404 1104
124.78.68.102 - - [08/Feb/2024:13:08:54 +0800] "POST /xingrg/kc/buy/cgsh_order_operate.html HTTP/1.1" 200 619
116.232.39.56 - - [08/Feb/2024:13:08:58 +0800] "GET /xingrg/all/function/internal_message.html?_=1707368939060&CODE_STATE=getMsg HTTP/1.1" 200 27
222.69.128.19 - - [08/Feb/2024:13:09:00 +0800] "GET /xingrg/all/function/internal_message.html?_=1707368940970&CODE_STATE=getMsg HTTP/1.1" 200 27
116.238.120.94 - - [08/Feb/2024:13:09:02 +0800] "GET /xingrg/all/function/internal_message.html?_=1707368942713&CODE_STATE=getMsg HTTP/1.1" 200 27
180.164.1.25 - - [08/Feb/2024:13:09:03 +0800] "GET /xingrg/kc/buy/cgsh_order_list.html HTTP/1.1" 200 57702
222.70.172.34 - - [08/Feb/2024:13:09:06 +0800] "GET /xingrg/all/function/internal_message.html?_=1707368960462&CODE_STATE=getMsg HTTP/1.1" 200 27
218.81.65.124 - - [08/Feb/2024:13:09:08 +0800] "GET /xingrg/all/function/internal_message.html?_=1707368954448&CODE_STATE=getMsg HTTP/1.1" 200 27
120.253.135.82 - - [08/Feb/2024:13:09:09 +0800] "GET /xingrg/all/function/internal_message.html?_=1707368778424&CODE_STATE=getMsg HTTP/1.1" 200 27
124.78.156.119 - - [08/Feb/2024:13:09:11 +0800] "GET /xingrg/kc/buy/cgsh_order_operate.html?command=get_materiel&rest_code=00106&code=00101008085&supplier_code=00100007&order_time=2024-02-08 HTTP/1.1" 200 412
101.83.145.37 - - [08/Feb/2024:13:09:12 +0800] "GET /xingrg/kc/buy/cgsh_order_operate.html?command=get_materiel&rest_code=00105&code=00101008213&supplier_code=00100005&order_time=2024-02-08 HTTP/1.1" 200 412
124.78.68.102 - - [08/Feb/2024:13:09:18 +0800] "GET /xingrg/all/function/internal_message.html?_=1707368958325&CODE_STATE=getMsg HTTP/1.1" 200 27
101.229.175.60 - - [08/Feb/2024:13:09:18 +0800] "GET /xingrg/all/function/internal_message.html?_=1707368964774&CODE_STATE=getMsg HTTP/1.1" 302 -
124.78.68.102 - - [08/Feb/2024:13:09:19 +0800] "GET /xingrg/check_reg.html?_=1707368959718 HTTP/1.1" 200 22
116.230.123.222 - - [08/Feb/2024:13:09:24 +0800] "GET /xingrg/all/function/internal_message.html?_=1707368962117&CODE_STATE=getMsg HTTP/1.1" 200 27
124.78.68.102 - - [08/Feb/2024:13:09:26 +0800] "GET /xingrg/kc/print/load_data.html?order_code=212024020803519&kc_code=cgsh&condition= HTTP/1.1" 200 727
116.232.194.112 - - [08/Feb/2024:13:09:28 +0800] "GET /xingrg/all/function/internal_message.html?_=1707368884842&CODE_STATE=getMsg HTTP/1.1" 200 27
116.232.194.112 - - [08/Feb/2024:13:09:29 +0800] "GET /xingrg/all/function/internal_message.html?_=1707368885775&CODE_STATE=getMsg HTTP/1.1" 200 27
116.232.194.112 - - [08/Feb/2024:13:09:29 +0800] "GET /xingrg/check_reg.html?_=1707368885776 HTTP/1.1" 200 22
101.83.145.37 - - [08/Feb/2024:13:09:29 +0800] "GET /xingrg/kc/buy/cgsh_order_operate.html?command=get_materiel&rest_code=00105&code=00101008298&supplier_code=00100005&order_time=2024-02-08 HTTP/1.1" 200 412
180.164.1.25 - - [08/Feb/2024:13:09:35 +0800] "POST /xingrg/kc/buy/cgsh_list_operate.html HTTP/1.1" 200 6030
101.228.146.191 - - [08/Feb/2024:13:09:36 +0800] "GET /xingrg/all/function/internal_message.html?_=1707368975134&CODE_STATE=getMsg HTTP/1.1" 200 27
