116.238.120.94 - - [08/Feb/2024:10:08:25 +0800] "GET /xingrg/kc/buy/cgsh_order_operate.html?command=get_materiel&rest_code=00150&code=00101008356&supplier_code=00100008&order_time=2024-02-08 HTTP/1.1" 200 408
124.78.156.119 - - [08/Feb/2024:10:08:26 +0800] "GET /xingrg/all/function/internal_message.html?_=1707358104993&CODE_STATE=getMsg HTTP/1.1" 200 27
218.81.65.124 - - [08/Feb/2024:10:08:28 +0800] "GET /xingrg/all/function/internal_message.html?_=1707358114912&CODE_STATE=getMsg HTTP/1.1" 200 27
120.253.135.82 - - [08/Feb/2024:10:08:29 +0800] "GET /xingrg/all/function/internal_message.html?_=1707357938046&CODE_STATE=getMsg HTTP/1.1" 200 27
180.164.1.25 - - [08/Feb/2024:10:08:32 +0800] "GET /xingrg/all/function/internal_message.html?_=1707358111671&CODE_STATE=getMsg HTTP/1.1" 200 27
116.238.120.94 - - [08/Feb/2024:10:08:34 +0800] "GET /xingrg/kc/buy/cgsh_order_operate.html?command=get_materiel&rest_code=00150&code=00101008300&supplier_code=00100008&order_time=2024-02-08 HTTP/1.1" 200 412
116.232.194.112 - - [08/Feb/2024:10:08:35 +0800] "GET /xingrg/all/function/internal_message.html?_=1707358032633&CODE_STATE=getMsg HTTP/1.1" 200 27
116.238.120.94 - - [08/Feb/2024:10:08:44 +0800] "GET /xingrg/all/function/internal_message.html?_=1707358124368&CODE_STATE=getMsg HTTP/1.1" 200 27
222.69.128.19 - - [08/Feb/2024:10:08:46 +0800] "GET /xingrg/all/function/internal_message.html?_=1707358127660&CODE_STATE=getMsg HTTP/1.1" 200 27
116.230.123.222 - - [08/Feb/2024:10:08:56 +0800] "GET /xingrg/all/function/internal_message.html?_=1707358134472&CODE_STATE=getMsg HTTP/1.1" 200 27
116.230.123.222 - - [08/Feb/2024:10:08:56 +0800] "GET /xingrg/check_reg.html?_=1707358134473 HTTP/1.1" 200 22
101.83.240.145 - - [08/Feb/2024:10:08:58 +0800] "GET /xingrg/all/function/internal_message.html?_=1707358136123&CODE_STATE=getMsg HTTP/1.1" 200 27
222.70.172.34 - - [08/Feb/2024:10:09:03 +0800] "GET /xingrg/all/function/internal_message.html?_=1707358157478&CODE_STATE=getMsg HTTP/1.1" 200 27
116.238.120.94 - - [08/Feb/2024:10:09:09 +0800] "GET /xingrg/kc/buy/cgsh_order_operate.html?command=get_materiel&rest_code=00150&code=00101008224&supplier_code=00100008&order_time=2024-02-08 HTTP/1.1" 200 416
116.238.97.31 - - [08/Feb/2024:10:09:11 +0800] "GET /xingrg/check_reg.html?_=1707358151459 HTTP/1.1" 200 22
101.229.175.60 - - [08/Feb/2024:10:09:18 +0800] "GET /xingrg/all/function/internal_message.html?_=1707358164690&CODE_STATE=getMsg HTTP/1.1" 302 -
124.78.68.102 - - [08/Feb/2024:10:09:19 +0800] "GET /xingrg/all/function/internal_message.html?_=1707358159780&CODE_STATE=getMsg HTTP/1.1" 200 27
124.78.68.102 - - [08/Feb/2024:10:09:19 +0800] "GET /xingrg/check_reg.html?_=1707358159784 HTTP/1.1" 200 22
120.253.135.82 - - [08/Feb/2024:10:09:23 +0800] "GET /xingrg/all/function/internal_message.html?_=1707357992546&CODE_STATE=getMsg HTTP/1.1" 200 27
101.228.146.191 - - [08/Feb/2024:10:09:25 +0800] "GET /xingrg/all/function/internal_message.html?_=1707358164173&CODE_STATE=getMsg HTTP/1.1" 200 27
116.238.97.31 - - [08/Feb/2024:10:09:25 +0800] "GET /xingrg/all/function/internal_message.html?_=1707358166056&CODE_STATE=getMsg HTTP/1.1" 200 27
124.78.156.119 - - [08/Feb/2024:10:09:26 +0800] "GET /xingrg/all/function/internal_message.html?_=1707358164994&CODE_STATE=getMsg HTTP/1.1" 200 27
218.81.65.124 - - [08/Feb/2024:10:09:28 +0800] "GET /xingrg/all/function/internal_message.html?_=1707358174910&CODE_STATE=getMsg HTTP/1.1" 200 27
120.253.135.82 - - [08/Feb/2024:10:09:29 +0800] "GET /xingrg/all/function/internal_message.html?_=1707357998053&CODE_STATE=getMsg HTTP/1.1" 200 27
180.164.1.25 - - [08/Feb/2024:10:09:32 +0800] "GET /xingrg/all/function/internal_message.html?_=1707358171678&CODE_STATE=getMsg HTTP/1.1" 200 27
116.232.194.112 - - [08/Feb/2024:10:09:35 +0800] "GET /xingrg/all/function/internal_message.html?_=1707358092622&CODE_STATE=getMsg HTTP/1.1" 200 27
116.238.120.94 - - [08/Feb/2024:10:09:44 +0800] "GET /xingrg/all/function/internal_message.html?_=1707358184364&CODE_STATE=getMsg HTTP/1.1" 200 27
222.69.128.19 - - [08/Feb/2024:10:09:46 +0800] "GET /xingrg/all/function/internal_message.html?_=1707358187651&CODE_STATE=getMsg HTTP/1.1" 200 27
116.230.123.222 - - [08/Feb/2024:10:09:56 +0800] "GET /xingrg/all/function/internal_message.html?_=1707358194471&CODE_STATE=getMsg HTTP/1.1" 200 27
101.83.240.145 - - [08/Feb/2024:10:09:58 +0800] "GET /xingrg/all/function/internal_message.html?_=1707358196109&CODE_STATE=getMsg HTTP/1.1" 200 27
222.70.172.34 - - [08/Feb/2024:10:10:03 +0800] "GET /xingrg/all/function/internal_message.html?_=1707358217665&CODE_STATE=getMsg HTTP/1.1" 200 27
101.229.175.60 - - [08/Feb/2024:10:10:18 +0800] "GET /xingrg/all/function/internal_message.html?_=1707358224691&CODE_STATE=getMsg HTTP/1.1" 302 -
124.78.68.102 - - [08/Feb/2024:10:10:19 +0800] "GET /xingrg/all/function/internal_message.html?_=1707358219775&CODE_STATE=getMsg HTTP/1.1" 200 27
120.253.135.82 - - [08/Feb/2024:10:10:21 +0800] "GET /xingrg/check_reg.html?_=1707358050731 HTTP/1.1" 200 22
120.253.135.82 - - [08/Feb/2024:10:10:23 +0800] "GET /xingrg/all/function/internal_message.html?_=1707358052560&CODE_STATE=getMsg HTTP/1.1" 200 27
101.228.146.191 - - [08/Feb/2024:10:10:25 +0800] "GET /xingrg/all/function/internal_message.html?_=1707358224172&CODE_STATE=getMsg HTTP/1.1" 200 27
116.238.97.31 - - [08/Feb/2024:10:10:25 +0800] "GET /xingrg/all/function/internal_message.html?_=1707358226036&CODE_STATE=getMsg HTTP/1.1" 200 27
124.78.156.119 - - [08/Feb/2024:10:10:26 +0800] "GET /xingrg/all/function/internal_message.html?_=1707358224995&CODE_STATE=getMsg HTTP/1.1" 200 27
120.253.135.82 - - [08/Feb/2024:10:10:28 +0800] "GET /xingrg/check_reg.html?_=1707358057403 HTTP/1.1" 200 22
218.81.65.124 - - [08/Feb/2024:10:10:28 +0800] "GET /xingrg/check_reg.html?_=1707358234908 HTTP/1.1" 200 22
218.81.65.124 - - [08/Feb/2024:10:10:28 +0800] "GET /xingrg/all/function/internal_message.html?_=1707358234909&CODE_STATE=getMsg HTTP/1.1" 200 27
120.253.135.82 - - [08/Feb/2024:10:10:29 +0800] "GET /xingrg/all/function/internal_message.html?_=1707358058066&CODE_STATE=getMsg HTTP/1.1" 200 27
180.164.1.25 - - [08/Feb/2024:10:10:32 +0800] "GET /xingrg/all/function/internal_message.html?_=1707358231668&CODE_STATE=getMsg HTTP/1.1" 200 27
116.232.194.112 - - [08/Feb/2024:10:10:35 +0800] "GET /xingrg/all/function/internal_message.html?_=1707358152636&CODE_STATE=getMsg HTTP/1.1" 200 27
101.83.240.145 - - [08/Feb/2024:10:10:39 +0800] "GET /xingrg/check_reg.html?_=1707358236457 HTTP/1.1" 200 22
116.238.120.94 - - [08/Feb/2024:10:10:44 +0800] "GET /xingrg/all/function/internal_message.html?_=1707358244335&CODE_STATE=getMsg HTTP/1.1" 200 27
222.70.172.34 - - [08/Feb/2024:10:10:44 +0800] "GET /xingrg/check_reg.html?_=1707358258160 HTTP/1.1" 200 22
222.69.128.19 - - [08/Feb/2024:10:10:46 +0800] "GET /xingrg/all/function/internal_message.html?_=1707358247659&CODE_STATE=getMsg HTTP/1.1" 200 27
116.230.123.222 - - [08/Feb/2024:10:10:56 +0800] "GET /xingrg/all/function/internal_message.html?_=1707358254469&CODE_STATE=getMsg HTTP/1.1" 200 27
101.83.240.145 - - [08/Feb/2024:10:10:58 +0800] "GET /xingrg/all/function/internal_message.html?_=1707358256085&CODE_STATE=getMsg HTTP/1.1" 200 27
222.70.172.34 - - [08/Feb/2024:10:11:03 +0800] "GET /xingrg/all/function/internal_message.html?_=1707358277676&CODE_STATE=getMsg HTTP/1.1" 200 27
101.228.146.191 - - [08/Feb/2024:10:11:09 +0800] "GET /xingrg/javascript/easyui/themes/default/images/button_plain_hover.png HTTP/1.1" 304 -
101.228.146.191 - - [08/Feb/2024:10:11:10 +0800] "GET /xingrg/kc/buy/cgsh_order_add.html HTTP/1.1" 200 72586
101.228.146.191 - - [08/Feb/2024:10:11:10 +0800] "GET /xingrg/javascript/pic_change.js HTTP/1.1" 304 -
101.228.146.191 - - [08/Feb/2024:10:11:10 +0800] "GET /xingrg/javascript/jquery_tools/order_manager.js HTTP/1.1" 304 -
101.228.146.191 - - [08/Feb/2024:10:11:10 +0800] "GET /xingrg/javascript/convert.js HTTP/1.1" 304 -
101.228.146.191 - - [08/Feb/2024:10:11:10 +0800] "GET /xingrg/javascript/print/kc_print.js HTTP/1.1" 304 -
101.228.146.191 - - [08/Feb/2024:10:11:10 +0800] "GET /xingrg/javascript/json2.js HTTP/1.1" 304 -
101.228.146.191 - - [08/Feb/2024:10:11:11 +0800] "GET /xingrg/words/20240206161339_words.js HTTP/1.1" 200 1013683
101.228.146.191 - - [08/Feb/2024:10:11:11 +0800] "GET /xingrg/javascript/easyui/themes/icons/copy_new.png HTTP/1.1" 304 -
101.228.146.191 - - [08/Feb/2024:10:11:11 +0800] "GET /xingrg/javascript/easyui/themes/icons/template_new.png HTTP/1.1" 304 -
101.228.146.191 - - [08/Feb/2024:10:11:11 +0800] "GET /xingrg/javascript/easyui/themes/icons/ok.png HTTP/1.1" 304 -
101.228.146.191 - - [08/Feb/2024:10:11:11 +0800] "GET /xingrg/javascript/easyui/themes/icons/print.png HTTP/1.1" 304 -
101.228.146.191 - - [08/Feb/2024:10:11:11 +0800] "GET /xingrg/javascript/easyui/themes/icons/cancel.png HTTP/1.1" 304 -
101.228.146.191 - - [08/Feb/2024:10:11:11 +0800] "GET /xingrg/javascript/easyui/themes/default/images/menu_downarrow.png HTTP/1.1" 304 -
101.228.146.191 - - [08/Feb/2024:10:11:11 +0800] "POST /xingrg/kc/buy/cgsh_order_operate.html HTTP/1.1" 200 8245
101.228.146.191 - - [08/Feb/2024:10:11:11 +0800] "GET /xingrg/javascript/easyui/themes/default/validatebox.css HTTP/1.1" 404 1104
101.228.146.191 - - [08/Feb/2024:10:11:11 +0800] "GET /xingrg/javascript/easyui/plugins/jquery.validatebox.js HTTP/1.1" 304 -
101.228.146.191 - - [08/Feb/2024:10:11:11 +0800] "GET /xingrg/javascript/easyui/plugins/jquery.numberbox.js HTTP/1.1" 304 -
101.228.146.191 - - [08/Feb/2024:10:11:11 +0800] "GET /xingrg/all/common/auto_word.html?type=employee&rest_code=00142 HTTP/1.1" 200 105
101.228.146.191 - - [08/Feb/2024:10:11:11 +0800] "GET /xingrg/all/common/auto_word.html?type=employee&rest_code=00142 HTTP/1.1" 200 105
101.228.146.191 - - [08/Feb/2024:10:11:11 +0800] "GET /xingrg/javascript/easyui/themes/icons/edit_remove.png HTTP/1.1" 304 -
101.228.146.191 - - [08/Feb/2024:10:11:18 +0800] "GET /xingrg/javascript/auto/indicator.gif HTTP/1.1" 404 1066
101.229.175.60 - - [08/Feb/2024:10:11:18 +0800] "GET /xingrg/all/function/internal_message.html?_=1707358284694&CODE_STATE=getMsg HTTP/1.1" 302 -
124.78.68.102 - - [08/Feb/2024:10:11:19 +0800] "GET /xingrg/all/function/internal_message.html?_=1707358279782&CODE_STATE=getMsg HTTP/1.1" 200 27
120.253.135.82 - - [08/Feb/2024:10:11:23 +0800] "GET /xingrg/all/function/internal_message.html?_=1707358112572&CODE_STATE=getMsg HTTP/1.1" 200 27
101.228.146.191 - - [08/Feb/2024:10:11:25 +0800] "GET /xingrg/all/function/internal_message.html?_=1707358284189&CODE_STATE=getMsg HTTP/1.1" 200 27
116.238.97.31 - - [08/Feb/2024:10:11:25 +0800] "GET /xingrg/all/function/internal_message.html?_=1707358286018&CODE_STATE=getMsg HTTP/1.1" 200 27
124.78.156.119 - - [08/Feb/2024:10:11:26 +0800] "GET /xingrg/all/function/internal_message.html?_=1707358284998&CODE_STATE=getMsg HTTP/1.1" 200 27
218.81.65.124 - - [08/Feb/2024:10:11:28 +0800] "GET /xingrg/all/function/internal_message.html?_=1707358294906&CODE_STATE=getMsg HTTP/1.1" 200 27
120.253.135.82 - - [08/Feb/2024:10:11:29 +0800] "GET /xingrg/all/function/internal_message.html?_=1707358118080&CODE_STATE=getMsg HTTP/1.1" 200 27
180.164.1.25 - - [08/Feb/2024:10:11:32 +0800] "GET /xingrg/all/function/internal_message.html?_=1707358291655&CODE_STATE=getMsg HTTP/1.1" 200 27
116.232.194.112 - - [08/Feb/2024:10:11:35 +0800] "GET /xingrg/all/function/internal_message.html?_=1707358212633&CODE_STATE=getMsg HTTP/1.1" 200 27
116.232.194.112 - - [08/Feb/2024:10:11:35 +0800] "GET /xingrg/check_reg.html?_=1707358212634 HTTP/1.1" 200 22
116.238.120.94 - - [08/Feb/2024:10:11:44 +0800] "GET /xingrg/all/function/internal_message.html?_=1707358304329&CODE_STATE=getMsg HTTP/1.1" 200 27
222.69.128.19 - - [08/Feb/2024:10:11:46 +0800] "GET /xingrg/check_reg.html?_=1707358307651 HTTP/1.1" 200 22
222.69.128.19 - - [08/Feb/2024:10:11:46 +0800] "GET /xingrg/all/function/internal_message.html?_=1707358307651&CODE_STATE=getMsg HTTP/1.1" 200 27
101.228.146.191 - - [08/Feb/2024:10:11:52 +0800] "GET /xingrg/javascript/jquery_tools/images/prev.gif HTTP/1.1" 404 1086
101.228.146.191 - - [08/Feb/2024:10:11:52 +0800] "GET /xingrg/javascript/jquery_tools/images/next.gif HTTP/1.1" 404 1086
116.230.123.222 - - [08/Feb/2024:10:11:56 +0800] "GET /xingrg/all/function/internal_message.html?_=1707358314477&CODE_STATE=getMsg HTTP/1.1" 200 27
101.83.240.145 - - [08/Feb/2024:10:11:58 +0800] "GET /xingrg/all/function/internal_message.html?_=1707358316069&CODE_STATE=getMsg HTTP/1.1" 200 27
101.228.146.191 - - [08/Feb/2024:10:12:01 +0800] "GET /xingrg/kc/buy/cgsh_order_operate.html?command=get_materiel&rest_code=00142&code=00101008126&supplier_code=00100161&order_time=2024-02-08 HTTP/1.1" 200 412
222.70.172.34 - - [08/Feb/2024:10:12:03 +0800] "GET /xingrg/all/function/internal_message.html?_=1707358337690&CODE_STATE=getMsg HTTP/1.1" 200 27
101.229.175.60 - - [08/Feb/2024:10:12:18 +0800] "GET /xingrg/all/function/internal_message.html?_=1707358344694&CODE_STATE=getMsg HTTP/1.1" 302 -
124.78.68.102 - - [08/Feb/2024:10:12:19 +0800] "GET /xingrg/all/function/internal_message.html?_=1707358339776&CODE_STATE=getMsg HTTP/1.1" 200 27
120.253.135.82 - - [08/Feb/2024:10:12:23 +0800] "GET /xingrg/all/function/internal_message.html?_=1707358172587&CODE_STATE=getMsg HTTP/1.1" 200 27
101.228.146.191 - - [08/Feb/2024:10:12:25 +0800] "GET /xingrg/all/function/internal_message.html?_=1707358344176&CODE_STATE=getMsg HTTP/1.1" 200 27
116.238.97.31 - - [08/Feb/2024:10:12:25 +0800] "GET /xingrg/all/function/internal_message.html?_=1707358345991&CODE_STATE=getMsg HTTP/1.1" 200 27
124.78.156.119 - - [08/Feb/2024:10:12:26 +0800] "GET /xingrg/check_reg.html?_=1707358344998 HTTP/1.1" 200 22
124.78.156.119 - - [08/Feb/2024:10:12:26 +0800] "GET /xingrg/all/function/internal_message.html?_=1707358344999&CODE_STATE=getMsg HTTP/1.1" 200 27
116.238.120.94 - - [08/Feb/2024:10:12:26 +0800] "POST /xingrg/kc/buy/cgsh_order_operate.html HTTP/1.1" 200 37
218.81.65.124 - - [08/Feb/2024:10:12:28 +0800] "GET /xingrg/all/function/internal_message.html?_=1707358354920&CODE_STATE=getMsg HTTP/1.1" 200 27
120.253.135.82 - - [08/Feb/2024:10:12:29 +0800] "GET /xingrg/all/function/internal_message.html?_=1707358178094&CODE_STATE=getMsg HTTP/1.1" 200 27
101.228.146.191 - - [08/Feb/2024:10:12:30 +0800] "GET /xingrg/kc/buy/cgsh_order_operate.html?command=get_materiel&rest_code=00142&code=00101008108&supplier_code=00100161&order_time=2024-02-08 HTTP/1.1" 200 412
180.164.1.25 - - [08/Feb/2024:10:12:32 +0800] "GET /xingrg/all/function/internal_message.html?_=1707358351658&CODE_STATE=getMsg HTTP/1.1" 200 27
180.164.1.25 - - [08/Feb/2024:10:12:32 +0800] "GET /xingrg/check_reg.html?_=1707358351661 HTTP/1.1" 200 22
116.238.120.94 - - [08/Feb/2024:10:12:35 +0800] "POST /xingrg/kc/buy/cgsh_order_operate.html HTTP/1.1" 200 12
116.232.194.112 - - [08/Feb/2024:10:12:35 +0800] "GET /xingrg/all/function/internal_message.html?_=1707358272624&CODE_STATE=getMsg HTTP/1.1" 200 27
116.238.120.94 - - [08/Feb/2024:10:12:39 +0800] "GET /xingrg/kc/buy/cgsh_order_info.html?code=212024020803374 HTTP/1.1" 200 68420
116.238.120.94 - - [08/Feb/2024:10:12:40 +0800] "GET /xingrg/javascript/easyui/themes/default/validatebox.css HTTP/1.1" 404 1104
116.238.120.94 - - [08/Feb/2024:10:12:41 +0800] "POST /xingrg/kc/buy/cgsh_order_operate.html HTTP/1.1" 200 8299
116.238.120.94 - - [08/Feb/2024:10:12:44 +0800] "GET /xingrg/all/function/internal_message.html?_=1707358364307&CODE_STATE=getMsg HTTP/1.1" 200 27
116.238.120.94 - - [08/Feb/2024:10:12:44 +0800] "GET /xingrg/check_reg.html?_=1707358364385 HTTP/1.1" 200 22
222.69.128.19 - - [08/Feb/2024:10:12:46 +0800] "GET /xingrg/all/function/internal_message.html?_=1707358367663&CODE_STATE=getMsg HTTP/1.1" 200 27
101.228.146.191 - - [08/Feb/2024:10:12:47 +0800] "POST /xingrg/kc/buy/cgsh_order_operate.html HTTP/1.1" 200 37
116.238.120.94 - - [08/Feb/2024:10:12:47 +0800] "GET /xingrg/kc/print/load_data.html?order_code=212024020803374&kc_code=cgsh&condition= HTTP/1.1" 200 3627
101.228.146.191 - - [08/Feb/2024:10:12:49 +0800] "POST /xingrg/kc/buy/cgsh_order_operate.html HTTP/1.1" 200 3250
116.238.120.94 - - [08/Feb/2024:10:12:55 +0800] "GET /xingrg/kc/buy/cgsh_order_add.html HTTP/1.1" 200 73511
116.238.120.94 - - [08/Feb/2024:10:12:55 +0800] "GET /xingrg/javascript/easyui/themes/default/validatebox.css HTTP/1.1" 404 1104
116.238.120.94 - - [08/Feb/2024:10:12:55 +0800] "POST /xingrg/kc/buy/cgsh_order_operate.html HTTP/1.1" 200 8245
116.230.123.222 - - [08/Feb/2024:10:12:56 +0800] "GET /xingrg/all/function/internal_message.html?_=1707358374474&CODE_STATE=getMsg HTTP/1.1" 200 27
101.228.146.191 - - [08/Feb/2024:10:12:58 +0800] "GET /xingrg/login.html HTTP/1.1" 200 7641
101.228.146.191 - - [08/Feb/2024:10:12:58 +0800] "GET /favicon.ico HTTP/1.1" 404 -
101.83.240.145 - - [08/Feb/2024:10:12:58 +0800] "GET /xingrg/all/function/internal_message.html?_=1707358376041&CODE_STATE=getMsg HTTP/1.1" 200 27
222.70.172.34 - - [08/Feb/2024:10:13:04 +0800] "GET /xingrg/all/function/internal_message.html?_=1707358397865&CODE_STATE=getMsg HTTP/1.1" 200 27
101.228.146.191 - - [08/Feb/2024:10:13:07 +0800] "POST /xingrg/login.do HTTP/1.1" 302 -
101.228.146.191 - - [08/Feb/2024:10:13:07 +0800] "GET /xingrg/index.html?sysBaseUrl=http%3A%2F%2F180.169.147.146%3A18081%2Fxingrg%2F&costTime=851×tamp=1707358387284 HTTP/1.1" 200 17179
101.228.146.191 - - [08/Feb/2024:10:13:07 +0800] "GET /favicon.ico HTTP/1.1" 404 -
101.228.146.191 - - [08/Feb/2024:10:13:07 +0800] "GET /xingrg/check_reg.html?_=1707358386351 HTTP/1.1" 200 22
101.228.146.191 - - [08/Feb/2024:10:13:07 +0800] "GET /xingrg/all/function/internal_message.html?_=1707358386350&CODE_STATE=count HTTP/1.1" 200 11
101.228.146.191 - - [08/Feb/2024:10:13:07 +0800] "POST /xingrg/all/common/load_tree.html?tree=area_rest_tree_json&manage=1 HTTP/1.1" 200 351
101.228.146.191 - - [08/Feb/2024:10:13:07 +0800] "POST /xingrg/load_menu.html HTTP/1.1" 200 5138
101.228.146.191 - - [08/Feb/2024:10:13:12 +0800] "GET /xingrg/kc/buy/cgsh_order_list.html HTTP/1.1" 200 57698
101.229.175.60 - - [08/Feb/2024:10:13:18 +0800] "GET /xingrg/all/function/internal_message.html?_=1707358404695&CODE_STATE=getMsg HTTP/1.1" 302 -
101.229.175.60 - - [08/Feb/2024:10:13:18 +0800] "GET /xingrg/check_reg.html?_=1707358404699 HTTP/1.1" 302 -
101.228.146.191 - - [08/Feb/2024:10:13:18 +0800] "POST /xingrg/kc/buy/cgsh_list_operate.html HTTP/1.1" 200 2300
124.78.68.102 - - [08/Feb/2024:10:13:19 +0800] "GET /xingrg/all/function/internal_message.html?_=1707358399780&CODE_STATE=getMsg HTTP/1.1" 200 27
101.228.146.191 - - [08/Feb/2024:10:13:22 +0800] "POST /xingrg/kc/buy/cgsh_list_operate.html HTTP/1.1" 200 276
101.228.146.191 - - [08/Feb/2024:10:13:23 +0800] "GET /xingrg/kc/buy/cgsh_order_info.html?code=212024020803375 HTTP/1.1" 200 72591
120.253.135.82 - - [08/Feb/2024:10:13:23 +0800] "GET /xingrg/all/function/internal_message.html?_=1707358232625&CODE_STATE=getMsg HTTP/1.1" 200 27
101.228.146.191 - - [08/Feb/2024:10:13:23 +0800] "GET /xingrg/javascript/easyui/themes/default/validatebox.css HTTP/1.1" 404 1104
101.228.146.191 - - [08/Feb/2024:10:13:23 +0800] "GET /xingrg/all/common/auto_word.html?type=employee&rest_code=00142 HTTP/1.1" 200 105
101.228.146.191 - - [08/Feb/2024:10:13:23 +0800] "GET /xingrg/all/common/auto_word.html?type=employee&rest_code=00142 HTTP/1.1" 200 105
101.228.146.191 - - [08/Feb/2024:10:13:24 +0800] "POST /xingrg/kc/buy/cgsh_order_operate.html HTTP/1.1" 200 3250
116.238.97.31 - - [08/Feb/2024:10:13:25 +0800] "GET /xingrg/all/function/internal_message.html?_=1707358405964&CODE_STATE=getMsg HTTP/1.1" 200 27
124.78.156.119 - - [08/Feb/2024:10:13:26 +0800] "GET /xingrg/all/function/internal_message.html?_=1707358404998&CODE_STATE=getMsg HTTP/1.1" 200 27
218.81.65.124 - - [08/Feb/2024:10:13:28 +0800] "GET /xingrg/all/function/internal_message.html?_=1707358414912&CODE_STATE=getMsg HTTP/1.1" 200 27
120.253.135.82 - - [08/Feb/2024:10:13:29 +0800] "GET /xingrg/all/function/internal_message.html?_=1707358238113&CODE_STATE=getMsg HTTP/1.1" 200 27
101.228.146.191 - - [08/Feb/2024:10:13:31 +0800] "GET /xingrg/javascript/auto/indicator.gif HTTP/1.1" 404 1066
180.164.1.25 - - [08/Feb/2024:10:13:32 +0800] "GET /xingrg/all/function/internal_message.html?_=1707358411677&CODE_STATE=getMsg HTTP/1.1" 200 27
116.232.194.112 - - [08/Feb/2024:10:13:35 +0800] "GET /xingrg/all/function/internal_message.html?_=1707358332642&CODE_STATE=getMsg HTTP/1.1" 200 27
101.228.146.191 - - [08/Feb/2024:10:13:38 +0800] "GET /xingrg/kc/buy/cgsh_order_operate.html?command=get_materiel&rest_code=00142&code=00101008368&supplier_code=00100161&order_time=2024-02-08 HTTP/1.1" 200 408
116.238.120.94 - - [08/Feb/2024:10:13:44 +0800] "GET /xingrg/all/function/internal_message.html?_=1707358424293&CODE_STATE=getMsg HTTP/1.1" 200 27
222.69.128.19 - - [08/Feb/2024:10:13:45 +0800] "GET /xingrg/kc/buy/cgsh_order_operate.html?command=get_materiel&rest_code=00154&code=00101019525&supplier_code=00100151&order_time=2024-02-07 HTTP/1.1" 200 420
222.69.128.19 - - [08/Feb/2024:10:13:46 +0800] "GET /xingrg/all/function/internal_message.html?_=1707358427659&CODE_STATE=getMsg HTTP/1.1" 200 27
222.69.128.19 - - [08/Feb/2024:10:13:56 +0800] "GET /xingrg/kc/buy/cgsh_order_operate.html?command=get_materiel&rest_code=00154&code=00101019247&supplier_code=00100151&order_time=2024-02-07 HTTP/1.1" 200 435
116.230.123.222 - - [08/Feb/2024:10:13:56 +0800] "GET /xingrg/check_reg.html?_=1707358434472 HTTP/1.1" 200 22
116.230.123.222 - - [08/Feb/2024:10:13:56 +0800] "GET /xingrg/all/function/internal_message.html?_=1707358434473&CODE_STATE=getMsg HTTP/1.1" 200 27
101.83.240.145 - - [08/Feb/2024:10:13:58 +0800] "GET /xingrg/all/function/internal_message.html?_=1707358436025&CODE_STATE=getMsg HTTP/1.1" 200 27
222.69.128.19 - - [08/Feb/2024:10:14:01 +0800] "POST /xingrg/all/common/load_select.html HTTP/1.1" 200 25
222.70.172.34 - - [08/Feb/2024:10:14:04 +0800] "GET /xingrg/all/function/internal_message.html?_=1707358457874&CODE_STATE=getMsg HTTP/1.1" 200 27
101.228.146.191 - - [08/Feb/2024:10:14:06 +0800] "GET /xingrg/kc/buy/cgsh_order_operate.html?command=get_materiel&rest_code=00142&code=00101008005&supplier_code=00100161&order_time=2024-02-08 HTTP/1.1" 200 413
222.69.128.19 - - [08/Feb/2024:10:14:06 +0800] "GET /xingrg/kc/buy/cgsh_order_operate.html?command=get_materiel_price&rest_code=00154&code=00101019247&unit_code=00100188&supplier_code=00100151&order_time=2024-02-07 HTTP/1.1" 200 27
101.228.146.191 - - [08/Feb/2024:10:14:07 +0800] "GET /xingrg/all/function/internal_message.html?_=1707358446360&CODE_STATE=getMsg HTTP/1.1" 200 27
116.238.97.31 - - [08/Feb/2024:10:14:11 +0800] "GET /xingrg/check_reg.html?_=1707358451472 HTTP/1.1" 200 22
101.229.175.60 - - [08/Feb/2024:10:14:18 +0800] "GET /xingrg/all/function/internal_message.html?_=1707358464702&CODE_STATE=getMsg HTTP/1.1" 302 -
124.78.68.102 - - [08/Feb/2024:10:14:19 +0800] "GET /xingrg/all/function/internal_message.html?_=1707358459767&CODE_STATE=getMsg HTTP/1.1" 200 27
124.78.68.102 - - [08/Feb/2024:10:14:19 +0800] "GET /xingrg/check_reg.html?_=1707358459771 HTTP/1.1" 200 22
120.253.135.82 - - [08/Feb/2024:10:14:23 +0800] "GET /xingrg/all/function/internal_message.html?_=1707358292630&CODE_STATE=getMsg HTTP/1.1" 200 27
116.238.97.31 - - [08/Feb/2024:10:14:25 +0800] "GET /xingrg/all/function/internal_message.html?_=1707358465954&CODE_STATE=getMsg HTTP/1.1" 200 27
124.78.156.119 - - [08/Feb/2024:10:14:26 +0800] "GET /xingrg/all/function/internal_message.html?_=1707358465000&CODE_STATE=getMsg HTTP/1.1" 200 27
218.81.65.124 - - [08/Feb/2024:10:14:28 +0800] "GET /xingrg/all/function/internal_message.html?_=1707358474910&CODE_STATE=getMsg HTTP/1.1" 200 27
120.253.135.82 - - [08/Feb/2024:10:14:29 +0800] "GET /xingrg/all/function/internal_message.html?_=1707358298121&CODE_STATE=getMsg HTTP/1.1" 200 27
180.164.1.25 - - [08/Feb/2024:10:14:32 +0800] "GET /xingrg/all/function/internal_message.html?_=1707358471668&CODE_STATE=getMsg HTTP/1.1" 200 27
116.232.194.112 - - [08/Feb/2024:10:14:35 +0800] "GET /xingrg/all/function/internal_message.html?_=1707358392631&CODE_STATE=getMsg HTTP/1.1" 200 27
101.228.146.191 - - [08/Feb/2024:10:14:43 +0800] "GET /xingrg/kc/buy/cgsh_order_operate.html?command=get_materiel&rest_code=00142&code=00101008261&supplier_code=00100161&order_time=2024-02-08 HTTP/1.1" 200 408
116.238.120.94 - - [08/Feb/2024:10:14:44 +0800] "GET /xingrg/all/function/internal_message.html?_=1707358484270&CODE_STATE=getMsg HTTP/1.1" 200 27
222.69.128.19 - - [08/Feb/2024:10:14:46 +0800] "GET /xingrg/all/function/internal_message.html?_=1707358487661&CODE_STATE=getMsg HTTP/1.1" 200 27
116.238.120.94 - - [08/Feb/2024:10:14:56 +0800] "GET /xingrg/kc/buy/cgsh_order_operate.html?command=get_materiel&rest_code=00150&code=00102001051&supplier_code=00100073&order_time=2024-02-08 HTTP/1.1" 200 416
116.230.123.222 - - [08/Feb/2024:10:14:56 +0800] "GET /xingrg/all/function/internal_message.html?_=1707358494471&CODE_STATE=getMsg HTTP/1.1" 200 27
101.83.240.145 - - [08/Feb/2024:10:14:58 +0800] "GET /xingrg/all/function/internal_message.html?_=1707358496010&CODE_STATE=getMsg HTTP/1.1" 200 27
101.228.146.191 - - [08/Feb/2024:10:14:58 +0800] "GET /xingrg/kc/buy/cgsh_order_operate.html?command=get_materiel&rest_code=00142&code=00101008361&supplier_code=00100161&order_time=2024-02-08 HTTP/1.1" 200 408
222.70.115.1 - - [08/Feb/2024:10:15:01 +0800] "POST /xingrg/services/DataTransmitService HTTP/1.1" 200 524
101.228.146.191 - - [08/Feb/2024:10:15:02 +0800] "POST /xingrg/kc/buy/cgsh_order_operate.html HTTP/1.1" 200 2065
222.70.172.34 - - [08/Feb/2024:10:15:04 +0800] "GET /xingrg/all/function/internal_message.html?_=1707358518073&CODE_STATE=getMsg HTTP/1.1" 200 27
101.228.146.191 - - [08/Feb/2024:10:15:07 +0800] "GET /xingrg/all/function/internal_message.html?_=1707358506368&CODE_STATE=getMsg HTTP/1.1" 200 27
116.238.120.94 - - [08/Feb/2024:10:15:10 +0800] "GET /xingrg/kc/buy/cgsh_order_operate.html?command=get_materiel&rest_code=00150&code=00102001075&supplier_code=00100073&order_time=2024-02-08 HTTP/1.1" 200 420
101.228.146.191 - - [08/Feb/2024:10:15:11 +0800] "GET /xingrg/kc/buy/cgsh_order_operate.html?command=get_materiel&rest_code=00142&code=00101008355&supplier_code=00100161&order_time=2024-02-08 HTTP/1.1" 200 408
116.238.120.94 - - [08/Feb/2024:10:15:17 +0800] "GET /xingrg/kc/buy/cgsh_order_operate.html?command=get_materiel&rest_code=00150&code=00102001084&supplier_code=00100073&order_time=2024-02-08 HTTP/1.1" 200 412
101.229.175.60 - - [08/Feb/2024:10:15:18 +0800] "GET /xingrg/all/function/internal_message.html?_=1707358524687&CODE_STATE=getMsg HTTP/1.1" 302 -
124.78.68.102 - - [08/Feb/2024:10:15:19 +0800] "GET /xingrg/all/function/internal_message.html?_=1707358519788&CODE_STATE=getMsg HTTP/1.1" 200 27
222.69.128.19 - - [08/Feb/2024:10:15:21 +0800] "GET /xingrg/kc/buy/cgsh_order_operate.html?command=get_materiel&rest_code=00154&code=00101007096&supplier_code=00100151&order_time=2024-02-07 HTTP/1.1" 200 414
120.253.135.82 - - [08/Feb/2024:10:15:21 +0800] "GET /xingrg/check_reg.html?_=1707358350745 HTTP/1.1" 200 22
120.253.135.82 - - [08/Feb/2024:10:15:23 +0800] "GET /xingrg/all/function/internal_message.html?_=1707358352643&CODE_STATE=getMsg HTTP/1.1" 200 27
101.228.146.191 - - [08/Feb/2024:10:15:24 +0800] "GET /xingrg/kc/buy/cgsh_order_operate.html?command=get_materiel&rest_code=00142&code=00101008372&supplier_code=00100161&order_time=2024-02-08 HTTP/1.1" 200 408
116.238.120.94 - - [08/Feb/2024:10:15:24 +0800] "GET /xingrg/kc/buy/cgsh_order_operate.html?command=get_materiel&rest_code=00150&code=00102001151&supplier_code=00100073&order_time=2024-02-08 HTTP/1.1" 200 412
116.238.97.31 - - [08/Feb/2024:10:15:25 +0800] "GET /xingrg/all/function/internal_message.html?_=1707358525937&CODE_STATE=getMsg HTTP/1.1" 200 27
124.78.156.119 - - [08/Feb/2024:10:15:26 +0800] "GET /xingrg/all/function/internal_message.html?_=1707358524990&CODE_STATE=getMsg HTTP/1.1" 200 27
120.253.135.82 - - [08/Feb/2024:10:15:28 +0800] "GET /xingrg/check_reg.html?_=1707358357407 HTTP/1.1" 200 22
218.81.65.124 - - [08/Feb/2024:10:15:28 +0800] "GET /xingrg/check_reg.html?_=1707358534936 HTTP/1.1" 200 22
218.81.65.124 - - [08/Feb/2024:10:15:28 +0800] "GET /xingrg/all/function/internal_message.html?_=1707358534937&CODE_STATE=getMsg HTTP/1.1" 200 27
120.253.135.82 - - [08/Feb/2024:10:15:29 +0800] "GET /xingrg/all/function/internal_message.html?_=1707358358134&CODE_STATE=getMsg HTTP/1.1" 200 27
180.164.1.25 - - [08/Feb/2024:10:15:32 +0800] "GET /xingrg/all/function/internal_message.html?_=1707358531657&CODE_STATE=getMsg HTTP/1.1" 200 27
116.238.120.94 - - [08/Feb/2024:10:15:34 +0800] "POST /xingrg/kc/buy/cgsh_order_operate.html HTTP/1.1" 200 37
101.228.146.191 - - [08/Feb/2024:10:15:35 +0800] "GET /xingrg/kc/buy/cgsh_order_operate.html?command=get_materiel&rest_code=00142&code=00101008024&supplier_code=00100161&order_time=2024-02-08 HTTP/1.1" 200 408
116.232.194.112 - - [08/Feb/2024:10:15:35 +0800] "GET /xingrg/all/function/internal_message.html?_=1707358452637&CODE_STATE=getMsg HTTP/1.1" 200 27
101.83.240.145 - - [08/Feb/2024:10:15:39 +0800] "GET /xingrg/check_reg.html?_=1707358536448 HTTP/1.1" 200 22
116.238.120.94 - - [08/Feb/2024:10:15:41 +0800] "POST /xingrg/kc/buy/cgsh_order_operate.html HTTP/1.1" 200 12
116.238.120.94 - - [08/Feb/2024:10:15:43 +0800] "GET /xingrg/kc/buy/cgsh_order_info.html?code=212024020803376 HTTP/1.1" 200 68422
116.238.120.94 - - [08/Feb/2024:10:15:44 +0800] "GET /xingrg/javascript/easyui/themes/default/validatebox.css HTTP/1.1" 404 1104
116.238.120.94 - - [08/Feb/2024:10:15:44 +0800] "GET /xingrg/all/function/internal_message.html?_=1707358544317&CODE_STATE=getMsg HTTP/1.1" 200 27
222.70.172.34 - - [08/Feb/2024:10:15:44 +0800] "GET /xingrg/check_reg.html?_=1707358558174 HTTP/1.1" 200 22
101.228.146.191 - - [08/Feb/2024:10:15:44 +0800] "GET /xingrg/kc/buy/cgsh_order_operate.html?command=get_materiel&rest_code=00142&code=00101008356&supplier_code=00100161&order_time=2024-02-08 HTTP/1.1" 200 408
116.238.120.94 - - [08/Feb/2024:10:15:45 +0800] "POST /xingrg/kc/buy/cgsh_order_operate.html HTTP/1.1" 200 2421
222.69.128.19 - - [08/Feb/2024:10:15:46 +0800] "GET /xingrg/all/function/internal_message.html?_=1707358547651&CODE_STATE=getMsg HTTP/1.1" 200 27
116.238.120.94 - - [08/Feb/2024:10:15:46 +0800] "GET /xingrg/kc/print/load_data.html?order_code=212024020803376&kc_code=cgsh&condition= HTTP/1.1" 200 1473
116.238.120.94 - - [08/Feb/2024:10:15:53 +0800] "POST /xingrg/all/user/operate.html HTTP/1.1" 200 36
116.238.120.94 - - [08/Feb/2024:10:15:53 +0800] "GET /xingrg/index.html?sysBaseUrl=http%3A%2F%2F180.169.147.146%3A18081%2Fxingrg%2F&costTime=821×tamp=1707354159980 HTTP/1.1" 200 17177
116.238.120.94 - - [08/Feb/2024:10:15:53 +0800] "GET /xingrg/javascript/jquery_easy_ui/themes/default/easyui.css HTTP/1.1" 304 -
116.238.120.94 - - [08/Feb/2024:10:15:53 +0800] "GET /xingrg/javascript/jquery_easy_ui/themes/icon.css HTTP/1.1" 304 -
116.238.120.94 - - [08/Feb/2024:10:15:53 +0800] "GET /xingrg/css/form.css HTTP/1.1" 304 -
116.238.120.94 - - [08/Feb/2024:10:15:53 +0800] "GET /xingrg/javascript/jquery-1.4.2.min.js HTTP/1.1" 304 -
116.238.120.94 - - [08/Feb/2024:10:15:53 +0800] "GET /xingrg/javascript/jquery_easy_ui/jquery.easyui.min.js HTTP/1.1" 304 -
116.238.120.94 - - [08/Feb/2024:10:15:53 +0800] "GET /xingrg/javascript/jquery_easy_ui/easyui-lang-zh_CN.js HTTP/1.1" 304 -
116.238.120.94 - - [08/Feb/2024:10:15:53 +0800] "GET /xingrg/javascript/jquery.form.js HTTP/1.1" 304 -
116.238.120.94 - - [08/Feb/2024:10:15:53 +0800] "GET /xingrg/javascript/jquery.utils.js HTTP/1.1" 304 -
116.238.120.94 - - [08/Feb/2024:10:15:53 +0800] "GET /xingrg/javascript/jquery.timers.js HTTP/1.1" 304 -
116.238.120.94 - - [08/Feb/2024:10:15:53 +0800] "GET /xingrg/images/blue/jxLogo.png HTTP/1.1" 304 -
116.238.120.94 - - [08/Feb/2024:10:15:53 +0800] "GET /xingrg/images/blue/navBackgound.jpg HTTP/1.1" 304 -
116.238.120.94 - - [08/Feb/2024:10:15:53 +0800] "GET /xingrg/javascript/jquery_easy_ui/themes/icons/settle_new.png HTTP/1.1" 304 -
116.238.120.94 - - [08/Feb/2024:10:15:53 +0800] "POST /xingrg/all/common/load_tree.html?tree=area_rest_tree_json&manage=1 HTTP/1.1" 200 476
116.238.120.94 - - [08/Feb/2024:10:15:53 +0800] "GET /xingrg/all/function/internal_message.html?_=1707358553969&CODE_STATE=count HTTP/1.1" 200 11
116.238.120.94 - - [08/Feb/2024:10:15:53 +0800] "GET /xingrg/check_reg.html?_=1707358553969 HTTP/1.1" 200 22
116.238.120.94 - - [08/Feb/2024:10:15:53 +0800] "GET /xingrg/images/blue/pingpu.png HTTP/1.1" 304 -
116.238.120.94 - - [08/Feb/2024:10:15:53 +0800] "GET /xingrg/javascript/jquery_easy_ui/themes/default/images/tabs_leftarrow.png HTTP/1.1" 304 -
116.238.120.94 - - [08/Feb/2024:10:15:53 +0800] "GET /xingrg/javascript/jquery_easy_ui/themes/default/images/panel_tool_collapse.gif HTTP/1.1" 304 -
116.238.120.94 - - [08/Feb/2024:10:15:53 +0800] "GET /xingrg/javascript/jquery_easy_ui/themes/default/images/tabs_rightarrow.png HTTP/1.1" 304 -
116.238.120.94 - - [08/Feb/2024:10:15:53 +0800] "POST /xingrg/load_menu.html HTTP/1.1" 200 5138
116.238.120.94 - - [08/Feb/2024:10:15:56 +0800] "GET /xingrg/kc/buy/cgsh_order_list.html HTTP/1.1" 200 57696
116.230.123.222 - - [08/Feb/2024:10:15:56 +0800] "GET /xingrg/all/function/internal_message.html?_=1707358554470&CODE_STATE=getMsg HTTP/1.1" 200 27
101.228.146.191 - - [08/Feb/2024:10:15:57 +0800] "GET /xingrg/kc/buy/cgsh_order_operate.html?command=get_materiel&rest_code=00142&code=00101008286&supplier_code=00100161&order_time=2024-02-08 HTTP/1.1" 200 408
116.238.120.94 - - [08/Feb/2024:10:15:58 +0800] "POST /xingrg/kc/buy/cgsh_list_operate.html HTTP/1.1" 200 986
101.83.240.145 - - [08/Feb/2024:10:15:58 +0800] "GET /xingrg/all/function/internal_message.html?_=1707358555983&CODE_STATE=getMsg HTTP/1.1" 200 27
101.228.146.191 - - [08/Feb/2024:10:15:59 +0800] "POST /xingrg/kc/buy/cgsh_order_operate.html HTTP/1.1" 200 2065
116.238.120.94 - - [08/Feb/2024:10:15:59 +0800] "GET /xingrg/kc/buy/cgsh_order_add.html HTTP/1.1" 200 73065
116.238.120.94 - - [08/Feb/2024:10:16:00 +0800] "GET /xingrg/javascript/easyui/themes/default/validatebox.css HTTP/1.1" 404 1104
116.238.120.94 - - [08/Feb/2024:10:16:00 +0800] "POST /xingrg/kc/buy/cgsh_order_operate.html HTTP/1.1" 200 8245
116.238.120.94 - - [08/Feb/2024:10:16:00 +0800] "GET /xingrg/all/common/auto_word.html?type=employee&rest_code=00151 HTTP/1.1" 200 293
116.238.120.94 - - [08/Feb/2024:10:16:00 +0800] "GET /xingrg/all/common/auto_word.html?type=employee&rest_code=00151 HTTP/1.1" 200 293
222.70.172.34 - - [08/Feb/2024:10:16:04 +0800] "GET /xingrg/all/function/internal_message.html?_=1707358578087&CODE_STATE=getMsg HTTP/1.1" 200 27
101.228.146.191 - - [08/Feb/2024:10:16:06 +0800] "GET /xingrg/kc/buy/cgsh_order_operate.html?command=get_materiel&rest_code=00142&code=00101008353&supplier_code=00100161&order_time=2024-02-08 HTTP/1.1" 200 408
101.228.146.191 - - [08/Feb/2024:10:16:07 +0800] "GET /xingrg/all/function/internal_message.html?_=1707358566363&CODE_STATE=getMsg HTTP/1.1" 200 27
116.238.120.94 - - [08/Feb/2024:10:16:14 +0800] "GET /xingrg/javascript/auto/indicator.gif HTTP/1.1" 404 1066
101.228.146.191 - - [08/Feb/2024:10:16:17 +0800] "GET /xingrg/kc/buy/cgsh_order_operate.html?command=get_materiel&rest_code=00142&code=00101008351&supplier_code=00100161&order_time=2024-02-08 HTTP/1.1" 200 408
101.229.175.60 - - [08/Feb/2024:10:16:18 +0800] "GET /xingrg/all/function/internal_message.html?_=1707358584688&CODE_STATE=getMsg HTTP/1.1" 302 -
124.78.68.102 - - [08/Feb/2024:10:16:19 +0800] "GET /xingrg/all/function/internal_message.html?_=1707358579792&CODE_STATE=getMsg HTTP/1.1" 200 27
120.253.135.82 - - [08/Feb/2024:10:16:23 +0800] "GET /xingrg/all/function/internal_message.html?_=1707358412656&CODE_STATE=getMsg HTTP/1.1" 200 27
116.238.97.31 - - [08/Feb/2024:10:16:25 +0800] "GET /xingrg/all/function/internal_message.html?_=1707358585916&CODE_STATE=getMsg HTTP/1.1" 200 27
180.163.29.103 - - [08/Feb/2024:10:16:26 +0800] "GET /xingrg/all/function/internal_message.html?_=1707358524990&CODE_STATE=getMsg HTTP/1.1" 302 -
124.78.156.119 - - [08/Feb/2024:10:16:26 +0800] "GET /xingrg/all/function/internal_message.html?_=1707358584993&CODE_STATE=getMsg HTTP/1.1" 200 27
116.238.120.94 - - [08/Feb/2024:10:16:26 +0800] "GET /xingrg/kc/buy/cgsh_order_operate.html?command=get_materiel&rest_code=00151&code=00101008224&supplier_code=00100008&order_time=2024-02-08 HTTP/1.1" 200 416
180.163.29.103 - - [08/Feb/2024:10:16:27 +0800] "GET /xingrg/login.html HTTP/1.1" 200 7641
101.228.146.191 - - [08/Feb/2024:10:16:28 +0800] "GET /xingrg/kc/buy/cgsh_order_operate.html?command=get_materiel&rest_code=00142&code=00101008312&supplier_code=00100161&order_time=2024-02-08 HTTP/1.1" 200 412
218.81.65.124 - - [08/Feb/2024:10:16:28 +0800] "GET /xingrg/all/function/internal_message.html?_=1707358594935&CODE_STATE=getMsg HTTP/1.1" 200 27
120.253.135.82 - - [08/Feb/2024:10:16:29 +0800] "GET /xingrg/all/function/internal_message.html?_=1707358418148&CODE_STATE=getMsg HTTP/1.1" 200 27
180.164.1.25 - - [08/Feb/2024:10:16:32 +0800] "GET /xingrg/all/function/internal_message.html?_=1707358591666&CODE_STATE=getMsg HTTP/1.1" 200 27
116.232.194.112 - - [08/Feb/2024:10:16:35 +0800] "GET /xingrg/check_reg.html?_=1707358512637 HTTP/1.1" 200 22
116.232.194.112 - - [08/Feb/2024:10:16:35 +0800] "GET /xingrg/all/function/internal_message.html?_=1707358512640&CODE_STATE=getMsg HTTP/1.1" 200 27
101.228.146.191 - - [08/Feb/2024:10:16:36 +0800] "GET /xingrg/kc/buy/cgsh_order_operate.html?command=get_materiel&rest_code=00142&code=00101008264&supplier_code=00100161&order_time=2024-02-08 HTTP/1.1" 200 412
116.238.120.94 - - [08/Feb/2024:10:16:36 +0800] "GET /xingrg/kc/buy/cgsh_order_operate.html?command=get_materiel&rest_code=00151&code=00101008087&supplier_code=00100008&order_time=2024-02-08 HTTP/1.1" 200 412
222.69.128.19 - - [08/Feb/2024:10:16:46 +0800] "GET /xingrg/check_reg.html?_=1707358607657 HTTP/1.1" 200 22
222.69.128.19 - - [08/Feb/2024:10:16:46 +0800] "GET /xingrg/all/function/internal_message.html?_=1707358607660&CODE_STATE=getMsg HTTP/1.1" 200 27
116.238.120.94 - - [08/Feb/2024:10:16:46 +0800] "GET /xingrg/kc/buy/cgsh_order_operate.html?command=get_materiel&rest_code=00151&code=00101008361&supplier_code=00100008&order_time=2024-02-08 HTTP/1.1" 200 408
101.228.146.191 - - [08/Feb/2024:10:16:48 +0800] "GET /xingrg/kc/buy/cgsh_order_operate.html?command=get_materiel&rest_code=00142&code=00101008283&supplier_code=00100161&order_time=2024-02-08 HTTP/1.1" 200 408
101.228.146.191 - - [08/Feb/2024:10:16:51 +0800] "POST /xingrg/kc/buy/cgsh_order_operate.html HTTP/1.1" 200 2065
116.238.120.94 - - [08/Feb/2024:10:16:53 +0800] "GET /xingrg/all/function/internal_message.html?_=1707358613990&CODE_STATE=getMsg HTTP/1.1" 200 27
116.230.123.222 - - [08/Feb/2024:10:16:56 +0800] "GET /xingrg/all/function/internal_message.html?_=1707358614469&CODE_STATE=getMsg HTTP/1.1" 200 27
101.228.146.191 - - [08/Feb/2024:10:16:56 +0800] "GET /xingrg/kc/buy/cgsh_order_operate.html?command=get_materiel&rest_code=00142&code=00101008298&supplier_code=00100161&order_time=2024-02-08 HTTP/1.1" 200 413
101.83.240.145 - - [08/Feb/2024:10:16:58 +0800] "GET /xingrg/all/function/internal_message.html?_=1707358615969&CODE_STATE=getMsg HTTP/1.1" 200 27
222.70.172.34 - - [08/Feb/2024:10:17:04 +0800] "GET /xingrg/all/function/internal_message.html?_=1707358638102&CODE_STATE=getMsg HTTP/1.1" 200 27
101.228.146.191 - - [08/Feb/2024:10:17:05 +0800] "GET /xingrg/kc/buy/cgsh_order_operate.html?command=get_materiel&rest_code=00142&code=00101008354&supplier_code=00100161&order_time=2024-02-08 HTTP/1.1" 200 412
101.228.146.191 - - [08/Feb/2024:10:17:07 +0800] "GET /xingrg/all/function/internal_message.html?_=1707358626363&CODE_STATE=getMsg HTTP/1.1" 200 27
101.228.146.191 - - [08/Feb/2024:10:17:15 +0800] "GET /xingrg/kc/buy/cgsh_order_operate.html?command=get_materiel&rest_code=00142&code=00101008352&supplier_code=00100161&order_time=2024-02-08 HTTP/1.1" 200 412
101.229.175.60 - - [08/Feb/2024:10:17:18 +0800] "GET /xingrg/all/function/internal_message.html?_=1707358644690&CODE_STATE=getMsg HTTP/1.1" 302 -
124.78.68.102 - - [08/Feb/2024:10:17:19 +0800] "GET /xingrg/all/function/internal_message.html?_=1707358639771&CODE_STATE=getMsg HTTP/1.1" 200 27
222.69.128.19 - - [08/Feb/2024:10:17:21 +0800] "GET /xingrg/kc/buy/cgsh_order_operate.html?command=get_materiel&rest_code=00154&code=00101001099&supplier_code=00100151&order_time=2024-02-07 HTTP/1.1" 200 409
120.253.135.82 - - [08/Feb/2024:10:17:23 +0800] "GET /xingrg/all/function/internal_message.html?_=1707358472675&CODE_STATE=getMsg HTTP/1.1" 200 27
116.238.97.31 - - [08/Feb/2024:10:17:25 +0800] "GET /xingrg/all/function/internal_message.html?_=1707358645890&CODE_STATE=getMsg HTTP/1.1" 200 27
124.78.156.119 - - [08/Feb/2024:10:17:26 +0800] "GET /xingrg/all/function/internal_message.html?_=1707358644995&CODE_STATE=getMsg HTTP/1.1" 200 27
124.78.156.119 - - [08/Feb/2024:10:17:26 +0800] "GET /xingrg/check_reg.html?_=1707358644997 HTTP/1.1" 200 22
218.81.65.124 - - [08/Feb/2024:10:17:28 +0800] "GET /xingrg/all/function/internal_message.html?_=1707358654933&CODE_STATE=getMsg HTTP/1.1" 200 27
120.253.135.82 - - [08/Feb/2024:10:17:29 +0800] "GET /xingrg/all/function/internal_message.html?_=1707358478161&CODE_STATE=getMsg HTTP/1.1" 200 27
180.164.1.25 - - [08/Feb/2024:10:17:32 +0800] "GET /xingrg/check_reg.html?_=1707358651660 HTTP/1.1" 200 22
180.164.1.25 - - [08/Feb/2024:10:17:32 +0800] "GET /xingrg/all/function/internal_message.html?_=1707358651662&CODE_STATE=getMsg HTTP/1.1" 200 27
101.228.146.191 - - [08/Feb/2024:10:17:35 +0800] "GET /xingrg/kc/buy/cgsh_order_operate.html?command=get_materiel&rest_code=00142&code=00101008323&supplier_code=00100161&order_time=2024-02-08 HTTP/1.1" 200 408
116.232.194.112 - - [08/Feb/2024:10:17:35 +0800] "GET /xingrg/all/function/internal_message.html?_=1707358572634&CODE_STATE=getMsg HTTP/1.1" 200 27
222.69.128.19 - - [08/Feb/2024:10:17:46 +0800] "GET /xingrg/all/function/internal_message.html?_=1707358667650&CODE_STATE=getMsg HTTP/1.1" 200 27
101.228.146.191 - - [08/Feb/2024:10:17:46 +0800] "GET /xingrg/kc/buy/cgsh_order_operate.html?command=get_materiel&rest_code=00142&code=00101016057&supplier_code=00100161&order_time=2024-02-08 HTTP/1.1" 200 408
101.228.146.191 - - [08/Feb/2024:10:17:49 +0800] "POST /xingrg/kc/buy/cgsh_order_operate.html HTTP/1.1" 200 2065
116.238.120.94 - - [08/Feb/2024:10:17:53 +0800] "GET /xingrg/all/function/internal_message.html?_=1707358673989&CODE_STATE=getMsg HTTP/1.1" 200 27
116.230.123.222 - - [08/Feb/2024:10:17:56 +0800] "GET /xingrg/all/function/internal_message.html?_=1707358674467&CODE_STATE=getMsg HTTP/1.1" 200 27
101.83.240.145 - - [08/Feb/2024:10:17:58 +0800] "GET /xingrg/all/function/internal_message.html?_=1707358675950&CODE_STATE=getMsg HTTP/1.1" 200 27
101.228.146.191 - - [08/Feb/2024:10:18:00 +0800] "GET /xingrg/kc/buy/cgsh_order_operate.html?command=get_materiel&rest_code=00142&code=00101012051&supplier_code=00100161&order_time=2024-02-08 HTTP/1.1" 200 408
222.70.172.34 - - [08/Feb/2024:10:18:04 +0800] "GET /xingrg/all/function/internal_message.html?_=1707358698292&CODE_STATE=getMsg HTTP/1.1" 200 27
101.228.146.191 - - [08/Feb/2024:10:18:07 +0800] "GET /xingrg/check_reg.html?_=1707358686360 HTTP/1.1" 200 22
101.228.146.191 - - [08/Feb/2024:10:18:07 +0800] "GET /xingrg/all/function/internal_message.html?_=1707358686363&CODE_STATE=getMsg HTTP/1.1" 200 27
101.228.146.191 - - [08/Feb/2024:10:18:12 +0800] "POST /xingrg/kc/buy/cgsh_order_operate.html HTTP/1.1" 200 37
101.228.146.191 - - [08/Feb/2024:10:18:14 +0800] "POST /xingrg/kc/buy/cgsh_order_operate.html HTTP/1.1" 200 15037
101.229.175.60 - - [08/Feb/2024:10:18:18 +0800] "GET /xingrg/all/function/internal_message.html?_=1707358704693&CODE_STATE=getMsg HTTP/1.1" 302 -
101.229.175.60 - - [08/Feb/2024:10:18:18 +0800] "GET /xingrg/check_reg.html?_=1707358704697 HTTP/1.1" 302 -
124.78.68.102 - - [08/Feb/2024:10:18:19 +0800] "GET /xingrg/all/function/internal_message.html?_=1707358699777&CODE_STATE=getMsg HTTP/1.1" 200 27
101.228.146.191 - - [08/Feb/2024:10:18:22 +0800] "POST /xingrg/kc/buy/cgsh_order_operate.html HTTP/1.1" 200 37
120.253.135.82 - - [08/Feb/2024:10:18:23 +0800] "GET /xingrg/all/function/internal_message.html?_=1707358532713&CODE_STATE=getMsg HTTP/1.1" 200 27
116.238.97.31 - - [08/Feb/2024:10:18:25 +0800] "GET /xingrg/all/function/internal_message.html?_=1707358705865&CODE_STATE=getMsg HTTP/1.1" 200 27
124.78.156.119 - - [08/Feb/2024:10:18:26 +0800] "GET /xingrg/all/function/internal_message.html?_=1707358704998&CODE_STATE=getMsg HTTP/1.1" 200 27
218.81.65.124 - - [08/Feb/2024:10:18:28 +0800] "GET /xingrg/all/function/internal_message.html?_=1707358714932&CODE_STATE=getMsg HTTP/1.1" 200 27
120.253.135.82 - - [08/Feb/2024:10:18:29 +0800] "GET /xingrg/all/function/internal_message.html?_=1707358538178&CODE_STATE=getMsg HTTP/1.1" 200 27
180.164.1.25 - - [08/Feb/2024:10:18:32 +0800] "GET /xingrg/all/function/internal_message.html?_=1707358711670&CODE_STATE=getMsg HTTP/1.1" 200 27
116.232.194.112 - - [08/Feb/2024:10:18:35 +0800] "GET /xingrg/all/function/internal_message.html?_=1707358632623&CODE_STATE=getMsg HTTP/1.1" 200 27
101.228.146.191 - - [08/Feb/2024:10:18:36 +0800] "POST /xingrg/kc/buy/cgsh_order_operate.html HTTP/1.1" 200 12
222.69.128.19 - - [08/Feb/2024:10:18:46 +0800] "GET /xingrg/all/function/internal_message.html?_=1707358727647&CODE_STATE=getMsg HTTP/1.1" 200 27
116.238.120.94 - - [08/Feb/2024:10:18:53 +0800] "GET /xingrg/all/function/internal_message.html?_=1707358733990&CODE_STATE=getMsg HTTP/1.1" 200 27
101.83.240.145 - - [08/Feb/2024:10:18:55 +0800] "GET /xingrg/kc/buy/cgsh_order_add.html HTTP/1.1" 200 73555
101.83.240.145 - - [08/Feb/2024:10:18:56 +0800] "POST /xingrg/kc/buy/cgsh_order_operate.html HTTP/1.1" 200 8245
101.83.240.145 - - [08/Feb/2024:10:18:56 +0800] "GET /xingrg/javascript/easyui/themes/default/validatebox.css HTTP/1.1" 404 1104
222.69.128.19 - - [08/Feb/2024:10:18:56 +0800] "GET /xingrg/kc/buy/cgsh_order_operate.html?command=get_materiel&rest_code=00154&code=00101002017&supplier_code=00100151&order_time=2024-02-07 HTTP/1.1" 200 411
116.230.123.222 - - [08/Feb/2024:10:18:56 +0800] "GET /xingrg/all/function/internal_message.html?_=1707358734507&CODE_STATE=getMsg HTTP/1.1" 200 27
116.230.123.222 - - [08/Feb/2024:10:18:56 +0800] "GET /xingrg/check_reg.html?_=1707358734508 HTTP/1.1" 200 22
101.83.240.145 - - [08/Feb/2024:10:18:58 +0800] "GET /xingrg/all/function/internal_message.html?_=1707358735934&CODE_STATE=getMsg HTTP/1.1" 200 27
222.70.172.34 - - [08/Feb/2024:10:19:04 +0800] "GET /xingrg/all/function/internal_message.html?_=1707358758299&CODE_STATE=getMsg HTTP/1.1" 200 27
101.83.240.145 - - [08/Feb/2024:10:19:08 +0800] "GET /xingrg/kc/buy/cgsh_order_operate.html?command=get_materiel&rest_code=00149&code=00101004017&supplier_code=00100083&order_time=2024-02-08 HTTP/1.1" 200 413
116.238.97.31 - - [08/Feb/2024:10:19:11 +0800] "GET /xingrg/check_reg.html?_=1707358751463 HTTP/1.1" 200 22
101.229.175.60 - - [08/Feb/2024:10:19:18 +0800] "GET /xingrg/all/function/internal_message.html?_=1707358764707&CODE_STATE=getMsg HTTP/1.1" 302 -
124.78.68.102 - - [08/Feb/2024:10:19:19 +0800] "GET /xingrg/check_reg.html?_=1707358759773 HTTP/1.1" 200 22
124.78.68.102 - - [08/Feb/2024:10:19:19 +0800] "GET /xingrg/all/function/internal_message.html?_=1707358759777&CODE_STATE=getMsg HTTP/1.1" 200 27
101.83.240.145 - - [08/Feb/2024:10:19:23 +0800] "GET /xingrg/kc/buy/cgsh_order_operate.html?command=get_materiel&rest_code=00149&code=00101004067&supplier_code=00100083&order_time=2024-02-08 HTTP/1.1" 200 413
120.253.135.82 - - [08/Feb/2024:10:19:23 +0800] "GET /xingrg/all/function/internal_message.html?_=1707358592728&CODE_STATE=getMsg HTTP/1.1" 200 27
116.238.97.31 - - [08/Feb/2024:10:19:25 +0800] "GET /xingrg/all/function/internal_message.html?_=1707358765855&CODE_STATE=getMsg HTTP/1.1" 200 27
124.78.156.119 - - [08/Feb/2024:10:19:26 +0800] "GET /xingrg/all/function/internal_message.html?_=1707358764997&CODE_STATE=getMsg HTTP/1.1" 200 27
218.81.65.124 - - [08/Feb/2024:10:19:28 +0800] "GET /xingrg/all/function/internal_message.html?_=1707358774931&CODE_STATE=getMsg HTTP/1.1" 200 27
120.253.135.82 - - [08/Feb/2024:10:19:29 +0800] "GET /xingrg/all/function/internal_message.html?_=1707358598194&CODE_STATE=getMsg HTTP/1.1" 200 27
180.164.1.25 - - [08/Feb/2024:10:19:32 +0800] "GET /xingrg/all/function/internal_message.html?_=1707358771658&CODE_STATE=getMsg HTTP/1.1" 200 27
101.83.240.145 - - [08/Feb/2024:10:19:33 +0800] "GET /xingrg/kc/buy/cgsh_order_operate.html?command=get_materiel&rest_code=00149&code=00101004051&supplier_code=00100083&order_time=2024-02-08 HTTP/1.1" 200 408
116.232.194.112 - - [08/Feb/2024:10:19:35 +0800] "GET /xingrg/all/function/internal_message.html?_=1707358692630&CODE_STATE=getMsg HTTP/1.1" 200 27
222.69.128.19 - - [08/Feb/2024:10:19:46 +0800] "GET /xingrg/all/function/internal_message.html?_=1707358787638&CODE_STATE=getMsg HTTP/1.1" 200 27
101.83.240.145 - - [08/Feb/2024:10:19:51 +0800] "GET /xingrg/kc/buy/cgsh_order_operate.html?command=get_materiel&rest_code=00149&code=00101004030&supplier_code=00100083&order_time=2024-02-08 HTTP/1.1" 200 408
116.238.120.94 - - [08/Feb/2024:10:19:53 +0800] "GET /xingrg/kc/buy/cgsh_order_operate.html?command=get_materiel&rest_code=00151&code=00101008355&supplier_code=00100008&order_time=2024-02-08 HTTP/1.1" 200 408
116.238.120.94 - - [08/Feb/2024:10:19:53 +0800] "GET /xingrg/all/function/internal_message.html?_=1707358793990&CODE_STATE=getMsg HTTP/1.1" 200 27
116.230.123.222 - - [08/Feb/2024:10:19:56 +0800] "GET /xingrg/all/function/internal_message.html?_=1707358794499&CODE_STATE=getMsg HTTP/1.1" 200 27
222.70.172.34 - - [08/Feb/2024:10:20:04 +0800] "GET /xingrg/all/function/internal_message.html?_=1707358818467&CODE_STATE=getMsg HTTP/1.1" 200 27
