101.229.175.60 - - [08/Feb/2024:12:35:18 +0800] "GET /xingrg/all/function/internal_message.html?_=1707366924742&CODE_STATE=getMsg HTTP/1.1" 302 -
124.78.68.102 - - [08/Feb/2024:12:35:18 +0800] "GET /xingrg/all/function/internal_message.html?_=1707366918545&CODE_STATE=getMsg HTTP/1.1" 200 27
222.70.172.34 - - [08/Feb/2024:12:35:18 +0800] "POST /xingrg/kc/buy/cgsh_order_operate.html HTTP/1.1" 200 37
116.230.123.222 - - [08/Feb/2024:12:35:18 +0800] "POST /xingrg/kc/buy/cgsh_order_operate.html HTTP/1.1" 200 2982
101.228.146.191 - - [08/Feb/2024:12:35:19 +0800] "GET /xingrg/kc/buy/cgsh_order_operate.html?command=get_materiel&rest_code=00142&code=00101013041&supplier_code=00100207&order_time=2024-02-08 HTTP/1.1" 200 421
222.70.172.34 - - [08/Feb/2024:12:35:21 +0800] "POST /xingrg/kc/buy/cgsh_order_operate.html HTTP/1.1" 200 3262
124.78.156.119 - - [08/Feb/2024:12:35:23 +0800] "GET /xingrg/kc/buy/cgsh_order_operate.html?command=get_materiel&rest_code=00106&code=00101008361&supplier_code=00100007&order_time=2024-02-08 HTTP/1.1" 200 408
116.232.194.112 - - [08/Feb/2024:12:35:23 +0800] "POST /xingrg/kc/buy/cgsh_list_operate.html HTTP/1.1" 200 576
116.230.123.222 - - [08/Feb/2024:12:35:24 +0800] "GET /xingrg/all/function/internal_message.html?_=1707366922573&CODE_STATE=getMsg HTTP/1.1" 200 27
116.232.194.112 - - [08/Feb/2024:12:35:25 +0800] "GET /xingrg/kc/buy/cgsh_order_info.html?code=212024020803464 HTTP/1.1" 200 73564
116.232.194.112 - - [08/Feb/2024:12:35:25 +0800] "GET /xingrg/words/20240208113601_words.js HTTP/1.1" 304 -
116.230.123.222 - - [08/Feb/2024:12:35:25 +0800] "GET /xingrg/kc/print/load_data.html?order_code=212024020803479&kc_code=cgsh&condition= HTTP/1.1" 200 1591
116.232.194.112 - - [08/Feb/2024:12:35:25 +0800] "GET /xingrg/javascript/easyui/themes/default/validatebox.css HTTP/1.1" 404 1104
116.232.194.112 - - [08/Feb/2024:12:35:25 +0800] "GET /xingrg/all/common/auto_word.html?type=employee&rest_code=00155 HTTP/1.1" 200 255
116.232.194.112 - - [08/Feb/2024:12:35:25 +0800] "GET /xingrg/all/common/auto_word.html?type=employee&rest_code=00155 HTTP/1.1" 200 255
222.70.172.34 - - [08/Feb/2024:12:35:25 +0800] "GET /xingrg/kc/print/load_data.html?order_code=212024020803480&kc_code=cgsh&condition= HTTP/1.1" 200 988
116.232.194.112 - - [08/Feb/2024:12:35:26 +0800] "POST /xingrg/kc/buy/cgsh_order_operate.html HTTP/1.1" 200 36464
222.70.172.34 - - [08/Feb/2024:12:35:27 +0800] "GET /xingrg/all/function/internal_message.html?_=1707366942051&CODE_STATE=getMsg HTTP/1.1" 200 27
124.78.156.119 - - [08/Feb/2024:12:35:31 +0800] "POST /xingrg/kc/buy/cgsh_order_operate.html HTTP/1.1" 200 2065
116.230.123.222 - - [08/Feb/2024:12:35:31 +0800] "GET /xingrg/kc/buy/cgsh_order_add.html HTTP/1.1" 200 73423
222.70.172.34 - - [08/Feb/2024:12:35:31 +0800] "GET /xingrg/kc/buy/cgsh_order_add.html HTTP/1.1" 200 73467
116.230.123.222 - - [08/Feb/2024:12:35:32 +0800] "GET /xingrg/javascript/easyui/themes/default/validatebox.css HTTP/1.1" 404 1104
222.70.172.34 - - [08/Feb/2024:12:35:32 +0800] "POST /xingrg/kc/buy/cgsh_order_operate.html HTTP/1.1" 200 8245
116.230.123.222 - - [08/Feb/2024:12:35:32 +0800] "POST /xingrg/kc/buy/cgsh_order_operate.html HTTP/1.1" 200 8245
222.70.172.34 - - [08/Feb/2024:12:35:32 +0800] "GET /xingrg/javascript/easyui/themes/default/validatebox.css HTTP/1.1" 404 1104
116.232.194.112 - - [08/Feb/2024:12:35:34 +0800] "GET /xingrg/javascript/auto/indicator.gif HTTP/1.1" 404 1066
101.228.146.191 - - [08/Feb/2024:12:35:36 +0800] "GET /xingrg/all/function/internal_message.html?_=1707366935076&CODE_STATE=getMsg HTTP/1.1" 200 27
180.164.1.25 - - [08/Feb/2024:12:35:36 +0800] "GET /xingrg/all/function/internal_message.html?_=1707366935588&CODE_STATE=getMsg HTTP/1.1" 200 27
180.164.1.25 - - [08/Feb/2024:12:35:36 +0800] "GET /xingrg/check_reg.html?_=1707366935589 HTTP/1.1" 200 22
116.230.123.222 - - [08/Feb/2024:12:35:36 +0800] "GET /xingrg/javascript/jquery_easy_ui/themes/icons/area.png HTTP/1.1" 200 262
116.230.123.222 - - [08/Feb/2024:12:35:36 +0800] "GET /xingrg/javascript/jquery_easy_ui/themes/icons/rest.png HTTP/1.1" 200 695
124.78.156.119 - - [08/Feb/2024:12:35:37 +0800] "GET /xingrg/all/function/internal_message.html?_=1707366935918&CODE_STATE=getMsg HTTP/1.1" 200 27
116.238.97.31 - - [08/Feb/2024:12:35:37 +0800] "GET /xingrg/all/function/internal_message.html?_=1707366938309&CODE_STATE=getMsg HTTP/1.1" 200 27
124.78.156.119 - - [08/Feb/2024:12:35:37 +0800] "GET /xingrg/kc/buy/cgsh_order_operate.html?command=get_materiel&rest_code=00106&code=00101008355&supplier_code=00100007&order_time=2024-02-08 HTTP/1.1" 200 408
116.232.194.112 - - [08/Feb/2024:12:35:39 +0800] "GET /xingrg/kc/buy/cgsh_order_operate.html?command=get_materiel&rest_code=00155&code=00101008168&supplier_code=00100005&order_time=2024-02-08 HTTP/1.1" 200 413
101.83.240.145 - - [08/Feb/2024:12:35:40 +0800] "GET /xingrg/check_reg.html?_=1707366938116 HTTP/1.1" 200 22
101.228.146.191 - - [08/Feb/2024:12:35:44 +0800] "GET /xingrg/kc/buy/cgsh_order_operate.html?command=get_materiel&rest_code=00142&code=00101013043&supplier_code=00100207&order_time=2024-02-08 HTTP/1.1" 200 412
180.156.195.45 - - [08/Feb/2024:12:35:44 +0800] "GET /xingrg/all/function/internal_message.html?_=1707366945115&CODE_STATE=getMsg HTTP/1.1" 200 27
116.230.123.222 - - [08/Feb/2024:12:35:44 +0800] "GET /xingrg/kc/buy/cgsh_order_operate.html?command=get_materiel&rest_code=00111&code=00101003016&supplier_code=00100093&order_time=2024-02-08 HTTP/1.1" 200 420
101.83.145.37 - - [08/Feb/2024:12:35:47 +0800] "GET /xingrg/all/function/internal_message.html?_=1707366711256&CODE_STATE=getMsg HTTP/1.1" 200 27
222.70.172.34 - - [08/Feb/2024:12:35:47 +0800] "GET /xingrg/kc/buy/cgsh_order_operate.html?command=get_materiel&rest_code=00146&code=00101004104&supplier_code=00100086&order_time=2024-02-08 HTTP/1.1" 200 408
124.78.156.119 - - [08/Feb/2024:12:35:50 +0800] "GET /xingrg/kc/buy/cgsh_order_operate.html?command=get_materiel&rest_code=00106&code=00101008067&supplier_code=00100007&order_time=2024-02-08 HTTP/1.1" 200 416
116.232.194.112 - - [08/Feb/2024:12:35:52 +0800] "GET /xingrg/kc/buy/cgsh_order_operate.html?command=get_materiel&rest_code=00155&code=00101008283&supplier_code=00100005&order_time=2024-02-08 HTTP/1.1" 200 408
101.83.240.145 - - [08/Feb/2024:12:35:56 +0800] "GET /xingrg/all/function/internal_message.html?_=1707366954011&CODE_STATE=getMsg HTTP/1.1" 200 27
222.69.128.19 - - [08/Feb/2024:12:35:57 +0800] "GET /xingrg/check_reg.html?_=1707366957947 HTTP/1.1" 200 22
116.232.194.112 - - [08/Feb/2024:12:35:58 +0800] "GET /xingrg/index.html?sysBaseUrl=http%3A%2F%2F180.169.147.146%3A18081%2Fxingrg%2F&costTime=1779×tamp=1684631389383 HTTP/1.1" 200 17179
116.232.194.112 - - [08/Feb/2024:12:35:59 +0800] "GET /xingrg/all/function/internal_message.html?_=1707366876134&CODE_STATE=count HTTP/1.1" 200 11
116.232.194.112 - - [08/Feb/2024:12:35:59 +0800] "GET /xingrg/check_reg.html?_=1707366876136 HTTP/1.1" 200 22
116.232.194.112 - - [08/Feb/2024:12:35:59 +0800] "POST /xingrg/all/common/load_tree.html?tree=area_rest_tree_json&manage=1 HTTP/1.1" 200 351
116.232.194.112 - - [08/Feb/2024:12:35:59 +0800] "GET /favicon.ico HTTP/1.1" 404 -
116.232.194.112 - - [08/Feb/2024:12:35:59 +0800] "POST /xingrg/load_menu.html HTTP/1.1" 200 5138
116.232.194.112 - - [08/Feb/2024:12:36:00 +0800] "GET /xingrg/kc/buy/buy_main.html HTTP/1.1" 200 12412
116.232.194.112 - - [08/Feb/2024:12:36:00 +0800] "GET /xingrg/css/new_ie.css HTTP/1.1" 404 1036
222.69.128.19 - - [08/Feb/2024:12:36:01 +0800] "GET /xingrg/all/function/internal_message.html?_=1707366961619&CODE_STATE=getMsg HTTP/1.1" 200 27
222.70.172.34 - - [08/Feb/2024:12:36:01 +0800] "GET /xingrg/kc/buy/cgsh_order_operate.html?command=get_materiel&rest_code=00146&code=00101004065&supplier_code=00100086&order_time=2024-02-08 HTTP/1.1" 200 413
116.232.194.112 - - [08/Feb/2024:12:36:01 +0800] "GET /xingrg/images/yd/bt.gif HTTP/1.1" 404 1040
116.238.120.94 - - [08/Feb/2024:12:36:02 +0800] "GET /xingrg/all/function/internal_message.html?_=1707366962707&CODE_STATE=getMsg HTTP/1.1" 200 27
116.232.194.112 - - [08/Feb/2024:12:36:02 +0800] "GET /xingrg/kc/buy/cgsh_order_list.html HTTP/1.1" 200 57698
116.230.123.222 - - [08/Feb/2024:12:36:08 +0800] "POST /xingrg/kc/buy/cgsh_order_operate.html HTTP/1.1" 200 37
124.78.156.119 - - [08/Feb/2024:12:36:10 +0800] "GET /xingrg/kc/buy/cgsh_order_operate.html?command=get_materiel&rest_code=00106&code=00101008321&supplier_code=00100007&order_time=2024-02-08 HTTP/1.1" 200 412
116.232.194.112 - - [08/Feb/2024:12:36:12 +0800] "GET /xingrg/all/function/internal_message.html?_=1707366889035&CODE_STATE=getMsg HTTP/1.1" 200 27
222.70.172.34 - - [08/Feb/2024:12:36:14 +0800] "POST /xingrg/kc/buy/cgsh_order_operate.html HTTP/1.1" 200 37
222.70.172.34 - - [08/Feb/2024:12:36:17 +0800] "POST /xingrg/kc/buy/cgsh_order_operate.html HTTP/1.1" 200 3250
101.229.175.60 - - [08/Feb/2024:12:36:18 +0800] "GET /xingrg/all/function/internal_message.html?_=1707366984743&CODE_STATE=getMsg HTTP/1.1" 302 -
124.78.68.102 - - [08/Feb/2024:12:36:18 +0800] "GET /xingrg/all/function/internal_message.html?_=1707366978535&CODE_STATE=getMsg HTTP/1.1" 200 27
116.232.194.112 - - [08/Feb/2024:12:36:26 +0800] "GET /xingrg/kc/buy/cgsh_order_operate.html?command=get_materiel&rest_code=00155&code=00101008353&supplier_code=00100005&order_time=2024-02-08 HTTP/1.1" 200 408
222.70.172.34 - - [08/Feb/2024:12:36:27 +0800] "GET /xingrg/all/function/internal_message.html?_=1707367002064&CODE_STATE=getMsg HTTP/1.1" 200 27
124.78.156.119 - - [08/Feb/2024:12:36:32 +0800] "POST /xingrg/kc/buy/cgsh_order_operate.html HTTP/1.1" 200 37
222.70.172.34 - - [08/Feb/2024:12:36:35 +0800] "GET /xingrg/kc/print/load_data.html?order_code=212024020803482&kc_code=cgsh&condition= HTTP/1.1" 200 2278
124.78.156.119 - - [08/Feb/2024:12:36:36 +0800] "POST /xingrg/kc/buy/cgsh_order_operate.html HTTP/1.1" 200 10403
101.228.146.191 - - [08/Feb/2024:12:36:36 +0800] "GET /xingrg/all/function/internal_message.html?_=1707366995077&CODE_STATE=getMsg HTTP/1.1" 200 27
180.164.1.25 - - [08/Feb/2024:12:36:36 +0800] "GET /xingrg/all/function/internal_message.html?_=1707366995586&CODE_STATE=getMsg HTTP/1.1" 200 27
124.78.156.119 - - [08/Feb/2024:12:36:37 +0800] "GET /xingrg/all/function/internal_message.html?_=1707366995924&CODE_STATE=getMsg HTTP/1.1" 200 27
116.238.97.31 - - [08/Feb/2024:12:36:37 +0800] "GET /xingrg/all/function/internal_message.html?_=1707366998294&CODE_STATE=getMsg HTTP/1.1" 200 27
116.230.123.222 - - [08/Feb/2024:12:36:39 +0800] "POST /xingrg/kc/buy/cgsh_order_operate.html HTTP/1.1" 200 12
116.230.123.222 - - [08/Feb/2024:12:36:43 +0800] "GET /xingrg/kc/buy/cgsh_order_info.html?code=212024020803481 HTTP/1.1" 200 68334
116.230.123.222 - - [08/Feb/2024:12:36:43 +0800] "GET /xingrg/javascript/easyui/themes/default/validatebox.css HTTP/1.1" 404 1104
116.230.123.222 - - [08/Feb/2024:12:36:44 +0800] "POST /xingrg/kc/buy/cgsh_order_operate.html HTTP/1.1" 200 622
180.156.195.45 - - [08/Feb/2024:12:36:44 +0800] "GET /xingrg/all/function/internal_message.html?_=1707367005105&CODE_STATE=getMsg HTTP/1.1" 200 27
116.232.194.112 - - [08/Feb/2024:12:36:46 +0800] "POST /xingrg/kc/buy/cgsh_list_operate.html HTTP/1.1" 200 7511
222.70.172.34 - - [08/Feb/2024:12:36:47 +0800] "POST /xingrg/kc/buy/cgsh_order_operate.html HTTP/1.1" 200 37
101.83.145.37 - - [08/Feb/2024:12:36:47 +0800] "GET /xingrg/all/function/internal_message.html?_=1707366771344&CODE_STATE=getMsg HTTP/1.1" 200 27
116.230.123.222 - - [08/Feb/2024:12:36:47 +0800] "GET /xingrg/kc/print/load_data.html?order_code=212024020803481&kc_code=cgsh&condition= HTTP/1.1" 200 776
124.78.156.119 - - [08/Feb/2024:12:36:49 +0800] "GET /xingrg/kc/buy/cgsh_order_operate.html?command=get_materiel&rest_code=00106&code=00101008024&supplier_code=00100007&order_time=2024-02-08 HTTP/1.1" 200 408
222.70.172.34 - - [08/Feb/2024:12:36:50 +0800] "POST /xingrg/kc/buy/cgsh_order_operate.html HTTP/1.1" 200 3250
116.232.194.112 - - [08/Feb/2024:12:36:51 +0800] "GET /xingrg/kc/buy/cgsh_order_operate.html?command=get_materiel&rest_code=00155&code=00101008131&supplier_code=00100005&order_time=2024-02-08 HTTP/1.1" 200 408
222.70.172.34 - - [08/Feb/2024:12:36:56 +0800] "GET /xingrg/login.html HTTP/1.1" 200 7641
222.70.172.34 - - [08/Feb/2024:12:36:56 +0800] "GET /favicon.ico HTTP/1.1" 404 -
101.83.240.145 - - [08/Feb/2024:12:36:56 +0800] "GET /xingrg/all/function/internal_message.html?_=1707367013982&CODE_STATE=getMsg HTTP/1.1" 200 27
116.232.194.112 - - [08/Feb/2024:12:36:58 +0800] "POST /xingrg/kc/buy/cgsh_order_operate.html HTTP/1.1" 200 2065
222.70.172.34 - - [08/Feb/2024:12:36:59 +0800] "POST /xingrg/login.do HTTP/1.1" 302 -
116.232.194.112 - - [08/Feb/2024:12:36:59 +0800] "GET /xingrg/all/function/internal_message.html?_=1707366936155&CODE_STATE=getMsg HTTP/1.1" 200 27
222.70.172.34 - - [08/Feb/2024:12:36:59 +0800] "GET /xingrg/index.html?sysBaseUrl=http%3A%2F%2F180.169.147.146%3A18081%2Fxingrg%2F&costTime=1414×tamp=1707367019409 HTTP/1.1" 200 17179
222.70.172.34 - - [08/Feb/2024:12:36:59 +0800] "GET /xingrg/javascript/jquery_easy_ui/themes/default/easyui.css HTTP/1.1" 304 -
222.70.172.34 - - [08/Feb/2024:12:36:59 +0800] "GET /xingrg/javascript/jquery_easy_ui/themes/icon.css HTTP/1.1" 304 -
222.70.172.34 - - [08/Feb/2024:12:36:59 +0800] "GET /xingrg/css/form.css HTTP/1.1" 304 -
222.70.172.34 - - [08/Feb/2024:12:36:59 +0800] "GET /xingrg/javascript/jquery.form.js HTTP/1.1" 304 -
222.70.172.34 - - [08/Feb/2024:12:36:59 +0800] "GET /xingrg/javascript/jquery_easy_ui/easyui-lang-zh_CN.js HTTP/1.1" 304 -
222.70.172.34 - - [08/Feb/2024:12:36:59 +0800] "GET /xingrg/javascript/jquery-1.4.2.min.js HTTP/1.1" 304 -
222.70.172.34 - - [08/Feb/2024:12:36:59 +0800] "GET /xingrg/javascript/jquery_easy_ui/jquery.easyui.min.js HTTP/1.1" 304 -
222.70.172.34 - - [08/Feb/2024:12:36:59 +0800] "GET /xingrg/javascript/jquery.utils.js HTTP/1.1" 304 -
222.70.172.34 - - [08/Feb/2024:12:36:59 +0800] "GET /xingrg/javascript/jquery.timers.js HTTP/1.1" 304 -
222.70.172.34 - - [08/Feb/2024:12:36:59 +0800] "GET /favicon.ico HTTP/1.1" 404 -
124.78.156.119 - - [08/Feb/2024:12:36:59 +0800] "GET /xingrg/kc/buy/cgsh_order_operate.html?command=get_materiel&rest_code=00106&code=00101008059&supplier_code=00100007&order_time=2024-02-08 HTTP/1.1" 200 408
222.70.172.34 - - [08/Feb/2024:12:36:59 +0800] "GET /xingrg/all/function/internal_message.html?_=1707367034207&CODE_STATE=count HTTP/1.1" 200 11
222.70.172.34 - - [08/Feb/2024:12:36:59 +0800] "GET /xingrg/check_reg.html?_=1707367034208 HTTP/1.1" 200 22
222.70.172.34 - - [08/Feb/2024:12:37:00 +0800] "POST /xingrg/all/common/load_tree.html?tree=area_rest_tree_json&manage=1 HTTP/1.1" 200 479
116.230.123.222 - - [08/Feb/2024:12:37:00 +0800] "GET /xingrg/kc/buy/cgsh_order_add.html HTTP/1.1" 200 73423
222.70.172.34 - - [08/Feb/2024:12:37:00 +0800] "POST /xingrg/load_menu.html HTTP/1.1" 200 5138
116.230.123.222 - - [08/Feb/2024:12:37:00 +0800] "POST /xingrg/kc/buy/cgsh_order_operate.html HTTP/1.1" 200 8245
116.230.123.222 - - [08/Feb/2024:12:37:00 +0800] "GET /xingrg/javascript/easyui/themes/default/validatebox.css HTTP/1.1" 404 1104
222.69.128.19 - - [08/Feb/2024:12:37:01 +0800] "GET /xingrg/all/function/internal_message.html?_=1707367021590&CODE_STATE=getMsg HTTP/1.1" 200 27
116.238.120.94 - - [08/Feb/2024:12:37:02 +0800] "GET /xingrg/all/function/internal_message.html?_=1707367022699&CODE_STATE=getMsg HTTP/1.1" 200 27
222.70.172.34 - - [08/Feb/2024:12:37:03 +0800] "GET /xingrg/kc/buy/cgsh_order_list.html HTTP/1.1" 200 57698
222.70.172.34 - - [08/Feb/2024:12:37:03 +0800] "GET /xingrg/css/base.css HTTP/1.1" 304 -
222.70.172.34 - - [08/Feb/2024:12:37:03 +0800] "GET /xingrg/css/site.css HTTP/1.1" 304 -
222.70.172.34 - - [08/Feb/2024:12:37:03 +0800] "GET /xingrg/javascript/jquery_tools/datebox.css HTTP/1.1" 304 -
222.70.172.34 - - [08/Feb/2024:12:37:03 +0800] "GET /xingrg/javascript/easyui/themes/default/easyui.css HTTP/1.1" 304 -
222.70.172.34 - - [08/Feb/2024:12:37:03 +0800] "GET /xingrg/javascript/easyui/themes/icon.css HTTP/1.1" 304 -
222.70.172.34 - - [08/Feb/2024:12:37:03 +0800] "GET /xingrg/javascript/auto/jquery.autocomplete.css HTTP/1.1" 304 -
222.70.172.34 - - [08/Feb/2024:12:37:03 +0800] "GET /xingrg/javascript/jquery_tools/fix.css HTTP/1.1" 304 -
222.70.172.34 - - [08/Feb/2024:12:37:03 +0800] "GET /xingrg/javascript/jquery_tools/table.css HTTP/1.1" 304 -
222.70.172.34 - - [08/Feb/2024:12:37:03 +0800] "GET /xingrg/javascript/jquery_tools/jquery.tools.min.js HTTP/1.1" 304 -
222.70.172.34 - - [08/Feb/2024:12:37:03 +0800] "GET /xingrg/javascript/jquery_tools/jquery.tools.extend.js HTTP/1.1" 304 -
222.70.172.34 - - [08/Feb/2024:12:37:03 +0800] "GET /xingrg/javascript/jquery_tools/jquery.tools.hotkey.js HTTP/1.1" 304 -
222.70.172.34 - - [08/Feb/2024:12:37:03 +0800] "GET /xingrg/javascript/jquery_tools/list_manager.js HTTP/1.1" 304 -
222.70.172.34 - - [08/Feb/2024:12:37:03 +0800] "GET /xingrg/javascript/auto/jquery.autocomplete.js HTTP/1.1" 304 -
222.70.172.34 - - [08/Feb/2024:12:37:03 +0800] "GET /xingrg/javascript/easyui/easyloader.js HTTP/1.1" 304 -
222.70.172.34 - - [08/Feb/2024:12:37:03 +0800] "GET /xingrg/javascript/jquery_tools/jquery.tools.table.js HTTP/1.1" 304 -
222.70.172.34 - - [08/Feb/2024:12:37:03 +0800] "GET /xingrg/javascript/jquery.cookie.js HTTP/1.1" 304 -
222.70.172.34 - - [08/Feb/2024:12:37:03 +0800] "GET /xingrg/javascript/print/LodopFuncs.js HTTP/1.1" 304 -
222.70.172.34 - - [08/Feb/2024:12:37:04 +0800] "GET /xingrg/javascript/easyui/plugins/jquery.parser.js HTTP/1.1" 304 -
101.228.146.191 - - [08/Feb/2024:12:37:08 +0800] "POST /xingrg/kc/buy/cgsh_order_operate.html HTTP/1.1" 200 37
124.78.156.119 - - [08/Feb/2024:12:37:11 +0800] "GET /xingrg/kc/buy/cgsh_order_operate.html?command=get_materiel&rest_code=00106&code=00101008359&supplier_code=00100007&order_time=2024-02-08 HTTP/1.1" 200 408
116.232.194.112 - - [08/Feb/2024:12:37:11 +0800] "GET /xingrg/kc/buy/cgsh_order_operate.html?command=get_materiel&rest_code=00155&code=00101009015&supplier_code=00100005&order_time=2024-02-08 HTTP/1.1" 200 23
116.232.194.112 - - [08/Feb/2024:12:37:13 +0800] "GET /xingrg/all/function/internal_message.html?_=1707366950155&CODE_STATE=getMsg HTTP/1.1" 200 27
101.228.146.191 - - [08/Feb/2024:12:37:14 +0800] "POST /xingrg/kc/buy/cgsh_order_operate.html HTTP/1.1" 200 4427
116.230.123.222 - - [08/Feb/2024:12:37:14 +0800] "GET /xingrg/kc/buy/cgsh_order_operate.html?command=get_materiel&rest_code=00111&code=00101001140&supplier_code=00100319&order_time=2024-02-08 HTTP/1.1" 200 415
101.229.175.60 - - [08/Feb/2024:12:37:18 +0800] "GET /xingrg/all/function/internal_message.html?_=1707367044744&CODE_STATE=getMsg HTTP/1.1" 302 -
124.78.68.102 - - [08/Feb/2024:12:37:18 +0800] "GET /xingrg/all/function/internal_message.html?_=1707367038540&CODE_STATE=getMsg HTTP/1.1" 200 27
124.78.156.119 - - [08/Feb/2024:12:37:20 +0800] "GET /xingrg/kc/buy/cgsh_order_operate.html?command=get_materiel&rest_code=00106&code=00101008213&supplier_code=00100007&order_time=2024-02-08 HTTP/1.1" 200 412
116.232.194.112 - - [08/Feb/2024:12:37:21 +0800] "GET /xingrg/kc/buy/cgsh_order_operate.html?command=get_materiel&rest_code=00155&code=00101009011&supplier_code=00100005&order_time=2024-02-08 HTTP/1.1" 200 416
124.78.156.119 - - [08/Feb/2024:12:37:23 +0800] "POST /xingrg/kc/buy/cgsh_order_operate.html HTTP/1.1" 200 2065
101.228.146.191 - - [08/Feb/2024:12:37:24 +0800] "POST /xingrg/kc/buy/cgsh_order_operate.html HTTP/1.1" 200 37
116.230.123.222 - - [08/Feb/2024:12:37:24 +0800] "GET /xingrg/all/function/internal_message.html?_=1707367042591&CODE_STATE=getMsg HTTP/1.1" 200 27
101.83.145.37 - - [08/Feb/2024:12:37:33 +0800] "POST /xingrg/kc/buy/cgsh_order_operate.html HTTP/1.1" 200 37
101.228.146.191 - - [08/Feb/2024:12:37:33 +0800] "POST /xingrg/kc/buy/cgsh_order_operate.html HTTP/1.1" 200 4427
222.70.172.34 - - [08/Feb/2024:12:37:35 +0800] "POST /xingrg/kc/buy/cgsh_list_operate.html HTTP/1.1" 200 5943
124.78.156.119 - - [08/Feb/2024:12:37:35 +0800] "GET /xingrg/kc/buy/cgsh_order_operate.html?command=get_materiel&rest_code=00106&code=00101008239&supplier_code=00100007&order_time=2024-02-08 HTTP/1.1" 200 416
116.230.123.222 - - [08/Feb/2024:12:37:35 +0800] "GET /xingrg/kc/buy/cgsh_order_operate.html?command=get_materiel&rest_code=00111&code=00101001125&supplier_code=00100319&order_time=2024-02-08 HTTP/1.1" 200 416
101.83.145.37 - - [08/Feb/2024:12:37:35 +0800] "POST /xingrg/kc/buy/cgsh_order_operate.html HTTP/1.1" 200 27511
101.228.146.191 - - [08/Feb/2024:12:37:36 +0800] "GET /xingrg/check_reg.html?_=1707367055083 HTTP/1.1" 200 22
101.228.146.191 - - [08/Feb/2024:12:37:36 +0800] "GET /xingrg/all/function/internal_message.html?_=1707367055086&CODE_STATE=getMsg HTTP/1.1" 200 27
180.164.1.25 - - [08/Feb/2024:12:37:36 +0800] "GET /xingrg/all/function/internal_message.html?_=1707367055578&CODE_STATE=getMsg HTTP/1.1" 200 27
124.78.156.119 - - [08/Feb/2024:12:37:37 +0800] "GET /xingrg/check_reg.html?_=1707367055925 HTTP/1.1" 200 22
124.78.156.119 - - [08/Feb/2024:12:37:37 +0800] "GET /xingrg/all/function/internal_message.html?_=1707367055926&CODE_STATE=getMsg HTTP/1.1" 200 27
116.238.97.31 - - [08/Feb/2024:12:37:37 +0800] "GET /xingrg/all/function/internal_message.html?_=1707367058272&CODE_STATE=getMsg HTTP/1.1" 200 27
116.232.194.112 - - [08/Feb/2024:12:37:42 +0800] "POST /xingrg/kc/buy/cgsh_order_operate.html HTTP/1.1" 200 37
180.156.195.45 - - [08/Feb/2024:12:37:44 +0800] "GET /xingrg/all/function/internal_message.html?_=1707367065096&CODE_STATE=getMsg HTTP/1.1" 200 27
116.232.194.112 - - [08/Feb/2024:12:37:45 +0800] "POST /xingrg/kc/buy/cgsh_order_operate.html HTTP/1.1" 200 39415
116.232.194.112 - - [08/Feb/2024:12:37:46 +0800] "POST /xingrg/kc/buy/cgsh_list_operate.html HTTP/1.1" 200 503
101.83.145.37 - - [08/Feb/2024:12:37:46 +0800] "GET /xingrg/kc/buy/buy_main.html HTTP/1.1" 200 12412
101.83.145.37 - - [08/Feb/2024:12:37:46 +0800] "GET /xingrg/css/new_ie.css HTTP/1.1" 404 1036
101.83.145.37 - - [08/Feb/2024:12:37:47 +0800] "GET /xingrg/all/function/internal_message.html?_=1707366831343&CODE_STATE=getMsg HTTP/1.1" 200 27
101.83.145.37 - - [08/Feb/2024:12:37:47 +0800] "GET /xingrg/images/yd/bt.gif HTTP/1.1" 404 1040
116.232.194.112 - - [08/Feb/2024:12:37:47 +0800] "GET /xingrg/kc/buy/cgsh_order_info.html?code=212024020803405 HTTP/1.1" 200 73568
116.232.194.112 - - [08/Feb/2024:12:37:48 +0800] "GET /xingrg/javascript/easyui/themes/default/validatebox.css HTTP/1.1" 404 1104
116.232.194.112 - - [08/Feb/2024:12:37:48 +0800] "GET /xingrg/all/common/auto_word.html?type=employee&rest_code=00155 HTTP/1.1" 200 255
116.232.194.112 - - [08/Feb/2024:12:37:48 +0800] "GET /xingrg/all/common/auto_word.html?type=employee&rest_code=00155 HTTP/1.1" 200 255
101.83.145.37 - - [08/Feb/2024:12:37:49 +0800] "GET /xingrg/kc/buy/cgsh_order_list.html HTTP/1.1" 200 57692
116.232.194.112 - - [08/Feb/2024:12:37:49 +0800] "POST /xingrg/kc/buy/cgsh_order_operate.html HTTP/1.1" 200 5050
124.78.156.119 - - [08/Feb/2024:12:37:50 +0800] "GET /xingrg/kc/buy/cgsh_order_operate.html?command=get_materiel&rest_code=00106&code=00101020126&supplier_code=00100007&order_time=2024-02-08 HTTP/1.1" 200 413
101.83.145.37 - - [08/Feb/2024:12:37:53 +0800] "POST /xingrg/kc/buy/cgsh_list_operate.html HTTP/1.1" 200 1860
101.228.146.191 - - [08/Feb/2024:12:37:54 +0800] "POST /xingrg/kc/buy/cgsh_list_operate.html HTTP/1.1" 200 2306
101.83.240.145 - - [08/Feb/2024:12:37:56 +0800] "GET /xingrg/all/function/internal_message.html?_=1707367073962&CODE_STATE=getMsg HTTP/1.1" 200 27
116.232.194.112 - - [08/Feb/2024:12:37:56 +0800] "GET /xingrg/javascript/auto/indicator.gif HTTP/1.1" 404 1066
116.232.194.112 - - [08/Feb/2024:12:37:59 +0800] "GET /xingrg/all/function/internal_message.html?_=1707366996162&CODE_STATE=getMsg HTTP/1.1" 200 27
222.70.172.34 - - [08/Feb/2024:12:37:59 +0800] "GET /xingrg/all/function/internal_message.html?_=1707367094218&CODE_STATE=getMsg HTTP/1.1" 200 27
124.78.156.119 - - [08/Feb/2024:12:38:00 +0800] "GET /xingrg/kc/buy/cgsh_order_operate.html?command=get_materiel&rest_code=00106&code=00101020139&supplier_code=00100007&order_time=2024-02-08 HTTP/1.1" 200 435
116.230.123.222 - - [08/Feb/2024:12:38:01 +0800] "GET /xingrg/kc/buy/cgsh_order_operate.html?command=get_materiel&rest_code=00111&code=00101001040&supplier_code=00100319&order_time=2024-02-08 HTTP/1.1" 200 417
222.69.128.19 - - [08/Feb/2024:12:38:01 +0800] "GET /xingrg/all/function/internal_message.html?_=1707367081576&CODE_STATE=getMsg HTTP/1.1" 200 27
116.238.120.94 - - [08/Feb/2024:12:38:02 +0800] "GET /xingrg/all/function/internal_message.html?_=1707367082711&CODE_STATE=getMsg HTTP/1.1" 200 27
116.238.120.94 - - [08/Feb/2024:12:38:02 +0800] "GET /xingrg/check_reg.html?_=1707367082714 HTTP/1.1" 200 22
222.70.172.34 - - [08/Feb/2024:12:38:03 +0800] "POST /xingrg/kc/buy/cgsh_list_operate.html HTTP/1.1" 200 2063
116.232.194.112 - - [08/Feb/2024:12:38:09 +0800] "POST /xingrg/kc/buy/cgsh_order_operate.html HTTP/1.1" 200 37
222.70.172.34 - - [08/Feb/2024:12:38:09 +0800] "POST /xingrg/kc/buy/cgsh_list_operate.html HTTP/1.1" 200 274
124.78.156.119 - - [08/Feb/2024:12:38:11 +0800] "GET /xingrg/kc/buy/cgsh_order_operate.html?command=get_materiel&rest_code=00106&code=00101011005&supplier_code=00100007&order_time=2024-02-08 HTTP/1.1" 200 408
222.70.172.34 - - [08/Feb/2024:12:38:12 +0800] "GET /xingrg/kc/buy/cgsh_order_info.html?code=212024020803482 HTTP/1.1" 200 73480
222.70.172.34 - - [08/Feb/2024:12:38:12 +0800] "GET /xingrg/javascript/pic_change.js HTTP/1.1" 304 -
222.70.172.34 - - [08/Feb/2024:12:38:12 +0800] "GET /xingrg/javascript/jquery_tools/order_manager.js HTTP/1.1" 304 -
222.70.172.34 - - [08/Feb/2024:12:38:12 +0800] "GET /xingrg/javascript/convert.js HTTP/1.1" 304 -
222.70.172.34 - - [08/Feb/2024:12:38:12 +0800] "GET /xingrg/javascript/json2.js HTTP/1.1" 304 -
222.70.172.34 - - [08/Feb/2024:12:38:12 +0800] "GET /xingrg/javascript/print/kc_print.js HTTP/1.1" 304 -
222.70.172.34 - - [08/Feb/2024:12:38:12 +0800] "GET /xingrg/words/20240208113601_words.js HTTP/1.1" 304 -
116.232.194.112 - - [08/Feb/2024:12:38:12 +0800] "GET /xingrg/check_reg.html?_=1707367009021 HTTP/1.1" 200 22
222.70.172.34 - - [08/Feb/2024:12:38:12 +0800] "GET /xingrg/javascript/easyui/themes/default/validatebox.css HTTP/1.1" 404 1104
222.70.172.34 - - [08/Feb/2024:12:38:12 +0800] "GET /xingrg/javascript/easyui/plugins/jquery.validatebox.js HTTP/1.1" 304 -
222.70.172.34 - - [08/Feb/2024:12:38:12 +0800] "GET /xingrg/javascript/easyui/plugins/jquery.numberbox.js HTTP/1.1" 304 -
222.70.172.34 - - [08/Feb/2024:12:38:12 +0800] "GET /xingrg/all/common/auto_word.html?type=employee&rest_code=00146 HTTP/1.1" 200 101
222.70.172.34 - - [08/Feb/2024:12:38:12 +0800] "GET /xingrg/all/common/auto_word.html?type=employee&rest_code=00146 HTTP/1.1" 200 101
116.232.194.112 - - [08/Feb/2024:12:38:12 +0800] "POST /xingrg/kc/buy/cgsh_order_operate.html HTTP/1.1" 200 5047
222.70.172.34 - - [08/Feb/2024:12:38:13 +0800] "POST /xingrg/kc/buy/cgsh_order_operate.html HTTP/1.1" 200 3250
116.232.194.112 - - [08/Feb/2024:12:38:13 +0800] "GET /xingrg/all/function/internal_message.html?_=1707367010139&CODE_STATE=getMsg HTTP/1.1" 200 27
222.70.172.34 - - [08/Feb/2024:12:38:15 +0800] "GET /xingrg/kc/print/load_config.html?kc_code=cgsh HTTP/1.1" 200 1927
101.83.145.37 - - [08/Feb/2024:12:38:15 +0800] "POST /xingrg/kc/buy/cgsh_list_operate.html HTTP/1.1" 200 564
222.70.172.34 - - [08/Feb/2024:12:38:15 +0800] "GET /xingrg/kc/print/load_data.html?order_code=212024020803482&kc_code=cgsh&condition= HTTP/1.1" 200 971
101.83.145.37 - - [08/Feb/2024:12:38:18 +0800] "GET /xingrg/kc/buy/cgsh_order_info.html?code=212024020803483 HTTP/1.1" 200 73558
101.229.175.60 - - [08/Feb/2024:12:38:18 +0800] "GET /xingrg/all/function/internal_message.html?_=1707367104745&CODE_STATE=getMsg HTTP/1.1" 302 -
116.232.194.112 - - [08/Feb/2024:12:38:18 +0800] "GET /xingrg/index.html?sysBaseUrl=http%3A%2F%2F180.169.147.146%3A18081%2Fxingrg%2F&costTime=1277×tamp=1606817596806 HTTP/1.1" 302 -
101.83.145.37 - - [08/Feb/2024:12:38:18 +0800] "GET /xingrg/words/20240208113601_words.js HTTP/1.1" 304 -
101.229.175.60 - - [08/Feb/2024:12:38:18 +0800] "GET /xingrg/check_reg.html?_=1707367104749 HTTP/1.1" 302 -
116.232.194.112 - - [08/Feb/2024:12:38:18 +0800] "GET /xingrg/login.html HTTP/1.1" 200 7641
124.78.68.102 - - [08/Feb/2024:12:38:18 +0800] "GET /xingrg/all/function/internal_message.html?_=1707367098520&CODE_STATE=getMsg HTTP/1.1" 200 27
101.83.145.37 - - [08/Feb/2024:12:38:18 +0800] "GET /xingrg/javascript/easyui/themes/default/validatebox.css HTTP/1.1" 404 1104
116.232.194.112 - - [08/Feb/2024:12:38:19 +0800] "GET /favicon.ico HTTP/1.1" 404 -
101.83.145.37 - - [08/Feb/2024:12:38:19 +0800] "POST /xingrg/kc/buy/cgsh_order_operate.html HTTP/1.1" 200 27511
124.78.156.119 - - [08/Feb/2024:12:38:20 +0800] "GET /xingrg/kc/buy/cgsh_order_operate.html?command=get_materiel&rest_code=00106&code=00101008300&supplier_code=00100007&order_time=2024-02-08 HTTP/1.1" 200 412
124.78.156.119 - - [08/Feb/2024:12:38:24 +0800] "POST /xingrg/kc/buy/cgsh_order_operate.html HTTP/1.1" 200 2065
101.83.145.37 - - [08/Feb/2024:12:38:25 +0800] "GET /xingrg/kc/print/load_config.html?kc_code=cgsh HTTP/1.1" 200 1927
116.232.194.112 - - [08/Feb/2024:12:38:26 +0800] "POST /xingrg/login.do HTTP/1.1" 302 -
116.232.194.112 - - [08/Feb/2024:12:38:26 +0800] "GET /xingrg/index.html?sysBaseUrl=http%3A%2F%2F180.169.147.146%3A18081%2Fxingrg%2F&costTime=1093×tamp=1707367106265 HTTP/1.1" 200 17179
116.232.194.112 - - [08/Feb/2024:12:38:26 +0800] "GET /favicon.ico HTTP/1.1" 404 -
116.232.194.112 - - [08/Feb/2024:12:38:26 +0800] "GET /xingrg/all/function/internal_message.html?_=1707367023184&CODE_STATE=count HTTP/1.1" 200 11
116.232.194.112 - - [08/Feb/2024:12:38:26 +0800] "GET /xingrg/check_reg.html?_=1707367023185 HTTP/1.1" 200 22
101.83.145.37 - - [08/Feb/2024:12:38:26 +0800] "GET /xingrg/kc/print/load_data.html?order_code=212024020803483&kc_code=cgsh&condition= HTTP/1.1" 200 10126
116.232.194.112 - - [08/Feb/2024:12:38:27 +0800] "POST /xingrg/load_menu.html HTTP/1.1" 200 5138
116.232.194.112 - - [08/Feb/2024:12:38:27 +0800] "POST /xingrg/all/common/load_tree.html?tree=area_rest_tree_json&manage=1 HTTP/1.1" 200 351
116.232.194.112 - - [08/Feb/2024:12:38:30 +0800] "GET /xingrg/kc/buy/buy_main.html HTTP/1.1" 200 12412
116.232.194.112 - - [08/Feb/2024:12:38:30 +0800] "GET /xingrg/css/new_ie.css HTTP/1.1" 404 1036
222.70.172.34 - - [08/Feb/2024:12:38:30 +0800] "GET /xingrg/kc/buy/cgsh_order_add.html HTTP/1.1" 200 73467
222.70.172.34 - - [08/Feb/2024:12:38:30 +0800] "POST /xingrg/kc/buy/cgsh_order_operate.html HTTP/1.1" 200 8245
116.232.194.112 - - [08/Feb/2024:12:38:30 +0800] "GET /xingrg/images/yd/bt.gif HTTP/1.1" 404 1040
222.70.172.34 - - [08/Feb/2024:12:38:30 +0800] "GET /xingrg/javascript/easyui/themes/default/validatebox.css HTTP/1.1" 404 1104
116.230.123.222 - - [08/Feb/2024:12:38:30 +0800] "POST /xingrg/kc/buy/cgsh_order_operate.html HTTP/1.1" 200 37
116.232.194.112 - - [08/Feb/2024:12:38:32 +0800] "GET /xingrg/kc/buy/cgsh_order_list.html HTTP/1.1" 200 57698
222.70.172.34 - - [08/Feb/2024:12:38:32 +0800] "GET /xingrg/javascript/auto/indicator.gif HTTP/1.1" 404 1066
222.70.172.34 - - [08/Feb/2024:12:38:35 +0800] "GET /xingrg/javascript/jquery_tools/images/prev.gif HTTP/1.1" 404 1086
222.70.172.34 - - [08/Feb/2024:12:38:35 +0800] "GET /xingrg/javascript/jquery_tools/images/next.gif HTTP/1.1" 404 1086
101.228.146.191 - - [08/Feb/2024:12:38:36 +0800] "GET /xingrg/all/function/internal_message.html?_=1707367115086&CODE_STATE=getMsg HTTP/1.1" 200 27
180.164.1.25 - - [08/Feb/2024:12:38:36 +0800] "GET /xingrg/all/function/internal_message.html?_=1707367115586&CODE_STATE=getMsg HTTP/1.1" 200 27
124.78.156.119 - - [08/Feb/2024:12:38:37 +0800] "GET /xingrg/all/function/internal_message.html?_=1707367115921&CODE_STATE=getMsg HTTP/1.1" 200 27
116.238.97.31 - - [08/Feb/2024:12:38:37 +0800] "GET /xingrg/all/function/internal_message.html?_=1707367118252&CODE_STATE=getMsg HTTP/1.1" 200 27
116.238.97.31 - - [08/Feb/2024:12:38:38 +0800] "GET /xingrg/check_reg.html?_=1707367119215 HTTP/1.1" 200 22
180.156.195.45 - - [08/Feb/2024:12:38:44 +0800] "GET /xingrg/all/function/internal_message.html?_=1707367125100&CODE_STATE=getMsg HTTP/1.1" 200 27
222.70.172.34 - - [08/Feb/2024:12:38:45 +0800] "GET /xingrg/kc/buy/cgsh_order_operate.html?command=get_materiel&rest_code=00146&code=00102002167&supplier_code=00100494&order_time=2024-02-08 HTTP/1.1" 200 409
101.83.145.37 - - [08/Feb/2024:12:38:47 +0800] "GET /xingrg/check_reg.html?_=1707366891274 HTTP/1.1" 200 22
101.83.145.37 - - [08/Feb/2024:12:38:47 +0800] "GET /xingrg/all/function/internal_message.html?_=1707366891322&CODE_STATE=getMsg HTTP/1.1" 200 27
116.230.123.222 - - [08/Feb/2024:12:38:51 +0800] "POST /xingrg/kc/buy/cgsh_order_operate.html HTTP/1.1" 200 12
124.78.156.119 - - [08/Feb/2024:12:38:53 +0800] "GET /xingrg/kc/buy/cgsh_order_operate.html?command=get_materiel&rest_code=00106&code=00101011010&supplier_code=00100007&order_time=2024-02-08 HTTP/1.1" 200 418
116.230.123.222 - - [08/Feb/2024:12:38:53 +0800] "GET /xingrg/kc/buy/cgsh_order_info.html?code=212024020803484 HTTP/1.1" 200 68336
116.230.123.222 - - [08/Feb/2024:12:38:54 +0800] "GET /xingrg/javascript/easyui/themes/default/validatebox.css HTTP/1.1" 404 1104
116.230.123.222 - - [08/Feb/2024:12:38:55 +0800] "POST /xingrg/kc/buy/cgsh_order_operate.html HTTP/1.1" 200 2412
101.83.240.145 - - [08/Feb/2024:12:38:56 +0800] "GET /xingrg/all/function/internal_message.html?_=1707367133934&CODE_STATE=getMsg HTTP/1.1" 200 27
116.230.123.222 - - [08/Feb/2024:12:38:57 +0800] "GET /xingrg/kc/print/load_data.html?order_code=212024020803484&kc_code=cgsh&condition= HTTP/1.1" 200 1414
222.70.172.34 - - [08/Feb/2024:12:38:59 +0800] "GET /xingrg/all/function/internal_message.html?_=1707367154228&CODE_STATE=getMsg HTTP/1.1" 200 27
222.69.128.19 - - [08/Feb/2024:12:39:01 +0800] "GET /xingrg/all/function/internal_message.html?_=1707367141553&CODE_STATE=getMsg HTTP/1.1" 200 27
116.230.123.222 - - [08/Feb/2024:12:39:02 +0800] "GET /xingrg/kc/buy/cgsh_order_add.html HTTP/1.1" 200 73423
116.238.120.94 - - [08/Feb/2024:12:39:02 +0800] "GET /xingrg/all/function/internal_message.html?_=1707367142710&CODE_STATE=getMsg HTTP/1.1" 200 27
116.230.123.222 - - [08/Feb/2024:12:39:02 +0800] "POST /xingrg/kc/buy/cgsh_order_operate.html HTTP/1.1" 200 8245
116.230.123.222 - - [08/Feb/2024:12:39:02 +0800] "GET /xingrg/javascript/easyui/themes/default/validatebox.css HTTP/1.1" 404 1104
124.78.68.102 - - [08/Feb/2024:12:39:03 +0800] "GET /xingrg/css/new_ie.css HTTP/1.1" 404 1036
222.70.172.34 - - [08/Feb/2024:12:39:03 +0800] "POST /xingrg/kc/buy/cgsh_order_operate.html HTTP/1.1" 200 37
124.78.68.102 - - [08/Feb/2024:12:39:03 +0800] "GET /xingrg/images/yd/bt.gif HTTP/1.1" 404 1040
124.78.156.119 - - [08/Feb/2024:12:39:05 +0800] "GET /xingrg/kc/buy/cgsh_order_operate.html?command=get_materiel&rest_code=00106&code=00101008091&supplier_code=00100007&order_time=2024-02-08 HTTP/1.1" 200 412
116.232.194.112 - - [08/Feb/2024:12:39:06 +0800] "POST /xingrg/kc/buy/cgsh_list_operate.html HTTP/1.1" 200 5974
222.70.172.34 - - [08/Feb/2024:12:39:07 +0800] "POST /xingrg/kc/buy/cgsh_order_operate.html HTTP/1.1" 200 2652
124.78.68.102 - - [08/Feb/2024:12:39:08 +0800] "POST /xingrg/kc/buy/cgsh_list_operate.html HTTP/1.1" 200 1871
222.70.172.34 - - [08/Feb/2024:12:39:11 +0800] "GET /xingrg/kc/print/load_data.html?order_code=212024020803485&kc_code=cgsh&condition= HTTP/1.1" 200 661
222.70.172.34 - - [08/Feb/2024:12:39:17 +0800] "GET /xingrg/kc/buy/cgsh_order_add.html HTTP/1.1" 200 73467
124.78.68.102 - - [08/Feb/2024:12:39:17 +0800] "POST /xingrg/kc/buy/cgsh_list_operate.html HTTP/1.1" 200 581
222.70.172.34 - - [08/Feb/2024:12:39:17 +0800] "POST /xingrg/kc/buy/cgsh_order_operate.html HTTP/1.1" 200 8245
222.70.172.34 - - [08/Feb/2024:12:39:17 +0800] "GET /xingrg/javascript/easyui/themes/default/validatebox.css HTTP/1.1" 404 1104
116.230.123.222 - - [08/Feb/2024:12:39:17 +0800] "GET /xingrg/kc/buy/cgsh_order_operate.html?command=get_materiel&rest_code=00111&code=00101001037&supplier_code=00100090&order_time=2024-02-08 HTTP/1.1" 200 416
101.229.175.60 - - [08/Feb/2024:12:39:18 +0800] "GET /xingrg/all/function/internal_message.html?_=1707367164749&CODE_STATE=getMsg HTTP/1.1" 302 -
124.78.68.102 - - [08/Feb/2024:12:39:18 +0800] "GET /xingrg/all/function/internal_message.html?_=1707367158521&CODE_STATE=getMsg HTTP/1.1" 200 27
124.78.68.102 - - [08/Feb/2024:12:39:19 +0800] "GET /xingrg/check_reg.html?_=1707367159715 HTTP/1.1" 200 22
116.230.123.222 - - [08/Feb/2024:12:39:24 +0800] "GET /xingrg/all/function/internal_message.html?_=1707367162597&CODE_STATE=getMsg HTTP/1.1" 200 27
116.232.194.112 - - [08/Feb/2024:12:39:26 +0800] "GET /xingrg/all/function/internal_message.html?_=1707367083203&CODE_STATE=getMsg HTTP/1.1" 200 27
116.230.123.222 - - [08/Feb/2024:12:39:33 +0800] "POST /xingrg/kc/buy/cgsh_order_operate.html HTTP/1.1" 200 37
124.78.156.119 - - [08/Feb/2024:12:39:33 +0800] "GET /xingrg/kc/buy/cgsh_order_operate.html?command=get_materiel&rest_code=00106&code=00101008256&supplier_code=00100007&order_time=2024-02-08 HTTP/1.1" 200 412
222.70.172.34 - - [08/Feb/2024:12:39:34 +0800] "GET /xingrg/kc/buy/cgsh_order_operate.html?command=get_materiel&rest_code=00146&code=00101003035&supplier_code=00100092&order_time=2024-02-08 HTTP/1.1" 200 411
101.228.146.191 - - [08/Feb/2024:12:39:36 +0800] "GET /xingrg/all/function/internal_message.html?_=1707367175086&CODE_STATE=getMsg HTTP/1.1" 200 27
180.164.1.25 - - [08/Feb/2024:12:39:36 +0800] "GET /xingrg/all/function/internal_message.html?_=1707367175586&CODE_STATE=getMsg HTTP/1.1" 200 27
124.78.156.119 - - [08/Feb/2024:12:39:37 +0800] "GET /xingrg/all/function/internal_message.html?_=1707367175933&CODE_STATE=getMsg HTTP/1.1" 200 27
116.238.97.31 - - [08/Feb/2024:12:39:37 +0800] "GET /xingrg/all/function/internal_message.html?_=1707367178243&CODE_STATE=getMsg HTTP/1.1" 200 27
180.156.195.45 - - [08/Feb/2024:12:39:44 +0800] "GET /xingrg/all/function/internal_message.html?_=1707367185104&CODE_STATE=getMsg HTTP/1.1" 200 27
180.156.195.45 - - [08/Feb/2024:12:39:44 +0800] "GET /xingrg/check_reg.html?_=1707367185107 HTTP/1.1" 200 22
116.230.123.222 - - [08/Feb/2024:12:39:45 +0800] "POST /xingrg/kc/buy/cgsh_order_operate.html HTTP/1.1" 200 12
101.83.145.37 - - [08/Feb/2024:12:39:47 +0800] "GET /xingrg/all/function/internal_message.html?_=1707366951307&CODE_STATE=getMsg HTTP/1.1" 200 27
124.78.68.102 - - [08/Feb/2024:12:39:49 +0800] "GET /xingrg/kc/buy/cgsh_order_info.html?code=212024020803381 HTTP/1.1" 200 73476
116.230.123.222 - - [08/Feb/2024:12:39:49 +0800] "GET /xingrg/kc/buy/cgsh_order_info.html?code=212024020803486 HTTP/1.1" 200 68336
124.78.156.119 - - [08/Feb/2024:12:39:49 +0800] "GET /xingrg/kc/buy/cgsh_order_operate.html?command=get_materiel&rest_code=00106&code=00101008234&supplier_code=00100007&order_time=2024-02-08 HTTP/1.1" 200 408
116.230.123.222 - - [08/Feb/2024:12:39:49 +0800] "GET /xingrg/javascript/easyui/themes/default/validatebox.css HTTP/1.1" 404 1104
124.78.68.102 - - [08/Feb/2024:12:39:49 +0800] "GET /xingrg/javascript/easyui/themes/default/validatebox.css HTTP/1.1" 404 1104
116.230.123.222 - - [08/Feb/2024:12:39:50 +0800] "POST /xingrg/kc/buy/cgsh_order_operate.html HTTP/1.1" 200 615
124.78.68.102 - - [08/Feb/2024:12:39:50 +0800] "POST /xingrg/kc/buy/cgsh_order_operate.html HTTP/1.1" 200 66657
101.83.240.145 - - [08/Feb/2024:12:39:56 +0800] "GET /xingrg/all/function/internal_message.html?_=1707367194031&CODE_STATE=getMsg HTTP/1.1" 200 27
116.230.123.222 - - [08/Feb/2024:12:39:58 +0800] "GET /xingrg/kc/print/load_data.html?order_code=212024020803486&kc_code=cgsh&condition= HTTP/1.1" 200 783
222.70.172.34 - - [08/Feb/2024:12:39:59 +0800] "GET /xingrg/all/function/internal_message.html?_=1707367214240&CODE_STATE=getMsg HTTP/1.1" 200 27
222.69.128.19 - - [08/Feb/2024:12:40:01 +0800] "GET /xingrg/all/function/internal_message.html?_=1707367201527&CODE_STATE=getMsg HTTP/1.1" 200 27
124.78.156.119 - - [08/Feb/2024:12:40:01 +0800] "GET /xingrg/kc/buy/cgsh_order_operate.html?command=get_materiel&rest_code=00106&code=00101008155&supplier_code=00100007&order_time=2024-02-08 HTTP/1.1" 200 408
116.238.120.94 - - [08/Feb/2024:12:40:02 +0800] "GET /xingrg/all/function/internal_message.html?_=1707367202700&CODE_STATE=getMsg HTTP/1.1" 200 27
222.70.172.34 - - [08/Feb/2024:12:40:02 +0800] "GET /xingrg/kc/buy/cgsh_order_operate.html?command=get_materiel&rest_code=00146&code=00101003006&supplier_code=00100092&order_time=2024-02-08 HTTP/1.1" 200 414
116.230.123.222 - - [08/Feb/2024:12:40:03 +0800] "GET /xingrg/kc/buy/cgsh_order_add.html HTTP/1.1" 200 73423
116.230.123.222 - - [08/Feb/2024:12:40:04 +0800] "POST /xingrg/kc/buy/cgsh_order_operate.html HTTP/1.1" 200 8245
116.230.123.222 - - [08/Feb/2024:12:40:04 +0800] "GET /xingrg/javascript/easyui/themes/default/validatebox.css HTTP/1.1" 404 1104
101.83.240.145 - - [08/Feb/2024:12:40:05 +0800] "GET /xingrg/kc/buy/cgsh_order_operate.html?command=get_materiel&rest_code=00149&code=00101006007&supplier_code=00100442&order_time=2024-02-08 HTTP/1.1" 200 419
124.78.156.119 - - [08/Feb/2024:12:40:09 +0800] "POST /xingrg/kc/buy/cgsh_order_operate.html HTTP/1.1" 200 2065
116.230.123.222 - - [08/Feb/2024:12:40:15 +0800] "GET /xingrg/kc/buy/cgsh_order_operate.html?command=get_materiel&rest_code=00111&code=00101001145&supplier_code=00100314&order_time=2024-02-08 HTTP/1.1" 200 414
101.229.175.60 - - [08/Feb/2024:12:40:18 +0800] "GET /xingrg/all/function/internal_message.html?_=1707367224751&CODE_STATE=getMsg HTTP/1.1" 302 -
124.78.68.102 - - [08/Feb/2024:12:40:18 +0800] "GET /xingrg/all/function/internal_message.html?_=1707367218509&CODE_STATE=getMsg HTTP/1.1" 200 27
101.83.240.145 - - [08/Feb/2024:12:40:19 +0800] "GET /xingrg/kc/buy/cgsh_order_operate.html?command=get_materiel&rest_code=00149&code=00101010719&supplier_code=00100442&order_time=2024-02-08 HTTP/1.1" 200 406
116.230.123.222 - - [08/Feb/2024:12:40:24 +0800] "GET /xingrg/all/function/internal_message.html?_=1707367222591&CODE_STATE=getMsg HTTP/1.1" 200 27
116.232.194.112 - - [08/Feb/2024:12:40:26 +0800] "GET /xingrg/all/function/internal_message.html?_=1707367143193&CODE_STATE=getMsg HTTP/1.1" 200 27
124.78.156.119 - - [08/Feb/2024:12:40:30 +0800] "GET /xingrg/kc/buy/cgsh_order_operate.html?command=get_materiel&rest_code=00106&code=00101008349&supplier_code=00100007&order_time=2024-02-08 HTTP/1.1" 200 412
222.70.172.34 - - [08/Feb/2024:12:40:35 +0800] "POST /xingrg/kc/buy/cgsh_order_operate.html HTTP/1.1" 200 37
101.228.146.191 - - [08/Feb/2024:12:40:36 +0800] "GET /xingrg/all/function/internal_message.html?_=1707367235086&CODE_STATE=getMsg HTTP/1.1" 200 27
180.164.1.25 - - [08/Feb/2024:12:40:36 +0800] "GET /xingrg/all/function/internal_message.html?_=1707367235584&CODE_STATE=getMsg HTTP/1.1" 200 27
180.164.1.25 - - [08/Feb/2024:12:40:36 +0800] "GET /xingrg/check_reg.html?_=1707367235586 HTTP/1.1" 200 22
124.78.156.119 - - [08/Feb/2024:12:40:37 +0800] "GET /xingrg/all/function/internal_message.html?_=1707367235926&CODE_STATE=getMsg HTTP/1.1" 200 27
101.83.240.145 - - [08/Feb/2024:12:40:37 +0800] "GET /xingrg/kc/buy/cgsh_order_operate.html?command=get_materiel&rest_code=00149&code=00101006268&supplier_code=00100442&order_time=2024-02-08 HTTP/1.1" 200 409
124.78.68.102 - - [08/Feb/2024:12:40:37 +0800] "POST /xingrg/kc/buy/cgsh_order_operate.html HTTP/1.1" 200 37
116.238.97.31 - - [08/Feb/2024:12:40:37 +0800] "GET /xingrg/all/function/internal_message.html?_=1707367238218&CODE_STATE=getMsg HTTP/1.1" 200 27
116.230.123.222 - - [08/Feb/2024:12:40:38 +0800] "POST /xingrg/kc/buy/cgsh_order_operate.html HTTP/1.1" 200 88
222.70.172.34 - - [08/Feb/2024:12:40:39 +0800] "POST /xingrg/kc/buy/cgsh_order_operate.html HTTP/1.1" 200 3263
101.83.240.145 - - [08/Feb/2024:12:40:40 +0800] "GET /xingrg/check_reg.html?_=1707367238114 HTTP/1.1" 200 22
124.78.156.119 - - [08/Feb/2024:12:40:40 +0800] "GET /xingrg/kc/buy/cgsh_order_operate.html?command=get_materiel&rest_code=00106&code=00101008354&supplier_code=00100007&order_time=2024-02-08 HTTP/1.1" 200 412
222.70.172.34 - - [08/Feb/2024:12:40:44 +0800] "GET /xingrg/kc/print/load_data.html?order_code=212024020803487&kc_code=cgsh&condition= HTTP/1.1" 200 981
180.156.195.45 - - [08/Feb/2024:12:40:44 +0800] "GET /xingrg/all/function/internal_message.html?_=1707367245098&CODE_STATE=getMsg HTTP/1.1" 200 27
101.83.145.37 - - [08/Feb/2024:12:40:47 +0800] "GET /xingrg/all/function/internal_message.html?_=1707367011292&CODE_STATE=getMsg HTTP/1.1" 200 27
222.70.172.34 - - [08/Feb/2024:12:40:49 +0800] "GET /xingrg/kc/buy/cgsh_order_add.html HTTP/1.1" 200 73467
116.230.123.222 - - [08/Feb/2024:12:40:49 +0800] "POST /xingrg/kc/buy/cgsh_order_operate.html HTTP/1.1" 200 37
222.70.172.34 - - [08/Feb/2024:12:40:49 +0800] "POST /xingrg/kc/buy/cgsh_order_operate.html HTTP/1.1" 200 8245
222.70.172.34 - - [08/Feb/2024:12:40:49 +0800] "GET /xingrg/javascript/easyui/themes/default/validatebox.css HTTP/1.1" 404 1104
101.83.240.145 - - [08/Feb/2024:12:40:51 +0800] "GET /xingrg/kc/buy/cgsh_order_operate.html?command=get_materiel&rest_code=00149&code=00101010658&supplier_code=00100442&order_time=2024-02-08 HTTP/1.1" 200 409
124.78.156.119 - - [08/Feb/2024:12:40:51 +0800] "GET /xingrg/kc/buy/cgsh_order_operate.html?command=get_materiel&rest_code=00106&code=00101008313&supplier_code=00100007&order_time=2024-02-08 HTTP/1.1" 200 412
101.83.240.145 - - [08/Feb/2024:12:40:56 +0800] "GET /xingrg/all/function/internal_message.html?_=1707367254010&CODE_STATE=getMsg HTTP/1.1" 200 27
222.69.128.19 - - [08/Feb/2024:12:40:57 +0800] "GET /xingrg/check_reg.html?_=1707367257935 HTTP/1.1" 200 22
116.230.123.222 - - [08/Feb/2024:12:40:58 +0800] "POST /xingrg/kc/buy/cgsh_order_operate.html HTTP/1.1" 200 12
222.70.172.34 - - [08/Feb/2024:12:40:59 +0800] "GET /xingrg/all/function/internal_message.html?_=1707367274254&CODE_STATE=getMsg HTTP/1.1" 200 27
222.69.128.19 - - [08/Feb/2024:12:41:01 +0800] "GET /xingrg/all/function/internal_message.html?_=1707367261507&CODE_STATE=getMsg HTTP/1.1" 200 27
116.230.123.222 - - [08/Feb/2024:12:41:01 +0800] "GET /xingrg/kc/buy/cgsh_order_info.html?code=212024020803489 HTTP/1.1" 200 68334
116.230.123.222 - - [08/Feb/2024:12:41:02 +0800] "GET /xingrg/javascript/easyui/themes/default/validatebox.css HTTP/1.1" 404 1104
116.238.120.94 - - [08/Feb/2024:12:41:02 +0800] "GET /xingrg/all/function/internal_message.html?_=1707367262708&CODE_STATE=getMsg HTTP/1.1" 200 27
116.230.123.222 - - [08/Feb/2024:12:41:03 +0800] "POST /xingrg/kc/buy/cgsh_order_operate.html HTTP/1.1" 200 611
222.70.172.34 - - [08/Feb/2024:12:41:04 +0800] "GET /xingrg/kc/buy/cgsh_order_operate.html?command=get_materiel&rest_code=00146&code=00101004034&supplier_code=00100085&order_time=2024-02-08 HTTP/1.1" 200 418
124.78.156.119 - - [08/Feb/2024:12:41:05 +0800] "GET /xingrg/kc/buy/cgsh_order_operate.html?command=get_materiel&rest_code=00106&code=00101008351&supplier_code=00100007&order_time=2024-02-08 HTTP/1.1" 200 408
124.78.156.119 - - [08/Feb/2024:12:41:09 +0800] "POST /xingrg/kc/buy/cgsh_order_operate.html HTTP/1.1" 200 2065
101.83.240.145 - - [08/Feb/2024:12:41:13 +0800] "POST /xingrg/kc/buy/cgsh_order_operate.html HTTP/1.1" 200 37
116.230.123.222 - - [08/Feb/2024:12:41:14 +0800] "GET /xingrg/kc/print/load_data.html?order_code=212024020803489&kc_code=cgsh&condition= HTTP/1.1" 200 703
101.229.175.60 - - [08/Feb/2024:12:41:18 +0800] "GET /xingrg/all/function/internal_message.html?_=1707367284752&CODE_STATE=getMsg HTTP/1.1" 302 -
124.78.68.102 - - [08/Feb/2024:12:41:18 +0800] "GET /xingrg/all/function/internal_message.html?_=1707367278492&CODE_STATE=getMsg HTTP/1.1" 200 27
116.230.123.222 - - [08/Feb/2024:12:41:21 +0800] "GET /xingrg/kc/buy/cgsh_order_add.html HTTP/1.1" 200 73423
116.230.123.222 - - [08/Feb/2024:12:41:21 +0800] "POST /xingrg/kc/buy/cgsh_order_operate.html HTTP/1.1" 200 8245
116.230.123.222 - - [08/Feb/2024:12:41:21 +0800] "GET /xingrg/javascript/easyui/themes/default/validatebox.css HTTP/1.1" 404 1104
116.230.123.222 - - [08/Feb/2024:12:41:24 +0800] "GET /xingrg/all/function/internal_message.html?_=1707367282563&CODE_STATE=getMsg HTTP/1.1" 200 27
222.70.172.34 - - [08/Feb/2024:12:41:25 +0800] "POST /xingrg/kc/buy/cgsh_order_operate.html HTTP/1.1" 200 37
124.78.68.102 - - [08/Feb/2024:12:41:26 +0800] "POST /xingrg/kc/buy/cgsh_order_operate.html HTTP/1.1" 200 12
116.232.194.112 - - [08/Feb/2024:12:41:26 +0800] "GET /xingrg/all/function/internal_message.html?_=1707367203207&CODE_STATE=getMsg HTTP/1.1" 200 27
101.83.240.145 - - [08/Feb/2024:12:41:30 +0800] "POST /xingrg/kc/buy/cgsh_order_operate.html HTTP/1.1" 200 12
222.70.172.34 - - [08/Feb/2024:12:41:30 +0800] "POST /xingrg/kc/buy/cgsh_order_operate.html HTTP/1.1" 200 2664
101.83.240.145 - - [08/Feb/2024:12:41:32 +0800] "GET /xingrg/kc/buy/cgsh_order_info.html?code=212024020803490 HTTP/1.1" 200 68466
101.83.240.145 - - [08/Feb/2024:12:41:33 +0800] "GET /xingrg/words/20240208113601_words.js HTTP/1.1" 304 -
101.83.240.145 - - [08/Feb/2024:12:41:33 +0800] "GET /xingrg/javascript/easyui/themes/default/validatebox.css HTTP/1.1" 404 1104
124.78.156.119 - - [08/Feb/2024:12:41:33 +0800] "GET /xingrg/kc/buy/cgsh_order_operate.html?command=get_materiel&rest_code=00106&code=00101008283&supplier_code=00100007&order_time=2024-02-08 HTTP/1.1" 200 408
116.230.123.222 - - [08/Feb/2024:12:41:34 +0800] "GET /xingrg/kc/buy/cgsh_order_operate.html?command=get_materiel&rest_code=00111&code=00101012025&supplier_code=00100037&order_time=2024-02-08 HTTP/1.1" 200 412
101.83.240.145 - - [08/Feb/2024:12:41:34 +0800] "POST /xingrg/kc/buy/cgsh_order_operate.html HTTP/1.1" 200 2380
222.70.172.34 - - [08/Feb/2024:12:41:35 +0800] "GET /xingrg/kc/print/load_data.html?order_code=212024020803491&kc_code=cgsh&condition= HTTP/1.1" 200 737
