116.238.97.31 - - [05/Feb/2024:09:51:25 +0800] "GET /xingrg/kc/buy/cgsh_order_operate.html?command=get_materiel&rest_code=00102&code=00101008100&supplier_code=00100008&order_time=2024-02-05 HTTP/1.1" 200 408
116.230.123.222 - - [05/Feb/2024:09:51:26 +0800] "GET /xingrg/all/function/internal_message.html?_=1707097885829&CODE_STATE=getMsg HTTP/1.1" 200 27
116.238.120.94 - - [05/Feb/2024:09:51:27 +0800] "POST /xingrg/all/common/load_combo.html?type=employee HTTP/1.1" 200 532
180.164.1.25 - - [05/Feb/2024:09:51:29 +0800] "GET /xingrg/kc/buy/cgsh_order_operate.html?command=get_materiel&rest_code=00108&code=00101008298&supplier_code=00100007&order_time=2024-02-05 HTTP/1.1" 200 412
101.83.145.37 - - [05/Feb/2024:09:51:29 +0800] "GET /xingrg/all/function/internal_message.html?_=1707097891154&CODE_STATE=getMsg HTTP/1.1" 200 27
120.253.135.82 - - [05/Feb/2024:09:51:30 +0800] "GET /xingrg/kc/pszx/mdps_order_info.html?code=312024020500135 HTTP/1.1" 200 23972
120.253.135.82 - - [05/Feb/2024:09:51:31 +0800] "GET /xingrg/javascript/easyui/themes/default/validatebox.css HTTP/1.1" 404 1104
120.253.135.82 - - [05/Feb/2024:09:51:32 +0800] "POST /xingrg/kc/pszx/mdps_order_operate.html HTTP/1.1" 200 3346
116.238.120.94 - - [05/Feb/2024:09:51:32 +0800] "POST /xingrg/kc/mdqp/pssh_order_operate.html HTTP/1.1" 200 37
180.164.1.25 - - [05/Feb/2024:09:51:36 +0800] "GET /xingrg/all/function/internal_message.html?_=1707097895502&CODE_STATE=getMsg HTTP/1.1" 200 27
180.164.1.25 - - [05/Feb/2024:09:51:36 +0800] "GET /xingrg/check_reg.html?_=1707097895503 HTTP/1.1" 200 22
114.83.219.181 - - [05/Feb/2024:09:51:36 +0800] "GET /xingrg/all/function/internal_message.html?_=1707097895975&CODE_STATE=getMsg HTTP/1.1" 200 27
101.83.145.37 - - [05/Feb/2024:09:51:36 +0800] "GET /xingrg/all/function/internal_message.html?_=1707097661770&CODE_STATE=getMsg HTTP/1.1" 200 27
116.238.120.94 - - [05/Feb/2024:09:51:38 +0800] "POST /xingrg/kc/mdqp/pssh_order_operate.html HTTP/1.1" 200 12
116.238.120.94 - - [05/Feb/2024:09:51:40 +0800] "GET /xingrg/kc/mdqp/pssh_order_info.html?code=312024020400109 HTTP/1.1" 200 14392
116.238.120.94 - - [05/Feb/2024:09:51:40 +0800] "GET /xingrg/javascript/jquery_tools/jquery-1.4.2.min.js HTTP/1.1" 404 1094
116.238.120.94 - - [05/Feb/2024:09:51:40 +0800] "GET /xingrg/javascript/easyui/themes/default/validatebox.css HTTP/1.1" 404 1104
222.69.131.188 - - [05/Feb/2024:09:51:40 +0800] "GET /xingrg/all/function/internal_message.html?_=1707097902447&CODE_STATE=getMsg HTTP/1.1" 200 27
222.69.131.188 - - [05/Feb/2024:09:51:40 +0800] "GET /xingrg/check_reg.html?_=1707097902455 HTTP/1.1" 200 22
116.238.120.94 - - [05/Feb/2024:09:51:40 +0800] "POST /xingrg/kc/mdqp/pssh_order_operate.html HTTP/1.1" 200 4779
124.78.68.102 - - [05/Feb/2024:09:51:41 +0800] "GET /xingrg/all/function/internal_message.html?_=1707097901538&CODE_STATE=getMsg HTTP/1.1" 200 27
116.238.97.31 - - [05/Feb/2024:09:51:41 +0800] "POST /xingrg/kc/buy/cgsh_order_operate.html HTTP/1.1" 200 37
116.238.120.94 - - [05/Feb/2024:09:51:42 +0800] "GET /xingrg/kc/print/load_config.html?kc_code=pssh HTTP/1.1" 200 2368
116.238.120.94 - - [05/Feb/2024:09:51:42 +0800] "GET /xingrg/all/function/internal_message.html?_=1707097902605&CODE_STATE=getMsg HTTP/1.1" 200 27
116.238.120.94 - - [05/Feb/2024:09:51:42 +0800] "GET /xingrg/check_reg.html?_=1707097902606 HTTP/1.1" 200 22
116.238.120.94 - - [05/Feb/2024:09:51:42 +0800] "GET /xingrg/kc/print/load_data.html?order_code=312024020400109&kc_code=pssh&condition= HTTP/1.1" 200 2163
124.78.68.102 - - [05/Feb/2024:09:51:43 +0800] "GET /xingrg/kc/buy/cgsh_order_operate.html?command=get_materiel&rest_code=00141&code=00101010092&supplier_code=00100036&order_time=2024-02-05 HTTP/1.1" 200 431
180.164.1.25 - - [05/Feb/2024:09:51:44 +0800] "GET /xingrg/kc/buy/cgsh_order_operate.html?command=get_materiel&rest_code=00108&code=00101008005&supplier_code=00100007&order_time=2024-02-05 HTTP/1.1" 200 412
116.237.74.150 - - [05/Feb/2024:09:51:44 +0800] "GET /xingrg/kc/buy/cgsh_order_operate.html?command=get_materiel&rest_code=00106&code=00101008357&supplier_code=00100007&order_time=2024-02-05 HTTP/1.1" 200 408
124.79.241.29 - - [05/Feb/2024:09:51:44 +0800] "GET /xingrg/all/function/internal_message.html?_=1707097903197&CODE_STATE=getMsg HTTP/1.1" 200 27
221.239.172.206 - - [05/Feb/2024:09:51:46 +0800] "GET /xingrg/all/function/internal_message.html?_=1707097905919&CODE_STATE=getMsg HTTP/1.1" 200 27
221.239.172.206 - - [05/Feb/2024:09:51:46 +0800] "GET /xingrg/check_reg.html?_=1707097905924 HTTP/1.1" 200 22
180.164.1.25 - - [05/Feb/2024:09:51:47 +0800] "POST /xingrg/kc/buy/cgsh_order_operate.html HTTP/1.1" 200 2065
116.238.120.94 - - [05/Feb/2024:09:51:49 +0800] "GET /xingrg/kc/mdqp/pssh_order_list.html?isBack=1 HTTP/1.1" 200 17400
116.238.120.94 - - [05/Feb/2024:09:51:49 +0800] "POST /xingrg/kc/mdqp/pssh_list_operate.html HTTP/1.1" 200 5487
116.238.120.94 - - [05/Feb/2024:09:51:50 +0800] "POST /xingrg/kc/mdqp/pssh_list_operate.html HTTP/1.1" 200 371
116.238.120.94 - - [05/Feb/2024:09:51:51 +0800] "GET /xingrg/kc/mdqp/pssh_order_info.html?code=312024020400111 HTTP/1.1" 200 17297
116.238.120.94 - - [05/Feb/2024:09:51:51 +0800] "GET /xingrg/javascript/jquery_tools/jquery-1.4.2.min.js HTTP/1.1" 404 1094
116.238.120.94 - - [05/Feb/2024:09:51:52 +0800] "GET /xingrg/javascript/easyui/themes/default/validatebox.css HTTP/1.1" 404 1104
116.238.120.94 - - [05/Feb/2024:09:51:52 +0800] "POST /xingrg/kc/mdqp/pssh_order_operate.html HTTP/1.1" 200 1072
116.238.120.94 - - [05/Feb/2024:09:51:53 +0800] "GET /xingrg/all/function/internal_message.html?_=1707097912992&CODE_STATE=getMsg HTTP/1.1" 200 27
120.253.135.82 - - [05/Feb/2024:09:51:55 +0800] "GET /xingrg/all/function/internal_message.html?_=1707098079710&CODE_STATE=getMsg HTTP/1.1" 200 27
116.238.120.94 - - [05/Feb/2024:09:51:55 +0800] "POST /xingrg/all/common/load_combo.html?type=employee HTTP/1.1" 200 532
180.164.1.25 - - [05/Feb/2024:09:51:56 +0800] "GET /xingrg/kc/buy/cgsh_order_operate.html?command=get_materiel&rest_code=00108&code=00101008356&supplier_code=00100007&order_time=2024-02-05 HTTP/1.1" 200 408
116.237.74.150 - - [05/Feb/2024:09:51:56 +0800] "GET /xingrg/all/function/internal_message.html?_=1707097916797&CODE_STATE=getMsg HTTP/1.1" 200 27
114.83.219.181 - - [05/Feb/2024:09:51:59 +0800] "GET /xingrg/check_reg.html?_=1707097918714 HTTP/1.1" 200 22
116.238.120.94 - - [05/Feb/2024:09:51:59 +0800] "POST /xingrg/kc/mdqp/pssh_order_operate.html HTTP/1.1" 200 37
116.237.74.150 - - [05/Feb/2024:09:52:01 +0800] "GET /xingrg/kc/buy/cgsh_order_operate.html?command=get_materiel&rest_code=00106&code=00101008350&supplier_code=00100007&order_time=2024-02-05 HTTP/1.1" 200 408
116.238.120.94 - - [05/Feb/2024:09:52:02 +0800] "POST /xingrg/kc/mdqp/pssh_order_operate.html HTTP/1.1" 200 12
120.253.135.82 - - [05/Feb/2024:09:52:03 +0800] "GET /xingrg/all/function/internal_message.html?_=1707097751022&CODE_STATE=getMsg HTTP/1.1" 200 27
116.238.120.94 - - [05/Feb/2024:09:52:03 +0800] "GET /xingrg/kc/mdqp/pssh_order_info.html?code=312024020400111 HTTP/1.1" 200 14386
116.238.120.94 - - [05/Feb/2024:09:52:03 +0800] "GET /xingrg/javascript/jquery_tools/jquery-1.4.2.min.js HTTP/1.1" 404 1094
116.238.120.94 - - [05/Feb/2024:09:52:03 +0800] "GET /xingrg/javascript/easyui/themes/default/validatebox.css HTTP/1.1" 404 1104
116.238.120.94 - - [05/Feb/2024:09:52:03 +0800] "POST /xingrg/kc/mdqp/pssh_order_operate.html HTTP/1.1" 200 1072
172.20.0.100 - - [05/Feb/2024:09:52:04 +0800] "GET /xingrg/all/function/internal_message.html?_=1707097925891&CODE_STATE=getMsg HTTP/1.1" 302 -
116.238.120.94 - - [05/Feb/2024:09:52:05 +0800] "GET /xingrg/kc/print/load_data.html?order_code=312024020400111&kc_code=pssh&condition= HTTP/1.1" 200 856
58.40.7.146 - - [05/Feb/2024:09:52:08 +0800] "GET /xingrg/all/function/internal_message.html?_=1707097928202&CODE_STATE=getMsg HTTP/1.1" 200 27
180.164.1.25 - - [05/Feb/2024:09:52:08 +0800] "GET /xingrg/kc/buy/cgsh_order_operate.html?command=get_materiel&rest_code=00108&code=00101008126&supplier_code=00100007&order_time=2024-02-05 HTTP/1.1" 200 412
222.70.172.31 - - [05/Feb/2024:09:52:08 +0800] "GET /xingrg/all/function/internal_message.html?_=1707097930229&CODE_STATE=getMsg HTTP/1.1" 200 27
116.238.97.31 - - [05/Feb/2024:09:52:16 +0800] "GET /xingrg/check_reg.html?_=1707097935359 HTTP/1.1" 200 22
116.238.97.31 - - [05/Feb/2024:09:52:16 +0800] "GET /xingrg/all/function/internal_message.html?_=1707097935361&CODE_STATE=getMsg HTTP/1.1" 200 27
116.238.97.31 - - [05/Feb/2024:09:52:17 +0800] "POST /xingrg/kc/buy/cgsh_order_operate.html HTTP/1.1" 200 23360
116.232.194.112 - - [05/Feb/2024:09:52:18 +0800] "GET /xingrg/all/function/internal_message.html?_=1707097860684&CODE_STATE=getMsg HTTP/1.1" 200 27
116.238.120.94 - - [05/Feb/2024:09:52:20 +0800] "GET /xingrg/kc/mdqp/pssh_order_list.html?isBack=1 HTTP/1.1" 200 17400
116.238.120.94 - - [05/Feb/2024:09:52:20 +0800] "POST /xingrg/kc/mdqp/pssh_list_operate.html HTTP/1.1" 200 5512
124.78.68.102 - - [05/Feb/2024:09:52:21 +0800] "GET /xingrg/kc/buy/cgsh_order_operate.html?command=get_materiel&rest_code=00141&code=00101011005&supplier_code=00100036&order_time=2024-02-05 HTTP/1.1" 200 429
180.164.1.25 - - [05/Feb/2024:09:52:21 +0800] "GET /xingrg/kc/buy/cgsh_order_operate.html?command=get_materiel&rest_code=00108&code=00101008368&supplier_code=00100007&order_time=2024-02-05 HTTP/1.1" 200 408
180.169.147.146 - - [05/Feb/2024:09:52:22 +0800] "GET /xingrg/check_reg.html?_=1707097942567 HTTP/1.1" 200 22
180.169.147.146 - - [05/Feb/2024:09:52:23 +0800] "GET /xingrg/all/function/internal_message.html?_=1707097943128&CODE_STATE=getMsg HTTP/1.1" 200 27
116.238.120.94 - - [05/Feb/2024:09:52:24 +0800] "POST /xingrg/all/user/operate.html HTTP/1.1" 200 36
116.238.120.94 - - [05/Feb/2024:09:52:24 +0800] "GET /xingrg/index.html?sysBaseUrl=http%3A%2F%2F180.169.147.146%3A18081%2Fxingrg%2F&costTime=14×tamp=1698040851670 HTTP/1.1" 200 17179
116.238.120.94 - - [05/Feb/2024:09:52:24 +0800] "GET /xingrg/javascript/jquery_easy_ui/themes/default/easyui.css HTTP/1.1" 304 -
116.238.120.94 - - [05/Feb/2024:09:52:24 +0800] "GET /xingrg/javascript/jquery_easy_ui/themes/icon.css HTTP/1.1" 304 -
116.238.120.94 - - [05/Feb/2024:09:52:24 +0800] "GET /xingrg/css/form.css HTTP/1.1" 304 -
116.238.120.94 - - [05/Feb/2024:09:52:24 +0800] "GET /xingrg/javascript/jquery-1.4.2.min.js HTTP/1.1" 304 -
116.238.120.94 - - [05/Feb/2024:09:52:24 +0800] "GET /xingrg/javascript/jquery_easy_ui/jquery.easyui.min.js HTTP/1.1" 304 -
116.238.120.94 - - [05/Feb/2024:09:52:24 +0800] "GET /xingrg/javascript/jquery_easy_ui/easyui-lang-zh_CN.js HTTP/1.1" 304 -
116.238.120.94 - - [05/Feb/2024:09:52:24 +0800] "GET /xingrg/javascript/jquery.form.js HTTP/1.1" 304 -
116.238.120.94 - - [05/Feb/2024:09:52:24 +0800] "GET /xingrg/javascript/jquery.utils.js HTTP/1.1" 304 -
116.238.120.94 - - [05/Feb/2024:09:52:24 +0800] "GET /xingrg/javascript/jquery.timers.js HTTP/1.1" 304 -
116.238.120.94 - - [05/Feb/2024:09:52:24 +0800] "GET /xingrg/images/blue/jxLogo.png HTTP/1.1" 304 -
116.238.120.94 - - [05/Feb/2024:09:52:24 +0800] "GET /xingrg/javascript/jquery_easy_ui/themes/icons/settle_new.png HTTP/1.1" 304 -
116.238.120.94 - - [05/Feb/2024:09:52:24 +0800] "GET /xingrg/images/blue/navBackgound.jpg HTTP/1.1" 304 -
116.238.120.94 - - [05/Feb/2024:09:52:24 +0800] "GET /xingrg/all/function/internal_message.html?_=1707097944574&CODE_STATE=count HTTP/1.1" 200 11
116.238.120.94 - - [05/Feb/2024:09:52:24 +0800] "GET /xingrg/javascript/jquery_easy_ui/themes/default/images/tabs_leftarrow.png HTTP/1.1" 304 -
116.238.120.94 - - [05/Feb/2024:09:52:24 +0800] "GET /xingrg/check_reg.html?_=1707097944574 HTTP/1.1" 200 22
116.238.120.94 - - [05/Feb/2024:09:52:24 +0800] "GET /xingrg/javascript/jquery_easy_ui/themes/default/images/tabs_rightarrow.png HTTP/1.1" 304 -
116.238.120.94 - - [05/Feb/2024:09:52:24 +0800] "GET /xingrg/javascript/jquery_easy_ui/themes/default/images/panel_tool_collapse.gif HTTP/1.1" 304 -
116.238.120.94 - - [05/Feb/2024:09:52:24 +0800] "GET /xingrg/images/blue/pingpu.png HTTP/1.1" 304 -
116.238.120.94 - - [05/Feb/2024:09:52:24 +0800] "POST /xingrg/all/common/load_tree.html?tree=area_rest_tree_json&manage=1 HTTP/1.1" 200 476
116.238.120.94 - - [05/Feb/2024:09:52:24 +0800] "POST /xingrg/load_menu.html HTTP/1.1" 200 5138
116.237.74.150 - - [05/Feb/2024:09:52:25 +0800] "POST /xingrg/kc/buy/cgsh_order_operate.html HTTP/1.1" 200 2065
116.230.123.222 - - [05/Feb/2024:09:52:26 +0800] "GET /xingrg/all/function/internal_message.html?_=1707097945814&CODE_STATE=getMsg HTTP/1.1" 200 27
116.238.120.94 - - [05/Feb/2024:09:52:27 +0800] "GET /xingrg/kc/mdqp/pssh_order_list.html HTTP/1.1" 200 17849
116.238.120.94 - - [05/Feb/2024:09:52:28 +0800] "POST /xingrg/kc/mdqp/pssh_list_operate.html HTTP/1.1" 200 5469
116.238.120.94 - - [05/Feb/2024:09:52:29 +0800] "POST /xingrg/kc/mdqp/pssh_list_operate.html HTTP/1.1" 200 785
101.83.145.37 - - [05/Feb/2024:09:52:29 +0800] "GET /xingrg/all/function/internal_message.html?_=1707097951152&CODE_STATE=getMsg HTTP/1.1" 200 27
116.238.120.94 - - [05/Feb/2024:09:52:30 +0800] "GET /xingrg/kc/mdqp/pssh_order_info.html?code=312024020400110 HTTP/1.1" 200 17303
116.238.120.94 - - [05/Feb/2024:09:52:30 +0800] "GET /xingrg/javascript/jquery_tools/jquery-1.4.2.min.js HTTP/1.1" 404 1094
116.238.120.94 - - [05/Feb/2024:09:52:30 +0800] "GET /xingrg/javascript/easyui/themes/default/validatebox.css HTTP/1.1" 404 1104
116.238.120.94 - - [05/Feb/2024:09:52:30 +0800] "GET /xingrg/all/common/auto_word.html?type=base&rest_code=00150&rest_code=00150 HTTP/1.1" 200 1853
116.238.120.94 - - [05/Feb/2024:09:52:30 +0800] "POST /xingrg/kc/mdqp/pssh_order_operate.html HTTP/1.1" 200 3190
180.164.1.25 - - [05/Feb/2024:09:52:31 +0800] "GET /xingrg/kc/buy/cgsh_order_operate.html?command=get_materiel&rest_code=00108&code=00101008350&supplier_code=00100007&order_time=2024-02-05 HTTP/1.1" 200 408
116.238.120.94 - - [05/Feb/2024:09:52:31 +0800] "POST /xingrg/all/common/load_combo.html?type=employee HTTP/1.1" 200 280
124.78.68.102 - - [05/Feb/2024:09:52:33 +0800] "GET /xingrg/kc/buy/cgsh_order_operate.html?command=get_materiel&rest_code=00141&code=00101012051&supplier_code=00100036&order_time=2024-02-05 HTTP/1.1" 200 408
116.238.120.94 - - [05/Feb/2024:09:52:35 +0800] "POST /xingrg/kc/mdqp/pssh_order_operate.html HTTP/1.1" 200 37
180.164.1.25 - - [05/Feb/2024:09:52:36 +0800] "GET /xingrg/all/function/internal_message.html?_=1707097955496&CODE_STATE=getMsg HTTP/1.1" 200 27
114.83.219.181 - - [05/Feb/2024:09:52:36 +0800] "GET /xingrg/all/function/internal_message.html?_=1707097955952&CODE_STATE=getMsg HTTP/1.1" 200 27
101.83.145.37 - - [05/Feb/2024:09:52:36 +0800] "GET /xingrg/all/function/internal_message.html?_=1707097721797&CODE_STATE=getMsg HTTP/1.1" 200 27
116.237.74.150 - - [05/Feb/2024:09:52:37 +0800] "GET /xingrg/kc/buy/cgsh_order_operate.html?command=get_materiel&rest_code=00106&code=00101020082&supplier_code=00100007&order_time=2024-02-05 HTTP/1.1" 200 409
116.238.120.94 - - [05/Feb/2024:09:52:38 +0800] "POST /xingrg/kc/mdqp/pssh_order_operate.html HTTP/1.1" 200 12
116.238.120.94 - - [05/Feb/2024:09:52:40 +0800] "GET /xingrg/kc/mdqp/pssh_order_info.html?code=312024020400110 HTTP/1.1" 200 14392
116.238.120.94 - - [05/Feb/2024:09:52:40 +0800] "GET /xingrg/javascript/jquery_tools/jquery-1.4.2.min.js HTTP/1.1" 404 1094
116.238.120.94 - - [05/Feb/2024:09:52:40 +0800] "GET /xingrg/javascript/easyui/themes/default/validatebox.css HTTP/1.1" 404 1104
222.69.131.188 - - [05/Feb/2024:09:52:40 +0800] "GET /xingrg/all/function/internal_message.html?_=1707097962437&CODE_STATE=getMsg HTTP/1.1" 200 27
116.238.120.94 - - [05/Feb/2024:09:52:40 +0800] "POST /xingrg/kc/mdqp/pssh_order_operate.html HTTP/1.1" 200 3190
124.78.68.102 - - [05/Feb/2024:09:52:41 +0800] "GET /xingrg/all/function/internal_message.html?_=1707097961529&CODE_STATE=getMsg HTTP/1.1" 200 27
116.238.120.94 - - [05/Feb/2024:09:52:42 +0800] "GET /xingrg/kc/print/load_data.html?order_code=312024020400110&kc_code=pssh&condition= HTTP/1.1" 200 1608
124.79.241.29 - - [05/Feb/2024:09:52:44 +0800] "GET /xingrg/all/function/internal_message.html?_=1707097963193&CODE_STATE=getMsg HTTP/1.1" 200 27
116.238.120.94 - - [05/Feb/2024:09:52:45 +0800] "GET /xingrg/kc/mdqp/pssh_order_list.html?isBack=1 HTTP/1.1" 200 17849
180.164.1.25 - - [05/Feb/2024:09:52:45 +0800] "POST /xingrg/kc/buy/cgsh_order_operate.html HTTP/1.1" 200 2065
116.238.120.94 - - [05/Feb/2024:09:52:46 +0800] "POST /xingrg/kc/mdqp/pssh_list_operate.html HTTP/1.1" 200 5494
221.239.172.206 - - [05/Feb/2024:09:52:46 +0800] "GET /xingrg/all/function/internal_message.html?_=1707097965923&CODE_STATE=getMsg HTTP/1.1" 200 27
116.238.120.94 - - [05/Feb/2024:09:52:47 +0800] "POST /xingrg/kc/mdqp/pssh_list_operate.html HTTP/1.1" 200 789
116.238.120.94 - - [05/Feb/2024:09:52:48 +0800] "GET /xingrg/kc/mdqp/pssh_order_info.html?code=312024020400104 HTTP/1.1" 200 17303
116.238.120.94 - - [05/Feb/2024:09:52:48 +0800] "GET /xingrg/javascript/jquery_tools/jquery-1.4.2.min.js HTTP/1.1" 404 1094
116.238.120.94 - - [05/Feb/2024:09:52:48 +0800] "GET /xingrg/javascript/easyui/themes/default/validatebox.css HTTP/1.1" 404 1104
116.238.120.94 - - [05/Feb/2024:09:52:48 +0800] "POST /xingrg/kc/mdqp/pssh_order_operate.html HTTP/1.1" 200 22491
116.238.120.94 - - [05/Feb/2024:09:52:49 +0800] "POST /xingrg/all/common/load_combo.html?type=employee HTTP/1.1" 200 280
116.238.120.94 - - [05/Feb/2024:09:52:53 +0800] "POST /xingrg/kc/mdqp/pssh_order_operate.html HTTP/1.1" 200 37
116.238.120.94 - - [05/Feb/2024:09:52:53 +0800] "GET /xingrg/all/function/internal_message.html?_=1707097972978&CODE_STATE=getMsg HTTP/1.1" 200 27
180.164.1.25 - - [05/Feb/2024:09:52:53 +0800] "GET /xingrg/kc/buy/cgsh_order_operate.html?command=get_materiel&rest_code=00108&code=00101008213&supplier_code=00100007&order_time=2024-02-05 HTTP/1.1" 200 412
116.238.120.94 - - [05/Feb/2024:09:52:53 +0800] "GET /xingrg/check_reg.html?_=1707097973178 HTTP/1.1" 200 22
120.253.135.82 - - [05/Feb/2024:09:52:55 +0800] "GET /xingrg/check_reg.html?_=1707098139716 HTTP/1.1" 200 22
120.253.135.82 - - [05/Feb/2024:09:52:55 +0800] "GET /xingrg/all/function/internal_message.html?_=1707098139714&CODE_STATE=getMsg HTTP/1.1" 200 27
116.237.74.150 - - [05/Feb/2024:09:52:56 +0800] "GET /xingrg/all/function/internal_message.html?_=1707097976776&CODE_STATE=getMsg HTTP/1.1" 200 27
116.238.120.94 - - [05/Feb/2024:09:52:58 +0800] "POST /xingrg/kc/mdqp/pssh_order_operate.html HTTP/1.1" 200 12
116.238.120.94 - - [05/Feb/2024:09:52:59 +0800] "GET /xingrg/kc/mdqp/pssh_order_info.html?code=312024020400104 HTTP/1.1" 200 14392
116.238.120.94 - - [05/Feb/2024:09:52:59 +0800] "GET /xingrg/javascript/jquery_tools/jquery-1.4.2.min.js HTTP/1.1" 404 1094
116.238.120.94 - - [05/Feb/2024:09:53:00 +0800] "GET /xingrg/javascript/easyui/themes/default/validatebox.css HTTP/1.1" 404 1104
116.238.120.94 - - [05/Feb/2024:09:53:00 +0800] "POST /xingrg/kc/mdqp/pssh_order_operate.html HTTP/1.1" 200 22491
180.164.1.25 - - [05/Feb/2024:09:53:01 +0800] "GET /xingrg/kc/buy/cgsh_order_operate.html?command=get_materiel&rest_code=00108&code=00101008321&supplier_code=00100007&order_time=2024-02-05 HTTP/1.1" 200 412
116.238.120.94 - - [05/Feb/2024:09:53:02 +0800] "GET /xingrg/kc/print/load_data.html?order_code=312024020400104&kc_code=pssh&condition= HTTP/1.1" 200 8460
120.253.135.82 - - [05/Feb/2024:09:53:03 +0800] "GET /xingrg/all/function/internal_message.html?_=1707097811036&CODE_STATE=getMsg HTTP/1.1" 200 27
172.20.0.100 - - [05/Feb/2024:09:53:04 +0800] "GET /xingrg/all/function/internal_message.html?_=1707097985889&CODE_STATE=getMsg HTTP/1.1" 302 -
116.238.120.94 - - [05/Feb/2024:09:53:07 +0800] "GET /xingrg/kc/mdqp/pssh_order_list.html?isBack=1 HTTP/1.1" 200 17849
116.238.120.94 - - [05/Feb/2024:09:53:08 +0800] "POST /xingrg/kc/mdqp/pssh_list_operate.html HTTP/1.1" 200 5519
58.40.7.146 - - [05/Feb/2024:09:53:08 +0800] "GET /xingrg/all/function/internal_message.html?_=1707097988205&CODE_STATE=getMsg HTTP/1.1" 200 27
58.40.7.146 - - [05/Feb/2024:09:53:08 +0800] "GET /xingrg/check_reg.html?_=1707097988206 HTTP/1.1" 200 22
222.70.172.31 - - [05/Feb/2024:09:53:09 +0800] "GET /xingrg/all/function/internal_message.html?_=1707097990582&CODE_STATE=getMsg HTTP/1.1" 200 27
116.237.74.150 - - [05/Feb/2024:09:53:13 +0800] "GET /xingrg/kc/buy/cgsh_order_operate.html?command=get_materiel&rest_code=00106&code=00101009057&supplier_code=00100007&order_time=2024-02-05 HTTP/1.1" 200 408
116.238.97.31 - - [05/Feb/2024:09:53:16 +0800] "GET /xingrg/all/function/internal_message.html?_=1707097995342&CODE_STATE=getMsg HTTP/1.1" 200 27
116.232.194.112 - - [05/Feb/2024:09:53:18 +0800] "GET /xingrg/all/function/internal_message.html?_=1707097920670&CODE_STATE=getMsg HTTP/1.1" 200 27
180.169.147.146 - - [05/Feb/2024:09:53:23 +0800] "GET /xingrg/all/function/internal_message.html?_=1707098003111&CODE_STATE=getMsg HTTP/1.1" 200 27
116.238.120.94 - - [05/Feb/2024:09:53:24 +0800] "GET /xingrg/all/function/internal_message.html?_=1707098004597&CODE_STATE=getMsg HTTP/1.1" 200 27
180.164.1.25 - - [05/Feb/2024:09:53:24 +0800] "GET /xingrg/kc/buy/cgsh_order_operate.html?command=get_materiel&rest_code=00108&code=00101015022&supplier_code=00100007&order_time=2024-02-05 HTTP/1.1" 200 408
116.230.123.222 - - [05/Feb/2024:09:53:26 +0800] "GET /xingrg/all/function/internal_message.html?_=1707098005789&CODE_STATE=getMsg HTTP/1.1" 200 27
101.83.145.37 - - [05/Feb/2024:09:53:29 +0800] "GET /xingrg/check_reg.html?_=1707098011154 HTTP/1.1" 200 22
101.83.145.37 - - [05/Feb/2024:09:53:29 +0800] "GET /xingrg/all/function/internal_message.html?_=1707098011158&CODE_STATE=getMsg HTTP/1.1" 200 27
116.237.74.150 - - [05/Feb/2024:09:53:31 +0800] "POST /xingrg/kc/buy/cgsh_order_operate.html HTTP/1.1" 200 37
116.238.120.94 - - [05/Feb/2024:09:53:35 +0800] "GET /xingrg/kc/buy/cgsh_order_list.html HTTP/1.1" 200 57698
180.164.1.25 - - [05/Feb/2024:09:53:36 +0800] "GET /xingrg/all/function/internal_message.html?_=1707098015501&CODE_STATE=getMsg HTTP/1.1" 200 27
114.83.219.181 - - [05/Feb/2024:09:53:36 +0800] "GET /xingrg/all/function/internal_message.html?_=1707098015936&CODE_STATE=getMsg HTTP/1.1" 200 27
101.83.145.37 - - [05/Feb/2024:09:53:36 +0800] "GET /xingrg/all/function/internal_message.html?_=1707097781797&CODE_STATE=getMsg HTTP/1.1" 200 27
222.70.172.31 - - [05/Feb/2024:09:53:37 +0800] "GET /xingrg/check_reg.html?_=1707098018657 HTTP/1.1" 200 22
116.238.120.94 - - [05/Feb/2024:09:53:37 +0800] "POST /xingrg/kc/buy/cgsh_list_operate.html HTTP/1.1" 200 986
222.69.131.188 - - [05/Feb/2024:09:53:40 +0800] "GET /xingrg/all/function/internal_message.html?_=1707098022452&CODE_STATE=getMsg HTTP/1.1" 200 27
116.238.120.94 - - [05/Feb/2024:09:53:41 +0800] "GET /xingrg/kc/buy/cgsh_order_add.html HTTP/1.1" 200 73511
116.238.120.94 - - [05/Feb/2024:09:53:41 +0800] "GET /xingrg/javascript/easyui/themes/default/validatebox.css HTTP/1.1" 404 1104
116.238.120.94 - - [05/Feb/2024:09:53:41 +0800] "POST /xingrg/kc/buy/cgsh_order_operate.html HTTP/1.1" 200 8245
124.78.68.102 - - [05/Feb/2024:09:53:41 +0800] "GET /xingrg/all/function/internal_message.html?_=1707098021512&CODE_STATE=getMsg HTTP/1.1" 200 27
116.237.74.150 - - [05/Feb/2024:09:53:42 +0800] "POST /xingrg/kc/buy/cgsh_order_operate.html HTTP/1.1" 200 19803
116.238.120.94 - - [05/Feb/2024:09:53:42 +0800] "GET /xingrg/javascript/auto/indicator.gif HTTP/1.1" 404 1066
124.79.241.29 - - [05/Feb/2024:09:53:44 +0800] "GET /xingrg/check_reg.html?_=1707098023193 HTTP/1.1" 200 22
124.79.241.29 - - [05/Feb/2024:09:53:44 +0800] "GET /xingrg/all/function/internal_message.html?_=1707098023197&CODE_STATE=getMsg HTTP/1.1" 200 27
221.239.172.206 - - [05/Feb/2024:09:53:46 +0800] "GET /xingrg/all/function/internal_message.html?_=1707098025922&CODE_STATE=getMsg HTTP/1.1" 200 27
124.78.68.102 - - [05/Feb/2024:09:53:48 +0800] "GET /xingrg/kc/buy/cgsh_order_operate.html?command=get_materiel&rest_code=00141&code=00101012122&supplier_code=00100036&order_time=2024-02-05 HTTP/1.1" 200 417
116.237.74.150 - - [05/Feb/2024:09:53:49 +0800] "GET /xingrg/kc/buy/cgsh_order_operate.html?command=get_materiel&rest_code=00106&code=00101008155&supplier_code=00100007&order_time=2024-02-05 HTTP/1.1" 200 408
116.238.120.94 - - [05/Feb/2024:09:53:53 +0800] "GET /xingrg/all/function/internal_message.html?_=1707098032967&CODE_STATE=getMsg HTTP/1.1" 200 27
120.253.135.82 - - [05/Feb/2024:09:53:55 +0800] "GET /xingrg/all/function/internal_message.html?_=1707098199719&CODE_STATE=getMsg HTTP/1.1" 200 27
180.164.1.25 - - [05/Feb/2024:09:53:56 +0800] "POST /xingrg/kc/buy/cgsh_order_operate.html HTTP/1.1" 200 2065
116.237.74.150 - - [05/Feb/2024:09:53:56 +0800] "GET /xingrg/all/function/internal_message.html?_=1707098036755&CODE_STATE=getMsg HTTP/1.1" 200 27
124.78.68.102 - - [05/Feb/2024:09:54:00 +0800] "GET /xingrg/kc/buy/cgsh_order_operate.html?command=get_materiel&rest_code=00141&code=00101016030&supplier_code=00100036&order_time=2024-02-05 HTTP/1.1" 200 412
180.164.1.25 - - [05/Feb/2024:09:54:02 +0800] "GET /xingrg/kc/buy/cgsh_order_operate.html?command=get_materiel&rest_code=00108&code=00101008095&supplier_code=00100007&order_time=2024-02-05 HTTP/1.1" 200 412
116.237.74.150 - - [05/Feb/2024:09:54:02 +0800] "GET /xingrg/kc/buy/cgsh_order_operate.html?command=get_materiel&rest_code=00106&code=00101008095&supplier_code=00100007&order_time=2024-02-05 HTTP/1.1" 200 412
120.253.135.82 - - [05/Feb/2024:09:54:03 +0800] "GET /xingrg/all/function/internal_message.html?_=1707097871228&CODE_STATE=getMsg HTTP/1.1" 200 27
172.20.0.100 - - [05/Feb/2024:09:54:04 +0800] "GET /xingrg/all/function/internal_message.html?_=1707098045888&CODE_STATE=getMsg HTTP/1.1" 302 -
172.20.0.100 - - [05/Feb/2024:09:54:04 +0800] "GET /xingrg/check_reg.html?_=1707098045889 HTTP/1.1" 302 -
58.40.7.146 - - [05/Feb/2024:09:54:08 +0800] "GET /xingrg/all/function/internal_message.html?_=1707098048209&CODE_STATE=getMsg HTTP/1.1" 200 27
222.70.172.31 - - [05/Feb/2024:09:54:09 +0800] "GET /xingrg/all/function/internal_message.html?_=1707098050583&CODE_STATE=getMsg HTTP/1.1" 200 27
124.78.68.102 - - [05/Feb/2024:09:54:09 +0800] "GET /xingrg/kc/buy/cgsh_order_operate.html?command=get_materiel&rest_code=00141&code=00101011001&supplier_code=00100036&order_time=2024-02-05 HTTP/1.1" 200 423
116.238.97.31 - - [05/Feb/2024:09:54:10 +0800] "POST /xingrg/services/DataTransmitService HTTP/1.1" 200 524
180.164.1.25 - - [05/Feb/2024:09:54:11 +0800] "GET /xingrg/kc/buy/cgsh_order_operate.html?command=get_materiel&rest_code=00108&code=00101008150&supplier_code=00100007&order_time=2024-02-05 HTTP/1.1" 200 409
116.238.97.31 - - [05/Feb/2024:09:54:16 +0800] "GET /xingrg/all/function/internal_message.html?_=1707098055324&CODE_STATE=getMsg HTTP/1.1" 200 27
116.232.194.112 - - [05/Feb/2024:09:54:18 +0800] "GET /xingrg/all/function/internal_message.html?_=1707097980676&CODE_STATE=getMsg HTTP/1.1" 200 27
180.164.1.25 - - [05/Feb/2024:09:54:20 +0800] "GET /xingrg/kc/buy/cgsh_order_operate.html?command=get_materiel&rest_code=00108&code=00101009113&supplier_code=00100007&order_time=2024-02-05 HTTP/1.1" 200 413
116.238.120.94 - - [05/Feb/2024:09:54:24 +0800] "GET /xingrg/all/function/internal_message.html?_=1707098064597&CODE_STATE=getMsg HTTP/1.1" 200 27
116.230.123.222 - - [05/Feb/2024:09:54:26 +0800] "GET /xingrg/all/function/internal_message.html?_=1707098065772&CODE_STATE=getMsg HTTP/1.1" 200 27
101.83.145.37 - - [05/Feb/2024:09:54:29 +0800] "GET /xingrg/all/function/internal_message.html?_=1707098071158&CODE_STATE=getMsg HTTP/1.1" 200 27
180.164.1.25 - - [05/Feb/2024:09:54:30 +0800] "GET /xingrg/kc/buy/cgsh_order_operate.html?command=get_materiel&rest_code=00108&code=00101009160&supplier_code=00100007&order_time=2024-02-05 HTTP/1.1" 200 415
120.253.135.82 - - [05/Feb/2024:09:54:34 +0800] "GET /xingrg/check_reg.html?_=1707097902499 HTTP/1.1" 200 22
124.78.68.102 - - [05/Feb/2024:09:54:35 +0800] "GET /xingrg/kc/buy/cgsh_order_operate.html?command=get_materiel&rest_code=00141&code=00101012038&supplier_code=00100036&order_time=2024-02-05 HTTP/1.1" 200 412
180.164.1.25 - - [05/Feb/2024:09:54:36 +0800] "GET /xingrg/all/function/internal_message.html?_=1707098075507&CODE_STATE=getMsg HTTP/1.1" 200 27
114.83.219.181 - - [05/Feb/2024:09:54:36 +0800] "GET /xingrg/all/function/internal_message.html?_=1707098075923&CODE_STATE=getMsg HTTP/1.1" 200 27
101.83.145.37 - - [05/Feb/2024:09:54:36 +0800] "GET /xingrg/check_reg.html?_=1707097841800 HTTP/1.1" 200 22
101.83.145.37 - - [05/Feb/2024:09:54:36 +0800] "GET /xingrg/all/function/internal_message.html?_=1707097841797&CODE_STATE=getMsg HTTP/1.1" 200 27
180.164.1.25 - - [05/Feb/2024:09:54:39 +0800] "GET /xingrg/kc/buy/cgsh_order_operate.html?command=get_materiel&rest_code=00108&code=00101008061&supplier_code=00100007&order_time=2024-02-05 HTTP/1.1" 200 422
222.69.131.188 - - [05/Feb/2024:09:54:40 +0800] "GET /xingrg/all/function/internal_message.html?_=1707098082439&CODE_STATE=getMsg HTTP/1.1" 200 27
124.78.68.102 - - [05/Feb/2024:09:54:41 +0800] "GET /xingrg/all/function/internal_message.html?_=1707098081506&CODE_STATE=getMsg HTTP/1.1" 200 27
180.164.1.25 - - [05/Feb/2024:09:54:41 +0800] "POST /xingrg/kc/buy/cgsh_order_operate.html HTTP/1.1" 200 2065
124.79.241.29 - - [05/Feb/2024:09:54:44 +0800] "GET /xingrg/all/function/internal_message.html?_=1707098083190&CODE_STATE=getMsg HTTP/1.1" 200 27
116.237.74.150 - - [05/Feb/2024:09:54:45 +0800] "GET /xingrg/kc/buy/cgsh_order_operate.html?command=get_materiel&rest_code=00106&code=00101013179&supplier_code=00100007&order_time=2024-02-05 HTTP/1.1" 200 412
221.239.172.206 - - [05/Feb/2024:09:54:46 +0800] "GET /xingrg/all/function/internal_message.html?_=1707098085937&CODE_STATE=getMsg HTTP/1.1" 200 27
180.164.1.25 - - [05/Feb/2024:09:54:47 +0800] "GET /xingrg/kc/buy/cgsh_order_operate.html?command=get_materiel&rest_code=00108&code=00101008223&supplier_code=00100007&order_time=2024-02-05 HTTP/1.1" 200 412
116.230.123.222 - - [05/Feb/2024:09:54:47 +0800] "GET /xingrg/check_reg.html?_=1707098087287 HTTP/1.1" 200 22
116.237.74.150 - - [05/Feb/2024:09:54:49 +0800] "POST /xingrg/kc/buy/cgsh_order_operate.html HTTP/1.1" 200 2065
116.238.120.94 - - [05/Feb/2024:09:54:53 +0800] "GET /xingrg/all/function/internal_message.html?_=1707098092957&CODE_STATE=getMsg HTTP/1.1" 200 27
120.253.135.82 - - [05/Feb/2024:09:54:55 +0800] "GET /xingrg/all/function/internal_message.html?_=1707098259724&CODE_STATE=getMsg HTTP/1.1" 200 27
116.237.74.150 - - [05/Feb/2024:09:54:55 +0800] "GET /xingrg/kc/buy/cgsh_order_operate.html?command=get_materiel&rest_code=00106&code=00101008114&supplier_code=00100007&order_time=2024-02-05 HTTP/1.1" 200 413
116.237.74.150 - - [05/Feb/2024:09:54:56 +0800] "GET /xingrg/all/function/internal_message.html?_=1707098096726&CODE_STATE=getMsg HTTP/1.1" 200 27
116.237.74.150 - - [05/Feb/2024:09:54:58 +0800] "GET /xingrg/check_reg.html?_=1707098097937 HTTP/1.1" 200 22
180.164.1.25 - - [05/Feb/2024:09:54:58 +0800] "GET /xingrg/kc/buy/cgsh_order_operate.html?command=get_materiel&rest_code=00108&code=00101009011&supplier_code=00100007&order_time=2024-02-05 HTTP/1.1" 200 416
120.253.135.82 - - [05/Feb/2024:09:55:03 +0800] "GET /xingrg/all/function/internal_message.html?_=1707097931234&CODE_STATE=getMsg HTTP/1.1" 200 27
172.20.0.100 - - [05/Feb/2024:09:55:04 +0800] "GET /xingrg/all/function/internal_message.html?_=1707098105889&CODE_STATE=getMsg HTTP/1.1" 302 -
180.164.1.25 - - [05/Feb/2024:09:55:06 +0800] "GET /xingrg/kc/buy/cgsh_order_operate.html?command=get_materiel&rest_code=00108&code=00101009015&supplier_code=00100007&order_time=2024-02-05 HTTP/1.1" 200 416
58.40.7.146 - - [05/Feb/2024:09:55:08 +0800] "GET /xingrg/all/function/internal_message.html?_=1707098108225&CODE_STATE=getMsg HTTP/1.1" 200 27
222.70.172.31 - - [05/Feb/2024:09:55:09 +0800] "GET /xingrg/all/function/internal_message.html?_=1707098110597&CODE_STATE=getMsg HTTP/1.1" 200 27
116.237.74.150 - - [05/Feb/2024:09:55:11 +0800] "GET /xingrg/kc/buy/cgsh_order_operate.html?command=get_materiel&rest_code=00106&code=00101008370&supplier_code=00100007&order_time=2024-02-05 HTTP/1.1" 200 412
180.164.1.25 - - [05/Feb/2024:09:55:14 +0800] "GET /xingrg/kc/buy/cgsh_order_operate.html?command=get_materiel&rest_code=00108&code=00101008402&supplier_code=00100007&order_time=2024-02-05 HTTP/1.1" 200 409
116.238.97.31 - - [05/Feb/2024:09:55:16 +0800] "GET /xingrg/all/function/internal_message.html?_=1707098115313&CODE_STATE=getMsg HTTP/1.1" 200 27
116.232.194.112 - - [05/Feb/2024:09:55:18 +0800] "GET /xingrg/check_reg.html?_=1707098040693 HTTP/1.1" 200 22
116.232.194.112 - - [05/Feb/2024:09:55:18 +0800] "GET /xingrg/all/function/internal_message.html?_=1707098040697&CODE_STATE=getMsg HTTP/1.1" 200 27
180.164.1.25 - - [05/Feb/2024:09:55:22 +0800] "POST /xingrg/kc/buy/cgsh_order_operate.html HTTP/1.1" 200 2065
116.238.120.94 - - [05/Feb/2024:09:55:24 +0800] "GET /xingrg/all/function/internal_message.html?_=1707098124607&CODE_STATE=getMsg HTTP/1.1" 200 27
116.230.123.222 - - [05/Feb/2024:09:55:26 +0800] "GET /xingrg/all/function/internal_message.html?_=1707098125743&CODE_STATE=getMsg HTTP/1.1" 200 27
116.237.74.150 - - [05/Feb/2024:09:55:26 +0800] "GET /xingrg/kc/buy/cgsh_order_operate.html?command=get_materiel&rest_code=00106&code=00101008108&supplier_code=00100007&order_time=2024-02-05 HTTP/1.1" 200 412
101.83.145.37 - - [05/Feb/2024:09:55:29 +0800] "GET /xingrg/all/function/internal_message.html?_=1707098131146&CODE_STATE=getMsg HTTP/1.1" 200 27
180.164.1.25 - - [05/Feb/2024:09:55:32 +0800] "GET /xingrg/kc/buy/cgsh_order_operate.html?command=get_materiel&rest_code=00108&code=00101008027&supplier_code=00100007&order_time=2024-02-05 HTTP/1.1" 200 408
180.164.1.25 - - [05/Feb/2024:09:55:36 +0800] "GET /xingrg/all/function/internal_message.html?_=1707098135493&CODE_STATE=getMsg HTTP/1.1" 200 27
114.83.219.181 - - [05/Feb/2024:09:55:36 +0800] "GET /xingrg/all/function/internal_message.html?_=1707098135908&CODE_STATE=getMsg HTTP/1.1" 200 27
101.83.145.37 - - [05/Feb/2024:09:55:36 +0800] "GET /xingrg/all/function/internal_message.html?_=1707097901800&CODE_STATE=getMsg HTTP/1.1" 200 27
116.237.74.150 - - [05/Feb/2024:09:55:37 +0800] "GET /xingrg/kc/buy/cgsh_order_operate.html?command=get_materiel&rest_code=00106&code=00101008403&supplier_code=00100007&order_time=2024-02-05 HTTP/1.1" 200 412
222.69.131.188 - - [05/Feb/2024:09:55:40 +0800] "GET /xingrg/all/function/internal_message.html?_=1707098142452&CODE_STATE=getMsg HTTP/1.1" 200 27
124.78.68.102 - - [05/Feb/2024:09:55:41 +0800] "GET /xingrg/all/function/internal_message.html?_=1707098141506&CODE_STATE=getMsg HTTP/1.1" 200 27
180.163.28.114 - - [05/Feb/2024:09:55:42 +0800] "GET /xingrg/kc/buy/cgsh_order_operate.html?command=get_materiel&rest_code=00106&code=00101013179&supplier_code=00100007&order_time=2024-02-05 HTTP/1.1" 302 -
180.163.28.114 - - [05/Feb/2024:09:55:42 +0800] "GET /xingrg/login.html HTTP/1.1" 200 7641
124.79.241.29 - - [05/Feb/2024:09:55:44 +0800] "GET /xingrg/all/function/internal_message.html?_=1707098143196&CODE_STATE=getMsg HTTP/1.1" 200 27
124.78.68.102 - - [05/Feb/2024:09:55:45 +0800] "POST /xingrg/kc/buy/cgsh_order_operate.html HTTP/1.1" 200 37
221.239.172.206 - - [05/Feb/2024:09:55:46 +0800] "GET /xingrg/all/function/internal_message.html?_=1707098145936&CODE_STATE=getMsg HTTP/1.1" 200 27
116.237.74.150 - - [05/Feb/2024:09:55:47 +0800] "GET /xingrg/kc/buy/cgsh_order_operate.html?command=get_materiel&rest_code=00106&code=00101008283&supplier_code=00100007&order_time=2024-02-05 HTTP/1.1" 200 408
180.164.1.25 - - [05/Feb/2024:09:55:49 +0800] "GET /xingrg/kc/buy/cgsh_order_operate.html?command=get_materiel&rest_code=00108&code=00101009066&supplier_code=00100007&order_time=2024-02-05 HTTP/1.1" 200 416
116.237.74.150 - - [05/Feb/2024:09:55:50 +0800] "POST /xingrg/kc/buy/cgsh_order_operate.html HTTP/1.1" 200 2065
180.163.30.76 - - [05/Feb/2024:09:55:52 +0800] "GET /xingrg/kc/buy/cgsh_order_operate.html?command=get_materiel&rest_code=00106&code=00101008114&supplier_code=00100007&order_time=2024-02-05 HTTP/1.1" 302 -
180.163.30.76 - - [05/Feb/2024:09:55:52 +0800] "GET /xingrg/login.html HTTP/1.1" 200 7641
124.78.68.102 - - [05/Feb/2024:09:55:53 +0800] "POST /xingrg/kc/buy/cgsh_order_operate.html HTTP/1.1" 200 12
116.238.120.94 - - [05/Feb/2024:09:55:53 +0800] "GET /xingrg/all/function/internal_message.html?_=1707098152929&CODE_STATE=getMsg HTTP/1.1" 200 27
120.253.135.82 - - [05/Feb/2024:09:55:55 +0800] "GET /xingrg/all/function/internal_message.html?_=1707098319729&CODE_STATE=getMsg HTTP/1.1" 200 27
218.81.65.124 - - [05/Feb/2024:09:55:55 +0800] "POST /xingrg/services/DataTransmitService HTTP/1.1" 200 524
116.237.74.150 - - [05/Feb/2024:09:55:56 +0800] "GET /xingrg/kc/buy/cgsh_order_operate.html?command=get_materiel&rest_code=00106&code=00101008251&supplier_code=00100007&order_time=2024-02-05 HTTP/1.1" 200 408
116.237.74.150 - - [05/Feb/2024:09:55:56 +0800] "GET /xingrg/all/function/internal_message.html?_=1707098156854&CODE_STATE=getMsg HTTP/1.1" 200 27
124.78.68.102 - - [05/Feb/2024:09:56:00 +0800] "GET /xingrg/kc/buy/cgsh_order_info.html?code=212024020502182 HTTP/1.1" 200 68378
124.78.68.102 - - [05/Feb/2024:09:56:01 +0800] "GET /xingrg/javascript/easyui/themes/default/validatebox.css HTTP/1.1" 404 1104
124.78.68.102 - - [05/Feb/2024:09:56:02 +0800] "POST /xingrg/kc/buy/cgsh_order_operate.html HTTP/1.1" 200 5968
120.253.135.82 - - [05/Feb/2024:09:56:03 +0800] "GET /xingrg/all/function/internal_message.html?_=1707097991248&CODE_STATE=getMsg HTTP/1.1" 200 27
180.164.1.25 - - [05/Feb/2024:09:56:03 +0800] "GET /xingrg/kc/buy/cgsh_order_operate.html?command=get_materiel&rest_code=00108&code=00101008371&supplier_code=00100007&order_time=2024-02-05 HTTP/1.1" 200 412
172.20.0.100 - - [05/Feb/2024:09:56:04 +0800] "GET /xingrg/all/function/internal_message.html?_=1707098165888&CODE_STATE=getMsg HTTP/1.1" 302 -
124.78.68.102 - - [05/Feb/2024:09:56:05 +0800] "GET /xingrg/kc/print/load_data.html?order_code=212024020502182&kc_code=cgsh&condition= HTTP/1.1" 200 2854
180.164.1.25 - - [05/Feb/2024:09:56:05 +0800] "POST /xingrg/kc/buy/cgsh_order_operate.html HTTP/1.1" 200 2065
58.40.7.146 - - [05/Feb/2024:09:56:08 +0800] "GET /xingrg/all/function/internal_message.html?_=1707098168212&CODE_STATE=getMsg HTTP/1.1" 200 27
222.70.172.31 - - [05/Feb/2024:09:56:09 +0800] "GET /xingrg/all/function/internal_message.html?_=1707098170981&CODE_STATE=getMsg HTTP/1.1" 200 27
180.164.1.25 - - [05/Feb/2024:09:56:12 +0800] "GET /xingrg/kc/buy/cgsh_order_operate.html?command=get_materiel&rest_code=00108&code=00101009045&supplier_code=00100007&order_time=2024-02-05 HTTP/1.1" 200 412
116.238.97.31 - - [05/Feb/2024:09:56:16 +0800] "GET /xingrg/all/function/internal_message.html?_=1707098175289&CODE_STATE=getMsg HTTP/1.1" 200 27
116.232.194.112 - - [05/Feb/2024:09:56:18 +0800] "GET /xingrg/all/function/internal_message.html?_=1707098100687&CODE_STATE=getMsg HTTP/1.1" 200 27
116.238.120.94 - - [05/Feb/2024:09:56:24 +0800] "GET /xingrg/all/function/internal_message.html?_=1707098184601&CODE_STATE=getMsg HTTP/1.1" 200 27
116.230.123.222 - - [05/Feb/2024:09:56:26 +0800] "GET /xingrg/all/function/internal_message.html?_=1707098185727&CODE_STATE=getMsg HTTP/1.1" 200 27
101.83.145.37 - - [05/Feb/2024:09:56:29 +0800] "GET /xingrg/all/function/internal_message.html?_=1707098191146&CODE_STATE=getMsg HTTP/1.1" 200 27
116.237.74.150 - - [05/Feb/2024:09:56:31 +0800] "GET /xingrg/kc/buy/cgsh_order_operate.html?command=get_materiel&rest_code=00106&code=00101008224&supplier_code=00100007&order_time=2024-02-05 HTTP/1.1" 200 416
180.164.1.25 - - [05/Feb/2024:09:56:36 +0800] "GET /xingrg/all/function/internal_message.html?_=1707098195510&CODE_STATE=getMsg HTTP/1.1" 200 27
180.164.1.25 - - [05/Feb/2024:09:56:36 +0800] "GET /xingrg/check_reg.html?_=1707098195511 HTTP/1.1" 200 22
114.83.219.181 - - [05/Feb/2024:09:56:36 +0800] "GET /xingrg/all/function/internal_message.html?_=1707098195895&CODE_STATE=getMsg HTTP/1.1" 200 27
101.83.145.37 - - [05/Feb/2024:09:56:36 +0800] "GET /xingrg/all/function/internal_message.html?_=1707097961800&CODE_STATE=getMsg HTTP/1.1" 200 27
222.69.131.188 - - [05/Feb/2024:09:56:40 +0800] "GET /xingrg/all/function/internal_message.html?_=1707098202447&CODE_STATE=getMsg HTTP/1.1" 200 27
222.69.131.188 - - [05/Feb/2024:09:56:40 +0800] "GET /xingrg/check_reg.html?_=1707098202450 HTTP/1.1" 200 22
124.78.68.102 - - [05/Feb/2024:09:56:41 +0800] "GET /xingrg/all/function/internal_message.html?_=1707098201481&CODE_STATE=getMsg HTTP/1.1" 200 27
124.79.241.29 - - [05/Feb/2024:09:56:44 +0800] "GET /xingrg/all/function/internal_message.html?_=1707098203190&CODE_STATE=getMsg HTTP/1.1" 200 27
221.239.172.206 - - [05/Feb/2024:09:56:46 +0800] "GET /xingrg/check_reg.html?_=1707098205936 HTTP/1.1" 200 22
221.239.172.206 - - [05/Feb/2024:09:56:46 +0800] "GET /xingrg/all/function/internal_message.html?_=1707098205936&CODE_STATE=getMsg HTTP/1.1" 200 27
116.238.120.94 - - [05/Feb/2024:09:56:53 +0800] "GET /xingrg/all/function/internal_message.html?_=1707098212918&CODE_STATE=getMsg HTTP/1.1" 200 27
120.253.135.82 - - [05/Feb/2024:09:56:55 +0800] "GET /xingrg/all/function/internal_message.html?_=1707098379733&CODE_STATE=getMsg HTTP/1.1" 200 27
116.237.74.150 - - [05/Feb/2024:09:56:56 +0800] "GET /xingrg/all/function/internal_message.html?_=1707098216833&CODE_STATE=getMsg HTTP/1.1" 200 27
114.83.219.181 - - [05/Feb/2024:09:56:59 +0800] "GET /xingrg/check_reg.html?_=1707098218719 HTTP/1.1" 200 22
180.164.1.25 - - [05/Feb/2024:09:57:03 +0800] "POST /xingrg/kc/buy/cgsh_order_operate.html HTTP/1.1" 200 37
120.253.135.82 - - [05/Feb/2024:09:57:03 +0800] "GET /xingrg/all/function/internal_message.html?_=1707098051434&CODE_STATE=getMsg HTTP/1.1" 200 27
172.20.0.100 - - [05/Feb/2024:09:57:04 +0800] "GET /xingrg/all/function/internal_message.html?_=1707098225886&CODE_STATE=getMsg HTTP/1.1" 302 -
180.164.1.25 - - [05/Feb/2024:09:57:05 +0800] "POST /xingrg/kc/buy/cgsh_order_operate.html HTTP/1.1" 200 32277
222.70.172.31 - - [05/Feb/2024:09:57:08 +0800] "POST /xingrg/kc/buy/cgsh_list_operate.html HTTP/1.1" 200 1891
58.40.7.146 - - [05/Feb/2024:09:57:08 +0800] "GET /xingrg/all/function/internal_message.html?_=1707098228217&CODE_STATE=getMsg HTTP/1.1" 200 27
222.70.172.31 - - [05/Feb/2024:09:57:09 +0800] "GET /xingrg/all/function/internal_message.html?_=1707098230983&CODE_STATE=getMsg HTTP/1.1" 200 27
222.70.172.31 - - [05/Feb/2024:09:57:13 +0800] "POST /xingrg/kc/buy/cgsh_list_operate.html HTTP/1.1" 200 212
222.70.172.31 - - [05/Feb/2024:09:57:15 +0800] "GET /xingrg/kc/buy/cgsh_order_info.html?code=212024020401843 HTTP/1.1" 200 68374
222.70.172.31 - - [05/Feb/2024:09:57:16 +0800] "GET /xingrg/javascript/easyui/themes/default/validatebox.css HTTP/1.1" 404 1104
116.238.97.31 - - [05/Feb/2024:09:57:16 +0800] "GET /xingrg/all/function/internal_message.html?_=1707098235275&CODE_STATE=getMsg HTTP/1.1" 200 27
116.238.97.31 - - [05/Feb/2024:09:57:16 +0800] "GET /xingrg/check_reg.html?_=1707098235356 HTTP/1.1" 200 22
222.70.172.31 - - [05/Feb/2024:09:57:17 +0800] "POST /xingrg/kc/buy/cgsh_order_operate.html HTTP/1.1" 200 622
116.232.194.112 - - [05/Feb/2024:09:57:18 +0800] "GET /xingrg/all/function/internal_message.html?_=1707098160687&CODE_STATE=getMsg HTTP/1.1" 200 27
116.238.120.94 - - [05/Feb/2024:09:57:24 +0800] "GET /xingrg/check_reg.html?_=1707098244600 HTTP/1.1" 200 22
116.238.120.94 - - [05/Feb/2024:09:57:24 +0800] "GET /xingrg/all/function/internal_message.html?_=1707098244604&CODE_STATE=getMsg HTTP/1.1" 200 27
116.230.123.222 - - [05/Feb/2024:09:57:26 +0800] "GET /xingrg/all/function/internal_message.html?_=1707098245711&CODE_STATE=getMsg HTTP/1.1" 200 27
180.163.28.180 - - [05/Feb/2024:09:57:29 +0800] "GET /xingrg/kc/buy/cgsh_order_operate.html?command=get_materiel&rest_code=00106&code=00101008224&supplier_code=00100007&order_time=2024-02-05 HTTP/1.1" 302 -
180.163.28.180 - - [05/Feb/2024:09:57:29 +0800] "GET /xingrg/login.html HTTP/1.1" 200 7641
101.83.145.37 - - [05/Feb/2024:09:57:29 +0800] "GET /xingrg/all/function/internal_message.html?_=1707098251147&CODE_STATE=getMsg HTTP/1.1" 200 27
116.237.74.150 - - [05/Feb/2024:09:57:33 +0800] "POST /xingrg/kc/buy/cgsh_order_operate.html HTTP/1.1" 200 37
180.164.1.25 - - [05/Feb/2024:09:57:36 +0800] "GET /xingrg/all/function/internal_message.html?_=1707098255500&CODE_STATE=getMsg HTTP/1.1" 200 27
114.83.219.181 - - [05/Feb/2024:09:57:36 +0800] "GET /xingrg/all/function/internal_message.html?_=1707098255865&CODE_STATE=getMsg HTTP/1.1" 200 27
101.83.145.37 - - [05/Feb/2024:09:57:36 +0800] "GET /xingrg/all/function/internal_message.html?_=1707098021800&CODE_STATE=getMsg HTTP/1.1" 200 27
222.69.131.188 - - [05/Feb/2024:09:57:40 +0800] "GET /xingrg/all/function/internal_message.html?_=1707098262448&CODE_STATE=getMsg HTTP/1.1" 200 27
124.78.68.102 - - [05/Feb/2024:09:57:41 +0800] "GET /xingrg/all/function/internal_message.html?_=1707098261463&CODE_STATE=getMsg HTTP/1.1" 200 27
124.79.241.29 - - [05/Feb/2024:09:57:44 +0800] "GET /xingrg/all/function/internal_message.html?_=1707098263204&CODE_STATE=getMsg HTTP/1.1" 200 27
221.239.172.206 - - [05/Feb/2024:09:57:46 +0800] "GET /xingrg/all/function/internal_message.html?_=1707098265941&CODE_STATE=getMsg HTTP/1.1" 200 27
116.238.120.94 - - [05/Feb/2024:09:57:53 +0800] "GET /xingrg/all/function/internal_message.html?_=1707098272889&CODE_STATE=getMsg HTTP/1.1" 200 27
116.238.120.94 - - [05/Feb/2024:09:57:53 +0800] "GET /xingrg/check_reg.html?_=1707098273169 HTTP/1.1" 200 22
120.253.135.82 - - [05/Feb/2024:09:57:55 +0800] "GET /xingrg/check_reg.html?_=1707098439740 HTTP/1.1" 200 22
120.253.135.82 - - [05/Feb/2024:09:57:55 +0800] "GET /xingrg/all/function/internal_message.html?_=1707098439738&CODE_STATE=getMsg HTTP/1.1" 200 27
222.70.172.31 - - [05/Feb/2024:09:58:02 +0800] "POST /xingrg/kc/buy/cgsh_list_operate.html HTTP/1.1" 200 1891
120.253.135.82 - - [05/Feb/2024:09:58:03 +0800] "GET /xingrg/all/function/internal_message.html?_=1707098111447&CODE_STATE=getMsg HTTP/1.1" 200 27
172.20.0.100 - - [05/Feb/2024:09:58:04 +0800] "GET /xingrg/all/function/internal_message.html?_=1707098285884&CODE_STATE=getMsg HTTP/1.1" 302 -
180.164.1.25 - - [05/Feb/2024:09:58:07 +0800] "POST /xingrg/kc/buy/cgsh_order_operate.html HTTP/1.1" 200 37
58.40.7.146 - - [05/Feb/2024:09:58:08 +0800] "GET /xingrg/check_reg.html?_=1707098288218 HTTP/1.1" 200 22
58.40.7.146 - - [05/Feb/2024:09:58:08 +0800] "GET /xingrg/all/function/internal_message.html?_=1707098288220&CODE_STATE=getMsg HTTP/1.1" 200 27
222.70.172.31 - - [05/Feb/2024:09:58:09 +0800] "GET /xingrg/all/function/internal_message.html?_=1707098290997&CODE_STATE=getMsg HTTP/1.1" 200 27
116.237.74.150 - - [05/Feb/2024:09:58:15 +0800] "POST /xingrg/kc/buy/cgsh_order_operate.html HTTP/1.1" 200 27489
116.238.97.31 - - [05/Feb/2024:09:58:16 +0800] "GET /xingrg/all/function/internal_message.html?_=1707098295252&CODE_STATE=getMsg HTTP/1.1" 200 27
116.232.194.112 - - [05/Feb/2024:09:58:18 +0800] "GET /xingrg/all/function/internal_message.html?_=1707098220686&CODE_STATE=getMsg HTTP/1.1" 200 27
180.164.1.25 - - [05/Feb/2024:09:58:18 +0800] "POST /xingrg/kc/buy/cgsh_order_operate.html HTTP/1.1" 200 32277
116.238.120.94 - - [05/Feb/2024:09:58:24 +0800] "GET /xingrg/all/function/internal_message.html?_=1707098304578&CODE_STATE=getMsg HTTP/1.1" 200 27
116.230.123.222 - - [05/Feb/2024:09:58:26 +0800] "GET /xingrg/all/function/internal_message.html?_=1707098305695&CODE_STATE=getMsg HTTP/1.1" 200 27
101.83.145.37 - - [05/Feb/2024:09:58:29 +0800] "GET /xingrg/all/function/internal_message.html?_=1707098311149&CODE_STATE=getMsg HTTP/1.1" 200 27
101.83.145.37 - - [05/Feb/2024:09:58:29 +0800] "GET /xingrg/check_reg.html?_=1707098311152 HTTP/1.1" 200 22
180.164.1.25 - - [05/Feb/2024:09:58:36 +0800] "GET /xingrg/all/function/internal_message.html?_=1707098315499&CODE_STATE=getMsg HTTP/1.1" 200 27
114.83.219.181 - - [05/Feb/2024:09:58:36 +0800] "GET /xingrg/all/function/internal_message.html?_=1707098315848&CODE_STATE=getMsg HTTP/1.1" 200 27
101.83.145.37 - - [05/Feb/2024:09:58:36 +0800] "GET /xingrg/all/function/internal_message.html?_=1707098081798&CODE_STATE=getMsg HTTP/1.1" 200 27
222.70.172.31 - - [05/Feb/2024:09:58:37 +0800] "GET /xingrg/check_reg.html?_=1707098318656 HTTP/1.1" 200 22
222.69.131.188 - - [05/Feb/2024:09:58:40 +0800] "GET /xingrg/all/function/internal_message.html?_=1707098322445&CODE_STATE=getMsg HTTP/1.1" 200 27
124.78.68.102 - - [05/Feb/2024:09:58:41 +0800] "GET /xingrg/all/function/internal_message.html?_=1707098321453&CODE_STATE=getMsg HTTP/1.1" 200 27
124.79.241.29 - - [05/Feb/2024:09:58:44 +0800] "GET /xingrg/check_reg.html?_=1707098323198 HTTP/1.1" 200 22
124.79.241.29 - - [05/Feb/2024:09:58:44 +0800] "GET /xingrg/all/function/internal_message.html?_=1707098323202&CODE_STATE=getMsg HTTP/1.1" 200 27
221.239.172.206 - - [05/Feb/2024:09:58:46 +0800] "GET /xingrg/all/function/internal_message.html?_=1707098325939&CODE_STATE=getMsg HTTP/1.1" 200 27
116.238.120.94 - - [05/Feb/2024:09:58:53 +0800] "GET /xingrg/all/function/internal_message.html?_=1707098332868&CODE_STATE=getMsg HTTP/1.1" 200 27
120.253.135.82 - - [05/Feb/2024:09:58:55 +0800] "GET /xingrg/all/function/internal_message.html?_=1707098499743&CODE_STATE=getMsg HTTP/1.1" 200 27
116.237.74.150 - - [05/Feb/2024:09:59:01 +0800] "POST /xingrg/kc/buy/cgsh_order_operate.html HTTP/1.1" 200 37
116.237.74.150 - - [05/Feb/2024:09:59:03 +0800] "POST /xingrg/kc/buy/cgsh_order_operate.html HTTP/1.1" 200 27489
120.253.135.82 - - [05/Feb/2024:09:59:03 +0800] "GET /xingrg/all/function/internal_message.html?_=1707098171642&CODE_STATE=getMsg HTTP/1.1" 200 27
172.20.0.100 - - [05/Feb/2024:09:59:04 +0800] "GET /xingrg/all/function/internal_message.html?_=1707098345884&CODE_STATE=getMsg HTTP/1.1" 302 -
172.20.0.100 - - [05/Feb/2024:09:59:04 +0800] "GET /xingrg/check_reg.html?_=1707098345885 HTTP/1.1" 302 -
