180.164.1.25 - - [05/Feb/2024:09:44:29 +0800] "GET /xingrg/javascript/auto/indicator.gif HTTP/1.1" 404 1066
180.164.1.25 - - [05/Feb/2024:09:44:30 +0800] "GET /xingrg/javascript/jquery_tools/images/next.gif HTTP/1.1" 404 1086
180.164.1.25 - - [05/Feb/2024:09:44:30 +0800] "GET /xingrg/javascript/jquery_tools/images/prev.gif HTTP/1.1" 404 1086
116.238.97.31 - - [05/Feb/2024:09:44:33 +0800] "GET /xingrg/kc/buy/cgsh_order_operate.html?command=get_materiel&rest_code=00102&code=00101008027&supplier_code=00100008&order_time=2024-02-05 HTTP/1.1" 200 408
120.253.135.82 - - [05/Feb/2024:09:44:34 +0800] "GET /xingrg/check_reg.html?_=1707097302490 HTTP/1.1" 200 22
116.230.123.222 - - [05/Feb/2024:09:44:34 +0800] "GET /xingrg/kc/buy/cgsh_order_operate.html?command=get_materiel&rest_code=00111&code=00101008131&supplier_code=00100005&order_time=2024-02-05 HTTP/1.1" 200 408
116.237.74.150 - - [05/Feb/2024:09:44:35 +0800] "GET /xingrg/kc/buy/cgsh_order_operate.html?command=get_materiel&rest_code=00106&code=00101008275&supplier_code=00100007&order_time=2024-02-05 HTTP/1.1" 200 416
180.164.1.25 - - [05/Feb/2024:09:44:36 +0800] "GET /xingrg/all/function/internal_message.html?_=1707097475509&CODE_STATE=getMsg HTTP/1.1" 200 27
101.83.145.37 - - [05/Feb/2024:09:44:36 +0800] "GET /xingrg/check_reg.html?_=1707097241778 HTTP/1.1" 200 22
101.83.145.37 - - [05/Feb/2024:09:44:36 +0800] "GET /xingrg/all/function/internal_message.html?_=1707097241781&CODE_STATE=getMsg HTTP/1.1" 200 27
124.78.68.102 - - [05/Feb/2024:09:44:39 +0800] "GET /xingrg/kc/buy/cgsh_order_operate.html?command=get_materiel&rest_code=00141&code=00101008024&supplier_code=00100007&order_time=2024-02-05 HTTP/1.1" 200 408
222.69.131.188 - - [05/Feb/2024:09:44:40 +0800] "GET /xingrg/all/function/internal_message.html?_=1707097482455&CODE_STATE=getMsg HTTP/1.1" 200 27
124.78.68.102 - - [05/Feb/2024:09:44:41 +0800] "GET /xingrg/all/function/internal_message.html?_=1707097481408&CODE_STATE=getMsg HTTP/1.1" 200 27
116.238.120.94 - - [05/Feb/2024:09:44:42 +0800] "GET /xingrg/all/function/internal_message.html?_=1707097482616&CODE_STATE=getMsg HTTP/1.1" 200 27
124.79.241.29 - - [05/Feb/2024:09:44:44 +0800] "GET /xingrg/all/function/internal_message.html?_=1707097483197&CODE_STATE=getMsg HTTP/1.1" 200 27
116.238.97.31 - - [05/Feb/2024:09:44:46 +0800] "GET /xingrg/all/function/internal_message.html?_=1707097484990&CODE_STATE=getMsg HTTP/1.1" 200 27
221.239.172.206 - - [05/Feb/2024:09:44:46 +0800] "GET /xingrg/all/function/internal_message.html?_=1707097485927&CODE_STATE=getMsg HTTP/1.1" 200 27
116.230.123.222 - - [05/Feb/2024:09:44:47 +0800] "GET /xingrg/all/function/internal_message.html?_=1707097487255&CODE_STATE=getMsg HTTP/1.1" 200 27
116.230.123.222 - - [05/Feb/2024:09:44:47 +0800] "GET /xingrg/check_reg.html?_=1707097487257 HTTP/1.1" 200 22
116.237.74.150 - - [05/Feb/2024:09:44:48 +0800] "POST /xingrg/kc/buy/cgsh_order_operate.html HTTP/1.1" 200 37
116.238.97.31 - - [05/Feb/2024:09:44:48 +0800] "GET /xingrg/kc/buy/cgsh_order_operate.html?command=get_materiel&rest_code=00102&code=00101008037&supplier_code=00100008&order_time=2024-02-05 HTTP/1.1" 200 415
116.230.123.222 - - [05/Feb/2024:09:44:48 +0800] "GET /xingrg/kc/buy/cgsh_order_operate.html?command=get_materiel&rest_code=00111&code=00101008016&supplier_code=00100005&order_time=2024-02-05 HTTP/1.1" 200 416
124.78.68.102 - - [05/Feb/2024:09:44:51 +0800] "GET /xingrg/kc/buy/cgsh_order_operate.html?command=get_materiel&rest_code=00141&code=00101008372&supplier_code=00100007&order_time=2024-02-05 HTTP/1.1" 200 408
116.238.120.94 - - [05/Feb/2024:09:44:53 +0800] "GET /xingrg/all/function/internal_message.html?_=1707097493129&CODE_STATE=getMsg HTTP/1.1" 200 27
120.253.135.82 - - [05/Feb/2024:09:44:55 +0800] "GET /xingrg/all/function/internal_message.html?_=1707097659677&CODE_STATE=getMsg HTTP/1.1" 200 27
180.164.1.25 - - [05/Feb/2024:09:44:58 +0800] "GET /xingrg/kc/buy/cgsh_order_operate.html?command=get_materiel&rest_code=00108&code=00101008743&supplier_code=00100007&order_time=2024-02-05 HTTP/1.1" 200 413
124.78.68.102 - - [05/Feb/2024:09:44:58 +0800] "POST /xingrg/kc/buy/cgsh_order_operate.html HTTP/1.1" 200 2065
120.253.135.82 - - [05/Feb/2024:09:45:02 +0800] "GET /xingrg/all/function/internal_message.html?_=1707097330583&CODE_STATE=getMsg HTTP/1.1" 200 27
180.163.28.114 - - [05/Feb/2024:09:45:03 +0800] "GET /xingrg/kc/buy/cgsh_order_operate.html?command=get_materiel&rest_code=00106&code=00101008291&supplier_code=00100007&order_time=2024-02-05 HTTP/1.1" 302 -
180.163.28.114 - - [05/Feb/2024:09:45:03 +0800] "GET /xingrg/login.html HTTP/1.1" 200 7641
172.20.0.100 - - [05/Feb/2024:09:45:04 +0800] "GET /xingrg/all/function/internal_message.html?_=1707097505886&CODE_STATE=getMsg HTTP/1.1" 302 -
222.70.172.31 - - [05/Feb/2024:09:45:07 +0800] "GET /xingrg/all/function/internal_message.html?_=1707097509104&CODE_STATE=getMsg HTTP/1.1" 200 27
58.40.7.146 - - [05/Feb/2024:09:45:08 +0800] "GET /xingrg/all/function/internal_message.html?_=1707097508208&CODE_STATE=getMsg HTTP/1.1" 200 27
116.238.97.31 - - [05/Feb/2024:09:45:12 +0800] "GET /xingrg/kc/buy/cgsh_order_operate.html?command=get_materiel&rest_code=00102&code=00101008080&supplier_code=00100008&order_time=2024-02-05 HTTP/1.1" 200 416
116.230.123.222 - - [05/Feb/2024:09:45:13 +0800] "GET /xingrg/kc/buy/cgsh_order_operate.html?command=get_materiel&rest_code=00111&code=00101008245&supplier_code=00100005&order_time=2024-02-05 HTTP/1.1" 200 410
180.164.1.25 - - [05/Feb/2024:09:45:19 +0800] "GET /xingrg/kc/buy/cgsh_order_operate.html?command=get_materiel&rest_code=00108&code=00101015183&supplier_code=00100007&order_time=2024-02-05 HTTP/1.1" 200 421
180.169.147.146 - - [05/Feb/2024:09:45:22 +0800] "GET /xingrg/all/function/internal_message.html?_=1707097522759&CODE_STATE=getMsg HTTP/1.1" 200 27
180.164.1.25 - - [05/Feb/2024:09:45:28 +0800] "GET /xingrg/kc/buy/cgsh_order_operate.html?command=get_materiel&rest_code=00108&code=00101008357&supplier_code=00100007&order_time=2024-02-05 HTTP/1.1" 200 408
101.83.145.37 - - [05/Feb/2024:09:45:29 +0800] "GET /xingrg/all/function/internal_message.html?_=1707097531160&CODE_STATE=getMsg HTTP/1.1" 200 27
116.238.97.31 - - [05/Feb/2024:09:45:30 +0800] "GET /xingrg/kc/buy/cgsh_order_operate.html?command=get_materiel&rest_code=00102&code=00101008350&supplier_code=00100008&order_time=2024-02-05 HTTP/1.1" 200 408
116.230.123.222 - - [05/Feb/2024:09:45:31 +0800] "GET /xingrg/kc/buy/cgsh_order_operate.html?command=get_materiel&rest_code=00111&code=00101008298&supplier_code=00100005&order_time=2024-02-05 HTTP/1.1" 200 412
116.230.123.222 - - [05/Feb/2024:09:45:33 +0800] "POST /xingrg/kc/buy/cgsh_order_operate.html HTTP/1.1" 200 2065
124.78.68.102 - - [05/Feb/2024:09:45:34 +0800] "GET /xingrg/kc/buy/cgsh_order_operate.html?command=get_materiel&rest_code=00141&code=00101008312&supplier_code=00100007&order_time=2024-02-05 HTTP/1.1" 200 412
180.164.1.25 - - [05/Feb/2024:09:45:36 +0800] "GET /xingrg/all/function/internal_message.html?_=1707097535498&CODE_STATE=getMsg HTTP/1.1" 200 27
101.83.145.37 - - [05/Feb/2024:09:45:36 +0800] "GET /xingrg/all/function/internal_message.html?_=1707097301781&CODE_STATE=getMsg HTTP/1.1" 200 27
114.83.219.181 - - [05/Feb/2024:09:45:36 +0800] "GET /xingrg/all/function/internal_message.html?_=1707097536092&CODE_STATE=getMsg HTTP/1.1" 200 27
180.164.1.25 - - [05/Feb/2024:09:45:36 +0800] "GET /xingrg/kc/buy/cgsh_order_operate.html?command=get_materiel&rest_code=00108&code=00101008264&supplier_code=00100007&order_time=2024-02-05 HTTP/1.1" 200 412
114.83.219.181 - - [05/Feb/2024:09:45:37 +0800] "POST /xingrg/kc/buy/cgsh_order_operate.html HTTP/1.1" 200 10353
222.69.131.188 - - [05/Feb/2024:09:45:40 +0800] "GET /xingrg/all/function/internal_message.html?_=1707097542458&CODE_STATE=getMsg HTTP/1.1" 200 27
116.230.123.222 - - [05/Feb/2024:09:45:40 +0800] "GET /xingrg/kc/buy/cgsh_order_operate.html?command=get_materiel&rest_code=00111&code=00101008314&supplier_code=00100005&order_time=2024-02-05 HTTP/1.1" 200 413
124.78.68.102 - - [05/Feb/2024:09:45:41 +0800] "GET /xingrg/all/function/internal_message.html?_=1707097541390&CODE_STATE=getMsg HTTP/1.1" 200 27
116.238.120.94 - - [05/Feb/2024:09:45:42 +0800] "GET /xingrg/all/function/internal_message.html?_=1707097542615&CODE_STATE=getMsg HTTP/1.1" 200 27
124.79.241.29 - - [05/Feb/2024:09:45:44 +0800] "GET /xingrg/all/function/internal_message.html?_=1707097543197&CODE_STATE=getMsg HTTP/1.1" 200 27
116.238.97.31 - - [05/Feb/2024:09:45:46 +0800] "GET /xingrg/all/function/internal_message.html?_=1707097544988&CODE_STATE=getMsg HTTP/1.1" 200 27
221.239.172.206 - - [05/Feb/2024:09:45:46 +0800] "GET /xingrg/all/function/internal_message.html?_=1707097545917&CODE_STATE=getMsg HTTP/1.1" 200 27
180.164.1.25 - - [05/Feb/2024:09:45:47 +0800] "GET /xingrg/kc/buy/cgsh_order_operate.html?command=get_materiel&rest_code=00108&code=00101008274&supplier_code=00100007&order_time=2024-02-05 HTTP/1.1" 200 412
116.230.123.222 - - [05/Feb/2024:09:45:47 +0800] "GET /xingrg/all/function/internal_message.html?_=1707097547259&CODE_STATE=getMsg HTTP/1.1" 200 27
116.238.97.31 - - [05/Feb/2024:09:45:50 +0800] "GET /xingrg/kc/buy/cgsh_order_operate.html?command=get_materiel&rest_code=00102&code=00101008010&supplier_code=00100008&order_time=2024-02-05 HTTP/1.1" 200 412
116.238.120.94 - - [05/Feb/2024:09:45:53 +0800] "GET /xingrg/all/function/internal_message.html?_=1707097553108&CODE_STATE=getMsg HTTP/1.1" 200 27
120.253.135.82 - - [05/Feb/2024:09:45:55 +0800] "GET /xingrg/all/function/internal_message.html?_=1707097719682&CODE_STATE=getMsg HTTP/1.1" 200 27
101.83.145.37 - - [05/Feb/2024:09:45:56 +0800] "POST /xingrg/kc/buy/cgsh_order_operate.html HTTP/1.1" 200 37
124.78.68.102 - - [05/Feb/2024:09:45:58 +0800] "GET /xingrg/check_reg.html?_=1707097558790 HTTP/1.1" 200 22
114.83.219.181 - - [05/Feb/2024:09:45:58 +0800] "POST /xingrg/services/DataTransmitService HTTP/1.1" 200 524
101.83.145.37 - - [05/Feb/2024:09:46:01 +0800] "POST /xingrg/kc/buy/cgsh_order_operate.html HTTP/1.1" 200 2656
101.83.145.37 - - [05/Feb/2024:09:46:02 +0800] "GET /xingrg/kc/print/load_config.html?kc_code=cgsh HTTP/1.1" 200 1927
120.253.135.82 - - [05/Feb/2024:09:46:02 +0800] "GET /xingrg/all/function/internal_message.html?_=1707097390597&CODE_STATE=getMsg HTTP/1.1" 200 27
101.83.145.37 - - [05/Feb/2024:09:46:02 +0800] "GET /xingrg/kc/print/load_data.html?order_code=212024020502176&kc_code=cgsh&condition= HTTP/1.1" 200 655
116.238.97.31 - - [05/Feb/2024:09:46:03 +0800] "GET /xingrg/kc/buy/cgsh_order_operate.html?command=get_materiel&rest_code=00102&code=00101008351&supplier_code=00100008&order_time=2024-02-05 HTTP/1.1" 200 408
172.20.0.100 - - [05/Feb/2024:09:46:04 +0800] "GET /xingrg/all/function/internal_message.html?_=1707097565884&CODE_STATE=getMsg HTTP/1.1" 302 -
180.164.1.25 - - [05/Feb/2024:09:46:05 +0800] "GET /xingrg/kc/buy/cgsh_order_operate.html?command=get_materiel&rest_code=00108&code=00101008655&supplier_code=00100007&order_time=2024-02-05 HTTP/1.1" 200 409
222.70.172.31 - - [05/Feb/2024:09:46:07 +0800] "GET /xingrg/all/function/internal_message.html?_=1707097569450&CODE_STATE=getMsg HTTP/1.1" 200 27
58.40.7.146 - - [05/Feb/2024:09:46:08 +0800] "GET /xingrg/all/function/internal_message.html?_=1707097568213&CODE_STATE=getMsg HTTP/1.1" 200 27
116.238.97.31 - - [05/Feb/2024:09:46:12 +0800] "GET /xingrg/kc/buy/cgsh_order_operate.html?command=get_materiel&rest_code=00102&code=00101008186&supplier_code=00100008&order_time=2024-02-05 HTTP/1.1" 200 408
222.69.131.188 - - [05/Feb/2024:09:46:17 +0800] "POST /xingrg/kc/buy/cgsh_order_operate.html HTTP/1.1" 200 2065
116.230.123.222 - - [05/Feb/2024:09:46:22 +0800] "POST /xingrg/kc/buy/cgsh_order_operate.html HTTP/1.1" 200 37
180.164.1.25 - - [05/Feb/2024:09:46:22 +0800] "GET /xingrg/kc/buy/cgsh_order_operate.html?command=get_materiel&rest_code=00108&code=00101008077&supplier_code=00100007&order_time=2024-02-05 HTTP/1.1" 200 416
180.169.147.146 - - [05/Feb/2024:09:46:22 +0800] "GET /xingrg/all/function/internal_message.html?_=1707097582735&CODE_STATE=getMsg HTTP/1.1" 200 27
116.238.97.31 - - [05/Feb/2024:09:46:24 +0800] "GET /xingrg/kc/buy/cgsh_order_operate.html?command=get_materiel&rest_code=00102&code=00101008312&supplier_code=00100008&order_time=2024-02-05 HTTP/1.1" 200 412
116.237.74.150 - - [05/Feb/2024:09:46:26 +0800] "POST /xingrg/kc/buy/cgsh_order_operate.html HTTP/1.1" 200 9745
101.83.145.37 - - [05/Feb/2024:09:46:29 +0800] "GET /xingrg/all/function/internal_message.html?_=1707097591148&CODE_STATE=getMsg HTTP/1.1" 200 27
180.164.1.25 - - [05/Feb/2024:09:46:31 +0800] "GET /xingrg/kc/buy/cgsh_order_operate.html?command=get_materiel&rest_code=00108&code=00101008037&supplier_code=00100007&order_time=2024-02-05 HTTP/1.1" 200 415
116.230.123.222 - - [05/Feb/2024:09:46:35 +0800] "POST /xingrg/kc/buy/cgsh_order_operate.html HTTP/1.1" 200 12
180.164.1.25 - - [05/Feb/2024:09:46:36 +0800] "GET /xingrg/all/function/internal_message.html?_=1707097595496&CODE_STATE=getMsg HTTP/1.1" 200 27
180.164.1.25 - - [05/Feb/2024:09:46:36 +0800] "GET /xingrg/check_reg.html?_=1707097595499 HTTP/1.1" 200 22
101.83.145.37 - - [05/Feb/2024:09:46:36 +0800] "GET /xingrg/all/function/internal_message.html?_=1707097361781&CODE_STATE=getMsg HTTP/1.1" 200 27
114.83.219.181 - - [05/Feb/2024:09:46:36 +0800] "GET /xingrg/all/function/internal_message.html?_=1707097596071&CODE_STATE=getMsg HTTP/1.1" 200 27
222.69.131.188 - - [05/Feb/2024:09:46:40 +0800] "GET /xingrg/check_reg.html?_=1707097602471 HTTP/1.1" 200 22
222.69.131.188 - - [05/Feb/2024:09:46:40 +0800] "GET /xingrg/all/function/internal_message.html?_=1707097602474&CODE_STATE=getMsg HTTP/1.1" 200 27
124.78.68.102 - - [05/Feb/2024:09:46:41 +0800] "GET /xingrg/all/function/internal_message.html?_=1707097601401&CODE_STATE=getMsg HTTP/1.1" 200 27
116.238.120.94 - - [05/Feb/2024:09:46:42 +0800] "GET /xingrg/check_reg.html?_=1707097602616 HTTP/1.1" 200 22
116.238.120.94 - - [05/Feb/2024:09:46:42 +0800] "GET /xingrg/all/function/internal_message.html?_=1707097602619&CODE_STATE=getMsg HTTP/1.1" 200 27
124.79.241.29 - - [05/Feb/2024:09:46:44 +0800] "GET /xingrg/all/function/internal_message.html?_=1707097603187&CODE_STATE=getMsg HTTP/1.1" 200 27
116.238.97.31 - - [05/Feb/2024:09:46:46 +0800] "GET /xingrg/all/function/internal_message.html?_=1707097604989&CODE_STATE=getMsg HTTP/1.1" 200 27
116.238.97.31 - - [05/Feb/2024:09:46:46 +0800] "GET /xingrg/check_reg.html?_=1707097604993 HTTP/1.1" 200 22
221.239.172.206 - - [05/Feb/2024:09:46:46 +0800] "GET /xingrg/all/function/internal_message.html?_=1707097605916&CODE_STATE=getMsg HTTP/1.1" 200 27
221.239.172.206 - - [05/Feb/2024:09:46:46 +0800] "GET /xingrg/check_reg.html?_=1707097605919 HTTP/1.1" 200 22
124.78.68.102 - - [05/Feb/2024:09:46:47 +0800] "POST /xingrg/kc/buy/cgsh_order_operate.html HTTP/1.1" 200 37
124.78.68.102 - - [05/Feb/2024:09:46:50 +0800] "POST /xingrg/kc/buy/cgsh_order_operate.html HTTP/1.1" 200 35758
116.238.120.94 - - [05/Feb/2024:09:46:53 +0800] "GET /xingrg/all/function/internal_message.html?_=1707097613088&CODE_STATE=getMsg HTTP/1.1" 200 27
120.253.135.82 - - [05/Feb/2024:09:46:55 +0800] "GET /xingrg/all/function/internal_message.html?_=1707097779685&CODE_STATE=getMsg HTTP/1.1" 200 27
116.237.74.150 - - [05/Feb/2024:09:46:56 +0800] "GET /xingrg/all/function/internal_message.html?_=1707097616830&CODE_STATE=getMsg HTTP/1.1" 200 27
114.83.219.181 - - [05/Feb/2024:09:46:59 +0800] "GET /xingrg/check_reg.html?_=1707097618700 HTTP/1.1" 200 22
124.78.68.102 - - [05/Feb/2024:09:47:02 +0800] "POST /xingrg/kc/buy/cgsh_list_operate.html HTTP/1.1" 200 1870
120.253.135.82 - - [05/Feb/2024:09:47:02 +0800] "GET /xingrg/all/function/internal_message.html?_=1707097450788&CODE_STATE=getMsg HTTP/1.1" 200 27
172.20.0.100 - - [05/Feb/2024:09:47:04 +0800] "GET /xingrg/all/function/internal_message.html?_=1707097625899&CODE_STATE=getMsg HTTP/1.1" 302 -
124.78.68.102 - - [05/Feb/2024:09:47:04 +0800] "GET /xingrg/javascript/easyui/themes/default/validatebox.css HTTP/1.1" 404 1104
124.78.68.102 - - [05/Feb/2024:09:47:04 +0800] "POST /xingrg/kc/buy/cgsh_order_operate.html HTTP/1.1" 200 8245
222.70.172.31 - - [05/Feb/2024:09:47:07 +0800] "GET /xingrg/all/function/internal_message.html?_=1707097629458&CODE_STATE=getMsg HTTP/1.1" 200 27
58.40.7.146 - - [05/Feb/2024:09:47:08 +0800] "GET /xingrg/all/function/internal_message.html?_=1707097628202&CODE_STATE=getMsg HTTP/1.1" 200 27
116.238.97.31 - - [05/Feb/2024:09:47:16 +0800] "GET /xingrg/kc/buy/cgsh_order_operate.html?command=get_materiel&rest_code=00102&code=00101008051&supplier_code=00100008&order_time=2024-02-05 HTTP/1.1" 200 409
124.78.68.102 - - [05/Feb/2024:09:47:18 +0800] "GET /xingrg/kc/buy/cgsh_order_operate.html?command=get_materiel&rest_code=00141&code=00101006129&supplier_code=00100012&order_time=2024-02-05 HTTP/1.1" 200 439
180.169.147.146 - - [05/Feb/2024:09:47:22 +0800] "GET /xingrg/check_reg.html?_=1707097642559 HTTP/1.1" 200 22
180.169.147.146 - - [05/Feb/2024:09:47:22 +0800] "GET /xingrg/all/function/internal_message.html?_=1707097642729&CODE_STATE=getMsg HTTP/1.1" 200 27
101.83.145.37 - - [05/Feb/2024:09:47:29 +0800] "GET /xingrg/all/function/internal_message.html?_=1707097651147&CODE_STATE=getMsg HTTP/1.1" 200 27
124.78.68.102 - - [05/Feb/2024:09:47:29 +0800] "GET /xingrg/kc/buy/cgsh_order_operate.html?command=get_materiel&rest_code=00141&code=00101006006&supplier_code=00100012&order_time=2024-02-05 HTTP/1.1" 200 408
116.238.97.31 - - [05/Feb/2024:09:47:31 +0800] "GET /xingrg/kc/buy/cgsh_order_operate.html?command=get_materiel&rest_code=00102&code=00101008042&supplier_code=00100008&order_time=2024-02-05 HTTP/1.1" 200 416
180.164.1.25 - - [05/Feb/2024:09:47:36 +0800] "GET /xingrg/all/function/internal_message.html?_=1707097655510&CODE_STATE=getMsg HTTP/1.1" 200 27
101.83.145.37 - - [05/Feb/2024:09:47:36 +0800] "GET /xingrg/all/function/internal_message.html?_=1707097421781&CODE_STATE=getMsg HTTP/1.1" 200 27
114.83.219.181 - - [05/Feb/2024:09:47:36 +0800] "GET /xingrg/all/function/internal_message.html?_=1707097656053&CODE_STATE=getMsg HTTP/1.1" 200 27
124.78.68.102 - - [05/Feb/2024:09:47:40 +0800] "GET /xingrg/kc/buy/cgsh_order_operate.html?command=get_materiel&rest_code=00141&code=00101006177&supplier_code=00100012&order_time=2024-02-05 HTTP/1.1" 200 408
222.69.131.188 - - [05/Feb/2024:09:47:40 +0800] "GET /xingrg/all/function/internal_message.html?_=1707097662469&CODE_STATE=getMsg HTTP/1.1" 200 27
124.78.68.102 - - [05/Feb/2024:09:47:41 +0800] "GET /xingrg/all/function/internal_message.html?_=1707097661355&CODE_STATE=getMsg HTTP/1.1" 200 27
116.238.120.94 - - [05/Feb/2024:09:47:42 +0800] "GET /xingrg/all/function/internal_message.html?_=1707097662613&CODE_STATE=getMsg HTTP/1.1" 200 27
124.79.241.29 - - [05/Feb/2024:09:47:44 +0800] "GET /xingrg/all/function/internal_message.html?_=1707097663192&CODE_STATE=getMsg HTTP/1.1" 200 27
116.238.97.31 - - [05/Feb/2024:09:47:46 +0800] "GET /xingrg/all/function/internal_message.html?_=1707097664999&CODE_STATE=getMsg HTTP/1.1" 200 27
221.239.172.206 - - [05/Feb/2024:09:47:46 +0800] "GET /xingrg/all/function/internal_message.html?_=1707097665921&CODE_STATE=getMsg HTTP/1.1" 200 27
124.78.68.102 - - [05/Feb/2024:09:47:49 +0800] "GET /xingrg/kc/buy/cgsh_order_operate.html?command=get_materiel&rest_code=00141&code=00101006039&supplier_code=00100012&order_time=2024-02-05 HTTP/1.1" 200 413
116.238.120.94 - - [05/Feb/2024:09:47:53 +0800] "GET /xingrg/all/function/internal_message.html?_=1707097673066&CODE_STATE=getMsg HTTP/1.1" 200 27
116.238.120.94 - - [05/Feb/2024:09:47:53 +0800] "GET /xingrg/check_reg.html?_=1707097673191 HTTP/1.1" 200 22
120.253.135.82 - - [05/Feb/2024:09:47:55 +0800] "GET /xingrg/all/function/internal_message.html?_=1707097839691&CODE_STATE=getMsg HTTP/1.1" 200 27
120.253.135.82 - - [05/Feb/2024:09:47:55 +0800] "GET /xingrg/check_reg.html?_=1707097839694 HTTP/1.1" 200 22
116.237.74.150 - - [05/Feb/2024:09:47:56 +0800] "GET /xingrg/all/function/internal_message.html?_=1707097676810&CODE_STATE=getMsg HTTP/1.1" 200 27
116.238.97.31 - - [05/Feb/2024:09:47:59 +0800] "GET /xingrg/kc/buy/cgsh_order_operate.html?command=get_materiel&rest_code=00102&code=00101008355&supplier_code=00100008&order_time=2024-02-05 HTTP/1.1" 200 408
120.253.135.82 - - [05/Feb/2024:09:48:02 +0800] "GET /xingrg/all/function/internal_message.html?_=1707097510796&CODE_STATE=getMsg HTTP/1.1" 200 27
124.78.68.102 - - [05/Feb/2024:09:48:03 +0800] "GET /xingrg/kc/buy/cgsh_order_operate.html?command=get_materiel&rest_code=00141&code=00101006065&supplier_code=00100012&order_time=2024-02-05 HTTP/1.1" 200 409
172.20.0.100 - - [05/Feb/2024:09:48:04 +0800] "GET /xingrg/all/function/internal_message.html?_=1707097685897&CODE_STATE=getMsg HTTP/1.1" 302 -
58.40.7.146 - - [05/Feb/2024:09:48:08 +0800] "GET /xingrg/all/function/internal_message.html?_=1707097688206&CODE_STATE=getMsg HTTP/1.1" 200 27
58.40.7.146 - - [05/Feb/2024:09:48:08 +0800] "GET /xingrg/check_reg.html?_=1707097688209 HTTP/1.1" 200 22
222.70.172.31 - - [05/Feb/2024:09:48:08 +0800] "GET /xingrg/all/function/internal_message.html?_=1707097689830&CODE_STATE=getMsg HTTP/1.1" 200 27
124.78.68.102 - - [05/Feb/2024:09:48:14 +0800] "GET /xingrg/kc/buy/cgsh_order_operate.html?command=get_materiel&rest_code=00141&code=00101006111&supplier_code=00100012&order_time=2024-02-05 HTTP/1.1" 200 409
116.238.97.31 - - [05/Feb/2024:09:48:17 +0800] "GET /xingrg/kc/buy/cgsh_order_operate.html?command=get_materiel&rest_code=00102&code=00101008356&supplier_code=00100008&order_time=2024-02-05 HTTP/1.1" 200 408
116.238.97.31 - - [05/Feb/2024:09:48:20 +0800] "POST /xingrg/kc/buy/cgsh_order_operate.html HTTP/1.1" 200 2065
180.169.147.146 - - [05/Feb/2024:09:48:22 +0800] "GET /xingrg/all/function/internal_message.html?_=1707097702716&CODE_STATE=getMsg HTTP/1.1" 200 27
124.78.68.102 - - [05/Feb/2024:09:48:23 +0800] "GET /xingrg/kc/buy/cgsh_order_operate.html?command=get_materiel&rest_code=00141&code=00101006109&supplier_code=00100012&order_time=2024-02-05 HTTP/1.1" 200 409
180.164.1.25 - - [05/Feb/2024:09:48:26 +0800] "GET /xingrg/kc/buy/cgsh_order_operate.html?command=get_materiel&rest_code=00108&code=00101008286&supplier_code=00100007&order_time=2024-02-05 HTTP/1.1" 200 408
116.230.123.222 - - [05/Feb/2024:09:48:26 +0800] "GET /xingrg/all/function/internal_message.html?_=1707097705879&CODE_STATE=getMsg HTTP/1.1" 200 27
116.230.123.222 - - [05/Feb/2024:09:48:27 +0800] "GET /xingrg/kc/buy/cgsh_order_info.html?code=212024020502172 HTTP/1.1" 200 68332
116.238.97.31 - - [05/Feb/2024:09:48:28 +0800] "GET /xingrg/kc/buy/cgsh_order_operate.html?command=get_materiel&rest_code=00102&code=00101008251&supplier_code=00100008&order_time=2024-02-05 HTTP/1.1" 200 408
116.230.123.222 - - [05/Feb/2024:09:48:28 +0800] "GET /xingrg/javascript/easyui/themes/default/validatebox.css HTTP/1.1" 404 1104
116.230.123.222 - - [05/Feb/2024:09:48:29 +0800] "POST /xingrg/kc/buy/cgsh_order_operate.html HTTP/1.1" 200 33713
101.83.145.37 - - [05/Feb/2024:09:48:29 +0800] "GET /xingrg/check_reg.html?_=1707097711143 HTTP/1.1" 200 22
101.83.145.37 - - [05/Feb/2024:09:48:29 +0800] "GET /xingrg/all/function/internal_message.html?_=1707097711146&CODE_STATE=getMsg HTTP/1.1" 200 27
101.83.145.37 - - [05/Feb/2024:09:48:29 +0800] "GET /xingrg/kc/buy/cgsh_order_add.html HTTP/1.1" 200 73549
101.83.145.37 - - [05/Feb/2024:09:48:30 +0800] "GET /xingrg/javascript/easyui/themes/default/validatebox.css HTTP/1.1" 404 1104
101.83.145.37 - - [05/Feb/2024:09:48:30 +0800] "POST /xingrg/kc/buy/cgsh_order_operate.html HTTP/1.1" 200 8245
116.230.123.222 - - [05/Feb/2024:09:48:31 +0800] "GET /xingrg/kc/print/load_config.html?kc_code=cgsh HTTP/1.1" 200 1927
116.230.123.222 - - [05/Feb/2024:09:48:31 +0800] "GET /xingrg/kc/print/load_data.html?order_code=212024020502172&kc_code=cgsh&condition= HTTP/1.1" 200 13246
124.78.68.102 - - [05/Feb/2024:09:48:32 +0800] "GET /xingrg/kc/buy/cgsh_order_operate.html?command=get_materiel&rest_code=00141&code=00101006084&supplier_code=00100012&order_time=2024-02-05 HTTP/1.1" 200 413
180.164.1.25 - - [05/Feb/2024:09:48:36 +0800] "GET /xingrg/all/function/internal_message.html?_=1707097715492&CODE_STATE=getMsg HTTP/1.1" 200 27
101.83.145.37 - - [05/Feb/2024:09:48:36 +0800] "GET /xingrg/all/function/internal_message.html?_=1707097481781&CODE_STATE=getMsg HTTP/1.1" 200 27
114.83.219.181 - - [05/Feb/2024:09:48:36 +0800] "GET /xingrg/all/function/internal_message.html?_=1707097716038&CODE_STATE=getMsg HTTP/1.1" 200 27
222.70.172.31 - - [05/Feb/2024:09:48:37 +0800] "GET /xingrg/check_reg.html?_=1707097718647 HTTP/1.1" 200 22
116.238.97.31 - - [05/Feb/2024:09:48:37 +0800] "GET /xingrg/kc/buy/cgsh_order_operate.html?command=get_materiel&rest_code=00102&code=00101008137&supplier_code=00100008&order_time=2024-02-05 HTTP/1.1" 200 408
101.83.145.37 - - [05/Feb/2024:09:48:40 +0800] "GET /xingrg/kc/buy/cgsh_order_operate.html?command=get_materiel&rest_code=00105&code=00101019533&supplier_code=00100466&order_time=2024-02-05 HTTP/1.1" 200 415
222.69.131.188 - - [05/Feb/2024:09:48:40 +0800] "GET /xingrg/all/function/internal_message.html?_=1707097722446&CODE_STATE=getMsg HTTP/1.1" 200 27
180.164.1.25 - - [05/Feb/2024:09:48:41 +0800] "GET /xingrg/kc/buy/cgsh_order_operate.html?command=get_materiel&rest_code=00108&code=00101008283&supplier_code=00100007&order_time=2024-02-05 HTTP/1.1" 200 408
124.78.68.102 - - [05/Feb/2024:09:48:41 +0800] "GET /xingrg/all/function/internal_message.html?_=1707097721341&CODE_STATE=getMsg HTTP/1.1" 200 27
116.238.120.94 - - [05/Feb/2024:09:48:42 +0800] "GET /xingrg/all/function/internal_message.html?_=1707097722602&CODE_STATE=getMsg HTTP/1.1" 200 27
124.78.68.102 - - [05/Feb/2024:09:48:42 +0800] "GET /xingrg/kc/buy/cgsh_order_operate.html?command=get_materiel&rest_code=00141&code=00101006027&supplier_code=00100012&order_time=2024-02-05 HTTP/1.1" 200 408
124.79.241.29 - - [05/Feb/2024:09:48:44 +0800] "GET /xingrg/check_reg.html?_=1707097723187 HTTP/1.1" 200 22
124.79.241.29 - - [05/Feb/2024:09:48:44 +0800] "GET /xingrg/all/function/internal_message.html?_=1707097723196&CODE_STATE=getMsg HTTP/1.1" 200 27
116.238.97.31 - - [05/Feb/2024:09:48:46 +0800] "GET /xingrg/all/function/internal_message.html?_=1707097724994&CODE_STATE=getMsg HTTP/1.1" 200 27
221.239.172.206 - - [05/Feb/2024:09:48:46 +0800] "GET /xingrg/all/function/internal_message.html?_=1707097725920&CODE_STATE=getMsg HTTP/1.1" 200 27
116.238.97.31 - - [05/Feb/2024:09:48:47 +0800] "GET /xingrg/kc/buy/cgsh_order_operate.html?command=get_materiel&rest_code=00102&code=00101008077&supplier_code=00100008&order_time=2024-02-05 HTTP/1.1" 200 416
180.164.1.25 - - [05/Feb/2024:09:48:50 +0800] "GET /xingrg/kc/buy/cgsh_order_operate.html?command=get_materiel&rest_code=00108&code=00101008010&supplier_code=00100007&order_time=2024-02-05 HTTP/1.1" 200 412
116.237.74.150 - - [05/Feb/2024:09:48:52 +0800] "GET /xingrg/kc/buy/cgsh_order_operate.html?command=get_materiel&rest_code=00106&code=00101011004&supplier_code=00100007&order_time=2024-02-05 HTTP/1.1" 200 412
116.238.120.94 - - [05/Feb/2024:09:48:53 +0800] "GET /xingrg/all/function/internal_message.html?_=1707097733054&CODE_STATE=getMsg HTTP/1.1" 200 27
120.253.135.82 - - [05/Feb/2024:09:48:55 +0800] "GET /xingrg/all/function/internal_message.html?_=1707097899696&CODE_STATE=getMsg HTTP/1.1" 200 27
116.238.97.31 - - [05/Feb/2024:09:48:56 +0800] "GET /xingrg/kc/buy/cgsh_order_operate.html?command=get_materiel&rest_code=00102&code=00101008336&supplier_code=00100008&order_time=2024-02-05 HTTP/1.1" 200 413
116.237.74.150 - - [05/Feb/2024:09:48:56 +0800] "GET /xingrg/all/function/internal_message.html?_=1707097736783&CODE_STATE=getMsg HTTP/1.1" 200 27
180.164.1.25 - - [05/Feb/2024:09:49:00 +0800] "GET /xingrg/kc/buy/cgsh_order_operate.html?command=get_materiel&rest_code=00108&code=00101008125&supplier_code=00100007&order_time=2024-02-05 HTTP/1.1" 200 413
116.237.74.150 - - [05/Feb/2024:09:49:01 +0800] "GET /xingrg/kc/buy/cgsh_order_operate.html?command=get_materiel&rest_code=00106&code=00101008411&supplier_code=00100007&order_time=2024-02-05 HTTP/1.1" 200 413
120.253.135.82 - - [05/Feb/2024:09:49:03 +0800] "GET /xingrg/all/function/internal_message.html?_=1707097570985&CODE_STATE=getMsg HTTP/1.1" 200 27
172.20.0.100 - - [05/Feb/2024:09:49:04 +0800] "GET /xingrg/check_reg.html?_=1707097745896 HTTP/1.1" 302 -
172.20.0.100 - - [05/Feb/2024:09:49:04 +0800] "GET /xingrg/all/function/internal_message.html?_=1707097745897&CODE_STATE=getMsg HTTP/1.1" 302 -
116.238.97.31 - - [05/Feb/2024:09:49:04 +0800] "GET /xingrg/kc/buy/cgsh_order_operate.html?command=get_materiel&rest_code=00102&code=00101008230&supplier_code=00100008&order_time=2024-02-05 HTTP/1.1" 200 408
116.238.97.31 - - [05/Feb/2024:09:49:06 +0800] "POST /xingrg/kc/buy/cgsh_order_operate.html HTTP/1.1" 200 2065
58.40.7.146 - - [05/Feb/2024:09:49:08 +0800] "GET /xingrg/all/function/internal_message.html?_=1707097748212&CODE_STATE=getMsg HTTP/1.1" 200 27
222.70.172.31 - - [05/Feb/2024:09:49:08 +0800] "GET /xingrg/all/function/internal_message.html?_=1707097749844&CODE_STATE=getMsg HTTP/1.1" 200 27
124.78.68.102 - - [05/Feb/2024:09:49:13 +0800] "POST /xingrg/kc/buy/cgsh_order_operate.html HTTP/1.1" 200 37
116.237.74.150 - - [05/Feb/2024:09:49:15 +0800] "GET /xingrg/kc/buy/cgsh_order_operate.html?command=get_materiel&rest_code=00106&code=00101009011&supplier_code=00100007&order_time=2024-02-05 HTTP/1.1" 200 416
180.164.1.25 - - [05/Feb/2024:09:49:16 +0800] "GET /xingrg/kc/buy/cgsh_order_operate.html?command=get_materiel&rest_code=00108&code=00101008038&supplier_code=00100007&order_time=2024-02-05 HTTP/1.1" 200 412
101.83.145.37 - - [05/Feb/2024:09:49:17 +0800] "GET /xingrg/kc/buy/cgsh_order_operate.html?command=get_materiel&rest_code=00105&code=00101006026&supplier_code=00100466&order_time=2024-02-05 HTTP/1.1" 200 411
124.78.68.102 - - [05/Feb/2024:09:49:21 +0800] "POST /xingrg/kc/buy/cgsh_order_operate.html HTTP/1.1" 200 12
180.169.147.146 - - [05/Feb/2024:09:49:22 +0800] "GET /xingrg/all/function/internal_message.html?_=1707097762704&CODE_STATE=getMsg HTTP/1.1" 200 27
116.237.74.150 - - [05/Feb/2024:09:49:23 +0800] "GET /xingrg/kc/buy/cgsh_order_operate.html?command=get_materiel&rest_code=00106&code=00101008312&supplier_code=00100007&order_time=2024-02-05 HTTP/1.1" 200 412
124.78.68.102 - - [05/Feb/2024:09:49:26 +0800] "GET /xingrg/kc/buy/cgsh_order_info.html?code=212024020502178 HTTP/1.1" 200 68376
116.230.123.222 - - [05/Feb/2024:09:49:26 +0800] "GET /xingrg/all/function/internal_message.html?_=1707097765873&CODE_STATE=getMsg HTTP/1.1" 200 27
124.78.68.102 - - [05/Feb/2024:09:49:26 +0800] "GET /xingrg/javascript/easyui/themes/default/validatebox.css HTTP/1.1" 404 1104
124.78.68.102 - - [05/Feb/2024:09:49:27 +0800] "POST /xingrg/kc/buy/cgsh_order_operate.html HTTP/1.1" 200 5360
101.83.145.37 - - [05/Feb/2024:09:49:29 +0800] "GET /xingrg/all/function/internal_message.html?_=1707097771153&CODE_STATE=getMsg HTTP/1.1" 200 27
124.78.68.102 - - [05/Feb/2024:09:49:30 +0800] "GET /xingrg/kc/print/load_data.html?order_code=212024020502178&kc_code=cgsh&condition= HTTP/1.1" 200 2624
116.237.74.150 - - [05/Feb/2024:09:49:32 +0800] "POST /xingrg/kc/buy/cgsh_order_operate.html HTTP/1.1" 200 2065
180.164.1.25 - - [05/Feb/2024:09:49:34 +0800] "GET /xingrg/kc/buy/cgsh_order_operate.html?command=get_materiel&rest_code=00108&code=00101008674&supplier_code=00100007&order_time=2024-02-05 HTTP/1.1" 200 412
120.253.135.82 - - [05/Feb/2024:09:49:34 +0800] "GET /xingrg/check_reg.html?_=1707097602493 HTTP/1.1" 200 22
124.78.68.102 - - [05/Feb/2024:09:49:35 +0800] "POST /xingrg/kc/buy/cgsh_order_operate.html HTTP/1.1" 200 8245
124.78.68.102 - - [05/Feb/2024:09:49:35 +0800] "GET /xingrg/javascript/easyui/themes/default/validatebox.css HTTP/1.1" 404 1104
180.164.1.25 - - [05/Feb/2024:09:49:36 +0800] "GET /xingrg/all/function/internal_message.html?_=1707097775514&CODE_STATE=getMsg HTTP/1.1" 200 27
114.83.219.181 - - [05/Feb/2024:09:49:36 +0800] "GET /xingrg/all/function/internal_message.html?_=1707097776007&CODE_STATE=getMsg HTTP/1.1" 200 27
101.83.145.37 - - [05/Feb/2024:09:49:36 +0800] "GET /xingrg/check_reg.html?_=1707097541781 HTTP/1.1" 200 22
101.83.145.37 - - [05/Feb/2024:09:49:36 +0800] "GET /xingrg/all/function/internal_message.html?_=1707097541784&CODE_STATE=getMsg HTTP/1.1" 200 27
116.237.74.150 - - [05/Feb/2024:09:49:38 +0800] "GET /xingrg/kc/buy/cgsh_order_operate.html?command=get_materiel&rest_code=00106&code=00101008261&supplier_code=00100007&order_time=2024-02-05 HTTP/1.1" 200 408
222.69.131.188 - - [05/Feb/2024:09:49:40 +0800] "GET /xingrg/all/function/internal_message.html?_=1707097782442&CODE_STATE=getMsg HTTP/1.1" 200 27
124.78.68.102 - - [05/Feb/2024:09:49:41 +0800] "GET /xingrg/all/function/internal_message.html?_=1707097781578&CODE_STATE=getMsg HTTP/1.1" 200 27
116.238.120.94 - - [05/Feb/2024:09:49:42 +0800] "GET /xingrg/all/function/internal_message.html?_=1707097782611&CODE_STATE=getMsg HTTP/1.1" 200 27
180.164.1.25 - - [05/Feb/2024:09:49:42 +0800] "GET /xingrg/kc/buy/cgsh_order_operate.html?command=get_materiel&rest_code=00108&code=00101009124&supplier_code=00100007&order_time=2024-02-05 HTTP/1.1" 200 416
124.79.241.29 - - [05/Feb/2024:09:49:44 +0800] "GET /xingrg/all/function/internal_message.html?_=1707097783184&CODE_STATE=getMsg HTTP/1.1" 200 27
101.83.145.37 - - [05/Feb/2024:09:49:45 +0800] "GET /xingrg/kc/buy/cgsh_order_operate.html?command=get_materiel&rest_code=00105&code=00101021036&supplier_code=00100466&order_time=2024-02-05 HTTP/1.1" 200 408
116.238.97.31 - - [05/Feb/2024:09:49:46 +0800] "GET /xingrg/all/function/internal_message.html?_=1707097785006&CODE_STATE=getMsg HTTP/1.1" 200 27
221.239.172.206 - - [05/Feb/2024:09:49:46 +0800] "GET /xingrg/all/function/internal_message.html?_=1707097785921&CODE_STATE=getMsg HTTP/1.1" 200 27
124.78.68.102 - - [05/Feb/2024:09:49:47 +0800] "GET /xingrg/kc/buy/cgsh_order_operate.html?command=get_materiel&rest_code=00141&code=00101005037&supplier_code=00100040&order_time=2024-02-05 HTTP/1.1" 200 409
116.230.123.222 - - [05/Feb/2024:09:49:47 +0800] "GET /xingrg/check_reg.html?_=1707097787279 HTTP/1.1" 200 22
120.253.135.82 - - [05/Feb/2024:09:49:49 +0800] "POST /xingrg/kc/pszx/mdps_list_operate.html HTTP/1.1" 200 2057
180.164.1.25 - - [05/Feb/2024:09:49:51 +0800] "GET /xingrg/kc/buy/cgsh_order_operate.html?command=get_materiel&rest_code=00108&code=00101008694&supplier_code=00100007&order_time=2024-02-05 HTTP/1.1" 200 420
116.238.120.94 - - [05/Feb/2024:09:49:53 +0800] "GET /xingrg/all/function/internal_message.html?_=1707097793038&CODE_STATE=getMsg HTTP/1.1" 200 27
116.237.74.150 - - [05/Feb/2024:09:49:54 +0800] "GET /xingrg/kc/buy/cgsh_order_operate.html?command=get_materiel&rest_code=00106&code=00101008246&supplier_code=00100007&order_time=2024-02-05 HTTP/1.1" 200 408
116.238.97.31 - - [05/Feb/2024:09:49:54 +0800] "GET /xingrg/kc/buy/cgsh_order_operate.html?command=get_materiel&rest_code=00102&code=00101008694&supplier_code=00100008&order_time=2024-02-05 HTTP/1.1" 200 420
120.253.135.82 - - [05/Feb/2024:09:49:55 +0800] "GET /xingrg/all/function/internal_message.html?_=1707097959700&CODE_STATE=getMsg HTTP/1.1" 200 27
120.253.135.82 - - [05/Feb/2024:09:49:55 +0800] "POST /xingrg/kc/pszx/mdps_list_operate.html HTTP/1.1" 200 3862
116.237.74.150 - - [05/Feb/2024:09:49:56 +0800] "GET /xingrg/all/function/internal_message.html?_=1707097796830&CODE_STATE=getMsg HTTP/1.1" 200 27
116.237.74.150 - - [05/Feb/2024:09:49:58 +0800] "GET /xingrg/check_reg.html?_=1707097797907 HTTP/1.1" 200 22
120.253.135.82 - - [05/Feb/2024:09:49:58 +0800] "POST /xingrg/kc/pszx/mdps_list_operate.html HTTP/1.1" 200 290
120.253.135.82 - - [05/Feb/2024:09:49:59 +0800] "GET /xingrg/kc/pszx/mdps_order_info.html?code=312024020500138 HTTP/1.1" 200 23972
124.78.68.102 - - [05/Feb/2024:09:50:00 +0800] "GET /xingrg/kc/buy/cgsh_order_operate.html?command=get_materiel&rest_code=00141&code=00101005036&supplier_code=00100040&order_time=2024-02-05 HTTP/1.1" 200 409
120.253.135.82 - - [05/Feb/2024:09:50:00 +0800] "GET /xingrg/javascript/easyui/themes/default/validatebox.css HTTP/1.1" 404 1104
180.164.1.25 - - [05/Feb/2024:09:50:00 +0800] "GET /xingrg/kc/buy/cgsh_order_operate.html?command=get_materiel&rest_code=00108&code=00101008353&supplier_code=00100007&order_time=2024-02-05 HTTP/1.1" 200 408
120.253.135.82 - - [05/Feb/2024:09:50:00 +0800] "POST /xingrg/kc/pszx/mdps_order_operate.html HTTP/1.1" 200 2788
120.253.135.82 - - [05/Feb/2024:09:50:03 +0800] "GET /xingrg/all/function/internal_message.html?_=1707097630995&CODE_STATE=getMsg HTTP/1.1" 200 27
172.20.0.100 - - [05/Feb/2024:09:50:04 +0800] "GET /xingrg/all/function/internal_message.html?_=1707097805895&CODE_STATE=getMsg HTTP/1.1" 302 -
116.232.194.112 - - [05/Feb/2024:09:50:05 +0800] "GET /xingrg/index.html?sysBaseUrl=http%3A%2F%2F180.169.147.146%3A18081%2Fxingrg%2F&costTime=1277×tamp=1606817596806 HTTP/1.1" 302 -
116.232.194.112 - - [05/Feb/2024:09:50:05 +0800] "GET /xingrg/login.html HTTP/1.1" 200 7641
116.237.74.150 - - [05/Feb/2024:09:50:05 +0800] "GET /xingrg/kc/buy/cgsh_order_operate.html?command=get_materiel&rest_code=00106&code=00101008087&supplier_code=00100007&order_time=2024-02-05 HTTP/1.1" 200 412
116.232.194.112 - - [05/Feb/2024:09:50:06 +0800] "GET /favicon.ico HTTP/1.1" 404 -
58.40.7.146 - - [05/Feb/2024:09:50:08 +0800] "GET /xingrg/all/function/internal_message.html?_=1707097808214&CODE_STATE=getMsg HTTP/1.1" 200 27
222.70.172.31 - - [05/Feb/2024:09:50:08 +0800] "GET /xingrg/all/function/internal_message.html?_=1707097809864&CODE_STATE=getMsg HTTP/1.1" 200 27
116.238.97.31 - - [05/Feb/2024:09:50:08 +0800] "GET /xingrg/kc/buy/cgsh_order_operate.html?command=get_materiel&rest_code=00102&code=00101008098&supplier_code=00100008&order_time=2024-02-05 HTTP/1.1" 200 412
124.78.68.102 - - [05/Feb/2024:09:50:11 +0800] "GET /xingrg/kc/buy/cgsh_order_operate.html?command=get_materiel&rest_code=00141&code=00101001299&supplier_code=00100040&order_time=2024-02-05 HTTP/1.1" 200 413
116.238.97.31 - - [05/Feb/2024:09:50:11 +0800] "POST /xingrg/kc/buy/cgsh_order_operate.html HTTP/1.1" 200 2065
101.83.145.37 - - [05/Feb/2024:09:50:17 +0800] "POST /xingrg/kc/buy/cgsh_order_operate.html HTTP/1.1" 200 37
116.232.194.112 - - [05/Feb/2024:09:50:17 +0800] "POST /xingrg/login.do HTTP/1.1" 302 -
116.232.194.112 - - [05/Feb/2024:09:50:17 +0800] "GET /xingrg/index.html?sysBaseUrl=http%3A%2F%2F180.169.147.146%3A18081%2Fxingrg%2F&costTime=1136×tamp=1707097817440 HTTP/1.1" 200 17179
116.232.194.112 - - [05/Feb/2024:09:50:17 +0800] "GET /favicon.ico HTTP/1.1" 404 -
116.232.194.112 - - [05/Feb/2024:09:50:17 +0800] "POST /xingrg/all/common/load_tree.html?tree=area_rest_tree_json&manage=1 HTTP/1.1" 200 351
116.232.194.112 - - [05/Feb/2024:09:50:18 +0800] "GET /xingrg/all/function/internal_message.html?_=1707097740668&CODE_STATE=count HTTP/1.1" 200 11
116.232.194.112 - - [05/Feb/2024:09:50:18 +0800] "GET /xingrg/check_reg.html?_=1707097740669 HTTP/1.1" 200 22
116.232.194.112 - - [05/Feb/2024:09:50:18 +0800] "POST /xingrg/load_menu.html HTTP/1.1" 200 5138
101.83.145.37 - - [05/Feb/2024:09:50:20 +0800] "POST /xingrg/kc/buy/cgsh_order_operate.html HTTP/1.1" 200 3858
116.238.97.31 - - [05/Feb/2024:09:50:20 +0800] "GET /xingrg/kc/buy/cgsh_order_operate.html?command=get_materiel&rest_code=00102&code=00101008005&supplier_code=00100008&order_time=2024-02-05 HTTP/1.1" 200 412
180.164.1.25 - - [05/Feb/2024:09:50:22 +0800] "GET /xingrg/kc/buy/cgsh_order_operate.html?command=get_materiel&rest_code=00108&code=00101008131&supplier_code=00100007&order_time=2024-02-05 HTTP/1.1" 200 408
180.169.147.146 - - [05/Feb/2024:09:50:22 +0800] "GET /xingrg/all/function/internal_message.html?_=1707097822681&CODE_STATE=getMsg HTTP/1.1" 200 27
116.230.123.222 - - [05/Feb/2024:09:50:26 +0800] "GET /xingrg/all/function/internal_message.html?_=1707097825844&CODE_STATE=getMsg HTTP/1.1" 200 27
124.78.68.102 - - [05/Feb/2024:09:50:28 +0800] "POST /xingrg/kc/buy/cgsh_order_operate.html HTTP/1.1" 200 37
101.83.145.37 - - [05/Feb/2024:09:50:29 +0800] "GET /xingrg/all/function/internal_message.html?_=1707097831151&CODE_STATE=getMsg HTTP/1.1" 200 27
120.253.135.82 - - [05/Feb/2024:09:50:30 +0800] "POST /xingrg/kc/pszx/mdps_list_operate.html HTTP/1.1" 200 3862
101.83.145.37 - - [05/Feb/2024:09:50:32 +0800] "POST /xingrg/kc/buy/cgsh_order_operate.html HTTP/1.1" 200 37
120.253.135.82 - - [05/Feb/2024:09:50:32 +0800] "POST /xingrg/kc/pszx/mdps_list_operate.html HTTP/1.1" 200 657
116.237.74.150 - - [05/Feb/2024:09:50:33 +0800] "GET /xingrg/kc/buy/cgsh_order_operate.html?command=get_materiel&rest_code=00106&code=00101008067&supplier_code=00100007&order_time=2024-02-05 HTTP/1.1" 200 416
120.253.135.82 - - [05/Feb/2024:09:50:34 +0800] "POST /xingrg/kc/pszx/mdps_list_operate.html HTTP/1.1" 200 611
180.164.1.25 - - [05/Feb/2024:09:50:34 +0800] "GET /xingrg/kc/buy/cgsh_order_operate.html?command=get_materiel&rest_code=00108&code=00101008411&supplier_code=00100007&order_time=2024-02-05 HTTP/1.1" 200 413
180.163.28.109 - - [05/Feb/2024:09:50:35 +0800] "GET /xingrg/kc/buy/cgsh_order_operate.html?command=get_materiel&rest_code=00106&code=00101008261&supplier_code=00100007&order_time=2024-02-05 HTTP/1.1" 302 -
180.163.28.109 - - [05/Feb/2024:09:50:35 +0800] "GET /xingrg/login.html HTTP/1.1" 200 7641
101.83.145.37 - - [05/Feb/2024:09:50:35 +0800] "POST /xingrg/kc/buy/cgsh_order_operate.html HTTP/1.1" 200 3855
180.164.1.25 - - [05/Feb/2024:09:50:36 +0800] "GET /xingrg/all/function/internal_message.html?_=1707097835492&CODE_STATE=getMsg HTTP/1.1" 200 27
124.78.68.102 - - [05/Feb/2024:09:50:36 +0800] "POST /xingrg/kc/buy/cgsh_order_operate.html HTTP/1.1" 200 12
114.83.219.181 - - [05/Feb/2024:09:50:36 +0800] "GET /xingrg/all/function/internal_message.html?_=1707097835993&CODE_STATE=getMsg HTTP/1.1" 200 27
101.83.145.37 - - [05/Feb/2024:09:50:36 +0800] "GET /xingrg/all/function/internal_message.html?_=1707097601769&CODE_STATE=getMsg HTTP/1.1" 200 27
101.83.145.37 - - [05/Feb/2024:09:50:37 +0800] "GET /xingrg/kc/print/load_data.html?order_code=212024020502179&kc_code=cgsh&condition= HTTP/1.1" 200 1115
120.253.135.82 - - [05/Feb/2024:09:50:37 +0800] "POST /xingrg/kc/pszx/mdps_list_operate.html HTTP/1.1" 200 460
180.164.1.25 - - [05/Feb/2024:09:50:37 +0800] "POST /xingrg/kc/buy/cgsh_order_operate.html HTTP/1.1" 200 2065
116.238.97.31 - - [05/Feb/2024:09:50:38 +0800] "GET /xingrg/kc/buy/cgsh_order_operate.html?command=get_materiel&rest_code=00102&code=00101008213&supplier_code=00100008&order_time=2024-02-05 HTTP/1.1" 200 412
124.78.68.102 - - [05/Feb/2024:09:50:39 +0800] "GET /xingrg/kc/buy/cgsh_order_info.html?code=212024020502180 HTTP/1.1" 200 68376
124.78.68.102 - - [05/Feb/2024:09:50:39 +0800] "GET /xingrg/javascript/easyui/themes/default/validatebox.css HTTP/1.1" 404 1104
120.253.135.82 - - [05/Feb/2024:09:50:39 +0800] "POST /xingrg/kc/pszx/mdps_list_operate.html HTTP/1.1" 200 398
222.69.131.188 - - [05/Feb/2024:09:50:40 +0800] "GET /xingrg/all/function/internal_message.html?_=1707097842444&CODE_STATE=getMsg HTTP/1.1" 200 27
124.78.68.102 - - [05/Feb/2024:09:50:40 +0800] "POST /xingrg/kc/buy/cgsh_order_operate.html HTTP/1.1" 200 1783
124.78.68.102 - - [05/Feb/2024:09:50:41 +0800] "GET /xingrg/all/function/internal_message.html?_=1707097841724&CODE_STATE=getMsg HTTP/1.1" 200 27
116.238.120.94 - - [05/Feb/2024:09:50:42 +0800] "GET /xingrg/all/function/internal_message.html?_=1707097842600&CODE_STATE=getMsg HTTP/1.1" 200 27
116.237.74.150 - - [05/Feb/2024:09:50:42 +0800] "GET /xingrg/kc/buy/cgsh_order_operate.html?command=get_materiel&rest_code=00106&code=00101008059&supplier_code=00100007&order_time=2024-02-05 HTTP/1.1" 200 408
120.253.135.82 - - [05/Feb/2024:09:50:43 +0800] "POST /xingrg/kc/pszx/mdps_list_operate.html HTTP/1.1" 200 631
124.79.241.29 - - [05/Feb/2024:09:50:44 +0800] "GET /xingrg/all/function/internal_message.html?_=1707097843194&CODE_STATE=getMsg HTTP/1.1" 200 27
120.253.135.82 - - [05/Feb/2024:09:50:45 +0800] "GET /xingrg/kc/pszx/mdps_order_info.html?code=312024020500136 HTTP/1.1" 200 23972
116.238.97.31 - - [05/Feb/2024:09:50:46 +0800] "GET /xingrg/all/function/internal_message.html?_=1707097844996&CODE_STATE=getMsg HTTP/1.1" 200 27
120.253.135.82 - - [05/Feb/2024:09:50:46 +0800] "GET /xingrg/javascript/easyui/themes/default/validatebox.css HTTP/1.1" 404 1104
221.239.172.206 - - [05/Feb/2024:09:50:46 +0800] "GET /xingrg/all/function/internal_message.html?_=1707097845921&CODE_STATE=getMsg HTTP/1.1" 200 27
120.253.135.82 - - [05/Feb/2024:09:50:46 +0800] "POST /xingrg/kc/pszx/mdps_order_operate.html HTTP/1.1" 200 10371
124.78.68.102 - - [05/Feb/2024:09:50:48 +0800] "GET /xingrg/kc/print/load_data.html?order_code=212024020502180&kc_code=cgsh&condition= HTTP/1.1" 200 1237
116.238.97.31 - - [05/Feb/2024:09:50:51 +0800] "GET /xingrg/kc/buy/cgsh_order_operate.html?command=get_materiel&rest_code=00102&code=00101008053&supplier_code=00100008&order_time=2024-02-05 HTTP/1.1" 200 413
180.164.1.25 - - [05/Feb/2024:09:50:51 +0800] "GET /xingrg/kc/buy/cgsh_order_operate.html?command=get_materiel&rest_code=00108&code=00101008403&supplier_code=00100007&order_time=2024-02-05 HTTP/1.1" 200 413
116.237.74.150 - - [05/Feb/2024:09:50:52 +0800] "POST /xingrg/kc/buy/cgsh_order_operate.html HTTP/1.1" 200 2065
116.238.120.94 - - [05/Feb/2024:09:50:53 +0800] "GET /xingrg/all/function/internal_message.html?_=1707097853013&CODE_STATE=getMsg HTTP/1.1" 200 27
120.253.135.82 - - [05/Feb/2024:09:50:55 +0800] "GET /xingrg/all/function/internal_message.html?_=1707098019705&CODE_STATE=getMsg HTTP/1.1" 200 27
124.78.68.102 - - [05/Feb/2024:09:50:55 +0800] "POST /xingrg/kc/buy/cgsh_order_operate.html HTTP/1.1" 200 8245
124.78.68.102 - - [05/Feb/2024:09:50:55 +0800] "GET /xingrg/javascript/easyui/themes/default/validatebox.css HTTP/1.1" 404 1104
116.237.74.150 - - [05/Feb/2024:09:50:56 +0800] "GET /xingrg/all/function/internal_message.html?_=1707097856813&CODE_STATE=getMsg HTTP/1.1" 200 27
124.78.68.102 - - [05/Feb/2024:09:50:58 +0800] "GET /xingrg/check_reg.html?_=1707097858775 HTTP/1.1" 200 22
120.253.135.82 - - [05/Feb/2024:09:51:03 +0800] "GET /xingrg/all/function/internal_message.html?_=1707097691008&CODE_STATE=getMsg HTTP/1.1" 200 27
172.20.0.100 - - [05/Feb/2024:09:51:04 +0800] "GET /xingrg/all/function/internal_message.html?_=1707097865894&CODE_STATE=getMsg HTTP/1.1" 302 -
116.238.97.31 - - [05/Feb/2024:09:51:06 +0800] "GET /xingrg/kc/buy/cgsh_order_operate.html?command=get_materiel&rest_code=00102&code=00101013222&supplier_code=00100008&order_time=2024-02-05 HTTP/1.1" 200 409
58.40.7.146 - - [05/Feb/2024:09:51:08 +0800] "GET /xingrg/all/function/internal_message.html?_=1707097868216&CODE_STATE=getMsg HTTP/1.1" 200 27
116.238.97.31 - - [05/Feb/2024:09:51:08 +0800] "POST /xingrg/kc/buy/cgsh_order_operate.html HTTP/1.1" 200 2065
222.70.172.31 - - [05/Feb/2024:09:51:08 +0800] "GET /xingrg/all/function/internal_message.html?_=1707097870223&CODE_STATE=getMsg HTTP/1.1" 200 27
180.164.1.25 - - [05/Feb/2024:09:51:10 +0800] "GET /xingrg/kc/buy/cgsh_order_operate.html?command=get_materiel&rest_code=00108&code=00101008290&supplier_code=00100007&order_time=2024-02-05 HTTP/1.1" 200 412
120.253.135.82 - - [05/Feb/2024:09:51:12 +0800] "POST /xingrg/kc/pszx/mdps_list_operate.html HTTP/1.1" 200 3862
120.253.135.82 - - [05/Feb/2024:09:51:14 +0800] "POST /xingrg/kc/pszx/mdps_list_operate.html HTTP/1.1" 200 398
116.238.97.31 - - [05/Feb/2024:09:51:16 +0800] "GET /xingrg/kc/buy/cgsh_order_operate.html?command=get_materiel&rest_code=00102&code=00101008316&supplier_code=00100008&order_time=2024-02-05 HTTP/1.1" 200 433
116.232.194.112 - - [05/Feb/2024:09:51:18 +0800] "GET /xingrg/all/function/internal_message.html?_=1707097800683&CODE_STATE=getMsg HTTP/1.1" 200 27
120.253.135.82 - - [05/Feb/2024:09:51:18 +0800] "POST /xingrg/kc/pszx/mdps_list_operate.html HTTP/1.1" 200 460
116.237.74.150 - - [05/Feb/2024:09:51:20 +0800] "GET /xingrg/kc/buy/cgsh_order_operate.html?command=get_materiel&rest_code=00106&code=00101011005&supplier_code=00100007&order_time=2024-02-05 HTTP/1.1" 200 429
120.253.135.82 - - [05/Feb/2024:09:51:20 +0800] "POST /xingrg/kc/pszx/mdps_list_operate.html HTTP/1.1" 200 611
180.164.1.25 - - [05/Feb/2024:09:51:20 +0800] "GET /xingrg/kc/buy/cgsh_order_operate.html?command=get_materiel&rest_code=00108&code=00101008182&supplier_code=00100007&order_time=2024-02-05 HTTP/1.1" 200 413
116.238.120.94 - - [05/Feb/2024:09:51:22 +0800] "GET /xingrg/kc/mdqp/pssh_order_list.html HTTP/1.1" 200 17400
116.238.120.94 - - [05/Feb/2024:09:51:22 +0800] "POST /xingrg/kc/mdqp/pssh_list_operate.html HTTP/1.1" 200 5462
120.253.135.82 - - [05/Feb/2024:09:51:22 +0800] "POST /xingrg/kc/pszx/mdps_list_operate.html HTTP/1.1" 200 657
180.169.147.146 - - [05/Feb/2024:09:51:23 +0800] "GET /xingrg/all/function/internal_message.html?_=1707097883140&CODE_STATE=getMsg HTTP/1.1" 200 27
124.78.68.102 - - [05/Feb/2024:09:51:23 +0800] "GET /xingrg/kc/buy/cgsh_order_operate.html?command=get_materiel&rest_code=00141&code=00101020115&supplier_code=00100036&order_time=2024-02-05 HTTP/1.1" 200 409
116.238.120.94 - - [05/Feb/2024:09:51:23 +0800] "POST /xingrg/kc/mdqp/pssh_list_operate.html HTTP/1.1" 200 800
116.238.120.94 - - [05/Feb/2024:09:51:24 +0800] "GET /xingrg/kc/mdqp/pssh_order_info.html?code=312024020400109 HTTP/1.1" 200 17303
116.238.120.94 - - [05/Feb/2024:09:51:24 +0800] "GET /xingrg/javascript/jquery_tools/jquery-1.4.2.min.js HTTP/1.1" 404 1094
116.238.120.94 - - [05/Feb/2024:09:51:24 +0800] "GET /xingrg/javascript/easyui/themes/default/validatebox.css HTTP/1.1" 404 1104
116.238.120.94 - - [05/Feb/2024:09:51:24 +0800] "GET /xingrg/all/common/auto_word.html?type=base&rest_code=00151&rest_code=00151 HTTP/1.1" 200 1315
116.238.120.94 - - [05/Feb/2024:09:51:25 +0800] "POST /xingrg/kc/mdqp/pssh_order_operate.html HTTP/1.1" 200 4779
