120.253.135.82 - - [04/Feb/2024:10:22:27 +0800] "GET /xingrg/javascript/jquery_tools/fix.css HTTP/1.1" 304 -
120.253.135.82 - - [04/Feb/2024:10:22:27 +0800] "GET /xingrg/javascript/jquery_tools/table.css HTTP/1.1" 304 -
120.253.135.82 - - [04/Feb/2024:10:22:27 +0800] "GET /xingrg/javascript/jquery_tools/jquery.tools.extend.js HTTP/1.1" 304 -
120.253.135.82 - - [04/Feb/2024:10:22:27 +0800] "GET /xingrg/javascript/jquery_tools/list_manager.js HTTP/1.1" 304 -
120.253.135.82 - - [04/Feb/2024:10:22:27 +0800] "GET /xingrg/javascript/auto/jquery.autocomplete.js HTTP/1.1" 304 -
120.253.135.82 - - [04/Feb/2024:10:22:27 +0800] "GET /xingrg/javascript/easyui/easyloader.js HTTP/1.1" 304 -
120.253.135.82 - - [04/Feb/2024:10:22:27 +0800] "GET /xingrg/javascript/jquery.cookie.js HTTP/1.1" 304 -
120.253.135.82 - - [04/Feb/2024:10:22:27 +0800] "GET /xingrg/javascript/print/LodopFuncs.js HTTP/1.1" 304 -
120.253.135.82 - - [04/Feb/2024:10:22:28 +0800] "GET /xingrg/javascript/easyui/plugins/jquery.parser.js HTTP/1.1" 304 -
120.253.135.82 - - [04/Feb/2024:10:22:28 +0800] "POST /xingrg/kc/pszx/mdps_list_operate.html HTTP/1.1" 200 5282
116.230.123.222 - - [04/Feb/2024:10:22:29 +0800] "POST /xingrg/kc/buy/cgsh_list_operate.html HTTP/1.1" 200 561
120.253.135.82 - - [04/Feb/2024:10:22:30 +0800] "GET /xingrg/javascript/auto/indicator.gif HTTP/1.1" 404 1066
116.230.123.222 - - [04/Feb/2024:10:22:31 +0800] "GET /xingrg/kc/buy/cgsh_order_info.html?code=212024020401651 HTTP/1.1" 200 73432
116.230.123.222 - - [04/Feb/2024:10:22:32 +0800] "GET /xingrg/javascript/easyui/themes/default/validatebox.css HTTP/1.1" 404 1104
116.230.123.222 - - [04/Feb/2024:10:22:32 +0800] "GET /xingrg/all/common/auto_word.html?type=employee&rest_code=00111 HTTP/1.1" 200 105
116.230.123.222 - - [04/Feb/2024:10:22:32 +0800] "GET /xingrg/all/common/auto_word.html?type=employee&rest_code=00111 HTTP/1.1" 200 105
116.230.123.222 - - [04/Feb/2024:10:22:32 +0800] "POST /xingrg/kc/buy/cgsh_order_operate.html HTTP/1.1" 200 26273
120.253.135.82 - - [04/Feb/2024:10:22:35 +0800] "POST /xingrg/kc/pszx/mdps_list_operate.html HTTP/1.1" 200 2056
120.253.135.82 - - [04/Feb/2024:10:22:36 +0800] "GET /xingrg/all/function/internal_message.html?_=1707013520655&CODE_STATE=getMsg HTTP/1.1" 302 -
120.253.135.82 - - [04/Feb/2024:10:22:36 +0800] "GET /xingrg/login.html HTTP/1.1" 200 7641
116.238.120.94 - - [04/Feb/2024:10:22:36 +0800] "POST /xingrg/dwr/call/plaincall/AjaxComOrderService.getMaterielSearchList.dwr HTTP/1.1" 200 3138
120.253.135.82 - - [04/Feb/2024:10:22:36 +0800] "POST /xingrg/kc/pszx/mdps_list_operate.html HTTP/1.1" 200 204
116.238.120.94 - - [04/Feb/2024:10:22:37 +0800] "POST /xingrg/dwr/call/plaincall/AjaxComOrderService.getMaterielSearchList.dwr HTTP/1.1" 200 3138
61.170.233.78 - - [04/Feb/2024:10:22:37 +0800] "GET /xingrg/kc/buy/cgsh_order_operate.html?command=get_materiel&rest_code=00106&code=00101008283&supplier_code=00100007&order_time=2024-02-04 HTTP/1.1" 200 408
120.253.135.82 - - [04/Feb/2024:10:22:37 +0800] "GET /xingrg/kc/pszx/mdps_order_info.html?code=312024020400108 HTTP/1.1" 200 23978
120.253.135.82 - - [04/Feb/2024:10:22:37 +0800] "GET /xingrg/javascript/print/kc_print.js HTTP/1.1" 304 -
120.253.135.82 - - [04/Feb/2024:10:22:37 +0800] "GET /xingrg/javascript/json2.js HTTP/1.1" 304 -
120.253.135.82 - - [04/Feb/2024:10:22:37 +0800] "GET /xingrg/javascript/jquery_tools/order_manager.js HTTP/1.1" 304 -
120.253.135.82 - - [04/Feb/2024:10:22:37 +0800] "GET /xingrg/javascript/convert.js HTTP/1.1" 304 -
120.253.135.82 - - [04/Feb/2024:10:22:37 +0800] "GET /xingrg/words/20240203191321_words.js HTTP/1.1" 304 -
120.253.135.82 - - [04/Feb/2024:10:22:38 +0800] "GET /xingrg/javascript/easyui/themes/default/validatebox.css HTTP/1.1" 404 1104
120.253.135.82 - - [04/Feb/2024:10:22:38 +0800] "GET /xingrg/javascript/easyui/plugins/jquery.validatebox.js HTTP/1.1" 304 -
120.253.135.82 - - [04/Feb/2024:10:22:38 +0800] "GET /xingrg/javascript/easyui/plugins/jquery.numberbox.js HTTP/1.1" 304 -
120.253.135.82 - - [04/Feb/2024:10:22:38 +0800] "GET /xingrg/all/common/auto_word.html?type=base&rest_code=00101 HTTP/1.1" 200 671
120.253.135.82 - - [04/Feb/2024:10:22:38 +0800] "POST /xingrg/kc/pszx/mdps_order_operate.html HTTP/1.1" 200 2281
222.69.129.86 - - [04/Feb/2024:10:22:39 +0800] "GET /xingrg/all/function/internal_message.html?_=1707013360509&CODE_STATE=getMsg HTTP/1.1" 200 27
116.238.120.94 - - [04/Feb/2024:10:22:40 +0800] "GET /xingrg/all/function/internal_message.html?_=1707013360035&CODE_STATE=getMsg HTTP/1.1" 200 27
116.238.120.94 - - [04/Feb/2024:10:22:40 +0800] "POST /xingrg/dwr/call/plaincall/AjaxYddbService.getMaterielByMap.dwr HTTP/1.1" 200 4012
180.164.1.25 - - [04/Feb/2024:10:22:41 +0800] "GET /xingrg/all/function/internal_message.html?_=1707013361154&CODE_STATE=getMsg HTTP/1.1" 302 -
124.78.68.102 - - [04/Feb/2024:10:22:41 +0800] "GET /xingrg/all/function/internal_message.html?_=1707013361811&CODE_STATE=getMsg HTTP/1.1" 302 -
124.78.68.102 - - [04/Feb/2024:10:22:41 +0800] "GET /xingrg/check_reg.html?_=1707013361815 HTTP/1.1" 302 -
61.170.233.78 - - [04/Feb/2024:10:22:42 +0800] "GET /xingrg/check_reg.html?_=1707013362351 HTTP/1.1" 200 22
61.170.233.78 - - [04/Feb/2024:10:22:42 +0800] "GET /xingrg/all/function/internal_message.html?_=1707013362353&CODE_STATE=getMsg HTTP/1.1" 200 27
120.253.135.82 - - [04/Feb/2024:10:22:43 +0800] "POST /xingrg/kc/pszx/mdps_order_operate.html HTTP/1.1" 200 37
116.230.123.222 - - [04/Feb/2024:10:22:43 +0800] "GET /xingrg/javascript/auto/indicator.gif HTTP/1.1" 404 1066
116.238.120.94 - - [04/Feb/2024:10:22:45 +0800] "POST /xingrg/dwr/call/plaincall/AjaxYddbService.saveMaterielItem.dwr HTTP/1.1" 200 79
61.170.233.78 - - [04/Feb/2024:10:22:46 +0800] "GET /xingrg/kc/buy/cgsh_order_operate.html?command=get_materiel&rest_code=00106&code=00101008110&supplier_code=00100007&order_time=2024-02-04 HTTP/1.1" 200 408
116.238.120.94 - - [04/Feb/2024:10:22:46 +0800] "POST /xingrg/dwr/call/plaincall/AjaxComOrderService.getMaterielSearchList.dwr HTTP/1.1" 200 7298
116.238.120.94 - - [04/Feb/2024:10:22:47 +0800] "POST /xingrg/dwr/call/plaincall/AjaxComOrderService.getMaterielSearchList.dwr HTTP/1.1" 200 1080
116.238.120.94 - - [04/Feb/2024:10:22:49 +0800] "POST /xingrg/dwr/call/plaincall/AjaxYddbService.getMaterielByMap.dwr HTTP/1.1" 200 3993
120.253.135.82 - - [04/Feb/2024:10:22:49 +0800] "POST /xingrg/kc/pszx/mdps_order_operate.html HTTP/1.1" 200 12
116.230.123.222 - - [04/Feb/2024:10:22:49 +0800] "GET /xingrg/kc/buy/cgsh_order_operate.html?command=get_materiel&rest_code=00111&code=00101008016&supplier_code=00100005&order_time=2024-02-04 HTTP/1.1" 200 418
101.83.145.37 - - [04/Feb/2024:10:22:49 +0800] "GET /xingrg/all/function/internal_message.html?_=1707013134625&CODE_STATE=getMsg HTTP/1.1" 200 27
120.253.135.82 - - [04/Feb/2024:10:22:50 +0800] "GET /xingrg/kc/pszx/mdps_order_info.html?code=312024020400108 HTTP/1.1" 200 19638
120.253.135.82 - - [04/Feb/2024:10:22:51 +0800] "GET /xingrg/javascript/easyui/themes/default/validatebox.css HTTP/1.1" 404 1104
120.253.135.82 - - [04/Feb/2024:10:22:52 +0800] "POST /xingrg/kc/pszx/mdps_order_operate.html HTTP/1.1" 200 502
116.238.120.94 - - [04/Feb/2024:10:22:54 +0800] "POST /xingrg/dwr/call/plaincall/AjaxYddbService.saveMaterielItem.dwr HTTP/1.1" 200 79
61.170.233.78 - - [04/Feb/2024:10:22:54 +0800] "GET /xingrg/kc/buy/cgsh_order_operate.html?command=get_materiel&rest_code=00106&code=00101008096&supplier_code=00100007&order_time=2024-02-04 HTTP/1.1" 200 412
116.238.120.94 - - [04/Feb/2024:10:22:55 +0800] "POST /xingrg/dwr/call/plaincall/AjaxComOrderService.getMaterielSearchList.dwr HTTP/1.1" 200 9619
116.238.120.94 - - [04/Feb/2024:10:22:56 +0800] "POST /xingrg/dwr/call/plaincall/AjaxComOrderService.getMaterielSearchList.dwr HTTP/1.1" 200 851
116.238.97.31 - - [04/Feb/2024:10:22:57 +0800] "GET /xingrg/all/function/internal_message.html?_=1707013377078&CODE_STATE=getMsg HTTP/1.1" 200 27
116.238.120.94 - - [04/Feb/2024:10:22:58 +0800] "POST /xingrg/dwr/call/plaincall/AjaxYddbService.getMaterielByMap.dwr HTTP/1.1" 200 3986
180.169.147.146 - - [04/Feb/2024:10:22:59 +0800] "GET /xingrg/all/function/internal_message.html?_=1707013379532&CODE_STATE=getMsg HTTP/1.1" 200 27
120.253.135.82 - - [04/Feb/2024:10:23:00 +0800] "GET /xingrg/kc/pszx/mdps_order_info.html?code=312024020400108 HTTP/1.1" 200 19638
120.253.135.82 - - [04/Feb/2024:10:23:01 +0800] "GET /xingrg/javascript/easyui/themes/default/validatebox.css HTTP/1.1" 404 1104
120.253.135.82 - - [04/Feb/2024:10:23:01 +0800] "POST /xingrg/kc/pszx/mdps_order_operate.html HTTP/1.1" 200 502
116.238.120.94 - - [04/Feb/2024:10:23:03 +0800] "POST /xingrg/dwr/call/plaincall/AjaxYddbService.saveMaterielItem.dwr HTTP/1.1" 200 79
61.170.233.78 - - [04/Feb/2024:10:23:05 +0800] "GET /xingrg/kc/buy/cgsh_order_operate.html?command=get_materiel&rest_code=00106&code=00101008038&supplier_code=00100007&order_time=2024-02-04 HTTP/1.1" 200 412
120.253.135.82 - - [04/Feb/2024:10:23:05 +0800] "GET /xingrg/all/function/internal_message.html?_=1707013213470&CODE_STATE=getMsg HTTP/1.1" 200 27
116.238.120.94 - - [04/Feb/2024:10:23:05 +0800] "POST /xingrg/dwr/call/plaincall/AjaxComOrderService.getMaterielSearchList.dwr HTTP/1.1" 200 16839
120.253.135.82 - - [04/Feb/2024:10:23:05 +0800] "POST /xingrg/kc/pszx/mdps_list_operate.html HTTP/1.1" 200 1685
116.230.123.222 - - [04/Feb/2024:10:23:06 +0800] "GET /xingrg/kc/buy/cgsh_order_operate.html?command=get_materiel&rest_code=00111&code=00101008114&supplier_code=00100005&order_time=2024-02-04 HTTP/1.1" 200 413
116.238.120.94 - - [04/Feb/2024:10:23:06 +0800] "POST /xingrg/dwr/call/plaincall/AjaxComOrderService.getMaterielSearchList.dwr HTTP/1.1" 200 420
172.20.0.100 - - [04/Feb/2024:10:23:06 +0800] "GET /xingrg/all/function/internal_message.html?_=1707013405786&CODE_STATE=getMsg HTTP/1.1" 302 -
120.253.135.82 - - [04/Feb/2024:10:23:07 +0800] "POST /xingrg/kc/pszx/mdps_list_operate.html HTTP/1.1" 200 525
116.238.120.94 - - [04/Feb/2024:10:23:08 +0800] "POST /xingrg/dwr/call/plaincall/AjaxYddbService.getMaterielByMap.dwr HTTP/1.1" 200 4003
124.79.241.29 - - [04/Feb/2024:10:23:11 +0800] "GET /xingrg/all/function/internal_message.html?_=1707013389582&CODE_STATE=getMsg HTTP/1.1" 200 27
61.170.233.78 - - [04/Feb/2024:10:23:14 +0800] "GET /xingrg/all/function/internal_message.html?_=1707013389569&CODE_STATE=getMsg HTTP/1.1" 200 27
116.238.120.94 - - [04/Feb/2024:10:23:14 +0800] "POST /xingrg/dwr/call/plaincall/AjaxYddbService.saveMaterielItem.dwr HTTP/1.1" 200 79
61.170.233.78 - - [04/Feb/2024:10:23:15 +0800] "GET /xingrg/kc/buy/cgsh_order_operate.html?command=get_materiel&rest_code=00106&code=00101008163&supplier_code=00100007&order_time=2024-02-04 HTTP/1.1" 200 409
116.238.120.94 - - [04/Feb/2024:10:23:16 +0800] "POST /xingrg/dwr/call/plaincall/AjaxComOrderService.getMaterielSearchList.dwr HTTP/1.1" 200 9488
116.230.123.222 - - [04/Feb/2024:10:23:17 +0800] "GET /xingrg/kc/buy/cgsh_order_operate.html?command=get_materiel&rest_code=00111&code=00101008060&supplier_code=00100005&order_time=2024-02-04 HTTP/1.1" 200 416
116.238.120.94 - - [04/Feb/2024:10:23:17 +0800] "POST /xingrg/dwr/call/plaincall/AjaxComOrderService.getMaterielSearchList.dwr HTTP/1.1" 200 572
116.230.123.222 - - [04/Feb/2024:10:23:18 +0800] "GET /xingrg/all/function/internal_message.html?_=1707013398309&CODE_STATE=getMsg HTTP/1.1" 200 27
221.239.172.206 - - [04/Feb/2024:10:23:18 +0800] "GET /xingrg/all/function/internal_message.html?_=1707013398488&CODE_STATE=getMsg HTTP/1.1" 302 -
116.238.120.94 - - [04/Feb/2024:10:23:19 +0800] "POST /xingrg/dwr/call/plaincall/AjaxYddbService.getMaterielByMap.dwr HTTP/1.1" 200 3945
222.70.172.31 - - [04/Feb/2024:10:23:20 +0800] "GET /xingrg/all/function/internal_message.html?_=1707013401772&CODE_STATE=getMsg HTTP/1.1" 200 27
116.238.120.94 - - [04/Feb/2024:10:23:23 +0800] "POST /xingrg/dwr/call/plaincall/AjaxYddbService.saveMaterielItem.dwr HTTP/1.1" 200 79
116.238.120.94 - - [04/Feb/2024:10:23:23 +0800] "GET /xingrg/all/function/internal_message.html?_=1707013403754&CODE_STATE=getMsg HTTP/1.1" 200 27
172.20.0.100 - - [04/Feb/2024:10:23:24 +0800] "GET /xingrg/all/function/internal_message.html?_=1707013403659&CODE_STATE=getMsg HTTP/1.1" 200 27
120.253.135.82 - - [04/Feb/2024:10:23:24 +0800] "GET /xingrg/kc/pszx/mdqp_order_list.html?state=10 HTTP/1.1" 200 12771
120.253.135.82 - - [04/Feb/2024:10:23:24 +0800] "GET /xingrg/dwr/engine.js HTTP/1.1" 200 43631
120.253.135.82 - - [04/Feb/2024:10:23:24 +0800] "GET /xingrg/dwr/interface/AjaxReportQueryService.js HTTP/1.1" 200 13203
120.253.135.82 - - [04/Feb/2024:10:23:24 +0800] "GET /xingrg/dwr/interface/AjaxQqpsService.js HTTP/1.1" 200 16326
101.83.145.37 - - [04/Feb/2024:10:23:25 +0800] "GET /xingrg/all/function/internal_message.html?_=1707013405756&CODE_STATE=getMsg HTTP/1.1" 302 -
61.170.233.78 - - [04/Feb/2024:10:23:26 +0800] "POST /xingrg/kc/buy/cgsh_order_operate.html HTTP/1.1" 200 37
120.253.135.82 - - [04/Feb/2024:10:23:28 +0800] "GET /xingrg/kc/pszx/mdqp_order_info.html?code=302024020400072 HTTP/1.1" 200 13346
120.253.135.82 - - [04/Feb/2024:10:23:28 +0800] "GET /xingrg/javascript/tools/jquery.qtip-1.0.0-rc3.min.js HTTP/1.1" 304 -
120.253.135.82 - - [04/Feb/2024:10:23:28 +0800] "GET /xingrg/dwr/interface/AjaxComOrderService.js HTTP/1.1" 200 18264
120.253.135.82 - - [04/Feb/2024:10:23:28 +0800] "GET /xingrg/dwr/interface/AjaxQqpsService.js HTTP/1.1" 200 16326
120.253.135.82 - - [04/Feb/2024:10:23:28 +0800] "GET /xingrg/dwr/engine.js HTTP/1.1" 200 43631
120.253.135.82 - - [04/Feb/2024:10:23:28 +0800] "GET /xingrg/javascript/AjaxInfoList.js HTTP/1.1" 304 -
120.253.135.82 - - [04/Feb/2024:10:23:28 +0800] "GET /xingrg/javascript/checkform.js HTTP/1.1" 304 -
120.253.135.82 - - [04/Feb/2024:10:23:28 +0800] "GET /xingrg/javascript/Grid.js HTTP/1.1" 304 -
120.253.135.82 - - [04/Feb/2024:10:23:28 +0800] "GET /xingrg/javascript/ToolTips.js HTTP/1.1" 304 -
116.230.123.222 - - [04/Feb/2024:10:23:29 +0800] "GET /xingrg/kc/buy/cgsh_order_operate.html?command=get_materiel&rest_code=00111&code=00101008150&supplier_code=00100005&order_time=2024-02-04 HTTP/1.1" 200 409
61.170.233.78 - - [04/Feb/2024:10:23:29 +0800] "POST /xingrg/kc/buy/cgsh_order_operate.html HTTP/1.1" 200 7958
120.253.135.82 - - [04/Feb/2024:10:23:30 +0800] "POST /xingrg/dwr/call/plaincall/AjaxQqpsService.loadMaterielItems.dwr HTTP/1.1" 200 666
116.230.123.222 - - [04/Feb/2024:10:23:33 +0800] "POST /xingrg/kc/buy/cgsh_order_operate.html HTTP/1.1" 200 2065
120.253.135.82 - - [04/Feb/2024:10:23:37 +0800] "GET /xingrg/all/function/internal_message.html?_=1707013581660&CODE_STATE=getMsg HTTP/1.1" 302 -
120.253.135.82 - - [04/Feb/2024:10:23:37 +0800] "GET /xingrg/login.html HTTP/1.1" 200 7641
61.170.233.78 - - [04/Feb/2024:10:23:38 +0800] "GET /xingrg/kc/buy/cgsh_order_operate.html?command=get_materiel&rest_code=00106&code=00101008141&supplier_code=00100007&order_time=2024-02-04 HTTP/1.1" 200 412
222.69.129.86 - - [04/Feb/2024:10:23:39 +0800] "GET /xingrg/all/function/internal_message.html?_=1707013420483&CODE_STATE=getMsg HTTP/1.1" 200 27
116.238.120.94 - - [04/Feb/2024:10:23:40 +0800] "GET /xingrg/all/function/internal_message.html?_=1707013420039&CODE_STATE=getMsg HTTP/1.1" 200 27
116.230.123.222 - - [04/Feb/2024:10:23:41 +0800] "GET /xingrg/kc/buy/cgsh_order_operate.html?command=get_materiel&rest_code=00111&code=00101008356&supplier_code=00100005&order_time=2024-02-04 HTTP/1.1" 200 408
116.238.120.94 - - [04/Feb/2024:10:23:41 +0800] "POST /xingrg/dwr/call/plaincall/AjaxComOrderService.getMaterielSearchList.dwr HTTP/1.1" 200 1023
180.164.1.25 - - [04/Feb/2024:10:23:41 +0800] "GET /xingrg/all/function/internal_message.html?_=1707013421158&CODE_STATE=getMsg HTTP/1.1" 302 -
124.78.68.102 - - [04/Feb/2024:10:23:41 +0800] "GET /xingrg/all/function/internal_message.html?_=1707013421813&CODE_STATE=getMsg HTTP/1.1" 302 -
116.238.120.94 - - [04/Feb/2024:10:23:41 +0800] "POST /xingrg/dwr/call/plaincall/AjaxComOrderService.getMaterielSearchList.dwr HTTP/1.1" 200 1023
61.170.233.78 - - [04/Feb/2024:10:23:42 +0800] "GET /xingrg/all/function/internal_message.html?_=1707013422353&CODE_STATE=getMsg HTTP/1.1" 200 27
116.238.120.94 - - [04/Feb/2024:10:23:43 +0800] "POST /xingrg/dwr/call/plaincall/AjaxYddbService.getMaterielByMap.dwr HTTP/1.1" 200 4008
172.20.0.100 - - [04/Feb/2024:10:23:44 +0800] "GET /xingrg/check_reg.html?_=1707013424286 HTTP/1.1" 200 22
116.238.120.94 - - [04/Feb/2024:10:23:47 +0800] "POST /xingrg/dwr/call/plaincall/AjaxYddbService.saveMaterielItem.dwr HTTP/1.1" 200 79
116.232.194.112 - - [04/Feb/2024:10:23:47 +0800] "GET /xingrg/index.html?sysBaseUrl=http%3A%2F%2F180.169.147.146%3A18081%2Fxingrg%2F&costTime=1779×tamp=1684631389383 HTTP/1.1" 302 -
116.232.194.112 - - [04/Feb/2024:10:23:47 +0800] "GET /xingrg/login.html HTTP/1.1" 200 7641
61.170.233.78 - - [04/Feb/2024:10:23:48 +0800] "GET /xingrg/kc/buy/cgsh_order_operate.html?command=get_materiel&rest_code=00106&code=00101008361&supplier_code=00100007&order_time=2024-02-04 HTTP/1.1" 200 408
116.232.194.112 - - [04/Feb/2024:10:23:48 +0800] "GET /favicon.ico HTTP/1.1" 404 -
101.83.145.37 - - [04/Feb/2024:10:23:49 +0800] "GET /xingrg/all/function/internal_message.html?_=1707013194625&CODE_STATE=getMsg HTTP/1.1" 200 27
116.230.123.222 - - [04/Feb/2024:10:23:54 +0800] "GET /xingrg/kc/buy/cgsh_order_operate.html?command=get_materiel&rest_code=00111&code=00101008350&supplier_code=00100005&order_time=2024-02-04 HTTP/1.1" 200 408
116.232.194.112 - - [04/Feb/2024:10:23:55 +0800] "POST /xingrg/login.do HTTP/1.1" 302 -
116.232.194.112 - - [04/Feb/2024:10:23:55 +0800] "GET /xingrg/index.html?sysBaseUrl=http%3A%2F%2F180.169.147.146%3A18081%2Fxingrg%2F&costTime=1267×tamp=1707013435006 HTTP/1.1" 200 17179
116.232.194.112 - - [04/Feb/2024:10:23:55 +0800] "GET /favicon.ico HTTP/1.1" 404 -
116.232.194.112 - - [04/Feb/2024:10:23:55 +0800] "GET /xingrg/all/function/internal_message.html?_=1707013359969&CODE_STATE=count HTTP/1.1" 200 11
116.232.194.112 - - [04/Feb/2024:10:23:55 +0800] "GET /xingrg/check_reg.html?_=1707013359970 HTTP/1.1" 200 22
116.232.194.112 - - [04/Feb/2024:10:23:55 +0800] "POST /xingrg/all/common/load_tree.html?tree=area_rest_tree_json&manage=1 HTTP/1.1" 200 351
116.232.194.112 - - [04/Feb/2024:10:23:55 +0800] "POST /xingrg/load_menu.html HTTP/1.1" 200 5138
61.170.233.78 - - [04/Feb/2024:10:23:55 +0800] "POST /xingrg/all/user/operate.html HTTP/1.1" 200 36
61.170.233.78 - - [04/Feb/2024:10:23:55 +0800] "GET /xingrg/index.html?sysBaseUrl=http%3A%2F%2F180.169.147.146%3A18081%2Fxingrg%2F&costTime=901×tamp=1707013058592 HTTP/1.1" 200 17509
61.170.233.78 - - [04/Feb/2024:10:23:56 +0800] "GET /xingrg/javascript/jquery_easy_ui/themes/default/easyui.css HTTP/1.1" 304 -
116.238.120.94 - - [04/Feb/2024:10:23:56 +0800] "POST /xingrg/dwr/call/plaincall/AjaxYddbService.checkOrder.dwr HTTP/1.1" 200 79
61.170.233.78 - - [04/Feb/2024:10:23:56 +0800] "GET /xingrg/javascript/jquery_easy_ui/themes/icon.css HTTP/1.1" 304 -
61.170.233.78 - - [04/Feb/2024:10:23:56 +0800] "GET /xingrg/css/form.css HTTP/1.1" 304 -
61.170.233.78 - - [04/Feb/2024:10:23:56 +0800] "GET /xingrg/javascript/jquery-1.4.2.min.js HTTP/1.1" 304 -
61.170.233.78 - - [04/Feb/2024:10:23:56 +0800] "GET /xingrg/javascript/jquery_easy_ui/jquery.easyui.min.js HTTP/1.1" 304 -
61.170.233.78 - - [04/Feb/2024:10:23:56 +0800] "GET /xingrg/javascript/jquery_easy_ui/easyui-lang-zh_CN.js HTTP/1.1" 304 -
61.170.233.78 - - [04/Feb/2024:10:23:56 +0800] "GET /xingrg/javascript/jquery.form.js HTTP/1.1" 304 -
61.170.233.78 - - [04/Feb/2024:10:23:56 +0800] "GET /xingrg/javascript/jquery.utils.js HTTP/1.1" 304 -
61.170.233.78 - - [04/Feb/2024:10:23:56 +0800] "GET /xingrg/javascript/jquery.timers.js HTTP/1.1" 304 -
61.170.233.78 - - [04/Feb/2024:10:23:56 +0800] "GET /xingrg/images/blue/jxLogo.png HTTP/1.1" 304 -
61.170.233.78 - - [04/Feb/2024:10:23:56 +0800] "GET /xingrg/images/blue/navBackgound.jpg HTTP/1.1" 304 -
61.170.233.78 - - [04/Feb/2024:10:23:56 +0800] "GET /xingrg/javascript/jquery_easy_ui/themes/icons/settle_new.png HTTP/1.1" 304 -
61.170.233.78 - - [04/Feb/2024:10:23:56 +0800] "GET /xingrg/javascript/jquery_easy_ui/themes/default/images/panel_tool_expand.gif HTTP/1.1" 304 -
61.170.233.78 - - [04/Feb/2024:10:23:56 +0800] "GET /xingrg/all/function/internal_message.html?_=1707013436567&CODE_STATE=count HTTP/1.1" 200 11
61.170.233.78 - - [04/Feb/2024:10:23:56 +0800] "GET /xingrg/check_reg.html?_=1707013436568 HTTP/1.1" 200 22
61.170.233.78 - - [04/Feb/2024:10:23:56 +0800] "GET /xingrg/javascript/jquery_easy_ui/themes/default/images/panel_tool_collapse.gif HTTP/1.1" 304 -
61.170.233.78 - - [04/Feb/2024:10:23:56 +0800] "POST /xingrg/all/common/load_tree.html?tree=area_rest_tree_json&manage=1 HTTP/1.1" 200 3624
61.170.233.78 - - [04/Feb/2024:10:23:56 +0800] "GET /xingrg/javascript/jquery_easy_ui/themes/default/images/tabs_rightarrow.png HTTP/1.1" 304 -
61.170.233.78 - - [04/Feb/2024:10:23:56 +0800] "GET /xingrg/javascript/jquery_easy_ui/themes/default/images/tabs_leftarrow.png HTTP/1.1" 304 -
61.170.233.78 - - [04/Feb/2024:10:23:56 +0800] "GET /xingrg/images/blue/pingpu.png HTTP/1.1" 304 -
61.170.233.78 - - [04/Feb/2024:10:23:56 +0800] "POST /xingrg/load_menu.html HTTP/1.1" 200 9959
116.238.97.31 - - [04/Feb/2024:10:23:57 +0800] "GET /xingrg/all/function/internal_message.html?_=1707013437076&CODE_STATE=getMsg HTTP/1.1" 200 27
116.232.194.112 - - [04/Feb/2024:10:23:57 +0800] "GET /xingrg/kc/buy/buy_main.html HTTP/1.1" 200 12412
116.232.194.112 - - [04/Feb/2024:10:23:57 +0800] "GET /xingrg/css/new_ie.css HTTP/1.1" 404 1036
116.238.120.94 - - [04/Feb/2024:10:23:58 +0800] "GET /xingrg/kc/base/yddb_order_info.html?code=482024020400021 HTTP/1.1" 200 29840
116.238.120.94 - - [04/Feb/2024:10:23:58 +0800] "GET /xingrg/dwr/interface/AjaxComOrderService.js HTTP/1.1" 200 18264
116.238.120.94 - - [04/Feb/2024:10:23:58 +0800] "GET /xingrg/dwr/engine.js HTTP/1.1" 200 43631
116.238.120.94 - - [04/Feb/2024:10:23:58 +0800] "GET /xingrg/dwr/util.js HTTP/1.1" 304 -
116.238.120.94 - - [04/Feb/2024:10:23:58 +0800] "GET /xingrg/dwr/interface/AjaxYddbService.js HTTP/1.1" 200 13201
116.232.194.112 - - [04/Feb/2024:10:23:58 +0800] "GET /xingrg/images/yd/bt.gif HTTP/1.1" 404 1040
116.238.120.94 - - [04/Feb/2024:10:23:58 +0800] "POST /xingrg/dwr/call/plaincall/AjaxYddbService.loadMaterielItems.dwr HTTP/1.1" 200 8421
116.232.194.112 - - [04/Feb/2024:10:23:59 +0800] "GET /xingrg/kc/buy/cgsh_order_list.html HTTP/1.1" 200 57698
180.169.147.146 - - [04/Feb/2024:10:23:59 +0800] "GET /xingrg/all/function/internal_message.html?_=1707013439531&CODE_STATE=getMsg HTTP/1.1" 200 27
221.239.172.206 - - [04/Feb/2024:10:24:00 +0800] "GET /xingrg/check_reg.html?_=1707013440564 HTTP/1.1" 302 -
61.170.233.78 - - [04/Feb/2024:10:24:01 +0800] "GET /xingrg/kc/buy/cgsh_order_operate.html?command=get_materiel&rest_code=00106&code=00101008355&supplier_code=00100007&order_time=2024-02-04 HTTP/1.1" 200 408
116.238.120.94 - - [04/Feb/2024:10:24:03 +0800] "GET /xingrg/kc/mdqp/qqps_order_list.html HTTP/1.1" 200 9676
116.238.120.94 - - [04/Feb/2024:10:24:03 +0800] "GET /xingrg/dwr/interface/AjaxQqpsService.js HTTP/1.1" 200 16326
116.238.120.94 - - [04/Feb/2024:10:24:03 +0800] "GET /xingrg/dwr/interface/AjaxReportQueryService.js HTTP/1.1" 200 13203
116.238.120.94 - - [04/Feb/2024:10:24:03 +0800] "GET /xingrg/dwr/engine.js HTTP/1.1" 200 43631
120.253.135.82 - - [04/Feb/2024:10:24:05 +0800] "GET /xingrg/all/function/internal_message.html?_=1707013273484&CODE_STATE=getMsg HTTP/1.1" 200 27
61.170.233.78 - - [04/Feb/2024:10:24:06 +0800] "GET /xingrg/kc/mdqp/pssh_order_list.html HTTP/1.1" 200 17807
172.20.0.100 - - [04/Feb/2024:10:24:06 +0800] "GET /xingrg/all/function/internal_message.html?_=1707013465785&CODE_STATE=getMsg HTTP/1.1" 302 -
172.20.0.100 - - [04/Feb/2024:10:24:06 +0800] "GET /xingrg/check_reg.html?_=1707013465786 HTTP/1.1" 302 -
61.170.233.78 - - [04/Feb/2024:10:24:07 +0800] "POST /xingrg/kc/mdqp/pssh_list_operate.html HTTP/1.1" 200 5482
116.238.120.94 - - [04/Feb/2024:10:24:10 +0800] "GET /xingrg/kc/mdqp/qqps_order_list.html?isQuery=1&timeSelect=1&orderTime=day&startTime=2024-02-03&endTime=2024-02-04&state=all&query=%C8%B7++%B6%A8 HTTP/1.1" 200 11022
116.238.120.94 - - [04/Feb/2024:10:24:10 +0800] "GET /xingrg/dwr/interface/AjaxQqpsService.js HTTP/1.1" 200 16326
116.238.120.94 - - [04/Feb/2024:10:24:10 +0800] "GET /xingrg/dwr/interface/AjaxReportQueryService.js HTTP/1.1" 200 13203
116.238.120.94 - - [04/Feb/2024:10:24:10 +0800] "GET /xingrg/dwr/engine.js HTTP/1.1" 200 43631
116.232.194.112 - - [04/Feb/2024:10:24:11 +0800] "POST /xingrg/kc/buy/cgsh_list_operate.html HTTP/1.1" 200 3573
124.79.241.29 - - [04/Feb/2024:10:24:11 +0800] "GET /xingrg/all/function/internal_message.html?_=1707013449580&CODE_STATE=getMsg HTTP/1.1" 200 27
116.230.123.222 - - [04/Feb/2024:10:24:11 +0800] "GET /xingrg/kc/buy/cgsh_order_operate.html?command=get_materiel&rest_code=00111&code=00101008286&supplier_code=00100005&order_time=2024-02-04 HTTP/1.1" 200 408
61.170.233.78 - - [04/Feb/2024:10:24:11 +0800] "GET /xingrg/kc/buy/cgsh_order_operate.html?command=get_materiel&rest_code=00106&code=00101008264&supplier_code=00100007&order_time=2024-02-04 HTTP/1.1" 200 412
116.238.120.94 - - [04/Feb/2024:10:24:12 +0800] "GET /xingrg/kc/mdqp/qqps_order_info.html?code=302024020300068 HTTP/1.1" 200 26657
116.238.120.94 - - [04/Feb/2024:10:24:12 +0800] "GET /xingrg/dwr/interface/AjaxQqpsService.js HTTP/1.1" 200 16326
116.238.120.94 - - [04/Feb/2024:10:24:12 +0800] "GET /xingrg/dwr/interface/AjaxComOrderService.js HTTP/1.1" 200 18264
116.238.120.94 - - [04/Feb/2024:10:24:12 +0800] "GET /xingrg/dwr/engine.js HTTP/1.1" 200 43631
116.232.194.112 - - [04/Feb/2024:10:24:13 +0800] "GET /favicon.ico HTTP/1.1" 404 -
116.238.120.94 - - [04/Feb/2024:10:24:13 +0800] "POST /xingrg/dwr/call/plaincall/AjaxQqpsService.loadMaterielItems.dwr HTTP/1.1" 200 360
61.170.233.78 - - [04/Feb/2024:10:24:14 +0800] "POST /xingrg/kc/buy/cgsh_order_operate.html HTTP/1.1" 200 2065
61.170.233.78 - - [04/Feb/2024:10:24:14 +0800] "GET /xingrg/all/function/internal_message.html?_=1707013449591&CODE_STATE=getMsg HTTP/1.1" 200 27
120.253.135.82 - - [04/Feb/2024:10:24:14 +0800] "GET /xingrg/images/yd/bt.gif HTTP/1.1" 404 1040
120.253.135.82 - - [04/Feb/2024:10:24:14 +0800] "GET /xingrg/images/yd/bt2.gif HTTP/1.1" 404 1042
120.253.135.82 - - [04/Feb/2024:10:24:15 +0800] "GET /xingrg/kc/pszx/mdqp_order_list.html?isBack=1 HTTP/1.1" 302 -
120.253.135.82 - - [04/Feb/2024:10:24:16 +0800] "GET /xingrg/kc/pszx/mdqp_order_list.html?state=10 HTTP/1.1" 200 12771
120.253.135.82 - - [04/Feb/2024:10:24:16 +0800] "GET /xingrg/dwr/interface/AjaxReportQueryService.js HTTP/1.1" 200 13203
120.253.135.82 - - [04/Feb/2024:10:24:16 +0800] "GET /xingrg/dwr/interface/AjaxQqpsService.js HTTP/1.1" 200 16326
120.253.135.82 - - [04/Feb/2024:10:24:16 +0800] "GET /xingrg/dwr/engine.js HTTP/1.1" 200 43631
116.230.123.222 - - [04/Feb/2024:10:24:18 +0800] "GET /xingrg/all/function/internal_message.html?_=1707013458312&CODE_STATE=getMsg HTTP/1.1" 200 27
221.239.172.206 - - [04/Feb/2024:10:24:18 +0800] "GET /xingrg/all/function/internal_message.html?_=1707013458475&CODE_STATE=getMsg HTTP/1.1" 302 -
116.238.120.94 - - [04/Feb/2024:10:24:19 +0800] "GET /xingrg/kc/mdqp/qqps_order_list.html HTTP/1.1" 200 9676
116.238.120.94 - - [04/Feb/2024:10:24:19 +0800] "GET /xingrg/dwr/interface/AjaxQqpsService.js HTTP/1.1" 200 16326
116.238.120.94 - - [04/Feb/2024:10:24:19 +0800] "GET /xingrg/dwr/interface/AjaxReportQueryService.js HTTP/1.1" 200 13203
116.238.120.94 - - [04/Feb/2024:10:24:19 +0800] "GET /xingrg/dwr/engine.js HTTP/1.1" 200 43631
120.253.135.82 - - [04/Feb/2024:10:24:19 +0800] "GET /xingrg/kc/pszx/mdqp_order_info.html?code=302024020400069 HTTP/1.1" 200 13346
120.253.135.82 - - [04/Feb/2024:10:24:19 +0800] "GET /xingrg/dwr/interface/AjaxQqpsService.js HTTP/1.1" 200 16326
120.253.135.82 - - [04/Feb/2024:10:24:19 +0800] "GET /xingrg/dwr/interface/AjaxComOrderService.js HTTP/1.1" 200 18264
120.253.135.82 - - [04/Feb/2024:10:24:19 +0800] "GET /xingrg/dwr/engine.js HTTP/1.1" 200 43631
61.170.233.78 - - [04/Feb/2024:10:24:19 +0800] "GET /xingrg/kc/buy/cgsh_order_operate.html?command=get_materiel&rest_code=00106&code=00101008360&supplier_code=00100007&order_time=2024-02-04 HTTP/1.1" 200 413
222.70.172.31 - - [04/Feb/2024:10:24:20 +0800] "GET /xingrg/all/function/internal_message.html?_=1707013461788&CODE_STATE=getMsg HTTP/1.1" 200 27
116.238.120.94 - - [04/Feb/2024:10:24:23 +0800] "GET /xingrg/kc/mdqp/qqps_order_list.html?isQuery=1&timeSelect=1&orderTime=day&startTime=2024-02-03&endTime=2024-02-04&state=all&query=%C8%B7++%B6%A8 HTTP/1.1" 200 11022
116.238.120.94 - - [04/Feb/2024:10:24:23 +0800] "GET /xingrg/dwr/interface/AjaxQqpsService.js HTTP/1.1" 200 16326
116.238.120.94 - - [04/Feb/2024:10:24:23 +0800] "GET /xingrg/dwr/interface/AjaxReportQueryService.js HTTP/1.1" 200 13203
116.238.120.94 - - [04/Feb/2024:10:24:23 +0800] "GET /xingrg/dwr/engine.js HTTP/1.1" 200 43631
120.253.135.82 - - [04/Feb/2024:10:24:23 +0800] "POST /xingrg/dwr/call/plaincall/AjaxQqpsService.loadMaterielItems.dwr HTTP/1.1" 200 2807
116.238.120.94 - - [04/Feb/2024:10:24:23 +0800] "GET /xingrg/all/function/internal_message.html?_=1707013463734&CODE_STATE=getMsg HTTP/1.1" 200 27
172.20.0.100 - - [04/Feb/2024:10:24:24 +0800] "GET /xingrg/all/function/internal_message.html?_=1707013463633&CODE_STATE=getMsg HTTP/1.1" 200 27
116.230.123.222 - - [04/Feb/2024:10:24:24 +0800] "GET /xingrg/kc/buy/cgsh_order_operate.html?command=get_materiel&rest_code=00111&code=00101008353&supplier_code=00100005&order_time=2024-02-04 HTTP/1.1" 200 408
61.170.233.78 - - [04/Feb/2024:10:24:24 +0800] "POST /xingrg/kc/mdqp/pssh_list_operate.html HTTP/1.1" 200 5228
101.83.145.37 - - [04/Feb/2024:10:24:25 +0800] "GET /xingrg/all/function/internal_message.html?_=1707013465757&CODE_STATE=getMsg HTTP/1.1" 302 -
116.238.120.94 - - [04/Feb/2024:10:24:26 +0800] "GET /xingrg/kc/mdqp/qqps_order_info.html?code=302024020300064 HTTP/1.1" 200 26657
116.238.120.94 - - [04/Feb/2024:10:24:26 +0800] "GET /xingrg/dwr/interface/AjaxComOrderService.js HTTP/1.1" 200 18264
116.238.120.94 - - [04/Feb/2024:10:24:26 +0800] "GET /xingrg/dwr/interface/AjaxQqpsService.js HTTP/1.1" 200 16326
116.238.120.94 - - [04/Feb/2024:10:24:26 +0800] "GET /xingrg/dwr/engine.js HTTP/1.1" 200 43631
61.170.233.78 - - [04/Feb/2024:10:24:28 +0800] "GET /xingrg/kc/buy/cgsh_order_operate.html?command=get_materiel&rest_code=00106&code=00101008357&supplier_code=00100007&order_time=2024-02-04 HTTP/1.1" 200 408
120.253.135.82 - - [04/Feb/2024:10:24:31 +0800] "GET /xingrg/images/yd/bt.gif HTTP/1.1" 404 1040
120.253.135.82 - - [04/Feb/2024:10:24:31 +0800] "GET /xingrg/images/yd/bt2.gif HTTP/1.1" 404 1042
61.170.233.78 - - [04/Feb/2024:10:24:34 +0800] "POST /xingrg/kc/mdqp/pssh_list_operate.html HTTP/1.1" 200 5361
180.163.28.180 - - [04/Feb/2024:10:24:35 +0800] "GET /xingrg/kc/buy/cgsh_order_operate.html?command=get_materiel&rest_code=00106&code=00101008141&supplier_code=00100007&order_time=2024-02-04 HTTP/1.1" 302 -
180.163.28.180 - - [04/Feb/2024:10:24:35 +0800] "GET /xingrg/login.html HTTP/1.1" 200 7641
116.230.123.222 - - [04/Feb/2024:10:24:36 +0800] "GET /xingrg/kc/buy/cgsh_order_operate.html?command=get_materiel&rest_code=00111&code=00101008096&supplier_code=00100005&order_time=2024-02-04 HTTP/1.1" 200 412
120.253.135.82 - - [04/Feb/2024:10:24:38 +0800] "GET /xingrg/check_reg.html?_=1707013642668 HTTP/1.1" 302 -
120.253.135.82 - - [04/Feb/2024:10:24:38 +0800] "GET /xingrg/all/function/internal_message.html?_=1707013642665&CODE_STATE=getMsg HTTP/1.1" 302 -
120.253.135.82 - - [04/Feb/2024:10:24:38 +0800] "GET /xingrg/login.html HTTP/1.1" 200 7641
120.253.135.82 - - [04/Feb/2024:10:24:38 +0800] "GET /xingrg/login.html HTTP/1.1" 200 7641
61.170.233.78 - - [04/Feb/2024:10:24:38 +0800] "POST /xingrg/kc/mdqp/pssh_list_operate.html HTTP/1.1" 200 5375
222.69.129.86 - - [04/Feb/2024:10:24:39 +0800] "GET /xingrg/check_reg.html?_=1707013480499 HTTP/1.1" 200 22
222.69.129.86 - - [04/Feb/2024:10:24:39 +0800] "GET /xingrg/all/function/internal_message.html?_=1707013480503&CODE_STATE=getMsg HTTP/1.1" 200 27
116.238.120.94 - - [04/Feb/2024:10:24:40 +0800] "GET /xingrg/check_reg.html?_=1707013480048 HTTP/1.1" 200 22
116.238.120.94 - - [04/Feb/2024:10:24:40 +0800] "GET /xingrg/all/function/internal_message.html?_=1707013480044&CODE_STATE=getMsg HTTP/1.1" 200 27
180.164.1.25 - - [04/Feb/2024:10:24:41 +0800] "GET /xingrg/all/function/internal_message.html?_=1707013481151&CODE_STATE=getMsg HTTP/1.1" 302 -
116.238.120.94 - - [04/Feb/2024:10:24:41 +0800] "POST /xingrg/dwr/call/plaincall/AjaxQqpsService.loadMaterielItems.dwr HTTP/1.1" 200 13394
124.78.68.102 - - [04/Feb/2024:10:24:41 +0800] "GET /xingrg/all/function/internal_message.html?_=1707013481814&CODE_STATE=getMsg HTTP/1.1" 302 -
61.170.233.78 - - [04/Feb/2024:10:24:41 +0800] "POST /xingrg/kc/mdqp/pssh_list_operate.html HTTP/1.1" 200 7874
61.170.233.78 - - [04/Feb/2024:10:24:43 +0800] "POST /xingrg/kc/buy/cgsh_order_operate.html HTTP/1.1" 200 37
61.170.233.78 - - [04/Feb/2024:10:24:45 +0800] "POST /xingrg/kc/mdqp/pssh_list_operate.html HTTP/1.1" 200 8742
116.230.123.222 - - [04/Feb/2024:10:24:45 +0800] "POST /xingrg/kc/buy/cgsh_order_operate.html HTTP/1.1" 200 2065
61.170.233.78 - - [04/Feb/2024:10:24:45 +0800] "POST /xingrg/kc/buy/cgsh_order_operate.html HTTP/1.1" 200 11516
61.170.233.78 - - [04/Feb/2024:10:24:46 +0800] "POST /xingrg/kc/mdqp/pssh_list_operate.html HTTP/1.1" 200 8611
101.83.145.37 - - [04/Feb/2024:10:24:49 +0800] "GET /xingrg/all/function/internal_message.html?_=1707013254625&CODE_STATE=getMsg HTTP/1.1" 200 27
101.83.145.37 - - [04/Feb/2024:10:24:49 +0800] "GET /xingrg/check_reg.html?_=1707013254629 HTTP/1.1" 200 22
116.238.120.94 - - [04/Feb/2024:10:24:50 +0800] "GET /xingrg/kc/mdqp/qqps_order_list.html?isBack=1 HTTP/1.1" 302 -
116.238.120.94 - - [04/Feb/2024:10:24:50 +0800] "GET /xingrg/kc/mdqp/qqps_order_list.html?isQuery=1&timeSelect=1&orderTime=day&startTime=2024-02-03&endTime=2024-02-04&state=all&query=%C8%B7++%B6%A8 HTTP/1.1" 200 11022
116.238.120.94 - - [04/Feb/2024:10:24:50 +0800] "GET /xingrg/dwr/interface/AjaxQqpsService.js HTTP/1.1" 200 16326
116.238.120.94 - - [04/Feb/2024:10:24:50 +0800] "GET /xingrg/dwr/interface/AjaxReportQueryService.js HTTP/1.1" 200 13203
116.238.120.94 - - [04/Feb/2024:10:24:50 +0800] "GET /xingrg/dwr/engine.js HTTP/1.1" 200 43631
61.170.233.78 - - [04/Feb/2024:10:24:52 +0800] "POST /xingrg/load_menu.html HTTP/1.1" 200 9695
116.230.123.222 - - [04/Feb/2024:10:24:53 +0800] "GET /xingrg/kc/buy/cgsh_order_operate.html?command=get_materiel&rest_code=00111&code=00101008283&supplier_code=00100005&order_time=2024-02-04 HTTP/1.1" 200 408
116.232.194.112 - - [04/Feb/2024:10:24:54 +0800] "GET /xingrg/kc/buy/cgsh_order_add.html HTTP/1.1" 200 73555
116.238.120.94 - - [04/Feb/2024:10:24:54 +0800] "GET /xingrg/kc/mdqp/qqps_order_info.html?code=302024020400071 HTTP/1.1" 200 26657
116.238.120.94 - - [04/Feb/2024:10:24:54 +0800] "GET /xingrg/dwr/interface/AjaxComOrderService.js HTTP/1.1" 200 18264
116.238.120.94 - - [04/Feb/2024:10:24:54 +0800] "GET /xingrg/dwr/interface/AjaxQqpsService.js HTTP/1.1" 200 16326
116.238.120.94 - - [04/Feb/2024:10:24:54 +0800] "GET /xingrg/dwr/engine.js HTTP/1.1" 200 43631
116.232.194.112 - - [04/Feb/2024:10:24:54 +0800] "POST /xingrg/kc/buy/cgsh_order_operate.html HTTP/1.1" 200 8245
116.232.194.112 - - [04/Feb/2024:10:24:54 +0800] "GET /xingrg/javascript/easyui/themes/default/validatebox.css HTTP/1.1" 404 1104
116.232.194.112 - - [04/Feb/2024:10:24:54 +0800] "GET /xingrg/all/common/auto_word.html?type=employee&rest_code=00155 HTTP/1.1" 200 255
116.232.194.112 - - [04/Feb/2024:10:24:54 +0800] "GET /xingrg/all/common/auto_word.html?type=employee&rest_code=00155 HTTP/1.1" 200 255
116.238.120.94 - - [04/Feb/2024:10:24:55 +0800] "POST /xingrg/dwr/call/plaincall/AjaxQqpsService.loadMaterielItems.dwr HTTP/1.1" 200 1575
116.232.194.112 - - [04/Feb/2024:10:24:55 +0800] "GET /xingrg/all/function/internal_message.html?_=1707013419975&CODE_STATE=getMsg HTTP/1.1" 200 27
116.232.194.112 - - [04/Feb/2024:10:24:56 +0800] "GET /xingrg/javascript/auto/indicator.gif HTTP/1.1" 404 1066
61.170.233.78 - - [04/Feb/2024:10:24:56 +0800] "GET /xingrg/all/function/internal_message.html?_=1707013496600&CODE_STATE=getMsg HTTP/1.1" 200 27
61.170.233.78 - - [04/Feb/2024:10:24:57 +0800] "GET /xingrg/kc/buy/cgsh_order_operate.html?command=get_materiel&rest_code=00106&code=00101008069&supplier_code=00100007&order_time=2024-02-04 HTTP/1.1" 200 412
116.238.97.31 - - [04/Feb/2024:10:24:57 +0800] "GET /xingrg/all/function/internal_message.html?_=1707013497056&CODE_STATE=getMsg HTTP/1.1" 200 27
61.170.233.78 - - [04/Feb/2024:10:24:57 +0800] "GET /xingrg/kc/base/yddb_order_list.html HTTP/1.1" 200 16624
61.170.233.78 - - [04/Feb/2024:10:24:58 +0800] "POST /xingrg/kc/base/yddb_list_operate.html HTTP/1.1" 200 636
116.238.120.94 - - [04/Feb/2024:10:24:58 +0800] "POST /xingrg/dwr/call/plaincall/AjaxQqpsService.uncheckOrder.dwr HTTP/1.1" 200 78
180.169.147.146 - - [04/Feb/2024:10:24:59 +0800] "GET /xingrg/check_reg.html?_=1707013499531 HTTP/1.1" 200 22
180.169.147.146 - - [04/Feb/2024:10:24:59 +0800] "GET /xingrg/all/function/internal_message.html?_=1707013499534&CODE_STATE=getMsg HTTP/1.1" 200 27
116.232.194.112 - - [04/Feb/2024:10:25:00 +0800] "GET /xingrg/javascript/jquery_tools/images/prev.gif HTTP/1.1" 404 1086
116.232.194.112 - - [04/Feb/2024:10:25:00 +0800] "GET /xingrg/javascript/jquery_tools/images/next.gif HTTP/1.1" 404 1086
116.238.120.94 - - [04/Feb/2024:10:25:00 +0800] "GET /xingrg/kc/mdqp/qqps_order_info.html?code=302024020400071 HTTP/1.1" 200 28412
116.238.120.94 - - [04/Feb/2024:10:25:00 +0800] "GET /xingrg/css/blue.css HTTP/1.1" 304 -
116.238.120.94 - - [04/Feb/2024:10:25:00 +0800] "GET /xingrg/javascript/jquery_easy_ui/themes/icon.css HTTP/1.1" 304 -
116.238.120.94 - - [04/Feb/2024:10:25:00 +0800] "GET /xingrg/javascript/auto/jquery.autocomplete.css HTTP/1.1" 304 -
116.238.120.94 - - [04/Feb/2024:10:25:00 +0800] "GET /xingrg/javascript/jquery-1.4.2.min.js HTTP/1.1" 304 -
116.238.120.94 - - [04/Feb/2024:10:25:00 +0800] "GET /xingrg/javascript/jquery_easy_ui/jquery.easyui.min.js HTTP/1.1" 304 -
116.238.120.94 - - [04/Feb/2024:10:25:00 +0800] "GET /xingrg/javascript/jquery_easy_ui/easyui-lang-zh_CN.js HTTP/1.1" 304 -
116.238.120.94 - - [04/Feb/2024:10:25:00 +0800] "GET /xingrg/javascript/auto/jquery.autocomplete.js HTTP/1.1" 304 -
116.238.120.94 - - [04/Feb/2024:10:25:00 +0800] "GET /xingrg/javascript/tools/jquery.qtip-1.0.0-rc3.min.js HTTP/1.1" 304 -
116.238.120.94 - - [04/Feb/2024:10:25:00 +0800] "GET /xingrg/javascript/jquery.utils.js HTTP/1.1" 304 -
116.238.120.94 - - [04/Feb/2024:10:25:00 +0800] "GET /xingrg/javascript/pic_change.js HTTP/1.1" 304 -
116.238.120.94 - - [04/Feb/2024:10:25:00 +0800] "GET /xingrg/dwr/interface/AjaxComOrderService.js HTTP/1.1" 200 18264
116.238.120.94 - - [04/Feb/2024:10:25:00 +0800] "GET /xingrg/dwr/interface/AjaxQqpsService.js HTTP/1.1" 200 16326
116.238.120.94 - - [04/Feb/2024:10:25:00 +0800] "GET /xingrg/dwr/engine.js HTTP/1.1" 200 43631
116.238.120.94 - - [04/Feb/2024:10:25:00 +0800] "GET /xingrg/dwr/util.js HTTP/1.1" 304 -
116.238.120.94 - - [04/Feb/2024:10:25:00 +0800] "GET /xingrg/javascript/Calendar.js HTTP/1.1" 304 -
116.238.120.94 - - [04/Feb/2024:10:25:00 +0800] "GET /xingrg/javascript/myfunction.js HTTP/1.1" 304 -
116.238.120.94 - - [04/Feb/2024:10:25:00 +0800] "GET /xingrg/javascript/AjaxInfoList.js HTTP/1.1" 304 -
116.238.120.94 - - [04/Feb/2024:10:25:00 +0800] "GET /xingrg/javascript/Grid.js HTTP/1.1" 304 -
116.238.120.94 - - [04/Feb/2024:10:25:00 +0800] "GET /xingrg/javascript/ToolTips.js HTTP/1.1" 304 -
116.238.120.94 - - [04/Feb/2024:10:25:00 +0800] "GET /xingrg/javascript/print/kc_print.js HTTP/1.1" 304 -
116.238.120.94 - - [04/Feb/2024:10:25:00 +0800] "GET /xingrg/javascript/print/LodopFuncs.js HTTP/1.1" 304 -
116.238.120.94 - - [04/Feb/2024:10:25:00 +0800] "GET /xingrg/javascript/jquery_easy_ui/themes/default/easyui.css HTTP/1.1" 304 -
116.238.120.94 - - [04/Feb/2024:10:25:00 +0800] "GET /xingrg/javascript/jquery_easy_ui/themes/icon.css HTTP/1.1" 304 -
116.238.120.94 - - [04/Feb/2024:10:25:00 +0800] "GET /xingrg/words/20240203191321_words.js HTTP/1.1" 304 -
116.238.120.94 - - [04/Feb/2024:10:25:01 +0800] "GET /xingrg/images/blue/button/kc_tab_add.gif HTTP/1.1" 304 -
116.238.120.94 - - [04/Feb/2024:10:25:01 +0800] "GET /xingrg/images/blue/button/kc_tab_edit.gif HTTP/1.1" 304 -
116.238.120.94 - - [04/Feb/2024:10:25:01 +0800] "GET /xingrg/images/blue/button/kc_tab_save.gif HTTP/1.1" 304 -
116.238.120.94 - - [04/Feb/2024:10:25:01 +0800] "GET /xingrg/images/blue/button/kc_tab_del.gif HTTP/1.1" 304 -
116.238.120.94 - - [04/Feb/2024:10:25:01 +0800] "GET /xingrg/images/blue/wait.gif HTTP/1.1" 304 -
116.238.120.94 - - [04/Feb/2024:10:25:01 +0800] "POST /xingrg/dwr/call/plaincall/AjaxQqpsService.loadMaterielItems.dwr HTTP/1.1" 200 1575
116.238.120.94 - - [04/Feb/2024:10:25:03 +0800] "GET /xingrg/javascript/auto/indicator.gif HTTP/1.1" 404 1066
61.170.233.78 - - [04/Feb/2024:10:25:04 +0800] "POST /xingrg/kc/base/yddb_list_operate.html HTTP/1.1" 200 6173
116.230.123.222 - - [04/Feb/2024:10:25:04 +0800] "GET /xingrg/kc/buy/cgsh_order_operate.html?command=get_materiel&rest_code=00111&code=00101008095&supplier_code=00100005&order_time=2024-02-04 HTTP/1.1" 200 412
120.253.135.82 - - [04/Feb/2024:10:25:05 +0800] "GET /xingrg/all/function/internal_message.html?_=1707013333497&CODE_STATE=getMsg HTTP/1.1" 200 27
116.238.120.94 - - [04/Feb/2024:10:25:06 +0800] "POST /xingrg/dwr/call/plaincall/AjaxQqpsService.getMaterielByCode.dwr HTTP/1.1" 200 3868
172.20.0.100 - - [04/Feb/2024:10:25:06 +0800] "GET /xingrg/all/function/internal_message.html?_=1707013525784&CODE_STATE=getMsg HTTP/1.1" 302 -
61.170.233.78 - - [04/Feb/2024:10:25:07 +0800] "GET /xingrg/kc/buy/cgsh_order_operate.html?command=get_materiel&rest_code=00106&code=00101008286&supplier_code=00100007&order_time=2024-02-04 HTTP/1.1" 200 408
124.79.241.29 - - [04/Feb/2024:10:25:11 +0800] "GET /xingrg/check_reg.html?_=1707013509576 HTTP/1.1" 200 22
124.79.241.29 - - [04/Feb/2024:10:25:11 +0800] "GET /xingrg/all/function/internal_message.html?_=1707013509580&CODE_STATE=getMsg HTTP/1.1" 200 27
61.170.233.78 - - [04/Feb/2024:10:25:14 +0800] "GET /xingrg/all/function/internal_message.html?_=1707013509592&CODE_STATE=getMsg HTTP/1.1" 200 27
116.230.123.222 - - [04/Feb/2024:10:25:15 +0800] "GET /xingrg/kc/buy/cgsh_order_operate.html?command=get_materiel&rest_code=00111&code=00101008674&supplier_code=00100005&order_time=2024-02-04 HTTP/1.1" 200 412
61.170.233.78 - - [04/Feb/2024:10:25:16 +0800] "GET /xingrg/kc/buy/cgsh_order_operate.html?command=get_materiel&rest_code=00106&code=00101008368&supplier_code=00100007&order_time=2024-02-04 HTTP/1.1" 200 408
116.230.123.222 - - [04/Feb/2024:10:25:18 +0800] "GET /xingrg/all/function/internal_message.html?_=1707013518308&CODE_STATE=getMsg HTTP/1.1" 200 27
221.239.172.206 - - [04/Feb/2024:10:25:18 +0800] "GET /xingrg/all/function/internal_message.html?_=1707013518460&CODE_STATE=getMsg HTTP/1.1" 302 -
222.70.172.31 - - [04/Feb/2024:10:25:20 +0800] "GET /xingrg/all/function/internal_message.html?_=1707013521799&CODE_STATE=getMsg HTTP/1.1" 200 27
116.238.120.94 - - [04/Feb/2024:10:25:23 +0800] "GET /xingrg/all/function/internal_message.html?_=1707013523717&CODE_STATE=getMsg HTTP/1.1" 200 27
116.238.120.94 - - [04/Feb/2024:10:25:23 +0800] "GET /xingrg/check_reg.html?_=1707013523809 HTTP/1.1" 200 22
116.238.120.94 - - [04/Feb/2024:10:25:23 +0800] "POST /xingrg/dwr/call/plaincall/AjaxQqpsService.saveMaterielItem.dwr HTTP/1.1" 200 78
172.20.0.100 - - [04/Feb/2024:10:25:24 +0800] "GET /xingrg/all/function/internal_message.html?_=1707013523606&CODE_STATE=getMsg HTTP/1.1" 200 27
116.230.123.222 - - [04/Feb/2024:10:25:24 +0800] "GET /xingrg/kc/buy/cgsh_order_operate.html?command=get_materiel&rest_code=00111&code=00101008509&supplier_code=00100005&order_time=2024-02-04 HTTP/1.1" 200 409
101.83.145.37 - - [04/Feb/2024:10:25:25 +0800] "GET /xingrg/all/function/internal_message.html?_=1707013525760&CODE_STATE=getMsg HTTP/1.1" 302 -
101.83.145.37 - - [04/Feb/2024:10:25:25 +0800] "GET /xingrg/check_reg.html?_=1707013525763 HTTP/1.1" 302 -
61.170.233.78 - - [04/Feb/2024:10:25:27 +0800] "GET /xingrg/kc/buy/cgsh_order_operate.html?command=get_materiel&rest_code=00106&code=00101008131&supplier_code=00100007&order_time=2024-02-04 HTTP/1.1" 200 408
101.83.240.216 - - [04/Feb/2024:10:25:29 +0800] "GET /xingrg/all/function/internal_message.html?_=1707013529477&CODE_STATE=getMsg HTTP/1.1" 200 27
101.83.240.216 - - [04/Feb/2024:10:25:30 +0800] "POST /xingrg/kc/buy/cgsh_order_operate.html HTTP/1.1" 200 33417
116.238.120.94 - - [04/Feb/2024:10:25:33 +0800] "POST /xingrg/dwr/call/plaincall/AjaxQqpsService.checkOrder.dwr HTTP/1.1" 200 78
61.170.233.78 - - [04/Feb/2024:10:25:34 +0800] "POST /xingrg/kc/buy/cgsh_order_operate.html HTTP/1.1" 200 2065
116.238.120.94 - - [04/Feb/2024:10:25:35 +0800] "GET /xingrg/kc/mdqp/qqps_order_info.html?code=302024020400071 HTTP/1.1" 200 26657
116.238.120.94 - - [04/Feb/2024:10:25:35 +0800] "GET /xingrg/dwr/interface/AjaxComOrderService.js HTTP/1.1" 200 18264
116.238.120.94 - - [04/Feb/2024:10:25:35 +0800] "GET /xingrg/dwr/interface/AjaxQqpsService.js HTTP/1.1" 200 16326
116.238.120.94 - - [04/Feb/2024:10:25:35 +0800] "GET /xingrg/dwr/engine.js HTTP/1.1" 200 43631
116.238.120.94 - - [04/Feb/2024:10:25:36 +0800] "POST /xingrg/dwr/call/plaincall/AjaxQqpsService.loadMaterielItems.dwr HTTP/1.1" 200 1844
116.230.123.222 - - [04/Feb/2024:10:25:38 +0800] "GET /xingrg/kc/buy/cgsh_order_operate.html?command=get_materiel&rest_code=00111&code=00101015046&supplier_code=00100005&order_time=2024-02-04 HTTP/1.1" 200 412
222.69.129.86 - - [04/Feb/2024:10:25:39 +0800] "GET /xingrg/all/function/internal_message.html?_=1707013540507&CODE_STATE=getMsg HTTP/1.1" 200 27
120.253.135.82 - - [04/Feb/2024:10:25:39 +0800] "GET /xingrg/all/function/internal_message.html?_=1707013703673&CODE_STATE=getMsg HTTP/1.1" 302 -
120.253.135.82 - - [04/Feb/2024:10:25:39 +0800] "GET /xingrg/login.html HTTP/1.1" 200 7641
116.238.120.94 - - [04/Feb/2024:10:25:40 +0800] "GET /xingrg/all/function/internal_message.html?_=1707013540061&CODE_STATE=getMsg HTTP/1.1" 200 27
116.230.123.222 - - [04/Feb/2024:10:25:40 +0800] "POST /xingrg/kc/buy/cgsh_order_operate.html HTTP/1.1" 200 2065
180.164.1.25 - - [04/Feb/2024:10:25:41 +0800] "GET /xingrg/all/function/internal_message.html?_=1707013541159&CODE_STATE=getMsg HTTP/1.1" 302 -
124.78.68.102 - - [04/Feb/2024:10:25:41 +0800] "GET /xingrg/all/function/internal_message.html?_=1707013541810&CODE_STATE=getMsg HTTP/1.1" 302 -
61.170.233.78 - - [04/Feb/2024:10:25:43 +0800] "GET /xingrg/kc/buy/cgsh_order_operate.html?command=get_materiel&rest_code=00106&code=00101008318&supplier_code=00100007&order_time=2024-02-04 HTTP/1.1" 200 408
116.238.120.94 - - [04/Feb/2024:10:25:44 +0800] "GET /xingrg/kc/base/yddb_order_list.html HTTP/1.1" 200 16624
116.238.120.94 - - [04/Feb/2024:10:25:45 +0800] "POST /xingrg/kc/base/yddb_list_operate.html HTTP/1.1" 200 636
116.238.120.94 - - [04/Feb/2024:10:25:49 +0800] "GET /xingrg/kc/base/yddb_order_add.html HTTP/1.1" 200 30045
116.238.120.94 - - [04/Feb/2024:10:25:49 +0800] "GET /xingrg/dwr/interface/AjaxYddbService.js HTTP/1.1" 200 13201
116.238.120.94 - - [04/Feb/2024:10:25:49 +0800] "GET /xingrg/dwr/interface/AjaxComOrderService.js HTTP/1.1" 200 18264
116.238.120.94 - - [04/Feb/2024:10:25:49 +0800] "GET /xingrg/dwr/engine.js HTTP/1.1" 200 43631
101.83.145.37 - - [04/Feb/2024:10:25:49 +0800] "GET /xingrg/all/function/internal_message.html?_=1707013314629&CODE_STATE=getMsg HTTP/1.1" 200 27
61.170.233.78 - - [04/Feb/2024:10:25:51 +0800] "GET /xingrg/kc/buy/cgsh_order_operate.html?command=get_materiel&rest_code=00106&code=00101008352&supplier_code=00100007&order_time=2024-02-04 HTTP/1.1" 200 412
116.238.120.94 - - [04/Feb/2024:10:25:52 +0800] "POST /xingrg/dwr/call/plaincall/AjaxYddbService.getRestBases.dwr HTTP/1.1" 200 1649
116.232.194.112 - - [04/Feb/2024:10:25:55 +0800] "GET /xingrg/all/function/internal_message.html?_=1707013480008&CODE_STATE=getMsg HTTP/1.1" 200 27
61.170.233.78 - - [04/Feb/2024:10:25:56 +0800] "GET /xingrg/all/function/internal_message.html?_=1707013556587&CODE_STATE=getMsg HTTP/1.1" 200 27
116.238.97.31 - - [04/Feb/2024:10:25:57 +0800] "GET /xingrg/all/function/internal_message.html?_=1707013557047&CODE_STATE=getMsg HTTP/1.1" 200 27
116.238.120.94 - - [04/Feb/2024:10:25:59 +0800] "POST /xingrg/dwr/call/plaincall/AjaxYddbService.saveOrder.dwr HTTP/1.1" 200 78
61.170.233.78 - - [04/Feb/2024:10:25:59 +0800] "GET /xingrg/kc/buy/cgsh_order_operate.html?command=get_materiel&rest_code=00106&code=00101008005&supplier_code=00100007&order_time=2024-02-04 HTTP/1.1" 200 412
180.169.147.146 - - [04/Feb/2024:10:25:59 +0800] "GET /xingrg/all/function/internal_message.html?_=1707013559533&CODE_STATE=getMsg HTTP/1.1" 200 27
116.238.120.94 - - [04/Feb/2024:10:26:03 +0800] "POST /xingrg/dwr/call/plaincall/AjaxComOrderService.getMaterielSearchList.dwr HTTP/1.1" 200 3154
116.238.120.94 - - [04/Feb/2024:10:26:04 +0800] "POST /xingrg/dwr/call/plaincall/AjaxComOrderService.getMaterielSearchList.dwr HTTP/1.1" 200 591
120.253.135.82 - - [04/Feb/2024:10:26:05 +0800] "GET /xingrg/check_reg.html?_=1707013393448 HTTP/1.1" 200 22
120.253.135.82 - - [04/Feb/2024:10:26:05 +0800] "GET /xingrg/all/function/internal_message.html?_=1707013393511&CODE_STATE=getMsg HTTP/1.1" 200 27
172.20.0.100 - - [04/Feb/2024:10:26:06 +0800] "GET /xingrg/all/function/internal_message.html?_=1707013585798&CODE_STATE=getMsg HTTP/1.1" 302 -
116.238.120.94 - - [04/Feb/2024:10:26:06 +0800] "POST /xingrg/dwr/call/plaincall/AjaxYddbService.getMaterielByMap.dwr HTTP/1.1" 200 4012
