101.83.145.37 - - [04/Feb/2024:10:38:50 +0800] "GET /xingrg/all/function/internal_message.html?_=1707014094665&CODE_STATE=getMsg HTTP/1.1" 200 27
120.253.135.82 - - [04/Feb/2024:10:38:50 +0800] "POST /xingrg/kc/pszx/mdps_list_operate.html HTTP/1.1" 200 205
124.78.68.102 - - [04/Feb/2024:10:38:51 +0800] "POST /xingrg/kc/buy/cgsh_order_operate.html HTTP/1.1" 200 8329
120.253.135.82 - - [04/Feb/2024:10:38:52 +0800] "GET /xingrg/all/function/internal_message.html?_=1707014496737&CODE_STATE=getMsg HTTP/1.1" 302 -
120.253.135.82 - - [04/Feb/2024:10:38:52 +0800] "GET /xingrg/login.html HTTP/1.1" 200 7641
120.253.135.82 - - [04/Feb/2024:10:38:53 +0800] "POST /xingrg/kc/pszx/mdps_list_operate.html HTTP/1.1" 200 216
124.78.68.102 - - [04/Feb/2024:10:38:53 +0800] "GET /xingrg/kc/print/load_data.html?order_code=212024020401664&kc_code=cgsh&condition= HTTP/1.1" 200 3088
222.69.129.86 - - [04/Feb/2024:10:38:54 +0800] "GET /xingrg/kc/buy/cgsh_order_list.html HTTP/1.1" 200 57698
116.232.194.112 - - [04/Feb/2024:10:38:55 +0800] "GET /xingrg/check_reg.html?_=1707014259989 HTTP/1.1" 200 22
116.232.194.112 - - [04/Feb/2024:10:38:55 +0800] "GET /xingrg/all/function/internal_message.html?_=1707014259996&CODE_STATE=getMsg HTTP/1.1" 200 27
116.238.97.31 - - [04/Feb/2024:10:38:57 +0800] "GET /xingrg/all/function/internal_message.html?_=1707014336859&CODE_STATE=getMsg HTTP/1.1" 200 27
120.253.135.82 - - [04/Feb/2024:10:38:57 +0800] "GET /xingrg/kc/pszx/mdqp_order_list.html?state=10 HTTP/1.1" 200 11952
120.253.135.82 - - [04/Feb/2024:10:38:57 +0800] "GET /xingrg/dwr/interface/AjaxQqpsService.js HTTP/1.1" 200 16326
120.253.135.82 - - [04/Feb/2024:10:38:57 +0800] "GET /xingrg/dwr/interface/AjaxReportQueryService.js HTTP/1.1" 200 13203
120.253.135.82 - - [04/Feb/2024:10:38:57 +0800] "GET /xingrg/dwr/engine.js HTTP/1.1" 200 43631
222.69.129.86 - - [04/Feb/2024:10:38:59 +0800] "POST /xingrg/kc/buy/cgsh_list_operate.html HTTP/1.1" 200 1871
222.70.115.1 - - [04/Feb/2024:10:38:59 +0800] "GET /xingrg/check_reg.html?_=1707014341461 HTTP/1.1" 200 22
222.70.115.1 - - [04/Feb/2024:10:38:59 +0800] "GET /xingrg/all/function/internal_message.html?_=1707014341470&CODE_STATE=getMsg HTTP/1.1" 200 27
120.253.135.82 - - [04/Feb/2024:10:39:00 +0800] "GET /xingrg/kc/pszx/mdqp_order_info.html?code=302024020400077 HTTP/1.1" 200 13350
120.253.135.82 - - [04/Feb/2024:10:39:00 +0800] "GET /xingrg/dwr/interface/AjaxQqpsService.js HTTP/1.1" 200 16326
120.253.135.82 - - [04/Feb/2024:10:39:00 +0800] "GET /xingrg/dwr/interface/AjaxComOrderService.js HTTP/1.1" 200 18264
120.253.135.82 - - [04/Feb/2024:10:39:00 +0800] "GET /xingrg/dwr/engine.js HTTP/1.1" 200 43631
221.239.172.206 - - [04/Feb/2024:10:39:00 +0800] "GET /xingrg/check_reg.html?_=1707014340582 HTTP/1.1" 302 -
120.253.135.82 - - [04/Feb/2024:10:39:01 +0800] "POST /xingrg/dwr/call/plaincall/AjaxQqpsService.loadMaterielItems.dwr HTTP/1.1" 200 935
116.238.97.31 - - [04/Feb/2024:10:39:02 +0800] "GET /xingrg/kc/buy/cgsh_order_operate.html?command=get_materiel&rest_code=00102&code=00101008080&supplier_code=00100008&order_time=2024-02-04 HTTP/1.1" 200 416
222.69.129.86 - - [04/Feb/2024:10:39:02 +0800] "POST /xingrg/kc/buy/cgsh_list_operate.html HTTP/1.1" 200 558
124.78.68.102 - - [04/Feb/2024:10:39:05 +0800] "GET /xingrg/all/function/internal_message.html?_=1707014345023&CODE_STATE=getMsg HTTP/1.1" 200 27
222.69.129.86 - - [04/Feb/2024:10:39:05 +0800] "GET /xingrg/kc/buy/cgsh_order_info.html?code=212024020401665 HTTP/1.1" 200 72682
222.69.129.86 - - [04/Feb/2024:10:39:05 +0800] "GET /xingrg/javascript/easyui/themes/default/validatebox.css HTTP/1.1" 404 1104
222.69.129.86 - - [04/Feb/2024:10:39:06 +0800] "GET /xingrg/all/common/auto_word.html?type=employee&rest_code=00154 HTTP/1.1" 200 101
222.69.129.86 - - [04/Feb/2024:10:39:06 +0800] "GET /xingrg/all/common/auto_word.html?type=employee&rest_code=00154 HTTP/1.1" 200 101
172.20.0.100 - - [04/Feb/2024:10:39:06 +0800] "GET /xingrg/check_reg.html?_=1707014365798 HTTP/1.1" 302 -
172.20.0.100 - - [04/Feb/2024:10:39:06 +0800] "GET /xingrg/all/function/internal_message.html?_=1707014365799&CODE_STATE=getMsg HTTP/1.1" 302 -
222.69.129.86 - - [04/Feb/2024:10:39:07 +0800] "POST /xingrg/kc/buy/cgsh_order_operate.html HTTP/1.1" 200 9138
124.78.68.102 - - [04/Feb/2024:10:39:08 +0800] "POST /xingrg/kc/buy/cgsh_order_operate.html HTTP/1.1" 200 37
120.253.135.82 - - [04/Feb/2024:10:39:09 +0800] "GET /xingrg/all/function/internal_message.html?_=1707014177744&CODE_STATE=getMsg HTTP/1.1" 200 27
180.169.147.146 - - [04/Feb/2024:10:39:13 +0800] "GET /xingrg/all/function/internal_message.html?_=1707014353597&CODE_STATE=getMsg HTTP/1.1" 200 27
221.239.172.206 - - [04/Feb/2024:10:39:18 +0800] "GET /xingrg/all/function/internal_message.html?_=1707014358248&CODE_STATE=getMsg HTTP/1.1" 302 -
180.169.147.146 - - [04/Feb/2024:10:39:18 +0800] "GET /favicon.ico HTTP/1.1" 404 -
124.78.68.102 - - [04/Feb/2024:10:39:18 +0800] "POST /xingrg/kc/buy/cgsh_order_operate.html HTTP/1.1" 200 12
61.170.233.78 - - [04/Feb/2024:10:39:19 +0800] "GET /xingrg/javascript/auto/indicator.gif HTTP/1.1" 404 1066
222.70.172.31 - - [04/Feb/2024:10:39:20 +0800] "GET /xingrg/all/function/internal_message.html?_=1707014361992&CODE_STATE=getMsg HTTP/1.1" 200 27
124.78.68.102 - - [04/Feb/2024:10:39:20 +0800] "GET /xingrg/javascript/easyui/themes/default/validatebox.css HTTP/1.1" 404 1104
124.78.68.102 - - [04/Feb/2024:10:39:22 +0800] "POST /xingrg/kc/buy/cgsh_order_operate.html HTTP/1.1" 200 8329
180.169.147.146 - - [04/Feb/2024:10:39:22 +0800] "GET /xingrg/index.html?sysBaseUrl=http%3A%2F%2F180.169.147.146%3A18081%2Fxingrg%2F&costTime=39×tamp=1592034574635 HTTP/1.1" 302 -
180.169.147.146 - - [04/Feb/2024:10:39:22 +0800] "GET /xingrg/login.html HTTP/1.1" 200 7641
116.238.120.94 - - [04/Feb/2024:10:39:22 +0800] "GET /xingrg/all/function/internal_message.html?_=1707014362635&CODE_STATE=getMsg HTTP/1.1" 200 27
124.79.241.29 - - [04/Feb/2024:10:39:22 +0800] "GET /xingrg/all/function/internal_message.html?_=1707014361337&CODE_STATE=getMsg HTTP/1.1" 200 27
180.169.147.146 - - [04/Feb/2024:10:39:23 +0800] "GET /favicon.ico HTTP/1.1" 404 -
172.20.0.100 - - [04/Feb/2024:10:39:23 +0800] "GET /xingrg/all/function/internal_message.html?_=1707014363246&CODE_STATE=getMsg HTTP/1.1" 200 27
61.170.233.78 - - [04/Feb/2024:10:39:24 +0800] "GET /xingrg/all/function/internal_message.html?_=1707014365000&CODE_STATE=getMsg HTTP/1.1" 200 27
61.170.233.78 - - [04/Feb/2024:10:39:24 +0800] "POST /xingrg/dwr/call/plaincall/AjaxQqpsService.getMaterielByCode.dwr HTTP/1.1" 200 2666
101.83.145.37 - - [04/Feb/2024:10:39:25 +0800] "GET /xingrg/all/function/internal_message.html?_=1707014365784&CODE_STATE=getMsg HTTP/1.1" 302 -
180.169.147.146 - - [04/Feb/2024:10:39:25 +0800] "POST /xingrg/login.do HTTP/1.1" 302 -
180.169.147.146 - - [04/Feb/2024:10:39:26 +0800] "GET /xingrg/index.html?sysBaseUrl=http%3A%2F%2F180.169.147.146%3A18081%2Fxingrg%2F&costTime=1595×tamp=1707014365997 HTTP/1.1" 200 17503
180.169.147.146 - - [04/Feb/2024:10:39:26 +0800] "GET /favicon.ico HTTP/1.1" 404 -
180.169.147.146 - - [04/Feb/2024:10:39:26 +0800] "GET /xingrg/check_reg.html?_=1707014367639 HTTP/1.1" 200 22
180.169.147.146 - - [04/Feb/2024:10:39:26 +0800] "POST /xingrg/all/common/load_tree.html?tree=area_rest_tree_json&manage=1 HTTP/1.1" 200 3624
180.169.147.146 - - [04/Feb/2024:10:39:26 +0800] "GET /xingrg/all/function/internal_message.html?_=1707014367637&CODE_STATE=count HTTP/1.1" 200 11
180.169.147.146 - - [04/Feb/2024:10:39:26 +0800] "POST /xingrg/load_menu.html HTTP/1.1" 200 11564
124.78.68.102 - - [04/Feb/2024:10:39:27 +0800] "POST /xingrg/kc/buy/cgsh_order_operate.html HTTP/1.1" 200 78
61.170.233.78 - - [04/Feb/2024:10:39:28 +0800] "POST /xingrg/dwr/call/plaincall/AjaxQqpsService.saveMaterielItem.dwr HTTP/1.1" 200 78
180.169.147.146 - - [04/Feb/2024:10:39:29 +0800] "GET /xingrg/kc/report/report_main.html HTTP/1.1" 200 8599
101.83.240.216 - - [04/Feb/2024:10:39:30 +0800] "GET /xingrg/all/function/internal_message.html?_=1707014370577&CODE_STATE=getMsg HTTP/1.1" 200 27
180.169.147.146 - - [04/Feb/2024:10:39:30 +0800] "GET /xingrg/all/report/report_query.html?fileName=kc/buy/gys_amount_base_rest.xml HTTP/1.1" 200 51664
180.169.147.146 - - [04/Feb/2024:10:39:30 +0800] "GET /xingrg/dwr/interface/AjaxReportQueryService.js HTTP/1.1" 200 13203
180.169.147.146 - - [04/Feb/2024:10:39:30 +0800] "GET /xingrg/dwr/engine.js HTTP/1.1" 200 43631
180.169.147.146 - - [04/Feb/2024:10:39:30 +0800] "GET /xingrg/dwr/util.js HTTP/1.1" 200 35990
180.169.147.146 - - [04/Feb/2024:10:39:30 +0800] "POST /xingrg/dwr/call/plaincall/AjaxReportQueryService.getFixDate.dwr HTTP/1.1" 200 111
180.169.147.146 - - [04/Feb/2024:10:39:31 +0800] "POST /xingrg/all/common/load_tree.html?tree=area_rest_tree_json&manage=1 HTTP/1.1" 200 3624
180.169.147.146 - - [04/Feb/2024:10:39:31 +0800] "POST /xingrg/all/common/load_tree.html?tree=supplier_tree_json&manage=1 HTTP/1.1" 200 80869
116.230.123.222 - - [04/Feb/2024:10:39:40 +0800] "GET /xingrg/all/function/internal_message.html?_=1707014380441&CODE_STATE=getMsg HTTP/1.1" 200 27
180.169.147.146 - - [04/Feb/2024:10:39:42 +0800] "POST /xingrg/dwr/call/plaincall/AjaxReportQueryService.refreshCache.dwr HTTP/1.1" 200 78
61.170.233.78 - - [04/Feb/2024:10:39:42 +0800] "POST /xingrg/dwr/call/plaincall/AjaxQqpsService.getMaterielByCode.dwr HTTP/1.1" 200 2665
124.78.68.102 - - [04/Feb/2024:10:39:43 +0800] "POST /xingrg/kc/buy/cgsh_order_operate.html HTTP/1.1" 200 8245
124.78.68.102 - - [04/Feb/2024:10:39:43 +0800] "GET /xingrg/javascript/easyui/themes/default/validatebox.css HTTP/1.1" 404 1104
222.69.129.86 - - [04/Feb/2024:10:39:44 +0800] "GET /xingrg/javascript/auto/indicator.gif HTTP/1.1" 404 1066
180.169.147.146 - - [04/Feb/2024:10:39:45 +0800] "POST /xingrg/all/report/load_report_page.html HTTP/1.1" 200 52973
180.169.147.146 - - [04/Feb/2024:10:39:45 +0800] "GET /xingrg/servlets/image?cache=0.864895762935227&image=px HTTP/1.1" 200 807
61.170.233.78 - - [04/Feb/2024:10:39:46 +0800] "GET /xingrg/all/function/internal_message.html?_=1707014385955&CODE_STATE=getMsg HTTP/1.1" 200 27
101.83.240.216 - - [04/Feb/2024:10:39:47 +0800] "GET /xingrg/kc/buy/cgsh_order_add.html HTTP/1.1" 200 73555
101.83.240.216 - - [04/Feb/2024:10:39:47 +0800] "POST /xingrg/kc/buy/cgsh_order_operate.html HTTP/1.1" 200 8245
101.83.240.216 - - [04/Feb/2024:10:39:47 +0800] "GET /xingrg/javascript/easyui/themes/default/validatebox.css HTTP/1.1" 404 1104
222.69.129.86 - - [04/Feb/2024:10:39:48 +0800] "GET /xingrg/all/function/internal_message.html?_=1707014389592&CODE_STATE=getMsg HTTP/1.1" 200 27
116.238.97.31 - - [04/Feb/2024:10:39:48 +0800] "GET /xingrg/kc/buy/cgsh_order_operate.html?command=get_materiel&rest_code=00102&code=00101008354&supplier_code=00100008&order_time=2024-02-04 HTTP/1.1" 200 412
101.83.240.216 - - [04/Feb/2024:10:39:48 +0800] "GET /xingrg/javascript/jquery_tools/images/prev.gif HTTP/1.1" 404 1086
101.83.240.216 - - [04/Feb/2024:10:39:48 +0800] "GET /xingrg/javascript/jquery_tools/images/next.gif HTTP/1.1" 404 1086
222.69.129.86 - - [04/Feb/2024:10:39:49 +0800] "GET /xingrg/kc/buy/cgsh_order_operate.html?command=get_materiel&rest_code=00154&code=00101008353&supplier_code=00100417&order_time=2024-02-04 HTTP/1.1" 200 408
101.83.145.37 - - [04/Feb/2024:10:39:49 +0800] "GET /xingrg/check_reg.html?_=1707014154651 HTTP/1.1" 200 22
101.83.145.37 - - [04/Feb/2024:10:39:50 +0800] "GET /xingrg/all/function/internal_message.html?_=1707014154654&CODE_STATE=getMsg HTTP/1.1" 200 27
120.253.135.82 - - [04/Feb/2024:10:39:50 +0800] "GET /xingrg/images/yd/bt.gif HTTP/1.1" 404 1040
120.253.135.82 - - [04/Feb/2024:10:39:51 +0800] "GET /xingrg/images/yd/bt2.gif HTTP/1.1" 404 1042
116.238.97.31 - - [04/Feb/2024:10:39:52 +0800] "POST /xingrg/kc/buy/cgsh_order_operate.html HTTP/1.1" 200 75
120.253.135.82 - - [04/Feb/2024:10:39:52 +0800] "GET /xingrg/kc/pszx/mdqp_order_list.html?isBack=1 HTTP/1.1" 302 -
120.253.135.82 - - [04/Feb/2024:10:39:52 +0800] "GET /xingrg/kc/pszx/mdqp_order_list.html?state=10 HTTP/1.1" 200 11952
120.253.135.82 - - [04/Feb/2024:10:39:52 +0800] "GET /xingrg/dwr/interface/AjaxQqpsService.js HTTP/1.1" 200 16326
120.253.135.82 - - [04/Feb/2024:10:39:52 +0800] "GET /xingrg/dwr/interface/AjaxReportQueryService.js HTTP/1.1" 200 13203
120.253.135.82 - - [04/Feb/2024:10:39:52 +0800] "GET /xingrg/dwr/engine.js HTTP/1.1" 200 43631
120.253.135.82 - - [04/Feb/2024:10:39:53 +0800] "GET /xingrg/check_reg.html?_=1707014557743 HTTP/1.1" 302 -
120.253.135.82 - - [04/Feb/2024:10:39:53 +0800] "GET /xingrg/login.html HTTP/1.1" 200 7641
116.232.194.112 - - [04/Feb/2024:10:39:55 +0800] "GET /xingrg/all/function/internal_message.html?_=1707014319996&CODE_STATE=getMsg HTTP/1.1" 200 27
61.170.233.78 - - [04/Feb/2024:10:39:55 +0800] "POST /xingrg/dwr/call/plaincall/AjaxQqpsService.saveMaterielItem.dwr HTTP/1.1" 200 78
120.253.135.82 - - [04/Feb/2024:10:39:55 +0800] "GET /xingrg/kc/pszx/mdqp_order_info.html?code=302024020400070 HTTP/1.1" 200 13338
120.253.135.82 - - [04/Feb/2024:10:39:55 +0800] "GET /xingrg/dwr/interface/AjaxComOrderService.js HTTP/1.1" 200 18264
120.253.135.82 - - [04/Feb/2024:10:39:55 +0800] "GET /xingrg/dwr/interface/AjaxQqpsService.js HTTP/1.1" 200 16326
120.253.135.82 - - [04/Feb/2024:10:39:55 +0800] "GET /xingrg/dwr/engine.js HTTP/1.1" 200 43631
120.253.135.82 - - [04/Feb/2024:10:39:56 +0800] "POST /xingrg/dwr/call/plaincall/AjaxQqpsService.loadMaterielItems.dwr HTTP/1.1" 200 2686
116.238.97.31 - - [04/Feb/2024:10:39:56 +0800] "GET /xingrg/kc/mdqp/pssh_order_list.html HTTP/1.1" 200 17851
116.238.97.31 - - [04/Feb/2024:10:39:57 +0800] "POST /xingrg/kc/mdqp/pssh_list_operate.html HTTP/1.1" 200 5393
116.238.97.31 - - [04/Feb/2024:10:39:57 +0800] "GET /xingrg/all/function/internal_message.html?_=1707014396841&CODE_STATE=getMsg HTTP/1.1" 200 27
101.83.240.216 - - [04/Feb/2024:10:39:57 +0800] "GET /xingrg/kc/buy/cgsh_order_operate.html?command=get_materiel&rest_code=00149&code=00101008261&supplier_code=00100008&order_time=2024-02-04 HTTP/1.1" 200 408
222.70.115.1 - - [04/Feb/2024:10:39:59 +0800] "GET /xingrg/all/function/internal_message.html?_=1707014401454&CODE_STATE=getMsg HTTP/1.1" 200 27
116.238.97.31 - - [04/Feb/2024:10:40:00 +0800] "POST /xingrg/kc/mdqp/pssh_list_operate.html HTTP/1.1" 200 5393
124.78.68.102 - - [04/Feb/2024:10:40:05 +0800] "GET /xingrg/all/function/internal_message.html?_=1707014405026&CODE_STATE=getMsg HTTP/1.1" 200 27
116.238.97.31 - - [04/Feb/2024:10:40:05 +0800] "POST /xingrg/kc/mdqp/pssh_list_operate.html HTTP/1.1" 200 5580
172.20.0.100 - - [04/Feb/2024:10:40:06 +0800] "GET /xingrg/all/function/internal_message.html?_=1707014425797&CODE_STATE=getMsg HTTP/1.1" 302 -
116.238.97.31 - - [04/Feb/2024:10:40:07 +0800] "POST /xingrg/kc/mdqp/pssh_list_operate.html HTTP/1.1" 200 5588
61.170.233.78 - - [04/Feb/2024:10:40:09 +0800] "POST /xingrg/dwr/call/plaincall/AjaxQqpsService.getMaterielByCode.dwr HTTP/1.1" 200 2713
120.253.135.82 - - [04/Feb/2024:10:40:09 +0800] "GET /xingrg/kc/pszx/mdqp_order_list.html?isBack=1 HTTP/1.1" 302 -
120.253.135.82 - - [04/Feb/2024:10:40:09 +0800] "GET /xingrg/all/function/internal_message.html?_=1707014237757&CODE_STATE=getMsg HTTP/1.1" 200 27
120.253.135.82 - - [04/Feb/2024:10:40:09 +0800] "GET /xingrg/images/yd/bt.gif HTTP/1.1" 404 1040
120.253.135.82 - - [04/Feb/2024:10:40:09 +0800] "GET /xingrg/images/yd/bt2.gif HTTP/1.1" 404 1042
120.253.135.82 - - [04/Feb/2024:10:40:10 +0800] "GET /xingrg/kc/pszx/mdqp_order_list.html?state=10 HTTP/1.1" 200 11952
120.253.135.82 - - [04/Feb/2024:10:40:10 +0800] "GET /xingrg/dwr/interface/AjaxQqpsService.js HTTP/1.1" 200 16326
120.253.135.82 - - [04/Feb/2024:10:40:10 +0800] "GET /xingrg/dwr/interface/AjaxReportQueryService.js HTTP/1.1" 200 13203
120.253.135.82 - - [04/Feb/2024:10:40:10 +0800] "GET /xingrg/dwr/engine.js HTTP/1.1" 200 43631
101.83.240.216 - - [04/Feb/2024:10:40:10 +0800] "GET /xingrg/kc/buy/cgsh_order_operate.html?command=get_materiel&rest_code=00149&code=00101008302&supplier_code=00100008&order_time=2024-02-04 HTTP/1.1" 200 412
116.238.97.31 - - [04/Feb/2024:10:40:10 +0800] "POST /xingrg/kc/mdqp/pssh_list_operate.html HTTP/1.1" 200 5524
120.253.135.82 - - [04/Feb/2024:10:40:12 +0800] "GET /xingrg/kc/pszx/mdqp_order_info.html?code=302024020400073 HTTP/1.1" 200 13338
120.253.135.82 - - [04/Feb/2024:10:40:12 +0800] "GET /xingrg/dwr/interface/AjaxQqpsService.js HTTP/1.1" 200 16326
120.253.135.82 - - [04/Feb/2024:10:40:12 +0800] "GET /xingrg/dwr/interface/AjaxComOrderService.js HTTP/1.1" 200 18264
120.253.135.82 - - [04/Feb/2024:10:40:12 +0800] "GET /xingrg/dwr/engine.js HTTP/1.1" 200 43631
222.69.129.86 - - [04/Feb/2024:10:40:12 +0800] "GET /xingrg/kc/buy/cgsh_order_operate.html?command=get_materiel&rest_code=00154&code=00101008298&supplier_code=00100417&order_time=2024-02-04 HTTP/1.1" 200 413
61.170.233.78 - - [04/Feb/2024:10:40:12 +0800] "POST /xingrg/dwr/call/plaincall/AjaxQqpsService.saveMaterielItem.dwr HTTP/1.1" 200 78
116.238.97.31 - - [04/Feb/2024:10:40:12 +0800] "POST /xingrg/kc/mdqp/pssh_list_operate.html HTTP/1.1" 200 356
120.253.135.82 - - [04/Feb/2024:10:40:13 +0800] "POST /xingrg/dwr/call/plaincall/AjaxQqpsService.loadMaterielItems.dwr HTTP/1.1" 200 3937
180.169.147.146 - - [04/Feb/2024:10:40:13 +0800] "GET /xingrg/all/function/internal_message.html?_=1707014413599&CODE_STATE=getMsg HTTP/1.1" 200 27
116.238.97.31 - - [04/Feb/2024:10:40:14 +0800] "POST /xingrg/kc/mdqp/pssh_list_operate.html HTTP/1.1" 200 257
221.239.172.206 - - [04/Feb/2024:10:40:18 +0800] "GET /xingrg/all/function/internal_message.html?_=1707014418216&CODE_STATE=getMsg HTTP/1.1" 302 -
222.70.172.31 - - [04/Feb/2024:10:40:20 +0800] "GET /xingrg/all/function/internal_message.html?_=1707014422004&CODE_STATE=getMsg HTTP/1.1" 200 27
116.238.97.31 - - [04/Feb/2024:10:40:20 +0800] "GET /xingrg/kc/mdqp/pssh_order_info.html?code=312024010400091 HTTP/1.1" 200 17266
116.238.97.31 - - [04/Feb/2024:10:40:20 +0800] "GET /xingrg/javascript/jquery_tools/jquery-1.4.2.min.js HTTP/1.1" 404 1094
116.238.97.31 - - [04/Feb/2024:10:40:20 +0800] "GET /xingrg/javascript/easyui/themes/default/validatebox.css HTTP/1.1" 404 1104
116.238.97.31 - - [04/Feb/2024:10:40:20 +0800] "POST /xingrg/kc/mdqp/pssh_order_operate.html HTTP/1.1" 200 527
116.238.120.94 - - [04/Feb/2024:10:40:22 +0800] "GET /xingrg/all/function/internal_message.html?_=1707014422634&CODE_STATE=getMsg HTTP/1.1" 200 27
124.79.241.29 - - [04/Feb/2024:10:40:22 +0800] "GET /xingrg/all/function/internal_message.html?_=1707014421349&CODE_STATE=getMsg HTTP/1.1" 200 27
124.79.241.29 - - [04/Feb/2024:10:40:22 +0800] "GET /xingrg/check_reg.html?_=1707014421353 HTTP/1.1" 200 22
172.20.0.100 - - [04/Feb/2024:10:40:23 +0800] "GET /xingrg/all/function/internal_message.html?_=1707014423232&CODE_STATE=getMsg HTTP/1.1" 200 27
61.170.233.78 - - [04/Feb/2024:10:40:24 +0800] "GET /xingrg/all/function/internal_message.html?_=1707014424996&CODE_STATE=getMsg HTTP/1.1" 200 27
101.83.145.37 - - [04/Feb/2024:10:40:25 +0800] "GET /xingrg/all/function/internal_message.html?_=1707014425791&CODE_STATE=getMsg HTTP/1.1" 302 -
101.83.145.37 - - [04/Feb/2024:10:40:25 +0800] "GET /xingrg/check_reg.html?_=1707014425796 HTTP/1.1" 302 -
116.238.97.31 - - [04/Feb/2024:10:40:26 +0800] "GET /xingrg/kc/mdqp/pssh_order_list.html?isBack=1 HTTP/1.1" 200 17851
180.169.147.146 - - [04/Feb/2024:10:40:26 +0800] "GET /xingrg/all/function/internal_message.html?_=1707014427659&CODE_STATE=getMsg HTTP/1.1" 200 27
61.170.233.78 - - [04/Feb/2024:10:40:26 +0800] "POST /xingrg/dwr/call/plaincall/AjaxQqpsService.getMaterielByCode.dwr HTTP/1.1" 200 2666
116.238.97.31 - - [04/Feb/2024:10:40:26 +0800] "POST /xingrg/kc/mdqp/pssh_list_operate.html HTTP/1.1" 200 5393
222.69.129.86 - - [04/Feb/2024:10:40:26 +0800] "GET /xingrg/kc/buy/cgsh_order_operate.html?command=get_materiel&rest_code=00154&code=00101008286&supplier_code=00100417&order_time=2024-02-04 HTTP/1.1" 200 408
101.83.240.216 - - [04/Feb/2024:10:40:28 +0800] "GET /xingrg/kc/buy/cgsh_order_operate.html?command=get_materiel&rest_code=00149&code=00101008349&supplier_code=00100008&order_time=2024-02-04 HTTP/1.1" 200 414
61.170.233.78 - - [04/Feb/2024:10:40:30 +0800] "POST /xingrg/dwr/call/plaincall/AjaxQqpsService.saveMaterielItem.dwr HTTP/1.1" 200 78
101.83.240.216 - - [04/Feb/2024:10:40:30 +0800] "GET /xingrg/all/function/internal_message.html?_=1707014430570&CODE_STATE=getMsg HTTP/1.1" 200 27
120.253.135.82 - - [04/Feb/2024:10:40:36 +0800] "GET /xingrg/images/yd/bt.gif HTTP/1.1" 404 1040
120.253.135.82 - - [04/Feb/2024:10:40:36 +0800] "GET /xingrg/images/yd/bt2.gif HTTP/1.1" 404 1042
116.230.123.222 - - [04/Feb/2024:10:40:40 +0800] "GET /xingrg/all/function/internal_message.html?_=1707014440439&CODE_STATE=getMsg HTTP/1.1" 200 27
222.69.129.86 - - [04/Feb/2024:10:40:42 +0800] "GET /xingrg/kc/buy/cgsh_order_operate.html?command=get_materiel&rest_code=00154&code=00101008354&supplier_code=00100417&order_time=2024-02-04 HTTP/1.1" 200 412
61.170.233.78 - - [04/Feb/2024:10:40:46 +0800] "GET /xingrg/all/function/internal_message.html?_=1707014445969&CODE_STATE=getMsg HTTP/1.1" 200 27
101.83.240.216 - - [04/Feb/2024:10:40:46 +0800] "GET /xingrg/kc/buy/cgsh_order_operate.html?command=get_materiel&rest_code=00149&code=00101008113&supplier_code=00100008&order_time=2024-02-04 HTTP/1.1" 200 413
61.170.233.78 - - [04/Feb/2024:10:40:47 +0800] "POST /xingrg/dwr/call/plaincall/AjaxQqpsService.getMaterielByCode.dwr HTTP/1.1" 200 2709
222.69.129.86 - - [04/Feb/2024:10:40:48 +0800] "GET /xingrg/all/function/internal_message.html?_=1707014449593&CODE_STATE=getMsg HTTP/1.1" 200 27
101.83.145.37 - - [04/Feb/2024:10:40:50 +0800] "GET /xingrg/all/function/internal_message.html?_=1707014214655&CODE_STATE=getMsg HTTP/1.1" 200 27
61.170.233.78 - - [04/Feb/2024:10:40:50 +0800] "POST /xingrg/dwr/call/plaincall/AjaxQqpsService.saveMaterielItem.dwr HTTP/1.1" 200 79
120.253.135.82 - - [04/Feb/2024:10:40:54 +0800] "GET /xingrg/all/function/internal_message.html?_=1707014618750&CODE_STATE=getMsg HTTP/1.1" 302 -
120.253.135.82 - - [04/Feb/2024:10:40:54 +0800] "GET /xingrg/login.html HTTP/1.1" 200 7641
116.232.194.112 - - [04/Feb/2024:10:40:55 +0800] "GET /xingrg/all/function/internal_message.html?_=1707014379984&CODE_STATE=getMsg HTTP/1.1" 200 27
116.238.97.31 - - [04/Feb/2024:10:40:57 +0800] "GET /xingrg/all/function/internal_message.html?_=1707014456824&CODE_STATE=getMsg HTTP/1.1" 200 27
222.69.129.86 - - [04/Feb/2024:10:40:58 +0800] "GET /xingrg/kc/buy/cgsh_order_operate.html?command=get_materiel&rest_code=00154&code=00101012070&supplier_code=00100417&order_time=2024-02-04 HTTP/1.1" 200 412
222.70.115.1 - - [04/Feb/2024:10:40:59 +0800] "GET /xingrg/all/function/internal_message.html?_=1707014461461&CODE_STATE=getMsg HTTP/1.1" 200 27
116.238.97.31 - - [04/Feb/2024:10:40:59 +0800] "POST /xingrg/kc/mdqp/pssh_list_operate.html HTTP/1.1" 200 259
116.238.97.31 - - [04/Feb/2024:10:41:00 +0800] "GET /xingrg/kc/mdqp/pssh_order_info.html?code=312024020400108 HTTP/1.1" 200 17272
116.238.97.31 - - [04/Feb/2024:10:41:00 +0800] "GET /xingrg/javascript/jquery_tools/jquery-1.4.2.min.js HTTP/1.1" 404 1094
116.238.97.31 - - [04/Feb/2024:10:41:00 +0800] "GET /xingrg/javascript/easyui/themes/default/validatebox.css HTTP/1.1" 404 1104
116.238.97.31 - - [04/Feb/2024:10:41:00 +0800] "POST /xingrg/kc/mdqp/pssh_order_operate.html HTTP/1.1" 200 528
222.69.129.86 - - [04/Feb/2024:10:41:02 +0800] "POST /xingrg/all/common/load_select.html HTTP/1.1" 200 12
116.230.123.222 - - [04/Feb/2024:10:41:02 +0800] "GET /xingrg/kc/buy/cgsh_order_add.html HTTP/1.1" 200 73423
116.230.123.222 - - [04/Feb/2024:10:41:02 +0800] "GET /xingrg/words/20240203191321_words.js HTTP/1.1" 304 -
116.230.123.222 - - [04/Feb/2024:10:41:03 +0800] "GET /xingrg/javascript/easyui/themes/default/validatebox.css HTTP/1.1" 404 1104
116.230.123.222 - - [04/Feb/2024:10:41:03 +0800] "GET /xingrg/all/common/auto_word.html?type=employee&rest_code=00111 HTTP/1.1" 200 105
116.230.123.222 - - [04/Feb/2024:10:41:03 +0800] "POST /xingrg/kc/buy/cgsh_order_operate.html HTTP/1.1" 200 8245
116.230.123.222 - - [04/Feb/2024:10:41:03 +0800] "GET /xingrg/all/common/auto_word.html?type=employee&rest_code=00111 HTTP/1.1" 200 105
124.78.68.102 - - [04/Feb/2024:10:41:05 +0800] "GET /xingrg/all/function/internal_message.html?_=1707014465031&CODE_STATE=getMsg HTTP/1.1" 200 27
116.230.123.222 - - [04/Feb/2024:10:41:05 +0800] "GET /xingrg/kc/buy/cgsh_order_add.html HTTP/1.1" 200 73423
116.230.123.222 - - [04/Feb/2024:10:41:05 +0800] "POST /xingrg/kc/buy/cgsh_order_operate.html HTTP/1.1" 200 8245
116.230.123.222 - - [04/Feb/2024:10:41:05 +0800] "GET /xingrg/javascript/easyui/themes/default/validatebox.css HTTP/1.1" 404 1104
172.20.0.100 - - [04/Feb/2024:10:41:06 +0800] "GET /xingrg/all/function/internal_message.html?_=1707014485901&CODE_STATE=getMsg HTTP/1.1" 302 -
120.253.135.82 - - [04/Feb/2024:10:41:09 +0800] "GET /xingrg/check_reg.html?_=1707014297615 HTTP/1.1" 200 22
116.230.123.222 - - [04/Feb/2024:10:41:09 +0800] "GET /xingrg/javascript/auto/indicator.gif HTTP/1.1" 404 1066
120.253.135.82 - - [04/Feb/2024:10:41:09 +0800] "GET /xingrg/all/function/internal_message.html?_=1707014297773&CODE_STATE=getMsg HTTP/1.1" 200 27
116.238.97.31 - - [04/Feb/2024:10:41:10 +0800] "POST /xingrg/all/common/load_combo.html?type=base&rest_code=00102 HTTP/1.1" 200 3321
180.169.147.146 - - [04/Feb/2024:10:41:13 +0800] "GET /xingrg/check_reg.html?_=1707014473585 HTTP/1.1" 200 22
180.169.147.146 - - [04/Feb/2024:10:41:13 +0800] "GET /xingrg/all/function/internal_message.html?_=1707014473587&CODE_STATE=getMsg HTTP/1.1" 200 27
61.170.233.78 - - [04/Feb/2024:10:41:15 +0800] "POST /xingrg/dwr/call/plaincall/AjaxQqpsService.saveOrder.dwr HTTP/1.1" 200 79
116.238.97.31 - - [04/Feb/2024:10:41:15 +0800] "POST /xingrg/all/common/load_combo.html?type=employee HTTP/1.1" 200 353
221.239.172.206 - - [04/Feb/2024:10:41:18 +0800] "GET /xingrg/all/function/internal_message.html?_=1707014478187&CODE_STATE=getMsg HTTP/1.1" 302 -
116.238.97.31 - - [04/Feb/2024:10:41:19 +0800] "POST /xingrg/kc/mdqp/pssh_order_operate.html HTTP/1.1" 200 37
222.70.172.31 - - [04/Feb/2024:10:41:19 +0800] "GET /xingrg/check_reg.html?_=1707014481588 HTTP/1.1" 200 22
222.70.172.31 - - [04/Feb/2024:10:41:20 +0800] "GET /xingrg/all/function/internal_message.html?_=1707014482017&CODE_STATE=getMsg HTTP/1.1" 200 27
61.170.233.78 - - [04/Feb/2024:10:41:21 +0800] "GET /xingrg/kc/mdqp/qqps_order_list.html?isBack=1 HTTP/1.1" 200 10036
61.170.233.78 - - [04/Feb/2024:10:41:22 +0800] "GET /xingrg/dwr/interface/AjaxQqpsService.js HTTP/1.1" 200 16326
61.170.233.78 - - [04/Feb/2024:10:41:22 +0800] "GET /xingrg/dwr/interface/AjaxReportQueryService.js HTTP/1.1" 200 13203
61.170.233.78 - - [04/Feb/2024:10:41:22 +0800] "GET /xingrg/dwr/engine.js HTTP/1.1" 200 43631
61.170.233.78 - - [04/Feb/2024:10:41:22 +0800] "GET /xingrg/dwr/util.js HTTP/1.1" 304 -
116.238.120.94 - - [04/Feb/2024:10:41:22 +0800] "GET /xingrg/all/function/internal_message.html?_=1707014482634&CODE_STATE=getMsg HTTP/1.1" 200 27
116.238.97.31 - - [04/Feb/2024:10:41:22 +0800] "POST /xingrg/kc/mdqp/pssh_order_operate.html HTTP/1.1" 200 12
124.79.241.29 - - [04/Feb/2024:10:41:22 +0800] "GET /xingrg/all/function/internal_message.html?_=1707014481354&CODE_STATE=getMsg HTTP/1.1" 200 27
172.20.0.100 - - [04/Feb/2024:10:41:23 +0800] "GET /xingrg/all/function/internal_message.html?_=1707014483202&CODE_STATE=getMsg HTTP/1.1" 200 27
61.170.233.78 - - [04/Feb/2024:10:41:24 +0800] "GET /xingrg/kc/mdqp/qqps_order_info.html?code=302024020400078 HTTP/1.1" 200 28398
61.170.233.78 - - [04/Feb/2024:10:41:24 +0800] "GET /xingrg/dwr/interface/AjaxComOrderService.js HTTP/1.1" 200 18264
61.170.233.78 - - [04/Feb/2024:10:41:24 +0800] "GET /xingrg/dwr/interface/AjaxQqpsService.js HTTP/1.1" 200 16326
61.170.233.78 - - [04/Feb/2024:10:41:24 +0800] "GET /xingrg/dwr/engine.js HTTP/1.1" 200 43631
61.170.233.78 - - [04/Feb/2024:10:41:25 +0800] "GET /xingrg/all/function/internal_message.html?_=1707014485320&CODE_STATE=getMsg HTTP/1.1" 200 27
101.83.145.37 - - [04/Feb/2024:10:41:25 +0800] "GET /xingrg/all/function/internal_message.html?_=1707014485781&CODE_STATE=getMsg HTTP/1.1" 302 -
61.170.233.78 - - [04/Feb/2024:10:41:25 +0800] "POST /xingrg/dwr/call/plaincall/AjaxQqpsService.loadMaterielItems.dwr HTTP/1.1" 200 76
180.169.147.146 - - [04/Feb/2024:10:41:26 +0800] "GET /xingrg/all/function/internal_message.html?_=1707014487656&CODE_STATE=getMsg HTTP/1.1" 200 27
180.169.147.146 - - [04/Feb/2024:10:41:27 +0800] "GET /xingrg/login.html HTTP/1.1" 200 7641
180.169.147.146 - - [04/Feb/2024:10:41:27 +0800] "GET /xingrg/images/blue/jxLogo.png HTTP/1.1" 200 6156
180.169.147.146 - - [04/Feb/2024:10:41:27 +0800] "GET /xingrg/images/blue/login_bg.png HTTP/1.1" 200 22101
180.169.147.146 - - [04/Feb/2024:10:41:27 +0800] "GET /xingrg/images/blue/srbg.png HTTP/1.1" 200 138
180.169.147.146 - - [04/Feb/2024:10:41:27 +0800] "GET /xingrg/images/blue/hj.png HTTP/1.1" 200 1014
180.169.147.146 - - [04/Feb/2024:10:41:28 +0800] "GET /favicon.ico HTTP/1.1" 404 -
116.238.97.31 - - [04/Feb/2024:10:41:28 +0800] "GET /xingrg/kc/mdqp/pssh_order_info.html?code=312024020400108 HTTP/1.1" 200 14386
116.238.97.31 - - [04/Feb/2024:10:41:28 +0800] "GET /xingrg/javascript/jquery_tools/jquery-1.4.2.min.js HTTP/1.1" 404 1094
116.238.97.31 - - [04/Feb/2024:10:41:28 +0800] "GET /xingrg/javascript/easyui/themes/icons/uncheck_new.png HTTP/1.1" 200 3197
116.238.97.31 - - [04/Feb/2024:10:41:29 +0800] "GET /xingrg/javascript/easyui/themes/default/validatebox.css HTTP/1.1" 404 1104
116.238.97.31 - - [04/Feb/2024:10:41:29 +0800] "POST /xingrg/kc/mdqp/pssh_order_operate.html HTTP/1.1" 200 528
101.83.240.216 - - [04/Feb/2024:10:41:30 +0800] "GET /xingrg/check_reg.html?_=1707014490570 HTTP/1.1" 200 22
101.83.240.216 - - [04/Feb/2024:10:41:30 +0800] "GET /xingrg/all/function/internal_message.html?_=1707014490576&CODE_STATE=getMsg HTTP/1.1" 200 27
116.238.97.31 - - [04/Feb/2024:10:41:31 +0800] "GET /xingrg/kc/print/load_config.html?kc_code=pssh HTTP/1.1" 200 2368
116.238.97.31 - - [04/Feb/2024:10:41:31 +0800] "GET /xingrg/kc/print/load_data.html?order_code=312024020400108&kc_code=pssh&condition= HTTP/1.1" 200 651
180.169.147.146 - - [04/Feb/2024:10:41:33 +0800] "GET /xingrg/login.html HTTP/1.1" 200 7641
116.230.123.222 - - [04/Feb/2024:10:41:33 +0800] "GET /xingrg/kc/buy/cgsh_order_operate.html?command=get_materiel&rest_code=00111&code=00101006128&supplier_code=00100012&order_time=2024-02-04 HTTP/1.1" 200 435
180.169.147.146 - - [04/Feb/2024:10:41:34 +0800] "GET /favicon.ico HTTP/1.1" 404 -
116.238.97.31 - - [04/Feb/2024:10:41:37 +0800] "GET /xingrg/kc/mdqp/pssh_order_list.html?isBack=1 HTTP/1.1" 200 17851
116.238.97.31 - - [04/Feb/2024:10:41:37 +0800] "POST /xingrg/kc/mdqp/pssh_list_operate.html HTTP/1.1" 200 5427
180.169.147.146 - - [04/Feb/2024:10:41:40 +0800] "POST /xingrg/login.do HTTP/1.1" 302 -
180.169.147.146 - - [04/Feb/2024:10:41:40 +0800] "GET /xingrg/index.html?sysBaseUrl=http%3A%2F%2F180.169.147.146%3A18081%2Fxingrg%2F&costTime=881×tamp=1707014500076 HTTP/1.1" 200 17503
180.169.147.146 - - [04/Feb/2024:10:41:40 +0800] "GET /xingrg/javascript/jquery_easy_ui/themes/default/easyui.css HTTP/1.1" 200 26500
180.169.147.146 - - [04/Feb/2024:10:41:40 +0800] "GET /xingrg/javascript/jquery_easy_ui/themes/icon.css HTTP/1.1" 200 3949
180.169.147.146 - - [04/Feb/2024:10:41:40 +0800] "GET /xingrg/css/form.css HTTP/1.1" 200 893
180.169.147.146 - - [04/Feb/2024:10:41:40 +0800] "GET /xingrg/javascript/jquery-1.4.2.min.js HTTP/1.1" 200 72205
180.169.147.146 - - [04/Feb/2024:10:41:40 +0800] "GET /xingrg/javascript/jquery_easy_ui/jquery.easyui.min.js HTTP/1.1" 200 213662
180.169.147.146 - - [04/Feb/2024:10:41:40 +0800] "GET /xingrg/javascript/jquery.form.js HTTP/1.1" 200 23110
180.169.147.146 - - [04/Feb/2024:10:41:40 +0800] "GET /xingrg/javascript/jquery_easy_ui/easyui-lang-zh_CN.js HTTP/1.1" 200 1900
180.169.147.146 - - [04/Feb/2024:10:41:40 +0800] "GET /xingrg/javascript/jquery.utils.js HTTP/1.1" 200 11805
180.169.147.146 - - [04/Feb/2024:10:41:40 +0800] "GET /xingrg/javascript/jquery.timers.js HTTP/1.1" 200 3532
180.169.147.146 - - [04/Feb/2024:10:41:40 +0800] "GET /favicon.ico HTTP/1.1" 404 -
180.169.147.146 - - [04/Feb/2024:10:41:40 +0800] "GET /xingrg/javascript/jquery_easy_ui/themes/icons/settle_new.png HTTP/1.1" 200 826
180.169.147.146 - - [04/Feb/2024:10:41:40 +0800] "GET /xingrg/images/blue/navBackgound.jpg HTTP/1.1" 200 12378
180.169.147.146 - - [04/Feb/2024:10:41:40 +0800] "GET /xingrg/check_reg.html?_=1707014500354 HTTP/1.1" 200 22
180.169.147.146 - - [04/Feb/2024:10:41:40 +0800] "GET /xingrg/images/blue/pingpu.png HTTP/1.1" 200 231
180.169.147.146 - - [04/Feb/2024:10:41:40 +0800] "GET /xingrg/javascript/jquery_easy_ui/themes/default/images/tabs_leftarrow.png HTTP/1.1" 200 389
180.169.147.146 - - [04/Feb/2024:10:41:40 +0800] "GET /xingrg/javascript/jquery_easy_ui/themes/default/images/tabs_rightarrow.png HTTP/1.1" 200 395
180.169.147.146 - - [04/Feb/2024:10:41:40 +0800] "GET /xingrg/javascript/jquery_easy_ui/themes/default/images/panel_tool_expand.gif HTTP/1.1" 200 247
180.169.147.146 - - [04/Feb/2024:10:41:40 +0800] "GET /xingrg/javascript/jquery_easy_ui/themes/default/images/panel_tool_collapse.gif HTTP/1.1" 200 246
116.230.123.222 - - [04/Feb/2024:10:41:40 +0800] "GET /xingrg/check_reg.html?_=1707014500457 HTTP/1.1" 200 22
116.230.123.222 - - [04/Feb/2024:10:41:40 +0800] "GET /xingrg/all/function/internal_message.html?_=1707014500459&CODE_STATE=getMsg HTTP/1.1" 200 27
180.169.147.146 - - [04/Feb/2024:10:41:40 +0800] "POST /xingrg/all/common/load_tree.html?tree=area_rest_tree_json&manage=1 HTTP/1.1" 200 2231
180.169.147.146 - - [04/Feb/2024:10:41:40 +0800] "GET /xingrg/all/function/internal_message.html?_=1707014500353&CODE_STATE=count HTTP/1.1" 200 11
180.169.147.146 - - [04/Feb/2024:10:41:40 +0800] "POST /xingrg/load_menu.html HTTP/1.1" 200 11564
180.169.147.146 - - [04/Feb/2024:10:41:40 +0800] "GET /xingrg/javascript/jquery_easy_ui/themes/default/images/tree_arrows.gif HTTP/1.1" 200 1043
180.169.147.146 - - [04/Feb/2024:10:41:40 +0800] "GET /xingrg/javascript/jquery_easy_ui/themes/default/images/tree_folder_open.gif HTTP/1.1" 200 956
180.169.147.146 - - [04/Feb/2024:10:41:40 +0800] "GET /xingrg/javascript/jquery_easy_ui/themes/icons/search_new.png HTTP/1.1" 200 586
180.169.147.146 - - [04/Feb/2024:10:41:40 +0800] "GET /xingrg/javascript/jquery_easy_ui/themes/icons/delivery_new.png HTTP/1.1" 200 700
180.169.147.146 - - [04/Feb/2024:10:41:40 +0800] "GET /xingrg/javascript/jquery_easy_ui/themes/icons/storage_new.png HTTP/1.1" 200 853
180.169.147.146 - - [04/Feb/2024:10:41:40 +0800] "GET /xingrg/javascript/jquery_easy_ui/themes/icons/forms_new.png HTTP/1.1" 200 350
180.169.147.146 - - [04/Feb/2024:10:41:40 +0800] "GET /xingrg/javascript/jquery_easy_ui/themes/icons/checkout_new.png HTTP/1.1" 200 744
180.169.147.146 - - [04/Feb/2024:10:41:40 +0800] "GET /xingrg/javascript/jquery_easy_ui/themes/icons/setting_new.png HTTP/1.1" 200 450
180.169.147.146 - - [04/Feb/2024:10:41:40 +0800] "GET /xingrg/javascript/jquery_easy_ui/themes/default/images/tree_file.gif HTTP/1.1" 200 118
180.169.147.146 - - [04/Feb/2024:10:41:40 +0800] "GET /xingrg/javascript/jquery_easy_ui/themes/default/images/tree_folder.gif HTTP/1.1" 200 952
180.169.147.146 - - [04/Feb/2024:10:41:40 +0800] "GET /xingrg/javascript/jquery_easy_ui/themes/icons/systemset_new.png HTTP/1.1" 200 606
116.238.97.31 - - [04/Feb/2024:10:41:41 +0800] "POST /xingrg/kc/mdqp/pssh_list_operate.html HTTP/1.1" 200 5427
180.169.147.146 - - [04/Feb/2024:10:41:43 +0800] "GET /xingrg/javascript/jquery_easy_ui/themes/icons/area.png HTTP/1.1" 200 262
180.169.147.146 - - [04/Feb/2024:10:41:43 +0800] "GET /xingrg/javascript/jquery_easy_ui/themes/icons/manage.png HTTP/1.1" 200 696
180.169.147.146 - - [04/Feb/2024:10:41:43 +0800] "GET /xingrg/javascript/jquery_easy_ui/themes/icons/rest.png HTTP/1.1" 200 695
180.169.147.146 - - [04/Feb/2024:10:41:43 +0800] "GET /xingrg/javascript/jquery_easy_ui/themes/default/images/button_a_bg.gif HTTP/1.1" 200 1194
180.169.147.146 - - [04/Feb/2024:10:41:43 +0800] "GET /xingrg/javascript/jquery_easy_ui/themes/default/images/button_span_bg.gif HTTP/1.1" 200 2061
180.169.147.146 - - [04/Feb/2024:10:41:43 +0800] "GET /xingrg/javascript/jquery_easy_ui/themes/icons/ok.png HTTP/1.1" 200 883
180.169.147.146 - - [04/Feb/2024:10:41:43 +0800] "GET /xingrg/javascript/jquery_easy_ui/themes/default/images/panel_title.png HTTP/1.1" 200 266
180.169.147.146 - - [04/Feb/2024:10:41:43 +0800] "GET /xingrg/javascript/jquery_easy_ui/themes/default/images/panel_tools.gif HTTP/1.1" 200 737
61.170.233.78 - - [04/Feb/2024:10:41:43 +0800] "GET /xingrg/javascript/auto/indicator.gif HTTP/1.1" 404 1066
116.238.97.31 - - [04/Feb/2024:10:41:43 +0800] "POST /xingrg/kc/mdqp/pssh_list_operate.html HTTP/1.1" 200 5524
180.169.147.146 - - [04/Feb/2024:10:41:45 +0800] "GET /xingrg/images/control/ajaxLoader.gif HTTP/1.1" 200 4659
180.169.147.146 - - [04/Feb/2024:10:41:45 +0800] "POST /xingrg/all/user/operate.html HTTP/1.1" 200 36
180.169.147.146 - - [04/Feb/2024:10:41:45 +0800] "GET /xingrg/index.html?sysBaseUrl=http%3A%2F%2F180.169.147.146%3A18081%2Fxingrg%2F&costTime=881×tamp=1707014500076 HTTP/1.1" 200 17509
180.169.147.146 - - [04/Feb/2024:10:41:45 +0800] "GET /xingrg/javascript/jquery_easy_ui/themes/default/easyui.css HTTP/1.1" 304 -
180.169.147.146 - - [04/Feb/2024:10:41:45 +0800] "GET /xingrg/javascript/jquery_easy_ui/themes/icon.css HTTP/1.1" 304 -
180.169.147.146 - - [04/Feb/2024:10:41:45 +0800] "GET /xingrg/css/form.css HTTP/1.1" 304 -
180.169.147.146 - - [04/Feb/2024:10:41:45 +0800] "GET /xingrg/javascript/jquery-1.4.2.min.js HTTP/1.1" 304 -
180.169.147.146 - - [04/Feb/2024:10:41:45 +0800] "GET /xingrg/javascript/jquery_easy_ui/jquery.easyui.min.js HTTP/1.1" 304 -
180.169.147.146 - - [04/Feb/2024:10:41:45 +0800] "GET /xingrg/javascript/jquery_easy_ui/easyui-lang-zh_CN.js HTTP/1.1" 304 -
180.169.147.146 - - [04/Feb/2024:10:41:45 +0800] "GET /xingrg/javascript/jquery.form.js HTTP/1.1" 304 -
180.169.147.146 - - [04/Feb/2024:10:41:45 +0800] "GET /xingrg/javascript/jquery.utils.js HTTP/1.1" 304 -
180.169.147.146 - - [04/Feb/2024:10:41:45 +0800] "GET /xingrg/javascript/jquery.timers.js HTTP/1.1" 304 -
180.169.147.146 - - [04/Feb/2024:10:41:45 +0800] "GET /xingrg/images/blue/jxLogo.png HTTP/1.1" 304 -
180.169.147.146 - - [04/Feb/2024:10:41:45 +0800] "GET /xingrg/images/blue/navBackgound.jpg HTTP/1.1" 304 -
180.169.147.146 - - [04/Feb/2024:10:41:45 +0800] "GET /xingrg/javascript/jquery_easy_ui/themes/icons/settle_new.png HTTP/1.1" 304 -
180.169.147.146 - - [04/Feb/2024:10:41:45 +0800] "GET /xingrg/all/function/internal_message.html?_=1707014505684&CODE_STATE=count HTTP/1.1" 200 11
180.169.147.146 - - [04/Feb/2024:10:41:45 +0800] "GET /xingrg/check_reg.html?_=1707014505685 HTTP/1.1" 200 22
180.169.147.146 - - [04/Feb/2024:10:41:45 +0800] "GET /xingrg/javascript/jquery_easy_ui/themes/default/images/tabs_leftarrow.png HTTP/1.1" 304 -
180.169.147.146 - - [04/Feb/2024:10:41:45 +0800] "GET /xingrg/javascript/jquery_easy_ui/themes/default/images/panel_tool_expand.gif HTTP/1.1" 304 -
180.169.147.146 - - [04/Feb/2024:10:41:45 +0800] "GET /xingrg/javascript/jquery_easy_ui/themes/default/images/panel_tool_collapse.gif HTTP/1.1" 304 -
180.169.147.146 - - [04/Feb/2024:10:41:45 +0800] "GET /xingrg/javascript/jquery_easy_ui/themes/default/images/tabs_rightarrow.png HTTP/1.1" 304 -
180.169.147.146 - - [04/Feb/2024:10:41:45 +0800] "GET /xingrg/images/blue/pingpu.png HTTP/1.1" 304 -
180.169.147.146 - - [04/Feb/2024:10:41:46 +0800] "POST /xingrg/all/common/load_tree.html?tree=area_rest_tree_json&manage=1 HTTP/1.1" 200 2231
116.238.97.31 - - [04/Feb/2024:10:41:46 +0800] "POST /xingrg/kc/mdqp/pssh_list_operate.html HTTP/1.1" 200 356
61.170.233.78 - - [04/Feb/2024:10:41:46 +0800] "GET /xingrg/all/function/internal_message.html?_=1707014505971&CODE_STATE=getMsg HTTP/1.1" 200 27
180.169.147.146 - - [04/Feb/2024:10:41:46 +0800] "POST /xingrg/load_menu.html HTTP/1.1" 200 9959
116.238.97.31 - - [04/Feb/2024:10:41:46 +0800] "POST /xingrg/kc/mdqp/pssh_list_operate.html HTTP/1.1" 200 5524
116.238.97.31 - - [04/Feb/2024:10:41:46 +0800] "GET /xingrg/kc/mdqp/pssh_order_info.html?code=312024010400092 HTTP/1.1" 200 17266
116.238.97.31 - - [04/Feb/2024:10:41:47 +0800] "GET /xingrg/javascript/jquery_tools/jquery-1.4.2.min.js HTTP/1.1" 404 1094
116.238.97.31 - - [04/Feb/2024:10:41:47 +0800] "GET /xingrg/javascript/easyui/themes/default/validatebox.css HTTP/1.1" 404 1104
180.169.147.146 - - [04/Feb/2024:10:41:47 +0800] "GET /xingrg/javascript/jquery_easy_ui/themes/default/images/tabs_close.gif HTTP/1.1" 200 829
180.169.147.146 - - [04/Feb/2024:10:41:47 +0800] "GET /xingrg/kc/report/report_main.html HTTP/1.1" 200 7340
116.238.97.31 - - [04/Feb/2024:10:41:47 +0800] "POST /xingrg/kc/mdqp/pssh_order_operate.html HTTP/1.1" 200 1041
180.169.147.146 - - [04/Feb/2024:10:41:47 +0800] "GET /xingrg/javascript/pic_change.js HTTP/1.1" 200 4739
180.169.147.146 - - [04/Feb/2024:10:41:47 +0800] "GET /xingrg/css/blue.css HTTP/1.1" 200 15949
180.169.147.146 - - [04/Feb/2024:10:41:47 +0800] "GET /xingrg/javascript/jquery_ui/themes/humanity/humanity.css HTTP/1.1" 200 27801
180.169.147.146 - - [04/Feb/2024:10:41:47 +0800] "GET /xingrg/javascript/json2.js HTTP/1.1" 200 11259
180.169.147.146 - - [04/Feb/2024:10:41:47 +0800] "GET /xingrg/javascript/myfunction.js HTTP/1.1" 200 24559
180.169.147.146 - - [04/Feb/2024:10:41:47 +0800] "GET /xingrg/javascript/jquery_easy_ui/themes/icons/back_new.png HTTP/1.1" 200 3414
222.69.129.86 - - [04/Feb/2024:10:41:48 +0800] "GET /xingrg/all/function/internal_message.html?_=1707014509605&CODE_STATE=getMsg HTTP/1.1" 200 27
180.169.147.146 - - [04/Feb/2024:10:41:48 +0800] "GET /xingrg/kc/base/crk_hz.html HTTP/1.1" 200 11247
180.169.147.146 - - [04/Feb/2024:10:41:48 +0800] "GET /xingrg/javascript/step/step.css HTTP/1.1" 200 999
180.169.147.146 - - [04/Feb/2024:10:41:48 +0800] "GET /xingrg/css/table.css HTTP/1.1" 200 3684
180.169.147.146 - - [04/Feb/2024:10:41:48 +0800] "POST /xingrg/kc/cost/cost_operate.html?command=get_base_tree HTTP/1.1" 200 2583
180.169.147.146 - - [04/Feb/2024:10:41:48 +0800] "POST /xingrg/all/common/load_tree.html?tree=materiel_sort_tree_json HTTP/1.1" 200 9734
180.169.147.146 - - [04/Feb/2024:10:41:48 +0800] "GET /xingrg/javascript/jquery_easy_ui/themes/default/images/combo_arrow_dot.gif HTTP/1.1" 200 79
180.169.147.146 - - [04/Feb/2024:10:41:48 +0800] "GET /xingrg/javascript/jquery_easy_ui/themes/icons/search.png HTTP/1.1" 200 813
180.169.147.146 - - [04/Feb/2024:10:41:48 +0800] "GET /xingrg/javascript/jquery_easy_ui/themes/default/images/menu_downarrow.png HTTP/1.1" 200 173
180.169.147.146 - - [04/Feb/2024:10:41:48 +0800] "GET /xingrg/javascript/jquery_easy_ui/themes/icons/print.png HTTP/1.1" 200 1057
180.169.147.146 - - [04/Feb/2024:10:41:48 +0800] "GET /xingrg/javascript/jquery_easy_ui/themes/default/images/menu.gif HTTP/1.1" 200 834
180.169.147.146 - - [04/Feb/2024:10:41:48 +0800] "GET /xingrg/javascript/jquery_easy_ui/themes/default/images/calendar_prevmonth.gif HTTP/1.1" 200 66
180.169.147.146 - - [04/Feb/2024:10:41:48 +0800] "GET /xingrg/javascript/jquery_easy_ui/themes/default/images/calendar_nextmonth.gif HTTP/1.1" 200 64
180.169.147.146 - - [04/Feb/2024:10:41:48 +0800] "GET /xingrg/javascript/jquery_easy_ui/themes/default/images/calendar_nextyear.gif HTTP/1.1" 200 75
180.169.147.146 - - [04/Feb/2024:10:41:48 +0800] "GET /xingrg/javascript/jquery_easy_ui/themes/default/images/calendar_prevyear.gif HTTP/1.1" 200 76
180.169.147.146 - - [04/Feb/2024:10:41:48 +0800] "GET /xingrg/javascript/jquery_easy_ui/themes/default/images/tree_checkbox_0.gif HTTP/1.1" 200 168
101.83.145.37 - - [04/Feb/2024:10:41:50 +0800] "GET /xingrg/all/function/internal_message.html?_=1707014274656&CODE_STATE=getMsg HTTP/1.1" 200 27
180.169.147.146 - - [04/Feb/2024:10:41:50 +0800] "GET /xingrg/all/common/get_data_part.html?part=previousMonth&_=1707014510058 HTTP/1.1" 200 41
61.170.233.78 - - [04/Feb/2024:10:41:51 +0800] "POST /xingrg/dwr/call/plaincall/AjaxQqpsService.getMaterielByCode.dwr HTTP/1.1" 200 2741
116.230.123.222 - - [04/Feb/2024:10:41:54 +0800] "GET /xingrg/kc/buy/cgsh_order_operate.html?command=get_materiel&rest_code=00111&code=00101006084&supplier_code=00100012&order_time=2024-02-04 HTTP/1.1" 200 413
116.232.194.112 - - [04/Feb/2024:10:41:55 +0800] "GET /xingrg/all/function/internal_message.html?_=1707014439980&CODE_STATE=getMsg HTTP/1.1" 200 27
120.253.135.82 - - [04/Feb/2024:10:41:55 +0800] "GET /xingrg/all/function/internal_message.html?_=1707014679753&CODE_STATE=getMsg HTTP/1.1" 302 -
120.253.135.82 - - [04/Feb/2024:10:41:55 +0800] "GET /xingrg/login.html HTTP/1.1" 200 7641
116.238.97.31 - - [04/Feb/2024:10:41:57 +0800] "GET /xingrg/all/function/internal_message.html?_=1707014516806&CODE_STATE=getMsg HTTP/1.1" 200 27
116.238.97.31 - - [04/Feb/2024:10:41:57 +0800] "GET /xingrg/check_reg.html?_=1707014517268 HTTP/1.1" 200 22
61.170.233.78 - - [04/Feb/2024:10:41:59 +0800] "POST /xingrg/dwr/call/plaincall/AjaxQqpsService.saveMaterielItem.dwr HTTP/1.1" 200 78
222.70.115.1 - - [04/Feb/2024:10:41:59 +0800] "GET /xingrg/all/function/internal_message.html?_=1707014521468&CODE_STATE=getMsg HTTP/1.1" 200 27
222.69.129.86 - - [04/Feb/2024:10:42:01 +0800] "GET /xingrg/kc/buy/cgsh_order_operate.html?command=get_materiel_price&rest_code=00154&code=00101008152&unit_code=00100001&supplier_code=00100417&order_time=2024-02-04 HTTP/1.1" 200 27
124.78.68.102 - - [04/Feb/2024:10:42:05 +0800] "GET /xingrg/all/function/internal_message.html?_=1707014525026&CODE_STATE=getMsg HTTP/1.1" 200 27
172.20.0.100 - - [04/Feb/2024:10:42:06 +0800] "GET /xingrg/all/function/internal_message.html?_=1707014545884&CODE_STATE=getMsg HTTP/1.1" 302 -
101.83.240.216 - - [04/Feb/2024:10:42:08 +0800] "GET /xingrg/kc/buy/cgsh_order_operate.html?command=get_materiel&rest_code=00149&code=00101008029&supplier_code=00100008&order_time=2024-02-04 HTTP/1.1" 200 417
120.253.135.82 - - [04/Feb/2024:10:42:09 +0800] "GET /xingrg/all/function/internal_message.html?_=1707014357815&CODE_STATE=getMsg HTTP/1.1" 200 27
61.170.233.78 - - [04/Feb/2024:10:42:10 +0800] "POST /xingrg/dwr/call/plaincall/AjaxQqpsService.getMaterielByCode.dwr HTTP/1.1" 200 2743
180.169.147.146 - - [04/Feb/2024:10:42:13 +0800] "GET /xingrg/all/function/internal_message.html?_=1707014533587&CODE_STATE=getMsg HTTP/1.1" 200 27
61.170.233.78 - - [04/Feb/2024:10:42:14 +0800] "POST /xingrg/dwr/call/plaincall/AjaxQqpsService.saveMaterielItem.dwr HTTP/1.1" 200 78
221.239.172.206 - - [04/Feb/2024:10:42:18 +0800] "GET /xingrg/all/function/internal_message.html?_=1707014538171&CODE_STATE=getMsg HTTP/1.1" 302 -
222.70.172.31 - - [04/Feb/2024:10:42:20 +0800] "GET /xingrg/all/function/internal_message.html?_=1707014542030&CODE_STATE=getMsg HTTP/1.1" 200 27
116.238.120.94 - - [04/Feb/2024:10:42:22 +0800] "GET /xingrg/check_reg.html?_=1707014542632 HTTP/1.1" 200 22
116.238.120.94 - - [04/Feb/2024:10:42:22 +0800] "GET /xingrg/all/function/internal_message.html?_=1707014542634&CODE_STATE=getMsg HTTP/1.1" 200 27
124.79.241.29 - - [04/Feb/2024:10:42:22 +0800] "GET /xingrg/all/function/internal_message.html?_=1707014541348&CODE_STATE=getMsg HTTP/1.1" 200 27
172.20.0.100 - - [04/Feb/2024:10:42:23 +0800] "GET /xingrg/all/function/internal_message.html?_=1707014543188&CODE_STATE=getMsg HTTP/1.1" 200 27
61.170.233.78 - - [04/Feb/2024:10:42:25 +0800] "GET /xingrg/all/function/internal_message.html?_=1707014545295&CODE_STATE=getMsg HTTP/1.1" 200 27
101.83.145.37 - - [04/Feb/2024:10:42:25 +0800] "GET /xingrg/all/function/internal_message.html?_=1707014545782&CODE_STATE=getMsg HTTP/1.1" 302 -
180.169.147.146 - - [04/Feb/2024:10:42:26 +0800] "GET /xingrg/all/function/internal_message.html?_=1707014547659&CODE_STATE=getMsg HTTP/1.1" 200 27
116.238.97.31 - - [04/Feb/2024:10:42:28 +0800] "GET /xingrg/login.html HTTP/1.1" 200 7641
116.238.97.31 - - [04/Feb/2024:10:42:29 +0800] "GET /favicon.ico HTTP/1.1" 404 -
101.83.240.216 - - [04/Feb/2024:10:42:30 +0800] "GET /xingrg/all/function/internal_message.html?_=1707014550577&CODE_STATE=getMsg HTTP/1.1" 200 27
116.238.97.31 - - [04/Feb/2024:10:42:33 +0800] "POST /xingrg/login.do HTTP/1.1" 302 -
116.238.97.31 - - [04/Feb/2024:10:42:33 +0800] "GET /xingrg/index.html?sysBaseUrl=http%3A%2F%2F180.169.147.146%3A18081%2Fxingrg%2F&costTime=1178×tamp=1707014553848 HTTP/1.1" 200 17173
116.238.97.31 - - [04/Feb/2024:10:42:34 +0800] "GET /favicon.ico HTTP/1.1" 404 -
116.238.97.31 - - [04/Feb/2024:10:42:34 +0800] "GET /xingrg/check_reg.html?_=1707014556710 HTTP/1.1" 200 22
116.238.97.31 - - [04/Feb/2024:10:42:34 +0800] "POST /xingrg/all/common/load_tree.html?tree=area_rest_tree_json&manage=1 HTTP/1.1" 200 342
116.238.97.31 - - [04/Feb/2024:10:42:34 +0800] "GET /xingrg/all/function/internal_message.html?_=1707014556709&CODE_STATE=count HTTP/1.1" 200 11
116.238.97.31 - - [04/Feb/2024:10:42:34 +0800] "POST /xingrg/load_menu.html HTTP/1.1" 200 5138
180.169.147.146 - - [04/Feb/2024:10:42:37 +0800] "GET /xingrg/javascript/jquery_easy_ui/themes/default/images/tree_checkbox_1.gif HTTP/1.1" 200 174
180.169.147.146 - - [04/Feb/2024:10:42:37 +0800] "GET /xingrg/javascript/jquery_easy_ui/themes/default/images/tree_checkbox_2.gif HTTP/1.1" 200 181
61.170.233.78 - - [04/Feb/2024:10:42:39 +0800] "POST /xingrg/dwr/call/plaincall/AjaxQqpsService.getMaterielByCode.dwr HTTP/1.1" 200 2724
116.238.97.31 - - [04/Feb/2024:10:42:40 +0800] "GET /xingrg/kc/mdqp/pssh_order_list.html HTTP/1.1" 200 17851
116.230.123.222 - - [04/Feb/2024:10:42:40 +0800] "GET /xingrg/all/function/internal_message.html?_=1707014560459&CODE_STATE=getMsg HTTP/1.1" 200 27
116.238.97.31 - - [04/Feb/2024:10:42:41 +0800] "POST /xingrg/kc/mdqp/pssh_list_operate.html HTTP/1.1" 200 5427
61.170.233.78 - - [04/Feb/2024:10:42:42 +0800] "POST /xingrg/dwr/call/plaincall/AjaxQqpsService.saveMaterielItem.dwr HTTP/1.1" 200 78
