101.83.240.216 - - [04/Feb/2024:09:48:47 +0800] "GET /xingrg/login.html HTTP/1.1" 200 7641
101.83.240.216 - - [04/Feb/2024:09:48:47 +0800] "GET /xingrg/login.html HTTP/1.1" 200 7641
116.230.123.222 - - [04/Feb/2024:09:48:48 +0800] "GET /xingrg/javascript/auto/indicator.gif HTTP/1.1" 404 1066
61.170.233.78 - - [04/Feb/2024:09:48:49 +0800] "GET /xingrg/all/report/report_query.html?fileName=dma/new_5.0/menu/menu_category_hz.xml HTTP/1.1" 200 53064
61.170.233.78 - - [04/Feb/2024:09:48:49 +0800] "GET /xingrg/dwr/interface/AjaxReportQueryService.js HTTP/1.1" 200 13203
61.170.233.78 - - [04/Feb/2024:09:48:49 +0800] "GET /xingrg/dwr/engine.js HTTP/1.1" 200 43631
61.170.233.78 - - [04/Feb/2024:09:48:49 +0800] "POST /xingrg/dwr/call/plaincall/AjaxReportQueryService.getFixDate.dwr HTTP/1.1" 200 111
61.170.233.78 - - [04/Feb/2024:09:48:49 +0800] "POST /xingrg/all/common/load_tree.html?tree=area_station_tree_json&manage=1 HTTP/1.1" 200 3393
61.170.233.78 - - [04/Feb/2024:09:48:51 +0800] "GET /xingrg/all/report/report_query.html?fileName=dma/new_5.0/menu/menu_stca_hz.xml HTTP/1.1" 200 51418
61.170.233.78 - - [04/Feb/2024:09:48:51 +0800] "GET /xingrg/dwr/interface/AjaxReportQueryService.js HTTP/1.1" 200 13203
61.170.233.78 - - [04/Feb/2024:09:48:51 +0800] "GET /xingrg/dwr/engine.js HTTP/1.1" 200 43631
61.170.233.78 - - [04/Feb/2024:09:48:51 +0800] "POST /xingrg/dwr/call/plaincall/AjaxReportQueryService.getFixDate.dwr HTTP/1.1" 200 111
61.170.233.78 - - [04/Feb/2024:09:48:51 +0800] "POST /xingrg/all/common/load_tree.html?tree=area_station_tree_json&manage=1 HTTP/1.1" 200 3393
61.170.233.78 - - [04/Feb/2024:09:48:53 +0800] "GET /xingrg/all/report/report_query.html?fileName=dma/new_5.0/menu/menu_category_hz.xml HTTP/1.1" 200 53064
61.170.233.78 - - [04/Feb/2024:09:48:53 +0800] "GET /xingrg/dwr/interface/AjaxReportQueryService.js HTTP/1.1" 200 13203
61.170.233.78 - - [04/Feb/2024:09:48:53 +0800] "GET /xingrg/dwr/engine.js HTTP/1.1" 200 43631
61.170.233.78 - - [04/Feb/2024:09:48:53 +0800] "POST /xingrg/dwr/call/plaincall/AjaxReportQueryService.getFixDate.dwr HTTP/1.1" 200 111
61.170.233.78 - - [04/Feb/2024:09:48:53 +0800] "POST /xingrg/all/common/load_tree.html?tree=area_station_tree_json&manage=1 HTTP/1.1" 200 3393
61.170.233.78 - - [04/Feb/2024:09:48:54 +0800] "POST /xingrg/dwr/call/plaincall/AjaxReportQueryService.getFixDate.dwr HTTP/1.1" 200 111
172.20.0.100 - - [04/Feb/2024:09:48:56 +0800] "GET /xingrg/all/function/internal_message.html?_=1707011335523&CODE_STATE=getMsg HTTP/1.1" 200 27
101.83.145.37 - - [04/Feb/2024:09:48:56 +0800] "GET /xingrg/index.html?sysBaseUrl=http%3A%2F%2F180.169.147.146%3A18081%2Fxingrg%2F&costTime=36×tamp=1585223203754 HTTP/1.1" 302 -
101.83.145.37 - - [04/Feb/2024:09:48:56 +0800] "GET /xingrg/login.html HTTP/1.1" 200 7641
101.83.145.37 - - [04/Feb/2024:09:48:57 +0800] "GET /favicon.ico HTTP/1.1" 404 -
101.83.145.37 - - [04/Feb/2024:09:48:58 +0800] "POST /xingrg/login.do HTTP/1.1" 200 2421
101.83.145.37 - - [04/Feb/2024:09:48:58 +0800] "GET /favicon.ico HTTP/1.1" 404 -
101.83.145.37 - - [04/Feb/2024:09:48:59 +0800] "GET /xingrg/login.html HTTP/1.1" 200 7641
101.83.145.37 - - [04/Feb/2024:09:49:00 +0800] "GET /favicon.ico HTTP/1.1" 404 -
116.230.123.222 - - [04/Feb/2024:09:49:00 +0800] "GET /xingrg/kc/buy/cgsh_order_operate.html?command=get_materiel&rest_code=00111&code=00101008353&supplier_code=00100005&order_time=2024-02-04 HTTP/1.1" 200 408
221.239.172.206 - - [04/Feb/2024:09:49:00 +0800] "GET /xingrg/check_reg.html?_=1707011340534 HTTP/1.1" 302 -
101.83.145.37 - - [04/Feb/2024:09:49:02 +0800] "POST /xingrg/login.do HTTP/1.1" 302 -
101.83.145.37 - - [04/Feb/2024:09:49:02 +0800] "GET /xingrg/index.html?sysBaseUrl=http%3A%2F%2F180.169.147.146%3A18081%2Fxingrg%2F&costTime=1062×tamp=1707011342072 HTTP/1.1" 200 17173
116.232.194.112 - - [04/Feb/2024:09:49:02 +0800] "GET /xingrg/all/function/internal_message.html?_=1707011266906&CODE_STATE=getMsg HTTP/1.1" 200 27
101.83.145.37 - - [04/Feb/2024:09:49:02 +0800] "GET /favicon.ico HTTP/1.1" 404 -
101.83.145.37 - - [04/Feb/2024:09:49:02 +0800] "GET /xingrg/all/function/internal_message.html?_=1707011342781&CODE_STATE=count HTTP/1.1" 200 11
101.83.145.37 - - [04/Feb/2024:09:49:02 +0800] "GET /xingrg/check_reg.html?_=1707011342781 HTTP/1.1" 200 22
101.83.145.37 - - [04/Feb/2024:09:49:02 +0800] "POST /xingrg/all/common/load_tree.html?tree=area_rest_tree_json&manage=1 HTTP/1.1" 200 3624
101.83.145.37 - - [04/Feb/2024:09:49:02 +0800] "POST /xingrg/load_menu.html HTTP/1.1" 200 5138
120.253.135.82 - - [04/Feb/2024:09:49:03 +0800] "GET /xingrg/check_reg.html?_=1707011507486 HTTP/1.1" 302 -
120.253.135.82 - - [04/Feb/2024:09:49:03 +0800] "GET /xingrg/all/function/internal_message.html?_=1707011507485&CODE_STATE=getMsg HTTP/1.1" 302 -
120.253.135.82 - - [04/Feb/2024:09:49:03 +0800] "GET /xingrg/login.html HTTP/1.1" 200 7641
120.253.135.82 - - [04/Feb/2024:09:49:03 +0800] "GET /xingrg/login.html HTTP/1.1" 200 7641
101.83.145.37 - - [04/Feb/2024:09:49:05 +0800] "GET /xingrg/kc/buy/cgsh_order_list.html HTTP/1.1" 200 57692
172.20.0.100 - - [04/Feb/2024:09:49:06 +0800] "GET /xingrg/all/function/internal_message.html?_=1707011365774&CODE_STATE=getMsg HTTP/1.1" 302 -
172.20.0.100 - - [04/Feb/2024:09:49:06 +0800] "GET /xingrg/check_reg.html?_=1707011365775 HTTP/1.1" 302 -
116.230.123.222 - - [04/Feb/2024:09:49:08 +0800] "GET /xingrg/all/function/internal_message.html?_=1707011348440&CODE_STATE=getMsg HTTP/1.1" 200 27
101.83.145.37 - - [04/Feb/2024:09:49:09 +0800] "POST /xingrg/kc/buy/cgsh_list_operate.html HTTP/1.1" 200 1845
61.170.233.78 - - [04/Feb/2024:09:49:09 +0800] "POST /xingrg/dwr/call/plaincall/AjaxReportQueryService.queryInitializeString.dwr HTTP/1.1" 200 1012
116.230.123.222 - - [04/Feb/2024:09:49:12 +0800] "GET /xingrg/kc/buy/cgsh_order_operate.html?command=get_materiel&rest_code=00111&code=00101008087&supplier_code=00100005&order_time=2024-02-04 HTTP/1.1" 200 412
116.238.97.31 - - [04/Feb/2024:09:49:13 +0800] "GET /xingrg/all/function/internal_message.html?_=1707011352898&CODE_STATE=getMsg HTTP/1.1" 302 -
101.83.145.37 - - [04/Feb/2024:09:49:18 +0800] "POST /xingrg/kc/buy/cgsh_list_operate.html HTTP/1.1" 200 514
221.239.172.206 - - [04/Feb/2024:09:49:19 +0800] "GET /xingrg/all/function/internal_message.html?_=1707011359114&CODE_STATE=getMsg HTTP/1.1" 302 -
101.83.145.37 - - [04/Feb/2024:09:49:20 +0800] "GET /xingrg/kc/buy/cgsh_order_info.html?code=212024020401650 HTTP/1.1" 200 73548
101.83.145.37 - - [04/Feb/2024:09:49:20 +0800] "GET /xingrg/javascript/easyui/themes/default/validatebox.css HTTP/1.1" 404 1104
101.83.145.37 - - [04/Feb/2024:09:49:20 +0800] "GET /xingrg/all/common/auto_word.html?type=employee&rest_code=00105 HTTP/1.1" 200 193
101.83.145.37 - - [04/Feb/2024:09:49:20 +0800] "GET /xingrg/all/common/auto_word.html?type=employee&rest_code=00105 HTTP/1.1" 200 193
61.170.233.78 - - [04/Feb/2024:09:49:20 +0800] "POST /xingrg/dwr/call/plaincall/AjaxReportQueryService.refreshCache.dwr HTTP/1.1" 200 78
101.83.145.37 - - [04/Feb/2024:09:49:21 +0800] "POST /xingrg/kc/buy/cgsh_order_operate.html HTTP/1.1" 200 5063
61.170.233.78 - - [04/Feb/2024:09:49:22 +0800] "POST /xingrg/all/report/load_report_page.html HTTP/1.1" 200 13194
61.170.233.78 - - [04/Feb/2024:09:49:22 +0800] "GET /xingrg/servlets/image?cache=0.5638136619612207&image=px HTTP/1.1" 200 807
101.83.145.37 - - [04/Feb/2024:09:49:22 +0800] "GET /xingrg/kc/print/load_config.html?kc_code=cgsh HTTP/1.1" 200 1927
101.83.145.37 - - [04/Feb/2024:09:49:23 +0800] "GET /xingrg/kc/print/load_data.html?order_code=212024020401650&kc_code=cgsh&condition= HTTP/1.1" 200 1595
61.170.233.78 - - [04/Feb/2024:09:49:24 +0800] "GET /xingrg/all/report/report_query.html?isQuery=1&fileName=dma/new_5.0/menu/menu_hz.xml&queryString=(a.sale_day%2520between%252020240101%2520and%252020240131)%2520and%2520(a.sid%2520%253D%252011)%2520and%2520(a.category_id%2520in%2520(40))%2520and%2520(a.category_id%253D40)&queryText=%25E3%2580%2590%25E8%2590%25A5%25E4%25B8%259A%25E6%2597%25A5%25E6%259C%259F%253A2024-01-01%2520%25E8%2587%25B3%25202024-01-31%25E3%2580%2591%2520%25E5%25B9%25B6%25E4%25B8%2594%2520%2520%25E3%2580%2590%25E9%2597%25A8%25E5%25BA%2597%25E5%2590%258D%25E7%25A7%25B0%2520%253D%2520%25E6%25B7%25B1%25E6%25B5%25B7%25E6%25B8%2594%25E6%25B8%25AF%25E9%2595%25BF%25E5%25AF%25BF%25E8%25B7%25AF1_11%25E3%2580%2591%2520%25E5%25B9%25B6%25E4%25B8%2594%2520%2520%25E3%2580%2590%25E8%258F%259C%25E5%2593%2581%25E7%25B1%25BB%25E5%2588%25AB%2520%253D%2520%25E8%2590%25A5%25E9%2594%2580%25E6%25B4%25BB%25E5%258A%25A8%25E3%2580%2591%2520%25E5%25B9%25B6%25E4%25B8%2594%2520%25E3%2580%2590%25E8%258F%259C%25E5%2593%2581%25E7%25B1%25BB%25E5%2588%25AB%2520%253D%2520%25E8%2590%25A5%25E9%2594%2580%25E6%25B4%25BB%25E5%258A%25A8%25E3%2580%2591 HTTP/1.1" 200 54221
61.170.233.78 - - [04/Feb/2024:09:49:24 +0800] "GET /xingrg/dwr/engine.js HTTP/1.1" 200 43631
61.170.233.78 - - [04/Feb/2024:09:49:24 +0800] "GET /favicon.ico HTTP/1.1" 404 -
61.170.233.78 - - [04/Feb/2024:09:49:24 +0800] "POST /xingrg/all/report/load_report_page.html HTTP/1.1" 200 45331
61.170.233.78 - - [04/Feb/2024:09:49:25 +0800] "GET /xingrg/servlets/image?cache=0.9894224239697939&image=px HTTP/1.1" 200 807
61.170.233.78 - - [04/Feb/2024:09:49:26 +0800] "GET /xingrg/all/function/internal_message.html?_=1707011366870&CODE_STATE=getMsg HTTP/1.1" 200 27
101.83.145.37 - - [04/Feb/2024:09:49:27 +0800] "GET /xingrg/all/function/internal_message.html?_=1707011132012&CODE_STATE=getMsg HTTP/1.1" 200 27
116.232.194.112 - - [04/Feb/2024:09:49:29 +0800] "GET /xingrg/all/function/internal_message.html?_=1707011294216&CODE_STATE=getMsg HTTP/1.1" 200 27
61.170.233.78 - - [04/Feb/2024:09:49:41 +0800] "GET /xingrg/all/function/internal_message.html?_=1707011376735&CODE_STATE=getMsg HTTP/1.1" 200 27
180.164.1.25 - - [04/Feb/2024:09:49:41 +0800] "GET /xingrg/all/function/internal_message.html?_=1707011381158&CODE_STATE=getMsg HTTP/1.1" 302 -
124.78.68.102 - - [04/Feb/2024:09:49:41 +0800] "GET /xingrg/all/function/internal_message.html?_=1707011381818&CODE_STATE=getMsg HTTP/1.1" 302 -
101.83.240.216 - - [04/Feb/2024:09:49:47 +0800] "GET /xingrg/all/function/internal_message.html?_=1707011387051&CODE_STATE=getMsg HTTP/1.1" 302 -
116.230.123.222 - - [04/Feb/2024:09:49:55 +0800] "GET /xingrg/kc/buy/cgsh_order_operate.html?command=get_materiel&rest_code=00111&code=00101008059&supplier_code=00100005&order_time=2024-02-04 HTTP/1.1" 200 408
172.20.0.100 - - [04/Feb/2024:09:49:56 +0800] "GET /xingrg/all/function/internal_message.html?_=1707011395514&CODE_STATE=getMsg HTTP/1.1" 200 27
116.232.194.112 - - [04/Feb/2024:09:50:02 +0800] "GET /xingrg/all/function/internal_message.html?_=1707011326896&CODE_STATE=getMsg HTTP/1.1" 200 27
101.83.145.37 - - [04/Feb/2024:09:50:02 +0800] "GET /xingrg/all/function/internal_message.html?_=1707011402798&CODE_STATE=getMsg HTTP/1.1" 200 27
120.253.135.82 - - [04/Feb/2024:09:50:04 +0800] "GET /xingrg/all/function/internal_message.html?_=1707011568490&CODE_STATE=getMsg HTTP/1.1" 302 -
120.253.135.82 - - [04/Feb/2024:09:50:04 +0800] "GET /xingrg/login.html HTTP/1.1" 200 7641
116.230.123.222 - - [04/Feb/2024:09:50:05 +0800] "GET /xingrg/kc/buy/cgsh_order_operate.html?command=get_materiel&rest_code=00111&code=00101008368&supplier_code=00100005&order_time=2024-02-04 HTTP/1.1" 200 410
172.20.0.100 - - [04/Feb/2024:09:50:06 +0800] "GET /xingrg/index.html?sysBaseUrl=http%3A%2F%2F172.17.0.8%3A18081%2Fxingrg%2F&costTime=213×tamp=1585200360465 HTTP/1.1" 200 17454
172.20.0.100 - - [04/Feb/2024:09:50:06 +0800] "GET /favicon.ico HTTP/1.1" 404 -
172.20.0.100 - - [04/Feb/2024:09:50:06 +0800] "GET /xingrg/all/function/internal_message.html?_=1707011425773&CODE_STATE=getMsg HTTP/1.1" 302 -
172.20.0.100 - - [04/Feb/2024:09:50:06 +0800] "GET /xingrg/check_reg.html?_=1707011406278 HTTP/1.1" 200 22
172.20.0.100 - - [04/Feb/2024:09:50:06 +0800] "GET /xingrg/all/function/internal_message.html?_=1707011406275&CODE_STATE=count HTTP/1.1" 200 11
222.70.172.31 - - [04/Feb/2024:09:50:06 +0800] "GET /xingrg/all/function/internal_message.html?_=1707011408486&CODE_STATE=getMsg HTTP/1.1" 302 -
222.70.172.31 - - [04/Feb/2024:09:50:06 +0800] "GET /xingrg/check_reg.html?_=1707011408488 HTTP/1.1" 302 -
172.20.0.100 - - [04/Feb/2024:09:50:07 +0800] "POST /xingrg/all/common/load_tree.html?tree=area_rest_tree_json&manage=1 HTTP/1.1" 200 3624
172.20.0.100 - - [04/Feb/2024:09:50:07 +0800] "POST /xingrg/load_menu.html HTTP/1.1" 200 9924
116.230.123.222 - - [04/Feb/2024:09:50:08 +0800] "GET /xingrg/all/function/internal_message.html?_=1707011408432&CODE_STATE=getMsg HTTP/1.1" 200 27
172.20.0.100 - - [04/Feb/2024:09:50:11 +0800] "POST /xingrg/all/user/operate.html HTTP/1.1" 200 36
172.20.0.100 - - [04/Feb/2024:09:50:12 +0800] "GET /xingrg/index.html?sysBaseUrl=http%3A%2F%2F172.17.0.8%3A18081%2Fxingrg%2F&costTime=213×tamp=1585200360465 HTTP/1.1" 200 17454
172.20.0.100 - - [04/Feb/2024:09:50:12 +0800] "GET /xingrg/javascript/jquery_easy_ui/themes/default/easyui.css HTTP/1.1" 304 -
172.20.0.100 - - [04/Feb/2024:09:50:12 +0800] "GET /xingrg/javascript/jquery_easy_ui/themes/icon.css HTTP/1.1" 304 -
172.20.0.100 - - [04/Feb/2024:09:50:12 +0800] "GET /xingrg/css/form.css HTTP/1.1" 304 -
172.20.0.100 - - [04/Feb/2024:09:50:12 +0800] "GET /xingrg/javascript/jquery-1.4.2.min.js HTTP/1.1" 304 -
172.20.0.100 - - [04/Feb/2024:09:50:12 +0800] "GET /xingrg/javascript/jquery_easy_ui/jquery.easyui.min.js HTTP/1.1" 304 -
172.20.0.100 - - [04/Feb/2024:09:50:12 +0800] "GET /xingrg/javascript/jquery_easy_ui/easyui-lang-zh_CN.js HTTP/1.1" 304 -
172.20.0.100 - - [04/Feb/2024:09:50:12 +0800] "GET /xingrg/javascript/jquery.form.js HTTP/1.1" 304 -
172.20.0.100 - - [04/Feb/2024:09:50:12 +0800] "GET /xingrg/javascript/jquery.utils.js HTTP/1.1" 304 -
172.20.0.100 - - [04/Feb/2024:09:50:12 +0800] "GET /xingrg/javascript/jquery.timers.js HTTP/1.1" 304 -
172.20.0.100 - - [04/Feb/2024:09:50:12 +0800] "GET /xingrg/images/blue/jxLogo.png HTTP/1.1" 304 -
172.20.0.100 - - [04/Feb/2024:09:50:12 +0800] "GET /xingrg/images/blue/navBackgound.jpg HTTP/1.1" 304 -
172.20.0.100 - - [04/Feb/2024:09:50:12 +0800] "GET /xingrg/javascript/jquery_easy_ui/themes/icons/settle_new.png HTTP/1.1" 304 -
172.20.0.100 - - [04/Feb/2024:09:50:12 +0800] "GET /xingrg/all/function/internal_message.html?_=1707011411639&CODE_STATE=count HTTP/1.1" 200 11
172.20.0.100 - - [04/Feb/2024:09:50:12 +0800] "GET /xingrg/check_reg.html?_=1707011411640 HTTP/1.1" 200 22
172.20.0.100 - - [04/Feb/2024:09:50:12 +0800] "GET /xingrg/javascript/jquery_easy_ui/themes/default/images/tabs_leftarrow.png HTTP/1.1" 304 -
172.20.0.100 - - [04/Feb/2024:09:50:12 +0800] "GET /xingrg/javascript/jquery_easy_ui/themes/default/images/panel_tool_expand.gif HTTP/1.1" 304 -
172.20.0.100 - - [04/Feb/2024:09:50:12 +0800] "GET /xingrg/javascript/jquery_easy_ui/themes/default/images/panel_tool_collapse.gif HTTP/1.1" 304 -
172.20.0.100 - - [04/Feb/2024:09:50:12 +0800] "GET /xingrg/images/blue/pingpu.png HTTP/1.1" 304 -
172.20.0.100 - - [04/Feb/2024:09:50:12 +0800] "GET /xingrg/javascript/jquery_easy_ui/themes/default/images/tabs_rightarrow.png HTTP/1.1" 304 -
172.20.0.100 - - [04/Feb/2024:09:50:12 +0800] "POST /xingrg/all/common/load_tree.html?tree=area_rest_tree_json&manage=1 HTTP/1.1" 200 3624
172.20.0.100 - - [04/Feb/2024:09:50:12 +0800] "POST /xingrg/load_menu.html HTTP/1.1" 200 9924
116.238.97.31 - - [04/Feb/2024:09:50:13 +0800] "GET /xingrg/all/function/internal_message.html?_=1707011412906&CODE_STATE=getMsg HTTP/1.1" 302 -
172.20.0.100 - - [04/Feb/2024:09:50:14 +0800] "GET /xingrg/kc/base/check_order_list.html HTTP/1.1" 200 16373
172.20.0.100 - - [04/Feb/2024:09:50:18 +0800] "GET /xingrg/kc/cost/cost_list.html HTTP/1.1" 200 6073
172.20.0.100 - - [04/Feb/2024:09:50:18 +0800] "GET /xingrg/dwr/interface/AjaxReportQueryService.js HTTP/1.1" 200 13203
172.20.0.100 - - [04/Feb/2024:09:50:18 +0800] "GET /xingrg/dwr/engine.js HTTP/1.1" 200 43631
116.230.123.222 - - [04/Feb/2024:09:50:18 +0800] "GET /xingrg/kc/buy/cgsh_order_operate.html?command=get_materiel&rest_code=00111&code=00101008403&supplier_code=00100005&order_time=2024-02-04 HTTP/1.1" 200 412
172.20.0.100 - - [04/Feb/2024:09:50:18 +0800] "GET /xingrg/kc/cost/cost_operate.html?_=1707011417715&command=load_cost_list HTTP/1.1" 200 11684
221.239.172.206 - - [04/Feb/2024:09:50:19 +0800] "GET /xingrg/all/function/internal_message.html?_=1707011419098&CODE_STATE=getMsg HTTP/1.1" 302 -
222.70.172.31 - - [04/Feb/2024:09:50:21 +0800] "GET /xingrg/login.html HTTP/1.1" 200 7641
222.70.172.31 - - [04/Feb/2024:09:50:21 +0800] "GET /favicon.ico HTTP/1.1" 404 -
222.70.172.31 - - [04/Feb/2024:09:50:24 +0800] "POST /xingrg/login.do HTTP/1.1" 302 -
222.70.172.31 - - [04/Feb/2024:09:50:24 +0800] "GET /xingrg/index.html?sysBaseUrl=http%3A%2F%2F180.169.147.146%3A18081%2Fxingrg%2F&costTime=954×tamp=1707011424188 HTTP/1.1" 200 17179
222.70.172.31 - - [04/Feb/2024:09:50:24 +0800] "GET /xingrg/javascript/jquery_easy_ui/themes/icon.css HTTP/1.1" 304 -
222.70.172.31 - - [04/Feb/2024:09:50:24 +0800] "GET /xingrg/javascript/jquery-1.4.2.min.js HTTP/1.1" 304 -
222.70.172.31 - - [04/Feb/2024:09:50:24 +0800] "GET /xingrg/css/form.css HTTP/1.1" 304 -
222.70.172.31 - - [04/Feb/2024:09:50:24 +0800] "GET /xingrg/javascript/jquery_easy_ui/jquery.easyui.min.js HTTP/1.1" 304 -
222.70.172.31 - - [04/Feb/2024:09:50:24 +0800] "GET /xingrg/javascript/jquery.form.js HTTP/1.1" 304 -
222.70.172.31 - - [04/Feb/2024:09:50:24 +0800] "GET /xingrg/javascript/jquery_easy_ui/easyui-lang-zh_CN.js HTTP/1.1" 304 -
222.70.172.31 - - [04/Feb/2024:09:50:24 +0800] "GET /xingrg/javascript/jquery_easy_ui/themes/default/easyui.css HTTP/1.1" 304 -
222.70.172.31 - - [04/Feb/2024:09:50:24 +0800] "GET /xingrg/javascript/jquery.timers.js HTTP/1.1" 304 -
222.70.172.31 - - [04/Feb/2024:09:50:24 +0800] "GET /xingrg/javascript/jquery.utils.js HTTP/1.1" 304 -
222.70.172.31 - - [04/Feb/2024:09:50:24 +0800] "GET /favicon.ico HTTP/1.1" 404 -
222.70.172.31 - - [04/Feb/2024:09:50:24 +0800] "GET /xingrg/check_reg.html?_=1707011426007 HTTP/1.1" 200 22
222.70.172.31 - - [04/Feb/2024:09:50:24 +0800] "POST /xingrg/all/common/load_tree.html?tree=area_rest_tree_json&manage=1 HTTP/1.1" 200 479
222.70.172.31 - - [04/Feb/2024:09:50:24 +0800] "GET /xingrg/all/function/internal_message.html?_=1707011426006&CODE_STATE=count HTTP/1.1" 200 11
222.70.172.31 - - [04/Feb/2024:09:50:24 +0800] "POST /xingrg/load_menu.html HTTP/1.1" 200 5138
172.20.0.100 - - [04/Feb/2024:09:50:24 +0800] "GET /xingrg/kc/cost/cost_page.html HTTP/1.1" 200 4078
172.20.0.100 - - [04/Feb/2024:09:50:24 +0800] "GET /xingrg/dwr/interface/AjaxReportQueryService.js HTTP/1.1" 200 13203
172.20.0.100 - - [04/Feb/2024:09:50:24 +0800] "GET /xingrg/dwr/engine.js HTTP/1.1" 200 43631
61.170.233.78 - - [04/Feb/2024:09:50:26 +0800] "GET /xingrg/check_reg.html?_=1707011426868 HTTP/1.1" 200 22
61.170.233.78 - - [04/Feb/2024:09:50:26 +0800] "GET /xingrg/all/function/internal_message.html?_=1707011426872&CODE_STATE=getMsg HTTP/1.1" 200 27
101.83.145.37 - - [04/Feb/2024:09:50:27 +0800] "GET /xingrg/check_reg.html?_=1707011192007 HTTP/1.1" 200 22
101.83.145.37 - - [04/Feb/2024:09:50:27 +0800] "GET /xingrg/all/function/internal_message.html?_=1707011192010&CODE_STATE=getMsg HTTP/1.1" 200 27
172.20.0.100 - - [04/Feb/2024:09:50:27 +0800] "POST /xingrg/kc/cost/cost_operate.html HTTP/1.1" 200 4
172.20.0.100 - - [04/Feb/2024:09:50:28 +0800] "GET /xingrg/kc/cost/cost_page.html HTTP/1.1" 200 4348
172.20.0.100 - - [04/Feb/2024:09:50:28 +0800] "GET /xingrg/css/blue.css HTTP/1.1" 304 -
172.20.0.100 - - [04/Feb/2024:09:50:28 +0800] "GET /xingrg/javascript/jquery_easy_ui/themes/default/easyui.css HTTP/1.1" 304 -
172.20.0.100 - - [04/Feb/2024:09:50:28 +0800] "GET /xingrg/javascript/jquery_easy_ui/themes/icon.css HTTP/1.1" 304 -
172.20.0.100 - - [04/Feb/2024:09:50:28 +0800] "GET /xingrg/javascript/step/step.css HTTP/1.1" 304 -
172.20.0.100 - - [04/Feb/2024:09:50:28 +0800] "GET /xingrg/css/table.css HTTP/1.1" 304 -
172.20.0.100 - - [04/Feb/2024:09:50:28 +0800] "GET /xingrg/dwr/interface/AjaxReportQueryService.js HTTP/1.1" 200 13203
172.20.0.100 - - [04/Feb/2024:09:50:28 +0800] "GET /xingrg/dwr/engine.js HTTP/1.1" 200 43631
172.20.0.100 - - [04/Feb/2024:09:50:28 +0800] "GET /xingrg/dwr/util.js HTTP/1.1" 200 35990
172.20.0.100 - - [04/Feb/2024:09:50:28 +0800] "GET /xingrg/javascript/jquery-1.4.2.min.js HTTP/1.1" 304 -
172.20.0.100 - - [04/Feb/2024:09:50:28 +0800] "GET /xingrg/javascript/jquery_easy_ui/jquery.easyui.min.js HTTP/1.1" 304 -
172.20.0.100 - - [04/Feb/2024:09:50:28 +0800] "GET /xingrg/javascript/jquery_easy_ui/easyui-lang-zh_CN.js HTTP/1.1" 304 -
172.20.0.100 - - [04/Feb/2024:09:50:28 +0800] "GET /xingrg/javascript/jquery.utils.js HTTP/1.1" 304 -
172.20.0.100 - - [04/Feb/2024:09:50:28 +0800] "GET /xingrg/images/control/ajaxLoader.gif HTTP/1.1" 304 -
116.232.194.112 - - [04/Feb/2024:09:50:29 +0800] "GET /xingrg/all/function/internal_message.html?_=1707011354223&CODE_STATE=getMsg HTTP/1.1" 200 27
116.230.123.222 - - [04/Feb/2024:09:50:30 +0800] "GET /xingrg/kc/buy/cgsh_order_operate.html?command=get_materiel&rest_code=00111&code=00101008261&supplier_code=00100005&order_time=2024-02-04 HTTP/1.1" 200 408
222.70.172.31 - - [04/Feb/2024:09:50:32 +0800] "GET /xingrg/kc/buy/cgsh_order_list.html HTTP/1.1" 200 57698
222.70.172.31 - - [04/Feb/2024:09:50:32 +0800] "GET /xingrg/css/site.css HTTP/1.1" 304 -
222.70.172.31 - - [04/Feb/2024:09:50:32 +0800] "GET /xingrg/javascript/jquery_tools/datebox.css HTTP/1.1" 304 -
222.70.172.31 - - [04/Feb/2024:09:50:32 +0800] "GET /xingrg/javascript/easyui/themes/default/easyui.css HTTP/1.1" 304 -
222.70.172.31 - - [04/Feb/2024:09:50:32 +0800] "GET /xingrg/javascript/easyui/themes/icon.css HTTP/1.1" 304 -
222.70.172.31 - - [04/Feb/2024:09:50:32 +0800] "GET /xingrg/javascript/auto/jquery.autocomplete.css HTTP/1.1" 304 -
222.70.172.31 - - [04/Feb/2024:09:50:32 +0800] "GET /xingrg/javascript/jquery_tools/fix.css HTTP/1.1" 304 -
222.70.172.31 - - [04/Feb/2024:09:50:32 +0800] "GET /xingrg/javascript/jquery_tools/table.css HTTP/1.1" 304 -
222.70.172.31 - - [04/Feb/2024:09:50:32 +0800] "GET /xingrg/javascript/jquery_tools/jquery.tools.min.js HTTP/1.1" 304 -
222.70.172.31 - - [04/Feb/2024:09:50:32 +0800] "GET /xingrg/javascript/jquery_tools/jquery.tools.extend.js HTTP/1.1" 304 -
222.70.172.31 - - [04/Feb/2024:09:50:32 +0800] "GET /xingrg/javascript/jquery_tools/jquery.tools.hotkey.js HTTP/1.1" 304 -
222.70.172.31 - - [04/Feb/2024:09:50:32 +0800] "GET /xingrg/css/base.css HTTP/1.1" 304 -
222.70.172.31 - - [04/Feb/2024:09:50:32 +0800] "GET /xingrg/javascript/jquery_tools/list_manager.js HTTP/1.1" 304 -
222.70.172.31 - - [04/Feb/2024:09:50:32 +0800] "GET /xingrg/javascript/auto/jquery.autocomplete.js HTTP/1.1" 304 -
222.70.172.31 - - [04/Feb/2024:09:50:32 +0800] "GET /xingrg/javascript/easyui/easyloader.js HTTP/1.1" 304 -
222.70.172.31 - - [04/Feb/2024:09:50:32 +0800] "GET /xingrg/javascript/jquery_tools/jquery.tools.table.js HTTP/1.1" 304 -
222.70.172.31 - - [04/Feb/2024:09:50:32 +0800] "GET /xingrg/javascript/jquery.cookie.js HTTP/1.1" 304 -
222.70.172.31 - - [04/Feb/2024:09:50:32 +0800] "GET /xingrg/javascript/print/LodopFuncs.js HTTP/1.1" 304 -
222.70.172.31 - - [04/Feb/2024:09:50:33 +0800] "GET /xingrg/javascript/easyui/plugins/jquery.parser.js HTTP/1.1" 304 -
222.70.172.31 - - [04/Feb/2024:09:50:35 +0800] "POST /xingrg/kc/buy/cgsh_list_operate.html HTTP/1.1" 200 986
222.69.129.86 - - [04/Feb/2024:09:50:37 +0800] "GET /xingrg/all/function/internal_message.html?_=1707011439064&CODE_STATE=getMsg HTTP/1.1" 302 -
222.69.129.86 - - [04/Feb/2024:09:50:37 +0800] "GET /xingrg/check_reg.html?_=1707011439069 HTTP/1.1" 302 -
116.230.123.222 - - [04/Feb/2024:09:50:40 +0800] "GET /xingrg/kc/buy/cgsh_order_operate.html?command=get_materiel&rest_code=00111&code=00101008355&supplier_code=00100005&order_time=2024-02-04 HTTP/1.1" 200 410
222.69.129.86 - - [04/Feb/2024:09:50:40 +0800] "GET /xingrg/login.html HTTP/1.1" 200 7641
222.69.129.86 - - [04/Feb/2024:09:50:41 +0800] "GET /favicon.ico HTTP/1.1" 404 -
61.170.233.78 - - [04/Feb/2024:09:50:41 +0800] "GET /xingrg/all/function/internal_message.html?_=1707011436729&CODE_STATE=getMsg HTTP/1.1" 200 27
61.170.233.78 - - [04/Feb/2024:09:50:41 +0800] "GET /xingrg/check_reg.html?_=1707011436783 HTTP/1.1" 200 22
180.164.1.25 - - [04/Feb/2024:09:50:41 +0800] "GET /xingrg/all/function/internal_message.html?_=1707011441160&CODE_STATE=getMsg HTTP/1.1" 302 -
124.78.68.102 - - [04/Feb/2024:09:50:41 +0800] "GET /xingrg/all/function/internal_message.html?_=1707011441831&CODE_STATE=getMsg HTTP/1.1" 302 -
180.163.28.109 - - [04/Feb/2024:09:50:42 +0800] "GET /xingrg/all/function/internal_message.html?_=1707011376735&CODE_STATE=getMsg HTTP/1.1" 302 -
180.163.28.109 - - [04/Feb/2024:09:50:42 +0800] "GET /xingrg/login.html HTTP/1.1" 200 7641
222.69.129.86 - - [04/Feb/2024:09:50:43 +0800] "POST /xingrg/login.do HTTP/1.1" 302 -
222.69.129.86 - - [04/Feb/2024:09:50:43 +0800] "GET /xingrg/index.html?sysBaseUrl=http%3A%2F%2F180.169.147.146%3A18081%2Fxingrg%2F&costTime=929×tamp=1707011443459 HTTP/1.1" 200 17179
222.69.129.86 - - [04/Feb/2024:09:50:43 +0800] "GET /favicon.ico HTTP/1.1" 404 -
222.69.129.86 - - [04/Feb/2024:09:50:43 +0800] "GET /xingrg/check_reg.html?_=1707011445175 HTTP/1.1" 200 22
222.69.129.86 - - [04/Feb/2024:09:50:43 +0800] "POST /xingrg/all/common/load_tree.html?tree=area_rest_tree_json&manage=1 HTTP/1.1" 200 351
222.69.129.86 - - [04/Feb/2024:09:50:43 +0800] "GET /xingrg/all/function/internal_message.html?_=1707011445174&CODE_STATE=count HTTP/1.1" 200 11
222.69.129.86 - - [04/Feb/2024:09:50:44 +0800] "POST /xingrg/load_menu.html HTTP/1.1" 200 5138
222.70.172.31 - - [04/Feb/2024:09:50:44 +0800] "POST /xingrg/services/DataTransmitService HTTP/1.1" 200 524
222.70.172.31 - - [04/Feb/2024:09:50:45 +0800] "POST /xingrg/services/DataTransmitService HTTP/1.1" 200 412
101.83.240.216 - - [04/Feb/2024:09:50:46 +0800] "GET /xingrg/all/function/internal_message.html?_=1707011447033&CODE_STATE=getMsg HTTP/1.1" 302 -
222.69.129.86 - - [04/Feb/2024:09:50:47 +0800] "GET /xingrg/kc/buy/cgsh_order_list.html HTTP/1.1" 200 57698
222.69.129.86 - - [04/Feb/2024:09:50:49 +0800] "POST /xingrg/kc/buy/cgsh_list_operate.html HTTP/1.1" 200 986
222.69.129.86 - - [04/Feb/2024:09:50:51 +0800] "GET /xingrg/kc/buy/cgsh_order_add.html HTTP/1.1" 200 72671
222.69.129.86 - - [04/Feb/2024:09:50:51 +0800] "GET /xingrg/words/20240203191321_words.js HTTP/1.1" 200 1013566
222.69.129.86 - - [04/Feb/2024:09:50:51 +0800] "POST /xingrg/kc/buy/cgsh_order_operate.html HTTP/1.1" 200 8245
222.69.129.86 - - [04/Feb/2024:09:50:51 +0800] "GET /xingrg/javascript/easyui/themes/default/validatebox.css HTTP/1.1" 404 1104
222.69.129.86 - - [04/Feb/2024:09:50:51 +0800] "GET /xingrg/all/common/auto_word.html?type=employee&rest_code=00154 HTTP/1.1" 200 101
222.69.129.86 - - [04/Feb/2024:09:50:51 +0800] "GET /xingrg/all/common/auto_word.html?type=employee&rest_code=00154 HTTP/1.1" 200 101
222.69.129.86 - - [04/Feb/2024:09:50:54 +0800] "GET /xingrg/javascript/auto/indicator.gif HTTP/1.1" 404 1066
116.230.123.222 - - [04/Feb/2024:09:50:55 +0800] "GET /xingrg/kc/buy/cgsh_order_operate.html?command=get_materiel&rest_code=00111&code=00101008359&supplier_code=00100005&order_time=2024-02-04 HTTP/1.1" 200 408
172.20.0.100 - - [04/Feb/2024:09:50:56 +0800] "GET /xingrg/all/function/internal_message.html?_=1707011455514&CODE_STATE=getMsg HTTP/1.1" 200 27
116.232.194.112 - - [04/Feb/2024:09:51:02 +0800] "GET /xingrg/all/function/internal_message.html?_=1707011386886&CODE_STATE=getMsg HTTP/1.1" 200 27
101.83.145.37 - - [04/Feb/2024:09:51:02 +0800] "GET /xingrg/all/function/internal_message.html?_=1707011462797&CODE_STATE=getMsg HTTP/1.1" 200 27
116.238.97.31 - - [04/Feb/2024:09:51:04 +0800] "POST /xingrg/services/DataTransmitService HTTP/1.1" 200 524
120.253.135.82 - - [04/Feb/2024:09:51:05 +0800] "GET /xingrg/all/function/internal_message.html?_=1707011629495&CODE_STATE=getMsg HTTP/1.1" 302 -
120.253.135.82 - - [04/Feb/2024:09:51:05 +0800] "GET /xingrg/login.html HTTP/1.1" 200 7641
222.69.129.86 - - [04/Feb/2024:09:51:06 +0800] "GET /xingrg/kc/buy/cgsh_order_operate.html?command=get_materiel&rest_code=00154&code=00101008087&supplier_code=00100417&order_time=2024-02-04 HTTP/1.1" 200 412
172.20.0.100 - - [04/Feb/2024:09:51:06 +0800] "GET /xingrg/all/function/internal_message.html?_=1707011485772&CODE_STATE=getMsg HTTP/1.1" 302 -
116.230.123.222 - - [04/Feb/2024:09:51:08 +0800] "GET /xingrg/check_reg.html?_=1707011468439 HTTP/1.1" 200 22
116.230.123.222 - - [04/Feb/2024:09:51:08 +0800] "GET /xingrg/all/function/internal_message.html?_=1707011468441&CODE_STATE=getMsg HTTP/1.1" 200 27
116.230.123.222 - - [04/Feb/2024:09:51:09 +0800] "GET /xingrg/kc/buy/cgsh_order_operate.html?command=get_materiel&rest_code=00111&code=00101008137&supplier_code=00100005&order_time=2024-02-04 HTTP/1.1" 200 408
116.238.120.94 - - [04/Feb/2024:09:51:11 +0800] "GET /xingrg/check_reg.html?_=1707011471392 HTTP/1.1" 302 -
116.238.120.94 - - [04/Feb/2024:09:51:12 +0800] "GET /xingrg/images/yd/bt2.gif HTTP/1.1" 404 1042
172.20.0.100 - - [04/Feb/2024:09:51:12 +0800] "GET /xingrg/all/function/internal_message.html?_=1707011471649&CODE_STATE=getMsg HTTP/1.1" 200 27
116.238.97.31 - - [04/Feb/2024:09:51:13 +0800] "GET /xingrg/all/function/internal_message.html?_=1707011472893&CODE_STATE=getMsg HTTP/1.1" 302 -
221.239.172.206 - - [04/Feb/2024:09:51:19 +0800] "GET /xingrg/all/function/internal_message.html?_=1707011479067&CODE_STATE=getMsg HTTP/1.1" 302 -
116.238.120.94 - - [04/Feb/2024:09:51:21 +0800] "GET /xingrg/login.html HTTP/1.1" 200 7641
116.238.120.94 - - [04/Feb/2024:09:51:21 +0800] "GET /favicon.ico HTTP/1.1" 404 -
116.238.120.94 - - [04/Feb/2024:09:51:23 +0800] "POST /xingrg/login.do HTTP/1.1" 302 -
116.238.120.94 - - [04/Feb/2024:09:51:23 +0800] "GET /xingrg/index.html?sysBaseUrl=http%3A%2F%2F180.169.147.146%3A18081%2Fxingrg%2F&costTime=1027×tamp=1707011483834 HTTP/1.1" 200 17179
116.238.120.94 - - [04/Feb/2024:09:51:24 +0800] "GET /favicon.ico HTTP/1.1" 404 -
116.238.120.94 - - [04/Feb/2024:09:51:24 +0800] "GET /xingrg/check_reg.html?_=1707011483858 HTTP/1.1" 200 22
116.238.120.94 - - [04/Feb/2024:09:51:24 +0800] "POST /xingrg/all/common/load_tree.html?tree=area_rest_tree_json&manage=1 HTTP/1.1" 200 476
116.238.120.94 - - [04/Feb/2024:09:51:24 +0800] "GET /xingrg/all/function/internal_message.html?_=1707011483857&CODE_STATE=count HTTP/1.1" 200 11
116.238.120.94 - - [04/Feb/2024:09:51:24 +0800] "POST /xingrg/load_menu.html HTTP/1.1" 200 5138
222.70.172.31 - - [04/Feb/2024:09:51:24 +0800] "GET /xingrg/all/function/internal_message.html?_=1707011486017&CODE_STATE=getMsg HTTP/1.1" 200 27
222.69.129.86 - - [04/Feb/2024:09:51:25 +0800] "GET /xingrg/kc/buy/cgsh_order_operate.html?command=get_materiel&rest_code=00154&code=00101012070&supplier_code=00100417&order_time=2024-02-04 HTTP/1.1" 200 412
61.170.233.78 - - [04/Feb/2024:09:51:26 +0800] "GET /xingrg/all/function/internal_message.html?_=1707011486872&CODE_STATE=getMsg HTTP/1.1" 200 27
101.83.145.37 - - [04/Feb/2024:09:51:27 +0800] "GET /xingrg/all/function/internal_message.html?_=1707011252008&CODE_STATE=getMsg HTTP/1.1" 200 27
116.238.120.94 - - [04/Feb/2024:09:51:27 +0800] "GET /xingrg/kc/buy/cgsh_order_list.html HTTP/1.1" 200 57698
116.232.194.112 - - [04/Feb/2024:09:51:29 +0800] "GET /xingrg/all/function/internal_message.html?_=1707011414216&CODE_STATE=getMsg HTTP/1.1" 200 27
116.238.120.94 - - [04/Feb/2024:09:51:33 +0800] "POST /xingrg/kc/buy/cgsh_list_operate.html HTTP/1.1" 200 2318
222.69.129.86 - - [04/Feb/2024:09:51:36 +0800] "GET /xingrg/kc/buy/cgsh_order_operate.html?command=get_materiel&rest_code=00154&code=00101008264&supplier_code=00100417&order_time=2024-02-04 HTTP/1.1" 200 412
116.238.120.94 - - [04/Feb/2024:09:51:36 +0800] "POST /xingrg/kc/buy/cgsh_list_operate.html HTTP/1.1" 200 567
116.230.123.222 - - [04/Feb/2024:09:51:37 +0800] "GET /xingrg/kc/buy/cgsh_order_operate.html?command=get_materiel&rest_code=00111&code=00101008318&supplier_code=00100005&order_time=2024-02-04 HTTP/1.1" 200 408
116.238.120.94 - - [04/Feb/2024:09:51:38 +0800] "GET /xingrg/kc/buy/cgsh_order_info.html?code=212024020401637 HTTP/1.1" 200 73532
116.238.120.94 - - [04/Feb/2024:09:51:39 +0800] "GET /xingrg/javascript/easyui/themes/default/validatebox.css HTTP/1.1" 404 1104
116.238.120.94 - - [04/Feb/2024:09:51:39 +0800] "GET /xingrg/all/common/auto_word.html?type=employee&rest_code=00150 HTTP/1.1" 200 159
116.238.120.94 - - [04/Feb/2024:09:51:39 +0800] "GET /xingrg/all/common/auto_word.html?type=employee&rest_code=00150 HTTP/1.1" 200 159
116.238.120.94 - - [04/Feb/2024:09:51:40 +0800] "POST /xingrg/kc/buy/cgsh_order_operate.html HTTP/1.1" 200 35207
61.170.233.78 - - [04/Feb/2024:09:51:41 +0800] "GET /xingrg/all/function/internal_message.html?_=1707011496728&CODE_STATE=getMsg HTTP/1.1" 200 27
180.164.1.25 - - [04/Feb/2024:09:51:41 +0800] "GET /xingrg/check_reg.html?_=1707011501136 HTTP/1.1" 302 -
180.164.1.25 - - [04/Feb/2024:09:51:41 +0800] "GET /xingrg/all/function/internal_message.html?_=1707011501138&CODE_STATE=getMsg HTTP/1.1" 302 -
124.78.68.102 - - [04/Feb/2024:09:51:41 +0800] "GET /xingrg/all/function/internal_message.html?_=1707011501831&CODE_STATE=getMsg HTTP/1.1" 302 -
222.70.172.31 - - [04/Feb/2024:09:51:43 +0800] "GET /xingrg/kc/buy/cgsh_order_list.html HTTP/1.1" 200 57698
222.69.129.86 - - [04/Feb/2024:09:51:43 +0800] "GET /xingrg/all/function/internal_message.html?_=1707011505179&CODE_STATE=getMsg HTTP/1.1" 200 27
222.70.172.31 - - [04/Feb/2024:09:51:46 +0800] "POST /xingrg/kc/buy/cgsh_list_operate.html HTTP/1.1" 200 986
101.83.240.216 - - [04/Feb/2024:09:51:46 +0800] "GET /xingrg/all/function/internal_message.html?_=1707011507017&CODE_STATE=getMsg HTTP/1.1" 302 -
116.232.194.112 - - [04/Feb/2024:09:51:53 +0800] "POST /xingrg/kc/buy/cgsh_order_operate.html HTTP/1.1" 200 37
116.238.120.94 - - [04/Feb/2024:09:51:54 +0800] "POST /xingrg/kc/buy/cgsh_order_operate.html HTTP/1.1" 200 37
116.230.123.222 - - [04/Feb/2024:09:51:54 +0800] "GET /xingrg/kc/buy/cgsh_order_operate.html?command=get_materiel&rest_code=00111&code=00101008352&supplier_code=00100005&order_time=2024-02-04 HTTP/1.1" 200 412
116.232.194.112 - - [04/Feb/2024:09:51:55 +0800] "POST /xingrg/kc/buy/cgsh_order_operate.html HTTP/1.1" 200 31047
172.20.0.100 - - [04/Feb/2024:09:51:56 +0800] "GET /xingrg/check_reg.html?_=1707011515523 HTTP/1.1" 200 22
172.20.0.100 - - [04/Feb/2024:09:51:56 +0800] "GET /xingrg/all/function/internal_message.html?_=1707011515525&CODE_STATE=getMsg HTTP/1.1" 200 27
222.70.172.31 - - [04/Feb/2024:09:52:01 +0800] "GET /xingrg/javascript/jquery_tools/images/next.gif HTTP/1.1" 404 1086
222.70.172.31 - - [04/Feb/2024:09:52:01 +0800] "GET /xingrg/javascript/jquery_tools/images/prev.gif HTTP/1.1" 404 1086
116.232.194.112 - - [04/Feb/2024:09:52:02 +0800] "GET /xingrg/all/function/internal_message.html?_=1707011446879&CODE_STATE=getMsg HTTP/1.1" 200 27
101.83.145.37 - - [04/Feb/2024:09:52:02 +0800] "GET /xingrg/all/function/internal_message.html?_=1707011522784&CODE_STATE=getMsg HTTP/1.1" 200 27
120.253.135.82 - - [04/Feb/2024:09:52:06 +0800] "GET /xingrg/all/function/internal_message.html?_=1707011690500&CODE_STATE=getMsg HTTP/1.1" 302 -
120.253.135.82 - - [04/Feb/2024:09:52:06 +0800] "GET /xingrg/login.html HTTP/1.1" 200 7641
116.230.123.222 - - [04/Feb/2024:09:52:06 +0800] "GET /xingrg/kc/buy/cgsh_order_operate.html?command=get_materiel&rest_code=00111&code=00101008360&supplier_code=00100005&order_time=2024-02-04 HTTP/1.1" 200 413
172.20.0.100 - - [04/Feb/2024:09:52:06 +0800] "GET /xingrg/all/function/internal_message.html?_=1707011545770&CODE_STATE=getMsg HTTP/1.1" 302 -
116.230.123.222 - - [04/Feb/2024:09:52:08 +0800] "GET /xingrg/all/function/internal_message.html?_=1707011528448&CODE_STATE=getMsg HTTP/1.1" 200 27
172.20.0.100 - - [04/Feb/2024:09:52:12 +0800] "GET /xingrg/all/function/internal_message.html?_=1707011531639&CODE_STATE=getMsg HTTP/1.1" 200 27
116.238.97.31 - - [04/Feb/2024:09:52:13 +0800] "GET /xingrg/all/function/internal_message.html?_=1707011532908&CODE_STATE=getMsg HTTP/1.1" 302 -
116.238.97.31 - - [04/Feb/2024:09:52:13 +0800] "GET /xingrg/check_reg.html?_=1707011532910 HTTP/1.1" 302 -
116.232.194.112 - - [04/Feb/2024:09:52:14 +0800] "GET /xingrg/kc/buy/buy_main.html HTTP/1.1" 200 12412
116.232.194.112 - - [04/Feb/2024:09:52:14 +0800] "GET /xingrg/css/new_ie.css HTTP/1.1" 404 1036
116.232.194.112 - - [04/Feb/2024:09:52:14 +0800] "GET /xingrg/images/yd/bt.gif HTTP/1.1" 404 1040
116.232.194.112 - - [04/Feb/2024:09:52:15 +0800] "GET /xingrg/kc/buy/cgsh_order_list.html HTTP/1.1" 200 57698
116.230.123.222 - - [04/Feb/2024:09:52:16 +0800] "GET /xingrg/kc/buy/cgsh_order_operate.html?command=get_materiel&rest_code=00111&code=00101008163&supplier_code=00100005&order_time=2024-02-04 HTTP/1.1" 200 409
221.239.172.206 - - [04/Feb/2024:09:52:19 +0800] "GET /xingrg/all/function/internal_message.html?_=1707011539039&CODE_STATE=getMsg HTTP/1.1" 302 -
222.69.129.86 - - [04/Feb/2024:09:52:21 +0800] "GET /xingrg/kc/buy/cgsh_order_operate.html?command=get_materiel&rest_code=00154&code=00101008270&supplier_code=00100417&order_time=2024-02-04 HTTP/1.1" 200 412
116.232.194.112 - - [04/Feb/2024:09:52:22 +0800] "GET /xingrg/index.html?sysBaseUrl=http%3A%2F%2F180.169.147.146%3A18081%2Fxingrg%2F&costTime=1779×tamp=1684631389383 HTTP/1.1" 200 17179
116.232.194.112 - - [04/Feb/2024:09:52:22 +0800] "GET /xingrg/check_reg.html?_=1707011467622 HTTP/1.1" 200 22
116.232.194.112 - - [04/Feb/2024:09:52:22 +0800] "GET /xingrg/all/function/internal_message.html?_=1707011467622&CODE_STATE=count HTTP/1.1" 200 11
116.232.194.112 - - [04/Feb/2024:09:52:22 +0800] "GET /favicon.ico HTTP/1.1" 404 -
116.232.194.112 - - [04/Feb/2024:09:52:22 +0800] "POST /xingrg/all/common/load_tree.html?tree=area_rest_tree_json&manage=1 HTTP/1.1" 200 351
116.232.194.112 - - [04/Feb/2024:09:52:23 +0800] "POST /xingrg/load_menu.html HTTP/1.1" 200 5138
116.238.120.94 - - [04/Feb/2024:09:52:24 +0800] "GET /xingrg/all/function/internal_message.html?_=1707011543873&CODE_STATE=getMsg HTTP/1.1" 200 27
222.70.172.31 - - [04/Feb/2024:09:52:24 +0800] "GET /xingrg/all/function/internal_message.html?_=1707011546035&CODE_STATE=getMsg HTTP/1.1" 200 27
116.232.194.112 - - [04/Feb/2024:09:52:26 +0800] "GET /xingrg/kc/buy/buy_main.html HTTP/1.1" 200 12412
116.232.194.112 - - [04/Feb/2024:09:52:26 +0800] "GET /xingrg/css/new_ie.css HTTP/1.1" 404 1036
61.170.233.78 - - [04/Feb/2024:09:52:26 +0800] "GET /xingrg/all/function/internal_message.html?_=1707011546879&CODE_STATE=getMsg HTTP/1.1" 200 27
101.83.145.37 - - [04/Feb/2024:09:52:27 +0800] "GET /xingrg/all/function/internal_message.html?_=1707011312009&CODE_STATE=getMsg HTTP/1.1" 200 27
116.232.194.112 - - [04/Feb/2024:09:52:28 +0800] "GET /xingrg/images/yd/bt.gif HTTP/1.1" 404 1040
116.232.194.112 - - [04/Feb/2024:09:52:29 +0800] "GET /xingrg/check_reg.html?_=1707011474213 HTTP/1.1" 200 22
116.232.194.112 - - [04/Feb/2024:09:52:29 +0800] "GET /xingrg/all/function/internal_message.html?_=1707011474414&CODE_STATE=getMsg HTTP/1.1" 200 27
116.232.194.112 - - [04/Feb/2024:09:52:29 +0800] "GET /xingrg/kc/buy/cgsh_order_list.html HTTP/1.1" 200 57698
222.69.129.86 - - [04/Feb/2024:09:52:33 +0800] "GET /xingrg/kc/buy/cgsh_order_operate.html?command=get_materiel&rest_code=00154&code=00101008092&supplier_code=00100417&order_time=2024-02-04 HTTP/1.1" 200 412
116.230.123.222 - - [04/Feb/2024:09:52:37 +0800] "GET /xingrg/kc/buy/cgsh_order_operate.html?command=get_materiel&rest_code=00111&code=00101008141&supplier_code=00100005&order_time=2024-02-04 HTTP/1.1" 200 412
61.170.233.78 - - [04/Feb/2024:09:52:41 +0800] "GET /xingrg/all/function/internal_message.html?_=1707011556729&CODE_STATE=getMsg HTTP/1.1" 200 27
180.164.1.25 - - [04/Feb/2024:09:52:41 +0800] "GET /xingrg/all/function/internal_message.html?_=1707011561162&CODE_STATE=getMsg HTTP/1.1" 302 -
124.78.68.102 - - [04/Feb/2024:09:52:41 +0800] "GET /xingrg/check_reg.html?_=1707011561822 HTTP/1.1" 302 -
124.78.68.102 - - [04/Feb/2024:09:52:41 +0800] "GET /xingrg/all/function/internal_message.html?_=1707011561826&CODE_STATE=getMsg HTTP/1.1" 302 -
222.69.129.86 - - [04/Feb/2024:09:52:43 +0800] "GET /xingrg/all/function/internal_message.html?_=1707011565185&CODE_STATE=getMsg HTTP/1.1" 200 27
101.83.240.216 - - [04/Feb/2024:09:52:46 +0800] "GET /xingrg/all/function/internal_message.html?_=1707011567000&CODE_STATE=getMsg HTTP/1.1" 302 -
116.230.123.222 - - [04/Feb/2024:09:52:54 +0800] "GET /xingrg/kc/buy/cgsh_order_operate.html?command=get_materiel&rest_code=00111&code=00101008005&supplier_code=00100005&order_time=2024-02-04 HTTP/1.1" 200 412
172.20.0.100 - - [04/Feb/2024:09:52:56 +0800] "GET /xingrg/all/function/internal_message.html?_=1707011575512&CODE_STATE=getMsg HTTP/1.1" 200 27
101.83.145.37 - - [04/Feb/2024:09:53:02 +0800] "GET /xingrg/all/function/internal_message.html?_=1707011582821&CODE_STATE=getMsg HTTP/1.1" 200 27
222.69.129.86 - - [04/Feb/2024:09:53:03 +0800] "GET /xingrg/kc/buy/cgsh_order_operate.html?command=get_materiel&rest_code=00154&code=00101008207&supplier_code=00100417&order_time=2024-02-04 HTTP/1.1" 200 409
172.20.0.100 - - [04/Feb/2024:09:53:06 +0800] "GET /xingrg/all/function/internal_message.html?_=1707011605770&CODE_STATE=getMsg HTTP/1.1" 302 -
120.253.135.82 - - [04/Feb/2024:09:53:07 +0800] "GET /xingrg/all/function/internal_message.html?_=1707011751506&CODE_STATE=getMsg HTTP/1.1" 302 -
116.230.123.222 - - [04/Feb/2024:09:53:08 +0800] "GET /xingrg/kc/buy/cgsh_order_operate.html?command=get_materiel&rest_code=00111&code=00101008271&supplier_code=00100005&order_time=2024-02-04 HTTP/1.1" 200 408
120.253.135.82 - - [04/Feb/2024:09:53:08 +0800] "GET /xingrg/login.html HTTP/1.1" 200 7641
116.230.123.222 - - [04/Feb/2024:09:53:08 +0800] "GET /xingrg/all/function/internal_message.html?_=1707011588433&CODE_STATE=getMsg HTTP/1.1" 200 27
172.20.0.100 - - [04/Feb/2024:09:53:12 +0800] "GET /xingrg/all/function/internal_message.html?_=1707011591648&CODE_STATE=getMsg HTTP/1.1" 200 27
116.238.97.31 - - [04/Feb/2024:09:53:13 +0800] "GET /xingrg/all/function/internal_message.html?_=1707011592900&CODE_STATE=getMsg HTTP/1.1" 302 -
222.69.129.86 - - [04/Feb/2024:09:53:17 +0800] "GET /xingrg/kc/buy/cgsh_order_operate.html?command=get_materiel&rest_code=00154&code=00101008355&supplier_code=00100417&order_time=2024-02-04 HTTP/1.1" 200 408
61.170.233.78 - - [04/Feb/2024:09:53:19 +0800] "GET /xingrg/login.html HTTP/1.1" 200 7641
221.239.172.206 - - [04/Feb/2024:09:53:19 +0800] "GET /xingrg/all/function/internal_message.html?_=1707011599025&CODE_STATE=getMsg HTTP/1.1" 302 -
61.170.233.78 - - [04/Feb/2024:09:53:20 +0800] "GET /favicon.ico HTTP/1.1" 404 -
116.232.194.112 - - [04/Feb/2024:09:53:23 +0800] "GET /xingrg/all/function/internal_message.html?_=1707011527826&CODE_STATE=getMsg HTTP/1.1" 200 27
116.238.120.94 - - [04/Feb/2024:09:53:24 +0800] "GET /xingrg/all/function/internal_message.html?_=1707011603869&CODE_STATE=getMsg HTTP/1.1" 200 27
222.70.172.31 - - [04/Feb/2024:09:53:24 +0800] "GET /xingrg/all/function/internal_message.html?_=1707011606044&CODE_STATE=getMsg HTTP/1.1" 200 27
61.170.233.78 - - [04/Feb/2024:09:53:26 +0800] "GET /xingrg/all/function/internal_message.html?_=1707011606860&CODE_STATE=getMsg HTTP/1.1" 200 27
101.83.145.37 - - [04/Feb/2024:09:53:27 +0800] "GET /xingrg/all/function/internal_message.html?_=1707011372010&CODE_STATE=getMsg HTTP/1.1" 200 27
116.232.194.112 - - [04/Feb/2024:09:53:29 +0800] "GET /xingrg/all/function/internal_message.html?_=1707011534396&CODE_STATE=getMsg HTTP/1.1" 200 27
218.81.65.124 - - [04/Feb/2024:09:53:32 +0800] "POST /xingrg/services/DataTransmitService HTTP/1.1" 200 524
101.83.145.37 - - [04/Feb/2024:09:53:33 +0800] "GET /xingrg/kc/buy/cgsh_order_add.html HTTP/1.1" 200 8212
101.83.145.37 - - [04/Feb/2024:09:53:34 +0800] "GET /xingrg/kc/buy/cgsh_order_add.html HTTP/1.1" 200 8212
101.83.145.37 - - [04/Feb/2024:09:53:35 +0800] "GET /xingrg/kc/buy/cgsh_order_add.html HTTP/1.1" 200 73549
61.170.233.78 - - [04/Feb/2024:09:53:35 +0800] "POST /xingrg/login.do HTTP/1.1" 302 -
101.83.145.37 - - [04/Feb/2024:09:53:35 +0800] "GET /xingrg/javascript/easyui/themes/default/validatebox.css HTTP/1.1" 404 1104
101.83.145.37 - - [04/Feb/2024:09:53:35 +0800] "POST /xingrg/kc/buy/cgsh_order_operate.html HTTP/1.1" 200 8245
61.170.233.78 - - [04/Feb/2024:09:53:35 +0800] "POST /xingrg/login.do HTTP/1.1" 302 -
61.170.233.78 - - [04/Feb/2024:09:53:35 +0800] "GET /xingrg/index.html?sysBaseUrl=http%3A%2F%2F180.169.147.146%3A18081%2Fxingrg%2F&costTime=8572×tamp=1707011615753 HTTP/1.1" 200 17173
61.170.233.78 - - [04/Feb/2024:09:53:36 +0800] "GET /favicon.ico HTTP/1.1" 404 -
222.69.129.86 - - [04/Feb/2024:09:53:36 +0800] "GET /xingrg/kc/buy/cgsh_order_operate.html?command=get_materiel&rest_code=00154&code=00101008356&supplier_code=00100417&order_time=2024-02-04 HTTP/1.1" 200 408
61.170.233.78 - - [04/Feb/2024:09:53:36 +0800] "GET /xingrg/check_reg.html?_=1707011611700 HTTP/1.1" 200 22
61.170.233.78 - - [04/Feb/2024:09:53:36 +0800] "GET /xingrg/all/function/internal_message.html?_=1707011611698&CODE_STATE=count HTTP/1.1" 200 11
61.170.233.78 - - [04/Feb/2024:09:53:36 +0800] "POST /xingrg/all/common/load_tree.html?tree=area_rest_tree_json&manage=1 HTTP/1.1" 200 342
61.170.233.78 - - [04/Feb/2024:09:53:36 +0800] "POST /xingrg/load_menu.html HTTP/1.1" 200 5138
101.83.145.37 - - [04/Feb/2024:09:53:37 +0800] "GET /xingrg/javascript/auto/indicator.gif HTTP/1.1" 404 1066
180.163.30.100 - - [04/Feb/2024:09:53:41 +0800] "GET /xingrg/all/function/internal_message.html?_=1707011556729&CODE_STATE=getMsg HTTP/1.1" 302 -
180.163.30.100 - - [04/Feb/2024:09:53:41 +0800] "GET /xingrg/login.html HTTP/1.1" 200 7641
180.164.1.25 - - [04/Feb/2024:09:53:41 +0800] "GET /xingrg/all/function/internal_message.html?_=1707011621155&CODE_STATE=getMsg HTTP/1.1" 302 -
124.78.68.102 - - [04/Feb/2024:09:53:41 +0800] "GET /xingrg/all/function/internal_message.html?_=1707011621813&CODE_STATE=getMsg HTTP/1.1" 302 -
222.69.129.86 - - [04/Feb/2024:09:53:43 +0800] "GET /xingrg/all/function/internal_message.html?_=1707011625189&CODE_STATE=getMsg HTTP/1.1" 200 27
61.170.233.78 - - [04/Feb/2024:09:53:44 +0800] "GET /xingrg/kc/buy/buy_main.html HTTP/1.1" 200 12412
61.170.233.78 - - [04/Feb/2024:09:53:44 +0800] "GET /xingrg/css/new_ie.css HTTP/1.1" 404 1036
61.170.233.78 - - [04/Feb/2024:09:53:44 +0800] "GET /xingrg/images/yd/bt.gif HTTP/1.1" 404 1040
101.83.240.216 - - [04/Feb/2024:09:53:46 +0800] "GET /xingrg/all/function/internal_message.html?_=1707011626984&CODE_STATE=getMsg HTTP/1.1" 302 -
101.83.240.216 - - [04/Feb/2024:09:53:47 +0800] "GET /xingrg/check_reg.html?_=1707011627066 HTTP/1.1" 302 -
172.20.0.100 - - [04/Feb/2024:09:53:56 +0800] "GET /xingrg/all/function/internal_message.html?_=1707011635509&CODE_STATE=getMsg HTTP/1.1" 200 27
116.238.97.31 - - [04/Feb/2024:09:53:56 +0800] "GET /xingrg/login.html HTTP/1.1" 200 7641
116.238.97.31 - - [04/Feb/2024:09:53:57 +0800] "GET /favicon.ico HTTP/1.1" 404 -
221.239.172.206 - - [04/Feb/2024:09:54:00 +0800] "GET /xingrg/check_reg.html?_=1707011640540 HTTP/1.1" 302 -
101.83.145.37 - - [04/Feb/2024:09:54:02 +0800] "GET /xingrg/check_reg.html?_=1707011642794 HTTP/1.1" 200 22
101.83.145.37 - - [04/Feb/2024:09:54:02 +0800] "GET /xingrg/all/function/internal_message.html?_=1707011642797&CODE_STATE=getMsg HTTP/1.1" 200 27
172.20.0.100 - - [04/Feb/2024:09:54:06 +0800] "GET /xingrg/all/function/internal_message.html?_=1707011665768&CODE_STATE=getMsg HTTP/1.1" 302 -
172.20.0.100 - - [04/Feb/2024:09:54:06 +0800] "GET /xingrg/check_reg.html?_=1707011665769 HTTP/1.1" 302 -
120.253.135.82 - - [04/Feb/2024:09:54:08 +0800] "GET /xingrg/all/function/internal_message.html?_=1707011812511&CODE_STATE=getMsg HTTP/1.1" 302 -
120.253.135.82 - - [04/Feb/2024:09:54:08 +0800] "GET /xingrg/check_reg.html?_=1707011812512 HTTP/1.1" 302 -
120.253.135.82 - - [04/Feb/2024:09:54:08 +0800] "GET /xingrg/login.html HTTP/1.1" 200 7641
120.253.135.82 - - [04/Feb/2024:09:54:08 +0800] "GET /xingrg/login.html HTTP/1.1" 200 7641
116.230.123.222 - - [04/Feb/2024:09:54:08 +0800] "GET /xingrg/all/function/internal_message.html?_=1707011648427&CODE_STATE=getMsg HTTP/1.1" 200 27
172.20.0.100 - - [04/Feb/2024:09:54:12 +0800] "GET /xingrg/all/function/internal_message.html?_=1707011651642&CODE_STATE=getMsg HTTP/1.1" 200 27
116.238.97.31 - - [04/Feb/2024:09:54:13 +0800] "GET /xingrg/all/function/internal_message.html?_=1707011652913&CODE_STATE=getMsg HTTP/1.1" 302 -
221.239.172.206 - - [04/Feb/2024:09:54:19 +0800] "GET /xingrg/all/function/internal_message.html?_=1707011659007&CODE_STATE=getMsg HTTP/1.1" 302 -
116.232.194.112 - - [04/Feb/2024:09:54:22 +0800] "GET /xingrg/all/function/internal_message.html?_=1707011587629&CODE_STATE=getMsg HTTP/1.1" 200 27
116.238.120.94 - - [04/Feb/2024:09:54:24 +0800] "GET /xingrg/all/function/internal_message.html?_=1707011663864&CODE_STATE=getMsg HTTP/1.1" 200 27
222.70.172.31 - - [04/Feb/2024:09:54:24 +0800] "GET /xingrg/all/function/internal_message.html?_=1707011666062&CODE_STATE=getMsg HTTP/1.1" 200 27
101.83.145.37 - - [04/Feb/2024:09:54:24 +0800] "GET /xingrg/javascript/jquery_easy_ui/themes/icons/rest.png HTTP/1.1" 304 -
101.83.145.37 - - [04/Feb/2024:09:54:24 +0800] "GET /xingrg/javascript/jquery_easy_ui/themes/icons/manage.png HTTP/1.1" 304 -
101.83.145.37 - - [04/Feb/2024:09:54:24 +0800] "GET /xingrg/javascript/jquery_easy_ui/themes/icons/area.png HTTP/1.1" 304 -
61.170.233.78 - - [04/Feb/2024:09:54:26 +0800] "GET /xingrg/all/function/internal_message.html?_=1707011666875&CODE_STATE=getMsg HTTP/1.1" 200 27
101.83.145.37 - - [04/Feb/2024:09:54:27 +0800] "GET /xingrg/all/function/internal_message.html?_=1707011432011&CODE_STATE=getMsg HTTP/1.1" 200 27
116.232.194.112 - - [04/Feb/2024:09:54:29 +0800] "GET /xingrg/all/function/internal_message.html?_=1707011594380&CODE_STATE=getMsg HTTP/1.1" 200 27
