120.253.135.82 - - [03/Feb/2024:05:37:39 +0800] "POST /xingrg/all/common/load_tree.html?tree=area_rest_tree_json HTTP/1.1" 200 3624
120.253.135.82 - - [03/Feb/2024:05:37:39 +0800] "GET /xingrg/javascript/jquery_easy_ui/themes/default/images/datagrid_header_bg.gif HTTP/1.1" 304 -
120.253.135.82 - - [03/Feb/2024:05:37:39 +0800] "GET /xingrg/javascript/jquery_easy_ui/themes/default/images/pagination_loading.gif HTTP/1.1" 304 -
120.253.135.82 - - [03/Feb/2024:05:37:39 +0800] "GET /xingrg/javascript/jquery_easy_ui/themes/default/images/tree_checkbox_0.gif HTTP/1.1" 304 -
120.253.135.82 - - [03/Feb/2024:05:37:40 +0800] "GET /xingrg/javascript/jquery_easy_ui/themes/icons/rest.png HTTP/1.1" 304 -
120.253.135.82 - - [03/Feb/2024:05:37:40 +0800] "POST /xingrg/kc/pszx/jzcl_ps_operate.html HTTP/1.1" 200 5842
120.253.135.82 - - [03/Feb/2024:05:37:40 +0800] "POST /xingrg/kc/pszx/jzcl_ps_operate.html HTTP/1.1" 200 5842
221.239.172.206 - - [03/Feb/2024:05:37:50 +0800] "GET /xingrg/all/function/internal_message.html?_=1706909870587&CODE_STATE=getMsg HTTP/1.1" 200 27
120.253.135.82 - - [03/Feb/2024:05:37:51 +0800] "POST /xingrg/kc/pszx/jzcl_ps_operate.html HTTP/1.1" 200 4
120.253.135.82 - - [03/Feb/2024:05:37:51 +0800] "GET /xingrg/javascript/step/images/navBtn.gif HTTP/1.1" 200 361
120.253.135.82 - - [03/Feb/2024:05:37:51 +0800] "GET /xingrg/javascript/step/images/navLastDoneBtn.gif HTTP/1.1" 304 -
120.253.135.82 - - [03/Feb/2024:05:37:51 +0800] "GET /xingrg/javascript/step/images/navBtn.gif HTTP/1.1" 200 361
120.253.135.82 - - [03/Feb/2024:05:37:51 +0800] "GET /xingrg/javascript/step/images/navDoneBtn.gif HTTP/1.1" 304 -
120.253.135.82 - - [03/Feb/2024:05:37:53 +0800] "GET /xingrg/kc/pszx/mdps_order_list.html HTTP/1.1" 200 20995
120.253.135.82 - - [03/Feb/2024:05:37:53 +0800] "POST /xingrg/kc/pszx/jzcl_ps_operate.html HTTP/1.1" 200 5401
120.253.135.82 - - [03/Feb/2024:05:37:54 +0800] "POST /xingrg/kc/pszx/mdps_list_operate.html HTTP/1.1" 200 5563
180.169.147.146 - - [03/Feb/2024:05:37:54 +0800] "GET /xingrg/check_reg.html?_=1706909874372 HTTP/1.1" 200 22
124.78.68.102 - - [03/Feb/2024:05:37:58 +0800] "GET /xingrg/all/function/internal_message.html?_=1706909878110&CODE_STATE=getMsg HTTP/1.1" 200 27
222.70.168.248 - - [03/Feb/2024:05:37:58 +0800] "GET /xingrg/check_reg.html?_=1706909880085 HTTP/1.1" 200 22
101.83.145.37 - - [03/Feb/2024:05:38:00 +0800] "GET /xingrg/all/function/internal_message.html?_=1706909881356&CODE_STATE=getMsg HTTP/1.1" 200 27
180.169.147.146 - - [03/Feb/2024:05:38:02 +0800] "GET /xingrg/all/function/internal_message.html?_=1706909882732&CODE_STATE=getMsg HTTP/1.1" 200 27
120.253.135.82 - - [03/Feb/2024:05:38:03 +0800] "POST /xingrg/kc/pszx/mdps_list_operate.html HTTP/1.1" 200 4665
116.238.120.94 - - [03/Feb/2024:05:38:04 +0800] "GET /xingrg/check_reg.html?_=1706909884364 HTTP/1.1" 200 22
116.238.120.94 - - [03/Feb/2024:05:38:04 +0800] "GET /xingrg/all/function/internal_message.html?_=1706909884366&CODE_STATE=getMsg HTTP/1.1" 200 27
120.253.135.82 - - [03/Feb/2024:05:38:11 +0800] "POST /xingrg/kc/pszx/mdps_list_operate.html HTTP/1.1" 200 607
120.253.135.82 - - [03/Feb/2024:05:38:13 +0800] "POST /xingrg/kc/pszx/mdps_list_operate.html HTTP/1.1" 200 202
116.230.123.222 - - [03/Feb/2024:05:38:14 +0800] "GET /xingrg/all/function/internal_message.html?_=1706909891870&CODE_STATE=getMsg HTTP/1.1" 200 27
120.253.135.82 - - [03/Feb/2024:05:38:16 +0800] "GET /xingrg/kc/pszx/mdps_order_info.html?code=312024020200077 HTTP/1.1" 200 23978
120.253.135.82 - - [03/Feb/2024:05:38:17 +0800] "GET /xingrg/javascript/easyui/themes/default/validatebox.css HTTP/1.1" 404 1104
120.253.135.82 - - [03/Feb/2024:05:38:17 +0800] "POST /xingrg/kc/pszx/mdps_order_operate.html HTTP/1.1" 200 2276
222.70.168.248 - - [03/Feb/2024:05:38:21 +0800] "GET /xingrg/all/function/internal_message.html?_=1706909903139&CODE_STATE=getMsg HTTP/1.1" 200 27
172.20.0.100 - - [03/Feb/2024:05:38:23 +0800] "GET /xingrg/all/function/internal_message.html?_=1706909918968&CODE_STATE=getMsg HTTP/1.1" 302 -
120.253.135.82 - - [03/Feb/2024:05:38:27 +0800] "GET /xingrg/kc/pszx/mdps_order_info.html?code=312024020300084 HTTP/1.1" 200 23978
120.253.135.82 - - [03/Feb/2024:05:38:28 +0800] "GET /xingrg/javascript/easyui/themes/default/validatebox.css HTTP/1.1" 404 1104
120.253.135.82 - - [03/Feb/2024:05:38:28 +0800] "POST /xingrg/kc/pszx/mdps_order_operate.html HTTP/1.1" 200 5185
120.253.135.82 - - [03/Feb/2024:05:38:32 +0800] "POST /xingrg/all/common/load_combo.html?type=base HTTP/1.1" 200 1169
120.253.135.82 - - [03/Feb/2024:05:38:34 +0800] "GET /xingrg/check_reg.html?_=1706909742297 HTTP/1.1" 200 22
120.253.135.82 - - [03/Feb/2024:05:38:35 +0800] "GET /xingrg/all/function/internal_message.html?_=1706909742890&CODE_STATE=getMsg HTTP/1.1" 200 27
120.253.135.82 - - [03/Feb/2024:05:38:37 +0800] "POST /xingrg/kc/pszx/mdps_order_operate.html HTTP/1.1" 200 37
120.253.135.82 - - [03/Feb/2024:05:38:39 +0800] "GET /xingrg/kc/pszx/mdps_order_info.html?code=312024020300084 HTTP/1.1" 200 23978
120.253.135.82 - - [03/Feb/2024:05:38:39 +0800] "GET /xingrg/javascript/easyui/themes/default/validatebox.css HTTP/1.1" 404 1104
120.253.135.82 - - [03/Feb/2024:05:38:39 +0800] "POST /xingrg/kc/pszx/mdps_order_operate.html HTTP/1.1" 200 5241
221.239.172.206 - - [03/Feb/2024:05:38:50 +0800] "GET /xingrg/all/function/internal_message.html?_=1706909930571&CODE_STATE=getMsg HTTP/1.1" 200 27
120.253.135.82 - - [03/Feb/2024:05:38:53 +0800] "GET /xingrg/kc/pszx/mdps_order_operate.html?command=get_materiel&pszx_code=00101&rest_code=00104&base_code=0010250&code=00102002685 HTTP/1.1" 200 454
120.253.135.82 - - [03/Feb/2024:05:38:56 +0800] "POST /xingrg/all/common/load_select.html HTTP/1.1" 200 25
124.78.68.102 - - [03/Feb/2024:05:38:58 +0800] "GET /xingrg/all/function/internal_message.html?_=1706909938096&CODE_STATE=getMsg HTTP/1.1" 200 27
120.253.135.82 - - [03/Feb/2024:05:38:58 +0800] "GET /xingrg/kc/pszx/mdps_order_operate.html?command=get_materiel_price&pszx_code=00101&rest_code=00104&base_code=0010250&code=00102002685&unit_code=00100348&order_time=2024-02-03 HTTP/1.1" 200 35
221.239.172.206 - - [03/Feb/2024:05:38:58 +0800] "GET /xingrg/check_reg.html?_=1706909938779 HTTP/1.1" 200 22
101.83.145.37 - - [03/Feb/2024:05:39:00 +0800] "GET /xingrg/all/function/internal_message.html?_=1706909941356&CODE_STATE=getMsg HTTP/1.1" 200 27
180.169.147.146 - - [03/Feb/2024:05:39:02 +0800] "GET /xingrg/all/function/internal_message.html?_=1706909942711&CODE_STATE=getMsg HTTP/1.1" 200 27
58.40.7.146 - - [03/Feb/2024:05:39:03 +0800] "GET /xingrg/check_reg.html?_=1706909943613 HTTP/1.1" 302 -
116.238.120.94 - - [03/Feb/2024:05:39:04 +0800] "GET /xingrg/all/function/internal_message.html?_=1706909944361&CODE_STATE=getMsg HTTP/1.1" 200 27
120.253.135.82 - - [03/Feb/2024:05:39:10 +0800] "GET /xingrg/kc/pszx/mdps_order_operate.html?command=get_materiel&pszx_code=00101&rest_code=00104&base_code=0010250&code=00102002197 HTTP/1.1" 200 459
120.253.135.82 - - [03/Feb/2024:05:39:13 +0800] "POST /xingrg/all/common/load_select.html HTTP/1.1" 200 25
116.230.123.222 - - [03/Feb/2024:05:39:14 +0800] "GET /xingrg/all/function/internal_message.html?_=1706909951869&CODE_STATE=getMsg HTTP/1.1" 200 27
120.253.135.82 - - [03/Feb/2024:05:39:15 +0800] "GET /xingrg/kc/pszx/mdps_order_operate.html?command=get_materiel_price&pszx_code=00101&rest_code=00104&base_code=0010250&code=00102002197&unit_code=00100018&order_time=2024-02-03 HTTP/1.1" 200 35
222.70.168.248 - - [03/Feb/2024:05:39:21 +0800] "GET /xingrg/all/function/internal_message.html?_=1706909963153&CODE_STATE=getMsg HTTP/1.1" 200 27
172.20.0.100 - - [03/Feb/2024:05:39:23 +0800] "GET /xingrg/all/function/internal_message.html?_=1706909978966&CODE_STATE=getMsg HTTP/1.1" 302 -
120.253.135.82 - - [03/Feb/2024:05:39:35 +0800] "GET /xingrg/all/function/internal_message.html?_=1706909802903&CODE_STATE=getMsg HTTP/1.1" 200 27
221.239.172.206 - - [03/Feb/2024:05:39:50 +0800] "GET /xingrg/all/function/internal_message.html?_=1706909990558&CODE_STATE=getMsg HTTP/1.1" 200 27
124.78.68.102 - - [03/Feb/2024:05:39:58 +0800] "GET /xingrg/all/function/internal_message.html?_=1706909998077&CODE_STATE=getMsg HTTP/1.1" 200 27
101.83.145.37 - - [03/Feb/2024:05:40:00 +0800] "GET /xingrg/all/function/internal_message.html?_=1706910001358&CODE_STATE=getMsg HTTP/1.1" 200 27
180.169.147.146 - - [03/Feb/2024:05:40:02 +0800] "GET /xingrg/all/function/internal_message.html?_=1706910002696&CODE_STATE=getMsg HTTP/1.1" 200 27
116.238.120.94 - - [03/Feb/2024:05:40:04 +0800] "GET /xingrg/all/function/internal_message.html?_=1706910004350&CODE_STATE=getMsg HTTP/1.1" 200 27
116.230.123.222 - - [03/Feb/2024:05:40:14 +0800] "GET /xingrg/all/function/internal_message.html?_=1706910011868&CODE_STATE=getMsg HTTP/1.1" 200 27
222.70.168.248 - - [03/Feb/2024:05:40:21 +0800] "GET /xingrg/all/function/internal_message.html?_=1706910023165&CODE_STATE=getMsg HTTP/1.1" 200 27
172.20.0.100 - - [03/Feb/2024:05:40:23 +0800] "GET /xingrg/all/function/internal_message.html?_=1706910038964&CODE_STATE=getMsg HTTP/1.1" 302 -
120.253.135.82 - - [03/Feb/2024:05:40:35 +0800] "GET /xingrg/all/function/internal_message.html?_=1706909862917&CODE_STATE=getMsg HTTP/1.1" 200 27
221.239.172.206 - - [03/Feb/2024:05:40:50 +0800] "GET /xingrg/all/function/internal_message.html?_=1706910050542&CODE_STATE=getMsg HTTP/1.1" 200 27
124.78.68.102 - - [03/Feb/2024:05:40:58 +0800] "GET /xingrg/all/function/internal_message.html?_=1706910058056&CODE_STATE=getMsg HTTP/1.1" 200 27
101.83.145.37 - - [03/Feb/2024:05:41:00 +0800] "GET /xingrg/all/function/internal_message.html?_=1706910061344&CODE_STATE=getMsg HTTP/1.1" 200 27
180.169.147.146 - - [03/Feb/2024:05:41:02 +0800] "GET /xingrg/all/function/internal_message.html?_=1706910062680&CODE_STATE=getMsg HTTP/1.1" 200 27
116.238.120.94 - - [03/Feb/2024:05:41:04 +0800] "GET /xingrg/all/function/internal_message.html?_=1706910064368&CODE_STATE=getMsg HTTP/1.1" 200 27
120.253.135.82 - - [03/Feb/2024:05:41:08 +0800] "POST /xingrg/kc/pszx/mdps_order_operate.html HTTP/1.1" 200 37
120.253.135.82 - - [03/Feb/2024:05:41:09 +0800] "GET /xingrg/kc/pszx/mdps_order_info.html?code=312024020300084 HTTP/1.1" 200 23978
124.78.68.102 - - [03/Feb/2024:05:41:10 +0800] "GET /xingrg/check_reg.html?_=1706910070139 HTTP/1.1" 200 22
120.253.135.82 - - [03/Feb/2024:05:41:10 +0800] "GET /xingrg/javascript/easyui/themes/default/validatebox.css HTTP/1.1" 404 1104
120.253.135.82 - - [03/Feb/2024:05:41:10 +0800] "POST /xingrg/kc/pszx/mdps_order_operate.html HTTP/1.1" 200 5273
120.253.135.82 - - [03/Feb/2024:05:41:13 +0800] "GET /xingrg/kc/print/load_data.html?order_code=312024020300084&kc_code=mdps&condition= HTTP/1.1" 200 2058
116.230.123.222 - - [03/Feb/2024:05:41:14 +0800] "GET /xingrg/all/function/internal_message.html?_=1706910071866&CODE_STATE=getMsg HTTP/1.1" 200 27
116.230.123.222 - - [03/Feb/2024:05:41:14 +0800] "GET /xingrg/check_reg.html?_=1706910071868 HTTP/1.1" 200 22
222.70.168.248 - - [03/Feb/2024:05:41:21 +0800] "GET /xingrg/all/function/internal_message.html?_=1706910083238&CODE_STATE=getMsg HTTP/1.1" 200 27
222.70.168.248 - - [03/Feb/2024:05:41:22 +0800] "POST /xingrg/kc/buy/cgsh_list_operate.html HTTP/1.1" 200 4
172.20.0.100 - - [03/Feb/2024:05:41:23 +0800] "GET /xingrg/all/function/internal_message.html?_=1706910098963&CODE_STATE=getMsg HTTP/1.1" 302 -
120.253.135.82 - - [03/Feb/2024:05:41:35 +0800] "GET /xingrg/all/function/internal_message.html?_=1706909922931&CODE_STATE=getMsg HTTP/1.1" 200 27
221.239.172.206 - - [03/Feb/2024:05:41:50 +0800] "GET /xingrg/all/function/internal_message.html?_=1706910110527&CODE_STATE=getMsg HTTP/1.1" 200 27
124.78.68.102 - - [03/Feb/2024:05:41:58 +0800] "GET /xingrg/all/function/internal_message.html?_=1706910118040&CODE_STATE=getMsg HTTP/1.1" 200 27
101.83.145.37 - - [03/Feb/2024:05:42:00 +0800] "GET /xingrg/check_reg.html?_=1706910121349 HTTP/1.1" 200 22
101.83.145.37 - - [03/Feb/2024:05:42:00 +0800] "GET /xingrg/all/function/internal_message.html?_=1706910121345&CODE_STATE=getMsg HTTP/1.1" 200 27
180.169.147.146 - - [03/Feb/2024:05:42:02 +0800] "GET /xingrg/all/function/internal_message.html?_=1706910122657&CODE_STATE=getMsg HTTP/1.1" 200 27
116.238.120.94 - - [03/Feb/2024:05:42:04 +0800] "GET /xingrg/all/function/internal_message.html?_=1706910124368&CODE_STATE=getMsg HTTP/1.1" 200 27
116.230.123.222 - - [03/Feb/2024:05:42:14 +0800] "GET /xingrg/all/function/internal_message.html?_=1706910131866&CODE_STATE=getMsg HTTP/1.1" 200 27
172.20.0.100 - - [03/Feb/2024:05:42:23 +0800] "GET /xingrg/all/function/internal_message.html?_=1706910158961&CODE_STATE=getMsg HTTP/1.1" 302 -
172.20.0.100 - - [03/Feb/2024:05:42:23 +0800] "GET /xingrg/check_reg.html?_=1706910158963 HTTP/1.1" 302 -
120.253.135.82 - - [03/Feb/2024:05:42:35 +0800] "GET /xingrg/all/function/internal_message.html?_=1706909982991&CODE_STATE=getMsg HTTP/1.1" 200 27
221.239.172.206 - - [03/Feb/2024:05:42:50 +0800] "GET /xingrg/all/function/internal_message.html?_=1706910170503&CODE_STATE=getMsg HTTP/1.1" 200 27
180.169.147.146 - - [03/Feb/2024:05:42:54 +0800] "GET /xingrg/check_reg.html?_=1706910174368 HTTP/1.1" 200 22
124.78.68.102 - - [03/Feb/2024:05:42:58 +0800] "GET /xingrg/all/function/internal_message.html?_=1706910178025&CODE_STATE=getMsg HTTP/1.1" 200 27
101.83.145.37 - - [03/Feb/2024:05:43:00 +0800] "GET /xingrg/all/function/internal_message.html?_=1706910181349&CODE_STATE=getMsg HTTP/1.1" 200 27
180.169.147.146 - - [03/Feb/2024:05:43:02 +0800] "GET /xingrg/all/function/internal_message.html?_=1706910182642&CODE_STATE=getMsg HTTP/1.1" 200 27
120.253.135.82 - - [03/Feb/2024:05:43:03 +0800] "POST /xingrg/kc/pszx/mdps_list_operate.html HTTP/1.1" 200 4665
116.238.120.94 - - [03/Feb/2024:05:43:04 +0800] "GET /xingrg/check_reg.html?_=1706910184356 HTTP/1.1" 200 22
116.238.120.94 - - [03/Feb/2024:05:43:04 +0800] "GET /xingrg/all/function/internal_message.html?_=1706910184357&CODE_STATE=getMsg HTTP/1.1" 200 27
120.253.135.82 - - [03/Feb/2024:05:43:12 +0800] "GET /xingrg/kc/pszx/jzcl_ps.html HTTP/1.1" 200 7683
120.253.135.82 - - [03/Feb/2024:05:43:13 +0800] "POST /xingrg/all/common/load_tree.html?tree=area_rest_tree_json HTTP/1.1" 200 3624
120.253.135.82 - - [03/Feb/2024:05:43:13 +0800] "POST /xingrg/kc/pszx/jzcl_ps_operate.html HTTP/1.1" 200 5401
120.253.135.82 - - [03/Feb/2024:05:43:13 +0800] "POST /xingrg/kc/pszx/jzcl_ps_operate.html HTTP/1.1" 200 5401
116.230.123.222 - - [03/Feb/2024:05:43:14 +0800] "GET /xingrg/all/function/internal_message.html?_=1706910191865&CODE_STATE=getMsg HTTP/1.1" 200 27
120.253.135.82 - - [03/Feb/2024:05:43:22 +0800] "POST /xingrg/kc/pszx/jzcl_ps_operate.html HTTP/1.1" 200 4
172.20.0.100 - - [03/Feb/2024:05:43:23 +0800] "GET /xingrg/all/function/internal_message.html?_=1706910218961&CODE_STATE=getMsg HTTP/1.1" 302 -
120.253.135.82 - - [03/Feb/2024:05:43:28 +0800] "GET /xingrg/kc/pszx/mdps_order_list.html HTTP/1.1" 200 20995
120.253.135.82 - - [03/Feb/2024:05:43:29 +0800] "POST /xingrg/kc/pszx/jzcl_ps_operate.html HTTP/1.1" 200 4959
120.253.135.82 - - [03/Feb/2024:05:43:29 +0800] "POST /xingrg/kc/pszx/mdps_list_operate.html HTTP/1.1" 200 5562
120.253.135.82 - - [03/Feb/2024:05:43:34 +0800] "GET /xingrg/check_reg.html?_=1706910042302 HTTP/1.1" 200 22
120.253.135.82 - - [03/Feb/2024:05:43:35 +0800] "GET /xingrg/all/function/internal_message.html?_=1706910043005&CODE_STATE=getMsg HTTP/1.1" 200 27
120.253.135.82 - - [03/Feb/2024:05:43:38 +0800] "POST /xingrg/kc/pszx/mdps_list_operate.html HTTP/1.1" 200 5234
120.253.135.82 - - [03/Feb/2024:05:43:44 +0800] "POST /xingrg/kc/pszx/mdps_list_operate.html HTTP/1.1" 200 2997
120.253.135.82 - - [03/Feb/2024:05:43:46 +0800] "POST /xingrg/kc/pszx/mdps_list_operate.html HTTP/1.1" 200 205
120.253.135.82 - - [03/Feb/2024:05:43:48 +0800] "POST /xingrg/kc/pszx/mdps_list_operate.html HTTP/1.1" 200 461
221.239.172.206 - - [03/Feb/2024:05:43:50 +0800] "GET /xingrg/all/function/internal_message.html?_=1706910230489&CODE_STATE=getMsg HTTP/1.1" 200 27
120.253.135.82 - - [03/Feb/2024:05:43:54 +0800] "POST /xingrg/kc/pszx/mdps_list_operate.html HTTP/1.1" 200 599
124.78.68.102 - - [03/Feb/2024:05:43:58 +0800] "GET /xingrg/all/function/internal_message.html?_=1706910238015&CODE_STATE=getMsg HTTP/1.1" 200 27
120.253.135.82 - - [03/Feb/2024:05:43:58 +0800] "GET /xingrg/kc/pszx/mdps_order_info.html?code=312024020300085 HTTP/1.1" 200 23978
221.239.172.206 - - [03/Feb/2024:05:43:58 +0800] "GET /xingrg/check_reg.html?_=1706910238776 HTTP/1.1" 200 22
120.253.135.82 - - [03/Feb/2024:05:43:59 +0800] "GET /xingrg/javascript/easyui/themes/default/validatebox.css HTTP/1.1" 404 1104
120.253.135.82 - - [03/Feb/2024:05:43:59 +0800] "POST /xingrg/kc/pszx/mdps_order_operate.html HTTP/1.1" 200 3781
101.83.145.37 - - [03/Feb/2024:05:44:00 +0800] "GET /xingrg/all/function/internal_message.html?_=1706910241349&CODE_STATE=getMsg HTTP/1.1" 200 27
120.253.135.82 - - [03/Feb/2024:05:44:02 +0800] "POST /xingrg/all/common/load_combo.html?type=base HTTP/1.1" 200 1169
180.169.147.146 - - [03/Feb/2024:05:44:02 +0800] "GET /xingrg/all/function/internal_message.html?_=1706910242626&CODE_STATE=getMsg HTTP/1.1" 200 27
58.40.7.146 - - [03/Feb/2024:05:44:03 +0800] "GET /xingrg/check_reg.html?_=1706910243589 HTTP/1.1" 302 -
116.238.120.94 - - [03/Feb/2024:05:44:04 +0800] "GET /xingrg/all/function/internal_message.html?_=1706910244355&CODE_STATE=getMsg HTTP/1.1" 200 27
120.253.135.82 - - [03/Feb/2024:05:44:07 +0800] "POST /xingrg/kc/pszx/mdps_order_operate.html HTTP/1.1" 200 37
120.253.135.82 - - [03/Feb/2024:05:44:08 +0800] "GET /xingrg/kc/pszx/mdps_order_info.html?code=312024020300085 HTTP/1.1" 200 23978
120.253.135.82 - - [03/Feb/2024:05:44:09 +0800] "GET /xingrg/javascript/easyui/themes/default/validatebox.css HTTP/1.1" 404 1104
120.253.135.82 - - [03/Feb/2024:05:44:09 +0800] "POST /xingrg/kc/pszx/mdps_order_operate.html HTTP/1.1" 200 3815
116.230.123.222 - - [03/Feb/2024:05:44:14 +0800] "GET /xingrg/all/function/internal_message.html?_=1706910251879&CODE_STATE=getMsg HTTP/1.1" 200 27
120.253.135.82 - - [03/Feb/2024:05:44:18 +0800] "GET /xingrg/kc/pszx/mdps_order_operate.html?command=get_materiel&pszx_code=00101&rest_code=00141&base_code=0010250&code=00102034154 HTTP/1.1" 200 426
172.20.0.100 - - [03/Feb/2024:05:44:23 +0800] "GET /xingrg/all/function/internal_message.html?_=1706910278959&CODE_STATE=getMsg HTTP/1.1" 302 -
120.253.135.82 - - [03/Feb/2024:05:44:35 +0800] "GET /xingrg/all/function/internal_message.html?_=1706910103017&CODE_STATE=getMsg HTTP/1.1" 200 27
221.239.172.206 - - [03/Feb/2024:05:44:50 +0800] "GET /xingrg/all/function/internal_message.html?_=1706910290476&CODE_STATE=getMsg HTTP/1.1" 200 27
120.253.135.82 - - [03/Feb/2024:05:44:51 +0800] "POST /xingrg/kc/pszx/mdps_order_operate.html HTTP/1.1" 200 37
120.253.135.82 - - [03/Feb/2024:05:44:53 +0800] "GET /xingrg/kc/pszx/mdps_order_info.html?code=312024020300085 HTTP/1.1" 200 23978
120.253.135.82 - - [03/Feb/2024:05:44:54 +0800] "GET /xingrg/javascript/easyui/themes/default/validatebox.css HTTP/1.1" 404 1104
120.253.135.82 - - [03/Feb/2024:05:44:54 +0800] "POST /xingrg/kc/pszx/mdps_order_operate.html HTTP/1.1" 200 3807
124.78.68.102 - - [03/Feb/2024:05:44:57 +0800] "GET /xingrg/all/function/internal_message.html?_=1706910297991&CODE_STATE=getMsg HTTP/1.1" 200 27
101.83.145.37 - - [03/Feb/2024:05:45:00 +0800] "GET /xingrg/all/function/internal_message.html?_=1706910301350&CODE_STATE=getMsg HTTP/1.1" 200 27
180.169.147.146 - - [03/Feb/2024:05:45:02 +0800] "GET /xingrg/all/function/internal_message.html?_=1706910302611&CODE_STATE=getMsg HTTP/1.1" 200 27
116.238.120.94 - - [03/Feb/2024:05:45:04 +0800] "GET /xingrg/all/function/internal_message.html?_=1706910304346&CODE_STATE=getMsg HTTP/1.1" 200 27
120.253.135.82 - - [03/Feb/2024:05:45:08 +0800] "POST /xingrg/kc/pszx/mdps_order_operate.html HTTP/1.1" 200 37
120.253.135.82 - - [03/Feb/2024:05:45:09 +0800] "GET /xingrg/kc/pszx/mdps_order_info.html?code=312024020300085 HTTP/1.1" 200 23978
120.253.135.82 - - [03/Feb/2024:05:45:09 +0800] "GET /xingrg/javascript/easyui/themes/default/validatebox.css HTTP/1.1" 404 1104
120.253.135.82 - - [03/Feb/2024:05:45:10 +0800] "POST /xingrg/kc/pszx/mdps_order_operate.html HTTP/1.1" 200 3807
120.253.135.82 - - [03/Feb/2024:05:45:12 +0800] "GET /xingrg/kc/print/load_data.html?order_code=312024020300085&kc_code=mdps&condition= HTTP/1.1" 200 1390
116.230.123.222 - - [03/Feb/2024:05:45:14 +0800] "GET /xingrg/all/function/internal_message.html?_=1706910311905&CODE_STATE=getMsg HTTP/1.1" 200 27
172.20.0.100 - - [03/Feb/2024:05:45:23 +0800] "GET /xingrg/all/function/internal_message.html?_=1706910338958&CODE_STATE=getMsg HTTP/1.1" 302 -
120.253.135.82 - - [03/Feb/2024:05:45:35 +0800] "GET /xingrg/all/function/internal_message.html?_=1706910163098&CODE_STATE=getMsg HTTP/1.1" 200 27
221.239.172.206 - - [03/Feb/2024:05:45:50 +0800] "GET /xingrg/all/function/internal_message.html?_=1706910350463&CODE_STATE=getMsg HTTP/1.1" 200 27
124.78.68.102 - - [03/Feb/2024:05:45:57 +0800] "GET /xingrg/all/function/internal_message.html?_=1706910357970&CODE_STATE=getMsg HTTP/1.1" 200 27
101.83.145.37 - - [03/Feb/2024:05:46:00 +0800] "GET /xingrg/all/function/internal_message.html?_=1706910361350&CODE_STATE=getMsg HTTP/1.1" 200 27
180.169.147.146 - - [03/Feb/2024:05:46:02 +0800] "GET /xingrg/all/function/internal_message.html?_=1706910362596&CODE_STATE=getMsg HTTP/1.1" 200 27
116.238.120.94 - - [03/Feb/2024:05:46:04 +0800] "GET /xingrg/all/function/internal_message.html?_=1706910364352&CODE_STATE=getMsg HTTP/1.1" 200 27
124.78.68.102 - - [03/Feb/2024:05:46:10 +0800] "GET /xingrg/check_reg.html?_=1706910370124 HTTP/1.1" 200 22
116.230.123.222 - - [03/Feb/2024:05:46:14 +0800] "GET /xingrg/check_reg.html?_=1706910371903 HTTP/1.1" 200 22
116.230.123.222 - - [03/Feb/2024:05:46:14 +0800] "GET /xingrg/all/function/internal_message.html?_=1706910371904&CODE_STATE=getMsg HTTP/1.1" 200 27
172.20.0.100 - - [03/Feb/2024:05:46:23 +0800] "GET /xingrg/all/function/internal_message.html?_=1706910398975&CODE_STATE=getMsg HTTP/1.1" 302 -
120.253.135.82 - - [03/Feb/2024:05:46:35 +0800] "GET /xingrg/all/function/internal_message.html?_=1706910223170&CODE_STATE=getMsg HTTP/1.1" 200 27
221.239.172.206 - - [03/Feb/2024:05:46:50 +0800] "GET /xingrg/all/function/internal_message.html?_=1706910410436&CODE_STATE=getMsg HTTP/1.1" 200 27
124.78.68.102 - - [03/Feb/2024:05:46:57 +0800] "GET /xingrg/all/function/internal_message.html?_=1706910417957&CODE_STATE=getMsg HTTP/1.1" 200 27
101.83.145.37 - - [03/Feb/2024:05:47:00 +0800] "GET /xingrg/check_reg.html?_=1706910421353 HTTP/1.1" 200 22
101.83.145.37 - - [03/Feb/2024:05:47:00 +0800] "GET /xingrg/all/function/internal_message.html?_=1706910421356&CODE_STATE=getMsg HTTP/1.1" 200 27
180.169.147.146 - - [03/Feb/2024:05:47:02 +0800] "GET /xingrg/all/function/internal_message.html?_=1706910422580&CODE_STATE=getMsg HTTP/1.1" 200 27
116.238.120.94 - - [03/Feb/2024:05:47:04 +0800] "GET /xingrg/all/function/internal_message.html?_=1706910424362&CODE_STATE=getMsg HTTP/1.1" 200 27
116.230.123.222 - - [03/Feb/2024:05:47:14 +0800] "GET /xingrg/all/function/internal_message.html?_=1706910431904&CODE_STATE=getMsg HTTP/1.1" 200 27
172.20.0.100 - - [03/Feb/2024:05:47:23 +0800] "GET /xingrg/check_reg.html?_=1706910458984 HTTP/1.1" 302 -
172.20.0.100 - - [03/Feb/2024:05:47:23 +0800] "GET /xingrg/all/function/internal_message.html?_=1706910458985&CODE_STATE=getMsg HTTP/1.1" 302 -
120.253.135.82 - - [03/Feb/2024:05:47:35 +0800] "GET /xingrg/all/function/internal_message.html?_=1706910283184&CODE_STATE=getMsg HTTP/1.1" 200 27
221.239.172.206 - - [03/Feb/2024:05:47:50 +0800] "GET /xingrg/all/function/internal_message.html?_=1706910470421&CODE_STATE=getMsg HTTP/1.1" 200 27
180.169.147.146 - - [03/Feb/2024:05:47:54 +0800] "GET /xingrg/check_reg.html?_=1706910474378 HTTP/1.1" 200 22
124.78.68.102 - - [03/Feb/2024:05:47:57 +0800] "GET /xingrg/all/function/internal_message.html?_=1706910477937&CODE_STATE=getMsg HTTP/1.1" 200 27
101.83.145.37 - - [03/Feb/2024:05:48:00 +0800] "GET /xingrg/all/function/internal_message.html?_=1706910481356&CODE_STATE=getMsg HTTP/1.1" 200 27
180.169.147.146 - - [03/Feb/2024:05:48:02 +0800] "GET /xingrg/all/function/internal_message.html?_=1706910482558&CODE_STATE=getMsg HTTP/1.1" 200 27
116.238.120.94 - - [03/Feb/2024:05:48:04 +0800] "GET /xingrg/check_reg.html?_=1706910484354 HTTP/1.1" 200 22
116.238.120.94 - - [03/Feb/2024:05:48:04 +0800] "GET /xingrg/all/function/internal_message.html?_=1706910484355&CODE_STATE=getMsg HTTP/1.1" 200 27
116.230.123.222 - - [03/Feb/2024:05:48:14 +0800] "GET /xingrg/all/function/internal_message.html?_=1706910491902&CODE_STATE=getMsg HTTP/1.1" 200 27
120.253.135.82 - - [03/Feb/2024:05:48:21 +0800] "POST /xingrg/kc/pszx/mdps_list_operate.html HTTP/1.1" 200 5234
172.20.0.100 - - [03/Feb/2024:05:48:23 +0800] "GET /xingrg/all/function/internal_message.html?_=1706910518983&CODE_STATE=getMsg HTTP/1.1" 302 -
120.253.135.82 - - [03/Feb/2024:05:48:23 +0800] "POST /xingrg/kc/pszx/mdps_list_operate.html HTTP/1.1" 200 630
120.253.135.82 - - [03/Feb/2024:05:48:25 +0800] "POST /xingrg/kc/pszx/mdps_list_operate.html HTTP/1.1" 200 634
120.253.135.82 - - [03/Feb/2024:05:48:27 +0800] "POST /xingrg/kc/pszx/mdps_list_operate.html HTTP/1.1" 200 214
120.253.135.82 - - [03/Feb/2024:05:48:29 +0800] "POST /xingrg/kc/pszx/mdps_list_operate.html HTTP/1.1" 200 524
120.253.135.82 - - [03/Feb/2024:05:48:30 +0800] "POST /xingrg/kc/pszx/mdps_list_operate.html HTTP/1.1" 200 293
120.253.135.82 - - [03/Feb/2024:05:48:34 +0800] "GET /xingrg/check_reg.html?_=1706910342307 HTTP/1.1" 200 22
120.253.135.82 - - [03/Feb/2024:05:48:35 +0800] "GET /xingrg/all/function/internal_message.html?_=1706910343257&CODE_STATE=getMsg HTTP/1.1" 200 27
120.253.135.82 - - [03/Feb/2024:05:48:41 +0800] "GET /xingrg/kc/pszx/mdps_order_info.html?code=312024012700743 HTTP/1.1" 200 23978
120.253.135.82 - - [03/Feb/2024:05:48:42 +0800] "GET /xingrg/javascript/easyui/themes/default/validatebox.css HTTP/1.1" 404 1104
120.253.135.82 - - [03/Feb/2024:05:48:42 +0800] "POST /xingrg/kc/pszx/mdps_order_operate.html HTTP/1.1" 200 2791
120.253.135.82 - - [03/Feb/2024:05:48:44 +0800] "POST /xingrg/kc/pszx/mdps_order_operate.html HTTP/1.1" 200 12
120.253.135.82 - - [03/Feb/2024:05:48:46 +0800] "POST /xingrg/kc/pszx/mdps_list_operate.html HTTP/1.1" 200 5234
120.253.135.82 - - [03/Feb/2024:05:48:48 +0800] "POST /xingrg/kc/pszx/mdps_list_operate.html HTTP/1.1" 200 214
221.239.172.206 - - [03/Feb/2024:05:48:50 +0800] "GET /xingrg/all/function/internal_message.html?_=1706910530405&CODE_STATE=getMsg HTTP/1.1" 200 27
124.78.68.102 - - [03/Feb/2024:05:48:57 +0800] "GET /xingrg/all/function/internal_message.html?_=1706910537914&CODE_STATE=getMsg HTTP/1.1" 200 27
221.239.172.206 - - [03/Feb/2024:05:48:59 +0800] "GET /xingrg/check_reg.html?_=1706910538787 HTTP/1.1" 200 22
101.83.145.37 - - [03/Feb/2024:05:49:00 +0800] "GET /xingrg/all/function/internal_message.html?_=1706910541356&CODE_STATE=getMsg HTTP/1.1" 200 27
180.169.147.146 - - [03/Feb/2024:05:49:02 +0800] "GET /xingrg/all/function/internal_message.html?_=1706910542542&CODE_STATE=getMsg HTTP/1.1" 200 27
58.40.7.146 - - [03/Feb/2024:05:49:03 +0800] "GET /xingrg/check_reg.html?_=1706910543565 HTTP/1.1" 302 -
116.238.120.94 - - [03/Feb/2024:05:49:04 +0800] "GET /xingrg/all/function/internal_message.html?_=1706910544340&CODE_STATE=getMsg HTTP/1.1" 200 27
222.70.168.248 - - [03/Feb/2024:05:49:06 +0800] "POST /xingrg/kc/buy/cgsh_list_operate.html HTTP/1.1" 200 4016
116.230.123.222 - - [03/Feb/2024:05:49:14 +0800] "GET /xingrg/all/function/internal_message.html?_=1706910551900&CODE_STATE=getMsg HTTP/1.1" 200 27
222.70.168.248 - - [03/Feb/2024:05:49:19 +0800] "GET /xingrg/all/function/internal_message.html?_=1706910561764&CODE_STATE=getMsg HTTP/1.1" 200 27
222.70.168.248 - - [03/Feb/2024:05:49:19 +0800] "GET /xingrg/check_reg.html?_=1706910561765 HTTP/1.1" 200 22
172.20.0.100 - - [03/Feb/2024:05:49:23 +0800] "GET /xingrg/all/function/internal_message.html?_=1706910578997&CODE_STATE=getMsg HTTP/1.1" 302 -
120.253.135.82 - - [03/Feb/2024:05:49:33 +0800] "POST /xingrg/kc/pszx/mdps_list_operate.html HTTP/1.1" 200 5038
120.253.135.82 - - [03/Feb/2024:05:49:35 +0800] "GET /xingrg/all/function/internal_message.html?_=1706910403273&CODE_STATE=getMsg HTTP/1.1" 200 27
120.253.135.82 - - [03/Feb/2024:05:49:37 +0800] "POST /xingrg/kc/pszx/mdps_list_operate.html HTTP/1.1" 200 212
120.253.135.82 - - [03/Feb/2024:05:49:39 +0800] "POST /xingrg/kc/pszx/mdps_list_operate.html HTTP/1.1" 200 205
221.239.172.206 - - [03/Feb/2024:05:49:50 +0800] "GET /xingrg/all/function/internal_message.html?_=1706910590379&CODE_STATE=getMsg HTTP/1.1" 200 27
222.70.168.248 - - [03/Feb/2024:05:49:55 +0800] "POST /xingrg/kc/buy/cgsh_list_operate.html HTTP/1.1" 200 4
124.78.68.102 - - [03/Feb/2024:05:49:57 +0800] "GET /xingrg/all/function/internal_message.html?_=1706910597898&CODE_STATE=getMsg HTTP/1.1" 200 27
101.83.145.37 - - [03/Feb/2024:05:50:00 +0800] "GET /xingrg/all/function/internal_message.html?_=1706910601357&CODE_STATE=getMsg HTTP/1.1" 200 27
222.70.168.248 - - [03/Feb/2024:05:50:01 +0800] "POST /xingrg/kc/buy/cgsh_list_operate.html HTTP/1.1" 200 986
180.169.147.146 - - [03/Feb/2024:05:50:02 +0800] "GET /xingrg/all/function/internal_message.html?_=1706910602518&CODE_STATE=getMsg HTTP/1.1" 200 27
116.238.120.94 - - [03/Feb/2024:05:50:04 +0800] "GET /xingrg/all/function/internal_message.html?_=1706910604351&CODE_STATE=getMsg HTTP/1.1" 200 27
116.230.123.222 - - [03/Feb/2024:05:50:14 +0800] "GET /xingrg/all/function/internal_message.html?_=1706910611900&CODE_STATE=getMsg HTTP/1.1" 200 27
222.70.168.248 - - [03/Feb/2024:05:50:19 +0800] "GET /xingrg/all/function/internal_message.html?_=1706910621773&CODE_STATE=getMsg HTTP/1.1" 200 27
172.20.0.100 - - [03/Feb/2024:05:50:23 +0800] "GET /xingrg/all/function/internal_message.html?_=1706910638996&CODE_STATE=getMsg HTTP/1.1" 302 -
120.253.135.82 - - [03/Feb/2024:05:50:35 +0800] "GET /xingrg/all/function/internal_message.html?_=1706910463286&CODE_STATE=getMsg HTTP/1.1" 200 27
120.253.135.82 - - [03/Feb/2024:05:50:36 +0800] "GET /xingrg/kc/pszx/mdqp_order_list.html?state=10 HTTP/1.1" 200 14819
120.253.135.82 - - [03/Feb/2024:05:50:36 +0800] "GET /xingrg/dwr/interface/AjaxQqpsService.js HTTP/1.1" 200 16326
120.253.135.82 - - [03/Feb/2024:05:50:36 +0800] "GET /xingrg/dwr/interface/AjaxReportQueryService.js HTTP/1.1" 200 13203
120.253.135.82 - - [03/Feb/2024:05:50:36 +0800] "GET /xingrg/dwr/engine.js HTTP/1.1" 200 43631
120.253.135.82 - - [03/Feb/2024:05:50:47 +0800] "GET /xingrg/kc/pszx/mdqp_order_info.html?code=302024020200054 HTTP/1.1" 200 13358
120.253.135.82 - - [03/Feb/2024:05:50:47 +0800] "GET /xingrg/dwr/interface/AjaxComOrderService.js HTTP/1.1" 200 18264
120.253.135.82 - - [03/Feb/2024:05:50:47 +0800] "GET /xingrg/dwr/interface/AjaxQqpsService.js HTTP/1.1" 200 16326
120.253.135.82 - - [03/Feb/2024:05:50:47 +0800] "GET /xingrg/dwr/engine.js HTTP/1.1" 200 43631
120.253.135.82 - - [03/Feb/2024:05:50:47 +0800] "POST /xingrg/dwr/call/plaincall/AjaxQqpsService.loadMaterielItems.dwr HTTP/1.1" 200 9930
221.239.172.206 - - [03/Feb/2024:05:50:50 +0800] "GET /xingrg/all/function/internal_message.html?_=1706910650352&CODE_STATE=getMsg HTTP/1.1" 200 27
124.78.68.102 - - [03/Feb/2024:05:50:57 +0800] "GET /xingrg/all/function/internal_message.html?_=1706910657884&CODE_STATE=getMsg HTTP/1.1" 200 27
101.83.145.37 - - [03/Feb/2024:05:51:00 +0800] "GET /xingrg/all/function/internal_message.html?_=1706910661359&CODE_STATE=getMsg HTTP/1.1" 200 27
180.169.147.146 - - [03/Feb/2024:05:51:02 +0800] "GET /xingrg/all/function/internal_message.html?_=1706910662505&CODE_STATE=getMsg HTTP/1.1" 200 27
116.238.120.94 - - [03/Feb/2024:05:51:04 +0800] "GET /xingrg/all/function/internal_message.html?_=1706910664355&CODE_STATE=getMsg HTTP/1.1" 200 27
120.253.135.82 - - [03/Feb/2024:05:51:08 +0800] "GET /xingrg/kc/pszx/mdqp_order_list.html?isBack=1 HTTP/1.1" 302 -
120.253.135.82 - - [03/Feb/2024:05:51:09 +0800] "GET /xingrg/kc/pszx/mdqp_order_list.html?state=10 HTTP/1.1" 200 14819
120.253.135.82 - - [03/Feb/2024:05:51:09 +0800] "GET /xingrg/dwr/interface/AjaxQqpsService.js HTTP/1.1" 200 16326
120.253.135.82 - - [03/Feb/2024:05:51:09 +0800] "GET /xingrg/dwr/interface/AjaxReportQueryService.js HTTP/1.1" 200 13203
120.253.135.82 - - [03/Feb/2024:05:51:09 +0800] "GET /xingrg/dwr/engine.js HTTP/1.1" 200 43631
124.78.68.102 - - [03/Feb/2024:05:51:10 +0800] "GET /xingrg/check_reg.html?_=1706910670138 HTTP/1.1" 200 22
120.253.135.82 - - [03/Feb/2024:05:51:12 +0800] "GET /xingrg/kc/pszx/mdth_order_list.html HTTP/1.1" 200 18419
120.253.135.82 - - [03/Feb/2024:05:51:12 +0800] "POST /xingrg/kc/pszx/mdth_order_new_list.html HTTP/1.1" 200 4737
116.230.123.222 - - [03/Feb/2024:05:51:14 +0800] "GET /xingrg/all/function/internal_message.html?_=1706910671898&CODE_STATE=getMsg HTTP/1.1" 200 27
116.230.123.222 - - [03/Feb/2024:05:51:14 +0800] "GET /xingrg/check_reg.html?_=1706910671899 HTTP/1.1" 200 22
120.253.135.82 - - [03/Feb/2024:05:51:16 +0800] "GET /xingrg/kc/pszx/mdqp_order_list.html?state=10 HTTP/1.1" 200 14819
120.253.135.82 - - [03/Feb/2024:05:51:16 +0800] "GET /xingrg/dwr/interface/AjaxQqpsService.js HTTP/1.1" 200 16326
120.253.135.82 - - [03/Feb/2024:05:51:16 +0800] "GET /xingrg/dwr/interface/AjaxReportQueryService.js HTTP/1.1" 200 13203
120.253.135.82 - - [03/Feb/2024:05:51:16 +0800] "GET /xingrg/dwr/engine.js HTTP/1.1" 200 43631
120.253.135.82 - - [03/Feb/2024:05:51:19 +0800] "GET /xingrg/kc/pszx/mdqp_order_info.html?code=302024020200054 HTTP/1.1" 200 13358
120.253.135.82 - - [03/Feb/2024:05:51:19 +0800] "GET /xingrg/dwr/interface/AjaxQqpsService.js HTTP/1.1" 200 16326
120.253.135.82 - - [03/Feb/2024:05:51:19 +0800] "GET /xingrg/dwr/interface/AjaxComOrderService.js HTTP/1.1" 200 18264
120.253.135.82 - - [03/Feb/2024:05:51:19 +0800] "GET /xingrg/dwr/engine.js HTTP/1.1" 200 43631
222.70.168.248 - - [03/Feb/2024:05:51:19 +0800] "GET /xingrg/all/function/internal_message.html?_=1706910681787&CODE_STATE=getMsg HTTP/1.1" 200 27
120.253.135.82 - - [03/Feb/2024:05:51:19 +0800] "POST /xingrg/dwr/call/plaincall/AjaxQqpsService.loadMaterielItems.dwr HTTP/1.1" 200 9930
172.20.0.100 - - [03/Feb/2024:05:51:23 +0800] "GET /xingrg/all/function/internal_message.html?_=1706910698994&CODE_STATE=getMsg HTTP/1.1" 302 -
120.253.135.82 - - [03/Feb/2024:05:51:25 +0800] "GET /xingrg/images/yd/bt.gif HTTP/1.1" 404 1040
120.253.135.82 - - [03/Feb/2024:05:51:25 +0800] "GET /xingrg/images/yd/bt2.gif HTTP/1.1" 404 1042
120.253.135.82 - - [03/Feb/2024:05:51:35 +0800] "GET /xingrg/all/function/internal_message.html?_=1706910523299&CODE_STATE=getMsg HTTP/1.1" 200 27
221.239.172.206 - - [03/Feb/2024:05:51:50 +0800] "GET /xingrg/all/function/internal_message.html?_=1706910710336&CODE_STATE=getMsg HTTP/1.1" 200 27
124.78.68.102 - - [03/Feb/2024:05:51:57 +0800] "GET /xingrg/all/function/internal_message.html?_=1706910717875&CODE_STATE=getMsg HTTP/1.1" 200 27
101.83.145.37 - - [03/Feb/2024:05:52:00 +0800] "GET /xingrg/check_reg.html?_=1706910721344 HTTP/1.1" 200 22
101.83.145.37 - - [03/Feb/2024:05:52:00 +0800] "GET /xingrg/all/function/internal_message.html?_=1706910721348&CODE_STATE=getMsg HTTP/1.1" 200 27
180.169.147.146 - - [03/Feb/2024:05:52:02 +0800] "GET /xingrg/all/function/internal_message.html?_=1706910722489&CODE_STATE=getMsg HTTP/1.1" 200 27
116.238.120.94 - - [03/Feb/2024:05:52:04 +0800] "GET /xingrg/all/function/internal_message.html?_=1706910724350&CODE_STATE=getMsg HTTP/1.1" 200 27
116.230.123.222 - - [03/Feb/2024:05:52:14 +0800] "GET /xingrg/all/function/internal_message.html?_=1706910731897&CODE_STATE=getMsg HTTP/1.1" 200 27
222.70.168.248 - - [03/Feb/2024:05:52:20 +0800] "GET /xingrg/all/function/internal_message.html?_=1706910741864&CODE_STATE=getMsg HTTP/1.1" 200 27
172.20.0.100 - - [03/Feb/2024:05:52:23 +0800] "GET /xingrg/check_reg.html?_=1706910758993 HTTP/1.1" 302 -
172.20.0.100 - - [03/Feb/2024:05:52:23 +0800] "GET /xingrg/all/function/internal_message.html?_=1706910758994&CODE_STATE=getMsg HTTP/1.1" 302 -
120.253.135.82 - - [03/Feb/2024:05:52:28 +0800] "GET /xingrg/kc/pszx/mdqp_order_list.html?isBack=1 HTTP/1.1" 302 -
120.253.135.82 - - [03/Feb/2024:05:52:28 +0800] "GET /xingrg/kc/pszx/mdqp_order_list.html?state=10 HTTP/1.1" 200 14819
120.253.135.82 - - [03/Feb/2024:05:52:29 +0800] "GET /xingrg/css/blue.css HTTP/1.1" 304 -
120.253.135.82 - - [03/Feb/2024:05:52:29 +0800] "GET /xingrg/javascript/jquery_easy_ui/themes/icon.css HTTP/1.1" 304 -
120.253.135.82 - - [03/Feb/2024:05:52:29 +0800] "GET /xingrg/dwr/interface/AjaxQqpsService.js HTTP/1.1" 200 16326
120.253.135.82 - - [03/Feb/2024:05:52:29 +0800] "GET /xingrg/dwr/util.js HTTP/1.1" 304 -
120.253.135.82 - - [03/Feb/2024:05:52:29 +0800] "GET /xingrg/javascript/pic_change.js HTTP/1.1" 304 -
120.253.135.82 - - [03/Feb/2024:05:52:29 +0800] "GET /xingrg/dwr/interface/AjaxReportQueryService.js HTTP/1.1" 200 13203
120.253.135.82 - - [03/Feb/2024:05:52:29 +0800] "GET /xingrg/javascript/myfunction.js HTTP/1.1" 304 -
120.253.135.82 - - [03/Feb/2024:05:52:29 +0800] "GET /xingrg/javascript/Calendar.js HTTP/1.1" 304 -
120.253.135.82 - - [03/Feb/2024:05:52:29 +0800] "GET /xingrg/javascript/jquery_easy_ui/themes/default/easyui.css HTTP/1.1" 304 -
120.253.135.82 - - [03/Feb/2024:05:52:29 +0800] "GET /xingrg/dwr/engine.js HTTP/1.1" 200 43631
120.253.135.82 - - [03/Feb/2024:05:52:29 +0800] "GET /favicon.ico HTTP/1.1" 404 -
120.253.135.82 - - [03/Feb/2024:05:52:32 +0800] "GET /xingrg/kc/pszx/mdqp_order_list.html?isBack=1 HTTP/1.1" 302 -
120.253.135.82 - - [03/Feb/2024:05:52:32 +0800] "GET /xingrg/kc/pszx/mdqp_order_list.html?state=10 HTTP/1.1" 200 14819
120.253.135.82 - - [03/Feb/2024:05:52:32 +0800] "GET /xingrg/dwr/interface/AjaxQqpsService.js HTTP/1.1" 200 16326
120.253.135.82 - - [03/Feb/2024:05:52:32 +0800] "GET /xingrg/dwr/interface/AjaxReportQueryService.js HTTP/1.1" 200 13203
120.253.135.82 - - [03/Feb/2024:05:52:32 +0800] "GET /xingrg/dwr/engine.js HTTP/1.1" 200 43631
120.253.135.82 - - [03/Feb/2024:05:52:35 +0800] "GET /xingrg/kc/pszx/mdqp_order_info.html?code=302024020200055 HTTP/1.1" 200 13358
120.253.135.82 - - [03/Feb/2024:05:52:35 +0800] "GET /xingrg/dwr/interface/AjaxComOrderService.js HTTP/1.1" 200 18264
120.253.135.82 - - [03/Feb/2024:05:52:35 +0800] "GET /xingrg/dwr/interface/AjaxQqpsService.js HTTP/1.1" 200 16326
120.253.135.82 - - [03/Feb/2024:05:52:35 +0800] "GET /xingrg/dwr/engine.js HTTP/1.1" 200 43631
120.253.135.82 - - [03/Feb/2024:05:52:36 +0800] "GET /xingrg/all/function/internal_message.html?_=1706910583383&CODE_STATE=getMsg HTTP/1.1" 200 27
120.253.135.82 - - [03/Feb/2024:05:52:36 +0800] "POST /xingrg/dwr/call/plaincall/AjaxQqpsService.loadMaterielItems.dwr HTTP/1.1" 200 1543
120.253.135.82 - - [03/Feb/2024:05:52:37 +0800] "GET /xingrg/images/yd/bt.gif HTTP/1.1" 404 1040
120.253.135.82 - - [03/Feb/2024:05:52:37 +0800] "GET /xingrg/images/yd/bt2.gif HTTP/1.1" 404 1042
120.253.135.82 - - [03/Feb/2024:05:52:42 +0800] "GET /xingrg/kc/pszx/mdqp_order_list.html?isBack=1 HTTP/1.1" 302 -
120.253.135.82 - - [03/Feb/2024:05:52:42 +0800] "GET /xingrg/kc/pszx/mdqp_order_list.html?state=10 HTTP/1.1" 200 14819
120.253.135.82 - - [03/Feb/2024:05:52:42 +0800] "GET /xingrg/dwr/interface/AjaxReportQueryService.js HTTP/1.1" 200 13203
120.253.135.82 - - [03/Feb/2024:05:52:42 +0800] "GET /xingrg/dwr/interface/AjaxQqpsService.js HTTP/1.1" 200 16326
120.253.135.82 - - [03/Feb/2024:05:52:42 +0800] "GET /xingrg/dwr/engine.js HTTP/1.1" 200 43631
120.253.135.82 - - [03/Feb/2024:05:52:44 +0800] "GET /xingrg/kc/pszx/mdqp_order_info.html?code=302024020200056 HTTP/1.1" 200 13358
120.253.135.82 - - [03/Feb/2024:05:52:44 +0800] "GET /xingrg/dwr/interface/AjaxComOrderService.js HTTP/1.1" 200 18264
120.253.135.82 - - [03/Feb/2024:05:52:44 +0800] "GET /xingrg/dwr/interface/AjaxQqpsService.js HTTP/1.1" 200 16326
120.253.135.82 - - [03/Feb/2024:05:52:44 +0800] "GET /xingrg/dwr/engine.js HTTP/1.1" 200 43631
120.253.135.82 - - [03/Feb/2024:05:52:45 +0800] "POST /xingrg/dwr/call/plaincall/AjaxQqpsService.loadMaterielItems.dwr HTTP/1.1" 200 672
120.253.135.82 - - [03/Feb/2024:05:52:47 +0800] "GET /xingrg/kc/pszx/mdqp_order_list.html?isBack=1 HTTP/1.1" 302 -
120.253.135.82 - - [03/Feb/2024:05:52:47 +0800] "GET /xingrg/kc/pszx/mdqp_order_list.html?state=10 HTTP/1.1" 200 14819
120.253.135.82 - - [03/Feb/2024:05:52:47 +0800] "GET /xingrg/dwr/interface/AjaxQqpsService.js HTTP/1.1" 200 16326
120.253.135.82 - - [03/Feb/2024:05:52:47 +0800] "GET /xingrg/dwr/interface/AjaxReportQueryService.js HTTP/1.1" 200 13203
120.253.135.82 - - [03/Feb/2024:05:52:47 +0800] "GET /xingrg/dwr/engine.js HTTP/1.1" 200 43631
120.253.135.82 - - [03/Feb/2024:05:52:49 +0800] "GET /xingrg/kc/pszx/mdqp_order_info.html?code=302024020200057 HTTP/1.1" 200 13358
120.253.135.82 - - [03/Feb/2024:05:52:50 +0800] "GET /xingrg/dwr/interface/AjaxComOrderService.js HTTP/1.1" 200 18264
120.253.135.82 - - [03/Feb/2024:05:52:50 +0800] "GET /xingrg/dwr/interface/AjaxQqpsService.js HTTP/1.1" 200 16326
120.253.135.82 - - [03/Feb/2024:05:52:50 +0800] "GET /xingrg/dwr/engine.js HTTP/1.1" 200 43631
221.239.172.206 - - [03/Feb/2024:05:52:50 +0800] "GET /xingrg/all/function/internal_message.html?_=1706910770321&CODE_STATE=getMsg HTTP/1.1" 200 27
120.253.135.82 - - [03/Feb/2024:05:52:50 +0800] "POST /xingrg/dwr/call/plaincall/AjaxQqpsService.loadMaterielItems.dwr HTTP/1.1" 200 1306
180.169.147.146 - - [03/Feb/2024:05:52:54 +0800] "GET /xingrg/check_reg.html?_=1706910774372 HTTP/1.1" 200 22
124.78.68.102 - - [03/Feb/2024:05:52:57 +0800] "GET /xingrg/all/function/internal_message.html?_=1706910777854&CODE_STATE=getMsg HTTP/1.1" 200 27
101.83.145.37 - - [03/Feb/2024:05:53:00 +0800] "GET /xingrg/all/function/internal_message.html?_=1706910781347&CODE_STATE=getMsg HTTP/1.1" 200 27
180.169.147.146 - - [03/Feb/2024:05:53:02 +0800] "GET /xingrg/all/function/internal_message.html?_=1706910782474&CODE_STATE=getMsg HTTP/1.1" 200 27
116.230.123.222 - - [03/Feb/2024:05:53:03 +0800] "POST /xingrg/services/DataTransmitService HTTP/1.1" 200 524
116.238.120.94 - - [03/Feb/2024:05:53:04 +0800] "GET /xingrg/all/function/internal_message.html?_=1706910784356&CODE_STATE=getMsg HTTP/1.1" 200 27
116.238.120.94 - - [03/Feb/2024:05:53:04 +0800] "GET /xingrg/check_reg.html?_=1706910784358 HTTP/1.1" 200 22
116.230.123.222 - - [03/Feb/2024:05:53:14 +0800] "GET /xingrg/all/function/internal_message.html?_=1706910791896&CODE_STATE=getMsg HTTP/1.1" 200 27
222.70.168.248 - - [03/Feb/2024:05:53:17 +0800] "GET /xingrg/kc/buy/cgsh_order_add.html HTTP/1.1" 200 73467
222.70.168.248 - - [03/Feb/2024:05:53:17 +0800] "GET /xingrg/css/base.css HTTP/1.1" 304 -
222.70.168.248 - - [03/Feb/2024:05:53:17 +0800] "GET /xingrg/javascript/easyui/themes/icon.css HTTP/1.1" 304 -
222.70.168.248 - - [03/Feb/2024:05:53:17 +0800] "GET /xingrg/javascript/jquery_tools/datebox.css HTTP/1.1" 304 -
222.70.168.248 - - [03/Feb/2024:05:53:17 +0800] "GET /xingrg/javascript/auto/jquery.autocomplete.css HTTP/1.1" 304 -
222.70.168.248 - - [03/Feb/2024:05:53:17 +0800] "GET /xingrg/javascript/jquery_tools/fix.css HTTP/1.1" 304 -
222.70.168.248 - - [03/Feb/2024:05:53:17 +0800] "GET /xingrg/javascript/jquery_tools/table.css HTTP/1.1" 304 -
222.70.168.248 - - [03/Feb/2024:05:53:17 +0800] "GET /xingrg/javascript/jquery_tools/jquery.tools.min.js HTTP/1.1" 304 -
222.70.168.248 - - [03/Feb/2024:05:53:17 +0800] "GET /xingrg/javascript/auto/jquery.autocomplete.js HTTP/1.1" 304 -
222.70.168.248 - - [03/Feb/2024:05:53:17 +0800] "GET /xingrg/javascript/jquery_tools/jquery.tools.table.js HTTP/1.1" 304 -
222.70.168.248 - - [03/Feb/2024:05:53:17 +0800] "GET /xingrg/javascript/jquery_tools/jquery.tools.hotkey.js HTTP/1.1" 304 -
222.70.168.248 - - [03/Feb/2024:05:53:17 +0800] "GET /xingrg/javascript/pic_change.js HTTP/1.1" 304 -
222.70.168.248 - - [03/Feb/2024:05:53:17 +0800] "GET /xingrg/javascript/easyui/easyloader.js HTTP/1.1" 304 -
222.70.168.248 - - [03/Feb/2024:05:53:17 +0800] "GET /xingrg/javascript/jquery_tools/jquery.tools.extend.js HTTP/1.1" 304 -
222.70.168.248 - - [03/Feb/2024:05:53:17 +0800] "GET /xingrg/javascript/jquery.utils.js HTTP/1.1" 304 -
222.70.168.248 - - [03/Feb/2024:05:53:17 +0800] "GET /xingrg/javascript/jquery_tools/order_manager.js HTTP/1.1" 304 -
222.70.168.248 - - [03/Feb/2024:05:53:17 +0800] "GET /xingrg/javascript/jquery.cookie.js HTTP/1.1" 304 -
222.70.168.248 - - [03/Feb/2024:05:53:17 +0800] "GET /xingrg/javascript/easyui/themes/default/easyui.css HTTP/1.1" 304 -
222.70.168.248 - - [03/Feb/2024:05:53:17 +0800] "GET /xingrg/javascript/convert.js HTTP/1.1" 304 -
222.70.168.248 - - [03/Feb/2024:05:53:17 +0800] "GET /xingrg/javascript/json2.js HTTP/1.1" 304 -
222.70.168.248 - - [03/Feb/2024:05:53:17 +0800] "GET /xingrg/css/site.css HTTP/1.1" 304 -
222.70.168.248 - - [03/Feb/2024:05:53:17 +0800] "GET /xingrg/javascript/print/LodopFuncs.js HTTP/1.1" 304 -
222.70.168.248 - - [03/Feb/2024:05:53:17 +0800] "GET /xingrg/javascript/print/kc_print.js HTTP/1.1" 304 -
222.70.168.248 - - [03/Feb/2024:05:53:17 +0800] "GET /xingrg/javascript/easyui/plugins/jquery.parser.js HTTP/1.1" 304 -
222.70.168.248 - - [03/Feb/2024:05:53:17 +0800] "POST /xingrg/kc/buy/cgsh_order_operate.html HTTP/1.1" 200 8245
222.70.168.248 - - [03/Feb/2024:05:53:17 +0800] "GET /xingrg/javascript/easyui/themes/default/validatebox.css HTTP/1.1" 404 1104
222.70.168.248 - - [03/Feb/2024:05:53:17 +0800] "GET /xingrg/javascript/easyui/plugins/jquery.validatebox.js HTTP/1.1" 304 -
222.70.168.248 - - [03/Feb/2024:05:53:17 +0800] "GET /xingrg/javascript/easyui/plugins/jquery.numberbox.js HTTP/1.1" 304 -
222.70.168.248 - - [03/Feb/2024:05:53:17 +0800] "GET /xingrg/all/common/auto_word.html?type=employee&rest_code=00146 HTTP/1.1" 200 101
222.70.168.248 - - [03/Feb/2024:05:53:17 +0800] "GET /xingrg/all/common/auto_word.html?type=employee&rest_code=00146 HTTP/1.1" 200 101
222.70.168.248 - - [03/Feb/2024:05:53:20 +0800] "GET /xingrg/all/function/internal_message.html?_=1706910801877&CODE_STATE=getMsg HTTP/1.1" 200 27
172.20.0.100 - - [03/Feb/2024:05:53:23 +0800] "GET /xingrg/all/function/internal_message.html?_=1706910818992&CODE_STATE=getMsg HTTP/1.1" 302 -
222.70.168.248 - - [03/Feb/2024:05:53:25 +0800] "GET /xingrg/kc/base/wldb_order_list.html HTTP/1.1" 200 19019
222.70.168.248 - - [03/Feb/2024:05:53:25 +0800] "GET /xingrg/javascript/jquery_tools/list_manager.js HTTP/1.1" 304 -
222.70.168.248 - - [03/Feb/2024:05:53:26 +0800] "POST /xingrg/kc/base/wldb_list_operate.html HTTP/1.1" 200 928
222.70.168.248 - - [03/Feb/2024:05:53:28 +0800] "GET /xingrg/kc/base/wldb_order_add.html HTTP/1.1" 200 30350
222.70.168.248 - - [03/Feb/2024:05:53:28 +0800] "POST /xingrg/kc/base/wldb_order_operate.html HTTP/1.1" 200 6806
222.70.168.248 - - [03/Feb/2024:05:53:28 +0800] "GET /xingrg/all/common/auto_word.html?type=base&rest_code=00146 HTTP/1.1" 200 1799
222.70.168.248 - - [03/Feb/2024:05:53:28 +0800] "GET /xingrg/all/common/auto_word.html?type=base&rest_code=00146 HTTP/1.1" 200 1799
222.70.168.248 - - [03/Feb/2024:05:53:28 +0800] "GET /xingrg/javascript/easyui/themes/default/validatebox.css HTTP/1.1" 404 1104
120.253.135.82 - - [03/Feb/2024:05:53:34 +0800] "GET /xingrg/check_reg.html?_=1706910642313 HTTP/1.1" 200 22
120.253.135.82 - - [03/Feb/2024:05:53:36 +0800] "GET /xingrg/all/function/internal_message.html?_=1706910643390&CODE_STATE=getMsg HTTP/1.1" 200 27
222.70.168.248 - - [03/Feb/2024:05:53:45 +0800] "GET /xingrg/kc/base/wldb_order_operate.html?command=get_materiel&rest_code=00146&base_code=0010063&code=00101019164 HTTP/1.1" 200 466
221.239.172.206 - - [03/Feb/2024:05:53:50 +0800] "GET /xingrg/all/function/internal_message.html?_=1706910830305&CODE_STATE=getMsg HTTP/1.1" 200 27
222.70.168.248 - - [03/Feb/2024:05:53:53 +0800] "GET /xingrg/kc/base/wldb_order_operate.html?command=get_materiel&rest_code=00146&base_code=0010063&code=00101019184 HTTP/1.1" 200 456
124.78.68.102 - - [03/Feb/2024:05:53:57 +0800] "GET /xingrg/all/function/internal_message.html?_=1706910837844&CODE_STATE=getMsg HTTP/1.1" 200 27
120.253.135.82 - - [03/Feb/2024:05:53:58 +0800] "GET /xingrg/images/yd/bt.gif HTTP/1.1" 404 1040
120.253.135.82 - - [03/Feb/2024:05:53:58 +0800] "GET /xingrg/images/yd/bt2.gif HTTP/1.1" 404 1042
221.239.172.206 - - [03/Feb/2024:05:53:59 +0800] "GET /xingrg/check_reg.html?_=1706910838798 HTTP/1.1" 200 22
120.253.135.82 - - [03/Feb/2024:05:54:00 +0800] "GET /xingrg/kc/pszx/mdqp_order_list.html?isBack=1 HTTP/1.1" 302 -
120.253.135.82 - - [03/Feb/2024:05:54:00 +0800] "GET /xingrg/kc/pszx/mdqp_order_list.html?state=10 HTTP/1.1" 200 14819
120.253.135.82 - - [03/Feb/2024:05:54:00 +0800] "GET /xingrg/dwr/interface/AjaxQqpsService.js HTTP/1.1" 200 16326
120.253.135.82 - - [03/Feb/2024:05:54:00 +0800] "GET /xingrg/dwr/interface/AjaxReportQueryService.js HTTP/1.1" 200 13203
120.253.135.82 - - [03/Feb/2024:05:54:00 +0800] "GET /xingrg/dwr/engine.js HTTP/1.1" 200 43631
101.83.145.37 - - [03/Feb/2024:05:54:00 +0800] "GET /xingrg/all/function/internal_message.html?_=1706910841348&CODE_STATE=getMsg HTTP/1.1" 200 27
180.169.147.146 - - [03/Feb/2024:05:54:02 +0800] "GET /xingrg/all/function/internal_message.html?_=1706910842451&CODE_STATE=getMsg HTTP/1.1" 200 27
58.40.7.146 - - [03/Feb/2024:05:54:03 +0800] "GET /xingrg/check_reg.html?_=1706910843538 HTTP/1.1" 302 -
222.70.168.248 - - [03/Feb/2024:05:54:04 +0800] "GET /xingrg/kc/base/wldb_order_operate.html?command=get_materiel&rest_code=00146&base_code=0010063&code=00101019391 HTTP/1.1" 200 485
116.238.120.94 - - [03/Feb/2024:05:54:04 +0800] "GET /xingrg/all/function/internal_message.html?_=1706910844345&CODE_STATE=getMsg HTTP/1.1" 200 27
120.253.135.82 - - [03/Feb/2024:05:54:07 +0800] "GET /xingrg/kc/pszx/jzcl_ps.html HTTP/1.1" 200 7683
120.253.135.82 - - [03/Feb/2024:05:54:07 +0800] "POST /xingrg/all/common/load_tree.html?tree=area_rest_tree_json HTTP/1.1" 200 3624
