124.78.156.111 - - [03/Feb/2024:10:31:29 +0800] "GET /xingrg/javascript/easyui/themes/default/images/button_plain_hover.png HTTP/1.1" 304 -
116.228.172.94 - - [03/Feb/2024:10:31:29 +0800] "POST /xingrg/dwr/call/plaincall/AjaxCheckService.setItemNumber.dwr HTTP/1.1" 200 77
124.78.156.111 - - [03/Feb/2024:10:31:32 +0800] "GET /xingrg/kc/buy/cgsh_order_add.html HTTP/1.1" 200 73461
124.78.156.111 - - [03/Feb/2024:10:31:32 +0800] "GET /xingrg/javascript/jquery_tools/order_manager.js HTTP/1.1" 304 -
124.78.156.111 - - [03/Feb/2024:10:31:32 +0800] "GET /xingrg/javascript/convert.js HTTP/1.1" 304 -
124.78.156.111 - - [03/Feb/2024:10:31:32 +0800] "GET /xingrg/javascript/json2.js HTTP/1.1" 304 -
124.78.156.111 - - [03/Feb/2024:10:31:32 +0800] "GET /xingrg/javascript/print/kc_print.js HTTP/1.1" 304 -
124.78.156.111 - - [03/Feb/2024:10:31:32 +0800] "GET /xingrg/words/20240202172956_words.js HTTP/1.1" 200 1013347
124.78.156.111 - - [03/Feb/2024:10:31:32 +0800] "GET /xingrg/javascript/easyui/themes/icons/template_new.png HTTP/1.1" 200 3956
124.78.156.111 - - [03/Feb/2024:10:31:32 +0800] "GET /xingrg/javascript/easyui/themes/icons/ok.png HTTP/1.1" 200 883
124.78.156.111 - - [03/Feb/2024:10:31:32 +0800] "GET /xingrg/javascript/easyui/themes/icons/copy_new.png HTTP/1.1" 304 -
124.78.156.111 - - [03/Feb/2024:10:31:32 +0800] "GET /xingrg/javascript/easyui/themes/icons/print.png HTTP/1.1" 304 -
124.78.156.111 - - [03/Feb/2024:10:31:32 +0800] "GET /xingrg/javascript/easyui/themes/default/images/menu_downarrow.png HTTP/1.1" 304 -
124.78.156.111 - - [03/Feb/2024:10:31:32 +0800] "GET /xingrg/javascript/easyui/themes/icons/cancel.png HTTP/1.1" 304 -
124.78.156.111 - - [03/Feb/2024:10:31:32 +0800] "GET /xingrg/javascript/easyui/themes/default/validatebox.css HTTP/1.1" 404 1104
124.78.156.111 - - [03/Feb/2024:10:31:32 +0800] "GET /xingrg/javascript/easyui/plugins/jquery.validatebox.js HTTP/1.1" 304 -
124.78.156.111 - - [03/Feb/2024:10:31:32 +0800] "GET /xingrg/javascript/easyui/plugins/jquery.numberbox.js HTTP/1.1" 304 -
124.78.156.111 - - [03/Feb/2024:10:31:32 +0800] "POST /xingrg/kc/buy/cgsh_order_operate.html HTTP/1.1" 200 8245
124.78.156.111 - - [03/Feb/2024:10:31:32 +0800] "GET /xingrg/all/common/auto_word.html?type=employee&rest_code=00106 HTTP/1.1" 200 205
124.78.156.111 - - [03/Feb/2024:10:31:32 +0800] "GET /xingrg/javascript/easyui/themes/icons/edit_remove.png HTTP/1.1" 304 -
124.78.156.111 - - [03/Feb/2024:10:31:32 +0800] "GET /xingrg/all/common/auto_word.html?type=employee&rest_code=00106 HTTP/1.1" 200 205
180.163.29.212 - - [03/Feb/2024:10:31:33 +0800] "GET /xingrg/check_reg.html?_=1706927428840 HTTP/1.1" 302 -
180.163.29.212 - - [03/Feb/2024:10:31:33 +0800] "GET /xingrg/login.html HTTP/1.1" 200 7641
222.70.168.248 - - [03/Feb/2024:10:31:33 +0800] "GET /xingrg/all/function/internal_message.html?_=1706927495824&CODE_STATE=getMsg HTTP/1.1" 200 27
116.228.172.94 - - [03/Feb/2024:10:31:34 +0800] "POST /xingrg/dwr/call/plaincall/AjaxCheckService.setItemNumber.dwr HTTP/1.1" 200 77
124.78.156.111 - - [03/Feb/2024:10:31:34 +0800] "GET /xingrg/javascript/easyui/plugins/jquery.draggable.js HTTP/1.1" 200 6121
124.78.156.111 - - [03/Feb/2024:10:31:34 +0800] "GET /xingrg/css/images/panel_loading.gif HTTP/1.1" 200 1737
124.78.156.111 - - [03/Feb/2024:10:31:34 +0800] "GET /xingrg/javascript/easyui/plugins/jquery.droppable.js HTTP/1.1" 200 1167
124.78.156.111 - - [03/Feb/2024:10:31:34 +0800] "GET /xingrg/javascript/easyui/themes/default/tree.css HTTP/1.1" 404 1090
124.78.156.111 - - [03/Feb/2024:10:31:34 +0800] "GET /xingrg/javascript/easyui/plugins/jquery.tree.js HTTP/1.1" 200 20874
116.230.123.222 - - [03/Feb/2024:10:31:34 +0800] "GET /xingrg/all/function/internal_message.html?_=1706927491796&CODE_STATE=getMsg HTTP/1.1" 200 27
124.78.68.102 - - [03/Feb/2024:10:31:35 +0800] "GET /xingrg/all/function/internal_message.html?_=1706927495112&CODE_STATE=getMsg HTTP/1.1" 200 27
124.78.156.111 - - [03/Feb/2024:10:31:35 +0800] "POST /xingrg/all/common/load_tree.html?tree=supplier_tree_json&isDelete=1 HTTP/1.1" 200 78460
116.238.97.31 - - [03/Feb/2024:10:31:35 +0800] "GET /xingrg/all/function/internal_message.html?_=1706927495052&CODE_STATE=getMsg HTTP/1.1" 200 27
124.78.68.102 - - [03/Feb/2024:10:31:35 +0800] "GET /xingrg/kc/print/load_data.html?order_code=212024020301106&kc_code=cgsh&condition= HTTP/1.1" 200 2376
116.228.172.94 - - [03/Feb/2024:10:31:35 +0800] "POST /xingrg/dwr/call/plaincall/AjaxCheckService.setItemNumber.dwr HTTP/1.1" 200 77
124.78.156.111 - - [03/Feb/2024:10:31:36 +0800] "GET /xingrg/javascript/easyui/themes/default/images/tree_arrows.gif HTTP/1.1" 200 617
124.78.156.111 - - [03/Feb/2024:10:31:36 +0800] "GET /xingrg/javascript/easyui/themes/default/images/tree_folder_open.gif HTTP/1.1" 200 956
124.78.156.111 - - [03/Feb/2024:10:31:36 +0800] "GET /xingrg/javascript/easyui/themes/default/images/tree_folder.gif HTTP/1.1" 200 952
124.78.156.111 - - [03/Feb/2024:10:31:36 +0800] "GET /xingrg/javascript/easyui/themes/default/images/tree_file.gif HTTP/1.1" 200 118
116.228.172.94 - - [03/Feb/2024:10:31:38 +0800] "POST /xingrg/dwr/call/plaincall/AjaxCheckService.setItemNumber.dwr HTTP/1.1" 200 77
180.169.147.146 - - [03/Feb/2024:10:31:39 +0800] "GET /xingrg/all/function/internal_message.html?_=1706927487051&CODE_STATE=getMsg HTTP/1.1" 200 27
116.228.172.94 - - [03/Feb/2024:10:31:41 +0800] "POST /xingrg/dwr/call/plaincall/AjaxCheckService.setItemNumber.dwr HTTP/1.1" 200 77
116.228.172.94 - - [03/Feb/2024:10:31:43 +0800] "POST /xingrg/dwr/call/plaincall/AjaxCheckService.setItemNumber.dwr HTTP/1.1" 200 77
124.78.156.111 - - [03/Feb/2024:10:31:44 +0800] "GET /xingrg/all/function/internal_message.html?_=1706927499925&CODE_STATE=getMsg HTTP/1.1" 200 27
221.239.172.206 - - [03/Feb/2024:10:31:45 +0800] "GET /xingrg/all/function/internal_message.html?_=1706927505316&CODE_STATE=getMsg HTTP/1.1" 200 27
218.81.65.124 - - [03/Feb/2024:10:31:48 +0800] "GET /xingrg/all/function/internal_message.html?_=1706927519067&CODE_STATE=getMsg HTTP/1.1" 200 27
124.78.156.111 - - [03/Feb/2024:10:31:48 +0800] "GET /xingrg/javascript/auto/indicator.gif HTTP/1.1" 404 1066
120.253.135.82 - - [03/Feb/2024:10:31:51 +0800] "GET /xingrg/all/function/internal_message.html?_=1706927338757&CODE_STATE=getMsg HTTP/1.1" 200 27
222.70.168.248 - - [03/Feb/2024:10:31:52 +0800] "POST /xingrg/services/DataTransmitService HTTP/1.1" 200 524
116.230.123.222 - - [03/Feb/2024:10:31:53 +0800] "GET /xingrg/all/function/internal_message.html?_=1706927619033&CODE_STATE=getMsg HTTP/1.1" 200 27
222.70.168.248 - - [03/Feb/2024:10:31:53 +0800] "POST /xingrg/services/DataTransmitService HTTP/1.1" 200 412
222.70.168.248 - - [03/Feb/2024:10:31:54 +0800] "POST /xingrg/services/DataTransmitService HTTP/1.1" 200 524
124.78.68.102 - - [03/Feb/2024:10:31:54 +0800] "POST /xingrg/kc/buy/cgsh_order_operate.html HTTP/1.1" 200 8245
124.78.68.102 - - [03/Feb/2024:10:31:54 +0800] "GET /xingrg/javascript/easyui/themes/default/validatebox.css HTTP/1.1" 404 1104
222.70.168.248 - - [03/Feb/2024:10:31:55 +0800] "POST /xingrg/services/DataTransmitService HTTP/1.1" 200 412
58.39.105.37 - - [03/Feb/2024:10:31:55 +0800] "GET /xingrg/all/function/internal_message.html?_=1706927516330&CODE_STATE=getMsg HTTP/1.1" 200 27
124.78.68.102 - - [03/Feb/2024:10:31:56 +0800] "GET /xingrg/all/function/internal_message.html?_=1706927509577&CODE_STATE=getMsg HTTP/1.1" 200 27
222.70.168.248 - - [03/Feb/2024:10:31:56 +0800] "POST /xingrg/services/DataTransmitService HTTP/1.1" 200 524
172.20.0.100 - - [03/Feb/2024:10:31:56 +0800] "GET /xingrg/all/function/internal_message.html?_=1706927515269&CODE_STATE=getMsg HTTP/1.1" 200 27
222.70.168.248 - - [03/Feb/2024:10:31:57 +0800] "POST /xingrg/services/DataTransmitService HTTP/1.1" 200 412
180.164.1.25 - - [03/Feb/2024:10:31:58 +0800] "GET /xingrg/all/function/internal_message.html?_=1706927518368&CODE_STATE=getMsg HTTP/1.1" 200 27
101.83.145.37 - - [03/Feb/2024:10:32:00 +0800] "GET /xingrg/all/function/internal_message.html?_=1706927521073&CODE_STATE=getMsg HTTP/1.1" 200 27
124.78.68.102 - - [03/Feb/2024:10:32:00 +0800] "POST /xingrg/dwr/call/plaincall/AjaxReportQueryService.refreshCache.dwr HTTP/1.1" 200 78
101.83.145.37 - - [03/Feb/2024:10:32:00 +0800] "GET /xingrg/check_reg.html?_=1706927521591 HTTP/1.1" 200 22
180.169.147.146 - - [03/Feb/2024:10:32:01 +0800] "GET /xingrg/check_reg.html?_=1706927520514 HTTP/1.1" 200 22
180.169.147.146 - - [03/Feb/2024:10:32:01 +0800] "GET /xingrg/all/function/internal_message.html?_=1706927520515&CODE_STATE=getMsg HTTP/1.1" 200 27
124.78.68.102 - - [03/Feb/2024:10:32:01 +0800] "POST /xingrg/all/report/load_report_page.html HTTP/1.1" 200 23321
124.78.68.102 - - [03/Feb/2024:10:32:01 +0800] "GET /xingrg/servlets/image?cache=0.21923481755661456&image=px HTTP/1.1" 200 807
180.169.147.146 - - [03/Feb/2024:10:32:03 +0800] "GET /xingrg/all/function/internal_message.html?_=1706927523469&CODE_STATE=getMsg HTTP/1.1" 200 27
116.228.172.94 - - [03/Feb/2024:10:32:03 +0800] "POST /xingrg/dwr/call/plaincall/AjaxCheckService.setItemNumber.dwr HTTP/1.1" 200 77
124.78.68.102 - - [03/Feb/2024:10:32:04 +0800] "GET /xingrg/dma/order_info.html?id=423001&sid=4&sale_day=20240122 HTTP/1.1" 200 5388
116.238.120.94 - - [03/Feb/2024:10:32:04 +0800] "GET /xingrg/all/function/internal_message.html?_=1706927524372&CODE_STATE=getMsg HTTP/1.1" 200 27
124.78.68.102 - - [03/Feb/2024:10:32:04 +0800] "GET /favicon.ico HTTP/1.1" 404 -
222.70.168.248 - - [03/Feb/2024:10:32:04 +0800] "POST /xingrg/services/DataTransmitService HTTP/1.1" 200 524
124.78.156.111 - - [03/Feb/2024:10:32:04 +0800] "GET /xingrg/kc/buy/cgsh_order_operate.html?command=get_materiel&rest_code=00106&code=00101029119&supplier_code=00100017&order_time=2024-02-03 HTTP/1.1" 200 436
222.70.168.248 - - [03/Feb/2024:10:32:05 +0800] "POST /xingrg/services/DataTransmitService HTTP/1.1" 200 2331
101.83.145.37 - - [03/Feb/2024:10:32:07 +0800] "GET /xingrg/all/function/internal_message.html?_=1706927292204&CODE_STATE=getMsg HTTP/1.1" 200 27
101.83.145.37 - - [03/Feb/2024:10:32:07 +0800] "GET /xingrg/check_reg.html?_=1706927292566 HTTP/1.1" 200 22
116.238.97.31 - - [03/Feb/2024:10:32:10 +0800] "GET /xingrg/all/function/internal_message.html?_=1706927530693&CODE_STATE=getMsg HTTP/1.1" 200 27
114.83.221.124 - - [03/Feb/2024:10:32:10 +0800] "GET /xingrg/all/function/internal_message.html?_=1706927527567&CODE_STATE=getMsg HTTP/1.1" 200 27
116.238.120.94 - - [03/Feb/2024:10:32:13 +0800] "GET /xingrg/all/function/internal_message.html?_=1706927533106&CODE_STATE=getMsg HTTP/1.1" 200 27
222.70.168.248 - - [03/Feb/2024:10:32:16 +0800] "POST /xingrg/services/DataTransmitService HTTP/1.1" 200 524
222.70.168.248 - - [03/Feb/2024:10:32:17 +0800] "POST /xingrg/services/DataTransmitService HTTP/1.1" 200 2331
124.78.156.111 - - [03/Feb/2024:10:32:17 +0800] "GET /xingrg/all/function/internal_message.html?_=1706927537840&CODE_STATE=getMsg HTTP/1.1" 200 27
222.69.130.89 - - [03/Feb/2024:10:32:21 +0800] "GET /xingrg/all/function/internal_message.html?_=1706927542629&CODE_STATE=getMsg HTTP/1.1" 200 27
222.70.168.248 - - [03/Feb/2024:10:32:22 +0800] "POST /xingrg/services/DataTransmitService HTTP/1.1" 200 524
172.20.0.100 - - [03/Feb/2024:10:32:23 +0800] "GET /xingrg/check_reg.html?_=1706927559144 HTTP/1.1" 302 -
172.20.0.100 - - [03/Feb/2024:10:32:23 +0800] "GET /xingrg/all/function/internal_message.html?_=1706927559145&CODE_STATE=getMsg HTTP/1.1" 302 -
222.70.168.248 - - [03/Feb/2024:10:32:23 +0800] "POST /xingrg/services/DataTransmitService HTTP/1.1" 200 2331
222.70.168.248 - - [03/Feb/2024:10:32:24 +0800] "POST /xingrg/services/DataTransmitService HTTP/1.1" 200 524
222.70.168.248 - - [03/Feb/2024:10:32:25 +0800] "POST /xingrg/services/DataTransmitService HTTP/1.1" 200 2331
124.78.68.102 - - [03/Feb/2024:10:32:31 +0800] "GET /xingrg/kc/buy/cgsh_order_operate.html?command=get_materiel&rest_code=00141&code=00101016094&supplier_code=00100640&order_time=2024-02-03 HTTP/1.1" 200 468
116.228.172.94 - - [03/Feb/2024:10:32:31 +0800] "POST /xingrg/dwr/call/plaincall/AjaxCheckService.checkOrder.dwr HTTP/1.1" 200 79
222.70.168.248 - - [03/Feb/2024:10:32:33 +0800] "GET /xingrg/all/function/internal_message.html?_=1706927555840&CODE_STATE=getMsg HTTP/1.1" 200 27
116.230.123.222 - - [03/Feb/2024:10:32:34 +0800] "GET /xingrg/all/function/internal_message.html?_=1706927551779&CODE_STATE=getMsg HTTP/1.1" 200 27
124.78.68.102 - - [03/Feb/2024:10:32:35 +0800] "GET /xingrg/all/function/internal_message.html?_=1706927555106&CODE_STATE=getMsg HTTP/1.1" 200 27
116.238.97.31 - - [03/Feb/2024:10:32:35 +0800] "GET /xingrg/all/function/internal_message.html?_=1706927555052&CODE_STATE=getMsg HTTP/1.1" 200 27
180.169.147.146 - - [03/Feb/2024:10:32:39 +0800] "GET /xingrg/all/function/internal_message.html?_=1706927547066&CODE_STATE=getMsg HTTP/1.1" 200 27
124.78.156.111 - - [03/Feb/2024:10:32:41 +0800] "GET /xingrg/kc/buy/cgsh_order_operate.html?command=get_materiel&rest_code=00106&code=00101028011&supplier_code=00100017&order_time=2024-02-03 HTTP/1.1" 200 454
124.78.156.111 - - [03/Feb/2024:10:32:44 +0800] "GET /xingrg/all/function/internal_message.html?_=1706927559942&CODE_STATE=getMsg HTTP/1.1" 200 27
180.163.29.206 - - [03/Feb/2024:10:32:44 +0800] "GET /xingrg/all/function/internal_message.html?_=1706927499925&CODE_STATE=getMsg HTTP/1.1" 302 -
180.163.29.206 - - [03/Feb/2024:10:32:44 +0800] "GET /xingrg/login.html HTTP/1.1" 200 7641
221.239.172.206 - - [03/Feb/2024:10:32:45 +0800] "GET /xingrg/all/function/internal_message.html?_=1706927565300&CODE_STATE=getMsg HTTP/1.1" 200 27
218.81.65.124 - - [03/Feb/2024:10:32:48 +0800] "GET /xingrg/all/function/internal_message.html?_=1706927579067&CODE_STATE=getMsg HTTP/1.1" 200 27
114.83.221.124 - - [03/Feb/2024:10:32:48 +0800] "GET /xingrg/kc/report/report_main.html HTTP/1.1" 200 7340
114.83.221.124 - - [03/Feb/2024:10:32:49 +0800] "GET /xingrg/all/report/report_query.html?fileName=kc/buy/wlcg_cate_hz.xml HTTP/1.1" 200 53941
114.83.221.124 - - [03/Feb/2024:10:32:49 +0800] "GET /xingrg/dwr/interface/AjaxReportQueryService.js HTTP/1.1" 200 13203
114.83.221.124 - - [03/Feb/2024:10:32:49 +0800] "GET /xingrg/dwr/engine.js HTTP/1.1" 200 43631
114.83.221.124 - - [03/Feb/2024:10:32:49 +0800] "GET /xingrg/dwr/util.js HTTP/1.1" 304 -
114.83.221.124 - - [03/Feb/2024:10:32:50 +0800] "POST /xingrg/dwr/call/plaincall/AjaxReportQueryService.getFixDate.dwr HTTP/1.1" 200 111
114.83.221.124 - - [03/Feb/2024:10:32:50 +0800] "POST /xingrg/all/common/load_tree.html?tree=base_tree_json HTTP/1.1" 200 3966
114.83.221.124 - - [03/Feb/2024:10:32:50 +0800] "POST /xingrg/all/common/load_tree.html?tree=materiel_sort_tree_json HTTP/1.1" 200 9734
114.83.221.124 - - [03/Feb/2024:10:32:50 +0800] "POST /xingrg/all/common/load_tree.html?tree=supplier_tree_json&manage=1 HTTP/1.1" 200 80869
116.238.97.31 - - [03/Feb/2024:10:32:51 +0800] "GET /xingrg/kc/report/report_main.html HTTP/1.1" 200 7340
120.253.135.82 - - [03/Feb/2024:10:32:51 +0800] "GET /xingrg/all/function/internal_message.html?_=1706927399191&CODE_STATE=getMsg HTTP/1.1" 200 27
116.238.97.31 - - [03/Feb/2024:10:32:52 +0800] "GET /xingrg/all/report/report_query.html?fileName=kc/buy/gys_amount.xml&rh=99999 HTTP/1.1" 200 52006
116.238.97.31 - - [03/Feb/2024:10:32:52 +0800] "GET /xingrg/dwr/interface/AjaxReportQueryService.js HTTP/1.1" 200 13203
116.238.97.31 - - [03/Feb/2024:10:32:52 +0800] "GET /xingrg/dwr/engine.js HTTP/1.1" 200 43631
116.238.97.31 - - [03/Feb/2024:10:32:52 +0800] "POST /xingrg/dwr/call/plaincall/AjaxReportQueryService.getFixDate.dwr HTTP/1.1" 200 111
116.230.123.222 - - [03/Feb/2024:10:32:53 +0800] "GET /xingrg/all/function/internal_message.html?_=1706927679014&CODE_STATE=getMsg HTTP/1.1" 200 27
116.228.172.94 - - [03/Feb/2024:10:32:54 +0800] "GET /xingrg/kc/base/check_order_info.html?code=452024013100500 HTTP/1.1" 200 22862
116.228.172.94 - - [03/Feb/2024:10:32:54 +0800] "GET /xingrg/dwr/interface/AjaxComOrderService.js HTTP/1.1" 200 18264
116.228.172.94 - - [03/Feb/2024:10:32:54 +0800] "GET /xingrg/dwr/interface/AjaxCheckService.js HTTP/1.1" 200 14003
116.238.97.31 - - [03/Feb/2024:10:32:54 +0800] "POST /xingrg/dwr/call/plaincall/AjaxReportQueryService.getInitString.dwr HTTP/1.1" 200 1035
116.228.172.94 - - [03/Feb/2024:10:32:54 +0800] "GET /xingrg/dwr/engine.js HTTP/1.1" 200 43631
116.238.97.31 - - [03/Feb/2024:10:32:54 +0800] "POST /xingrg/all/common/load_tree.html?tree=supplier_tree_json&manage=1 HTTP/1.1" 200 80869
116.238.97.31 - - [03/Feb/2024:10:32:54 +0800] "POST /xingrg/all/common/load_tree.html?tree=materiel_sort_tree_json HTTP/1.1" 200 9734
116.228.172.94 - - [03/Feb/2024:10:32:54 +0800] "GET /xingrg/javascript/jquery_easy_ui/themes/icons/exam_new.png HTTP/1.1" 200 756
116.228.172.94 - - [03/Feb/2024:10:32:54 +0800] "POST /xingrg/dwr/call/plaincall/AjaxCheckService.loadOrderItems.dwr HTTP/1.1" 200 29582
58.39.105.37 - - [03/Feb/2024:10:32:55 +0800] "GET /xingrg/check_reg.html?_=1706927576328 HTTP/1.1" 200 22
58.39.105.37 - - [03/Feb/2024:10:32:55 +0800] "GET /xingrg/all/function/internal_message.html?_=1706927576330&CODE_STATE=getMsg HTTP/1.1" 200 27
124.78.68.102 - - [03/Feb/2024:10:32:56 +0800] "GET /xingrg/all/function/internal_message.html?_=1706927569587&CODE_STATE=getMsg HTTP/1.1" 200 27
172.20.0.100 - - [03/Feb/2024:10:32:56 +0800] "GET /xingrg/all/function/internal_message.html?_=1706927575255&CODE_STATE=getMsg HTTP/1.1" 200 27
172.20.0.100 - - [03/Feb/2024:10:32:57 +0800] "GET /xingrg/check_reg.html?_=1706927575368 HTTP/1.1" 200 22
180.164.1.25 - - [03/Feb/2024:10:32:58 +0800] "GET /xingrg/all/function/internal_message.html?_=1706927578363&CODE_STATE=getMsg HTTP/1.1" 200 27
101.83.145.37 - - [03/Feb/2024:10:33:00 +0800] "GET /xingrg/all/function/internal_message.html?_=1706927581054&CODE_STATE=getMsg HTTP/1.1" 200 27
180.169.147.146 - - [03/Feb/2024:10:33:01 +0800] "GET /xingrg/all/function/internal_message.html?_=1706927580504&CODE_STATE=getMsg HTTP/1.1" 200 27
114.83.221.124 - - [03/Feb/2024:10:33:03 +0800] "POST /xingrg/dwr/call/plaincall/AjaxReportQueryService.getFixDate.dwr HTTP/1.1" 200 111
180.169.147.146 - - [03/Feb/2024:10:33:03 +0800] "GET /xingrg/all/function/internal_message.html?_=1706927583454&CODE_STATE=getMsg HTTP/1.1" 200 27
116.238.120.94 - - [03/Feb/2024:10:33:04 +0800] "GET /xingrg/check_reg.html?_=1706927584372 HTTP/1.1" 200 22
116.238.120.94 - - [03/Feb/2024:10:33:04 +0800] "GET /xingrg/all/function/internal_message.html?_=1706927584374&CODE_STATE=getMsg HTTP/1.1" 200 27
116.228.172.94 - - [03/Feb/2024:10:33:04 +0800] "GET /xingrg/kc/base/check_order_list.html?isBack=1 HTTP/1.1" 200 16136
116.228.172.94 - - [03/Feb/2024:10:33:04 +0800] "POST /xingrg/kc/base/check_list_operate.html HTTP/1.1" 200 1557
101.83.145.37 - - [03/Feb/2024:10:33:07 +0800] "GET /xingrg/all/function/internal_message.html?_=1706927352177&CODE_STATE=getMsg HTTP/1.1" 200 27
116.238.97.31 - - [03/Feb/2024:10:33:10 +0800] "GET /xingrg/all/function/internal_message.html?_=1706927590694&CODE_STATE=getMsg HTTP/1.1" 200 27
114.83.221.124 - - [03/Feb/2024:10:33:10 +0800] "GET /xingrg/all/function/internal_message.html?_=1706927587577&CODE_STATE=getMsg HTTP/1.1" 200 27
114.83.221.124 - - [03/Feb/2024:10:33:10 +0800] "GET /xingrg/check_reg.html?_=1706927587582 HTTP/1.1" 200 22
116.228.172.94 - - [03/Feb/2024:10:33:11 +0800] "GET /xingrg/dwr/interface/AjaxComOrderService.js HTTP/1.1" 200 18264
116.228.172.94 - - [03/Feb/2024:10:33:11 +0800] "GET /xingrg/dwr/interface/AjaxCheckService.js HTTP/1.1" 200 14003
116.228.172.94 - - [03/Feb/2024:10:33:11 +0800] "GET /xingrg/kc/base/check_order_info.html?code=452024020200044 HTTP/1.1" 200 25415
116.228.172.94 - - [03/Feb/2024:10:33:11 +0800] "GET /xingrg/dwr/engine.js HTTP/1.1" 200 43631
124.78.68.102 - - [03/Feb/2024:10:33:11 +0800] "GET /xingrg/kc/buy/cgsh_order_operate.html?command=get_materiel&rest_code=00141&code=00101016097&supplier_code=00100640&order_time=2024-02-03 HTTP/1.1" 200 469
124.78.156.111 - - [03/Feb/2024:10:33:11 +0800] "GET /xingrg/kc/buy/cgsh_order_operate.html?command=get_materiel&rest_code=00106&code=00101008196&supplier_code=00100007&order_time=2024-02-03 HTTP/1.1" 200 416
116.228.172.94 - - [03/Feb/2024:10:33:11 +0800] "POST /xingrg/dwr/call/plaincall/AjaxCheckService.loadOrderItems.dwr HTTP/1.1" 200 10879
124.78.68.102 - - [03/Feb/2024:10:33:11 +0800] "POST /xingrg/all/common/load_select.html HTTP/1.1" 200 25
116.238.120.94 - - [03/Feb/2024:10:33:13 +0800] "GET /xingrg/check_reg.html?_=1706927593098 HTTP/1.1" 200 22
116.238.120.94 - - [03/Feb/2024:10:33:13 +0800] "GET /xingrg/all/function/internal_message.html?_=1706927593101&CODE_STATE=getMsg HTTP/1.1" 200 27
116.228.172.94 - - [03/Feb/2024:10:33:14 +0800] "GET /xingrg/all/function/internal_message.html?_=1706927441507&CODE_STATE=getMsg HTTP/1.1" 200 27
114.83.221.124 - - [03/Feb/2024:10:33:15 +0800] "POST /xingrg/all/report/load_report_page.html HTTP/1.1" 200 50127
114.83.221.124 - - [03/Feb/2024:10:33:15 +0800] "GET /xingrg/servlets/image?cache=0.9014779016452877&image=px HTTP/1.1" 200 807
124.78.156.111 - - [03/Feb/2024:10:33:17 +0800] "GET /xingrg/all/function/internal_message.html?_=1706927597833&CODE_STATE=getMsg HTTP/1.1" 200 27
124.78.68.102 - - [03/Feb/2024:10:33:18 +0800] "GET /xingrg/kc/buy/cgsh_order_operate.html?command=get_materiel_price&rest_code=00141&code=00101016097&unit_code=00100163&supplier_code=00100640&order_time=2024-02-03 HTTP/1.1" 200 30
116.228.172.94 - - [03/Feb/2024:10:33:20 +0800] "POST /xingrg/dwr/call/plaincall/AjaxComOrderService.getMaterielSearchList.dwr HTTP/1.1" 200 76
114.83.221.124 - - [03/Feb/2024:10:33:20 +0800] "POST /xingrg/all/report/report_print.html HTTP/1.1" 302 -
114.83.221.124 - - [03/Feb/2024:10:33:20 +0800] "GET /xingrg/servlets/html?sysBaseUrl=http%3A%2F%2F180.169.147.146%3A18081%2Fxingrg%2F&costTime=1625×tamp=1706927600656 HTTP/1.1" 200 49104
114.83.221.124 - - [03/Feb/2024:10:33:20 +0800] "GET /xingrg/servlets/image?image=px HTTP/1.1" 200 807
114.83.221.124 - - [03/Feb/2024:10:33:20 +0800] "GET /favicon.ico HTTP/1.1" 404 -
222.69.130.89 - - [03/Feb/2024:10:33:21 +0800] "GET /xingrg/all/function/internal_message.html?_=1706927602618&CODE_STATE=getMsg HTTP/1.1" 200 27
116.228.172.94 - - [03/Feb/2024:10:33:21 +0800] "POST /xingrg/dwr/call/plaincall/AjaxComOrderService.getMaterielSearchList.dwr HTTP/1.1" 200 663
124.78.156.111 - - [03/Feb/2024:10:33:21 +0800] "GET /xingrg/kc/buy/cgsh_order_operate.html?command=get_materiel&rest_code=00106&code=00101008251&supplier_code=00100007&order_time=2024-02-03 HTTP/1.1" 200 408
116.228.172.94 - - [03/Feb/2024:10:33:21 +0800] "POST /xingrg/dwr/call/plaincall/AjaxComOrderService.getMaterielSearchList.dwr HTTP/1.1" 200 663
172.20.0.100 - - [03/Feb/2024:10:33:23 +0800] "GET /xingrg/all/function/internal_message.html?_=1706927619143&CODE_STATE=getMsg HTTP/1.1" 302 -
116.228.172.94 - - [03/Feb/2024:10:33:24 +0800] "POST /xingrg/dwr/call/plaincall/AjaxComOrderService.getMaterielByCode.dwr HTTP/1.1" 200 1468
222.70.168.248 - - [03/Feb/2024:10:33:26 +0800] "POST /xingrg/services/DataTransmitService HTTP/1.1" 200 524
222.70.168.248 - - [03/Feb/2024:10:33:27 +0800] "POST /xingrg/services/DataTransmitService HTTP/1.1" 200 2331
222.70.168.248 - - [03/Feb/2024:10:33:27 +0800] "POST /xingrg/services/DataTransmitService HTTP/1.1" 200 524
222.70.168.248 - - [03/Feb/2024:10:33:28 +0800] "POST /xingrg/services/DataTransmitService HTTP/1.1" 200 412
222.70.168.248 - - [03/Feb/2024:10:33:28 +0800] "POST /xingrg/services/DataTransmitService HTTP/1.1" 200 524
222.70.168.248 - - [03/Feb/2024:10:33:29 +0800] "POST /xingrg/services/DataTransmitService HTTP/1.1" 200 412
222.70.168.248 - - [03/Feb/2024:10:33:29 +0800] "POST /xingrg/services/DataTransmitService HTTP/1.1" 200 524
124.78.156.111 - - [03/Feb/2024:10:33:30 +0800] "GET /xingrg/kc/buy/cgsh_order_operate.html?command=get_materiel&rest_code=00106&code=00101025012&supplier_code=00100017&order_time=2024-02-03 HTTP/1.1" 200 450
222.70.168.248 - - [03/Feb/2024:10:33:31 +0800] "POST /xingrg/services/DataTransmitService HTTP/1.1" 200 412
124.78.156.111 - - [03/Feb/2024:10:33:32 +0800] "POST /xingrg/kc/buy/cgsh_order_operate.html HTTP/1.1" 200 2065
222.70.168.248 - - [03/Feb/2024:10:33:33 +0800] "GET /xingrg/all/function/internal_message.html?_=1706927615976&CODE_STATE=getMsg HTTP/1.1" 200 27
116.230.123.222 - - [03/Feb/2024:10:33:34 +0800] "GET /xingrg/all/function/internal_message.html?_=1706927611763&CODE_STATE=getMsg HTTP/1.1" 200 27
116.228.172.94 - - [03/Feb/2024:10:33:34 +0800] "POST /xingrg/dwr/call/plaincall/AjaxCheckService.addOrderItem.dwr HTTP/1.1" 200 717
124.78.68.102 - - [03/Feb/2024:10:33:35 +0800] "GET /xingrg/check_reg.html?_=1706927615125 HTTP/1.1" 200 22
124.78.68.102 - - [03/Feb/2024:10:33:35 +0800] "GET /xingrg/all/function/internal_message.html?_=1706927615132&CODE_STATE=getMsg HTTP/1.1" 200 27
116.238.97.31 - - [03/Feb/2024:10:33:35 +0800] "GET /xingrg/all/function/internal_message.html?_=1706927615061&CODE_STATE=getMsg HTTP/1.1" 200 27
180.169.147.146 - - [03/Feb/2024:10:33:39 +0800] "GET /xingrg/all/function/internal_message.html?_=1706927607063&CODE_STATE=getMsg HTTP/1.1" 200 27
116.238.97.31 - - [03/Feb/2024:10:33:39 +0800] "POST /xingrg/dwr/call/plaincall/AjaxReportQueryService.refreshCache.dwr HTTP/1.1" 200 78
116.238.97.31 - - [03/Feb/2024:10:33:41 +0800] "POST /xingrg/all/report/load_report_page.html HTTP/1.1" 200 8944
116.238.97.31 - - [03/Feb/2024:10:33:41 +0800] "GET /xingrg/servlets/image?cache=0.7591176028175685&image=px HTTP/1.1" 200 807
124.78.68.102 - - [03/Feb/2024:10:33:42 +0800] "GET /xingrg/kc/buy/cgsh_order_operate.html?command=get_materiel&rest_code=00141&code=00101016037&supplier_code=00100640&order_time=2024-02-03 HTTP/1.1" 200 432
116.238.97.31 - - [03/Feb/2024:10:33:42 +0800] "GET /xingrg/all/report/report_query.html?isQuery=1&fileName=kc/buy/wlcg_cate_hz.xml&queryString=(CONVERT(char(10)%252Ca.order_time%252C%2520120)%253E%253D'2024-01-01')%2520and%2520(CONVERT(char(10)%252Ca.order_time%252C%2520120)%253C%253D'2024-01-31')%2520and%2520(a.supplier_code%2520in%2520('00100639'))%2520and%2520(a.number%253E0%2520and%2520a.supplier_code%253D'00100639')&queryText=%25E3%2580%2590%25E9%2587%2587%25E8%25B4%25AD%25E6%2597%25A5%25E6%259C%259F%253A2024-01-01%2520%25E8%2587%25B3%25202024-01-31%25E3%2580%2591%2520%25E5%25B9%25B6%25E4%25B8%2594%2520%2520%25E3%2580%2590%25E4%25BE%259B%25E5%25BA%2594%25E5%2595%2586%2520%253D%2520%25E9%259D%2596%25E6%25B1%259F%25E5%25B8%2582%25E8%25B1%259A%25E5%258C%25A0%25E5%2586%259C%25E5%2589%25AF%25E4%25BA%25A7%25E5%2593%2581%25E3%2580%2591%2520%25E5%25B9%25B6%25E4%25B8%2594%2520%25E3%2580%2590%25E4%25BE%259B%25E5%25BA%2594%25E5%2595%2586%253D%25E9%259D%2596%25E6%25B1%259F%25E5%25B8%2582%25E8%25B1%259A%25E5%258C%25A0%25E5%2586%259C%25E5%2589%25AF%25E4%25BA%25A7%25E5%2593%2581%25E3%2580%2591 HTTP/1.1" 200 54496
116.238.97.31 - - [03/Feb/2024:10:33:43 +0800] "GET /xingrg/dwr/interface/AjaxReportQueryService.js HTTP/1.1" 200 13203
116.238.97.31 - - [03/Feb/2024:10:33:43 +0800] "GET /xingrg/dwr/engine.js HTTP/1.1" 200 43631
180.163.30.76 - - [03/Feb/2024:10:33:44 +0800] "GET /xingrg/all/function/internal_message.html?_=1706927559942&CODE_STATE=getMsg HTTP/1.1" 302 -
124.78.156.111 - - [03/Feb/2024:10:33:44 +0800] "GET /xingrg/all/function/internal_message.html?_=1706927619889&CODE_STATE=getMsg HTTP/1.1" 200 27
116.238.97.31 - - [03/Feb/2024:10:33:44 +0800] "POST /xingrg/all/report/load_report_page.html HTTP/1.1" 200 8713
116.238.97.31 - - [03/Feb/2024:10:33:44 +0800] "GET /xingrg/servlets/image?cache=0.2585482944793246&image=px HTTP/1.1" 200 807
180.163.30.76 - - [03/Feb/2024:10:33:45 +0800] "GET /xingrg/login.html HTTP/1.1" 200 7641
221.239.172.206 - - [03/Feb/2024:10:33:45 +0800] "GET /xingrg/all/function/internal_message.html?_=1706927625283&CODE_STATE=getMsg HTTP/1.1" 200 27
116.238.97.31 - - [03/Feb/2024:10:33:46 +0800] "POST /xingrg/all/report/load_report_page.html HTTP/1.1" 200 13074
116.238.97.31 - - [03/Feb/2024:10:33:46 +0800] "GET /xingrg/servlets/image?cache=0.4975768334054701&image=px HTTP/1.1" 200 807
222.70.168.248 - - [03/Feb/2024:10:33:47 +0800] "POST /xingrg/services/DataTransmitService HTTP/1.1" 200 524
218.81.65.124 - - [03/Feb/2024:10:33:48 +0800] "GET /xingrg/check_reg.html?_=1706927639091 HTTP/1.1" 200 22
218.81.65.124 - - [03/Feb/2024:10:33:48 +0800] "GET /xingrg/all/function/internal_message.html?_=1706927639096&CODE_STATE=getMsg HTTP/1.1" 200 27
116.238.97.31 - - [03/Feb/2024:10:33:50 +0800] "POST /xingrg/all/report/load_report_page.html HTTP/1.1" 200 13088
116.238.97.31 - - [03/Feb/2024:10:33:50 +0800] "GET /xingrg/servlets/image?cache=0.16551222907442475&image=px HTTP/1.1" 200 807
120.253.135.82 - - [03/Feb/2024:10:33:51 +0800] "GET /xingrg/all/function/internal_message.html?_=1706927459218&CODE_STATE=getMsg HTTP/1.1" 200 27
116.230.123.222 - - [03/Feb/2024:10:33:53 +0800] "GET /xingrg/all/function/internal_message.html?_=1706927738997&CODE_STATE=getMsg HTTP/1.1" 200 27
58.39.105.37 - - [03/Feb/2024:10:33:55 +0800] "GET /xingrg/all/function/internal_message.html?_=1706927636325&CODE_STATE=getMsg HTTP/1.1" 200 27
116.238.97.31 - - [03/Feb/2024:10:33:55 +0800] "POST /xingrg/all/report/report_print.html HTTP/1.1" 302 -
116.238.97.31 - - [03/Feb/2024:10:33:55 +0800] "GET /xingrg/servlets/html?sysBaseUrl=http%3A%2F%2F180.169.147.146%3A18081%2Fxingrg%2F&costTime=1784×tamp=1706927635904 HTTP/1.1" 200 14766
116.238.97.31 - - [03/Feb/2024:10:33:55 +0800] "GET /xingrg/servlets/image?image=px HTTP/1.1" 200 807
116.238.97.31 - - [03/Feb/2024:10:33:55 +0800] "GET /favicon.ico HTTP/1.1" 404 -
124.78.68.102 - - [03/Feb/2024:10:33:56 +0800] "GET /xingrg/check_reg.html?_=1706927629585 HTTP/1.1" 200 22
124.78.68.102 - - [03/Feb/2024:10:33:56 +0800] "GET /xingrg/all/function/internal_message.html?_=1706927629588&CODE_STATE=getMsg HTTP/1.1" 200 27
172.20.0.100 - - [03/Feb/2024:10:33:56 +0800] "GET /xingrg/all/function/internal_message.html?_=1706927635230&CODE_STATE=getMsg HTTP/1.1" 200 27
180.164.1.25 - - [03/Feb/2024:10:33:58 +0800] "GET /xingrg/all/function/internal_message.html?_=1706927638355&CODE_STATE=getMsg HTTP/1.1" 200 27
221.239.172.206 - - [03/Feb/2024:10:33:59 +0800] "GET /xingrg/check_reg.html?_=1706927639079 HTTP/1.1" 200 22
101.83.145.37 - - [03/Feb/2024:10:34:00 +0800] "GET /xingrg/all/function/internal_message.html?_=1706927641023&CODE_STATE=getMsg HTTP/1.1" 200 27
116.228.172.94 - - [03/Feb/2024:10:34:01 +0800] "POST /xingrg/dwr/call/plaincall/AjaxCheckService.checkOrder.dwr HTTP/1.1" 200 78
180.169.147.146 - - [03/Feb/2024:10:34:01 +0800] "GET /xingrg/all/function/internal_message.html?_=1706927640492&CODE_STATE=getMsg HTTP/1.1" 200 27
58.40.7.146 - - [03/Feb/2024:10:34:02 +0800] "GET /xingrg/check_reg.html?_=1706927642216 HTTP/1.1" 302 -
124.78.68.102 - - [03/Feb/2024:10:34:02 +0800] "POST /xingrg/kc/buy/cgsh_order_operate.html HTTP/1.1" 200 37
116.228.172.94 - - [03/Feb/2024:10:34:02 +0800] "GET /xingrg/kc/base/check_order_info.html?code=452024020200044 HTTP/1.1" 200 22858
116.228.172.94 - - [03/Feb/2024:10:34:02 +0800] "GET /xingrg/dwr/interface/AjaxComOrderService.js HTTP/1.1" 200 18264
116.228.172.94 - - [03/Feb/2024:10:34:02 +0800] "GET /xingrg/dwr/interface/AjaxCheckService.js HTTP/1.1" 200 14003
116.228.172.94 - - [03/Feb/2024:10:34:02 +0800] "GET /xingrg/dwr/engine.js HTTP/1.1" 200 43631
180.169.147.146 - - [03/Feb/2024:10:34:03 +0800] "GET /xingrg/all/function/internal_message.html?_=1706927643430&CODE_STATE=getMsg HTTP/1.1" 200 27
116.228.172.94 - - [03/Feb/2024:10:34:03 +0800] "POST /xingrg/dwr/call/plaincall/AjaxCheckService.loadOrderItems.dwr HTTP/1.1" 200 5449
116.238.120.94 - - [03/Feb/2024:10:34:04 +0800] "GET /xingrg/all/function/internal_message.html?_=1706927644359&CODE_STATE=getMsg HTTP/1.1" 200 27
116.228.172.94 - - [03/Feb/2024:10:34:05 +0800] "GET /xingrg/kc/base/check_order_list.html?isBack=1 HTTP/1.1" 200 16136
116.228.172.94 - - [03/Feb/2024:10:34:05 +0800] "POST /xingrg/kc/base/check_list_operate.html HTTP/1.1" 200 781
116.228.172.94 - - [03/Feb/2024:10:34:06 +0800] "GET /xingrg/kc/base/check_order_add.html HTTP/1.1" 200 25382
116.228.172.94 - - [03/Feb/2024:10:34:06 +0800] "GET /xingrg/dwr/interface/AjaxComOrderService.js HTTP/1.1" 200 18264
116.228.172.94 - - [03/Feb/2024:10:34:06 +0800] "GET /xingrg/dwr/interface/AjaxCheckService.js HTTP/1.1" 200 14003
116.228.172.94 - - [03/Feb/2024:10:34:06 +0800] "GET /xingrg/dwr/engine.js HTTP/1.1" 200 43631
180.163.30.85 - - [03/Feb/2024:10:34:07 +0800] "GET /xingrg/kc/buy/cgsh_order_operate.html?command=get_materiel&rest_code=00106&code=00101008196&supplier_code=00100007&order_time=2024-02-03 HTTP/1.1" 302 -
180.163.30.85 - - [03/Feb/2024:10:34:07 +0800] "GET /xingrg/login.html HTTP/1.1" 200 7641
101.83.145.37 - - [03/Feb/2024:10:34:07 +0800] "GET /xingrg/all/function/internal_message.html?_=1706927412162&CODE_STATE=getMsg HTTP/1.1" 200 27
116.238.97.31 - - [03/Feb/2024:10:34:10 +0800] "GET /xingrg/all/function/internal_message.html?_=1706927650689&CODE_STATE=getMsg HTTP/1.1" 200 27
114.83.221.124 - - [03/Feb/2024:10:34:10 +0800] "GET /xingrg/all/function/internal_message.html?_=1706927647572&CODE_STATE=getMsg HTTP/1.1" 200 27
124.78.68.102 - - [03/Feb/2024:10:34:12 +0800] "POST /xingrg/kc/buy/cgsh_order_operate.html HTTP/1.1" 200 12
116.238.120.94 - - [03/Feb/2024:10:34:13 +0800] "GET /xingrg/all/function/internal_message.html?_=1706927653110&CODE_STATE=getMsg HTTP/1.1" 200 27
116.228.172.94 - - [03/Feb/2024:10:34:14 +0800] "GET /xingrg/all/function/internal_message.html?_=1706927501488&CODE_STATE=getMsg HTTP/1.1" 200 27
116.228.172.94 - - [03/Feb/2024:10:34:15 +0800] "POST /xingrg/dwr/call/plaincall/AjaxCheckService.saveOrder.dwr HTTP/1.1" 200 78
124.78.68.102 - - [03/Feb/2024:10:34:16 +0800] "POST /xingrg/services/DataTransmitService HTTP/1.1" 200 524
222.70.168.248 - - [03/Feb/2024:10:34:16 +0800] "POST /xingrg/services/DataTransmitService HTTP/1.1" 200 501
116.228.172.94 - - [03/Feb/2024:10:34:17 +0800] "POST /xingrg/dwr/call/plaincall/AjaxCheckService.loadOrderItems.dwr HTTP/1.1" 200 368
124.78.68.102 - - [03/Feb/2024:10:34:17 +0800] "GET /xingrg/kc/buy/cgsh_order_info.html?code=212024020301107 HTTP/1.1" 200 68384
124.78.68.102 - - [03/Feb/2024:10:34:17 +0800] "POST /xingrg/services/DataTransmitService HTTP/1.1" 200 2331
124.78.156.111 - - [03/Feb/2024:10:34:17 +0800] "GET /xingrg/all/function/internal_message.html?_=1706927657831&CODE_STATE=getMsg HTTP/1.1" 200 27
124.78.68.102 - - [03/Feb/2024:10:34:18 +0800] "GET /xingrg/javascript/easyui/themes/default/validatebox.css HTTP/1.1" 404 1104
116.230.123.222 - - [03/Feb/2024:10:34:18 +0800] "POST /xingrg/kc/buy/cgsh_list_operate.html HTTP/1.1" 200 4103
124.78.68.102 - - [03/Feb/2024:10:34:18 +0800] "POST /xingrg/services/DataTransmitService HTTP/1.1" 200 174163
124.78.68.102 - - [03/Feb/2024:10:34:19 +0800] "POST /xingrg/kc/buy/cgsh_order_operate.html HTTP/1.1" 200 1872
222.69.130.89 - - [03/Feb/2024:10:34:21 +0800] "GET /xingrg/all/function/internal_message.html?_=1706927662597&CODE_STATE=getMsg HTTP/1.1" 200 27
116.238.97.31 - - [03/Feb/2024:10:34:21 +0800] "POST /xingrg/dwr/call/plaincall/AjaxReportQueryService.refreshCache.dwr HTTP/1.1" 200 78
222.69.130.89 - - [03/Feb/2024:10:34:21 +0800] "GET /xingrg/check_reg.html?_=1706927662832 HTTP/1.1" 200 22
116.228.172.94 - - [03/Feb/2024:10:34:21 +0800] "POST /xingrg/dwr/call/plaincall/AjaxCheckService.importOrderItems.dwr HTTP/1.1" 200 78
222.70.168.248 - - [03/Feb/2024:10:34:22 +0800] "GET /xingrg/check_reg.html?_=1706927664930 HTTP/1.1" 200 22
116.238.97.31 - - [03/Feb/2024:10:34:22 +0800] "POST /xingrg/all/report/load_report_page.html HTTP/1.1" 200 8948
116.238.97.31 - - [03/Feb/2024:10:34:22 +0800] "GET /xingrg/servlets/image?cache=0.31421626527914703&image=px HTTP/1.1" 200 807
172.20.0.100 - - [03/Feb/2024:10:34:23 +0800] "GET /xingrg/all/function/internal_message.html?_=1706927679142&CODE_STATE=getMsg HTTP/1.1" 302 -
116.228.172.94 - - [03/Feb/2024:10:34:23 +0800] "POST /xingrg/dwr/call/plaincall/AjaxCheckService.loadOrderItems.dwr HTTP/1.1" 200 17863
124.78.156.111 - - [03/Feb/2024:10:34:23 +0800] "POST /xingrg/kc/buy/cgsh_order_operate.html HTTP/1.1" 200 2065
124.78.68.102 - - [03/Feb/2024:10:34:27 +0800] "GET /xingrg/kc/print/load_data.html?order_code=212024020301107&kc_code=cgsh&condition= HTTP/1.1" 200 1250
124.78.156.111 - - [03/Feb/2024:10:34:30 +0800] "GET /xingrg/kc/buy/cgsh_order_operate.html?command=get_materiel&rest_code=00106&code=00101013179&supplier_code=00100007&order_time=2024-02-03 HTTP/1.1" 200 412
124.78.68.102 - - [03/Feb/2024:10:34:32 +0800] "POST /xingrg/kc/buy/cgsh_order_operate.html HTTP/1.1" 200 8245
124.78.68.102 - - [03/Feb/2024:10:34:32 +0800] "GET /xingrg/javascript/easyui/themes/default/validatebox.css HTTP/1.1" 404 1104
116.238.97.31 - - [03/Feb/2024:10:34:32 +0800] "GET /xingrg/all/report/report_query.html?isQuery=1&fileName=kc/buy/wlcg_cate_hz.xml&queryString=(CONVERT(char(10)%252Ca.order_time%252C%2520120)%253E%253D'2023-12-31')%2520and%2520(CONVERT(char(10)%252Ca.order_time%252C%2520120)%253C%253D'2024-01-31')%2520and%2520(a.supplier_code%2520in%2520('00100093'))%2520and%2520(a.number%253E0%2520and%2520a.supplier_code%253D'00100093')&queryText=%25E3%2580%2590%25E9%2587%2587%25E8%25B4%25AD%25E6%2597%25A5%25E6%259C%259F%253A2023-12-31%2520%25E8%2587%25B3%25202024-01-31%25E3%2580%2591%2520%25E5%25B9%25B6%25E4%25B8%2594%2520%2520%25E3%2580%2590%25E4%25BE%259B%25E5%25BA%2594%25E5%2595%2586%2520%253D%2520%25E5%25B0%258F%25E5%25AE%2581%25E6%25B3%25A2%25EF%25BC%2588%25E4%25BD%2595%25E7%2588%25B1%25E4%25BC%259F%25EF%25BC%2589%25E3%2580%2591%2520%25E5%25B9%25B6%25E4%25B8%2594%2520%25E3%2580%2590%25E4%25BE%259B%25E5%25BA%2594%25E5%2595%2586%253D%25E5%25B0%258F%25E5%25AE%2581%25E6%25B3%25A2%25EF%25BC%2588%25E4%25BD%2595%25E7%2588%25B1%25E4%25BC%259F%25EF%25BC%2589%25E3%2580%2591 HTTP/1.1" 200 54488
116.238.97.31 - - [03/Feb/2024:10:34:32 +0800] "GET /xingrg/dwr/interface/AjaxReportQueryService.js HTTP/1.1" 200 13203
116.238.97.31 - - [03/Feb/2024:10:34:32 +0800] "GET /xingrg/dwr/engine.js HTTP/1.1" 200 43631
222.70.168.248 - - [03/Feb/2024:10:34:33 +0800] "GET /xingrg/all/function/internal_message.html?_=1706927675989&CODE_STATE=getMsg HTTP/1.1" 200 27
116.230.123.222 - - [03/Feb/2024:10:34:33 +0800] "GET /xingrg/check_reg.html?_=1706927670810 HTTP/1.1" 200 22
116.230.123.222 - - [03/Feb/2024:10:34:34 +0800] "GET /xingrg/all/function/internal_message.html?_=1706927671733&CODE_STATE=getMsg HTTP/1.1" 200 27
116.228.172.94 - - [03/Feb/2024:10:34:34 +0800] "POST /xingrg/dwr/call/plaincall/AjaxCheckService.setItemNumber.dwr HTTP/1.1" 200 76
124.78.68.102 - - [03/Feb/2024:10:34:35 +0800] "GET /xingrg/all/function/internal_message.html?_=1706927675298&CODE_STATE=getMsg HTTP/1.1" 200 27
116.238.97.31 - - [03/Feb/2024:10:34:35 +0800] "GET /xingrg/all/function/internal_message.html?_=1706927675061&CODE_STATE=getMsg HTTP/1.1" 200 27
116.238.97.31 - - [03/Feb/2024:10:34:35 +0800] "GET /xingrg/check_reg.html?_=1706927675065 HTTP/1.1" 200 22
116.238.97.31 - - [03/Feb/2024:10:34:36 +0800] "POST /xingrg/all/report/load_report_page.html HTTP/1.1" 200 8726
116.238.97.31 - - [03/Feb/2024:10:34:36 +0800] "GET /xingrg/servlets/image?cache=0.25050922713725654&image=px HTTP/1.1" 200 807
116.238.97.31 - - [03/Feb/2024:10:34:36 +0800] "POST /xingrg/all/report/load_report_page.html HTTP/1.1" 200 16441
116.238.97.31 - - [03/Feb/2024:10:34:36 +0800] "GET /xingrg/servlets/image?cache=0.30068242368248643&image=px HTTP/1.1" 200 807
222.70.168.248 - - [03/Feb/2024:10:34:38 +0800] "POST /xingrg/services/DataTransmitService HTTP/1.1" 200 501
180.169.147.146 - - [03/Feb/2024:10:34:39 +0800] "GET /xingrg/all/function/internal_message.html?_=1706927667062&CODE_STATE=getMsg HTTP/1.1" 200 27
116.228.172.94 - - [03/Feb/2024:10:34:41 +0800] "POST /xingrg/dwr/call/plaincall/AjaxCheckService.setItemNumber.dwr HTTP/1.1" 200 76
116.228.172.94 - - [03/Feb/2024:10:34:42 +0800] "POST /xingrg/dwr/call/plaincall/AjaxCheckService.setItemNumber.dwr HTTP/1.1" 200 76
180.163.28.114 - - [03/Feb/2024:10:34:44 +0800] "GET /xingrg/all/function/internal_message.html?_=1706927619889&CODE_STATE=getMsg HTTP/1.1" 302 -
124.78.156.111 - - [03/Feb/2024:10:34:44 +0800] "GET /xingrg/all/function/internal_message.html?_=1706927679875&CODE_STATE=getMsg HTTP/1.1" 200 27
180.163.28.114 - - [03/Feb/2024:10:34:44 +0800] "GET /xingrg/login.html HTTP/1.1" 200 7641
221.239.172.206 - - [03/Feb/2024:10:34:45 +0800] "GET /xingrg/all/function/internal_message.html?_=1706927685258&CODE_STATE=getMsg HTTP/1.1" 200 27
114.83.221.124 - - [03/Feb/2024:10:34:47 +0800] "GET /xingrg/kc/buy/cgsh_order_list.html HTTP/1.1" 200 57698
116.228.172.94 - - [03/Feb/2024:10:34:47 +0800] "POST /xingrg/dwr/call/plaincall/AjaxCheckService.setItemNumber.dwr HTTP/1.1" 200 76
218.81.65.124 - - [03/Feb/2024:10:34:48 +0800] "GET /xingrg/all/function/internal_message.html?_=1706927699095&CODE_STATE=getMsg HTTP/1.1" 200 27
114.83.221.124 - - [03/Feb/2024:10:34:50 +0800] "POST /xingrg/kc/buy/cgsh_list_operate.html HTTP/1.1" 200 986
120.253.135.82 - - [03/Feb/2024:10:34:50 +0800] "GET /xingrg/check_reg.html?_=1706927518077 HTTP/1.1" 200 22
120.253.135.82 - - [03/Feb/2024:10:34:51 +0800] "GET /xingrg/all/function/internal_message.html?_=1706927519239&CODE_STATE=getMsg HTTP/1.1" 200 27
116.230.123.222 - - [03/Feb/2024:10:34:53 +0800] "GET /xingrg/all/function/internal_message.html?_=1706927798977&CODE_STATE=getMsg HTTP/1.1" 200 27
124.78.68.102 - - [03/Feb/2024:10:34:53 +0800] "GET /xingrg/kc/buy/cgsh_order_operate.html?command=get_materiel&rest_code=00141&code=00102013013&supplier_code=00100073&order_time=2024-02-03 HTTP/1.1" 200 409
116.230.123.222 - - [03/Feb/2024:10:34:53 +0800] "GET /xingrg/check_reg.html?_=1706927799613 HTTP/1.1" 200 22
58.39.105.37 - - [03/Feb/2024:10:34:55 +0800] "GET /xingrg/all/function/internal_message.html?_=1706927696316&CODE_STATE=getMsg HTTP/1.1" 200 27
124.78.156.111 - - [03/Feb/2024:10:34:55 +0800] "GET /xingrg/kc/buy/cgsh_order_operate.html?command=get_materiel&rest_code=00106&code=00101008042&supplier_code=00100007&order_time=2024-02-03 HTTP/1.1" 200 416
124.78.68.102 - - [03/Feb/2024:10:34:56 +0800] "GET /xingrg/all/function/internal_message.html?_=1706927689587&CODE_STATE=getMsg HTTP/1.1" 200 27
172.20.0.100 - - [03/Feb/2024:10:34:56 +0800] "GET /xingrg/all/function/internal_message.html?_=1706927695216&CODE_STATE=getMsg HTTP/1.1" 200 27
116.228.172.94 - - [03/Feb/2024:10:34:57 +0800] "POST /xingrg/dwr/call/plaincall/AjaxCheckService.setItemNumber.dwr HTTP/1.1" 200 76
180.164.1.25 - - [03/Feb/2024:10:34:58 +0800] "GET /xingrg/check_reg.html?_=1706927698360 HTTP/1.1" 200 22
180.164.1.25 - - [03/Feb/2024:10:34:58 +0800] "GET /xingrg/all/function/internal_message.html?_=1706927698364&CODE_STATE=getMsg HTTP/1.1" 200 27
101.83.145.37 - - [03/Feb/2024:10:35:00 +0800] "GET /xingrg/all/function/internal_message.html?_=1706927700993&CODE_STATE=getMsg HTTP/1.1" 200 27
180.169.147.146 - - [03/Feb/2024:10:35:01 +0800] "GET /xingrg/all/function/internal_message.html?_=1706927700494&CODE_STATE=getMsg HTTP/1.1" 200 27
116.228.172.94 - - [03/Feb/2024:10:35:02 +0800] "POST /xingrg/dwr/call/plaincall/AjaxCheckService.setItemNumber.dwr HTTP/1.1" 200 76
116.238.97.31 - - [03/Feb/2024:10:35:02 +0800] "GET /xingrg/all/report/report_query.html?isQuery=1&fileName=kc/buy/wlcg_cate_hz.xml&queryString=(CONVERT(char(10)%252Ca.order_time%252C%2520120)%253E%253D'2023-12-31')%2520and%2520(CONVERT(char(10)%252Ca.order_time%252C%2520120)%253C%253D'2024-01-31')%2520and%2520(a.supplier_code%2520in%2520('00100093'))%2520and%2520(a.supplier_code%253D'00100093')&queryText=%25E3%2580%2590%25E9%2587%2587%25E8%25B4%25AD%25E6%2597%25A5%25E6%259C%259F%253A2023-12-31%2520%25E8%2587%25B3%25202024-01-31%25E3%2580%2591%2520%25E5%25B9%25B6%25E4%25B8%2594%2520%2520%25E3%2580%2590%25E4%25BE%259B%25E5%25BA%2594%25E5%2595%2586%2520%253D%2520%25E5%25B0%258F%25E5%25AE%2581%25E6%25B3%25A2%25EF%25BC%2588%25E4%25BD%2595%25E7%2588%25B1%25E4%25BC%259F%25EF%25BC%2589%25E3%2580%2591%2520%25E5%25B9%25B6%25E4%25B8%2594%2520%25E3%2580%2590%25E4%25BE%259B%25E5%25BA%2594%25E5%2595%2586%253D%25E5%25B0%258F%25E5%25AE%2581%25E6%25B3%25A2%25EF%25BC%2588%25E4%25BD%2595%25E7%2588%25B1%25E4%25BC%259F%25EF%25BC%2589%25E3%2580%2591 HTTP/1.1" 200 54473
116.238.97.31 - - [03/Feb/2024:10:35:02 +0800] "GET /xingrg/dwr/interface/AjaxReportQueryService.js HTTP/1.1" 200 13203
116.238.97.31 - - [03/Feb/2024:10:35:02 +0800] "GET /xingrg/dwr/engine.js HTTP/1.1" 200 43631
180.169.147.146 - - [03/Feb/2024:10:35:03 +0800] "GET /xingrg/check_reg.html?_=1706927703232 HTTP/1.1" 200 22
180.169.147.146 - - [03/Feb/2024:10:35:03 +0800] "GET /xingrg/all/function/internal_message.html?_=1706927703422&CODE_STATE=getMsg HTTP/1.1" 200 27
116.238.120.94 - - [03/Feb/2024:10:35:04 +0800] "GET /xingrg/all/function/internal_message.html?_=1706927704367&CODE_STATE=getMsg HTTP/1.1" 200 27
116.238.97.31 - - [03/Feb/2024:10:35:06 +0800] "POST /xingrg/all/report/load_report_page.html HTTP/1.1" 200 8734
116.238.97.31 - - [03/Feb/2024:10:35:06 +0800] "GET /xingrg/servlets/image?cache=0.036328367187638766&image=px HTTP/1.1" 200 807
101.83.145.37 - - [03/Feb/2024:10:35:07 +0800] "GET /xingrg/all/function/internal_message.html?_=1706927472172&CODE_STATE=getMsg HTTP/1.1" 200 27
116.228.172.94 - - [03/Feb/2024:10:35:09 +0800] "POST /xingrg/dwr/call/plaincall/AjaxCheckService.setItemNumber.dwr HTTP/1.1" 200 77
116.238.97.31 - - [03/Feb/2024:10:35:10 +0800] "GET /xingrg/all/function/internal_message.html?_=1706927710683&CODE_STATE=getMsg HTTP/1.1" 200 27
114.83.221.124 - - [03/Feb/2024:10:35:10 +0800] "GET /xingrg/all/function/internal_message.html?_=1706927707573&CODE_STATE=getMsg HTTP/1.1" 200 27
116.228.172.94 - - [03/Feb/2024:10:35:12 +0800] "POST /xingrg/dwr/call/plaincall/AjaxCheckService.setItemNumber.dwr HTTP/1.1" 200 77
124.78.68.102 - - [03/Feb/2024:10:35:13 +0800] "POST /xingrg/kc/buy/cgsh_order_operate.html HTTP/1.1" 200 37
116.238.120.94 - - [03/Feb/2024:10:35:13 +0800] "GET /xingrg/all/function/internal_message.html?_=1706927713112&CODE_STATE=getMsg HTTP/1.1" 200 27
116.228.172.94 - - [03/Feb/2024:10:35:14 +0800] "GET /xingrg/all/function/internal_message.html?_=1706927561485&CODE_STATE=getMsg HTTP/1.1" 200 27
116.228.172.94 - - [03/Feb/2024:10:35:14 +0800] "GET /xingrg/check_reg.html?_=1706927561487 HTTP/1.1" 200 22
116.238.97.31 - - [03/Feb/2024:10:35:14 +0800] "POST /xingrg/all/report/report_print.html HTTP/1.1" 302 -
116.238.97.31 - - [03/Feb/2024:10:35:14 +0800] "GET /xingrg/servlets/html?sysBaseUrl=http%3A%2F%2F180.169.147.146%3A18081%2Fxingrg%2F&costTime=5845×tamp=1706927714186 HTTP/1.1" 200 11031
116.238.97.31 - - [03/Feb/2024:10:35:14 +0800] "GET /xingrg/servlets/image?image=px HTTP/1.1" 200 807
116.238.97.31 - - [03/Feb/2024:10:35:14 +0800] "GET /favicon.ico HTTP/1.1" 404 -
124.78.156.111 - - [03/Feb/2024:10:35:15 +0800] "GET /xingrg/kc/buy/cgsh_order_operate.html?command=get_materiel&rest_code=00106&code=00101008323&supplier_code=00100007&order_time=2024-02-03 HTTP/1.1" 200 408
124.78.156.111 - - [03/Feb/2024:10:35:17 +0800] "GET /xingrg/all/function/internal_message.html?_=1706927717827&CODE_STATE=getMsg HTTP/1.1" 200 27
222.69.130.89 - - [03/Feb/2024:10:35:21 +0800] "GET /xingrg/all/function/internal_message.html?_=1706927722575&CODE_STATE=getMsg HTTP/1.1" 200 27
172.20.0.100 - - [03/Feb/2024:10:35:23 +0800] "GET /xingrg/all/function/internal_message.html?_=1706927739140&CODE_STATE=getMsg HTTP/1.1" 302 -
116.228.172.94 - - [03/Feb/2024:10:35:23 +0800] "POST /xingrg/dwr/call/plaincall/AjaxCheckService.setItemNumber.dwr HTTP/1.1" 200 77
124.78.156.111 - - [03/Feb/2024:10:35:26 +0800] "POST /xingrg/kc/buy/cgsh_order_operate.html HTTP/1.1" 200 2065
116.228.172.94 - - [03/Feb/2024:10:35:31 +0800] "POST /xingrg/dwr/call/plaincall/AjaxCheckService.setItemNumber.dwr HTTP/1.1" 200 77
124.78.68.102 - - [03/Feb/2024:10:35:31 +0800] "POST /xingrg/kc/buy/cgsh_order_operate.html HTTP/1.1" 200 12
124.78.156.111 - - [03/Feb/2024:10:35:33 +0800] "GET /xingrg/check_reg.html?_=1706927728858 HTTP/1.1" 200 22
222.70.168.248 - - [03/Feb/2024:10:35:33 +0800] "GET /xingrg/all/function/internal_message.html?_=1706927736003&CODE_STATE=getMsg HTTP/1.1" 200 27
116.230.123.222 - - [03/Feb/2024:10:35:34 +0800] "GET /xingrg/all/function/internal_message.html?_=1706927731718&CODE_STATE=getMsg HTTP/1.1" 200 27
124.78.68.102 - - [03/Feb/2024:10:35:35 +0800] "GET /xingrg/all/function/internal_message.html?_=1706927735125&CODE_STATE=getMsg HTTP/1.1" 200 27
124.78.68.102 - - [03/Feb/2024:10:35:35 +0800] "GET /xingrg/kc/buy/cgsh_order_info.html?code=212024020301108 HTTP/1.1" 200 68378
116.238.97.31 - - [03/Feb/2024:10:35:35 +0800] "GET /xingrg/all/function/internal_message.html?_=1706927735061&CODE_STATE=getMsg HTTP/1.1" 200 27
124.78.68.102 - - [03/Feb/2024:10:35:35 +0800] "GET /xingrg/javascript/easyui/themes/default/validatebox.css HTTP/1.1" 404 1104
116.228.172.94 - - [03/Feb/2024:10:35:37 +0800] "POST /xingrg/dwr/call/plaincall/AjaxCheckService.setItemNumber.dwr HTTP/1.1" 200 77
124.78.156.111 - - [03/Feb/2024:10:35:39 +0800] "POST /xingrg/kc/buy/cgsh_order_operate.html HTTP/1.1" 200 37
124.78.68.102 - - [03/Feb/2024:10:35:39 +0800] "POST /xingrg/kc/buy/cgsh_order_operate.html HTTP/1.1" 200 606
180.169.147.146 - - [03/Feb/2024:10:35:39 +0800] "GET /xingrg/check_reg.html?_=1706927727065 HTTP/1.1" 200 22
180.169.147.146 - - [03/Feb/2024:10:35:39 +0800] "GET /xingrg/all/function/internal_message.html?_=1706927727064&CODE_STATE=getMsg HTTP/1.1" 200 27
124.78.68.102 - - [03/Feb/2024:10:35:41 +0800] "GET /xingrg/kc/print/load_data.html?order_code=212024020301108&kc_code=cgsh&condition= HTTP/1.1" 200 757
116.232.194.112 - - [03/Feb/2024:10:35:41 +0800] "GET /favicon.ico HTTP/1.1" 404 -
221.239.172.206 - - [03/Feb/2024:10:35:45 +0800] "GET /xingrg/all/function/internal_message.html?_=1706927745233&CODE_STATE=getMsg HTTP/1.1" 200 27
