124.78.156.111 - - [03/Feb/2024:10:14:44 +0800] "GET /xingrg/all/function/internal_message.html?_=1706926480308&CODE_STATE=getMsg HTTP/1.1" 200 27
221.239.172.206 - - [03/Feb/2024:10:14:45 +0800] "GET /xingrg/all/function/internal_message.html?_=1706926485620&CODE_STATE=getMsg HTTP/1.1" 200 27
218.81.65.124 - - [03/Feb/2024:10:14:47 +0800] "GET /xingrg/all/function/internal_message.html?_=1706926499042&CODE_STATE=getMsg HTTP/1.1" 200 27
120.253.135.82 - - [03/Feb/2024:10:14:49 +0800] "GET /xingrg/check_reg.html?_=1706926316331 HTTP/1.1" 200 22
120.253.135.82 - - [03/Feb/2024:10:14:49 +0800] "GET /xingrg/all/function/internal_message.html?_=1706926317200&CODE_STATE=getMsg HTTP/1.1" 200 27
116.230.123.222 - - [03/Feb/2024:10:14:53 +0800] "GET /xingrg/all/function/internal_message.html?_=1706926599326&CODE_STATE=getMsg HTTP/1.1" 200 27
116.230.123.222 - - [03/Feb/2024:10:14:54 +0800] "GET /xingrg/check_reg.html?_=1706926599674 HTTP/1.1" 200 22
124.78.68.102 - - [03/Feb/2024:10:14:54 +0800] "GET /xingrg/all/function/internal_message.html?_=1706926494471&CODE_STATE=getMsg HTTP/1.1" 200 27
58.39.105.37 - - [03/Feb/2024:10:14:55 +0800] "GET /xingrg/all/function/internal_message.html?_=1706926496324&CODE_STATE=getMsg HTTP/1.1" 200 27
124.78.68.102 - - [03/Feb/2024:10:14:56 +0800] "GET /xingrg/all/function/internal_message.html?_=1706926489523&CODE_STATE=getMsg HTTP/1.1" 200 27
180.164.1.25 - - [03/Feb/2024:10:14:58 +0800] "GET /xingrg/all/function/internal_message.html?_=1706926498163&CODE_STATE=getMsg HTTP/1.1" 200 27
101.83.145.37 - - [03/Feb/2024:10:15:00 +0800] "GET /xingrg/all/function/internal_message.html?_=1706926501494&CODE_STATE=getMsg HTTP/1.1" 200 27
116.238.120.94 - - [03/Feb/2024:10:15:04 +0800] "GET /xingrg/all/function/internal_message.html?_=1706926504349&CODE_STATE=getMsg HTTP/1.1" 200 27
101.83.145.37 - - [03/Feb/2024:10:15:07 +0800] "GET /xingrg/all/function/internal_message.html?_=1706926272367&CODE_STATE=getMsg HTTP/1.1" 200 27
222.70.168.248 - - [03/Feb/2024:10:15:08 +0800] "POST /xingrg/services/DataTransmitService HTTP/1.1" 200 524
222.70.168.248 - - [03/Feb/2024:10:15:09 +0800] "POST /xingrg/services/DataTransmitService HTTP/1.1" 200 412
116.238.97.31 - - [03/Feb/2024:10:15:10 +0800] "GET /xingrg/all/function/internal_message.html?_=1706926510683&CODE_STATE=getMsg HTTP/1.1" 200 27
114.83.221.124 - - [03/Feb/2024:10:15:10 +0800] "GET /xingrg/all/function/internal_message.html?_=1706926507606&CODE_STATE=getMsg HTTP/1.1" 200 27
116.238.120.94 - - [03/Feb/2024:10:15:13 +0800] "GET /xingrg/all/function/internal_message.html?_=1706926513071&CODE_STATE=getMsg HTTP/1.1" 200 27
116.228.172.94 - - [03/Feb/2024:10:15:14 +0800] "GET /xingrg/all/function/internal_message.html?_=1706926361502&CODE_STATE=getMsg HTTP/1.1" 200 27
116.228.172.94 - - [03/Feb/2024:10:15:14 +0800] "GET /xingrg/check_reg.html?_=1706926361504 HTTP/1.1" 200 22
222.70.168.248 - - [03/Feb/2024:10:15:14 +0800] "POST /xingrg/services/DataTransmitService HTTP/1.1" 200 524
222.70.168.248 - - [03/Feb/2024:10:15:15 +0800] "POST /xingrg/services/DataTransmitService HTTP/1.1" 200 412
222.69.130.89 - - [03/Feb/2024:10:15:21 +0800] "GET /xingrg/all/function/internal_message.html?_=1706926522883&CODE_STATE=getMsg HTTP/1.1" 200 27
172.20.0.100 - - [03/Feb/2024:10:15:23 +0800] "GET /xingrg/all/function/internal_message.html?_=1706926539133&CODE_STATE=getMsg HTTP/1.1" 302 -
222.70.168.248 - - [03/Feb/2024:10:15:32 +0800] "GET /xingrg/all/function/internal_message.html?_=1706926534842&CODE_STATE=getMsg HTTP/1.1" 200 27
124.78.156.111 - - [03/Feb/2024:10:15:33 +0800] "GET /xingrg/check_reg.html?_=1706926528827 HTTP/1.1" 200 22
116.230.123.222 - - [03/Feb/2024:10:15:34 +0800] "GET /xingrg/all/function/internal_message.html?_=1706926532085&CODE_STATE=getMsg HTTP/1.1" 200 27
116.238.97.31 - - [03/Feb/2024:10:15:35 +0800] "GET /xingrg/all/function/internal_message.html?_=1706926535007&CODE_STATE=getMsg HTTP/1.1" 200 27
222.70.168.248 - - [03/Feb/2024:10:15:40 +0800] "POST /xingrg/services/DataTransmitService HTTP/1.1" 200 524
222.70.168.248 - - [03/Feb/2024:10:15:41 +0800] "POST /xingrg/services/DataTransmitService HTTP/1.1" 200 412
222.70.168.248 - - [03/Feb/2024:10:15:42 +0800] "POST /xingrg/services/DataTransmitService HTTP/1.1" 200 524
180.169.147.146 - - [03/Feb/2024:10:15:42 +0800] "GET /xingrg/all/function/internal_message.html?_=1706926542868&CODE_STATE=getMsg HTTP/1.1" 200 27
222.70.168.248 - - [03/Feb/2024:10:15:43 +0800] "POST /xingrg/services/DataTransmitService HTTP/1.1" 200 412
180.163.30.100 - - [03/Feb/2024:10:15:44 +0800] "GET /xingrg/all/function/internal_message.html?_=1706926480308&CODE_STATE=getMsg HTTP/1.1" 302 -
124.78.156.111 - - [03/Feb/2024:10:15:44 +0800] "GET /xingrg/all/function/internal_message.html?_=1706926540281&CODE_STATE=getMsg HTTP/1.1" 200 27
222.70.168.248 - - [03/Feb/2024:10:15:45 +0800] "POST /xingrg/services/DataTransmitService HTTP/1.1" 200 524
180.163.30.100 - - [03/Feb/2024:10:15:45 +0800] "GET /xingrg/login.html HTTP/1.1" 200 7641
221.239.172.206 - - [03/Feb/2024:10:15:45 +0800] "GET /xingrg/all/function/internal_message.html?_=1706926545605&CODE_STATE=getMsg HTTP/1.1" 200 27
222.70.168.248 - - [03/Feb/2024:10:15:45 +0800] "POST /xingrg/services/DataTransmitService HTTP/1.1" 200 412
222.70.168.248 - - [03/Feb/2024:10:15:47 +0800] "POST /xingrg/services/DataTransmitService HTTP/1.1" 200 524
218.81.65.124 - - [03/Feb/2024:10:15:47 +0800] "GET /xingrg/all/function/internal_message.html?_=1706926559068&CODE_STATE=getMsg HTTP/1.1" 200 27
222.70.168.248 - - [03/Feb/2024:10:15:48 +0800] "POST /xingrg/services/DataTransmitService HTTP/1.1" 200 2331
222.70.168.248 - - [03/Feb/2024:10:15:49 +0800] "POST /xingrg/services/DataTransmitService HTTP/1.1" 200 184475
120.253.135.82 - - [03/Feb/2024:10:15:49 +0800] "GET /xingrg/all/function/internal_message.html?_=1706926377213&CODE_STATE=getMsg HTTP/1.1" 200 27
116.238.97.31 - - [03/Feb/2024:10:15:53 +0800] "POST /xingrg/dwr/call/plaincall/AjaxReportQueryService.queryInitializeString.dwr HTTP/1.1" 200 503
116.230.123.222 - - [03/Feb/2024:10:15:53 +0800] "GET /xingrg/all/function/internal_message.html?_=1706926659303&CODE_STATE=getMsg HTTP/1.1" 200 27
124.78.68.102 - - [03/Feb/2024:10:15:54 +0800] "GET /xingrg/all/function/internal_message.html?_=1706926554454&CODE_STATE=getMsg HTTP/1.1" 200 27
116.238.97.31 - - [03/Feb/2024:10:15:54 +0800] "POST /xingrg/dwr/call/plaincall/AjaxReportQueryService.refreshCache.dwr HTTP/1.1" 200 78
58.39.105.37 - - [03/Feb/2024:10:15:55 +0800] "GET /xingrg/all/function/internal_message.html?_=1706926556313&CODE_STATE=getMsg HTTP/1.1" 200 27
124.78.68.102 - - [03/Feb/2024:10:15:56 +0800] "GET /xingrg/all/function/internal_message.html?_=1706926549547&CODE_STATE=getMsg HTTP/1.1" 200 27
116.238.97.31 - - [03/Feb/2024:10:15:56 +0800] "POST /xingrg/all/report/load_report_page.html HTTP/1.1" 200 215519
116.238.97.31 - - [03/Feb/2024:10:15:56 +0800] "GET /xingrg/servlets/image?cache=0.014090951275316121&image=px HTTP/1.1" 200 807
180.164.1.25 - - [03/Feb/2024:10:15:58 +0800] "GET /xingrg/check_reg.html?_=1706926558162 HTTP/1.1" 200 22
180.164.1.25 - - [03/Feb/2024:10:15:58 +0800] "GET /xingrg/all/function/internal_message.html?_=1706926558163&CODE_STATE=getMsg HTTP/1.1" 200 27
101.83.145.37 - - [03/Feb/2024:10:16:00 +0800] "GET /xingrg/all/function/internal_message.html?_=1706926561471&CODE_STATE=getMsg HTTP/1.1" 200 27
116.238.120.94 - - [03/Feb/2024:10:16:04 +0800] "GET /xingrg/all/function/internal_message.html?_=1706926564356&CODE_STATE=getMsg HTTP/1.1" 200 27
101.83.145.37 - - [03/Feb/2024:10:16:07 +0800] "GET /xingrg/all/function/internal_message.html?_=1706926332348&CODE_STATE=getMsg HTTP/1.1" 200 27
124.78.68.102 - - [03/Feb/2024:10:16:09 +0800] "GET /xingrg/check_reg.html?_=1706926569988 HTTP/1.1" 200 22
116.238.97.31 - - [03/Feb/2024:10:16:10 +0800] "GET /xingrg/all/function/internal_message.html?_=1706926570696&CODE_STATE=getMsg HTTP/1.1" 200 27
116.238.97.31 - - [03/Feb/2024:10:16:10 +0800] "GET /xingrg/check_reg.html?_=1706926570698 HTTP/1.1" 200 22
114.83.221.124 - - [03/Feb/2024:10:16:10 +0800] "GET /xingrg/all/function/internal_message.html?_=1706926567596&CODE_STATE=getMsg HTTP/1.1" 200 27
116.238.120.94 - - [03/Feb/2024:10:16:13 +0800] "GET /xingrg/all/function/internal_message.html?_=1706926573062&CODE_STATE=getMsg HTTP/1.1" 200 27
116.228.172.94 - - [03/Feb/2024:10:16:14 +0800] "GET /xingrg/all/function/internal_message.html?_=1706926421503&CODE_STATE=getMsg HTTP/1.1" 200 27
101.83.145.37 - - [03/Feb/2024:10:16:14 +0800] "GET /xingrg/kc/buy/cgsh_order_operate.html?command=get_materiel&rest_code=00105&code=00102005958&supplier_code=00100077&order_time=2024-02-03 HTTP/1.1" 200 408
180.169.147.146 - - [03/Feb/2024:10:16:17 +0800] "POST /xingrg/dwr/call/plaincall/AjaxReportQueryService.refreshCache.dwr HTTP/1.1" 200 78
222.69.130.89 - - [03/Feb/2024:10:16:21 +0800] "GET /xingrg/all/function/internal_message.html?_=1706926582866&CODE_STATE=getMsg HTTP/1.1" 200 27
180.169.147.146 - - [03/Feb/2024:10:16:22 +0800] "POST /xingrg/all/report/load_report_page.html HTTP/1.1" 200 89
172.20.0.100 - - [03/Feb/2024:10:16:23 +0800] "GET /xingrg/all/function/internal_message.html?_=1706926599150&CODE_STATE=getMsg HTTP/1.1" 302 -
222.70.168.248 - - [03/Feb/2024:10:16:32 +0800] "GET /xingrg/all/function/internal_message.html?_=1706926594990&CODE_STATE=getMsg HTTP/1.1" 200 27
180.163.30.85 - - [03/Feb/2024:10:16:33 +0800] "GET /xingrg/check_reg.html?_=1706926528827 HTTP/1.1" 302 -
180.163.30.85 - - [03/Feb/2024:10:16:33 +0800] "GET /xingrg/login.html HTTP/1.1" 200 7641
116.230.123.222 - - [03/Feb/2024:10:16:34 +0800] "GET /xingrg/all/function/internal_message.html?_=1706926592069&CODE_STATE=getMsg HTTP/1.1" 200 27
116.238.97.31 - - [03/Feb/2024:10:16:35 +0800] "GET /xingrg/all/function/internal_message.html?_=1706926595016&CODE_STATE=getMsg HTTP/1.1" 200 27
180.169.147.146 - - [03/Feb/2024:10:16:42 +0800] "GET /xingrg/all/function/internal_message.html?_=1706926602880&CODE_STATE=getMsg HTTP/1.1" 200 27
222.70.168.248 - - [03/Feb/2024:10:16:43 +0800] "POST /xingrg/services/DataTransmitService HTTP/1.1" 200 524
222.70.168.248 - - [03/Feb/2024:10:16:44 +0800] "POST /xingrg/services/DataTransmitService HTTP/1.1" 200 2331
124.78.156.111 - - [03/Feb/2024:10:16:44 +0800] "GET /xingrg/all/function/internal_message.html?_=1706926600266&CODE_STATE=getMsg HTTP/1.1" 200 27
221.239.172.206 - - [03/Feb/2024:10:16:45 +0800] "GET /xingrg/all/function/internal_message.html?_=1706926605590&CODE_STATE=getMsg HTTP/1.1" 200 27
218.81.65.124 - - [03/Feb/2024:10:16:47 +0800] "GET /xingrg/all/function/internal_message.html?_=1706926619067&CODE_STATE=getMsg HTTP/1.1" 200 27
222.70.168.248 - - [03/Feb/2024:10:16:49 +0800] "POST /xingrg/services/DataTransmitService HTTP/1.1" 200 524
120.253.135.82 - - [03/Feb/2024:10:16:49 +0800] "GET /xingrg/all/function/internal_message.html?_=1706926437234&CODE_STATE=getMsg HTTP/1.1" 200 27
222.70.168.248 - - [03/Feb/2024:10:16:50 +0800] "POST /xingrg/services/DataTransmitService HTTP/1.1" 200 2331
222.70.168.248 - - [03/Feb/2024:10:16:52 +0800] "POST /xingrg/services/DataTransmitService HTTP/1.1" 200 524
222.70.168.248 - - [03/Feb/2024:10:16:53 +0800] "POST /xingrg/services/DataTransmitService HTTP/1.1" 200 2331
116.230.123.222 - - [03/Feb/2024:10:16:53 +0800] "GET /xingrg/all/function/internal_message.html?_=1706926719282&CODE_STATE=getMsg HTTP/1.1" 200 27
124.78.68.102 - - [03/Feb/2024:10:16:54 +0800] "GET /xingrg/all/function/internal_message.html?_=1706926614443&CODE_STATE=getMsg HTTP/1.1" 200 27
58.39.105.37 - - [03/Feb/2024:10:16:55 +0800] "GET /xingrg/all/function/internal_message.html?_=1706926616322&CODE_STATE=getMsg HTTP/1.1" 200 27
124.78.68.102 - - [03/Feb/2024:10:16:56 +0800] "GET /xingrg/all/function/internal_message.html?_=1706926609546&CODE_STATE=getMsg HTTP/1.1" 200 27
180.164.1.25 - - [03/Feb/2024:10:16:58 +0800] "GET /xingrg/all/function/internal_message.html?_=1706926618150&CODE_STATE=getMsg HTTP/1.1" 200 27
101.83.145.37 - - [03/Feb/2024:10:16:58 +0800] "POST /xingrg/kc/buy/cgsh_order_operate.html HTTP/1.1" 200 37
101.83.145.37 - - [03/Feb/2024:10:17:00 +0800] "GET /xingrg/all/function/internal_message.html?_=1706926621439&CODE_STATE=getMsg HTTP/1.1" 200 27
101.83.145.37 - - [03/Feb/2024:10:17:00 +0800] "GET /xingrg/check_reg.html?_=1706926621568 HTTP/1.1" 200 22
101.83.145.37 - - [03/Feb/2024:10:17:02 +0800] "POST /xingrg/kc/buy/cgsh_order_operate.html HTTP/1.1" 200 2653
116.238.120.94 - - [03/Feb/2024:10:17:04 +0800] "GET /xingrg/all/function/internal_message.html?_=1706926624346&CODE_STATE=getMsg HTTP/1.1" 200 27
101.83.145.37 - - [03/Feb/2024:10:17:07 +0800] "GET /xingrg/all/function/internal_message.html?_=1706926392327&CODE_STATE=getMsg HTTP/1.1" 200 27
101.83.145.37 - - [03/Feb/2024:10:17:07 +0800] "GET /xingrg/check_reg.html?_=1706926392610 HTTP/1.1" 200 22
116.238.97.31 - - [03/Feb/2024:10:17:10 +0800] "GET /xingrg/all/function/internal_message.html?_=1706926630694&CODE_STATE=getMsg HTTP/1.1" 200 27
114.83.221.124 - - [03/Feb/2024:10:17:10 +0800] "GET /xingrg/all/function/internal_message.html?_=1706926627553&CODE_STATE=getMsg HTTP/1.1" 200 27
101.83.145.37 - - [03/Feb/2024:10:17:12 +0800] "GET /xingrg/kc/print/load_data.html?order_code=212024020301103&kc_code=cgsh&condition= HTTP/1.1" 200 701
116.238.120.94 - - [03/Feb/2024:10:17:13 +0800] "GET /xingrg/all/function/internal_message.html?_=1706926633083&CODE_STATE=getMsg HTTP/1.1" 200 27
116.228.172.94 - - [03/Feb/2024:10:17:14 +0800] "GET /xingrg/all/function/internal_message.html?_=1706926481493&CODE_STATE=getMsg HTTP/1.1" 200 27
222.69.130.89 - - [03/Feb/2024:10:17:21 +0800] "GET /xingrg/all/function/internal_message.html?_=1706926642852&CODE_STATE=getMsg HTTP/1.1" 200 27
172.20.0.100 - - [03/Feb/2024:10:17:23 +0800] "GET /xingrg/check_reg.html?_=1706926659132 HTTP/1.1" 302 -
172.20.0.100 - - [03/Feb/2024:10:17:23 +0800] "GET /xingrg/all/function/internal_message.html?_=1706926659134&CODE_STATE=getMsg HTTP/1.1" 302 -
222.70.168.248 - - [03/Feb/2024:10:17:32 +0800] "GET /xingrg/all/function/internal_message.html?_=1706926654997&CODE_STATE=getMsg HTTP/1.1" 200 27
116.230.123.222 - - [03/Feb/2024:10:17:34 +0800] "GET /xingrg/all/function/internal_message.html?_=1706926652053&CODE_STATE=getMsg HTTP/1.1" 200 27
116.238.97.31 - - [03/Feb/2024:10:17:35 +0800] "GET /xingrg/all/function/internal_message.html?_=1706926655015&CODE_STATE=getMsg HTTP/1.1" 200 27
222.70.168.248 - - [03/Feb/2024:10:17:36 +0800] "POST /xingrg/services/DataTransmitService HTTP/1.1" 200 524
222.70.168.248 - - [03/Feb/2024:10:17:37 +0800] "POST /xingrg/services/DataTransmitService HTTP/1.1" 200 2331
222.70.168.248 - - [03/Feb/2024:10:17:40 +0800] "POST /xingrg/services/DataTransmitService HTTP/1.1" 200 524
222.70.168.248 - - [03/Feb/2024:10:17:41 +0800] "POST /xingrg/services/DataTransmitService HTTP/1.1" 200 2331
222.70.168.248 - - [03/Feb/2024:10:17:41 +0800] "POST /xingrg/services/DataTransmitService HTTP/1.1" 200 524
222.70.168.248 - - [03/Feb/2024:10:17:42 +0800] "POST /xingrg/services/DataTransmitService HTTP/1.1" 200 2331
180.169.147.146 - - [03/Feb/2024:10:17:42 +0800] "GET /xingrg/all/function/internal_message.html?_=1706926662880&CODE_STATE=getMsg HTTP/1.1" 200 27
124.78.156.111 - - [03/Feb/2024:10:17:44 +0800] "GET /xingrg/all/function/internal_message.html?_=1706926660240&CODE_STATE=getMsg HTTP/1.1" 200 27
180.163.29.217 - - [03/Feb/2024:10:17:45 +0800] "GET /xingrg/all/function/internal_message.html?_=1706926600266&CODE_STATE=getMsg HTTP/1.1" 302 -
180.163.29.217 - - [03/Feb/2024:10:17:45 +0800] "GET /xingrg/login.html HTTP/1.1" 200 7641
221.239.172.206 - - [03/Feb/2024:10:17:45 +0800] "GET /xingrg/all/function/internal_message.html?_=1706926665563&CODE_STATE=getMsg HTTP/1.1" 200 27
222.70.168.248 - - [03/Feb/2024:10:17:47 +0800] "POST /xingrg/services/DataTransmitService HTTP/1.1" 200 524
218.81.65.124 - - [03/Feb/2024:10:17:47 +0800] "GET /xingrg/all/function/internal_message.html?_=1706926679065&CODE_STATE=getMsg HTTP/1.1" 200 27
222.70.168.248 - - [03/Feb/2024:10:17:48 +0800] "POST /xingrg/services/DataTransmitService HTTP/1.1" 200 2331
120.253.135.82 - - [03/Feb/2024:10:17:50 +0800] "GET /xingrg/all/function/internal_message.html?_=1706926497676&CODE_STATE=getMsg HTTP/1.1" 200 27
116.230.123.222 - - [03/Feb/2024:10:17:53 +0800] "GET /xingrg/all/function/internal_message.html?_=1706926779267&CODE_STATE=getMsg HTTP/1.1" 200 27
124.78.68.102 - - [03/Feb/2024:10:17:54 +0800] "GET /xingrg/all/function/internal_message.html?_=1706926674417&CODE_STATE=getMsg HTTP/1.1" 200 27
58.39.105.37 - - [03/Feb/2024:10:17:55 +0800] "GET /xingrg/all/function/internal_message.html?_=1706926676328&CODE_STATE=getMsg HTTP/1.1" 200 27
58.39.105.37 - - [03/Feb/2024:10:17:55 +0800] "GET /xingrg/check_reg.html?_=1706926676328 HTTP/1.1" 200 22
124.78.68.102 - - [03/Feb/2024:10:17:56 +0800] "GET /xingrg/all/function/internal_message.html?_=1706926669543&CODE_STATE=getMsg HTTP/1.1" 200 27
180.164.1.25 - - [03/Feb/2024:10:17:58 +0800] "GET /xingrg/all/function/internal_message.html?_=1706926678157&CODE_STATE=getMsg HTTP/1.1" 200 27
101.83.145.37 - - [03/Feb/2024:10:18:00 +0800] "GET /xingrg/all/function/internal_message.html?_=1706926681417&CODE_STATE=getMsg HTTP/1.1" 200 27
116.238.120.94 - - [03/Feb/2024:10:18:04 +0800] "GET /xingrg/all/function/internal_message.html?_=1706926684360&CODE_STATE=getMsg HTTP/1.1" 200 27
116.238.120.94 - - [03/Feb/2024:10:18:04 +0800] "GET /xingrg/check_reg.html?_=1706926684363 HTTP/1.1" 200 22
58.40.7.146 - - [03/Feb/2024:10:18:05 +0800] "POST /xingrg/services/DataTransmitService HTTP/1.1" 200 524
101.83.145.37 - - [03/Feb/2024:10:18:07 +0800] "GET /xingrg/all/function/internal_message.html?_=1706926452307&CODE_STATE=getMsg HTTP/1.1" 200 27
116.238.97.31 - - [03/Feb/2024:10:18:10 +0800] "GET /xingrg/all/function/internal_message.html?_=1706926690697&CODE_STATE=getMsg HTTP/1.1" 200 27
114.83.221.124 - - [03/Feb/2024:10:18:10 +0800] "GET /xingrg/check_reg.html?_=1706926687538 HTTP/1.1" 200 22
114.83.221.124 - - [03/Feb/2024:10:18:10 +0800] "GET /xingrg/all/function/internal_message.html?_=1706926687541&CODE_STATE=getMsg HTTP/1.1" 200 27
116.238.120.94 - - [03/Feb/2024:10:18:13 +0800] "GET /xingrg/check_reg.html?_=1706926693060 HTTP/1.1" 200 22
116.238.120.94 - - [03/Feb/2024:10:18:13 +0800] "GET /xingrg/all/function/internal_message.html?_=1706926693064&CODE_STATE=getMsg HTTP/1.1" 200 27
116.228.172.94 - - [03/Feb/2024:10:18:14 +0800] "GET /xingrg/all/function/internal_message.html?_=1706926541505&CODE_STATE=getMsg HTTP/1.1" 200 27
222.69.130.89 - - [03/Feb/2024:10:18:21 +0800] "GET /xingrg/all/function/internal_message.html?_=1706926702842&CODE_STATE=getMsg HTTP/1.1" 200 27
172.20.0.100 - - [03/Feb/2024:10:18:23 +0800] "GET /xingrg/all/function/internal_message.html?_=1706926719148&CODE_STATE=getMsg HTTP/1.1" 302 -
116.238.97.31 - - [03/Feb/2024:10:18:27 +0800] "POST /xingrg/all/report/load_report_page.html HTTP/1.1" 200 178404
116.238.97.31 - - [03/Feb/2024:10:18:27 +0800] "GET /xingrg/servlets/image?cache=0.9326083396439186&image=px HTTP/1.1" 200 807
222.70.168.248 - - [03/Feb/2024:10:18:30 +0800] "POST /xingrg/services/DataTransmitService HTTP/1.1" 200 524
222.70.168.248 - - [03/Feb/2024:10:18:31 +0800] "POST /xingrg/services/DataTransmitService HTTP/1.1" 200 2331
222.70.168.248 - - [03/Feb/2024:10:18:31 +0800] "POST /xingrg/services/DataTransmitService HTTP/1.1" 200 524
222.70.168.248 - - [03/Feb/2024:10:18:32 +0800] "GET /xingrg/all/function/internal_message.html?_=1706926715148&CODE_STATE=getMsg HTTP/1.1" 200 27
222.70.168.248 - - [03/Feb/2024:10:18:32 +0800] "POST /xingrg/services/DataTransmitService HTTP/1.1" 200 2331
222.70.168.248 - - [03/Feb/2024:10:18:33 +0800] "POST /xingrg/services/DataTransmitService HTTP/1.1" 200 524
116.230.123.222 - - [03/Feb/2024:10:18:34 +0800] "GET /xingrg/all/function/internal_message.html?_=1706926712036&CODE_STATE=getMsg HTTP/1.1" 200 27
222.70.168.248 - - [03/Feb/2024:10:18:34 +0800] "POST /xingrg/services/DataTransmitService HTTP/1.1" 200 2331
116.238.97.31 - - [03/Feb/2024:10:18:35 +0800] "GET /xingrg/all/function/internal_message.html?_=1706926715014&CODE_STATE=getMsg HTTP/1.1" 200 27
180.169.147.146 - - [03/Feb/2024:10:18:42 +0800] "GET /xingrg/check_reg.html?_=1706926722882 HTTP/1.1" 200 22
180.169.147.146 - - [03/Feb/2024:10:18:42 +0800] "GET /xingrg/all/function/internal_message.html?_=1706926722885&CODE_STATE=getMsg HTTP/1.1" 200 27
124.78.156.111 - - [03/Feb/2024:10:18:44 +0800] "GET /xingrg/all/function/internal_message.html?_=1706926720228&CODE_STATE=getMsg HTTP/1.1" 200 27
221.239.172.206 - - [03/Feb/2024:10:18:45 +0800] "GET /xingrg/all/function/internal_message.html?_=1706926725547&CODE_STATE=getMsg HTTP/1.1" 200 27
222.70.168.248 - - [03/Feb/2024:10:18:46 +0800] "POST /xingrg/services/DataTransmitService HTTP/1.1" 200 524
218.81.65.124 - - [03/Feb/2024:10:18:47 +0800] "GET /xingrg/check_reg.html?_=1706926739067 HTTP/1.1" 200 22
218.81.65.124 - - [03/Feb/2024:10:18:47 +0800] "GET /xingrg/all/function/internal_message.html?_=1706926739065&CODE_STATE=getMsg HTTP/1.1" 200 27
120.253.135.82 - - [03/Feb/2024:10:18:50 +0800] "GET /xingrg/all/function/internal_message.html?_=1706926557691&CODE_STATE=getMsg HTTP/1.1" 200 27
116.230.123.222 - - [03/Feb/2024:10:18:53 +0800] "GET /xingrg/all/function/internal_message.html?_=1706926839250&CODE_STATE=getMsg HTTP/1.1" 200 27
124.78.68.102 - - [03/Feb/2024:10:18:54 +0800] "GET /xingrg/all/function/internal_message.html?_=1706926734403&CODE_STATE=getMsg HTTP/1.1" 200 27
58.39.105.37 - - [03/Feb/2024:10:18:55 +0800] "GET /xingrg/all/function/internal_message.html?_=1706926736314&CODE_STATE=getMsg HTTP/1.1" 200 27
124.78.68.102 - - [03/Feb/2024:10:18:56 +0800] "GET /xingrg/all/function/internal_message.html?_=1706926729543&CODE_STATE=getMsg HTTP/1.1" 200 27
124.78.68.102 - - [03/Feb/2024:10:18:56 +0800] "GET /xingrg/check_reg.html?_=1706926729546 HTTP/1.1" 200 22
180.164.1.25 - - [03/Feb/2024:10:18:58 +0800] "GET /xingrg/all/function/internal_message.html?_=1706926738160&CODE_STATE=getMsg HTTP/1.1" 200 27
221.239.172.206 - - [03/Feb/2024:10:18:59 +0800] "GET /xingrg/check_reg.html?_=1706926739062 HTTP/1.1" 200 22
101.83.145.37 - - [03/Feb/2024:10:19:00 +0800] "GET /xingrg/all/function/internal_message.html?_=1706926741392&CODE_STATE=getMsg HTTP/1.1" 200 27
58.40.7.146 - - [03/Feb/2024:10:19:02 +0800] "GET /xingrg/check_reg.html?_=1706926742287 HTTP/1.1" 302 -
116.238.120.94 - - [03/Feb/2024:10:19:04 +0800] "GET /xingrg/all/function/internal_message.html?_=1706926744350&CODE_STATE=getMsg HTTP/1.1" 200 27
101.83.145.37 - - [03/Feb/2024:10:19:07 +0800] "GET /xingrg/all/function/internal_message.html?_=1706926512277&CODE_STATE=getMsg HTTP/1.1" 200 27
218.81.65.124 - - [03/Feb/2024:10:19:09 +0800] "GET /xingrg/kc/buy/cgsh_order_list.html HTTP/1.1" 200 57698
116.238.97.31 - - [03/Feb/2024:10:19:10 +0800] "GET /xingrg/all/function/internal_message.html?_=1706926750694&CODE_STATE=getMsg HTTP/1.1" 200 27
114.83.221.124 - - [03/Feb/2024:10:19:10 +0800] "GET /xingrg/all/function/internal_message.html?_=1706926747541&CODE_STATE=getMsg HTTP/1.1" 200 27
116.238.120.94 - - [03/Feb/2024:10:19:13 +0800] "GET /xingrg/all/function/internal_message.html?_=1706926753076&CODE_STATE=getMsg HTTP/1.1" 200 27
116.228.172.94 - - [03/Feb/2024:10:19:14 +0800] "GET /xingrg/all/function/internal_message.html?_=1706926601498&CODE_STATE=getMsg HTTP/1.1" 200 27
222.69.130.89 - - [03/Feb/2024:10:19:21 +0800] "GET /xingrg/check_reg.html?_=1706926762831 HTTP/1.1" 200 22
222.69.130.89 - - [03/Feb/2024:10:19:21 +0800] "GET /xingrg/all/function/internal_message.html?_=1706926762836&CODE_STATE=getMsg HTTP/1.1" 200 27
222.70.168.248 - - [03/Feb/2024:10:19:22 +0800] "GET /xingrg/check_reg.html?_=1706926764789 HTTP/1.1" 200 22
172.20.0.100 - - [03/Feb/2024:10:19:23 +0800] "GET /xingrg/all/function/internal_message.html?_=1706926779146&CODE_STATE=getMsg HTTP/1.1" 302 -
222.70.168.248 - - [03/Feb/2024:10:19:32 +0800] "GET /xingrg/all/function/internal_message.html?_=1706926775161&CODE_STATE=getMsg HTTP/1.1" 200 27
116.230.123.222 - - [03/Feb/2024:10:19:33 +0800] "GET /xingrg/check_reg.html?_=1706926770773 HTTP/1.1" 200 22
116.230.123.222 - - [03/Feb/2024:10:19:34 +0800] "GET /xingrg/all/function/internal_message.html?_=1706926772010&CODE_STATE=getMsg HTTP/1.1" 200 27
116.238.97.31 - - [03/Feb/2024:10:19:35 +0800] "GET /xingrg/check_reg.html?_=1706926775027 HTTP/1.1" 200 22
116.238.97.31 - - [03/Feb/2024:10:19:35 +0800] "GET /xingrg/all/function/internal_message.html?_=1706926775024&CODE_STATE=getMsg HTTP/1.1" 200 27
180.169.147.146 - - [03/Feb/2024:10:19:42 +0800] "GET /xingrg/all/function/internal_message.html?_=1706926782882&CODE_STATE=getMsg HTTP/1.1" 200 27
180.163.30.85 - - [03/Feb/2024:10:19:44 +0800] "GET /xingrg/all/function/internal_message.html?_=1706926720228&CODE_STATE=getMsg HTTP/1.1" 302 -
180.163.30.85 - - [03/Feb/2024:10:19:44 +0800] "GET /xingrg/login.html HTTP/1.1" 200 7641
124.78.156.111 - - [03/Feb/2024:10:19:44 +0800] "GET /xingrg/all/function/internal_message.html?_=1706926780225&CODE_STATE=getMsg HTTP/1.1" 200 27
221.239.172.206 - - [03/Feb/2024:10:19:45 +0800] "GET /xingrg/all/function/internal_message.html?_=1706926785522&CODE_STATE=getMsg HTTP/1.1" 200 27
218.81.65.124 - - [03/Feb/2024:10:19:47 +0800] "GET /xingrg/all/function/internal_message.html?_=1706926799078&CODE_STATE=getMsg HTTP/1.1" 200 27
120.253.135.82 - - [03/Feb/2024:10:19:49 +0800] "GET /xingrg/check_reg.html?_=1706926616775 HTTP/1.1" 200 22
120.253.135.82 - - [03/Feb/2024:10:19:50 +0800] "GET /xingrg/all/function/internal_message.html?_=1706926617705&CODE_STATE=getMsg HTTP/1.1" 200 27
116.230.123.222 - - [03/Feb/2024:10:19:53 +0800] "GET /xingrg/all/function/internal_message.html?_=1706926899233&CODE_STATE=getMsg HTTP/1.1" 200 27
116.230.123.222 - - [03/Feb/2024:10:19:53 +0800] "GET /xingrg/check_reg.html?_=1706926899659 HTTP/1.1" 200 22
124.78.68.102 - - [03/Feb/2024:10:19:54 +0800] "GET /xingrg/all/function/internal_message.html?_=1706926794379&CODE_STATE=getMsg HTTP/1.1" 200 27
58.39.105.37 - - [03/Feb/2024:10:19:55 +0800] "GET /xingrg/all/function/internal_message.html?_=1706926796321&CODE_STATE=getMsg HTTP/1.1" 200 27
124.78.68.102 - - [03/Feb/2024:10:19:56 +0800] "GET /xingrg/all/function/internal_message.html?_=1706926789545&CODE_STATE=getMsg HTTP/1.1" 200 27
180.164.1.25 - - [03/Feb/2024:10:19:58 +0800] "GET /xingrg/all/function/internal_message.html?_=1706926798170&CODE_STATE=getMsg HTTP/1.1" 200 27
101.83.145.37 - - [03/Feb/2024:10:20:00 +0800] "GET /xingrg/all/function/internal_message.html?_=1706926801372&CODE_STATE=getMsg HTTP/1.1" 200 27
116.238.120.94 - - [03/Feb/2024:10:20:04 +0800] "GET /xingrg/all/function/internal_message.html?_=1706926804354&CODE_STATE=getMsg HTTP/1.1" 200 27
101.83.145.37 - - [03/Feb/2024:10:20:07 +0800] "GET /xingrg/all/function/internal_message.html?_=1706926572262&CODE_STATE=getMsg HTTP/1.1" 200 27
222.70.168.248 - - [03/Feb/2024:10:20:09 +0800] "POST /xingrg/services/DataTransmitService HTTP/1.1" 200 501
116.238.97.31 - - [03/Feb/2024:10:20:10 +0800] "GET /xingrg/all/function/internal_message.html?_=1706926810686&CODE_STATE=getMsg HTTP/1.1" 200 27
114.83.221.124 - - [03/Feb/2024:10:20:10 +0800] "GET /xingrg/all/function/internal_message.html?_=1706926807552&CODE_STATE=getMsg HTTP/1.1" 200 27
116.238.120.94 - - [03/Feb/2024:10:20:13 +0800] "GET /xingrg/all/function/internal_message.html?_=1706926813072&CODE_STATE=getMsg HTTP/1.1" 200 27
116.228.172.94 - - [03/Feb/2024:10:20:14 +0800] "GET /xingrg/all/function/internal_message.html?_=1706926661485&CODE_STATE=getMsg HTTP/1.1" 200 27
116.228.172.94 - - [03/Feb/2024:10:20:14 +0800] "GET /xingrg/check_reg.html?_=1706926661489 HTTP/1.1" 200 22
222.70.168.248 - - [03/Feb/2024:10:20:18 +0800] "POST /xingrg/services/DataTransmitService HTTP/1.1" 200 524
222.70.168.248 - - [03/Feb/2024:10:20:19 +0800] "POST /xingrg/services/DataTransmitService HTTP/1.1" 200 412
222.70.168.248 - - [03/Feb/2024:10:20:21 +0800] "POST /xingrg/services/DataTransmitService HTTP/1.1" 200 524
222.69.130.89 - - [03/Feb/2024:10:20:21 +0800] "GET /xingrg/all/function/internal_message.html?_=1706926822814&CODE_STATE=getMsg HTTP/1.1" 200 27
222.70.168.248 - - [03/Feb/2024:10:20:22 +0800] "POST /xingrg/services/DataTransmitService HTTP/1.1" 200 2331
172.20.0.100 - - [03/Feb/2024:10:20:23 +0800] "GET /xingrg/all/function/internal_message.html?_=1706926839145&CODE_STATE=getMsg HTTP/1.1" 302 -
222.70.168.248 - - [03/Feb/2024:10:20:26 +0800] "POST /xingrg/services/DataTransmitService HTTP/1.1" 200 524
222.70.168.248 - - [03/Feb/2024:10:20:27 +0800] "POST /xingrg/services/DataTransmitService HTTP/1.1" 200 2331
222.70.168.248 - - [03/Feb/2024:10:20:31 +0800] "POST /xingrg/services/DataTransmitService HTTP/1.1" 200 524
222.70.168.248 - - [03/Feb/2024:10:20:32 +0800] "POST /xingrg/services/DataTransmitService HTTP/1.1" 200 412
222.70.168.248 - - [03/Feb/2024:10:20:32 +0800] "GET /xingrg/all/function/internal_message.html?_=1706926835176&CODE_STATE=getMsg HTTP/1.1" 200 27
124.78.156.111 - - [03/Feb/2024:10:20:33 +0800] "GET /xingrg/check_reg.html?_=1706926828825 HTTP/1.1" 200 22
116.230.123.222 - - [03/Feb/2024:10:20:34 +0800] "GET /xingrg/all/function/internal_message.html?_=1706926831995&CODE_STATE=getMsg HTTP/1.1" 200 27
116.238.97.31 - - [03/Feb/2024:10:20:35 +0800] "GET /xingrg/all/function/internal_message.html?_=1706926835032&CODE_STATE=getMsg HTTP/1.1" 200 27
101.83.145.37 - - [03/Feb/2024:10:20:36 +0800] "GET /xingrg/kc/buy/cgsh_order_add.html HTTP/1.1" 200 73549
101.83.145.37 - - [03/Feb/2024:10:20:37 +0800] "POST /xingrg/kc/buy/cgsh_order_operate.html HTTP/1.1" 200 8245
101.83.145.37 - - [03/Feb/2024:10:20:37 +0800] "GET /xingrg/javascript/easyui/themes/default/validatebox.css HTTP/1.1" 404 1104
218.81.65.124 - - [03/Feb/2024:10:20:37 +0800] "POST /xingrg/kc/buy/cgsh_list_operate.html HTTP/1.1" 200 5909
180.169.147.146 - - [03/Feb/2024:10:20:42 +0800] "GET /xingrg/all/function/internal_message.html?_=1706926842886&CODE_STATE=getMsg HTTP/1.1" 200 27
222.70.168.248 - - [03/Feb/2024:10:20:44 +0800] "POST /xingrg/services/DataTransmitService HTTP/1.1" 200 524
124.78.156.111 - - [03/Feb/2024:10:20:44 +0800] "GET /xingrg/all/function/internal_message.html?_=1706926840185&CODE_STATE=getMsg HTTP/1.1" 200 27
180.163.29.206 - - [03/Feb/2024:10:20:45 +0800] "GET /xingrg/all/function/internal_message.html?_=1706926780225&CODE_STATE=getMsg HTTP/1.1" 302 -
221.239.172.206 - - [03/Feb/2024:10:20:45 +0800] "GET /xingrg/all/function/internal_message.html?_=1706926845508&CODE_STATE=getMsg HTTP/1.1" 200 27
180.163.29.206 - - [03/Feb/2024:10:20:45 +0800] "GET /xingrg/login.html HTTP/1.1" 200 7641
218.81.65.124 - - [03/Feb/2024:10:20:47 +0800] "GET /xingrg/all/function/internal_message.html?_=1706926859070&CODE_STATE=getMsg HTTP/1.1" 200 27
120.253.135.82 - - [03/Feb/2024:10:20:50 +0800] "GET /xingrg/all/function/internal_message.html?_=1706926677718&CODE_STATE=getMsg HTTP/1.1" 200 27
114.83.221.124 - - [03/Feb/2024:10:20:53 +0800] "POST /xingrg/kc/buy/cgsh_order_operate.html HTTP/1.1" 200 37
116.230.123.222 - - [03/Feb/2024:10:20:53 +0800] "GET /xingrg/all/function/internal_message.html?_=1706926959209&CODE_STATE=getMsg HTTP/1.1" 200 27
124.78.68.102 - - [03/Feb/2024:10:20:54 +0800] "GET /xingrg/all/function/internal_message.html?_=1706926854366&CODE_STATE=getMsg HTTP/1.1" 200 27
58.39.105.37 - - [03/Feb/2024:10:20:55 +0800] "GET /xingrg/all/function/internal_message.html?_=1706926856334&CODE_STATE=getMsg HTTP/1.1" 200 27
124.78.68.102 - - [03/Feb/2024:10:20:56 +0800] "GET /xingrg/all/function/internal_message.html?_=1706926849547&CODE_STATE=getMsg HTTP/1.1" 200 27
180.164.1.25 - - [03/Feb/2024:10:20:58 +0800] "GET /xingrg/check_reg.html?_=1706926858165 HTTP/1.1" 200 22
180.164.1.25 - - [03/Feb/2024:10:20:58 +0800] "GET /xingrg/all/function/internal_message.html?_=1706926858167&CODE_STATE=getMsg HTTP/1.1" 200 27
101.83.145.37 - - [03/Feb/2024:10:21:00 +0800] "GET /xingrg/all/function/internal_message.html?_=1706926861340&CODE_STATE=getMsg HTTP/1.1" 200 27
116.238.120.94 - - [03/Feb/2024:10:21:04 +0800] "GET /xingrg/all/function/internal_message.html?_=1706926864353&CODE_STATE=getMsg HTTP/1.1" 200 27
101.83.145.37 - - [03/Feb/2024:10:21:07 +0800] "GET /xingrg/all/function/internal_message.html?_=1706926632241&CODE_STATE=getMsg HTTP/1.1" 200 27
124.78.68.102 - - [03/Feb/2024:10:21:09 +0800] "GET /xingrg/check_reg.html?_=1706926869972 HTTP/1.1" 200 22
116.238.97.31 - - [03/Feb/2024:10:21:10 +0800] "GET /xingrg/all/function/internal_message.html?_=1706926870697&CODE_STATE=getMsg HTTP/1.1" 200 27
116.238.97.31 - - [03/Feb/2024:10:21:10 +0800] "GET /xingrg/check_reg.html?_=1706926870697 HTTP/1.1" 200 22
114.83.221.124 - - [03/Feb/2024:10:21:10 +0800] "GET /xingrg/all/function/internal_message.html?_=1706926867549&CODE_STATE=getMsg HTTP/1.1" 200 27
116.238.120.94 - - [03/Feb/2024:10:21:13 +0800] "GET /xingrg/all/function/internal_message.html?_=1706926873070&CODE_STATE=getMsg HTTP/1.1" 200 27
116.228.172.94 - - [03/Feb/2024:10:21:14 +0800] "GET /xingrg/all/function/internal_message.html?_=1706926721499&CODE_STATE=getMsg HTTP/1.1" 200 27
222.70.168.248 - - [03/Feb/2024:10:21:14 +0800] "POST /xingrg/services/DataTransmitService HTTP/1.1" 200 501
101.83.145.37 - - [03/Feb/2024:10:21:15 +0800] "GET /xingrg/kc/buy/cgsh_order_operate.html?command=get_materiel&rest_code=00105&code=00101008312&supplier_code=00100005&order_time=2024-02-03 HTTP/1.1" 200 412
222.69.130.89 - - [03/Feb/2024:10:21:21 +0800] "GET /xingrg/all/function/internal_message.html?_=1706926882791&CODE_STATE=getMsg HTTP/1.1" 200 27
172.20.0.100 - - [03/Feb/2024:10:21:23 +0800] "GET /xingrg/all/function/internal_message.html?_=1706926899143&CODE_STATE=getMsg HTTP/1.1" 302 -
114.83.221.124 - - [03/Feb/2024:10:21:23 +0800] "POST /xingrg/kc/buy/cgsh_order_operate.html HTTP/1.1" 200 12
116.230.123.222 - - [03/Feb/2024:10:21:26 +0800] "GET /xingrg/kc/buy/cgsh_order_add.html HTTP/1.1" 200 73423
116.230.123.222 - - [03/Feb/2024:10:21:26 +0800] "POST /xingrg/kc/buy/cgsh_order_operate.html HTTP/1.1" 200 8245
116.230.123.222 - - [03/Feb/2024:10:21:26 +0800] "GET /xingrg/javascript/easyui/themes/default/validatebox.css HTTP/1.1" 404 1104
114.83.221.124 - - [03/Feb/2024:10:21:30 +0800] "GET /xingrg/kc/buy/cgsh_order_info.html?code=212024020301075 HTTP/1.1" 200 68464
114.83.221.124 - - [03/Feb/2024:10:21:31 +0800] "GET /xingrg/javascript/easyui/themes/default/validatebox.css HTTP/1.1" 404 1104
114.83.221.124 - - [03/Feb/2024:10:21:32 +0800] "POST /xingrg/kc/buy/cgsh_order_operate.html HTTP/1.1" 200 44403
222.70.168.248 - - [03/Feb/2024:10:21:32 +0800] "GET /xingrg/all/function/internal_message.html?_=1706926895309&CODE_STATE=getMsg HTTP/1.1" 200 27
114.83.221.124 - - [03/Feb/2024:10:21:34 +0800] "GET /xingrg/kc/print/load_config.html?kc_code=cgsh HTTP/1.1" 200 1927
116.230.123.222 - - [03/Feb/2024:10:21:34 +0800] "GET /xingrg/all/function/internal_message.html?_=1706926892001&CODE_STATE=getMsg HTTP/1.1" 200 27
114.83.221.124 - - [03/Feb/2024:10:21:35 +0800] "GET /xingrg/kc/print/load_data.html?order_code=212024020301075&kc_code=cgsh&condition= HTTP/1.1" 200 17282
116.238.97.31 - - [03/Feb/2024:10:21:35 +0800] "GET /xingrg/all/function/internal_message.html?_=1706926895031&CODE_STATE=getMsg HTTP/1.1" 200 27
180.169.147.146 - - [03/Feb/2024:10:21:42 +0800] "GET /xingrg/all/function/internal_message.html?_=1706926902882&CODE_STATE=getMsg HTTP/1.1" 200 27
124.78.156.111 - - [03/Feb/2024:10:21:44 +0800] "GET /xingrg/all/function/internal_message.html?_=1706926900155&CODE_STATE=getMsg HTTP/1.1" 200 27
221.239.172.206 - - [03/Feb/2024:10:21:45 +0800] "GET /xingrg/all/function/internal_message.html?_=1706926905482&CODE_STATE=getMsg HTTP/1.1" 200 27
218.81.65.124 - - [03/Feb/2024:10:21:47 +0800] "GET /xingrg/all/function/internal_message.html?_=1706926919069&CODE_STATE=getMsg HTTP/1.1" 200 27
101.83.145.37 - - [03/Feb/2024:10:21:49 +0800] "GET /xingrg/kc/buy/cgsh_order_operate.html?command=get_materiel&rest_code=00105&code=00101008356&supplier_code=00100005&order_time=2024-02-03 HTTP/1.1" 200 428
120.253.135.82 - - [03/Feb/2024:10:21:50 +0800] "GET /xingrg/all/function/internal_message.html?_=1706926737737&CODE_STATE=getMsg HTTP/1.1" 200 27
116.230.123.222 - - [03/Feb/2024:10:21:53 +0800] "GET /xingrg/kc/buy/cgsh_order_operate.html?command=get_materiel&rest_code=00111&code=00101006128&supplier_code=00100012&order_time=2024-02-03 HTTP/1.1" 200 435
116.230.123.222 - - [03/Feb/2024:10:21:53 +0800] "GET /xingrg/all/function/internal_message.html?_=1706927019197&CODE_STATE=getMsg HTTP/1.1" 200 27
124.78.68.102 - - [03/Feb/2024:10:21:54 +0800] "GET /xingrg/all/function/internal_message.html?_=1706926914350&CODE_STATE=getMsg HTTP/1.1" 200 27
58.39.105.37 - - [03/Feb/2024:10:21:55 +0800] "GET /xingrg/all/function/internal_message.html?_=1706926916321&CODE_STATE=getMsg HTTP/1.1" 200 27
124.78.68.102 - - [03/Feb/2024:10:21:56 +0800] "GET /xingrg/all/function/internal_message.html?_=1706926909546&CODE_STATE=getMsg HTTP/1.1" 200 27
180.164.1.25 - - [03/Feb/2024:10:21:58 +0800] "GET /xingrg/all/function/internal_message.html?_=1706926918154&CODE_STATE=getMsg HTTP/1.1" 200 27
101.83.145.37 - - [03/Feb/2024:10:22:00 +0800] "GET /xingrg/all/function/internal_message.html?_=1706926921343&CODE_STATE=getMsg HTTP/1.1" 200 27
101.83.145.37 - - [03/Feb/2024:10:22:00 +0800] "GET /xingrg/check_reg.html?_=1706926921595 HTTP/1.1" 200 22
116.238.120.94 - - [03/Feb/2024:10:22:04 +0800] "GET /xingrg/all/function/internal_message.html?_=1706926924339&CODE_STATE=getMsg HTTP/1.1" 200 27
101.83.145.37 - - [03/Feb/2024:10:22:07 +0800] "GET /xingrg/all/function/internal_message.html?_=1706926692221&CODE_STATE=getMsg HTTP/1.1" 200 27
101.83.145.37 - - [03/Feb/2024:10:22:07 +0800] "GET /xingrg/check_reg.html?_=1706926692600 HTTP/1.1" 200 22
116.238.97.31 - - [03/Feb/2024:10:22:10 +0800] "GET /xingrg/all/function/internal_message.html?_=1706926930685&CODE_STATE=getMsg HTTP/1.1" 200 27
114.83.221.124 - - [03/Feb/2024:10:22:10 +0800] "GET /xingrg/all/function/internal_message.html?_=1706926927563&CODE_STATE=getMsg HTTP/1.1" 200 27
116.238.120.94 - - [03/Feb/2024:10:22:13 +0800] "GET /xingrg/all/function/internal_message.html?_=1706926933078&CODE_STATE=getMsg HTTP/1.1" 200 27
116.228.172.94 - - [03/Feb/2024:10:22:14 +0800] "GET /xingrg/all/function/internal_message.html?_=1706926781496&CODE_STATE=getMsg HTTP/1.1" 200 27
222.69.130.89 - - [03/Feb/2024:10:22:21 +0800] "GET /xingrg/all/function/internal_message.html?_=1706926942771&CODE_STATE=getMsg HTTP/1.1" 200 27
172.20.0.100 - - [03/Feb/2024:10:22:23 +0800] "GET /xingrg/check_reg.html?_=1706926959142 HTTP/1.1" 302 -
172.20.0.100 - - [03/Feb/2024:10:22:23 +0800] "GET /xingrg/all/function/internal_message.html?_=1706926959143&CODE_STATE=getMsg HTTP/1.1" 302 -
101.83.145.37 - - [03/Feb/2024:10:22:29 +0800] "GET /xingrg/kc/buy/cgsh_order_operate.html?command=get_materiel&rest_code=00105&code=00101008368&supplier_code=00100005&order_time=2024-02-03 HTTP/1.1" 200 408
222.70.168.248 - - [03/Feb/2024:10:22:30 +0800] "POST /xingrg/services/DataTransmitService HTTP/1.1" 200 524
114.83.221.124 - - [03/Feb/2024:10:22:31 +0800] "GET /xingrg/kc/buy/cgsh_order_add.html HTTP/1.1" 200 73555
114.83.221.124 - - [03/Feb/2024:10:22:31 +0800] "POST /xingrg/kc/buy/cgsh_order_operate.html HTTP/1.1" 200 8245
114.83.221.124 - - [03/Feb/2024:10:22:31 +0800] "GET /xingrg/javascript/easyui/themes/default/validatebox.css HTTP/1.1" 404 1104
116.230.123.222 - - [03/Feb/2024:10:22:31 +0800] "GET /xingrg/kc/buy/cgsh_order_operate.html?command=get_materiel&rest_code=00111&code=00101006026&supplier_code=00100012&order_time=2024-02-03 HTTP/1.1" 200 409
222.70.168.248 - - [03/Feb/2024:10:22:32 +0800] "POST /xingrg/services/DataTransmitService HTTP/1.1" 200 412
222.70.168.248 - - [03/Feb/2024:10:22:32 +0800] "POST /xingrg/services/DataTransmitService HTTP/1.1" 200 524
222.70.168.248 - - [03/Feb/2024:10:22:32 +0800] "GET /xingrg/all/function/internal_message.html?_=1706926955314&CODE_STATE=getMsg HTTP/1.1" 200 27
222.70.168.248 - - [03/Feb/2024:10:22:33 +0800] "POST /xingrg/services/DataTransmitService HTTP/1.1" 200 412
222.70.168.248 - - [03/Feb/2024:10:22:33 +0800] "POST /xingrg/services/DataTransmitService HTTP/1.1" 200 524
116.230.123.222 - - [03/Feb/2024:10:22:34 +0800] "GET /xingrg/all/function/internal_message.html?_=1706926951985&CODE_STATE=getMsg HTTP/1.1" 200 27
222.70.168.248 - - [03/Feb/2024:10:22:34 +0800] "POST /xingrg/services/DataTransmitService HTTP/1.1" 200 412
116.238.97.31 - - [03/Feb/2024:10:22:35 +0800] "GET /xingrg/all/function/internal_message.html?_=1706926955024&CODE_STATE=getMsg HTTP/1.1" 200 27
222.70.168.248 - - [03/Feb/2024:10:22:36 +0800] "POST /xingrg/services/DataTransmitService HTTP/1.1" 200 524
222.70.168.248 - - [03/Feb/2024:10:22:37 +0800] "POST /xingrg/services/DataTransmitService HTTP/1.1" 200 2331
222.70.168.248 - - [03/Feb/2024:10:22:39 +0800] "POST /xingrg/services/DataTransmitService HTTP/1.1" 200 524
222.70.168.248 - - [03/Feb/2024:10:22:40 +0800] "POST /xingrg/services/DataTransmitService HTTP/1.1" 200 412
222.70.168.248 - - [03/Feb/2024:10:22:42 +0800] "POST /xingrg/services/DataTransmitService HTTP/1.1" 200 524
180.169.147.146 - - [03/Feb/2024:10:22:42 +0800] "GET /xingrg/all/function/internal_message.html?_=1706926962881&CODE_STATE=getMsg HTTP/1.1" 200 27
116.228.172.94 - - [03/Feb/2024:10:22:42 +0800] "GET /xingrg/kc/report/report_main.html HTTP/1.1" 200 7340
222.70.168.248 - - [03/Feb/2024:10:22:43 +0800] "POST /xingrg/services/DataTransmitService HTTP/1.1" 200 412
116.230.123.222 - - [03/Feb/2024:10:22:43 +0800] "GET /xingrg/kc/buy/cgsh_order_operate.html?command=get_materiel&rest_code=00111&code=00101012010&supplier_code=00100012&order_time=2024-02-03 HTTP/1.1" 200 409
124.78.156.111 - - [03/Feb/2024:10:22:44 +0800] "GET /xingrg/all/function/internal_message.html?_=1706926960148&CODE_STATE=getMsg HTTP/1.1" 200 27
222.70.168.248 - - [03/Feb/2024:10:22:45 +0800] "POST /xingrg/services/DataTransmitService HTTP/1.1" 200 524
221.239.172.206 - - [03/Feb/2024:10:22:45 +0800] "GET /xingrg/all/function/internal_message.html?_=1706926965466&CODE_STATE=getMsg HTTP/1.1" 200 27
222.70.168.248 - - [03/Feb/2024:10:22:46 +0800] "POST /xingrg/services/DataTransmitService HTTP/1.1" 200 412
218.81.65.124 - - [03/Feb/2024:10:22:47 +0800] "GET /xingrg/all/function/internal_message.html?_=1706926979067&CODE_STATE=getMsg HTTP/1.1" 200 27
222.70.168.248 - - [03/Feb/2024:10:22:48 +0800] "POST /xingrg/services/DataTransmitService HTTP/1.1" 200 524
222.70.168.248 - - [03/Feb/2024:10:22:49 +0800] "POST /xingrg/services/DataTransmitService HTTP/1.1" 200 412
222.70.168.248 - - [03/Feb/2024:10:22:49 +0800] "POST /xingrg/services/DataTransmitService HTTP/1.1" 200 524
222.70.168.248 - - [03/Feb/2024:10:22:50 +0800] "POST /xingrg/services/DataTransmitService HTTP/1.1" 200 412
120.253.135.82 - - [03/Feb/2024:10:22:50 +0800] "GET /xingrg/all/function/internal_message.html?_=1706926798182&CODE_STATE=getMsg HTTP/1.1" 200 27
222.70.168.248 - - [03/Feb/2024:10:22:51 +0800] "POST /xingrg/services/DataTransmitService HTTP/1.1" 200 524
116.228.172.94 - - [03/Feb/2024:10:22:51 +0800] "GET /xingrg/all/report/report_query.html?fileName=kc/buy/gys_amount_category.xml&rh=99999 HTTP/1.1" 200 51878
116.228.172.94 - - [03/Feb/2024:10:22:51 +0800] "GET /xingrg/dwr/interface/AjaxReportQueryService.js HTTP/1.1" 200 13203
116.228.172.94 - - [03/Feb/2024:10:22:51 +0800] "GET /xingrg/dwr/engine.js HTTP/1.1" 200 43631
116.228.172.94 - - [03/Feb/2024:10:22:51 +0800] "POST /xingrg/dwr/call/plaincall/AjaxReportQueryService.getFixDate.dwr HTTP/1.1" 200 111
116.228.172.94 - - [03/Feb/2024:10:22:51 +0800] "POST /xingrg/dwr/call/plaincall/AjaxReportQueryService.getInitString.dwr HTTP/1.1" 200 426
222.70.168.248 - - [03/Feb/2024:10:22:52 +0800] "POST /xingrg/services/DataTransmitService HTTP/1.1" 200 412
116.228.172.94 - - [03/Feb/2024:10:22:52 +0800] "POST /xingrg/all/common/load_tree.html?tree=supplier_tree_json&manage=1 HTTP/1.1" 200 80869
116.228.172.94 - - [03/Feb/2024:10:22:52 +0800] "POST /xingrg/all/common/load_tree.html?tree=materiel_sort_tree_json HTTP/1.1" 200 9734
116.230.123.222 - - [03/Feb/2024:10:22:53 +0800] "GET /xingrg/all/function/internal_message.html?_=1706927079178&CODE_STATE=getMsg HTTP/1.1" 200 27
124.78.68.102 - - [03/Feb/2024:10:22:54 +0800] "GET /xingrg/all/function/internal_message.html?_=1706926974329&CODE_STATE=getMsg HTTP/1.1" 200 27
58.39.105.37 - - [03/Feb/2024:10:22:55 +0800] "GET /xingrg/all/function/internal_message.html?_=1706926976330&CODE_STATE=getMsg HTTP/1.1" 200 27
58.39.105.37 - - [03/Feb/2024:10:22:55 +0800] "GET /xingrg/check_reg.html?_=1706926976334 HTTP/1.1" 200 22
124.78.68.102 - - [03/Feb/2024:10:22:56 +0800] "GET /xingrg/all/function/internal_message.html?_=1706926969546&CODE_STATE=getMsg HTTP/1.1" 200 27
116.228.172.94 - - [03/Feb/2024:10:22:56 +0800] "POST /xingrg/dwr/call/plaincall/AjaxReportQueryService.getFixDate.dwr HTTP/1.1" 200 111
180.164.1.25 - - [03/Feb/2024:10:22:58 +0800] "GET /xingrg/all/function/internal_message.html?_=1706926978170&CODE_STATE=getMsg HTTP/1.1" 200 27
101.83.145.37 - - [03/Feb/2024:10:23:00 +0800] "GET /xingrg/all/function/internal_message.html?_=1706926981316&CODE_STATE=getMsg HTTP/1.1" 200 27
116.238.120.94 - - [03/Feb/2024:10:23:04 +0800] "GET /xingrg/all/function/internal_message.html?_=1706926984346&CODE_STATE=getMsg HTTP/1.1" 200 27
116.238.120.94 - - [03/Feb/2024:10:23:04 +0800] "GET /xingrg/check_reg.html?_=1706926984350 HTTP/1.1" 200 22
116.230.123.222 - - [03/Feb/2024:10:23:06 +0800] "GET /xingrg/kc/buy/cgsh_order_operate.html?command=get_materiel&rest_code=00111&code=00101006129&supplier_code=00100012&order_time=2024-02-03 HTTP/1.1" 200 439
101.83.145.37 - - [03/Feb/2024:10:23:07 +0800] "GET /xingrg/all/function/internal_message.html?_=1706926752203&CODE_STATE=getMsg HTTP/1.1" 200 27
116.238.97.31 - - [03/Feb/2024:10:23:10 +0800] "GET /xingrg/all/function/internal_message.html?_=1706926990698&CODE_STATE=getMsg HTTP/1.1" 200 27
114.83.221.124 - - [03/Feb/2024:10:23:10 +0800] "GET /xingrg/check_reg.html?_=1706926987560 HTTP/1.1" 200 22
114.83.221.124 - - [03/Feb/2024:10:23:10 +0800] "GET /xingrg/all/function/internal_message.html?_=1706926987566&CODE_STATE=getMsg HTTP/1.1" 200 27
116.238.120.94 - - [03/Feb/2024:10:23:13 +0800] "GET /xingrg/check_reg.html?_=1706926993082 HTTP/1.1" 200 22
116.238.120.94 - - [03/Feb/2024:10:23:13 +0800] "GET /xingrg/all/function/internal_message.html?_=1706926993085&CODE_STATE=getMsg HTTP/1.1" 200 27
116.228.172.94 - - [03/Feb/2024:10:23:14 +0800] "GET /xingrg/all/function/internal_message.html?_=1706926841491&CODE_STATE=getMsg HTTP/1.1" 200 27
116.228.172.94 - - [03/Feb/2024:10:23:18 +0800] "GET /xingrg/kc/base/base_main.html HTTP/1.1" 200 12142
116.228.172.94 - - [03/Feb/2024:10:23:19 +0800] "GET /xingrg/kc/base/check_order_list.html HTTP/1.1" 200 16136
116.228.172.94 - - [03/Feb/2024:10:23:19 +0800] "POST /xingrg/kc/base/check_list_operate.html HTTP/1.1" 200 1890
116.230.123.222 - - [03/Feb/2024:10:23:21 +0800] "GET /xingrg/kc/buy/cgsh_order_operate.html?command=get_materiel&rest_code=00111&code=00101006087&supplier_code=00100012&order_time=2024-02-03 HTTP/1.1" 200 409
222.69.130.89 - - [03/Feb/2024:10:23:21 +0800] "GET /xingrg/all/function/internal_message.html?_=1706927002757&CODE_STATE=getMsg HTTP/1.1" 200 27
172.20.0.100 - - [03/Feb/2024:10:23:23 +0800] "GET /xingrg/all/function/internal_message.html?_=1706927019141&CODE_STATE=getMsg HTTP/1.1" 302 -
116.228.172.94 - - [03/Feb/2024:10:23:23 +0800] "GET /xingrg/kc/base/check_order_info.html?code=452024013100500 HTTP/1.1" 200 25424
116.228.172.94 - - [03/Feb/2024:10:23:23 +0800] "GET /xingrg/dwr/interface/AjaxComOrderService.js HTTP/1.1" 200 18264
116.228.172.94 - - [03/Feb/2024:10:23:23 +0800] "GET /xingrg/dwr/interface/AjaxCheckService.js HTTP/1.1" 200 14003
116.228.172.94 - - [03/Feb/2024:10:23:23 +0800] "GET /xingrg/dwr/engine.js HTTP/1.1" 200 43631
116.228.172.94 - - [03/Feb/2024:10:23:24 +0800] "POST /xingrg/dwr/call/plaincall/AjaxCheckService.loadOrderItems.dwr HTTP/1.1" 200 65909
116.228.172.94 - - [03/Feb/2024:10:23:32 +0800] "POST /xingrg/dwr/call/plaincall/AjaxCheckService.clearOrderItem.dwr HTTP/1.1" 200 78
116.228.172.94 - - [03/Feb/2024:10:23:32 +0800] "POST /xingrg/dwr/call/plaincall/AjaxCheckService.loadOrderItems.dwr HTTP/1.1" 200 368
222.70.168.248 - - [03/Feb/2024:10:23:32 +0800] "GET /xingrg/all/function/internal_message.html?_=1706927015465&CODE_STATE=getMsg HTTP/1.1" 200 27
116.230.123.222 - - [03/Feb/2024:10:23:34 +0800] "GET /xingrg/all/function/internal_message.html?_=1706927011957&CODE_STATE=getMsg HTTP/1.1" 200 27
116.228.172.94 - - [03/Feb/2024:10:23:35 +0800] "POST /xingrg/kc/report/common_data.html?type=materiel_category_tree HTTP/1.1" 200 4017
116.238.97.31 - - [03/Feb/2024:10:23:35 +0800] "GET /xingrg/all/function/internal_message.html?_=1706927015028&CODE_STATE=getMsg HTTP/1.1" 200 27
116.228.172.94 - - [03/Feb/2024:10:23:40 +0800] "POST /xingrg/dwr/call/plaincall/AjaxCheckService.importOrderItems.dwr HTTP/1.1" 200 78
116.228.172.94 - - [03/Feb/2024:10:23:42 +0800] "POST /xingrg/dwr/call/plaincall/AjaxCheckService.loadOrderItems.dwr HTTP/1.1" 200 65916
180.169.147.146 - - [03/Feb/2024:10:23:42 +0800] "GET /xingrg/all/function/internal_message.html?_=1706927022892&CODE_STATE=getMsg HTTP/1.1" 200 27
180.169.147.146 - - [03/Feb/2024:10:23:42 +0800] "GET /xingrg/check_reg.html?_=1706927022894 HTTP/1.1" 200 22
180.163.29.79 - - [03/Feb/2024:10:23:44 +0800] "GET /xingrg/all/function/internal_message.html?_=1706926960148&CODE_STATE=getMsg HTTP/1.1" 302 -
124.78.156.111 - - [03/Feb/2024:10:23:44 +0800] "GET /xingrg/all/function/internal_message.html?_=1706927020134&CODE_STATE=getMsg HTTP/1.1" 200 27
