124.78.156.111 - - [03/Feb/2024:09:39:11 +0800] "POST /xingrg/kc/buy/cgsh_order_operate.html HTTP/1.1" 200 12
101.83.145.37 - - [03/Feb/2024:09:39:11 +0800] "GET /xingrg/javascript/easyui/themes/default/validatebox.css HTTP/1.1" 404 1104
101.83.145.37 - - [03/Feb/2024:09:39:11 +0800] "POST /xingrg/kc/mdqp/pssh_order_operate.html HTTP/1.1" 200 539
116.238.120.94 - - [03/Feb/2024:09:39:12 +0800] "GET /xingrg/all/function/internal_message.html?_=1706924351890&CODE_STATE=getMsg HTTP/1.1" 200 27
222.70.168.248 - - [03/Feb/2024:09:39:22 +0800] "GET /xingrg/check_reg.html?_=1706924364526 HTTP/1.1" 200 22
124.78.156.111 - - [03/Feb/2024:09:39:23 +0800] "GET /xingrg/kc/buy/cgsh_order_info.html?code=212024020301067 HTTP/1.1" 200 68368
172.20.0.100 - - [03/Feb/2024:09:39:23 +0800] "GET /xingrg/all/function/internal_message.html?_=1706924379123&CODE_STATE=getMsg HTTP/1.1" 302 -
120.253.135.82 - - [03/Feb/2024:09:39:25 +0800] "GET /xingrg/check_reg.html?_=1706924192488 HTTP/1.1" 200 22
124.78.68.102 - - [03/Feb/2024:09:39:25 +0800] "GET /xingrg/kc/system/base_setting_page.html HTTP/1.1" 200 9193
124.78.68.102 - - [03/Feb/2024:09:39:25 +0800] "GET /xingrg/css/table.css HTTP/1.1" 200 3684
124.78.68.102 - - [03/Feb/2024:09:39:25 +0800] "GET /xingrg/dwr/interface/AjaxSystemService.js HTTP/1.1" 200 13657
124.78.68.102 - - [03/Feb/2024:09:39:25 +0800] "GET /xingrg/dwr/engine.js HTTP/1.1" 200 43631
124.78.156.111 - - [03/Feb/2024:09:39:26 +0800] "GET /xingrg/javascript/easyui/themes/default/validatebox.css HTTP/1.1" 404 1104
120.253.135.82 - - [03/Feb/2024:09:39:26 +0800] "GET /xingrg/all/function/internal_message.html?_=1706924193764&CODE_STATE=getMsg HTTP/1.1" 200 27
124.78.156.111 - - [03/Feb/2024:09:39:27 +0800] "POST /xingrg/kc/buy/cgsh_order_operate.html HTTP/1.1" 200 11948
101.83.145.37 - - [03/Feb/2024:09:39:28 +0800] "GET /xingrg/kc/buy/cgsh_order_add.html HTTP/1.1" 200 73549
101.83.145.37 - - [03/Feb/2024:09:39:28 +0800] "GET /xingrg/words/20240202172956_words.js HTTP/1.1" 200 1013347
101.83.145.37 - - [03/Feb/2024:09:39:29 +0800] "POST /xingrg/kc/buy/cgsh_order_operate.html HTTP/1.1" 200 8245
101.83.145.37 - - [03/Feb/2024:09:39:29 +0800] "GET /xingrg/javascript/easyui/themes/default/validatebox.css HTTP/1.1" 404 1104
116.238.97.31 - - [03/Feb/2024:09:39:29 +0800] "GET /xingrg/kc/buy/cgsh_order_list.html HTTP/1.1" 200 57692
101.83.145.37 - - [03/Feb/2024:09:39:29 +0800] "GET /xingrg/all/common/auto_word.html?type=employee&rest_code=00105 HTTP/1.1" 200 193
101.83.145.37 - - [03/Feb/2024:09:39:29 +0800] "GET /xingrg/all/common/auto_word.html?type=employee&rest_code=00105 HTTP/1.1" 200 193
116.238.97.31 - - [03/Feb/2024:09:39:29 +0800] "GET /xingrg/css/base.css HTTP/1.1" 200 2811
116.238.97.31 - - [03/Feb/2024:09:39:29 +0800] "GET /xingrg/css/site.css HTTP/1.1" 200 7541
116.238.97.31 - - [03/Feb/2024:09:39:29 +0800] "GET /xingrg/javascript/jquery_tools/datebox.css HTTP/1.1" 200 2597
116.238.97.31 - - [03/Feb/2024:09:39:29 +0800] "GET /xingrg/javascript/jquery_tools/fix.css HTTP/1.1" 200 1702
116.238.97.31 - - [03/Feb/2024:09:39:29 +0800] "GET /xingrg/javascript/easyui/themes/default/easyui.css HTTP/1.1" 200 30432
116.238.97.31 - - [03/Feb/2024:09:39:29 +0800] "GET /xingrg/javascript/easyui/themes/icon.css HTTP/1.1" 200 4483
116.238.97.31 - - [03/Feb/2024:09:39:29 +0800] "GET /xingrg/javascript/auto/jquery.autocomplete.css HTTP/1.1" 200 587
116.238.97.31 - - [03/Feb/2024:09:39:29 +0800] "GET /xingrg/javascript/jquery_tools/jquery.tools.min.js HTTP/1.1" 200 138801
116.238.97.31 - - [03/Feb/2024:09:39:29 +0800] "GET /xingrg/javascript/jquery_tools/table.css HTTP/1.1" 200 1032
116.238.97.31 - - [03/Feb/2024:09:39:29 +0800] "GET /xingrg/javascript/jquery_tools/jquery.tools.extend.js HTTP/1.1" 200 15385
116.238.97.31 - - [03/Feb/2024:09:39:29 +0800] "GET /xingrg/javascript/jquery_tools/jquery.tools.hotkey.js HTTP/1.1" 200 3242
116.238.97.31 - - [03/Feb/2024:09:39:29 +0800] "GET /xingrg/javascript/jquery_tools/jquery.tools.table.js HTTP/1.1" 200 6994
116.238.97.31 - - [03/Feb/2024:09:39:29 +0800] "GET /xingrg/javascript/jquery_tools/list_manager.js HTTP/1.1" 200 3652
116.238.97.31 - - [03/Feb/2024:09:39:29 +0800] "GET /xingrg/javascript/auto/jquery.autocomplete.js HTTP/1.1" 200 21624
116.238.97.31 - - [03/Feb/2024:09:39:29 +0800] "GET /xingrg/javascript/easyui/easyloader.js HTTP/1.1" 200 5975
116.238.97.31 - - [03/Feb/2024:09:39:29 +0800] "GET /xingrg/javascript/jquery.cookie.js HTTP/1.1" 200 5513
116.238.97.31 - - [03/Feb/2024:09:39:29 +0800] "GET /xingrg/javascript/print/LodopFuncs.js HTTP/1.1" 200 5121
116.238.97.31 - - [03/Feb/2024:09:39:29 +0800] "GET /xingrg/javascript/easyui/themes/icons/check_new.png HTTP/1.1" 200 3224
116.238.97.31 - - [03/Feb/2024:09:39:29 +0800] "GET /xingrg/javascript/easyui/themes/icons/cance_new.png HTTP/1.1" 200 3986
116.238.97.31 - - [03/Feb/2024:09:39:29 +0800] "GET /xingrg/javascript/easyui/themes/icons/edit_add_new.png HTTP/1.1" 200 2997
116.238.97.31 - - [03/Feb/2024:09:39:29 +0800] "GET /xingrg/javascript/easyui/themes/icons/field_new.png HTTP/1.1" 200 1097
116.238.97.31 - - [03/Feb/2024:09:39:29 +0800] "GET /xingrg/javascript/easyui/themes/icons/import_new.png HTTP/1.1" 200 1247
116.238.97.31 - - [03/Feb/2024:09:39:29 +0800] "GET /xingrg/javascript/easyui/plugins/jquery.parser.js HTTP/1.1" 200 1142
116.238.97.31 - - [03/Feb/2024:09:39:29 +0800] "GET /xingrg/images/control/ajaxLoader.gif HTTP/1.1" 200 4659
222.70.168.248 - - [03/Feb/2024:09:39:30 +0800] "GET /xingrg/all/function/internal_message.html?_=1706924372825&CODE_STATE=getMsg HTTP/1.1" 200 27
116.238.97.31 - - [03/Feb/2024:09:39:31 +0800] "POST /xingrg/kc/buy/cgsh_list_operate.html HTTP/1.1" 200 986
116.230.123.222 - - [03/Feb/2024:09:39:33 +0800] "GET /xingrg/check_reg.html?_=1706924370727 HTTP/1.1" 200 22
116.230.123.222 - - [03/Feb/2024:09:39:35 +0800] "GET /xingrg/all/function/internal_message.html?_=1706924372539&CODE_STATE=getMsg HTTP/1.1" 200 27
116.238.97.31 - - [03/Feb/2024:09:39:40 +0800] "POST /xingrg/kc/buy/cgsh_list_operate.html HTTP/1.1" 200 6446
124.78.156.111 - - [03/Feb/2024:09:39:42 +0800] "GET /xingrg/kc/print/load_data.html?order_code=212024020301067&kc_code=cgsh&condition= HTTP/1.1" 200 5014
180.163.29.234 - - [03/Feb/2024:09:39:44 +0800] "GET /xingrg/all/function/internal_message.html?_=1706924320485&CODE_STATE=getMsg HTTP/1.1" 302 -
124.78.156.111 - - [03/Feb/2024:09:39:45 +0800] "GET /xingrg/all/function/internal_message.html?_=1706924380878&CODE_STATE=getMsg HTTP/1.1" 200 27
221.239.172.206 - - [03/Feb/2024:09:39:46 +0800] "GET /xingrg/all/function/internal_message.html?_=1706924386275&CODE_STATE=getMsg HTTP/1.1" 200 27
180.163.29.234 - - [03/Feb/2024:09:39:47 +0800] "GET /xingrg/login.html HTTP/1.1" 200 7641
116.238.97.31 - - [03/Feb/2024:09:39:47 +0800] "POST /xingrg/kc/buy/cgsh_list_operate.html HTTP/1.1" 200 6615
101.83.145.37 - - [03/Feb/2024:09:39:48 +0800] "POST /xingrg/all/common/load_combo.html?type=employee HTTP/1.1" 200 356
124.78.68.102 - - [03/Feb/2024:09:39:54 +0800] "GET /xingrg/all/function/internal_message.html?_=1706924394027&CODE_STATE=getMsg HTTP/1.1" 200 27
58.39.105.37 - - [03/Feb/2024:09:39:55 +0800] "GET /xingrg/all/function/internal_message.html?_=1706924396329&CODE_STATE=getMsg HTTP/1.1" 200 27
124.78.68.102 - - [03/Feb/2024:09:39:56 +0800] "GET /xingrg/all/function/internal_message.html?_=1706924389439&CODE_STATE=getMsg HTTP/1.1" 200 27
180.164.1.25 - - [03/Feb/2024:09:39:58 +0800] "GET /xingrg/all/function/internal_message.html?_=1706924398199&CODE_STATE=getMsg HTTP/1.1" 200 27
124.78.68.102 - - [03/Feb/2024:09:40:00 +0800] "GET /xingrg/images/blue/wait.gif HTTP/1.1" 200 1100
124.78.68.102 - - [03/Feb/2024:09:40:00 +0800] "POST /xingrg/dwr/call/plaincall/AjaxSystemService.saveConfigItems.dwr HTTP/1.1" 200 78
101.83.145.37 - - [03/Feb/2024:09:40:00 +0800] "GET /xingrg/all/function/internal_message.html?_=1706924401589&CODE_STATE=getMsg HTTP/1.1" 200 27
101.83.145.37 - - [03/Feb/2024:09:40:02 +0800] "GET /xingrg/kc/buy/cgsh_order_operate.html?command=get_materiel&rest_code=00105&code=00101008338&supplier_code=00100466&order_time=2024-02-03 HTTP/1.1" 200 408
124.79.240.117 - - [03/Feb/2024:09:40:02 +0800] "POST /xingrg/services/DataTransmitService HTTP/1.1" 200 524
116.238.120.94 - - [03/Feb/2024:09:40:04 +0800] "GET /xingrg/all/function/internal_message.html?_=1706924404368&CODE_STATE=getMsg HTTP/1.1" 200 27
101.83.145.37 - - [03/Feb/2024:09:40:08 +0800] "GET /xingrg/all/function/internal_message.html?_=1706924173037&CODE_STATE=getMsg HTTP/1.1" 200 27
116.238.97.31 - - [03/Feb/2024:09:40:10 +0800] "GET /xingrg/all/function/internal_message.html?_=1706924410691&CODE_STATE=getMsg HTTP/1.1" 200 27
101.83.145.37 - - [03/Feb/2024:09:40:10 +0800] "GET /xingrg/kc/buy/cgsh_order_operate.html?command=get_materiel&rest_code=00105&code=00101008032&supplier_code=00100466&order_time=2024-02-03 HTTP/1.1" 200 408
114.83.221.124 - - [03/Feb/2024:09:40:10 +0800] "GET /xingrg/all/function/internal_message.html?_=1706924407478&CODE_STATE=getMsg HTTP/1.1" 200 27
116.238.120.94 - - [03/Feb/2024:09:40:12 +0800] "GET /xingrg/all/function/internal_message.html?_=1706924411890&CODE_STATE=getMsg HTTP/1.1" 200 27
101.83.145.37 - - [03/Feb/2024:09:40:16 +0800] "POST /xingrg/kc/mdqp/pssh_order_operate.html HTTP/1.1" 200 37
101.83.145.37 - - [03/Feb/2024:09:40:19 +0800] "POST /xingrg/kc/mdqp/pssh_order_operate.html HTTP/1.1" 200 12
116.238.97.31 - - [03/Feb/2024:09:40:19 +0800] "POST /xingrg/kc/buy/cgsh_list_operate.html HTTP/1.1" 200 6609
101.83.145.37 - - [03/Feb/2024:09:40:21 +0800] "GET /xingrg/kc/mdqp/pssh_order_info.html?code=312024013000854 HTTP/1.1" 200 14388
101.83.145.37 - - [03/Feb/2024:09:40:21 +0800] "GET /xingrg/javascript/jquery_tools/jquery-1.4.2.min.js HTTP/1.1" 404 1094
101.83.145.37 - - [03/Feb/2024:09:40:21 +0800] "GET /xingrg/javascript/easyui/themes/default/validatebox.css HTTP/1.1" 404 1104
101.83.145.37 - - [03/Feb/2024:09:40:21 +0800] "POST /xingrg/kc/mdqp/pssh_order_operate.html HTTP/1.1" 200 539
124.78.68.102 - - [03/Feb/2024:09:40:22 +0800] "GET /xingrg/javascript/easyui/themes/sunny/images/ui-bg_gloss-wave_60_fece2f_500x100.png HTTP/1.1" 200 3512
172.20.0.100 - - [03/Feb/2024:09:40:23 +0800] "GET /xingrg/all/function/internal_message.html?_=1706924439121&CODE_STATE=getMsg HTTP/1.1" 302 -
101.83.145.37 - - [03/Feb/2024:09:40:25 +0800] "GET /xingrg/kc/print/load_data.html?order_code=312024013000854&kc_code=pssh&condition= HTTP/1.1" 200 679
120.253.135.82 - - [03/Feb/2024:09:40:26 +0800] "GET /xingrg/all/function/internal_message.html?_=1706924253777&CODE_STATE=getMsg HTTP/1.1" 200 27
101.83.145.37 - - [03/Feb/2024:09:40:26 +0800] "POST /xingrg/kc/buy/cgsh_order_operate.html HTTP/1.1" 200 37
180.164.1.25 - - [03/Feb/2024:09:40:27 +0800] "GET /xingrg/kc/mdqp/qqps_order_list.html HTTP/1.1" 200 10079
180.164.1.25 - - [03/Feb/2024:09:40:27 +0800] "GET /xingrg/dwr/interface/AjaxQqpsService.js HTTP/1.1" 200 16326
180.164.1.25 - - [03/Feb/2024:09:40:27 +0800] "GET /xingrg/dwr/interface/AjaxReportQueryService.js HTTP/1.1" 200 13203
180.164.1.25 - - [03/Feb/2024:09:40:27 +0800] "GET /xingrg/dwr/engine.js HTTP/1.1" 200 43631
180.164.1.25 - - [03/Feb/2024:09:40:29 +0800] "GET /xingrg/kc/mdqp/qqps_order_info.html?code=302024020300063 HTTP/1.1" 200 26644
180.164.1.25 - - [03/Feb/2024:09:40:29 +0800] "GET /xingrg/dwr/interface/AjaxComOrderService.js HTTP/1.1" 200 18264
180.164.1.25 - - [03/Feb/2024:09:40:29 +0800] "GET /xingrg/dwr/interface/AjaxQqpsService.js HTTP/1.1" 200 16326
180.164.1.25 - - [03/Feb/2024:09:40:29 +0800] "GET /xingrg/dwr/engine.js HTTP/1.1" 200 43631
222.70.168.248 - - [03/Feb/2024:09:40:30 +0800] "GET /xingrg/all/function/internal_message.html?_=1706924432837&CODE_STATE=getMsg HTTP/1.1" 200 27
180.164.1.25 - - [03/Feb/2024:09:40:30 +0800] "POST /xingrg/dwr/call/plaincall/AjaxQqpsService.loadMaterielItems.dwr HTTP/1.1" 200 400
116.238.97.31 - - [03/Feb/2024:09:40:31 +0800] "POST /xingrg/kc/buy/cgsh_list_operate.html HTTP/1.1" 200 6641
124.78.156.111 - - [03/Feb/2024:09:40:32 +0800] "GET /xingrg/check_reg.html?_=1706924428798 HTTP/1.1" 200 22
180.164.1.25 - - [03/Feb/2024:09:40:33 +0800] "POST /xingrg/dwr/call/plaincall/AjaxQqpsService.uncheckOrder.dwr HTTP/1.1" 200 78
116.230.123.222 - - [03/Feb/2024:09:40:35 +0800] "GET /xingrg/all/function/internal_message.html?_=1706924432511&CODE_STATE=getMsg HTTP/1.1" 200 27
180.164.1.25 - - [03/Feb/2024:09:40:35 +0800] "GET /xingrg/kc/mdqp/qqps_order_info.html?code=302024020300063 HTTP/1.1" 200 28403
180.164.1.25 - - [03/Feb/2024:09:40:35 +0800] "GET /xingrg/css/blue.css HTTP/1.1" 304 -
180.164.1.25 - - [03/Feb/2024:09:40:35 +0800] "GET /xingrg/javascript/jquery_easy_ui/themes/icon.css HTTP/1.1" 304 -
180.164.1.25 - - [03/Feb/2024:09:40:35 +0800] "GET /xingrg/javascript/auto/jquery.autocomplete.css HTTP/1.1" 304 -
180.164.1.25 - - [03/Feb/2024:09:40:35 +0800] "GET /xingrg/javascript/jquery-1.4.2.min.js HTTP/1.1" 304 -
180.164.1.25 - - [03/Feb/2024:09:40:35 +0800] "GET /xingrg/javascript/jquery_easy_ui/jquery.easyui.min.js HTTP/1.1" 304 -
180.164.1.25 - - [03/Feb/2024:09:40:36 +0800] "GET /xingrg/javascript/jquery_easy_ui/easyui-lang-zh_CN.js HTTP/1.1" 304 -
180.164.1.25 - - [03/Feb/2024:09:40:36 +0800] "GET /xingrg/javascript/auto/jquery.autocomplete.js HTTP/1.1" 304 -
180.164.1.25 - - [03/Feb/2024:09:40:36 +0800] "GET /xingrg/javascript/tools/jquery.qtip-1.0.0-rc3.min.js HTTP/1.1" 304 -
180.164.1.25 - - [03/Feb/2024:09:40:36 +0800] "GET /xingrg/javascript/jquery.utils.js HTTP/1.1" 304 -
180.164.1.25 - - [03/Feb/2024:09:40:36 +0800] "GET /xingrg/javascript/pic_change.js HTTP/1.1" 304 -
180.164.1.25 - - [03/Feb/2024:09:40:36 +0800] "GET /xingrg/dwr/interface/AjaxComOrderService.js HTTP/1.1" 200 18264
180.164.1.25 - - [03/Feb/2024:09:40:36 +0800] "GET /xingrg/dwr/interface/AjaxQqpsService.js HTTP/1.1" 200 16326
180.164.1.25 - - [03/Feb/2024:09:40:36 +0800] "GET /xingrg/dwr/engine.js HTTP/1.1" 200 43631
180.164.1.25 - - [03/Feb/2024:09:40:36 +0800] "GET /xingrg/dwr/util.js HTTP/1.1" 304 -
180.164.1.25 - - [03/Feb/2024:09:40:36 +0800] "GET /xingrg/javascript/Calendar.js HTTP/1.1" 304 -
180.164.1.25 - - [03/Feb/2024:09:40:36 +0800] "GET /xingrg/javascript/myfunction.js HTTP/1.1" 304 -
180.164.1.25 - - [03/Feb/2024:09:40:36 +0800] "GET /xingrg/javascript/AjaxInfoList.js HTTP/1.1" 304 -
180.164.1.25 - - [03/Feb/2024:09:40:36 +0800] "GET /xingrg/javascript/Grid.js HTTP/1.1" 304 -
180.164.1.25 - - [03/Feb/2024:09:40:36 +0800] "GET /xingrg/javascript/ToolTips.js HTTP/1.1" 304 -
180.164.1.25 - - [03/Feb/2024:09:40:36 +0800] "GET /xingrg/javascript/print/kc_print.js HTTP/1.1" 304 -
180.164.1.25 - - [03/Feb/2024:09:40:36 +0800] "GET /xingrg/javascript/print/LodopFuncs.js HTTP/1.1" 304 -
180.164.1.25 - - [03/Feb/2024:09:40:36 +0800] "GET /xingrg/javascript/jquery_easy_ui/themes/default/easyui.css HTTP/1.1" 304 -
180.164.1.25 - - [03/Feb/2024:09:40:36 +0800] "GET /xingrg/javascript/jquery_easy_ui/themes/icon.css HTTP/1.1" 304 -
180.164.1.25 - - [03/Feb/2024:09:40:36 +0800] "GET /xingrg/words/20240202172956_words.js HTTP/1.1" 304 -
180.164.1.25 - - [03/Feb/2024:09:40:36 +0800] "GET /xingrg/images/blue/button/kc_tab_edit.gif HTTP/1.1" 304 -
180.164.1.25 - - [03/Feb/2024:09:40:36 +0800] "GET /xingrg/images/blue/button/kc_tab_add.gif HTTP/1.1" 304 -
180.164.1.25 - - [03/Feb/2024:09:40:36 +0800] "GET /xingrg/images/blue/button/kc_tab_save.gif HTTP/1.1" 304 -
180.164.1.25 - - [03/Feb/2024:09:40:36 +0800] "GET /xingrg/images/blue/button/kc_tab_del.gif HTTP/1.1" 304 -
180.164.1.25 - - [03/Feb/2024:09:40:36 +0800] "GET /xingrg/images/blue/wait.gif HTTP/1.1" 304 -
101.83.145.37 - - [03/Feb/2024:09:40:36 +0800] "POST /xingrg/kc/buy/cgsh_order_operate.html HTTP/1.1" 200 2653
180.164.1.25 - - [03/Feb/2024:09:40:36 +0800] "POST /xingrg/dwr/call/plaincall/AjaxQqpsService.loadMaterielItems.dwr HTTP/1.1" 200 400
180.164.1.25 - - [03/Feb/2024:09:40:41 +0800] "GET /xingrg/images/yd/bt.gif HTTP/1.1" 404 1040
180.164.1.25 - - [03/Feb/2024:09:40:41 +0800] "GET /xingrg/images/yd/bt2.gif HTTP/1.1" 404 1042
180.163.29.217 - - [03/Feb/2024:09:40:42 +0800] "GET /xingrg/kc/print/load_data.html?order_code=212024020301067&kc_code=cgsh&condition= HTTP/1.1" 302 -
116.238.97.31 - - [03/Feb/2024:09:40:42 +0800] "POST /xingrg/kc/buy/cgsh_list_operate.html HTTP/1.1" 200 6637
180.163.29.217 - - [03/Feb/2024:09:40:42 +0800] "GET /xingrg/login.html HTTP/1.1" 200 7641
180.164.1.25 - - [03/Feb/2024:09:40:43 +0800] "GET /xingrg/javascript/auto/indicator.gif HTTP/1.1" 404 1066
124.78.156.111 - - [03/Feb/2024:09:40:45 +0800] "GET /xingrg/all/function/internal_message.html?_=1706924440861&CODE_STATE=getMsg HTTP/1.1" 200 27
180.164.1.25 - - [03/Feb/2024:09:40:46 +0800] "POST /xingrg/dwr/call/plaincall/AjaxQqpsService.getMaterielByCode.dwr HTTP/1.1" 200 2959
221.239.172.206 - - [03/Feb/2024:09:40:46 +0800] "GET /xingrg/all/function/internal_message.html?_=1706924446246&CODE_STATE=getMsg HTTP/1.1" 200 27
180.164.1.25 - - [03/Feb/2024:09:40:48 +0800] "POST /xingrg/dwr/call/plaincall/AjaxQqpsService.saveMaterielItem.dwr HTTP/1.1" 200 78
116.238.97.31 - - [03/Feb/2024:09:40:50 +0800] "POST /xingrg/kc/buy/cgsh_list_operate.html HTTP/1.1" 200 6545
180.164.1.25 - - [03/Feb/2024:09:40:50 +0800] "POST /xingrg/dwr/call/plaincall/AjaxQqpsService.checkOrder.dwr HTTP/1.1" 200 78
124.78.68.102 - - [03/Feb/2024:09:40:51 +0800] "GET /xingrg/all/report/report_query.html?isQuery=1&fileName=dma/new_5.0/menu/javascript:show_menu_mx(%27[%E7%A4%BC%E7%9B%92]%E6%A6%95%E6%B8%AF%E4%BD%9B%E8%B7%B3%E5%A2%99%E7%A4%BC%E7%9B%92(6%E7%BD%90/%E7%9B%92)%27,%27%E7%9B%92%27); HTTP/1.1" 200 2244
124.78.68.102 - - [03/Feb/2024:09:40:51 +0800] "GET /favicon.ico HTTP/1.1" 404 -
180.164.1.25 - - [03/Feb/2024:09:40:51 +0800] "GET /xingrg/kc/mdqp/qqps_order_info.html?code=302024020300063 HTTP/1.1" 200 26644
180.164.1.25 - - [03/Feb/2024:09:40:51 +0800] "GET /xingrg/dwr/interface/AjaxQqpsService.js HTTP/1.1" 200 16326
180.164.1.25 - - [03/Feb/2024:09:40:51 +0800] "GET /xingrg/dwr/interface/AjaxComOrderService.js HTTP/1.1" 200 18264
180.164.1.25 - - [03/Feb/2024:09:40:51 +0800] "GET /xingrg/dwr/engine.js HTTP/1.1" 200 43631
180.164.1.25 - - [03/Feb/2024:09:40:52 +0800] "POST /xingrg/dwr/call/plaincall/AjaxQqpsService.loadMaterielItems.dwr HTTP/1.1" 200 661
124.78.68.102 - - [03/Feb/2024:09:40:54 +0800] "GET /xingrg/all/function/internal_message.html?_=1706924454004&CODE_STATE=getMsg HTTP/1.1" 200 27
180.164.1.25 - - [03/Feb/2024:09:40:54 +0800] "GET /xingrg/kc/mdqp/qqps_order_list.html?isBack=1 HTTP/1.1" 200 10088
180.164.1.25 - - [03/Feb/2024:09:40:54 +0800] "GET /xingrg/dwr/interface/AjaxQqpsService.js HTTP/1.1" 200 16326
180.164.1.25 - - [03/Feb/2024:09:40:54 +0800] "GET /xingrg/dwr/interface/AjaxReportQueryService.js HTTP/1.1" 200 13203
180.164.1.25 - - [03/Feb/2024:09:40:54 +0800] "GET /xingrg/dwr/engine.js HTTP/1.1" 200 43631
58.39.105.37 - - [03/Feb/2024:09:40:55 +0800] "GET /xingrg/all/function/internal_message.html?_=1706924456329&CODE_STATE=getMsg HTTP/1.1" 200 27
124.78.68.102 - - [03/Feb/2024:09:40:56 +0800] "GET /xingrg/all/function/internal_message.html?_=1706924449443&CODE_STATE=getMsg HTTP/1.1" 200 27
180.164.1.25 - - [03/Feb/2024:09:40:58 +0800] "GET /xingrg/check_reg.html?_=1706924458177 HTTP/1.1" 200 22
180.164.1.25 - - [03/Feb/2024:09:40:58 +0800] "GET /xingrg/all/function/internal_message.html?_=1706924458179&CODE_STATE=getMsg HTTP/1.1" 200 27
116.238.97.31 - - [03/Feb/2024:09:41:00 +0800] "POST /xingrg/kc/buy/cgsh_list_operate.html HTTP/1.1" 200 6583
101.83.145.37 - - [03/Feb/2024:09:41:00 +0800] "GET /xingrg/all/function/internal_message.html?_=1706924461574&CODE_STATE=getMsg HTTP/1.1" 200 27
101.83.145.37 - - [03/Feb/2024:09:41:03 +0800] "GET /xingrg/kc/print/load_config.html?kc_code=cgsh HTTP/1.1" 200 1927
101.83.145.37 - - [03/Feb/2024:09:41:03 +0800] "GET /xingrg/kc/print/load_data.html?order_code=212024020301079&kc_code=cgsh&condition= HTTP/1.1" 200 648
116.238.120.94 - - [03/Feb/2024:09:41:04 +0800] "GET /xingrg/all/function/internal_message.html?_=1706924464357&CODE_STATE=getMsg HTTP/1.1" 200 27
101.83.145.37 - - [03/Feb/2024:09:41:08 +0800] "GET /xingrg/all/function/internal_message.html?_=1706924233009&CODE_STATE=getMsg HTTP/1.1" 200 27
124.78.68.102 - - [03/Feb/2024:09:41:08 +0800] "GET /xingrg/all/report/report_query.html?isQuery=1&fileName=dma/new_5.0/menu/javascript:show_menu_mx(%27[%E7%A4%BC%E7%9B%92]%E6%AD%A6%E5%A4%B7%E5%A4%A7%E7%BA%A2%E8%A2%8D%E7%A4%BC%E7%9B%92%27,%27%E7%9B%92%27); HTTP/1.1" 200 2236
124.78.68.102 - - [03/Feb/2024:09:41:08 +0800] "GET /favicon.ico HTTP/1.1" 404 -
124.78.68.102 - - [03/Feb/2024:09:41:10 +0800] "GET /xingrg/check_reg.html?_=1706924470035 HTTP/1.1" 200 22
116.238.97.31 - - [03/Feb/2024:09:41:10 +0800] "GET /xingrg/check_reg.html?_=1706924470685 HTTP/1.1" 200 22
116.238.97.31 - - [03/Feb/2024:09:41:10 +0800] "GET /xingrg/all/function/internal_message.html?_=1706924470690&CODE_STATE=getMsg HTTP/1.1" 200 27
114.83.221.124 - - [03/Feb/2024:09:41:10 +0800] "GET /xingrg/all/function/internal_message.html?_=1706924467485&CODE_STATE=getMsg HTTP/1.1" 200 27
116.238.120.94 - - [03/Feb/2024:09:41:12 +0800] "GET /xingrg/all/function/internal_message.html?_=1706924471897&CODE_STATE=getMsg HTTP/1.1" 200 27
116.238.97.31 - - [03/Feb/2024:09:41:12 +0800] "POST /xingrg/kc/buy/cgsh_list_operate.html HTTP/1.1" 200 6613
116.238.97.31 - - [03/Feb/2024:09:41:21 +0800] "POST /xingrg/kc/buy/cgsh_list_operate.html HTTP/1.1" 200 6596
172.20.0.100 - - [03/Feb/2024:09:41:23 +0800] "GET /xingrg/all/function/internal_message.html?_=1706924499119&CODE_STATE=getMsg HTTP/1.1" 302 -
120.253.135.82 - - [03/Feb/2024:09:41:26 +0800] "GET /xingrg/all/function/internal_message.html?_=1706924313799&CODE_STATE=getMsg HTTP/1.1" 200 27
222.70.168.248 - - [03/Feb/2024:09:41:30 +0800] "GET /xingrg/all/function/internal_message.html?_=1706924493002&CODE_STATE=getMsg HTTP/1.1" 200 27
180.163.30.100 - - [03/Feb/2024:09:41:32 +0800] "GET /xingrg/check_reg.html?_=1706924428798 HTTP/1.1" 302 -
180.163.30.100 - - [03/Feb/2024:09:41:32 +0800] "GET /xingrg/login.html HTTP/1.1" 200 7641
116.230.123.222 - - [03/Feb/2024:09:41:35 +0800] "GET /xingrg/all/function/internal_message.html?_=1706924492496&CODE_STATE=getMsg HTTP/1.1" 200 27
101.83.145.37 - - [03/Feb/2024:09:41:36 +0800] "GET /xingrg/kc/buy/cgsh_order_add.html HTTP/1.1" 200 73549
101.83.145.37 - - [03/Feb/2024:09:41:37 +0800] "POST /xingrg/kc/buy/cgsh_order_operate.html HTTP/1.1" 200 8245
101.83.145.37 - - [03/Feb/2024:09:41:37 +0800] "GET /xingrg/javascript/easyui/themes/default/validatebox.css HTTP/1.1" 404 1104
124.78.156.111 - - [03/Feb/2024:09:41:45 +0800] "GET /xingrg/all/function/internal_message.html?_=1706924500844&CODE_STATE=getMsg HTTP/1.1" 200 27
221.239.172.206 - - [03/Feb/2024:09:41:46 +0800] "GET /xingrg/all/function/internal_message.html?_=1706924506231&CODE_STATE=getMsg HTTP/1.1" 200 27
124.78.156.111 - - [03/Feb/2024:09:41:48 +0800] "GET /xingrg/kc/buy/cgsh_order_add.html HTTP/1.1" 200 73467
124.78.156.111 - - [03/Feb/2024:09:41:48 +0800] "POST /xingrg/kc/buy/cgsh_order_operate.html HTTP/1.1" 200 8245
124.78.156.111 - - [03/Feb/2024:09:41:49 +0800] "GET /xingrg/javascript/easyui/themes/default/validatebox.css HTTP/1.1" 404 1104
124.78.156.111 - - [03/Feb/2024:09:41:50 +0800] "GET /xingrg/javascript/easyui/themes/default/tree.css HTTP/1.1" 404 1090
124.78.156.111 - - [03/Feb/2024:09:41:51 +0800] "POST /xingrg/all/common/load_tree.html?tree=supplier_tree_json&isDelete=1 HTTP/1.1" 200 78460
124.78.68.102 - - [03/Feb/2024:09:41:53 +0800] "GET /xingrg/all/function/internal_message.html?_=1706924513988&CODE_STATE=getMsg HTTP/1.1" 200 27
58.39.105.37 - - [03/Feb/2024:09:41:55 +0800] "GET /xingrg/all/function/internal_message.html?_=1706924516330&CODE_STATE=getMsg HTTP/1.1" 200 27
124.78.68.102 - - [03/Feb/2024:09:41:56 +0800] "GET /xingrg/all/function/internal_message.html?_=1706924509442&CODE_STATE=getMsg HTTP/1.1" 200 27
180.164.1.25 - - [03/Feb/2024:09:41:58 +0800] "GET /xingrg/all/function/internal_message.html?_=1706924518166&CODE_STATE=getMsg HTTP/1.1" 200 27
101.83.145.37 - - [03/Feb/2024:09:41:58 +0800] "GET /xingrg/kc/buy/cgsh_order_operate.html?command=get_materiel&rest_code=00105&code=00101002027&supplier_code=00100151&order_time=2024-02-03 HTTP/1.1" 200 413
101.83.145.37 - - [03/Feb/2024:09:42:00 +0800] "GET /xingrg/all/function/internal_message.html?_=1706924521552&CODE_STATE=getMsg HTTP/1.1" 200 27
101.83.145.37 - - [03/Feb/2024:09:42:00 +0800] "GET /xingrg/check_reg.html?_=1706924521556 HTTP/1.1" 200 22
116.238.120.94 - - [03/Feb/2024:09:42:04 +0800] "GET /xingrg/all/function/internal_message.html?_=1706924524370&CODE_STATE=getMsg HTTP/1.1" 200 27
124.78.68.102 - - [03/Feb/2024:09:42:05 +0800] "POST /xingrg/kc/base/stock_operate.html HTTP/1.1" 200 3810
101.83.145.37 - - [03/Feb/2024:09:42:08 +0800] "GET /xingrg/check_reg.html?_=1706924292713 HTTP/1.1" 200 22
101.83.145.37 - - [03/Feb/2024:09:42:08 +0800] "GET /xingrg/all/function/internal_message.html?_=1706924292981&CODE_STATE=getMsg HTTP/1.1" 200 27
101.83.145.37 - - [03/Feb/2024:09:42:09 +0800] "GET /xingrg/kc/buy/cgsh_order_operate.html?command=get_materiel&rest_code=00105&code=00101010248&supplier_code=00100151&order_time=2024-02-03 HTTP/1.1" 200 430
116.238.97.31 - - [03/Feb/2024:09:42:10 +0800] "GET /xingrg/all/function/internal_message.html?_=1706924530705&CODE_STATE=getMsg HTTP/1.1" 200 27
124.78.68.102 - - [03/Feb/2024:09:42:10 +0800] "POST /xingrg/kc/base/stock_operate.html HTTP/1.1" 200 1974
124.78.156.111 - - [03/Feb/2024:09:42:10 +0800] "GET /xingrg/kc/buy/cgsh_order_operate.html?command=get_materiel&rest_code=00106&code=00101008146&supplier_code=00100009&order_time=2024-02-03 HTTP/1.1" 200 416
114.83.221.124 - - [03/Feb/2024:09:42:10 +0800] "GET /xingrg/all/function/internal_message.html?_=1706924527491&CODE_STATE=getMsg HTTP/1.1" 200 27
116.238.120.94 - - [03/Feb/2024:09:42:12 +0800] "GET /xingrg/all/function/internal_message.html?_=1706924531911&CODE_STATE=getMsg HTTP/1.1" 200 27
116.238.120.94 - - [03/Feb/2024:09:42:12 +0800] "GET /xingrg/check_reg.html?_=1706924531913 HTTP/1.1" 200 22
124.78.68.102 - - [03/Feb/2024:09:42:13 +0800] "GET /xingrg/kc/base/stock_detail.html?m=00101044003 HTTP/1.1" 200 7363
124.78.68.102 - - [03/Feb/2024:09:42:13 +0800] "GET /xingrg/javascript/jquery_easy_ui/themes/icons/search.png HTTP/1.1" 200 813
124.78.68.102 - - [03/Feb/2024:09:42:13 +0800] "GET /xingrg/javascript/jquery_easy_ui/themes/default/images/calendar_prevmonth.gif HTTP/1.1" 200 66
124.78.68.102 - - [03/Feb/2024:09:42:13 +0800] "GET /xingrg/javascript/jquery_easy_ui/themes/default/images/calendar_nextmonth.gif HTTP/1.1" 200 64
124.78.68.102 - - [03/Feb/2024:09:42:13 +0800] "GET /xingrg/javascript/jquery_easy_ui/themes/default/images/calendar_nextyear.gif HTTP/1.1" 200 75
124.78.68.102 - - [03/Feb/2024:09:42:13 +0800] "GET /xingrg/javascript/jquery_easy_ui/themes/default/images/calendar_prevyear.gif HTTP/1.1" 200 76
124.78.68.102 - - [03/Feb/2024:09:42:15 +0800] "GET /xingrg/kc/base/stock_operate.html?_=1706924528010&command=get_report_file&start_day=20240201 HTTP/1.1" 200 53
124.78.68.102 - - [03/Feb/2024:09:42:15 +0800] "GET /xingrg/all/report/report_query.html?isQuery=1&onlyBody=1&rh=2000&fileName=kc/base/kc_stock_detail_new.xml&queryString=(1=1)&queryText=&tableQueryString=init_table$sp1$$sp$crk_table$sp1$order_day%20between%2020240201%20and%2020240229&varString=start_day:20240201,materiel_code:00101044003,cost_id:4813,end_date:20231231 HTTP/1.1" 200 48701
124.78.68.102 - - [03/Feb/2024:09:42:15 +0800] "GET /xingrg/dwr/interface/AjaxReportQueryService.js HTTP/1.1" 200 13203
124.78.68.102 - - [03/Feb/2024:09:42:15 +0800] "GET /xingrg/dwr/engine.js HTTP/1.1" 200 43631
124.78.68.102 - - [03/Feb/2024:09:42:16 +0800] "POST /xingrg/all/report/load_report_page.html HTTP/1.1" 200 25133
124.78.68.102 - - [03/Feb/2024:09:42:16 +0800] "GET /xingrg/servlets/image?cache=0.5314939273703515&image=px HTTP/1.1" 200 807
101.83.145.37 - - [03/Feb/2024:09:42:19 +0800] "GET /xingrg/kc/buy/cgsh_order_operate.html?command=get_materiel&rest_code=00105&code=00101016030&supplier_code=00100151&order_time=2024-02-03 HTTP/1.1" 200 412
172.20.0.100 - - [03/Feb/2024:09:42:23 +0800] "GET /xingrg/check_reg.html?_=1706924559118 HTTP/1.1" 302 -
172.20.0.100 - - [03/Feb/2024:09:42:23 +0800] "GET /xingrg/all/function/internal_message.html?_=1706924559119&CODE_STATE=getMsg HTTP/1.1" 302 -
120.253.135.82 - - [03/Feb/2024:09:42:27 +0800] "GET /xingrg/all/function/internal_message.html?_=1706924374246&CODE_STATE=getMsg HTTP/1.1" 200 27
101.83.145.37 - - [03/Feb/2024:09:42:27 +0800] "GET /xingrg/kc/buy/cgsh_order_operate.html?command=get_materiel&rest_code=00105&code=00101012051&supplier_code=00100151&order_time=2024-02-03 HTTP/1.1" 200 408
222.70.168.248 - - [03/Feb/2024:09:42:30 +0800] "GET /xingrg/all/function/internal_message.html?_=1706924553005&CODE_STATE=getMsg HTTP/1.1" 200 27
101.83.145.37 - - [03/Feb/2024:09:42:34 +0800] "GET /xingrg/kc/buy/cgsh_order_operate.html?command=get_materiel&rest_code=00105&code=00101012025&supplier_code=00100151&order_time=2024-02-03 HTTP/1.1" 200 412
116.230.123.222 - - [03/Feb/2024:09:42:35 +0800] "GET /xingrg/all/function/internal_message.html?_=1706924552469&CODE_STATE=getMsg HTTP/1.1" 200 27
124.78.156.111 - - [03/Feb/2024:09:42:45 +0800] "GET /xingrg/all/function/internal_message.html?_=1706924560824&CODE_STATE=getMsg HTTP/1.1" 200 27
180.163.30.27 - - [03/Feb/2024:09:42:45 +0800] "GET /xingrg/all/function/internal_message.html?_=1706924500844&CODE_STATE=getMsg HTTP/1.1" 302 -
124.78.156.111 - - [03/Feb/2024:09:42:45 +0800] "GET /xingrg/kc/buy/cgsh_order_operate.html?command=get_materiel&rest_code=00106&code=00101008530&supplier_code=00100009&order_time=2024-02-03 HTTP/1.1" 200 436
180.163.30.27 - - [03/Feb/2024:09:42:46 +0800] "GET /xingrg/login.html HTTP/1.1" 200 7641
221.239.172.206 - - [03/Feb/2024:09:42:46 +0800] "GET /xingrg/all/function/internal_message.html?_=1706924566217&CODE_STATE=getMsg HTTP/1.1" 200 27
101.83.145.37 - - [03/Feb/2024:09:42:47 +0800] "GET /xingrg/kc/buy/cgsh_order_operate.html?command=get_materiel&rest_code=00105&code=00101007047&supplier_code=00100151&order_time=2024-02-03 HTTP/1.1" 200 411
180.163.29.212 - - [03/Feb/2024:09:42:48 +0800] "GET /xingrg/kc/buy/cgsh_order_add.html HTTP/1.1" 302 -
180.163.29.212 - - [03/Feb/2024:09:42:49 +0800] "GET /xingrg/login.html HTTP/1.1" 200 7641
116.238.97.31 - - [03/Feb/2024:09:42:52 +0800] "POST /xingrg/kc/buy/cgsh_list_operate.html HTTP/1.1" 200 6630
124.78.68.102 - - [03/Feb/2024:09:42:53 +0800] "GET /xingrg/all/function/internal_message.html?_=1706924573973&CODE_STATE=getMsg HTTP/1.1" 200 27
58.39.105.37 - - [03/Feb/2024:09:42:55 +0800] "GET /xingrg/check_reg.html?_=1706924576334 HTTP/1.1" 200 22
58.39.105.37 - - [03/Feb/2024:09:42:55 +0800] "GET /xingrg/all/function/internal_message.html?_=1706924576337&CODE_STATE=getMsg HTTP/1.1" 200 27
124.78.68.102 - - [03/Feb/2024:09:42:56 +0800] "GET /xingrg/all/function/internal_message.html?_=1706924569443&CODE_STATE=getMsg HTTP/1.1" 200 27
180.164.1.25 - - [03/Feb/2024:09:42:58 +0800] "GET /xingrg/all/function/internal_message.html?_=1706924578164&CODE_STATE=getMsg HTTP/1.1" 200 27
124.78.156.111 - - [03/Feb/2024:09:42:59 +0800] "POST /xingrg/kc/buy/cgsh_order_operate.html HTTP/1.1" 200 37
116.238.97.31 - - [03/Feb/2024:09:42:59 +0800] "POST /xingrg/kc/buy/cgsh_list_operate.html HTTP/1.1" 200 203
101.83.145.37 - - [03/Feb/2024:09:43:00 +0800] "GET /xingrg/all/function/internal_message.html?_=1706924581615&CODE_STATE=getMsg HTTP/1.1" 200 27
116.238.120.94 - - [03/Feb/2024:09:43:04 +0800] "GET /xingrg/check_reg.html?_=1706924584363 HTTP/1.1" 200 22
116.238.120.94 - - [03/Feb/2024:09:43:04 +0800] "GET /xingrg/all/function/internal_message.html?_=1706924584366&CODE_STATE=getMsg HTTP/1.1" 200 27
101.83.145.37 - - [03/Feb/2024:09:43:08 +0800] "GET /xingrg/all/function/internal_message.html?_=1706924352967&CODE_STATE=getMsg HTTP/1.1" 200 27
116.238.97.31 - - [03/Feb/2024:09:43:10 +0800] "GET /xingrg/all/function/internal_message.html?_=1706924590700&CODE_STATE=getMsg HTTP/1.1" 200 27
114.83.221.124 - - [03/Feb/2024:09:43:10 +0800] "GET /xingrg/check_reg.html?_=1706924587489 HTTP/1.1" 200 22
114.83.221.124 - - [03/Feb/2024:09:43:10 +0800] "GET /xingrg/all/function/internal_message.html?_=1706924587493&CODE_STATE=getMsg HTTP/1.1" 200 27
116.238.120.94 - - [03/Feb/2024:09:43:12 +0800] "GET /xingrg/all/function/internal_message.html?_=1706924591917&CODE_STATE=getMsg HTTP/1.1" 200 27
124.78.156.111 - - [03/Feb/2024:09:43:18 +0800] "POST /xingrg/kc/buy/cgsh_order_operate.html HTTP/1.1" 200 12
124.78.156.111 - - [03/Feb/2024:09:43:21 +0800] "GET /xingrg/kc/buy/cgsh_order_info.html?code=212024020301080 HTTP/1.1" 200 68382
124.78.156.111 - - [03/Feb/2024:09:43:21 +0800] "GET /xingrg/javascript/easyui/themes/default/validatebox.css HTTP/1.1" 404 1104
124.78.156.111 - - [03/Feb/2024:09:43:22 +0800] "POST /xingrg/kc/buy/cgsh_order_operate.html HTTP/1.1" 200 1218
172.20.0.100 - - [03/Feb/2024:09:43:23 +0800] "GET /xingrg/all/function/internal_message.html?_=1706924619117&CODE_STATE=getMsg HTTP/1.1" 302 -
116.238.97.31 - - [03/Feb/2024:09:43:23 +0800] "POST /xingrg/kc/buy/cgsh_list_operate.html HTTP/1.1" 200 6596
120.253.135.82 - - [03/Feb/2024:09:43:26 +0800] "GET /xingrg/all/function/internal_message.html?_=1706924434253&CODE_STATE=getMsg HTTP/1.1" 200 27
124.78.156.111 - - [03/Feb/2024:09:43:29 +0800] "GET /xingrg/kc/print/load_data.html?order_code=212024020301080&kc_code=cgsh&condition= HTTP/1.1" 200 1023
222.70.168.248 - - [03/Feb/2024:09:43:30 +0800] "GET /xingrg/all/function/internal_message.html?_=1706924613160&CODE_STATE=getMsg HTTP/1.1" 200 27
116.230.123.222 - - [03/Feb/2024:09:43:35 +0800] "GET /xingrg/all/function/internal_message.html?_=1706924612453&CODE_STATE=getMsg HTTP/1.1" 200 27
116.230.123.222 - - [03/Feb/2024:09:43:35 +0800] "GET /xingrg/index.html?sysBaseUrl=http%3A%2F%2F180.169.147.146%3A18081%2Fxingrg%2F&costTime=39×tamp=1645767740089 HTTP/1.1" 302 -
116.230.123.222 - - [03/Feb/2024:09:43:36 +0800] "GET /xingrg/login.html HTTP/1.1" 200 7641
124.78.156.111 - - [03/Feb/2024:09:43:36 +0800] "GET /xingrg/kc/buy/cgsh_order_add.html HTTP/1.1" 200 73467
116.230.123.222 - - [03/Feb/2024:09:43:36 +0800] "GET /favicon.ico HTTP/1.1" 404 -
124.78.156.111 - - [03/Feb/2024:09:43:37 +0800] "POST /xingrg/kc/buy/cgsh_order_operate.html HTTP/1.1" 200 8245
124.78.156.111 - - [03/Feb/2024:09:43:37 +0800] "GET /xingrg/javascript/easyui/themes/default/validatebox.css HTTP/1.1" 404 1104
124.78.156.111 - - [03/Feb/2024:09:43:38 +0800] "GET /xingrg/javascript/easyui/themes/default/tree.css HTTP/1.1" 404 1090
124.78.156.111 - - [03/Feb/2024:09:43:38 +0800] "POST /xingrg/all/common/load_tree.html?tree=supplier_tree_json&isDelete=1 HTTP/1.1" 200 78460
116.230.123.222 - - [03/Feb/2024:09:43:40 +0800] "POST /xingrg/login.do HTTP/1.1" 302 -
116.230.123.222 - - [03/Feb/2024:09:43:40 +0800] "GET /xingrg/index.html?sysBaseUrl=http%3A%2F%2F180.169.147.146%3A18081%2Fxingrg%2F&costTime=829×tamp=1706924620645 HTTP/1.1" 200 17503
116.230.123.222 - - [03/Feb/2024:09:43:40 +0800] "GET /favicon.ico HTTP/1.1" 404 -
116.230.123.222 - - [03/Feb/2024:09:43:41 +0800] "POST /xingrg/all/common/load_tree.html?tree=area_rest_tree_json&manage=1 HTTP/1.1" 200 591
116.230.123.222 - - [03/Feb/2024:09:43:41 +0800] "GET /xingrg/check_reg.html?_=1706924726863 HTTP/1.1" 200 22
116.230.123.222 - - [03/Feb/2024:09:43:41 +0800] "GET /xingrg/all/function/internal_message.html?_=1706924726862&CODE_STATE=count HTTP/1.1" 200 11
116.230.123.222 - - [03/Feb/2024:09:43:41 +0800] "POST /xingrg/load_menu.html HTTP/1.1" 200 11564
116.238.97.31 - - [03/Feb/2024:09:43:42 +0800] "POST /xingrg/kc/buy/cgsh_list_operate.html HTTP/1.1" 200 6613
116.230.123.222 - - [03/Feb/2024:09:43:43 +0800] "GET /xingrg/login.html HTTP/1.1" 200 7641
116.230.123.222 - - [03/Feb/2024:09:43:44 +0800] "GET /favicon.ico HTTP/1.1" 404 -
124.78.156.111 - - [03/Feb/2024:09:43:44 +0800] "GET /xingrg/all/function/internal_message.html?_=1706924620794&CODE_STATE=getMsg HTTP/1.1" 200 27
180.163.29.212 - - [03/Feb/2024:09:43:45 +0800] "GET /xingrg/all/function/internal_message.html?_=1706924560824&CODE_STATE=getMsg HTTP/1.1" 302 -
180.163.29.212 - - [03/Feb/2024:09:43:45 +0800] "GET /xingrg/login.html HTTP/1.1" 200 7641
221.239.172.206 - - [03/Feb/2024:09:43:46 +0800] "GET /xingrg/all/function/internal_message.html?_=1706924626202&CODE_STATE=getMsg HTTP/1.1" 200 27
116.230.123.222 - - [03/Feb/2024:09:43:47 +0800] "POST /xingrg/login.do HTTP/1.1" 302 -
116.230.123.222 - - [03/Feb/2024:09:43:48 +0800] "GET /xingrg/index.html?sysBaseUrl=http%3A%2F%2F180.169.147.146%3A18081%2Fxingrg%2F&costTime=829×tamp=1706924627959 HTTP/1.1" 200 17503
116.230.123.222 - - [03/Feb/2024:09:43:48 +0800] "POST /xingrg/all/common/load_tree.html?tree=area_rest_tree_json&manage=1 HTTP/1.1" 200 591
116.230.123.222 - - [03/Feb/2024:09:43:48 +0800] "GET /xingrg/check_reg.html?_=1706924733957 HTTP/1.1" 200 22
116.230.123.222 - - [03/Feb/2024:09:43:48 +0800] "GET /xingrg/all/function/internal_message.html?_=1706924733956&CODE_STATE=count HTTP/1.1" 200 11
116.230.123.222 - - [03/Feb/2024:09:43:48 +0800] "POST /xingrg/load_menu.html HTTP/1.1" 200 11564
101.83.145.37 - - [03/Feb/2024:09:43:48 +0800] "GET /xingrg/kc/buy/cgsh_order_operate.html?command=get_materiel&rest_code=00105&code=00101012059&supplier_code=00100151&order_time=2024-02-03 HTTP/1.1" 200 412
124.78.68.102 - - [03/Feb/2024:09:43:53 +0800] "GET /xingrg/all/function/internal_message.html?_=1706924633953&CODE_STATE=getMsg HTTP/1.1" 200 27
124.78.156.111 - - [03/Feb/2024:09:43:54 +0800] "GET /xingrg/kc/buy/cgsh_order_operate.html?command=get_materiel&rest_code=00106&code=00101008091&supplier_code=00100007&order_time=2024-02-03 HTTP/1.1" 200 412
116.230.123.222 - - [03/Feb/2024:09:43:54 +0800] "POST /xingrg/all/user/operate.html HTTP/1.1" 200 36
116.230.123.222 - - [03/Feb/2024:09:43:54 +0800] "GET /xingrg/javascript/jquery_easy_ui/themes/default/easyui.css HTTP/1.1" 304 -
116.230.123.222 - - [03/Feb/2024:09:43:54 +0800] "GET /xingrg/index.html?sysBaseUrl=http%3A%2F%2F180.169.147.146%3A18081%2Fxingrg%2F&costTime=829×tamp=1706924627959 HTTP/1.1" 200 17509
116.230.123.222 - - [03/Feb/2024:09:43:54 +0800] "GET /xingrg/javascript/jquery_easy_ui/themes/icon.css HTTP/1.1" 304 -
116.230.123.222 - - [03/Feb/2024:09:43:54 +0800] "GET /xingrg/css/form.css HTTP/1.1" 304 -
116.230.123.222 - - [03/Feb/2024:09:43:54 +0800] "GET /xingrg/javascript/jquery-1.4.2.min.js HTTP/1.1" 304 -
116.230.123.222 - - [03/Feb/2024:09:43:54 +0800] "GET /xingrg/javascript/jquery_easy_ui/jquery.easyui.min.js HTTP/1.1" 304 -
116.230.123.222 - - [03/Feb/2024:09:43:54 +0800] "GET /xingrg/javascript/jquery_easy_ui/easyui-lang-zh_CN.js HTTP/1.1" 304 -
116.230.123.222 - - [03/Feb/2024:09:43:54 +0800] "GET /xingrg/javascript/jquery.form.js HTTP/1.1" 304 -
116.230.123.222 - - [03/Feb/2024:09:43:54 +0800] "GET /xingrg/javascript/jquery.utils.js HTTP/1.1" 304 -
116.230.123.222 - - [03/Feb/2024:09:43:54 +0800] "GET /xingrg/javascript/jquery.timers.js HTTP/1.1" 304 -
116.230.123.222 - - [03/Feb/2024:09:43:54 +0800] "GET /xingrg/images/blue/jxLogo.png HTTP/1.1" 304 -
116.230.123.222 - - [03/Feb/2024:09:43:54 +0800] "GET /xingrg/javascript/jquery_easy_ui/themes/icons/settle_new.png HTTP/1.1" 304 -
116.230.123.222 - - [03/Feb/2024:09:43:54 +0800] "GET /xingrg/images/blue/navBackgound.jpg HTTP/1.1" 304 -
116.230.123.222 - - [03/Feb/2024:09:43:55 +0800] "GET /xingrg/all/function/internal_message.html?_=1706924740757&CODE_STATE=count HTTP/1.1" 200 11
116.230.123.222 - - [03/Feb/2024:09:43:55 +0800] "GET /xingrg/check_reg.html?_=1706924740759 HTTP/1.1" 200 22
116.230.123.222 - - [03/Feb/2024:09:43:55 +0800] "GET /xingrg/javascript/jquery_easy_ui/themes/default/images/panel_tool_expand.gif HTTP/1.1" 304 -
116.230.123.222 - - [03/Feb/2024:09:43:55 +0800] "GET /xingrg/javascript/jquery_easy_ui/themes/default/images/panel_tool_collapse.gif HTTP/1.1" 304 -
116.230.123.222 - - [03/Feb/2024:09:43:55 +0800] "GET /xingrg/javascript/jquery_easy_ui/themes/default/images/tabs_rightarrow.png HTTP/1.1" 304 -
116.230.123.222 - - [03/Feb/2024:09:43:55 +0800] "GET /xingrg/images/blue/pingpu.png HTTP/1.1" 304 -
116.230.123.222 - - [03/Feb/2024:09:43:55 +0800] "GET /xingrg/javascript/jquery_easy_ui/themes/default/images/tabs_leftarrow.png HTTP/1.1" 304 -
116.230.123.222 - - [03/Feb/2024:09:43:55 +0800] "POST /xingrg/all/common/load_tree.html?tree=area_rest_tree_json&manage=1 HTTP/1.1" 200 591
116.230.123.222 - - [03/Feb/2024:09:43:55 +0800] "POST /xingrg/load_menu.html HTTP/1.1" 200 9959
58.39.105.37 - - [03/Feb/2024:09:43:55 +0800] "GET /xingrg/all/function/internal_message.html?_=1706924636318&CODE_STATE=getMsg HTTP/1.1" 200 27
124.78.68.102 - - [03/Feb/2024:09:43:56 +0800] "GET /xingrg/all/function/internal_message.html?_=1706924629445&CODE_STATE=getMsg HTTP/1.1" 200 27
124.78.68.102 - - [03/Feb/2024:09:43:56 +0800] "GET /xingrg/check_reg.html?_=1706924629448 HTTP/1.1" 200 22
116.238.97.31 - - [03/Feb/2024:09:43:57 +0800] "POST /xingrg/kc/buy/cgsh_list_operate.html HTTP/1.1" 200 6583
180.164.1.25 - - [03/Feb/2024:09:43:58 +0800] "GET /xingrg/all/function/internal_message.html?_=1706924638152&CODE_STATE=getMsg HTTP/1.1" 200 27
221.239.172.206 - - [03/Feb/2024:09:43:59 +0800] "GET /xingrg/check_reg.html?_=1706924639028 HTTP/1.1" 200 22
101.83.145.37 - - [03/Feb/2024:09:44:01 +0800] "GET /xingrg/all/function/internal_message.html?_=1706924642262&CODE_STATE=getMsg HTTP/1.1" 200 27
58.40.7.146 - - [03/Feb/2024:09:44:02 +0800] "GET /xingrg/check_reg.html?_=1706924642434 HTTP/1.1" 302 -
116.238.120.94 - - [03/Feb/2024:09:44:04 +0800] "GET /xingrg/all/function/internal_message.html?_=1706924644372&CODE_STATE=getMsg HTTP/1.1" 200 27
124.78.156.111 - - [03/Feb/2024:09:44:04 +0800] "GET /xingrg/kc/buy/cgsh_order_operate.html?command=get_materiel&rest_code=00106&code=00101008256&supplier_code=00100007&order_time=2024-02-03 HTTP/1.1" 200 412
101.83.145.37 - - [03/Feb/2024:09:44:06 +0800] "GET /xingrg/kc/buy/cgsh_order_operate.html?command=get_materiel&rest_code=00105&code=00101001299&supplier_code=00100151&order_time=2024-02-03 HTTP/1.1" 200 415
101.83.145.37 - - [03/Feb/2024:09:44:08 +0800] "GET /xingrg/all/function/internal_message.html?_=1706924412953&CODE_STATE=getMsg HTTP/1.1" 200 27
116.230.123.222 - - [03/Feb/2024:09:44:08 +0800] "GET /xingrg/kc/base/check_order_list.html HTTP/1.1" 200 16393
116.230.123.222 - - [03/Feb/2024:09:44:09 +0800] "POST /xingrg/kc/base/check_list_operate.html HTTP/1.1" 200 1902
116.238.97.31 - - [03/Feb/2024:09:44:10 +0800] "GET /xingrg/all/function/internal_message.html?_=1706924650685&CODE_STATE=getMsg HTTP/1.1" 200 27
114.83.221.124 - - [03/Feb/2024:09:44:10 +0800] "GET /xingrg/all/function/internal_message.html?_=1706924647492&CODE_STATE=getMsg HTTP/1.1" 200 27
116.238.120.94 - - [03/Feb/2024:09:44:12 +0800] "GET /xingrg/all/function/internal_message.html?_=1706924651921&CODE_STATE=getMsg HTTP/1.1" 200 27
124.78.156.111 - - [03/Feb/2024:09:44:12 +0800] "GET /xingrg/kc/buy/cgsh_order_operate.html?command=get_materiel&rest_code=00106&code=00101008155&supplier_code=00100007&order_time=2024-02-03 HTTP/1.1" 200 428
116.230.123.222 - - [03/Feb/2024:09:44:12 +0800] "POST /xingrg/kc/base/check_list_operate.html HTTP/1.1" 200 5533
120.253.135.82 - - [03/Feb/2024:09:44:20 +0800] "POST /xingrg/kc/pszx/mdps_list_operate.html HTTP/1.1" 200 2066
120.253.135.82 - - [03/Feb/2024:09:44:21 +0800] "GET /xingrg/kc/pszx/mdqp_order_list.html?state=10 HTTP/1.1" 200 11172
120.253.135.82 - - [03/Feb/2024:09:44:21 +0800] "GET /xingrg/dwr/interface/AjaxReportQueryService.js HTTP/1.1" 200 13203
120.253.135.82 - - [03/Feb/2024:09:44:21 +0800] "GET /xingrg/dwr/interface/AjaxQqpsService.js HTTP/1.1" 200 16326
120.253.135.82 - - [03/Feb/2024:09:44:21 +0800] "GET /xingrg/dwr/engine.js HTTP/1.1" 200 43631
222.70.168.248 - - [03/Feb/2024:09:44:22 +0800] "GET /xingrg/check_reg.html?_=1706924664531 HTTP/1.1" 200 22
116.230.123.222 - - [03/Feb/2024:09:44:22 +0800] "POST /xingrg/kc/base/check_list_operate.html HTTP/1.1" 200 4
172.20.0.100 - - [03/Feb/2024:09:44:23 +0800] "GET /xingrg/all/function/internal_message.html?_=1706924679116&CODE_STATE=getMsg HTTP/1.1" 302 -
120.253.135.82 - - [03/Feb/2024:09:44:23 +0800] "GET /xingrg/kc/pszx/mdqp_order_info.html?code=302024020300062 HTTP/1.1" 200 13358
120.253.135.82 - - [03/Feb/2024:09:44:23 +0800] "GET /xingrg/dwr/interface/AjaxComOrderService.js HTTP/1.1" 200 18264
120.253.135.82 - - [03/Feb/2024:09:44:23 +0800] "GET /xingrg/dwr/interface/AjaxQqpsService.js HTTP/1.1" 200 16326
120.253.135.82 - - [03/Feb/2024:09:44:23 +0800] "GET /xingrg/dwr/engine.js HTTP/1.1" 200 43631
116.230.123.222 - - [03/Feb/2024:09:44:24 +0800] "POST /xingrg/kc/base/check_list_operate.html HTTP/1.1" 200 5530
120.253.135.82 - - [03/Feb/2024:09:44:25 +0800] "POST /xingrg/dwr/call/plaincall/AjaxQqpsService.loadMaterielItems.dwr HTTP/1.1" 200 2172
120.253.135.82 - - [03/Feb/2024:09:44:25 +0800] "GET /xingrg/check_reg.html?_=1706924492519 HTTP/1.1" 200 22
116.230.123.222 - - [03/Feb/2024:09:44:26 +0800] "POST /xingrg/kc/base/check_list_operate.html HTTP/1.1" 200 9106
120.253.135.82 - - [03/Feb/2024:09:44:26 +0800] "GET /xingrg/all/function/internal_message.html?_=1706924494265&CODE_STATE=getMsg HTTP/1.1" 200 27
124.78.156.111 - - [03/Feb/2024:09:44:27 +0800] "GET /xingrg/kc/buy/cgsh_order_operate.html?command=get_materiel&rest_code=00106&code=00101008331&supplier_code=00100007&order_time=2024-02-03 HTTP/1.1" 200 416
180.163.28.55 - - [03/Feb/2024:09:44:29 +0800] "GET /xingrg/kc/print/load_data.html?order_code=212024020301080&kc_code=cgsh&condition= HTTP/1.1" 302 -
180.163.28.55 - - [03/Feb/2024:09:44:29 +0800] "GET /xingrg/login.html HTTP/1.1" 200 7641
222.70.168.248 - - [03/Feb/2024:09:44:30 +0800] "GET /xingrg/all/function/internal_message.html?_=1706924673176&CODE_STATE=getMsg HTTP/1.1" 200 27
116.238.97.31 - - [03/Feb/2024:09:44:30 +0800] "POST /xingrg/kc/buy/cgsh_list_operate.html HTTP/1.1" 200 509
120.253.135.82 - - [03/Feb/2024:09:44:32 +0800] "GET /xingrg/images/yd/bt.gif HTTP/1.1" 404 1040
120.253.135.82 - - [03/Feb/2024:09:44:32 +0800] "GET /xingrg/images/yd/bt2.gif HTTP/1.1" 404 1042
116.230.123.222 - - [03/Feb/2024:09:44:33 +0800] "GET /xingrg/check_reg.html?_=1706924670736 HTTP/1.1" 200 22
120.253.135.82 - - [03/Feb/2024:09:44:33 +0800] "GET /xingrg/kc/pszx/mdqp_order_list.html?isBack=1 HTTP/1.1" 302 -
120.253.135.82 - - [03/Feb/2024:09:44:34 +0800] "GET /xingrg/kc/pszx/mdqp_order_list.html?state=10 HTTP/1.1" 200 11172
116.230.123.222 - - [03/Feb/2024:09:44:34 +0800] "GET /xingrg/kc/buy/cgsh_order_list.html HTTP/1.1" 200 57953
120.253.135.82 - - [03/Feb/2024:09:44:35 +0800] "GET /xingrg/dwr/interface/AjaxReportQueryService.js HTTP/1.1" 200 13203
120.253.135.82 - - [03/Feb/2024:09:44:35 +0800] "GET /xingrg/dwr/interface/AjaxQqpsService.js HTTP/1.1" 200 16326
120.253.135.82 - - [03/Feb/2024:09:44:35 +0800] "GET /xingrg/dwr/engine.js HTTP/1.1" 200 43631
116.230.123.222 - - [03/Feb/2024:09:44:35 +0800] "GET /xingrg/all/function/internal_message.html?_=1706924672439&CODE_STATE=getMsg HTTP/1.1" 200 27
116.230.123.222 - - [03/Feb/2024:09:44:37 +0800] "POST /xingrg/kc/buy/cgsh_list_operate.html HTTP/1.1" 200 986
120.253.135.82 - - [03/Feb/2024:09:44:38 +0800] "GET /xingrg/kc/pszx/mdqp_order_info.html?code=302024020300063 HTTP/1.1" 200 13358
120.253.135.82 - - [03/Feb/2024:09:44:38 +0800] "GET /xingrg/dwr/interface/AjaxComOrderService.js HTTP/1.1" 200 18264
120.253.135.82 - - [03/Feb/2024:09:44:38 +0800] "GET /xingrg/dwr/interface/AjaxQqpsService.js HTTP/1.1" 200 16326
120.253.135.82 - - [03/Feb/2024:09:44:38 +0800] "GET /xingrg/dwr/engine.js HTTP/1.1" 200 43631
120.253.135.82 - - [03/Feb/2024:09:44:39 +0800] "POST /xingrg/dwr/call/plaincall/AjaxQqpsService.loadMaterielItems.dwr HTTP/1.1" 200 661
116.230.123.222 - - [03/Feb/2024:09:44:41 +0800] "GET /xingrg/all/function/internal_message.html?_=1706924786874&CODE_STATE=getMsg HTTP/1.1" 302 -
116.230.123.222 - - [03/Feb/2024:09:44:44 +0800] "GET /xingrg/javascript/auto/indicator.gif HTTP/1.1" 404 1066
124.78.156.111 - - [03/Feb/2024:09:44:44 +0800] "GET /xingrg/kc/buy/cgsh_order_operate.html?command=get_materiel&rest_code=00106&code=00101008354&supplier_code=00100007&order_time=2024-02-03 HTTP/1.1" 200 433
124.78.156.111 - - [03/Feb/2024:09:44:44 +0800] "GET /xingrg/all/function/internal_message.html?_=1706924680772&CODE_STATE=getMsg HTTP/1.1" 200 27
221.239.172.206 - - [03/Feb/2024:09:44:46 +0800] "GET /xingrg/all/function/internal_message.html?_=1706924686174&CODE_STATE=getMsg HTTP/1.1" 200 27
180.163.30.100 - - [03/Feb/2024:09:44:50 +0800] "GET /xingrg/kc/buy/cgsh_order_operate.html?command=get_materiel&rest_code=00106&code=00101008091&supplier_code=00100007&order_time=2024-02-03 HTTP/1.1" 302 -
180.163.30.100 - - [03/Feb/2024:09:44:50 +0800] "GET /xingrg/login.html HTTP/1.1" 200 7641
116.230.123.222 - - [03/Feb/2024:09:44:51 +0800] "POST /xingrg/kc/buy/cgsh_list_operate.html HTTP/1.1" 200 10765
124.78.156.111 - - [03/Feb/2024:09:44:52 +0800] "GET /xingrg/kc/buy/cgsh_order_operate.html?command=get_materiel&rest_code=00106&code=00101008351&supplier_code=00100007&order_time=2024-02-03 HTTP/1.1" 200 428
124.78.68.102 - - [03/Feb/2024:09:44:53 +0800] "GET /xingrg/css/new_ie.css HTTP/1.1" 404 1036
124.78.68.102 - - [03/Feb/2024:09:44:54 +0800] "GET /xingrg/all/function/internal_message.html?_=1706924694897&CODE_STATE=getMsg HTTP/1.1" 200 27
116.230.123.222 - - [03/Feb/2024:09:44:55 +0800] "GET /xingrg/all/function/internal_message.html?_=1706924800776&CODE_STATE=getMsg HTTP/1.1" 200 27
58.39.105.37 - - [03/Feb/2024:09:44:55 +0800] "GET /xingrg/all/function/internal_message.html?_=1706924696326&CODE_STATE=getMsg HTTP/1.1" 200 27
124.78.68.102 - - [03/Feb/2024:09:44:56 +0800] "GET /xingrg/all/function/internal_message.html?_=1706924689454&CODE_STATE=getMsg HTTP/1.1" 200 27
