172.20.0.100 - - [03/Feb/2024:09:12:23 +0800] "GET /xingrg/check_reg.html?_=1706922759085 HTTP/1.1" 302 -
120.253.135.82 - - [03/Feb/2024:09:12:23 +0800] "GET /xingrg/all/function/internal_message.html?_=1706922570961&CODE_STATE=getMsg HTTP/1.1" 200 27
58.39.105.37 - - [03/Feb/2024:09:12:25 +0800] "GET /xingrg/kc/print/load_config.html?kc_code=cgsh HTTP/1.1" 200 1927
58.39.105.37 - - [03/Feb/2024:09:12:25 +0800] "GET /xingrg/kc/print/load_data.html?order_code=212024010803226&kc_code=cgsh&condition= HTTP/1.1" 200 3761
222.70.168.248 - - [03/Feb/2024:09:12:28 +0800] "GET /xingrg/all/function/internal_message.html?_=1706922750994&CODE_STATE=getMsg HTTP/1.1" 200 27
101.83.145.37 - - [03/Feb/2024:09:12:34 +0800] "GET /xingrg/javascript/easyui/themes/default/images/button_plain_hover.png HTTP/1.1" 304 -
58.39.105.37 - - [03/Feb/2024:09:12:35 +0800] "GET /xingrg/kc/base/base_main.html HTTP/1.1" 200 12142
101.83.145.37 - - [03/Feb/2024:09:12:36 +0800] "GET /xingrg/kc/buy/cgsh_order_add.html HTTP/1.1" 200 73549
101.83.145.37 - - [03/Feb/2024:09:12:36 +0800] "GET /xingrg/javascript/jquery_tools/order_manager.js HTTP/1.1" 304 -
101.83.145.37 - - [03/Feb/2024:09:12:36 +0800] "GET /xingrg/javascript/convert.js HTTP/1.1" 304 -
101.83.145.37 - - [03/Feb/2024:09:12:36 +0800] "GET /xingrg/javascript/json2.js HTTP/1.1" 304 -
101.83.145.37 - - [03/Feb/2024:09:12:36 +0800] "GET /xingrg/javascript/print/kc_print.js HTTP/1.1" 304 -
101.83.145.37 - - [03/Feb/2024:09:12:36 +0800] "GET /xingrg/words/20240202172956_words.js HTTP/1.1" 200 1013347
101.83.145.37 - - [03/Feb/2024:09:12:37 +0800] "GET /xingrg/javascript/easyui/themes/icons/copy_new.png HTTP/1.1" 304 -
101.83.145.37 - - [03/Feb/2024:09:12:37 +0800] "GET /xingrg/javascript/easyui/themes/icons/template_new.png HTTP/1.1" 304 -
101.83.145.37 - - [03/Feb/2024:09:12:37 +0800] "GET /xingrg/javascript/easyui/themes/icons/ok.png HTTP/1.1" 304 -
101.83.145.37 - - [03/Feb/2024:09:12:37 +0800] "GET /xingrg/javascript/easyui/themes/icons/print.png HTTP/1.1" 304 -
101.83.145.37 - - [03/Feb/2024:09:12:37 +0800] "GET /xingrg/javascript/easyui/themes/default/images/menu_downarrow.png HTTP/1.1" 304 -
101.83.145.37 - - [03/Feb/2024:09:12:37 +0800] "GET /xingrg/javascript/easyui/themes/icons/cancel.png HTTP/1.1" 304 -
101.83.145.37 - - [03/Feb/2024:09:12:37 +0800] "GET /xingrg/javascript/easyui/themes/default/validatebox.css HTTP/1.1" 404 1104
101.83.145.37 - - [03/Feb/2024:09:12:37 +0800] "GET /xingrg/javascript/easyui/plugins/jquery.validatebox.js HTTP/1.1" 304 -
101.83.145.37 - - [03/Feb/2024:09:12:37 +0800] "GET /xingrg/all/common/auto_word.html?type=employee&rest_code=00105 HTTP/1.1" 200 193
101.83.145.37 - - [03/Feb/2024:09:12:37 +0800] "GET /xingrg/all/common/auto_word.html?type=employee&rest_code=00105 HTTP/1.1" 200 193
101.83.145.37 - - [03/Feb/2024:09:12:37 +0800] "GET /xingrg/javascript/easyui/plugins/jquery.numberbox.js HTTP/1.1" 304 -
101.83.145.37 - - [03/Feb/2024:09:12:37 +0800] "POST /xingrg/kc/buy/cgsh_order_operate.html HTTP/1.1" 200 8245
101.83.145.37 - - [03/Feb/2024:09:12:37 +0800] "GET /xingrg/javascript/easyui/themes/icons/edit_remove.png HTTP/1.1" 304 -
58.39.105.37 - - [03/Feb/2024:09:12:38 +0800] "GET /xingrg/kc/base/check_order_list.html HTTP/1.1" 200 16136
58.39.105.37 - - [03/Feb/2024:09:12:38 +0800] "POST /xingrg/kc/base/check_list_operate.html HTTP/1.1" 200 1569
58.39.105.37 - - [03/Feb/2024:09:12:40 +0800] "GET /xingrg/kc/base/check_order_info.html?code=452024020300047 HTTP/1.1" 200 25536
58.39.105.37 - - [03/Feb/2024:09:12:40 +0800] "GET /xingrg/dwr/interface/AjaxComOrderService.js HTTP/1.1" 200 18264
58.39.105.37 - - [03/Feb/2024:09:12:40 +0800] "GET /xingrg/dwr/interface/AjaxCheckService.js HTTP/1.1" 200 14003
58.39.105.37 - - [03/Feb/2024:09:12:40 +0800] "GET /xingrg/dwr/engine.js HTTP/1.1" 200 43631
58.39.105.37 - - [03/Feb/2024:09:12:40 +0800] "POST /xingrg/dwr/call/plaincall/AjaxCheckService.loadOrderItems.dwr HTTP/1.1" 200 40205
124.78.156.111 - - [03/Feb/2024:09:12:45 +0800] "GET /xingrg/all/function/internal_message.html?_=1706922761021&CODE_STATE=getMsg HTTP/1.1" 200 27
180.163.29.103 - - [03/Feb/2024:09:12:45 +0800] "GET /xingrg/all/function/internal_message.html?_=1706922701035&CODE_STATE=getMsg HTTP/1.1" 302 -
180.163.29.103 - - [03/Feb/2024:09:12:46 +0800] "GET /xingrg/login.html HTTP/1.1" 200 7641
101.83.145.37 - - [03/Feb/2024:09:12:46 +0800] "GET /xingrg/javascript/auto/indicator.gif HTTP/1.1" 404 1066
221.239.172.206 - - [03/Feb/2024:09:12:47 +0800] "GET /xingrg/all/function/internal_message.html?_=1706922766766&CODE_STATE=getMsg HTTP/1.1" 200 27
116.238.120.94 - - [03/Feb/2024:09:12:48 +0800] "GET /xingrg/all/function/internal_message.html?_=1706922768410&CODE_STATE=getMsg HTTP/1.1" 200 27
58.39.105.37 - - [03/Feb/2024:09:12:49 +0800] "GET /xingrg/kc/base/check_order_add.html HTTP/1.1" 200 25494
58.39.105.37 - - [03/Feb/2024:09:12:49 +0800] "GET /xingrg/dwr/interface/AjaxCheckService.js HTTP/1.1" 200 14003
58.39.105.37 - - [03/Feb/2024:09:12:49 +0800] "GET /xingrg/dwr/interface/AjaxComOrderService.js HTTP/1.1" 200 18264
58.39.105.37 - - [03/Feb/2024:09:12:49 +0800] "GET /xingrg/dwr/engine.js HTTP/1.1" 200 43631
124.78.68.102 - - [03/Feb/2024:09:12:54 +0800] "GET /xingrg/all/function/internal_message.html?_=1706922774525&CODE_STATE=getMsg HTTP/1.1" 200 27
58.39.105.37 - - [03/Feb/2024:09:12:55 +0800] "GET /xingrg/check_reg.html?_=1706922776326 HTTP/1.1" 200 22
58.39.105.37 - - [03/Feb/2024:09:12:55 +0800] "GET /xingrg/all/function/internal_message.html?_=1706922776328&CODE_STATE=getMsg HTTP/1.1" 200 27
101.83.145.37 - - [03/Feb/2024:09:13:00 +0800] "GET /xingrg/all/function/internal_message.html?_=1706922781532&CODE_STATE=getMsg HTTP/1.1" 200 27
58.39.105.37 - - [03/Feb/2024:09:13:03 +0800] "POST /xingrg/dwr/call/plaincall/AjaxCheckService.saveOrder.dwr HTTP/1.1" 200 78
116.238.120.94 - - [03/Feb/2024:09:13:04 +0800] "GET /xingrg/check_reg.html?_=1706922784379 HTTP/1.1" 200 22
116.238.120.94 - - [03/Feb/2024:09:13:04 +0800] "GET /xingrg/all/function/internal_message.html?_=1706922784381&CODE_STATE=getMsg HTTP/1.1" 200 27
58.39.105.37 - - [03/Feb/2024:09:13:04 +0800] "POST /xingrg/dwr/call/plaincall/AjaxCheckService.loadOrderItems.dwr HTTP/1.1" 200 367
58.39.105.37 - - [03/Feb/2024:09:13:06 +0800] "POST /xingrg/kc/report/common_data.html?type=materiel_category_tree HTTP/1.1" 200 4017
114.83.221.124 - - [03/Feb/2024:09:13:07 +0800] "GET /xingrg/login.html?sysBaseUrl=http%3A%2F%2F180.169.147.146%3A18081%2Fxingrg%2F&costTime=31×tamp=1615347190560 HTTP/1.1" 200 7641
114.83.221.124 - - [03/Feb/2024:09:13:07 +0800] "GET /favicon.ico HTTP/1.1" 404 -
101.83.145.37 - - [03/Feb/2024:09:13:08 +0800] "GET /xingrg/all/function/internal_message.html?_=1706922552739&CODE_STATE=getMsg HTTP/1.1" 200 27
114.83.221.124 - - [03/Feb/2024:09:13:10 +0800] "POST /xingrg/login.do HTTP/1.1" 302 -
114.83.221.124 - - [03/Feb/2024:09:13:10 +0800] "GET /xingrg/index.html?sysBaseUrl=http%3A%2F%2F180.169.147.146%3A18081%2Fxingrg%2F&costTime=877×tamp=1706922790245 HTTP/1.1" 200 17179
114.83.221.124 - - [03/Feb/2024:09:13:10 +0800] "GET /favicon.ico HTTP/1.1" 404 -
114.83.221.124 - - [03/Feb/2024:09:13:10 +0800] "GET /xingrg/all/function/internal_message.html?_=1706922787443&CODE_STATE=count HTTP/1.1" 200 11
114.83.221.124 - - [03/Feb/2024:09:13:10 +0800] "GET /xingrg/check_reg.html?_=1706922787444 HTTP/1.1" 200 22
114.83.221.124 - - [03/Feb/2024:09:13:10 +0800] "POST /xingrg/all/common/load_tree.html?tree=area_rest_tree_json&manage=1 HTTP/1.1" 200 351
114.83.221.124 - - [03/Feb/2024:09:13:11 +0800] "POST /xingrg/load_menu.html HTTP/1.1" 200 5138
58.39.105.37 - - [03/Feb/2024:09:13:11 +0800] "POST /xingrg/dwr/call/plaincall/AjaxCheckService.importOrderItems.dwr HTTP/1.1" 200 78
58.39.105.37 - - [03/Feb/2024:09:13:12 +0800] "POST /xingrg/dwr/call/plaincall/AjaxCheckService.loadOrderItems.dwr HTTP/1.1" 200 1021
101.83.145.37 - - [03/Feb/2024:09:13:14 +0800] "GET /xingrg/kc/buy/cgsh_order_operate.html?command=get_materiel&rest_code=00105&code=00101007081&supplier_code=00100002&order_time=2024-02-03 HTTP/1.1" 200 413
116.230.123.222 - - [03/Feb/2024:09:13:14 +0800] "GET /xingrg/all/function/internal_message.html?_=1706922792217&CODE_STATE=getMsg HTTP/1.1" 200 27
114.83.221.124 - - [03/Feb/2024:09:13:20 +0800] "GET /xingrg/kc/buy/cgsh_order_list.html HTTP/1.1" 200 57698
172.20.0.100 - - [03/Feb/2024:09:13:23 +0800] "GET /xingrg/all/function/internal_message.html?_=1706922819084&CODE_STATE=getMsg HTTP/1.1" 302 -
114.83.221.124 - - [03/Feb/2024:09:13:23 +0800] "POST /xingrg/kc/buy/cgsh_list_operate.html HTTP/1.1" 200 986
120.253.135.82 - - [03/Feb/2024:09:13:23 +0800] "GET /xingrg/all/function/internal_message.html?_=1706922630975&CODE_STATE=getMsg HTTP/1.1" 200 27
58.39.105.37 - - [03/Feb/2024:09:13:24 +0800] "POST /xingrg/dwr/call/plaincall/AjaxCheckService.importOrderItems.dwr HTTP/1.1" 200 78
58.39.105.37 - - [03/Feb/2024:09:13:25 +0800] "POST /xingrg/dwr/call/plaincall/AjaxCheckService.loadOrderItems.dwr HTTP/1.1" 200 19126
180.169.147.146 - - [03/Feb/2024:09:13:25 +0800] "GET /xingrg/all/function/internal_message.html?_=1706922805618&CODE_STATE=getMsg HTTP/1.1" 200 27
180.169.147.146 - - [03/Feb/2024:09:13:25 +0800] "GET /xingrg/check_reg.html?_=1706922805620 HTTP/1.1" 200 22
180.169.147.146 - - [03/Feb/2024:09:13:25 +0800] "GET /xingrg/kc/base/check_order_info.html?code=452024013100242 HTTP/1.1" 200 23122
180.169.147.146 - - [03/Feb/2024:09:13:25 +0800] "GET /xingrg/dwr/interface/AjaxComOrderService.js HTTP/1.1" 200 18264
180.169.147.146 - - [03/Feb/2024:09:13:25 +0800] "GET /xingrg/dwr/interface/AjaxCheckService.js HTTP/1.1" 200 14003
180.169.147.146 - - [03/Feb/2024:09:13:25 +0800] "GET /xingrg/dwr/engine.js HTTP/1.1" 200 43631
180.169.147.146 - - [03/Feb/2024:09:13:26 +0800] "POST /xingrg/dwr/call/plaincall/AjaxCheckService.loadOrderItems.dwr HTTP/1.1" 200 8849
58.39.105.37 - - [03/Feb/2024:09:13:28 +0800] "POST /xingrg/dwr/call/plaincall/AjaxCheckService.setItemNumber.dwr HTTP/1.1" 200 76
222.70.168.248 - - [03/Feb/2024:09:13:28 +0800] "GET /xingrg/all/function/internal_message.html?_=1706922811142&CODE_STATE=getMsg HTTP/1.1" 200 27
58.39.105.37 - - [03/Feb/2024:09:13:28 +0800] "POST /xingrg/dwr/call/plaincall/AjaxCheckService.setItemNumber.dwr HTTP/1.1" 200 76
114.83.221.124 - - [03/Feb/2024:09:13:29 +0800] "GET /xingrg/kc/buy/cgsh_order_add.html HTTP/1.1" 200 73555
114.83.221.124 - - [03/Feb/2024:09:13:29 +0800] "GET /xingrg/words/20240202172956_words.js HTTP/1.1" 304 -
58.39.105.37 - - [03/Feb/2024:09:13:29 +0800] "POST /xingrg/dwr/call/plaincall/AjaxCheckService.setItemNumber.dwr HTTP/1.1" 200 76
114.83.221.124 - - [03/Feb/2024:09:13:29 +0800] "POST /xingrg/kc/buy/cgsh_order_operate.html HTTP/1.1" 200 8245
114.83.221.124 - - [03/Feb/2024:09:13:29 +0800] "GET /xingrg/javascript/easyui/themes/default/validatebox.css HTTP/1.1" 404 1104
58.39.105.37 - - [03/Feb/2024:09:13:29 +0800] "POST /xingrg/dwr/call/plaincall/AjaxCheckService.setItemNumber.dwr HTTP/1.1" 200 76
114.83.221.124 - - [03/Feb/2024:09:13:29 +0800] "GET /xingrg/all/common/auto_word.html?type=employee&rest_code=00149 HTTP/1.1" 200 147
114.83.221.124 - - [03/Feb/2024:09:13:29 +0800] "GET /xingrg/all/common/auto_word.html?type=employee&rest_code=00149 HTTP/1.1" 200 147
180.169.147.146 - - [03/Feb/2024:09:13:30 +0800] "GET /xingrg/kc/base/check_order_info.html?code=452024013100241 HTTP/1.1" 200 26182
180.169.147.146 - - [03/Feb/2024:09:13:30 +0800] "GET /xingrg/dwr/interface/AjaxComOrderService.js HTTP/1.1" 200 18264
180.169.147.146 - - [03/Feb/2024:09:13:30 +0800] "GET /xingrg/dwr/interface/AjaxCheckService.js HTTP/1.1" 200 14003
180.169.147.146 - - [03/Feb/2024:09:13:30 +0800] "GET /xingrg/dwr/engine.js HTTP/1.1" 200 43631
58.39.105.37 - - [03/Feb/2024:09:13:30 +0800] "POST /xingrg/dwr/call/plaincall/AjaxCheckService.setItemNumber.dwr HTTP/1.1" 200 77
180.169.147.146 - - [03/Feb/2024:09:13:30 +0800] "POST /xingrg/dwr/call/plaincall/AjaxCheckService.loadOrderItems.dwr HTTP/1.1" 200 2306
58.39.105.37 - - [03/Feb/2024:09:13:31 +0800] "POST /xingrg/dwr/call/plaincall/AjaxCheckService.setItemNumber.dwr HTTP/1.1" 200 77
180.169.147.146 - - [03/Feb/2024:09:13:33 +0800] "POST /xingrg/dwr/call/plaincall/AjaxCheckService.setItemNumber.dwr HTTP/1.1" 200 76
180.169.147.146 - - [03/Feb/2024:09:13:34 +0800] "POST /xingrg/dwr/call/plaincall/AjaxCheckService.setItemNumber.dwr HTTP/1.1" 200 76
101.83.145.37 - - [03/Feb/2024:09:13:34 +0800] "GET /xingrg/kc/buy/cgsh_order_operate.html?command=get_materiel&rest_code=00105&code=00101007022&supplier_code=00100002&order_time=2024-02-03 HTTP/1.1" 200 413
180.169.147.146 - - [03/Feb/2024:09:13:34 +0800] "POST /xingrg/dwr/call/plaincall/AjaxCheckService.setItemNumber.dwr HTTP/1.1" 200 76
58.39.105.37 - - [03/Feb/2024:09:13:34 +0800] "POST /xingrg/dwr/call/plaincall/AjaxCheckService.setItemNumber.dwr HTTP/1.1" 200 77
58.39.105.37 - - [03/Feb/2024:09:13:36 +0800] "POST /xingrg/dwr/call/plaincall/AjaxCheckService.setItemNumber.dwr HTTP/1.1" 200 77
58.39.105.37 - - [03/Feb/2024:09:13:37 +0800] "POST /xingrg/dwr/call/plaincall/AjaxCheckService.setItemNumber.dwr HTTP/1.1" 200 77
180.169.147.146 - - [03/Feb/2024:09:13:39 +0800] "POST /xingrg/dwr/call/plaincall/AjaxCheckService.checkOrder.dwr HTTP/1.1" 200 78
58.39.105.37 - - [03/Feb/2024:09:13:39 +0800] "POST /xingrg/dwr/call/plaincall/AjaxCheckService.setItemNumber.dwr HTTP/1.1" 200 77
180.169.147.146 - - [03/Feb/2024:09:13:41 +0800] "GET /xingrg/kc/base/check_order_info.html?code=452024013100241 HTTP/1.1" 200 23122
180.169.147.146 - - [03/Feb/2024:09:13:41 +0800] "GET /xingrg/dwr/interface/AjaxComOrderService.js HTTP/1.1" 200 18264
180.169.147.146 - - [03/Feb/2024:09:13:41 +0800] "GET /xingrg/dwr/interface/AjaxCheckService.js HTTP/1.1" 200 14003
180.169.147.146 - - [03/Feb/2024:09:13:41 +0800] "GET /xingrg/dwr/engine.js HTTP/1.1" 200 43631
180.169.147.146 - - [03/Feb/2024:09:13:41 +0800] "POST /xingrg/dwr/call/plaincall/AjaxCheckService.loadOrderItems.dwr HTTP/1.1" 200 1241
58.39.105.37 - - [03/Feb/2024:09:13:42 +0800] "POST /xingrg/dwr/call/plaincall/AjaxCheckService.setItemNumber.dwr HTTP/1.1" 200 77
58.39.105.37 - - [03/Feb/2024:09:13:42 +0800] "POST /xingrg/dwr/call/plaincall/AjaxCheckService.setItemNumber.dwr HTTP/1.1" 200 77
58.39.105.37 - - [03/Feb/2024:09:13:42 +0800] "POST /xingrg/dwr/call/plaincall/AjaxCheckService.setItemNumber.dwr HTTP/1.1" 200 77
58.39.105.37 - - [03/Feb/2024:09:13:43 +0800] "POST /xingrg/dwr/call/plaincall/AjaxCheckService.setItemNumber.dwr HTTP/1.1" 200 77
58.39.105.37 - - [03/Feb/2024:09:13:44 +0800] "POST /xingrg/dwr/call/plaincall/AjaxCheckService.setItemNumber.dwr HTTP/1.1" 200 77
58.39.105.37 - - [03/Feb/2024:09:13:44 +0800] "POST /xingrg/dwr/call/plaincall/AjaxCheckService.setItemNumber.dwr HTTP/1.1" 200 77
124.78.156.111 - - [03/Feb/2024:09:13:45 +0800] "GET /xingrg/all/function/internal_message.html?_=1706922820992&CODE_STATE=getMsg HTTP/1.1" 200 27
58.39.105.37 - - [03/Feb/2024:09:13:45 +0800] "POST /xingrg/dwr/call/plaincall/AjaxCheckService.setItemNumber.dwr HTTP/1.1" 200 77
58.39.105.37 - - [03/Feb/2024:09:13:45 +0800] "POST /xingrg/dwr/call/plaincall/AjaxCheckService.setItemNumber.dwr HTTP/1.1" 200 77
58.39.105.37 - - [03/Feb/2024:09:13:46 +0800] "POST /xingrg/dwr/call/plaincall/AjaxCheckService.setItemNumber.dwr HTTP/1.1" 200 77
221.239.172.206 - - [03/Feb/2024:09:13:46 +0800] "GET /xingrg/all/function/internal_message.html?_=1706922826750&CODE_STATE=getMsg HTTP/1.1" 200 27
116.238.120.94 - - [03/Feb/2024:09:13:48 +0800] "GET /xingrg/all/function/internal_message.html?_=1706922828388&CODE_STATE=getMsg HTTP/1.1" 200 27
58.39.105.37 - - [03/Feb/2024:09:13:48 +0800] "POST /xingrg/dwr/call/plaincall/AjaxCheckService.setItemNumber.dwr HTTP/1.1" 200 77
58.39.105.37 - - [03/Feb/2024:09:13:49 +0800] "POST /xingrg/dwr/call/plaincall/AjaxCheckService.setItemNumber.dwr HTTP/1.1" 200 77
58.39.105.37 - - [03/Feb/2024:09:13:50 +0800] "POST /xingrg/dwr/call/plaincall/AjaxCheckService.setItemNumber.dwr HTTP/1.1" 200 77
58.39.105.37 - - [03/Feb/2024:09:13:51 +0800] "POST /xingrg/dwr/call/plaincall/AjaxCheckService.setItemNumber.dwr HTTP/1.1" 200 77
58.39.105.37 - - [03/Feb/2024:09:13:52 +0800] "POST /xingrg/dwr/call/plaincall/AjaxCheckService.setItemNumber.dwr HTTP/1.1" 200 77
58.39.105.37 - - [03/Feb/2024:09:13:53 +0800] "POST /xingrg/dwr/call/plaincall/AjaxCheckService.setItemNumber.dwr HTTP/1.1" 200 77
58.39.105.37 - - [03/Feb/2024:09:13:53 +0800] "POST /xingrg/dwr/call/plaincall/AjaxCheckService.setItemNumber.dwr HTTP/1.1" 200 77
58.39.105.37 - - [03/Feb/2024:09:13:54 +0800] "POST /xingrg/dwr/call/plaincall/AjaxCheckService.setItemNumber.dwr HTTP/1.1" 200 77
58.39.105.37 - - [03/Feb/2024:09:13:54 +0800] "POST /xingrg/dwr/call/plaincall/AjaxCheckService.setItemNumber.dwr HTTP/1.1" 200 77
124.78.68.102 - - [03/Feb/2024:09:13:54 +0800] "GET /xingrg/all/function/internal_message.html?_=1706922834499&CODE_STATE=getMsg HTTP/1.1" 200 27
101.83.145.37 - - [03/Feb/2024:09:13:55 +0800] "POST /xingrg/kc/buy/cgsh_order_operate.html HTTP/1.1" 200 37
58.39.105.37 - - [03/Feb/2024:09:13:55 +0800] "GET /xingrg/all/function/internal_message.html?_=1706922836341&CODE_STATE=getMsg HTTP/1.1" 200 27
58.39.105.37 - - [03/Feb/2024:09:13:55 +0800] "POST /xingrg/dwr/call/plaincall/AjaxCheckService.setItemNumber.dwr HTTP/1.1" 200 77
180.169.147.146 - - [03/Feb/2024:09:13:56 +0800] "POST /xingrg/kc/base/check_list_operate.html HTTP/1.1" 200 2229
180.169.147.146 - - [03/Feb/2024:09:13:57 +0800] "GET /xingrg/kc/base/check_order_info.html?code=452024013100238 HTTP/1.1" 200 26182
180.169.147.146 - - [03/Feb/2024:09:13:57 +0800] "GET /xingrg/dwr/interface/AjaxComOrderService.js HTTP/1.1" 200 18264
180.169.147.146 - - [03/Feb/2024:09:13:57 +0800] "GET /xingrg/dwr/interface/AjaxCheckService.js HTTP/1.1" 200 14003
180.169.147.146 - - [03/Feb/2024:09:13:57 +0800] "GET /xingrg/dwr/engine.js HTTP/1.1" 200 43631
101.83.145.37 - - [03/Feb/2024:09:13:57 +0800] "POST /xingrg/kc/buy/cgsh_order_operate.html HTTP/1.1" 200 3251
180.169.147.146 - - [03/Feb/2024:09:13:58 +0800] "POST /xingrg/dwr/call/plaincall/AjaxCheckService.loadOrderItems.dwr HTTP/1.1" 200 176165
221.239.172.206 - - [03/Feb/2024:09:13:59 +0800] "GET /xingrg/check_reg.html?_=1706922838999 HTTP/1.1" 200 22
101.83.145.37 - - [03/Feb/2024:09:14:00 +0800] "GET /xingrg/kc/print/load_config.html?kc_code=cgsh HTTP/1.1" 200 1927
101.83.145.37 - - [03/Feb/2024:09:14:00 +0800] "GET /xingrg/kc/print/load_data.html?order_code=212024020301073&kc_code=cgsh&condition= HTTP/1.1" 200 967
101.83.145.37 - - [03/Feb/2024:09:14:00 +0800] "GET /xingrg/all/function/internal_message.html?_=1706922841532&CODE_STATE=getMsg HTTP/1.1" 200 27
58.40.7.146 - - [03/Feb/2024:09:14:02 +0800] "GET /xingrg/check_reg.html?_=1706922842582 HTTP/1.1" 302 -
180.169.147.146 - - [03/Feb/2024:09:14:03 +0800] "POST /xingrg/dwr/call/plaincall/AjaxCheckService.setItemNumber.dwr HTTP/1.1" 200 76
116.238.120.94 - - [03/Feb/2024:09:14:04 +0800] "GET /xingrg/all/function/internal_message.html?_=1706922844376&CODE_STATE=getMsg HTTP/1.1" 200 27
180.169.147.146 - - [03/Feb/2024:09:14:04 +0800] "POST /xingrg/dwr/call/plaincall/AjaxCheckService.setItemNumber.dwr HTTP/1.1" 200 76
180.169.147.146 - - [03/Feb/2024:09:14:07 +0800] "GET /xingrg/kc/base/check_order_info.html?code=452024013100239 HTTP/1.1" 200 26182
180.169.147.146 - - [03/Feb/2024:09:14:07 +0800] "GET /xingrg/dwr/interface/AjaxComOrderService.js HTTP/1.1" 200 18264
180.169.147.146 - - [03/Feb/2024:09:14:07 +0800] "GET /xingrg/dwr/interface/AjaxCheckService.js HTTP/1.1" 200 14003
180.169.147.146 - - [03/Feb/2024:09:14:07 +0800] "GET /xingrg/dwr/engine.js HTTP/1.1" 200 43631
180.169.147.146 - - [03/Feb/2024:09:14:08 +0800] "POST /xingrg/dwr/call/plaincall/AjaxCheckService.loadOrderItems.dwr HTTP/1.1" 200 102091
101.83.145.37 - - [03/Feb/2024:09:14:08 +0800] "GET /xingrg/all/function/internal_message.html?_=1706922613415&CODE_STATE=getMsg HTTP/1.1" 200 27
114.83.221.124 - - [03/Feb/2024:09:14:10 +0800] "GET /xingrg/all/function/internal_message.html?_=1706922847459&CODE_STATE=getMsg HTTP/1.1" 200 27
180.169.147.146 - - [03/Feb/2024:09:14:12 +0800] "GET /xingrg/kc/base/check_order_info.html?code=452024013100240 HTTP/1.1" 200 26182
180.169.147.146 - - [03/Feb/2024:09:14:12 +0800] "GET /xingrg/dwr/interface/AjaxComOrderService.js HTTP/1.1" 200 18264
180.169.147.146 - - [03/Feb/2024:09:14:12 +0800] "GET /xingrg/dwr/interface/AjaxCheckService.js HTTP/1.1" 200 14003
180.169.147.146 - - [03/Feb/2024:09:14:12 +0800] "GET /xingrg/dwr/engine.js HTTP/1.1" 200 43631
180.169.147.146 - - [03/Feb/2024:09:14:12 +0800] "POST /xingrg/dwr/call/plaincall/AjaxCheckService.loadOrderItems.dwr HTTP/1.1" 200 4201
180.169.147.146 - - [03/Feb/2024:09:14:16 +0800] "POST /xingrg/dwr/call/plaincall/AjaxCheckService.setItemNumber.dwr HTTP/1.1" 200 76
180.169.147.146 - - [03/Feb/2024:09:14:16 +0800] "POST /xingrg/dwr/call/plaincall/AjaxCheckService.setItemNumber.dwr HTTP/1.1" 200 76
114.83.221.124 - - [03/Feb/2024:09:14:17 +0800] "GET /xingrg/javascript/auto/indicator.gif HTTP/1.1" 404 1066
180.169.147.146 - - [03/Feb/2024:09:14:17 +0800] "POST /xingrg/dwr/call/plaincall/AjaxCheckService.setItemNumber.dwr HTTP/1.1" 200 76
114.83.221.124 - - [03/Feb/2024:09:14:18 +0800] "GET /xingrg/javascript/jquery_tools/images/prev.gif HTTP/1.1" 404 1086
114.83.221.124 - - [03/Feb/2024:09:14:18 +0800] "GET /xingrg/javascript/jquery_tools/images/next.gif HTTP/1.1" 404 1086
180.169.147.146 - - [03/Feb/2024:09:14:18 +0800] "POST /xingrg/dwr/call/plaincall/AjaxCheckService.setItemNumber.dwr HTTP/1.1" 200 76
180.169.147.146 - - [03/Feb/2024:09:14:18 +0800] "POST /xingrg/dwr/call/plaincall/AjaxCheckService.setItemNumber.dwr HTTP/1.1" 200 76
180.169.147.146 - - [03/Feb/2024:09:14:18 +0800] "POST /xingrg/dwr/call/plaincall/AjaxCheckService.setItemNumber.dwr HTTP/1.1" 200 76
116.230.123.222 - - [03/Feb/2024:09:14:21 +0800] "GET /xingrg/login.html HTTP/1.1" 200 7641
116.230.123.222 - - [03/Feb/2024:09:14:21 +0800] "GET /favicon.ico HTTP/1.1" 404 -
222.70.168.248 - - [03/Feb/2024:09:14:22 +0800] "GET /xingrg/check_reg.html?_=1706922864498 HTTP/1.1" 200 22
180.169.147.146 - - [03/Feb/2024:09:14:22 +0800] "POST /xingrg/dwr/call/plaincall/AjaxCheckService.checkOrder.dwr HTTP/1.1" 200 78
172.20.0.100 - - [03/Feb/2024:09:14:23 +0800] "GET /xingrg/all/function/internal_message.html?_=1706922879082&CODE_STATE=getMsg HTTP/1.1" 302 -
120.253.135.82 - - [03/Feb/2024:09:14:23 +0800] "GET /xingrg/check_reg.html?_=1706922690956 HTTP/1.1" 200 22
120.253.135.82 - - [03/Feb/2024:09:14:23 +0800] "GET /xingrg/all/function/internal_message.html?_=1706922690988&CODE_STATE=getMsg HTTP/1.1" 200 27
180.169.147.146 - - [03/Feb/2024:09:14:24 +0800] "GET /xingrg/kc/base/check_order_info.html?code=452024013100240 HTTP/1.1" 200 23126
180.169.147.146 - - [03/Feb/2024:09:14:24 +0800] "GET /xingrg/dwr/interface/AjaxComOrderService.js HTTP/1.1" 200 18264
180.169.147.146 - - [03/Feb/2024:09:14:24 +0800] "GET /xingrg/dwr/interface/AjaxCheckService.js HTTP/1.1" 200 14003
180.169.147.146 - - [03/Feb/2024:09:14:24 +0800] "GET /xingrg/dwr/engine.js HTTP/1.1" 200 43631
180.169.147.146 - - [03/Feb/2024:09:14:24 +0800] "POST /xingrg/dwr/call/plaincall/AjaxCheckService.loadOrderItems.dwr HTTP/1.1" 200 2071
180.169.147.146 - - [03/Feb/2024:09:14:25 +0800] "GET /xingrg/all/function/internal_message.html?_=1706922865589&CODE_STATE=getMsg HTTP/1.1" 200 27
180.169.147.146 - - [03/Feb/2024:09:14:27 +0800] "POST /xingrg/kc/base/check_list_operate.html HTTP/1.1" 200 1896
180.169.147.146 - - [03/Feb/2024:09:14:28 +0800] "GET /xingrg/kc/base/check_order_info.html?code=452024013100238 HTTP/1.1" 200 26182
180.169.147.146 - - [03/Feb/2024:09:14:28 +0800] "GET /xingrg/dwr/interface/AjaxComOrderService.js HTTP/1.1" 200 18264
180.169.147.146 - - [03/Feb/2024:09:14:28 +0800] "GET /xingrg/dwr/interface/AjaxCheckService.js HTTP/1.1" 200 14003
180.169.147.146 - - [03/Feb/2024:09:14:28 +0800] "GET /xingrg/dwr/engine.js HTTP/1.1" 200 43631
222.70.168.248 - - [03/Feb/2024:09:14:28 +0800] "GET /xingrg/all/function/internal_message.html?_=1706922871144&CODE_STATE=getMsg HTTP/1.1" 200 27
180.169.147.146 - - [03/Feb/2024:09:14:29 +0800] "POST /xingrg/dwr/call/plaincall/AjaxCheckService.loadOrderItems.dwr HTTP/1.1" 200 176167
116.230.123.222 - - [03/Feb/2024:09:14:33 +0800] "POST /xingrg/login.do HTTP/1.1" 302 -
116.230.123.222 - - [03/Feb/2024:09:14:33 +0800] "GET /xingrg/index.html?sysBaseUrl=http%3A%2F%2F180.169.147.146%3A18081%2Fxingrg%2F&costTime=821×tamp=1706922873007 HTTP/1.1" 200 17173
116.230.123.222 - - [03/Feb/2024:09:14:33 +0800] "GET /favicon.ico HTTP/1.1" 404 -
116.230.123.222 - - [03/Feb/2024:09:14:33 +0800] "GET /xingrg/check_reg.html?_=1706922870688 HTTP/1.1" 200 22
116.230.123.222 - - [03/Feb/2024:09:14:33 +0800] "GET /xingrg/all/function/internal_message.html?_=1706922870687&CODE_STATE=count HTTP/1.1" 200 11
116.230.123.222 - - [03/Feb/2024:09:14:33 +0800] "POST /xingrg/all/common/load_tree.html?tree=area_rest_tree_json&manage=1 HTTP/1.1" 200 342
116.230.123.222 - - [03/Feb/2024:09:14:33 +0800] "POST /xingrg/load_menu.html HTTP/1.1" 200 5138
114.83.221.124 - - [03/Feb/2024:09:14:34 +0800] "GET /xingrg/kc/buy/cgsh_order_operate.html?command=get_materiel&rest_code=00149&code=00101008323&supplier_code=00100008&order_time=2024-02-03 HTTP/1.1" 200 408
180.163.28.180 - - [03/Feb/2024:09:14:45 +0800] "GET /xingrg/all/function/internal_message.html?_=1706922820992&CODE_STATE=getMsg HTTP/1.1" 302 -
180.163.28.180 - - [03/Feb/2024:09:14:45 +0800] "GET /xingrg/login.html HTTP/1.1" 200 7641
124.78.156.111 - - [03/Feb/2024:09:14:45 +0800] "GET /xingrg/all/function/internal_message.html?_=1706922880978&CODE_STATE=getMsg HTTP/1.1" 200 27
221.239.172.206 - - [03/Feb/2024:09:14:46 +0800] "GET /xingrg/all/function/internal_message.html?_=1706922886724&CODE_STATE=getMsg HTTP/1.1" 200 27
116.238.120.94 - - [03/Feb/2024:09:14:48 +0800] "GET /xingrg/all/function/internal_message.html?_=1706922888373&CODE_STATE=getMsg HTTP/1.1" 200 27
116.230.123.222 - - [03/Feb/2024:09:14:48 +0800] "GET /xingrg/kc/buy/cgsh_order_list.html HTTP/1.1" 200 57692
114.83.221.124 - - [03/Feb/2024:09:14:49 +0800] "GET /xingrg/kc/buy/cgsh_order_operate.html?command=get_materiel&rest_code=00149&code=00101008091&supplier_code=00100008&order_time=2024-02-03 HTTP/1.1" 200 412
116.230.123.222 - - [03/Feb/2024:09:14:51 +0800] "POST /xingrg/kc/buy/cgsh_list_operate.html HTTP/1.1" 200 986
58.39.105.37 - - [03/Feb/2024:09:14:53 +0800] "POST /xingrg/kc/base/check_list_operate.html HTTP/1.1" 200 1908
124.78.68.102 - - [03/Feb/2024:09:14:54 +0800] "GET /xingrg/all/function/internal_message.html?_=1706922894480&CODE_STATE=getMsg HTTP/1.1" 200 27
58.39.105.37 - - [03/Feb/2024:09:14:55 +0800] "GET /xingrg/kc/base/check_order_add.html HTTP/1.1" 200 25494
58.39.105.37 - - [03/Feb/2024:09:14:55 +0800] "GET /xingrg/dwr/interface/AjaxComOrderService.js HTTP/1.1" 200 18264
58.39.105.37 - - [03/Feb/2024:09:14:55 +0800] "GET /xingrg/dwr/interface/AjaxCheckService.js HTTP/1.1" 200 14003
58.39.105.37 - - [03/Feb/2024:09:14:55 +0800] "GET /xingrg/dwr/engine.js HTTP/1.1" 200 43631
58.39.105.37 - - [03/Feb/2024:09:14:55 +0800] "GET /xingrg/all/function/internal_message.html?_=1706922896329&CODE_STATE=getMsg HTTP/1.1" 200 27
116.230.123.222 - - [03/Feb/2024:09:15:00 +0800] "GET /xingrg/kc/buy/cgsh_order_add.html HTTP/1.1" 200 73423
116.230.123.222 - - [03/Feb/2024:09:15:00 +0800] "GET /xingrg/words/20240202172956_words.js HTTP/1.1" 200 1013347
116.230.123.222 - - [03/Feb/2024:09:15:00 +0800] "POST /xingrg/kc/buy/cgsh_order_operate.html HTTP/1.1" 200 8245
116.230.123.222 - - [03/Feb/2024:09:15:00 +0800] "GET /xingrg/javascript/easyui/themes/default/validatebox.css HTTP/1.1" 404 1104
116.230.123.222 - - [03/Feb/2024:09:15:00 +0800] "GET /xingrg/all/common/auto_word.html?type=employee&rest_code=00111 HTTP/1.1" 200 105
116.230.123.222 - - [03/Feb/2024:09:15:00 +0800] "GET /xingrg/all/common/auto_word.html?type=employee&rest_code=00111 HTTP/1.1" 200 105
101.83.145.37 - - [03/Feb/2024:09:15:00 +0800] "GET /xingrg/all/function/internal_message.html?_=1706922901535&CODE_STATE=getMsg HTTP/1.1" 200 27
114.83.221.124 - - [03/Feb/2024:09:15:01 +0800] "GET /xingrg/kc/buy/cgsh_order_operate.html?command=get_materiel&rest_code=00149&code=00101008302&supplier_code=00100008&order_time=2024-02-03 HTTP/1.1" 200 412
116.238.120.94 - - [03/Feb/2024:09:15:04 +0800] "GET /xingrg/all/function/internal_message.html?_=1706922904379&CODE_STATE=getMsg HTTP/1.1" 200 27
101.83.145.37 - - [03/Feb/2024:09:15:08 +0800] "GET /xingrg/all/function/internal_message.html?_=1706922673399&CODE_STATE=getMsg HTTP/1.1" 200 27
116.230.123.222 - - [03/Feb/2024:09:15:09 +0800] "GET /xingrg/javascript/auto/indicator.gif HTTP/1.1" 404 1066
114.83.221.124 - - [03/Feb/2024:09:15:10 +0800] "GET /xingrg/all/function/internal_message.html?_=1706922907466&CODE_STATE=getMsg HTTP/1.1" 200 27
116.230.123.222 - - [03/Feb/2024:09:15:11 +0800] "GET /xingrg/javascript/jquery_tools/images/next.gif HTTP/1.1" 404 1086
116.230.123.222 - - [03/Feb/2024:09:15:11 +0800] "GET /xingrg/javascript/jquery_tools/images/prev.gif HTTP/1.1" 404 1086
114.83.221.124 - - [03/Feb/2024:09:15:16 +0800] "GET /xingrg/kc/buy/cgsh_order_operate.html?command=get_materiel&rest_code=00149&code=00101008210&supplier_code=00100008&order_time=2024-02-03 HTTP/1.1" 200 408
172.20.0.100 - - [03/Feb/2024:09:15:23 +0800] "GET /xingrg/all/function/internal_message.html?_=1706922939097&CODE_STATE=getMsg HTTP/1.1" 302 -
120.253.135.82 - - [03/Feb/2024:09:15:23 +0800] "GET /xingrg/all/function/internal_message.html?_=1706922751002&CODE_STATE=getMsg HTTP/1.1" 200 27
180.169.147.146 - - [03/Feb/2024:09:15:25 +0800] "GET /xingrg/all/function/internal_message.html?_=1706922925574&CODE_STATE=getMsg HTTP/1.1" 200 27
222.70.168.248 - - [03/Feb/2024:09:15:28 +0800] "GET /xingrg/all/function/internal_message.html?_=1706922931158&CODE_STATE=getMsg HTTP/1.1" 200 27
116.230.123.222 - - [03/Feb/2024:09:15:31 +0800] "GET /xingrg/kc/buy/cgsh_order_operate.html?command=get_materiel&rest_code=00111&code=00101019382&supplier_code=00100004&order_time=2024-02-03 HTTP/1.1" 200 412
114.83.221.124 - - [03/Feb/2024:09:15:32 +0800] "GET /xingrg/kc/buy/cgsh_order_operate.html?command=get_materiel&rest_code=00149&code=00101008027&supplier_code=00100008&order_time=2024-02-03 HTTP/1.1" 200 408
124.78.156.111 - - [03/Feb/2024:09:15:32 +0800] "GET /xingrg/check_reg.html?_=1706922928765 HTTP/1.1" 200 22
116.230.123.222 - - [03/Feb/2024:09:15:33 +0800] "GET /xingrg/all/function/internal_message.html?_=1706922930699&CODE_STATE=getMsg HTTP/1.1" 200 27
58.39.105.37 - - [03/Feb/2024:09:15:35 +0800] "POST /xingrg/dwr/call/plaincall/AjaxCheckService.saveOrder.dwr HTTP/1.1" 200 78
58.39.105.37 - - [03/Feb/2024:09:15:37 +0800] "POST /xingrg/dwr/call/plaincall/AjaxCheckService.loadOrderItems.dwr HTTP/1.1" 200 367
58.39.105.37 - - [03/Feb/2024:09:15:39 +0800] "POST /xingrg/kc/report/common_data.html?type=materiel_category_tree HTTP/1.1" 200 4017
114.83.221.124 - - [03/Feb/2024:09:15:42 +0800] "GET /xingrg/kc/buy/cgsh_order_operate.html?command=get_materiel&rest_code=00149&code=00101008132&supplier_code=00100008&order_time=2024-02-03 HTTP/1.1" 200 408
58.39.105.37 - - [03/Feb/2024:09:15:44 +0800] "POST /xingrg/dwr/call/plaincall/AjaxCheckService.importOrderItems.dwr HTTP/1.1" 200 78
124.78.156.111 - - [03/Feb/2024:09:15:45 +0800] "GET /xingrg/all/function/internal_message.html?_=1706922940955&CODE_STATE=getMsg HTTP/1.1" 200 27
58.39.105.37 - - [03/Feb/2024:09:15:45 +0800] "POST /xingrg/dwr/call/plaincall/AjaxCheckService.loadOrderItems.dwr HTTP/1.1" 200 127522
180.163.30.100 - - [03/Feb/2024:09:15:46 +0800] "GET /xingrg/all/function/internal_message.html?_=1706922880978&CODE_STATE=getMsg HTTP/1.1" 302 -
180.163.30.100 - - [03/Feb/2024:09:15:46 +0800] "GET /xingrg/login.html HTTP/1.1" 200 7641
221.239.172.206 - - [03/Feb/2024:09:15:46 +0800] "GET /xingrg/all/function/internal_message.html?_=1706922946710&CODE_STATE=getMsg HTTP/1.1" 200 27
116.238.120.94 - - [03/Feb/2024:09:15:48 +0800] "GET /xingrg/all/function/internal_message.html?_=1706922948360&CODE_STATE=getMsg HTTP/1.1" 200 27
120.253.135.82 - - [03/Feb/2024:09:15:48 +0800] "POST /xingrg/kc/pszx/mdps_list_operate.html HTTP/1.1" 200 2066
101.83.145.37 - - [03/Feb/2024:09:15:51 +0800] "GET /xingrg/javascript/jquery_easy_ui/themes/default/images/tabs_active.png HTTP/1.1" 304 -
180.169.147.146 - - [03/Feb/2024:09:15:53 +0800] "POST /xingrg/dwr/call/plaincall/AjaxCheckService.setItemNumber.dwr HTTP/1.1" 200 76
114.83.221.124 - - [03/Feb/2024:09:15:53 +0800] "GET /xingrg/kc/buy/cgsh_order_operate.html?command=get_materiel&rest_code=00149&code=00101008055&supplier_code=00100008&order_time=2024-02-03 HTTP/1.1" 200 411
180.169.147.146 - - [03/Feb/2024:09:15:54 +0800] "POST /xingrg/dwr/call/plaincall/AjaxCheckService.setItemNumber.dwr HTTP/1.1" 200 76
124.78.68.102 - - [03/Feb/2024:09:15:54 +0800] "GET /xingrg/all/function/internal_message.html?_=1706922954456&CODE_STATE=getMsg HTTP/1.1" 200 27
180.169.147.146 - - [03/Feb/2024:09:15:54 +0800] "POST /xingrg/dwr/call/plaincall/AjaxCheckService.setItemNumber.dwr HTTP/1.1" 200 76
180.169.147.146 - - [03/Feb/2024:09:15:55 +0800] "POST /xingrg/dwr/call/plaincall/AjaxCheckService.setItemNumber.dwr HTTP/1.1" 200 76
180.169.147.146 - - [03/Feb/2024:09:15:55 +0800] "POST /xingrg/dwr/call/plaincall/AjaxCheckService.setItemNumber.dwr HTTP/1.1" 200 76
58.39.105.37 - - [03/Feb/2024:09:15:55 +0800] "GET /xingrg/all/function/internal_message.html?_=1706922956320&CODE_STATE=getMsg HTTP/1.1" 200 27
180.169.147.146 - - [03/Feb/2024:09:15:55 +0800] "POST /xingrg/dwr/call/plaincall/AjaxCheckService.setItemNumber.dwr HTTP/1.1" 200 76
101.83.145.37 - - [03/Feb/2024:09:15:56 +0800] "GET /xingrg/kc/base/base_main.html HTTP/1.1" 200 12142
101.83.145.37 - - [03/Feb/2024:09:15:56 +0800] "GET /xingrg/images/blue/button/wlsy.gif HTTP/1.1" 304 -
101.83.145.37 - - [03/Feb/2024:09:15:56 +0800] "GET /xingrg/images/blue/button/ckpd.gif HTTP/1.1" 304 -
101.83.145.37 - - [03/Feb/2024:09:15:56 +0800] "GET /xingrg/images/blue/button/ckdb.gif HTTP/1.1" 304 -
101.83.145.37 - - [03/Feb/2024:09:15:56 +0800] "GET /xingrg/images/blue/button/yddb.gif HTTP/1.1" 304 -
101.83.145.37 - - [03/Feb/2024:09:15:56 +0800] "GET /xingrg/images/blue/button/top_left.jpg HTTP/1.1" 304 -
101.83.145.37 - - [03/Feb/2024:09:15:56 +0800] "GET /xingrg/images/blue/button/top_right.jpg HTTP/1.1" 304 -
101.83.145.37 - - [03/Feb/2024:09:15:56 +0800] "GET /xingrg/images/blue/button/down.jpg HTTP/1.1" 304 -
101.83.145.37 - - [03/Feb/2024:09:15:56 +0800] "GET /xingrg/images/blue/button/bottom_left.jpg HTTP/1.1" 304 -
101.83.145.37 - - [03/Feb/2024:09:15:56 +0800] "GET /xingrg/images/blue/button/left_ah.jpg HTTP/1.1" 304 -
101.83.145.37 - - [03/Feb/2024:09:15:56 +0800] "GET /xingrg/images/blue/button/bottom_right.jpg HTTP/1.1" 304 -
180.169.147.146 - - [03/Feb/2024:09:15:57 +0800] "POST /xingrg/dwr/call/plaincall/AjaxCheckService.setItemNumber.dwr HTTP/1.1" 200 76
180.169.147.146 - - [03/Feb/2024:09:15:57 +0800] "POST /xingrg/dwr/call/plaincall/AjaxCheckService.setItemNumber.dwr HTTP/1.1" 200 76
180.169.147.146 - - [03/Feb/2024:09:15:58 +0800] "POST /xingrg/dwr/call/plaincall/AjaxCheckService.setItemNumber.dwr HTTP/1.1" 200 76
180.169.147.146 - - [03/Feb/2024:09:15:58 +0800] "POST /xingrg/dwr/call/plaincall/AjaxCheckService.setItemNumber.dwr HTTP/1.1" 200 77
180.169.147.146 - - [03/Feb/2024:09:15:58 +0800] "POST /xingrg/dwr/call/plaincall/AjaxCheckService.setItemNumber.dwr HTTP/1.1" 200 77
180.169.147.146 - - [03/Feb/2024:09:15:59 +0800] "POST /xingrg/dwr/call/plaincall/AjaxCheckService.setItemNumber.dwr HTTP/1.1" 200 77
180.169.147.146 - - [03/Feb/2024:09:16:00 +0800] "POST /xingrg/dwr/call/plaincall/AjaxCheckService.setItemNumber.dwr HTTP/1.1" 200 77
180.169.147.146 - - [03/Feb/2024:09:16:00 +0800] "POST /xingrg/dwr/call/plaincall/AjaxCheckService.setItemNumber.dwr HTTP/1.1" 200 77
180.169.147.146 - - [03/Feb/2024:09:16:00 +0800] "POST /xingrg/dwr/call/plaincall/AjaxCheckService.setItemNumber.dwr HTTP/1.1" 200 77
101.83.145.37 - - [03/Feb/2024:09:16:00 +0800] "GET /xingrg/all/function/internal_message.html?_=1706922961536&CODE_STATE=getMsg HTTP/1.1" 200 27
180.169.147.146 - - [03/Feb/2024:09:16:01 +0800] "POST /xingrg/dwr/call/plaincall/AjaxCheckService.setItemNumber.dwr HTTP/1.1" 200 77
101.83.145.37 - - [03/Feb/2024:09:16:01 +0800] "GET /xingrg/kc/mdqp/qp_main.html HTTP/1.1" 200 10633
101.83.145.37 - - [03/Feb/2024:09:16:01 +0800] "GET /xingrg/images/blue/button/qqpsd.gif HTTP/1.1" 304 -
101.83.145.37 - - [03/Feb/2024:09:16:01 +0800] "GET /xingrg/images/blue/button/pszx.gif HTTP/1.1" 304 -
101.83.145.37 - - [03/Feb/2024:09:16:01 +0800] "GET /xingrg/images/blue/button/psshd.gif HTTP/1.1" 304 -
101.83.145.37 - - [03/Feb/2024:09:16:01 +0800] "GET /xingrg/images/yd/bt.gif HTTP/1.1" 404 1040
101.83.145.37 - - [03/Feb/2024:09:16:03 +0800] "GET /xingrg/kc/mdqp/pssh_order_list.html HTTP/1.1" 200 17891
101.83.145.37 - - [03/Feb/2024:09:16:04 +0800] "POST /xingrg/kc/mdqp/pssh_list_operate.html HTTP/1.1" 200 5180
180.169.147.146 - - [03/Feb/2024:09:16:04 +0800] "POST /xingrg/dwr/call/plaincall/AjaxCheckService.setItemNumber.dwr HTTP/1.1" 200 77
116.238.120.94 - - [03/Feb/2024:09:16:04 +0800] "GET /xingrg/all/function/internal_message.html?_=1706922964370&CODE_STATE=getMsg HTTP/1.1" 200 27
180.169.147.146 - - [03/Feb/2024:09:16:06 +0800] "POST /xingrg/dwr/call/plaincall/AjaxCheckService.setItemNumber.dwr HTTP/1.1" 200 77
180.169.147.146 - - [03/Feb/2024:09:16:06 +0800] "POST /xingrg/dwr/call/plaincall/AjaxCheckService.setItemNumber.dwr HTTP/1.1" 200 77
114.83.221.124 - - [03/Feb/2024:09:16:06 +0800] "GET /xingrg/kc/buy/cgsh_order_operate.html?command=get_materiel&rest_code=00149&code=00101008257&supplier_code=00100008&order_time=2024-02-03 HTTP/1.1" 200 416
180.169.147.146 - - [03/Feb/2024:09:16:07 +0800] "POST /xingrg/dwr/call/plaincall/AjaxCheckService.setItemNumber.dwr HTTP/1.1" 200 77
180.169.147.146 - - [03/Feb/2024:09:16:08 +0800] "POST /xingrg/dwr/call/plaincall/AjaxCheckService.setItemNumber.dwr HTTP/1.1" 200 77
101.83.145.37 - - [03/Feb/2024:09:16:08 +0800] "GET /xingrg/all/function/internal_message.html?_=1706922733374&CODE_STATE=getMsg HTTP/1.1" 200 27
180.169.147.146 - - [03/Feb/2024:09:16:09 +0800] "POST /xingrg/dwr/call/plaincall/AjaxCheckService.setItemNumber.dwr HTTP/1.1" 200 77
180.169.147.146 - - [03/Feb/2024:09:16:09 +0800] "POST /xingrg/dwr/call/plaincall/AjaxCheckService.setItemNumber.dwr HTTP/1.1" 200 77
124.78.68.102 - - [03/Feb/2024:09:16:10 +0800] "GET /xingrg/check_reg.html?_=1706922970052 HTTP/1.1" 200 22
180.169.147.146 - - [03/Feb/2024:09:16:10 +0800] "POST /xingrg/dwr/call/plaincall/AjaxCheckService.setItemNumber.dwr HTTP/1.1" 200 77
114.83.221.124 - - [03/Feb/2024:09:16:10 +0800] "GET /xingrg/all/function/internal_message.html?_=1706922967466&CODE_STATE=getMsg HTTP/1.1" 200 27
180.169.147.146 - - [03/Feb/2024:09:16:11 +0800] "POST /xingrg/dwr/call/plaincall/AjaxCheckService.setItemNumber.dwr HTTP/1.1" 200 77
180.169.147.146 - - [03/Feb/2024:09:16:11 +0800] "POST /xingrg/dwr/call/plaincall/AjaxCheckService.setItemNumber.dwr HTTP/1.1" 200 77
180.169.147.146 - - [03/Feb/2024:09:16:13 +0800] "POST /xingrg/dwr/call/plaincall/AjaxCheckService.setItemNumber.dwr HTTP/1.1" 200 77
180.169.147.146 - - [03/Feb/2024:09:16:13 +0800] "POST /xingrg/dwr/call/plaincall/AjaxCheckService.setItemNumber.dwr HTTP/1.1" 200 77
180.169.147.146 - - [03/Feb/2024:09:16:15 +0800] "POST /xingrg/dwr/call/plaincall/AjaxCheckService.setItemNumber.dwr HTTP/1.1" 200 77
180.169.147.146 - - [03/Feb/2024:09:16:16 +0800] "POST /xingrg/dwr/call/plaincall/AjaxCheckService.setItemNumber.dwr HTTP/1.1" 200 77
180.169.147.146 - - [03/Feb/2024:09:16:16 +0800] "POST /xingrg/dwr/call/plaincall/AjaxCheckService.setItemNumber.dwr HTTP/1.1" 200 77
180.169.147.146 - - [03/Feb/2024:09:16:17 +0800] "POST /xingrg/dwr/call/plaincall/AjaxCheckService.setItemNumber.dwr HTTP/1.1" 200 77
180.169.147.146 - - [03/Feb/2024:09:16:18 +0800] "POST /xingrg/dwr/call/plaincall/AjaxCheckService.setItemNumber.dwr HTTP/1.1" 200 77
180.169.147.146 - - [03/Feb/2024:09:16:18 +0800] "POST /xingrg/dwr/call/plaincall/AjaxCheckService.setItemNumber.dwr HTTP/1.1" 200 77
101.83.145.37 - - [03/Feb/2024:09:16:20 +0800] "POST /xingrg/kc/mdqp/pssh_list_operate.html HTTP/1.1" 200 770
101.83.145.37 - - [03/Feb/2024:09:16:21 +0800] "GET /xingrg/kc/mdqp/pssh_order_info.html?code=312024020100009 HTTP/1.1" 200 17297
101.83.145.37 - - [03/Feb/2024:09:16:21 +0800] "GET /xingrg/javascript/jquery_tools/jquery-1.4.2.min.js HTTP/1.1" 404 1094
101.83.145.37 - - [03/Feb/2024:09:16:21 +0800] "GET /xingrg/javascript/easyui/themes/icons/back_new.png HTTP/1.1" 304 -
101.83.145.37 - - [03/Feb/2024:09:16:21 +0800] "GET /xingrg/javascript/easyui/themes/default/validatebox.css HTTP/1.1" 404 1104
180.169.147.146 - - [03/Feb/2024:09:16:21 +0800] "POST /xingrg/dwr/call/plaincall/AjaxCheckService.setItemNumber.dwr HTTP/1.1" 200 77
101.83.145.37 - - [03/Feb/2024:09:16:21 +0800] "POST /xingrg/kc/mdqp/pssh_order_operate.html HTTP/1.1" 200 9563
101.83.145.37 - - [03/Feb/2024:09:16:21 +0800] "GET /xingrg/all/common/auto_word.html?type=base&rest_code=00105&rest_code=00105 HTTP/1.1" 200 1907
172.20.0.100 - - [03/Feb/2024:09:16:23 +0800] "GET /xingrg/all/function/internal_message.html?_=1706922999095&CODE_STATE=getMsg HTTP/1.1" 302 -
120.253.135.82 - - [03/Feb/2024:09:16:23 +0800] "GET /xingrg/all/function/internal_message.html?_=1706922811254&CODE_STATE=getMsg HTTP/1.1" 200 27
180.169.147.146 - - [03/Feb/2024:09:16:25 +0800] "GET /xingrg/all/function/internal_message.html?_=1706922985550&CODE_STATE=getMsg HTTP/1.1" 200 27
222.70.168.248 - - [03/Feb/2024:09:16:28 +0800] "GET /xingrg/all/function/internal_message.html?_=1706922991310&CODE_STATE=getMsg HTTP/1.1" 200 27
116.230.123.222 - - [03/Feb/2024:09:16:33 +0800] "GET /xingrg/all/function/internal_message.html?_=1706922990699&CODE_STATE=getMsg HTTP/1.1" 200 27
180.169.147.146 - - [03/Feb/2024:09:16:39 +0800] "POST /xingrg/dwr/call/plaincall/AjaxCheckService.setItemNumber.dwr HTTP/1.1" 200 77
180.169.147.146 - - [03/Feb/2024:09:16:40 +0800] "POST /xingrg/dwr/call/plaincall/AjaxCheckService.setItemNumber.dwr HTTP/1.1" 200 77
180.169.147.146 - - [03/Feb/2024:09:16:41 +0800] "POST /xingrg/dwr/call/plaincall/AjaxCheckService.setItemNumber.dwr HTTP/1.1" 200 77
180.169.147.146 - - [03/Feb/2024:09:16:41 +0800] "POST /xingrg/dwr/call/plaincall/AjaxCheckService.setItemNumber.dwr HTTP/1.1" 200 77
180.169.147.146 - - [03/Feb/2024:09:16:42 +0800] "POST /xingrg/dwr/call/plaincall/AjaxCheckService.setItemNumber.dwr HTTP/1.1" 200 77
180.169.147.146 - - [03/Feb/2024:09:16:43 +0800] "POST /xingrg/dwr/call/plaincall/AjaxCheckService.setItemNumber.dwr HTTP/1.1" 200 77
180.169.147.146 - - [03/Feb/2024:09:16:44 +0800] "POST /xingrg/dwr/call/plaincall/AjaxCheckService.setItemNumber.dwr HTTP/1.1" 200 77
180.169.147.146 - - [03/Feb/2024:09:16:44 +0800] "POST /xingrg/dwr/call/plaincall/AjaxCheckService.setItemNumber.dwr HTTP/1.1" 200 77
180.169.147.146 - - [03/Feb/2024:09:16:45 +0800] "POST /xingrg/dwr/call/plaincall/AjaxCheckService.setItemNumber.dwr HTTP/1.1" 200 77
124.78.156.111 - - [03/Feb/2024:09:16:45 +0800] "GET /xingrg/all/function/internal_message.html?_=1706923000925&CODE_STATE=getMsg HTTP/1.1" 200 27
180.169.147.146 - - [03/Feb/2024:09:16:45 +0800] "POST /xingrg/dwr/call/plaincall/AjaxCheckService.setItemNumber.dwr HTTP/1.1" 200 77
101.83.145.37 - - [03/Feb/2024:09:16:46 +0800] "GET /xingrg/javascript/jquery_tools/images/next.gif HTTP/1.1" 404 1086
101.83.145.37 - - [03/Feb/2024:09:16:46 +0800] "GET /xingrg/javascript/jquery_tools/images/prev.gif HTTP/1.1" 404 1086
221.239.172.206 - - [03/Feb/2024:09:16:46 +0800] "GET /xingrg/all/function/internal_message.html?_=1706923006681&CODE_STATE=getMsg HTTP/1.1" 200 27
116.230.123.222 - - [03/Feb/2024:09:16:48 +0800] "GET /xingrg/kc/buy/cgsh_order_operate.html?command=get_materiel&rest_code=00111&code=00101007081&supplier_code=00100004&order_time=2024-02-03 HTTP/1.1" 200 413
116.238.120.94 - - [03/Feb/2024:09:16:48 +0800] "GET /xingrg/all/function/internal_message.html?_=1706923008339&CODE_STATE=getMsg HTTP/1.1" 200 27
116.238.120.94 - - [03/Feb/2024:09:16:48 +0800] "GET /xingrg/check_reg.html?_=1706923008525 HTTP/1.1" 200 22
180.169.147.146 - - [03/Feb/2024:09:16:49 +0800] "POST /xingrg/dwr/call/plaincall/AjaxCheckService.setItemNumber.dwr HTTP/1.1" 200 77
101.83.145.37 - - [03/Feb/2024:09:16:50 +0800] "GET /xingrg/css/images/panel_loading.gif HTTP/1.1" 304 -
101.83.145.37 - - [03/Feb/2024:09:16:50 +0800] "POST /xingrg/all/common/load_combo.html?type=employee HTTP/1.1" 200 356
180.169.147.146 - - [03/Feb/2024:09:16:51 +0800] "POST /xingrg/dwr/call/plaincall/AjaxCheckService.setItemNumber.dwr HTTP/1.1" 200 77
180.169.147.146 - - [03/Feb/2024:09:16:51 +0800] "POST /xingrg/dwr/call/plaincall/AjaxCheckService.setItemNumber.dwr HTTP/1.1" 200 77
180.169.147.146 - - [03/Feb/2024:09:16:52 +0800] "POST /xingrg/dwr/call/plaincall/AjaxCheckService.setItemNumber.dwr HTTP/1.1" 200 77
180.169.147.146 - - [03/Feb/2024:09:16:53 +0800] "POST /xingrg/dwr/call/plaincall/AjaxCheckService.setItemNumber.dwr HTTP/1.1" 200 77
114.83.221.124 - - [03/Feb/2024:09:16:53 +0800] "GET /xingrg/kc/buy/cgsh_order_operate.html?command=get_materiel&rest_code=00149&code=00101008155&supplier_code=00100008&order_time=2024-02-03 HTTP/1.1" 200 428
180.169.147.146 - - [03/Feb/2024:09:16:54 +0800] "POST /xingrg/dwr/call/plaincall/AjaxCheckService.setItemNumber.dwr HTTP/1.1" 200 77
124.78.68.102 - - [03/Feb/2024:09:16:54 +0800] "GET /xingrg/all/function/internal_message.html?_=1706923014448&CODE_STATE=getMsg HTTP/1.1" 200 27
180.169.147.146 - - [03/Feb/2024:09:16:54 +0800] "POST /xingrg/dwr/call/plaincall/AjaxCheckService.setItemNumber.dwr HTTP/1.1" 200 77
180.169.147.146 - - [03/Feb/2024:09:16:55 +0800] "POST /xingrg/dwr/call/plaincall/AjaxCheckService.setItemNumber.dwr HTTP/1.1" 200 77
180.169.147.146 - - [03/Feb/2024:09:16:55 +0800] "POST /xingrg/dwr/call/plaincall/AjaxCheckService.setItemNumber.dwr HTTP/1.1" 200 77
58.39.105.37 - - [03/Feb/2024:09:16:55 +0800] "GET /xingrg/all/function/internal_message.html?_=1706923016337&CODE_STATE=getMsg HTTP/1.1" 200 27
180.169.147.146 - - [03/Feb/2024:09:16:55 +0800] "POST /xingrg/dwr/call/plaincall/AjaxCheckService.setItemNumber.dwr HTTP/1.1" 200 77
180.169.147.146 - - [03/Feb/2024:09:16:56 +0800] "POST /xingrg/dwr/call/plaincall/AjaxCheckService.setItemNumber.dwr HTTP/1.1" 200 77
101.83.145.37 - - [03/Feb/2024:09:16:57 +0800] "GET /xingrg/javascript/jquery_easy_ui/themes/icons/area.png HTTP/1.1" 304 -
101.83.145.37 - - [03/Feb/2024:09:16:57 +0800] "GET /xingrg/javascript/jquery_easy_ui/themes/icons/rest.png HTTP/1.1" 304 -
180.169.147.146 - - [03/Feb/2024:09:16:58 +0800] "POST /xingrg/dwr/call/plaincall/AjaxCheckService.setItemNumber.dwr HTTP/1.1" 200 77
180.169.147.146 - - [03/Feb/2024:09:16:59 +0800] "POST /xingrg/dwr/call/plaincall/AjaxCheckService.setItemNumber.dwr HTTP/1.1" 200 77
180.169.147.146 - - [03/Feb/2024:09:17:00 +0800] "POST /xingrg/dwr/call/plaincall/AjaxCheckService.setItemNumber.dwr HTTP/1.1" 200 77
101.83.145.37 - - [03/Feb/2024:09:17:00 +0800] "GET /xingrg/all/function/internal_message.html?_=1706923021542&CODE_STATE=getMsg HTTP/1.1" 200 27
101.83.145.37 - - [03/Feb/2024:09:17:00 +0800] "GET /xingrg/check_reg.html?_=1706923021538 HTTP/1.1" 200 22
180.169.147.146 - - [03/Feb/2024:09:17:01 +0800] "POST /xingrg/dwr/call/plaincall/AjaxCheckService.setItemNumber.dwr HTTP/1.1" 200 77
180.169.147.146 - - [03/Feb/2024:09:17:01 +0800] "POST /xingrg/dwr/call/plaincall/AjaxCheckService.setItemNumber.dwr HTTP/1.1" 200 77
180.169.147.146 - - [03/Feb/2024:09:17:02 +0800] "POST /xingrg/dwr/call/plaincall/AjaxCheckService.setItemNumber.dwr HTTP/1.1" 200 77
101.83.145.37 - - [03/Feb/2024:09:17:02 +0800] "POST /xingrg/kc/mdqp/pssh_order_operate.html HTTP/1.1" 200 37
180.169.147.146 - - [03/Feb/2024:09:17:04 +0800] "POST /xingrg/dwr/call/plaincall/AjaxCheckService.setItemNumber.dwr HTTP/1.1" 200 77
116.238.120.94 - - [03/Feb/2024:09:17:04 +0800] "GET /xingrg/all/function/internal_message.html?_=1706923024379&CODE_STATE=getMsg HTTP/1.1" 200 27
180.169.147.146 - - [03/Feb/2024:09:17:04 +0800] "POST /xingrg/dwr/call/plaincall/AjaxCheckService.setItemNumber.dwr HTTP/1.1" 200 77
116.230.123.222 - - [03/Feb/2024:09:17:04 +0800] "GET /xingrg/kc/buy/cgsh_order_operate.html?command=get_materiel&rest_code=00111&code=00101007048&supplier_code=00100004&order_time=2024-02-03 HTTP/1.1" 200 408
180.169.147.146 - - [03/Feb/2024:09:17:05 +0800] "POST /xingrg/dwr/call/plaincall/AjaxCheckService.setItemNumber.dwr HTTP/1.1" 200 77
180.169.147.146 - - [03/Feb/2024:09:17:05 +0800] "POST /xingrg/dwr/call/plaincall/AjaxCheckService.setItemNumber.dwr HTTP/1.1" 200 77
180.169.147.146 - - [03/Feb/2024:09:17:06 +0800] "POST /xingrg/dwr/call/plaincall/AjaxCheckService.setItemNumber.dwr HTTP/1.1" 200 77
180.169.147.146 - - [03/Feb/2024:09:17:06 +0800] "POST /xingrg/dwr/call/plaincall/AjaxCheckService.setItemNumber.dwr HTTP/1.1" 200 77
180.169.147.146 - - [03/Feb/2024:09:17:06 +0800] "POST /xingrg/dwr/call/plaincall/AjaxCheckService.setItemNumber.dwr HTTP/1.1" 200 77
101.83.145.37 - - [03/Feb/2024:09:17:07 +0800] "POST /xingrg/kc/mdqp/pssh_order_operate.html HTTP/1.1" 200 12
180.169.147.146 - - [03/Feb/2024:09:17:07 +0800] "POST /xingrg/dwr/call/plaincall/AjaxCheckService.setItemNumber.dwr HTTP/1.1" 200 77
180.169.147.146 - - [03/Feb/2024:09:17:08 +0800] "POST /xingrg/dwr/call/plaincall/AjaxCheckService.setItemNumber.dwr HTTP/1.1" 200 77
101.83.145.37 - - [03/Feb/2024:09:17:09 +0800] "GET /xingrg/kc/mdqp/pssh_order_info.html?code=312024020100009 HTTP/1.1" 200 14386
101.83.145.37 - - [03/Feb/2024:09:17:09 +0800] "GET /xingrg/javascript/jquery_tools/jquery-1.4.2.min.js HTTP/1.1" 404 1094
