222.70.169.130 - - [01/Feb/2024:08:00:30 +0800] "GET /xingrg/all/function/internal_message.html?_=1706745643579&CODE_STATE=getMsg HTTP/1.1" 200 27
222.70.169.130 - - [01/Feb/2024:08:00:30 +0800] "GET /xingrg/all/function/internal_message.html?_=1706745642513&CODE_STATE=getMsg HTTP/1.1" 200 27
124.78.68.102 - - [01/Feb/2024:08:00:31 +0800] "GET /xingrg/all/function/internal_message.html?_=1706745631617&CODE_STATE=getMsg HTTP/1.1" 302 -
116.238.120.94 - - [01/Feb/2024:08:00:32 +0800] "GET /xingrg/all/function/internal_message.html?_=1706745632578&CODE_STATE=getMsg HTTP/1.1" 200 27
101.229.175.60 - - [01/Feb/2024:08:00:44 +0800] "GET /xingrg/all/function/internal_message.html?_=1706745649955&CODE_STATE=getMsg HTTP/1.1" 200 27
116.232.192.96 - - [01/Feb/2024:08:01:01 +0800] "GET /xingrg/check_reg.html?_=1706745592407 HTTP/1.1" 302 -
124.79.240.117 - - [01/Feb/2024:08:01:09 +0800] "GET /xingrg/all/function/internal_message.html?_=1706745670279&CODE_STATE=getMsg HTTP/1.1" 200 27
172.20.0.100 - - [01/Feb/2024:08:01:09 +0800] "GET /xingrg/check_reg.html?_=1706745679493 HTTP/1.1" 302 -
172.20.0.100 - - [01/Feb/2024:08:01:09 +0800] "GET /xingrg/all/function/internal_message.html?_=1706745679494&CODE_STATE=getMsg HTTP/1.1" 302 -
124.78.154.219 - - [01/Feb/2024:08:01:28 +0800] "GET /xingrg/all/function/internal_message.html?_=1706745684930&CODE_STATE=getMsg HTTP/1.1" 200 27
222.70.169.130 - - [01/Feb/2024:08:01:30 +0800] "GET /xingrg/all/function/internal_message.html?_=1706745703588&CODE_STATE=getMsg HTTP/1.1" 200 27
222.70.169.130 - - [01/Feb/2024:08:01:30 +0800] "GET /xingrg/check_reg.html?_=1706745702389 HTTP/1.1" 200 22
222.70.169.130 - - [01/Feb/2024:08:01:30 +0800] "GET /xingrg/all/function/internal_message.html?_=1706745702527&CODE_STATE=getMsg HTTP/1.1" 200 27
124.78.68.102 - - [01/Feb/2024:08:01:31 +0800] "GET /xingrg/all/function/internal_message.html?_=1706745691596&CODE_STATE=getMsg HTTP/1.1" 302 -
116.238.120.94 - - [01/Feb/2024:08:01:32 +0800] "GET /xingrg/all/function/internal_message.html?_=1706745692556&CODE_STATE=getMsg HTTP/1.1" 200 27
120.253.135.82 - - [01/Feb/2024:08:01:41 +0800] "POST /xingrg/kc/pszx/mdps_list_operate.html HTTP/1.1" 200 5148
120.253.135.82 - - [01/Feb/2024:08:01:42 +0800] "POST /xingrg/kc/pszx/mdps_list_operate.html HTTP/1.1" 200 281
101.229.175.60 - - [01/Feb/2024:08:01:44 +0800] "GET /xingrg/all/function/internal_message.html?_=1706745709926&CODE_STATE=getMsg HTTP/1.1" 200 27
120.253.135.82 - - [01/Feb/2024:08:01:44 +0800] "POST /xingrg/kc/pszx/mdps_list_operate.html HTTP/1.1" 200 524
116.238.97.31 - - [01/Feb/2024:08:01:44 +0800] "GET /xingrg/all/function/internal_message.html?_=1706745705724&CODE_STATE=getMsg HTTP/1.1" 302 -
116.238.97.31 - - [01/Feb/2024:08:01:44 +0800] "GET /xingrg/check_reg.html?_=1706745705726 HTTP/1.1" 302 -
116.238.97.31 - - [01/Feb/2024:08:01:44 +0800] "GET /xingrg/login.html HTTP/1.1" 200 7641
116.238.97.31 - - [01/Feb/2024:08:01:44 +0800] "GET /xingrg/login.html HTTP/1.1" 200 7641
120.253.135.82 - - [01/Feb/2024:08:01:46 +0800] "POST /xingrg/kc/pszx/mdps_list_operate.html HTTP/1.1" 200 214
120.253.135.82 - - [01/Feb/2024:08:01:48 +0800] "POST /xingrg/kc/pszx/mdps_list_operate.html HTTP/1.1" 200 676
120.253.135.82 - - [01/Feb/2024:08:01:50 +0800] "POST /xingrg/kc/pszx/mdps_list_operate.html HTTP/1.1" 200 540
116.238.97.31 - - [01/Feb/2024:08:01:51 +0800] "GET /xingrg/kc/base/check_order_list.html HTTP/1.1" 302 -
116.238.97.31 - - [01/Feb/2024:08:01:51 +0800] "GET /xingrg/login.html HTTP/1.1" 200 7641
116.238.97.31 - - [01/Feb/2024:08:01:51 +0800] "GET /xingrg/login.html HTTP/1.1" 200 7641
116.238.97.31 - - [01/Feb/2024:08:01:51 +0800] "GET /favicon.ico HTTP/1.1" 404 -
120.253.135.82 - - [01/Feb/2024:08:01:52 +0800] "GET /xingrg/kc/pszx/mdps_order_info.html?code=312024020100013 HTTP/1.1" 200 23972
120.253.135.82 - - [01/Feb/2024:08:01:52 +0800] "GET /xingrg/javascript/easyui/themes/default/validatebox.css HTTP/1.1" 404 1104
120.253.135.82 - - [01/Feb/2024:08:01:53 +0800] "POST /xingrg/kc/pszx/mdps_order_operate.html HTTP/1.1" 200 4325
116.238.97.31 - - [01/Feb/2024:08:01:54 +0800] "POST /xingrg/login.do HTTP/1.1" 302 -
116.238.97.31 - - [01/Feb/2024:08:01:54 +0800] "GET /xingrg/index.html?sysBaseUrl=http%3A%2F%2F180.169.147.146%3A18081%2Fxingrg%2F&costTime=1239×tamp=1706745714422 HTTP/1.1" 200 17173
116.238.97.31 - - [01/Feb/2024:08:01:54 +0800] "GET /favicon.ico HTTP/1.1" 404 -
116.238.97.31 - - [01/Feb/2024:08:01:54 +0800] "GET /xingrg/check_reg.html?_=1706745715569 HTTP/1.1" 200 22
116.238.97.31 - - [01/Feb/2024:08:01:54 +0800] "GET /xingrg/all/function/internal_message.html?_=1706745715568&CODE_STATE=count HTTP/1.1" 200 11
116.238.97.31 - - [01/Feb/2024:08:01:54 +0800] "POST /xingrg/all/common/load_tree.html?tree=area_rest_tree_json&manage=1 HTTP/1.1" 200 342
116.238.97.31 - - [01/Feb/2024:08:01:54 +0800] "POST /xingrg/load_menu.html HTTP/1.1" 200 5138
116.238.97.31 - - [01/Feb/2024:08:01:58 +0800] "GET /xingrg/kc/base/check_order_list.html HTTP/1.1" 200 16132
116.238.97.31 - - [01/Feb/2024:08:01:58 +0800] "POST /xingrg/kc/base/check_list_operate.html HTTP/1.1" 200 4640
120.253.135.82 - - [01/Feb/2024:08:02:02 +0800] "POST /xingrg/kc/pszx/mdps_list_operate.html HTTP/1.1" 200 594
120.253.135.82 - - [01/Feb/2024:08:02:05 +0800] "GET /xingrg/kc/pszx/mdps_order_info.html?code=312024020100014 HTTP/1.1" 200 23972
120.253.135.82 - - [01/Feb/2024:08:02:05 +0800] "GET /xingrg/javascript/easyui/themes/default/validatebox.css HTTP/1.1" 404 1104
120.253.135.82 - - [01/Feb/2024:08:02:06 +0800] "POST /xingrg/kc/pszx/mdps_order_operate.html HTTP/1.1" 200 8311
124.79.240.117 - - [01/Feb/2024:08:02:09 +0800] "GET /xingrg/all/function/internal_message.html?_=1706745730261&CODE_STATE=getMsg HTTP/1.1" 200 27
172.20.0.100 - - [01/Feb/2024:08:02:09 +0800] "GET /xingrg/all/function/internal_message.html?_=1706745739492&CODE_STATE=getMsg HTTP/1.1" 302 -
120.253.135.82 - - [01/Feb/2024:08:02:10 +0800] "POST /xingrg/kc/pszx/mdps_list_operate.html HTTP/1.1" 200 5148
120.253.135.82 - - [01/Feb/2024:08:02:11 +0800] "POST /xingrg/kc/pszx/mdps_list_operate.html HTTP/1.1" 200 205
120.253.135.82 - - [01/Feb/2024:08:02:13 +0800] "POST /xingrg/kc/pszx/mdps_list_operate.html HTTP/1.1" 200 621
120.253.135.82 - - [01/Feb/2024:08:02:16 +0800] "GET /xingrg/kc/pszx/mdps_order_info.html?code=312024020100016 HTTP/1.1" 200 23972
120.253.135.82 - - [01/Feb/2024:08:02:16 +0800] "GET /xingrg/javascript/easyui/themes/default/validatebox.css HTTP/1.1" 404 1104
120.253.135.82 - - [01/Feb/2024:08:02:17 +0800] "POST /xingrg/kc/pszx/mdps_order_operate.html HTTP/1.1" 200 9296
222.70.169.130 - - [01/Feb/2024:08:02:20 +0800] "GET /xingrg/check_reg.html?_=1706745754039 HTTP/1.1" 200 22
124.78.154.219 - - [01/Feb/2024:08:02:28 +0800] "GET /xingrg/all/function/internal_message.html?_=1706745744902&CODE_STATE=getMsg HTTP/1.1" 200 27
222.70.169.130 - - [01/Feb/2024:08:02:30 +0800] "GET /xingrg/all/function/internal_message.html?_=1706745763601&CODE_STATE=getMsg HTTP/1.1" 200 27
222.70.169.130 - - [01/Feb/2024:08:02:30 +0800] "GET /xingrg/all/function/internal_message.html?_=1706745762539&CODE_STATE=getMsg HTTP/1.1" 200 27
124.78.68.102 - - [01/Feb/2024:08:02:31 +0800] "GET /xingrg/all/function/internal_message.html?_=1706745751578&CODE_STATE=getMsg HTTP/1.1" 302 -
116.238.120.94 - - [01/Feb/2024:08:02:32 +0800] "GET /xingrg/all/function/internal_message.html?_=1706745752538&CODE_STATE=getMsg HTTP/1.1" 200 27
116.238.120.94 - - [01/Feb/2024:08:02:37 +0800] "GET /xingrg/login.html HTTP/1.1" 200 7641
116.238.120.94 - - [01/Feb/2024:08:02:37 +0800] "GET /favicon.ico HTTP/1.1" 404 -
116.238.120.94 - - [01/Feb/2024:08:02:41 +0800] "POST /xingrg/login.do HTTP/1.1" 302 -
116.238.120.94 - - [01/Feb/2024:08:02:41 +0800] "GET /xingrg/index.html?sysBaseUrl=http%3A%2F%2F180.169.147.146%3A18081%2Fxingrg%2F&costTime=858×tamp=1706745761374 HTTP/1.1" 200 17179
116.238.120.94 - - [01/Feb/2024:08:02:41 +0800] "GET /favicon.ico HTTP/1.1" 404 -
116.238.120.94 - - [01/Feb/2024:08:02:41 +0800] "GET /xingrg/check_reg.html?_=1706745760875 HTTP/1.1" 200 22
116.238.120.94 - - [01/Feb/2024:08:02:41 +0800] "POST /xingrg/all/common/load_tree.html?tree=area_rest_tree_json&manage=1 HTTP/1.1" 200 476
116.238.120.94 - - [01/Feb/2024:08:02:41 +0800] "GET /xingrg/all/function/internal_message.html?_=1706745760875&CODE_STATE=count HTTP/1.1" 200 11
116.238.120.94 - - [01/Feb/2024:08:02:41 +0800] "POST /xingrg/load_menu.html HTTP/1.1" 200 5138
101.229.175.60 - - [01/Feb/2024:08:02:44 +0800] "GET /xingrg/all/function/internal_message.html?_=1706745769897&CODE_STATE=getMsg HTTP/1.1" 200 27
116.238.97.31 - - [01/Feb/2024:08:02:54 +0800] "GET /xingrg/all/function/internal_message.html?_=1706745775587&CODE_STATE=getMsg HTTP/1.1" 200 27
116.232.192.96 - - [01/Feb/2024:08:03:00 +0800] "GET /xingrg/check_reg.html?_=1706745711604 HTTP/1.1" 302 -
124.79.240.117 - - [01/Feb/2024:08:03:09 +0800] "GET /xingrg/all/function/internal_message.html?_=1706745790232&CODE_STATE=getMsg HTTP/1.1" 200 27
172.20.0.100 - - [01/Feb/2024:08:03:09 +0800] "GET /xingrg/all/function/internal_message.html?_=1706745799491&CODE_STATE=getMsg HTTP/1.1" 302 -
120.253.135.82 - - [01/Feb/2024:08:03:24 +0800] "POST /xingrg/kc/pszx/mdps_list_operate.html HTTP/1.1" 200 5148
120.253.135.82 - - [01/Feb/2024:08:03:26 +0800] "POST /xingrg/kc/pszx/mdps_list_operate.html HTTP/1.1" 200 280
120.253.135.82 - - [01/Feb/2024:08:03:27 +0800] "POST /xingrg/kc/pszx/mdps_list_operate.html HTTP/1.1" 200 593
124.78.154.219 - - [01/Feb/2024:08:03:28 +0800] "GET /xingrg/all/function/internal_message.html?_=1706745804872&CODE_STATE=getMsg HTTP/1.1" 200 27
222.70.169.130 - - [01/Feb/2024:08:03:30 +0800] "GET /xingrg/all/function/internal_message.html?_=1706745823615&CODE_STATE=getMsg HTTP/1.1" 200 27
222.70.169.130 - - [01/Feb/2024:08:03:30 +0800] "GET /xingrg/all/function/internal_message.html?_=1706745822553&CODE_STATE=getMsg HTTP/1.1" 200 27
124.78.68.102 - - [01/Feb/2024:08:03:31 +0800] "GET /xingrg/all/function/internal_message.html?_=1706745811564&CODE_STATE=getMsg HTTP/1.1" 302 -
116.238.120.94 - - [01/Feb/2024:08:03:32 +0800] "GET /xingrg/all/function/internal_message.html?_=1706745812519&CODE_STATE=getMsg HTTP/1.1" 200 27
120.253.135.82 - - [01/Feb/2024:08:03:33 +0800] "POST /xingrg/kc/pszx/mdps_list_operate.html HTTP/1.1" 200 621
120.253.135.82 - - [01/Feb/2024:08:03:36 +0800] "POST /xingrg/kc/pszx/mdps_list_operate.html HTTP/1.1" 200 205
120.253.135.82 - - [01/Feb/2024:08:03:37 +0800] "POST /xingrg/kc/pszx/mdps_list_operate.html HTTP/1.1" 200 594
120.253.135.82 - - [01/Feb/2024:08:03:41 +0800] "GET /xingrg/kc/pszx/mdps_order_info.html?code=312024020100014 HTTP/1.1" 200 23972
124.78.68.102 - - [01/Feb/2024:08:03:41 +0800] "GET /xingrg/check_reg.html?_=1706745821431 HTTP/1.1" 302 -
120.253.135.82 - - [01/Feb/2024:08:03:41 +0800] "GET /xingrg/javascript/easyui/themes/default/validatebox.css HTTP/1.1" 404 1104
116.238.120.94 - - [01/Feb/2024:08:03:41 +0800] "GET /xingrg/all/function/internal_message.html?_=1706745820910&CODE_STATE=getMsg HTTP/1.1" 200 27
120.253.135.82 - - [01/Feb/2024:08:03:42 +0800] "POST /xingrg/kc/pszx/mdps_order_operate.html HTTP/1.1" 200 8311
116.238.120.94 - - [01/Feb/2024:08:03:44 +0800] "GET /xingrg/check_reg.html?_=1706745824019 HTTP/1.1" 200 22
101.229.175.60 - - [01/Feb/2024:08:03:44 +0800] "GET /xingrg/all/function/internal_message.html?_=1706745829867&CODE_STATE=getMsg HTTP/1.1" 200 27
116.238.120.94 - - [01/Feb/2024:08:03:50 +0800] "GET /xingrg/kc/base/check_order_list.html HTTP/1.1" 200 16138
116.238.120.94 - - [01/Feb/2024:08:03:50 +0800] "POST /xingrg/kc/base/check_list_operate.html HTTP/1.1" 200 2232
120.253.135.82 - - [01/Feb/2024:08:03:54 +0800] "POST /xingrg/kc/pszx/mdps_list_operate.html HTTP/1.1" 200 5148
116.238.97.31 - - [01/Feb/2024:08:03:54 +0800] "GET /xingrg/all/function/internal_message.html?_=1706745835585&CODE_STATE=getMsg HTTP/1.1" 200 27
120.253.135.82 - - [01/Feb/2024:08:03:55 +0800] "POST /xingrg/kc/pszx/mdps_list_operate.html HTTP/1.1" 200 280
120.253.135.82 - - [01/Feb/2024:08:03:56 +0800] "POST /xingrg/kc/pszx/mdps_list_operate.html HTTP/1.1" 200 593
120.253.135.82 - - [01/Feb/2024:08:03:58 +0800] "GET /xingrg/kc/pszx/mdps_order_info.html?code=312024020100018 HTTP/1.1" 200 23972
120.253.135.82 - - [01/Feb/2024:08:03:59 +0800] "GET /xingrg/javascript/easyui/themes/default/validatebox.css HTTP/1.1" 404 1104
120.253.135.82 - - [01/Feb/2024:08:03:59 +0800] "POST /xingrg/kc/pszx/mdps_order_operate.html HTTP/1.1" 200 5767
116.238.120.94 - - [01/Feb/2024:08:04:02 +0800] "GET /xingrg/kc/mdqp/pssh_order_list.html HTTP/1.1" 200 17849
116.238.120.94 - - [01/Feb/2024:08:04:03 +0800] "POST /xingrg/kc/mdqp/pssh_list_operate.html HTTP/1.1" 200 5114
124.79.240.117 - - [01/Feb/2024:08:04:09 +0800] "GET /xingrg/all/function/internal_message.html?_=1706745850211&CODE_STATE=getMsg HTTP/1.1" 200 27
116.238.120.94 - - [01/Feb/2024:08:04:09 +0800] "GET /xingrg/kc/buy/cgsh_order_list.html HTTP/1.1" 200 57698
172.20.0.100 - - [01/Feb/2024:08:04:09 +0800] "GET /xingrg/all/function/internal_message.html?_=1706745859489&CODE_STATE=getMsg HTTP/1.1" 302 -
116.238.120.94 - - [01/Feb/2024:08:04:11 +0800] "POST /xingrg/kc/buy/cgsh_list_operate.html HTTP/1.1" 200 986
120.253.135.82 - - [01/Feb/2024:08:04:19 +0800] "POST /xingrg/kc/pszx/mdps_list_operate.html HTTP/1.1" 200 5148
120.253.135.82 - - [01/Feb/2024:08:04:24 +0800] "POST /xingrg/kc/pszx/mdps_list_operate.html HTTP/1.1" 200 5148
120.253.135.82 - - [01/Feb/2024:08:04:24 +0800] "GET /xingrg/kc/pszx/mdqp_order_list.html?state=10 HTTP/1.1" 200 10319
120.253.135.82 - - [01/Feb/2024:08:04:24 +0800] "GET /xingrg/dwr/interface/AjaxQqpsService.js HTTP/1.1" 200 16326
120.253.135.82 - - [01/Feb/2024:08:04:24 +0800] "GET /xingrg/dwr/interface/AjaxReportQueryService.js HTTP/1.1" 200 13203
120.253.135.82 - - [01/Feb/2024:08:04:24 +0800] "GET /xingrg/dwr/engine.js HTTP/1.1" 200 43631
124.78.154.219 - - [01/Feb/2024:08:04:28 +0800] "GET /xingrg/all/function/internal_message.html?_=1706745864842&CODE_STATE=getMsg HTTP/1.1" 200 27
222.70.169.130 - - [01/Feb/2024:08:04:30 +0800] "GET /xingrg/all/function/internal_message.html?_=1706745883643&CODE_STATE=getMsg HTTP/1.1" 200 27
222.70.169.130 - - [01/Feb/2024:08:04:31 +0800] "GET /xingrg/all/function/internal_message.html?_=1706745882567&CODE_STATE=getMsg HTTP/1.1" 200 27
124.78.68.102 - - [01/Feb/2024:08:04:31 +0800] "GET /xingrg/all/function/internal_message.html?_=1706745871564&CODE_STATE=getMsg HTTP/1.1" 302 -
116.238.120.94 - - [01/Feb/2024:08:04:32 +0800] "GET /xingrg/all/function/internal_message.html?_=1706745872506&CODE_STATE=getMsg HTTP/1.1" 200 27
222.70.169.130 - - [01/Feb/2024:08:04:37 +0800] "POST /xingrg/dwr/call/plaincall/AjaxCheckService.setItemRemark.dwr HTTP/1.1" 200 77
116.238.120.94 - - [01/Feb/2024:08:04:41 +0800] "GET /xingrg/all/function/internal_message.html?_=1706745880895&CODE_STATE=getMsg HTTP/1.1" 200 27
101.229.175.60 - - [01/Feb/2024:08:04:44 +0800] "GET /xingrg/all/function/internal_message.html?_=1706745889851&CODE_STATE=getMsg HTTP/1.1" 200 27
124.78.154.219 - - [01/Feb/2024:08:04:46 +0800] "GET /xingrg/check_reg.html?_=1706745882846 HTTP/1.1" 200 22
116.238.97.31 - - [01/Feb/2024:08:04:54 +0800] "GET /xingrg/all/function/internal_message.html?_=1706745895588&CODE_STATE=getMsg HTTP/1.1" 200 27
101.229.175.60 - - [01/Feb/2024:08:04:57 +0800] "GET /xingrg/check_reg.html?_=1706745902991 HTTP/1.1" 200 22
124.79.240.117 - - [01/Feb/2024:08:05:09 +0800] "GET /xingrg/all/function/internal_message.html?_=1706745910189&CODE_STATE=getMsg HTTP/1.1" 200 27
172.20.0.100 - - [01/Feb/2024:08:05:09 +0800] "GET /xingrg/all/function/internal_message.html?_=1706745919487&CODE_STATE=getMsg HTTP/1.1" 302 -
124.79.240.117 - - [01/Feb/2024:08:05:21 +0800] "GET /xingrg/check_reg.html?_=1706745922393 HTTP/1.1" 200 22
180.163.28.180 - - [01/Feb/2024:08:05:28 +0800] "GET /xingrg/all/function/internal_message.html?_=1706745864842&CODE_STATE=getMsg HTTP/1.1" 302 -
180.163.28.180 - - [01/Feb/2024:08:05:28 +0800] "GET /xingrg/login.html HTTP/1.1" 200 7641
124.78.154.219 - - [01/Feb/2024:08:05:28 +0800] "GET /xingrg/all/function/internal_message.html?_=1706745924814&CODE_STATE=getMsg HTTP/1.1" 200 27
222.70.169.130 - - [01/Feb/2024:08:05:30 +0800] "GET /xingrg/all/function/internal_message.html?_=1706745943658&CODE_STATE=getMsg HTTP/1.1" 200 27
222.70.169.130 - - [01/Feb/2024:08:05:31 +0800] "GET /xingrg/all/function/internal_message.html?_=1706745942592&CODE_STATE=getMsg HTTP/1.1" 200 27
124.78.68.102 - - [01/Feb/2024:08:05:31 +0800] "GET /xingrg/all/function/internal_message.html?_=1706745931550&CODE_STATE=getMsg HTTP/1.1" 302 -
116.238.120.94 - - [01/Feb/2024:08:05:32 +0800] "GET /xingrg/all/function/internal_message.html?_=1706745932480&CODE_STATE=getMsg HTTP/1.1" 200 27
116.238.120.94 - - [01/Feb/2024:08:05:41 +0800] "GET /xingrg/all/function/internal_message.html?_=1706745940883&CODE_STATE=getMsg HTTP/1.1" 200 27
101.229.175.60 - - [01/Feb/2024:08:05:44 +0800] "GET /xingrg/all/function/internal_message.html?_=1706745949824&CODE_STATE=getMsg HTTP/1.1" 200 27
116.238.97.31 - - [01/Feb/2024:08:05:54 +0800] "GET /xingrg/all/function/internal_message.html?_=1706745955579&CODE_STATE=getMsg HTTP/1.1" 200 27
116.232.192.96 - - [01/Feb/2024:08:06:01 +0800] "GET /xingrg/check_reg.html?_=1706745892390 HTTP/1.1" 302 -
120.253.135.82 - - [01/Feb/2024:08:06:03 +0800] "GET /xingrg/check_reg.html?_=1706745789623 HTTP/1.1" 200 22
124.79.240.117 - - [01/Feb/2024:08:06:09 +0800] "GET /xingrg/all/function/internal_message.html?_=1706745970165&CODE_STATE=getMsg HTTP/1.1" 200 27
172.20.0.100 - - [01/Feb/2024:08:06:09 +0800] "GET /xingrg/all/function/internal_message.html?_=1706745979486&CODE_STATE=getMsg HTTP/1.1" 302 -
172.20.0.100 - - [01/Feb/2024:08:06:09 +0800] "GET /xingrg/check_reg.html?_=1706745979487 HTTP/1.1" 302 -
124.78.154.219 - - [01/Feb/2024:08:06:28 +0800] "GET /xingrg/all/function/internal_message.html?_=1706745984801&CODE_STATE=getMsg HTTP/1.1" 200 27
222.70.169.130 - - [01/Feb/2024:08:06:30 +0800] "GET /xingrg/all/function/internal_message.html?_=1706746003686&CODE_STATE=getMsg HTTP/1.1" 200 27
222.70.169.130 - - [01/Feb/2024:08:06:30 +0800] "GET /xingrg/check_reg.html?_=1706746002394 HTTP/1.1" 200 22
222.70.169.130 - - [01/Feb/2024:08:06:31 +0800] "GET /xingrg/all/function/internal_message.html?_=1706746002596&CODE_STATE=getMsg HTTP/1.1" 200 27
124.78.68.102 - - [01/Feb/2024:08:06:31 +0800] "GET /xingrg/all/function/internal_message.html?_=1706745991533&CODE_STATE=getMsg HTTP/1.1" 302 -
116.238.120.94 - - [01/Feb/2024:08:06:32 +0800] "GET /xingrg/all/function/internal_message.html?_=1706745992459&CODE_STATE=getMsg HTTP/1.1" 200 27
116.238.120.94 - - [01/Feb/2024:08:06:41 +0800] "GET /xingrg/all/function/internal_message.html?_=1706746000900&CODE_STATE=getMsg HTTP/1.1" 200 27
101.229.175.60 - - [01/Feb/2024:08:06:44 +0800] "GET /xingrg/all/function/internal_message.html?_=1706746009808&CODE_STATE=getMsg HTTP/1.1" 200 27
116.238.97.31 - - [01/Feb/2024:08:06:54 +0800] "GET /xingrg/check_reg.html?_=1706746015598 HTTP/1.1" 200 22
116.238.97.31 - - [01/Feb/2024:08:06:54 +0800] "GET /xingrg/all/function/internal_message.html?_=1706746015601&CODE_STATE=getMsg HTTP/1.1" 200 27
124.79.240.117 - - [01/Feb/2024:08:07:09 +0800] "GET /xingrg/all/function/internal_message.html?_=1706746030143&CODE_STATE=getMsg HTTP/1.1" 200 27
172.20.0.100 - - [01/Feb/2024:08:07:09 +0800] "GET /xingrg/all/function/internal_message.html?_=1706746039485&CODE_STATE=getMsg HTTP/1.1" 302 -
116.238.97.31 - - [01/Feb/2024:08:07:11 +0800] "POST /xingrg/services/DataTransmitService HTTP/1.1" 200 524
222.70.115.1 - - [01/Feb/2024:08:07:18 +0800] "POST /xingrg/services/DataTransmitService HTTP/1.1" 200 524
222.70.169.130 - - [01/Feb/2024:08:07:20 +0800] "GET /xingrg/check_reg.html?_=1706746054044 HTTP/1.1" 200 22
124.78.154.219 - - [01/Feb/2024:08:07:28 +0800] "GET /xingrg/all/function/internal_message.html?_=1706746044789&CODE_STATE=getMsg HTTP/1.1" 200 27
222.70.169.130 - - [01/Feb/2024:08:07:30 +0800] "GET /xingrg/all/function/internal_message.html?_=1706746063700&CODE_STATE=getMsg HTTP/1.1" 200 27
222.70.169.130 - - [01/Feb/2024:08:07:31 +0800] "GET /xingrg/all/function/internal_message.html?_=1706746062608&CODE_STATE=getMsg HTTP/1.1" 200 27
124.78.68.102 - - [01/Feb/2024:08:07:31 +0800] "GET /xingrg/all/function/internal_message.html?_=1706746051520&CODE_STATE=getMsg HTTP/1.1" 302 -
116.238.120.94 - - [01/Feb/2024:08:07:32 +0800] "GET /xingrg/all/function/internal_message.html?_=1706746052443&CODE_STATE=getMsg HTTP/1.1" 200 27
116.238.120.94 - - [01/Feb/2024:08:07:41 +0800] "GET /xingrg/check_reg.html?_=1706746060890 HTTP/1.1" 200 22
116.238.120.94 - - [01/Feb/2024:08:07:41 +0800] "GET /xingrg/all/function/internal_message.html?_=1706746060892&CODE_STATE=getMsg HTTP/1.1" 200 27
101.229.175.60 - - [01/Feb/2024:08:07:44 +0800] "GET /xingrg/all/function/internal_message.html?_=1706746069792&CODE_STATE=getMsg HTTP/1.1" 200 27
116.238.97.31 - - [01/Feb/2024:08:07:54 +0800] "GET /xingrg/all/function/internal_message.html?_=1706746075572&CODE_STATE=getMsg HTTP/1.1" 200 27
116.232.192.96 - - [01/Feb/2024:08:08:00 +0800] "GET /xingrg/check_reg.html?_=1706746011603 HTTP/1.1" 302 -
124.79.240.117 - - [01/Feb/2024:08:08:09 +0800] "GET /xingrg/all/function/internal_message.html?_=1706746090118&CODE_STATE=getMsg HTTP/1.1" 200 27
172.20.0.100 - - [01/Feb/2024:08:08:09 +0800] "GET /xingrg/all/function/internal_message.html?_=1706746099484&CODE_STATE=getMsg HTTP/1.1" 302 -
180.163.30.76 - - [01/Feb/2024:08:08:28 +0800] "GET /xingrg/all/function/internal_message.html?_=1706746044789&CODE_STATE=getMsg HTTP/1.1" 302 -
124.78.154.219 - - [01/Feb/2024:08:08:28 +0800] "GET /xingrg/all/function/internal_message.html?_=1706746104761&CODE_STATE=getMsg HTTP/1.1" 200 27
180.163.30.76 - - [01/Feb/2024:08:08:28 +0800] "GET /xingrg/login.html HTTP/1.1" 200 7641
222.70.169.130 - - [01/Feb/2024:08:08:30 +0800] "GET /xingrg/all/function/internal_message.html?_=1706746123716&CODE_STATE=getMsg HTTP/1.1" 200 27
222.70.169.130 - - [01/Feb/2024:08:08:31 +0800] "GET /xingrg/all/function/internal_message.html?_=1706746122620&CODE_STATE=getMsg HTTP/1.1" 200 27
124.78.68.102 - - [01/Feb/2024:08:08:31 +0800] "GET /xingrg/all/function/internal_message.html?_=1706746111506&CODE_STATE=getMsg HTTP/1.1" 302 -
116.238.120.94 - - [01/Feb/2024:08:08:32 +0800] "GET /xingrg/all/function/internal_message.html?_=1706746112414&CODE_STATE=getMsg HTTP/1.1" 200 27
124.78.68.102 - - [01/Feb/2024:08:08:41 +0800] "GET /xingrg/check_reg.html?_=1706746121414 HTTP/1.1" 302 -
116.238.120.94 - - [01/Feb/2024:08:08:41 +0800] "GET /xingrg/all/function/internal_message.html?_=1706746120878&CODE_STATE=getMsg HTTP/1.1" 200 27
101.229.175.60 - - [01/Feb/2024:08:08:43 +0800] "GET /xingrg/all/function/internal_message.html?_=1706746129775&CODE_STATE=getMsg HTTP/1.1" 200 27
116.238.120.94 - - [01/Feb/2024:08:08:44 +0800] "GET /xingrg/check_reg.html?_=1706746124009 HTTP/1.1" 200 22
116.238.97.31 - - [01/Feb/2024:08:08:54 +0800] "GET /xingrg/all/function/internal_message.html?_=1706746135588&CODE_STATE=getMsg HTTP/1.1" 200 27
124.79.240.117 - - [01/Feb/2024:08:09:09 +0800] "GET /xingrg/all/function/internal_message.html?_=1706746150123&CODE_STATE=getMsg HTTP/1.1" 200 27
172.20.0.100 - - [01/Feb/2024:08:09:09 +0800] "GET /xingrg/all/function/internal_message.html?_=1706746159498&CODE_STATE=getMsg HTTP/1.1" 302 -
180.163.29.217 - - [01/Feb/2024:08:09:28 +0800] "GET /xingrg/all/function/internal_message.html?_=1706746104761&CODE_STATE=getMsg HTTP/1.1" 302 -
124.78.154.219 - - [01/Feb/2024:08:09:28 +0800] "GET /xingrg/all/function/internal_message.html?_=1706746164734&CODE_STATE=getMsg HTTP/1.1" 200 27
180.163.29.217 - - [01/Feb/2024:08:09:29 +0800] "GET /xingrg/login.html HTTP/1.1" 200 7641
222.70.169.130 - - [01/Feb/2024:08:09:30 +0800] "GET /xingrg/all/function/internal_message.html?_=1706746183746&CODE_STATE=getMsg HTTP/1.1" 200 27
222.70.169.130 - - [01/Feb/2024:08:09:31 +0800] "GET /xingrg/all/function/internal_message.html?_=1706746182639&CODE_STATE=getMsg HTTP/1.1" 200 27
124.78.68.102 - - [01/Feb/2024:08:09:31 +0800] "GET /xingrg/all/function/internal_message.html?_=1706746171481&CODE_STATE=getMsg HTTP/1.1" 302 -
116.238.120.94 - - [01/Feb/2024:08:09:32 +0800] "GET /xingrg/all/function/internal_message.html?_=1706746172396&CODE_STATE=getMsg HTTP/1.1" 200 27
116.238.120.94 - - [01/Feb/2024:08:09:41 +0800] "GET /xingrg/all/function/internal_message.html?_=1706746180897&CODE_STATE=getMsg HTTP/1.1" 200 27
101.229.175.60 - - [01/Feb/2024:08:09:43 +0800] "GET /xingrg/all/function/internal_message.html?_=1706746189758&CODE_STATE=getMsg HTTP/1.1" 200 27
124.78.154.219 - - [01/Feb/2024:08:09:46 +0800] "GET /xingrg/check_reg.html?_=1706746182855 HTTP/1.1" 200 22
116.238.97.31 - - [01/Feb/2024:08:09:54 +0800] "GET /xingrg/all/function/internal_message.html?_=1706746195582&CODE_STATE=getMsg HTTP/1.1" 200 27
101.229.175.60 - - [01/Feb/2024:08:09:57 +0800] "GET /xingrg/check_reg.html?_=1706746202975 HTTP/1.1" 200 22
116.238.97.31 - - [01/Feb/2024:08:09:59 +0800] "POST /xingrg/kc/base/check_list_operate.html HTTP/1.1" 200 2717
116.238.97.31 - - [01/Feb/2024:08:10:02 +0800] "GET /xingrg/kc/base/check_order_info.html?code=452024013100260 HTTP/1.1" 200 26516
116.238.97.31 - - [01/Feb/2024:08:10:02 +0800] "GET /xingrg/css/table.css HTTP/1.1" 200 3684
116.238.97.31 - - [01/Feb/2024:08:10:02 +0800] "GET /xingrg/dwr/interface/AjaxComOrderService.js HTTP/1.1" 200 18264
116.238.97.31 - - [01/Feb/2024:08:10:02 +0800] "GET /xingrg/dwr/interface/AjaxCheckService.js HTTP/1.1" 200 14003
116.238.97.31 - - [01/Feb/2024:08:10:02 +0800] "GET /xingrg/dwr/util.js HTTP/1.1" 200 35990
116.238.97.31 - - [01/Feb/2024:08:10:02 +0800] "GET /xingrg/dwr/engine.js HTTP/1.1" 200 43631
116.238.97.31 - - [01/Feb/2024:08:10:02 +0800] "GET /xingrg/javascript/convert.js HTTP/1.1" 200 1239
116.238.97.31 - - [01/Feb/2024:08:10:03 +0800] "POST /xingrg/dwr/call/plaincall/AjaxCheckService.loadOrderItems.dwr HTTP/1.1" 200 6284
116.238.97.31 - - [01/Feb/2024:08:10:03 +0800] "GET /xingrg/javascript/jquery_easy_ui/themes/icons/no.png HTTP/1.1" 200 922
124.79.240.117 - - [01/Feb/2024:08:10:09 +0800] "GET /xingrg/all/function/internal_message.html?_=1706746210102&CODE_STATE=getMsg HTTP/1.1" 200 27
172.20.0.100 - - [01/Feb/2024:08:10:09 +0800] "GET /xingrg/all/function/internal_message.html?_=1706746219499&CODE_STATE=getMsg HTTP/1.1" 302 -
116.238.97.31 - - [01/Feb/2024:08:10:19 +0800] "POST /xingrg/dwr/call/plaincall/AjaxCheckService.setItemNumber.dwr HTTP/1.1" 200 76
116.238.97.31 - - [01/Feb/2024:08:10:21 +0800] "POST /xingrg/dwr/call/plaincall/AjaxCheckService.setItemNumber.dwr HTTP/1.1" 200 76
124.79.240.117 - - [01/Feb/2024:08:10:21 +0800] "GET /xingrg/check_reg.html?_=1706746222395 HTTP/1.1" 200 22
116.238.97.31 - - [01/Feb/2024:08:10:22 +0800] "POST /xingrg/dwr/call/plaincall/AjaxCheckService.setItemNumber.dwr HTTP/1.1" 200 76
116.238.97.31 - - [01/Feb/2024:08:10:22 +0800] "POST /xingrg/dwr/call/plaincall/AjaxCheckService.setItemNumber.dwr HTTP/1.1" 200 76
116.238.97.31 - - [01/Feb/2024:08:10:22 +0800] "POST /xingrg/dwr/call/plaincall/AjaxCheckService.setItemNumber.dwr HTTP/1.1" 200 76
116.238.97.31 - - [01/Feb/2024:08:10:24 +0800] "POST /xingrg/dwr/call/plaincall/AjaxCheckService.setItemNumber.dwr HTTP/1.1" 200 76
116.238.97.31 - - [01/Feb/2024:08:10:24 +0800] "POST /xingrg/dwr/call/plaincall/AjaxCheckService.setItemNumber.dwr HTTP/1.1" 200 76
116.238.97.31 - - [01/Feb/2024:08:10:25 +0800] "POST /xingrg/dwr/call/plaincall/AjaxCheckService.setItemNumber.dwr HTTP/1.1" 200 76
116.238.97.31 - - [01/Feb/2024:08:10:26 +0800] "POST /xingrg/dwr/call/plaincall/AjaxCheckService.setItemNumber.dwr HTTP/1.1" 200 76
124.78.154.219 - - [01/Feb/2024:08:10:28 +0800] "GET /xingrg/all/function/internal_message.html?_=1706746224712&CODE_STATE=getMsg HTTP/1.1" 200 27
222.70.169.130 - - [01/Feb/2024:08:10:30 +0800] "GET /xingrg/all/function/internal_message.html?_=1706746243757&CODE_STATE=getMsg HTTP/1.1" 200 27
222.70.169.130 - - [01/Feb/2024:08:10:31 +0800] "GET /xingrg/all/function/internal_message.html?_=1706746242648&CODE_STATE=getMsg HTTP/1.1" 200 27
124.78.68.102 - - [01/Feb/2024:08:10:31 +0800] "GET /xingrg/all/function/internal_message.html?_=1706746231467&CODE_STATE=getMsg HTTP/1.1" 302 -
116.238.120.94 - - [01/Feb/2024:08:10:32 +0800] "GET /xingrg/all/function/internal_message.html?_=1706746232382&CODE_STATE=getMsg HTTP/1.1" 200 27
116.238.97.31 - - [01/Feb/2024:08:10:34 +0800] "GET /xingrg/kc/base/check_order_list.html?isBack=1 HTTP/1.1" 200 16132
116.238.97.31 - - [01/Feb/2024:08:10:35 +0800] "POST /xingrg/kc/base/check_list_operate.html HTTP/1.1" 200 4640
116.238.97.31 - - [01/Feb/2024:08:10:39 +0800] "POST /xingrg/kc/base/check_list_operate.html HTTP/1.1" 200 2717
116.238.120.94 - - [01/Feb/2024:08:10:41 +0800] "GET /xingrg/all/function/internal_message.html?_=1706746240885&CODE_STATE=getMsg HTTP/1.1" 200 27
116.238.97.31 - - [01/Feb/2024:08:10:42 +0800] "POST /xingrg/kc/base/check_list_operate.html HTTP/1.1" 200 4640
101.229.175.60 - - [01/Feb/2024:08:10:43 +0800] "GET /xingrg/all/function/internal_message.html?_=1706746249734&CODE_STATE=getMsg HTTP/1.1" 200 27
116.238.97.31 - - [01/Feb/2024:08:10:44 +0800] "GET /xingrg/kc/base/check_order_info.html?code=452024013100262 HTTP/1.1" 200 26516
116.238.97.31 - - [01/Feb/2024:08:10:44 +0800] "GET /xingrg/dwr/interface/AjaxComOrderService.js HTTP/1.1" 200 18264
116.238.97.31 - - [01/Feb/2024:08:10:44 +0800] "GET /xingrg/dwr/interface/AjaxCheckService.js HTTP/1.1" 200 14003
116.238.97.31 - - [01/Feb/2024:08:10:44 +0800] "GET /xingrg/dwr/engine.js HTTP/1.1" 200 43631
116.238.97.31 - - [01/Feb/2024:08:10:45 +0800] "POST /xingrg/dwr/call/plaincall/AjaxCheckService.loadOrderItems.dwr HTTP/1.1" 200 11387
180.163.30.100 - - [01/Feb/2024:08:10:46 +0800] "GET /xingrg/check_reg.html?_=1706746182855 HTTP/1.1" 302 -
180.163.30.100 - - [01/Feb/2024:08:10:46 +0800] "GET /xingrg/login.html HTTP/1.1" 200 7641
116.238.97.31 - - [01/Feb/2024:08:10:48 +0800] "POST /xingrg/dwr/call/plaincall/AjaxCheckService.setItemNumber.dwr HTTP/1.1" 200 76
116.238.97.31 - - [01/Feb/2024:08:10:49 +0800] "POST /xingrg/dwr/call/plaincall/AjaxCheckService.setItemNumber.dwr HTTP/1.1" 200 76
116.238.97.31 - - [01/Feb/2024:08:10:49 +0800] "POST /xingrg/dwr/call/plaincall/AjaxCheckService.setItemNumber.dwr HTTP/1.1" 200 76
116.238.97.31 - - [01/Feb/2024:08:10:50 +0800] "POST /xingrg/dwr/call/plaincall/AjaxCheckService.setItemNumber.dwr HTTP/1.1" 200 76
116.238.97.31 - - [01/Feb/2024:08:10:51 +0800] "POST /xingrg/dwr/call/plaincall/AjaxCheckService.setItemNumber.dwr HTTP/1.1" 200 76
116.238.97.31 - - [01/Feb/2024:08:10:54 +0800] "GET /xingrg/all/function/internal_message.html?_=1706746255582&CODE_STATE=getMsg HTTP/1.1" 200 27
116.238.97.31 - - [01/Feb/2024:08:10:55 +0800] "POST /xingrg/dwr/call/plaincall/AjaxCheckService.setItemNumber.dwr HTTP/1.1" 200 76
116.238.97.31 - - [01/Feb/2024:08:10:58 +0800] "POST /xingrg/dwr/call/plaincall/AjaxCheckService.setItemNumber.dwr HTTP/1.1" 200 76
116.238.97.31 - - [01/Feb/2024:08:11:00 +0800] "POST /xingrg/dwr/call/plaincall/AjaxCheckService.setItemNumber.dwr HTTP/1.1" 200 76
116.232.192.96 - - [01/Feb/2024:08:11:01 +0800] "GET /xingrg/check_reg.html?_=1706746192375 HTTP/1.1" 302 -
116.238.97.31 - - [01/Feb/2024:08:11:02 +0800] "POST /xingrg/dwr/call/plaincall/AjaxCheckService.setItemNumber.dwr HTTP/1.1" 200 76
120.253.135.82 - - [01/Feb/2024:08:11:03 +0800] "GET /xingrg/check_reg.html?_=1706746089629 HTTP/1.1" 200 22
116.238.97.31 - - [01/Feb/2024:08:11:05 +0800] "POST /xingrg/dwr/call/plaincall/AjaxCheckService.setItemNumber.dwr HTTP/1.1" 200 77
116.238.97.31 - - [01/Feb/2024:08:11:06 +0800] "POST /xingrg/dwr/call/plaincall/AjaxCheckService.setItemNumber.dwr HTTP/1.1" 200 77
116.238.97.31 - - [01/Feb/2024:08:11:08 +0800] "POST /xingrg/dwr/call/plaincall/AjaxCheckService.setItemNumber.dwr HTTP/1.1" 200 77
124.79.240.117 - - [01/Feb/2024:08:11:09 +0800] "GET /xingrg/all/function/internal_message.html?_=1706746270081&CODE_STATE=getMsg HTTP/1.1" 200 27
172.20.0.100 - - [01/Feb/2024:08:11:09 +0800] "GET /xingrg/check_reg.html?_=1706746279497 HTTP/1.1" 302 -
172.20.0.100 - - [01/Feb/2024:08:11:09 +0800] "GET /xingrg/all/function/internal_message.html?_=1706746279498&CODE_STATE=getMsg HTTP/1.1" 302 -
116.238.97.31 - - [01/Feb/2024:08:11:12 +0800] "POST /xingrg/dwr/call/plaincall/AjaxCheckService.setItemNumber.dwr HTTP/1.1" 200 77
116.238.97.31 - - [01/Feb/2024:08:11:14 +0800] "POST /xingrg/dwr/call/plaincall/AjaxCheckService.setItemNumber.dwr HTTP/1.1" 200 77
116.238.97.31 - - [01/Feb/2024:08:11:17 +0800] "POST /xingrg/dwr/call/plaincall/AjaxCheckService.setItemNumber.dwr HTTP/1.1" 200 77
116.238.97.31 - - [01/Feb/2024:08:11:19 +0800] "POST /xingrg/dwr/call/plaincall/AjaxCheckService.setItemNumber.dwr HTTP/1.1" 200 77
116.238.97.31 - - [01/Feb/2024:08:11:21 +0800] "POST /xingrg/dwr/call/plaincall/AjaxCheckService.setItemNumber.dwr HTTP/1.1" 200 77
124.78.154.219 - - [01/Feb/2024:08:11:28 +0800] "GET /xingrg/all/function/internal_message.html?_=1706746284687&CODE_STATE=getMsg HTTP/1.1" 200 27
222.70.169.130 - - [01/Feb/2024:08:11:30 +0800] "GET /xingrg/all/function/internal_message.html?_=1706746303785&CODE_STATE=getMsg HTTP/1.1" 200 27
222.70.169.130 - - [01/Feb/2024:08:11:30 +0800] "GET /xingrg/check_reg.html?_=1706746302406 HTTP/1.1" 200 22
116.238.97.31 - - [01/Feb/2024:08:11:30 +0800] "GET /xingrg/kc/base/check_order_list.html?isBack=1 HTTP/1.1" 200 16132
116.238.97.31 - - [01/Feb/2024:08:11:31 +0800] "GET /favicon.ico HTTP/1.1" 404 -
222.70.169.130 - - [01/Feb/2024:08:11:31 +0800] "GET /xingrg/all/function/internal_message.html?_=1706746302660&CODE_STATE=getMsg HTTP/1.1" 200 27
116.238.97.31 - - [01/Feb/2024:08:11:31 +0800] "POST /xingrg/kc/base/check_list_operate.html HTTP/1.1" 200 4640
124.78.68.102 - - [01/Feb/2024:08:11:31 +0800] "GET /xingrg/all/function/internal_message.html?_=1706746291451&CODE_STATE=getMsg HTTP/1.1" 302 -
116.238.120.94 - - [01/Feb/2024:08:11:32 +0800] "GET /xingrg/all/function/internal_message.html?_=1706746292353&CODE_STATE=getMsg HTTP/1.1" 200 27
116.238.120.94 - - [01/Feb/2024:08:11:41 +0800] "GET /xingrg/all/function/internal_message.html?_=1706746300903&CODE_STATE=getMsg HTTP/1.1" 200 27
101.229.175.60 - - [01/Feb/2024:08:11:43 +0800] "GET /xingrg/all/function/internal_message.html?_=1706746309703&CODE_STATE=getMsg HTTP/1.1" 200 27
116.238.97.31 - - [01/Feb/2024:08:11:45 +0800] "GET /xingrg/kc/base/check_order_list.html?isBack=1 HTTP/1.1" 200 16132
116.238.97.31 - - [01/Feb/2024:08:11:45 +0800] "POST /xingrg/kc/base/check_list_operate.html HTTP/1.1" 200 4640
116.238.97.31 - - [01/Feb/2024:08:11:48 +0800] "GET /xingrg/kc/base/check_order_info.html?code=452024013100364 HTTP/1.1" 200 26516
116.238.97.31 - - [01/Feb/2024:08:11:48 +0800] "GET /xingrg/dwr/interface/AjaxComOrderService.js HTTP/1.1" 200 18264
116.238.97.31 - - [01/Feb/2024:08:11:48 +0800] "GET /xingrg/dwr/interface/AjaxCheckService.js HTTP/1.1" 200 14003
116.238.97.31 - - [01/Feb/2024:08:11:48 +0800] "GET /xingrg/dwr/engine.js HTTP/1.1" 200 43631
116.238.97.31 - - [01/Feb/2024:08:11:48 +0800] "POST /xingrg/dwr/call/plaincall/AjaxCheckService.loadOrderItems.dwr HTTP/1.1" 200 68937
116.238.97.31 - - [01/Feb/2024:08:11:54 +0800] "GET /xingrg/all/function/internal_message.html?_=1706746315584&CODE_STATE=getMsg HTTP/1.1" 200 27
116.238.97.31 - - [01/Feb/2024:08:11:54 +0800] "GET /xingrg/check_reg.html?_=1706746315588 HTTP/1.1" 200 22
124.79.240.117 - - [01/Feb/2024:08:12:09 +0800] "GET /xingrg/all/function/internal_message.html?_=1706746330061&CODE_STATE=getMsg HTTP/1.1" 200 27
172.20.0.100 - - [01/Feb/2024:08:12:09 +0800] "GET /xingrg/all/function/internal_message.html?_=1706746339496&CODE_STATE=getMsg HTTP/1.1" 302 -
222.70.169.130 - - [01/Feb/2024:08:12:20 +0800] "GET /xingrg/check_reg.html?_=1706746354054 HTTP/1.1" 200 22
124.78.154.219 - - [01/Feb/2024:08:12:28 +0800] "GET /xingrg/all/function/internal_message.html?_=1706746344657&CODE_STATE=getMsg HTTP/1.1" 200 27
222.70.169.130 - - [01/Feb/2024:08:12:30 +0800] "GET /xingrg/all/function/internal_message.html?_=1706746363800&CODE_STATE=getMsg HTTP/1.1" 200 27
222.70.169.130 - - [01/Feb/2024:08:12:31 +0800] "GET /xingrg/all/function/internal_message.html?_=1706746362675&CODE_STATE=getMsg HTTP/1.1" 200 27
124.78.68.102 - - [01/Feb/2024:08:12:31 +0800] "GET /xingrg/all/function/internal_message.html?_=1706746351436&CODE_STATE=getMsg HTTP/1.1" 302 -
116.238.120.94 - - [01/Feb/2024:08:12:32 +0800] "GET /xingrg/all/function/internal_message.html?_=1706746352335&CODE_STATE=getMsg HTTP/1.1" 200 27
116.238.97.31 - - [01/Feb/2024:08:12:38 +0800] "POST /xingrg/dwr/call/plaincall/AjaxCheckService.setItemNumber.dwr HTTP/1.1" 200 76
116.238.120.94 - - [01/Feb/2024:08:12:41 +0800] "GET /xingrg/check_reg.html?_=1706746360891 HTTP/1.1" 200 22
116.238.120.94 - - [01/Feb/2024:08:12:41 +0800] "GET /xingrg/all/function/internal_message.html?_=1706746360893&CODE_STATE=getMsg HTTP/1.1" 200 27
101.229.175.60 - - [01/Feb/2024:08:12:43 +0800] "GET /xingrg/all/function/internal_message.html?_=1706746369673&CODE_STATE=getMsg HTTP/1.1" 200 27
116.238.97.31 - - [01/Feb/2024:08:12:48 +0800] "POST /xingrg/dwr/call/plaincall/AjaxCheckService.setItemNumber.dwr HTTP/1.1" 200 76
116.238.97.31 - - [01/Feb/2024:08:12:51 +0800] "POST /xingrg/dwr/call/plaincall/AjaxCheckService.setItemNumber.dwr HTTP/1.1" 200 76
116.238.97.31 - - [01/Feb/2024:08:12:53 +0800] "POST /xingrg/dwr/call/plaincall/AjaxCheckService.setItemNumber.dwr HTTP/1.1" 200 76
116.238.97.31 - - [01/Feb/2024:08:12:54 +0800] "GET /xingrg/all/function/internal_message.html?_=1706746375593&CODE_STATE=getMsg HTTP/1.1" 200 27
116.238.97.31 - - [01/Feb/2024:08:12:56 +0800] "POST /xingrg/dwr/call/plaincall/AjaxCheckService.setItemNumber.dwr HTTP/1.1" 200 76
116.232.192.96 - - [01/Feb/2024:08:13:00 +0800] "GET /xingrg/check_reg.html?_=1706746311590 HTTP/1.1" 302 -
116.238.97.31 - - [01/Feb/2024:08:13:05 +0800] "POST /xingrg/dwr/call/plaincall/AjaxCheckService.setItemNumber.dwr HTTP/1.1" 200 76
116.238.97.31 - - [01/Feb/2024:08:13:07 +0800] "POST /xingrg/dwr/call/plaincall/AjaxCheckService.setItemNumber.dwr HTTP/1.1" 200 76
124.79.240.117 - - [01/Feb/2024:08:13:09 +0800] "GET /xingrg/all/function/internal_message.html?_=1706746390035&CODE_STATE=getMsg HTTP/1.1" 200 27
172.20.0.100 - - [01/Feb/2024:08:13:09 +0800] "GET /xingrg/all/function/internal_message.html?_=1706746399495&CODE_STATE=getMsg HTTP/1.1" 302 -
116.238.97.31 - - [01/Feb/2024:08:13:17 +0800] "POST /xingrg/dwr/call/plaincall/AjaxCheckService.setItemNumber.dwr HTTP/1.1" 200 76
124.78.154.219 - - [01/Feb/2024:08:13:27 +0800] "GET /xingrg/all/function/internal_message.html?_=1706746404637&CODE_STATE=getMsg HTTP/1.1" 200 27
222.70.169.130 - - [01/Feb/2024:08:13:30 +0800] "GET /xingrg/all/function/internal_message.html?_=1706746423813&CODE_STATE=getMsg HTTP/1.1" 200 27
222.70.169.130 - - [01/Feb/2024:08:13:31 +0800] "GET /xingrg/all/function/internal_message.html?_=1706746422688&CODE_STATE=getMsg HTTP/1.1" 200 27
124.78.68.102 - - [01/Feb/2024:08:13:31 +0800] "GET /xingrg/all/function/internal_message.html?_=1706746411418&CODE_STATE=getMsg HTTP/1.1" 302 -
116.238.120.94 - - [01/Feb/2024:08:13:32 +0800] "GET /xingrg/all/function/internal_message.html?_=1706746412312&CODE_STATE=getMsg HTTP/1.1" 200 27
116.238.97.31 - - [01/Feb/2024:08:13:32 +0800] "POST /xingrg/dwr/call/plaincall/AjaxCheckService.setItemNumber.dwr HTTP/1.1" 200 76
124.78.68.102 - - [01/Feb/2024:08:13:33 +0800] "POST /xingrg/services/DataTransmitService HTTP/1.1" 200 524
116.238.97.31 - - [01/Feb/2024:08:13:40 +0800] "POST /xingrg/dwr/call/plaincall/AjaxCheckService.setItemNumber.dwr HTTP/1.1" 200 77
124.78.68.102 - - [01/Feb/2024:08:13:41 +0800] "GET /xingrg/check_reg.html?_=1706746421394 HTTP/1.1" 302 -
116.238.120.94 - - [01/Feb/2024:08:13:41 +0800] "GET /xingrg/all/function/internal_message.html?_=1706746420880&CODE_STATE=getMsg HTTP/1.1" 200 27
101.229.175.60 - - [01/Feb/2024:08:13:43 +0800] "GET /xingrg/all/function/internal_message.html?_=1706746429656&CODE_STATE=getMsg HTTP/1.1" 200 27
116.238.120.94 - - [01/Feb/2024:08:13:44 +0800] "GET /xingrg/check_reg.html?_=1706746424013 HTTP/1.1" 200 22
116.238.97.31 - - [01/Feb/2024:08:13:46 +0800] "POST /xingrg/dwr/call/plaincall/AjaxCheckService.setItemNumber.dwr HTTP/1.1" 200 77
116.238.97.31 - - [01/Feb/2024:08:13:47 +0800] "POST /xingrg/dwr/call/plaincall/AjaxCheckService.setItemNumber.dwr HTTP/1.1" 200 77
116.238.97.31 - - [01/Feb/2024:08:13:54 +0800] "POST /xingrg/dwr/call/plaincall/AjaxCheckService.setItemNumber.dwr HTTP/1.1" 200 77
116.238.97.31 - - [01/Feb/2024:08:13:54 +0800] "GET /xingrg/all/function/internal_message.html?_=1706746435575&CODE_STATE=getMsg HTTP/1.1" 200 27
124.79.240.117 - - [01/Feb/2024:08:14:09 +0800] "GET /xingrg/all/function/internal_message.html?_=1706746450010&CODE_STATE=getMsg HTTP/1.1" 200 27
172.20.0.100 - - [01/Feb/2024:08:14:09 +0800] "GET /xingrg/all/function/internal_message.html?_=1706746459493&CODE_STATE=getMsg HTTP/1.1" 302 -
116.238.97.31 - - [01/Feb/2024:08:14:16 +0800] "POST /xingrg/dwr/call/plaincall/AjaxCheckService.setItemNumber.dwr HTTP/1.1" 200 77
116.238.120.94 - - [01/Feb/2024:08:14:21 +0800] "GET /xingrg/kc/buy/cgsh_order_add.html HTTP/1.1" 200 73523
116.238.120.94 - - [01/Feb/2024:08:14:21 +0800] "GET /xingrg/words/20240131100609_words.js HTTP/1.1" 200 1013157
116.238.120.94 - - [01/Feb/2024:08:14:21 +0800] "POST /xingrg/kc/buy/cgsh_order_operate.html HTTP/1.1" 200 8245
116.238.120.94 - - [01/Feb/2024:08:14:21 +0800] "GET /xingrg/javascript/easyui/themes/default/validatebox.css HTTP/1.1" 404 1104
116.238.120.94 - - [01/Feb/2024:08:14:21 +0800] "GET /xingrg/all/common/auto_word.html?type=employee&rest_code=00150 HTTP/1.1" 200 159
116.238.120.94 - - [01/Feb/2024:08:14:21 +0800] "GET /xingrg/all/common/auto_word.html?type=employee&rest_code=00150 HTTP/1.1" 200 159
116.238.97.31 - - [01/Feb/2024:08:14:22 +0800] "POST /xingrg/dwr/call/plaincall/AjaxCheckService.setItemNumber.dwr HTTP/1.1" 200 77
116.238.120.94 - - [01/Feb/2024:08:14:24 +0800] "GET /xingrg/javascript/auto/indicator.gif HTTP/1.1" 404 1066
116.238.97.31 - - [01/Feb/2024:08:14:27 +0800] "POST /xingrg/dwr/call/plaincall/AjaxCheckService.setItemNumber.dwr HTTP/1.1" 200 77
124.78.154.219 - - [01/Feb/2024:08:14:27 +0800] "GET /xingrg/all/function/internal_message.html?_=1706746464625&CODE_STATE=getMsg HTTP/1.1" 200 27
116.238.97.31 - - [01/Feb/2024:08:14:28 +0800] "POST /xingrg/dwr/call/plaincall/AjaxCheckService.setItemNumber.dwr HTTP/1.1" 200 77
222.70.169.130 - - [01/Feb/2024:08:14:30 +0800] "GET /xingrg/all/function/internal_message.html?_=1706746483849&CODE_STATE=getMsg HTTP/1.1" 200 27
222.70.169.130 - - [01/Feb/2024:08:14:31 +0800] "GET /xingrg/all/function/internal_message.html?_=1706746482706&CODE_STATE=getMsg HTTP/1.1" 200 27
124.78.68.102 - - [01/Feb/2024:08:14:31 +0800] "GET /xingrg/all/function/internal_message.html?_=1706746471408&CODE_STATE=getMsg HTTP/1.1" 302 -
116.238.97.31 - - [01/Feb/2024:08:14:32 +0800] "POST /xingrg/dwr/call/plaincall/AjaxCheckService.setItemNumber.dwr HTTP/1.1" 200 77
116.238.120.94 - - [01/Feb/2024:08:14:32 +0800] "GET /xingrg/all/function/internal_message.html?_=1706746472299&CODE_STATE=getMsg HTTP/1.1" 200 27
116.238.97.31 - - [01/Feb/2024:08:14:34 +0800] "POST /xingrg/dwr/call/plaincall/AjaxCheckService.setItemNumber.dwr HTTP/1.1" 200 77
116.238.97.31 - - [01/Feb/2024:08:14:35 +0800] "POST /xingrg/dwr/call/plaincall/AjaxCheckService.setItemNumber.dwr HTTP/1.1" 200 77
116.238.97.31 - - [01/Feb/2024:08:14:36 +0800] "POST /xingrg/dwr/call/plaincall/AjaxCheckService.setItemNumber.dwr HTTP/1.1" 200 77
116.238.97.31 - - [01/Feb/2024:08:14:36 +0800] "POST /xingrg/dwr/call/plaincall/AjaxCheckService.setItemNumber.dwr HTTP/1.1" 200 77
116.238.120.94 - - [01/Feb/2024:08:14:41 +0800] "GET /xingrg/all/function/internal_message.html?_=1706746480898&CODE_STATE=getMsg HTTP/1.1" 200 27
116.238.120.94 - - [01/Feb/2024:08:14:43 +0800] "GET /xingrg/kc/buy/cgsh_order_operate.html?command=get_materiel&rest_code=00150&code=00101008323&supplier_code=00100008&order_time=2024-02-01 HTTP/1.1" 200 408
101.229.175.60 - - [01/Feb/2024:08:14:43 +0800] "GET /xingrg/all/function/internal_message.html?_=1706746489642&CODE_STATE=getMsg HTTP/1.1" 200 27
124.78.154.219 - - [01/Feb/2024:08:14:46 +0800] "GET /xingrg/check_reg.html?_=1706746482870 HTTP/1.1" 200 22
116.238.97.31 - - [01/Feb/2024:08:14:48 +0800] "POST /xingrg/dwr/call/plaincall/AjaxCheckService.setItemNumber.dwr HTTP/1.1" 200 77
116.238.97.31 - - [01/Feb/2024:08:14:54 +0800] "GET /xingrg/all/function/internal_message.html?_=1706746495577&CODE_STATE=getMsg HTTP/1.1" 200 27
101.229.175.60 - - [01/Feb/2024:08:14:57 +0800] "GET /xingrg/check_reg.html?_=1706746502948 HTTP/1.1" 200 22
116.238.120.94 - - [01/Feb/2024:08:15:02 +0800] "GET /xingrg/kc/buy/cgsh_order_operate.html?command=get_materiel&rest_code=00150&code=00101008176&supplier_code=00100008&order_time=2024-02-01 HTTP/1.1" 200 413
124.79.240.117 - - [01/Feb/2024:08:15:09 +0800] "GET /xingrg/all/function/internal_message.html?_=1706746509991&CODE_STATE=getMsg HTTP/1.1" 200 27
172.20.0.100 - - [01/Feb/2024:08:15:09 +0800] "GET /xingrg/all/function/internal_message.html?_=1706746519492&CODE_STATE=getMsg HTTP/1.1" 302 -
124.79.240.117 - - [01/Feb/2024:08:15:21 +0800] "GET /xingrg/check_reg.html?_=1706746522366 HTTP/1.1" 200 22
116.238.120.94 - - [01/Feb/2024:08:15:24 +0800] "GET /xingrg/kc/buy/cgsh_order_operate.html?command=get_materiel&rest_code=00150&code=00101008210&supplier_code=00100008&order_time=2024-02-01 HTTP/1.1" 200 408
124.78.154.219 - - [01/Feb/2024:08:15:27 +0800] "GET /xingrg/all/function/internal_message.html?_=1706746524609&CODE_STATE=getMsg HTTP/1.1" 200 27
222.70.169.130 - - [01/Feb/2024:08:15:30 +0800] "GET /xingrg/all/function/internal_message.html?_=1706746543857&CODE_STATE=getMsg HTTP/1.1" 200 27
222.70.169.130 - - [01/Feb/2024:08:15:31 +0800] "GET /xingrg/all/function/internal_message.html?_=1706746542722&CODE_STATE=getMsg HTTP/1.1" 200 27
124.78.68.102 - - [01/Feb/2024:08:15:31 +0800] "GET /xingrg/all/function/internal_message.html?_=1706746531382&CODE_STATE=getMsg HTTP/1.1" 302 -
116.238.120.94 - - [01/Feb/2024:08:15:32 +0800] "GET /xingrg/all/function/internal_message.html?_=1706746532275&CODE_STATE=getMsg HTTP/1.1" 200 27
116.238.120.94 - - [01/Feb/2024:08:15:36 +0800] "GET /xingrg/kc/buy/cgsh_order_operate.html?command=get_materiel&rest_code=00150&code=00101008027&supplier_code=00100008&order_time=2024-02-01 HTTP/1.1" 200 408
116.238.120.94 - - [01/Feb/2024:08:15:41 +0800] "GET /xingrg/all/function/internal_message.html?_=1706746540883&CODE_STATE=getMsg HTTP/1.1" 200 27
101.229.175.60 - - [01/Feb/2024:08:15:43 +0800] "GET /xingrg/all/function/internal_message.html?_=1706746549627&CODE_STATE=getMsg HTTP/1.1" 200 27
180.163.30.27 - - [01/Feb/2024:08:15:46 +0800] "GET /xingrg/check_reg.html?_=1706746482870 HTTP/1.1" 302 -
180.163.30.27 - - [01/Feb/2024:08:15:46 +0800] "GET /xingrg/login.html HTTP/1.1" 200 7641
116.238.120.94 - - [01/Feb/2024:08:15:50 +0800] "GET /xingrg/kc/buy/cgsh_order_operate.html?command=get_materiel&rest_code=00150&code=00101008257&supplier_code=00100008&order_time=2024-02-01 HTTP/1.1" 200 416
116.238.97.31 - - [01/Feb/2024:08:15:54 +0800] "GET /xingrg/all/function/internal_message.html?_=1706746555580&CODE_STATE=getMsg HTTP/1.1" 200 27
116.232.192.96 - - [01/Feb/2024:08:16:01 +0800] "GET /xingrg/check_reg.html?_=1706746492375 HTTP/1.1" 302 -
116.238.120.94 - - [01/Feb/2024:08:16:02 +0800] "GET /xingrg/kc/buy/cgsh_order_operate.html?command=get_materiel&rest_code=00150&code=00101008156&supplier_code=00100008&order_time=2024-02-01 HTTP/1.1" 200 414
120.253.135.82 - - [01/Feb/2024:08:16:03 +0800] "GET /xingrg/check_reg.html?_=1706746389635 HTTP/1.1" 200 22
124.79.240.117 - - [01/Feb/2024:08:16:09 +0800] "GET /xingrg/all/function/internal_message.html?_=1706746569970&CODE_STATE=getMsg HTTP/1.1" 200 27
172.20.0.100 - - [01/Feb/2024:08:16:09 +0800] "GET /xingrg/all/function/internal_message.html?_=1706746579490&CODE_STATE=getMsg HTTP/1.1" 302 -
172.20.0.100 - - [01/Feb/2024:08:16:09 +0800] "GET /xingrg/check_reg.html?_=1706746579491 HTTP/1.1" 302 -
116.238.120.94 - - [01/Feb/2024:08:16:17 +0800] "GET /xingrg/kc/buy/cgsh_order_operate.html?command=get_materiel&rest_code=00150&code=00101008331&supplier_code=00100008&order_time=2024-02-01 HTTP/1.1" 200 416
124.78.154.219 - - [01/Feb/2024:08:16:27 +0800] "GET /xingrg/all/function/internal_message.html?_=1706746584578&CODE_STATE=getMsg HTTP/1.1" 200 27
222.70.169.130 - - [01/Feb/2024:08:16:30 +0800] "GET /xingrg/all/function/internal_message.html?_=1706746603885&CODE_STATE=getMsg HTTP/1.1" 200 27
222.70.169.130 - - [01/Feb/2024:08:16:30 +0800] "GET /xingrg/check_reg.html?_=1706746602422 HTTP/1.1" 200 22
222.70.169.130 - - [01/Feb/2024:08:16:31 +0800] "GET /xingrg/all/function/internal_message.html?_=1706746602728&CODE_STATE=getMsg HTTP/1.1" 200 27
124.78.68.102 - - [01/Feb/2024:08:16:31 +0800] "GET /xingrg/all/function/internal_message.html?_=1706746591355&CODE_STATE=getMsg HTTP/1.1" 302 -
116.238.120.94 - - [01/Feb/2024:08:16:32 +0800] "GET /xingrg/all/function/internal_message.html?_=1706746592247&CODE_STATE=getMsg HTTP/1.1" 200 27
116.238.120.94 - - [01/Feb/2024:08:16:41 +0800] "GET /xingrg/all/function/internal_message.html?_=1706746600884&CODE_STATE=getMsg HTTP/1.1" 200 27
101.229.175.60 - - [01/Feb/2024:08:16:43 +0800] "GET /xingrg/all/function/internal_message.html?_=1706746609609&CODE_STATE=getMsg HTTP/1.1" 200 27
116.238.120.94 - - [01/Feb/2024:08:16:44 +0800] "GET /xingrg/kc/buy/cgsh_order_operate.html?command=get_materiel&rest_code=00150&code=00101008125&supplier_code=00100008&order_time=2024-02-01 HTTP/1.1" 200 413
