101.83.145.37 - - [01/Feb/2024:08:54:19 +0800] "GET /xingrg/javascript/jquery_ui/themes/humanity/images/ui-bg_inset-soft_100_f4f0ec_1x100.png HTTP/1.1" 304 -
101.83.145.37 - - [01/Feb/2024:08:54:19 +0800] "GET /xingrg/images/blue/bg_dotted.jpg HTTP/1.1" 304 -
101.83.145.37 - - [01/Feb/2024:08:54:19 +0800] "GET /xingrg/images/blue/button/right_ah.jpg HTTP/1.1" 304 -
101.83.145.37 - - [01/Feb/2024:08:54:19 +0800] "GET /xingrg/images/blue/button/down_ah.jpg HTTP/1.1" 304 -
101.83.145.37 - - [01/Feb/2024:08:54:19 +0800] "GET /xingrg/javascript/jquery_ui/themes/humanity/images/ui-iconsnew.jpg HTTP/1.1" 304 -
101.83.145.37 - - [01/Feb/2024:08:54:19 +0800] "GET /xingrg/javascript/jquery_ui/themes/humanity/images/ui-icons_ffffff_256x240.png HTTP/1.1" 304 -
101.83.145.37 - - [01/Feb/2024:08:54:19 +0800] "GET /xingrg/javascript/jquery_ui/themes/humanity/images/ui-icons_c47a23_256x240.png HTTP/1.1" 304 -
101.83.145.37 - - [01/Feb/2024:08:54:19 +0800] "GET /xingrg/javascript/jquery_ui/themes/humanity/images/ui-bg_glass_70_ede4d4_1x400.png HTTP/1.1" 304 -
101.83.145.37 - - [01/Feb/2024:08:54:20 +0800] "GET /xingrg/images/yd/bt.gif HTTP/1.1" 404 1040
101.83.145.37 - - [01/Feb/2024:08:54:21 +0800] "GET /xingrg/kc/buy/cgsh_order_list.html HTTP/1.1" 200 57692
101.83.145.37 - - [01/Feb/2024:08:54:21 +0800] "GET /xingrg/css/base.css HTTP/1.1" 304 -
101.83.145.37 - - [01/Feb/2024:08:54:21 +0800] "GET /xingrg/css/site.css HTTP/1.1" 304 -
101.83.145.37 - - [01/Feb/2024:08:54:21 +0800] "GET /xingrg/javascript/jquery_tools/datebox.css HTTP/1.1" 304 -
101.83.145.37 - - [01/Feb/2024:08:54:21 +0800] "GET /xingrg/javascript/easyui/themes/default/easyui.css HTTP/1.1" 304 -
101.83.145.37 - - [01/Feb/2024:08:54:21 +0800] "GET /xingrg/javascript/easyui/themes/icon.css HTTP/1.1" 304 -
101.83.145.37 - - [01/Feb/2024:08:54:21 +0800] "GET /xingrg/javascript/auto/jquery.autocomplete.css HTTP/1.1" 304 -
101.83.145.37 - - [01/Feb/2024:08:54:21 +0800] "GET /xingrg/javascript/jquery_tools/fix.css HTTP/1.1" 304 -
101.83.145.37 - - [01/Feb/2024:08:54:21 +0800] "GET /xingrg/javascript/jquery_tools/table.css HTTP/1.1" 304 -
101.83.145.37 - - [01/Feb/2024:08:54:21 +0800] "GET /xingrg/javascript/jquery_tools/jquery.tools.min.js HTTP/1.1" 304 -
101.83.145.37 - - [01/Feb/2024:08:54:21 +0800] "GET /xingrg/javascript/jquery_tools/jquery.tools.extend.js HTTP/1.1" 304 -
101.83.145.37 - - [01/Feb/2024:08:54:21 +0800] "GET /xingrg/javascript/jquery_tools/jquery.tools.hotkey.js HTTP/1.1" 304 -
101.83.145.37 - - [01/Feb/2024:08:54:21 +0800] "GET /xingrg/javascript/jquery_tools/jquery.tools.table.js HTTP/1.1" 304 -
101.83.145.37 - - [01/Feb/2024:08:54:21 +0800] "GET /xingrg/javascript/jquery_tools/list_manager.js HTTP/1.1" 304 -
101.83.145.37 - - [01/Feb/2024:08:54:21 +0800] "GET /xingrg/javascript/auto/jquery.autocomplete.js HTTP/1.1" 304 -
101.83.145.37 - - [01/Feb/2024:08:54:21 +0800] "GET /xingrg/javascript/easyui/easyloader.js HTTP/1.1" 304 -
101.83.145.37 - - [01/Feb/2024:08:54:21 +0800] "GET /xingrg/javascript/jquery.cookie.js HTTP/1.1" 304 -
101.83.145.37 - - [01/Feb/2024:08:54:21 +0800] "GET /xingrg/javascript/print/LodopFuncs.js HTTP/1.1" 304 -
101.83.145.37 - - [01/Feb/2024:08:54:23 +0800] "GET /xingrg/javascript/easyui/themes/icons/import_new.png HTTP/1.1" 304 -
101.83.145.37 - - [01/Feb/2024:08:54:23 +0800] "GET /xingrg/javascript/easyui/themes/icons/check_new.png HTTP/1.1" 304 -
101.83.145.37 - - [01/Feb/2024:08:54:23 +0800] "GET /xingrg/javascript/easyui/themes/icons/field_new.png HTTP/1.1" 304 -
101.83.145.37 - - [01/Feb/2024:08:54:23 +0800] "GET /xingrg/javascript/easyui/themes/icons/cance_new.png HTTP/1.1" 304 -
101.83.145.37 - - [01/Feb/2024:08:54:23 +0800] "GET /xingrg/javascript/easyui/themes/icons/edit_add_new.png HTTP/1.1" 304 -
101.83.145.37 - - [01/Feb/2024:08:54:23 +0800] "GET /xingrg/javascript/easyui/plugins/jquery.parser.js HTTP/1.1" 304 -
101.83.145.37 - - [01/Feb/2024:08:54:23 +0800] "GET /xingrg/images/control/ajaxLoader.gif HTTP/1.1" 304 -
101.83.145.37 - - [01/Feb/2024:08:54:27 +0800] "POST /xingrg/kc/buy/cgsh_list_operate.html HTTP/1.1" 200 986
124.78.68.102 - - [01/Feb/2024:08:54:30 +0800] "GET /xingrg/all/function/internal_message.html?_=1706748870671&CODE_STATE=getMsg HTTP/1.1" 302 -
222.70.169.130 - - [01/Feb/2024:08:54:31 +0800] "GET /xingrg/all/function/internal_message.html?_=1706748884552&CODE_STATE=getMsg HTTP/1.1" 200 27
222.70.169.130 - - [01/Feb/2024:08:54:31 +0800] "GET /xingrg/all/function/internal_message.html?_=1706748883252&CODE_STATE=getMsg HTTP/1.1" 200 27
116.238.120.94 - - [01/Feb/2024:08:54:31 +0800] "GET /xingrg/all/function/internal_message.html?_=1706748871583&CODE_STATE=getMsg HTTP/1.1" 200 27
101.83.145.37 - - [01/Feb/2024:08:54:33 +0800] "GET /xingrg/all/function/internal_message.html?_=1706748638212&CODE_STATE=getMsg HTTP/1.1" 200 27
101.229.175.60 - - [01/Feb/2024:08:54:42 +0800] "GET /xingrg/all/function/internal_message.html?_=1706748888658&CODE_STATE=getMsg HTTP/1.1" 200 27
222.69.130.128 - - [01/Feb/2024:08:54:45 +0800] "GET /xingrg/all/function/internal_message.html?_=1706748883056&CODE_STATE=getMsg HTTP/1.1" 200 27
101.83.145.37 - - [01/Feb/2024:08:54:51 +0800] "GET /xingrg/javascript/easyui/themes/default/images/button_plain_hover.png HTTP/1.1" 304 -
116.238.97.31 - - [01/Feb/2024:08:54:54 +0800] "GET /xingrg/all/function/internal_message.html?_=1706748895599&CODE_STATE=getMsg HTTP/1.1" 200 27
101.229.175.60 - - [01/Feb/2024:08:54:56 +0800] "GET /xingrg/check_reg.html?_=1706748902796 HTTP/1.1" 200 22
116.238.97.31 - - [01/Feb/2024:08:54:57 +0800] "GET /xingrg/kc/base/check_order_list.html?isBack=1 HTTP/1.1" 200 16132
116.238.97.31 - - [01/Feb/2024:08:54:57 +0800] "POST /xingrg/kc/base/check_list_operate.html HTTP/1.1" 200 4640
116.238.97.31 - - [01/Feb/2024:08:54:59 +0800] "GET /xingrg/kc/base/check_order_info.html?code=452024013100375 HTTP/1.1" 200 26516
116.238.97.31 - - [01/Feb/2024:08:54:59 +0800] "GET /xingrg/dwr/interface/AjaxCheckService.js HTTP/1.1" 200 14003
116.238.97.31 - - [01/Feb/2024:08:54:59 +0800] "GET /xingrg/dwr/interface/AjaxComOrderService.js HTTP/1.1" 200 18264
116.238.97.31 - - [01/Feb/2024:08:54:59 +0800] "GET /xingrg/dwr/engine.js HTTP/1.1" 200 43631
116.238.97.31 - - [01/Feb/2024:08:54:59 +0800] "POST /xingrg/dwr/call/plaincall/AjaxCheckService.loadOrderItems.dwr HTTP/1.1" 200 54647
116.238.97.31 - - [01/Feb/2024:08:55:02 +0800] "POST /xingrg/dwr/call/plaincall/AjaxCheckService.setItemNumber.dwr HTTP/1.1" 200 76
116.238.97.31 - - [01/Feb/2024:08:55:07 +0800] "POST /xingrg/dwr/call/plaincall/AjaxCheckService.setItemNumber.dwr HTTP/1.1" 200 76
124.79.240.117 - - [01/Feb/2024:08:55:08 +0800] "GET /xingrg/all/function/internal_message.html?_=1706748909012&CODE_STATE=getMsg HTTP/1.1" 200 27
116.238.97.31 - - [01/Feb/2024:08:55:08 +0800] "POST /xingrg/dwr/call/plaincall/AjaxCheckService.setItemNumber.dwr HTTP/1.1" 200 76
172.20.0.100 - - [01/Feb/2024:08:55:09 +0800] "GET /xingrg/all/function/internal_message.html?_=1706748919522&CODE_STATE=getMsg HTTP/1.1" 302 -
116.238.97.31 - - [01/Feb/2024:08:55:10 +0800] "POST /xingrg/dwr/call/plaincall/AjaxCheckService.setItemNumber.dwr HTTP/1.1" 200 76
116.238.97.31 - - [01/Feb/2024:08:55:12 +0800] "POST /xingrg/dwr/call/plaincall/AjaxCheckService.setItemNumber.dwr HTTP/1.1" 200 76
116.238.97.31 - - [01/Feb/2024:08:55:13 +0800] "POST /xingrg/dwr/call/plaincall/AjaxCheckService.setItemNumber.dwr HTTP/1.1" 200 76
116.238.97.31 - - [01/Feb/2024:08:55:15 +0800] "POST /xingrg/dwr/call/plaincall/AjaxCheckService.setItemNumber.dwr HTTP/1.1" 200 76
116.238.97.31 - - [01/Feb/2024:08:55:16 +0800] "POST /xingrg/dwr/call/plaincall/AjaxCheckService.setItemNumber.dwr HTTP/1.1" 200 76
116.238.97.31 - - [01/Feb/2024:08:55:18 +0800] "POST /xingrg/dwr/call/plaincall/AjaxCheckService.setItemNumber.dwr HTTP/1.1" 200 76
116.238.97.31 - - [01/Feb/2024:08:55:20 +0800] "POST /xingrg/dwr/call/plaincall/AjaxCheckService.setItemNumber.dwr HTTP/1.1" 200 77
124.79.240.117 - - [01/Feb/2024:08:55:21 +0800] "GET /xingrg/check_reg.html?_=1706748922206 HTTP/1.1" 200 22
116.238.97.31 - - [01/Feb/2024:08:55:21 +0800] "POST /xingrg/dwr/call/plaincall/AjaxCheckService.setItemNumber.dwr HTTP/1.1" 200 77
116.238.97.31 - - [01/Feb/2024:08:55:24 +0800] "POST /xingrg/dwr/call/plaincall/AjaxCheckService.setItemNumber.dwr HTTP/1.1" 200 77
116.238.97.31 - - [01/Feb/2024:08:55:25 +0800] "POST /xingrg/dwr/call/plaincall/AjaxCheckService.setItemNumber.dwr HTTP/1.1" 200 77
116.238.97.31 - - [01/Feb/2024:08:55:26 +0800] "POST /xingrg/dwr/call/plaincall/AjaxCheckService.setItemNumber.dwr HTTP/1.1" 200 77
116.238.97.31 - - [01/Feb/2024:08:55:28 +0800] "POST /xingrg/dwr/call/plaincall/AjaxCheckService.setItemNumber.dwr HTTP/1.1" 200 77
124.78.68.102 - - [01/Feb/2024:08:55:30 +0800] "GET /xingrg/all/function/internal_message.html?_=1706748930661&CODE_STATE=getMsg HTTP/1.1" 302 -
222.70.169.130 - - [01/Feb/2024:08:55:31 +0800] "GET /xingrg/all/function/internal_message.html?_=1706748944555&CODE_STATE=getMsg HTTP/1.1" 200 27
116.238.97.31 - - [01/Feb/2024:08:55:31 +0800] "POST /xingrg/dwr/call/plaincall/AjaxCheckService.setItemNumber.dwr HTTP/1.1" 200 77
116.238.120.94 - - [01/Feb/2024:08:55:31 +0800] "GET /xingrg/all/function/internal_message.html?_=1706748931582&CODE_STATE=getMsg HTTP/1.1" 200 27
222.70.169.130 - - [01/Feb/2024:08:55:31 +0800] "GET /xingrg/all/function/internal_message.html?_=1706748943275&CODE_STATE=getMsg HTTP/1.1" 200 27
116.238.97.31 - - [01/Feb/2024:08:55:32 +0800] "POST /xingrg/dwr/call/plaincall/AjaxCheckService.setItemNumber.dwr HTTP/1.1" 200 77
101.83.145.37 - - [01/Feb/2024:08:55:33 +0800] "GET /xingrg/all/function/internal_message.html?_=1706748698222&CODE_STATE=getMsg HTTP/1.1" 200 27
116.238.97.31 - - [01/Feb/2024:08:55:35 +0800] "POST /xingrg/dwr/call/plaincall/AjaxCheckService.setItemNumber.dwr HTTP/1.1" 200 77
116.238.97.31 - - [01/Feb/2024:08:55:37 +0800] "POST /xingrg/dwr/call/plaincall/AjaxCheckService.setItemNumber.dwr HTTP/1.1" 200 77
116.238.97.31 - - [01/Feb/2024:08:55:39 +0800] "POST /xingrg/dwr/call/plaincall/AjaxCheckService.setItemNumber.dwr HTTP/1.1" 200 77
116.238.97.31 - - [01/Feb/2024:08:55:40 +0800] "POST /xingrg/dwr/call/plaincall/AjaxCheckService.setItemNumber.dwr HTTP/1.1" 200 77
116.238.97.31 - - [01/Feb/2024:08:55:40 +0800] "POST /xingrg/dwr/call/plaincall/AjaxCheckService.setItemNumber.dwr HTTP/1.1" 200 77
116.238.97.31 - - [01/Feb/2024:08:55:41 +0800] "POST /xingrg/dwr/call/plaincall/AjaxCheckService.setItemNumber.dwr HTTP/1.1" 200 77
101.229.175.60 - - [01/Feb/2024:08:55:42 +0800] "GET /xingrg/all/function/internal_message.html?_=1706748948632&CODE_STATE=getMsg HTTP/1.1" 200 27
116.238.97.31 - - [01/Feb/2024:08:55:42 +0800] "POST /xingrg/dwr/call/plaincall/AjaxCheckService.setItemNumber.dwr HTTP/1.1" 200 77
116.238.97.31 - - [01/Feb/2024:08:55:43 +0800] "POST /xingrg/dwr/call/plaincall/AjaxCheckService.setItemNumber.dwr HTTP/1.1" 200 77
116.238.97.31 - - [01/Feb/2024:08:55:44 +0800] "POST /xingrg/dwr/call/plaincall/AjaxCheckService.setItemNumber.dwr HTTP/1.1" 200 77
116.238.97.31 - - [01/Feb/2024:08:55:44 +0800] "POST /xingrg/dwr/call/plaincall/AjaxCheckService.setItemNumber.dwr HTTP/1.1" 200 77
222.69.130.128 - - [01/Feb/2024:08:55:45 +0800] "GET /xingrg/all/function/internal_message.html?_=1706748943036&CODE_STATE=getMsg HTTP/1.1" 200 27
116.238.97.31 - - [01/Feb/2024:08:55:51 +0800] "POST /xingrg/dwr/call/plaincall/AjaxCheckService.setItemNumber.dwr HTTP/1.1" 200 77
116.238.97.31 - - [01/Feb/2024:08:55:53 +0800] "POST /xingrg/dwr/call/plaincall/AjaxCheckService.setItemNumber.dwr HTTP/1.1" 200 77
116.238.97.31 - - [01/Feb/2024:08:55:54 +0800] "POST /xingrg/dwr/call/plaincall/AjaxCheckService.setItemNumber.dwr HTTP/1.1" 200 77
116.238.97.31 - - [01/Feb/2024:08:55:54 +0800] "GET /xingrg/all/function/internal_message.html?_=1706748955576&CODE_STATE=getMsg HTTP/1.1" 200 27
116.238.97.31 - - [01/Feb/2024:08:55:54 +0800] "POST /xingrg/dwr/call/plaincall/AjaxCheckService.setItemNumber.dwr HTTP/1.1" 200 77
116.238.97.31 - - [01/Feb/2024:08:55:55 +0800] "POST /xingrg/dwr/call/plaincall/AjaxCheckService.setItemNumber.dwr HTTP/1.1" 200 77
116.238.97.31 - - [01/Feb/2024:08:55:57 +0800] "POST /xingrg/dwr/call/plaincall/AjaxCheckService.setItemNumber.dwr HTTP/1.1" 200 77
116.238.97.31 - - [01/Feb/2024:08:55:58 +0800] "POST /xingrg/dwr/call/plaincall/AjaxCheckService.setItemNumber.dwr HTTP/1.1" 200 77
116.238.97.31 - - [01/Feb/2024:08:55:58 +0800] "POST /xingrg/dwr/call/plaincall/AjaxCheckService.setItemNumber.dwr HTTP/1.1" 200 77
116.232.192.96 - - [01/Feb/2024:08:56:01 +0800] "GET /xingrg/check_reg.html?_=1706748892247 HTTP/1.1" 302 -
116.238.97.31 - - [01/Feb/2024:08:56:01 +0800] "POST /xingrg/dwr/call/plaincall/AjaxCheckService.setItemNumber.dwr HTTP/1.1" 200 77
116.238.97.31 - - [01/Feb/2024:08:56:05 +0800] "POST /xingrg/dwr/call/plaincall/AjaxCheckService.setItemNumber.dwr HTTP/1.1" 200 77
116.238.97.31 - - [01/Feb/2024:08:56:06 +0800] "POST /xingrg/dwr/call/plaincall/AjaxCheckService.setItemNumber.dwr HTTP/1.1" 200 77
124.79.240.117 - - [01/Feb/2024:08:56:08 +0800] "GET /xingrg/all/function/internal_message.html?_=1706748968992&CODE_STATE=getMsg HTTP/1.1" 200 27
116.238.97.31 - - [01/Feb/2024:08:56:09 +0800] "POST /xingrg/dwr/call/plaincall/AjaxCheckService.setItemNumber.dwr HTTP/1.1" 200 77
172.20.0.100 - - [01/Feb/2024:08:56:09 +0800] "GET /xingrg/check_reg.html?_=1706748979521 HTTP/1.1" 302 -
172.20.0.100 - - [01/Feb/2024:08:56:09 +0800] "GET /xingrg/all/function/internal_message.html?_=1706748979522&CODE_STATE=getMsg HTTP/1.1" 302 -
116.238.97.31 - - [01/Feb/2024:08:56:10 +0800] "POST /xingrg/dwr/call/plaincall/AjaxCheckService.setItemNumber.dwr HTTP/1.1" 200 77
116.238.97.31 - - [01/Feb/2024:08:56:13 +0800] "POST /xingrg/dwr/call/plaincall/AjaxCheckService.setItemNumber.dwr HTTP/1.1" 200 77
116.238.97.31 - - [01/Feb/2024:08:56:14 +0800] "POST /xingrg/dwr/call/plaincall/AjaxCheckService.setItemNumber.dwr HTTP/1.1" 200 77
116.238.97.31 - - [01/Feb/2024:08:56:15 +0800] "POST /xingrg/dwr/call/plaincall/AjaxCheckService.setItemNumber.dwr HTTP/1.1" 200 77
116.238.97.31 - - [01/Feb/2024:08:56:19 +0800] "POST /xingrg/dwr/call/plaincall/AjaxCheckService.setItemNumber.dwr HTTP/1.1" 200 77
116.238.97.31 - - [01/Feb/2024:08:56:22 +0800] "POST /xingrg/dwr/call/plaincall/AjaxCheckService.setItemNumber.dwr HTTP/1.1" 200 77
116.238.97.31 - - [01/Feb/2024:08:56:23 +0800] "POST /xingrg/dwr/call/plaincall/AjaxCheckService.setItemNumber.dwr HTTP/1.1" 200 77
116.238.97.31 - - [01/Feb/2024:08:56:25 +0800] "POST /xingrg/dwr/call/plaincall/AjaxCheckService.setItemNumber.dwr HTTP/1.1" 200 77
116.238.97.31 - - [01/Feb/2024:08:56:26 +0800] "POST /xingrg/dwr/call/plaincall/AjaxCheckService.setItemNumber.dwr HTTP/1.1" 200 77
124.78.68.102 - - [01/Feb/2024:08:56:30 +0800] "GET /xingrg/all/function/internal_message.html?_=1706748990637&CODE_STATE=getMsg HTTP/1.1" 302 -
222.70.169.130 - - [01/Feb/2024:08:56:30 +0800] "GET /xingrg/check_reg.html?_=1706749002466 HTTP/1.1" 200 22
222.70.169.130 - - [01/Feb/2024:08:56:31 +0800] "GET /xingrg/all/function/internal_message.html?_=1706749004591&CODE_STATE=getMsg HTTP/1.1" 200 27
116.238.120.94 - - [01/Feb/2024:08:56:31 +0800] "GET /xingrg/all/function/internal_message.html?_=1706748991556&CODE_STATE=getMsg HTTP/1.1" 200 27
222.70.169.130 - - [01/Feb/2024:08:56:31 +0800] "GET /xingrg/all/function/internal_message.html?_=1706749003291&CODE_STATE=getMsg HTTP/1.1" 200 27
116.238.97.31 - - [01/Feb/2024:08:56:32 +0800] "POST /xingrg/dwr/call/plaincall/AjaxCheckService.setItemNumber.dwr HTTP/1.1" 200 77
116.238.97.31 - - [01/Feb/2024:08:56:32 +0800] "POST /xingrg/dwr/call/plaincall/AjaxCheckService.setItemNumber.dwr HTTP/1.1" 200 77
101.83.145.37 - - [01/Feb/2024:08:56:33 +0800] "GET /xingrg/all/function/internal_message.html?_=1706748758224&CODE_STATE=getMsg HTTP/1.1" 200 27
116.238.97.31 - - [01/Feb/2024:08:56:33 +0800] "POST /xingrg/dwr/call/plaincall/AjaxCheckService.setItemNumber.dwr HTTP/1.1" 200 77
116.238.97.31 - - [01/Feb/2024:08:56:36 +0800] "POST /xingrg/dwr/call/plaincall/AjaxCheckService.setItemNumber.dwr HTTP/1.1" 200 77
116.238.97.31 - - [01/Feb/2024:08:56:37 +0800] "POST /xingrg/dwr/call/plaincall/AjaxCheckService.setItemNumber.dwr HTTP/1.1" 200 77
116.238.97.31 - - [01/Feb/2024:08:56:37 +0800] "POST /xingrg/dwr/call/plaincall/AjaxCheckService.setItemNumber.dwr HTTP/1.1" 200 77
116.238.97.31 - - [01/Feb/2024:08:56:39 +0800] "POST /xingrg/dwr/call/plaincall/AjaxCheckService.setItemNumber.dwr HTTP/1.1" 200 77
116.238.97.31 - - [01/Feb/2024:08:56:40 +0800] "POST /xingrg/dwr/call/plaincall/AjaxCheckService.setItemNumber.dwr HTTP/1.1" 200 77
116.238.97.31 - - [01/Feb/2024:08:56:40 +0800] "POST /xingrg/dwr/call/plaincall/AjaxCheckService.setItemNumber.dwr HTTP/1.1" 200 77
116.238.97.31 - - [01/Feb/2024:08:56:41 +0800] "POST /xingrg/dwr/call/plaincall/AjaxCheckService.setItemNumber.dwr HTTP/1.1" 200 77
101.229.175.60 - - [01/Feb/2024:08:56:42 +0800] "GET /xingrg/all/function/internal_message.html?_=1706749008619&CODE_STATE=getMsg HTTP/1.1" 200 27
116.238.97.31 - - [01/Feb/2024:08:56:44 +0800] "POST /xingrg/dwr/call/plaincall/AjaxCheckService.setItemNumber.dwr HTTP/1.1" 200 77
116.238.97.31 - - [01/Feb/2024:08:56:45 +0800] "POST /xingrg/dwr/call/plaincall/AjaxCheckService.setItemNumber.dwr HTTP/1.1" 200 77
222.69.130.128 - - [01/Feb/2024:08:56:45 +0800] "GET /xingrg/all/function/internal_message.html?_=1706749003018&CODE_STATE=getMsg HTTP/1.1" 200 27
116.238.97.31 - - [01/Feb/2024:08:56:46 +0800] "POST /xingrg/dwr/call/plaincall/AjaxCheckService.setItemNumber.dwr HTTP/1.1" 200 77
116.238.120.94 - - [01/Feb/2024:08:56:47 +0800] "GET /xingrg/all/function/internal_message.html?_=1706749006630&CODE_STATE=getMsg HTTP/1.1" 200 27
116.238.120.94 - - [01/Feb/2024:08:56:47 +0800] "GET /xingrg/check_reg.html?_=1706749006630 HTTP/1.1" 200 22
116.238.120.94 - - [01/Feb/2024:08:56:48 +0800] "POST /xingrg/kc/buy/cgsh_order_operate.html HTTP/1.1" 200 41717
116.238.97.31 - - [01/Feb/2024:08:56:48 +0800] "POST /xingrg/dwr/call/plaincall/AjaxCheckService.setItemNumber.dwr HTTP/1.1" 200 77
116.238.97.31 - - [01/Feb/2024:08:56:51 +0800] "POST /xingrg/dwr/call/plaincall/AjaxCheckService.setItemNumber.dwr HTTP/1.1" 200 77
116.238.97.31 - - [01/Feb/2024:08:56:53 +0800] "POST /xingrg/dwr/call/plaincall/AjaxCheckService.setItemNumber.dwr HTTP/1.1" 200 77
116.238.97.31 - - [01/Feb/2024:08:56:54 +0800] "POST /xingrg/dwr/call/plaincall/AjaxCheckService.setItemNumber.dwr HTTP/1.1" 200 77
116.238.97.31 - - [01/Feb/2024:08:56:54 +0800] "GET /xingrg/all/function/internal_message.html?_=1706749015572&CODE_STATE=getMsg HTTP/1.1" 200 27
116.238.97.31 - - [01/Feb/2024:08:56:54 +0800] "GET /xingrg/check_reg.html?_=1706749015575 HTTP/1.1" 200 22
116.238.97.31 - - [01/Feb/2024:08:56:54 +0800] "POST /xingrg/dwr/call/plaincall/AjaxCheckService.setItemNumber.dwr HTTP/1.1" 200 77
116.238.97.31 - - [01/Feb/2024:08:56:57 +0800] "POST /xingrg/dwr/call/plaincall/AjaxCheckService.setItemNumber.dwr HTTP/1.1" 200 77
116.238.97.31 - - [01/Feb/2024:08:56:58 +0800] "POST /xingrg/dwr/call/plaincall/AjaxCheckService.setItemNumber.dwr HTTP/1.1" 200 77
116.238.97.31 - - [01/Feb/2024:08:56:59 +0800] "POST /xingrg/dwr/call/plaincall/AjaxCheckService.setItemNumber.dwr HTTP/1.1" 200 77
116.238.97.31 - - [01/Feb/2024:08:57:02 +0800] "POST /xingrg/dwr/call/plaincall/AjaxCheckService.setItemNumber.dwr HTTP/1.1" 200 77
116.238.97.31 - - [01/Feb/2024:08:57:03 +0800] "POST /xingrg/dwr/call/plaincall/AjaxCheckService.setItemNumber.dwr HTTP/1.1" 200 77
116.238.97.31 - - [01/Feb/2024:08:57:04 +0800] "POST /xingrg/dwr/call/plaincall/AjaxCheckService.setItemNumber.dwr HTTP/1.1" 200 77
116.238.97.31 - - [01/Feb/2024:08:57:05 +0800] "POST /xingrg/dwr/call/plaincall/AjaxCheckService.setItemNumber.dwr HTTP/1.1" 200 77
116.238.97.31 - - [01/Feb/2024:08:57:06 +0800] "POST /xingrg/dwr/call/plaincall/AjaxCheckService.setItemNumber.dwr HTTP/1.1" 200 77
124.79.240.117 - - [01/Feb/2024:08:57:08 +0800] "GET /xingrg/all/function/internal_message.html?_=1706749028964&CODE_STATE=getMsg HTTP/1.1" 200 27
116.238.97.31 - - [01/Feb/2024:08:57:08 +0800] "POST /xingrg/dwr/call/plaincall/AjaxCheckService.setItemNumber.dwr HTTP/1.1" 200 77
172.20.0.100 - - [01/Feb/2024:08:57:09 +0800] "GET /xingrg/all/function/internal_message.html?_=1706749039520&CODE_STATE=getMsg HTTP/1.1" 302 -
116.238.97.31 - - [01/Feb/2024:08:57:09 +0800] "POST /xingrg/dwr/call/plaincall/AjaxCheckService.setItemNumber.dwr HTTP/1.1" 200 77
116.238.97.31 - - [01/Feb/2024:08:57:10 +0800] "POST /xingrg/dwr/call/plaincall/AjaxCheckService.setItemNumber.dwr HTTP/1.1" 200 77
116.238.97.31 - - [01/Feb/2024:08:57:12 +0800] "POST /xingrg/dwr/call/plaincall/AjaxCheckService.setItemNumber.dwr HTTP/1.1" 200 77
116.238.97.31 - - [01/Feb/2024:08:57:13 +0800] "POST /xingrg/dwr/call/plaincall/AjaxCheckService.setItemNumber.dwr HTTP/1.1" 200 77
116.238.97.31 - - [01/Feb/2024:08:57:14 +0800] "POST /xingrg/dwr/call/plaincall/AjaxCheckService.setItemNumber.dwr HTTP/1.1" 200 77
116.238.97.31 - - [01/Feb/2024:08:57:15 +0800] "POST /xingrg/dwr/call/plaincall/AjaxCheckService.setItemNumber.dwr HTTP/1.1" 200 77
116.238.97.31 - - [01/Feb/2024:08:57:16 +0800] "POST /xingrg/dwr/call/plaincall/AjaxCheckService.setItemNumber.dwr HTTP/1.1" 200 77
116.238.97.31 - - [01/Feb/2024:08:57:18 +0800] "POST /xingrg/dwr/call/plaincall/AjaxCheckService.setItemNumber.dwr HTTP/1.1" 200 77
116.238.97.31 - - [01/Feb/2024:08:57:19 +0800] "POST /xingrg/dwr/call/plaincall/AjaxCheckService.setItemNumber.dwr HTTP/1.1" 200 77
222.70.169.130 - - [01/Feb/2024:08:57:20 +0800] "GET /xingrg/check_reg.html?_=1706749054101 HTTP/1.1" 200 22
116.238.97.31 - - [01/Feb/2024:08:57:23 +0800] "POST /xingrg/dwr/call/plaincall/AjaxCheckService.setItemNumber.dwr HTTP/1.1" 200 77
124.78.68.102 - - [01/Feb/2024:08:57:30 +0800] "GET /xingrg/all/function/internal_message.html?_=1706749050611&CODE_STATE=getMsg HTTP/1.1" 302 -
222.70.169.130 - - [01/Feb/2024:08:57:31 +0800] "GET /xingrg/all/function/internal_message.html?_=1706749064598&CODE_STATE=getMsg HTTP/1.1" 200 27
116.238.120.94 - - [01/Feb/2024:08:57:31 +0800] "GET /xingrg/all/function/internal_message.html?_=1706749051533&CODE_STATE=getMsg HTTP/1.1" 200 27
222.70.169.130 - - [01/Feb/2024:08:57:31 +0800] "GET /xingrg/all/function/internal_message.html?_=1706749063301&CODE_STATE=getMsg HTTP/1.1" 200 27
101.83.145.37 - - [01/Feb/2024:08:57:33 +0800] "GET /xingrg/all/function/internal_message.html?_=1706748818225&CODE_STATE=getMsg HTTP/1.1" 200 27
101.229.175.60 - - [01/Feb/2024:08:57:42 +0800] "GET /xingrg/all/function/internal_message.html?_=1706749068589&CODE_STATE=getMsg HTTP/1.1" 200 27
222.69.130.128 - - [01/Feb/2024:08:57:45 +0800] "GET /xingrg/all/function/internal_message.html?_=1706749062989&CODE_STATE=getMsg HTTP/1.1" 200 27
116.238.120.94 - - [01/Feb/2024:08:57:47 +0800] "GET /xingrg/all/function/internal_message.html?_=1706749066602&CODE_STATE=getMsg HTTP/1.1" 200 27
116.238.97.31 - - [01/Feb/2024:08:57:54 +0800] "GET /xingrg/all/function/internal_message.html?_=1706749075572&CODE_STATE=getMsg HTTP/1.1" 200 27
116.232.192.96 - - [01/Feb/2024:08:58:00 +0800] "GET /xingrg/check_reg.html?_=1706749011596 HTTP/1.1" 302 -
124.79.240.117 - - [01/Feb/2024:08:58:08 +0800] "GET /xingrg/all/function/internal_message.html?_=1706749088936&CODE_STATE=getMsg HTTP/1.1" 200 27
172.20.0.100 - - [01/Feb/2024:08:58:09 +0800] "GET /xingrg/all/function/internal_message.html?_=1706749099519&CODE_STATE=getMsg HTTP/1.1" 302 -
124.78.68.102 - - [01/Feb/2024:08:58:30 +0800] "GET /xingrg/all/function/internal_message.html?_=1706749110598&CODE_STATE=getMsg HTTP/1.1" 302 -
222.70.169.130 - - [01/Feb/2024:08:58:31 +0800] "GET /xingrg/all/function/internal_message.html?_=1706749124613&CODE_STATE=getMsg HTTP/1.1" 200 27
116.238.120.94 - - [01/Feb/2024:08:58:31 +0800] "GET /xingrg/all/function/internal_message.html?_=1706749111522&CODE_STATE=getMsg HTTP/1.1" 200 27
222.70.169.130 - - [01/Feb/2024:08:58:31 +0800] "GET /xingrg/all/function/internal_message.html?_=1706749123314&CODE_STATE=getMsg HTTP/1.1" 200 27
101.83.145.37 - - [01/Feb/2024:08:58:33 +0800] "GET /xingrg/check_reg.html?_=1706748878211 HTTP/1.1" 200 22
101.83.145.37 - - [01/Feb/2024:08:58:33 +0800] "GET /xingrg/all/function/internal_message.html?_=1706748878214&CODE_STATE=getMsg HTTP/1.1" 200 27
222.69.130.128 - - [01/Feb/2024:08:58:35 +0800] "GET /xingrg/check_reg.html?_=1706749112697 HTTP/1.1" 200 22
124.78.68.102 - - [01/Feb/2024:08:58:41 +0800] "GET /xingrg/check_reg.html?_=1706749121276 HTTP/1.1" 302 -
101.229.175.60 - - [01/Feb/2024:08:58:43 +0800] "GET /xingrg/all/function/internal_message.html?_=1706749128575&CODE_STATE=getMsg HTTP/1.1" 200 27
116.238.120.94 - - [01/Feb/2024:08:58:44 +0800] "GET /xingrg/check_reg.html?_=1706749124012 HTTP/1.1" 200 22
222.69.130.128 - - [01/Feb/2024:08:58:45 +0800] "GET /xingrg/all/function/internal_message.html?_=1706749122965&CODE_STATE=getMsg HTTP/1.1" 200 27
116.238.120.94 - - [01/Feb/2024:08:58:47 +0800] "GET /xingrg/all/function/internal_message.html?_=1706749126589&CODE_STATE=getMsg HTTP/1.1" 200 27
116.238.97.31 - - [01/Feb/2024:08:58:54 +0800] "GET /xingrg/all/function/internal_message.html?_=1706749135588&CODE_STATE=getMsg HTTP/1.1" 200 27
124.79.240.117 - - [01/Feb/2024:08:59:08 +0800] "GET /xingrg/all/function/internal_message.html?_=1706749148904&CODE_STATE=getMsg HTTP/1.1" 200 27
172.20.0.100 - - [01/Feb/2024:08:59:09 +0800] "GET /xingrg/all/function/internal_message.html?_=1706749159517&CODE_STATE=getMsg HTTP/1.1" 302 -
124.78.68.102 - - [01/Feb/2024:08:59:30 +0800] "GET /xingrg/all/function/internal_message.html?_=1706749170581&CODE_STATE=getMsg HTTP/1.1" 302 -
222.70.169.130 - - [01/Feb/2024:08:59:31 +0800] "GET /xingrg/all/function/internal_message.html?_=1706749184648&CODE_STATE=getMsg HTTP/1.1" 200 27
116.238.120.94 - - [01/Feb/2024:08:59:31 +0800] "GET /xingrg/all/function/internal_message.html?_=1706749171500&CODE_STATE=getMsg HTTP/1.1" 200 27
222.70.169.130 - - [01/Feb/2024:08:59:31 +0800] "GET /xingrg/all/function/internal_message.html?_=1706749183330&CODE_STATE=getMsg HTTP/1.1" 200 27
101.83.145.37 - - [01/Feb/2024:08:59:33 +0800] "GET /xingrg/all/function/internal_message.html?_=1706748938214&CODE_STATE=getMsg HTTP/1.1" 200 27
101.229.175.60 - - [01/Feb/2024:08:59:42 +0800] "GET /xingrg/all/function/internal_message.html?_=1706749188547&CODE_STATE=getMsg HTTP/1.1" 200 27
222.69.130.128 - - [01/Feb/2024:08:59:45 +0800] "GET /xingrg/all/function/internal_message.html?_=1706749182952&CODE_STATE=getMsg HTTP/1.1" 200 27
116.238.120.94 - - [01/Feb/2024:08:59:47 +0800] "GET /xingrg/all/function/internal_message.html?_=1706749186562&CODE_STATE=getMsg HTTP/1.1" 200 27
116.238.97.31 - - [01/Feb/2024:08:59:54 +0800] "GET /xingrg/all/function/internal_message.html?_=1706749195586&CODE_STATE=getMsg HTTP/1.1" 200 27
101.229.175.60 - - [01/Feb/2024:08:59:56 +0800] "GET /xingrg/check_reg.html?_=1706749202778 HTTP/1.1" 200 22
222.69.130.128 - - [01/Feb/2024:09:00:07 +0800] "POST /xingrg/services/DataTransmitService HTTP/1.1" 200 524
124.79.240.117 - - [01/Feb/2024:09:00:08 +0800] "GET /xingrg/all/function/internal_message.html?_=1706749208874&CODE_STATE=getMsg HTTP/1.1" 200 27
172.20.0.100 - - [01/Feb/2024:09:00:09 +0800] "GET /xingrg/all/function/internal_message.html?_=1706749219515&CODE_STATE=getMsg HTTP/1.1" 302 -
124.79.240.117 - - [01/Feb/2024:09:00:21 +0800] "GET /xingrg/check_reg.html?_=1706749222180 HTTP/1.1" 200 22
124.78.68.102 - - [01/Feb/2024:09:00:30 +0800] "GET /xingrg/all/function/internal_message.html?_=1706749230561&CODE_STATE=getMsg HTTP/1.1" 302 -
222.70.169.130 - - [01/Feb/2024:09:00:31 +0800] "GET /xingrg/all/function/internal_message.html?_=1706749244655&CODE_STATE=getMsg HTTP/1.1" 200 27
116.238.120.94 - - [01/Feb/2024:09:00:31 +0800] "GET /xingrg/all/function/internal_message.html?_=1706749231485&CODE_STATE=getMsg HTTP/1.1" 200 27
222.70.169.130 - - [01/Feb/2024:09:00:31 +0800] "GET /xingrg/all/function/internal_message.html?_=1706749243343&CODE_STATE=getMsg HTTP/1.1" 200 27
101.83.145.37 - - [01/Feb/2024:09:00:33 +0800] "GET /xingrg/all/function/internal_message.html?_=1706748998215&CODE_STATE=getMsg HTTP/1.1" 200 27
101.229.175.60 - - [01/Feb/2024:09:00:42 +0800] "GET /xingrg/all/function/internal_message.html?_=1706749248520&CODE_STATE=getMsg HTTP/1.1" 200 27
222.69.130.128 - - [01/Feb/2024:09:00:45 +0800] "GET /xingrg/all/function/internal_message.html?_=1706749242931&CODE_STATE=getMsg HTTP/1.1" 200 27
116.232.192.96 - - [01/Feb/2024:09:00:47 +0800] "POST /xingrg/services/DataTransmitService HTTP/1.1" 200 524
116.238.120.94 - - [01/Feb/2024:09:00:47 +0800] "GET /xingrg/all/function/internal_message.html?_=1706749246534&CODE_STATE=getMsg HTTP/1.1" 200 27
116.238.97.31 - - [01/Feb/2024:09:00:54 +0800] "GET /xingrg/all/function/internal_message.html?_=1706749255573&CODE_STATE=getMsg HTTP/1.1" 200 27
116.232.192.96 - - [01/Feb/2024:09:00:55 +0800] "POST /xingrg/services/DataTransmitService HTTP/1.1" 200 501
116.232.192.96 - - [01/Feb/2024:09:00:57 +0800] "POST /xingrg/services/DataTransmitService HTTP/1.1" 200 501
116.232.192.96 - - [01/Feb/2024:09:01:01 +0800] "GET /xingrg/check_reg.html?_=1706749192238 HTTP/1.1" 302 -
124.79.240.117 - - [01/Feb/2024:09:01:08 +0800] "GET /xingrg/all/function/internal_message.html?_=1706749268856&CODE_STATE=getMsg HTTP/1.1" 200 27
172.20.0.100 - - [01/Feb/2024:09:01:09 +0800] "GET /xingrg/all/function/internal_message.html?_=1706749279514&CODE_STATE=getMsg HTTP/1.1" 302 -
172.20.0.100 - - [01/Feb/2024:09:01:09 +0800] "GET /xingrg/check_reg.html?_=1706749279515 HTTP/1.1" 302 -
116.238.120.94 - - [01/Feb/2024:09:01:11 +0800] "POST /xingrg/kc/buy/cgsh_order_operate.html HTTP/1.1" 200 37
116.238.120.94 - - [01/Feb/2024:09:01:28 +0800] "POST /xingrg/kc/buy/cgsh_order_operate.html HTTP/1.1" 200 12
222.70.169.130 - - [01/Feb/2024:09:01:28 +0800] "POST /xingrg/services/DataTransmitService HTTP/1.1" 200 524
124.78.154.219 - - [01/Feb/2024:09:01:28 +0800] "POST /xingrg/services/DataTransmitService HTTP/1.1" 200 524
116.232.192.96 - - [01/Feb/2024:09:01:28 +0800] "POST /xingrg/services/DataTransmitService HTTP/1.1" 200 501
124.78.68.102 - - [01/Feb/2024:09:01:30 +0800] "GET /xingrg/all/function/internal_message.html?_=1706749290542&CODE_STATE=getMsg HTTP/1.1" 302 -
222.70.169.130 - - [01/Feb/2024:09:01:30 +0800] "GET /xingrg/check_reg.html?_=1706749302475 HTTP/1.1" 200 22
116.238.120.94 - - [01/Feb/2024:09:01:30 +0800] "GET /xingrg/kc/buy/cgsh_order_info.html?code=212024020100005 HTTP/1.1" 200 68436
222.70.169.130 - - [01/Feb/2024:09:01:31 +0800] "GET /xingrg/all/function/internal_message.html?_=1706749304688&CODE_STATE=getMsg HTTP/1.1" 200 27
116.238.120.94 - - [01/Feb/2024:09:01:31 +0800] "GET /xingrg/all/function/internal_message.html?_=1706749291468&CODE_STATE=getMsg HTTP/1.1" 200 27
116.238.120.94 - - [01/Feb/2024:09:01:31 +0800] "GET /xingrg/javascript/easyui/themes/default/validatebox.css HTTP/1.1" 404 1104
222.70.169.130 - - [01/Feb/2024:09:01:31 +0800] "GET /xingrg/all/function/internal_message.html?_=1706749303356&CODE_STATE=getMsg HTTP/1.1" 200 27
116.232.192.96 - - [01/Feb/2024:09:01:31 +0800] "POST /xingrg/services/DataTransmitService HTTP/1.1" 500 1621
116.238.120.94 - - [01/Feb/2024:09:01:32 +0800] "POST /xingrg/kc/buy/cgsh_order_operate.html HTTP/1.1" 200 39655
101.83.145.37 - - [01/Feb/2024:09:01:33 +0800] "GET /xingrg/all/function/internal_message.html?_=1706749058215&CODE_STATE=getMsg HTTP/1.1" 200 27
116.238.120.94 - - [01/Feb/2024:09:01:34 +0800] "GET /xingrg/kc/print/load_config.html?kc_code=cgsh HTTP/1.1" 200 1927
116.238.120.94 - - [01/Feb/2024:09:01:35 +0800] "GET /xingrg/kc/print/load_data.html?order_code=212024020100005&kc_code=cgsh&condition= HTTP/1.1" 200 15507
101.229.175.60 - - [01/Feb/2024:09:01:42 +0800] "GET /xingrg/all/function/internal_message.html?_=1706749308489&CODE_STATE=getMsg HTTP/1.1" 200 27
222.69.130.128 - - [01/Feb/2024:09:01:45 +0800] "GET /xingrg/all/function/internal_message.html?_=1706749302918&CODE_STATE=getMsg HTTP/1.1" 200 27
116.238.120.94 - - [01/Feb/2024:09:01:47 +0800] "GET /xingrg/all/function/internal_message.html?_=1706749306526&CODE_STATE=getMsg HTTP/1.1" 200 27
116.238.120.94 - - [01/Feb/2024:09:01:47 +0800] "GET /xingrg/check_reg.html?_=1706749306619 HTTP/1.1" 200 22
116.238.97.31 - - [01/Feb/2024:09:01:54 +0800] "GET /xingrg/all/function/internal_message.html?_=1706749315575&CODE_STATE=getMsg HTTP/1.1" 200 27
116.238.97.31 - - [01/Feb/2024:09:01:54 +0800] "GET /xingrg/check_reg.html?_=1706749315578 HTTP/1.1" 200 22
116.238.120.94 - - [01/Feb/2024:09:01:55 +0800] "GET /xingrg/kc/buy/cgsh_order_add.html HTTP/1.1" 200 73523
116.238.120.94 - - [01/Feb/2024:09:01:55 +0800] "POST /xingrg/kc/buy/cgsh_order_operate.html HTTP/1.1" 200 8245
116.238.120.94 - - [01/Feb/2024:09:01:55 +0800] "GET /xingrg/javascript/easyui/themes/default/validatebox.css HTTP/1.1" 404 1104
222.70.169.130 - - [01/Feb/2024:09:02:01 +0800] "GET /xingrg/kc/buy/cgsh_order_list.html HTTP/1.1" 200 57698
222.70.169.130 - - [01/Feb/2024:09:02:01 +0800] "GET /xingrg/css/base.css HTTP/1.1" 304 -
222.70.169.130 - - [01/Feb/2024:09:02:01 +0800] "GET /xingrg/css/site.css HTTP/1.1" 304 -
222.70.169.130 - - [01/Feb/2024:09:02:01 +0800] "GET /xingrg/javascript/jquery_tools/datebox.css HTTP/1.1" 304 -
222.70.169.130 - - [01/Feb/2024:09:02:01 +0800] "GET /xingrg/javascript/easyui/themes/default/easyui.css HTTP/1.1" 304 -
222.70.169.130 - - [01/Feb/2024:09:02:01 +0800] "GET /xingrg/javascript/easyui/themes/icon.css HTTP/1.1" 304 -
222.70.169.130 - - [01/Feb/2024:09:02:01 +0800] "GET /xingrg/javascript/jquery_tools/table.css HTTP/1.1" 304 -
222.70.169.130 - - [01/Feb/2024:09:02:01 +0800] "GET /xingrg/javascript/jquery_tools/fix.css HTTP/1.1" 304 -
222.70.169.130 - - [01/Feb/2024:09:02:01 +0800] "GET /xingrg/javascript/auto/jquery.autocomplete.css HTTP/1.1" 304 -
222.70.169.130 - - [01/Feb/2024:09:02:01 +0800] "GET /xingrg/javascript/jquery_tools/jquery.tools.table.js HTTP/1.1" 304 -
222.70.169.130 - - [01/Feb/2024:09:02:01 +0800] "GET /xingrg/javascript/jquery_tools/jquery.tools.min.js HTTP/1.1" 304 -
222.70.169.130 - - [01/Feb/2024:09:02:01 +0800] "GET /xingrg/javascript/jquery_tools/list_manager.js HTTP/1.1" 304 -
222.70.169.130 - - [01/Feb/2024:09:02:01 +0800] "GET /xingrg/javascript/jquery_tools/jquery.tools.hotkey.js HTTP/1.1" 304 -
222.70.169.130 - - [01/Feb/2024:09:02:01 +0800] "GET /xingrg/javascript/jquery.utils.js HTTP/1.1" 304 -
222.70.169.130 - - [01/Feb/2024:09:02:01 +0800] "GET /xingrg/javascript/jquery_tools/jquery.tools.extend.js HTTP/1.1" 304 -
222.70.169.130 - - [01/Feb/2024:09:02:01 +0800] "GET /xingrg/javascript/auto/jquery.autocomplete.js HTTP/1.1" 304 -
222.70.169.130 - - [01/Feb/2024:09:02:01 +0800] "GET /xingrg/javascript/print/LodopFuncs.js HTTP/1.1" 304 -
222.70.169.130 - - [01/Feb/2024:09:02:01 +0800] "GET /xingrg/javascript/easyui/easyloader.js HTTP/1.1" 304 -
222.70.169.130 - - [01/Feb/2024:09:02:01 +0800] "GET /xingrg/javascript/jquery.cookie.js HTTP/1.1" 304 -
222.70.169.130 - - [01/Feb/2024:09:02:02 +0800] "GET /xingrg/javascript/easyui/plugins/jquery.parser.js HTTP/1.1" 304 -
222.70.169.130 - - [01/Feb/2024:09:02:04 +0800] "POST /xingrg/kc/buy/cgsh_list_operate.html HTTP/1.1" 200 986
116.238.120.94 - - [01/Feb/2024:09:02:06 +0800] "GET /xingrg/kc/buy/cgsh_order_operate.html?command=get_materiel&rest_code=00150&code=00101016071&supplier_code=00100096&order_time=2024-02-01 HTTP/1.1" 200 416
124.79.240.117 - - [01/Feb/2024:09:02:08 +0800] "GET /xingrg/all/function/internal_message.html?_=1706749328833&CODE_STATE=getMsg HTTP/1.1" 200 27
172.20.0.100 - - [01/Feb/2024:09:02:09 +0800] "GET /xingrg/all/function/internal_message.html?_=1706749339513&CODE_STATE=getMsg HTTP/1.1" 302 -
116.238.120.94 - - [01/Feb/2024:09:02:17 +0800] "GET /xingrg/kc/buy/cgsh_order_operate.html?command=get_materiel&rest_code=00150&code=00101012025&supplier_code=00100096&order_time=2024-02-01 HTTP/1.1" 200 412
222.70.169.130 - - [01/Feb/2024:09:02:17 +0800] "GET /xingrg/kc/buy/cgsh_order_add.html HTTP/1.1" 200 73467
222.70.169.130 - - [01/Feb/2024:09:02:17 +0800] "GET /xingrg/javascript/pic_change.js HTTP/1.1" 304 -
222.70.169.130 - - [01/Feb/2024:09:02:17 +0800] "GET /xingrg/javascript/jquery_tools/order_manager.js HTTP/1.1" 304 -
222.70.169.130 - - [01/Feb/2024:09:02:17 +0800] "GET /xingrg/javascript/convert.js HTTP/1.1" 304 -
222.70.169.130 - - [01/Feb/2024:09:02:17 +0800] "GET /xingrg/javascript/json2.js HTTP/1.1" 304 -
222.70.169.130 - - [01/Feb/2024:09:02:17 +0800] "GET /xingrg/javascript/print/kc_print.js HTTP/1.1" 304 -
222.70.169.130 - - [01/Feb/2024:09:02:17 +0800] "GET /xingrg/words/20240131100609_words.js HTTP/1.1" 304 -
222.70.169.130 - - [01/Feb/2024:09:02:17 +0800] "POST /xingrg/kc/buy/cgsh_order_operate.html HTTP/1.1" 200 8245
222.70.169.130 - - [01/Feb/2024:09:02:18 +0800] "GET /xingrg/javascript/easyui/themes/default/validatebox.css HTTP/1.1" 404 1104
222.70.169.130 - - [01/Feb/2024:09:02:18 +0800] "GET /xingrg/javascript/easyui/plugins/jquery.validatebox.js HTTP/1.1" 304 -
222.70.169.130 - - [01/Feb/2024:09:02:18 +0800] "GET /xingrg/javascript/easyui/plugins/jquery.numberbox.js HTTP/1.1" 304 -
222.70.169.130 - - [01/Feb/2024:09:02:18 +0800] "GET /xingrg/all/common/auto_word.html?type=employee&rest_code=00146 HTTP/1.1" 200 101
222.70.169.130 - - [01/Feb/2024:09:02:18 +0800] "GET /xingrg/all/common/auto_word.html?type=employee&rest_code=00146 HTTP/1.1" 200 101
222.70.169.130 - - [01/Feb/2024:09:02:20 +0800] "GET /xingrg/check_reg.html?_=1706749354105 HTTP/1.1" 200 22
124.78.68.102 - - [01/Feb/2024:09:02:30 +0800] "GET /xingrg/all/function/internal_message.html?_=1706749350516&CODE_STATE=getMsg HTTP/1.1" 302 -
222.70.169.130 - - [01/Feb/2024:09:02:31 +0800] "GET /xingrg/all/function/internal_message.html?_=1706749364698&CODE_STATE=getMsg HTTP/1.1" 200 27
116.238.120.94 - - [01/Feb/2024:09:02:31 +0800] "GET /xingrg/all/function/internal_message.html?_=1706749351447&CODE_STATE=getMsg HTTP/1.1" 200 27
222.70.169.130 - - [01/Feb/2024:09:02:31 +0800] "GET /xingrg/all/function/internal_message.html?_=1706749363373&CODE_STATE=getMsg HTTP/1.1" 200 27
222.70.169.130 - - [01/Feb/2024:09:02:31 +0800] "GET /xingrg/kc/buy/cgsh_order_operate.html?command=get_materiel&rest_code=00146&code=00101020133&supplier_code=&order_time=2024-02-01 HTTP/1.1" 200 417
101.83.145.37 - - [01/Feb/2024:09:02:33 +0800] "GET /xingrg/all/function/internal_message.html?_=1706749118215&CODE_STATE=getMsg HTTP/1.1" 200 27
101.229.175.60 - - [01/Feb/2024:09:02:42 +0800] "GET /xingrg/all/function/internal_message.html?_=1706749368462&CODE_STATE=getMsg HTTP/1.1" 200 27
222.69.130.128 - - [01/Feb/2024:09:02:45 +0800] "GET /xingrg/all/function/internal_message.html?_=1706749362888&CODE_STATE=getMsg HTTP/1.1" 200 27
116.238.120.94 - - [01/Feb/2024:09:02:47 +0800] "GET /xingrg/all/function/internal_message.html?_=1706749366503&CODE_STATE=getMsg HTTP/1.1" 200 27
116.238.97.31 - - [01/Feb/2024:09:02:54 +0800] "GET /xingrg/all/function/internal_message.html?_=1706749375582&CODE_STATE=getMsg HTTP/1.1" 200 27
116.232.192.96 - - [01/Feb/2024:09:03:00 +0800] "GET /xingrg/check_reg.html?_=1706749311598 HTTP/1.1" 302 -
116.238.120.94 - - [01/Feb/2024:09:03:03 +0800] "GET /xingrg/kc/buy/cgsh_order_operate.html?command=get_materiel&rest_code=00150&code=00101006240&supplier_code=00100096&order_time=2024-02-01 HTTP/1.1" 200 422
124.79.240.117 - - [01/Feb/2024:09:03:08 +0800] "GET /xingrg/all/function/internal_message.html?_=1706749388802&CODE_STATE=getMsg HTTP/1.1" 200 27
172.20.0.100 - - [01/Feb/2024:09:03:09 +0800] "GET /xingrg/all/function/internal_message.html?_=1706749399512&CODE_STATE=getMsg HTTP/1.1" 302 -
222.70.169.130 - - [01/Feb/2024:09:03:11 +0800] "GET /xingrg/kc/buy/cgsh_order_operate.html?command=get_materiel&rest_code=00146&code=00101013119&supplier_code=&order_time=2024-02-01 HTTP/1.1" 200 440
116.238.120.94 - - [01/Feb/2024:09:03:20 +0800] "GET /xingrg/kc/buy/cgsh_order_operate.html?command=get_materiel&rest_code=00150&code=00101006130&supplier_code=00100096&order_time=2024-02-01 HTTP/1.1" 200 437
124.78.68.102 - - [01/Feb/2024:09:03:30 +0800] "GET /xingrg/all/function/internal_message.html?_=1706749410491&CODE_STATE=getMsg HTTP/1.1" 302 -
222.70.169.130 - - [01/Feb/2024:09:03:31 +0800] "GET /xingrg/all/function/internal_message.html?_=1706749424711&CODE_STATE=getMsg HTTP/1.1" 200 27
116.238.120.94 - - [01/Feb/2024:09:03:31 +0800] "GET /xingrg/all/function/internal_message.html?_=1706749411424&CODE_STATE=getMsg HTTP/1.1" 200 27
222.70.169.130 - - [01/Feb/2024:09:03:31 +0800] "GET /xingrg/all/function/internal_message.html?_=1706749423382&CODE_STATE=getMsg HTTP/1.1" 200 27
116.238.120.94 - - [01/Feb/2024:09:03:31 +0800] "GET /xingrg/kc/buy/cgsh_order_operate.html?command=get_materiel&rest_code=00150&code=00101006019&supplier_code=00100096&order_time=2024-02-01 HTTP/1.1" 200 419
101.83.145.37 - - [01/Feb/2024:09:03:33 +0800] "GET /xingrg/check_reg.html?_=1706749178216 HTTP/1.1" 200 22
101.83.145.37 - - [01/Feb/2024:09:03:33 +0800] "GET /xingrg/all/function/internal_message.html?_=1706749178219&CODE_STATE=getMsg HTTP/1.1" 200 27
222.69.130.128 - - [01/Feb/2024:09:03:35 +0800] "GET /xingrg/check_reg.html?_=1706749412705 HTTP/1.1" 200 22
124.78.68.102 - - [01/Feb/2024:09:03:41 +0800] "GET /xingrg/check_reg.html?_=1706749421261 HTTP/1.1" 302 -
101.229.175.60 - - [01/Feb/2024:09:03:42 +0800] "GET /xingrg/all/function/internal_message.html?_=1706749428432&CODE_STATE=getMsg HTTP/1.1" 200 27
116.238.120.94 - - [01/Feb/2024:09:03:44 +0800] "GET /xingrg/check_reg.html?_=1706749424007 HTTP/1.1" 200 22
116.238.120.94 - - [01/Feb/2024:09:03:45 +0800] "GET /xingrg/kc/buy/cgsh_order_operate.html?command=get_materiel&rest_code=00150&code=00101006055&supplier_code=00100096&order_time=2024-02-01 HTTP/1.1" 200 409
222.69.130.128 - - [01/Feb/2024:09:03:45 +0800] "GET /xingrg/all/function/internal_message.html?_=1706749422860&CODE_STATE=getMsg HTTP/1.1" 200 27
116.238.120.94 - - [01/Feb/2024:09:03:47 +0800] "GET /xingrg/all/function/internal_message.html?_=1706749426497&CODE_STATE=getMsg HTTP/1.1" 200 27
116.238.97.31 - - [01/Feb/2024:09:03:54 +0800] "GET /xingrg/all/function/internal_message.html?_=1706749435572&CODE_STATE=getMsg HTTP/1.1" 200 27
116.238.120.94 - - [01/Feb/2024:09:04:06 +0800] "GET /xingrg/kc/buy/cgsh_order_operate.html?command=get_materiel&rest_code=00150&code=00101006111&supplier_code=00100096&order_time=2024-02-01 HTTP/1.1" 200 409
124.79.240.117 - - [01/Feb/2024:09:04:07 +0800] "GET /xingrg/all/function/internal_message.html?_=1706749448775&CODE_STATE=getMsg HTTP/1.1" 200 27
172.20.0.100 - - [01/Feb/2024:09:04:09 +0800] "GET /xingrg/all/function/internal_message.html?_=1706749459510&CODE_STATE=getMsg HTTP/1.1" 302 -
116.238.120.94 - - [01/Feb/2024:09:04:19 +0800] "GET /xingrg/kc/buy/cgsh_order_operate.html?command=get_materiel&rest_code=00150&code=00101010711&supplier_code=00100096&order_time=2024-02-01 HTTP/1.1" 200 406
124.78.68.102 - - [01/Feb/2024:09:04:30 +0800] "GET /xingrg/all/function/internal_message.html?_=1706749470481&CODE_STATE=getMsg HTTP/1.1" 302 -
222.70.169.130 - - [01/Feb/2024:09:04:31 +0800] "GET /xingrg/all/function/internal_message.html?_=1706749484724&CODE_STATE=getMsg HTTP/1.1" 200 27
116.238.120.94 - - [01/Feb/2024:09:04:31 +0800] "GET /xingrg/all/function/internal_message.html?_=1706749471405&CODE_STATE=getMsg HTTP/1.1" 200 27
222.70.169.130 - - [01/Feb/2024:09:04:31 +0800] "GET /xingrg/all/function/internal_message.html?_=1706749483400&CODE_STATE=getMsg HTTP/1.1" 200 27
101.83.145.37 - - [01/Feb/2024:09:04:33 +0800] "GET /xingrg/all/function/internal_message.html?_=1706749238218&CODE_STATE=getMsg HTTP/1.1" 200 27
116.238.120.94 - - [01/Feb/2024:09:04:38 +0800] "GET /xingrg/kc/buy/cgsh_order_operate.html?command=get_materiel&rest_code=00150&code=00101006065&supplier_code=00100096&order_time=2024-02-01 HTTP/1.1" 200 411
101.229.175.60 - - [01/Feb/2024:09:04:42 +0800] "GET /xingrg/all/function/internal_message.html?_=1706749488402&CODE_STATE=getMsg HTTP/1.1" 200 27
222.69.130.128 - - [01/Feb/2024:09:04:45 +0800] "GET /xingrg/all/function/internal_message.html?_=1706749482845&CODE_STATE=getMsg HTTP/1.1" 200 27
116.238.120.94 - - [01/Feb/2024:09:04:47 +0800] "GET /xingrg/all/function/internal_message.html?_=1706749486473&CODE_STATE=getMsg HTTP/1.1" 200 27
116.238.120.94 - - [01/Feb/2024:09:04:53 +0800] "GET /xingrg/kc/buy/cgsh_order_operate.html?command=get_materiel&rest_code=00150&code=00101006177&supplier_code=00100096&order_time=2024-02-01 HTTP/1.1" 200 408
116.238.97.31 - - [01/Feb/2024:09:04:54 +0800] "GET /xingrg/all/function/internal_message.html?_=1706749495576&CODE_STATE=getMsg HTTP/1.1" 200 27
101.229.175.60 - - [01/Feb/2024:09:04:56 +0800] "GET /xingrg/check_reg.html?_=1706749502760 HTTP/1.1" 200 22
116.238.120.94 - - [01/Feb/2024:09:05:04 +0800] "GET /xingrg/kc/buy/cgsh_order_operate.html?command=get_materiel&rest_code=00150&code=00101016104&supplier_code=00100096&order_time=2024-02-01 HTTP/1.1" 200 409
124.79.240.117 - - [01/Feb/2024:09:05:07 +0800] "GET /xingrg/all/function/internal_message.html?_=1706749508745&CODE_STATE=getMsg HTTP/1.1" 200 27
172.20.0.100 - - [01/Feb/2024:09:05:09 +0800] "GET /xingrg/all/function/internal_message.html?_=1706749519509&CODE_STATE=getMsg HTTP/1.1" 302 -
124.79.240.117 - - [01/Feb/2024:09:05:21 +0800] "GET /xingrg/check_reg.html?_=1706749522161 HTTP/1.1" 200 22
116.238.120.94 - - [01/Feb/2024:09:05:25 +0800] "GET /xingrg/kc/buy/cgsh_order_operate.html?command=get_materiel&rest_code=00150&code=00101007061&supplier_code=00100096&order_time=2024-02-01 HTTP/1.1" 200 411
124.78.68.102 - - [01/Feb/2024:09:05:30 +0800] "GET /xingrg/all/function/internal_message.html?_=1706749530462&CODE_STATE=getMsg HTTP/1.1" 302 -
222.70.169.130 - - [01/Feb/2024:09:05:31 +0800] "GET /xingrg/all/function/internal_message.html?_=1706749544777&CODE_STATE=getMsg HTTP/1.1" 200 27
116.238.120.94 - - [01/Feb/2024:09:05:31 +0800] "GET /xingrg/all/function/internal_message.html?_=1706749531377&CODE_STATE=getMsg HTTP/1.1" 200 27
222.70.169.130 - - [01/Feb/2024:09:05:31 +0800] "GET /xingrg/all/function/internal_message.html?_=1706749543416&CODE_STATE=getMsg HTTP/1.1" 200 27
101.83.145.37 - - [01/Feb/2024:09:05:33 +0800] "GET /xingrg/all/function/internal_message.html?_=1706749298219&CODE_STATE=getMsg HTTP/1.1" 200 27
116.238.120.94 - - [01/Feb/2024:09:05:38 +0800] "GET /xingrg/kc/buy/cgsh_order_operate.html?command=get_materiel&rest_code=00150&code=00101007049&supplier_code=00100096&order_time=2024-02-01 HTTP/1.1" 200 411
101.229.175.60 - - [01/Feb/2024:09:05:42 +0800] "GET /xingrg/all/function/internal_message.html?_=1706749548377&CODE_STATE=getMsg HTTP/1.1" 200 27
222.69.130.128 - - [01/Feb/2024:09:05:45 +0800] "GET /xingrg/all/function/internal_message.html?_=1706749542829&CODE_STATE=getMsg HTTP/1.1" 200 27
116.238.120.94 - - [01/Feb/2024:09:05:47 +0800] "GET /xingrg/all/function/internal_message.html?_=1706749546469&CODE_STATE=getMsg HTTP/1.1" 200 27
116.238.97.31 - - [01/Feb/2024:09:05:54 +0800] "GET /xingrg/all/function/internal_message.html?_=1706749555587&CODE_STATE=getMsg HTTP/1.1" 200 27
116.232.192.96 - - [01/Feb/2024:09:06:01 +0800] "GET /xingrg/check_reg.html?_=1706749492231 HTTP/1.1" 302 -
124.79.240.117 - - [01/Feb/2024:09:06:07 +0800] "GET /xingrg/all/function/internal_message.html?_=1706749568718&CODE_STATE=getMsg HTTP/1.1" 200 27
116.238.120.94 - - [01/Feb/2024:09:06:08 +0800] "POST /xingrg/kc/buy/cgsh_order_operate.html HTTP/1.1" 200 37
172.20.0.100 - - [01/Feb/2024:09:06:09 +0800] "GET /xingrg/all/function/internal_message.html?_=1706749579523&CODE_STATE=getMsg HTTP/1.1" 302 -
172.20.0.100 - - [01/Feb/2024:09:06:09 +0800] "GET /xingrg/check_reg.html?_=1706749579524 HTTP/1.1" 302 -
116.238.120.94 - - [01/Feb/2024:09:06:16 +0800] "POST /xingrg/kc/buy/cgsh_order_operate.html HTTP/1.1" 200 12
116.238.120.94 - - [01/Feb/2024:09:06:19 +0800] "GET /xingrg/kc/buy/cgsh_order_info.html?code=212024020100006 HTTP/1.1" 200 68426
116.238.120.94 - - [01/Feb/2024:09:06:20 +0800] "GET /xingrg/javascript/easyui/themes/default/validatebox.css HTTP/1.1" 404 1104
116.238.120.94 - - [01/Feb/2024:09:06:20 +0800] "POST /xingrg/kc/buy/cgsh_order_operate.html HTTP/1.1" 200 7731
116.238.120.94 - - [01/Feb/2024:09:06:23 +0800] "GET /xingrg/kc/print/load_data.html?order_code=212024020100006&kc_code=cgsh&condition= HTTP/1.1" 200 3429
116.238.120.94 - - [01/Feb/2024:09:06:28 +0800] "GET /xingrg/kc/mdqp/pssh_order_list.html HTTP/1.1" 200 17849
116.238.120.94 - - [01/Feb/2024:09:06:29 +0800] "POST /xingrg/kc/mdqp/pssh_list_operate.html HTTP/1.1" 200 5114
124.78.68.102 - - [01/Feb/2024:09:06:30 +0800] "GET /xingrg/all/function/internal_message.html?_=1706749590448&CODE_STATE=getMsg HTTP/1.1" 302 -
222.70.169.130 - - [01/Feb/2024:09:06:30 +0800] "GET /xingrg/check_reg.html?_=1706749602478 HTTP/1.1" 200 22
222.70.169.130 - - [01/Feb/2024:09:06:31 +0800] "GET /xingrg/all/function/internal_message.html?_=1706749604783&CODE_STATE=getMsg HTTP/1.1" 200 27
116.238.120.94 - - [01/Feb/2024:09:06:31 +0800] "GET /xingrg/all/function/internal_message.html?_=1706749591356&CODE_STATE=getMsg HTTP/1.1" 200 27
222.70.169.130 - - [01/Feb/2024:09:06:31 +0800] "GET /xingrg/all/function/internal_message.html?_=1706749603424&CODE_STATE=getMsg HTTP/1.1" 200 27
101.83.145.37 - - [01/Feb/2024:09:06:33 +0800] "GET /xingrg/all/function/internal_message.html?_=1706749358220&CODE_STATE=getMsg HTTP/1.1" 200 27
116.238.120.94 - - [01/Feb/2024:09:06:33 +0800] "POST /xingrg/all/user/operate.html HTTP/1.1" 200 36
116.238.120.94 - - [01/Feb/2024:09:06:33 +0800] "GET /xingrg/index.html?sysBaseUrl=http%3A%2F%2F180.169.147.146%3A18081%2Fxingrg%2F&costTime=858×tamp=1706745761374 HTTP/1.1" 200 17177
116.238.120.94 - - [01/Feb/2024:09:06:33 +0800] "GET /xingrg/javascript/jquery_easy_ui/themes/default/easyui.css HTTP/1.1" 304 -
