116.238.120.94 - - [01/Feb/2024:10:06:11 +0800] "GET /xingrg/check_reg.html?_=1706753170717 HTTP/1.1" 200 22
101.228.146.191 - - [01/Feb/2024:10:06:13 +0800] "GET /xingrg/all/function/internal_message.html?_=1706753172203&CODE_STATE=getMsg HTTP/1.1" 200 27
101.83.145.37 - - [01/Feb/2024:10:06:15 +0800] "GET /xingrg/all/function/internal_message.html?_=1706753177400&CODE_STATE=getMsg HTTP/1.1" 200 27
124.78.68.102 - - [01/Feb/2024:10:06:20 +0800] "GET /xingrg/all/function/internal_message.html?_=1706753180302&CODE_STATE=getMsg HTTP/1.1" 200 27
222.69.130.128 - - [01/Feb/2024:10:06:22 +0800] "GET /xingrg/kc/buy/cgsh_order_operate.html?command=get_materiel&rest_code=00149&code=00101013175&supplier_code=00100008&order_time=2024-02-01 HTTP/1.1" 200 412
116.232.192.96 - - [01/Feb/2024:10:06:26 +0800] "GET /xingrg/check_reg.html?_=1706753117287 HTTP/1.1" 200 22
116.232.192.96 - - [01/Feb/2024:10:06:26 +0800] "GET /xingrg/all/function/internal_message.html?_=1706753117381&CODE_STATE=getMsg HTTP/1.1" 200 27
101.83.145.37 - - [01/Feb/2024:10:06:26 +0800] "GET /xingrg/kc/buy/cgsh_order_operate.html?command=get_materiel&rest_code=00105&code=00101020089&supplier_code=00100151&order_time=2024-02-01 HTTP/1.1" 200 414
116.230.123.222 - - [01/Feb/2024:10:06:28 +0800] "GET /xingrg/all/function/internal_message.html?_=1706753234318&CODE_STATE=getMsg HTTP/1.1" 200 27
116.238.97.31 - - [01/Feb/2024:10:06:29 +0800] "GET /xingrg/all/function/internal_message.html?_=1706753189920&CODE_STATE=getMsg HTTP/1.1" 200 27
116.238.120.94 - - [01/Feb/2024:10:06:30 +0800] "GET /xingrg/all/function/internal_message.html?_=1706753190281&CODE_STATE=getMsg HTTP/1.1" 200 27
222.69.130.128 - - [01/Feb/2024:10:06:32 +0800] "GET /xingrg/kc/buy/cgsh_order_operate.html?command=get_materiel&rest_code=00149&code=00101008275&supplier_code=00100008&order_time=2024-02-01 HTTP/1.1" 200 416
222.70.169.130 - - [01/Feb/2024:10:06:32 +0800] "GET /xingrg/all/function/internal_message.html?_=1706753206034&CODE_STATE=getMsg HTTP/1.1" 200 27
222.69.130.128 - - [01/Feb/2024:10:06:32 +0800] "GET /xingrg/all/function/internal_message.html?_=1706753190197&CODE_STATE=getMsg HTTP/1.1" 200 27
101.83.145.37 - - [01/Feb/2024:10:06:33 +0800] "GET /xingrg/all/function/internal_message.html?_=1706752958271&CODE_STATE=getMsg HTTP/1.1" 200 27
180.169.147.146 - - [01/Feb/2024:10:06:36 +0800] "GET /xingrg/all/function/internal_message.html?_=1706753196487&CODE_STATE=getMsg HTTP/1.1" 200 27
180.156.195.45 - - [01/Feb/2024:10:06:40 +0800] "GET /xingrg/kc/mdqp/qqps_order_add.html HTTP/1.1" 200 25935
180.156.195.45 - - [01/Feb/2024:10:06:40 +0800] "GET /xingrg/dwr/interface/AjaxQqpsService.js HTTP/1.1" 200 16326
180.156.195.45 - - [01/Feb/2024:10:06:40 +0800] "GET /xingrg/dwr/interface/AjaxComOrderService.js HTTP/1.1" 200 18264
180.156.195.45 - - [01/Feb/2024:10:06:40 +0800] "GET /xingrg/dwr/engine.js HTTP/1.1" 200 43631
101.229.175.60 - - [01/Feb/2024:10:06:41 +0800] "GET /xingrg/all/function/internal_message.html?_=1706753206931&CODE_STATE=getMsg HTTP/1.1" 200 27
114.83.219.145 - - [01/Feb/2024:10:06:41 +0800] "POST /xingrg/dwr/call/plaincall/AjaxCheckService.setItemNumber.dwr HTTP/1.1" 200 77
222.69.130.128 - - [01/Feb/2024:10:06:41 +0800] "GET /xingrg/kc/buy/cgsh_order_operate.html?command=get_materiel&rest_code=00149&code=00101008150&supplier_code=00100008&order_time=2024-02-01 HTTP/1.1" 200 409
124.78.154.219 - - [01/Feb/2024:10:06:44 +0800] "GET /xingrg/all/function/internal_message.html?_=1706753201093&CODE_STATE=getMsg HTTP/1.1" 200 27
114.83.219.145 - - [01/Feb/2024:10:06:45 +0800] "GET /xingrg/all/function/internal_message.html?_=1706753207639&CODE_STATE=getMsg HTTP/1.1" 200 27
222.69.130.128 - - [01/Feb/2024:10:06:46 +0800] "POST /xingrg/kc/buy/cgsh_order_operate.html HTTP/1.1" 200 2065
180.156.195.45 - - [01/Feb/2024:10:06:49 +0800] "POST /xingrg/dwr/call/plaincall/AjaxQqpsService.saveOrder.dwr HTTP/1.1" 200 78
114.83.219.145 - - [01/Feb/2024:10:06:50 +0800] "POST /xingrg/dwr/call/plaincall/AjaxCheckService.setItemNumber.dwr HTTP/1.1" 200 77
101.83.145.37 - - [01/Feb/2024:10:06:51 +0800] "GET /xingrg/all/function/internal_message.html?_=1706752976341&CODE_STATE=getMsg HTTP/1.1" 200 27
222.69.130.128 - - [01/Feb/2024:10:06:52 +0800] "GET /xingrg/kc/buy/cgsh_order_operate.html?command=get_materiel&rest_code=00149&code=00101009004&supplier_code=00100008&order_time=2024-02-01 HTTP/1.1" 200 409
180.156.195.45 - - [01/Feb/2024:10:06:52 +0800] "POST /xingrg/dwr/call/plaincall/AjaxQqpsService.getMaterielByCode.dwr HTTP/1.1" 200 1437
222.70.169.130 - - [01/Feb/2024:10:06:54 +0800] "POST /xingrg/kc/buy/cgsh_list_operate.html HTTP/1.1" 200 986
180.156.195.45 - - [01/Feb/2024:10:06:54 +0800] "GET /xingrg/all/function/internal_message.html?_=1706753214629&CODE_STATE=getMsg HTTP/1.1" 200 27
180.156.195.45 - - [01/Feb/2024:10:06:55 +0800] "POST /xingrg/dwr/call/plaincall/AjaxQqpsService.saveMaterielItem.dwr HTTP/1.1" 200 78
180.156.195.45 - - [01/Feb/2024:10:06:59 +0800] "POST /xingrg/dwr/call/plaincall/AjaxQqpsService.getMaterielByCode.dwr HTTP/1.1" 200 1366
116.230.123.222 - - [01/Feb/2024:10:06:59 +0800] "GET /xingrg/all/function/internal_message.html?_=1706753217506&CODE_STATE=getMsg HTTP/1.1" 200 27
180.156.195.45 - - [01/Feb/2024:10:07:02 +0800] "POST /xingrg/dwr/call/plaincall/AjaxQqpsService.saveMaterielItem.dwr HTTP/1.1" 200 78
222.69.130.128 - - [01/Feb/2024:10:07:04 +0800] "GET /xingrg/kc/buy/cgsh_order_operate.html?command=get_materiel&rest_code=00149&code=00101008060&supplier_code=00100008&order_time=2024-02-01 HTTP/1.1" 200 416
180.156.195.45 - - [01/Feb/2024:10:07:04 +0800] "POST /xingrg/dwr/call/plaincall/AjaxQqpsService.getMaterielByCode.dwr HTTP/1.1" 200 1359
101.83.145.37 - - [01/Feb/2024:10:07:05 +0800] "GET /xingrg/kc/buy/cgsh_order_operate.html?command=get_materiel&rest_code=00105&code=00101009004&supplier_code=00100151&order_time=2024-02-01 HTTP/1.1" 200 409
124.79.240.117 - - [01/Feb/2024:10:07:06 +0800] "GET /xingrg/all/function/internal_message.html?_=1706753227228&CODE_STATE=getMsg HTTP/1.1" 200 27
124.78.154.219 - - [01/Feb/2024:10:07:07 +0800] "GET /xingrg/all/function/internal_message.html?_=1706753226984&CODE_STATE=getMsg HTTP/1.1" 200 27
180.156.195.45 - - [01/Feb/2024:10:07:07 +0800] "POST /xingrg/dwr/call/plaincall/AjaxQqpsService.saveMaterielItem.dwr HTTP/1.1" 200 78
180.164.1.25 - - [01/Feb/2024:10:07:08 +0800] "GET /xingrg/check_reg.html?_=1706753228213 HTTP/1.1" 200 22
172.20.0.100 - - [01/Feb/2024:10:07:09 +0800] "GET /xingrg/all/function/internal_message.html?_=1706753239572&CODE_STATE=getMsg HTTP/1.1" 302 -
180.164.1.25 - - [01/Feb/2024:10:07:10 +0800] "GET /xingrg/all/function/internal_message.html?_=1706753229609&CODE_STATE=getMsg HTTP/1.1" 200 27
116.238.120.94 - - [01/Feb/2024:10:07:11 +0800] "GET /xingrg/all/function/internal_message.html?_=1706753230720&CODE_STATE=getMsg HTTP/1.1" 200 27
180.156.195.45 - - [01/Feb/2024:10:07:11 +0800] "POST /xingrg/dwr/call/plaincall/AjaxQqpsService.getMaterielByCode.dwr HTTP/1.1" 200 1368
101.228.146.191 - - [01/Feb/2024:10:07:13 +0800] "GET /xingrg/all/function/internal_message.html?_=1706753232204&CODE_STATE=getMsg HTTP/1.1" 200 27
101.83.145.37 - - [01/Feb/2024:10:07:15 +0800] "GET /xingrg/all/function/internal_message.html?_=1706753237408&CODE_STATE=getMsg HTTP/1.1" 200 27
222.69.130.128 - - [01/Feb/2024:10:07:16 +0800] "GET /xingrg/kc/buy/cgsh_order_operate.html?command=get_materiel&rest_code=00149&code=00101008167&supplier_code=00100008&order_time=2024-02-01 HTTP/1.1" 200 413
180.156.195.45 - - [01/Feb/2024:10:07:16 +0800] "POST /xingrg/dwr/call/plaincall/AjaxQqpsService.saveMaterielItem.dwr HTTP/1.1" 200 78
124.78.68.102 - - [01/Feb/2024:10:07:20 +0800] "GET /xingrg/all/function/internal_message.html?_=1706753240288&CODE_STATE=getMsg HTTP/1.1" 200 27
222.70.169.130 - - [01/Feb/2024:10:07:20 +0800] "GET /xingrg/check_reg.html?_=1706753254207 HTTP/1.1" 200 22
180.169.147.146 - - [01/Feb/2024:10:07:20 +0800] "POST /xingrg/dwr/call/plaincall/AjaxReportQueryService.refreshCache.dwr HTTP/1.1" 200 78
180.156.195.45 - - [01/Feb/2024:10:07:22 +0800] "POST /xingrg/dwr/call/plaincall/AjaxQqpsService.getMaterielByCode.dwr HTTP/1.1" 200 1415
180.169.147.146 - - [01/Feb/2024:10:07:23 +0800] "POST /xingrg/all/report/load_report_page.html HTTP/1.1" 200 52971
180.169.147.146 - - [01/Feb/2024:10:07:23 +0800] "GET /xingrg/servlets/image?cache=0.5909922157719948&image=px HTTP/1.1" 200 807
116.232.192.96 - - [01/Feb/2024:10:07:26 +0800] "GET /xingrg/all/function/internal_message.html?_=1706753177357&CODE_STATE=getMsg HTTP/1.1" 200 27
180.156.195.45 - - [01/Feb/2024:10:07:27 +0800] "POST /xingrg/dwr/call/plaincall/AjaxQqpsService.saveMaterielItem.dwr HTTP/1.1" 200 79
116.230.123.222 - - [01/Feb/2024:10:07:28 +0800] "GET /xingrg/all/function/internal_message.html?_=1706753294332&CODE_STATE=getMsg HTTP/1.1" 200 27
222.69.130.128 - - [01/Feb/2024:10:07:29 +0800] "GET /xingrg/kc/buy/cgsh_order_operate.html?command=get_materiel&rest_code=00149&code=00101008498&supplier_code=00100008&order_time=2024-02-01 HTTP/1.1" 200 424
116.238.97.31 - - [01/Feb/2024:10:07:29 +0800] "GET /xingrg/all/function/internal_message.html?_=1706753249895&CODE_STATE=getMsg HTTP/1.1" 200 27
116.238.97.31 - - [01/Feb/2024:10:07:29 +0800] "GET /xingrg/check_reg.html?_=1706753250068 HTTP/1.1" 200 22
180.156.195.45 - - [01/Feb/2024:10:07:29 +0800] "POST /xingrg/dwr/call/plaincall/AjaxQqpsService.checkOrder.dwr HTTP/1.1" 200 79
116.238.120.94 - - [01/Feb/2024:10:07:30 +0800] "GET /xingrg/all/function/internal_message.html?_=1706753250267&CODE_STATE=getMsg HTTP/1.1" 200 27
222.70.169.130 - - [01/Feb/2024:10:07:32 +0800] "GET /xingrg/all/function/internal_message.html?_=1706753266049&CODE_STATE=getMsg HTTP/1.1" 200 27
222.69.130.128 - - [01/Feb/2024:10:07:32 +0800] "GET /xingrg/all/function/internal_message.html?_=1706753250189&CODE_STATE=getMsg HTTP/1.1" 200 27
101.83.145.37 - - [01/Feb/2024:10:07:33 +0800] "GET /xingrg/all/function/internal_message.html?_=1706753018272&CODE_STATE=getMsg HTTP/1.1" 200 27
180.169.147.146 - - [01/Feb/2024:10:07:36 +0800] "GET /xingrg/all/function/internal_message.html?_=1706753256494&CODE_STATE=getMsg HTTP/1.1" 200 27
222.69.130.128 - - [01/Feb/2024:10:07:40 +0800] "GET /xingrg/kc/buy/cgsh_order_operate.html?command=get_materiel&rest_code=00149&code=00101013179&supplier_code=00100008&order_time=2024-02-01 HTTP/1.1" 200 412
101.229.175.60 - - [01/Feb/2024:10:07:40 +0800] "GET /xingrg/all/function/internal_message.html?_=1706753266902&CODE_STATE=getMsg HTTP/1.1" 200 27
124.78.154.219 - - [01/Feb/2024:10:07:44 +0800] "GET /xingrg/all/function/internal_message.html?_=1706753261080&CODE_STATE=getMsg HTTP/1.1" 200 27
180.169.147.146 - - [01/Feb/2024:10:07:44 +0800] "POST /xingrg/dwr/call/plaincall/AjaxReportQueryService.refreshCache.dwr HTTP/1.1" 200 78
124.78.154.219 - - [01/Feb/2024:10:07:45 +0800] "GET /xingrg/check_reg.html?_=1706753261706 HTTP/1.1" 200 22
222.69.130.128 - - [01/Feb/2024:10:07:45 +0800] "POST /xingrg/kc/buy/cgsh_order_operate.html HTTP/1.1" 200 2065
114.83.219.145 - - [01/Feb/2024:10:07:45 +0800] "GET /xingrg/all/function/internal_message.html?_=1706753267633&CODE_STATE=getMsg HTTP/1.1" 200 27
120.253.135.82 - - [01/Feb/2024:10:07:46 +0800] "GET /xingrg/check_reg.html?_=1706753092910 HTTP/1.1" 200 22
180.169.147.146 - - [01/Feb/2024:10:07:47 +0800] "POST /xingrg/all/report/load_report_page.html HTTP/1.1" 200 52940
180.169.147.146 - - [01/Feb/2024:10:07:47 +0800] "GET /xingrg/servlets/image?cache=0.8627047052839957&image=px HTTP/1.1" 200 807
222.70.115.1 - - [01/Feb/2024:10:07:48 +0800] "POST /xingrg/all/common/load_tree.html?tree=area_rest_tree_json&manage=1 HTTP/1.1" 302 -
222.70.115.1 - - [01/Feb/2024:10:07:49 +0800] "POST /xingrg/load_menu.html HTTP/1.1" 302 -
222.70.115.1 - - [01/Feb/2024:10:07:49 +0800] "GET /xingrg/all/function/internal_message.html?_=1706753270103&CODE_STATE=count HTTP/1.1" 302 -
222.70.115.1 - - [01/Feb/2024:10:07:49 +0800] "GET /xingrg/check_reg.html?_=1706753270104 HTTP/1.1" 302 -
222.70.115.1 - - [01/Feb/2024:10:07:49 +0800] "GET /favicon.ico HTTP/1.1" 404 -
114.83.219.145 - - [01/Feb/2024:10:07:51 +0800] "POST /xingrg/dwr/call/plaincall/AjaxCheckService.setItemNumber.dwr HTTP/1.1" 200 77
101.83.145.37 - - [01/Feb/2024:10:07:51 +0800] "GET /xingrg/all/function/internal_message.html?_=1706753036342&CODE_STATE=getMsg HTTP/1.1" 200 27
222.69.130.128 - - [01/Feb/2024:10:07:51 +0800] "GET /xingrg/kc/buy/cgsh_order_operate.html?command=get_materiel&rest_code=00149&code=00101010237&supplier_code=00100008&order_time=2024-02-01 HTTP/1.1" 200 413
116.230.123.222 - - [01/Feb/2024:10:07:58 +0800] "GET /xingrg/check_reg.html?_=1706753276956 HTTP/1.1" 200 22
116.230.123.222 - - [01/Feb/2024:10:07:59 +0800] "GET /xingrg/all/function/internal_message.html?_=1706753277490&CODE_STATE=getMsg HTTP/1.1" 200 27
101.83.145.37 - - [01/Feb/2024:10:08:02 +0800] "GET /xingrg/kc/buy/cgsh_order_operate.html?command=get_materiel&rest_code=00105&code=00101006144&supplier_code=00100151&order_time=2024-02-01 HTTP/1.1" 200 409
180.169.147.146 - - [01/Feb/2024:10:08:02 +0800] "POST /xingrg/dwr/call/plaincall/AjaxReportQueryService.refreshCache.dwr HTTP/1.1" 200 79
222.69.130.128 - - [01/Feb/2024:10:08:05 +0800] "GET /xingrg/kc/buy/cgsh_order_operate.html?command=get_materiel&rest_code=00149&code=00101009011&supplier_code=00100008&order_time=2024-02-01 HTTP/1.1" 200 416
180.169.147.146 - - [01/Feb/2024:10:08:05 +0800] "POST /xingrg/all/report/load_report_page.html HTTP/1.1" 200 52971
180.169.147.146 - - [01/Feb/2024:10:08:05 +0800] "GET /xingrg/servlets/image?cache=0.3436302350851377&image=px HTTP/1.1" 200 807
124.79.240.117 - - [01/Feb/2024:10:08:06 +0800] "GET /xingrg/all/function/internal_message.html?_=1706753287208&CODE_STATE=getMsg HTTP/1.1" 200 27
124.78.154.219 - - [01/Feb/2024:10:08:07 +0800] "GET /xingrg/all/function/internal_message.html?_=1706753286977&CODE_STATE=getMsg HTTP/1.1" 200 27
172.20.0.100 - - [01/Feb/2024:10:08:09 +0800] "GET /xingrg/all/function/internal_message.html?_=1706753299570&CODE_STATE=getMsg HTTP/1.1" 302 -
180.164.1.25 - - [01/Feb/2024:10:08:10 +0800] "GET /xingrg/all/function/internal_message.html?_=1706753289587&CODE_STATE=getMsg HTTP/1.1" 200 27
116.238.120.94 - - [01/Feb/2024:10:08:11 +0800] "GET /xingrg/all/function/internal_message.html?_=1706753290736&CODE_STATE=getMsg HTTP/1.1" 200 27
101.228.146.191 - - [01/Feb/2024:10:08:13 +0800] "GET /xingrg/all/function/internal_message.html?_=1706753292201&CODE_STATE=getMsg HTTP/1.1" 200 27
101.83.145.37 - - [01/Feb/2024:10:08:15 +0800] "GET /xingrg/all/function/internal_message.html?_=1706753297380&CODE_STATE=getMsg HTTP/1.1" 200 27
101.83.145.37 - - [01/Feb/2024:10:08:15 +0800] "GET /xingrg/check_reg.html?_=1706753297384 HTTP/1.1" 200 22
222.70.169.130 - - [01/Feb/2024:10:08:15 +0800] "POST /xingrg/kc/buy/cgsh_list_operate.html HTTP/1.1" 200 6303
222.69.130.128 - - [01/Feb/2024:10:08:17 +0800] "GET /xingrg/kc/buy/cgsh_order_operate.html?command=get_materiel&rest_code=00149&code=00101009010&supplier_code=00100008&order_time=2024-02-01 HTTP/1.1" 200 416
222.70.115.1 - - [01/Feb/2024:10:08:18 +0800] "GET /favicon.ico HTTP/1.1" 404 -
222.70.115.1 - - [01/Feb/2024:10:08:18 +0800] "GET /favicon.ico HTTP/1.1" 404 -
222.70.115.1 - - [01/Feb/2024:10:08:19 +0800] "GET /favicon.ico HTTP/1.1" 404 -
222.70.115.1 - - [01/Feb/2024:10:08:19 +0800] "GET /favicon.ico HTTP/1.1" 404 -
124.78.68.102 - - [01/Feb/2024:10:08:20 +0800] "GET /xingrg/all/function/internal_message.html?_=1706753300264&CODE_STATE=getMsg HTTP/1.1" 200 27
114.83.219.145 - - [01/Feb/2024:10:08:26 +0800] "POST /xingrg/dwr/call/plaincall/AjaxCheckService.setItemNumber.dwr HTTP/1.1" 200 77
116.232.192.96 - - [01/Feb/2024:10:08:26 +0800] "GET /xingrg/all/function/internal_message.html?_=1706753237339&CODE_STATE=getMsg HTTP/1.1" 200 27
116.230.123.222 - - [01/Feb/2024:10:08:28 +0800] "GET /xingrg/check_reg.html?_=1706753354323 HTTP/1.1" 200 22
116.230.123.222 - - [01/Feb/2024:10:08:28 +0800] "GET /xingrg/all/function/internal_message.html?_=1706753354324&CODE_STATE=getMsg HTTP/1.1" 200 27
116.238.97.31 - - [01/Feb/2024:10:08:29 +0800] "GET /xingrg/all/function/internal_message.html?_=1706753309870&CODE_STATE=getMsg HTTP/1.1" 200 27
116.238.120.94 - - [01/Feb/2024:10:08:30 +0800] "GET /xingrg/all/function/internal_message.html?_=1706753310249&CODE_STATE=getMsg HTTP/1.1" 200 27
180.156.195.45 - - [01/Feb/2024:10:08:30 +0800] "GET /xingrg/kc/mdqp/qqps_order_info.html?code=302024020100002 HTTP/1.1" 200 24329
180.156.195.45 - - [01/Feb/2024:10:08:30 +0800] "GET /xingrg/dwr/interface/AjaxComOrderService.js HTTP/1.1" 200 18264
180.156.195.45 - - [01/Feb/2024:10:08:30 +0800] "GET /xingrg/dwr/engine.js HTTP/1.1" 200 43631
180.156.195.45 - - [01/Feb/2024:10:08:30 +0800] "GET /xingrg/dwr/interface/AjaxQqpsService.js HTTP/1.1" 200 16326
180.156.195.45 - - [01/Feb/2024:10:08:31 +0800] "POST /xingrg/dwr/call/plaincall/AjaxQqpsService.loadMaterielItems.dwr HTTP/1.1" 200 1501
222.70.169.130 - - [01/Feb/2024:10:08:32 +0800] "GET /xingrg/all/function/internal_message.html?_=1706753326090&CODE_STATE=getMsg HTTP/1.1" 200 27
222.69.130.128 - - [01/Feb/2024:10:08:32 +0800] "GET /xingrg/all/function/internal_message.html?_=1706753310187&CODE_STATE=getMsg HTTP/1.1" 200 27
222.69.130.128 - - [01/Feb/2024:10:08:32 +0800] "GET /xingrg/check_reg.html?_=1706753310190 HTTP/1.1" 200 22
101.83.145.37 - - [01/Feb/2024:10:08:33 +0800] "GET /xingrg/check_reg.html?_=1706753078273 HTTP/1.1" 200 22
101.83.145.37 - - [01/Feb/2024:10:08:33 +0800] "GET /xingrg/all/function/internal_message.html?_=1706753078276&CODE_STATE=getMsg HTTP/1.1" 200 27
114.83.219.145 - - [01/Feb/2024:10:08:33 +0800] "POST /xingrg/dwr/call/plaincall/AjaxCheckService.setItemNumber.dwr HTTP/1.1" 200 77
116.230.123.222 - - [01/Feb/2024:10:08:34 +0800] "GET /favicon.ico HTTP/1.1" 404 -
180.169.147.146 - - [01/Feb/2024:10:08:36 +0800] "GET /xingrg/check_reg.html?_=1706753316486 HTTP/1.1" 200 22
180.169.147.146 - - [01/Feb/2024:10:08:36 +0800] "GET /xingrg/all/function/internal_message.html?_=1706753316488&CODE_STATE=getMsg HTTP/1.1" 200 27
222.69.130.128 - - [01/Feb/2024:10:08:37 +0800] "POST /xingrg/kc/buy/cgsh_order_operate.html HTTP/1.1" 200 37
222.69.130.128 - - [01/Feb/2024:10:08:39 +0800] "POST /xingrg/kc/buy/cgsh_order_operate.html HTTP/1.1" 200 51228
101.229.175.60 - - [01/Feb/2024:10:08:40 +0800] "GET /xingrg/all/function/internal_message.html?_=1706753326871&CODE_STATE=getMsg HTTP/1.1" 200 27
116.238.120.94 - - [01/Feb/2024:10:08:44 +0800] "GET /xingrg/check_reg.html?_=1706753324018 HTTP/1.1" 200 22
180.163.30.100 - - [01/Feb/2024:10:08:44 +0800] "GET /xingrg/all/function/internal_message.html?_=1706753261080&CODE_STATE=getMsg HTTP/1.1" 302 -
124.78.154.219 - - [01/Feb/2024:10:08:44 +0800] "GET /xingrg/all/function/internal_message.html?_=1706753321051&CODE_STATE=getMsg HTTP/1.1" 200 27
180.163.30.100 - - [01/Feb/2024:10:08:45 +0800] "GET /xingrg/login.html HTTP/1.1" 200 7641
114.83.219.145 - - [01/Feb/2024:10:08:45 +0800] "GET /xingrg/all/function/internal_message.html?_=1706753327620&CODE_STATE=getMsg HTTP/1.1" 200 27
180.163.28.109 - - [01/Feb/2024:10:08:46 +0800] "GET /xingrg/check_reg.html?_=1706753261706 HTTP/1.1" 302 -
180.163.28.109 - - [01/Feb/2024:10:08:46 +0800] "GET /xingrg/login.html HTTP/1.1" 200 7641
222.70.115.1 - - [01/Feb/2024:10:08:49 +0800] "GET /xingrg/all/function/internal_message.html?_=1706753330134&CODE_STATE=getMsg HTTP/1.1" 302 -
114.83.219.145 - - [01/Feb/2024:10:08:50 +0800] "POST /xingrg/dwr/call/plaincall/AjaxCheckService.setItemNumber.dwr HTTP/1.1" 200 77
101.83.145.37 - - [01/Feb/2024:10:08:51 +0800] "GET /xingrg/all/function/internal_message.html?_=1706753096343&CODE_STATE=getMsg HTTP/1.1" 200 27
180.156.195.45 - - [01/Feb/2024:10:08:54 +0800] "GET /xingrg/all/function/internal_message.html?_=1706753334651&CODE_STATE=getMsg HTTP/1.1" 200 27
114.83.219.145 - - [01/Feb/2024:10:08:57 +0800] "POST /xingrg/dwr/call/plaincall/AjaxCheckService.setItemNumber.dwr HTTP/1.1" 200 77
116.230.123.222 - - [01/Feb/2024:10:08:59 +0800] "GET /xingrg/all/function/internal_message.html?_=1706753337460&CODE_STATE=getMsg HTTP/1.1" 200 27
180.156.195.45 - - [01/Feb/2024:10:08:59 +0800] "GET /xingrg/kc/base/base_main.html HTTP/1.1" 200 12142
114.83.219.145 - - [01/Feb/2024:10:09:00 +0800] "POST /xingrg/dwr/call/plaincall/AjaxCheckService.setItemNumber.dwr HTTP/1.1" 200 77
180.156.195.45 - - [01/Feb/2024:10:09:02 +0800] "GET /xingrg/kc/buy/buy_main.html HTTP/1.1" 200 12412
180.156.195.45 - - [01/Feb/2024:10:09:02 +0800] "GET /xingrg/css/new_ie.css HTTP/1.1" 404 1036
180.156.195.45 - - [01/Feb/2024:10:09:04 +0800] "GET /xingrg/kc/buy/cgsh_order_list.html HTTP/1.1" 200 57696
124.79.240.117 - - [01/Feb/2024:10:09:06 +0800] "GET /xingrg/all/function/internal_message.html?_=1706753347179&CODE_STATE=getMsg HTTP/1.1" 200 27
180.156.195.45 - - [01/Feb/2024:10:09:06 +0800] "POST /xingrg/kc/buy/cgsh_list_operate.html HTTP/1.1" 200 986
124.78.154.219 - - [01/Feb/2024:10:09:07 +0800] "GET /xingrg/all/function/internal_message.html?_=1706753346977&CODE_STATE=getMsg HTTP/1.1" 200 27
124.78.154.219 - - [01/Feb/2024:10:09:07 +0800] "GET /xingrg/check_reg.html?_=1706753346983 HTTP/1.1" 200 22
180.156.195.45 - - [01/Feb/2024:10:09:07 +0800] "GET /xingrg/kc/base/base_main.html HTTP/1.1" 200 12142
180.156.195.45 - - [01/Feb/2024:10:09:08 +0800] "GET /xingrg/kc/report/report_main.html HTTP/1.1" 200 7340
114.83.219.145 - - [01/Feb/2024:10:09:08 +0800] "POST /xingrg/dwr/call/plaincall/AjaxCheckService.setItemNumber.dwr HTTP/1.1" 200 77
124.78.68.102 - - [01/Feb/2024:10:09:08 +0800] "GET /xingrg/check_reg.html?_=1706753348566 HTTP/1.1" 200 22
172.20.0.100 - - [01/Feb/2024:10:09:09 +0800] "GET /xingrg/all/function/internal_message.html?_=1706753359569&CODE_STATE=getMsg HTTP/1.1" 302 -
180.156.195.45 - - [01/Feb/2024:10:09:09 +0800] "GET /xingrg/all/report/report_query.html?fileName=kc/buy/gys_amount.xml&rh=99999 HTTP/1.1" 200 52006
180.156.195.45 - - [01/Feb/2024:10:09:09 +0800] "GET /xingrg/dwr/interface/AjaxReportQueryService.js HTTP/1.1" 200 13203
180.156.195.45 - - [01/Feb/2024:10:09:09 +0800] "GET /xingrg/dwr/engine.js HTTP/1.1" 200 43631
180.156.195.45 - - [01/Feb/2024:10:09:09 +0800] "POST /xingrg/dwr/call/plaincall/AjaxReportQueryService.getFixDate.dwr HTTP/1.1" 200 111
180.164.1.25 - - [01/Feb/2024:10:09:10 +0800] "GET /xingrg/all/function/internal_message.html?_=1706753349572&CODE_STATE=getMsg HTTP/1.1" 200 27
180.156.195.45 - - [01/Feb/2024:10:09:10 +0800] "POST /xingrg/dwr/call/plaincall/AjaxReportQueryService.getInitString.dwr HTTP/1.1" 200 366
180.156.195.45 - - [01/Feb/2024:10:09:10 +0800] "POST /xingrg/all/common/load_tree.html?tree=materiel_sort_tree_json HTTP/1.1" 200 9734
180.156.195.45 - - [01/Feb/2024:10:09:10 +0800] "POST /xingrg/all/common/load_tree.html?tree=supplier_tree_json&manage=1 HTTP/1.1" 200 80869
116.238.120.94 - - [01/Feb/2024:10:09:11 +0800] "GET /xingrg/all/function/internal_message.html?_=1706753350728&CODE_STATE=getMsg HTTP/1.1" 200 27
101.228.146.191 - - [01/Feb/2024:10:09:13 +0800] "GET /xingrg/check_reg.html?_=1706753352200 HTTP/1.1" 200 22
101.228.146.191 - - [01/Feb/2024:10:09:13 +0800] "GET /xingrg/all/function/internal_message.html?_=1706753352202&CODE_STATE=getMsg HTTP/1.1" 200 27
114.83.219.145 - - [01/Feb/2024:10:09:13 +0800] "POST /xingrg/dwr/call/plaincall/AjaxCheckService.setItemNumber.dwr HTTP/1.1" 200 77
58.40.7.146 - - [01/Feb/2024:10:09:15 +0800] "GET /xingrg/check_reg.html?_=1706753355387 HTTP/1.1" 302 -
101.83.145.37 - - [01/Feb/2024:10:09:15 +0800] "GET /xingrg/all/function/internal_message.html?_=1706753357378&CODE_STATE=getMsg HTTP/1.1" 200 27
124.78.68.102 - - [01/Feb/2024:10:09:20 +0800] "GET /xingrg/all/function/internal_message.html?_=1706753360255&CODE_STATE=getMsg HTTP/1.1" 200 27
116.232.192.96 - - [01/Feb/2024:10:09:26 +0800] "GET /xingrg/all/function/internal_message.html?_=1706753297325&CODE_STATE=getMsg HTTP/1.1" 200 27
116.230.123.222 - - [01/Feb/2024:10:09:28 +0800] "GET /xingrg/all/function/internal_message.html?_=1706753414318&CODE_STATE=getMsg HTTP/1.1" 200 27
116.238.97.31 - - [01/Feb/2024:10:09:29 +0800] "GET /xingrg/all/function/internal_message.html?_=1706753369852&CODE_STATE=getMsg HTTP/1.1" 200 27
116.238.120.94 - - [01/Feb/2024:10:09:30 +0800] "GET /xingrg/all/function/internal_message.html?_=1706753370224&CODE_STATE=getMsg HTTP/1.1" 200 27
222.70.169.130 - - [01/Feb/2024:10:09:32 +0800] "GET /xingrg/all/function/internal_message.html?_=1706753386091&CODE_STATE=getMsg HTTP/1.1" 200 27
222.69.130.128 - - [01/Feb/2024:10:09:32 +0800] "GET /xingrg/all/function/internal_message.html?_=1706753370191&CODE_STATE=getMsg HTTP/1.1" 200 27
101.83.145.37 - - [01/Feb/2024:10:09:33 +0800] "GET /xingrg/all/function/internal_message.html?_=1706753138275&CODE_STATE=getMsg HTTP/1.1" 200 27
114.83.219.145 - - [01/Feb/2024:10:09:34 +0800] "POST /xingrg/dwr/call/plaincall/AjaxCheckService.setItemNumber.dwr HTTP/1.1" 200 77
180.169.147.146 - - [01/Feb/2024:10:09:36 +0800] "GET /xingrg/all/function/internal_message.html?_=1706753376482&CODE_STATE=getMsg HTTP/1.1" 200 27
114.83.219.145 - - [01/Feb/2024:10:09:39 +0800] "POST /xingrg/dwr/call/plaincall/AjaxCheckService.setItemNumber.dwr HTTP/1.1" 200 77
180.156.195.45 - - [01/Feb/2024:10:09:40 +0800] "POST /xingrg/dwr/call/plaincall/AjaxReportQueryService.refreshCache.dwr HTTP/1.1" 200 78
101.229.175.60 - - [01/Feb/2024:10:09:40 +0800] "GET /xingrg/all/function/internal_message.html?_=1706753386842&CODE_STATE=getMsg HTTP/1.1" 200 27
180.156.195.45 - - [01/Feb/2024:10:09:41 +0800] "POST /xingrg/all/report/load_report_page.html HTTP/1.1" 200 8904
180.156.195.45 - - [01/Feb/2024:10:09:41 +0800] "GET /xingrg/servlets/image?cache=0.15162784597943757&image=px HTTP/1.1" 200 807
124.78.154.219 - - [01/Feb/2024:10:09:44 +0800] "GET /xingrg/all/function/internal_message.html?_=1706753381033&CODE_STATE=getMsg HTTP/1.1" 200 27
180.156.195.45 - - [01/Feb/2024:10:09:44 +0800] "GET /xingrg/all/report/report_query.html?isQuery=1&fileName=kc/buy/wlcg_cate_hz.xml&queryString=(CONVERT(char(10)%252Ca.order_time%252C%2520120)%253E%253D'2024-01-01')%2520and%2520(CONVERT(char(10)%252Ca.order_time%252C%2520120)%253C%253D'2024-01-31')%2520and%2520(a.supplier_code%2520in%2520('00100659'))%2520and%2520(a.supplier_code%253D'00100659')&queryText=%25E3%2580%2590%25E9%2587%2587%25E8%25B4%25AD%25E6%2597%25A5%25E6%259C%259F%253A2024-01-01%2520%25E8%2587%25B3%25202024-01-31%25E3%2580%2591%2520%25E5%25B9%25B6%25E4%25B8%2594%2520%2520%25E3%2580%2590%25E4%25BE%259B%25E5%25BA%2594%25E5%2595%2586%2520%253D%2520%25E6%25AD%25AA%25E8%2583%2596%25E5%25AD%2590%25E8%2594%25AC%25E8%258F%259C%25E3%2580%2591%2520%25E5%25B9%25B6%25E4%25B8%2594%2520%25E3%2580%2590%25E4%25BE%259B%25E5%25BA%2594%25E5%2595%2586%253D%25E6%25AD%25AA%25E8%2583%2596%25E5%25AD%2590%25E8%2594%25AC%25E8%258F%259C%25E3%2580%2591 HTTP/1.1" 200 54449
180.156.195.45 - - [01/Feb/2024:10:09:44 +0800] "GET /xingrg/dwr/interface/AjaxReportQueryService.js HTTP/1.1" 200 13203
180.156.195.45 - - [01/Feb/2024:10:09:44 +0800] "GET /xingrg/dwr/engine.js HTTP/1.1" 200 43631
114.83.219.145 - - [01/Feb/2024:10:09:44 +0800] "POST /xingrg/dwr/call/plaincall/AjaxCheckService.setItemNumber.dwr HTTP/1.1" 200 77
114.83.219.145 - - [01/Feb/2024:10:09:45 +0800] "GET /xingrg/all/function/internal_message.html?_=1706753387620&CODE_STATE=getMsg HTTP/1.1" 200 27
114.83.219.145 - - [01/Feb/2024:10:09:45 +0800] "GET /xingrg/check_reg.html?_=1706753387627 HTTP/1.1" 200 22
180.156.195.45 - - [01/Feb/2024:10:09:47 +0800] "POST /xingrg/all/report/load_report_page.html HTTP/1.1" 200 8714
180.156.195.45 - - [01/Feb/2024:10:09:47 +0800] "GET /xingrg/servlets/image?cache=0.8004665195949462&image=px HTTP/1.1" 200 807
222.70.115.1 - - [01/Feb/2024:10:09:49 +0800] "GET /xingrg/all/function/internal_message.html?_=1706753390128&CODE_STATE=getMsg HTTP/1.1" 302 -
180.156.195.45 - - [01/Feb/2024:10:09:49 +0800] "POST /xingrg/all/report/load_report_page.html HTTP/1.1" 200 116958
180.156.195.45 - - [01/Feb/2024:10:09:50 +0800] "GET /xingrg/images/blue/button/back2.gif HTTP/1.1" 200 1339
180.156.195.45 - - [01/Feb/2024:10:09:50 +0800] "GET /xingrg/images/blue/button/back.gif HTTP/1.1" 200 1352
180.156.195.45 - - [01/Feb/2024:10:09:50 +0800] "GET /xingrg/servlets/image?cache=0.6756710183312853&image=px HTTP/1.1" 200 807
101.83.145.37 - - [01/Feb/2024:10:09:51 +0800] "GET /xingrg/all/function/internal_message.html?_=1706753156343&CODE_STATE=getMsg HTTP/1.1" 200 27
180.156.195.45 - - [01/Feb/2024:10:09:54 +0800] "GET /xingrg/all/function/internal_message.html?_=1706753394630&CODE_STATE=getMsg HTTP/1.1" 200 27
114.83.219.145 - - [01/Feb/2024:10:09:55 +0800] "POST /xingrg/dwr/call/plaincall/AjaxCheckService.setItemNumber.dwr HTTP/1.1" 200 77
101.229.175.60 - - [01/Feb/2024:10:09:56 +0800] "GET /xingrg/check_reg.html?_=1706753402511 HTTP/1.1" 200 22
180.169.147.146 - - [01/Feb/2024:10:09:58 +0800] "GET /xingrg/kc/report/report_main.html HTTP/1.1" 200 8599
116.230.123.222 - - [01/Feb/2024:10:09:59 +0800] "GET /xingrg/all/function/internal_message.html?_=1706753397431&CODE_STATE=getMsg HTTP/1.1" 200 27
180.156.195.45 - - [01/Feb/2024:10:10:00 +0800] "POST /xingrg/all/report/report_print.html HTTP/1.1" 302 -
180.156.195.45 - - [01/Feb/2024:10:10:00 +0800] "GET /xingrg/servlets/image?image=px HTTP/1.1" 200 807
180.156.195.45 - - [01/Feb/2024:10:10:00 +0800] "GET /favicon.ico HTTP/1.1" 404 -
180.169.147.146 - - [01/Feb/2024:10:10:00 +0800] "GET /xingrg/all/report/report_query.html?fileName=kc/buy/gys_amount_base_rest.xml HTTP/1.1" 200 51664
180.169.147.146 - - [01/Feb/2024:10:10:00 +0800] "GET /xingrg/dwr/interface/AjaxReportQueryService.js HTTP/1.1" 200 13203
180.169.147.146 - - [01/Feb/2024:10:10:00 +0800] "GET /xingrg/dwr/engine.js HTTP/1.1" 200 43631
180.156.195.45 - - [01/Feb/2024:10:10:00 +0800] "GET /xingrg/servlets/html?sysBaseUrl=http%3A%2F%2F180.169.147.146%3A18081%2Fxingrg%2F&costTime=1057×tamp=1706753400190 HTTP/1.1" 200 296775
180.169.147.146 - - [01/Feb/2024:10:10:00 +0800] "POST /xingrg/dwr/call/plaincall/AjaxReportQueryService.getFixDate.dwr HTTP/1.1" 200 111
180.169.147.146 - - [01/Feb/2024:10:10:01 +0800] "POST /xingrg/all/common/load_tree.html?tree=area_rest_tree_json&manage=1 HTTP/1.1" 200 3624
180.169.147.146 - - [01/Feb/2024:10:10:01 +0800] "POST /xingrg/all/common/load_tree.html?tree=supplier_tree_json&manage=1 HTTP/1.1" 200 80869
101.83.145.37 - - [01/Feb/2024:10:10:03 +0800] "GET /xingrg/kc/buy/cgsh_order_operate.html?command=get_materiel&rest_code=00105&code=00101002027&supplier_code=00100151&order_time=2024-02-01 HTTP/1.1" 200 413
124.79.240.117 - - [01/Feb/2024:10:10:06 +0800] "GET /xingrg/all/function/internal_message.html?_=1706753407152&CODE_STATE=getMsg HTTP/1.1" 200 27
124.78.154.219 - - [01/Feb/2024:10:10:07 +0800] "GET /xingrg/all/function/internal_message.html?_=1706753406981&CODE_STATE=getMsg HTTP/1.1" 200 27
172.20.0.100 - - [01/Feb/2024:10:10:09 +0800] "GET /xingrg/all/function/internal_message.html?_=1706753419567&CODE_STATE=getMsg HTTP/1.1" 302 -
180.164.1.25 - - [01/Feb/2024:10:10:10 +0800] "GET /xingrg/all/function/internal_message.html?_=1706753409561&CODE_STATE=getMsg HTTP/1.1" 200 27
116.238.120.94 - - [01/Feb/2024:10:10:11 +0800] "GET /xingrg/all/function/internal_message.html?_=1706753410728&CODE_STATE=getMsg HTTP/1.1" 200 27
114.83.219.145 - - [01/Feb/2024:10:10:12 +0800] "POST /xingrg/dwr/call/plaincall/AjaxCheckService.setItemNumber.dwr HTTP/1.1" 200 77
101.228.146.191 - - [01/Feb/2024:10:10:13 +0800] "GET /xingrg/all/function/internal_message.html?_=1706753412210&CODE_STATE=getMsg HTTP/1.1" 200 27
124.78.154.219 - - [01/Feb/2024:10:10:15 +0800] "GET /xingrg/kc/buy/cgsh_order_operate.html?command=get_materiel&rest_code=00106&code=00101008108&supplier_code=00100007&order_time=2024-02-01 HTTP/1.1" 200 433
101.83.145.37 - - [01/Feb/2024:10:10:15 +0800] "GET /xingrg/all/function/internal_message.html?_=1706753417379&CODE_STATE=getMsg HTTP/1.1" 200 27
114.83.219.145 - - [01/Feb/2024:10:10:16 +0800] "POST /xingrg/dwr/call/plaincall/AjaxCheckService.setItemNumber.dwr HTTP/1.1" 200 77
101.83.145.37 - - [01/Feb/2024:10:10:19 +0800] "GET /xingrg/kc/buy/cgsh_order_operate.html?command=get_materiel&rest_code=00105&code=00101010248&supplier_code=00100151&order_time=2024-02-01 HTTP/1.1" 200 430
124.78.68.102 - - [01/Feb/2024:10:10:20 +0800] "GET /xingrg/all/function/internal_message.html?_=1706753420236&CODE_STATE=getMsg HTTP/1.1" 200 27
124.79.240.117 - - [01/Feb/2024:10:10:21 +0800] "GET /xingrg/check_reg.html?_=1706753421893 HTTP/1.1" 200 22
180.156.195.45 - - [01/Feb/2024:10:10:22 +0800] "POST /xingrg/dwr/call/plaincall/AjaxReportQueryService.refreshCache.dwr HTTP/1.1" 200 78
180.156.195.45 - - [01/Feb/2024:10:10:23 +0800] "POST /xingrg/all/report/load_report_page.html HTTP/1.1" 200 8904
180.156.195.45 - - [01/Feb/2024:10:10:23 +0800] "GET /xingrg/servlets/image?cache=0.03387867819997381&image=px HTTP/1.1" 200 807
180.156.195.45 - - [01/Feb/2024:10:10:25 +0800] "GET /xingrg/all/report/report_query.html?isQuery=1&fileName=kc/buy/wlcg_cate_hz.xml&queryString=(CONVERT(char(10)%252Ca.order_time%252C%2520120)%253E%253D'2024-01-01')%2520and%2520(CONVERT(char(10)%252Ca.order_time%252C%2520120)%253C%253D'2024-01-31')%2520and%2520(a.supplier_code%2520in%2520('00100660'))%2520and%2520(a.supplier_code%253D'00100660')&queryText=%25E3%2580%2590%25E9%2587%2587%25E8%25B4%25AD%25E6%2597%25A5%25E6%259C%259F%253A2024-01-01%2520%25E8%2587%25B3%25202024-01-31%25E3%2580%2591%2520%25E5%25B9%25B6%25E4%25B8%2594%2520%2520%25E3%2580%2590%25E4%25BE%259B%25E5%25BA%2594%25E5%2595%2586%2520%253D%2520%25E6%25AD%25AA%25E8%2583%2596%25E5%25AD%2590%25E6%25B2%25B3%25E9%25B2%259C%25E3%2580%2591%2520%25E5%25B9%25B6%25E4%25B8%2594%2520%25E3%2580%2590%25E4%25BE%259B%25E5%25BA%2594%25E5%2595%2586%253D%25E6%25AD%25AA%25E8%2583%2596%25E5%25AD%2590%25E6%25B2%25B3%25E9%25B2%259C%25E3%2580%2591 HTTP/1.1" 200 54449
180.156.195.45 - - [01/Feb/2024:10:10:25 +0800] "GET /xingrg/dwr/interface/AjaxReportQueryService.js HTTP/1.1" 200 13203
180.156.195.45 - - [01/Feb/2024:10:10:25 +0800] "GET /xingrg/dwr/engine.js HTTP/1.1" 200 43631
116.232.192.96 - - [01/Feb/2024:10:10:26 +0800] "GET /xingrg/all/function/internal_message.html?_=1706753357301&CODE_STATE=getMsg HTTP/1.1" 200 27
180.156.195.45 - - [01/Feb/2024:10:10:27 +0800] "POST /xingrg/all/report/load_report_page.html HTTP/1.1" 200 8713
180.156.195.45 - - [01/Feb/2024:10:10:27 +0800] "GET /xingrg/servlets/image?cache=0.6011511479876236&image=px HTTP/1.1" 200 807
116.230.123.222 - - [01/Feb/2024:10:10:28 +0800] "GET /xingrg/all/function/internal_message.html?_=1706753474335&CODE_STATE=getMsg HTTP/1.1" 200 27
101.83.145.37 - - [01/Feb/2024:10:10:28 +0800] "GET /xingrg/kc/buy/cgsh_order_operate.html?command=get_materiel&rest_code=00105&code=00101016030&supplier_code=00100151&order_time=2024-02-01 HTTP/1.1" 200 412
116.238.97.31 - - [01/Feb/2024:10:10:29 +0800] "GET /xingrg/all/function/internal_message.html?_=1706753429831&CODE_STATE=getMsg HTTP/1.1" 200 27
114.83.219.145 - - [01/Feb/2024:10:10:29 +0800] "POST /xingrg/dwr/call/plaincall/AjaxCheckService.setItemNumber.dwr HTTP/1.1" 200 77
180.156.195.45 - - [01/Feb/2024:10:10:30 +0800] "POST /xingrg/all/report/load_report_page.html HTTP/1.1" 200 60159
180.156.195.45 - - [01/Feb/2024:10:10:30 +0800] "GET /xingrg/servlets/image?cache=0.9556381379739445&image=px HTTP/1.1" 200 807
116.238.120.94 - - [01/Feb/2024:10:10:30 +0800] "GET /xingrg/all/function/internal_message.html?_=1706753430196&CODE_STATE=getMsg HTTP/1.1" 200 27
222.70.169.130 - - [01/Feb/2024:10:10:32 +0800] "GET /xingrg/all/function/internal_message.html?_=1706753446136&CODE_STATE=getMsg HTTP/1.1" 200 27
222.69.130.128 - - [01/Feb/2024:10:10:32 +0800] "GET /xingrg/all/function/internal_message.html?_=1706753430201&CODE_STATE=getMsg HTTP/1.1" 200 27
101.83.145.37 - - [01/Feb/2024:10:10:33 +0800] "GET /xingrg/all/function/internal_message.html?_=1706753198276&CODE_STATE=getMsg HTTP/1.1" 200 27
180.169.147.146 - - [01/Feb/2024:10:10:35 +0800] "GET /xingrg/all/report/report_query.html?fileName=kc/buy/yfk_hz_supplier_rest.xml HTTP/1.1" 200 55124
180.169.147.146 - - [01/Feb/2024:10:10:35 +0800] "GET /xingrg/dwr/interface/AjaxReportQueryService.js HTTP/1.1" 200 13203
180.169.147.146 - - [01/Feb/2024:10:10:35 +0800] "GET /xingrg/dwr/engine.js HTTP/1.1" 200 43631
180.169.147.146 - - [01/Feb/2024:10:10:36 +0800] "POST /xingrg/dwr/call/plaincall/AjaxReportQueryService.getFixDate.dwr HTTP/1.1" 200 111
124.78.154.219 - - [01/Feb/2024:10:10:36 +0800] "GET /xingrg/kc/buy/cgsh_order_operate.html?command=get_materiel&rest_code=00106&code=00101008213&supplier_code=00100007&order_time=2024-02-01 HTTP/1.1" 200 412
180.169.147.146 - - [01/Feb/2024:10:10:36 +0800] "POST /xingrg/all/common/load_tree.html?tree=area_rest_tree_json&manage=1 HTTP/1.1" 200 3624
180.169.147.146 - - [01/Feb/2024:10:10:36 +0800] "GET /xingrg/all/function/internal_message.html?_=1706753436487&CODE_STATE=getMsg HTTP/1.1" 200 27
180.169.147.146 - - [01/Feb/2024:10:10:37 +0800] "POST /xingrg/all/common/load_tree.html?tree=supplier_tree_json&manage=1 HTTP/1.1" 200 80869
101.229.175.60 - - [01/Feb/2024:10:10:40 +0800] "GET /xingrg/all/function/internal_message.html?_=1706753446819&CODE_STATE=getMsg HTTP/1.1" 200 27
114.83.219.145 - - [01/Feb/2024:10:10:42 +0800] "POST /xingrg/dwr/call/plaincall/AjaxCheckService.setItemNumber.dwr HTTP/1.1" 200 77
124.78.154.219 - - [01/Feb/2024:10:10:44 +0800] "GET /xingrg/all/function/internal_message.html?_=1706753441005&CODE_STATE=getMsg HTTP/1.1" 200 27
101.83.145.37 - - [01/Feb/2024:10:10:44 +0800] "GET /xingrg/kc/buy/cgsh_order_operate.html?command=get_materiel&rest_code=00105&code=00101012051&supplier_code=00100151&order_time=2024-02-01 HTTP/1.1" 200 408
114.83.219.145 - - [01/Feb/2024:10:10:45 +0800] "GET /xingrg/all/function/internal_message.html?_=1706753447630&CODE_STATE=getMsg HTTP/1.1" 200 27
114.83.219.145 - - [01/Feb/2024:10:10:48 +0800] "POST /xingrg/dwr/call/plaincall/AjaxCheckService.setItemNumber.dwr HTTP/1.1" 200 77
222.70.115.1 - - [01/Feb/2024:10:10:49 +0800] "GET /xingrg/all/function/internal_message.html?_=1706753450129&CODE_STATE=getMsg HTTP/1.1" 302 -
101.83.145.37 - - [01/Feb/2024:10:10:51 +0800] "GET /xingrg/all/function/internal_message.html?_=1706753216344&CODE_STATE=getMsg HTTP/1.1" 200 27
101.83.145.37 - - [01/Feb/2024:10:10:51 +0800] "GET /xingrg/check_reg.html?_=1706753216347 HTTP/1.1" 200 22
114.83.219.145 - - [01/Feb/2024:10:10:53 +0800] "POST /xingrg/dwr/call/plaincall/AjaxCheckService.setItemNumber.dwr HTTP/1.1" 200 77
180.156.195.45 - - [01/Feb/2024:10:10:55 +0800] "GET /xingrg/all/function/internal_message.html?_=1706753455265&CODE_STATE=getMsg HTTP/1.1" 200 27
180.156.195.45 - - [01/Feb/2024:10:10:55 +0800] "GET /xingrg/login.html HTTP/1.1" 200 7641
180.156.195.45 - - [01/Feb/2024:10:10:55 +0800] "GET /favicon.ico HTTP/1.1" 404 -
180.156.195.45 - - [01/Feb/2024:10:10:56 +0800] "GET /xingrg/index.html?sysBaseUrl=http%3A%2F%2F180.169.147.146%3A18081%2Fxingrg%2F&costTime=1225×tamp=1706752673027 HTTP/1.1" 200 17177
180.156.195.45 - - [01/Feb/2024:10:10:56 +0800] "GET /xingrg/javascript/jquery_easy_ui/themes/default/easyui.css HTTP/1.1" 304 -
180.156.195.45 - - [01/Feb/2024:10:10:56 +0800] "GET /xingrg/javascript/jquery_easy_ui/themes/icon.css HTTP/1.1" 304 -
180.156.195.45 - - [01/Feb/2024:10:10:56 +0800] "GET /xingrg/css/form.css HTTP/1.1" 304 -
180.156.195.45 - - [01/Feb/2024:10:10:56 +0800] "POST /xingrg/all/report/report_print.html HTTP/1.1" 302 -
180.156.195.45 - - [01/Feb/2024:10:10:56 +0800] "GET /xingrg/javascript/jquery-1.4.2.min.js HTTP/1.1" 304 -
180.156.195.45 - - [01/Feb/2024:10:10:56 +0800] "GET /xingrg/servlets/html?sysBaseUrl=http%3A%2F%2F180.169.147.146%3A18081%2Fxingrg%2F&costTime=921×tamp=1706753456186 HTTP/1.1" 200 58464
180.156.195.45 - - [01/Feb/2024:10:10:56 +0800] "GET /xingrg/javascript/jquery_easy_ui/jquery.easyui.min.js HTTP/1.1" 304 -
180.169.147.146 - - [01/Feb/2024:10:10:56 +0800] "POST /xingrg/dwr/call/plaincall/AjaxReportQueryService.refreshCache.dwr HTTP/1.1" 200 78
180.156.195.45 - - [01/Feb/2024:10:10:56 +0800] "GET /xingrg/javascript/jquery_easy_ui/easyui-lang-zh_CN.js HTTP/1.1" 304 -
180.156.195.45 - - [01/Feb/2024:10:10:56 +0800] "GET /xingrg/javascript/jquery.form.js HTTP/1.1" 304 -
180.156.195.45 - - [01/Feb/2024:10:10:56 +0800] "GET /xingrg/javascript/jquery.utils.js HTTP/1.1" 304 -
180.156.195.45 - - [01/Feb/2024:10:10:56 +0800] "GET /xingrg/javascript/jquery.timers.js HTTP/1.1" 304 -
180.156.195.45 - - [01/Feb/2024:10:10:56 +0800] "GET /xingrg/images/blue/jxLogo.png HTTP/1.1" 304 -
180.156.195.45 - - [01/Feb/2024:10:10:56 +0800] "GET /xingrg/javascript/jquery_easy_ui/themes/icons/settle_new.png HTTP/1.1" 304 -
180.156.195.45 - - [01/Feb/2024:10:10:56 +0800] "GET /xingrg/images/blue/navBackgound.jpg HTTP/1.1" 304 -
180.156.195.45 - - [01/Feb/2024:10:10:56 +0800] "GET /xingrg/all/function/internal_message.html?_=1706753456562&CODE_STATE=count HTTP/1.1" 200 11
180.156.195.45 - - [01/Feb/2024:10:10:56 +0800] "GET /xingrg/javascript/jquery_easy_ui/themes/default/images/panel_tool_collapse.gif HTTP/1.1" 304 -
180.156.195.45 - - [01/Feb/2024:10:10:56 +0800] "GET /xingrg/check_reg.html?_=1706753456564 HTTP/1.1" 200 22
180.156.195.45 - - [01/Feb/2024:10:10:56 +0800] "GET /xingrg/images/blue/pingpu.png HTTP/1.1" 304 -
180.156.195.45 - - [01/Feb/2024:10:10:56 +0800] "GET /xingrg/javascript/jquery_easy_ui/themes/default/images/tabs_rightarrow.png HTTP/1.1" 304 -
180.156.195.45 - - [01/Feb/2024:10:10:56 +0800] "GET /xingrg/javascript/jquery_easy_ui/themes/default/images/tabs_leftarrow.png HTTP/1.1" 304 -
180.156.195.45 - - [01/Feb/2024:10:10:57 +0800] "POST /xingrg/all/common/load_tree.html?tree=area_rest_tree_json&manage=1 HTTP/1.1" 200 601
180.169.147.146 - - [01/Feb/2024:10:10:57 +0800] "GET /favicon.ico HTTP/1.1" 404 -
180.156.195.45 - - [01/Feb/2024:10:10:57 +0800] "POST /xingrg/load_menu.html HTTP/1.1" 200 5138
180.169.147.146 - - [01/Feb/2024:10:10:58 +0800] "POST /xingrg/all/report/load_report_page.html HTTP/1.1" 200 14244
180.169.147.146 - - [01/Feb/2024:10:10:58 +0800] "GET /xingrg/servlets/image?cache=0.19047562845338373&image=px HTTP/1.1" 200 807
116.230.123.222 - - [01/Feb/2024:10:10:59 +0800] "GET /xingrg/all/function/internal_message.html?_=1706753457408&CODE_STATE=getMsg HTTP/1.1" 200 27
180.169.147.146 - - [01/Feb/2024:10:11:01 +0800] "GET /xingrg/all/report/report_query.html?isQuery=1&fileName=kc/buy/gys_order_rest.xml&queryString=(a.supplier_code%3D'00100547')%20and%20(CONVERT(char(10)%2Ca.order_time%2C%20120)%3E%3D'2024-01-30')%20and%20('2024-01-31'%3E%3DCONVERT(char(10)%2Ca.order_time%2C%20120))%20and%20(a.supplier_code%20in%20('00100547'))&queryText=%E3%80%90%E6%9F%A5%E8%AF%A2%E6%97%A5%E6%9C%9F%3A2024-01-30%20%E8%87%B3%202024-01-31%E3%80%91%20%E5%B9%B6%E4%B8%94%20%20%E3%80%90%E4%BE%9B%E5%BA%94%E5%95%86%20%3D%20%E6%9E%97%E6%94%AF%E8%8E%BA%E3%80%91%20%E3%80%90%E4%BE%9B%E5%BA%94%E5%95%86%20%3D%20%E6%9E%97%E6%94%AF%E8%8E%BA%E3%80%91&rand=0.9069437501755306 HTTP/1.1" 200 51797
180.169.147.146 - - [01/Feb/2024:10:11:01 +0800] "GET /xingrg/all/report/report_query.html?isQuery=1&fileName=kc/buy/gys_order_rest.xml&queryString=(a.supplier_code%3D'00100547')%20and%20(CONVERT(char(10)%2Ca.order_time%2C%20120)%3E%3D'2024-01-30')%20and%20('2024-01-31'%3E%3DCONVERT(char(10)%2Ca.order_time%2C%20120))%20and%20(a.supplier_code%20in%20('00100547'))&queryText=%E3%80%90%E6%9F%A5%E8%AF%A2%E6%97%A5%E6%9C%9F%3A2024-01-30%20%E8%87%B3%202024-01-31%E3%80%91%20%E5%B9%B6%E4%B8%94%20%20%E3%80%90%E4%BE%9B%E5%BA%94%E5%95%86%20%3D%20%E6%9E%97%E6%94%AF%E8%8E%BA%E3%80%91%20%E3%80%90%E4%BE%9B%E5%BA%94%E5%95%86%20%3D%20%E6%9E%97%E6%94%AF%E8%8E%BA%E3%80%91&rand=0.9069437501755306 HTTP/1.1" 200 51797
180.169.147.146 - - [01/Feb/2024:10:11:01 +0800] "GET /xingrg/dwr/interface/AjaxReportQueryService.js HTTP/1.1" 200 13203
180.169.147.146 - - [01/Feb/2024:10:11:01 +0800] "GET /xingrg/dwr/engine.js HTTP/1.1" 200 43631
180.156.195.45 - - [01/Feb/2024:10:11:01 +0800] "POST /xingrg/login.do HTTP/1.1" 302 -
180.156.195.45 - - [01/Feb/2024:10:11:01 +0800] "GET /xingrg/index.html?sysBaseUrl=http%3A%2F%2F180.169.147.146%3A18081%2Fxingrg%2F&costTime=911×tamp=1706753461465 HTTP/1.1" 200 17177
180.156.195.45 - - [01/Feb/2024:10:11:01 +0800] "GET /favicon.ico HTTP/1.1" 404 -
180.156.195.45 - - [01/Feb/2024:10:11:01 +0800] "GET /xingrg/all/function/internal_message.html?_=1706753461671&CODE_STATE=count HTTP/1.1" 200 11
180.156.195.45 - - [01/Feb/2024:10:11:01 +0800] "GET /xingrg/check_reg.html?_=1706753461673 HTTP/1.1" 200 22
180.156.195.45 - - [01/Feb/2024:10:11:02 +0800] "POST /xingrg/all/common/load_tree.html?tree=area_rest_tree_json&manage=1 HTTP/1.1" 200 601
180.169.147.146 - - [01/Feb/2024:10:11:02 +0800] "POST /xingrg/all/report/load_report_page.html HTTP/1.1" 200 94371
180.156.195.45 - - [01/Feb/2024:10:11:02 +0800] "POST /xingrg/load_menu.html HTTP/1.1" 200 5138
180.169.147.146 - - [01/Feb/2024:10:11:02 +0800] "GET /xingrg/servlets/image?cache=0.5379270924783993&image=px HTTP/1.1" 200 807
180.156.195.45 - - [01/Feb/2024:10:11:03 +0800] "GET /xingrg/kc/report/report_main.html HTTP/1.1" 200 7340
180.156.195.45 - - [01/Feb/2024:10:11:04 +0800] "GET /xingrg/all/report/report_query.html?fileName=kc/buy/gys_amount.xml&rh=99999 HTTP/1.1" 200 52006
180.156.195.45 - - [01/Feb/2024:10:11:04 +0800] "GET /xingrg/dwr/interface/AjaxReportQueryService.js HTTP/1.1" 200 13203
180.156.195.45 - - [01/Feb/2024:10:11:04 +0800] "GET /xingrg/dwr/engine.js HTTP/1.1" 200 43631
180.156.195.45 - - [01/Feb/2024:10:11:04 +0800] "POST /xingrg/dwr/call/plaincall/AjaxReportQueryService.getFixDate.dwr HTTP/1.1" 200 111
180.156.195.45 - - [01/Feb/2024:10:11:05 +0800] "POST /xingrg/dwr/call/plaincall/AjaxReportQueryService.getInitString.dwr HTTP/1.1" 200 366
180.156.195.45 - - [01/Feb/2024:10:11:05 +0800] "POST /xingrg/all/common/load_tree.html?tree=materiel_sort_tree_json HTTP/1.1" 200 9734
180.156.195.45 - - [01/Feb/2024:10:11:05 +0800] "POST /xingrg/all/common/load_tree.html?tree=supplier_tree_json&manage=1 HTTP/1.1" 200 80869
124.79.240.117 - - [01/Feb/2024:10:11:06 +0800] "GET /xingrg/all/function/internal_message.html?_=1706753467131&CODE_STATE=getMsg HTTP/1.1" 200 27
124.78.154.219 - - [01/Feb/2024:10:11:07 +0800] "GET /xingrg/all/function/internal_message.html?_=1706753466976&CODE_STATE=getMsg HTTP/1.1" 200 27
180.169.147.146 - - [01/Feb/2024:10:11:07 +0800] "GET /xingrg/login.html HTTP/1.1" 200 7641
172.20.0.100 - - [01/Feb/2024:10:11:09 +0800] "GET /xingrg/all/function/internal_message.html?_=1706753479567&CODE_STATE=getMsg HTTP/1.1" 302 -
172.20.0.100 - - [01/Feb/2024:10:11:09 +0800] "GET /xingrg/check_reg.html?_=1706753479568 HTTP/1.1" 302 -
180.164.1.25 - - [01/Feb/2024:10:11:10 +0800] "GET /xingrg/all/function/internal_message.html?_=1706753469552&CODE_STATE=getMsg HTTP/1.1" 200 27
116.238.120.94 - - [01/Feb/2024:10:11:11 +0800] "GET /xingrg/check_reg.html?_=1706753470722 HTTP/1.1" 200 22
116.238.120.94 - - [01/Feb/2024:10:11:11 +0800] "GET /xingrg/all/function/internal_message.html?_=1706753470725&CODE_STATE=getMsg HTTP/1.1" 200 27
101.228.146.191 - - [01/Feb/2024:10:11:13 +0800] "GET /xingrg/all/function/internal_message.html?_=1706753472220&CODE_STATE=getMsg HTTP/1.1" 200 27
180.169.147.146 - - [01/Feb/2024:10:11:14 +0800] "GET /favicon.ico HTTP/1.1" 404 -
101.83.145.37 - - [01/Feb/2024:10:11:15 +0800] "GET /xingrg/all/function/internal_message.html?_=1706753477429&CODE_STATE=getMsg HTTP/1.1" 200 27
180.156.195.45 - - [01/Feb/2024:10:11:17 +0800] "POST /xingrg/dwr/call/plaincall/AjaxReportQueryService.refreshCache.dwr HTTP/1.1" 200 78
180.156.195.45 - - [01/Feb/2024:10:11:18 +0800] "POST /xingrg/all/report/load_report_page.html HTTP/1.1" 200 8904
180.156.195.45 - - [01/Feb/2024:10:11:18 +0800] "GET /xingrg/servlets/image?cache=0.49043175209411505&image=px HTTP/1.1" 200 807
124.78.68.102 - - [01/Feb/2024:10:11:20 +0800] "GET /xingrg/all/function/internal_message.html?_=1706753480208&CODE_STATE=getMsg HTTP/1.1" 200 27
180.156.195.45 - - [01/Feb/2024:10:11:20 +0800] "GET /xingrg/all/report/report_query.html?isQuery=1&fileName=kc/buy/wlcg_cate_hz.xml&queryString=(CONVERT(char(10)%252Ca.order_time%252C%2520120)%253E%253D'2024-01-01')%2520and%2520(CONVERT(char(10)%252Ca.order_time%252C%2520120)%253C%253D'2024-01-31')%2520and%2520(a.supplier_code%2520in%2520('00100660'))%2520and%2520(a.supplier_code%253D'00100660')&queryText=%25E3%2580%2590%25E9%2587%2587%25E8%25B4%25AD%25E6%2597%25A5%25E6%259C%259F%253A2024-01-01%2520%25E8%2587%25B3%25202024-01-31%25E3%2580%2591%2520%25E5%25B9%25B6%25E4%25B8%2594%2520%2520%25E3%2580%2590%25E4%25BE%259B%25E5%25BA%2594%25E5%2595%2586%2520%253D%2520%25E6%25AD%25AA%25E8%2583%2596%25E5%25AD%2590%25E6%25B2%25B3%25E9%25B2%259C%25E3%2580%2591%2520%25E5%25B9%25B6%25E4%25B8%2594%2520%25E3%2580%2590%25E4%25BE%259B%25E5%25BA%2594%25E5%2595%2586%253D%25E6%25AD%25AA%25E8%2583%2596%25E5%25AD%2590%25E6%25B2%25B3%25E9%25B2%259C%25E3%2580%2591 HTTP/1.1" 200 54449
180.156.195.45 - - [01/Feb/2024:10:11:20 +0800] "GET /xingrg/dwr/interface/AjaxReportQueryService.js HTTP/1.1" 200 13203
180.156.195.45 - - [01/Feb/2024:10:11:20 +0800] "GET /xingrg/dwr/engine.js HTTP/1.1" 200 43631
180.156.195.45 - - [01/Feb/2024:10:11:22 +0800] "POST /xingrg/all/report/load_report_page.html HTTP/1.1" 200 8713
180.156.195.45 - - [01/Feb/2024:10:11:22 +0800] "GET /xingrg/servlets/image?cache=0.8614244211644042&image=px HTTP/1.1" 200 807
180.156.195.45 - - [01/Feb/2024:10:11:24 +0800] "POST /xingrg/all/report/load_report_page.html HTTP/1.1" 200 60159
180.156.195.45 - - [01/Feb/2024:10:11:24 +0800] "GET /xingrg/servlets/image?cache=0.2841938612065019&image=px HTTP/1.1" 200 807
116.232.192.96 - - [01/Feb/2024:10:11:26 +0800] "GET /xingrg/check_reg.html?_=1706753417278 HTTP/1.1" 200 22
