124.78.154.219 - - [01/Feb/2024:09:31:45 +0800] "GET /xingrg/all/function/internal_message.html?_=1706751101673&CODE_STATE=getMsg HTTP/1.1" 200 27
116.238.97.31 - - [01/Feb/2024:09:31:49 +0800] "GET /xingrg/kc/buy/cgsh_order_operate.html?command=get_materiel&rest_code=00102&code=00101008356&supplier_code=00100008&order_time=2024-02-01 HTTP/1.1" 200 429
101.83.145.37 - - [01/Feb/2024:09:31:51 +0800] "GET /xingrg/all/function/internal_message.html?_=1706750876324&CODE_STATE=getMsg HTTP/1.1" 200 27
116.238.97.31 - - [01/Feb/2024:09:31:54 +0800] "GET /xingrg/check_reg.html?_=1706751115592 HTTP/1.1" 200 22
116.238.97.31 - - [01/Feb/2024:09:31:55 +0800] "GET /xingrg/all/function/internal_message.html?_=1706751115919&CODE_STATE=getMsg HTTP/1.1" 200 27
116.238.120.94 - - [01/Feb/2024:09:31:57 +0800] "GET /xingrg/all/function/internal_message.html?_=1706751116143&CODE_STATE=getMsg HTTP/1.1" 200 27
116.232.192.96 - - [01/Feb/2024:09:31:58 +0800] "GET /xingrg/kc/base/check_order_list.html?isBack=1 HTTP/1.1" 200 16138
116.232.192.96 - - [01/Feb/2024:09:31:59 +0800] "POST /xingrg/kc/base/check_list_operate.html HTTP/1.1" 200 5848
116.238.120.94 - - [01/Feb/2024:09:32:00 +0800] "POST /xingrg/kc/buy/cgsh_order_operate.html HTTP/1.1" 200 37
116.238.97.31 - - [01/Feb/2024:09:32:03 +0800] "GET /xingrg/kc/buy/cgsh_order_operate.html?command=get_materiel&rest_code=00102&code=00101008300&supplier_code=00100008&order_time=2024-02-01 HTTP/1.1" 200 412
116.238.120.94 - - [01/Feb/2024:09:32:06 +0800] "POST /xingrg/kc/buy/cgsh_order_operate.html HTTP/1.1" 200 4436
124.78.154.219 - - [01/Feb/2024:09:32:07 +0800] "GET /xingrg/all/function/internal_message.html?_=1706751126972&CODE_STATE=getMsg HTTP/1.1" 200 27
124.79.240.117 - - [01/Feb/2024:09:32:07 +0800] "GET /xingrg/all/function/internal_message.html?_=1706751128088&CODE_STATE=getMsg HTTP/1.1" 200 27
180.164.1.25 - - [01/Feb/2024:09:32:08 +0800] "GET /xingrg/all/function/internal_message.html?_=1706751128197&CODE_STATE=getMsg HTTP/1.1" 200 27
180.164.1.25 - - [01/Feb/2024:09:32:08 +0800] "GET /xingrg/check_reg.html?_=1706751128200 HTTP/1.1" 200 22
172.20.0.100 - - [01/Feb/2024:09:32:09 +0800] "GET /xingrg/all/function/internal_message.html?_=1706751139539&CODE_STATE=getMsg HTTP/1.1" 302 -
116.238.97.31 - - [01/Feb/2024:09:32:16 +0800] "GET /xingrg/kc/buy/cgsh_order_operate.html?command=get_materiel&rest_code=00102&code=00101008251&supplier_code=00100008&order_time=2024-02-01 HTTP/1.1" 200 408
116.232.192.96 - - [01/Feb/2024:09:32:18 +0800] "GET /xingrg/kc/base/check_order_info.html?code=452024013100473 HTTP/1.1" 200 26597
116.232.192.96 - - [01/Feb/2024:09:32:18 +0800] "GET /xingrg/dwr/interface/AjaxComOrderService.js HTTP/1.1" 200 18264
116.232.192.96 - - [01/Feb/2024:09:32:18 +0800] "GET /xingrg/dwr/interface/AjaxCheckService.js HTTP/1.1" 200 14003
116.232.192.96 - - [01/Feb/2024:09:32:18 +0800] "GET /xingrg/dwr/engine.js HTTP/1.1" 200 43631
116.232.192.96 - - [01/Feb/2024:09:32:19 +0800] "POST /xingrg/dwr/call/plaincall/AjaxCheckService.loadOrderItems.dwr HTTP/1.1" 200 48494
222.70.169.130 - - [01/Feb/2024:09:32:20 +0800] "GET /xingrg/check_reg.html?_=1706751154169 HTTP/1.1" 200 22
116.232.192.96 - - [01/Feb/2024:09:32:26 +0800] "GET /xingrg/all/function/internal_message.html?_=1706751077291&CODE_STATE=getMsg HTTP/1.1" 200 27
124.78.68.102 - - [01/Feb/2024:09:32:30 +0800] "GET /xingrg/all/function/internal_message.html?_=1706751150017&CODE_STATE=getMsg HTTP/1.1" 302 -
116.238.120.94 - - [01/Feb/2024:09:32:30 +0800] "GET /xingrg/all/function/internal_message.html?_=1706751150878&CODE_STATE=getMsg HTTP/1.1" 200 27
222.70.169.130 - - [01/Feb/2024:09:32:31 +0800] "GET /xingrg/all/function/internal_message.html?_=1706751165339&CODE_STATE=getMsg HTTP/1.1" 200 27
222.70.169.130 - - [01/Feb/2024:09:32:32 +0800] "GET /xingrg/all/function/internal_message.html?_=1706751163785&CODE_STATE=getMsg HTTP/1.1" 200 27
101.83.145.37 - - [01/Feb/2024:09:32:33 +0800] "GET /xingrg/all/function/internal_message.html?_=1706750918241&CODE_STATE=getMsg HTTP/1.1" 200 27
116.238.97.31 - - [01/Feb/2024:09:32:34 +0800] "GET /xingrg/kc/buy/cgsh_order_operate.html?command=get_materiel&rest_code=00102&code=00101008137&supplier_code=00100008&order_time=2024-02-01 HTTP/1.1" 200 408
101.229.175.60 - - [01/Feb/2024:09:32:41 +0800] "GET /xingrg/all/function/internal_message.html?_=1706751167733&CODE_STATE=getMsg HTTP/1.1" 200 27
222.69.130.128 - - [01/Feb/2024:09:32:44 +0800] "GET /xingrg/all/function/internal_message.html?_=1706751162387&CODE_STATE=getMsg HTTP/1.1" 200 27
124.78.154.219 - - [01/Feb/2024:09:32:45 +0800] "GET /xingrg/all/function/internal_message.html?_=1706751161648&CODE_STATE=getMsg HTTP/1.1" 200 27
124.78.154.219 - - [01/Feb/2024:09:32:45 +0800] "GET /xingrg/check_reg.html?_=1706751161775 HTTP/1.1" 200 22
120.253.135.82 - - [01/Feb/2024:09:32:46 +0800] "GET /xingrg/check_reg.html?_=1706750992868 HTTP/1.1" 200 22
116.232.192.96 - - [01/Feb/2024:09:32:47 +0800] "GET /xingrg/kc/base/base_main.html HTTP/1.1" 200 12142
116.232.192.96 - - [01/Feb/2024:09:32:48 +0800] "GET /xingrg/kc/base/wldb_order_list.html HTTP/1.1" 200 19019
116.232.192.96 - - [01/Feb/2024:09:32:49 +0800] "POST /xingrg/kc/base/wldb_list_operate.html HTTP/1.1" 200 928
116.238.97.31 - - [01/Feb/2024:09:32:50 +0800] "GET /xingrg/kc/buy/cgsh_order_operate.html?command=get_materiel&rest_code=00102&code=00101008077&supplier_code=00100008&order_time=2024-02-01 HTTP/1.1" 200 416
101.83.145.37 - - [01/Feb/2024:09:32:51 +0800] "GET /xingrg/all/function/internal_message.html?_=1706750936325&CODE_STATE=getMsg HTTP/1.1" 200 27
116.232.192.96 - - [01/Feb/2024:09:32:54 +0800] "POST /xingrg/kc/base/wldb_list_operate.html HTTP/1.1" 200 928
116.238.97.31 - - [01/Feb/2024:09:32:54 +0800] "POST /xingrg/kc/buy/cgsh_order_operate.html HTTP/1.1" 200 2065
116.238.97.31 - - [01/Feb/2024:09:32:55 +0800] "GET /xingrg/all/function/internal_message.html?_=1706751175876&CODE_STATE=getMsg HTTP/1.1" 200 27
116.238.120.94 - - [01/Feb/2024:09:32:55 +0800] "POST /xingrg/kc/buy/cgsh_order_operate.html HTTP/1.1" 200 37
116.232.192.96 - - [01/Feb/2024:09:32:56 +0800] "GET /xingrg/kc/base/wldb_order_add.html HTTP/1.1" 200 30350
116.232.192.96 - - [01/Feb/2024:09:32:56 +0800] "GET /xingrg/words/20240131100609_words.js HTTP/1.1" 304 -
116.232.192.96 - - [01/Feb/2024:09:32:56 +0800] "POST /xingrg/kc/base/wldb_order_operate.html HTTP/1.1" 200 6806
116.232.192.96 - - [01/Feb/2024:09:32:56 +0800] "GET /xingrg/all/common/auto_word.html?type=base&rest_code=00155 HTTP/1.1" 200 1907
116.232.192.96 - - [01/Feb/2024:09:32:56 +0800] "GET /xingrg/all/common/auto_word.html?type=base&rest_code=00155 HTTP/1.1" 200 1907
116.232.192.96 - - [01/Feb/2024:09:32:56 +0800] "GET /xingrg/javascript/easyui/themes/default/validatebox.css HTTP/1.1" 404 1104
116.238.120.94 - - [01/Feb/2024:09:32:57 +0800] "GET /xingrg/all/function/internal_message.html?_=1706751176134&CODE_STATE=getMsg HTTP/1.1" 200 27
116.232.192.96 - - [01/Feb/2024:09:32:59 +0800] "GET /xingrg/javascript/auto/indicator.gif HTTP/1.1" 404 1066
116.238.97.31 - - [01/Feb/2024:09:33:00 +0800] "GET /xingrg/kc/buy/cgsh_order_operate.html?command=get_materiel&rest_code=00102&code=00101008336&supplier_code=00100008&order_time=2024-02-01 HTTP/1.1" 200 413
124.78.154.219 - - [01/Feb/2024:09:33:00 +0800] "GET /xingrg/kc/buy/cgsh_order_add.html HTTP/1.1" 200 73467
124.78.154.219 - - [01/Feb/2024:09:33:01 +0800] "POST /xingrg/kc/buy/cgsh_order_operate.html HTTP/1.1" 200 8245
124.78.154.219 - - [01/Feb/2024:09:33:01 +0800] "GET /xingrg/javascript/easyui/themes/default/validatebox.css HTTP/1.1" 404 1104
124.78.154.219 - - [01/Feb/2024:09:33:03 +0800] "GET /xingrg/javascript/easyui/themes/default/tree.css HTTP/1.1" 404 1090
124.78.154.219 - - [01/Feb/2024:09:33:03 +0800] "POST /xingrg/all/common/load_tree.html?tree=supplier_tree_json&isDelete=1 HTTP/1.1" 200 78460
116.232.192.96 - - [01/Feb/2024:09:33:05 +0800] "GET /xingrg/javascript/jquery_tools/images/prev.gif HTTP/1.1" 404 1086
116.232.192.96 - - [01/Feb/2024:09:33:05 +0800] "GET /xingrg/javascript/jquery_tools/images/next.gif HTTP/1.1" 404 1086
124.78.154.219 - - [01/Feb/2024:09:33:07 +0800] "GET /xingrg/all/function/internal_message.html?_=1706751186974&CODE_STATE=getMsg HTTP/1.1" 200 27
124.79.240.117 - - [01/Feb/2024:09:33:07 +0800] "GET /xingrg/all/function/internal_message.html?_=1706751188070&CODE_STATE=getMsg HTTP/1.1" 200 27
180.164.1.25 - - [01/Feb/2024:09:33:07 +0800] "POST /xingrg/kc/buy/cgsh_order_operate.html HTTP/1.1" 200 37
116.238.120.94 - - [01/Feb/2024:09:33:08 +0800] "POST /xingrg/kc/buy/cgsh_order_operate.html HTTP/1.1" 200 12
172.20.0.100 - - [01/Feb/2024:09:33:09 +0800] "GET /xingrg/all/function/internal_message.html?_=1706751199537&CODE_STATE=getMsg HTTP/1.1" 302 -
180.164.1.25 - - [01/Feb/2024:09:33:10 +0800] "GET /xingrg/all/function/internal_message.html?_=1706751190115&CODE_STATE=getMsg HTTP/1.1" 200 27
116.232.192.96 - - [01/Feb/2024:09:33:10 +0800] "GET /xingrg/kc/base/wldb_order_operate.html?command=get_materiel&rest_code=00155&base_code=0010744&code=00101001127 HTTP/1.1" 200 450
116.238.120.94 - - [01/Feb/2024:09:33:11 +0800] "GET /xingrg/kc/buy/cgsh_order_info.html?code=212024020100014 HTTP/1.1" 200 68434
180.164.1.25 - - [01/Feb/2024:09:33:11 +0800] "POST /xingrg/kc/buy/cgsh_order_operate.html HTTP/1.1" 200 26905
116.238.120.94 - - [01/Feb/2024:09:33:11 +0800] "GET /xingrg/javascript/easyui/themes/default/validatebox.css HTTP/1.1" 404 1104
116.238.97.31 - - [01/Feb/2024:09:33:12 +0800] "GET /xingrg/kc/buy/cgsh_order_operate.html?command=get_materiel&rest_code=00102&code=00101008069&supplier_code=00100008&order_time=2024-02-01 HTTP/1.1" 200 414
116.238.120.94 - - [01/Feb/2024:09:33:12 +0800] "POST /xingrg/kc/buy/cgsh_order_operate.html HTTP/1.1" 200 2386
116.238.120.94 - - [01/Feb/2024:09:33:14 +0800] "GET /xingrg/kc/print/load_data.html?order_code=212024020100014&kc_code=cgsh&condition= HTTP/1.1" 200 1439
180.164.1.25 - - [01/Feb/2024:09:33:15 +0800] "GET /xingrg/kc/print/load_config.html?kc_code=cgsh HTTP/1.1" 200 1927
180.164.1.25 - - [01/Feb/2024:09:33:16 +0800] "GET /xingrg/kc/print/load_data.html?order_code=212024020100011&kc_code=cgsh&condition= HTTP/1.1" 200 9861
116.238.120.94 - - [01/Feb/2024:09:33:22 +0800] "POST /xingrg/all/user/operate.html HTTP/1.1" 200 36
116.238.120.94 - - [01/Feb/2024:09:33:22 +0800] "GET /xingrg/index.html?sysBaseUrl=http%3A%2F%2F180.169.147.146%3A18081%2Fxingrg%2F&costTime=858×tamp=1706745761374 HTTP/1.1" 200 17177
116.238.120.94 - - [01/Feb/2024:09:33:22 +0800] "GET /xingrg/javascript/jquery_easy_ui/themes/default/easyui.css HTTP/1.1" 304 -
116.238.120.94 - - [01/Feb/2024:09:33:22 +0800] "GET /xingrg/javascript/jquery_easy_ui/themes/icon.css HTTP/1.1" 304 -
116.238.120.94 - - [01/Feb/2024:09:33:22 +0800] "GET /xingrg/css/form.css HTTP/1.1" 304 -
116.238.120.94 - - [01/Feb/2024:09:33:22 +0800] "GET /xingrg/javascript/jquery-1.4.2.min.js HTTP/1.1" 304 -
116.238.120.94 - - [01/Feb/2024:09:33:22 +0800] "GET /xingrg/javascript/jquery_easy_ui/jquery.easyui.min.js HTTP/1.1" 304 -
116.238.120.94 - - [01/Feb/2024:09:33:22 +0800] "GET /xingrg/javascript/jquery_easy_ui/easyui-lang-zh_CN.js HTTP/1.1" 304 -
116.238.120.94 - - [01/Feb/2024:09:33:22 +0800] "GET /xingrg/javascript/jquery.form.js HTTP/1.1" 304 -
116.238.120.94 - - [01/Feb/2024:09:33:22 +0800] "GET /xingrg/javascript/jquery.utils.js HTTP/1.1" 304 -
116.238.120.94 - - [01/Feb/2024:09:33:22 +0800] "GET /xingrg/javascript/jquery.timers.js HTTP/1.1" 304 -
116.238.120.94 - - [01/Feb/2024:09:33:22 +0800] "GET /xingrg/images/blue/jxLogo.png HTTP/1.1" 304 -
116.238.120.94 - - [01/Feb/2024:09:33:22 +0800] "GET /xingrg/javascript/jquery_easy_ui/themes/icons/settle_new.png HTTP/1.1" 304 -
116.238.120.94 - - [01/Feb/2024:09:33:22 +0800] "GET /xingrg/images/blue/navBackgound.jpg HTTP/1.1" 304 -
116.238.120.94 - - [01/Feb/2024:09:33:22 +0800] "GET /xingrg/all/function/internal_message.html?_=1706751201937&CODE_STATE=count HTTP/1.1" 200 11
116.238.120.94 - - [01/Feb/2024:09:33:22 +0800] "GET /xingrg/check_reg.html?_=1706751201938 HTTP/1.1" 200 22
116.238.120.94 - - [01/Feb/2024:09:33:22 +0800] "GET /xingrg/images/blue/pingpu.png HTTP/1.1" 304 -
116.238.120.94 - - [01/Feb/2024:09:33:22 +0800] "GET /xingrg/javascript/jquery_easy_ui/themes/default/images/tabs_leftarrow.png HTTP/1.1" 304 -
116.238.120.94 - - [01/Feb/2024:09:33:22 +0800] "GET /xingrg/javascript/jquery_easy_ui/themes/default/images/panel_tool_collapse.gif HTTP/1.1" 304 -
116.238.120.94 - - [01/Feb/2024:09:33:22 +0800] "GET /xingrg/javascript/jquery_easy_ui/themes/default/images/tabs_rightarrow.png HTTP/1.1" 304 -
116.238.120.94 - - [01/Feb/2024:09:33:23 +0800] "POST /xingrg/all/common/load_tree.html?tree=area_rest_tree_json&manage=1 HTTP/1.1" 200 476
116.238.120.94 - - [01/Feb/2024:09:33:23 +0800] "POST /xingrg/load_menu.html HTTP/1.1" 200 5138
116.232.192.96 - - [01/Feb/2024:09:33:23 +0800] "GET /xingrg/kc/base/wldb_order_operate.html?command=get_materiel&rest_code=00155&base_code=0010744&code=00101001060 HTTP/1.1" 200 441
116.232.192.96 - - [01/Feb/2024:09:33:26 +0800] "GET /xingrg/all/function/internal_message.html?_=1706751137281&CODE_STATE=getMsg HTTP/1.1" 200 27
116.238.97.31 - - [01/Feb/2024:09:33:28 +0800] "GET /xingrg/kc/buy/cgsh_order_operate.html?command=get_materiel&rest_code=00102&code=00101008286&supplier_code=00100008&order_time=2024-02-01 HTTP/1.1" 200 428
124.78.68.102 - - [01/Feb/2024:09:33:30 +0800] "GET /xingrg/all/function/internal_message.html?_=1706751210001&CODE_STATE=getMsg HTTP/1.1" 302 -
116.238.120.94 - - [01/Feb/2024:09:33:30 +0800] "GET /xingrg/kc/buy/buy_main.html HTTP/1.1" 200 12412
124.78.154.219 - - [01/Feb/2024:09:33:30 +0800] "GET /xingrg/kc/buy/cgsh_order_operate.html?command=get_materiel&rest_code=00106&code=00101008091&supplier_code=00100007&order_time=2024-02-01 HTTP/1.1" 200 412
116.238.120.94 - - [01/Feb/2024:09:33:30 +0800] "GET /xingrg/css/new_ie.css HTTP/1.1" 404 1036
116.238.120.94 - - [01/Feb/2024:09:33:30 +0800] "GET /xingrg/images/blue/button/cgydd.gif HTTP/1.1" 200 2712
116.238.120.94 - - [01/Feb/2024:09:33:30 +0800] "GET /xingrg/images/blue/button/cgfkd.gif HTTP/1.1" 200 2075
116.238.120.94 - - [01/Feb/2024:09:33:30 +0800] "GET /xingrg/images/blue/button/cgshd.gif HTTP/1.1" 200 2618
116.238.120.94 - - [01/Feb/2024:09:33:30 +0800] "GET /xingrg/images/blue/button/ckthd.gif HTTP/1.1" 200 2045
116.238.120.94 - - [01/Feb/2024:09:33:30 +0800] "GET /xingrg/all/function/internal_message.html?_=1706751210859&CODE_STATE=getMsg HTTP/1.1" 200 27
116.238.120.94 - - [01/Feb/2024:09:33:31 +0800] "GET /xingrg/images/yd/bt.gif HTTP/1.1" 404 1040
222.70.169.130 - - [01/Feb/2024:09:33:31 +0800] "GET /xingrg/all/function/internal_message.html?_=1706751225353&CODE_STATE=getMsg HTTP/1.1" 200 27
222.70.169.130 - - [01/Feb/2024:09:33:32 +0800] "GET /xingrg/all/function/internal_message.html?_=1706751223790&CODE_STATE=getMsg HTTP/1.1" 200 27
116.238.120.94 - - [01/Feb/2024:09:33:32 +0800] "GET /xingrg/kc/buy/cgsh_order_list.html HTTP/1.1" 200 57696
101.83.145.37 - - [01/Feb/2024:09:33:33 +0800] "GET /xingrg/check_reg.html?_=1706750978242 HTTP/1.1" 200 22
101.83.145.37 - - [01/Feb/2024:09:33:33 +0800] "GET /xingrg/all/function/internal_message.html?_=1706750978245&CODE_STATE=getMsg HTTP/1.1" 200 27
116.238.120.94 - - [01/Feb/2024:09:33:34 +0800] "POST /xingrg/kc/buy/cgsh_list_operate.html HTTP/1.1" 200 986
222.69.130.128 - - [01/Feb/2024:09:33:35 +0800] "GET /xingrg/check_reg.html?_=1706751212750 HTTP/1.1" 200 22
116.232.192.96 - - [01/Feb/2024:09:33:36 +0800] "GET /xingrg/kc/base/wldb_order_operate.html?command=get_materiel&rest_code=00155&base_code=0010744&code=00101001061 HTTP/1.1" 200 437
116.238.120.94 - - [01/Feb/2024:09:33:36 +0800] "GET /xingrg/kc/buy/cgsh_order_add.html HTTP/1.1" 200 73077
116.238.120.94 - - [01/Feb/2024:09:33:36 +0800] "POST /xingrg/kc/buy/cgsh_order_operate.html HTTP/1.1" 200 8245
116.238.120.94 - - [01/Feb/2024:09:33:36 +0800] "GET /xingrg/javascript/easyui/themes/default/validatebox.css HTTP/1.1" 404 1104
116.238.120.94 - - [01/Feb/2024:09:33:37 +0800] "GET /xingrg/javascript/auto/indicator.gif HTTP/1.1" 404 1066
116.238.97.31 - - [01/Feb/2024:09:33:38 +0800] "GET /xingrg/kc/buy/cgsh_order_operate.html?command=get_materiel&rest_code=00102&code=00101008131&supplier_code=00100008&order_time=2024-02-01 HTTP/1.1" 200 408
124.78.68.102 - - [01/Feb/2024:09:33:41 +0800] "GET /xingrg/check_reg.html?_=1706751221235 HTTP/1.1" 302 -
101.229.175.60 - - [01/Feb/2024:09:33:41 +0800] "GET /xingrg/all/function/internal_message.html?_=1706751227705&CODE_STATE=getMsg HTTP/1.1" 200 27
124.78.154.219 - - [01/Feb/2024:09:33:42 +0800] "GET /xingrg/kc/buy/cgsh_order_operate.html?command=get_materiel&rest_code=00106&code=00101008155&supplier_code=00100007&order_time=2024-02-01 HTTP/1.1" 200 428
116.238.120.94 - - [01/Feb/2024:09:33:44 +0800] "GET /xingrg/check_reg.html?_=1706751223987 HTTP/1.1" 200 22
222.69.130.128 - - [01/Feb/2024:09:33:44 +0800] "GET /xingrg/all/function/internal_message.html?_=1706751222368&CODE_STATE=getMsg HTTP/1.1" 200 27
124.78.154.219 - - [01/Feb/2024:09:33:45 +0800] "GET /xingrg/all/function/internal_message.html?_=1706751221635&CODE_STATE=getMsg HTTP/1.1" 200 27
116.238.97.31 - - [01/Feb/2024:09:33:48 +0800] "GET /xingrg/kc/buy/cgsh_order_operate.html?command=get_materiel&rest_code=00102&code=00101008694&supplier_code=00100008&order_time=2024-02-01 HTTP/1.1" 200 420
116.238.120.94 - - [01/Feb/2024:09:33:48 +0800] "GET /xingrg/kc/buy/cgsh_order_operate.html?command=get_materiel&rest_code=00151&code=00101009053&supplier_code=00100022&order_time=2024-02-01 HTTP/1.1" 200 416
116.238.97.31 - - [01/Feb/2024:09:33:50 +0800] "POST /xingrg/kc/buy/cgsh_order_operate.html HTTP/1.1" 200 2065
101.83.145.37 - - [01/Feb/2024:09:33:51 +0800] "GET /xingrg/all/function/internal_message.html?_=1706750996325&CODE_STATE=getMsg HTTP/1.1" 200 27
116.238.97.31 - - [01/Feb/2024:09:33:55 +0800] "GET /xingrg/all/function/internal_message.html?_=1706751235862&CODE_STATE=getMsg HTTP/1.1" 200 27
116.232.192.96 - - [01/Feb/2024:09:33:57 +0800] "GET /xingrg/kc/base/wldb_order_operate.html?command=get_materiel&rest_code=00155&base_code=0010744&code=00101004020 HTTP/1.1" 200 431
116.238.97.31 - - [01/Feb/2024:09:33:58 +0800] "GET /xingrg/kc/buy/cgsh_order_operate.html?command=get_materiel&rest_code=00102&code=00101008318&supplier_code=00100008&order_time=2024-02-01 HTTP/1.1" 200 408
180.164.1.25 - - [01/Feb/2024:09:33:59 +0800] "GET /xingrg/kc/buy/cgsh_order_list.html HTTP/1.1" 200 57702
116.238.120.94 - - [01/Feb/2024:09:34:00 +0800] "GET /xingrg/kc/buy/cgsh_order_operate.html?command=get_materiel&rest_code=00151&code=00101009062&supplier_code=00100022&order_time=2024-02-01 HTTP/1.1" 200 412
180.164.1.25 - - [01/Feb/2024:09:34:03 +0800] "POST /xingrg/kc/buy/cgsh_list_operate.html HTTP/1.1" 200 1876
116.238.97.31 - - [01/Feb/2024:09:34:07 +0800] "GET /xingrg/kc/buy/cgsh_order_operate.html?command=get_materiel&rest_code=00102&code=00101008352&supplier_code=00100008&order_time=2024-02-01 HTTP/1.1" 200 432
124.78.154.219 - - [01/Feb/2024:09:34:07 +0800] "GET /xingrg/check_reg.html?_=1706751246967 HTTP/1.1" 200 22
124.78.154.219 - - [01/Feb/2024:09:34:07 +0800] "GET /xingrg/all/function/internal_message.html?_=1706751246975&CODE_STATE=getMsg HTTP/1.1" 200 27
124.79.240.117 - - [01/Feb/2024:09:34:07 +0800] "GET /xingrg/all/function/internal_message.html?_=1706751248048&CODE_STATE=getMsg HTTP/1.1" 200 27
180.164.1.25 - - [01/Feb/2024:09:34:09 +0800] "POST /xingrg/kc/buy/cgsh_list_operate.html HTTP/1.1" 200 592
172.20.0.100 - - [01/Feb/2024:09:34:09 +0800] "GET /xingrg/all/function/internal_message.html?_=1706751259536&CODE_STATE=getMsg HTTP/1.1" 302 -
180.164.1.25 - - [01/Feb/2024:09:34:10 +0800] "GET /xingrg/kc/buy/cgsh_order_info.html?code=212024020100011 HTTP/1.1" 200 73568
180.164.1.25 - - [01/Feb/2024:09:34:10 +0800] "GET /xingrg/javascript/easyui/themes/default/validatebox.css HTTP/1.1" 404 1104
116.238.120.94 - - [01/Feb/2024:09:34:10 +0800] "GET /xingrg/kc/buy/cgsh_order_operate.html?command=get_materiel&rest_code=00151&code=00101009039&supplier_code=00100022&order_time=2024-02-01 HTTP/1.1" 200 408
180.164.1.25 - - [01/Feb/2024:09:34:10 +0800] "GET /xingrg/all/function/internal_message.html?_=1706751250090&CODE_STATE=getMsg HTTP/1.1" 200 27
180.164.1.25 - - [01/Feb/2024:09:34:11 +0800] "POST /xingrg/kc/buy/cgsh_order_operate.html HTTP/1.1" 200 26905
116.238.97.31 - - [01/Feb/2024:09:34:16 +0800] "GET /xingrg/kc/buy/cgsh_order_operate.html?command=get_materiel&rest_code=00102&code=00101008098&supplier_code=00100008&order_time=2024-02-01 HTTP/1.1" 200 412
116.232.192.96 - - [01/Feb/2024:09:34:17 +0800] "POST /xingrg/kc/base/wldb_order_operate.html HTTP/1.1" 200 37
116.232.192.96 - - [01/Feb/2024:09:34:18 +0800] "POST /xingrg/kc/base/wldb_order_operate.html HTTP/1.1" 200 3142
116.232.192.96 - - [01/Feb/2024:09:34:19 +0800] "GET /xingrg/kc/base/wldb_order_info.html?code=422024020100001 HTTP/1.1" 200 30365
116.232.192.96 - - [01/Feb/2024:09:34:20 +0800] "GET /xingrg/javascript/easyui/themes/default/validatebox.css HTTP/1.1" 404 1104
180.156.195.45 - - [01/Feb/2024:09:34:20 +0800] "GET /xingrg/kc/base/base_main.html HTTP/1.1" 302 -
180.156.195.45 - - [01/Feb/2024:09:34:20 +0800] "GET /xingrg/login.html HTTP/1.1" 200 7641
180.156.195.45 - - [01/Feb/2024:09:34:20 +0800] "GET /xingrg/login.html HTTP/1.1" 200 7641
116.238.120.94 - - [01/Feb/2024:09:34:20 +0800] "GET /xingrg/kc/buy/cgsh_order_operate.html?command=get_materiel&rest_code=00151&code=00101009013&supplier_code=00100022&order_time=2024-02-01 HTTP/1.1" 200 420
180.156.195.45 - - [01/Feb/2024:09:34:20 +0800] "GET /favicon.ico HTTP/1.1" 404 -
116.232.192.96 - - [01/Feb/2024:09:34:20 +0800] "POST /xingrg/kc/base/wldb_order_operate.html HTTP/1.1" 200 3142
180.156.195.45 - - [01/Feb/2024:09:34:22 +0800] "POST /xingrg/login.do HTTP/1.1" 302 -
180.156.195.45 - - [01/Feb/2024:09:34:22 +0800] "GET /xingrg/index.html?sysBaseUrl=http%3A%2F%2F180.169.147.146%3A18081%2Fxingrg%2F&costTime=856×tamp=1706751262843 HTTP/1.1" 200 17177
116.238.120.94 - - [01/Feb/2024:09:34:22 +0800] "GET /xingrg/all/function/internal_message.html?_=1706751261951&CODE_STATE=getMsg HTTP/1.1" 200 27
180.156.195.45 - - [01/Feb/2024:09:34:22 +0800] "GET /favicon.ico HTTP/1.1" 404 -
180.156.195.45 - - [01/Feb/2024:09:34:23 +0800] "GET /xingrg/all/function/internal_message.html?_=1706751267846&CODE_STATE=count HTTP/1.1" 200 11
180.156.195.45 - - [01/Feb/2024:09:34:23 +0800] "GET /xingrg/check_reg.html?_=1706751267847 HTTP/1.1" 200 22
180.156.195.45 - - [01/Feb/2024:09:34:23 +0800] "POST /xingrg/all/common/load_tree.html?tree=area_rest_tree_json&manage=1 HTTP/1.1" 200 601
180.156.195.45 - - [01/Feb/2024:09:34:23 +0800] "POST /xingrg/load_menu.html HTTP/1.1" 200 5138
180.156.195.45 - - [01/Feb/2024:09:34:24 +0800] "GET /xingrg/kc/base/base_main.html HTTP/1.1" 200 12142
180.156.195.45 - - [01/Feb/2024:09:34:25 +0800] "GET /xingrg/kc/base/wldb_order_list.html HTTP/1.1" 200 19017
180.156.195.45 - - [01/Feb/2024:09:34:25 +0800] "POST /xingrg/kc/base/wldb_list_operate.html HTTP/1.1" 200 928
180.163.29.206 - - [01/Feb/2024:09:34:26 +0800] "GET /xingrg/kc/buy/cgsh_order_operate.html?command=get_materiel&rest_code=00106&code=00101008091&supplier_code=00100007&order_time=2024-02-01 HTTP/1.1" 302 -
180.163.29.206 - - [01/Feb/2024:09:34:26 +0800] "GET /xingrg/login.html HTTP/1.1" 200 7641
116.232.192.96 - - [01/Feb/2024:09:34:26 +0800] "GET /xingrg/all/function/internal_message.html?_=1706751197290&CODE_STATE=getMsg HTTP/1.1" 200 27
180.156.195.45 - - [01/Feb/2024:09:34:28 +0800] "POST /xingrg/kc/base/wldb_list_operate.html HTTP/1.1" 200 5112
180.164.1.25 - - [01/Feb/2024:09:34:29 +0800] "POST /xingrg/kc/buy/cgsh_order_operate.html HTTP/1.1" 200 37
180.156.195.45 - - [01/Feb/2024:09:34:30 +0800] "POST /xingrg/kc/base/wldb_list_operate.html HTTP/1.1" 200 607
124.78.68.102 - - [01/Feb/2024:09:34:30 +0800] "GET /xingrg/all/function/internal_message.html?_=1706751269981&CODE_STATE=getMsg HTTP/1.1" 302 -
116.238.120.94 - - [01/Feb/2024:09:34:30 +0800] "GET /xingrg/all/function/internal_message.html?_=1706751270841&CODE_STATE=getMsg HTTP/1.1" 200 27
116.238.97.31 - - [01/Feb/2024:09:34:31 +0800] "GET /xingrg/kc/buy/cgsh_order_operate.html?command=get_materiel&rest_code=00102&code=00101008005&supplier_code=00100008&order_time=2024-02-01 HTTP/1.1" 200 433
222.70.169.130 - - [01/Feb/2024:09:34:31 +0800] "GET /xingrg/all/function/internal_message.html?_=1706751285390&CODE_STATE=getMsg HTTP/1.1" 200 27
222.70.169.130 - - [01/Feb/2024:09:34:32 +0800] "GET /xingrg/all/function/internal_message.html?_=1706751283806&CODE_STATE=getMsg HTTP/1.1" 200 27
180.164.1.25 - - [01/Feb/2024:09:34:32 +0800] "POST /xingrg/kc/buy/cgsh_order_operate.html HTTP/1.1" 200 26310
101.83.145.37 - - [01/Feb/2024:09:34:33 +0800] "GET /xingrg/all/function/internal_message.html?_=1706751038245&CODE_STATE=getMsg HTTP/1.1" 200 27
116.232.192.96 - - [01/Feb/2024:09:34:34 +0800] "POST /xingrg/kc/base/wldb_order_operate.html HTTP/1.1" 200 37
124.78.154.219 - - [01/Feb/2024:09:34:37 +0800] "GET /xingrg/kc/buy/cgsh_order_operate.html?command=get_materiel&rest_code=00106&code=00101008354&supplier_code=00100007&order_time=2024-02-01 HTTP/1.1" 200 433
180.156.195.45 - - [01/Feb/2024:09:34:38 +0800] "POST /xingrg/kc/base/wldb_list_operate.html HTTP/1.1" 200 590
180.156.195.45 - - [01/Feb/2024:09:34:40 +0800] "GET /xingrg/kc/base/wldb_order_info.html?code=422024013103448 HTTP/1.1" 200 26231
180.156.195.45 - - [01/Feb/2024:09:34:40 +0800] "GET /xingrg/words/20240131100609_words.js HTTP/1.1" 304 -
180.156.195.45 - - [01/Feb/2024:09:34:40 +0800] "GET /xingrg/javascript/easyui/themes/default/validatebox.css HTTP/1.1" 404 1104
180.156.195.45 - - [01/Feb/2024:09:34:40 +0800] "POST /xingrg/kc/base/wldb_order_operate.html HTTP/1.1" 200 6079
116.232.192.96 - - [01/Feb/2024:09:34:40 +0800] "POST /xingrg/kc/base/wldb_order_operate.html HTTP/1.1" 200 12
116.232.192.96 - - [01/Feb/2024:09:34:40 +0800] "POST /xingrg/kc/base/wldb_order_operate.html HTTP/1.1" 200 3139
101.229.175.60 - - [01/Feb/2024:09:34:41 +0800] "GET /xingrg/all/function/internal_message.html?_=1706751287674&CODE_STATE=getMsg HTTP/1.1" 200 27
116.232.192.96 - - [01/Feb/2024:09:34:42 +0800] "GET /xingrg/kc/base/wldb_order_info.html?code=422024020100001 HTTP/1.1" 200 26229
116.232.192.96 - - [01/Feb/2024:09:34:42 +0800] "GET /xingrg/javascript/easyui/themes/default/validatebox.css HTTP/1.1" 404 1104
116.232.192.96 - - [01/Feb/2024:09:34:43 +0800] "POST /xingrg/kc/base/wldb_order_operate.html HTTP/1.1" 200 1414
180.164.1.25 - - [01/Feb/2024:09:34:43 +0800] "GET /xingrg/kc/base/check_order_list.html HTTP/1.1" 200 16142
116.238.97.31 - - [01/Feb/2024:09:34:43 +0800] "GET /xingrg/kc/buy/cgsh_order_operate.html?command=get_materiel&rest_code=00102&code=00101008353&supplier_code=00100008&order_time=2024-02-01 HTTP/1.1" 200 429
180.164.1.25 - - [01/Feb/2024:09:34:43 +0800] "POST /xingrg/kc/base/check_list_operate.html HTTP/1.1" 200 3252
222.69.130.128 - - [01/Feb/2024:09:34:44 +0800] "GET /xingrg/all/function/internal_message.html?_=1706751282341&CODE_STATE=getMsg HTTP/1.1" 200 27
124.78.154.219 - - [01/Feb/2024:09:34:44 +0800] "GET /xingrg/all/function/internal_message.html?_=1706751281608&CODE_STATE=getMsg HTTP/1.1" 200 27
116.232.192.96 - - [01/Feb/2024:09:34:47 +0800] "POST /xingrg/kc/base/wldb_list_operate.html HTTP/1.1" 200 928
101.83.145.37 - - [01/Feb/2024:09:34:51 +0800] "GET /xingrg/all/function/internal_message.html?_=1706751056326&CODE_STATE=getMsg HTTP/1.1" 200 27
116.238.97.31 - - [01/Feb/2024:09:34:55 +0800] "GET /xingrg/all/function/internal_message.html?_=1706751295852&CODE_STATE=getMsg HTTP/1.1" 200 27
101.229.175.60 - - [01/Feb/2024:09:34:56 +0800] "GET /xingrg/check_reg.html?_=1706751302637 HTTP/1.1" 200 22
124.78.154.219 - - [01/Feb/2024:09:34:56 +0800] "GET /xingrg/kc/buy/cgsh_order_operate.html?command=get_materiel&rest_code=00106&code=00101008283&supplier_code=00100007&order_time=2024-02-01 HTTP/1.1" 200 408
116.238.120.94 - - [01/Feb/2024:09:35:05 +0800] "POST /xingrg/kc/buy/cgsh_order_operate.html HTTP/1.1" 200 37
124.78.154.219 - - [01/Feb/2024:09:35:07 +0800] "GET /xingrg/all/function/internal_message.html?_=1706751306977&CODE_STATE=getMsg HTTP/1.1" 200 27
124.79.240.117 - - [01/Feb/2024:09:35:07 +0800] "GET /xingrg/all/function/internal_message.html?_=1706751308019&CODE_STATE=getMsg HTTP/1.1" 200 27
172.20.0.100 - - [01/Feb/2024:09:35:09 +0800] "GET /xingrg/all/function/internal_message.html?_=1706751319535&CODE_STATE=getMsg HTTP/1.1" 302 -
116.238.120.94 - - [01/Feb/2024:09:35:09 +0800] "POST /xingrg/kc/buy/cgsh_order_operate.html HTTP/1.1" 200 4464
180.164.1.25 - - [01/Feb/2024:09:35:10 +0800] "GET /xingrg/all/function/internal_message.html?_=1706751310064&CODE_STATE=getMsg HTTP/1.1" 200 27
124.78.154.219 - - [01/Feb/2024:09:35:12 +0800] "GET /xingrg/kc/buy/cgsh_order_operate.html?command=get_materiel&rest_code=00106&code=00101008038&supplier_code=00100007&order_time=2024-02-01 HTTP/1.1" 200 412
116.232.192.96 - - [01/Feb/2024:09:35:12 +0800] "GET /xingrg/kc/base/check_order_list.html HTTP/1.1" 200 16138
116.232.192.96 - - [01/Feb/2024:09:35:12 +0800] "POST /xingrg/kc/base/check_list_operate.html HTTP/1.1" 200 5848
116.232.192.96 - - [01/Feb/2024:09:35:15 +0800] "GET /xingrg/kc/base/check_order_info.html?code=452024013100473 HTTP/1.1" 200 26597
116.232.192.96 - - [01/Feb/2024:09:35:15 +0800] "GET /xingrg/dwr/interface/AjaxComOrderService.js HTTP/1.1" 200 18264
116.232.192.96 - - [01/Feb/2024:09:35:15 +0800] "GET /xingrg/dwr/interface/AjaxCheckService.js HTTP/1.1" 200 14003
116.232.192.96 - - [01/Feb/2024:09:35:15 +0800] "GET /xingrg/dwr/engine.js HTTP/1.1" 200 43631
116.232.192.96 - - [01/Feb/2024:09:35:16 +0800] "POST /xingrg/dwr/call/plaincall/AjaxCheckService.loadOrderItems.dwr HTTP/1.1" 200 48494
180.156.195.45 - - [01/Feb/2024:09:35:18 +0800] "POST /xingrg/kc/base/wldb_list_operate.html HTTP/1.1" 200 598
180.156.195.45 - - [01/Feb/2024:09:35:19 +0800] "GET /xingrg/kc/base/wldb_order_info.html?code=422024013103639 HTTP/1.1" 200 26222
180.156.195.45 - - [01/Feb/2024:09:35:19 +0800] "GET /xingrg/javascript/easyui/themes/default/validatebox.css HTTP/1.1" 404 1104
180.156.195.45 - - [01/Feb/2024:09:35:19 +0800] "POST /xingrg/kc/base/wldb_order_operate.html HTTP/1.1" 200 16276
124.79.240.117 - - [01/Feb/2024:09:35:21 +0800] "GET /xingrg/check_reg.html?_=1706751322030 HTTP/1.1" 200 22
116.232.192.96 - - [01/Feb/2024:09:35:22 +0800] "POST /xingrg/dwr/call/plaincall/AjaxCheckService.setItemNumber.dwr HTTP/1.1" 200 76
116.238.120.94 - - [01/Feb/2024:09:35:22 +0800] "GET /xingrg/all/function/internal_message.html?_=1706751321955&CODE_STATE=getMsg HTTP/1.1" 200 27
180.156.195.45 - - [01/Feb/2024:09:35:23 +0800] "GET /xingrg/all/function/internal_message.html?_=1706751323085&CODE_STATE=getMsg HTTP/1.1" 200 27
116.238.97.31 - - [01/Feb/2024:09:35:23 +0800] "POST /xingrg/kc/buy/cgsh_order_operate.html HTTP/1.1" 200 2065
116.232.192.96 - - [01/Feb/2024:09:35:26 +0800] "GET /xingrg/all/function/internal_message.html?_=1706751257296&CODE_STATE=getMsg HTTP/1.1" 200 27
116.232.192.96 - - [01/Feb/2024:09:35:27 +0800] "POST /xingrg/dwr/call/plaincall/AjaxCheckService.setItemNumber.dwr HTTP/1.1" 200 76
116.232.192.96 - - [01/Feb/2024:09:35:28 +0800] "POST /xingrg/dwr/call/plaincall/AjaxCheckService.setItemNumber.dwr HTTP/1.1" 200 76
124.78.68.102 - - [01/Feb/2024:09:35:30 +0800] "GET /xingrg/all/function/internal_message.html?_=1706751329966&CODE_STATE=getMsg HTTP/1.1" 302 -
116.232.192.96 - - [01/Feb/2024:09:35:30 +0800] "POST /xingrg/dwr/call/plaincall/AjaxCheckService.setItemNumber.dwr HTTP/1.1" 200 76
116.238.120.94 - - [01/Feb/2024:09:35:30 +0800] "GET /xingrg/all/function/internal_message.html?_=1706751330820&CODE_STATE=getMsg HTTP/1.1" 200 27
124.78.154.219 - - [01/Feb/2024:09:35:31 +0800] "GET /xingrg/kc/buy/cgsh_order_operate.html?command=get_materiel&rest_code=00106&code=00101008355&supplier_code=00100007&order_time=2024-02-01 HTTP/1.1" 200 429
222.70.169.130 - - [01/Feb/2024:09:35:31 +0800] "GET /xingrg/all/function/internal_message.html?_=1706751345395&CODE_STATE=getMsg HTTP/1.1" 200 27
222.70.169.130 - - [01/Feb/2024:09:35:32 +0800] "GET /xingrg/all/function/internal_message.html?_=1706751343818&CODE_STATE=getMsg HTTP/1.1" 200 27
116.232.192.96 - - [01/Feb/2024:09:35:32 +0800] "POST /xingrg/dwr/call/plaincall/AjaxCheckService.setItemNumber.dwr HTTP/1.1" 200 76
101.83.145.37 - - [01/Feb/2024:09:35:33 +0800] "GET /xingrg/all/function/internal_message.html?_=1706751098246&CODE_STATE=getMsg HTTP/1.1" 200 27
116.238.97.31 - - [01/Feb/2024:09:35:33 +0800] "GET /xingrg/kc/buy/cgsh_order_operate.html?command=get_materiel&rest_code=00102&code=00101008213&supplier_code=00100008&order_time=2024-02-01 HTTP/1.1" 200 412
116.232.192.96 - - [01/Feb/2024:09:35:35 +0800] "POST /xingrg/dwr/call/plaincall/AjaxCheckService.setItemNumber.dwr HTTP/1.1" 200 76
116.238.120.94 - - [01/Feb/2024:09:35:37 +0800] "POST /xingrg/kc/buy/cgsh_order_operate.html HTTP/1.1" 200 37
116.232.192.96 - - [01/Feb/2024:09:35:39 +0800] "POST /xingrg/dwr/call/plaincall/AjaxCheckService.setItemNumber.dwr HTTP/1.1" 200 76
101.229.175.60 - - [01/Feb/2024:09:35:41 +0800] "GET /xingrg/all/function/internal_message.html?_=1706751347646&CODE_STATE=getMsg HTTP/1.1" 200 27
116.232.192.96 - - [01/Feb/2024:09:35:42 +0800] "POST /xingrg/dwr/call/plaincall/AjaxCheckService.setItemNumber.dwr HTTP/1.1" 200 76
116.232.192.96 - - [01/Feb/2024:09:35:42 +0800] "POST /xingrg/dwr/call/plaincall/AjaxCheckService.setItemNumber.dwr HTTP/1.1" 200 76
116.232.192.96 - - [01/Feb/2024:09:35:42 +0800] "POST /xingrg/dwr/call/plaincall/AjaxCheckService.setItemNumber.dwr HTTP/1.1" 200 77
116.232.192.96 - - [01/Feb/2024:09:35:43 +0800] "POST /xingrg/dwr/call/plaincall/AjaxCheckService.setItemNumber.dwr HTTP/1.1" 200 77
116.232.192.96 - - [01/Feb/2024:09:35:44 +0800] "POST /xingrg/dwr/call/plaincall/AjaxCheckService.setItemNumber.dwr HTTP/1.1" 200 77
124.78.154.219 - - [01/Feb/2024:09:35:44 +0800] "GET /xingrg/kc/buy/cgsh_order_operate.html?command=get_materiel&rest_code=00106&code=00101008264&supplier_code=00100007&order_time=2024-02-01 HTTP/1.1" 200 433
116.232.192.96 - - [01/Feb/2024:09:35:44 +0800] "POST /xingrg/dwr/call/plaincall/AjaxCheckService.setItemNumber.dwr HTTP/1.1" 200 77
222.69.130.128 - - [01/Feb/2024:09:35:44 +0800] "GET /xingrg/all/function/internal_message.html?_=1706751342316&CODE_STATE=getMsg HTTP/1.1" 200 27
124.78.154.219 - - [01/Feb/2024:09:35:44 +0800] "GET /xingrg/all/function/internal_message.html?_=1706751341580&CODE_STATE=getMsg HTTP/1.1" 200 27
116.238.97.31 - - [01/Feb/2024:09:35:46 +0800] "GET /xingrg/kc/buy/cgsh_order_operate.html?command=get_materiel&rest_code=00102&code=00101010063&supplier_code=00100008&order_time=2024-02-01 HTTP/1.1" 200 408
116.232.192.96 - - [01/Feb/2024:09:35:46 +0800] "POST /xingrg/dwr/call/plaincall/AjaxCheckService.setItemNumber.dwr HTTP/1.1" 200 77
116.232.192.96 - - [01/Feb/2024:09:35:47 +0800] "POST /xingrg/dwr/call/plaincall/AjaxCheckService.setItemNumber.dwr HTTP/1.1" 200 77
116.238.120.94 - - [01/Feb/2024:09:35:47 +0800] "POST /xingrg/kc/buy/cgsh_order_operate.html HTTP/1.1" 200 12
116.232.192.96 - - [01/Feb/2024:09:35:47 +0800] "POST /xingrg/dwr/call/plaincall/AjaxCheckService.setItemNumber.dwr HTTP/1.1" 200 77
116.232.192.96 - - [01/Feb/2024:09:35:48 +0800] "POST /xingrg/dwr/call/plaincall/AjaxCheckService.setItemNumber.dwr HTTP/1.1" 200 77
116.232.192.96 - - [01/Feb/2024:09:35:49 +0800] "POST /xingrg/dwr/call/plaincall/AjaxCheckService.setItemNumber.dwr HTTP/1.1" 200 77
116.232.192.96 - - [01/Feb/2024:09:35:50 +0800] "POST /xingrg/dwr/call/plaincall/AjaxCheckService.setItemNumber.dwr HTTP/1.1" 200 77
180.156.195.45 - - [01/Feb/2024:09:35:50 +0800] "GET /xingrg/kc/base/wldb_order_info.html?code=422024013103448 HTTP/1.1" 200 26231
180.156.195.45 - - [01/Feb/2024:09:35:51 +0800] "GET /xingrg/javascript/easyui/themes/default/validatebox.css HTTP/1.1" 404 1104
116.232.192.96 - - [01/Feb/2024:09:35:51 +0800] "POST /xingrg/dwr/call/plaincall/AjaxCheckService.setItemNumber.dwr HTTP/1.1" 200 77
101.83.145.37 - - [01/Feb/2024:09:35:51 +0800] "GET /xingrg/check_reg.html?_=1706751116326 HTTP/1.1" 200 22
101.83.145.37 - - [01/Feb/2024:09:35:51 +0800] "GET /xingrg/all/function/internal_message.html?_=1706751116329&CODE_STATE=getMsg HTTP/1.1" 200 27
180.156.195.45 - - [01/Feb/2024:09:35:51 +0800] "POST /xingrg/kc/base/wldb_order_operate.html HTTP/1.1" 200 6079
116.232.192.96 - - [01/Feb/2024:09:35:51 +0800] "POST /xingrg/dwr/call/plaincall/AjaxCheckService.setItemNumber.dwr HTTP/1.1" 200 77
116.238.120.94 - - [01/Feb/2024:09:35:51 +0800] "GET /xingrg/kc/buy/cgsh_order_info.html?code=212024020100015 HTTP/1.1" 200 67988
116.238.120.94 - - [01/Feb/2024:09:35:52 +0800] "GET /xingrg/javascript/easyui/themes/default/validatebox.css HTTP/1.1" 404 1104
116.238.120.94 - - [01/Feb/2024:09:35:53 +0800] "POST /xingrg/kc/buy/cgsh_order_operate.html HTTP/1.1" 200 2414
180.163.29.206 - - [01/Feb/2024:09:35:53 +0800] "GET /xingrg/kc/buy/cgsh_order_operate.html?command=get_materiel&rest_code=00106&code=00101008283&supplier_code=00100007&order_time=2024-02-01 HTTP/1.1" 302 -
180.163.29.206 - - [01/Feb/2024:09:35:53 +0800] "GET /xingrg/login.html HTTP/1.1" 200 7641
116.238.97.31 - - [01/Feb/2024:09:35:54 +0800] "GET /xingrg/all/function/internal_message.html?_=1706751355842&CODE_STATE=getMsg HTTP/1.1" 200 27
116.232.192.96 - - [01/Feb/2024:09:35:55 +0800] "POST /xingrg/dwr/call/plaincall/AjaxCheckService.setItemNumber.dwr HTTP/1.1" 200 77
116.232.192.96 - - [01/Feb/2024:09:35:56 +0800] "POST /xingrg/dwr/call/plaincall/AjaxCheckService.setItemNumber.dwr HTTP/1.1" 200 77
116.232.192.96 - - [01/Feb/2024:09:35:56 +0800] "POST /xingrg/dwr/call/plaincall/AjaxCheckService.setItemNumber.dwr HTTP/1.1" 200 77
116.232.192.96 - - [01/Feb/2024:09:35:57 +0800] "POST /xingrg/dwr/call/plaincall/AjaxCheckService.setItemNumber.dwr HTTP/1.1" 200 77
116.238.120.94 - - [01/Feb/2024:09:35:58 +0800] "GET /xingrg/kc/print/load_data.html?order_code=212024020100015&kc_code=cgsh&condition= HTTP/1.1" 200 1475
124.78.154.219 - - [01/Feb/2024:09:35:58 +0800] "GET /xingrg/kc/buy/cgsh_order_operate.html?command=get_materiel&rest_code=00106&code=00101008362&supplier_code=00100007&order_time=2024-02-01 HTTP/1.1" 200 408
116.232.192.96 - - [01/Feb/2024:09:36:01 +0800] "POST /xingrg/dwr/call/plaincall/AjaxCheckService.setItemNumber.dwr HTTP/1.1" 200 77
116.232.192.96 - - [01/Feb/2024:09:36:02 +0800] "POST /xingrg/dwr/call/plaincall/AjaxCheckService.setItemNumber.dwr HTTP/1.1" 200 77
116.238.97.31 - - [01/Feb/2024:09:36:02 +0800] "GET /xingrg/kc/buy/cgsh_order_operate.html?command=get_materiel&rest_code=00102&code=00101010269&supplier_code=00100008&order_time=2024-02-01 HTTP/1.1" 200 408
116.232.192.96 - - [01/Feb/2024:09:36:02 +0800] "POST /xingrg/dwr/call/plaincall/AjaxCheckService.setItemNumber.dwr HTTP/1.1" 200 77
116.232.192.96 - - [01/Feb/2024:09:36:03 +0800] "POST /xingrg/dwr/call/plaincall/AjaxCheckService.setItemNumber.dwr HTTP/1.1" 200 77
116.232.192.96 - - [01/Feb/2024:09:36:04 +0800] "POST /xingrg/dwr/call/plaincall/AjaxCheckService.setItemNumber.dwr HTTP/1.1" 200 77
116.232.192.96 - - [01/Feb/2024:09:36:04 +0800] "POST /xingrg/dwr/call/plaincall/AjaxCheckService.setItemNumber.dwr HTTP/1.1" 200 77
180.156.195.45 - - [01/Feb/2024:09:36:05 +0800] "POST /xingrg/kc/base/wldb_order_operate.html HTTP/1.1" 200 12
116.232.192.96 - - [01/Feb/2024:09:36:05 +0800] "POST /xingrg/dwr/call/plaincall/AjaxCheckService.setItemNumber.dwr HTTP/1.1" 200 77
124.78.154.219 - - [01/Feb/2024:09:36:07 +0800] "GET /xingrg/all/function/internal_message.html?_=1706751366970&CODE_STATE=getMsg HTTP/1.1" 200 27
124.79.240.117 - - [01/Feb/2024:09:36:07 +0800] "GET /xingrg/all/function/internal_message.html?_=1706751367992&CODE_STATE=getMsg HTTP/1.1" 200 27
180.156.195.45 - - [01/Feb/2024:09:36:09 +0800] "GET /xingrg/kc/base/wldb_order_info.html?code=422024013103448 HTTP/1.1" 200 30369
172.20.0.100 - - [01/Feb/2024:09:36:09 +0800] "GET /xingrg/all/function/internal_message.html?_=1706751379534&CODE_STATE=getMsg HTTP/1.1" 302 -
172.20.0.100 - - [01/Feb/2024:09:36:09 +0800] "GET /xingrg/check_reg.html?_=1706751379535 HTTP/1.1" 302 -
180.156.195.45 - - [01/Feb/2024:09:36:09 +0800] "GET /xingrg/javascript/easyui/themes/default/validatebox.css HTTP/1.1" 404 1104
180.156.195.45 - - [01/Feb/2024:09:36:10 +0800] "POST /xingrg/kc/base/wldb_order_operate.html HTTP/1.1" 200 7929
180.164.1.25 - - [01/Feb/2024:09:36:10 +0800] "GET /xingrg/all/function/internal_message.html?_=1706751370049&CODE_STATE=getMsg HTTP/1.1" 200 27
116.238.120.94 - - [01/Feb/2024:09:36:11 +0800] "POST /xingrg/all/user/operate.html HTTP/1.1" 200 36
116.238.120.94 - - [01/Feb/2024:09:36:11 +0800] "GET /xingrg/index.html?sysBaseUrl=http%3A%2F%2F180.169.147.146%3A18081%2Fxingrg%2F&costTime=858×tamp=1706745761374 HTTP/1.1" 200 17179
116.238.120.94 - - [01/Feb/2024:09:36:11 +0800] "GET /xingrg/javascript/jquery_easy_ui/themes/default/easyui.css HTTP/1.1" 304 -
116.238.120.94 - - [01/Feb/2024:09:36:11 +0800] "GET /xingrg/javascript/jquery_easy_ui/themes/icon.css HTTP/1.1" 304 -
116.238.120.94 - - [01/Feb/2024:09:36:11 +0800] "GET /xingrg/css/form.css HTTP/1.1" 304 -
116.238.120.94 - - [01/Feb/2024:09:36:11 +0800] "GET /xingrg/javascript/jquery-1.4.2.min.js HTTP/1.1" 304 -
116.238.120.94 - - [01/Feb/2024:09:36:11 +0800] "GET /xingrg/javascript/jquery_easy_ui/jquery.easyui.min.js HTTP/1.1" 304 -
116.238.120.94 - - [01/Feb/2024:09:36:11 +0800] "GET /xingrg/javascript/jquery_easy_ui/easyui-lang-zh_CN.js HTTP/1.1" 304 -
116.238.120.94 - - [01/Feb/2024:09:36:11 +0800] "GET /xingrg/javascript/jquery.form.js HTTP/1.1" 304 -
116.238.120.94 - - [01/Feb/2024:09:36:11 +0800] "GET /xingrg/javascript/jquery.utils.js HTTP/1.1" 304 -
116.238.120.94 - - [01/Feb/2024:09:36:11 +0800] "GET /xingrg/javascript/jquery.timers.js HTTP/1.1" 304 -
116.238.120.94 - - [01/Feb/2024:09:36:11 +0800] "GET /xingrg/images/blue/jxLogo.png HTTP/1.1" 304 -
116.238.120.94 - - [01/Feb/2024:09:36:11 +0800] "GET /xingrg/javascript/jquery_easy_ui/themes/icons/settle_new.png HTTP/1.1" 304 -
116.238.120.94 - - [01/Feb/2024:09:36:11 +0800] "GET /xingrg/images/blue/navBackgound.jpg HTTP/1.1" 304 -
116.238.120.94 - - [01/Feb/2024:09:36:11 +0800] "GET /xingrg/check_reg.html?_=1706751370710 HTTP/1.1" 200 22
116.238.120.94 - - [01/Feb/2024:09:36:11 +0800] "GET /xingrg/all/function/internal_message.html?_=1706751370710&CODE_STATE=count HTTP/1.1" 200 11
116.238.120.94 - - [01/Feb/2024:09:36:11 +0800] "GET /xingrg/javascript/jquery_easy_ui/themes/default/images/panel_tool_collapse.gif HTTP/1.1" 304 -
116.238.120.94 - - [01/Feb/2024:09:36:11 +0800] "GET /xingrg/images/blue/pingpu.png HTTP/1.1" 304 -
116.238.120.94 - - [01/Feb/2024:09:36:11 +0800] "GET /xingrg/javascript/jquery_easy_ui/themes/default/images/tabs_rightarrow.png HTTP/1.1" 304 -
116.238.120.94 - - [01/Feb/2024:09:36:11 +0800] "GET /xingrg/javascript/jquery_easy_ui/themes/default/images/tabs_leftarrow.png HTTP/1.1" 304 -
116.238.120.94 - - [01/Feb/2024:09:36:11 +0800] "POST /xingrg/all/common/load_tree.html?tree=area_rest_tree_json&manage=1 HTTP/1.1" 200 476
116.238.120.94 - - [01/Feb/2024:09:36:11 +0800] "POST /xingrg/load_menu.html HTTP/1.1" 200 5138
124.78.154.219 - - [01/Feb/2024:09:36:12 +0800] "GET /xingrg/kc/buy/cgsh_order_operate.html?command=get_materiel&rest_code=00106&code=00101008360&supplier_code=00100007&order_time=2024-02-01 HTTP/1.1" 200 413
116.238.97.31 - - [01/Feb/2024:09:36:13 +0800] "GET /xingrg/kc/buy/cgsh_order_operate.html?command=get_materiel&rest_code=00102&code=00101008242&supplier_code=00100008&order_time=2024-02-01 HTTP/1.1" 200 408
116.238.120.94 - - [01/Feb/2024:09:36:16 +0800] "GET /xingrg/kc/base/check_order_list.html HTTP/1.1" 200 16138
116.238.120.94 - - [01/Feb/2024:09:36:17 +0800] "POST /xingrg/kc/base/check_list_operate.html HTTP/1.1" 200 2232
116.238.120.94 - - [01/Feb/2024:09:36:19 +0800] "GET /xingrg/kc/base/check_order_info.html?code=452024013100354 HTTP/1.1" 200 26486
116.238.120.94 - - [01/Feb/2024:09:36:19 +0800] "GET /xingrg/dwr/interface/AjaxComOrderService.js HTTP/1.1" 200 18264
116.238.120.94 - - [01/Feb/2024:09:36:19 +0800] "GET /xingrg/dwr/interface/AjaxCheckService.js HTTP/1.1" 200 14003
116.238.120.94 - - [01/Feb/2024:09:36:19 +0800] "GET /xingrg/dwr/engine.js HTTP/1.1" 200 43631
116.238.120.94 - - [01/Feb/2024:09:36:19 +0800] "GET /xingrg/dwr/util.js HTTP/1.1" 200 35990
116.238.120.94 - - [01/Feb/2024:09:36:19 +0800] "POST /xingrg/dwr/call/plaincall/AjaxCheckService.loadOrderItems.dwr HTTP/1.1" 200 301888
124.78.154.219 - - [01/Feb/2024:09:36:22 +0800] "GET /xingrg/kc/buy/cgsh_order_operate.html?command=get_materiel&rest_code=00106&code=00101008357&supplier_code=00100007&order_time=2024-02-01 HTTP/1.1" 200 408
180.156.195.45 - - [01/Feb/2024:09:36:23 +0800] "GET /xingrg/all/function/internal_message.html?_=1706751383078&CODE_STATE=getMsg HTTP/1.1" 200 27
116.232.192.96 - - [01/Feb/2024:09:36:26 +0800] "GET /xingrg/check_reg.html?_=1706751317286 HTTP/1.1" 200 22
116.232.192.96 - - [01/Feb/2024:09:36:26 +0800] "GET /xingrg/all/function/internal_message.html?_=1706751317290&CODE_STATE=getMsg HTTP/1.1" 200 27
116.238.120.94 - - [01/Feb/2024:09:36:27 +0800] "POST /xingrg/dwr/call/plaincall/AjaxCheckService.setItemNumber.dwr HTTP/1.1" 200 76
124.78.154.219 - - [01/Feb/2024:09:36:29 +0800] "GET /xingrg/kc/buy/cgsh_order_operate.html?command=get_materiel&rest_code=00106&code=00101008069&supplier_code=00100007&order_time=2024-02-01 HTTP/1.1" 200 412
124.78.68.102 - - [01/Feb/2024:09:36:30 +0800] "GET /xingrg/all/function/internal_message.html?_=1706751389948&CODE_STATE=getMsg HTTP/1.1" 302 -
116.238.120.94 - - [01/Feb/2024:09:36:30 +0800] "POST /xingrg/dwr/call/plaincall/AjaxCheckService.setItemNumber.dwr HTTP/1.1" 200 76
222.70.169.130 - - [01/Feb/2024:09:36:30 +0800] "GET /xingrg/check_reg.html?_=1706751402515 HTTP/1.1" 200 22
116.238.120.94 - - [01/Feb/2024:09:36:30 +0800] "GET /xingrg/all/function/internal_message.html?_=1706751390805&CODE_STATE=getMsg HTTP/1.1" 200 27
222.70.169.130 - - [01/Feb/2024:09:36:31 +0800] "GET /xingrg/all/function/internal_message.html?_=1706751405433&CODE_STATE=getMsg HTTP/1.1" 200 27
222.70.169.130 - - [01/Feb/2024:09:36:32 +0800] "GET /xingrg/all/function/internal_message.html?_=1706751403832&CODE_STATE=getMsg HTTP/1.1" 200 27
116.238.120.94 - - [01/Feb/2024:09:36:32 +0800] "POST /xingrg/dwr/call/plaincall/AjaxCheckService.setItemNumber.dwr HTTP/1.1" 200 76
101.83.145.37 - - [01/Feb/2024:09:36:33 +0800] "GET /xingrg/all/function/internal_message.html?_=1706751158246&CODE_STATE=getMsg HTTP/1.1" 200 27
116.238.120.94 - - [01/Feb/2024:09:36:34 +0800] "POST /xingrg/dwr/call/plaincall/AjaxCheckService.setItemNumber.dwr HTTP/1.1" 200 76
116.232.192.96 - - [01/Feb/2024:09:36:37 +0800] "POST /xingrg/dwr/call/plaincall/AjaxCheckService.setItemNumber.dwr HTTP/1.1" 200 77
116.238.120.94 - - [01/Feb/2024:09:36:38 +0800] "POST /xingrg/dwr/call/plaincall/AjaxCheckService.setItemNumber.dwr HTTP/1.1" 200 76
116.238.120.94 - - [01/Feb/2024:09:36:38 +0800] "POST /xingrg/dwr/call/plaincall/AjaxCheckService.setItemNumber.dwr HTTP/1.1" 200 76
116.238.120.94 - - [01/Feb/2024:09:36:39 +0800] "POST /xingrg/dwr/call/plaincall/AjaxCheckService.setItemNumber.dwr HTTP/1.1" 200 76
101.229.175.60 - - [01/Feb/2024:09:36:41 +0800] "GET /xingrg/all/function/internal_message.html?_=1706751407629&CODE_STATE=getMsg HTTP/1.1" 200 27
116.238.120.94 - - [01/Feb/2024:09:36:42 +0800] "POST /xingrg/dwr/call/plaincall/AjaxCheckService.setItemNumber.dwr HTTP/1.1" 200 76
116.238.120.94 - - [01/Feb/2024:09:36:44 +0800] "POST /xingrg/dwr/call/plaincall/AjaxCheckService.setItemNumber.dwr HTTP/1.1" 200 76
222.69.130.128 - - [01/Feb/2024:09:36:44 +0800] "GET /xingrg/all/function/internal_message.html?_=1706751402290&CODE_STATE=getMsg HTTP/1.1" 200 27
124.78.154.219 - - [01/Feb/2024:09:36:44 +0800] "GET /xingrg/all/function/internal_message.html?_=1706751401561&CODE_STATE=getMsg HTTP/1.1" 200 27
124.78.154.219 - - [01/Feb/2024:09:36:45 +0800] "POST /xingrg/kc/buy/cgsh_order_operate.html HTTP/1.1" 200 37
116.238.120.94 - - [01/Feb/2024:09:36:45 +0800] "POST /xingrg/dwr/call/plaincall/AjaxCheckService.setItemNumber.dwr HTTP/1.1" 200 77
116.238.120.94 - - [01/Feb/2024:09:36:46 +0800] "POST /xingrg/dwr/call/plaincall/AjaxCheckService.setItemNumber.dwr HTTP/1.1" 200 77
116.232.192.96 - - [01/Feb/2024:09:36:47 +0800] "POST /xingrg/dwr/call/plaincall/AjaxCheckService.setItemNumber.dwr HTTP/1.1" 200 77
116.238.120.94 - - [01/Feb/2024:09:36:47 +0800] "POST /xingrg/dwr/call/plaincall/AjaxCheckService.setItemNumber.dwr HTTP/1.1" 200 77
124.78.154.219 - - [01/Feb/2024:09:36:48 +0800] "POST /xingrg/kc/buy/cgsh_order_operate.html HTTP/1.1" 200 8566
116.238.120.94 - - [01/Feb/2024:09:36:48 +0800] "POST /xingrg/dwr/call/plaincall/AjaxCheckService.setItemNumber.dwr HTTP/1.1" 200 77
116.232.192.96 - - [01/Feb/2024:09:36:50 +0800] "POST /xingrg/dwr/call/plaincall/AjaxCheckService.setItemNumber.dwr HTTP/1.1" 200 77
180.164.1.25 - - [01/Feb/2024:09:36:50 +0800] "GET /xingrg/kc/buy/cgsh_order_list.html HTTP/1.1" 200 57702
101.83.145.37 - - [01/Feb/2024:09:36:51 +0800] "GET /xingrg/all/function/internal_message.html?_=1706751176316&CODE_STATE=getMsg HTTP/1.1" 200 27
116.238.120.94 - - [01/Feb/2024:09:36:51 +0800] "POST /xingrg/dwr/call/plaincall/AjaxCheckService.setItemNumber.dwr HTTP/1.1" 200 77
116.232.192.96 - - [01/Feb/2024:09:36:51 +0800] "POST /xingrg/dwr/call/plaincall/AjaxCheckService.setItemNumber.dwr HTTP/1.1" 200 77
116.232.192.96 - - [01/Feb/2024:09:36:51 +0800] "POST /xingrg/dwr/call/plaincall/AjaxCheckService.setItemNumber.dwr HTTP/1.1" 200 77
180.164.1.25 - - [01/Feb/2024:09:36:52 +0800] "GET /xingrg/kc/base/check_order_list.html HTTP/1.1" 200 16142
