124.78.154.219 - - [01/Feb/2024:09:46:15 +0800] "GET /xingrg/kc/buy/cgsh_order_operate.html?command=get_materiel&rest_code=00106&code=00101011005&supplier_code=00100007&order_time=2024-02-01 HTTP/1.1" 200 408
116.238.120.94 - - [01/Feb/2024:09:46:15 +0800] "POST /xingrg/dwr/call/plaincall/AjaxCheckService.setItemNumber.dwr HTTP/1.1" 200 78
116.238.120.94 - - [01/Feb/2024:09:46:19 +0800] "POST /xingrg/dwr/call/plaincall/AjaxCheckService.setItemNumber.dwr HTTP/1.1" 200 78
180.156.195.45 - - [01/Feb/2024:09:46:22 +0800] "GET /xingrg/all/function/internal_message.html?_=1706751982923&CODE_STATE=getMsg HTTP/1.1" 200 27
116.238.120.94 - - [01/Feb/2024:09:46:23 +0800] "POST /xingrg/dwr/call/plaincall/AjaxCheckService.setItemNumber.dwr HTTP/1.1" 200 78
116.238.120.94 - - [01/Feb/2024:09:46:26 +0800] "POST /xingrg/dwr/call/plaincall/AjaxCheckService.setItemNumber.dwr HTTP/1.1" 200 78
116.232.192.96 - - [01/Feb/2024:09:46:26 +0800] "GET /xingrg/check_reg.html?_=1706751917283 HTTP/1.1" 200 22
116.232.192.96 - - [01/Feb/2024:09:46:26 +0800] "GET /xingrg/all/function/internal_message.html?_=1706751917286&CODE_STATE=getMsg HTTP/1.1" 200 27
116.230.123.222 - - [01/Feb/2024:09:46:28 +0800] "GET /xingrg/all/function/internal_message.html?_=1706752034323&CODE_STATE=getMsg HTTP/1.1" 200 27
116.238.97.31 - - [01/Feb/2024:09:46:28 +0800] "GET /xingrg/all/function/internal_message.html?_=1706751988986&CODE_STATE=getMsg HTTP/1.1" 200 27
116.238.120.94 - - [01/Feb/2024:09:46:28 +0800] "POST /xingrg/dwr/call/plaincall/AjaxCheckService.setItemNumber.dwr HTTP/1.1" 200 78
116.232.192.96 - - [01/Feb/2024:09:46:29 +0800] "GET /xingrg/kc/base/check_order_info.html?code=452024013100487 HTTP/1.1" 200 26597
116.232.192.96 - - [01/Feb/2024:09:46:29 +0800] "GET /xingrg/dwr/interface/AjaxComOrderService.js HTTP/1.1" 200 18264
116.232.192.96 - - [01/Feb/2024:09:46:29 +0800] "GET /xingrg/dwr/interface/AjaxCheckService.js HTTP/1.1" 200 14003
116.232.192.96 - - [01/Feb/2024:09:46:29 +0800] "GET /xingrg/dwr/engine.js HTTP/1.1" 200 43631
116.238.120.94 - - [01/Feb/2024:09:46:30 +0800] "POST /xingrg/dwr/call/plaincall/AjaxCheckService.setItemNumber.dwr HTTP/1.1" 200 78
116.232.192.96 - - [01/Feb/2024:09:46:30 +0800] "POST /xingrg/dwr/call/plaincall/AjaxCheckService.loadOrderItems.dwr HTTP/1.1" 200 12714
116.230.123.222 - - [01/Feb/2024:09:46:30 +0800] "GET /xingrg/all/function/internal_message.html?_=1706751988760&CODE_STATE=getMsg HTTP/1.1" 200 27
116.238.120.94 - - [01/Feb/2024:09:46:30 +0800] "GET /xingrg/all/function/internal_message.html?_=1706751990635&CODE_STATE=getMsg HTTP/1.1" 200 27
222.70.169.130 - - [01/Feb/2024:09:46:30 +0800] "GET /xingrg/check_reg.html?_=1706752002522 HTTP/1.1" 200 22
222.70.169.130 - - [01/Feb/2024:09:46:31 +0800] "GET /xingrg/all/function/internal_message.html?_=1706752005632&CODE_STATE=getMsg HTTP/1.1" 200 27
222.70.169.130 - - [01/Feb/2024:09:46:32 +0800] "GET /xingrg/all/function/internal_message.html?_=1706752003967&CODE_STATE=getMsg HTTP/1.1" 200 27
116.238.120.94 - - [01/Feb/2024:09:46:32 +0800] "POST /xingrg/dwr/call/plaincall/AjaxCheckService.setItemNumber.dwr HTTP/1.1" 200 78
222.69.130.128 - - [01/Feb/2024:09:46:32 +0800] "GET /xingrg/all/function/internal_message.html?_=1706751990141&CODE_STATE=getMsg HTTP/1.1" 200 27
101.83.145.37 - - [01/Feb/2024:09:46:33 +0800] "GET /xingrg/all/function/internal_message.html?_=1706751758265&CODE_STATE=getMsg HTTP/1.1" 200 27
116.232.192.96 - - [01/Feb/2024:09:46:33 +0800] "POST /xingrg/dwr/call/plaincall/AjaxCheckService.setItemNumber.dwr HTTP/1.1" 200 76
116.238.120.94 - - [01/Feb/2024:09:46:34 +0800] "POST /xingrg/dwr/call/plaincall/AjaxCheckService.setItemNumber.dwr HTTP/1.1" 200 78
116.232.192.96 - - [01/Feb/2024:09:46:34 +0800] "POST /xingrg/dwr/call/plaincall/AjaxCheckService.setItemNumber.dwr HTTP/1.1" 200 76
116.232.192.96 - - [01/Feb/2024:09:46:35 +0800] "POST /xingrg/dwr/call/plaincall/AjaxCheckService.setItemNumber.dwr HTTP/1.1" 200 76
116.232.192.96 - - [01/Feb/2024:09:46:36 +0800] "POST /xingrg/dwr/call/plaincall/AjaxCheckService.setItemNumber.dwr HTTP/1.1" 200 76
116.232.192.96 - - [01/Feb/2024:09:46:37 +0800] "POST /xingrg/dwr/call/plaincall/AjaxCheckService.setItemNumber.dwr HTTP/1.1" 200 76
116.232.192.96 - - [01/Feb/2024:09:46:39 +0800] "POST /xingrg/dwr/call/plaincall/AjaxCheckService.setItemNumber.dwr HTTP/1.1" 200 76
116.232.192.96 - - [01/Feb/2024:09:46:39 +0800] "POST /xingrg/dwr/call/plaincall/AjaxCheckService.setItemNumber.dwr HTTP/1.1" 200 76
116.238.120.94 - - [01/Feb/2024:09:46:39 +0800] "POST /xingrg/dwr/call/plaincall/AjaxCheckService.setItemNumber.dwr HTTP/1.1" 200 78
116.232.192.96 - - [01/Feb/2024:09:46:40 +0800] "POST /xingrg/dwr/call/plaincall/AjaxCheckService.setItemNumber.dwr HTTP/1.1" 200 76
101.229.175.60 - - [01/Feb/2024:09:46:41 +0800] "GET /xingrg/all/function/internal_message.html?_=1706752007380&CODE_STATE=getMsg HTTP/1.1" 200 27
116.232.192.96 - - [01/Feb/2024:09:46:41 +0800] "POST /xingrg/dwr/call/plaincall/AjaxCheckService.setItemNumber.dwr HTTP/1.1" 200 76
116.238.120.94 - - [01/Feb/2024:09:46:41 +0800] "POST /xingrg/dwr/call/plaincall/AjaxCheckService.setItemNumber.dwr HTTP/1.1" 200 78
116.232.192.96 - - [01/Feb/2024:09:46:42 +0800] "POST /xingrg/dwr/call/plaincall/AjaxCheckService.setItemNumber.dwr HTTP/1.1" 200 77
116.232.192.96 - - [01/Feb/2024:09:46:43 +0800] "POST /xingrg/dwr/call/plaincall/AjaxCheckService.setItemNumber.dwr HTTP/1.1" 200 77
116.232.192.96 - - [01/Feb/2024:09:46:44 +0800] "POST /xingrg/dwr/call/plaincall/AjaxCheckService.setItemNumber.dwr HTTP/1.1" 200 77
124.78.154.219 - - [01/Feb/2024:09:46:44 +0800] "GET /xingrg/all/function/internal_message.html?_=1706752001471&CODE_STATE=getMsg HTTP/1.1" 200 27
116.232.192.96 - - [01/Feb/2024:09:46:44 +0800] "POST /xingrg/dwr/call/plaincall/AjaxCheckService.setItemNumber.dwr HTTP/1.1" 200 77
116.230.123.222 - - [01/Feb/2024:09:46:45 +0800] "GET /xingrg/kc/buy/cgsh_order_add.html HTTP/1.1" 200 73423
116.230.123.222 - - [01/Feb/2024:09:46:45 +0800] "GET /xingrg/words/20240131100609_words.js HTTP/1.1" 304 -
116.230.123.222 - - [01/Feb/2024:09:46:45 +0800] "GET /xingrg/javascript/easyui/themes/default/validatebox.css HTTP/1.1" 404 1104
116.232.192.96 - - [01/Feb/2024:09:46:45 +0800] "POST /xingrg/dwr/call/plaincall/AjaxCheckService.setItemNumber.dwr HTTP/1.1" 200 77
116.230.123.222 - - [01/Feb/2024:09:46:45 +0800] "POST /xingrg/kc/buy/cgsh_order_operate.html HTTP/1.1" 200 8245
116.230.123.222 - - [01/Feb/2024:09:46:45 +0800] "GET /xingrg/all/common/auto_word.html?type=employee&rest_code=00111 HTTP/1.1" 200 105
116.230.123.222 - - [01/Feb/2024:09:46:45 +0800] "GET /xingrg/all/common/auto_word.html?type=employee&rest_code=00111 HTTP/1.1" 200 105
124.78.154.219 - - [01/Feb/2024:09:46:45 +0800] "GET /xingrg/kc/buy/cgsh_order_operate.html?command=get_materiel&rest_code=00106&code=00101008350&supplier_code=00100007&order_time=2024-02-01 HTTP/1.1" 200 408
116.232.192.96 - - [01/Feb/2024:09:46:46 +0800] "POST /xingrg/dwr/call/plaincall/AjaxCheckService.setItemNumber.dwr HTTP/1.1" 200 77
116.232.192.96 - - [01/Feb/2024:09:46:47 +0800] "POST /xingrg/dwr/call/plaincall/AjaxCheckService.setItemNumber.dwr HTTP/1.1" 200 77
116.230.123.222 - - [01/Feb/2024:09:46:47 +0800] "GET /xingrg/javascript/auto/indicator.gif HTTP/1.1" 404 1066
116.232.192.96 - - [01/Feb/2024:09:46:48 +0800] "POST /xingrg/dwr/call/plaincall/AjaxCheckService.setItemNumber.dwr HTTP/1.1" 200 77
116.232.192.96 - - [01/Feb/2024:09:46:48 +0800] "POST /xingrg/dwr/call/plaincall/AjaxCheckService.setItemNumber.dwr HTTP/1.1" 200 77
116.232.192.96 - - [01/Feb/2024:09:46:48 +0800] "POST /xingrg/dwr/call/plaincall/AjaxCheckService.setItemNumber.dwr HTTP/1.1" 200 77
101.83.145.37 - - [01/Feb/2024:09:46:51 +0800] "GET /xingrg/all/function/internal_message.html?_=1706751776315&CODE_STATE=getMsg HTTP/1.1" 200 27
124.78.68.102 - - [01/Feb/2024:09:46:51 +0800] "GET /xingrg/dwr/engine.js HTTP/1.1" 200 43631
124.78.68.102 - - [01/Feb/2024:09:46:52 +0800] "POST /xingrg/dwr/call/plaincall/AjaxReportQueryService.getFixDate.dwr HTTP/1.1" 200 111
124.78.68.102 - - [01/Feb/2024:09:46:53 +0800] "POST /xingrg/dwr/call/plaincall/AjaxReportQueryService.getInitString.dwr HTTP/1.1" 200 1023
124.78.68.102 - - [01/Feb/2024:09:46:53 +0800] "POST /xingrg/all/common/load_tree.html?tree=materiel_sort_tree_json HTTP/1.1" 200 9734
124.78.68.102 - - [01/Feb/2024:09:46:53 +0800] "POST /xingrg/all/common/load_tree.html?tree=supplier_tree_json&manage=1 HTTP/1.1" 200 80869
116.238.120.94 - - [01/Feb/2024:09:46:55 +0800] "POST /xingrg/dwr/call/plaincall/AjaxCheckService.setItemNumber.dwr HTTP/1.1" 200 78
116.238.120.94 - - [01/Feb/2024:09:46:57 +0800] "POST /xingrg/dwr/call/plaincall/AjaxCheckService.setItemNumber.dwr HTTP/1.1" 200 78
116.230.123.222 - - [01/Feb/2024:09:47:01 +0800] "GET /xingrg/check_reg.html?_=1706752019560 HTTP/1.1" 200 22
124.78.68.102 - - [01/Feb/2024:09:47:01 +0800] "POST /xingrg/dwr/call/plaincall/AjaxReportQueryService.getFixDate.dwr HTTP/1.1" 200 111
124.78.68.102 - - [01/Feb/2024:09:47:02 +0800] "GET /xingrg/javascript/multi_select/dropdown_hover.gif HTTP/1.1" 200 61
116.238.97.31 - - [01/Feb/2024:09:47:02 +0800] "POST /xingrg/kc/buy/cgsh_list_operate.html HTTP/1.1" 200 573
124.78.68.102 - - [01/Feb/2024:09:47:03 +0800] "POST /xingrg/dwr/call/plaincall/AjaxReportQueryService.refreshCache.dwr HTTP/1.1" 200 78
116.238.97.31 - - [01/Feb/2024:09:47:05 +0800] "GET /xingrg/kc/buy/cgsh_order_info.html?code=212024020100017 HTTP/1.1" 200 73511
116.238.97.31 - - [01/Feb/2024:09:47:06 +0800] "GET /xingrg/javascript/easyui/themes/default/validatebox.css HTTP/1.1" 404 1104
116.238.97.31 - - [01/Feb/2024:09:47:06 +0800] "GET /xingrg/javascript/jquery_easy_ui/themes/icons/area.png HTTP/1.1" 200 262
116.238.97.31 - - [01/Feb/2024:09:47:06 +0800] "GET /xingrg/javascript/jquery_easy_ui/themes/icons/rest.png HTTP/1.1" 200 695
124.78.154.219 - - [01/Feb/2024:09:47:07 +0800] "GET /xingrg/all/function/internal_message.html?_=1706752026979&CODE_STATE=getMsg HTTP/1.1" 200 27
124.79.240.117 - - [01/Feb/2024:09:47:07 +0800] "GET /xingrg/all/function/internal_message.html?_=1706752027714&CODE_STATE=getMsg HTTP/1.1" 200 27
116.238.97.31 - - [01/Feb/2024:09:47:07 +0800] "POST /xingrg/kc/buy/cgsh_order_operate.html HTTP/1.1" 200 16878
124.78.68.102 - - [01/Feb/2024:09:47:08 +0800] "GET /xingrg/all/function/internal_message.html?_=1706752028568&CODE_STATE=getMsg HTTP/1.1" 200 27
180.164.1.25 - - [01/Feb/2024:09:47:08 +0800] "GET /xingrg/check_reg.html?_=1706752028200 HTTP/1.1" 200 22
124.78.68.102 - - [01/Feb/2024:09:47:09 +0800] "POST /xingrg/all/report/load_report_page.html HTTP/1.1" 200 173084
124.78.68.102 - - [01/Feb/2024:09:47:09 +0800] "GET /xingrg/servlets/image?cache=0.837443312252883&image=px HTTP/1.1" 200 807
172.20.0.100 - - [01/Feb/2024:09:47:09 +0800] "GET /xingrg/all/function/internal_message.html?_=1706752039538&CODE_STATE=getMsg HTTP/1.1" 302 -
180.164.1.25 - - [01/Feb/2024:09:47:10 +0800] "GET /xingrg/all/function/internal_message.html?_=1706752029859&CODE_STATE=getMsg HTTP/1.1" 200 27
116.238.120.94 - - [01/Feb/2024:09:47:10 +0800] "POST /xingrg/dwr/call/plaincall/AjaxCheckService.setItemNumber.dwr HTTP/1.1" 200 78
116.238.120.94 - - [01/Feb/2024:09:47:11 +0800] "GET /xingrg/all/function/internal_message.html?_=1706752030716&CODE_STATE=getMsg HTTP/1.1" 200 27
124.78.154.219 - - [01/Feb/2024:09:47:15 +0800] "GET /xingrg/kc/buy/cgsh_order_operate.html?command=get_materiel&rest_code=00106&code=00101020082&supplier_code=00100007&order_time=2024-02-01 HTTP/1.1" 200 409
116.232.192.96 - - [01/Feb/2024:09:47:18 +0800] "GET /xingrg/kc/base/check_order_list.html?isBack=1 HTTP/1.1" 200 16138
116.232.192.96 - - [01/Feb/2024:09:47:18 +0800] "POST /xingrg/kc/base/check_list_operate.html HTTP/1.1" 200 5848
116.238.120.94 - - [01/Feb/2024:09:47:20 +0800] "POST /xingrg/dwr/call/plaincall/AjaxCheckService.setItemNumber.dwr HTTP/1.1" 200 78
222.70.169.130 - - [01/Feb/2024:09:47:20 +0800] "GET /xingrg/check_reg.html?_=1706752054191 HTTP/1.1" 200 22
116.232.192.96 - - [01/Feb/2024:09:47:21 +0800] "GET /xingrg/kc/base/check_order_info.html?code=452024013100475 HTTP/1.1" 200 26597
116.232.192.96 - - [01/Feb/2024:09:47:21 +0800] "GET /xingrg/dwr/interface/AjaxComOrderService.js HTTP/1.1" 200 18264
116.232.192.96 - - [01/Feb/2024:09:47:21 +0800] "GET /xingrg/dwr/interface/AjaxCheckService.js HTTP/1.1" 200 14003
116.232.192.96 - - [01/Feb/2024:09:47:21 +0800] "GET /xingrg/dwr/engine.js HTTP/1.1" 200 43631
116.232.192.96 - - [01/Feb/2024:09:47:21 +0800] "POST /xingrg/dwr/call/plaincall/AjaxCheckService.loadOrderItems.dwr HTTP/1.1" 200 275197
180.156.195.45 - - [01/Feb/2024:09:47:22 +0800] "GET /xingrg/all/function/internal_message.html?_=1706752042907&CODE_STATE=getMsg HTTP/1.1" 200 27
116.230.123.222 - - [01/Feb/2024:09:47:24 +0800] "GET /xingrg/javascript/jquery_tools/images/next.gif HTTP/1.1" 404 1086
116.230.123.222 - - [01/Feb/2024:09:47:24 +0800] "GET /xingrg/javascript/jquery_tools/images/prev.gif HTTP/1.1" 404 1086
116.232.192.96 - - [01/Feb/2024:09:47:26 +0800] "GET /xingrg/all/function/internal_message.html?_=1706751977283&CODE_STATE=getMsg HTTP/1.1" 200 27
116.232.192.96 - - [01/Feb/2024:09:47:26 +0800] "POST /xingrg/dwr/call/plaincall/AjaxCheckService.setItemNumber.dwr HTTP/1.1" 200 76
116.232.192.96 - - [01/Feb/2024:09:47:27 +0800] "POST /xingrg/dwr/call/plaincall/AjaxCheckService.setItemNumber.dwr HTTP/1.1" 200 76
116.230.123.222 - - [01/Feb/2024:09:47:28 +0800] "GET /xingrg/all/function/internal_message.html?_=1706752094322&CODE_STATE=getMsg HTTP/1.1" 200 27
116.238.97.31 - - [01/Feb/2024:09:47:28 +0800] "GET /xingrg/check_reg.html?_=1706752048974 HTTP/1.1" 200 22
116.238.97.31 - - [01/Feb/2024:09:47:28 +0800] "GET /xingrg/all/function/internal_message.html?_=1706752048978&CODE_STATE=getMsg HTTP/1.1" 200 27
116.232.192.96 - - [01/Feb/2024:09:47:28 +0800] "POST /xingrg/dwr/call/plaincall/AjaxCheckService.setItemNumber.dwr HTTP/1.1" 200 76
116.232.192.96 - - [01/Feb/2024:09:47:29 +0800] "POST /xingrg/dwr/call/plaincall/AjaxCheckService.setItemNumber.dwr HTTP/1.1" 200 76
116.232.192.96 - - [01/Feb/2024:09:47:30 +0800] "POST /xingrg/dwr/call/plaincall/AjaxCheckService.setItemNumber.dwr HTTP/1.1" 200 76
116.230.123.222 - - [01/Feb/2024:09:47:30 +0800] "GET /xingrg/all/function/internal_message.html?_=1706752048747&CODE_STATE=getMsg HTTP/1.1" 200 27
116.232.192.96 - - [01/Feb/2024:09:47:30 +0800] "POST /xingrg/dwr/call/plaincall/AjaxCheckService.setItemNumber.dwr HTTP/1.1" 200 76
116.238.120.94 - - [01/Feb/2024:09:47:30 +0800] "GET /xingrg/all/function/internal_message.html?_=1706752050613&CODE_STATE=getMsg HTTP/1.1" 200 27
116.232.192.96 - - [01/Feb/2024:09:47:31 +0800] "POST /xingrg/dwr/call/plaincall/AjaxCheckService.setItemNumber.dwr HTTP/1.1" 200 76
222.70.169.130 - - [01/Feb/2024:09:47:31 +0800] "GET /xingrg/all/function/internal_message.html?_=1706752065639&CODE_STATE=getMsg HTTP/1.1" 200 27
116.232.192.96 - - [01/Feb/2024:09:47:31 +0800] "POST /xingrg/dwr/call/plaincall/AjaxCheckService.setItemNumber.dwr HTTP/1.1" 200 76
222.70.169.130 - - [01/Feb/2024:09:47:32 +0800] "GET /xingrg/all/function/internal_message.html?_=1706752063983&CODE_STATE=getMsg HTTP/1.1" 200 27
222.69.130.128 - - [01/Feb/2024:09:47:32 +0800] "GET /xingrg/all/function/internal_message.html?_=1706752050146&CODE_STATE=getMsg HTTP/1.1" 200 27
116.232.192.96 - - [01/Feb/2024:09:47:32 +0800] "POST /xingrg/dwr/call/plaincall/AjaxCheckService.setItemNumber.dwr HTTP/1.1" 200 76
101.83.145.37 - - [01/Feb/2024:09:47:33 +0800] "GET /xingrg/all/function/internal_message.html?_=1706751818265&CODE_STATE=getMsg HTTP/1.1" 200 27
116.232.192.96 - - [01/Feb/2024:09:47:33 +0800] "POST /xingrg/dwr/call/plaincall/AjaxCheckService.setItemNumber.dwr HTTP/1.1" 200 77
124.78.154.219 - - [01/Feb/2024:09:47:35 +0800] "POST /xingrg/kc/buy/cgsh_order_operate.html HTTP/1.1" 200 37
116.232.192.96 - - [01/Feb/2024:09:47:35 +0800] "POST /xingrg/dwr/call/plaincall/AjaxCheckService.setItemNumber.dwr HTTP/1.1" 200 77
116.232.192.96 - - [01/Feb/2024:09:47:36 +0800] "POST /xingrg/dwr/call/plaincall/AjaxCheckService.setItemNumber.dwr HTTP/1.1" 200 77
116.232.192.96 - - [01/Feb/2024:09:47:36 +0800] "POST /xingrg/dwr/call/plaincall/AjaxCheckService.setItemNumber.dwr HTTP/1.1" 200 77
116.232.192.96 - - [01/Feb/2024:09:47:38 +0800] "POST /xingrg/dwr/call/plaincall/AjaxCheckService.setItemNumber.dwr HTTP/1.1" 200 77
116.232.192.96 - - [01/Feb/2024:09:47:38 +0800] "POST /xingrg/dwr/call/plaincall/AjaxCheckService.setItemNumber.dwr HTTP/1.1" 200 77
116.232.192.96 - - [01/Feb/2024:09:47:38 +0800] "POST /xingrg/dwr/call/plaincall/AjaxCheckService.setItemNumber.dwr HTTP/1.1" 200 77
116.230.123.222 - - [01/Feb/2024:09:47:39 +0800] "GET /xingrg/kc/buy/cgsh_order_operate.html?command=get_materiel&rest_code=00111&code=00101002027&supplier_code=00100199&order_time=2024-02-01 HTTP/1.1" 200 23
116.232.192.96 - - [01/Feb/2024:09:47:39 +0800] "POST /xingrg/dwr/call/plaincall/AjaxCheckService.setItemNumber.dwr HTTP/1.1" 200 77
124.78.154.219 - - [01/Feb/2024:09:47:40 +0800] "POST /xingrg/kc/buy/cgsh_order_operate.html HTTP/1.1" 200 20388
116.238.120.94 - - [01/Feb/2024:09:47:40 +0800] "POST /xingrg/dwr/call/plaincall/AjaxCheckService.setItemNumber.dwr HTTP/1.1" 200 78
101.229.175.60 - - [01/Feb/2024:09:47:41 +0800] "GET /xingrg/all/function/internal_message.html?_=1706752067350&CODE_STATE=getMsg HTTP/1.1" 200 27
116.238.120.94 - - [01/Feb/2024:09:47:43 +0800] "POST /xingrg/dwr/call/plaincall/AjaxCheckService.setItemNumber.dwr HTTP/1.1" 200 78
116.238.120.94 - - [01/Feb/2024:09:47:43 +0800] "POST /xingrg/dwr/call/plaincall/AjaxCheckService.setItemNumber.dwr HTTP/1.1" 200 78
116.232.192.96 - - [01/Feb/2024:09:47:44 +0800] "POST /xingrg/dwr/call/plaincall/AjaxCheckService.setItemNumber.dwr HTTP/1.1" 200 77
124.78.154.219 - - [01/Feb/2024:09:47:44 +0800] "GET /xingrg/all/function/internal_message.html?_=1706752061448&CODE_STATE=getMsg HTTP/1.1" 200 27
124.78.154.219 - - [01/Feb/2024:09:47:45 +0800] "GET /xingrg/check_reg.html?_=1706752061735 HTTP/1.1" 200 22
116.232.192.96 - - [01/Feb/2024:09:47:45 +0800] "POST /xingrg/dwr/call/plaincall/AjaxCheckService.setItemNumber.dwr HTTP/1.1" 200 77
116.238.120.94 - - [01/Feb/2024:09:47:45 +0800] "POST /xingrg/dwr/call/plaincall/AjaxCheckService.setItemNumber.dwr HTTP/1.1" 200 78
116.232.192.96 - - [01/Feb/2024:09:47:45 +0800] "POST /xingrg/dwr/call/plaincall/AjaxCheckService.setItemNumber.dwr HTTP/1.1" 200 77
120.253.135.82 - - [01/Feb/2024:09:47:46 +0800] "GET /xingrg/check_reg.html?_=1706751892883 HTTP/1.1" 200 22
116.232.192.96 - - [01/Feb/2024:09:47:47 +0800] "POST /xingrg/dwr/call/plaincall/AjaxCheckService.setItemNumber.dwr HTTP/1.1" 200 77
116.232.192.96 - - [01/Feb/2024:09:47:47 +0800] "POST /xingrg/dwr/call/plaincall/AjaxCheckService.setItemNumber.dwr HTTP/1.1" 200 77
116.230.123.222 - - [01/Feb/2024:09:47:48 +0800] "GET /favicon.ico HTTP/1.1" 404 -
116.232.192.96 - - [01/Feb/2024:09:47:48 +0800] "POST /xingrg/dwr/call/plaincall/AjaxCheckService.setItemNumber.dwr HTTP/1.1" 200 77
116.232.192.96 - - [01/Feb/2024:09:47:48 +0800] "POST /xingrg/dwr/call/plaincall/AjaxCheckService.setItemNumber.dwr HTTP/1.1" 200 77
116.238.120.94 - - [01/Feb/2024:09:47:49 +0800] "POST /xingrg/dwr/call/plaincall/AjaxCheckService.setItemNumber.dwr HTTP/1.1" 200 78
116.232.192.96 - - [01/Feb/2024:09:47:49 +0800] "POST /xingrg/dwr/call/plaincall/AjaxCheckService.setItemNumber.dwr HTTP/1.1" 200 77
116.232.192.96 - - [01/Feb/2024:09:47:50 +0800] "POST /xingrg/dwr/call/plaincall/AjaxCheckService.setItemNumber.dwr HTTP/1.1" 200 77
116.230.123.222 - - [01/Feb/2024:09:47:51 +0800] "GET /xingrg/login.html HTTP/1.1" 200 7641
101.83.145.37 - - [01/Feb/2024:09:47:51 +0800] "GET /xingrg/all/function/internal_message.html?_=1706751836316&CODE_STATE=getMsg HTTP/1.1" 200 27
116.232.192.96 - - [01/Feb/2024:09:47:51 +0800] "POST /xingrg/dwr/call/plaincall/AjaxCheckService.setItemNumber.dwr HTTP/1.1" 200 77
116.232.192.96 - - [01/Feb/2024:09:47:51 +0800] "POST /xingrg/dwr/call/plaincall/AjaxCheckService.setItemNumber.dwr HTTP/1.1" 200 77
116.230.123.222 - - [01/Feb/2024:09:47:51 +0800] "GET /favicon.ico HTTP/1.1" 404 -
116.232.192.96 - - [01/Feb/2024:09:47:52 +0800] "POST /xingrg/dwr/call/plaincall/AjaxCheckService.setItemNumber.dwr HTTP/1.1" 200 77
116.232.192.96 - - [01/Feb/2024:09:47:53 +0800] "POST /xingrg/dwr/call/plaincall/AjaxCheckService.setItemNumber.dwr HTTP/1.1" 200 77
116.232.192.96 - - [01/Feb/2024:09:47:53 +0800] "POST /xingrg/dwr/call/plaincall/AjaxCheckService.setItemNumber.dwr HTTP/1.1" 200 77
116.232.192.96 - - [01/Feb/2024:09:47:54 +0800] "POST /xingrg/dwr/call/plaincall/AjaxCheckService.setItemNumber.dwr HTTP/1.1" 200 77
116.232.192.96 - - [01/Feb/2024:09:47:55 +0800] "POST /xingrg/dwr/call/plaincall/AjaxCheckService.setItemNumber.dwr HTTP/1.1" 200 77
116.238.120.94 - - [01/Feb/2024:09:47:56 +0800] "POST /xingrg/dwr/call/plaincall/AjaxCheckService.setItemNumber.dwr HTTP/1.1" 200 78
116.232.192.96 - - [01/Feb/2024:09:47:56 +0800] "POST /xingrg/dwr/call/plaincall/AjaxCheckService.setItemNumber.dwr HTTP/1.1" 200 77
116.232.192.96 - - [01/Feb/2024:09:47:57 +0800] "POST /xingrg/dwr/call/plaincall/AjaxCheckService.setItemNumber.dwr HTTP/1.1" 200 77
116.232.192.96 - - [01/Feb/2024:09:47:57 +0800] "POST /xingrg/dwr/call/plaincall/AjaxCheckService.setItemNumber.dwr HTTP/1.1" 200 77
116.230.123.222 - - [01/Feb/2024:09:47:58 +0800] "POST /xingrg/login.do HTTP/1.1" 302 -
116.230.123.222 - - [01/Feb/2024:09:47:58 +0800] "GET /xingrg/index.html?sysBaseUrl=http%3A%2F%2F180.169.147.146%3A18081%2Fxingrg%2F&costTime=976×tamp=1706752078302 HTTP/1.1" 200 17173
116.230.123.222 - - [01/Feb/2024:09:47:58 +0800] "GET /favicon.ico HTTP/1.1" 404 -
116.230.123.222 - - [01/Feb/2024:09:47:58 +0800] "GET /xingrg/all/function/internal_message.html?_=1706752076943&CODE_STATE=count HTTP/1.1" 200 11
116.230.123.222 - - [01/Feb/2024:09:47:58 +0800] "GET /xingrg/check_reg.html?_=1706752076944 HTTP/1.1" 200 22
116.230.123.222 - - [01/Feb/2024:09:47:58 +0800] "POST /xingrg/all/common/load_tree.html?tree=area_rest_tree_json&manage=1 HTTP/1.1" 200 342
116.230.123.222 - - [01/Feb/2024:09:47:58 +0800] "POST /xingrg/load_menu.html HTTP/1.1" 200 5138
116.238.120.94 - - [01/Feb/2024:09:47:59 +0800] "POST /xingrg/dwr/call/plaincall/AjaxCheckService.setItemNumber.dwr HTTP/1.1" 200 78
116.238.120.94 - - [01/Feb/2024:09:47:59 +0800] "POST /xingrg/dwr/call/plaincall/AjaxCheckService.setItemNumber.dwr HTTP/1.1" 200 78
116.238.120.94 - - [01/Feb/2024:09:48:00 +0800] "POST /xingrg/dwr/call/plaincall/AjaxCheckService.setItemNumber.dwr HTTP/1.1" 200 78
116.238.120.94 - - [01/Feb/2024:09:48:01 +0800] "POST /xingrg/dwr/call/plaincall/AjaxCheckService.setItemNumber.dwr HTTP/1.1" 200 78
116.238.120.94 - - [01/Feb/2024:09:48:02 +0800] "POST /xingrg/dwr/call/plaincall/AjaxCheckService.setItemNumber.dwr HTTP/1.1" 200 78
116.232.192.96 - - [01/Feb/2024:09:48:02 +0800] "POST /xingrg/dwr/call/plaincall/AjaxCheckService.setItemNumber.dwr HTTP/1.1" 200 77
116.238.120.94 - - [01/Feb/2024:09:48:03 +0800] "POST /xingrg/dwr/call/plaincall/AjaxCheckService.setItemNumber.dwr HTTP/1.1" 200 78
116.238.120.94 - - [01/Feb/2024:09:48:04 +0800] "POST /xingrg/dwr/call/plaincall/AjaxCheckService.setItemNumber.dwr HTTP/1.1" 200 78
116.230.123.222 - - [01/Feb/2024:09:48:04 +0800] "GET /xingrg/kc/buy/cgsh_order_list.html HTTP/1.1" 200 57692
116.238.120.94 - - [01/Feb/2024:09:48:04 +0800] "POST /xingrg/dwr/call/plaincall/AjaxCheckService.setItemNumber.dwr HTTP/1.1" 200 78
116.232.192.96 - - [01/Feb/2024:09:48:04 +0800] "POST /xingrg/dwr/call/plaincall/AjaxCheckService.setItemNumber.dwr HTTP/1.1" 200 77
116.232.192.96 - - [01/Feb/2024:09:48:05 +0800] "POST /xingrg/dwr/call/plaincall/AjaxCheckService.setItemNumber.dwr HTTP/1.1" 200 77
116.238.120.94 - - [01/Feb/2024:09:48:06 +0800] "POST /xingrg/dwr/call/plaincall/AjaxCheckService.setItemNumber.dwr HTTP/1.1" 200 78
116.230.123.222 - - [01/Feb/2024:09:48:06 +0800] "POST /xingrg/kc/buy/cgsh_list_operate.html HTTP/1.1" 200 986
116.232.192.96 - - [01/Feb/2024:09:48:06 +0800] "POST /xingrg/dwr/call/plaincall/AjaxCheckService.setItemNumber.dwr HTTP/1.1" 200 77
116.232.192.96 - - [01/Feb/2024:09:48:06 +0800] "POST /xingrg/dwr/call/plaincall/AjaxCheckService.setItemNumber.dwr HTTP/1.1" 200 77
124.78.154.219 - - [01/Feb/2024:09:48:07 +0800] "GET /xingrg/all/function/internal_message.html?_=1706752086974&CODE_STATE=getMsg HTTP/1.1" 200 27
124.79.240.117 - - [01/Feb/2024:09:48:07 +0800] "GET /xingrg/all/function/internal_message.html?_=1706752087726&CODE_STATE=getMsg HTTP/1.1" 200 27
116.232.192.96 - - [01/Feb/2024:09:48:07 +0800] "POST /xingrg/dwr/call/plaincall/AjaxCheckService.setItemNumber.dwr HTTP/1.1" 200 77
116.238.120.94 - - [01/Feb/2024:09:48:08 +0800] "POST /xingrg/dwr/call/plaincall/AjaxCheckService.setItemNumber.dwr HTTP/1.1" 200 78
116.230.123.222 - - [01/Feb/2024:09:48:08 +0800] "GET /xingrg/kc/buy/cgsh_order_add.html HTTP/1.1" 200 73423
116.232.192.96 - - [01/Feb/2024:09:48:08 +0800] "POST /xingrg/dwr/call/plaincall/AjaxCheckService.setItemNumber.dwr HTTP/1.1" 200 77
116.230.123.222 - - [01/Feb/2024:09:48:08 +0800] "GET /xingrg/javascript/easyui/themes/default/validatebox.css HTTP/1.1" 404 1104
116.230.123.222 - - [01/Feb/2024:09:48:08 +0800] "POST /xingrg/kc/buy/cgsh_order_operate.html HTTP/1.1" 200 8245
116.230.123.222 - - [01/Feb/2024:09:48:08 +0800] "GET /xingrg/all/common/auto_word.html?type=employee&rest_code=00111 HTTP/1.1" 200 105
116.230.123.222 - - [01/Feb/2024:09:48:08 +0800] "GET /xingrg/all/common/auto_word.html?type=employee&rest_code=00111 HTTP/1.1" 200 105
124.78.68.102 - - [01/Feb/2024:09:48:08 +0800] "GET /xingrg/all/function/internal_message.html?_=1706752088567&CODE_STATE=getMsg HTTP/1.1" 200 27
172.20.0.100 - - [01/Feb/2024:09:48:09 +0800] "GET /xingrg/all/function/internal_message.html?_=1706752099537&CODE_STATE=getMsg HTTP/1.1" 302 -
116.232.192.96 - - [01/Feb/2024:09:48:09 +0800] "POST /xingrg/dwr/call/plaincall/AjaxCheckService.setItemNumber.dwr HTTP/1.1" 200 77
180.164.1.25 - - [01/Feb/2024:09:48:10 +0800] "GET /xingrg/all/function/internal_message.html?_=1706752089849&CODE_STATE=getMsg HTTP/1.1" 200 27
116.238.120.94 - - [01/Feb/2024:09:48:10 +0800] "POST /xingrg/dwr/call/plaincall/AjaxCheckService.setItemNumber.dwr HTTP/1.1" 200 78
116.238.120.94 - - [01/Feb/2024:09:48:11 +0800] "POST /xingrg/dwr/call/plaincall/AjaxCheckService.setItemNumber.dwr HTTP/1.1" 200 78
116.238.120.94 - - [01/Feb/2024:09:48:11 +0800] "GET /xingrg/all/function/internal_message.html?_=1706752090733&CODE_STATE=getMsg HTTP/1.1" 200 27
116.230.123.222 - - [01/Feb/2024:09:48:11 +0800] "GET /xingrg/javascript/auto/indicator.gif HTTP/1.1" 404 1066
116.238.120.94 - - [01/Feb/2024:09:48:12 +0800] "POST /xingrg/dwr/call/plaincall/AjaxCheckService.setItemNumber.dwr HTTP/1.1" 200 78
116.238.120.94 - - [01/Feb/2024:09:48:12 +0800] "POST /xingrg/dwr/call/plaincall/AjaxCheckService.setItemNumber.dwr HTTP/1.1" 200 78
116.238.120.94 - - [01/Feb/2024:09:48:13 +0800] "POST /xingrg/dwr/call/plaincall/AjaxCheckService.setItemNumber.dwr HTTP/1.1" 200 78
116.230.123.222 - - [01/Feb/2024:09:48:14 +0800] "GET /xingrg/javascript/jquery_tools/images/prev.gif HTTP/1.1" 404 1086
116.230.123.222 - - [01/Feb/2024:09:48:14 +0800] "GET /xingrg/javascript/jquery_tools/images/next.gif HTTP/1.1" 404 1086
116.238.120.94 - - [01/Feb/2024:09:48:14 +0800] "POST /xingrg/dwr/call/plaincall/AjaxCheckService.setItemNumber.dwr HTTP/1.1" 200 78
116.238.120.94 - - [01/Feb/2024:09:48:16 +0800] "POST /xingrg/dwr/call/plaincall/AjaxCheckService.setItemNumber.dwr HTTP/1.1" 200 78
116.238.120.94 - - [01/Feb/2024:09:48:17 +0800] "POST /xingrg/dwr/call/plaincall/AjaxCheckService.setItemNumber.dwr HTTP/1.1" 200 78
116.230.123.222 - - [01/Feb/2024:09:48:21 +0800] "GET /xingrg/kc/buy/cgsh_order_operate.html?command=get_materiel&rest_code=00111&code=00101002027&supplier_code=00100199&order_time=2024-02-01 HTTP/1.1" 200 413
116.238.120.94 - - [01/Feb/2024:09:48:22 +0800] "POST /xingrg/dwr/call/plaincall/AjaxCheckService.setItemNumber.dwr HTTP/1.1" 200 78
116.238.120.94 - - [01/Feb/2024:09:48:23 +0800] "POST /xingrg/dwr/call/plaincall/AjaxCheckService.setItemNumber.dwr HTTP/1.1" 200 78
116.238.120.94 - - [01/Feb/2024:09:48:24 +0800] "POST /xingrg/dwr/call/plaincall/AjaxCheckService.setItemNumber.dwr HTTP/1.1" 200 78
116.230.123.222 - - [01/Feb/2024:09:48:24 +0800] "POST /xingrg/kc/base/stock_operate.html HTTP/1.1" 200 2387
116.238.120.94 - - [01/Feb/2024:09:48:26 +0800] "POST /xingrg/dwr/call/plaincall/AjaxCheckService.setItemNumber.dwr HTTP/1.1" 200 78
116.230.123.222 - - [01/Feb/2024:09:48:26 +0800] "GET /xingrg/kc/base/stock_detail.html?m=00101028005 HTTP/1.1" 200 7317
116.232.192.96 - - [01/Feb/2024:09:48:26 +0800] "GET /xingrg/all/function/internal_message.html?_=1706752037300&CODE_STATE=getMsg HTTP/1.1" 200 27
116.238.120.94 - - [01/Feb/2024:09:48:27 +0800] "POST /xingrg/dwr/call/plaincall/AjaxCheckService.setItemNumber.dwr HTTP/1.1" 200 78
116.230.123.222 - - [01/Feb/2024:09:48:28 +0800] "GET /xingrg/check_reg.html?_=1706752154304 HTTP/1.1" 200 22
116.230.123.222 - - [01/Feb/2024:09:48:28 +0800] "GET /xingrg/all/function/internal_message.html?_=1706752154310&CODE_STATE=getMsg HTTP/1.1" 200 27
116.238.97.31 - - [01/Feb/2024:09:48:28 +0800] "GET /xingrg/all/function/internal_message.html?_=1706752108976&CODE_STATE=getMsg HTTP/1.1" 200 27
116.238.120.94 - - [01/Feb/2024:09:48:28 +0800] "POST /xingrg/dwr/call/plaincall/AjaxCheckService.setItemNumber.dwr HTTP/1.1" 200 78
116.230.123.222 - - [01/Feb/2024:09:48:30 +0800] "GET /xingrg/kc/base/stock_operate.html?_=1706752156535&command=get_report_file&start_day=20240101 HTTP/1.1" 200 53
116.230.123.222 - - [01/Feb/2024:09:48:30 +0800] "GET /xingrg/all/report/report_query.html?isQuery=1&onlyBody=1&rh=2000&fileName=kc/base/kc_stock_detail_new.xml&queryString=(1=1)&queryText=&tableQueryString=init_table$sp1$$sp$crk_table$sp1$order_day%20between%2020240101%20and%2020240229&varString=start_day:20240101,materiel_code:00101028005,cost_id:4847,end_date:20231231 HTTP/1.1" 200 48701
116.230.123.222 - - [01/Feb/2024:09:48:30 +0800] "GET /xingrg/dwr/interface/AjaxReportQueryService.js HTTP/1.1" 200 13203
116.230.123.222 - - [01/Feb/2024:09:48:30 +0800] "GET /xingrg/dwr/engine.js HTTP/1.1" 200 43631
116.238.120.94 - - [01/Feb/2024:09:48:30 +0800] "GET /xingrg/all/function/internal_message.html?_=1706752110597&CODE_STATE=getMsg HTTP/1.1" 200 27
222.70.169.130 - - [01/Feb/2024:09:48:31 +0800] "GET /xingrg/all/function/internal_message.html?_=1706752125650&CODE_STATE=getMsg HTTP/1.1" 200 27
116.230.123.222 - - [01/Feb/2024:09:48:31 +0800] "POST /xingrg/all/report/load_report_page.html HTTP/1.1" 200 25141
116.230.123.222 - - [01/Feb/2024:09:48:32 +0800] "GET /xingrg/servlets/image?cache=0.6570217617846295&image=px HTTP/1.1" 200 807
222.70.169.130 - - [01/Feb/2024:09:48:32 +0800] "GET /xingrg/all/function/internal_message.html?_=1706752123994&CODE_STATE=getMsg HTTP/1.1" 200 27
222.69.130.128 - - [01/Feb/2024:09:48:32 +0800] "GET /xingrg/check_reg.html?_=1706752110158 HTTP/1.1" 200 22
222.69.130.128 - - [01/Feb/2024:09:48:32 +0800] "GET /xingrg/all/function/internal_message.html?_=1706752110163&CODE_STATE=getMsg HTTP/1.1" 200 27
101.83.145.37 - - [01/Feb/2024:09:48:33 +0800] "GET /xingrg/check_reg.html?_=1706751878265 HTTP/1.1" 200 22
101.83.145.37 - - [01/Feb/2024:09:48:33 +0800] "GET /xingrg/all/function/internal_message.html?_=1706751878269&CODE_STATE=getMsg HTTP/1.1" 200 27
116.238.120.94 - - [01/Feb/2024:09:48:35 +0800] "POST /xingrg/dwr/call/plaincall/AjaxCheckService.setItemNumber.dwr HTTP/1.1" 200 78
116.238.120.94 - - [01/Feb/2024:09:48:37 +0800] "POST /xingrg/dwr/call/plaincall/AjaxCheckService.setItemNumber.dwr HTTP/1.1" 200 78
116.238.120.94 - - [01/Feb/2024:09:48:37 +0800] "POST /xingrg/dwr/call/plaincall/AjaxCheckService.setItemNumber.dwr HTTP/1.1" 200 78
116.238.120.94 - - [01/Feb/2024:09:48:38 +0800] "POST /xingrg/dwr/call/plaincall/AjaxCheckService.setItemNumber.dwr HTTP/1.1" 200 78
116.232.192.96 - - [01/Feb/2024:09:48:40 +0800] "POST /xingrg/dwr/call/plaincall/AjaxCheckService.setItemNumber.dwr HTTP/1.1" 200 77
116.232.192.96 - - [01/Feb/2024:09:48:41 +0800] "POST /xingrg/dwr/call/plaincall/AjaxCheckService.setItemNumber.dwr HTTP/1.1" 200 77
101.229.175.60 - - [01/Feb/2024:09:48:41 +0800] "GET /xingrg/all/function/internal_message.html?_=1706752127321&CODE_STATE=getMsg HTTP/1.1" 200 27
116.230.123.222 - - [01/Feb/2024:09:48:41 +0800] "POST /xingrg/kc/base/stock_operate.html HTTP/1.1" 200 4274
116.238.120.94 - - [01/Feb/2024:09:48:41 +0800] "POST /xingrg/dwr/call/plaincall/AjaxCheckService.setItemNumber.dwr HTTP/1.1" 200 78
116.232.192.96 - - [01/Feb/2024:09:48:41 +0800] "POST /xingrg/dwr/call/plaincall/AjaxCheckService.setItemNumber.dwr HTTP/1.1" 200 77
116.238.120.94 - - [01/Feb/2024:09:48:42 +0800] "POST /xingrg/dwr/call/plaincall/AjaxCheckService.setItemNumber.dwr HTTP/1.1" 200 78
116.238.120.94 - - [01/Feb/2024:09:48:42 +0800] "POST /xingrg/dwr/call/plaincall/AjaxCheckService.setItemNumber.dwr HTTP/1.1" 200 78
116.232.192.96 - - [01/Feb/2024:09:48:43 +0800] "POST /xingrg/dwr/call/plaincall/AjaxCheckService.setItemNumber.dwr HTTP/1.1" 200 77
116.238.120.94 - - [01/Feb/2024:09:48:43 +0800] "POST /xingrg/dwr/call/plaincall/AjaxCheckService.setItemNumber.dwr HTTP/1.1" 200 78
116.232.192.96 - - [01/Feb/2024:09:48:43 +0800] "POST /xingrg/dwr/call/plaincall/AjaxCheckService.setItemNumber.dwr HTTP/1.1" 200 77
116.230.123.222 - - [01/Feb/2024:09:48:43 +0800] "GET /xingrg/javascript/easyui/themes/sunny/images/ui-bg_gloss-wave_70_ffdd57_500x100.png HTTP/1.1" 200 3830
116.238.120.94 - - [01/Feb/2024:09:48:43 +0800] "POST /xingrg/dwr/call/plaincall/AjaxCheckService.setItemNumber.dwr HTTP/1.1" 200 78
116.238.120.94 - - [01/Feb/2024:09:48:44 +0800] "GET /xingrg/check_reg.html?_=1706752123996 HTTP/1.1" 200 22
124.78.154.219 - - [01/Feb/2024:09:48:44 +0800] "GET /xingrg/all/function/internal_message.html?_=1706752121435&CODE_STATE=getMsg HTTP/1.1" 200 27
116.238.120.94 - - [01/Feb/2024:09:48:44 +0800] "POST /xingrg/dwr/call/plaincall/AjaxCheckService.setItemNumber.dwr HTTP/1.1" 200 78
116.230.123.222 - - [01/Feb/2024:09:48:45 +0800] "GET /xingrg/kc/buy/cgsh_order_operate.html?command=get_materiel&rest_code=00111&code=00101001284&supplier_code=00100199&order_time=2024-02-01 HTTP/1.1" 200 409
116.238.120.94 - - [01/Feb/2024:09:48:46 +0800] "POST /xingrg/dwr/call/plaincall/AjaxCheckService.setItemNumber.dwr HTTP/1.1" 200 78
116.238.120.94 - - [01/Feb/2024:09:48:48 +0800] "POST /xingrg/dwr/call/plaincall/AjaxCheckService.setItemNumber.dwr HTTP/1.1" 200 78
116.232.192.96 - - [01/Feb/2024:09:48:49 +0800] "POST /xingrg/dwr/call/plaincall/AjaxCheckService.setItemNumber.dwr HTTP/1.1" 200 77
116.238.120.94 - - [01/Feb/2024:09:48:49 +0800] "POST /xingrg/dwr/call/plaincall/AjaxCheckService.setItemNumber.dwr HTTP/1.1" 200 78
116.238.120.94 - - [01/Feb/2024:09:48:50 +0800] "POST /xingrg/dwr/call/plaincall/AjaxCheckService.setItemNumber.dwr HTTP/1.1" 200 78
101.83.145.37 - - [01/Feb/2024:09:48:51 +0800] "GET /xingrg/all/function/internal_message.html?_=1706751896316&CODE_STATE=getMsg HTTP/1.1" 200 27
116.232.192.96 - - [01/Feb/2024:09:48:51 +0800] "POST /xingrg/dwr/call/plaincall/AjaxCheckService.setItemNumber.dwr HTTP/1.1" 200 77
116.232.192.96 - - [01/Feb/2024:09:48:52 +0800] "POST /xingrg/dwr/call/plaincall/AjaxCheckService.setItemNumber.dwr HTTP/1.1" 200 77
116.238.120.94 - - [01/Feb/2024:09:48:52 +0800] "POST /xingrg/dwr/call/plaincall/AjaxCheckService.setItemNumber.dwr HTTP/1.1" 200 78
116.232.192.96 - - [01/Feb/2024:09:48:53 +0800] "POST /xingrg/dwr/call/plaincall/AjaxCheckService.setItemNumber.dwr HTTP/1.1" 200 77
116.232.192.96 - - [01/Feb/2024:09:48:53 +0800] "POST /xingrg/dwr/call/plaincall/AjaxCheckService.setItemNumber.dwr HTTP/1.1" 200 77
116.238.120.94 - - [01/Feb/2024:09:48:54 +0800] "POST /xingrg/dwr/call/plaincall/AjaxCheckService.setItemNumber.dwr HTTP/1.1" 200 78
116.232.192.96 - - [01/Feb/2024:09:48:54 +0800] "POST /xingrg/dwr/call/plaincall/AjaxCheckService.setItemNumber.dwr HTTP/1.1" 200 77
116.238.120.94 - - [01/Feb/2024:09:48:55 +0800] "POST /xingrg/dwr/call/plaincall/AjaxCheckService.setItemNumber.dwr HTTP/1.1" 200 78
116.238.120.94 - - [01/Feb/2024:09:48:55 +0800] "POST /xingrg/dwr/call/plaincall/AjaxCheckService.setItemNumber.dwr HTTP/1.1" 200 78
116.232.192.96 - - [01/Feb/2024:09:48:56 +0800] "POST /xingrg/dwr/call/plaincall/AjaxCheckService.setItemNumber.dwr HTTP/1.1" 200 77
116.232.192.96 - - [01/Feb/2024:09:48:58 +0800] "POST /xingrg/dwr/call/plaincall/AjaxCheckService.setItemNumber.dwr HTTP/1.1" 200 77
116.238.120.94 - - [01/Feb/2024:09:48:58 +0800] "POST /xingrg/dwr/call/plaincall/AjaxCheckService.setItemNumber.dwr HTTP/1.1" 200 78
116.230.123.222 - - [01/Feb/2024:09:48:58 +0800] "GET /xingrg/all/function/internal_message.html?_=1706752136950&CODE_STATE=getMsg HTTP/1.1" 200 27
116.238.120.94 - - [01/Feb/2024:09:48:58 +0800] "POST /xingrg/dwr/call/plaincall/AjaxCheckService.setItemNumber.dwr HTTP/1.1" 200 78
116.232.192.96 - - [01/Feb/2024:09:48:58 +0800] "POST /xingrg/dwr/call/plaincall/AjaxCheckService.setItemNumber.dwr HTTP/1.1" 200 77
116.238.120.94 - - [01/Feb/2024:09:49:00 +0800] "POST /xingrg/dwr/call/plaincall/AjaxCheckService.setItemNumber.dwr HTTP/1.1" 200 78
116.232.192.96 - - [01/Feb/2024:09:49:00 +0800] "POST /xingrg/dwr/call/plaincall/AjaxCheckService.setItemNumber.dwr HTTP/1.1" 200 77
116.232.192.96 - - [01/Feb/2024:09:49:01 +0800] "POST /xingrg/dwr/call/plaincall/AjaxCheckService.setItemNumber.dwr HTTP/1.1" 200 77
116.232.192.96 - - [01/Feb/2024:09:49:02 +0800] "POST /xingrg/dwr/call/plaincall/AjaxCheckService.setItemNumber.dwr HTTP/1.1" 200 77
116.238.120.94 - - [01/Feb/2024:09:49:03 +0800] "POST /xingrg/dwr/call/plaincall/AjaxCheckService.setItemNumber.dwr HTTP/1.1" 200 78
116.238.97.31 - - [01/Feb/2024:09:49:03 +0800] "POST /xingrg/kc/buy/cgsh_list_operate.html HTTP/1.1" 200 2264
116.232.192.96 - - [01/Feb/2024:09:49:03 +0800] "POST /xingrg/dwr/call/plaincall/AjaxCheckService.setItemNumber.dwr HTTP/1.1" 200 77
116.232.192.96 - - [01/Feb/2024:09:49:03 +0800] "POST /xingrg/dwr/call/plaincall/AjaxCheckService.setItemNumber.dwr HTTP/1.1" 200 77
116.238.120.94 - - [01/Feb/2024:09:49:04 +0800] "POST /xingrg/dwr/call/plaincall/AjaxCheckService.setItemNumber.dwr HTTP/1.1" 200 78
116.232.192.96 - - [01/Feb/2024:09:49:04 +0800] "POST /xingrg/dwr/call/plaincall/AjaxCheckService.setItemNumber.dwr HTTP/1.1" 200 77
116.232.192.96 - - [01/Feb/2024:09:49:05 +0800] "POST /xingrg/dwr/call/plaincall/AjaxCheckService.setItemNumber.dwr HTTP/1.1" 200 77
116.238.120.94 - - [01/Feb/2024:09:49:06 +0800] "POST /xingrg/dwr/call/plaincall/AjaxCheckService.setItemNumber.dwr HTTP/1.1" 200 78
124.78.154.219 - - [01/Feb/2024:09:49:07 +0800] "GET /xingrg/all/function/internal_message.html?_=1706752146979&CODE_STATE=getMsg HTTP/1.1" 200 27
124.78.154.219 - - [01/Feb/2024:09:49:07 +0800] "GET /xingrg/check_reg.html?_=1706752146981 HTTP/1.1" 200 22
116.232.192.96 - - [01/Feb/2024:09:49:07 +0800] "POST /xingrg/dwr/call/plaincall/AjaxCheckService.setItemNumber.dwr HTTP/1.1" 200 77
124.79.240.117 - - [01/Feb/2024:09:49:07 +0800] "GET /xingrg/all/function/internal_message.html?_=1706752147695&CODE_STATE=getMsg HTTP/1.1" 200 27
116.238.120.94 - - [01/Feb/2024:09:49:07 +0800] "POST /xingrg/dwr/call/plaincall/AjaxCheckService.setItemNumber.dwr HTTP/1.1" 200 78
124.78.68.102 - - [01/Feb/2024:09:49:08 +0800] "GET /xingrg/all/function/internal_message.html?_=1706752148590&CODE_STATE=getMsg HTTP/1.1" 200 27
124.78.68.102 - - [01/Feb/2024:09:49:08 +0800] "GET /xingrg/check_reg.html?_=1706752148594 HTTP/1.1" 200 22
116.238.120.94 - - [01/Feb/2024:09:49:08 +0800] "POST /xingrg/dwr/call/plaincall/AjaxCheckService.setItemNumber.dwr HTTP/1.1" 200 78
172.20.0.100 - - [01/Feb/2024:09:49:09 +0800] "GET /xingrg/all/function/internal_message.html?_=1706752159535&CODE_STATE=getMsg HTTP/1.1" 302 -
116.238.120.94 - - [01/Feb/2024:09:49:09 +0800] "POST /xingrg/dwr/call/plaincall/AjaxCheckService.setItemNumber.dwr HTTP/1.1" 200 78
116.232.192.96 - - [01/Feb/2024:09:49:10 +0800] "POST /xingrg/dwr/call/plaincall/AjaxCheckService.setItemNumber.dwr HTTP/1.1" 200 77
180.164.1.25 - - [01/Feb/2024:09:49:10 +0800] "GET /xingrg/all/function/internal_message.html?_=1706752149823&CODE_STATE=getMsg HTTP/1.1" 200 27
116.230.123.222 - - [01/Feb/2024:09:49:10 +0800] "POST /xingrg/kc/base/stock_operate.html HTTP/1.1" 200 6536
116.232.192.96 - - [01/Feb/2024:09:49:10 +0800] "POST /xingrg/dwr/call/plaincall/AjaxCheckService.setItemNumber.dwr HTTP/1.1" 200 77
116.238.120.94 - - [01/Feb/2024:09:49:11 +0800] "POST /xingrg/dwr/call/plaincall/AjaxCheckService.setItemNumber.dwr HTTP/1.1" 200 78
116.238.120.94 - - [01/Feb/2024:09:49:11 +0800] "GET /xingrg/all/function/internal_message.html?_=1706752150729&CODE_STATE=getMsg HTTP/1.1" 200 27
116.232.192.96 - - [01/Feb/2024:09:49:12 +0800] "POST /xingrg/dwr/call/plaincall/AjaxCheckService.setItemNumber.dwr HTTP/1.1" 200 77
116.232.192.96 - - [01/Feb/2024:09:49:12 +0800] "POST /xingrg/dwr/call/plaincall/AjaxCheckService.setItemNumber.dwr HTTP/1.1" 200 77
116.232.192.96 - - [01/Feb/2024:09:49:13 +0800] "POST /xingrg/dwr/call/plaincall/AjaxCheckService.setItemNumber.dwr HTTP/1.1" 200 77
116.232.192.96 - - [01/Feb/2024:09:49:13 +0800] "POST /xingrg/dwr/call/plaincall/AjaxCheckService.setItemNumber.dwr HTTP/1.1" 200 77
116.230.123.222 - - [01/Feb/2024:09:49:13 +0800] "GET /xingrg/kc/base/stock_detail.html?m=00101028032 HTTP/1.1" 200 7318
116.232.192.96 - - [01/Feb/2024:09:49:14 +0800] "POST /xingrg/dwr/call/plaincall/AjaxCheckService.setItemNumber.dwr HTTP/1.1" 200 77
116.232.192.96 - - [01/Feb/2024:09:49:15 +0800] "POST /xingrg/dwr/call/plaincall/AjaxCheckService.setItemNumber.dwr HTTP/1.1" 200 77
58.40.7.146 - - [01/Feb/2024:09:49:15 +0800] "GET /xingrg/check_reg.html?_=1706752155470 HTTP/1.1" 302 -
58.40.7.146 - - [01/Feb/2024:09:49:15 +0800] "GET /xingrg/login.html HTTP/1.1" 200 7641
116.230.123.222 - - [01/Feb/2024:09:49:17 +0800] "GET /xingrg/kc/base/stock_operate.html?_=1706752203969&command=get_report_file&start_day=20240101 HTTP/1.1" 200 53
116.230.123.222 - - [01/Feb/2024:09:49:17 +0800] "GET /xingrg/all/report/report_query.html?isQuery=1&onlyBody=1&rh=2000&fileName=kc/base/kc_stock_detail_new.xml&queryString=(1=1)&queryText=&tableQueryString=init_table$sp1$$sp$crk_table$sp1$order_day%20between%2020240101%20and%2020240229&varString=start_day:20240101,materiel_code:00101028032,cost_id:4847,end_date:20231231 HTTP/1.1" 200 48701
116.230.123.222 - - [01/Feb/2024:09:49:17 +0800] "GET /xingrg/dwr/interface/AjaxReportQueryService.js HTTP/1.1" 200 13203
116.230.123.222 - - [01/Feb/2024:09:49:17 +0800] "GET /xingrg/dwr/engine.js HTTP/1.1" 200 43631
116.238.120.94 - - [01/Feb/2024:09:49:19 +0800] "POST /xingrg/dwr/call/plaincall/AjaxCheckService.setItemNumber.dwr HTTP/1.1" 200 78
116.230.123.222 - - [01/Feb/2024:09:49:19 +0800] "POST /xingrg/all/report/load_report_page.html HTTP/1.1" 200 25139
116.230.123.222 - - [01/Feb/2024:09:49:19 +0800] "GET /xingrg/servlets/image?cache=0.8910761588591247&image=px HTTP/1.1" 200 807
116.232.192.96 - - [01/Feb/2024:09:49:20 +0800] "POST /xingrg/dwr/call/plaincall/AjaxCheckService.setItemNumber.dwr HTTP/1.1" 200 77
116.238.120.94 - - [01/Feb/2024:09:49:21 +0800] "POST /xingrg/dwr/call/plaincall/AjaxCheckService.setItemNumber.dwr HTTP/1.1" 200 78
116.238.120.94 - - [01/Feb/2024:09:49:22 +0800] "POST /xingrg/dwr/call/plaincall/AjaxCheckService.setItemNumber.dwr HTTP/1.1" 200 78
116.232.192.96 - - [01/Feb/2024:09:49:23 +0800] "POST /xingrg/dwr/call/plaincall/AjaxCheckService.setItemNumber.dwr HTTP/1.1" 200 77
116.238.120.94 - - [01/Feb/2024:09:49:23 +0800] "POST /xingrg/dwr/call/plaincall/AjaxCheckService.setItemNumber.dwr HTTP/1.1" 200 78
116.232.192.96 - - [01/Feb/2024:09:49:23 +0800] "POST /xingrg/dwr/call/plaincall/AjaxCheckService.setItemNumber.dwr HTTP/1.1" 200 77
180.169.147.146 - - [01/Feb/2024:09:49:24 +0800] "GET /xingrg/index.html?sysBaseUrl=http%3A%2F%2F180.169.147.146%3A18081%2Fxingrg%2F&costTime=2459×tamp=1706583576086 HTTP/1.1" 302 -
116.232.192.96 - - [01/Feb/2024:09:49:24 +0800] "POST /xingrg/dwr/call/plaincall/AjaxCheckService.setItemNumber.dwr HTTP/1.1" 200 77
180.169.147.146 - - [01/Feb/2024:09:49:24 +0800] "GET /xingrg/login.html HTTP/1.1" 200 7641
116.238.120.94 - - [01/Feb/2024:09:49:24 +0800] "POST /xingrg/dwr/call/plaincall/AjaxCheckService.setItemNumber.dwr HTTP/1.1" 200 78
116.230.123.222 - - [01/Feb/2024:09:49:25 +0800] "GET /xingrg/kc/guide/show_order.html?code=212024012912317&type=21 HTTP/1.1" 302 -
116.232.192.96 - - [01/Feb/2024:09:49:25 +0800] "POST /xingrg/dwr/call/plaincall/AjaxCheckService.setItemNumber.dwr HTTP/1.1" 200 77
116.232.192.96 - - [01/Feb/2024:09:49:26 +0800] "POST /xingrg/dwr/call/plaincall/AjaxCheckService.setItemNumber.dwr HTTP/1.1" 200 77
116.230.123.222 - - [01/Feb/2024:09:49:26 +0800] "GET /xingrg/kc/buy/cgsh_order_info.html?code=212024012912317&sysBaseUrl=http%3A%2F%2F180.169.147.146%3A18081%2Fxingrg%2F&costTime=1×tamp=1706752165143 HTTP/1.1" 200 68587
116.232.192.96 - - [01/Feb/2024:09:49:26 +0800] "GET /xingrg/all/function/internal_message.html?_=1706752097298&CODE_STATE=getMsg HTTP/1.1" 200 27
116.230.123.222 - - [01/Feb/2024:09:49:26 +0800] "GET /favicon.ico HTTP/1.1" 404 -
116.230.123.222 - - [01/Feb/2024:09:49:26 +0800] "GET /xingrg/javascript/jquery_tools/order_manager.js HTTP/1.1" 200 11183
116.230.123.222 - - [01/Feb/2024:09:49:26 +0800] "GET /xingrg/words/20240131100609_words.js HTTP/1.1" 200 1013157
116.232.192.96 - - [01/Feb/2024:09:49:27 +0800] "POST /xingrg/dwr/call/plaincall/AjaxCheckService.setItemNumber.dwr HTTP/1.1" 200 77
116.230.123.222 - - [01/Feb/2024:09:49:27 +0800] "GET /xingrg/javascript/easyui/themes/icons/copy_new.png HTTP/1.1" 200 815
116.230.123.222 - - [01/Feb/2024:09:49:27 +0800] "GET /xingrg/javascript/easyui/themes/icons/print.png HTTP/1.1" 200 1057
116.230.123.222 - - [01/Feb/2024:09:49:27 +0800] "GET /xingrg/javascript/easyui/themes/default/images/menu_downarrow.png HTTP/1.1" 200 173
116.230.123.222 - - [01/Feb/2024:09:49:27 +0800] "GET /xingrg/javascript/easyui/themes/icons/cancel.png HTTP/1.1" 200 1133
116.230.123.222 - - [01/Feb/2024:09:49:27 +0800] "GET /xingrg/javascript/easyui/themes/default/validatebox.css HTTP/1.1" 404 1104
116.230.123.222 - - [01/Feb/2024:09:49:27 +0800] "GET /xingrg/javascript/easyui/plugins/jquery.validatebox.js HTTP/1.1" 200 6103
116.230.123.222 - - [01/Feb/2024:09:49:27 +0800] "GET /xingrg/javascript/easyui/plugins/jquery.numberbox.js HTTP/1.1" 200 5213
116.232.192.96 - - [01/Feb/2024:09:49:27 +0800] "POST /xingrg/dwr/call/plaincall/AjaxCheckService.setItemNumber.dwr HTTP/1.1" 200 77
116.230.123.222 - - [01/Feb/2024:09:49:28 +0800] "GET /xingrg/all/function/internal_message.html?_=1706752214315&CODE_STATE=getMsg HTTP/1.1" 200 27
116.238.97.31 - - [01/Feb/2024:09:49:28 +0800] "GET /xingrg/all/function/internal_message.html?_=1706752168965&CODE_STATE=getMsg HTTP/1.1" 200 27
116.232.192.96 - - [01/Feb/2024:09:49:28 +0800] "POST /xingrg/dwr/call/plaincall/AjaxCheckService.setItemNumber.dwr HTTP/1.1" 200 77
116.230.123.222 - - [01/Feb/2024:09:49:28 +0800] "POST /xingrg/kc/buy/cgsh_order_operate.html HTTP/1.1" 200 627
116.230.123.222 - - [01/Feb/2024:09:49:28 +0800] "GET /xingrg/javascript/easyui/themes/icons/edit_remove.png HTTP/1.1" 200 625
114.83.219.145 - - [01/Feb/2024:09:49:28 +0800] "GET /favicon.ico HTTP/1.1" 404 -
116.232.192.96 - - [01/Feb/2024:09:49:28 +0800] "POST /xingrg/dwr/call/plaincall/AjaxCheckService.setItemNumber.dwr HTTP/1.1" 200 77
116.238.120.94 - - [01/Feb/2024:09:49:29 +0800] "POST /xingrg/dwr/call/plaincall/AjaxCheckService.setItemNumber.dwr HTTP/1.1" 200 78
116.232.192.96 - - [01/Feb/2024:09:49:29 +0800] "POST /xingrg/dwr/call/plaincall/AjaxCheckService.setItemNumber.dwr HTTP/1.1" 200 77
116.232.192.96 - - [01/Feb/2024:09:49:30 +0800] "POST /xingrg/dwr/call/plaincall/AjaxCheckService.setItemNumber.dwr HTTP/1.1" 200 77
180.169.147.146 - - [01/Feb/2024:09:49:30 +0800] "GET /favicon.ico HTTP/1.1" 404 -
116.238.120.94 - - [01/Feb/2024:09:49:30 +0800] "GET /xingrg/all/function/internal_message.html?_=1706752170591&CODE_STATE=getMsg HTTP/1.1" 200 27
116.232.192.96 - - [01/Feb/2024:09:49:31 +0800] "POST /xingrg/dwr/call/plaincall/AjaxCheckService.setItemNumber.dwr HTTP/1.1" 200 77
116.230.123.222 - - [01/Feb/2024:09:49:31 +0800] "GET /xingrg/kc/guide/show_order.html?code=212024012912317&type=21 HTTP/1.1" 302 -
116.230.123.222 - - [01/Feb/2024:09:49:31 +0800] "GET /xingrg/login.html HTTP/1.1" 200 7641
222.70.169.130 - - [01/Feb/2024:09:49:31 +0800] "GET /xingrg/all/function/internal_message.html?_=1706752185688&CODE_STATE=getMsg HTTP/1.1" 200 27
114.83.219.145 - - [01/Feb/2024:09:49:32 +0800] "GET /xingrg/login.html HTTP/1.1" 200 7641
222.70.169.130 - - [01/Feb/2024:09:49:32 +0800] "GET /xingrg/all/function/internal_message.html?_=1706752184009&CODE_STATE=getMsg HTTP/1.1" 200 27
116.232.192.96 - - [01/Feb/2024:09:49:32 +0800] "POST /xingrg/dwr/call/plaincall/AjaxCheckService.setItemNumber.dwr HTTP/1.1" 200 77
116.230.123.222 - - [01/Feb/2024:09:49:32 +0800] "GET /favicon.ico HTTP/1.1" 404 -
114.83.219.145 - - [01/Feb/2024:09:49:32 +0800] "GET /favicon.ico HTTP/1.1" 404 -
222.69.130.128 - - [01/Feb/2024:09:49:32 +0800] "GET /xingrg/all/function/internal_message.html?_=1706752170151&CODE_STATE=getMsg HTTP/1.1" 200 27
101.83.145.37 - - [01/Feb/2024:09:49:33 +0800] "GET /xingrg/all/function/internal_message.html?_=1706751938269&CODE_STATE=getMsg HTTP/1.1" 200 27
116.232.192.96 - - [01/Feb/2024:09:49:33 +0800] "POST /xingrg/dwr/call/plaincall/AjaxCheckService.setItemNumber.dwr HTTP/1.1" 200 77
116.238.120.94 - - [01/Feb/2024:09:49:33 +0800] "POST /xingrg/dwr/call/plaincall/AjaxCheckService.setItemNumber.dwr HTTP/1.1" 200 78
