222.70.169.130 - - [01/Feb/2024:08:28:31 +0800] "GET /xingrg/all/function/internal_message.html?_=1706747322891&CODE_STATE=getMsg HTTP/1.1" 200 27
116.238.120.94 - - [01/Feb/2024:08:28:32 +0800] "GET /xingrg/all/function/internal_message.html?_=1706747312015&CODE_STATE=getMsg HTTP/1.1" 200 27
116.238.120.94 - - [01/Feb/2024:08:28:39 +0800] "GET /xingrg/kc/buy/cgsh_order_operate.html?command=get_materiel&rest_code=00150&code=00101008005&supplier_code=00100008&order_time=2024-02-01 HTTP/1.1" 200 433
124.78.68.102 - - [01/Feb/2024:08:28:41 +0800] "GET /xingrg/check_reg.html?_=1706747321372 HTTP/1.1" 302 -
116.238.120.94 - - [01/Feb/2024:08:28:42 +0800] "GET /xingrg/all/function/internal_message.html?_=1706747321973&CODE_STATE=getMsg HTTP/1.1" 200 27
101.229.175.60 - - [01/Feb/2024:08:28:43 +0800] "GET /xingrg/all/function/internal_message.html?_=1706747329361&CODE_STATE=getMsg HTTP/1.1" 200 27
116.238.120.94 - - [01/Feb/2024:08:28:44 +0800] "GET /xingrg/check_reg.html?_=1706747324002 HTTP/1.1" 200 22
116.238.97.31 - - [01/Feb/2024:08:28:54 +0800] "GET /xingrg/all/function/internal_message.html?_=1706747335579&CODE_STATE=getMsg HTTP/1.1" 200 27
116.238.120.94 - - [01/Feb/2024:08:28:55 +0800] "GET /xingrg/kc/buy/cgsh_order_operate.html?command=get_materiel&rest_code=00150&code=00101008271&supplier_code=00100008&order_time=2024-02-01 HTTP/1.1" 200 408
116.238.120.94 - - [01/Feb/2024:08:29:05 +0800] "GET /xingrg/kc/buy/cgsh_order_operate.html?command=get_materiel&rest_code=00150&code=00101008353&supplier_code=00100008&order_time=2024-02-01 HTTP/1.1" 200 429
124.79.240.117 - - [01/Feb/2024:08:29:08 +0800] "GET /xingrg/all/function/internal_message.html?_=1706747349643&CODE_STATE=getMsg HTTP/1.1" 200 27
172.20.0.100 - - [01/Feb/2024:08:29:09 +0800] "GET /xingrg/all/function/internal_message.html?_=1706747359488&CODE_STATE=getMsg HTTP/1.1" 302 -
124.78.154.219 - - [01/Feb/2024:08:29:27 +0800] "GET /xingrg/all/function/internal_message.html?_=1706747364283&CODE_STATE=getMsg HTTP/1.1" 200 27
222.70.169.130 - - [01/Feb/2024:08:29:30 +0800] "GET /xingrg/all/function/internal_message.html?_=1706747384123&CODE_STATE=getMsg HTTP/1.1" 200 27
124.78.68.102 - - [01/Feb/2024:08:29:31 +0800] "GET /xingrg/all/function/internal_message.html?_=1706747371128&CODE_STATE=getMsg HTTP/1.1" 302 -
222.70.169.130 - - [01/Feb/2024:08:29:31 +0800] "GET /xingrg/all/function/internal_message.html?_=1706747382909&CODE_STATE=getMsg HTTP/1.1" 200 27
116.238.120.94 - - [01/Feb/2024:08:29:32 +0800] "GET /xingrg/all/function/internal_message.html?_=1706747371987&CODE_STATE=getMsg HTTP/1.1" 200 27
116.238.120.94 - - [01/Feb/2024:08:29:42 +0800] "GET /xingrg/all/function/internal_message.html?_=1706747381945&CODE_STATE=getMsg HTTP/1.1" 200 27
101.229.175.60 - - [01/Feb/2024:08:29:43 +0800] "GET /xingrg/all/function/internal_message.html?_=1706747389331&CODE_STATE=getMsg HTTP/1.1" 200 27
124.78.154.219 - - [01/Feb/2024:08:29:46 +0800] "GET /xingrg/check_reg.html?_=1706747382879 HTTP/1.1" 200 22
116.238.120.94 - - [01/Feb/2024:08:29:51 +0800] "POST /xingrg/kc/buy/cgsh_order_operate.html HTTP/1.1" 200 37
116.238.120.94 - - [01/Feb/2024:08:29:54 +0800] "POST /xingrg/kc/buy/cgsh_order_operate.html HTTP/1.1" 200 34616
116.238.97.31 - - [01/Feb/2024:08:29:54 +0800] "GET /xingrg/all/function/internal_message.html?_=1706747395569&CODE_STATE=getMsg HTTP/1.1" 200 27
101.229.175.60 - - [01/Feb/2024:08:29:57 +0800] "GET /xingrg/check_reg.html?_=1706747402891 HTTP/1.1" 200 22
116.238.97.31 - - [01/Feb/2024:08:29:57 +0800] "POST /xingrg/dwr/call/plaincall/AjaxCheckService.setItemNumber.dwr HTTP/1.1" 200 77
116.238.120.94 - - [01/Feb/2024:08:30:04 +0800] "GET /xingrg/kc/buy/cgsh_order_operate.html?command=get_materiel&rest_code=00150&code=00101008213&supplier_code=00100008&order_time=2024-02-01 HTTP/1.1" 200 412
124.79.240.117 - - [01/Feb/2024:08:30:08 +0800] "GET /xingrg/all/function/internal_message.html?_=1706747409623&CODE_STATE=getMsg HTTP/1.1" 200 27
172.20.0.100 - - [01/Feb/2024:08:30:09 +0800] "GET /xingrg/all/function/internal_message.html?_=1706747419487&CODE_STATE=getMsg HTTP/1.1" 302 -
116.238.120.94 - - [01/Feb/2024:08:30:16 +0800] "GET /xingrg/kc/buy/cgsh_order_operate.html?command=get_materiel&rest_code=00150&code=00101008291&supplier_code=00100008&order_time=2024-02-01 HTTP/1.1" 200 408
124.79.240.117 - - [01/Feb/2024:08:30:21 +0800] "GET /xingrg/check_reg.html?_=1706747422301 HTTP/1.1" 200 22
116.238.97.31 - - [01/Feb/2024:08:30:22 +0800] "POST /xingrg/dwr/call/plaincall/AjaxCheckService.setItemNumber.dwr HTTP/1.1" 200 77
116.238.120.94 - - [01/Feb/2024:08:30:25 +0800] "GET /xingrg/kc/buy/cgsh_order_operate.html?command=get_materiel&rest_code=00150&code=00101008095&supplier_code=00100008&order_time=2024-02-01 HTTP/1.1" 200 412
124.78.154.219 - - [01/Feb/2024:08:30:27 +0800] "GET /xingrg/all/function/internal_message.html?_=1706747424269&CODE_STATE=getMsg HTTP/1.1" 200 27
222.70.169.130 - - [01/Feb/2024:08:30:30 +0800] "GET /xingrg/all/function/internal_message.html?_=1706747444137&CODE_STATE=getMsg HTTP/1.1" 200 27
124.78.68.102 - - [01/Feb/2024:08:30:31 +0800] "GET /xingrg/all/function/internal_message.html?_=1706747431106&CODE_STATE=getMsg HTTP/1.1" 302 -
222.70.169.130 - - [01/Feb/2024:08:30:31 +0800] "GET /xingrg/all/function/internal_message.html?_=1706747442925&CODE_STATE=getMsg HTTP/1.1" 200 27
116.238.120.94 - - [01/Feb/2024:08:30:31 +0800] "GET /xingrg/all/function/internal_message.html?_=1706747431972&CODE_STATE=getMsg HTTP/1.1" 200 27
116.238.120.94 - - [01/Feb/2024:08:30:34 +0800] "GET /xingrg/kc/buy/cgsh_order_operate.html?command=get_materiel&rest_code=00150&code=00101008110&supplier_code=00100008&order_time=2024-02-01 HTTP/1.1" 200 409
116.238.97.31 - - [01/Feb/2024:08:30:41 +0800] "POST /xingrg/dwr/call/plaincall/AjaxCheckService.setItemNumber.dwr HTTP/1.1" 200 77
116.238.97.31 - - [01/Feb/2024:08:30:42 +0800] "POST /xingrg/dwr/call/plaincall/AjaxCheckService.setItemNumber.dwr HTTP/1.1" 200 77
116.238.120.94 - - [01/Feb/2024:08:30:42 +0800] "GET /xingrg/all/function/internal_message.html?_=1706747441931&CODE_STATE=getMsg HTTP/1.1" 200 27
116.238.120.94 - - [01/Feb/2024:08:30:43 +0800] "GET /xingrg/kc/buy/cgsh_order_operate.html?command=get_materiel&rest_code=00150&code=00101008041&supplier_code=00100008&order_time=2024-02-01 HTTP/1.1" 200 408
101.229.175.60 - - [01/Feb/2024:08:30:43 +0800] "GET /xingrg/all/function/internal_message.html?_=1706747449307&CODE_STATE=getMsg HTTP/1.1" 200 27
116.238.97.31 - - [01/Feb/2024:08:30:44 +0800] "POST /xingrg/dwr/call/plaincall/AjaxCheckService.setItemNumber.dwr HTTP/1.1" 200 77
116.238.97.31 - - [01/Feb/2024:08:30:51 +0800] "POST /xingrg/dwr/call/plaincall/AjaxCheckService.setItemNumber.dwr HTTP/1.1" 200 77
116.238.97.31 - - [01/Feb/2024:08:30:52 +0800] "POST /xingrg/dwr/call/plaincall/AjaxCheckService.setItemNumber.dwr HTTP/1.1" 200 77
116.238.97.31 - - [01/Feb/2024:08:30:54 +0800] "GET /xingrg/all/function/internal_message.html?_=1706747455596&CODE_STATE=getMsg HTTP/1.1" 200 27
116.238.97.31 - - [01/Feb/2024:08:30:56 +0800] "POST /xingrg/dwr/call/plaincall/AjaxCheckService.setItemNumber.dwr HTTP/1.1" 200 77
116.238.97.31 - - [01/Feb/2024:08:30:57 +0800] "POST /xingrg/dwr/call/plaincall/AjaxCheckService.setItemNumber.dwr HTTP/1.1" 200 77
116.238.97.31 - - [01/Feb/2024:08:30:57 +0800] "POST /xingrg/dwr/call/plaincall/AjaxCheckService.setItemNumber.dwr HTTP/1.1" 200 77
116.238.97.31 - - [01/Feb/2024:08:30:58 +0800] "POST /xingrg/dwr/call/plaincall/AjaxCheckService.setItemNumber.dwr HTTP/1.1" 200 77
116.238.97.31 - - [01/Feb/2024:08:31:01 +0800] "POST /xingrg/dwr/call/plaincall/AjaxCheckService.setItemNumber.dwr HTTP/1.1" 200 77
116.232.192.96 - - [01/Feb/2024:08:31:01 +0800] "GET /xingrg/check_reg.html?_=1706747392324 HTTP/1.1" 302 -
116.232.192.96 - - [01/Feb/2024:08:31:01 +0800] "GET /xingrg/login.html HTTP/1.1" 200 7641
116.238.97.31 - - [01/Feb/2024:08:31:02 +0800] "POST /xingrg/dwr/call/plaincall/AjaxCheckService.setItemNumber.dwr HTTP/1.1" 200 77
116.238.120.94 - - [01/Feb/2024:08:31:03 +0800] "POST /xingrg/kc/buy/cgsh_order_operate.html HTTP/1.1" 200 37
120.253.135.82 - - [01/Feb/2024:08:31:03 +0800] "GET /xingrg/check_reg.html?_=1706747289650 HTTP/1.1" 200 22
116.238.97.31 - - [01/Feb/2024:08:31:05 +0800] "POST /xingrg/dwr/call/plaincall/AjaxCheckService.setItemNumber.dwr HTTP/1.1" 200 77
116.238.120.94 - - [01/Feb/2024:08:31:05 +0800] "POST /xingrg/kc/buy/cgsh_order_operate.html HTTP/1.1" 200 37562
124.79.240.117 - - [01/Feb/2024:08:31:08 +0800] "GET /xingrg/all/function/internal_message.html?_=1706747469599&CODE_STATE=getMsg HTTP/1.1" 200 27
172.20.0.100 - - [01/Feb/2024:08:31:09 +0800] "GET /xingrg/all/function/internal_message.html?_=1706747479485&CODE_STATE=getMsg HTTP/1.1" 302 -
172.20.0.100 - - [01/Feb/2024:08:31:09 +0800] "GET /xingrg/check_reg.html?_=1706747479487 HTTP/1.1" 302 -
124.78.154.219 - - [01/Feb/2024:08:31:27 +0800] "GET /xingrg/all/function/internal_message.html?_=1706747484255&CODE_STATE=getMsg HTTP/1.1" 200 27
222.70.169.130 - - [01/Feb/2024:08:31:30 +0800] "GET /xingrg/all/function/internal_message.html?_=1706747504161&CODE_STATE=getMsg HTTP/1.1" 200 27
222.70.169.130 - - [01/Feb/2024:08:31:30 +0800] "GET /xingrg/check_reg.html?_=1706747502436 HTTP/1.1" 200 22
124.78.68.102 - - [01/Feb/2024:08:31:31 +0800] "GET /xingrg/all/function/internal_message.html?_=1706747491082&CODE_STATE=getMsg HTTP/1.1" 302 -
222.70.169.130 - - [01/Feb/2024:08:31:31 +0800] "GET /xingrg/all/function/internal_message.html?_=1706747502932&CODE_STATE=getMsg HTTP/1.1" 200 27
116.238.120.94 - - [01/Feb/2024:08:31:31 +0800] "GET /xingrg/all/function/internal_message.html?_=1706747491948&CODE_STATE=getMsg HTTP/1.1" 200 27
116.238.120.94 - - [01/Feb/2024:08:31:42 +0800] "GET /xingrg/all/function/internal_message.html?_=1706747501934&CODE_STATE=getMsg HTTP/1.1" 200 27
101.229.175.60 - - [01/Feb/2024:08:31:43 +0800] "GET /xingrg/all/function/internal_message.html?_=1706747509277&CODE_STATE=getMsg HTTP/1.1" 200 27
116.238.97.31 - - [01/Feb/2024:08:31:54 +0800] "GET /xingrg/check_reg.html?_=1706747515582 HTTP/1.1" 200 22
116.238.97.31 - - [01/Feb/2024:08:31:54 +0800] "GET /xingrg/all/function/internal_message.html?_=1706747515586&CODE_STATE=getMsg HTTP/1.1" 200 27
116.238.97.31 - - [01/Feb/2024:08:31:58 +0800] "GET /xingrg/kc/base/check_order_list.html?isBack=1 HTTP/1.1" 200 16132
116.238.97.31 - - [01/Feb/2024:08:31:59 +0800] "POST /xingrg/kc/base/check_list_operate.html HTTP/1.1" 200 4640
116.238.97.31 - - [01/Feb/2024:08:32:03 +0800] "GET /xingrg/kc/base/check_order_info.html?code=452024013100365 HTTP/1.1" 200 26516
116.238.97.31 - - [01/Feb/2024:08:32:03 +0800] "GET /xingrg/dwr/interface/AjaxComOrderService.js HTTP/1.1" 200 18264
116.238.97.31 - - [01/Feb/2024:08:32:03 +0800] "GET /xingrg/dwr/interface/AjaxCheckService.js HTTP/1.1" 200 14003
116.238.97.31 - - [01/Feb/2024:08:32:03 +0800] "GET /xingrg/dwr/engine.js HTTP/1.1" 200 43631
116.238.97.31 - - [01/Feb/2024:08:32:03 +0800] "POST /xingrg/dwr/call/plaincall/AjaxCheckService.loadOrderItems.dwr HTTP/1.1" 200 139057
124.79.240.117 - - [01/Feb/2024:08:32:08 +0800] "GET /xingrg/all/function/internal_message.html?_=1706747529574&CODE_STATE=getMsg HTTP/1.1" 200 27
116.238.97.31 - - [01/Feb/2024:08:32:08 +0800] "POST /xingrg/dwr/call/plaincall/AjaxCheckService.setItemNumber.dwr HTTP/1.1" 200 76
172.20.0.100 - - [01/Feb/2024:08:32:09 +0800] "GET /xingrg/all/function/internal_message.html?_=1706747539487&CODE_STATE=getMsg HTTP/1.1" 302 -
116.238.97.31 - - [01/Feb/2024:08:32:09 +0800] "POST /xingrg/dwr/call/plaincall/AjaxCheckService.setItemNumber.dwr HTTP/1.1" 200 76
116.238.97.31 - - [01/Feb/2024:08:32:10 +0800] "POST /xingrg/dwr/call/plaincall/AjaxCheckService.setItemNumber.dwr HTTP/1.1" 200 76
116.238.97.31 - - [01/Feb/2024:08:32:10 +0800] "POST /xingrg/dwr/call/plaincall/AjaxCheckService.setItemNumber.dwr HTTP/1.1" 200 76
116.238.97.31 - - [01/Feb/2024:08:32:14 +0800] "POST /xingrg/dwr/call/plaincall/AjaxCheckService.setItemNumber.dwr HTTP/1.1" 200 76
116.238.97.31 - - [01/Feb/2024:08:32:14 +0800] "POST /xingrg/dwr/call/plaincall/AjaxCheckService.setItemNumber.dwr HTTP/1.1" 200 76
116.238.97.31 - - [01/Feb/2024:08:32:16 +0800] "POST /xingrg/dwr/call/plaincall/AjaxCheckService.setItemNumber.dwr HTTP/1.1" 200 76
116.238.97.31 - - [01/Feb/2024:08:32:19 +0800] "POST /xingrg/dwr/call/plaincall/AjaxCheckService.setItemNumber.dwr HTTP/1.1" 200 76
222.70.169.130 - - [01/Feb/2024:08:32:20 +0800] "GET /xingrg/check_reg.html?_=1706747554080 HTTP/1.1" 200 22
116.238.97.31 - - [01/Feb/2024:08:32:20 +0800] "POST /xingrg/dwr/call/plaincall/AjaxCheckService.setItemNumber.dwr HTTP/1.1" 200 76
116.238.97.31 - - [01/Feb/2024:08:32:22 +0800] "POST /xingrg/dwr/call/plaincall/AjaxCheckService.setItemNumber.dwr HTTP/1.1" 200 77
116.238.97.31 - - [01/Feb/2024:08:32:23 +0800] "POST /xingrg/dwr/call/plaincall/AjaxCheckService.setItemNumber.dwr HTTP/1.1" 200 77
116.238.97.31 - - [01/Feb/2024:08:32:23 +0800] "POST /xingrg/dwr/call/plaincall/AjaxCheckService.setItemNumber.dwr HTTP/1.1" 200 77
116.238.97.31 - - [01/Feb/2024:08:32:24 +0800] "POST /xingrg/dwr/call/plaincall/AjaxCheckService.setItemNumber.dwr HTTP/1.1" 200 77
116.238.97.31 - - [01/Feb/2024:08:32:26 +0800] "POST /xingrg/dwr/call/plaincall/AjaxCheckService.setItemNumber.dwr HTTP/1.1" 200 77
116.238.97.31 - - [01/Feb/2024:08:32:27 +0800] "POST /xingrg/dwr/call/plaincall/AjaxCheckService.setItemNumber.dwr HTTP/1.1" 200 77
124.78.154.219 - - [01/Feb/2024:08:32:28 +0800] "GET /xingrg/all/function/internal_message.html?_=1706747544237&CODE_STATE=getMsg HTTP/1.1" 302 -
116.238.97.31 - - [01/Feb/2024:08:32:28 +0800] "POST /xingrg/dwr/call/plaincall/AjaxCheckService.setItemNumber.dwr HTTP/1.1" 200 77
124.78.154.219 - - [01/Feb/2024:08:32:28 +0800] "GET /xingrg/login.html HTTP/1.1" 200 7641
116.238.97.31 - - [01/Feb/2024:08:32:28 +0800] "POST /xingrg/dwr/call/plaincall/AjaxCheckService.setItemNumber.dwr HTTP/1.1" 200 77
222.70.169.130 - - [01/Feb/2024:08:32:30 +0800] "GET /xingrg/all/function/internal_message.html?_=1706747564165&CODE_STATE=getMsg HTTP/1.1" 200 27
116.238.97.31 - - [01/Feb/2024:08:32:31 +0800] "POST /xingrg/dwr/call/plaincall/AjaxCheckService.setItemNumber.dwr HTTP/1.1" 200 77
124.78.68.102 - - [01/Feb/2024:08:32:31 +0800] "GET /xingrg/all/function/internal_message.html?_=1706747551069&CODE_STATE=getMsg HTTP/1.1" 302 -
222.70.169.130 - - [01/Feb/2024:08:32:31 +0800] "GET /xingrg/all/function/internal_message.html?_=1706747562946&CODE_STATE=getMsg HTTP/1.1" 200 27
116.238.120.94 - - [01/Feb/2024:08:32:31 +0800] "GET /xingrg/all/function/internal_message.html?_=1706747551926&CODE_STATE=getMsg HTTP/1.1" 200 27
116.238.97.31 - - [01/Feb/2024:08:32:36 +0800] "POST /xingrg/dwr/call/plaincall/AjaxCheckService.setItemNumber.dwr HTTP/1.1" 200 77
116.238.97.31 - - [01/Feb/2024:08:32:37 +0800] "POST /xingrg/dwr/call/plaincall/AjaxCheckService.setItemNumber.dwr HTTP/1.1" 200 77
116.238.97.31 - - [01/Feb/2024:08:32:38 +0800] "POST /xingrg/dwr/call/plaincall/AjaxCheckService.setItemNumber.dwr HTTP/1.1" 200 77
116.238.97.31 - - [01/Feb/2024:08:32:39 +0800] "POST /xingrg/dwr/call/plaincall/AjaxCheckService.setItemNumber.dwr HTTP/1.1" 200 77
116.238.97.31 - - [01/Feb/2024:08:32:40 +0800] "POST /xingrg/dwr/call/plaincall/AjaxCheckService.setItemNumber.dwr HTTP/1.1" 200 77
116.238.120.94 - - [01/Feb/2024:08:32:41 +0800] "GET /xingrg/check_reg.html?_=1706747560877 HTTP/1.1" 200 22
116.238.120.94 - - [01/Feb/2024:08:32:42 +0800] "GET /xingrg/all/function/internal_message.html?_=1706747561908&CODE_STATE=getMsg HTTP/1.1" 200 27
101.229.175.60 - - [01/Feb/2024:08:32:43 +0800] "GET /xingrg/all/function/internal_message.html?_=1706747569247&CODE_STATE=getMsg HTTP/1.1" 200 27
116.238.97.31 - - [01/Feb/2024:08:32:44 +0800] "POST /xingrg/dwr/call/plaincall/AjaxCheckService.setItemNumber.dwr HTTP/1.1" 200 77
116.238.97.31 - - [01/Feb/2024:08:32:45 +0800] "POST /xingrg/dwr/call/plaincall/AjaxCheckService.setItemNumber.dwr HTTP/1.1" 200 77
124.78.154.219 - - [01/Feb/2024:08:32:46 +0800] "GET /favicon.ico HTTP/1.1" 404 -
116.238.97.31 - - [01/Feb/2024:08:32:46 +0800] "POST /xingrg/dwr/call/plaincall/AjaxCheckService.setItemNumber.dwr HTTP/1.1" 200 77
116.238.97.31 - - [01/Feb/2024:08:32:47 +0800] "POST /xingrg/dwr/call/plaincall/AjaxCheckService.setItemNumber.dwr HTTP/1.1" 200 77
116.238.97.31 - - [01/Feb/2024:08:32:49 +0800] "POST /xingrg/dwr/call/plaincall/AjaxCheckService.setItemNumber.dwr HTTP/1.1" 200 77
116.238.97.31 - - [01/Feb/2024:08:32:51 +0800] "POST /xingrg/dwr/call/plaincall/AjaxCheckService.setItemNumber.dwr HTTP/1.1" 200 77
116.238.97.31 - - [01/Feb/2024:08:32:54 +0800] "POST /xingrg/dwr/call/plaincall/AjaxCheckService.setItemNumber.dwr HTTP/1.1" 200 77
116.238.97.31 - - [01/Feb/2024:08:32:54 +0800] "GET /xingrg/all/function/internal_message.html?_=1706747575724&CODE_STATE=getMsg HTTP/1.1" 200 27
116.238.97.31 - - [01/Feb/2024:08:32:55 +0800] "POST /xingrg/dwr/call/plaincall/AjaxCheckService.setItemNumber.dwr HTTP/1.1" 200 77
116.238.97.31 - - [01/Feb/2024:08:32:56 +0800] "POST /xingrg/dwr/call/plaincall/AjaxCheckService.setItemNumber.dwr HTTP/1.1" 200 77
116.238.97.31 - - [01/Feb/2024:08:32:57 +0800] "POST /xingrg/dwr/call/plaincall/AjaxCheckService.setItemNumber.dwr HTTP/1.1" 200 77
116.238.97.31 - - [01/Feb/2024:08:32:57 +0800] "POST /xingrg/dwr/call/plaincall/AjaxCheckService.setItemNumber.dwr HTTP/1.1" 200 77
116.238.97.31 - - [01/Feb/2024:08:32:58 +0800] "POST /xingrg/dwr/call/plaincall/AjaxCheckService.setItemNumber.dwr HTTP/1.1" 200 77
116.232.192.96 - - [01/Feb/2024:08:33:00 +0800] "GET /xingrg/check_reg.html?_=1706747511597 HTTP/1.1" 302 -
116.238.97.31 - - [01/Feb/2024:08:33:00 +0800] "POST /xingrg/dwr/call/plaincall/AjaxCheckService.setItemNumber.dwr HTTP/1.1" 200 77
116.238.97.31 - - [01/Feb/2024:08:33:02 +0800] "POST /xingrg/dwr/call/plaincall/AjaxCheckService.setItemNumber.dwr HTTP/1.1" 200 77
116.238.97.31 - - [01/Feb/2024:08:33:02 +0800] "POST /xingrg/dwr/call/plaincall/AjaxCheckService.setItemNumber.dwr HTTP/1.1" 200 77
116.238.97.31 - - [01/Feb/2024:08:33:04 +0800] "POST /xingrg/dwr/call/plaincall/AjaxCheckService.setItemNumber.dwr HTTP/1.1" 200 77
116.238.97.31 - - [01/Feb/2024:08:33:05 +0800] "POST /xingrg/dwr/call/plaincall/AjaxCheckService.setItemNumber.dwr HTTP/1.1" 200 77
116.238.97.31 - - [01/Feb/2024:08:33:07 +0800] "POST /xingrg/dwr/call/plaincall/AjaxCheckService.setItemNumber.dwr HTTP/1.1" 200 77
116.238.97.31 - - [01/Feb/2024:08:33:07 +0800] "POST /xingrg/dwr/call/plaincall/AjaxCheckService.setItemNumber.dwr HTTP/1.1" 200 77
124.79.240.117 - - [01/Feb/2024:08:33:08 +0800] "GET /xingrg/all/function/internal_message.html?_=1706747589546&CODE_STATE=getMsg HTTP/1.1" 200 27
172.20.0.100 - - [01/Feb/2024:08:33:09 +0800] "GET /xingrg/all/function/internal_message.html?_=1706747599485&CODE_STATE=getMsg HTTP/1.1" 302 -
116.238.97.31 - - [01/Feb/2024:08:33:10 +0800] "POST /xingrg/dwr/call/plaincall/AjaxCheckService.setItemNumber.dwr HTTP/1.1" 200 77
116.238.97.31 - - [01/Feb/2024:08:33:13 +0800] "POST /xingrg/dwr/call/plaincall/AjaxCheckService.setItemNumber.dwr HTTP/1.1" 200 77
116.238.97.31 - - [01/Feb/2024:08:33:14 +0800] "POST /xingrg/dwr/call/plaincall/AjaxCheckService.setItemNumber.dwr HTTP/1.1" 200 77
116.238.97.31 - - [01/Feb/2024:08:33:14 +0800] "POST /xingrg/dwr/call/plaincall/AjaxCheckService.setItemNumber.dwr HTTP/1.1" 200 77
116.238.97.31 - - [01/Feb/2024:08:33:23 +0800] "POST /xingrg/dwr/call/plaincall/AjaxCheckService.setItemNumber.dwr HTTP/1.1" 200 77
222.69.130.128 - - [01/Feb/2024:08:33:25 +0800] "GET /xingrg/login.html?sysBaseUrl=http%3A%2F%2F180.169.147.146%3A18081%2Fxingrg%2F&costTime=31×tamp=1615347190560 HTTP/1.1" 200 7641
116.238.97.31 - - [01/Feb/2024:08:33:26 +0800] "POST /xingrg/dwr/call/plaincall/AjaxCheckService.setItemNumber.dwr HTTP/1.1" 200 77
222.69.130.128 - - [01/Feb/2024:08:33:27 +0800] "GET /favicon.ico HTTP/1.1" 404 -
116.238.97.31 - - [01/Feb/2024:08:33:27 +0800] "POST /xingrg/dwr/call/plaincall/AjaxCheckService.setItemNumber.dwr HTTP/1.1" 200 77
116.238.97.31 - - [01/Feb/2024:08:33:28 +0800] "POST /xingrg/dwr/call/plaincall/AjaxCheckService.setItemNumber.dwr HTTP/1.1" 200 77
116.238.97.31 - - [01/Feb/2024:08:33:28 +0800] "POST /xingrg/dwr/call/plaincall/AjaxCheckService.setItemNumber.dwr HTTP/1.1" 200 77
116.238.97.31 - - [01/Feb/2024:08:33:29 +0800] "POST /xingrg/dwr/call/plaincall/AjaxCheckService.setItemNumber.dwr HTTP/1.1" 200 77
222.70.169.130 - - [01/Feb/2024:08:33:30 +0800] "GET /xingrg/all/function/internal_message.html?_=1706747624179&CODE_STATE=getMsg HTTP/1.1" 200 27
124.78.68.102 - - [01/Feb/2024:08:33:31 +0800] "GET /xingrg/all/function/internal_message.html?_=1706747611056&CODE_STATE=getMsg HTTP/1.1" 302 -
116.238.97.31 - - [01/Feb/2024:08:33:31 +0800] "POST /xingrg/dwr/call/plaincall/AjaxCheckService.setItemNumber.dwr HTTP/1.1" 200 77
222.70.169.130 - - [01/Feb/2024:08:33:31 +0800] "GET /xingrg/all/function/internal_message.html?_=1706747622963&CODE_STATE=getMsg HTTP/1.1" 200 27
116.238.120.94 - - [01/Feb/2024:08:33:31 +0800] "GET /xingrg/all/function/internal_message.html?_=1706747611898&CODE_STATE=getMsg HTTP/1.1" 200 27
116.238.97.31 - - [01/Feb/2024:08:33:34 +0800] "POST /xingrg/dwr/call/plaincall/AjaxCheckService.setItemNumber.dwr HTTP/1.1" 200 77
222.69.130.128 - - [01/Feb/2024:08:33:34 +0800] "POST /xingrg/login.do HTTP/1.1" 302 -
222.69.130.128 - - [01/Feb/2024:08:33:34 +0800] "GET /xingrg/index.html?sysBaseUrl=http%3A%2F%2F180.169.147.146%3A18081%2Fxingrg%2F&costTime=990×tamp=1706747614287 HTTP/1.1" 200 17179
222.69.130.128 - - [01/Feb/2024:08:33:34 +0800] "GET /favicon.ico HTTP/1.1" 404 -
222.69.130.128 - - [01/Feb/2024:08:33:35 +0800] "POST /xingrg/all/common/load_tree.html?tree=area_rest_tree_json&manage=1 HTTP/1.1" 200 351
222.69.130.128 - - [01/Feb/2024:08:33:35 +0800] "GET /xingrg/check_reg.html?_=1706747612638 HTTP/1.1" 200 22
222.69.130.128 - - [01/Feb/2024:08:33:35 +0800] "GET /xingrg/all/function/internal_message.html?_=1706747612636&CODE_STATE=count HTTP/1.1" 200 11
222.69.130.128 - - [01/Feb/2024:08:33:35 +0800] "POST /xingrg/load_menu.html HTTP/1.1" 200 5138
116.238.97.31 - - [01/Feb/2024:08:33:35 +0800] "POST /xingrg/dwr/call/plaincall/AjaxCheckService.setItemNumber.dwr HTTP/1.1" 200 77
222.69.130.128 - - [01/Feb/2024:08:33:39 +0800] "GET /xingrg/kc/base/check_order_list.html HTTP/1.1" 200 16138
116.238.97.31 - - [01/Feb/2024:08:33:39 +0800] "POST /xingrg/dwr/call/plaincall/AjaxCheckService.setItemNumber.dwr HTTP/1.1" 200 77
222.69.130.128 - - [01/Feb/2024:08:33:40 +0800] "POST /xingrg/kc/base/check_list_operate.html HTTP/1.1" 200 2241
116.238.97.31 - - [01/Feb/2024:08:33:40 +0800] "POST /xingrg/dwr/call/plaincall/AjaxCheckService.setItemNumber.dwr HTTP/1.1" 200 77
124.78.68.102 - - [01/Feb/2024:08:33:41 +0800] "GET /xingrg/check_reg.html?_=1706747621349 HTTP/1.1" 302 -
116.238.97.31 - - [01/Feb/2024:08:33:41 +0800] "POST /xingrg/dwr/call/plaincall/AjaxCheckService.setItemNumber.dwr HTTP/1.1" 200 77
116.238.97.31 - - [01/Feb/2024:08:33:42 +0800] "POST /xingrg/dwr/call/plaincall/AjaxCheckService.setItemNumber.dwr HTTP/1.1" 200 77
116.238.120.94 - - [01/Feb/2024:08:33:42 +0800] "GET /xingrg/all/function/internal_message.html?_=1706747621880&CODE_STATE=getMsg HTTP/1.1" 200 27
101.229.175.60 - - [01/Feb/2024:08:33:43 +0800] "GET /xingrg/all/function/internal_message.html?_=1706747629219&CODE_STATE=getMsg HTTP/1.1" 200 27
116.238.120.94 - - [01/Feb/2024:08:33:44 +0800] "GET /xingrg/check_reg.html?_=1706747623995 HTTP/1.1" 200 22
116.238.97.31 - - [01/Feb/2024:08:33:44 +0800] "POST /xingrg/dwr/call/plaincall/AjaxCheckService.setItemNumber.dwr HTTP/1.1" 200 77
116.238.97.31 - - [01/Feb/2024:08:33:45 +0800] "POST /xingrg/dwr/call/plaincall/AjaxCheckService.setItemNumber.dwr HTTP/1.1" 200 77
116.238.97.31 - - [01/Feb/2024:08:33:46 +0800] "POST /xingrg/dwr/call/plaincall/AjaxCheckService.setItemNumber.dwr HTTP/1.1" 200 77
116.238.97.31 - - [01/Feb/2024:08:33:49 +0800] "POST /xingrg/dwr/call/plaincall/AjaxCheckService.setItemNumber.dwr HTTP/1.1" 200 77
116.238.97.31 - - [01/Feb/2024:08:33:50 +0800] "POST /xingrg/dwr/call/plaincall/AjaxCheckService.setItemNumber.dwr HTTP/1.1" 200 77
116.238.97.31 - - [01/Feb/2024:08:33:51 +0800] "POST /xingrg/dwr/call/plaincall/AjaxCheckService.setItemNumber.dwr HTTP/1.1" 200 77
116.238.97.31 - - [01/Feb/2024:08:33:53 +0800] "POST /xingrg/dwr/call/plaincall/AjaxCheckService.setItemNumber.dwr HTTP/1.1" 200 77
116.238.97.31 - - [01/Feb/2024:08:33:54 +0800] "POST /xingrg/dwr/call/plaincall/AjaxCheckService.setItemNumber.dwr HTTP/1.1" 200 77
116.238.97.31 - - [01/Feb/2024:08:33:54 +0800] "GET /xingrg/all/function/internal_message.html?_=1706747635696&CODE_STATE=getMsg HTTP/1.1" 200 27
116.238.97.31 - - [01/Feb/2024:08:33:54 +0800] "POST /xingrg/dwr/call/plaincall/AjaxCheckService.setItemNumber.dwr HTTP/1.1" 200 77
116.238.97.31 - - [01/Feb/2024:08:33:57 +0800] "POST /xingrg/dwr/call/plaincall/AjaxCheckService.setItemNumber.dwr HTTP/1.1" 200 77
116.238.97.31 - - [01/Feb/2024:08:33:58 +0800] "POST /xingrg/dwr/call/plaincall/AjaxCheckService.setItemNumber.dwr HTTP/1.1" 200 77
116.238.97.31 - - [01/Feb/2024:08:33:59 +0800] "POST /xingrg/dwr/call/plaincall/AjaxCheckService.setItemNumber.dwr HTTP/1.1" 200 77
116.238.97.31 - - [01/Feb/2024:08:33:59 +0800] "POST /xingrg/dwr/call/plaincall/AjaxCheckService.setItemNumber.dwr HTTP/1.1" 200 77
116.238.97.31 - - [01/Feb/2024:08:34:02 +0800] "POST /xingrg/dwr/call/plaincall/AjaxCheckService.setItemNumber.dwr HTTP/1.1" 200 77
116.238.97.31 - - [01/Feb/2024:08:34:03 +0800] "POST /xingrg/dwr/call/plaincall/AjaxCheckService.setItemNumber.dwr HTTP/1.1" 200 77
116.238.97.31 - - [01/Feb/2024:08:34:06 +0800] "POST /xingrg/dwr/call/plaincall/AjaxCheckService.setItemNumber.dwr HTTP/1.1" 200 77
222.69.130.128 - - [01/Feb/2024:08:34:08 +0800] "GET /xingrg/kc/base/check_order_info.html?code=452024013100308 HTTP/1.1" 200 26522
222.69.130.128 - - [01/Feb/2024:08:34:08 +0800] "GET /xingrg/dwr/interface/AjaxComOrderService.js HTTP/1.1" 200 18264
222.69.130.128 - - [01/Feb/2024:08:34:08 +0800] "GET /xingrg/dwr/interface/AjaxCheckService.js HTTP/1.1" 200 14003
222.69.130.128 - - [01/Feb/2024:08:34:08 +0800] "GET /xingrg/dwr/engine.js HTTP/1.1" 200 43631
222.69.130.128 - - [01/Feb/2024:08:34:08 +0800] "GET /xingrg/dwr/util.js HTTP/1.1" 200 35990
124.79.240.117 - - [01/Feb/2024:08:34:08 +0800] "GET /xingrg/all/function/internal_message.html?_=1706747649515&CODE_STATE=getMsg HTTP/1.1" 200 27
116.238.97.31 - - [01/Feb/2024:08:34:09 +0800] "POST /xingrg/dwr/call/plaincall/AjaxCheckService.setItemNumber.dwr HTTP/1.1" 200 77
222.69.130.128 - - [01/Feb/2024:08:34:09 +0800] "POST /xingrg/dwr/call/plaincall/AjaxCheckService.loadOrderItems.dwr HTTP/1.1" 200 54979
172.20.0.100 - - [01/Feb/2024:08:34:09 +0800] "GET /xingrg/all/function/internal_message.html?_=1706747659484&CODE_STATE=getMsg HTTP/1.1" 302 -
116.238.97.31 - - [01/Feb/2024:08:34:10 +0800] "POST /xingrg/dwr/call/plaincall/AjaxCheckService.setItemNumber.dwr HTTP/1.1" 200 77
116.238.97.31 - - [01/Feb/2024:08:34:10 +0800] "POST /xingrg/dwr/call/plaincall/AjaxCheckService.setItemNumber.dwr HTTP/1.1" 200 77
116.238.97.31 - - [01/Feb/2024:08:34:12 +0800] "POST /xingrg/dwr/call/plaincall/AjaxCheckService.setItemNumber.dwr HTTP/1.1" 200 77
116.238.97.31 - - [01/Feb/2024:08:34:15 +0800] "POST /xingrg/dwr/call/plaincall/AjaxCheckService.setItemNumber.dwr HTTP/1.1" 200 77
116.238.97.31 - - [01/Feb/2024:08:34:18 +0800] "POST /xingrg/dwr/call/plaincall/AjaxCheckService.setItemNumber.dwr HTTP/1.1" 200 77
116.238.97.31 - - [01/Feb/2024:08:34:19 +0800] "POST /xingrg/dwr/call/plaincall/AjaxCheckService.setItemNumber.dwr HTTP/1.1" 200 77
116.238.97.31 - - [01/Feb/2024:08:34:21 +0800] "POST /xingrg/dwr/call/plaincall/AjaxCheckService.setItemNumber.dwr HTTP/1.1" 200 77
116.238.97.31 - - [01/Feb/2024:08:34:23 +0800] "POST /xingrg/dwr/call/plaincall/AjaxCheckService.setItemNumber.dwr HTTP/1.1" 200 77
116.238.97.31 - - [01/Feb/2024:08:34:23 +0800] "POST /xingrg/dwr/call/plaincall/AjaxCheckService.setItemNumber.dwr HTTP/1.1" 200 77
116.238.97.31 - - [01/Feb/2024:08:34:24 +0800] "POST /xingrg/dwr/call/plaincall/AjaxCheckService.setItemNumber.dwr HTTP/1.1" 200 77
116.238.97.31 - - [01/Feb/2024:08:34:26 +0800] "POST /xingrg/dwr/call/plaincall/AjaxCheckService.setItemNumber.dwr HTTP/1.1" 200 77
116.238.97.31 - - [01/Feb/2024:08:34:27 +0800] "POST /xingrg/dwr/call/plaincall/AjaxCheckService.setItemNumber.dwr HTTP/1.1" 200 77
116.238.97.31 - - [01/Feb/2024:08:34:28 +0800] "POST /xingrg/dwr/call/plaincall/AjaxCheckService.setItemNumber.dwr HTTP/1.1" 200 77
116.238.97.31 - - [01/Feb/2024:08:34:28 +0800] "POST /xingrg/dwr/call/plaincall/AjaxCheckService.setItemNumber.dwr HTTP/1.1" 200 77
116.238.97.31 - - [01/Feb/2024:08:34:30 +0800] "POST /xingrg/dwr/call/plaincall/AjaxCheckService.setItemNumber.dwr HTTP/1.1" 200 77
222.70.169.130 - - [01/Feb/2024:08:34:30 +0800] "GET /xingrg/all/function/internal_message.html?_=1706747684205&CODE_STATE=getMsg HTTP/1.1" 200 27
124.78.68.102 - - [01/Feb/2024:08:34:31 +0800] "GET /xingrg/all/function/internal_message.html?_=1706747671050&CODE_STATE=getMsg HTTP/1.1" 302 -
116.238.97.31 - - [01/Feb/2024:08:34:31 +0800] "POST /xingrg/dwr/call/plaincall/AjaxCheckService.setItemNumber.dwr HTTP/1.1" 200 77
222.70.169.130 - - [01/Feb/2024:08:34:31 +0800] "GET /xingrg/all/function/internal_message.html?_=1706747682976&CODE_STATE=getMsg HTTP/1.1" 200 27
116.238.97.31 - - [01/Feb/2024:08:34:31 +0800] "POST /xingrg/dwr/call/plaincall/AjaxCheckService.setItemNumber.dwr HTTP/1.1" 200 77
116.238.120.94 - - [01/Feb/2024:08:34:31 +0800] "GET /xingrg/all/function/internal_message.html?_=1706747671873&CODE_STATE=getMsg HTTP/1.1" 200 27
116.238.97.31 - - [01/Feb/2024:08:34:32 +0800] "POST /xingrg/dwr/call/plaincall/AjaxCheckService.setItemNumber.dwr HTTP/1.1" 200 77
116.238.97.31 - - [01/Feb/2024:08:34:33 +0800] "POST /xingrg/dwr/call/plaincall/AjaxCheckService.setItemNumber.dwr HTTP/1.1" 200 77
222.69.130.128 - - [01/Feb/2024:08:34:35 +0800] "GET /xingrg/all/function/internal_message.html?_=1706747672645&CODE_STATE=getMsg HTTP/1.1" 200 27
222.69.130.128 - - [01/Feb/2024:08:34:38 +0800] "POST /xingrg/dwr/call/plaincall/AjaxCheckService.setItemNumber.dwr HTTP/1.1" 200 76
116.238.97.31 - - [01/Feb/2024:08:34:39 +0800] "POST /xingrg/dwr/call/plaincall/AjaxCheckService.setItemNumber.dwr HTTP/1.1" 200 77
116.238.97.31 - - [01/Feb/2024:08:34:40 +0800] "POST /xingrg/dwr/call/plaincall/AjaxCheckService.setItemNumber.dwr HTTP/1.1" 200 77
116.238.97.31 - - [01/Feb/2024:08:34:42 +0800] "POST /xingrg/dwr/call/plaincall/AjaxCheckService.setItemNumber.dwr HTTP/1.1" 200 77
116.238.120.94 - - [01/Feb/2024:08:34:42 +0800] "GET /xingrg/all/function/internal_message.html?_=1706747681852&CODE_STATE=getMsg HTTP/1.1" 200 27
101.229.175.60 - - [01/Feb/2024:08:34:43 +0800] "GET /xingrg/all/function/internal_message.html?_=1706747689189&CODE_STATE=getMsg HTTP/1.1" 200 27
116.238.97.31 - - [01/Feb/2024:08:34:43 +0800] "POST /xingrg/dwr/call/plaincall/AjaxCheckService.setItemNumber.dwr HTTP/1.1" 200 77
116.238.97.31 - - [01/Feb/2024:08:34:45 +0800] "POST /xingrg/dwr/call/plaincall/AjaxCheckService.setItemNumber.dwr HTTP/1.1" 200 78
116.238.97.31 - - [01/Feb/2024:08:34:45 +0800] "POST /xingrg/dwr/call/plaincall/AjaxCheckService.setItemNumber.dwr HTTP/1.1" 200 78
116.238.97.31 - - [01/Feb/2024:08:34:46 +0800] "POST /xingrg/dwr/call/plaincall/AjaxCheckService.setItemNumber.dwr HTTP/1.1" 200 78
116.238.97.31 - - [01/Feb/2024:08:34:47 +0800] "POST /xingrg/dwr/call/plaincall/AjaxCheckService.setItemNumber.dwr HTTP/1.1" 200 78
222.69.130.128 - - [01/Feb/2024:08:34:47 +0800] "POST /xingrg/dwr/call/plaincall/AjaxCheckService.setItemNumber.dwr HTTP/1.1" 200 76
116.238.97.31 - - [01/Feb/2024:08:34:50 +0800] "POST /xingrg/dwr/call/plaincall/AjaxCheckService.setItemNumber.dwr HTTP/1.1" 200 78
116.238.97.31 - - [01/Feb/2024:08:34:51 +0800] "POST /xingrg/dwr/call/plaincall/AjaxCheckService.setItemNumber.dwr HTTP/1.1" 200 78
116.238.97.31 - - [01/Feb/2024:08:34:52 +0800] "POST /xingrg/dwr/call/plaincall/AjaxCheckService.setItemNumber.dwr HTTP/1.1" 200 78
222.69.130.128 - - [01/Feb/2024:08:34:52 +0800] "POST /xingrg/dwr/call/plaincall/AjaxCheckService.setItemRemark.dwr HTTP/1.1" 200 76
116.238.97.31 - - [01/Feb/2024:08:34:54 +0800] "POST /xingrg/dwr/call/plaincall/AjaxCheckService.setItemNumber.dwr HTTP/1.1" 200 78
116.238.97.31 - - [01/Feb/2024:08:34:54 +0800] "GET /xingrg/all/function/internal_message.html?_=1706747695681&CODE_STATE=getMsg HTTP/1.1" 200 27
116.238.97.31 - - [01/Feb/2024:08:34:56 +0800] "POST /xingrg/dwr/call/plaincall/AjaxCheckService.setItemNumber.dwr HTTP/1.1" 200 78
116.238.97.31 - - [01/Feb/2024:08:34:57 +0800] "POST /xingrg/dwr/call/plaincall/AjaxCheckService.setItemNumber.dwr HTTP/1.1" 200 78
101.229.175.60 - - [01/Feb/2024:08:34:57 +0800] "GET /xingrg/check_reg.html?_=1706747702874 HTTP/1.1" 200 22
116.238.97.31 - - [01/Feb/2024:08:34:57 +0800] "POST /xingrg/dwr/call/plaincall/AjaxCheckService.setItemNumber.dwr HTTP/1.1" 200 78
116.238.97.31 - - [01/Feb/2024:08:34:58 +0800] "POST /xingrg/dwr/call/plaincall/AjaxCheckService.setItemNumber.dwr HTTP/1.1" 200 78
116.238.97.31 - - [01/Feb/2024:08:34:58 +0800] "POST /xingrg/dwr/call/plaincall/AjaxCheckService.setItemNumber.dwr HTTP/1.1" 200 78
222.69.130.128 - - [01/Feb/2024:08:34:59 +0800] "POST /xingrg/dwr/call/plaincall/AjaxCheckService.setItemNumber.dwr HTTP/1.1" 200 76
222.69.130.128 - - [01/Feb/2024:08:35:00 +0800] "POST /xingrg/dwr/call/plaincall/AjaxCheckService.setItemNumber.dwr HTTP/1.1" 200 76
116.238.97.31 - - [01/Feb/2024:08:35:02 +0800] "POST /xingrg/dwr/call/plaincall/AjaxCheckService.setItemNumber.dwr HTTP/1.1" 200 78
222.69.130.128 - - [01/Feb/2024:08:35:03 +0800] "POST /xingrg/dwr/call/plaincall/AjaxCheckService.setItemNumber.dwr HTTP/1.1" 200 76
116.238.97.31 - - [01/Feb/2024:08:35:03 +0800] "POST /xingrg/dwr/call/plaincall/AjaxCheckService.setItemNumber.dwr HTTP/1.1" 200 78
116.238.97.31 - - [01/Feb/2024:08:35:06 +0800] "POST /xingrg/dwr/call/plaincall/AjaxCheckService.setItemNumber.dwr HTTP/1.1" 200 78
116.238.97.31 - - [01/Feb/2024:08:35:07 +0800] "POST /xingrg/dwr/call/plaincall/AjaxCheckService.setItemNumber.dwr HTTP/1.1" 200 78
222.69.130.128 - - [01/Feb/2024:08:35:08 +0800] "POST /xingrg/dwr/call/plaincall/AjaxCheckService.setItemRemark.dwr HTTP/1.1" 200 76
124.79.240.117 - - [01/Feb/2024:08:35:08 +0800] "GET /xingrg/all/function/internal_message.html?_=1706747709483&CODE_STATE=getMsg HTTP/1.1" 200 27
116.238.97.31 - - [01/Feb/2024:08:35:09 +0800] "POST /xingrg/dwr/call/plaincall/AjaxCheckService.setItemNumber.dwr HTTP/1.1" 200 78
172.20.0.100 - - [01/Feb/2024:08:35:09 +0800] "GET /xingrg/all/function/internal_message.html?_=1706747719498&CODE_STATE=getMsg HTTP/1.1" 302 -
222.69.130.128 - - [01/Feb/2024:08:35:10 +0800] "POST /xingrg/dwr/call/plaincall/AjaxCheckService.setItemNumber.dwr HTTP/1.1" 200 76
116.238.97.31 - - [01/Feb/2024:08:35:10 +0800] "POST /xingrg/dwr/call/plaincall/AjaxCheckService.setItemNumber.dwr HTTP/1.1" 200 78
222.69.130.128 - - [01/Feb/2024:08:35:10 +0800] "POST /xingrg/dwr/call/plaincall/AjaxCheckService.setItemNumber.dwr HTTP/1.1" 200 76
222.69.130.128 - - [01/Feb/2024:08:35:11 +0800] "POST /xingrg/dwr/call/plaincall/AjaxCheckService.setItemNumber.dwr HTTP/1.1" 200 77
116.238.97.31 - - [01/Feb/2024:08:35:13 +0800] "POST /xingrg/dwr/call/plaincall/AjaxCheckService.setItemNumber.dwr HTTP/1.1" 200 78
222.69.130.128 - - [01/Feb/2024:08:35:14 +0800] "POST /xingrg/dwr/call/plaincall/AjaxCheckService.setItemNumber.dwr HTTP/1.1" 200 77
116.238.97.31 - - [01/Feb/2024:08:35:14 +0800] "POST /xingrg/dwr/call/plaincall/AjaxCheckService.setItemNumber.dwr HTTP/1.1" 200 78
116.238.97.31 - - [01/Feb/2024:08:35:16 +0800] "POST /xingrg/dwr/call/plaincall/AjaxCheckService.setItemNumber.dwr HTTP/1.1" 200 78
222.69.130.128 - - [01/Feb/2024:08:35:18 +0800] "POST /xingrg/dwr/call/plaincall/AjaxCheckService.setItemRemark.dwr HTTP/1.1" 200 77
116.238.97.31 - - [01/Feb/2024:08:35:20 +0800] "POST /xingrg/dwr/call/plaincall/AjaxCheckService.setItemNumber.dwr HTTP/1.1" 200 78
222.69.130.128 - - [01/Feb/2024:08:35:20 +0800] "POST /xingrg/dwr/call/plaincall/AjaxCheckService.setItemNumber.dwr HTTP/1.1" 200 77
116.238.97.31 - - [01/Feb/2024:08:35:21 +0800] "POST /xingrg/dwr/call/plaincall/AjaxCheckService.setItemNumber.dwr HTTP/1.1" 200 78
124.79.240.117 - - [01/Feb/2024:08:35:21 +0800] "GET /xingrg/check_reg.html?_=1706747722274 HTTP/1.1" 200 22
116.238.97.31 - - [01/Feb/2024:08:35:24 +0800] "POST /xingrg/dwr/call/plaincall/AjaxCheckService.setItemNumber.dwr HTTP/1.1" 200 78
116.238.97.31 - - [01/Feb/2024:08:35:25 +0800] "POST /xingrg/dwr/call/plaincall/AjaxCheckService.setItemNumber.dwr HTTP/1.1" 200 78
222.69.130.128 - - [01/Feb/2024:08:35:27 +0800] "POST /xingrg/dwr/call/plaincall/AjaxCheckService.setItemRemark.dwr HTTP/1.1" 200 77
116.238.97.31 - - [01/Feb/2024:08:35:28 +0800] "POST /xingrg/dwr/call/plaincall/AjaxCheckService.setItemNumber.dwr HTTP/1.1" 200 78
116.238.97.31 - - [01/Feb/2024:08:35:30 +0800] "POST /xingrg/dwr/call/plaincall/AjaxCheckService.setItemNumber.dwr HTTP/1.1" 200 78
222.70.169.130 - - [01/Feb/2024:08:35:30 +0800] "GET /xingrg/all/function/internal_message.html?_=1706747744223&CODE_STATE=getMsg HTTP/1.1" 200 27
124.78.68.102 - - [01/Feb/2024:08:35:31 +0800] "GET /xingrg/all/function/internal_message.html?_=1706747731028&CODE_STATE=getMsg HTTP/1.1" 302 -
116.238.97.31 - - [01/Feb/2024:08:35:31 +0800] "POST /xingrg/dwr/call/plaincall/AjaxCheckService.setItemNumber.dwr HTTP/1.1" 200 78
222.70.169.130 - - [01/Feb/2024:08:35:31 +0800] "GET /xingrg/all/function/internal_message.html?_=1706747742986&CODE_STATE=getMsg HTTP/1.1" 200 27
116.238.120.94 - - [01/Feb/2024:08:35:31 +0800] "GET /xingrg/all/function/internal_message.html?_=1706747731858&CODE_STATE=getMsg HTTP/1.1" 200 27
222.69.130.128 - - [01/Feb/2024:08:35:32 +0800] "POST /xingrg/dwr/call/plaincall/AjaxCheckService.setItemNumber.dwr HTTP/1.1" 200 77
116.238.97.31 - - [01/Feb/2024:08:35:32 +0800] "POST /xingrg/dwr/call/plaincall/AjaxCheckService.setItemNumber.dwr HTTP/1.1" 200 78
222.69.130.128 - - [01/Feb/2024:08:35:34 +0800] "POST /xingrg/dwr/call/plaincall/AjaxCheckService.setItemNumber.dwr HTTP/1.1" 200 77
222.69.130.128 - - [01/Feb/2024:08:35:34 +0800] "POST /xingrg/dwr/call/plaincall/AjaxCheckService.setItemNumber.dwr HTTP/1.1" 200 77
222.69.130.128 - - [01/Feb/2024:08:35:35 +0800] "GET /xingrg/all/function/internal_message.html?_=1706747732655&CODE_STATE=getMsg HTTP/1.1" 200 27
222.69.130.128 - - [01/Feb/2024:08:35:37 +0800] "POST /xingrg/dwr/call/plaincall/AjaxCheckService.setItemNumber.dwr HTTP/1.1" 200 77
116.238.97.31 - - [01/Feb/2024:08:35:38 +0800] "POST /xingrg/dwr/call/plaincall/AjaxCheckService.setItemNumber.dwr HTTP/1.1" 200 78
116.238.97.31 - - [01/Feb/2024:08:35:39 +0800] "POST /xingrg/dwr/call/plaincall/AjaxCheckService.setItemNumber.dwr HTTP/1.1" 200 78
116.238.97.31 - - [01/Feb/2024:08:35:41 +0800] "POST /xingrg/dwr/call/plaincall/AjaxCheckService.setItemNumber.dwr HTTP/1.1" 200 78
222.69.130.128 - - [01/Feb/2024:08:35:41 +0800] "POST /xingrg/dwr/call/plaincall/AjaxCheckService.setItemRemark.dwr HTTP/1.1" 200 77
116.238.97.31 - - [01/Feb/2024:08:35:41 +0800] "POST /xingrg/dwr/call/plaincall/AjaxCheckService.setItemNumber.dwr HTTP/1.1" 200 78
116.238.120.94 - - [01/Feb/2024:08:35:42 +0800] "GET /xingrg/all/function/internal_message.html?_=1706747741824&CODE_STATE=getMsg HTTP/1.1" 200 27
116.238.97.31 - - [01/Feb/2024:08:35:43 +0800] "POST /xingrg/dwr/call/plaincall/AjaxCheckService.setItemNumber.dwr HTTP/1.1" 200 78
101.229.175.60 - - [01/Feb/2024:08:35:43 +0800] "GET /xingrg/all/function/internal_message.html?_=1706747749162&CODE_STATE=getMsg HTTP/1.1" 200 27
116.238.97.31 - - [01/Feb/2024:08:35:43 +0800] "POST /xingrg/dwr/call/plaincall/AjaxCheckService.setItemNumber.dwr HTTP/1.1" 200 78
116.238.97.31 - - [01/Feb/2024:08:35:46 +0800] "POST /xingrg/dwr/call/plaincall/AjaxCheckService.setItemNumber.dwr HTTP/1.1" 200 78
222.69.130.128 - - [01/Feb/2024:08:35:47 +0800] "POST /xingrg/dwr/call/plaincall/AjaxCheckService.setItemNumber.dwr HTTP/1.1" 200 77
116.238.97.31 - - [01/Feb/2024:08:35:47 +0800] "POST /xingrg/dwr/call/plaincall/AjaxCheckService.setItemNumber.dwr HTTP/1.1" 200 78
116.238.97.31 - - [01/Feb/2024:08:35:48 +0800] "POST /xingrg/dwr/call/plaincall/AjaxCheckService.setItemNumber.dwr HTTP/1.1" 200 78
116.238.97.31 - - [01/Feb/2024:08:35:49 +0800] "POST /xingrg/dwr/call/plaincall/AjaxCheckService.setItemNumber.dwr HTTP/1.1" 200 78
116.238.97.31 - - [01/Feb/2024:08:35:50 +0800] "POST /xingrg/dwr/call/plaincall/AjaxCheckService.setItemNumber.dwr HTTP/1.1" 200 78
116.238.97.31 - - [01/Feb/2024:08:35:51 +0800] "POST /xingrg/dwr/call/plaincall/AjaxCheckService.setItemNumber.dwr HTTP/1.1" 200 78
116.238.97.31 - - [01/Feb/2024:08:35:54 +0800] "GET /xingrg/all/function/internal_message.html?_=1706747755662&CODE_STATE=getMsg HTTP/1.1" 200 27
222.69.130.128 - - [01/Feb/2024:08:35:58 +0800] "POST /xingrg/dwr/call/plaincall/AjaxCheckService.setItemNumber.dwr HTTP/1.1" 200 77
116.238.97.31 - - [01/Feb/2024:08:35:59 +0800] "POST /xingrg/dwr/call/plaincall/AjaxCheckService.setItemNumber.dwr HTTP/1.1" 200 78
116.238.97.31 - - [01/Feb/2024:08:36:00 +0800] "POST /xingrg/dwr/call/plaincall/AjaxCheckService.setItemNumber.dwr HTTP/1.1" 200 78
116.238.97.31 - - [01/Feb/2024:08:36:01 +0800] "POST /xingrg/dwr/call/plaincall/AjaxCheckService.setItemNumber.dwr HTTP/1.1" 200 78
116.232.192.96 - - [01/Feb/2024:08:36:01 +0800] "GET /xingrg/check_reg.html?_=1706747692308 HTTP/1.1" 302 -
116.238.97.31 - - [01/Feb/2024:08:36:03 +0800] "POST /xingrg/dwr/call/plaincall/AjaxCheckService.setItemNumber.dwr HTTP/1.1" 200 78
116.238.97.31 - - [01/Feb/2024:08:36:04 +0800] "POST /xingrg/dwr/call/plaincall/AjaxCheckService.setItemNumber.dwr HTTP/1.1" 200 78
116.238.97.31 - - [01/Feb/2024:08:36:05 +0800] "POST /xingrg/dwr/call/plaincall/AjaxCheckService.setItemNumber.dwr HTTP/1.1" 200 78
116.238.97.31 - - [01/Feb/2024:08:36:07 +0800] "POST /xingrg/dwr/call/plaincall/AjaxCheckService.setItemNumber.dwr HTTP/1.1" 200 78
116.238.97.31 - - [01/Feb/2024:08:36:07 +0800] "POST /xingrg/dwr/call/plaincall/AjaxCheckService.setItemNumber.dwr HTTP/1.1" 200 78
124.79.240.117 - - [01/Feb/2024:08:36:08 +0800] "GET /xingrg/all/function/internal_message.html?_=1706747769459&CODE_STATE=getMsg HTTP/1.1" 200 27
116.238.97.31 - - [01/Feb/2024:08:36:09 +0800] "POST /xingrg/dwr/call/plaincall/AjaxCheckService.setItemNumber.dwr HTTP/1.1" 200 78
172.20.0.100 - - [01/Feb/2024:08:36:09 +0800] "GET /xingrg/check_reg.html?_=1706747779522 HTTP/1.1" 302 -
172.20.0.100 - - [01/Feb/2024:08:36:09 +0800] "GET /xingrg/all/function/internal_message.html?_=1706747779523&CODE_STATE=getMsg HTTP/1.1" 302 -
116.238.97.31 - - [01/Feb/2024:08:36:11 +0800] "POST /xingrg/dwr/call/plaincall/AjaxCheckService.setItemNumber.dwr HTTP/1.1" 200 78
116.238.97.31 - - [01/Feb/2024:08:36:11 +0800] "POST /xingrg/dwr/call/plaincall/AjaxCheckService.setItemNumber.dwr HTTP/1.1" 200 78
116.238.97.31 - - [01/Feb/2024:08:36:12 +0800] "POST /xingrg/dwr/call/plaincall/AjaxCheckService.setItemNumber.dwr HTTP/1.1" 200 78
116.238.97.31 - - [01/Feb/2024:08:36:13 +0800] "POST /xingrg/dwr/call/plaincall/AjaxCheckService.setItemNumber.dwr HTTP/1.1" 200 78
116.238.97.31 - - [01/Feb/2024:08:36:16 +0800] "POST /xingrg/dwr/call/plaincall/AjaxCheckService.setItemNumber.dwr HTTP/1.1" 200 78
116.238.97.31 - - [01/Feb/2024:08:36:18 +0800] "POST /xingrg/dwr/call/plaincall/AjaxCheckService.setItemNumber.dwr HTTP/1.1" 200 78
116.238.97.31 - - [01/Feb/2024:08:36:18 +0800] "POST /xingrg/dwr/call/plaincall/AjaxCheckService.setItemNumber.dwr HTTP/1.1" 200 78
222.70.169.130 - - [01/Feb/2024:08:36:30 +0800] "GET /xingrg/all/function/internal_message.html?_=1706747804248&CODE_STATE=getMsg HTTP/1.1" 200 27
222.70.169.130 - - [01/Feb/2024:08:36:30 +0800] "GET /xingrg/check_reg.html?_=1706747802444 HTTP/1.1" 200 22
124.78.68.102 - - [01/Feb/2024:08:36:31 +0800] "GET /xingrg/all/function/internal_message.html?_=1706747791000&CODE_STATE=getMsg HTTP/1.1" 302 -
222.70.169.130 - - [01/Feb/2024:08:36:31 +0800] "GET /xingrg/all/function/internal_message.html?_=1706747803006&CODE_STATE=getMsg HTTP/1.1" 200 27
116.238.120.94 - - [01/Feb/2024:08:36:31 +0800] "GET /xingrg/all/function/internal_message.html?_=1706747791870&CODE_STATE=getMsg HTTP/1.1" 200 27
222.69.130.128 - - [01/Feb/2024:08:36:35 +0800] "GET /xingrg/all/function/internal_message.html?_=1706747792648&CODE_STATE=getMsg HTTP/1.1" 200 27
222.69.130.128 - - [01/Feb/2024:08:36:35 +0800] "POST /xingrg/dwr/call/plaincall/AjaxCheckService.setItemRemark.dwr HTTP/1.1" 200 77
222.69.130.128 - - [01/Feb/2024:08:36:39 +0800] "POST /xingrg/dwr/call/plaincall/AjaxCheckService.setItemNumber.dwr HTTP/1.1" 200 77
116.238.97.31 - - [01/Feb/2024:08:36:39 +0800] "POST /xingrg/dwr/call/plaincall/AjaxCheckService.setItemNumber.dwr HTTP/1.1" 200 78
222.69.130.128 - - [01/Feb/2024:08:36:42 +0800] "POST /xingrg/dwr/call/plaincall/AjaxCheckService.setItemNumber.dwr HTTP/1.1" 200 77
116.238.120.94 - - [01/Feb/2024:08:36:42 +0800] "GET /xingrg/all/function/internal_message.html?_=1706747801795&CODE_STATE=getMsg HTTP/1.1" 200 27
116.238.97.31 - - [01/Feb/2024:08:36:43 +0800] "POST /xingrg/dwr/call/plaincall/AjaxCheckService.setItemNumber.dwr HTTP/1.1" 200 78
101.229.175.60 - - [01/Feb/2024:08:36:43 +0800] "GET /xingrg/all/function/internal_message.html?_=1706747809133&CODE_STATE=getMsg HTTP/1.1" 200 27
116.238.97.31 - - [01/Feb/2024:08:36:44 +0800] "POST /xingrg/dwr/call/plaincall/AjaxCheckService.setItemNumber.dwr HTTP/1.1" 200 78
116.238.97.31 - - [01/Feb/2024:08:36:44 +0800] "POST /xingrg/dwr/call/plaincall/AjaxCheckService.setItemNumber.dwr HTTP/1.1" 200 78
222.69.130.128 - - [01/Feb/2024:08:36:47 +0800] "POST /xingrg/dwr/call/plaincall/AjaxCheckService.setItemRemark.dwr HTTP/1.1" 200 77
116.238.97.31 - - [01/Feb/2024:08:36:48 +0800] "POST /xingrg/dwr/call/plaincall/AjaxCheckService.setItemNumber.dwr HTTP/1.1" 200 78
222.69.130.128 - - [01/Feb/2024:08:36:50 +0800] "POST /xingrg/dwr/call/plaincall/AjaxCheckService.setItemNumber.dwr HTTP/1.1" 200 77
222.69.130.128 - - [01/Feb/2024:08:36:50 +0800] "POST /xingrg/dwr/call/plaincall/AjaxCheckService.setItemNumber.dwr HTTP/1.1" 200 77
222.69.130.128 - - [01/Feb/2024:08:36:51 +0800] "POST /xingrg/dwr/call/plaincall/AjaxCheckService.setItemNumber.dwr HTTP/1.1" 200 77
116.238.97.31 - - [01/Feb/2024:08:36:51 +0800] "POST /xingrg/dwr/call/plaincall/AjaxCheckService.setItemNumber.dwr HTTP/1.1" 200 78
116.238.97.31 - - [01/Feb/2024:08:36:52 +0800] "POST /xingrg/dwr/call/plaincall/AjaxCheckService.setItemNumber.dwr HTTP/1.1" 200 78
116.238.97.31 - - [01/Feb/2024:08:36:53 +0800] "POST /xingrg/dwr/call/plaincall/AjaxCheckService.setItemNumber.dwr HTTP/1.1" 200 78
116.238.97.31 - - [01/Feb/2024:08:36:54 +0800] "POST /xingrg/dwr/call/plaincall/AjaxCheckService.setItemNumber.dwr HTTP/1.1" 200 78
116.238.97.31 - - [01/Feb/2024:08:36:54 +0800] "GET /xingrg/check_reg.html?_=1706747815591 HTTP/1.1" 200 22
116.238.97.31 - - [01/Feb/2024:08:36:54 +0800] "GET /xingrg/all/function/internal_message.html?_=1706747815636&CODE_STATE=getMsg HTTP/1.1" 200 27
116.238.97.31 - - [01/Feb/2024:08:36:57 +0800] "POST /xingrg/dwr/call/plaincall/AjaxCheckService.setItemNumber.dwr HTTP/1.1" 200 78
116.238.97.31 - - [01/Feb/2024:08:36:58 +0800] "POST /xingrg/dwr/call/plaincall/AjaxCheckService.setItemNumber.dwr HTTP/1.1" 200 78
116.238.97.31 - - [01/Feb/2024:08:36:58 +0800] "POST /xingrg/dwr/call/plaincall/AjaxCheckService.setItemNumber.dwr HTTP/1.1" 200 78
222.69.130.128 - - [01/Feb/2024:08:36:58 +0800] "POST /xingrg/dwr/call/plaincall/AjaxCheckService.setItemRemark.dwr HTTP/1.1" 200 77
116.238.97.31 - - [01/Feb/2024:08:37:00 +0800] "POST /xingrg/dwr/call/plaincall/AjaxCheckService.setItemNumber.dwr HTTP/1.1" 200 78
116.238.97.31 - - [01/Feb/2024:08:37:03 +0800] "POST /xingrg/dwr/call/plaincall/AjaxCheckService.setItemNumber.dwr HTTP/1.1" 200 78
116.238.97.31 - - [01/Feb/2024:08:37:04 +0800] "POST /xingrg/dwr/call/plaincall/AjaxCheckService.setItemNumber.dwr HTTP/1.1" 200 78
116.238.97.31 - - [01/Feb/2024:08:37:05 +0800] "POST /xingrg/dwr/call/plaincall/AjaxCheckService.setItemNumber.dwr HTTP/1.1" 200 78
116.238.97.31 - - [01/Feb/2024:08:37:06 +0800] "POST /xingrg/dwr/call/plaincall/AjaxCheckService.setItemNumber.dwr HTTP/1.1" 200 78
116.238.97.31 - - [01/Feb/2024:08:37:08 +0800] "POST /xingrg/dwr/call/plaincall/AjaxCheckService.setItemNumber.dwr HTTP/1.1" 200 78
124.79.240.117 - - [01/Feb/2024:08:37:08 +0800] "GET /xingrg/all/function/internal_message.html?_=1706747829435&CODE_STATE=getMsg HTTP/1.1" 200 27
172.20.0.100 - - [01/Feb/2024:08:37:09 +0800] "GET /xingrg/all/function/internal_message.html?_=1706747839521&CODE_STATE=getMsg HTTP/1.1" 302 -
116.238.97.31 - - [01/Feb/2024:08:37:09 +0800] "POST /xingrg/dwr/call/plaincall/AjaxCheckService.setItemNumber.dwr HTTP/1.1" 200 78
116.238.97.31 - - [01/Feb/2024:08:37:10 +0800] "POST /xingrg/dwr/call/plaincall/AjaxCheckService.setItemNumber.dwr HTTP/1.1" 200 78
116.238.97.31 - - [01/Feb/2024:08:37:11 +0800] "POST /xingrg/dwr/call/plaincall/AjaxCheckService.setItemNumber.dwr HTTP/1.1" 200 78
116.238.97.31 - - [01/Feb/2024:08:37:11 +0800] "POST /xingrg/dwr/call/plaincall/AjaxCheckService.setItemNumber.dwr HTTP/1.1" 200 78
116.238.97.31 - - [01/Feb/2024:08:37:12 +0800] "POST /xingrg/dwr/call/plaincall/AjaxCheckService.setItemNumber.dwr HTTP/1.1" 200 78
116.238.97.31 - - [01/Feb/2024:08:37:13 +0800] "POST /xingrg/dwr/call/plaincall/AjaxCheckService.setItemNumber.dwr HTTP/1.1" 200 78
222.69.130.128 - - [01/Feb/2024:08:37:15 +0800] "POST /xingrg/dwr/call/plaincall/AjaxCheckService.setItemRemark.dwr HTTP/1.1" 200 77
116.238.97.31 - - [01/Feb/2024:08:37:15 +0800] "POST /xingrg/dwr/call/plaincall/AjaxCheckService.setItemNumber.dwr HTTP/1.1" 200 78
