180.164.1.25 - - [31/Jan/2024:09:13:21 +0800] "GET /xingrg/javascript/jquery_tools/datebox.css HTTP/1.1" 304 -
180.164.1.25 - - [31/Jan/2024:09:13:21 +0800] "GET /xingrg/javascript/easyui/themes/default/easyui.css HTTP/1.1" 304 -
180.164.1.25 - - [31/Jan/2024:09:13:21 +0800] "GET /xingrg/javascript/easyui/themes/icon.css HTTP/1.1" 304 -
180.164.1.25 - - [31/Jan/2024:09:13:21 +0800] "GET /xingrg/javascript/auto/jquery.autocomplete.css HTTP/1.1" 304 -
180.164.1.25 - - [31/Jan/2024:09:13:21 +0800] "GET /xingrg/javascript/jquery_tools/fix.css HTTP/1.1" 304 -
180.164.1.25 - - [31/Jan/2024:09:13:21 +0800] "GET /xingrg/javascript/jquery_tools/table.css HTTP/1.1" 304 -
180.164.1.25 - - [31/Jan/2024:09:13:21 +0800] "GET /xingrg/javascript/jquery_tools/jquery.tools.min.js HTTP/1.1" 304 -
180.164.1.25 - - [31/Jan/2024:09:13:21 +0800] "GET /xingrg/javascript/jquery_tools/jquery.tools.extend.js HTTP/1.1" 304 -
180.164.1.25 - - [31/Jan/2024:09:13:21 +0800] "GET /xingrg/javascript/jquery_tools/jquery.tools.hotkey.js HTTP/1.1" 304 -
180.164.1.25 - - [31/Jan/2024:09:13:21 +0800] "GET /xingrg/javascript/jquery_tools/jquery.tools.table.js HTTP/1.1" 304 -
180.164.1.25 - - [31/Jan/2024:09:13:21 +0800] "GET /xingrg/javascript/jquery_tools/list_manager.js HTTP/1.1" 304 -
180.164.1.25 - - [31/Jan/2024:09:13:21 +0800] "GET /xingrg/javascript/auto/jquery.autocomplete.js HTTP/1.1" 304 -
180.164.1.25 - - [31/Jan/2024:09:13:21 +0800] "GET /xingrg/javascript/easyui/easyloader.js HTTP/1.1" 304 -
180.164.1.25 - - [31/Jan/2024:09:13:21 +0800] "GET /xingrg/javascript/jquery.cookie.js HTTP/1.1" 304 -
180.164.1.25 - - [31/Jan/2024:09:13:21 +0800] "GET /xingrg/javascript/print/LodopFuncs.js HTTP/1.1" 304 -
180.164.1.25 - - [31/Jan/2024:09:13:21 +0800] "GET /xingrg/javascript/easyui/themes/icons/edit_add_new.png HTTP/1.1" 304 -
180.164.1.25 - - [31/Jan/2024:09:13:21 +0800] "GET /xingrg/javascript/easyui/themes/icons/field_new.png HTTP/1.1" 304 -
180.164.1.25 - - [31/Jan/2024:09:13:21 +0800] "GET /xingrg/javascript/easyui/themes/icons/import_new.png HTTP/1.1" 304 -
180.164.1.25 - - [31/Jan/2024:09:13:21 +0800] "GET /xingrg/javascript/easyui/plugins/jquery.parser.js HTTP/1.1" 304 -
180.164.1.25 - - [31/Jan/2024:09:13:21 +0800] "GET /xingrg/images/control/ajaxLoader.gif HTTP/1.1" 304 -
58.39.105.37 - - [31/Jan/2024:09:13:22 +0800] "POST /xingrg/all/common/load_select.html HTTP/1.1" 200 25
180.164.1.25 - - [31/Jan/2024:09:13:22 +0800] "POST /xingrg/kc/base/yddb_list_operate.html HTTP/1.1" 200 636
116.238.97.31 - - [31/Jan/2024:09:13:24 +0800] "GET /xingrg/all/function/internal_message.html?_=1706663605292&CODE_STATE=getMsg HTTP/1.1" 200 27
180.164.1.25 - - [31/Jan/2024:09:13:25 +0800] "POST /xingrg/kc/base/yddb_list_operate.html HTTP/1.1" 200 4451
116.230.109.177 - - [31/Jan/2024:09:13:27 +0800] "GET /xingrg/all/function/internal_message.html?_=1706663540631&CODE_STATE=getMsg HTTP/1.1" 200 27
114.95.241.104 - - [31/Jan/2024:09:13:31 +0800] "GET /xingrg/kc/buy/cgsh_order_operate.html?command=get_materiel&rest_code=00150&code=00101009015&supplier_code=00100008&order_time=2024-01-31 HTTP/1.1" 200 23
101.83.145.37 - - [31/Jan/2024:09:13:32 +0800] "POST /xingrg/kc/buy/cgsh_order_operate.html HTTP/1.1" 200 37
116.230.109.177 - - [31/Jan/2024:09:13:33 +0800] "GET /xingrg/check_reg.html?_=1706663546006 HTTP/1.1" 200 22
101.83.145.37 - - [31/Jan/2024:09:13:36 +0800] "POST /xingrg/kc/buy/cgsh_order_operate.html HTTP/1.1" 200 37
101.83.145.37 - - [31/Jan/2024:09:13:36 +0800] "POST /xingrg/kc/buy/cgsh_order_operate.html HTTP/1.1" 200 22148
114.83.219.137 - - [31/Jan/2024:09:13:40 +0800] "GET /xingrg/check_reg.html?_=1706663618387 HTTP/1.1" 200 22
114.83.219.137 - - [31/Jan/2024:09:13:40 +0800] "GET /xingrg/all/function/internal_message.html?_=1706663618391&CODE_STATE=getMsg HTTP/1.1" 200 27
180.164.1.25 - - [31/Jan/2024:09:13:42 +0800] "POST /xingrg/kc/base/yddb_list_operate.html HTTP/1.1" 200 216
116.230.123.222 - - [31/Jan/2024:09:13:45 +0800] "GET /xingrg/all/function/internal_message.html?_=1706663624524&CODE_STATE=getMsg HTTP/1.1" 200 27
116.230.123.222 - - [31/Jan/2024:09:13:45 +0800] "GET /xingrg/check_reg.html?_=1706663624590 HTTP/1.1" 200 22
114.95.241.104 - - [31/Jan/2024:09:13:45 +0800] "POST /xingrg/kc/buy/cgsh_order_operate.html HTTP/1.1" 200 37
222.70.168.245 - - [31/Jan/2024:09:13:46 +0800] "GET /xingrg/all/function/internal_message.html?_=1706663635902&CODE_STATE=getMsg HTTP/1.1" 200 27
180.164.1.25 - - [31/Jan/2024:09:13:46 +0800] "POST /xingrg/kc/base/yddb_list_operate.html HTTP/1.1" 200 2170
58.39.105.37 - - [31/Jan/2024:09:13:46 +0800] "GET /xingrg/kc/buy/cgsh_order_operate.html?command=get_materiel_price&rest_code=00157&code=00101016097&unit_code=00100163&supplier_code=00100207&order_time=2024-01-31 HTTP/1.1" 200 30
101.228.146.191 - - [31/Jan/2024:09:13:47 +0800] "POST /xingrg/kc/buy/cgsh_order_operate.html HTTP/1.1" 200 12
101.83.145.37 - - [31/Jan/2024:09:13:47 +0800] "GET /xingrg/all/function/internal_message.html?_=1706663392792&CODE_STATE=getMsg HTTP/1.1" 200 27
180.164.1.25 - - [31/Jan/2024:09:13:47 +0800] "GET /xingrg/javascript/easyui/themes/default/images/button_plain_hover.png HTTP/1.1" 304 -
180.164.1.25 - - [31/Jan/2024:09:13:48 +0800] "GET /xingrg/kc/base/yddb_order_add.html HTTP/1.1" 200 30041
180.164.1.25 - - [31/Jan/2024:09:13:48 +0800] "GET /xingrg/css/blue.css HTTP/1.1" 304 -
180.164.1.25 - - [31/Jan/2024:09:13:48 +0800] "GET /xingrg/javascript/pic_change.js HTTP/1.1" 304 -
180.164.1.25 - - [31/Jan/2024:09:13:48 +0800] "GET /xingrg/dwr/interface/AjaxComOrderService.js HTTP/1.1" 200 18264
180.164.1.25 - - [31/Jan/2024:09:13:48 +0800] "GET /xingrg/dwr/interface/AjaxYddbService.js HTTP/1.1" 200 13201
180.164.1.25 - - [31/Jan/2024:09:13:48 +0800] "GET /xingrg/dwr/engine.js HTTP/1.1" 200 43631
180.164.1.25 - - [31/Jan/2024:09:13:48 +0800] "GET /xingrg/dwr/util.js HTTP/1.1" 200 35990
180.164.1.25 - - [31/Jan/2024:09:13:48 +0800] "GET /xingrg/javascript/Calendar.js HTTP/1.1" 304 -
180.164.1.25 - - [31/Jan/2024:09:13:48 +0800] "GET /xingrg/javascript/myfunction.js HTTP/1.1" 304 -
180.164.1.25 - - [31/Jan/2024:09:13:48 +0800] "GET /xingrg/javascript/checkform.js HTTP/1.1" 200 18351
180.164.1.25 - - [31/Jan/2024:09:13:48 +0800] "GET /xingrg/javascript/AjaxInfoList.js HTTP/1.1" 200 3774
180.164.1.25 - - [31/Jan/2024:09:13:48 +0800] "GET /xingrg/javascript/Grid.js HTTP/1.1" 200 58908
180.164.1.25 - - [31/Jan/2024:09:13:48 +0800] "GET /xingrg/javascript/ToolTips.js HTTP/1.1" 200 5615
180.164.1.25 - - [31/Jan/2024:09:13:49 +0800] "GET /xingrg/javascript/jquery_easy_ui/themes/icons/edit_add_new.png HTTP/1.1" 200 2997
180.164.1.25 - - [31/Jan/2024:09:13:49 +0800] "GET /xingrg/javascript/jquery_easy_ui/themes/icons/check_new.png HTTP/1.1" 200 3224
180.164.1.25 - - [31/Jan/2024:09:13:49 +0800] "GET /xingrg/javascript/jquery_easy_ui/themes/icons/print.png HTTP/1.1" 304 -
180.164.1.25 - - [31/Jan/2024:09:13:49 +0800] "GET /xingrg/javascript/jquery_easy_ui/themes/default/images/menu_downarrow.png HTTP/1.1" 304 -
180.164.1.25 - - [31/Jan/2024:09:13:49 +0800] "GET /xingrg/javascript/jquery_easy_ui/themes/icons/cance_new.png HTTP/1.1" 200 3986
180.164.1.25 - - [31/Jan/2024:09:13:49 +0800] "GET /xingrg/javascript/jquery_easy_ui/themes/icons/back_new.png HTTP/1.1" 304 -
180.164.1.25 - - [31/Jan/2024:09:13:49 +0800] "GET /xingrg/images/blue/button/kc_tab_add.gif HTTP/1.1" 200 375
180.164.1.25 - - [31/Jan/2024:09:13:49 +0800] "GET /xingrg/images/blue/button/kc_tab_edit.gif HTTP/1.1" 200 551
180.164.1.25 - - [31/Jan/2024:09:13:49 +0800] "GET /xingrg/images/blue/button/kc_tab_del.gif HTTP/1.1" 200 383
180.164.1.25 - - [31/Jan/2024:09:13:49 +0800] "GET /xingrg/images/blue/button/kc_tab_save.gif HTTP/1.1" 200 777
180.164.1.25 - - [31/Jan/2024:09:13:49 +0800] "GET /xingrg/images/blue/kc_tab_left.gif HTTP/1.1" 200 188
180.164.1.25 - - [31/Jan/2024:09:13:49 +0800] "GET /xingrg/images/blue/kc_tab_mid.gif HTTP/1.1" 200 44
180.164.1.25 - - [31/Jan/2024:09:13:49 +0800] "GET /xingrg/images/blue/kc_tab_right.gif HTTP/1.1" 200 643
180.164.1.25 - - [31/Jan/2024:09:13:49 +0800] "GET /xingrg/images/blue/kc_tab2_left.gif HTTP/1.1" 200 625
180.164.1.25 - - [31/Jan/2024:09:13:49 +0800] "GET /xingrg/images/blue/kc_tab2_right.gif HTTP/1.1" 200 192
58.39.105.37 - - [31/Jan/2024:09:13:51 +0800] "GET /xingrg/check_reg.html?_=1706663633089 HTTP/1.1" 200 22
58.39.105.37 - - [31/Jan/2024:09:13:51 +0800] "GET /xingrg/all/function/internal_message.html?_=1706663633091&CODE_STATE=getMsg HTTP/1.1" 200 27
180.164.1.25 - - [31/Jan/2024:09:13:52 +0800] "GET /xingrg/images/blue/wait.gif HTTP/1.1" 200 1100
180.164.1.25 - - [31/Jan/2024:09:13:52 +0800] "POST /xingrg/dwr/call/plaincall/AjaxYddbService.getRestBases.dwr HTTP/1.1" 200 1199
114.95.241.104 - - [31/Jan/2024:09:13:52 +0800] "GET /xingrg/all/function/internal_message.html?_=1706663632426&CODE_STATE=getMsg HTTP/1.1" 200 27
114.95.241.104 - - [31/Jan/2024:09:13:53 +0800] "POST /xingrg/kc/buy/cgsh_order_operate.html HTTP/1.1" 200 28087
180.169.147.146 - - [31/Jan/2024:09:13:53 +0800] "GET /xingrg/all/function/internal_message.html?_=1706663632486&CODE_STATE=getMsg HTTP/1.1" 200 27
114.83.219.137 - - [31/Jan/2024:09:13:56 +0800] "GET /xingrg/kc/buy/cgsh_order_operate.html?command=get_materiel&rest_code=00149&code=00101008358&supplier_code=00100008&order_time=2024-01-31 HTTP/1.1" 200 412
101.83.145.37 - - [31/Jan/2024:09:13:57 +0800] "POST /xingrg/kc/buy/cgsh_order_operate.html HTTP/1.1" 200 6203
180.164.1.25 - - [31/Jan/2024:09:13:59 +0800] "POST /xingrg/dwr/call/plaincall/AjaxYddbService.saveOrder.dwr HTTP/1.1" 200 78
116.230.109.177 - - [31/Jan/2024:09:13:59 +0800] "GET /xingrg/all/function/internal_message.html?_=1706663572204&CODE_STATE=getMsg HTTP/1.1" 200 27
116.230.109.177 - - [31/Jan/2024:09:13:59 +0800] "GET /xingrg/check_reg.html?_=1706663572205 HTTP/1.1" 200 22
172.20.0.100 - - [31/Jan/2024:09:14:00 +0800] "GET /xingrg/all/function/internal_message.html?_=1706663628612&CODE_STATE=getMsg HTTP/1.1" 200 27
222.69.133.235 - - [31/Jan/2024:09:14:00 +0800] "GET /xingrg/all/function/internal_message.html?_=1706663642184&CODE_STATE=getMsg HTTP/1.1" 200 27
114.95.241.104 - - [31/Jan/2024:09:14:02 +0800] "GET /xingrg/index.html?sysBaseUrl=http%3A%2F%2F180.169.147.146%3A18081%2Fxingrg%2F&costTime=14×tamp=1698040851670 HTTP/1.1" 302 -
114.95.241.104 - - [31/Jan/2024:09:14:02 +0800] "GET /xingrg/login.html HTTP/1.1" 200 7641
114.95.241.104 - - [31/Jan/2024:09:14:03 +0800] "GET /favicon.ico HTTP/1.1" 404 -
180.164.1.25 - - [31/Jan/2024:09:14:03 +0800] "POST /xingrg/dwr/call/plaincall/AjaxComOrderService.getMaterielSearchList.dwr HTTP/1.1" 200 2987
114.95.241.104 - - [31/Jan/2024:09:14:04 +0800] "GET /xingrg/login.html HTTP/1.1" 200 7641
101.229.175.60 - - [31/Jan/2024:09:14:04 +0800] "GET /xingrg/all/function/internal_message.html?_=1706663648235&CODE_STATE=getMsg HTTP/1.1" 200 27
180.164.1.25 - - [31/Jan/2024:09:14:04 +0800] "GET /xingrg/images/yd/bt.gif HTTP/1.1" 404 1040
114.95.241.104 - - [31/Jan/2024:09:14:04 +0800] "GET /favicon.ico HTTP/1.1" 404 -
124.78.68.102 - - [31/Jan/2024:09:14:04 +0800] "GET /xingrg/all/function/internal_message.html?_=1706663644838&CODE_STATE=getMsg HTTP/1.1" 200 27
101.83.145.37 - - [31/Jan/2024:09:14:06 +0800] "GET /xingrg/kc/buy/cgsh_order_operate.html?command=get_materiel&rest_code=00105&code=00101008150&supplier_code=00100005&order_time=2024-01-31 HTTP/1.1" 200 409
116.230.109.177 - - [31/Jan/2024:09:14:06 +0800] "GET /xingrg/all/function/internal_message.html?_=1706663579136&CODE_STATE=getMsg HTTP/1.1" 200 27
101.83.145.37 - - [31/Jan/2024:09:14:07 +0800] "GET /xingrg/kc/print/load_data.html?order_code=212024013113378&kc_code=cgsh&condition= HTTP/1.1" 200 1988
222.70.115.1 - - [31/Jan/2024:09:14:08 +0800] "GET /xingrg/all/function/internal_message.html?_=1706663651051&CODE_STATE=getMsg HTTP/1.1" 302 -
222.70.115.1 - - [31/Jan/2024:09:14:08 +0800] "GET /xingrg/login.html HTTP/1.1" 200 7641
180.164.1.25 - - [31/Jan/2024:09:14:08 +0800] "POST /xingrg/dwr/call/plaincall/AjaxYddbService.getMaterielByMap.dwr HTTP/1.1" 200 3097
114.95.241.104 - - [31/Jan/2024:09:14:08 +0800] "POST /xingrg/login.do HTTP/1.1" 302 -
114.95.241.104 - - [31/Jan/2024:09:14:08 +0800] "GET /xingrg/index.html?sysBaseUrl=http%3A%2F%2F180.169.147.146%3A18081%2Fxingrg%2F&costTime=1045×tamp=1706663648461 HTTP/1.1" 200 17177
114.95.241.104 - - [31/Jan/2024:09:14:08 +0800] "GET /favicon.ico HTTP/1.1" 404 -
114.95.241.104 - - [31/Jan/2024:09:14:09 +0800] "GET /xingrg/all/function/internal_message.html?_=1706663649373&CODE_STATE=count HTTP/1.1" 200 11
114.95.241.104 - - [31/Jan/2024:09:14:09 +0800] "GET /xingrg/check_reg.html?_=1706663649374 HTTP/1.1" 200 22
114.95.241.104 - - [31/Jan/2024:09:14:09 +0800] "POST /xingrg/all/common/load_tree.html?tree=area_rest_tree_json&manage=1 HTTP/1.1" 200 476
114.95.241.104 - - [31/Jan/2024:09:14:09 +0800] "POST /xingrg/load_menu.html HTTP/1.1" 200 5138
101.228.146.191 - - [31/Jan/2024:09:14:09 +0800] "GET /xingrg/kc/buy/cgsh_order_info.html?code=212024012611128 HTTP/1.1" 200 72589
101.228.146.191 - - [31/Jan/2024:09:14:10 +0800] "GET /xingrg/javascript/easyui/themes/default/validatebox.css HTTP/1.1" 404 1104
101.228.146.191 - - [31/Jan/2024:09:14:11 +0800] "POST /xingrg/kc/buy/cgsh_order_operate.html HTTP/1.1" 200 5685
172.20.0.100 - - [31/Jan/2024:09:14:11 +0800] "GET /xingrg/all/function/internal_message.html?_=1706663658692&CODE_STATE=getMsg HTTP/1.1" 200 27
114.95.241.104 - - [31/Jan/2024:09:14:12 +0800] "POST /xingrg/all/user/operate.html HTTP/1.1" 200 36
114.95.241.104 - - [31/Jan/2024:09:14:12 +0800] "GET /xingrg/index.html?sysBaseUrl=http%3A%2F%2F180.169.147.146%3A18081%2Fxingrg%2F&costTime=1045×tamp=1706663648461 HTTP/1.1" 200 17179
114.95.241.104 - - [31/Jan/2024:09:14:12 +0800] "GET /xingrg/javascript/jquery_easy_ui/themes/default/easyui.css HTTP/1.1" 304 -
114.95.241.104 - - [31/Jan/2024:09:14:12 +0800] "GET /xingrg/javascript/jquery_easy_ui/themes/icon.css HTTP/1.1" 304 -
114.95.241.104 - - [31/Jan/2024:09:14:12 +0800] "GET /xingrg/css/form.css HTTP/1.1" 304 -
114.95.241.104 - - [31/Jan/2024:09:14:12 +0800] "GET /xingrg/javascript/jquery-1.4.2.min.js HTTP/1.1" 304 -
114.95.241.104 - - [31/Jan/2024:09:14:12 +0800] "GET /xingrg/javascript/jquery_easy_ui/jquery.easyui.min.js HTTP/1.1" 304 -
114.95.241.104 - - [31/Jan/2024:09:14:12 +0800] "GET /xingrg/javascript/jquery_easy_ui/easyui-lang-zh_CN.js HTTP/1.1" 304 -
114.95.241.104 - - [31/Jan/2024:09:14:12 +0800] "GET /xingrg/javascript/jquery.form.js HTTP/1.1" 304 -
114.95.241.104 - - [31/Jan/2024:09:14:12 +0800] "GET /xingrg/javascript/jquery.utils.js HTTP/1.1" 304 -
114.95.241.104 - - [31/Jan/2024:09:14:12 +0800] "GET /xingrg/javascript/jquery.timers.js HTTP/1.1" 304 -
114.95.241.104 - - [31/Jan/2024:09:14:12 +0800] "GET /xingrg/images/blue/jxLogo.png HTTP/1.1" 304 -
114.95.241.104 - - [31/Jan/2024:09:14:12 +0800] "GET /xingrg/javascript/jquery_easy_ui/themes/icons/settle_new.png HTTP/1.1" 304 -
114.95.241.104 - - [31/Jan/2024:09:14:12 +0800] "GET /xingrg/images/blue/navBackgound.jpg HTTP/1.1" 304 -
114.95.241.104 - - [31/Jan/2024:09:14:12 +0800] "GET /xingrg/all/function/internal_message.html?_=1706663652453&CODE_STATE=count HTTP/1.1" 200 11
114.95.241.104 - - [31/Jan/2024:09:14:12 +0800] "GET /xingrg/javascript/jquery_easy_ui/themes/default/images/tabs_leftarrow.png HTTP/1.1" 304 -
114.95.241.104 - - [31/Jan/2024:09:14:12 +0800] "GET /xingrg/check_reg.html?_=1706663652454 HTTP/1.1" 200 22
114.95.241.104 - - [31/Jan/2024:09:14:12 +0800] "GET /xingrg/javascript/jquery_easy_ui/themes/default/images/tabs_rightarrow.png HTTP/1.1" 304 -
114.95.241.104 - - [31/Jan/2024:09:14:12 +0800] "GET /xingrg/images/blue/pingpu.png HTTP/1.1" 304 -
114.95.241.104 - - [31/Jan/2024:09:14:12 +0800] "GET /xingrg/javascript/jquery_easy_ui/themes/default/images/panel_tool_collapse.gif HTTP/1.1" 304 -
114.95.241.104 - - [31/Jan/2024:09:14:12 +0800] "POST /xingrg/all/common/load_tree.html?tree=area_rest_tree_json&manage=1 HTTP/1.1" 200 476
114.95.241.104 - - [31/Jan/2024:09:14:12 +0800] "POST /xingrg/load_menu.html HTTP/1.1" 200 5138
180.164.1.25 - - [31/Jan/2024:09:14:14 +0800] "GET /xingrg/all/function/internal_message.html?_=1706663653113&CODE_STATE=getMsg HTTP/1.1" 200 27
114.95.241.104 - - [31/Jan/2024:09:14:14 +0800] "GET /xingrg/kc/buy/cgsh_order_list.html HTTP/1.1" 200 57698
101.228.146.191 - - [31/Jan/2024:09:14:16 +0800] "GET /xingrg/kc/print/load_data.html?order_code=212024012611128&kc_code=cgsh&condition= HTTP/1.1" 200 1868
124.79.240.117 - - [31/Jan/2024:09:14:16 +0800] "GET /xingrg/all/function/internal_message.html?_=1706663658069&CODE_STATE=getMsg HTTP/1.1" 200 27
180.164.1.25 - - [31/Jan/2024:09:14:17 +0800] "POST /xingrg/dwr/call/plaincall/AjaxYddbService.saveMaterielItem.dwr HTTP/1.1" 200 78
116.230.109.177 - - [31/Jan/2024:09:14:18 +0800] "GET /xingrg/all/function/internal_message.html?_=1706663591208&CODE_STATE=getMsg HTTP/1.1" 200 27
114.95.241.104 - - [31/Jan/2024:09:14:19 +0800] "POST /xingrg/kc/buy/cgsh_list_operate.html HTTP/1.1" 200 1869
180.164.1.25 - - [31/Jan/2024:09:14:20 +0800] "GET /xingrg/javascript/jquery_easy_ui/themes/default/images/button_plain_hover.png HTTP/1.1" 304 -
114.95.241.104 - - [31/Jan/2024:09:14:21 +0800] "POST /xingrg/kc/buy/cgsh_list_operate.html HTTP/1.1" 200 564
114.95.241.104 - - [31/Jan/2024:09:14:23 +0800] "GET /xingrg/kc/buy/cgsh_order_info.html?code=212024013113379 HTTP/1.1" 200 73520
114.95.241.104 - - [31/Jan/2024:09:14:23 +0800] "GET /xingrg/javascript/easyui/themes/default/validatebox.css HTTP/1.1" 404 1104
114.95.241.104 - - [31/Jan/2024:09:14:23 +0800] "GET /xingrg/all/common/auto_word.html?type=employee&rest_code=00150 HTTP/1.1" 200 159
114.95.241.104 - - [31/Jan/2024:09:14:23 +0800] "GET /xingrg/all/common/auto_word.html?type=employee&rest_code=00150 HTTP/1.1" 200 159
116.238.97.31 - - [31/Jan/2024:09:14:24 +0800] "GET /xingrg/all/function/internal_message.html?_=1706663665285&CODE_STATE=getMsg HTTP/1.1" 200 27
114.95.241.104 - - [31/Jan/2024:09:14:24 +0800] "POST /xingrg/kc/buy/cgsh_order_operate.html HTTP/1.1" 200 28087
180.164.1.25 - - [31/Jan/2024:09:14:26 +0800] "POST /xingrg/dwr/call/plaincall/AjaxYddbService.checkOrder.dwr HTTP/1.1" 200 78
116.230.109.177 - - [31/Jan/2024:09:14:27 +0800] "GET /xingrg/all/function/internal_message.html?_=1706663600619&CODE_STATE=getMsg HTTP/1.1" 200 27
180.164.1.25 - - [31/Jan/2024:09:14:29 +0800] "GET /xingrg/kc/base/yddb_order_info.html?code=482024013100189 HTTP/1.1" 200 29873
180.164.1.25 - - [31/Jan/2024:09:14:29 +0800] "GET /xingrg/dwr/interface/AjaxComOrderService.js HTTP/1.1" 200 18264
180.164.1.25 - - [31/Jan/2024:09:14:29 +0800] "GET /xingrg/dwr/interface/AjaxYddbService.js HTTP/1.1" 200 13201
180.164.1.25 - - [31/Jan/2024:09:14:29 +0800] "GET /xingrg/dwr/engine.js HTTP/1.1" 200 43631
180.164.1.25 - - [31/Jan/2024:09:14:29 +0800] "POST /xingrg/dwr/call/plaincall/AjaxYddbService.loadMaterielItems.dwr HTTP/1.1" 200 441
114.95.241.104 - - [31/Jan/2024:09:14:30 +0800] "GET /xingrg/javascript/auto/indicator.gif HTTP/1.1" 404 1066
101.83.145.37 - - [31/Jan/2024:09:14:30 +0800] "GET /xingrg/kc/buy/cgsh_order_operate.html?command=get_materiel&rest_code=00105&code=00101008168&supplier_code=00100005&order_time=2024-01-31 HTTP/1.1" 200 413
180.164.1.25 - - [31/Jan/2024:09:14:34 +0800] "GET /xingrg/kc/base/yddb_order_list.html?isBack=1 HTTP/1.1" 200 16628
180.164.1.25 - - [31/Jan/2024:09:14:34 +0800] "POST /xingrg/kc/base/yddb_list_operate.html HTTP/1.1" 200 636
114.95.241.104 - - [31/Jan/2024:09:14:35 +0800] "GET /xingrg/kc/buy/cgsh_order_operate.html?command=get_materiel&rest_code=00150&code=00101009015&supplier_code=00100008&order_time=2024-01-31 HTTP/1.1" 200 416
114.83.219.137 - - [31/Jan/2024:09:14:37 +0800] "GET /xingrg/kc/buy/cgsh_order_operate.html?command=get_materiel&rest_code=00149&code=00101008502&supplier_code=00100008&order_time=2024-01-31 HTTP/1.1" 200 412
114.83.219.137 - - [31/Jan/2024:09:14:40 +0800] "GET /xingrg/all/function/internal_message.html?_=1706663678402&CODE_STATE=getMsg HTTP/1.1" 200 27
58.39.105.37 - - [31/Jan/2024:09:14:42 +0800] "POST /xingrg/all/common/load_select.html HTTP/1.1" 200 25
116.230.123.222 - - [31/Jan/2024:09:14:45 +0800] "GET /xingrg/all/function/internal_message.html?_=1706663684501&CODE_STATE=getMsg HTTP/1.1" 200 27
222.70.168.245 - - [31/Jan/2024:09:14:46 +0800] "GET /xingrg/all/function/internal_message.html?_=1706663695906&CODE_STATE=getMsg HTTP/1.1" 200 27
114.95.241.104 - - [31/Jan/2024:09:14:46 +0800] "GET /xingrg/kc/buy/cgsh_order_operate.html?command=get_materiel&rest_code=00150&code=00101008061&supplier_code=00100008&order_time=2024-01-31 HTTP/1.1" 200 422
101.83.145.37 - - [31/Jan/2024:09:14:47 +0800] "GET /xingrg/all/function/internal_message.html?_=1706663452777&CODE_STATE=getMsg HTTP/1.1" 200 27
101.83.145.37 - - [31/Jan/2024:09:14:49 +0800] "GET /xingrg/kc/buy/cgsh_order_operate.html?command=get_materiel&rest_code=00105&code=00101008123&supplier_code=00100005&order_time=2024-01-31 HTTP/1.1" 200 412
180.164.1.25 - - [31/Jan/2024:09:14:51 +0800] "GET /xingrg/javascript/jquery_easy_ui/themes/default/images/tabs_active.png HTTP/1.1" 304 -
58.39.105.37 - - [31/Jan/2024:09:14:51 +0800] "GET /xingrg/all/function/internal_message.html?_=1706663693095&CODE_STATE=getMsg HTTP/1.1" 200 27
101.83.145.37 - - [31/Jan/2024:09:14:53 +0800] "GET /xingrg/check_reg.html?_=1706663694830 HTTP/1.1" 200 22
101.83.145.37 - - [31/Jan/2024:09:14:53 +0800] "GET /xingrg/all/function/internal_message.html?_=1706663694865&CODE_STATE=getMsg HTTP/1.1" 200 27
180.169.147.146 - - [31/Jan/2024:09:14:53 +0800] "GET /xingrg/all/function/internal_message.html?_=1706663692486&CODE_STATE=getMsg HTTP/1.1" 200 27
114.95.241.104 - - [31/Jan/2024:09:14:53 +0800] "GET /xingrg/kc/buy/cgsh_order_operate.html?command=get_materiel&rest_code=00150&code=00101008358&supplier_code=00100008&order_time=2024-01-31 HTTP/1.1" 200 412
58.39.105.37 - - [31/Jan/2024:09:14:55 +0800] "POST /xingrg/kc/buy/cgsh_order_operate.html HTTP/1.1" 200 2065
180.164.1.25 - - [31/Jan/2024:09:14:56 +0800] "GET /xingrg/kc/buy/cgsh_order_list.html HTTP/1.1" 200 57702
180.164.1.25 - - [31/Jan/2024:09:14:56 +0800] "GET /xingrg/javascript/easyui/themes/icons/cance_new.png HTTP/1.1" 304 -
180.164.1.25 - - [31/Jan/2024:09:14:56 +0800] "GET /xingrg/javascript/easyui/themes/icons/check_new.png HTTP/1.1" 304 -
180.164.1.25 - - [31/Jan/2024:09:14:58 +0800] "POST /xingrg/kc/buy/cgsh_list_operate.html HTTP/1.1" 200 986
116.230.109.177 - - [31/Jan/2024:09:14:59 +0800] "GET /xingrg/all/function/internal_message.html?_=1706663632211&CODE_STATE=getMsg HTTP/1.1" 200 27
172.20.0.100 - - [31/Jan/2024:09:15:00 +0800] "GET /xingrg/all/function/internal_message.html?_=1706663688613&CODE_STATE=getMsg HTTP/1.1" 200 27
222.69.133.235 - - [31/Jan/2024:09:15:00 +0800] "GET /xingrg/all/function/internal_message.html?_=1706663702170&CODE_STATE=getMsg HTTP/1.1" 200 27
222.69.133.235 - - [31/Jan/2024:09:15:01 +0800] "GET /xingrg/check_reg.html?_=1706663702326 HTTP/1.1" 200 22
180.164.1.25 - - [31/Jan/2024:09:15:02 +0800] "GET /xingrg/kc/base/wldb_order_list.html HTTP/1.1" 200 19023
180.164.1.25 - - [31/Jan/2024:09:15:02 +0800] "POST /xingrg/kc/base/wldb_list_operate.html HTTP/1.1" 200 928
101.229.175.60 - - [31/Jan/2024:09:15:04 +0800] "GET /xingrg/all/function/internal_message.html?_=1706663708218&CODE_STATE=getMsg HTTP/1.1" 200 27
124.78.68.102 - - [31/Jan/2024:09:15:04 +0800] "GET /xingrg/all/function/internal_message.html?_=1706663704818&CODE_STATE=getMsg HTTP/1.1" 200 27
180.164.1.25 - - [31/Jan/2024:09:15:05 +0800] "GET /xingrg/kc/buy/cgsh_order_list.html HTTP/1.1" 200 57702
116.230.109.177 - - [31/Jan/2024:09:15:06 +0800] "GET /xingrg/all/function/internal_message.html?_=1706663639134&CODE_STATE=getMsg HTTP/1.1" 200 27
101.228.146.191 - - [31/Jan/2024:09:15:06 +0800] "GET /xingrg/all/function/internal_message.html?_=1706663706206&CODE_STATE=getMsg HTTP/1.1" 200 27
180.164.1.25 - - [31/Jan/2024:09:15:07 +0800] "POST /xingrg/kc/buy/cgsh_list_operate.html HTTP/1.1" 200 986
222.70.115.1 - - [31/Jan/2024:09:15:08 +0800] "GET /xingrg/all/function/internal_message.html?_=1706663711049&CODE_STATE=getMsg HTTP/1.1" 302 -
222.70.115.1 - - [31/Jan/2024:09:15:08 +0800] "GET /xingrg/login.html HTTP/1.1" 200 7641
172.20.0.100 - - [31/Jan/2024:09:15:11 +0800] "GET /xingrg/all/function/internal_message.html?_=1706663718690&CODE_STATE=getMsg HTTP/1.1" 200 27
114.95.241.104 - - [31/Jan/2024:09:15:12 +0800] "GET /xingrg/all/function/internal_message.html?_=1706663712572&CODE_STATE=getMsg HTTP/1.1" 200 27
180.164.1.25 - - [31/Jan/2024:09:15:14 +0800] "GET /xingrg/all/function/internal_message.html?_=1706663713111&CODE_STATE=getMsg HTTP/1.1" 200 27
101.83.145.37 - - [31/Jan/2024:09:15:14 +0800] "GET /xingrg/kc/buy/cgsh_order_operate.html?command=get_materiel&rest_code=00105&code=00101008041&supplier_code=00100005&order_time=2024-01-31 HTTP/1.1" 200 408
124.79.240.117 - - [31/Jan/2024:09:15:16 +0800] "GET /xingrg/check_reg.html?_=1706663718068 HTTP/1.1" 200 22
124.79.240.117 - - [31/Jan/2024:09:15:16 +0800] "GET /xingrg/all/function/internal_message.html?_=1706663718069&CODE_STATE=getMsg HTTP/1.1" 200 27
116.230.109.177 - - [31/Jan/2024:09:15:18 +0800] "GET /xingrg/all/function/internal_message.html?_=1706663651197&CODE_STATE=getMsg HTTP/1.1" 200 27
114.83.219.137 - - [31/Jan/2024:09:15:23 +0800] "GET /xingrg/kc/buy/cgsh_order_operate.html?command=get_materiel&rest_code=00149&code=00101008163&supplier_code=00100008&order_time=2024-01-31 HTTP/1.1" 200 409
116.238.97.31 - - [31/Jan/2024:09:15:24 +0800] "GET /xingrg/all/function/internal_message.html?_=1706663725294&CODE_STATE=getMsg HTTP/1.1" 200 27
101.83.145.37 - - [31/Jan/2024:09:15:26 +0800] "POST /xingrg/kc/buy/cgsh_order_operate.html HTTP/1.1" 200 2065
116.230.109.177 - - [31/Jan/2024:09:15:27 +0800] "GET /xingrg/all/function/internal_message.html?_=1706663660629&CODE_STATE=getMsg HTTP/1.1" 200 27
114.83.219.137 - - [31/Jan/2024:09:15:33 +0800] "GET /xingrg/kc/buy/cgsh_order_operate.html?command=get_materiel&rest_code=00149&code=00101008125&supplier_code=00100008&order_time=2024-01-31 HTTP/1.1" 200 413
124.78.68.102 - - [31/Jan/2024:09:15:40 +0800] "GET /xingrg/check_reg.html?_=1706663740598 HTTP/1.1" 200 22
114.83.219.137 - - [31/Jan/2024:09:15:40 +0800] "GET /xingrg/all/function/internal_message.html?_=1706663738398&CODE_STATE=getMsg HTTP/1.1" 200 27
101.83.145.37 - - [31/Jan/2024:09:15:43 +0800] "GET /xingrg/kc/buy/cgsh_order_operate.html?command=get_materiel&rest_code=00105&code=00101009056&supplier_code=00100005&order_time=2024-01-31 HTTP/1.1" 200 413
116.230.123.222 - - [31/Jan/2024:09:15:45 +0800] "GET /xingrg/all/function/internal_message.html?_=1706663744471&CODE_STATE=getMsg HTTP/1.1" 200 27
114.83.219.137 - - [31/Jan/2024:09:15:46 +0800] "GET /xingrg/kc/buy/cgsh_order_operate.html?command=get_materiel&rest_code=00149&code=00101008010&supplier_code=00100008&order_time=2024-01-31 HTTP/1.1" 200 412
222.70.168.245 - - [31/Jan/2024:09:15:46 +0800] "GET /xingrg/all/function/internal_message.html?_=1706663756443&CODE_STATE=getMsg HTTP/1.1" 200 27
101.83.145.37 - - [31/Jan/2024:09:15:47 +0800] "GET /xingrg/all/function/internal_message.html?_=1706663512794&CODE_STATE=getMsg HTTP/1.1" 200 27
101.83.145.37 - - [31/Jan/2024:09:15:47 +0800] "GET /xingrg/check_reg.html?_=1706663512795 HTTP/1.1" 200 22
58.39.105.37 - - [31/Jan/2024:09:15:52 +0800] "GET /xingrg/all/function/internal_message.html?_=1706663753114&CODE_STATE=getMsg HTTP/1.1" 200 27
101.83.145.37 - - [31/Jan/2024:09:15:53 +0800] "GET /xingrg/all/function/internal_message.html?_=1706663754844&CODE_STATE=getMsg HTTP/1.1" 200 27
180.169.147.146 - - [31/Jan/2024:09:15:53 +0800] "GET /xingrg/all/function/internal_message.html?_=1706663752461&CODE_STATE=getMsg HTTP/1.1" 200 27
114.95.241.104 - - [31/Jan/2024:09:15:57 +0800] "POST /xingrg/kc/buy/cgsh_order_operate.html HTTP/1.1" 200 37
116.230.109.177 - - [31/Jan/2024:09:15:59 +0800] "GET /xingrg/all/function/internal_message.html?_=1706663692204&CODE_STATE=getMsg HTTP/1.1" 200 27
114.83.219.137 - - [31/Jan/2024:09:15:59 +0800] "GET /xingrg/kc/buy/cgsh_order_operate.html?command=get_materiel&rest_code=00149&code=00101008238&supplier_code=00100008&order_time=2024-01-31 HTTP/1.1" 200 416
172.20.0.100 - - [31/Jan/2024:09:16:00 +0800] "GET /xingrg/all/function/internal_message.html?_=1706663748601&CODE_STATE=getMsg HTTP/1.1" 200 27
222.69.133.235 - - [31/Jan/2024:09:16:00 +0800] "GET /xingrg/all/function/internal_message.html?_=1706663762142&CODE_STATE=getMsg HTTP/1.1" 200 27
114.95.241.104 - - [31/Jan/2024:09:16:01 +0800] "POST /xingrg/kc/buy/cgsh_order_operate.html HTTP/1.1" 200 29883
116.238.97.31 - - [31/Jan/2024:09:16:02 +0800] "GET /xingrg/kc/buy/cgsh_order_operate.html?command=get_materiel&rest_code=00102&code=00101006129&supplier_code=00100151&order_time=2024-01-31 HTTP/1.1" 200 441
101.83.145.37 - - [31/Jan/2024:09:16:03 +0800] "GET /xingrg/kc/buy/cgsh_order_operate.html?command=get_materiel&rest_code=00105&code=00101015061&supplier_code=00100005&order_time=2024-01-31 HTTP/1.1" 200 412
101.229.175.60 - - [31/Jan/2024:09:16:04 +0800] "GET /xingrg/all/function/internal_message.html?_=1706663768202&CODE_STATE=getMsg HTTP/1.1" 200 27
124.78.68.102 - - [31/Jan/2024:09:16:04 +0800] "GET /xingrg/all/function/internal_message.html?_=1706663764808&CODE_STATE=getMsg HTTP/1.1" 200 27
116.230.109.177 - - [31/Jan/2024:09:16:06 +0800] "GET /xingrg/all/function/internal_message.html?_=1706663699109&CODE_STATE=getMsg HTTP/1.1" 200 27
101.228.146.191 - - [31/Jan/2024:09:16:06 +0800] "GET /xingrg/all/function/internal_message.html?_=1706663766175&CODE_STATE=getMsg HTTP/1.1" 200 27
222.70.168.245 - - [31/Jan/2024:09:16:07 +0800] "GET /xingrg/check_reg.html?_=1706663776573 HTTP/1.1" 200 22
222.70.115.1 - - [31/Jan/2024:09:16:08 +0800] "GET /xingrg/all/function/internal_message.html?_=1706663771051&CODE_STATE=getMsg HTTP/1.1" 302 -
222.70.115.1 - - [31/Jan/2024:09:16:08 +0800] "GET /xingrg/login.html HTTP/1.1" 200 7641
172.20.0.100 - - [31/Jan/2024:09:16:11 +0800] "GET /xingrg/check_reg.html?_=1706663778689 HTTP/1.1" 200 22
172.20.0.100 - - [31/Jan/2024:09:16:11 +0800] "GET /xingrg/all/function/internal_message.html?_=1706663778690&CODE_STATE=getMsg HTTP/1.1" 200 27
114.95.241.104 - - [31/Jan/2024:09:16:12 +0800] "GET /xingrg/all/function/internal_message.html?_=1706663772556&CODE_STATE=getMsg HTTP/1.1" 200 27
180.164.1.25 - - [31/Jan/2024:09:16:14 +0800] "GET /xingrg/all/function/internal_message.html?_=1706663773106&CODE_STATE=getMsg HTTP/1.1" 200 27
116.230.109.177 - - [31/Jan/2024:09:16:16 +0800] "GET /xingrg/index.html?sysBaseUrl=http%3A%2F%2F180.169.147.146%3A18081%2Fxingrg%2F&costTime=1277×tamp=1606817596806 HTTP/1.1" 200 17179
124.79.240.117 - - [31/Jan/2024:09:16:16 +0800] "GET /xingrg/all/function/internal_message.html?_=1706663778079&CODE_STATE=getMsg HTTP/1.1" 200 27
116.230.109.177 - - [31/Jan/2024:09:16:17 +0800] "POST /xingrg/all/common/load_tree.html?tree=area_rest_tree_json&manage=1 HTTP/1.1" 200 351
116.230.109.177 - - [31/Jan/2024:09:16:17 +0800] "GET /xingrg/all/function/internal_message.html?_=1706663710820&CODE_STATE=count HTTP/1.1" 200 11
116.230.109.177 - - [31/Jan/2024:09:16:17 +0800] "GET /xingrg/check_reg.html?_=1706663710822 HTTP/1.1" 200 22
116.230.109.177 - - [31/Jan/2024:09:16:17 +0800] "GET /favicon.ico HTTP/1.1" 404 -
116.230.109.177 - - [31/Jan/2024:09:16:17 +0800] "POST /xingrg/load_menu.html HTTP/1.1" 200 5138
116.230.109.177 - - [31/Jan/2024:09:16:18 +0800] "GET /xingrg/all/function/internal_message.html?_=1706663711179&CODE_STATE=getMsg HTTP/1.1" 200 27
116.238.97.31 - - [31/Jan/2024:09:16:24 +0800] "GET /xingrg/all/function/internal_message.html?_=1706663785308&CODE_STATE=getMsg HTTP/1.1" 200 27
116.238.97.31 - - [31/Jan/2024:09:16:24 +0800] "GET /xingrg/check_reg.html?_=1706663785313 HTTP/1.1" 200 22
116.230.109.177 - - [31/Jan/2024:09:16:26 +0800] "GET /xingrg/kc/base/yddb_order_list.html HTTP/1.1" 200 16624
116.230.109.177 - - [31/Jan/2024:09:16:26 +0800] "POST /xingrg/kc/base/yddb_list_operate.html HTTP/1.1" 200 636
116.230.109.177 - - [31/Jan/2024:09:16:27 +0800] "GET /xingrg/all/function/internal_message.html?_=1706663720630&CODE_STATE=getMsg HTTP/1.1" 200 27
116.230.109.177 - - [31/Jan/2024:09:16:27 +0800] "GET /xingrg/check_reg.html?_=1706663720638 HTTP/1.1" 200 22
101.229.175.60 - - [31/Jan/2024:09:16:28 +0800] "GET /xingrg/check_reg.html?_=1706663792775 HTTP/1.1" 200 22
116.230.109.177 - - [31/Jan/2024:09:16:28 +0800] "POST /xingrg/kc/base/yddb_list_operate.html HTTP/1.1" 200 636
116.230.109.177 - - [31/Jan/2024:09:16:32 +0800] "POST /xingrg/kc/base/yddb_list_operate.html HTTP/1.1" 200 2149
116.230.109.177 - - [31/Jan/2024:09:16:34 +0800] "POST /xingrg/kc/base/yddb_list_operate.html HTTP/1.1" 200 208
116.230.109.177 - - [31/Jan/2024:09:16:35 +0800] "GET /xingrg/kc/base/yddb_order_info.html?code=482024013100189 HTTP/1.1" 200 31929
116.230.109.177 - - [31/Jan/2024:09:16:35 +0800] "GET /xingrg/dwr/interface/AjaxComOrderService.js HTTP/1.1" 200 18264
116.230.109.177 - - [31/Jan/2024:09:16:35 +0800] "GET /xingrg/dwr/interface/AjaxYddbService.js HTTP/1.1" 200 13201
116.230.109.177 - - [31/Jan/2024:09:16:35 +0800] "GET /xingrg/dwr/engine.js HTTP/1.1" 200 43631
116.230.109.177 - - [31/Jan/2024:09:16:35 +0800] "GET /xingrg/dwr/util.js HTTP/1.1" 304 -
114.83.219.137 - - [31/Jan/2024:09:16:35 +0800] "GET /xingrg/kc/buy/cgsh_order_operate.html?command=get_materiel&rest_code=00149&code=00101008304&supplier_code=00100008&order_time=2024-01-31 HTTP/1.1" 200 412
116.230.109.177 - - [31/Jan/2024:09:16:36 +0800] "POST /xingrg/dwr/call/plaincall/AjaxYddbService.loadMaterielItems.dwr HTTP/1.1" 200 441
101.83.145.37 - - [31/Jan/2024:09:16:38 +0800] "GET /xingrg/kc/buy/cgsh_order_operate.html?command=get_materiel&rest_code=00105&code=00101008261&supplier_code=00100005&order_time=2024-01-31 HTTP/1.1" 200 408
114.83.219.137 - - [31/Jan/2024:09:16:40 +0800] "GET /xingrg/all/function/internal_message.html?_=1706663798394&CODE_STATE=getMsg HTTP/1.1" 200 27
116.230.123.222 - - [31/Jan/2024:09:16:45 +0800] "GET /xingrg/all/function/internal_message.html?_=1706663804457&CODE_STATE=getMsg HTTP/1.1" 200 27
222.70.168.245 - - [31/Jan/2024:09:16:46 +0800] "GET /xingrg/all/function/internal_message.html?_=1706663816447&CODE_STATE=getMsg HTTP/1.1" 200 27
116.230.109.177 - - [31/Jan/2024:09:16:47 +0800] "POST /xingrg/dwr/call/plaincall/AjaxYddbService.saveOrder.dwr HTTP/1.1" 200 78
101.83.145.37 - - [31/Jan/2024:09:16:47 +0800] "GET /xingrg/all/function/internal_message.html?_=1706663572795&CODE_STATE=getMsg HTTP/1.1" 200 27
114.83.219.137 - - [31/Jan/2024:09:16:49 +0800] "GET /xingrg/kc/buy/cgsh_order_operate.html?command=get_materiel&rest_code=00149&code=00101008029&supplier_code=00100008&order_time=2024-01-31 HTTP/1.1" 200 417
58.39.105.37 - - [31/Jan/2024:09:16:51 +0800] "GET /xingrg/all/function/internal_message.html?_=1706663813098&CODE_STATE=getMsg HTTP/1.1" 200 27
101.83.145.37 - - [31/Jan/2024:09:16:53 +0800] "GET /xingrg/all/function/internal_message.html?_=1706663814823&CODE_STATE=getMsg HTTP/1.1" 200 27
116.230.109.177 - - [31/Jan/2024:09:16:53 +0800] "POST /xingrg/dwr/call/plaincall/AjaxYddbService.objCheckOrder.dwr HTTP/1.1" 200 78
180.169.147.146 - - [31/Jan/2024:09:16:53 +0800] "GET /xingrg/all/function/internal_message.html?_=1706663812449&CODE_STATE=getMsg HTTP/1.1" 200 27
116.230.109.177 - - [31/Jan/2024:09:16:56 +0800] "GET /xingrg/kc/base/yddb_order_info.html?code=482024013100189 HTTP/1.1" 200 32050
116.230.109.177 - - [31/Jan/2024:09:16:56 +0800] "GET /xingrg/dwr/interface/AjaxComOrderService.js HTTP/1.1" 200 18264
116.230.109.177 - - [31/Jan/2024:09:16:56 +0800] "GET /xingrg/dwr/interface/AjaxYddbService.js HTTP/1.1" 200 13201
116.230.109.177 - - [31/Jan/2024:09:16:56 +0800] "GET /xingrg/dwr/engine.js HTTP/1.1" 200 43631
116.230.109.177 - - [31/Jan/2024:09:16:56 +0800] "POST /xingrg/dwr/call/plaincall/AjaxYddbService.loadMaterielItems.dwr HTTP/1.1" 200 441
116.230.109.177 - - [31/Jan/2024:09:16:59 +0800] "GET /xingrg/kc/base/yddb_order_report.html?fileType=servlets/html&code=482024013100189&reportName=ck_order_report&subName=yddb HTTP/1.1" 302 -
116.230.109.177 - - [31/Jan/2024:09:16:59 +0800] "GET /xingrg/servlets/html?sysBaseUrl=http%3A%2F%2F180.169.147.146%3A18081%2Fxingrg%2F&costTime=423×tamp=1706663819123 HTTP/1.1" 200 14782
116.230.109.177 - - [31/Jan/2024:09:16:59 +0800] "GET /xingrg/servlets/image?image=px HTTP/1.1" 200 807
116.230.109.177 - - [31/Jan/2024:09:16:59 +0800] "GET /favicon.ico HTTP/1.1" 404 -
116.230.109.177 - - [31/Jan/2024:09:16:59 +0800] "GET /xingrg/all/function/internal_message.html?_=1706663752209&CODE_STATE=getMsg HTTP/1.1" 200 27
172.20.0.100 - - [31/Jan/2024:09:17:00 +0800] "GET /xingrg/all/function/internal_message.html?_=1706663808606&CODE_STATE=getMsg HTTP/1.1" 200 27
222.69.133.235 - - [31/Jan/2024:09:17:00 +0800] "GET /xingrg/all/function/internal_message.html?_=1706663822121&CODE_STATE=getMsg HTTP/1.1" 200 27
101.83.145.37 - - [31/Jan/2024:09:17:01 +0800] "GET /xingrg/kc/buy/cgsh_order_operate.html?command=get_materiel&rest_code=00105&code=00101008049&supplier_code=00100005&order_time=2024-01-31 HTTP/1.1" 200 408
114.83.219.137 - - [31/Jan/2024:09:17:03 +0800] "GET /xingrg/kc/buy/cgsh_order_operate.html?command=get_materiel&rest_code=00149&code=00101008361&supplier_code=00100008&order_time=2024-01-31 HTTP/1.1" 200 408
101.229.175.60 - - [31/Jan/2024:09:17:04 +0800] "GET /xingrg/all/function/internal_message.html?_=1706663828174&CODE_STATE=getMsg HTTP/1.1" 200 27
124.78.68.102 - - [31/Jan/2024:09:17:04 +0800] "GET /xingrg/all/function/internal_message.html?_=1706663824786&CODE_STATE=getMsg HTTP/1.1" 200 27
116.230.109.177 - - [31/Jan/2024:09:17:06 +0800] "GET /xingrg/all/function/internal_message.html?_=1706663759082&CODE_STATE=getMsg HTTP/1.1" 200 27
101.228.146.191 - - [31/Jan/2024:09:17:06 +0800] "GET /xingrg/all/function/internal_message.html?_=1706663826160&CODE_STATE=getMsg HTTP/1.1" 200 27
101.228.146.191 - - [31/Jan/2024:09:17:06 +0800] "GET /xingrg/check_reg.html?_=1706663826195 HTTP/1.1" 200 22
222.70.115.1 - - [31/Jan/2024:09:17:08 +0800] "GET /xingrg/all/function/internal_message.html?_=1706663831053&CODE_STATE=getMsg HTTP/1.1" 302 -
222.70.115.1 - - [31/Jan/2024:09:17:08 +0800] "GET /xingrg/login.html HTTP/1.1" 200 7641
172.20.0.100 - - [31/Jan/2024:09:17:11 +0800] "GET /xingrg/all/function/internal_message.html?_=1706663838689&CODE_STATE=getMsg HTTP/1.1" 200 27
114.95.241.104 - - [31/Jan/2024:09:17:12 +0800] "GET /xingrg/all/function/internal_message.html?_=1706663832545&CODE_STATE=getMsg HTTP/1.1" 200 27
180.164.1.25 - - [31/Jan/2024:09:17:14 +0800] "GET /xingrg/all/function/internal_message.html?_=1706663833097&CODE_STATE=getMsg HTTP/1.1" 200 27
124.79.240.117 - - [31/Jan/2024:09:17:16 +0800] "GET /xingrg/all/function/internal_message.html?_=1706663838078&CODE_STATE=getMsg HTTP/1.1" 200 27
116.230.109.177 - - [31/Jan/2024:09:17:17 +0800] "GET /xingrg/all/function/internal_message.html?_=1706663770846&CODE_STATE=getMsg HTTP/1.1" 200 27
116.230.109.177 - - [31/Jan/2024:09:17:18 +0800] "GET /xingrg/all/function/internal_message.html?_=1706663771158&CODE_STATE=getMsg HTTP/1.1" 200 27
101.228.146.191 - - [31/Jan/2024:09:17:19 +0800] "POST /xingrg/kc/buy/cgsh_list_operate.html HTTP/1.1" 200 2306
101.228.146.191 - - [31/Jan/2024:09:17:20 +0800] "GET /xingrg/kc/base/check_order_list.html HTTP/1.1" 200 16138
58.39.105.37 - - [31/Jan/2024:09:17:20 +0800] "GET /xingrg/kc/buy/cgsh_order_operate.html?command=get_materiel&rest_code=00157&code=00101023060&supplier_code=00100207&order_time=2024-01-31 HTTP/1.1" 200 464
101.228.146.191 - - [31/Jan/2024:09:17:20 +0800] "POST /xingrg/kc/base/check_list_operate.html HTTP/1.1" 200 781
101.228.146.191 - - [31/Jan/2024:09:17:21 +0800] "GET /xingrg/kc/base/check_order_add.html HTTP/1.1" 200 25492
101.228.146.191 - - [31/Jan/2024:09:17:21 +0800] "GET /xingrg/css/blue.css HTTP/1.1" 200 15949
101.228.146.191 - - [31/Jan/2024:09:17:21 +0800] "GET /xingrg/css/table.css HTTP/1.1" 200 3684
101.228.146.191 - - [31/Jan/2024:09:17:21 +0800] "GET /xingrg/dwr/interface/AjaxCheckService.js HTTP/1.1" 200 14003
101.228.146.191 - - [31/Jan/2024:09:17:21 +0800] "GET /xingrg/dwr/interface/AjaxComOrderService.js HTTP/1.1" 200 18264
101.228.146.191 - - [31/Jan/2024:09:17:21 +0800] "GET /xingrg/dwr/util.js HTTP/1.1" 200 35990
101.228.146.191 - - [31/Jan/2024:09:17:21 +0800] "GET /xingrg/dwr/engine.js HTTP/1.1" 200 43631
101.228.146.191 - - [31/Jan/2024:09:17:21 +0800] "GET /xingrg/javascript/myfunction.js HTTP/1.1" 200 24559
101.228.146.191 - - [31/Jan/2024:09:17:21 +0800] "GET /xingrg/javascript/Calendar.js HTTP/1.1" 200 31561
101.228.146.191 - - [31/Jan/2024:09:17:21 +0800] "GET /xingrg/javascript/AjaxInfoList.js HTTP/1.1" 200 3774
101.228.146.191 - - [31/Jan/2024:09:17:22 +0800] "GET /xingrg/javascript/jquery_easy_ui/themes/default/images/menu_downarrow.png HTTP/1.1" 200 173
101.228.146.191 - - [31/Jan/2024:09:17:22 +0800] "GET /xingrg/javascript/jquery_easy_ui/themes/icons/back_new.png HTTP/1.1" 200 3414
101.228.146.191 - - [31/Jan/2024:09:17:22 +0800] "GET /xingrg/javascript/jquery_easy_ui/themes/icons/print.png HTTP/1.1" 200 1057
101.228.146.191 - - [31/Jan/2024:09:17:22 +0800] "GET /xingrg/javascript/jquery_easy_ui/themes/icons/cance_new.png HTTP/1.1" 200 3986
101.228.146.191 - - [31/Jan/2024:09:17:22 +0800] "GET /xingrg/javascript/jquery_easy_ui/themes/icons/check_new.png HTTP/1.1" 200 3224
116.238.97.31 - - [31/Jan/2024:09:17:24 +0800] "GET /xingrg/all/function/internal_message.html?_=1706663845285&CODE_STATE=getMsg HTTP/1.1" 200 27
116.230.109.177 - - [31/Jan/2024:09:17:27 +0800] "GET /xingrg/check_reg.html?_=1706663780284 HTTP/1.1" 200 22
116.230.109.177 - - [31/Jan/2024:09:17:27 +0800] "GET /xingrg/all/function/internal_message.html?_=1706663780630&CODE_STATE=getMsg HTTP/1.1" 200 27
101.228.146.191 - - [31/Jan/2024:09:17:28 +0800] "POST /xingrg/dwr/call/plaincall/AjaxCheckService.saveOrder.dwr HTTP/1.1" 200 78
101.228.146.191 - - [31/Jan/2024:09:17:30 +0800] "POST /xingrg/dwr/call/plaincall/AjaxCheckService.loadOrderItems.dwr HTTP/1.1" 200 362
101.228.146.191 - - [31/Jan/2024:09:17:34 +0800] "GET /xingrg/javascript/jquery_easy_ui/themes/default/images/panel_title.png HTTP/1.1" 304 -
101.228.146.191 - - [31/Jan/2024:09:17:34 +0800] "GET /xingrg/javascript/jquery_easy_ui/themes/default/images/button_a_bg.gif HTTP/1.1" 304 -
101.228.146.191 - - [31/Jan/2024:09:17:34 +0800] "GET /xingrg/javascript/jquery_easy_ui/themes/default/images/button_span_bg.gif HTTP/1.1" 304 -
101.228.146.191 - - [31/Jan/2024:09:17:34 +0800] "GET /xingrg/javascript/jquery_easy_ui/themes/icons/ok.png HTTP/1.1" 304 -
101.228.146.191 - - [31/Jan/2024:09:17:34 +0800] "GET /xingrg/javascript/jquery_easy_ui/themes/icons/pencil.png HTTP/1.1" 200 713
101.228.146.191 - - [31/Jan/2024:09:17:34 +0800] "GET /xingrg/javascript/jquery_easy_ui/themes/default/images/panel_tools.gif HTTP/1.1" 304 -
101.228.146.191 - - [31/Jan/2024:09:17:36 +0800] "POST /xingrg/kc/report/common_data.html?type=materiel_category_tree HTTP/1.1" 200 4017
116.230.109.177 - - [31/Jan/2024:09:17:36 +0800] "GET /xingrg/kc/base/yddb_order_list.html?isBack=1 HTTP/1.1" 200 16624
101.228.146.191 - - [31/Jan/2024:09:17:36 +0800] "GET /xingrg/javascript/jquery_easy_ui/themes/default/images/tree_checkbox_0.gif HTTP/1.1" 200 168
116.230.109.177 - - [31/Jan/2024:09:17:37 +0800] "POST /xingrg/kc/base/yddb_list_operate.html HTTP/1.1" 200 636
101.228.146.191 - - [31/Jan/2024:09:17:38 +0800] "GET /xingrg/javascript/jquery_easy_ui/themes/default/images/tree_checkbox_1.gif HTTP/1.1" 200 174
101.228.146.191 - - [31/Jan/2024:09:17:38 +0800] "GET /xingrg/javascript/jquery_easy_ui/themes/default/images/tree_checkbox_2.gif HTTP/1.1" 200 181
114.83.219.137 - - [31/Jan/2024:09:17:40 +0800] "GET /xingrg/all/function/internal_message.html?_=1706663858407&CODE_STATE=getMsg HTTP/1.1" 200 27
101.228.146.191 - - [31/Jan/2024:09:17:41 +0800] "POST /xingrg/dwr/call/plaincall/AjaxCheckService.importOrderItems.dwr HTTP/1.1" 200 78
116.230.109.177 - - [31/Jan/2024:09:17:42 +0800] "POST /xingrg/kc/base/yddb_list_operate.html HTTP/1.1" 200 7108
101.228.146.191 - - [31/Jan/2024:09:17:42 +0800] "POST /xingrg/dwr/call/plaincall/AjaxCheckService.loadOrderItems.dwr HTTP/1.1" 200 17889
101.228.146.191 - - [31/Jan/2024:09:17:42 +0800] "GET /xingrg/javascript/jquery_easy_ui/themes/icons/no.png HTTP/1.1" 200 922
116.230.123.222 - - [31/Jan/2024:09:17:45 +0800] "GET /xingrg/all/function/internal_message.html?_=1706663864443&CODE_STATE=getMsg HTTP/1.1" 200 27
222.70.168.245 - - [31/Jan/2024:09:17:46 +0800] "GET /xingrg/all/function/internal_message.html?_=1706663876461&CODE_STATE=getMsg HTTP/1.1" 200 27
101.83.145.37 - - [31/Jan/2024:09:17:47 +0800] "GET /xingrg/all/function/internal_message.html?_=1706663632803&CODE_STATE=getMsg HTTP/1.1" 200 27
101.83.145.37 - - [31/Jan/2024:09:17:49 +0800] "GET /xingrg/kc/buy/cgsh_order_operate.html?command=get_materiel&rest_code=00105&code=00101008207&supplier_code=00100005&order_time=2024-01-31 HTTP/1.1" 200 427
58.39.105.37 - - [31/Jan/2024:09:17:52 +0800] "GET /xingrg/all/function/internal_message.html?_=1706663873106&CODE_STATE=getMsg HTTP/1.1" 200 27
101.83.145.37 - - [31/Jan/2024:09:17:53 +0800] "GET /xingrg/all/function/internal_message.html?_=1706663874803&CODE_STATE=getMsg HTTP/1.1" 200 27
180.169.147.146 - - [31/Jan/2024:09:17:53 +0800] "GET /xingrg/all/function/internal_message.html?_=1706663872430&CODE_STATE=getMsg HTTP/1.1" 200 27
101.83.145.37 - - [31/Jan/2024:09:17:54 +0800] "POST /xingrg/kc/buy/cgsh_order_operate.html HTTP/1.1" 200 2065
116.230.109.177 - - [31/Jan/2024:09:17:59 +0800] "GET /xingrg/all/function/internal_message.html?_=1706663812198&CODE_STATE=getMsg HTTP/1.1" 200 27
172.20.0.100 - - [31/Jan/2024:09:18:00 +0800] "GET /xingrg/all/function/internal_message.html?_=1706663868611&CODE_STATE=getMsg HTTP/1.1" 200 27
172.20.0.100 - - [31/Jan/2024:09:18:00 +0800] "GET /xingrg/check_reg.html?_=1706663868613 HTTP/1.1" 200 22
222.69.133.235 - - [31/Jan/2024:09:18:00 +0800] "GET /xingrg/all/function/internal_message.html?_=1706663882108&CODE_STATE=getMsg HTTP/1.1" 200 27
58.39.105.37 - - [31/Jan/2024:09:18:03 +0800] "GET /xingrg/kc/buy/cgsh_order_operate.html?command=get_materiel&rest_code=00157&code=00101023070&supplier_code=00100207&order_time=2024-01-31 HTTP/1.1" 200 454
101.229.175.60 - - [31/Jan/2024:09:18:04 +0800] "GET /xingrg/all/function/internal_message.html?_=1706663888158&CODE_STATE=getMsg HTTP/1.1" 200 27
124.78.68.102 - - [31/Jan/2024:09:18:04 +0800] "GET /xingrg/all/function/internal_message.html?_=1706663884766&CODE_STATE=getMsg HTTP/1.1" 200 27
116.230.109.177 - - [31/Jan/2024:09:18:06 +0800] "GET /xingrg/all/function/internal_message.html?_=1706663819054&CODE_STATE=getMsg HTTP/1.1" 200 27
101.228.146.191 - - [31/Jan/2024:09:18:06 +0800] "GET /xingrg/all/function/internal_message.html?_=1706663886136&CODE_STATE=getMsg HTTP/1.1" 200 27
222.70.115.1 - - [31/Jan/2024:09:18:08 +0800] "GET /xingrg/all/function/internal_message.html?_=1706663891055&CODE_STATE=getMsg HTTP/1.1" 302 -
222.70.115.1 - - [31/Jan/2024:09:18:08 +0800] "GET /xingrg/check_reg.html?_=1706663891056 HTTP/1.1" 302 -
222.70.115.1 - - [31/Jan/2024:09:18:08 +0800] "GET /xingrg/login.html HTTP/1.1" 200 7641
222.70.115.1 - - [31/Jan/2024:09:18:08 +0800] "GET /xingrg/login.html HTTP/1.1" 200 7641
58.39.105.37 - - [31/Jan/2024:09:18:09 +0800] "POST /xingrg/kc/buy/cgsh_order_operate.html HTTP/1.1" 200 2065
172.20.0.100 - - [31/Jan/2024:09:18:11 +0800] "GET /xingrg/all/function/internal_message.html?_=1706663898688&CODE_STATE=getMsg HTTP/1.1" 200 27
180.169.147.146 - - [31/Jan/2024:09:18:12 +0800] "GET /xingrg/check_reg.html?_=1706663891311 HTTP/1.1" 200 22
114.95.241.104 - - [31/Jan/2024:09:18:12 +0800] "GET /xingrg/all/function/internal_message.html?_=1706663892527&CODE_STATE=getMsg HTTP/1.1" 200 27
101.83.145.37 - - [31/Jan/2024:09:18:13 +0800] "GET /xingrg/kc/buy/cgsh_order_operate.html?command=get_materiel&rest_code=00105&code=00101008351&supplier_code=00100005&order_time=2024-01-31 HTTP/1.1" 200 408
101.228.146.191 - - [31/Jan/2024:09:18:13 +0800] "POST /xingrg/dwr/call/plaincall/AjaxCheckService.setItemNumber.dwr HTTP/1.1" 200 76
180.164.1.25 - - [31/Jan/2024:09:18:14 +0800] "GET /xingrg/check_reg.html?_=1706663893102 HTTP/1.1" 200 22
180.164.1.25 - - [31/Jan/2024:09:18:14 +0800] "GET /xingrg/all/function/internal_message.html?_=1706663893104&CODE_STATE=getMsg HTTP/1.1" 200 27
124.79.240.117 - - [31/Jan/2024:09:18:16 +0800] "GET /xingrg/all/function/internal_message.html?_=1706663898076&CODE_STATE=getMsg HTTP/1.1" 200 27
116.230.109.177 - - [31/Jan/2024:09:18:17 +0800] "GET /xingrg/all/function/internal_message.html?_=1706663830826&CODE_STATE=getMsg HTTP/1.1" 200 27
116.230.109.177 - - [31/Jan/2024:09:18:18 +0800] "GET /xingrg/all/function/internal_message.html?_=1706663831140&CODE_STATE=getMsg HTTP/1.1" 200 27
101.228.146.191 - - [31/Jan/2024:09:18:18 +0800] "POST /xingrg/dwr/call/plaincall/AjaxCheckService.setItemNumber.dwr HTTP/1.1" 200 76
101.228.146.191 - - [31/Jan/2024:09:18:21 +0800] "POST /xingrg/dwr/call/plaincall/AjaxCheckService.setItemNumber.dwr HTTP/1.1" 200 76
116.238.97.31 - - [31/Jan/2024:09:18:24 +0800] "GET /xingrg/all/function/internal_message.html?_=1706663905294&CODE_STATE=getMsg HTTP/1.1" 200 27
101.228.146.191 - - [31/Jan/2024:09:18:27 +0800] "POST /xingrg/dwr/call/plaincall/AjaxCheckService.setItemNumber.dwr HTTP/1.1" 200 76
114.83.219.137 - - [31/Jan/2024:09:18:27 +0800] "GET /xingrg/kc/buy/cgsh_order_operate.html?command=get_materiel&rest_code=00149&code=00101008355&supplier_code=00100008&order_time=2024-01-31 HTTP/1.1" 200 408
116.230.109.177 - - [31/Jan/2024:09:18:27 +0800] "GET /xingrg/all/function/internal_message.html?_=1706663840629&CODE_STATE=getMsg HTTP/1.1" 200 27
