222.70.168.245 - - [31/Jan/2024:07:01:05 +0800] "GET /xingrg/check_reg.html?_=1706655675141 HTTP/1.1" 200 22
124.78.68.102 - - [31/Jan/2024:07:01:07 +0800] "GET /xingrg/all/function/internal_message.html?_=1706655667239&CODE_STATE=getMsg HTTP/1.1" 200 27
101.229.175.60 - - [31/Jan/2024:07:01:07 +0800] "GET /xingrg/all/function/internal_message.html?_=1706655671575&CODE_STATE=getMsg HTTP/1.1" 200 27
222.70.168.245 - - [31/Jan/2024:07:01:08 +0800] "GET /xingrg/all/function/internal_message.html?_=1706655677259&CODE_STATE=getMsg HTTP/1.1" 200 27
116.230.109.177 - - [31/Jan/2024:07:01:08 +0800] "GET /xingrg/all/function/internal_message.html?_=1706655601362&CODE_STATE=getMsg HTTP/1.1" 200 27
172.20.0.100 - - [31/Jan/2024:07:01:11 +0800] "GET /xingrg/check_reg.html?_=1706655678614 HTTP/1.1" 200 22
172.20.0.100 - - [31/Jan/2024:07:01:11 +0800] "GET /xingrg/all/function/internal_message.html?_=1706655678615&CODE_STATE=getMsg HTTP/1.1" 200 27
116.230.109.177 - - [31/Jan/2024:07:01:20 +0800] "GET /xingrg/all/function/internal_message.html?_=1706655613517&CODE_STATE=getMsg HTTP/1.1" 200 27
116.230.109.177 - - [31/Jan/2024:07:01:27 +0800] "GET /xingrg/check_reg.html?_=1706655620636 HTTP/1.1" 200 22
116.230.109.177 - - [31/Jan/2024:07:01:27 +0800] "GET /xingrg/all/function/internal_message.html?_=1706655620639&CODE_STATE=getMsg HTTP/1.1" 200 27
101.229.175.60 - - [31/Jan/2024:07:01:28 +0800] "GET /xingrg/check_reg.html?_=1706655692718 HTTP/1.1" 200 22
120.253.135.82 - - [31/Jan/2024:07:01:30 +0800] "POST /xingrg/kc/base/stock_operate.html HTTP/1.1" 200 1732
114.95.241.104 - - [31/Jan/2024:07:01:46 +0800] "GET /xingrg/all/function/internal_message.html?_=1706655706295&CODE_STATE=getMsg HTTP/1.1" 200 27
124.78.154.219 - - [31/Jan/2024:07:01:48 +0800] "GET /xingrg/all/function/internal_message.html?_=1706655706008&CODE_STATE=getMsg HTTP/1.1" 200 27
120.253.135.82 - - [31/Jan/2024:07:01:50 +0800] "GET /xingrg/all/function/internal_message.html?_=1706655536926&CODE_STATE=getMsg HTTP/1.1" 200 27
180.169.147.146 - - [31/Jan/2024:07:01:55 +0800] "GET /xingrg/all/function/internal_message.html?_=1706655714587&CODE_STATE=getMsg HTTP/1.1" 200 27
116.230.109.177 - - [31/Jan/2024:07:01:59 +0800] "GET /xingrg/all/function/internal_message.html?_=1706655652199&CODE_STATE=getMsg HTTP/1.1" 200 27
172.20.0.100 - - [31/Jan/2024:07:02:00 +0800] "GET /xingrg/all/function/internal_message.html?_=1706655708608&CODE_STATE=getMsg HTTP/1.1" 200 27
124.78.68.102 - - [31/Jan/2024:07:02:07 +0800] "GET /xingrg/all/function/internal_message.html?_=1706655727221&CODE_STATE=getMsg HTTP/1.1" 200 27
101.229.175.60 - - [31/Jan/2024:07:02:07 +0800] "GET /xingrg/all/function/internal_message.html?_=1706655731551&CODE_STATE=getMsg HTTP/1.1" 200 27
222.70.168.245 - - [31/Jan/2024:07:02:08 +0800] "GET /xingrg/all/function/internal_message.html?_=1706655737266&CODE_STATE=getMsg HTTP/1.1" 200 27
116.230.109.177 - - [31/Jan/2024:07:02:08 +0800] "GET /xingrg/all/function/internal_message.html?_=1706655661345&CODE_STATE=getMsg HTTP/1.1" 200 27
172.20.0.100 - - [31/Jan/2024:07:02:11 +0800] "GET /xingrg/all/function/internal_message.html?_=1706655738614&CODE_STATE=getMsg HTTP/1.1" 200 27
116.230.109.177 - - [31/Jan/2024:07:02:20 +0800] "GET /xingrg/all/function/internal_message.html?_=1706655673502&CODE_STATE=getMsg HTTP/1.1" 200 27
116.230.109.177 - - [31/Jan/2024:07:02:27 +0800] "GET /xingrg/check_reg.html?_=1706655680285 HTTP/1.1" 200 22
116.230.109.177 - - [31/Jan/2024:07:02:27 +0800] "GET /xingrg/all/function/internal_message.html?_=1706655680631&CODE_STATE=getMsg HTTP/1.1" 200 27
120.253.135.82 - - [31/Jan/2024:07:02:39 +0800] "POST /xingrg/kc/base/stock_operate.html HTTP/1.1" 200 1482
114.95.241.104 - - [31/Jan/2024:07:02:46 +0800] "GET /xingrg/all/function/internal_message.html?_=1706655766281&CODE_STATE=getMsg HTTP/1.1" 200 27
114.95.241.104 - - [31/Jan/2024:07:02:46 +0800] "GET /xingrg/check_reg.html?_=1706655766283 HTTP/1.1" 200 22
124.78.154.219 - - [31/Jan/2024:07:02:48 +0800] "GET /xingrg/all/function/internal_message.html?_=1706655765979&CODE_STATE=getMsg HTTP/1.1" 200 27
120.253.135.82 - - [31/Jan/2024:07:02:50 +0800] "GET /xingrg/all/function/internal_message.html?_=1706655596940&CODE_STATE=getMsg HTTP/1.1" 200 27
180.169.147.146 - - [31/Jan/2024:07:02:55 +0800] "GET /xingrg/all/function/internal_message.html?_=1706655774567&CODE_STATE=getMsg HTTP/1.1" 200 27
116.230.109.177 - - [31/Jan/2024:07:02:59 +0800] "GET /xingrg/all/function/internal_message.html?_=1706655712212&CODE_STATE=getMsg HTTP/1.1" 200 27
172.20.0.100 - - [31/Jan/2024:07:03:00 +0800] "GET /xingrg/all/function/internal_message.html?_=1706655768610&CODE_STATE=getMsg HTTP/1.1" 200 27
172.20.0.100 - - [31/Jan/2024:07:03:00 +0800] "GET /xingrg/check_reg.html?_=1706655768613 HTTP/1.1" 200 22
124.78.68.102 - - [31/Jan/2024:07:03:07 +0800] "GET /xingrg/all/function/internal_message.html?_=1706655787202&CODE_STATE=getMsg HTTP/1.1" 200 27
101.229.175.60 - - [31/Jan/2024:07:03:07 +0800] "GET /xingrg/all/function/internal_message.html?_=1706655791521&CODE_STATE=getMsg HTTP/1.1" 200 27
222.70.168.245 - - [31/Jan/2024:07:03:08 +0800] "GET /xingrg/all/function/internal_message.html?_=1706655797279&CODE_STATE=getMsg HTTP/1.1" 200 27
116.230.109.177 - - [31/Jan/2024:07:03:08 +0800] "GET /xingrg/all/function/internal_message.html?_=1706655721328&CODE_STATE=getMsg HTTP/1.1" 200 27
172.20.0.100 - - [31/Jan/2024:07:03:11 +0800] "GET /xingrg/all/function/internal_message.html?_=1706655798612&CODE_STATE=getMsg HTTP/1.1" 200 27
180.169.147.146 - - [31/Jan/2024:07:03:12 +0800] "GET /xingrg/check_reg.html?_=1706655791739 HTTP/1.1" 200 22
116.230.109.177 - - [31/Jan/2024:07:03:20 +0800] "GET /xingrg/all/function/internal_message.html?_=1706655733482&CODE_STATE=getMsg HTTP/1.1" 200 27
116.230.109.177 - - [31/Jan/2024:07:03:27 +0800] "GET /xingrg/all/function/internal_message.html?_=1706655740625&CODE_STATE=getMsg HTTP/1.1" 200 27
116.230.109.177 - - [31/Jan/2024:07:03:33 +0800] "GET /xingrg/check_reg.html?_=1706655746335 HTTP/1.1" 200 22
114.95.241.104 - - [31/Jan/2024:07:03:46 +0800] "GET /xingrg/all/function/internal_message.html?_=1706655826290&CODE_STATE=getMsg HTTP/1.1" 200 27
124.78.154.219 - - [31/Jan/2024:07:03:48 +0800] "GET /xingrg/all/function/internal_message.html?_=1706655825950&CODE_STATE=getMsg HTTP/1.1" 200 27
120.253.135.82 - - [31/Jan/2024:07:03:50 +0800] "GET /xingrg/all/function/internal_message.html?_=1706655656954&CODE_STATE=getMsg HTTP/1.1" 200 27
180.169.147.146 - - [31/Jan/2024:07:03:55 +0800] "GET /xingrg/all/function/internal_message.html?_=1706655834538&CODE_STATE=getMsg HTTP/1.1" 200 27
120.253.135.82 - - [31/Jan/2024:07:03:57 +0800] "POST /xingrg/kc/base/stock_operate.html HTTP/1.1" 200 1489
116.230.109.177 - - [31/Jan/2024:07:03:59 +0800] "GET /xingrg/check_reg.html?_=1706655772203 HTTP/1.1" 200 22
116.230.109.177 - - [31/Jan/2024:07:03:59 +0800] "GET /xingrg/all/function/internal_message.html?_=1706655772207&CODE_STATE=getMsg HTTP/1.1" 200 27
172.20.0.100 - - [31/Jan/2024:07:04:00 +0800] "GET /xingrg/all/function/internal_message.html?_=1706655828614&CODE_STATE=getMsg HTTP/1.1" 200 27
124.78.68.102 - - [31/Jan/2024:07:04:07 +0800] "GET /xingrg/all/function/internal_message.html?_=1706655847176&CODE_STATE=getMsg HTTP/1.1" 200 27
101.229.175.60 - - [31/Jan/2024:07:04:07 +0800] "GET /xingrg/all/function/internal_message.html?_=1706655851492&CODE_STATE=getMsg HTTP/1.1" 200 27
116.230.109.177 - - [31/Jan/2024:07:04:08 +0800] "GET /xingrg/all/function/internal_message.html?_=1706655781325&CODE_STATE=getMsg HTTP/1.1" 200 27
222.70.168.245 - - [31/Jan/2024:07:04:08 +0800] "GET /xingrg/all/function/internal_message.html?_=1706655857764&CODE_STATE=getMsg HTTP/1.1" 200 27
172.20.0.100 - - [31/Jan/2024:07:04:11 +0800] "GET /xingrg/all/function/internal_message.html?_=1706655858611&CODE_STATE=getMsg HTTP/1.1" 200 27
124.78.154.219 - - [31/Jan/2024:07:04:15 +0800] "GET /xingrg/check_reg.html?_=1706655853087 HTTP/1.1" 200 22
116.230.109.177 - - [31/Jan/2024:07:04:20 +0800] "GET /xingrg/all/function/internal_message.html?_=1706655793468&CODE_STATE=getMsg HTTP/1.1" 200 27
116.230.109.177 - - [31/Jan/2024:07:04:27 +0800] "GET /xingrg/all/function/internal_message.html?_=1706655800628&CODE_STATE=getMsg HTTP/1.1" 200 27
114.95.241.104 - - [31/Jan/2024:07:04:46 +0800] "GET /xingrg/all/function/internal_message.html?_=1706655886295&CODE_STATE=getMsg HTTP/1.1" 200 27
124.78.154.219 - - [31/Jan/2024:07:04:48 +0800] "GET /xingrg/all/function/internal_message.html?_=1706655885929&CODE_STATE=getMsg HTTP/1.1" 200 27
120.253.135.82 - - [31/Jan/2024:07:04:50 +0800] "GET /xingrg/all/function/internal_message.html?_=1706655716967&CODE_STATE=getMsg HTTP/1.1" 200 27
180.169.147.146 - - [31/Jan/2024:07:04:55 +0800] "GET /xingrg/all/function/internal_message.html?_=1706655894522&CODE_STATE=getMsg HTTP/1.1" 200 27
116.230.109.177 - - [31/Jan/2024:07:04:59 +0800] "GET /xingrg/all/function/internal_message.html?_=1706655832211&CODE_STATE=getMsg HTTP/1.1" 200 27
172.20.0.100 - - [31/Jan/2024:07:05:00 +0800] "GET /xingrg/all/function/internal_message.html?_=1706655888605&CODE_STATE=getMsg HTTP/1.1" 200 27
124.78.68.102 - - [31/Jan/2024:07:05:07 +0800] "GET /xingrg/all/function/internal_message.html?_=1706655907155&CODE_STATE=getMsg HTTP/1.1" 200 27
101.229.175.60 - - [31/Jan/2024:07:05:07 +0800] "GET /xingrg/all/function/internal_message.html?_=1706655911480&CODE_STATE=getMsg HTTP/1.1" 200 27
116.230.109.177 - - [31/Jan/2024:07:05:08 +0800] "GET /xingrg/all/function/internal_message.html?_=1706655841301&CODE_STATE=getMsg HTTP/1.1" 200 27
222.70.168.245 - - [31/Jan/2024:07:05:08 +0800] "GET /xingrg/all/function/internal_message.html?_=1706655917774&CODE_STATE=getMsg HTTP/1.1" 200 27
172.20.0.100 - - [31/Jan/2024:07:05:11 +0800] "GET /xingrg/all/function/internal_message.html?_=1706655918609&CODE_STATE=getMsg HTTP/1.1" 200 27
222.70.168.245 - - [31/Jan/2024:07:05:19 +0800] "POST /xingrg/kc/base/wldb_order_operate.html HTTP/1.1" 200 37
116.230.109.177 - - [31/Jan/2024:07:05:20 +0800] "GET /xingrg/all/function/internal_message.html?_=1706655853452&CODE_STATE=getMsg HTTP/1.1" 200 27
222.70.168.245 - - [31/Jan/2024:07:05:25 +0800] "POST /xingrg/kc/base/wldb_order_operate.html HTTP/1.1" 200 12
222.70.168.245 - - [31/Jan/2024:07:05:25 +0800] "POST /xingrg/kc/base/wldb_order_operate.html HTTP/1.1" 200 2216
116.230.109.177 - - [31/Jan/2024:07:05:27 +0800] "GET /xingrg/all/function/internal_message.html?_=1706655860633&CODE_STATE=getMsg HTTP/1.1" 200 27
222.70.168.245 - - [31/Jan/2024:07:05:35 +0800] "GET /xingrg/kc/base/wldb_order_info.html?code=422024013103420 HTTP/1.1" 200 26230
222.70.168.245 - - [31/Jan/2024:07:05:36 +0800] "GET /xingrg/javascript/easyui/themes/default/validatebox.css HTTP/1.1" 404 1104
222.70.168.245 - - [31/Jan/2024:07:05:36 +0800] "POST /xingrg/kc/base/wldb_order_operate.html HTTP/1.1" 200 510
222.70.168.245 - - [31/Jan/2024:07:05:39 +0800] "GET /xingrg/kc/base/wldb_order_add.html HTTP/1.1" 200 30350
222.70.168.245 - - [31/Jan/2024:07:05:40 +0800] "POST /xingrg/kc/base/wldb_order_operate.html HTTP/1.1" 200 6806
222.70.168.245 - - [31/Jan/2024:07:05:40 +0800] "GET /xingrg/javascript/easyui/themes/default/validatebox.css HTTP/1.1" 404 1104
124.78.68.102 - - [31/Jan/2024:07:05:41 +0800] "GET /xingrg/check_reg.html?_=1706655941013 HTTP/1.1" 200 22
120.253.135.82 - - [31/Jan/2024:07:05:44 +0800] "GET /xingrg/check_reg.html?_=1706655770787 HTTP/1.1" 200 22
114.95.241.104 - - [31/Jan/2024:07:05:46 +0800] "GET /xingrg/all/function/internal_message.html?_=1706655946288&CODE_STATE=getMsg HTTP/1.1" 200 27
124.78.154.219 - - [31/Jan/2024:07:05:48 +0800] "GET /xingrg/all/function/internal_message.html?_=1706655945906&CODE_STATE=getMsg HTTP/1.1" 200 27
120.253.135.82 - - [31/Jan/2024:07:05:50 +0800] "GET /xingrg/all/function/internal_message.html?_=1706655776981&CODE_STATE=getMsg HTTP/1.1" 200 27
180.169.147.146 - - [31/Jan/2024:07:05:55 +0800] "GET /xingrg/all/function/internal_message.html?_=1706655954500&CODE_STATE=getMsg HTTP/1.1" 200 27
120.253.135.82 - - [31/Jan/2024:07:05:56 +0800] "POST /xingrg/kc/base/stock_operate.html HTTP/1.1" 200 1475
116.230.109.177 - - [31/Jan/2024:07:05:59 +0800] "GET /xingrg/all/function/internal_message.html?_=1706655892203&CODE_STATE=getMsg HTTP/1.1" 200 27
172.20.0.100 - - [31/Jan/2024:07:06:00 +0800] "GET /xingrg/all/function/internal_message.html?_=1706655948608&CODE_STATE=getMsg HTTP/1.1" 200 27
222.70.168.245 - - [31/Jan/2024:07:06:05 +0800] "GET /xingrg/check_reg.html?_=1706655975144 HTTP/1.1" 200 22
124.78.68.102 - - [31/Jan/2024:07:06:07 +0800] "GET /xingrg/all/function/internal_message.html?_=1706655967131&CODE_STATE=getMsg HTTP/1.1" 200 27
101.229.175.60 - - [31/Jan/2024:07:06:07 +0800] "GET /xingrg/all/function/internal_message.html?_=1706655971466&CODE_STATE=getMsg HTTP/1.1" 200 27
222.70.168.245 - - [31/Jan/2024:07:06:07 +0800] "GET /xingrg/kc/base/wldb_order_operate.html?command=get_materiel&rest_code=00146&base_code=0010064&code=00102002453 HTTP/1.1" 200 435
116.230.109.177 - - [31/Jan/2024:07:06:08 +0800] "GET /xingrg/all/function/internal_message.html?_=1706655901276&CODE_STATE=getMsg HTTP/1.1" 200 27
222.70.168.245 - - [31/Jan/2024:07:06:08 +0800] "GET /xingrg/all/function/internal_message.html?_=1706655977788&CODE_STATE=getMsg HTTP/1.1" 200 27
172.20.0.100 - - [31/Jan/2024:07:06:11 +0800] "GET /xingrg/all/function/internal_message.html?_=1706655978607&CODE_STATE=getMsg HTTP/1.1" 200 27
172.20.0.100 - - [31/Jan/2024:07:06:11 +0800] "GET /xingrg/check_reg.html?_=1706655978609 HTTP/1.1" 200 22
116.230.109.177 - - [31/Jan/2024:07:06:20 +0800] "GET /xingrg/all/function/internal_message.html?_=1706655913432&CODE_STATE=getMsg HTTP/1.1" 200 27
116.230.109.177 - - [31/Jan/2024:07:06:27 +0800] "GET /xingrg/all/function/internal_message.html?_=1706655920630&CODE_STATE=getMsg HTTP/1.1" 200 27
116.230.109.177 - - [31/Jan/2024:07:06:27 +0800] "GET /xingrg/check_reg.html?_=1706655920631 HTTP/1.1" 200 22
101.229.175.60 - - [31/Jan/2024:07:06:28 +0800] "GET /xingrg/check_reg.html?_=1706655992718 HTTP/1.1" 200 22
120.253.135.82 - - [31/Jan/2024:07:06:31 +0800] "POST /xingrg/kc/base/stock_operate.html HTTP/1.1" 200 1752
222.70.168.245 - - [31/Jan/2024:07:06:40 +0800] "GET /xingrg/kc/base/wldb_order_operate.html?command=get_materiel&rest_code=00146&base_code=0010064&code=00102002549 HTTP/1.1" 200 449
114.95.241.104 - - [31/Jan/2024:07:06:46 +0800] "GET /xingrg/all/function/internal_message.html?_=1706656006291&CODE_STATE=getMsg HTTP/1.1" 200 27
180.163.30.27 - - [31/Jan/2024:07:06:48 +0800] "GET /xingrg/all/function/internal_message.html?_=1706655945906&CODE_STATE=getMsg HTTP/1.1" 302 -
124.78.154.219 - - [31/Jan/2024:07:06:48 +0800] "GET /xingrg/all/function/internal_message.html?_=1706656005879&CODE_STATE=getMsg HTTP/1.1" 200 27
180.163.30.27 - - [31/Jan/2024:07:06:49 +0800] "GET /xingrg/login.html HTTP/1.1" 200 7641
120.253.135.82 - - [31/Jan/2024:07:06:50 +0800] "GET /xingrg/all/function/internal_message.html?_=1706655836994&CODE_STATE=getMsg HTTP/1.1" 200 27
222.70.168.245 - - [31/Jan/2024:07:06:55 +0800] "GET /xingrg/kc/base/wldb_order_operate.html?command=get_materiel&rest_code=00146&base_code=0010064&code=00102002114 HTTP/1.1" 200 463
180.169.147.146 - - [31/Jan/2024:07:06:55 +0800] "GET /xingrg/all/function/internal_message.html?_=1706656014476&CODE_STATE=getMsg HTTP/1.1" 200 27
116.230.109.177 - - [31/Jan/2024:07:06:59 +0800] "GET /xingrg/all/function/internal_message.html?_=1706655952213&CODE_STATE=getMsg HTTP/1.1" 200 27
172.20.0.100 - - [31/Jan/2024:07:07:00 +0800] "GET /xingrg/all/function/internal_message.html?_=1706656008610&CODE_STATE=getMsg HTTP/1.1" 200 27
124.78.68.102 - - [31/Jan/2024:07:07:07 +0800] "GET /xingrg/all/function/internal_message.html?_=1706656027118&CODE_STATE=getMsg HTTP/1.1" 200 27
101.229.175.60 - - [31/Jan/2024:07:07:07 +0800] "GET /xingrg/all/function/internal_message.html?_=1706656031441&CODE_STATE=getMsg HTTP/1.1" 200 27
116.230.109.177 - - [31/Jan/2024:07:07:08 +0800] "GET /xingrg/all/function/internal_message.html?_=1706655961259&CODE_STATE=getMsg HTTP/1.1" 200 27
222.70.168.245 - - [31/Jan/2024:07:07:10 +0800] "POST /xingrg/kc/base/wldb_order_operate.html HTTP/1.1" 200 37
172.20.0.100 - - [31/Jan/2024:07:07:11 +0800] "GET /xingrg/all/function/internal_message.html?_=1706656038607&CODE_STATE=getMsg HTTP/1.1" 200 27
222.70.168.245 - - [31/Jan/2024:07:07:15 +0800] "POST /xingrg/kc/base/wldb_order_operate.html HTTP/1.1" 200 12
222.70.168.245 - - [31/Jan/2024:07:07:15 +0800] "POST /xingrg/kc/base/wldb_order_operate.html HTTP/1.1" 200 3168
222.70.168.245 - - [31/Jan/2024:07:07:17 +0800] "GET /xingrg/kc/base/wldb_order_info.html?code=422024013103421 HTTP/1.1" 200 26231
222.70.168.245 - - [31/Jan/2024:07:07:18 +0800] "GET /xingrg/all/function/internal_message.html?_=1706656047531&CODE_STATE=getMsg HTTP/1.1" 200 27
222.70.168.245 - - [31/Jan/2024:07:07:18 +0800] "GET /xingrg/javascript/easyui/themes/default/validatebox.css HTTP/1.1" 404 1104
222.70.168.245 - - [31/Jan/2024:07:07:18 +0800] "POST /xingrg/kc/base/wldb_order_operate.html HTTP/1.1" 200 1441
116.230.109.177 - - [31/Jan/2024:07:07:20 +0800] "GET /xingrg/all/function/internal_message.html?_=1706655973417&CODE_STATE=getMsg HTTP/1.1" 200 27
222.70.168.245 - - [31/Jan/2024:07:07:21 +0800] "GET /xingrg/kc/base/wldb_order_add.html HTTP/1.1" 200 30350
222.70.168.245 - - [31/Jan/2024:07:07:22 +0800] "POST /xingrg/kc/base/wldb_order_operate.html HTTP/1.1" 200 6806
222.70.168.245 - - [31/Jan/2024:07:07:22 +0800] "GET /xingrg/javascript/easyui/themes/default/validatebox.css HTTP/1.1" 404 1104
116.230.109.177 - - [31/Jan/2024:07:07:27 +0800] "GET /xingrg/check_reg.html?_=1706655980264 HTTP/1.1" 200 22
116.230.109.177 - - [31/Jan/2024:07:07:27 +0800] "GET /xingrg/all/function/internal_message.html?_=1706655980627&CODE_STATE=getMsg HTTP/1.1" 200 27
180.164.1.25 - - [31/Jan/2024:07:07:29 +0800] "POST /xingrg/services/DataTransmitService HTTP/1.1" 200 524
120.253.135.82 - - [31/Jan/2024:07:07:34 +0800] "POST /xingrg/kc/base/stock_operate.html HTTP/1.1" 200 1492
222.70.168.245 - - [31/Jan/2024:07:07:44 +0800] "GET /xingrg/kc/base/wldb_order_operate.html?command=get_materiel&rest_code=00146&base_code=0010064&code=00102002367 HTTP/1.1" 200 431
114.95.241.104 - - [31/Jan/2024:07:07:46 +0800] "GET /xingrg/check_reg.html?_=1706656066309 HTTP/1.1" 200 22
114.95.241.104 - - [31/Jan/2024:07:07:46 +0800] "GET /xingrg/all/function/internal_message.html?_=1706656066312&CODE_STATE=getMsg HTTP/1.1" 200 27
180.163.28.180 - - [31/Jan/2024:07:07:48 +0800] "GET /xingrg/all/function/internal_message.html?_=1706656005879&CODE_STATE=getMsg HTTP/1.1" 302 -
124.78.154.219 - - [31/Jan/2024:07:07:48 +0800] "GET /xingrg/all/function/internal_message.html?_=1706656065851&CODE_STATE=getMsg HTTP/1.1" 200 27
180.163.28.180 - - [31/Jan/2024:07:07:48 +0800] "GET /xingrg/login.html HTTP/1.1" 200 7641
120.253.135.82 - - [31/Jan/2024:07:07:50 +0800] "GET /xingrg/all/function/internal_message.html?_=1706655897008&CODE_STATE=getMsg HTTP/1.1" 200 27
180.164.1.25 - - [31/Jan/2024:07:07:51 +0800] "POST /xingrg/services/DataTransmitService HTTP/1.1" 200 501
180.164.1.25 - - [31/Jan/2024:07:07:52 +0800] "POST /xingrg/services/DataTransmitService HTTP/1.1" 200 501
222.70.168.245 - - [31/Jan/2024:07:07:53 +0800] "GET /xingrg/kc/base/wldb_order_operate.html?command=get_materiel&rest_code=00146&base_code=0010064&code=00102002448 HTTP/1.1" 200 441
180.169.147.146 - - [31/Jan/2024:07:07:55 +0800] "GET /xingrg/all/function/internal_message.html?_=1706656074456&CODE_STATE=getMsg HTTP/1.1" 200 27
116.230.109.177 - - [31/Jan/2024:07:07:59 +0800] "GET /xingrg/all/function/internal_message.html?_=1706656012214&CODE_STATE=getMsg HTTP/1.1" 200 27
172.20.0.100 - - [31/Jan/2024:07:08:00 +0800] "GET /xingrg/all/function/internal_message.html?_=1706656068614&CODE_STATE=getMsg HTTP/1.1" 200 27
172.20.0.100 - - [31/Jan/2024:07:08:00 +0800] "GET /xingrg/check_reg.html?_=1706656068616 HTTP/1.1" 200 22
222.70.168.245 - - [31/Jan/2024:07:08:05 +0800] "POST /xingrg/kc/base/wldb_order_operate.html HTTP/1.1" 200 37
222.70.168.245 - - [31/Jan/2024:07:08:06 +0800] "POST /xingrg/kc/base/wldb_order_operate.html HTTP/1.1" 200 2661
124.78.68.102 - - [31/Jan/2024:07:08:07 +0800] "GET /xingrg/all/function/internal_message.html?_=1706656087103&CODE_STATE=getMsg HTTP/1.1" 200 27
101.229.175.60 - - [31/Jan/2024:07:08:07 +0800] "GET /xingrg/all/function/internal_message.html?_=1706656091428&CODE_STATE=getMsg HTTP/1.1" 200 27
116.230.109.177 - - [31/Jan/2024:07:08:08 +0800] "GET /xingrg/all/function/internal_message.html?_=1706656021247&CODE_STATE=getMsg HTTP/1.1" 200 27
172.20.0.100 - - [31/Jan/2024:07:08:11 +0800] "GET /xingrg/all/function/internal_message.html?_=1706656098605&CODE_STATE=getMsg HTTP/1.1" 200 27
222.70.168.245 - - [31/Jan/2024:07:08:12 +0800] "POST /xingrg/kc/base/wldb_order_operate.html HTTP/1.1" 200 12
180.169.147.146 - - [31/Jan/2024:07:08:12 +0800] "GET /xingrg/check_reg.html?_=1706656091729 HTTP/1.1" 200 22
120.253.135.82 - - [31/Jan/2024:07:08:14 +0800] "POST /xingrg/kc/base/stock_operate.html HTTP/1.1" 200 1481
222.70.168.245 - - [31/Jan/2024:07:08:15 +0800] "GET /xingrg/kc/base/wldb_order_info.html?code=422024013103422 HTTP/1.1" 200 26229
222.70.168.245 - - [31/Jan/2024:07:08:16 +0800] "GET /xingrg/javascript/easyui/themes/default/validatebox.css HTTP/1.1" 404 1104
180.164.1.25 - - [31/Jan/2024:07:08:16 +0800] "POST /xingrg/services/DataTransmitService HTTP/1.1" 200 501
222.70.168.245 - - [31/Jan/2024:07:08:16 +0800] "POST /xingrg/kc/base/wldb_order_operate.html HTTP/1.1" 200 944
222.70.168.245 - - [31/Jan/2024:07:08:18 +0800] "GET /xingrg/all/function/internal_message.html?_=1706656107533&CODE_STATE=getMsg HTTP/1.1" 200 27
116.230.109.177 - - [31/Jan/2024:07:08:20 +0800] "GET /xingrg/all/function/internal_message.html?_=1706656033409&CODE_STATE=getMsg HTTP/1.1" 200 27
116.230.109.177 - - [31/Jan/2024:07:08:27 +0800] "GET /xingrg/all/function/internal_message.html?_=1706656040630&CODE_STATE=getMsg HTTP/1.1" 200 27
116.230.109.177 - - [31/Jan/2024:07:08:33 +0800] "GET /xingrg/check_reg.html?_=1706656046324 HTTP/1.1" 200 22
180.164.1.25 - - [31/Jan/2024:07:08:36 +0800] "POST /xingrg/services/DataTransmitService HTTP/1.1" 200 501
180.164.1.25 - - [31/Jan/2024:07:08:37 +0800] "POST /xingrg/services/DataTransmitService HTTP/1.1" 200 501
180.164.1.25 - - [31/Jan/2024:07:08:38 +0800] "POST /xingrg/services/DataTransmitService HTTP/1.1" 200 501
120.253.135.82 - - [31/Jan/2024:07:08:40 +0800] "POST /xingrg/kc/base/stock_operate.html HTTP/1.1" 200 1489
180.164.1.25 - - [31/Jan/2024:07:08:45 +0800] "POST /xingrg/services/DataTransmitService HTTP/1.1" 200 501
114.95.241.104 - - [31/Jan/2024:07:08:46 +0800] "GET /xingrg/all/function/internal_message.html?_=1706656126299&CODE_STATE=getMsg HTTP/1.1" 200 27
180.164.1.25 - - [31/Jan/2024:07:08:47 +0800] "POST /xingrg/services/DataTransmitService HTTP/1.1" 200 501
180.163.28.180 - - [31/Jan/2024:07:08:48 +0800] "GET /xingrg/all/function/internal_message.html?_=1706656065851&CODE_STATE=getMsg HTTP/1.1" 302 -
124.78.154.219 - - [31/Jan/2024:07:08:48 +0800] "GET /xingrg/all/function/internal_message.html?_=1706656125830&CODE_STATE=getMsg HTTP/1.1" 200 27
120.253.135.82 - - [31/Jan/2024:07:08:48 +0800] "POST /xingrg/kc/base/stock_operate.html HTTP/1.1" 200 1478
180.163.28.180 - - [31/Jan/2024:07:08:48 +0800] "GET /xingrg/login.html HTTP/1.1" 200 7641
180.164.1.25 - - [31/Jan/2024:07:08:49 +0800] "POST /xingrg/services/DataTransmitService HTTP/1.1" 200 501
180.164.1.25 - - [31/Jan/2024:07:08:49 +0800] "POST /xingrg/services/DataTransmitService HTTP/1.1" 200 412
120.253.135.82 - - [31/Jan/2024:07:08:50 +0800] "GET /xingrg/all/function/internal_message.html?_=1706655957021&CODE_STATE=getMsg HTTP/1.1" 200 27
180.169.147.146 - - [31/Jan/2024:07:08:55 +0800] "GET /xingrg/all/function/internal_message.html?_=1706656134434&CODE_STATE=getMsg HTTP/1.1" 200 27
116.230.109.177 - - [31/Jan/2024:07:08:59 +0800] "GET /xingrg/check_reg.html?_=1706656072201 HTTP/1.1" 200 22
116.230.109.177 - - [31/Jan/2024:07:08:59 +0800] "GET /xingrg/all/function/internal_message.html?_=1706656072203&CODE_STATE=getMsg HTTP/1.1" 200 27
172.20.0.100 - - [31/Jan/2024:07:09:00 +0800] "GET /xingrg/all/function/internal_message.html?_=1706656128601&CODE_STATE=getMsg HTTP/1.1" 200 27
124.78.68.102 - - [31/Jan/2024:07:09:07 +0800] "GET /xingrg/all/function/internal_message.html?_=1706656147080&CODE_STATE=getMsg HTTP/1.1" 200 27
101.229.175.60 - - [31/Jan/2024:07:09:07 +0800] "GET /xingrg/all/function/internal_message.html?_=1706656151398&CODE_STATE=getMsg HTTP/1.1" 200 27
116.230.109.177 - - [31/Jan/2024:07:09:08 +0800] "GET /xingrg/all/function/internal_message.html?_=1706656081229&CODE_STATE=getMsg HTTP/1.1" 200 27
172.20.0.100 - - [31/Jan/2024:07:09:11 +0800] "GET /xingrg/all/function/internal_message.html?_=1706656158620&CODE_STATE=getMsg HTTP/1.1" 200 27
124.78.154.219 - - [31/Jan/2024:07:09:15 +0800] "GET /xingrg/check_reg.html?_=1706656153072 HTTP/1.1" 200 22
222.70.168.245 - - [31/Jan/2024:07:09:18 +0800] "GET /xingrg/all/function/internal_message.html?_=1706656167547&CODE_STATE=getMsg HTTP/1.1" 200 27
116.230.109.177 - - [31/Jan/2024:07:09:20 +0800] "GET /xingrg/all/function/internal_message.html?_=1706656093390&CODE_STATE=getMsg HTTP/1.1" 200 27
116.230.109.177 - - [31/Jan/2024:07:09:27 +0800] "GET /xingrg/all/function/internal_message.html?_=1706656100630&CODE_STATE=getMsg HTTP/1.1" 200 27
120.253.135.82 - - [31/Jan/2024:07:09:32 +0800] "POST /xingrg/kc/base/stock_operate.html HTTP/1.1" 200 1489
222.64.61.200 - - [31/Jan/2024:07:09:43 +0800] "POST /xingrg/services/DataTransmitService HTTP/1.1" 200 524
114.95.241.104 - - [31/Jan/2024:07:09:46 +0800] "GET /xingrg/all/function/internal_message.html?_=1706656186288&CODE_STATE=getMsg HTTP/1.1" 200 27
180.163.29.217 - - [31/Jan/2024:07:09:48 +0800] "GET /xingrg/all/function/internal_message.html?_=1706656125830&CODE_STATE=getMsg HTTP/1.1" 302 -
180.163.29.217 - - [31/Jan/2024:07:09:48 +0800] "GET /xingrg/login.html HTTP/1.1" 200 7641
124.78.154.219 - - [31/Jan/2024:07:09:48 +0800] "GET /xingrg/all/function/internal_message.html?_=1706656185803&CODE_STATE=getMsg HTTP/1.1" 200 27
120.253.135.82 - - [31/Jan/2024:07:09:50 +0800] "GET /xingrg/all/function/internal_message.html?_=1706656017035&CODE_STATE=getMsg HTTP/1.1" 200 27
180.169.147.146 - - [31/Jan/2024:07:09:55 +0800] "GET /xingrg/all/function/internal_message.html?_=1706656194434&CODE_STATE=getMsg HTTP/1.1" 200 27
116.230.109.177 - - [31/Jan/2024:07:09:59 +0800] "GET /xingrg/all/function/internal_message.html?_=1706656132208&CODE_STATE=getMsg HTTP/1.1" 200 27
172.20.0.100 - - [31/Jan/2024:07:10:00 +0800] "GET /xingrg/all/function/internal_message.html?_=1706656188605&CODE_STATE=getMsg HTTP/1.1" 200 27
124.78.68.102 - - [31/Jan/2024:07:10:07 +0800] "GET /xingrg/all/function/internal_message.html?_=1706656207066&CODE_STATE=getMsg HTTP/1.1" 200 27
101.229.175.60 - - [31/Jan/2024:07:10:07 +0800] "GET /xingrg/all/function/internal_message.html?_=1706656211383&CODE_STATE=getMsg HTTP/1.1" 200 27
116.230.109.177 - - [31/Jan/2024:07:10:08 +0800] "GET /xingrg/all/function/internal_message.html?_=1706656141201&CODE_STATE=getMsg HTTP/1.1" 200 27
172.20.0.100 - - [31/Jan/2024:07:10:11 +0800] "GET /xingrg/all/function/internal_message.html?_=1706656218618&CODE_STATE=getMsg HTTP/1.1" 200 27
222.70.168.245 - - [31/Jan/2024:07:10:18 +0800] "GET /xingrg/all/function/internal_message.html?_=1706656227561&CODE_STATE=getMsg HTTP/1.1" 200 27
116.230.109.177 - - [31/Jan/2024:07:10:20 +0800] "GET /xingrg/all/function/internal_message.html?_=1706656153374&CODE_STATE=getMsg HTTP/1.1" 200 27
116.230.109.177 - - [31/Jan/2024:07:10:27 +0800] "GET /xingrg/all/function/internal_message.html?_=1706656160624&CODE_STATE=getMsg HTTP/1.1" 200 27
124.78.68.102 - - [31/Jan/2024:07:10:40 +0800] "GET /xingrg/check_reg.html?_=1706656240999 HTTP/1.1" 200 22
120.253.135.82 - - [31/Jan/2024:07:10:44 +0800] "GET /xingrg/check_reg.html?_=1706656070797 HTTP/1.1" 200 22
114.95.241.104 - - [31/Jan/2024:07:10:46 +0800] "GET /xingrg/all/function/internal_message.html?_=1706656246302&CODE_STATE=getMsg HTTP/1.1" 200 27
124.78.154.219 - - [31/Jan/2024:07:10:48 +0800] "GET /xingrg/all/function/internal_message.html?_=1706656245774&CODE_STATE=getMsg HTTP/1.1" 200 27
120.253.135.82 - - [31/Jan/2024:07:10:50 +0800] "GET /xingrg/all/function/internal_message.html?_=1706656077048&CODE_STATE=getMsg HTTP/1.1" 200 27
180.169.147.146 - - [31/Jan/2024:07:10:55 +0800] "GET /xingrg/all/function/internal_message.html?_=1706656254412&CODE_STATE=getMsg HTTP/1.1" 200 27
116.230.109.177 - - [31/Jan/2024:07:10:59 +0800] "GET /xingrg/all/function/internal_message.html?_=1706656192198&CODE_STATE=getMsg HTTP/1.1" 200 27
172.20.0.100 - - [31/Jan/2024:07:11:00 +0800] "GET /xingrg/all/function/internal_message.html?_=1706656248606&CODE_STATE=getMsg HTTP/1.1" 200 27
222.70.168.245 - - [31/Jan/2024:07:11:06 +0800] "GET /xingrg/check_reg.html?_=1706656275596 HTTP/1.1" 200 22
124.78.68.102 - - [31/Jan/2024:07:11:07 +0800] "GET /xingrg/all/function/internal_message.html?_=1706656267054&CODE_STATE=getMsg HTTP/1.1" 200 27
101.229.175.60 - - [31/Jan/2024:07:11:07 +0800] "GET /xingrg/all/function/internal_message.html?_=1706656271353&CODE_STATE=getMsg HTTP/1.1" 200 27
116.230.109.177 - - [31/Jan/2024:07:11:08 +0800] "GET /xingrg/all/function/internal_message.html?_=1706656201185&CODE_STATE=getMsg HTTP/1.1" 200 27
172.20.0.100 - - [31/Jan/2024:07:11:11 +0800] "GET /xingrg/check_reg.html?_=1706656278616 HTTP/1.1" 200 22
172.20.0.100 - - [31/Jan/2024:07:11:11 +0800] "GET /xingrg/all/function/internal_message.html?_=1706656278618&CODE_STATE=getMsg HTTP/1.1" 200 27
222.70.168.245 - - [31/Jan/2024:07:11:18 +0800] "GET /xingrg/all/function/internal_message.html?_=1706656287574&CODE_STATE=getMsg HTTP/1.1" 200 27
116.230.109.177 - - [31/Jan/2024:07:11:20 +0800] "GET /xingrg/all/function/internal_message.html?_=1706656213350&CODE_STATE=getMsg HTTP/1.1" 200 27
116.230.109.177 - - [31/Jan/2024:07:11:27 +0800] "GET /xingrg/all/function/internal_message.html?_=1706656220639&CODE_STATE=getMsg HTTP/1.1" 200 27
116.230.109.177 - - [31/Jan/2024:07:11:27 +0800] "GET /xingrg/check_reg.html?_=1706656220646 HTTP/1.1" 200 22
101.229.175.60 - - [31/Jan/2024:07:11:28 +0800] "GET /xingrg/check_reg.html?_=1706656292727 HTTP/1.1" 200 22
114.95.241.104 - - [31/Jan/2024:07:11:46 +0800] "GET /xingrg/all/function/internal_message.html?_=1706656306294&CODE_STATE=getMsg HTTP/1.1" 200 27
124.78.154.219 - - [31/Jan/2024:07:11:48 +0800] "GET /xingrg/all/function/internal_message.html?_=1706656305748&CODE_STATE=getMsg HTTP/1.1" 200 27
120.253.135.82 - - [31/Jan/2024:07:11:50 +0800] "GET /xingrg/all/function/internal_message.html?_=1706656137062&CODE_STATE=getMsg HTTP/1.1" 200 27
180.169.147.146 - - [31/Jan/2024:07:11:55 +0800] "GET /xingrg/all/function/internal_message.html?_=1706656314412&CODE_STATE=getMsg HTTP/1.1" 200 27
116.230.109.177 - - [31/Jan/2024:07:11:59 +0800] "GET /xingrg/all/function/internal_message.html?_=1706656252202&CODE_STATE=getMsg HTTP/1.1" 200 27
172.20.0.100 - - [31/Jan/2024:07:12:00 +0800] "GET /xingrg/all/function/internal_message.html?_=1706656308609&CODE_STATE=getMsg HTTP/1.1" 200 27
124.78.68.102 - - [31/Jan/2024:07:12:07 +0800] "GET /xingrg/all/function/internal_message.html?_=1706656327030&CODE_STATE=getMsg HTTP/1.1" 200 27
101.229.175.60 - - [31/Jan/2024:07:12:07 +0800] "GET /xingrg/all/function/internal_message.html?_=1706656331327&CODE_STATE=getMsg HTTP/1.1" 200 27
116.230.109.177 - - [31/Jan/2024:07:12:08 +0800] "GET /xingrg/all/function/internal_message.html?_=1706656261175&CODE_STATE=getMsg HTTP/1.1" 200 27
172.20.0.100 - - [31/Jan/2024:07:12:11 +0800] "GET /xingrg/all/function/internal_message.html?_=1706656338616&CODE_STATE=getMsg HTTP/1.1" 200 27
222.70.168.245 - - [31/Jan/2024:07:12:18 +0800] "GET /xingrg/all/function/internal_message.html?_=1706656347587&CODE_STATE=getMsg HTTP/1.1" 200 27
116.230.109.177 - - [31/Jan/2024:07:12:20 +0800] "GET /xingrg/all/function/internal_message.html?_=1706656273336&CODE_STATE=getMsg HTTP/1.1" 200 27
116.230.109.177 - - [31/Jan/2024:07:12:27 +0800] "GET /xingrg/check_reg.html?_=1706656280275 HTTP/1.1" 200 22
116.230.109.177 - - [31/Jan/2024:07:12:27 +0800] "GET /xingrg/all/function/internal_message.html?_=1706656280618&CODE_STATE=getMsg HTTP/1.1" 200 27
114.95.241.104 - - [31/Jan/2024:07:12:46 +0800] "GET /xingrg/all/function/internal_message.html?_=1706656366284&CODE_STATE=getMsg HTTP/1.1" 200 27
114.95.241.104 - - [31/Jan/2024:07:12:46 +0800] "GET /xingrg/check_reg.html?_=1706656366285 HTTP/1.1" 200 22
180.163.28.55 - - [31/Jan/2024:07:12:48 +0800] "GET /xingrg/all/function/internal_message.html?_=1706656305748&CODE_STATE=getMsg HTTP/1.1" 302 -
180.163.28.55 - - [31/Jan/2024:07:12:48 +0800] "GET /xingrg/login.html HTTP/1.1" 200 7641
124.78.154.219 - - [31/Jan/2024:07:12:48 +0800] "GET /xingrg/all/function/internal_message.html?_=1706656365735&CODE_STATE=getMsg HTTP/1.1" 200 27
120.253.135.82 - - [31/Jan/2024:07:12:50 +0800] "GET /xingrg/all/function/internal_message.html?_=1706656197290&CODE_STATE=getMsg HTTP/1.1" 200 27
180.169.147.146 - - [31/Jan/2024:07:12:55 +0800] "GET /xingrg/all/function/internal_message.html?_=1706656374389&CODE_STATE=getMsg HTTP/1.1" 200 27
116.230.109.177 - - [31/Jan/2024:07:12:59 +0800] "GET /xingrg/all/function/internal_message.html?_=1706656312218&CODE_STATE=getMsg HTTP/1.1" 200 27
172.20.0.100 - - [31/Jan/2024:07:13:00 +0800] "GET /xingrg/all/function/internal_message.html?_=1706656368613&CODE_STATE=getMsg HTTP/1.1" 200 27
172.20.0.100 - - [31/Jan/2024:07:13:00 +0800] "GET /xingrg/check_reg.html?_=1706656368615 HTTP/1.1" 200 22
124.78.68.102 - - [31/Jan/2024:07:13:07 +0800] "GET /xingrg/all/function/internal_message.html?_=1706656387010&CODE_STATE=getMsg HTTP/1.1" 200 27
101.229.175.60 - - [31/Jan/2024:07:13:07 +0800] "GET /xingrg/all/function/internal_message.html?_=1706656391297&CODE_STATE=getMsg HTTP/1.1" 200 27
116.230.109.177 - - [31/Jan/2024:07:13:08 +0800] "GET /xingrg/all/function/internal_message.html?_=1706656321160&CODE_STATE=getMsg HTTP/1.1" 200 27
172.20.0.100 - - [31/Jan/2024:07:13:11 +0800] "GET /xingrg/all/function/internal_message.html?_=1706656398614&CODE_STATE=getMsg HTTP/1.1" 200 27
180.169.147.146 - - [31/Jan/2024:07:13:12 +0800] "GET /xingrg/check_reg.html?_=1706656391710 HTTP/1.1" 200 22
222.70.168.245 - - [31/Jan/2024:07:13:18 +0800] "GET /xingrg/all/function/internal_message.html?_=1706656408128&CODE_STATE=getMsg HTTP/1.1" 200 27
116.230.109.177 - - [31/Jan/2024:07:13:20 +0800] "GET /xingrg/all/function/internal_message.html?_=1706656333307&CODE_STATE=getMsg HTTP/1.1" 200 27
116.230.109.177 - - [31/Jan/2024:07:13:27 +0800] "GET /xingrg/all/function/internal_message.html?_=1706656340624&CODE_STATE=getMsg HTTP/1.1" 200 27
116.230.109.177 - - [31/Jan/2024:07:13:33 +0800] "GET /xingrg/check_reg.html?_=1706656346308 HTTP/1.1" 200 22
114.95.241.104 - - [31/Jan/2024:07:13:46 +0800] "GET /xingrg/all/function/internal_message.html?_=1706656426287&CODE_STATE=getMsg HTTP/1.1" 200 27
124.78.154.219 - - [31/Jan/2024:07:13:48 +0800] "GET /xingrg/all/function/internal_message.html?_=1706656425713&CODE_STATE=getMsg HTTP/1.1" 200 27
120.253.135.82 - - [31/Jan/2024:07:13:50 +0800] "GET /xingrg/all/function/internal_message.html?_=1706656257292&CODE_STATE=getMsg HTTP/1.1" 200 27
180.169.147.146 - - [31/Jan/2024:07:13:55 +0800] "GET /xingrg/all/function/internal_message.html?_=1706656434376&CODE_STATE=getMsg HTTP/1.1" 200 27
116.230.109.177 - - [31/Jan/2024:07:13:59 +0800] "GET /xingrg/check_reg.html?_=1706656372205 HTTP/1.1" 200 22
116.230.109.177 - - [31/Jan/2024:07:13:59 +0800] "GET /xingrg/all/function/internal_message.html?_=1706656372208&CODE_STATE=getMsg HTTP/1.1" 200 27
172.20.0.100 - - [31/Jan/2024:07:14:00 +0800] "GET /xingrg/all/function/internal_message.html?_=1706656428600&CODE_STATE=getMsg HTTP/1.1" 200 27
124.78.68.102 - - [31/Jan/2024:07:14:06 +0800] "GET /xingrg/all/function/internal_message.html?_=1706656446994&CODE_STATE=getMsg HTTP/1.1" 200 27
101.229.175.60 - - [31/Jan/2024:07:14:07 +0800] "GET /xingrg/all/function/internal_message.html?_=1706656451282&CODE_STATE=getMsg HTTP/1.1" 200 27
116.230.109.177 - - [31/Jan/2024:07:14:08 +0800] "GET /xingrg/all/function/internal_message.html?_=1706656381133&CODE_STATE=getMsg HTTP/1.1" 200 27
172.20.0.100 - - [31/Jan/2024:07:14:11 +0800] "GET /xingrg/all/function/internal_message.html?_=1706656458613&CODE_STATE=getMsg HTTP/1.1" 200 27
124.78.154.219 - - [31/Jan/2024:07:14:15 +0800] "GET /xingrg/check_reg.html?_=1706656453049 HTTP/1.1" 200 22
222.70.168.245 - - [31/Jan/2024:07:14:18 +0800] "GET /xingrg/all/function/internal_message.html?_=1706656468132&CODE_STATE=getMsg HTTP/1.1" 200 27
116.230.109.177 - - [31/Jan/2024:07:14:20 +0800] "GET /xingrg/all/function/internal_message.html?_=1706656393293&CODE_STATE=getMsg HTTP/1.1" 200 27
116.230.109.177 - - [31/Jan/2024:07:14:27 +0800] "GET /xingrg/all/function/internal_message.html?_=1706656400639&CODE_STATE=getMsg HTTP/1.1" 200 27
114.95.241.104 - - [31/Jan/2024:07:14:46 +0800] "GET /xingrg/all/function/internal_message.html?_=1706656486292&CODE_STATE=getMsg HTTP/1.1" 200 27
124.78.154.219 - - [31/Jan/2024:07:14:48 +0800] "GET /xingrg/all/function/internal_message.html?_=1706656485688&CODE_STATE=getMsg HTTP/1.1" 200 27
120.253.135.82 - - [31/Jan/2024:07:14:51 +0800] "GET /xingrg/all/function/internal_message.html?_=1706656317528&CODE_STATE=getMsg HTTP/1.1" 200 27
180.169.147.146 - - [31/Jan/2024:07:14:55 +0800] "GET /xingrg/all/function/internal_message.html?_=1706656494356&CODE_STATE=getMsg HTTP/1.1" 200 27
116.230.109.177 - - [31/Jan/2024:07:14:59 +0800] "GET /xingrg/all/function/internal_message.html?_=1706656432197&CODE_STATE=getMsg HTTP/1.1" 200 27
172.20.0.100 - - [31/Jan/2024:07:15:00 +0800] "GET /xingrg/all/function/internal_message.html?_=1706656488603&CODE_STATE=getMsg HTTP/1.1" 200 27
124.78.68.102 - - [31/Jan/2024:07:15:06 +0800] "GET /xingrg/all/function/internal_message.html?_=1706656506973&CODE_STATE=getMsg HTTP/1.1" 200 27
101.229.175.60 - - [31/Jan/2024:07:15:07 +0800] "GET /xingrg/all/function/internal_message.html?_=1706656511252&CODE_STATE=getMsg HTTP/1.1" 200 27
116.230.109.177 - - [31/Jan/2024:07:15:08 +0800] "GET /xingrg/all/function/internal_message.html?_=1706656441117&CODE_STATE=getMsg HTTP/1.1" 200 27
172.20.0.100 - - [31/Jan/2024:07:15:11 +0800] "GET /xingrg/all/function/internal_message.html?_=1706656518611&CODE_STATE=getMsg HTTP/1.1" 200 27
222.70.168.245 - - [31/Jan/2024:07:15:19 +0800] "GET /xingrg/all/function/internal_message.html?_=1706656528708&CODE_STATE=getMsg HTTP/1.1" 200 27
116.230.109.177 - - [31/Jan/2024:07:15:20 +0800] "GET /xingrg/all/function/internal_message.html?_=1706656453275&CODE_STATE=getMsg HTTP/1.1" 200 27
120.253.135.82 - - [31/Jan/2024:07:15:25 +0800] "POST /xingrg/kc/base/stock_operate.html HTTP/1.1" 200 1475
116.230.109.177 - - [31/Jan/2024:07:15:27 +0800] "GET /xingrg/all/function/internal_message.html?_=1706656460640&CODE_STATE=getMsg HTTP/1.1" 200 27
124.78.68.102 - - [31/Jan/2024:07:15:40 +0800] "GET /xingrg/check_reg.html?_=1706656540985 HTTP/1.1" 200 22
120.253.135.82 - - [31/Jan/2024:07:15:41 +0800] "POST /xingrg/kc/base/stock_operate.html HTTP/1.1" 200 1482
120.253.135.82 - - [31/Jan/2024:07:15:44 +0800] "GET /xingrg/check_reg.html?_=1706656370864 HTTP/1.1" 200 22
114.95.241.104 - - [31/Jan/2024:07:15:46 +0800] "GET /xingrg/all/function/internal_message.html?_=1706656546309&CODE_STATE=getMsg HTTP/1.1" 200 27
124.78.154.219 - - [31/Jan/2024:07:15:48 +0800] "GET /xingrg/all/function/internal_message.html?_=1706656545658&CODE_STATE=getMsg HTTP/1.1" 200 27
120.253.135.82 - - [31/Jan/2024:07:15:51 +0800] "GET /xingrg/all/function/internal_message.html?_=1706656377538&CODE_STATE=getMsg HTTP/1.1" 200 27
180.169.147.146 - - [31/Jan/2024:07:15:55 +0800] "GET /xingrg/all/function/internal_message.html?_=1706656554345&CODE_STATE=getMsg HTTP/1.1" 200 27
116.230.109.177 - - [31/Jan/2024:07:15:59 +0800] "GET /xingrg/all/function/internal_message.html?_=1706656492212&CODE_STATE=getMsg HTTP/1.1" 200 27
172.20.0.100 - - [31/Jan/2024:07:16:00 +0800] "GET /xingrg/all/function/internal_message.html?_=1706656548606&CODE_STATE=getMsg HTTP/1.1" 200 27
222.70.168.245 - - [31/Jan/2024:07:16:06 +0800] "GET /xingrg/check_reg.html?_=1706656575602 HTTP/1.1" 200 22
124.78.68.102 - - [31/Jan/2024:07:16:06 +0800] "GET /xingrg/all/function/internal_message.html?_=1706656566946&CODE_STATE=getMsg HTTP/1.1" 200 27
101.229.175.60 - - [31/Jan/2024:07:16:07 +0800] "GET /xingrg/all/function/internal_message.html?_=1706656571222&CODE_STATE=getMsg HTTP/1.1" 200 27
116.230.109.177 - - [31/Jan/2024:07:16:08 +0800] "GET /xingrg/all/function/internal_message.html?_=1706656501088&CODE_STATE=getMsg HTTP/1.1" 200 27
172.20.0.100 - - [31/Jan/2024:07:16:11 +0800] "GET /xingrg/all/function/internal_message.html?_=1706656578610&CODE_STATE=getMsg HTTP/1.1" 200 27
172.20.0.100 - - [31/Jan/2024:07:16:11 +0800] "GET /xingrg/check_reg.html?_=1706656578611 HTTP/1.1" 200 22
116.230.123.222 - - [31/Jan/2024:07:16:15 +0800] "POST /xingrg/services/DataTransmitService HTTP/1.1" 200 524
222.70.168.245 - - [31/Jan/2024:07:16:19 +0800] "GET /xingrg/all/function/internal_message.html?_=1706656588718&CODE_STATE=getMsg HTTP/1.1" 200 27
116.230.109.177 - - [31/Jan/2024:07:16:20 +0800] "GET /xingrg/all/function/internal_message.html?_=1706656513252&CODE_STATE=getMsg HTTP/1.1" 200 27
116.230.109.177 - - [31/Jan/2024:07:16:27 +0800] "GET /xingrg/all/function/internal_message.html?_=1706656520631&CODE_STATE=getMsg HTTP/1.1" 200 27
116.230.109.177 - - [31/Jan/2024:07:16:27 +0800] "GET /xingrg/check_reg.html?_=1706656520634 HTTP/1.1" 200 22
101.229.175.60 - - [31/Jan/2024:07:16:28 +0800] "GET /xingrg/check_reg.html?_=1706656592722 HTTP/1.1" 200 22
114.95.241.104 - - [31/Jan/2024:07:16:46 +0800] "GET /xingrg/all/function/internal_message.html?_=1706656606309&CODE_STATE=getMsg HTTP/1.1" 200 27
124.78.154.219 - - [31/Jan/2024:07:16:48 +0800] "GET /xingrg/all/function/internal_message.html?_=1706656605645&CODE_STATE=getMsg HTTP/1.1" 200 27
120.253.135.82 - - [31/Jan/2024:07:16:51 +0800] "GET /xingrg/all/function/internal_message.html?_=1706656437551&CODE_STATE=getMsg HTTP/1.1" 200 27
180.169.147.146 - - [31/Jan/2024:07:16:55 +0800] "GET /xingrg/all/function/internal_message.html?_=1706656614327&CODE_STATE=getMsg HTTP/1.1" 200 27
116.230.109.177 - - [31/Jan/2024:07:16:59 +0800] "GET /xingrg/all/function/internal_message.html?_=1706656552200&CODE_STATE=getMsg HTTP/1.1" 200 27
172.20.0.100 - - [31/Jan/2024:07:17:00 +0800] "GET /xingrg/all/function/internal_message.html?_=1706656608609&CODE_STATE=getMsg HTTP/1.1" 200 27
124.78.68.102 - - [31/Jan/2024:07:17:06 +0800] "GET /xingrg/all/function/internal_message.html?_=1706656626933&CODE_STATE=getMsg HTTP/1.1" 200 27
101.229.175.60 - - [31/Jan/2024:07:17:07 +0800] "GET /xingrg/all/function/internal_message.html?_=1706656631195&CODE_STATE=getMsg HTTP/1.1" 200 27
116.230.109.177 - - [31/Jan/2024:07:17:07 +0800] "GET /xingrg/all/function/internal_message.html?_=1706656561066&CODE_STATE=getMsg HTTP/1.1" 200 27
172.20.0.100 - - [31/Jan/2024:07:17:11 +0800] "GET /xingrg/all/function/internal_message.html?_=1706656638608&CODE_STATE=getMsg HTTP/1.1" 200 27
222.70.168.245 - - [31/Jan/2024:07:17:19 +0800] "GET /xingrg/all/function/internal_message.html?_=1706656648732&CODE_STATE=getMsg HTTP/1.1" 200 27
116.230.109.177 - - [31/Jan/2024:07:17:20 +0800] "GET /xingrg/all/function/internal_message.html?_=1706656573233&CODE_STATE=getMsg HTTP/1.1" 200 27
116.230.109.177 - - [31/Jan/2024:07:17:27 +0800] "GET /xingrg/check_reg.html?_=1706656580278 HTTP/1.1" 200 22
116.230.109.177 - - [31/Jan/2024:07:17:27 +0800] "GET /xingrg/all/function/internal_message.html?_=1706656580625&CODE_STATE=getMsg HTTP/1.1" 200 27
114.95.241.104 - - [31/Jan/2024:07:17:46 +0800] "GET /xingrg/check_reg.html?_=1706656666283 HTTP/1.1" 200 22
114.95.241.104 - - [31/Jan/2024:07:17:46 +0800] "GET /xingrg/all/function/internal_message.html?_=1706656666286&CODE_STATE=getMsg HTTP/1.1" 200 27
180.163.28.55 - - [31/Jan/2024:07:17:48 +0800] "GET /xingrg/all/function/internal_message.html?_=1706656605645&CODE_STATE=getMsg HTTP/1.1" 302 -
180.163.28.55 - - [31/Jan/2024:07:17:48 +0800] "GET /xingrg/login.html HTTP/1.1" 200 7641
124.78.154.219 - - [31/Jan/2024:07:17:48 +0800] "GET /xingrg/all/function/internal_message.html?_=1706656665627&CODE_STATE=getMsg HTTP/1.1" 200 27
120.253.135.82 - - [31/Jan/2024:07:17:51 +0800] "GET /xingrg/all/function/internal_message.html?_=1706656497798&CODE_STATE=getMsg HTTP/1.1" 200 27
180.169.147.146 - - [31/Jan/2024:07:17:55 +0800] "GET /xingrg/all/function/internal_message.html?_=1706656674307&CODE_STATE=getMsg HTTP/1.1" 200 27
116.230.109.177 - - [31/Jan/2024:07:17:59 +0800] "GET /xingrg/all/function/internal_message.html?_=1706656612215&CODE_STATE=getMsg HTTP/1.1" 200 27
172.20.0.100 - - [31/Jan/2024:07:18:00 +0800] "GET /xingrg/all/function/internal_message.html?_=1706656668612&CODE_STATE=getMsg HTTP/1.1" 200 27
172.20.0.100 - - [31/Jan/2024:07:18:00 +0800] "GET /xingrg/check_reg.html?_=1706656668614 HTTP/1.1" 200 22
120.253.135.82 - - [31/Jan/2024:07:18:00 +0800] "POST /xingrg/kc/base/stock_operate.html HTTP/1.1" 200 1476
124.78.68.102 - - [31/Jan/2024:07:18:06 +0800] "GET /xingrg/all/function/internal_message.html?_=1706656686917&CODE_STATE=getMsg HTTP/1.1" 200 27
101.229.175.60 - - [31/Jan/2024:07:18:07 +0800] "GET /xingrg/all/function/internal_message.html?_=1706656691165&CODE_STATE=getMsg HTTP/1.1" 200 27
116.230.109.177 - - [31/Jan/2024:07:18:07 +0800] "GET /xingrg/all/function/internal_message.html?_=1706656621060&CODE_STATE=getMsg HTTP/1.1" 200 27
172.20.0.100 - - [31/Jan/2024:07:18:11 +0800] "GET /xingrg/all/function/internal_message.html?_=1706656698606&CODE_STATE=getMsg HTTP/1.1" 200 27
180.169.147.146 - - [31/Jan/2024:07:18:12 +0800] "GET /xingrg/check_reg.html?_=1706656691689 HTTP/1.1" 200 22
222.70.168.245 - - [31/Jan/2024:07:18:20 +0800] "GET /xingrg/all/function/internal_message.html?_=1706656709333&CODE_STATE=getMsg HTTP/1.1" 200 27
116.230.109.177 - - [31/Jan/2024:07:18:20 +0800] "GET /xingrg/all/function/internal_message.html?_=1706656633209&CODE_STATE=getMsg HTTP/1.1" 200 27
116.230.109.177 - - [31/Jan/2024:07:18:27 +0800] "GET /xingrg/all/function/internal_message.html?_=1706656640635&CODE_STATE=getMsg HTTP/1.1" 200 27
116.230.109.177 - - [31/Jan/2024:07:18:33 +0800] "GET /xingrg/check_reg.html?_=1706656646297 HTTP/1.1" 200 22
120.253.135.82 - - [31/Jan/2024:07:18:38 +0800] "POST /xingrg/kc/base/stock_operate.html HTTP/1.1" 200 1731
114.95.241.104 - - [31/Jan/2024:07:18:46 +0800] "GET /xingrg/all/function/internal_message.html?_=1706656726290&CODE_STATE=getMsg HTTP/1.1" 200 27
120.253.135.82 - - [31/Jan/2024:07:18:48 +0800] "POST /xingrg/kc/base/stock_operate.html HTTP/1.1" 200 1755
124.78.154.219 - - [31/Jan/2024:07:18:48 +0800] "GET /xingrg/all/function/internal_message.html?_=1706656725615&CODE_STATE=getMsg HTTP/1.1" 200 27
120.253.135.82 - - [31/Jan/2024:07:18:51 +0800] "GET /xingrg/all/function/internal_message.html?_=1706656557812&CODE_STATE=getMsg HTTP/1.1" 200 27
180.169.147.146 - - [31/Jan/2024:07:18:55 +0800] "GET /xingrg/all/function/internal_message.html?_=1706656734293&CODE_STATE=getMsg HTTP/1.1" 200 27
116.230.109.177 - - [31/Jan/2024:07:18:59 +0800] "GET /xingrg/check_reg.html?_=1706656672209 HTTP/1.1" 200 22
116.230.109.177 - - [31/Jan/2024:07:18:59 +0800] "GET /xingrg/all/function/internal_message.html?_=1706656672212&CODE_STATE=getMsg HTTP/1.1" 200 27
172.20.0.100 - - [31/Jan/2024:07:19:00 +0800] "GET /xingrg/all/function/internal_message.html?_=1706656728614&CODE_STATE=getMsg HTTP/1.1" 200 27
124.78.68.102 - - [31/Jan/2024:07:19:06 +0800] "GET /xingrg/all/function/internal_message.html?_=1706656746898&CODE_STATE=getMsg HTTP/1.1" 200 27
101.229.175.60 - - [31/Jan/2024:07:19:07 +0800] "GET /xingrg/all/function/internal_message.html?_=1706656751135&CODE_STATE=getMsg HTTP/1.1" 200 27
116.230.109.177 - - [31/Jan/2024:07:19:07 +0800] "GET /xingrg/all/function/internal_message.html?_=1706656681047&CODE_STATE=getMsg HTTP/1.1" 200 27
172.20.0.100 - - [31/Jan/2024:07:19:11 +0800] "GET /xingrg/all/function/internal_message.html?_=1706656758605&CODE_STATE=getMsg HTTP/1.1" 200 27
124.78.154.219 - - [31/Jan/2024:07:19:15 +0800] "GET /xingrg/check_reg.html?_=1706656753036 HTTP/1.1" 200 22
222.70.168.245 - - [31/Jan/2024:07:19:20 +0800] "GET /xingrg/all/function/internal_message.html?_=1706656769341&CODE_STATE=getMsg HTTP/1.1" 200 27
116.230.109.177 - - [31/Jan/2024:07:19:20 +0800] "GET /xingrg/all/function/internal_message.html?_=1706656693209&CODE_STATE=getMsg HTTP/1.1" 200 27
120.253.135.82 - - [31/Jan/2024:07:19:24 +0800] "POST /xingrg/kc/base/stock_operate.html HTTP/1.1" 200 1726
116.230.109.177 - - [31/Jan/2024:07:19:27 +0800] "GET /xingrg/all/function/internal_message.html?_=1706656700631&CODE_STATE=getMsg HTTP/1.1" 200 27
114.95.241.104 - - [31/Jan/2024:07:19:46 +0800] "GET /xingrg/all/function/internal_message.html?_=1706656786303&CODE_STATE=getMsg HTTP/1.1" 200 27
124.78.154.219 - - [31/Jan/2024:07:19:48 +0800] "GET /xingrg/all/function/internal_message.html?_=1706656785597&CODE_STATE=getMsg HTTP/1.1" 200 27
120.253.135.82 - - [31/Jan/2024:07:19:51 +0800] "GET /xingrg/all/function/internal_message.html?_=1706656617826&CODE_STATE=getMsg HTTP/1.1" 200 27
180.169.147.146 - - [31/Jan/2024:07:19:55 +0800] "GET /xingrg/all/function/internal_message.html?_=1706656794277&CODE_STATE=getMsg HTTP/1.1" 200 27
116.230.109.177 - - [31/Jan/2024:07:19:59 +0800] "GET /xingrg/all/function/internal_message.html?_=1706656732212&CODE_STATE=getMsg HTTP/1.1" 200 27
