124.78.68.102 - - [31/Jan/2024:09:00:40 +0800] "GET /xingrg/check_reg.html?_=1706662840641 HTTP/1.1" 200 22
222.70.168.245 - - [31/Jan/2024:09:00:43 +0800] "GET /xingrg/all/function/internal_message.html?_=1706662852724&CODE_STATE=getMsg HTTP/1.1" 200 27
120.253.135.82 - - [31/Jan/2024:09:00:46 +0800] "GET /xingrg/all/function/internal_message.html?_=1706662672796&CODE_STATE=getMsg HTTP/1.1" 200 27
114.95.241.104 - - [31/Jan/2024:09:00:46 +0800] "GET /xingrg/all/function/internal_message.html?_=1706662846294&CODE_STATE=getMsg HTTP/1.1" 200 27
101.83.145.37 - - [31/Jan/2024:09:00:47 +0800] "GET /xingrg/all/function/internal_message.html?_=1706662848096&CODE_STATE=getMsg HTTP/1.1" 200 27
101.83.145.37 - - [31/Jan/2024:09:00:47 +0800] "GET /xingrg/all/function/internal_message.html?_=1706662612777&CODE_STATE=getMsg HTTP/1.1" 200 27
101.83.145.37 - - [31/Jan/2024:09:00:47 +0800] "GET /xingrg/check_reg.html?_=1706662612782 HTTP/1.1" 200 22
180.169.147.146 - - [31/Jan/2024:09:00:53 +0800] "GET /xingrg/all/function/internal_message.html?_=1706662852676&CODE_STATE=getMsg HTTP/1.1" 200 27
120.253.135.82 - - [31/Jan/2024:09:00:54 +0800] "GET /xingrg/kc/pszx/mdqp_order_list.html?state=10 HTTP/1.1" 200 10319
120.253.135.82 - - [31/Jan/2024:09:00:54 +0800] "GET /xingrg/dwr/interface/AjaxQqpsService.js HTTP/1.1" 200 16326
120.253.135.82 - - [31/Jan/2024:09:00:54 +0800] "GET /xingrg/dwr/interface/AjaxReportQueryService.js HTTP/1.1" 200 13203
120.253.135.82 - - [31/Jan/2024:09:00:54 +0800] "GET /xingrg/dwr/engine.js HTTP/1.1" 200 43631
116.230.109.177 - - [31/Jan/2024:09:00:59 +0800] "GET /xingrg/all/function/internal_message.html?_=1706662792216&CODE_STATE=getMsg HTTP/1.1" 200 27
172.20.0.100 - - [31/Jan/2024:09:01:00 +0800] "GET /xingrg/all/function/internal_message.html?_=1706662848611&CODE_STATE=getMsg HTTP/1.1" 200 27
101.229.175.60 - - [31/Jan/2024:09:01:04 +0800] "GET /xingrg/all/function/internal_message.html?_=1706662868546&CODE_STATE=getMsg HTTP/1.1" 200 27
124.78.68.102 - - [31/Jan/2024:09:01:05 +0800] "GET /xingrg/all/function/internal_message.html?_=1706662865078&CODE_STATE=getMsg HTTP/1.1" 200 27
101.228.146.191 - - [31/Jan/2024:09:01:06 +0800] "GET /xingrg/all/function/internal_message.html?_=1706662866161&CODE_STATE=getMsg HTTP/1.1" 200 27
116.230.109.177 - - [31/Jan/2024:09:01:06 +0800] "GET /xingrg/all/function/internal_message.html?_=1706662799364&CODE_STATE=getMsg HTTP/1.1" 200 27
222.70.168.245 - - [31/Jan/2024:09:01:07 +0800] "GET /xingrg/check_reg.html?_=1706662876561 HTTP/1.1" 200 22
172.20.0.100 - - [31/Jan/2024:09:01:11 +0800] "GET /xingrg/check_reg.html?_=1706662878692 HTTP/1.1" 200 22
172.20.0.100 - - [31/Jan/2024:09:01:11 +0800] "GET /xingrg/all/function/internal_message.html?_=1706662878693&CODE_STATE=getMsg HTTP/1.1" 200 27
116.238.97.31 - - [31/Jan/2024:09:01:18 +0800] "GET /favicon.ico HTTP/1.1" 404 -
116.230.109.177 - - [31/Jan/2024:09:01:18 +0800] "GET /xingrg/all/function/internal_message.html?_=1706662811424&CODE_STATE=getMsg HTTP/1.1" 200 27
120.253.135.82 - - [31/Jan/2024:09:01:19 +0800] "GET /xingrg/kc/pszx/mdqp_order_list.html?state=10 HTTP/1.1" 200 10319
120.253.135.82 - - [31/Jan/2024:09:01:20 +0800] "GET /xingrg/dwr/interface/AjaxQqpsService.js HTTP/1.1" 200 16326
120.253.135.82 - - [31/Jan/2024:09:01:20 +0800] "GET /xingrg/dwr/interface/AjaxReportQueryService.js HTTP/1.1" 200 13203
120.253.135.82 - - [31/Jan/2024:09:01:20 +0800] "GET /xingrg/dwr/engine.js HTTP/1.1" 200 43631
116.238.97.31 - - [31/Jan/2024:09:01:21 +0800] "GET /xingrg/login.html HTTP/1.1" 200 7641
116.238.97.31 - - [31/Jan/2024:09:01:21 +0800] "GET /xingrg/images/blue/jxLogo.png HTTP/1.1" 200 6156
116.238.97.31 - - [31/Jan/2024:09:01:21 +0800] "GET /xingrg/images/blue/login_bg.png HTTP/1.1" 200 22101
116.238.97.31 - - [31/Jan/2024:09:01:21 +0800] "GET /xingrg/images/blue/srbg.png HTTP/1.1" 200 138
116.238.97.31 - - [31/Jan/2024:09:01:21 +0800] "GET /xingrg/images/blue/hj.png HTTP/1.1" 200 1014
116.238.97.31 - - [31/Jan/2024:09:01:21 +0800] "GET /favicon.ico HTTP/1.1" 404 -
116.238.97.31 - - [31/Jan/2024:09:01:24 +0800] "POST /xingrg/login.do HTTP/1.1" 302 -
116.238.97.31 - - [31/Jan/2024:09:01:24 +0800] "GET /xingrg/index.html?sysBaseUrl=http%3A%2F%2F180.169.147.146%3A18081%2Fxingrg%2F&costTime=821×tamp=1706662884230 HTTP/1.1" 200 17173
116.238.97.31 - - [31/Jan/2024:09:01:24 +0800] "GET /xingrg/javascript/jquery_easy_ui/themes/icon.css HTTP/1.1" 200 3949
116.238.97.31 - - [31/Jan/2024:09:01:24 +0800] "GET /xingrg/javascript/jquery_easy_ui/themes/default/easyui.css HTTP/1.1" 200 26500
116.238.97.31 - - [31/Jan/2024:09:01:24 +0800] "GET /xingrg/css/form.css HTTP/1.1" 200 893
116.238.97.31 - - [31/Jan/2024:09:01:24 +0800] "GET /xingrg/javascript/jquery.form.js HTTP/1.1" 200 23110
116.238.97.31 - - [31/Jan/2024:09:01:24 +0800] "GET /xingrg/javascript/jquery.utils.js HTTP/1.1" 200 11805
116.238.97.31 - - [31/Jan/2024:09:01:24 +0800] "GET /xingrg/javascript/jquery-1.4.2.min.js HTTP/1.1" 200 72205
116.238.97.31 - - [31/Jan/2024:09:01:24 +0800] "GET /xingrg/javascript/jquery_easy_ui/jquery.easyui.min.js HTTP/1.1" 200 213662
116.238.97.31 - - [31/Jan/2024:09:01:24 +0800] "GET /xingrg/javascript/jquery_easy_ui/easyui-lang-zh_CN.js HTTP/1.1" 200 1900
116.238.97.31 - - [31/Jan/2024:09:01:24 +0800] "GET /xingrg/javascript/jquery.timers.js HTTP/1.1" 200 3532
116.238.97.31 - - [31/Jan/2024:09:01:24 +0800] "GET /favicon.ico HTTP/1.1" 404 -
116.238.97.31 - - [31/Jan/2024:09:01:24 +0800] "GET /xingrg/images/blue/navBackgound.jpg HTTP/1.1" 200 12378
116.238.97.31 - - [31/Jan/2024:09:01:24 +0800] "GET /xingrg/javascript/jquery_easy_ui/themes/icons/settle_new.png HTTP/1.1" 200 826
116.238.97.31 - - [31/Jan/2024:09:01:24 +0800] "GET /xingrg/all/function/internal_message.html?_=1706662885280&CODE_STATE=count HTTP/1.1" 200 11
116.238.97.31 - - [31/Jan/2024:09:01:24 +0800] "GET /xingrg/images/blue/pingpu.png HTTP/1.1" 200 231
116.238.97.31 - - [31/Jan/2024:09:01:24 +0800] "GET /xingrg/javascript/jquery_easy_ui/themes/default/images/tabs_leftarrow.png HTTP/1.1" 200 389
116.238.97.31 - - [31/Jan/2024:09:01:24 +0800] "GET /xingrg/check_reg.html?_=1706662885280 HTTP/1.1" 200 22
116.238.97.31 - - [31/Jan/2024:09:01:24 +0800] "GET /xingrg/javascript/jquery_easy_ui/themes/default/images/tabs_rightarrow.png HTTP/1.1" 200 395
116.238.97.31 - - [31/Jan/2024:09:01:24 +0800] "GET /xingrg/javascript/jquery_easy_ui/themes/default/images/panel_tool_collapse.gif HTTP/1.1" 200 246
116.238.97.31 - - [31/Jan/2024:09:01:24 +0800] "POST /xingrg/all/common/load_tree.html?tree=area_rest_tree_json&manage=1 HTTP/1.1" 200 342
116.238.97.31 - - [31/Jan/2024:09:01:24 +0800] "POST /xingrg/load_menu.html HTTP/1.1" 200 5138
116.238.97.31 - - [31/Jan/2024:09:01:24 +0800] "GET /xingrg/javascript/jquery_easy_ui/themes/default/images/tree_folder_open.gif HTTP/1.1" 200 956
116.238.97.31 - - [31/Jan/2024:09:01:24 +0800] "GET /xingrg/javascript/jquery_easy_ui/themes/default/images/tree_arrows.gif HTTP/1.1" 200 1043
116.238.97.31 - - [31/Jan/2024:09:01:24 +0800] "GET /xingrg/javascript/jquery_easy_ui/themes/icons/search_new.png HTTP/1.1" 200 586
116.238.97.31 - - [31/Jan/2024:09:01:24 +0800] "GET /xingrg/javascript/jquery_easy_ui/themes/default/images/tree_folder.gif HTTP/1.1" 200 952
116.238.97.31 - - [31/Jan/2024:09:01:24 +0800] "GET /xingrg/javascript/jquery_easy_ui/themes/icons/storage_new.png HTTP/1.1" 200 853
116.238.97.31 - - [31/Jan/2024:09:01:24 +0800] "GET /xingrg/javascript/jquery_easy_ui/themes/icons/forms_new.png HTTP/1.1" 200 350
116.238.97.31 - - [31/Jan/2024:09:01:24 +0800] "GET /xingrg/javascript/jquery_easy_ui/themes/default/images/tree_file.gif HTTP/1.1" 200 118
116.230.109.177 - - [31/Jan/2024:09:01:27 +0800] "GET /xingrg/all/function/internal_message.html?_=1706662820618&CODE_STATE=getMsg HTTP/1.1" 200 27
116.230.109.177 - - [31/Jan/2024:09:01:27 +0800] "GET /xingrg/check_reg.html?_=1706662820620 HTTP/1.1" 200 22
116.238.97.31 - - [31/Jan/2024:09:01:27 +0800] "GET /xingrg/javascript/jquery_easy_ui/themes/default/images/tabs_close.gif HTTP/1.1" 200 829
116.238.97.31 - - [31/Jan/2024:09:01:28 +0800] "GET /xingrg/kc/buy/cgsh_order_list.html HTTP/1.1" 200 57692
116.238.97.31 - - [31/Jan/2024:09:01:28 +0800] "GET /xingrg/css/base.css HTTP/1.1" 200 2811
116.238.97.31 - - [31/Jan/2024:09:01:28 +0800] "GET /xingrg/css/site.css HTTP/1.1" 200 7541
116.238.97.31 - - [31/Jan/2024:09:01:28 +0800] "GET /xingrg/javascript/jquery_tools/datebox.css HTTP/1.1" 200 2597
116.238.97.31 - - [31/Jan/2024:09:01:28 +0800] "GET /xingrg/javascript/easyui/themes/icon.css HTTP/1.1" 200 4483
116.238.97.31 - - [31/Jan/2024:09:01:28 +0800] "GET /xingrg/javascript/easyui/themes/default/easyui.css HTTP/1.1" 200 30432
116.238.97.31 - - [31/Jan/2024:09:01:28 +0800] "GET /xingrg/javascript/auto/jquery.autocomplete.css HTTP/1.1" 200 587
116.238.97.31 - - [31/Jan/2024:09:01:28 +0800] "GET /xingrg/javascript/jquery_tools/fix.css HTTP/1.1" 200 1702
116.238.97.31 - - [31/Jan/2024:09:01:28 +0800] "GET /xingrg/javascript/jquery_tools/table.css HTTP/1.1" 200 1032
116.238.97.31 - - [31/Jan/2024:09:01:28 +0800] "GET /xingrg/javascript/jquery_tools/jquery.tools.min.js HTTP/1.1" 200 138801
116.238.97.31 - - [31/Jan/2024:09:01:28 +0800] "GET /xingrg/javascript/jquery_tools/jquery.tools.extend.js HTTP/1.1" 200 15385
116.238.97.31 - - [31/Jan/2024:09:01:28 +0800] "GET /xingrg/javascript/jquery_tools/jquery.tools.table.js HTTP/1.1" 200 6994
116.238.97.31 - - [31/Jan/2024:09:01:28 +0800] "GET /xingrg/javascript/jquery_tools/jquery.tools.hotkey.js HTTP/1.1" 200 3242
116.238.97.31 - - [31/Jan/2024:09:01:28 +0800] "GET /xingrg/javascript/jquery_tools/list_manager.js HTTP/1.1" 200 3652
116.238.97.31 - - [31/Jan/2024:09:01:28 +0800] "GET /xingrg/javascript/auto/jquery.autocomplete.js HTTP/1.1" 200 21624
116.238.97.31 - - [31/Jan/2024:09:01:28 +0800] "GET /xingrg/javascript/easyui/easyloader.js HTTP/1.1" 200 5975
116.238.97.31 - - [31/Jan/2024:09:01:28 +0800] "GET /xingrg/javascript/jquery.cookie.js HTTP/1.1" 200 5513
116.238.97.31 - - [31/Jan/2024:09:01:28 +0800] "GET /xingrg/javascript/print/LodopFuncs.js HTTP/1.1" 200 5121
101.229.175.60 - - [31/Jan/2024:09:01:28 +0800] "GET /xingrg/check_reg.html?_=1706662892760 HTTP/1.1" 200 22
222.70.168.245 - - [31/Jan/2024:09:01:28 +0800] "POST /xingrg/services/DataTransmitService HTTP/1.1" 200 524
116.238.97.31 - - [31/Jan/2024:09:01:29 +0800] "GET /xingrg/javascript/easyui/themes/icons/cance_new.png HTTP/1.1" 200 3986
116.238.97.31 - - [31/Jan/2024:09:01:29 +0800] "GET /xingrg/javascript/easyui/themes/icons/edit_add_new.png HTTP/1.1" 200 2997
116.238.97.31 - - [31/Jan/2024:09:01:29 +0800] "GET /xingrg/javascript/easyui/themes/icons/field_new.png HTTP/1.1" 200 1097
116.238.97.31 - - [31/Jan/2024:09:01:29 +0800] "GET /xingrg/javascript/easyui/themes/icons/check_new.png HTTP/1.1" 200 3224
116.238.97.31 - - [31/Jan/2024:09:01:29 +0800] "GET /xingrg/javascript/easyui/themes/icons/import_new.png HTTP/1.1" 200 1247
116.238.97.31 - - [31/Jan/2024:09:01:29 +0800] "GET /xingrg/javascript/easyui/plugins/jquery.parser.js HTTP/1.1" 200 1142
116.238.97.31 - - [31/Jan/2024:09:01:29 +0800] "GET /xingrg/images/control/ajaxLoader.gif HTTP/1.1" 200 4659
222.70.168.245 - - [31/Jan/2024:09:01:29 +0800] "POST /xingrg/services/DataTransmitService HTTP/1.1" 200 412
116.238.97.31 - - [31/Jan/2024:09:01:32 +0800] "POST /xingrg/kc/buy/cgsh_list_operate.html HTTP/1.1" 200 1836
116.238.97.31 - - [31/Jan/2024:09:01:35 +0800] "POST /xingrg/kc/buy/cgsh_list_operate.html HTTP/1.1" 200 569
116.238.97.31 - - [31/Jan/2024:09:01:36 +0800] "GET /xingrg/kc/buy/cgsh_order_info.html?code=212024013113372 HTTP/1.1" 200 73501
116.238.97.31 - - [31/Jan/2024:09:01:36 +0800] "GET /xingrg/javascript/pic_change.js HTTP/1.1" 200 4739
116.238.97.31 - - [31/Jan/2024:09:01:36 +0800] "GET /xingrg/javascript/jquery_tools/order_manager.js HTTP/1.1" 200 11183
116.238.97.31 - - [31/Jan/2024:09:01:36 +0800] "GET /xingrg/javascript/convert.js HTTP/1.1" 200 1239
116.238.97.31 - - [31/Jan/2024:09:01:36 +0800] "GET /xingrg/javascript/json2.js HTTP/1.1" 200 11259
116.238.97.31 - - [31/Jan/2024:09:01:36 +0800] "GET /xingrg/javascript/print/kc_print.js HTTP/1.1" 200 11415
116.238.97.31 - - [31/Jan/2024:09:01:36 +0800] "GET /xingrg/words/20240130135711_words.js HTTP/1.1" 200 1013092
116.238.97.31 - - [31/Jan/2024:09:01:36 +0800] "GET /xingrg/javascript/easyui/themes/icons/copy_new.png HTTP/1.1" 200 815
116.238.97.31 - - [31/Jan/2024:09:01:36 +0800] "GET /xingrg/javascript/easyui/themes/icons/template_new.png HTTP/1.1" 200 3956
116.238.97.31 - - [31/Jan/2024:09:01:36 +0800] "GET /xingrg/javascript/easyui/themes/icons/ok.png HTTP/1.1" 200 883
116.238.97.31 - - [31/Jan/2024:09:01:36 +0800] "GET /xingrg/javascript/easyui/themes/icons/print.png HTTP/1.1" 200 1057
116.238.97.31 - - [31/Jan/2024:09:01:36 +0800] "GET /xingrg/javascript/easyui/themes/default/images/menu_downarrow.png HTTP/1.1" 200 173
116.238.97.31 - - [31/Jan/2024:09:01:36 +0800] "GET /xingrg/javascript/easyui/themes/icons/cancel.png HTTP/1.1" 200 1133
116.238.97.31 - - [31/Jan/2024:09:01:36 +0800] "GET /xingrg/javascript/easyui/themes/default/validatebox.css HTTP/1.1" 404 1104
116.238.97.31 - - [31/Jan/2024:09:01:36 +0800] "GET /xingrg/javascript/easyui/plugins/jquery.validatebox.js HTTP/1.1" 200 6103
116.238.97.31 - - [31/Jan/2024:09:01:36 +0800] "GET /xingrg/javascript/easyui/plugins/jquery.numberbox.js HTTP/1.1" 200 5213
116.238.97.31 - - [31/Jan/2024:09:01:36 +0800] "GET /xingrg/all/common/auto_word.html?type=employee&rest_code=00102 HTTP/1.1" 200 189
116.238.97.31 - - [31/Jan/2024:09:01:36 +0800] "GET /xingrg/all/common/auto_word.html?type=employee&rest_code=00102 HTTP/1.1" 200 189
116.238.97.31 - - [31/Jan/2024:09:01:37 +0800] "POST /xingrg/kc/buy/cgsh_order_operate.html HTTP/1.1" 200 9780
116.238.97.31 - - [31/Jan/2024:09:01:37 +0800] "GET /xingrg/javascript/easyui/themes/icons/edit_remove.png HTTP/1.1" 200 625
116.238.97.31 - - [31/Jan/2024:09:01:39 +0800] "GET /xingrg/javascript/easyui/themes/default/images/button_plain_hover.png HTTP/1.1" 200 144
222.70.168.245 - - [31/Jan/2024:09:01:43 +0800] "GET /xingrg/all/function/internal_message.html?_=1706662912733&CODE_STATE=getMsg HTTP/1.1" 200 27
116.238.97.31 - - [31/Jan/2024:09:01:44 +0800] "POST /xingrg/kc/buy/cgsh_order_operate.html HTTP/1.1" 200 37
114.95.241.104 - - [31/Jan/2024:09:01:46 +0800] "GET /xingrg/all/function/internal_message.html?_=1706662906290&CODE_STATE=getMsg HTTP/1.1" 200 27
120.253.135.82 - - [31/Jan/2024:09:01:46 +0800] "GET /xingrg/all/function/internal_message.html?_=1706662732804&CODE_STATE=getMsg HTTP/1.1" 200 27
101.83.145.37 - - [31/Jan/2024:09:01:47 +0800] "GET /xingrg/all/function/internal_message.html?_=1706662672779&CODE_STATE=getMsg HTTP/1.1" 200 27
116.238.97.31 - - [31/Jan/2024:09:01:52 +0800] "POST /xingrg/kc/buy/cgsh_order_operate.html HTTP/1.1" 200 12
180.169.147.146 - - [31/Jan/2024:09:01:53 +0800] "GET /xingrg/all/function/internal_message.html?_=1706662912654&CODE_STATE=getMsg HTTP/1.1" 200 27
101.83.145.37 - - [31/Jan/2024:09:01:55 +0800] "GET /xingrg/kc/buy/cgsh_order_operate.html?command=get_materiel&rest_code=00105&code=00101008091&supplier_code=00100005&order_time=2024-01-31 HTTP/1.1" 200 412
116.230.109.177 - - [31/Jan/2024:09:01:59 +0800] "GET /xingrg/all/function/internal_message.html?_=1706662852208&CODE_STATE=getMsg HTTP/1.1" 200 27
172.20.0.100 - - [31/Jan/2024:09:02:00 +0800] "GET /xingrg/all/function/internal_message.html?_=1706662908616&CODE_STATE=getMsg HTTP/1.1" 200 27
101.229.175.60 - - [31/Jan/2024:09:02:04 +0800] "GET /xingrg/all/function/internal_message.html?_=1706662928520&CODE_STATE=getMsg HTTP/1.1" 200 27
124.78.68.102 - - [31/Jan/2024:09:02:05 +0800] "GET /xingrg/all/function/internal_message.html?_=1706662925057&CODE_STATE=getMsg HTTP/1.1" 200 27
101.228.146.191 - - [31/Jan/2024:09:02:06 +0800] "GET /xingrg/all/function/internal_message.html?_=1706662926160&CODE_STATE=getMsg HTTP/1.1" 200 27
101.228.146.191 - - [31/Jan/2024:09:02:06 +0800] "GET /xingrg/check_reg.html?_=1706662926161 HTTP/1.1" 200 22
116.230.109.177 - - [31/Jan/2024:09:02:06 +0800] "GET /xingrg/all/function/internal_message.html?_=1706662859346&CODE_STATE=getMsg HTTP/1.1" 200 27
116.238.97.31 - - [31/Jan/2024:09:02:09 +0800] "GET /xingrg/kc/buy/cgsh_order_info.html?code=212024013113372 HTTP/1.1" 200 68399
116.238.97.31 - - [31/Jan/2024:09:02:09 +0800] "GET /xingrg/javascript/easyui/themes/default/validatebox.css HTTP/1.1" 404 1104
116.238.97.31 - - [31/Jan/2024:09:02:10 +0800] "POST /xingrg/kc/buy/cgsh_order_operate.html HTTP/1.1" 200 7705
172.20.0.100 - - [31/Jan/2024:09:02:11 +0800] "GET /xingrg/all/function/internal_message.html?_=1706662938691&CODE_STATE=getMsg HTTP/1.1" 200 27
101.83.145.37 - - [31/Jan/2024:09:02:12 +0800] "GET /xingrg/kc/buy/cgsh_order_operate.html?command=get_materiel&rest_code=00105&code=00101008256&supplier_code=00100005&order_time=2024-01-31 HTTP/1.1" 200 412
116.238.97.31 - - [31/Jan/2024:09:02:16 +0800] "GET /xingrg/kc/print/load_config.html?kc_code=cgsh HTTP/1.1" 200 1927
116.238.97.31 - - [31/Jan/2024:09:02:16 +0800] "GET /xingrg/kc/print/load_data.html?order_code=212024013113372&kc_code=cgsh&condition= HTTP/1.1" 200 3354
116.230.109.177 - - [31/Jan/2024:09:02:18 +0800] "GET /xingrg/all/function/internal_message.html?_=1706662871402&CODE_STATE=getMsg HTTP/1.1" 200 27
116.238.97.31 - - [31/Jan/2024:09:02:24 +0800] "GET /xingrg/all/function/internal_message.html?_=1706662945313&CODE_STATE=getMsg HTTP/1.1" 200 27
116.230.109.177 - - [31/Jan/2024:09:02:27 +0800] "GET /xingrg/check_reg.html?_=1706662880271 HTTP/1.1" 200 22
116.230.109.177 - - [31/Jan/2024:09:02:27 +0800] "GET /xingrg/all/function/internal_message.html?_=1706662880635&CODE_STATE=getMsg HTTP/1.1" 200 27
101.83.145.37 - - [31/Jan/2024:09:02:30 +0800] "GET /xingrg/kc/buy/cgsh_order_operate.html?command=get_materiel&rest_code=00105&code=00101008045&supplier_code=00100005&order_time=2024-01-31 HTTP/1.1" 200 412
222.70.168.245 - - [31/Jan/2024:09:02:43 +0800] "GET /xingrg/all/function/internal_message.html?_=1706662972747&CODE_STATE=getMsg HTTP/1.1" 200 27
120.253.135.82 - - [31/Jan/2024:09:02:45 +0800] "GET /xingrg/check_reg.html?_=1706662792505 HTTP/1.1" 200 22
114.95.241.104 - - [31/Jan/2024:09:02:46 +0800] "GET /xingrg/all/function/internal_message.html?_=1706662966299&CODE_STATE=getMsg HTTP/1.1" 200 27
120.253.135.82 - - [31/Jan/2024:09:02:46 +0800] "GET /xingrg/all/function/internal_message.html?_=1706662792817&CODE_STATE=getMsg HTTP/1.1" 200 27
114.95.241.104 - - [31/Jan/2024:09:02:46 +0800] "GET /xingrg/check_reg.html?_=1706662966300 HTTP/1.1" 200 22
101.83.145.37 - - [31/Jan/2024:09:02:47 +0800] "GET /xingrg/all/function/internal_message.html?_=1706662732870&CODE_STATE=getMsg HTTP/1.1" 200 27
101.83.145.37 - - [31/Jan/2024:09:02:50 +0800] "GET /xingrg/kc/buy/cgsh_order_operate.html?command=get_materiel&rest_code=00105&code=00101008354&supplier_code=00100005&order_time=2024-01-31 HTTP/1.1" 200 412
180.169.147.146 - - [31/Jan/2024:09:02:53 +0800] "GET /xingrg/all/function/internal_message.html?_=1706662972636&CODE_STATE=getMsg HTTP/1.1" 200 27
114.95.241.104 - - [31/Jan/2024:09:02:58 +0800] "GET /xingrg/kc/buy/cgsh_order_list.html HTTP/1.1" 200 57698
116.238.97.31 - - [31/Jan/2024:09:02:58 +0800] "GET /xingrg/kc/buy/cgsh_order_add.html HTTP/1.1" 200 73502
116.238.97.31 - - [31/Jan/2024:09:02:59 +0800] "POST /xingrg/kc/buy/cgsh_order_operate.html HTTP/1.1" 200 8245
116.238.97.31 - - [31/Jan/2024:09:02:59 +0800] "GET /xingrg/javascript/easyui/themes/default/validatebox.css HTTP/1.1" 404 1104
116.230.109.177 - - [31/Jan/2024:09:02:59 +0800] "GET /xingrg/all/function/internal_message.html?_=1706662912204&CODE_STATE=getMsg HTTP/1.1" 200 27
172.20.0.100 - - [31/Jan/2024:09:03:00 +0800] "GET /xingrg/check_reg.html?_=1706662968605 HTTP/1.1" 200 22
172.20.0.100 - - [31/Jan/2024:09:03:00 +0800] "GET /xingrg/all/function/internal_message.html?_=1706662968607&CODE_STATE=getMsg HTTP/1.1" 200 27
114.95.241.104 - - [31/Jan/2024:09:03:00 +0800] "POST /xingrg/kc/buy/cgsh_list_operate.html HTTP/1.1" 200 986
114.95.241.104 - - [31/Jan/2024:09:03:02 +0800] "GET /xingrg/kc/buy/cgsh_order_add.html HTTP/1.1" 200 73511
114.95.241.104 - - [31/Jan/2024:09:03:02 +0800] "GET /xingrg/words/20240130135711_words.js HTTP/1.1" 304 -
114.95.241.104 - - [31/Jan/2024:09:03:02 +0800] "GET /xingrg/javascript/easyui/themes/icons/copy_new.png HTTP/1.1" 200 815
114.95.241.104 - - [31/Jan/2024:09:03:02 +0800] "GET /xingrg/javascript/easyui/themes/default/validatebox.css HTTP/1.1" 404 1104
114.95.241.104 - - [31/Jan/2024:09:03:02 +0800] "GET /xingrg/all/common/auto_word.html?type=employee&rest_code=00150 HTTP/1.1" 200 159
114.95.241.104 - - [31/Jan/2024:09:03:02 +0800] "POST /xingrg/kc/buy/cgsh_order_operate.html HTTP/1.1" 200 8245
114.95.241.104 - - [31/Jan/2024:09:03:02 +0800] "GET /xingrg/all/common/auto_word.html?type=employee&rest_code=00150 HTTP/1.1" 200 159
101.229.175.60 - - [31/Jan/2024:09:03:04 +0800] "GET /xingrg/all/function/internal_message.html?_=1706662988490&CODE_STATE=getMsg HTTP/1.1" 200 27
124.78.68.102 - - [31/Jan/2024:09:03:05 +0800] "GET /xingrg/all/function/internal_message.html?_=1706662985040&CODE_STATE=getMsg HTTP/1.1" 200 27
101.228.146.191 - - [31/Jan/2024:09:03:06 +0800] "GET /xingrg/all/function/internal_message.html?_=1706662986160&CODE_STATE=getMsg HTTP/1.1" 200 27
116.230.109.177 - - [31/Jan/2024:09:03:06 +0800] "GET /xingrg/all/function/internal_message.html?_=1706662919328&CODE_STATE=getMsg HTTP/1.1" 200 27
172.20.0.100 - - [31/Jan/2024:09:03:11 +0800] "GET /xingrg/all/function/internal_message.html?_=1706662998689&CODE_STATE=getMsg HTTP/1.1" 200 27
180.169.147.146 - - [31/Jan/2024:09:03:12 +0800] "GET /xingrg/check_reg.html?_=1706662991365 HTTP/1.1" 200 22
116.230.109.177 - - [31/Jan/2024:09:03:18 +0800] "GET /xingrg/all/function/internal_message.html?_=1706662931373&CODE_STATE=getMsg HTTP/1.1" 200 27
116.238.97.31 - - [31/Jan/2024:09:03:24 +0800] "GET /xingrg/all/function/internal_message.html?_=1706663005309&CODE_STATE=getMsg HTTP/1.1" 200 27
116.230.109.177 - - [31/Jan/2024:09:03:27 +0800] "GET /xingrg/all/function/internal_message.html?_=1706662940626&CODE_STATE=getMsg HTTP/1.1" 200 27
101.83.145.37 - - [31/Jan/2024:09:03:31 +0800] "GET /xingrg/kc/buy/cgsh_order_operate.html?command=get_materiel&rest_code=00105&code=00101008024&supplier_code=00100005&order_time=2024-01-31 HTTP/1.1" 200 408
116.230.109.177 - - [31/Jan/2024:09:03:33 +0800] "GET /xingrg/check_reg.html?_=1706662946047 HTTP/1.1" 200 22
58.39.105.37 - - [31/Jan/2024:09:03:40 +0800] "GET /xingrg/login.html HTTP/1.1" 200 7641
58.39.105.37 - - [31/Jan/2024:09:03:41 +0800] "GET /favicon.ico HTTP/1.1" 404 -
58.39.105.37 - - [31/Jan/2024:09:03:43 +0800] "GET /xingrg/login.html HTTP/1.1" 200 7641
58.39.105.37 - - [31/Jan/2024:09:03:43 +0800] "GET /favicon.ico HTTP/1.1" 404 -
222.70.168.245 - - [31/Jan/2024:09:03:43 +0800] "GET /xingrg/all/function/internal_message.html?_=1706663033296&CODE_STATE=getMsg HTTP/1.1" 200 27
114.95.241.104 - - [31/Jan/2024:09:03:46 +0800] "GET /xingrg/all/function/internal_message.html?_=1706663026298&CODE_STATE=getMsg HTTP/1.1" 200 27
120.253.135.82 - - [31/Jan/2024:09:03:46 +0800] "GET /xingrg/all/function/internal_message.html?_=1706662852831&CODE_STATE=getMsg HTTP/1.1" 200 27
101.83.145.37 - - [31/Jan/2024:09:03:47 +0800] "GET /xingrg/all/function/internal_message.html?_=1706662792854&CODE_STATE=getMsg HTTP/1.1" 200 27
101.83.145.37 - - [31/Jan/2024:09:03:50 +0800] "GET /xingrg/kc/buy/cgsh_order_operate.html?command=get_materiel&rest_code=00105&code=00101008196&supplier_code=00100005&order_time=2024-01-31 HTTP/1.1" 200 416
58.39.105.37 - - [31/Jan/2024:09:03:51 +0800] "POST /xingrg/login.do HTTP/1.1" 302 -
58.39.105.37 - - [31/Jan/2024:09:03:51 +0800] "GET /xingrg/index.html?sysBaseUrl=http%3A%2F%2F180.169.147.146%3A18081%2Fxingrg%2F&costTime=968×tamp=1706663031306 HTTP/1.1" 200 17177
58.39.105.37 - - [31/Jan/2024:09:03:51 +0800] "GET /favicon.ico HTTP/1.1" 404 -
58.39.105.37 - - [31/Jan/2024:09:03:51 +0800] "GET /xingrg/check_reg.html?_=1706663033086 HTTP/1.1" 200 22
58.39.105.37 - - [31/Jan/2024:09:03:51 +0800] "GET /xingrg/all/function/internal_message.html?_=1706663033085&CODE_STATE=count HTTP/1.1" 200 11
58.39.105.37 - - [31/Jan/2024:09:03:52 +0800] "POST /xingrg/all/common/load_tree.html?tree=area_rest_tree_json&manage=1 HTTP/1.1" 200 348
58.39.105.37 - - [31/Jan/2024:09:03:52 +0800] "POST /xingrg/load_menu.html HTTP/1.1" 200 5138
58.39.105.37 - - [31/Jan/2024:09:03:53 +0800] "GET /xingrg/kc/buy/buy_main.html HTTP/1.1" 200 12412
58.39.105.37 - - [31/Jan/2024:09:03:53 +0800] "GET /xingrg/css/new_ie.css HTTP/1.1" 404 1036
180.169.147.146 - - [31/Jan/2024:09:03:53 +0800] "GET /xingrg/all/function/internal_message.html?_=1706663032632&CODE_STATE=getMsg HTTP/1.1" 200 27
58.39.105.37 - - [31/Jan/2024:09:03:54 +0800] "GET /xingrg/images/yd/bt.gif HTTP/1.1" 404 1040
58.39.105.37 - - [31/Jan/2024:09:03:55 +0800] "GET /xingrg/kc/buy/cgsh_order_list.html HTTP/1.1" 200 57696
58.39.105.37 - - [31/Jan/2024:09:03:57 +0800] "POST /xingrg/kc/buy/cgsh_list_operate.html HTTP/1.1" 200 986
124.79.240.117 - - [31/Jan/2024:09:03:58 +0800] "GET /xingrg/index.html?sysBaseUrl=http%3A%2F%2F180.169.147.146%3A18081%2Fxingrg%2F&costTime=1001×tamp=1706593334685 HTTP/1.1" 302 -
124.79.240.117 - - [31/Jan/2024:09:03:58 +0800] "GET /xingrg/login.html HTTP/1.1" 200 7641
116.230.109.177 - - [31/Jan/2024:09:03:59 +0800] "GET /xingrg/all/function/internal_message.html?_=1706662972206&CODE_STATE=getMsg HTTP/1.1" 200 27
116.230.109.177 - - [31/Jan/2024:09:03:59 +0800] "GET /xingrg/check_reg.html?_=1706662972208 HTTP/1.1" 200 22
124.79.240.117 - - [31/Jan/2024:09:03:59 +0800] "GET /favicon.ico HTTP/1.1" 404 -
114.95.241.104 - - [31/Jan/2024:09:03:59 +0800] "GET /xingrg/javascript/auto/indicator.gif HTTP/1.1" 404 1066
172.20.0.100 - - [31/Jan/2024:09:04:00 +0800] "GET /xingrg/all/function/internal_message.html?_=1706663028608&CODE_STATE=getMsg HTTP/1.1" 200 27
58.39.105.37 - - [31/Jan/2024:09:04:03 +0800] "GET /xingrg/kc/buy/cgsh_order_add.html HTTP/1.1" 200 72628
58.39.105.37 - - [31/Jan/2024:09:04:03 +0800] "GET /xingrg/words/20240130135711_words.js HTTP/1.1" 304 -
58.39.105.37 - - [31/Jan/2024:09:04:03 +0800] "GET /xingrg/javascript/easyui/themes/default/validatebox.css HTTP/1.1" 404 1104
58.39.105.37 - - [31/Jan/2024:09:04:03 +0800] "POST /xingrg/kc/buy/cgsh_order_operate.html HTTP/1.1" 200 8245
58.39.105.37 - - [31/Jan/2024:09:04:03 +0800] "GET /xingrg/all/common/auto_word.html?type=employee&rest_code=00157 HTTP/1.1" 200 51
58.39.105.37 - - [31/Jan/2024:09:04:03 +0800] "GET /xingrg/all/common/auto_word.html?type=employee&rest_code=00157 HTTP/1.1" 200 51
101.229.175.60 - - [31/Jan/2024:09:04:04 +0800] "GET /xingrg/all/function/internal_message.html?_=1706663048460&CODE_STATE=getMsg HTTP/1.1" 200 27
124.78.68.102 - - [31/Jan/2024:09:04:05 +0800] "GET /xingrg/all/function/internal_message.html?_=1706663045016&CODE_STATE=getMsg HTTP/1.1" 200 27
101.228.146.191 - - [31/Jan/2024:09:04:06 +0800] "GET /xingrg/all/function/internal_message.html?_=1706663046159&CODE_STATE=getMsg HTTP/1.1" 200 27
116.230.109.177 - - [31/Jan/2024:09:04:06 +0800] "GET /xingrg/all/function/internal_message.html?_=1706662979315&CODE_STATE=getMsg HTTP/1.1" 200 27
58.39.105.37 - - [31/Jan/2024:09:04:06 +0800] "GET /xingrg/javascript/auto/indicator.gif HTTP/1.1" 404 1066
101.83.145.37 - - [31/Jan/2024:09:04:07 +0800] "GET /xingrg/kc/buy/cgsh_order_operate.html?command=get_materiel&rest_code=00105&code=00101008197&supplier_code=00100005&order_time=2024-01-31 HTTP/1.1" 200 416
58.39.105.37 - - [31/Jan/2024:09:04:08 +0800] "GET /xingrg/javascript/jquery_tools/images/next.gif HTTP/1.1" 404 1086
58.39.105.37 - - [31/Jan/2024:09:04:08 +0800] "GET /xingrg/javascript/jquery_tools/images/prev.gif HTTP/1.1" 404 1086
114.95.241.104 - - [31/Jan/2024:09:04:08 +0800] "GET /xingrg/kc/buy/cgsh_order_operate.html?command=get_materiel&rest_code=00150&code=00101008091&supplier_code=00100008&order_time=2024-01-31 HTTP/1.1" 200 412
172.20.0.100 - - [31/Jan/2024:09:04:11 +0800] "GET /xingrg/all/function/internal_message.html?_=1706663058688&CODE_STATE=getMsg HTTP/1.1" 200 27
101.228.146.191 - - [31/Jan/2024:09:04:12 +0800] "POST /xingrg/kc/buy/cgsh_list_operate.html HTTP/1.1" 200 536
101.228.146.191 - - [31/Jan/2024:09:04:13 +0800] "GET /xingrg/kc/buy/cgsh_order_info.html?code=212024012611128 HTTP/1.1" 200 72589
101.228.146.191 - - [31/Jan/2024:09:04:14 +0800] "GET /xingrg/javascript/easyui/themes/default/validatebox.css HTTP/1.1" 404 1104
101.228.146.191 - - [31/Jan/2024:09:04:15 +0800] "POST /xingrg/kc/buy/cgsh_order_operate.html HTTP/1.1" 200 5081
116.230.109.177 - - [31/Jan/2024:09:04:18 +0800] "GET /xingrg/all/function/internal_message.html?_=1706662991355&CODE_STATE=getMsg HTTP/1.1" 200 27
58.39.105.37 - - [31/Jan/2024:09:04:19 +0800] "GET /xingrg/kc/buy/cgsh_order_operate.html?command=get_materiel&rest_code=00157&code=00101022024&supplier_code=00100207&order_time=2024-01-31 HTTP/1.1" 200 411
114.95.241.104 - - [31/Jan/2024:09:04:19 +0800] "GET /xingrg/kc/buy/cgsh_order_operate.html?command=get_materiel&rest_code=00150&code=00101008027&supplier_code=00100008&order_time=2024-01-31 HTTP/1.1" 200 408
101.228.146.191 - - [31/Jan/2024:09:04:23 +0800] "GET /xingrg/kc/buy/cgsh_order_operate.html?command=get_materiel&rest_code=00142&code=00102002821&supplier_code=00100386&order_time=2024-01-30 HTTP/1.1" 200 424
116.238.97.31 - - [31/Jan/2024:09:04:24 +0800] "GET /xingrg/all/function/internal_message.html?_=1706663065292&CODE_STATE=getMsg HTTP/1.1" 200 27
116.230.109.177 - - [31/Jan/2024:09:04:27 +0800] "GET /xingrg/all/function/internal_message.html?_=1706663000630&CODE_STATE=getMsg HTTP/1.1" 200 27
101.83.145.37 - - [31/Jan/2024:09:04:29 +0800] "GET /xingrg/kc/buy/cgsh_order_operate.html?command=get_materiel&rest_code=00105&code=00101008078&supplier_code=00100005&order_time=2024-01-31 HTTP/1.1" 200 416
114.95.241.104 - - [31/Jan/2024:09:04:33 +0800] "GET /xingrg/kc/buy/cgsh_order_operate.html?command=get_materiel&rest_code=00150&code=00101008132&supplier_code=00100008&order_time=2024-01-31 HTTP/1.1" 200 408
222.64.61.200 - - [31/Jan/2024:09:04:34 +0800] "POST /xingrg/services/DataTransmitService HTTP/1.1" 200 524
58.39.105.37 - - [31/Jan/2024:09:04:36 +0800] "GET /xingrg/kc/buy/cgsh_order_operate.html?command=get_materiel&rest_code=00157&code=00101009010&supplier_code=00100207&order_time=2024-01-31 HTTP/1.1" 200 439
222.70.168.245 - - [31/Jan/2024:09:04:43 +0800] "GET /xingrg/all/function/internal_message.html?_=1706663093305&CODE_STATE=getMsg HTTP/1.1" 200 27
101.228.146.191 - - [31/Jan/2024:09:04:44 +0800] "POST /xingrg/kc/buy/cgsh_order_operate.html HTTP/1.1" 200 37
114.95.241.104 - - [31/Jan/2024:09:04:46 +0800] "GET /xingrg/kc/buy/cgsh_order_operate.html?command=get_materiel&rest_code=00150&code=00101008337&supplier_code=00100008&order_time=2024-01-31 HTTP/1.1" 200 408
120.253.135.82 - - [31/Jan/2024:09:04:46 +0800] "GET /xingrg/all/function/internal_message.html?_=1706662912844&CODE_STATE=getMsg HTTP/1.1" 200 27
114.95.241.104 - - [31/Jan/2024:09:04:46 +0800] "GET /xingrg/all/function/internal_message.html?_=1706663086341&CODE_STATE=getMsg HTTP/1.1" 200 27
101.228.146.191 - - [31/Jan/2024:09:04:47 +0800] "POST /xingrg/kc/buy/cgsh_order_operate.html HTTP/1.1" 200 5685
101.83.145.37 - - [31/Jan/2024:09:04:47 +0800] "GET /xingrg/all/function/internal_message.html?_=1706662852828&CODE_STATE=getMsg HTTP/1.1" 200 27
101.83.145.37 - - [31/Jan/2024:09:04:51 +0800] "GET /xingrg/kc/buy/cgsh_order_operate.html?command=get_materiel&rest_code=00105&code=00101008069&supplier_code=00100005&order_time=2024-01-31 HTTP/1.1" 200 412
58.39.105.37 - - [31/Jan/2024:09:04:51 +0800] "GET /xingrg/all/function/internal_message.html?_=1706663093096&CODE_STATE=getMsg HTTP/1.1" 200 27
180.169.147.146 - - [31/Jan/2024:09:04:53 +0800] "GET /xingrg/all/function/internal_message.html?_=1706663092629&CODE_STATE=getMsg HTTP/1.1" 200 27
222.69.133.235 - - [31/Jan/2024:09:04:57 +0800] "GET /xingrg/login.html HTTP/1.1" 200 7641
222.69.133.235 - - [31/Jan/2024:09:04:58 +0800] "GET /favicon.ico HTTP/1.1" 404 -
116.230.109.177 - - [31/Jan/2024:09:04:59 +0800] "GET /xingrg/all/function/internal_message.html?_=1706663032206&CODE_STATE=getMsg HTTP/1.1" 200 27
172.20.0.100 - - [31/Jan/2024:09:05:00 +0800] "GET /xingrg/all/function/internal_message.html?_=1706663088610&CODE_STATE=getMsg HTTP/1.1" 200 27
222.69.133.235 - - [31/Jan/2024:09:05:00 +0800] "POST /xingrg/login.do HTTP/1.1" 302 -
222.69.133.235 - - [31/Jan/2024:09:05:00 +0800] "GET /xingrg/index.html?sysBaseUrl=http%3A%2F%2F180.169.147.146%3A18081%2Fxingrg%2F&costTime=818×tamp=1706663100645 HTTP/1.1" 200 17179
222.69.133.235 - - [31/Jan/2024:09:05:00 +0800] "GET /favicon.ico HTTP/1.1" 404 -
222.69.133.235 - - [31/Jan/2024:09:05:01 +0800] "GET /xingrg/all/function/internal_message.html?_=1706663102306&CODE_STATE=count HTTP/1.1" 200 11
222.69.133.235 - - [31/Jan/2024:09:05:01 +0800] "GET /xingrg/check_reg.html?_=1706663102306 HTTP/1.1" 200 22
222.69.133.235 - - [31/Jan/2024:09:05:01 +0800] "POST /xingrg/all/common/load_tree.html?tree=area_rest_tree_json&manage=1 HTTP/1.1" 200 351
222.69.133.235 - - [31/Jan/2024:09:05:01 +0800] "POST /xingrg/load_menu.html HTTP/1.1" 200 5138
101.229.175.60 - - [31/Jan/2024:09:05:04 +0800] "GET /xingrg/all/function/internal_message.html?_=1706663108431&CODE_STATE=getMsg HTTP/1.1" 200 27
124.78.68.102 - - [31/Jan/2024:09:05:04 +0800] "GET /xingrg/all/function/internal_message.html?_=1706663104998&CODE_STATE=getMsg HTTP/1.1" 200 27
101.228.146.191 - - [31/Jan/2024:09:05:06 +0800] "GET /xingrg/all/function/internal_message.html?_=1706663106186&CODE_STATE=getMsg HTTP/1.1" 200 27
101.83.145.37 - - [31/Jan/2024:09:05:06 +0800] "GET /xingrg/kc/buy/cgsh_order_operate.html?command=get_materiel&rest_code=00105&code=00101008368&supplier_code=00100005&order_time=2024-01-31 HTTP/1.1" 200 408
116.230.109.177 - - [31/Jan/2024:09:05:06 +0800] "GET /xingrg/all/function/internal_message.html?_=1706663039287&CODE_STATE=getMsg HTTP/1.1" 200 27
114.95.241.104 - - [31/Jan/2024:09:05:06 +0800] "GET /xingrg/kc/buy/cgsh_order_operate.html?command=get_materiel&rest_code=00150&code=00101008331&supplier_code=00100008&order_time=2024-01-31 HTTP/1.1" 200 416
172.20.0.100 - - [31/Jan/2024:09:05:11 +0800] "GET /xingrg/all/function/internal_message.html?_=1706663118687&CODE_STATE=getMsg HTTP/1.1" 200 27
58.39.105.37 - - [31/Jan/2024:09:05:13 +0800] "GET /xingrg/kc/buy/cgsh_order_operate.html?command=get_materiel&rest_code=00157&code=00101013255&supplier_code=00100207&order_time=2024-01-31 HTTP/1.1" 200 406
222.69.133.235 - - [31/Jan/2024:09:05:15 +0800] "GET /xingrg/kc/base/check_order_list.html HTTP/1.1" 200 16138
222.69.133.235 - - [31/Jan/2024:09:05:15 +0800] "POST /xingrg/kc/base/check_list_operate.html HTTP/1.1" 200 781
114.95.241.104 - - [31/Jan/2024:09:05:15 +0800] "GET /xingrg/kc/buy/cgsh_order_operate.html?command=get_materiel&rest_code=00150&code=00101008350&supplier_code=00100008&order_time=2024-01-31 HTTP/1.1" 200 408
222.69.133.235 - - [31/Jan/2024:09:05:17 +0800] "GET /xingrg/kc/base/check_order_add.html HTTP/1.1" 200 25574
222.69.133.235 - - [31/Jan/2024:09:05:18 +0800] "GET /xingrg/css/table.css HTTP/1.1" 200 3684
222.69.133.235 - - [31/Jan/2024:09:05:18 +0800] "GET /xingrg/dwr/interface/AjaxComOrderService.js HTTP/1.1" 200 18264
222.69.133.235 - - [31/Jan/2024:09:05:18 +0800] "GET /xingrg/dwr/interface/AjaxCheckService.js HTTP/1.1" 200 14003
222.69.133.235 - - [31/Jan/2024:09:05:18 +0800] "GET /xingrg/dwr/util.js HTTP/1.1" 200 35990
222.69.133.235 - - [31/Jan/2024:09:05:18 +0800] "GET /xingrg/dwr/engine.js HTTP/1.1" 200 43631
116.230.109.177 - - [31/Jan/2024:09:05:18 +0800] "GET /xingrg/all/function/internal_message.html?_=1706663051338&CODE_STATE=getMsg HTTP/1.1" 200 27
116.238.97.31 - - [31/Jan/2024:09:05:24 +0800] "GET /xingrg/all/function/internal_message.html?_=1706663125286&CODE_STATE=getMsg HTTP/1.1" 200 27
114.95.241.104 - - [31/Jan/2024:09:05:24 +0800] "GET /xingrg/kc/buy/cgsh_order_operate.html?command=get_materiel&rest_code=00150&code=00101008149&supplier_code=00100008&order_time=2024-01-31 HTTP/1.1" 200 408
101.83.145.37 - - [31/Jan/2024:09:05:24 +0800] "GET /xingrg/kc/buy/cgsh_order_operate.html?command=get_materiel&rest_code=00105&code=00101008131&supplier_code=00100005&order_time=2024-01-31 HTTP/1.1" 200 408
222.69.133.235 - - [31/Jan/2024:09:05:25 +0800] "POST /xingrg/dwr/call/plaincall/AjaxCheckService.saveOrder.dwr HTTP/1.1" 200 78
222.69.133.235 - - [31/Jan/2024:09:05:26 +0800] "POST /xingrg/dwr/call/plaincall/AjaxCheckService.loadOrderItems.dwr HTTP/1.1" 200 367
116.230.109.177 - - [31/Jan/2024:09:05:27 +0800] "GET /xingrg/all/function/internal_message.html?_=1706663060632&CODE_STATE=getMsg HTTP/1.1" 200 27
222.69.133.235 - - [31/Jan/2024:09:05:28 +0800] "GET /xingrg/javascript/jquery_easy_ui/themes/default/images/panel_title.png HTTP/1.1" 200 266
222.69.133.235 - - [31/Jan/2024:09:05:28 +0800] "GET /xingrg/javascript/jquery_easy_ui/themes/default/images/panel_tools.gif HTTP/1.1" 200 737
222.69.133.235 - - [31/Jan/2024:09:05:32 +0800] "POST /xingrg/dwr/call/plaincall/AjaxCheckService.importOrderItems.dwr HTTP/1.1" 200 78
222.69.133.235 - - [31/Jan/2024:09:05:34 +0800] "POST /xingrg/dwr/call/plaincall/AjaxCheckService.loadOrderItems.dwr HTTP/1.1" 200 13698
222.69.133.235 - - [31/Jan/2024:09:05:34 +0800] "GET /xingrg/javascript/jquery_easy_ui/themes/icons/no.png HTTP/1.1" 200 922
114.95.241.104 - - [31/Jan/2024:09:05:35 +0800] "GET /xingrg/kc/buy/cgsh_order_operate.html?command=get_materiel&rest_code=00150&code=00101008300&supplier_code=00100008&order_time=2024-01-31 HTTP/1.1" 200 412
222.69.133.235 - - [31/Jan/2024:09:05:38 +0800] "GET /xingrg/kc/print/load_config.html?_=1706663139256&kc_code=check HTTP/1.1" 200 2488
222.69.133.235 - - [31/Jan/2024:09:05:38 +0800] "GET /xingrg/kc/print/load_data.html?_=1706663139328&order_code=452024013100244&kc_code=check&condition= HTTP/1.1" 200 4005
124.78.68.102 - - [31/Jan/2024:09:05:40 +0800] "GET /xingrg/check_reg.html?_=1706663140616 HTTP/1.1" 200 22
101.83.145.37 - - [31/Jan/2024:09:05:43 +0800] "GET /xingrg/kc/buy/cgsh_order_operate.html?command=get_materiel&rest_code=00105&code=00101008005&supplier_code=00100005&order_time=2024-01-31 HTTP/1.1" 200 412
222.70.168.245 - - [31/Jan/2024:09:05:44 +0800] "GET /xingrg/all/function/internal_message.html?_=1706663153910&CODE_STATE=getMsg HTTP/1.1" 200 27
114.95.241.104 - - [31/Jan/2024:09:05:46 +0800] "GET /xingrg/all/function/internal_message.html?_=1706663146336&CODE_STATE=getMsg HTTP/1.1" 200 27
120.253.135.82 - - [31/Jan/2024:09:05:46 +0800] "GET /xingrg/all/function/internal_message.html?_=1706662972891&CODE_STATE=getMsg HTTP/1.1" 200 27
101.83.145.37 - - [31/Jan/2024:09:05:47 +0800] "GET /xingrg/check_reg.html?_=1706662912767 HTTP/1.1" 200 22
101.83.145.37 - - [31/Jan/2024:09:05:47 +0800] "GET /xingrg/all/function/internal_message.html?_=1706662912802&CODE_STATE=getMsg HTTP/1.1" 200 27
114.95.241.104 - - [31/Jan/2024:09:05:48 +0800] "GET /xingrg/kc/buy/cgsh_order_operate.html?command=get_materiel&rest_code=00150&code=00101008612&supplier_code=00100008&order_time=2024-01-31 HTTP/1.1" 200 420
58.39.105.37 - - [31/Jan/2024:09:05:52 +0800] "GET /xingrg/all/function/internal_message.html?_=1706663153113&CODE_STATE=getMsg HTTP/1.1" 200 27
180.169.147.146 - - [31/Jan/2024:09:05:53 +0800] "GET /xingrg/all/function/internal_message.html?_=1706663152610&CODE_STATE=getMsg HTTP/1.1" 200 27
222.69.133.235 - - [31/Jan/2024:09:05:56 +0800] "POST /xingrg/dwr/call/plaincall/AjaxCheckService.deleteOrder.dwr HTTP/1.1" 200 78
116.230.109.177 - - [31/Jan/2024:09:05:59 +0800] "GET /xingrg/all/function/internal_message.html?_=1706663092217&CODE_STATE=getMsg HTTP/1.1" 200 27
120.253.135.82 - - [31/Jan/2024:09:05:59 +0800] "GET /xingrg/javascript/jquery_easy_ui/themes/default/images/button_plain_hover.png HTTP/1.1" 304 -
172.20.0.100 - - [31/Jan/2024:09:06:00 +0800] "GET /xingrg/all/function/internal_message.html?_=1706663148613&CODE_STATE=getMsg HTTP/1.1" 200 27
222.69.133.235 - - [31/Jan/2024:09:06:01 +0800] "GET /xingrg/kc/base/check_order_list.html HTTP/1.1" 200 16138
222.69.133.235 - - [31/Jan/2024:09:06:01 +0800] "POST /xingrg/kc/base/check_list_operate.html HTTP/1.1" 200 781
101.229.175.60 - - [31/Jan/2024:09:06:04 +0800] "GET /xingrg/all/function/internal_message.html?_=1706663168403&CODE_STATE=getMsg HTTP/1.1" 200 27
124.78.68.102 - - [31/Jan/2024:09:06:04 +0800] "GET /xingrg/all/function/internal_message.html?_=1706663164994&CODE_STATE=getMsg HTTP/1.1" 200 27
101.228.146.191 - - [31/Jan/2024:09:06:06 +0800] "GET /xingrg/all/function/internal_message.html?_=1706663166171&CODE_STATE=getMsg HTTP/1.1" 200 27
116.230.109.177 - - [31/Jan/2024:09:06:06 +0800] "GET /xingrg/all/function/internal_message.html?_=1706663099269&CODE_STATE=getMsg HTTP/1.1" 200 27
222.70.168.245 - - [31/Jan/2024:09:06:07 +0800] "GET /xingrg/check_reg.html?_=1706663176565 HTTP/1.1" 200 22
172.20.0.100 - - [31/Jan/2024:09:06:11 +0800] "GET /xingrg/all/function/internal_message.html?_=1706663178686&CODE_STATE=getMsg HTTP/1.1" 200 27
172.20.0.100 - - [31/Jan/2024:09:06:11 +0800] "GET /xingrg/check_reg.html?_=1706663178687 HTTP/1.1" 200 22
116.230.109.177 - - [31/Jan/2024:09:06:18 +0800] "GET /xingrg/all/function/internal_message.html?_=1706663111335&CODE_STATE=getMsg HTTP/1.1" 200 27
101.83.145.37 - - [31/Jan/2024:09:06:18 +0800] "GET /xingrg/kc/buy/cgsh_order_operate.html?command=get_materiel&rest_code=00105&code=00101008353&supplier_code=00100005&order_time=2024-01-31 HTTP/1.1" 200 408
58.39.105.37 - - [31/Jan/2024:09:06:21 +0800] "GET /xingrg/kc/buy/cgsh_order_operate.html?command=get_materiel&rest_code=00157&code=00101029065&supplier_code=00100207&order_time=2024-01-31 HTTP/1.1" 200 446
116.238.97.31 - - [31/Jan/2024:09:06:24 +0800] "GET /xingrg/check_reg.html?_=1706663185295 HTTP/1.1" 200 22
116.238.97.31 - - [31/Jan/2024:09:06:24 +0800] "GET /xingrg/all/function/internal_message.html?_=1706663185296&CODE_STATE=getMsg HTTP/1.1" 200 27
116.230.109.177 - - [31/Jan/2024:09:06:27 +0800] "GET /xingrg/check_reg.html?_=1706663120628 HTTP/1.1" 200 22
116.230.109.177 - - [31/Jan/2024:09:06:27 +0800] "GET /xingrg/all/function/internal_message.html?_=1706663120633&CODE_STATE=getMsg HTTP/1.1" 200 27
101.229.175.60 - - [31/Jan/2024:09:06:28 +0800] "GET /xingrg/check_reg.html?_=1706663192773 HTTP/1.1" 200 22
101.83.145.37 - - [31/Jan/2024:09:06:34 +0800] "GET /xingrg/kc/buy/cgsh_order_operate.html?command=get_materiel&rest_code=00105&code=00101008213&supplier_code=00100005&order_time=2024-01-31 HTTP/1.1" 200 412
58.39.105.37 - - [31/Jan/2024:09:06:42 +0800] "GET /xingrg/kc/buy/cgsh_order_operate.html?command=get_materiel&rest_code=00157&code=00101020458&supplier_code=00100207&order_time=2024-01-31 HTTP/1.1" 200 451
222.70.168.245 - - [31/Jan/2024:09:06:44 +0800] "GET /xingrg/all/function/internal_message.html?_=1706663213925&CODE_STATE=getMsg HTTP/1.1" 200 27
114.95.241.104 - - [31/Jan/2024:09:06:46 +0800] "GET /xingrg/all/function/internal_message.html?_=1706663206334&CODE_STATE=getMsg HTTP/1.1" 200 27
101.83.145.37 - - [31/Jan/2024:09:06:47 +0800] "GET /xingrg/all/function/internal_message.html?_=1706662972786&CODE_STATE=getMsg HTTP/1.1" 200 27
58.39.105.37 - - [31/Jan/2024:09:06:48 +0800] "POST /xingrg/all/common/load_select.html HTTP/1.1" 200 25
58.39.105.37 - - [31/Jan/2024:09:06:51 +0800] "GET /xingrg/all/function/internal_message.html?_=1706663213098&CODE_STATE=getMsg HTTP/1.1" 200 27
101.83.145.37 - - [31/Jan/2024:09:06:52 +0800] "GET /xingrg/kc/buy/cgsh_order_operate.html?command=get_materiel&rest_code=00105&code=00101008298&supplier_code=00100005&order_time=2024-01-31 HTTP/1.1" 200 412
58.39.105.37 - - [31/Jan/2024:09:06:53 +0800] "GET /xingrg/kc/buy/cgsh_order_operate.html?command=get_materiel_price&rest_code=00157&code=00101020458&unit_code=00100036&supplier_code=00100207&order_time=2024-01-31 HTTP/1.1" 200 28
180.169.147.146 - - [31/Jan/2024:09:06:53 +0800] "GET /xingrg/all/function/internal_message.html?_=1706663212607&CODE_STATE=getMsg HTTP/1.1" 200 27
116.230.109.177 - - [31/Jan/2024:09:06:59 +0800] "GET /xingrg/all/function/internal_message.html?_=1706663152213&CODE_STATE=getMsg HTTP/1.1" 200 27
172.20.0.100 - - [31/Jan/2024:09:07:00 +0800] "GET /xingrg/all/function/internal_message.html?_=1706663208615&CODE_STATE=getMsg HTTP/1.1" 200 27
222.69.133.235 - - [31/Jan/2024:09:07:01 +0800] "GET /xingrg/all/function/internal_message.html?_=1706663222329&CODE_STATE=getMsg HTTP/1.1" 200 27
101.229.175.60 - - [31/Jan/2024:09:07:04 +0800] "GET /xingrg/all/function/internal_message.html?_=1706663228375&CODE_STATE=getMsg HTTP/1.1" 200 27
124.78.68.102 - - [31/Jan/2024:09:07:04 +0800] "GET /xingrg/all/function/internal_message.html?_=1706663224970&CODE_STATE=getMsg HTTP/1.1" 200 27
101.228.146.191 - - [31/Jan/2024:09:07:06 +0800] "GET /xingrg/all/function/internal_message.html?_=1706663226172&CODE_STATE=getMsg HTTP/1.1" 200 27
101.228.146.191 - - [31/Jan/2024:09:07:06 +0800] "GET /xingrg/check_reg.html?_=1706663226176 HTTP/1.1" 200 22
116.230.109.177 - - [31/Jan/2024:09:07:06 +0800] "GET /xingrg/all/function/internal_message.html?_=1706663159241&CODE_STATE=getMsg HTTP/1.1" 200 27
172.20.0.100 - - [31/Jan/2024:09:07:11 +0800] "GET /xingrg/all/function/internal_message.html?_=1706663238685&CODE_STATE=getMsg HTTP/1.1" 200 27
114.95.241.104 - - [31/Jan/2024:09:07:18 +0800] "POST /xingrg/services/DataTransmitService HTTP/1.1" 200 524
116.230.109.177 - - [31/Jan/2024:09:07:18 +0800] "GET /xingrg/all/function/internal_message.html?_=1706663171316&CODE_STATE=getMsg HTTP/1.1" 200 27
116.238.97.31 - - [31/Jan/2024:09:07:24 +0800] "GET /xingrg/all/function/internal_message.html?_=1706663245306&CODE_STATE=getMsg HTTP/1.1" 200 27
116.230.109.177 - - [31/Jan/2024:09:07:27 +0800] "GET /xingrg/check_reg.html?_=1706663180284 HTTP/1.1" 200 22
116.230.109.177 - - [31/Jan/2024:09:07:27 +0800] "GET /xingrg/all/function/internal_message.html?_=1706663180633&CODE_STATE=getMsg HTTP/1.1" 200 27
114.95.241.104 - - [31/Jan/2024:09:07:29 +0800] "GET /xingrg/kc/buy/cgsh_order_operate.html?command=get_materiel&rest_code=00150&code=00101008559&supplier_code=00100008&order_time=2024-01-31 HTTP/1.1" 200 432
58.39.105.37 - - [31/Jan/2024:09:07:38 +0800] "GET /xingrg/kc/buy/cgsh_order_operate.html?command=get_materiel&rest_code=00157&code=00101029110&supplier_code=00100207&order_time=2024-01-31 HTTP/1.1" 200 427
114.95.241.104 - - [31/Jan/2024:09:07:41 +0800] "GET /xingrg/kc/buy/cgsh_order_operate.html?command=get_materiel&rest_code=00150&code=00101013317&supplier_code=00100008&order_time=2024-01-31 HTTP/1.1" 200 414
222.70.168.245 - - [31/Jan/2024:09:07:44 +0800] "GET /xingrg/all/function/internal_message.html?_=1706663273938&CODE_STATE=getMsg HTTP/1.1" 200 27
114.95.241.104 - - [31/Jan/2024:09:07:46 +0800] "GET /xingrg/check_reg.html?_=1706663266286 HTTP/1.1" 200 22
114.95.241.104 - - [31/Jan/2024:09:07:46 +0800] "GET /xingrg/all/function/internal_message.html?_=1706663266413&CODE_STATE=getMsg HTTP/1.1" 200 27
101.83.145.37 - - [31/Jan/2024:09:07:47 +0800] "GET /xingrg/all/function/internal_message.html?_=1706663032784&CODE_STATE=getMsg HTTP/1.1" 200 27
114.95.241.104 - - [31/Jan/2024:09:07:50 +0800] "GET /xingrg/kc/buy/cgsh_order_operate.html?command=get_materiel&rest_code=00150&code=00101008010&supplier_code=00100008&order_time=2024-01-31 HTTP/1.1" 200 412
58.39.105.37 - - [31/Jan/2024:09:07:51 +0800] "GET /xingrg/all/function/internal_message.html?_=1706663273095&CODE_STATE=getMsg HTTP/1.1" 200 27
180.169.147.146 - - [31/Jan/2024:09:07:53 +0800] "GET /xingrg/all/function/internal_message.html?_=1706663272577&CODE_STATE=getMsg HTTP/1.1" 200 27
116.230.109.177 - - [31/Jan/2024:09:07:59 +0800] "GET /xingrg/all/function/internal_message.html?_=1706663212211&CODE_STATE=getMsg HTTP/1.1" 200 27
101.83.145.37 - - [31/Jan/2024:09:07:59 +0800] "POST /xingrg/kc/buy/cgsh_order_operate.html HTTP/1.1" 200 37
172.20.0.100 - - [31/Jan/2024:09:08:00 +0800] "GET /xingrg/all/function/internal_message.html?_=1706663268607&CODE_STATE=getMsg HTTP/1.1" 200 27
172.20.0.100 - - [31/Jan/2024:09:08:00 +0800] "GET /xingrg/check_reg.html?_=1706663268605 HTTP/1.1" 200 22
222.69.133.235 - - [31/Jan/2024:09:08:01 +0800] "GET /xingrg/all/function/internal_message.html?_=1706663282307&CODE_STATE=getMsg HTTP/1.1" 200 27
101.83.145.37 - - [31/Jan/2024:09:08:01 +0800] "POST /xingrg/kc/buy/cgsh_order_operate.html HTTP/1.1" 200 12706
114.95.241.104 - - [31/Jan/2024:09:08:01 +0800] "GET /xingrg/kc/buy/cgsh_order_operate.html?command=get_materiel&rest_code=00150&code=00101008125&supplier_code=00100008&order_time=2024-01-31 HTTP/1.1" 200 413
101.229.175.60 - - [31/Jan/2024:09:08:04 +0800] "GET /xingrg/all/function/internal_message.html?_=1706663288345&CODE_STATE=getMsg HTTP/1.1" 200 27
124.78.68.102 - - [31/Jan/2024:09:08:04 +0800] "GET /xingrg/all/function/internal_message.html?_=1706663284946&CODE_STATE=getMsg HTTP/1.1" 200 27
101.228.146.191 - - [31/Jan/2024:09:08:06 +0800] "GET /xingrg/all/function/internal_message.html?_=1706663286179&CODE_STATE=getMsg HTTP/1.1" 200 27
116.230.109.177 - - [31/Jan/2024:09:08:06 +0800] "GET /xingrg/all/function/internal_message.html?_=1706663219229&CODE_STATE=getMsg HTTP/1.1" 200 27
58.39.105.37 - - [31/Jan/2024:09:08:07 +0800] "GET /xingrg/kc/buy/cgsh_order_operate.html?command=get_materiel&rest_code=00157&code=00101029023&supplier_code=00100207&order_time=2024-01-31 HTTP/1.1" 200 478
114.95.241.104 - - [31/Jan/2024:09:08:09 +0800] "GET /xingrg/kc/buy/cgsh_order_operate.html?command=get_materiel&rest_code=00150&code=00101008312&supplier_code=00100008&order_time=2024-01-31 HTTP/1.1" 200 412
172.20.0.100 - - [31/Jan/2024:09:08:11 +0800] "GET /xingrg/all/function/internal_message.html?_=1706663298684&CODE_STATE=getMsg HTTP/1.1" 200 27
