116.238.97.31 - - [31/Jan/2024:08:35:48 +0800] "GET /xingrg/all/function/internal_message.html?_=1706661348862&CODE_STATE=getMsg HTTP/1.1" 200 27
120.253.135.82 - - [31/Jan/2024:08:35:48 +0800] "GET /xingrg/javascript/easyui/themes/icons/edit_add_new.png HTTP/1.1" 304 -
120.253.135.82 - - [31/Jan/2024:08:35:48 +0800] "GET /xingrg/javascript/easyui/themes/icons/cance_new.png HTTP/1.1" 304 -
120.253.135.82 - - [31/Jan/2024:08:35:48 +0800] "GET /xingrg/javascript/easyui/themes/icons/check_new.png HTTP/1.1" 304 -
120.253.135.82 - - [31/Jan/2024:08:35:48 +0800] "GET /xingrg/javascript/easyui/themes/icons/uncheck_new.png HTTP/1.1" 304 -
120.253.135.82 - - [31/Jan/2024:08:35:49 +0800] "GET /xingrg/javascript/easyui/themes/icons/import_new.png HTTP/1.1" 304 -
120.253.135.82 - - [31/Jan/2024:08:35:49 +0800] "GET /xingrg/javascript/easyui/themes/icons/field_new.png HTTP/1.1" 304 -
120.253.135.82 - - [31/Jan/2024:08:35:49 +0800] "GET /xingrg/javascript/jquery_easy_ui/themes/icons/manage.png HTTP/1.1" 304 -
120.253.135.82 - - [31/Jan/2024:08:35:49 +0800] "GET /xingrg/javascript/jquery_easy_ui/themes/icons/area.png HTTP/1.1" 304 -
120.253.135.82 - - [31/Jan/2024:08:35:49 +0800] "GET /xingrg/images/control/ajaxLoader.gif HTTP/1.1" 304 -
120.253.135.82 - - [31/Jan/2024:08:35:49 +0800] "GET /xingrg/javascript/easyui/plugins/jquery.parser.js HTTP/1.1" 304 -
120.253.135.82 - - [31/Jan/2024:08:35:49 +0800] "POST /xingrg/kc/pszx/mdps_list_operate.html HTTP/1.1" 200 5601
120.253.135.82 - - [31/Jan/2024:08:35:52 +0800] "GET /xingrg/javascript/auto/indicator.gif HTTP/1.1" 404 1066
116.238.97.31 - - [31/Jan/2024:08:35:54 +0800] "GET /xingrg/kc/buy/cgsh_order_operate.html?command=get_materiel&rest_code=00102&code=00101008362&supplier_code=00100008&order_time=2024-01-31 HTTP/1.1" 200 408
180.169.147.146 - - [31/Jan/2024:08:35:54 +0800] "GET /xingrg/all/function/internal_message.html?_=1706661353096&CODE_STATE=getMsg HTTP/1.1" 200 27
120.253.135.82 - - [31/Jan/2024:08:35:54 +0800] "POST /xingrg/kc/pszx/mdps_list_operate.html HTTP/1.1" 200 5136
116.230.109.177 - - [31/Jan/2024:08:35:59 +0800] "GET /xingrg/all/function/internal_message.html?_=1706661292207&CODE_STATE=getMsg HTTP/1.1" 200 27
124.78.154.219 - - [31/Jan/2024:08:36:00 +0800] "GET /xingrg/kc/buy/cgsh_order_operate.html?command=get_materiel&rest_code=00106&code=00101010248&supplier_code=00100096&order_time=2024-01-31 HTTP/1.1" 200 430
172.20.0.100 - - [31/Jan/2024:08:36:00 +0800] "GET /xingrg/all/function/internal_message.html?_=1706661348615&CODE_STATE=getMsg HTTP/1.1" 200 27
120.253.135.82 - - [31/Jan/2024:08:36:01 +0800] "POST /xingrg/kc/pszx/mdps_list_operate.html HTTP/1.1" 200 598
120.253.135.82 - - [31/Jan/2024:08:36:02 +0800] "GET /xingrg/kc/pszx/mdps_order_info.html?code=312024013100869 HTTP/1.1" 200 23972
120.253.135.82 - - [31/Jan/2024:08:36:02 +0800] "GET /xingrg/javascript/myfunction.js HTTP/1.1" 304 -
120.253.135.82 - - [31/Jan/2024:08:36:02 +0800] "GET /xingrg/javascript/convert.js HTTP/1.1" 304 -
120.253.135.82 - - [31/Jan/2024:08:36:02 +0800] "GET /xingrg/javascript/pic_change.js HTTP/1.1" 304 -
120.253.135.82 - - [31/Jan/2024:08:36:02 +0800] "GET /xingrg/javascript/print/kc_print.js HTTP/1.1" 304 -
120.253.135.82 - - [31/Jan/2024:08:36:02 +0800] "GET /xingrg/javascript/jquery_tools/order_manager.js HTTP/1.1" 304 -
120.253.135.82 - - [31/Jan/2024:08:36:02 +0800] "GET /xingrg/javascript/json2.js HTTP/1.1" 304 -
120.253.135.82 - - [31/Jan/2024:08:36:03 +0800] "GET /xingrg/words/20240130135711_words.js HTTP/1.1" 304 -
120.253.135.82 - - [31/Jan/2024:08:36:03 +0800] "GET /xingrg/javascript/easyui/themes/icons/print.png HTTP/1.1" 304 -
120.253.135.82 - - [31/Jan/2024:08:36:03 +0800] "GET /xingrg/javascript/easyui/themes/icons/ok.png HTTP/1.1" 304 -
120.253.135.82 - - [31/Jan/2024:08:36:03 +0800] "GET /xingrg/javascript/easyui/themes/icons/copy_new.png HTTP/1.1" 304 -
120.253.135.82 - - [31/Jan/2024:08:36:03 +0800] "GET /xingrg/javascript/easyui/themes/icons/cancel.png HTTP/1.1" 304 -
120.253.135.82 - - [31/Jan/2024:08:36:03 +0800] "GET /xingrg/javascript/easyui/themes/default/images/menu_downarrow.png HTTP/1.1" 304 -
116.238.97.31 - - [31/Jan/2024:08:36:03 +0800] "GET /xingrg/kc/buy/cgsh_order_operate.html?command=get_materiel&rest_code=00102&code=00101008270&supplier_code=00100008&order_time=2024-01-31 HTTP/1.1" 200 412
120.253.135.82 - - [31/Jan/2024:08:36:03 +0800] "GET /xingrg/javascript/easyui/themes/default/validatebox.css HTTP/1.1" 404 1104
120.253.135.82 - - [31/Jan/2024:08:36:03 +0800] "GET /xingrg/javascript/easyui/plugins/jquery.validatebox.js HTTP/1.1" 304 -
120.253.135.82 - - [31/Jan/2024:08:36:03 +0800] "GET /xingrg/javascript/easyui/plugins/jquery.numberbox.js HTTP/1.1" 304 -
120.253.135.82 - - [31/Jan/2024:08:36:03 +0800] "GET /xingrg/all/common/auto_word.html?type=base&rest_code=00101 HTTP/1.1" 200 671
120.253.135.82 - - [31/Jan/2024:08:36:03 +0800] "POST /xingrg/kc/pszx/mdps_order_operate.html HTTP/1.1" 200 19825
120.253.135.82 - - [31/Jan/2024:08:36:04 +0800] "GET /xingrg/javascript/easyui/themes/icons/edit_remove.png HTTP/1.1" 304 -
101.229.175.60 - - [31/Jan/2024:08:36:05 +0800] "GET /xingrg/all/function/internal_message.html?_=1706661369138&CODE_STATE=getMsg HTTP/1.1" 200 27
124.78.68.102 - - [31/Jan/2024:08:36:05 +0800] "GET /xingrg/all/function/internal_message.html?_=1706661365534&CODE_STATE=getMsg HTTP/1.1" 200 27
222.70.168.245 - - [31/Jan/2024:08:36:06 +0800] "GET /xingrg/check_reg.html?_=1706661376109 HTTP/1.1" 200 22
116.230.109.177 - - [31/Jan/2024:08:36:06 +0800] "GET /xingrg/all/function/internal_message.html?_=1706661299794&CODE_STATE=getMsg HTTP/1.1" 200 27
124.78.154.219 - - [31/Jan/2024:08:36:07 +0800] "GET /xingrg/all/function/internal_message.html?_=1706661364506&CODE_STATE=getMsg HTTP/1.1" 200 27
172.20.0.100 - - [31/Jan/2024:08:36:11 +0800] "GET /xingrg/check_reg.html?_=1706661378664 HTTP/1.1" 200 22
172.20.0.100 - - [31/Jan/2024:08:36:11 +0800] "GET /xingrg/all/function/internal_message.html?_=1706661378665&CODE_STATE=getMsg HTTP/1.1" 200 27
116.238.97.31 - - [31/Jan/2024:08:36:14 +0800] "GET /xingrg/kc/buy/cgsh_order_operate.html?command=get_materiel&rest_code=00102&code=00101008357&supplier_code=00100008&order_time=2024-01-31 HTTP/1.1" 200 408
116.230.109.177 - - [31/Jan/2024:08:36:18 +0800] "GET /xingrg/all/function/internal_message.html?_=1706661311862&CODE_STATE=getMsg HTTP/1.1" 200 27
124.78.154.219 - - [31/Jan/2024:08:36:22 +0800] "GET /xingrg/kc/buy/cgsh_order_operate.html?command=get_materiel&rest_code=00106&code=00101016025&supplier_code=00100096&order_time=2024-01-31 HTTP/1.1" 200 410
120.253.135.82 - - [31/Jan/2024:08:36:27 +0800] "GET /xingrg/kc/pszx/mdps_order_operate.html?command=get_materiel&pszx_code=00101&rest_code=00102&base_code=0010250&code=00102002254 HTTP/1.1" 200 449
116.230.109.177 - - [31/Jan/2024:08:36:27 +0800] "GET /xingrg/check_reg.html?_=1706661320628 HTTP/1.1" 200 22
116.230.109.177 - - [31/Jan/2024:08:36:27 +0800] "GET /xingrg/all/function/internal_message.html?_=1706661320631&CODE_STATE=getMsg HTTP/1.1" 200 27
101.229.175.60 - - [31/Jan/2024:08:36:28 +0800] "GET /xingrg/check_reg.html?_=1706661392760 HTTP/1.1" 200 22
116.238.97.31 - - [31/Jan/2024:08:36:30 +0800] "POST /xingrg/kc/buy/cgsh_order_operate.html HTTP/1.1" 200 37
120.253.135.82 - - [31/Jan/2024:08:36:31 +0800] "POST /xingrg/all/common/load_select.html HTTP/1.1" 200 25
120.253.135.82 - - [31/Jan/2024:08:36:34 +0800] "GET /xingrg/kc/pszx/mdps_order_operate.html?command=get_materiel_price&pszx_code=00101&rest_code=00102&base_code=0010250&code=00102002254&unit_code=00100066&order_time=2024-02-01 HTTP/1.1" 200 34
116.238.97.31 - - [31/Jan/2024:08:36:36 +0800] "POST /xingrg/kc/buy/cgsh_order_operate.html HTTP/1.1" 200 9798
222.70.168.245 - - [31/Jan/2024:08:36:38 +0800] "GET /xingrg/all/function/internal_message.html?_=1706661407496&CODE_STATE=getMsg HTTP/1.1" 200 27
124.78.154.219 - - [31/Jan/2024:08:36:41 +0800] "GET /xingrg/kc/buy/cgsh_order_operate.html?command=get_materiel&rest_code=00106&code=00101012051&supplier_code=00100096&order_time=2024-01-31 HTTP/1.1" 200 408
120.253.135.82 - - [31/Jan/2024:08:36:43 +0800] "GET /xingrg/all/function/internal_message.html?_=1706661230311&CODE_STATE=getMsg HTTP/1.1" 200 27
114.95.241.104 - - [31/Jan/2024:08:36:46 +0800] "GET /xingrg/all/function/internal_message.html?_=1706661406296&CODE_STATE=getMsg HTTP/1.1" 200 27
116.238.97.31 - - [31/Jan/2024:08:36:48 +0800] "GET /xingrg/kc/buy/cgsh_order_list.html HTTP/1.1" 200 57692
116.238.97.31 - - [31/Jan/2024:08:36:48 +0800] "GET /xingrg/all/function/internal_message.html?_=1706661408846&CODE_STATE=getMsg HTTP/1.1" 200 27
120.253.135.82 - - [31/Jan/2024:08:36:50 +0800] "GET /xingrg/kc/pszx/mdps_order_operate.html?command=get_materiel&pszx_code=00101&rest_code=00102&base_code=0010250&code=00102001069 HTTP/1.1" 200 426
116.238.97.31 - - [31/Jan/2024:08:36:53 +0800] "POST /xingrg/kc/buy/cgsh_list_operate.html HTTP/1.1" 200 2263
180.169.147.146 - - [31/Jan/2024:08:36:54 +0800] "GET /xingrg/all/function/internal_message.html?_=1706661413067&CODE_STATE=getMsg HTTP/1.1" 200 27
120.253.135.82 - - [31/Jan/2024:08:36:55 +0800] "GET /xingrg/javascript/easyui/themes/default/images/button_plain_hover.png HTTP/1.1" 304 -
116.230.109.177 - - [31/Jan/2024:08:36:59 +0800] "GET /xingrg/all/function/internal_message.html?_=1706661352213&CODE_STATE=getMsg HTTP/1.1" 200 27
120.253.135.82 - - [31/Jan/2024:08:37:00 +0800] "POST /xingrg/kc/pszx/mdps_order_operate.html HTTP/1.1" 200 37
172.20.0.100 - - [31/Jan/2024:08:37:00 +0800] "GET /xingrg/all/function/internal_message.html?_=1706661408603&CODE_STATE=getMsg HTTP/1.1" 200 27
120.253.135.82 - - [31/Jan/2024:08:37:02 +0800] "GET /xingrg/kc/pszx/mdps_order_info.html?code=312024013100869 HTTP/1.1" 200 23972
120.253.135.82 - - [31/Jan/2024:08:37:03 +0800] "GET /xingrg/javascript/easyui/themes/default/validatebox.css HTTP/1.1" 404 1104
120.253.135.82 - - [31/Jan/2024:08:37:03 +0800] "POST /xingrg/kc/pszx/mdps_order_operate.html HTTP/1.1" 200 20328
101.229.175.60 - - [31/Jan/2024:08:37:05 +0800] "GET /xingrg/all/function/internal_message.html?_=1706661429115&CODE_STATE=getMsg HTTP/1.1" 200 27
124.78.68.102 - - [31/Jan/2024:08:37:05 +0800] "GET /xingrg/all/function/internal_message.html?_=1706661425518&CODE_STATE=getMsg HTTP/1.1" 200 27
116.230.109.177 - - [31/Jan/2024:08:37:06 +0800] "GET /xingrg/all/function/internal_message.html?_=1706661359780&CODE_STATE=getMsg HTTP/1.1" 200 27
124.78.154.219 - - [31/Jan/2024:08:37:07 +0800] "GET /xingrg/all/function/internal_message.html?_=1706661424508&CODE_STATE=getMsg HTTP/1.1" 200 27
116.238.97.31 - - [31/Jan/2024:08:37:08 +0800] "POST /xingrg/kc/buy/cgsh_list_operate.html HTTP/1.1" 200 582
116.238.97.31 - - [31/Jan/2024:08:37:10 +0800] "GET /xingrg/kc/buy/cgsh_order_info.html?code=212024013113369 HTTP/1.1" 200 73511
116.238.97.31 - - [31/Jan/2024:08:37:10 +0800] "GET /xingrg/javascript/easyui/themes/default/validatebox.css HTTP/1.1" 404 1104
116.238.97.31 - - [31/Jan/2024:08:37:11 +0800] "POST /xingrg/kc/buy/cgsh_order_operate.html HTTP/1.1" 200 9798
172.20.0.100 - - [31/Jan/2024:08:37:11 +0800] "GET /xingrg/all/function/internal_message.html?_=1706661438663&CODE_STATE=getMsg HTTP/1.1" 200 27
116.238.97.31 - - [31/Jan/2024:08:37:17 +0800] "POST /xingrg/kc/buy/cgsh_list_operate.html HTTP/1.1" 200 572
116.230.109.177 - - [31/Jan/2024:08:37:18 +0800] "GET /xingrg/all/function/internal_message.html?_=1706661371845&CODE_STATE=getMsg HTTP/1.1" 200 27
116.238.97.31 - - [31/Jan/2024:08:37:18 +0800] "GET /xingrg/kc/buy/cgsh_order_info.html?code=212024013113368 HTTP/1.1" 200 73511
116.238.97.31 - - [31/Jan/2024:08:37:19 +0800] "GET /xingrg/javascript/easyui/themes/default/validatebox.css HTTP/1.1" 404 1104
116.238.97.31 - - [31/Jan/2024:08:37:20 +0800] "POST /xingrg/kc/buy/cgsh_order_operate.html HTTP/1.1" 200 19790
116.230.109.177 - - [31/Jan/2024:08:37:27 +0800] "GET /xingrg/check_reg.html?_=1706661380274 HTTP/1.1" 200 22
120.253.135.82 - - [31/Jan/2024:08:37:27 +0800] "POST /xingrg/kc/pszx/mdps_order_operate.html HTTP/1.1" 200 37
116.230.109.177 - - [31/Jan/2024:08:37:27 +0800] "GET /xingrg/all/function/internal_message.html?_=1706661380618&CODE_STATE=getMsg HTTP/1.1" 200 27
124.78.154.219 - - [31/Jan/2024:08:37:28 +0800] "GET /xingrg/kc/buy/cgsh_order_operate.html?command=get_materiel&rest_code=00106&code=00101006063&supplier_code=00100096&order_time=2024-01-31 HTTP/1.1" 200 415
120.253.135.82 - - [31/Jan/2024:08:37:32 +0800] "GET /xingrg/kc/pszx/mdps_order_info.html?code=312024013100869 HTTP/1.1" 200 23972
120.253.135.82 - - [31/Jan/2024:08:37:32 +0800] "GET /xingrg/javascript/easyui/themes/default/validatebox.css HTTP/1.1" 404 1104
120.253.135.82 - - [31/Jan/2024:08:37:33 +0800] "POST /xingrg/kc/pszx/mdps_order_operate.html HTTP/1.1" 200 20328
116.238.97.31 - - [31/Jan/2024:08:37:38 +0800] "POST /xingrg/kc/buy/cgsh_order_operate.html HTTP/1.1" 200 37
222.70.168.245 - - [31/Jan/2024:08:37:38 +0800] "GET /xingrg/all/function/internal_message.html?_=1706661467509&CODE_STATE=getMsg HTTP/1.1" 200 27
116.238.97.31 - - [31/Jan/2024:08:37:39 +0800] "POST /xingrg/kc/buy/cgsh_order_operate.html HTTP/1.1" 200 19792
124.78.154.219 - - [31/Jan/2024:08:37:41 +0800] "GET /xingrg/kc/buy/cgsh_order_operate.html?command=get_materiel&rest_code=00106&code=00101006065&supplier_code=00100096&order_time=2024-01-31 HTTP/1.1" 200 409
120.253.135.82 - - [31/Jan/2024:08:37:43 +0800] "GET /xingrg/all/function/internal_message.html?_=1706661290325&CODE_STATE=getMsg HTTP/1.1" 200 27
114.95.241.104 - - [31/Jan/2024:08:37:46 +0800] "GET /xingrg/check_reg.html?_=1706661466291 HTTP/1.1" 200 22
114.95.241.104 - - [31/Jan/2024:08:37:46 +0800] "GET /xingrg/all/function/internal_message.html?_=1706661466293&CODE_STATE=getMsg HTTP/1.1" 200 27
116.238.97.31 - - [31/Jan/2024:08:37:46 +0800] "POST /xingrg/kc/buy/cgsh_list_operate.html HTTP/1.1" 200 2263
116.238.97.31 - - [31/Jan/2024:08:37:48 +0800] "GET /xingrg/all/function/internal_message.html?_=1706661468847&CODE_STATE=getMsg HTTP/1.1" 200 27
116.238.97.31 - - [31/Jan/2024:08:37:48 +0800] "GET /xingrg/check_reg.html?_=1706661468848 HTTP/1.1" 200 22
116.238.97.31 - - [31/Jan/2024:08:37:51 +0800] "POST /xingrg/kc/buy/cgsh_list_operate.html HTTP/1.1" 200 572
116.238.97.31 - - [31/Jan/2024:08:37:53 +0800] "GET /xingrg/kc/buy/cgsh_order_info.html?code=212024013113368 HTTP/1.1" 200 73511
116.238.97.31 - - [31/Jan/2024:08:37:53 +0800] "GET /xingrg/javascript/easyui/themes/default/validatebox.css HTTP/1.1" 404 1104
180.169.147.146 - - [31/Jan/2024:08:37:54 +0800] "GET /xingrg/all/function/internal_message.html?_=1706661473063&CODE_STATE=getMsg HTTP/1.1" 200 27
116.238.97.31 - - [31/Jan/2024:08:37:54 +0800] "POST /xingrg/kc/buy/cgsh_order_operate.html HTTP/1.1" 200 19792
120.253.135.82 - - [31/Jan/2024:08:37:56 +0800] "POST /xingrg/kc/pszx/mdps_order_operate.html HTTP/1.1" 200 37
120.253.135.82 - - [31/Jan/2024:08:37:58 +0800] "GET /xingrg/kc/pszx/mdps_order_info.html?code=312024013100869 HTTP/1.1" 200 23972
120.253.135.82 - - [31/Jan/2024:08:37:58 +0800] "GET /xingrg/javascript/easyui/themes/default/validatebox.css HTTP/1.1" 404 1104
116.230.109.177 - - [31/Jan/2024:08:37:59 +0800] "GET /xingrg/all/function/internal_message.html?_=1706661412207&CODE_STATE=getMsg HTTP/1.1" 200 27
120.253.135.82 - - [31/Jan/2024:08:37:59 +0800] "POST /xingrg/kc/pszx/mdps_order_operate.html HTTP/1.1" 200 20328
172.20.0.100 - - [31/Jan/2024:08:38:00 +0800] "GET /xingrg/all/function/internal_message.html?_=1706661468605&CODE_STATE=getMsg HTTP/1.1" 200 27
172.20.0.100 - - [31/Jan/2024:08:38:00 +0800] "GET /xingrg/check_reg.html?_=1706661468606 HTTP/1.1" 200 22
116.238.97.31 - - [31/Jan/2024:08:38:03 +0800] "POST /xingrg/kc/buy/cgsh_order_operate.html HTTP/1.1" 200 37
101.229.175.60 - - [31/Jan/2024:08:38:04 +0800] "GET /xingrg/all/function/internal_message.html?_=1706661489085&CODE_STATE=getMsg HTTP/1.1" 200 27
124.78.154.219 - - [31/Jan/2024:08:38:05 +0800] "GET /xingrg/kc/buy/cgsh_order_operate.html?command=get_materiel&rest_code=00106&code=00101006180&supplier_code=00100096&order_time=2024-01-31 HTTP/1.1" 200 423
124.78.68.102 - - [31/Jan/2024:08:38:05 +0800] "GET /xingrg/all/function/internal_message.html?_=1706661485493&CODE_STATE=getMsg HTTP/1.1" 200 27
116.230.109.177 - - [31/Jan/2024:08:38:06 +0800] "GET /xingrg/all/function/internal_message.html?_=1706661419768&CODE_STATE=getMsg HTTP/1.1" 200 27
124.78.154.219 - - [31/Jan/2024:08:38:07 +0800] "GET /xingrg/all/function/internal_message.html?_=1706661484508&CODE_STATE=getMsg HTTP/1.1" 200 27
172.20.0.100 - - [31/Jan/2024:08:38:11 +0800] "GET /xingrg/all/function/internal_message.html?_=1706661498662&CODE_STATE=getMsg HTTP/1.1" 200 27
120.253.135.82 - - [31/Jan/2024:08:38:12 +0800] "POST /xingrg/kc/pszx/mdps_order_operate.html HTTP/1.1" 200 37
180.169.147.146 - - [31/Jan/2024:08:38:12 +0800] "GET /xingrg/check_reg.html?_=1706661491433 HTTP/1.1" 200 22
120.253.135.82 - - [31/Jan/2024:08:38:15 +0800] "GET /xingrg/kc/pszx/mdps_order_info.html?code=312024013100869 HTTP/1.1" 200 23972
124.78.154.219 - - [31/Jan/2024:08:38:15 +0800] "GET /xingrg/kc/buy/cgsh_order_operate.html?command=get_materiel&rest_code=00106&code=00101006133&supplier_code=00100096&order_time=2024-01-31 HTTP/1.1" 200 413
116.238.97.31 - - [31/Jan/2024:08:38:15 +0800] "POST /xingrg/kc/buy/cgsh_order_operate.html HTTP/1.1" 200 12
120.253.135.82 - - [31/Jan/2024:08:38:15 +0800] "GET /xingrg/javascript/easyui/themes/default/validatebox.css HTTP/1.1" 404 1104
120.253.135.82 - - [31/Jan/2024:08:38:16 +0800] "POST /xingrg/kc/pszx/mdps_order_operate.html HTTP/1.1" 200 20329
116.238.97.31 - - [31/Jan/2024:08:38:18 +0800] "GET /xingrg/kc/buy/cgsh_order_info.html?code=212024013113368 HTTP/1.1" 200 68409
116.238.97.31 - - [31/Jan/2024:08:38:18 +0800] "GET /xingrg/javascript/easyui/themes/default/validatebox.css HTTP/1.1" 404 1104
116.230.109.177 - - [31/Jan/2024:08:38:18 +0800] "GET /xingrg/all/function/internal_message.html?_=1706661431819&CODE_STATE=getMsg HTTP/1.1" 200 27
116.238.97.31 - - [31/Jan/2024:08:38:19 +0800] "POST /xingrg/kc/buy/cgsh_order_operate.html HTTP/1.1" 200 17737
116.238.97.31 - - [31/Jan/2024:08:38:25 +0800] "POST /xingrg/kc/buy/cgsh_list_operate.html HTTP/1.1" 200 1849
116.238.97.31 - - [31/Jan/2024:08:38:27 +0800] "POST /xingrg/kc/buy/cgsh_list_operate.html HTTP/1.1" 200 582
116.230.109.177 - - [31/Jan/2024:08:38:27 +0800] "GET /xingrg/all/function/internal_message.html?_=1706661440635&CODE_STATE=getMsg HTTP/1.1" 200 27
116.238.97.31 - - [31/Jan/2024:08:38:27 +0800] "GET /xingrg/kc/buy/cgsh_order_info.html?code=212024013113369 HTTP/1.1" 200 73511
116.238.97.31 - - [31/Jan/2024:08:38:28 +0800] "GET /xingrg/javascript/easyui/themes/default/validatebox.css HTTP/1.1" 404 1104
116.238.97.31 - - [31/Jan/2024:08:38:29 +0800] "POST /xingrg/kc/buy/cgsh_order_operate.html HTTP/1.1" 200 9798
120.253.135.82 - - [31/Jan/2024:08:38:31 +0800] "GET /xingrg/kc/pszx/mdps_order_info.html?code=312024013100869 HTTP/1.1" 200 23972
120.253.135.82 - - [31/Jan/2024:08:38:32 +0800] "GET /xingrg/javascript/easyui/themes/default/validatebox.css HTTP/1.1" 404 1104
120.253.135.82 - - [31/Jan/2024:08:38:32 +0800] "POST /xingrg/kc/pszx/mdps_order_operate.html HTTP/1.1" 200 20329
116.230.109.177 - - [31/Jan/2024:08:38:33 +0800] "GET /xingrg/check_reg.html?_=1706661446106 HTTP/1.1" 200 22
116.238.97.31 - - [31/Jan/2024:08:38:34 +0800] "POST /xingrg/kc/buy/cgsh_order_operate.html HTTP/1.1" 200 37
120.253.135.82 - - [31/Jan/2024:08:38:37 +0800] "POST /xingrg/kc/pszx/mdps_list_operate.html HTTP/1.1" 200 5136
124.78.154.219 - - [31/Jan/2024:08:38:38 +0800] "GET /xingrg/kc/buy/cgsh_order_operate.html?command=get_materiel&rest_code=00106&code=00101006112&supplier_code=00100096&order_time=2024-01-31 HTTP/1.1" 200 409
222.70.168.245 - - [31/Jan/2024:08:38:38 +0800] "GET /xingrg/all/function/internal_message.html?_=1706661528047&CODE_STATE=getMsg HTTP/1.1" 200 27
116.238.97.31 - - [31/Jan/2024:08:38:42 +0800] "POST /xingrg/kc/buy/cgsh_order_operate.html HTTP/1.1" 200 12
120.253.135.82 - - [31/Jan/2024:08:38:43 +0800] "GET /xingrg/all/function/internal_message.html?_=1706661350338&CODE_STATE=getMsg HTTP/1.1" 200 27
114.95.241.104 - - [31/Jan/2024:08:38:46 +0800] "GET /xingrg/all/function/internal_message.html?_=1706661526295&CODE_STATE=getMsg HTTP/1.1" 200 27
116.238.97.31 - - [31/Jan/2024:08:38:48 +0800] "GET /xingrg/all/function/internal_message.html?_=1706661528836&CODE_STATE=getMsg HTTP/1.1" 200 27
116.238.97.31 - - [31/Jan/2024:08:38:49 +0800] "GET /xingrg/kc/buy/cgsh_order_info.html?code=212024013113369 HTTP/1.1" 200 68409
180.164.1.25 - - [31/Jan/2024:08:38:49 +0800] "POST /xingrg/services/DataTransmitService HTTP/1.1" 200 524
116.238.97.31 - - [31/Jan/2024:08:38:49 +0800] "GET /xingrg/javascript/easyui/themes/default/validatebox.css HTTP/1.1" 404 1104
116.238.97.31 - - [31/Jan/2024:08:38:50 +0800] "POST /xingrg/kc/buy/cgsh_order_operate.html HTTP/1.1" 200 7723
180.169.147.146 - - [31/Jan/2024:08:38:54 +0800] "GET /xingrg/all/function/internal_message.html?_=1706661533057&CODE_STATE=getMsg HTTP/1.1" 200 27
124.78.154.219 - - [31/Jan/2024:08:38:56 +0800] "GET /xingrg/kc/buy/cgsh_order_operate.html?command=get_materiel&rest_code=00106&code=00101006111&supplier_code=00100096&order_time=2024-01-31 HTTP/1.1" 200 411
116.230.109.177 - - [31/Jan/2024:08:38:59 +0800] "GET /xingrg/all/function/internal_message.html?_=1706661472220&CODE_STATE=getMsg HTTP/1.1" 200 27
116.230.109.177 - - [31/Jan/2024:08:38:59 +0800] "GET /xingrg/check_reg.html?_=1706661472222 HTTP/1.1" 200 22
172.20.0.100 - - [31/Jan/2024:08:39:00 +0800] "GET /xingrg/all/function/internal_message.html?_=1706661528607&CODE_STATE=getMsg HTTP/1.1" 200 27
101.229.175.60 - - [31/Jan/2024:08:39:04 +0800] "GET /xingrg/all/function/internal_message.html?_=1706661549071&CODE_STATE=getMsg HTTP/1.1" 200 27
124.78.68.102 - - [31/Jan/2024:08:39:05 +0800] "GET /xingrg/all/function/internal_message.html?_=1706661545475&CODE_STATE=getMsg HTTP/1.1" 200 27
116.230.109.177 - - [31/Jan/2024:08:39:06 +0800] "GET /xingrg/all/function/internal_message.html?_=1706661479750&CODE_STATE=getMsg HTTP/1.1" 200 27
124.78.154.219 - - [31/Jan/2024:08:39:07 +0800] "GET /xingrg/check_reg.html?_=1706661544514 HTTP/1.1" 200 22
124.78.154.219 - - [31/Jan/2024:08:39:07 +0800] "GET /xingrg/all/function/internal_message.html?_=1706661544518&CODE_STATE=getMsg HTTP/1.1" 200 27
124.78.154.219 - - [31/Jan/2024:08:39:10 +0800] "GET /xingrg/kc/buy/cgsh_order_operate.html?command=get_materiel&rest_code=00106&code=00101006221&supplier_code=00100096&order_time=2024-01-31 HTTP/1.1" 200 417
172.20.0.100 - - [31/Jan/2024:08:39:11 +0800] "GET /xingrg/all/function/internal_message.html?_=1706661558660&CODE_STATE=getMsg HTTP/1.1" 200 27
116.230.109.177 - - [31/Jan/2024:08:39:18 +0800] "GET /xingrg/all/function/internal_message.html?_=1706661491802&CODE_STATE=getMsg HTTP/1.1" 200 27
116.230.109.177 - - [31/Jan/2024:08:39:27 +0800] "GET /xingrg/all/function/internal_message.html?_=1706661500634&CODE_STATE=getMsg HTTP/1.1" 200 27
120.253.135.82 - - [31/Jan/2024:08:39:35 +0800] "GET /xingrg/kc/pszx/mdqp_order_list.html?state=10 HTTP/1.1" 200 10319
120.253.135.82 - - [31/Jan/2024:08:39:35 +0800] "GET /xingrg/css/blue.css HTTP/1.1" 304 -
120.253.135.82 - - [31/Jan/2024:08:39:35 +0800] "GET /xingrg/dwr/interface/AjaxQqpsService.js HTTP/1.1" 200 16326
120.253.135.82 - - [31/Jan/2024:08:39:35 +0800] "GET /xingrg/javascript/Calendar.js HTTP/1.1" 304 -
120.253.135.82 - - [31/Jan/2024:08:39:35 +0800] "GET /xingrg/dwr/interface/AjaxReportQueryService.js HTTP/1.1" 200 13203
120.253.135.82 - - [31/Jan/2024:08:39:35 +0800] "GET /xingrg/dwr/util.js HTTP/1.1" 304 -
120.253.135.82 - - [31/Jan/2024:08:39:35 +0800] "GET /xingrg/dwr/engine.js HTTP/1.1" 200 43631
120.253.135.82 - - [31/Jan/2024:08:39:35 +0800] "GET /xingrg/javascript/jquery_easy_ui/themes/icons/back_new.png HTTP/1.1" 304 -
120.253.135.82 - - [31/Jan/2024:08:39:35 +0800] "GET /xingrg/javascript/jquery_easy_ui/themes/icons/uncheck_new.png HTTP/1.1" 304 -
120.253.135.82 - - [31/Jan/2024:08:39:35 +0800] "GET /xingrg/javascript/jquery_easy_ui/themes/icons/check_new.png HTTP/1.1" 304 -
120.253.135.82 - - [31/Jan/2024:08:39:37 +0800] "GET /xingrg/kc/report/report_main.html HTTP/1.1" 200 8599
120.253.135.82 - - [31/Jan/2024:08:39:37 +0800] "GET /xingrg/javascript/jquery_ui/themes/humanity/humanity.css HTTP/1.1" 304 -
222.70.168.245 - - [31/Jan/2024:08:39:38 +0800] "GET /xingrg/all/function/internal_message.html?_=1706661588052&CODE_STATE=getMsg HTTP/1.1" 200 27
120.253.135.82 - - [31/Jan/2024:08:39:41 +0800] "GET /xingrg/kc/pszx/mdqp_order_list.html?state=10 HTTP/1.1" 200 10319
120.253.135.82 - - [31/Jan/2024:08:39:41 +0800] "GET /xingrg/dwr/interface/AjaxQqpsService.js HTTP/1.1" 200 16326
120.253.135.82 - - [31/Jan/2024:08:39:41 +0800] "GET /xingrg/dwr/interface/AjaxReportQueryService.js HTTP/1.1" 200 13203
120.253.135.82 - - [31/Jan/2024:08:39:41 +0800] "GET /xingrg/dwr/engine.js HTTP/1.1" 200 43631
222.64.61.200 - - [31/Jan/2024:08:39:43 +0800] "POST /xingrg/services/DataTransmitService HTTP/1.1" 200 524
120.253.135.82 - - [31/Jan/2024:08:39:43 +0800] "GET /xingrg/all/function/internal_message.html?_=1706661410392&CODE_STATE=getMsg HTTP/1.1" 200 27
114.95.241.104 - - [31/Jan/2024:08:39:46 +0800] "GET /xingrg/all/function/internal_message.html?_=1706661586294&CODE_STATE=getMsg HTTP/1.1" 200 27
116.238.97.31 - - [31/Jan/2024:08:39:48 +0800] "GET /xingrg/all/function/internal_message.html?_=1706661588819&CODE_STATE=getMsg HTTP/1.1" 200 27
180.169.147.146 - - [31/Jan/2024:08:39:54 +0800] "GET /xingrg/all/function/internal_message.html?_=1706661593038&CODE_STATE=getMsg HTTP/1.1" 200 27
116.230.109.177 - - [31/Jan/2024:08:39:59 +0800] "GET /xingrg/all/function/internal_message.html?_=1706661532210&CODE_STATE=getMsg HTTP/1.1" 200 27
172.20.0.100 - - [31/Jan/2024:08:40:00 +0800] "GET /xingrg/all/function/internal_message.html?_=1706661588612&CODE_STATE=getMsg HTTP/1.1" 200 27
116.238.97.31 - - [31/Jan/2024:08:40:00 +0800] "POST /xingrg/kc/buy/cgsh_list_operate.html HTTP/1.1" 200 986
116.238.97.31 - - [31/Jan/2024:08:40:01 +0800] "GET /xingrg/kc/mdqp/qqps_order_list.html HTTP/1.1" 200 9222
116.238.97.31 - - [31/Jan/2024:08:40:02 +0800] "GET /xingrg/dwr/interface/AjaxQqpsService.js HTTP/1.1" 200 16326
116.238.97.31 - - [31/Jan/2024:08:40:02 +0800] "GET /xingrg/dwr/interface/AjaxReportQueryService.js HTTP/1.1" 200 13203
116.238.97.31 - - [31/Jan/2024:08:40:02 +0800] "GET /xingrg/dwr/engine.js HTTP/1.1" 200 43631
116.238.97.31 - - [31/Jan/2024:08:40:02 +0800] "GET /xingrg/javascript/jquery_easy_ui/themes/icons/check_new.png HTTP/1.1" 200 3224
116.238.97.31 - - [31/Jan/2024:08:40:02 +0800] "GET /xingrg/javascript/jquery_easy_ui/themes/icons/edit_add_new.png HTTP/1.1" 200 2997
116.238.97.31 - - [31/Jan/2024:08:40:02 +0800] "GET /xingrg/javascript/jquery_easy_ui/themes/icons/uncheck_new.png HTTP/1.1" 200 3197
116.238.97.31 - - [31/Jan/2024:08:40:02 +0800] "GET /xingrg/javascript/jquery_easy_ui/themes/icons/cance_new.png HTTP/1.1" 200 3986
101.229.175.60 - - [31/Jan/2024:08:40:04 +0800] "GET /xingrg/all/function/internal_message.html?_=1706661609058&CODE_STATE=getMsg HTTP/1.1" 200 27
124.78.68.102 - - [31/Jan/2024:08:40:05 +0800] "GET /xingrg/all/function/internal_message.html?_=1706661605456&CODE_STATE=getMsg HTTP/1.1" 200 27
124.78.154.219 - - [31/Jan/2024:08:40:06 +0800] "GET /xingrg/kc/buy/cgsh_order_operate.html?command=get_materiel&rest_code=00106&code=00101018021&supplier_code=00100096&order_time=2024-01-31 HTTP/1.1" 200 416
116.230.109.177 - - [31/Jan/2024:08:40:06 +0800] "GET /xingrg/all/function/internal_message.html?_=1706661539747&CODE_STATE=getMsg HTTP/1.1" 200 27
116.238.97.31 - - [31/Jan/2024:08:40:07 +0800] "GET /xingrg/kc/mdqp/qqps_order_list.html?isQuery=1&timeSelect=1&orderTime=day&startTime=2024-01-30&endTime=2024-01-30&state=all&query=%C8%B7++%B6%A8 HTTP/1.1" 200 13012
116.238.97.31 - - [31/Jan/2024:08:40:07 +0800] "GET /xingrg/dwr/interface/AjaxQqpsService.js HTTP/1.1" 200 16326
116.238.97.31 - - [31/Jan/2024:08:40:07 +0800] "GET /xingrg/dwr/interface/AjaxReportQueryService.js HTTP/1.1" 200 13203
116.238.97.31 - - [31/Jan/2024:08:40:07 +0800] "GET /xingrg/dwr/engine.js HTTP/1.1" 200 43631
124.78.154.219 - - [31/Jan/2024:08:40:07 +0800] "GET /xingrg/all/function/internal_message.html?_=1706661604517&CODE_STATE=getMsg HTTP/1.1" 200 27
172.20.0.100 - - [31/Jan/2024:08:40:11 +0800] "GET /xingrg/all/function/internal_message.html?_=1706661618659&CODE_STATE=getMsg HTTP/1.1" 200 27
116.230.109.177 - - [31/Jan/2024:08:40:18 +0800] "GET /xingrg/all/function/internal_message.html?_=1706661551781&CODE_STATE=getMsg HTTP/1.1" 200 27
124.78.154.219 - - [31/Jan/2024:08:40:22 +0800] "POST /xingrg/kc/buy/cgsh_order_operate.html HTTP/1.1" 200 37
124.78.154.219 - - [31/Jan/2024:08:40:24 +0800] "POST /xingrg/kc/buy/cgsh_order_operate.html HTTP/1.1" 200 11594
116.230.109.177 - - [31/Jan/2024:08:40:27 +0800] "GET /xingrg/all/function/internal_message.html?_=1706661560620&CODE_STATE=getMsg HTTP/1.1" 200 27
222.70.168.245 - - [31/Jan/2024:08:40:39 +0800] "GET /xingrg/all/function/internal_message.html?_=1706661648617&CODE_STATE=getMsg HTTP/1.1" 200 27
124.78.68.102 - - [31/Jan/2024:08:40:40 +0800] "GET /xingrg/check_reg.html?_=1706661640717 HTTP/1.1" 200 22
124.78.154.219 - - [31/Jan/2024:08:40:40 +0800] "POST /xingrg/kc/buy/cgsh_order_operate.html HTTP/1.1" 200 37
120.253.135.82 - - [31/Jan/2024:08:40:43 +0800] "GET /xingrg/check_reg.html?_=1706661470289 HTTP/1.1" 200 22
120.253.135.82 - - [31/Jan/2024:08:40:43 +0800] "GET /xingrg/all/function/internal_message.html?_=1706661470397&CODE_STATE=getMsg HTTP/1.1" 200 27
114.95.241.104 - - [31/Jan/2024:08:40:46 +0800] "GET /xingrg/all/function/internal_message.html?_=1706661646304&CODE_STATE=getMsg HTTP/1.1" 200 27
124.78.154.219 - - [31/Jan/2024:08:40:48 +0800] "POST /xingrg/kc/buy/cgsh_order_operate.html HTTP/1.1" 200 11594
116.238.97.31 - - [31/Jan/2024:08:40:48 +0800] "GET /xingrg/all/function/internal_message.html?_=1706661648814&CODE_STATE=getMsg HTTP/1.1" 200 27
120.253.135.82 - - [31/Jan/2024:08:40:48 +0800] "GET /xingrg/kc/pszx/mdqp_order_list.html?state=10 HTTP/1.1" 200 10319
120.253.135.82 - - [31/Jan/2024:08:40:49 +0800] "GET /xingrg/dwr/interface/AjaxQqpsService.js HTTP/1.1" 200 16326
120.253.135.82 - - [31/Jan/2024:08:40:49 +0800] "GET /xingrg/dwr/interface/AjaxReportQueryService.js HTTP/1.1" 200 13203
120.253.135.82 - - [31/Jan/2024:08:40:49 +0800] "GET /xingrg/dwr/engine.js HTTP/1.1" 200 43631
120.253.135.82 - - [31/Jan/2024:08:40:52 +0800] "GET /xingrg/kc/pszx/mdth_order_list.html HTTP/1.1" 200 18419
120.253.135.82 - - [31/Jan/2024:08:40:52 +0800] "POST /xingrg/kc/pszx/mdth_order_new_list.html HTTP/1.1" 200 4737
180.169.147.146 - - [31/Jan/2024:08:40:54 +0800] "GET /xingrg/all/function/internal_message.html?_=1706661653026&CODE_STATE=getMsg HTTP/1.1" 200 27
120.253.135.82 - - [31/Jan/2024:08:40:56 +0800] "GET /xingrg/kc/pszx/mdqp_order_list.html?state=10 HTTP/1.1" 200 10319
120.253.135.82 - - [31/Jan/2024:08:40:56 +0800] "GET /xingrg/dwr/interface/AjaxReportQueryService.js HTTP/1.1" 200 13203
120.253.135.82 - - [31/Jan/2024:08:40:56 +0800] "GET /xingrg/dwr/interface/AjaxQqpsService.js HTTP/1.1" 200 16326
120.253.135.82 - - [31/Jan/2024:08:40:56 +0800] "GET /xingrg/dwr/engine.js HTTP/1.1" 200 43631
116.230.109.177 - - [31/Jan/2024:08:40:59 +0800] "GET /xingrg/all/function/internal_message.html?_=1706661592203&CODE_STATE=getMsg HTTP/1.1" 200 27
172.20.0.100 - - [31/Jan/2024:08:41:00 +0800] "GET /xingrg/all/function/internal_message.html?_=1706661648615&CODE_STATE=getMsg HTTP/1.1" 200 27
101.229.175.60 - - [31/Jan/2024:08:41:04 +0800] "GET /xingrg/all/function/internal_message.html?_=1706661669045&CODE_STATE=getMsg HTTP/1.1" 200 27
124.78.68.102 - - [31/Jan/2024:08:41:05 +0800] "GET /xingrg/all/function/internal_message.html?_=1706661665453&CODE_STATE=getMsg HTTP/1.1" 200 27
222.70.168.245 - - [31/Jan/2024:08:41:06 +0800] "GET /xingrg/check_reg.html?_=1706661676115 HTTP/1.1" 200 22
116.230.109.177 - - [31/Jan/2024:08:41:06 +0800] "GET /xingrg/all/function/internal_message.html?_=1706661599730&CODE_STATE=getMsg HTTP/1.1" 200 27
124.78.154.219 - - [31/Jan/2024:08:41:07 +0800] "GET /xingrg/all/function/internal_message.html?_=1706661664538&CODE_STATE=getMsg HTTP/1.1" 200 27
172.20.0.100 - - [31/Jan/2024:08:41:11 +0800] "GET /xingrg/all/function/internal_message.html?_=1706661678657&CODE_STATE=getMsg HTTP/1.1" 200 27
172.20.0.100 - - [31/Jan/2024:08:41:11 +0800] "GET /xingrg/check_reg.html?_=1706661678658 HTTP/1.1" 200 22
124.78.154.219 - - [31/Jan/2024:08:41:16 +0800] "GET /xingrg/kc/buy/cgsh_order_operate.html?command=get_materiel&rest_code=00106&code=00101007061&supplier_code=00100096&order_time=2024-01-31 HTTP/1.1" 200 411
116.230.109.177 - - [31/Jan/2024:08:41:18 +0800] "GET /xingrg/all/function/internal_message.html?_=1706661611765&CODE_STATE=getMsg HTTP/1.1" 200 27
120.253.135.82 - - [31/Jan/2024:08:41:20 +0800] "GET /xingrg/kc/pszx/jzcl_ps.html HTTP/1.1" 200 7683
120.253.135.82 - - [31/Jan/2024:08:41:20 +0800] "GET /xingrg/javascript/step/step.css HTTP/1.1" 304 -
120.253.135.82 - - [31/Jan/2024:08:41:20 +0800] "GET /xingrg/css/table.css HTTP/1.1" 304 -
120.253.135.82 - - [31/Jan/2024:08:41:20 +0800] "GET /xingrg/javascript/tools/jquery.qtip-1.0.0-rc3.min.js HTTP/1.1" 304 -
120.253.135.82 - - [31/Jan/2024:08:41:20 +0800] "GET /xingrg/javascript/step/images/navCurrentBtn.gif HTTP/1.1" 304 -
120.253.135.82 - - [31/Jan/2024:08:41:20 +0800] "GET /xingrg/javascript/jquery_easy_ui/themes/default/images/button_a_bg.gif HTTP/1.1" 304 -
120.253.135.82 - - [31/Jan/2024:08:41:20 +0800] "GET /xingrg/javascript/jquery_easy_ui/themes/default/images/button_span_bg.gif HTTP/1.1" 304 -
120.253.135.82 - - [31/Jan/2024:08:41:20 +0800] "GET /xingrg/javascript/jquery_easy_ui/themes/icons/search.png HTTP/1.1" 304 -
120.253.135.82 - - [31/Jan/2024:08:41:20 +0800] "GET /xingrg/javascript/jquery_easy_ui/themes/default/images/combo_arrow_dot.gif HTTP/1.1" 304 -
120.253.135.82 - - [31/Jan/2024:08:41:20 +0800] "GET /xingrg/javascript/jquery_easy_ui/themes/default/images/calendar_prevmonth.gif HTTP/1.1" 304 -
120.253.135.82 - - [31/Jan/2024:08:41:20 +0800] "GET /xingrg/javascript/jquery_easy_ui/themes/default/images/calendar_nextmonth.gif HTTP/1.1" 304 -
120.253.135.82 - - [31/Jan/2024:08:41:20 +0800] "GET /xingrg/javascript/jquery_easy_ui/themes/default/images/calendar_prevyear.gif HTTP/1.1" 304 -
120.253.135.82 - - [31/Jan/2024:08:41:20 +0800] "GET /xingrg/javascript/jquery_easy_ui/themes/default/images/calendar_nextyear.gif HTTP/1.1" 304 -
120.253.135.82 - - [31/Jan/2024:08:41:20 +0800] "POST /xingrg/all/common/load_tree.html?tree=area_rest_tree_json HTTP/1.1" 200 3624
120.253.135.82 - - [31/Jan/2024:08:41:20 +0800] "GET /xingrg/javascript/jquery_easy_ui/themes/default/images/datagrid_header_bg.gif HTTP/1.1" 304 -
120.253.135.82 - - [31/Jan/2024:08:41:20 +0800] "GET /xingrg/javascript/jquery_easy_ui/themes/default/images/pagination_loading.gif HTTP/1.1" 304 -
120.253.135.82 - - [31/Jan/2024:08:41:20 +0800] "GET /xingrg/javascript/jquery_easy_ui/themes/default/images/tree_checkbox_0.gif HTTP/1.1" 304 -
120.253.135.82 - - [31/Jan/2024:08:41:20 +0800] "GET /xingrg/javascript/jquery_easy_ui/themes/icons/rest.png HTTP/1.1" 304 -
120.253.135.82 - - [31/Jan/2024:08:41:21 +0800] "POST /xingrg/kc/pszx/jzcl_ps_operate.html HTTP/1.1" 200 21
120.253.135.82 - - [31/Jan/2024:08:41:21 +0800] "POST /xingrg/kc/pszx/jzcl_ps_operate.html HTTP/1.1" 200 21
120.253.135.82 - - [31/Jan/2024:08:41:24 +0800] "GET /xingrg/kc/pszx/jzcl_ps.html HTTP/1.1" 200 7683
120.253.135.82 - - [31/Jan/2024:08:41:24 +0800] "POST /xingrg/all/common/load_tree.html?tree=area_rest_tree_json HTTP/1.1" 200 3624
120.253.135.82 - - [31/Jan/2024:08:41:25 +0800] "POST /xingrg/kc/pszx/jzcl_ps_operate.html HTTP/1.1" 200 21
120.253.135.82 - - [31/Jan/2024:08:41:25 +0800] "POST /xingrg/kc/pszx/jzcl_ps_operate.html HTTP/1.1" 200 21
116.230.109.177 - - [31/Jan/2024:08:41:27 +0800] "GET /xingrg/all/function/internal_message.html?_=1706661620632&CODE_STATE=getMsg HTTP/1.1" 200 27
116.230.109.177 - - [31/Jan/2024:08:41:27 +0800] "GET /xingrg/check_reg.html?_=1706661620635 HTTP/1.1" 200 22
101.229.175.60 - - [31/Jan/2024:08:41:28 +0800] "GET /xingrg/check_reg.html?_=1706661692760 HTTP/1.1" 200 22
120.253.135.82 - - [31/Jan/2024:08:41:32 +0800] "GET /xingrg/kc/pszx/mdth_order_list.html HTTP/1.1" 200 18419
120.253.135.82 - - [31/Jan/2024:08:41:33 +0800] "POST /xingrg/kc/pszx/mdth_order_new_list.html HTTP/1.1" 200 4737
124.78.154.219 - - [31/Jan/2024:08:41:35 +0800] "GET /xingrg/kc/buy/cgsh_order_operate.html?command=get_materiel&rest_code=00106&code=00101007090&supplier_code=00100096&order_time=2024-01-31 HTTP/1.1" 200 413
222.70.168.245 - - [31/Jan/2024:08:41:39 +0800] "GET /xingrg/all/function/internal_message.html?_=1706661708625&CODE_STATE=getMsg HTTP/1.1" 200 27
114.95.241.104 - - [31/Jan/2024:08:41:46 +0800] "GET /xingrg/all/function/internal_message.html?_=1706661706303&CODE_STATE=getMsg HTTP/1.1" 200 27
116.238.97.31 - - [31/Jan/2024:08:41:48 +0800] "GET /xingrg/all/function/internal_message.html?_=1706661708803&CODE_STATE=getMsg HTTP/1.1" 200 27
180.169.147.146 - - [31/Jan/2024:08:41:54 +0800] "GET /xingrg/all/function/internal_message.html?_=1706661713013&CODE_STATE=getMsg HTTP/1.1" 200 27
116.230.109.177 - - [31/Jan/2024:08:41:59 +0800] "GET /xingrg/all/function/internal_message.html?_=1706661652218&CODE_STATE=getMsg HTTP/1.1" 200 27
172.20.0.100 - - [31/Jan/2024:08:42:00 +0800] "GET /xingrg/all/function/internal_message.html?_=1706661708604&CODE_STATE=getMsg HTTP/1.1" 200 27
101.229.175.60 - - [31/Jan/2024:08:42:04 +0800] "GET /xingrg/all/function/internal_message.html?_=1706661729019&CODE_STATE=getMsg HTTP/1.1" 200 27
124.78.68.102 - - [31/Jan/2024:08:42:05 +0800] "GET /xingrg/all/function/internal_message.html?_=1706661725440&CODE_STATE=getMsg HTTP/1.1" 200 27
116.230.109.177 - - [31/Jan/2024:08:42:06 +0800] "GET /xingrg/all/function/internal_message.html?_=1706661659709&CODE_STATE=getMsg HTTP/1.1" 200 27
124.78.154.219 - - [31/Jan/2024:08:42:07 +0800] "GET /xingrg/all/function/internal_message.html?_=1706661724608&CODE_STATE=getMsg HTTP/1.1" 200 27
172.20.0.100 - - [31/Jan/2024:08:42:11 +0800] "GET /xingrg/all/function/internal_message.html?_=1706661738656&CODE_STATE=getMsg HTTP/1.1" 200 27
124.78.154.219 - - [31/Jan/2024:08:42:11 +0800] "GET /xingrg/kc/buy/cgsh_order_operate.html?command=get_materiel&rest_code=00106&code=00101007081&supplier_code=00100096&order_time=2024-01-31 HTTP/1.1" 200 413
116.230.109.177 - - [31/Jan/2024:08:42:18 +0800] "GET /xingrg/all/function/internal_message.html?_=1706661671738&CODE_STATE=getMsg HTTP/1.1" 200 27
116.230.109.177 - - [31/Jan/2024:08:42:27 +0800] "GET /xingrg/check_reg.html?_=1706661680276 HTTP/1.1" 200 22
116.230.109.177 - - [31/Jan/2024:08:42:27 +0800] "GET /xingrg/all/function/internal_message.html?_=1706661680624&CODE_STATE=getMsg HTTP/1.1" 200 27
124.78.154.219 - - [31/Jan/2024:08:42:34 +0800] "GET /xingrg/kc/buy/cgsh_order_operate.html?command=get_materiel&rest_code=00106&code=00101007049&supplier_code=00100096&order_time=2024-01-31 HTTP/1.1" 200 409
222.70.168.245 - - [31/Jan/2024:08:42:39 +0800] "GET /xingrg/all/function/internal_message.html?_=1706661768639&CODE_STATE=getMsg HTTP/1.1" 200 27
120.253.135.82 - - [31/Jan/2024:08:42:39 +0800] "GET /xingrg/login.html HTTP/1.1" 200 7641
120.253.135.82 - - [31/Jan/2024:08:42:39 +0800] "GET /xingrg/images/blue/jxLogo.png HTTP/1.1" 304 -
120.253.135.82 - - [31/Jan/2024:08:42:39 +0800] "GET /xingrg/images/blue/login_bg.png HTTP/1.1" 304 -
120.253.135.82 - - [31/Jan/2024:08:42:39 +0800] "GET /xingrg/images/blue/hj.png HTTP/1.1" 304 -
120.253.135.82 - - [31/Jan/2024:08:42:40 +0800] "GET /xingrg/images/blue/srbg.png HTTP/1.1" 304 -
120.253.135.82 - - [31/Jan/2024:08:42:40 +0800] "GET /favicon.ico HTTP/1.1" 404 -
120.253.135.82 - - [31/Jan/2024:08:42:45 +0800] "POST /xingrg/login.do HTTP/1.1" 302 -
120.253.135.82 - - [31/Jan/2024:08:42:45 +0800] "GET /xingrg/index.html?sysBaseUrl=http%3A%2F%2F180.169.147.146%3A18081%2Fxingrg%2F&costTime=821×tamp=1706661765473 HTTP/1.1" 200 17173
120.253.135.82 - - [31/Jan/2024:08:42:45 +0800] "GET /xingrg/javascript/jquery_easy_ui/themes/icon.css HTTP/1.1" 304 -
120.253.135.82 - - [31/Jan/2024:08:42:45 +0800] "GET /xingrg/javascript/jquery_easy_ui/themes/default/easyui.css HTTP/1.1" 304 -
120.253.135.82 - - [31/Jan/2024:08:42:45 +0800] "GET /xingrg/css/form.css HTTP/1.1" 304 -
120.253.135.82 - - [31/Jan/2024:08:42:45 +0800] "GET /favicon.ico HTTP/1.1" 404 -
120.253.135.82 - - [31/Jan/2024:08:42:45 +0800] "GET /xingrg/javascript/jquery-1.4.2.min.js HTTP/1.1" 304 -
120.253.135.82 - - [31/Jan/2024:08:42:45 +0800] "GET /xingrg/javascript/jquery_easy_ui/jquery.easyui.min.js HTTP/1.1" 304 -
120.253.135.82 - - [31/Jan/2024:08:42:45 +0800] "GET /xingrg/javascript/jquery.form.js HTTP/1.1" 304 -
120.253.135.82 - - [31/Jan/2024:08:42:45 +0800] "GET /xingrg/javascript/jquery.utils.js HTTP/1.1" 304 -
120.253.135.82 - - [31/Jan/2024:08:42:45 +0800] "GET /xingrg/javascript/jquery_easy_ui/easyui-lang-zh_CN.js HTTP/1.1" 304 -
120.253.135.82 - - [31/Jan/2024:08:42:45 +0800] "GET /xingrg/javascript/jquery.timers.js HTTP/1.1" 304 -
120.253.135.82 - - [31/Jan/2024:08:42:45 +0800] "GET /xingrg/images/blue/navBackgound.jpg HTTP/1.1" 304 -
120.253.135.82 - - [31/Jan/2024:08:42:45 +0800] "GET /xingrg/javascript/jquery_easy_ui/themes/default/images/tabs_rightarrow.png HTTP/1.1" 304 -
120.253.135.82 - - [31/Jan/2024:08:42:45 +0800] "GET /xingrg/javascript/jquery_easy_ui/themes/icons/settle_new.png HTTP/1.1" 304 -
120.253.135.82 - - [31/Jan/2024:08:42:45 +0800] "GET /xingrg/images/blue/pingpu.png HTTP/1.1" 304 -
120.253.135.82 - - [31/Jan/2024:08:42:45 +0800] "GET /xingrg/javascript/jquery_easy_ui/themes/default/images/tabs_leftarrow.png HTTP/1.1" 304 -
120.253.135.82 - - [31/Jan/2024:08:42:45 +0800] "GET /xingrg/javascript/jquery_easy_ui/themes/default/images/panel_tool_collapse.gif HTTP/1.1" 304 -
120.253.135.82 - - [31/Jan/2024:08:42:45 +0800] "GET /xingrg/all/function/internal_message.html?_=1706661592458&CODE_STATE=count HTTP/1.1" 200 11
120.253.135.82 - - [31/Jan/2024:08:42:45 +0800] "GET /xingrg/check_reg.html?_=1706661592459 HTTP/1.1" 200 22
120.253.135.82 - - [31/Jan/2024:08:42:46 +0800] "POST /xingrg/all/common/load_tree.html?tree=area_rest_tree_json&manage=1 HTTP/1.1" 200 344
120.253.135.82 - - [31/Jan/2024:08:42:46 +0800] "POST /xingrg/load_menu.html HTTP/1.1" 200 6743
120.253.135.82 - - [31/Jan/2024:08:42:46 +0800] "GET /xingrg/javascript/jquery_easy_ui/themes/default/images/tree_arrows.gif HTTP/1.1" 304 -
120.253.135.82 - - [31/Jan/2024:08:42:46 +0800] "GET /xingrg/javascript/jquery_easy_ui/themes/icons/delivery_new.png HTTP/1.1" 304 -
120.253.135.82 - - [31/Jan/2024:08:42:46 +0800] "GET /xingrg/javascript/jquery_easy_ui/themes/default/images/tree_folder_open.gif HTTP/1.1" 304 -
120.253.135.82 - - [31/Jan/2024:08:42:46 +0800] "GET /xingrg/javascript/jquery_easy_ui/themes/default/images/tree_file.gif HTTP/1.1" 304 -
120.253.135.82 - - [31/Jan/2024:08:42:46 +0800] "GET /xingrg/javascript/jquery_easy_ui/themes/icons/search_new.png HTTP/1.1" 304 -
120.253.135.82 - - [31/Jan/2024:08:42:46 +0800] "GET /xingrg/javascript/jquery_easy_ui/themes/icons/storage_new.png HTTP/1.1" 304 -
120.253.135.82 - - [31/Jan/2024:08:42:46 +0800] "GET /xingrg/javascript/jquery_easy_ui/themes/default/images/tree_folder.gif HTTP/1.1" 304 -
120.253.135.82 - - [31/Jan/2024:08:42:46 +0800] "GET /xingrg/javascript/jquery_easy_ui/themes/icons/forms_new.png HTTP/1.1" 304 -
114.95.241.104 - - [31/Jan/2024:08:42:46 +0800] "GET /xingrg/check_reg.html?_=1706661766304 HTTP/1.1" 200 22
114.95.241.104 - - [31/Jan/2024:08:42:46 +0800] "GET /xingrg/all/function/internal_message.html?_=1706661766305&CODE_STATE=getMsg HTTP/1.1" 200 27
116.238.97.31 - - [31/Jan/2024:08:42:48 +0800] "GET /xingrg/all/function/internal_message.html?_=1706661768777&CODE_STATE=getMsg HTTP/1.1" 200 27
116.238.97.31 - - [31/Jan/2024:08:42:48 +0800] "GET /xingrg/check_reg.html?_=1706661768863 HTTP/1.1" 200 22
120.253.135.82 - - [31/Jan/2024:08:42:52 +0800] "GET /xingrg/javascript/jquery_easy_ui/themes/default/images/tabs_close.gif HTTP/1.1" 304 -
120.253.135.82 - - [31/Jan/2024:08:42:53 +0800] "GET /xingrg/kc/pszx/mdps_order_list.html?orderType=0 HTTP/1.1" 200 20995
120.253.135.82 - - [31/Jan/2024:08:42:53 +0800] "GET /xingrg/css/base.css HTTP/1.1" 304 -
120.253.135.82 - - [31/Jan/2024:08:42:53 +0800] "GET /xingrg/css/site.css HTTP/1.1" 304 -
120.253.135.82 - - [31/Jan/2024:08:42:53 +0800] "GET /xingrg/javascript/easyui/themes/icon.css HTTP/1.1" 304 -
120.253.135.82 - - [31/Jan/2024:08:42:53 +0800] "GET /xingrg/javascript/jquery_tools/datebox.css HTTP/1.1" 304 -
120.253.135.82 - - [31/Jan/2024:08:42:53 +0800] "GET /xingrg/javascript/jquery_tools/jquery.tools.hotkey.js HTTP/1.1" 304 -
120.253.135.82 - - [31/Jan/2024:08:42:53 +0800] "GET /xingrg/javascript/auto/jquery.autocomplete.css HTTP/1.1" 304 -
120.253.135.82 - - [31/Jan/2024:08:42:53 +0800] "GET /xingrg/javascript/jquery_tools/jquery.tools.extend.js HTTP/1.1" 304 -
120.253.135.82 - - [31/Jan/2024:08:42:53 +0800] "GET /xingrg/javascript/easyui/themes/default/easyui.css HTTP/1.1" 304 -
120.253.135.82 - - [31/Jan/2024:08:42:53 +0800] "GET /xingrg/javascript/jquery_tools/jquery.tools.table.js HTTP/1.1" 304 -
120.253.135.82 - - [31/Jan/2024:08:42:53 +0800] "GET /xingrg/javascript/easyui/easyloader.js HTTP/1.1" 304 -
120.253.135.82 - - [31/Jan/2024:08:42:53 +0800] "GET /xingrg/javascript/auto/jquery.autocomplete.js HTTP/1.1" 304 -
120.253.135.82 - - [31/Jan/2024:08:42:53 +0800] "GET /xingrg/javascript/jquery.cookie.js HTTP/1.1" 304 -
120.253.135.82 - - [31/Jan/2024:08:42:53 +0800] "GET /xingrg/javascript/jquery_tools/jquery.tools.min.js HTTP/1.1" 304 -
120.253.135.82 - - [31/Jan/2024:08:42:53 +0800] "GET /xingrg/javascript/jquery_tools/table.css HTTP/1.1" 304 -
120.253.135.82 - - [31/Jan/2024:08:42:53 +0800] "GET /xingrg/javascript/jquery_tools/list_manager.js HTTP/1.1" 304 -
120.253.135.82 - - [31/Jan/2024:08:42:53 +0800] "GET /xingrg/javascript/print/LodopFuncs.js HTTP/1.1" 304 -
120.253.135.82 - - [31/Jan/2024:08:42:53 +0800] "GET /xingrg/javascript/jquery_tools/fix.css HTTP/1.1" 304 -
120.253.135.82 - - [31/Jan/2024:08:42:53 +0800] "GET /xingrg/javascript/easyui/themes/icons/cance_new.png HTTP/1.1" 304 -
120.253.135.82 - - [31/Jan/2024:08:42:53 +0800] "GET /xingrg/javascript/easyui/themes/icons/check_new.png HTTP/1.1" 304 -
120.253.135.82 - - [31/Jan/2024:08:42:53 +0800] "GET /xingrg/javascript/easyui/themes/icons/uncheck_new.png HTTP/1.1" 304 -
120.253.135.82 - - [31/Jan/2024:08:42:53 +0800] "GET /xingrg/javascript/easyui/themes/icons/edit_add_new.png HTTP/1.1" 304 -
120.253.135.82 - - [31/Jan/2024:08:42:53 +0800] "GET /xingrg/javascript/easyui/themes/icons/field_new.png HTTP/1.1" 304 -
120.253.135.82 - - [31/Jan/2024:08:42:53 +0800] "GET /xingrg/javascript/easyui/themes/icons/import_new.png HTTP/1.1" 304 -
120.253.135.82 - - [31/Jan/2024:08:42:53 +0800] "GET /xingrg/javascript/jquery_easy_ui/themes/icons/area.png HTTP/1.1" 304 -
120.253.135.82 - - [31/Jan/2024:08:42:53 +0800] "GET /xingrg/javascript/jquery_easy_ui/themes/icons/manage.png HTTP/1.1" 304 -
120.253.135.82 - - [31/Jan/2024:08:42:53 +0800] "GET /xingrg/javascript/easyui/plugins/jquery.parser.js HTTP/1.1" 304 -
120.253.135.82 - - [31/Jan/2024:08:42:53 +0800] "GET /xingrg/images/control/ajaxLoader.gif HTTP/1.1" 304 -
120.253.135.82 - - [31/Jan/2024:08:42:53 +0800] "POST /xingrg/kc/pszx/mdps_list_operate.html HTTP/1.1" 200 5601
180.169.147.146 - - [31/Jan/2024:08:42:54 +0800] "GET /xingrg/all/function/internal_message.html?_=1706661772993&CODE_STATE=getMsg HTTP/1.1" 200 27
120.253.135.82 - - [31/Jan/2024:08:42:55 +0800] "GET /xingrg/javascript/auto/indicator.gif HTTP/1.1" 404 1066
120.253.135.82 - - [31/Jan/2024:08:42:58 +0800] "POST /xingrg/kc/pszx/mdps_list_operate.html HTTP/1.1" 200 5136
116.230.109.177 - - [31/Jan/2024:08:42:59 +0800] "GET /xingrg/all/function/internal_message.html?_=1706661712216&CODE_STATE=getMsg HTTP/1.1" 200 27
172.20.0.100 - - [31/Jan/2024:08:43:00 +0800] "GET /xingrg/all/function/internal_message.html?_=1706661768606&CODE_STATE=getMsg HTTP/1.1" 200 27
172.20.0.100 - - [31/Jan/2024:08:43:00 +0800] "GET /xingrg/check_reg.html?_=1706661768609 HTTP/1.1" 200 22
120.253.135.82 - - [31/Jan/2024:08:43:03 +0800] "POST /xingrg/kc/pszx/mdps_list_operate.html HTTP/1.1" 200 598
120.253.135.82 - - [31/Jan/2024:08:43:04 +0800] "GET /xingrg/kc/pszx/mdps_order_info.html?code=312024013100869 HTTP/1.1" 200 23972
120.253.135.82 - - [31/Jan/2024:08:43:04 +0800] "GET /xingrg/javascript/myfunction.js HTTP/1.1" 304 -
120.253.135.82 - - [31/Jan/2024:08:43:04 +0800] "GET /xingrg/javascript/convert.js HTTP/1.1" 304 -
120.253.135.82 - - [31/Jan/2024:08:43:04 +0800] "GET /xingrg/javascript/jquery_tools/order_manager.js HTTP/1.1" 304 -
120.253.135.82 - - [31/Jan/2024:08:43:04 +0800] "GET /xingrg/javascript/print/kc_print.js HTTP/1.1" 304 -
120.253.135.82 - - [31/Jan/2024:08:43:04 +0800] "GET /xingrg/javascript/pic_change.js HTTP/1.1" 304 -
120.253.135.82 - - [31/Jan/2024:08:43:04 +0800] "GET /xingrg/javascript/json2.js HTTP/1.1" 304 -
120.253.135.82 - - [31/Jan/2024:08:43:04 +0800] "GET /xingrg/words/20240130135711_words.js HTTP/1.1" 304 -
120.253.135.82 - - [31/Jan/2024:08:43:04 +0800] "GET /xingrg/javascript/easyui/themes/icons/copy_new.png HTTP/1.1" 304 -
120.253.135.82 - - [31/Jan/2024:08:43:04 +0800] "GET /xingrg/javascript/easyui/themes/icons/print.png HTTP/1.1" 304 -
120.253.135.82 - - [31/Jan/2024:08:43:04 +0800] "GET /xingrg/javascript/easyui/themes/icons/ok.png HTTP/1.1" 304 -
120.253.135.82 - - [31/Jan/2024:08:43:04 +0800] "GET /xingrg/javascript/easyui/themes/icons/cancel.png HTTP/1.1" 304 -
