114.95.241.104 - - [30/Jan/2024:09:43:49 +0800] "GET /xingrg/javascript/jquery_easy_ui/themes/icons/settle_new.png HTTP/1.1" 304 -
114.95.241.104 - - [30/Jan/2024:09:43:49 +0800] "GET /xingrg/images/blue/navBackgound.jpg HTTP/1.1" 304 -
114.95.241.104 - - [30/Jan/2024:09:43:49 +0800] "POST /xingrg/all/common/load_tree.html?tree=area_rest_tree_json&manage=1 HTTP/1.1" 200 476
114.95.241.104 - - [30/Jan/2024:09:43:49 +0800] "GET /xingrg/all/function/internal_message.html?_=1706579029407&CODE_STATE=count HTTP/1.1" 200 11
114.95.241.104 - - [30/Jan/2024:09:43:49 +0800] "GET /xingrg/check_reg.html?_=1706579029407 HTTP/1.1" 200 22
114.95.241.104 - - [30/Jan/2024:09:43:49 +0800] "GET /xingrg/javascript/jquery_easy_ui/themes/default/images/tabs_leftarrow.png HTTP/1.1" 304 -
114.95.241.104 - - [30/Jan/2024:09:43:49 +0800] "GET /xingrg/javascript/jquery_easy_ui/themes/default/images/panel_tool_collapse.gif HTTP/1.1" 304 -
114.95.241.104 - - [30/Jan/2024:09:43:49 +0800] "POST /xingrg/load_menu.html HTTP/1.1" 200 5138
114.95.241.104 - - [30/Jan/2024:09:43:49 +0800] "GET /xingrg/javascript/jquery_easy_ui/themes/icons/storage_new.png HTTP/1.1" 304 -
114.95.241.104 - - [30/Jan/2024:09:43:49 +0800] "GET /xingrg/javascript/jquery_easy_ui/themes/icons/search_new.png HTTP/1.1" 304 -
114.95.241.104 - - [30/Jan/2024:09:43:49 +0800] "GET /xingrg/javascript/jquery_easy_ui/themes/default/images/tree_file.gif HTTP/1.1" 304 -
114.95.241.104 - - [30/Jan/2024:09:43:49 +0800] "GET /xingrg/javascript/jquery_easy_ui/themes/icons/forms_new.png HTTP/1.1" 304 -
114.95.241.104 - - [30/Jan/2024:09:43:49 +0800] "GET /xingrg/javascript/jquery_easy_ui/themes/default/images/tree_folder.gif HTTP/1.1" 304 -
114.95.241.104 - - [30/Jan/2024:09:43:49 +0800] "GET /xingrg/javascript/jquery_easy_ui/themes/default/images/tree_folder_open.gif HTTP/1.1" 304 -
114.95.241.104 - - [30/Jan/2024:09:43:49 +0800] "GET /xingrg/javascript/jquery_easy_ui/themes/default/images/tree_arrows.gif HTTP/1.1" 304 -
114.95.241.104 - - [30/Jan/2024:09:43:49 +0800] "GET /xingrg/javascript/jquery_easy_ui/themes/default/images/tabs_rightarrow.png HTTP/1.1" 304 -
114.95.241.104 - - [30/Jan/2024:09:43:49 +0800] "GET /xingrg/images/blue/pingpu.png HTTP/1.1" 304 -
114.95.241.104 - - [30/Jan/2024:09:43:52 +0800] "GET /xingrg/kc/buy/cgsh_order_list.html HTTP/1.1" 200 57412
120.253.135.82 - - [30/Jan/2024:09:43:53 +0800] "GET /xingrg/all/function/internal_message.html?_=1706578858878&CODE_STATE=getMsg HTTP/1.1" 200 27
114.95.241.104 - - [30/Jan/2024:09:43:54 +0800] "POST /xingrg/kc/buy/cgsh_list_operate.html HTTP/1.1" 200 986
124.78.68.102 - - [30/Jan/2024:09:43:57 +0800] "GET /xingrg/kc/buy/cgsh_order_operate.html?command=get_materiel&rest_code=00141&code=00101008078&supplier_code=00100007&order_time=2024-01-30 HTTP/1.1" 200 416
124.78.154.219 - - [30/Jan/2024:09:44:01 +0800] "GET /xingrg/all/function/internal_message.html?_=1706579038782&CODE_STATE=getMsg HTTP/1.1" 200 27
124.78.154.219 - - [30/Jan/2024:09:44:01 +0800] "GET /xingrg/check_reg.html?_=1706579038973 HTTP/1.1" 200 22
124.78.68.102 - - [30/Jan/2024:09:44:06 +0800] "GET /xingrg/kc/buy/cgsh_order_operate.html?command=get_materiel&rest_code=00141&code=00101008037&supplier_code=00100007&order_time=2024-01-30 HTTP/1.1" 200 413
180.164.1.25 - - [30/Jan/2024:09:44:09 +0800] "GET /xingrg/all/function/internal_message.html?_=1706579048940&CODE_STATE=getMsg HTTP/1.1" 200 27
101.228.146.191 - - [30/Jan/2024:09:44:10 +0800] "GET /xingrg/all/function/internal_message.html?_=1706579049344&CODE_STATE=getMsg HTTP/1.1" 200 27
172.20.0.100 - - [30/Jan/2024:09:44:13 +0800] "GET /xingrg/all/function/internal_message.html?_=1706579057865&CODE_STATE=getMsg HTTP/1.1" 200 27
222.70.168.244 - - [30/Jan/2024:09:44:14 +0800] "GET /xingrg/check_reg.html?_=1706579060032 HTTP/1.1" 200 22
222.70.168.244 - - [30/Jan/2024:09:44:16 +0800] "GET /xingrg/all/function/internal_message.html?_=1706579061831&CODE_STATE=getMsg HTTP/1.1" 200 27
222.70.168.244 - - [30/Jan/2024:09:44:18 +0800] "GET /xingrg/kc/buy/cgsh_order_operate.html?command=get_materiel&rest_code=00146&code=00101008175&supplier_code=00100005&order_time=2024-01-30 HTTP/1.1" 200 412
124.78.68.102 - - [30/Jan/2024:09:44:28 +0800] "GET /xingrg/all/function/internal_message.html?_=1706579068437&CODE_STATE=getMsg HTTP/1.1" 200 27
101.83.145.37 - - [30/Jan/2024:09:44:28 +0800] "GET /xingrg/all/function/internal_message.html?_=1706579068935&CODE_STATE=getMsg HTTP/1.1" 200 27
222.70.168.244 - - [30/Jan/2024:09:44:37 +0800] "GET /xingrg/kc/buy/cgsh_order_operate.html?command=get_materiel&rest_code=00146&code=00101008027&supplier_code=00100005&order_time=2024-01-30 HTTP/1.1" 200 408
124.78.68.102 - - [30/Jan/2024:09:44:37 +0800] "GET /xingrg/kc/buy/cgsh_order_operate.html?command=get_materiel&rest_code=00141&code=00101008350&supplier_code=00100007&order_time=2024-01-30 HTTP/1.1" 200 408
222.70.115.1 - - [30/Jan/2024:09:44:37 +0800] "GET /xingrg/all/function/internal_message.html?_=1706579079340&CODE_STATE=getMsg HTTP/1.1" 200 27
116.230.123.222 - - [30/Jan/2024:09:44:39 +0800] "GET /xingrg/all/function/internal_message.html?_=1706579078837&CODE_STATE=getMsg HTTP/1.1" 200 27
101.83.241.3 - - [30/Jan/2024:09:44:42 +0800] "GET /xingrg/all/function/internal_message.html?_=1706579082743&CODE_STATE=getMsg HTTP/1.1" 200 27
114.83.220.203 - - [30/Jan/2024:09:44:44 +0800] "POST /xingrg/kc/buy/cgsh_order_operate.html HTTP/1.1" 200 37
114.95.241.104 - - [30/Jan/2024:09:44:49 +0800] "GET /xingrg/all/function/internal_message.html?_=1706579089418&CODE_STATE=getMsg HTTP/1.1" 200 27
124.78.68.102 - - [30/Jan/2024:09:44:49 +0800] "GET /xingrg/kc/buy/cgsh_order_operate.html?command=get_materiel&rest_code=00141&code=00101008224&supplier_code=00100007&order_time=2024-01-30 HTTP/1.1" 200 416
114.83.220.203 - - [30/Jan/2024:09:44:51 +0800] "POST /xingrg/kc/buy/cgsh_order_operate.html HTTP/1.1" 200 12
222.70.168.244 - - [30/Jan/2024:09:44:52 +0800] "GET /xingrg/kc/buy/cgsh_order_operate.html?command=get_materiel&rest_code=00146&code=00101008244&supplier_code=00100005&order_time=2024-01-30 HTTP/1.1" 200 408
120.253.135.82 - - [30/Jan/2024:09:44:53 +0800] "GET /xingrg/all/function/internal_message.html?_=1706578918930&CODE_STATE=getMsg HTTP/1.1" 200 27
114.83.220.203 - - [30/Jan/2024:09:44:55 +0800] "GET /xingrg/kc/buy/cgsh_order_info.html?code=212024013012837 HTTP/1.1" 200 68172
114.83.220.203 - - [30/Jan/2024:09:44:55 +0800] "GET /xingrg/javascript/easyui/themes/default/validatebox.css HTTP/1.1" 404 1104
114.83.220.203 - - [30/Jan/2024:09:44:56 +0800] "POST /xingrg/kc/buy/cgsh_order_operate.html HTTP/1.1" 200 5401
114.83.220.203 - - [30/Jan/2024:09:44:58 +0800] "GET /xingrg/kc/print/load_data.html?order_code=212024013012837&kc_code=cgsh&condition= HTTP/1.1" 200 2543
116.230.123.222 - - [30/Jan/2024:09:45:01 +0800] "GET /xingrg/kc/buy/cgsh_order_operate.html?command=get_materiel&rest_code=00111&code=00101008370&supplier_code=00100037&order_time=2024-01-30 HTTP/1.1" 200 412
124.78.154.219 - - [30/Jan/2024:09:45:01 +0800] "GET /xingrg/all/function/internal_message.html?_=1706579098783&CODE_STATE=getMsg HTTP/1.1" 200 27
222.70.168.244 - - [30/Jan/2024:09:45:06 +0800] "GET /xingrg/kc/buy/cgsh_order_operate.html?command=get_materiel&rest_code=00146&code=00101008112&supplier_code=00100005&order_time=2024-01-30 HTTP/1.1" 200 414
180.164.1.25 - - [30/Jan/2024:09:45:09 +0800] "GET /xingrg/all/function/internal_message.html?_=1706579108947&CODE_STATE=getMsg HTTP/1.1" 200 27
180.164.1.25 - - [30/Jan/2024:09:45:09 +0800] "GET /xingrg/check_reg.html?_=1706579108947 HTTP/1.1" 200 22
101.228.146.191 - - [30/Jan/2024:09:45:10 +0800] "GET /xingrg/all/function/internal_message.html?_=1706579109344&CODE_STATE=getMsg HTTP/1.1" 200 27
172.20.0.100 - - [30/Jan/2024:09:45:13 +0800] "GET /xingrg/all/function/internal_message.html?_=1706579117879&CODE_STATE=getMsg HTTP/1.1" 200 27
222.70.168.244 - - [30/Jan/2024:09:45:16 +0800] "GET /xingrg/all/function/internal_message.html?_=1706579121836&CODE_STATE=getMsg HTTP/1.1" 200 27
124.78.68.102 - - [30/Jan/2024:09:45:16 +0800] "GET /xingrg/kc/buy/cgsh_order_operate.html?command=get_materiel&rest_code=00141&code=00101008357&supplier_code=00100007&order_time=2024-01-30 HTTP/1.1" 200 408
114.95.241.104 - - [30/Jan/2024:09:45:22 +0800] "GET /xingrg/kc/buy/cgsh_order_list.html HTTP/1.1" 200 57412
114.95.241.104 - - [30/Jan/2024:09:45:24 +0800] "POST /xingrg/kc/buy/cgsh_list_operate.html HTTP/1.1" 200 986
222.70.168.244 - - [30/Jan/2024:09:45:25 +0800] "GET /xingrg/kc/buy/cgsh_order_operate.html?command=get_materiel&rest_code=00146&code=00101008354&supplier_code=00100005&order_time=2024-01-30 HTTP/1.1" 200 412
124.78.68.102 - - [30/Jan/2024:09:45:27 +0800] "POST /xingrg/kc/buy/cgsh_order_operate.html HTTP/1.1" 200 2065
124.78.68.102 - - [30/Jan/2024:09:45:28 +0800] "GET /xingrg/all/function/internal_message.html?_=1706579128418&CODE_STATE=getMsg HTTP/1.1" 200 27
101.83.145.37 - - [30/Jan/2024:09:45:28 +0800] "GET /xingrg/all/function/internal_message.html?_=1706579128914&CODE_STATE=getMsg HTTP/1.1" 200 27
101.83.145.37 - - [30/Jan/2024:09:45:29 +0800] "POST /xingrg/services/DataTransmitService HTTP/1.1" 200 524
124.78.68.102 - - [30/Jan/2024:09:45:32 +0800] "GET /xingrg/kc/buy/cgsh_order_operate.html?command=get_materiel&rest_code=00141&code=00101008277&supplier_code=00100007&order_time=2024-01-30 HTTP/1.1" 200 412
114.83.220.203 - - [30/Jan/2024:09:45:37 +0800] "GET /xingrg/all/function/internal_message.html?_=1706579136031&CODE_STATE=getMsg HTTP/1.1" 200 27
222.70.115.1 - - [30/Jan/2024:09:45:37 +0800] "GET /xingrg/check_reg.html?_=1706579139342 HTTP/1.1" 200 22
222.70.115.1 - - [30/Jan/2024:09:45:37 +0800] "GET /xingrg/all/function/internal_message.html?_=1706579139340&CODE_STATE=getMsg HTTP/1.1" 200 27
116.230.123.222 - - [30/Jan/2024:09:45:39 +0800] "GET /xingrg/all/function/internal_message.html?_=1706579138843&CODE_STATE=getMsg HTTP/1.1" 200 27
222.70.168.244 - - [30/Jan/2024:09:45:41 +0800] "GET /xingrg/kc/buy/cgsh_order_operate.html?command=get_materiel&rest_code=00146&code=00101008351&supplier_code=00100005&order_time=2024-01-30 HTTP/1.1" 200 408
101.83.241.3 - - [30/Jan/2024:09:45:42 +0800] "GET /xingrg/all/function/internal_message.html?_=1706579142730&CODE_STATE=getMsg HTTP/1.1" 200 27
124.78.68.102 - - [30/Jan/2024:09:45:44 +0800] "GET /xingrg/check_reg.html?_=1706579144367 HTTP/1.1" 200 22
114.95.241.104 - - [30/Jan/2024:09:45:49 +0800] "GET /xingrg/all/function/internal_message.html?_=1706579149422&CODE_STATE=getMsg HTTP/1.1" 200 27
120.253.135.82 - - [30/Jan/2024:09:45:53 +0800] "GET /xingrg/all/function/internal_message.html?_=1706578978936&CODE_STATE=getMsg HTTP/1.1" 200 27
222.70.168.244 - - [30/Jan/2024:09:45:56 +0800] "GET /xingrg/kc/buy/cgsh_order_operate.html?command=get_materiel&rest_code=00146&code=00101008264&supplier_code=00100005&order_time=2024-01-30 HTTP/1.1" 200 412
124.78.154.219 - - [30/Jan/2024:09:46:01 +0800] "GET /xingrg/all/function/internal_message.html?_=1706579158787&CODE_STATE=getMsg HTTP/1.1" 200 27
222.70.168.244 - - [30/Jan/2024:09:46:08 +0800] "GET /xingrg/kc/buy/cgsh_order_operate.html?command=get_materiel&rest_code=00146&code=00101008300&supplier_code=00100005&order_time=2024-01-30 HTTP/1.1" 200 412
180.164.1.25 - - [30/Jan/2024:09:46:09 +0800] "GET /xingrg/all/function/internal_message.html?_=1706579168945&CODE_STATE=getMsg HTTP/1.1" 200 27
101.228.146.191 - - [30/Jan/2024:09:46:10 +0800] "GET /xingrg/all/function/internal_message.html?_=1706579169345&CODE_STATE=getMsg HTTP/1.1" 200 27
101.228.146.191 - - [30/Jan/2024:09:46:10 +0800] "GET /xingrg/check_reg.html?_=1706579169384 HTTP/1.1" 200 22
101.83.145.37 - - [30/Jan/2024:09:46:12 +0800] "POST /xingrg/services/DataTransmitService HTTP/1.1" 200 501
172.20.0.100 - - [30/Jan/2024:09:46:13 +0800] "GET /xingrg/check_reg.html?_=1706579177877 HTTP/1.1" 200 22
172.20.0.100 - - [30/Jan/2024:09:46:13 +0800] "GET /xingrg/all/function/internal_message.html?_=1706579177879&CODE_STATE=getMsg HTTP/1.1" 200 27
222.70.168.244 - - [30/Jan/2024:09:46:16 +0800] "GET /xingrg/all/function/internal_message.html?_=1706579181849&CODE_STATE=getMsg HTTP/1.1" 200 27
124.78.68.102 - - [30/Jan/2024:09:46:28 +0800] "GET /xingrg/all/function/internal_message.html?_=1706579188400&CODE_STATE=getMsg HTTP/1.1" 200 27
101.83.145.37 - - [30/Jan/2024:09:46:28 +0800] "GET /xingrg/all/function/internal_message.html?_=1706579188918&CODE_STATE=getMsg HTTP/1.1" 200 27
124.78.68.102 - - [30/Jan/2024:09:46:37 +0800] "GET /xingrg/kc/buy/cgsh_order_operate.html?command=get_materiel&rest_code=00141&code=00101008131&supplier_code=00100007&order_time=2024-01-30 HTTP/1.1" 200 408
114.83.220.203 - - [30/Jan/2024:09:46:37 +0800] "GET /xingrg/all/function/internal_message.html?_=1706579196001&CODE_STATE=getMsg HTTP/1.1" 200 27
222.70.115.1 - - [30/Jan/2024:09:46:37 +0800] "GET /xingrg/all/function/internal_message.html?_=1706579199339&CODE_STATE=getMsg HTTP/1.1" 200 27
114.83.220.203 - - [30/Jan/2024:09:46:37 +0800] "GET /xingrg/check_reg.html?_=1706579196488 HTTP/1.1" 200 22
116.230.123.222 - - [30/Jan/2024:09:46:39 +0800] "GET /xingrg/check_reg.html?_=1706579198843 HTTP/1.1" 200 22
116.230.123.222 - - [30/Jan/2024:09:46:39 +0800] "GET /xingrg/all/function/internal_message.html?_=1706579198846&CODE_STATE=getMsg HTTP/1.1" 200 27
101.83.241.3 - - [30/Jan/2024:09:46:42 +0800] "GET /xingrg/all/function/internal_message.html?_=1706579202737&CODE_STATE=getMsg HTTP/1.1" 200 27
101.83.241.3 - - [30/Jan/2024:09:46:42 +0800] "GET /xingrg/check_reg.html?_=1706579202741 HTTP/1.1" 200 22
124.78.68.102 - - [30/Jan/2024:09:46:46 +0800] "POST /xingrg/kc/buy/cgsh_order_operate.html HTTP/1.1" 200 2065
222.70.168.244 - - [30/Jan/2024:09:46:47 +0800] "GET /xingrg/kc/buy/cgsh_order_operate.html?command=get_materiel&rest_code=00146&code=00101008251&supplier_code=00100005&order_time=2024-01-30 HTTP/1.1" 200 408
114.95.241.104 - - [30/Jan/2024:09:46:49 +0800] "GET /xingrg/all/function/internal_message.html?_=1706579209415&CODE_STATE=getMsg HTTP/1.1" 200 27
116.238.97.31 - - [30/Jan/2024:09:46:51 +0800] "GET /xingrg/check_reg.html?_=1706579212112 HTTP/1.1" 200 22
120.253.135.82 - - [30/Jan/2024:09:46:53 +0800] "GET /xingrg/all/function/internal_message.html?_=1706579039012&CODE_STATE=getMsg HTTP/1.1" 200 27
222.70.168.244 - - [30/Jan/2024:09:47:00 +0800] "GET /xingrg/kc/buy/cgsh_order_operate.html?command=get_materiel&rest_code=00146&code=00101008296&supplier_code=00100005&order_time=2024-01-30 HTTP/1.1" 200 416
124.78.154.219 - - [30/Jan/2024:09:47:01 +0800] "GET /xingrg/all/function/internal_message.html?_=1706579218783&CODE_STATE=getMsg HTTP/1.1" 200 27
124.78.68.102 - - [30/Jan/2024:09:47:05 +0800] "GET /xingrg/kc/buy/cgsh_order_operate.html?command=get_materiel&rest_code=00141&code=00101008323&supplier_code=00100007&order_time=2024-01-30 HTTP/1.1" 200 408
180.164.1.25 - - [30/Jan/2024:09:47:09 +0800] "GET /xingrg/all/function/internal_message.html?_=1706579228945&CODE_STATE=getMsg HTTP/1.1" 200 27
101.228.146.191 - - [30/Jan/2024:09:47:10 +0800] "GET /xingrg/all/function/internal_message.html?_=1706579229352&CODE_STATE=getMsg HTTP/1.1" 200 27
120.253.135.82 - - [30/Jan/2024:09:47:12 +0800] "GET /xingrg/check_reg.html?_=1706579058497 HTTP/1.1" 200 22
172.20.0.100 - - [30/Jan/2024:09:47:13 +0800] "GET /xingrg/all/function/internal_message.html?_=1706579237877&CODE_STATE=getMsg HTTP/1.1" 200 27
222.70.168.244 - - [30/Jan/2024:09:47:16 +0800] "GET /xingrg/all/function/internal_message.html?_=1706579241904&CODE_STATE=getMsg HTTP/1.1" 200 27
222.70.168.244 - - [30/Jan/2024:09:47:19 +0800] "GET /xingrg/kc/buy/cgsh_order_operate.html?command=get_materiel&rest_code=00146&code=00101016122&supplier_code=00100005&order_time=2024-01-30 HTTP/1.1" 200 409
124.78.68.102 - - [30/Jan/2024:09:47:20 +0800] "GET /xingrg/kc/buy/cgsh_order_operate.html?command=get_materiel&rest_code=00141&code=00101008302&supplier_code=00100007&order_time=2024-01-30 HTTP/1.1" 200 412
124.78.68.102 - - [30/Jan/2024:09:47:28 +0800] "GET /xingrg/all/function/internal_message.html?_=1706579248386&CODE_STATE=getMsg HTTP/1.1" 200 27
101.83.145.37 - - [30/Jan/2024:09:47:28 +0800] "GET /xingrg/check_reg.html?_=1706579248910 HTTP/1.1" 200 22
101.83.145.37 - - [30/Jan/2024:09:47:28 +0800] "GET /xingrg/all/function/internal_message.html?_=1706579248913&CODE_STATE=getMsg HTTP/1.1" 200 27
124.78.68.102 - - [30/Jan/2024:09:47:30 +0800] "GET /xingrg/kc/buy/cgsh_order_operate.html?command=get_materiel&rest_code=00141&code=00101008027&supplier_code=00100007&order_time=2024-01-30 HTTP/1.1" 200 409
222.70.168.244 - - [30/Jan/2024:09:47:33 +0800] "GET /xingrg/kc/buy/cgsh_order_operate.html?command=get_materiel&rest_code=00146&code=00101008283&supplier_code=00100005&order_time=2024-01-30 HTTP/1.1" 200 408
124.78.154.219 - - [30/Jan/2024:09:47:35 +0800] "POST /xingrg/kc/buy/cgsh_list_operate.html HTTP/1.1" 200 575
124.78.154.219 - - [30/Jan/2024:09:47:36 +0800] "GET /xingrg/kc/buy/cgsh_order_info.html?code=212024013012815 HTTP/1.1" 200 73184
124.78.154.219 - - [30/Jan/2024:09:47:37 +0800] "GET /xingrg/javascript/easyui/themes/default/validatebox.css HTTP/1.1" 404 1104
114.83.220.203 - - [30/Jan/2024:09:47:37 +0800] "GET /xingrg/all/function/internal_message.html?_=1706579255976&CODE_STATE=getMsg HTTP/1.1" 200 27
222.70.115.1 - - [30/Jan/2024:09:47:37 +0800] "GET /xingrg/all/function/internal_message.html?_=1706579259339&CODE_STATE=getMsg HTTP/1.1" 200 27
124.78.154.219 - - [30/Jan/2024:09:47:38 +0800] "POST /xingrg/kc/buy/cgsh_order_operate.html HTTP/1.1" 200 11022
116.230.123.222 - - [30/Jan/2024:09:47:39 +0800] "GET /xingrg/all/function/internal_message.html?_=1706579258844&CODE_STATE=getMsg HTTP/1.1" 200 27
101.83.241.3 - - [30/Jan/2024:09:47:42 +0800] "GET /xingrg/all/function/internal_message.html?_=1706579262748&CODE_STATE=getMsg HTTP/1.1" 200 27
116.238.97.31 - - [30/Jan/2024:09:47:45 +0800] "POST /xingrg/services/DataTransmitService HTTP/1.1" 200 524
116.238.97.31 - - [30/Jan/2024:09:47:46 +0800] "POST /xingrg/services/DataTransmitService HTTP/1.1" 200 2395
116.238.97.31 - - [30/Jan/2024:09:47:47 +0800] "POST /xingrg/services/DataTransmitService HTTP/1.1" 200 180991
222.70.168.244 - - [30/Jan/2024:09:47:48 +0800] "GET /xingrg/kc/buy/cgsh_order_operate.html?command=get_materiel&rest_code=00146&code=00101008298&supplier_code=00100005&order_time=2024-01-30 HTTP/1.1" 200 412
124.78.68.102 - - [30/Jan/2024:09:47:49 +0800] "GET /xingrg/kc/buy/cgsh_order_operate.html?command=get_materiel&rest_code=00141&code=00101008038&supplier_code=00100007&order_time=2024-01-30 HTTP/1.1" 200 412
114.95.241.104 - - [30/Jan/2024:09:47:49 +0800] "GET /xingrg/all/function/internal_message.html?_=1706579269427&CODE_STATE=getMsg HTTP/1.1" 200 27
120.253.135.82 - - [30/Jan/2024:09:47:53 +0800] "GET /xingrg/all/function/internal_message.html?_=1706579099026&CODE_STATE=getMsg HTTP/1.1" 200 27
222.70.168.244 - - [30/Jan/2024:09:47:53 +0800] "POST /xingrg/kc/buy/cgsh_order_operate.html HTTP/1.1" 200 2065
124.78.68.102 - - [30/Jan/2024:09:48:00 +0800] "GET /xingrg/kc/buy/cgsh_order_operate.html?command=get_materiel&rest_code=00141&code=00101008396&supplier_code=00100007&order_time=2024-01-30 HTTP/1.1" 200 412
124.78.154.219 - - [30/Jan/2024:09:48:01 +0800] "GET /xingrg/all/function/internal_message.html?_=1706579278787&CODE_STATE=getMsg HTTP/1.1" 200 27
124.78.68.102 - - [30/Jan/2024:09:48:03 +0800] "POST /xingrg/kc/buy/cgsh_order_operate.html HTTP/1.1" 200 2065
114.83.220.203 - - [30/Jan/2024:09:48:03 +0800] "GET /xingrg/kc/buy/cgsh_order_add.html HTTP/1.1" 200 73273
114.83.220.203 - - [30/Jan/2024:09:48:04 +0800] "POST /xingrg/kc/buy/cgsh_order_operate.html HTTP/1.1" 200 8245
114.83.220.203 - - [30/Jan/2024:09:48:04 +0800] "GET /xingrg/javascript/easyui/themes/default/validatebox.css HTTP/1.1" 404 1104
180.164.1.25 - - [30/Jan/2024:09:48:09 +0800] "GET /xingrg/all/function/internal_message.html?_=1706579288951&CODE_STATE=getMsg HTTP/1.1" 200 27
101.228.146.191 - - [30/Jan/2024:09:48:10 +0800] "GET /xingrg/all/function/internal_message.html?_=1706579289355&CODE_STATE=getMsg HTTP/1.1" 200 27
172.20.0.100 - - [30/Jan/2024:09:48:13 +0800] "GET /xingrg/all/function/internal_message.html?_=1706579297875&CODE_STATE=getMsg HTTP/1.1" 200 27
222.70.168.244 - - [30/Jan/2024:09:48:16 +0800] "GET /xingrg/kc/buy/cgsh_order_operate.html?command=get_materiel&rest_code=00146&code=00101008225&supplier_code=00100005&order_time=2024-01-30 HTTP/1.1" 200 416
222.70.168.244 - - [30/Jan/2024:09:48:16 +0800] "GET /xingrg/all/function/internal_message.html?_=1706579301908&CODE_STATE=getMsg HTTP/1.1" 200 27
114.95.241.104 - - [30/Jan/2024:09:48:17 +0800] "GET /xingrg/kc/buy/cgsh_order_list.html HTTP/1.1" 200 57412
114.95.241.104 - - [30/Jan/2024:09:48:19 +0800] "POST /xingrg/kc/buy/cgsh_list_operate.html HTTP/1.1" 200 986
124.78.68.102 - - [30/Jan/2024:09:48:22 +0800] "GET /xingrg/kc/buy/cgsh_order_operate.html?command=get_materiel&rest_code=00141&code=00101008370&supplier_code=00100007&order_time=2024-01-30 HTTP/1.1" 200 412
124.78.154.219 - - [30/Jan/2024:09:48:25 +0800] "POST /xingrg/kc/buy/cgsh_order_operate.html HTTP/1.1" 200 37
222.70.168.244 - - [30/Jan/2024:09:48:27 +0800] "GET /xingrg/kc/buy/cgsh_order_operate.html?command=get_materiel&rest_code=00146&code=00101008037&supplier_code=00100005&order_time=2024-01-30 HTTP/1.1" 200 415
124.78.68.102 - - [30/Jan/2024:09:48:28 +0800] "GET /xingrg/all/function/internal_message.html?_=1706579308602&CODE_STATE=getMsg HTTP/1.1" 200 27
101.83.145.37 - - [30/Jan/2024:09:48:28 +0800] "GET /xingrg/all/function/internal_message.html?_=1706579308919&CODE_STATE=getMsg HTTP/1.1" 200 27
124.78.68.102 - - [30/Jan/2024:09:48:35 +0800] "GET /xingrg/kc/buy/cgsh_order_operate.html?command=get_materiel&rest_code=00141&code=00101008356&supplier_code=00100007&order_time=2024-01-30 HTTP/1.1" 200 408
124.78.154.219 - - [30/Jan/2024:09:48:35 +0800] "POST /xingrg/kc/buy/cgsh_order_operate.html HTTP/1.1" 200 12
114.83.220.203 - - [30/Jan/2024:09:48:37 +0800] "GET /xingrg/all/function/internal_message.html?_=1706579315950&CODE_STATE=getMsg HTTP/1.1" 200 27
124.78.154.219 - - [30/Jan/2024:09:48:37 +0800] "GET /xingrg/kc/buy/cgsh_order_info.html?code=212024013012815 HTTP/1.1" 200 68086
222.70.115.1 - - [30/Jan/2024:09:48:37 +0800] "GET /xingrg/all/function/internal_message.html?_=1706579319339&CODE_STATE=getMsg HTTP/1.1" 200 27
124.78.154.219 - - [30/Jan/2024:09:48:37 +0800] "GET /xingrg/javascript/easyui/themes/default/validatebox.css HTTP/1.1" 404 1104
124.78.154.219 - - [30/Jan/2024:09:48:38 +0800] "POST /xingrg/kc/buy/cgsh_order_operate.html HTTP/1.1" 200 8967
116.230.123.222 - - [30/Jan/2024:09:48:39 +0800] "GET /xingrg/all/function/internal_message.html?_=1706579318839&CODE_STATE=getMsg HTTP/1.1" 200 27
124.78.154.219 - - [30/Jan/2024:09:48:40 +0800] "GET /xingrg/kc/print/load_data.html?order_code=212024013012815&kc_code=cgsh&condition= HTTP/1.1" 200 3884
101.83.241.3 - - [30/Jan/2024:09:48:42 +0800] "GET /xingrg/all/function/internal_message.html?_=1706579322749&CODE_STATE=getMsg HTTP/1.1" 200 27
222.70.168.244 - - [30/Jan/2024:09:48:43 +0800] "GET /xingrg/kc/buy/cgsh_order_operate.html?command=get_materiel&rest_code=00146&code=00101008257&supplier_code=00100005&order_time=2024-01-30 HTTP/1.1" 200 416
114.95.241.104 - - [30/Jan/2024:09:48:49 +0800] "GET /xingrg/check_reg.html?_=1706579329428 HTTP/1.1" 200 22
114.95.241.104 - - [30/Jan/2024:09:48:49 +0800] "GET /xingrg/all/function/internal_message.html?_=1706579329432&CODE_STATE=getMsg HTTP/1.1" 200 27
114.95.241.104 - - [30/Jan/2024:09:48:51 +0800] "POST /xingrg/services/DataTransmitService HTTP/1.1" 200 524
120.253.135.82 - - [30/Jan/2024:09:48:53 +0800] "GET /xingrg/all/function/internal_message.html?_=1706579159040&CODE_STATE=getMsg HTTP/1.1" 200 27
114.95.241.104 - - [30/Jan/2024:09:48:53 +0800] "GET /xingrg/javascript/jquery_tools/images/prev.gif HTTP/1.1" 404 1086
114.95.241.104 - - [30/Jan/2024:09:48:53 +0800] "GET /xingrg/javascript/jquery_tools/images/next.gif HTTP/1.1" 404 1086
114.95.241.104 - - [30/Jan/2024:09:48:53 +0800] "POST /xingrg/services/DataTransmitService HTTP/1.1" 200 2079
114.95.241.104 - - [30/Jan/2024:09:48:54 +0800] "POST /xingrg/services/DataTransmitService HTTP/1.1" 200 122944
222.70.168.244 - - [30/Jan/2024:09:48:58 +0800] "GET /xingrg/kc/buy/cgsh_order_operate.html?command=get_materiel&rest_code=00146&code=00101008096&supplier_code=00100005&order_time=2024-01-30 HTTP/1.1" 200 412
114.95.241.104 - - [30/Jan/2024:09:48:59 +0800] "GET /xingrg/javascript/auto/indicator.gif HTTP/1.1" 404 1066
124.78.154.219 - - [30/Jan/2024:09:49:01 +0800] "GET /xingrg/all/function/internal_message.html?_=1706579338840&CODE_STATE=getMsg HTTP/1.1" 200 27
124.78.154.219 - - [30/Jan/2024:09:49:01 +0800] "GET /xingrg/check_reg.html?_=1706579339011 HTTP/1.1" 200 22
124.78.154.219 - - [30/Jan/2024:09:49:01 +0800] "GET /xingrg/kc/buy/cgsh_order_add.html HTTP/1.1" 200 73185
124.78.154.219 - - [30/Jan/2024:09:49:02 +0800] "GET /xingrg/javascript/easyui/themes/default/validatebox.css HTTP/1.1" 404 1104
124.78.154.219 - - [30/Jan/2024:09:49:02 +0800] "POST /xingrg/kc/buy/cgsh_order_operate.html HTTP/1.1" 200 8245
114.95.241.104 - - [30/Jan/2024:09:49:05 +0800] "POST /xingrg/kc/buy/cgsh_list_operate.html HTTP/1.1" 200 2312
124.78.154.219 - - [30/Jan/2024:09:49:05 +0800] "GET /xingrg/javascript/easyui/themes/default/tree.css HTTP/1.1" 404 1090
124.78.154.219 - - [30/Jan/2024:09:49:06 +0800] "POST /xingrg/all/common/load_tree.html?tree=supplier_tree_json&isDelete=1 HTTP/1.1" 200 77867
180.164.1.25 - - [30/Jan/2024:09:49:09 +0800] "GET /xingrg/all/function/internal_message.html?_=1706579348943&CODE_STATE=getMsg HTTP/1.1" 200 27
222.70.168.244 - - [30/Jan/2024:09:49:10 +0800] "POST /xingrg/kc/buy/cgsh_order_operate.html HTTP/1.1" 200 2065
101.228.146.191 - - [30/Jan/2024:09:49:10 +0800] "GET /xingrg/all/function/internal_message.html?_=1706579349355&CODE_STATE=getMsg HTTP/1.1" 200 27
124.78.68.102 - - [30/Jan/2024:09:49:12 +0800] "GET /xingrg/kc/buy/cgsh_order_operate.html?command=get_materiel&rest_code=00141&code=00101008251&supplier_code=00100007&order_time=2024-01-30 HTTP/1.1" 200 408
172.20.0.100 - - [30/Jan/2024:09:49:13 +0800] "GET /xingrg/all/function/internal_message.html?_=1706579357874&CODE_STATE=getMsg HTTP/1.1" 200 27
222.70.168.244 - - [30/Jan/2024:09:49:14 +0800] "GET /xingrg/check_reg.html?_=1706579360033 HTTP/1.1" 200 22
222.70.168.244 - - [30/Jan/2024:09:49:16 +0800] "GET /xingrg/all/function/internal_message.html?_=1706579361922&CODE_STATE=getMsg HTTP/1.1" 200 27
222.70.168.244 - - [30/Jan/2024:09:49:20 +0800] "GET /xingrg/kc/buy/cgsh_order_operate.html?command=get_materiel&rest_code=00146&code=00101008196&supplier_code=00100005&order_time=2024-01-30 HTTP/1.1" 200 416
124.78.68.102 - - [30/Jan/2024:09:49:28 +0800] "GET /xingrg/all/function/internal_message.html?_=1706579368587&CODE_STATE=getMsg HTTP/1.1" 200 27
101.83.145.37 - - [30/Jan/2024:09:49:28 +0800] "GET /xingrg/all/function/internal_message.html?_=1706579368912&CODE_STATE=getMsg HTTP/1.1" 200 27
124.78.68.102 - - [30/Jan/2024:09:49:29 +0800] "POST /xingrg/kc/buy/cgsh_order_operate.html HTTP/1.1" 200 2065
101.83.145.37 - - [30/Jan/2024:09:49:32 +0800] "GET /xingrg/kc/buy/cgsh_order_operate.html?command=get_materiel&rest_code=00105&code=00101009062&supplier_code=00100024&order_time=2024-01-30 HTTP/1.1" 200 412
124.78.154.219 - - [30/Jan/2024:09:49:33 +0800] "GET /xingrg/kc/buy/cgsh_order_operate.html?command=get_materiel&rest_code=00106&code=00101008091&supplier_code=00100007&order_time=2024-01-30 HTTP/1.1" 200 412
222.70.168.244 - - [30/Jan/2024:09:49:34 +0800] "GET /xingrg/kc/buy/cgsh_order_operate.html?command=get_materiel&rest_code=00146&code=00101008197&supplier_code=00100005&order_time=2024-01-30 HTTP/1.1" 200 416
114.83.220.203 - - [30/Jan/2024:09:49:37 +0800] "GET /xingrg/all/function/internal_message.html?_=1706579375922&CODE_STATE=getMsg HTTP/1.1" 200 27
222.70.115.1 - - [30/Jan/2024:09:49:37 +0800] "GET /xingrg/all/function/internal_message.html?_=1706579379339&CODE_STATE=getMsg HTTP/1.1" 200 27
101.228.146.191 - - [30/Jan/2024:09:49:38 +0800] "POST /xingrg/kc/buy/cgsh_order_operate.html HTTP/1.1" 200 37
116.230.123.222 - - [30/Jan/2024:09:49:39 +0800] "GET /xingrg/all/function/internal_message.html?_=1706579378840&CODE_STATE=getMsg HTTP/1.1" 200 27
101.83.145.37 - - [30/Jan/2024:09:49:40 +0800] "GET /xingrg/kc/buy/cgsh_order_operate.html?command=get_materiel&rest_code=00105&code=00101009011&supplier_code=00100024&order_time=2024-01-30 HTTP/1.1" 200 416
101.228.146.191 - - [30/Jan/2024:09:49:40 +0800] "POST /xingrg/kc/buy/cgsh_order_operate.html HTTP/1.1" 200 9960
101.83.241.3 - - [30/Jan/2024:09:49:42 +0800] "GET /xingrg/all/function/internal_message.html?_=1706579382750&CODE_STATE=getMsg HTTP/1.1" 200 27
222.70.168.244 - - [30/Jan/2024:09:49:46 +0800] "GET /xingrg/kc/buy/cgsh_order_operate.html?command=get_materiel&rest_code=00146&code=00101008069&supplier_code=00100005&order_time=2024-01-30 HTTP/1.1" 200 412
124.78.154.219 - - [30/Jan/2024:09:49:46 +0800] "GET /xingrg/kc/buy/cgsh_order_operate.html?command=get_materiel&rest_code=00106&code=00101008354&supplier_code=00100007&order_time=2024-01-30 HTTP/1.1" 200 412
101.83.145.37 - - [30/Jan/2024:09:49:48 +0800] "GET /xingrg/kc/buy/cgsh_order_operate.html?command=get_materiel&rest_code=00105&code=00101009007&supplier_code=00100024&order_time=2024-01-30 HTTP/1.1" 200 408
114.95.241.104 - - [30/Jan/2024:09:49:49 +0800] "GET /xingrg/all/function/internal_message.html?_=1706579389432&CODE_STATE=getMsg HTTP/1.1" 200 27
120.253.135.82 - - [30/Jan/2024:09:49:53 +0800] "GET /xingrg/all/function/internal_message.html?_=1706579219089&CODE_STATE=getMsg HTTP/1.1" 200 27
124.78.68.102 - - [30/Jan/2024:09:49:53 +0800] "GET /xingrg/kc/buy/cgsh_order_operate.html?command=get_materiel&rest_code=00141&code=00101008108&supplier_code=00100007&order_time=2024-01-30 HTTP/1.1" 200 412
124.78.154.219 - - [30/Jan/2024:09:49:55 +0800] "GET /xingrg/kc/buy/cgsh_order_operate.html?command=get_materiel&rest_code=00106&code=00101008351&supplier_code=00100007&order_time=2024-01-30 HTTP/1.1" 200 408
101.228.146.191 - - [30/Jan/2024:09:50:00 +0800] "GET /xingrg/javascript/jquery_easy_ui/themes/default/images/tabs_active.png HTTP/1.1" 304 -
124.78.154.219 - - [30/Jan/2024:09:50:01 +0800] "GET /xingrg/all/function/internal_message.html?_=1706579398813&CODE_STATE=getMsg HTTP/1.1" 200 27
114.95.241.104 - - [30/Jan/2024:09:50:02 +0800] "POST /xingrg/kc/buy/cgsh_list_operate.html HTTP/1.1" 200 368
124.78.68.102 - - [30/Jan/2024:09:50:03 +0800] "GET /xingrg/kc/buy/cgsh_order_operate.html?command=get_materiel&rest_code=00141&code=00101008213&supplier_code=00100007&order_time=2024-01-30 HTTP/1.1" 200 412
114.95.241.104 - - [30/Jan/2024:09:50:03 +0800] "GET /xingrg/kc/buy/cgsh_order_info.html?code=212024012912638 HTTP/1.1" 200 67682
114.95.241.104 - - [30/Jan/2024:09:50:04 +0800] "GET /xingrg/javascript/easyui/themes/default/validatebox.css HTTP/1.1" 404 1104
114.95.241.104 - - [30/Jan/2024:09:50:05 +0800] "POST /xingrg/kc/buy/cgsh_order_operate.html HTTP/1.1" 200 1824
222.70.168.244 - - [30/Jan/2024:09:50:05 +0800] "GET /xingrg/kc/buy/cgsh_order_operate.html?command=get_materiel&rest_code=00146&code=00101008286&supplier_code=00100005&order_time=2024-01-30 HTTP/1.1" 200 408
101.228.146.191 - - [30/Jan/2024:09:50:07 +0800] "POST /xingrg/kc/buy/cgsh_list_operate.html HTTP/1.1" 200 2305
124.78.154.219 - - [30/Jan/2024:09:50:09 +0800] "GET /xingrg/kc/buy/cgsh_order_operate.html?command=get_materiel&rest_code=00106&code=00101008283&supplier_code=00100007&order_time=2024-01-30 HTTP/1.1" 200 408
180.164.1.25 - - [30/Jan/2024:09:50:09 +0800] "GET /xingrg/all/function/internal_message.html?_=1706579408950&CODE_STATE=getMsg HTTP/1.1" 200 27
180.164.1.25 - - [30/Jan/2024:09:50:09 +0800] "GET /xingrg/check_reg.html?_=1706579408952 HTTP/1.1" 200 22
101.228.146.191 - - [30/Jan/2024:09:50:10 +0800] "GET /xingrg/all/function/internal_message.html?_=1706579409347&CODE_STATE=getMsg HTTP/1.1" 200 27
114.95.241.104 - - [30/Jan/2024:09:50:11 +0800] "POST /xingrg/kc/buy/cgsh_order_operate.html HTTP/1.1" 200 12
172.20.0.100 - - [30/Jan/2024:09:50:13 +0800] "GET /xingrg/all/function/internal_message.html?_=1706579417872&CODE_STATE=getMsg HTTP/1.1" 200 27
114.95.241.104 - - [30/Jan/2024:09:50:13 +0800] "GET /xingrg/kc/buy/cgsh_order_info.html?code=212024012912638 HTTP/1.1" 200 72782
114.95.241.104 - - [30/Jan/2024:09:50:14 +0800] "GET /xingrg/javascript/easyui/themes/default/validatebox.css HTTP/1.1" 404 1104
222.70.168.244 - - [30/Jan/2024:09:50:16 +0800] "GET /xingrg/all/function/internal_message.html?_=1706579421934&CODE_STATE=getMsg HTTP/1.1" 200 27
101.83.145.37 - - [30/Jan/2024:09:50:17 +0800] "POST /xingrg/kc/buy/cgsh_order_operate.html HTTP/1.1" 200 37
114.95.241.104 - - [30/Jan/2024:09:50:17 +0800] "POST /xingrg/kc/buy/cgsh_order_operate.html HTTP/1.1" 200 3874
101.83.145.37 - - [30/Jan/2024:09:50:18 +0800] "POST /xingrg/kc/buy/cgsh_order_operate.html HTTP/1.1" 200 5025
124.78.68.102 - - [30/Jan/2024:09:50:19 +0800] "GET /xingrg/kc/buy/cgsh_order_operate.html?command=get_materiel&rest_code=00141&code=00101008274&supplier_code=00100007&order_time=2024-01-30 HTTP/1.1" 200 412
222.70.168.244 - - [30/Jan/2024:09:50:20 +0800] "GET /xingrg/kc/buy/cgsh_order_operate.html?command=get_materiel&rest_code=00146&code=00101008368&supplier_code=00100005&order_time=2024-01-30 HTTP/1.1" 200 408
101.83.145.37 - - [30/Jan/2024:09:50:20 +0800] "GET /xingrg/kc/print/load_data.html?order_code=212024013012838&kc_code=cgsh&condition= HTTP/1.1" 200 1590
124.78.154.219 - - [30/Jan/2024:09:50:24 +0800] "GET /xingrg/kc/buy/cgsh_order_operate.html?command=get_materiel&rest_code=00106&code=00101008110&supplier_code=00100007&order_time=2024-01-30 HTTP/1.1" 200 408
222.70.168.244 - - [30/Jan/2024:09:50:25 +0800] "POST /xingrg/kc/buy/cgsh_order_operate.html HTTP/1.1" 200 2065
124.78.68.102 - - [30/Jan/2024:09:50:28 +0800] "GET /xingrg/all/function/internal_message.html?_=1706579428582&CODE_STATE=getMsg HTTP/1.1" 200 27
101.83.145.37 - - [30/Jan/2024:09:50:28 +0800] "GET /xingrg/all/function/internal_message.html?_=1706579428928&CODE_STATE=getMsg HTTP/1.1" 200 27
101.228.146.191 - - [30/Jan/2024:09:50:29 +0800] "GET /xingrg/kc/buy/cgsh_order_add.html HTTP/1.1" 200 72304
124.78.68.102 - - [30/Jan/2024:09:50:30 +0800] "GET /xingrg/kc/buy/cgsh_order_operate.html?command=get_materiel&rest_code=00141&code=00101008298&supplier_code=00100007&order_time=2024-01-30 HTTP/1.1" 200 412
101.228.146.191 - - [30/Jan/2024:09:50:30 +0800] "GET /xingrg/javascript/easyui/themes/default/validatebox.css HTTP/1.1" 404 1104
101.228.146.191 - - [30/Jan/2024:09:50:30 +0800] "POST /xingrg/kc/buy/cgsh_order_operate.html HTTP/1.1" 200 8245
124.78.154.219 - - [30/Jan/2024:09:50:34 +0800] "GET /xingrg/kc/buy/cgsh_order_operate.html?command=get_materiel&rest_code=00106&code=00101008096&supplier_code=00100007&order_time=2024-01-30 HTTP/1.1" 200 412
124.78.68.102 - - [30/Jan/2024:09:50:34 +0800] "POST /xingrg/kc/buy/cgsh_order_operate.html HTTP/1.1" 200 2065
222.70.168.244 - - [30/Jan/2024:09:50:34 +0800] "GET /xingrg/kc/buy/cgsh_order_operate.html?command=get_materiel&rest_code=00146&code=00101008131&supplier_code=00100005&order_time=2024-01-30 HTTP/1.1" 200 408
114.83.220.203 - - [30/Jan/2024:09:50:37 +0800] "GET /xingrg/all/function/internal_message.html?_=1706579435908&CODE_STATE=getMsg HTTP/1.1" 200 27
222.70.115.1 - - [30/Jan/2024:09:50:37 +0800] "GET /xingrg/check_reg.html?_=1706579439340 HTTP/1.1" 200 22
222.70.115.1 - - [30/Jan/2024:09:50:37 +0800] "GET /xingrg/all/function/internal_message.html?_=1706579439338&CODE_STATE=getMsg HTTP/1.1" 200 27
116.230.123.222 - - [30/Jan/2024:09:50:39 +0800] "GET /xingrg/all/function/internal_message.html?_=1706579438839&CODE_STATE=getMsg HTTP/1.1" 200 27
124.78.68.102 - - [30/Jan/2024:09:50:41 +0800] "GET /xingrg/kc/buy/cgsh_order_operate.html?command=get_materiel&rest_code=00141&code=00101008403&supplier_code=00100007&order_time=2024-01-30 HTTP/1.1" 200 412
101.83.241.3 - - [30/Jan/2024:09:50:42 +0800] "GET /xingrg/all/function/internal_message.html?_=1706579442751&CODE_STATE=getMsg HTTP/1.1" 200 27
124.78.68.102 - - [30/Jan/2024:09:50:44 +0800] "GET /xingrg/check_reg.html?_=1706579444381 HTTP/1.1" 200 22
124.78.154.219 - - [30/Jan/2024:09:50:47 +0800] "GET /xingrg/kc/buy/cgsh_order_operate.html?command=get_materiel&rest_code=00106&code=00101008163&supplier_code=00100007&order_time=2024-01-30 HTTP/1.1" 200 409
114.95.241.104 - - [30/Jan/2024:09:50:49 +0800] "GET /xingrg/all/function/internal_message.html?_=1706579449418&CODE_STATE=getMsg HTTP/1.1" 200 27
120.253.135.82 - - [30/Jan/2024:09:50:53 +0800] "GET /xingrg/all/function/internal_message.html?_=1706579279098&CODE_STATE=getMsg HTTP/1.1" 200 27
222.70.168.244 - - [30/Jan/2024:09:50:53 +0800] "GET /xingrg/kc/buy/cgsh_order_operate.html?command=get_materiel&rest_code=00146&code=00101008644&supplier_code=00100005&order_time=2024-01-30 HTTP/1.1" 200 420
124.78.68.102 - - [30/Jan/2024:09:50:53 +0800] "GET /xingrg/kc/buy/cgsh_order_operate.html?command=get_materiel&rest_code=00141&code=00101008344&supplier_code=00100007&order_time=2024-01-30 HTTP/1.1" 200 412
101.228.146.191 - - [30/Jan/2024:09:50:55 +0800] "GET /xingrg/kc/buy/cgsh_order_operate.html?command=get_materiel&rest_code=00142&code=00101008108&supplier_code=00100161&order_time=2024-01-30 HTTP/1.1" 200 412
116.230.123.222 - - [30/Jan/2024:09:50:58 +0800] "GET /xingrg/kc/buy/cgsh_order_operate.html?command=get_materiel&rest_code=00111&code=00101009063&supplier_code=00100037&order_time=2024-01-30 HTTP/1.1" 200 410
124.78.154.219 - - [30/Jan/2024:09:51:01 +0800] "GET /xingrg/all/function/internal_message.html?_=1706579458795&CODE_STATE=getMsg HTTP/1.1" 200 27
124.78.154.219 - - [30/Jan/2024:09:51:02 +0800] "GET /xingrg/kc/buy/cgsh_order_operate.html?command=get_materiel&rest_code=00106&code=00101008141&supplier_code=00100007&order_time=2024-01-30 HTTP/1.1" 200 412
222.70.168.244 - - [30/Jan/2024:09:51:07 +0800] "GET /xingrg/kc/buy/cgsh_order_operate.html?command=get_materiel&rest_code=00146&code=00101008005&supplier_code=00100005&order_time=2024-01-30 HTTP/1.1" 200 412
180.164.1.25 - - [30/Jan/2024:09:51:09 +0800] "GET /xingrg/all/function/internal_message.html?_=1706579468939&CODE_STATE=getMsg HTTP/1.1" 200 27
124.78.68.102 - - [30/Jan/2024:09:51:10 +0800] "GET /xingrg/kc/buy/cgsh_order_operate.html?command=get_materiel&rest_code=00141&code=00101008283&supplier_code=00100007&order_time=2024-01-30 HTTP/1.1" 200 408
101.228.146.191 - - [30/Jan/2024:09:51:10 +0800] "GET /xingrg/all/function/internal_message.html?_=1706579469355&CODE_STATE=getMsg HTTP/1.1" 200 27
101.228.146.191 - - [30/Jan/2024:09:51:10 +0800] "GET /xingrg/check_reg.html?_=1706579469374 HTTP/1.1" 200 22
124.78.154.219 - - [30/Jan/2024:09:51:12 +0800] "GET /xingrg/kc/buy/cgsh_order_operate.html?command=get_materiel&rest_code=00106&code=00101008355&supplier_code=00100007&order_time=2024-01-30 HTTP/1.1" 200 408
172.20.0.100 - - [30/Jan/2024:09:51:13 +0800] "GET /xingrg/all/function/internal_message.html?_=1706579477870&CODE_STATE=getMsg HTTP/1.1" 200 27
172.20.0.100 - - [30/Jan/2024:09:51:13 +0800] "GET /xingrg/check_reg.html?_=1706579477872 HTTP/1.1" 200 22
222.70.168.244 - - [30/Jan/2024:09:51:16 +0800] "GET /xingrg/all/function/internal_message.html?_=1706579481948&CODE_STATE=getMsg HTTP/1.1" 200 27
101.228.146.191 - - [30/Jan/2024:09:51:17 +0800] "GET /xingrg/kc/buy/cgsh_order_operate.html?command=get_materiel&rest_code=00142&code=00101008261&supplier_code=00100161&order_time=2024-01-30 HTTP/1.1" 200 408
124.78.154.219 - - [30/Jan/2024:09:51:20 +0800] "GET /xingrg/kc/buy/cgsh_order_operate.html?command=get_materiel&rest_code=00106&code=00101008264&supplier_code=00100007&order_time=2024-01-30 HTTP/1.1" 200 412
124.78.68.102 - - [30/Jan/2024:09:51:24 +0800] "GET /xingrg/kc/buy/cgsh_order_operate.html?command=get_materiel&rest_code=00141&code=00101008125&supplier_code=00100007&order_time=2024-01-30 HTTP/1.1" 200 413
101.228.146.191 - - [30/Jan/2024:09:51:26 +0800] "GET /xingrg/kc/buy/cgsh_order_operate.html?command=get_materiel&rest_code=00142&code=00101008268&supplier_code=00100161&order_time=2024-01-30 HTTP/1.1" 200 408
124.78.154.219 - - [30/Jan/2024:09:51:28 +0800] "GET /xingrg/kc/buy/cgsh_order_operate.html?command=get_materiel&rest_code=00106&code=00101008360&supplier_code=00100007&order_time=2024-01-30 HTTP/1.1" 200 413
124.78.68.102 - - [30/Jan/2024:09:51:28 +0800] "GET /xingrg/all/function/internal_message.html?_=1706579488649&CODE_STATE=getMsg HTTP/1.1" 200 27
101.83.145.37 - - [30/Jan/2024:09:51:28 +0800] "GET /xingrg/all/function/internal_message.html?_=1706579488930&CODE_STATE=getMsg HTTP/1.1" 200 27
101.228.146.191 - - [30/Jan/2024:09:51:35 +0800] "GET /xingrg/kc/buy/cgsh_order_operate.html?command=get_materiel&rest_code=00142&code=00101008361&supplier_code=00100161&order_time=2024-01-30 HTTP/1.1" 200 408
222.70.168.244 - - [30/Jan/2024:09:51:35 +0800] "GET /xingrg/kc/buy/cgsh_order_operate.html?command=get_materiel&rest_code=00146&code=00101008353&supplier_code=00100005&order_time=2024-01-30 HTTP/1.1" 200 408
114.83.220.203 - - [30/Jan/2024:09:51:37 +0800] "GET /xingrg/all/function/internal_message.html?_=1706579495896&CODE_STATE=getMsg HTTP/1.1" 200 27
222.70.115.1 - - [30/Jan/2024:09:51:37 +0800] "GET /xingrg/all/function/internal_message.html?_=1706579499338&CODE_STATE=getMsg HTTP/1.1" 200 27
114.83.220.203 - - [30/Jan/2024:09:51:37 +0800] "GET /xingrg/check_reg.html?_=1706579496477 HTTP/1.1" 200 22
124.78.68.102 - - [30/Jan/2024:09:51:38 +0800] "GET /xingrg/kc/buy/cgsh_order_operate.html?command=get_materiel&rest_code=00141&code=00101008080&supplier_code=00100007&order_time=2024-01-30 HTTP/1.1" 200 416
116.230.123.222 - - [30/Jan/2024:09:51:39 +0800] "GET /xingrg/all/function/internal_message.html?_=1706579498846&CODE_STATE=getMsg HTTP/1.1" 200 27
116.230.123.222 - - [30/Jan/2024:09:51:39 +0800] "GET /xingrg/check_reg.html?_=1706579498849 HTTP/1.1" 200 22
124.78.68.102 - - [30/Jan/2024:09:51:41 +0800] "POST /xingrg/kc/buy/cgsh_order_operate.html HTTP/1.1" 200 2065
101.83.241.3 - - [30/Jan/2024:09:51:42 +0800] "GET /xingrg/check_reg.html?_=1706579502741 HTTP/1.1" 200 22
101.83.241.3 - - [30/Jan/2024:09:51:42 +0800] "GET /xingrg/all/function/internal_message.html?_=1706579502750&CODE_STATE=getMsg HTTP/1.1" 200 27
124.78.154.219 - - [30/Jan/2024:09:51:48 +0800] "POST /xingrg/kc/buy/cgsh_order_operate.html HTTP/1.1" 200 37
101.228.146.191 - - [30/Jan/2024:09:51:49 +0800] "GET /xingrg/kc/buy/cgsh_order_operate.html?command=get_materiel&rest_code=00142&code=00101008371&supplier_code=00100161&order_time=2024-01-30 HTTP/1.1" 200 412
114.95.241.104 - - [30/Jan/2024:09:51:49 +0800] "GET /xingrg/all/function/internal_message.html?_=1706579509425&CODE_STATE=getMsg HTTP/1.1" 200 27
124.78.68.102 - - [30/Jan/2024:09:51:50 +0800] "GET /xingrg/kc/buy/cgsh_order_operate.html?command=get_materiel&rest_code=00141&code=00101008261&supplier_code=00100007&order_time=2024-01-30 HTTP/1.1" 200 408
116.230.123.222 - - [30/Jan/2024:09:51:51 +0800] "GET /xingrg/kc/buy/cgsh_order_operate.html?command=get_materiel&rest_code=00111&code=00101020397&supplier_code=00100037&order_time=2024-01-30 HTTP/1.1" 200 412
116.238.97.31 - - [30/Jan/2024:09:51:51 +0800] "GET /xingrg/check_reg.html?_=1706579512096 HTTP/1.1" 200 22
222.70.168.244 - - [30/Jan/2024:09:51:52 +0800] "GET /xingrg/kc/buy/cgsh_order_operate.html?command=get_materiel&rest_code=00146&code=00101008360&supplier_code=00100005&order_time=2024-01-30 HTTP/1.1" 200 413
120.253.135.82 - - [30/Jan/2024:09:51:53 +0800] "GET /xingrg/all/function/internal_message.html?_=1706579339166&CODE_STATE=getMsg HTTP/1.1" 200 27
124.78.154.219 - - [30/Jan/2024:09:51:54 +0800] "POST /xingrg/kc/buy/cgsh_order_operate.html HTTP/1.1" 200 8565
101.228.146.191 - - [30/Jan/2024:09:51:59 +0800] "GET /xingrg/kc/buy/cgsh_order_operate.html?command=get_materiel&rest_code=00142&code=00101008355&supplier_code=00100161&order_time=2024-01-30 HTTP/1.1" 200 408
222.70.168.244 - - [30/Jan/2024:09:52:00 +0800] "POST /xingrg/kc/buy/cgsh_order_operate.html HTTP/1.1" 200 2065
124.78.154.219 - - [30/Jan/2024:09:52:01 +0800] "GET /xingrg/all/function/internal_message.html?_=1706579518792&CODE_STATE=getMsg HTTP/1.1" 200 27
116.230.123.222 - - [30/Jan/2024:09:52:02 +0800] "GET /xingrg/kc/buy/cgsh_order_operate.html?command=get_materiel&rest_code=00111&code=00101012029&supplier_code=00100037&order_time=2024-01-30 HTTP/1.1" 200 412
124.78.68.102 - - [30/Jan/2024:09:52:05 +0800] "GET /xingrg/kc/buy/cgsh_order_operate.html?command=get_materiel&rest_code=00141&code=00101008199&supplier_code=00100007&order_time=2024-01-30 HTTP/1.1" 200 408
222.70.168.244 - - [30/Jan/2024:09:52:08 +0800] "GET /xingrg/kc/buy/cgsh_order_operate.html?command=get_materiel&rest_code=00146&code=00101008223&supplier_code=00100005&order_time=2024-01-30 HTTP/1.1" 200 412
101.228.146.191 - - [30/Jan/2024:09:52:09 +0800] "GET /xingrg/kc/buy/cgsh_order_operate.html?command=get_materiel&rest_code=00142&code=00101008024&supplier_code=00100161&order_time=2024-01-30 HTTP/1.1" 200 408
180.164.1.25 - - [30/Jan/2024:09:52:09 +0800] "GET /xingrg/all/function/internal_message.html?_=1706579528932&CODE_STATE=getMsg HTTP/1.1" 200 27
101.228.146.191 - - [30/Jan/2024:09:52:10 +0800] "GET /xingrg/all/function/internal_message.html?_=1706579529369&CODE_STATE=getMsg HTTP/1.1" 200 27
116.230.123.222 - - [30/Jan/2024:09:52:12 +0800] "GET /xingrg/kc/buy/cgsh_order_operate.html?command=get_materiel&rest_code=00111&code=00101009113&supplier_code=00100037&order_time=2024-01-30 HTTP/1.1" 200 413
120.253.135.82 - - [30/Jan/2024:09:52:12 +0800] "GET /xingrg/check_reg.html?_=1706579358502 HTTP/1.1" 200 22
124.78.154.219 - - [30/Jan/2024:09:52:13 +0800] "GET /xingrg/kc/buy/cgsh_order_operate.html?command=get_materiel&rest_code=00106&code=00101008286&supplier_code=00100007&order_time=2024-01-30 HTTP/1.1" 200 408
172.20.0.100 - - [30/Jan/2024:09:52:13 +0800] "GET /xingrg/all/function/internal_message.html?_=1706579537870&CODE_STATE=getMsg HTTP/1.1" 200 27
222.70.168.244 - - [30/Jan/2024:09:52:16 +0800] "GET /xingrg/all/function/internal_message.html?_=1706579541962&CODE_STATE=getMsg HTTP/1.1" 200 27
101.228.146.191 - - [30/Jan/2024:09:52:18 +0800] "GET /xingrg/kc/buy/cgsh_order_operate.html?command=get_materiel&rest_code=00142&code=00101008356&supplier_code=00100161&order_time=2024-01-30 HTTP/1.1" 200 408
222.70.168.244 - - [30/Jan/2024:09:52:23 +0800] "GET /xingrg/kc/buy/cgsh_order_operate.html?command=get_materiel&rest_code=00146&code=00101013114&supplier_code=00100005&order_time=2024-01-30 HTTP/1.1" 200 409
116.230.123.222 - - [30/Jan/2024:09:52:24 +0800] "GET /xingrg/kc/buy/cgsh_order_operate.html?command=get_materiel&rest_code=00111&code=00101009011&supplier_code=00100037&order_time=2024-01-30 HTTP/1.1" 200 416
124.78.154.219 - - [30/Jan/2024:09:52:25 +0800] "GET /xingrg/kc/buy/cgsh_order_operate.html?command=get_materiel&rest_code=00106&code=00101008005&supplier_code=00100007&order_time=2024-01-30 HTTP/1.1" 200 412
124.78.68.102 - - [30/Jan/2024:09:52:28 +0800] "GET /xingrg/all/function/internal_message.html?_=1706579548631&CODE_STATE=getMsg HTTP/1.1" 200 27
101.83.145.37 - - [30/Jan/2024:09:52:28 +0800] "GET /xingrg/check_reg.html?_=1706579548921 HTTP/1.1" 200 22
101.83.145.37 - - [30/Jan/2024:09:52:28 +0800] "GET /xingrg/all/function/internal_message.html?_=1706579548924&CODE_STATE=getMsg HTTP/1.1" 200 27
101.228.146.191 - - [30/Jan/2024:09:52:30 +0800] "GET /xingrg/kc/buy/cgsh_order_operate.html?command=get_materiel&rest_code=00142&code=00101008353&supplier_code=00100161&order_time=2024-01-30 HTTP/1.1" 200 408
124.78.68.102 - - [30/Jan/2024:09:52:31 +0800] "GET /xingrg/kc/buy/cgsh_order_operate.html?command=get_materiel&rest_code=00141&code=00101008355&supplier_code=00100007&order_time=2024-01-30 HTTP/1.1" 200 408
116.230.123.222 - - [30/Jan/2024:09:52:33 +0800] "GET /xingrg/kc/buy/cgsh_order_operate.html?command=get_materiel&rest_code=00111&code=00101009015&supplier_code=00100037&order_time=2024-01-30 HTTP/1.1" 200 416
124.78.154.219 - - [30/Jan/2024:09:52:36 +0800] "GET /xingrg/kc/buy/cgsh_order_operate.html?command=get_materiel&rest_code=00106&code=00101008437&supplier_code=00100007&order_time=2024-01-30 HTTP/1.1" 200 410
114.83.220.203 - - [30/Jan/2024:09:52:37 +0800] "GET /xingrg/all/function/internal_message.html?_=1706579555870&CODE_STATE=getMsg HTTP/1.1" 200 27
222.70.115.1 - - [30/Jan/2024:09:52:37 +0800] "GET /xingrg/all/function/internal_message.html?_=1706579559344&CODE_STATE=getMsg HTTP/1.1" 200 27
116.230.123.222 - - [30/Jan/2024:09:52:39 +0800] "GET /xingrg/all/function/internal_message.html?_=1706579558835&CODE_STATE=getMsg HTTP/1.1" 200 27
222.70.168.244 - - [30/Jan/2024:09:52:39 +0800] "GET /xingrg/kc/buy/cgsh_order_operate.html?command=get_materiel&rest_code=00146&code=00101008095&supplier_code=00100005&order_time=2024-01-30 HTTP/1.1" 200 412
101.228.146.191 - - [30/Jan/2024:09:52:42 +0800] "GET /xingrg/kc/buy/cgsh_order_operate.html?command=get_materiel&rest_code=00142&code=00101008351&supplier_code=00100161&order_time=2024-01-30 HTTP/1.1" 200 408
101.83.241.3 - - [30/Jan/2024:09:52:42 +0800] "GET /xingrg/all/function/internal_message.html?_=1706579562746&CODE_STATE=getMsg HTTP/1.1" 200 27
116.230.123.222 - - [30/Jan/2024:09:52:43 +0800] "GET /xingrg/kc/buy/cgsh_order_operate.html?command=get_materiel&rest_code=00111&code=00101008704&supplier_code=00100037&order_time=2024-01-30 HTTP/1.1" 200 409
180.169.147.146 - - [30/Jan/2024:09:52:47 +0800] "GET /xingrg/index.html?sysBaseUrl=http%3A%2F%2F180.169.147.146%3A18081%2Fxingrg%2F&costTime=39×tamp=1592034574635 HTTP/1.1" 302 -
180.169.147.146 - - [30/Jan/2024:09:52:47 +0800] "GET /xingrg/login.html HTTP/1.1" 200 7641
180.169.147.146 - - [30/Jan/2024:09:52:48 +0800] "GET /favicon.ico HTTP/1.1" 404 -
