172.20.0.100 - - [30/Jan/2024:08:27:13 +0800] "GET /xingrg/all/function/internal_message.html?_=1706574437830&CODE_STATE=getMsg HTTP/1.1" 200 27
124.78.68.102 - - [30/Jan/2024:08:27:28 +0800] "GET /xingrg/all/function/internal_message.html?_=1706574448400&CODE_STATE=getMsg HTTP/1.1" 200 27
114.95.241.104 - - [30/Jan/2024:08:27:49 +0800] "GET /xingrg/all/function/internal_message.html?_=1706574469543&CODE_STATE=getMsg HTTP/1.1" 200 27
222.70.168.244 - - [30/Jan/2024:08:28:04 +0800] "GET /xingrg/all/function/internal_message.html?_=1706574490138&CODE_STATE=getMsg HTTP/1.1" 200 27
114.95.241.104 - - [30/Jan/2024:08:28:12 +0800] "GET /xingrg/all/function/internal_message.html?_=1706574492212&CODE_STATE=getMsg HTTP/1.1" 200 27
120.253.135.82 - - [30/Jan/2024:08:28:12 +0800] "GET /xingrg/all/function/internal_message.html?_=1706574318344&CODE_STATE=getMsg HTTP/1.1" 200 27
172.20.0.100 - - [30/Jan/2024:08:28:13 +0800] "GET /xingrg/all/function/internal_message.html?_=1706574497828&CODE_STATE=getMsg HTTP/1.1" 200 27
124.78.68.102 - - [30/Jan/2024:08:28:28 +0800] "GET /xingrg/all/function/internal_message.html?_=1706574508382&CODE_STATE=getMsg HTTP/1.1" 200 27
114.95.241.104 - - [30/Jan/2024:08:28:49 +0800] "GET /xingrg/all/function/internal_message.html?_=1706574529561&CODE_STATE=getMsg HTTP/1.1" 200 27
222.70.168.244 - - [30/Jan/2024:08:29:04 +0800] "GET /xingrg/check_reg.html?_=1706574549521 HTTP/1.1" 200 22
222.70.168.244 - - [30/Jan/2024:08:29:04 +0800] "GET /xingrg/all/function/internal_message.html?_=1706574550152&CODE_STATE=getMsg HTTP/1.1" 200 27
120.253.135.82 - - [30/Jan/2024:08:29:05 +0800] "GET /xingrg/javascript/jquery_easy_ui/themes/default/images/tabs_active.png HTTP/1.1" 304 -
120.253.135.82 - - [30/Jan/2024:08:29:05 +0800] "GET /xingrg/javascript/easyui/themes/sunny/images/ui-bg_gloss-wave_60_fece2f_500x100.png HTTP/1.1" 304 -
120.253.135.82 - - [30/Jan/2024:08:29:09 +0800] "GET /xingrg/kc/buy/cgsh_order_list.html HTTP/1.1" 200 57403
120.253.135.82 - - [30/Jan/2024:08:29:12 +0800] "POST /xingrg/kc/buy/cgsh_list_operate.html HTTP/1.1" 200 986
114.95.241.104 - - [30/Jan/2024:08:29:12 +0800] "GET /xingrg/all/function/internal_message.html?_=1706574552199&CODE_STATE=getMsg HTTP/1.1" 200 27
120.253.135.82 - - [30/Jan/2024:08:29:12 +0800] "GET /xingrg/all/function/internal_message.html?_=1706574378358&CODE_STATE=getMsg HTTP/1.1" 200 27
172.20.0.100 - - [30/Jan/2024:08:29:13 +0800] "GET /xingrg/all/function/internal_message.html?_=1706574557827&CODE_STATE=getMsg HTTP/1.1" 200 27
124.78.68.102 - - [30/Jan/2024:08:29:28 +0800] "GET /xingrg/all/function/internal_message.html?_=1706574568364&CODE_STATE=getMsg HTTP/1.1" 200 27
114.95.241.104 - - [30/Jan/2024:08:29:49 +0800] "GET /xingrg/all/function/internal_message.html?_=1706574589548&CODE_STATE=getMsg HTTP/1.1" 200 27
222.70.168.244 - - [30/Jan/2024:08:30:04 +0800] "GET /xingrg/all/function/internal_message.html?_=1706574610162&CODE_STATE=getMsg HTTP/1.1" 200 27
114.95.241.104 - - [30/Jan/2024:08:30:12 +0800] "GET /xingrg/all/function/internal_message.html?_=1706574612168&CODE_STATE=getMsg HTTP/1.1" 200 27
120.253.135.82 - - [30/Jan/2024:08:30:12 +0800] "GET /xingrg/all/function/internal_message.html?_=1706574438404&CODE_STATE=getMsg HTTP/1.1" 200 27
172.20.0.100 - - [30/Jan/2024:08:30:13 +0800] "GET /xingrg/all/function/internal_message.html?_=1706574617825&CODE_STATE=getMsg HTTP/1.1" 200 27
120.253.135.82 - - [30/Jan/2024:08:30:24 +0800] "GET /xingrg/kc/buy/cgsh_order_add.html HTTP/1.1" 200 72249
120.253.135.82 - - [30/Jan/2024:08:30:24 +0800] "GET /xingrg/javascript/easyui/themes/icons/template_new.png HTTP/1.1" 304 -
120.253.135.82 - - [30/Jan/2024:08:30:24 +0800] "POST /xingrg/kc/buy/cgsh_order_operate.html HTTP/1.1" 200 8245
120.253.135.82 - - [30/Jan/2024:08:30:24 +0800] "GET /xingrg/all/common/auto_word.html?type=employee&rest_code=00101 HTTP/1.1" 200 973
120.253.135.82 - - [30/Jan/2024:08:30:24 +0800] "GET /xingrg/all/common/auto_word.html?type=employee&rest_code=00101 HTTP/1.1" 200 973
120.253.135.82 - - [30/Jan/2024:08:30:25 +0800] "GET /xingrg/javascript/easyui/themes/default/validatebox.css HTTP/1.1" 404 1104
114.95.241.104 - - [30/Jan/2024:08:30:25 +0800] "GET /xingrg/check_reg.html?_=1706574625269 HTTP/1.1" 200 22
124.78.68.102 - - [30/Jan/2024:08:30:28 +0800] "GET /xingrg/all/function/internal_message.html?_=1706574628337&CODE_STATE=getMsg HTTP/1.1" 200 27
124.78.68.102 - - [30/Jan/2024:08:30:44 +0800] "GET /xingrg/check_reg.html?_=1706574644410 HTTP/1.1" 200 22
114.95.241.104 - - [30/Jan/2024:08:30:49 +0800] "GET /xingrg/check_reg.html?_=1706574649566 HTTP/1.1" 200 22
114.95.241.104 - - [30/Jan/2024:08:30:49 +0800] "GET /xingrg/all/function/internal_message.html?_=1706574649569&CODE_STATE=getMsg HTTP/1.1" 200 27
222.70.168.244 - - [30/Jan/2024:08:31:04 +0800] "GET /xingrg/all/function/internal_message.html?_=1706574670175&CODE_STATE=getMsg HTTP/1.1" 200 27
116.238.97.31 - - [30/Jan/2024:08:31:11 +0800] "GET /xingrg/login.html HTTP/1.1" 200 7641
116.238.97.31 - - [30/Jan/2024:08:31:11 +0800] "GET /favicon.ico HTTP/1.1" 404 -
114.95.241.104 - - [30/Jan/2024:08:31:12 +0800] "GET /xingrg/all/function/internal_message.html?_=1706574672150&CODE_STATE=getMsg HTTP/1.1" 200 27
120.253.135.82 - - [30/Jan/2024:08:31:12 +0800] "GET /xingrg/all/function/internal_message.html?_=1706574498416&CODE_STATE=getMsg HTTP/1.1" 200 27
116.238.97.31 - - [30/Jan/2024:08:31:13 +0800] "POST /xingrg/login.do HTTP/1.1" 302 -
116.238.97.31 - - [30/Jan/2024:08:31:13 +0800] "GET /xingrg/index.html?sysBaseUrl=http%3A%2F%2F180.169.147.146%3A18081%2Fxingrg%2F&costTime=827×tamp=1706574673654 HTTP/1.1" 200 17173
116.238.97.31 - - [30/Jan/2024:08:31:13 +0800] "GET /favicon.ico HTTP/1.1" 404 -
172.20.0.100 - - [30/Jan/2024:08:31:13 +0800] "GET /xingrg/all/function/internal_message.html?_=1706574677823&CODE_STATE=getMsg HTTP/1.1" 200 27
172.20.0.100 - - [30/Jan/2024:08:31:13 +0800] "GET /xingrg/check_reg.html?_=1706574677825 HTTP/1.1" 200 22
116.238.97.31 - - [30/Jan/2024:08:31:14 +0800] "GET /xingrg/all/function/internal_message.html?_=1706574674750&CODE_STATE=count HTTP/1.1" 200 11
116.238.97.31 - - [30/Jan/2024:08:31:14 +0800] "GET /xingrg/check_reg.html?_=1706574674751 HTTP/1.1" 200 22
116.238.97.31 - - [30/Jan/2024:08:31:14 +0800] "POST /xingrg/all/common/load_tree.html?tree=area_rest_tree_json&manage=1 HTTP/1.1" 200 342
116.238.97.31 - - [30/Jan/2024:08:31:14 +0800] "POST /xingrg/load_menu.html HTTP/1.1" 200 5138
116.238.97.31 - - [30/Jan/2024:08:31:17 +0800] "GET /xingrg/kc/buy/cgsh_order_list.html HTTP/1.1" 200 57403
116.238.97.31 - - [30/Jan/2024:08:31:20 +0800] "POST /xingrg/kc/buy/cgsh_list_operate.html HTTP/1.1" 200 986
124.78.68.102 - - [30/Jan/2024:08:31:28 +0800] "GET /xingrg/all/function/internal_message.html?_=1706574688328&CODE_STATE=getMsg HTTP/1.1" 200 27
116.238.97.31 - - [30/Jan/2024:08:31:28 +0800] "POST /xingrg/kc/buy/cgsh_list_operate.html HTTP/1.1" 200 6432
114.95.241.104 - - [30/Jan/2024:08:31:49 +0800] "GET /xingrg/all/function/internal_message.html?_=1706574709554&CODE_STATE=getMsg HTTP/1.1" 200 27
116.238.97.31 - - [30/Jan/2024:08:31:51 +0800] "GET /xingrg/check_reg.html?_=1706574712386 HTTP/1.1" 200 22
116.238.97.31 - - [30/Jan/2024:08:31:53 +0800] "POST /xingrg/kc/buy/cgsh_list_operate.html HTTP/1.1" 200 6608
120.253.135.82 - - [30/Jan/2024:08:31:53 +0800] "POST /xingrg/all/common/load_combo.html?type=employee HTTP/1.1" 200 1749
116.238.97.31 - - [30/Jan/2024:08:32:04 +0800] "POST /xingrg/kc/buy/cgsh_list_operate.html HTTP/1.1" 200 6621
222.70.168.244 - - [30/Jan/2024:08:32:05 +0800] "GET /xingrg/all/function/internal_message.html?_=1706574730934&CODE_STATE=getMsg HTTP/1.1" 200 27
116.238.97.31 - - [30/Jan/2024:08:32:11 +0800] "POST /xingrg/kc/buy/cgsh_list_operate.html HTTP/1.1" 200 6608
114.95.241.104 - - [30/Jan/2024:08:32:12 +0800] "GET /xingrg/all/function/internal_message.html?_=1706574732131&CODE_STATE=getMsg HTTP/1.1" 200 27
120.253.135.82 - - [30/Jan/2024:08:32:12 +0800] "GET /xingrg/check_reg.html?_=1706574558141 HTTP/1.1" 200 22
120.253.135.82 - - [30/Jan/2024:08:32:12 +0800] "GET /xingrg/all/function/internal_message.html?_=1706574558430&CODE_STATE=getMsg HTTP/1.1" 200 27
172.20.0.100 - - [30/Jan/2024:08:32:13 +0800] "GET /xingrg/all/function/internal_message.html?_=1706574737823&CODE_STATE=getMsg HTTP/1.1" 200 27
116.238.97.31 - - [30/Jan/2024:08:32:14 +0800] "GET /xingrg/all/function/internal_message.html?_=1706574734753&CODE_STATE=getMsg HTTP/1.1" 200 27
116.238.97.31 - - [30/Jan/2024:08:32:19 +0800] "POST /xingrg/kc/buy/cgsh_list_operate.html HTTP/1.1" 200 204
120.253.135.82 - - [30/Jan/2024:08:32:19 +0800] "GET /xingrg/kc/buy/cgsh_order_operate.html?command=get_materiel&rest_code=00101&code=00101014040&supplier_code=00100379&order_time=2024-01-30 HTTP/1.1" 200 414
124.78.68.102 - - [30/Jan/2024:08:32:28 +0800] "GET /xingrg/all/function/internal_message.html?_=1706574748305&CODE_STATE=getMsg HTTP/1.1" 200 27
116.238.97.31 - - [30/Jan/2024:08:32:28 +0800] "GET /xingrg/kc/buy/cgsh_order_info.html?code=212024012912475 HTTP/1.1" 200 68121
116.238.97.31 - - [30/Jan/2024:08:32:29 +0800] "GET /xingrg/words/20240129142844_words.js HTTP/1.1" 304 -
116.238.97.31 - - [30/Jan/2024:08:32:29 +0800] "GET /xingrg/javascript/easyui/themes/default/validatebox.css HTTP/1.1" 404 1104
116.238.97.31 - - [30/Jan/2024:08:32:30 +0800] "POST /xingrg/kc/buy/cgsh_order_operate.html HTTP/1.1" 200 615
120.253.135.82 - - [30/Jan/2024:08:32:40 +0800] "POST /xingrg/kc/buy/cgsh_order_operate.html HTTP/1.1" 200 37
120.253.135.82 - - [30/Jan/2024:08:32:42 +0800] "POST /xingrg/kc/buy/cgsh_order_operate.html HTTP/1.1" 200 2667
120.253.135.82 - - [30/Jan/2024:08:32:49 +0800] "GET /xingrg/kc/print/load_config.html?kc_code=cgsh HTTP/1.1" 200 1927
120.253.135.82 - - [30/Jan/2024:08:32:49 +0800] "GET /xingrg/kc/print/load_data.html?order_code=212024013012811&kc_code=cgsh&condition= HTTP/1.1" 200 693
114.95.241.104 - - [30/Jan/2024:08:32:49 +0800] "GET /xingrg/all/function/internal_message.html?_=1706574769558&CODE_STATE=getMsg HTTP/1.1" 200 27
222.70.168.244 - - [30/Jan/2024:08:33:05 +0800] "GET /xingrg/all/function/internal_message.html?_=1706574790935&CODE_STATE=getMsg HTTP/1.1" 200 27
114.95.241.104 - - [30/Jan/2024:08:33:12 +0800] "GET /xingrg/all/function/internal_message.html?_=1706574792151&CODE_STATE=getMsg HTTP/1.1" 200 27
120.253.135.82 - - [30/Jan/2024:08:33:12 +0800] "GET /xingrg/all/function/internal_message.html?_=1706574618477&CODE_STATE=getMsg HTTP/1.1" 200 27
114.95.241.104 - - [30/Jan/2024:08:33:13 +0800] "GET /xingrg/kc/buy/cgsh_order_list.html HTTP/1.1" 200 57414
172.20.0.100 - - [30/Jan/2024:08:33:13 +0800] "GET /xingrg/all/function/internal_message.html?_=1706574797821&CODE_STATE=getMsg HTTP/1.1" 200 27
116.238.97.31 - - [30/Jan/2024:08:33:14 +0800] "GET /xingrg/all/function/internal_message.html?_=1706574794775&CODE_STATE=getMsg HTTP/1.1" 200 27
114.95.241.104 - - [30/Jan/2024:08:33:15 +0800] "POST /xingrg/kc/buy/cgsh_list_operate.html HTTP/1.1" 200 986
114.95.241.104 - - [30/Jan/2024:08:33:17 +0800] "GET /xingrg/kc/buy/cgsh_order_add.html HTTP/1.1" 200 73229
114.95.241.104 - - [30/Jan/2024:08:33:17 +0800] "GET /xingrg/words/20240129142844_words.js HTTP/1.1" 304 -
114.95.241.104 - - [30/Jan/2024:08:33:17 +0800] "GET /xingrg/javascript/easyui/themes/default/validatebox.css HTTP/1.1" 404 1104
114.95.241.104 - - [30/Jan/2024:08:33:17 +0800] "POST /xingrg/kc/buy/cgsh_order_operate.html HTTP/1.1" 200 8245
114.95.241.104 - - [30/Jan/2024:08:33:17 +0800] "GET /xingrg/all/common/auto_word.html?type=employee&rest_code=00150 HTTP/1.1" 200 159
114.95.241.104 - - [30/Jan/2024:08:33:17 +0800] "GET /xingrg/all/common/auto_word.html?type=employee&rest_code=00150 HTTP/1.1" 200 159
124.78.68.102 - - [30/Jan/2024:08:33:28 +0800] "GET /xingrg/all/function/internal_message.html?_=1706574808287&CODE_STATE=getMsg HTTP/1.1" 200 27
114.95.241.104 - - [30/Jan/2024:08:33:36 +0800] "GET /xingrg/kc/buy/cgsh_order_operate.html?command=get_materiel&rest_code=00150&code=00101016030&supplier_code=00100096&order_time=2024-01-30 HTTP/1.1" 200 412
114.95.241.104 - - [30/Jan/2024:08:33:46 +0800] "GET /xingrg/kc/buy/cgsh_order_list.html HTTP/1.1" 200 57414
114.95.241.104 - - [30/Jan/2024:08:33:49 +0800] "POST /xingrg/kc/buy/cgsh_list_operate.html HTTP/1.1" 200 986
114.95.241.104 - - [30/Jan/2024:08:33:49 +0800] "GET /xingrg/all/function/internal_message.html?_=1706574829550&CODE_STATE=getMsg HTTP/1.1" 200 27
101.83.145.37 - - [30/Jan/2024:08:33:58 +0800] "GET /xingrg/index.html?sysBaseUrl=http%3A%2F%2F180.169.147.146%3A18081%2Fxingrg%2F&costTime=36×tamp=1585223203754 HTTP/1.1" 302 -
101.83.145.37 - - [30/Jan/2024:08:33:58 +0800] "GET /xingrg/login.html HTTP/1.1" 200 7641
101.83.145.37 - - [30/Jan/2024:08:33:59 +0800] "GET /favicon.ico HTTP/1.1" 404 -
101.83.145.37 - - [30/Jan/2024:08:34:04 +0800] "GET /favicon.ico HTTP/1.1" 404 -
222.70.168.244 - - [30/Jan/2024:08:34:05 +0800] "GET /xingrg/check_reg.html?_=1706574850408 HTTP/1.1" 200 22
222.70.168.244 - - [30/Jan/2024:08:34:05 +0800] "GET /xingrg/all/function/internal_message.html?_=1706574850949&CODE_STATE=getMsg HTTP/1.1" 200 27
114.95.241.104 - - [30/Jan/2024:08:34:12 +0800] "GET /xingrg/all/function/internal_message.html?_=1706574852140&CODE_STATE=getMsg HTTP/1.1" 200 27
120.253.135.82 - - [30/Jan/2024:08:34:12 +0800] "GET /xingrg/all/function/internal_message.html?_=1706574678535&CODE_STATE=getMsg HTTP/1.1" 200 27
172.20.0.100 - - [30/Jan/2024:08:34:13 +0800] "GET /xingrg/all/function/internal_message.html?_=1706574857820&CODE_STATE=getMsg HTTP/1.1" 200 27
116.238.97.31 - - [30/Jan/2024:08:34:14 +0800] "GET /xingrg/all/function/internal_message.html?_=1706574854775&CODE_STATE=getMsg HTTP/1.1" 200 27
114.95.241.104 - - [30/Jan/2024:08:34:23 +0800] "GET /xingrg/kc/buy/cgsh_order_operate.html?command=get_materiel&rest_code=00150&code=00101016071&supplier_code=00100096&order_time=2024-01-30 HTTP/1.1" 200 416
120.253.135.82 - - [30/Jan/2024:08:34:24 +0800] "POST /xingrg/kc/buy/cgsh_order_operate.html HTTP/1.1" 200 37
124.78.68.102 - - [30/Jan/2024:08:34:28 +0800] "GET /xingrg/all/function/internal_message.html?_=1706574868267&CODE_STATE=getMsg HTTP/1.1" 200 27
120.253.135.82 - - [30/Jan/2024:08:34:31 +0800] "POST /xingrg/kc/buy/cgsh_order_operate.html HTTP/1.1" 200 12
114.95.241.104 - - [30/Jan/2024:08:34:31 +0800] "GET /xingrg/kc/buy/cgsh_order_operate.html?command=get_materiel&rest_code=00150&code=00101012025&supplier_code=00100096&order_time=2024-01-30 HTTP/1.1" 200 412
120.253.135.82 - - [30/Jan/2024:08:34:34 +0800] "GET /xingrg/kc/buy/cgsh_order_info.html?code=212024013012811 HTTP/1.1" 200 67156
120.253.135.82 - - [30/Jan/2024:08:34:34 +0800] "GET /xingrg/javascript/easyui/themes/default/validatebox.css HTTP/1.1" 404 1104
120.253.135.82 - - [30/Jan/2024:08:34:35 +0800] "POST /xingrg/kc/buy/cgsh_order_operate.html HTTP/1.1" 200 617
114.95.241.104 - - [30/Jan/2024:08:34:38 +0800] "GET /xingrg/kc/buy/cgsh_order_operate.html?command=get_materiel&rest_code=00150&code=00101012003&supplier_code=00100096&order_time=2024-01-30 HTTP/1.1" 200 412
180.164.1.25 - - [30/Jan/2024:08:34:40 +0800] "POST /xingrg/services/DataTransmitService HTTP/1.1" 200 524
114.95.241.104 - - [30/Jan/2024:08:34:41 +0800] "GET /xingrg/kc/buy/cgsh_order_add.html HTTP/1.1" 200 73241
114.95.241.104 - - [30/Jan/2024:08:34:41 +0800] "GET /xingrg/words/20240129142844_words.js HTTP/1.1" 200 1011519
114.95.241.104 - - [30/Jan/2024:08:34:42 +0800] "POST /xingrg/kc/buy/cgsh_order_operate.html HTTP/1.1" 200 8245
114.95.241.104 - - [30/Jan/2024:08:34:42 +0800] "GET /xingrg/javascript/easyui/themes/default/validatebox.css HTTP/1.1" 404 1104
114.95.241.104 - - [30/Jan/2024:08:34:42 +0800] "GET /xingrg/all/common/auto_word.html?type=employee&rest_code=00150 HTTP/1.1" 200 159
114.95.241.104 - - [30/Jan/2024:08:34:42 +0800] "GET /xingrg/all/common/auto_word.html?type=employee&rest_code=00150 HTTP/1.1" 200 159
120.253.135.82 - - [30/Jan/2024:08:34:43 +0800] "POST /xingrg/kc/buy/cgsh_list_operate.html HTTP/1.1" 200 986
120.253.135.82 - - [30/Jan/2024:08:34:43 +0800] "POST /xingrg/kc/buy/cgsh_list_operate.html HTTP/1.1" 200 986
120.253.135.82 - - [30/Jan/2024:08:34:45 +0800] "GET /xingrg/kc/buy/cgsh_order_list.html HTTP/1.1" 200 57403
116.238.97.31 - - [30/Jan/2024:08:34:45 +0800] "GET /xingrg/kc/base/wldb_order_list.html HTTP/1.1" 200 19013
116.238.97.31 - - [30/Jan/2024:08:34:46 +0800] "POST /xingrg/kc/base/wldb_list_operate.html HTTP/1.1" 200 928
120.253.135.82 - - [30/Jan/2024:08:34:47 +0800] "POST /xingrg/kc/buy/cgsh_list_operate.html HTTP/1.1" 200 986
116.238.97.31 - - [30/Jan/2024:08:34:47 +0800] "GET /xingrg/kc/base/wldb_order_add.html HTTP/1.1" 200 30340
116.238.97.31 - - [30/Jan/2024:08:34:47 +0800] "POST /xingrg/kc/buy/cgsh_list_operate.html HTTP/1.1" 200 6608
116.238.97.31 - - [30/Jan/2024:08:34:47 +0800] "POST /xingrg/kc/base/wldb_order_operate.html HTTP/1.1" 200 6806
116.238.97.31 - - [30/Jan/2024:08:34:47 +0800] "GET /xingrg/all/common/auto_word.html?type=base&rest_code=00102 HTTP/1.1" 200 1857
116.238.97.31 - - [30/Jan/2024:08:34:47 +0800] "GET /xingrg/javascript/easyui/themes/default/validatebox.css HTTP/1.1" 404 1104
116.238.97.31 - - [30/Jan/2024:08:34:47 +0800] "GET /xingrg/all/common/auto_word.html?type=base&rest_code=00102 HTTP/1.1" 200 1857
101.83.145.37 - - [30/Jan/2024:08:34:49 +0800] "POST /xingrg/login.do HTTP/1.1" 302 -
101.83.145.37 - - [30/Jan/2024:08:34:49 +0800] "GET /xingrg/index.html?sysBaseUrl=http%3A%2F%2F180.169.147.146%3A18081%2Fxingrg%2F&costTime=904×tamp=1706574889462 HTTP/1.1" 200 17173
101.83.145.37 - - [30/Jan/2024:08:34:49 +0800] "GET /favicon.ico HTTP/1.1" 404 -
114.95.241.104 - - [30/Jan/2024:08:34:49 +0800] "GET /xingrg/all/function/internal_message.html?_=1706574889552&CODE_STATE=getMsg HTTP/1.1" 200 27
101.83.145.37 - - [30/Jan/2024:08:34:49 +0800] "GET /xingrg/all/function/internal_message.html?_=1706574892350&CODE_STATE=count HTTP/1.1" 200 11
101.83.145.37 - - [30/Jan/2024:08:34:49 +0800] "GET /xingrg/check_reg.html?_=1706574892350 HTTP/1.1" 200 22
101.83.145.37 - - [30/Jan/2024:08:34:50 +0800] "POST /xingrg/all/common/load_tree.html?tree=area_rest_tree_json&manage=1 HTTP/1.1" 200 3624
101.83.145.37 - - [30/Jan/2024:08:34:50 +0800] "POST /xingrg/load_menu.html HTTP/1.1" 200 5138
114.95.241.104 - - [30/Jan/2024:08:34:51 +0800] "GET /xingrg/javascript/auto/indicator.gif HTTP/1.1" 404 1066
114.95.241.104 - - [30/Jan/2024:08:34:52 +0800] "GET /xingrg/kc/buy/cgsh_order_operate.html?command=get_materiel&rest_code=00150&code=00101001299&supplier_code=00100096&order_time=2024-01-30 HTTP/1.1" 200 412
101.83.145.37 - - [30/Jan/2024:08:34:53 +0800] "GET /xingrg/javascript/jquery_easy_ui/themes/icons/area.png HTTP/1.1" 304 -
101.83.145.37 - - [30/Jan/2024:08:34:53 +0800] "GET /xingrg/javascript/jquery_easy_ui/themes/icons/manage.png HTTP/1.1" 304 -
101.83.145.37 - - [30/Jan/2024:08:34:53 +0800] "GET /xingrg/javascript/jquery_easy_ui/themes/icons/rest.png HTTP/1.1" 304 -
101.83.145.37 - - [30/Jan/2024:08:34:58 +0800] "GET /xingrg/kc/buy/cgsh_order_list.html HTTP/1.1" 200 57403
222.70.168.244 - - [30/Jan/2024:08:35:05 +0800] "GET /xingrg/all/function/internal_message.html?_=1706574910963&CODE_STATE=getMsg HTTP/1.1" 200 27
114.95.241.104 - - [30/Jan/2024:08:35:05 +0800] "GET /xingrg/kc/buy/cgsh_order_operate.html?command=get_materiel&rest_code=00150&code=00101006129&supplier_code=00100096&order_time=2024-01-30 HTTP/1.1" 200 439
101.83.145.37 - - [30/Jan/2024:08:35:05 +0800] "GET /xingrg/kc/buy/cgsh_order_list.html HTTP/1.1" 200 57403
101.83.145.37 - - [30/Jan/2024:08:35:06 +0800] "POST /xingrg/kc/buy/cgsh_list_operate.html HTTP/1.1" 200 986
101.83.145.37 - - [30/Jan/2024:08:35:08 +0800] "POST /xingrg/kc/buy/cgsh_list_operate.html HTTP/1.1" 200 986
114.95.241.104 - - [30/Jan/2024:08:35:12 +0800] "GET /xingrg/all/function/internal_message.html?_=1706574912126&CODE_STATE=getMsg HTTP/1.1" 200 27
120.253.135.82 - - [30/Jan/2024:08:35:12 +0800] "GET /xingrg/all/function/internal_message.html?_=1706574738548&CODE_STATE=getMsg HTTP/1.1" 200 27
114.95.241.104 - - [30/Jan/2024:08:35:13 +0800] "GET /xingrg/kc/buy/cgsh_order_operate.html?command=get_materiel&rest_code=00150&code=00101008323&supplier_code=00100008&order_time=2024-01-30 HTTP/1.1" 200 408
172.20.0.100 - - [30/Jan/2024:08:35:13 +0800] "GET /xingrg/all/function/internal_message.html?_=1706574917818&CODE_STATE=getMsg HTTP/1.1" 200 27
116.238.97.31 - - [30/Jan/2024:08:35:14 +0800] "GET /xingrg/all/function/internal_message.html?_=1706574914751&CODE_STATE=getMsg HTTP/1.1" 200 27
114.95.241.104 - - [30/Jan/2024:08:35:17 +0800] "GET /xingrg/kc/buy/cgsh_order_operate.html?command=get_materiel&rest_code=00150&code=00101006019&supplier_code=00100096&order_time=2024-01-30 HTTP/1.1" 200 417
114.95.241.104 - - [30/Jan/2024:08:35:24 +0800] "GET /xingrg/kc/buy/cgsh_order_operate.html?command=get_materiel&rest_code=00150&code=00101008091&supplier_code=00100008&order_time=2024-01-30 HTTP/1.1" 200 412
101.83.145.37 - - [30/Jan/2024:08:35:25 +0800] "GET /xingrg/javascript/easyui/themes/default/images/button_plain_hover.png HTTP/1.1" 304 -
114.95.241.104 - - [30/Jan/2024:08:35:25 +0800] "GET /xingrg/check_reg.html?_=1706574925391 HTTP/1.1" 200 22
101.83.145.37 - - [30/Jan/2024:08:35:26 +0800] "GET /xingrg/kc/buy/cgsh_order_add.html HTTP/1.1" 200 73267
101.83.145.37 - - [30/Jan/2024:08:35:26 +0800] "GET /xingrg/javascript/pic_change.js HTTP/1.1" 304 -
101.83.145.37 - - [30/Jan/2024:08:35:26 +0800] "GET /xingrg/javascript/jquery_tools/order_manager.js HTTP/1.1" 304 -
101.83.145.37 - - [30/Jan/2024:08:35:26 +0800] "GET /xingrg/javascript/convert.js HTTP/1.1" 304 -
101.83.145.37 - - [30/Jan/2024:08:35:26 +0800] "GET /xingrg/javascript/print/kc_print.js HTTP/1.1" 304 -
101.83.145.37 - - [30/Jan/2024:08:35:26 +0800] "GET /xingrg/javascript/json2.js HTTP/1.1" 304 -
101.83.145.37 - - [30/Jan/2024:08:35:26 +0800] "GET /xingrg/words/20240129142844_words.js HTTP/1.1" 200 1011519
101.83.145.37 - - [30/Jan/2024:08:35:26 +0800] "GET /xingrg/javascript/easyui/themes/icons/copy_new.png HTTP/1.1" 304 -
101.83.145.37 - - [30/Jan/2024:08:35:26 +0800] "GET /xingrg/javascript/easyui/themes/icons/template_new.png HTTP/1.1" 304 -
101.83.145.37 - - [30/Jan/2024:08:35:26 +0800] "GET /xingrg/javascript/easyui/themes/icons/ok.png HTTP/1.1" 304 -
101.83.145.37 - - [30/Jan/2024:08:35:26 +0800] "GET /xingrg/javascript/easyui/themes/icons/print.png HTTP/1.1" 304 -
101.83.145.37 - - [30/Jan/2024:08:35:26 +0800] "GET /xingrg/javascript/easyui/themes/default/images/menu_downarrow.png HTTP/1.1" 304 -
101.83.145.37 - - [30/Jan/2024:08:35:26 +0800] "GET /xingrg/javascript/easyui/themes/icons/cancel.png HTTP/1.1" 304 -
101.83.145.37 - - [30/Jan/2024:08:35:26 +0800] "POST /xingrg/kc/buy/cgsh_order_operate.html HTTP/1.1" 200 8245
101.83.145.37 - - [30/Jan/2024:08:35:26 +0800] "GET /xingrg/javascript/easyui/themes/default/validatebox.css HTTP/1.1" 404 1104
101.83.145.37 - - [30/Jan/2024:08:35:26 +0800] "GET /xingrg/javascript/easyui/plugins/jquery.validatebox.js HTTP/1.1" 304 -
101.83.145.37 - - [30/Jan/2024:08:35:26 +0800] "GET /xingrg/javascript/easyui/plugins/jquery.numberbox.js HTTP/1.1" 304 -
101.83.145.37 - - [30/Jan/2024:08:35:26 +0800] "GET /xingrg/all/common/auto_word.html?type=employee&rest_code=00105 HTTP/1.1" 200 193
101.83.145.37 - - [30/Jan/2024:08:35:26 +0800] "GET /xingrg/javascript/easyui/themes/icons/edit_remove.png HTTP/1.1" 304 -
101.83.145.37 - - [30/Jan/2024:08:35:26 +0800] "GET /xingrg/all/common/auto_word.html?type=employee&rest_code=00105 HTTP/1.1" 200 193
124.78.68.102 - - [30/Jan/2024:08:35:28 +0800] "GET /xingrg/all/function/internal_message.html?_=1706574928240&CODE_STATE=getMsg HTTP/1.1" 200 27
114.95.241.104 - - [30/Jan/2024:08:35:30 +0800] "GET /xingrg/kc/buy/cgsh_order_operate.html?command=get_materiel&rest_code=00150&code=00101006065&supplier_code=00100096&order_time=2024-01-30 HTTP/1.1" 200 409
101.83.145.37 - - [30/Jan/2024:08:35:31 +0800] "GET /xingrg/javascript/auto/indicator.gif HTTP/1.1" 404 1066
114.95.241.104 - - [30/Jan/2024:08:35:31 +0800] "GET /xingrg/kc/buy/cgsh_order_operate.html?command=get_materiel&rest_code=00150&code=00101008261&supplier_code=00100008&order_time=2024-01-30 HTTP/1.1" 200 408
114.95.241.104 - - [30/Jan/2024:08:35:40 +0800] "GET /xingrg/kc/buy/cgsh_order_operate.html?command=get_materiel&rest_code=00150&code=00101008027&supplier_code=00100008&order_time=2024-01-30 HTTP/1.1" 200 408
114.95.241.104 - - [30/Jan/2024:08:35:43 +0800] "GET /xingrg/kc/buy/cgsh_order_operate.html?command=get_materiel&rest_code=00150&code=00101006177&supplier_code=00100096&order_time=2024-01-30 HTTP/1.1" 200 408
124.78.68.102 - - [30/Jan/2024:08:35:44 +0800] "GET /xingrg/check_reg.html?_=1706574944385 HTTP/1.1" 200 22
222.70.115.1 - - [30/Jan/2024:08:35:48 +0800] "POST /xingrg/services/DataTransmitService HTTP/1.1" 200 524
114.95.241.104 - - [30/Jan/2024:08:35:48 +0800] "GET /xingrg/kc/buy/cgsh_order_operate.html?command=get_materiel&rest_code=00150&code=00101008257&supplier_code=00100008&order_time=2024-01-30 HTTP/1.1" 200 416
114.95.241.104 - - [30/Jan/2024:08:35:49 +0800] "GET /xingrg/all/function/internal_message.html?_=1706574949555&CODE_STATE=getMsg HTTP/1.1" 200 27
114.95.241.104 - - [30/Jan/2024:08:35:49 +0800] "GET /xingrg/check_reg.html?_=1706574949558 HTTP/1.1" 200 22
101.83.145.37 - - [30/Jan/2024:08:35:49 +0800] "GET /xingrg/all/function/internal_message.html?_=1706574949994&CODE_STATE=getMsg HTTP/1.1" 200 27
101.83.145.37 - - [30/Jan/2024:08:35:50 +0800] "GET /xingrg/kc/buy/cgsh_order_operate.html?command=get_materiel&rest_code=00105&code=00101008312&supplier_code=00100005&order_time=2024-01-30 HTTP/1.1" 200 412
114.95.241.104 - - [30/Jan/2024:08:35:54 +0800] "GET /xingrg/kc/buy/cgsh_order_operate.html?command=get_materiel&rest_code=00150&code=00101007061&supplier_code=00100096&order_time=2024-01-30 HTTP/1.1" 200 411
114.95.241.104 - - [30/Jan/2024:08:35:57 +0800] "GET /xingrg/kc/buy/cgsh_order_operate.html?command=get_materiel&rest_code=00150&code=00101008156&supplier_code=00100008&order_time=2024-01-30 HTTP/1.1" 200 414
116.238.97.31 - - [30/Jan/2024:08:35:59 +0800] "POST /xingrg/all/common/load_combo.html?type=base HTTP/1.1" 200 3321
116.238.97.31 - - [30/Jan/2024:08:36:02 +0800] "GET /xingrg/javascript/auto/indicator.gif HTTP/1.1" 404 1066
116.238.97.31 - - [30/Jan/2024:08:36:04 +0800] "GET /xingrg/kc/base/wldb_order_operate.html?command=get_materiel&rest_code=00102&base_code=0010476&code=00101016094 HTTP/1.1" 200 469
114.95.241.104 - - [30/Jan/2024:08:36:04 +0800] "GET /xingrg/kc/buy/cgsh_order_operate.html?command=get_materiel&rest_code=00150&code=00101007049&supplier_code=00100096&order_time=2024-01-30 HTTP/1.1" 200 409
222.70.168.244 - - [30/Jan/2024:08:36:05 +0800] "GET /xingrg/all/function/internal_message.html?_=1706574970977&CODE_STATE=getMsg HTTP/1.1" 200 27
114.95.241.104 - - [30/Jan/2024:08:36:07 +0800] "GET /xingrg/kc/buy/cgsh_order_operate.html?command=get_materiel&rest_code=00150&code=00101008331&supplier_code=00100008&order_time=2024-01-30 HTTP/1.1" 200 416
101.83.145.37 - - [30/Jan/2024:08:36:08 +0800] "GET /xingrg/kc/buy/cgsh_order_operate.html?command=get_materiel&rest_code=00105&code=00101008256&supplier_code=00100005&order_time=2024-01-30 HTTP/1.1" 200 412
114.95.241.104 - - [30/Jan/2024:08:36:12 +0800] "GET /xingrg/all/function/internal_message.html?_=1706574972117&CODE_STATE=getMsg HTTP/1.1" 200 27
120.253.135.82 - - [30/Jan/2024:08:36:12 +0800] "GET /xingrg/all/function/internal_message.html?_=1706574798562&CODE_STATE=getMsg HTTP/1.1" 200 27
172.20.0.100 - - [30/Jan/2024:08:36:13 +0800] "GET /xingrg/all/function/internal_message.html?_=1706574977833&CODE_STATE=getMsg HTTP/1.1" 200 27
172.20.0.100 - - [30/Jan/2024:08:36:13 +0800] "GET /xingrg/check_reg.html?_=1706574977834 HTTP/1.1" 200 22
116.238.97.31 - - [30/Jan/2024:08:36:14 +0800] "GET /xingrg/check_reg.html?_=1706574974760 HTTP/1.1" 200 22
116.238.97.31 - - [30/Jan/2024:08:36:14 +0800] "GET /xingrg/all/function/internal_message.html?_=1706574974764&CODE_STATE=getMsg HTTP/1.1" 200 27
114.95.241.104 - - [30/Jan/2024:08:36:15 +0800] "GET /xingrg/kc/buy/cgsh_order_operate.html?command=get_materiel&rest_code=00150&code=00101007134&supplier_code=00100096&order_time=2024-01-30 HTTP/1.1" 200 415
114.95.241.104 - - [30/Jan/2024:08:36:21 +0800] "GET /xingrg/kc/buy/cgsh_order_operate.html?command=get_materiel&rest_code=00150&code=00101008350&supplier_code=00100008&order_time=2024-01-30 HTTP/1.1" 200 408
124.78.68.102 - - [30/Jan/2024:08:36:28 +0800] "GET /xingrg/all/function/internal_message.html?_=1706574988227&CODE_STATE=getMsg HTTP/1.1" 200 27
101.83.145.37 - - [30/Jan/2024:08:36:28 +0800] "GET /xingrg/kc/buy/cgsh_order_operate.html?command=get_materiel&rest_code=00105&code=00101008769&supplier_code=00100005&order_time=2024-01-30 HTTP/1.1" 200 403
114.95.241.104 - - [30/Jan/2024:08:36:33 +0800] "GET /xingrg/kc/buy/cgsh_order_operate.html?command=get_materiel&rest_code=00150&code=00101008312&supplier_code=00100008&order_time=2024-01-30 HTTP/1.1" 200 412
114.95.241.104 - - [30/Jan/2024:08:36:46 +0800] "GET /xingrg/kc/buy/cgsh_order_operate.html?command=get_materiel&rest_code=00150&code=00101008112&supplier_code=00100008&order_time=2024-01-30 HTTP/1.1" 200 412
114.95.241.104 - - [30/Jan/2024:08:36:49 +0800] "GET /xingrg/all/function/internal_message.html?_=1706575009554&CODE_STATE=getMsg HTTP/1.1" 200 27
101.83.145.37 - - [30/Jan/2024:08:36:50 +0800] "GET /xingrg/all/function/internal_message.html?_=1706575010030&CODE_STATE=getMsg HTTP/1.1" 200 27
116.238.97.31 - - [30/Jan/2024:08:36:51 +0800] "GET /xingrg/check_reg.html?_=1706575012362 HTTP/1.1" 200 22
114.95.241.104 - - [30/Jan/2024:08:37:02 +0800] "GET /xingrg/kc/buy/cgsh_order_operate.html?command=get_materiel&rest_code=00150&code=00101008612&supplier_code=00100008&order_time=2024-01-30 HTTP/1.1" 200 420
222.70.168.244 - - [30/Jan/2024:08:37:06 +0800] "GET /xingrg/all/function/internal_message.html?_=1706575031688&CODE_STATE=getMsg HTTP/1.1" 200 27
114.95.241.104 - - [30/Jan/2024:08:37:11 +0800] "GET /xingrg/kc/buy/cgsh_order_operate.html?command=get_materiel&rest_code=00150&code=00101008283&supplier_code=00100008&order_time=2024-01-30 HTTP/1.1" 200 408
114.95.241.104 - - [30/Jan/2024:08:37:12 +0800] "GET /xingrg/all/function/internal_message.html?_=1706575032131&CODE_STATE=getMsg HTTP/1.1" 200 27
120.253.135.82 - - [30/Jan/2024:08:37:12 +0800] "GET /xingrg/check_reg.html?_=1706574858183 HTTP/1.1" 200 22
120.253.135.82 - - [30/Jan/2024:08:37:12 +0800] "GET /xingrg/all/function/internal_message.html?_=1706574858576&CODE_STATE=getMsg HTTP/1.1" 200 27
172.20.0.100 - - [30/Jan/2024:08:37:13 +0800] "GET /xingrg/all/function/internal_message.html?_=1706575037832&CODE_STATE=getMsg HTTP/1.1" 200 27
116.238.97.31 - - [30/Jan/2024:08:37:14 +0800] "GET /xingrg/all/function/internal_message.html?_=1706575034770&CODE_STATE=getMsg HTTP/1.1" 200 27
114.95.241.104 - - [30/Jan/2024:08:37:19 +0800] "GET /xingrg/kc/buy/cgsh_order_operate.html?command=get_materiel&rest_code=00150&code=00101008096&supplier_code=00100008&order_time=2024-01-30 HTTP/1.1" 200 412
114.95.241.104 - - [30/Jan/2024:08:37:25 +0800] "POST /xingrg/kc/buy/cgsh_order_operate.html HTTP/1.1" 200 37
124.78.68.102 - - [30/Jan/2024:08:37:28 +0800] "GET /xingrg/all/function/internal_message.html?_=1706575048200&CODE_STATE=getMsg HTTP/1.1" 200 27
114.95.241.104 - - [30/Jan/2024:08:37:28 +0800] "GET /xingrg/kc/buy/cgsh_order_operate.html?command=get_materiel&rest_code=00150&code=00101008010&supplier_code=00100008&order_time=2024-01-30 HTTP/1.1" 200 412
114.95.241.104 - - [30/Jan/2024:08:37:33 +0800] "POST /xingrg/kc/buy/cgsh_order_operate.html HTTP/1.1" 200 12
114.95.241.104 - - [30/Jan/2024:08:37:35 +0800] "GET /xingrg/kc/buy/cgsh_order_info.html?code=212024013012812 HTTP/1.1" 200 68128
114.95.241.104 - - [30/Jan/2024:08:37:35 +0800] "GET /xingrg/javascript/easyui/themes/default/validatebox.css HTTP/1.1" 404 1104
114.95.241.104 - - [30/Jan/2024:08:37:36 +0800] "POST /xingrg/kc/buy/cgsh_order_operate.html HTTP/1.1" 200 7156
114.95.241.104 - - [30/Jan/2024:08:37:38 +0800] "GET /xingrg/kc/print/load_config.html?kc_code=cgsh HTTP/1.1" 200 1927
101.83.145.37 - - [30/Jan/2024:08:37:38 +0800] "GET /xingrg/kc/buy/cgsh_order_operate.html?command=get_materiel&rest_code=00105&code=00101008496&supplier_code=00100005&order_time=2024-01-30 HTTP/1.1" 200 405
114.95.241.104 - - [30/Jan/2024:08:37:38 +0800] "GET /xingrg/kc/buy/cgsh_order_operate.html?command=get_materiel&rest_code=00150&code=00101008163&supplier_code=00100008&order_time=2024-01-30 HTTP/1.1" 200 409
114.95.241.104 - - [30/Jan/2024:08:37:38 +0800] "GET /xingrg/kc/print/load_data.html?order_code=212024013012812&kc_code=cgsh&condition= HTTP/1.1" 200 3186
114.95.241.104 - - [30/Jan/2024:08:37:46 +0800] "POST /xingrg/all/user/operate.html HTTP/1.1" 200 36
114.95.241.104 - - [30/Jan/2024:08:37:46 +0800] "GET /xingrg/kc/buy/cgsh_order_operate.html?command=get_materiel&rest_code=00150&code=00101008224&supplier_code=00100008&order_time=2024-01-30 HTTP/1.1" 200 416
114.95.241.104 - - [30/Jan/2024:08:37:46 +0800] "GET /xingrg/index.html?sysBaseUrl=http%3A%2F%2F180.169.147.146%3A18081%2Fxingrg%2F&costTime=832×tamp=1706510434440 HTTP/1.1" 200 17177
114.95.241.104 - - [30/Jan/2024:08:37:46 +0800] "GET /xingrg/javascript/jquery_easy_ui/themes/default/easyui.css HTTP/1.1" 304 -
114.95.241.104 - - [30/Jan/2024:08:37:46 +0800] "GET /xingrg/javascript/jquery_easy_ui/themes/icon.css HTTP/1.1" 304 -
114.95.241.104 - - [30/Jan/2024:08:37:46 +0800] "GET /xingrg/css/form.css HTTP/1.1" 304 -
114.95.241.104 - - [30/Jan/2024:08:37:46 +0800] "GET /xingrg/javascript/jquery-1.4.2.min.js HTTP/1.1" 304 -
114.95.241.104 - - [30/Jan/2024:08:37:47 +0800] "GET /xingrg/javascript/jquery_easy_ui/jquery.easyui.min.js HTTP/1.1" 304 -
114.95.241.104 - - [30/Jan/2024:08:37:47 +0800] "GET /xingrg/javascript/jquery_easy_ui/easyui-lang-zh_CN.js HTTP/1.1" 304 -
114.95.241.104 - - [30/Jan/2024:08:37:47 +0800] "GET /xingrg/javascript/jquery.form.js HTTP/1.1" 304 -
114.95.241.104 - - [30/Jan/2024:08:37:47 +0800] "GET /xingrg/javascript/jquery.utils.js HTTP/1.1" 304 -
114.95.241.104 - - [30/Jan/2024:08:37:47 +0800] "GET /xingrg/javascript/jquery.timers.js HTTP/1.1" 304 -
114.95.241.104 - - [30/Jan/2024:08:37:47 +0800] "GET /xingrg/images/blue/jxLogo.png HTTP/1.1" 304 -
114.95.241.104 - - [30/Jan/2024:08:37:47 +0800] "GET /xingrg/javascript/jquery_easy_ui/themes/icons/settle_new.png HTTP/1.1" 304 -
114.95.241.104 - - [30/Jan/2024:08:37:47 +0800] "GET /xingrg/images/blue/navBackgound.jpg HTTP/1.1" 304 -
114.95.241.104 - - [30/Jan/2024:08:37:47 +0800] "GET /xingrg/all/function/internal_message.html?_=1706575067175&CODE_STATE=count HTTP/1.1" 200 11
114.95.241.104 - - [30/Jan/2024:08:37:47 +0800] "GET /xingrg/check_reg.html?_=1706575067176 HTTP/1.1" 200 22
114.95.241.104 - - [30/Jan/2024:08:37:47 +0800] "GET /xingrg/javascript/jquery_easy_ui/themes/default/images/tabs_rightarrow.png HTTP/1.1" 304 -
114.95.241.104 - - [30/Jan/2024:08:37:47 +0800] "GET /xingrg/javascript/jquery_easy_ui/themes/default/images/tabs_leftarrow.png HTTP/1.1" 304 -
114.95.241.104 - - [30/Jan/2024:08:37:47 +0800] "GET /xingrg/images/blue/pingpu.png HTTP/1.1" 304 -
114.95.241.104 - - [30/Jan/2024:08:37:47 +0800] "GET /xingrg/javascript/jquery_easy_ui/themes/default/images/panel_tool_collapse.gif HTTP/1.1" 304 -
114.95.241.104 - - [30/Jan/2024:08:37:47 +0800] "POST /xingrg/all/common/load_tree.html?tree=area_rest_tree_json&manage=1 HTTP/1.1" 200 476
114.95.241.104 - - [30/Jan/2024:08:37:47 +0800] "POST /xingrg/load_menu.html HTTP/1.1" 200 5138
114.95.241.104 - - [30/Jan/2024:08:37:49 +0800] "GET /xingrg/kc/buy/cgsh_order_list.html HTTP/1.1" 200 57412
114.95.241.104 - - [30/Jan/2024:08:37:49 +0800] "GET /xingrg/all/function/internal_message.html?_=1706575069556&CODE_STATE=getMsg HTTP/1.1" 200 27
101.83.145.37 - - [30/Jan/2024:08:37:49 +0800] "GET /xingrg/all/function/internal_message.html?_=1706575069984&CODE_STATE=getMsg HTTP/1.1" 200 27
114.95.241.104 - - [30/Jan/2024:08:37:51 +0800] "POST /xingrg/kc/buy/cgsh_list_operate.html HTTP/1.1" 200 986
114.95.241.104 - - [30/Jan/2024:08:37:52 +0800] "GET /xingrg/kc/buy/cgsh_order_add.html HTTP/1.1" 200 72783
114.95.241.104 - - [30/Jan/2024:08:37:53 +0800] "GET /xingrg/javascript/easyui/themes/default/validatebox.css HTTP/1.1" 404 1104
114.95.241.104 - - [30/Jan/2024:08:37:53 +0800] "POST /xingrg/kc/buy/cgsh_order_operate.html HTTP/1.1" 200 8245
114.95.241.104 - - [30/Jan/2024:08:37:53 +0800] "GET /xingrg/all/common/auto_word.html?type=employee&rest_code=00151 HTTP/1.1" 200 293
114.95.241.104 - - [30/Jan/2024:08:37:53 +0800] "GET /xingrg/all/common/auto_word.html?type=employee&rest_code=00151 HTTP/1.1" 200 293
114.95.241.104 - - [30/Jan/2024:08:37:53 +0800] "GET /xingrg/javascript/auto/indicator.gif HTTP/1.1" 404 1066
114.95.241.104 - - [30/Jan/2024:08:38:01 +0800] "GET /xingrg/kc/buy/cgsh_order_operate.html?command=get_materiel&rest_code=00151&code=00101008084&supplier_code=00100096&order_time=2024-01-30 HTTP/1.1" 200 412
222.70.168.244 - - [30/Jan/2024:08:38:06 +0800] "GET /xingrg/all/function/internal_message.html?_=1706575091690&CODE_STATE=getMsg HTTP/1.1" 200 27
101.83.145.37 - - [30/Jan/2024:08:38:09 +0800] "GET /xingrg/kc/buy/cgsh_order_operate.html?command=get_materiel&rest_code=00105&code=00101008337&supplier_code=00100005&order_time=2024-01-30 HTTP/1.1" 200 408
120.253.135.82 - - [30/Jan/2024:08:38:12 +0800] "GET /xingrg/all/function/internal_message.html?_=1706574918590&CODE_STATE=getMsg HTTP/1.1" 200 27
172.20.0.100 - - [30/Jan/2024:08:38:13 +0800] "GET /xingrg/all/function/internal_message.html?_=1706575097830&CODE_STATE=getMsg HTTP/1.1" 200 27
116.238.97.31 - - [30/Jan/2024:08:38:14 +0800] "GET /xingrg/all/function/internal_message.html?_=1706575094768&CODE_STATE=getMsg HTTP/1.1" 200 27
114.95.241.104 - - [30/Jan/2024:08:38:14 +0800] "GET /xingrg/kc/buy/cgsh_order_operate.html?command=get_materiel&rest_code=00151&code=00101005094&supplier_code=00100096&order_time=2024-01-30 HTTP/1.1" 200 418
114.95.241.104 - - [30/Jan/2024:08:38:23 +0800] "GET /xingrg/kc/buy/cgsh_order_operate.html?command=get_materiel&rest_code=00151&code=00101016057&supplier_code=00100096&order_time=2024-01-30 HTTP/1.1" 200 408
124.78.68.102 - - [30/Jan/2024:08:38:28 +0800] "GET /xingrg/all/function/internal_message.html?_=1706575108173&CODE_STATE=getMsg HTTP/1.1" 200 27
114.95.241.104 - - [30/Jan/2024:08:38:30 +0800] "GET /xingrg/kc/buy/cgsh_order_operate.html?command=get_materiel&rest_code=00151&code=00101012060&supplier_code=00100096&order_time=2024-01-30 HTTP/1.1" 200 408
101.83.145.37 - - [30/Jan/2024:08:38:31 +0800] "GET /xingrg/kc/buy/cgsh_order_operate.html?command=get_materiel&rest_code=00105&code=00101008096&supplier_code=00100005&order_time=2024-01-30 HTTP/1.1" 200 412
114.95.241.104 - - [30/Jan/2024:08:38:38 +0800] "GET /xingrg/kc/buy/cgsh_order_operate.html?command=get_materiel&rest_code=00151&code=00101016025&supplier_code=00100096&order_time=2024-01-30 HTTP/1.1" 200 408
101.83.145.37 - - [30/Jan/2024:08:38:38 +0800] "GET /xingrg/kc/buy/cgsh_order_operate.html?command=get_materiel&rest_code=00105&code=00101008361&supplier_code=00100005&order_time=2024-01-30 HTTP/1.1" 200 408
101.83.145.37 - - [30/Jan/2024:08:38:45 +0800] "GET /xingrg/kc/buy/cgsh_order_operate.html?command=get_materiel&rest_code=00105&code=00101008137&supplier_code=00100005&order_time=2024-01-30 HTTP/1.1" 200 408
114.95.241.104 - - [30/Jan/2024:08:38:45 +0800] "GET /xingrg/kc/buy/cgsh_order_operate.html?command=get_materiel&rest_code=00151&code=00101012039&supplier_code=00100096&order_time=2024-01-30 HTTP/1.1" 200 408
114.95.241.104 - - [30/Jan/2024:08:38:47 +0800] "GET /xingrg/all/function/internal_message.html?_=1706575127189&CODE_STATE=getMsg HTTP/1.1" 200 27
114.95.241.104 - - [30/Jan/2024:08:38:49 +0800] "GET /xingrg/all/function/internal_message.html?_=1706575129545&CODE_STATE=getMsg HTTP/1.1" 200 27
101.83.145.37 - - [30/Jan/2024:08:38:49 +0800] "GET /xingrg/all/function/internal_message.html?_=1706575129985&CODE_STATE=getMsg HTTP/1.1" 200 27
101.83.145.37 - - [30/Jan/2024:08:38:51 +0800] "GET /xingrg/kc/buy/cgsh_order_operate.html?command=get_materiel&rest_code=00105&code=00101008069&supplier_code=00100005&order_time=2024-01-30 HTTP/1.1" 200 412
114.95.241.104 - - [30/Jan/2024:08:38:52 +0800] "GET /xingrg/kc/buy/cgsh_order_operate.html?command=get_materiel&rest_code=00151&code=00101016038&supplier_code=00100096&order_time=2024-01-30 HTTP/1.1" 200 408
101.83.145.37 - - [30/Jan/2024:08:38:58 +0800] "GET /xingrg/kc/buy/cgsh_order_operate.html?command=get_materiel&rest_code=00105&code=00101008131&supplier_code=00100005&order_time=2024-01-30 HTTP/1.1" 200 408
114.95.241.104 - - [30/Jan/2024:08:38:59 +0800] "GET /xingrg/kc/buy/cgsh_order_operate.html?command=get_materiel&rest_code=00151&code=00101016051&supplier_code=00100096&order_time=2024-01-30 HTTP/1.1" 200 410
222.70.168.244 - - [30/Jan/2024:08:39:05 +0800] "GET /xingrg/check_reg.html?_=1706575151150 HTTP/1.1" 200 22
222.70.168.244 - - [30/Jan/2024:08:39:06 +0800] "GET /xingrg/all/function/internal_message.html?_=1706575151703&CODE_STATE=getMsg HTTP/1.1" 200 27
114.95.241.104 - - [30/Jan/2024:08:39:06 +0800] "GET /xingrg/kc/buy/cgsh_order_operate.html?command=get_materiel&rest_code=00151&code=00101012059&supplier_code=00100096&order_time=2024-01-30 HTTP/1.1" 200 412
101.83.145.37 - - [30/Jan/2024:08:39:07 +0800] "GET /xingrg/kc/buy/cgsh_order_operate.html?command=get_materiel&rest_code=00105&code=00101008352&supplier_code=00100005&order_time=2024-01-30 HTTP/1.1" 200 412
120.253.135.82 - - [30/Jan/2024:08:39:12 +0800] "GET /xingrg/all/function/internal_message.html?_=1706574978602&CODE_STATE=getMsg HTTP/1.1" 200 27
172.20.0.100 - - [30/Jan/2024:08:39:13 +0800] "GET /xingrg/all/function/internal_message.html?_=1706575157829&CODE_STATE=getMsg HTTP/1.1" 200 27
116.238.97.31 - - [30/Jan/2024:08:39:14 +0800] "GET /xingrg/all/function/internal_message.html?_=1706575154767&CODE_STATE=getMsg HTTP/1.1" 200 27
101.83.145.37 - - [30/Jan/2024:08:39:14 +0800] "GET /xingrg/kc/buy/cgsh_order_operate.html?command=get_materiel&rest_code=00105&code=00101008005&supplier_code=00100005&order_time=2024-01-30 HTTP/1.1" 200 412
114.95.241.104 - - [30/Jan/2024:08:39:17 +0800] "GET /xingrg/kc/buy/cgsh_order_operate.html?command=get_materiel&rest_code=00151&code=00101006013&supplier_code=00100096&order_time=2024-01-30 HTTP/1.1" 200 409
101.83.145.37 - - [30/Jan/2024:08:39:22 +0800] "GET /xingrg/kc/buy/cgsh_order_operate.html?command=get_materiel&rest_code=00105&code=00101008353&supplier_code=00100005&order_time=2024-01-30 HTTP/1.1" 200 408
114.95.241.104 - - [30/Jan/2024:08:39:24 +0800] "GET /xingrg/kc/buy/cgsh_order_operate.html?command=get_materiel&rest_code=00151&code=00101006055&supplier_code=00100096&order_time=2024-01-30 HTTP/1.1" 200 411
124.78.68.102 - - [30/Jan/2024:08:39:28 +0800] "GET /xingrg/all/function/internal_message.html?_=1706575168151&CODE_STATE=getMsg HTTP/1.1" 200 27
101.83.145.37 - - [30/Jan/2024:08:39:32 +0800] "GET /xingrg/kc/buy/cgsh_order_operate.html?command=get_materiel&rest_code=00105&code=00101008027&supplier_code=00100005&order_time=2024-01-30 HTTP/1.1" 200 408
114.95.241.104 - - [30/Jan/2024:08:39:34 +0800] "GET /xingrg/kc/buy/cgsh_order_operate.html?command=get_materiel&rest_code=00150&code=00101013044&supplier_code=00100008&order_time=2024-01-30 HTTP/1.1" 200 448
114.95.241.104 - - [30/Jan/2024:08:39:36 +0800] "GET /xingrg/kc/buy/cgsh_order_operate.html?command=get_materiel&rest_code=00151&code=00101006065&supplier_code=00100096&order_time=2024-01-30 HTTP/1.1" 200 409
124.78.154.219 - - [30/Jan/2024:08:39:38 +0800] "GET /xingrg/login.html HTTP/1.1" 200 7641
124.78.154.219 - - [30/Jan/2024:08:39:42 +0800] "GET /favicon.ico HTTP/1.1" 404 -
101.83.145.37 - - [30/Jan/2024:08:39:45 +0800] "GET /xingrg/kc/buy/cgsh_order_operate.html?command=get_materiel&rest_code=00105&code=00101008112&supplier_code=00100005&order_time=2024-01-30 HTTP/1.1" 200 412
114.95.241.104 - - [30/Jan/2024:08:39:47 +0800] "GET /xingrg/all/function/internal_message.html?_=1706575187205&CODE_STATE=getMsg HTTP/1.1" 200 27
101.83.145.37 - - [30/Jan/2024:08:39:48 +0800] "POST /xingrg/kc/buy/cgsh_order_operate.html HTTP/1.1" 200 2065
101.83.145.37 - - [30/Jan/2024:08:39:49 +0800] "POST /xingrg/kc/buy/cgsh_order_operate.html HTTP/1.1" 200 2065
114.95.241.104 - - [30/Jan/2024:08:39:49 +0800] "GET /xingrg/all/function/internal_message.html?_=1706575189565&CODE_STATE=getMsg HTTP/1.1" 200 27
101.83.145.37 - - [30/Jan/2024:08:39:49 +0800] "GET /xingrg/check_reg.html?_=1706575189977 HTTP/1.1" 200 22
101.83.145.37 - - [30/Jan/2024:08:39:49 +0800] "GET /xingrg/all/function/internal_message.html?_=1706575189978&CODE_STATE=getMsg HTTP/1.1" 200 27
114.95.241.104 - - [30/Jan/2024:08:39:50 +0800] "GET /xingrg/kc/buy/cgsh_order_operate.html?command=get_materiel&rest_code=00151&code=00101007083&supplier_code=00100096&order_time=2024-01-30 HTTP/1.1" 200 423
114.95.241.104 - - [30/Jan/2024:08:39:56 +0800] "GET /xingrg/kc/buy/cgsh_order_operate.html?command=get_materiel&rest_code=00150&code=00101008016&supplier_code=00100008&order_time=2024-01-30 HTTP/1.1" 200 416
124.78.154.219 - - [30/Jan/2024:08:39:58 +0800] "POST /xingrg/login.do HTTP/1.1" 302 -
124.78.154.219 - - [30/Jan/2024:08:39:58 +0800] "GET /xingrg/index.html?sysBaseUrl=http%3A%2F%2F180.169.147.146%3A18081%2Fxingrg%2F&costTime=819×tamp=1706575198136 HTTP/1.1" 200 17173
124.78.154.219 - - [30/Jan/2024:08:39:58 +0800] "GET /favicon.ico HTTP/1.1" 404 -
124.78.154.219 - - [30/Jan/2024:08:39:59 +0800] "POST /xingrg/all/common/load_tree.html?tree=area_rest_tree_json&manage=1 HTTP/1.1" 200 342
124.78.154.219 - - [30/Jan/2024:08:39:59 +0800] "GET /xingrg/all/function/internal_message.html?_=1706575197185&CODE_STATE=count HTTP/1.1" 200 11
124.78.154.219 - - [30/Jan/2024:08:39:59 +0800] "GET /xingrg/check_reg.html?_=1706575197186 HTTP/1.1" 200 22
124.78.154.219 - - [30/Jan/2024:08:39:59 +0800] "POST /xingrg/load_menu.html HTTP/1.1" 200 5138
101.83.145.37 - - [30/Jan/2024:08:40:02 +0800] "GET /xingrg/kc/buy/cgsh_order_operate.html?command=get_materiel&rest_code=00105&code=00101008283&supplier_code=00100005&order_time=2024-01-30 HTTP/1.1" 200 408
124.78.154.219 - - [30/Jan/2024:08:40:04 +0800] "GET /xingrg/kc/buy/buy_main.html HTTP/1.1" 200 12412
124.78.154.219 - - [30/Jan/2024:08:40:04 +0800] "GET /xingrg/css/new_ie.css HTTP/1.1" 404 1036
222.70.168.244 - - [30/Jan/2024:08:40:06 +0800] "GET /xingrg/all/function/internal_message.html?_=1706575211718&CODE_STATE=getMsg HTTP/1.1" 200 27
124.78.154.219 - - [30/Jan/2024:08:40:08 +0800] "GET /xingrg/images/yd/bt.gif HTTP/1.1" 404 1040
124.78.154.219 - - [30/Jan/2024:08:40:09 +0800] "GET /xingrg/kc/buy/cgsh_order_list.html HTTP/1.1" 200 57403
101.83.145.37 - - [30/Jan/2024:08:40:12 +0800] "GET /xingrg/kc/buy/cgsh_order_operate.html?command=get_materiel&rest_code=00105&code=00101008356&supplier_code=00100005&order_time=2024-01-30 HTTP/1.1" 200 408
120.253.135.82 - - [30/Jan/2024:08:40:12 +0800] "GET /xingrg/all/function/internal_message.html?_=1706575038661&CODE_STATE=getMsg HTTP/1.1" 200 27
114.95.241.104 - - [30/Jan/2024:08:40:13 +0800] "GET /xingrg/kc/buy/cgsh_order_operate.html?command=get_materiel&rest_code=00150&code=00101008042&supplier_code=00100008&order_time=2024-01-30 HTTP/1.1" 200 416
124.78.154.219 - - [30/Jan/2024:08:40:13 +0800] "POST /xingrg/kc/buy/cgsh_list_operate.html HTTP/1.1" 200 986
114.95.241.104 - - [30/Jan/2024:08:40:13 +0800] "GET /xingrg/kc/buy/cgsh_order_operate.html?command=get_materiel&rest_code=00151&code=00101006184&supplier_code=00100096&order_time=2024-01-30 HTTP/1.1" 200 409
172.20.0.100 - - [30/Jan/2024:08:40:13 +0800] "GET /xingrg/all/function/internal_message.html?_=1706575217827&CODE_STATE=getMsg HTTP/1.1" 200 27
116.238.97.31 - - [30/Jan/2024:08:40:14 +0800] "GET /xingrg/all/function/internal_message.html?_=1706575214765&CODE_STATE=getMsg HTTP/1.1" 200 27
124.78.154.219 - - [30/Jan/2024:08:40:15 +0800] "GET /xingrg/kc/buy/cgsh_order_add.html HTTP/1.1" 200 73185
124.78.154.219 - - [30/Jan/2024:08:40:15 +0800] "GET /xingrg/words/20240129142844_words.js HTTP/1.1" 304 -
124.78.154.219 - - [30/Jan/2024:08:40:16 +0800] "GET /xingrg/javascript/easyui/themes/default/validatebox.css HTTP/1.1" 404 1104
124.78.154.219 - - [30/Jan/2024:08:40:16 +0800] "GET /xingrg/all/common/auto_word.html?type=employee&rest_code=00106 HTTP/1.1" 200 205
124.78.154.219 - - [30/Jan/2024:08:40:16 +0800] "GET /xingrg/all/common/auto_word.html?type=employee&rest_code=00106 HTTP/1.1" 200 205
124.78.154.219 - - [30/Jan/2024:08:40:16 +0800] "POST /xingrg/kc/buy/cgsh_order_operate.html HTTP/1.1" 200 8245
124.78.154.219 - - [30/Jan/2024:08:40:25 +0800] "GET /xingrg/javascript/easyui/themes/default/tree.css HTTP/1.1" 404 1090
124.78.154.219 - - [30/Jan/2024:08:40:26 +0800] "POST /xingrg/all/common/load_tree.html?tree=supplier_tree_json&isDelete=1 HTTP/1.1" 200 77867
114.95.241.104 - - [30/Jan/2024:08:40:26 +0800] "POST /xingrg/kc/buy/cgsh_order_operate.html HTTP/1.1" 200 37
124.78.68.102 - - [30/Jan/2024:08:40:28 +0800] "GET /xingrg/all/function/internal_message.html?_=1706575228130&CODE_STATE=getMsg HTTP/1.1" 200 27
114.95.241.104 - - [30/Jan/2024:08:40:28 +0800] "POST /xingrg/kc/buy/cgsh_order_operate.html HTTP/1.1" 200 13938
114.95.241.104 - - [30/Jan/2024:08:40:39 +0800] "GET /xingrg/kc/buy/cgsh_order_operate.html?command=get_materiel&rest_code=00150&code=00101008370&supplier_code=00100008&order_time=2024-01-30 HTTP/1.1" 200 412
124.78.68.102 - - [30/Jan/2024:08:40:44 +0800] "GET /xingrg/check_reg.html?_=1706575244386 HTTP/1.1" 200 22
114.95.241.104 - - [30/Jan/2024:08:40:47 +0800] "GET /xingrg/all/function/internal_message.html?_=1706575247193&CODE_STATE=getMsg HTTP/1.1" 200 27
114.95.241.104 - - [30/Jan/2024:08:40:49 +0800] "GET /xingrg/check_reg.html?_=1706575249565 HTTP/1.1" 200 22
