114.95.241.104 - - [30/Jan/2024:08:40:49 +0800] "GET /xingrg/all/function/internal_message.html?_=1706575249567&CODE_STATE=getMsg HTTP/1.1" 200 27
101.83.145.37 - - [30/Jan/2024:08:40:49 +0800] "GET /xingrg/all/function/internal_message.html?_=1706575249989&CODE_STATE=getMsg HTTP/1.1" 200 27
124.78.154.219 - - [30/Jan/2024:08:40:53 +0800] "GET /xingrg/javascript/auto/indicator.gif HTTP/1.1" 404 1066
114.95.241.104 - - [30/Jan/2024:08:40:54 +0800] "GET /xingrg/kc/buy/cgsh_order_operate.html?command=get_materiel&rest_code=00150&code=00101008126&supplier_code=00100008&order_time=2024-01-30 HTTP/1.1" 200 412
101.83.145.37 - - [30/Jan/2024:08:40:57 +0800] "GET /xingrg/kc/buy/cgsh_order_operate.html?command=get_materiel&rest_code=00105&code=00101008301&supplier_code=00100005&order_time=2024-01-30 HTTP/1.1" 200 422
124.78.154.219 - - [30/Jan/2024:08:40:58 +0800] "GET /xingrg/kc/buy/cgsh_order_operate.html?command=get_materiel&rest_code=00106&code=00101010248&supplier_code=00100096&order_time=2024-01-30 HTTP/1.1" 200 432
124.78.154.219 - - [30/Jan/2024:08:40:59 +0800] "GET /xingrg/all/function/internal_message.html?_=1706575257200&CODE_STATE=getMsg HTTP/1.1" 200 27
180.163.28.114 - - [30/Jan/2024:08:41:00 +0800] "GET /xingrg/all/function/internal_message.html?_=1706575197185&CODE_STATE=count HTTP/1.1" 302 -
180.163.28.114 - - [30/Jan/2024:08:41:00 +0800] "GET /xingrg/login.html HTTP/1.1" 200 7641
114.95.241.104 - - [30/Jan/2024:08:41:04 +0800] "GET /xingrg/kc/buy/cgsh_order_operate.html?command=get_materiel&rest_code=00150&code=00101008361&supplier_code=00100008&order_time=2024-01-30 HTTP/1.1" 200 408
222.70.168.244 - - [30/Jan/2024:08:41:06 +0800] "GET /xingrg/all/function/internal_message.html?_=1706575271731&CODE_STATE=getMsg HTTP/1.1" 200 27
101.83.145.37 - - [30/Jan/2024:08:41:06 +0800] "GET /xingrg/kc/buy/cgsh_order_operate.html?command=get_materiel&rest_code=00105&code=00101008357&supplier_code=00100005&order_time=2024-01-30 HTTP/1.1" 200 408
120.253.135.82 - - [30/Jan/2024:08:41:12 +0800] "GET /xingrg/all/function/internal_message.html?_=1706575098660&CODE_STATE=getMsg HTTP/1.1" 200 27
172.20.0.100 - - [30/Jan/2024:08:41:13 +0800] "GET /xingrg/all/function/internal_message.html?_=1706575277826&CODE_STATE=getMsg HTTP/1.1" 200 27
172.20.0.100 - - [30/Jan/2024:08:41:13 +0800] "GET /xingrg/check_reg.html?_=1706575277827 HTTP/1.1" 200 22
116.238.97.31 - - [30/Jan/2024:08:41:14 +0800] "GET /xingrg/check_reg.html?_=1706575274765 HTTP/1.1" 200 22
116.238.97.31 - - [30/Jan/2024:08:41:14 +0800] "GET /xingrg/all/function/internal_message.html?_=1706575274769&CODE_STATE=getMsg HTTP/1.1" 200 27
124.78.154.219 - - [30/Jan/2024:08:41:14 +0800] "GET /xingrg/kc/buy/cgsh_order_operate.html?command=get_materiel&rest_code=00106&code=00101016017&supplier_code=00100096&order_time=2024-01-30 HTTP/1.1" 200 408
180.163.30.85 - - [30/Jan/2024:08:41:15 +0800] "GET /xingrg/kc/buy/cgsh_order_add.html HTTP/1.1" 302 -
180.163.30.85 - - [30/Jan/2024:08:41:15 +0800] "GET /xingrg/login.html HTTP/1.1" 200 7641
114.95.241.104 - - [30/Jan/2024:08:41:16 +0800] "GET /xingrg/kc/buy/cgsh_order_operate.html?command=get_materiel&rest_code=00150&code=00101008355&supplier_code=00100008&order_time=2024-01-30 HTTP/1.1" 200 408
101.83.145.37 - - [30/Jan/2024:08:41:22 +0800] "GET /xingrg/kc/buy/cgsh_order_operate.html?command=get_materiel&rest_code=00105&code=00101008233&supplier_code=00100005&order_time=2024-01-30 HTTP/1.1" 200 408
124.78.68.102 - - [30/Jan/2024:08:41:28 +0800] "GET /xingrg/all/function/internal_message.html?_=1706575288117&CODE_STATE=getMsg HTTP/1.1" 200 27
114.95.241.104 - - [30/Jan/2024:08:41:28 +0800] "POST /xingrg/kc/buy/cgsh_order_operate.html HTTP/1.1" 200 37
124.78.154.219 - - [30/Jan/2024:08:41:28 +0800] "GET /xingrg/kc/buy/cgsh_order_operate.html?command=get_materiel&rest_code=00106&code=00101016030&supplier_code=00100096&order_time=2024-01-30 HTTP/1.1" 200 412
114.95.241.104 - - [30/Jan/2024:08:41:30 +0800] "GET /xingrg/kc/buy/cgsh_order_operate.html?command=get_materiel&rest_code=00150&code=00101008264&supplier_code=00100008&order_time=2024-01-30 HTTP/1.1" 200 412
101.83.145.37 - - [30/Jan/2024:08:41:35 +0800] "GET /xingrg/kc/buy/cgsh_order_operate.html?command=get_materiel&rest_code=00105&code=00101008108&supplier_code=00100005&order_time=2024-01-30 HTTP/1.1" 200 412
114.95.241.104 - - [30/Jan/2024:08:41:36 +0800] "POST /xingrg/kc/buy/cgsh_order_operate.html HTTP/1.1" 200 12
114.95.241.104 - - [30/Jan/2024:08:41:39 +0800] "GET /xingrg/kc/buy/cgsh_order_info.html?code=212024013012814 HTTP/1.1" 200 67682
114.95.241.104 - - [30/Jan/2024:08:41:39 +0800] "GET /xingrg/javascript/easyui/themes/default/validatebox.css HTTP/1.1" 404 1104
114.95.241.104 - - [30/Jan/2024:08:41:47 +0800] "GET /xingrg/all/function/internal_message.html?_=1706575307186&CODE_STATE=getMsg HTTP/1.1" 200 27
124.78.154.219 - - [30/Jan/2024:08:41:48 +0800] "GET /xingrg/kc/buy/cgsh_order_operate.html?command=get_materiel&rest_code=00106&code=00101012070&supplier_code=00100096&order_time=2024-01-30 HTTP/1.1" 200 23
114.95.241.104 - - [30/Jan/2024:08:41:49 +0800] "GET /xingrg/all/function/internal_message.html?_=1706575309574&CODE_STATE=getMsg HTTP/1.1" 200 27
101.83.145.37 - - [30/Jan/2024:08:41:50 +0800] "GET /xingrg/all/function/internal_message.html?_=1706575310070&CODE_STATE=getMsg HTTP/1.1" 200 27
114.95.241.104 - - [30/Jan/2024:08:41:50 +0800] "POST /xingrg/kc/buy/cgsh_order_operate.html HTTP/1.1" 200 15
116.238.97.31 - - [30/Jan/2024:08:41:51 +0800] "GET /xingrg/check_reg.html?_=1706575312341 HTTP/1.1" 200 22
114.95.241.104 - - [30/Jan/2024:08:41:53 +0800] "POST /xingrg/kc/buy/cgsh_order_operate.html HTTP/1.1" 200 37
180.163.29.217 - - [30/Jan/2024:08:41:55 +0800] "GET /xingrg/kc/buy/cgsh_order_operate.html?command=get_materiel&rest_code=00106&code=00101010248&supplier_code=00100096&order_time=2024-01-30 HTTP/1.1" 302 -
180.163.29.217 - - [30/Jan/2024:08:41:55 +0800] "GET /xingrg/login.html HTTP/1.1" 200 7641
114.95.241.104 - - [30/Jan/2024:08:41:55 +0800] "GET /xingrg/kc/print/load_data.html?order_code=212024013012814&kc_code=cgsh&condition= HTTP/1.1" 200 3656
101.83.145.37 - - [30/Jan/2024:08:41:56 +0800] "GET /xingrg/kc/buy/cgsh_order_operate.html?command=get_materiel&rest_code=00105&code=00101008098&supplier_code=00100005&order_time=2024-01-30 HTTP/1.1" 200 23
114.95.241.104 - - [30/Jan/2024:08:41:56 +0800] "POST /xingrg/kc/buy/cgsh_order_operate.html HTTP/1.1" 200 16900
124.78.154.219 - - [30/Jan/2024:08:41:59 +0800] "GET /xingrg/all/function/internal_message.html?_=1706575317196&CODE_STATE=getMsg HTTP/1.1" 200 27
114.95.241.104 - - [30/Jan/2024:08:42:00 +0800] "GET /xingrg/kc/buy/cgsh_order_add.html HTTP/1.1" 200 72783
124.78.154.219 - - [30/Jan/2024:08:42:01 +0800] "POST /xingrg/kc/buy/cgsh_order_operate.html HTTP/1.1" 200 37
114.95.241.104 - - [30/Jan/2024:08:42:01 +0800] "GET /xingrg/javascript/easyui/themes/default/validatebox.css HTTP/1.1" 404 1104
114.95.241.104 - - [30/Jan/2024:08:42:01 +0800] "POST /xingrg/kc/buy/cgsh_order_operate.html HTTP/1.1" 200 8245
124.78.154.219 - - [30/Jan/2024:08:42:02 +0800] "POST /xingrg/kc/buy/cgsh_order_operate.html HTTP/1.1" 200 3848
124.78.154.219 - - [30/Jan/2024:08:42:03 +0800] "GET /xingrg/login.html HTTP/1.1" 200 7641
124.78.154.219 - - [30/Jan/2024:08:42:04 +0800] "GET /favicon.ico HTTP/1.1" 404 -
222.70.168.244 - - [30/Jan/2024:08:42:07 +0800] "GET /xingrg/all/function/internal_message.html?_=1706575332665&CODE_STATE=getMsg HTTP/1.1" 200 27
124.78.154.219 - - [30/Jan/2024:08:42:07 +0800] "POST /xingrg/login.do HTTP/1.1" 302 -
124.78.154.219 - - [30/Jan/2024:08:42:08 +0800] "GET /xingrg/index.html?sysBaseUrl=http%3A%2F%2F180.169.147.146%3A18081%2Fxingrg%2F&costTime=2194×tamp=1706575327963 HTTP/1.1" 200 17173
124.78.154.219 - - [30/Jan/2024:08:42:08 +0800] "GET /favicon.ico HTTP/1.1" 404 -
124.78.154.219 - - [30/Jan/2024:08:42:08 +0800] "GET /xingrg/all/function/internal_message.html?_=1706575326225&CODE_STATE=count HTTP/1.1" 200 11
124.78.154.219 - - [30/Jan/2024:08:42:08 +0800] "GET /xingrg/check_reg.html?_=1706575326226 HTTP/1.1" 200 22
124.78.154.219 - - [30/Jan/2024:08:42:08 +0800] "POST /xingrg/all/common/load_tree.html?tree=area_rest_tree_json&manage=1 HTTP/1.1" 200 342
124.78.154.219 - - [30/Jan/2024:08:42:08 +0800] "POST /xingrg/load_menu.html HTTP/1.1" 200 5138
101.83.145.37 - - [30/Jan/2024:08:42:11 +0800] "POST /xingrg/kc/buy/cgsh_order_operate.html HTTP/1.1" 200 37
124.78.154.219 - - [30/Jan/2024:08:42:12 +0800] "GET /xingrg/kc/buy/buy_main.html HTTP/1.1" 200 12412
120.253.135.82 - - [30/Jan/2024:08:42:12 +0800] "GET /xingrg/check_reg.html?_=1706575158211 HTTP/1.1" 200 22
124.78.154.219 - - [30/Jan/2024:08:42:12 +0800] "GET /xingrg/css/new_ie.css HTTP/1.1" 404 1036
120.253.135.82 - - [30/Jan/2024:08:42:12 +0800] "GET /xingrg/all/function/internal_message.html?_=1706575158675&CODE_STATE=getMsg HTTP/1.1" 200 27
124.78.154.219 - - [30/Jan/2024:08:42:12 +0800] "GET /xingrg/images/yd/bt.gif HTTP/1.1" 404 1040
101.83.145.37 - - [30/Jan/2024:08:42:13 +0800] "POST /xingrg/kc/buy/cgsh_order_operate.html HTTP/1.1" 200 13871
114.95.241.104 - - [30/Jan/2024:08:42:13 +0800] "GET /xingrg/kc/buy/cgsh_order_operate.html?command=get_materiel&rest_code=00150&code=00101008321&supplier_code=00100008&order_time=2024-01-30 HTTP/1.1" 200 412
114.95.241.104 - - [30/Jan/2024:08:42:13 +0800] "GET /xingrg/kc/buy/cgsh_order_operate.html?command=get_materiel&rest_code=00151&code=00101008210&supplier_code=00100008&order_time=2024-01-30 HTTP/1.1" 200 408
172.20.0.100 - - [30/Jan/2024:08:42:13 +0800] "GET /xingrg/all/function/internal_message.html?_=1706575337825&CODE_STATE=getMsg HTTP/1.1" 200 27
124.78.154.219 - - [30/Jan/2024:08:42:13 +0800] "GET /xingrg/kc/buy/cgsh_order_list.html HTTP/1.1" 200 57403
116.238.97.31 - - [30/Jan/2024:08:42:14 +0800] "GET /xingrg/all/function/internal_message.html?_=1706575334773&CODE_STATE=getMsg HTTP/1.1" 200 27
124.78.154.219 - - [30/Jan/2024:08:42:17 +0800] "POST /xingrg/kc/buy/cgsh_list_operate.html HTTP/1.1" 200 1852
101.83.145.37 - - [30/Jan/2024:08:42:18 +0800] "GET /xingrg/index.html?sysBaseUrl=http%3A%2F%2F180.169.147.146%3A18081%2Fxingrg%2F&costTime=36×tamp=1585223203754 HTTP/1.1" 302 -
101.83.145.37 - - [30/Jan/2024:08:42:18 +0800] "GET /xingrg/login.html HTTP/1.1" 200 7641
101.83.145.37 - - [30/Jan/2024:08:42:18 +0800] "GET /favicon.ico HTTP/1.1" 404 -
124.78.154.219 - - [30/Jan/2024:08:42:21 +0800] "POST /xingrg/kc/buy/cgsh_list_operate.html HTTP/1.1" 200 352
124.78.154.219 - - [30/Jan/2024:08:42:22 +0800] "GET /xingrg/kc/buy/cgsh_order_info.html?code=212024013012815 HTTP/1.1" 200 73184
101.83.145.37 - - [30/Jan/2024:08:42:22 +0800] "POST /xingrg/login.do HTTP/1.1" 200 2421
101.83.145.37 - - [30/Jan/2024:08:42:22 +0800] "GET /xingrg/css/blue.css HTTP/1.1" 304 -
101.83.145.37 - - [30/Jan/2024:08:42:22 +0800] "GET /xingrg/javascript/myfunction.js HTTP/1.1" 304 -
101.83.145.37 - - [30/Jan/2024:08:42:22 +0800] "GET /xingrg/images/blue/pic_notice.jpg HTTP/1.1" 304 -
101.83.145.37 - - [30/Jan/2024:08:42:22 +0800] "GET /xingrg/images/blue/pic_top.gif HTTP/1.1" 304 -
101.83.145.37 - - [30/Jan/2024:08:42:22 +0800] "GET /xingrg/images/blue/error_buttom.gif HTTP/1.1" 304 -
101.83.145.37 - - [30/Jan/2024:08:42:22 +0800] "GET /xingrg/images/blue/error_mid.gif HTTP/1.1" 304 -
101.83.145.37 - - [30/Jan/2024:08:42:22 +0800] "GET /xingrg/images/blue/error_top.gif HTTP/1.1" 304 -
101.83.145.37 - - [30/Jan/2024:08:42:22 +0800] "GET /favicon.ico HTTP/1.1" 404 -
124.78.154.219 - - [30/Jan/2024:08:42:22 +0800] "GET /xingrg/javascript/easyui/themes/default/validatebox.css HTTP/1.1" 404 1104
124.78.154.219 - - [30/Jan/2024:08:42:22 +0800] "GET /xingrg/all/common/auto_word.html?type=employee&rest_code=00106 HTTP/1.1" 200 205
124.78.154.219 - - [30/Jan/2024:08:42:22 +0800] "GET /xingrg/all/common/auto_word.html?type=employee&rest_code=00106 HTTP/1.1" 200 205
124.78.154.219 - - [30/Jan/2024:08:42:23 +0800] "POST /xingrg/kc/buy/cgsh_order_operate.html HTTP/1.1" 200 3848
101.83.145.37 - - [30/Jan/2024:08:42:23 +0800] "GET /xingrg/login.html HTTP/1.1" 200 7641
101.83.145.37 - - [30/Jan/2024:08:42:23 +0800] "GET /favicon.ico HTTP/1.1" 404 -
114.95.241.104 - - [30/Jan/2024:08:42:24 +0800] "GET /xingrg/kc/buy/cgsh_order_operate.html?command=get_materiel&rest_code=00150&code=00101008024&supplier_code=00100008&order_time=2024-01-30 HTTP/1.1" 200 408
114.95.241.104 - - [30/Jan/2024:08:42:25 +0800] "GET /xingrg/kc/buy/cgsh_order_operate.html?command=get_materiel&rest_code=00151&code=00101008361&supplier_code=00100008&order_time=2024-01-30 HTTP/1.1" 200 408
124.78.68.102 - - [30/Jan/2024:08:42:28 +0800] "GET /xingrg/all/function/internal_message.html?_=1706575348096&CODE_STATE=getMsg HTTP/1.1" 200 27
101.83.145.37 - - [30/Jan/2024:08:42:28 +0800] "POST /xingrg/login.do HTTP/1.1" 302 -
101.83.145.37 - - [30/Jan/2024:08:42:28 +0800] "GET /xingrg/index.html?sysBaseUrl=http%3A%2F%2F180.169.147.146%3A18081%2Fxingrg%2F&costTime=846×tamp=1706575348511 HTTP/1.1" 200 17173
101.83.145.37 - - [30/Jan/2024:08:42:28 +0800] "GET /xingrg/all/function/internal_message.html?_=1706575348797&CODE_STATE=count HTTP/1.1" 200 11
101.83.145.37 - - [30/Jan/2024:08:42:28 +0800] "GET /xingrg/check_reg.html?_=1706575348798 HTTP/1.1" 200 22
101.83.145.37 - - [30/Jan/2024:08:42:28 +0800] "POST /xingrg/all/common/load_tree.html?tree=area_rest_tree_json&manage=1 HTTP/1.1" 200 3624
101.83.145.37 - - [30/Jan/2024:08:42:28 +0800] "GET /favicon.ico HTTP/1.1" 404 -
101.83.145.37 - - [30/Jan/2024:08:42:28 +0800] "POST /xingrg/load_menu.html HTTP/1.1" 200 5138
101.83.145.37 - - [30/Jan/2024:08:42:31 +0800] "GET /xingrg/kc/buy/cgsh_order_list.html HTTP/1.1" 200 57403
114.95.241.104 - - [30/Jan/2024:08:42:32 +0800] "GET /xingrg/kc/buy/cgsh_order_operate.html?command=get_materiel&rest_code=00150&code=00101008356&supplier_code=00100008&order_time=2024-01-30 HTTP/1.1" 200 408
114.95.241.104 - - [30/Jan/2024:08:42:32 +0800] "GET /xingrg/kc/buy/cgsh_order_operate.html?command=get_materiel&rest_code=00151&code=00101008356&supplier_code=00100008&order_time=2024-01-30 HTTP/1.1" 200 408
124.78.154.219 - - [30/Jan/2024:08:42:34 +0800] "GET /xingrg/javascript/auto/indicator.gif HTTP/1.1" 404 1066
101.83.145.37 - - [30/Jan/2024:08:42:36 +0800] "POST /xingrg/kc/buy/cgsh_list_operate.html HTTP/1.1" 200 1858
124.78.154.219 - - [30/Jan/2024:08:42:39 +0800] "GET /xingrg/kc/buy/cgsh_order_operate.html?command=get_materiel&rest_code=00106&code=00101012070&supplier_code=00100096&order_time=2024-01-30 HTTP/1.1" 200 412
114.95.241.104 - - [30/Jan/2024:08:42:40 +0800] "GET /xingrg/kc/buy/cgsh_order_operate.html?command=get_materiel&rest_code=00151&code=00101008077&supplier_code=00100008&order_time=2024-01-30 HTTP/1.1" 200 416
101.83.145.37 - - [30/Jan/2024:08:42:40 +0800] "POST /xingrg/kc/buy/cgsh_list_operate.html HTTP/1.1" 200 562
114.95.241.104 - - [30/Jan/2024:08:42:40 +0800] "GET /xingrg/kc/buy/cgsh_order_operate.html?command=get_materiel&rest_code=00150&code=00101008300&supplier_code=00100008&order_time=2024-01-30 HTTP/1.1" 200 412
101.83.145.37 - - [30/Jan/2024:08:42:41 +0800] "GET /xingrg/kc/buy/cgsh_order_info.html?code=212024013012816 HTTP/1.1" 200 73276
101.83.145.37 - - [30/Jan/2024:08:42:42 +0800] "GET /xingrg/javascript/easyui/themes/default/validatebox.css HTTP/1.1" 404 1104
101.83.145.37 - - [30/Jan/2024:08:42:42 +0800] "GET /xingrg/all/common/auto_word.html?type=employee&rest_code=00105 HTTP/1.1" 200 193
101.83.145.37 - - [30/Jan/2024:08:42:42 +0800] "GET /xingrg/all/common/auto_word.html?type=employee&rest_code=00105 HTTP/1.1" 200 193
101.83.145.37 - - [30/Jan/2024:08:42:43 +0800] "POST /xingrg/kc/buy/cgsh_order_operate.html HTTP/1.1" 200 13871
101.83.145.37 - - [30/Jan/2024:08:42:46 +0800] "POST /xingrg/kc/buy/cgsh_order_operate.html HTTP/1.1" 200 2065
114.95.241.104 - - [30/Jan/2024:08:42:47 +0800] "GET /xingrg/check_reg.html?_=1706575367184 HTTP/1.1" 200 22
114.95.241.104 - - [30/Jan/2024:08:42:47 +0800] "GET /xingrg/all/function/internal_message.html?_=1706575367187&CODE_STATE=getMsg HTTP/1.1" 200 27
114.95.241.104 - - [30/Jan/2024:08:42:48 +0800] "GET /xingrg/kc/buy/cgsh_order_operate.html?command=get_materiel&rest_code=00150&code=00101008251&supplier_code=00100008&order_time=2024-01-30 HTTP/1.1" 200 408
101.83.145.37 - - [30/Jan/2024:08:42:48 +0800] "POST /xingrg/kc/buy/cgsh_order_operate.html HTTP/1.1" 200 2065
114.95.241.104 - - [30/Jan/2024:08:42:49 +0800] "GET /xingrg/all/function/internal_message.html?_=1706575369552&CODE_STATE=getMsg HTTP/1.1" 200 27
114.95.241.104 - - [30/Jan/2024:08:42:50 +0800] "GET /xingrg/kc/buy/cgsh_order_operate.html?command=get_materiel&rest_code=00151&code=00101008357&supplier_code=00100008&order_time=2024-01-30 HTTP/1.1" 200 408
101.83.145.37 - - [30/Jan/2024:08:42:52 +0800] "GET /xingrg/javascript/auto/indicator.gif HTTP/1.1" 404 1066
114.95.241.104 - - [30/Jan/2024:08:43:04 +0800] "POST /xingrg/kc/buy/cgsh_order_operate.html HTTP/1.1" 200 37
101.83.145.37 - - [30/Jan/2024:08:43:06 +0800] "GET /xingrg/kc/buy/cgsh_order_operate.html?command=get_materiel&rest_code=00105&code=00101008098&supplier_code=00100005&order_time=2024-01-30 HTTP/1.1" 200 412
114.95.241.104 - - [30/Jan/2024:08:43:07 +0800] "POST /xingrg/kc/buy/cgsh_order_operate.html HTTP/1.1" 200 19844
222.70.168.244 - - [30/Jan/2024:08:43:07 +0800] "GET /xingrg/all/function/internal_message.html?_=1706575392678&CODE_STATE=getMsg HTTP/1.1" 200 27
124.78.154.219 - - [30/Jan/2024:08:43:08 +0800] "GET /xingrg/all/function/internal_message.html?_=1706575386247&CODE_STATE=getMsg HTTP/1.1" 200 27
114.95.241.104 - - [30/Jan/2024:08:43:09 +0800] "GET /xingrg/kc/buy/cgsh_order_operate.html?command=get_materiel&rest_code=00151&code=00101008286&supplier_code=00100008&order_time=2024-01-30 HTTP/1.1" 200 23
124.78.154.219 - - [30/Jan/2024:08:43:10 +0800] "GET /xingrg/kc/buy/cgsh_order_operate.html?command=get_materiel&rest_code=00106&code=00101010248&supplier_code=00100096&order_time=2024-01-30 HTTP/1.1" 200 23
120.253.135.82 - - [30/Jan/2024:08:43:12 +0800] "GET /xingrg/all/function/internal_message.html?_=1706575218688&CODE_STATE=getMsg HTTP/1.1" 200 27
172.20.0.100 - - [30/Jan/2024:08:43:13 +0800] "GET /xingrg/all/function/internal_message.html?_=1706575397823&CODE_STATE=getMsg HTTP/1.1" 200 27
116.238.97.31 - - [30/Jan/2024:08:43:14 +0800] "GET /xingrg/all/function/internal_message.html?_=1706575394751&CODE_STATE=getMsg HTTP/1.1" 200 27
114.95.241.104 - - [30/Jan/2024:08:43:17 +0800] "POST /xingrg/kc/buy/cgsh_order_operate.html HTTP/1.1" 200 37
114.95.241.104 - - [30/Jan/2024:08:43:17 +0800] "GET /xingrg/kc/buy/cgsh_order_operate.html?command=get_materiel&rest_code=00150&code=00101008137&supplier_code=00100008&order_time=2024-01-30 HTTP/1.1" 200 408
101.83.145.37 - - [30/Jan/2024:08:43:18 +0800] "GET /xingrg/kc/buy/cgsh_order_operate.html?command=get_materiel&rest_code=00105&code=00101008125&supplier_code=00100005&order_time=2024-01-30 HTTP/1.1" 200 413
114.95.241.104 - - [30/Jan/2024:08:43:19 +0800] "POST /xingrg/kc/buy/cgsh_order_operate.html HTTP/1.1" 200 5047
114.95.241.104 - - [30/Jan/2024:08:43:24 +0800] "GET /xingrg/index.html?sysBaseUrl=http%3A%2F%2F180.169.147.146%3A18081%2Fxingrg%2F&costTime=14×tamp=1698040851670 HTTP/1.1" 302 -
114.95.241.104 - - [30/Jan/2024:08:43:24 +0800] "GET /xingrg/login.html HTTP/1.1" 200 7641
114.95.241.104 - - [30/Jan/2024:08:43:24 +0800] "GET /xingrg/images/blue/login_bg.png HTTP/1.1" 200 22101
114.95.241.104 - - [30/Jan/2024:08:43:24 +0800] "GET /xingrg/images/blue/srbg.png HTTP/1.1" 200 138
114.95.241.104 - - [30/Jan/2024:08:43:24 +0800] "GET /xingrg/images/blue/hj.png HTTP/1.1" 200 1014
114.95.241.104 - - [30/Jan/2024:08:43:24 +0800] "GET /favicon.ico HTTP/1.1" 404 -
101.83.145.37 - - [30/Jan/2024:08:43:26 +0800] "GET /xingrg/kc/buy/cgsh_order_operate.html?command=get_materiel&rest_code=00105&code=00101008242&supplier_code=00100005&order_time=2024-01-30 HTTP/1.1" 200 408
124.78.68.102 - - [30/Jan/2024:08:43:28 +0800] "GET /xingrg/all/function/internal_message.html?_=1706575408083&CODE_STATE=getMsg HTTP/1.1" 200 27
101.83.145.37 - - [30/Jan/2024:08:43:28 +0800] "GET /xingrg/all/function/internal_message.html?_=1706575408858&CODE_STATE=getMsg HTTP/1.1" 200 27
124.78.154.219 - - [30/Jan/2024:08:43:31 +0800] "POST /xingrg/kc/buy/cgsh_order_operate.html HTTP/1.1" 200 37
114.95.241.104 - - [30/Jan/2024:08:43:34 +0800] "POST /xingrg/login.do HTTP/1.1" 200 2421
114.95.241.104 - - [30/Jan/2024:08:43:34 +0800] "GET /xingrg/images/blue/pic_top.gif HTTP/1.1" 200 3656
114.95.241.104 - - [30/Jan/2024:08:43:34 +0800] "GET /xingrg/images/blue/pic_notice.jpg HTTP/1.1" 200 3583
114.95.241.104 - - [30/Jan/2024:08:43:34 +0800] "GET /xingrg/images/blue/error_buttom.gif HTTP/1.1" 200 1750
114.95.241.104 - - [30/Jan/2024:08:43:34 +0800] "GET /xingrg/images/blue/error_mid.gif HTTP/1.1" 200 215
114.95.241.104 - - [30/Jan/2024:08:43:34 +0800] "GET /xingrg/images/blue/error_top.gif HTTP/1.1" 200 1790
114.95.241.104 - - [30/Jan/2024:08:43:34 +0800] "GET /favicon.ico HTTP/1.1" 404 -
114.95.241.104 - - [30/Jan/2024:08:43:34 +0800] "GET /xingrg/kc/buy/cgsh_order_operate.html?command=get_materiel&rest_code=00150&code=00101008360&supplier_code=00100008&order_time=2024-01-30 HTTP/1.1" 200 23
124.78.154.219 - - [30/Jan/2024:08:43:35 +0800] "POST /xingrg/kc/buy/cgsh_order_operate.html HTTP/1.1" 200 4441
101.83.145.37 - - [30/Jan/2024:08:43:35 +0800] "GET /xingrg/kc/buy/cgsh_order_operate.html?command=get_materiel&rest_code=00105&code=00101008350&supplier_code=00100005&order_time=2024-01-30 HTTP/1.1" 200 408
114.95.241.104 - - [30/Jan/2024:08:43:35 +0800] "GET /xingrg/login.html HTTP/1.1" 200 7641
114.95.241.104 - - [30/Jan/2024:08:43:35 +0800] "GET /favicon.ico HTTP/1.1" 404 -
124.78.154.219 - - [30/Jan/2024:08:43:36 +0800] "GET /xingrg/login.html HTTP/1.1" 200 7641
124.78.154.219 - - [30/Jan/2024:08:43:36 +0800] "GET /favicon.ico HTTP/1.1" 404 -
124.78.154.219 - - [30/Jan/2024:08:43:41 +0800] "POST /xingrg/login.do HTTP/1.1" 302 -
124.78.154.219 - - [30/Jan/2024:08:43:41 +0800] "GET /xingrg/index.html?sysBaseUrl=http%3A%2F%2F180.169.147.146%3A18081%2Fxingrg%2F&costTime=1855×tamp=1706575421397 HTTP/1.1" 200 17173
114.95.241.104 - - [30/Jan/2024:08:43:41 +0800] "POST /xingrg/login.do HTTP/1.1" 302 -
114.95.241.104 - - [30/Jan/2024:08:43:41 +0800] "GET /xingrg/index.html?sysBaseUrl=http%3A%2F%2F180.169.147.146%3A18081%2Fxingrg%2F&costTime=1729×tamp=1706575421619 HTTP/1.1" 200 17177
114.95.241.104 - - [30/Jan/2024:08:43:41 +0800] "GET /favicon.ico HTTP/1.1" 404 -
124.78.154.219 - - [30/Jan/2024:08:43:41 +0800] "GET /favicon.ico HTTP/1.1" 404 -
114.95.241.104 - - [30/Jan/2024:08:43:41 +0800] "GET /xingrg/all/function/internal_message.html?_=1706575421932&CODE_STATE=count HTTP/1.1" 200 11
114.95.241.104 - - [30/Jan/2024:08:43:41 +0800] "GET /xingrg/check_reg.html?_=1706575421932 HTTP/1.1" 200 22
124.78.154.219 - - [30/Jan/2024:08:43:41 +0800] "GET /xingrg/all/function/internal_message.html?_=1706575419567&CODE_STATE=count HTTP/1.1" 200 11
124.78.154.219 - - [30/Jan/2024:08:43:41 +0800] "GET /xingrg/check_reg.html?_=1706575419567 HTTP/1.1" 200 22
114.95.241.104 - - [30/Jan/2024:08:43:42 +0800] "POST /xingrg/all/common/load_tree.html?tree=area_rest_tree_json&manage=1 HTTP/1.1" 200 476
124.78.154.219 - - [30/Jan/2024:08:43:42 +0800] "POST /xingrg/all/common/load_tree.html?tree=area_rest_tree_json&manage=1 HTTP/1.1" 200 342
114.95.241.104 - - [30/Jan/2024:08:43:42 +0800] "POST /xingrg/load_menu.html HTTP/1.1" 200 5138
124.78.154.219 - - [30/Jan/2024:08:43:42 +0800] "POST /xingrg/load_menu.html HTTP/1.1" 200 5138
114.95.241.104 - - [30/Jan/2024:08:43:44 +0800] "POST /xingrg/kc/buy/cgsh_order_operate.html HTTP/1.1" 200 37
124.78.154.219 - - [30/Jan/2024:08:43:45 +0800] "GET /xingrg/kc/buy/buy_main.html HTTP/1.1" 200 12412
124.78.154.219 - - [30/Jan/2024:08:43:45 +0800] "GET /xingrg/css/new_ie.css HTTP/1.1" 404 1036
114.95.241.104 - - [30/Jan/2024:08:43:45 +0800] "GET /xingrg/kc/buy/cgsh_order_list.html HTTP/1.1" 200 57412
124.78.154.219 - - [30/Jan/2024:08:43:45 +0800] "GET /xingrg/images/yd/bt.gif HTTP/1.1" 404 1040
114.95.241.104 - - [30/Jan/2024:08:43:46 +0800] "POST /xingrg/kc/buy/cgsh_order_operate.html HTTP/1.1" 200 20434
124.78.154.219 - - [30/Jan/2024:08:43:46 +0800] "GET /xingrg/kc/buy/cgsh_order_list.html HTTP/1.1" 200 57403
114.95.241.104 - - [30/Jan/2024:08:43:49 +0800] "POST /xingrg/kc/buy/cgsh_list_operate.html HTTP/1.1" 200 1864
114.95.241.104 - - [30/Jan/2024:08:43:49 +0800] "GET /xingrg/all/function/internal_message.html?_=1706575429559&CODE_STATE=getMsg HTTP/1.1" 200 27
124.78.154.219 - - [30/Jan/2024:08:43:50 +0800] "POST /xingrg/kc/buy/cgsh_list_operate.html HTTP/1.1" 200 1852
114.95.241.104 - - [30/Jan/2024:08:43:51 +0800] "POST /xingrg/kc/buy/cgsh_list_operate.html HTTP/1.1" 200 488
114.95.241.104 - - [30/Jan/2024:08:43:52 +0800] "GET /xingrg/login.html HTTP/1.1" 200 7641
114.95.241.104 - - [30/Jan/2024:08:43:52 +0800] "GET /favicon.ico HTTP/1.1" 404 -
114.95.241.104 - - [30/Jan/2024:08:43:53 +0800] "GET /xingrg/kc/buy/cgsh_order_info.html?code=212024013012817 HTTP/1.1" 200 72792
124.78.154.219 - - [30/Jan/2024:08:43:53 +0800] "POST /xingrg/kc/buy/cgsh_list_operate.html HTTP/1.1" 200 426
114.95.241.104 - - [30/Jan/2024:08:43:53 +0800] "GET /xingrg/javascript/easyui/themes/default/validatebox.css HTTP/1.1" 404 1104
114.95.241.104 - - [30/Jan/2024:08:43:53 +0800] "GET /xingrg/all/common/auto_word.html?type=employee&rest_code=00151 HTTP/1.1" 200 293
114.95.241.104 - - [30/Jan/2024:08:43:53 +0800] "GET /xingrg/all/common/auto_word.html?type=employee&rest_code=00151 HTTP/1.1" 200 293
114.95.241.104 - - [30/Jan/2024:08:43:54 +0800] "POST /xingrg/kc/buy/cgsh_order_operate.html HTTP/1.1" 200 5047
124.78.154.219 - - [30/Jan/2024:08:43:54 +0800] "GET /xingrg/kc/buy/cgsh_order_info.html?code=212024013012815 HTTP/1.1" 200 73184
124.78.154.219 - - [30/Jan/2024:08:43:55 +0800] "GET /xingrg/javascript/easyui/themes/default/validatebox.css HTTP/1.1" 404 1104
124.78.154.219 - - [30/Jan/2024:08:43:55 +0800] "GET /xingrg/all/common/auto_word.html?type=employee&rest_code=00106 HTTP/1.1" 200 205
124.78.154.219 - - [30/Jan/2024:08:43:55 +0800] "GET /xingrg/all/common/auto_word.html?type=employee&rest_code=00106 HTTP/1.1" 200 205
114.95.241.104 - - [30/Jan/2024:08:43:55 +0800] "POST /xingrg/login.do HTTP/1.1" 302 -
114.95.241.104 - - [30/Jan/2024:08:43:55 +0800] "GET /xingrg/index.html?sysBaseUrl=http%3A%2F%2F180.169.147.146%3A18081%2Fxingrg%2F&costTime=1327×tamp=1706575435483 HTTP/1.1" 200 17179
114.95.241.104 - - [30/Jan/2024:08:43:55 +0800] "GET /favicon.ico HTTP/1.1" 404 -
114.95.241.104 - - [30/Jan/2024:08:43:55 +0800] "GET /xingrg/all/function/internal_message.html?_=1706575435415&CODE_STATE=count HTTP/1.1" 200 11
114.95.241.104 - - [30/Jan/2024:08:43:55 +0800] "GET /xingrg/check_reg.html?_=1706575435417 HTTP/1.1" 200 22
114.95.241.104 - - [30/Jan/2024:08:43:55 +0800] "POST /xingrg/all/common/load_tree.html?tree=area_rest_tree_json&manage=1 HTTP/1.1" 200 476
114.95.241.104 - - [30/Jan/2024:08:43:55 +0800] "POST /xingrg/load_menu.html HTTP/1.1" 200 5138
124.78.154.219 - - [30/Jan/2024:08:43:56 +0800] "POST /xingrg/kc/buy/cgsh_order_operate.html HTTP/1.1" 200 4441
101.83.145.37 - - [30/Jan/2024:08:43:57 +0800] "GET /xingrg/kc/buy/cgsh_order_operate.html?command=get_materiel&rest_code=00105&code=00101008368&supplier_code=00100005&order_time=2024-01-30 HTTP/1.1" 200 408
114.95.241.104 - - [30/Jan/2024:08:43:58 +0800] "GET /xingrg/javascript/auto/indicator.gif HTTP/1.1" 404 1066
114.95.241.104 - - [30/Jan/2024:08:44:00 +0800] "GET /xingrg/kc/buy/cgsh_order_list.html HTTP/1.1" 200 57414
114.95.241.104 - - [30/Jan/2024:08:44:03 +0800] "GET /xingrg/kc/buy/cgsh_order_operate.html?command=get_materiel&rest_code=00151&code=00101008286&supplier_code=00100008&order_time=2024-01-30 HTTP/1.1" 200 408
114.95.241.104 - - [30/Jan/2024:08:44:03 +0800] "POST /xingrg/kc/buy/cgsh_list_operate.html HTTP/1.1" 200 1888
114.95.241.104 - - [30/Jan/2024:08:44:05 +0800] "POST /xingrg/kc/buy/cgsh_list_operate.html HTTP/1.1" 200 568
222.70.168.244 - - [30/Jan/2024:08:44:06 +0800] "GET /xingrg/check_reg.html?_=1706575451887 HTTP/1.1" 200 22
222.70.168.244 - - [30/Jan/2024:08:44:07 +0800] "GET /xingrg/all/function/internal_message.html?_=1706575452695&CODE_STATE=getMsg HTTP/1.1" 200 27
114.95.241.104 - - [30/Jan/2024:08:44:07 +0800] "GET /xingrg/kc/buy/cgsh_order_info.html?code=212024013012813 HTTP/1.1" 200 73250
114.95.241.104 - - [30/Jan/2024:08:44:07 +0800] "GET /xingrg/javascript/easyui/themes/default/validatebox.css HTTP/1.1" 404 1104
114.95.241.104 - - [30/Jan/2024:08:44:07 +0800] "GET /xingrg/all/common/auto_word.html?type=employee&rest_code=00150 HTTP/1.1" 200 159
114.95.241.104 - - [30/Jan/2024:08:44:07 +0800] "GET /xingrg/all/common/auto_word.html?type=employee&rest_code=00150 HTTP/1.1" 200 159
114.95.241.104 - - [30/Jan/2024:08:44:08 +0800] "POST /xingrg/kc/buy/cgsh_order_operate.html HTTP/1.1" 200 20434
124.78.154.219 - - [30/Jan/2024:08:44:12 +0800] "GET /xingrg/javascript/auto/indicator.gif HTTP/1.1" 404 1066
120.253.135.82 - - [30/Jan/2024:08:44:12 +0800] "GET /xingrg/all/function/internal_message.html?_=1706575278702&CODE_STATE=getMsg HTTP/1.1" 200 27
172.20.0.100 - - [30/Jan/2024:08:44:13 +0800] "GET /xingrg/all/function/internal_message.html?_=1706575457822&CODE_STATE=getMsg HTTP/1.1" 200 27
116.238.97.31 - - [30/Jan/2024:08:44:14 +0800] "GET /xingrg/all/function/internal_message.html?_=1706575454764&CODE_STATE=getMsg HTTP/1.1" 200 27
114.95.241.104 - - [30/Jan/2024:08:44:17 +0800] "GET /xingrg/javascript/auto/indicator.gif HTTP/1.1" 404 1066
124.78.154.219 - - [30/Jan/2024:08:44:17 +0800] "GET /xingrg/kc/buy/cgsh_order_operate.html?command=get_materiel&rest_code=00106&code=00101010248&supplier_code=00100096&order_time=2024-01-30 HTTP/1.1" 200 432
114.95.241.104 - - [30/Jan/2024:08:44:22 +0800] "GET /xingrg/kc/buy/cgsh_order_operate.html?command=get_materiel&rest_code=00150&code=00101008360&supplier_code=00100008&order_time=2024-01-30 HTTP/1.1" 200 413
101.83.145.37 - - [30/Jan/2024:08:44:25 +0800] "GET /xingrg/kc/buy/cgsh_order_operate.html?command=get_materiel&rest_code=00105&code=00101008589&supplier_code=00100005&order_time=2024-01-30 HTTP/1.1" 200 409
124.78.68.102 - - [30/Jan/2024:08:44:28 +0800] "GET /xingrg/all/function/internal_message.html?_=1706575468056&CODE_STATE=getMsg HTTP/1.1" 200 27
101.83.145.37 - - [30/Jan/2024:08:44:28 +0800] "GET /xingrg/all/function/internal_message.html?_=1706575468802&CODE_STATE=getMsg HTTP/1.1" 200 27
114.95.241.104 - - [30/Jan/2024:08:44:34 +0800] "GET /xingrg/kc/buy/cgsh_order_operate.html?command=get_materiel&rest_code=00150&code=00101008270&supplier_code=00100008&order_time=2024-01-30 HTTP/1.1" 200 412
101.83.145.37 - - [30/Jan/2024:08:44:35 +0800] "GET /xingrg/kc/buy/cgsh_order_operate.html?command=get_materiel&rest_code=00105&code=00101008356&supplier_code=00100005&order_time=2024-01-30 HTTP/1.1" 200 408
114.95.241.104 - - [30/Jan/2024:08:44:40 +0800] "GET /xingrg/kc/buy/cgsh_order_operate.html?command=get_materiel&rest_code=00151&code=00101008169&supplier_code=00100008&order_time=2024-01-30 HTTP/1.1" 200 412
114.95.241.104 - - [30/Jan/2024:08:44:41 +0800] "GET /xingrg/all/function/internal_message.html?_=1706575481945&CODE_STATE=getMsg HTTP/1.1" 200 27
124.78.154.219 - - [30/Jan/2024:08:44:41 +0800] "GET /xingrg/all/function/internal_message.html?_=1706575479581&CODE_STATE=getMsg HTTP/1.1" 200 27
180.163.28.143 - - [30/Jan/2024:08:44:42 +0800] "GET /xingrg/check_reg.html?_=1706575419567 HTTP/1.1" 302 -
180.163.28.143 - - [30/Jan/2024:08:44:42 +0800] "GET /xingrg/login.html HTTP/1.1" 200 7641
124.78.154.219 - - [30/Jan/2024:08:44:43 +0800] "GET /xingrg/kc/buy/cgsh_order_operate.html?command=get_materiel&rest_code=00106&code=00101016025&supplier_code=00100096&order_time=2024-01-30 HTTP/1.1" 200 408
101.83.145.37 - - [30/Jan/2024:08:44:44 +0800] "GET /xingrg/kc/buy/cgsh_order_operate.html?command=get_materiel&rest_code=00105&code=00101008286&supplier_code=00100005&order_time=2024-01-30 HTTP/1.1" 200 408
114.95.241.104 - - [30/Jan/2024:08:44:44 +0800] "GET /xingrg/kc/buy/cgsh_order_operate.html?command=get_materiel&rest_code=00150&code=00101008079&supplier_code=00100008&order_time=2024-01-30 HTTP/1.1" 200 416
101.83.145.37 - - [30/Jan/2024:08:44:46 +0800] "POST /xingrg/kc/buy/cgsh_order_operate.html HTTP/1.1" 200 2065
114.95.241.104 - - [30/Jan/2024:08:44:47 +0800] "GET /xingrg/kc/buy/cgsh_order_operate.html?command=get_materiel&rest_code=00151&code=00101008005&supplier_code=00100008&order_time=2024-01-30 HTTP/1.1" 200 412
101.83.145.37 - - [30/Jan/2024:08:44:47 +0800] "POST /xingrg/kc/buy/cgsh_order_operate.html HTTP/1.1" 200 2065
101.83.145.37 - - [30/Jan/2024:08:44:50 +0800] "GET /xingrg/system/info/materiel_import.html?isSelect=1&singleSelect=false HTTP/1.1" 200 5600
101.83.145.37 - - [30/Jan/2024:08:44:50 +0800] "GET /xingrg/css/xtree.css HTTP/1.1" 304 -
101.83.145.37 - - [30/Jan/2024:08:44:50 +0800] "GET /xingrg/javascript/jquery_ui/themes/base/base.css HTTP/1.1" 304 -
101.83.145.37 - - [30/Jan/2024:08:44:50 +0800] "GET /xingrg/javascript/jquery_easy_ui/themes/default/images/button_a_bg.gif HTTP/1.1" 304 -
101.83.145.37 - - [30/Jan/2024:08:44:50 +0800] "GET /xingrg/javascript/jquery_easy_ui/themes/default/images/button_span_bg.gif HTTP/1.1" 304 -
101.83.145.37 - - [30/Jan/2024:08:44:50 +0800] "GET /favicon.ico HTTP/1.1" 404 -
101.83.145.37 - - [30/Jan/2024:08:44:50 +0800] "GET /xingrg/javascript/jquery_easy_ui/themes/icons/search.png HTTP/1.1" 304 -
101.83.145.37 - - [30/Jan/2024:08:44:50 +0800] "GET /xingrg/javascript/jquery_easy_ui/themes/icons/check_new.png HTTP/1.1" 304 -
101.83.145.37 - - [30/Jan/2024:08:44:50 +0800] "GET /xingrg/javascript/jquery_easy_ui/themes/icons/edit_add.png HTTP/1.1" 304 -
101.83.145.37 - - [30/Jan/2024:08:44:50 +0800] "GET /xingrg/javascript/jquery_easy_ui/themes/default/images/datagrid_header_bg.gif HTTP/1.1" 304 -
101.83.145.37 - - [30/Jan/2024:08:44:50 +0800] "GET /xingrg/javascript/jquery_easy_ui/themes/default/images/pagination_first.gif HTTP/1.1" 304 -
101.83.145.37 - - [30/Jan/2024:08:44:50 +0800] "GET /xingrg/javascript/jquery_easy_ui/themes/default/images/pagination_last.gif HTTP/1.1" 304 -
101.83.145.37 - - [30/Jan/2024:08:44:50 +0800] "GET /xingrg/javascript/jquery_easy_ui/themes/default/images/pagination_prev.gif HTTP/1.1" 304 -
101.83.145.37 - - [30/Jan/2024:08:44:50 +0800] "GET /xingrg/javascript/jquery_easy_ui/themes/default/images/pagination_next.gif HTTP/1.1" 304 -
101.83.145.37 - - [30/Jan/2024:08:44:50 +0800] "GET /xingrg/javascript/jquery_easy_ui/themes/default/images/pagination_load.png HTTP/1.1" 304 -
101.83.145.37 - - [30/Jan/2024:08:44:50 +0800] "POST /xingrg/all/common/load_tree.html?tree=materiel_sort_tree_json HTTP/1.1" 200 9734
124.78.154.219 - - [30/Jan/2024:08:44:51 +0800] "POST /xingrg/services/DataTransmitService HTTP/1.1" 200 524
114.95.241.104 - - [30/Jan/2024:08:44:55 +0800] "GET /xingrg/kc/buy/cgsh_order_operate.html?command=get_materiel&rest_code=00151&code=00101008095&supplier_code=00100008&order_time=2024-01-30 HTTP/1.1" 200 412
114.95.241.104 - - [30/Jan/2024:08:44:55 +0800] "GET /xingrg/all/function/internal_message.html?_=1706575495433&CODE_STATE=getMsg HTTP/1.1" 200 27
101.83.145.37 - - [30/Jan/2024:08:44:59 +0800] "GET /xingrg/kc/buy/cgsh_order_operate.html?command=get_materiel&rest_code=00105&code=00101008353&supplier_code=00100005&order_time=2024-01-30 HTTP/1.1" 200 408
124.78.154.219 - - [30/Jan/2024:08:45:03 +0800] "GET /xingrg/kc/buy/cgsh_order_operate.html?command=get_materiel&rest_code=00106&code=00101016071&supplier_code=00100096&order_time=2024-01-30 HTTP/1.1" 200 416
114.95.241.104 - - [30/Jan/2024:08:45:03 +0800] "GET /xingrg/kc/buy/cgsh_order_operate.html?command=get_materiel&rest_code=00151&code=00101008221&supplier_code=00100008&order_time=2024-01-30 HTTP/1.1" 200 412
114.95.241.104 - - [30/Jan/2024:08:45:05 +0800] "POST /xingrg/kc/buy/cgsh_order_operate.html HTTP/1.1" 200 2065
114.95.241.104 - - [30/Jan/2024:08:45:06 +0800] "GET /xingrg/kc/buy/cgsh_order_operate.html?command=get_materiel&rest_code=00150&code=00101008357&supplier_code=00100008&order_time=2024-01-30 HTTP/1.1" 200 408
222.70.168.244 - - [30/Jan/2024:08:45:07 +0800] "GET /xingrg/all/function/internal_message.html?_=1706575512705&CODE_STATE=getMsg HTTP/1.1" 200 27
101.83.145.37 - - [30/Jan/2024:08:45:07 +0800] "GET /xingrg/kc/buy/cgsh_order_operate.html?command=get_materiel&rest_code=00105&code=00101008041&supplier_code=00100005&order_time=2024-01-30 HTTP/1.1" 200 408
114.95.241.104 - - [30/Jan/2024:08:45:12 +0800] "GET /xingrg/kc/buy/cgsh_order_operate.html?command=get_materiel&rest_code=00151&code=00101008085&supplier_code=00100008&order_time=2024-01-30 HTTP/1.1" 200 412
120.253.135.82 - - [30/Jan/2024:08:45:12 +0800] "GET /xingrg/all/function/internal_message.html?_=1706575338749&CODE_STATE=getMsg HTTP/1.1" 200 27
172.20.0.100 - - [30/Jan/2024:08:45:13 +0800] "GET /xingrg/all/function/internal_message.html?_=1706575517820&CODE_STATE=getMsg HTTP/1.1" 200 27
116.238.97.31 - - [30/Jan/2024:08:45:14 +0800] "GET /xingrg/all/function/internal_message.html?_=1706575514769&CODE_STATE=getMsg HTTP/1.1" 200 27
114.95.241.104 - - [30/Jan/2024:08:45:14 +0800] "GET /xingrg/kc/buy/cgsh_order_operate.html?command=get_materiel&rest_code=00150&code=00101008069&supplier_code=00100008&order_time=2024-01-30 HTTP/1.1" 200 412
101.83.145.37 - - [30/Jan/2024:08:45:23 +0800] "GET /xingrg/kc/buy/cgsh_order_operate.html?command=get_materiel&rest_code=00105&code=00101008210&supplier_code=00100005&order_time=2024-01-30 HTTP/1.1" 200 408
124.78.154.219 - - [30/Jan/2024:08:45:24 +0800] "POST /xingrg/kc/buy/cgsh_order_operate.html HTTP/1.1" 200 37
114.95.241.104 - - [30/Jan/2024:08:45:27 +0800] "GET /xingrg/kc/buy/cgsh_order_operate.html?command=get_materiel&rest_code=00151&code=00101008330&supplier_code=00100008&order_time=2024-01-30 HTTP/1.1" 200 23
124.78.68.102 - - [30/Jan/2024:08:45:27 +0800] "GET /xingrg/all/function/internal_message.html?_=1706575528039&CODE_STATE=getMsg HTTP/1.1" 200 27
101.83.145.37 - - [30/Jan/2024:08:45:28 +0800] "GET /xingrg/all/function/internal_message.html?_=1706575528800&CODE_STATE=getMsg HTTP/1.1" 200 27
114.95.241.104 - - [30/Jan/2024:08:45:30 +0800] "POST /xingrg/kc/buy/cgsh_order_operate.html HTTP/1.1" 200 37
114.95.241.104 - - [30/Jan/2024:08:45:35 +0800] "POST /xingrg/kc/buy/cgsh_order_operate.html HTTP/1.1" 200 37
124.78.154.219 - - [30/Jan/2024:08:45:35 +0800] "POST /xingrg/kc/buy/cgsh_order_operate.html HTTP/1.1" 200 6227
114.95.241.104 - - [30/Jan/2024:08:45:35 +0800] "POST /xingrg/kc/buy/cgsh_order_operate.html HTTP/1.1" 200 23393
114.95.241.104 - - [30/Jan/2024:08:45:37 +0800] "POST /xingrg/kc/buy/cgsh_order_operate.html HTTP/1.1" 200 8661
124.78.154.219 - - [30/Jan/2024:08:45:41 +0800] "GET /xingrg/all/function/internal_message.html?_=1706575539579&CODE_STATE=getMsg HTTP/1.1" 200 27
124.78.68.102 - - [30/Jan/2024:08:45:44 +0800] "GET /xingrg/check_reg.html?_=1706575544397 HTTP/1.1" 200 22
114.95.241.104 - - [30/Jan/2024:08:45:44 +0800] "GET /xingrg/index.html?sysBaseUrl=http%3A%2F%2F180.169.147.146%3A18081%2Fxingrg%2F&costTime=14×tamp=1698040851670 HTTP/1.1" 302 -
114.95.241.104 - - [30/Jan/2024:08:45:44 +0800] "GET /xingrg/login.html HTTP/1.1" 200 7641
114.95.241.104 - - [30/Jan/2024:08:45:44 +0800] "GET /favicon.ico HTTP/1.1" 404 -
114.95.241.104 - - [30/Jan/2024:08:45:47 +0800] "GET /xingrg/kc/buy/cgsh_order_operate.html?command=get_materiel&rest_code=00150&code=00101008286&supplier_code=00100008&order_time=2024-01-30 HTTP/1.1" 200 408
124.78.154.219 - - [30/Jan/2024:08:45:48 +0800] "GET /xingrg/kc/buy/cgsh_order_operate.html?command=get_materiel&rest_code=00106&code=00101006109&supplier_code=00100096&order_time=2024-01-30 HTTP/1.1" 200 409
101.83.145.37 - - [30/Jan/2024:08:45:48 +0800] "GET /xingrg/kc/buy/cgsh_order_operate.html?command=get_materiel&rest_code=00105&code=00101008502&supplier_code=00100005&order_time=2024-01-30 HTTP/1.1" 200 412
114.95.241.104 - - [30/Jan/2024:08:45:50 +0800] "POST /xingrg/login.do HTTP/1.1" 302 -
114.95.241.104 - - [30/Jan/2024:08:45:50 +0800] "GET /xingrg/index.html?sysBaseUrl=http%3A%2F%2F180.169.147.146%3A18081%2Fxingrg%2F&costTime=827×tamp=1706575550537 HTTP/1.1" 200 17177
114.95.241.104 - - [30/Jan/2024:08:45:50 +0800] "GET /favicon.ico HTTP/1.1" 404 -
114.95.241.104 - - [30/Jan/2024:08:45:50 +0800] "GET /xingrg/all/function/internal_message.html?_=1706575550879&CODE_STATE=count HTTP/1.1" 200 11
114.95.241.104 - - [30/Jan/2024:08:45:50 +0800] "GET /xingrg/check_reg.html?_=1706575550879 HTTP/1.1" 200 22
114.95.241.104 - - [30/Jan/2024:08:45:50 +0800] "POST /xingrg/all/common/load_tree.html?tree=area_rest_tree_json&manage=1 HTTP/1.1" 200 476
114.95.241.104 - - [30/Jan/2024:08:45:50 +0800] "POST /xingrg/load_menu.html HTTP/1.1" 200 5138
114.95.241.104 - - [30/Jan/2024:08:45:53 +0800] "GET /xingrg/kc/buy/cgsh_order_list.html HTTP/1.1" 200 57412
114.95.241.104 - - [30/Jan/2024:08:45:55 +0800] "GET /xingrg/all/function/internal_message.html?_=1706575555444&CODE_STATE=getMsg HTTP/1.1" 200 27
114.95.241.104 - - [30/Jan/2024:08:45:57 +0800] "POST /xingrg/kc/buy/cgsh_list_operate.html HTTP/1.1" 200 1864
114.95.241.104 - - [30/Jan/2024:08:45:57 +0800] "GET /xingrg/kc/buy/cgsh_order_operate.html?command=get_materiel&rest_code=00150&code=00101008131&supplier_code=00100008&order_time=2024-01-30 HTTP/1.1" 200 408
114.95.241.104 - - [30/Jan/2024:08:45:59 +0800] "POST /xingrg/kc/buy/cgsh_list_operate.html HTTP/1.1" 200 559
101.83.145.37 - - [30/Jan/2024:08:46:00 +0800] "GET /xingrg/kc/buy/cgsh_order_operate.html?command=get_materiel&rest_code=00105&code=00101008003&supplier_code=00100005&order_time=2024-01-30 HTTP/1.1" 200 408
114.95.241.104 - - [30/Jan/2024:08:46:00 +0800] "GET /xingrg/kc/buy/cgsh_order_info.html?code=212024013012817 HTTP/1.1" 200 72792
114.95.241.104 - - [30/Jan/2024:08:46:01 +0800] "GET /xingrg/javascript/easyui/themes/default/validatebox.css HTTP/1.1" 404 1104
114.95.241.104 - - [30/Jan/2024:08:46:01 +0800] "GET /xingrg/all/common/auto_word.html?type=employee&rest_code=00151 HTTP/1.1" 200 293
114.95.241.104 - - [30/Jan/2024:08:46:01 +0800] "GET /xingrg/all/common/auto_word.html?type=employee&rest_code=00151 HTTP/1.1" 200 293
114.95.241.104 - - [30/Jan/2024:08:46:02 +0800] "POST /xingrg/kc/buy/cgsh_order_operate.html HTTP/1.1" 200 8661
114.95.241.104 - - [30/Jan/2024:08:46:06 +0800] "GET /xingrg/javascript/auto/indicator.gif HTTP/1.1" 404 1066
114.95.241.104 - - [30/Jan/2024:08:46:07 +0800] "GET /xingrg/kc/buy/cgsh_order_operate.html?command=get_materiel&rest_code=00150&code=00101008694&supplier_code=00100008&order_time=2024-01-30 HTTP/1.1" 200 420
222.70.168.244 - - [30/Jan/2024:08:46:07 +0800] "GET /xingrg/all/function/internal_message.html?_=1706575572720&CODE_STATE=getMsg HTTP/1.1" 200 27
101.83.145.37 - - [30/Jan/2024:08:46:07 +0800] "GET /xingrg/kc/buy/cgsh_order_operate.html?command=get_materiel&rest_code=00105&code=00101008064&supplier_code=00100005&order_time=2024-01-30 HTTP/1.1" 200 412
124.78.154.219 - - [30/Jan/2024:08:46:10 +0800] "GET /xingrg/kc/buy/cgsh_order_operate.html?command=get_materiel&rest_code=00106&code=00101006111&supplier_code=00100096&order_time=2024-01-30 HTTP/1.1" 200 409
114.95.241.104 - - [30/Jan/2024:08:46:10 +0800] "GET /xingrg/kc/buy/cgsh_order_operate.html?command=get_materiel&rest_code=00151&code=00101008330&supplier_code=00100008&order_time=2024-01-30 HTTP/1.1" 200 408
120.253.135.82 - - [30/Jan/2024:08:46:12 +0800] "GET /xingrg/all/function/internal_message.html?_=1706575398760&CODE_STATE=getMsg HTTP/1.1" 200 27
172.20.0.100 - - [30/Jan/2024:08:46:13 +0800] "GET /xingrg/all/function/internal_message.html?_=1706575577820&CODE_STATE=getMsg HTTP/1.1" 200 27
172.20.0.100 - - [30/Jan/2024:08:46:13 +0800] "GET /xingrg/check_reg.html?_=1706575577821 HTTP/1.1" 200 22
116.238.97.31 - - [30/Jan/2024:08:46:14 +0800] "GET /xingrg/check_reg.html?_=1706575574751 HTTP/1.1" 200 22
116.238.97.31 - - [30/Jan/2024:08:46:14 +0800] "GET /xingrg/all/function/internal_message.html?_=1706575574751&CODE_STATE=getMsg HTTP/1.1" 200 27
101.83.145.37 - - [30/Jan/2024:08:46:15 +0800] "GET /xingrg/kc/buy/cgsh_order_operate.html?command=get_materiel&rest_code=00105&code=00101008361&supplier_code=00100005&order_time=2024-01-30 HTTP/1.1" 200 408
114.95.241.104 - - [30/Jan/2024:08:46:17 +0800] "GET /xingrg/kc/buy/cgsh_order_operate.html?command=get_materiel&rest_code=00150&code=00101008352&supplier_code=00100008&order_time=2024-01-30 HTTP/1.1" 200 412
114.95.241.104 - - [30/Jan/2024:08:46:22 +0800] "GET /xingrg/kc/buy/cgsh_order_operate.html?command=get_materiel&rest_code=00151&code=00101008364&supplier_code=00100008&order_time=2024-01-30 HTTP/1.1" 200 413
101.83.145.37 - - [30/Jan/2024:08:46:22 +0800] "GET /xingrg/kc/buy/cgsh_order_operate.html?command=get_materiel&rest_code=00105&code=00101008059&supplier_code=00100005&order_time=2024-01-30 HTTP/1.1" 200 408
114.95.241.104 - - [30/Jan/2024:08:46:26 +0800] "GET /xingrg/kc/buy/cgsh_order_operate.html?command=get_materiel&rest_code=00150&code=00101008371&supplier_code=00100008&order_time=2024-01-30 HTTP/1.1" 200 412
124.78.68.102 - - [30/Jan/2024:08:46:27 +0800] "GET /xingrg/all/function/internal_message.html?_=1706575588019&CODE_STATE=getMsg HTTP/1.1" 200 27
101.83.145.37 - - [30/Jan/2024:08:46:28 +0800] "GET /xingrg/all/function/internal_message.html?_=1706575588833&CODE_STATE=getMsg HTTP/1.1" 200 27
101.83.145.37 - - [30/Jan/2024:08:46:29 +0800] "GET /xingrg/kc/buy/cgsh_order_operate.html?command=get_materiel&rest_code=00105&code=00101008357&supplier_code=00100005&order_time=2024-01-30 HTTP/1.1" 200 408
114.95.241.104 - - [30/Jan/2024:08:46:34 +0800] "POST /xingrg/kc/buy/cgsh_order_operate.html HTTP/1.1" 200 37
114.95.241.104 - - [30/Jan/2024:08:46:36 +0800] "POST /xingrg/kc/buy/cgsh_order_operate.html HTTP/1.1" 200 26360
101.83.145.37 - - [30/Jan/2024:08:46:38 +0800] "GET /xingrg/kc/buy/cgsh_order_operate.html?command=get_materiel&rest_code=00105&code=00101008108&supplier_code=00100005&order_time=2024-01-30 HTTP/1.1" 200 412
124.78.154.219 - - [30/Jan/2024:08:46:42 +0800] "GET /xingrg/all/function/internal_message.html?_=1706575599586&CODE_STATE=getMsg HTTP/1.1" 200 27
114.95.241.104 - - [30/Jan/2024:08:46:44 +0800] "GET /xingrg/kc/buy/cgsh_order_operate.html?command=get_materiel&rest_code=00150&code=00101008005&supplier_code=00100008&order_time=2024-01-30 HTTP/1.1" 200 412
180.163.29.206 - - [30/Jan/2024:08:46:45 +0800] "GET /xingrg/kc/buy/cgsh_order_operate.html?command=get_materiel&rest_code=00106&code=00101006109&supplier_code=00100096&order_time=2024-01-30 HTTP/1.1" 302 -
180.163.29.206 - - [30/Jan/2024:08:46:45 +0800] "GET /xingrg/login.html HTTP/1.1" 200 7641
114.95.241.104 - - [30/Jan/2024:08:46:50 +0800] "GET /xingrg/all/function/internal_message.html?_=1706575610891&CODE_STATE=getMsg HTTP/1.1" 200 27
116.238.97.31 - - [30/Jan/2024:08:46:51 +0800] "GET /xingrg/check_reg.html?_=1706575612323 HTTP/1.1" 200 22
114.95.241.104 - - [30/Jan/2024:08:46:54 +0800] "GET /xingrg/kc/buy/cgsh_order_operate.html?command=get_materiel&rest_code=00150&code=00101008271&supplier_code=00100008&order_time=2024-01-30 HTTP/1.1" 200 408
101.83.145.37 - - [30/Jan/2024:08:46:55 +0800] "GET /xingrg/kc/buy/cgsh_order_operate.html?command=get_materiel&rest_code=00105&code=00101008213&supplier_code=00100005&order_time=2024-01-30 HTTP/1.1" 200 412
114.95.241.104 - - [30/Jan/2024:08:46:55 +0800] "GET /xingrg/all/function/internal_message.html?_=1706575615488&CODE_STATE=getMsg HTTP/1.1" 200 27
114.95.241.104 - - [30/Jan/2024:08:46:59 +0800] "POST /xingrg/kc/buy/cgsh_order_operate.html HTTP/1.1" 200 37
124.78.154.219 - - [30/Jan/2024:08:47:01 +0800] "GET /xingrg/kc/buy/cgsh_order_operate.html?command=get_materiel&rest_code=00106&code=00101006180&supplier_code=00100096&order_time=2024-01-30 HTTP/1.1" 200 423
114.95.241.104 - - [30/Jan/2024:08:47:03 +0800] "GET /xingrg/kc/buy/cgsh_order_operate.html?command=get_materiel&rest_code=00150&code=00101008353&supplier_code=00100008&order_time=2024-01-30 HTTP/1.1" 200 408
222.70.168.244 - - [30/Jan/2024:08:47:07 +0800] "GET /xingrg/all/function/internal_message.html?_=1706575633391&CODE_STATE=getMsg HTTP/1.1" 200 27
114.95.241.104 - - [30/Jan/2024:08:47:10 +0800] "POST /xingrg/kc/buy/cgsh_order_operate.html HTTP/1.1" 200 116
120.253.135.82 - - [30/Jan/2024:08:47:12 +0800] "GET /xingrg/check_reg.html?_=1706575458244 HTTP/1.1" 200 22
120.253.135.82 - - [30/Jan/2024:08:47:12 +0800] "GET /xingrg/all/function/internal_message.html?_=1706575458774&CODE_STATE=getMsg HTTP/1.1" 200 27
172.20.0.100 - - [30/Jan/2024:08:47:13 +0800] "GET /xingrg/all/function/internal_message.html?_=1706575637831&CODE_STATE=getMsg HTTP/1.1" 200 27
116.238.97.31 - - [30/Jan/2024:08:47:14 +0800] "GET /xingrg/all/function/internal_message.html?_=1706575634768&CODE_STATE=getMsg HTTP/1.1" 200 27
101.83.145.37 - - [30/Jan/2024:08:47:16 +0800] "POST /xingrg/kc/buy/cgsh_order_operate.html HTTP/1.1" 200 37
114.95.241.104 - - [30/Jan/2024:08:47:19 +0800] "GET /xingrg/kc/buy/cgsh_order_operate.html?command=get_materiel&rest_code=00150&code=00101008213&supplier_code=00100008&order_time=2024-01-30 HTTP/1.1" 200 23
114.95.241.104 - - [30/Jan/2024:08:47:27 +0800] "POST /xingrg/kc/buy/cgsh_order_operate.html HTTP/1.1" 200 37
124.78.68.102 - - [30/Jan/2024:08:47:27 +0800] "GET /xingrg/all/function/internal_message.html?_=1706575647992&CODE_STATE=getMsg HTTP/1.1" 200 27
101.83.145.37 - - [30/Jan/2024:08:47:28 +0800] "GET /xingrg/check_reg.html?_=1706575648809 HTTP/1.1" 200 22
101.83.145.37 - - [30/Jan/2024:08:47:28 +0800] "GET /xingrg/all/function/internal_message.html?_=1706575648813&CODE_STATE=getMsg HTTP/1.1" 200 27
