114.83.220.203 - - [30/Jan/2024:12:12:10 +0800] "POST /xingrg/dwr/call/plaincall/AjaxYddbService.removeMaterielItem.dwr HTTP/1.1" 200 78
114.95.241.104 - - [30/Jan/2024:12:12:10 +0800] "POST /xingrg/all/report/load_report_page.html HTTP/1.1" 200 94596
114.95.241.104 - - [30/Jan/2024:12:12:10 +0800] "GET /xingrg/servlets/image?cache=0.44118696432544924&image=px HTTP/1.1" 200 807
101.228.146.191 - - [30/Jan/2024:12:12:10 +0800] "GET /xingrg/all/function/internal_message.html?_=1706587929462&CODE_STATE=getMsg HTTP/1.1" 200 27
180.162.115.14 - - [30/Jan/2024:12:12:11 +0800] "GET /xingrg/kc/buy/buy_main.html HTTP/1.1" 200 12412
180.162.115.14 - - [30/Jan/2024:12:12:11 +0800] "GET /xingrg/javascript/jquery_easy_ui/themes/default/images/tabs_close.gif HTTP/1.1" 304 -
180.162.115.14 - - [30/Jan/2024:12:12:11 +0800] "GET /xingrg/css/blue.css HTTP/1.1" 304 -
180.162.115.14 - - [30/Jan/2024:12:12:11 +0800] "GET /xingrg/css/new_ie.css HTTP/1.1" 404 1036
116.238.97.31 - - [30/Jan/2024:12:12:11 +0800] "GET /xingrg/all/function/internal_message.html?_=1706587931625&CODE_STATE=getMsg HTTP/1.1" 200 27
180.162.115.14 - - [30/Jan/2024:12:12:11 +0800] "GET /xingrg/javascript/jquery_ui/themes/humanity/humanity.css HTTP/1.1" 304 -
180.162.115.14 - - [30/Jan/2024:12:12:11 +0800] "GET /xingrg/javascript/pic_change.js HTTP/1.1" 304 -
180.162.115.14 - - [30/Jan/2024:12:12:11 +0800] "GET /xingrg/javascript/ToolTips.js HTTP/1.1" 304 -
180.162.115.14 - - [30/Jan/2024:12:12:11 +0800] "GET /xingrg/javascript/myfunction.js HTTP/1.1" 304 -
180.162.115.14 - - [30/Jan/2024:12:12:11 +0800] "GET /xingrg/javascript/jquery_ui/jquery-ui.min.js HTTP/1.1" 304 -
180.162.115.14 - - [30/Jan/2024:12:12:11 +0800] "GET /xingrg/images/blue/button/cgxqd.gif HTTP/1.1" 304 -
180.162.115.14 - - [30/Jan/2024:12:12:11 +0800] "GET /xingrg/images/blue/button/cgydd.gif HTTP/1.1" 304 -
180.162.115.14 - - [30/Jan/2024:12:12:11 +0800] "GET /xingrg/images/blue/button/cgshd.gif HTTP/1.1" 304 -
180.162.115.14 - - [30/Jan/2024:12:12:11 +0800] "GET /xingrg/images/blue/button/cgfkd.gif HTTP/1.1" 304 -
180.162.115.14 - - [30/Jan/2024:12:12:11 +0800] "GET /xingrg/images/blue/button/kc.gif HTTP/1.1" 304 -
180.162.115.14 - - [30/Jan/2024:12:12:11 +0800] "GET /xingrg/images/blue/button/ckthd.gif HTTP/1.1" 304 -
180.162.115.14 - - [30/Jan/2024:12:12:11 +0800] "GET /xingrg/images/blue/pic_form2.gif HTTP/1.1" 304 -
180.162.115.14 - - [30/Jan/2024:12:12:11 +0800] "GET /xingrg/javascript/jquery_ui/themes/humanity/images/ui-bg_inset-soft_100_f4f0ec_1x100.png HTTP/1.1" 304 -
180.162.115.14 - - [30/Jan/2024:12:12:11 +0800] "GET /xingrg/images/blue/bg_dotted.jpg HTTP/1.1" 304 -
180.162.115.14 - - [30/Jan/2024:12:12:11 +0800] "GET /xingrg/images/blue/button/right_ah.jpg HTTP/1.1" 304 -
180.162.115.14 - - [30/Jan/2024:12:12:11 +0800] "GET /xingrg/images/blue/button/down_ah.jpg HTTP/1.1" 304 -
180.162.115.14 - - [30/Jan/2024:12:12:11 +0800] "GET /xingrg/javascript/jquery_ui/themes/humanity/images/ui-iconsnew.jpg HTTP/1.1" 304 -
180.162.115.14 - - [30/Jan/2024:12:12:11 +0800] "GET /xingrg/javascript/jquery_ui/themes/humanity/images/ui-icons_ffffff_256x240.png HTTP/1.1" 304 -
180.162.115.14 - - [30/Jan/2024:12:12:11 +0800] "GET /xingrg/javascript/jquery_ui/themes/humanity/images/ui-icons_c47a23_256x240.png HTTP/1.1" 304 -
180.162.115.14 - - [30/Jan/2024:12:12:11 +0800] "GET /xingrg/javascript/jquery_ui/themes/humanity/images/ui-bg_glass_70_ede4d4_1x400.png HTTP/1.1" 304 -
180.162.115.14 - - [30/Jan/2024:12:12:12 +0800] "GET /xingrg/images/yd/bt.gif HTTP/1.1" 404 1040
172.20.0.100 - - [30/Jan/2024:12:12:13 +0800] "GET /xingrg/all/function/internal_message.html?_=1706587937959&CODE_STATE=getMsg HTTP/1.1" 200 27
180.162.115.14 - - [30/Jan/2024:12:12:13 +0800] "GET /xingrg/kc/buy/cgsh_order_list.html HTTP/1.1" 200 57414
180.162.115.14 - - [30/Jan/2024:12:12:13 +0800] "GET /xingrg/css/base.css HTTP/1.1" 304 -
180.162.115.14 - - [30/Jan/2024:12:12:13 +0800] "GET /xingrg/css/site.css HTTP/1.1" 304 -
180.162.115.14 - - [30/Jan/2024:12:12:13 +0800] "GET /xingrg/javascript/jquery_tools/datebox.css HTTP/1.1" 304 -
180.162.115.14 - - [30/Jan/2024:12:12:13 +0800] "GET /xingrg/javascript/easyui/themes/default/easyui.css HTTP/1.1" 304 -
180.162.115.14 - - [30/Jan/2024:12:12:13 +0800] "GET /xingrg/javascript/easyui/themes/icon.css HTTP/1.1" 304 -
180.162.115.14 - - [30/Jan/2024:12:12:13 +0800] "GET /xingrg/javascript/auto/jquery.autocomplete.css HTTP/1.1" 304 -
180.162.115.14 - - [30/Jan/2024:12:12:13 +0800] "GET /xingrg/javascript/jquery_tools/table.css HTTP/1.1" 304 -
180.162.115.14 - - [30/Jan/2024:12:12:13 +0800] "GET /xingrg/javascript/jquery_tools/jquery.tools.min.js HTTP/1.1" 304 -
180.162.115.14 - - [30/Jan/2024:12:12:13 +0800] "GET /xingrg/javascript/jquery_tools/fix.css HTTP/1.1" 304 -
180.162.115.14 - - [30/Jan/2024:12:12:13 +0800] "GET /xingrg/javascript/jquery_tools/jquery.tools.extend.js HTTP/1.1" 304 -
180.162.115.14 - - [30/Jan/2024:12:12:13 +0800] "GET /xingrg/javascript/jquery_tools/jquery.tools.hotkey.js HTTP/1.1" 304 -
180.162.115.14 - - [30/Jan/2024:12:12:13 +0800] "GET /xingrg/javascript/jquery_tools/jquery.tools.table.js HTTP/1.1" 304 -
180.162.115.14 - - [30/Jan/2024:12:12:13 +0800] "GET /xingrg/javascript/jquery_tools/list_manager.js HTTP/1.1" 304 -
180.162.115.14 - - [30/Jan/2024:12:12:13 +0800] "GET /xingrg/javascript/auto/jquery.autocomplete.js HTTP/1.1" 304 -
180.162.115.14 - - [30/Jan/2024:12:12:13 +0800] "GET /xingrg/javascript/easyui/easyloader.js HTTP/1.1" 304 -
180.162.115.14 - - [30/Jan/2024:12:12:13 +0800] "GET /xingrg/javascript/jquery.cookie.js HTTP/1.1" 304 -
180.162.115.14 - - [30/Jan/2024:12:12:13 +0800] "GET /xingrg/javascript/print/LodopFuncs.js HTTP/1.1" 304 -
114.95.241.104 - - [30/Jan/2024:12:12:14 +0800] "GET /xingrg/all/report/report_query.html?isQuery=1&fileName=kc/base/crk_detail_by_small.xml&rh=99999&queryString=&queryText=%25E3%2580%2590%25E4%25BB%2593%25E5%25BA%2593%25E5%2590%258D%25E7%25A7%25B0%253A%25E6%25A5%25BC%25E9%259D%25A2%25E3%2580%2591%25E3%2580%2590%25E4%25B8%259A%25E5%258A%25A1%25E7%25B1%25BB%25E5%259E%258B%25EF%25BC%259A%25E5%2586%2585%25E9%2583%25A8%25E8%25B0%2583%25E5%2585%25A5%25E3%2580%2591%2520%253F%253F%253F%253F%253F2024-01-01%253F%253F2024-01-31%2520%253F%253F%253F%253F%253F%253F&tableQueryString=crk_table%2524sp1%2524order_day%2520between%252020240101%2520and%252020240131%2520and%2520(base_code%253D'0010461')%2520and%2520(src_order_type%2520in%2520(42))%2520and%2520(is_rk%2520in%2520(1)) HTTP/1.1" 200 53776
180.169.147.146 - - [30/Jan/2024:12:12:14 +0800] "GET /xingrg/all/function/internal_message.html?_=1706587933735&CODE_STATE=getMsg HTTP/1.1" 200 27
114.95.241.104 - - [30/Jan/2024:12:12:14 +0800] "GET /xingrg/dwr/interface/AjaxReportQueryService.js HTTP/1.1" 200 13203
114.95.241.104 - - [30/Jan/2024:12:12:14 +0800] "GET /xingrg/dwr/engine.js HTTP/1.1" 200 43631
120.253.135.82 - - [30/Jan/2024:12:12:14 +0800] "GET /xingrg/kc/buy/cgsh_order_info.html?code=212024013012898 HTTP/1.1" 200 67158
114.95.241.104 - - [30/Jan/2024:12:12:14 +0800] "GET /xingrg/javascript/jquery_easy_ui/themes/icons/pencil.png HTTP/1.1" 200 713
114.95.241.104 - - [30/Jan/2024:12:12:14 +0800] "GET /xingrg/javascript/jquery_easy_ui/themes/default/images/menu_rightarrow.png HTTP/1.1" 200 3617
180.162.115.14 - - [30/Jan/2024:12:12:14 +0800] "GET /xingrg/javascript/easyui/themes/icons/check_new.png HTTP/1.1" 304 -
180.162.115.14 - - [30/Jan/2024:12:12:14 +0800] "GET /xingrg/javascript/easyui/themes/icons/field_new.png HTTP/1.1" 304 -
180.162.115.14 - - [30/Jan/2024:12:12:14 +0800] "GET /xingrg/javascript/easyui/themes/icons/cance_new.png HTTP/1.1" 304 -
180.162.115.14 - - [30/Jan/2024:12:12:14 +0800] "GET /xingrg/javascript/easyui/themes/icons/edit_add_new.png HTTP/1.1" 304 -
180.162.115.14 - - [30/Jan/2024:12:12:14 +0800] "GET /xingrg/javascript/easyui/themes/icons/import_new.png HTTP/1.1" 304 -
180.162.115.14 - - [30/Jan/2024:12:12:15 +0800] "GET /xingrg/javascript/easyui/plugins/jquery.parser.js HTTP/1.1" 304 -
180.162.115.14 - - [30/Jan/2024:12:12:15 +0800] "GET /xingrg/images/control/ajaxLoader.gif HTTP/1.1" 304 -
120.253.135.82 - - [30/Jan/2024:12:12:15 +0800] "GET /xingrg/javascript/easyui/themes/default/validatebox.css HTTP/1.1" 404 1104
124.78.154.219 - - [30/Jan/2024:12:12:15 +0800] "GET /xingrg/all/function/internal_message.html?_=1706587933155&CODE_STATE=getMsg HTTP/1.1" 200 27
114.95.241.104 - - [30/Jan/2024:12:12:15 +0800] "POST /xingrg/all/report/load_report_page.html HTTP/1.1" 200 34656
114.95.241.104 - - [30/Jan/2024:12:12:15 +0800] "GET /xingrg/servlets/image?cache=0.7309003541801599&image=px HTTP/1.1" 200 807
180.163.28.55 - - [30/Jan/2024:12:12:16 +0800] "GET /xingrg/all/function/internal_message.html?_=1706587873167&CODE_STATE=getMsg HTTP/1.1" 302 -
101.83.241.3 - - [30/Jan/2024:12:12:16 +0800] "GET /xingrg/all/function/internal_message.html?_=1706587936806&CODE_STATE=getMsg HTTP/1.1" 200 27
120.253.135.82 - - [30/Jan/2024:12:12:16 +0800] "POST /xingrg/kc/buy/cgsh_order_operate.html HTTP/1.1" 200 621
180.163.28.55 - - [30/Jan/2024:12:12:16 +0800] "GET /xingrg/login.html HTTP/1.1" 200 7641
114.95.241.104 - - [30/Jan/2024:12:12:17 +0800] "POST /xingrg/all/report/load_report_page.html HTTP/1.1" 200 129165
114.95.241.104 - - [30/Jan/2024:12:12:17 +0800] "GET /xingrg/servlets/image?cache=0.2239211891863746&image=px HTTP/1.1" 200 807
114.83.220.203 - - [30/Jan/2024:12:12:17 +0800] "GET /xingrg/kc/base/check_order_list.html?isBack=1 HTTP/1.1" 200 16138
114.83.220.203 - - [30/Jan/2024:12:12:18 +0800] "POST /xingrg/kc/base/check_list_operate.html HTTP/1.1" 200 1896
180.162.115.14 - - [30/Jan/2024:12:12:19 +0800] "POST /xingrg/kc/buy/cgsh_list_operate.html HTTP/1.1" 200 1873
180.162.115.14 - - [30/Jan/2024:12:12:23 +0800] "POST /xingrg/kc/buy/cgsh_list_operate.html HTTP/1.1" 200 270
180.162.115.14 - - [30/Jan/2024:12:12:25 +0800] "GET /xingrg/kc/buy/cgsh_order_info.html?code=212024012912606 HTTP/1.1" 200 72273
180.162.115.14 - - [30/Jan/2024:12:12:25 +0800] "GET /xingrg/javascript/jquery_tools/order_manager.js HTTP/1.1" 304 -
180.162.115.14 - - [30/Jan/2024:12:12:25 +0800] "GET /xingrg/javascript/convert.js HTTP/1.1" 304 -
180.162.115.14 - - [30/Jan/2024:12:12:25 +0800] "GET /xingrg/javascript/json2.js HTTP/1.1" 304 -
180.162.115.14 - - [30/Jan/2024:12:12:25 +0800] "GET /xingrg/javascript/print/kc_print.js HTTP/1.1" 304 -
114.83.220.203 - - [30/Jan/2024:12:12:25 +0800] "POST /xingrg/kc/base/check_list_operate.html HTTP/1.1" 200 4
222.70.168.244 - - [30/Jan/2024:12:12:25 +0800] "GET /xingrg/all/function/internal_message.html?_=1706587951339&CODE_STATE=getMsg HTTP/1.1" 200 27
180.162.115.14 - - [30/Jan/2024:12:12:25 +0800] "GET /xingrg/words/20240129142844_words.js HTTP/1.1" 200 1011519
120.253.135.82 - - [30/Jan/2024:12:12:25 +0800] "GET /xingrg/kc/pszx/mdps_order_list.html?orderType=0 HTTP/1.1" 200 20995
180.162.115.14 - - [30/Jan/2024:12:12:25 +0800] "GET /xingrg/javascript/easyui/themes/default/images/menu_downarrow.png HTTP/1.1" 304 -
180.162.115.14 - - [30/Jan/2024:12:12:25 +0800] "GET /xingrg/javascript/easyui/themes/icons/print.png HTTP/1.1" 304 -
180.162.115.14 - - [30/Jan/2024:12:12:25 +0800] "GET /xingrg/javascript/easyui/themes/icons/ok.png HTTP/1.1" 304 -
180.162.115.14 - - [30/Jan/2024:12:12:25 +0800] "GET /xingrg/javascript/easyui/themes/icons/template_new.png HTTP/1.1" 304 -
180.162.115.14 - - [30/Jan/2024:12:12:25 +0800] "GET /xingrg/javascript/easyui/themes/icons/copy_new.png HTTP/1.1" 304 -
180.162.115.14 - - [30/Jan/2024:12:12:25 +0800] "GET /xingrg/javascript/easyui/themes/icons/cancel.png HTTP/1.1" 304 -
116.230.109.177 - - [30/Jan/2024:12:12:25 +0800] "GET /xingrg/all/function/internal_message.html?_=1706587880266&CODE_STATE=getMsg HTTP/1.1" 200 27
116.230.109.177 - - [30/Jan/2024:12:12:25 +0800] "GET /xingrg/check_reg.html?_=1706587880268 HTTP/1.1" 200 22
172.20.0.100 - - [30/Jan/2024:12:12:25 +0800] "GET /xingrg/all/function/internal_message.html?_=1706587934731&CODE_STATE=getMsg HTTP/1.1" 200 27
180.162.115.14 - - [30/Jan/2024:12:12:25 +0800] "GET /xingrg/javascript/easyui/themes/default/validatebox.css HTTP/1.1" 404 1104
180.162.115.14 - - [30/Jan/2024:12:12:25 +0800] "GET /xingrg/javascript/easyui/plugins/jquery.validatebox.js HTTP/1.1" 304 -
180.162.115.14 - - [30/Jan/2024:12:12:25 +0800] "GET /xingrg/javascript/easyui/plugins/jquery.numberbox.js HTTP/1.1" 304 -
180.162.115.14 - - [30/Jan/2024:12:12:25 +0800] "GET /xingrg/all/common/auto_word.html?type=employee&rest_code=00143 HTTP/1.1" 200 55
180.162.115.14 - - [30/Jan/2024:12:12:25 +0800] "GET /xingrg/all/common/auto_word.html?type=employee&rest_code=00143 HTTP/1.1" 200 55
120.253.135.82 - - [30/Jan/2024:12:12:25 +0800] "POST /xingrg/kc/pszx/mdps_list_operate.html HTTP/1.1" 200 5252
124.78.68.102 - - [30/Jan/2024:12:12:26 +0800] "GET /xingrg/all/function/internal_message.html?_=1706587946571&CODE_STATE=getMsg HTTP/1.1" 200 27
180.162.115.14 - - [30/Jan/2024:12:12:26 +0800] "POST /xingrg/kc/buy/cgsh_order_operate.html HTTP/1.1" 200 3243
180.162.115.14 - - [30/Jan/2024:12:12:27 +0800] "GET /xingrg/javascript/easyui/themes/icons/edit_remove.png HTTP/1.1" 304 -
114.95.241.104 - - [30/Jan/2024:12:12:27 +0800] "GET /xingrg/all/report/report_query.html?isQuery=1&fileName=kc/base/crk_detail_by_list.xml&queryString=&queryText=%25E3%2580%2590%25E4%25BB%2593%25E5%25BA%2593%25E5%2590%258D%25E7%25A7%25B0%253A%25E6%25A5%25BC%25E9%259D%25A2%25E3%2580%2591%25E3%2580%2590%25E4%25B8%259A%25E5%258A%25A1%25E7%25B1%25BB%25E5%259E%258B%25EF%25BC%259A%25E5%2586%2585%25E9%2583%25A8%25E8%25B0%2583%25E5%2585%25A5%25E3%2580%2591%2520%253F%253F%253F%253F%253F2024-01-01%253F%253F2024-01-31%2520%253F%253F%253F%253F%253F%253F&tableQueryString=crk_table%2524sp1%2524order_day%2520between%252020240101%2520and%252020240131%2520and%2520(base_code%253D'0010461')%2520and%2520(src_order_type%2520in%2520(42))%2520and%2520(is_rk%2520in%2520(1))%2520and%2520(a.materiel_code%253D'00102002258') HTTP/1.1" 200 51015
114.95.241.104 - - [30/Jan/2024:12:12:27 +0800] "GET /xingrg/dwr/interface/AjaxReportQueryService.js HTTP/1.1" 200 13203
114.95.241.104 - - [30/Jan/2024:12:12:27 +0800] "GET /xingrg/dwr/engine.js HTTP/1.1" 200 43631
101.83.145.37 - - [30/Jan/2024:12:12:28 +0800] "GET /xingrg/all/function/internal_message.html?_=1706587948628&CODE_STATE=getMsg HTTP/1.1" 200 27
114.83.220.203 - - [30/Jan/2024:12:12:28 +0800] "POST /xingrg/kc/base/check_list_operate.html HTTP/1.1" 200 781
114.95.241.104 - - [30/Jan/2024:12:12:28 +0800] "POST /xingrg/all/report/load_report_page.html HTTP/1.1" 200 45240
114.95.241.104 - - [30/Jan/2024:12:12:28 +0800] "GET /xingrg/servlets/image?cache=0.8050668446568686&image=px HTTP/1.1" 200 807
180.162.115.14 - - [30/Jan/2024:12:12:28 +0800] "GET /xingrg/javascript/jquery_tools/images/prev.gif HTTP/1.1" 404 1086
180.162.115.14 - - [30/Jan/2024:12:12:28 +0800] "GET /xingrg/javascript/jquery_tools/images/next.gif HTTP/1.1" 404 1086
114.83.220.203 - - [30/Jan/2024:12:12:29 +0800] "GET /xingrg/kc/base/check_order_add.html HTTP/1.1" 200 26480
114.83.220.203 - - [30/Jan/2024:12:12:29 +0800] "GET /xingrg/dwr/interface/AjaxComOrderService.js HTTP/1.1" 200 18264
114.83.220.203 - - [30/Jan/2024:12:12:29 +0800] "GET /xingrg/dwr/interface/AjaxCheckService.js HTTP/1.1" 200 14003
114.83.220.203 - - [30/Jan/2024:12:12:29 +0800] "GET /xingrg/dwr/engine.js HTTP/1.1" 200 43631
114.83.220.203 - - [30/Jan/2024:12:12:34 +0800] "GET /xingrg/all/function/internal_message.html?_=1706587953151&CODE_STATE=getMsg HTTP/1.1" 200 27
114.83.220.203 - - [30/Jan/2024:12:12:35 +0800] "POST /xingrg/dwr/call/plaincall/AjaxCheckService.saveOrder.dwr HTTP/1.1" 200 78
114.83.220.203 - - [30/Jan/2024:12:12:36 +0800] "POST /xingrg/dwr/call/plaincall/AjaxCheckService.loadOrderItems.dwr HTTP/1.1" 200 367
222.70.115.1 - - [30/Jan/2024:12:12:37 +0800] "GET /xingrg/all/function/internal_message.html?_=1706587959661&CODE_STATE=getMsg HTTP/1.1" 200 27
116.230.123.222 - - [30/Jan/2024:12:12:37 +0800] "GET /xingrg/all/function/internal_message.html?_=1706587956804&CODE_STATE=getMsg HTTP/1.1" 200 27
180.162.115.14 - - [30/Jan/2024:12:12:37 +0800] "GET /xingrg/javascript/auto/indicator.gif HTTP/1.1" 404 1066
120.253.135.82 - - [30/Jan/2024:12:12:37 +0800] "POST /xingrg/kc/pszx/mdps_list_operate.html HTTP/1.1" 200 2074
114.83.220.203 - - [30/Jan/2024:12:12:38 +0800] "POST /xingrg/kc/report/common_data.html?type=materiel_category_tree HTTP/1.1" 200 4017
120.253.135.82 - - [30/Jan/2024:12:12:39 +0800] "POST /xingrg/kc/pszx/mdps_list_operate.html HTTP/1.1" 200 281
120.253.135.82 - - [30/Jan/2024:12:12:43 +0800] "POST /xingrg/kc/pszx/mdps_list_operate.html HTTP/1.1" 200 205
180.169.147.146 - - [30/Jan/2024:12:12:44 +0800] "GET /xingrg/all/function/internal_message.html?_=1706587956531&CODE_STATE=getMsg HTTP/1.1" 200 27
180.162.115.14 - - [30/Jan/2024:12:12:44 +0800] "GET /xingrg/kc/buy/cgsh_order_operate.html?command=get_materiel&rest_code=00143&code=00101010136&supplier_code=00100207&order_time=2024-01-30 HTTP/1.1" 200 408
120.253.135.82 - - [30/Jan/2024:12:12:44 +0800] "GET /xingrg/kc/pszx/mdps_order_info.html?code=312024013000822 HTTP/1.1" 200 23984
120.253.135.82 - - [30/Jan/2024:12:12:45 +0800] "GET /xingrg/javascript/easyui/themes/default/validatebox.css HTTP/1.1" 404 1104
120.253.135.82 - - [30/Jan/2024:12:12:45 +0800] "POST /xingrg/kc/pszx/mdps_order_operate.html HTTP/1.1" 200 2282
114.83.220.203 - - [30/Jan/2024:12:12:46 +0800] "POST /xingrg/dwr/call/plaincall/AjaxCheckService.importOrderItems.dwr HTTP/1.1" 200 78
120.253.135.82 - - [30/Jan/2024:12:12:47 +0800] "GET /xingrg/all/function/internal_message.html?_=1706587793523&CODE_STATE=getMsg HTTP/1.1" 200 27
114.83.220.203 - - [30/Jan/2024:12:12:47 +0800] "POST /xingrg/dwr/call/plaincall/AjaxCheckService.loadOrderItems.dwr HTTP/1.1" 200 119963
120.253.135.82 - - [30/Jan/2024:12:12:48 +0800] "GET /xingrg/kc/print/load_data.html?order_code=312024013000822&kc_code=mdps&condition= HTTP/1.1" 200 702
180.162.115.14 - - [30/Jan/2024:12:12:55 +0800] "GET /xingrg/all/function/internal_message.html?_=1706586470112&CODE_STATE=getMsg HTTP/1.1" 200 27
114.95.241.104 - - [30/Jan/2024:12:12:55 +0800] "GET /xingrg/all/function/internal_message.html?_=1706587975996&CODE_STATE=getMsg HTTP/1.1" 200 27
180.162.115.14 - - [30/Jan/2024:12:12:58 +0800] "GET /xingrg/javascript/easyui/themes/default/images/button_plain_hover.png HTTP/1.1" 304 -
114.95.241.104 - - [30/Jan/2024:12:12:59 +0800] "GET /xingrg/all/function/internal_message.html?_=1706587979202&CODE_STATE=getMsg HTTP/1.1" 200 27
101.93.223.41 - - [30/Jan/2024:12:13:03 +0800] "GET /xingrg/check_reg.html?_=1706587984209 HTTP/1.1" 200 22
180.162.115.14 - - [30/Jan/2024:12:13:05 +0800] "POST /xingrg/kc/buy/cgsh_order_operate.html HTTP/1.1" 200 37
114.83.220.203 - - [30/Jan/2024:12:13:06 +0800] "POST /xingrg/dwr/call/plaincall/AjaxComOrderService.getMaterielSearchList.dwr HTTP/1.1" 200 293291
114.83.220.203 - - [30/Jan/2024:12:13:06 +0800] "POST /xingrg/dwr/call/plaincall/AjaxComOrderService.getMaterielSearchList.dwr HTTP/1.1" 200 1976
180.162.115.14 - - [30/Jan/2024:12:13:08 +0800] "POST /xingrg/kc/buy/cgsh_order_operate.html HTTP/1.1" 200 3830
101.93.223.41 - - [30/Jan/2024:12:13:08 +0800] "GET /xingrg/all/function/internal_message.html?_=1706587989171&CODE_STATE=getMsg HTTP/1.1" 200 27
114.83.220.203 - - [30/Jan/2024:12:13:08 +0800] "POST /xingrg/dwr/call/plaincall/AjaxComOrderService.getMaterielSearchList.dwr HTTP/1.1" 200 596
180.164.1.25 - - [30/Jan/2024:12:13:09 +0800] "GET /xingrg/all/function/internal_message.html?_=1706587988951&CODE_STATE=getMsg HTTP/1.1" 200 27
101.228.146.191 - - [30/Jan/2024:12:13:10 +0800] "GET /xingrg/all/function/internal_message.html?_=1706587989473&CODE_STATE=getMsg HTTP/1.1" 200 27
116.238.97.31 - - [30/Jan/2024:12:13:11 +0800] "GET /xingrg/all/function/internal_message.html?_=1706587991612&CODE_STATE=getMsg HTTP/1.1" 200 27
114.83.220.203 - - [30/Jan/2024:12:13:11 +0800] "POST /xingrg/dwr/call/plaincall/AjaxYddbService.getMaterielByMap.dwr HTTP/1.1" 200 2856
172.20.0.100 - - [30/Jan/2024:12:13:13 +0800] "GET /xingrg/all/function/internal_message.html?_=1706587997958&CODE_STATE=getMsg HTTP/1.1" 200 27
180.169.147.146 - - [30/Jan/2024:12:13:14 +0800] "GET /xingrg/all/function/internal_message.html?_=1706587993728&CODE_STATE=getMsg HTTP/1.1" 200 27
114.83.220.203 - - [30/Jan/2024:12:13:15 +0800] "POST /xingrg/dwr/call/plaincall/AjaxYddbService.saveMaterielItem.dwr HTTP/1.1" 200 79
124.78.154.219 - - [30/Jan/2024:12:13:15 +0800] "GET /xingrg/all/function/internal_message.html?_=1706587993128&CODE_STATE=getMsg HTTP/1.1" 200 27
180.169.147.146 - - [30/Jan/2024:12:13:15 +0800] "GET /xingrg/check_reg.html?_=1706587995135 HTTP/1.1" 200 22
101.83.241.3 - - [30/Jan/2024:12:13:16 +0800] "GET /xingrg/all/function/internal_message.html?_=1706587996808&CODE_STATE=getMsg HTTP/1.1" 200 27
114.83.220.203 - - [30/Jan/2024:12:13:21 +0800] "POST /xingrg/dwr/call/plaincall/AjaxComOrderService.getMaterielSearchList.dwr HTTP/1.1" 200 11809
114.83.220.203 - - [30/Jan/2024:12:13:22 +0800] "POST /xingrg/dwr/call/plaincall/AjaxComOrderService.getMaterielSearchList.dwr HTTP/1.1" 200 1977
114.83.220.203 - - [30/Jan/2024:12:13:22 +0800] "POST /xingrg/dwr/call/plaincall/AjaxComOrderService.getMaterielSearchList.dwr HTTP/1.1" 200 204
114.83.220.203 - - [30/Jan/2024:12:13:24 +0800] "POST /xingrg/dwr/call/plaincall/AjaxComOrderService.getMaterielSearchList.dwr HTTP/1.1" 200 1977
116.230.109.177 - - [30/Jan/2024:12:13:25 +0800] "GET /xingrg/all/function/internal_message.html?_=1706587940270&CODE_STATE=getMsg HTTP/1.1" 200 27
222.70.168.244 - - [30/Jan/2024:12:13:25 +0800] "GET /xingrg/all/function/internal_message.html?_=1706588011528&CODE_STATE=getMsg HTTP/1.1" 200 27
172.20.0.100 - - [30/Jan/2024:12:13:25 +0800] "GET /xingrg/all/function/internal_message.html?_=1706587994734&CODE_STATE=getMsg HTTP/1.1" 200 27
124.78.68.102 - - [30/Jan/2024:12:13:26 +0800] "GET /xingrg/all/function/internal_message.html?_=1706588006564&CODE_STATE=getMsg HTTP/1.1" 200 27
114.83.220.203 - - [30/Jan/2024:12:13:27 +0800] "POST /xingrg/dwr/call/plaincall/AjaxComOrderService.getMaterielSearchList.dwr HTTP/1.1" 200 597
114.83.220.203 - - [30/Jan/2024:12:13:27 +0800] "POST /xingrg/dwr/call/plaincall/AjaxComOrderService.getMaterielSearchList.dwr HTTP/1.1" 200 597
101.83.145.37 - - [30/Jan/2024:12:13:28 +0800] "GET /xingrg/all/function/internal_message.html?_=1706588008626&CODE_STATE=getMsg HTTP/1.1" 200 27
114.83.220.203 - - [30/Jan/2024:12:13:32 +0800] "POST /xingrg/dwr/call/plaincall/AjaxYddbService.getMaterielByMap.dwr HTTP/1.1" 200 2845
114.83.220.203 - - [30/Jan/2024:12:13:34 +0800] "GET /xingrg/all/function/internal_message.html?_=1706588013121&CODE_STATE=getMsg HTTP/1.1" 200 27
222.70.115.1 - - [30/Jan/2024:12:13:37 +0800] "GET /xingrg/all/function/internal_message.html?_=1706588019651&CODE_STATE=getMsg HTTP/1.1" 200 27
116.230.123.222 - - [30/Jan/2024:12:13:37 +0800] "GET /xingrg/all/function/internal_message.html?_=1706588016788&CODE_STATE=getMsg HTTP/1.1" 200 27
180.169.147.146 - - [30/Jan/2024:12:13:44 +0800] "GET /xingrg/all/function/internal_message.html?_=1706588016516&CODE_STATE=getMsg HTTP/1.1" 200 27
120.253.135.82 - - [30/Jan/2024:12:13:47 +0800] "GET /xingrg/all/function/internal_message.html?_=1706587853537&CODE_STATE=getMsg HTTP/1.1" 200 27
180.162.115.14 - - [30/Jan/2024:12:13:55 +0800] "GET /xingrg/all/function/internal_message.html?_=1706586530091&CODE_STATE=getMsg HTTP/1.1" 200 27
114.95.241.104 - - [30/Jan/2024:12:13:55 +0800] "GET /xingrg/all/function/internal_message.html?_=1706588036004&CODE_STATE=getMsg HTTP/1.1" 200 27
114.83.220.203 - - [30/Jan/2024:12:13:57 +0800] "POST /xingrg/dwr/call/plaincall/AjaxYddbService.removeMaterielItem.dwr HTTP/1.1" 200 79
114.95.241.104 - - [30/Jan/2024:12:13:59 +0800] "GET /xingrg/all/function/internal_message.html?_=1706588039198&CODE_STATE=getMsg HTTP/1.1" 200 27
101.93.223.41 - - [30/Jan/2024:12:14:08 +0800] "GET /xingrg/all/function/internal_message.html?_=1706588049150&CODE_STATE=getMsg HTTP/1.1" 200 27
180.164.1.25 - - [30/Jan/2024:12:14:09 +0800] "GET /xingrg/all/function/internal_message.html?_=1706588048946&CODE_STATE=getMsg HTTP/1.1" 200 27
101.228.146.191 - - [30/Jan/2024:12:14:10 +0800] "GET /xingrg/all/function/internal_message.html?_=1706588049472&CODE_STATE=getMsg HTTP/1.1" 200 27
116.238.97.31 - - [30/Jan/2024:12:14:11 +0800] "GET /xingrg/all/function/internal_message.html?_=1706588051625&CODE_STATE=getMsg HTTP/1.1" 200 27
172.20.0.100 - - [30/Jan/2024:12:14:13 +0800] "GET /xingrg/all/function/internal_message.html?_=1706588057957&CODE_STATE=getMsg HTTP/1.1" 200 27
180.169.147.146 - - [30/Jan/2024:12:14:14 +0800] "GET /xingrg/all/function/internal_message.html?_=1706588053703&CODE_STATE=getMsg HTTP/1.1" 200 27
180.163.28.143 - - [30/Jan/2024:12:14:15 +0800] "GET /xingrg/all/function/internal_message.html?_=1706587993128&CODE_STATE=getMsg HTTP/1.1" 302 -
124.78.154.219 - - [30/Jan/2024:12:14:15 +0800] "GET /xingrg/all/function/internal_message.html?_=1706588053097&CODE_STATE=getMsg HTTP/1.1" 200 27
180.163.28.143 - - [30/Jan/2024:12:14:15 +0800] "GET /xingrg/login.html HTTP/1.1" 200 7641
124.78.154.219 - - [30/Jan/2024:12:14:16 +0800] "GET /xingrg/check_reg.html?_=1706588053665 HTTP/1.1" 200 22
101.83.241.3 - - [30/Jan/2024:12:14:16 +0800] "GET /xingrg/all/function/internal_message.html?_=1706588056803&CODE_STATE=getMsg HTTP/1.1" 200 27
120.253.135.82 - - [30/Jan/2024:12:14:16 +0800] "POST /xingrg/kc/pszx/mdps_order_operate.html HTTP/1.1" 200 37
120.253.135.82 - - [30/Jan/2024:12:14:20 +0800] "POST /xingrg/kc/pszx/mdps_order_operate.html HTTP/1.1" 200 12
116.230.109.177 - - [30/Jan/2024:12:14:25 +0800] "GET /xingrg/all/function/internal_message.html?_=1706588000276&CODE_STATE=getMsg HTTP/1.1" 200 27
222.70.168.244 - - [30/Jan/2024:12:14:25 +0800] "GET /xingrg/all/function/internal_message.html?_=1706588071536&CODE_STATE=getMsg HTTP/1.1" 200 27
172.20.0.100 - - [30/Jan/2024:12:14:25 +0800] "GET /xingrg/all/function/internal_message.html?_=1706588054736&CODE_STATE=getMsg HTTP/1.1" 200 27
124.78.68.102 - - [30/Jan/2024:12:14:26 +0800] "GET /xingrg/all/function/internal_message.html?_=1706588066558&CODE_STATE=getMsg HTTP/1.1" 200 27
101.83.145.37 - - [30/Jan/2024:12:14:28 +0800] "GET /xingrg/all/function/internal_message.html?_=1706588068627&CODE_STATE=getMsg HTTP/1.1" 200 27
180.162.115.14 - - [30/Jan/2024:12:14:31 +0800] "POST /xingrg/kc/buy/cgsh_order_operate.html HTTP/1.1" 200 37
180.162.115.14 - - [30/Jan/2024:12:14:33 +0800] "POST /xingrg/kc/buy/cgsh_order_operate.html HTTP/1.1" 200 3830
114.83.220.203 - - [30/Jan/2024:12:14:34 +0800] "GET /xingrg/all/function/internal_message.html?_=1706588073095&CODE_STATE=getMsg HTTP/1.1" 200 27
222.70.115.1 - - [30/Jan/2024:12:14:37 +0800] "GET /xingrg/all/function/internal_message.html?_=1706588079657&CODE_STATE=getMsg HTTP/1.1" 200 27
116.230.123.222 - - [30/Jan/2024:12:14:37 +0800] "GET /xingrg/all/function/internal_message.html?_=1706588076774&CODE_STATE=getMsg HTTP/1.1" 200 27
180.162.115.14 - - [30/Jan/2024:12:14:40 +0800] "GET /xingrg/javascript/jquery_easy_ui/themes/default/images/tabs_active.png HTTP/1.1" 304 -
180.169.147.146 - - [30/Jan/2024:12:14:42 +0800] "GET /xingrg/check_reg.html?_=1706588074644 HTTP/1.1" 200 22
120.253.135.82 - - [30/Jan/2024:12:14:43 +0800] "GET /xingrg/kc/pszx/mdps_order_info.html?code=312024013000822 HTTP/1.1" 200 19644
120.253.135.82 - - [30/Jan/2024:12:14:44 +0800] "GET /xingrg/javascript/easyui/themes/default/validatebox.css HTTP/1.1" 404 1104
180.169.147.146 - - [30/Jan/2024:12:14:44 +0800] "GET /xingrg/all/function/internal_message.html?_=1706588076487&CODE_STATE=getMsg HTTP/1.1" 200 27
120.253.135.82 - - [30/Jan/2024:12:14:44 +0800] "POST /xingrg/kc/pszx/mdps_order_operate.html HTTP/1.1" 200 503
180.162.115.14 - - [30/Jan/2024:12:14:46 +0800] "POST /xingrg/kc/buy/cgsh_list_operate.html HTTP/1.1" 200 1873
120.253.135.82 - - [30/Jan/2024:12:14:47 +0800] "GET /xingrg/all/function/internal_message.html?_=1706587913550&CODE_STATE=getMsg HTTP/1.1" 200 27
120.253.135.82 - - [30/Jan/2024:12:14:48 +0800] "GET /xingrg/kc/pszx/mdps_order_info.html?code=312024013000822 HTTP/1.1" 200 19644
120.253.135.82 - - [30/Jan/2024:12:14:48 +0800] "GET /xingrg/javascript/easyui/themes/default/validatebox.css HTTP/1.1" 404 1104
120.253.135.82 - - [30/Jan/2024:12:14:49 +0800] "POST /xingrg/kc/pszx/mdps_order_operate.html HTTP/1.1" 200 503
180.162.115.14 - - [30/Jan/2024:12:14:51 +0800] "GET /xingrg/kc/base/base_main.html HTTP/1.1" 200 12142
180.162.115.14 - - [30/Jan/2024:12:14:51 +0800] "GET /xingrg/images/blue/button/wlsy.gif HTTP/1.1" 304 -
180.162.115.14 - - [30/Jan/2024:12:14:51 +0800] "GET /xingrg/images/blue/button/ckpd.gif HTTP/1.1" 304 -
180.162.115.14 - - [30/Jan/2024:12:14:51 +0800] "GET /xingrg/images/blue/button/ckdb.gif HTTP/1.1" 304 -
180.162.115.14 - - [30/Jan/2024:12:14:51 +0800] "GET /xingrg/images/blue/button/yddb.gif HTTP/1.1" 304 -
180.162.115.14 - - [30/Jan/2024:12:14:51 +0800] "GET /xingrg/images/blue/button/top_left.jpg HTTP/1.1" 304 -
180.162.115.14 - - [30/Jan/2024:12:14:51 +0800] "GET /xingrg/images/blue/button/top_right.jpg HTTP/1.1" 304 -
180.162.115.14 - - [30/Jan/2024:12:14:51 +0800] "GET /xingrg/images/blue/button/down.jpg HTTP/1.1" 304 -
180.162.115.14 - - [30/Jan/2024:12:14:51 +0800] "GET /xingrg/images/blue/button/left_ah.jpg HTTP/1.1" 304 -
180.162.115.14 - - [30/Jan/2024:12:14:51 +0800] "GET /xingrg/images/blue/button/bottom_left.jpg HTTP/1.1" 304 -
180.162.115.14 - - [30/Jan/2024:12:14:51 +0800] "GET /xingrg/images/blue/button/bottom_right.jpg HTTP/1.1" 304 -
180.162.115.14 - - [30/Jan/2024:12:14:53 +0800] "GET /xingrg/kc/base/yddb_order_list.html HTTP/1.1" 200 16624
180.162.115.14 - - [30/Jan/2024:12:14:53 +0800] "POST /xingrg/kc/base/yddb_list_operate.html HTTP/1.1" 200 636
180.162.115.14 - - [30/Jan/2024:12:14:55 +0800] "GET /xingrg/all/function/internal_message.html?_=1706586590168&CODE_STATE=getMsg HTTP/1.1" 200 27
120.253.135.82 - - [30/Jan/2024:12:14:55 +0800] "POST /xingrg/kc/pszx/mdps_list_operate.html HTTP/1.1" 200 1693
114.95.241.104 - - [30/Jan/2024:12:14:55 +0800] "GET /xingrg/all/function/internal_message.html?_=1706588095998&CODE_STATE=getMsg HTTP/1.1" 200 27
120.253.135.82 - - [30/Jan/2024:12:14:57 +0800] "POST /xingrg/kc/pszx/mdps_list_operate.html HTTP/1.1" 200 281
114.83.220.203 - - [30/Jan/2024:12:14:58 +0800] "POST /xingrg/dwr/call/plaincall/AjaxYddbService.checkOrder.dwr HTTP/1.1" 200 79
114.95.241.104 - - [30/Jan/2024:12:14:59 +0800] "GET /xingrg/all/function/internal_message.html?_=1706588099198&CODE_STATE=getMsg HTTP/1.1" 200 27
114.83.220.203 - - [30/Jan/2024:12:15:00 +0800] "GET /xingrg/kc/base/yddb_order_info.html?code=482024013000182 HTTP/1.1" 200 29874
114.83.220.203 - - [30/Jan/2024:12:15:00 +0800] "GET /xingrg/dwr/interface/AjaxComOrderService.js HTTP/1.1" 200 18264
114.83.220.203 - - [30/Jan/2024:12:15:00 +0800] "GET /xingrg/dwr/interface/AjaxYddbService.js HTTP/1.1" 200 13201
114.83.220.203 - - [30/Jan/2024:12:15:00 +0800] "GET /xingrg/dwr/engine.js HTTP/1.1" 200 43631
114.83.220.203 - - [30/Jan/2024:12:15:00 +0800] "POST /xingrg/dwr/call/plaincall/AjaxYddbService.loadMaterielItems.dwr HTTP/1.1" 200 425
180.162.115.14 - - [30/Jan/2024:12:15:03 +0800] "POST /xingrg/kc/base/yddb_list_operate.html HTTP/1.1" 200 3907
114.83.220.203 - - [30/Jan/2024:12:15:04 +0800] "GET /xingrg/kc/base/yddb_order_report.html?fileType=servlets/html&code=482024013000182&reportName=ck_order_report&subName=yddb HTTP/1.1" 302 -
114.83.220.203 - - [30/Jan/2024:12:15:04 +0800] "GET /xingrg/servlets/html?sysBaseUrl=http%3A%2F%2F180.169.147.146%3A18081%2Fxingrg%2F&costTime=581×tamp=1706588104755 HTTP/1.1" 200 14776
114.83.220.203 - - [30/Jan/2024:12:15:04 +0800] "GET /xingrg/servlets/image?image=px HTTP/1.1" 200 807
114.83.220.203 - - [30/Jan/2024:12:15:04 +0800] "GET /favicon.ico HTTP/1.1" 404 -
101.93.223.41 - - [30/Jan/2024:12:15:08 +0800] "GET /xingrg/all/function/internal_message.html?_=1706588109133&CODE_STATE=getMsg HTTP/1.1" 200 27
180.164.1.25 - - [30/Jan/2024:12:15:09 +0800] "GET /xingrg/check_reg.html?_=1706588108933 HTTP/1.1" 200 22
180.164.1.25 - - [30/Jan/2024:12:15:09 +0800] "GET /xingrg/all/function/internal_message.html?_=1706588108933&CODE_STATE=getMsg HTTP/1.1" 200 27
101.228.146.191 - - [30/Jan/2024:12:15:10 +0800] "GET /xingrg/all/function/internal_message.html?_=1706588109473&CODE_STATE=getMsg HTTP/1.1" 200 27
116.238.97.31 - - [30/Jan/2024:12:15:11 +0800] "GET /xingrg/all/function/internal_message.html?_=1706588111620&CODE_STATE=getMsg HTTP/1.1" 200 27
172.20.0.100 - - [30/Jan/2024:12:15:13 +0800] "GET /xingrg/all/function/internal_message.html?_=1706588117955&CODE_STATE=getMsg HTTP/1.1" 200 27
180.169.147.146 - - [30/Jan/2024:12:15:14 +0800] "GET /xingrg/all/function/internal_message.html?_=1706588113690&CODE_STATE=getMsg HTTP/1.1" 200 27
124.78.154.219 - - [30/Jan/2024:12:15:15 +0800] "GET /xingrg/all/function/internal_message.html?_=1706588113072&CODE_STATE=getMsg HTTP/1.1" 200 27
101.83.241.3 - - [30/Jan/2024:12:15:16 +0800] "GET /xingrg/all/function/internal_message.html?_=1706588116815&CODE_STATE=getMsg HTTP/1.1" 200 27
180.163.29.217 - - [30/Jan/2024:12:15:16 +0800] "GET /xingrg/check_reg.html?_=1706588053665 HTTP/1.1" 302 -
180.163.29.217 - - [30/Jan/2024:12:15:17 +0800] "GET /xingrg/login.html HTTP/1.1" 200 7641
120.253.135.82 - - [30/Jan/2024:12:15:22 +0800] "GET /xingrg/check_reg.html?_=1706587948078 HTTP/1.1" 200 22
114.83.220.203 - - [30/Jan/2024:12:15:22 +0800] "GET /xingrg/kc/base/yddb_order_list.html?isBack=1 HTTP/1.1" 200 16624
114.83.220.203 - - [30/Jan/2024:12:15:23 +0800] "POST /xingrg/kc/base/yddb_list_operate.html HTTP/1.1" 200 636
116.230.109.177 - - [30/Jan/2024:12:15:25 +0800] "GET /xingrg/all/function/internal_message.html?_=1706588060289&CODE_STATE=getMsg HTTP/1.1" 200 27
172.20.0.100 - - [30/Jan/2024:12:15:25 +0800] "GET /xingrg/all/function/internal_message.html?_=1706588114738&CODE_STATE=getMsg HTTP/1.1" 200 27
172.20.0.100 - - [30/Jan/2024:12:15:25 +0800] "GET /xingrg/check_reg.html?_=1706588114741 HTTP/1.1" 200 22
222.70.168.244 - - [30/Jan/2024:12:15:25 +0800] "GET /xingrg/all/function/internal_message.html?_=1706588131755&CODE_STATE=getMsg HTTP/1.1" 200 27
124.78.68.102 - - [30/Jan/2024:12:15:26 +0800] "GET /xingrg/all/function/internal_message.html?_=1706588126534&CODE_STATE=getMsg HTTP/1.1" 200 27
101.83.145.37 - - [30/Jan/2024:12:15:28 +0800] "GET /xingrg/all/function/internal_message.html?_=1706588128627&CODE_STATE=getMsg HTTP/1.1" 200 27
114.83.220.203 - - [30/Jan/2024:12:15:30 +0800] "POST /xingrg/kc/base/yddb_list_operate.html HTTP/1.1" 200 1345
114.83.220.203 - - [30/Jan/2024:12:15:34 +0800] "GET /xingrg/all/function/internal_message.html?_=1706588133070&CODE_STATE=getMsg HTTP/1.1" 200 27
222.70.115.1 - - [30/Jan/2024:12:15:37 +0800] "GET /xingrg/all/function/internal_message.html?_=1706588139649&CODE_STATE=getMsg HTTP/1.1" 200 27
222.70.115.1 - - [30/Jan/2024:12:15:37 +0800] "GET /xingrg/check_reg.html?_=1706588139656 HTTP/1.1" 200 22
116.230.123.222 - - [30/Jan/2024:12:15:37 +0800] "GET /xingrg/all/function/internal_message.html?_=1706588136783&CODE_STATE=getMsg HTTP/1.1" 200 27
124.78.68.102 - - [30/Jan/2024:12:15:44 +0800] "GET /xingrg/check_reg.html?_=1706588144319 HTTP/1.1" 200 22
180.169.147.146 - - [30/Jan/2024:12:15:44 +0800] "GET /xingrg/all/function/internal_message.html?_=1706588136471&CODE_STATE=getMsg HTTP/1.1" 200 27
222.70.168.244 - - [30/Jan/2024:12:15:44 +0800] "GET /xingrg/check_reg.html?_=1706588150724 HTTP/1.1" 200 22
120.253.135.82 - - [30/Jan/2024:12:15:46 +0800] "GET /xingrg/kc/buy/cgsh_order_list.html HTTP/1.1" 200 57403
120.253.135.82 - - [30/Jan/2024:12:15:46 +0800] "GET /xingrg/javascript/jquery_tools/datebox.css HTTP/1.1" 304 -
120.253.135.82 - - [30/Jan/2024:12:15:46 +0800] "GET /xingrg/css/base.css HTTP/1.1" 304 -
120.253.135.82 - - [30/Jan/2024:12:15:46 +0800] "GET /xingrg/css/site.css HTTP/1.1" 304 -
120.253.135.82 - - [30/Jan/2024:12:15:46 +0800] "GET /xingrg/javascript/jquery_tools/jquery.tools.hotkey.js HTTP/1.1" 304 -
120.253.135.82 - - [30/Jan/2024:12:15:46 +0800] "GET /xingrg/javascript/easyui/themes/default/easyui.css HTTP/1.1" 304 -
120.253.135.82 - - [30/Jan/2024:12:15:46 +0800] "GET /xingrg/javascript/easyui/themes/icon.css HTTP/1.1" 304 -
120.253.135.82 - - [30/Jan/2024:12:15:46 +0800] "GET /xingrg/javascript/jquery_tools/fix.css HTTP/1.1" 304 -
120.253.135.82 - - [30/Jan/2024:12:15:46 +0800] "GET /xingrg/javascript/jquery_tools/jquery.tools.min.js HTTP/1.1" 304 -
120.253.135.82 - - [30/Jan/2024:12:15:46 +0800] "GET /xingrg/javascript/auto/jquery.autocomplete.css HTTP/1.1" 304 -
120.253.135.82 - - [30/Jan/2024:12:15:46 +0800] "GET /xingrg/javascript/jquery_tools/table.css HTTP/1.1" 304 -
120.253.135.82 - - [30/Jan/2024:12:15:46 +0800] "GET /xingrg/javascript/jquery_tools/jquery.tools.extend.js HTTP/1.1" 304 -
120.253.135.82 - - [30/Jan/2024:12:15:46 +0800] "GET /xingrg/javascript/jquery_tools/jquery.tools.table.js HTTP/1.1" 304 -
120.253.135.82 - - [30/Jan/2024:12:15:46 +0800] "GET /xingrg/javascript/jquery_tools/list_manager.js HTTP/1.1" 304 -
120.253.135.82 - - [30/Jan/2024:12:15:46 +0800] "GET /xingrg/javascript/jquery.cookie.js HTTP/1.1" 304 -
120.253.135.82 - - [30/Jan/2024:12:15:46 +0800] "GET /xingrg/javascript/easyui/easyloader.js HTTP/1.1" 304 -
120.253.135.82 - - [30/Jan/2024:12:15:46 +0800] "GET /xingrg/javascript/auto/jquery.autocomplete.js HTTP/1.1" 304 -
120.253.135.82 - - [30/Jan/2024:12:15:46 +0800] "GET /xingrg/javascript/jquery.utils.js HTTP/1.1" 304 -
120.253.135.82 - - [30/Jan/2024:12:15:46 +0800] "GET /xingrg/javascript/print/LodopFuncs.js HTTP/1.1" 304 -
120.253.135.82 - - [30/Jan/2024:12:15:47 +0800] "GET /xingrg/javascript/easyui/themes/icons/edit_add_new.png HTTP/1.1" 304 -
120.253.135.82 - - [30/Jan/2024:12:15:47 +0800] "GET /xingrg/javascript/easyui/themes/icons/import_new.png HTTP/1.1" 304 -
120.253.135.82 - - [30/Jan/2024:12:15:47 +0800] "GET /xingrg/javascript/easyui/themes/icons/check_new.png HTTP/1.1" 304 -
120.253.135.82 - - [30/Jan/2024:12:15:47 +0800] "GET /xingrg/javascript/easyui/themes/icons/cance_new.png HTTP/1.1" 304 -
120.253.135.82 - - [30/Jan/2024:12:15:47 +0800] "GET /xingrg/javascript/easyui/themes/icons/field_new.png HTTP/1.1" 304 -
120.253.135.82 - - [30/Jan/2024:12:15:47 +0800] "GET /xingrg/javascript/easyui/plugins/jquery.parser.js HTTP/1.1" 304 -
120.253.135.82 - - [30/Jan/2024:12:15:47 +0800] "GET /xingrg/images/control/ajaxLoader.gif HTTP/1.1" 304 -
120.253.135.82 - - [30/Jan/2024:12:15:47 +0800] "GET /favicon.ico HTTP/1.1" 404 -
120.253.135.82 - - [30/Jan/2024:12:15:47 +0800] "GET /xingrg/all/function/internal_message.html?_=1706587973564&CODE_STATE=getMsg HTTP/1.1" 200 27
120.253.135.82 - - [30/Jan/2024:12:15:48 +0800] "GET /xingrg/kc/buy/cgsh_order_list.html HTTP/1.1" 200 57403
120.253.135.82 - - [30/Jan/2024:12:15:49 +0800] "POST /xingrg/kc/buy/cgsh_list_operate.html HTTP/1.1" 200 986
120.253.135.82 - - [30/Jan/2024:12:15:51 +0800] "POST /xingrg/kc/buy/cgsh_list_operate.html HTTP/1.1" 200 986
120.253.135.82 - - [30/Jan/2024:12:15:54 +0800] "GET /xingrg/kc/buy/cgsh_order_add.html HTTP/1.1" 200 72249
120.253.135.82 - - [30/Jan/2024:12:15:54 +0800] "POST /xingrg/kc/buy/cgsh_order_operate.html HTTP/1.1" 200 8245
120.253.135.82 - - [30/Jan/2024:12:15:54 +0800] "GET /xingrg/javascript/easyui/themes/default/validatebox.css HTTP/1.1" 404 1104
180.162.115.14 - - [30/Jan/2024:12:15:55 +0800] "GET /xingrg/all/function/internal_message.html?_=1706586650127&CODE_STATE=getMsg HTTP/1.1" 200 27
114.95.241.104 - - [30/Jan/2024:12:15:56 +0800] "GET /xingrg/all/function/internal_message.html?_=1706588156013&CODE_STATE=getMsg HTTP/1.1" 200 27
101.93.223.41 - - [30/Jan/2024:12:15:56 +0800] "POST /xingrg/kc/buy/cgsh_list_operate.html HTTP/1.1" 200 6025
114.95.241.104 - - [30/Jan/2024:12:15:59 +0800] "GET /xingrg/check_reg.html?_=1706588159197 HTTP/1.1" 200 22
114.95.241.104 - - [30/Jan/2024:12:15:59 +0800] "GET /xingrg/all/function/internal_message.html?_=1706588159199&CODE_STATE=getMsg HTTP/1.1" 200 27
101.93.223.41 - - [30/Jan/2024:12:16:00 +0800] "GET /xingrg/kc/buy/cgsh_order_add.html HTTP/1.1" 200 73232
101.93.223.41 - - [30/Jan/2024:12:16:00 +0800] "POST /xingrg/kc/buy/cgsh_order_operate.html HTTP/1.1" 200 8245
101.93.223.41 - - [30/Jan/2024:12:16:00 +0800] "GET /xingrg/javascript/easyui/themes/default/validatebox.css HTTP/1.1" 404 1104
124.78.154.219 - - [30/Jan/2024:12:16:01 +0800] "GET /xingrg/kc/buy/buy_main.html HTTP/1.1" 200 12412
124.78.154.219 - - [30/Jan/2024:12:16:01 +0800] "GET /xingrg/css/new_ie.css HTTP/1.1" 404 1036
124.78.154.219 - - [30/Jan/2024:12:16:01 +0800] "GET /xingrg/images/yd/bt.gif HTTP/1.1" 404 1040
124.78.154.219 - - [30/Jan/2024:12:16:02 +0800] "GET /xingrg/kc/buy/cgsh_order_list.html HTTP/1.1" 200 57403
120.253.135.82 - - [30/Jan/2024:12:16:03 +0800] "POST /xingrg/all/common/load_combo.html?type=employee HTTP/1.1" 200 1749
124.78.154.219 - - [30/Jan/2024:12:16:05 +0800] "POST /xingrg/kc/buy/cgsh_list_operate.html HTTP/1.1" 200 986
124.78.154.219 - - [30/Jan/2024:12:16:07 +0800] "GET /xingrg/kc/buy/cgsh_order_add.html HTTP/1.1" 200 73185
124.78.154.219 - - [30/Jan/2024:12:16:08 +0800] "POST /xingrg/kc/buy/cgsh_order_operate.html HTTP/1.1" 200 8245
124.78.154.219 - - [30/Jan/2024:12:16:08 +0800] "GET /xingrg/javascript/easyui/themes/default/validatebox.css HTTP/1.1" 404 1104
101.93.223.41 - - [30/Jan/2024:12:16:08 +0800] "GET /xingrg/all/function/internal_message.html?_=1706588169106&CODE_STATE=getMsg HTTP/1.1" 200 27
180.164.1.25 - - [30/Jan/2024:12:16:09 +0800] "GET /xingrg/all/function/internal_message.html?_=1706588168935&CODE_STATE=getMsg HTTP/1.1" 200 27
101.228.146.191 - - [30/Jan/2024:12:16:10 +0800] "GET /xingrg/check_reg.html?_=1706588169473 HTTP/1.1" 200 22
101.228.146.191 - - [30/Jan/2024:12:16:10 +0800] "GET /xingrg/all/function/internal_message.html?_=1706588169478&CODE_STATE=getMsg HTTP/1.1" 200 27
116.238.97.31 - - [30/Jan/2024:12:16:11 +0800] "GET /xingrg/all/function/internal_message.html?_=1706588171620&CODE_STATE=getMsg HTTP/1.1" 200 27
116.238.97.31 - - [30/Jan/2024:12:16:11 +0800] "GET /xingrg/check_reg.html?_=1706588171621 HTTP/1.1" 200 22
124.78.154.219 - - [30/Jan/2024:12:16:12 +0800] "GET /xingrg/javascript/auto/indicator.gif HTTP/1.1" 404 1066
172.20.0.100 - - [30/Jan/2024:12:16:13 +0800] "GET /xingrg/all/function/internal_message.html?_=1706588177954&CODE_STATE=getMsg HTTP/1.1" 200 27
172.20.0.100 - - [30/Jan/2024:12:16:13 +0800] "GET /xingrg/check_reg.html?_=1706588177955 HTTP/1.1" 200 22
180.169.147.146 - - [30/Jan/2024:12:16:14 +0800] "GET /xingrg/all/function/internal_message.html?_=1706588173670&CODE_STATE=getMsg HTTP/1.1" 200 27
180.163.28.180 - - [30/Jan/2024:12:16:15 +0800] "GET /xingrg/all/function/internal_message.html?_=1706588113072&CODE_STATE=getMsg HTTP/1.1" 302 -
180.163.28.180 - - [30/Jan/2024:12:16:15 +0800] "GET /xingrg/login.html HTTP/1.1" 200 7641
124.78.154.219 - - [30/Jan/2024:12:16:15 +0800] "GET /xingrg/all/function/internal_message.html?_=1706588173055&CODE_STATE=getMsg HTTP/1.1" 200 27
101.83.241.3 - - [30/Jan/2024:12:16:16 +0800] "GET /xingrg/check_reg.html?_=1706588176810 HTTP/1.1" 200 22
101.83.241.3 - - [30/Jan/2024:12:16:16 +0800] "GET /xingrg/all/function/internal_message.html?_=1706588176813&CODE_STATE=getMsg HTTP/1.1" 200 27
124.78.154.219 - - [30/Jan/2024:12:16:17 +0800] "GET /xingrg/kc/buy/cgsh_order_operate.html?command=get_materiel&rest_code=00106&code=00102009966&supplier_code=&order_time=2024-01-30 HTTP/1.1" 200 408
116.230.109.177 - - [30/Jan/2024:12:16:25 +0800] "GET /xingrg/all/function/internal_message.html?_=1706588120278&CODE_STATE=getMsg HTTP/1.1" 200 27
172.20.0.100 - - [30/Jan/2024:12:16:25 +0800] "GET /xingrg/all/function/internal_message.html?_=1706588174740&CODE_STATE=getMsg HTTP/1.1" 200 27
222.70.168.244 - - [30/Jan/2024:12:16:25 +0800] "GET /xingrg/all/function/internal_message.html?_=1706588191765&CODE_STATE=getMsg HTTP/1.1" 200 27
124.78.68.102 - - [30/Jan/2024:12:16:26 +0800] "GET /xingrg/all/function/internal_message.html?_=1706588186516&CODE_STATE=getMsg HTTP/1.1" 200 27
120.253.135.82 - - [30/Jan/2024:12:16:27 +0800] "GET /xingrg/kc/buy/cgsh_order_operate.html?command=get_materiel&rest_code=00101&code=00102002304&supplier_code=00100145&order_time=2024-01-30 HTTP/1.1" 200 462
101.83.145.37 - - [30/Jan/2024:12:16:28 +0800] "GET /xingrg/all/function/internal_message.html?_=1706588188654&CODE_STATE=getMsg HTTP/1.1" 200 27
101.83.145.37 - - [30/Jan/2024:12:16:28 +0800] "GET /xingrg/check_reg.html?_=1706588188656 HTTP/1.1" 200 22
101.93.223.41 - - [30/Jan/2024:12:16:29 +0800] "GET /xingrg/kc/buy/cgsh_order_operate.html?command=get_materiel&rest_code=00147&code=00101009044&supplier_code=00100022&order_time=2024-01-24 HTTP/1.1" 200 412
120.253.135.82 - - [30/Jan/2024:12:16:32 +0800] "POST /xingrg/all/common/load_select.html HTTP/1.1" 200 25
114.83.220.203 - - [30/Jan/2024:12:16:34 +0800] "GET /xingrg/all/function/internal_message.html?_=1706588193047&CODE_STATE=getMsg HTTP/1.1" 200 27
124.78.154.219 - - [30/Jan/2024:12:16:35 +0800] "GET /xingrg/kc/buy/cgsh_order_operate.html?command=get_materiel&rest_code=00106&code=00102010041&supplier_code=&order_time=2024-01-30 HTTP/1.1" 200 411
120.253.135.82 - - [30/Jan/2024:12:16:37 +0800] "GET /xingrg/kc/buy/cgsh_order_operate.html?command=get_materiel_price&rest_code=00101&code=00102002304&unit_code=00100113&supplier_code=00100145&order_time=2024-01-30 HTTP/1.1" 200 30
114.83.220.203 - - [30/Jan/2024:12:16:37 +0800] "GET /xingrg/check_reg.html?_=1706588196204 HTTP/1.1" 200 22
222.70.115.1 - - [30/Jan/2024:12:16:37 +0800] "GET /xingrg/all/function/internal_message.html?_=1706588199655&CODE_STATE=getMsg HTTP/1.1" 200 27
116.230.123.222 - - [30/Jan/2024:12:16:37 +0800] "GET /xingrg/all/function/internal_message.html?_=1706588196766&CODE_STATE=getMsg HTTP/1.1" 200 27
116.230.123.222 - - [30/Jan/2024:12:16:39 +0800] "GET /xingrg/check_reg.html?_=1706588198531 HTTP/1.1" 200 22
101.93.223.41 - - [30/Jan/2024:12:16:40 +0800] "GET /xingrg/kc/buy/cgsh_order_operate.html?command=get_materiel&rest_code=00147&code=00101009045&supplier_code=00100022&order_time=2024-01-24 HTTP/1.1" 200 412
114.83.220.203 - - [30/Jan/2024:12:16:41 +0800] "POST /xingrg/kc/base/yddb_list_operate.html HTTP/1.1" 200 214
114.83.220.203 - - [30/Jan/2024:12:16:42 +0800] "GET /xingrg/kc/base/yddb_order_info.html?code=482024013000182 HTTP/1.1" 200 29874
114.83.220.203 - - [30/Jan/2024:12:16:43 +0800] "GET /xingrg/dwr/interface/AjaxComOrderService.js HTTP/1.1" 200 18264
114.83.220.203 - - [30/Jan/2024:12:16:43 +0800] "GET /xingrg/dwr/interface/AjaxYddbService.js HTTP/1.1" 200 13201
114.83.220.203 - - [30/Jan/2024:12:16:43 +0800] "GET /xingrg/dwr/engine.js HTTP/1.1" 200 43631
114.83.220.203 - - [30/Jan/2024:12:16:43 +0800] "POST /xingrg/dwr/call/plaincall/AjaxYddbService.loadMaterielItems.dwr HTTP/1.1" 200 425
180.169.147.146 - - [30/Jan/2024:12:16:44 +0800] "GET /xingrg/all/function/internal_message.html?_=1706588196457&CODE_STATE=getMsg HTTP/1.1" 200 27
114.83.220.203 - - [30/Jan/2024:12:16:45 +0800] "GET /xingrg/kc/base/yddb_order_report.html?fileType=servlets/html&code=482024013000182&reportName=ck_order_report&subName=yddb HTTP/1.1" 302 -
114.83.220.203 - - [30/Jan/2024:12:16:45 +0800] "GET /xingrg/servlets/html?sysBaseUrl=http%3A%2F%2F180.169.147.146%3A18081%2Fxingrg%2F&costTime=424×tamp=1706588205747 HTTP/1.1" 200 14776
114.83.220.203 - - [30/Jan/2024:12:16:45 +0800] "GET /favicon.ico HTTP/1.1" 404 -
120.253.135.82 - - [30/Jan/2024:12:16:47 +0800] "GET /xingrg/all/function/internal_message.html?_=1706588033578&CODE_STATE=getMsg HTTP/1.1" 200 27
101.93.223.41 - - [30/Jan/2024:12:16:50 +0800] "POST /xingrg/kc/buy/cgsh_order_operate.html HTTP/1.1" 200 37
180.162.115.14 - - [30/Jan/2024:12:16:55 +0800] "GET /xingrg/check_reg.html?_=1706586710123 HTTP/1.1" 200 22
180.162.115.14 - - [30/Jan/2024:12:16:55 +0800] "GET /xingrg/all/function/internal_message.html?_=1706586710126&CODE_STATE=getMsg HTTP/1.1" 200 27
114.95.241.104 - - [30/Jan/2024:12:16:56 +0800] "GET /xingrg/check_reg.html?_=1706588216016 HTTP/1.1" 200 22
114.95.241.104 - - [30/Jan/2024:12:16:56 +0800] "GET /xingrg/all/function/internal_message.html?_=1706588216019&CODE_STATE=getMsg HTTP/1.1" 200 27
120.253.135.82 - - [30/Jan/2024:12:16:57 +0800] "GET /xingrg/kc/buy/cgsh_order_operate.html?command=get_materiel&rest_code=00101&code=00102002543&supplier_code=00100145&order_time=2024-01-30 HTTP/1.1" 200 441
114.95.241.104 - - [30/Jan/2024:12:16:59 +0800] "GET /xingrg/all/function/internal_message.html?_=1706588219196&CODE_STATE=getMsg HTTP/1.1" 200 27
120.253.135.82 - - [30/Jan/2024:12:17:01 +0800] "POST /xingrg/all/common/load_select.html HTTP/1.1" 200 25
120.253.135.82 - - [30/Jan/2024:12:17:06 +0800] "GET /xingrg/kc/buy/cgsh_order_operate.html?command=get_materiel_price&rest_code=00101&code=00102002543&unit_code=00100130&supplier_code=00100145&order_time=2024-01-30 HTTP/1.1" 200 30
180.164.1.25 - - [30/Jan/2024:12:17:09 +0800] "GET /xingrg/all/function/internal_message.html?_=1706588228937&CODE_STATE=getMsg HTTP/1.1" 200 27
101.228.146.191 - - [30/Jan/2024:12:17:10 +0800] "GET /xingrg/all/function/internal_message.html?_=1706588229462&CODE_STATE=getMsg HTTP/1.1" 200 27
116.238.97.31 - - [30/Jan/2024:12:17:11 +0800] "GET /xingrg/all/function/internal_message.html?_=1706588231605&CODE_STATE=getMsg HTTP/1.1" 200 27
172.20.0.100 - - [30/Jan/2024:12:17:13 +0800] "GET /xingrg/all/function/internal_message.html?_=1706588237953&CODE_STATE=getMsg HTTP/1.1" 200 27
180.163.30.76 - - [30/Jan/2024:12:17:14 +0800] "GET /xingrg/kc/buy/cgsh_order_operate.html?command=get_materiel&rest_code=00106&code=00102009966&supplier_code=&order_time=2024-01-30 HTTP/1.1" 302 -
180.169.147.146 - - [30/Jan/2024:12:17:14 +0800] "GET /xingrg/all/function/internal_message.html?_=1706588233650&CODE_STATE=getMsg HTTP/1.1" 200 27
