124.78.154.219 - - [30/Jan/2024:08:47:32 +0800] "GET /xingrg/kc/buy/cgsh_order_operate.html?command=get_materiel&rest_code=00106&code=00101006106&supplier_code=00100096&order_time=2024-01-30 HTTP/1.1" 200 420
114.95.241.104 - - [30/Jan/2024:08:47:32 +0800] "POST /xingrg/kc/buy/cgsh_order_operate.html HTTP/1.1" 200 37
114.95.241.104 - - [30/Jan/2024:08:47:32 +0800] "POST /xingrg/kc/buy/cgsh_order_operate.html HTTP/1.1" 200 18840
101.83.145.37 - - [30/Jan/2024:08:47:32 +0800] "POST /xingrg/kc/buy/cgsh_order_operate.html HTTP/1.1" 200 55771
114.95.241.104 - - [30/Jan/2024:08:47:34 +0800] "POST /xingrg/kc/buy/cgsh_order_operate.html HTTP/1.1" 200 28127
114.95.241.104 - - [30/Jan/2024:08:47:38 +0800] "GET /xingrg/login.html HTTP/1.1" 200 7641
114.95.241.104 - - [30/Jan/2024:08:47:38 +0800] "GET /favicon.ico HTTP/1.1" 404 -
114.95.241.104 - - [30/Jan/2024:08:47:40 +0800] "POST /xingrg/login.do HTTP/1.1" 302 -
114.95.241.104 - - [30/Jan/2024:08:47:40 +0800] "GET /xingrg/index.html?sysBaseUrl=http%3A%2F%2F180.169.147.146%3A18081%2Fxingrg%2F&costTime=827×tamp=1706575660792 HTTP/1.1" 200 17179
114.95.241.104 - - [30/Jan/2024:08:47:40 +0800] "GET /favicon.ico HTTP/1.1" 404 -
114.95.241.104 - - [30/Jan/2024:08:47:41 +0800] "GET /xingrg/check_reg.html?_=1706575660734 HTTP/1.1" 200 22
114.95.241.104 - - [30/Jan/2024:08:47:41 +0800] "GET /xingrg/all/function/internal_message.html?_=1706575660733&CODE_STATE=count HTTP/1.1" 200 11
114.95.241.104 - - [30/Jan/2024:08:47:41 +0800] "POST /xingrg/all/common/load_tree.html?tree=area_rest_tree_json&manage=1 HTTP/1.1" 200 476
114.95.241.104 - - [30/Jan/2024:08:47:41 +0800] "POST /xingrg/load_menu.html HTTP/1.1" 200 5138
124.78.154.219 - - [30/Jan/2024:08:47:41 +0800] "GET /xingrg/all/function/internal_message.html?_=1706575659574&CODE_STATE=getMsg HTTP/1.1" 200 27
124.78.154.219 - - [30/Jan/2024:08:47:43 +0800] "POST /xingrg/kc/buy/cgsh_order_operate.html HTTP/1.1" 200 2065
114.95.241.104 - - [30/Jan/2024:08:47:43 +0800] "GET /xingrg/index.html?sysBaseUrl=http%3A%2F%2F180.169.147.146%3A18081%2Fxingrg%2F&costTime=14×tamp=1698040851670 HTTP/1.1" 302 -
114.95.241.104 - - [30/Jan/2024:08:47:43 +0800] "GET /xingrg/login.html HTTP/1.1" 200 7641
114.95.241.104 - - [30/Jan/2024:08:47:43 +0800] "GET /favicon.ico HTTP/1.1" 404 -
114.95.241.104 - - [30/Jan/2024:08:47:46 +0800] "GET /xingrg/kc/buy/cgsh_order_list.html HTTP/1.1" 200 57414
114.95.241.104 - - [30/Jan/2024:08:47:49 +0800] "POST /xingrg/kc/buy/cgsh_list_operate.html HTTP/1.1" 200 1888
114.95.241.104 - - [30/Jan/2024:08:47:51 +0800] "POST /xingrg/login.do HTTP/1.1" 302 -
114.95.241.104 - - [30/Jan/2024:08:47:51 +0800] "GET /xingrg/index.html?sysBaseUrl=http%3A%2F%2F180.169.147.146%3A18081%2Fxingrg%2F&costTime=830×tamp=1706575671673 HTTP/1.1" 200 17177
114.95.241.104 - - [30/Jan/2024:08:47:51 +0800] "GET /favicon.ico HTTP/1.1" 404 -
114.95.241.104 - - [30/Jan/2024:08:47:52 +0800] "GET /xingrg/check_reg.html?_=1706575672015 HTTP/1.1" 200 22
114.95.241.104 - - [30/Jan/2024:08:47:52 +0800] "GET /xingrg/all/function/internal_message.html?_=1706575672015&CODE_STATE=count HTTP/1.1" 200 11
114.95.241.104 - - [30/Jan/2024:08:47:52 +0800] "POST /xingrg/all/common/load_tree.html?tree=area_rest_tree_json&manage=1 HTTP/1.1" 200 476
114.95.241.104 - - [30/Jan/2024:08:47:52 +0800] "POST /xingrg/load_menu.html HTTP/1.1" 200 5138
124.78.154.219 - - [30/Jan/2024:08:47:52 +0800] "POST /xingrg/kc/buy/cgsh_order_operate.html HTTP/1.1" 200 37
114.95.241.104 - - [30/Jan/2024:08:47:54 +0800] "POST /xingrg/kc/buy/cgsh_list_operate.html HTTP/1.1" 200 568
114.95.241.104 - - [30/Jan/2024:08:47:54 +0800] "GET /xingrg/kc/buy/cgsh_order_list.html HTTP/1.1" 200 57412
114.95.241.104 - - [30/Jan/2024:08:47:56 +0800] "GET /xingrg/kc/buy/cgsh_order_info.html?code=212024013012813 HTTP/1.1" 200 73250
114.95.241.104 - - [30/Jan/2024:08:47:56 +0800] "GET /xingrg/javascript/easyui/themes/default/validatebox.css HTTP/1.1" 404 1104
124.78.154.219 - - [30/Jan/2024:08:47:56 +0800] "POST /xingrg/kc/buy/cgsh_order_operate.html HTTP/1.1" 200 8636
114.95.241.104 - - [30/Jan/2024:08:47:56 +0800] "GET /xingrg/all/common/auto_word.html?type=employee&rest_code=00150 HTTP/1.1" 200 159
114.95.241.104 - - [30/Jan/2024:08:47:56 +0800] "GET /xingrg/all/common/auto_word.html?type=employee&rest_code=00150 HTTP/1.1" 200 159
114.95.241.104 - - [30/Jan/2024:08:47:57 +0800] "POST /xingrg/kc/buy/cgsh_order_operate.html HTTP/1.1" 200 28127
114.95.241.104 - - [30/Jan/2024:08:47:58 +0800] "POST /xingrg/kc/buy/cgsh_list_operate.html HTTP/1.1" 200 1864
114.95.241.104 - - [30/Jan/2024:08:48:00 +0800] "POST /xingrg/kc/buy/cgsh_list_operate.html HTTP/1.1" 200 559
114.95.241.104 - - [30/Jan/2024:08:48:02 +0800] "GET /xingrg/kc/buy/cgsh_order_info.html?code=212024013012817 HTTP/1.1" 200 72792
114.95.241.104 - - [30/Jan/2024:08:48:02 +0800] "GET /xingrg/javascript/easyui/themes/default/validatebox.css HTTP/1.1" 404 1104
114.95.241.104 - - [30/Jan/2024:08:48:02 +0800] "GET /xingrg/all/common/auto_word.html?type=employee&rest_code=00151 HTTP/1.1" 200 293
114.95.241.104 - - [30/Jan/2024:08:48:02 +0800] "GET /xingrg/all/common/auto_word.html?type=employee&rest_code=00151 HTTP/1.1" 200 293
114.95.241.104 - - [30/Jan/2024:08:48:03 +0800] "POST /xingrg/kc/buy/cgsh_order_operate.html HTTP/1.1" 200 11055
114.95.241.104 - - [30/Jan/2024:08:48:06 +0800] "GET /xingrg/javascript/auto/indicator.gif HTTP/1.1" 404 1066
222.70.168.244 - - [30/Jan/2024:08:48:07 +0800] "GET /xingrg/all/function/internal_message.html?_=1706575693402&CODE_STATE=getMsg HTTP/1.1" 200 27
114.95.241.104 - - [30/Jan/2024:08:48:11 +0800] "GET /xingrg/kc/buy/cgsh_order_operate.html?command=get_materiel&rest_code=00150&code=00101008213&supplier_code=00100008&order_time=2024-01-30 HTTP/1.1" 200 412
120.253.135.82 - - [30/Jan/2024:08:48:12 +0800] "GET /xingrg/all/function/internal_message.html?_=1706575518787&CODE_STATE=getMsg HTTP/1.1" 200 27
172.20.0.100 - - [30/Jan/2024:08:48:13 +0800] "GET /xingrg/all/function/internal_message.html?_=1706575697830&CODE_STATE=getMsg HTTP/1.1" 200 27
116.238.97.31 - - [30/Jan/2024:08:48:14 +0800] "GET /xingrg/all/function/internal_message.html?_=1706575694768&CODE_STATE=getMsg HTTP/1.1" 200 27
101.93.223.41 - - [30/Jan/2024:08:48:15 +0800] "POST /xingrg/services/DataTransmitService HTTP/1.1" 200 524
114.95.241.104 - - [30/Jan/2024:08:48:20 +0800] "POST /xingrg/kc/buy/cgsh_order_operate.html HTTP/1.1" 200 37
114.95.241.104 - - [30/Jan/2024:08:48:22 +0800] "POST /xingrg/kc/buy/cgsh_order_operate.html HTTP/1.1" 200 9858
124.78.68.102 - - [30/Jan/2024:08:48:27 +0800] "GET /xingrg/all/function/internal_message.html?_=1706575707970&CODE_STATE=getMsg HTTP/1.1" 200 27
114.95.241.104 - - [30/Jan/2024:08:48:28 +0800] "POST /xingrg/kc/buy/cgsh_order_operate.html HTTP/1.1" 200 37
101.83.145.37 - - [30/Jan/2024:08:48:28 +0800] "GET /xingrg/all/function/internal_message.html?_=1706575708888&CODE_STATE=getMsg HTTP/1.1" 200 27
114.95.241.104 - - [30/Jan/2024:08:48:33 +0800] "GET /xingrg/kc/buy/cgsh_order_operate.html?command=get_materiel&rest_code=00150&code=00101008095&supplier_code=00100008&order_time=2024-01-30 HTTP/1.1" 200 413
114.95.241.104 - - [30/Jan/2024:08:48:35 +0800] "POST /xingrg/kc/buy/cgsh_order_operate.html HTTP/1.1" 200 12
101.83.145.37 - - [30/Jan/2024:08:48:37 +0800] "GET /xingrg/kc/buy/cgsh_order_operate.html?command=get_materiel&rest_code=00105&code=00101008644&supplier_code=00100005&order_time=2024-01-30 HTTP/1.1" 200 420
114.95.241.104 - - [30/Jan/2024:08:48:37 +0800] "GET /xingrg/kc/buy/cgsh_order_info.html?code=212024013012817 HTTP/1.1" 200 67692
114.95.241.104 - - [30/Jan/2024:08:48:38 +0800] "GET /xingrg/javascript/easyui/themes/default/validatebox.css HTTP/1.1" 404 1104
114.95.241.104 - - [30/Jan/2024:08:48:39 +0800] "POST /xingrg/kc/buy/cgsh_order_operate.html HTTP/1.1" 200 7783
114.95.241.104 - - [30/Jan/2024:08:48:40 +0800] "GET /xingrg/kc/print/load_config.html?kc_code=cgsh HTTP/1.1" 200 1927
114.95.241.104 - - [30/Jan/2024:08:48:40 +0800] "GET /xingrg/kc/print/load_data.html?order_code=212024013012817&kc_code=cgsh&condition= HTTP/1.1" 200 3488
114.95.241.104 - - [30/Jan/2024:08:48:41 +0800] "GET /xingrg/all/function/internal_message.html?_=1706575720882&CODE_STATE=getMsg HTTP/1.1" 200 27
124.78.154.219 - - [30/Jan/2024:08:48:41 +0800] "GET /xingrg/check_reg.html?_=1706575719576 HTTP/1.1" 200 22
124.78.154.219 - - [30/Jan/2024:08:48:41 +0800] "GET /xingrg/all/function/internal_message.html?_=1706575719581&CODE_STATE=getMsg HTTP/1.1" 200 27
114.95.241.104 - - [30/Jan/2024:08:48:47 +0800] "GET /xingrg/kc/buy/cgsh_order_operate.html?command=get_materiel&rest_code=00150&code=00101008110&supplier_code=00100008&order_time=2024-01-30 HTTP/1.1" 200 409
114.95.241.104 - - [30/Jan/2024:08:48:52 +0800] "GET /xingrg/all/function/internal_message.html?_=1706575732028&CODE_STATE=getMsg HTTP/1.1" 200 27
114.95.241.104 - - [30/Jan/2024:08:48:59 +0800] "GET /xingrg/kc/buy/cgsh_order_operate.html?command=get_materiel&rest_code=00150&code=00101008041&supplier_code=00100008&order_time=2024-01-30 HTTP/1.1" 200 408
222.70.168.244 - - [30/Jan/2024:08:49:07 +0800] "GET /xingrg/check_reg.html?_=1706575752649 HTTP/1.1" 200 22
222.70.168.244 - - [30/Jan/2024:08:49:07 +0800] "GET /xingrg/all/function/internal_message.html?_=1706575753416&CODE_STATE=getMsg HTTP/1.1" 200 27
114.95.241.104 - - [30/Jan/2024:08:49:12 +0800] "GET /xingrg/kc/buy/cgsh_order_operate.html?command=get_materiel&rest_code=00150&code=00101008229&supplier_code=00100008&order_time=2024-01-30 HTTP/1.1" 200 420
120.253.135.82 - - [30/Jan/2024:08:49:12 +0800] "GET /xingrg/all/function/internal_message.html?_=1706575578801&CODE_STATE=getMsg HTTP/1.1" 200 27
172.20.0.100 - - [30/Jan/2024:08:49:13 +0800] "GET /xingrg/all/function/internal_message.html?_=1706575757828&CODE_STATE=getMsg HTTP/1.1" 200 27
116.238.97.31 - - [30/Jan/2024:08:49:14 +0800] "GET /xingrg/all/function/internal_message.html?_=1706575754764&CODE_STATE=getMsg HTTP/1.1" 200 27
124.78.68.102 - - [30/Jan/2024:08:49:27 +0800] "GET /xingrg/all/function/internal_message.html?_=1706575767948&CODE_STATE=getMsg HTTP/1.1" 200 27
101.83.145.37 - - [30/Jan/2024:08:49:29 +0800] "GET /xingrg/all/function/internal_message.html?_=1706575768847&CODE_STATE=getMsg HTTP/1.1" 200 27
114.95.241.104 - - [30/Jan/2024:08:49:29 +0800] "POST /xingrg/kc/buy/cgsh_order_operate.html HTTP/1.1" 200 37
124.78.154.219 - - [30/Jan/2024:08:49:32 +0800] "GET /xingrg/kc/buy/cgsh_order_operate.html?command=get_materiel&rest_code=00106&code=00101007061&supplier_code=00100096&order_time=2024-01-30 HTTP/1.1" 200 23
114.95.241.104 - - [30/Jan/2024:08:49:32 +0800] "POST /xingrg/kc/buy/cgsh_order_operate.html HTTP/1.1" 200 31088
116.238.97.31 - - [30/Jan/2024:08:49:40 +0800] "GET /xingrg/kc/base/wldb_order_operate.html?command=get_materiel&rest_code=00102&base_code=0010476&code=00101011005 HTTP/1.1" 200 430
114.95.241.104 - - [30/Jan/2024:08:49:41 +0800] "GET /xingrg/all/function/internal_message.html?_=1706575780851&CODE_STATE=getMsg HTTP/1.1" 200 27
114.95.241.104 - - [30/Jan/2024:08:49:43 +0800] "GET /xingrg/kc/buy/cgsh_order_operate.html?command=get_materiel&rest_code=00150&code=00101008354&supplier_code=00100008&order_time=2024-01-30 HTTP/1.1" 200 412
101.83.145.37 - - [30/Jan/2024:08:49:46 +0800] "POST /xingrg/kc/buy/cgsh_order_operate.html HTTP/1.1" 200 37
124.78.154.219 - - [30/Jan/2024:08:49:48 +0800] "POST /xingrg/kc/buy/cgsh_order_operate.html HTTP/1.1" 200 37
101.83.145.37 - - [30/Jan/2024:08:49:49 +0800] "POST /xingrg/kc/buy/cgsh_order_operate.html HTTP/1.1" 200 26279
114.83.220.203 - - [30/Jan/2024:08:49:51 +0800] "POST /xingrg/services/DataTransmitService HTTP/1.1" 200 524
114.95.241.104 - - [30/Jan/2024:08:49:52 +0800] "GET /xingrg/all/function/internal_message.html?_=1706575792045&CODE_STATE=getMsg HTTP/1.1" 200 27
114.95.241.104 - - [30/Jan/2024:08:49:53 +0800] "GET /xingrg/kc/buy/cgsh_order_operate.html?command=get_materiel&rest_code=00150&code=00101008072&supplier_code=00100008&order_time=2024-01-30 HTTP/1.1" 200 408
124.78.154.219 - - [30/Jan/2024:08:50:03 +0800] "POST /xingrg/kc/buy/cgsh_order_operate.html HTTP/1.1" 200 8636
124.78.154.219 - - [30/Jan/2024:08:50:04 +0800] "GET /xingrg/login.html HTTP/1.1" 200 7641
124.78.154.219 - - [30/Jan/2024:08:50:05 +0800] "GET /favicon.ico HTTP/1.1" 404 -
222.70.168.244 - - [30/Jan/2024:08:50:07 +0800] "GET /xingrg/all/function/internal_message.html?_=1706575813431&CODE_STATE=getMsg HTTP/1.1" 200 27
120.253.135.82 - - [30/Jan/2024:08:50:13 +0800] "GET /xingrg/all/function/internal_message.html?_=1706575638867&CODE_STATE=getMsg HTTP/1.1" 200 27
172.20.0.100 - - [30/Jan/2024:08:50:13 +0800] "GET /xingrg/all/function/internal_message.html?_=1706575817827&CODE_STATE=getMsg HTTP/1.1" 200 27
116.238.97.31 - - [30/Jan/2024:08:50:14 +0800] "GET /xingrg/all/function/internal_message.html?_=1706575814763&CODE_STATE=getMsg HTTP/1.1" 200 27
124.78.154.219 - - [30/Jan/2024:08:50:16 +0800] "POST /xingrg/login.do HTTP/1.1" 302 -
124.78.154.219 - - [30/Jan/2024:08:50:16 +0800] "GET /xingrg/index.html?sysBaseUrl=http%3A%2F%2F180.169.147.146%3A18081%2Fxingrg%2F&costTime=817×tamp=1706575816526 HTTP/1.1" 200 17173
124.78.154.219 - - [30/Jan/2024:08:50:16 +0800] "GET /favicon.ico HTTP/1.1" 404 -
124.78.154.219 - - [30/Jan/2024:08:50:16 +0800] "GET /xingrg/all/function/internal_message.html?_=1706575814536&CODE_STATE=count HTTP/1.1" 200 11
124.78.154.219 - - [30/Jan/2024:08:50:16 +0800] "POST /xingrg/all/common/load_tree.html?tree=area_rest_tree_json&manage=1 HTTP/1.1" 200 342
124.78.154.219 - - [30/Jan/2024:08:50:16 +0800] "GET /xingrg/check_reg.html?_=1706575814537 HTTP/1.1" 200 22
124.78.154.219 - - [30/Jan/2024:08:50:17 +0800] "POST /xingrg/load_menu.html HTTP/1.1" 200 5138
114.95.241.104 - - [30/Jan/2024:08:50:23 +0800] "GET /xingrg/kc/buy/cgsh_order_operate.html?command=get_materiel&rest_code=00150&code=00101008358&supplier_code=00100008&order_time=2024-01-30 HTTP/1.1" 200 412
180.163.29.234 - - [30/Jan/2024:08:50:24 +0800] "GET /xingrg/kc/buy/cgsh_order_operate.html?command=get_materiel&rest_code=00106&code=00101007061&supplier_code=00100096&order_time=2024-01-30 HTTP/1.1" 302 -
180.163.29.234 - - [30/Jan/2024:08:50:24 +0800] "GET /xingrg/login.html HTTP/1.1" 200 7641
124.78.154.219 - - [30/Jan/2024:08:50:27 +0800] "GET /xingrg/kc/buy/buy_main.html HTTP/1.1" 200 12412
124.78.154.219 - - [30/Jan/2024:08:50:27 +0800] "GET /xingrg/css/new_ie.css HTTP/1.1" 404 1036
124.78.68.102 - - [30/Jan/2024:08:50:27 +0800] "GET /xingrg/all/function/internal_message.html?_=1706575827920&CODE_STATE=getMsg HTTP/1.1" 200 27
101.83.145.37 - - [30/Jan/2024:08:50:28 +0800] "GET /xingrg/all/function/internal_message.html?_=1706575828814&CODE_STATE=getMsg HTTP/1.1" 200 27
114.95.241.104 - - [30/Jan/2024:08:50:33 +0800] "POST /xingrg/kc/buy/cgsh_order_operate.html HTTP/1.1" 200 37
124.78.154.219 - - [30/Jan/2024:08:50:34 +0800] "GET /xingrg/images/yd/bt.gif HTTP/1.1" 404 1040
124.78.154.219 - - [30/Jan/2024:08:50:36 +0800] "GET /xingrg/kc/buy/cgsh_order_list.html HTTP/1.1" 200 57403
124.78.154.219 - - [30/Jan/2024:08:50:40 +0800] "POST /xingrg/kc/buy/cgsh_list_operate.html HTTP/1.1" 200 1852
124.78.68.102 - - [30/Jan/2024:08:50:44 +0800] "GET /xingrg/check_reg.html?_=1706575844382 HTTP/1.1" 200 22
114.95.241.104 - - [30/Jan/2024:08:50:52 +0800] "GET /xingrg/all/function/internal_message.html?_=1706575852039&CODE_STATE=getMsg HTTP/1.1" 200 27
124.78.154.219 - - [30/Jan/2024:08:50:53 +0800] "POST /xingrg/kc/buy/cgsh_list_operate.html HTTP/1.1" 200 575
124.78.154.219 - - [30/Jan/2024:08:50:58 +0800] "GET /xingrg/kc/buy/cgsh_order_info.html?code=212024013012815 HTTP/1.1" 200 73184
124.78.154.219 - - [30/Jan/2024:08:50:58 +0800] "GET /xingrg/javascript/easyui/themes/default/validatebox.css HTTP/1.1" 404 1104
124.78.154.219 - - [30/Jan/2024:08:50:58 +0800] "GET /xingrg/all/common/auto_word.html?type=employee&rest_code=00106 HTTP/1.1" 200 205
124.78.154.219 - - [30/Jan/2024:08:50:58 +0800] "GET /xingrg/all/common/auto_word.html?type=employee&rest_code=00106 HTTP/1.1" 200 205
124.78.154.219 - - [30/Jan/2024:08:50:59 +0800] "POST /xingrg/kc/buy/cgsh_order_operate.html HTTP/1.1" 200 8636
222.70.168.244 - - [30/Jan/2024:08:51:08 +0800] "GET /xingrg/all/function/internal_message.html?_=1706575873446&CODE_STATE=getMsg HTTP/1.1" 200 27
124.78.154.219 - - [30/Jan/2024:08:51:09 +0800] "GET /xingrg/javascript/auto/indicator.gif HTTP/1.1" 404 1066
116.230.109.177 - - [30/Jan/2024:08:51:11 +0800] "POST /xingrg/services/DataTransmitService HTTP/1.1" 200 524
120.253.135.82 - - [30/Jan/2024:08:51:13 +0800] "GET /xingrg/all/function/internal_message.html?_=1706575698875&CODE_STATE=getMsg HTTP/1.1" 200 27
172.20.0.100 - - [30/Jan/2024:08:51:13 +0800] "GET /xingrg/check_reg.html?_=1706575877825 HTTP/1.1" 200 22
172.20.0.100 - - [30/Jan/2024:08:51:13 +0800] "GET /xingrg/all/function/internal_message.html?_=1706575877826&CODE_STATE=getMsg HTTP/1.1" 200 27
116.238.97.31 - - [30/Jan/2024:08:51:14 +0800] "GET /xingrg/check_reg.html?_=1706575874761 HTTP/1.1" 200 22
116.238.97.31 - - [30/Jan/2024:08:51:14 +0800] "GET /xingrg/all/function/internal_message.html?_=1706575874765&CODE_STATE=getMsg HTTP/1.1" 200 27
124.78.154.219 - - [30/Jan/2024:08:51:16 +0800] "GET /xingrg/all/function/internal_message.html?_=1706575874549&CODE_STATE=getMsg HTTP/1.1" 200 27
124.78.154.219 - - [30/Jan/2024:08:51:18 +0800] "GET /xingrg/kc/buy/cgsh_order_operate.html?command=get_materiel&rest_code=00106&code=00101007061&supplier_code=00100096&order_time=2024-01-30 HTTP/1.1" 200 409
124.78.68.102 - - [30/Jan/2024:08:51:27 +0800] "GET /xingrg/all/function/internal_message.html?_=1706575887914&CODE_STATE=getMsg HTTP/1.1" 200 27
101.83.145.37 - - [30/Jan/2024:08:51:28 +0800] "GET /xingrg/all/function/internal_message.html?_=1706575888812&CODE_STATE=getMsg HTTP/1.1" 200 27
116.238.97.31 - - [30/Jan/2024:08:51:51 +0800] "GET /xingrg/check_reg.html?_=1706575912305 HTTP/1.1" 200 22
114.95.241.104 - - [30/Jan/2024:08:51:52 +0800] "GET /xingrg/all/function/internal_message.html?_=1706575912032&CODE_STATE=getMsg HTTP/1.1" 200 27
116.238.97.31 - - [30/Jan/2024:08:51:56 +0800] "GET /xingrg/kc/base/wldb_order_operate.html?command=get_materiel&rest_code=00102&base_code=0010477&code=00102002321 HTTP/1.1" 200 447
124.78.154.219 - - [30/Jan/2024:08:52:01 +0800] "GET /xingrg/kc/buy/cgsh_order_operate.html?command=get_materiel&rest_code=00106&code=00101007090&supplier_code=00100096&order_time=2024-01-30 HTTP/1.1" 200 413
101.83.145.37 - - [30/Jan/2024:08:52:05 +0800] "POST /xingrg/kc/buy/cgsh_order_operate.html HTTP/1.1" 200 37
116.238.97.31 - - [30/Jan/2024:08:52:06 +0800] "GET /xingrg/kc/base/wldb_order_operate.html?command=get_materiel&rest_code=00102&base_code=0010477&code=00102002367 HTTP/1.1" 200 431
101.83.145.37 - - [30/Jan/2024:08:52:07 +0800] "POST /xingrg/kc/buy/cgsh_order_operate.html HTTP/1.1" 200 26872
222.70.168.244 - - [30/Jan/2024:08:52:08 +0800] "GET /xingrg/all/function/internal_message.html?_=1706575934092&CODE_STATE=getMsg HTTP/1.1" 200 27
120.253.135.82 - - [30/Jan/2024:08:52:12 +0800] "GET /xingrg/check_reg.html?_=1706575758283 HTTP/1.1" 200 22
120.253.135.82 - - [30/Jan/2024:08:52:13 +0800] "GET /xingrg/all/function/internal_message.html?_=1706575758889&CODE_STATE=getMsg HTTP/1.1" 200 27
172.20.0.100 - - [30/Jan/2024:08:52:13 +0800] "GET /xingrg/all/function/internal_message.html?_=1706575937824&CODE_STATE=getMsg HTTP/1.1" 200 27
116.238.97.31 - - [30/Jan/2024:08:52:14 +0800] "GET /xingrg/all/function/internal_message.html?_=1706575934756&CODE_STATE=getMsg HTTP/1.1" 200 27
124.78.154.219 - - [30/Jan/2024:08:52:16 +0800] "GET /xingrg/all/function/internal_message.html?_=1706575934545&CODE_STATE=getMsg HTTP/1.1" 200 27
116.238.97.31 - - [30/Jan/2024:08:52:17 +0800] "GET /xingrg/kc/base/wldb_order_operate.html?command=get_materiel&rest_code=00102&base_code=0010477&code=00102002586 HTTP/1.1" 200 440
124.78.68.102 - - [30/Jan/2024:08:52:27 +0800] "GET /xingrg/all/function/internal_message.html?_=1706575947888&CODE_STATE=getMsg HTTP/1.1" 200 27
101.83.145.37 - - [30/Jan/2024:08:52:28 +0800] "GET /xingrg/check_reg.html?_=1706575948813 HTTP/1.1" 200 22
101.83.145.37 - - [30/Jan/2024:08:52:28 +0800] "GET /xingrg/all/function/internal_message.html?_=1706575948817&CODE_STATE=getMsg HTTP/1.1" 200 27
124.78.154.219 - - [30/Jan/2024:08:52:29 +0800] "GET /xingrg/kc/buy/cgsh_order_operate.html?command=get_materiel&rest_code=00106&code=00101007027&supplier_code=00100096&order_time=2024-01-30 HTTP/1.1" 200 427
114.95.241.104 - - [30/Jan/2024:08:52:52 +0800] "GET /xingrg/check_reg.html?_=1706575972028 HTTP/1.1" 200 22
114.95.241.104 - - [30/Jan/2024:08:52:52 +0800] "GET /xingrg/all/function/internal_message.html?_=1706575972032&CODE_STATE=getMsg HTTP/1.1" 200 27
124.78.154.219 - - [30/Jan/2024:08:52:55 +0800] "POST /xingrg/kc/buy/cgsh_order_operate.html HTTP/1.1" 200 2065
124.78.154.219 - - [30/Jan/2024:08:53:04 +0800] "POST /xingrg/kc/buy/cgsh_order_operate.html HTTP/1.1" 200 37
222.70.168.244 - - [30/Jan/2024:08:53:08 +0800] "GET /xingrg/all/function/internal_message.html?_=1706575994093&CODE_STATE=getMsg HTTP/1.1" 200 27
120.253.135.82 - - [30/Jan/2024:08:53:13 +0800] "GET /xingrg/all/function/internal_message.html?_=1706575818902&CODE_STATE=getMsg HTTP/1.1" 200 27
172.20.0.100 - - [30/Jan/2024:08:53:13 +0800] "GET /xingrg/all/function/internal_message.html?_=1706575997823&CODE_STATE=getMsg HTTP/1.1" 200 27
116.238.97.31 - - [30/Jan/2024:08:53:14 +0800] "GET /xingrg/all/function/internal_message.html?_=1706575994752&CODE_STATE=getMsg HTTP/1.1" 200 27
124.78.154.219 - - [30/Jan/2024:08:53:18 +0800] "POST /xingrg/kc/buy/cgsh_order_operate.html HTTP/1.1" 200 11022
124.78.68.102 - - [30/Jan/2024:08:53:27 +0800] "GET /xingrg/all/function/internal_message.html?_=1706576007867&CODE_STATE=getMsg HTTP/1.1" 200 27
101.83.145.37 - - [30/Jan/2024:08:53:28 +0800] "GET /xingrg/all/function/internal_message.html?_=1706576008813&CODE_STATE=getMsg HTTP/1.1" 200 27
114.95.241.104 - - [30/Jan/2024:08:53:52 +0800] "GET /xingrg/all/function/internal_message.html?_=1706576032022&CODE_STATE=getMsg HTTP/1.1" 200 27
124.78.154.219 - - [30/Jan/2024:08:54:06 +0800] "GET /xingrg/kc/print/load_config.html?kc_code=cgsh HTTP/1.1" 200 1927
124.78.154.219 - - [30/Jan/2024:08:54:06 +0800] "GET /xingrg/kc/print/load_data.html?order_code=212024013012815&kc_code=cgsh HTTP/1.1" 200 3852
222.70.168.244 - - [30/Jan/2024:08:54:07 +0800] "GET /xingrg/check_reg.html?_=1706576053325 HTTP/1.1" 200 22
222.70.168.244 - - [30/Jan/2024:08:54:08 +0800] "GET /xingrg/all/function/internal_message.html?_=1706576054108&CODE_STATE=getMsg HTTP/1.1" 200 27
114.95.241.104 - - [30/Jan/2024:08:54:11 +0800] "GET /xingrg/check_reg.html?_=1706576050831 HTTP/1.1" 200 22
114.95.241.104 - - [30/Jan/2024:08:54:11 +0800] "GET /xingrg/all/function/internal_message.html?_=1706576050829&CODE_STATE=getMsg HTTP/1.1" 200 27
114.95.241.104 - - [30/Jan/2024:08:54:12 +0800] "POST /xingrg/kc/buy/cgsh_order_operate.html HTTP/1.1" 200 32871
120.253.135.82 - - [30/Jan/2024:08:54:13 +0800] "GET /xingrg/all/function/internal_message.html?_=1706575878915&CODE_STATE=getMsg HTTP/1.1" 200 27
172.20.0.100 - - [30/Jan/2024:08:54:13 +0800] "GET /xingrg/all/function/internal_message.html?_=1706576057821&CODE_STATE=getMsg HTTP/1.1" 200 27
116.238.97.31 - - [30/Jan/2024:08:54:14 +0800] "GET /xingrg/all/function/internal_message.html?_=1706576054753&CODE_STATE=getMsg HTTP/1.1" 200 27
114.95.241.104 - - [30/Jan/2024:08:54:20 +0800] "POST /xingrg/kc/buy/cgsh_order_operate.html HTTP/1.1" 200 37
124.78.68.102 - - [30/Jan/2024:08:54:27 +0800] "GET /xingrg/all/function/internal_message.html?_=1706576067842&CODE_STATE=getMsg HTTP/1.1" 200 27
101.83.145.37 - - [30/Jan/2024:08:54:28 +0800] "GET /xingrg/all/function/internal_message.html?_=1706576068881&CODE_STATE=getMsg HTTP/1.1" 200 27
114.95.241.104 - - [30/Jan/2024:08:54:31 +0800] "POST /xingrg/kc/buy/cgsh_order_operate.html HTTP/1.1" 200 12
124.78.154.219 - - [30/Jan/2024:08:54:31 +0800] "GET /xingrg/all/function/internal_message.html?_=1706576068994&CODE_STATE=getMsg HTTP/1.1" 200 27
114.95.241.104 - - [30/Jan/2024:08:54:33 +0800] "GET /xingrg/kc/buy/cgsh_order_info.html?code=212024013012813 HTTP/1.1" 200 68154
114.95.241.104 - - [30/Jan/2024:08:54:33 +0800] "GET /xingrg/javascript/easyui/themes/default/validatebox.css HTTP/1.1" 404 1104
114.95.241.104 - - [30/Jan/2024:08:54:34 +0800] "POST /xingrg/kc/buy/cgsh_order_operate.html HTTP/1.1" 200 30810
114.95.241.104 - - [30/Jan/2024:08:54:36 +0800] "GET /xingrg/kc/print/load_config.html?kc_code=cgsh HTTP/1.1" 200 1927
114.95.241.104 - - [30/Jan/2024:08:54:36 +0800] "GET /xingrg/kc/print/load_data.html?order_code=212024013012813&kc_code=cgsh&condition= HTTP/1.1" 200 12188
114.95.241.104 - - [30/Jan/2024:08:54:52 +0800] "GET /xingrg/all/function/internal_message.html?_=1706576092036&CODE_STATE=getMsg HTTP/1.1" 200 27
101.83.145.37 - - [30/Jan/2024:08:55:03 +0800] "GET /xingrg/kc/print/load_config.html?kc_code=cgsh HTTP/1.1" 200 1927
101.83.145.37 - - [30/Jan/2024:08:55:04 +0800] "GET /xingrg/kc/print/load_data.html?order_code=212024013012816&kc_code=cgsh&condition= HTTP/1.1" 200 9856
222.70.168.244 - - [30/Jan/2024:08:55:08 +0800] "GET /xingrg/all/function/internal_message.html?_=1706576114121&CODE_STATE=getMsg HTTP/1.1" 200 27
120.253.135.82 - - [30/Jan/2024:08:55:13 +0800] "GET /xingrg/all/function/internal_message.html?_=1706575938930&CODE_STATE=getMsg HTTP/1.1" 200 27
172.20.0.100 - - [30/Jan/2024:08:55:13 +0800] "GET /xingrg/all/function/internal_message.html?_=1706576117820&CODE_STATE=getMsg HTTP/1.1" 200 27
116.238.97.31 - - [30/Jan/2024:08:55:14 +0800] "GET /xingrg/all/function/internal_message.html?_=1706576114751&CODE_STATE=getMsg HTTP/1.1" 200 27
124.78.154.219 - - [30/Jan/2024:08:55:16 +0800] "GET /xingrg/check_reg.html?_=1706576114552 HTTP/1.1" 200 22
120.253.135.82 - - [30/Jan/2024:08:55:22 +0800] "GET /xingrg/kc/buy/cgsh_order_list.html HTTP/1.1" 200 57403
120.253.135.82 - - [30/Jan/2024:08:55:24 +0800] "POST /xingrg/kc/buy/cgsh_list_operate.html HTTP/1.1" 200 986
124.78.68.102 - - [30/Jan/2024:08:55:27 +0800] "GET /xingrg/all/function/internal_message.html?_=1706576127817&CODE_STATE=getMsg HTTP/1.1" 200 27
101.83.145.37 - - [30/Jan/2024:08:55:28 +0800] "GET /xingrg/all/function/internal_message.html?_=1706576128822&CODE_STATE=getMsg HTTP/1.1" 200 27
120.253.135.82 - - [30/Jan/2024:08:55:30 +0800] "GET /xingrg/kc/pszx/mdqp_order_list.html?state=10 HTTP/1.1" 200 11164
120.253.135.82 - - [30/Jan/2024:08:55:30 +0800] "GET /xingrg/dwr/interface/AjaxQqpsService.js HTTP/1.1" 200 16326
120.253.135.82 - - [30/Jan/2024:08:55:30 +0800] "GET /xingrg/dwr/engine.js HTTP/1.1" 200 43631
120.253.135.82 - - [30/Jan/2024:08:55:30 +0800] "GET /xingrg/dwr/interface/AjaxReportQueryService.js HTTP/1.1" 200 13203
124.78.154.219 - - [30/Jan/2024:08:55:31 +0800] "GET /xingrg/all/function/internal_message.html?_=1706576128969&CODE_STATE=getMsg HTTP/1.1" 200 27
124.78.68.102 - - [30/Jan/2024:08:55:44 +0800] "GET /xingrg/check_reg.html?_=1706576144369 HTTP/1.1" 200 22
114.95.241.104 - - [30/Jan/2024:08:55:52 +0800] "GET /xingrg/all/function/internal_message.html?_=1706576152030&CODE_STATE=getMsg HTTP/1.1" 200 27
222.70.168.244 - - [30/Jan/2024:08:56:08 +0800] "GET /xingrg/all/function/internal_message.html?_=1706576174135&CODE_STATE=getMsg HTTP/1.1" 200 27
120.253.135.82 - - [30/Jan/2024:08:56:13 +0800] "GET /xingrg/all/function/internal_message.html?_=1706575998943&CODE_STATE=getMsg HTTP/1.1" 200 27
172.20.0.100 - - [30/Jan/2024:08:56:13 +0800] "GET /xingrg/all/function/internal_message.html?_=1706576177818&CODE_STATE=getMsg HTTP/1.1" 200 27
172.20.0.100 - - [30/Jan/2024:08:56:13 +0800] "GET /xingrg/check_reg.html?_=1706576177819 HTTP/1.1" 200 22
116.238.97.31 - - [30/Jan/2024:08:56:14 +0800] "GET /xingrg/all/function/internal_message.html?_=1706576174763&CODE_STATE=getMsg HTTP/1.1" 200 27
116.238.97.31 - - [30/Jan/2024:08:56:14 +0800] "GET /xingrg/check_reg.html?_=1706576174767 HTTP/1.1" 200 22
180.163.28.143 - - [30/Jan/2024:08:56:16 +0800] "GET /xingrg/check_reg.html?_=1706576114552 HTTP/1.1" 302 -
180.163.28.143 - - [30/Jan/2024:08:56:17 +0800] "GET /xingrg/login.html HTTP/1.1" 200 7641
124.78.68.102 - - [30/Jan/2024:08:56:27 +0800] "GET /xingrg/all/function/internal_message.html?_=1706576187807&CODE_STATE=getMsg HTTP/1.1" 200 27
101.83.145.37 - - [30/Jan/2024:08:56:28 +0800] "GET /xingrg/all/function/internal_message.html?_=1706576188836&CODE_STATE=getMsg HTTP/1.1" 200 27
124.78.154.219 - - [30/Jan/2024:08:56:31 +0800] "GET /xingrg/all/function/internal_message.html?_=1706576188943&CODE_STATE=getMsg HTTP/1.1" 200 27
116.238.97.31 - - [30/Jan/2024:08:56:51 +0800] "GET /xingrg/check_reg.html?_=1706576212282 HTTP/1.1" 200 22
114.95.241.104 - - [30/Jan/2024:08:56:52 +0800] "GET /xingrg/all/function/internal_message.html?_=1706576212030&CODE_STATE=getMsg HTTP/1.1" 200 27
222.70.168.244 - - [30/Jan/2024:08:57:09 +0800] "GET /xingrg/all/function/internal_message.html?_=1706576234906&CODE_STATE=getMsg HTTP/1.1" 200 27
120.253.135.82 - - [30/Jan/2024:08:57:12 +0800] "GET /xingrg/check_reg.html?_=1706576058322 HTTP/1.1" 200 22
120.253.135.82 - - [30/Jan/2024:08:57:13 +0800] "GET /xingrg/all/function/internal_message.html?_=1706576058956&CODE_STATE=getMsg HTTP/1.1" 200 27
172.20.0.100 - - [30/Jan/2024:08:57:13 +0800] "GET /xingrg/all/function/internal_message.html?_=1706576237826&CODE_STATE=getMsg HTTP/1.1" 200 27
116.238.97.31 - - [30/Jan/2024:08:57:14 +0800] "GET /xingrg/all/function/internal_message.html?_=1706576234755&CODE_STATE=getMsg HTTP/1.1" 200 27
116.230.123.222 - - [30/Jan/2024:08:57:25 +0800] "GET /favicon.ico HTTP/1.1" 404 -
124.78.68.102 - - [30/Jan/2024:08:57:27 +0800] "GET /xingrg/all/function/internal_message.html?_=1706576247781&CODE_STATE=getMsg HTTP/1.1" 200 27
101.83.145.37 - - [30/Jan/2024:08:57:28 +0800] "GET /xingrg/all/function/internal_message.html?_=1706576248839&CODE_STATE=getMsg HTTP/1.1" 200 27
101.83.145.37 - - [30/Jan/2024:08:57:28 +0800] "GET /xingrg/check_reg.html?_=1706576248836 HTTP/1.1" 200 22
180.163.30.85 - - [30/Jan/2024:08:57:31 +0800] "GET /xingrg/all/function/internal_message.html?_=1706576188943&CODE_STATE=getMsg HTTP/1.1" 302 -
124.78.154.219 - - [30/Jan/2024:08:57:31 +0800] "GET /xingrg/all/function/internal_message.html?_=1706576248914&CODE_STATE=getMsg HTTP/1.1" 200 27
180.163.30.85 - - [30/Jan/2024:08:57:31 +0800] "GET /xingrg/login.html HTTP/1.1" 200 7641
114.95.241.104 - - [30/Jan/2024:08:57:52 +0800] "GET /xingrg/check_reg.html?_=1706576272018 HTTP/1.1" 200 22
114.95.241.104 - - [30/Jan/2024:08:57:52 +0800] "GET /xingrg/all/function/internal_message.html?_=1706576272022&CODE_STATE=getMsg HTTP/1.1" 200 27
222.70.168.244 - - [30/Jan/2024:08:58:09 +0800] "GET /xingrg/all/function/internal_message.html?_=1706576294911&CODE_STATE=getMsg HTTP/1.1" 200 27
120.253.135.82 - - [30/Jan/2024:08:58:13 +0800] "GET /xingrg/all/function/internal_message.html?_=1706576118970&CODE_STATE=getMsg HTTP/1.1" 200 27
172.20.0.100 - - [30/Jan/2024:08:58:13 +0800] "GET /xingrg/all/function/internal_message.html?_=1706576297825&CODE_STATE=getMsg HTTP/1.1" 200 27
116.238.97.31 - - [30/Jan/2024:08:58:14 +0800] "GET /xingrg/all/function/internal_message.html?_=1706576294773&CODE_STATE=getMsg HTTP/1.1" 200 27
124.78.68.102 - - [30/Jan/2024:08:58:27 +0800] "GET /xingrg/all/function/internal_message.html?_=1706576307764&CODE_STATE=getMsg HTTP/1.1" 200 27
101.83.145.37 - - [30/Jan/2024:08:58:28 +0800] "GET /xingrg/all/function/internal_message.html?_=1706576308823&CODE_STATE=getMsg HTTP/1.1" 200 27
124.78.154.219 - - [30/Jan/2024:08:58:31 +0800] "GET /xingrg/all/function/internal_message.html?_=1706576308888&CODE_STATE=getMsg HTTP/1.1" 200 27
180.163.29.79 - - [30/Jan/2024:08:58:32 +0800] "GET /xingrg/all/function/internal_message.html?_=1706576248914&CODE_STATE=getMsg HTTP/1.1" 302 -
180.163.29.79 - - [30/Jan/2024:08:58:32 +0800] "GET /xingrg/login.html HTTP/1.1" 200 7641
116.238.97.31 - - [30/Jan/2024:08:58:35 +0800] "GET /favicon.ico HTTP/1.1" 404 -
116.238.97.31 - - [30/Jan/2024:08:58:41 +0800] "GET /xingrg/kc/report/report_main.html HTTP/1.1" 200 7340
116.238.97.31 - - [30/Jan/2024:08:58:41 +0800] "GET /xingrg/css/blue.css HTTP/1.1" 200 15949
116.238.97.31 - - [30/Jan/2024:08:58:41 +0800] "GET /xingrg/javascript/jquery-1.4.2.min.js HTTP/1.1" 200 72205
116.238.97.31 - - [30/Jan/2024:08:58:41 +0800] "GET /xingrg/javascript/json2.js HTTP/1.1" 200 11259
116.238.97.31 - - [30/Jan/2024:08:58:41 +0800] "GET /xingrg/javascript/pic_change.js HTTP/1.1" 200 4739
116.238.97.31 - - [30/Jan/2024:08:58:41 +0800] "GET /xingrg/javascript/jquery_ui/themes/humanity/humanity.css HTTP/1.1" 200 27801
116.238.97.31 - - [30/Jan/2024:08:58:41 +0800] "GET /xingrg/javascript/myfunction.js HTTP/1.1" 200 24559
116.238.97.31 - - [30/Jan/2024:08:58:41 +0800] "GET /xingrg/javascript/jquery_easy_ui/themes/default/easyui.css HTTP/1.1" 200 26500
116.238.97.31 - - [30/Jan/2024:08:58:41 +0800] "GET /xingrg/javascript/jquery_easy_ui/themes/icon.css HTTP/1.1" 200 3949
116.238.97.31 - - [30/Jan/2024:08:58:42 +0800] "GET /xingrg/javascript/jquery_easy_ui/themes/icons/back_new.png HTTP/1.1" 200 3414
116.238.97.31 - - [30/Jan/2024:08:58:43 +0800] "GET /xingrg/kc/base/crk_hz.html HTTP/1.1" 200 11247
116.238.97.31 - - [30/Jan/2024:08:58:43 +0800] "GET /xingrg/javascript/step/step.css HTTP/1.1" 200 999
116.238.97.31 - - [30/Jan/2024:08:58:43 +0800] "GET /xingrg/css/table.css HTTP/1.1" 200 3684
116.238.97.31 - - [30/Jan/2024:08:58:43 +0800] "GET /xingrg/javascript/jquery_easy_ui/jquery.easyui.min.js HTTP/1.1" 200 213662
116.238.97.31 - - [30/Jan/2024:08:58:43 +0800] "GET /xingrg/javascript/jquery_easy_ui/easyui-lang-zh_CN.js HTTP/1.1" 200 1900
116.238.97.31 - - [30/Jan/2024:08:58:43 +0800] "GET /xingrg/javascript/jquery.utils.js HTTP/1.1" 200 11805
116.238.97.31 - - [30/Jan/2024:08:58:43 +0800] "POST /xingrg/kc/cost/cost_operate.html?command=get_base_tree HTTP/1.1" 200 2589
116.238.97.31 - - [30/Jan/2024:08:58:43 +0800] "GET /xingrg/javascript/jquery_easy_ui/themes/default/images/button_a_bg.gif HTTP/1.1" 200 1194
116.238.97.31 - - [30/Jan/2024:08:58:43 +0800] "GET /xingrg/javascript/jquery_easy_ui/themes/default/images/button_span_bg.gif HTTP/1.1" 200 2061
116.238.97.31 - - [30/Jan/2024:08:58:43 +0800] "GET /xingrg/javascript/jquery_easy_ui/themes/icons/search.png HTTP/1.1" 200 813
116.238.97.31 - - [30/Jan/2024:08:58:43 +0800] "GET /xingrg/javascript/jquery_easy_ui/themes/default/images/menu_downarrow.png HTTP/1.1" 200 173
116.238.97.31 - - [30/Jan/2024:08:58:43 +0800] "GET /xingrg/javascript/jquery_easy_ui/themes/icons/print.png HTTP/1.1" 200 1057
116.238.97.31 - - [30/Jan/2024:08:58:43 +0800] "GET /xingrg/javascript/jquery_easy_ui/themes/default/images/menu.gif HTTP/1.1" 200 834
116.238.97.31 - - [30/Jan/2024:08:58:43 +0800] "GET /xingrg/javascript/jquery_easy_ui/themes/default/images/combo_arrow_dot.gif HTTP/1.1" 200 79
116.238.97.31 - - [30/Jan/2024:08:58:43 +0800] "GET /xingrg/javascript/jquery_easy_ui/themes/default/images/calendar_prevmonth.gif HTTP/1.1" 200 66
116.238.97.31 - - [30/Jan/2024:08:58:43 +0800] "GET /xingrg/javascript/jquery_easy_ui/themes/default/images/calendar_nextmonth.gif HTTP/1.1" 200 64
116.238.97.31 - - [30/Jan/2024:08:58:43 +0800] "GET /xingrg/javascript/jquery_easy_ui/themes/default/images/calendar_prevyear.gif HTTP/1.1" 200 76
116.238.97.31 - - [30/Jan/2024:08:58:43 +0800] "POST /xingrg/all/common/load_tree.html?tree=materiel_sort_tree_json HTTP/1.1" 200 9734
116.238.97.31 - - [30/Jan/2024:08:58:43 +0800] "GET /xingrg/javascript/jquery_easy_ui/themes/default/images/calendar_nextyear.gif HTTP/1.1" 200 75
116.238.97.31 - - [30/Jan/2024:08:58:43 +0800] "GET /xingrg/javascript/jquery_easy_ui/themes/default/images/tree_checkbox_0.gif HTTP/1.1" 200 168
114.95.241.104 - - [30/Jan/2024:08:58:52 +0800] "GET /xingrg/all/function/internal_message.html?_=1706576332030&CODE_STATE=getMsg HTTP/1.1" 200 27
116.238.97.31 - - [30/Jan/2024:08:58:58 +0800] "GET /xingrg/javascript/jquery_easy_ui/themes/default/images/tree_checkbox_1.gif HTTP/1.1" 200 174
116.238.97.31 - - [30/Jan/2024:08:58:58 +0800] "GET /xingrg/javascript/jquery_easy_ui/themes/default/images/tree_checkbox_2.gif HTTP/1.1" 200 181
116.238.97.31 - - [30/Jan/2024:08:58:58 +0800] "GET /xingrg/login.html HTTP/1.1" 200 2139
116.238.97.31 - - [30/Jan/2024:08:58:58 +0800] "GET /xingrg/javascript/mobile/jquery.mobile-1.3.2.min.css HTTP/1.1" 200 94670
116.238.97.31 - - [30/Jan/2024:08:58:58 +0800] "GET /xingrg/javascript/mobile/jquery-1.8.3.min.js HTTP/1.1" 200 93637
116.238.97.31 - - [30/Jan/2024:08:58:58 +0800] "GET /xingrg/javascript/mobile/jquery.mobile-1.3.2.min.js HTTP/1.1" 200 145396
116.238.97.31 - - [30/Jan/2024:08:58:58 +0800] "GET /xingrg/javascript/mobile/images/ajax-loader.gif HTTP/1.1" 200 7825
116.238.97.31 - - [30/Jan/2024:08:59:02 +0800] "GET /xingrg/kc/base/crk_hz.html?_=1706576342942&command=get_cost_id&end_date=2024-01-29&start_date=2024-01-01 HTTP/1.1" 200 51
116.238.97.31 - - [30/Jan/2024:08:59:02 +0800] "GET /xingrg/all/report/report_query.html?isQuery=1&onlyBody=1&rh=99999&rw=1800&varString=start:20240101,cost_id:4842,mid:20240101&fileName=kc/base/crk_hz_type_by_base.xml&queryString=%20a.base_code%20in%20('0010490')%20%20and%20m.sort_code%20in%20('00101001','00101002','00101003','00101004','00101005','00101006','00101007','00101008','00101009','00101010','00101011','00101012','00101013','00101014','00101015','00101016','00101017','00101018','00101019','00101020','00101021','00101022','00101023','00101024','00101025','00101026','00101027','00101028','00101029','00101030','00101031','00101032','00101033','00101034','00101036','00101037','00101038','00101039','00101040','00101041','00101042','00101043','00101044','00101045')%20&queryText=ÈÕÆÚ£º2024-01-01ÖÁ2024-01-29%20²Ö¿â£ºÔ±¹¤²Í&tableQueryString=materiel_table$sp1$$sp$before_table$sp1$$sp$crk_table$sp1$order_day%20between%2020240101%20and%2020240129 HTTP/1.1" 200 49907
116.238.97.31 - - [30/Jan/2024:08:59:02 +0800] "GET /xingrg/javascript/multi_select/jqueryMultiSelect.css HTTP/1.1" 200 951
116.238.97.31 - - [30/Jan/2024:08:59:02 +0800] "GET /xingrg/javascript/calendar/timePicker.css HTTP/1.1" 200 523
116.238.97.31 - - [30/Jan/2024:08:59:02 +0800] "GET /xingrg/css/form.css HTTP/1.1" 200 893
116.238.97.31 - - [30/Jan/2024:08:59:02 +0800] "GET /xingrg/javascript/bigrid/fix.css HTTP/1.1" 200 1702
116.238.97.31 - - [30/Jan/2024:08:59:02 +0800] "GET /xingrg/dwr/interface/AjaxReportQueryService.js HTTP/1.1" 200 13203
116.238.97.31 - - [30/Jan/2024:08:59:02 +0800] "GET /xingrg/dwr/engine.js HTTP/1.1" 200 43631
116.238.97.31 - - [30/Jan/2024:08:59:02 +0800] "GET /xingrg/dwr/util.js HTTP/1.1" 200 35990
116.238.97.31 - - [30/Jan/2024:08:59:02 +0800] "GET /xingrg/javascript/jqueryMultiSelect.js HTTP/1.1" 200 11866
116.238.97.31 - - [30/Jan/2024:08:59:02 +0800] "GET /xingrg/javascript/Calendar.js HTTP/1.1" 200 31561
116.238.97.31 - - [30/Jan/2024:08:59:02 +0800] "GET /xingrg/javascript/calendar/jquery.timePicker.min.js HTTP/1.1" 200 2997
116.238.97.31 - - [30/Jan/2024:08:59:02 +0800] "GET /xingrg/javascript/bigrid/fix.js HTTP/1.1" 200 6439
116.238.97.31 - - [30/Jan/2024:08:59:02 +0800] "GET /xingrg/images/control/loading.gif HTTP/1.1" 200 13463
116.238.97.31 - - [30/Jan/2024:08:59:02 +0800] "GET /xingrg/images/blue/button/advanceover.gif HTTP/1.1" 200 1347
116.238.97.31 - - [30/Jan/2024:08:59:02 +0800] "GET /xingrg/images/blue/button/advance2over.gif HTTP/1.1" 200 1336
116.238.97.31 - - [30/Jan/2024:08:59:02 +0800] "GET /xingrg/images/blue/button/back2over.gif HTTP/1.1" 200 1335
116.238.97.31 - - [30/Jan/2024:08:59:02 +0800] "GET /xingrg/images/blue/button/backover.gif HTTP/1.1" 200 1348
116.238.97.31 - - [30/Jan/2024:08:59:02 +0800] "GET /xingrg/javascript/jquery_easy_ui/themes/icons/help.png HTTP/1.1" 200 1187
116.238.97.31 - - [30/Jan/2024:08:59:04 +0800] "GET /xingrg/login.html HTTP/1.1" 200 7641
116.238.97.31 - - [30/Jan/2024:08:59:05 +0800] "POST /xingrg/all/report/load_report_page.html HTTP/1.1" 200 94665
116.238.97.31 - - [30/Jan/2024:08:59:05 +0800] "GET /favicon.ico HTTP/1.1" 404 -
116.238.97.31 - - [30/Jan/2024:08:59:05 +0800] "GET /xingrg/servlets/image?cache=0.9513207862196633&image=px HTTP/1.1" 200 807
116.238.97.31 - - [30/Jan/2024:08:59:08 +0800] "POST /xingrg/login.do HTTP/1.1" 302 -
222.70.168.244 - - [30/Jan/2024:08:59:08 +0800] "GET /xingrg/check_reg.html?_=1706576354153 HTTP/1.1" 200 22
116.238.97.31 - - [30/Jan/2024:08:59:08 +0800] "GET /xingrg/index.html?sysBaseUrl=http%3A%2F%2F180.169.147.146%3A18081%2Fxingrg%2F&costTime=844×tamp=1706576348640 HTTP/1.1" 200 17503
116.238.97.31 - - [30/Jan/2024:08:59:09 +0800] "GET /favicon.ico HTTP/1.1" 404 -
116.238.97.31 - - [30/Jan/2024:08:59:09 +0800] "POST /xingrg/all/common/load_tree.html?tree=area_rest_tree_json&manage=1 HTTP/1.1" 200 3624
222.70.168.244 - - [30/Jan/2024:08:59:09 +0800] "GET /xingrg/all/function/internal_message.html?_=1706576354924&CODE_STATE=getMsg HTTP/1.1" 200 27
116.238.97.31 - - [30/Jan/2024:08:59:09 +0800] "GET /xingrg/all/function/internal_message.html?_=1706576351862&CODE_STATE=count HTTP/1.1" 200 11
116.238.97.31 - - [30/Jan/2024:08:59:09 +0800] "GET /xingrg/check_reg.html?_=1706576351863 HTTP/1.1" 200 22
116.238.97.31 - - [30/Jan/2024:08:59:09 +0800] "POST /xingrg/load_menu.html HTTP/1.1" 200 11443
120.253.135.82 - - [30/Jan/2024:08:59:13 +0800] "GET /xingrg/all/function/internal_message.html?_=1706576178984&CODE_STATE=getMsg HTTP/1.1" 200 27
172.20.0.100 - - [30/Jan/2024:08:59:13 +0800] "GET /xingrg/all/function/internal_message.html?_=1706576357823&CODE_STATE=getMsg HTTP/1.1" 200 27
116.238.97.31 - - [30/Jan/2024:08:59:14 +0800] "GET /xingrg/all/function/internal_message.html?_=1706576354763&CODE_STATE=getMsg HTTP/1.1" 200 27
116.238.97.31 - - [30/Jan/2024:08:59:15 +0800] "POST /xingrg/all/user/operate.html HTTP/1.1" 200 36
116.238.97.31 - - [30/Jan/2024:08:59:15 +0800] "GET /xingrg/index.html?sysBaseUrl=http%3A%2F%2F180.169.147.146%3A18081%2Fxingrg%2F&costTime=844×tamp=1706576348640 HTTP/1.1" 200 17503
116.238.97.31 - - [30/Jan/2024:08:59:15 +0800] "GET /xingrg/javascript/jquery_easy_ui/themes/default/easyui.css HTTP/1.1" 304 -
116.238.97.31 - - [30/Jan/2024:08:59:15 +0800] "GET /xingrg/javascript/jquery_easy_ui/themes/icon.css HTTP/1.1" 304 -
116.238.97.31 - - [30/Jan/2024:08:59:15 +0800] "GET /xingrg/css/form.css HTTP/1.1" 304 -
116.238.97.31 - - [30/Jan/2024:08:59:15 +0800] "GET /xingrg/javascript/jquery-1.4.2.min.js HTTP/1.1" 304 -
116.238.97.31 - - [30/Jan/2024:08:59:15 +0800] "GET /xingrg/javascript/jquery_easy_ui/jquery.easyui.min.js HTTP/1.1" 304 -
116.238.97.31 - - [30/Jan/2024:08:59:15 +0800] "GET /xingrg/javascript/jquery_easy_ui/easyui-lang-zh_CN.js HTTP/1.1" 304 -
116.238.97.31 - - [30/Jan/2024:08:59:15 +0800] "GET /xingrg/javascript/jquery.form.js HTTP/1.1" 304 -
116.238.97.31 - - [30/Jan/2024:08:59:15 +0800] "GET /xingrg/javascript/jquery.utils.js HTTP/1.1" 304 -
116.238.97.31 - - [30/Jan/2024:08:59:15 +0800] "GET /xingrg/javascript/jquery.timers.js HTTP/1.1" 304 -
116.238.97.31 - - [30/Jan/2024:08:59:15 +0800] "GET /xingrg/images/blue/jxLogo.png HTTP/1.1" 304 -
116.238.97.31 - - [30/Jan/2024:08:59:15 +0800] "GET /xingrg/images/blue/navBackgound.jpg HTTP/1.1" 304 -
116.238.97.31 - - [30/Jan/2024:08:59:15 +0800] "GET /xingrg/javascript/jquery_easy_ui/themes/icons/settle_new.png HTTP/1.1" 304 -
116.238.97.31 - - [30/Jan/2024:08:59:16 +0800] "GET /xingrg/all/function/internal_message.html?_=1706576358468&CODE_STATE=count HTTP/1.1" 200 11
116.238.97.31 - - [30/Jan/2024:08:59:16 +0800] "GET /xingrg/check_reg.html?_=1706576358469 HTTP/1.1" 200 22
116.238.97.31 - - [30/Jan/2024:08:59:16 +0800] "GET /xingrg/javascript/jquery_easy_ui/themes/default/images/tabs_leftarrow.png HTTP/1.1" 304 -
116.238.97.31 - - [30/Jan/2024:08:59:16 +0800] "GET /xingrg/javascript/jquery_easy_ui/themes/default/images/panel_tool_expand.gif HTTP/1.1" 304 -
116.238.97.31 - - [30/Jan/2024:08:59:16 +0800] "GET /xingrg/javascript/jquery_easy_ui/themes/default/images/panel_tool_collapse.gif HTTP/1.1" 304 -
116.238.97.31 - - [30/Jan/2024:08:59:16 +0800] "POST /xingrg/all/common/load_tree.html?tree=area_rest_tree_json&manage=1 HTTP/1.1" 200 3624
116.238.97.31 - - [30/Jan/2024:08:59:16 +0800] "GET /xingrg/javascript/jquery_easy_ui/themes/default/images/tabs_rightarrow.png HTTP/1.1" 304 -
116.238.97.31 - - [30/Jan/2024:08:59:16 +0800] "GET /xingrg/images/blue/pingpu.png HTTP/1.1" 304 -
116.238.97.31 - - [30/Jan/2024:08:59:16 +0800] "POST /xingrg/load_menu.html HTTP/1.1" 200 9959
116.238.97.31 - - [30/Jan/2024:08:59:23 +0800] "GET /xingrg/kc/report/report_main.html HTTP/1.1" 200 7340
116.238.97.31 - - [30/Jan/2024:08:59:25 +0800] "GET /xingrg/kc/buy/cgsh_order_list.html HTTP/1.1" 200 57664
124.78.68.102 - - [30/Jan/2024:08:59:27 +0800] "GET /xingrg/all/function/internal_message.html?_=1706576367736&CODE_STATE=getMsg HTTP/1.1" 200 27
101.83.145.37 - - [30/Jan/2024:08:59:28 +0800] "GET /xingrg/all/function/internal_message.html?_=1706576368822&CODE_STATE=getMsg HTTP/1.1" 200 27
116.238.97.31 - - [30/Jan/2024:08:59:29 +0800] "POST /xingrg/kc/buy/cgsh_list_operate.html HTTP/1.1" 200 986
124.78.154.219 - - [30/Jan/2024:08:59:31 +0800] "GET /xingrg/all/function/internal_message.html?_=1706576368866&CODE_STATE=getMsg HTTP/1.1" 200 27
116.238.97.31 - - [30/Jan/2024:08:59:32 +0800] "GET /xingrg/javascript/jquery_tools/images/prev.gif HTTP/1.1" 404 1086
116.238.97.31 - - [30/Jan/2024:08:59:32 +0800] "GET /xingrg/javascript/jquery_tools/images/next.gif HTTP/1.1" 404 1086
116.238.97.31 - - [30/Jan/2024:08:59:42 +0800] "POST /xingrg/kc/buy/cgsh_list_operate.html HTTP/1.1" 200 6062
116.238.97.31 - - [30/Jan/2024:08:59:51 +0800] "POST /xingrg/kc/buy/cgsh_list_operate.html HTTP/1.1" 200 10328
114.95.241.104 - - [30/Jan/2024:08:59:52 +0800] "GET /xingrg/all/function/internal_message.html?_=1706576392018&CODE_STATE=getMsg HTTP/1.1" 200 27
116.238.97.31 - - [30/Jan/2024:08:59:57 +0800] "POST /xingrg/kc/buy/cgsh_list_operate.html HTTP/1.1" 200 203
116.238.97.31 - - [30/Jan/2024:09:00:00 +0800] "POST /xingrg/kc/buy/cgsh_list_operate.html HTTP/1.1" 200 204
116.238.97.31 - - [30/Jan/2024:09:00:07 +0800] "POST /xingrg/kc/buy/cgsh_list_operate.html HTTP/1.1" 200 4
222.70.168.244 - - [30/Jan/2024:09:00:09 +0800] "GET /xingrg/all/function/internal_message.html?_=1706576414937&CODE_STATE=getMsg HTTP/1.1" 200 27
120.253.135.82 - - [30/Jan/2024:09:00:13 +0800] "GET /xingrg/all/function/internal_message.html?_=1706576239049&CODE_STATE=getMsg HTTP/1.1" 200 27
172.20.0.100 - - [30/Jan/2024:09:00:13 +0800] "GET /xingrg/all/function/internal_message.html?_=1706576417829&CODE_STATE=getMsg HTTP/1.1" 200 27
116.238.97.31 - - [30/Jan/2024:09:00:14 +0800] "GET /xingrg/all/function/internal_message.html?_=1706576414769&CODE_STATE=getMsg HTTP/1.1" 200 27
124.78.154.219 - - [30/Jan/2024:09:00:16 +0800] "GET /xingrg/check_reg.html?_=1706576414548 HTTP/1.1" 200 22
124.78.68.102 - - [30/Jan/2024:09:00:27 +0800] "GET /xingrg/all/function/internal_message.html?_=1706576427709&CODE_STATE=getMsg HTTP/1.1" 200 27
101.83.145.37 - - [30/Jan/2024:09:00:28 +0800] "GET /xingrg/all/function/internal_message.html?_=1706576428823&CODE_STATE=getMsg HTTP/1.1" 200 27
124.78.154.219 - - [30/Jan/2024:09:00:31 +0800] "GET /xingrg/all/function/internal_message.html?_=1706576428841&CODE_STATE=getMsg HTTP/1.1" 200 27
124.78.68.102 - - [30/Jan/2024:09:00:44 +0800] "GET /xingrg/check_reg.html?_=1706576444361 HTTP/1.1" 200 22
114.95.241.104 - - [30/Jan/2024:09:00:52 +0800] "GET /xingrg/all/function/internal_message.html?_=1706576452034&CODE_STATE=getMsg HTTP/1.1" 200 27
222.70.168.244 - - [30/Jan/2024:09:01:09 +0800] "GET /xingrg/all/function/internal_message.html?_=1706576474958&CODE_STATE=getMsg HTTP/1.1" 200 27
120.253.135.82 - - [30/Jan/2024:09:01:13 +0800] "GET /xingrg/all/function/internal_message.html?_=1706576299058&CODE_STATE=getMsg HTTP/1.1" 200 27
172.20.0.100 - - [30/Jan/2024:09:01:13 +0800] "GET /xingrg/check_reg.html?_=1706576477821 HTTP/1.1" 200 22
172.20.0.100 - - [30/Jan/2024:09:01:13 +0800] "GET /xingrg/all/function/internal_message.html?_=1706576477822&CODE_STATE=getMsg HTTP/1.1" 200 27
116.238.97.31 - - [30/Jan/2024:09:01:14 +0800] "GET /xingrg/check_reg.html?_=1706576474769 HTTP/1.1" 200 22
116.238.97.31 - - [30/Jan/2024:09:01:14 +0800] "GET /xingrg/all/function/internal_message.html?_=1706576474770&CODE_STATE=getMsg HTTP/1.1" 200 27
124.78.68.102 - - [30/Jan/2024:09:01:27 +0800] "GET /xingrg/all/function/internal_message.html?_=1706576487696&CODE_STATE=getMsg HTTP/1.1" 200 27
101.83.145.37 - - [30/Jan/2024:09:01:28 +0800] "GET /xingrg/all/function/internal_message.html?_=1706576488826&CODE_STATE=getMsg HTTP/1.1" 200 27
124.78.154.219 - - [30/Jan/2024:09:01:31 +0800] "GET /xingrg/all/function/internal_message.html?_=1706576488827&CODE_STATE=getMsg HTTP/1.1" 200 27
116.230.123.222 - - [30/Jan/2024:09:01:36 +0800] "GET /xingrg/login.html HTTP/1.1" 200 7641
116.230.123.222 - - [30/Jan/2024:09:01:36 +0800] "GET /favicon.ico HTTP/1.1" 404 -
116.230.123.222 - - [30/Jan/2024:09:01:39 +0800] "POST /xingrg/login.do HTTP/1.1" 302 -
116.230.123.222 - - [30/Jan/2024:09:01:39 +0800] "GET /xingrg/index.html?sysBaseUrl=http%3A%2F%2F180.169.147.146%3A18081%2Fxingrg%2F&costTime=819×tamp=1706576499100 HTTP/1.1" 200 17173
116.230.123.222 - - [30/Jan/2024:09:01:39 +0800] "GET /favicon.ico HTTP/1.1" 404 -
116.230.123.222 - - [30/Jan/2024:09:01:39 +0800] "GET /xingrg/check_reg.html?_=1706576498774 HTTP/1.1" 200 22
116.230.123.222 - - [30/Jan/2024:09:01:39 +0800] "GET /xingrg/all/function/internal_message.html?_=1706576498773&CODE_STATE=count HTTP/1.1" 200 11
116.230.123.222 - - [30/Jan/2024:09:01:39 +0800] "POST /xingrg/all/common/load_tree.html?tree=area_rest_tree_json&manage=1 HTTP/1.1" 200 342
116.230.123.222 - - [30/Jan/2024:09:01:39 +0800] "POST /xingrg/load_menu.html HTTP/1.1" 200 5138
