124.78.68.102 - - [30/Jan/2024:10:55:27 +0800] "GET /xingrg/all/function/internal_message.html?_=1706583327768&CODE_STATE=getMsg HTTP/1.1" 200 27
114.83.220.203 - - [30/Jan/2024:10:55:31 +0800] "GET /xingrg/kc/base/wldb_order_operate.html?command=get_materiel&rest_code=00149&base_code=0010395&code=00102001105 HTTP/1.1" 200 434
114.83.220.203 - - [30/Jan/2024:10:55:36 +0800] "GET /xingrg/all/function/internal_message.html?_=1706583334755&CODE_STATE=getMsg HTTP/1.1" 200 27
114.83.220.203 - - [30/Jan/2024:10:55:37 +0800] "GET /xingrg/kc/base/wldb_order_operate.html?command=get_materiel&rest_code=00149&base_code=0010395&code=00102002448 HTTP/1.1" 200 440
222.70.115.1 - - [30/Jan/2024:10:55:37 +0800] "GET /xingrg/all/function/internal_message.html?_=1706583339474&CODE_STATE=getMsg HTTP/1.1" 200 27
222.70.115.1 - - [30/Jan/2024:10:55:37 +0800] "GET /xingrg/check_reg.html?_=1706583339476 HTTP/1.1" 200 22
116.230.123.222 - - [30/Jan/2024:10:55:38 +0800] "GET /xingrg/all/function/internal_message.html?_=1706583337879&CODE_STATE=getMsg HTTP/1.1" 200 27
114.83.220.203 - - [30/Jan/2024:10:55:40 +0800] "GET /xingrg/kc/base/wldb_order_operate.html?command=get_materiel&rest_code=00149&base_code=0010395&code=00102002315 HTTP/1.1" 200 461
124.78.68.102 - - [30/Jan/2024:10:55:44 +0800] "GET /xingrg/check_reg.html?_=1706583344344 HTTP/1.1" 200 22
222.70.168.244 - - [30/Jan/2024:10:55:44 +0800] "GET /xingrg/check_reg.html?_=1706583350104 HTTP/1.1" 200 22
114.83.220.203 - - [30/Jan/2024:10:55:45 +0800] "GET /xingrg/kc/base/wldb_order_operate.html?command=get_materiel&rest_code=00149&base_code=0010395&code=00102002150 HTTP/1.1" 200 448
120.253.135.82 - - [30/Jan/2024:10:55:46 +0800] "GET /xingrg/all/function/internal_message.html?_=1706583172171&CODE_STATE=getMsg HTTP/1.1" 200 27
114.83.220.203 - - [30/Jan/2024:10:55:48 +0800] "GET /xingrg/kc/base/wldb_order_operate.html?command=get_materiel&rest_code=00149&base_code=0010395&code=00102004018 HTTP/1.1" 200 444
114.83.220.203 - - [30/Jan/2024:10:55:52 +0800] "GET /xingrg/kc/base/wldb_order_operate.html?command=get_materiel&rest_code=00149&base_code=0010395&code=00102004006 HTTP/1.1" 200 442
114.95.241.104 - - [30/Jan/2024:10:55:59 +0800] "GET /xingrg/all/function/internal_message.html?_=1706583359188&CODE_STATE=getMsg HTTP/1.1" 200 27
114.95.241.104 - - [30/Jan/2024:10:55:59 +0800] "GET /xingrg/check_reg.html?_=1706583359191 HTTP/1.1" 200 22
222.70.168.244 - - [30/Jan/2024:10:56:07 +0800] "GET /xingrg/all/function/internal_message.html?_=1706583373550&CODE_STATE=getMsg HTTP/1.1" 200 27
180.164.1.25 - - [30/Jan/2024:10:56:09 +0800] "GET /xingrg/all/function/internal_message.html?_=1706583368954&CODE_STATE=getMsg HTTP/1.1" 200 27
101.228.146.191 - - [30/Jan/2024:10:56:10 +0800] "GET /xingrg/all/function/internal_message.html?_=1706583369397&CODE_STATE=getMsg HTTP/1.1" 200 27
101.228.146.191 - - [30/Jan/2024:10:56:10 +0800] "GET /xingrg/check_reg.html?_=1706583369424 HTTP/1.1" 200 22
114.83.220.203 - - [30/Jan/2024:10:56:10 +0800] "POST /xingrg/kc/base/wldb_order_operate.html HTTP/1.1" 200 37
114.83.220.203 - - [30/Jan/2024:10:56:11 +0800] "POST /xingrg/kc/base/wldb_order_operate.html HTTP/1.1" 200 4606
114.83.220.203 - - [30/Jan/2024:10:56:11 +0800] "GET /xingrg/kc/base/wldb_order_info.html?code=422024013003280 HTTP/1.1" 200 30365
114.83.220.203 - - [30/Jan/2024:10:56:12 +0800] "GET /xingrg/javascript/easyui/themes/default/validatebox.css HTTP/1.1" 404 1104
114.83.220.203 - - [30/Jan/2024:10:56:13 +0800] "POST /xingrg/kc/base/wldb_order_operate.html HTTP/1.1" 200 4606
172.20.0.100 - - [30/Jan/2024:10:56:13 +0800] "GET /xingrg/all/function/internal_message.html?_=1706583377898&CODE_STATE=getMsg HTTP/1.1" 200 27
172.20.0.100 - - [30/Jan/2024:10:56:13 +0800] "GET /xingrg/check_reg.html?_=1706583377899 HTTP/1.1" 200 22
114.83.220.203 - - [30/Jan/2024:10:56:15 +0800] "GET /xingrg/kc/base/wldb_order_add.html HTTP/1.1" 200 30350
114.83.220.203 - - [30/Jan/2024:10:56:15 +0800] "POST /xingrg/kc/base/wldb_order_operate.html HTTP/1.1" 200 6806
114.83.220.203 - - [30/Jan/2024:10:56:15 +0800] "GET /xingrg/javascript/easyui/themes/default/validatebox.css HTTP/1.1" 404 1104
180.169.147.146 - - [30/Jan/2024:10:56:15 +0800] "GET /xingrg/all/function/internal_message.html?_=1706583375014&CODE_STATE=getMsg HTTP/1.1" 200 27
124.78.154.219 - - [30/Jan/2024:10:56:16 +0800] "GET /xingrg/all/function/internal_message.html?_=1706583373688&CODE_STATE=getMsg HTTP/1.1" 200 27
101.83.241.3 - - [30/Jan/2024:10:56:21 +0800] "GET /xingrg/all/function/internal_message.html?_=1706583381889&CODE_STATE=getMsg HTTP/1.1" 200 27
114.83.220.203 - - [30/Jan/2024:10:56:21 +0800] "GET /xingrg/kc/base/wldb_order_operate.html?command=get_materiel&rest_code=00149&base_code=0010395&code=00102002204 HTTP/1.1" 200 447
114.95.241.104 - - [30/Jan/2024:10:56:23 +0800] "GET /xingrg/check_reg.html?_=1706583383329 HTTP/1.1" 200 22
114.95.241.104 - - [30/Jan/2024:10:56:23 +0800] "GET /xingrg/all/function/internal_message.html?_=1706583383333&CODE_STATE=getMsg HTTP/1.1" 200 27
116.238.97.31 - - [30/Jan/2024:10:56:25 +0800] "GET /xingrg/all/function/internal_message.html?_=1706583385609&CODE_STATE=getMsg HTTP/1.1" 200 27
116.230.123.222 - - [30/Jan/2024:10:56:26 +0800] "GET /xingrg/kc/buy/cgsh_order_operate.html?command=get_materiel&rest_code=00111&code=00101006067&supplier_code=00100042&order_time=2024-01-30 HTTP/1.1" 200 409
124.78.154.219 - - [30/Jan/2024:10:56:27 +0800] "GET /xingrg/kc/buy/buy_main.html HTTP/1.1" 200 12412
124.78.154.219 - - [30/Jan/2024:10:56:27 +0800] "GET /xingrg/css/new_ie.css HTTP/1.1" 404 1036
124.78.68.102 - - [30/Jan/2024:10:56:27 +0800] "GET /xingrg/all/function/internal_message.html?_=1706583387744&CODE_STATE=getMsg HTTP/1.1" 200 27
124.78.154.219 - - [30/Jan/2024:10:56:27 +0800] "GET /xingrg/images/yd/bt.gif HTTP/1.1" 404 1040
124.78.154.219 - - [30/Jan/2024:10:56:28 +0800] "GET /xingrg/kc/buy/cgsh_order_list.html HTTP/1.1" 200 57403
114.83.220.203 - - [30/Jan/2024:10:56:29 +0800] "GET /xingrg/kc/base/wldb_order_operate.html?command=get_materiel&rest_code=00149&base_code=0010395&code=00102002238 HTTP/1.1" 200 434
124.78.154.219 - - [30/Jan/2024:10:56:33 +0800] "POST /xingrg/kc/buy/cgsh_list_operate.html HTTP/1.1" 200 1869
114.83.220.203 - - [30/Jan/2024:10:56:36 +0800] "GET /xingrg/all/function/internal_message.html?_=1706583394732&CODE_STATE=getMsg HTTP/1.1" 200 27
222.70.115.1 - - [30/Jan/2024:10:56:37 +0800] "GET /xingrg/all/function/internal_message.html?_=1706583399505&CODE_STATE=getMsg HTTP/1.1" 200 27
114.83.220.203 - - [30/Jan/2024:10:56:37 +0800] "GET /xingrg/check_reg.html?_=1706583396382 HTTP/1.1" 200 22
116.230.123.222 - - [30/Jan/2024:10:56:38 +0800] "GET /xingrg/all/function/internal_message.html?_=1706583397852&CODE_STATE=getMsg HTTP/1.1" 200 27
116.230.123.222 - - [30/Jan/2024:10:56:39 +0800] "GET /xingrg/check_reg.html?_=1706583398703 HTTP/1.1" 200 22
114.83.220.203 - - [30/Jan/2024:10:56:40 +0800] "GET /xingrg/kc/base/wldb_order_operate.html?command=get_materiel&rest_code=00149&base_code=0010395&code=00102004026 HTTP/1.1" 200 444
116.238.97.31 - - [30/Jan/2024:10:56:46 +0800] "GET /xingrg/kc/base/wldb_order_add.html HTTP/1.1" 200 30340
116.238.97.31 - - [30/Jan/2024:10:56:46 +0800] "POST /xingrg/kc/base/wldb_order_operate.html HTTP/1.1" 200 6806
116.238.97.31 - - [30/Jan/2024:10:56:46 +0800] "GET /xingrg/javascript/easyui/themes/default/validatebox.css HTTP/1.1" 404 1104
120.253.135.82 - - [30/Jan/2024:10:56:46 +0800] "GET /xingrg/all/function/internal_message.html?_=1706583232180&CODE_STATE=getMsg HTTP/1.1" 200 27
116.230.123.222 - - [30/Jan/2024:10:56:47 +0800] "GET /xingrg/kc/buy/cgsh_order_operate.html?command=get_materiel&rest_code=00111&code=00101018011&supplier_code=00100042&order_time=2024-01-30 HTTP/1.1" 200 413
114.95.241.104 - - [30/Jan/2024:10:56:48 +0800] "GET /xingrg/kc/base/wldb_order_add.html HTTP/1.1" 200 30350
114.95.241.104 - - [30/Jan/2024:10:56:48 +0800] "GET /xingrg/javascript/easyui/themes/default/validatebox.css HTTP/1.1" 404 1104
114.95.241.104 - - [30/Jan/2024:10:56:48 +0800] "POST /xingrg/kc/base/wldb_order_operate.html HTTP/1.1" 200 6806
116.238.97.31 - - [30/Jan/2024:10:56:53 +0800] "POST /xingrg/services/DataTransmitService HTTP/1.1" 200 524
114.95.241.104 - - [30/Jan/2024:10:56:55 +0800] "GET /xingrg/kc/base/wldb_order_operate.html?command=get_materiel&rest_code=00150&base_code=0010445&code=00101016044 HTTP/1.1" 200 466
114.83.220.203 - - [30/Jan/2024:10:56:58 +0800] "POST /xingrg/kc/base/wldb_order_operate.html HTTP/1.1" 200 37
114.95.241.104 - - [30/Jan/2024:10:56:59 +0800] "GET /xingrg/all/function/internal_message.html?_=1706583419205&CODE_STATE=getMsg HTTP/1.1" 200 27
114.83.220.203 - - [30/Jan/2024:10:56:59 +0800] "POST /xingrg/kc/base/wldb_order_operate.html HTTP/1.1" 200 4141
114.83.220.203 - - [30/Jan/2024:10:56:59 +0800] "GET /xingrg/kc/base/wldb_order_info.html?code=422024013003281 HTTP/1.1" 200 30364
114.83.220.203 - - [30/Jan/2024:10:57:00 +0800] "GET /xingrg/javascript/easyui/themes/default/validatebox.css HTTP/1.1" 404 1104
114.83.220.203 - - [30/Jan/2024:10:57:00 +0800] "POST /xingrg/kc/base/wldb_order_operate.html HTTP/1.1" 200 4141
116.230.123.222 - - [30/Jan/2024:10:57:02 +0800] "GET /xingrg/kc/buy/cgsh_order_operate.html?command=get_materiel&rest_code=00111&code=00101001299&supplier_code=00100042&order_time=2024-01-30 HTTP/1.1" 200 413
114.83.220.203 - - [30/Jan/2024:10:57:02 +0800] "GET /xingrg/kc/base/wldb_order_add.html HTTP/1.1" 200 30350
114.83.220.203 - - [30/Jan/2024:10:57:03 +0800] "POST /xingrg/kc/base/wldb_order_operate.html HTTP/1.1" 200 6806
114.83.220.203 - - [30/Jan/2024:10:57:03 +0800] "GET /xingrg/javascript/easyui/themes/default/validatebox.css HTTP/1.1" 404 1104
114.95.241.104 - - [30/Jan/2024:10:57:03 +0800] "POST /xingrg/kc/base/wldb_order_operate.html HTTP/1.1" 200 37
222.70.168.244 - - [30/Jan/2024:10:57:07 +0800] "GET /xingrg/all/function/internal_message.html?_=1706583433562&CODE_STATE=getMsg HTTP/1.1" 200 27
180.164.1.25 - - [30/Jan/2024:10:57:09 +0800] "GET /xingrg/all/function/internal_message.html?_=1706583428943&CODE_STATE=getMsg HTTP/1.1" 200 27
101.228.146.191 - - [30/Jan/2024:10:57:10 +0800] "GET /xingrg/all/function/internal_message.html?_=1706583429422&CODE_STATE=getMsg HTTP/1.1" 200 27
114.95.241.104 - - [30/Jan/2024:10:57:11 +0800] "POST /xingrg/kc/base/wldb_order_operate.html HTTP/1.1" 200 12
114.95.241.104 - - [30/Jan/2024:10:57:11 +0800] "POST /xingrg/kc/base/wldb_order_operate.html HTTP/1.1" 200 2210
114.95.241.104 - - [30/Jan/2024:10:57:12 +0800] "GET /xingrg/kc/base/wldb_order_info.html?code=422024013003282 HTTP/1.1" 200 26229
114.95.241.104 - - [30/Jan/2024:10:57:12 +0800] "GET /xingrg/javascript/easyui/themes/default/validatebox.css HTTP/1.1" 404 1104
114.95.241.104 - - [30/Jan/2024:10:57:13 +0800] "POST /xingrg/kc/base/wldb_order_operate.html HTTP/1.1" 200 504
172.20.0.100 - - [30/Jan/2024:10:57:13 +0800] "GET /xingrg/all/function/internal_message.html?_=1706583437897&CODE_STATE=getMsg HTTP/1.1" 200 27
114.95.241.104 - - [30/Jan/2024:10:57:14 +0800] "GET /xingrg/kc/base/wldb_order_add.html HTTP/1.1" 200 30350
114.95.241.104 - - [30/Jan/2024:10:57:15 +0800] "GET /xingrg/javascript/easyui/themes/default/validatebox.css HTTP/1.1" 404 1104
114.95.241.104 - - [30/Jan/2024:10:57:15 +0800] "POST /xingrg/kc/base/wldb_order_operate.html HTTP/1.1" 200 6806
180.169.147.146 - - [30/Jan/2024:10:57:15 +0800] "GET /xingrg/all/function/internal_message.html?_=1706583434994&CODE_STATE=getMsg HTTP/1.1" 200 27
124.78.154.219 - - [30/Jan/2024:10:57:16 +0800] "GET /xingrg/all/function/internal_message.html?_=1706583433685&CODE_STATE=getMsg HTTP/1.1" 200 27
114.83.220.203 - - [30/Jan/2024:10:57:20 +0800] "POST /xingrg/kc/base/wldb_order_operate.html HTTP/1.1" 200 37
114.83.220.203 - - [30/Jan/2024:10:57:21 +0800] "POST /xingrg/kc/base/wldb_order_operate.html HTTP/1.1" 200 2187
101.83.241.3 - - [30/Jan/2024:10:57:21 +0800] "GET /xingrg/all/function/internal_message.html?_=1706583441874&CODE_STATE=getMsg HTTP/1.1" 200 27
101.83.241.3 - - [30/Jan/2024:10:57:21 +0800] "GET /xingrg/check_reg.html?_=1706583442124 HTTP/1.1" 200 22
116.230.123.222 - - [30/Jan/2024:10:57:23 +0800] "POST /xingrg/kc/buy/cgsh_order_operate.html HTTP/1.1" 200 37
114.95.241.104 - - [30/Jan/2024:10:57:23 +0800] "GET /xingrg/all/function/internal_message.html?_=1706583443333&CODE_STATE=getMsg HTTP/1.1" 200 27
116.238.97.31 - - [30/Jan/2024:10:57:24 +0800] "GET /xingrg/check_reg.html?_=1706583445079 HTTP/1.1" 200 22
116.238.97.31 - - [30/Jan/2024:10:57:24 +0800] "GET /xingrg/all/function/internal_message.html?_=1706583445599&CODE_STATE=getMsg HTTP/1.1" 200 27
114.95.241.104 - - [30/Jan/2024:10:57:25 +0800] "GET /xingrg/kc/base/wldb_order_operate.html?command=get_materiel&rest_code=00150&base_code=0010445&code=00101019358 HTTP/1.1" 200 459
124.78.68.102 - - [30/Jan/2024:10:57:27 +0800] "GET /xingrg/all/function/internal_message.html?_=1706583447720&CODE_STATE=getMsg HTTP/1.1" 200 27
114.95.241.104 - - [30/Jan/2024:10:57:30 +0800] "GET /xingrg/kc/base/wldb_order_operate.html?command=get_materiel&rest_code=00150&base_code=0010445&code=00101019373 HTTP/1.1" 200 466
116.230.123.222 - - [30/Jan/2024:10:57:34 +0800] "POST /xingrg/kc/buy/cgsh_order_operate.html HTTP/1.1" 200 12
114.83.220.203 - - [30/Jan/2024:10:57:34 +0800] "GET /xingrg/kc/base/wldb_order_info.html?code=422024013003283 HTTP/1.1" 200 30363
114.83.220.203 - - [30/Jan/2024:10:57:35 +0800] "GET /xingrg/javascript/easyui/themes/default/validatebox.css HTTP/1.1" 404 1104
114.83.220.203 - - [30/Jan/2024:10:57:36 +0800] "GET /xingrg/all/function/internal_message.html?_=1706583454703&CODE_STATE=getMsg HTTP/1.1" 200 27
114.95.241.104 - - [30/Jan/2024:10:57:37 +0800] "POST /xingrg/kc/base/wldb_order_operate.html HTTP/1.1" 200 37
222.70.115.1 - - [30/Jan/2024:10:57:37 +0800] "GET /xingrg/all/function/internal_message.html?_=1706583459496&CODE_STATE=getMsg HTTP/1.1" 200 27
114.83.220.203 - - [30/Jan/2024:10:57:37 +0800] "POST /xingrg/kc/base/wldb_order_operate.html HTTP/1.1" 200 2187
116.230.123.222 - - [30/Jan/2024:10:57:37 +0800] "GET /xingrg/kc/buy/cgsh_order_info.html?code=212024013012883 HTTP/1.1" 200 68050
116.230.123.222 - - [30/Jan/2024:10:57:38 +0800] "GET /xingrg/javascript/easyui/themes/default/validatebox.css HTTP/1.1" 404 1104
114.95.241.104 - - [30/Jan/2024:10:57:38 +0800] "POST /xingrg/kc/base/wldb_order_operate.html HTTP/1.1" 200 2698
116.230.123.222 - - [30/Jan/2024:10:57:38 +0800] "GET /xingrg/all/function/internal_message.html?_=1706583457846&CODE_STATE=getMsg HTTP/1.1" 200 27
116.230.123.222 - - [30/Jan/2024:10:57:39 +0800] "POST /xingrg/kc/buy/cgsh_order_operate.html HTTP/1.1" 200 1786
116.230.123.222 - - [30/Jan/2024:10:57:41 +0800] "GET /xingrg/kc/print/load_data.html?order_code=212024013012883&kc_code=cgsh&condition= HTTP/1.1" 200 1180
114.95.241.104 - - [30/Jan/2024:10:57:44 +0800] "POST /xingrg/kc/base/wldb_order_operate.html HTTP/1.1" 200 12
114.83.220.203 - - [30/Jan/2024:10:57:45 +0800] "POST /xingrg/kc/base/wldb_list_operate.html HTTP/1.1" 200 4994
114.95.241.104 - - [30/Jan/2024:10:57:46 +0800] "GET /xingrg/kc/base/wldb_order_info.html?code=422024013003284 HTTP/1.1" 200 26226
114.95.241.104 - - [30/Jan/2024:10:57:46 +0800] "GET /xingrg/javascript/easyui/themes/default/validatebox.css HTTP/1.1" 404 1104
120.253.135.82 - - [30/Jan/2024:10:57:46 +0800] "GET /xingrg/all/function/internal_message.html?_=1706583292215&CODE_STATE=getMsg HTTP/1.1" 200 27
114.95.241.104 - - [30/Jan/2024:10:57:46 +0800] "POST /xingrg/kc/base/wldb_order_operate.html HTTP/1.1" 200 982
114.95.241.104 - - [30/Jan/2024:10:57:48 +0800] "GET /xingrg/kc/base/wldb_order_add.html HTTP/1.1" 200 30350
114.95.241.104 - - [30/Jan/2024:10:57:48 +0800] "GET /xingrg/javascript/easyui/themes/default/validatebox.css HTTP/1.1" 404 1104
114.95.241.104 - - [30/Jan/2024:10:57:48 +0800] "POST /xingrg/kc/base/wldb_order_operate.html HTTP/1.1" 200 6806
114.83.220.203 - - [30/Jan/2024:10:57:49 +0800] "GET /xingrg/kc/base/wldb_order_add.html HTTP/1.1" 200 30350
114.83.220.203 - - [30/Jan/2024:10:57:49 +0800] "GET /xingrg/javascript/easyui/themes/default/validatebox.css HTTP/1.1" 404 1104
114.83.220.203 - - [30/Jan/2024:10:57:49 +0800] "POST /xingrg/kc/base/wldb_order_operate.html HTTP/1.1" 200 6806
114.95.241.104 - - [30/Jan/2024:10:57:56 +0800] "GET /xingrg/kc/base/wldb_order_operate.html?command=get_materiel&rest_code=00150&base_code=0010446&code=00102002258 HTTP/1.1" 200 448
116.238.97.31 - - [30/Jan/2024:10:57:59 +0800] "POST /xingrg/services/DataTransmitService HTTP/1.1" 200 501
114.95.241.104 - - [30/Jan/2024:10:57:59 +0800] "GET /xingrg/all/function/internal_message.html?_=1706583479195&CODE_STATE=getMsg HTTP/1.1" 200 27
114.83.220.203 - - [30/Jan/2024:10:58:00 +0800] "GET /xingrg/kc/base/wldb_order_operate.html?command=get_materiel&rest_code=00149&base_code=0010642&code=00101020351 HTTP/1.1" 200 454
114.95.241.104 - - [30/Jan/2024:10:58:01 +0800] "GET /xingrg/kc/base/wldb_order_operate.html?command=get_materiel&rest_code=00150&base_code=0010446&code=00102002439 HTTP/1.1" 200 470
114.95.241.104 - - [30/Jan/2024:10:58:05 +0800] "GET /xingrg/kc/base/wldb_order_operate.html?command=get_materiel&rest_code=00150&base_code=0010446&code=00102002603 HTTP/1.1" 200 432
222.70.168.244 - - [30/Jan/2024:10:58:07 +0800] "GET /xingrg/all/function/internal_message.html?_=1706583493731&CODE_STATE=getMsg HTTP/1.1" 200 27
180.164.1.25 - - [30/Jan/2024:10:58:09 +0800] "GET /xingrg/all/function/internal_message.html?_=1706583488949&CODE_STATE=getMsg HTTP/1.1" 200 27
101.228.146.191 - - [30/Jan/2024:10:58:10 +0800] "GET /xingrg/all/function/internal_message.html?_=1706583489421&CODE_STATE=getMsg HTTP/1.1" 200 27
114.95.241.104 - - [30/Jan/2024:10:58:10 +0800] "GET /xingrg/kc/base/wldb_order_operate.html?command=get_materiel&rest_code=00150&base_code=0010446&code=00102002321 HTTP/1.1" 200 448
172.20.0.100 - - [30/Jan/2024:10:58:13 +0800] "GET /xingrg/all/function/internal_message.html?_=1706583497895&CODE_STATE=getMsg HTTP/1.1" 200 27
116.238.97.31 - - [30/Jan/2024:10:58:14 +0800] "POST /xingrg/all/common/load_combo.html?type=base HTTP/1.1" 200 3321
180.169.147.146 - - [30/Jan/2024:10:58:15 +0800] "GET /xingrg/all/function/internal_message.html?_=1706583494975&CODE_STATE=getMsg HTTP/1.1" 200 27
114.95.241.104 - - [30/Jan/2024:10:58:15 +0800] "GET /xingrg/kc/base/wldb_order_operate.html?command=get_materiel&rest_code=00150&base_code=0010446&code=00102002679 HTTP/1.1" 200 457
180.169.147.146 - - [30/Jan/2024:10:58:15 +0800] "GET /xingrg/check_reg.html?_=1706583495337 HTTP/1.1" 200 22
124.78.154.219 - - [30/Jan/2024:10:58:16 +0800] "GET /xingrg/all/function/internal_message.html?_=1706583493693&CODE_STATE=getMsg HTTP/1.1" 200 27
116.238.97.31 - - [30/Jan/2024:10:58:16 +0800] "POST /xingrg/all/common/load_combo.html?type=base HTTP/1.1" 200 3321
116.238.97.31 - - [30/Jan/2024:10:58:20 +0800] "GET /xingrg/javascript/auto/indicator.gif HTTP/1.1" 404 1066
101.83.241.3 - - [30/Jan/2024:10:58:21 +0800] "GET /xingrg/all/function/internal_message.html?_=1706583501856&CODE_STATE=getMsg HTTP/1.1" 200 27
116.238.97.31 - - [30/Jan/2024:10:58:22 +0800] "GET /xingrg/kc/base/wldb_order_operate.html?command=get_materiel&rest_code=00102&base_code=0010476&code=00101016094 HTTP/1.1" 200 469
114.95.241.104 - - [30/Jan/2024:10:58:23 +0800] "GET /xingrg/all/function/internal_message.html?_=1706583503336&CODE_STATE=getMsg HTTP/1.1" 200 27
116.238.97.31 - - [30/Jan/2024:10:58:24 +0800] "GET /xingrg/all/function/internal_message.html?_=1706583505587&CODE_STATE=getMsg HTTP/1.1" 200 27
114.95.241.104 - - [30/Jan/2024:10:58:24 +0800] "POST /xingrg/kc/base/wldb_order_operate.html HTTP/1.1" 200 37
124.78.68.102 - - [30/Jan/2024:10:58:27 +0800] "GET /xingrg/all/function/internal_message.html?_=1706583507699&CODE_STATE=getMsg HTTP/1.1" 200 27
114.95.241.104 - - [30/Jan/2024:10:58:31 +0800] "POST /xingrg/kc/base/wldb_order_operate.html HTTP/1.1" 200 12
116.238.97.31 - - [30/Jan/2024:10:58:31 +0800] "GET /xingrg/kc/base/wldb_order_operate.html?command=get_materiel&rest_code=00102&base_code=0010476&code=00101011005 HTTP/1.1" 200 430
114.95.241.104 - - [30/Jan/2024:10:58:31 +0800] "POST /xingrg/kc/base/wldb_order_operate.html HTTP/1.1" 200 4142
114.95.241.104 - - [30/Jan/2024:10:58:32 +0800] "GET /xingrg/kc/base/wldb_order_info.html?code=422024013003285 HTTP/1.1" 200 26229
114.95.241.104 - - [30/Jan/2024:10:58:32 +0800] "GET /xingrg/javascript/easyui/themes/default/validatebox.css HTTP/1.1" 404 1104
114.95.241.104 - - [30/Jan/2024:10:58:32 +0800] "POST /xingrg/kc/base/wldb_order_operate.html HTTP/1.1" 200 2387
114.83.220.203 - - [30/Jan/2024:10:58:35 +0800] "GET /xingrg/all/function/internal_message.html?_=1706583514680&CODE_STATE=getMsg HTTP/1.1" 200 27
222.70.115.1 - - [30/Jan/2024:10:58:37 +0800] "GET /xingrg/all/function/internal_message.html?_=1706583519495&CODE_STATE=getMsg HTTP/1.1" 200 27
116.230.123.222 - - [30/Jan/2024:10:58:38 +0800] "GET /xingrg/all/function/internal_message.html?_=1706583517816&CODE_STATE=getMsg HTTP/1.1" 200 27
116.238.97.31 - - [30/Jan/2024:10:58:39 +0800] "GET /xingrg/kc/base/wldb_order_operate.html?command=get_materiel&rest_code=00102&base_code=0010476&code=00101019183 HTTP/1.1" 200 449
114.83.220.203 - - [30/Jan/2024:10:58:41 +0800] "POST /xingrg/kc/base/wldb_order_operate.html HTTP/1.1" 200 37
114.83.220.203 - - [30/Jan/2024:10:58:42 +0800] "POST /xingrg/kc/base/wldb_order_operate.html HTTP/1.1" 200 2195
114.83.220.203 - - [30/Jan/2024:10:58:44 +0800] "GET /xingrg/kc/base/wldb_order_info.html?code=422024013003286 HTTP/1.1" 200 30359
114.83.220.203 - - [30/Jan/2024:10:58:44 +0800] "GET /xingrg/javascript/easyui/themes/default/validatebox.css HTTP/1.1" 404 1104
114.83.220.203 - - [30/Jan/2024:10:58:45 +0800] "POST /xingrg/kc/base/wldb_order_operate.html HTTP/1.1" 200 2195
120.253.135.82 - - [30/Jan/2024:10:58:46 +0800] "GET /xingrg/all/function/internal_message.html?_=1706583352222&CODE_STATE=getMsg HTTP/1.1" 200 27
114.83.220.203 - - [30/Jan/2024:10:58:50 +0800] "POST /xingrg/kc/base/wldb_list_operate.html HTTP/1.1" 200 5393
114.95.241.104 - - [30/Jan/2024:10:58:59 +0800] "GET /xingrg/all/function/internal_message.html?_=1706583539199&CODE_STATE=getMsg HTTP/1.1" 200 27
222.70.168.244 - - [30/Jan/2024:10:59:07 +0800] "GET /xingrg/all/function/internal_message.html?_=1706583553746&CODE_STATE=getMsg HTTP/1.1" 200 27
180.164.1.25 - - [30/Jan/2024:10:59:09 +0800] "GET /xingrg/all/function/internal_message.html?_=1706583548945&CODE_STATE=getMsg HTTP/1.1" 200 27
101.228.146.191 - - [30/Jan/2024:10:59:10 +0800] "GET /xingrg/all/function/internal_message.html?_=1706583549420&CODE_STATE=getMsg HTTP/1.1" 200 27
172.20.0.100 - - [30/Jan/2024:10:59:13 +0800] "GET /xingrg/all/function/internal_message.html?_=1706583557894&CODE_STATE=getMsg HTTP/1.1" 200 27
180.169.147.146 - - [30/Jan/2024:10:59:15 +0800] "GET /xingrg/all/function/internal_message.html?_=1706583554951&CODE_STATE=getMsg HTTP/1.1" 200 27
180.163.29.103 - - [30/Jan/2024:10:59:16 +0800] "GET /xingrg/all/function/internal_message.html?_=1706583493693&CODE_STATE=getMsg HTTP/1.1" 302 -
124.78.154.219 - - [30/Jan/2024:10:59:16 +0800] "GET /xingrg/check_reg.html?_=1706583553682 HTTP/1.1" 200 22
124.78.154.219 - - [30/Jan/2024:10:59:16 +0800] "GET /xingrg/all/function/internal_message.html?_=1706583553685&CODE_STATE=getMsg HTTP/1.1" 200 27
180.163.29.103 - - [30/Jan/2024:10:59:16 +0800] "GET /xingrg/login.html HTTP/1.1" 200 7641
116.238.97.31 - - [30/Jan/2024:10:59:18 +0800] "GET /xingrg/kc/base/wldb_order_operate.html?command=get_materiel&rest_code=00102&base_code=0010476&code=00101019071 HTTP/1.1" 200 471
101.83.241.3 - - [30/Jan/2024:10:59:21 +0800] "GET /xingrg/all/function/internal_message.html?_=1706583561834&CODE_STATE=getMsg HTTP/1.1" 200 27
114.95.241.104 - - [30/Jan/2024:10:59:23 +0800] "GET /xingrg/all/function/internal_message.html?_=1706583563335&CODE_STATE=getMsg HTTP/1.1" 200 27
116.238.97.31 - - [30/Jan/2024:10:59:24 +0800] "GET /xingrg/all/function/internal_message.html?_=1706583565572&CODE_STATE=getMsg HTTP/1.1" 200 27
116.238.97.31 - - [30/Jan/2024:10:59:27 +0800] "GET /xingrg/kc/base/wldb_order_operate.html?command=get_materiel&rest_code=00102&base_code=0010476&code=00101019135 HTTP/1.1" 200 473
124.78.68.102 - - [30/Jan/2024:10:59:27 +0800] "GET /xingrg/all/function/internal_message.html?_=1706583567676&CODE_STATE=getMsg HTTP/1.1" 200 27
180.169.147.146 - - [30/Jan/2024:10:59:30 +0800] "GET /xingrg/login.html HTTP/1.1" 200 7641
222.70.168.244 - - [30/Jan/2024:10:59:31 +0800] "POST /xingrg/services/DataTransmitService HTTP/1.1" 200 524
222.70.168.244 - - [30/Jan/2024:10:59:32 +0800] "POST /xingrg/services/DataTransmitService HTTP/1.1" 200 2331
180.169.147.146 - - [30/Jan/2024:10:59:32 +0800] "GET /favicon.ico HTTP/1.1" 404 -
114.83.220.203 - - [30/Jan/2024:10:59:35 +0800] "GET /xingrg/all/function/internal_message.html?_=1706583574654&CODE_STATE=getMsg HTTP/1.1" 200 27
180.169.147.146 - - [30/Jan/2024:10:59:36 +0800] "POST /xingrg/login.do HTTP/1.1" 302 -
116.238.97.31 - - [30/Jan/2024:10:59:36 +0800] "GET /xingrg/kc/base/wldb_order_operate.html?command=get_materiel&rest_code=00102&base_code=0010476&code=00101019270 HTTP/1.1" 200 477
180.169.147.146 - - [30/Jan/2024:10:59:36 +0800] "GET /xingrg/index.html?sysBaseUrl=http%3A%2F%2F180.169.147.146%3A18081%2Fxingrg%2F&costTime=2459×tamp=1706583576086 HTTP/1.1" 200 17503
180.169.147.146 - - [30/Jan/2024:10:59:36 +0800] "GET /favicon.ico HTTP/1.1" 404 -
180.169.147.146 - - [30/Jan/2024:10:59:37 +0800] "POST /xingrg/all/common/load_tree.html?tree=area_rest_tree_json&manage=1 HTTP/1.1" 200 3624
180.169.147.146 - - [30/Jan/2024:10:59:37 +0800] "GET /xingrg/all/function/internal_message.html?_=1706583569399&CODE_STATE=count HTTP/1.1" 200 11
180.169.147.146 - - [30/Jan/2024:10:59:37 +0800] "GET /xingrg/check_reg.html?_=1706583569400 HTTP/1.1" 200 22
222.70.115.1 - - [30/Jan/2024:10:59:37 +0800] "GET /xingrg/all/function/internal_message.html?_=1706583579495&CODE_STATE=getMsg HTTP/1.1" 200 27
180.169.147.146 - - [30/Jan/2024:10:59:37 +0800] "POST /xingrg/load_menu.html HTTP/1.1" 200 11443
116.230.123.222 - - [30/Jan/2024:10:59:38 +0800] "GET /xingrg/all/function/internal_message.html?_=1706583577788&CODE_STATE=getMsg HTTP/1.1" 200 27
116.238.97.31 - - [30/Jan/2024:10:59:41 +0800] "GET /xingrg/kc/base/wldb_order_operate.html?command=get_materiel&rest_code=00102&base_code=0010476&code=00101019391 HTTP/1.1" 200 485
180.169.147.146 - - [30/Jan/2024:10:59:42 +0800] "POST /xingrg/all/user/operate.html HTTP/1.1" 200 36
180.169.147.146 - - [30/Jan/2024:10:59:42 +0800] "GET /xingrg/index.html?sysBaseUrl=http%3A%2F%2F180.169.147.146%3A18081%2Fxingrg%2F&costTime=2459×tamp=1706583576086 HTTP/1.1" 200 17509
180.169.147.146 - - [30/Jan/2024:10:59:42 +0800] "GET /xingrg/javascript/jquery_easy_ui/themes/default/easyui.css HTTP/1.1" 304 -
180.169.147.146 - - [30/Jan/2024:10:59:42 +0800] "GET /xingrg/javascript/jquery_easy_ui/themes/icon.css HTTP/1.1" 304 -
180.169.147.146 - - [30/Jan/2024:10:59:42 +0800] "GET /xingrg/css/form.css HTTP/1.1" 304 -
180.169.147.146 - - [30/Jan/2024:10:59:42 +0800] "GET /xingrg/javascript/jquery-1.4.2.min.js HTTP/1.1" 304 -
180.169.147.146 - - [30/Jan/2024:10:59:42 +0800] "GET /xingrg/javascript/jquery_easy_ui/jquery.easyui.min.js HTTP/1.1" 304 -
180.169.147.146 - - [30/Jan/2024:10:59:42 +0800] "GET /xingrg/javascript/jquery_easy_ui/easyui-lang-zh_CN.js HTTP/1.1" 304 -
180.169.147.146 - - [30/Jan/2024:10:59:42 +0800] "GET /xingrg/javascript/jquery.form.js HTTP/1.1" 304 -
180.169.147.146 - - [30/Jan/2024:10:59:42 +0800] "GET /xingrg/javascript/jquery.timers.js HTTP/1.1" 304 -
180.169.147.146 - - [30/Jan/2024:10:59:42 +0800] "GET /xingrg/javascript/jquery.utils.js HTTP/1.1" 304 -
180.169.147.146 - - [30/Jan/2024:10:59:42 +0800] "GET /xingrg/images/blue/jxLogo.png HTTP/1.1" 304 -
180.169.147.146 - - [30/Jan/2024:10:59:42 +0800] "GET /xingrg/images/blue/navBackgound.jpg HTTP/1.1" 304 -
180.169.147.146 - - [30/Jan/2024:10:59:42 +0800] "GET /xingrg/javascript/jquery_easy_ui/themes/icons/settle_new.png HTTP/1.1" 304 -
180.169.147.146 - - [30/Jan/2024:10:59:42 +0800] "GET /xingrg/all/function/internal_message.html?_=1706583574530&CODE_STATE=count HTTP/1.1" 200 11
180.169.147.146 - - [30/Jan/2024:10:59:42 +0800] "GET /xingrg/check_reg.html?_=1706583574531 HTTP/1.1" 200 22
180.169.147.146 - - [30/Jan/2024:10:59:42 +0800] "GET /xingrg/javascript/jquery_easy_ui/themes/default/images/tabs_rightarrow.png HTTP/1.1" 304 -
180.169.147.146 - - [30/Jan/2024:10:59:42 +0800] "GET /xingrg/javascript/jquery_easy_ui/themes/default/images/panel_tool_expand.gif HTTP/1.1" 304 -
180.169.147.146 - - [30/Jan/2024:10:59:42 +0800] "GET /xingrg/javascript/jquery_easy_ui/themes/default/images/panel_tool_collapse.gif HTTP/1.1" 304 -
180.169.147.146 - - [30/Jan/2024:10:59:42 +0800] "GET /xingrg/javascript/jquery_easy_ui/themes/default/images/tabs_leftarrow.png HTTP/1.1" 304 -
180.169.147.146 - - [30/Jan/2024:10:59:42 +0800] "GET /xingrg/images/blue/pingpu.png HTTP/1.1" 304 -
180.169.147.146 - - [30/Jan/2024:10:59:42 +0800] "POST /xingrg/load_menu.html HTTP/1.1" 200 9959
180.169.147.146 - - [30/Jan/2024:10:59:42 +0800] "POST /xingrg/all/common/load_tree.html?tree=area_rest_tree_json&manage=1 HTTP/1.1" 200 3624
180.169.147.146 - - [30/Jan/2024:10:59:43 +0800] "GET /xingrg/kc/buy/buy_main.html HTTP/1.1" 200 12412
180.169.147.146 - - [30/Jan/2024:10:59:43 +0800] "GET /xingrg/css/new_ie.css HTTP/1.1" 404 1036
180.169.147.146 - - [30/Jan/2024:10:59:44 +0800] "GET /xingrg/images/yd/bt.gif HTTP/1.1" 404 1040
180.169.147.146 - - [30/Jan/2024:10:59:45 +0800] "GET /xingrg/kc/buy/cgsh_order_list.html HTTP/1.1" 200 57671
120.253.135.82 - - [30/Jan/2024:10:59:46 +0800] "GET /xingrg/all/function/internal_message.html?_=1706583412256&CODE_STATE=getMsg HTTP/1.1" 200 27
116.238.97.31 - - [30/Jan/2024:10:59:48 +0800] "GET /xingrg/kc/base/wldb_order_operate.html?command=get_materiel&rest_code=00102&base_code=0010476&code=00101019405 HTTP/1.1" 200 482
222.70.168.244 - - [30/Jan/2024:10:59:54 +0800] "POST /xingrg/services/DataTransmitService HTTP/1.1" 200 524
116.238.97.31 - - [30/Jan/2024:10:59:56 +0800] "GET /xingrg/kc/base/wldb_order_operate.html?command=get_materiel&rest_code=00102&base_code=0010476&code=00101019015 HTTP/1.1" 200 450
114.95.241.104 - - [30/Jan/2024:10:59:59 +0800] "GET /xingrg/all/function/internal_message.html?_=1706583599196&CODE_STATE=getMsg HTTP/1.1" 200 27
114.83.220.203 - - [30/Jan/2024:11:00:04 +0800] "POST /xingrg/kc/base/wldb_list_operate.html HTTP/1.1" 200 4
116.238.97.31 - - [30/Jan/2024:11:00:04 +0800] "GET /xingrg/kc/base/wldb_order_operate.html?command=get_materiel&rest_code=00102&base_code=0010476&code=00101019131 HTTP/1.1" 200 466
222.70.168.244 - - [30/Jan/2024:11:00:08 +0800] "GET /xingrg/all/function/internal_message.html?_=1706583613897&CODE_STATE=getMsg HTTP/1.1" 200 27
180.164.1.25 - - [30/Jan/2024:11:00:09 +0800] "GET /xingrg/all/function/internal_message.html?_=1706583608952&CODE_STATE=getMsg HTTP/1.1" 200 27
180.164.1.25 - - [30/Jan/2024:11:00:09 +0800] "GET /xingrg/check_reg.html?_=1706583608955 HTTP/1.1" 200 22
101.228.146.191 - - [30/Jan/2024:11:00:10 +0800] "GET /xingrg/all/function/internal_message.html?_=1706583609420&CODE_STATE=getMsg HTTP/1.1" 200 27
172.20.0.100 - - [30/Jan/2024:11:00:13 +0800] "GET /xingrg/all/function/internal_message.html?_=1706583617892&CODE_STATE=getMsg HTTP/1.1" 200 27
222.70.168.244 - - [30/Jan/2024:11:00:13 +0800] "POST /xingrg/services/DataTransmitService HTTP/1.1" 200 501
124.78.154.219 - - [30/Jan/2024:11:00:14 +0800] "GET /xingrg/login.html?r=1 HTTP/1.1" 200 7641
124.78.154.219 - - [30/Jan/2024:11:00:14 +0800] "GET /favicon.ico HTTP/1.1" 404 -
180.169.147.146 - - [30/Jan/2024:11:00:15 +0800] "GET /xingrg/all/function/internal_message.html?_=1706583614932&CODE_STATE=getMsg HTTP/1.1" 200 27
124.78.154.219 - - [30/Jan/2024:11:00:16 +0800] "GET /xingrg/all/function/internal_message.html?_=1706583613696&CODE_STATE=getMsg HTTP/1.1" 200 27
101.83.241.3 - - [30/Jan/2024:11:00:21 +0800] "GET /xingrg/all/function/internal_message.html?_=1706583621825&CODE_STATE=getMsg HTTP/1.1" 200 27
120.253.135.82 - - [30/Jan/2024:11:00:22 +0800] "GET /xingrg/check_reg.html?_=1706583447881 HTTP/1.1" 200 22
222.70.168.244 - - [30/Jan/2024:11:00:22 +0800] "POST /xingrg/services/DataTransmitService HTTP/1.1" 200 524
114.95.241.104 - - [30/Jan/2024:11:00:23 +0800] "GET /xingrg/all/function/internal_message.html?_=1706583623326&CODE_STATE=getMsg HTTP/1.1" 200 27
124.78.154.219 - - [30/Jan/2024:11:00:24 +0800] "POST /xingrg/login.do HTTP/1.1" 302 -
116.238.97.31 - - [30/Jan/2024:11:00:24 +0800] "GET /xingrg/kc/base/wldb_order_operate.html?command=get_materiel&rest_code=00102&base_code=0010476&code=00101019359 HTTP/1.1" 200 461
124.78.154.219 - - [30/Jan/2024:11:00:24 +0800] "GET /xingrg/index.html?sysBaseUrl=http%3A%2F%2F180.169.147.146%3A18081%2Fxingrg%2F&costTime=972×tamp=1706583624097 HTTP/1.1" 200 17173
124.78.154.219 - - [30/Jan/2024:11:00:24 +0800] "GET /favicon.ico HTTP/1.1" 404 -
124.78.154.219 - - [30/Jan/2024:11:00:24 +0800] "GET /xingrg/check_reg.html?_=1706583626537 HTTP/1.1" 200 22
124.78.154.219 - - [30/Jan/2024:11:00:24 +0800] "GET /xingrg/all/function/internal_message.html?_=1706583626536&CODE_STATE=count HTTP/1.1" 200 11
124.78.154.219 - - [30/Jan/2024:11:00:24 +0800] "POST /xingrg/all/common/load_tree.html?tree=area_rest_tree_json&manage=1 HTTP/1.1" 200 342
114.83.220.203 - - [30/Jan/2024:11:00:24 +0800] "POST /xingrg/kc/base/wldb_list_operate.html HTTP/1.1" 200 928
124.78.154.219 - - [30/Jan/2024:11:00:24 +0800] "POST /xingrg/load_menu.html HTTP/1.1" 200 5138
116.238.97.31 - - [30/Jan/2024:11:00:24 +0800] "GET /xingrg/all/function/internal_message.html?_=1706583625559&CODE_STATE=getMsg HTTP/1.1" 200 27
124.78.154.219 - - [30/Jan/2024:11:00:27 +0800] "GET /xingrg/kc/base/base_main.html HTTP/1.1" 200 12142
124.78.68.102 - - [30/Jan/2024:11:00:27 +0800] "GET /xingrg/all/function/internal_message.html?_=1706583627666&CODE_STATE=getMsg HTTP/1.1" 200 27
116.238.97.31 - - [30/Jan/2024:11:00:28 +0800] "GET /xingrg/kc/base/wldb_order_operate.html?command=get_materiel&rest_code=00102&base_code=0010476&code=00101019438 HTTP/1.1" 200 460
124.78.154.219 - - [30/Jan/2024:11:00:32 +0800] "GET /xingrg/kc/base/wldb_order_list.html HTTP/1.1" 200 19013
116.238.97.31 - - [30/Jan/2024:11:00:33 +0800] "GET /xingrg/kc/base/wldb_order_operate.html?command=get_materiel&rest_code=00102&base_code=0010476&code=00101019187 HTTP/1.1" 200 479
124.78.154.219 - - [30/Jan/2024:11:00:33 +0800] "POST /xingrg/kc/base/wldb_list_operate.html HTTP/1.1" 200 2954
114.83.220.203 - - [30/Jan/2024:11:00:35 +0800] "GET /xingrg/all/function/internal_message.html?_=1706583634624&CODE_STATE=getMsg HTTP/1.1" 200 27
124.78.154.219 - - [30/Jan/2024:11:00:36 +0800] "GET /xingrg/kc/base/wldb_order_add.html HTTP/1.1" 200 30344
116.238.97.31 - - [30/Jan/2024:11:00:36 +0800] "GET /xingrg/kc/base/wldb_order_operate.html?command=get_materiel&rest_code=00102&base_code=0010476&code=00101019063 HTTP/1.1" 200 461
124.78.154.219 - - [30/Jan/2024:11:00:36 +0800] "GET /xingrg/all/common/auto_word.html?type=base&rest_code=00106 HTTP/1.1" 200 1799
124.78.154.219 - - [30/Jan/2024:11:00:36 +0800] "GET /xingrg/javascript/easyui/themes/default/validatebox.css HTTP/1.1" 404 1104
124.78.154.219 - - [30/Jan/2024:11:00:36 +0800] "GET /xingrg/all/common/auto_word.html?type=base&rest_code=00106 HTTP/1.1" 200 1799
124.78.154.219 - - [30/Jan/2024:11:00:36 +0800] "POST /xingrg/kc/base/wldb_order_operate.html HTTP/1.1" 200 6806
222.70.115.1 - - [30/Jan/2024:11:00:37 +0800] "GET /xingrg/check_reg.html?_=1706583639504 HTTP/1.1" 200 22
222.70.115.1 - - [30/Jan/2024:11:00:37 +0800] "GET /xingrg/all/function/internal_message.html?_=1706583639500&CODE_STATE=getMsg HTTP/1.1" 200 27
116.230.123.222 - - [30/Jan/2024:11:00:38 +0800] "GET /xingrg/all/function/internal_message.html?_=1706583637764&CODE_STATE=getMsg HTTP/1.1" 200 27
124.78.154.219 - - [30/Jan/2024:11:00:39 +0800] "POST /xingrg/all/common/load_combo.html?type=base HTTP/1.1" 200 3227
180.169.147.146 - - [30/Jan/2024:11:00:42 +0800] "GET /xingrg/all/function/internal_message.html?_=1706583634536&CODE_STATE=getMsg HTTP/1.1" 200 27
116.238.97.31 - - [30/Jan/2024:11:00:42 +0800] "GET /xingrg/kc/base/wldb_order_operate.html?command=get_materiel&rest_code=00102&base_code=0010476&code=00101019127 HTTP/1.1" 200 479
124.78.154.219 - - [30/Jan/2024:11:00:43 +0800] "POST /xingrg/all/common/load_combo.html?type=base HTTP/1.1" 200 3227
124.78.68.102 - - [30/Jan/2024:11:00:44 +0800] "GET /xingrg/check_reg.html?_=1706583644348 HTTP/1.1" 200 22
222.70.168.244 - - [30/Jan/2024:11:00:44 +0800] "GET /xingrg/check_reg.html?_=1706583650219 HTTP/1.1" 200 22
120.253.135.82 - - [30/Jan/2024:11:00:46 +0800] "GET /xingrg/all/function/internal_message.html?_=1706583472264&CODE_STATE=getMsg HTTP/1.1" 200 27
124.78.154.219 - - [30/Jan/2024:11:00:46 +0800] "GET /xingrg/kc/buy/cgsh_order_add.html HTTP/1.1" 200 73185
124.78.154.219 - - [30/Jan/2024:11:00:46 +0800] "GET /xingrg/words/20240129142844_words.js HTTP/1.1" 304 -
124.78.154.219 - - [30/Jan/2024:11:00:47 +0800] "POST /xingrg/kc/buy/cgsh_order_operate.html HTTP/1.1" 200 8245
124.78.154.219 - - [30/Jan/2024:11:00:47 +0800] "GET /xingrg/javascript/easyui/themes/default/validatebox.css HTTP/1.1" 404 1104
124.78.154.219 - - [30/Jan/2024:11:00:47 +0800] "GET /xingrg/all/common/auto_word.html?type=employee&rest_code=00106 HTTP/1.1" 200 205
124.78.154.219 - - [30/Jan/2024:11:00:47 +0800] "GET /xingrg/all/common/auto_word.html?type=employee&rest_code=00106 HTTP/1.1" 200 205
124.78.154.219 - - [30/Jan/2024:11:00:49 +0800] "GET /xingrg/javascript/easyui/themes/default/tree.css HTTP/1.1" 404 1090
124.78.154.219 - - [30/Jan/2024:11:00:49 +0800] "POST /xingrg/all/common/load_tree.html?tree=supplier_tree_json&isDelete=1 HTTP/1.1" 200 77867
180.169.147.146 - - [30/Jan/2024:11:00:50 +0800] "POST /xingrg/kc/buy/cgsh_list_operate.html HTTP/1.1" 200 5996
116.238.97.31 - - [30/Jan/2024:11:00:50 +0800] "POST /xingrg/kc/base/wldb_order_operate.html HTTP/1.1" 200 37
116.238.97.31 - - [30/Jan/2024:11:00:51 +0800] "POST /xingrg/kc/base/wldb_order_operate.html HTTP/1.1" 200 9220
124.78.154.219 - - [30/Jan/2024:11:00:53 +0800] "GET /xingrg/javascript/auto/indicator.gif HTTP/1.1" 404 1066
116.238.97.31 - - [30/Jan/2024:11:00:55 +0800] "GET /xingrg/kc/base/wldb_order_info.html?code=422024013003287 HTTP/1.1" 200 30357
116.238.97.31 - - [30/Jan/2024:11:00:55 +0800] "GET /xingrg/words/20240129142844_words.js HTTP/1.1" 304 -
116.238.97.31 - - [30/Jan/2024:11:00:55 +0800] "GET /xingrg/javascript/easyui/themes/default/validatebox.css HTTP/1.1" 404 1104
116.238.97.31 - - [30/Jan/2024:11:00:56 +0800] "POST /xingrg/kc/base/wldb_order_operate.html HTTP/1.1" 200 9220
180.169.147.146 - - [30/Jan/2024:11:00:58 +0800] "GET /xingrg/javascript/jquery_tools/images/next.gif HTTP/1.1" 404 1086
180.169.147.146 - - [30/Jan/2024:11:00:58 +0800] "GET /xingrg/javascript/jquery_tools/images/prev.gif HTTP/1.1" 404 1086
222.70.168.244 - - [30/Jan/2024:11:00:59 +0800] "POST /xingrg/services/DataTransmitService HTTP/1.1" 200 524
114.95.241.104 - - [30/Jan/2024:11:00:59 +0800] "GET /xingrg/all/function/internal_message.html?_=1706583659210&CODE_STATE=getMsg HTTP/1.1" 200 27
114.95.241.104 - - [30/Jan/2024:11:00:59 +0800] "GET /xingrg/check_reg.html?_=1706583659212 HTTP/1.1" 200 22
222.70.168.244 - - [30/Jan/2024:11:01:00 +0800] "POST /xingrg/services/DataTransmitService HTTP/1.1" 200 2331
124.78.154.219 - - [30/Jan/2024:11:01:01 +0800] "GET /xingrg/kc/base/wldb_order_operate.html?command=get_materiel&rest_code=00106&base_code=0010396&code=00101019130 HTTP/1.1" 200 485
222.70.168.244 - - [30/Jan/2024:11:01:08 +0800] "GET /xingrg/all/function/internal_message.html?_=1706583673898&CODE_STATE=getMsg HTTP/1.1" 200 27
180.164.1.25 - - [30/Jan/2024:11:01:09 +0800] "GET /xingrg/all/function/internal_message.html?_=1706583668950&CODE_STATE=getMsg HTTP/1.1" 200 27
101.228.146.191 - - [30/Jan/2024:11:01:10 +0800] "GET /xingrg/check_reg.html?_=1706583669420 HTTP/1.1" 200 22
101.228.146.191 - - [30/Jan/2024:11:01:10 +0800] "GET /xingrg/all/function/internal_message.html?_=1706583669419&CODE_STATE=getMsg HTTP/1.1" 200 27
124.78.154.219 - - [30/Jan/2024:11:01:12 +0800] "GET /xingrg/javascript/auto/indicator.gif HTTP/1.1" 404 1066
172.20.0.100 - - [30/Jan/2024:11:01:13 +0800] "GET /xingrg/all/function/internal_message.html?_=1706583677891&CODE_STATE=getMsg HTTP/1.1" 200 27
172.20.0.100 - - [30/Jan/2024:11:01:13 +0800] "GET /xingrg/check_reg.html?_=1706583677892 HTTP/1.1" 200 22
180.169.147.146 - - [30/Jan/2024:11:01:15 +0800] "GET /xingrg/all/function/internal_message.html?_=1706583674915&CODE_STATE=getMsg HTTP/1.1" 200 27
124.78.154.219 - - [30/Jan/2024:11:01:16 +0800] "GET /xingrg/all/function/internal_message.html?_=1706583673690&CODE_STATE=getMsg HTTP/1.1" 200 27
116.238.110.144 - - [30/Jan/2024:11:01:20 +0800] "GET /xingrg/login.html HTTP/1.1" 200 7641
116.238.110.144 - - [30/Jan/2024:11:01:20 +0800] "GET /favicon.ico HTTP/1.1" 404 -
101.83.241.3 - - [30/Jan/2024:11:01:21 +0800] "GET /xingrg/all/function/internal_message.html?_=1706583681802&CODE_STATE=getMsg HTTP/1.1" 200 27
116.238.97.31 - - [30/Jan/2024:11:01:21 +0800] "POST /xingrg/kc/base/wldb_order_operate.html HTTP/1.1" 200 37
124.78.154.219 - - [30/Jan/2024:11:01:22 +0800] "GET /xingrg/kc/buy/cgsh_order_operate.html?command=get_materiel&rest_code=00106&code=00101005037&supplier_code=00100631&order_time=2024-01-30 HTTP/1.1" 200 409
114.95.241.104 - - [30/Jan/2024:11:01:23 +0800] "GET /xingrg/all/function/internal_message.html?_=1706583683336&CODE_STATE=getMsg HTTP/1.1" 200 27
114.95.241.104 - - [30/Jan/2024:11:01:23 +0800] "GET /xingrg/check_reg.html?_=1706583683337 HTTP/1.1" 200 22
116.238.110.144 - - [30/Jan/2024:11:01:24 +0800] "POST /xingrg/login.do HTTP/1.1" 302 -
124.78.154.219 - - [30/Jan/2024:11:01:24 +0800] "GET /xingrg/all/function/internal_message.html?_=1706583686546&CODE_STATE=getMsg HTTP/1.1" 200 27
116.238.110.144 - - [30/Jan/2024:11:01:24 +0800] "GET /xingrg/index.html?sysBaseUrl=http%3A%2F%2F180.169.147.146%3A18081%2Fxingrg%2F&costTime=1434×tamp=1706583684473 HTTP/1.1" 200 17177
116.238.110.144 - - [30/Jan/2024:11:01:24 +0800] "GET /favicon.ico HTTP/1.1" 404 -
116.238.110.144 - - [30/Jan/2024:11:01:24 +0800] "GET /xingrg/all/function/internal_message.html?_=1706583683995&CODE_STATE=count HTTP/1.1" 200 11
116.238.110.144 - - [30/Jan/2024:11:01:24 +0800] "GET /xingrg/check_reg.html?_=1706583683995 HTTP/1.1" 200 22
116.238.97.31 - - [30/Jan/2024:11:01:24 +0800] "GET /xingrg/all/function/internal_message.html?_=1706583685535&CODE_STATE=getMsg HTTP/1.1" 200 27
116.238.110.144 - - [30/Jan/2024:11:01:24 +0800] "POST /xingrg/all/common/load_tree.html?tree=area_rest_tree_json&manage=1 HTTP/1.1" 200 601
116.238.110.144 - - [30/Jan/2024:11:01:25 +0800] "POST /xingrg/load_menu.html HTTP/1.1" 200 5138
124.78.68.102 - - [30/Jan/2024:11:01:27 +0800] "GET /xingrg/all/function/internal_message.html?_=1706583687638&CODE_STATE=getMsg HTTP/1.1" 200 27
116.238.97.31 - - [30/Jan/2024:11:01:29 +0800] "POST /xingrg/kc/base/wldb_order_operate.html HTTP/1.1" 200 12
116.238.97.31 - - [30/Jan/2024:11:01:29 +0800] "POST /xingrg/kc/base/wldb_order_operate.html HTTP/1.1" 200 9223
116.238.97.31 - - [30/Jan/2024:11:01:31 +0800] "GET /xingrg/kc/base/wldb_order_info.html?code=422024013003287 HTTP/1.1" 200 26219
116.238.97.31 - - [30/Jan/2024:11:01:31 +0800] "GET /xingrg/javascript/easyui/themes/default/validatebox.css HTTP/1.1" 404 1104
116.238.97.31 - - [30/Jan/2024:11:01:31 +0800] "POST /xingrg/kc/base/wldb_order_operate.html HTTP/1.1" 200 7341
124.78.154.219 - - [30/Jan/2024:11:01:33 +0800] "POST /xingrg/kc/buy/cgsh_order_operate.html HTTP/1.1" 200 37
116.238.97.31 - - [30/Jan/2024:11:01:33 +0800] "GET /xingrg/kc/base/wldb_order_add.html HTTP/1.1" 200 30340
116.238.97.31 - - [30/Jan/2024:11:01:33 +0800] "POST /xingrg/kc/base/wldb_order_operate.html HTTP/1.1" 200 6806
116.238.97.31 - - [30/Jan/2024:11:01:33 +0800] "GET /xingrg/javascript/easyui/themes/default/validatebox.css HTTP/1.1" 404 1104
180.169.147.146 - - [30/Jan/2024:11:01:33 +0800] "GET /xingrg/javascript/auto/indicator.gif HTTP/1.1" 404 1066
116.238.97.31 - - [30/Jan/2024:11:01:34 +0800] "POST /xingrg/all/common/load_combo.html?type=base HTTP/1.1" 200 3321
124.78.154.219 - - [30/Jan/2024:11:01:35 +0800] "GET /xingrg/kc/base/wldb_order_operate.html?command=get_materiel&rest_code=00106&base_code=0010396&code=00101019536 HTTP/1.1" 200 469
114.83.220.203 - - [30/Jan/2024:11:01:35 +0800] "GET /xingrg/all/function/internal_message.html?_=1706583694601&CODE_STATE=getMsg HTTP/1.1" 200 27
116.238.97.31 - - [30/Jan/2024:11:01:36 +0800] "POST /xingrg/all/common/load_combo.html?type=base HTTP/1.1" 200 3321
222.70.115.1 - - [30/Jan/2024:11:01:37 +0800] "GET /xingrg/all/function/internal_message.html?_=1706583699502&CODE_STATE=getMsg HTTP/1.1" 200 27
114.83.220.203 - - [30/Jan/2024:11:01:37 +0800] "GET /xingrg/check_reg.html?_=1706583696373 HTTP/1.1" 200 22
116.230.123.222 - - [30/Jan/2024:11:01:38 +0800] "GET /xingrg/all/function/internal_message.html?_=1706583697749&CODE_STATE=getMsg HTTP/1.1" 200 27
116.230.123.222 - - [30/Jan/2024:11:01:39 +0800] "GET /xingrg/check_reg.html?_=1706583698701 HTTP/1.1" 200 22
124.78.154.219 - - [30/Jan/2024:11:01:41 +0800] "POST /xingrg/kc/buy/cgsh_order_operate.html HTTP/1.1" 200 12
180.169.147.146 - - [30/Jan/2024:11:01:42 +0800] "GET /xingrg/all/function/internal_message.html?_=1706583694534&CODE_STATE=getMsg HTTP/1.1" 200 27
124.78.154.219 - - [30/Jan/2024:11:01:43 +0800] "GET /xingrg/kc/buy/cgsh_order_info.html?code=212024013012884 HTTP/1.1" 200 68094
124.78.154.219 - - [30/Jan/2024:11:01:43 +0800] "GET /xingrg/javascript/easyui/themes/default/validatebox.css HTTP/1.1" 404 1104
124.78.154.219 - - [30/Jan/2024:11:01:44 +0800] "POST /xingrg/kc/buy/cgsh_order_operate.html HTTP/1.1" 200 603
120.253.135.82 - - [30/Jan/2024:11:01:46 +0800] "GET /xingrg/all/function/internal_message.html?_=1706583532279&CODE_STATE=getMsg HTTP/1.1" 200 27
124.78.154.219 - - [30/Jan/2024:11:01:46 +0800] "POST /xingrg/kc/base/wldb_order_operate.html HTTP/1.1" 200 37
124.78.154.219 - - [30/Jan/2024:11:01:47 +0800] "POST /xingrg/kc/base/wldb_order_operate.html HTTP/1.1" 200 2729
124.78.154.219 - - [30/Jan/2024:11:01:47 +0800] "GET /xingrg/kc/print/load_config.html?kc_code=cgsh HTTP/1.1" 200 1927
124.78.154.219 - - [30/Jan/2024:11:01:48 +0800] "GET /xingrg/kc/base/wldb_order_info.html?code=422024013003288 HTTP/1.1" 200 30359
124.78.154.219 - - [30/Jan/2024:11:01:48 +0800] "GET /xingrg/javascript/easyui/themes/default/validatebox.css HTTP/1.1" 404 1104
124.78.154.219 - - [30/Jan/2024:11:01:48 +0800] "GET /xingrg/kc/print/load_data.html?order_code=212024013012884&kc_code=cgsh&condition= HTTP/1.1" 200 688
124.78.154.219 - - [30/Jan/2024:11:01:49 +0800] "POST /xingrg/kc/base/wldb_order_operate.html HTTP/1.1" 200 2729
124.78.154.219 - - [30/Jan/2024:11:01:51 +0800] "GET /xingrg/kc/base/base_main.html HTTP/1.1" 200 12142
124.78.154.219 - - [30/Jan/2024:11:01:53 +0800] "GET /xingrg/kc/base/wldb_order_list.html HTTP/1.1" 200 19013
124.78.154.219 - - [30/Jan/2024:11:01:54 +0800] "POST /xingrg/kc/base/wldb_list_operate.html HTTP/1.1" 200 3348
116.238.97.31 - - [30/Jan/2024:11:01:55 +0800] "GET /xingrg/kc/base/wldb_order_operate.html?command=get_materiel&rest_code=00102&base_code=0010476&code=00101013225 HTTP/1.1" 200 449
114.95.241.104 - - [30/Jan/2024:11:01:59 +0800] "GET /xingrg/all/function/internal_message.html?_=1706583719215&CODE_STATE=getMsg HTTP/1.1" 200 27
116.238.97.31 - - [30/Jan/2024:11:01:59 +0800] "GET /xingrg/kc/base/wldb_order_operate.html?command=get_materiel&rest_code=00102&base_code=0010476&code=00101013093 HTTP/1.1" 200 450
222.70.168.244 - - [30/Jan/2024:11:02:08 +0800] "GET /xingrg/all/function/internal_message.html?_=1706583733912&CODE_STATE=getMsg HTTP/1.1" 200 27
116.238.97.31 - - [30/Jan/2024:11:02:08 +0800] "POST /xingrg/kc/base/wldb_order_operate.html HTTP/1.1" 200 37
180.164.1.25 - - [30/Jan/2024:11:02:09 +0800] "GET /xingrg/all/function/internal_message.html?_=1706583728936&CODE_STATE=getMsg HTTP/1.1" 200 27
101.228.146.191 - - [30/Jan/2024:11:02:10 +0800] "GET /xingrg/all/function/internal_message.html?_=1706583729419&CODE_STATE=getMsg HTTP/1.1" 200 27
172.20.0.100 - - [30/Jan/2024:11:02:13 +0800] "GET /xingrg/all/function/internal_message.html?_=1706583737890&CODE_STATE=getMsg HTTP/1.1" 200 27
180.169.147.146 - - [30/Jan/2024:11:02:15 +0800] "GET /xingrg/all/function/internal_message.html?_=1706583734902&CODE_STATE=getMsg HTTP/1.1" 200 27
116.238.97.31 - - [30/Jan/2024:11:02:15 +0800] "POST /xingrg/kc/base/wldb_order_operate.html HTTP/1.1" 200 12
116.238.97.31 - - [30/Jan/2024:11:02:16 +0800] "POST /xingrg/kc/base/wldb_order_operate.html HTTP/1.1" 200 3652
180.163.29.219 - - [30/Jan/2024:11:02:16 +0800] "GET /xingrg/all/function/internal_message.html?_=1706583673690&CODE_STATE=getMsg HTTP/1.1" 302 -
124.78.154.219 - - [30/Jan/2024:11:02:16 +0800] "GET /xingrg/all/function/internal_message.html?_=1706583733703&CODE_STATE=getMsg HTTP/1.1" 200 27
180.163.29.219 - - [30/Jan/2024:11:02:16 +0800] "GET /xingrg/login.html HTTP/1.1" 200 7641
116.238.97.31 - - [30/Jan/2024:11:02:17 +0800] "GET /xingrg/kc/base/wldb_order_info.html?code=422024013003289 HTTP/1.1" 200 26221
116.238.97.31 - - [30/Jan/2024:11:02:17 +0800] "GET /xingrg/javascript/easyui/themes/default/validatebox.css HTTP/1.1" 404 1104
116.238.97.31 - - [30/Jan/2024:11:02:17 +0800] "POST /xingrg/kc/base/wldb_order_operate.html HTTP/1.1" 200 1912
180.163.29.79 - - [30/Jan/2024:11:02:19 +0800] "GET /xingrg/kc/buy/cgsh_order_operate.html?command=get_materiel&rest_code=00106&code=00101005037&supplier_code=00100631&order_time=2024-01-30 HTTP/1.1" 302 -
180.163.29.79 - - [30/Jan/2024:11:02:19 +0800] "GET /xingrg/login.html HTTP/1.1" 200 7641
