172.20.0.100 - - [30/Jan/2024:11:16:43 +0800] "GET /xingrg/javascript/jquery_tools/jquery.tools.extend.js HTTP/1.1" 200 15385
172.20.0.100 - - [30/Jan/2024:11:16:43 +0800] "GET /xingrg/javascript/jquery_tools/jquery.tools.hotkey.js HTTP/1.1" 200 3242
172.20.0.100 - - [30/Jan/2024:11:16:43 +0800] "GET /xingrg/javascript/jquery_tools/list_manager.js HTTP/1.1" 200 3652
172.20.0.100 - - [30/Jan/2024:11:16:43 +0800] "GET /xingrg/javascript/jquery_tools/jquery.tools.table.js HTTP/1.1" 200 6994
172.20.0.100 - - [30/Jan/2024:11:16:43 +0800] "GET /xingrg/javascript/auto/jquery.autocomplete.js HTTP/1.1" 200 21624
172.20.0.100 - - [30/Jan/2024:11:16:43 +0800] "GET /xingrg/javascript/easyui/easyloader.js HTTP/1.1" 200 5975
172.20.0.100 - - [30/Jan/2024:11:16:43 +0800] "GET /xingrg/javascript/jquery.cookie.js HTTP/1.1" 200 5513
172.20.0.100 - - [30/Jan/2024:11:16:43 +0800] "GET /xingrg/javascript/print/LodopFuncs.js HTTP/1.1" 200 5121
172.20.0.100 - - [30/Jan/2024:11:16:43 +0800] "GET /xingrg/javascript/easyui/plugins/jquery.parser.js HTTP/1.1" 200 1142
172.20.0.100 - - [30/Jan/2024:11:16:43 +0800] "GET /xingrg/images/control/ajaxLoader.gif HTTP/1.1" 200 4659
172.20.0.100 - - [30/Jan/2024:11:16:43 +0800] "GET /xingrg/javascript/easyui/themes/icons/edit_add_new.png HTTP/1.1" 200 2997
172.20.0.100 - - [30/Jan/2024:11:16:43 +0800] "GET /xingrg/javascript/easyui/themes/icons/field_new.png HTTP/1.1" 200 1097
172.20.0.100 - - [30/Jan/2024:11:16:43 +0800] "GET /xingrg/javascript/easyui/themes/icons/import_new.png HTTP/1.1" 200 1247
172.20.0.100 - - [30/Jan/2024:11:16:45 +0800] "POST /xingrg/kc/buy/cgfk_list_operate.html HTTP/1.1" 200 919
180.169.147.146 - - [30/Jan/2024:11:16:45 +0800] "GET /xingrg/all/function/internal_message.html?_=1706584597358&CODE_STATE=getMsg HTTP/1.1" 200 27
120.253.135.82 - - [30/Jan/2024:11:16:46 +0800] "GET /xingrg/all/function/internal_message.html?_=1706584432590&CODE_STATE=getMsg HTTP/1.1" 200 27
101.83.241.3 - - [30/Jan/2024:11:16:49 +0800] "GET /xingrg/kc/buy/cgsh_order_add.html HTTP/1.1" 200 72389
101.83.241.3 - - [30/Jan/2024:11:16:49 +0800] "POST /xingrg/kc/buy/cgsh_order_operate.html HTTP/1.1" 200 8245
101.83.241.3 - - [30/Jan/2024:11:16:49 +0800] "GET /xingrg/javascript/easyui/themes/default/validatebox.css HTTP/1.1" 404 1104
172.20.0.100 - - [30/Jan/2024:11:16:54 +0800] "GET /xingrg/javascript/easyui/themes/default/images/button_plain_hover.png HTTP/1.1" 200 144
172.20.0.100 - - [30/Jan/2024:11:16:55 +0800] "GET /xingrg/kc/buy/cgfk_order_add.html HTTP/1.1" 200 61657
172.20.0.100 - - [30/Jan/2024:11:16:55 +0800] "GET /xingrg/javascript/jquery_tools/order_manager.js HTTP/1.1" 200 11183
172.20.0.100 - - [30/Jan/2024:11:16:55 +0800] "GET /xingrg/javascript/convert.js HTTP/1.1" 200 1239
172.20.0.100 - - [30/Jan/2024:11:16:55 +0800] "GET /xingrg/javascript/print/kc_print.js HTTP/1.1" 200 11415
172.20.0.100 - - [30/Jan/2024:11:16:55 +0800] "GET /xingrg/javascript/easyui/themes/icons/check_new.png HTTP/1.1" 200 3224
172.20.0.100 - - [30/Jan/2024:11:16:55 +0800] "GET /xingrg/javascript/easyui/themes/icons/print.png HTTP/1.1" 200 1057
172.20.0.100 - - [30/Jan/2024:11:16:55 +0800] "GET /xingrg/javascript/easyui/themes/default/images/menu_downarrow.png HTTP/1.1" 200 173
172.20.0.100 - - [30/Jan/2024:11:16:55 +0800] "GET /xingrg/javascript/easyui/themes/icons/cancel.png HTTP/1.1" 200 1133
116.238.97.31 - - [30/Jan/2024:11:16:56 +0800] "GET /xingrg/kc/buy/cgsh_order_list.html HTTP/1.1" 200 57403
116.238.97.31 - - [30/Jan/2024:11:16:58 +0800] "POST /xingrg/kc/buy/cgsh_list_operate.html HTTP/1.1" 200 986
114.95.241.104 - - [30/Jan/2024:11:16:59 +0800] "GET /xingrg/all/function/internal_message.html?_=1706584619191&CODE_STATE=getMsg HTTP/1.1" 200 27
116.238.97.31 - - [30/Jan/2024:11:16:59 +0800] "GET /xingrg/kc/buy/cgsh_order_add.html HTTP/1.1" 200 73220
116.238.97.31 - - [30/Jan/2024:11:17:00 +0800] "POST /xingrg/kc/buy/cgsh_order_operate.html HTTP/1.1" 200 8245
116.238.97.31 - - [30/Jan/2024:11:17:00 +0800] "GET /xingrg/javascript/easyui/themes/default/validatebox.css HTTP/1.1" 404 1104
222.70.168.244 - - [30/Jan/2024:11:17:08 +0800] "GET /xingrg/all/function/internal_message.html?_=1706584634730&CODE_STATE=getMsg HTTP/1.1" 200 27
180.164.1.25 - - [30/Jan/2024:11:17:09 +0800] "GET /xingrg/all/function/internal_message.html?_=1706584628940&CODE_STATE=getMsg HTTP/1.1" 200 27
101.228.146.191 - - [30/Jan/2024:11:17:10 +0800] "GET /xingrg/all/function/internal_message.html?_=1706584629418&CODE_STATE=getMsg HTTP/1.1" 200 27
172.20.0.100 - - [30/Jan/2024:11:17:13 +0800] "GET /xingrg/all/function/internal_message.html?_=1706584637935&CODE_STATE=getMsg HTTP/1.1" 200 27
180.169.147.146 - - [30/Jan/2024:11:17:15 +0800] "GET /xingrg/all/function/internal_message.html?_=1706584634687&CODE_STATE=getMsg HTTP/1.1" 200 27
124.78.154.219 - - [30/Jan/2024:11:17:16 +0800] "GET /xingrg/all/function/internal_message.html?_=1706584633702&CODE_STATE=getMsg HTTP/1.1" 200 27
101.83.241.3 - - [30/Jan/2024:11:17:21 +0800] "GET /xingrg/all/function/internal_message.html?_=1706584641515&CODE_STATE=getMsg HTTP/1.1" 200 27
101.83.241.3 - - [30/Jan/2024:11:17:21 +0800] "GET /xingrg/check_reg.html?_=1706584642062 HTTP/1.1" 200 22
114.95.241.104 - - [30/Jan/2024:11:17:23 +0800] "GET /xingrg/all/function/internal_message.html?_=1706584643327&CODE_STATE=getMsg HTTP/1.1" 200 27
124.78.154.219 - - [30/Jan/2024:11:17:24 +0800] "GET /xingrg/all/function/internal_message.html?_=1706584646554&CODE_STATE=getMsg HTTP/1.1" 200 27
116.238.97.31 - - [30/Jan/2024:11:17:24 +0800] "GET /xingrg/check_reg.html?_=1706584645202 HTTP/1.1" 200 22
116.238.97.31 - - [30/Jan/2024:11:17:24 +0800] "GET /xingrg/all/function/internal_message.html?_=1706584645348&CODE_STATE=getMsg HTTP/1.1" 200 27
116.238.110.144 - - [30/Jan/2024:11:17:24 +0800] "GET /xingrg/all/function/internal_message.html?_=1706584644021&CODE_STATE=getMsg HTTP/1.1" 200 27
124.78.68.102 - - [30/Jan/2024:11:17:27 +0800] "GET /xingrg/all/function/internal_message.html?_=1706584647324&CODE_STATE=getMsg HTTP/1.1" 200 27
116.238.97.31 - - [30/Jan/2024:11:17:29 +0800] "GET /xingrg/kc/buy/cgsh_order_operate.html?command=get_materiel&rest_code=00102&code=00102014138&supplier_code=00100151&order_time=2024-01-30 HTTP/1.1" 200 391
114.83.220.203 - - [30/Jan/2024:11:17:35 +0800] "GET /xingrg/all/function/internal_message.html?_=1706584654335&CODE_STATE=getMsg HTTP/1.1" 200 27
222.70.115.1 - - [30/Jan/2024:11:17:37 +0800] "GET /xingrg/all/function/internal_message.html?_=1706584659523&CODE_STATE=getMsg HTTP/1.1" 200 27
116.230.123.222 - - [30/Jan/2024:11:17:38 +0800] "GET /xingrg/all/function/internal_message.html?_=1706584657499&CODE_STATE=getMsg HTTP/1.1" 200 27
180.169.147.146 - - [30/Jan/2024:11:17:45 +0800] "GET /xingrg/all/function/internal_message.html?_=1706584657342&CODE_STATE=getMsg HTTP/1.1" 200 27
120.253.135.82 - - [30/Jan/2024:11:17:46 +0800] "GET /xingrg/all/function/internal_message.html?_=1706584492620&CODE_STATE=getMsg HTTP/1.1" 200 27
116.238.97.31 - - [30/Jan/2024:11:17:57 +0800] "POST /xingrg/kc/buy/cgsh_order_operate.html HTTP/1.1" 200 37
114.95.241.104 - - [30/Jan/2024:11:17:59 +0800] "GET /xingrg/all/function/internal_message.html?_=1706584679187&CODE_STATE=getMsg HTTP/1.1" 200 27
222.70.168.244 - - [30/Jan/2024:11:18:08 +0800] "GET /xingrg/all/function/internal_message.html?_=1706584694738&CODE_STATE=getMsg HTTP/1.1" 200 27
180.164.1.25 - - [30/Jan/2024:11:18:09 +0800] "GET /xingrg/all/function/internal_message.html?_=1706584688956&CODE_STATE=getMsg HTTP/1.1" 200 27
101.228.146.191 - - [30/Jan/2024:11:18:10 +0800] "GET /xingrg/all/function/internal_message.html?_=1706584689420&CODE_STATE=getMsg HTTP/1.1" 200 27
172.20.0.100 - - [30/Jan/2024:11:18:13 +0800] "GET /xingrg/all/function/internal_message.html?_=1706584697933&CODE_STATE=getMsg HTTP/1.1" 200 27
180.169.147.146 - - [30/Jan/2024:11:18:15 +0800] "GET /xingrg/all/function/internal_message.html?_=1706584694673&CODE_STATE=getMsg HTTP/1.1" 200 27
180.169.147.146 - - [30/Jan/2024:11:18:15 +0800] "GET /xingrg/check_reg.html?_=1706584695290 HTTP/1.1" 200 22
124.78.154.219 - - [30/Jan/2024:11:18:16 +0800] "GET /xingrg/all/function/internal_message.html?_=1706584693702&CODE_STATE=getMsg HTTP/1.1" 200 27
101.83.241.3 - - [30/Jan/2024:11:18:21 +0800] "GET /xingrg/all/function/internal_message.html?_=1706584701492&CODE_STATE=getMsg HTTP/1.1" 200 27
114.95.241.104 - - [30/Jan/2024:11:18:23 +0800] "GET /xingrg/all/function/internal_message.html?_=1706584703326&CODE_STATE=getMsg HTTP/1.1" 200 27
124.78.154.219 - - [30/Jan/2024:11:18:24 +0800] "GET /xingrg/all/function/internal_message.html?_=1706584706555&CODE_STATE=getMsg HTTP/1.1" 200 27
116.238.110.144 - - [30/Jan/2024:11:18:24 +0800] "GET /xingrg/all/function/internal_message.html?_=1706584704015&CODE_STATE=getMsg HTTP/1.1" 200 27
124.78.68.102 - - [30/Jan/2024:11:18:27 +0800] "GET /xingrg/all/function/internal_message.html?_=1706584707301&CODE_STATE=getMsg HTTP/1.1" 200 27
101.83.241.3 - - [30/Jan/2024:11:18:28 +0800] "GET /xingrg/kc/buy/cgsh_order_operate.html?command=get_materiel&rest_code=00154&code=00101010999&supplier_code=00100611&order_time=2024-01-30 HTTP/1.1" 200 420
114.83.220.203 - - [30/Jan/2024:11:18:35 +0800] "GET /xingrg/all/function/internal_message.html?_=1706584714319&CODE_STATE=getMsg HTTP/1.1" 200 27
222.70.115.1 - - [30/Jan/2024:11:18:37 +0800] "GET /xingrg/all/function/internal_message.html?_=1706584719529&CODE_STATE=getMsg HTTP/1.1" 200 27
116.230.123.222 - - [30/Jan/2024:11:18:38 +0800] "GET /xingrg/all/function/internal_message.html?_=1706584717484&CODE_STATE=getMsg HTTP/1.1" 200 27
180.169.147.146 - - [30/Jan/2024:11:18:45 +0800] "GET /xingrg/all/function/internal_message.html?_=1706584717326&CODE_STATE=getMsg HTTP/1.1" 200 27
120.253.135.82 - - [30/Jan/2024:11:18:46 +0800] "GET /xingrg/all/function/internal_message.html?_=1706584552651&CODE_STATE=getMsg HTTP/1.1" 200 27
222.70.168.244 - - [30/Jan/2024:11:18:52 +0800] "POST /xingrg/kc/buy/cgsh_order_operate.html HTTP/1.1" 200 37
101.83.241.3 - - [30/Jan/2024:11:18:56 +0800] "POST /xingrg/kc/buy/cgsh_order_operate.html HTTP/1.1" 200 88
114.95.241.104 - - [30/Jan/2024:11:18:59 +0800] "GET /xingrg/all/function/internal_message.html?_=1706584739190&CODE_STATE=getMsg HTTP/1.1" 200 27
116.238.97.31 - - [30/Jan/2024:11:19:00 +0800] "POST /xingrg/kc/buy/cgsh_order_operate.html HTTP/1.1" 200 12
222.70.168.244 - - [30/Jan/2024:11:19:04 +0800] "POST /xingrg/kc/buy/cgsh_order_operate.html HTTP/1.1" 200 12
116.238.97.31 - - [30/Jan/2024:11:19:05 +0800] "GET /xingrg/kc/buy/cgsh_order_info.html?code=212024013012889 HTTP/1.1" 200 68117
116.238.97.31 - - [30/Jan/2024:11:19:05 +0800] "GET /xingrg/javascript/easyui/themes/default/validatebox.css HTTP/1.1" 404 1104
116.238.97.31 - - [30/Jan/2024:11:19:06 +0800] "POST /xingrg/kc/buy/cgsh_order_operate.html HTTP/1.1" 200 602
116.238.97.31 - - [30/Jan/2024:11:19:08 +0800] "GET /xingrg/kc/print/load_data.html?order_code=212024013012889&kc_code=cgsh&condition= HTTP/1.1" 200 656
180.164.1.25 - - [30/Jan/2024:11:19:09 +0800] "GET /xingrg/all/function/internal_message.html?_=1706584748931&CODE_STATE=getMsg HTTP/1.1" 200 27
101.228.146.191 - - [30/Jan/2024:11:19:10 +0800] "GET /xingrg/all/function/internal_message.html?_=1706584749424&CODE_STATE=getMsg HTTP/1.1" 200 27
172.20.0.100 - - [30/Jan/2024:11:19:13 +0800] "GET /xingrg/all/function/internal_message.html?_=1706584757922&CODE_STATE=getMsg HTTP/1.1" 200 27
180.169.147.146 - - [30/Jan/2024:11:19:15 +0800] "GET /xingrg/all/function/internal_message.html?_=1706584754663&CODE_STATE=getMsg HTTP/1.1" 200 27
124.78.154.219 - - [30/Jan/2024:11:19:16 +0800] "GET /xingrg/all/function/internal_message.html?_=1706584753704&CODE_STATE=getMsg HTTP/1.1" 200 27
124.78.154.219 - - [30/Jan/2024:11:19:16 +0800] "GET /xingrg/check_reg.html?_=1706584753712 HTTP/1.1" 200 22
101.83.241.3 - - [30/Jan/2024:11:19:16 +0800] "POST /xingrg/kc/buy/cgsh_order_operate.html HTTP/1.1" 200 37
101.83.241.3 - - [30/Jan/2024:11:19:21 +0800] "GET /xingrg/all/function/internal_message.html?_=1706584761468&CODE_STATE=getMsg HTTP/1.1" 200 27
101.83.241.3 - - [30/Jan/2024:11:19:21 +0800] "POST /xingrg/kc/buy/cgsh_order_operate.html HTTP/1.1" 200 2668
222.70.168.244 - - [30/Jan/2024:11:19:21 +0800] "GET /xingrg/all/function/internal_message.html?_=1706584767496&CODE_STATE=getMsg HTTP/1.1" 200 27
222.70.168.244 - - [30/Jan/2024:11:19:21 +0800] "GET /xingrg/kc/buy/cgsh_order_info.html?code=212024013012890 HTTP/1.1" 200 68084
222.70.168.244 - - [30/Jan/2024:11:19:22 +0800] "GET /xingrg/javascript/easyui/themes/default/validatebox.css HTTP/1.1" 404 1104
114.95.241.104 - - [30/Jan/2024:11:19:23 +0800] "GET /xingrg/all/function/internal_message.html?_=1706584763326&CODE_STATE=getMsg HTTP/1.1" 200 27
222.70.168.244 - - [30/Jan/2024:11:19:23 +0800] "POST /xingrg/kc/buy/cgsh_order_operate.html HTTP/1.1" 200 2979
124.78.154.219 - - [30/Jan/2024:11:19:24 +0800] "GET /xingrg/all/function/internal_message.html?_=1706584766556&CODE_STATE=getMsg HTTP/1.1" 200 27
116.238.97.31 - - [30/Jan/2024:11:19:24 +0800] "GET /xingrg/all/function/internal_message.html?_=1706584765372&CODE_STATE=getMsg HTTP/1.1" 200 27
116.238.110.144 - - [30/Jan/2024:11:19:24 +0800] "GET /xingrg/all/function/internal_message.html?_=1706584764011&CODE_STATE=getMsg HTTP/1.1" 200 27
222.70.168.244 - - [30/Jan/2024:11:19:26 +0800] "GET /xingrg/kc/print/load_data.html?order_code=212024013012890&kc_code=cgsh&condition= HTTP/1.1" 200 1585
124.78.68.102 - - [30/Jan/2024:11:19:27 +0800] "GET /xingrg/all/function/internal_message.html?_=1706584767290&CODE_STATE=getMsg HTTP/1.1" 200 27
101.83.241.3 - - [30/Jan/2024:11:19:29 +0800] "POST /xingrg/kc/buy/cgsh_order_operate.html HTTP/1.1" 200 37
114.83.220.203 - - [30/Jan/2024:11:19:35 +0800] "GET /xingrg/all/function/internal_message.html?_=1706584774289&CODE_STATE=getMsg HTTP/1.1" 200 27
222.70.115.1 - - [30/Jan/2024:11:19:37 +0800] "GET /xingrg/all/function/internal_message.html?_=1706584779520&CODE_STATE=getMsg HTTP/1.1" 200 27
101.83.241.3 - - [30/Jan/2024:11:19:38 +0800] "POST /xingrg/kc/buy/cgsh_order_operate.html HTTP/1.1" 200 12
116.230.123.222 - - [30/Jan/2024:11:19:38 +0800] "GET /xingrg/all/function/internal_message.html?_=1706584777469&CODE_STATE=getMsg HTTP/1.1" 200 27
124.78.154.219 - - [30/Jan/2024:11:19:41 +0800] "GET /xingrg/kc/base/wldb_order_operate.html?command=get_materiel&rest_code=00106&base_code=0010397&code=00102002339 HTTP/1.1" 200 464
180.169.147.146 - - [30/Jan/2024:11:19:42 +0800] "GET /xingrg/check_reg.html?_=1706584774548 HTTP/1.1" 200 22
101.83.241.3 - - [30/Jan/2024:11:19:43 +0800] "GET /xingrg/kc/buy/cgsh_order_info.html?code=212024013012892 HTTP/1.1" 200 67304
101.83.241.3 - - [30/Jan/2024:11:19:44 +0800] "GET /xingrg/javascript/easyui/themes/default/validatebox.css HTTP/1.1" 404 1104
124.78.154.219 - - [30/Jan/2024:11:19:44 +0800] "POST /xingrg/kc/base/wldb_list_operate.html HTTP/1.1" 200 4941
101.83.241.3 - - [30/Jan/2024:11:19:45 +0800] "POST /xingrg/kc/buy/cgsh_order_operate.html HTTP/1.1" 200 618
180.169.147.146 - - [30/Jan/2024:11:19:45 +0800] "GET /xingrg/all/function/internal_message.html?_=1706584777298&CODE_STATE=getMsg HTTP/1.1" 200 27
124.78.154.219 - - [30/Jan/2024:11:19:46 +0800] "POST /xingrg/kc/base/wldb_list_operate.html HTTP/1.1" 200 369
120.253.135.82 - - [30/Jan/2024:11:19:46 +0800] "GET /xingrg/all/function/internal_message.html?_=1706584612676&CODE_STATE=getMsg HTTP/1.1" 200 27
101.83.241.3 - - [30/Jan/2024:11:19:49 +0800] "GET /xingrg/kc/print/load_data.html?order_code=212024013012892&kc_code=cgsh&condition= HTTP/1.1" 200 713
114.95.241.104 - - [30/Jan/2024:11:19:59 +0800] "GET /xingrg/all/function/internal_message.html?_=1706584799182&CODE_STATE=getMsg HTTP/1.1" 200 27
180.164.1.25 - - [30/Jan/2024:11:20:09 +0800] "GET /xingrg/all/function/internal_message.html?_=1706584808939&CODE_STATE=getMsg HTTP/1.1" 200 27
180.164.1.25 - - [30/Jan/2024:11:20:09 +0800] "GET /xingrg/check_reg.html?_=1706584808943 HTTP/1.1" 200 22
101.228.146.191 - - [30/Jan/2024:11:20:10 +0800] "GET /xingrg/all/function/internal_message.html?_=1706584809422&CODE_STATE=getMsg HTTP/1.1" 200 27
172.20.0.100 - - [30/Jan/2024:11:20:13 +0800] "GET /xingrg/all/function/internal_message.html?_=1706584817937&CODE_STATE=getMsg HTTP/1.1" 200 27
180.169.147.146 - - [30/Jan/2024:11:20:15 +0800] "GET /xingrg/all/function/internal_message.html?_=1706584814640&CODE_STATE=getMsg HTTP/1.1" 200 27
124.78.154.219 - - [30/Jan/2024:11:20:16 +0800] "GET /xingrg/all/function/internal_message.html?_=1706584813719&CODE_STATE=getMsg HTTP/1.1" 200 27
180.163.30.27 - - [30/Jan/2024:11:20:17 +0800] "GET /xingrg/check_reg.html?_=1706584753712 HTTP/1.1" 302 -
180.163.30.27 - - [30/Jan/2024:11:20:17 +0800] "GET /xingrg/login.html HTTP/1.1" 200 7641
101.83.241.3 - - [30/Jan/2024:11:20:21 +0800] "GET /xingrg/all/function/internal_message.html?_=1706584821455&CODE_STATE=getMsg HTTP/1.1" 200 27
222.70.168.244 - - [30/Jan/2024:11:20:21 +0800] "GET /xingrg/all/function/internal_message.html?_=1706584827525&CODE_STATE=getMsg HTTP/1.1" 200 27
120.253.135.82 - - [30/Jan/2024:11:20:22 +0800] "GET /xingrg/check_reg.html?_=1706584647914 HTTP/1.1" 200 22
114.95.241.104 - - [30/Jan/2024:11:20:23 +0800] "GET /xingrg/all/function/internal_message.html?_=1706584823320&CODE_STATE=getMsg HTTP/1.1" 200 27
124.78.154.219 - - [30/Jan/2024:11:20:24 +0800] "GET /xingrg/check_reg.html?_=1706584826581 HTTP/1.1" 200 22
124.78.154.219 - - [30/Jan/2024:11:20:24 +0800] "GET /xingrg/all/function/internal_message.html?_=1706584826585&CODE_STATE=getMsg HTTP/1.1" 200 27
116.238.97.31 - - [30/Jan/2024:11:20:24 +0800] "GET /xingrg/all/function/internal_message.html?_=1706584825355&CODE_STATE=getMsg HTTP/1.1" 200 27
116.238.110.144 - - [30/Jan/2024:11:20:24 +0800] "GET /xingrg/all/function/internal_message.html?_=1706584824010&CODE_STATE=getMsg HTTP/1.1" 200 27
124.78.68.102 - - [30/Jan/2024:11:20:27 +0800] "GET /xingrg/all/function/internal_message.html?_=1706584827269&CODE_STATE=getMsg HTTP/1.1" 200 27
114.83.220.203 - - [30/Jan/2024:11:20:35 +0800] "GET /xingrg/all/function/internal_message.html?_=1706584834273&CODE_STATE=getMsg HTTP/1.1" 200 27
222.70.115.1 - - [30/Jan/2024:11:20:37 +0800] "GET /xingrg/all/function/internal_message.html?_=1706584839525&CODE_STATE=getMsg HTTP/1.1" 200 27
222.70.115.1 - - [30/Jan/2024:11:20:37 +0800] "GET /xingrg/check_reg.html?_=1706584839534 HTTP/1.1" 200 22
116.230.123.222 - - [30/Jan/2024:11:20:38 +0800] "GET /xingrg/all/function/internal_message.html?_=1706584837454&CODE_STATE=getMsg HTTP/1.1" 200 27
124.78.68.102 - - [30/Jan/2024:11:20:44 +0800] "GET /xingrg/check_reg.html?_=1706584844335 HTTP/1.1" 200 22
222.70.168.244 - - [30/Jan/2024:11:20:44 +0800] "GET /xingrg/check_reg.html?_=1706584850376 HTTP/1.1" 200 22
180.169.147.146 - - [30/Jan/2024:11:20:45 +0800] "GET /xingrg/all/function/internal_message.html?_=1706584837284&CODE_STATE=getMsg HTTP/1.1" 200 27
120.253.135.82 - - [30/Jan/2024:11:20:46 +0800] "GET /xingrg/all/function/internal_message.html?_=1706584672692&CODE_STATE=getMsg HTTP/1.1" 200 27
114.95.241.104 - - [30/Jan/2024:11:20:52 +0800] "GET /xingrg/index.html?sysBaseUrl=http%3A%2F%2F180.169.147.146%3A18081%2Fxingrg%2F&costTime=14×tamp=1698040851670 HTTP/1.1" 302 -
114.95.241.104 - - [30/Jan/2024:11:20:52 +0800] "GET /xingrg/login.html HTTP/1.1" 200 7641
114.95.241.104 - - [30/Jan/2024:11:20:52 +0800] "GET /favicon.ico HTTP/1.1" 404 -
114.95.241.104 - - [30/Jan/2024:11:20:59 +0800] "GET /xingrg/all/function/internal_message.html?_=1706584859193&CODE_STATE=getMsg HTTP/1.1" 200 27
114.95.241.104 - - [30/Jan/2024:11:20:59 +0800] "GET /xingrg/check_reg.html?_=1706584859196 HTTP/1.1" 200 22
114.95.241.104 - - [30/Jan/2024:11:21:02 +0800] "POST /xingrg/login.do HTTP/1.1" 302 -
114.95.241.104 - - [30/Jan/2024:11:21:02 +0800] "GET /xingrg/index.html?sysBaseUrl=http%3A%2F%2F180.169.147.146%3A18081%2Fxingrg%2F&costTime=875×tamp=1706584862369 HTTP/1.1" 200 17177
114.95.241.104 - - [30/Jan/2024:11:21:02 +0800] "GET /favicon.ico HTTP/1.1" 404 -
114.95.241.104 - - [30/Jan/2024:11:21:02 +0800] "GET /xingrg/all/function/internal_message.html?_=1706584862752&CODE_STATE=count HTTP/1.1" 200 11
114.95.241.104 - - [30/Jan/2024:11:21:02 +0800] "GET /xingrg/check_reg.html?_=1706584862754 HTTP/1.1" 200 22
114.95.241.104 - - [30/Jan/2024:11:21:02 +0800] "POST /xingrg/all/common/load_tree.html?tree=area_rest_tree_json&manage=1 HTTP/1.1" 200 476
114.95.241.104 - - [30/Jan/2024:11:21:02 +0800] "POST /xingrg/load_menu.html HTTP/1.1" 200 5138
114.95.241.104 - - [30/Jan/2024:11:21:05 +0800] "POST /xingrg/all/user/operate.html HTTP/1.1" 200 36
114.95.241.104 - - [30/Jan/2024:11:21:05 +0800] "GET /xingrg/index.html?sysBaseUrl=http%3A%2F%2F180.169.147.146%3A18081%2Fxingrg%2F&costTime=875×tamp=1706584862369 HTTP/1.1" 200 17179
114.95.241.104 - - [30/Jan/2024:11:21:05 +0800] "GET /xingrg/javascript/jquery_easy_ui/themes/default/easyui.css HTTP/1.1" 304 -
114.95.241.104 - - [30/Jan/2024:11:21:05 +0800] "GET /xingrg/javascript/jquery_easy_ui/themes/icon.css HTTP/1.1" 304 -
114.95.241.104 - - [30/Jan/2024:11:21:05 +0800] "GET /xingrg/css/form.css HTTP/1.1" 304 -
114.95.241.104 - - [30/Jan/2024:11:21:05 +0800] "GET /xingrg/javascript/jquery-1.4.2.min.js HTTP/1.1" 304 -
114.95.241.104 - - [30/Jan/2024:11:21:05 +0800] "GET /xingrg/javascript/jquery_easy_ui/jquery.easyui.min.js HTTP/1.1" 304 -
114.95.241.104 - - [30/Jan/2024:11:21:05 +0800] "GET /xingrg/javascript/jquery_easy_ui/easyui-lang-zh_CN.js HTTP/1.1" 304 -
114.95.241.104 - - [30/Jan/2024:11:21:05 +0800] "GET /xingrg/javascript/jquery.form.js HTTP/1.1" 304 -
114.95.241.104 - - [30/Jan/2024:11:21:05 +0800] "GET /xingrg/javascript/jquery.utils.js HTTP/1.1" 304 -
114.95.241.104 - - [30/Jan/2024:11:21:05 +0800] "GET /xingrg/javascript/jquery.timers.js HTTP/1.1" 304 -
114.95.241.104 - - [30/Jan/2024:11:21:05 +0800] "GET /xingrg/images/blue/jxLogo.png HTTP/1.1" 304 -
114.95.241.104 - - [30/Jan/2024:11:21:05 +0800] "GET /xingrg/images/blue/navBackgound.jpg HTTP/1.1" 304 -
114.95.241.104 - - [30/Jan/2024:11:21:05 +0800] "GET /xingrg/javascript/jquery_easy_ui/themes/icons/settle_new.png HTTP/1.1" 304 -
114.95.241.104 - - [30/Jan/2024:11:21:05 +0800] "GET /xingrg/all/function/internal_message.html?_=1706584865923&CODE_STATE=count HTTP/1.1" 200 11
114.95.241.104 - - [30/Jan/2024:11:21:05 +0800] "GET /xingrg/check_reg.html?_=1706584865923 HTTP/1.1" 200 22
114.95.241.104 - - [30/Jan/2024:11:21:05 +0800] "GET /xingrg/javascript/jquery_easy_ui/themes/default/images/panel_tool_collapse.gif HTTP/1.1" 304 -
114.95.241.104 - - [30/Jan/2024:11:21:05 +0800] "GET /xingrg/javascript/jquery_easy_ui/themes/default/images/tabs_leftarrow.png HTTP/1.1" 304 -
114.95.241.104 - - [30/Jan/2024:11:21:05 +0800] "GET /xingrg/javascript/jquery_easy_ui/themes/default/images/tabs_rightarrow.png HTTP/1.1" 304 -
114.95.241.104 - - [30/Jan/2024:11:21:05 +0800] "GET /xingrg/images/blue/pingpu.png HTTP/1.1" 304 -
114.95.241.104 - - [30/Jan/2024:11:21:05 +0800] "POST /xingrg/all/common/load_tree.html?tree=area_rest_tree_json&manage=1 HTTP/1.1" 200 476
114.95.241.104 - - [30/Jan/2024:11:21:06 +0800] "POST /xingrg/load_menu.html HTTP/1.1" 200 5138
114.95.241.104 - - [30/Jan/2024:11:21:07 +0800] "GET /xingrg/kc/base/wldb_order_list.html HTTP/1.1" 200 19019
114.95.241.104 - - [30/Jan/2024:11:21:08 +0800] "POST /xingrg/kc/base/wldb_list_operate.html HTTP/1.1" 200 928
114.95.241.104 - - [30/Jan/2024:11:21:09 +0800] "GET /xingrg/kc/base/wldb_order_add.html HTTP/1.1" 200 30350
114.95.241.104 - - [30/Jan/2024:11:21:09 +0800] "GET /xingrg/all/common/auto_word.html?type=base&rest_code=00150 HTTP/1.1" 200 1853
114.95.241.104 - - [30/Jan/2024:11:21:09 +0800] "GET /xingrg/all/common/auto_word.html?type=base&rest_code=00150 HTTP/1.1" 200 1853
114.95.241.104 - - [30/Jan/2024:11:21:09 +0800] "GET /xingrg/javascript/easyui/themes/default/validatebox.css HTTP/1.1" 404 1104
180.164.1.25 - - [30/Jan/2024:11:21:09 +0800] "GET /xingrg/all/function/internal_message.html?_=1706584868938&CODE_STATE=getMsg HTTP/1.1" 200 27
114.95.241.104 - - [30/Jan/2024:11:21:09 +0800] "POST /xingrg/kc/base/wldb_order_operate.html HTTP/1.1" 200 6806
101.228.146.191 - - [30/Jan/2024:11:21:10 +0800] "GET /xingrg/check_reg.html?_=1706584869422 HTTP/1.1" 200 22
101.228.146.191 - - [30/Jan/2024:11:21:10 +0800] "GET /xingrg/all/function/internal_message.html?_=1706584869424&CODE_STATE=getMsg HTTP/1.1" 200 27
101.83.241.3 - - [30/Jan/2024:11:21:13 +0800] "GET /xingrg/login.html HTTP/1.1" 200 7641
114.95.241.104 - - [30/Jan/2024:11:21:13 +0800] "GET /xingrg/javascript/auto/indicator.gif HTTP/1.1" 404 1066
172.20.0.100 - - [30/Jan/2024:11:21:13 +0800] "GET /xingrg/all/function/internal_message.html?_=1706584877935&CODE_STATE=getMsg HTTP/1.1" 200 27
172.20.0.100 - - [30/Jan/2024:11:21:13 +0800] "GET /xingrg/check_reg.html?_=1706584877936 HTTP/1.1" 200 22
101.83.241.3 - - [30/Jan/2024:11:21:13 +0800] "GET /favicon.ico HTTP/1.1" 404 -
180.169.147.146 - - [30/Jan/2024:11:21:15 +0800] "GET /xingrg/all/function/internal_message.html?_=1706584874616&CODE_STATE=getMsg HTTP/1.1" 200 27
101.83.241.3 - - [30/Jan/2024:11:21:16 +0800] "POST /xingrg/login.do HTTP/1.1" 302 -
101.83.241.3 - - [30/Jan/2024:11:21:16 +0800] "GET /xingrg/index.html?sysBaseUrl=http%3A%2F%2F180.169.147.146%3A18081%2Fxingrg%2F&costTime=860×tamp=1706584876047 HTTP/1.1" 200 17179
124.78.154.219 - - [30/Jan/2024:11:21:16 +0800] "GET /xingrg/all/function/internal_message.html?_=1706584873713&CODE_STATE=getMsg HTTP/1.1" 200 27
101.83.241.3 - - [30/Jan/2024:11:21:16 +0800] "GET /favicon.ico HTTP/1.1" 404 -
101.83.241.3 - - [30/Jan/2024:11:21:16 +0800] "GET /xingrg/check_reg.html?_=1706584876791 HTTP/1.1" 200 22
101.83.241.3 - - [30/Jan/2024:11:21:16 +0800] "GET /xingrg/all/function/internal_message.html?_=1706584876790&CODE_STATE=count HTTP/1.1" 200 11
101.83.241.3 - - [30/Jan/2024:11:21:16 +0800] "POST /xingrg/all/common/load_tree.html?tree=area_rest_tree_json&manage=1 HTTP/1.1" 200 351
101.83.241.3 - - [30/Jan/2024:11:21:16 +0800] "POST /xingrg/load_menu.html HTTP/1.1" 200 5138
101.83.145.37 - - [30/Jan/2024:11:21:18 +0800] "GET /xingrg/index.html?sysBaseUrl=http%3A%2F%2F180.169.147.146%3A18081%2Fxingrg%2F&costTime=36×tamp=1585223203754 HTTP/1.1" 302 -
101.83.145.37 - - [30/Jan/2024:11:21:18 +0800] "GET /xingrg/login.html HTTP/1.1" 200 7641
101.83.145.37 - - [30/Jan/2024:11:21:19 +0800] "GET /favicon.ico HTTP/1.1" 404 -
114.95.241.104 - - [30/Jan/2024:11:21:19 +0800] "GET /xingrg/kc/base/wldb_order_operate.html?command=get_materiel&rest_code=00150&base_code=0010446&code=00102002685 HTTP/1.1" 200 454
222.70.168.244 - - [30/Jan/2024:11:21:21 +0800] "GET /xingrg/all/function/internal_message.html?_=1706584887539&CODE_STATE=getMsg HTTP/1.1" 200 27
124.78.154.219 - - [30/Jan/2024:11:21:24 +0800] "GET /xingrg/all/function/internal_message.html?_=1706584886564&CODE_STATE=getMsg HTTP/1.1" 200 27
116.238.97.31 - - [30/Jan/2024:11:21:24 +0800] "GET /xingrg/all/function/internal_message.html?_=1706584885337&CODE_STATE=getMsg HTTP/1.1" 200 27
101.83.241.3 - - [30/Jan/2024:11:21:24 +0800] "GET /xingrg/kc/buy/cgsh_order_list.html HTTP/1.1" 200 57414
101.83.145.37 - - [30/Jan/2024:11:21:24 +0800] "POST /xingrg/login.do HTTP/1.1" 200 2421
116.238.110.144 - - [30/Jan/2024:11:21:24 +0800] "GET /xingrg/all/function/internal_message.html?_=1706584884012&CODE_STATE=getMsg HTTP/1.1" 200 27
116.238.110.144 - - [30/Jan/2024:11:21:24 +0800] "GET /xingrg/check_reg.html?_=1706584884016 HTTP/1.1" 200 22
101.83.145.37 - - [30/Jan/2024:11:21:24 +0800] "GET /favicon.ico HTTP/1.1" 404 -
124.78.154.219 - - [30/Jan/2024:11:21:25 +0800] "GET /xingrg/kc/base/base_main.html HTTP/1.1" 200 12142
101.83.145.37 - - [30/Jan/2024:11:21:26 +0800] "GET /xingrg/login.html HTTP/1.1" 200 7641
101.83.145.37 - - [30/Jan/2024:11:21:26 +0800] "GET /favicon.ico HTTP/1.1" 404 -
101.83.241.3 - - [30/Jan/2024:11:21:27 +0800] "POST /xingrg/kc/buy/cgsh_list_operate.html HTTP/1.1" 200 986
124.78.68.102 - - [30/Jan/2024:11:21:27 +0800] "GET /xingrg/all/function/internal_message.html?_=1706584887268&CODE_STATE=getMsg HTTP/1.1" 200 27
101.83.145.37 - - [30/Jan/2024:11:21:28 +0800] "POST /xingrg/login.do HTTP/1.1" 302 -
101.83.145.37 - - [30/Jan/2024:11:21:28 +0800] "GET /xingrg/index.html?sysBaseUrl=http%3A%2F%2F180.169.147.146%3A18081%2Fxingrg%2F&costTime=1100×tamp=1706584888121 HTTP/1.1" 200 17173
101.83.145.37 - - [30/Jan/2024:11:21:28 +0800] "GET /favicon.ico HTTP/1.1" 404 -
114.95.241.104 - - [30/Jan/2024:11:21:28 +0800] "GET /xingrg/kc/base/wldb_order_operate.html?command=get_materiel&rest_code=00150&base_code=0010446&code=00102002197 HTTP/1.1" 200 459
101.83.145.37 - - [30/Jan/2024:11:21:28 +0800] "GET /xingrg/all/function/internal_message.html?_=1706584888551&CODE_STATE=count HTTP/1.1" 200 11
101.83.145.37 - - [30/Jan/2024:11:21:28 +0800] "GET /xingrg/check_reg.html?_=1706584888552 HTTP/1.1" 200 22
101.83.145.37 - - [30/Jan/2024:11:21:28 +0800] "POST /xingrg/all/common/load_tree.html?tree=area_rest_tree_json&manage=1 HTTP/1.1" 200 3624
101.83.145.37 - - [30/Jan/2024:11:21:28 +0800] "POST /xingrg/load_menu.html HTTP/1.1" 200 5138
101.83.145.37 - - [30/Jan/2024:11:21:32 +0800] "GET /xingrg/kc/buy/cgsh_order_list.html HTTP/1.1" 200 57403
114.95.241.104 - - [30/Jan/2024:11:21:33 +0800] "GET /xingrg/kc/base/wldb_order_operate.html?command=get_materiel&rest_code=00150&base_code=0010446&code=00102002198 HTTP/1.1" 200 450
114.83.220.203 - - [30/Jan/2024:11:21:35 +0800] "GET /xingrg/all/function/internal_message.html?_=1706584894254&CODE_STATE=getMsg HTTP/1.1" 200 27
222.70.115.1 - - [30/Jan/2024:11:21:37 +0800] "GET /xingrg/all/function/internal_message.html?_=1706584899518&CODE_STATE=getMsg HTTP/1.1" 200 27
114.83.220.203 - - [30/Jan/2024:11:21:37 +0800] "GET /xingrg/check_reg.html?_=1706584896333 HTTP/1.1" 200 22
116.230.123.222 - - [30/Jan/2024:11:21:38 +0800] "GET /xingrg/all/function/internal_message.html?_=1706584897438&CODE_STATE=getMsg HTTP/1.1" 200 27
101.83.241.3 - - [30/Jan/2024:11:21:38 +0800] "POST /xingrg/kc/buy/cgsh_list_operate.html HTTP/1.1" 200 6199
116.230.123.222 - - [30/Jan/2024:11:21:39 +0800] "GET /xingrg/check_reg.html?_=1706584898626 HTTP/1.1" 200 22
114.95.241.104 - - [30/Jan/2024:11:21:42 +0800] "POST /xingrg/kc/base/wldb_order_operate.html HTTP/1.1" 200 37
180.169.147.146 - - [30/Jan/2024:11:21:45 +0800] "GET /xingrg/all/function/internal_message.html?_=1706584897295&CODE_STATE=getMsg HTTP/1.1" 200 27
120.253.135.82 - - [30/Jan/2024:11:21:46 +0800] "GET /xingrg/all/function/internal_message.html?_=1706584732712&CODE_STATE=getMsg HTTP/1.1" 200 27
114.95.241.104 - - [30/Jan/2024:11:21:49 +0800] "POST /xingrg/kc/base/wldb_order_operate.html HTTP/1.1" 200 12
114.95.241.104 - - [30/Jan/2024:11:21:49 +0800] "POST /xingrg/kc/base/wldb_order_operate.html HTTP/1.1" 200 3187
114.95.241.104 - - [30/Jan/2024:11:21:51 +0800] "GET /xingrg/kc/base/wldb_order_info.html?code=422024013003308 HTTP/1.1" 200 26231
101.83.241.3 - - [30/Jan/2024:11:21:52 +0800] "POST /xingrg/kc/buy/cgsh_list_operate.html HTTP/1.1" 200 4343
114.95.241.104 - - [30/Jan/2024:11:21:52 +0800] "GET /xingrg/javascript/easyui/themes/default/validatebox.css HTTP/1.1" 404 1104
101.83.145.37 - - [30/Jan/2024:11:21:52 +0800] "POST /xingrg/kc/buy/cgsh_list_operate.html HTTP/1.1" 200 4781
114.95.241.104 - - [30/Jan/2024:11:21:52 +0800] "POST /xingrg/kc/base/wldb_order_operate.html HTTP/1.1" 200 1459
101.83.145.37 - - [30/Jan/2024:11:21:55 +0800] "GET /xingrg/kc/buy/cgsh_order_add.html HTTP/1.1" 200 73267
101.83.145.37 - - [30/Jan/2024:11:21:55 +0800] "GET /xingrg/javascript/easyui/themes/default/validatebox.css HTTP/1.1" 404 1104
101.83.145.37 - - [30/Jan/2024:11:21:55 +0800] "POST /xingrg/kc/buy/cgsh_order_operate.html HTTP/1.1" 200 8245
101.83.145.37 - - [30/Jan/2024:11:21:55 +0800] "GET /xingrg/all/common/auto_word.html?type=employee&rest_code=00105 HTTP/1.1" 200 193
101.83.145.37 - - [30/Jan/2024:11:21:55 +0800] "GET /xingrg/all/common/auto_word.html?type=employee&rest_code=00105 HTTP/1.1" 200 193
101.83.145.37 - - [30/Jan/2024:11:21:57 +0800] "GET /xingrg/javascript/auto/indicator.gif HTTP/1.1" 404 1066
114.95.241.104 - - [30/Jan/2024:11:21:59 +0800] "GET /xingrg/all/function/internal_message.html?_=1706584919187&CODE_STATE=getMsg HTTP/1.1" 200 27
101.83.241.3 - - [30/Jan/2024:11:22:00 +0800] "POST /xingrg/kc/buy/cgsh_list_operate.html HTTP/1.1" 200 209
101.83.241.3 - - [30/Jan/2024:11:22:02 +0800] "GET /xingrg/kc/buy/cgsh_order_info.html?code=212024013012892 HTTP/1.1" 200 67304
101.83.241.3 - - [30/Jan/2024:11:22:02 +0800] "GET /xingrg/javascript/easyui/themes/default/validatebox.css HTTP/1.1" 404 1104
101.83.241.3 - - [30/Jan/2024:11:22:04 +0800] "POST /xingrg/kc/buy/cgsh_order_operate.html HTTP/1.1" 200 618
114.95.241.104 - - [30/Jan/2024:11:22:05 +0800] "GET /xingrg/all/function/internal_message.html?_=1706584925947&CODE_STATE=getMsg HTTP/1.1" 200 27
101.83.241.3 - - [30/Jan/2024:11:22:06 +0800] "GET /xingrg/kc/print/load_config.html?kc_code=cgsh HTTP/1.1" 200 1927
101.83.241.3 - - [30/Jan/2024:11:22:07 +0800] "GET /xingrg/kc/print/load_data.html?order_code=212024013012892&kc_code=cgsh&condition= HTTP/1.1" 200 713
101.83.145.37 - - [30/Jan/2024:11:22:08 +0800] "GET /xingrg/kc/buy/cgsh_order_operate.html?command=get_materiel&rest_code=00105&code=00101010772&supplier_code=&order_time=2024-01-30 HTTP/1.1" 200 456
180.164.1.25 - - [30/Jan/2024:11:22:09 +0800] "GET /xingrg/all/function/internal_message.html?_=1706584928955&CODE_STATE=getMsg HTTP/1.1" 200 27
101.228.146.191 - - [30/Jan/2024:11:22:10 +0800] "GET /xingrg/all/function/internal_message.html?_=1706584929422&CODE_STATE=getMsg HTTP/1.1" 200 27
172.20.0.100 - - [30/Jan/2024:11:22:13 +0800] "GET /xingrg/all/function/internal_message.html?_=1706584937935&CODE_STATE=getMsg HTTP/1.1" 200 27
180.169.147.146 - - [30/Jan/2024:11:22:15 +0800] "GET /xingrg/all/function/internal_message.html?_=1706584934592&CODE_STATE=getMsg HTTP/1.1" 200 27
180.163.30.100 - - [30/Jan/2024:11:22:16 +0800] "GET /xingrg/all/function/internal_message.html?_=1706584873713&CODE_STATE=getMsg HTTP/1.1" 302 -
180.163.30.100 - - [30/Jan/2024:11:22:16 +0800] "GET /xingrg/login.html HTTP/1.1" 200 7641
124.78.154.219 - - [30/Jan/2024:11:22:16 +0800] "GET /xingrg/all/function/internal_message.html?_=1706584933714&CODE_STATE=getMsg HTTP/1.1" 200 27
101.83.241.3 - - [30/Jan/2024:11:22:16 +0800] "GET /xingrg/all/function/internal_message.html?_=1706584936813&CODE_STATE=getMsg HTTP/1.1" 200 27
222.70.168.244 - - [30/Jan/2024:11:22:21 +0800] "GET /xingrg/all/function/internal_message.html?_=1706584947855&CODE_STATE=getMsg HTTP/1.1" 200 27
124.78.154.219 - - [30/Jan/2024:11:22:24 +0800] "GET /xingrg/all/function/internal_message.html?_=1706584946577&CODE_STATE=getMsg HTTP/1.1" 200 27
116.238.97.31 - - [30/Jan/2024:11:22:24 +0800] "GET /xingrg/check_reg.html?_=1706584945187 HTTP/1.1" 200 22
116.238.97.31 - - [30/Jan/2024:11:22:24 +0800] "GET /xingrg/all/function/internal_message.html?_=1706584945327&CODE_STATE=getMsg HTTP/1.1" 200 27
116.238.110.144 - - [30/Jan/2024:11:22:24 +0800] "GET /xingrg/all/function/internal_message.html?_=1706584944015&CODE_STATE=getMsg HTTP/1.1" 200 27
124.78.68.102 - - [30/Jan/2024:11:22:27 +0800] "GET /xingrg/all/function/internal_message.html?_=1706584947247&CODE_STATE=getMsg HTTP/1.1" 200 27
101.83.145.37 - - [30/Jan/2024:11:22:28 +0800] "GET /xingrg/all/function/internal_message.html?_=1706584948574&CODE_STATE=getMsg HTTP/1.1" 200 27
114.83.220.203 - - [30/Jan/2024:11:22:35 +0800] "GET /xingrg/all/function/internal_message.html?_=1706584954228&CODE_STATE=getMsg HTTP/1.1" 200 27
222.70.115.1 - - [30/Jan/2024:11:22:37 +0800] "GET /xingrg/all/function/internal_message.html?_=1706584959548&CODE_STATE=getMsg HTTP/1.1" 200 27
116.230.123.222 - - [30/Jan/2024:11:22:38 +0800] "GET /xingrg/all/function/internal_message.html?_=1706584957424&CODE_STATE=getMsg HTTP/1.1" 200 27
180.169.147.146 - - [30/Jan/2024:11:22:45 +0800] "GET /xingrg/all/function/internal_message.html?_=1706584957278&CODE_STATE=getMsg HTTP/1.1" 200 27
120.253.135.82 - - [30/Jan/2024:11:22:46 +0800] "GET /xingrg/all/function/internal_message.html?_=1706584792729&CODE_STATE=getMsg HTTP/1.1" 200 27
222.70.168.244 - - [30/Jan/2024:11:22:49 +0800] "POST /xingrg/services/DataTransmitService HTTP/1.1" 401 565
222.70.168.244 - - [30/Jan/2024:11:22:49 +0800] "POST /xingrg/services/DataTransmitService HTTP/1.1" 200 478
222.70.168.244 - - [30/Jan/2024:11:22:49 +0800] "POST /xingrg/services/DataTransmitService HTTP/1.1" 200 1319
222.70.168.244 - - [30/Jan/2024:11:22:49 +0800] "POST /xingrg/services/DataTransmitService HTTP/1.1" 200 478
222.70.168.244 - - [30/Jan/2024:11:22:49 +0800] "POST /xingrg/services/DataTransmitService HTTP/1.1" 200 1319
222.70.168.244 - - [30/Jan/2024:11:22:49 +0800] "POST /xingrg/services/DataTransmitService HTTP/1.1" 200 524
222.70.168.244 - - [30/Jan/2024:11:22:50 +0800] "POST /xingrg/services/DataTransmitService HTTP/1.1" 200 2331
222.70.168.244 - - [30/Jan/2024:11:22:51 +0800] "POST /xingrg/services/DataTransmitService HTTP/1.1" 200 184896
114.95.241.104 - - [30/Jan/2024:11:22:59 +0800] "GET /xingrg/all/function/internal_message.html?_=1706584979210&CODE_STATE=getMsg HTTP/1.1" 200 27
114.95.241.104 - - [30/Jan/2024:11:23:05 +0800] "GET /xingrg/all/function/internal_message.html?_=1706584985948&CODE_STATE=getMsg HTTP/1.1" 200 27
124.78.154.219 - - [30/Jan/2024:11:23:06 +0800] "GET /xingrg/kc/base/base_main.html HTTP/1.1" 200 12142
172.20.0.100 - - [30/Jan/2024:11:23:08 +0800] "GET /xingrg/kc/pszx/ps_main.html HTTP/1.1" 200 13361
124.78.154.219 - - [30/Jan/2024:11:23:08 +0800] "GET /xingrg/kc/base/wldb_order_list.html HTTP/1.1" 200 19013
124.78.154.219 - - [30/Jan/2024:11:23:09 +0800] "POST /xingrg/kc/base/wldb_list_operate.html HTTP/1.1" 200 4941
180.164.1.25 - - [30/Jan/2024:11:23:09 +0800] "GET /xingrg/all/function/internal_message.html?_=1706584988945&CODE_STATE=getMsg HTTP/1.1" 200 27
101.228.146.191 - - [30/Jan/2024:11:23:10 +0800] "GET /xingrg/all/function/internal_message.html?_=1706584989422&CODE_STATE=getMsg HTTP/1.1" 200 27
172.20.0.100 - - [30/Jan/2024:11:23:12 +0800] "GET /xingrg/kc/report/report_main.html HTTP/1.1" 200 8579
124.78.154.219 - - [30/Jan/2024:11:23:12 +0800] "GET /xingrg/kc/base/base_main.html HTTP/1.1" 200 12142
116.230.123.222 - - [30/Jan/2024:11:23:13 +0800] "GET /xingrg/kc/base/check_order_list.html HTTP/1.1" 200 16132
172.20.0.100 - - [30/Jan/2024:11:23:13 +0800] "GET /xingrg/all/report/report_query.html?fileName=kc/buy/yfk_hz_supplier_rest.xml HTTP/1.1" 200 55049
172.20.0.100 - - [30/Jan/2024:11:23:13 +0800] "GET /xingrg/dwr/interface/AjaxReportQueryService.js HTTP/1.1" 200 13203
172.20.0.100 - - [30/Jan/2024:11:23:13 +0800] "GET /xingrg/dwr/engine.js HTTP/1.1" 200 43631
116.230.123.222 - - [30/Jan/2024:11:23:13 +0800] "POST /xingrg/kc/base/check_list_operate.html HTTP/1.1" 200 781
172.20.0.100 - - [30/Jan/2024:11:23:13 +0800] "POST /xingrg/dwr/call/plaincall/AjaxReportQueryService.getFixDate.dwr HTTP/1.1" 200 111
172.20.0.100 - - [30/Jan/2024:11:23:13 +0800] "GET /xingrg/all/function/internal_message.html?_=1706584997928&CODE_STATE=getMsg HTTP/1.1" 200 27
172.20.0.100 - - [30/Jan/2024:11:23:13 +0800] "POST /xingrg/all/common/load_tree.html?tree=area_rest_tree_json&manage=1 HTTP/1.1" 200 3624
172.20.0.100 - - [30/Jan/2024:11:23:14 +0800] "POST /xingrg/all/common/load_tree.html?tree=supplier_tree_json&manage=1 HTTP/1.1" 200 80277
124.78.154.219 - - [30/Jan/2024:11:23:14 +0800] "GET /xingrg/kc/base/wldb_order_list.html HTTP/1.1" 200 19013
180.169.147.146 - - [30/Jan/2024:11:23:15 +0800] "GET /xingrg/all/function/internal_message.html?_=1706584994568&CODE_STATE=getMsg HTTP/1.1" 200 27
124.78.154.219 - - [30/Jan/2024:11:23:15 +0800] "POST /xingrg/kc/base/wldb_list_operate.html HTTP/1.1" 200 4941
116.230.123.222 - - [30/Jan/2024:11:23:15 +0800] "GET /xingrg/kc/base/check_order_add.html HTTP/1.1" 200 26322
116.230.123.222 - - [30/Jan/2024:11:23:15 +0800] "GET /xingrg/javascript/jquery_easy_ui/themes/icon.css HTTP/1.1" 200 3949
116.230.123.222 - - [30/Jan/2024:11:23:15 +0800] "GET /xingrg/css/blue.css HTTP/1.1" 200 15949
116.230.123.222 - - [30/Jan/2024:11:23:15 +0800] "GET /xingrg/css/table.css HTTP/1.1" 200 3684
116.230.123.222 - - [30/Jan/2024:11:23:15 +0800] "GET /xingrg/javascript/jquery_easy_ui/themes/default/easyui.css HTTP/1.1" 200 26500
116.230.123.222 - - [30/Jan/2024:11:23:15 +0800] "GET /xingrg/dwr/interface/AjaxComOrderService.js HTTP/1.1" 200 18264
116.230.123.222 - - [30/Jan/2024:11:23:15 +0800] "GET /xingrg/dwr/util.js HTTP/1.1" 200 35990
116.230.123.222 - - [30/Jan/2024:11:23:15 +0800] "GET /xingrg/javascript/Calendar.js HTTP/1.1" 200 31561
116.230.123.222 - - [30/Jan/2024:11:23:15 +0800] "GET /xingrg/dwr/engine.js HTTP/1.1" 200 43631
116.230.123.222 - - [30/Jan/2024:11:23:15 +0800] "GET /xingrg/javascript/myfunction.js HTTP/1.1" 200 24559
116.230.123.222 - - [30/Jan/2024:11:23:15 +0800] "GET /xingrg/javascript/AjaxInfoList.js HTTP/1.1" 200 3774
116.230.123.222 - - [30/Jan/2024:11:23:15 +0800] "GET /xingrg/dwr/interface/AjaxCheckService.js HTTP/1.1" 200 14003
116.230.123.222 - - [30/Jan/2024:11:23:15 +0800] "GET /xingrg/javascript/jquery-1.4.2.min.js HTTP/1.1" 200 72205
116.230.123.222 - - [30/Jan/2024:11:23:15 +0800] "GET /xingrg/javascript/jquery_easy_ui/jquery.easyui.min.js HTTP/1.1" 200 213662
180.169.147.146 - - [30/Jan/2024:11:23:15 +0800] "GET /xingrg/check_reg.html?_=1706584995268 HTTP/1.1" 200 22
124.78.154.219 - - [30/Jan/2024:11:23:16 +0800] "GET /xingrg/all/function/internal_message.html?_=1706584993718&CODE_STATE=getMsg HTTP/1.1" 200 27
101.83.241.3 - - [30/Jan/2024:11:23:16 +0800] "GET /xingrg/all/function/internal_message.html?_=1706584996801&CODE_STATE=getMsg HTTP/1.1" 200 27
124.78.154.219 - - [30/Jan/2024:11:23:19 +0800] "POST /xingrg/kc/base/wldb_list_operate.html HTTP/1.1" 200 304
116.230.123.222 - - [30/Jan/2024:11:23:19 +0800] "POST /xingrg/dwr/call/plaincall/AjaxCheckService.saveOrder.dwr HTTP/1.1" 200 78
172.20.0.100 - - [30/Jan/2024:11:23:20 +0800] "POST /xingrg/dwr/call/plaincall/AjaxReportQueryService.refreshCache.dwr HTTP/1.1" 200 78
124.78.154.219 - - [30/Jan/2024:11:23:20 +0800] "POST /xingrg/kc/base/wldb_list_operate.html HTTP/1.1" 200 628
222.70.168.244 - - [30/Jan/2024:11:23:21 +0800] "GET /xingrg/all/function/internal_message.html?_=1706585007862&CODE_STATE=getMsg HTTP/1.1" 200 27
116.230.123.222 - - [30/Jan/2024:11:23:22 +0800] "POST /xingrg/dwr/call/plaincall/AjaxCheckService.loadOrderItems.dwr HTTP/1.1" 200 367
124.78.154.219 - - [30/Jan/2024:11:23:22 +0800] "POST /xingrg/kc/base/wldb_list_operate.html HTTP/1.1" 200 203
172.20.0.100 - - [30/Jan/2024:11:23:22 +0800] "POST /xingrg/all/report/load_report_page.html HTTP/1.1" 200 116815
172.20.0.100 - - [30/Jan/2024:11:23:22 +0800] "GET /xingrg/servlets/image?cache=0.7376696055011619&image=px HTTP/1.1" 200 807
116.230.123.222 - - [30/Jan/2024:11:23:22 +0800] "GET /xingrg/javascript/jquery_easy_ui/themes/default/images/panel_title.png HTTP/1.1" 200 266
116.230.123.222 - - [30/Jan/2024:11:23:22 +0800] "GET /xingrg/javascript/jquery_easy_ui/themes/default/images/button_a_bg.gif HTTP/1.1" 200 1194
116.230.123.222 - - [30/Jan/2024:11:23:22 +0800] "GET /xingrg/javascript/jquery_easy_ui/themes/default/images/panel_tools.gif HTTP/1.1" 200 737
116.230.123.222 - - [30/Jan/2024:11:23:22 +0800] "GET /xingrg/javascript/jquery_easy_ui/themes/default/images/button_span_bg.gif HTTP/1.1" 200 2061
116.230.123.222 - - [30/Jan/2024:11:23:22 +0800] "GET /xingrg/javascript/jquery_easy_ui/themes/icons/pencil.png HTTP/1.1" 200 713
124.78.154.219 - - [30/Jan/2024:11:23:24 +0800] "POST /xingrg/kc/base/wldb_list_operate.html HTTP/1.1" 200 565
124.78.154.219 - - [30/Jan/2024:11:23:24 +0800] "GET /xingrg/all/function/internal_message.html?_=1706585006577&CODE_STATE=getMsg HTTP/1.1" 200 27
116.238.97.31 - - [30/Jan/2024:11:23:24 +0800] "GET /xingrg/all/function/internal_message.html?_=1706585005304&CODE_STATE=getMsg HTTP/1.1" 200 27
116.238.110.144 - - [30/Jan/2024:11:23:24 +0800] "GET /xingrg/all/function/internal_message.html?_=1706585004014&CODE_STATE=getMsg HTTP/1.1" 200 27
124.78.154.219 - - [30/Jan/2024:11:23:25 +0800] "POST /xingrg/kc/base/wldb_list_operate.html HTTP/1.1" 200 630
124.78.68.102 - - [30/Jan/2024:11:23:27 +0800] "GET /xingrg/all/function/internal_message.html?_=1706585007237&CODE_STATE=getMsg HTTP/1.1" 200 27
101.83.145.37 - - [30/Jan/2024:11:23:28 +0800] "GET /xingrg/all/function/internal_message.html?_=1706585008560&CODE_STATE=getMsg HTTP/1.1" 200 27
114.83.220.203 - - [30/Jan/2024:11:23:35 +0800] "GET /xingrg/all/function/internal_message.html?_=1706585014215&CODE_STATE=getMsg HTTP/1.1" 200 27
116.230.123.222 - - [30/Jan/2024:11:23:36 +0800] "POST /xingrg/dwr/call/plaincall/AjaxCheckService.importOrderItems.dwr HTTP/1.1" 200 78
222.70.115.1 - - [30/Jan/2024:11:23:37 +0800] "GET /xingrg/all/function/internal_message.html?_=1706585019555&CODE_STATE=getMsg HTTP/1.1" 200 27
116.230.123.222 - - [30/Jan/2024:11:23:37 +0800] "POST /xingrg/dwr/call/plaincall/AjaxCheckService.loadOrderItems.dwr HTTP/1.1" 200 50407
116.230.123.222 - - [30/Jan/2024:11:23:37 +0800] "GET /xingrg/javascript/jquery_easy_ui/themes/icons/no.png HTTP/1.1" 200 922
116.230.123.222 - - [30/Jan/2024:11:23:38 +0800] "GET /xingrg/all/function/internal_message.html?_=1706585017551&CODE_STATE=getMsg HTTP/1.1" 200 27
222.70.168.244 - - [30/Jan/2024:11:23:40 +0800] "POST /xingrg/services/DataTransmitService HTTP/1.1" 200 45454
222.70.168.244 - - [30/Jan/2024:11:23:40 +0800] "POST /xingrg/services/DataTransmitService HTTP/1.1" 200 19237
116.230.123.222 - - [30/Jan/2024:11:23:41 +0800] "GET /xingrg/kc/print/load_config.html?_=1706585020845&kc_code=check HTTP/1.1" 200 2488
116.230.123.222 - - [30/Jan/2024:11:23:42 +0800] "GET /xingrg/kc/print/load_data.html?_=1706585021137&order_code=452024013000215&kc_code=check&condition= HTTP/1.1" 200 14021
180.169.147.146 - - [30/Jan/2024:11:23:45 +0800] "GET /xingrg/all/function/internal_message.html?_=1706585017248&CODE_STATE=getMsg HTTP/1.1" 200 27
222.70.168.244 - - [30/Jan/2024:11:23:45 +0800] "POST /xingrg/services/DataTransmitService HTTP/1.1" 200 524
120.253.135.82 - - [30/Jan/2024:11:23:46 +0800] "GET /xingrg/all/function/internal_message.html?_=1706584852741&CODE_STATE=getMsg HTTP/1.1" 200 27
114.95.241.104 - - [30/Jan/2024:11:23:59 +0800] "GET /xingrg/all/function/internal_message.html?_=1706585039190&CODE_STATE=getMsg HTTP/1.1" 200 27
114.95.241.104 - - [30/Jan/2024:11:24:05 +0800] "GET /xingrg/all/function/internal_message.html?_=1706585045948&CODE_STATE=getMsg HTTP/1.1" 200 27
124.78.154.219 - - [30/Jan/2024:11:24:07 +0800] "POST /xingrg/kc/base/wldb_list_operate.html HTTP/1.1" 200 4
116.230.123.222 - - [30/Jan/2024:11:24:07 +0800] "GET /xingrg/kc/base/check_order_list.html?isBack=1 HTTP/1.1" 200 16132
116.230.123.222 - - [30/Jan/2024:11:24:08 +0800] "POST /xingrg/kc/base/check_list_operate.html HTTP/1.1" 200 1554
116.230.123.222 - - [30/Jan/2024:11:24:09 +0800] "GET /xingrg/kc/base/check_order_add.html HTTP/1.1" 200 26322
116.230.123.222 - - [30/Jan/2024:11:24:09 +0800] "GET /xingrg/dwr/interface/AjaxComOrderService.js HTTP/1.1" 200 18264
116.230.123.222 - - [30/Jan/2024:11:24:09 +0800] "GET /xingrg/dwr/interface/AjaxCheckService.js HTTP/1.1" 200 14003
116.230.123.222 - - [30/Jan/2024:11:24:09 +0800] "GET /xingrg/dwr/engine.js HTTP/1.1" 200 43631
222.70.168.244 - - [30/Jan/2024:11:24:09 +0800] "POST /xingrg/services/DataTransmitService HTTP/1.1" 200 501
180.164.1.25 - - [30/Jan/2024:11:24:09 +0800] "GET /xingrg/all/function/internal_message.html?_=1706585048934&CODE_STATE=getMsg HTTP/1.1" 200 27
101.228.146.191 - - [30/Jan/2024:11:24:10 +0800] "GET /xingrg/all/function/internal_message.html?_=1706585049421&CODE_STATE=getMsg HTTP/1.1" 200 27
114.83.220.203 - - [30/Jan/2024:11:24:12 +0800] "GET /xingrg/kc/base/check_order_list.html HTTP/1.1" 200 16138
172.20.0.100 - - [30/Jan/2024:11:24:13 +0800] "GET /xingrg/all/function/internal_message.html?_=1706585057933&CODE_STATE=getMsg HTTP/1.1" 200 27
114.83.220.203 - - [30/Jan/2024:11:24:13 +0800] "POST /xingrg/kc/base/check_list_operate.html HTTP/1.1" 200 781
180.169.147.146 - - [30/Jan/2024:11:24:15 +0800] "GET /xingrg/all/function/internal_message.html?_=1706585054558&CODE_STATE=getMsg HTTP/1.1" 200 27
124.78.154.219 - - [30/Jan/2024:11:24:16 +0800] "GET /xingrg/check_reg.html?_=1706585053723 HTTP/1.1" 200 22
124.78.154.219 - - [30/Jan/2024:11:24:16 +0800] "GET /xingrg/all/function/internal_message.html?_=1706585053727&CODE_STATE=getMsg HTTP/1.1" 200 27
116.230.123.222 - - [30/Jan/2024:11:24:16 +0800] "POST /xingrg/dwr/call/plaincall/AjaxCheckService.saveOrder.dwr HTTP/1.1" 200 78
114.83.220.203 - - [30/Jan/2024:11:24:16 +0800] "GET /xingrg/kc/base/check_order_add.html HTTP/1.1" 200 26480
101.83.241.3 - - [30/Jan/2024:11:24:16 +0800] "GET /xingrg/all/function/internal_message.html?_=1706585056809&CODE_STATE=getMsg HTTP/1.1" 200 27
114.83.220.203 - - [30/Jan/2024:11:24:16 +0800] "GET /xingrg/dwr/interface/AjaxComOrderService.js HTTP/1.1" 200 18264
114.83.220.203 - - [30/Jan/2024:11:24:16 +0800] "GET /xingrg/dwr/interface/AjaxCheckService.js HTTP/1.1" 200 14003
114.83.220.203 - - [30/Jan/2024:11:24:16 +0800] "GET /xingrg/dwr/engine.js HTTP/1.1" 200 43631
114.83.220.203 - - [30/Jan/2024:11:24:16 +0800] "GET /xingrg/dwr/util.js HTTP/1.1" 200 35990
116.230.123.222 - - [30/Jan/2024:11:24:17 +0800] "POST /xingrg/dwr/call/plaincall/AjaxCheckService.loadOrderItems.dwr HTTP/1.1" 200 367
222.70.168.244 - - [30/Jan/2024:11:24:22 +0800] "GET /xingrg/all/function/internal_message.html?_=1706585068021&CODE_STATE=getMsg HTTP/1.1" 200 27
116.230.123.222 - - [30/Jan/2024:11:24:22 +0800] "POST /xingrg/dwr/call/plaincall/AjaxCheckService.importOrderItems.dwr HTTP/1.1" 200 78
124.78.154.219 - - [30/Jan/2024:11:24:24 +0800] "POST /xingrg/kc/base/wldb_list_operate.html HTTP/1.1" 200 2973
