114.83.220.203 - - [30/Jan/2024:10:38:04 +0800] "GET /xingrg/all/common/auto_word.html?type=base&rest_code=00149 HTTP/1.1" 200 1907
114.83.220.203 - - [30/Jan/2024:10:38:04 +0800] "GET /xingrg/javascript/easyui/themes/default/validatebox.css HTTP/1.1" 404 1104
114.83.220.203 - - [30/Jan/2024:10:38:04 +0800] "POST /xingrg/kc/base/wldb_order_operate.html HTTP/1.1" 200 6806
180.169.147.146 - - [30/Jan/2024:10:38:06 +0800] "GET /xingrg/all/function/internal_message.html?_=1706582286080&CODE_STATE=getMsg HTTP/1.1" 200 27
180.164.1.25 - - [30/Jan/2024:10:38:09 +0800] "GET /xingrg/all/function/internal_message.html?_=1706582288935&CODE_STATE=getMsg HTTP/1.1" 200 27
101.228.146.191 - - [30/Jan/2024:10:38:10 +0800] "GET /xingrg/all/function/internal_message.html?_=1706582289396&CODE_STATE=getMsg HTTP/1.1" 200 27
222.70.168.244 - - [30/Jan/2024:10:38:12 +0800] "GET /xingrg/kc/buy/cgsh_order_operate.html?command=get_materiel&rest_code=00146&code=00101004074&supplier_code=00100199&order_time=2024-01-30 HTTP/1.1" 200 406
114.83.220.203 - - [30/Jan/2024:10:38:13 +0800] "GET /xingrg/kc/base/wldb_order_operate.html?command=get_materiel&rest_code=00149&base_code=0010400&code=00101002027 HTTP/1.1" 200 436
172.20.0.100 - - [30/Jan/2024:10:38:13 +0800] "GET /xingrg/all/function/internal_message.html?_=1706582297904&CODE_STATE=getMsg HTTP/1.1" 200 27
101.228.146.191 - - [30/Jan/2024:10:38:15 +0800] "GET /xingrg/javascript/jquery_easy_ui/themes/icons/area.png HTTP/1.1" 304 -
101.228.146.191 - - [30/Jan/2024:10:38:15 +0800] "GET /xingrg/javascript/jquery_easy_ui/themes/icons/rest.png HTTP/1.1" 304 -
180.169.147.146 - - [30/Jan/2024:10:38:15 +0800] "GET /xingrg/all/function/internal_message.html?_=1706582295332&CODE_STATE=getMsg HTTP/1.1" 200 27
180.169.147.146 - - [30/Jan/2024:10:38:15 +0800] "GET /xingrg/check_reg.html?_=1706582295410 HTTP/1.1" 200 22
222.70.168.244 - - [30/Jan/2024:10:38:16 +0800] "POST /xingrg/services/DataTransmitService HTTP/1.1" 200 524
222.70.168.244 - - [30/Jan/2024:10:38:17 +0800] "POST /xingrg/services/DataTransmitService HTTP/1.1" 200 2331
101.83.241.3 - - [30/Jan/2024:10:38:18 +0800] "GET /xingrg/kc/buy/cgsh_order_add.html HTTP/1.1" 200 72389
101.83.241.3 - - [30/Jan/2024:10:38:19 +0800] "POST /xingrg/kc/buy/cgsh_order_operate.html HTTP/1.1" 200 8245
101.83.241.3 - - [30/Jan/2024:10:38:19 +0800] "GET /xingrg/javascript/easyui/themes/default/validatebox.css HTTP/1.1" 404 1104
101.83.241.3 - - [30/Jan/2024:10:38:21 +0800] "GET /xingrg/all/function/internal_message.html?_=1706582302044&CODE_STATE=getMsg HTTP/1.1" 200 27
114.95.241.104 - - [30/Jan/2024:10:38:23 +0800] "GET /xingrg/all/function/internal_message.html?_=1706582303346&CODE_STATE=getMsg HTTP/1.1" 200 27
116.238.97.31 - - [30/Jan/2024:10:38:24 +0800] "GET /xingrg/all/function/internal_message.html?_=1706582305051&CODE_STATE=getMsg HTTP/1.1" 200 27
124.78.68.102 - - [30/Jan/2024:10:38:28 +0800] "GET /xingrg/all/function/internal_message.html?_=1706582308079&CODE_STATE=getMsg HTTP/1.1" 200 27
101.83.145.37 - - [30/Jan/2024:10:38:28 +0800] "GET /xingrg/all/function/internal_message.html?_=1706582308997&CODE_STATE=getMsg HTTP/1.1" 200 27
114.83.220.203 - - [30/Jan/2024:10:38:30 +0800] "POST /xingrg/kc/base/wldb_order_operate.html HTTP/1.1" 200 37
222.70.168.244 - - [30/Jan/2024:10:38:30 +0800] "POST /xingrg/kc/buy/cgsh_order_operate.html HTTP/1.1" 200 37
114.83.220.203 - - [30/Jan/2024:10:38:31 +0800] "POST /xingrg/kc/base/wldb_order_operate.html HTTP/1.1" 200 2186
114.83.220.203 - - [30/Jan/2024:10:38:32 +0800] "GET /xingrg/kc/base/wldb_order_info.html?code=422024013003270 HTTP/1.1" 200 30363
114.83.220.203 - - [30/Jan/2024:10:38:32 +0800] "GET /xingrg/javascript/easyui/themes/default/validatebox.css HTTP/1.1" 404 1104
114.83.220.203 - - [30/Jan/2024:10:38:33 +0800] "POST /xingrg/kc/base/wldb_order_operate.html HTTP/1.1" 200 2186
114.83.220.203 - - [30/Jan/2024:10:38:36 +0800] "GET /xingrg/all/function/internal_message.html?_=1706582315088&CODE_STATE=getMsg HTTP/1.1" 200 27
222.70.115.1 - - [30/Jan/2024:10:38:37 +0800] "GET /xingrg/all/function/internal_message.html?_=1706582319450&CODE_STATE=getMsg HTTP/1.1" 200 27
116.230.123.222 - - [30/Jan/2024:10:38:38 +0800] "GET /xingrg/all/function/internal_message.html?_=1706582318184&CODE_STATE=getMsg HTTP/1.1" 200 27
120.253.135.82 - - [30/Jan/2024:10:38:46 +0800] "GET /xingrg/all/function/internal_message.html?_=1706582151888&CODE_STATE=getMsg HTTP/1.1" 200 27
101.83.241.3 - - [30/Jan/2024:10:38:49 +0800] "POST /xingrg/kc/buy/cgsh_order_operate.html HTTP/1.1" 200 37
222.70.168.244 - - [30/Jan/2024:10:38:49 +0800] "POST /xingrg/kc/buy/cgsh_order_operate.html HTTP/1.1" 200 5030
101.83.241.3 - - [30/Jan/2024:10:38:57 +0800] "POST /xingrg/kc/buy/cgsh_order_operate.html HTTP/1.1" 200 12
222.70.168.244 - - [30/Jan/2024:10:38:58 +0800] "POST /xingrg/services/DataTransmitService HTTP/1.1" 200 524
114.95.241.104 - - [30/Jan/2024:10:38:59 +0800] "GET /xingrg/all/function/internal_message.html?_=1706582339193&CODE_STATE=getMsg HTTP/1.1" 200 27
222.70.168.244 - - [30/Jan/2024:10:38:59 +0800] "POST /xingrg/services/DataTransmitService HTTP/1.1" 200 2331
124.78.154.219 - - [30/Jan/2024:10:39:00 +0800] "GET /xingrg/all/function/internal_message.html?_=1706582337962&CODE_STATE=getMsg HTTP/1.1" 200 27
124.78.154.219 - - [30/Jan/2024:10:39:01 +0800] "GET /xingrg/check_reg.html?_=1706582338839 HTTP/1.1" 200 22
180.169.147.146 - - [30/Jan/2024:10:39:06 +0800] "GET /xingrg/all/function/internal_message.html?_=1706582346065&CODE_STATE=getMsg HTTP/1.1" 200 27
222.70.168.244 - - [30/Jan/2024:10:39:06 +0800] "GET /xingrg/all/function/internal_message.html?_=1706582352694&CODE_STATE=getMsg HTTP/1.1" 200 27
222.70.168.244 - - [30/Jan/2024:10:39:09 +0800] "GET /xingrg/kc/print/load_data.html?order_code=212024013012873&kc_code=cgsh&condition= HTTP/1.1" 200 1579
180.164.1.25 - - [30/Jan/2024:10:39:09 +0800] "GET /xingrg/all/function/internal_message.html?_=1706582348956&CODE_STATE=getMsg HTTP/1.1" 200 27
101.228.146.191 - - [30/Jan/2024:10:39:10 +0800] "GET /xingrg/all/function/internal_message.html?_=1706582349406&CODE_STATE=getMsg HTTP/1.1" 200 27
172.20.0.100 - - [30/Jan/2024:10:39:13 +0800] "GET /xingrg/all/function/internal_message.html?_=1706582357903&CODE_STATE=getMsg HTTP/1.1" 200 27
180.169.147.146 - - [30/Jan/2024:10:39:15 +0800] "GET /xingrg/all/function/internal_message.html?_=1706582355324&CODE_STATE=getMsg HTTP/1.1" 200 27
114.95.241.104 - - [30/Jan/2024:10:39:23 +0800] "GET /xingrg/all/function/internal_message.html?_=1706582363327&CODE_STATE=getMsg HTTP/1.1" 200 27
116.238.97.31 - - [30/Jan/2024:10:39:24 +0800] "GET /xingrg/all/function/internal_message.html?_=1706582365040&CODE_STATE=getMsg HTTP/1.1" 200 27
124.78.68.102 - - [30/Jan/2024:10:39:27 +0800] "GET /xingrg/all/function/internal_message.html?_=1706582368050&CODE_STATE=getMsg HTTP/1.1" 200 27
101.83.145.37 - - [30/Jan/2024:10:39:28 +0800] "GET /xingrg/all/function/internal_message.html?_=1706582368998&CODE_STATE=getMsg HTTP/1.1" 200 27
114.83.220.203 - - [30/Jan/2024:10:39:36 +0800] "GET /xingrg/all/function/internal_message.html?_=1706582375059&CODE_STATE=getMsg HTTP/1.1" 200 27
222.70.115.1 - - [30/Jan/2024:10:39:37 +0800] "GET /xingrg/all/function/internal_message.html?_=1706582379449&CODE_STATE=getMsg HTTP/1.1" 200 27
116.230.123.222 - - [30/Jan/2024:10:39:38 +0800] "GET /xingrg/all/function/internal_message.html?_=1706582378168&CODE_STATE=getMsg HTTP/1.1" 200 27
101.83.241.3 - - [30/Jan/2024:10:39:40 +0800] "GET /xingrg/kc/buy/cgsh_order_info.html?code=212024013012874 HTTP/1.1" 200 67298
101.83.241.3 - - [30/Jan/2024:10:39:41 +0800] "GET /xingrg/javascript/easyui/themes/default/validatebox.css HTTP/1.1" 404 1104
101.83.241.3 - - [30/Jan/2024:10:39:42 +0800] "POST /xingrg/kc/buy/cgsh_order_operate.html HTTP/1.1" 200 616
101.83.241.3 - - [30/Jan/2024:10:39:45 +0800] "GET /xingrg/kc/print/load_data.html?order_code=212024013012874&kc_code=cgsh&condition= HTTP/1.1" 200 733
120.253.135.82 - - [30/Jan/2024:10:39:46 +0800] "GET /xingrg/all/function/internal_message.html?_=1706582211915&CODE_STATE=getMsg HTTP/1.1" 200 27
114.95.241.104 - - [30/Jan/2024:10:39:59 +0800] "GET /xingrg/all/function/internal_message.html?_=1706582399176&CODE_STATE=getMsg HTTP/1.1" 200 27
124.78.154.219 - - [30/Jan/2024:10:40:00 +0800] "GET /xingrg/all/function/internal_message.html?_=1706582397932&CODE_STATE=getMsg HTTP/1.1" 200 27
180.169.147.146 - - [30/Jan/2024:10:40:06 +0800] "GET /xingrg/all/function/internal_message.html?_=1706582406073&CODE_STATE=getMsg HTTP/1.1" 200 27
180.169.147.146 - - [30/Jan/2024:10:40:06 +0800] "GET /xingrg/check_reg.html?_=1706582406075 HTTP/1.1" 200 22
222.70.168.244 - - [30/Jan/2024:10:40:07 +0800] "GET /xingrg/all/function/internal_message.html?_=1706582412830&CODE_STATE=getMsg HTTP/1.1" 200 27
180.164.1.25 - - [30/Jan/2024:10:40:09 +0800] "GET /xingrg/check_reg.html?_=1706582408942 HTTP/1.1" 200 22
180.164.1.25 - - [30/Jan/2024:10:40:09 +0800] "GET /xingrg/all/function/internal_message.html?_=1706582408944&CODE_STATE=getMsg HTTP/1.1" 200 27
101.228.146.191 - - [30/Jan/2024:10:40:10 +0800] "GET /xingrg/all/function/internal_message.html?_=1706582409391&CODE_STATE=getMsg HTTP/1.1" 200 27
116.230.109.177 - - [30/Jan/2024:10:40:11 +0800] "POST /xingrg/services/DataTransmitService HTTP/1.1" 200 524
116.230.109.177 - - [30/Jan/2024:10:40:12 +0800] "POST /xingrg/services/DataTransmitService HTTP/1.1" 200 2067
172.20.0.100 - - [30/Jan/2024:10:40:13 +0800] "GET /xingrg/all/function/internal_message.html?_=1706582417901&CODE_STATE=getMsg HTTP/1.1" 200 27
180.169.147.146 - - [30/Jan/2024:10:40:15 +0800] "GET /xingrg/all/function/internal_message.html?_=1706582415306&CODE_STATE=getMsg HTTP/1.1" 200 27
101.83.145.37 - - [30/Jan/2024:10:40:19 +0800] "POST /xingrg/kc/base/wldb_order_operate.html HTTP/1.1" 200 37
101.83.145.37 - - [30/Jan/2024:10:40:20 +0800] "POST /xingrg/kc/base/wldb_order_operate.html HTTP/1.1" 200 3157
101.83.145.37 - - [30/Jan/2024:10:40:21 +0800] "GET /xingrg/kc/base/wldb_order_info.html?code=422024013003268 HTTP/1.1" 200 30358
101.83.145.37 - - [30/Jan/2024:10:40:21 +0800] "GET /xingrg/javascript/easyui/themes/default/validatebox.css HTTP/1.1" 404 1104
101.83.241.3 - - [30/Jan/2024:10:40:21 +0800] "GET /xingrg/all/function/internal_message.html?_=1706582422059&CODE_STATE=getMsg HTTP/1.1" 200 27
120.253.135.82 - - [30/Jan/2024:10:40:22 +0800] "GET /xingrg/check_reg.html?_=1706582247859 HTTP/1.1" 200 22
101.83.145.37 - - [30/Jan/2024:10:40:22 +0800] "POST /xingrg/kc/base/wldb_order_operate.html HTTP/1.1" 200 3157
114.95.241.104 - - [30/Jan/2024:10:40:23 +0800] "GET /xingrg/all/function/internal_message.html?_=1706582423343&CODE_STATE=getMsg HTTP/1.1" 200 27
116.238.97.31 - - [30/Jan/2024:10:40:24 +0800] "GET /xingrg/all/function/internal_message.html?_=1706582425013&CODE_STATE=getMsg HTTP/1.1" 200 27
101.83.145.37 - - [30/Jan/2024:10:40:25 +0800] "GET /xingrg/kc/base/wldb_order_list.html HTTP/1.1" 200 19013
101.83.241.3 - - [30/Jan/2024:10:40:25 +0800] "GET /xingrg/kc/buy/cgsh_order_add.html HTTP/1.1" 200 72389
101.83.241.3 - - [30/Jan/2024:10:40:26 +0800] "POST /xingrg/kc/buy/cgsh_order_operate.html HTTP/1.1" 200 8245
101.83.241.3 - - [30/Jan/2024:10:40:26 +0800] "GET /xingrg/javascript/easyui/themes/default/validatebox.css HTTP/1.1" 404 1104
101.83.145.37 - - [30/Jan/2024:10:40:26 +0800] "POST /xingrg/kc/base/wldb_list_operate.html HTTP/1.1" 200 2951
124.78.68.102 - - [30/Jan/2024:10:40:27 +0800] "GET /xingrg/all/function/internal_message.html?_=1706582428027&CODE_STATE=getMsg HTTP/1.1" 200 27
101.83.145.37 - - [30/Jan/2024:10:40:28 +0800] "GET /xingrg/all/function/internal_message.html?_=1706582429010&CODE_STATE=getMsg HTTP/1.1" 200 27
101.83.241.3 - - [30/Jan/2024:10:40:30 +0800] "GET /xingrg/system/info/materiel_import.html?isSelect=1&singleSelect=false HTTP/1.1" 200 5600
101.83.241.3 - - [30/Jan/2024:10:40:31 +0800] "GET /favicon.ico HTTP/1.1" 404 -
101.83.241.3 - - [30/Jan/2024:10:40:31 +0800] "POST /xingrg/all/common/load_tree.html?tree=materiel_sort_tree_json HTTP/1.1" 200 9734
114.83.220.203 - - [30/Jan/2024:10:40:36 +0800] "GET /xingrg/all/function/internal_message.html?_=1706582435032&CODE_STATE=getMsg HTTP/1.1" 200 27
222.70.115.1 - - [30/Jan/2024:10:40:37 +0800] "GET /xingrg/all/function/internal_message.html?_=1706582439440&CODE_STATE=getMsg HTTP/1.1" 200 27
222.70.115.1 - - [30/Jan/2024:10:40:37 +0800] "GET /xingrg/check_reg.html?_=1706582439442 HTTP/1.1" 200 22
116.230.123.222 - - [30/Jan/2024:10:40:38 +0800] "GET /xingrg/all/function/internal_message.html?_=1706582438153&CODE_STATE=getMsg HTTP/1.1" 200 27
101.83.241.3 - - [30/Jan/2024:10:40:41 +0800] "GET /xingrg/kc/buy/cgsh_order_operate.html?command=get_materiel&rest_code=00154&code=00101006201&supplier_code=00100176&order_time=2024-01-30 HTTP/1.1" 200 405
222.70.168.244 - - [30/Jan/2024:10:40:44 +0800] "GET /xingrg/check_reg.html?_=1706582449976 HTTP/1.1" 200 22
124.78.68.102 - - [30/Jan/2024:10:40:44 +0800] "GET /xingrg/check_reg.html?_=1706582444371 HTTP/1.1" 200 22
120.253.135.82 - - [30/Jan/2024:10:40:46 +0800] "GET /xingrg/all/function/internal_message.html?_=1706582271930&CODE_STATE=getMsg HTTP/1.1" 200 27
101.83.241.3 - - [30/Jan/2024:10:40:58 +0800] "POST /xingrg/kc/buy/cgsh_order_operate.html HTTP/1.1" 200 37
114.95.241.104 - - [30/Jan/2024:10:40:59 +0800] "GET /xingrg/check_reg.html?_=1706582459168 HTTP/1.1" 200 22
114.95.241.104 - - [30/Jan/2024:10:40:59 +0800] "GET /xingrg/all/function/internal_message.html?_=1706582459173&CODE_STATE=getMsg HTTP/1.1" 200 27
124.78.154.219 - - [30/Jan/2024:10:41:00 +0800] "GET /xingrg/all/function/internal_message.html?_=1706582457916&CODE_STATE=getMsg HTTP/1.1" 200 27
101.83.145.37 - - [30/Jan/2024:10:41:05 +0800] "POST /xingrg/kc/base/wldb_list_operate.html HTTP/1.1" 200 4
180.169.147.146 - - [30/Jan/2024:10:41:06 +0800] "GET /xingrg/all/function/internal_message.html?_=1706582466076&CODE_STATE=getMsg HTTP/1.1" 200 27
222.70.168.244 - - [30/Jan/2024:10:41:07 +0800] "GET /xingrg/all/function/internal_message.html?_=1706582472830&CODE_STATE=getMsg HTTP/1.1" 200 27
180.164.1.25 - - [30/Jan/2024:10:41:09 +0800] "GET /xingrg/all/function/internal_message.html?_=1706582468948&CODE_STATE=getMsg HTTP/1.1" 200 27
101.83.145.37 - - [30/Jan/2024:10:41:10 +0800] "POST /xingrg/kc/base/wldb_list_operate.html HTTP/1.1" 200 928
101.228.146.191 - - [30/Jan/2024:10:41:10 +0800] "GET /xingrg/all/function/internal_message.html?_=1706582469391&CODE_STATE=getMsg HTTP/1.1" 200 27
101.228.146.191 - - [30/Jan/2024:10:41:10 +0800] "GET /xingrg/check_reg.html?_=1706582469394 HTTP/1.1" 200 22
101.83.241.3 - - [30/Jan/2024:10:41:11 +0800] "POST /xingrg/kc/buy/cgsh_order_operate.html HTTP/1.1" 200 12
172.20.0.100 - - [30/Jan/2024:10:41:13 +0800] "GET /xingrg/all/function/internal_message.html?_=1706582477899&CODE_STATE=getMsg HTTP/1.1" 200 27
172.20.0.100 - - [30/Jan/2024:10:41:13 +0800] "GET /xingrg/check_reg.html?_=1706582477901 HTTP/1.1" 200 22
101.83.145.37 - - [30/Jan/2024:10:41:14 +0800] "GET /xingrg/kc/report/report_main.html HTTP/1.1" 200 7340
101.83.145.37 - - [30/Jan/2024:10:41:14 +0800] "GET /xingrg/javascript/jquery_ui/themes/humanity/humanity.css HTTP/1.1" 304 -
101.83.241.3 - - [30/Jan/2024:10:41:14 +0800] "GET /xingrg/kc/buy/cgsh_order_info.html?code=212024013012875 HTTP/1.1" 200 67301
101.83.145.37 - - [30/Jan/2024:10:41:14 +0800] "GET /xingrg/javascript/jquery_easy_ui/themes/icons/back_new.png HTTP/1.1" 304 -
101.83.241.3 - - [30/Jan/2024:10:41:14 +0800] "GET /xingrg/javascript/easyui/themes/default/validatebox.css HTTP/1.1" 404 1104
101.83.241.3 - - [30/Jan/2024:10:41:15 +0800] "POST /xingrg/kc/buy/cgsh_order_operate.html HTTP/1.1" 200 600
180.169.147.146 - - [30/Jan/2024:10:41:15 +0800] "GET /xingrg/all/function/internal_message.html?_=1706582475284&CODE_STATE=getMsg HTTP/1.1" 200 27
101.83.145.37 - - [30/Jan/2024:10:41:16 +0800] "GET /xingrg/kc/base/kc_stocks.html HTTP/1.1" 200 16554
101.83.145.37 - - [30/Jan/2024:10:41:16 +0800] "GET /xingrg/javascript/easyui/themes/sunny/easyui.css HTTP/1.1" 304 -
101.83.145.37 - - [30/Jan/2024:10:41:16 +0800] "GET /xingrg/javascript/easyui/themes/icons/refresh_new.png HTTP/1.1" 304 -
101.83.145.37 - - [30/Jan/2024:10:41:16 +0800] "GET /xingrg/javascript/easyui/themes/icons/filter_new.png HTTP/1.1" 304 -
101.83.145.37 - - [30/Jan/2024:10:41:16 +0800] "GET /xingrg/javascript/easyui/themes/icons/print_new.png HTTP/1.1" 304 -
101.83.145.37 - - [30/Jan/2024:10:41:16 +0800] "GET /xingrg/javascript/easyui/plugins/jquery.draggable.js HTTP/1.1" 304 -
101.83.145.37 - - [30/Jan/2024:10:41:16 +0800] "GET /xingrg/javascript/easyui/plugins/jquery.droppable.js HTTP/1.1" 304 -
101.83.145.37 - - [30/Jan/2024:10:41:16 +0800] "GET /xingrg/javascript/easyui/themes/default/tree.css HTTP/1.1" 404 1090
101.83.145.37 - - [30/Jan/2024:10:41:16 +0800] "GET /xingrg/javascript/easyui/plugins/jquery.tree.js HTTP/1.1" 304 -
101.83.145.37 - - [30/Jan/2024:10:41:17 +0800] "POST /xingrg/all/common/load_tree.html?tree=materiel_sort_tree_json HTTP/1.1" 200 9734
101.83.145.37 - - [30/Jan/2024:10:41:17 +0800] "GET /xingrg/javascript/easyui/themes/sunny/images/tree_folder.gif HTTP/1.1" 304 -
101.83.145.37 - - [30/Jan/2024:10:41:17 +0800] "GET /xingrg/javascript/easyui/themes/sunny/images/tree_file.gif HTTP/1.1" 304 -
101.83.145.37 - - [30/Jan/2024:10:41:17 +0800] "GET /xingrg/javascript/easyui/themes/sunny/images/tree_folder_open.gif HTTP/1.1" 304 -
101.83.145.37 - - [30/Jan/2024:10:41:17 +0800] "GET /xingrg/javascript/easyui/themes/sunny/images/tree_arrows.gif HTTP/1.1" 304 -
101.83.241.3 - - [30/Jan/2024:10:41:17 +0800] "GET /xingrg/kc/print/load_data.html?order_code=212024013012875&kc_code=cgsh&condition= HTTP/1.1" 200 715
101.83.145.37 - - [30/Jan/2024:10:41:17 +0800] "POST /xingrg/all/common/load_combo.html?type=base HTTP/1.1" 200 3409
101.83.241.3 - - [30/Jan/2024:10:41:21 +0800] "GET /xingrg/all/function/internal_message.html?_=1706582482033&CODE_STATE=getMsg HTTP/1.1" 200 27
101.83.145.37 - - [30/Jan/2024:10:41:21 +0800] "POST /xingrg/kc/base/stock_operate.html HTTP/1.1" 200 4351
101.83.145.37 - - [30/Jan/2024:10:41:21 +0800] "GET /xingrg/javascript/jquery_tools/fix_table.js HTTP/1.1" 304 -
114.95.241.104 - - [30/Jan/2024:10:41:23 +0800] "GET /xingrg/check_reg.html?_=1706582483337 HTTP/1.1" 200 22
114.95.241.104 - - [30/Jan/2024:10:41:23 +0800] "GET /xingrg/all/function/internal_message.html?_=1706582483340&CODE_STATE=getMsg HTTP/1.1" 200 27
101.83.145.37 - - [30/Jan/2024:10:41:23 +0800] "GET /xingrg/javascript/easyui/themes/sunny/images/ui-bg_gloss-wave_70_ffdd57_500x100.png HTTP/1.1" 304 -
116.238.97.31 - - [30/Jan/2024:10:41:24 +0800] "GET /xingrg/all/function/internal_message.html?_=1706582484994&CODE_STATE=getMsg HTTP/1.1" 200 27
101.83.145.37 - - [30/Jan/2024:10:41:27 +0800] "POST /xingrg/kc/base/stock_operate.html HTTP/1.1" 200 21946
124.78.68.102 - - [30/Jan/2024:10:41:27 +0800] "GET /xingrg/all/function/internal_message.html?_=1706582488002&CODE_STATE=getMsg HTTP/1.1" 200 27
101.83.145.37 - - [30/Jan/2024:10:41:29 +0800] "GET /xingrg/all/function/internal_message.html?_=1706582489251&CODE_STATE=getMsg HTTP/1.1" 200 27
114.83.220.203 - - [30/Jan/2024:10:41:36 +0800] "GET /xingrg/all/function/internal_message.html?_=1706582495003&CODE_STATE=getMsg HTTP/1.1" 200 27
222.70.115.1 - - [30/Jan/2024:10:41:37 +0800] "GET /xingrg/all/function/internal_message.html?_=1706582499440&CODE_STATE=getMsg HTTP/1.1" 200 27
114.83.220.203 - - [30/Jan/2024:10:41:37 +0800] "GET /xingrg/check_reg.html?_=1706582496411 HTTP/1.1" 200 22
116.230.123.222 - - [30/Jan/2024:10:41:38 +0800] "GET /xingrg/all/function/internal_message.html?_=1706582498137&CODE_STATE=getMsg HTTP/1.1" 200 27
222.70.168.244 - - [30/Jan/2024:10:41:39 +0800] "POST /xingrg/services/DataTransmitService HTTP/1.1" 200 412
116.230.123.222 - - [30/Jan/2024:10:41:39 +0800] "GET /xingrg/check_reg.html?_=1706582498731 HTTP/1.1" 200 22
120.253.135.82 - - [30/Jan/2024:10:41:46 +0800] "GET /xingrg/all/function/internal_message.html?_=1706582331944&CODE_STATE=getMsg HTTP/1.1" 200 27
114.95.241.104 - - [30/Jan/2024:10:41:59 +0800] "GET /xingrg/all/function/internal_message.html?_=1706582519161&CODE_STATE=getMsg HTTP/1.1" 200 27
124.78.154.219 - - [30/Jan/2024:10:42:00 +0800] "GET /xingrg/all/function/internal_message.html?_=1706582517892&CODE_STATE=getMsg HTTP/1.1" 200 27
180.169.147.146 - - [30/Jan/2024:10:42:06 +0800] "GET /xingrg/all/function/internal_message.html?_=1706582526085&CODE_STATE=getMsg HTTP/1.1" 200 27
222.70.168.244 - - [30/Jan/2024:10:42:07 +0800] "GET /xingrg/all/function/internal_message.html?_=1706582532844&CODE_STATE=getMsg HTTP/1.1" 200 27
101.83.145.37 - - [30/Jan/2024:10:42:09 +0800] "GET /xingrg/javascript/jquery_easy_ui/themes/default/images/tabs_active.png HTTP/1.1" 304 -
180.164.1.25 - - [30/Jan/2024:10:42:09 +0800] "GET /xingrg/all/function/internal_message.html?_=1706582528937&CODE_STATE=getMsg HTTP/1.1" 200 27
101.228.146.191 - - [30/Jan/2024:10:42:10 +0800] "GET /xingrg/all/function/internal_message.html?_=1706582529394&CODE_STATE=getMsg HTTP/1.1" 200 27
101.83.145.37 - - [30/Jan/2024:10:42:12 +0800] "GET /xingrg/kc/base/kc_stocks.html HTTP/1.1" 200 16554
101.83.145.37 - - [30/Jan/2024:10:42:12 +0800] "GET /xingrg/javascript/easyui/themes/default/tree.css HTTP/1.1" 404 1090
101.83.145.37 - - [30/Jan/2024:10:42:12 +0800] "POST /xingrg/all/common/load_tree.html?tree=materiel_sort_tree_json HTTP/1.1" 200 9734
172.20.0.100 - - [30/Jan/2024:10:42:13 +0800] "GET /xingrg/all/function/internal_message.html?_=1706582537899&CODE_STATE=getMsg HTTP/1.1" 200 27
101.83.145.37 - - [30/Jan/2024:10:42:15 +0800] "POST /xingrg/all/common/load_combo.html?type=base HTTP/1.1" 200 3409
180.169.147.146 - - [30/Jan/2024:10:42:15 +0800] "GET /xingrg/all/function/internal_message.html?_=1706582535263&CODE_STATE=getMsg HTTP/1.1" 200 27
101.83.145.37 - - [30/Jan/2024:10:42:18 +0800] "POST /xingrg/kc/base/stock_operate.html HTTP/1.1" 200 4351
101.83.145.37 - - [30/Jan/2024:10:42:19 +0800] "POST /xingrg/kc/base/stock_operate.html HTTP/1.1" 200 21946
101.83.241.3 - - [30/Jan/2024:10:42:21 +0800] "GET /xingrg/all/function/internal_message.html?_=1706582542005&CODE_STATE=getMsg HTTP/1.1" 200 27
101.83.241.3 - - [30/Jan/2024:10:42:21 +0800] "GET /xingrg/check_reg.html?_=1706582542161 HTTP/1.1" 200 22
114.95.241.104 - - [30/Jan/2024:10:42:23 +0800] "GET /xingrg/all/function/internal_message.html?_=1706582543326&CODE_STATE=getMsg HTTP/1.1" 200 27
116.238.97.31 - - [30/Jan/2024:10:42:24 +0800] "GET /xingrg/all/function/internal_message.html?_=1706582544978&CODE_STATE=getMsg HTTP/1.1" 200 27
116.238.97.31 - - [30/Jan/2024:10:42:24 +0800] "GET /xingrg/check_reg.html?_=1706582545121 HTTP/1.1" 200 22
124.78.68.102 - - [30/Jan/2024:10:42:27 +0800] "GET /xingrg/all/function/internal_message.html?_=1706582547984&CODE_STATE=getMsg HTTP/1.1" 200 27
101.83.145.37 - - [30/Jan/2024:10:42:28 +0800] "GET /xingrg/check_reg.html?_=1706582549045 HTTP/1.1" 200 22
101.83.145.37 - - [30/Jan/2024:10:42:29 +0800] "GET /xingrg/all/function/internal_message.html?_=1706582549225&CODE_STATE=getMsg HTTP/1.1" 200 27
114.83.220.203 - - [30/Jan/2024:10:42:36 +0800] "GET /xingrg/all/function/internal_message.html?_=1706582554978&CODE_STATE=getMsg HTTP/1.1" 200 27
222.70.115.1 - - [30/Jan/2024:10:42:37 +0800] "GET /xingrg/all/function/internal_message.html?_=1706582559439&CODE_STATE=getMsg HTTP/1.1" 200 27
116.230.123.222 - - [30/Jan/2024:10:42:38 +0800] "GET /xingrg/all/function/internal_message.html?_=1706582558122&CODE_STATE=getMsg HTTP/1.1" 200 27
120.253.135.82 - - [30/Jan/2024:10:42:46 +0800] "GET /xingrg/all/function/internal_message.html?_=1706582391972&CODE_STATE=getMsg HTTP/1.1" 200 27
114.95.241.104 - - [30/Jan/2024:10:42:59 +0800] "GET /xingrg/all/function/internal_message.html?_=1706582579161&CODE_STATE=getMsg HTTP/1.1" 200 27
124.78.154.219 - - [30/Jan/2024:10:43:00 +0800] "GET /xingrg/all/function/internal_message.html?_=1706582577862&CODE_STATE=getMsg HTTP/1.1" 200 27
180.169.147.146 - - [30/Jan/2024:10:43:06 +0800] "GET /xingrg/all/function/internal_message.html?_=1706582586082&CODE_STATE=getMsg HTTP/1.1" 200 27
222.70.168.244 - - [30/Jan/2024:10:43:07 +0800] "GET /xingrg/all/function/internal_message.html?_=1706582592979&CODE_STATE=getMsg HTTP/1.1" 200 27
180.164.1.25 - - [30/Jan/2024:10:43:09 +0800] "GET /xingrg/all/function/internal_message.html?_=1706582588952&CODE_STATE=getMsg HTTP/1.1" 200 27
101.228.146.191 - - [30/Jan/2024:10:43:10 +0800] "GET /xingrg/all/function/internal_message.html?_=1706582589395&CODE_STATE=getMsg HTTP/1.1" 200 27
172.20.0.100 - - [30/Jan/2024:10:43:13 +0800] "GET /xingrg/all/function/internal_message.html?_=1706582597897&CODE_STATE=getMsg HTTP/1.1" 200 27
180.169.147.146 - - [30/Jan/2024:10:43:15 +0800] "GET /xingrg/all/function/internal_message.html?_=1706582595244&CODE_STATE=getMsg HTTP/1.1" 200 27
180.169.147.146 - - [30/Jan/2024:10:43:15 +0800] "GET /xingrg/check_reg.html?_=1706582595403 HTTP/1.1" 200 22
124.78.154.219 - - [30/Jan/2024:10:43:21 +0800] "GET /xingrg/login.html?r=1 HTTP/1.1" 200 7641
124.78.154.219 - - [30/Jan/2024:10:43:21 +0800] "GET /favicon.ico HTTP/1.1" 404 -
101.83.241.3 - - [30/Jan/2024:10:43:21 +0800] "GET /xingrg/all/function/internal_message.html?_=1706582602000&CODE_STATE=getMsg HTTP/1.1" 200 27
114.95.241.104 - - [30/Jan/2024:10:43:23 +0800] "GET /xingrg/all/function/internal_message.html?_=1706582603335&CODE_STATE=getMsg HTTP/1.1" 200 27
124.78.154.219 - - [30/Jan/2024:10:43:24 +0800] "POST /xingrg/login.do HTTP/1.1" 302 -
124.78.154.219 - - [30/Jan/2024:10:43:24 +0800] "GET /xingrg/index.html?sysBaseUrl=http%3A%2F%2F180.169.147.146%3A18081%2Fxingrg%2F&costTime=833×tamp=1706582604190 HTTP/1.1" 200 17173
116.238.97.31 - - [30/Jan/2024:10:43:24 +0800] "GET /xingrg/all/function/internal_message.html?_=1706582604950&CODE_STATE=getMsg HTTP/1.1" 200 27
124.78.154.219 - - [30/Jan/2024:10:43:24 +0800] "GET /favicon.ico HTTP/1.1" 404 -
124.78.154.219 - - [30/Jan/2024:10:43:24 +0800] "GET /xingrg/all/function/internal_message.html?_=1706582606520&CODE_STATE=count HTTP/1.1" 200 11
124.78.154.219 - - [30/Jan/2024:10:43:24 +0800] "GET /xingrg/check_reg.html?_=1706582606522 HTTP/1.1" 200 22
124.78.154.219 - - [30/Jan/2024:10:43:24 +0800] "POST /xingrg/all/common/load_tree.html?tree=area_rest_tree_json&manage=1 HTTP/1.1" 200 342
124.78.154.219 - - [30/Jan/2024:10:43:24 +0800] "POST /xingrg/load_menu.html HTTP/1.1" 200 5138
124.78.154.219 - - [30/Jan/2024:10:43:26 +0800] "GET /xingrg/kc/base/base_main.html HTTP/1.1" 200 12142
124.78.68.102 - - [30/Jan/2024:10:43:27 +0800] "GET /xingrg/all/function/internal_message.html?_=1706582607971&CODE_STATE=getMsg HTTP/1.1" 200 27
124.78.154.219 - - [30/Jan/2024:10:43:27 +0800] "GET /xingrg/kc/base/wldb_order_list.html HTTP/1.1" 200 19013
124.78.154.219 - - [30/Jan/2024:10:43:28 +0800] "POST /xingrg/kc/base/wldb_list_operate.html HTTP/1.1" 200 928
124.78.154.219 - - [30/Jan/2024:10:43:30 +0800] "GET /xingrg/kc/base/wldb_order_add.html HTTP/1.1" 200 30344
124.78.154.219 - - [30/Jan/2024:10:43:30 +0800] "GET /xingrg/words/20240129142844_words.js HTTP/1.1" 304 -
124.78.154.219 - - [30/Jan/2024:10:43:31 +0800] "GET /xingrg/all/common/auto_word.html?type=base&rest_code=00106 HTTP/1.1" 200 1799
124.78.154.219 - - [30/Jan/2024:10:43:31 +0800] "GET /xingrg/all/common/auto_word.html?type=base&rest_code=00106 HTTP/1.1" 200 1799
124.78.154.219 - - [30/Jan/2024:10:43:31 +0800] "GET /xingrg/javascript/easyui/themes/default/validatebox.css HTTP/1.1" 404 1104
124.78.154.219 - - [30/Jan/2024:10:43:31 +0800] "POST /xingrg/kc/base/wldb_order_operate.html HTTP/1.1" 200 6806
124.78.154.219 - - [30/Jan/2024:10:43:33 +0800] "POST /xingrg/all/common/load_combo.html?type=base HTTP/1.1" 200 3227
114.83.220.203 - - [30/Jan/2024:10:43:36 +0800] "GET /xingrg/all/function/internal_message.html?_=1706582614948&CODE_STATE=getMsg HTTP/1.1" 200 27
124.78.154.219 - - [30/Jan/2024:10:43:36 +0800] "POST /xingrg/all/common/load_combo.html?type=base HTTP/1.1" 200 3227
222.70.115.1 - - [30/Jan/2024:10:43:37 +0800] "GET /xingrg/all/function/internal_message.html?_=1706582619465&CODE_STATE=getMsg HTTP/1.1" 200 27
116.230.123.222 - - [30/Jan/2024:10:43:38 +0800] "GET /xingrg/all/function/internal_message.html?_=1706582618107&CODE_STATE=getMsg HTTP/1.1" 200 27
120.253.135.82 - - [30/Jan/2024:10:43:46 +0800] "GET /xingrg/all/function/internal_message.html?_=1706582451986&CODE_STATE=getMsg HTTP/1.1" 200 27
116.238.97.31 - - [30/Jan/2024:10:43:51 +0800] "GET /xingrg/kc/print/load_data.html?order_code=212024013012863&kc_code=cgsh&condition= HTTP/1.1" 200 716
124.78.154.219 - - [30/Jan/2024:10:43:51 +0800] "GET /xingrg/javascript/auto/indicator.gif HTTP/1.1" 404 1066
124.78.154.219 - - [30/Jan/2024:10:43:55 +0800] "GET /xingrg/kc/base/wldb_order_operate.html?command=get_materiel&rest_code=00106&base_code=0010396&code=00101016094 HTTP/1.1" 200 470
116.238.97.31 - - [30/Jan/2024:10:43:56 +0800] "GET /xingrg/kc/buy/cgsh_order_add.html HTTP/1.1" 200 73220
116.238.97.31 - - [30/Jan/2024:10:43:57 +0800] "POST /xingrg/kc/buy/cgsh_order_operate.html HTTP/1.1" 200 8245
116.238.97.31 - - [30/Jan/2024:10:43:57 +0800] "GET /xingrg/javascript/easyui/themes/default/validatebox.css HTTP/1.1" 404 1104
101.83.241.3 - - [30/Jan/2024:10:43:58 +0800] "GET /xingrg/kc/buy/cgsh_order_add.html HTTP/1.1" 200 72389
101.83.241.3 - - [30/Jan/2024:10:43:58 +0800] "POST /xingrg/kc/buy/cgsh_order_operate.html HTTP/1.1" 200 8245
101.83.241.3 - - [30/Jan/2024:10:43:58 +0800] "GET /xingrg/javascript/easyui/themes/default/validatebox.css HTTP/1.1" 404 1104
114.95.241.104 - - [30/Jan/2024:10:43:59 +0800] "GET /xingrg/all/function/internal_message.html?_=1706582639160&CODE_STATE=getMsg HTTP/1.1" 200 27
124.78.154.219 - - [30/Jan/2024:10:44:00 +0800] "GET /xingrg/all/function/internal_message.html?_=1706582637837&CODE_STATE=getMsg HTTP/1.1" 200 27
124.78.154.219 - - [30/Jan/2024:10:44:01 +0800] "GET /xingrg/check_reg.html?_=1706582638838 HTTP/1.1" 200 22
116.230.123.222 - - [30/Jan/2024:10:44:05 +0800] "GET /xingrg/kc/buy/cgsh_order_add.html HTTP/1.1" 200 73141
180.169.147.146 - - [30/Jan/2024:10:44:06 +0800] "GET /xingrg/all/function/internal_message.html?_=1706582646085&CODE_STATE=getMsg HTTP/1.1" 200 27
116.230.123.222 - - [30/Jan/2024:10:44:06 +0800] "POST /xingrg/kc/buy/cgsh_order_operate.html HTTP/1.1" 200 8245
116.230.123.222 - - [30/Jan/2024:10:44:06 +0800] "GET /xingrg/javascript/easyui/themes/default/validatebox.css HTTP/1.1" 404 1104
222.70.168.244 - - [30/Jan/2024:10:44:07 +0800] "GET /xingrg/all/function/internal_message.html?_=1706582652981&CODE_STATE=getMsg HTTP/1.1" 200 27
124.78.154.219 - - [30/Jan/2024:10:44:09 +0800] "GET /xingrg/kc/base/wldb_order_operate.html?command=get_materiel&rest_code=00106&base_code=0010396&code=00101019127 HTTP/1.1" 200 480
180.164.1.25 - - [30/Jan/2024:10:44:09 +0800] "GET /xingrg/all/function/internal_message.html?_=1706582648949&CODE_STATE=getMsg HTTP/1.1" 200 27
101.228.146.191 - - [30/Jan/2024:10:44:10 +0800] "GET /xingrg/all/function/internal_message.html?_=1706582649399&CODE_STATE=getMsg HTTP/1.1" 200 27
172.20.0.100 - - [30/Jan/2024:10:44:13 +0800] "GET /xingrg/all/function/internal_message.html?_=1706582657896&CODE_STATE=getMsg HTTP/1.1" 200 27
180.169.147.146 - - [30/Jan/2024:10:44:15 +0800] "GET /xingrg/all/function/internal_message.html?_=1706582655229&CODE_STATE=getMsg HTTP/1.1" 200 27
124.78.154.219 - - [30/Jan/2024:10:44:17 +0800] "GET /xingrg/kc/print/load_data.html?order_code=212024013012839&kc_code=cgsh HTTP/1.1" 200 11682
101.83.241.3 - - [30/Jan/2024:10:44:21 +0800] "GET /xingrg/all/function/internal_message.html?_=1706582662000&CODE_STATE=getMsg HTTP/1.1" 200 27
114.95.241.104 - - [30/Jan/2024:10:44:23 +0800] "GET /xingrg/all/function/internal_message.html?_=1706582663325&CODE_STATE=getMsg HTTP/1.1" 200 27
116.238.97.31 - - [30/Jan/2024:10:44:24 +0800] "GET /xingrg/all/function/internal_message.html?_=1706582664925&CODE_STATE=getMsg HTTP/1.1" 200 27
124.78.154.219 - - [30/Jan/2024:10:44:24 +0800] "GET /xingrg/all/function/internal_message.html?_=1706582666536&CODE_STATE=getMsg HTTP/1.1" 200 27
124.78.68.102 - - [30/Jan/2024:10:44:27 +0800] "GET /xingrg/all/function/internal_message.html?_=1706582667950&CODE_STATE=getMsg HTTP/1.1" 200 27
101.83.241.3 - - [30/Jan/2024:10:44:33 +0800] "POST /xingrg/kc/buy/cgsh_order_operate.html HTTP/1.1" 200 37
124.78.154.219 - - [30/Jan/2024:10:44:35 +0800] "GET /xingrg/kc/base/wldb_order_operate.html?command=get_materiel&rest_code=00106&base_code=0010396&code=00101019185 HTTP/1.1" 200 469
114.83.220.203 - - [30/Jan/2024:10:44:36 +0800] "GET /xingrg/all/function/internal_message.html?_=1706582674927&CODE_STATE=getMsg HTTP/1.1" 200 27
222.70.115.1 - - [30/Jan/2024:10:44:37 +0800] "GET /xingrg/all/function/internal_message.html?_=1706582679479&CODE_STATE=getMsg HTTP/1.1" 200 27
116.230.123.222 - - [30/Jan/2024:10:44:38 +0800] "GET /xingrg/all/function/internal_message.html?_=1706582678101&CODE_STATE=getMsg HTTP/1.1" 200 27
101.83.241.3 - - [30/Jan/2024:10:44:40 +0800] "POST /xingrg/kc/buy/cgsh_order_operate.html HTTP/1.1" 200 12
101.83.241.3 - - [30/Jan/2024:10:44:43 +0800] "GET /xingrg/kc/buy/cgsh_order_info.html?code=212024013012876 HTTP/1.1" 200 67301
101.83.241.3 - - [30/Jan/2024:10:44:43 +0800] "GET /xingrg/javascript/easyui/themes/default/validatebox.css HTTP/1.1" 404 1104
101.83.241.3 - - [30/Jan/2024:10:44:44 +0800] "POST /xingrg/kc/buy/cgsh_order_operate.html HTTP/1.1" 200 600
120.253.135.82 - - [30/Jan/2024:10:44:46 +0800] "GET /xingrg/all/function/internal_message.html?_=1706582512007&CODE_STATE=getMsg HTTP/1.1" 200 27
101.83.241.3 - - [30/Jan/2024:10:44:48 +0800] "GET /xingrg/kc/print/load_data.html?order_code=212024013012876&kc_code=cgsh&condition= HTTP/1.1" 200 715
124.78.154.219 - - [30/Jan/2024:10:44:48 +0800] "GET /xingrg/kc/base/wldb_order_operate.html?command=get_materiel&rest_code=00106&base_code=0010396&code=00101019183 HTTP/1.1" 200 449
114.83.220.203 - - [30/Jan/2024:10:44:48 +0800] "GET /xingrg/kc/base/wldb_order_add.html HTTP/1.1" 200 30350
114.83.220.203 - - [30/Jan/2024:10:44:48 +0800] "POST /xingrg/kc/base/wldb_order_operate.html HTTP/1.1" 200 6806
114.83.220.203 - - [30/Jan/2024:10:44:49 +0800] "GET /xingrg/javascript/easyui/themes/default/validatebox.css HTTP/1.1" 404 1104
116.230.109.177 - - [30/Jan/2024:10:44:51 +0800] "POST /xingrg/services/DataTransmitService HTTP/1.1" 200 524
116.230.109.177 - - [30/Jan/2024:10:44:52 +0800] "POST /xingrg/services/DataTransmitService HTTP/1.1" 200 2067
116.230.109.177 - - [30/Jan/2024:10:44:53 +0800] "POST /xingrg/services/DataTransmitService HTTP/1.1" 200 170448
114.83.220.203 - - [30/Jan/2024:10:44:56 +0800] "GET /xingrg/kc/base/wldb_order_operate.html?command=get_materiel&rest_code=00149&base_code=0010394&code=00101019079 HTTP/1.1" 200 479
101.93.223.41 - - [30/Jan/2024:10:44:58 +0800] "POST /xingrg/services/DataTransmitService HTTP/1.1" 200 524
114.95.241.104 - - [30/Jan/2024:10:44:59 +0800] "GET /xingrg/all/function/internal_message.html?_=1706582699168&CODE_STATE=getMsg HTTP/1.1" 200 27
101.93.223.41 - - [30/Jan/2024:10:44:59 +0800] "POST /xingrg/services/DataTransmitService HTTP/1.1" 200 2155
124.78.154.219 - - [30/Jan/2024:10:45:00 +0800] "GET /xingrg/all/function/internal_message.html?_=1706582697821&CODE_STATE=getMsg HTTP/1.1" 200 27
114.83.220.203 - - [30/Jan/2024:10:45:00 +0800] "GET /xingrg/kc/base/wldb_order_operate.html?command=get_materiel&rest_code=00149&base_code=0010394&code=00101019071 HTTP/1.1" 200 471
101.93.223.41 - - [30/Jan/2024:10:45:00 +0800] "POST /xingrg/services/DataTransmitService HTTP/1.1" 200 192003
114.83.220.203 - - [30/Jan/2024:10:45:03 +0800] "GET /xingrg/kc/base/wldb_order_operate.html?command=get_materiel&rest_code=00149&base_code=0010394&code=00101019391 HTTP/1.1" 200 485
124.78.154.219 - - [30/Jan/2024:10:45:04 +0800] "GET /xingrg/kc/base/wldb_order_operate.html?command=get_materiel&rest_code=00106&base_code=0010396&code=00101019400 HTTP/1.1" 200 465
180.169.147.146 - - [30/Jan/2024:10:45:06 +0800] "GET /xingrg/check_reg.html?_=1706582706081 HTTP/1.1" 200 22
180.169.147.146 - - [30/Jan/2024:10:45:06 +0800] "GET /xingrg/all/function/internal_message.html?_=1706582706084&CODE_STATE=getMsg HTTP/1.1" 200 27
222.70.168.244 - - [30/Jan/2024:10:45:07 +0800] "GET /xingrg/all/function/internal_message.html?_=1706582712994&CODE_STATE=getMsg HTTP/1.1" 200 27
114.83.220.203 - - [30/Jan/2024:10:45:07 +0800] "GET /xingrg/kc/base/wldb_order_operate.html?command=get_materiel&rest_code=00149&base_code=0010394&code=00101019222 HTTP/1.1" 200 452
180.164.1.25 - - [30/Jan/2024:10:45:09 +0800] "GET /xingrg/check_reg.html?_=1706582708952 HTTP/1.1" 200 22
180.164.1.25 - - [30/Jan/2024:10:45:09 +0800] "GET /xingrg/all/function/internal_message.html?_=1706582708956&CODE_STATE=getMsg HTTP/1.1" 200 27
101.228.146.191 - - [30/Jan/2024:10:45:10 +0800] "GET /xingrg/all/function/internal_message.html?_=1706582709399&CODE_STATE=getMsg HTTP/1.1" 200 27
114.83.220.203 - - [30/Jan/2024:10:45:11 +0800] "GET /xingrg/kc/base/wldb_order_operate.html?command=get_materiel&rest_code=00149&base_code=0010394&code=00101019358 HTTP/1.1" 200 462
172.20.0.100 - - [30/Jan/2024:10:45:13 +0800] "GET /xingrg/all/function/internal_message.html?_=1706582717894&CODE_STATE=getMsg HTTP/1.1" 200 27
124.78.154.219 - - [30/Jan/2024:10:45:14 +0800] "GET /xingrg/kc/base/wldb_order_operate.html?command=get_materiel&rest_code=00106&base_code=0010396&code=00101016020 HTTP/1.1" 200 447
180.169.147.146 - - [30/Jan/2024:10:45:15 +0800] "GET /xingrg/all/function/internal_message.html?_=1706582715215&CODE_STATE=getMsg HTTP/1.1" 200 27
114.83.220.203 - - [30/Jan/2024:10:45:17 +0800] "GET /xingrg/kc/base/wldb_order_operate.html?command=get_materiel&rest_code=00149&base_code=0010394&code=00101019295 HTTP/1.1" 200 475
114.83.220.203 - - [30/Jan/2024:10:45:21 +0800] "GET /xingrg/kc/base/wldb_order_operate.html?command=get_materiel&rest_code=00149&base_code=0010394&code=00101019438 HTTP/1.1" 200 462
101.83.241.3 - - [30/Jan/2024:10:45:21 +0800] "GET /xingrg/all/function/internal_message.html?_=1706582721987&CODE_STATE=getMsg HTTP/1.1" 200 27
120.253.135.82 - - [30/Jan/2024:10:45:22 +0800] "GET /xingrg/check_reg.html?_=1706582547869 HTTP/1.1" 200 22
114.95.241.104 - - [30/Jan/2024:10:45:23 +0800] "GET /xingrg/all/function/internal_message.html?_=1706582723322&CODE_STATE=getMsg HTTP/1.1" 200 27
116.238.97.31 - - [30/Jan/2024:10:45:23 +0800] "GET /xingrg/javascript/easyui/themes/default/tree.css HTTP/1.1" 404 1090
116.238.97.31 - - [30/Jan/2024:10:45:24 +0800] "POST /xingrg/all/common/load_tree.html?tree=supplier_tree_json&isDelete=1 HTTP/1.1" 200 77867
124.78.154.219 - - [30/Jan/2024:10:45:24 +0800] "GET /xingrg/kc/base/wldb_order_operate.html?command=get_materiel&rest_code=00106&base_code=0010396&code=00101013154 HTTP/1.1" 200 456
124.78.154.219 - - [30/Jan/2024:10:45:24 +0800] "GET /xingrg/all/function/internal_message.html?_=1706582726535&CODE_STATE=getMsg HTTP/1.1" 200 27
116.238.97.31 - - [30/Jan/2024:10:45:25 +0800] "GET /xingrg/all/function/internal_message.html?_=1706582725711&CODE_STATE=getMsg HTTP/1.1" 200 27
114.83.220.203 - - [30/Jan/2024:10:45:25 +0800] "GET /xingrg/kc/base/wldb_order_operate.html?command=get_materiel&rest_code=00149&base_code=0010394&code=00101016168 HTTP/1.1" 200 431
101.83.241.3 - - [30/Jan/2024:10:45:27 +0800] "GET /xingrg/kc/buy/cgsh_order_add.html HTTP/1.1" 200 72389
101.83.241.3 - - [30/Jan/2024:10:45:27 +0800] "POST /xingrg/kc/buy/cgsh_order_operate.html HTTP/1.1" 200 8245
101.83.241.3 - - [30/Jan/2024:10:45:27 +0800] "GET /xingrg/javascript/easyui/themes/default/validatebox.css HTTP/1.1" 404 1104
124.78.68.102 - - [30/Jan/2024:10:45:27 +0800] "GET /xingrg/all/function/internal_message.html?_=1706582727942&CODE_STATE=getMsg HTTP/1.1" 200 27
114.83.220.203 - - [30/Jan/2024:10:45:32 +0800] "GET /xingrg/kc/base/wldb_order_operate.html?command=get_materiel&rest_code=00149&base_code=0010394&code=00101016060 HTTP/1.1" 200 464
114.83.220.203 - - [30/Jan/2024:10:45:36 +0800] "GET /xingrg/all/function/internal_message.html?_=1706582734909&CODE_STATE=getMsg HTTP/1.1" 200 27
222.70.115.1 - - [30/Jan/2024:10:45:37 +0800] "GET /xingrg/check_reg.html?_=1706582739464 HTTP/1.1" 200 22
222.70.115.1 - - [30/Jan/2024:10:45:37 +0800] "GET /xingrg/all/function/internal_message.html?_=1706582739466&CODE_STATE=getMsg HTTP/1.1" 200 27
114.83.220.203 - - [30/Jan/2024:10:45:37 +0800] "GET /xingrg/kc/base/wldb_order_operate.html?command=get_materiel&rest_code=00149&base_code=0010394&code=00101016094 HTTP/1.1" 200 469
116.230.123.222 - - [30/Jan/2024:10:45:38 +0800] "GET /xingrg/all/function/internal_message.html?_=1706582738089&CODE_STATE=getMsg HTTP/1.1" 200 27
114.83.220.203 - - [30/Jan/2024:10:45:41 +0800] "GET /xingrg/kc/base/wldb_order_operate.html?command=get_materiel&rest_code=00149&base_code=0010394&code=00101019058 HTTP/1.1" 200 453
222.70.168.244 - - [30/Jan/2024:10:45:44 +0800] "GET /xingrg/check_reg.html?_=1706582749982 HTTP/1.1" 200 22
124.78.68.102 - - [30/Jan/2024:10:45:44 +0800] "GET /xingrg/check_reg.html?_=1706582744354 HTTP/1.1" 200 22
120.253.135.82 - - [30/Jan/2024:10:45:46 +0800] "GET /xingrg/all/function/internal_message.html?_=1706582572014&CODE_STATE=getMsg HTTP/1.1" 200 27
124.78.154.219 - - [30/Jan/2024:10:45:49 +0800] "POST /xingrg/kc/base/wldb_order_operate.html HTTP/1.1" 200 37
124.78.154.219 - - [30/Jan/2024:10:45:50 +0800] "POST /xingrg/kc/base/wldb_order_operate.html HTTP/1.1" 200 5177
124.78.154.219 - - [30/Jan/2024:10:45:50 +0800] "GET /xingrg/kc/base/wldb_order_info.html?code=422024013003271 HTTP/1.1" 200 30359
124.78.154.219 - - [30/Jan/2024:10:45:51 +0800] "GET /xingrg/javascript/easyui/themes/default/validatebox.css HTTP/1.1" 404 1104
124.78.154.219 - - [30/Jan/2024:10:45:51 +0800] "POST /xingrg/kc/base/wldb_order_operate.html HTTP/1.1" 200 5177
124.78.154.219 - - [30/Jan/2024:10:45:55 +0800] "GET /xingrg/kc/base/wldb_order_add.html HTTP/1.1" 200 30344
124.78.154.219 - - [30/Jan/2024:10:45:55 +0800] "POST /xingrg/kc/base/wldb_order_operate.html HTTP/1.1" 200 6806
124.78.154.219 - - [30/Jan/2024:10:45:55 +0800] "GET /xingrg/javascript/easyui/themes/default/validatebox.css HTTP/1.1" 404 1104
124.78.154.219 - - [30/Jan/2024:10:45:56 +0800] "POST /xingrg/all/common/load_combo.html?type=base HTTP/1.1" 200 3227
114.95.241.104 - - [30/Jan/2024:10:45:59 +0800] "GET /xingrg/all/function/internal_message.html?_=1706582759176&CODE_STATE=getMsg HTTP/1.1" 200 27
114.95.241.104 - - [30/Jan/2024:10:45:59 +0800] "GET /xingrg/check_reg.html?_=1706582759177 HTTP/1.1" 200 22
124.78.154.219 - - [30/Jan/2024:10:46:00 +0800] "GET /xingrg/all/function/internal_message.html?_=1706582757796&CODE_STATE=getMsg HTTP/1.1" 200 27
124.78.154.219 - - [30/Jan/2024:10:46:00 +0800] "POST /xingrg/all/common/load_combo.html?type=base HTTP/1.1" 200 3227
101.83.241.3 - - [30/Jan/2024:10:46:03 +0800] "POST /xingrg/kc/buy/cgsh_order_operate.html HTTP/1.1" 200 37
114.83.220.203 - - [30/Jan/2024:10:46:04 +0800] "POST /xingrg/kc/base/wldb_order_operate.html HTTP/1.1" 200 37
114.83.220.203 - - [30/Jan/2024:10:46:05 +0800] "POST /xingrg/kc/base/wldb_order_operate.html HTTP/1.1" 200 6704
114.83.220.203 - - [30/Jan/2024:10:46:05 +0800] "GET /xingrg/kc/base/wldb_order_info.html?code=422024013003272 HTTP/1.1" 200 30365
180.169.147.146 - - [30/Jan/2024:10:46:06 +0800] "GET /xingrg/all/function/internal_message.html?_=1706582766082&CODE_STATE=getMsg HTTP/1.1" 200 27
114.83.220.203 - - [30/Jan/2024:10:46:06 +0800] "GET /xingrg/javascript/easyui/themes/default/validatebox.css HTTP/1.1" 404 1104
114.83.220.203 - - [30/Jan/2024:10:46:07 +0800] "POST /xingrg/kc/base/wldb_order_operate.html HTTP/1.1" 200 6704
222.70.168.244 - - [30/Jan/2024:10:46:07 +0800] "GET /xingrg/all/function/internal_message.html?_=1706582773008&CODE_STATE=getMsg HTTP/1.1" 200 27
114.83.220.203 - - [30/Jan/2024:10:46:09 +0800] "GET /xingrg/kc/base/wldb_order_add.html HTTP/1.1" 200 30350
180.164.1.25 - - [30/Jan/2024:10:46:09 +0800] "GET /xingrg/all/function/internal_message.html?_=1706582768951&CODE_STATE=getMsg HTTP/1.1" 200 27
114.83.220.203 - - [30/Jan/2024:10:46:10 +0800] "POST /xingrg/kc/base/wldb_order_operate.html HTTP/1.1" 200 6806
114.83.220.203 - - [30/Jan/2024:10:46:10 +0800] "GET /xingrg/javascript/easyui/themes/default/validatebox.css HTTP/1.1" 404 1104
101.228.146.191 - - [30/Jan/2024:10:46:10 +0800] "GET /xingrg/check_reg.html?_=1706582769384 HTTP/1.1" 200 22
101.228.146.191 - - [30/Jan/2024:10:46:10 +0800] "GET /xingrg/all/function/internal_message.html?_=1706582769387&CODE_STATE=getMsg HTTP/1.1" 200 27
101.83.241.3 - - [30/Jan/2024:10:46:12 +0800] "POST /xingrg/kc/buy/cgsh_order_operate.html HTTP/1.1" 200 12
172.20.0.100 - - [30/Jan/2024:10:46:13 +0800] "GET /xingrg/all/function/internal_message.html?_=1706582777893&CODE_STATE=getMsg HTTP/1.1" 200 27
172.20.0.100 - - [30/Jan/2024:10:46:13 +0800] "GET /xingrg/check_reg.html?_=1706582777894 HTTP/1.1" 200 22
101.83.241.3 - - [30/Jan/2024:10:46:14 +0800] "GET /xingrg/kc/buy/cgsh_order_info.html?code=212024013012877 HTTP/1.1" 200 67298
101.83.241.3 - - [30/Jan/2024:10:46:15 +0800] "GET /xingrg/javascript/easyui/themes/default/validatebox.css HTTP/1.1" 404 1104
180.169.147.146 - - [30/Jan/2024:10:46:15 +0800] "GET /xingrg/all/function/internal_message.html?_=1706582775202&CODE_STATE=getMsg HTTP/1.1" 200 27
101.83.241.3 - - [30/Jan/2024:10:46:16 +0800] "POST /xingrg/kc/buy/cgsh_order_operate.html HTTP/1.1" 200 616
114.83.220.203 - - [30/Jan/2024:10:46:16 +0800] "GET /xingrg/kc/base/wldb_order_operate.html?command=get_materiel&rest_code=00149&base_code=0010394&code=00101019400 HTTP/1.1" 200 465
101.83.241.3 - - [30/Jan/2024:10:46:18 +0800] "GET /xingrg/kc/print/load_data.html?order_code=212024013012877&kc_code=cgsh&condition= HTTP/1.1" 200 727
114.83.220.203 - - [30/Jan/2024:10:46:19 +0800] "GET /xingrg/kc/base/wldb_order_operate.html?command=get_materiel&rest_code=00149&base_code=0010394&code=00101019183 HTTP/1.1" 200 449
101.83.241.3 - - [30/Jan/2024:10:46:21 +0800] "GET /xingrg/all/function/internal_message.html?_=1706582781956&CODE_STATE=getMsg HTTP/1.1" 200 27
114.95.241.104 - - [30/Jan/2024:10:46:23 +0800] "GET /xingrg/all/function/internal_message.html?_=1706582783333&CODE_STATE=getMsg HTTP/1.1" 200 27
114.95.241.104 - - [30/Jan/2024:10:46:23 +0800] "GET /xingrg/check_reg.html?_=1706582783336 HTTP/1.1" 200 22
124.78.154.219 - - [30/Jan/2024:10:46:24 +0800] "GET /xingrg/all/function/internal_message.html?_=1706582786537&CODE_STATE=getMsg HTTP/1.1" 200 27
116.238.97.31 - - [30/Jan/2024:10:46:25 +0800] "GET /xingrg/all/function/internal_message.html?_=1706582785698&CODE_STATE=getMsg HTTP/1.1" 200 27
222.70.168.244 - - [30/Jan/2024:10:46:25 +0800] "GET /favicon.ico HTTP/1.1" 404 -
124.78.68.102 - - [30/Jan/2024:10:46:27 +0800] "GET /xingrg/all/function/internal_message.html?_=1706582787927&CODE_STATE=getMsg HTTP/1.1" 200 27
124.78.154.219 - - [30/Jan/2024:10:46:28 +0800] "GET /xingrg/kc/base/wldb_order_operate.html?command=get_materiel&rest_code=00106&base_code=0010396&code=00101019258 HTTP/1.1" 200 483
114.83.220.203 - - [30/Jan/2024:10:46:36 +0800] "GET /xingrg/all/function/internal_message.html?_=1706582794924&CODE_STATE=getMsg HTTP/1.1" 200 27
222.70.115.1 - - [30/Jan/2024:10:46:37 +0800] "GET /xingrg/all/function/internal_message.html?_=1706582799466&CODE_STATE=getMsg HTTP/1.1" 200 27
114.83.220.203 - - [30/Jan/2024:10:46:37 +0800] "GET /xingrg/check_reg.html?_=1706582796403 HTTP/1.1" 200 22
116.230.123.222 - - [30/Jan/2024:10:46:38 +0800] "GET /xingrg/all/function/internal_message.html?_=1706582798068&CODE_STATE=getMsg HTTP/1.1" 200 27
116.230.123.222 - - [30/Jan/2024:10:46:39 +0800] "GET /xingrg/check_reg.html?_=1706582798724 HTTP/1.1" 200 22
124.78.154.219 - - [30/Jan/2024:10:46:45 +0800] "GET /xingrg/kc/base/wldb_order_operate.html?command=get_materiel&rest_code=00106&base_code=0010396&code=00101019295 HTTP/1.1" 200 475
120.253.135.82 - - [30/Jan/2024:10:46:46 +0800] "GET /xingrg/all/function/internal_message.html?_=1706582632027&CODE_STATE=getMsg HTTP/1.1" 200 27
116.238.97.31 - - [30/Jan/2024:10:46:50 +0800] "GET /xingrg/javascript/auto/indicator.gif HTTP/1.1" 404 1066
124.78.154.219 - - [30/Jan/2024:10:46:58 +0800] "GET /xingrg/kc/base/wldb_order_operate.html?command=get_materiel&rest_code=00106&base_code=0010396&code=00101019358 HTTP/1.1" 200 460
114.83.220.203 - - [30/Jan/2024:10:46:59 +0800] "GET /xingrg/kc/base/wldb_order_operate.html?command=get_materiel&rest_code=00149&base_code=0010394&code=00101019185 HTTP/1.1" 200 469
114.95.241.104 - - [30/Jan/2024:10:46:59 +0800] "GET /xingrg/all/function/internal_message.html?_=1706582819177&CODE_STATE=getMsg HTTP/1.1" 200 27
124.78.154.219 - - [30/Jan/2024:10:47:00 +0800] "GET /xingrg/all/function/internal_message.html?_=1706582817781&CODE_STATE=getMsg HTTP/1.1" 200 27
116.238.97.31 - - [30/Jan/2024:10:47:02 +0800] "GET /xingrg/kc/buy/cgsh_order_operate.html?command=get_materiel&rest_code=00102&code=00101009066&supplier_code=00100022&order_time=2024-01-30 HTTP/1.1" 200 416
180.169.147.146 - - [30/Jan/2024:10:47:06 +0800] "GET /xingrg/all/function/internal_message.html?_=1706582826078&CODE_STATE=getMsg HTTP/1.1" 200 27
222.70.168.244 - - [30/Jan/2024:10:47:07 +0800] "GET /xingrg/all/function/internal_message.html?_=1706582833023&CODE_STATE=getMsg HTTP/1.1" 200 27
124.78.154.219 - - [30/Jan/2024:10:47:09 +0800] "GET /xingrg/kc/base/wldb_order_operate.html?command=get_materiel&rest_code=00106&base_code=0010396&code=00101016060 HTTP/1.1" 200 464
180.164.1.25 - - [30/Jan/2024:10:47:09 +0800] "GET /xingrg/all/function/internal_message.html?_=1706582828957&CODE_STATE=getMsg HTTP/1.1" 200 27
101.228.146.191 - - [30/Jan/2024:10:47:10 +0800] "GET /xingrg/all/function/internal_message.html?_=1706582829387&CODE_STATE=getMsg HTTP/1.1" 200 27
