116.230.123.222 - - [28/Jan/2024:08:58:12 +0800] "GET /xingrg/all/function/internal_message.html?_=1706403491192&CODE_STATE=getMsg HTTP/1.1" 302 -
114.83.218.35 - - [28/Jan/2024:08:58:14 +0800] "GET /xingrg/kc/buy/cgsh_order_operate.html?command=get_materiel&rest_code=00149&code=00101008403&supplier_code=00100008&order_time=2024-01-28 HTTP/1.1" 200 412
101.83.145.37 - - [28/Jan/2024:08:58:20 +0800] "GET /xingrg/all/function/internal_message.html?_=1706403501528&CODE_STATE=getMsg HTTP/1.1" 200 27
101.83.145.37 - - [28/Jan/2024:08:58:20 +0800] "GET /xingrg/check_reg.html?_=1706403501532 HTTP/1.1" 200 22
114.95.241.104 - - [28/Jan/2024:08:58:22 +0800] "GET /xingrg/kc/buy/cgsh_order_operate.html?command=get_materiel&rest_code=00150&code=00101008353&supplier_code=00100008&order_time=2024-01-28 HTTP/1.1" 200 408
114.83.218.35 - - [28/Jan/2024:08:58:25 +0800] "GET /xingrg/kc/buy/cgsh_order_operate.html?command=get_materiel&rest_code=00149&code=00101008224&supplier_code=00100008&order_time=2024-01-28 HTTP/1.1" 200 416
114.95.241.104 - - [28/Jan/2024:08:58:32 +0800] "GET /xingrg/all/function/internal_message.html?_=1706403511992&CODE_STATE=getMsg HTTP/1.1" 200 27
180.169.147.146 - - [28/Jan/2024:08:58:35 +0800] "GET /xingrg/all/function/internal_message.html?_=1706403515628&CODE_STATE=getMsg HTTP/1.1" 200 27
114.95.241.104 - - [28/Jan/2024:08:58:37 +0800] "POST /xingrg/kc/buy/cgsh_order_operate.html HTTP/1.1" 200 37
114.83.218.35 - - [28/Jan/2024:08:58:39 +0800] "GET /xingrg/kc/buy/cgsh_order_operate.html?command=get_materiel&rest_code=00149&code=00101008304&supplier_code=00100008&order_time=2024-01-28 HTTP/1.1" 200 412
116.230.109.177 - - [28/Jan/2024:08:58:40 +0800] "GET /xingrg/kc/buy/cgsh_order_operate.html?command=get_materiel&rest_code=00155&code=00102002368&supplier_code=00100151&order_time=2024-01-28 HTTP/1.1" 200 23
114.95.241.104 - - [28/Jan/2024:08:58:40 +0800] "POST /xingrg/kc/buy/cgsh_order_operate.html HTTP/1.1" 200 34618
172.20.0.100 - - [28/Jan/2024:08:58:43 +0800] "GET /xingrg/check_reg.html?_=1706403537562 HTTP/1.1" 302 -
172.20.0.100 - - [28/Jan/2024:08:58:43 +0800] "GET /xingrg/all/function/internal_message.html?_=1706403537563&CODE_STATE=getMsg HTTP/1.1" 302 -
116.230.109.177 - - [28/Jan/2024:08:58:45 +0800] "GET /xingrg/all/function/internal_message.html?_=1706403464450&CODE_STATE=getMsg HTTP/1.1" 200 27
124.78.68.102 - - [28/Jan/2024:08:58:46 +0800] "GET /xingrg/all/function/internal_message.html?_=1706403526372&CODE_STATE=getMsg HTTP/1.1" 200 27
114.95.241.104 - - [28/Jan/2024:08:58:47 +0800] "GET /xingrg/kc/buy/cgsh_order_operate.html?command=get_materiel&rest_code=00150&code=00101008359&supplier_code=00100008&order_time=2024-01-28 HTTP/1.1" 200 408
114.95.241.104 - - [28/Jan/2024:08:58:48 +0800] "GET /xingrg/all/function/internal_message.html?_=1706403528283&CODE_STATE=getMsg HTTP/1.1" 200 27
114.95.241.104 - - [28/Jan/2024:08:58:48 +0800] "GET /xingrg/check_reg.html?_=1706403528286 HTTP/1.1" 200 22
218.81.65.124 - - [28/Jan/2024:08:58:48 +0800] "POST /xingrg/services/DataTransmitService HTTP/1.1" 200 524
120.253.135.82 - - [28/Jan/2024:08:58:48 +0800] "GET /xingrg/all/function/internal_message.html?_=1706403354311&CODE_STATE=getMsg HTTP/1.1" 200 27
101.83.145.37 - - [28/Jan/2024:08:58:54 +0800] "POST /xingrg/services/DataTransmitService HTTP/1.1" 200 524
124.79.240.117 - - [28/Jan/2024:08:58:56 +0800] "GET /xingrg/check_reg.html?_=1706403535369 HTTP/1.1" 302 -
116.230.109.177 - - [28/Jan/2024:08:58:56 +0800] "POST /xingrg/kc/buy/cgsh_order_operate.html HTTP/1.1" 200 37
114.83.218.35 - - [28/Jan/2024:08:58:56 +0800] "GET /xingrg/kc/buy/cgsh_order_operate.html?command=get_materiel&rest_code=00149&code=00101008357&supplier_code=00100008&order_time=2024-01-28 HTTP/1.1" 200 408
114.95.241.104 - - [28/Jan/2024:08:58:58 +0800] "GET /xingrg/kc/buy/cgsh_order_operate.html?command=get_materiel&rest_code=00150&code=00101008213&supplier_code=00100008&order_time=2024-01-28 HTTP/1.1" 200 412
116.230.109.177 - - [28/Jan/2024:08:58:59 +0800] "POST /xingrg/kc/buy/cgsh_order_operate.html HTTP/1.1" 200 2656
116.230.109.177 - - [28/Jan/2024:08:59:06 +0800] "GET /xingrg/index.html?sysBaseUrl=http%3A%2F%2F180.169.147.146%3A18081%2Fxingrg%2F&costTime=1277×tamp=1606817596806 HTTP/1.1" 302 -
116.230.109.177 - - [28/Jan/2024:08:59:06 +0800] "GET /xingrg/login.html HTTP/1.1" 200 7641
116.230.109.177 - - [28/Jan/2024:08:59:06 +0800] "GET /favicon.ico HTTP/1.1" 404 -
116.230.109.177 - - [28/Jan/2024:08:59:06 +0800] "GET /favicon.ico HTTP/1.1" 404 -
124.78.154.219 - - [28/Jan/2024:08:59:09 +0800] "GET /xingrg/all/function/internal_message.html?_=1706403547809&CODE_STATE=getMsg HTTP/1.1" 200 27
114.83.218.35 - - [28/Jan/2024:08:59:09 +0800] "GET /xingrg/all/function/internal_message.html?_=1706403549516&CODE_STATE=getMsg HTTP/1.1" 200 27
124.78.154.219 - - [28/Jan/2024:08:59:09 +0800] "GET /xingrg/check_reg.html?_=1706403548109 HTTP/1.1" 200 22
180.163.29.212 - - [28/Jan/2024:08:59:10 +0800] "GET /xingrg/all/function/internal_message.html?_=1706403487833&CODE_STATE=getMsg HTTP/1.1" 302 -
180.163.29.212 - - [28/Jan/2024:08:59:10 +0800] "GET /xingrg/login.html HTTP/1.1" 200 7641
116.230.123.222 - - [28/Jan/2024:08:59:12 +0800] "GET /xingrg/all/function/internal_message.html?_=1706403551210&CODE_STATE=getMsg HTTP/1.1" 302 -
116.230.109.177 - - [28/Jan/2024:08:59:13 +0800] "POST /xingrg/login.do HTTP/1.1" 302 -
116.230.109.177 - - [28/Jan/2024:08:59:14 +0800] "GET /xingrg/index.html?sysBaseUrl=http%3A%2F%2F180.169.147.146%3A18081%2Fxingrg%2F&costTime=835×tamp=1706403553933 HTTP/1.1" 200 17179
116.230.109.177 - - [28/Jan/2024:08:59:14 +0800] "GET /favicon.ico HTTP/1.1" 404 -
116.230.109.177 - - [28/Jan/2024:08:59:14 +0800] "GET /xingrg/all/function/internal_message.html?_=1706403493363&CODE_STATE=count HTTP/1.1" 200 11
116.230.109.177 - - [28/Jan/2024:08:59:14 +0800] "GET /xingrg/check_reg.html?_=1706403493363 HTTP/1.1" 200 22
116.230.109.177 - - [28/Jan/2024:08:59:14 +0800] "POST /xingrg/all/common/load_tree.html?tree=area_rest_tree_json&manage=1 HTTP/1.1" 200 351
116.230.109.177 - - [28/Jan/2024:08:59:14 +0800] "POST /xingrg/load_menu.html HTTP/1.1" 200 5138
114.83.218.35 - - [28/Jan/2024:08:59:15 +0800] "POST /xingrg/kc/buy/cgsh_order_operate.html HTTP/1.1" 200 2065
116.230.109.177 - - [28/Jan/2024:08:59:20 +0800] "GET /xingrg/kc/buy/buy_main.html HTTP/1.1" 200 12412
116.230.109.177 - - [28/Jan/2024:08:59:20 +0800] "GET /xingrg/css/new_ie.css HTTP/1.1" 404 1036
101.83.145.37 - - [28/Jan/2024:08:59:20 +0800] "GET /xingrg/all/function/internal_message.html?_=1706403561536&CODE_STATE=getMsg HTTP/1.1" 200 27
116.230.109.177 - - [28/Jan/2024:08:59:20 +0800] "GET /xingrg/images/yd/bt.gif HTTP/1.1" 404 1040
116.230.109.177 - - [28/Jan/2024:08:59:22 +0800] "GET /xingrg/kc/buy/cgsh_order_list.html HTTP/1.1" 200 57346
114.95.241.104 - - [28/Jan/2024:08:59:31 +0800] "GET /xingrg/all/function/internal_message.html?_=1706403571965&CODE_STATE=getMsg HTTP/1.1" 200 27
114.95.241.104 - - [28/Jan/2024:08:59:32 +0800] "GET /xingrg/kc/buy/cgsh_order_operate.html?command=get_materiel&rest_code=00150&code=00101008095&supplier_code=00100008&order_time=2024-01-28 HTTP/1.1" 200 412
180.169.147.146 - - [28/Jan/2024:08:59:35 +0800] "GET /xingrg/all/function/internal_message.html?_=1706403575623&CODE_STATE=getMsg HTTP/1.1" 200 27
172.20.0.100 - - [28/Jan/2024:08:59:43 +0800] "GET /xingrg/all/function/internal_message.html?_=1706403597562&CODE_STATE=getMsg HTTP/1.1" 302 -
114.95.241.104 - - [28/Jan/2024:08:59:44 +0800] "GET /xingrg/kc/buy/cgsh_order_operate.html?command=get_materiel&rest_code=00150&code=00101008110&supplier_code=00100008&order_time=2024-01-28 HTTP/1.1" 200 408
124.78.68.102 - - [28/Jan/2024:08:59:46 +0800] "GET /xingrg/all/function/internal_message.html?_=1706403586374&CODE_STATE=getMsg HTTP/1.1" 200 27
114.95.241.104 - - [28/Jan/2024:08:59:48 +0800] "GET /xingrg/all/function/internal_message.html?_=1706403588276&CODE_STATE=getMsg HTTP/1.1" 200 27
120.253.135.82 - - [28/Jan/2024:08:59:49 +0800] "GET /xingrg/all/function/internal_message.html?_=1706403414634&CODE_STATE=getMsg HTTP/1.1" 200 27
114.95.241.104 - - [28/Jan/2024:09:00:05 +0800] "POST /xingrg/kc/buy/cgsh_order_operate.html HTTP/1.1" 200 37
114.95.241.104 - - [28/Jan/2024:09:00:07 +0800] "POST /xingrg/kc/buy/cgsh_order_operate.html HTTP/1.1" 200 37569
124.78.154.219 - - [28/Jan/2024:09:00:09 +0800] "GET /xingrg/all/function/internal_message.html?_=1706403607782&CODE_STATE=getMsg HTTP/1.1" 200 27
114.83.218.35 - - [28/Jan/2024:09:00:09 +0800] "GET /xingrg/all/function/internal_message.html?_=1706403609513&CODE_STATE=getMsg HTTP/1.1" 200 27
116.230.109.177 - - [28/Jan/2024:09:00:10 +0800] "GET /xingrg/index.html?sysBaseUrl=http%3A%2F%2F180.169.147.146%3A18081%2Fxingrg%2F&costTime=1779×tamp=1684631389383 HTTP/1.1" 200 17179
116.230.109.177 - - [28/Jan/2024:09:00:11 +0800] "GET /xingrg/all/function/internal_message.html?_=1706403550140&CODE_STATE=count HTTP/1.1" 200 11
116.230.109.177 - - [28/Jan/2024:09:00:11 +0800] "GET /xingrg/check_reg.html?_=1706403550140 HTTP/1.1" 200 22
116.230.109.177 - - [28/Jan/2024:09:00:11 +0800] "GET /favicon.ico HTTP/1.1" 404 -
116.230.109.177 - - [28/Jan/2024:09:00:11 +0800] "POST /xingrg/all/common/load_tree.html?tree=area_rest_tree_json&manage=1 HTTP/1.1" 200 351
116.230.109.177 - - [28/Jan/2024:09:00:11 +0800] "POST /xingrg/load_menu.html HTTP/1.1" 200 5138
116.230.109.177 - - [28/Jan/2024:09:00:11 +0800] "GET /xingrg/index.html?sysBaseUrl=http%3A%2F%2F180.169.147.146%3A18081%2Fxingrg%2F&costTime=1779×tamp=1684631389383 HTTP/1.1" 200 17179
116.230.109.177 - - [28/Jan/2024:09:00:11 +0800] "POST /xingrg/kc/buy/cgsh_list_operate.html HTTP/1.1" 200 5921
116.230.109.177 - - [28/Jan/2024:09:00:12 +0800] "GET /xingrg/check_reg.html?_=1706403551294 HTTP/1.1" 200 22
116.230.109.177 - - [28/Jan/2024:09:00:12 +0800] "GET /xingrg/all/function/internal_message.html?_=1706403551293&CODE_STATE=count HTTP/1.1" 200 11
116.230.109.177 - - [28/Jan/2024:09:00:12 +0800] "GET /favicon.ico HTTP/1.1" 404 -
116.230.109.177 - - [28/Jan/2024:09:00:12 +0800] "POST /xingrg/all/common/load_tree.html?tree=area_rest_tree_json&manage=1 HTTP/1.1" 200 351
116.230.123.222 - - [28/Jan/2024:09:00:12 +0800] "GET /xingrg/all/function/internal_message.html?_=1706403611185&CODE_STATE=getMsg HTTP/1.1" 302 -
116.230.109.177 - - [28/Jan/2024:09:00:12 +0800] "POST /xingrg/load_menu.html HTTP/1.1" 200 5138
116.230.109.177 - - [28/Jan/2024:09:00:13 +0800] "GET /xingrg/index.html?sysBaseUrl=http%3A%2F%2F180.169.147.146%3A18081%2Fxingrg%2F&costTime=1779×tamp=1684631389383 HTTP/1.1" 200 17179
116.230.109.177 - - [28/Jan/2024:09:00:13 +0800] "GET /xingrg/check_reg.html?_=1706403552697 HTTP/1.1" 200 22
116.230.109.177 - - [28/Jan/2024:09:00:13 +0800] "GET /xingrg/all/function/internal_message.html?_=1706403552695&CODE_STATE=count HTTP/1.1" 200 11
116.230.109.177 - - [28/Jan/2024:09:00:13 +0800] "GET /favicon.ico HTTP/1.1" 404 -
116.230.109.177 - - [28/Jan/2024:09:00:13 +0800] "POST /xingrg/all/common/load_tree.html?tree=area_rest_tree_json&manage=1 HTTP/1.1" 200 351
116.230.109.177 - - [28/Jan/2024:09:00:13 +0800] "POST /xingrg/load_menu.html HTTP/1.1" 200 5138
116.230.109.177 - - [28/Jan/2024:09:00:14 +0800] "GET /xingrg/all/function/internal_message.html?_=1706403553381&CODE_STATE=getMsg HTTP/1.1" 200 27
116.230.109.177 - - [28/Jan/2024:09:00:15 +0800] "GET /xingrg/kc/buy/buy_main.html HTTP/1.1" 200 12412
116.230.109.177 - - [28/Jan/2024:09:00:15 +0800] "GET /xingrg/css/new_ie.css HTTP/1.1" 404 1036
116.230.109.177 - - [28/Jan/2024:09:00:15 +0800] "GET /xingrg/images/yd/bt.gif HTTP/1.1" 404 1040
116.230.109.177 - - [28/Jan/2024:09:00:17 +0800] "GET /xingrg/kc/buy/cgsh_order_list.html HTTP/1.1" 200 57346
116.230.109.177 - - [28/Jan/2024:09:00:20 +0800] "GET /xingrg/kc/buy/buy_main.html HTTP/1.1" 200 12412
116.230.109.177 - - [28/Jan/2024:09:00:20 +0800] "GET /xingrg/css/new_ie.css HTTP/1.1" 404 1036
101.83.145.37 - - [28/Jan/2024:09:00:20 +0800] "GET /xingrg/all/function/internal_message.html?_=1706403621525&CODE_STATE=getMsg HTTP/1.1" 200 27
116.230.109.177 - - [28/Jan/2024:09:00:21 +0800] "GET /xingrg/images/yd/bt.gif HTTP/1.1" 404 1040
116.230.109.177 - - [28/Jan/2024:09:00:22 +0800] "GET /xingrg/kc/buy/cgsh_order_list.html HTTP/1.1" 200 57346
116.230.109.177 - - [28/Jan/2024:09:00:24 +0800] "GET /xingrg/kc/buy/buy_main.html HTTP/1.1" 200 12412
116.230.109.177 - - [28/Jan/2024:09:00:24 +0800] "GET /xingrg/css/new_ie.css HTTP/1.1" 404 1036
120.253.135.82 - - [28/Jan/2024:09:00:24 +0800] "GET /xingrg/check_reg.html?_=1706403450493 HTTP/1.1" 200 22
116.230.109.177 - - [28/Jan/2024:09:00:25 +0800] "GET /xingrg/images/yd/bt.gif HTTP/1.1" 404 1040
114.95.241.104 - - [28/Jan/2024:09:00:25 +0800] "GET /xingrg/kc/buy/cgsh_order_operate.html?command=get_materiel&rest_code=00150&code=00101008061&supplier_code=00100008&order_time=2024-01-28 HTTP/1.1" 200 422
116.230.109.177 - - [28/Jan/2024:09:00:26 +0800] "GET /xingrg/kc/buy/cgsh_order_list.html HTTP/1.1" 200 57346
114.95.241.104 - - [28/Jan/2024:09:00:31 +0800] "GET /xingrg/all/function/internal_message.html?_=1706403631940&CODE_STATE=getMsg HTTP/1.1" 200 27
180.169.147.146 - - [28/Jan/2024:09:00:35 +0800] "GET /xingrg/all/function/internal_message.html?_=1706403635635&CODE_STATE=getMsg HTTP/1.1" 200 27
114.95.241.104 - - [28/Jan/2024:09:00:36 +0800] "GET /xingrg/kc/buy/cgsh_order_operate.html?command=get_materiel&rest_code=00150&code=00101009011&supplier_code=00100008&order_time=2024-01-28 HTTP/1.1" 200 416
114.83.218.35 - - [28/Jan/2024:09:00:36 +0800] "GET /xingrg/kc/buy/cgsh_order_operate.html?command=get_materiel&rest_code=00149&code=00101008286&supplier_code=00100008&order_time=2024-01-28 HTTP/1.1" 200 408
172.20.0.100 - - [28/Jan/2024:09:00:43 +0800] "GET /xingrg/all/function/internal_message.html?_=1706403657560&CODE_STATE=getMsg HTTP/1.1" 302 -
114.95.241.104 - - [28/Jan/2024:09:00:43 +0800] "GET /xingrg/check_reg.html?_=1706403643574 HTTP/1.1" 200 22
124.78.68.102 - - [28/Jan/2024:09:00:46 +0800] "GET /xingrg/all/function/internal_message.html?_=1706403646350&CODE_STATE=getMsg HTTP/1.1" 200 27
101.228.146.191 - - [28/Jan/2024:09:00:46 +0800] "GET /xingrg/login.html HTTP/1.1" 200 7641
101.228.146.191 - - [28/Jan/2024:09:00:46 +0800] "GET /xingrg/images/blue/jxLogo.png HTTP/1.1" 304 -
101.228.146.191 - - [28/Jan/2024:09:00:47 +0800] "GET /xingrg/images/blue/login_bg.png HTTP/1.1" 304 -
101.228.146.191 - - [28/Jan/2024:09:00:47 +0800] "GET /xingrg/images/blue/srbg.png HTTP/1.1" 304 -
101.228.146.191 - - [28/Jan/2024:09:00:47 +0800] "GET /xingrg/images/blue/hj.png HTTP/1.1" 304 -
101.228.146.191 - - [28/Jan/2024:09:00:47 +0800] "GET /favicon.ico HTTP/1.1" 404 -
114.95.241.104 - - [28/Jan/2024:09:00:48 +0800] "GET /xingrg/kc/buy/cgsh_order_operate.html?command=get_materiel&rest_code=00150&code=00101009015&supplier_code=00100008&order_time=2024-01-28 HTTP/1.1" 200 416
114.95.241.104 - - [28/Jan/2024:09:00:48 +0800] "GET /xingrg/all/function/internal_message.html?_=1706403648247&CODE_STATE=getMsg HTTP/1.1" 200 27
120.253.135.82 - - [28/Jan/2024:09:00:49 +0800] "GET /xingrg/all/function/internal_message.html?_=1706403474644&CODE_STATE=getMsg HTTP/1.1" 200 27
116.230.109.177 - - [28/Jan/2024:09:00:50 +0800] "GET /xingrg/index.html?sysBaseUrl=http%3A%2F%2F180.169.147.146%3A18081%2Fxingrg%2F&costTime=1779×tamp=1684631389383 HTTP/1.1" 200 17179
116.230.109.177 - - [28/Jan/2024:09:00:50 +0800] "GET /xingrg/check_reg.html?_=1706403589857 HTTP/1.1" 200 22
116.230.109.177 - - [28/Jan/2024:09:00:50 +0800] "GET /xingrg/all/function/internal_message.html?_=1706403589856&CODE_STATE=count HTTP/1.1" 200 11
116.230.109.177 - - [28/Jan/2024:09:00:50 +0800] "GET /favicon.ico HTTP/1.1" 404 -
116.230.109.177 - - [28/Jan/2024:09:00:50 +0800] "POST /xingrg/all/common/load_tree.html?tree=area_rest_tree_json&manage=1 HTTP/1.1" 200 351
116.230.109.177 - - [28/Jan/2024:09:00:50 +0800] "POST /xingrg/load_menu.html HTTP/1.1" 200 5138
114.95.241.104 - - [28/Jan/2024:09:00:56 +0800] "GET /xingrg/kc/buy/cgsh_order_operate.html?command=get_materiel&rest_code=00150&code=00101015006&supplier_code=00100008&order_time=2024-01-28 HTTP/1.1" 200 413
124.78.68.102 - - [28/Jan/2024:09:01:05 +0800] "GET /xingrg/check_reg.html?_=1706403665457 HTTP/1.1" 200 22
116.230.109.177 - - [28/Jan/2024:09:01:05 +0800] "POST /xingrg/kc/buy/cgsh_list_operate.html HTTP/1.1" 200 5921
114.95.241.104 - - [28/Jan/2024:09:01:06 +0800] "POST /xingrg/kc/buy/cgsh_order_operate.html HTTP/1.1" 200 37
101.228.146.191 - - [28/Jan/2024:09:01:07 +0800] "POST /xingrg/login.do HTTP/1.1" 302 -
101.228.146.191 - - [28/Jan/2024:09:01:08 +0800] "GET /xingrg/index.html?sysBaseUrl=http%3A%2F%2F180.169.147.146%3A18081%2Fxingrg%2F&costTime=907×tamp=1706403667921 HTTP/1.1" 200 17179
101.228.146.191 - - [28/Jan/2024:09:01:08 +0800] "GET /xingrg/javascript/jquery_easy_ui/themes/default/easyui.css HTTP/1.1" 304 -
101.228.146.191 - - [28/Jan/2024:09:01:08 +0800] "GET /xingrg/javascript/jquery_easy_ui/themes/icon.css HTTP/1.1" 304 -
101.228.146.191 - - [28/Jan/2024:09:01:08 +0800] "GET /xingrg/css/form.css HTTP/1.1" 304 -
101.228.146.191 - - [28/Jan/2024:09:01:08 +0800] "GET /xingrg/javascript/jquery-1.4.2.min.js HTTP/1.1" 304 -
101.228.146.191 - - [28/Jan/2024:09:01:08 +0800] "GET /xingrg/javascript/jquery.form.js HTTP/1.1" 304 -
101.228.146.191 - - [28/Jan/2024:09:01:08 +0800] "GET /xingrg/javascript/jquery.utils.js HTTP/1.1" 304 -
101.228.146.191 - - [28/Jan/2024:09:01:08 +0800] "GET /xingrg/javascript/jquery.timers.js HTTP/1.1" 304 -
101.228.146.191 - - [28/Jan/2024:09:01:08 +0800] "GET /xingrg/javascript/jquery_easy_ui/jquery.easyui.min.js HTTP/1.1" 304 -
101.228.146.191 - - [28/Jan/2024:09:01:08 +0800] "GET /xingrg/javascript/jquery_easy_ui/easyui-lang-zh_CN.js HTTP/1.1" 304 -
101.228.146.191 - - [28/Jan/2024:09:01:08 +0800] "GET /favicon.ico HTTP/1.1" 404 -
101.228.146.191 - - [28/Jan/2024:09:01:08 +0800] "GET /xingrg/javascript/jquery_easy_ui/themes/icons/settle_new.png HTTP/1.1" 304 -
101.228.146.191 - - [28/Jan/2024:09:01:08 +0800] "GET /xingrg/images/blue/navBackgound.jpg HTTP/1.1" 304 -
101.228.146.191 - - [28/Jan/2024:09:01:08 +0800] "POST /xingrg/all/common/load_tree.html?tree=area_rest_tree_json&manage=1 HTTP/1.1" 200 351
101.228.146.191 - - [28/Jan/2024:09:01:08 +0800] "GET /xingrg/all/function/internal_message.html?_=1706403668436&CODE_STATE=count HTTP/1.1" 200 11
101.228.146.191 - - [28/Jan/2024:09:01:08 +0800] "GET /xingrg/images/blue/pingpu.png HTTP/1.1" 304 -
101.228.146.191 - - [28/Jan/2024:09:01:08 +0800] "GET /xingrg/check_reg.html?_=1706403668437 HTTP/1.1" 200 22
101.228.146.191 - - [28/Jan/2024:09:01:08 +0800] "GET /xingrg/javascript/jquery_easy_ui/themes/default/images/tabs_leftarrow.png HTTP/1.1" 304 -
101.228.146.191 - - [28/Jan/2024:09:01:08 +0800] "GET /xingrg/javascript/jquery_easy_ui/themes/default/images/tabs_rightarrow.png HTTP/1.1" 304 -
101.228.146.191 - - [28/Jan/2024:09:01:08 +0800] "GET /xingrg/javascript/jquery_easy_ui/themes/default/images/panel_tool_collapse.gif HTTP/1.1" 304 -
101.228.146.191 - - [28/Jan/2024:09:01:08 +0800] "POST /xingrg/load_menu.html HTTP/1.1" 200 5138
101.228.146.191 - - [28/Jan/2024:09:01:08 +0800] "GET /xingrg/javascript/jquery_easy_ui/themes/default/images/tree_arrows.gif HTTP/1.1" 304 -
101.228.146.191 - - [28/Jan/2024:09:01:08 +0800] "GET /xingrg/javascript/jquery_easy_ui/themes/icons/search_new.png HTTP/1.1" 304 -
101.228.146.191 - - [28/Jan/2024:09:01:08 +0800] "GET /xingrg/javascript/jquery_easy_ui/themes/default/images/tree_folder_open.gif HTTP/1.1" 304 -
101.228.146.191 - - [28/Jan/2024:09:01:08 +0800] "GET /xingrg/javascript/jquery_easy_ui/themes/icons/storage_new.png HTTP/1.1" 304 -
101.228.146.191 - - [28/Jan/2024:09:01:08 +0800] "GET /xingrg/javascript/jquery_easy_ui/themes/default/images/tree_folder.gif HTTP/1.1" 304 -
101.228.146.191 - - [28/Jan/2024:09:01:08 +0800] "GET /xingrg/javascript/jquery_easy_ui/themes/icons/forms_new.png HTTP/1.1" 304 -
101.228.146.191 - - [28/Jan/2024:09:01:08 +0800] "GET /xingrg/javascript/jquery_easy_ui/themes/default/images/tree_file.gif HTTP/1.1" 304 -
114.95.241.104 - - [28/Jan/2024:09:01:08 +0800] "POST /xingrg/kc/buy/cgsh_order_operate.html HTTP/1.1" 200 40540
124.78.154.219 - - [28/Jan/2024:09:01:09 +0800] "GET /xingrg/all/function/internal_message.html?_=1706403667758&CODE_STATE=getMsg HTTP/1.1" 200 27
114.83.218.35 - - [28/Jan/2024:09:01:09 +0800] "GET /xingrg/all/function/internal_message.html?_=1706403669518&CODE_STATE=getMsg HTTP/1.1" 200 27
116.230.109.177 - - [28/Jan/2024:09:01:11 +0800] "GET /xingrg/all/function/internal_message.html?_=1706403610162&CODE_STATE=getMsg HTTP/1.1" 200 27
116.230.109.177 - - [28/Jan/2024:09:01:12 +0800] "POST /xingrg/kc/buy/cgsh_list_operate.html HTTP/1.1" 200 5921
116.230.123.222 - - [28/Jan/2024:09:01:12 +0800] "GET /xingrg/all/function/internal_message.html?_=1706403671204&CODE_STATE=getMsg HTTP/1.1" 302 -
116.230.109.177 - - [28/Jan/2024:09:01:12 +0800] "GET /xingrg/all/function/internal_message.html?_=1706403611572&CODE_STATE=getMsg HTTP/1.1" 200 27
116.230.109.177 - - [28/Jan/2024:09:01:13 +0800] "GET /xingrg/all/function/internal_message.html?_=1706403612699&CODE_STATE=getMsg HTTP/1.1" 200 27
116.230.109.177 - - [28/Jan/2024:09:01:14 +0800] "GET /xingrg/all/function/internal_message.html?_=1706403613370&CODE_STATE=getMsg HTTP/1.1" 200 27
116.230.109.177 - - [28/Jan/2024:09:01:15 +0800] "POST /xingrg/kc/buy/cgsh_list_operate.html HTTP/1.1" 200 5921
114.95.241.104 - - [28/Jan/2024:09:01:17 +0800] "GET /xingrg/kc/buy/cgsh_order_operate.html?command=get_materiel&rest_code=00150&code=00101008351&supplier_code=00100008&order_time=2024-01-28 HTTP/1.1" 200 408
101.83.145.37 - - [28/Jan/2024:09:01:20 +0800] "GET /xingrg/all/function/internal_message.html?_=1706403681526&CODE_STATE=getMsg HTTP/1.1" 200 27
116.230.109.177 - - [28/Jan/2024:09:01:22 +0800] "POST /xingrg/kc/buy/cgsh_list_operate.html HTTP/1.1" 200 5156
114.83.218.35 - - [28/Jan/2024:09:01:26 +0800] "GET /xingrg/kc/buy/cgsh_order_operate.html?command=get_materiel&rest_code=00149&code=00101008368&supplier_code=00100008&order_time=2024-01-28 HTTP/1.1" 200 408
114.95.241.104 - - [28/Jan/2024:09:01:27 +0800] "GET /xingrg/kc/buy/cgsh_order_operate.html?command=get_materiel&rest_code=00150&code=00101008358&supplier_code=00100008&order_time=2024-01-28 HTTP/1.1" 200 412
114.83.218.35 - - [28/Jan/2024:09:01:28 +0800] "POST /xingrg/kc/buy/cgsh_order_operate.html HTTP/1.1" 200 2065
116.230.109.177 - - [28/Jan/2024:09:01:29 +0800] "POST /xingrg/kc/buy/cgsh_list_operate.html HTTP/1.1" 200 577
114.95.241.104 - - [28/Jan/2024:09:01:31 +0800] "GET /xingrg/all/function/internal_message.html?_=1706403691933&CODE_STATE=getMsg HTTP/1.1" 200 27
180.169.147.146 - - [28/Jan/2024:09:01:35 +0800] "GET /xingrg/check_reg.html?_=1706403695639 HTTP/1.1" 200 22
180.169.147.146 - - [28/Jan/2024:09:01:35 +0800] "GET /xingrg/all/function/internal_message.html?_=1706403695644&CODE_STATE=getMsg HTTP/1.1" 200 27
114.95.241.104 - - [28/Jan/2024:09:01:35 +0800] "POST /xingrg/kc/buy/cgsh_order_operate.html HTTP/1.1" 200 37
172.20.0.100 - - [28/Jan/2024:09:01:43 +0800] "GET /xingrg/all/function/internal_message.html?_=1706403717558&CODE_STATE=getMsg HTTP/1.1" 302 -
101.228.146.191 - - [28/Jan/2024:09:01:45 +0800] "GET /xingrg/javascript/jquery_easy_ui/themes/default/images/button_plain_hover.png HTTP/1.1" 200 252
124.78.68.102 - - [28/Jan/2024:09:01:46 +0800] "GET /xingrg/all/function/internal_message.html?_=1706403706340&CODE_STATE=getMsg HTTP/1.1" 200 27
101.228.146.191 - - [28/Jan/2024:09:01:46 +0800] "GET /xingrg/javascript/jquery_easy_ui/themes/icons/rest.png HTTP/1.1" 304 -
101.228.146.191 - - [28/Jan/2024:09:01:46 +0800] "GET /xingrg/javascript/jquery_easy_ui/themes/icons/area.png HTTP/1.1" 304 -
114.83.218.35 - - [28/Jan/2024:09:01:47 +0800] "GET /xingrg/kc/buy/cgsh_order_operate.html?command=get_materiel&rest_code=00149&code=00101008131&supplier_code=00100008&order_time=2024-01-28 HTTP/1.1" 200 408
120.253.135.82 - - [28/Jan/2024:09:01:49 +0800] "GET /xingrg/all/function/internal_message.html?_=1706403534656&CODE_STATE=getMsg HTTP/1.1" 200 27
116.230.109.177 - - [28/Jan/2024:09:01:50 +0800] "GET /xingrg/all/function/internal_message.html?_=1706403649886&CODE_STATE=getMsg HTTP/1.1" 200 27
114.83.218.35 - - [28/Jan/2024:09:02:03 +0800] "GET /xingrg/kc/buy/cgsh_order_operate.html?command=get_materiel&rest_code=00149&code=00101008233&supplier_code=00100008&order_time=2024-01-28 HTTP/1.1" 200 408
101.228.146.191 - - [28/Jan/2024:09:02:08 +0800] "GET /xingrg/all/function/internal_message.html?_=1706403728448&CODE_STATE=getMsg HTTP/1.1" 200 27
116.230.109.177 - - [28/Jan/2024:09:02:09 +0800] "POST /xingrg/kc/buy/cgsh_list_operate.html HTTP/1.1" 200 201
124.78.154.219 - - [28/Jan/2024:09:02:09 +0800] "GET /xingrg/all/function/internal_message.html?_=1706403727729&CODE_STATE=getMsg HTTP/1.1" 200 27
114.83.218.35 - - [28/Jan/2024:09:02:09 +0800] "GET /xingrg/all/function/internal_message.html?_=1706403729514&CODE_STATE=getMsg HTTP/1.1" 200 27
116.230.109.177 - - [28/Jan/2024:09:02:11 +0800] "GET /xingrg/all/function/internal_message.html?_=1706403670148&CODE_STATE=getMsg HTTP/1.1" 200 27
116.230.123.222 - - [28/Jan/2024:09:02:12 +0800] "GET /xingrg/check_reg.html?_=1706403731203 HTTP/1.1" 302 -
116.230.123.222 - - [28/Jan/2024:09:02:12 +0800] "GET /xingrg/all/function/internal_message.html?_=1706403731207&CODE_STATE=getMsg HTTP/1.1" 302 -
116.230.109.177 - - [28/Jan/2024:09:02:12 +0800] "GET /xingrg/all/function/internal_message.html?_=1706403671549&CODE_STATE=getMsg HTTP/1.1" 200 27
116.230.109.177 - - [28/Jan/2024:09:02:13 +0800] "GET /xingrg/all/function/internal_message.html?_=1706403672710&CODE_STATE=getMsg HTTP/1.1" 200 27
116.230.109.177 - - [28/Jan/2024:09:02:14 +0800] "GET /xingrg/all/function/internal_message.html?_=1706403673365&CODE_STATE=getMsg HTTP/1.1" 200 27
114.83.218.35 - - [28/Jan/2024:09:02:14 +0800] "GET /xingrg/kc/buy/cgsh_order_operate.html?command=get_materiel&rest_code=00149&code=00101001225&supplier_code=00100008&order_time=2024-01-28 HTTP/1.1" 200 415
116.230.109.177 - - [28/Jan/2024:09:02:15 +0800] "GET /xingrg/kc/buy/cgsh_order_info.html?code=212024012811721 HTTP/1.1" 200 68109
116.230.109.177 - - [28/Jan/2024:09:02:16 +0800] "GET /xingrg/javascript/easyui/themes/default/validatebox.css HTTP/1.1" 404 1104
116.230.109.177 - - [28/Jan/2024:09:02:17 +0800] "POST /xingrg/kc/buy/cgsh_order_operate.html HTTP/1.1" 200 606
101.83.145.37 - - [28/Jan/2024:09:02:20 +0800] "GET /xingrg/all/function/internal_message.html?_=1706403741527&CODE_STATE=getMsg HTTP/1.1" 200 27
114.83.218.35 - - [28/Jan/2024:09:02:22 +0800] "GET /xingrg/kc/buy/cgsh_order_operate.html?command=get_materiel&rest_code=00149&code=00101008108&supplier_code=00100008&order_time=2024-01-28 HTTP/1.1" 200 412
114.95.241.104 - - [28/Jan/2024:09:02:31 +0800] "GET /xingrg/all/function/internal_message.html?_=1706403751912&CODE_STATE=getMsg HTTP/1.1" 200 27
114.83.218.35 - - [28/Jan/2024:09:02:35 +0800] "GET /xingrg/kc/buy/cgsh_order_operate.html?command=get_materiel&rest_code=00149&code=00101008318&supplier_code=00100008&order_time=2024-01-28 HTTP/1.1" 200 408
180.169.147.146 - - [28/Jan/2024:09:02:35 +0800] "GET /xingrg/all/function/internal_message.html?_=1706403755638&CODE_STATE=getMsg HTTP/1.1" 200 27
114.83.218.35 - - [28/Jan/2024:09:02:38 +0800] "POST /xingrg/kc/buy/cgsh_order_operate.html HTTP/1.1" 200 2065
116.230.109.177 - - [28/Jan/2024:09:02:41 +0800] "POST /xingrg/kc/buy/cgsh_list_operate.html HTTP/1.1" 200 201
172.20.0.100 - - [28/Jan/2024:09:02:43 +0800] "GET /xingrg/all/function/internal_message.html?_=1706403777557&CODE_STATE=getMsg HTTP/1.1" 302 -
124.78.68.102 - - [28/Jan/2024:09:02:46 +0800] "GET /xingrg/all/function/internal_message.html?_=1706403766314&CODE_STATE=getMsg HTTP/1.1" 200 27
116.230.109.177 - - [28/Jan/2024:09:02:48 +0800] "GET /xingrg/kc/buy/cgsh_order_info.html?code=212024012811721 HTTP/1.1" 200 68109
116.230.109.177 - - [28/Jan/2024:09:02:48 +0800] "GET /xingrg/javascript/easyui/themes/default/validatebox.css HTTP/1.1" 404 1104
120.253.135.82 - - [28/Jan/2024:09:02:49 +0800] "GET /xingrg/all/function/internal_message.html?_=1706403594978&CODE_STATE=getMsg HTTP/1.1" 200 27
116.230.109.177 - - [28/Jan/2024:09:02:49 +0800] "POST /xingrg/kc/buy/cgsh_order_operate.html HTTP/1.1" 200 606
116.230.109.177 - - [28/Jan/2024:09:02:50 +0800] "GET /xingrg/all/function/internal_message.html?_=1706403709871&CODE_STATE=getMsg HTTP/1.1" 200 27
114.83.218.35 - - [28/Jan/2024:09:02:52 +0800] "GET /xingrg/kc/buy/cgsh_order_operate.html?command=get_materiel&rest_code=00149&code=00101008352&supplier_code=00100008&order_time=2024-01-28 HTTP/1.1" 200 412
116.230.109.177 - - [28/Jan/2024:09:02:59 +0800] "POST /xingrg/kc/buy/cgsh_list_operate.html HTTP/1.1" 200 4654
116.235.245.10 - - [28/Jan/2024:09:02:59 +0800] "GET /xingrg/check_reg.html?_=1706403805670 HTTP/1.1" 200 22
116.230.109.177 - - [28/Jan/2024:09:03:08 +0800] "POST /xingrg/kc/buy/cgsh_list_operate.html HTTP/1.1" 200 4
101.228.146.191 - - [28/Jan/2024:09:03:08 +0800] "GET /xingrg/all/function/internal_message.html?_=1706403788450&CODE_STATE=getMsg HTTP/1.1" 200 27
124.78.154.219 - - [28/Jan/2024:09:03:09 +0800] "GET /xingrg/all/function/internal_message.html?_=1706403787703&CODE_STATE=getMsg HTTP/1.1" 200 27
114.83.218.35 - - [28/Jan/2024:09:03:09 +0800] "GET /xingrg/check_reg.html?_=1706403789527 HTTP/1.1" 200 22
114.83.218.35 - - [28/Jan/2024:09:03:09 +0800] "GET /xingrg/all/function/internal_message.html?_=1706403789530&CODE_STATE=getMsg HTTP/1.1" 200 27
116.230.109.177 - - [28/Jan/2024:09:03:11 +0800] "GET /xingrg/all/function/internal_message.html?_=1706403730149&CODE_STATE=getMsg HTTP/1.1" 200 27
116.230.123.222 - - [28/Jan/2024:09:03:12 +0800] "GET /xingrg/all/function/internal_message.html?_=1706403791199&CODE_STATE=getMsg HTTP/1.1" 302 -
116.230.109.177 - - [28/Jan/2024:09:03:12 +0800] "GET /xingrg/all/function/internal_message.html?_=1706403731541&CODE_STATE=getMsg HTTP/1.1" 200 27
116.230.109.177 - - [28/Jan/2024:09:03:13 +0800] "GET /xingrg/all/function/internal_message.html?_=1706403732717&CODE_STATE=getMsg HTTP/1.1" 200 27
116.230.109.177 - - [28/Jan/2024:09:03:14 +0800] "GET /xingrg/all/function/internal_message.html?_=1706403733365&CODE_STATE=getMsg HTTP/1.1" 200 27
101.83.145.37 - - [28/Jan/2024:09:03:20 +0800] "GET /xingrg/check_reg.html?_=1706403801535 HTTP/1.1" 200 22
101.83.145.37 - - [28/Jan/2024:09:03:20 +0800] "GET /xingrg/all/function/internal_message.html?_=1706403801530&CODE_STATE=getMsg HTTP/1.1" 200 27
116.230.109.177 - - [28/Jan/2024:09:03:26 +0800] "GET /xingrg/kc/buy/cgsh_order_add.html HTTP/1.1" 200 73210
116.230.109.177 - - [28/Jan/2024:09:03:26 +0800] "POST /xingrg/kc/buy/cgsh_order_operate.html HTTP/1.1" 200 8245
116.230.109.177 - - [28/Jan/2024:09:03:27 +0800] "GET /xingrg/javascript/easyui/themes/default/validatebox.css HTTP/1.1" 404 1104
116.230.109.177 - - [28/Jan/2024:09:03:27 +0800] "GET /xingrg/all/common/auto_word.html?type=employee&rest_code=00155 HTTP/1.1" 200 255
116.230.109.177 - - [28/Jan/2024:09:03:27 +0800] "GET /xingrg/all/common/auto_word.html?type=employee&rest_code=00155 HTTP/1.1" 200 255
114.95.241.104 - - [28/Jan/2024:09:03:31 +0800] "GET /xingrg/all/function/internal_message.html?_=1706403811908&CODE_STATE=getMsg HTTP/1.1" 200 27
180.169.147.146 - - [28/Jan/2024:09:03:35 +0800] "GET /xingrg/all/function/internal_message.html?_=1706403815638&CODE_STATE=getMsg HTTP/1.1" 200 27
116.230.109.177 - - [28/Jan/2024:09:03:36 +0800] "GET /xingrg/kc/buy/cgsh_order_info.html?code=212024012811721 HTTP/1.1" 200 68109
116.230.109.177 - - [28/Jan/2024:09:03:37 +0800] "GET /xingrg/javascript/easyui/themes/default/validatebox.css HTTP/1.1" 404 1104
116.230.109.177 - - [28/Jan/2024:09:03:38 +0800] "POST /xingrg/kc/buy/cgsh_order_operate.html HTTP/1.1" 200 606
116.230.109.177 - - [28/Jan/2024:09:03:42 +0800] "POST /xingrg/kc/buy/cgsh_list_operate.html HTTP/1.1" 200 5963
172.20.0.100 - - [28/Jan/2024:09:03:43 +0800] "GET /xingrg/all/function/internal_message.html?_=1706403837560&CODE_STATE=getMsg HTTP/1.1" 302 -
172.20.0.100 - - [28/Jan/2024:09:03:43 +0800] "GET /xingrg/check_reg.html?_=1706403837561 HTTP/1.1" 302 -
114.83.218.35 - - [28/Jan/2024:09:03:45 +0800] "GET /xingrg/kc/buy/cgsh_order_operate.html?command=get_materiel&rest_code=00149&code=00101008098&supplier_code=00100008&order_time=2024-01-28 HTTP/1.1" 200 412
124.78.68.102 - - [28/Jan/2024:09:03:46 +0800] "GET /xingrg/all/function/internal_message.html?_=1706403826287&CODE_STATE=getMsg HTTP/1.1" 200 27
120.253.135.82 - - [28/Jan/2024:09:03:49 +0800] "GET /xingrg/all/function/internal_message.html?_=1706403654996&CODE_STATE=getMsg HTTP/1.1" 200 27
116.230.109.177 - - [28/Jan/2024:09:03:50 +0800] "GET /xingrg/all/function/internal_message.html?_=1706403769881&CODE_STATE=getMsg HTTP/1.1" 200 27
114.83.218.35 - - [28/Jan/2024:09:04:00 +0800] "GET /xingrg/kc/buy/cgsh_order_operate.html?command=get_materiel&rest_code=00149&code=00101008005&supplier_code=00100008&order_time=2024-01-28 HTTP/1.1" 200 412
101.228.146.191 - - [28/Jan/2024:09:04:08 +0800] "GET /xingrg/all/function/internal_message.html?_=1706403848450&CODE_STATE=getMsg HTTP/1.1" 200 27
124.78.154.219 - - [28/Jan/2024:09:04:09 +0800] "GET /xingrg/all/function/internal_message.html?_=1706403847690&CODE_STATE=getMsg HTTP/1.1" 200 27
114.83.218.35 - - [28/Jan/2024:09:04:09 +0800] "GET /xingrg/all/function/internal_message.html?_=1706403849525&CODE_STATE=getMsg HTTP/1.1" 200 27
124.78.154.219 - - [28/Jan/2024:09:04:09 +0800] "GET /xingrg/check_reg.html?_=1706403848084 HTTP/1.1" 200 22
180.163.30.27 - - [28/Jan/2024:09:04:10 +0800] "GET /xingrg/all/function/internal_message.html?_=1706403787703&CODE_STATE=getMsg HTTP/1.1" 302 -
180.163.30.27 - - [28/Jan/2024:09:04:10 +0800] "GET /xingrg/login.html HTTP/1.1" 200 7641
116.230.109.177 - - [28/Jan/2024:09:04:11 +0800] "GET /xingrg/all/function/internal_message.html?_=1706403790158&CODE_STATE=getMsg HTTP/1.1" 200 27
116.230.123.222 - - [28/Jan/2024:09:04:12 +0800] "GET /xingrg/all/function/internal_message.html?_=1706403851187&CODE_STATE=getMsg HTTP/1.1" 302 -
116.230.109.177 - - [28/Jan/2024:09:04:12 +0800] "GET /xingrg/all/function/internal_message.html?_=1706403791520&CODE_STATE=getMsg HTTP/1.1" 200 27
116.230.109.177 - - [28/Jan/2024:09:04:13 +0800] "GET /xingrg/all/function/internal_message.html?_=1706403792726&CODE_STATE=getMsg HTTP/1.1" 200 27
116.230.109.177 - - [28/Jan/2024:09:04:14 +0800] "GET /xingrg/check_reg.html?_=1706403793366 HTTP/1.1" 200 22
116.230.109.177 - - [28/Jan/2024:09:04:14 +0800] "GET /xingrg/all/function/internal_message.html?_=1706403793368&CODE_STATE=getMsg HTTP/1.1" 200 27
101.83.145.37 - - [28/Jan/2024:09:04:20 +0800] "GET /xingrg/all/function/internal_message.html?_=1706403861534&CODE_STATE=getMsg HTTP/1.1" 200 27
114.95.241.104 - - [28/Jan/2024:09:04:31 +0800] "GET /xingrg/all/function/internal_message.html?_=1706403871883&CODE_STATE=getMsg HTTP/1.1" 200 27
116.230.109.177 - - [28/Jan/2024:09:04:34 +0800] "GET /xingrg/kc/buy/cgsh_order_add.html HTTP/1.1" 200 73210
116.230.109.177 - - [28/Jan/2024:09:04:35 +0800] "POST /xingrg/kc/buy/cgsh_order_operate.html HTTP/1.1" 200 8245
116.230.109.177 - - [28/Jan/2024:09:04:35 +0800] "GET /xingrg/javascript/easyui/themes/default/validatebox.css HTTP/1.1" 404 1104
180.169.147.146 - - [28/Jan/2024:09:04:35 +0800] "GET /xingrg/all/function/internal_message.html?_=1706403875631&CODE_STATE=getMsg HTTP/1.1" 200 27
114.83.218.35 - - [28/Jan/2024:09:04:37 +0800] "GET /xingrg/kc/buy/cgsh_order_operate.html?command=get_materiel&rest_code=00149&code=00101008353&supplier_code=00100008&order_time=2024-01-28 HTTP/1.1" 200 408
172.20.0.100 - - [28/Jan/2024:09:04:43 +0800] "GET /xingrg/all/function/internal_message.html?_=1706403897560&CODE_STATE=getMsg HTTP/1.1" 302 -
124.78.68.102 - - [28/Jan/2024:09:04:46 +0800] "GET /xingrg/all/function/internal_message.html?_=1706403886268&CODE_STATE=getMsg HTTP/1.1" 200 27
120.253.135.82 - - [28/Jan/2024:09:04:49 +0800] "GET /xingrg/all/function/internal_message.html?_=1706403715308&CODE_STATE=getMsg HTTP/1.1" 200 27
114.83.218.35 - - [28/Jan/2024:09:04:50 +0800] "POST /xingrg/kc/buy/cgsh_order_operate.html HTTP/1.1" 200 2065
116.230.109.177 - - [28/Jan/2024:09:04:50 +0800] "GET /xingrg/all/function/internal_message.html?_=1706403829875&CODE_STATE=getMsg HTTP/1.1" 200 27
114.83.218.35 - - [28/Jan/2024:09:04:57 +0800] "GET /xingrg/kc/buy/cgsh_order_operate.html?command=get_materiel&rest_code=00149&code=00101008213&supplier_code=00100008&order_time=2024-01-28 HTTP/1.1" 200 412
101.228.146.191 - - [28/Jan/2024:09:05:08 +0800] "GET /xingrg/all/function/internal_message.html?_=1706403908449&CODE_STATE=getMsg HTTP/1.1" 200 27
124.78.154.219 - - [28/Jan/2024:09:05:09 +0800] "GET /xingrg/all/function/internal_message.html?_=1706403907665&CODE_STATE=getMsg HTTP/1.1" 200 27
114.83.218.35 - - [28/Jan/2024:09:05:09 +0800] "GET /xingrg/all/function/internal_message.html?_=1706403909521&CODE_STATE=getMsg HTTP/1.1" 200 27
180.163.29.206 - - [28/Jan/2024:09:05:10 +0800] "GET /xingrg/all/function/internal_message.html?_=1706403847690&CODE_STATE=getMsg HTTP/1.1" 302 -
180.163.29.206 - - [28/Jan/2024:09:05:10 +0800] "GET /xingrg/login.html HTTP/1.1" 200 7641
116.230.109.177 - - [28/Jan/2024:09:05:11 +0800] "GET /xingrg/check_reg.html?_=1706403850146 HTTP/1.1" 200 22
116.230.109.177 - - [28/Jan/2024:09:05:11 +0800] "GET /xingrg/all/function/internal_message.html?_=1706403850149&CODE_STATE=getMsg HTTP/1.1" 200 27
116.230.109.177 - - [28/Jan/2024:09:05:12 +0800] "GET /xingrg/check_reg.html?_=1706403851297 HTTP/1.1" 200 22
116.230.123.222 - - [28/Jan/2024:09:05:12 +0800] "GET /xingrg/all/function/internal_message.html?_=1706403911197&CODE_STATE=getMsg HTTP/1.1" 302 -
116.230.109.177 - - [28/Jan/2024:09:05:12 +0800] "GET /xingrg/all/function/internal_message.html?_=1706403851498&CODE_STATE=getMsg HTTP/1.1" 200 27
114.83.218.35 - - [28/Jan/2024:09:05:13 +0800] "GET /xingrg/kc/buy/cgsh_order_operate.html?command=get_materiel&rest_code=00149&code=00101008095&supplier_code=00100008&order_time=2024-01-28 HTTP/1.1" 200 412
116.230.109.177 - - [28/Jan/2024:09:05:13 +0800] "GET /xingrg/check_reg.html?_=1706403852701 HTTP/1.1" 200 22
116.230.109.177 - - [28/Jan/2024:09:05:13 +0800] "GET /xingrg/all/function/internal_message.html?_=1706403852703&CODE_STATE=getMsg HTTP/1.1" 200 27
116.230.109.177 - - [28/Jan/2024:09:05:14 +0800] "GET /xingrg/all/function/internal_message.html?_=1706403853364&CODE_STATE=getMsg HTTP/1.1" 200 27
124.78.154.219 - - [28/Jan/2024:09:05:17 +0800] "GET /xingrg/kc/buy/cgsh_order_add.html HTTP/1.1" 200 73122
116.230.109.177 - - [28/Jan/2024:09:05:18 +0800] "GET /xingrg/javascript/auto/indicator.gif HTTP/1.1" 404 1066
116.230.109.177 - - [28/Jan/2024:09:05:19 +0800] "GET /xingrg/javascript/jquery_tools/images/prev.gif HTTP/1.1" 404 1086
116.230.109.177 - - [28/Jan/2024:09:05:19 +0800] "GET /xingrg/javascript/jquery_tools/images/next.gif HTTP/1.1" 404 1086
124.78.154.219 - - [28/Jan/2024:09:05:19 +0800] "GET /xingrg/javascript/easyui/themes/default/validatebox.css HTTP/1.1" 404 1104
124.78.154.219 - - [28/Jan/2024:09:05:19 +0800] "POST /xingrg/kc/buy/cgsh_order_operate.html HTTP/1.1" 200 8245
124.78.154.219 - - [28/Jan/2024:09:05:20 +0800] "GET /xingrg/javascript/easyui/themes/default/tree.css HTTP/1.1" 404 1090
101.83.145.37 - - [28/Jan/2024:09:05:20 +0800] "GET /xingrg/all/function/internal_message.html?_=1706403921531&CODE_STATE=getMsg HTTP/1.1" 200 27
124.78.154.219 - - [28/Jan/2024:09:05:21 +0800] "POST /xingrg/all/common/load_tree.html?tree=supplier_tree_json&isDelete=1 HTTP/1.1" 200 77742
114.83.218.35 - - [28/Jan/2024:09:05:24 +0800] "GET /xingrg/kc/buy/cgsh_order_operate.html?command=get_materiel&rest_code=00149&code=00101008041&supplier_code=00100008&order_time=2024-01-28 HTTP/1.1" 200 408
120.253.135.82 - - [28/Jan/2024:09:05:25 +0800] "GET /xingrg/check_reg.html?_=1706403750515 HTTP/1.1" 200 22
116.230.109.177 - - [28/Jan/2024:09:05:26 +0800] "GET /xingrg/kc/buy/cgsh_order_operate.html?command=get_materiel&rest_code=00155&code=00102002076&supplier_code=00100151&order_time=2024-01-28 HTTP/1.1" 200 413
114.95.241.104 - - [28/Jan/2024:09:05:31 +0800] "GET /xingrg/all/function/internal_message.html?_=1706403931869&CODE_STATE=getMsg HTTP/1.1" 200 27
101.83.145.37 - - [28/Jan/2024:09:05:33 +0800] "GET /xingrg/index.html?sysBaseUrl=http%3A%2F%2F180.169.147.146%3A18081%2Fxingrg%2F&costTime=32×tamp=1585224308505 HTTP/1.1" 302 -
101.83.145.37 - - [28/Jan/2024:09:05:33 +0800] "GET /xingrg/login.html HTTP/1.1" 200 7641
114.83.218.35 - - [28/Jan/2024:09:05:34 +0800] "GET /xingrg/kc/buy/cgsh_order_operate.html?command=get_materiel&rest_code=00149&code=00101008275&supplier_code=00100008&order_time=2024-01-28 HTTP/1.1" 200 416
124.78.154.219 - - [28/Jan/2024:09:05:34 +0800] "GET /xingrg/kc/buy/cgsh_order_operate.html?command=get_materiel&rest_code=00106&code=00101008146&supplier_code=00100009&order_time=2024-01-28 HTTP/1.1" 200 416
180.169.147.146 - - [28/Jan/2024:09:05:35 +0800] "GET /xingrg/all/function/internal_message.html?_=1706403935618&CODE_STATE=getMsg HTTP/1.1" 200 27
101.83.145.37 - - [28/Jan/2024:09:05:35 +0800] "GET /xingrg/images/blue/jxLogo.png HTTP/1.1" 304 -
101.83.145.37 - - [28/Jan/2024:09:05:39 +0800] "GET /xingrg/images/blue/login_bg.png HTTP/1.1" 304 -
101.83.145.37 - - [28/Jan/2024:09:05:39 +0800] "GET /xingrg/images/blue/srbg.png HTTP/1.1" 304 -
101.83.145.37 - - [28/Jan/2024:09:05:39 +0800] "GET /xingrg/images/blue/hj.png HTTP/1.1" 304 -
101.83.145.37 - - [28/Jan/2024:09:05:40 +0800] "GET /favicon.ico HTTP/1.1" 404 -
172.20.0.100 - - [28/Jan/2024:09:05:43 +0800] "GET /xingrg/all/function/internal_message.html?_=1706403957558&CODE_STATE=getMsg HTTP/1.1" 302 -
114.95.241.104 - - [28/Jan/2024:09:05:43 +0800] "GET /xingrg/check_reg.html?_=1706403943564 HTTP/1.1" 200 22
124.78.154.219 - - [28/Jan/2024:09:05:44 +0800] "GET /xingrg/kc/buy/cgsh_order_operate.html?command=get_materiel&rest_code=00106&code=00101008147&supplier_code=00100009&order_time=2024-01-28 HTTP/1.1" 200 416
124.78.68.102 - - [28/Jan/2024:09:05:46 +0800] "GET /xingrg/all/function/internal_message.html?_=1706403946242&CODE_STATE=getMsg HTTP/1.1" 200 27
114.83.218.35 - - [28/Jan/2024:09:05:48 +0800] "GET /xingrg/kc/buy/cgsh_order_operate.html?command=get_materiel&rest_code=00149&code=00101008150&supplier_code=00100008&order_time=2024-01-28 HTTP/1.1" 200 409
120.253.135.82 - - [28/Jan/2024:09:05:49 +0800] "GET /xingrg/all/function/internal_message.html?_=1706403775347&CODE_STATE=getMsg HTTP/1.1" 200 27
116.230.109.177 - - [28/Jan/2024:09:05:50 +0800] "GET /xingrg/check_reg.html?_=1706403889874 HTTP/1.1" 200 22
116.230.109.177 - - [28/Jan/2024:09:05:50 +0800] "GET /xingrg/all/function/internal_message.html?_=1706403889876&CODE_STATE=getMsg HTTP/1.1" 200 27
124.78.154.219 - - [28/Jan/2024:09:05:56 +0800] "POST /xingrg/kc/buy/cgsh_order_operate.html HTTP/1.1" 200 37
114.83.218.35 - - [28/Jan/2024:09:05:58 +0800] "POST /xingrg/kc/buy/cgsh_order_operate.html HTTP/1.1" 200 2065
116.230.109.177 - - [28/Jan/2024:09:06:04 +0800] "GET /xingrg/kc/buy/cgsh_order_operate.html?command=get_materiel&rest_code=00155&code=00102002368&supplier_code=00100151&order_time=2024-01-28 HTTP/1.1" 200 409
124.78.68.102 - - [28/Jan/2024:09:06:05 +0800] "GET /xingrg/check_reg.html?_=1706403965461 HTTP/1.1" 200 22
114.83.218.35 - - [28/Jan/2024:09:06:05 +0800] "GET /xingrg/kc/buy/cgsh_order_operate.html?command=get_materiel&rest_code=00149&code=00101008060&supplier_code=00100008&order_time=2024-01-28 HTTP/1.1" 200 416
124.78.154.219 - - [28/Jan/2024:09:06:05 +0800] "POST /xingrg/kc/buy/cgsh_order_operate.html HTTP/1.1" 200 12
101.228.146.191 - - [28/Jan/2024:09:06:08 +0800] "GET /xingrg/check_reg.html?_=1706403968450 HTTP/1.1" 200 22
101.228.146.191 - - [28/Jan/2024:09:06:08 +0800] "GET /xingrg/all/function/internal_message.html?_=1706403968452&CODE_STATE=getMsg HTTP/1.1" 200 27
124.78.154.219 - - [28/Jan/2024:09:06:08 +0800] "GET /xingrg/kc/buy/cgsh_order_info.html?code=212024012811722 HTTP/1.1" 200 68037
180.163.29.206 - - [28/Jan/2024:09:06:09 +0800] "GET /xingrg/all/function/internal_message.html?_=1706403907665&CODE_STATE=getMsg HTTP/1.1" 302 -
124.78.154.219 - - [28/Jan/2024:09:06:09 +0800] "GET /xingrg/all/function/internal_message.html?_=1706403967731&CODE_STATE=getMsg HTTP/1.1" 200 27
114.83.218.35 - - [28/Jan/2024:09:06:09 +0800] "GET /xingrg/all/function/internal_message.html?_=1706403969518&CODE_STATE=getMsg HTTP/1.1" 200 27
180.163.29.206 - - [28/Jan/2024:09:06:09 +0800] "GET /xingrg/login.html HTTP/1.1" 200 7641
124.78.154.219 - - [28/Jan/2024:09:06:09 +0800] "GET /xingrg/javascript/easyui/themes/default/validatebox.css HTTP/1.1" 404 1104
124.78.154.219 - - [28/Jan/2024:09:06:10 +0800] "POST /xingrg/kc/buy/cgsh_order_operate.html HTTP/1.1" 200 1207
116.230.109.177 - - [28/Jan/2024:09:06:11 +0800] "GET /xingrg/all/function/internal_message.html?_=1706403910161&CODE_STATE=getMsg HTTP/1.1" 200 27
116.230.123.222 - - [28/Jan/2024:09:06:12 +0800] "GET /xingrg/all/function/internal_message.html?_=1706403971192&CODE_STATE=getMsg HTTP/1.1" 302 -
116.230.109.177 - - [28/Jan/2024:09:06:12 +0800] "GET /xingrg/all/function/internal_message.html?_=1706403911481&CODE_STATE=getMsg HTTP/1.1" 200 27
116.230.109.177 - - [28/Jan/2024:09:06:13 +0800] "GET /xingrg/all/function/internal_message.html?_=1706403912712&CODE_STATE=getMsg HTTP/1.1" 200 27
101.83.145.37 - - [28/Jan/2024:09:06:13 +0800] "POST /xingrg/login.do HTTP/1.1" 302 -
101.83.145.37 - - [28/Jan/2024:09:06:13 +0800] "GET /xingrg/index.html?sysBaseUrl=http%3A%2F%2F180.169.147.146%3A18081%2Fxingrg%2F&costTime=832×tamp=1706403973724 HTTP/1.1" 200 17173
101.83.145.37 - - [28/Jan/2024:09:06:13 +0800] "GET /xingrg/javascript/jquery_easy_ui/themes/default/easyui.css HTTP/1.1" 304 -
101.83.145.37 - - [28/Jan/2024:09:06:13 +0800] "GET /xingrg/javascript/jquery_easy_ui/themes/icon.css HTTP/1.1" 304 -
101.83.145.37 - - [28/Jan/2024:09:06:13 +0800] "GET /xingrg/css/form.css HTTP/1.1" 304 -
101.83.145.37 - - [28/Jan/2024:09:06:13 +0800] "GET /xingrg/javascript/jquery-1.4.2.min.js HTTP/1.1" 304 -
101.83.145.37 - - [28/Jan/2024:09:06:13 +0800] "GET /xingrg/javascript/jquery_easy_ui/jquery.easyui.min.js HTTP/1.1" 304 -
101.83.145.37 - - [28/Jan/2024:09:06:13 +0800] "GET /xingrg/javascript/jquery_easy_ui/easyui-lang-zh_CN.js HTTP/1.1" 304 -
101.83.145.37 - - [28/Jan/2024:09:06:13 +0800] "GET /xingrg/javascript/jquery.form.js HTTP/1.1" 304 -
101.83.145.37 - - [28/Jan/2024:09:06:13 +0800] "GET /xingrg/javascript/jquery.utils.js HTTP/1.1" 304 -
101.83.145.37 - - [28/Jan/2024:09:06:13 +0800] "GET /xingrg/javascript/jquery.timers.js HTTP/1.1" 304 -
101.83.145.37 - - [28/Jan/2024:09:06:14 +0800] "GET /favicon.ico HTTP/1.1" 404 -
101.83.145.37 - - [28/Jan/2024:09:06:14 +0800] "GET /xingrg/javascript/jquery_easy_ui/themes/icons/settle_new.png HTTP/1.1" 304 -
101.83.145.37 - - [28/Jan/2024:09:06:14 +0800] "GET /xingrg/images/blue/navBackgound.jpg HTTP/1.1" 304 -
116.230.109.177 - - [28/Jan/2024:09:06:14 +0800] "GET /xingrg/all/function/internal_message.html?_=1706403913366&CODE_STATE=getMsg HTTP/1.1" 200 27
101.83.145.37 - - [28/Jan/2024:09:06:14 +0800] "POST /xingrg/all/common/load_tree.html?tree=area_rest_tree_json&manage=1 HTTP/1.1" 200 342
101.83.145.37 - - [28/Jan/2024:09:06:14 +0800] "GET /xingrg/all/function/internal_message.html?_=1706403740271&CODE_STATE=count HTTP/1.1" 200 11
101.83.145.37 - - [28/Jan/2024:09:06:14 +0800] "GET /xingrg/check_reg.html?_=1706403740274 HTTP/1.1" 200 22
101.83.145.37 - - [28/Jan/2024:09:06:14 +0800] "GET /xingrg/images/blue/pingpu.png HTTP/1.1" 304 -
101.83.145.37 - - [28/Jan/2024:09:06:14 +0800] "GET /xingrg/javascript/jquery_easy_ui/themes/default/images/tabs_rightarrow.png HTTP/1.1" 304 -
101.83.145.37 - - [28/Jan/2024:09:06:14 +0800] "GET /xingrg/javascript/jquery_easy_ui/themes/default/images/tabs_leftarrow.png HTTP/1.1" 304 -
101.83.145.37 - - [28/Jan/2024:09:06:14 +0800] "GET /xingrg/javascript/jquery_easy_ui/themes/default/images/panel_tool_collapse.gif HTTP/1.1" 304 -
101.83.145.37 - - [28/Jan/2024:09:06:14 +0800] "POST /xingrg/load_menu.html HTTP/1.1" 200 5138
101.83.145.37 - - [28/Jan/2024:09:06:15 +0800] "GET /xingrg/javascript/jquery_easy_ui/themes/default/images/tree_arrows.gif HTTP/1.1" 304 -
101.83.145.37 - - [28/Jan/2024:09:06:15 +0800] "GET /xingrg/javascript/jquery_easy_ui/themes/default/images/tree_folder_open.gif HTTP/1.1" 304 -
101.83.145.37 - - [28/Jan/2024:09:06:15 +0800] "GET /xingrg/javascript/jquery_easy_ui/themes/icons/search_new.png HTTP/1.1" 304 -
101.83.145.37 - - [28/Jan/2024:09:06:15 +0800] "GET /xingrg/javascript/jquery_easy_ui/themes/default/images/tree_folder.gif HTTP/1.1" 304 -
101.83.145.37 - - [28/Jan/2024:09:06:15 +0800] "GET /xingrg/javascript/jquery_easy_ui/themes/icons/storage_new.png HTTP/1.1" 304 -
101.83.145.37 - - [28/Jan/2024:09:06:15 +0800] "GET /xingrg/javascript/jquery_easy_ui/themes/icons/forms_new.png HTTP/1.1" 304 -
101.83.145.37 - - [28/Jan/2024:09:06:15 +0800] "GET /xingrg/javascript/jquery_easy_ui/themes/default/images/tree_file.gif HTTP/1.1" 304 -
101.83.145.37 - - [28/Jan/2024:09:06:16 +0800] "GET /xingrg/javascript/jquery_easy_ui/themes/default/images/tabs_active.png HTTP/1.1" 304 -
124.78.154.219 - - [28/Jan/2024:09:06:17 +0800] "GET /xingrg/kc/print/load_data.html?order_code=212024012811722&kc_code=cgsh&condition= HTTP/1.1" 200 1012
101.83.145.37 - - [28/Jan/2024:09:06:17 +0800] "GET /xingrg/kc/buy/buy_main.html HTTP/1.1" 200 12412
101.83.145.37 - - [28/Jan/2024:09:06:17 +0800] "GET /xingrg/javascript/jquery_easy_ui/themes/default/images/tabs_close.gif HTTP/1.1" 304 -
101.83.145.37 - - [28/Jan/2024:09:06:17 +0800] "GET /xingrg/css/new_ie.css HTTP/1.1" 404 1036
101.83.145.37 - - [28/Jan/2024:09:06:17 +0800] "GET /xingrg/css/blue.css HTTP/1.1" 304 -
