124.79.240.117 - - [28/Jan/2024:10:28:03 +0800] "GET /xingrg/kc/base/wldb_order_operate.html?command=get_materiel&rest_code=00104&base_code=0010032&code=00101019306 HTTP/1.1" 200 479
116.235.245.10 - - [28/Jan/2024:10:28:04 +0800] "POST /xingrg/services/DataTransmitService HTTP/1.1" 200 524
116.235.245.10 - - [28/Jan/2024:10:28:04 +0800] "POST /xingrg/services/DataTransmitService HTTP/1.1" 200 2331
116.235.245.10 - - [28/Jan/2024:10:28:06 +0800] "POST /xingrg/services/DataTransmitService HTTP/1.1" 200 524
116.235.245.10 - - [28/Jan/2024:10:28:06 +0800] "POST /xingrg/services/DataTransmitService HTTP/1.1" 200 2331
114.83.218.35 - - [28/Jan/2024:10:28:09 +0800] "GET /xingrg/all/function/internal_message.html?_=1706408889602&CODE_STATE=getMsg HTTP/1.1" 200 27
114.83.218.35 - - [28/Jan/2024:10:28:09 +0800] "GET /xingrg/check_reg.html?_=1706408889668 HTTP/1.1" 200 22
116.230.123.222 - - [28/Jan/2024:10:28:12 +0800] "GET /xingrg/all/function/internal_message.html?_=1706408891186&CODE_STATE=getMsg HTTP/1.1" 302 -
124.79.240.117 - - [28/Jan/2024:10:28:12 +0800] "POST /xingrg/kc/base/wldb_order_operate.html HTTP/1.1" 200 37
124.79.240.117 - - [28/Jan/2024:10:28:19 +0800] "POST /xingrg/kc/base/wldb_order_operate.html HTTP/1.1" 200 12
124.79.240.117 - - [28/Jan/2024:10:28:19 +0800] "POST /xingrg/kc/base/wldb_order_operate.html HTTP/1.1" 200 5740
124.79.240.117 - - [28/Jan/2024:10:28:20 +0800] "GET /xingrg/kc/base/wldb_order_info.html?code=422024012002125 HTTP/1.1" 200 26229
124.79.240.117 - - [28/Jan/2024:10:28:20 +0800] "GET /xingrg/javascript/easyui/themes/default/validatebox.css HTTP/1.1" 404 1104
101.83.145.37 - - [28/Jan/2024:10:28:20 +0800] "GET /xingrg/all/function/internal_message.html?_=1706408901658&CODE_STATE=getMsg HTTP/1.1" 200 27
101.83.145.37 - - [28/Jan/2024:10:28:20 +0800] "GET /xingrg/check_reg.html?_=1706408901661 HTTP/1.1" 200 22
124.79.240.117 - - [28/Jan/2024:10:28:21 +0800] "POST /xingrg/kc/base/wldb_order_operate.html HTTP/1.1" 200 3955
101.83.145.37 - - [28/Jan/2024:10:28:24 +0800] "GET /xingrg/all/function/internal_message.html?_=1706408669429&CODE_STATE=getMsg HTTP/1.1" 200 27
116.230.109.177 - - [28/Jan/2024:10:28:33 +0800] "GET /xingrg/all/function/internal_message.html?_=1706408852811&CODE_STATE=getMsg HTTP/1.1" 200 27
124.78.154.219 - - [28/Jan/2024:10:28:34 +0800] "GET /xingrg/all/function/internal_message.html?_=1706408914544&CODE_STATE=getMsg HTTP/1.1" 200 27
180.169.147.146 - - [28/Jan/2024:10:28:35 +0800] "GET /xingrg/all/function/internal_message.html?_=1706408915732&CODE_STATE=getMsg HTTP/1.1" 200 27
114.83.218.35 - - [28/Jan/2024:10:28:36 +0800] "GET /xingrg/kc/buy/cgsh_order_operate.html?command=get_materiel&rest_code=00149&code=00101012025&supplier_code=00100096&order_time=2024-01-28 HTTP/1.1" 200 412
222.69.135.157 - - [28/Jan/2024:10:28:37 +0800] "GET /xingrg/all/function/internal_message.html?_=1706408918383&CODE_STATE=getMsg HTTP/1.1" 200 27
222.69.135.157 - - [28/Jan/2024:10:28:37 +0800] "GET /xingrg/check_reg.html?_=1706408918387 HTTP/1.1" 200 22
101.228.146.191 - - [28/Jan/2024:10:28:39 +0800] "GET /xingrg/all/function/internal_message.html?_=1706408919248&CODE_STATE=getMsg HTTP/1.1" 200 27
114.95.241.104 - - [28/Jan/2024:10:28:39 +0800] "GET /xingrg/all/function/internal_message.html?_=1706408919599&CODE_STATE=getMsg HTTP/1.1" 200 27
180.152.241.32 - - [28/Jan/2024:10:28:41 +0800] "GET /xingrg/all/function/internal_message.html?_=1706408921622&CODE_STATE=getMsg HTTP/1.1" 200 27
172.20.0.100 - - [28/Jan/2024:10:28:42 +0800] "GET /xingrg/check_reg.html?_=1706408937610 HTTP/1.1" 302 -
172.20.0.100 - - [28/Jan/2024:10:28:42 +0800] "GET /xingrg/all/function/internal_message.html?_=1706408937611&CODE_STATE=getMsg HTTP/1.1" 302 -
124.78.68.102 - - [28/Jan/2024:10:28:44 +0800] "GET /xingrg/all/function/internal_message.html?_=1706408924891&CODE_STATE=getMsg HTTP/1.1" 200 27
124.79.240.117 - - [28/Jan/2024:10:28:45 +0800] "GET /xingrg/all/function/internal_message.html?_=1706408923980&CODE_STATE=getMsg HTTP/1.1" 200 27
116.230.123.222 - - [28/Jan/2024:10:28:46 +0800] "GET /xingrg/all/function/internal_message.html?_=1706408926453&CODE_STATE=getMsg HTTP/1.1" 200 27
114.83.218.35 - - [28/Jan/2024:10:28:47 +0800] "GET /xingrg/kc/buy/cgsh_order_operate.html?command=get_materiel&rest_code=00149&code=00101012030&supplier_code=00100096&order_time=2024-01-28 HTTP/1.1" 200 416
116.230.123.222 - - [28/Jan/2024:10:28:47 +0800] "GET /xingrg/check_reg.html?_=1706408927192 HTTP/1.1" 200 22
218.81.65.124 - - [28/Jan/2024:10:28:48 +0800] "POST /xingrg/services/DataTransmitService HTTP/1.1" 200 524
180.164.1.25 - - [28/Jan/2024:10:28:49 +0800] "GET /xingrg/all/function/internal_message.html?_=1706408929209&CODE_STATE=getMsg HTTP/1.1" 200 27
180.164.1.25 - - [28/Jan/2024:10:28:49 +0800] "GET /xingrg/check_reg.html?_=1706408929211 HTTP/1.1" 200 22
218.81.65.124 - - [28/Jan/2024:10:28:50 +0800] "POST /xingrg/services/DataTransmitService HTTP/1.1" 200 412
124.78.154.219 - - [28/Jan/2024:10:28:51 +0800] "POST /xingrg/kc/base/wldb_order_operate.html HTTP/1.1" 200 37
124.78.154.219 - - [28/Jan/2024:10:28:52 +0800] "POST /xingrg/kc/base/wldb_order_operate.html HTTP/1.1" 200 8796
124.78.154.219 - - [28/Jan/2024:10:28:55 +0800] "GET /xingrg/kc/base/wldb_order_info.html?code=422024012803029 HTTP/1.1" 200 30361
124.78.154.219 - - [28/Jan/2024:10:28:55 +0800] "GET /xingrg/words/20240128094629_words.js HTTP/1.1" 304 -
124.78.154.219 - - [28/Jan/2024:10:28:55 +0800] "GET /xingrg/javascript/easyui/themes/default/validatebox.css HTTP/1.1" 404 1104
124.78.154.219 - - [28/Jan/2024:10:28:56 +0800] "POST /xingrg/kc/base/wldb_order_operate.html HTTP/1.1" 200 8796
116.230.109.177 - - [28/Jan/2024:10:28:58 +0800] "GET /xingrg/all/function/internal_message.html?_=1706408877012&CODE_STATE=getMsg HTTP/1.1" 200 27
124.79.240.117 - - [28/Jan/2024:10:29:02 +0800] "GET /xingrg/all/function/internal_message.html?_=1706409285736&CODE_STATE=getMsg HTTP/1.1" 200 27
114.83.218.35 - - [28/Jan/2024:10:29:03 +0800] "GET /xingrg/kc/buy/cgsh_order_operate.html?command=get_materiel&rest_code=00149&code=00101006130&supplier_code=00100096&order_time=2024-01-28 HTTP/1.1" 200 437
114.83.218.35 - - [28/Jan/2024:10:29:09 +0800] "GET /xingrg/all/function/internal_message.html?_=1706408949585&CODE_STATE=getMsg HTTP/1.1" 200 27
116.235.245.10 - - [28/Jan/2024:10:29:11 +0800] "POST /xingrg/services/DataTransmitService HTTP/1.1" 200 524
116.235.245.10 - - [28/Jan/2024:10:29:12 +0800] "POST /xingrg/services/DataTransmitService HTTP/1.1" 200 2331
116.235.245.10 - - [28/Jan/2024:10:29:12 +0800] "POST /xingrg/services/DataTransmitService HTTP/1.1" 200 524
116.230.123.222 - - [28/Jan/2024:10:29:12 +0800] "GET /xingrg/all/function/internal_message.html?_=1706408951202&CODE_STATE=getMsg HTTP/1.1" 302 -
116.235.245.10 - - [28/Jan/2024:10:29:13 +0800] "POST /xingrg/services/DataTransmitService HTTP/1.1" 200 2331
116.235.245.10 - - [28/Jan/2024:10:29:14 +0800] "POST /xingrg/services/DataTransmitService HTTP/1.1" 200 524
116.235.245.10 - - [28/Jan/2024:10:29:14 +0800] "POST /xingrg/services/DataTransmitService HTTP/1.1" 200 2331
116.235.245.10 - - [28/Jan/2024:10:29:15 +0800] "POST /xingrg/services/DataTransmitService HTTP/1.1" 200 524
116.235.245.10 - - [28/Jan/2024:10:29:16 +0800] "POST /xingrg/services/DataTransmitService HTTP/1.1" 200 2331
116.235.245.10 - - [28/Jan/2024:10:29:16 +0800] "POST /xingrg/services/DataTransmitService HTTP/1.1" 200 524
114.83.218.35 - - [28/Jan/2024:10:29:16 +0800] "GET /xingrg/kc/buy/cgsh_order_operate.html?command=get_materiel&rest_code=00149&code=00101006109&supplier_code=00100096&order_time=2024-01-28 HTTP/1.1" 200 409
116.235.245.10 - - [28/Jan/2024:10:29:17 +0800] "POST /xingrg/services/DataTransmitService HTTP/1.1" 200 2331
116.235.245.10 - - [28/Jan/2024:10:29:20 +0800] "POST /xingrg/services/DataTransmitService HTTP/1.1" 200 524
101.83.145.37 - - [28/Jan/2024:10:29:20 +0800] "GET /xingrg/all/function/internal_message.html?_=1706408961645&CODE_STATE=getMsg HTTP/1.1" 200 27
116.235.245.10 - - [28/Jan/2024:10:29:21 +0800] "POST /xingrg/services/DataTransmitService HTTP/1.1" 200 2331
116.235.245.10 - - [28/Jan/2024:10:29:21 +0800] "POST /xingrg/services/DataTransmitService HTTP/1.1" 200 524
116.235.245.10 - - [28/Jan/2024:10:29:22 +0800] "POST /xingrg/services/DataTransmitService HTTP/1.1" 200 2331
116.235.245.10 - - [28/Jan/2024:10:29:22 +0800] "POST /xingrg/services/DataTransmitService HTTP/1.1" 200 524
116.235.245.10 - - [28/Jan/2024:10:29:23 +0800] "POST /xingrg/services/DataTransmitService HTTP/1.1" 200 2331
116.235.245.10 - - [28/Jan/2024:10:29:23 +0800] "POST /xingrg/services/DataTransmitService HTTP/1.1" 200 524
101.83.145.37 - - [28/Jan/2024:10:29:24 +0800] "GET /xingrg/all/function/internal_message.html?_=1706408729399&CODE_STATE=getMsg HTTP/1.1" 200 27
116.235.245.10 - - [28/Jan/2024:10:29:24 +0800] "POST /xingrg/services/DataTransmitService HTTP/1.1" 200 412
116.235.245.10 - - [28/Jan/2024:10:29:26 +0800] "POST /xingrg/services/DataTransmitService HTTP/1.1" 200 524
116.235.245.10 - - [28/Jan/2024:10:29:27 +0800] "POST /xingrg/services/DataTransmitService HTTP/1.1" 200 412
116.235.245.10 - - [28/Jan/2024:10:29:28 +0800] "POST /xingrg/services/DataTransmitService HTTP/1.1" 200 524
116.235.245.10 - - [28/Jan/2024:10:29:29 +0800] "POST /xingrg/services/DataTransmitService HTTP/1.1" 200 412
114.83.218.35 - - [28/Jan/2024:10:29:29 +0800] "GET /xingrg/kc/buy/cgsh_order_operate.html?command=get_materiel&rest_code=00149&code=00101006057&supplier_code=00100096&order_time=2024-01-28 HTTP/1.1" 200 415
116.230.109.177 - - [28/Jan/2024:10:29:33 +0800] "GET /xingrg/all/function/internal_message.html?_=1706408912821&CODE_STATE=getMsg HTTP/1.1" 200 27
124.78.154.219 - - [28/Jan/2024:10:29:34 +0800] "GET /xingrg/all/function/internal_message.html?_=1706408974533&CODE_STATE=getMsg HTTP/1.1" 200 27
180.169.147.146 - - [28/Jan/2024:10:29:35 +0800] "GET /xingrg/all/function/internal_message.html?_=1706408975730&CODE_STATE=getMsg HTTP/1.1" 200 27
222.69.135.157 - - [28/Jan/2024:10:29:37 +0800] "GET /xingrg/all/function/internal_message.html?_=1706408978383&CODE_STATE=getMsg HTTP/1.1" 200 27
101.228.146.191 - - [28/Jan/2024:10:29:39 +0800] "GET /xingrg/check_reg.html?_=1706408979233 HTTP/1.1" 200 22
101.228.146.191 - - [28/Jan/2024:10:29:39 +0800] "GET /xingrg/all/function/internal_message.html?_=1706408979235&CODE_STATE=getMsg HTTP/1.1" 200 27
114.95.241.104 - - [28/Jan/2024:10:29:39 +0800] "GET /xingrg/all/function/internal_message.html?_=1706408979582&CODE_STATE=getMsg HTTP/1.1" 200 27
180.152.241.32 - - [28/Jan/2024:10:29:41 +0800] "GET /xingrg/all/function/internal_message.html?_=1706408981617&CODE_STATE=getMsg HTTP/1.1" 200 27
180.152.241.32 - - [28/Jan/2024:10:29:41 +0800] "GET /xingrg/check_reg.html?_=1706408981899 HTTP/1.1" 200 22
114.83.218.35 - - [28/Jan/2024:10:29:42 +0800] "GET /xingrg/kc/buy/cgsh_order_operate.html?command=get_materiel&rest_code=00149&code=00101006240&supplier_code=00100096&order_time=2024-01-28 HTTP/1.1" 200 424
172.20.0.100 - - [28/Jan/2024:10:29:42 +0800] "GET /xingrg/all/function/internal_message.html?_=1706408997614&CODE_STATE=getMsg HTTP/1.1" 302 -
124.78.68.102 - - [28/Jan/2024:10:29:44 +0800] "GET /xingrg/all/function/internal_message.html?_=1706408984860&CODE_STATE=getMsg HTTP/1.1" 200 27
124.79.240.117 - - [28/Jan/2024:10:29:45 +0800] "GET /xingrg/all/function/internal_message.html?_=1706408983967&CODE_STATE=getMsg HTTP/1.1" 200 27
124.79.240.117 - - [28/Jan/2024:10:29:45 +0800] "GET /xingrg/check_reg.html?_=1706408983970 HTTP/1.1" 200 22
116.230.123.222 - - [28/Jan/2024:10:29:46 +0800] "GET /xingrg/all/function/internal_message.html?_=1706408986426&CODE_STATE=getMsg HTTP/1.1" 200 27
180.164.1.25 - - [28/Jan/2024:10:29:49 +0800] "GET /xingrg/all/function/internal_message.html?_=1706408989210&CODE_STATE=getMsg HTTP/1.1" 200 27
116.235.245.10 - - [28/Jan/2024:10:29:53 +0800] "POST /xingrg/services/DataTransmitService HTTP/1.1" 200 524
114.83.218.35 - - [28/Jan/2024:10:29:53 +0800] "GET /xingrg/kc/buy/cgsh_order_operate.html?command=get_materiel&rest_code=00149&code=00101006177&supplier_code=00100096&order_time=2024-01-28 HTTP/1.1" 200 408
116.235.245.10 - - [28/Jan/2024:10:29:54 +0800] "POST /xingrg/services/DataTransmitService HTTP/1.1" 200 412
124.78.68.102 - - [28/Jan/2024:10:29:54 +0800] "GET /favicon.ico HTTP/1.1" 404 -
116.235.245.10 - - [28/Jan/2024:10:29:57 +0800] "POST /xingrg/services/DataTransmitService HTTP/1.1" 200 524
116.230.109.177 - - [28/Jan/2024:10:29:58 +0800] "GET /xingrg/all/function/internal_message.html?_=1706408936992&CODE_STATE=getMsg HTTP/1.1" 200 27
116.235.245.10 - - [28/Jan/2024:10:29:58 +0800] "POST /xingrg/services/DataTransmitService HTTP/1.1" 200 412
116.235.245.10 - - [28/Jan/2024:10:29:59 +0800] "POST /xingrg/services/DataTransmitService HTTP/1.1" 200 524
116.235.245.10 - - [28/Jan/2024:10:30:00 +0800] "POST /xingrg/services/DataTransmitService HTTP/1.1" 200 412
124.78.154.219 - - [28/Jan/2024:10:30:01 +0800] "GET /xingrg/kc/base/wldb_order_add.html HTTP/1.1" 200 30344
124.78.154.219 - - [28/Jan/2024:10:30:01 +0800] "GET /xingrg/javascript/easyui/themes/default/validatebox.css HTTP/1.1" 404 1104
124.78.154.219 - - [28/Jan/2024:10:30:01 +0800] "POST /xingrg/kc/base/wldb_order_operate.html HTTP/1.1" 200 6806
124.79.240.117 - - [28/Jan/2024:10:30:02 +0800] "GET /xingrg/all/function/internal_message.html?_=1706409345717&CODE_STATE=getMsg HTTP/1.1" 200 27
116.235.245.10 - - [28/Jan/2024:10:30:03 +0800] "POST /xingrg/services/DataTransmitService HTTP/1.1" 200 524
124.78.154.219 - - [28/Jan/2024:10:30:03 +0800] "POST /xingrg/all/common/load_combo.html?type=base HTTP/1.1" 200 3227
116.235.245.10 - - [28/Jan/2024:10:30:03 +0800] "POST /xingrg/services/DataTransmitService HTTP/1.1" 200 2331
114.83.218.35 - - [28/Jan/2024:10:30:07 +0800] "GET /xingrg/kc/buy/cgsh_order_operate.html?command=get_materiel&rest_code=00149&code=00101006138&supplier_code=00100096&order_time=2024-01-28 HTTP/1.1" 200 411
124.78.154.219 - - [28/Jan/2024:10:30:07 +0800] "POST /xingrg/all/common/load_combo.html?type=base HTTP/1.1" 200 3227
114.83.218.35 - - [28/Jan/2024:10:30:09 +0800] "GET /xingrg/all/function/internal_message.html?_=1706409009570&CODE_STATE=getMsg HTTP/1.1" 200 27
116.230.123.222 - - [28/Jan/2024:10:30:12 +0800] "GET /xingrg/all/function/internal_message.html?_=1706409011188&CODE_STATE=getMsg HTTP/1.1" 302 -
116.235.245.10 - - [28/Jan/2024:10:30:14 +0800] "POST /xingrg/services/DataTransmitService HTTP/1.1" 200 524
116.235.245.10 - - [28/Jan/2024:10:30:15 +0800] "POST /xingrg/services/DataTransmitService HTTP/1.1" 200 2331
124.78.68.102 - - [28/Jan/2024:10:30:16 +0800] "GET /favicon.ico HTTP/1.1" 404 -
116.235.245.10 - - [28/Jan/2024:10:30:16 +0800] "POST /xingrg/services/DataTransmitService HTTP/1.1" 200 524
116.235.245.10 - - [28/Jan/2024:10:30:17 +0800] "POST /xingrg/services/DataTransmitService HTTP/1.1" 200 412
116.235.245.10 - - [28/Jan/2024:10:30:18 +0800] "POST /xingrg/services/DataTransmitService HTTP/1.1" 200 524
116.235.245.10 - - [28/Jan/2024:10:30:19 +0800] "POST /xingrg/services/DataTransmitService HTTP/1.1" 200 412
116.235.245.10 - - [28/Jan/2024:10:30:20 +0800] "POST /xingrg/services/DataTransmitService HTTP/1.1" 200 524
101.83.145.37 - - [28/Jan/2024:10:30:20 +0800] "GET /xingrg/all/function/internal_message.html?_=1706409021644&CODE_STATE=getMsg HTTP/1.1" 200 27
116.235.245.10 - - [28/Jan/2024:10:30:21 +0800] "POST /xingrg/services/DataTransmitService HTTP/1.1" 200 412
116.235.245.10 - - [28/Jan/2024:10:30:21 +0800] "POST /xingrg/services/DataTransmitService HTTP/1.1" 200 524
116.235.245.10 - - [28/Jan/2024:10:30:22 +0800] "POST /xingrg/services/DataTransmitService HTTP/1.1" 200 412
116.235.245.10 - - [28/Jan/2024:10:30:23 +0800] "POST /xingrg/services/DataTransmitService HTTP/1.1" 200 524
101.83.145.37 - - [28/Jan/2024:10:30:24 +0800] "GET /xingrg/all/function/internal_message.html?_=1706408789385&CODE_STATE=getMsg HTTP/1.1" 200 27
116.235.245.10 - - [28/Jan/2024:10:30:24 +0800] "POST /xingrg/services/DataTransmitService HTTP/1.1" 200 412
114.83.218.35 - - [28/Jan/2024:10:30:26 +0800] "GET /xingrg/kc/buy/cgsh_order_operate.html?command=get_materiel&rest_code=00149&code=00101006062&supplier_code=00100096&order_time=2024-01-28 HTTP/1.1" 200 410
116.235.245.10 - - [28/Jan/2024:10:30:28 +0800] "POST /xingrg/services/DataTransmitService HTTP/1.1" 200 524
116.235.245.10 - - [28/Jan/2024:10:30:29 +0800] "POST /xingrg/services/DataTransmitService HTTP/1.1" 200 412
116.235.245.10 - - [28/Jan/2024:10:30:29 +0800] "POST /xingrg/services/DataTransmitService HTTP/1.1" 200 524
116.235.245.10 - - [28/Jan/2024:10:30:30 +0800] "POST /xingrg/services/DataTransmitService HTTP/1.1" 200 412
116.235.245.10 - - [28/Jan/2024:10:30:30 +0800] "POST /xingrg/services/DataTransmitService HTTP/1.1" 200 524
116.235.245.10 - - [28/Jan/2024:10:30:31 +0800] "POST /xingrg/services/DataTransmitService HTTP/1.1" 200 412
116.235.245.10 - - [28/Jan/2024:10:30:32 +0800] "POST /xingrg/services/DataTransmitService HTTP/1.1" 200 524
116.235.245.10 - - [28/Jan/2024:10:30:33 +0800] "POST /xingrg/services/DataTransmitService HTTP/1.1" 200 412
116.230.109.177 - - [28/Jan/2024:10:30:33 +0800] "GET /xingrg/all/function/internal_message.html?_=1706408972837&CODE_STATE=getMsg HTTP/1.1" 200 27
124.78.154.219 - - [28/Jan/2024:10:30:34 +0800] "GET /xingrg/all/function/internal_message.html?_=1706409034511&CODE_STATE=getMsg HTTP/1.1" 200 27
116.235.245.10 - - [28/Jan/2024:10:30:34 +0800] "POST /xingrg/services/DataTransmitService HTTP/1.1" 200 524
116.235.245.10 - - [28/Jan/2024:10:30:35 +0800] "POST /xingrg/services/DataTransmitService HTTP/1.1" 200 412
180.169.147.146 - - [28/Jan/2024:10:30:35 +0800] "GET /xingrg/all/function/internal_message.html?_=1706409035743&CODE_STATE=getMsg HTTP/1.1" 200 27
222.69.135.157 - - [28/Jan/2024:10:30:37 +0800] "GET /xingrg/all/function/internal_message.html?_=1706409038389&CODE_STATE=getMsg HTTP/1.1" 200 27
116.235.245.10 - - [28/Jan/2024:10:30:37 +0800] "POST /xingrg/services/DataTransmitService HTTP/1.1" 200 524
124.78.154.219 - - [28/Jan/2024:10:30:37 +0800] "GET /xingrg/kc/base/wldb_order_operate.html?command=get_materiel&rest_code=00106&base_code=0010396&code=00101019127 HTTP/1.1" 200 480
116.235.245.10 - - [28/Jan/2024:10:30:38 +0800] "POST /xingrg/services/DataTransmitService HTTP/1.1" 200 412
101.228.146.191 - - [28/Jan/2024:10:30:39 +0800] "GET /xingrg/all/function/internal_message.html?_=1706409039233&CODE_STATE=getMsg HTTP/1.1" 200 27
114.95.241.104 - - [28/Jan/2024:10:30:39 +0800] "GET /xingrg/all/function/internal_message.html?_=1706409039556&CODE_STATE=getMsg HTTP/1.1" 200 27
180.152.241.32 - - [28/Jan/2024:10:30:41 +0800] "GET /xingrg/all/function/internal_message.html?_=1706409041601&CODE_STATE=getMsg HTTP/1.1" 200 27
114.83.218.35 - - [28/Jan/2024:10:30:41 +0800] "GET /xingrg/kc/buy/cgsh_order_operate.html?command=get_materiel&rest_code=00149&code=00101006055&supplier_code=00100096&order_time=2024-01-28 HTTP/1.1" 200 409
172.20.0.100 - - [28/Jan/2024:10:30:42 +0800] "GET /xingrg/all/function/internal_message.html?_=1706409057613&CODE_STATE=getMsg HTTP/1.1" 302 -
116.235.245.10 - - [28/Jan/2024:10:30:43 +0800] "POST /xingrg/services/DataTransmitService HTTP/1.1" 200 524
116.235.245.10 - - [28/Jan/2024:10:30:44 +0800] "POST /xingrg/services/DataTransmitService HTTP/1.1" 200 2331
124.78.68.102 - - [28/Jan/2024:10:30:44 +0800] "GET /xingrg/all/function/internal_message.html?_=1706409044841&CODE_STATE=getMsg HTTP/1.1" 200 27
124.79.240.117 - - [28/Jan/2024:10:30:45 +0800] "GET /xingrg/all/function/internal_message.html?_=1706409043945&CODE_STATE=getMsg HTTP/1.1" 200 27
116.230.123.222 - - [28/Jan/2024:10:30:46 +0800] "GET /xingrg/all/function/internal_message.html?_=1706409046401&CODE_STATE=getMsg HTTP/1.1" 200 27
180.164.1.25 - - [28/Jan/2024:10:30:49 +0800] "GET /xingrg/all/function/internal_message.html?_=1706409049197&CODE_STATE=getMsg HTTP/1.1" 200 27
116.235.245.10 - - [28/Jan/2024:10:30:50 +0800] "POST /xingrg/services/DataTransmitService HTTP/1.1" 200 524
116.235.245.10 - - [28/Jan/2024:10:30:51 +0800] "POST /xingrg/services/DataTransmitService HTTP/1.1" 200 2331
116.235.245.10 - - [28/Jan/2024:10:30:52 +0800] "POST /xingrg/services/DataTransmitService HTTP/1.1" 200 524
101.83.145.37 - - [28/Jan/2024:10:30:54 +0800] "GET /xingrg/kc/buy/cgsh_order_list.html HTTP/1.1" 200 57340
116.235.245.10 - - [28/Jan/2024:10:30:54 +0800] "POST /xingrg/services/DataTransmitService HTTP/1.1" 200 2331
116.235.245.10 - - [28/Jan/2024:10:30:55 +0800] "POST /xingrg/services/DataTransmitService HTTP/1.1" 200 524
116.235.245.10 - - [28/Jan/2024:10:30:56 +0800] "POST /xingrg/services/DataTransmitService HTTP/1.1" 200 2331
124.78.154.219 - - [28/Jan/2024:10:30:56 +0800] "GET /xingrg/kc/base/wldb_order_operate.html?command=get_materiel&rest_code=00106&base_code=0010396&code=00101013052 HTTP/1.1" 200 443
116.230.109.177 - - [28/Jan/2024:10:30:58 +0800] "GET /xingrg/all/function/internal_message.html?_=1706408996990&CODE_STATE=getMsg HTTP/1.1" 200 27
116.230.109.177 - - [28/Jan/2024:10:30:58 +0800] "GET /xingrg/check_reg.html?_=1706408997527 HTTP/1.1" 200 22
114.83.218.35 - - [28/Jan/2024:10:31:00 +0800] "GET /xingrg/kc/buy/cgsh_order_operate.html?command=get_materiel&rest_code=00149&code=00101006065&supplier_code=00100096&order_time=2024-01-28 HTTP/1.1" 200 411
124.79.240.117 - - [28/Jan/2024:10:31:02 +0800] "GET /xingrg/check_reg.html?_=1706409405669 HTTP/1.1" 200 22
124.79.240.117 - - [28/Jan/2024:10:31:02 +0800] "GET /xingrg/all/function/internal_message.html?_=1706409405685&CODE_STATE=getMsg HTTP/1.1" 200 27
116.235.245.10 - - [28/Jan/2024:10:31:04 +0800] "POST /xingrg/services/DataTransmitService HTTP/1.1" 200 524
116.235.245.10 - - [28/Jan/2024:10:31:05 +0800] "POST /xingrg/services/DataTransmitService HTTP/1.1" 200 2331
124.78.68.102 - - [28/Jan/2024:10:31:05 +0800] "GET /xingrg/check_reg.html?_=1706409065397 HTTP/1.1" 200 22
116.235.245.10 - - [28/Jan/2024:10:31:07 +0800] "POST /xingrg/services/DataTransmitService HTTP/1.1" 200 524
116.235.245.10 - - [28/Jan/2024:10:31:08 +0800] "POST /xingrg/services/DataTransmitService HTTP/1.1" 200 2331
114.83.218.35 - - [28/Jan/2024:10:31:09 +0800] "GET /xingrg/all/function/internal_message.html?_=1706409069552&CODE_STATE=getMsg HTTP/1.1" 200 27
116.235.245.10 - - [28/Jan/2024:10:31:10 +0800] "POST /xingrg/services/DataTransmitService HTTP/1.1" 200 524
116.235.245.10 - - [28/Jan/2024:10:31:11 +0800] "POST /xingrg/services/DataTransmitService HTTP/1.1" 200 2331
124.78.154.219 - - [28/Jan/2024:10:31:11 +0800] "GET /xingrg/kc/base/wldb_order_operate.html?command=get_materiel&rest_code=00106&base_code=0010396&code=00101013076 HTTP/1.1" 200 442
101.83.145.37 - - [28/Jan/2024:10:31:11 +0800] "POST /xingrg/kc/buy/cgsh_list_operate.html HTTP/1.1" 200 3080
116.230.123.222 - - [28/Jan/2024:10:31:12 +0800] "GET /xingrg/all/function/internal_message.html?_=1706409071204&CODE_STATE=getMsg HTTP/1.1" 302 -
116.235.245.10 - - [28/Jan/2024:10:31:12 +0800] "POST /xingrg/services/DataTransmitService HTTP/1.1" 200 524
116.230.109.177 - - [28/Jan/2024:10:31:12 +0800] "GET /favicon.ico HTTP/1.1" 404 -
116.235.245.10 - - [28/Jan/2024:10:31:13 +0800] "POST /xingrg/services/DataTransmitService HTTP/1.1" 200 412
101.83.145.37 - - [28/Jan/2024:10:31:14 +0800] "GET /xingrg/check_reg.html?_=1706408840353 HTTP/1.1" 200 22
114.83.218.35 - - [28/Jan/2024:10:31:19 +0800] "GET /xingrg/kc/buy/cgsh_order_operate.html?command=get_materiel&rest_code=00149&code=00101007061&supplier_code=00100096&order_time=2024-01-28 HTTP/1.1" 200 409
101.83.145.37 - - [28/Jan/2024:10:31:20 +0800] "GET /xingrg/all/function/internal_message.html?_=1706409081665&CODE_STATE=getMsg HTTP/1.1" 200 27
116.235.245.10 - - [28/Jan/2024:10:31:23 +0800] "POST /xingrg/services/DataTransmitService HTTP/1.1" 200 524
101.83.145.37 - - [28/Jan/2024:10:31:23 +0800] "GET /xingrg/all/function/internal_message.html?_=1706408849358&CODE_STATE=getMsg HTTP/1.1" 200 27
116.235.245.10 - - [28/Jan/2024:10:31:24 +0800] "POST /xingrg/services/DataTransmitService HTTP/1.1" 200 412
116.235.245.10 - - [28/Jan/2024:10:31:25 +0800] "POST /xingrg/services/DataTransmitService HTTP/1.1" 200 524
116.235.245.10 - - [28/Jan/2024:10:31:26 +0800] "POST /xingrg/services/DataTransmitService HTTP/1.1" 200 412
116.235.245.10 - - [28/Jan/2024:10:31:27 +0800] "POST /xingrg/services/DataTransmitService HTTP/1.1" 200 524
116.235.245.10 - - [28/Jan/2024:10:31:28 +0800] "POST /xingrg/services/DataTransmitService HTTP/1.1" 200 2331
116.230.109.177 - - [28/Jan/2024:10:31:33 +0800] "GET /xingrg/all/function/internal_message.html?_=1706409032818&CODE_STATE=getMsg HTTP/1.1" 200 27
124.78.154.219 - - [28/Jan/2024:10:31:34 +0800] "GET /xingrg/check_reg.html?_=1706409094494 HTTP/1.1" 200 22
124.78.154.219 - - [28/Jan/2024:10:31:34 +0800] "GET /xingrg/all/function/internal_message.html?_=1706409094498&CODE_STATE=getMsg HTTP/1.1" 200 27
114.83.218.35 - - [28/Jan/2024:10:31:34 +0800] "GET /xingrg/kc/buy/cgsh_order_operate.html?command=get_materiel&rest_code=00149&code=00101007060&supplier_code=00100096&order_time=2024-01-28 HTTP/1.1" 200 409
180.169.147.146 - - [28/Jan/2024:10:31:35 +0800] "GET /xingrg/check_reg.html?_=1706409095749 HTTP/1.1" 200 22
180.169.147.146 - - [28/Jan/2024:10:31:35 +0800] "GET /xingrg/all/function/internal_message.html?_=1706409095753&CODE_STATE=getMsg HTTP/1.1" 200 27
222.69.135.157 - - [28/Jan/2024:10:31:37 +0800] "GET /xingrg/all/function/internal_message.html?_=1706409098380&CODE_STATE=getMsg HTTP/1.1" 200 27
101.228.146.191 - - [28/Jan/2024:10:31:39 +0800] "GET /xingrg/all/function/internal_message.html?_=1706409099272&CODE_STATE=getMsg HTTP/1.1" 200 27
114.95.241.104 - - [28/Jan/2024:10:31:39 +0800] "GET /xingrg/all/function/internal_message.html?_=1706409099540&CODE_STATE=getMsg HTTP/1.1" 200 27
180.152.241.32 - - [28/Jan/2024:10:31:41 +0800] "GET /xingrg/all/function/internal_message.html?_=1706409101572&CODE_STATE=getMsg HTTP/1.1" 200 27
172.20.0.100 - - [28/Jan/2024:10:31:42 +0800] "GET /xingrg/all/function/internal_message.html?_=1706409117611&CODE_STATE=getMsg HTTP/1.1" 302 -
116.235.245.10 - - [28/Jan/2024:10:31:44 +0800] "POST /xingrg/services/DataTransmitService HTTP/1.1" 200 524
124.78.68.102 - - [28/Jan/2024:10:31:44 +0800] "GET /xingrg/all/function/internal_message.html?_=1706409104826&CODE_STATE=getMsg HTTP/1.1" 200 27
124.79.240.117 - - [28/Jan/2024:10:31:45 +0800] "GET /xingrg/all/function/internal_message.html?_=1706409103938&CODE_STATE=getMsg HTTP/1.1" 200 27
116.235.245.10 - - [28/Jan/2024:10:31:45 +0800] "POST /xingrg/services/DataTransmitService HTTP/1.1" 200 2331
116.230.123.222 - - [28/Jan/2024:10:31:46 +0800] "GET /xingrg/all/function/internal_message.html?_=1706409106374&CODE_STATE=getMsg HTTP/1.1" 200 27
124.78.154.219 - - [28/Jan/2024:10:31:47 +0800] "GET /xingrg/kc/base/wldb_order_operate.html?command=get_materiel&rest_code=00106&base_code=0010396&code=00101019492 HTTP/1.1" 200 456
114.83.218.35 - - [28/Jan/2024:10:31:47 +0800] "GET /xingrg/kc/buy/cgsh_order_operate.html?command=get_materiel&rest_code=00149&code=00101007033&supplier_code=00100096&order_time=2024-01-28 HTTP/1.1" 200 419
180.164.1.25 - - [28/Jan/2024:10:31:49 +0800] "GET /xingrg/all/function/internal_message.html?_=1706409109210&CODE_STATE=getMsg HTTP/1.1" 200 27
116.235.245.10 - - [28/Jan/2024:10:31:49 +0800] "POST /xingrg/services/DataTransmitService HTTP/1.1" 200 524
116.235.245.10 - - [28/Jan/2024:10:31:50 +0800] "POST /xingrg/services/DataTransmitService HTTP/1.1" 200 2331
116.235.245.10 - - [28/Jan/2024:10:31:51 +0800] "POST /xingrg/services/DataTransmitService HTTP/1.1" 200 524
116.235.245.10 - - [28/Jan/2024:10:31:52 +0800] "POST /xingrg/services/DataTransmitService HTTP/1.1" 200 2331
116.235.245.10 - - [28/Jan/2024:10:31:52 +0800] "POST /xingrg/services/DataTransmitService HTTP/1.1" 200 524
218.81.65.124 - - [28/Jan/2024:10:31:53 +0800] "GET /favicon.ico HTTP/1.1" 404 -
116.235.245.10 - - [28/Jan/2024:10:31:53 +0800] "POST /xingrg/services/DataTransmitService HTTP/1.1" 200 2331
116.235.245.10 - - [28/Jan/2024:10:31:57 +0800] "POST /xingrg/services/DataTransmitService HTTP/1.1" 200 524
116.230.109.177 - - [28/Jan/2024:10:31:57 +0800] "GET /xingrg/all/function/internal_message.html?_=1706409056980&CODE_STATE=getMsg HTTP/1.1" 200 27
116.235.245.10 - - [28/Jan/2024:10:31:58 +0800] "POST /xingrg/services/DataTransmitService HTTP/1.1" 200 412
116.235.245.10 - - [28/Jan/2024:10:31:59 +0800] "POST /xingrg/services/DataTransmitService HTTP/1.1" 200 524
116.235.245.10 - - [28/Jan/2024:10:32:00 +0800] "POST /xingrg/services/DataTransmitService HTTP/1.1" 200 412
116.235.245.10 - - [28/Jan/2024:10:32:00 +0800] "POST /xingrg/services/DataTransmitService HTTP/1.1" 200 524
116.235.245.10 - - [28/Jan/2024:10:32:01 +0800] "POST /xingrg/services/DataTransmitService HTTP/1.1" 200 412
116.235.245.10 - - [28/Jan/2024:10:32:01 +0800] "POST /xingrg/services/DataTransmitService HTTP/1.1" 200 524
124.79.240.117 - - [28/Jan/2024:10:32:02 +0800] "GET /xingrg/all/function/internal_message.html?_=1706409465666&CODE_STATE=getMsg HTTP/1.1" 200 27
116.235.245.10 - - [28/Jan/2024:10:32:03 +0800] "POST /xingrg/services/DataTransmitService HTTP/1.1" 200 412
218.81.65.124 - - [28/Jan/2024:10:32:06 +0800] "GET /favicon.ico HTTP/1.1" 404 -
114.83.218.35 - - [28/Jan/2024:10:32:09 +0800] "GET /xingrg/all/function/internal_message.html?_=1706409129522&CODE_STATE=getMsg HTTP/1.1" 200 27
116.230.123.222 - - [28/Jan/2024:10:32:12 +0800] "GET /xingrg/check_reg.html?_=1706409131190 HTTP/1.1" 302 -
116.230.123.222 - - [28/Jan/2024:10:32:12 +0800] "GET /xingrg/all/function/internal_message.html?_=1706409131192&CODE_STATE=getMsg HTTP/1.1" 302 -
114.83.218.35 - - [28/Jan/2024:10:32:12 +0800] "GET /xingrg/kc/buy/cgsh_order_operate.html?command=get_materiel&rest_code=00149&code=00101007082&supplier_code=00100096&order_time=2024-01-28 HTTP/1.1" 200 429
116.235.245.10 - - [28/Jan/2024:10:32:19 +0800] "POST /xingrg/services/DataTransmitService HTTP/1.1" 200 524
116.235.245.10 - - [28/Jan/2024:10:32:20 +0800] "POST /xingrg/services/DataTransmitService HTTP/1.1" 200 412
101.83.145.37 - - [28/Jan/2024:10:32:20 +0800] "GET /xingrg/all/function/internal_message.html?_=1706409141665&CODE_STATE=getMsg HTTP/1.1" 200 27
116.235.245.10 - - [28/Jan/2024:10:32:21 +0800] "POST /xingrg/services/DataTransmitService HTTP/1.1" 200 524
116.235.245.10 - - [28/Jan/2024:10:32:23 +0800] "POST /xingrg/services/DataTransmitService HTTP/1.1" 200 412
101.83.145.37 - - [28/Jan/2024:10:32:23 +0800] "GET /xingrg/all/function/internal_message.html?_=1706408909343&CODE_STATE=getMsg HTTP/1.1" 200 27
116.235.245.10 - - [28/Jan/2024:10:32:24 +0800] "POST /xingrg/services/DataTransmitService HTTP/1.1" 200 524
116.235.245.10 - - [28/Jan/2024:10:32:25 +0800] "POST /xingrg/services/DataTransmitService HTTP/1.1" 200 412
116.235.245.10 - - [28/Jan/2024:10:32:27 +0800] "POST /xingrg/services/DataTransmitService HTTP/1.1" 200 524
116.235.245.10 - - [28/Jan/2024:10:32:28 +0800] "POST /xingrg/services/DataTransmitService HTTP/1.1" 200 412
124.78.154.219 - - [28/Jan/2024:10:32:28 +0800] "GET /xingrg/kc/base/wldb_order_operate.html?command=get_materiel&rest_code=00106&base_code=0010396&code=00101019405 HTTP/1.1" 200 482
114.83.218.35 - - [28/Jan/2024:10:32:29 +0800] "GET /xingrg/kc/buy/cgsh_order_operate.html?command=get_materiel&rest_code=00149&code=00101007081&supplier_code=00100096&order_time=2024-01-28 HTTP/1.1" 200 415
116.235.245.10 - - [28/Jan/2024:10:32:31 +0800] "POST /xingrg/services/DataTransmitService HTTP/1.1" 200 524
116.235.245.10 - - [28/Jan/2024:10:32:32 +0800] "POST /xingrg/services/DataTransmitService HTTP/1.1" 200 412
116.230.109.177 - - [28/Jan/2024:10:32:33 +0800] "GET /xingrg/all/function/internal_message.html?_=1706409092827&CODE_STATE=getMsg HTTP/1.1" 200 27
116.230.109.177 - - [28/Jan/2024:10:32:33 +0800] "GET /xingrg/check_reg.html?_=1706409092829 HTTP/1.1" 200 22
124.78.154.219 - - [28/Jan/2024:10:32:34 +0800] "GET /xingrg/all/function/internal_message.html?_=1706409154495&CODE_STATE=getMsg HTTP/1.1" 200 27
116.235.245.10 - - [28/Jan/2024:10:32:35 +0800] "POST /xingrg/services/DataTransmitService HTTP/1.1" 200 524
180.169.147.146 - - [28/Jan/2024:10:32:35 +0800] "GET /xingrg/all/function/internal_message.html?_=1706409155747&CODE_STATE=getMsg HTTP/1.1" 200 27
116.235.245.10 - - [28/Jan/2024:10:32:36 +0800] "POST /xingrg/services/DataTransmitService HTTP/1.1" 200 2331
222.69.135.157 - - [28/Jan/2024:10:32:37 +0800] "GET /xingrg/all/function/internal_message.html?_=1706409158385&CODE_STATE=getMsg HTTP/1.1" 200 27
101.228.146.191 - - [28/Jan/2024:10:32:39 +0800] "GET /xingrg/all/function/internal_message.html?_=1706409159270&CODE_STATE=getMsg HTTP/1.1" 200 27
114.95.241.104 - - [28/Jan/2024:10:32:39 +0800] "GET /xingrg/all/function/internal_message.html?_=1706409159512&CODE_STATE=getMsg HTTP/1.1" 200 27
114.95.241.104 - - [28/Jan/2024:10:32:40 +0800] "GET /xingrg/check_reg.html?_=1706409160180 HTTP/1.1" 200 22
180.152.241.32 - - [28/Jan/2024:10:32:41 +0800] "GET /xingrg/all/function/internal_message.html?_=1706409161556&CODE_STATE=getMsg HTTP/1.1" 200 27
172.20.0.100 - - [28/Jan/2024:10:32:42 +0800] "GET /xingrg/all/function/internal_message.html?_=1706409177610&CODE_STATE=getMsg HTTP/1.1" 302 -
124.78.154.219 - - [28/Jan/2024:10:32:43 +0800] "GET /xingrg/kc/base/wldb_order_operate.html?command=get_materiel&rest_code=00106&base_code=0010396&code=00101019450 HTTP/1.1" 200 483
116.235.245.10 - - [28/Jan/2024:10:32:43 +0800] "POST /xingrg/services/DataTransmitService HTTP/1.1" 200 524
124.78.68.102 - - [28/Jan/2024:10:32:44 +0800] "GET /xingrg/all/function/internal_message.html?_=1706409164808&CODE_STATE=getMsg HTTP/1.1" 200 27
116.235.245.10 - - [28/Jan/2024:10:32:44 +0800] "POST /xingrg/services/DataTransmitService HTTP/1.1" 200 2331
124.79.240.117 - - [28/Jan/2024:10:32:45 +0800] "GET /xingrg/all/function/internal_message.html?_=1706409163909&CODE_STATE=getMsg HTTP/1.1" 200 27
116.230.123.222 - - [28/Jan/2024:10:32:46 +0800] "GET /xingrg/all/function/internal_message.html?_=1706409166347&CODE_STATE=getMsg HTTP/1.1" 200 27
116.230.109.177 - - [28/Jan/2024:10:32:47 +0800] "GET /xingrg/kc/print/load_data.html?order_code=212024012811742&kc_code=cgsh HTTP/1.1" 200 12185
116.235.245.10 - - [28/Jan/2024:10:32:47 +0800] "POST /xingrg/services/DataTransmitService HTTP/1.1" 200 524
116.235.245.10 - - [28/Jan/2024:10:32:48 +0800] "POST /xingrg/services/DataTransmitService HTTP/1.1" 200 2331
116.235.245.10 - - [28/Jan/2024:10:32:49 +0800] "POST /xingrg/services/DataTransmitService HTTP/1.1" 200 524
180.164.1.25 - - [28/Jan/2024:10:32:49 +0800] "GET /xingrg/all/function/internal_message.html?_=1706409169202&CODE_STATE=getMsg HTTP/1.1" 200 27
116.235.245.10 - - [28/Jan/2024:10:32:50 +0800] "POST /xingrg/services/DataTransmitService HTTP/1.1" 200 2331
116.235.245.10 - - [28/Jan/2024:10:32:51 +0800] "POST /xingrg/services/DataTransmitService HTTP/1.1" 200 524
116.235.245.10 - - [28/Jan/2024:10:32:52 +0800] "POST /xingrg/services/DataTransmitService HTTP/1.1" 200 2331
114.83.218.35 - - [28/Jan/2024:10:32:54 +0800] "GET /xingrg/kc/buy/cgsh_order_operate.html?command=get_materiel&rest_code=00149&code=00101007059&supplier_code=00100096&order_time=2024-01-28 HTTP/1.1" 200 411
116.235.245.10 - - [28/Jan/2024:10:32:56 +0800] "POST /xingrg/services/DataTransmitService HTTP/1.1" 200 524
124.78.154.219 - - [28/Jan/2024:10:32:57 +0800] "GET /xingrg/kc/base/wldb_order_operate.html?command=get_materiel&rest_code=00106&base_code=0010396&code=00101019184 HTTP/1.1" 200 456
116.230.109.177 - - [28/Jan/2024:10:32:57 +0800] "GET /xingrg/all/function/internal_message.html?_=1706409116970&CODE_STATE=getMsg HTTP/1.1" 200 27
116.235.245.10 - - [28/Jan/2024:10:32:58 +0800] "POST /xingrg/services/DataTransmitService HTTP/1.1" 200 2331
116.235.245.10 - - [28/Jan/2024:10:32:59 +0800] "GET /xingrg/check_reg.html?_=1706409205765 HTTP/1.1" 200 22
116.235.245.10 - - [28/Jan/2024:10:32:59 +0800] "POST /xingrg/services/DataTransmitService HTTP/1.1" 200 524
116.235.245.10 - - [28/Jan/2024:10:33:00 +0800] "POST /xingrg/services/DataTransmitService HTTP/1.1" 200 2331
116.235.245.10 - - [28/Jan/2024:10:33:01 +0800] "POST /xingrg/services/DataTransmitService HTTP/1.1" 200 524
116.235.245.10 - - [28/Jan/2024:10:33:02 +0800] "POST /xingrg/services/DataTransmitService HTTP/1.1" 200 2331
116.235.245.10 - - [28/Jan/2024:10:33:02 +0800] "POST /xingrg/services/DataTransmitService HTTP/1.1" 200 524
124.79.240.117 - - [28/Jan/2024:10:33:02 +0800] "GET /xingrg/all/function/internal_message.html?_=1706409525665&CODE_STATE=getMsg HTTP/1.1" 200 27
116.235.245.10 - - [28/Jan/2024:10:33:03 +0800] "POST /xingrg/services/DataTransmitService HTTP/1.1" 200 2331
116.235.245.10 - - [28/Jan/2024:10:33:03 +0800] "POST /xingrg/services/DataTransmitService HTTP/1.1" 200 524
116.235.245.10 - - [28/Jan/2024:10:33:05 +0800] "POST /xingrg/services/DataTransmitService HTTP/1.1" 200 412
116.235.245.10 - - [28/Jan/2024:10:33:05 +0800] "POST /xingrg/services/DataTransmitService HTTP/1.1" 200 524
116.235.245.10 - - [28/Jan/2024:10:33:06 +0800] "POST /xingrg/services/DataTransmitService HTTP/1.1" 200 412
116.235.245.10 - - [28/Jan/2024:10:33:06 +0800] "POST /xingrg/services/DataTransmitService HTTP/1.1" 200 524
116.235.245.10 - - [28/Jan/2024:10:33:08 +0800] "POST /xingrg/services/DataTransmitService HTTP/1.1" 200 412
114.83.218.35 - - [28/Jan/2024:10:33:09 +0800] "GET /xingrg/all/function/internal_message.html?_=1706409189509&CODE_STATE=getMsg HTTP/1.1" 200 27
114.83.218.35 - - [28/Jan/2024:10:33:09 +0800] "GET /xingrg/check_reg.html?_=1706409189686 HTTP/1.1" 200 22
116.230.123.222 - - [28/Jan/2024:10:33:12 +0800] "GET /xingrg/all/function/internal_message.html?_=1706409191201&CODE_STATE=getMsg HTTP/1.1" 302 -
116.235.245.10 - - [28/Jan/2024:10:33:12 +0800] "POST /xingrg/services/DataTransmitService HTTP/1.1" 200 524
116.235.245.10 - - [28/Jan/2024:10:33:13 +0800] "POST /xingrg/services/DataTransmitService HTTP/1.1" 200 2331
101.83.145.37 - - [28/Jan/2024:10:33:20 +0800] "GET /xingrg/all/function/internal_message.html?_=1706409201650&CODE_STATE=getMsg HTTP/1.1" 200 27
101.83.145.37 - - [28/Jan/2024:10:33:20 +0800] "GET /xingrg/check_reg.html?_=1706409201653 HTTP/1.1" 200 22
116.235.245.10 - - [28/Jan/2024:10:33:21 +0800] "POST /xingrg/services/DataTransmitService HTTP/1.1" 200 524
116.235.245.10 - - [28/Jan/2024:10:33:22 +0800] "POST /xingrg/services/DataTransmitService HTTP/1.1" 200 2331
101.83.145.37 - - [28/Jan/2024:10:33:23 +0800] "GET /xingrg/all/function/internal_message.html?_=1706408969314&CODE_STATE=getMsg HTTP/1.1" 200 27
116.230.109.177 - - [28/Jan/2024:10:33:25 +0800] "POST /xingrg/kc/buy/cgsh_list_operate.html HTTP/1.1" 200 571
116.230.109.177 - - [28/Jan/2024:10:33:27 +0800] "GET /xingrg/kc/buy/cgsh_order_info.html?code=212024012811739 HTTP/1.1" 200 73217
116.230.109.177 - - [28/Jan/2024:10:33:27 +0800] "GET /xingrg/words/20240128094629_words.js HTTP/1.1" 304 -
116.230.109.177 - - [28/Jan/2024:10:33:28 +0800] "GET /xingrg/javascript/easyui/themes/default/validatebox.css HTTP/1.1" 404 1104
116.230.109.177 - - [28/Jan/2024:10:33:30 +0800] "POST /xingrg/kc/buy/cgsh_order_operate.html HTTP/1.1" 200 6810
124.78.154.219 - - [28/Jan/2024:10:33:30 +0800] "GET /xingrg/kc/base/wldb_order_operate.html?command=get_materiel&rest_code=00106&base_code=0010396&code=00101019095 HTTP/1.1" 200 466
116.235.245.10 - - [28/Jan/2024:10:33:32 +0800] "POST /xingrg/services/DataTransmitService HTTP/1.1" 200 524
116.230.109.177 - - [28/Jan/2024:10:33:33 +0800] "GET /xingrg/kc/print/load_data.html?order_code=212024012811739&kc_code=cgsh HTTP/1.1" 200 2257
116.235.245.10 - - [28/Jan/2024:10:33:33 +0800] "POST /xingrg/services/DataTransmitService HTTP/1.1" 200 2331
124.78.154.219 - - [28/Jan/2024:10:33:34 +0800] "GET /xingrg/all/function/internal_message.html?_=1706409214506&CODE_STATE=getMsg HTTP/1.1" 200 27
116.230.109.177 - - [28/Jan/2024:10:33:34 +0800] "GET /xingrg/all/function/internal_message.html?_=1706409153183&CODE_STATE=getMsg HTTP/1.1" 200 27
116.235.245.10 - - [28/Jan/2024:10:33:35 +0800] "POST /xingrg/services/DataTransmitService HTTP/1.1" 200 524
180.169.147.146 - - [28/Jan/2024:10:33:35 +0800] "GET /xingrg/all/function/internal_message.html?_=1706409215732&CODE_STATE=getMsg HTTP/1.1" 200 27
116.235.245.10 - - [28/Jan/2024:10:33:36 +0800] "POST /xingrg/services/DataTransmitService HTTP/1.1" 200 2331
222.69.135.157 - - [28/Jan/2024:10:33:37 +0800] "GET /xingrg/all/function/internal_message.html?_=1706409218396&CODE_STATE=getMsg HTTP/1.1" 200 27
222.69.135.157 - - [28/Jan/2024:10:33:37 +0800] "GET /xingrg/check_reg.html?_=1706409218401 HTTP/1.1" 200 22
101.228.146.191 - - [28/Jan/2024:10:33:39 +0800] "GET /xingrg/all/function/internal_message.html?_=1706409219269&CODE_STATE=getMsg HTTP/1.1" 200 27
114.95.241.104 - - [28/Jan/2024:10:33:39 +0800] "GET /xingrg/all/function/internal_message.html?_=1706409219510&CODE_STATE=getMsg HTTP/1.1" 200 27
180.152.241.32 - - [28/Jan/2024:10:33:41 +0800] "GET /xingrg/all/function/internal_message.html?_=1706409221541&CODE_STATE=getMsg HTTP/1.1" 200 27
172.20.0.100 - - [28/Jan/2024:10:33:42 +0800] "GET /xingrg/all/function/internal_message.html?_=1706409237608&CODE_STATE=getMsg HTTP/1.1" 302 -
172.20.0.100 - - [28/Jan/2024:10:33:42 +0800] "GET /xingrg/check_reg.html?_=1706409237609 HTTP/1.1" 302 -
124.78.68.102 - - [28/Jan/2024:10:33:44 +0800] "GET /xingrg/all/function/internal_message.html?_=1706409224794&CODE_STATE=getMsg HTTP/1.1" 200 27
124.79.240.117 - - [28/Jan/2024:10:33:45 +0800] "GET /xingrg/all/function/internal_message.html?_=1706409223899&CODE_STATE=getMsg HTTP/1.1" 200 27
116.230.123.222 - - [28/Jan/2024:10:33:46 +0800] "GET /xingrg/all/function/internal_message.html?_=1706409226323&CODE_STATE=getMsg HTTP/1.1" 200 27
116.230.123.222 - - [28/Jan/2024:10:33:47 +0800] "GET /xingrg/check_reg.html?_=1706409227189 HTTP/1.1" 200 22
180.164.1.25 - - [28/Jan/2024:10:33:49 +0800] "GET /xingrg/all/function/internal_message.html?_=1706409229198&CODE_STATE=getMsg HTTP/1.1" 200 27
180.164.1.25 - - [28/Jan/2024:10:33:49 +0800] "GET /xingrg/check_reg.html?_=1706409229201 HTTP/1.1" 200 22
116.235.245.10 - - [28/Jan/2024:10:33:52 +0800] "POST /xingrg/services/DataTransmitService HTTP/1.1" 200 524
116.235.245.10 - - [28/Jan/2024:10:33:53 +0800] "POST /xingrg/services/DataTransmitService HTTP/1.1" 200 412
116.230.109.177 - - [28/Jan/2024:10:33:57 +0800] "GET /xingrg/all/function/internal_message.html?_=1706409176954&CODE_STATE=getMsg HTTP/1.1" 200 27
116.235.245.10 - - [28/Jan/2024:10:34:02 +0800] "POST /xingrg/services/DataTransmitService HTTP/1.1" 200 524
124.79.240.117 - - [28/Jan/2024:10:34:02 +0800] "GET /xingrg/all/function/internal_message.html?_=1706409585663&CODE_STATE=getMsg HTTP/1.1" 200 27
116.235.245.10 - - [28/Jan/2024:10:34:03 +0800] "POST /xingrg/services/DataTransmitService HTTP/1.1" 200 412
116.235.245.10 - - [28/Jan/2024:10:34:05 +0800] "POST /xingrg/services/DataTransmitService HTTP/1.1" 200 524
116.235.245.10 - - [28/Jan/2024:10:34:06 +0800] "POST /xingrg/services/DataTransmitService HTTP/1.1" 200 412
114.83.218.35 - - [28/Jan/2024:10:34:09 +0800] "GET /xingrg/all/function/internal_message.html?_=1706409249496&CODE_STATE=getMsg HTTP/1.1" 200 27
116.230.123.222 - - [28/Jan/2024:10:34:12 +0800] "GET /xingrg/all/function/internal_message.html?_=1706409251201&CODE_STATE=getMsg HTTP/1.1" 302 -
116.235.245.10 - - [28/Jan/2024:10:34:13 +0800] "POST /xingrg/services/DataTransmitService HTTP/1.1" 200 524
116.235.245.10 - - [28/Jan/2024:10:34:14 +0800] "POST /xingrg/services/DataTransmitService HTTP/1.1" 200 412
114.83.218.35 - - [28/Jan/2024:10:34:19 +0800] "POST /xingrg/kc/buy/cgsh_order_operate.html HTTP/1.1" 200 37
101.83.145.37 - - [28/Jan/2024:10:34:20 +0800] "GET /xingrg/all/function/internal_message.html?_=1706409261651&CODE_STATE=getMsg HTTP/1.1" 200 27
101.83.145.37 - - [28/Jan/2024:10:34:23 +0800] "GET /xingrg/all/function/internal_message.html?_=1706409029299&CODE_STATE=getMsg HTTP/1.1" 200 27
114.95.241.104 - - [28/Jan/2024:10:34:29 +0800] "POST /xingrg/all/user/operate.html HTTP/1.1" 200 36
114.95.241.104 - - [28/Jan/2024:10:34:29 +0800] "GET /xingrg/javascript/jquery_easy_ui/themes/default/easyui.css HTTP/1.1" 304 -
114.95.241.104 - - [28/Jan/2024:10:34:29 +0800] "GET /xingrg/index.html?sysBaseUrl=http%3A%2F%2F180.169.147.146%3A18081%2Fxingrg%2F&costTime=839×tamp=1706406406505 HTTP/1.1" 200 17177
114.95.241.104 - - [28/Jan/2024:10:34:29 +0800] "GET /xingrg/javascript/jquery_easy_ui/themes/icon.css HTTP/1.1" 304 -
114.95.241.104 - - [28/Jan/2024:10:34:29 +0800] "GET /xingrg/css/form.css HTTP/1.1" 304 -
114.95.241.104 - - [28/Jan/2024:10:34:29 +0800] "GET /xingrg/javascript/jquery-1.4.2.min.js HTTP/1.1" 304 -
114.95.241.104 - - [28/Jan/2024:10:34:29 +0800] "GET /xingrg/javascript/jquery_easy_ui/jquery.easyui.min.js HTTP/1.1" 304 -
114.95.241.104 - - [28/Jan/2024:10:34:29 +0800] "GET /xingrg/javascript/jquery_easy_ui/easyui-lang-zh_CN.js HTTP/1.1" 304 -
114.95.241.104 - - [28/Jan/2024:10:34:29 +0800] "GET /xingrg/javascript/jquery.form.js HTTP/1.1" 304 -
114.95.241.104 - - [28/Jan/2024:10:34:29 +0800] "GET /xingrg/javascript/jquery.utils.js HTTP/1.1" 304 -
114.95.241.104 - - [28/Jan/2024:10:34:29 +0800] "GET /xingrg/javascript/jquery.timers.js HTTP/1.1" 304 -
114.95.241.104 - - [28/Jan/2024:10:34:29 +0800] "GET /xingrg/images/blue/jxLogo.png HTTP/1.1" 304 -
114.95.241.104 - - [28/Jan/2024:10:34:29 +0800] "GET /xingrg/javascript/jquery_easy_ui/themes/icons/settle_new.png HTTP/1.1" 304 -
114.95.241.104 - - [28/Jan/2024:10:34:29 +0800] "GET /xingrg/images/blue/navBackgound.jpg HTTP/1.1" 304 -
114.95.241.104 - - [28/Jan/2024:10:34:29 +0800] "GET /xingrg/all/function/internal_message.html?_=1706409269735&CODE_STATE=count HTTP/1.1" 200 11
114.95.241.104 - - [28/Jan/2024:10:34:29 +0800] "GET /xingrg/javascript/jquery_easy_ui/themes/default/images/panel_tool_collapse.gif HTTP/1.1" 304 -
114.95.241.104 - - [28/Jan/2024:10:34:29 +0800] "GET /xingrg/check_reg.html?_=1706409269735 HTTP/1.1" 200 22
114.95.241.104 - - [28/Jan/2024:10:34:29 +0800] "GET /xingrg/javascript/jquery_easy_ui/themes/default/images/tabs_rightarrow.png HTTP/1.1" 304 -
114.95.241.104 - - [28/Jan/2024:10:34:29 +0800] "GET /xingrg/javascript/jquery_easy_ui/themes/default/images/tabs_leftarrow.png HTTP/1.1" 304 -
114.95.241.104 - - [28/Jan/2024:10:34:29 +0800] "GET /xingrg/images/blue/pingpu.png HTTP/1.1" 304 -
114.95.241.104 - - [28/Jan/2024:10:34:29 +0800] "POST /xingrg/load_menu.html HTTP/1.1" 200 5138
114.95.241.104 - - [28/Jan/2024:10:34:30 +0800] "POST /xingrg/all/common/load_tree.html?tree=area_rest_tree_json&manage=1 HTTP/1.1" 200 476
114.95.241.104 - - [28/Jan/2024:10:34:32 +0800] "GET /xingrg/kc/buy/cgsh_order_list.html HTTP/1.1" 200 57344
124.78.154.219 - - [28/Jan/2024:10:34:34 +0800] "GET /xingrg/all/function/internal_message.html?_=1706409274506&CODE_STATE=getMsg HTTP/1.1" 200 27
116.230.109.177 - - [28/Jan/2024:10:34:34 +0800] "GET /xingrg/all/function/internal_message.html?_=1706409213156&CODE_STATE=getMsg HTTP/1.1" 200 27
180.169.147.146 - - [28/Jan/2024:10:34:35 +0800] "GET /xingrg/all/function/internal_message.html?_=1706409275726&CODE_STATE=getMsg HTTP/1.1" 200 27
222.69.135.157 - - [28/Jan/2024:10:34:37 +0800] "GET /xingrg/all/function/internal_message.html?_=1706409278389&CODE_STATE=getMsg HTTP/1.1" 200 27
101.228.146.191 - - [28/Jan/2024:10:34:39 +0800] "GET /xingrg/check_reg.html?_=1706409279259 HTTP/1.1" 200 22
101.228.146.191 - - [28/Jan/2024:10:34:39 +0800] "GET /xingrg/all/function/internal_message.html?_=1706409279262&CODE_STATE=getMsg HTTP/1.1" 200 27
114.83.218.35 - - [28/Jan/2024:10:34:39 +0800] "POST /xingrg/kc/buy/cgsh_order_operate.html HTTP/1.1" 200 12
180.152.241.32 - - [28/Jan/2024:10:34:41 +0800] "GET /xingrg/all/function/internal_message.html?_=1706409281516&CODE_STATE=getMsg HTTP/1.1" 200 27
114.95.241.104 - - [28/Jan/2024:10:34:41 +0800] "POST /xingrg/kc/buy/cgsh_list_operate.html HTTP/1.1" 200 986
180.152.241.32 - - [28/Jan/2024:10:34:41 +0800] "GET /xingrg/check_reg.html?_=1706409281881 HTTP/1.1" 200 22
116.235.245.10 - - [28/Jan/2024:10:34:42 +0800] "POST /xingrg/services/DataTransmitService HTTP/1.1" 200 524
172.20.0.100 - - [28/Jan/2024:10:34:42 +0800] "GET /xingrg/all/function/internal_message.html?_=1706409297607&CODE_STATE=getMsg HTTP/1.1" 302 -
116.235.245.10 - - [28/Jan/2024:10:34:43 +0800] "POST /xingrg/services/DataTransmitService HTTP/1.1" 200 412
116.235.245.10 - - [28/Jan/2024:10:34:43 +0800] "POST /xingrg/services/DataTransmitService HTTP/1.1" 200 524
124.78.68.102 - - [28/Jan/2024:10:34:44 +0800] "GET /xingrg/all/function/internal_message.html?_=1706409284777&CODE_STATE=getMsg HTTP/1.1" 200 27
114.95.241.104 - - [28/Jan/2024:10:34:44 +0800] "GET /xingrg/kc/buy/cgsh_order_add.html HTTP/1.1" 200 72720
114.95.241.104 - - [28/Jan/2024:10:34:44 +0800] "GET /xingrg/words/20240128094629_words.js HTTP/1.1" 304 -
116.235.245.10 - - [28/Jan/2024:10:34:44 +0800] "POST /xingrg/services/DataTransmitService HTTP/1.1" 200 412
114.95.241.104 - - [28/Jan/2024:10:34:45 +0800] "POST /xingrg/kc/buy/cgsh_order_operate.html HTTP/1.1" 200 8245
124.79.240.117 - - [28/Jan/2024:10:34:45 +0800] "GET /xingrg/all/function/internal_message.html?_=1706409283877&CODE_STATE=getMsg HTTP/1.1" 200 27
114.95.241.104 - - [28/Jan/2024:10:34:45 +0800] "GET /xingrg/javascript/easyui/themes/default/validatebox.css HTTP/1.1" 404 1104
124.79.240.117 - - [28/Jan/2024:10:34:45 +0800] "GET /xingrg/check_reg.html?_=1706409283949 HTTP/1.1" 200 22
116.230.123.222 - - [28/Jan/2024:10:34:46 +0800] "GET /xingrg/all/function/internal_message.html?_=1706409286297&CODE_STATE=getMsg HTTP/1.1" 200 27
114.95.241.104 - - [28/Jan/2024:10:34:46 +0800] "GET /xingrg/javascript/auto/indicator.gif HTTP/1.1" 404 1066
