114.83.218.35 - - [28/Jan/2024:09:37:09 +0800] "GET /xingrg/all/function/internal_message.html?_=1706405829833&CODE_STATE=getMsg HTTP/1.1" 200 27
116.230.123.222 - - [28/Jan/2024:09:37:12 +0800] "GET /xingrg/check_reg.html?_=1706405831205 HTTP/1.1" 302 -
116.230.123.222 - - [28/Jan/2024:09:37:12 +0800] "GET /xingrg/all/function/internal_message.html?_=1706405831209&CODE_STATE=getMsg HTTP/1.1" 302 -
116.230.109.177 - - [28/Jan/2024:09:37:14 +0800] "GET /xingrg/kc/buy/cgsh_order_add.html HTTP/1.1" 200 73210
116.230.109.177 - - [28/Jan/2024:09:37:15 +0800] "POST /xingrg/kc/buy/cgsh_order_operate.html HTTP/1.1" 200 8245
116.230.109.177 - - [28/Jan/2024:09:37:15 +0800] "GET /xingrg/javascript/easyui/themes/default/validatebox.css HTTP/1.1" 404 1104
180.164.1.25 - - [28/Jan/2024:09:37:16 +0800] "GET /xingrg/kc/buy/cgsh_order_operate.html?command=get_materiel&rest_code=00108&code=00101008251&supplier_code=00100007&order_time=2024-01-28 HTTP/1.1" 200 408
116.230.123.222 - - [28/Jan/2024:09:37:16 +0800] "GET /xingrg/kc/buy/cgsh_order_operate.html?command=get_materiel&rest_code=00111&code=00101015044&supplier_code=00100037&order_time=2024-01-28 HTTP/1.1" 200 408
116.230.123.222 - - [28/Jan/2024:09:37:19 +0800] "POST /xingrg/kc/buy/cgsh_order_operate.html HTTP/1.1" 200 2065
101.83.145.37 - - [28/Jan/2024:09:37:20 +0800] "GET /xingrg/all/function/internal_message.html?_=1706405841589&CODE_STATE=getMsg HTTP/1.1" 200 27
116.230.109.177 - - [28/Jan/2024:09:37:24 +0800] "GET /xingrg/all/function/internal_message.html?_=1706405783579&CODE_STATE=getMsg HTTP/1.1" 200 27
124.78.154.219 - - [28/Jan/2024:09:37:24 +0800] "POST /xingrg/kc/buy/cgsh_list_operate.html HTTP/1.1" 200 1854
101.83.145.37 - - [28/Jan/2024:09:37:25 +0800] "GET /xingrg/all/function/internal_message.html?_=1706405610420&CODE_STATE=getMsg HTTP/1.1" 200 27
114.95.241.104 - - [28/Jan/2024:09:37:26 +0800] "GET /xingrg/kc/buy/cgsh_order_operate.html?command=get_materiel&rest_code=00150&code=00102003284&supplier_code=00100075&order_time=2024-01-28 HTTP/1.1" 200 416
124.78.154.219 - - [28/Jan/2024:09:37:27 +0800] "POST /xingrg/kc/buy/cgsh_list_operate.html HTTP/1.1" 200 570
116.230.123.222 - - [28/Jan/2024:09:37:28 +0800] "GET /xingrg/kc/buy/cgsh_order_operate.html?command=get_materiel&rest_code=00111&code=00101008123&supplier_code=00100037&order_time=2024-01-28 HTTP/1.1" 200 412
180.152.241.32 - - [28/Jan/2024:09:37:29 +0800] "GET /xingrg/all/function/internal_message.html?_=1706405849692&CODE_STATE=getMsg HTTP/1.1" 200 27
116.230.109.177 - - [28/Jan/2024:09:37:31 +0800] "GET /xingrg/all/function/internal_message.html?_=1706405790258&CODE_STATE=getMsg HTTP/1.1" 200 27
124.78.154.219 - - [28/Jan/2024:09:37:33 +0800] "GET /xingrg/kc/buy/cgsh_order_info.html?code=212024012811715 HTTP/1.1" 200 73121
124.78.154.219 - - [28/Jan/2024:09:37:33 +0800] "GET /xingrg/javascript/easyui/themes/default/validatebox.css HTTP/1.1" 404 1104
124.78.154.219 - - [28/Jan/2024:09:37:34 +0800] "POST /xingrg/kc/buy/cgsh_order_operate.html HTTP/1.1" 200 11007
180.169.147.146 - - [28/Jan/2024:09:37:35 +0800] "GET /xingrg/all/function/internal_message.html?_=1706405855688&CODE_STATE=getMsg HTTP/1.1" 200 27
222.69.135.157 - - [28/Jan/2024:09:37:37 +0800] "GET /xingrg/all/function/internal_message.html?_=1706405858398&CODE_STATE=getMsg HTTP/1.1" 200 27
114.95.241.104 - - [28/Jan/2024:09:37:38 +0800] "GET /xingrg/all/function/internal_message.html?_=1706405858908&CODE_STATE=getMsg HTTP/1.1" 200 27
101.228.146.191 - - [28/Jan/2024:09:37:39 +0800] "GET /xingrg/all/function/internal_message.html?_=1706405859850&CODE_STATE=getMsg HTTP/1.1" 200 27
116.230.123.222 - - [28/Jan/2024:09:37:40 +0800] "GET /xingrg/kc/buy/cgsh_order_operate.html?command=get_materiel&rest_code=00111&code=00101008594&supplier_code=00100037&order_time=2024-01-28 HTTP/1.1" 200 410
172.20.0.100 - - [28/Jan/2024:09:37:43 +0800] "GET /xingrg/all/function/internal_message.html?_=1706405877578&CODE_STATE=getMsg HTTP/1.1" 302 -
101.228.146.191 - - [28/Jan/2024:09:37:44 +0800] "GET /xingrg/kc/buy/cgsh_order_operate.html?command=get_materiel&rest_code=00142&code=00101008361&supplier_code=00100161&order_time=2024-01-28 HTTP/1.1" 200 408
124.78.68.102 - - [28/Jan/2024:09:37:45 +0800] "GET /xingrg/all/function/internal_message.html?_=1706405865655&CODE_STATE=getMsg HTTP/1.1" 200 27
116.230.123.222 - - [28/Jan/2024:09:37:47 +0800] "GET /xingrg/all/function/internal_message.html?_=1706405867212&CODE_STATE=getMsg HTTP/1.1" 200 27
116.230.109.177 - - [28/Jan/2024:09:37:47 +0800] "GET /xingrg/kc/buy/cgsh_order_operate.html?command=get_materiel&rest_code=00155&code=00101007188&supplier_code=00100002&order_time=2024-01-28 HTTP/1.1" 200 409
180.164.1.25 - - [28/Jan/2024:09:37:49 +0800] "GET /xingrg/all/function/internal_message.html?_=1706405869588&CODE_STATE=getMsg HTTP/1.1" 200 27
116.230.123.222 - - [28/Jan/2024:09:37:54 +0800] "GET /xingrg/kc/buy/cgsh_order_operate.html?command=get_materiel&rest_code=00111&code=00101007081&supplier_code=00100037&order_time=2024-01-28 HTTP/1.1" 200 413
101.228.146.191 - - [28/Jan/2024:09:37:54 +0800] "GET /xingrg/kc/buy/cgsh_order_operate.html?command=get_materiel&rest_code=00142&code=00101008355&supplier_code=00100161&order_time=2024-01-28 HTTP/1.1" 200 408
124.78.154.219 - - [28/Jan/2024:09:37:59 +0800] "POST /xingrg/kc/buy/cgsh_order_operate.html HTTP/1.1" 200 37
116.235.245.10 - - [28/Jan/2024:09:37:59 +0800] "GET /xingrg/check_reg.html?_=1706405905705 HTTP/1.1" 200 22
124.78.68.102 - - [28/Jan/2024:09:38:05 +0800] "POST /xingrg/kc/buy/cgsh_order_operate.html HTTP/1.1" 200 37
101.228.146.191 - - [28/Jan/2024:09:38:07 +0800] "GET /xingrg/kc/buy/cgsh_order_operate.html?command=get_materiel&rest_code=00142&code=00101008024&supplier_code=00100161&order_time=2024-01-28 HTTP/1.1" 200 408
116.230.109.177 - - [28/Jan/2024:09:38:07 +0800] "GET /xingrg/kc/buy/cgsh_order_operate.html?command=get_materiel&rest_code=00155&code=00101007072&supplier_code=00100002&order_time=2024-01-28 HTTP/1.1" 200 419
116.230.123.222 - - [28/Jan/2024:09:38:07 +0800] "GET /xingrg/kc/buy/cgsh_order_operate.html?command=get_materiel&rest_code=00111&code=00101008108&supplier_code=00100037&order_time=2024-01-28 HTTP/1.1" 200 412
124.78.154.219 - - [28/Jan/2024:09:38:08 +0800] "GET /xingrg/all/function/internal_message.html?_=1706405887010&CODE_STATE=getMsg HTTP/1.1" 200 27
114.83.218.35 - - [28/Jan/2024:09:38:09 +0800] "GET /xingrg/check_reg.html?_=1706405889587 HTTP/1.1" 200 22
114.83.218.35 - - [28/Jan/2024:09:38:09 +0800] "GET /xingrg/all/function/internal_message.html?_=1706405889807&CODE_STATE=getMsg HTTP/1.1" 200 27
124.78.154.219 - - [28/Jan/2024:09:38:10 +0800] "POST /xingrg/kc/buy/cgsh_order_operate.html HTTP/1.1" 200 12
116.230.123.222 - - [28/Jan/2024:09:38:12 +0800] "GET /xingrg/all/function/internal_message.html?_=1706405891202&CODE_STATE=getMsg HTTP/1.1" 302 -
124.78.68.102 - - [28/Jan/2024:09:38:14 +0800] "POST /xingrg/kc/buy/cgsh_order_operate.html HTTP/1.1" 200 12
124.78.154.219 - - [28/Jan/2024:09:38:15 +0800] "GET /xingrg/kc/buy/cgsh_order_info.html?code=212024012811715 HTTP/1.1" 200 68023
124.78.154.219 - - [28/Jan/2024:09:38:15 +0800] "GET /xingrg/javascript/easyui/themes/default/validatebox.css HTTP/1.1" 404 1104
124.78.154.219 - - [28/Jan/2024:09:38:16 +0800] "POST /xingrg/kc/buy/cgsh_order_operate.html HTTP/1.1" 200 8952
116.230.109.177 - - [28/Jan/2024:09:38:20 +0800] "POST /xingrg/kc/buy/cgsh_order_operate.html HTTP/1.1" 200 37
101.228.146.191 - - [28/Jan/2024:09:38:20 +0800] "GET /xingrg/kc/buy/cgsh_order_operate.html?command=get_materiel&rest_code=00142&code=00101008356&supplier_code=00100161&order_time=2024-01-28 HTTP/1.1" 200 408
101.83.145.37 - - [28/Jan/2024:09:38:20 +0800] "GET /xingrg/all/function/internal_message.html?_=1706405901593&CODE_STATE=getMsg HTTP/1.1" 200 27
101.83.145.37 - - [28/Jan/2024:09:38:20 +0800] "GET /xingrg/check_reg.html?_=1706405901590 HTTP/1.1" 200 22
124.78.154.219 - - [28/Jan/2024:09:38:20 +0800] "GET /xingrg/kc/print/load_data.html?order_code=212024012811715&kc_code=cgsh&condition= HTTP/1.1" 200 3867
124.78.68.102 - - [28/Jan/2024:09:38:21 +0800] "GET /xingrg/kc/buy/cgsh_order_info.html?code=212024012811736 HTTP/1.1" 200 68031
124.78.68.102 - - [28/Jan/2024:09:38:22 +0800] "GET /xingrg/javascript/easyui/themes/default/validatebox.css HTTP/1.1" 404 1104
116.230.109.177 - - [28/Jan/2024:09:38:24 +0800] "GET /xingrg/all/function/internal_message.html?_=1706405843551&CODE_STATE=getMsg HTTP/1.1" 200 27
116.230.109.177 - - [28/Jan/2024:09:38:24 +0800] "GET /xingrg/check_reg.html?_=1706405843880 HTTP/1.1" 200 22
101.83.145.37 - - [28/Jan/2024:09:38:25 +0800] "GET /xingrg/all/function/internal_message.html?_=1706405670405&CODE_STATE=getMsg HTTP/1.1" 200 27
114.95.241.104 - - [28/Jan/2024:09:38:25 +0800] "POST /xingrg/kc/buy/cgsh_order_operate.html HTTP/1.1" 200 37
180.164.1.25 - - [28/Jan/2024:09:38:25 +0800] "GET /xingrg/kc/buy/cgsh_order_operate.html?command=get_materiel&rest_code=00108&code=00101008079&supplier_code=00100007&order_time=2024-01-28 HTTP/1.1" 200 416
116.230.109.177 - - [28/Jan/2024:09:38:25 +0800] "POST /xingrg/kc/buy/cgsh_order_operate.html HTTP/1.1" 200 3252
124.78.68.102 - - [28/Jan/2024:09:38:25 +0800] "POST /xingrg/kc/buy/cgsh_order_operate.html HTTP/1.1" 200 4757
180.152.241.32 - - [28/Jan/2024:09:38:29 +0800] "GET /xingrg/all/function/internal_message.html?_=1706405909690&CODE_STATE=getMsg HTTP/1.1" 200 27
116.230.123.222 - - [28/Jan/2024:09:38:30 +0800] "POST /xingrg/kc/buy/cgsh_order_operate.html HTTP/1.1" 200 37
114.95.241.104 - - [28/Jan/2024:09:38:30 +0800] "POST /xingrg/kc/buy/cgsh_order_operate.html HTTP/1.1" 200 4426
116.230.109.177 - - [28/Jan/2024:09:38:31 +0800] "GET /xingrg/check_reg.html?_=1706405850268 HTTP/1.1" 200 22
116.230.109.177 - - [28/Jan/2024:09:38:31 +0800] "GET /xingrg/all/function/internal_message.html?_=1706405850274&CODE_STATE=getMsg HTTP/1.1" 200 27
116.230.109.177 - - [28/Jan/2024:09:38:32 +0800] "GET /xingrg/kc/print/load_data.html?order_code=212024012811737&kc_code=cgsh&condition= HTTP/1.1" 200 983
124.78.68.102 - - [28/Jan/2024:09:38:32 +0800] "GET /xingrg/kc/print/load_data.html?order_code=212024012811736&kc_code=cgsh&condition= HTTP/1.1" 200 2353
101.228.146.191 - - [28/Jan/2024:09:38:32 +0800] "GET /xingrg/kc/buy/cgsh_order_operate.html?command=get_materiel&rest_code=00142&code=00101008286&supplier_code=00100161&order_time=2024-01-28 HTTP/1.1" 200 408
180.169.147.146 - - [28/Jan/2024:09:38:35 +0800] "GET /xingrg/all/function/internal_message.html?_=1706405915698&CODE_STATE=getMsg HTTP/1.1" 200 27
222.69.135.157 - - [28/Jan/2024:09:38:37 +0800] "GET /xingrg/all/function/internal_message.html?_=1706405918393&CODE_STATE=getMsg HTTP/1.1" 200 27
222.69.135.157 - - [28/Jan/2024:09:38:37 +0800] "GET /xingrg/check_reg.html?_=1706405918398 HTTP/1.1" 200 22
124.78.154.219 - - [28/Jan/2024:09:38:37 +0800] "GET /xingrg/kc/buy/cgsh_order_add.html HTTP/1.1" 200 73122
124.78.154.219 - - [28/Jan/2024:09:38:38 +0800] "POST /xingrg/kc/buy/cgsh_order_operate.html HTTP/1.1" 200 8245
124.78.154.219 - - [28/Jan/2024:09:38:38 +0800] "GET /xingrg/javascript/easyui/themes/default/validatebox.css HTTP/1.1" 404 1104
114.95.241.104 - - [28/Jan/2024:09:38:38 +0800] "GET /xingrg/all/function/internal_message.html?_=1706405918890&CODE_STATE=getMsg HTTP/1.1" 200 27
116.230.123.222 - - [28/Jan/2024:09:38:38 +0800] "POST /xingrg/kc/buy/cgsh_order_operate.html HTTP/1.1" 200 12
114.95.241.104 - - [28/Jan/2024:09:38:39 +0800] "GET /xingrg/check_reg.html?_=1706405919028 HTTP/1.1" 200 22
101.228.146.191 - - [28/Jan/2024:09:38:39 +0800] "GET /xingrg/all/function/internal_message.html?_=1706405919826&CODE_STATE=getMsg HTTP/1.1" 200 27
116.230.109.177 - - [28/Jan/2024:09:38:40 +0800] "GET /xingrg/kc/buy/cgsh_order_add.html HTTP/1.1" 200 73210
116.230.109.177 - - [28/Jan/2024:09:38:40 +0800] "POST /xingrg/kc/buy/cgsh_order_operate.html HTTP/1.1" 200 8245
116.230.109.177 - - [28/Jan/2024:09:38:40 +0800] "GET /xingrg/javascript/easyui/themes/default/validatebox.css HTTP/1.1" 404 1104
116.230.123.222 - - [28/Jan/2024:09:38:41 +0800] "GET /xingrg/kc/buy/cgsh_order_info.html?code=212024012811732 HTTP/1.1" 200 67989
116.230.123.222 - - [28/Jan/2024:09:38:41 +0800] "GET /xingrg/javascript/easyui/themes/default/validatebox.css HTTP/1.1" 404 1104
116.230.123.222 - - [28/Jan/2024:09:38:42 +0800] "POST /xingrg/kc/buy/cgsh_order_operate.html HTTP/1.1" 200 12437
172.20.0.100 - - [28/Jan/2024:09:38:43 +0800] "GET /xingrg/all/function/internal_message.html?_=1706405937577&CODE_STATE=getMsg HTTP/1.1" 302 -
172.20.0.100 - - [28/Jan/2024:09:38:43 +0800] "GET /xingrg/check_reg.html?_=1706405937578 HTTP/1.1" 302 -
124.78.68.102 - - [28/Jan/2024:09:38:45 +0800] "GET /xingrg/all/function/internal_message.html?_=1706405925643&CODE_STATE=getMsg HTTP/1.1" 200 27
116.230.123.222 - - [28/Jan/2024:09:38:46 +0800] "GET /xingrg/kc/print/load_config.html?kc_code=cgsh HTTP/1.1" 200 1927
116.230.123.222 - - [28/Jan/2024:09:38:46 +0800] "GET /xingrg/kc/print/load_data.html?order_code=212024012811732&kc_code=cgsh&condition= HTTP/1.1" 200 5221
116.230.123.222 - - [28/Jan/2024:09:38:47 +0800] "GET /xingrg/check_reg.html?_=1706405927240 HTTP/1.1" 200 22
116.230.123.222 - - [28/Jan/2024:09:38:47 +0800] "GET /xingrg/all/function/internal_message.html?_=1706405927241&CODE_STATE=getMsg HTTP/1.1" 200 27
180.164.1.25 - - [28/Jan/2024:09:38:49 +0800] "GET /xingrg/check_reg.html?_=1706405929197 HTTP/1.1" 200 22
180.164.1.25 - - [28/Jan/2024:09:38:49 +0800] "GET /xingrg/all/function/internal_message.html?_=1706405929585&CODE_STATE=getMsg HTTP/1.1" 200 27
116.230.109.177 - - [28/Jan/2024:09:38:54 +0800] "GET /xingrg/kc/buy/cgsh_order_operate.html?command=get_materiel&rest_code=00155&code=00101002027&supplier_code=00100199&order_time=2024-01-28 HTTP/1.1" 200 413
114.95.241.104 - - [28/Jan/2024:09:38:56 +0800] "GET /xingrg/index.html?sysBaseUrl=http%3A%2F%2F180.169.147.146%3A18081%2Fxingrg%2F&costTime=14×tamp=1698040851670 HTTP/1.1" 302 -
114.95.241.104 - - [28/Jan/2024:09:38:56 +0800] "GET /xingrg/login.html HTTP/1.1" 200 7641
114.95.241.104 - - [28/Jan/2024:09:38:56 +0800] "GET /favicon.ico HTTP/1.1" 404 -
180.164.1.25 - - [28/Jan/2024:09:38:57 +0800] "GET /xingrg/kc/buy/cgsh_order_operate.html?command=get_materiel&rest_code=00108&code=00101008437&supplier_code=00100007&order_time=2024-01-28 HTTP/1.1" 200 410
101.228.146.191 - - [28/Jan/2024:09:39:02 +0800] "GET /xingrg/kc/buy/cgsh_order_operate.html?command=get_materiel&rest_code=00142&code=00101008353&supplier_code=00100161&order_time=2024-01-28 HTTP/1.1" 200 408
114.95.241.104 - - [28/Jan/2024:09:39:03 +0800] "POST /xingrg/login.do HTTP/1.1" 302 -
114.95.241.104 - - [28/Jan/2024:09:39:03 +0800] "GET /xingrg/index.html?sysBaseUrl=http%3A%2F%2F180.169.147.146%3A18081%2Fxingrg%2F&costTime=1005×tamp=1706405943810 HTTP/1.1" 200 17503
114.95.241.104 - - [28/Jan/2024:09:39:04 +0800] "GET /favicon.ico HTTP/1.1" 404 -
114.95.241.104 - - [28/Jan/2024:09:39:04 +0800] "POST /xingrg/all/common/load_tree.html?tree=area_rest_tree_json&manage=1 HTTP/1.1" 200 3624
114.95.241.104 - - [28/Jan/2024:09:39:04 +0800] "GET /xingrg/check_reg.html?_=1706405944592 HTTP/1.1" 200 22
114.95.241.104 - - [28/Jan/2024:09:39:04 +0800] "GET /xingrg/javascript/jquery_easy_ui/themes/default/images/panel_tool_expand.gif HTTP/1.1" 200 247
114.95.241.104 - - [28/Jan/2024:09:39:04 +0800] "GET /xingrg/all/function/internal_message.html?_=1706405944590&CODE_STATE=count HTTP/1.1" 200 11
114.95.241.104 - - [28/Jan/2024:09:39:04 +0800] "POST /xingrg/load_menu.html HTTP/1.1" 200 11564
114.95.241.104 - - [28/Jan/2024:09:39:05 +0800] "GET /xingrg/javascript/jquery_easy_ui/themes/icons/delivery_new.png HTTP/1.1" 200 700
114.95.241.104 - - [28/Jan/2024:09:39:05 +0800] "GET /xingrg/javascript/jquery_easy_ui/themes/icons/checkout_new.png HTTP/1.1" 200 744
114.95.241.104 - - [28/Jan/2024:09:39:05 +0800] "GET /xingrg/javascript/jquery_easy_ui/themes/icons/setting_new.png HTTP/1.1" 200 450
114.95.241.104 - - [28/Jan/2024:09:39:05 +0800] "GET /xingrg/javascript/jquery_easy_ui/themes/icons/systemset_new.png HTTP/1.1" 200 606
114.95.241.104 - - [28/Jan/2024:09:39:07 +0800] "GET /xingrg/system/info/materiel_manager.html HTTP/1.1" 200 19497
114.95.241.104 - - [28/Jan/2024:09:39:07 +0800] "GET /xingrg/css/xtree.css HTTP/1.1" 200 880
114.95.241.104 - - [28/Jan/2024:09:39:07 +0800] "GET /xingrg/javascript/jquery_ui/themes/base/base.css HTTP/1.1" 200 28568
114.95.241.104 - - [28/Jan/2024:09:39:07 +0800] "GET /xingrg/dwr/interface/AjaxBaseInfoService.js HTTP/1.1" 200 21363
114.95.241.104 - - [28/Jan/2024:09:39:07 +0800] "GET /xingrg/dwr/interface/AjaxComOrderService.js HTTP/1.1" 200 18264
114.95.241.104 - - [28/Jan/2024:09:39:07 +0800] "GET /xingrg/dwr/engine.js HTTP/1.1" 200 43631
114.95.241.104 - - [28/Jan/2024:09:39:07 +0800] "GET /xingrg/dwr/util.js HTTP/1.1" 304 -
114.95.241.104 - - [28/Jan/2024:09:39:07 +0800] "GET /xingrg/javascript/xtree.js HTTP/1.1" 200 26582
116.230.109.177 - - [28/Jan/2024:09:39:08 +0800] "GET /xingrg/kc/buy/cgsh_order_operate.html?command=get_materiel&rest_code=00155&code=00101002016&supplier_code=00100199&order_time=2024-01-28 HTTP/1.1" 200 413
114.95.241.104 - - [28/Jan/2024:09:39:08 +0800] "GET /xingrg/images/xtree/openfoldericon.png HTTP/1.1" 200 232
114.95.241.104 - - [28/Jan/2024:09:39:08 +0800] "GET /xingrg/javascript/jquery_easy_ui/themes/icons/import_new.png HTTP/1.1" 200 1247
114.95.241.104 - - [28/Jan/2024:09:39:08 +0800] "GET /xingrg/javascript/jquery_easy_ui/themes/icons/print_new.png HTTP/1.1" 200 3580
124.78.154.219 - - [28/Jan/2024:09:39:08 +0800] "GET /xingrg/all/function/internal_message.html?_=1706405947001&CODE_STATE=getMsg HTTP/1.1" 200 27
114.95.241.104 - - [28/Jan/2024:09:39:08 +0800] "POST /xingrg/dwr/call/plaincall/AjaxBaseInfoService.getSubMaterielSorts.dwr HTTP/1.1" 200 219
114.95.241.104 - - [28/Jan/2024:09:39:08 +0800] "GET /xingrg/images/xtree/Lplus.png HTTP/1.1" 200 224
114.95.241.104 - - [28/Jan/2024:09:39:08 +0800] "GET /xingrg/images/xtree/foldericon.png HTTP/1.1" 200 229
114.95.241.104 - - [28/Jan/2024:09:39:08 +0800] "GET /xingrg/images/xtree/Tplus.png HTTP/1.1" 200 222
114.95.241.104 - - [28/Jan/2024:09:39:08 +0800] "GET /xingrg/images/xtree/Lplus.png HTTP/1.1" 200 224
114.95.241.104 - - [28/Jan/2024:09:39:09 +0800] "POST /xingrg/dwr/call/plaincall/AjaxBaseInfoService.getMateriels.dwr HTTP/1.1" 200 2930
124.78.154.219 - - [28/Jan/2024:09:39:09 +0800] "GET /xingrg/javascript/easyui/themes/default/tree.css HTTP/1.1" 404 1090
124.78.154.219 - - [28/Jan/2024:09:39:09 +0800] "GET /xingrg/check_reg.html?_=1706405947965 HTTP/1.1" 200 22
114.83.218.35 - - [28/Jan/2024:09:39:09 +0800] "GET /xingrg/all/function/internal_message.html?_=1706405949794&CODE_STATE=getMsg HTTP/1.1" 200 27
124.78.154.219 - - [28/Jan/2024:09:39:09 +0800] "POST /xingrg/all/common/load_tree.html?tree=supplier_tree_json&isDelete=1 HTTP/1.1" 200 77742
114.95.241.104 - - [28/Jan/2024:09:39:10 +0800] "POST /xingrg/dwr/call/plaincall/AjaxBaseInfoService.getSubMaterielSorts.dwr HTTP/1.1" 200 3802
114.95.241.104 - - [28/Jan/2024:09:39:10 +0800] "GET /xingrg/images/xtree/blank.png HTTP/1.1" 200 144
114.95.241.104 - - [28/Jan/2024:09:39:10 +0800] "GET /xingrg/images/xtree/L.png HTTP/1.1" 200 153
114.95.241.104 - - [28/Jan/2024:09:39:10 +0800] "GET /xingrg/images/xtree/file.png HTTP/1.1" 200 251
114.95.241.104 - - [28/Jan/2024:09:39:10 +0800] "GET /xingrg/images/xtree/L.png HTTP/1.1" 200 153
114.95.241.104 - - [28/Jan/2024:09:39:10 +0800] "GET /xingrg/images/xtree/T.png HTTP/1.1" 200 152
114.95.241.104 - - [28/Jan/2024:09:39:10 +0800] "GET /xingrg/images/xtree/L.png HTTP/1.1" 200 153
114.95.241.104 - - [28/Jan/2024:09:39:10 +0800] "GET /xingrg/images/xtree/L.png HTTP/1.1" 200 153
114.95.241.104 - - [28/Jan/2024:09:39:10 +0800] "GET /xingrg/images/xtree/Lminus.png HTTP/1.1" 200 219
114.95.241.104 - - [28/Jan/2024:09:39:10 +0800] "POST /xingrg/dwr/call/plaincall/AjaxBaseInfoService.getMateriels.dwr HTTP/1.1" 200 3020
116.230.123.222 - - [28/Jan/2024:09:39:12 +0800] "GET /xingrg/all/function/internal_message.html?_=1706405951192&CODE_STATE=getMsg HTTP/1.1" 302 -
180.164.1.25 - - [28/Jan/2024:09:39:15 +0800] "POST /xingrg/kc/buy/cgsh_order_operate.html HTTP/1.1" 200 2065
101.228.146.191 - - [28/Jan/2024:09:39:16 +0800] "GET /xingrg/kc/buy/cgsh_order_operate.html?command=get_materiel&rest_code=00142&code=00101008357&supplier_code=00100161&order_time=2024-01-28 HTTP/1.1" 200 408
101.83.145.37 - - [28/Jan/2024:09:39:20 +0800] "GET /xingrg/all/function/internal_message.html?_=1706405961592&CODE_STATE=getMsg HTTP/1.1" 200 27
116.230.109.177 - - [28/Jan/2024:09:39:23 +0800] "GET /xingrg/kc/buy/cgsh_order_operate.html?command=get_materiel&rest_code=00155&code=00101001044&supplier_code=00100199&order_time=2024-01-28 HTTP/1.1" 200 413
116.230.109.177 - - [28/Jan/2024:09:39:24 +0800] "GET /xingrg/all/function/internal_message.html?_=1706405903527&CODE_STATE=getMsg HTTP/1.1" 200 27
101.83.145.37 - - [28/Jan/2024:09:39:25 +0800] "GET /xingrg/all/function/internal_message.html?_=1706405730390&CODE_STATE=getMsg HTTP/1.1" 200 27
180.152.241.32 - - [28/Jan/2024:09:39:29 +0800] "GET /xingrg/all/function/internal_message.html?_=1706405969703&CODE_STATE=getMsg HTTP/1.1" 200 27
116.230.109.177 - - [28/Jan/2024:09:39:31 +0800] "GET /xingrg/all/function/internal_message.html?_=1706405910267&CODE_STATE=getMsg HTTP/1.1" 200 27
180.169.147.146 - - [28/Jan/2024:09:39:35 +0800] "GET /xingrg/all/function/internal_message.html?_=1706405975683&CODE_STATE=getMsg HTTP/1.1" 200 27
101.228.146.191 - - [28/Jan/2024:09:39:36 +0800] "GET /xingrg/kc/buy/cgsh_order_operate.html?command=get_materiel&rest_code=00142&code=00101008264&supplier_code=00100161&order_time=2024-01-28 HTTP/1.1" 200 412
180.164.1.25 - - [28/Jan/2024:09:39:36 +0800] "GET /xingrg/kc/buy/cgsh_order_operate.html?command=get_materiel&rest_code=00108&code=00101008038&supplier_code=00100007&order_time=2024-01-28 HTTP/1.1" 200 412
222.69.135.157 - - [28/Jan/2024:09:39:37 +0800] "GET /xingrg/all/function/internal_message.html?_=1706405978385&CODE_STATE=getMsg HTTP/1.1" 200 27
114.95.241.104 - - [28/Jan/2024:09:39:39 +0800] "POST /xingrg/dwr/call/plaincall/AjaxBaseInfoService.getMateriels.dwr HTTP/1.1" 200 3000
101.228.146.191 - - [28/Jan/2024:09:39:39 +0800] "GET /xingrg/all/function/internal_message.html?_=1706405979802&CODE_STATE=getMsg HTTP/1.1" 200 27
116.230.109.177 - - [28/Jan/2024:09:39:40 +0800] "GET /xingrg/kc/buy/cgsh_order_operate.html?command=get_materiel&rest_code=00155&code=00101001052&supplier_code=00100199&order_time=2024-01-28 HTTP/1.1" 200 409
114.95.241.104 - - [28/Jan/2024:09:39:42 +0800] "GET /xingrg/system/info/materiel_info.html?code=00102013&isAdd=1 HTTP/1.1" 200 37806
114.95.241.104 - - [28/Jan/2024:09:39:42 +0800] "GET /xingrg/dwr/interface/AjaxGetFirstChart.js HTTP/1.1" 200 631
114.95.241.104 - - [28/Jan/2024:09:39:42 +0800] "GET /xingrg/dwr/engine.js HTTP/1.1" 200 43631
114.95.241.104 - - [28/Jan/2024:09:39:42 +0800] "GET /favicon.ico HTTP/1.1" 404 -
114.95.241.104 - - [28/Jan/2024:09:39:42 +0800] "POST /xingrg/all/common/load_tree.html?tree=area_rest_tree_json HTTP/1.1" 200 3624
114.95.241.104 - - [28/Jan/2024:09:39:42 +0800] "GET /xingrg/javascript/jquery_easy_ui/themes/default/images/tree_checkbox_0.gif HTTP/1.1" 200 168
114.95.241.104 - - [28/Jan/2024:09:39:42 +0800] "GET /xingrg/javascript/jquery_easy_ui/themes/icons/manage.png HTTP/1.1" 200 696
114.95.241.104 - - [28/Jan/2024:09:39:42 +0800] "POST /xingrg/dwr/call/plaincall/AjaxBaseInfoService.getMaterielInfo.dwr HTTP/1.1" 200 216
114.95.241.104 - - [28/Jan/2024:09:39:42 +0800] "POST /xingrg/all/common/load_tree.html?tree=area_rest_tree_json&defaultRests=undefined HTTP/1.1" 200 3624
172.20.0.100 - - [28/Jan/2024:09:39:43 +0800] "GET /xingrg/all/function/internal_message.html?_=1706405997576&CODE_STATE=getMsg HTTP/1.1" 302 -
101.228.146.191 - - [28/Jan/2024:09:39:45 +0800] "GET /xingrg/kc/buy/cgsh_order_operate.html?command=get_materiel&rest_code=00142&code=00101008072&supplier_code=00100161&order_time=2024-01-28 HTTP/1.1" 200 408
124.78.68.102 - - [28/Jan/2024:09:39:45 +0800] "GET /xingrg/all/function/internal_message.html?_=1706405985619&CODE_STATE=getMsg HTTP/1.1" 200 27
116.230.123.222 - - [28/Jan/2024:09:39:47 +0800] "GET /xingrg/all/function/internal_message.html?_=1706405987223&CODE_STATE=getMsg HTTP/1.1" 200 27
180.164.1.25 - - [28/Jan/2024:09:39:49 +0800] "GET /xingrg/all/function/internal_message.html?_=1706405989560&CODE_STATE=getMsg HTTP/1.1" 200 27
116.230.109.177 - - [28/Jan/2024:09:39:53 +0800] "GET /xingrg/kc/buy/cgsh_order_operate.html?command=get_materiel&rest_code=00155&code=00101001191&supplier_code=00100199&order_time=2024-01-28 HTTP/1.1" 200 415
114.95.241.104 - - [28/Jan/2024:09:39:53 +0800] "POST /xingrg/dwr/call/plaincall/AjaxGetFirstChart.getFirstChart.dwr HTTP/1.1" 200 79
124.78.154.219 - - [28/Jan/2024:09:39:56 +0800] "GET /xingrg/kc/buy/cgsh_order_operate.html?command=get_materiel&rest_code=00106&code=00101008234&supplier_code=00100007&order_time=2024-01-28 HTTP/1.1" 200 408
124.78.68.102 - - [28/Jan/2024:09:39:57 +0800] "POST /xingrg/kc/buy/cgsh_order_operate.html HTTP/1.1" 200 8245
124.78.68.102 - - [28/Jan/2024:09:39:57 +0800] "GET /xingrg/javascript/easyui/themes/default/validatebox.css HTTP/1.1" 404 1104
101.228.146.191 - - [28/Jan/2024:09:39:58 +0800] "GET /xingrg/kc/buy/cgsh_order_operate.html?command=get_materiel&rest_code=00142&code=00101008115&supplier_code=00100161&order_time=2024-01-28 HTTP/1.1" 200 412
114.95.241.104 - - [28/Jan/2024:09:40:04 +0800] "GET /xingrg/all/function/internal_message.html?_=1706406004603&CODE_STATE=getMsg HTTP/1.1" 200 27
101.228.146.191 - - [28/Jan/2024:09:40:06 +0800] "GET /xingrg/kc/buy/cgsh_order_operate.html?command=get_materiel&rest_code=00142&code=00101008298&supplier_code=00100161&order_time=2024-01-28 HTTP/1.1" 200 412
124.78.154.219 - - [28/Jan/2024:09:40:08 +0800] "GET /xingrg/all/function/internal_message.html?_=1706406007035&CODE_STATE=getMsg HTTP/1.1" 200 27
116.230.109.177 - - [28/Jan/2024:09:40:09 +0800] "GET /xingrg/kc/buy/cgsh_order_operate.html?command=get_materiel&rest_code=00155&code=00101010161&supplier_code=00100199&order_time=2024-01-28 HTTP/1.1" 200 409
114.83.218.35 - - [28/Jan/2024:09:40:09 +0800] "GET /xingrg/all/function/internal_message.html?_=1706406009768&CODE_STATE=getMsg HTTP/1.1" 200 27
180.164.1.25 - - [28/Jan/2024:09:40:10 +0800] "GET /xingrg/kc/buy/cgsh_order_operate.html?command=get_materiel&rest_code=00108&code=00101008318&supplier_code=00100007&order_time=2024-01-28 HTTP/1.1" 200 408
180.163.28.114 - - [28/Jan/2024:09:40:10 +0800] "GET /xingrg/check_reg.html?_=1706405947965 HTTP/1.1" 302 -
180.163.28.114 - - [28/Jan/2024:09:40:10 +0800] "GET /xingrg/login.html HTTP/1.1" 200 7641
116.230.123.222 - - [28/Jan/2024:09:40:12 +0800] "GET /xingrg/all/function/internal_message.html?_=1706406011188&CODE_STATE=getMsg HTTP/1.1" 302 -
101.228.146.191 - - [28/Jan/2024:09:40:15 +0800] "GET /xingrg/kc/buy/cgsh_order_operate.html?command=get_materiel&rest_code=00142&code=00101008176&supplier_code=00100161&order_time=2024-01-28 HTTP/1.1" 200 413
124.78.154.219 - - [28/Jan/2024:09:40:15 +0800] "GET /xingrg/kc/buy/cgsh_order_operate.html?command=get_materiel&rest_code=00106&code=00101008155&supplier_code=00100007&order_time=2024-01-28 HTTP/1.1" 200 408
124.78.68.102 - - [28/Jan/2024:09:40:17 +0800] "GET /xingrg/kc/buy/cgsh_order_operate.html?command=get_materiel&rest_code=00141&code=00101008354&supplier_code=00100007&order_time=2024-01-28 HTTP/1.1" 200 412
101.83.145.37 - - [28/Jan/2024:09:40:20 +0800] "GET /xingrg/all/function/internal_message.html?_=1706406021593&CODE_STATE=getMsg HTTP/1.1" 200 27
116.230.109.177 - - [28/Jan/2024:09:40:24 +0800] "GET /xingrg/all/function/internal_message.html?_=1706405963511&CODE_STATE=getMsg HTTP/1.1" 200 27
101.228.146.191 - - [28/Jan/2024:09:40:24 +0800] "GET /xingrg/kc/buy/cgsh_order_operate.html?command=get_materiel&rest_code=00142&code=00101008354&supplier_code=00100161&order_time=2024-01-28 HTTP/1.1" 200 412
101.83.145.37 - - [28/Jan/2024:09:40:24 +0800] "GET /xingrg/all/function/internal_message.html?_=1706405790375&CODE_STATE=getMsg HTTP/1.1" 200 27
180.152.241.32 - - [28/Jan/2024:09:40:29 +0800] "GET /xingrg/check_reg.html?_=1706406029680 HTTP/1.1" 200 22
180.152.241.32 - - [28/Jan/2024:09:40:29 +0800] "GET /xingrg/all/function/internal_message.html?_=1706406029684&CODE_STATE=getMsg HTTP/1.1" 200 27
124.78.68.102 - - [28/Jan/2024:09:40:30 +0800] "GET /xingrg/kc/buy/cgsh_order_operate.html?command=get_materiel&rest_code=00141&code=00101008119&supplier_code=00100007&order_time=2024-01-28 HTTP/1.1" 200 412
116.230.109.177 - - [28/Jan/2024:09:40:31 +0800] "GET /xingrg/kc/buy/cgsh_order_operate.html?command=get_materiel&rest_code=00155&code=00101001091&supplier_code=00100199&order_time=2024-01-28 HTTP/1.1" 200 409
116.230.109.177 - - [28/Jan/2024:09:40:31 +0800] "GET /xingrg/all/function/internal_message.html?_=1706405970265&CODE_STATE=getMsg HTTP/1.1" 200 27
180.164.1.25 - - [28/Jan/2024:09:40:34 +0800] "POST /xingrg/kc/buy/cgsh_order_operate.html HTTP/1.1" 200 2065
101.228.146.191 - - [28/Jan/2024:09:40:35 +0800] "GET /xingrg/kc/buy/cgsh_order_operate.html?command=get_materiel&rest_code=00142&code=00101015202&supplier_code=00100161&order_time=2024-01-28 HTTP/1.1" 200 421
180.169.147.146 - - [28/Jan/2024:09:40:35 +0800] "GET /xingrg/all/function/internal_message.html?_=1706406035682&CODE_STATE=getMsg HTTP/1.1" 200 27
222.69.135.157 - - [28/Jan/2024:09:40:37 +0800] "GET /xingrg/all/function/internal_message.html?_=1706406038398&CODE_STATE=getMsg HTTP/1.1" 200 27
124.78.154.219 - - [28/Jan/2024:09:40:38 +0800] "GET /xingrg/kc/buy/cgsh_order_operate.html?command=get_materiel&rest_code=00106&code=00101008349&supplier_code=00100007&order_time=2024-01-28 HTTP/1.1" 200 412
124.78.68.102 - - [28/Jan/2024:09:40:38 +0800] "GET /xingrg/kc/buy/cgsh_order_operate.html?command=get_materiel&rest_code=00141&code=00101008095&supplier_code=00100007&order_time=2024-01-28 HTTP/1.1" 200 412
101.228.146.191 - - [28/Jan/2024:09:40:39 +0800] "GET /xingrg/all/function/internal_message.html?_=1706406039787&CODE_STATE=getMsg HTTP/1.1" 200 27
101.228.146.191 - - [28/Jan/2024:09:40:39 +0800] "GET /xingrg/check_reg.html?_=1706406039784 HTTP/1.1" 200 22
172.20.0.100 - - [28/Jan/2024:09:40:43 +0800] "GET /xingrg/all/function/internal_message.html?_=1706406057575&CODE_STATE=getMsg HTTP/1.1" 302 -
124.78.68.102 - - [28/Jan/2024:09:40:45 +0800] "GET /xingrg/all/function/internal_message.html?_=1706406045616&CODE_STATE=getMsg HTTP/1.1" 200 27
116.230.109.177 - - [28/Jan/2024:09:40:46 +0800] "POST /xingrg/kc/buy/cgsh_order_operate.html HTTP/1.1" 200 37
180.164.1.25 - - [28/Jan/2024:09:40:46 +0800] "GET /xingrg/kc/buy/cgsh_order_operate.html?command=get_materiel&rest_code=00108&code=00101008163&supplier_code=00100007&order_time=2024-01-28 HTTP/1.1" 200 409
116.230.123.222 - - [28/Jan/2024:09:40:47 +0800] "GET /xingrg/all/function/internal_message.html?_=1706406047203&CODE_STATE=getMsg HTTP/1.1" 200 27
124.78.68.102 - - [28/Jan/2024:09:40:48 +0800] "GET /xingrg/kc/buy/cgsh_order_operate.html?command=get_materiel&rest_code=00141&code=00101008747&supplier_code=00100007&order_time=2024-01-28 HTTP/1.1" 200 414
101.228.146.191 - - [28/Jan/2024:09:40:48 +0800] "GET /xingrg/kc/buy/cgsh_order_operate.html?command=get_materiel&rest_code=00142&code=00101008323&supplier_code=00100161&order_time=2024-01-28 HTTP/1.1" 200 408
116.230.109.177 - - [28/Jan/2024:09:40:48 +0800] "POST /xingrg/kc/buy/cgsh_order_operate.html HTTP/1.1" 200 6810
180.164.1.25 - - [28/Jan/2024:09:40:49 +0800] "GET /xingrg/all/function/internal_message.html?_=1706406049546&CODE_STATE=getMsg HTTP/1.1" 200 27
116.230.109.177 - - [28/Jan/2024:09:40:52 +0800] "GET /xingrg/kc/print/load_data.html?order_code=212024012811739&kc_code=cgsh&condition= HTTP/1.1" 200 2257
124.78.68.102 - - [28/Jan/2024:09:40:56 +0800] "GET /xingrg/kc/buy/cgsh_order_operate.html?command=get_materiel&rest_code=00141&code=00101008242&supplier_code=00100007&order_time=2024-01-28 HTTP/1.1" 200 408
101.228.146.191 - - [28/Jan/2024:09:41:00 +0800] "GET /xingrg/kc/buy/cgsh_order_operate.html?command=get_materiel&rest_code=00142&code=00101008205&supplier_code=00100161&order_time=2024-01-28 HTTP/1.1" 200 412
116.230.109.177 - - [28/Jan/2024:09:41:00 +0800] "GET /xingrg/kc/buy/cgsh_order_add.html HTTP/1.1" 200 73210
116.230.123.222 - - [28/Jan/2024:09:41:01 +0800] "GET /xingrg/kc/buy/cgsh_order_add.html HTTP/1.1" 200 73078
116.230.109.177 - - [28/Jan/2024:09:41:01 +0800] "POST /xingrg/kc/buy/cgsh_order_operate.html HTTP/1.1" 200 8245
116.230.123.222 - - [28/Jan/2024:09:41:01 +0800] "POST /xingrg/kc/buy/cgsh_order_operate.html HTTP/1.1" 200 8245
116.230.109.177 - - [28/Jan/2024:09:41:01 +0800] "GET /xingrg/javascript/easyui/themes/default/validatebox.css HTTP/1.1" 404 1104
116.230.123.222 - - [28/Jan/2024:09:41:01 +0800] "GET /xingrg/javascript/easyui/themes/default/validatebox.css HTTP/1.1" 404 1104
114.95.241.104 - - [28/Jan/2024:09:41:04 +0800] "GET /xingrg/all/function/internal_message.html?_=1706406064615&CODE_STATE=getMsg HTTP/1.1" 200 27
180.164.1.25 - - [28/Jan/2024:09:41:05 +0800] "GET /xingrg/kc/buy/cgsh_order_operate.html?command=get_materiel&rest_code=00108&code=00101015183&supplier_code=00100007&order_time=2024-01-28 HTTP/1.1" 200 421
124.78.68.102 - - [28/Jan/2024:09:41:05 +0800] "GET /xingrg/check_reg.html?_=1706406065426 HTTP/1.1" 200 22
114.95.241.104 - - [28/Jan/2024:09:41:08 +0800] "POST /xingrg/dwr/call/plaincall/AjaxBaseInfoService.changeUnitGroup.dwr HTTP/1.1" 200 243
124.78.154.219 - - [28/Jan/2024:09:41:08 +0800] "GET /xingrg/all/function/internal_message.html?_=1706406067024&CODE_STATE=getMsg HTTP/1.1" 200 27
101.228.146.191 - - [28/Jan/2024:09:41:08 +0800] "GET /xingrg/kc/buy/cgsh_order_operate.html?command=get_materiel&rest_code=00142&code=00101008321&supplier_code=00100161&order_time=2024-01-28 HTTP/1.1" 200 412
114.83.218.35 - - [28/Jan/2024:09:41:09 +0800] "GET /xingrg/all/function/internal_message.html?_=1706406069737&CODE_STATE=getMsg HTTP/1.1" 200 27
124.78.68.102 - - [28/Jan/2024:09:41:10 +0800] "GET /xingrg/kc/buy/cgsh_order_operate.html?command=get_materiel&rest_code=00141&code=00101008148&supplier_code=00100007&order_time=2024-01-28 HTTP/1.1" 200 416
116.230.123.222 - - [28/Jan/2024:09:41:12 +0800] "GET /xingrg/all/function/internal_message.html?_=1706406071206&CODE_STATE=getMsg HTTP/1.1" 302 -
180.163.28.109 - - [28/Jan/2024:09:41:13 +0800] "GET /xingrg/kc/buy/cgsh_order_operate.html?command=get_materiel&rest_code=00106&code=00101008155&supplier_code=00100007&order_time=2024-01-28 HTTP/1.1" 302 -
180.163.28.109 - - [28/Jan/2024:09:41:13 +0800] "GET /xingrg/login.html HTTP/1.1" 200 7641
101.228.146.191 - - [28/Jan/2024:09:41:14 +0800] "POST /xingrg/kc/buy/cgsh_order_operate.html HTTP/1.1" 200 2065
101.83.145.37 - - [28/Jan/2024:09:41:14 +0800] "GET /xingrg/check_reg.html?_=1706405840313 HTTP/1.1" 200 22
124.78.68.102 - - [28/Jan/2024:09:41:18 +0800] "GET /xingrg/kc/buy/cgsh_order_operate.html?command=get_materiel&rest_code=00141&code=00101008264&supplier_code=00100007&order_time=2024-01-28 HTTP/1.1" 200 412
180.164.1.25 - - [28/Jan/2024:09:41:20 +0800] "GET /xingrg/kc/buy/cgsh_order_operate.html?command=get_materiel&rest_code=00108&code=00101008224&supplier_code=00100007&order_time=2024-01-28 HTTP/1.1" 200 416
101.83.145.37 - - [28/Jan/2024:09:41:20 +0800] "GET /xingrg/all/function/internal_message.html?_=1706406081595&CODE_STATE=getMsg HTTP/1.1" 200 27
101.228.146.191 - - [28/Jan/2024:09:41:22 +0800] "GET /xingrg/kc/buy/cgsh_order_operate.html?command=get_materiel&rest_code=00142&code=00101008275&supplier_code=00100161&order_time=2024-01-28 HTTP/1.1" 200 417
116.230.109.177 - - [28/Jan/2024:09:41:22 +0800] "GET /xingrg/kc/buy/cgsh_order_operate.html?command=get_materiel&rest_code=00155&code=00101008358&supplier_code=00100005&order_time=2024-01-28 HTTP/1.1" 200 412
116.230.109.177 - - [28/Jan/2024:09:41:24 +0800] "GET /xingrg/all/function/internal_message.html?_=1706406023491&CODE_STATE=getMsg HTTP/1.1" 200 27
101.83.145.37 - - [28/Jan/2024:09:41:24 +0800] "GET /xingrg/all/function/internal_message.html?_=1706405850346&CODE_STATE=getMsg HTTP/1.1" 200 27
124.78.154.219 - - [28/Jan/2024:09:41:25 +0800] "GET /xingrg/kc/buy/cgsh_order_operate.html?command=get_materiel&rest_code=00106&code=00101008354&supplier_code=00100007&order_time=2024-01-28 HTTP/1.1" 200 412
180.152.241.32 - - [28/Jan/2024:09:41:29 +0800] "GET /xingrg/all/function/internal_message.html?_=1706406089689&CODE_STATE=getMsg HTTP/1.1" 200 27
101.228.146.191 - - [28/Jan/2024:09:41:29 +0800] "GET /xingrg/kc/buy/cgsh_order_operate.html?command=get_materiel&rest_code=00142&code=00101008092&supplier_code=00100161&order_time=2024-01-28 HTTP/1.1" 200 412
180.164.1.25 - - [28/Jan/2024:09:41:30 +0800] "GET /xingrg/kc/buy/cgsh_order_operate.html?command=get_materiel&rest_code=00108&code=00101008265&supplier_code=00100007&order_time=2024-01-28 HTTP/1.1" 200 409
114.95.241.104 - - [28/Jan/2024:09:41:31 +0800] "POST /xingrg/dwr/call/plaincall/AjaxBaseInfoService.saveMateriel.dwr HTTP/1.1" 200 108
124.78.68.102 - - [28/Jan/2024:09:41:31 +0800] "GET /xingrg/kc/buy/cgsh_order_operate.html?command=get_materiel&rest_code=00141&code=00101008137&supplier_code=00100007&order_time=2024-01-28 HTTP/1.1" 200 408
116.230.109.177 - - [28/Jan/2024:09:41:31 +0800] "GET /xingrg/all/function/internal_message.html?_=1706406030259&CODE_STATE=getMsg HTTP/1.1" 200 27
114.95.241.104 - - [28/Jan/2024:09:41:31 +0800] "POST /xingrg/dwr/call/plaincall/AjaxBaseInfoService.getMateriels.dwr HTTP/1.1" 200 3000
114.95.241.104 - - [28/Jan/2024:09:41:34 +0800] "GET /xingrg/system/info/materiel_info.html?code=00102013&isAdd=1 HTTP/1.1" 200 37806
114.95.241.104 - - [28/Jan/2024:09:41:34 +0800] "GET /xingrg/dwr/interface/AjaxBaseInfoService.js HTTP/1.1" 200 21363
114.95.241.104 - - [28/Jan/2024:09:41:34 +0800] "GET /xingrg/dwr/interface/AjaxGetFirstChart.js HTTP/1.1" 200 631
114.95.241.104 - - [28/Jan/2024:09:41:34 +0800] "GET /xingrg/dwr/interface/AjaxComOrderService.js HTTP/1.1" 200 18264
114.95.241.104 - - [28/Jan/2024:09:41:34 +0800] "GET /xingrg/dwr/engine.js HTTP/1.1" 200 43631
114.95.241.104 - - [28/Jan/2024:09:41:34 +0800] "POST /xingrg/all/common/load_tree.html?tree=area_rest_tree_json HTTP/1.1" 200 3624
114.95.241.104 - - [28/Jan/2024:09:41:34 +0800] "POST /xingrg/dwr/call/plaincall/AjaxBaseInfoService.getMaterielInfo.dwr HTTP/1.1" 200 216
114.95.241.104 - - [28/Jan/2024:09:41:34 +0800] "POST /xingrg/all/common/load_tree.html?tree=area_rest_tree_json&defaultRests=undefined HTTP/1.1" 200 3624
180.169.147.146 - - [28/Jan/2024:09:41:35 +0800] "GET /xingrg/all/function/internal_message.html?_=1706406095684&CODE_STATE=getMsg HTTP/1.1" 200 27
180.169.147.146 - - [28/Jan/2024:09:41:35 +0800] "GET /xingrg/check_reg.html?_=1706406095689 HTTP/1.1" 200 22
222.69.135.157 - - [28/Jan/2024:09:41:37 +0800] "GET /xingrg/all/function/internal_message.html?_=1706406098398&CODE_STATE=getMsg HTTP/1.1" 200 27
124.78.154.219 - - [28/Jan/2024:09:41:37 +0800] "GET /xingrg/kc/buy/cgsh_order_operate.html?command=get_materiel&rest_code=00106&code=00101008351&supplier_code=00100007&order_time=2024-01-28 HTTP/1.1" 200 408
116.230.109.177 - - [28/Jan/2024:09:41:38 +0800] "GET /xingrg/kc/buy/cgsh_order_operate.html?command=get_materiel&rest_code=00155&code=00101008115&supplier_code=00100005&order_time=2024-01-28 HTTP/1.1" 200 412
114.95.241.104 - - [28/Jan/2024:09:41:39 +0800] "GET /xingrg/index.html?sysBaseUrl=http%3A%2F%2F180.169.147.146%3A18081%2Fxingrg%2F&costTime=14×tamp=1698040851670 HTTP/1.1" 302 -
114.95.241.104 - - [28/Jan/2024:09:41:39 +0800] "GET /xingrg/login.html HTTP/1.1" 200 7641
101.228.146.191 - - [28/Jan/2024:09:41:39 +0800] "GET /xingrg/all/function/internal_message.html?_=1706406099777&CODE_STATE=getMsg HTTP/1.1" 200 27
114.95.241.104 - - [28/Jan/2024:09:41:39 +0800] "GET /favicon.ico HTTP/1.1" 404 -
101.228.146.191 - - [28/Jan/2024:09:41:41 +0800] "GET /xingrg/kc/buy/cgsh_order_operate.html?command=get_materiel&rest_code=00142&code=00101008069&supplier_code=00100161&order_time=2024-01-28 HTTP/1.1" 200 412
180.164.1.25 - - [28/Jan/2024:09:41:42 +0800] "POST /xingrg/kc/buy/cgsh_order_operate.html HTTP/1.1" 200 2065
172.20.0.100 - - [28/Jan/2024:09:41:43 +0800] "GET /xingrg/all/function/internal_message.html?_=1706406117573&CODE_STATE=getMsg HTTP/1.1" 302 -
180.152.241.32 - - [28/Jan/2024:09:41:43 +0800] "GET /xingrg/javascript/jquery_easy_ui/themes/default/images/tabs_close.gif HTTP/1.1" 200 829
180.152.241.32 - - [28/Jan/2024:09:41:43 +0800] "GET /xingrg/kc/buy/cgsh_order_list.html HTTP/1.1" 200 57340
180.152.241.32 - - [28/Jan/2024:09:41:43 +0800] "GET /xingrg/css/base.css HTTP/1.1" 200 2811
180.152.241.32 - - [28/Jan/2024:09:41:43 +0800] "GET /xingrg/css/site.css HTTP/1.1" 200 7541
180.152.241.32 - - [28/Jan/2024:09:41:43 +0800] "GET /xingrg/javascript/jquery_tools/fix.css HTTP/1.1" 200 1702
180.152.241.32 - - [28/Jan/2024:09:41:43 +0800] "GET /xingrg/javascript/jquery_tools/datebox.css HTTP/1.1" 200 2597
180.152.241.32 - - [28/Jan/2024:09:41:43 +0800] "GET /xingrg/javascript/auto/jquery.autocomplete.css HTTP/1.1" 200 587
180.152.241.32 - - [28/Jan/2024:09:41:43 +0800] "GET /xingrg/javascript/easyui/themes/icon.css HTTP/1.1" 200 4483
180.152.241.32 - - [28/Jan/2024:09:41:43 +0800] "GET /xingrg/javascript/easyui/themes/default/easyui.css HTTP/1.1" 200 30432
180.152.241.32 - - [28/Jan/2024:09:41:43 +0800] "GET /xingrg/javascript/jquery_tools/table.css HTTP/1.1" 200 1032
180.152.241.32 - - [28/Jan/2024:09:41:43 +0800] "GET /xingrg/javascript/jquery_tools/jquery.tools.hotkey.js HTTP/1.1" 200 3242
180.152.241.32 - - [28/Jan/2024:09:41:43 +0800] "GET /xingrg/javascript/jquery_tools/jquery.tools.min.js HTTP/1.1" 200 138801
180.152.241.32 - - [28/Jan/2024:09:41:43 +0800] "GET /xingrg/javascript/jquery_tools/jquery.tools.extend.js HTTP/1.1" 200 15385
180.152.241.32 - - [28/Jan/2024:09:41:43 +0800] "GET /xingrg/javascript/jquery_tools/jquery.tools.table.js HTTP/1.1" 200 6994
180.152.241.32 - - [28/Jan/2024:09:41:43 +0800] "GET /xingrg/javascript/jquery_tools/list_manager.js HTTP/1.1" 200 3652
180.152.241.32 - - [28/Jan/2024:09:41:43 +0800] "GET /xingrg/javascript/auto/jquery.autocomplete.js HTTP/1.1" 200 21624
180.152.241.32 - - [28/Jan/2024:09:41:43 +0800] "GET /xingrg/javascript/easyui/easyloader.js HTTP/1.1" 200 5975
180.152.241.32 - - [28/Jan/2024:09:41:43 +0800] "GET /xingrg/javascript/jquery.cookie.js HTTP/1.1" 200 5513
180.152.241.32 - - [28/Jan/2024:09:41:43 +0800] "GET /xingrg/javascript/print/LodopFuncs.js HTTP/1.1" 200 5121
124.78.68.102 - - [28/Jan/2024:09:41:43 +0800] "GET /xingrg/kc/buy/cgsh_order_operate.html?command=get_materiel&rest_code=00141&code=00101008360&supplier_code=00100007&order_time=2024-01-28 HTTP/1.1" 200 413
124.78.68.102 - - [28/Jan/2024:09:41:45 +0800] "GET /xingrg/all/function/internal_message.html?_=1706406105601&CODE_STATE=getMsg HTTP/1.1" 200 27
114.95.241.104 - - [28/Jan/2024:09:41:47 +0800] "POST /xingrg/login.do HTTP/1.1" 302 -
116.230.123.222 - - [28/Jan/2024:09:41:47 +0800] "GET /xingrg/all/function/internal_message.html?_=1706406107187&CODE_STATE=getMsg HTTP/1.1" 200 27
114.95.241.104 - - [28/Jan/2024:09:41:47 +0800] "GET /xingrg/index.html?sysBaseUrl=http%3A%2F%2F180.169.147.146%3A18081%2Fxingrg%2F&costTime=845×tamp=1706406107308 HTTP/1.1" 200 17177
114.95.241.104 - - [28/Jan/2024:09:41:47 +0800] "GET /favicon.ico HTTP/1.1" 404 -
114.95.241.104 - - [28/Jan/2024:09:41:47 +0800] "GET /xingrg/all/function/internal_message.html?_=1706406107640&CODE_STATE=count HTTP/1.1" 200 11
114.95.241.104 - - [28/Jan/2024:09:41:47 +0800] "GET /xingrg/check_reg.html?_=1706406107642 HTTP/1.1" 200 22
114.95.241.104 - - [28/Jan/2024:09:41:47 +0800] "POST /xingrg/all/common/load_tree.html?tree=area_rest_tree_json&manage=1 HTTP/1.1" 200 476
114.95.241.104 - - [28/Jan/2024:09:41:47 +0800] "POST /xingrg/load_menu.html HTTP/1.1" 200 5138
180.152.241.32 - - [28/Jan/2024:09:41:47 +0800] "GET /xingrg/javascript/easyui/themes/icons/edit_add_new.png HTTP/1.1" 200 2997
180.152.241.32 - - [28/Jan/2024:09:41:47 +0800] "GET /xingrg/javascript/easyui/themes/icons/check_new.png HTTP/1.1" 200 3224
180.152.241.32 - - [28/Jan/2024:09:41:47 +0800] "GET /xingrg/javascript/easyui/themes/icons/cance_new.png HTTP/1.1" 200 3986
180.152.241.32 - - [28/Jan/2024:09:41:47 +0800] "GET /xingrg/javascript/easyui/themes/icons/field_new.png HTTP/1.1" 200 1097
180.152.241.32 - - [28/Jan/2024:09:41:47 +0800] "GET /xingrg/javascript/easyui/themes/icons/import_new.png HTTP/1.1" 200 1247
124.78.154.219 - - [28/Jan/2024:09:41:47 +0800] "GET /xingrg/kc/buy/cgsh_order_operate.html?command=get_materiel&rest_code=00106&code=00101008283&supplier_code=00100007&order_time=2024-01-28 HTTP/1.1" 200 408
116.230.109.177 - - [28/Jan/2024:09:41:48 +0800] "GET /xingrg/kc/buy/cgsh_order_operate.html?command=get_materiel&rest_code=00155&code=00101008251&supplier_code=00100005&order_time=2024-01-28 HTTP/1.1" 200 408
180.152.241.32 - - [28/Jan/2024:09:41:48 +0800] "GET /xingrg/javascript/easyui/plugins/jquery.parser.js HTTP/1.1" 200 1142
180.152.241.32 - - [28/Jan/2024:09:41:48 +0800] "GET /xingrg/images/control/ajaxLoader.gif HTTP/1.1" 200 4659
180.164.1.25 - - [28/Jan/2024:09:41:49 +0800] "GET /xingrg/all/function/internal_message.html?_=1706406109531&CODE_STATE=getMsg HTTP/1.1" 200 27
180.152.241.32 - - [28/Jan/2024:09:41:50 +0800] "POST /xingrg/kc/buy/cgsh_list_operate.html HTTP/1.1" 200 986
116.230.123.222 - - [28/Jan/2024:09:41:51 +0800] "GET /xingrg/kc/buy/cgsh_order_operate.html?command=get_materiel&rest_code=00111&code=00101008298&supplier_code=00100005&order_time=2024-01-28 HTTP/1.1" 200 412
124.78.68.102 - - [28/Jan/2024:09:41:51 +0800] "GET /xingrg/kc/buy/cgsh_order_operate.html?command=get_materiel&rest_code=00141&code=00101008077&supplier_code=00100007&order_time=2024-01-28 HTTP/1.1" 200 416
180.164.1.25 - - [28/Jan/2024:09:41:52 +0800] "GET /xingrg/kc/buy/cgsh_order_operate.html?command=get_materiel&rest_code=00108&code=00101008353&supplier_code=00100007&order_time=2024-01-28 HTTP/1.1" 200 408
101.228.146.191 - - [28/Jan/2024:09:41:53 +0800] "GET /xingrg/kc/buy/cgsh_order_operate.html?command=get_materiel&rest_code=00142&code=00101008182&supplier_code=00100161&order_time=2024-01-28 HTTP/1.1" 200 413
114.95.241.104 - - [28/Jan/2024:09:41:54 +0800] "GET /xingrg/kc/buy/cgsh_order_list.html HTTP/1.1" 200 57344
114.95.241.104 - - [28/Jan/2024:09:41:56 +0800] "POST /xingrg/kc/buy/cgsh_list_operate.html HTTP/1.1" 200 986
116.230.109.177 - - [28/Jan/2024:09:41:57 +0800] "GET /xingrg/kc/buy/cgsh_order_operate.html?command=get_materiel&rest_code=00155&code=00101008321&supplier_code=00100005&order_time=2024-01-28 HTTP/1.1" 200 412
114.95.241.104 - - [28/Jan/2024:09:41:57 +0800] "GET /xingrg/kc/buy/cgsh_order_add.html HTTP/1.1" 200 72720
114.95.241.104 - - [28/Jan/2024:09:41:57 +0800] "GET /xingrg/words/20240128094131_words.js HTTP/1.1" 200 1011195
114.95.241.104 - - [28/Jan/2024:09:41:58 +0800] "POST /xingrg/kc/buy/cgsh_order_operate.html HTTP/1.1" 200 8245
114.95.241.104 - - [28/Jan/2024:09:41:58 +0800] "GET /xingrg/javascript/easyui/themes/default/validatebox.css HTTP/1.1" 404 1104
114.95.241.104 - - [28/Jan/2024:09:41:58 +0800] "GET /xingrg/all/common/auto_word.html?type=employee&rest_code=00151 HTTP/1.1" 200 293
114.95.241.104 - - [28/Jan/2024:09:41:58 +0800] "GET /xingrg/all/common/auto_word.html?type=employee&rest_code=00151 HTTP/1.1" 200 293
114.95.241.104 - - [28/Jan/2024:09:42:00 +0800] "GET /xingrg/javascript/auto/indicator.gif HTTP/1.1" 404 1066
124.78.154.219 - - [28/Jan/2024:09:42:01 +0800] "GET /xingrg/kc/buy/cgsh_order_operate.html?command=get_materiel&rest_code=00106&code=00101008110&supplier_code=00100007&order_time=2024-01-28 HTTP/1.1" 200 408
180.152.241.32 - - [28/Jan/2024:09:42:01 +0800] "GET /xingrg/javascript/easyui/themes/default/images/button_plain_hover.png HTTP/1.1" 200 144
124.78.68.102 - - [28/Jan/2024:09:42:03 +0800] "GET /xingrg/kc/buy/cgsh_order_operate.html?command=get_materiel&rest_code=00141&code=00101008357&supplier_code=00100007&order_time=2024-01-28 HTTP/1.1" 200 408
116.230.123.222 - - [28/Jan/2024:09:42:04 +0800] "GET /xingrg/kc/buy/cgsh_order_operate.html?command=get_materiel&rest_code=00111&code=00101008213&supplier_code=00100005&order_time=2024-01-28 HTTP/1.1" 200 412
101.228.146.191 - - [28/Jan/2024:09:42:04 +0800] "GET /xingrg/kc/buy/cgsh_order_operate.html?command=get_materiel&rest_code=00142&code=00101012029&supplier_code=00100161&order_time=2024-01-28 HTTP/1.1" 200 412
180.152.241.32 - - [28/Jan/2024:09:42:04 +0800] "GET /xingrg/kc/buy/cgsh_order_add.html HTTP/1.1" 200 73157
180.152.241.32 - - [28/Jan/2024:09:42:04 +0800] "GET /xingrg/javascript/pic_change.js HTTP/1.1" 200 4739
180.152.241.32 - - [28/Jan/2024:09:42:04 +0800] "GET /xingrg/javascript/convert.js HTTP/1.1" 200 1239
180.152.241.32 - - [28/Jan/2024:09:42:04 +0800] "GET /xingrg/javascript/jquery_tools/order_manager.js HTTP/1.1" 200 11183
180.152.241.32 - - [28/Jan/2024:09:42:04 +0800] "GET /xingrg/javascript/json2.js HTTP/1.1" 200 11259
180.152.241.32 - - [28/Jan/2024:09:42:04 +0800] "GET /xingrg/javascript/print/kc_print.js HTTP/1.1" 200 11415
180.152.241.32 - - [28/Jan/2024:09:42:04 +0800] "GET /xingrg/words/20240128094131_words.js HTTP/1.1" 200 1011195
180.152.241.32 - - [28/Jan/2024:09:42:04 +0800] "GET /xingrg/javascript/easyui/themes/icons/copy_new.png HTTP/1.1" 200 815
180.152.241.32 - - [28/Jan/2024:09:42:04 +0800] "GET /xingrg/javascript/easyui/themes/icons/template_new.png HTTP/1.1" 200 3956
180.152.241.32 - - [28/Jan/2024:09:42:04 +0800] "GET /xingrg/javascript/easyui/themes/icons/ok.png HTTP/1.1" 200 883
180.152.241.32 - - [28/Jan/2024:09:42:04 +0800] "GET /xingrg/javascript/easyui/themes/icons/print.png HTTP/1.1" 200 1057
