116.230.123.222 - - [28/Jan/2024:09:30:27 +0800] "GET /xingrg/kc/buy/cgsh_order_operate.html?command=get_materiel&rest_code=00111&code=00101007047&supplier_code=00100037&order_time=2024-01-28 HTTP/1.1" 200 409
114.95.241.104 - - [28/Jan/2024:09:30:27 +0800] "GET /xingrg/kc/print/load_data.html?order_code=212024012811730&kc_code=cgsh&condition= HTTP/1.1" 200 1132
180.164.1.25 - - [28/Jan/2024:09:30:31 +0800] "GET /xingrg/kc/buy/cgsh_order_operate.html?command=get_materiel&rest_code=00108&code=00101009160&supplier_code=00100007&order_time=2024-01-28 HTTP/1.1" 200 415
180.169.147.146 - - [28/Jan/2024:09:30:35 +0800] "GET /xingrg/all/function/internal_message.html?_=1706405435673&CODE_STATE=getMsg HTTP/1.1" 200 27
101.228.146.191 - - [28/Jan/2024:09:30:36 +0800] "GET /xingrg/kc/buy/cgsh_order_add.html HTTP/1.1" 200 72241
101.228.146.191 - - [28/Jan/2024:09:30:37 +0800] "GET /xingrg/javascript/easyui/themes/default/validatebox.css HTTP/1.1" 404 1104
101.228.146.191 - - [28/Jan/2024:09:30:37 +0800] "POST /xingrg/kc/buy/cgsh_order_operate.html HTTP/1.1" 200 8245
222.69.135.157 - - [28/Jan/2024:09:30:37 +0800] "GET /xingrg/all/function/internal_message.html?_=1706405438418&CODE_STATE=getMsg HTTP/1.1" 200 27
114.95.241.104 - - [28/Jan/2024:09:30:39 +0800] "GET /xingrg/all/function/internal_message.html?_=1706405439007&CODE_STATE=getMsg HTTP/1.1" 200 27
101.228.146.191 - - [28/Jan/2024:09:30:39 +0800] "GET /xingrg/all/function/internal_message.html?_=1706405439770&CODE_STATE=getMsg HTTP/1.1" 200 27
101.228.146.191 - - [28/Jan/2024:09:30:39 +0800] "GET /xingrg/check_reg.html?_=1706405439774 HTTP/1.1" 200 22
180.164.1.25 - - [28/Jan/2024:09:30:42 +0800] "GET /xingrg/kc/buy/cgsh_order_operate.html?command=get_materiel&rest_code=00108&code=00101008061&supplier_code=00100007&order_time=2024-01-28 HTTP/1.1" 200 422
172.20.0.100 - - [28/Jan/2024:09:30:43 +0800] "GET /xingrg/all/function/internal_message.html?_=1706405457588&CODE_STATE=getMsg HTTP/1.1" 302 -
180.164.1.25 - - [28/Jan/2024:09:30:44 +0800] "POST /xingrg/kc/buy/cgsh_order_operate.html HTTP/1.1" 200 2065
124.78.68.102 - - [28/Jan/2024:09:30:45 +0800] "GET /xingrg/all/function/internal_message.html?_=1706405445736&CODE_STATE=getMsg HTTP/1.1" 200 27
180.164.1.25 - - [28/Jan/2024:09:30:49 +0800] "GET /xingrg/all/function/internal_message.html?_=1706405449217&CODE_STATE=getMsg HTTP/1.1" 200 27
120.253.135.82 - - [28/Jan/2024:09:30:52 +0800] "GET /xingrg/all/function/internal_message.html?_=1706405277998&CODE_STATE=getMsg HTTP/1.1" 200 27
222.69.135.157 - - [28/Jan/2024:09:30:54 +0800] "POST /xingrg/dwr/call/plaincall/AjaxReportQueryService.refreshCache.dwr HTTP/1.1" 200 78
180.164.1.25 - - [28/Jan/2024:09:30:56 +0800] "GET /xingrg/kc/buy/cgsh_order_operate.html?command=get_materiel&rest_code=00108&code=00101009113&supplier_code=00100007&order_time=2024-01-28 HTTP/1.1" 200 413
101.228.146.191 - - [28/Jan/2024:09:30:59 +0800] "GET /xingrg/javascript/jquery_tools/images/prev.gif HTTP/1.1" 404 1086
101.228.146.191 - - [28/Jan/2024:09:30:59 +0800] "GET /xingrg/javascript/jquery_tools/images/next.gif HTTP/1.1" 404 1086
222.69.135.157 - - [28/Jan/2024:09:30:59 +0800] "POST /xingrg/all/report/load_report_page.html HTTP/1.1" 200 89
124.78.68.102 - - [28/Jan/2024:09:31:05 +0800] "GET /xingrg/check_reg.html?_=1706405465445 HTTP/1.1" 200 22
124.78.154.219 - - [28/Jan/2024:09:31:08 +0800] "GET /xingrg/all/function/internal_message.html?_=1706405467174&CODE_STATE=getMsg HTTP/1.1" 200 27
114.83.218.35 - - [28/Jan/2024:09:31:09 +0800] "GET /xingrg/all/function/internal_message.html?_=1706405469951&CODE_STATE=getMsg HTTP/1.1" 200 27
180.164.1.25 - - [28/Jan/2024:09:31:10 +0800] "GET /xingrg/kc/buy/cgsh_order_operate.html?command=get_materiel&rest_code=00108&code=00101008283&supplier_code=00100007&order_time=2024-01-28 HTTP/1.1" 200 408
101.228.146.191 - - [28/Jan/2024:09:31:11 +0800] "GET /xingrg/kc/buy/cgsh_order_operate.html?command=get_materiel&rest_code=00142&code=00101008108&supplier_code=00100161&order_time=2024-01-27 HTTP/1.1" 200 412
116.230.123.222 - - [28/Jan/2024:09:31:12 +0800] "GET /xingrg/all/function/internal_message.html?_=1706405471194&CODE_STATE=getMsg HTTP/1.1" 302 -
124.78.68.102 - - [28/Jan/2024:09:31:12 +0800] "GET /xingrg/kc/buy/cgsh_order_operate.html?command=get_materiel&rest_code=00141&code=00102013031&supplier_code=00100075&order_time=2024-01-28 HTTP/1.1" 200 416
116.230.123.222 - - [28/Jan/2024:09:31:14 +0800] "GET /xingrg/kc/buy/cgsh_order_operate.html?command=get_materiel&rest_code=00111&code=00101016020&supplier_code=00100037&order_time=2024-01-28 HTTP/1.1" 200 446
101.83.145.37 - - [28/Jan/2024:09:31:14 +0800] "GET /xingrg/check_reg.html?_=1706405240344 HTTP/1.1" 200 22
222.69.135.157 - - [28/Jan/2024:09:31:16 +0800] "POST /xingrg/dwr/call/plaincall/AjaxReportQueryService.refreshCache.dwr HTTP/1.1" 200 78
116.230.123.222 - - [28/Jan/2024:09:31:18 +0800] "GET /xingrg/all/function/internal_message.html?_=1706405478245&CODE_STATE=getMsg HTTP/1.1" 200 27
180.164.1.25 - - [28/Jan/2024:09:31:19 +0800] "GET /xingrg/kc/buy/cgsh_order_operate.html?command=get_materiel&rest_code=00108&code=00101008298&supplier_code=00100007&order_time=2024-01-28 HTTP/1.1" 200 412
101.83.145.37 - - [28/Jan/2024:09:31:20 +0800] "GET /xingrg/all/function/internal_message.html?_=1706405481558&CODE_STATE=getMsg HTTP/1.1" 200 27
222.69.135.157 - - [28/Jan/2024:09:31:21 +0800] "POST /xingrg/all/report/load_report_page.html HTTP/1.1" 200 23838
222.69.135.157 - - [28/Jan/2024:09:31:21 +0800] "GET /xingrg/servlets/image?cache=0.1317092656010933&image=px HTTP/1.1" 200 807
101.83.145.37 - - [28/Jan/2024:09:31:21 +0800] "GET /xingrg/kc/buy/cgsh_order_operate.html?command=get_materiel&rest_code=00105&code=00101008297&supplier_code=00100005&order_time=2024-01-28 HTTP/1.1" 200 412
101.83.145.37 - - [28/Jan/2024:09:31:25 +0800] "GET /xingrg/all/function/internal_message.html?_=1706405250529&CODE_STATE=getMsg HTTP/1.1" 200 27
101.83.145.37 - - [28/Jan/2024:09:31:26 +0800] "POST /xingrg/kc/buy/cgsh_order_operate.html HTTP/1.1" 200 2065
180.169.147.146 - - [28/Jan/2024:09:31:35 +0800] "GET /xingrg/check_reg.html?_=1706405495666 HTTP/1.1" 200 22
180.169.147.146 - - [28/Jan/2024:09:31:35 +0800] "GET /xingrg/all/function/internal_message.html?_=1706405495673&CODE_STATE=getMsg HTTP/1.1" 200 27
116.230.123.222 - - [28/Jan/2024:09:31:36 +0800] "GET /xingrg/kc/buy/cgsh_order_operate.html?command=get_materiel&rest_code=00111&code=00101007090&supplier_code=00100037&order_time=2024-01-28 HTTP/1.1" 200 413
222.69.135.157 - - [28/Jan/2024:09:31:37 +0800] "GET /xingrg/all/function/internal_message.html?_=1706405498401&CODE_STATE=getMsg HTTP/1.1" 200 27
114.95.241.104 - - [28/Jan/2024:09:31:38 +0800] "GET /xingrg/all/function/internal_message.html?_=1706405498982&CODE_STATE=getMsg HTTP/1.1" 200 27
180.164.1.25 - - [28/Jan/2024:09:31:39 +0800] "GET /xingrg/kc/buy/cgsh_order_operate.html?command=get_materiel&rest_code=00108&code=00101008402&supplier_code=00100007&order_time=2024-01-28 HTTP/1.1" 200 410
101.228.146.191 - - [28/Jan/2024:09:31:39 +0800] "GET /xingrg/all/function/internal_message.html?_=1706405499897&CODE_STATE=getMsg HTTP/1.1" 200 27
101.83.145.37 - - [28/Jan/2024:09:31:42 +0800] "GET /xingrg/kc/buy/cgsh_order_operate.html?command=get_materiel&rest_code=00105&code=00101008119&supplier_code=00100005&order_time=2024-01-28 HTTP/1.1" 200 412
172.20.0.100 - - [28/Jan/2024:09:31:43 +0800] "GET /xingrg/all/function/internal_message.html?_=1706405517586&CODE_STATE=getMsg HTTP/1.1" 302 -
101.228.146.191 - - [28/Jan/2024:09:31:43 +0800] "GET /xingrg/kc/buy/cgsh_order_operate.html?command=get_materiel&rest_code=00142&code=00101008049&supplier_code=00100161&order_time=2024-01-27 HTTP/1.1" 200 408
124.78.68.102 - - [28/Jan/2024:09:31:45 +0800] "GET /xingrg/all/function/internal_message.html?_=1706405505726&CODE_STATE=getMsg HTTP/1.1" 200 27
180.164.1.25 - - [28/Jan/2024:09:31:49 +0800] "GET /xingrg/all/function/internal_message.html?_=1706405509197&CODE_STATE=getMsg HTTP/1.1" 200 27
120.253.135.82 - - [28/Jan/2024:09:31:52 +0800] "GET /xingrg/all/function/internal_message.html?_=1706405338012&CODE_STATE=getMsg HTTP/1.1" 200 27
101.228.146.191 - - [28/Jan/2024:09:31:53 +0800] "GET /xingrg/kc/buy/cgsh_order_operate.html?command=get_materiel&rest_code=00142&code=00101008261&supplier_code=00100161&order_time=2024-01-27 HTTP/1.1" 200 408
180.164.1.25 - - [28/Jan/2024:09:31:57 +0800] "GET /xingrg/kc/buy/cgsh_order_operate.html?command=get_materiel&rest_code=00108&code=00101008356&supplier_code=00100007&order_time=2024-01-28 HTTP/1.1" 200 408
180.164.1.25 - - [28/Jan/2024:09:31:59 +0800] "POST /xingrg/kc/buy/cgsh_order_operate.html HTTP/1.1" 200 2065
114.95.241.104 - - [28/Jan/2024:09:32:01 +0800] "GET /xingrg/kc/buy/cgsh_order_add.html HTTP/1.1" 200 73166
114.95.241.104 - - [28/Jan/2024:09:32:02 +0800] "POST /xingrg/kc/buy/cgsh_order_operate.html HTTP/1.1" 200 8245
114.95.241.104 - - [28/Jan/2024:09:32:02 +0800] "GET /xingrg/javascript/easyui/themes/default/validatebox.css HTTP/1.1" 404 1104
101.228.146.191 - - [28/Jan/2024:09:32:03 +0800] "GET /xingrg/kc/buy/cgsh_order_operate.html?command=get_materiel&rest_code=00142&code=00101008268&supplier_code=00100161&order_time=2024-01-27 HTTP/1.1" 200 408
114.83.218.35 - - [28/Jan/2024:09:32:06 +0800] "GET /favicon.ico HTTP/1.1" 404 -
180.164.1.25 - - [28/Jan/2024:09:32:06 +0800] "GET /xingrg/kc/buy/cgsh_order_operate.html?command=get_materiel&rest_code=00108&code=00101008371&supplier_code=00100007&order_time=2024-01-28 HTTP/1.1" 200 412
124.78.154.219 - - [28/Jan/2024:09:32:08 +0800] "GET /xingrg/all/function/internal_message.html?_=1706405527146&CODE_STATE=getMsg HTTP/1.1" 200 27
114.83.218.35 - - [28/Jan/2024:09:32:09 +0800] "GET /xingrg/all/function/internal_message.html?_=1706405529938&CODE_STATE=getMsg HTTP/1.1" 200 27
124.78.68.102 - - [28/Jan/2024:09:32:09 +0800] "POST /xingrg/kc/buy/cgsh_order_operate.html HTTP/1.1" 200 37
222.70.115.1 - - [28/Jan/2024:09:32:11 +0800] "POST /xingrg/services/DataTransmitService HTTP/1.1" 200 524
116.230.123.222 - - [28/Jan/2024:09:32:12 +0800] "GET /xingrg/check_reg.html?_=1706405531181 HTTP/1.1" 302 -
116.230.123.222 - - [28/Jan/2024:09:32:12 +0800] "GET /xingrg/all/function/internal_message.html?_=1706405531186&CODE_STATE=getMsg HTTP/1.1" 302 -
101.228.146.191 - - [28/Jan/2024:09:32:14 +0800] "GET /xingrg/kc/buy/cgsh_order_operate.html?command=get_materiel&rest_code=00142&code=00101008370&supplier_code=00100161&order_time=2024-01-27 HTTP/1.1" 200 412
116.230.123.222 - - [28/Jan/2024:09:32:14 +0800] "GET /xingrg/kc/buy/cgsh_order_operate.html?command=get_materiel&rest_code=00111&code=00101016105&supplier_code=00100037&order_time=2024-01-28 HTTP/1.1" 200 409
114.95.241.104 - - [28/Jan/2024:09:32:15 +0800] "GET /xingrg/kc/buy/cgsh_order_operate.html?command=get_materiel&rest_code=00150&code=00102013003&supplier_code=00100075&order_time=2024-01-28 HTTP/1.1" 200 409
116.230.123.222 - - [28/Jan/2024:09:32:18 +0800] "GET /xingrg/all/function/internal_message.html?_=1706405538238&CODE_STATE=getMsg HTTP/1.1" 200 27
101.83.145.37 - - [28/Jan/2024:09:32:20 +0800] "GET /xingrg/kc/buy/cgsh_order_operate.html?command=get_materiel&rest_code=00105&code=00101008305&supplier_code=00100005&order_time=2024-01-28 HTTP/1.1" 200 412
101.83.145.37 - - [28/Jan/2024:09:32:20 +0800] "GET /xingrg/all/function/internal_message.html?_=1706405541559&CODE_STATE=getMsg HTTP/1.1" 200 27
124.78.68.102 - - [28/Jan/2024:09:32:21 +0800] "POST /xingrg/kc/buy/cgsh_order_operate.html HTTP/1.1" 200 12
101.228.146.191 - - [28/Jan/2024:09:32:23 +0800] "GET /xingrg/kc/buy/cgsh_order_operate.html?command=get_materiel&rest_code=00142&code=00101008361&supplier_code=00100161&order_time=2024-01-27 HTTP/1.1" 200 408
124.78.68.102 - - [28/Jan/2024:09:32:25 +0800] "GET /xingrg/kc/buy/cgsh_order_info.html?code=212024012811731 HTTP/1.1" 200 68035
101.83.145.37 - - [28/Jan/2024:09:32:25 +0800] "GET /xingrg/all/function/internal_message.html?_=1706405310539&CODE_STATE=getMsg HTTP/1.1" 200 27
124.78.68.102 - - [28/Jan/2024:09:32:25 +0800] "GET /xingrg/javascript/easyui/themes/default/validatebox.css HTTP/1.1" 404 1104
124.78.68.102 - - [28/Jan/2024:09:32:26 +0800] "POST /xingrg/kc/buy/cgsh_order_operate.html HTTP/1.1" 200 2403
101.228.146.191 - - [28/Jan/2024:09:32:31 +0800] "GET /xingrg/kc/buy/cgsh_order_operate.html?command=get_materiel&rest_code=00142&code=00101008155&supplier_code=00100161&order_time=2024-01-27 HTTP/1.1" 200 408
180.169.147.146 - - [28/Jan/2024:09:32:35 +0800] "GET /xingrg/all/function/internal_message.html?_=1706405555670&CODE_STATE=getMsg HTTP/1.1" 200 27
222.69.135.157 - - [28/Jan/2024:09:32:37 +0800] "GET /xingrg/all/function/internal_message.html?_=1706405558402&CODE_STATE=getMsg HTTP/1.1" 200 27
114.95.241.104 - - [28/Jan/2024:09:32:39 +0800] "GET /xingrg/all/function/internal_message.html?_=1706405558993&CODE_STATE=getMsg HTTP/1.1" 200 27
101.228.146.191 - - [28/Jan/2024:09:32:39 +0800] "GET /xingrg/kc/buy/cgsh_order_operate.html?command=get_materiel&rest_code=00142&code=00101008371&supplier_code=00100161&order_time=2024-01-27 HTTP/1.1" 200 412
101.228.146.191 - - [28/Jan/2024:09:32:39 +0800] "GET /xingrg/all/function/internal_message.html?_=1706405559955&CODE_STATE=getMsg HTTP/1.1" 200 27
172.20.0.100 - - [28/Jan/2024:09:32:43 +0800] "GET /xingrg/all/function/internal_message.html?_=1706405577584&CODE_STATE=getMsg HTTP/1.1" 302 -
172.20.0.100 - - [28/Jan/2024:09:32:43 +0800] "GET /xingrg/login.html HTTP/1.1" 200 7636
124.78.68.102 - - [28/Jan/2024:09:32:45 +0800] "GET /xingrg/all/function/internal_message.html?_=1706405565704&CODE_STATE=getMsg HTTP/1.1" 200 27
101.228.146.191 - - [28/Jan/2024:09:32:49 +0800] "GET /xingrg/kc/buy/cgsh_order_operate.html?command=get_materiel&rest_code=00142&code=00101008355&supplier_code=00100161&order_time=2024-01-27 HTTP/1.1" 200 408
180.164.1.25 - - [28/Jan/2024:09:32:49 +0800] "GET /xingrg/all/function/internal_message.html?_=1706405569664&CODE_STATE=getMsg HTTP/1.1" 200 27
120.253.135.82 - - [28/Jan/2024:09:32:52 +0800] "GET /xingrg/all/function/internal_message.html?_=1706405398231&CODE_STATE=getMsg HTTP/1.1" 200 27
180.164.1.25 - - [28/Jan/2024:09:32:55 +0800] "GET /xingrg/kc/buy/cgsh_order_operate.html?command=get_materiel&rest_code=00108&code=00101009006&supplier_code=00100007&order_time=2024-01-28 HTTP/1.1" 200 409
101.83.145.37 - - [28/Jan/2024:09:32:58 +0800] "GET /xingrg/kc/buy/cgsh_order_operate.html?command=get_materiel&rest_code=00105&code=00101008242&supplier_code=00100005&order_time=2024-01-28 HTTP/1.1" 200 408
101.228.146.191 - - [28/Jan/2024:09:32:58 +0800] "GET /xingrg/kc/buy/cgsh_order_operate.html?command=get_materiel&rest_code=00142&code=00101008024&supplier_code=00100161&order_time=2024-01-27 HTTP/1.1" 200 408
116.235.245.10 - - [28/Jan/2024:09:32:59 +0800] "GET /xingrg/check_reg.html?_=1706405605699 HTTP/1.1" 200 22
116.230.123.222 - - [28/Jan/2024:09:33:00 +0800] "GET /xingrg/kc/buy/cgsh_order_operate.html?command=get_materiel&rest_code=00111&code=00101016104&supplier_code=00100037&order_time=2024-01-28 HTTP/1.1" 200 408
101.228.146.191 - - [28/Jan/2024:09:33:08 +0800] "GET /xingrg/kc/buy/cgsh_order_operate.html?command=get_materiel&rest_code=00142&code=00101008356&supplier_code=00100161&order_time=2024-01-27 HTTP/1.1" 200 408
124.78.154.219 - - [28/Jan/2024:09:33:08 +0800] "GET /xingrg/all/function/internal_message.html?_=1706405587115&CODE_STATE=getMsg HTTP/1.1" 200 27
114.83.218.35 - - [28/Jan/2024:09:33:09 +0800] "GET /xingrg/check_reg.html?_=1706405589564 HTTP/1.1" 200 22
114.83.218.35 - - [28/Jan/2024:09:33:09 +0800] "GET /xingrg/all/function/internal_message.html?_=1706405589921&CODE_STATE=getMsg HTTP/1.1" 200 27
116.230.123.222 - - [28/Jan/2024:09:33:12 +0800] "GET /xingrg/all/function/internal_message.html?_=1706405591187&CODE_STATE=getMsg HTTP/1.1" 302 -
180.164.1.25 - - [28/Jan/2024:09:33:13 +0800] "GET /xingrg/kc/buy/cgsh_order_operate.html?command=get_materiel&rest_code=00108&code=00101009062&supplier_code=00100007&order_time=2024-01-28 HTTP/1.1" 200 412
101.83.145.37 - - [28/Jan/2024:09:33:15 +0800] "POST /xingrg/kc/buy/cgsh_order_operate.html HTTP/1.1" 200 37
116.230.123.222 - - [28/Jan/2024:09:33:17 +0800] "GET /xingrg/kc/buy/cgsh_order_operate.html?command=get_materiel&rest_code=00111&code=00101019435&supplier_code=00100037&order_time=2024-01-28 HTTP/1.1" 200 23
180.164.1.25 - - [28/Jan/2024:09:33:19 +0800] "POST /xingrg/kc/buy/cgsh_order_operate.html HTTP/1.1" 200 2065
101.228.146.191 - - [28/Jan/2024:09:33:20 +0800] "GET /xingrg/kc/buy/cgsh_order_operate.html?command=get_materiel&rest_code=00142&code=00101008286&supplier_code=00100161&order_time=2024-01-27 HTTP/1.1" 200 408
101.83.145.37 - - [28/Jan/2024:09:33:20 +0800] "GET /xingrg/all/function/internal_message.html?_=1706405601557&CODE_STATE=getMsg HTTP/1.1" 200 27
101.83.145.37 - - [28/Jan/2024:09:33:20 +0800] "GET /xingrg/check_reg.html?_=1706405601561 HTTP/1.1" 200 22
116.230.109.177 - - [28/Jan/2024:09:33:24 +0800] "GET /xingrg/all/function/internal_message.html?_=1706405543646&CODE_STATE=getMsg HTTP/1.1" 200 27
116.230.109.177 - - [28/Jan/2024:09:33:24 +0800] "GET /xingrg/check_reg.html?_=1706405543896 HTTP/1.1" 200 22
101.83.145.37 - - [28/Jan/2024:09:33:25 +0800] "GET /xingrg/all/function/internal_message.html?_=1706405370516&CODE_STATE=getMsg HTTP/1.1" 200 27
116.230.123.222 - - [28/Jan/2024:09:33:27 +0800] "POST /xingrg/kc/buy/cgsh_order_operate.html HTTP/1.1" 200 37
101.83.145.37 - - [28/Jan/2024:09:33:27 +0800] "POST /xingrg/kc/buy/cgsh_order_operate.html HTTP/1.1" 200 28645
124.78.68.102 - - [28/Jan/2024:09:33:27 +0800] "GET /xingrg/kc/print/load_data.html?order_code=212024012811731&kc_code=cgsh&condition= HTTP/1.1" 200 1420
116.230.123.222 - - [28/Jan/2024:09:33:28 +0800] "POST /xingrg/kc/buy/cgsh_order_operate.html HTTP/1.1" 200 6792
101.228.146.191 - - [28/Jan/2024:09:33:29 +0800] "GET /xingrg/kc/buy/cgsh_order_operate.html?command=get_materiel&rest_code=00142&code=00101008353&supplier_code=00100161&order_time=2024-01-27 HTTP/1.1" 200 408
116.230.109.177 - - [28/Jan/2024:09:33:30 +0800] "GET /xingrg/index.html?sysBaseUrl=http%3A%2F%2F180.169.147.146%3A18081%2Fxingrg%2F&costTime=1779×tamp=1684631389383 HTTP/1.1" 200 17179
180.164.1.25 - - [28/Jan/2024:09:33:31 +0800] "GET /xingrg/kc/buy/cgsh_order_operate.html?command=get_materiel&rest_code=00108&code=00101009016&supplier_code=00100007&order_time=2024-01-28 HTTP/1.1" 200 420
116.230.109.177 - - [28/Jan/2024:09:33:31 +0800] "GET /xingrg/check_reg.html?_=1706405550244 HTTP/1.1" 200 22
116.230.109.177 - - [28/Jan/2024:09:33:31 +0800] "GET /xingrg/all/function/internal_message.html?_=1706405550243&CODE_STATE=count HTTP/1.1" 200 11
116.230.109.177 - - [28/Jan/2024:09:33:31 +0800] "GET /favicon.ico HTTP/1.1" 404 -
116.230.109.177 - - [28/Jan/2024:09:33:31 +0800] "POST /xingrg/all/common/load_tree.html?tree=area_rest_tree_json&manage=1 HTTP/1.1" 200 351
116.230.109.177 - - [28/Jan/2024:09:33:31 +0800] "POST /xingrg/load_menu.html HTTP/1.1" 200 5138
180.169.147.146 - - [28/Jan/2024:09:33:35 +0800] "GET /xingrg/all/function/internal_message.html?_=1706405615669&CODE_STATE=getMsg HTTP/1.1" 200 27
222.69.135.157 - - [28/Jan/2024:09:33:37 +0800] "GET /xingrg/check_reg.html?_=1706405618400 HTTP/1.1" 200 22
222.69.135.157 - - [28/Jan/2024:09:33:37 +0800] "GET /xingrg/all/function/internal_message.html?_=1706405618402&CODE_STATE=getMsg HTTP/1.1" 200 27
116.230.123.222 - - [28/Jan/2024:09:33:38 +0800] "GET /xingrg/login.html HTTP/1.1" 200 7641
114.95.241.104 - - [28/Jan/2024:09:33:38 +0800] "GET /xingrg/all/function/internal_message.html?_=1706405618987&CODE_STATE=getMsg HTTP/1.1" 200 27
114.95.241.104 - - [28/Jan/2024:09:33:39 +0800] "GET /xingrg/check_reg.html?_=1706405619009 HTTP/1.1" 200 22
116.230.123.222 - - [28/Jan/2024:09:33:39 +0800] "GET /favicon.ico HTTP/1.1" 404 -
101.228.146.191 - - [28/Jan/2024:09:33:39 +0800] "GET /xingrg/all/function/internal_message.html?_=1706405619936&CODE_STATE=getMsg HTTP/1.1" 200 27
116.230.109.177 - - [28/Jan/2024:09:33:43 +0800] "POST /xingrg/kc/buy/cgsh_list_operate.html HTTP/1.1" 200 5743
172.20.0.100 - - [28/Jan/2024:09:33:43 +0800] "GET /xingrg/all/function/internal_message.html?_=1706405637583&CODE_STATE=getMsg HTTP/1.1" 302 -
172.20.0.100 - - [28/Jan/2024:09:33:43 +0800] "GET /xingrg/check_reg.html?_=1706405637584 HTTP/1.1" 302 -
101.228.146.191 - - [28/Jan/2024:09:33:44 +0800] "GET /xingrg/kc/buy/cgsh_order_operate.html?command=get_materiel&rest_code=00142&code=00101008350&supplier_code=00100161&order_time=2024-01-27 HTTP/1.1" 200 408
124.78.68.102 - - [28/Jan/2024:09:33:45 +0800] "GET /xingrg/all/function/internal_message.html?_=1706405625692&CODE_STATE=getMsg HTTP/1.1" 200 27
116.230.123.222 - - [28/Jan/2024:09:33:46 +0800] "POST /xingrg/login.do HTTP/1.1" 302 -
116.230.123.222 - - [28/Jan/2024:09:33:46 +0800] "GET /xingrg/index.html?sysBaseUrl=http%3A%2F%2F180.169.147.146%3A18081%2Fxingrg%2F&costTime=829×tamp=1706405626802 HTTP/1.1" 200 17173
116.230.123.222 - - [28/Jan/2024:09:33:47 +0800] "GET /favicon.ico HTTP/1.1" 404 -
116.230.123.222 - - [28/Jan/2024:09:33:47 +0800] "GET /xingrg/all/function/internal_message.html?_=1706405627124&CODE_STATE=count HTTP/1.1" 200 11
116.230.123.222 - - [28/Jan/2024:09:33:47 +0800] "POST /xingrg/all/common/load_tree.html?tree=area_rest_tree_json&manage=1 HTTP/1.1" 200 342
116.230.123.222 - - [28/Jan/2024:09:33:47 +0800] "GET /xingrg/check_reg.html?_=1706405627125 HTTP/1.1" 200 22
116.230.123.222 - - [28/Jan/2024:09:33:47 +0800] "POST /xingrg/load_menu.html HTTP/1.1" 200 5138
180.164.1.25 - - [28/Jan/2024:09:33:49 +0800] "GET /xingrg/check_reg.html?_=1706405629212 HTTP/1.1" 200 22
180.164.1.25 - - [28/Jan/2024:09:33:49 +0800] "GET /xingrg/all/function/internal_message.html?_=1706405629650&CODE_STATE=getMsg HTTP/1.1" 200 27
116.230.123.222 - - [28/Jan/2024:09:33:50 +0800] "GET /xingrg/kc/buy/cgsh_order_list.html HTTP/1.1" 200 57340
116.230.109.177 - - [28/Jan/2024:09:33:51 +0800] "POST /xingrg/kc/buy/cgsh_list_operate.html HTTP/1.1" 200 273
101.228.146.191 - - [28/Jan/2024:09:33:53 +0800] "GET /xingrg/kc/buy/cgsh_order_operate.html?command=get_materiel&rest_code=00142&code=00101008312&supplier_code=00100161&order_time=2024-01-27 HTTP/1.1" 200 412
116.230.123.222 - - [28/Jan/2024:09:33:54 +0800] "POST /xingrg/kc/buy/cgsh_list_operate.html HTTP/1.1" 200 1861
116.230.123.222 - - [28/Jan/2024:09:33:58 +0800] "POST /xingrg/kc/buy/cgsh_list_operate.html HTTP/1.1" 200 571
116.230.123.222 - - [28/Jan/2024:09:34:00 +0800] "GET /xingrg/kc/buy/cgsh_order_info.html?code=212024012811732 HTTP/1.1" 200 73089
116.230.123.222 - - [28/Jan/2024:09:34:01 +0800] "GET /xingrg/javascript/easyui/themes/default/validatebox.css HTTP/1.1" 404 1104
116.230.123.222 - - [28/Jan/2024:09:34:01 +0800] "GET /xingrg/all/common/auto_word.html?type=employee&rest_code=00111 HTTP/1.1" 200 105
116.230.123.222 - - [28/Jan/2024:09:34:01 +0800] "GET /xingrg/all/common/auto_word.html?type=employee&rest_code=00111 HTTP/1.1" 200 105
116.230.123.222 - - [28/Jan/2024:09:34:02 +0800] "POST /xingrg/kc/buy/cgsh_order_operate.html HTTP/1.1" 200 6792
180.164.1.25 - - [28/Jan/2024:09:34:04 +0800] "GET /xingrg/kc/buy/cgsh_order_operate.html?command=get_materiel&rest_code=00108&code=00101009010&supplier_code=00100007&order_time=2024-01-28 HTTP/1.1" 200 416
101.228.146.191 - - [28/Jan/2024:09:34:05 +0800] "GET /xingrg/kc/buy/cgsh_order_operate.html?command=get_materiel&rest_code=00142&code=00101008264&supplier_code=00100161&order_time=2024-01-27 HTTP/1.1" 200 412
124.78.154.219 - - [28/Jan/2024:09:34:08 +0800] "GET /xingrg/all/function/internal_message.html?_=1706405647108&CODE_STATE=getMsg HTTP/1.1" 200 27
124.78.154.219 - - [28/Jan/2024:09:34:09 +0800] "GET /xingrg/check_reg.html?_=1706405647986 HTTP/1.1" 200 22
114.83.218.35 - - [28/Jan/2024:09:34:09 +0800] "GET /xingrg/all/function/internal_message.html?_=1706405649905&CODE_STATE=getMsg HTTP/1.1" 200 27
116.230.123.222 - - [28/Jan/2024:09:34:10 +0800] "GET /xingrg/javascript/auto/indicator.gif HTTP/1.1" 404 1066
116.230.123.222 - - [28/Jan/2024:09:34:12 +0800] "GET /xingrg/all/function/internal_message.html?_=1706405651207&CODE_STATE=getMsg HTTP/1.1" 302 -
116.230.123.222 - - [28/Jan/2024:09:34:15 +0800] "GET /xingrg/kc/buy/cgsh_order_operate.html?command=get_materiel&rest_code=00111&code=00101019435&supplier_code=00100037&order_time=2024-01-28 HTTP/1.1" 200 417
101.228.146.191 - - [28/Jan/2024:09:34:16 +0800] "GET /xingrg/kc/buy/cgsh_order_operate.html?command=get_materiel&rest_code=00142&code=00101008283&supplier_code=00100161&order_time=2024-01-27 HTTP/1.1" 200 408
101.83.145.37 - - [28/Jan/2024:09:34:20 +0800] "GET /xingrg/all/function/internal_message.html?_=1706405661586&CODE_STATE=getMsg HTTP/1.1" 200 27
116.230.109.177 - - [28/Jan/2024:09:34:24 +0800] "GET /xingrg/all/function/internal_message.html?_=1706405603631&CODE_STATE=getMsg HTTP/1.1" 200 27
101.228.146.191 - - [28/Jan/2024:09:34:25 +0800] "GET /xingrg/kc/buy/cgsh_order_operate.html?command=get_materiel&rest_code=00142&code=00101008354&supplier_code=00100161&order_time=2024-01-27 HTTP/1.1" 200 412
101.83.145.37 - - [28/Jan/2024:09:34:25 +0800] "GET /xingrg/all/function/internal_message.html?_=1706405430508&CODE_STATE=getMsg HTTP/1.1" 200 27
116.230.109.177 - - [28/Jan/2024:09:34:31 +0800] "GET /xingrg/all/function/internal_message.html?_=1706405610271&CODE_STATE=getMsg HTTP/1.1" 200 27
124.78.68.102 - - [28/Jan/2024:09:34:31 +0800] "POST /xingrg/kc/buy/cgsh_order_operate.html HTTP/1.1" 200 8245
124.78.68.102 - - [28/Jan/2024:09:34:31 +0800] "GET /xingrg/javascript/easyui/themes/default/validatebox.css HTTP/1.1" 404 1104
180.164.1.25 - - [28/Jan/2024:09:34:32 +0800] "POST /xingrg/kc/buy/cgsh_order_operate.html HTTP/1.1" 200 37
180.169.147.146 - - [28/Jan/2024:09:34:35 +0800] "GET /xingrg/all/function/internal_message.html?_=1706405675693&CODE_STATE=getMsg HTTP/1.1" 200 27
101.228.146.191 - - [28/Jan/2024:09:34:35 +0800] "GET /xingrg/kc/buy/cgsh_order_operate.html?command=get_materiel&rest_code=00142&code=00101008352&supplier_code=00100161&order_time=2024-01-27 HTTP/1.1" 200 412
222.69.135.157 - - [28/Jan/2024:09:34:37 +0800] "GET /xingrg/all/function/internal_message.html?_=1706405678387&CODE_STATE=getMsg HTTP/1.1" 200 27
101.228.146.191 - - [28/Jan/2024:09:34:37 +0800] "POST /xingrg/kc/buy/cgsh_order_operate.html HTTP/1.1" 200 2065
114.95.241.104 - - [28/Jan/2024:09:34:38 +0800] "GET /xingrg/all/function/internal_message.html?_=1706405678969&CODE_STATE=getMsg HTTP/1.1" 200 27
101.228.146.191 - - [28/Jan/2024:09:34:39 +0800] "GET /xingrg/all/function/internal_message.html?_=1706405679915&CODE_STATE=getMsg HTTP/1.1" 200 27
172.20.0.100 - - [28/Jan/2024:09:34:43 +0800] "GET /xingrg/all/function/internal_message.html?_=1706405697582&CODE_STATE=getMsg HTTP/1.1" 302 -
124.78.68.102 - - [28/Jan/2024:09:34:45 +0800] "GET /xingrg/all/function/internal_message.html?_=1706405685681&CODE_STATE=getMsg HTTP/1.1" 200 27
101.228.146.191 - - [28/Jan/2024:09:34:45 +0800] "GET /xingrg/kc/buy/cgsh_order_operate.html?command=get_materiel&rest_code=00142&code=00101015202&supplier_code=00100161&order_time=2024-01-27 HTTP/1.1" 200 421
180.164.1.25 - - [28/Jan/2024:09:34:46 +0800] "POST /xingrg/kc/buy/cgsh_order_operate.html HTTP/1.1" 200 21027
116.230.123.222 - - [28/Jan/2024:09:34:47 +0800] "GET /xingrg/all/function/internal_message.html?_=1706405687140&CODE_STATE=getMsg HTTP/1.1" 200 27
180.164.1.25 - - [28/Jan/2024:09:34:49 +0800] "GET /xingrg/all/function/internal_message.html?_=1706405689655&CODE_STATE=getMsg HTTP/1.1" 200 27
116.230.123.222 - - [28/Jan/2024:09:34:52 +0800] "GET /xingrg/kc/buy/cgsh_order_operate.html?command=get_materiel&rest_code=00111&code=00101012029&supplier_code=00100037&order_time=2024-01-28 HTTP/1.1" 200 412
116.230.109.177 - - [28/Jan/2024:09:34:54 +0800] "POST /xingrg/kc/buy/cgsh_list_operate.html HTTP/1.1" 200 4
180.164.1.25 - - [28/Jan/2024:09:34:55 +0800] "GET /xingrg/kc/buy/cgsh_order_operate.html?command=get_materiel&rest_code=00108&code=00101008264&supplier_code=00100007&order_time=2024-01-28 HTTP/1.1" 200 412
101.228.146.191 - - [28/Jan/2024:09:34:57 +0800] "GET /xingrg/kc/buy/cgsh_order_operate.html?command=get_materiel&rest_code=00142&code=00101008323&supplier_code=00100161&order_time=2024-01-27 HTTP/1.1" 200 408
116.230.109.177 - - [28/Jan/2024:09:35:03 +0800] "POST /xingrg/kc/buy/cgsh_list_operate.html HTTP/1.1" 200 1852
116.230.123.222 - - [28/Jan/2024:09:35:03 +0800] "GET /xingrg/kc/buy/cgsh_order_operate.html?command=get_materiel&rest_code=00111&code=00101009113&supplier_code=00100037&order_time=2024-01-28 HTTP/1.1" 200 412
116.230.109.177 - - [28/Jan/2024:09:35:07 +0800] "POST /xingrg/kc/buy/cgsh_list_operate.html HTTP/1.1" 200 273
101.228.146.191 - - [28/Jan/2024:09:35:08 +0800] "GET /xingrg/kc/buy/cgsh_order_operate.html?command=get_materiel&rest_code=00142&code=00101008459&supplier_code=00100161&order_time=2024-01-27 HTTP/1.1" 200 409
124.78.154.219 - - [28/Jan/2024:09:35:08 +0800] "GET /xingrg/all/function/internal_message.html?_=1706405707080&CODE_STATE=getMsg HTTP/1.1" 200 27
180.164.1.25 - - [28/Jan/2024:09:35:08 +0800] "GET /xingrg/kc/buy/cgsh_order_operate.html?command=get_materiel&rest_code=00108&code=00101008005&supplier_code=00100007&order_time=2024-01-28 HTTP/1.1" 200 412
114.83.218.35 - - [28/Jan/2024:09:35:09 +0800] "GET /xingrg/all/function/internal_message.html?_=1706405709877&CODE_STATE=getMsg HTTP/1.1" 200 27
180.163.30.76 - - [28/Jan/2024:09:35:10 +0800] "GET /xingrg/check_reg.html?_=1706405647986 HTTP/1.1" 302 -
180.163.30.76 - - [28/Jan/2024:09:35:10 +0800] "GET /xingrg/login.html HTTP/1.1" 200 7641
116.230.123.222 - - [28/Jan/2024:09:35:12 +0800] "GET /xingrg/all/function/internal_message.html?_=1706405711195&CODE_STATE=getMsg HTTP/1.1" 302 -
116.230.109.177 - - [28/Jan/2024:09:35:17 +0800] "GET /xingrg/kc/buy/cgsh_order_add.html HTTP/1.1" 200 73210
116.230.109.177 - - [28/Jan/2024:09:35:17 +0800] "POST /xingrg/kc/buy/cgsh_order_operate.html HTTP/1.1" 200 8245
116.230.109.177 - - [28/Jan/2024:09:35:17 +0800] "GET /xingrg/javascript/easyui/themes/default/validatebox.css HTTP/1.1" 404 1104
116.230.109.177 - - [28/Jan/2024:09:35:17 +0800] "GET /xingrg/all/common/auto_word.html?type=employee&rest_code=00155 HTTP/1.1" 200 255
116.230.109.177 - - [28/Jan/2024:09:35:17 +0800] "GET /xingrg/all/common/auto_word.html?type=employee&rest_code=00155 HTTP/1.1" 200 255
101.228.146.191 - - [28/Jan/2024:09:35:17 +0800] "GET /xingrg/kc/buy/cgsh_order_operate.html?command=get_materiel&rest_code=00142&code=00101008092&supplier_code=00100161&order_time=2024-01-27 HTTP/1.1" 200 412
116.230.123.222 - - [28/Jan/2024:09:35:18 +0800] "GET /xingrg/kc/buy/cgsh_order_operate.html?command=get_materiel&rest_code=00111&code=00101009004&supplier_code=00100037&order_time=2024-01-28 HTTP/1.1" 200 409
180.152.241.32 - - [28/Jan/2024:09:35:19 +0800] "GET /favicon.ico HTTP/1.1" 404 -
180.164.1.25 - - [28/Jan/2024:09:35:19 +0800] "GET /xingrg/kc/buy/cgsh_order_operate.html?command=get_materiel&rest_code=00108&code=00101008411&supplier_code=00100007&order_time=2024-01-28 HTTP/1.1" 200 413
116.230.109.177 - - [28/Jan/2024:09:35:20 +0800] "GET /xingrg/javascript/auto/indicator.gif HTTP/1.1" 404 1066
101.83.145.37 - - [28/Jan/2024:09:35:20 +0800] "GET /xingrg/all/function/internal_message.html?_=1706405721587&CODE_STATE=getMsg HTTP/1.1" 200 27
116.230.123.222 - - [28/Jan/2024:09:35:22 +0800] "POST /xingrg/kc/buy/cgsh_order_operate.html HTTP/1.1" 200 2065
116.230.109.177 - - [28/Jan/2024:09:35:24 +0800] "GET /xingrg/all/function/internal_message.html?_=1706405663628&CODE_STATE=getMsg HTTP/1.1" 200 27
101.83.145.37 - - [28/Jan/2024:09:35:25 +0800] "GET /xingrg/all/function/internal_message.html?_=1706405490478&CODE_STATE=getMsg HTTP/1.1" 200 27
180.152.241.32 - - [28/Jan/2024:09:35:25 +0800] "GET /xingrg/login.html HTTP/1.1" 200 7641
180.152.241.32 - - [28/Jan/2024:09:35:25 +0800] "GET /xingrg/images/blue/jxLogo.png HTTP/1.1" 200 6156
180.152.241.32 - - [28/Jan/2024:09:35:26 +0800] "GET /xingrg/images/blue/login_bg.png HTTP/1.1" 200 22101
180.152.241.32 - - [28/Jan/2024:09:35:26 +0800] "GET /xingrg/images/blue/hj.png HTTP/1.1" 200 1014
180.152.241.32 - - [28/Jan/2024:09:35:26 +0800] "GET /xingrg/images/blue/srbg.png HTTP/1.1" 200 138
180.152.241.32 - - [28/Jan/2024:09:35:26 +0800] "GET /favicon.ico HTTP/1.1" 404 -
101.83.145.37 - - [28/Jan/2024:09:35:27 +0800] "POST /xingrg/services/DataTransmitService HTTP/1.1" 200 524
101.228.146.191 - - [28/Jan/2024:09:35:27 +0800] "GET /xingrg/kc/buy/cgsh_order_operate.html?command=get_materiel&rest_code=00142&code=00101012029&supplier_code=00100161&order_time=2024-01-27 HTTP/1.1" 200 412
101.83.145.37 - - [28/Jan/2024:09:35:28 +0800] "POST /xingrg/services/DataTransmitService HTTP/1.1" 200 412
180.152.241.32 - - [28/Jan/2024:09:35:29 +0800] "POST /xingrg/login.do HTTP/1.1" 302 -
180.152.241.32 - - [28/Jan/2024:09:35:29 +0800] "GET /xingrg/index.html?sysBaseUrl=http%3A%2F%2F180.169.147.146%3A18081%2Fxingrg%2F&costTime=958×tamp=1706405729201 HTTP/1.1" 200 17173
180.152.241.32 - - [28/Jan/2024:09:35:29 +0800] "GET /xingrg/javascript/jquery_easy_ui/themes/default/easyui.css HTTP/1.1" 200 26500
180.152.241.32 - - [28/Jan/2024:09:35:29 +0800] "GET /xingrg/css/form.css HTTP/1.1" 200 893
180.152.241.32 - - [28/Jan/2024:09:35:29 +0800] "GET /xingrg/javascript/jquery_easy_ui/themes/icon.css HTTP/1.1" 200 3949
180.152.241.32 - - [28/Jan/2024:09:35:29 +0800] "GET /xingrg/javascript/jquery_easy_ui/jquery.easyui.min.js HTTP/1.1" 200 213662
180.152.241.32 - - [28/Jan/2024:09:35:29 +0800] "GET /xingrg/javascript/jquery_easy_ui/easyui-lang-zh_CN.js HTTP/1.1" 200 1900
180.152.241.32 - - [28/Jan/2024:09:35:29 +0800] "GET /xingrg/javascript/jquery-1.4.2.min.js HTTP/1.1" 200 72205
180.152.241.32 - - [28/Jan/2024:09:35:29 +0800] "GET /xingrg/javascript/jquery.form.js HTTP/1.1" 200 23110
180.152.241.32 - - [28/Jan/2024:09:35:29 +0800] "GET /xingrg/javascript/jquery.timers.js HTTP/1.1" 200 3532
180.152.241.32 - - [28/Jan/2024:09:35:29 +0800] "GET /xingrg/javascript/jquery.utils.js HTTP/1.1" 200 11805
180.152.241.32 - - [28/Jan/2024:09:35:29 +0800] "GET /favicon.ico HTTP/1.1" 404 -
101.228.146.191 - - [28/Jan/2024:09:35:29 +0800] "POST /xingrg/kc/buy/cgsh_order_operate.html HTTP/1.1" 200 2065
180.152.241.32 - - [28/Jan/2024:09:35:29 +0800] "GET /xingrg/images/blue/navBackgound.jpg HTTP/1.1" 200 12378
180.152.241.32 - - [28/Jan/2024:09:35:29 +0800] "GET /xingrg/javascript/jquery_easy_ui/themes/icons/settle_new.png HTTP/1.1" 200 826
180.152.241.32 - - [28/Jan/2024:09:35:29 +0800] "GET /xingrg/all/function/internal_message.html?_=1706405729674&CODE_STATE=count HTTP/1.1" 200 11
180.152.241.32 - - [28/Jan/2024:09:35:29 +0800] "GET /xingrg/images/blue/pingpu.png HTTP/1.1" 200 231
180.152.241.32 - - [28/Jan/2024:09:35:29 +0800] "GET /xingrg/check_reg.html?_=1706405729674 HTTP/1.1" 200 22
180.152.241.32 - - [28/Jan/2024:09:35:29 +0800] "GET /xingrg/javascript/jquery_easy_ui/themes/default/images/tabs_leftarrow.png HTTP/1.1" 200 389
180.152.241.32 - - [28/Jan/2024:09:35:29 +0800] "GET /xingrg/javascript/jquery_easy_ui/themes/default/images/tabs_rightarrow.png HTTP/1.1" 200 395
180.152.241.32 - - [28/Jan/2024:09:35:29 +0800] "GET /xingrg/javascript/jquery_easy_ui/themes/default/images/panel_tool_collapse.gif HTTP/1.1" 200 246
180.152.241.32 - - [28/Jan/2024:09:35:29 +0800] "POST /xingrg/all/common/load_tree.html?tree=area_rest_tree_json&manage=1 HTTP/1.1" 200 342
180.152.241.32 - - [28/Jan/2024:09:35:29 +0800] "POST /xingrg/load_menu.html HTTP/1.1" 200 5138
180.152.241.32 - - [28/Jan/2024:09:35:29 +0800] "GET /xingrg/javascript/jquery_easy_ui/themes/default/images/tree_folder_open.gif HTTP/1.1" 200 956
180.152.241.32 - - [28/Jan/2024:09:35:29 +0800] "GET /xingrg/javascript/jquery_easy_ui/themes/default/images/tree_arrows.gif HTTP/1.1" 200 1043
180.152.241.32 - - [28/Jan/2024:09:35:29 +0800] "GET /xingrg/javascript/jquery_easy_ui/themes/default/images/tree_folder.gif HTTP/1.1" 200 952
180.152.241.32 - - [28/Jan/2024:09:35:29 +0800] "GET /xingrg/javascript/jquery_easy_ui/themes/icons/search_new.png HTTP/1.1" 200 586
180.152.241.32 - - [28/Jan/2024:09:35:29 +0800] "GET /xingrg/javascript/jquery_easy_ui/themes/icons/storage_new.png HTTP/1.1" 200 853
180.152.241.32 - - [28/Jan/2024:09:35:29 +0800] "GET /xingrg/javascript/jquery_easy_ui/themes/icons/forms_new.png HTTP/1.1" 200 350
180.152.241.32 - - [28/Jan/2024:09:35:29 +0800] "GET /xingrg/javascript/jquery_easy_ui/themes/default/images/tree_file.gif HTTP/1.1" 200 118
116.230.109.177 - - [28/Jan/2024:09:35:31 +0800] "GET /xingrg/all/function/internal_message.html?_=1706405670261&CODE_STATE=getMsg HTTP/1.1" 200 27
180.164.1.25 - - [28/Jan/2024:09:35:32 +0800] "GET /xingrg/kc/buy/cgsh_order_operate.html?command=get_materiel&rest_code=00108&code=00101008331&supplier_code=00100007&order_time=2024-01-28 HTTP/1.1" 200 416
116.230.123.222 - - [28/Jan/2024:09:35:34 +0800] "GET /xingrg/kc/buy/cgsh_order_operate.html?command=get_materiel&rest_code=00111&code=00101009011&supplier_code=00100037&order_time=2024-01-28 HTTP/1.1" 200 416
180.164.1.25 - - [28/Jan/2024:09:35:34 +0800] "POST /xingrg/kc/buy/cgsh_order_operate.html HTTP/1.1" 200 2065
180.169.147.146 - - [28/Jan/2024:09:35:35 +0800] "GET /xingrg/all/function/internal_message.html?_=1706405735680&CODE_STATE=getMsg HTTP/1.1" 200 27
124.78.68.102 - - [28/Jan/2024:09:35:36 +0800] "GET /xingrg/kc/buy/cgsh_order_operate.html?command=get_materiel&rest_code=00141&code=00101007048&supplier_code=00100004&order_time=2024-01-28 HTTP/1.1" 200 408
101.228.146.191 - - [28/Jan/2024:09:35:37 +0800] "GET /xingrg/kc/buy/cgsh_order_operate.html?command=get_materiel&rest_code=00142&code=00101012024&supplier_code=00100161&order_time=2024-01-27 HTTP/1.1" 200 408
222.69.135.157 - - [28/Jan/2024:09:35:37 +0800] "GET /xingrg/all/function/internal_message.html?_=1706405738392&CODE_STATE=getMsg HTTP/1.1" 200 27
114.95.241.104 - - [28/Jan/2024:09:35:38 +0800] "GET /xingrg/all/function/internal_message.html?_=1706405738950&CODE_STATE=getMsg HTTP/1.1" 200 27
101.228.146.191 - - [28/Jan/2024:09:35:39 +0800] "GET /xingrg/check_reg.html?_=1706405739773 HTTP/1.1" 200 22
101.228.146.191 - - [28/Jan/2024:09:35:39 +0800] "GET /xingrg/all/function/internal_message.html?_=1706405739885&CODE_STATE=getMsg HTTP/1.1" 200 27
180.164.1.25 - - [28/Jan/2024:09:35:41 +0800] "GET /xingrg/kc/buy/cgsh_order_operate.html?command=get_materiel&rest_code=00108&code=00101008010&supplier_code=00100007&order_time=2024-01-28 HTTP/1.1" 200 412
172.20.0.100 - - [28/Jan/2024:09:35:43 +0800] "GET /xingrg/all/function/internal_message.html?_=1706405757581&CODE_STATE=getMsg HTTP/1.1" 302 -
116.230.123.222 - - [28/Jan/2024:09:35:45 +0800] "GET /xingrg/kc/buy/cgsh_order_operate.html?command=get_materiel&rest_code=00111&code=00101009015&supplier_code=00100037&order_time=2024-01-28 HTTP/1.1" 200 416
124.78.68.102 - - [28/Jan/2024:09:35:45 +0800] "GET /xingrg/all/function/internal_message.html?_=1706405745671&CODE_STATE=getMsg HTTP/1.1" 200 27
116.230.109.177 - - [28/Jan/2024:09:35:46 +0800] "GET /xingrg/javascript/jquery_tools/images/prev.gif HTTP/1.1" 404 1086
116.230.109.177 - - [28/Jan/2024:09:35:46 +0800] "GET /xingrg/javascript/jquery_tools/images/next.gif HTTP/1.1" 404 1086
116.230.123.222 - - [28/Jan/2024:09:35:47 +0800] "GET /xingrg/all/function/internal_message.html?_=1706405747136&CODE_STATE=getMsg HTTP/1.1" 200 27
124.78.68.102 - - [28/Jan/2024:09:35:47 +0800] "GET /xingrg/kc/buy/cgsh_order_operate.html?command=get_materiel&rest_code=00141&code=00101007060&supplier_code=00100004&order_time=2024-01-28 HTTP/1.1" 200 409
180.164.1.25 - - [28/Jan/2024:09:35:49 +0800] "GET /xingrg/all/function/internal_message.html?_=1706405749615&CODE_STATE=getMsg HTTP/1.1" 200 27
101.228.146.191 - - [28/Jan/2024:09:35:54 +0800] "POST /xingrg/kc/buy/cgsh_order_operate.html HTTP/1.1" 200 37
116.230.109.177 - - [28/Jan/2024:09:35:56 +0800] "GET /xingrg/kc/buy/cgsh_order_operate.html?command=get_materiel&rest_code=00155&code=00101006055&supplier_code=00100012&order_time=2024-01-28 HTTP/1.1" 200 409
180.164.1.25 - - [28/Jan/2024:09:35:56 +0800] "GET /xingrg/kc/buy/cgsh_order_operate.html?command=get_materiel&rest_code=00108&code=00101008694&supplier_code=00100007&order_time=2024-01-28 HTTP/1.1" 200 420
114.95.241.104 - - [28/Jan/2024:09:35:59 +0800] "GET /xingrg/kc/buy/cgsh_order_operate.html?command=get_materiel&rest_code=00150&code=00102032016&supplier_code=00100075&order_time=2024-01-28 HTTP/1.1" 200 433
124.78.68.102 - - [28/Jan/2024:09:36:00 +0800] "GET /xingrg/kc/buy/cgsh_order_operate.html?command=get_materiel&rest_code=00141&code=00101007061&supplier_code=00100004&order_time=2024-01-28 HTTP/1.1" 200 409
124.78.68.102 - - [28/Jan/2024:09:36:05 +0800] "GET /xingrg/check_reg.html?_=1706405765420 HTTP/1.1" 200 22
124.78.154.219 - - [28/Jan/2024:09:36:08 +0800] "GET /xingrg/all/function/internal_message.html?_=1706405767051&CODE_STATE=getMsg HTTP/1.1" 200 27
114.83.218.35 - - [28/Jan/2024:09:36:09 +0800] "GET /xingrg/all/function/internal_message.html?_=1706405769863&CODE_STATE=getMsg HTTP/1.1" 200 27
180.163.30.85 - - [28/Jan/2024:09:36:10 +0800] "GET /xingrg/all/function/internal_message.html?_=1706405707080&CODE_STATE=getMsg HTTP/1.1" 302 -
124.78.68.102 - - [28/Jan/2024:09:36:10 +0800] "GET /xingrg/kc/buy/cgsh_order_operate.html?command=get_materiel&rest_code=00141&code=00101007027&supplier_code=00100004&order_time=2024-01-28 HTTP/1.1" 200 427
180.163.30.85 - - [28/Jan/2024:09:36:10 +0800] "GET /xingrg/login.html HTTP/1.1" 200 7641
116.230.123.222 - - [28/Jan/2024:09:36:12 +0800] "GET /xingrg/all/function/internal_message.html?_=1706405771188&CODE_STATE=getMsg HTTP/1.1" 302 -
116.230.109.177 - - [28/Jan/2024:09:36:14 +0800] "GET /xingrg/kc/buy/cgsh_order_operate.html?command=get_materiel&rest_code=00155&code=00101006128&supplier_code=00100012&order_time=2024-01-28 HTTP/1.1" 200 435
101.83.145.37 - - [28/Jan/2024:09:36:14 +0800] "GET /xingrg/check_reg.html?_=1706405540339 HTTP/1.1" 200 22
180.164.1.25 - - [28/Jan/2024:09:36:17 +0800] "GET /xingrg/kc/buy/cgsh_order_operate.html?command=get_materiel&rest_code=00108&code=00101008078&supplier_code=00100007&order_time=2024-01-28 HTTP/1.1" 200 416
101.228.146.191 - - [28/Jan/2024:09:36:17 +0800] "POST /xingrg/kc/buy/cgsh_order_operate.html HTTP/1.1" 200 12
101.228.146.191 - - [28/Jan/2024:09:36:20 +0800] "GET /xingrg/kc/buy/cgsh_order_info.html?code=212024012811734 HTTP/1.1" 200 67148
101.228.146.191 - - [28/Jan/2024:09:36:20 +0800] "GET /xingrg/javascript/easyui/themes/default/validatebox.css HTTP/1.1" 404 1104
101.83.145.37 - - [28/Jan/2024:09:36:20 +0800] "GET /xingrg/all/function/internal_message.html?_=1706405781588&CODE_STATE=getMsg HTTP/1.1" 200 27
124.78.68.102 - - [28/Jan/2024:09:36:21 +0800] "GET /xingrg/kc/buy/cgsh_order_operate.html?command=get_materiel&rest_code=00141&code=00101007181&supplier_code=00100004&order_time=2024-01-28 HTTP/1.1" 200 412
101.228.146.191 - - [28/Jan/2024:09:36:21 +0800] "POST /xingrg/kc/buy/cgsh_order_operate.html HTTP/1.1" 200 14752
101.228.146.191 - - [28/Jan/2024:09:36:24 +0800] "GET /xingrg/kc/print/load_config.html?kc_code=cgsh HTTP/1.1" 200 1927
116.230.109.177 - - [28/Jan/2024:09:36:24 +0800] "GET /xingrg/all/function/internal_message.html?_=1706405723610&CODE_STATE=getMsg HTTP/1.1" 200 27
101.83.145.37 - - [28/Jan/2024:09:36:25 +0800] "GET /xingrg/all/function/internal_message.html?_=1706405550450&CODE_STATE=getMsg HTTP/1.1" 200 27
101.228.146.191 - - [28/Jan/2024:09:36:25 +0800] "GET /xingrg/kc/print/load_data.html?order_code=212024012811734&kc_code=cgsh&condition= HTTP/1.1" 200 6068
180.152.241.32 - - [28/Jan/2024:09:36:29 +0800] "GET /xingrg/all/function/internal_message.html?_=1706405789698&CODE_STATE=getMsg HTTP/1.1" 200 27
116.230.109.177 - - [28/Jan/2024:09:36:31 +0800] "GET /xingrg/all/function/internal_message.html?_=1706405730258&CODE_STATE=getMsg HTTP/1.1" 200 27
116.230.109.177 - - [28/Jan/2024:09:36:32 +0800] "GET /xingrg/kc/buy/cgsh_order_operate.html?command=get_materiel&rest_code=00155&code=00101012032&supplier_code=00100012&order_time=2024-01-28 HTTP/1.1" 200 416
180.169.147.146 - - [28/Jan/2024:09:36:35 +0800] "GET /xingrg/check_reg.html?_=1706405795677 HTTP/1.1" 200 22
180.169.147.146 - - [28/Jan/2024:09:36:35 +0800] "GET /xingrg/all/function/internal_message.html?_=1706405795682&CODE_STATE=getMsg HTTP/1.1" 200 27
120.253.135.82 - - [28/Jan/2024:09:36:36 +0800] "GET /xingrg/index.html?sysBaseUrl=http%3A%2F%2F180.169.147.146%3A18081%2Fxingrg%2F&costTime=852×tamp=1706391323699 HTTP/1.1" 302 -
120.253.135.82 - - [28/Jan/2024:09:36:37 +0800] "GET /xingrg/login.html HTTP/1.1" 200 7641
222.69.135.157 - - [28/Jan/2024:09:36:37 +0800] "GET /xingrg/all/function/internal_message.html?_=1706405798392&CODE_STATE=getMsg HTTP/1.1" 200 27
101.228.146.191 - - [28/Jan/2024:09:36:37 +0800] "GET /xingrg/kc/buy/cgsh_order_add.html HTTP/1.1" 200 72241
101.228.146.191 - - [28/Jan/2024:09:36:37 +0800] "POST /xingrg/kc/buy/cgsh_order_operate.html HTTP/1.1" 200 8245
101.228.146.191 - - [28/Jan/2024:09:36:37 +0800] "GET /xingrg/javascript/easyui/themes/default/validatebox.css HTTP/1.1" 404 1104
120.253.135.82 - - [28/Jan/2024:09:36:38 +0800] "GET /xingrg/images/blue/jxLogo.png HTTP/1.1" 304 -
114.95.241.104 - - [28/Jan/2024:09:36:38 +0800] "GET /xingrg/all/function/internal_message.html?_=1706405798929&CODE_STATE=getMsg HTTP/1.1" 200 27
116.230.123.222 - - [28/Jan/2024:09:36:39 +0800] "GET /xingrg/kc/buy/cgsh_order_operate.html?command=get_materiel&rest_code=00111&code=00101008704&supplier_code=00100037&order_time=2024-01-28 HTTP/1.1" 200 409
101.228.146.191 - - [28/Jan/2024:09:36:39 +0800] "GET /xingrg/all/function/internal_message.html?_=1706405799870&CODE_STATE=getMsg HTTP/1.1" 200 27
120.253.135.82 - - [28/Jan/2024:09:36:39 +0800] "GET /xingrg/images/blue/login_bg.png HTTP/1.1" 304 -
120.253.135.82 - - [28/Jan/2024:09:36:39 +0800] "GET /xingrg/images/blue/hj.png HTTP/1.1" 304 -
120.253.135.82 - - [28/Jan/2024:09:36:40 +0800] "GET /xingrg/images/blue/srbg.png HTTP/1.1" 304 -
120.253.135.82 - - [28/Jan/2024:09:36:40 +0800] "GET /favicon.ico HTTP/1.1" 404 -
180.164.1.25 - - [28/Jan/2024:09:36:40 +0800] "GET /xingrg/kc/buy/cgsh_order_operate.html?command=get_materiel&rest_code=00108&code=00101008037&supplier_code=00100007&order_time=2024-01-28 HTTP/1.1" 200 415
116.230.109.177 - - [28/Jan/2024:09:36:41 +0800] "GET /xingrg/kc/buy/cgsh_order_operate.html?command=get_materiel&rest_code=00155&code=00101006056&supplier_code=00100012&order_time=2024-01-28 HTTP/1.1" 200 413
172.20.0.100 - - [28/Jan/2024:09:36:43 +0800] "GET /xingrg/all/function/internal_message.html?_=1706405817579&CODE_STATE=getMsg HTTP/1.1" 302 -
124.78.68.102 - - [28/Jan/2024:09:36:45 +0800] "GET /xingrg/all/function/internal_message.html?_=1706405805674&CODE_STATE=getMsg HTTP/1.1" 200 27
124.78.68.102 - - [28/Jan/2024:09:36:46 +0800] "GET /xingrg/kc/buy/cgsh_order_operate.html?command=get_materiel&rest_code=00141&code=00101007050&supplier_code=00100004&order_time=2024-01-28 HTTP/1.1" 200 409
116.230.123.222 - - [28/Jan/2024:09:36:47 +0800] "GET /xingrg/all/function/internal_message.html?_=1706405807131&CODE_STATE=getMsg HTTP/1.1" 200 27
180.164.1.25 - - [28/Jan/2024:09:36:49 +0800] "GET /xingrg/all/function/internal_message.html?_=1706405809605&CODE_STATE=getMsg HTTP/1.1" 200 27
101.228.146.191 - - [28/Jan/2024:09:36:52 +0800] "GET /xingrg/kc/buy/cgsh_order_operate.html?command=get_materiel&rest_code=00142&code=00101008108&supplier_code=00100161&order_time=2024-01-28 HTTP/1.1" 200 412
116.230.109.177 - - [28/Jan/2024:09:36:53 +0800] "GET /xingrg/kc/buy/cgsh_order_operate.html?command=get_materiel&rest_code=00155&code=00101006109&supplier_code=00100012&order_time=2024-01-28 HTTP/1.1" 200 409
180.164.1.25 - - [28/Jan/2024:09:36:54 +0800] "POST /xingrg/kc/buy/cgsh_order_operate.html HTTP/1.1" 200 2065
114.95.241.104 - - [28/Jan/2024:09:36:54 +0800] "GET /xingrg/kc/buy/cgsh_order_operate.html?command=get_materiel&rest_code=00150&code=00102001071&supplier_code=00100075&order_time=2024-01-28 HTTP/1.1" 200 413
124.78.68.102 - - [28/Jan/2024:09:36:58 +0800] "GET /xingrg/kc/buy/cgsh_order_operate.html?command=get_materiel&rest_code=00141&code=00101007128&supplier_code=00100004&order_time=2024-01-28 HTTP/1.1" 200 406
116.230.123.222 - - [28/Jan/2024:09:36:59 +0800] "GET /xingrg/kc/buy/cgsh_order_operate.html?command=get_materiel&rest_code=00111&code=00101008509&supplier_code=00100037&order_time=2024-01-28 HTTP/1.1" 200 409
116.230.109.177 - - [28/Jan/2024:09:37:05 +0800] "POST /xingrg/kc/buy/cgsh_order_operate.html HTTP/1.1" 200 37
180.164.1.25 - - [28/Jan/2024:09:37:05 +0800] "GET /xingrg/kc/buy/cgsh_order_operate.html?command=get_materiel&rest_code=00108&code=00101008213&supplier_code=00100007&order_time=2024-01-28 HTTP/1.1" 200 412
116.230.109.177 - - [28/Jan/2024:09:37:07 +0800] "POST /xingrg/kc/buy/cgsh_order_operate.html HTTP/1.1" 200 5042
101.228.146.191 - - [28/Jan/2024:09:37:07 +0800] "GET /xingrg/kc/buy/cgsh_order_operate.html?command=get_materiel&rest_code=00142&code=00101008005&supplier_code=00100161&order_time=2024-01-28 HTTP/1.1" 200 413
180.163.29.103 - - [28/Jan/2024:09:37:08 +0800] "GET /xingrg/all/function/internal_message.html?_=1706405767051&CODE_STATE=getMsg HTTP/1.1" 302 -
180.163.29.103 - - [28/Jan/2024:09:37:08 +0800] "GET /xingrg/login.html HTTP/1.1" 200 7641
116.230.109.177 - - [28/Jan/2024:09:37:08 +0800] "GET /xingrg/kc/print/load_config.html?kc_code=cgsh HTTP/1.1" 200 1927
124.78.154.219 - - [28/Jan/2024:09:37:08 +0800] "GET /xingrg/all/function/internal_message.html?_=1706405827025&CODE_STATE=getMsg HTTP/1.1" 200 27
116.230.109.177 - - [28/Jan/2024:09:37:09 +0800] "GET /xingrg/kc/print/load_data.html?order_code=212024012811735&kc_code=cgsh&condition= HTTP/1.1" 200 1683
