120.253.135.82 - - [28/Jan/2024:09:51:21 +0800] "GET /xingrg/images/control/ajaxLoader.gif HTTP/1.1" 304 -
120.253.135.82 - - [28/Jan/2024:09:51:21 +0800] "GET /xingrg/javascript/jquery_easy_ui/themes/icons/area.png HTTP/1.1" 304 -
120.253.135.82 - - [28/Jan/2024:09:51:21 +0800] "GET /xingrg/javascript/jquery_easy_ui/themes/icons/manage.png HTTP/1.1" 304 -
120.253.135.82 - - [28/Jan/2024:09:51:21 +0800] "GET /xingrg/javascript/easyui/plugins/jquery.draggable.js HTTP/1.1" 304 -
120.253.135.82 - - [28/Jan/2024:09:51:21 +0800] "GET /xingrg/javascript/easyui/plugins/jquery.droppable.js HTTP/1.1" 304 -
120.253.135.82 - - [28/Jan/2024:09:51:21 +0800] "GET /xingrg/javascript/easyui/themes/default/tree.css HTTP/1.1" 404 1090
120.253.135.82 - - [28/Jan/2024:09:51:21 +0800] "GET /xingrg/javascript/easyui/plugins/jquery.tree.js HTTP/1.1" 304 -
120.253.135.82 - - [28/Jan/2024:09:51:21 +0800] "GET /xingrg/all/common/auto_word.html?type=base&rest_code=00101 HTTP/1.1" 200 671
120.253.135.82 - - [28/Jan/2024:09:51:21 +0800] "POST /xingrg/all/common/load_tree.html?tree=materiel_sort_tree_json HTTP/1.1" 200 9734
120.253.135.82 - - [28/Jan/2024:09:51:22 +0800] "GET /xingrg/javascript/easyui/themes/sunny/images/tree_arrows.gif HTTP/1.1" 304 -
120.253.135.82 - - [28/Jan/2024:09:51:22 +0800] "GET /xingrg/javascript/easyui/themes/sunny/images/tree_folder_open.gif HTTP/1.1" 304 -
120.253.135.82 - - [28/Jan/2024:09:51:22 +0800] "GET /xingrg/javascript/easyui/themes/sunny/images/tree_folder.gif HTTP/1.1" 304 -
120.253.135.82 - - [28/Jan/2024:09:51:22 +0800] "GET /xingrg/javascript/easyui/themes/sunny/images/tree_file.gif HTTP/1.1" 304 -
101.83.145.37 - - [28/Jan/2024:09:51:22 +0800] "GET /xingrg/kc/buy/cgsh_order_add.html HTTP/1.1" 200 73204
180.152.241.32 - - [28/Jan/2024:09:51:22 +0800] "GET /xingrg/kc/buy/cgsh_order_operate.html?command=get_materiel&rest_code=00102&code=00101008283&supplier_code=00100008&order_time=2024-01-28 HTTP/1.1" 200 408
101.83.145.37 - - [28/Jan/2024:09:51:22 +0800] "GET /xingrg/words/20240128094629_words.js HTTP/1.1" 200 1011255
120.253.135.82 - - [28/Jan/2024:09:51:22 +0800] "GET /xingrg/css/images/panel_loading.gif HTTP/1.1" 304 -
120.253.135.82 - - [28/Jan/2024:09:51:22 +0800] "POST /xingrg/all/common/load_combo.html?type=base HTTP/1.1" 200 1169
101.83.145.37 - - [28/Jan/2024:09:51:23 +0800] "GET /xingrg/javascript/easyui/themes/default/validatebox.css HTTP/1.1" 404 1104
101.83.145.37 - - [28/Jan/2024:09:51:23 +0800] "POST /xingrg/kc/buy/cgsh_order_operate.html HTTP/1.1" 200 8245
101.83.145.37 - - [28/Jan/2024:09:51:24 +0800] "GET /xingrg/all/function/internal_message.html?_=1706406450124&CODE_STATE=getMsg HTTP/1.1" 200 27
180.164.1.25 - - [28/Jan/2024:09:51:25 +0800] "GET /xingrg/kc/buy/cgsh_order_operate.html?command=get_materiel&rest_code=00108&code=00101001191&supplier_code=00100012&order_time=2024-01-28 HTTP/1.1" 200 413
222.69.135.157 - - [28/Jan/2024:09:51:27 +0800] "GET /xingrg/kc/base/wldb_order_operate.html?command=get_materiel&rest_code=00154&base_code=0010724&code=00101040040 HTTP/1.1" 200 459
180.152.241.32 - - [28/Jan/2024:09:51:29 +0800] "GET /xingrg/all/function/internal_message.html?_=1706406689697&CODE_STATE=getMsg HTTP/1.1" 200 27
180.152.241.32 - - [28/Jan/2024:09:51:33 +0800] "GET /xingrg/kc/buy/cgsh_order_operate.html?command=get_materiel&rest_code=00102&code=00101008163&supplier_code=00100008&order_time=2024-01-28 HTTP/1.1" 200 409
120.253.135.82 - - [28/Jan/2024:09:51:33 +0800] "POST /xingrg/kc/base/stock_operate.html HTTP/1.1" 200 1741
120.253.135.82 - - [28/Jan/2024:09:51:33 +0800] "GET /xingrg/javascript/jquery_tools/fix_table.js HTTP/1.1" 304 -
222.69.135.157 - - [28/Jan/2024:09:51:35 +0800] "GET /xingrg/kc/base/wldb_order_operate.html?command=get_materiel&rest_code=00154&base_code=0010724&code=00101040041 HTTP/1.1" 200 464
180.169.147.146 - - [28/Jan/2024:09:51:35 +0800] "GET /xingrg/check_reg.html?_=1706406695701 HTTP/1.1" 200 22
180.169.147.146 - - [28/Jan/2024:09:51:35 +0800] "GET /xingrg/all/function/internal_message.html?_=1706406695708&CODE_STATE=getMsg HTTP/1.1" 200 27
180.164.1.25 - - [28/Jan/2024:09:51:36 +0800] "GET /xingrg/kc/buy/cgsh_order_operate.html?command=get_materiel&rest_code=00108&code=00101002027&supplier_code=00100012&order_time=2024-01-28 HTTP/1.1" 200 413
222.69.135.157 - - [28/Jan/2024:09:51:37 +0800] "GET /xingrg/all/function/internal_message.html?_=1706406698392&CODE_STATE=getMsg HTTP/1.1" 200 27
101.228.146.191 - - [28/Jan/2024:09:51:39 +0800] "GET /xingrg/all/function/internal_message.html?_=1706406699231&CODE_STATE=getMsg HTTP/1.1" 200 27
114.95.241.104 - - [28/Jan/2024:09:51:40 +0800] "GET /xingrg/all/function/internal_message.html?_=1706406700181&CODE_STATE=getMsg HTTP/1.1" 200 27
172.20.0.100 - - [28/Jan/2024:09:51:43 +0800] "GET /xingrg/all/function/internal_message.html?_=1706406717581&CODE_STATE=getMsg HTTP/1.1" 302 -
180.152.241.32 - - [28/Jan/2024:09:51:43 +0800] "POST /xingrg/kc/buy/cgsh_order_operate.html HTTP/1.1" 200 37
124.78.68.102 - - [28/Jan/2024:09:51:45 +0800] "GET /xingrg/all/function/internal_message.html?_=1706406705600&CODE_STATE=getMsg HTTP/1.1" 200 27
180.152.241.32 - - [28/Jan/2024:09:51:46 +0800] "POST /xingrg/kc/buy/cgsh_order_operate.html HTTP/1.1" 200 12128
116.230.123.222 - - [28/Jan/2024:09:51:47 +0800] "GET /xingrg/all/function/internal_message.html?_=1706406707145&CODE_STATE=getMsg HTTP/1.1" 200 27
101.228.146.191 - - [28/Jan/2024:09:51:49 +0800] "POST /xingrg/kc/buy/cgsh_list_operate.html HTTP/1.1" 200 2744
180.164.1.25 - - [28/Jan/2024:09:51:49 +0800] "GET /xingrg/all/function/internal_message.html?_=1706406709413&CODE_STATE=getMsg HTTP/1.1" 200 27
101.228.146.191 - - [28/Jan/2024:09:51:51 +0800] "POST /xingrg/kc/buy/cgsh_list_operate.html HTTP/1.1" 200 290
101.228.146.191 - - [28/Jan/2024:09:51:53 +0800] "GET /xingrg/kc/buy/cgsh_order_info.html?code=212024012611128 HTTP/1.1" 200 72244
116.230.123.222 - - [28/Jan/2024:09:51:53 +0800] "GET /xingrg/kc/buy/cgsh_order_operate.html?command=get_materiel&rest_code=00111&code=00101008108&supplier_code=00100005&order_time=2024-01-28 HTTP/1.1" 200 412
101.228.146.191 - - [28/Jan/2024:09:51:53 +0800] "GET /xingrg/javascript/easyui/themes/default/validatebox.css HTTP/1.1" 404 1104
180.152.241.32 - - [28/Jan/2024:09:51:54 +0800] "GET /xingrg/kc/buy/cgsh_order_operate.html?command=get_materiel&rest_code=00102&code=00101008211&supplier_code=00100008&order_time=2024-01-28 HTTP/1.1" 200 412
101.228.146.191 - - [28/Jan/2024:09:51:54 +0800] "POST /xingrg/kc/buy/cgsh_order_operate.html HTTP/1.1" 200 3271
116.230.109.177 - - [28/Jan/2024:09:51:58 +0800] "GET /xingrg/all/function/internal_message.html?_=1706406657528&CODE_STATE=getMsg HTTP/1.1" 200 27
180.152.241.32 - - [28/Jan/2024:09:52:02 +0800] "GET /xingrg/kc/buy/cgsh_order_operate.html?command=get_materiel&rest_code=00102&code=00101008361&supplier_code=00100008&order_time=2024-01-28 HTTP/1.1" 200 408
116.230.123.222 - - [28/Jan/2024:09:52:05 +0800] "POST /xingrg/kc/buy/cgsh_order_operate.html HTTP/1.1" 200 2065
124.78.154.219 - - [28/Jan/2024:09:52:08 +0800] "GET /xingrg/all/function/internal_message.html?_=1706406726770&CODE_STATE=getMsg HTTP/1.1" 200 27
180.163.28.55 - - [28/Jan/2024:09:52:09 +0800] "GET /xingrg/all/function/internal_message.html?_=1706406666783&CODE_STATE=getMsg HTTP/1.1" 302 -
114.83.218.35 - - [28/Jan/2024:09:52:09 +0800] "GET /xingrg/all/function/internal_message.html?_=1706406729603&CODE_STATE=getMsg HTTP/1.1" 200 27
180.163.28.55 - - [28/Jan/2024:09:52:10 +0800] "GET /xingrg/login.html HTTP/1.1" 200 7641
124.78.68.102 - - [28/Jan/2024:09:52:10 +0800] "GET /xingrg/kc/buy/cgsh_order_operate.html?command=get_materiel&rest_code=00141&code=00101008224&supplier_code=00100007&order_time=2024-01-28 HTTP/1.1" 200 416
180.152.241.32 - - [28/Jan/2024:09:52:11 +0800] "GET /xingrg/kc/buy/cgsh_order_operate.html?command=get_materiel&rest_code=00102&code=00101008355&supplier_code=00100008&order_time=2024-01-28 HTTP/1.1" 200 408
120.253.135.82 - - [28/Jan/2024:09:52:12 +0800] "GET /xingrg/all/function/internal_message.html?_=1706406557271&CODE_STATE=getMsg HTTP/1.1" 200 27
116.230.123.222 - - [28/Jan/2024:09:52:12 +0800] "GET /xingrg/check_reg.html?_=1706406731199 HTTP/1.1" 302 -
116.230.123.222 - - [28/Jan/2024:09:52:12 +0800] "GET /xingrg/all/function/internal_message.html?_=1706406731201&CODE_STATE=getMsg HTTP/1.1" 302 -
116.230.123.222 - - [28/Jan/2024:09:52:12 +0800] "GET /xingrg/kc/buy/cgsh_order_operate.html?command=get_materiel&rest_code=00111&code=00101008274&supplier_code=00100005&order_time=2024-01-28 HTTP/1.1" 200 412
180.152.241.32 - - [28/Jan/2024:09:52:20 +0800] "GET /xingrg/kc/buy/cgsh_order_operate.html?command=get_materiel&rest_code=00102&code=00101008264&supplier_code=00100008&order_time=2024-01-28 HTTP/1.1" 200 412
101.83.145.37 - - [28/Jan/2024:09:52:20 +0800] "GET /xingrg/all/function/internal_message.html?_=1706406741613&CODE_STATE=getMsg HTTP/1.1" 200 27
180.152.241.32 - - [28/Jan/2024:09:52:22 +0800] "POST /xingrg/kc/buy/cgsh_order_operate.html HTTP/1.1" 200 2065
116.230.123.222 - - [28/Jan/2024:09:52:22 +0800] "GET /xingrg/kc/buy/cgsh_order_operate.html?command=get_materiel&rest_code=00111&code=00101008223&supplier_code=00100005&order_time=2024-01-28 HTTP/1.1" 200 412
222.69.135.157 - - [28/Jan/2024:09:52:23 +0800] "GET /xingrg/kc/base/wldb_order_operate.html?command=get_materiel&rest_code=00154&base_code=0010724&code=00101019359 HTTP/1.1" 200 461
101.83.145.37 - - [28/Jan/2024:09:52:24 +0800] "GET /xingrg/all/function/internal_message.html?_=1706406510109&CODE_STATE=getMsg HTTP/1.1" 200 27
180.152.241.32 - - [28/Jan/2024:09:52:29 +0800] "GET /xingrg/kc/buy/cgsh_order_operate.html?command=get_materiel&rest_code=00102&code=00101008024&supplier_code=00100008&order_time=2024-01-28 HTTP/1.1" 200 408
124.78.68.102 - - [28/Jan/2024:09:52:29 +0800] "GET /xingrg/kc/buy/cgsh_order_operate.html?command=get_materiel&rest_code=00141&code=00101008223&supplier_code=00100007&order_time=2024-01-28 HTTP/1.1" 200 412
180.152.241.32 - - [28/Jan/2024:09:52:29 +0800] "GET /xingrg/all/function/internal_message.html?_=1706406749678&CODE_STATE=getMsg HTTP/1.1" 200 27
116.230.109.177 - - [28/Jan/2024:09:52:32 +0800] "POST /xingrg/kc/buy/cgsh_order_operate.html HTTP/1.1" 200 2065
222.69.135.157 - - [28/Jan/2024:09:52:34 +0800] "GET /xingrg/kc/base/wldb_order_operate.html?command=get_materiel&rest_code=00154&base_code=0010724&code=00101019536 HTTP/1.1" 200 472
180.169.147.146 - - [28/Jan/2024:09:52:35 +0800] "GET /xingrg/all/function/internal_message.html?_=1706406755703&CODE_STATE=getMsg HTTP/1.1" 200 27
116.230.123.222 - - [28/Jan/2024:09:52:36 +0800] "GET /xingrg/kc/buy/cgsh_order_operate.html?command=get_materiel&rest_code=00111&code=00101008168&supplier_code=00100005&order_time=2024-01-28 HTTP/1.1" 200 412
222.69.135.157 - - [28/Jan/2024:09:52:37 +0800] "GET /xingrg/all/function/internal_message.html?_=1706406758384&CODE_STATE=getMsg HTTP/1.1" 200 27
180.152.241.32 - - [28/Jan/2024:09:52:38 +0800] "GET /xingrg/kc/buy/cgsh_order_operate.html?command=get_materiel&rest_code=00102&code=00101008356&supplier_code=00100008&order_time=2024-01-28 HTTP/1.1" 200 408
124.78.68.102 - - [28/Jan/2024:09:52:39 +0800] "GET /xingrg/kc/buy/cgsh_order_operate.html?command=get_materiel&rest_code=00141&code=00101008359&supplier_code=00100007&order_time=2024-01-28 HTTP/1.1" 200 408
101.228.146.191 - - [28/Jan/2024:09:52:39 +0800] "GET /xingrg/all/function/internal_message.html?_=1706406759243&CODE_STATE=getMsg HTTP/1.1" 200 27
114.95.241.104 - - [28/Jan/2024:09:52:40 +0800] "GET /xingrg/check_reg.html?_=1706406760187 HTTP/1.1" 200 22
114.95.241.104 - - [28/Jan/2024:09:52:40 +0800] "GET /xingrg/all/function/internal_message.html?_=1706406760191&CODE_STATE=getMsg HTTP/1.1" 200 27
116.230.109.177 - - [28/Jan/2024:09:52:41 +0800] "GET /xingrg/kc/buy/cgsh_order_operate.html?command=get_materiel&rest_code=00155&code=00101008110&supplier_code=00100005&order_time=2024-01-28 HTTP/1.1" 200 408
172.20.0.100 - - [28/Jan/2024:09:52:43 +0800] "GET /xingrg/all/function/internal_message.html?_=1706406777580&CODE_STATE=getMsg HTTP/1.1" 302 -
222.69.135.157 - - [28/Jan/2024:09:52:44 +0800] "GET /xingrg/kc/base/wldb_order_operate.html?command=get_materiel&rest_code=00154&base_code=0010724&code=00101019249 HTTP/1.1" 200 470
124.78.68.102 - - [28/Jan/2024:09:52:45 +0800] "GET /xingrg/all/function/internal_message.html?_=1706406765574&CODE_STATE=getMsg HTTP/1.1" 200 27
116.230.123.222 - - [28/Jan/2024:09:52:47 +0800] "GET /xingrg/all/function/internal_message.html?_=1706406767211&CODE_STATE=getMsg HTTP/1.1" 200 27
180.152.241.32 - - [28/Jan/2024:09:52:48 +0800] "GET /xingrg/kc/buy/cgsh_order_operate.html?command=get_materiel&rest_code=00102&code=00101008251&supplier_code=00100008&order_time=2024-01-28 HTTP/1.1" 200 408
124.78.68.102 - - [28/Jan/2024:09:52:48 +0800] "GET /xingrg/kc/buy/cgsh_order_operate.html?command=get_materiel&rest_code=00141&code=00101008168&supplier_code=00100007&order_time=2024-01-28 HTTP/1.1" 200 412
180.164.1.25 - - [28/Jan/2024:09:52:49 +0800] "GET /xingrg/all/function/internal_message.html?_=1706406769408&CODE_STATE=getMsg HTTP/1.1" 200 27
124.78.68.102 - - [28/Jan/2024:09:52:51 +0800] "POST /xingrg/kc/buy/cgsh_order_operate.html HTTP/1.1" 200 2065
116.230.109.177 - - [28/Jan/2024:09:52:51 +0800] "GET /xingrg/kc/buy/cgsh_order_operate.html?command=get_materiel&rest_code=00155&code=00101008283&supplier_code=00100005&order_time=2024-01-28 HTTP/1.1" 200 408
222.69.135.157 - - [28/Jan/2024:09:52:53 +0800] "GET /xingrg/kc/base/wldb_order_operate.html?command=get_materiel&rest_code=00154&base_code=0010724&code=00101040002 HTTP/1.1" 200 461
116.230.123.222 - - [28/Jan/2024:09:52:56 +0800] "POST /xingrg/kc/buy/cgsh_order_operate.html HTTP/1.1" 200 2065
222.69.135.157 - - [28/Jan/2024:09:52:57 +0800] "POST /xingrg/all/common/load_select.html HTTP/1.1" 200 25
116.230.109.177 - - [28/Jan/2024:09:52:58 +0800] "GET /xingrg/all/function/internal_message.html?_=1706406717527&CODE_STATE=getMsg HTTP/1.1" 200 27
124.78.68.102 - - [28/Jan/2024:09:52:58 +0800] "GET /xingrg/kc/buy/cgsh_order_operate.html?command=get_materiel&rest_code=00141&code=00101008114&supplier_code=00100007&order_time=2024-01-28 HTTP/1.1" 200 412
116.235.245.10 - - [28/Jan/2024:09:52:59 +0800] "GET /xingrg/check_reg.html?_=1706406805722 HTTP/1.1" 200 22
222.69.135.157 - - [28/Jan/2024:09:52:59 +0800] "GET /xingrg/kc/base/wldb_order_operate.html?command=get_materiel_price&rest_code=00154&base_code=0010724&code=00101040002&unit_code=00100619 HTTP/1.1" 200 37
116.230.109.177 - - [28/Jan/2024:09:53:01 +0800] "GET /xingrg/kc/buy/cgsh_order_operate.html?command=get_materiel&rest_code=00155&code=00101008298&supplier_code=00100005&order_time=2024-01-28 HTTP/1.1" 200 412
116.230.123.222 - - [28/Jan/2024:09:53:04 +0800] "GET /xingrg/kc/buy/cgsh_order_operate.html?command=get_materiel&rest_code=00111&code=00101008016&supplier_code=00100005&order_time=2024-01-28 HTTP/1.1" 200 416
180.163.29.212 - - [28/Jan/2024:09:53:08 +0800] "GET /xingrg/all/function/internal_message.html?_=1706406726770&CODE_STATE=getMsg HTTP/1.1" 302 -
180.163.29.212 - - [28/Jan/2024:09:53:08 +0800] "GET /xingrg/login.html HTTP/1.1" 200 7641
124.78.154.219 - - [28/Jan/2024:09:53:08 +0800] "GET /xingrg/all/function/internal_message.html?_=1706406786755&CODE_STATE=getMsg HTTP/1.1" 200 27
114.83.218.35 - - [28/Jan/2024:09:53:09 +0800] "GET /xingrg/all/function/internal_message.html?_=1706406789604&CODE_STATE=getMsg HTTP/1.1" 200 27
114.83.218.35 - - [28/Jan/2024:09:53:09 +0800] "GET /xingrg/check_reg.html?_=1706406789606 HTTP/1.1" 200 22
180.152.241.32 - - [28/Jan/2024:09:53:11 +0800] "GET /xingrg/kc/buy/cgsh_order_operate.html?command=get_materiel&rest_code=00102&code=00101008137&supplier_code=00100008&order_time=2024-01-28 HTTP/1.1" 200 408
120.253.135.82 - - [28/Jan/2024:09:53:12 +0800] "GET /xingrg/all/function/internal_message.html?_=1706406617285&CODE_STATE=getMsg HTTP/1.1" 200 27
116.230.123.222 - - [28/Jan/2024:09:53:12 +0800] "GET /xingrg/all/function/internal_message.html?_=1706406791189&CODE_STATE=getMsg HTTP/1.1" 302 -
116.230.109.177 - - [28/Jan/2024:09:53:13 +0800] "GET /xingrg/kc/buy/cgsh_order_operate.html?command=get_materiel&rest_code=00155&code=00101009124&supplier_code=00100005&order_time=2024-01-28 HTTP/1.1" 200 416
222.69.135.157 - - [28/Jan/2024:09:53:14 +0800] "GET /xingrg/kc/base/wldb_order_operate.html?command=get_materiel&rest_code=00154&base_code=0010724&code=00101019253 HTTP/1.1" 200 482
116.230.123.222 - - [28/Jan/2024:09:53:15 +0800] "GET /xingrg/kc/buy/cgsh_order_operate.html?command=get_materiel&rest_code=00111&code=00101008114&supplier_code=00100005&order_time=2024-01-28 HTTP/1.1" 200 412
101.83.145.37 - - [28/Jan/2024:09:53:20 +0800] "GET /xingrg/check_reg.html?_=1706406801606 HTTP/1.1" 200 22
101.83.145.37 - - [28/Jan/2024:09:53:20 +0800] "GET /xingrg/all/function/internal_message.html?_=1706406801604&CODE_STATE=getMsg HTTP/1.1" 200 27
180.152.241.32 - - [28/Jan/2024:09:53:21 +0800] "GET /xingrg/kc/buy/cgsh_order_operate.html?command=get_materiel&rest_code=00102&code=00101008077&supplier_code=00100008&order_time=2024-01-28 HTTP/1.1" 200 416
124.78.68.102 - - [28/Jan/2024:09:53:23 +0800] "GET /xingrg/kc/buy/cgsh_order_operate.html?command=get_materiel&rest_code=00141&code=00101008150&supplier_code=00100007&order_time=2024-01-28 HTTP/1.1" 200 409
101.83.145.37 - - [28/Jan/2024:09:53:24 +0800] "GET /xingrg/kc/buy/cgsh_order_operate.html?command=get_materiel&rest_code=00105&code=00101010248&supplier_code=00100151&order_time=2024-01-28 HTTP/1.1" 200 430
101.83.145.37 - - [28/Jan/2024:09:53:24 +0800] "GET /xingrg/all/function/internal_message.html?_=1706406570094&CODE_STATE=getMsg HTTP/1.1" 200 27
116.230.123.222 - - [28/Jan/2024:09:53:26 +0800] "GET /xingrg/kc/buy/cgsh_order_operate.html?command=get_materiel&rest_code=00111&code=00101008150&supplier_code=00100005&order_time=2024-01-28 HTTP/1.1" 200 409
180.152.241.32 - - [28/Jan/2024:09:53:29 +0800] "GET /xingrg/all/function/internal_message.html?_=1706406809683&CODE_STATE=getMsg HTTP/1.1" 200 27
180.169.147.146 - - [28/Jan/2024:09:53:35 +0800] "GET /xingrg/all/function/internal_message.html?_=1706406815709&CODE_STATE=getMsg HTTP/1.1" 200 27
180.152.241.32 - - [28/Jan/2024:09:53:35 +0800] "POST /xingrg/kc/buy/cgsh_order_operate.html HTTP/1.1" 200 37
222.69.135.157 - - [28/Jan/2024:09:53:37 +0800] "GET /xingrg/all/function/internal_message.html?_=1706406818394&CODE_STATE=getMsg HTTP/1.1" 200 27
222.69.135.157 - - [28/Jan/2024:09:53:37 +0800] "GET /xingrg/check_reg.html?_=1706406818396 HTTP/1.1" 200 22
116.230.123.222 - - [28/Jan/2024:09:53:37 +0800] "GET /xingrg/kc/buy/cgsh_order_operate.html?command=get_materiel&rest_code=00111&code=00101008360&supplier_code=00100005&order_time=2024-01-28 HTTP/1.1" 200 413
124.78.68.102 - - [28/Jan/2024:09:53:38 +0800] "GET /xingrg/kc/buy/cgsh_order_operate.html?command=get_materiel&rest_code=00141&code=00101008277&supplier_code=00100007&order_time=2024-01-28 HTTP/1.1" 200 23
101.83.145.37 - - [28/Jan/2024:09:53:38 +0800] "GET /xingrg/kc/buy/cgsh_order_operate.html?command=get_materiel&rest_code=00105&code=00101016030&supplier_code=00100151&order_time=2024-01-28 HTTP/1.1" 200 412
101.228.146.191 - - [28/Jan/2024:09:53:39 +0800] "GET /xingrg/all/function/internal_message.html?_=1706406819236&CODE_STATE=getMsg HTTP/1.1" 200 27
114.95.241.104 - - [28/Jan/2024:09:53:40 +0800] "GET /xingrg/all/function/internal_message.html?_=1706406820188&CODE_STATE=getMsg HTTP/1.1" 200 27
172.20.0.100 - - [28/Jan/2024:09:53:43 +0800] "GET /xingrg/all/function/internal_message.html?_=1706406837578&CODE_STATE=getMsg HTTP/1.1" 302 -
172.20.0.100 - - [28/Jan/2024:09:53:43 +0800] "GET /xingrg/check_reg.html?_=1706406837579 HTTP/1.1" 302 -
124.78.68.102 - - [28/Jan/2024:09:53:45 +0800] "GET /xingrg/all/function/internal_message.html?_=1706406825558&CODE_STATE=getMsg HTTP/1.1" 200 27
116.230.123.222 - - [28/Jan/2024:09:53:47 +0800] "GET /xingrg/check_reg.html?_=1706406827181 HTTP/1.1" 200 22
116.230.123.222 - - [28/Jan/2024:09:53:47 +0800] "GET /xingrg/all/function/internal_message.html?_=1706406827183&CODE_STATE=getMsg HTTP/1.1" 200 27
101.83.145.37 - - [28/Jan/2024:09:53:48 +0800] "GET /xingrg/kc/buy/cgsh_order_operate.html?command=get_materiel&rest_code=00105&code=00101012025&supplier_code=00100151&order_time=2024-01-28 HTTP/1.1" 200 412
116.230.123.222 - - [28/Jan/2024:09:53:48 +0800] "GET /xingrg/kc/buy/cgsh_order_operate.html?command=get_materiel&rest_code=00111&code=00101008095&supplier_code=00100005&order_time=2024-01-28 HTTP/1.1" 200 412
180.164.1.25 - - [28/Jan/2024:09:53:49 +0800] "GET /xingrg/check_reg.html?_=1706406829197 HTTP/1.1" 200 22
180.164.1.25 - - [28/Jan/2024:09:53:49 +0800] "GET /xingrg/all/function/internal_message.html?_=1706406829402&CODE_STATE=getMsg HTTP/1.1" 200 27
116.230.123.222 - - [28/Jan/2024:09:53:51 +0800] "POST /xingrg/kc/buy/cgsh_order_operate.html HTTP/1.1" 200 2065
116.230.109.177 - - [28/Jan/2024:09:53:55 +0800] "GET /xingrg/kc/buy/cgsh_order_operate.html?command=get_materiel&rest_code=00155&code=00101008355&supplier_code=00100005&order_time=2024-01-28 HTTP/1.1" 200 408
222.69.135.157 - - [28/Jan/2024:09:53:55 +0800] "POST /xingrg/kc/base/wldb_order_operate.html HTTP/1.1" 200 37
114.95.241.104 - - [28/Jan/2024:09:53:56 +0800] "GET /xingrg/kc/base/wldb_order_list.html HTTP/1.1" 200 19019
101.83.145.37 - - [28/Jan/2024:09:53:57 +0800] "GET /xingrg/kc/buy/cgsh_order_operate.html?command=get_materiel&rest_code=00105&code=00101012007&supplier_code=00100151&order_time=2024-01-28 HTTP/1.1" 200 412
116.230.109.177 - - [28/Jan/2024:09:53:58 +0800] "GET /xingrg/all/function/internal_message.html?_=1706406777528&CODE_STATE=getMsg HTTP/1.1" 200 27
116.230.109.177 - - [28/Jan/2024:09:53:58 +0800] "POST /xingrg/kc/buy/cgsh_order_operate.html HTTP/1.1" 200 2065
116.230.123.222 - - [28/Jan/2024:09:54:00 +0800] "GET /xingrg/kc/buy/cgsh_order_operate.html?command=get_materiel&rest_code=00111&code=00101008674&supplier_code=00100005&order_time=2024-01-28 HTTP/1.1" 200 412
101.228.146.191 - - [28/Jan/2024:09:54:02 +0800] "POST /xingrg/kc/buy/cgsh_list_operate.html HTTP/1.1" 200 2744
124.78.68.102 - - [28/Jan/2024:09:54:02 +0800] "GET /xingrg/kc/buy/cgsh_order_operate.html?command=get_materiel&rest_code=00141&code=00101008257&supplier_code=00100007&order_time=2024-01-28 HTTP/1.1" 200 416
222.69.135.157 - - [28/Jan/2024:09:54:03 +0800] "POST /xingrg/kc/base/wldb_order_operate.html HTTP/1.1" 200 12
222.69.135.157 - - [28/Jan/2024:09:54:03 +0800] "POST /xingrg/kc/base/wldb_order_operate.html HTTP/1.1" 200 8283
114.95.241.104 - - [28/Jan/2024:09:54:03 +0800] "POST /xingrg/kc/base/wldb_list_operate.html HTTP/1.1" 200 928
101.83.145.37 - - [28/Jan/2024:09:54:04 +0800] "GET /xingrg/kc/buy/cgsh_order_operate.html?command=get_materiel&rest_code=00105&code=00101012051&supplier_code=00100151&order_time=2024-01-28 HTTP/1.1" 200 408
116.230.109.177 - - [28/Jan/2024:09:54:06 +0800] "GET /xingrg/kc/buy/cgsh_order_operate.html?command=get_materiel&rest_code=00155&code=00101015006&supplier_code=00100005&order_time=2024-01-28 HTTP/1.1" 200 413
222.69.135.157 - - [28/Jan/2024:09:54:07 +0800] "GET /xingrg/kc/base/wldb_order_info.html?code=422024012803024 HTTP/1.1" 200 26229
222.69.135.157 - - [28/Jan/2024:09:54:07 +0800] "GET /xingrg/words/20240128094629_words.js HTTP/1.1" 304 -
114.95.241.104 - - [28/Jan/2024:09:54:07 +0800] "GET /xingrg/kc/base/wldb_order_add.html HTTP/1.1" 200 30350
222.69.135.157 - - [28/Jan/2024:09:54:07 +0800] "GET /xingrg/javascript/easyui/themes/default/validatebox.css HTTP/1.1" 404 1104
114.95.241.104 - - [28/Jan/2024:09:54:08 +0800] "GET /xingrg/words/20240128094629_words.js HTTP/1.1" 304 -
180.163.28.55 - - [28/Jan/2024:09:54:08 +0800] "GET /xingrg/all/function/internal_message.html?_=1706406786755&CODE_STATE=getMsg HTTP/1.1" 302 -
114.95.241.104 - - [28/Jan/2024:09:54:08 +0800] "POST /xingrg/kc/base/wldb_order_operate.html HTTP/1.1" 200 6806
222.69.135.157 - - [28/Jan/2024:09:54:08 +0800] "POST /xingrg/kc/base/wldb_order_operate.html HTTP/1.1" 200 6419
114.95.241.104 - - [28/Jan/2024:09:54:08 +0800] "GET /xingrg/all/common/auto_word.html?type=base&rest_code=00150 HTTP/1.1" 200 1853
114.95.241.104 - - [28/Jan/2024:09:54:08 +0800] "GET /xingrg/all/common/auto_word.html?type=base&rest_code=00150 HTTP/1.1" 200 1853
114.95.241.104 - - [28/Jan/2024:09:54:08 +0800] "GET /xingrg/javascript/easyui/themes/default/validatebox.css HTTP/1.1" 404 1104
124.78.154.219 - - [28/Jan/2024:09:54:08 +0800] "GET /xingrg/all/function/internal_message.html?_=1706406846725&CODE_STATE=getMsg HTTP/1.1" 200 27
180.163.28.55 - - [28/Jan/2024:09:54:08 +0800] "GET /xingrg/login.html HTTP/1.1" 200 7641
114.83.218.35 - - [28/Jan/2024:09:54:09 +0800] "GET /xingrg/all/function/internal_message.html?_=1706406849604&CODE_STATE=getMsg HTTP/1.1" 200 27
124.78.154.219 - - [28/Jan/2024:09:54:09 +0800] "GET /xingrg/check_reg.html?_=1706406847928 HTTP/1.1" 200 22
116.230.123.222 - - [28/Jan/2024:09:54:10 +0800] "GET /xingrg/kc/buy/cgsh_order_operate.html?command=get_materiel&rest_code=00111&code=00101008060&supplier_code=00100005&order_time=2024-01-28 HTTP/1.1" 200 416
120.253.135.82 - - [28/Jan/2024:09:54:12 +0800] "GET /xingrg/all/function/internal_message.html?_=1706406677304&CODE_STATE=getMsg HTTP/1.1" 200 27
116.230.123.222 - - [28/Jan/2024:09:54:12 +0800] "GET /xingrg/all/function/internal_message.html?_=1706406851204&CODE_STATE=getMsg HTTP/1.1" 302 -
101.83.145.37 - - [28/Jan/2024:09:54:17 +0800] "GET /xingrg/kc/buy/cgsh_order_operate.html?command=get_materiel&rest_code=00105&code=00101012003&supplier_code=00100151&order_time=2024-01-28 HTTP/1.1" 200 412
116.230.109.177 - - [28/Jan/2024:09:54:17 +0800] "GET /xingrg/kc/buy/cgsh_order_operate.html?command=get_materiel&rest_code=00155&code=00101009011&supplier_code=00100005&order_time=2024-01-28 HTTP/1.1" 200 416
124.78.68.102 - - [28/Jan/2024:09:54:20 +0800] "GET /xingrg/kc/buy/cgsh_order_operate.html?command=get_materiel&rest_code=00141&code=00101008112&supplier_code=00100007&order_time=2024-01-28 HTTP/1.1" 200 412
101.83.145.37 - - [28/Jan/2024:09:54:20 +0800] "GET /xingrg/all/function/internal_message.html?_=1706406861615&CODE_STATE=getMsg HTTP/1.1" 200 27
101.83.145.37 - - [28/Jan/2024:09:54:24 +0800] "GET /xingrg/all/function/internal_message.html?_=1706406630078&CODE_STATE=getMsg HTTP/1.1" 200 27
124.78.68.102 - - [28/Jan/2024:09:54:29 +0800] "GET /xingrg/kc/buy/cgsh_order_operate.html?command=get_materiel&rest_code=00141&code=00101008370&supplier_code=00100007&order_time=2024-01-28 HTTP/1.1" 200 412
101.83.145.37 - - [28/Jan/2024:09:54:32 +0800] "GET /xingrg/kc/buy/cgsh_order_operate.html?command=get_materiel&rest_code=00105&code=00101012029&supplier_code=00100151&order_time=2024-01-28 HTTP/1.1" 200 412
180.169.147.146 - - [28/Jan/2024:09:54:35 +0800] "GET /xingrg/all/function/internal_message.html?_=1706406875705&CODE_STATE=getMsg HTTP/1.1" 200 27
114.95.241.104 - - [28/Jan/2024:09:54:36 +0800] "GET /xingrg/kc/base/wldb_order_operate.html?command=get_materiel&rest_code=00150&base_code=0010446&code=00102002315 HTTP/1.1" 200 462
222.69.135.157 - - [28/Jan/2024:09:54:37 +0800] "GET /xingrg/all/function/internal_message.html?_=1706406878393&CODE_STATE=getMsg HTTP/1.1" 200 27
124.78.68.102 - - [28/Jan/2024:09:54:37 +0800] "POST /xingrg/kc/buy/cgsh_order_operate.html HTTP/1.1" 200 2065
101.228.146.191 - - [28/Jan/2024:09:54:39 +0800] "GET /xingrg/check_reg.html?_=1706406879246 HTTP/1.1" 200 22
101.228.146.191 - - [28/Jan/2024:09:54:39 +0800] "GET /xingrg/all/function/internal_message.html?_=1706406879249&CODE_STATE=getMsg HTTP/1.1" 200 27
114.95.241.104 - - [28/Jan/2024:09:54:40 +0800] "GET /xingrg/all/function/internal_message.html?_=1706406880184&CODE_STATE=getMsg HTTP/1.1" 200 27
116.230.109.177 - - [28/Jan/2024:09:54:40 +0800] "GET /xingrg/kc/buy/cgsh_order_operate.html?command=get_materiel&rest_code=00155&code=00101023038&supplier_code=00100005&order_time=2024-01-28 HTTP/1.1" 200 413
116.230.123.222 - - [28/Jan/2024:09:54:40 +0800] "POST /xingrg/kc/buy/cgsh_order_operate.html HTTP/1.1" 200 2065
172.20.0.100 - - [28/Jan/2024:09:54:43 +0800] "GET /xingrg/all/function/internal_message.html?_=1706406897578&CODE_STATE=getMsg HTTP/1.1" 302 -
114.95.241.104 - - [28/Jan/2024:09:54:44 +0800] "GET /xingrg/kc/base/wldb_order_operate.html?command=get_materiel&rest_code=00150&base_code=0010446&code=00102002448 HTTP/1.1" 200 440
124.78.68.102 - - [28/Jan/2024:09:54:45 +0800] "GET /xingrg/all/function/internal_message.html?_=1706406885539&CODE_STATE=getMsg HTTP/1.1" 200 27
180.164.1.25 - - [28/Jan/2024:09:54:47 +0800] "GET /xingrg/kc/buy/cgsh_order_operate.html?command=get_materiel&rest_code=00108&code=00101006186&supplier_code=00100012&order_time=2024-01-28 HTTP/1.1" 200 417
116.230.123.222 - - [28/Jan/2024:09:54:47 +0800] "GET /xingrg/all/function/internal_message.html?_=1706406887167&CODE_STATE=getMsg HTTP/1.1" 200 27
124.78.68.102 - - [28/Jan/2024:09:54:47 +0800] "GET /xingrg/kc/buy/cgsh_order_operate.html?command=get_materiel&rest_code=00141&code=00101008356&supplier_code=00100007&order_time=2024-01-28 HTTP/1.1" 200 408
180.164.1.25 - - [28/Jan/2024:09:54:49 +0800] "GET /xingrg/all/function/internal_message.html?_=1706406889376&CODE_STATE=getMsg HTTP/1.1" 200 27
114.95.241.104 - - [28/Jan/2024:09:54:51 +0800] "GET /xingrg/kc/base/wldb_order_operate.html?command=get_materiel&rest_code=00150&base_code=0010446&code=00102002238 HTTP/1.1" 200 434
124.78.68.102 - - [28/Jan/2024:09:54:57 +0800] "GET /xingrg/kc/buy/cgsh_order_operate.html?command=get_materiel&rest_code=00141&code=00101008301&supplier_code=00100007&order_time=2024-01-28 HTTP/1.1" 200 422
114.95.241.104 - - [28/Jan/2024:09:54:57 +0800] "GET /xingrg/kc/base/wldb_order_operate.html?command=get_materiel&rest_code=00150&base_code=0010446&code=00102002138 HTTP/1.1" 200 434
116.230.109.177 - - [28/Jan/2024:09:54:58 +0800] "GET /xingrg/all/function/internal_message.html?_=1706406837557&CODE_STATE=getMsg HTTP/1.1" 200 27
116.230.123.222 - - [28/Jan/2024:09:55:00 +0800] "GET /xingrg/kc/buy/cgsh_order_operate.html?command=get_materiel&rest_code=00111&code=00101008096&supplier_code=00100005&order_time=2024-01-28 HTTP/1.1" 200 412
116.230.109.177 - - [28/Jan/2024:09:55:00 +0800] "GET /xingrg/kc/buy/cgsh_order_operate.html?command=get_materiel&rest_code=00155&code=00101008125&supplier_code=00100005&order_time=2024-01-28 HTTP/1.1" 200 413
116.230.109.177 - - [28/Jan/2024:09:55:02 +0800] "POST /xingrg/kc/buy/cgsh_order_operate.html HTTP/1.1" 200 2065
114.95.241.104 - - [28/Jan/2024:09:55:05 +0800] "GET /xingrg/kc/base/wldb_order_operate.html?command=get_materiel&rest_code=00150&base_code=0010446&code=00102002321 HTTP/1.1" 200 448
124.78.68.102 - - [28/Jan/2024:09:55:08 +0800] "GET /xingrg/kc/buy/cgsh_order_operate.html?command=get_materiel&rest_code=00141&code=00101008251&supplier_code=00100007&order_time=2024-01-28 HTTP/1.1" 200 408
124.78.154.219 - - [28/Jan/2024:09:55:08 +0800] "GET /xingrg/all/function/internal_message.html?_=1706406906698&CODE_STATE=getMsg HTTP/1.1" 200 27
180.163.30.76 - - [28/Jan/2024:09:55:09 +0800] "GET /xingrg/check_reg.html?_=1706406847928 HTTP/1.1" 302 -
101.83.145.37 - - [28/Jan/2024:09:55:09 +0800] "GET /xingrg/kc/buy/cgsh_order_operate.html?command=get_materiel&rest_code=00105&code=00101016105&supplier_code=00100151&order_time=2024-01-28 HTTP/1.1" 200 409
180.163.30.76 - - [28/Jan/2024:09:55:09 +0800] "GET /xingrg/login.html HTTP/1.1" 200 7641
114.83.218.35 - - [28/Jan/2024:09:55:09 +0800] "GET /xingrg/all/function/internal_message.html?_=1706406909605&CODE_STATE=getMsg HTTP/1.1" 200 27
114.95.241.104 - - [28/Jan/2024:09:55:10 +0800] "GET /xingrg/kc/base/wldb_order_operate.html?command=get_materiel&rest_code=00150&base_code=0010446&code=00102002347 HTTP/1.1" 200 458
116.230.123.222 - - [28/Jan/2024:09:55:12 +0800] "GET /xingrg/all/function/internal_message.html?_=1706406911201&CODE_STATE=getMsg HTTP/1.1" 302 -
120.253.135.82 - - [28/Jan/2024:09:55:12 +0800] "GET /xingrg/all/function/internal_message.html?_=1706406737312&CODE_STATE=getMsg HTTP/1.1" 200 27
116.230.109.177 - - [28/Jan/2024:09:55:18 +0800] "GET /xingrg/kc/buy/cgsh_order_operate.html?command=get_materiel&rest_code=00155&code=00101008223&supplier_code=00100005&order_time=2024-01-28 HTTP/1.1" 200 414
116.230.123.222 - - [28/Jan/2024:09:55:19 +0800] "GET /xingrg/kc/buy/cgsh_order_operate.html?command=get_materiel&rest_code=00111&code=00101008350&supplier_code=00100005&order_time=2024-01-28 HTTP/1.1" 200 408
101.83.145.37 - - [28/Jan/2024:09:55:20 +0800] "GET /xingrg/all/function/internal_message.html?_=1706406921611&CODE_STATE=getMsg HTTP/1.1" 200 27
101.83.145.37 - - [28/Jan/2024:09:55:24 +0800] "GET /xingrg/all/function/internal_message.html?_=1706406690064&CODE_STATE=getMsg HTTP/1.1" 200 27
124.78.68.102 - - [28/Jan/2024:09:55:28 +0800] "GET /xingrg/kc/buy/cgsh_order_operate.html?command=get_materiel&rest_code=00141&code=00101008368&supplier_code=00100007&order_time=2024-01-28 HTTP/1.1" 200 408
116.230.123.222 - - [28/Jan/2024:09:55:32 +0800] "GET /xingrg/kc/buy/cgsh_order_operate.html?command=get_materiel&rest_code=00111&code=00101009021&supplier_code=00100005&order_time=2024-01-28 HTTP/1.1" 200 418
116.230.109.177 - - [28/Jan/2024:09:55:33 +0800] "GET /xingrg/kc/buy/cgsh_order_operate.html?command=get_materiel&rest_code=00155&code=00101015110&supplier_code=00100005&order_time=2024-01-28 HTTP/1.1" 200 413
180.169.147.146 - - [28/Jan/2024:09:55:35 +0800] "GET /xingrg/all/function/internal_message.html?_=1706406935707&CODE_STATE=getMsg HTTP/1.1" 200 27
222.69.135.157 - - [28/Jan/2024:09:55:37 +0800] "GET /xingrg/all/function/internal_message.html?_=1706406938395&CODE_STATE=getMsg HTTP/1.1" 200 27
116.230.123.222 - - [28/Jan/2024:09:55:38 +0800] "POST /xingrg/kc/buy/cgsh_order_operate.html HTTP/1.1" 200 2065
101.228.146.191 - - [28/Jan/2024:09:55:39 +0800] "GET /xingrg/all/function/internal_message.html?_=1706406939240&CODE_STATE=getMsg HTTP/1.1" 200 27
124.78.68.102 - - [28/Jan/2024:09:55:40 +0800] "GET /xingrg/kc/buy/cgsh_order_operate.html?command=get_materiel&rest_code=00141&code=00101008131&supplier_code=00100007&order_time=2024-01-28 HTTP/1.1" 200 408
172.20.0.100 - - [28/Jan/2024:09:55:43 +0800] "GET /xingrg/all/function/internal_message.html?_=1706406957576&CODE_STATE=getMsg HTTP/1.1" 302 -
114.95.241.104 - - [28/Jan/2024:09:55:44 +0800] "POST /xingrg/kc/base/wldb_order_operate.html HTTP/1.1" 200 37
124.78.68.102 - - [28/Jan/2024:09:55:45 +0800] "GET /xingrg/all/function/internal_message.html?_=1706406945516&CODE_STATE=getMsg HTTP/1.1" 200 27
116.230.109.177 - - [28/Jan/2024:09:55:45 +0800] "GET /xingrg/kc/buy/cgsh_order_operate.html?command=get_materiel&rest_code=00155&code=00101008633&supplier_code=00100005&order_time=2024-01-28 HTTP/1.1" 200 414
116.230.123.222 - - [28/Jan/2024:09:55:47 +0800] "GET /xingrg/all/function/internal_message.html?_=1706406947142&CODE_STATE=getMsg HTTP/1.1" 200 27
116.230.123.222 - - [28/Jan/2024:09:55:47 +0800] "GET /xingrg/kc/buy/cgsh_order_operate.html?command=get_materiel&rest_code=00111&code=00101009044&supplier_code=00100005&order_time=2024-01-28 HTTP/1.1" 200 412
180.164.1.25 - - [28/Jan/2024:09:55:49 +0800] "GET /xingrg/all/function/internal_message.html?_=1706406949347&CODE_STATE=getMsg HTTP/1.1" 200 27
114.95.241.104 - - [28/Jan/2024:09:55:53 +0800] "POST /xingrg/kc/base/wldb_order_operate.html HTTP/1.1" 200 12
114.95.241.104 - - [28/Jan/2024:09:55:53 +0800] "POST /xingrg/kc/base/wldb_order_operate.html HTTP/1.1" 200 4623
180.164.1.25 - - [28/Jan/2024:09:55:53 +0800] "POST /xingrg/kc/buy/cgsh_order_operate.html HTTP/1.1" 200 37
114.95.241.104 - - [28/Jan/2024:09:55:55 +0800] "GET /xingrg/kc/base/wldb_order_info.html?code=422024012803025 HTTP/1.1" 200 26229
114.95.241.104 - - [28/Jan/2024:09:55:55 +0800] "GET /xingrg/words/20240128094629_words.js HTTP/1.1" 304 -
114.95.241.104 - - [28/Jan/2024:09:55:55 +0800] "GET /xingrg/javascript/easyui/themes/default/validatebox.css HTTP/1.1" 404 1104
114.95.241.104 - - [28/Jan/2024:09:55:55 +0800] "POST /xingrg/kc/base/wldb_order_operate.html HTTP/1.1" 200 2858
124.78.68.102 - - [28/Jan/2024:09:55:56 +0800] "POST /xingrg/kc/buy/cgsh_order_operate.html HTTP/1.1" 200 2065
116.230.109.177 - - [28/Jan/2024:09:55:56 +0800] "GET /xingrg/kc/buy/cgsh_order_operate.html?command=get_materiel&rest_code=00155&code=00101009031&supplier_code=00100005&order_time=2024-01-28 HTTP/1.1" 200 413
180.164.1.25 - - [28/Jan/2024:09:55:57 +0800] "POST /xingrg/kc/buy/cgsh_order_operate.html HTTP/1.1" 200 5626
116.230.109.177 - - [28/Jan/2024:09:55:58 +0800] "GET /xingrg/all/function/internal_message.html?_=1706406897542&CODE_STATE=getMsg HTTP/1.1" 200 27
116.230.109.177 - - [28/Jan/2024:09:55:58 +0800] "GET /xingrg/check_reg.html?_=1706406897546 HTTP/1.1" 200 22
116.230.123.222 - - [28/Jan/2024:09:55:58 +0800] "GET /xingrg/kc/buy/cgsh_order_operate.html?command=get_materiel&rest_code=00111&code=00101008041&supplier_code=00100005&order_time=2024-01-28 HTTP/1.1" 200 408
114.95.241.104 - - [28/Jan/2024:09:56:00 +0800] "GET /xingrg/kc/base/wldb_order_add.html HTTP/1.1" 200 30350
114.95.241.104 - - [28/Jan/2024:09:56:00 +0800] "POST /xingrg/kc/base/wldb_order_operate.html HTTP/1.1" 200 6806
114.95.241.104 - - [28/Jan/2024:09:56:00 +0800] "GET /xingrg/javascript/easyui/themes/default/validatebox.css HTTP/1.1" 404 1104
180.164.1.25 - - [28/Jan/2024:09:56:01 +0800] "GET /xingrg/kc/print/load_data.html?order_code=212024012811751&kc_code=cgsh&condition= HTTP/1.1" 200 1918
124.78.68.102 - - [28/Jan/2024:09:56:04 +0800] "GET /xingrg/kc/buy/cgsh_order_operate.html?command=get_materiel&rest_code=00141&code=00101008108&supplier_code=00100007&order_time=2024-01-28 HTTP/1.1" 200 412
124.78.68.102 - - [28/Jan/2024:09:56:05 +0800] "GET /xingrg/check_reg.html?_=1706406965423 HTTP/1.1" 200 22
124.78.154.219 - - [28/Jan/2024:09:56:08 +0800] "GET /xingrg/all/function/internal_message.html?_=1706406966670&CODE_STATE=getMsg HTTP/1.1" 200 27
114.83.218.35 - - [28/Jan/2024:09:56:09 +0800] "GET /xingrg/all/function/internal_message.html?_=1706406969613&CODE_STATE=getMsg HTTP/1.1" 200 27
116.230.109.177 - - [28/Jan/2024:09:56:10 +0800] "POST /xingrg/kc/buy/cgsh_order_operate.html HTTP/1.1" 200 2065
120.253.135.82 - - [28/Jan/2024:09:56:12 +0800] "GET /xingrg/check_reg.html?_=1706406797268 HTTP/1.1" 200 22
116.230.123.222 - - [28/Jan/2024:09:56:12 +0800] "GET /xingrg/all/function/internal_message.html?_=1706406971196&CODE_STATE=getMsg HTTP/1.1" 302 -
120.253.135.82 - - [28/Jan/2024:09:56:12 +0800] "GET /xingrg/all/function/internal_message.html?_=1706406797326&CODE_STATE=getMsg HTTP/1.1" 200 27
101.83.145.37 - - [28/Jan/2024:09:56:14 +0800] "GET /xingrg/check_reg.html?_=1706406740314 HTTP/1.1" 200 22
101.83.145.37 - - [28/Jan/2024:09:56:20 +0800] "GET /xingrg/all/function/internal_message.html?_=1706406981609&CODE_STATE=getMsg HTTP/1.1" 200 27
101.83.145.37 - - [28/Jan/2024:09:56:24 +0800] "GET /xingrg/all/function/internal_message.html?_=1706406750035&CODE_STATE=getMsg HTTP/1.1" 200 27
116.230.123.222 - - [28/Jan/2024:09:56:26 +0800] "POST /xingrg/kc/buy/cgsh_order_operate.html HTTP/1.1" 200 37
116.230.109.177 - - [28/Jan/2024:09:56:28 +0800] "GET /xingrg/kc/buy/cgsh_order_operate.html?command=get_materiel&rest_code=00155&code=00101009015&supplier_code=00100005&order_time=2024-01-28 HTTP/1.1" 200 416
124.78.68.102 - - [28/Jan/2024:09:56:28 +0800] "GET /xingrg/kc/buy/cgsh_order_operate.html?command=get_materiel&rest_code=00141&code=00101008353&supplier_code=00100007&order_time=2024-01-28 HTTP/1.1" 200 408
114.95.241.104 - - [28/Jan/2024:09:56:34 +0800] "GET /xingrg/kc/base/wldb_order_operate.html?command=get_materiel&rest_code=00150&base_code=0010446&code=00102001073 HTTP/1.1" 200 434
180.169.147.146 - - [28/Jan/2024:09:56:35 +0800] "GET /xingrg/all/function/internal_message.html?_=1706406995713&CODE_STATE=getMsg HTTP/1.1" 200 27
180.169.147.146 - - [28/Jan/2024:09:56:35 +0800] "GET /xingrg/check_reg.html?_=1706406995719 HTTP/1.1" 200 22
222.69.135.157 - - [28/Jan/2024:09:56:37 +0800] "GET /xingrg/all/function/internal_message.html?_=1706406998389&CODE_STATE=getMsg HTTP/1.1" 200 27
101.228.146.191 - - [28/Jan/2024:09:56:39 +0800] "GET /xingrg/all/function/internal_message.html?_=1706406999247&CODE_STATE=getMsg HTTP/1.1" 200 27
114.95.241.104 - - [28/Jan/2024:09:56:40 +0800] "GET /xingrg/all/function/internal_message.html?_=1706407000198&CODE_STATE=getMsg HTTP/1.1" 200 27
116.230.109.177 - - [28/Jan/2024:09:56:41 +0800] "GET /xingrg/kc/buy/cgsh_order_operate.html?command=get_materiel&rest_code=00155&code=00101009175&supplier_code=00100005&order_time=2024-01-28 HTTP/1.1" 200 415
114.95.241.104 - - [28/Jan/2024:09:56:41 +0800] "GET /xingrg/kc/base/wldb_order_operate.html?command=get_materiel&rest_code=00150&base_code=0010446&code=00102001151 HTTP/1.1" 200 434
172.20.0.100 - - [28/Jan/2024:09:56:43 +0800] "GET /xingrg/all/function/internal_message.html?_=1706407017574&CODE_STATE=getMsg HTTP/1.1" 302 -
124.78.68.102 - - [28/Jan/2024:09:56:45 +0800] "GET /xingrg/all/function/internal_message.html?_=1706407005498&CODE_STATE=getMsg HTTP/1.1" 200 27
114.95.241.104 - - [28/Jan/2024:09:56:48 +0800] "GET /xingrg/kc/base/wldb_order_operate.html?command=get_materiel&rest_code=00150&base_code=0010446&code=00102012048 HTTP/1.1" 200 445
180.164.1.25 - - [28/Jan/2024:09:56:49 +0800] "GET /xingrg/all/function/internal_message.html?_=1706407009324&CODE_STATE=getMsg HTTP/1.1" 200 27
116.230.109.177 - - [28/Jan/2024:09:56:50 +0800] "GET /xingrg/kc/buy/cgsh_order_operate.html?command=get_materiel&rest_code=00155&code=00101009160&supplier_code=00100005&order_time=2024-01-28 HTTP/1.1" 200 415
124.78.68.102 - - [28/Jan/2024:09:56:52 +0800] "GET /xingrg/kc/buy/cgsh_order_operate.html?command=get_materiel&rest_code=00141&code=00101008274&supplier_code=00100007&order_time=2024-01-28 HTTP/1.1" 200 412
114.95.241.104 - - [28/Jan/2024:09:57:01 +0800] "GET /xingrg/kc/base/wldb_order_operate.html?command=get_materiel&rest_code=00150&base_code=0010446&code=00102012040 HTTP/1.1" 200 452
116.230.123.222 - - [28/Jan/2024:09:57:04 +0800] "POST /xingrg/kc/buy/cgsh_order_operate.html HTTP/1.1" 200 12
116.230.123.222 - - [28/Jan/2024:09:57:06 +0800] "GET /xingrg/kc/buy/cgsh_order_info.html?code=212024012811752 HTTP/1.1" 200 67987
116.230.123.222 - - [28/Jan/2024:09:57:06 +0800] "GET /xingrg/words/20240128094629_words.js HTTP/1.1" 200 1011255
116.230.123.222 - - [28/Jan/2024:09:57:07 +0800] "GET /xingrg/javascript/easyui/themes/default/validatebox.css HTTP/1.1" 404 1104
180.163.30.85 - - [28/Jan/2024:09:57:08 +0800] "GET /xingrg/all/function/internal_message.html?_=1706406966670&CODE_STATE=getMsg HTTP/1.1" 302 -
124.78.154.219 - - [28/Jan/2024:09:57:08 +0800] "GET /xingrg/all/function/internal_message.html?_=1706407026647&CODE_STATE=getMsg HTTP/1.1" 200 27
116.230.123.222 - - [28/Jan/2024:09:57:08 +0800] "POST /xingrg/kc/buy/cgsh_order_operate.html HTTP/1.1" 200 39005
180.163.30.85 - - [28/Jan/2024:09:57:08 +0800] "GET /xingrg/login.html HTTP/1.1" 200 7641
114.83.218.35 - - [28/Jan/2024:09:57:09 +0800] "GET /xingrg/all/function/internal_message.html?_=1706407029617&CODE_STATE=getMsg HTTP/1.1" 200 27
116.230.123.222 - - [28/Jan/2024:09:57:12 +0800] "GET /xingrg/all/function/internal_message.html?_=1706407031188&CODE_STATE=getMsg HTTP/1.1" 302 -
116.230.123.222 - - [28/Jan/2024:09:57:12 +0800] "GET /xingrg/check_reg.html?_=1706407031190 HTTP/1.1" 302 -
120.253.135.82 - - [28/Jan/2024:09:57:12 +0800] "GET /xingrg/all/function/internal_message.html?_=1706406857339&CODE_STATE=getMsg HTTP/1.1" 200 27
114.95.241.104 - - [28/Jan/2024:09:57:14 +0800] "POST /xingrg/kc/base/wldb_order_operate.html HTTP/1.1" 200 37
114.95.241.104 - - [28/Jan/2024:09:57:15 +0800] "POST /xingrg/kc/base/wldb_order_operate.html HTTP/1.1" 200 3631
116.230.109.177 - - [28/Jan/2024:09:57:19 +0800] "POST /xingrg/kc/buy/cgsh_order_operate.html HTTP/1.1" 200 37
116.230.123.222 - - [28/Jan/2024:09:57:19 +0800] "GET /xingrg/kc/print/load_data.html?order_code=212024012811752&kc_code=cgsh&condition= HTTP/1.1" 200 15229
101.83.145.37 - - [28/Jan/2024:09:57:20 +0800] "GET /xingrg/all/function/internal_message.html?_=1706407041607&CODE_STATE=getMsg HTTP/1.1" 200 27
114.95.241.104 - - [28/Jan/2024:09:57:21 +0800] "POST /xingrg/kc/base/wldb_order_operate.html HTTP/1.1" 200 12
116.230.109.177 - - [28/Jan/2024:09:57:21 +0800] "POST /xingrg/kc/buy/cgsh_order_operate.html HTTP/1.1" 200 34665
114.95.241.104 - - [28/Jan/2024:09:57:23 +0800] "GET /xingrg/kc/base/wldb_order_info.html?code=422024012803026 HTTP/1.1" 200 26229
114.95.241.104 - - [28/Jan/2024:09:57:23 +0800] "GET /xingrg/words/20240128094629_words.js HTTP/1.1" 304 -
114.95.241.104 - - [28/Jan/2024:09:57:24 +0800] "GET /xingrg/javascript/easyui/themes/default/validatebox.css HTTP/1.1" 404 1104
114.95.241.104 - - [28/Jan/2024:09:57:24 +0800] "POST /xingrg/kc/base/wldb_order_operate.html HTTP/1.1" 200 1893
101.83.145.37 - - [28/Jan/2024:09:57:24 +0800] "GET /xingrg/all/function/internal_message.html?_=1706406810021&CODE_STATE=getMsg HTTP/1.1" 200 27
114.95.241.104 - - [28/Jan/2024:09:57:27 +0800] "GET /xingrg/kc/base/wldb_order_add.html HTTP/1.1" 200 30350
114.95.241.104 - - [28/Jan/2024:09:57:27 +0800] "POST /xingrg/kc/base/wldb_order_operate.html HTTP/1.1" 200 6806
114.95.241.104 - - [28/Jan/2024:09:57:27 +0800] "GET /xingrg/javascript/easyui/themes/default/validatebox.css HTTP/1.1" 404 1104
180.169.147.146 - - [28/Jan/2024:09:57:35 +0800] "GET /xingrg/all/function/internal_message.html?_=1706407055722&CODE_STATE=getMsg HTTP/1.1" 200 27
222.69.135.157 - - [28/Jan/2024:09:57:37 +0800] "GET /xingrg/all/function/internal_message.html?_=1706407058380&CODE_STATE=getMsg HTTP/1.1" 200 27
101.228.146.191 - - [28/Jan/2024:09:57:39 +0800] "GET /xingrg/all/function/internal_message.html?_=1706407059242&CODE_STATE=getMsg HTTP/1.1" 200 27
114.95.241.104 - - [28/Jan/2024:09:57:40 +0800] "GET /xingrg/check_reg.html?_=1706407060179 HTTP/1.1" 200 22
114.95.241.104 - - [28/Jan/2024:09:57:40 +0800] "GET /xingrg/all/function/internal_message.html?_=1706407060182&CODE_STATE=getMsg HTTP/1.1" 200 27
172.20.0.100 - - [28/Jan/2024:09:57:43 +0800] "GET /xingrg/all/function/internal_message.html?_=1706407077589&CODE_STATE=getMsg HTTP/1.1" 302 -
124.78.68.102 - - [28/Jan/2024:09:57:45 +0800] "GET /xingrg/all/function/internal_message.html?_=1706407065471&CODE_STATE=getMsg HTTP/1.1" 200 27
116.230.123.222 - - [28/Jan/2024:09:57:47 +0800] "GET /xingrg/all/function/internal_message.html?_=1706407067161&CODE_STATE=getMsg HTTP/1.1" 200 27
124.78.68.102 - - [28/Jan/2024:09:57:48 +0800] "GET /xingrg/kc/buy/cgsh_order_operate.html?command=get_materiel&rest_code=00141&code=00101008284&supplier_code=00100007&order_time=2024-01-28 HTTP/1.1" 200 413
180.164.1.25 - - [28/Jan/2024:09:57:49 +0800] "GET /xingrg/all/function/internal_message.html?_=1706407069301&CODE_STATE=getMsg HTTP/1.1" 200 27
114.95.241.104 - - [28/Jan/2024:09:57:50 +0800] "GET /xingrg/kc/base/wldb_order_operate.html?command=get_materiel&rest_code=00150&base_code=0010445&code=00101019155 HTTP/1.1" 200 479
124.78.68.102 - - [28/Jan/2024:09:57:56 +0800] "POST /xingrg/kc/buy/cgsh_order_operate.html HTTP/1.1" 200 2065
116.230.109.177 - - [28/Jan/2024:09:57:58 +0800] "GET /xingrg/all/function/internal_message.html?_=1706407017556&CODE_STATE=getMsg HTTP/1.1" 200 27
116.235.245.10 - - [28/Jan/2024:09:57:59 +0800] "GET /xingrg/check_reg.html?_=1706407105733 HTTP/1.1" 200 22
101.83.145.37 - - [28/Jan/2024:09:58:02 +0800] "POST /xingrg/kc/buy/cgsh_order_operate.html HTTP/1.1" 200 37
101.83.145.37 - - [28/Jan/2024:09:58:04 +0800] "POST /xingrg/kc/buy/cgsh_order_operate.html HTTP/1.1" 200 7990
114.95.241.104 - - [28/Jan/2024:09:58:04 +0800] "GET /xingrg/kc/base/wldb_order_operate.html?command=get_materiel&rest_code=00150&base_code=0010445&code=00101019401 HTTP/1.1" 200 474
101.83.145.37 - - [28/Jan/2024:09:58:06 +0800] "GET /xingrg/kc/print/load_data.html?order_code=212024012811753&kc_code=cgsh&condition= HTTP/1.1" 200 2669
124.78.68.102 - - [28/Jan/2024:09:58:06 +0800] "GET /xingrg/kc/buy/cgsh_order_operate.html?command=get_materiel&rest_code=00141&code=00101008285&supplier_code=00100007&order_time=2024-01-28 HTTP/1.1" 200 413
124.78.154.219 - - [28/Jan/2024:09:58:08 +0800] "GET /xingrg/all/function/internal_message.html?_=1706407086618&CODE_STATE=getMsg HTTP/1.1" 200 27
180.163.29.219 - - [28/Jan/2024:09:58:08 +0800] "GET /xingrg/all/function/internal_message.html?_=1706407026647&CODE_STATE=getMsg HTTP/1.1" 302 -
180.163.29.219 - - [28/Jan/2024:09:58:08 +0800] "GET /xingrg/login.html HTTP/1.1" 200 7641
114.83.218.35 - - [28/Jan/2024:09:58:09 +0800] "GET /xingrg/check_reg.html?_=1706407089618 HTTP/1.1" 200 22
114.83.218.35 - - [28/Jan/2024:09:58:09 +0800] "GET /xingrg/all/function/internal_message.html?_=1706407089622&CODE_STATE=getMsg HTTP/1.1" 200 27
114.95.241.104 - - [28/Jan/2024:09:58:10 +0800] "GET /xingrg/kc/base/wldb_order_operate.html?command=get_materiel&rest_code=00150&base_code=0010445&code=00101016020 HTTP/1.1" 200 446
116.230.123.222 - - [28/Jan/2024:09:58:12 +0800] "GET /xingrg/all/function/internal_message.html?_=1706407091208&CODE_STATE=getMsg HTTP/1.1" 302 -
120.253.135.82 - - [28/Jan/2024:09:58:12 +0800] "GET /xingrg/all/function/internal_message.html?_=1706406917365&CODE_STATE=getMsg HTTP/1.1" 200 27
101.83.145.37 - - [28/Jan/2024:09:58:20 +0800] "GET /xingrg/check_reg.html?_=1706407101622 HTTP/1.1" 200 22
101.83.145.37 - - [28/Jan/2024:09:58:20 +0800] "GET /xingrg/all/function/internal_message.html?_=1706407101624&CODE_STATE=getMsg HTTP/1.1" 200 27
101.83.145.37 - - [28/Jan/2024:09:58:24 +0800] "GET /xingrg/all/function/internal_message.html?_=1706406870032&CODE_STATE=getMsg HTTP/1.1" 200 27
114.95.241.104 - - [28/Jan/2024:09:58:26 +0800] "POST /xingrg/kc/base/wldb_order_operate.html HTTP/1.1" 200 37
