180.169.147.146 - - [28/Jan/2024:06:16:35 +0800] "GET /xingrg/all/function/internal_message.html?_=1706393795563&CODE_STATE=getMsg HTTP/1.1" 200 27
180.169.147.146 - - [28/Jan/2024:06:16:35 +0800] "GET /xingrg/check_reg.html?_=1706393795567 HTTP/1.1" 200 22
172.20.0.100 - - [28/Jan/2024:06:16:43 +0800] "GET /xingrg/all/function/internal_message.html?_=1706393817457&CODE_STATE=getMsg HTTP/1.1" 302 -
124.78.68.102 - - [28/Jan/2024:06:16:49 +0800] "GET /xingrg/all/function/internal_message.html?_=1706393809818&CODE_STATE=getMsg HTTP/1.1" 200 27
116.235.244.89 - - [28/Jan/2024:06:16:53 +0800] "GET /xingrg/all/function/internal_message.html?_=1706393839395&CODE_STATE=getMsg HTTP/1.1" 200 27
116.230.109.177 - - [28/Jan/2024:06:17:01 +0800] "GET /xingrg/all/function/internal_message.html?_=1706393760992&CODE_STATE=getMsg HTTP/1.1" 200 27
116.230.109.177 - - [28/Jan/2024:06:17:06 +0800] "GET /xingrg/all/function/internal_message.html?_=1706393765529&CODE_STATE=getMsg HTTP/1.1" 200 27
114.95.241.104 - - [28/Jan/2024:06:17:06 +0800] "GET /xingrg/all/function/internal_message.html?_=1706393826812&CODE_STATE=getMsg HTTP/1.1" 200 27
116.230.123.222 - - [28/Jan/2024:06:17:12 +0800] "GET /xingrg/check_reg.html?_=1706393831196 HTTP/1.1" 302 -
116.230.123.222 - - [28/Jan/2024:06:17:12 +0800] "GET /xingrg/all/function/internal_message.html?_=1706393831198&CODE_STATE=getMsg HTTP/1.1" 302 -
101.83.145.37 - - [28/Jan/2024:06:17:20 +0800] "GET /xingrg/all/function/internal_message.html?_=1706393841349&CODE_STATE=getMsg HTTP/1.1" 200 27
114.95.241.104 - - [28/Jan/2024:06:17:21 +0800] "GET /xingrg/all/function/internal_message.html?_=1706393841697&CODE_STATE=getMsg HTTP/1.1" 200 27
116.230.109.177 - - [28/Jan/2024:06:17:23 +0800] "GET /xingrg/check_reg.html?_=1706393783173 HTTP/1.1" 200 22
116.230.109.177 - - [28/Jan/2024:06:17:23 +0800] "GET /xingrg/all/function/internal_message.html?_=1706393783175&CODE_STATE=getMsg HTTP/1.1" 200 27
120.253.135.82 - - [28/Jan/2024:06:17:29 +0800] "GET /xingrg/all/function/internal_message.html?_=1706393675502&CODE_STATE=getMsg HTTP/1.1" 200 27
180.169.147.146 - - [28/Jan/2024:06:17:35 +0800] "GET /xingrg/all/function/internal_message.html?_=1706393855570&CODE_STATE=getMsg HTTP/1.1" 200 27
172.20.0.100 - - [28/Jan/2024:06:17:43 +0800] "GET /xingrg/all/function/internal_message.html?_=1706393877456&CODE_STATE=getMsg HTTP/1.1" 302 -
124.78.68.102 - - [28/Jan/2024:06:17:49 +0800] "GET /xingrg/all/function/internal_message.html?_=1706393869796&CODE_STATE=getMsg HTTP/1.1" 200 27
116.235.244.89 - - [28/Jan/2024:06:17:53 +0800] "GET /xingrg/all/function/internal_message.html?_=1706393899399&CODE_STATE=getMsg HTTP/1.1" 200 27
116.230.109.177 - - [28/Jan/2024:06:18:01 +0800] "GET /xingrg/all/function/internal_message.html?_=1706393820990&CODE_STATE=getMsg HTTP/1.1" 200 27
116.230.109.177 - - [28/Jan/2024:06:18:06 +0800] "GET /xingrg/all/function/internal_message.html?_=1706393825524&CODE_STATE=getMsg HTTP/1.1" 200 27
114.95.241.104 - - [28/Jan/2024:06:18:06 +0800] "GET /xingrg/all/function/internal_message.html?_=1706393886813&CODE_STATE=getMsg HTTP/1.1" 200 27
116.230.123.222 - - [28/Jan/2024:06:18:12 +0800] "GET /xingrg/all/function/internal_message.html?_=1706393891200&CODE_STATE=getMsg HTTP/1.1" 302 -
101.83.145.37 - - [28/Jan/2024:06:18:20 +0800] "GET /xingrg/all/function/internal_message.html?_=1706393901349&CODE_STATE=getMsg HTTP/1.1" 200 27
101.83.145.37 - - [28/Jan/2024:06:18:20 +0800] "GET /xingrg/check_reg.html?_=1706393901353 HTTP/1.1" 200 22
114.95.241.104 - - [28/Jan/2024:06:18:21 +0800] "GET /xingrg/all/function/internal_message.html?_=1706393901698&CODE_STATE=getMsg HTTP/1.1" 200 27
114.95.241.104 - - [28/Jan/2024:06:18:21 +0800] "GET /xingrg/check_reg.html?_=1706393901701 HTTP/1.1" 200 22
116.230.109.177 - - [28/Jan/2024:06:18:23 +0800] "GET /xingrg/all/function/internal_message.html?_=1706393843166&CODE_STATE=getMsg HTTP/1.1" 200 27
120.253.135.82 - - [28/Jan/2024:06:18:30 +0800] "GET /xingrg/all/function/internal_message.html?_=1706393735577&CODE_STATE=getMsg HTTP/1.1" 200 27
180.169.147.146 - - [28/Jan/2024:06:18:35 +0800] "GET /xingrg/all/function/internal_message.html?_=1706393915569&CODE_STATE=getMsg HTTP/1.1" 200 27
116.235.244.89 - - [28/Jan/2024:06:18:41 +0800] "POST /xingrg/services/DataTransmitService HTTP/1.1" 200 524
116.235.244.89 - - [28/Jan/2024:06:18:42 +0800] "POST /xingrg/services/DataTransmitService HTTP/1.1" 200 412
172.20.0.100 - - [28/Jan/2024:06:18:43 +0800] "GET /xingrg/all/function/internal_message.html?_=1706393937454&CODE_STATE=getMsg HTTP/1.1" 302 -
172.20.0.100 - - [28/Jan/2024:06:18:43 +0800] "GET /xingrg/check_reg.html?_=1706393937455 HTTP/1.1" 302 -
124.78.68.102 - - [28/Jan/2024:06:18:49 +0800] "GET /xingrg/all/function/internal_message.html?_=1706393929774&CODE_STATE=getMsg HTTP/1.1" 200 27
116.235.244.89 - - [28/Jan/2024:06:18:52 +0800] "GET /xingrg/check_reg.html?_=1706393958422 HTTP/1.1" 200 22
116.235.244.89 - - [28/Jan/2024:06:18:53 +0800] "GET /xingrg/all/function/internal_message.html?_=1706393959413&CODE_STATE=getMsg HTTP/1.1" 200 27
124.79.240.117 - - [28/Jan/2024:06:18:56 +0800] "GET /xingrg/check_reg.html?_=1706393935897 HTTP/1.1" 302 -
116.230.109.177 - - [28/Jan/2024:06:19:01 +0800] "GET /xingrg/all/function/internal_message.html?_=1706393880990&CODE_STATE=getMsg HTTP/1.1" 200 27
116.230.109.177 - - [28/Jan/2024:06:19:06 +0800] "GET /xingrg/all/function/internal_message.html?_=1706393885535&CODE_STATE=getMsg HTTP/1.1" 200 27
114.95.241.104 - - [28/Jan/2024:06:19:06 +0800] "GET /xingrg/all/function/internal_message.html?_=1706393946827&CODE_STATE=getMsg HTTP/1.1" 200 27
116.230.123.222 - - [28/Jan/2024:06:19:12 +0800] "GET /xingrg/all/function/internal_message.html?_=1706393951198&CODE_STATE=getMsg HTTP/1.1" 302 -
101.83.145.37 - - [28/Jan/2024:06:19:20 +0800] "GET /xingrg/all/function/internal_message.html?_=1706393961353&CODE_STATE=getMsg HTTP/1.1" 200 27
114.95.241.104 - - [28/Jan/2024:06:19:21 +0800] "GET /xingrg/all/function/internal_message.html?_=1706393961698&CODE_STATE=getMsg HTTP/1.1" 200 27
116.230.109.177 - - [28/Jan/2024:06:19:23 +0800] "GET /xingrg/all/function/internal_message.html?_=1706393903168&CODE_STATE=getMsg HTTP/1.1" 200 27
120.253.135.82 - - [28/Jan/2024:06:19:30 +0800] "GET /xingrg/all/function/internal_message.html?_=1706393795593&CODE_STATE=getMsg HTTP/1.1" 200 27
180.169.147.146 - - [28/Jan/2024:06:19:35 +0800] "GET /xingrg/all/function/internal_message.html?_=1706393975574&CODE_STATE=getMsg HTTP/1.1" 200 27
172.20.0.100 - - [28/Jan/2024:06:19:43 +0800] "GET /xingrg/all/function/internal_message.html?_=1706393997454&CODE_STATE=getMsg HTTP/1.1" 302 -
124.78.68.102 - - [28/Jan/2024:06:19:49 +0800] "GET /xingrg/all/function/internal_message.html?_=1706393989748&CODE_STATE=getMsg HTTP/1.1" 200 27
116.230.109.177 - - [28/Jan/2024:06:20:01 +0800] "GET /xingrg/all/function/internal_message.html?_=1706393940979&CODE_STATE=getMsg HTTP/1.1" 200 27
116.230.109.177 - - [28/Jan/2024:06:20:06 +0800] "GET /xingrg/all/function/internal_message.html?_=1706393945523&CODE_STATE=getMsg HTTP/1.1" 200 27
114.95.241.104 - - [28/Jan/2024:06:20:06 +0800] "GET /xingrg/all/function/internal_message.html?_=1706394006820&CODE_STATE=getMsg HTTP/1.1" 200 27
114.95.241.104 - - [28/Jan/2024:06:20:08 +0800] "POST /xingrg/services/DataTransmitService HTTP/1.1" 200 524
116.230.123.222 - - [28/Jan/2024:06:20:12 +0800] "GET /xingrg/all/function/internal_message.html?_=1706394011198&CODE_STATE=getMsg HTTP/1.1" 302 -
101.83.145.37 - - [28/Jan/2024:06:20:20 +0800] "GET /xingrg/all/function/internal_message.html?_=1706394021354&CODE_STATE=getMsg HTTP/1.1" 200 27
114.95.241.104 - - [28/Jan/2024:06:20:21 +0800] "GET /xingrg/all/function/internal_message.html?_=1706394021704&CODE_STATE=getMsg HTTP/1.1" 200 27
116.230.109.177 - - [28/Jan/2024:06:20:23 +0800] "GET /xingrg/all/function/internal_message.html?_=1706393963165&CODE_STATE=getMsg HTTP/1.1" 200 27
120.253.135.82 - - [28/Jan/2024:06:20:24 +0800] "GET /xingrg/check_reg.html?_=1706393849929 HTTP/1.1" 200 22
120.253.135.82 - - [28/Jan/2024:06:20:30 +0800] "GET /xingrg/all/function/internal_message.html?_=1706393855605&CODE_STATE=getMsg HTTP/1.1" 200 27
180.169.147.146 - - [28/Jan/2024:06:20:35 +0800] "GET /xingrg/all/function/internal_message.html?_=1706394035568&CODE_STATE=getMsg HTTP/1.1" 200 27
172.20.0.100 - - [28/Jan/2024:06:20:43 +0800] "GET /xingrg/all/function/internal_message.html?_=1706394057452&CODE_STATE=getMsg HTTP/1.1" 302 -
116.235.244.89 - - [28/Jan/2024:06:20:49 +0800] "POST /xingrg/kc/buy/cgsh_list_operate.html HTTP/1.1" 200 4
124.78.68.102 - - [28/Jan/2024:06:20:49 +0800] "GET /xingrg/all/function/internal_message.html?_=1706394049723&CODE_STATE=getMsg HTTP/1.1" 200 27
116.235.244.89 - - [28/Jan/2024:06:20:53 +0800] "GET /xingrg/all/function/internal_message.html?_=1706394079441&CODE_STATE=getMsg HTTP/1.1" 200 27
116.230.109.177 - - [28/Jan/2024:06:21:01 +0800] "GET /xingrg/all/function/internal_message.html?_=1706394000990&CODE_STATE=getMsg HTTP/1.1" 200 27
116.230.109.177 - - [28/Jan/2024:06:21:01 +0800] "GET /xingrg/check_reg.html?_=1706394000992 HTTP/1.1" 200 22
124.78.68.102 - - [28/Jan/2024:06:21:05 +0800] "GET /xingrg/check_reg.html?_=1706394065532 HTTP/1.1" 200 22
116.230.109.177 - - [28/Jan/2024:06:21:06 +0800] "GET /xingrg/all/function/internal_message.html?_=1706394005529&CODE_STATE=getMsg HTTP/1.1" 200 27
116.230.109.177 - - [28/Jan/2024:06:21:06 +0800] "GET /xingrg/check_reg.html?_=1706394005531 HTTP/1.1" 200 22
114.95.241.104 - - [28/Jan/2024:06:21:06 +0800] "GET /xingrg/check_reg.html?_=1706394066816 HTTP/1.1" 200 22
114.95.241.104 - - [28/Jan/2024:06:21:06 +0800] "GET /xingrg/all/function/internal_message.html?_=1706394066818&CODE_STATE=getMsg HTTP/1.1" 200 27
116.230.123.222 - - [28/Jan/2024:06:21:12 +0800] "GET /xingrg/all/function/internal_message.html?_=1706394071192&CODE_STATE=getMsg HTTP/1.1" 302 -
101.83.145.37 - - [28/Jan/2024:06:21:20 +0800] "GET /xingrg/all/function/internal_message.html?_=1706394081355&CODE_STATE=getMsg HTTP/1.1" 200 27
120.253.135.82 - - [28/Jan/2024:06:21:21 +0800] "POST /xingrg/kc/pszx/mdps_list_operate.html HTTP/1.1" 200 2810
114.95.241.104 - - [28/Jan/2024:06:21:21 +0800] "GET /xingrg/all/function/internal_message.html?_=1706394081707&CODE_STATE=getMsg HTTP/1.1" 200 27
116.235.244.89 - - [28/Jan/2024:06:21:23 +0800] "POST /xingrg/kc/buy/cgsh_list_operate.html HTTP/1.1" 200 5919
116.230.109.177 - - [28/Jan/2024:06:21:23 +0800] "GET /xingrg/all/function/internal_message.html?_=1706394023172&CODE_STATE=getMsg HTTP/1.1" 200 27
120.253.135.82 - - [28/Jan/2024:06:21:25 +0800] "GET /xingrg/kc/pszx/mdps_order_add.html HTTP/1.1" 200 29064
120.253.135.82 - - [28/Jan/2024:06:21:26 +0800] "POST /xingrg/kc/pszx/mdps_order_operate.html HTTP/1.1" 200 7126
120.253.135.82 - - [28/Jan/2024:06:21:26 +0800] "GET /xingrg/javascript/easyui/themes/default/validatebox.css HTTP/1.1" 404 1104
120.253.135.82 - - [28/Jan/2024:06:21:30 +0800] "GET /xingrg/all/function/internal_message.html?_=1706393915618&CODE_STATE=getMsg HTTP/1.1" 200 27
120.253.135.82 - - [28/Jan/2024:06:21:32 +0800] "GET /xingrg/javascript/jquery_tools/images/prev.gif HTTP/1.1" 404 1086
120.253.135.82 - - [28/Jan/2024:06:21:32 +0800] "GET /xingrg/javascript/jquery_tools/images/next.gif HTTP/1.1" 404 1086
180.169.147.146 - - [28/Jan/2024:06:21:35 +0800] "GET /xingrg/check_reg.html?_=1706394095564 HTTP/1.1" 200 22
180.169.147.146 - - [28/Jan/2024:06:21:35 +0800] "GET /xingrg/all/function/internal_message.html?_=1706394095572&CODE_STATE=getMsg HTTP/1.1" 200 27
120.253.135.82 - - [28/Jan/2024:06:21:36 +0800] "POST /xingrg/all/common/load_combo.html?type=base HTTP/1.1" 200 1169
172.20.0.100 - - [28/Jan/2024:06:21:43 +0800] "GET /xingrg/all/function/internal_message.html?_=1706394117452&CODE_STATE=getMsg HTTP/1.1" 302 -
120.253.135.82 - - [28/Jan/2024:06:21:46 +0800] "GET /xingrg/kc/pszx/mdps_order_operate.html?command=get_materiel&pszx_code=00101&rest_code=00148&base_code=0010252&code=00101014040 HTTP/1.1" 200 434
124.78.68.102 - - [28/Jan/2024:06:21:49 +0800] "GET /xingrg/all/function/internal_message.html?_=1706394109712&CODE_STATE=getMsg HTTP/1.1" 200 27
116.235.244.89 - - [28/Jan/2024:06:21:53 +0800] "GET /xingrg/all/function/internal_message.html?_=1706394139454&CODE_STATE=getMsg HTTP/1.1" 200 27
120.253.135.82 - - [28/Jan/2024:06:21:58 +0800] "GET /xingrg/kc/pszx/mdps_order_operate.html?command=get_materiel&pszx_code=00101&rest_code=00148&base_code=0010252&code=00101014073 HTTP/1.1" 200 435
116.230.109.177 - - [28/Jan/2024:06:22:01 +0800] "GET /xingrg/all/function/internal_message.html?_=1706394060985&CODE_STATE=getMsg HTTP/1.1" 200 27
120.253.135.82 - - [28/Jan/2024:06:22:04 +0800] "POST /xingrg/kc/pszx/mdps_order_operate.html HTTP/1.1" 200 37
120.253.135.82 - - [28/Jan/2024:06:22:05 +0800] "GET /xingrg/kc/pszx/mdps_order_info.html?code=312024012800776 HTTP/1.1" 200 23978
116.230.109.177 - - [28/Jan/2024:06:22:06 +0800] "GET /xingrg/all/function/internal_message.html?_=1706394065522&CODE_STATE=getMsg HTTP/1.1" 200 27
120.253.135.82 - - [28/Jan/2024:06:22:06 +0800] "GET /xingrg/javascript/easyui/themes/default/validatebox.css HTTP/1.1" 404 1104
114.95.241.104 - - [28/Jan/2024:06:22:06 +0800] "GET /xingrg/all/function/internal_message.html?_=1706394126815&CODE_STATE=getMsg HTTP/1.1" 200 27
120.253.135.82 - - [28/Jan/2024:06:22:06 +0800] "POST /xingrg/kc/pszx/mdps_order_operate.html HTTP/1.1" 200 2765
120.253.135.82 - - [28/Jan/2024:06:22:07 +0800] "POST /xingrg/kc/pszx/mdps_list_operate.html HTTP/1.1" 200 3182
120.253.135.82 - - [28/Jan/2024:06:22:09 +0800] "POST /xingrg/kc/pszx/mdps_list_operate.html HTTP/1.1" 200 608
120.253.135.82 - - [28/Jan/2024:06:22:11 +0800] "GET /xingrg/kc/pszx/mdps_order_info.html?code=312024012800775 HTTP/1.1" 200 23978
116.230.123.222 - - [28/Jan/2024:06:22:12 +0800] "GET /xingrg/all/function/internal_message.html?_=1706394131182&CODE_STATE=getMsg HTTP/1.1" 302 -
116.230.123.222 - - [28/Jan/2024:06:22:12 +0800] "GET /xingrg/check_reg.html?_=1706394131184 HTTP/1.1" 302 -
120.253.135.82 - - [28/Jan/2024:06:22:12 +0800] "GET /xingrg/javascript/easyui/themes/default/validatebox.css HTTP/1.1" 404 1104
120.253.135.82 - - [28/Jan/2024:06:22:12 +0800] "POST /xingrg/kc/pszx/mdps_order_operate.html HTTP/1.1" 200 32261
101.83.145.37 - - [28/Jan/2024:06:22:20 +0800] "GET /xingrg/all/function/internal_message.html?_=1706394141355&CODE_STATE=getMsg HTTP/1.1" 200 27
114.95.241.104 - - [28/Jan/2024:06:22:21 +0800] "GET /xingrg/all/function/internal_message.html?_=1706394141694&CODE_STATE=getMsg HTTP/1.1" 200 27
116.230.109.177 - - [28/Jan/2024:06:22:23 +0800] "GET /xingrg/all/function/internal_message.html?_=1706394083172&CODE_STATE=getMsg HTTP/1.1" 200 27
116.230.109.177 - - [28/Jan/2024:06:22:23 +0800] "GET /xingrg/check_reg.html?_=1706394083175 HTTP/1.1" 200 22
120.253.135.82 - - [28/Jan/2024:06:22:30 +0800] "GET /xingrg/all/function/internal_message.html?_=1706393975632&CODE_STATE=getMsg HTTP/1.1" 200 27
180.169.147.146 - - [28/Jan/2024:06:22:35 +0800] "GET /xingrg/all/function/internal_message.html?_=1706394155570&CODE_STATE=getMsg HTTP/1.1" 200 27
120.253.135.82 - - [28/Jan/2024:06:22:39 +0800] "POST /xingrg/kc/pszx/mdps_order_operate.html HTTP/1.1" 200 37
120.253.135.82 - - [28/Jan/2024:06:22:41 +0800] "GET /xingrg/kc/pszx/mdps_order_info.html?code=312024012800775 HTTP/1.1" 200 23978
120.253.135.82 - - [28/Jan/2024:06:22:41 +0800] "GET /xingrg/javascript/easyui/themes/default/validatebox.css HTTP/1.1" 404 1104
120.253.135.82 - - [28/Jan/2024:06:22:42 +0800] "POST /xingrg/kc/pszx/mdps_order_operate.html HTTP/1.1" 200 31279
120.253.135.82 - - [28/Jan/2024:06:22:43 +0800] "POST /xingrg/kc/pszx/mdps_list_operate.html HTTP/1.1" 200 3182
172.20.0.100 - - [28/Jan/2024:06:22:43 +0800] "GET /xingrg/all/function/internal_message.html?_=1706394177450&CODE_STATE=getMsg HTTP/1.1" 302 -
120.253.135.82 - - [28/Jan/2024:06:22:47 +0800] "GET /xingrg/kc/pszx/ps_main.html HTTP/1.1" 200 13401
120.253.135.82 - - [28/Jan/2024:06:22:47 +0800] "GET /xingrg/images/yd/bt.gif HTTP/1.1" 404 1040
120.253.135.82 - - [28/Jan/2024:06:22:49 +0800] "GET /xingrg/kc/pszx/mdqp_order_list.html HTTP/1.1" 200 76796
120.253.135.82 - - [28/Jan/2024:06:22:49 +0800] "GET /xingrg/dwr/interface/AjaxQqpsService.js HTTP/1.1" 200 16326
120.253.135.82 - - [28/Jan/2024:06:22:49 +0800] "GET /xingrg/dwr/interface/AjaxReportQueryService.js HTTP/1.1" 200 13203
120.253.135.82 - - [28/Jan/2024:06:22:49 +0800] "GET /xingrg/dwr/engine.js HTTP/1.1" 200 43631
124.78.68.102 - - [28/Jan/2024:06:22:49 +0800] "GET /xingrg/all/function/internal_message.html?_=1706394169693&CODE_STATE=getMsg HTTP/1.1" 200 27
116.235.244.89 - - [28/Jan/2024:06:22:53 +0800] "GET /xingrg/all/function/internal_message.html?_=1706394199467&CODE_STATE=getMsg HTTP/1.1" 200 27
120.253.135.82 - - [28/Jan/2024:06:22:58 +0800] "GET /xingrg/kc/pszx/mdqp_order_list.html?orderTime=all&startTime=&endTime=&qpDepartmentCode=00148&state=all&query=%C8%B7++%B6%A8 HTTP/1.1" 200 19437
120.253.135.82 - - [28/Jan/2024:06:22:58 +0800] "GET /xingrg/dwr/interface/AjaxQqpsService.js HTTP/1.1" 200 16326
120.253.135.82 - - [28/Jan/2024:06:22:58 +0800] "GET /xingrg/dwr/interface/AjaxReportQueryService.js HTTP/1.1" 200 13203
120.253.135.82 - - [28/Jan/2024:06:22:58 +0800] "GET /xingrg/dwr/engine.js HTTP/1.1" 200 43631
116.230.109.177 - - [28/Jan/2024:06:23:01 +0800] "GET /xingrg/all/function/internal_message.html?_=1706394120986&CODE_STATE=getMsg HTTP/1.1" 200 27
120.253.135.82 - - [28/Jan/2024:06:23:02 +0800] "GET /xingrg/kc/pszx/mdqp_order_info.html?code=302024012700638 HTTP/1.1" 200 12913
120.253.135.82 - - [28/Jan/2024:06:23:02 +0800] "GET /xingrg/dwr/interface/AjaxComOrderService.js HTTP/1.1" 200 18264
120.253.135.82 - - [28/Jan/2024:06:23:02 +0800] "GET /xingrg/dwr/interface/AjaxQqpsService.js HTTP/1.1" 200 16326
120.253.135.82 - - [28/Jan/2024:06:23:02 +0800] "GET /xingrg/dwr/engine.js HTTP/1.1" 200 43631
120.253.135.82 - - [28/Jan/2024:06:23:03 +0800] "POST /xingrg/dwr/call/plaincall/AjaxQqpsService.loadMaterielItems.dwr HTTP/1.1" 200 355
120.253.135.82 - - [28/Jan/2024:06:23:05 +0800] "GET /xingrg/kc/pszx/mdqp_order_list.html?isBack=1 HTTP/1.1" 302 -
120.253.135.82 - - [28/Jan/2024:06:23:05 +0800] "GET /xingrg/kc/pszx/mdqp_order_list.html?orderTime=all&startTime=&endTime=&qpDepartmentCode=00148&state=all&query=%C8%B7++%B6%A8 HTTP/1.1" 200 19437
120.253.135.82 - - [28/Jan/2024:06:23:06 +0800] "GET /xingrg/dwr/interface/AjaxReportQueryService.js HTTP/1.1" 200 13203
120.253.135.82 - - [28/Jan/2024:06:23:06 +0800] "GET /xingrg/dwr/interface/AjaxQqpsService.js HTTP/1.1" 200 16326
120.253.135.82 - - [28/Jan/2024:06:23:06 +0800] "GET /xingrg/dwr/engine.js HTTP/1.1" 200 43631
116.230.109.177 - - [28/Jan/2024:06:23:06 +0800] "GET /xingrg/all/function/internal_message.html?_=1706394125529&CODE_STATE=getMsg HTTP/1.1" 200 27
114.95.241.104 - - [28/Jan/2024:06:23:06 +0800] "GET /xingrg/all/function/internal_message.html?_=1706394186814&CODE_STATE=getMsg HTTP/1.1" 200 27
120.253.135.82 - - [28/Jan/2024:06:23:09 +0800] "GET /xingrg/kc/pszx/mdqp_order_info.html?code=302024012700632 HTTP/1.1" 200 12913
120.253.135.82 - - [28/Jan/2024:06:23:09 +0800] "GET /xingrg/dwr/interface/AjaxComOrderService.js HTTP/1.1" 200 18264
120.253.135.82 - - [28/Jan/2024:06:23:09 +0800] "GET /xingrg/dwr/interface/AjaxQqpsService.js HTTP/1.1" 200 16326
120.253.135.82 - - [28/Jan/2024:06:23:09 +0800] "GET /xingrg/dwr/engine.js HTTP/1.1" 200 43631
120.253.135.82 - - [28/Jan/2024:06:23:10 +0800] "POST /xingrg/dwr/call/plaincall/AjaxQqpsService.loadMaterielItems.dwr HTTP/1.1" 200 18085
120.253.135.82 - - [28/Jan/2024:06:23:12 +0800] "GET /xingrg/images/yd/bt.gif HTTP/1.1" 404 1040
120.253.135.82 - - [28/Jan/2024:06:23:12 +0800] "GET /xingrg/images/yd/bt2.gif HTTP/1.1" 404 1042
116.230.123.222 - - [28/Jan/2024:06:23:12 +0800] "GET /xingrg/all/function/internal_message.html?_=1706394191190&CODE_STATE=getMsg HTTP/1.1" 302 -
101.83.145.37 - - [28/Jan/2024:06:23:20 +0800] "GET /xingrg/check_reg.html?_=1706394201357 HTTP/1.1" 200 22
101.83.145.37 - - [28/Jan/2024:06:23:20 +0800] "GET /xingrg/all/function/internal_message.html?_=1706394201361&CODE_STATE=getMsg HTTP/1.1" 200 27
114.95.241.104 - - [28/Jan/2024:06:23:21 +0800] "GET /xingrg/all/function/internal_message.html?_=1706394201689&CODE_STATE=getMsg HTTP/1.1" 200 27
114.95.241.104 - - [28/Jan/2024:06:23:21 +0800] "GET /xingrg/check_reg.html?_=1706394201692 HTTP/1.1" 200 22
116.230.109.177 - - [28/Jan/2024:06:23:23 +0800] "GET /xingrg/all/function/internal_message.html?_=1706394143162&CODE_STATE=getMsg HTTP/1.1" 200 27
120.253.135.82 - - [28/Jan/2024:06:23:30 +0800] "GET /xingrg/all/function/internal_message.html?_=1706394035646&CODE_STATE=getMsg HTTP/1.1" 200 27
180.169.147.146 - - [28/Jan/2024:06:23:35 +0800] "GET /xingrg/all/function/internal_message.html?_=1706394215570&CODE_STATE=getMsg HTTP/1.1" 200 27
124.78.68.102 - - [28/Jan/2024:06:23:43 +0800] "POST /xingrg/services/DataTransmitService HTTP/1.1" 200 524
172.20.0.100 - - [28/Jan/2024:06:23:43 +0800] "GET /xingrg/all/function/internal_message.html?_=1706394237448&CODE_STATE=getMsg HTTP/1.1" 302 -
172.20.0.100 - - [28/Jan/2024:06:23:43 +0800] "GET /xingrg/check_reg.html?_=1706394237450 HTTP/1.1" 302 -
124.78.68.102 - - [28/Jan/2024:06:23:49 +0800] "GET /xingrg/all/function/internal_message.html?_=1706394229671&CODE_STATE=getMsg HTTP/1.1" 200 27
116.235.244.89 - - [28/Jan/2024:06:23:52 +0800] "GET /xingrg/check_reg.html?_=1706394258618 HTTP/1.1" 200 22
116.235.244.89 - - [28/Jan/2024:06:23:53 +0800] "GET /xingrg/all/function/internal_message.html?_=1706394259482&CODE_STATE=getMsg HTTP/1.1" 200 27
124.79.240.117 - - [28/Jan/2024:06:23:56 +0800] "GET /xingrg/check_reg.html?_=1706394235887 HTTP/1.1" 302 -
116.230.109.177 - - [28/Jan/2024:06:24:01 +0800] "GET /xingrg/all/function/internal_message.html?_=1706394181001&CODE_STATE=getMsg HTTP/1.1" 200 27
116.230.109.177 - - [28/Jan/2024:06:24:06 +0800] "GET /xingrg/all/function/internal_message.html?_=1706394185527&CODE_STATE=getMsg HTTP/1.1" 200 27
114.95.241.104 - - [28/Jan/2024:06:24:06 +0800] "GET /xingrg/all/function/internal_message.html?_=1706394246809&CODE_STATE=getMsg HTTP/1.1" 200 27
116.230.123.222 - - [28/Jan/2024:06:24:12 +0800] "GET /xingrg/all/function/internal_message.html?_=1706394251192&CODE_STATE=getMsg HTTP/1.1" 302 -
101.83.145.37 - - [28/Jan/2024:06:24:20 +0800] "GET /xingrg/all/function/internal_message.html?_=1706394261347&CODE_STATE=getMsg HTTP/1.1" 200 27
114.95.241.104 - - [28/Jan/2024:06:24:21 +0800] "GET /xingrg/all/function/internal_message.html?_=1706394261695&CODE_STATE=getMsg HTTP/1.1" 200 27
116.230.109.177 - - [28/Jan/2024:06:24:23 +0800] "GET /xingrg/all/function/internal_message.html?_=1706394203167&CODE_STATE=getMsg HTTP/1.1" 200 27
120.253.135.82 - - [28/Jan/2024:06:24:30 +0800] "GET /xingrg/all/function/internal_message.html?_=1706394095659&CODE_STATE=getMsg HTTP/1.1" 200 27
180.169.147.146 - - [28/Jan/2024:06:24:35 +0800] "GET /xingrg/all/function/internal_message.html?_=1706394275571&CODE_STATE=getMsg HTTP/1.1" 200 27
172.20.0.100 - - [28/Jan/2024:06:24:43 +0800] "GET /xingrg/all/function/internal_message.html?_=1706394297448&CODE_STATE=getMsg HTTP/1.1" 302 -
116.235.244.89 - - [28/Jan/2024:06:24:43 +0800] "POST /xingrg/kc/buy/cgsh_list_operate.html HTTP/1.1" 200 4
120.253.135.82 - - [28/Jan/2024:06:24:45 +0800] "GET /xingrg/kc/pszx/mdqp_order_list.html?isBack=1 HTTP/1.1" 302 -
120.253.135.82 - - [28/Jan/2024:06:24:45 +0800] "GET /xingrg/kc/pszx/mdqp_order_list.html?orderTime=all&startTime=&endTime=&qpDepartmentCode=00148&state=all&query=%C8%B7++%B6%A8 HTTP/1.1" 200 19437
120.253.135.82 - - [28/Jan/2024:06:24:45 +0800] "GET /xingrg/dwr/interface/AjaxQqpsService.js HTTP/1.1" 200 16326
120.253.135.82 - - [28/Jan/2024:06:24:45 +0800] "GET /xingrg/dwr/interface/AjaxReportQueryService.js HTTP/1.1" 200 13203
120.253.135.82 - - [28/Jan/2024:06:24:45 +0800] "GET /xingrg/dwr/engine.js HTTP/1.1" 200 43631
124.78.68.102 - - [28/Jan/2024:06:24:49 +0800] "GET /xingrg/all/function/internal_message.html?_=1706394289643&CODE_STATE=getMsg HTTP/1.1" 200 27
120.253.135.82 - - [28/Jan/2024:06:24:51 +0800] "GET /xingrg/kc/pszx/mdps_order_list.html?orderType=0 HTTP/1.1" 200 20995
120.253.135.82 - - [28/Jan/2024:06:24:51 +0800] "POST /xingrg/kc/pszx/mdps_list_operate.html HTTP/1.1" 200 5553
116.235.244.89 - - [28/Jan/2024:06:24:53 +0800] "GET /xingrg/all/function/internal_message.html?_=1706394319496&CODE_STATE=getMsg HTTP/1.1" 200 27
120.253.135.82 - - [28/Jan/2024:06:25:00 +0800] "POST /xingrg/kc/pszx/mdps_list_operate.html HTTP/1.1" 200 3182
116.230.109.177 - - [28/Jan/2024:06:25:01 +0800] "GET /xingrg/all/function/internal_message.html?_=1706394240988&CODE_STATE=getMsg HTTP/1.1" 200 27
116.235.244.89 - - [28/Jan/2024:06:25:02 +0800] "POST /xingrg/kc/buy/cgsh_list_operate.html HTTP/1.1" 200 4939
116.230.109.177 - - [28/Jan/2024:06:25:06 +0800] "GET /xingrg/all/function/internal_message.html?_=1706394245518&CODE_STATE=getMsg HTTP/1.1" 200 27
114.95.241.104 - - [28/Jan/2024:06:25:06 +0800] "GET /xingrg/all/function/internal_message.html?_=1706394306808&CODE_STATE=getMsg HTTP/1.1" 200 27
116.230.123.222 - - [28/Jan/2024:06:25:12 +0800] "GET /xingrg/all/function/internal_message.html?_=1706394311200&CODE_STATE=getMsg HTTP/1.1" 302 -
101.83.145.37 - - [28/Jan/2024:06:25:20 +0800] "GET /xingrg/all/function/internal_message.html?_=1706394321351&CODE_STATE=getMsg HTTP/1.1" 200 27
114.95.241.104 - - [28/Jan/2024:06:25:21 +0800] "GET /xingrg/all/function/internal_message.html?_=1706394321686&CODE_STATE=getMsg HTTP/1.1" 200 27
116.230.109.177 - - [28/Jan/2024:06:25:23 +0800] "GET /xingrg/all/function/internal_message.html?_=1706394263166&CODE_STATE=getMsg HTTP/1.1" 200 27
120.253.135.82 - - [28/Jan/2024:06:25:24 +0800] "GET /xingrg/check_reg.html?_=1706394149932 HTTP/1.1" 200 22
120.253.135.82 - - [28/Jan/2024:06:25:30 +0800] "GET /xingrg/all/function/internal_message.html?_=1706394155673&CODE_STATE=getMsg HTTP/1.1" 200 27
180.169.147.146 - - [28/Jan/2024:06:25:35 +0800] "GET /xingrg/all/function/internal_message.html?_=1706394335571&CODE_STATE=getMsg HTTP/1.1" 200 27
120.253.135.82 - - [28/Jan/2024:06:25:36 +0800] "GET /xingrg/kc/pszx/mdqp_order_list.html?state=10 HTTP/1.1" 200 13192
120.253.135.82 - - [28/Jan/2024:06:25:36 +0800] "GET /xingrg/dwr/interface/AjaxQqpsService.js HTTP/1.1" 200 16326
120.253.135.82 - - [28/Jan/2024:06:25:36 +0800] "GET /xingrg/dwr/interface/AjaxReportQueryService.js HTTP/1.1" 200 13203
120.253.135.82 - - [28/Jan/2024:06:25:36 +0800] "GET /xingrg/dwr/engine.js HTTP/1.1" 200 43631
120.253.135.82 - - [28/Jan/2024:06:25:40 +0800] "GET /xingrg/kc/pszx/jzcl_ps.html HTTP/1.1" 200 7683
120.253.135.82 - - [28/Jan/2024:06:25:41 +0800] "POST /xingrg/all/common/load_tree.html?tree=area_rest_tree_json HTTP/1.1" 200 3624
120.253.135.82 - - [28/Jan/2024:06:25:41 +0800] "POST /xingrg/kc/pszx/jzcl_ps_operate.html HTTP/1.1" 200 2251
120.253.135.82 - - [28/Jan/2024:06:25:41 +0800] "POST /xingrg/kc/pszx/jzcl_ps_operate.html HTTP/1.1" 200 2251
172.20.0.100 - - [28/Jan/2024:06:25:43 +0800] "GET /xingrg/all/function/internal_message.html?_=1706394357462&CODE_STATE=getMsg HTTP/1.1" 302 -
124.78.68.102 - - [28/Jan/2024:06:25:49 +0800] "GET /xingrg/all/function/internal_message.html?_=1706394349625&CODE_STATE=getMsg HTTP/1.1" 200 27
116.235.244.89 - - [28/Jan/2024:06:25:53 +0800] "GET /xingrg/all/function/internal_message.html?_=1706394379683&CODE_STATE=getMsg HTTP/1.1" 200 27
116.230.109.177 - - [28/Jan/2024:06:26:01 +0800] "GET /xingrg/all/function/internal_message.html?_=1706394300981&CODE_STATE=getMsg HTTP/1.1" 200 27
116.230.109.177 - - [28/Jan/2024:06:26:01 +0800] "GET /xingrg/check_reg.html?_=1706394300984 HTTP/1.1" 200 22
124.78.68.102 - - [28/Jan/2024:06:26:05 +0800] "GET /xingrg/check_reg.html?_=1706394365519 HTTP/1.1" 200 22
116.230.109.177 - - [28/Jan/2024:06:26:06 +0800] "GET /xingrg/all/function/internal_message.html?_=1706394305535&CODE_STATE=getMsg HTTP/1.1" 200 27
116.230.109.177 - - [28/Jan/2024:06:26:06 +0800] "GET /xingrg/check_reg.html?_=1706394305536 HTTP/1.1" 200 22
114.95.241.104 - - [28/Jan/2024:06:26:06 +0800] "GET /xingrg/check_reg.html?_=1706394366804 HTTP/1.1" 200 22
114.95.241.104 - - [28/Jan/2024:06:26:06 +0800] "GET /xingrg/all/function/internal_message.html?_=1706394366805&CODE_STATE=getMsg HTTP/1.1" 200 27
116.230.123.222 - - [28/Jan/2024:06:26:12 +0800] "GET /xingrg/all/function/internal_message.html?_=1706394371200&CODE_STATE=getMsg HTTP/1.1" 302 -
116.235.244.89 - - [28/Jan/2024:06:26:16 +0800] "POST /xingrg/kc/buy/cgsh_list_operate.html HTTP/1.1" 200 4
101.83.145.37 - - [28/Jan/2024:06:26:20 +0800] "GET /xingrg/all/function/internal_message.html?_=1706394381352&CODE_STATE=getMsg HTTP/1.1" 200 27
114.95.241.104 - - [28/Jan/2024:06:26:21 +0800] "GET /xingrg/all/function/internal_message.html?_=1706394381706&CODE_STATE=getMsg HTTP/1.1" 200 27
116.230.109.177 - - [28/Jan/2024:06:26:23 +0800] "GET /xingrg/all/function/internal_message.html?_=1706394323158&CODE_STATE=getMsg HTTP/1.1" 200 27
116.235.244.89 - - [28/Jan/2024:06:26:29 +0800] "POST /xingrg/kc/buy/cgsh_list_operate.html HTTP/1.1" 200 986
120.253.135.82 - - [28/Jan/2024:06:26:30 +0800] "GET /xingrg/all/function/internal_message.html?_=1706394215688&CODE_STATE=getMsg HTTP/1.1" 200 27
120.253.135.82 - - [28/Jan/2024:06:26:31 +0800] "POST /xingrg/kc/pszx/jzcl_ps_operate.html HTTP/1.1" 200 4
120.253.135.82 - - [28/Jan/2024:06:26:33 +0800] "GET /xingrg/kc/pszx/mdps_order_list.html HTTP/1.1" 200 20995
120.253.135.82 - - [28/Jan/2024:06:26:34 +0800] "POST /xingrg/kc/pszx/jzcl_ps_operate.html HTTP/1.1" 200 459
120.253.135.82 - - [28/Jan/2024:06:26:34 +0800] "POST /xingrg/kc/pszx/mdps_list_operate.html HTTP/1.1" 200 5553
180.169.147.146 - - [28/Jan/2024:06:26:35 +0800] "GET /xingrg/check_reg.html?_=1706394395567 HTTP/1.1" 200 22
180.169.147.146 - - [28/Jan/2024:06:26:35 +0800] "GET /xingrg/all/function/internal_message.html?_=1706394395570&CODE_STATE=getMsg HTTP/1.1" 200 27
172.20.0.100 - - [28/Jan/2024:06:26:43 +0800] "GET /xingrg/all/function/internal_message.html?_=1706394417461&CODE_STATE=getMsg HTTP/1.1" 302 -
120.253.135.82 - - [28/Jan/2024:06:26:45 +0800] "POST /xingrg/kc/pszx/mdps_list_operate.html HTTP/1.1" 200 3955
124.78.68.102 - - [28/Jan/2024:06:26:49 +0800] "GET /xingrg/all/function/internal_message.html?_=1706394409600&CODE_STATE=getMsg HTTP/1.1" 200 27
120.253.135.82 - - [28/Jan/2024:06:26:51 +0800] "POST /xingrg/kc/pszx/mdps_list_operate.html HTTP/1.1" 200 359
116.235.244.89 - - [28/Jan/2024:06:26:54 +0800] "GET /xingrg/all/function/internal_message.html?_=1706394439858&CODE_STATE=getMsg HTTP/1.1" 200 27
116.230.109.177 - - [28/Jan/2024:06:27:01 +0800] "GET /xingrg/all/function/internal_message.html?_=1706394360985&CODE_STATE=getMsg HTTP/1.1" 200 27
116.230.109.177 - - [28/Jan/2024:06:27:06 +0800] "GET /xingrg/all/function/internal_message.html?_=1706394365526&CODE_STATE=getMsg HTTP/1.1" 200 27
114.95.241.104 - - [28/Jan/2024:06:27:06 +0800] "GET /xingrg/all/function/internal_message.html?_=1706394426794&CODE_STATE=getMsg HTTP/1.1" 200 27
120.253.135.82 - - [28/Jan/2024:06:27:10 +0800] "POST /xingrg/kc/pszx/mdps_list_operate.html HTTP/1.1" 200 655
120.253.135.82 - - [28/Jan/2024:06:27:10 +0800] "GET /xingrg/kc/pszx/mdps_order_info.html?code=312024012800777 HTTP/1.1" 200 23982
120.253.135.82 - - [28/Jan/2024:06:27:11 +0800] "GET /xingrg/javascript/easyui/themes/default/validatebox.css HTTP/1.1" 404 1104
120.253.135.82 - - [28/Jan/2024:06:27:11 +0800] "POST /xingrg/kc/pszx/mdps_order_operate.html HTTP/1.1" 200 13758
116.230.123.222 - - [28/Jan/2024:06:27:12 +0800] "GET /xingrg/check_reg.html?_=1706394431198 HTTP/1.1" 302 -
116.230.123.222 - - [28/Jan/2024:06:27:12 +0800] "GET /xingrg/all/function/internal_message.html?_=1706394431202&CODE_STATE=getMsg HTTP/1.1" 302 -
120.253.135.82 - - [28/Jan/2024:06:27:15 +0800] "POST /xingrg/all/common/load_combo.html?type=base HTTP/1.1" 200 1169
101.83.145.37 - - [28/Jan/2024:06:27:20 +0800] "GET /xingrg/all/function/internal_message.html?_=1706394441354&CODE_STATE=getMsg HTTP/1.1" 200 27
120.253.135.82 - - [28/Jan/2024:06:27:20 +0800] "POST /xingrg/kc/pszx/mdps_order_operate.html HTTP/1.1" 200 37
114.95.241.104 - - [28/Jan/2024:06:27:21 +0800] "GET /xingrg/all/function/internal_message.html?_=1706394441692&CODE_STATE=getMsg HTTP/1.1" 200 27
120.253.135.82 - - [28/Jan/2024:06:27:22 +0800] "GET /xingrg/kc/pszx/mdps_order_info.html?code=312024012800777 HTTP/1.1" 200 23982
120.253.135.82 - - [28/Jan/2024:06:27:23 +0800] "GET /xingrg/javascript/easyui/themes/default/validatebox.css HTTP/1.1" 404 1104
120.253.135.82 - - [28/Jan/2024:06:27:23 +0800] "POST /xingrg/kc/pszx/mdps_order_operate.html HTTP/1.1" 200 13952
116.230.109.177 - - [28/Jan/2024:06:27:23 +0800] "GET /xingrg/all/function/internal_message.html?_=1706394383168&CODE_STATE=getMsg HTTP/1.1" 200 27
116.230.109.177 - - [28/Jan/2024:06:27:23 +0800] "GET /xingrg/check_reg.html?_=1706394383170 HTTP/1.1" 200 22
120.253.135.82 - - [28/Jan/2024:06:27:30 +0800] "GET /xingrg/all/function/internal_message.html?_=1706394275700&CODE_STATE=getMsg HTTP/1.1" 200 27
180.169.147.146 - - [28/Jan/2024:06:27:35 +0800] "GET /xingrg/all/function/internal_message.html?_=1706394455564&CODE_STATE=getMsg HTTP/1.1" 200 27
172.20.0.100 - - [28/Jan/2024:06:27:43 +0800] "GET /xingrg/all/function/internal_message.html?_=1706394477459&CODE_STATE=getMsg HTTP/1.1" 302 -
120.253.135.82 - - [28/Jan/2024:06:27:44 +0800] "POST /xingrg/kc/pszx/mdps_order_operate.html HTTP/1.1" 200 37
120.253.135.82 - - [28/Jan/2024:06:27:46 +0800] "GET /xingrg/kc/pszx/mdps_order_info.html?code=312024012800777 HTTP/1.1" 200 23982
120.253.135.82 - - [28/Jan/2024:06:27:47 +0800] "GET /xingrg/javascript/easyui/themes/default/validatebox.css HTTP/1.1" 404 1104
120.253.135.82 - - [28/Jan/2024:06:27:47 +0800] "POST /xingrg/kc/pszx/mdps_order_operate.html HTTP/1.1" 200 13952
124.78.68.102 - - [28/Jan/2024:06:27:49 +0800] "GET /xingrg/all/function/internal_message.html?_=1706394469578&CODE_STATE=getMsg HTTP/1.1" 200 27
116.235.244.89 - - [28/Jan/2024:06:27:54 +0800] "GET /xingrg/all/function/internal_message.html?_=1706394499863&CODE_STATE=getMsg HTTP/1.1" 200 27
116.235.244.89 - - [28/Jan/2024:06:27:57 +0800] "GET /xingrg/kc/base/base_main.html HTTP/1.1" 200 12142
116.235.244.89 - - [28/Jan/2024:06:27:57 +0800] "GET /xingrg/css/blue.css HTTP/1.1" 304 -
116.235.244.89 - - [28/Jan/2024:06:27:57 +0800] "GET /xingrg/javascript/pic_change.js HTTP/1.1" 304 -
116.235.244.89 - - [28/Jan/2024:06:27:57 +0800] "GET /xingrg/javascript/jquery-1.4.2.min.js HTTP/1.1" 304 -
116.235.244.89 - - [28/Jan/2024:06:27:57 +0800] "GET /xingrg/javascript/myfunction.js HTTP/1.1" 304 -
116.235.244.89 - - [28/Jan/2024:06:27:57 +0800] "GET /xingrg/javascript/jquery.utils.js HTTP/1.1" 304 -
116.235.244.89 - - [28/Jan/2024:06:27:57 +0800] "GET /xingrg/javascript/jquery_easy_ui/themes/default/easyui.css HTTP/1.1" 304 -
116.235.244.89 - - [28/Jan/2024:06:27:57 +0800] "GET /xingrg/javascript/jquery_easy_ui/themes/icon.css HTTP/1.1" 304 -
116.235.244.89 - - [28/Jan/2024:06:27:57 +0800] "GET /xingrg/images/blue/button/wlsy.gif HTTP/1.1" 304 -
116.235.244.89 - - [28/Jan/2024:06:27:57 +0800] "GET /xingrg/images/blue/button/kc.gif HTTP/1.1" 304 -
116.235.244.89 - - [28/Jan/2024:06:27:57 +0800] "GET /xingrg/images/blue/button/ckpd.gif HTTP/1.1" 304 -
116.235.244.89 - - [28/Jan/2024:06:27:57 +0800] "GET /xingrg/images/blue/button/yddb.gif HTTP/1.1" 304 -
116.235.244.89 - - [28/Jan/2024:06:27:57 +0800] "GET /xingrg/images/blue/button/ckdb.gif HTTP/1.1" 304 -
116.235.244.89 - - [28/Jan/2024:06:27:57 +0800] "GET /xingrg/images/blue/pic_form2.gif HTTP/1.1" 304 -
116.235.244.89 - - [28/Jan/2024:06:27:57 +0800] "GET /xingrg/images/blue/bg_dotted.jpg HTTP/1.1" 304 -
116.235.244.89 - - [28/Jan/2024:06:27:57 +0800] "GET /xingrg/images/blue/button/top_left.jpg HTTP/1.1" 304 -
116.235.244.89 - - [28/Jan/2024:06:27:57 +0800] "GET /xingrg/images/blue/button/top_right.jpg HTTP/1.1" 304 -
116.235.244.89 - - [28/Jan/2024:06:27:57 +0800] "GET /xingrg/images/blue/button/down.jpg HTTP/1.1" 304 -
116.235.244.89 - - [28/Jan/2024:06:27:57 +0800] "GET /xingrg/images/blue/button/right_ah.jpg HTTP/1.1" 304 -
116.235.244.89 - - [28/Jan/2024:06:27:57 +0800] "GET /xingrg/images/blue/button/left_ah.jpg HTTP/1.1" 304 -
116.235.244.89 - - [28/Jan/2024:06:27:57 +0800] "GET /xingrg/images/blue/button/bottom_left.jpg HTTP/1.1" 304 -
116.235.244.89 - - [28/Jan/2024:06:27:57 +0800] "GET /xingrg/images/blue/button/bottom_right.jpg HTTP/1.1" 304 -
116.230.109.177 - - [28/Jan/2024:06:28:01 +0800] "GET /xingrg/all/function/internal_message.html?_=1706394421001&CODE_STATE=getMsg HTTP/1.1" 200 27
116.235.244.89 - - [28/Jan/2024:06:28:04 +0800] "GET /xingrg/kc/base/wlsy_order_list.html?syType=0 HTTP/1.1" 200 17139
116.235.244.89 - - [28/Jan/2024:06:28:04 +0800] "GET /xingrg/css/base.css HTTP/1.1" 304 -
116.235.244.89 - - [28/Jan/2024:06:28:04 +0800] "GET /xingrg/css/site.css HTTP/1.1" 304 -
116.235.244.89 - - [28/Jan/2024:06:28:04 +0800] "GET /xingrg/javascript/jquery_tools/datebox.css HTTP/1.1" 304 -
116.235.244.89 - - [28/Jan/2024:06:28:04 +0800] "GET /xingrg/javascript/easyui/themes/default/easyui.css HTTP/1.1" 304 -
116.235.244.89 - - [28/Jan/2024:06:28:04 +0800] "GET /xingrg/javascript/easyui/themes/icon.css HTTP/1.1" 304 -
116.235.244.89 - - [28/Jan/2024:06:28:04 +0800] "GET /xingrg/javascript/auto/jquery.autocomplete.css HTTP/1.1" 304 -
116.235.244.89 - - [28/Jan/2024:06:28:04 +0800] "GET /xingrg/javascript/jquery_tools/fix.css HTTP/1.1" 304 -
116.235.244.89 - - [28/Jan/2024:06:28:04 +0800] "GET /xingrg/javascript/jquery_tools/table.css HTTP/1.1" 304 -
116.235.244.89 - - [28/Jan/2024:06:28:04 +0800] "GET /xingrg/javascript/jquery_tools/jquery.tools.min.js HTTP/1.1" 304 -
116.235.244.89 - - [28/Jan/2024:06:28:04 +0800] "GET /xingrg/javascript/jquery_tools/jquery.tools.extend.js HTTP/1.1" 304 -
116.235.244.89 - - [28/Jan/2024:06:28:04 +0800] "GET /xingrg/javascript/jquery_tools/jquery.tools.hotkey.js HTTP/1.1" 304 -
116.235.244.89 - - [28/Jan/2024:06:28:04 +0800] "GET /xingrg/javascript/jquery_tools/jquery.tools.table.js HTTP/1.1" 304 -
116.235.244.89 - - [28/Jan/2024:06:28:04 +0800] "GET /xingrg/javascript/jquery_tools/list_manager.js HTTP/1.1" 304 -
116.235.244.89 - - [28/Jan/2024:06:28:04 +0800] "GET /xingrg/javascript/easyui/easyloader.js HTTP/1.1" 304 -
116.235.244.89 - - [28/Jan/2024:06:28:04 +0800] "GET /xingrg/javascript/jquery.cookie.js HTTP/1.1" 304 -
116.235.244.89 - - [28/Jan/2024:06:28:04 +0800] "GET /xingrg/javascript/auto/jquery.autocomplete.js HTTP/1.1" 304 -
116.235.244.89 - - [28/Jan/2024:06:28:04 +0800] "GET /xingrg/javascript/easyui/themes/icons/cance_new.png HTTP/1.1" 304 -
116.235.244.89 - - [28/Jan/2024:06:28:04 +0800] "GET /xingrg/javascript/easyui/themes/icons/edit_add_new.png HTTP/1.1" 304 -
116.235.244.89 - - [28/Jan/2024:06:28:04 +0800] "GET /xingrg/javascript/easyui/themes/icons/field_new.png HTTP/1.1" 304 -
116.235.244.89 - - [28/Jan/2024:06:28:04 +0800] "GET /xingrg/javascript/easyui/plugins/jquery.parser.js HTTP/1.1" 304 -
116.235.244.89 - - [28/Jan/2024:06:28:04 +0800] "GET /xingrg/images/control/ajaxLoader.gif HTTP/1.1" 304 -
116.235.244.89 - - [28/Jan/2024:06:28:05 +0800] "POST /xingrg/kc/base/wlsy_list_operate.html?syType=0 HTTP/1.1" 200 862
116.230.109.177 - - [28/Jan/2024:06:28:06 +0800] "GET /xingrg/all/function/internal_message.html?_=1706394425514&CODE_STATE=getMsg HTTP/1.1" 200 27
114.95.241.104 - - [28/Jan/2024:06:28:06 +0800] "GET /xingrg/all/function/internal_message.html?_=1706394486801&CODE_STATE=getMsg HTTP/1.1" 200 27
116.235.244.89 - - [28/Jan/2024:06:28:10 +0800] "GET /xingrg/kc/base/wlsy_order_add.html?syType=0 HTTP/1.1" 200 28555
116.235.244.89 - - [28/Jan/2024:06:28:10 +0800] "GET /xingrg/javascript/jquery_tools/order_manager.js HTTP/1.1" 304 -
116.235.244.89 - - [28/Jan/2024:06:28:10 +0800] "GET /xingrg/javascript/convert.js HTTP/1.1" 304 -
116.235.244.89 - - [28/Jan/2024:06:28:10 +0800] "GET /xingrg/javascript/json2.js HTTP/1.1" 304 -
116.235.244.89 - - [28/Jan/2024:06:28:10 +0800] "GET /xingrg/words/20240126130954_words.js HTTP/1.1" 304 -
116.235.244.89 - - [28/Jan/2024:06:28:10 +0800] "GET /xingrg/javascript/easyui/themes/icons/check_new.png HTTP/1.1" 304 -
116.235.244.89 - - [28/Jan/2024:06:28:10 +0800] "POST /xingrg/kc/base/wlsy_order_operate.html HTTP/1.1" 200 6806
116.235.244.89 - - [28/Jan/2024:06:28:10 +0800] "GET /xingrg/all/common/auto_word.html?type=base&rest_code=00146 HTTP/1.1" 200 1799
116.235.244.89 - - [28/Jan/2024:06:28:10 +0800] "GET /xingrg/javascript/easyui/themes/default/validatebox.css HTTP/1.1" 404 1104
116.235.244.89 - - [28/Jan/2024:06:28:10 +0800] "GET /xingrg/javascript/easyui/plugins/jquery.validatebox.js HTTP/1.1" 304 -
116.235.244.89 - - [28/Jan/2024:06:28:10 +0800] "GET /xingrg/javascript/easyui/plugins/jquery.numberbox.js HTTP/1.1" 304 -
116.230.123.222 - - [28/Jan/2024:06:28:12 +0800] "GET /xingrg/all/function/internal_message.html?_=1706394491194&CODE_STATE=getMsg HTTP/1.1" 302 -
101.83.145.37 - - [28/Jan/2024:06:28:20 +0800] "GET /xingrg/all/function/internal_message.html?_=1706394501355&CODE_STATE=getMsg HTTP/1.1" 200 27
101.83.145.37 - - [28/Jan/2024:06:28:20 +0800] "GET /xingrg/check_reg.html?_=1706394501356 HTTP/1.1" 200 22
114.95.241.104 - - [28/Jan/2024:06:28:21 +0800] "GET /xingrg/check_reg.html?_=1706394501693 HTTP/1.1" 200 22
114.95.241.104 - - [28/Jan/2024:06:28:21 +0800] "GET /xingrg/all/function/internal_message.html?_=1706394501696&CODE_STATE=getMsg HTTP/1.1" 200 27
116.230.109.177 - - [28/Jan/2024:06:28:23 +0800] "GET /xingrg/all/function/internal_message.html?_=1706394443172&CODE_STATE=getMsg HTTP/1.1" 200 27
120.253.135.82 - - [28/Jan/2024:06:28:30 +0800] "GET /xingrg/all/function/internal_message.html?_=1706394335713&CODE_STATE=getMsg HTTP/1.1" 200 27
180.169.147.146 - - [28/Jan/2024:06:28:35 +0800] "GET /xingrg/all/function/internal_message.html?_=1706394515581&CODE_STATE=getMsg HTTP/1.1" 200 27
116.235.244.89 - - [28/Jan/2024:06:28:43 +0800] "GET /xingrg/kc/base/wlsy_order_operate.html?command=get_materiel&rest_code=00146&base_code=0010068&code=00101003040 HTTP/1.1" 200 433
172.20.0.100 - - [28/Jan/2024:06:28:43 +0800] "GET /xingrg/check_reg.html?_=1706394537483 HTTP/1.1" 302 -
172.20.0.100 - - [28/Jan/2024:06:28:43 +0800] "GET /xingrg/all/function/internal_message.html?_=1706394537484&CODE_STATE=getMsg HTTP/1.1" 302 -
120.253.135.82 - - [28/Jan/2024:06:28:47 +0800] "POST /xingrg/kc/pszx/mdps_order_operate.html HTTP/1.1" 200 37
124.78.68.102 - - [28/Jan/2024:06:28:49 +0800] "GET /xingrg/all/function/internal_message.html?_=1706394529551&CODE_STATE=getMsg HTTP/1.1" 200 27
120.253.135.82 - - [28/Jan/2024:06:28:49 +0800] "GET /xingrg/kc/pszx/mdps_order_info.html?code=312024012800777 HTTP/1.1" 200 23982
120.253.135.82 - - [28/Jan/2024:06:28:50 +0800] "GET /xingrg/javascript/easyui/themes/default/validatebox.css HTTP/1.1" 404 1104
120.253.135.82 - - [28/Jan/2024:06:28:50 +0800] "POST /xingrg/kc/pszx/mdps_order_operate.html HTTP/1.1" 200 13951
116.235.244.89 - - [28/Jan/2024:06:28:52 +0800] "GET /xingrg/check_reg.html?_=1706394558618 HTTP/1.1" 200 22
120.253.135.82 - - [28/Jan/2024:06:28:54 +0800] "GET /xingrg/kc/pszx/mdps_order_info.html?code=312024012800777 HTTP/1.1" 200 23982
116.235.244.89 - - [28/Jan/2024:06:28:54 +0800] "GET /xingrg/all/function/internal_message.html?_=1706394559877&CODE_STATE=getMsg HTTP/1.1" 200 27
120.253.135.82 - - [28/Jan/2024:06:28:54 +0800] "GET /xingrg/javascript/easyui/themes/default/validatebox.css HTTP/1.1" 404 1104
120.253.135.82 - - [28/Jan/2024:06:28:55 +0800] "POST /xingrg/kc/pszx/mdps_order_operate.html HTTP/1.1" 200 13951
124.79.240.117 - - [28/Jan/2024:06:28:56 +0800] "GET /xingrg/check_reg.html?_=1706394535866 HTTP/1.1" 302 -
120.253.135.82 - - [28/Jan/2024:06:28:57 +0800] "POST /xingrg/kc/pszx/mdps_list_operate.html HTTP/1.1" 200 3955
120.253.135.82 - - [28/Jan/2024:06:28:58 +0800] "POST /xingrg/kc/pszx/mdps_list_operate.html HTTP/1.1" 200 290
116.235.244.89 - - [28/Jan/2024:06:28:59 +0800] "GET /xingrg/kc/base/wlsy_order_operate.html?command=get_materiel&rest_code=00146&base_code=0010068&code=00101001125 HTTP/1.1" 200 433
120.253.135.82 - - [28/Jan/2024:06:28:59 +0800] "GET /xingrg/kc/pszx/mdps_order_info.html?code=312024012800778 HTTP/1.1" 200 23982
120.253.135.82 - - [28/Jan/2024:06:29:00 +0800] "GET /xingrg/javascript/easyui/themes/default/validatebox.css HTTP/1.1" 404 1104
120.253.135.82 - - [28/Jan/2024:06:29:00 +0800] "POST /xingrg/kc/pszx/mdps_order_operate.html HTTP/1.1" 200 2773
116.230.109.177 - - [28/Jan/2024:06:29:01 +0800] "GET /xingrg/all/function/internal_message.html?_=1706394480997&CODE_STATE=getMsg HTTP/1.1" 200 27
116.230.109.177 - - [28/Jan/2024:06:29:06 +0800] "GET /xingrg/all/function/internal_message.html?_=1706394485527&CODE_STATE=getMsg HTTP/1.1" 200 27
114.95.241.104 - - [28/Jan/2024:06:29:06 +0800] "GET /xingrg/all/function/internal_message.html?_=1706394546800&CODE_STATE=getMsg HTTP/1.1" 200 27
120.253.135.82 - - [28/Jan/2024:06:29:11 +0800] "POST /xingrg/all/common/load_combo.html?type=base HTTP/1.1" 200 1169
116.230.123.222 - - [28/Jan/2024:06:29:12 +0800] "GET /xingrg/all/function/internal_message.html?_=1706394551184&CODE_STATE=getMsg HTTP/1.1" 302 -
120.253.135.82 - - [28/Jan/2024:06:29:17 +0800] "POST /xingrg/kc/pszx/mdps_order_operate.html HTTP/1.1" 200 37
120.253.135.82 - - [28/Jan/2024:06:29:18 +0800] "GET /xingrg/kc/pszx/mdps_order_info.html?code=312024012800778 HTTP/1.1" 200 23980
120.253.135.82 - - [28/Jan/2024:06:29:19 +0800] "GET /xingrg/javascript/easyui/themes/default/validatebox.css HTTP/1.1" 404 1104
120.253.135.82 - - [28/Jan/2024:06:29:20 +0800] "POST /xingrg/kc/pszx/mdps_order_operate.html HTTP/1.1" 200 2791
101.83.145.37 - - [28/Jan/2024:06:29:20 +0800] "GET /xingrg/all/function/internal_message.html?_=1706394561353&CODE_STATE=getMsg HTTP/1.1" 200 27
114.95.241.104 - - [28/Jan/2024:06:29:21 +0800] "GET /xingrg/all/function/internal_message.html?_=1706394561692&CODE_STATE=getMsg HTTP/1.1" 200 27
120.253.135.82 - - [28/Jan/2024:06:29:23 +0800] "POST /xingrg/kc/pszx/mdps_list_operate.html HTTP/1.1" 200 3952
116.230.109.177 - - [28/Jan/2024:06:29:23 +0800] "GET /xingrg/all/function/internal_message.html?_=1706394503166&CODE_STATE=getMsg HTTP/1.1" 200 27
116.235.244.89 - - [28/Jan/2024:06:29:24 +0800] "POST /xingrg/kc/base/wlsy_order_operate.html HTTP/1.1" 200 37
116.235.244.89 - - [28/Jan/2024:06:29:24 +0800] "POST /xingrg/kc/base/wlsy_order_operate.html HTTP/1.1" 200 2612
120.253.135.82 - - [28/Jan/2024:06:29:26 +0800] "POST /xingrg/kc/pszx/mdps_list_operate.html HTTP/1.1" 200 654
120.253.135.82 - - [28/Jan/2024:06:29:27 +0800] "GET /xingrg/kc/pszx/mdps_order_info.html?code=312024012800779 HTTP/1.1" 200 23982
120.253.135.82 - - [28/Jan/2024:06:29:28 +0800] "GET /xingrg/javascript/easyui/themes/default/validatebox.css HTTP/1.1" 404 1104
116.235.244.89 - - [28/Jan/2024:06:29:28 +0800] "POST /xingrg/kc/base/wlsy_order_operate.html HTTP/1.1" 200 12
120.253.135.82 - - [28/Jan/2024:06:29:28 +0800] "POST /xingrg/kc/pszx/mdps_order_operate.html HTTP/1.1" 200 22236
116.235.244.89 - - [28/Jan/2024:06:29:31 +0800] "POST /xingrg/kc/base/wlsy_list_operate.html?syType=0 HTTP/1.1" 200 862
120.253.135.82 - - [28/Jan/2024:06:29:31 +0800] "POST /xingrg/kc/pszx/mdps_order_operate.html HTTP/1.1" 200 37
120.253.135.82 - - [28/Jan/2024:06:29:32 +0800] "GET /xingrg/kc/pszx/mdps_order_info.html?code=312024012800779 HTTP/1.1" 200 23982
120.253.135.82 - - [28/Jan/2024:06:29:33 +0800] "GET /xingrg/javascript/easyui/themes/default/validatebox.css HTTP/1.1" 404 1104
120.253.135.82 - - [28/Jan/2024:06:29:33 +0800] "GET /xingrg/all/function/internal_message.html?_=1706394399210&CODE_STATE=getMsg HTTP/1.1" 200 27
120.253.135.82 - - [28/Jan/2024:06:29:34 +0800] "POST /xingrg/kc/pszx/mdps_order_operate.html HTTP/1.1" 200 22553
180.169.147.146 - - [28/Jan/2024:06:29:35 +0800] "GET /xingrg/all/function/internal_message.html?_=1706394575563&CODE_STATE=getMsg HTTP/1.1" 200 27
172.20.0.100 - - [28/Jan/2024:06:29:43 +0800] "GET /xingrg/all/function/internal_message.html?_=1706394597487&CODE_STATE=getMsg HTTP/1.1" 302 -
124.78.68.102 - - [28/Jan/2024:06:29:49 +0800] "GET /xingrg/all/function/internal_message.html?_=1706394589531&CODE_STATE=getMsg HTTP/1.1" 200 27
116.235.244.89 - - [28/Jan/2024:06:29:54 +0800] "GET /xingrg/all/function/internal_message.html?_=1706394620046&CODE_STATE=getMsg HTTP/1.1" 200 27
116.230.109.177 - - [28/Jan/2024:06:30:01 +0800] "GET /xingrg/all/function/internal_message.html?_=1706394540989&CODE_STATE=getMsg HTTP/1.1" 200 27
116.230.109.177 - - [28/Jan/2024:06:30:06 +0800] "GET /xingrg/all/function/internal_message.html?_=1706394545515&CODE_STATE=getMsg HTTP/1.1" 200 27
114.95.241.104 - - [28/Jan/2024:06:30:06 +0800] "GET /xingrg/all/function/internal_message.html?_=1706394606795&CODE_STATE=getMsg HTTP/1.1" 200 27
116.230.123.222 - - [28/Jan/2024:06:30:12 +0800] "GET /xingrg/all/function/internal_message.html?_=1706394611202&CODE_STATE=getMsg HTTP/1.1" 302 -
101.83.145.37 - - [28/Jan/2024:06:30:20 +0800] "GET /xingrg/all/function/internal_message.html?_=1706394621355&CODE_STATE=getMsg HTTP/1.1" 200 27
114.95.241.104 - - [28/Jan/2024:06:30:21 +0800] "GET /xingrg/all/function/internal_message.html?_=1706394621691&CODE_STATE=getMsg HTTP/1.1" 200 27
116.230.109.177 - - [28/Jan/2024:06:30:23 +0800] "GET /xingrg/all/function/internal_message.html?_=1706394563183&CODE_STATE=getMsg HTTP/1.1" 200 27
120.253.135.82 - - [28/Jan/2024:06:30:24 +0800] "GET /xingrg/check_reg.html?_=1706394449942 HTTP/1.1" 200 22
120.253.135.82 - - [28/Jan/2024:06:30:33 +0800] "GET /xingrg/all/function/internal_message.html?_=1706394459220&CODE_STATE=getMsg HTTP/1.1" 200 27
