116.230.109.177 - - [27/Jan/2024:05:36:29 +0800] "GET /xingrg/all/function/internal_message.html?_=1706304930704&CODE_STATE=getMsg HTTP/1.1" 200 27
116.230.109.177 - - [27/Jan/2024:05:36:41 +0800] "POST /xingrg/services/DataTransmitService HTTP/1.1" 200 524
221.239.172.206 - - [27/Jan/2024:05:36:41 +0800] "GET /xingrg/all/function/internal_message.html?_=1706305001336&CODE_STATE=getMsg HTTP/1.1" 200 27
116.230.109.177 - - [27/Jan/2024:05:36:42 +0800] "POST /xingrg/services/DataTransmitService HTTP/1.1" 200 501
116.230.109.177 - - [27/Jan/2024:05:36:42 +0800] "POST /xingrg/services/DataTransmitService HTTP/1.1" 200 501
116.230.109.177 - - [27/Jan/2024:05:36:43 +0800] "POST /xingrg/services/DataTransmitService HTTP/1.1" 200 412
116.235.244.89 - - [27/Jan/2024:05:36:43 +0800] "GET /xingrg/all/function/internal_message.html?_=1706305025302&CODE_STATE=getMsg HTTP/1.1" 200 27
172.20.0.100 - - [27/Jan/2024:05:36:45 +0800] "GET /xingrg/all/function/internal_message.html?_=1706305016604&CODE_STATE=getMsg HTTP/1.1" 200 27
124.78.68.102 - - [27/Jan/2024:05:36:58 +0800] "GET /xingrg/all/function/internal_message.html?_=1706305018934&CODE_STATE=getMsg HTTP/1.1" 200 27
120.253.135.82 - - [27/Jan/2024:05:36:58 +0800] "GET /xingrg/all/function/internal_message.html?_=1706304843104&CODE_STATE=getMsg HTTP/1.1" 200 27
116.230.109.177 - - [27/Jan/2024:05:37:12 +0800] "GET /xingrg/all/function/internal_message.html?_=1706304974290&CODE_STATE=getMsg HTTP/1.1" 200 27
114.95.241.104 - - [27/Jan/2024:05:37:15 +0800] "GET /xingrg/all/function/internal_message.html?_=1706305034781&CODE_STATE=getMsg HTTP/1.1" 200 27
116.230.109.177 - - [27/Jan/2024:05:37:20 +0800] "GET /xingrg/check_reg.html?_=1706304982284 HTTP/1.1" 200 22
114.95.241.104 - - [27/Jan/2024:05:37:22 +0800] "GET /xingrg/all/function/internal_message.html?_=1706305042081&CODE_STATE=getMsg HTTP/1.1" 200 27
116.230.109.177 - - [27/Jan/2024:05:37:29 +0800] "GET /xingrg/all/function/internal_message.html?_=1706304990682&CODE_STATE=getMsg HTTP/1.1" 200 27
221.239.172.206 - - [27/Jan/2024:05:37:41 +0800] "GET /xingrg/all/function/internal_message.html?_=1706305061305&CODE_STATE=getMsg HTTP/1.1" 200 27
116.235.244.89 - - [27/Jan/2024:05:37:43 +0800] "GET /xingrg/all/function/internal_message.html?_=1706305085321&CODE_STATE=getMsg HTTP/1.1" 200 27
172.20.0.100 - - [27/Jan/2024:05:37:45 +0800] "GET /xingrg/all/function/internal_message.html?_=1706305076602&CODE_STATE=getMsg HTTP/1.1" 200 27
120.253.135.82 - - [27/Jan/2024:05:37:46 +0800] "GET /xingrg/kc/pszx/mdqp_order_list.html?isBack=1 HTTP/1.1" 302 -
120.253.135.82 - - [27/Jan/2024:05:37:46 +0800] "GET /xingrg/kc/pszx/mdqp_order_list.html?state=10 HTTP/1.1" 200 16557
120.253.135.82 - - [27/Jan/2024:05:37:46 +0800] "GET /xingrg/dwr/interface/AjaxQqpsService.js HTTP/1.1" 200 16326
120.253.135.82 - - [27/Jan/2024:05:37:46 +0800] "GET /xingrg/dwr/interface/AjaxReportQueryService.js HTTP/1.1" 200 13203
120.253.135.82 - - [27/Jan/2024:05:37:46 +0800] "GET /xingrg/dwr/engine.js HTTP/1.1" 200 43631
120.253.135.82 - - [27/Jan/2024:05:37:50 +0800] "GET /xingrg/kc/pszx/mdqp_order_info.html?code=302024012600585 HTTP/1.1" 200 13350
120.253.135.82 - - [27/Jan/2024:05:37:50 +0800] "GET /xingrg/dwr/interface/AjaxComOrderService.js HTTP/1.1" 200 18264
120.253.135.82 - - [27/Jan/2024:05:37:50 +0800] "GET /xingrg/dwr/interface/AjaxQqpsService.js HTTP/1.1" 200 16326
120.253.135.82 - - [27/Jan/2024:05:37:50 +0800] "GET /xingrg/dwr/engine.js HTTP/1.1" 200 43631
120.253.135.82 - - [27/Jan/2024:05:37:50 +0800] "POST /xingrg/dwr/call/plaincall/AjaxQqpsService.loadMaterielItems.dwr HTTP/1.1" 200 3211
124.78.68.102 - - [27/Jan/2024:05:37:58 +0800] "GET /xingrg/all/function/internal_message.html?_=1706305078909&CODE_STATE=getMsg HTTP/1.1" 200 27
120.253.135.82 - - [27/Jan/2024:05:37:58 +0800] "GET /xingrg/images/yd/bt.gif HTTP/1.1" 404 1040
120.253.135.82 - - [27/Jan/2024:05:37:59 +0800] "GET /xingrg/all/function/internal_message.html?_=1706304903119&CODE_STATE=getMsg HTTP/1.1" 200 27
120.253.135.82 - - [27/Jan/2024:05:37:59 +0800] "GET /xingrg/images/yd/bt2.gif HTTP/1.1" 404 1042
120.253.135.82 - - [27/Jan/2024:05:38:05 +0800] "GET /xingrg/kc/pszx/mdqp_order_list.html?isBack=1 HTTP/1.1" 302 -
120.253.135.82 - - [27/Jan/2024:05:38:06 +0800] "GET /xingrg/kc/pszx/mdqp_order_list.html?state=10 HTTP/1.1" 200 16557
120.253.135.82 - - [27/Jan/2024:05:38:06 +0800] "GET /xingrg/dwr/interface/AjaxReportQueryService.js HTTP/1.1" 200 13203
120.253.135.82 - - [27/Jan/2024:05:38:06 +0800] "GET /xingrg/dwr/engine.js HTTP/1.1" 200 43631
120.253.135.82 - - [27/Jan/2024:05:38:06 +0800] "GET /xingrg/dwr/interface/AjaxQqpsService.js HTTP/1.1" 200 16326
124.78.68.102 - - [27/Jan/2024:05:38:12 +0800] "GET /xingrg/check_reg.html?_=1706305092902 HTTP/1.1" 200 22
116.230.109.177 - - [27/Jan/2024:05:38:12 +0800] "GET /xingrg/all/function/internal_message.html?_=1706305034283&CODE_STATE=getMsg HTTP/1.1" 200 27
114.95.241.104 - - [27/Jan/2024:05:38:15 +0800] "GET /xingrg/all/function/internal_message.html?_=1706305094763&CODE_STATE=getMsg HTTP/1.1" 200 27
120.253.135.82 - - [27/Jan/2024:05:38:16 +0800] "GET /xingrg/kc/pszx/jzcl_ps.html HTTP/1.1" 200 7683
120.253.135.82 - - [27/Jan/2024:05:38:16 +0800] "GET /xingrg/css/table.css HTTP/1.1" 304 -
120.253.135.82 - - [27/Jan/2024:05:38:16 +0800] "GET /xingrg/javascript/step/step.css HTTP/1.1" 304 -
120.253.135.82 - - [27/Jan/2024:05:38:16 +0800] "GET /xingrg/javascript/step/images/navCurrentBtn.gif HTTP/1.1" 304 -
120.253.135.82 - - [27/Jan/2024:05:38:16 +0800] "GET /xingrg/javascript/jquery_easy_ui/themes/default/images/button_a_bg.gif HTTP/1.1" 304 -
120.253.135.82 - - [27/Jan/2024:05:38:16 +0800] "GET /xingrg/javascript/jquery_easy_ui/themes/default/images/button_span_bg.gif HTTP/1.1" 304 -
120.253.135.82 - - [27/Jan/2024:05:38:16 +0800] "GET /xingrg/javascript/jquery_easy_ui/themes/icons/search.png HTTP/1.1" 304 -
120.253.135.82 - - [27/Jan/2024:05:38:16 +0800] "GET /xingrg/javascript/jquery_easy_ui/themes/default/images/combo_arrow_dot.gif HTTP/1.1" 304 -
120.253.135.82 - - [27/Jan/2024:05:38:16 +0800] "GET /xingrg/javascript/jquery_easy_ui/themes/default/images/calendar_prevyear.gif HTTP/1.1" 304 -
120.253.135.82 - - [27/Jan/2024:05:38:16 +0800] "GET /xingrg/javascript/jquery_easy_ui/themes/default/images/calendar_nextmonth.gif HTTP/1.1" 304 -
120.253.135.82 - - [27/Jan/2024:05:38:16 +0800] "GET /xingrg/javascript/jquery_easy_ui/themes/default/images/calendar_prevmonth.gif HTTP/1.1" 304 -
120.253.135.82 - - [27/Jan/2024:05:38:16 +0800] "GET /xingrg/javascript/jquery_easy_ui/themes/default/images/calendar_nextyear.gif HTTP/1.1" 304 -
120.253.135.82 - - [27/Jan/2024:05:38:17 +0800] "POST /xingrg/all/common/load_tree.html?tree=area_rest_tree_json HTTP/1.1" 200 3624
120.253.135.82 - - [27/Jan/2024:05:38:17 +0800] "GET /xingrg/images/control/ajaxLoader.gif HTTP/1.1" 304 -
120.253.135.82 - - [27/Jan/2024:05:38:17 +0800] "GET /xingrg/javascript/jquery_easy_ui/themes/default/images/datagrid_header_bg.gif HTTP/1.1" 304 -
120.253.135.82 - - [27/Jan/2024:05:38:17 +0800] "GET /xingrg/javascript/jquery_easy_ui/themes/default/images/pagination_loading.gif HTTP/1.1" 304 -
120.253.135.82 - - [27/Jan/2024:05:38:17 +0800] "GET /xingrg/javascript/jquery_easy_ui/themes/default/images/tree_checkbox_0.gif HTTP/1.1" 304 -
120.253.135.82 - - [27/Jan/2024:05:38:17 +0800] "POST /xingrg/kc/pszx/jzcl_ps_operate.html HTTP/1.1" 200 10595
120.253.135.82 - - [27/Jan/2024:05:38:17 +0800] "POST /xingrg/kc/pszx/jzcl_ps_operate.html HTTP/1.1" 200 10595
120.253.135.82 - - [27/Jan/2024:05:38:18 +0800] "GET /xingrg/javascript/jquery_easy_ui/themes/icons/rest.png HTTP/1.1" 304 -
114.95.241.104 - - [27/Jan/2024:05:38:22 +0800] "GET /xingrg/check_reg.html?_=1706305102061 HTTP/1.1" 200 22
114.95.241.104 - - [27/Jan/2024:05:38:22 +0800] "GET /xingrg/all/function/internal_message.html?_=1706305102063&CODE_STATE=getMsg HTTP/1.1" 200 27
116.230.109.177 - - [27/Jan/2024:05:38:29 +0800] "GET /xingrg/all/function/internal_message.html?_=1706305050673&CODE_STATE=getMsg HTTP/1.1" 200 27
116.230.109.177 - - [27/Jan/2024:05:38:36 +0800] "GET /xingrg/check_reg.html?_=1706305057472 HTTP/1.1" 200 22
116.235.244.89 - - [27/Jan/2024:05:38:37 +0800] "GET /xingrg/check_reg.html?_=1706305138826 HTTP/1.1" 200 22
120.253.135.82 - - [27/Jan/2024:05:38:38 +0800] "POST /xingrg/kc/pszx/jzcl_ps_operate.html HTTP/1.1" 200 4
120.253.135.82 - - [27/Jan/2024:05:38:38 +0800] "GET /xingrg/javascript/step/images/navLastDoneBtn.gif HTTP/1.1" 304 -
120.253.135.82 - - [27/Jan/2024:05:38:38 +0800] "GET /xingrg/javascript/step/images/navBtn.gif HTTP/1.1" 200 361
120.253.135.82 - - [27/Jan/2024:05:38:38 +0800] "GET /xingrg/javascript/step/images/navBtn.gif HTTP/1.1" 200 361
120.253.135.82 - - [27/Jan/2024:05:38:38 +0800] "GET /xingrg/javascript/step/images/navDoneBtn.gif HTTP/1.1" 304 -
120.253.135.82 - - [27/Jan/2024:05:38:41 +0800] "GET /xingrg/kc/pszx/mdps_order_list.html HTTP/1.1" 200 20995
120.253.135.82 - - [27/Jan/2024:05:38:41 +0800] "GET /xingrg/css/site.css HTTP/1.1" 304 -
120.253.135.82 - - [27/Jan/2024:05:38:41 +0800] "GET /xingrg/css/base.css HTTP/1.1" 304 -
120.253.135.82 - - [27/Jan/2024:05:38:41 +0800] "GET /xingrg/javascript/easyui/themes/default/easyui.css HTTP/1.1" 304 -
120.253.135.82 - - [27/Jan/2024:05:38:41 +0800] "GET /xingrg/javascript/jquery_tools/datebox.css HTTP/1.1" 304 -
120.253.135.82 - - [27/Jan/2024:05:38:41 +0800] "GET /xingrg/javascript/easyui/themes/icon.css HTTP/1.1" 304 -
120.253.135.82 - - [27/Jan/2024:05:38:41 +0800] "GET /xingrg/javascript/auto/jquery.autocomplete.css HTTP/1.1" 304 -
120.253.135.82 - - [27/Jan/2024:05:38:41 +0800] "GET /xingrg/javascript/jquery_tools/jquery.tools.min.js HTTP/1.1" 304 -
120.253.135.82 - - [27/Jan/2024:05:38:41 +0800] "GET /xingrg/javascript/jquery_tools/jquery.tools.hotkey.js HTTP/1.1" 304 -
120.253.135.82 - - [27/Jan/2024:05:38:41 +0800] "GET /xingrg/javascript/jquery_tools/fix.css HTTP/1.1" 304 -
120.253.135.82 - - [27/Jan/2024:05:38:41 +0800] "GET /xingrg/javascript/jquery_tools/table.css HTTP/1.1" 304 -
120.253.135.82 - - [27/Jan/2024:05:38:41 +0800] "GET /xingrg/javascript/jquery_tools/jquery.tools.extend.js HTTP/1.1" 304 -
120.253.135.82 - - [27/Jan/2024:05:38:41 +0800] "GET /xingrg/javascript/jquery_tools/list_manager.js HTTP/1.1" 304 -
120.253.135.82 - - [27/Jan/2024:05:38:41 +0800] "GET /xingrg/javascript/easyui/easyloader.js HTTP/1.1" 304 -
120.253.135.82 - - [27/Jan/2024:05:38:41 +0800] "GET /xingrg/javascript/jquery.cookie.js HTTP/1.1" 304 -
120.253.135.82 - - [27/Jan/2024:05:38:41 +0800] "GET /xingrg/javascript/jquery_tools/jquery.tools.table.js HTTP/1.1" 304 -
120.253.135.82 - - [27/Jan/2024:05:38:41 +0800] "GET /xingrg/javascript/easyui/themes/icons/edit_add_new.png HTTP/1.1" 304 -
120.253.135.82 - - [27/Jan/2024:05:38:41 +0800] "GET /xingrg/javascript/easyui/themes/icons/cance_new.png HTTP/1.1" 304 -
120.253.135.82 - - [27/Jan/2024:05:38:41 +0800] "GET /xingrg/javascript/easyui/themes/icons/check_new.png HTTP/1.1" 304 -
120.253.135.82 - - [27/Jan/2024:05:38:41 +0800] "GET /xingrg/javascript/easyui/themes/icons/import_new.png HTTP/1.1" 304 -
120.253.135.82 - - [27/Jan/2024:05:38:41 +0800] "GET /xingrg/javascript/easyui/themes/icons/field_new.png HTTP/1.1" 304 -
120.253.135.82 - - [27/Jan/2024:05:38:41 +0800] "GET /xingrg/javascript/easyui/themes/icons/uncheck_new.png HTTP/1.1" 304 -
120.253.135.82 - - [27/Jan/2024:05:38:41 +0800] "GET /xingrg/javascript/easyui/plugins/jquery.parser.js HTTP/1.1" 304 -
120.253.135.82 - - [27/Jan/2024:05:38:41 +0800] "POST /xingrg/kc/pszx/jzcl_ps_operate.html HTTP/1.1" 200 9706
120.253.135.82 - - [27/Jan/2024:05:38:41 +0800] "POST /xingrg/kc/pszx/mdps_list_operate.html HTTP/1.1" 200 5345
221.239.172.206 - - [27/Jan/2024:05:38:41 +0800] "GET /xingrg/all/function/internal_message.html?_=1706305121289&CODE_STATE=getMsg HTTP/1.1" 200 27
116.235.244.89 - - [27/Jan/2024:05:38:43 +0800] "GET /xingrg/all/function/internal_message.html?_=1706305145329&CODE_STATE=getMsg HTTP/1.1" 200 27
172.20.0.100 - - [27/Jan/2024:05:38:45 +0800] "GET /xingrg/all/function/internal_message.html?_=1706305136601&CODE_STATE=getMsg HTTP/1.1" 200 27
172.20.0.100 - - [27/Jan/2024:05:38:45 +0800] "GET /xingrg/check_reg.html?_=1706305136602 HTTP/1.1" 200 22
120.253.135.82 - - [27/Jan/2024:05:38:47 +0800] "GET /xingrg/kc/pszx/mdqp_order_list.html?state=10 HTTP/1.1" 200 16557
120.253.135.82 - - [27/Jan/2024:05:38:47 +0800] "GET /xingrg/dwr/interface/AjaxQqpsService.js HTTP/1.1" 200 16326
120.253.135.82 - - [27/Jan/2024:05:38:47 +0800] "GET /xingrg/dwr/interface/AjaxReportQueryService.js HTTP/1.1" 200 13203
120.253.135.82 - - [27/Jan/2024:05:38:47 +0800] "GET /xingrg/dwr/engine.js HTTP/1.1" 200 43631
120.253.135.82 - - [27/Jan/2024:05:38:50 +0800] "GET /xingrg/kc/pszx/mdqp_order_list.html?state=10&page_num=2 HTTP/1.1" 200 14522
120.253.135.82 - - [27/Jan/2024:05:38:50 +0800] "GET /xingrg/dwr/interface/AjaxQqpsService.js HTTP/1.1" 200 16326
120.253.135.82 - - [27/Jan/2024:05:38:50 +0800] "GET /xingrg/dwr/interface/AjaxReportQueryService.js HTTP/1.1" 200 13203
120.253.135.82 - - [27/Jan/2024:05:38:50 +0800] "GET /xingrg/dwr/engine.js HTTP/1.1" 200 43631
221.239.172.206 - - [27/Jan/2024:05:38:51 +0800] "GET /xingrg/check_reg.html?_=1706305131010 HTTP/1.1" 200 22
124.79.240.117 - - [27/Jan/2024:05:38:58 +0800] "GET /xingrg/check_reg.html?_=1706305137957 HTTP/1.1" 302 -
124.78.68.102 - - [27/Jan/2024:05:38:58 +0800] "GET /xingrg/all/function/internal_message.html?_=1706305138901&CODE_STATE=getMsg HTTP/1.1" 200 27
120.253.135.82 - - [27/Jan/2024:05:38:58 +0800] "GET /xingrg/check_reg.html?_=1706304963070 HTTP/1.1" 200 22
120.253.135.82 - - [27/Jan/2024:05:38:59 +0800] "GET /xingrg/all/function/internal_message.html?_=1706304963131&CODE_STATE=getMsg HTTP/1.1" 200 27
120.253.135.82 - - [27/Jan/2024:05:39:00 +0800] "GET /xingrg/kc/pszx/mdqp_order_info.html?code=302024012600578 HTTP/1.1" 200 13338
120.253.135.82 - - [27/Jan/2024:05:39:00 +0800] "GET /xingrg/dwr/interface/AjaxComOrderService.js HTTP/1.1" 200 18264
120.253.135.82 - - [27/Jan/2024:05:39:00 +0800] "GET /xingrg/dwr/interface/AjaxQqpsService.js HTTP/1.1" 200 16326
120.253.135.82 - - [27/Jan/2024:05:39:00 +0800] "GET /xingrg/dwr/engine.js HTTP/1.1" 200 43631
120.253.135.82 - - [27/Jan/2024:05:39:00 +0800] "POST /xingrg/dwr/call/plaincall/AjaxQqpsService.loadMaterielItems.dwr HTTP/1.1" 200 401
120.253.135.82 - - [27/Jan/2024:05:39:03 +0800] "GET /xingrg/kc/pszx/mdqp_order_list.html?isBack=1 HTTP/1.1" 302 -
120.253.135.82 - - [27/Jan/2024:05:39:03 +0800] "GET /xingrg/kc/pszx/mdqp_order_list.html?state=10&page_num=2 HTTP/1.1" 200 14522
120.253.135.82 - - [27/Jan/2024:05:39:03 +0800] "GET /xingrg/dwr/interface/AjaxReportQueryService.js HTTP/1.1" 200 13203
120.253.135.82 - - [27/Jan/2024:05:39:03 +0800] "GET /xingrg/dwr/interface/AjaxQqpsService.js HTTP/1.1" 200 16326
120.253.135.82 - - [27/Jan/2024:05:39:03 +0800] "GET /xingrg/dwr/engine.js HTTP/1.1" 200 43631
120.253.135.82 - - [27/Jan/2024:05:39:10 +0800] "GET /xingrg/kc/pszx/mdqp_order_info.html?code=302024012600569 HTTP/1.1" 200 13350
120.253.135.82 - - [27/Jan/2024:05:39:10 +0800] "GET /xingrg/dwr/interface/AjaxComOrderService.js HTTP/1.1" 200 18264
120.253.135.82 - - [27/Jan/2024:05:39:10 +0800] "GET /xingrg/dwr/interface/AjaxQqpsService.js HTTP/1.1" 200 16326
120.253.135.82 - - [27/Jan/2024:05:39:10 +0800] "GET /xingrg/dwr/engine.js HTTP/1.1" 200 43631
120.253.135.82 - - [27/Jan/2024:05:39:10 +0800] "POST /xingrg/dwr/call/plaincall/AjaxQqpsService.loadMaterielItems.dwr HTTP/1.1" 200 357
120.253.135.82 - - [27/Jan/2024:05:39:12 +0800] "GET /xingrg/kc/pszx/mdqp_order_list.html?isBack=1 HTTP/1.1" 302 -
120.253.135.82 - - [27/Jan/2024:05:39:12 +0800] "GET /xingrg/images/yd/bt.gif HTTP/1.1" 404 1040
116.230.109.177 - - [27/Jan/2024:05:39:12 +0800] "GET /xingrg/all/function/internal_message.html?_=1706305094255&CODE_STATE=getMsg HTTP/1.1" 200 27
120.253.135.82 - - [27/Jan/2024:05:39:12 +0800] "GET /xingrg/kc/pszx/mdqp_order_list.html?state=10&page_num=2 HTTP/1.1" 200 14522
120.253.135.82 - - [27/Jan/2024:05:39:12 +0800] "GET /xingrg/dwr/interface/AjaxReportQueryService.js HTTP/1.1" 200 13203
120.253.135.82 - - [27/Jan/2024:05:39:12 +0800] "GET /xingrg/dwr/interface/AjaxQqpsService.js HTTP/1.1" 200 16326
120.253.135.82 - - [27/Jan/2024:05:39:12 +0800] "GET /xingrg/dwr/engine.js HTTP/1.1" 200 43631
114.95.241.104 - - [27/Jan/2024:05:39:15 +0800] "GET /xingrg/all/function/internal_message.html?_=1706305154751&CODE_STATE=getMsg HTTP/1.1" 200 27
120.253.135.82 - - [27/Jan/2024:05:39:15 +0800] "GET /xingrg/kc/pszx/mdqp_order_info.html?code=302024012600580 HTTP/1.1" 200 13346
120.253.135.82 - - [27/Jan/2024:05:39:15 +0800] "GET /xingrg/dwr/interface/AjaxComOrderService.js HTTP/1.1" 200 18264
120.253.135.82 - - [27/Jan/2024:05:39:15 +0800] "GET /xingrg/dwr/interface/AjaxQqpsService.js HTTP/1.1" 200 16326
120.253.135.82 - - [27/Jan/2024:05:39:15 +0800] "GET /xingrg/dwr/engine.js HTTP/1.1" 200 43631
120.253.135.82 - - [27/Jan/2024:05:39:15 +0800] "POST /xingrg/dwr/call/plaincall/AjaxQqpsService.loadMaterielItems.dwr HTTP/1.1" 200 1207
114.95.241.104 - - [27/Jan/2024:05:39:22 +0800] "GET /xingrg/all/function/internal_message.html?_=1706305162076&CODE_STATE=getMsg HTTP/1.1" 200 27
114.95.241.104 - - [27/Jan/2024:05:39:26 +0800] "GET /xingrg/check_reg.html?_=1706305165871 HTTP/1.1" 200 22
120.253.135.82 - - [27/Jan/2024:05:39:27 +0800] "GET /xingrg/kc/pszx/mdqp_order_list.html?isBack=1 HTTP/1.1" 302 -
120.253.135.82 - - [27/Jan/2024:05:39:28 +0800] "GET /xingrg/kc/pszx/mdqp_order_list.html?state=10&page_num=2 HTTP/1.1" 200 14522
120.253.135.82 - - [27/Jan/2024:05:39:28 +0800] "GET /xingrg/dwr/interface/AjaxQqpsService.js HTTP/1.1" 200 16326
120.253.135.82 - - [27/Jan/2024:05:39:28 +0800] "GET /xingrg/dwr/engine.js HTTP/1.1" 200 43631
120.253.135.82 - - [27/Jan/2024:05:39:28 +0800] "GET /xingrg/dwr/interface/AjaxReportQueryService.js HTTP/1.1" 200 13203
116.230.109.177 - - [27/Jan/2024:05:39:29 +0800] "GET /xingrg/all/function/internal_message.html?_=1706305110649&CODE_STATE=getMsg HTTP/1.1" 200 27
120.253.135.82 - - [27/Jan/2024:05:39:32 +0800] "GET /xingrg/kc/pszx/mdqp_order_list.html?state=10&page_num=1 HTTP/1.1" 200 16557
120.253.135.82 - - [27/Jan/2024:05:39:32 +0800] "GET /xingrg/dwr/interface/AjaxQqpsService.js HTTP/1.1" 200 16326
120.253.135.82 - - [27/Jan/2024:05:39:32 +0800] "GET /xingrg/dwr/interface/AjaxReportQueryService.js HTTP/1.1" 200 13203
120.253.135.82 - - [27/Jan/2024:05:39:32 +0800] "GET /xingrg/dwr/engine.js HTTP/1.1" 200 43631
221.239.172.206 - - [27/Jan/2024:05:39:41 +0800] "GET /xingrg/all/function/internal_message.html?_=1706305181261&CODE_STATE=getMsg HTTP/1.1" 200 27
120.253.135.82 - - [27/Jan/2024:05:39:43 +0800] "GET /xingrg/kc/pszx/mdps_order_list.html?orderType=0 HTTP/1.1" 200 20995
120.253.135.82 - - [27/Jan/2024:05:39:43 +0800] "POST /xingrg/kc/pszx/mdps_list_operate.html HTTP/1.1" 200 5345
116.235.244.89 - - [27/Jan/2024:05:39:43 +0800] "GET /xingrg/all/function/internal_message.html?_=1706305205343&CODE_STATE=getMsg HTTP/1.1" 200 27
172.20.0.100 - - [27/Jan/2024:05:39:45 +0800] "GET /xingrg/all/function/internal_message.html?_=1706305196600&CODE_STATE=getMsg HTTP/1.1" 200 27
120.253.135.82 - - [27/Jan/2024:05:39:46 +0800] "GET /xingrg/javascript/auto/indicator.gif HTTP/1.1" 404 1066
120.253.135.82 - - [27/Jan/2024:05:39:53 +0800] "POST /xingrg/kc/pszx/mdps_list_operate.html HTTP/1.1" 200 2065
120.253.135.82 - - [27/Jan/2024:05:39:58 +0800] "POST /xingrg/kc/pszx/mdps_list_operate.html HTTP/1.1" 200 627
124.78.68.102 - - [27/Jan/2024:05:39:58 +0800] "GET /xingrg/all/function/internal_message.html?_=1706305198885&CODE_STATE=getMsg HTTP/1.1" 200 27
120.253.135.82 - - [27/Jan/2024:05:39:58 +0800] "GET /xingrg/kc/pszx/mdps_order_info.html?code=312024012700713 HTTP/1.1" 200 23978
120.253.135.82 - - [27/Jan/2024:05:39:58 +0800] "GET /xingrg/javascript/jquery_tools/order_manager.js HTTP/1.1" 304 -
120.253.135.82 - - [27/Jan/2024:05:39:58 +0800] "GET /xingrg/javascript/convert.js HTTP/1.1" 304 -
120.253.135.82 - - [27/Jan/2024:05:39:58 +0800] "GET /xingrg/javascript/json2.js HTTP/1.1" 304 -
120.253.135.82 - - [27/Jan/2024:05:39:59 +0800] "GET /xingrg/words/20240126130954_words.js HTTP/1.1" 304 -
120.253.135.82 - - [27/Jan/2024:05:39:59 +0800] "GET /xingrg/javascript/easyui/themes/icons/print.png HTTP/1.1" 304 -
120.253.135.82 - - [27/Jan/2024:05:39:59 +0800] "GET /xingrg/javascript/easyui/themes/icons/copy_new.png HTTP/1.1" 304 -
120.253.135.82 - - [27/Jan/2024:05:39:59 +0800] "GET /xingrg/javascript/easyui/themes/icons/ok.png HTTP/1.1" 304 -
120.253.135.82 - - [27/Jan/2024:05:39:59 +0800] "GET /xingrg/javascript/easyui/themes/icons/cancel.png HTTP/1.1" 304 -
120.253.135.82 - - [27/Jan/2024:05:39:59 +0800] "GET /xingrg/javascript/easyui/themes/default/images/menu_downarrow.png HTTP/1.1" 304 -
120.253.135.82 - - [27/Jan/2024:05:39:59 +0800] "GET /xingrg/all/function/internal_message.html?_=1706305023456&CODE_STATE=getMsg HTTP/1.1" 200 27
120.253.135.82 - - [27/Jan/2024:05:39:59 +0800] "GET /xingrg/javascript/easyui/themes/default/validatebox.css HTTP/1.1" 404 1104
120.253.135.82 - - [27/Jan/2024:05:39:59 +0800] "GET /xingrg/javascript/easyui/plugins/jquery.validatebox.js HTTP/1.1" 304 -
120.253.135.82 - - [27/Jan/2024:05:39:59 +0800] "GET /xingrg/javascript/easyui/plugins/jquery.numberbox.js HTTP/1.1" 304 -
120.253.135.82 - - [27/Jan/2024:05:39:59 +0800] "GET /xingrg/all/common/auto_word.html?type=base&rest_code=00101 HTTP/1.1" 200 671
120.253.135.82 - - [27/Jan/2024:05:39:59 +0800] "POST /xingrg/kc/pszx/mdps_order_operate.html HTTP/1.1" 200 7211
120.253.135.82 - - [27/Jan/2024:05:39:59 +0800] "GET /xingrg/javascript/easyui/themes/icons/edit_remove.png HTTP/1.1" 304 -
120.253.135.82 - - [27/Jan/2024:05:40:00 +0800] "GET /xingrg/javascript/easyui/themes/default/images/button_plain_hover.png HTTP/1.1" 304 -
120.253.135.82 - - [27/Jan/2024:05:40:02 +0800] "POST /xingrg/kc/pszx/mdps_order_operate.html HTTP/1.1" 200 37
120.253.135.82 - - [27/Jan/2024:05:40:04 +0800] "GET /xingrg/kc/pszx/mdps_order_info.html?code=312024012700713 HTTP/1.1" 200 23978
120.253.135.82 - - [27/Jan/2024:05:40:04 +0800] "GET /xingrg/javascript/easyui/themes/default/validatebox.css HTTP/1.1" 404 1104
120.253.135.82 - - [27/Jan/2024:05:40:04 +0800] "POST /xingrg/kc/pszx/mdps_order_operate.html HTTP/1.1" 200 7294
116.230.109.177 - - [27/Jan/2024:05:40:12 +0800] "GET /xingrg/all/function/internal_message.html?_=1706305154238&CODE_STATE=getMsg HTTP/1.1" 200 27
114.95.241.104 - - [27/Jan/2024:05:40:15 +0800] "GET /xingrg/all/function/internal_message.html?_=1706305214748&CODE_STATE=getMsg HTTP/1.1" 200 27
114.95.241.104 - - [27/Jan/2024:05:40:22 +0800] "GET /xingrg/all/function/internal_message.html?_=1706305222071&CODE_STATE=getMsg HTTP/1.1" 200 27
116.230.109.177 - - [27/Jan/2024:05:40:29 +0800] "GET /xingrg/all/function/internal_message.html?_=1706305170621&CODE_STATE=getMsg HTTP/1.1" 200 27
120.253.135.82 - - [27/Jan/2024:05:40:31 +0800] "GET /xingrg/kc/pszx/mdps_order_operate.html?command=get_materiel&pszx_code=00101&rest_code=00104&base_code=0010246&code=00101020397 HTTP/1.1" 200 434
101.83.240.5 - - [27/Jan/2024:05:40:33 +0800] "POST /xingrg/services/DataTransmitService HTTP/1.1" 200 524
221.239.172.206 - - [27/Jan/2024:05:40:41 +0800] "GET /xingrg/all/function/internal_message.html?_=1706305241233&CODE_STATE=getMsg HTTP/1.1" 200 27
116.235.244.89 - - [27/Jan/2024:05:40:43 +0800] "GET /xingrg/all/function/internal_message.html?_=1706305265363&CODE_STATE=getMsg HTTP/1.1" 200 27
172.20.0.100 - - [27/Jan/2024:05:40:45 +0800] "GET /xingrg/all/function/internal_message.html?_=1706305256599&CODE_STATE=getMsg HTTP/1.1" 200 27
124.78.68.102 - - [27/Jan/2024:05:40:58 +0800] "GET /xingrg/all/function/internal_message.html?_=1706305258859&CODE_STATE=getMsg HTTP/1.1" 200 27
120.253.135.82 - - [27/Jan/2024:05:40:59 +0800] "GET /xingrg/all/function/internal_message.html?_=1706305083470&CODE_STATE=getMsg HTTP/1.1" 200 27
116.230.109.177 - - [27/Jan/2024:05:41:12 +0800] "GET /xingrg/all/function/internal_message.html?_=1706305214217&CODE_STATE=getMsg HTTP/1.1" 200 27
114.95.241.104 - - [27/Jan/2024:05:41:15 +0800] "GET /xingrg/all/function/internal_message.html?_=1706305274722&CODE_STATE=getMsg HTTP/1.1" 200 27
114.95.241.104 - - [27/Jan/2024:05:41:22 +0800] "GET /xingrg/all/function/internal_message.html?_=1706305282069&CODE_STATE=getMsg HTTP/1.1" 200 27
116.230.109.177 - - [27/Jan/2024:05:41:29 +0800] "GET /xingrg/all/function/internal_message.html?_=1706305230617&CODE_STATE=getMsg HTTP/1.1" 200 27
120.253.135.82 - - [27/Jan/2024:05:41:30 +0800] "GET /xingrg/kc/pszx/mdps_order_operate.html?command=get_materiel&pszx_code=00101&rest_code=00104&base_code=0010246&code=00101019196 HTTP/1.1" 200 483
221.239.172.206 - - [27/Jan/2024:05:41:41 +0800] "GET /xingrg/all/function/internal_message.html?_=1706305301218&CODE_STATE=getMsg HTTP/1.1" 200 27
116.235.244.89 - - [27/Jan/2024:05:41:43 +0800] "GET /xingrg/all/function/internal_message.html?_=1706305325370&CODE_STATE=getMsg HTTP/1.1" 200 27
120.253.135.82 - - [27/Jan/2024:05:41:44 +0800] "POST /xingrg/kc/pszx/mdps_order_operate.html HTTP/1.1" 200 37
172.20.0.100 - - [27/Jan/2024:05:41:45 +0800] "GET /xingrg/all/function/internal_message.html?_=1706305316597&CODE_STATE=getMsg HTTP/1.1" 200 27
120.253.135.82 - - [27/Jan/2024:05:41:45 +0800] "GET /xingrg/kc/pszx/mdps_order_info.html?code=312024012700713 HTTP/1.1" 200 23978
120.253.135.82 - - [27/Jan/2024:05:41:46 +0800] "GET /xingrg/javascript/easyui/themes/default/validatebox.css HTTP/1.1" 404 1104
120.253.135.82 - - [27/Jan/2024:05:41:46 +0800] "POST /xingrg/kc/pszx/mdps_order_operate.html HTTP/1.1" 200 7322
120.253.135.82 - - [27/Jan/2024:05:41:50 +0800] "GET /xingrg/kc/pszx/mdps_order_info.html?code=312024012700713 HTTP/1.1" 200 23978
120.253.135.82 - - [27/Jan/2024:05:41:51 +0800] "GET /xingrg/javascript/easyui/themes/default/validatebox.css HTTP/1.1" 404 1104
120.253.135.82 - - [27/Jan/2024:05:41:51 +0800] "POST /xingrg/kc/pszx/mdps_order_operate.html HTTP/1.1" 200 7322
120.253.135.82 - - [27/Jan/2024:05:41:56 +0800] "POST /xingrg/kc/pszx/mdps_list_operate.html HTTP/1.1" 200 2064
120.253.135.82 - - [27/Jan/2024:05:41:56 +0800] "POST /xingrg/kc/pszx/mdps_list_operate.html HTTP/1.1" 200 594
120.253.135.82 - - [27/Jan/2024:05:41:58 +0800] "GET /xingrg/kc/pszx/mdps_order_info.html?code=312024012700714 HTTP/1.1" 200 23978
120.253.135.82 - - [27/Jan/2024:05:41:58 +0800] "GET /xingrg/javascript/easyui/themes/default/validatebox.css HTTP/1.1" 404 1104
124.78.68.102 - - [27/Jan/2024:05:41:58 +0800] "GET /xingrg/all/function/internal_message.html?_=1706305318833&CODE_STATE=getMsg HTTP/1.1" 200 27
120.253.135.82 - - [27/Jan/2024:05:41:59 +0800] "POST /xingrg/kc/pszx/mdps_order_operate.html HTTP/1.1" 200 6194
120.253.135.82 - - [27/Jan/2024:05:41:59 +0800] "GET /xingrg/all/function/internal_message.html?_=1706305143509&CODE_STATE=getMsg HTTP/1.1" 200 27
120.253.135.82 - - [27/Jan/2024:05:42:01 +0800] "POST /xingrg/kc/pszx/mdps_order_operate.html HTTP/1.1" 200 37
120.253.135.82 - - [27/Jan/2024:05:42:03 +0800] "GET /xingrg/kc/pszx/mdps_order_info.html?code=312024012700714 HTTP/1.1" 200 23978
120.253.135.82 - - [27/Jan/2024:05:42:04 +0800] "GET /xingrg/javascript/easyui/themes/default/validatebox.css HTTP/1.1" 404 1104
120.253.135.82 - - [27/Jan/2024:05:42:04 +0800] "POST /xingrg/kc/pszx/mdps_order_operate.html HTTP/1.1" 200 6264
116.230.109.177 - - [27/Jan/2024:05:42:12 +0800] "GET /xingrg/all/function/internal_message.html?_=1706305274204&CODE_STATE=getMsg HTTP/1.1" 200 27
114.95.241.104 - - [27/Jan/2024:05:42:15 +0800] "GET /xingrg/all/function/internal_message.html?_=1706305334700&CODE_STATE=getMsg HTTP/1.1" 200 27
120.253.135.82 - - [27/Jan/2024:05:42:17 +0800] "GET /xingrg/kc/pszx/mdps_order_operate.html?command=get_materiel&pszx_code=00101&rest_code=00104&base_code=0010246&code=00101008559 HTTP/1.1" 200 432
116.230.109.177 - - [27/Jan/2024:05:42:20 +0800] "GET /xingrg/check_reg.html?_=1706305282282 HTTP/1.1" 200 22
114.95.241.104 - - [27/Jan/2024:05:42:22 +0800] "GET /xingrg/all/function/internal_message.html?_=1706305342062&CODE_STATE=getMsg HTTP/1.1" 200 27
120.253.135.82 - - [27/Jan/2024:05:42:26 +0800] "POST /xingrg/kc/pszx/mdps_order_operate.html HTTP/1.1" 200 37
120.253.135.82 - - [27/Jan/2024:05:42:27 +0800] "GET /xingrg/kc/pszx/mdps_order_info.html?code=312024012700714 HTTP/1.1" 200 23978
120.253.135.82 - - [27/Jan/2024:05:42:28 +0800] "GET /xingrg/javascript/easyui/themes/default/validatebox.css HTTP/1.1" 404 1104
120.253.135.82 - - [27/Jan/2024:05:42:28 +0800] "POST /xingrg/kc/pszx/mdps_order_operate.html HTTP/1.1" 200 6264
116.230.109.177 - - [27/Jan/2024:05:42:29 +0800] "GET /xingrg/all/function/internal_message.html?_=1706305290602&CODE_STATE=getMsg HTTP/1.1" 200 27
120.253.135.82 - - [27/Jan/2024:05:42:35 +0800] "POST /xingrg/kc/pszx/mdps_order_operate.html HTTP/1.1" 200 37
120.253.135.82 - - [27/Jan/2024:05:42:36 +0800] "GET /xingrg/kc/pszx/mdps_order_info.html?code=312024012700714 HTTP/1.1" 200 23978
120.253.135.82 - - [27/Jan/2024:05:42:37 +0800] "GET /xingrg/javascript/easyui/themes/default/validatebox.css HTTP/1.1" 404 1104
120.253.135.82 - - [27/Jan/2024:05:42:37 +0800] "POST /xingrg/kc/pszx/mdps_order_operate.html HTTP/1.1" 200 6264
120.253.135.82 - - [27/Jan/2024:05:42:39 +0800] "POST /xingrg/kc/pszx/mdps_list_operate.html HTTP/1.1" 200 2064
221.239.172.206 - - [27/Jan/2024:05:42:41 +0800] "GET /xingrg/all/function/internal_message.html?_=1706305361201&CODE_STATE=getMsg HTTP/1.1" 200 27
120.253.135.82 - - [27/Jan/2024:05:42:43 +0800] "POST /xingrg/kc/pszx/mdps_list_operate.html HTTP/1.1" 200 624
120.253.135.82 - - [27/Jan/2024:05:42:43 +0800] "GET /xingrg/kc/pszx/mdps_order_info.html?code=312024012700713 HTTP/1.1" 200 23978
116.235.244.89 - - [27/Jan/2024:05:42:43 +0800] "GET /xingrg/all/function/internal_message.html?_=1706305385389&CODE_STATE=getMsg HTTP/1.1" 200 27
120.253.135.82 - - [27/Jan/2024:05:42:44 +0800] "GET /xingrg/javascript/easyui/themes/default/validatebox.css HTTP/1.1" 404 1104
120.253.135.82 - - [27/Jan/2024:05:42:44 +0800] "POST /xingrg/kc/pszx/mdps_order_operate.html HTTP/1.1" 200 7322
172.20.0.100 - - [27/Jan/2024:05:42:45 +0800] "GET /xingrg/all/function/internal_message.html?_=1706305376595&CODE_STATE=getMsg HTTP/1.1" 200 27
120.253.135.82 - - [27/Jan/2024:05:42:56 +0800] "POST /xingrg/kc/pszx/mdps_list_operate.html HTTP/1.1" 200 2064
120.253.135.82 - - [27/Jan/2024:05:42:57 +0800] "POST /xingrg/kc/pszx/mdps_list_operate.html HTTP/1.1" 200 594
124.78.68.102 - - [27/Jan/2024:05:42:58 +0800] "GET /xingrg/all/function/internal_message.html?_=1706305378814&CODE_STATE=getMsg HTTP/1.1" 200 27
120.253.135.82 - - [27/Jan/2024:05:42:59 +0800] "GET /xingrg/kc/pszx/mdps_order_info.html?code=312024012700714 HTTP/1.1" 200 23978
120.253.135.82 - - [27/Jan/2024:05:42:59 +0800] "GET /xingrg/all/function/internal_message.html?_=1706305203699&CODE_STATE=getMsg HTTP/1.1" 200 27
120.253.135.82 - - [27/Jan/2024:05:42:59 +0800] "GET /xingrg/javascript/easyui/themes/default/validatebox.css HTTP/1.1" 404 1104
120.253.135.82 - - [27/Jan/2024:05:43:00 +0800] "POST /xingrg/kc/pszx/mdps_order_operate.html HTTP/1.1" 200 6264
120.253.135.82 - - [27/Jan/2024:05:43:01 +0800] "POST /xingrg/kc/pszx/mdps_list_operate.html HTTP/1.1" 200 2064
120.253.135.82 - - [27/Jan/2024:05:43:04 +0800] "GET /xingrg/kc/pszx/mdqp_order_list.html?state=10 HTTP/1.1" 200 16557
120.253.135.82 - - [27/Jan/2024:05:43:04 +0800] "GET /xingrg/dwr/interface/AjaxQqpsService.js HTTP/1.1" 200 16326
120.253.135.82 - - [27/Jan/2024:05:43:04 +0800] "GET /xingrg/dwr/engine.js HTTP/1.1" 200 43631
120.253.135.82 - - [27/Jan/2024:05:43:04 +0800] "GET /xingrg/dwr/interface/AjaxReportQueryService.js HTTP/1.1" 200 13203
116.230.109.177 - - [27/Jan/2024:05:43:12 +0800] "GET /xingrg/all/function/internal_message.html?_=1706305334203&CODE_STATE=getMsg HTTP/1.1" 200 27
124.78.68.102 - - [27/Jan/2024:05:43:12 +0800] "GET /xingrg/check_reg.html?_=1706305392897 HTTP/1.1" 200 22
114.95.241.104 - - [27/Jan/2024:05:43:15 +0800] "GET /xingrg/all/function/internal_message.html?_=1706305394680&CODE_STATE=getMsg HTTP/1.1" 200 27
114.95.241.104 - - [27/Jan/2024:05:43:22 +0800] "GET /xingrg/check_reg.html?_=1706305402075 HTTP/1.1" 200 22
114.95.241.104 - - [27/Jan/2024:05:43:22 +0800] "GET /xingrg/all/function/internal_message.html?_=1706305402077&CODE_STATE=getMsg HTTP/1.1" 200 27
116.230.109.177 - - [27/Jan/2024:05:43:29 +0800] "GET /xingrg/all/function/internal_message.html?_=1706305350588&CODE_STATE=getMsg HTTP/1.1" 200 27
120.253.135.82 - - [27/Jan/2024:05:43:35 +0800] "GET /xingrg/kc/pszx/jzcl_ps.html HTTP/1.1" 200 7683
120.253.135.82 - - [27/Jan/2024:05:43:35 +0800] "POST /xingrg/all/common/load_tree.html?tree=area_rest_tree_json HTTP/1.1" 200 3624
116.230.109.177 - - [27/Jan/2024:05:43:36 +0800] "GET /xingrg/check_reg.html?_=1706305357470 HTTP/1.1" 200 22
120.253.135.82 - - [27/Jan/2024:05:43:36 +0800] "POST /xingrg/kc/pszx/jzcl_ps_operate.html HTTP/1.1" 200 9706
120.253.135.82 - - [27/Jan/2024:05:43:36 +0800] "POST /xingrg/kc/pszx/jzcl_ps_operate.html HTTP/1.1" 200 9706
116.235.244.89 - - [27/Jan/2024:05:43:37 +0800] "GET /xingrg/check_reg.html?_=1706305438830 HTTP/1.1" 200 22
221.239.172.206 - - [27/Jan/2024:05:43:41 +0800] "GET /xingrg/all/function/internal_message.html?_=1706305421187&CODE_STATE=getMsg HTTP/1.1" 200 27
116.235.244.89 - - [27/Jan/2024:05:43:43 +0800] "GET /xingrg/all/function/internal_message.html?_=1706305445397&CODE_STATE=getMsg HTTP/1.1" 200 27
172.20.0.100 - - [27/Jan/2024:05:43:45 +0800] "GET /xingrg/all/function/internal_message.html?_=1706305436610&CODE_STATE=getMsg HTTP/1.1" 200 27
172.20.0.100 - - [27/Jan/2024:05:43:45 +0800] "GET /xingrg/check_reg.html?_=1706305436611 HTTP/1.1" 200 22
221.239.172.206 - - [27/Jan/2024:05:43:51 +0800] "GET /xingrg/check_reg.html?_=1706305430984 HTTP/1.1" 200 22
124.78.68.102 - - [27/Jan/2024:05:43:58 +0800] "GET /xingrg/all/function/internal_message.html?_=1706305438791&CODE_STATE=getMsg HTTP/1.1" 200 27
124.79.240.117 - - [27/Jan/2024:05:43:58 +0800] "GET /xingrg/check_reg.html?_=1706305437955 HTTP/1.1" 302 -
120.253.135.82 - - [27/Jan/2024:05:43:58 +0800] "GET /xingrg/check_reg.html?_=1706305263073 HTTP/1.1" 200 22
120.253.135.82 - - [27/Jan/2024:05:43:59 +0800] "GET /xingrg/all/function/internal_message.html?_=1706305263771&CODE_STATE=getMsg HTTP/1.1" 200 27
116.230.109.177 - - [27/Jan/2024:05:44:12 +0800] "GET /xingrg/all/function/internal_message.html?_=1706305394189&CODE_STATE=getMsg HTTP/1.1" 200 27
114.95.241.104 - - [27/Jan/2024:05:44:15 +0800] "GET /xingrg/all/function/internal_message.html?_=1706305454655&CODE_STATE=getMsg HTTP/1.1" 200 27
120.253.135.82 - - [27/Jan/2024:05:44:15 +0800] "POST /xingrg/kc/pszx/jzcl_ps_operate.html HTTP/1.1" 200 4
120.253.135.82 - - [27/Jan/2024:05:44:15 +0800] "GET /xingrg/javascript/step/images/navBtn.gif HTTP/1.1" 200 361
120.253.135.82 - - [27/Jan/2024:05:44:18 +0800] "GET /xingrg/kc/pszx/mdps_order_list.html HTTP/1.1" 200 20995
120.253.135.82 - - [27/Jan/2024:05:44:19 +0800] "POST /xingrg/kc/pszx/jzcl_ps_operate.html HTTP/1.1" 200 6710
120.253.135.82 - - [27/Jan/2024:05:44:19 +0800] "POST /xingrg/kc/pszx/mdps_list_operate.html HTTP/1.1" 200 5405
114.95.241.104 - - [27/Jan/2024:05:44:22 +0800] "GET /xingrg/all/function/internal_message.html?_=1706305462067&CODE_STATE=getMsg HTTP/1.1" 200 27
114.95.241.104 - - [27/Jan/2024:05:44:26 +0800] "GET /xingrg/check_reg.html?_=1706305465864 HTTP/1.1" 200 22
120.253.135.82 - - [27/Jan/2024:05:44:27 +0800] "GET /xingrg/kc/pszx/mdqp_order_list.html?state=10 HTTP/1.1" 200 16553
120.253.135.82 - - [27/Jan/2024:05:44:27 +0800] "GET /xingrg/dwr/interface/AjaxQqpsService.js HTTP/1.1" 200 16326
120.253.135.82 - - [27/Jan/2024:05:44:27 +0800] "GET /xingrg/dwr/interface/AjaxReportQueryService.js HTTP/1.1" 200 13203
120.253.135.82 - - [27/Jan/2024:05:44:27 +0800] "GET /xingrg/dwr/engine.js HTTP/1.1" 200 43631
116.230.109.177 - - [27/Jan/2024:05:44:29 +0800] "GET /xingrg/all/function/internal_message.html?_=1706305410571&CODE_STATE=getMsg HTTP/1.1" 200 27
221.239.172.206 - - [27/Jan/2024:05:44:41 +0800] "GET /xingrg/all/function/internal_message.html?_=1706305481171&CODE_STATE=getMsg HTTP/1.1" 200 27
116.235.244.89 - - [27/Jan/2024:05:44:43 +0800] "GET /xingrg/all/function/internal_message.html?_=1706305505411&CODE_STATE=getMsg HTTP/1.1" 200 27
120.253.135.82 - - [27/Jan/2024:05:44:45 +0800] "GET /xingrg/kc/pszx/mdqp_order_list.html?state=10 HTTP/1.1" 200 16553
120.253.135.82 - - [27/Jan/2024:05:44:45 +0800] "GET /xingrg/dwr/interface/AjaxQqpsService.js HTTP/1.1" 200 16326
120.253.135.82 - - [27/Jan/2024:05:44:45 +0800] "GET /xingrg/dwr/engine.js HTTP/1.1" 200 43631
120.253.135.82 - - [27/Jan/2024:05:44:45 +0800] "GET /xingrg/dwr/interface/AjaxReportQueryService.js HTTP/1.1" 200 13203
172.20.0.100 - - [27/Jan/2024:05:44:45 +0800] "GET /xingrg/all/function/internal_message.html?_=1706305496594&CODE_STATE=getMsg HTTP/1.1" 200 27
120.253.135.82 - - [27/Jan/2024:05:44:51 +0800] "GET /xingrg/kc/pszx/jzcl_ps.html HTTP/1.1" 200 7683
120.253.135.82 - - [27/Jan/2024:05:44:52 +0800] "POST /xingrg/all/common/load_tree.html?tree=area_rest_tree_json HTTP/1.1" 200 3624
120.253.135.82 - - [27/Jan/2024:05:44:52 +0800] "POST /xingrg/kc/pszx/jzcl_ps_operate.html HTTP/1.1" 200 6710
120.253.135.82 - - [27/Jan/2024:05:44:52 +0800] "POST /xingrg/kc/pszx/jzcl_ps_operate.html HTTP/1.1" 200 6710
124.78.68.102 - - [27/Jan/2024:05:44:58 +0800] "GET /xingrg/all/function/internal_message.html?_=1706305498767&CODE_STATE=getMsg HTTP/1.1" 200 27
120.253.135.82 - - [27/Jan/2024:05:44:59 +0800] "GET /xingrg/all/function/internal_message.html?_=1706305323774&CODE_STATE=getMsg HTTP/1.1" 200 27
116.230.109.177 - - [27/Jan/2024:05:45:12 +0800] "GET /xingrg/all/function/internal_message.html?_=1706305454162&CODE_STATE=getMsg HTTP/1.1" 200 27
114.95.241.104 - - [27/Jan/2024:05:45:15 +0800] "GET /xingrg/all/function/internal_message.html?_=1706305514647&CODE_STATE=getMsg HTTP/1.1" 200 27
114.95.241.104 - - [27/Jan/2024:05:45:22 +0800] "GET /xingrg/all/function/internal_message.html?_=1706305522060&CODE_STATE=getMsg HTTP/1.1" 200 27
120.253.135.82 - - [27/Jan/2024:05:45:23 +0800] "POST /xingrg/kc/pszx/jzcl_ps_operate.html HTTP/1.1" 200 4
120.253.135.82 - - [27/Jan/2024:05:45:26 +0800] "GET /xingrg/kc/pszx/mdps_order_list.html HTTP/1.1" 200 20995
120.253.135.82 - - [27/Jan/2024:05:45:26 +0800] "POST /xingrg/kc/pszx/jzcl_ps_operate.html HTTP/1.1" 200 5811
120.253.135.82 - - [27/Jan/2024:05:45:26 +0800] "POST /xingrg/kc/pszx/mdps_list_operate.html HTTP/1.1" 200 5404
116.230.109.177 - - [27/Jan/2024:05:45:29 +0800] "GET /xingrg/all/function/internal_message.html?_=1706305470545&CODE_STATE=getMsg HTTP/1.1" 200 27
120.253.135.82 - - [27/Jan/2024:05:45:29 +0800] "GET /xingrg/kc/pszx/mdqp_order_list.html?state=10 HTTP/1.1" 200 16545
120.253.135.82 - - [27/Jan/2024:05:45:29 +0800] "GET /xingrg/dwr/interface/AjaxQqpsService.js HTTP/1.1" 200 16326
120.253.135.82 - - [27/Jan/2024:05:45:29 +0800] "GET /xingrg/dwr/interface/AjaxReportQueryService.js HTTP/1.1" 200 13203
120.253.135.82 - - [27/Jan/2024:05:45:29 +0800] "GET /xingrg/dwr/engine.js HTTP/1.1" 200 43631
120.253.135.82 - - [27/Jan/2024:05:45:38 +0800] "GET /xingrg/kc/pszx/mdps_order_list.html?orderType=0 HTTP/1.1" 200 20995
120.253.135.82 - - [27/Jan/2024:05:45:38 +0800] "POST /xingrg/kc/pszx/mdps_list_operate.html HTTP/1.1" 200 5404
221.239.172.206 - - [27/Jan/2024:05:45:41 +0800] "GET /xingrg/all/function/internal_message.html?_=1706305541156&CODE_STATE=getMsg HTTP/1.1" 200 27
116.235.244.89 - - [27/Jan/2024:05:45:43 +0800] "GET /xingrg/all/function/internal_message.html?_=1706305565431&CODE_STATE=getMsg HTTP/1.1" 200 27
172.20.0.100 - - [27/Jan/2024:05:45:45 +0800] "GET /xingrg/all/function/internal_message.html?_=1706305556609&CODE_STATE=getMsg HTTP/1.1" 200 27
120.253.135.82 - - [27/Jan/2024:05:45:48 +0800] "POST /xingrg/kc/pszx/mdps_list_operate.html HTTP/1.1" 200 4667
124.78.68.102 - - [27/Jan/2024:05:45:58 +0800] "GET /xingrg/all/function/internal_message.html?_=1706305558745&CODE_STATE=getMsg HTTP/1.1" 200 27
120.253.135.82 - - [27/Jan/2024:05:45:59 +0800] "GET /xingrg/all/function/internal_message.html?_=1706305383787&CODE_STATE=getMsg HTTP/1.1" 200 27
120.253.135.82 - - [27/Jan/2024:05:46:03 +0800] "POST /xingrg/kc/pszx/mdps_list_operate.html HTTP/1.1" 200 615
120.253.135.82 - - [27/Jan/2024:05:46:05 +0800] "GET /xingrg/kc/pszx/mdps_order_info.html?code=312024012700715 HTTP/1.1" 200 23978
120.253.135.82 - - [27/Jan/2024:05:46:06 +0800] "GET /xingrg/javascript/easyui/themes/default/validatebox.css HTTP/1.1" 404 1104
120.253.135.82 - - [27/Jan/2024:05:46:06 +0800] "POST /xingrg/kc/pszx/mdps_order_operate.html HTTP/1.1" 200 9406
120.253.135.82 - - [27/Jan/2024:05:46:09 +0800] "POST /xingrg/kc/pszx/mdps_order_operate.html HTTP/1.1" 200 37
120.253.135.82 - - [27/Jan/2024:05:46:10 +0800] "GET /xingrg/kc/pszx/mdps_order_info.html?code=312024012700715 HTTP/1.1" 200 23978
120.253.135.82 - - [27/Jan/2024:05:46:11 +0800] "GET /xingrg/javascript/easyui/themes/default/validatebox.css HTTP/1.1" 404 1104
120.253.135.82 - - [27/Jan/2024:05:46:11 +0800] "POST /xingrg/kc/pszx/mdps_order_operate.html HTTP/1.1" 200 9528
116.230.109.177 - - [27/Jan/2024:05:46:12 +0800] "GET /xingrg/all/function/internal_message.html?_=1706305514133&CODE_STATE=getMsg HTTP/1.1" 200 27
114.95.241.104 - - [27/Jan/2024:05:46:15 +0800] "GET /xingrg/all/function/internal_message.html?_=1706305574632&CODE_STATE=getMsg HTTP/1.1" 200 27
114.95.241.104 - - [27/Jan/2024:05:46:22 +0800] "GET /xingrg/all/function/internal_message.html?_=1706305582076&CODE_STATE=getMsg HTTP/1.1" 200 27
120.253.135.82 - - [27/Jan/2024:05:46:24 +0800] "POST /xingrg/all/common/load_select.html HTTP/1.1" 200 25
120.253.135.82 - - [27/Jan/2024:05:46:26 +0800] "GET /xingrg/kc/pszx/mdps_order_operate.html?command=get_materiel_price&pszx_code=00101&rest_code=00141&base_code=0010246&code=00101019133&unit_code=00100189&order_time=2024-01-28 HTTP/1.1" 200 36
116.230.109.177 - - [27/Jan/2024:05:46:29 +0800] "GET /xingrg/all/function/internal_message.html?_=1706305530527&CODE_STATE=getMsg HTTP/1.1" 200 27
221.239.172.206 - - [27/Jan/2024:05:46:41 +0800] "GET /xingrg/all/function/internal_message.html?_=1706305601141&CODE_STATE=getMsg HTTP/1.1" 200 27
116.235.244.89 - - [27/Jan/2024:05:46:43 +0800] "GET /xingrg/all/function/internal_message.html?_=1706305625438&CODE_STATE=getMsg HTTP/1.1" 200 27
172.20.0.100 - - [27/Jan/2024:05:46:45 +0800] "GET /xingrg/all/function/internal_message.html?_=1706305616607&CODE_STATE=getMsg HTTP/1.1" 200 27
120.253.135.82 - - [27/Jan/2024:05:46:54 +0800] "POST /xingrg/all/common/load_select.html HTTP/1.1" 200 25
120.253.135.82 - - [27/Jan/2024:05:46:56 +0800] "GET /xingrg/kc/pszx/mdps_order_operate.html?command=get_materiel_price&pszx_code=00101&rest_code=00141&base_code=0010246&code=00101019222&unit_code=00100130&order_time=2024-01-28 HTTP/1.1" 200 35
124.78.68.102 - - [27/Jan/2024:05:46:58 +0800] "GET /xingrg/all/function/internal_message.html?_=1706305618720&CODE_STATE=getMsg HTTP/1.1" 200 27
120.253.135.82 - - [27/Jan/2024:05:46:59 +0800] "GET /xingrg/all/function/internal_message.html?_=1706305443801&CODE_STATE=getMsg HTTP/1.1" 200 27
120.253.135.82 - - [27/Jan/2024:05:47:11 +0800] "POST /xingrg/kc/pszx/mdps_order_operate.html HTTP/1.1" 200 37
116.230.109.177 - - [27/Jan/2024:05:47:12 +0800] "GET /xingrg/all/function/internal_message.html?_=1706305574119&CODE_STATE=getMsg HTTP/1.1" 200 27
120.253.135.82 - - [27/Jan/2024:05:47:12 +0800] "GET /xingrg/kc/pszx/mdps_order_info.html?code=312024012700715 HTTP/1.1" 200 23978
120.253.135.82 - - [27/Jan/2024:05:47:13 +0800] "GET /xingrg/javascript/easyui/themes/default/validatebox.css HTTP/1.1" 404 1104
120.253.135.82 - - [27/Jan/2024:05:47:13 +0800] "POST /xingrg/kc/pszx/mdps_order_operate.html HTTP/1.1" 200 9524
114.95.241.104 - - [27/Jan/2024:05:47:15 +0800] "GET /xingrg/all/function/internal_message.html?_=1706305634618&CODE_STATE=getMsg HTTP/1.1" 200 27
116.230.109.177 - - [27/Jan/2024:05:47:20 +0800] "GET /xingrg/check_reg.html?_=1706305582267 HTTP/1.1" 200 22
114.95.241.104 - - [27/Jan/2024:05:47:22 +0800] "GET /xingrg/all/function/internal_message.html?_=1706305642066&CODE_STATE=getMsg HTTP/1.1" 200 27
116.230.109.177 - - [27/Jan/2024:05:47:29 +0800] "GET /xingrg/all/function/internal_message.html?_=1706305590502&CODE_STATE=getMsg HTTP/1.1" 200 27
120.253.135.82 - - [27/Jan/2024:05:47:38 +0800] "POST /xingrg/kc/pszx/mdps_order_operate.html HTTP/1.1" 200 37
120.253.135.82 - - [27/Jan/2024:05:47:39 +0800] "GET /xingrg/kc/pszx/mdps_order_info.html?code=312024012700715 HTTP/1.1" 200 23978
120.253.135.82 - - [27/Jan/2024:05:47:40 +0800] "GET /xingrg/javascript/easyui/themes/default/validatebox.css HTTP/1.1" 404 1104
120.253.135.82 - - [27/Jan/2024:05:47:40 +0800] "POST /xingrg/kc/pszx/mdps_order_operate.html HTTP/1.1" 200 9524
221.239.172.206 - - [27/Jan/2024:05:47:41 +0800] "GET /xingrg/all/function/internal_message.html?_=1706305661112&CODE_STATE=getMsg HTTP/1.1" 200 27
116.235.244.89 - - [27/Jan/2024:05:47:44 +0800] "GET /xingrg/all/function/internal_message.html?_=1706305685460&CODE_STATE=getMsg HTTP/1.1" 200 27
120.253.135.82 - - [27/Jan/2024:05:47:45 +0800] "GET /xingrg/kc/pszx/mdps_order_info.html?code=312024012700715 HTTP/1.1" 200 23978
120.253.135.82 - - [27/Jan/2024:05:47:45 +0800] "GET /xingrg/javascript/easyui/themes/default/validatebox.css HTTP/1.1" 404 1104
172.20.0.100 - - [27/Jan/2024:05:47:45 +0800] "GET /xingrg/all/function/internal_message.html?_=1706305676605&CODE_STATE=getMsg HTTP/1.1" 200 27
120.253.135.82 - - [27/Jan/2024:05:47:45 +0800] "POST /xingrg/kc/pszx/mdps_order_operate.html HTTP/1.1" 200 9524
120.253.135.82 - - [27/Jan/2024:05:47:57 +0800] "POST /xingrg/kc/pszx/mdps_list_operate.html HTTP/1.1" 200 4667
124.78.68.102 - - [27/Jan/2024:05:47:58 +0800] "GET /xingrg/all/function/internal_message.html?_=1706305678703&CODE_STATE=getMsg HTTP/1.1" 200 27
120.253.135.82 - - [27/Jan/2024:05:47:58 +0800] "POST /xingrg/kc/pszx/mdps_list_operate.html HTTP/1.1" 200 590
120.253.135.82 - - [27/Jan/2024:05:47:59 +0800] "GET /xingrg/all/function/internal_message.html?_=1706305503853&CODE_STATE=getMsg HTTP/1.1" 200 27
120.253.135.82 - - [27/Jan/2024:05:48:00 +0800] "GET /xingrg/kc/pszx/mdps_order_info.html?code=312024012700716 HTTP/1.1" 200 23978
120.253.135.82 - - [27/Jan/2024:05:48:00 +0800] "GET /xingrg/javascript/easyui/themes/default/validatebox.css HTTP/1.1" 404 1104
120.253.135.82 - - [27/Jan/2024:05:48:00 +0800] "POST /xingrg/kc/pszx/mdps_order_operate.html HTTP/1.1" 200 7622
101.83.240.5 - - [27/Jan/2024:05:48:03 +0800] "POST /xingrg/services/DataTransmitService HTTP/1.1" 200 524
120.253.135.82 - - [27/Jan/2024:05:48:04 +0800] "POST /xingrg/kc/pszx/mdps_order_operate.html HTTP/1.1" 200 37
120.253.135.82 - - [27/Jan/2024:05:48:06 +0800] "GET /xingrg/kc/pszx/mdps_order_info.html?code=312024012700716 HTTP/1.1" 200 23978
120.253.135.82 - - [27/Jan/2024:05:48:07 +0800] "GET /xingrg/javascript/easyui/themes/default/validatebox.css HTTP/1.1" 404 1104
120.253.135.82 - - [27/Jan/2024:05:48:07 +0800] "POST /xingrg/kc/pszx/mdps_order_operate.html HTTP/1.1" 200 7707
116.230.109.177 - - [27/Jan/2024:05:48:12 +0800] "GET /xingrg/all/function/internal_message.html?_=1706305634100&CODE_STATE=getMsg HTTP/1.1" 200 27
124.78.68.102 - - [27/Jan/2024:05:48:12 +0800] "GET /xingrg/check_reg.html?_=1706305692883 HTTP/1.1" 200 22
114.95.241.104 - - [27/Jan/2024:05:48:15 +0800] "GET /xingrg/all/function/internal_message.html?_=1706305694597&CODE_STATE=getMsg HTTP/1.1" 200 27
114.95.241.104 - - [27/Jan/2024:05:48:22 +0800] "GET /xingrg/all/function/internal_message.html?_=1706305702060&CODE_STATE=getMsg HTTP/1.1" 200 27
114.95.241.104 - - [27/Jan/2024:05:48:22 +0800] "GET /xingrg/check_reg.html?_=1706305702062 HTTP/1.1" 200 22
116.230.109.177 - - [27/Jan/2024:05:48:29 +0800] "GET /xingrg/all/function/internal_message.html?_=1706305650503&CODE_STATE=getMsg HTTP/1.1" 200 27
120.253.135.82 - - [27/Jan/2024:05:48:34 +0800] "POST /xingrg/kc/pszx/mdps_list_operate.html HTTP/1.1" 200 4667
116.230.109.177 - - [27/Jan/2024:05:48:36 +0800] "GET /xingrg/check_reg.html?_=1706305657443 HTTP/1.1" 200 22
116.235.244.89 - - [27/Jan/2024:05:48:37 +0800] "GET /xingrg/check_reg.html?_=1706305738835 HTTP/1.1" 200 22
221.239.172.206 - - [27/Jan/2024:05:48:41 +0800] "GET /xingrg/all/function/internal_message.html?_=1706305721097&CODE_STATE=getMsg HTTP/1.1" 200 27
116.235.244.89 - - [27/Jan/2024:05:48:43 +0800] "GET /xingrg/all/function/internal_message.html?_=1706305745466&CODE_STATE=getMsg HTTP/1.1" 200 27
172.20.0.100 - - [27/Jan/2024:05:48:45 +0800] "GET /xingrg/all/function/internal_message.html?_=1706305736604&CODE_STATE=getMsg HTTP/1.1" 200 27
172.20.0.100 - - [27/Jan/2024:05:48:45 +0800] "GET /xingrg/check_reg.html?_=1706305736605 HTTP/1.1" 200 22
120.253.135.82 - - [27/Jan/2024:05:48:48 +0800] "GET /xingrg/kc/pszx/ps_main.html HTTP/1.1" 200 13401
120.253.135.82 - - [27/Jan/2024:05:48:48 +0800] "GET /xingrg/images/blue/button/fdqpd.gif HTTP/1.1" 304 -
120.253.135.82 - - [27/Jan/2024:05:48:48 +0800] "GET /xingrg/images/blue/button/yddb.gif HTTP/1.1" 304 -
120.253.135.82 - - [27/Jan/2024:05:48:48 +0800] "GET /xingrg/images/blue/button/ckpd.gif HTTP/1.1" 304 -
120.253.135.82 - - [27/Jan/2024:05:48:48 +0800] "GET /xingrg/images/blue/button/left_down_ah.jpg HTTP/1.1" 304 -
120.253.135.82 - - [27/Jan/2024:05:48:48 +0800] "GET /xingrg/images/blue/button/down_ah.jpg HTTP/1.1" 304 -
120.253.135.82 - - [27/Jan/2024:05:48:48 +0800] "GET /xingrg/images/blue/button/fdps2.gif HTTP/1.1" 304 -
120.253.135.82 - - [27/Jan/2024:05:48:48 +0800] "GET /xingrg/images/blue/button/jzcgd.gif HTTP/1.1" 304 -
120.253.135.82 - - [27/Jan/2024:05:48:48 +0800] "GET /xingrg/images/blue/button/line.jpg HTTP/1.1" 304 -
