120.253.135.82 - - [27/Jan/2024:09:46:33 +0800] "GET /xingrg/javascript/jquery.timers.js HTTP/1.1" 304 -
120.253.135.82 - - [27/Jan/2024:09:46:33 +0800] "GET /xingrg/javascript/jquery.utils.js HTTP/1.1" 304 -
120.253.135.82 - - [27/Jan/2024:09:46:33 +0800] "GET /xingrg/javascript/jquery_easy_ui/themes/default/images/panel_tool_collapse.gif HTTP/1.1" 304 -
120.253.135.82 - - [27/Jan/2024:09:46:33 +0800] "GET /xingrg/javascript/jquery_easy_ui/themes/default/images/tabs_leftarrow.png HTTP/1.1" 304 -
120.253.135.82 - - [27/Jan/2024:09:46:33 +0800] "GET /xingrg/images/blue/navBackgound.jpg HTTP/1.1" 304 -
120.253.135.82 - - [27/Jan/2024:09:46:33 +0800] "GET /xingrg/javascript/jquery_easy_ui/themes/icons/settle_new.png HTTP/1.1" 304 -
120.253.135.82 - - [27/Jan/2024:09:46:33 +0800] "GET /xingrg/javascript/jquery_easy_ui/themes/default/images/tabs_rightarrow.png HTTP/1.1" 304 -
120.253.135.82 - - [27/Jan/2024:09:46:33 +0800] "GET /xingrg/images/blue/pingpu.png HTTP/1.1" 304 -
120.253.135.82 - - [27/Jan/2024:09:46:34 +0800] "GET /xingrg/check_reg.html?_=1706319817981 HTTP/1.1" 200 22
120.253.135.82 - - [27/Jan/2024:09:46:34 +0800] "GET /favicon.ico HTTP/1.1" 404 -
120.253.135.82 - - [27/Jan/2024:09:46:34 +0800] "POST /xingrg/all/common/load_tree.html?tree=area_rest_tree_json&manage=1 HTTP/1.1" 200 344
120.253.135.82 - - [27/Jan/2024:09:46:34 +0800] "GET /xingrg/all/function/internal_message.html?_=1706319817980&CODE_STATE=count HTTP/1.1" 200 11
120.253.135.82 - - [27/Jan/2024:09:46:34 +0800] "GET /xingrg/javascript/jquery_easy_ui/themes/default/images/tree_arrows.gif HTTP/1.1" 304 -
120.253.135.82 - - [27/Jan/2024:09:46:34 +0800] "POST /xingrg/load_menu.html HTTP/1.1" 200 6743
120.253.135.82 - - [27/Jan/2024:09:46:34 +0800] "GET /xingrg/javascript/jquery_easy_ui/themes/icons/search_new.png HTTP/1.1" 304 -
120.253.135.82 - - [27/Jan/2024:09:46:34 +0800] "GET /xingrg/javascript/jquery_easy_ui/themes/default/images/tree_folder_open.gif HTTP/1.1" 304 -
120.253.135.82 - - [27/Jan/2024:09:46:34 +0800] "GET /xingrg/javascript/jquery_easy_ui/themes/icons/delivery_new.png HTTP/1.1" 304 -
120.253.135.82 - - [27/Jan/2024:09:46:34 +0800] "GET /xingrg/javascript/jquery_easy_ui/themes/icons/forms_new.png HTTP/1.1" 304 -
120.253.135.82 - - [27/Jan/2024:09:46:34 +0800] "GET /xingrg/javascript/jquery_easy_ui/themes/icons/storage_new.png HTTP/1.1" 304 -
120.253.135.82 - - [27/Jan/2024:09:46:34 +0800] "GET /xingrg/javascript/jquery_easy_ui/themes/default/images/tree_file.gif HTTP/1.1" 304 -
120.253.135.82 - - [27/Jan/2024:09:46:34 +0800] "GET /xingrg/javascript/jquery_easy_ui/themes/default/images/tree_folder.gif HTTP/1.1" 304 -
101.83.240.5 - - [27/Jan/2024:09:46:34 +0800] "GET /xingrg/kc/buy/cgsh_order_info.html?code=212024012611236 HTTP/1.1" 200 73217
101.83.240.5 - - [27/Jan/2024:09:46:36 +0800] "GET /xingrg/all/common/auto_word.html?type=employee&rest_code=00149 HTTP/1.1" 200 147
101.83.240.5 - - [27/Jan/2024:09:46:36 +0800] "GET /xingrg/javascript/easyui/themes/default/validatebox.css HTTP/1.1" 404 1104
101.83.240.5 - - [27/Jan/2024:09:46:36 +0800] "GET /xingrg/all/common/auto_word.html?type=employee&rest_code=00149 HTTP/1.1" 200 147
120.253.135.82 - - [27/Jan/2024:09:46:37 +0800] "GET /xingrg/javascript/jquery_easy_ui/themes/default/images/tabs_close.gif HTTP/1.1" 304 -
101.83.240.5 - - [27/Jan/2024:09:46:37 +0800] "POST /xingrg/kc/buy/cgsh_order_operate.html HTTP/1.1" 200 4550
120.253.135.82 - - [27/Jan/2024:09:46:37 +0800] "GET /xingrg/kc/pszx/mdqp_order_list.html?state=10 HTTP/1.1" 200 11567
120.253.135.82 - - [27/Jan/2024:09:46:37 +0800] "GET /xingrg/css/blue.css HTTP/1.1" 304 -
120.253.135.82 - - [27/Jan/2024:09:46:37 +0800] "GET /xingrg/javascript/pic_change.js HTTP/1.1" 304 -
120.253.135.82 - - [27/Jan/2024:09:46:37 +0800] "GET /xingrg/javascript/Calendar.js HTTP/1.1" 304 -
120.253.135.82 - - [27/Jan/2024:09:46:37 +0800] "GET /xingrg/javascript/myfunction.js HTTP/1.1" 304 -
120.253.135.82 - - [27/Jan/2024:09:46:37 +0800] "GET /xingrg/dwr/util.js HTTP/1.1" 200 35990
120.253.135.82 - - [27/Jan/2024:09:46:37 +0800] "GET /xingrg/dwr/engine.js HTTP/1.1" 200 43631
120.253.135.82 - - [27/Jan/2024:09:46:37 +0800] "GET /xingrg/dwr/interface/AjaxReportQueryService.js HTTP/1.1" 200 13203
120.253.135.82 - - [27/Jan/2024:09:46:37 +0800] "GET /xingrg/dwr/interface/AjaxQqpsService.js HTTP/1.1" 200 16326
120.253.135.82 - - [27/Jan/2024:09:46:37 +0800] "GET /xingrg/javascript/jquery_easy_ui/themes/icons/uncheck_new.png HTTP/1.1" 304 -
120.253.135.82 - - [27/Jan/2024:09:46:37 +0800] "GET /xingrg/javascript/jquery_easy_ui/themes/icons/check_new.png HTTP/1.1" 304 -
120.253.135.82 - - [27/Jan/2024:09:46:37 +0800] "GET /xingrg/javascript/jquery_easy_ui/themes/icons/back_new.png HTTP/1.1" 304 -
116.230.123.222 - - [27/Jan/2024:09:46:38 +0800] "GET /xingrg/kc/buy/cgsh_order_operate.html?command=get_materiel&rest_code=00111&code=00101008005&supplier_code=00100005&order_time=2024-01-27 HTTP/1.1" 200 412
101.83.240.5 - - [27/Jan/2024:09:46:38 +0800] "GET /xingrg/kc/print/load_config.html?kc_code=cgsh HTTP/1.1" 200 1927
101.83.240.5 - - [27/Jan/2024:09:46:39 +0800] "GET /xingrg/kc/print/load_data.html?order_code=212024012611236&kc_code=cgsh&condition= HTTP/1.1" 200 1530
120.253.135.82 - - [27/Jan/2024:09:46:40 +0800] "GET /xingrg/kc/pszx/mdqp_order_info.html?code=302024012600586 HTTP/1.1" 200 13350
120.253.135.82 - - [27/Jan/2024:09:46:40 +0800] "GET /xingrg/javascript/auto/jquery.autocomplete.js HTTP/1.1" 304 -
120.253.135.82 - - [27/Jan/2024:09:46:40 +0800] "GET /xingrg/javascript/tools/jquery.qtip-1.0.0-rc3.min.js HTTP/1.1" 304 -
120.253.135.82 - - [27/Jan/2024:09:46:40 +0800] "GET /xingrg/dwr/interface/AjaxComOrderService.js HTTP/1.1" 200 18264
120.253.135.82 - - [27/Jan/2024:09:46:40 +0800] "GET /xingrg/dwr/interface/AjaxQqpsService.js HTTP/1.1" 200 16326
120.253.135.82 - - [27/Jan/2024:09:46:40 +0800] "GET /xingrg/javascript/Grid.js HTTP/1.1" 304 -
120.253.135.82 - - [27/Jan/2024:09:46:40 +0800] "GET /xingrg/javascript/ToolTips.js HTTP/1.1" 304 -
120.253.135.82 - - [27/Jan/2024:09:46:40 +0800] "GET /xingrg/dwr/engine.js HTTP/1.1" 200 43631
120.253.135.82 - - [27/Jan/2024:09:46:41 +0800] "GET /xingrg/javascript/AjaxInfoList.js HTTP/1.1" 304 -
120.253.135.82 - - [27/Jan/2024:09:46:41 +0800] "GET /xingrg/javascript/print/LodopFuncs.js HTTP/1.1" 304 -
120.253.135.82 - - [27/Jan/2024:09:46:41 +0800] "GET /xingrg/javascript/checkform.js HTTP/1.1" 304 -
120.253.135.82 - - [27/Jan/2024:09:46:41 +0800] "GET /xingrg/javascript/print/kc_print.js HTTP/1.1" 304 -
120.253.135.82 - - [27/Jan/2024:09:46:41 +0800] "GET /xingrg/javascript/jquery_easy_ui/themes/icons/print.png HTTP/1.1" 304 -
120.253.135.82 - - [27/Jan/2024:09:46:41 +0800] "GET /xingrg/javascript/jquery_easy_ui/themes/default/images/menu_downarrow.png HTTP/1.1" 304 -
120.253.135.82 - - [27/Jan/2024:09:46:41 +0800] "GET /xingrg/images/blue/button/kc_tab_save.gif HTTP/1.1" 304 -
120.253.135.82 - - [27/Jan/2024:09:46:41 +0800] "GET /xingrg/images/blue/button/kc_tab_edit.gif HTTP/1.1" 304 -
120.253.135.82 - - [27/Jan/2024:09:46:41 +0800] "GET /xingrg/images/blue/kc_tab_left.gif HTTP/1.1" 304 -
120.253.135.82 - - [27/Jan/2024:09:46:41 +0800] "GET /xingrg/images/blue/kc_tab_right.gif HTTP/1.1" 304 -
120.253.135.82 - - [27/Jan/2024:09:46:41 +0800] "GET /xingrg/images/blue/kc_tab2_right.gif HTTP/1.1" 304 -
120.253.135.82 - - [27/Jan/2024:09:46:41 +0800] "GET /xingrg/images/blue/kc_tab_mid.gif HTTP/1.1" 304 -
120.253.135.82 - - [27/Jan/2024:09:46:41 +0800] "GET /xingrg/images/blue/kc_tab2_left.gif HTTP/1.1" 304 -
120.253.135.82 - - [27/Jan/2024:09:46:41 +0800] "GET /xingrg/images/blue/wait.gif HTTP/1.1" 304 -
116.230.109.177 - - [27/Jan/2024:09:46:42 +0800] "GET /xingrg/kc/buy/cgsh_order_operate.html?command=get_materiel&rest_code=00155&code=00101008210&supplier_code=00100005&order_time=2024-01-27 HTTP/1.1" 200 408
124.78.68.102 - - [27/Jan/2024:09:46:42 +0800] "GET /xingrg/kc/buy/cgsh_order_operate.html?command=get_materiel&rest_code=00141&code=00101008274&supplier_code=00100007&order_time=2024-01-27 HTTP/1.1" 200 412
116.235.244.89 - - [27/Jan/2024:09:46:42 +0800] "GET /xingrg/kc/buy/cgsh_order_operate.html?command=get_materiel&rest_code=00146&code=00101008256&supplier_code=00100005&order_time=2024-01-27 HTTP/1.1" 200 412
120.253.135.82 - - [27/Jan/2024:09:46:44 +0800] "POST /xingrg/dwr/call/plaincall/AjaxQqpsService.loadMaterielItems.dwr HTTP/1.1" 200 1687
172.20.0.100 - - [27/Jan/2024:09:46:45 +0800] "GET /xingrg/all/function/internal_message.html?_=1706320016757&CODE_STATE=getMsg HTTP/1.1" 302 -
114.95.241.104 - - [27/Jan/2024:09:46:45 +0800] "GET /xingrg/kc/buy/cgsh_order_operate.html?command=get_materiel&rest_code=00150&code=00101006129&supplier_code=00100096&order_time=2024-01-27 HTTP/1.1" 200 439
124.78.68.102 - - [27/Jan/2024:09:46:46 +0800] "POST /xingrg/kc/buy/cgsh_order_operate.html HTTP/1.1" 200 2065
101.83.240.5 - - [27/Jan/2024:09:46:48 +0800] "POST /xingrg/kc/buy/cgsh_order_operate.html HTTP/1.1" 200 37
116.230.123.222 - - [27/Jan/2024:09:46:53 +0800] "GET /xingrg/kc/buy/cgsh_order_operate.html?command=get_materiel&rest_code=00111&code=00101008141&supplier_code=00100005&order_time=2024-01-27 HTTP/1.1" 200 412
116.230.109.177 - - [27/Jan/2024:09:46:53 +0800] "GET /xingrg/kc/buy/cgsh_order_operate.html?command=get_materiel&rest_code=00155&code=00101008331&supplier_code=00100005&order_time=2024-01-27 HTTP/1.1" 200 416
124.78.68.102 - - [27/Jan/2024:09:46:53 +0800] "GET /xingrg/kc/buy/cgsh_order_operate.html?command=get_materiel&rest_code=00141&code=00101008298&supplier_code=00100007&order_time=2024-01-27 HTTP/1.1" 200 412
120.253.135.82 - - [27/Jan/2024:09:46:53 +0800] "GET /xingrg/all/function/internal_message.html?_=1706320177194&CODE_STATE=getMsg HTTP/1.1" 302 -
120.253.135.82 - - [27/Jan/2024:09:46:53 +0800] "GET /xingrg/login.html HTTP/1.1" 200 7641
101.83.145.37 - - [27/Jan/2024:09:46:54 +0800] "GET /xingrg/all/function/internal_message.html?_=1706319780073&CODE_STATE=getMsg HTTP/1.1" 200 27
116.235.244.89 - - [27/Jan/2024:09:46:54 +0800] "GET /xingrg/all/function/internal_message.html?_=1706320036576&CODE_STATE=getMsg HTTP/1.1" 200 27
116.235.244.89 - - [27/Jan/2024:09:46:56 +0800] "GET /xingrg/kc/buy/cgsh_order_operate.html?command=get_materiel&rest_code=00146&code=00101008037&supplier_code=00100005&order_time=2024-01-27 HTTP/1.1" 200 415
116.230.123.222 - - [27/Jan/2024:09:46:57 +0800] "POST /xingrg/kc/buy/cgsh_order_operate.html HTTP/1.1" 200 2065
180.152.241.32 - - [27/Jan/2024:09:46:58 +0800] "GET /xingrg/all/function/internal_message.html?_=1706320019004&CODE_STATE=getMsg HTTP/1.1" 200 27
116.230.109.177 - - [27/Jan/2024:09:47:00 +0800] "GET /xingrg/all/function/internal_message.html?_=1706319961273&CODE_STATE=getMsg HTTP/1.1" 200 27
101.83.240.5 - - [27/Jan/2024:09:47:01 +0800] "POST /xingrg/kc/buy/cgsh_order_operate.html HTTP/1.1" 200 12
124.78.68.102 - - [27/Jan/2024:09:47:03 +0800] "GET /xingrg/kc/buy/cgsh_order_operate.html?command=get_materiel&rest_code=00141&code=00101008403&supplier_code=00100007&order_time=2024-01-27 HTTP/1.1" 200 412
116.230.109.177 - - [27/Jan/2024:09:47:04 +0800] "GET /xingrg/kc/buy/cgsh_order_operate.html?command=get_materiel&rest_code=00155&code=00101008238&supplier_code=00100005&order_time=2024-01-27 HTTP/1.1" 200 416
101.83.240.5 - - [27/Jan/2024:09:47:04 +0800] "GET /xingrg/kc/buy/cgsh_order_info.html?code=212024012611236 HTTP/1.1" 200 68117
101.83.240.5 - - [27/Jan/2024:09:47:05 +0800] "GET /xingrg/javascript/easyui/themes/default/validatebox.css HTTP/1.1" 404 1104
101.83.240.5 - - [27/Jan/2024:09:47:06 +0800] "POST /xingrg/kc/buy/cgsh_order_operate.html HTTP/1.1" 200 2500
116.235.244.89 - - [27/Jan/2024:09:47:08 +0800] "GET /xingrg/kc/buy/cgsh_order_operate.html?command=get_materiel&rest_code=00146&code=00101008257&supplier_code=00100005&order_time=2024-01-27 HTTP/1.1" 200 416
116.230.109.177 - - [27/Jan/2024:09:47:13 +0800] "GET /xingrg/kc/buy/cgsh_order_operate.html?command=get_materiel&rest_code=00155&code=00101008126&supplier_code=00100005&order_time=2024-01-27 HTTP/1.1" 200 412
116.235.244.89 - - [27/Jan/2024:09:47:20 +0800] "GET /xingrg/kc/buy/cgsh_order_operate.html?command=get_materiel&rest_code=00146&code=00101008331&supplier_code=00100005&order_time=2024-01-27 HTTP/1.1" 200 416
101.83.240.5 - - [27/Jan/2024:09:47:24 +0800] "GET /xingrg/all/function/internal_message.html?_=1706320041507&CODE_STATE=getMsg HTTP/1.1" 200 27
116.230.109.177 - - [27/Jan/2024:09:47:24 +0800] "GET /xingrg/kc/buy/cgsh_order_operate.html?command=get_materiel&rest_code=00155&code=00101008251&supplier_code=00100005&order_time=2024-01-27 HTTP/1.1" 200 408
124.78.68.102 - - [27/Jan/2024:09:47:28 +0800] "GET /xingrg/all/function/internal_message.html?_=1706320048579&CODE_STATE=getMsg HTTP/1.1" 200 27
116.230.123.222 - - [27/Jan/2024:09:47:28 +0800] "GET /xingrg/kc/buy/cgsh_order_operate.html?command=get_materiel&rest_code=00111&code=00101008353&supplier_code=00100005&order_time=2024-01-27 HTTP/1.1" 200 408
124.78.68.102 - - [27/Jan/2024:09:47:31 +0800] "GET /xingrg/kc/buy/cgsh_order_operate.html?command=get_materiel&rest_code=00141&code=00101008032&supplier_code=00100007&order_time=2024-01-27 HTTP/1.1" 200 409
116.230.123.222 - - [27/Jan/2024:09:47:32 +0800] "GET /xingrg/all/function/internal_message.html?_=1706320052034&CODE_STATE=getMsg HTTP/1.1" 200 27
116.235.244.89 - - [27/Jan/2024:09:47:32 +0800] "GET /xingrg/kc/buy/cgsh_order_operate.html?command=get_materiel&rest_code=00146&code=00101008350&supplier_code=00100005&order_time=2024-01-27 HTTP/1.1" 200 408
114.95.241.104 - - [27/Jan/2024:09:47:32 +0800] "GET /xingrg/all/function/internal_message.html?_=1706320052362&CODE_STATE=getMsg HTTP/1.1" 200 27
120.253.135.82 - - [27/Jan/2024:09:47:33 +0800] "GET /xingrg/all/function/internal_message.html?_=1706319877981&CODE_STATE=getMsg HTTP/1.1" 200 27
116.230.109.177 - - [27/Jan/2024:09:47:35 +0800] "GET /xingrg/kc/buy/cgsh_order_operate.html?command=get_materiel&rest_code=00155&code=00101008169&supplier_code=00100005&order_time=2024-01-27 HTTP/1.1" 200 412
116.230.123.222 - - [27/Jan/2024:09:47:41 +0800] "GET /xingrg/kc/buy/cgsh_order_operate.html?command=get_materiel&rest_code=00111&code=00101008131&supplier_code=00100005&order_time=2024-01-27 HTTP/1.1" 200 408
116.235.244.89 - - [27/Jan/2024:09:47:43 +0800] "GET /xingrg/kc/buy/cgsh_order_operate.html?command=get_materiel&rest_code=00146&code=00101008096&supplier_code=00100005&order_time=2024-01-27 HTTP/1.1" 200 412
172.20.0.100 - - [27/Jan/2024:09:47:45 +0800] "GET /xingrg/all/function/internal_message.html?_=1706320076755&CODE_STATE=getMsg HTTP/1.1" 302 -
101.83.240.5 - - [27/Jan/2024:09:47:45 +0800] "POST /xingrg/kc/buy/cgsh_list_operate.html HTTP/1.1" 200 281
124.78.68.102 - - [27/Jan/2024:09:47:46 +0800] "POST /xingrg/kc/buy/cgsh_order_operate.html HTTP/1.1" 200 2065
116.230.109.177 - - [27/Jan/2024:09:47:47 +0800] "GET /xingrg/kc/buy/cgsh_order_operate.html?command=get_materiel&rest_code=00155&code=00101008351&supplier_code=00100005&order_time=2024-01-27 HTTP/1.1" 200 408
101.83.240.5 - - [27/Jan/2024:09:47:47 +0800] "GET /xingrg/kc/buy/cgsh_order_info.html?code=212024012611237 HTTP/1.1" 200 73223
101.83.240.5 - - [27/Jan/2024:09:47:48 +0800] "GET /xingrg/javascript/easyui/themes/default/validatebox.css HTTP/1.1" 404 1104
101.83.240.5 - - [27/Jan/2024:09:47:49 +0800] "POST /xingrg/kc/buy/cgsh_order_operate.html HTTP/1.1" 200 3265
116.230.123.222 - - [27/Jan/2024:09:47:52 +0800] "GET /xingrg/kc/buy/cgsh_order_operate.html?command=get_materiel&rest_code=00111&code=00101008357&supplier_code=00100005&order_time=2024-01-27 HTTP/1.1" 200 408
120.253.135.82 - - [27/Jan/2024:09:47:53 +0800] "GET /xingrg/all/function/internal_message.html?_=1706320237200&CODE_STATE=getMsg HTTP/1.1" 302 -
120.253.135.82 - - [27/Jan/2024:09:47:53 +0800] "GET /xingrg/login.html HTTP/1.1" 200 7641
116.235.244.89 - - [27/Jan/2024:09:47:54 +0800] "GET /xingrg/kc/buy/cgsh_order_operate.html?command=get_materiel&rest_code=00146&code=00101008038&supplier_code=00100005&order_time=2024-01-27 HTTP/1.1" 200 412
101.83.145.37 - - [27/Jan/2024:09:47:54 +0800] "GET /xingrg/all/function/internal_message.html?_=1706319840073&CODE_STATE=getMsg HTTP/1.1" 200 27
116.235.244.89 - - [27/Jan/2024:09:47:54 +0800] "GET /xingrg/all/function/internal_message.html?_=1706320096590&CODE_STATE=getMsg HTTP/1.1" 200 27
116.230.109.177 - - [27/Jan/2024:09:47:57 +0800] "GET /xingrg/kc/buy/cgsh_order_operate.html?command=get_materiel&rest_code=00155&code=00101008764&supplier_code=00100005&order_time=2024-01-27 HTTP/1.1" 200 432
180.152.241.32 - - [27/Jan/2024:09:47:58 +0800] "GET /xingrg/all/function/internal_message.html?_=1706320078984&CODE_STATE=getMsg HTTP/1.1" 200 27
101.83.240.5 - - [27/Jan/2024:09:47:59 +0800] "GET /xingrg/kc/print/load_data.html?order_code=212024012611237&kc_code=cgsh&condition= HTTP/1.1" 200 991
116.230.109.177 - - [27/Jan/2024:09:48:00 +0800] "GET /xingrg/all/function/internal_message.html?_=1706320021273&CODE_STATE=getMsg HTTP/1.1" 200 27
114.95.241.104 - - [27/Jan/2024:09:48:05 +0800] "POST /xingrg/kc/buy/cgsh_order_operate.html HTTP/1.1" 200 37
116.230.123.222 - - [27/Jan/2024:09:48:06 +0800] "GET /xingrg/kc/buy/cgsh_order_operate.html?command=get_materiel&rest_code=00111&code=00101008372&supplier_code=00100005&order_time=2024-01-27 HTTP/1.1" 200 408
124.78.68.102 - - [27/Jan/2024:09:48:07 +0800] "GET /xingrg/kc/buy/cgsh_order_operate.html?command=get_materiel&rest_code=00141&code=00101008152&supplier_code=00100007&order_time=2024-01-27 HTTP/1.1" 200 408
116.235.244.89 - - [27/Jan/2024:09:48:07 +0800] "GET /xingrg/kc/buy/cgsh_order_operate.html?command=get_materiel&rest_code=00146&code=00101008358&supplier_code=00100005&order_time=2024-01-27 HTTP/1.1" 200 412
116.230.109.177 - - [27/Jan/2024:09:48:10 +0800] "GET /xingrg/kc/buy/cgsh_order_operate.html?command=get_materiel&rest_code=00155&code=00101008354&supplier_code=00100005&order_time=2024-01-27 HTTP/1.1" 200 412
101.83.240.5 - - [27/Jan/2024:09:48:11 +0800] "POST /xingrg/kc/buy/cgsh_list_operate.html HTTP/1.1" 200 146
116.230.123.222 - - [27/Jan/2024:09:48:12 +0800] "POST /xingrg/kc/buy/cgsh_order_operate.html HTTP/1.1" 200 2065
101.83.240.5 - - [27/Jan/2024:09:48:14 +0800] "POST /xingrg/kc/buy/cgsh_order_operate.html HTTP/1.1" 200 37
114.95.241.104 - - [27/Jan/2024:09:48:16 +0800] "POST /xingrg/kc/buy/cgsh_order_operate.html HTTP/1.1" 200 12
116.230.109.177 - - [27/Jan/2024:09:48:20 +0800] "GET /xingrg/kc/buy/cgsh_order_operate.html?command=get_materiel&rest_code=00155&code=00101008559&supplier_code=00100005&order_time=2024-01-27 HTTP/1.1" 200 413
116.230.123.222 - - [27/Jan/2024:09:48:20 +0800] "GET /xingrg/kc/buy/cgsh_order_operate.html?command=get_materiel&rest_code=00111&code=00101008674&supplier_code=00100005&order_time=2024-01-27 HTTP/1.1" 200 412
101.83.240.5 - - [27/Jan/2024:09:48:22 +0800] "POST /xingrg/kc/buy/cgsh_order_operate.html HTTP/1.1" 200 12
114.95.241.104 - - [27/Jan/2024:09:48:23 +0800] "GET /xingrg/kc/buy/cgsh_order_info.html?code=212024012711272 HTTP/1.1" 200 68081
114.95.241.104 - - [27/Jan/2024:09:48:23 +0800] "GET /xingrg/javascript/easyui/themes/default/validatebox.css HTTP/1.1" 404 1104
101.83.240.5 - - [27/Jan/2024:09:48:24 +0800] "GET /xingrg/all/function/internal_message.html?_=1706320101415&CODE_STATE=getMsg HTTP/1.1" 200 27
114.95.241.104 - - [27/Jan/2024:09:48:24 +0800] "POST /xingrg/kc/buy/cgsh_order_operate.html HTTP/1.1" 200 7179
101.83.240.5 - - [27/Jan/2024:09:48:25 +0800] "GET /xingrg/kc/buy/cgsh_order_info.html?code=212024012611237 HTTP/1.1" 200 68123
101.83.240.5 - - [27/Jan/2024:09:48:25 +0800] "GET /xingrg/javascript/easyui/themes/default/validatebox.css HTTP/1.1" 404 1104
101.83.240.5 - - [27/Jan/2024:09:48:26 +0800] "POST /xingrg/kc/buy/cgsh_order_operate.html HTTP/1.1" 200 1215
114.95.241.104 - - [27/Jan/2024:09:48:26 +0800] "GET /xingrg/kc/print/load_data.html?order_code=212024012711272&kc_code=cgsh&condition= HTTP/1.1" 200 3245
124.78.68.102 - - [27/Jan/2024:09:48:28 +0800] "GET /xingrg/all/function/internal_message.html?_=1706320108571&CODE_STATE=getMsg HTTP/1.1" 200 27
116.230.109.177 - - [27/Jan/2024:09:48:30 +0800] "GET /xingrg/kc/buy/cgsh_order_operate.html?command=get_materiel&rest_code=00155&code=00101008010&supplier_code=00100005&order_time=2024-01-27 HTTP/1.1" 200 412
124.78.68.102 - - [27/Jan/2024:09:48:31 +0800] "GET /xingrg/kc/buy/cgsh_order_operate.html?command=get_materiel&rest_code=00141&code=00101008323&supplier_code=00100007&order_time=2024-01-27 HTTP/1.1" 200 408
101.83.145.37 - - [27/Jan/2024:09:48:31 +0800] "GET /xingrg/index.html?sysBaseUrl=http%3A%2F%2F180.169.147.146%3A18081%2Fxingrg%2F&costTime=36×tamp=1585223203754 HTTP/1.1" 302 -
101.83.145.37 - - [27/Jan/2024:09:48:31 +0800] "GET /favicon.ico HTTP/1.1" 404 -
101.83.145.37 - - [27/Jan/2024:09:48:31 +0800] "GET /xingrg/login.html HTTP/1.1" 200 7641
116.230.123.222 - - [27/Jan/2024:09:48:32 +0800] "GET /xingrg/check_reg.html?_=1706320112031 HTTP/1.1" 200 22
116.230.123.222 - - [27/Jan/2024:09:48:32 +0800] "GET /xingrg/all/function/internal_message.html?_=1706320112034&CODE_STATE=getMsg HTTP/1.1" 200 27
101.83.145.37 - - [27/Jan/2024:09:48:32 +0800] "GET /favicon.ico HTTP/1.1" 404 -
116.230.123.222 - - [27/Jan/2024:09:48:32 +0800] "GET /xingrg/kc/buy/cgsh_order_operate.html?command=get_materiel&rest_code=00111&code=00101008112&supplier_code=00100005&order_time=2024-01-27 HTTP/1.1" 200 412
114.95.241.104 - - [27/Jan/2024:09:48:32 +0800] "GET /xingrg/all/function/internal_message.html?_=1706320112362&CODE_STATE=getMsg HTTP/1.1" 200 27
114.95.241.104 - - [27/Jan/2024:09:48:33 +0800] "GET /xingrg/kc/buy/cgsh_order_add.html HTTP/1.1" 200 73178
120.253.135.82 - - [27/Jan/2024:09:48:33 +0800] "GET /xingrg/all/function/internal_message.html?_=1706319937995&CODE_STATE=getMsg HTTP/1.1" 200 27
114.95.241.104 - - [27/Jan/2024:09:48:34 +0800] "POST /xingrg/kc/buy/cgsh_order_operate.html HTTP/1.1" 200 8245
114.95.241.104 - - [27/Jan/2024:09:48:34 +0800] "GET /xingrg/javascript/easyui/themes/default/validatebox.css HTTP/1.1" 404 1104
180.152.241.32 - - [27/Jan/2024:09:48:35 +0800] "GET /xingrg/check_reg.html?_=1706320116318 HTTP/1.1" 200 22
101.83.145.37 - - [27/Jan/2024:09:48:36 +0800] "POST /xingrg/login.do HTTP/1.1" 200 2421
101.83.145.37 - - [27/Jan/2024:09:48:36 +0800] "GET /xingrg/css/blue.css HTTP/1.1" 304 -
101.83.145.37 - - [27/Jan/2024:09:48:36 +0800] "GET /xingrg/images/blue/pic_notice.jpg HTTP/1.1" 304 -
101.83.145.37 - - [27/Jan/2024:09:48:36 +0800] "GET /xingrg/javascript/myfunction.js HTTP/1.1" 304 -
101.83.145.37 - - [27/Jan/2024:09:48:36 +0800] "GET /xingrg/images/blue/pic_top.gif HTTP/1.1" 304 -
101.83.145.37 - - [27/Jan/2024:09:48:36 +0800] "GET /xingrg/images/blue/error_buttom.gif HTTP/1.1" 304 -
101.83.145.37 - - [27/Jan/2024:09:48:36 +0800] "GET /xingrg/images/blue/error_mid.gif HTTP/1.1" 304 -
101.83.145.37 - - [27/Jan/2024:09:48:36 +0800] "GET /xingrg/images/blue/error_top.gif HTTP/1.1" 304 -
101.83.145.37 - - [27/Jan/2024:09:48:36 +0800] "GET /favicon.ico HTTP/1.1" 404 -
101.83.145.37 - - [27/Jan/2024:09:48:37 +0800] "GET /xingrg/login.html HTTP/1.1" 200 7641
101.83.145.37 - - [27/Jan/2024:09:48:37 +0800] "GET /favicon.ico HTTP/1.1" 404 -
101.83.145.37 - - [27/Jan/2024:09:48:38 +0800] "POST /xingrg/login.do HTTP/1.1" 302 -
101.83.145.37 - - [27/Jan/2024:09:48:39 +0800] "GET /xingrg/index.html?sysBaseUrl=http%3A%2F%2F180.169.147.146%3A18081%2Fxingrg%2F&costTime=860×tamp=1706320118973 HTTP/1.1" 200 17173
101.83.145.37 - - [27/Jan/2024:09:48:39 +0800] "GET /favicon.ico HTTP/1.1" 404 -
101.83.145.37 - - [27/Jan/2024:09:48:39 +0800] "GET /xingrg/check_reg.html?_=1706320119283 HTTP/1.1" 200 22
101.83.145.37 - - [27/Jan/2024:09:48:39 +0800] "GET /xingrg/all/function/internal_message.html?_=1706320119282&CODE_STATE=count HTTP/1.1" 200 11
101.83.145.37 - - [27/Jan/2024:09:48:39 +0800] "POST /xingrg/all/common/load_tree.html?tree=area_rest_tree_json&manage=1 HTTP/1.1" 200 3624
101.83.145.37 - - [27/Jan/2024:09:48:39 +0800] "POST /xingrg/load_menu.html HTTP/1.1" 200 5138
116.230.109.177 - - [27/Jan/2024:09:48:40 +0800] "GET /xingrg/kc/buy/cgsh_order_operate.html?command=get_materiel&rest_code=00155&code=00101008141&supplier_code=00100005&order_time=2024-01-27 HTTP/1.1" 200 412
124.78.68.102 - - [27/Jan/2024:09:48:43 +0800] "GET /xingrg/kc/buy/cgsh_order_operate.html?command=get_materiel&rest_code=00141&code=00101008349&supplier_code=00100007&order_time=2024-01-27 HTTP/1.1" 200 412
172.20.0.100 - - [27/Jan/2024:09:48:45 +0800] "GET /xingrg/all/function/internal_message.html?_=1706320136753&CODE_STATE=getMsg HTTP/1.1" 302 -
172.20.0.100 - - [27/Jan/2024:09:48:45 +0800] "GET /xingrg/check_reg.html?_=1706320136755 HTTP/1.1" 302 -
101.83.145.37 - - [27/Jan/2024:09:48:48 +0800] "GET /xingrg/javascript/jquery_easy_ui/themes/icons/area.png HTTP/1.1" 304 -
101.83.145.37 - - [27/Jan/2024:09:48:48 +0800] "GET /xingrg/javascript/jquery_easy_ui/themes/icons/manage.png HTTP/1.1" 304 -
101.83.145.37 - - [27/Jan/2024:09:48:48 +0800] "GET /xingrg/javascript/jquery_easy_ui/themes/icons/rest.png HTTP/1.1" 304 -
116.230.109.177 - - [27/Jan/2024:09:48:50 +0800] "GET /xingrg/kc/buy/cgsh_order_operate.html?command=get_materiel&rest_code=00155&code=00101008361&supplier_code=00100005&order_time=2024-01-27 HTTP/1.1" 200 408
101.83.145.37 - - [27/Jan/2024:09:48:50 +0800] "GET /xingrg/kc/base/wldb_order_list.html HTTP/1.1" 200 19013
124.78.68.102 - - [27/Jan/2024:09:48:51 +0800] "POST /xingrg/kc/buy/cgsh_order_operate.html HTTP/1.1" 200 2065
101.83.145.37 - - [27/Jan/2024:09:48:51 +0800] "POST /xingrg/kc/base/wldb_list_operate.html HTTP/1.1" 200 928
101.83.145.37 - - [27/Jan/2024:09:48:52 +0800] "GET /xingrg/javascript/easyui/themes/default/images/button_plain_hover.png HTTP/1.1" 304 -
101.83.145.37 - - [27/Jan/2024:09:48:52 +0800] "GET /xingrg/kc/base/wldb_order_add.html HTTP/1.1" 200 30344
101.83.145.37 - - [27/Jan/2024:09:48:52 +0800] "GET /xingrg/javascript/pic_change.js HTTP/1.1" 304 -
101.83.145.37 - - [27/Jan/2024:09:48:52 +0800] "GET /xingrg/javascript/jquery_tools/order_manager.js HTTP/1.1" 304 -
101.83.145.37 - - [27/Jan/2024:09:48:52 +0800] "GET /xingrg/javascript/json2.js HTTP/1.1" 304 -
101.83.145.37 - - [27/Jan/2024:09:48:52 +0800] "GET /xingrg/javascript/convert.js HTTP/1.1" 304 -
101.83.145.37 - - [27/Jan/2024:09:48:52 +0800] "GET /xingrg/javascript/print/kc_print.js HTTP/1.1" 304 -
101.83.145.37 - - [27/Jan/2024:09:48:52 +0800] "GET /xingrg/words/20240126130954_words.js HTTP/1.1" 200 1011141
101.83.145.37 - - [27/Jan/2024:09:48:52 +0800] "GET /xingrg/javascript/easyui/themes/icons/template_new.png HTTP/1.1" 304 -
101.83.145.37 - - [27/Jan/2024:09:48:52 +0800] "GET /xingrg/javascript/easyui/themes/icons/print.png HTTP/1.1" 304 -
101.83.145.37 - - [27/Jan/2024:09:48:52 +0800] "GET /xingrg/javascript/easyui/themes/icons/ok.png HTTP/1.1" 304 -
101.83.145.37 - - [27/Jan/2024:09:48:52 +0800] "GET /xingrg/javascript/easyui/themes/default/images/menu_downarrow.png HTTP/1.1" 304 -
101.83.145.37 - - [27/Jan/2024:09:48:53 +0800] "GET /xingrg/javascript/easyui/themes/icons/cancel.png HTTP/1.1" 304 -
101.83.145.37 - - [27/Jan/2024:09:48:53 +0800] "POST /xingrg/kc/base/wldb_order_operate.html HTTP/1.1" 200 6806
101.83.145.37 - - [27/Jan/2024:09:48:53 +0800] "GET /xingrg/all/common/auto_word.html?type=base&rest_code=00105 HTTP/1.1" 200 1907
101.83.145.37 - - [27/Jan/2024:09:48:53 +0800] "GET /xingrg/all/common/auto_word.html?type=base&rest_code=00105 HTTP/1.1" 200 1907
101.83.145.37 - - [27/Jan/2024:09:48:53 +0800] "GET /xingrg/javascript/easyui/themes/default/validatebox.css HTTP/1.1" 404 1104
101.83.145.37 - - [27/Jan/2024:09:48:53 +0800] "GET /xingrg/javascript/easyui/plugins/jquery.validatebox.js HTTP/1.1" 304 -
101.83.145.37 - - [27/Jan/2024:09:48:53 +0800] "GET /xingrg/javascript/easyui/plugins/jquery.numberbox.js HTTP/1.1" 304 -
101.83.145.37 - - [27/Jan/2024:09:48:53 +0800] "GET /xingrg/javascript/easyui/themes/icons/edit_remove.png HTTP/1.1" 304 -
120.253.135.82 - - [27/Jan/2024:09:48:53 +0800] "GET /xingrg/all/function/internal_message.html?_=1706320297205&CODE_STATE=getMsg HTTP/1.1" 302 -
120.253.135.82 - - [27/Jan/2024:09:48:53 +0800] "GET /xingrg/login.html HTTP/1.1" 200 7641
101.83.145.37 - - [27/Jan/2024:09:48:54 +0800] "GET /xingrg/check_reg.html?_=1706319900074 HTTP/1.1" 200 22
101.83.145.37 - - [27/Jan/2024:09:48:54 +0800] "GET /xingrg/all/function/internal_message.html?_=1706319900077&CODE_STATE=getMsg HTTP/1.1" 200 27
116.235.244.89 - - [27/Jan/2024:09:48:54 +0800] "GET /xingrg/all/function/internal_message.html?_=1706320156604&CODE_STATE=getMsg HTTP/1.1" 200 27
101.83.145.37 - - [27/Jan/2024:09:48:54 +0800] "GET /xingrg/javascript/auto/indicator.gif HTTP/1.1" 404 1066
114.95.241.104 - - [27/Jan/2024:09:48:58 +0800] "GET /xingrg/kc/buy/cgsh_order_operate.html?command=get_materiel&rest_code=00150&code=00101001069&supplier_code=00100151&order_time=2024-01-27 HTTP/1.1" 200 411
180.152.241.32 - - [27/Jan/2024:09:48:58 +0800] "GET /xingrg/all/function/internal_message.html?_=1706320138973&CODE_STATE=getMsg HTTP/1.1" 200 27
124.79.240.117 - - [27/Jan/2024:09:48:58 +0800] "GET /xingrg/check_reg.html?_=1706320137431 HTTP/1.1" 302 -
116.230.123.222 - - [27/Jan/2024:09:48:59 +0800] "GET /xingrg/kc/buy/cgsh_order_operate.html?command=get_materiel&rest_code=00111&code=00101008251&supplier_code=00100005&order_time=2024-01-27 HTTP/1.1" 200 408
116.230.109.177 - - [27/Jan/2024:09:49:00 +0800] "GET /xingrg/all/function/internal_message.html?_=1706320081276&CODE_STATE=getMsg HTTP/1.1" 200 27
116.230.109.177 - - [27/Jan/2024:09:49:00 +0800] "GET /xingrg/check_reg.html?_=1706320081278 HTTP/1.1" 200 22
116.235.244.89 - - [27/Jan/2024:09:49:05 +0800] "GET /xingrg/kc/buy/cgsh_order_operate.html?command=get_materiel&rest_code=00146&code=00101008148&supplier_code=00100005&order_time=2024-01-27 HTTP/1.1" 200 416
124.78.68.102 - - [27/Jan/2024:09:49:08 +0800] "GET /xingrg/kc/buy/cgsh_order_operate.html?command=get_materiel&rest_code=00141&code=00101008355&supplier_code=00100007&order_time=2024-01-27 HTTP/1.1" 200 408
101.83.145.37 - - [27/Jan/2024:09:49:08 +0800] "GET /xingrg/kc/base/wldb_order_operate.html?command=get_materiel&rest_code=00105&base_code=0010507&code=00101020078 HTTP/1.1" 200 450
116.230.123.222 - - [27/Jan/2024:09:49:10 +0800] "GET /xingrg/kc/buy/cgsh_order_operate.html?command=get_materiel&rest_code=00111&code=00101008027&supplier_code=00100005&order_time=2024-01-27 HTTP/1.1" 200 408
116.230.123.222 - - [27/Jan/2024:09:49:13 +0800] "POST /xingrg/kc/buy/cgsh_order_operate.html HTTP/1.1" 200 2065
116.230.109.177 - - [27/Jan/2024:09:49:14 +0800] "GET /xingrg/kc/buy/cgsh_order_operate.html?command=get_materiel&rest_code=00155&code=00101008148&supplier_code=00100005&order_time=2024-01-27 HTTP/1.1" 200 416
101.83.145.37 - - [27/Jan/2024:09:49:15 +0800] "GET /xingrg/kc/base/wldb_order_operate.html?command=get_materiel&rest_code=00105&base_code=0010507&code=00101019174 HTTP/1.1" 200 461
116.235.244.89 - - [27/Jan/2024:09:49:17 +0800] "GET /xingrg/kc/buy/cgsh_order_operate.html?command=get_materiel&rest_code=00146&code=00101008264&supplier_code=00100005&order_time=2024-01-27 HTTP/1.1" 200 412
114.95.241.104 - - [27/Jan/2024:09:49:18 +0800] "GET /xingrg/kc/buy/cgsh_order_operate.html?command=get_materiel&rest_code=00150&code=00101005037&supplier_code=00100151&order_time=2024-01-27 HTTP/1.1" 200 409
101.83.240.5 - - [27/Jan/2024:09:49:24 +0800] "GET /xingrg/all/function/internal_message.html?_=1706320161421&CODE_STATE=getMsg HTTP/1.1" 200 27
116.230.109.177 - - [27/Jan/2024:09:49:24 +0800] "GET /xingrg/kc/buy/cgsh_order_operate.html?command=get_materiel&rest_code=00155&code=00101008264&supplier_code=00100005&order_time=2024-01-27 HTTP/1.1" 200 412
124.78.68.102 - - [27/Jan/2024:09:49:28 +0800] "GET /xingrg/check_reg.html?_=1706320168551 HTTP/1.1" 200 22
124.78.68.102 - - [27/Jan/2024:09:49:28 +0800] "GET /xingrg/all/function/internal_message.html?_=1706320168554&CODE_STATE=getMsg HTTP/1.1" 200 27
116.235.244.89 - - [27/Jan/2024:09:49:30 +0800] "GET /xingrg/kc/buy/cgsh_order_operate.html?command=get_materiel&rest_code=00146&code=00101008356&supplier_code=00100005&order_time=2024-01-27 HTTP/1.1" 200 408
116.230.123.222 - - [27/Jan/2024:09:49:32 +0800] "GET /xingrg/all/function/internal_message.html?_=1706320172035&CODE_STATE=getMsg HTTP/1.1" 200 27
114.95.241.104 - - [27/Jan/2024:09:49:32 +0800] "GET /xingrg/all/function/internal_message.html?_=1706320172335&CODE_STATE=getMsg HTTP/1.1" 200 27
120.253.135.82 - - [27/Jan/2024:09:49:33 +0800] "GET /xingrg/all/function/internal_message.html?_=1706319998012&CODE_STATE=getMsg HTTP/1.1" 200 27
114.95.241.104 - - [27/Jan/2024:09:49:37 +0800] "POST /xingrg/kc/buy/cgsh_order_operate.html HTTP/1.1" 200 37
116.230.109.177 - - [27/Jan/2024:09:49:37 +0800] "GET /xingrg/kc/buy/cgsh_order_operate.html?command=get_materiel&rest_code=00155&code=00101008356&supplier_code=00100005&order_time=2024-01-27 HTTP/1.1" 200 408
101.83.145.37 - - [27/Jan/2024:09:49:39 +0800] "GET /xingrg/all/function/internal_message.html?_=1706320179317&CODE_STATE=getMsg HTTP/1.1" 200 27
124.78.68.102 - - [27/Jan/2024:09:49:40 +0800] "GET /xingrg/kc/buy/cgsh_order_operate.html?command=get_materiel&rest_code=00141&code=00101008098&supplier_code=00100007&order_time=2024-01-27 HTTP/1.1" 200 412
124.78.68.102 - - [27/Jan/2024:09:49:43 +0800] "POST /xingrg/kc/buy/cgsh_order_operate.html HTTP/1.1" 200 2065
172.20.0.100 - - [27/Jan/2024:09:49:45 +0800] "GET /xingrg/all/function/internal_message.html?_=1706320196758&CODE_STATE=getMsg HTTP/1.1" 302 -
116.230.123.222 - - [27/Jan/2024:09:49:45 +0800] "GET /xingrg/kc/buy/cgsh_order_operate.html?command=get_materiel&rest_code=00111&code=00101008098&supplier_code=00100005&order_time=2024-01-27 HTTP/1.1" 200 412
116.230.109.177 - - [27/Jan/2024:09:49:49 +0800] "GET /xingrg/kc/buy/cgsh_order_operate.html?command=get_materiel&rest_code=00155&code=00101008357&supplier_code=00100005&order_time=2024-01-27 HTTP/1.1" 200 408
114.95.241.104 - - [27/Jan/2024:09:49:53 +0800] "POST /xingrg/kc/buy/cgsh_order_operate.html HTTP/1.1" 200 12
120.253.135.82 - - [27/Jan/2024:09:49:53 +0800] "GET /xingrg/all/function/internal_message.html?_=1706320357210&CODE_STATE=getMsg HTTP/1.1" 302 -
120.253.135.82 - - [27/Jan/2024:09:49:53 +0800] "GET /xingrg/login.html HTTP/1.1" 200 7641
101.83.145.37 - - [27/Jan/2024:09:49:54 +0800] "GET /xingrg/all/function/internal_message.html?_=1706319960077&CODE_STATE=getMsg HTTP/1.1" 200 27
116.235.244.89 - - [27/Jan/2024:09:49:54 +0800] "GET /xingrg/all/function/internal_message.html?_=1706320216617&CODE_STATE=getMsg HTTP/1.1" 200 27
114.95.241.104 - - [27/Jan/2024:09:49:55 +0800] "GET /xingrg/kc/buy/cgsh_order_info.html?code=212024012711273 HTTP/1.1" 200 68081
114.95.241.104 - - [27/Jan/2024:09:49:56 +0800] "GET /xingrg/javascript/easyui/themes/default/validatebox.css HTTP/1.1" 404 1104
116.230.123.222 - - [27/Jan/2024:09:49:57 +0800] "GET /xingrg/kc/buy/cgsh_order_operate.html?command=get_materiel&rest_code=00111&code=00101008223&supplier_code=00100005&order_time=2024-01-27 HTTP/1.1" 200 412
114.95.241.104 - - [27/Jan/2024:09:49:57 +0800] "POST /xingrg/kc/buy/cgsh_order_operate.html HTTP/1.1" 200 1197
180.152.241.32 - - [27/Jan/2024:09:49:58 +0800] "GET /xingrg/all/function/internal_message.html?_=1706320198944&CODE_STATE=getMsg HTTP/1.1" 200 27
114.95.241.104 - - [27/Jan/2024:09:49:59 +0800] "GET /xingrg/kc/print/load_data.html?order_code=212024012711273&kc_code=cgsh&condition= HTTP/1.1" 200 928
116.230.109.177 - - [27/Jan/2024:09:49:59 +0800] "GET /xingrg/kc/buy/cgsh_order_operate.html?command=get_materiel&rest_code=00155&code=00101008286&supplier_code=00100005&order_time=2024-01-27 HTTP/1.1" 200 408
116.230.109.177 - - [27/Jan/2024:09:50:00 +0800] "GET /xingrg/all/function/internal_message.html?_=1706320141275&CODE_STATE=getMsg HTTP/1.1" 200 27
116.230.109.177 - - [27/Jan/2024:09:50:02 +0800] "POST /xingrg/kc/buy/cgsh_order_operate.html HTTP/1.1" 200 2065
101.83.240.5 - - [27/Jan/2024:09:50:03 +0800] "POST /xingrg/kc/buy/cgsh_list_operate.html HTTP/1.1" 200 6128
101.83.240.5 - - [27/Jan/2024:09:50:03 +0800] "POST /xingrg/kc/buy/cgsh_list_operate.html HTTP/1.1" 200 6128
124.78.68.102 - - [27/Jan/2024:09:50:06 +0800] "GET /xingrg/kc/buy/cgsh_order_operate.html?command=get_materiel&rest_code=00141&code=00101008155&supplier_code=00100007&order_time=2024-01-27 HTTP/1.1" 200 408
114.95.241.104 - - [27/Jan/2024:09:50:07 +0800] "GET /xingrg/kc/buy/cgsh_order_add.html HTTP/1.1" 200 73178
114.95.241.104 - - [27/Jan/2024:09:50:07 +0800] "POST /xingrg/kc/buy/cgsh_order_operate.html HTTP/1.1" 200 8245
114.95.241.104 - - [27/Jan/2024:09:50:08 +0800] "GET /xingrg/javascript/easyui/themes/default/validatebox.css HTTP/1.1" 404 1104
116.230.109.177 - - [27/Jan/2024:09:50:09 +0800] "GET /xingrg/kc/buy/cgsh_order_operate.html?command=get_materiel&rest_code=00155&code=00101008368&supplier_code=00100005&order_time=2024-01-27 HTTP/1.1" 200 408
116.230.123.222 - - [27/Jan/2024:09:50:10 +0800] "GET /xingrg/kc/buy/cgsh_order_operate.html?command=get_materiel&rest_code=00111&code=00101008114&supplier_code=00100005&order_time=2024-01-27 HTTP/1.1" 200 412
116.230.123.222 - - [27/Jan/2024:09:50:14 +0800] "POST /xingrg/kc/buy/cgsh_order_operate.html HTTP/1.1" 200 2065
101.83.240.5 - - [27/Jan/2024:09:50:24 +0800] "GET /xingrg/all/function/internal_message.html?_=1706320221417&CODE_STATE=getMsg HTTP/1.1" 200 27
58.40.7.146 - - [27/Jan/2024:09:50:24 +0800] "GET /favicon.ico HTTP/1.1" 404 -
124.78.68.102 - - [27/Jan/2024:09:50:28 +0800] "GET /xingrg/all/function/internal_message.html?_=1706320228543&CODE_STATE=getMsg HTTP/1.1" 200 27
124.78.68.102 - - [27/Jan/2024:09:50:31 +0800] "POST /xingrg/kc/buy/cgsh_order_operate.html HTTP/1.1" 200 37
114.95.241.104 - - [27/Jan/2024:09:50:31 +0800] "GET /xingrg/kc/buy/cgsh_order_operate.html?command=get_materiel&rest_code=00150&code=00101009109&supplier_code=00100022&order_time=2024-01-27 HTTP/1.1" 200 413
116.230.123.222 - - [27/Jan/2024:09:50:32 +0800] "GET /xingrg/all/function/internal_message.html?_=1706320232040&CODE_STATE=getMsg HTTP/1.1" 200 27
116.230.109.177 - - [27/Jan/2024:09:50:32 +0800] "GET /xingrg/kc/buy/cgsh_order_operate.html?command=get_materiel&rest_code=00155&code=00101008353&supplier_code=00100005&order_time=2024-01-27 HTTP/1.1" 200 408
116.230.123.222 - - [27/Jan/2024:09:50:32 +0800] "GET /xingrg/kc/buy/cgsh_order_operate.html?command=get_materiel&rest_code=00111&code=00101008350&supplier_code=00100005&order_time=2024-01-27 HTTP/1.1" 200 408
114.95.241.104 - - [27/Jan/2024:09:50:32 +0800] "GET /xingrg/all/function/internal_message.html?_=1706320232347&CODE_STATE=getMsg HTTP/1.1" 200 27
114.95.241.104 - - [27/Jan/2024:09:50:32 +0800] "GET /xingrg/check_reg.html?_=1706320232351 HTTP/1.1" 200 22
120.253.135.82 - - [27/Jan/2024:09:50:33 +0800] "GET /xingrg/all/function/internal_message.html?_=1706320058022&CODE_STATE=getMsg HTTP/1.1" 200 27
124.78.68.102 - - [27/Jan/2024:09:50:35 +0800] "POST /xingrg/kc/buy/cgsh_order_operate.html HTTP/1.1" 200 41133
116.235.244.89 - - [27/Jan/2024:09:50:37 +0800] "GET /xingrg/kc/buy/cgsh_order_operate.html?command=get_materiel&rest_code=00146&code=00101008197&supplier_code=00100005&order_time=2024-01-27 HTTP/1.1" 200 416
101.83.145.37 - - [27/Jan/2024:09:50:39 +0800] "GET /xingrg/all/function/internal_message.html?_=1706320239299&CODE_STATE=getMsg HTTP/1.1" 200 27
124.78.68.102 - - [27/Jan/2024:09:50:40 +0800] "GET /xingrg/css/new_ie.css HTTP/1.1" 404 1036
124.78.68.102 - - [27/Jan/2024:09:50:40 +0800] "GET /xingrg/images/yd/bt.gif HTTP/1.1" 404 1040
172.20.0.100 - - [27/Jan/2024:09:50:45 +0800] "GET /xingrg/all/function/internal_message.html?_=1706320256756&CODE_STATE=getMsg HTTP/1.1" 302 -
116.230.109.177 - - [27/Jan/2024:09:50:45 +0800] "GET /xingrg/kc/buy/cgsh_order_operate.html?command=get_materiel&rest_code=00155&code=00101008213&supplier_code=00100005&order_time=2024-01-27 HTTP/1.1" 200 412
116.230.123.222 - - [27/Jan/2024:09:50:47 +0800] "GET /xingrg/kc/buy/cgsh_order_operate.html?command=get_materiel&rest_code=00111&code=00101008016&supplier_code=00100005&order_time=2024-01-27 HTTP/1.1" 200 416
124.78.68.102 - - [27/Jan/2024:09:50:48 +0800] "POST /xingrg/kc/buy/cgsh_list_operate.html HTTP/1.1" 200 2719
124.78.68.102 - - [27/Jan/2024:09:50:50 +0800] "GET /xingrg/javascript/easyui/themes/default/validatebox.css HTTP/1.1" 404 1104
124.78.68.102 - - [27/Jan/2024:09:50:50 +0800] "POST /xingrg/kc/buy/cgsh_order_operate.html HTTP/1.1" 200 8245
116.230.109.177 - - [27/Jan/2024:09:50:53 +0800] "GET /xingrg/kc/buy/cgsh_order_operate.html?command=get_materiel&rest_code=00155&code=00101008411&supplier_code=00100005&order_time=2024-01-27 HTTP/1.1" 200 413
120.253.135.82 - - [27/Jan/2024:09:50:53 +0800] "GET /xingrg/check_reg.html?_=1706320417217 HTTP/1.1" 302 -
120.253.135.82 - - [27/Jan/2024:09:50:53 +0800] "GET /xingrg/all/function/internal_message.html?_=1706320417215&CODE_STATE=getMsg HTTP/1.1" 302 -
120.253.135.82 - - [27/Jan/2024:09:50:53 +0800] "GET /xingrg/login.html HTTP/1.1" 200 7641
120.253.135.82 - - [27/Jan/2024:09:50:53 +0800] "GET /xingrg/login.html HTTP/1.1" 200 7641
101.83.145.37 - - [27/Jan/2024:09:50:54 +0800] "GET /xingrg/all/function/internal_message.html?_=1706320020078&CODE_STATE=getMsg HTTP/1.1" 200 27
116.235.244.89 - - [27/Jan/2024:09:50:54 +0800] "GET /xingrg/check_reg.html?_=1706320276576 HTTP/1.1" 200 22
116.235.244.89 - - [27/Jan/2024:09:50:54 +0800] "GET /xingrg/all/function/internal_message.html?_=1706320276631&CODE_STATE=getMsg HTTP/1.1" 200 27
114.95.241.104 - - [27/Jan/2024:09:50:55 +0800] "GET /xingrg/kc/buy/cgsh_order_operate.html?command=get_materiel&rest_code=00150&code=00101009062&supplier_code=00100022&order_time=2024-01-27 HTTP/1.1" 200 412
180.152.241.32 - - [27/Jan/2024:09:50:58 +0800] "GET /xingrg/all/function/internal_message.html?_=1706320258929&CODE_STATE=getMsg HTTP/1.1" 200 27
116.230.123.222 - - [27/Jan/2024:09:50:58 +0800] "GET /xingrg/kc/buy/cgsh_order_operate.html?command=get_materiel&rest_code=00111&code=00101008150&supplier_code=00100005&order_time=2024-01-27 HTTP/1.1" 200 409
116.230.109.177 - - [27/Jan/2024:09:51:00 +0800] "GET /xingrg/all/function/internal_message.html?_=1706320201293&CODE_STATE=getMsg HTTP/1.1" 200 27
116.230.109.177 - - [27/Jan/2024:09:51:03 +0800] "GET /xingrg/kc/buy/cgsh_order_operate.html?command=get_materiel&rest_code=00155&code=00101008360&supplier_code=00100005&order_time=2024-01-27 HTTP/1.1" 200 413
116.235.244.89 - - [27/Jan/2024:09:51:04 +0800] "GET /xingrg/kc/buy/cgsh_order_operate.html?command=get_materiel&rest_code=00146&code=00101008069&supplier_code=00100005&order_time=2024-01-27 HTTP/1.1" 200 412
116.230.109.177 - - [27/Jan/2024:09:51:05 +0800] "POST /xingrg/kc/buy/cgsh_order_operate.html HTTP/1.1" 200 2065
124.78.68.102 - - [27/Jan/2024:09:51:05 +0800] "GET /xingrg/kc/buy/cgsh_order_operate.html?command=get_materiel&rest_code=00141&code=00102002321&supplier_code=00100071&order_time=2024-01-27 HTTP/1.1" 200 427
114.95.241.104 - - [27/Jan/2024:09:51:06 +0800] "GET /xingrg/kc/buy/cgsh_order_operate.html?command=get_materiel&rest_code=00150&code=00101009011&supplier_code=00100022&order_time=2024-01-27 HTTP/1.1" 200 416
116.230.123.222 - - [27/Jan/2024:09:51:09 +0800] "GET /xingrg/kc/buy/cgsh_order_operate.html?command=get_materiel&rest_code=00111&code=00101008060&supplier_code=00100005&order_time=2024-01-27 HTTP/1.1" 200 416
116.230.109.177 - - [27/Jan/2024:09:51:14 +0800] "GET /xingrg/kc/buy/cgsh_order_operate.html?command=get_materiel&rest_code=00155&code=00101008059&supplier_code=00100005&order_time=2024-01-27 HTTP/1.1" 200 408
116.235.244.89 - - [27/Jan/2024:09:51:17 +0800] "GET /xingrg/kc/buy/cgsh_order_operate.html?command=get_materiel&rest_code=00146&code=00101008286&supplier_code=00100005&order_time=2024-01-27 HTTP/1.1" 200 408
114.95.241.104 - - [27/Jan/2024:09:51:18 +0800] "GET /xingrg/kc/buy/cgsh_order_operate.html?command=get_materiel&rest_code=00150&code=00101009010&supplier_code=00100022&order_time=2024-01-27 HTTP/1.1" 200 416
116.230.123.222 - - [27/Jan/2024:09:51:20 +0800] "GET /xingrg/kc/buy/cgsh_order_operate.html?command=get_materiel&rest_code=00111&code=00101008095&supplier_code=00100005&order_time=2024-01-27 HTTP/1.1" 200 412
101.83.240.5 - - [27/Jan/2024:09:51:24 +0800] "GET /xingrg/check_reg.html?_=1706320281416 HTTP/1.1" 200 22
101.83.240.5 - - [27/Jan/2024:09:51:24 +0800] "GET /xingrg/all/function/internal_message.html?_=1706320281421&CODE_STATE=getMsg HTTP/1.1" 200 27
116.230.123.222 - - [27/Jan/2024:09:51:24 +0800] "POST /xingrg/kc/buy/cgsh_order_operate.html HTTP/1.1" 200 2065
116.230.109.177 - - [27/Jan/2024:09:51:27 +0800] "POST /xingrg/kc/buy/cgsh_order_operate.html HTTP/1.1" 200 37
124.78.68.102 - - [27/Jan/2024:09:51:28 +0800] "GET /xingrg/all/function/internal_message.html?_=1706320288593&CODE_STATE=getMsg HTTP/1.1" 200 27
114.95.241.104 - - [27/Jan/2024:09:51:29 +0800] "GET /xingrg/kc/buy/cgsh_order_operate.html?command=get_materiel&rest_code=00150&code=00101009045&supplier_code=00100022&order_time=2024-01-27 HTTP/1.1" 200 412
116.230.109.177 - - [27/Jan/2024:09:51:30 +0800] "POST /xingrg/kc/buy/cgsh_order_operate.html HTTP/1.1" 200 16894
116.230.123.222 - - [27/Jan/2024:09:51:32 +0800] "GET /xingrg/all/function/internal_message.html?_=1706320292029&CODE_STATE=getMsg HTTP/1.1" 200 27
114.95.241.104 - - [27/Jan/2024:09:51:32 +0800] "GET /xingrg/all/function/internal_message.html?_=1706320292349&CODE_STATE=getMsg HTTP/1.1" 200 27
120.253.135.82 - - [27/Jan/2024:09:51:33 +0800] "GET /xingrg/check_reg.html?_=1706320117981 HTTP/1.1" 200 22
120.253.135.82 - - [27/Jan/2024:09:51:33 +0800] "GET /xingrg/all/function/internal_message.html?_=1706320118035&CODE_STATE=getMsg HTTP/1.1" 200 27
124.78.68.102 - - [27/Jan/2024:09:51:35 +0800] "GET /xingrg/kc/buy/cgsh_order_operate.html?command=get_materiel&rest_code=00141&code=00102002586&supplier_code=00100071&order_time=2024-01-27 HTTP/1.1" 200 420
101.83.145.37 - - [27/Jan/2024:09:51:39 +0800] "GET /xingrg/all/function/internal_message.html?_=1706320299297&CODE_STATE=getMsg HTTP/1.1" 200 27
116.230.109.177 - - [27/Jan/2024:09:51:39 +0800] "GET /xingrg/kc/buy/cgsh_order_operate.html?command=get_materiel&rest_code=00155&code=00101008069&supplier_code=00100005&order_time=2024-01-27 HTTP/1.1" 200 412
114.95.241.104 - - [27/Jan/2024:09:51:41 +0800] "GET /xingrg/kc/buy/cgsh_order_operate.html?command=get_materiel&rest_code=00150&code=00101009057&supplier_code=00100022&order_time=2024-01-27 HTTP/1.1" 200 408
116.230.123.222 - - [27/Jan/2024:09:51:42 +0800] "GET /xingrg/kc/buy/cgsh_order_operate.html?command=get_materiel&rest_code=00111&code=00101008168&supplier_code=00100005&order_time=2024-01-27 HTTP/1.1" 200 412
172.20.0.100 - - [27/Jan/2024:09:51:45 +0800] "GET /xingrg/all/function/internal_message.html?_=1706320316755&CODE_STATE=getMsg HTTP/1.1" 302 -
124.78.68.102 - - [27/Jan/2024:09:51:48 +0800] "POST /xingrg/kc/buy/cgsh_order_operate.html HTTP/1.1" 200 37
120.253.135.82 - - [27/Jan/2024:09:51:53 +0800] "GET /xingrg/all/function/internal_message.html?_=1706320477220&CODE_STATE=getMsg HTTP/1.1" 302 -
120.253.135.82 - - [27/Jan/2024:09:51:53 +0800] "GET /xingrg/login.html HTTP/1.1" 200 7641
114.95.241.104 - - [27/Jan/2024:09:51:54 +0800] "POST /xingrg/kc/buy/cgsh_order_operate.html HTTP/1.1" 200 37
116.230.109.177 - - [27/Jan/2024:09:51:54 +0800] "GET /xingrg/kc/buy/cgsh_order_operate.html?command=get_materiel&rest_code=00155&code=00101008131&supplier_code=00100005&order_time=2024-01-27 HTTP/1.1" 200 408
101.83.145.37 - - [27/Jan/2024:09:51:54 +0800] "GET /xingrg/all/function/internal_message.html?_=1706320080078&CODE_STATE=getMsg HTTP/1.1" 200 27
116.235.244.89 - - [27/Jan/2024:09:51:54 +0800] "GET /xingrg/all/function/internal_message.html?_=1706320336645&CODE_STATE=getMsg HTTP/1.1" 200 27
120.253.135.82 - - [27/Jan/2024:09:51:55 +0800] "GET /xingrg/javascript/jquery_easy_ui/themes/icons/manage.png HTTP/1.1" 304 -
120.253.135.82 - - [27/Jan/2024:09:51:55 +0800] "GET /xingrg/javascript/jquery_easy_ui/themes/icons/area.png HTTP/1.1" 304 -
116.235.244.89 - - [27/Jan/2024:09:51:56 +0800] "GET /xingrg/kc/buy/cgsh_order_operate.html?command=get_materiel&rest_code=00146&code=00101008368&supplier_code=00100005&order_time=2024-01-27 HTTP/1.1" 200 408
120.253.135.82 - - [27/Jan/2024:09:51:56 +0800] "GET /xingrg/javascript/jquery_easy_ui/themes/default/images/button_plain_hover.png HTTP/1.1" 304 -
120.253.135.82 - - [27/Jan/2024:09:51:56 +0800] "GET /xingrg/kc/pszx/mdqp_order_list.html?isBack=1 HTTP/1.1" 302 -
120.253.135.82 - - [27/Jan/2024:09:51:57 +0800] "GET /xingrg/kc/pszx/mdqp_order_list.html?state=10 HTTP/1.1" 200 11567
120.253.135.82 - - [27/Jan/2024:09:51:57 +0800] "GET /xingrg/dwr/interface/AjaxQqpsService.js HTTP/1.1" 200 16326
120.253.135.82 - - [27/Jan/2024:09:51:57 +0800] "GET /xingrg/dwr/engine.js HTTP/1.1" 200 43631
120.253.135.82 - - [27/Jan/2024:09:51:57 +0800] "GET /xingrg/dwr/interface/AjaxReportQueryService.js HTTP/1.1" 200 13203
180.152.241.32 - - [27/Jan/2024:09:51:58 +0800] "GET /xingrg/all/function/internal_message.html?_=1706320318926&CODE_STATE=getMsg HTTP/1.1" 200 27
124.78.68.102 - - [27/Jan/2024:09:52:00 +0800] "POST /xingrg/kc/buy/cgsh_order_operate.html HTTP/1.1" 200 12
120.253.135.82 - - [27/Jan/2024:09:52:00 +0800] "GET /xingrg/kc/pszx/mdps_order_list.html?orderType=0 HTTP/1.1" 200 20995
120.253.135.82 - - [27/Jan/2024:09:52:00 +0800] "GET /xingrg/css/base.css HTTP/1.1" 304 -
120.253.135.82 - - [27/Jan/2024:09:52:00 +0800] "GET /xingrg/css/site.css HTTP/1.1" 304 -
120.253.135.82 - - [27/Jan/2024:09:52:00 +0800] "GET /xingrg/javascript/jquery_tools/datebox.css HTTP/1.1" 304 -
116.230.109.177 - - [27/Jan/2024:09:52:00 +0800] "GET /xingrg/all/function/internal_message.html?_=1706320261279&CODE_STATE=getMsg HTTP/1.1" 200 27
