114.95.241.104 - - [27/Jan/2024:06:21:22 +0800] "GET /xingrg/all/function/internal_message.html?_=1706307682070&CODE_STATE=getMsg HTTP/1.1" 200 27
116.230.109.177 - - [27/Jan/2024:06:21:28 +0800] "GET /xingrg/all/function/internal_message.html?_=1706307629915&CODE_STATE=getMsg HTTP/1.1" 200 27
221.239.172.206 - - [27/Jan/2024:06:21:41 +0800] "GET /xingrg/all/function/internal_message.html?_=1706307700507&CODE_STATE=getMsg HTTP/1.1" 200 27
116.235.244.89 - - [27/Jan/2024:06:21:44 +0800] "GET /xingrg/all/function/internal_message.html?_=1706307725914&CODE_STATE=getMsg HTTP/1.1" 200 27
172.20.0.100 - - [27/Jan/2024:06:21:45 +0800] "GET /xingrg/all/function/internal_message.html?_=1706307716635&CODE_STATE=getMsg HTTP/1.1" 200 27
124.78.68.102 - - [27/Jan/2024:06:21:57 +0800] "GET /xingrg/all/function/internal_message.html?_=1706307717977&CODE_STATE=getMsg HTTP/1.1" 200 27
120.253.135.82 - - [27/Jan/2024:06:22:03 +0800] "GET /xingrg/all/function/internal_message.html?_=1706307547646&CODE_STATE=getMsg HTTP/1.1" 200 27
116.230.109.177 - - [27/Jan/2024:06:22:12 +0800] "GET /xingrg/all/function/internal_message.html?_=1706307673546&CODE_STATE=getMsg HTTP/1.1" 200 27
114.95.241.104 - - [27/Jan/2024:06:22:14 +0800] "GET /xingrg/all/function/internal_message.html?_=1706307734001&CODE_STATE=getMsg HTTP/1.1" 200 27
116.230.109.177 - - [27/Jan/2024:06:22:20 +0800] "GET /xingrg/check_reg.html?_=1706307682168 HTTP/1.1" 200 22
114.95.241.104 - - [27/Jan/2024:06:22:22 +0800] "GET /xingrg/all/function/internal_message.html?_=1706307742059&CODE_STATE=getMsg HTTP/1.1" 200 27
116.230.109.177 - - [27/Jan/2024:06:22:28 +0800] "GET /xingrg/all/function/internal_message.html?_=1706307689901&CODE_STATE=getMsg HTTP/1.1" 200 27
221.239.172.206 - - [27/Jan/2024:06:22:41 +0800] "GET /xingrg/all/function/internal_message.html?_=1706307760491&CODE_STATE=getMsg HTTP/1.1" 200 27
116.235.244.89 - - [27/Jan/2024:06:22:44 +0800] "GET /xingrg/all/function/internal_message.html?_=1706307785932&CODE_STATE=getMsg HTTP/1.1" 200 27
172.20.0.100 - - [27/Jan/2024:06:22:45 +0800] "GET /xingrg/all/function/internal_message.html?_=1706307776633&CODE_STATE=getMsg HTTP/1.1" 200 27
124.78.68.102 - - [27/Jan/2024:06:22:57 +0800] "GET /xingrg/all/function/internal_message.html?_=1706307777952&CODE_STATE=getMsg HTTP/1.1" 200 27
120.253.135.82 - - [27/Jan/2024:06:23:03 +0800] "GET /xingrg/all/function/internal_message.html?_=1706307607660&CODE_STATE=getMsg HTTP/1.1" 200 27
180.152.241.32 - - [27/Jan/2024:06:23:03 +0800] "POST /xingrg/services/DataTransmitService HTTP/1.1" 200 524
120.253.135.82 - - [27/Jan/2024:06:23:07 +0800] "POST /xingrg/all/common/load_select.html HTTP/1.1" 200 25
120.253.135.82 - - [27/Jan/2024:06:23:10 +0800] "GET /xingrg/kc/pszx/mdps_order_operate.html?command=get_materiel_price&pszx_code=00101&rest_code=00147&base_code=0010246&code=00101013225&unit_code=00100113&order_time=2024-01-28 HTTP/1.1" 200 36
116.230.109.177 - - [27/Jan/2024:06:23:12 +0800] "GET /xingrg/all/function/internal_message.html?_=1706307733544&CODE_STATE=getMsg HTTP/1.1" 200 27
124.78.68.102 - - [27/Jan/2024:06:23:12 +0800] "GET /xingrg/check_reg.html?_=1706307792884 HTTP/1.1" 200 22
114.95.241.104 - - [27/Jan/2024:06:23:14 +0800] "GET /xingrg/all/function/internal_message.html?_=1706307793972&CODE_STATE=getMsg HTTP/1.1" 200 27
114.95.241.104 - - [27/Jan/2024:06:23:22 +0800] "GET /xingrg/all/function/internal_message.html?_=1706307802073&CODE_STATE=getMsg HTTP/1.1" 200 27
114.95.241.104 - - [27/Jan/2024:06:23:22 +0800] "GET /xingrg/check_reg.html?_=1706307802074 HTTP/1.1" 200 22
116.230.109.177 - - [27/Jan/2024:06:23:28 +0800] "GET /xingrg/all/function/internal_message.html?_=1706307749884&CODE_STATE=getMsg HTTP/1.1" 200 27
116.230.109.177 - - [27/Jan/2024:06:23:35 +0800] "GET /xingrg/check_reg.html?_=1706307757328 HTTP/1.1" 200 22
116.235.244.89 - - [27/Jan/2024:06:23:37 +0800] "GET /xingrg/check_reg.html?_=1706307838875 HTTP/1.1" 200 22
221.239.172.206 - - [27/Jan/2024:06:23:41 +0800] "GET /xingrg/all/function/internal_message.html?_=1706307820474&CODE_STATE=getMsg HTTP/1.1" 200 27
116.235.244.89 - - [27/Jan/2024:06:23:44 +0800] "GET /xingrg/all/function/internal_message.html?_=1706307845942&CODE_STATE=getMsg HTTP/1.1" 200 27
172.20.0.100 - - [27/Jan/2024:06:23:45 +0800] "GET /xingrg/check_reg.html?_=1706307836632 HTTP/1.1" 200 22
172.20.0.100 - - [27/Jan/2024:06:23:45 +0800] "GET /xingrg/all/function/internal_message.html?_=1706307836633&CODE_STATE=getMsg HTTP/1.1" 200 27
221.239.172.206 - - [27/Jan/2024:06:23:51 +0800] "GET /xingrg/check_reg.html?_=1706307830853 HTTP/1.1" 200 22
120.253.135.82 - - [27/Jan/2024:06:23:55 +0800] "POST /xingrg/kc/pszx/mdps_order_operate.html HTTP/1.1" 200 37
120.253.135.82 - - [27/Jan/2024:06:23:57 +0800] "GET /xingrg/kc/pszx/mdps_order_info.html?code=312024012700730 HTTP/1.1" 200 23978
124.78.68.102 - - [27/Jan/2024:06:23:57 +0800] "GET /xingrg/all/function/internal_message.html?_=1706307837936&CODE_STATE=getMsg HTTP/1.1" 200 27
120.253.135.82 - - [27/Jan/2024:06:23:58 +0800] "GET /xingrg/javascript/easyui/themes/default/validatebox.css HTTP/1.1" 404 1104
120.253.135.82 - - [27/Jan/2024:06:23:58 +0800] "POST /xingrg/kc/pszx/mdps_order_operate.html HTTP/1.1" 200 9697
124.79.240.117 - - [27/Jan/2024:06:23:58 +0800] "GET /xingrg/check_reg.html?_=1706307837807 HTTP/1.1" 302 -
120.253.135.82 - - [27/Jan/2024:06:24:01 +0800] "GET /xingrg/check_reg.html?_=1706307666035 HTTP/1.1" 200 22
120.253.135.82 - - [27/Jan/2024:06:24:03 +0800] "GET /xingrg/all/function/internal_message.html?_=1706307667673&CODE_STATE=getMsg HTTP/1.1" 200 27
116.230.109.177 - - [27/Jan/2024:06:24:12 +0800] "GET /xingrg/all/function/internal_message.html?_=1706307793531&CODE_STATE=getMsg HTTP/1.1" 200 27
120.253.135.82 - - [27/Jan/2024:06:24:12 +0800] "POST /xingrg/kc/pszx/mdps_order_operate.html HTTP/1.1" 200 37
120.253.135.82 - - [27/Jan/2024:06:24:13 +0800] "GET /xingrg/kc/pszx/mdps_order_info.html?code=312024012700730 HTTP/1.1" 200 23978
114.95.241.104 - - [27/Jan/2024:06:24:14 +0800] "GET /xingrg/all/function/internal_message.html?_=1706307853946&CODE_STATE=getMsg HTTP/1.1" 200 27
120.253.135.82 - - [27/Jan/2024:06:24:14 +0800] "GET /xingrg/javascript/easyui/themes/default/validatebox.css HTTP/1.1" 404 1104
120.253.135.82 - - [27/Jan/2024:06:24:14 +0800] "POST /xingrg/kc/pszx/mdps_order_operate.html HTTP/1.1" 200 9697
120.253.135.82 - - [27/Jan/2024:06:24:17 +0800] "POST /xingrg/kc/pszx/mdps_list_operate.html HTTP/1.1" 200 4664
114.95.241.104 - - [27/Jan/2024:06:24:22 +0800] "GET /xingrg/all/function/internal_message.html?_=1706307862067&CODE_STATE=getMsg HTTP/1.1" 200 27
120.253.135.82 - - [27/Jan/2024:06:24:23 +0800] "GET /xingrg/kc/pszx/ps_main.html HTTP/1.1" 200 13401
120.253.135.82 - - [27/Jan/2024:06:24:23 +0800] "GET /xingrg/images/yd/bt.gif HTTP/1.1" 404 1040
120.253.135.82 - - [27/Jan/2024:06:24:26 +0800] "GET /xingrg/kc/pszx/mdqp_order_list.html HTTP/1.1" 200 76728
120.253.135.82 - - [27/Jan/2024:06:24:26 +0800] "GET /xingrg/dwr/interface/AjaxQqpsService.js HTTP/1.1" 200 16326
120.253.135.82 - - [27/Jan/2024:06:24:26 +0800] "GET /xingrg/dwr/interface/AjaxReportQueryService.js HTTP/1.1" 200 13203
120.253.135.82 - - [27/Jan/2024:06:24:26 +0800] "GET /xingrg/dwr/engine.js HTTP/1.1" 200 43631
114.95.241.104 - - [27/Jan/2024:06:24:26 +0800] "GET /xingrg/check_reg.html?_=1706307865868 HTTP/1.1" 200 22
116.230.109.177 - - [27/Jan/2024:06:24:28 +0800] "GET /xingrg/all/function/internal_message.html?_=1706307809867&CODE_STATE=getMsg HTTP/1.1" 200 27
120.253.135.82 - - [27/Jan/2024:06:24:34 +0800] "GET /xingrg/kc/pszx/mdqp_order_list.html?orderTime=all&startTime=&endTime=&qpDepartmentCode=00147&state=all&query=%C8%B7++%B6%A8 HTTP/1.1" 200 21564
120.253.135.82 - - [27/Jan/2024:06:24:34 +0800] "GET /xingrg/dwr/interface/AjaxQqpsService.js HTTP/1.1" 200 16326
120.253.135.82 - - [27/Jan/2024:06:24:34 +0800] "GET /xingrg/dwr/interface/AjaxReportQueryService.js HTTP/1.1" 200 13203
120.253.135.82 - - [27/Jan/2024:06:24:34 +0800] "GET /xingrg/dwr/engine.js HTTP/1.1" 200 43631
120.253.135.82 - - [27/Jan/2024:06:24:38 +0800] "GET /xingrg/kc/pszx/mdqp_order_info.html?code=302024012600587 HTTP/1.1" 200 12913
120.253.135.82 - - [27/Jan/2024:06:24:38 +0800] "GET /xingrg/dwr/interface/AjaxComOrderService.js HTTP/1.1" 200 18264
120.253.135.82 - - [27/Jan/2024:06:24:38 +0800] "GET /xingrg/dwr/interface/AjaxQqpsService.js HTTP/1.1" 200 16326
120.253.135.82 - - [27/Jan/2024:06:24:38 +0800] "GET /xingrg/dwr/engine.js HTTP/1.1" 200 43631
120.253.135.82 - - [27/Jan/2024:06:24:39 +0800] "POST /xingrg/dwr/call/plaincall/AjaxQqpsService.loadMaterielItems.dwr HTTP/1.1" 200 11722
221.239.172.206 - - [27/Jan/2024:06:24:40 +0800] "GET /xingrg/all/function/internal_message.html?_=1706307880447&CODE_STATE=getMsg HTTP/1.1" 200 27
120.253.135.82 - - [27/Jan/2024:06:24:41 +0800] "GET /xingrg/images/yd/bt.gif HTTP/1.1" 404 1040
120.253.135.82 - - [27/Jan/2024:06:24:41 +0800] "GET /xingrg/images/yd/bt2.gif HTTP/1.1" 404 1042
116.235.244.89 - - [27/Jan/2024:06:24:44 +0800] "GET /xingrg/all/function/internal_message.html?_=1706307905954&CODE_STATE=getMsg HTTP/1.1" 200 27
172.20.0.100 - - [27/Jan/2024:06:24:45 +0800] "GET /xingrg/all/function/internal_message.html?_=1706307896631&CODE_STATE=getMsg HTTP/1.1" 200 27
120.253.135.82 - - [27/Jan/2024:06:24:46 +0800] "GET /xingrg/kc/pszx/mdqp_order_list.html?isBack=1 HTTP/1.1" 302 -
120.253.135.82 - - [27/Jan/2024:06:24:47 +0800] "GET /xingrg/kc/pszx/mdqp_order_list.html?orderTime=all&startTime=&endTime=&qpDepartmentCode=00147&state=all&query=%C8%B7++%B6%A8 HTTP/1.1" 200 21564
120.253.135.82 - - [27/Jan/2024:06:24:47 +0800] "GET /xingrg/dwr/interface/AjaxQqpsService.js HTTP/1.1" 200 16326
120.253.135.82 - - [27/Jan/2024:06:24:47 +0800] "GET /xingrg/dwr/interface/AjaxReportQueryService.js HTTP/1.1" 200 13203
120.253.135.82 - - [27/Jan/2024:06:24:47 +0800] "GET /xingrg/dwr/engine.js HTTP/1.1" 200 43631
120.253.135.82 - - [27/Jan/2024:06:24:50 +0800] "GET /xingrg/kc/pszx/mdqp_order_info.html?code=302024012600588 HTTP/1.1" 200 12913
120.253.135.82 - - [27/Jan/2024:06:24:50 +0800] "GET /xingrg/dwr/interface/AjaxComOrderService.js HTTP/1.1" 200 18264
120.253.135.82 - - [27/Jan/2024:06:24:50 +0800] "GET /xingrg/dwr/interface/AjaxQqpsService.js HTTP/1.1" 200 16326
120.253.135.82 - - [27/Jan/2024:06:24:50 +0800] "GET /xingrg/dwr/engine.js HTTP/1.1" 200 43631
120.253.135.82 - - [27/Jan/2024:06:24:51 +0800] "POST /xingrg/dwr/call/plaincall/AjaxQqpsService.loadMaterielItems.dwr HTTP/1.1" 200 387
120.253.135.82 - - [27/Jan/2024:06:24:52 +0800] "GET /xingrg/images/yd/bt.gif HTTP/1.1" 404 1040
120.253.135.82 - - [27/Jan/2024:06:24:52 +0800] "GET /xingrg/images/yd/bt2.gif HTTP/1.1" 404 1042
120.253.135.82 - - [27/Jan/2024:06:24:56 +0800] "GET /xingrg/kc/pszx/mdqp_order_list.html?isBack=1 HTTP/1.1" 302 -
120.253.135.82 - - [27/Jan/2024:06:24:56 +0800] "GET /xingrg/images/yd/bt2.gif HTTP/1.1" 404 1042
120.253.135.82 - - [27/Jan/2024:06:24:56 +0800] "GET /xingrg/kc/pszx/mdqp_order_list.html?orderTime=all&startTime=&endTime=&qpDepartmentCode=00147&state=all&query=%C8%B7++%B6%A8 HTTP/1.1" 200 21564
120.253.135.82 - - [27/Jan/2024:06:24:56 +0800] "GET /xingrg/dwr/interface/AjaxQqpsService.js HTTP/1.1" 200 16326
120.253.135.82 - - [27/Jan/2024:06:24:56 +0800] "GET /xingrg/dwr/interface/AjaxReportQueryService.js HTTP/1.1" 200 13203
120.253.135.82 - - [27/Jan/2024:06:24:56 +0800] "GET /xingrg/dwr/engine.js HTTP/1.1" 200 43631
124.78.68.102 - - [27/Jan/2024:06:24:57 +0800] "GET /xingrg/all/function/internal_message.html?_=1706307897911&CODE_STATE=getMsg HTTP/1.1" 200 27
120.253.135.82 - - [27/Jan/2024:06:25:00 +0800] "GET /xingrg/kc/pszx/mdqp_order_info.html?code=302024012600589 HTTP/1.1" 200 12913
120.253.135.82 - - [27/Jan/2024:06:25:00 +0800] "GET /xingrg/dwr/interface/AjaxComOrderService.js HTTP/1.1" 200 18264
120.253.135.82 - - [27/Jan/2024:06:25:00 +0800] "GET /xingrg/dwr/interface/AjaxQqpsService.js HTTP/1.1" 200 16326
120.253.135.82 - - [27/Jan/2024:06:25:00 +0800] "GET /xingrg/dwr/engine.js HTTP/1.1" 200 43631
120.253.135.82 - - [27/Jan/2024:06:25:01 +0800] "POST /xingrg/dwr/call/plaincall/AjaxQqpsService.loadMaterielItems.dwr HTTP/1.1" 200 350
120.253.135.82 - - [27/Jan/2024:06:25:03 +0800] "GET /xingrg/kc/pszx/mdqp_order_list.html?isBack=1 HTTP/1.1" 302 -
120.253.135.82 - - [27/Jan/2024:06:25:03 +0800] "GET /xingrg/all/function/internal_message.html?_=1706307727703&CODE_STATE=getMsg HTTP/1.1" 200 27
120.253.135.82 - - [27/Jan/2024:06:25:03 +0800] "GET /xingrg/kc/pszx/mdqp_order_list.html?orderTime=all&startTime=&endTime=&qpDepartmentCode=00147&state=all&query=%C8%B7++%B6%A8 HTTP/1.1" 200 21564
120.253.135.82 - - [27/Jan/2024:06:25:03 +0800] "GET /xingrg/dwr/interface/AjaxQqpsService.js HTTP/1.1" 200 16326
120.253.135.82 - - [27/Jan/2024:06:25:03 +0800] "GET /xingrg/dwr/interface/AjaxReportQueryService.js HTTP/1.1" 200 13203
120.253.135.82 - - [27/Jan/2024:06:25:03 +0800] "GET /xingrg/dwr/engine.js HTTP/1.1" 200 43631
120.253.135.82 - - [27/Jan/2024:06:25:10 +0800] "GET /xingrg/kc/pszx/mdqp_order_info.html?code=302024012600590 HTTP/1.1" 200 12913
120.253.135.82 - - [27/Jan/2024:06:25:10 +0800] "GET /xingrg/dwr/interface/AjaxComOrderService.js HTTP/1.1" 200 18264
120.253.135.82 - - [27/Jan/2024:06:25:10 +0800] "GET /xingrg/dwr/interface/AjaxQqpsService.js HTTP/1.1" 200 16326
120.253.135.82 - - [27/Jan/2024:06:25:10 +0800] "GET /xingrg/dwr/engine.js HTTP/1.1" 200 43631
120.253.135.82 - - [27/Jan/2024:06:25:11 +0800] "POST /xingrg/dwr/call/plaincall/AjaxQqpsService.loadMaterielItems.dwr HTTP/1.1" 200 362
116.230.109.177 - - [27/Jan/2024:06:25:12 +0800] "GET /xingrg/all/function/internal_message.html?_=1706307853527&CODE_STATE=getMsg HTTP/1.1" 200 27
120.253.135.82 - - [27/Jan/2024:06:25:12 +0800] "GET /xingrg/images/yd/bt.gif HTTP/1.1" 404 1040
120.253.135.82 - - [27/Jan/2024:06:25:12 +0800] "GET /xingrg/images/yd/bt2.gif HTTP/1.1" 404 1042
120.253.135.82 - - [27/Jan/2024:06:25:13 +0800] "GET /xingrg/kc/pszx/mdqp_order_list.html?isBack=1 HTTP/1.1" 302 -
120.253.135.82 - - [27/Jan/2024:06:25:14 +0800] "GET /xingrg/kc/pszx/mdqp_order_list.html?orderTime=all&startTime=&endTime=&qpDepartmentCode=00147&state=all&query=%C8%B7++%B6%A8 HTTP/1.1" 200 21564
120.253.135.82 - - [27/Jan/2024:06:25:14 +0800] "GET /xingrg/dwr/interface/AjaxReportQueryService.js HTTP/1.1" 200 13203
120.253.135.82 - - [27/Jan/2024:06:25:14 +0800] "GET /xingrg/dwr/interface/AjaxQqpsService.js HTTP/1.1" 200 16326
120.253.135.82 - - [27/Jan/2024:06:25:14 +0800] "GET /xingrg/dwr/engine.js HTTP/1.1" 200 43631
114.95.241.104 - - [27/Jan/2024:06:25:14 +0800] "GET /xingrg/all/function/internal_message.html?_=1706307913928&CODE_STATE=getMsg HTTP/1.1" 200 27
120.253.135.82 - - [27/Jan/2024:06:25:17 +0800] "GET /xingrg/kc/pszx/mdqp_order_info.html?code=302024012600591 HTTP/1.1" 200 12913
120.253.135.82 - - [27/Jan/2024:06:25:17 +0800] "GET /xingrg/dwr/interface/AjaxComOrderService.js HTTP/1.1" 200 18264
120.253.135.82 - - [27/Jan/2024:06:25:17 +0800] "GET /xingrg/dwr/interface/AjaxQqpsService.js HTTP/1.1" 200 16326
120.253.135.82 - - [27/Jan/2024:06:25:17 +0800] "GET /xingrg/dwr/engine.js HTTP/1.1" 200 43631
120.253.135.82 - - [27/Jan/2024:06:25:18 +0800] "POST /xingrg/dwr/call/plaincall/AjaxQqpsService.loadMaterielItems.dwr HTTP/1.1" 200 2763
120.253.135.82 - - [27/Jan/2024:06:25:20 +0800] "GET /xingrg/images/yd/bt.gif HTTP/1.1" 404 1040
120.253.135.82 - - [27/Jan/2024:06:25:20 +0800] "GET /xingrg/images/yd/bt2.gif HTTP/1.1" 404 1042
114.95.241.104 - - [27/Jan/2024:06:25:22 +0800] "GET /xingrg/all/function/internal_message.html?_=1706307922064&CODE_STATE=getMsg HTTP/1.1" 200 27
120.253.135.82 - - [27/Jan/2024:06:25:22 +0800] "GET /xingrg/kc/pszx/mdqp_order_list.html?isBack=1 HTTP/1.1" 302 -
120.253.135.82 - - [27/Jan/2024:06:25:23 +0800] "GET /xingrg/kc/pszx/mdqp_order_list.html?orderTime=all&startTime=&endTime=&qpDepartmentCode=00147&state=all&query=%C8%B7++%B6%A8 HTTP/1.1" 200 21564
120.253.135.82 - - [27/Jan/2024:06:25:23 +0800] "GET /xingrg/dwr/interface/AjaxReportQueryService.js HTTP/1.1" 200 13203
120.253.135.82 - - [27/Jan/2024:06:25:23 +0800] "GET /xingrg/dwr/engine.js HTTP/1.1" 200 43631
120.253.135.82 - - [27/Jan/2024:06:25:23 +0800] "GET /xingrg/dwr/interface/AjaxQqpsService.js HTTP/1.1" 200 16326
120.253.135.82 - - [27/Jan/2024:06:25:28 +0800] "GET /xingrg/kc/pszx/mdqp_order_info.html?code=302024012600592 HTTP/1.1" 200 12913
120.253.135.82 - - [27/Jan/2024:06:25:28 +0800] "GET /xingrg/dwr/interface/AjaxComOrderService.js HTTP/1.1" 200 18264
120.253.135.82 - - [27/Jan/2024:06:25:28 +0800] "GET /xingrg/dwr/interface/AjaxQqpsService.js HTTP/1.1" 200 16326
120.253.135.82 - - [27/Jan/2024:06:25:28 +0800] "GET /xingrg/dwr/engine.js HTTP/1.1" 200 43631
116.230.109.177 - - [27/Jan/2024:06:25:28 +0800] "GET /xingrg/all/function/internal_message.html?_=1706307869844&CODE_STATE=getMsg HTTP/1.1" 200 27
120.253.135.82 - - [27/Jan/2024:06:25:29 +0800] "POST /xingrg/dwr/call/plaincall/AjaxQqpsService.loadMaterielItems.dwr HTTP/1.1" 200 4440
120.253.135.82 - - [27/Jan/2024:06:25:30 +0800] "GET /xingrg/images/yd/bt.gif HTTP/1.1" 404 1040
120.253.135.82 - - [27/Jan/2024:06:25:30 +0800] "GET /xingrg/images/yd/bt2.gif HTTP/1.1" 404 1042
221.239.172.206 - - [27/Jan/2024:06:25:40 +0800] "GET /xingrg/all/function/internal_message.html?_=1706307940431&CODE_STATE=getMsg HTTP/1.1" 200 27
116.235.244.89 - - [27/Jan/2024:06:25:44 +0800] "GET /xingrg/all/function/internal_message.html?_=1706307965975&CODE_STATE=getMsg HTTP/1.1" 200 27
172.20.0.100 - - [27/Jan/2024:06:25:45 +0800] "GET /xingrg/all/function/internal_message.html?_=1706307956629&CODE_STATE=getMsg HTTP/1.1" 200 27
124.78.68.102 - - [27/Jan/2024:06:25:57 +0800] "GET /xingrg/all/function/internal_message.html?_=1706307957890&CODE_STATE=getMsg HTTP/1.1" 200 27
120.253.135.82 - - [27/Jan/2024:06:26:03 +0800] "GET /xingrg/all/function/internal_message.html?_=1706307787716&CODE_STATE=getMsg HTTP/1.1" 200 27
116.230.109.177 - - [27/Jan/2024:06:26:12 +0800] "GET /xingrg/all/function/internal_message.html?_=1706307913505&CODE_STATE=getMsg HTTP/1.1" 200 27
114.95.241.104 - - [27/Jan/2024:06:26:14 +0800] "GET /xingrg/all/function/internal_message.html?_=1706307973905&CODE_STATE=getMsg HTTP/1.1" 200 27
120.253.135.82 - - [27/Jan/2024:06:26:16 +0800] "GET /xingrg/kc/pszx/mdqp_order_list.html?isBack=1 HTTP/1.1" 302 -
120.253.135.82 - - [27/Jan/2024:06:26:17 +0800] "GET /xingrg/kc/pszx/mdqp_order_list.html?orderTime=all&startTime=&endTime=&qpDepartmentCode=00147&state=all&query=%C8%B7++%B6%A8 HTTP/1.1" 200 21564
120.253.135.82 - - [27/Jan/2024:06:26:17 +0800] "GET /xingrg/dwr/interface/AjaxQqpsService.js HTTP/1.1" 200 16326
120.253.135.82 - - [27/Jan/2024:06:26:17 +0800] "GET /xingrg/dwr/interface/AjaxReportQueryService.js HTTP/1.1" 200 13203
120.253.135.82 - - [27/Jan/2024:06:26:17 +0800] "GET /xingrg/dwr/engine.js HTTP/1.1" 200 43631
114.95.241.104 - - [27/Jan/2024:06:26:22 +0800] "GET /xingrg/all/function/internal_message.html?_=1706307982073&CODE_STATE=getMsg HTTP/1.1" 200 27
120.253.135.82 - - [27/Jan/2024:06:26:22 +0800] "GET /xingrg/kc/pszx/mdqp_order_info.html?code=302024012600593 HTTP/1.1" 200 12913
120.253.135.82 - - [27/Jan/2024:06:26:23 +0800] "GET /xingrg/dwr/interface/AjaxComOrderService.js HTTP/1.1" 200 18264
120.253.135.82 - - [27/Jan/2024:06:26:23 +0800] "GET /xingrg/dwr/interface/AjaxQqpsService.js HTTP/1.1" 200 16326
120.253.135.82 - - [27/Jan/2024:06:26:23 +0800] "GET /xingrg/dwr/engine.js HTTP/1.1" 200 43631
120.253.135.82 - - [27/Jan/2024:06:26:24 +0800] "POST /xingrg/dwr/call/plaincall/AjaxQqpsService.loadMaterielItems.dwr HTTP/1.1" 200 322
120.253.135.82 - - [27/Jan/2024:06:26:26 +0800] "GET /xingrg/kc/pszx/mdqp_order_list.html?isBack=1 HTTP/1.1" 302 -
120.253.135.82 - - [27/Jan/2024:06:26:27 +0800] "GET /xingrg/images/yd/bt.gif HTTP/1.1" 404 1040
120.253.135.82 - - [27/Jan/2024:06:26:27 +0800] "GET /xingrg/images/yd/bt2.gif HTTP/1.1" 404 1042
120.253.135.82 - - [27/Jan/2024:06:26:27 +0800] "GET /xingrg/kc/pszx/mdqp_order_list.html?orderTime=all&startTime=&endTime=&qpDepartmentCode=00147&state=all&query=%C8%B7++%B6%A8 HTTP/1.1" 200 21564
120.253.135.82 - - [27/Jan/2024:06:26:27 +0800] "GET /xingrg/dwr/engine.js HTTP/1.1" 200 43631
120.253.135.82 - - [27/Jan/2024:06:26:27 +0800] "GET /xingrg/dwr/interface/AjaxQqpsService.js HTTP/1.1" 200 16326
120.253.135.82 - - [27/Jan/2024:06:26:27 +0800] "GET /xingrg/dwr/interface/AjaxReportQueryService.js HTTP/1.1" 200 13203
116.230.109.177 - - [27/Jan/2024:06:26:28 +0800] "GET /xingrg/all/function/internal_message.html?_=1706307929830&CODE_STATE=getMsg HTTP/1.1" 200 27
221.239.172.206 - - [27/Jan/2024:06:26:40 +0800] "GET /xingrg/all/function/internal_message.html?_=1706308000405&CODE_STATE=getMsg HTTP/1.1" 200 27
120.253.135.82 - - [27/Jan/2024:06:26:41 +0800] "GET /xingrg/kc/pszx/mdqp_order_info.html?code=302024012600594 HTTP/1.1" 200 12913
120.253.135.82 - - [27/Jan/2024:06:26:42 +0800] "GET /xingrg/dwr/interface/AjaxComOrderService.js HTTP/1.1" 200 18264
120.253.135.82 - - [27/Jan/2024:06:26:42 +0800] "GET /xingrg/dwr/interface/AjaxQqpsService.js HTTP/1.1" 200 16326
120.253.135.82 - - [27/Jan/2024:06:26:42 +0800] "GET /xingrg/dwr/engine.js HTTP/1.1" 200 43631
120.253.135.82 - - [27/Jan/2024:06:26:43 +0800] "POST /xingrg/dwr/call/plaincall/AjaxQqpsService.loadMaterielItems.dwr HTTP/1.1" 200 1750
116.235.244.89 - - [27/Jan/2024:06:26:44 +0800] "GET /xingrg/all/function/internal_message.html?_=1706308025982&CODE_STATE=getMsg HTTP/1.1" 200 27
172.20.0.100 - - [27/Jan/2024:06:26:45 +0800] "GET /xingrg/all/function/internal_message.html?_=1706308016628&CODE_STATE=getMsg HTTP/1.1" 200 27
120.253.135.82 - - [27/Jan/2024:06:26:50 +0800] "GET /xingrg/images/yd/bt.gif HTTP/1.1" 404 1040
120.253.135.82 - - [27/Jan/2024:06:26:50 +0800] "GET /xingrg/images/yd/bt2.gif HTTP/1.1" 404 1042
120.253.135.82 - - [27/Jan/2024:06:26:52 +0800] "GET /xingrg/kc/pszx/mdqp_order_list.html?isBack=1 HTTP/1.1" 302 -
120.253.135.82 - - [27/Jan/2024:06:26:52 +0800] "GET /xingrg/kc/pszx/mdqp_order_list.html?orderTime=all&startTime=&endTime=&qpDepartmentCode=00147&state=all&query=%C8%B7++%B6%A8 HTTP/1.1" 200 21564
120.253.135.82 - - [27/Jan/2024:06:26:52 +0800] "GET /xingrg/dwr/interface/AjaxQqpsService.js HTTP/1.1" 200 16326
120.253.135.82 - - [27/Jan/2024:06:26:52 +0800] "GET /xingrg/dwr/interface/AjaxReportQueryService.js HTTP/1.1" 200 13203
120.253.135.82 - - [27/Jan/2024:06:26:52 +0800] "GET /xingrg/dwr/engine.js HTTP/1.1" 200 43631
124.78.68.102 - - [27/Jan/2024:06:26:57 +0800] "GET /xingrg/all/function/internal_message.html?_=1706308017872&CODE_STATE=getMsg HTTP/1.1" 200 27
120.253.135.82 - - [27/Jan/2024:06:27:01 +0800] "GET /xingrg/kc/pszx/mdqp_order_info.html?code=302024012600596 HTTP/1.1" 200 12913
120.253.135.82 - - [27/Jan/2024:06:27:01 +0800] "GET /xingrg/dwr/interface/AjaxComOrderService.js HTTP/1.1" 200 18264
120.253.135.82 - - [27/Jan/2024:06:27:01 +0800] "GET /xingrg/dwr/interface/AjaxQqpsService.js HTTP/1.1" 200 16326
120.253.135.82 - - [27/Jan/2024:06:27:01 +0800] "GET /xingrg/dwr/engine.js HTTP/1.1" 200 43631
120.253.135.82 - - [27/Jan/2024:06:27:02 +0800] "POST /xingrg/dwr/call/plaincall/AjaxQqpsService.loadMaterielItems.dwr HTTP/1.1" 200 437
120.253.135.82 - - [27/Jan/2024:06:27:03 +0800] "GET /xingrg/all/function/internal_message.html?_=1706307847736&CODE_STATE=getMsg HTTP/1.1" 200 27
120.253.135.82 - - [27/Jan/2024:06:27:04 +0800] "GET /xingrg/images/yd/bt.gif HTTP/1.1" 404 1040
120.253.135.82 - - [27/Jan/2024:06:27:05 +0800] "GET /xingrg/images/yd/bt2.gif HTTP/1.1" 404 1042
120.253.135.82 - - [27/Jan/2024:06:27:05 +0800] "GET /xingrg/kc/pszx/mdqp_order_list.html?isBack=1 HTTP/1.1" 302 -
120.253.135.82 - - [27/Jan/2024:06:27:06 +0800] "GET /xingrg/kc/pszx/mdqp_order_list.html?orderTime=all&startTime=&endTime=&qpDepartmentCode=00147&state=all&query=%C8%B7++%B6%A8 HTTP/1.1" 200 21564
120.253.135.82 - - [27/Jan/2024:06:27:06 +0800] "GET /xingrg/css/blue.css HTTP/1.1" 304 -
120.253.135.82 - - [27/Jan/2024:06:27:06 +0800] "GET /xingrg/dwr/interface/AjaxReportQueryService.js HTTP/1.1" 200 13203
120.253.135.82 - - [27/Jan/2024:06:27:06 +0800] "GET /xingrg/javascript/jquery_easy_ui/themes/default/easyui.css HTTP/1.1" 304 -
120.253.135.82 - - [27/Jan/2024:06:27:06 +0800] "GET /xingrg/dwr/interface/AjaxQqpsService.js HTTP/1.1" 200 16326
120.253.135.82 - - [27/Jan/2024:06:27:06 +0800] "GET /xingrg/javascript/pic_change.js HTTP/1.1" 304 -
120.253.135.82 - - [27/Jan/2024:06:27:06 +0800] "GET /xingrg/javascript/Calendar.js HTTP/1.1" 304 -
120.253.135.82 - - [27/Jan/2024:06:27:06 +0800] "GET /xingrg/dwr/util.js HTTP/1.1" 304 -
120.253.135.82 - - [27/Jan/2024:06:27:06 +0800] "GET /xingrg/javascript/jquery_easy_ui/themes/icon.css HTTP/1.1" 304 -
120.253.135.82 - - [27/Jan/2024:06:27:06 +0800] "GET /xingrg/dwr/engine.js HTTP/1.1" 200 43631
120.253.135.82 - - [27/Jan/2024:06:27:06 +0800] "GET /xingrg/javascript/myfunction.js HTTP/1.1" 304 -
120.253.135.82 - - [27/Jan/2024:06:27:06 +0800] "GET /favicon.ico HTTP/1.1" 404 -
120.253.135.82 - - [27/Jan/2024:06:27:06 +0800] "GET /xingrg/javascript/jquery_easy_ui/themes/icons/check_new.png HTTP/1.1" 304 -
120.253.135.82 - - [27/Jan/2024:06:27:06 +0800] "GET /xingrg/javascript/jquery_easy_ui/themes/icons/back_new.png HTTP/1.1" 304 -
120.253.135.82 - - [27/Jan/2024:06:27:06 +0800] "GET /xingrg/javascript/jquery_easy_ui/themes/icons/uncheck_new.png HTTP/1.1" 304 -
120.253.135.82 - - [27/Jan/2024:06:27:11 +0800] "GET /xingrg/kc/pszx/mdqp_order_list.html?isBack=1 HTTP/1.1" 302 -
116.230.109.177 - - [27/Jan/2024:06:27:12 +0800] "GET /xingrg/all/function/internal_message.html?_=1706307973496&CODE_STATE=getMsg HTTP/1.1" 200 27
120.253.135.82 - - [27/Jan/2024:06:27:12 +0800] "GET /xingrg/kc/pszx/mdqp_order_list.html?orderTime=all&startTime=&endTime=&qpDepartmentCode=00147&state=all&query=%C8%B7++%B6%A8 HTTP/1.1" 200 21564
120.253.135.82 - - [27/Jan/2024:06:27:12 +0800] "GET /xingrg/dwr/interface/AjaxReportQueryService.js HTTP/1.1" 200 13203
120.253.135.82 - - [27/Jan/2024:06:27:12 +0800] "GET /xingrg/dwr/interface/AjaxQqpsService.js HTTP/1.1" 200 16326
120.253.135.82 - - [27/Jan/2024:06:27:12 +0800] "GET /xingrg/dwr/engine.js HTTP/1.1" 200 43631
114.95.241.104 - - [27/Jan/2024:06:27:14 +0800] "GET /xingrg/all/function/internal_message.html?_=1706308033882&CODE_STATE=getMsg HTTP/1.1" 200 27
120.253.135.82 - - [27/Jan/2024:06:27:16 +0800] "GET /xingrg/kc/pszx/mdps_order_list.html?orderType=0 HTTP/1.1" 200 20995
120.253.135.82 - - [27/Jan/2024:06:27:17 +0800] "POST /xingrg/kc/pszx/mdps_list_operate.html HTTP/1.1" 200 5465
116.230.109.177 - - [27/Jan/2024:06:27:20 +0800] "GET /xingrg/check_reg.html?_=1706307982144 HTTP/1.1" 200 22
114.95.241.104 - - [27/Jan/2024:06:27:22 +0800] "GET /xingrg/all/function/internal_message.html?_=1706308042066&CODE_STATE=getMsg HTTP/1.1" 200 27
120.253.135.82 - - [27/Jan/2024:06:27:26 +0800] "POST /xingrg/kc/pszx/mdps_list_operate.html HTTP/1.1" 200 4664
116.230.109.177 - - [27/Jan/2024:06:27:28 +0800] "GET /xingrg/all/function/internal_message.html?_=1706307989836&CODE_STATE=getMsg HTTP/1.1" 200 27
120.253.135.82 - - [27/Jan/2024:06:27:33 +0800] "POST /xingrg/kc/pszx/mdps_list_operate.html HTTP/1.1" 200 626
120.253.135.82 - - [27/Jan/2024:06:27:35 +0800] "POST /xingrg/kc/pszx/mdps_list_operate.html HTTP/1.1" 200 584
120.253.135.82 - - [27/Jan/2024:06:27:37 +0800] "GET /xingrg/kc/pszx/mdps_order_info.html?code=312024012700730 HTTP/1.1" 200 23978
120.253.135.82 - - [27/Jan/2024:06:27:38 +0800] "GET /xingrg/javascript/easyui/themes/default/validatebox.css HTTP/1.1" 404 1104
120.253.135.82 - - [27/Jan/2024:06:27:38 +0800] "POST /xingrg/kc/pszx/mdps_order_operate.html HTTP/1.1" 200 9697
221.239.172.206 - - [27/Jan/2024:06:27:40 +0800] "GET /xingrg/all/function/internal_message.html?_=1706308060389&CODE_STATE=getMsg HTTP/1.1" 200 27
116.235.244.89 - - [27/Jan/2024:06:27:44 +0800] "GET /xingrg/all/function/internal_message.html?_=1706308086000&CODE_STATE=getMsg HTTP/1.1" 200 27
172.20.0.100 - - [27/Jan/2024:06:27:45 +0800] "GET /xingrg/all/function/internal_message.html?_=1706308076627&CODE_STATE=getMsg HTTP/1.1" 200 27
120.253.135.82 - - [27/Jan/2024:06:27:55 +0800] "GET /xingrg/kc/pszx/mdps_order_operate.html?command=get_materiel&pszx_code=00101&rest_code=00147&base_code=0010246&code=00101013266 HTTP/1.1" 200 436
124.78.68.102 - - [27/Jan/2024:06:27:57 +0800] "GET /xingrg/all/function/internal_message.html?_=1706308077847&CODE_STATE=getMsg HTTP/1.1" 200 27
120.253.135.82 - - [27/Jan/2024:06:28:06 +0800] "POST /xingrg/kc/pszx/mdps_order_operate.html HTTP/1.1" 200 37
120.253.135.82 - - [27/Jan/2024:06:28:07 +0800] "GET /xingrg/kc/pszx/mdps_order_info.html?code=312024012700730 HTTP/1.1" 200 23978
120.253.135.82 - - [27/Jan/2024:06:28:08 +0800] "GET /xingrg/all/function/internal_message.html?_=1706307912497&CODE_STATE=getMsg HTTP/1.1" 200 27
120.253.135.82 - - [27/Jan/2024:06:28:08 +0800] "GET /xingrg/javascript/easyui/themes/default/validatebox.css HTTP/1.1" 404 1104
120.253.135.82 - - [27/Jan/2024:06:28:08 +0800] "POST /xingrg/kc/pszx/mdps_order_operate.html HTTP/1.1" 200 9700
116.230.109.177 - - [27/Jan/2024:06:28:12 +0800] "GET /xingrg/all/function/internal_message.html?_=1706308033483&CODE_STATE=getMsg HTTP/1.1" 200 27
124.78.68.102 - - [27/Jan/2024:06:28:12 +0800] "GET /xingrg/check_reg.html?_=1706308092888 HTTP/1.1" 200 22
114.95.241.104 - - [27/Jan/2024:06:28:14 +0800] "GET /xingrg/all/function/internal_message.html?_=1706308093861&CODE_STATE=getMsg HTTP/1.1" 200 27
114.95.241.104 - - [27/Jan/2024:06:28:22 +0800] "GET /xingrg/all/function/internal_message.html?_=1706308102066&CODE_STATE=getMsg HTTP/1.1" 200 27
114.95.241.104 - - [27/Jan/2024:06:28:22 +0800] "GET /xingrg/check_reg.html?_=1706308102068 HTTP/1.1" 200 22
116.230.109.177 - - [27/Jan/2024:06:28:28 +0800] "GET /xingrg/all/function/internal_message.html?_=1706308049817&CODE_STATE=getMsg HTTP/1.1" 200 27
116.230.109.177 - - [27/Jan/2024:06:28:35 +0800] "GET /xingrg/check_reg.html?_=1706308057316 HTTP/1.1" 200 22
116.235.244.89 - - [27/Jan/2024:06:28:37 +0800] "GET /xingrg/check_reg.html?_=1706308138880 HTTP/1.1" 200 22
221.239.172.206 - - [27/Jan/2024:06:28:40 +0800] "GET /xingrg/all/function/internal_message.html?_=1706308120374&CODE_STATE=getMsg HTTP/1.1" 200 27
116.235.244.89 - - [27/Jan/2024:06:28:44 +0800] "GET /xingrg/all/function/internal_message.html?_=1706308146011&CODE_STATE=getMsg HTTP/1.1" 200 27
172.20.0.100 - - [27/Jan/2024:06:28:45 +0800] "GET /xingrg/all/function/internal_message.html?_=1706308136626&CODE_STATE=getMsg HTTP/1.1" 200 27
172.20.0.100 - - [27/Jan/2024:06:28:45 +0800] "GET /xingrg/check_reg.html?_=1706308136627 HTTP/1.1" 200 22
221.239.172.206 - - [27/Jan/2024:06:28:51 +0800] "GET /xingrg/check_reg.html?_=1706308130827 HTTP/1.1" 200 22
124.78.68.102 - - [27/Jan/2024:06:28:57 +0800] "GET /xingrg/all/function/internal_message.html?_=1706308137833&CODE_STATE=getMsg HTTP/1.1" 200 27
124.79.240.117 - - [27/Jan/2024:06:28:58 +0800] "GET /xingrg/check_reg.html?_=1706308137793 HTTP/1.1" 302 -
120.253.135.82 - - [27/Jan/2024:06:29:01 +0800] "GET /xingrg/check_reg.html?_=1706307966043 HTTP/1.1" 200 22
120.253.135.82 - - [27/Jan/2024:06:29:08 +0800] "GET /xingrg/all/function/internal_message.html?_=1706307972500&CODE_STATE=getMsg HTTP/1.1" 200 27
116.230.109.177 - - [27/Jan/2024:06:29:12 +0800] "GET /xingrg/all/function/internal_message.html?_=1706308093460&CODE_STATE=getMsg HTTP/1.1" 200 27
101.83.145.37 - - [27/Jan/2024:06:29:12 +0800] "POST /xingrg/services/DataTransmitService HTTP/1.1" 200 524
114.95.241.104 - - [27/Jan/2024:06:29:14 +0800] "GET /xingrg/all/function/internal_message.html?_=1706308153841&CODE_STATE=getMsg HTTP/1.1" 200 27
114.95.241.104 - - [27/Jan/2024:06:29:22 +0800] "GET /xingrg/all/function/internal_message.html?_=1706308162059&CODE_STATE=getMsg HTTP/1.1" 200 27
114.95.241.104 - - [27/Jan/2024:06:29:26 +0800] "GET /xingrg/check_reg.html?_=1706308165870 HTTP/1.1" 200 22
116.230.109.177 - - [27/Jan/2024:06:29:28 +0800] "GET /xingrg/all/function/internal_message.html?_=1706308109816&CODE_STATE=getMsg HTTP/1.1" 200 27
120.253.135.82 - - [27/Jan/2024:06:29:39 +0800] "POST /xingrg/kc/pszx/mdps_list_operate.html HTTP/1.1" 200 198
221.239.172.206 - - [27/Jan/2024:06:29:40 +0800] "GET /xingrg/all/function/internal_message.html?_=1706308180344&CODE_STATE=getMsg HTTP/1.1" 200 27
120.253.135.82 - - [27/Jan/2024:06:29:41 +0800] "GET /xingrg/kc/pszx/mdps_order_info.html?code=312024012700731 HTTP/1.1" 200 23978
120.253.135.82 - - [27/Jan/2024:06:29:42 +0800] "GET /xingrg/javascript/easyui/themes/default/validatebox.css HTTP/1.1" 404 1104
120.253.135.82 - - [27/Jan/2024:06:29:42 +0800] "POST /xingrg/kc/pszx/mdps_order_operate.html HTTP/1.1" 200 2265
116.235.244.89 - - [27/Jan/2024:06:29:44 +0800] "GET /xingrg/all/function/internal_message.html?_=1706308206022&CODE_STATE=getMsg HTTP/1.1" 200 27
120.253.135.82 - - [27/Jan/2024:06:29:45 +0800] "POST /xingrg/kc/pszx/mdps_order_operate.html HTTP/1.1" 200 37
172.20.0.100 - - [27/Jan/2024:06:29:45 +0800] "GET /xingrg/all/function/internal_message.html?_=1706308196625&CODE_STATE=getMsg HTTP/1.1" 200 27
120.253.135.82 - - [27/Jan/2024:06:29:46 +0800] "GET /xingrg/kc/pszx/mdps_order_info.html?code=312024012700731 HTTP/1.1" 200 23978
120.253.135.82 - - [27/Jan/2024:06:29:47 +0800] "GET /xingrg/javascript/easyui/themes/default/validatebox.css HTTP/1.1" 404 1104
120.253.135.82 - - [27/Jan/2024:06:29:48 +0800] "POST /xingrg/kc/pszx/mdps_order_operate.html HTTP/1.1" 200 2273
120.253.135.82 - - [27/Jan/2024:06:29:51 +0800] "POST /xingrg/kc/pszx/mdps_list_operate.html HTTP/1.1" 200 4664
120.253.135.82 - - [27/Jan/2024:06:29:53 +0800] "POST /xingrg/kc/pszx/mdps_list_operate.html HTTP/1.1" 200 605
124.78.68.102 - - [27/Jan/2024:06:29:57 +0800] "GET /xingrg/all/function/internal_message.html?_=1706308197816&CODE_STATE=getMsg HTTP/1.1" 200 27
120.253.135.82 - - [27/Jan/2024:06:29:58 +0800] "GET /xingrg/kc/pszx/mdps_order_info.html?code=312024012700732 HTTP/1.1" 200 23978
120.253.135.82 - - [27/Jan/2024:06:29:59 +0800] "GET /xingrg/javascript/easyui/themes/default/validatebox.css HTTP/1.1" 404 1104
120.253.135.82 - - [27/Jan/2024:06:29:59 +0800] "POST /xingrg/kc/pszx/mdps_order_operate.html HTTP/1.1" 200 4730
120.253.135.82 - - [27/Jan/2024:06:30:02 +0800] "POST /xingrg/kc/pszx/mdps_order_operate.html HTTP/1.1" 200 37
120.253.135.82 - - [27/Jan/2024:06:30:03 +0800] "GET /xingrg/kc/pszx/mdps_order_info.html?code=312024012700732 HTTP/1.1" 200 23978
120.253.135.82 - - [27/Jan/2024:06:30:04 +0800] "GET /xingrg/javascript/easyui/themes/default/validatebox.css HTTP/1.1" 404 1104
120.253.135.82 - - [27/Jan/2024:06:30:05 +0800] "POST /xingrg/kc/pszx/mdps_order_operate.html HTTP/1.1" 200 4773
120.253.135.82 - - [27/Jan/2024:06:30:08 +0800] "GET /xingrg/all/function/internal_message.html?_=1706308032513&CODE_STATE=getMsg HTTP/1.1" 200 27
116.230.109.177 - - [27/Jan/2024:06:30:12 +0800] "GET /xingrg/all/function/internal_message.html?_=1706308153432&CODE_STATE=getMsg HTTP/1.1" 200 27
114.95.241.104 - - [27/Jan/2024:06:30:14 +0800] "GET /xingrg/all/function/internal_message.html?_=1706308213827&CODE_STATE=getMsg HTTP/1.1" 200 27
114.95.241.104 - - [27/Jan/2024:06:30:22 +0800] "GET /xingrg/all/function/internal_message.html?_=1706308222074&CODE_STATE=getMsg HTTP/1.1" 200 27
116.230.109.177 - - [27/Jan/2024:06:30:28 +0800] "GET /xingrg/all/function/internal_message.html?_=1706308169798&CODE_STATE=getMsg HTTP/1.1" 200 27
221.239.172.206 - - [27/Jan/2024:06:30:40 +0800] "GET /xingrg/all/function/internal_message.html?_=1706308240320&CODE_STATE=getMsg HTTP/1.1" 200 27
116.235.244.89 - - [27/Jan/2024:06:30:44 +0800] "GET /xingrg/all/function/internal_message.html?_=1706308266041&CODE_STATE=getMsg HTTP/1.1" 200 27
172.20.0.100 - - [27/Jan/2024:06:30:45 +0800] "GET /xingrg/all/function/internal_message.html?_=1706308256623&CODE_STATE=getMsg HTTP/1.1" 200 27
124.78.68.102 - - [27/Jan/2024:06:30:57 +0800] "GET /xingrg/all/function/internal_message.html?_=1706308257786&CODE_STATE=getMsg HTTP/1.1" 200 27
116.232.34.139 - - [27/Jan/2024:06:31:03 +0800] "POST /xingrg/services/DataTransmitService HTTP/1.1" 200 524
120.253.135.82 - - [27/Jan/2024:06:31:08 +0800] "GET /xingrg/all/function/internal_message.html?_=1706308092527&CODE_STATE=getMsg HTTP/1.1" 200 27
116.230.109.177 - - [27/Jan/2024:06:31:12 +0800] "GET /xingrg/all/function/internal_message.html?_=1706308213428&CODE_STATE=getMsg HTTP/1.1" 200 27
114.95.241.104 - - [27/Jan/2024:06:31:14 +0800] "GET /xingrg/all/function/internal_message.html?_=1706308273815&CODE_STATE=getMsg HTTP/1.1" 200 27
114.95.241.104 - - [27/Jan/2024:06:31:22 +0800] "GET /xingrg/all/function/internal_message.html?_=1706308282072&CODE_STATE=getMsg HTTP/1.1" 200 27
222.70.115.1 - - [27/Jan/2024:06:31:27 +0800] "POST /xingrg/services/DataTransmitService HTTP/1.1" 200 524
116.230.109.177 - - [27/Jan/2024:06:31:28 +0800] "GET /xingrg/all/function/internal_message.html?_=1706308229793&CODE_STATE=getMsg HTTP/1.1" 200 27
120.253.135.82 - - [27/Jan/2024:06:31:35 +0800] "POST /xingrg/kc/pszx/mdps_list_operate.html HTTP/1.1" 200 4664
120.253.135.82 - - [27/Jan/2024:06:31:37 +0800] "POST /xingrg/kc/pszx/mdps_list_operate.html HTTP/1.1" 200 232
221.239.172.206 - - [27/Jan/2024:06:31:40 +0800] "GET /xingrg/all/function/internal_message.html?_=1706308300306&CODE_STATE=getMsg HTTP/1.1" 200 27
120.253.135.82 - - [27/Jan/2024:06:31:40 +0800] "GET /xingrg/kc/pszx/mdps_order_info.html?code=312024012700733 HTTP/1.1" 200 23978
120.253.135.82 - - [27/Jan/2024:06:31:41 +0800] "GET /xingrg/javascript/easyui/themes/default/validatebox.css HTTP/1.1" 404 1104
120.253.135.82 - - [27/Jan/2024:06:31:41 +0800] "POST /xingrg/kc/pszx/mdps_order_operate.html HTTP/1.1" 200 2321
116.235.244.89 - - [27/Jan/2024:06:31:44 +0800] "GET /xingrg/all/function/internal_message.html?_=1706308326049&CODE_STATE=getMsg HTTP/1.1" 200 27
120.253.135.82 - - [27/Jan/2024:06:31:45 +0800] "POST /xingrg/kc/pszx/mdps_order_operate.html HTTP/1.1" 200 37
172.20.0.100 - - [27/Jan/2024:06:31:45 +0800] "GET /xingrg/all/function/internal_message.html?_=1706308316622&CODE_STATE=getMsg HTTP/1.1" 200 27
120.253.135.82 - - [27/Jan/2024:06:31:46 +0800] "GET /xingrg/kc/pszx/mdps_order_info.html?code=312024012700733 HTTP/1.1" 200 23978
120.253.135.82 - - [27/Jan/2024:06:31:47 +0800] "GET /xingrg/javascript/easyui/themes/default/validatebox.css HTTP/1.1" 404 1104
120.253.135.82 - - [27/Jan/2024:06:31:47 +0800] "POST /xingrg/kc/pszx/mdps_order_operate.html HTTP/1.1" 200 2330
120.253.135.82 - - [27/Jan/2024:06:31:51 +0800] "POST /xingrg/kc/pszx/mdps_list_operate.html HTTP/1.1" 200 4664
120.253.135.82 - - [27/Jan/2024:06:31:55 +0800] "GET /xingrg/kc/pszx/mdqp_order_list.html?state=10 HTTP/1.1" 200 13174
120.253.135.82 - - [27/Jan/2024:06:31:55 +0800] "GET /xingrg/dwr/interface/AjaxQqpsService.js HTTP/1.1" 200 16326
120.253.135.82 - - [27/Jan/2024:06:31:55 +0800] "GET /xingrg/dwr/interface/AjaxReportQueryService.js HTTP/1.1" 200 13203
120.253.135.82 - - [27/Jan/2024:06:31:55 +0800] "GET /xingrg/dwr/engine.js HTTP/1.1" 200 43631
124.78.68.102 - - [27/Jan/2024:06:31:57 +0800] "GET /xingrg/all/function/internal_message.html?_=1706308317783&CODE_STATE=getMsg HTTP/1.1" 200 27
120.253.135.82 - - [27/Jan/2024:06:32:07 +0800] "GET /xingrg/kc/pszx/mdqp_order_list.html?state=10 HTTP/1.1" 200 13174
120.253.135.82 - - [27/Jan/2024:06:32:07 +0800] "GET /xingrg/css/blue.css HTTP/1.1" 304 -
120.253.135.82 - - [27/Jan/2024:06:32:07 +0800] "GET /xingrg/javascript/pic_change.js HTTP/1.1" 304 -
120.253.135.82 - - [27/Jan/2024:06:32:07 +0800] "GET /xingrg/javascript/myfunction.js HTTP/1.1" 304 -
120.253.135.82 - - [27/Jan/2024:06:32:07 +0800] "GET /xingrg/dwr/util.js HTTP/1.1" 304 -
120.253.135.82 - - [27/Jan/2024:06:32:07 +0800] "GET /xingrg/dwr/interface/AjaxQqpsService.js HTTP/1.1" 200 16326
120.253.135.82 - - [27/Jan/2024:06:32:07 +0800] "GET /xingrg/javascript/jquery_easy_ui/themes/icon.css HTTP/1.1" 304 -
120.253.135.82 - - [27/Jan/2024:06:32:07 +0800] "GET /xingrg/dwr/engine.js HTTP/1.1" 200 43631
120.253.135.82 - - [27/Jan/2024:06:32:07 +0800] "GET /xingrg/dwr/interface/AjaxReportQueryService.js HTTP/1.1" 200 13203
120.253.135.82 - - [27/Jan/2024:06:32:07 +0800] "GET /xingrg/javascript/jquery_easy_ui/themes/default/easyui.css HTTP/1.1" 304 -
120.253.135.82 - - [27/Jan/2024:06:32:07 +0800] "GET /xingrg/javascript/Calendar.js HTTP/1.1" 304 -
120.253.135.82 - - [27/Jan/2024:06:32:08 +0800] "GET /xingrg/javascript/jquery_easy_ui/themes/icons/uncheck_new.png HTTP/1.1" 304 -
120.253.135.82 - - [27/Jan/2024:06:32:08 +0800] "GET /xingrg/javascript/jquery_easy_ui/themes/icons/back_new.png HTTP/1.1" 304 -
120.253.135.82 - - [27/Jan/2024:06:32:08 +0800] "GET /xingrg/javascript/jquery_easy_ui/themes/icons/check_new.png HTTP/1.1" 304 -
120.253.135.82 - - [27/Jan/2024:06:32:08 +0800] "GET /favicon.ico HTTP/1.1" 404 -
120.253.135.82 - - [27/Jan/2024:06:32:08 +0800] "GET /xingrg/all/function/internal_message.html?_=1706308152540&CODE_STATE=getMsg HTTP/1.1" 200 27
120.253.135.82 - - [27/Jan/2024:06:32:09 +0800] "GET /xingrg/kc/pszx/mdqp_order_list.html?state=10 HTTP/1.1" 200 13174
120.253.135.82 - - [27/Jan/2024:06:32:09 +0800] "GET /xingrg/dwr/interface/AjaxReportQueryService.js HTTP/1.1" 200 13203
120.253.135.82 - - [27/Jan/2024:06:32:09 +0800] "GET /xingrg/dwr/interface/AjaxQqpsService.js HTTP/1.1" 200 16326
120.253.135.82 - - [27/Jan/2024:06:32:09 +0800] "GET /xingrg/dwr/engine.js HTTP/1.1" 200 43631
116.230.109.177 - - [27/Jan/2024:06:32:12 +0800] "GET /xingrg/all/function/internal_message.html?_=1706308273414&CODE_STATE=getMsg HTTP/1.1" 200 27
114.95.241.104 - - [27/Jan/2024:06:32:14 +0800] "GET /xingrg/all/function/internal_message.html?_=1706308333801&CODE_STATE=getMsg HTTP/1.1" 200 27
120.253.135.82 - - [27/Jan/2024:06:32:18 +0800] "GET /xingrg/kc/pszx/jzcl_ps.html HTTP/1.1" 200 7683
120.253.135.82 - - [27/Jan/2024:06:32:18 +0800] "POST /xingrg/all/common/load_tree.html?tree=area_rest_tree_json HTTP/1.1" 200 3624
120.253.135.82 - - [27/Jan/2024:06:32:18 +0800] "POST /xingrg/kc/pszx/jzcl_ps_operate.html HTTP/1.1" 200 2070
120.253.135.82 - - [27/Jan/2024:06:32:18 +0800] "POST /xingrg/kc/pszx/jzcl_ps_operate.html HTTP/1.1" 200 2070
116.230.109.177 - - [27/Jan/2024:06:32:20 +0800] "GET /xingrg/check_reg.html?_=1706308282133 HTTP/1.1" 200 22
114.95.241.104 - - [27/Jan/2024:06:32:22 +0800] "GET /xingrg/all/function/internal_message.html?_=1706308342063&CODE_STATE=getMsg HTTP/1.1" 200 27
116.230.109.177 - - [27/Jan/2024:06:32:28 +0800] "GET /xingrg/all/function/internal_message.html?_=1706308289762&CODE_STATE=getMsg HTTP/1.1" 200 27
120.253.135.82 - - [27/Jan/2024:06:32:31 +0800] "POST /xingrg/kc/pszx/jzcl_ps_operate.html HTTP/1.1" 200 4
120.253.135.82 - - [27/Jan/2024:06:32:33 +0800] "GET /xingrg/kc/pszx/mdps_order_list.html HTTP/1.1" 200 20995
120.253.135.82 - - [27/Jan/2024:06:32:33 +0800] "POST /xingrg/kc/pszx/jzcl_ps_operate.html HTTP/1.1" 200 1244
120.253.135.82 - - [27/Jan/2024:06:32:34 +0800] "POST /xingrg/kc/pszx/mdps_list_operate.html HTTP/1.1" 200 5465
221.239.172.206 - - [27/Jan/2024:06:32:40 +0800] "GET /xingrg/all/function/internal_message.html?_=1706308360291&CODE_STATE=getMsg HTTP/1.1" 200 27
116.235.244.89 - - [27/Jan/2024:06:32:44 +0800] "GET /xingrg/all/function/internal_message.html?_=1706308386069&CODE_STATE=getMsg HTTP/1.1" 200 27
120.253.135.82 - - [27/Jan/2024:06:32:44 +0800] "POST /xingrg/kc/pszx/mdps_list_operate.html HTTP/1.1" 200 2063
172.20.0.100 - - [27/Jan/2024:06:32:45 +0800] "GET /xingrg/all/function/internal_message.html?_=1706308376620&CODE_STATE=getMsg HTTP/1.1" 200 27
120.253.135.82 - - [27/Jan/2024:06:32:46 +0800] "POST /xingrg/kc/pszx/mdps_list_operate.html HTTP/1.1" 200 471
120.253.135.82 - - [27/Jan/2024:06:32:47 +0800] "GET /xingrg/kc/pszx/mdps_order_info.html?code=312024012700734 HTTP/1.1" 200 23978
120.253.135.82 - - [27/Jan/2024:06:32:48 +0800] "GET /xingrg/javascript/easyui/themes/default/validatebox.css HTTP/1.1" 404 1104
120.253.135.82 - - [27/Jan/2024:06:32:48 +0800] "POST /xingrg/kc/pszx/mdps_order_operate.html HTTP/1.1" 200 3818
120.253.135.82 - - [27/Jan/2024:06:32:51 +0800] "POST /xingrg/kc/pszx/mdps_order_operate.html HTTP/1.1" 200 37
120.253.135.82 - - [27/Jan/2024:06:32:53 +0800] "GET /xingrg/kc/pszx/mdps_order_info.html?code=312024012700734 HTTP/1.1" 200 23978
120.253.135.82 - - [27/Jan/2024:06:32:54 +0800] "GET /xingrg/javascript/easyui/themes/default/validatebox.css HTTP/1.1" 404 1104
120.253.135.82 - - [27/Jan/2024:06:32:54 +0800] "POST /xingrg/kc/pszx/mdps_order_operate.html HTTP/1.1" 200 3846
120.253.135.82 - - [27/Jan/2024:06:32:57 +0800] "POST /xingrg/all/common/load_combo.html?type=base HTTP/1.1" 200 1169
124.78.68.102 - - [27/Jan/2024:06:32:57 +0800] "GET /xingrg/all/function/internal_message.html?_=1706308377754&CODE_STATE=getMsg HTTP/1.1" 200 27
120.253.135.82 - - [27/Jan/2024:06:33:05 +0800] "POST /xingrg/kc/pszx/mdps_order_operate.html HTTP/1.1" 200 37
120.253.135.82 - - [27/Jan/2024:06:33:07 +0800] "GET /xingrg/kc/pszx/mdps_order_info.html?code=312024012700734 HTTP/1.1" 200 23976
120.253.135.82 - - [27/Jan/2024:06:33:08 +0800] "GET /xingrg/all/function/internal_message.html?_=1706308212940&CODE_STATE=getMsg HTTP/1.1" 200 27
120.253.135.82 - - [27/Jan/2024:06:33:08 +0800] "GET /xingrg/javascript/easyui/themes/default/validatebox.css HTTP/1.1" 404 1104
120.253.135.82 - - [27/Jan/2024:06:33:09 +0800] "POST /xingrg/kc/pszx/mdps_order_operate.html HTTP/1.1" 200 3849
116.230.109.177 - - [27/Jan/2024:06:33:12 +0800] "GET /xingrg/all/function/internal_message.html?_=1706308333401&CODE_STATE=getMsg HTTP/1.1" 200 27
124.78.68.102 - - [27/Jan/2024:06:33:12 +0800] "GET /xingrg/check_reg.html?_=1706308392871 HTTP/1.1" 200 22
114.95.241.104 - - [27/Jan/2024:06:33:14 +0800] "GET /xingrg/all/function/internal_message.html?_=1706308393783&CODE_STATE=getMsg HTTP/1.1" 200 27
120.253.135.82 - - [27/Jan/2024:06:33:15 +0800] "POST /xingrg/all/common/load_select.html HTTP/1.1" 200 25
120.253.135.82 - - [27/Jan/2024:06:33:17 +0800] "GET /xingrg/kc/pszx/mdps_order_operate.html?command=get_materiel_price&pszx_code=00101&rest_code=00149&base_code=0010570&code=00101025032&unit_code=00100189&order_time=2024-01-28 HTTP/1.1" 200 35
114.95.241.104 - - [27/Jan/2024:06:33:22 +0800] "GET /xingrg/all/function/internal_message.html?_=1706308402078&CODE_STATE=getMsg HTTP/1.1" 200 27
114.95.241.104 - - [27/Jan/2024:06:33:22 +0800] "GET /xingrg/check_reg.html?_=1706308402080 HTTP/1.1" 200 22
116.230.109.177 - - [27/Jan/2024:06:33:28 +0800] "GET /xingrg/all/function/internal_message.html?_=1706308349748&CODE_STATE=getMsg HTTP/1.1" 200 27
120.253.135.82 - - [27/Jan/2024:06:33:28 +0800] "POST /xingrg/kc/pszx/mdps_order_operate.html HTTP/1.1" 200 37
120.253.135.82 - - [27/Jan/2024:06:33:30 +0800] "GET /xingrg/kc/pszx/mdps_order_info.html?code=312024012700734 HTTP/1.1" 200 23976
120.253.135.82 - - [27/Jan/2024:06:33:31 +0800] "GET /xingrg/javascript/easyui/themes/default/validatebox.css HTTP/1.1" 404 1104
120.253.135.82 - - [27/Jan/2024:06:33:31 +0800] "POST /xingrg/kc/pszx/mdps_order_operate.html HTTP/1.1" 200 3849
120.253.135.82 - - [27/Jan/2024:06:33:33 +0800] "POST /xingrg/kc/pszx/mdps_list_operate.html HTTP/1.1" 200 208
120.253.135.82 - - [27/Jan/2024:06:33:35 +0800] "GET /xingrg/kc/pszx/mdps_order_info.html?code=312024012700735 HTTP/1.1" 200 23978
120.253.135.82 - - [27/Jan/2024:06:33:35 +0800] "GET /xingrg/javascript/easyui/themes/default/validatebox.css HTTP/1.1" 404 1104
116.230.109.177 - - [27/Jan/2024:06:33:35 +0800] "GET /xingrg/check_reg.html?_=1706308357300 HTTP/1.1" 200 22
120.253.135.82 - - [27/Jan/2024:06:33:35 +0800] "POST /xingrg/kc/pszx/mdps_order_operate.html HTTP/1.1" 200 2284
116.235.244.89 - - [27/Jan/2024:06:33:37 +0800] "GET /xingrg/check_reg.html?_=1706308438889 HTTP/1.1" 200 22
120.253.135.82 - - [27/Jan/2024:06:33:38 +0800] "POST /xingrg/kc/pszx/mdps_order_operate.html HTTP/1.1" 200 37
120.253.135.82 - - [27/Jan/2024:06:33:39 +0800] "GET /xingrg/kc/pszx/mdps_order_info.html?code=312024012700735 HTTP/1.1" 200 23978
221.239.172.206 - - [27/Jan/2024:06:33:40 +0800] "GET /xingrg/all/function/internal_message.html?_=1706308420274&CODE_STATE=getMsg HTTP/1.1" 200 27
120.253.135.82 - - [27/Jan/2024:06:33:40 +0800] "GET /xingrg/javascript/easyui/themes/default/validatebox.css HTTP/1.1" 404 1104
120.253.135.82 - - [27/Jan/2024:06:33:41 +0800] "POST /xingrg/kc/pszx/mdps_order_operate.html HTTP/1.1" 200 2292
120.253.135.82 - - [27/Jan/2024:06:33:43 +0800] "POST /xingrg/kc/pszx/mdps_list_operate.html HTTP/1.1" 200 2060
116.235.244.89 - - [27/Jan/2024:06:33:44 +0800] "GET /xingrg/all/function/internal_message.html?_=1706308446077&CODE_STATE=getMsg HTTP/1.1" 200 27
172.20.0.100 - - [27/Jan/2024:06:33:45 +0800] "GET /xingrg/all/function/internal_message.html?_=1706308436635&CODE_STATE=getMsg HTTP/1.1" 200 27
172.20.0.100 - - [27/Jan/2024:06:33:45 +0800] "GET /xingrg/check_reg.html?_=1706308436636 HTTP/1.1" 200 22
120.253.135.82 - - [27/Jan/2024:06:33:49 +0800] "GET /xingrg/kc/pszx/mdqp_order_list.html?state=10 HTTP/1.1" 200 12370
120.253.135.82 - - [27/Jan/2024:06:33:49 +0800] "GET /xingrg/dwr/interface/AjaxReportQueryService.js HTTP/1.1" 200 13203
120.253.135.82 - - [27/Jan/2024:06:33:49 +0800] "GET /xingrg/dwr/interface/AjaxQqpsService.js HTTP/1.1" 200 16326
120.253.135.82 - - [27/Jan/2024:06:33:49 +0800] "GET /xingrg/dwr/engine.js HTTP/1.1" 200 43631
221.239.172.206 - - [27/Jan/2024:06:33:51 +0800] "GET /xingrg/check_reg.html?_=1706308430805 HTTP/1.1" 200 22
120.253.135.82 - - [27/Jan/2024:06:33:52 +0800] "GET /xingrg/kc/pszx/jzcl_ps.html HTTP/1.1" 200 7683
120.253.135.82 - - [27/Jan/2024:06:33:52 +0800] "POST /xingrg/all/common/load_tree.html?tree=area_rest_tree_json HTTP/1.1" 200 3624
120.253.135.82 - - [27/Jan/2024:06:33:53 +0800] "POST /xingrg/kc/pszx/jzcl_ps_operate.html HTTP/1.1" 200 1244
