180.163.30.76 - - [27/Jan/2024:10:58:02 +0800] "GET /xingrg/kc/buy/cgsh_order_operate.html?command=get_materiel&rest_code=00106&code=00101008169&supplier_code=00100007&order_time=2024-01-27 HTTP/1.1" 302 -
180.163.30.76 - - [27/Jan/2024:10:58:02 +0800] "GET /xingrg/login.html HTTP/1.1" 200 7641
58.39.105.37 - - [27/Jan/2024:10:58:05 +0800] "GET /xingrg/all/function/internal_message.html?_=1706324286073&CODE_STATE=getMsg HTTP/1.1" 200 27
222.70.115.1 - - [27/Jan/2024:10:58:06 +0800] "GET /xingrg/kc/buy/cgsh_order_operate.html?command=get_materiel&rest_code=00156&code=00101009113&supplier_code=00100012&order_time=2024-01-27 HTTP/1.1" 200 413
116.230.109.177 - - [27/Jan/2024:10:58:06 +0800] "GET /xingrg/kc/buy/cgsh_order_add.html HTTP/1.1" 200 73210
116.230.109.177 - - [27/Jan/2024:10:58:07 +0800] "POST /xingrg/kc/buy/cgsh_order_operate.html HTTP/1.1" 200 8245
116.230.109.177 - - [27/Jan/2024:10:58:07 +0800] "GET /xingrg/javascript/easyui/themes/default/validatebox.css HTTP/1.1" 404 1104
116.230.109.177 - - [27/Jan/2024:10:58:07 +0800] "GET /xingrg/all/common/auto_word.html?type=employee&rest_code=00155 HTTP/1.1" 200 255
116.230.109.177 - - [27/Jan/2024:10:58:07 +0800] "GET /xingrg/all/common/auto_word.html?type=employee&rest_code=00155 HTTP/1.1" 200 255
180.164.1.25 - - [27/Jan/2024:10:58:07 +0800] "GET /xingrg/kc/buy/cgsh_order_operate.html?command=get_materiel&rest_code=00108&code=00101008368&supplier_code=00100007&order_time=2024-01-27 HTTP/1.1" 200 408
116.230.109.177 - - [27/Jan/2024:10:58:11 +0800] "GET /xingrg/all/function/internal_message.html?_=1706324232873&CODE_STATE=getMsg HTTP/1.1" 200 27
114.95.241.104 - - [27/Jan/2024:10:58:12 +0800] "POST /xingrg/all/user/operate.html HTTP/1.1" 200 36
114.95.241.104 - - [27/Jan/2024:10:58:12 +0800] "GET /xingrg/index.html?sysBaseUrl=http%3A%2F%2F180.169.147.146%3A18081%2Fxingrg%2F&costTime=1350×tamp=1706319632468 HTTP/1.1" 200 17179
114.95.241.104 - - [27/Jan/2024:10:58:12 +0800] "GET /xingrg/javascript/jquery_easy_ui/themes/default/easyui.css HTTP/1.1" 304 -
114.95.241.104 - - [27/Jan/2024:10:58:12 +0800] "GET /xingrg/javascript/jquery_easy_ui/themes/icon.css HTTP/1.1" 304 -
114.95.241.104 - - [27/Jan/2024:10:58:12 +0800] "GET /xingrg/css/form.css HTTP/1.1" 304 -
114.95.241.104 - - [27/Jan/2024:10:58:12 +0800] "GET /xingrg/javascript/jquery-1.4.2.min.js HTTP/1.1" 304 -
114.95.241.104 - - [27/Jan/2024:10:58:12 +0800] "GET /xingrg/javascript/jquery_easy_ui/jquery.easyui.min.js HTTP/1.1" 304 -
114.95.241.104 - - [27/Jan/2024:10:58:12 +0800] "GET /xingrg/javascript/jquery_easy_ui/easyui-lang-zh_CN.js HTTP/1.1" 304 -
114.95.241.104 - - [27/Jan/2024:10:58:12 +0800] "GET /xingrg/javascript/jquery.form.js HTTP/1.1" 304 -
114.95.241.104 - - [27/Jan/2024:10:58:12 +0800] "GET /xingrg/javascript/jquery.utils.js HTTP/1.1" 304 -
114.95.241.104 - - [27/Jan/2024:10:58:12 +0800] "GET /xingrg/javascript/jquery.timers.js HTTP/1.1" 304 -
114.95.241.104 - - [27/Jan/2024:10:58:12 +0800] "GET /xingrg/images/blue/jxLogo.png HTTP/1.1" 304 -
114.95.241.104 - - [27/Jan/2024:10:58:12 +0800] "GET /xingrg/images/blue/navBackgound.jpg HTTP/1.1" 304 -
114.95.241.104 - - [27/Jan/2024:10:58:12 +0800] "GET /xingrg/javascript/jquery_easy_ui/themes/icons/settle_new.png HTTP/1.1" 304 -
114.95.241.104 - - [27/Jan/2024:10:58:13 +0800] "GET /xingrg/all/function/internal_message.html?_=1706324292370&CODE_STATE=count HTTP/1.1" 200 11
114.95.241.104 - - [27/Jan/2024:10:58:13 +0800] "GET /xingrg/javascript/jquery_easy_ui/themes/default/images/tabs_leftarrow.png HTTP/1.1" 304 -
114.95.241.104 - - [27/Jan/2024:10:58:13 +0800] "GET /xingrg/javascript/jquery_easy_ui/themes/default/images/panel_tool_collapse.gif HTTP/1.1" 304 -
114.95.241.104 - - [27/Jan/2024:10:58:13 +0800] "GET /xingrg/check_reg.html?_=1706324292371 HTTP/1.1" 200 22
114.95.241.104 - - [27/Jan/2024:10:58:13 +0800] "GET /xingrg/javascript/jquery_easy_ui/themes/default/images/tabs_rightarrow.png HTTP/1.1" 304 -
114.95.241.104 - - [27/Jan/2024:10:58:13 +0800] "GET /xingrg/images/blue/pingpu.png HTTP/1.1" 304 -
114.95.241.104 - - [27/Jan/2024:10:58:13 +0800] "POST /xingrg/all/common/load_tree.html?tree=area_rest_tree_json&manage=1 HTTP/1.1" 200 476
114.95.241.104 - - [27/Jan/2024:10:58:13 +0800] "POST /xingrg/load_menu.html HTTP/1.1" 200 5138
180.152.241.32 - - [27/Jan/2024:10:58:14 +0800] "GET /xingrg/kc/buy/cgsh_order_operate.html?command=get_materiel&rest_code=00102&code=00101006372&supplier_code=00100096&order_time=2024-01-27 HTTP/1.1" 200 421
101.83.240.5 - - [27/Jan/2024:10:58:15 +0800] "GET /xingrg/kc/buy/cgsh_order_info.html?code=212024012611248 HTTP/1.1" 200 73223
101.83.240.5 - - [27/Jan/2024:10:58:15 +0800] "GET /xingrg/javascript/easyui/themes/default/validatebox.css HTTP/1.1" 404 1104
180.157.175.56 - - [27/Jan/2024:10:58:15 +0800] "POST /xingrg/supplier/cgsh_list_operate.html HTTP/1.1" 200 6341
180.164.1.25 - - [27/Jan/2024:10:58:16 +0800] "GET /xingrg/kc/buy/cgsh_order_operate.html?command=get_materiel&rest_code=00108&code=00101008350&supplier_code=00100007&order_time=2024-01-27 HTTP/1.1" 200 408
101.83.240.5 - - [27/Jan/2024:10:58:16 +0800] "POST /xingrg/kc/buy/cgsh_order_operate.html HTTP/1.1" 200 4462
114.95.241.104 - - [27/Jan/2024:10:58:18 +0800] "GET /xingrg/kc/mdqp/qqps_order_list.html HTTP/1.1" 200 9222
114.95.241.104 - - [27/Jan/2024:10:58:18 +0800] "GET /xingrg/dwr/interface/AjaxQqpsService.js HTTP/1.1" 200 16326
114.95.241.104 - - [27/Jan/2024:10:58:18 +0800] "GET /xingrg/dwr/interface/AjaxReportQueryService.js HTTP/1.1" 200 13203
114.95.241.104 - - [27/Jan/2024:10:58:18 +0800] "GET /xingrg/dwr/engine.js HTTP/1.1" 200 43631
114.95.241.104 - - [27/Jan/2024:10:58:18 +0800] "GET /xingrg/dwr/util.js HTTP/1.1" 200 35990
116.235.244.89 - - [27/Jan/2024:10:58:22 +0800] "GET /xingrg/all/function/internal_message.html?_=1706324324904&CODE_STATE=getMsg HTTP/1.1" 200 27
101.83.240.5 - - [27/Jan/2024:10:58:22 +0800] "GET /xingrg/kc/print/load_data.html?order_code=212024012611248&kc_code=cgsh&condition= HTTP/1.1" 200 1385
116.230.123.222 - - [27/Jan/2024:10:58:25 +0800] "GET /xingrg/kc/buy/cgsh_order_operate.html?command=get_materiel&rest_code=00111&code=00101002007&supplier_code=00100199&order_time=2024-01-27 HTTP/1.1" 200 409
124.78.68.102 - - [27/Jan/2024:10:58:27 +0800] "GET /xingrg/all/function/internal_message.html?_=1706324307279&CODE_STATE=getMsg HTTP/1.1" 200 27
114.95.241.104 - - [27/Jan/2024:10:58:30 +0800] "GET /xingrg/kc/mdqp/qqps_order_add.html HTTP/1.1" 200 28250
114.95.241.104 - - [27/Jan/2024:10:58:30 +0800] "GET /xingrg/dwr/interface/AjaxComOrderService.js HTTP/1.1" 200 18264
114.95.241.104 - - [27/Jan/2024:10:58:30 +0800] "GET /xingrg/dwr/interface/AjaxQqpsService.js HTTP/1.1" 200 16326
114.95.241.104 - - [27/Jan/2024:10:58:30 +0800] "GET /xingrg/dwr/engine.js HTTP/1.1" 200 43631
124.79.240.117 - - [27/Jan/2024:10:58:30 +0800] "GET /xingrg/all/function/internal_message.html?_=1706324652956&CODE_STATE=getMsg HTTP/1.1" 200 27
114.95.241.104 - - [27/Jan/2024:10:58:30 +0800] "GET /xingrg/words/20240126130954_words.js HTTP/1.1" 304 -
116.230.123.222 - - [27/Jan/2024:10:58:32 +0800] "GET /xingrg/all/function/internal_message.html?_=1706324312167&CODE_STATE=getMsg HTTP/1.1" 200 27
116.230.123.222 - - [27/Jan/2024:10:58:32 +0800] "GET /xingrg/check_reg.html?_=1706324312169 HTTP/1.1" 200 22
116.235.244.89 - - [27/Jan/2024:10:58:34 +0800] "POST /xingrg/kc/buy/cgsh_order_operate.html HTTP/1.1" 200 37
120.253.135.82 - - [27/Jan/2024:10:58:35 +0800] "GET /xingrg/all/function/internal_message.html?_=1706324139616&CODE_STATE=getMsg HTTP/1.1" 200 27
180.152.241.32 - - [27/Jan/2024:10:58:35 +0800] "GET /xingrg/check_reg.html?_=1706324316328 HTTP/1.1" 200 22
116.230.109.177 - - [27/Jan/2024:10:58:35 +0800] "GET /xingrg/all/function/internal_message.html?_=1706324256701&CODE_STATE=getMsg HTTP/1.1" 200 27
180.164.1.25 - - [27/Jan/2024:10:58:37 +0800] "GET /xingrg/kc/buy/cgsh_order_operate.html?command=get_materiel&rest_code=00108&code=00101009006&supplier_code=00100007&order_time=2024-01-27 HTTP/1.1" 200 409
114.95.241.104 - - [27/Jan/2024:10:58:41 +0800] "POST /xingrg/dwr/call/plaincall/AjaxQqpsService.saveOrder.dwr HTTP/1.1" 200 78
222.70.115.1 - - [27/Jan/2024:10:58:43 +0800] "GET /xingrg/all/function/internal_message.html?_=1706324325834&CODE_STATE=getMsg HTTP/1.1" 200 27
222.70.115.1 - - [27/Jan/2024:10:58:43 +0800] "GET /xingrg/check_reg.html?_=1706324325836 HTTP/1.1" 200 22
114.95.241.104 - - [27/Jan/2024:10:58:43 +0800] "GET /xingrg/javascript/auto/indicator.gif HTTP/1.1" 404 1066
116.230.123.222 - - [27/Jan/2024:10:58:44 +0800] "POST /xingrg/kc/buy/cgsh_order_operate.html HTTP/1.1" 200 37
116.235.244.89 - - [27/Jan/2024:10:58:44 +0800] "POST /xingrg/kc/buy/cgsh_order_operate.html HTTP/1.1" 200 6195
172.20.0.100 - - [27/Jan/2024:10:58:45 +0800] "GET /xingrg/all/function/internal_message.html?_=1706324336786&CODE_STATE=getMsg HTTP/1.1" 302 -
172.20.0.100 - - [27/Jan/2024:10:58:45 +0800] "GET /xingrg/check_reg.html?_=1706324336787 HTTP/1.1" 302 -
222.70.115.1 - - [27/Jan/2024:10:58:45 +0800] "GET /xingrg/kc/buy/cgsh_order_operate.html?command=get_materiel&rest_code=00156&code=00101009021&supplier_code=00100012&order_time=2024-01-27 HTTP/1.1" 200 416
101.83.240.5 - - [27/Jan/2024:10:58:45 +0800] "GET /xingrg/all/function/internal_message.html?_=1706324323231&CODE_STATE=getMsg HTTP/1.1" 200 27
114.95.241.104 - - [27/Jan/2024:10:58:47 +0800] "POST /xingrg/dwr/call/plaincall/AjaxQqpsService.getMaterielByCode.dwr HTTP/1.1" 200 3920
116.230.109.177 - - [27/Jan/2024:10:58:47 +0800] "GET /xingrg/check_reg.html?_=1706324268367 HTTP/1.1" 200 22
180.164.1.25 - - [27/Jan/2024:10:58:47 +0800] "GET /xingrg/kc/buy/cgsh_order_operate.html?command=get_materiel&rest_code=00108&code=00101009062&supplier_code=00100007&order_time=2024-01-27 HTTP/1.1" 200 412
124.78.154.219 - - [27/Jan/2024:10:58:47 +0800] "GET /xingrg/all/function/internal_message.html?_=1706324326287&CODE_STATE=getMsg HTTP/1.1" 200 27
124.78.154.219 - - [27/Jan/2024:10:58:48 +0800] "GET /xingrg/check_reg.html?_=1706324326758 HTTP/1.1" 200 22
114.95.241.104 - - [27/Jan/2024:10:58:51 +0800] "POST /xingrg/dwr/call/plaincall/AjaxQqpsService.saveMaterielItem.dwr HTTP/1.1" 200 78
124.78.154.219 - - [27/Jan/2024:10:58:51 +0800] "POST /xingrg/kc/buy/cgsh_order_operate.html HTTP/1.1" 200 2065
116.230.123.222 - - [27/Jan/2024:10:58:53 +0800] "POST /xingrg/kc/buy/cgsh_order_operate.html HTTP/1.1" 200 12
120.253.135.82 - - [27/Jan/2024:10:58:54 +0800] "GET /xingrg/all/function/internal_message.html?_=1706324497560&CODE_STATE=getMsg HTTP/1.1" 302 -
120.253.135.82 - - [27/Jan/2024:10:58:54 +0800] "GET /xingrg/login.html HTTP/1.1" 200 7641
101.83.145.37 - - [27/Jan/2024:10:58:54 +0800] "GET /xingrg/all/function/internal_message.html?_=1706324100146&CODE_STATE=getMsg HTTP/1.1" 200 27
101.83.145.37 - - [27/Jan/2024:10:58:54 +0800] "GET /xingrg/check_reg.html?_=1706324100150 HTTP/1.1" 200 22
180.164.1.25 - - [27/Jan/2024:10:58:54 +0800] "GET /xingrg/all/function/internal_message.html?_=1706324333445&CODE_STATE=getMsg HTTP/1.1" 200 27
114.95.241.104 - - [27/Jan/2024:10:58:54 +0800] "POST /xingrg/dwr/call/plaincall/AjaxQqpsService.getMaterielByCode.dwr HTTP/1.1" 200 3903
180.157.175.56 - - [27/Jan/2024:10:58:55 +0800] "POST /xingrg/supplier/cgsh_list_operate.html HTTP/1.1" 200 3586
222.70.115.1 - - [27/Jan/2024:10:58:56 +0800] "GET /xingrg/kc/buy/cgsh_order_operate.html?command=get_materiel&rest_code=00156&code=00101006184&supplier_code=00100012&order_time=2024-01-27 HTTP/1.1" 200 408
116.230.123.222 - - [27/Jan/2024:10:58:57 +0800] "GET /xingrg/kc/buy/cgsh_order_info.html?code=212024012711303 HTTP/1.1" 200 67985
114.95.241.104 - - [27/Jan/2024:10:58:58 +0800] "POST /xingrg/dwr/call/plaincall/AjaxQqpsService.saveMaterielItem.dwr HTTP/1.1" 200 78
116.230.123.222 - - [27/Jan/2024:10:58:58 +0800] "GET /xingrg/javascript/easyui/themes/default/validatebox.css HTTP/1.1" 404 1104
124.79.240.117 - - [27/Jan/2024:10:58:58 +0800] "GET /xingrg/check_reg.html?_=1706324337202 HTTP/1.1" 302 -
116.230.123.222 - - [27/Jan/2024:10:58:59 +0800] "POST /xingrg/kc/buy/cgsh_order_operate.html HTTP/1.1" 200 4186
116.230.109.177 - - [27/Jan/2024:10:58:59 +0800] "GET /xingrg/all/function/internal_message.html?_=1706324280449&CODE_STATE=getMsg HTTP/1.1" 200 27
101.83.145.37 - - [27/Jan/2024:10:59:00 +0800] "GET /xingrg/all/function/internal_message.html?_=1706324340145&CODE_STATE=getMsg HTTP/1.1" 200 27
116.230.109.177 - - [27/Jan/2024:10:59:00 +0800] "GET /xingrg/check_reg.html?_=1706324281285 HTTP/1.1" 200 22
101.83.145.37 - - [27/Jan/2024:10:59:00 +0800] "GET /xingrg/check_reg.html?_=1706324340863 HTTP/1.1" 200 22
180.152.241.32 - - [27/Jan/2024:10:59:01 +0800] "GET /xingrg/all/function/internal_message.html?_=1706324341721&CODE_STATE=getMsg HTTP/1.1" 200 27
114.95.241.104 - - [27/Jan/2024:10:59:01 +0800] "POST /xingrg/dwr/call/plaincall/AjaxQqpsService.getMaterielByCode.dwr HTTP/1.1" 200 3911
116.230.109.177 - - [27/Jan/2024:10:59:03 +0800] "GET /xingrg/javascript/auto/indicator.gif HTTP/1.1" 404 1066
116.230.109.177 - - [27/Jan/2024:10:59:04 +0800] "GET /xingrg/javascript/jquery_tools/images/prev.gif HTTP/1.1" 404 1086
116.230.109.177 - - [27/Jan/2024:10:59:04 +0800] "GET /xingrg/javascript/jquery_tools/images/next.gif HTTP/1.1" 404 1086
116.230.123.222 - - [27/Jan/2024:10:59:04 +0800] "GET /xingrg/kc/print/load_data.html?order_code=212024012711303&kc_code=cgsh&condition= HTTP/1.1" 200 2087
58.39.105.37 - - [27/Jan/2024:10:59:05 +0800] "GET /xingrg/all/function/internal_message.html?_=1706324346087&CODE_STATE=getMsg HTTP/1.1" 200 27
114.95.241.104 - - [27/Jan/2024:10:59:06 +0800] "POST /xingrg/dwr/call/plaincall/AjaxQqpsService.saveMaterielItem.dwr HTTP/1.1" 200 78
114.95.241.104 - - [27/Jan/2024:10:59:09 +0800] "POST /xingrg/dwr/call/plaincall/AjaxQqpsService.getMaterielByCode.dwr HTTP/1.1" 200 3924
222.70.115.1 - - [27/Jan/2024:10:59:09 +0800] "GET /xingrg/kc/buy/cgsh_order_operate.html?command=get_materiel&rest_code=00156&code=00101006068&supplier_code=00100012&order_time=2024-01-27 HTTP/1.1" 200 409
116.230.109.177 - - [27/Jan/2024:10:59:11 +0800] "GET /xingrg/all/function/internal_message.html?_=1706324292872&CODE_STATE=getMsg HTTP/1.1" 200 27
116.230.109.177 - - [27/Jan/2024:10:59:11 +0800] "GET /xingrg/check_reg.html?_=1706324292878 HTTP/1.1" 200 22
114.95.241.104 - - [27/Jan/2024:10:59:13 +0800] "GET /xingrg/all/function/internal_message.html?_=1706324352382&CODE_STATE=getMsg HTTP/1.1" 200 27
124.78.154.219 - - [27/Jan/2024:10:59:13 +0800] "GET /xingrg/kc/buy/cgsh_order_operate.html?command=get_materiel&rest_code=00106&code=00101008224&supplier_code=00100007&order_time=2024-01-27 HTTP/1.1" 200 416
101.83.145.37 - - [27/Jan/2024:10:59:14 +0800] "POST /xingrg/services/DataTransmitService HTTP/1.1" 200 524
101.83.145.37 - - [27/Jan/2024:10:59:14 +0800] "POST /xingrg/services/DataTransmitService HTTP/1.1" 200 501
180.157.175.56 - - [27/Jan/2024:10:59:15 +0800] "POST /xingrg/supplier/cgsh_list_operate.html HTTP/1.1" 200 6377
116.235.244.89 - - [27/Jan/2024:10:59:22 +0800] "GET /xingrg/all/function/internal_message.html?_=1706324384917&CODE_STATE=getMsg HTTP/1.1" 200 27
222.70.115.1 - - [27/Jan/2024:10:59:25 +0800] "GET /xingrg/kc/buy/cgsh_order_operate.html?command=get_materiel&rest_code=00156&code=00101007033&supplier_code=00100012&order_time=2024-01-27 HTTP/1.1" 200 419
124.78.68.102 - - [27/Jan/2024:10:59:27 +0800] "GET /xingrg/all/function/internal_message.html?_=1706324367252&CODE_STATE=getMsg HTTP/1.1" 200 27
124.78.68.102 - - [27/Jan/2024:10:59:28 +0800] "GET /xingrg/check_reg.html?_=1706324368521 HTTP/1.1" 200 22
116.230.123.222 - - [27/Jan/2024:10:59:28 +0800] "GET /xingrg/kc/buy/cgsh_order_add.html HTTP/1.1" 200 73078
114.95.241.104 - - [27/Jan/2024:10:59:28 +0800] "POST /xingrg/dwr/call/plaincall/AjaxQqpsService.saveMaterielItem.dwr HTTP/1.1" 200 78
116.230.123.222 - - [27/Jan/2024:10:59:29 +0800] "POST /xingrg/kc/buy/cgsh_order_operate.html HTTP/1.1" 200 8245
116.230.123.222 - - [27/Jan/2024:10:59:29 +0800] "GET /xingrg/javascript/easyui/themes/default/validatebox.css HTTP/1.1" 404 1104
124.79.240.117 - - [27/Jan/2024:10:59:30 +0800] "GET /xingrg/check_reg.html?_=1706324712959 HTTP/1.1" 200 22
124.79.240.117 - - [27/Jan/2024:10:59:30 +0800] "GET /xingrg/all/function/internal_message.html?_=1706324712960&CODE_STATE=getMsg HTTP/1.1" 200 27
114.95.241.104 - - [27/Jan/2024:10:59:31 +0800] "POST /xingrg/dwr/call/plaincall/AjaxQqpsService.getMaterielByCode.dwr HTTP/1.1" 200 3914
116.230.123.222 - - [27/Jan/2024:10:59:32 +0800] "GET /xingrg/all/function/internal_message.html?_=1706324372147&CODE_STATE=getMsg HTTP/1.1" 200 27
180.157.175.56 - - [27/Jan/2024:10:59:32 +0800] "POST /xingrg/supplier/cgsh_list_operate.html HTTP/1.1" 200 6215
120.253.135.82 - - [27/Jan/2024:10:59:35 +0800] "GET /xingrg/all/function/internal_message.html?_=1706324199690&CODE_STATE=getMsg HTTP/1.1" 200 27
116.230.109.177 - - [27/Jan/2024:10:59:35 +0800] "GET /xingrg/all/function/internal_message.html?_=1706324316694&CODE_STATE=getMsg HTTP/1.1" 200 27
114.95.241.104 - - [27/Jan/2024:10:59:36 +0800] "POST /xingrg/dwr/call/plaincall/AjaxQqpsService.saveMaterielItem.dwr HTTP/1.1" 200 79
180.152.241.32 - - [27/Jan/2024:10:59:36 +0800] "GET /xingrg/kc/buy/cgsh_order_operate.html?command=get_materiel&rest_code=00102&code=00101006074&supplier_code=00100096&order_time=2024-01-27 HTTP/1.1" 200 420
222.70.115.1 - - [27/Jan/2024:10:59:36 +0800] "GET /xingrg/kc/buy/cgsh_order_operate.html?command=get_materiel&rest_code=00156&code=00101007231&supplier_code=00100012&order_time=2024-01-27 HTTP/1.1" 200 408
180.164.1.25 - - [27/Jan/2024:10:59:38 +0800] "POST /xingrg/kc/buy/cgsh_order_operate.html HTTP/1.1" 200 2065
116.230.109.177 - - [27/Jan/2024:10:59:40 +0800] "GET /xingrg/kc/buy/cgsh_order_operate.html?command=get_materiel&rest_code=00155&code=00101028050&supplier_code=00100017&order_time=2024-01-27 HTTP/1.1" 200 432
101.83.240.5 - - [27/Jan/2024:10:59:40 +0800] "POST /xingrg/kc/buy/cgsh_list_operate.html HTTP/1.1" 200 6134
114.95.241.104 - - [27/Jan/2024:10:59:42 +0800] "POST /xingrg/dwr/call/plaincall/AjaxQqpsService.getMaterielByCode.dwr HTTP/1.1" 200 3923
222.70.115.1 - - [27/Jan/2024:10:59:43 +0800] "GET /xingrg/all/function/internal_message.html?_=1706324385842&CODE_STATE=getMsg HTTP/1.1" 200 27
180.164.1.25 - - [27/Jan/2024:10:59:44 +0800] "GET /xingrg/kc/buy/cgsh_order_operate.html?command=get_materiel&rest_code=00108&code=00101009016&supplier_code=00100007&order_time=2024-01-27 HTTP/1.1" 200 420
114.95.241.104 - - [27/Jan/2024:10:59:45 +0800] "POST /xingrg/dwr/call/plaincall/AjaxQqpsService.saveMaterielItem.dwr HTTP/1.1" 200 79
172.20.0.100 - - [27/Jan/2024:10:59:45 +0800] "GET /xingrg/all/function/internal_message.html?_=1706324396770&CODE_STATE=getMsg HTTP/1.1" 302 -
101.83.240.5 - - [27/Jan/2024:10:59:45 +0800] "GET /xingrg/check_reg.html?_=1706324383259 HTTP/1.1" 200 22
101.83.240.5 - - [27/Jan/2024:10:59:45 +0800] "GET /xingrg/all/function/internal_message.html?_=1706324383264&CODE_STATE=getMsg HTTP/1.1" 200 27
116.235.244.89 - - [27/Jan/2024:10:59:47 +0800] "GET /xingrg/kc/print/load_data.html?order_code=212024012711302&kc_code=cgsh&condition= HTTP/1.1" 200 2034
180.152.241.32 - - [27/Jan/2024:10:59:47 +0800] "GET /xingrg/kc/buy/cgsh_order_operate.html?command=get_materiel&rest_code=00102&code=00101006087&supplier_code=00100096&order_time=2024-01-27 HTTP/1.1" 200 411
124.78.154.219 - - [27/Jan/2024:10:59:47 +0800] "GET /xingrg/all/function/internal_message.html?_=1706324386284&CODE_STATE=getMsg HTTP/1.1" 200 27
222.70.115.1 - - [27/Jan/2024:10:59:48 +0800] "GET /xingrg/kc/buy/cgsh_order_operate.html?command=get_materiel&rest_code=00156&code=00101007082&supplier_code=00100012&order_time=2024-01-27 HTTP/1.1" 200 427
114.95.241.104 - - [27/Jan/2024:10:59:49 +0800] "POST /xingrg/dwr/call/plaincall/AjaxQqpsService.checkOrder.dwr HTTP/1.1" 200 79
114.95.241.104 - - [27/Jan/2024:10:59:51 +0800] "GET /xingrg/kc/mdqp/qqps_order_info.html?code=302024012700608 HTTP/1.1" 200 26657
114.95.241.104 - - [27/Jan/2024:10:59:51 +0800] "GET /xingrg/dwr/interface/AjaxComOrderService.js HTTP/1.1" 200 18264
114.95.241.104 - - [27/Jan/2024:10:59:51 +0800] "GET /xingrg/dwr/interface/AjaxQqpsService.js HTTP/1.1" 200 16326
114.95.241.104 - - [27/Jan/2024:10:59:51 +0800] "GET /xingrg/dwr/engine.js HTTP/1.1" 200 43631
116.230.123.222 - - [27/Jan/2024:10:59:52 +0800] "GET /xingrg/kc/buy/cgsh_order_operate.html?command=get_materiel&rest_code=00111&code=00101003025&supplier_code=00100042&order_time=2024-01-27 HTTP/1.1" 200 409
114.95.241.104 - - [27/Jan/2024:10:59:52 +0800] "POST /xingrg/dwr/call/plaincall/AjaxQqpsService.loadMaterielItems.dwr HTTP/1.1" 200 1874
120.253.135.82 - - [27/Jan/2024:10:59:54 +0800] "GET /xingrg/all/function/internal_message.html?_=1706324557565&CODE_STATE=getMsg HTTP/1.1" 302 -
120.253.135.82 - - [27/Jan/2024:10:59:54 +0800] "GET /xingrg/login.html HTTP/1.1" 200 7641
101.83.145.37 - - [27/Jan/2024:10:59:54 +0800] "GET /xingrg/all/function/internal_message.html?_=1706324160143&CODE_STATE=getMsg HTTP/1.1" 200 27
180.164.1.25 - - [27/Jan/2024:10:59:54 +0800] "GET /xingrg/all/function/internal_message.html?_=1706324393445&CODE_STATE=getMsg HTTP/1.1" 200 27
124.78.154.219 - - [27/Jan/2024:10:59:55 +0800] "GET /xingrg/kc/buy/cgsh_order_operate.html?command=get_materiel&rest_code=00106&code=00101008223&supplier_code=00100007&order_time=2024-01-27 HTTP/1.1" 200 412
222.70.115.1 - - [27/Jan/2024:10:59:57 +0800] "GET /xingrg/kc/buy/cgsh_order_operate.html?command=get_materiel&rest_code=00156&code=00101016025&supplier_code=00100012&order_time=2024-01-27 HTTP/1.1" 200 408
116.230.109.177 - - [27/Jan/2024:10:59:59 +0800] "GET /xingrg/all/function/internal_message.html?_=1706324340432&CODE_STATE=getMsg HTTP/1.1" 200 27
101.83.145.37 - - [27/Jan/2024:11:00:00 +0800] "GET /xingrg/all/function/internal_message.html?_=1706324400124&CODE_STATE=getMsg HTTP/1.1" 200 27
101.83.240.5 - - [27/Jan/2024:11:00:00 +0800] "POST /xingrg/kc/buy/cgsh_list_operate.html HTTP/1.1" 200 6134
180.152.241.32 - - [27/Jan/2024:11:00:01 +0800] "GET /xingrg/all/function/internal_message.html?_=1706324401715&CODE_STATE=getMsg HTTP/1.1" 200 27
124.78.154.219 - - [27/Jan/2024:11:00:01 +0800] "POST /xingrg/kc/buy/cgsh_order_operate.html HTTP/1.1" 200 2065
180.152.241.32 - - [27/Jan/2024:11:00:02 +0800] "GET /xingrg/kc/buy/cgsh_order_operate.html?command=get_materiel&rest_code=00102&code=00101007022&supplier_code=00100096&order_time=2024-01-27 HTTP/1.1" 200 413
180.164.1.25 - - [27/Jan/2024:11:00:05 +0800] "GET /xingrg/kc/buy/cgsh_order_operate.html?command=get_materiel&rest_code=00108&code=00101009045&supplier_code=00100007&order_time=2024-01-27 HTTP/1.1" 200 413
58.39.105.37 - - [27/Jan/2024:11:00:05 +0800] "GET /xingrg/all/function/internal_message.html?_=1706324406081&CODE_STATE=getMsg HTTP/1.1" 200 27
114.95.241.104 - - [27/Jan/2024:11:00:06 +0800] "GET /xingrg/images/yd/bt2.gif HTTP/1.1" 404 1042
114.95.241.104 - - [27/Jan/2024:11:00:06 +0800] "GET /xingrg/images/yd/bt.gif HTTP/1.1" 404 1040
222.70.115.1 - - [27/Jan/2024:11:00:07 +0800] "GET /xingrg/kc/buy/cgsh_order_operate.html?command=get_materiel&rest_code=00156&code=00101007109&supplier_code=00100012&order_time=2024-01-27 HTTP/1.1" 200 408
116.230.109.177 - - [27/Jan/2024:11:00:11 +0800] "GET /xingrg/all/function/internal_message.html?_=1706324352880&CODE_STATE=getMsg HTTP/1.1" 200 27
114.95.241.104 - - [27/Jan/2024:11:00:13 +0800] "GET /xingrg/all/function/internal_message.html?_=1706324412391&CODE_STATE=getMsg HTTP/1.1" 200 27
101.83.240.5 - - [27/Jan/2024:11:00:15 +0800] "POST /xingrg/kc/buy/cgsh_list_operate.html HTTP/1.1" 200 611
180.164.1.25 - - [27/Jan/2024:11:00:21 +0800] "POST /xingrg/kc/buy/cgsh_order_operate.html HTTP/1.1" 200 37
116.235.244.89 - - [27/Jan/2024:11:00:22 +0800] "GET /xingrg/all/function/internal_message.html?_=1706324444932&CODE_STATE=getMsg HTTP/1.1" 200 27
180.152.241.32 - - [27/Jan/2024:11:00:23 +0800] "GET /xingrg/kc/buy/cgsh_order_operate.html?command=get_materiel&rest_code=00102&code=00101007001&supplier_code=00100096&order_time=2024-01-27 HTTP/1.1" 200 23
101.83.240.5 - - [27/Jan/2024:11:00:24 +0800] "GET /xingrg/kc/buy/cgsh_order_info.html?code=212024012611249 HTTP/1.1" 200 73221
101.83.240.5 - - [27/Jan/2024:11:00:24 +0800] "GET /xingrg/javascript/easyui/themes/default/validatebox.css HTTP/1.1" 404 1104
124.78.68.102 - - [27/Jan/2024:11:00:27 +0800] "GET /xingrg/all/function/internal_message.html?_=1706324427235&CODE_STATE=getMsg HTTP/1.1" 200 27
222.70.115.1 - - [27/Jan/2024:11:00:28 +0800] "POST /xingrg/kc/buy/cgsh_order_operate.html HTTP/1.1" 200 37
101.83.240.5 - - [27/Jan/2024:11:00:28 +0800] "POST /xingrg/kc/buy/cgsh_order_operate.html HTTP/1.1" 200 5704
180.164.1.25 - - [27/Jan/2024:11:00:28 +0800] "POST /xingrg/kc/buy/cgsh_order_operate.html HTTP/1.1" 200 36392
124.79.240.117 - - [27/Jan/2024:11:00:30 +0800] "GET /xingrg/all/function/internal_message.html?_=1706324772969&CODE_STATE=getMsg HTTP/1.1" 200 27
124.78.154.219 - - [27/Jan/2024:11:00:30 +0800] "GET /xingrg/kc/buy/cgsh_order_operate.html?command=get_materiel&rest_code=00106&code=00101008095&supplier_code=00100007&order_time=2024-01-27 HTTP/1.1" 200 412
222.70.115.1 - - [27/Jan/2024:11:00:31 +0800] "POST /xingrg/kc/buy/cgsh_order_operate.html HTTP/1.1" 200 9193
101.83.240.5 - - [27/Jan/2024:11:00:31 +0800] "GET /xingrg/kc/print/load_data.html?order_code=212024012611249&kc_code=cgsh&condition= HTTP/1.1" 200 1892
116.230.109.177 - - [27/Jan/2024:11:00:31 +0800] "GET /xingrg/kc/buy/cgsh_order_operate.html?command=get_materiel&rest_code=00155&code=00101027001&supplier_code=00100017&order_time=2024-01-27 HTTP/1.1" 200 449
116.235.244.89 - - [27/Jan/2024:11:00:32 +0800] "GET /xingrg/kc/buy/cgsh_order_add.html HTTP/1.1" 200 73122
116.230.123.222 - - [27/Jan/2024:11:00:32 +0800] "GET /xingrg/all/function/internal_message.html?_=1706324432128&CODE_STATE=getMsg HTTP/1.1" 200 27
222.70.115.1 - - [27/Jan/2024:11:00:32 +0800] "GET /xingrg/kc/print/load_config.html?kc_code=cgsh HTTP/1.1" 200 1927
116.235.244.89 - - [27/Jan/2024:11:00:33 +0800] "POST /xingrg/kc/buy/cgsh_order_operate.html HTTP/1.1" 200 8245
116.235.244.89 - - [27/Jan/2024:11:00:33 +0800] "GET /xingrg/javascript/easyui/themes/default/validatebox.css HTTP/1.1" 404 1104
222.70.115.1 - - [27/Jan/2024:11:00:33 +0800] "GET /xingrg/kc/print/load_data.html?order_code=212024012711304&kc_code=cgsh&condition= HTTP/1.1" 200 3237
180.164.1.25 - - [27/Jan/2024:11:00:33 +0800] "GET /xingrg/kc/print/load_config.html?kc_code=cgsh HTTP/1.1" 200 1927
120.253.135.82 - - [27/Jan/2024:11:00:35 +0800] "GET /xingrg/all/function/internal_message.html?_=1706324259690&CODE_STATE=getMsg HTTP/1.1" 200 27
116.230.109.177 - - [27/Jan/2024:11:00:35 +0800] "GET /xingrg/all/function/internal_message.html?_=1706324376694&CODE_STATE=getMsg HTTP/1.1" 200 27
180.152.241.32 - - [27/Jan/2024:11:00:39 +0800] "POST /xingrg/kc/buy/cgsh_order_operate.html HTTP/1.1" 200 37
180.164.1.25 - - [27/Jan/2024:11:00:39 +0800] "GET /xingrg/kc/print/load_data.html?order_code=212024012711298&kc_code=cgsh&condition= HTTP/1.1" 200 13484
222.70.115.1 - - [27/Jan/2024:11:00:39 +0800] "GET /xingrg/kc/buy/cgsh_order_add.html HTTP/1.1" 200 73201
222.70.115.1 - - [27/Jan/2024:11:00:40 +0800] "POST /xingrg/kc/buy/cgsh_order_operate.html HTTP/1.1" 200 8245
222.70.115.1 - - [27/Jan/2024:11:00:40 +0800] "GET /xingrg/javascript/easyui/themes/default/validatebox.css HTTP/1.1" 404 1104
222.70.115.1 - - [27/Jan/2024:11:00:40 +0800] "GET /xingrg/all/common/auto_word.html?type=employee&rest_code=00156 HTTP/1.1" 200 47
222.70.115.1 - - [27/Jan/2024:11:00:40 +0800] "GET /xingrg/all/common/auto_word.html?type=employee&rest_code=00156 HTTP/1.1" 200 47
180.152.241.32 - - [27/Jan/2024:11:00:41 +0800] "POST /xingrg/kc/buy/cgsh_order_operate.html HTTP/1.1" 200 8000
116.230.123.222 - - [27/Jan/2024:11:00:41 +0800] "GET /xingrg/kc/buy/cgsh_order_operate.html?command=get_materiel&rest_code=00111&code=00101006067&supplier_code=00100042&order_time=2024-01-27 HTTP/1.1" 200 409
222.70.115.1 - - [27/Jan/2024:11:00:42 +0800] "GET /xingrg/javascript/jquery_tools/images/next.gif HTTP/1.1" 404 1086
222.70.115.1 - - [27/Jan/2024:11:00:42 +0800] "GET /xingrg/javascript/jquery_tools/images/prev.gif HTTP/1.1" 404 1086
222.70.115.1 - - [27/Jan/2024:11:00:43 +0800] "GET /xingrg/all/function/internal_message.html?_=1706324445839&CODE_STATE=getMsg HTTP/1.1" 200 27
172.20.0.100 - - [27/Jan/2024:11:00:45 +0800] "GET /xingrg/all/function/internal_message.html?_=1706324456785&CODE_STATE=getMsg HTTP/1.1" 302 -
101.83.240.5 - - [27/Jan/2024:11:00:45 +0800] "GET /xingrg/all/function/internal_message.html?_=1706324443239&CODE_STATE=getMsg HTTP/1.1" 200 27
180.163.30.27 - - [27/Jan/2024:11:00:47 +0800] "GET /xingrg/all/function/internal_message.html?_=1706324386284&CODE_STATE=getMsg HTTP/1.1" 302 -
124.78.154.219 - - [27/Jan/2024:11:00:47 +0800] "GET /xingrg/all/function/internal_message.html?_=1706324446269&CODE_STATE=getMsg HTTP/1.1" 200 27
180.163.30.27 - - [27/Jan/2024:11:00:47 +0800] "GET /xingrg/login.html HTTP/1.1" 200 7641
222.70.115.1 - - [27/Jan/2024:11:00:48 +0800] "GET /xingrg/kc/buy/cgsh_order_operate.html?command=get_materiel&rest_code=00156&code=00101008354&supplier_code=00100651&order_time=2024-01-27 HTTP/1.1" 200 412
116.230.109.177 - - [27/Jan/2024:11:00:50 +0800] "GET /xingrg/kc/buy/cgsh_order_operate.html?command=get_materiel&rest_code=00155&code=00101029033&supplier_code=00100017&order_time=2024-01-27 HTTP/1.1" 200 454
180.163.28.109 - - [27/Jan/2024:11:00:51 +0800] "GET /xingrg/kc/buy/cgsh_order_operate.html?command=get_materiel&rest_code=00106&code=00101008223&supplier_code=00100007&order_time=2024-01-27 HTTP/1.1" 302 -
180.163.28.109 - - [27/Jan/2024:11:00:51 +0800] "GET /xingrg/login.html HTTP/1.1" 200 7641
116.230.123.222 - - [27/Jan/2024:11:00:52 +0800] "GET /xingrg/kc/buy/cgsh_order_operate.html?command=get_materiel&rest_code=00111&code=00101018007&supplier_code=00100042&order_time=2024-01-27 HTTP/1.1" 200 409
180.152.241.32 - - [27/Jan/2024:11:00:52 +0800] "GET /xingrg/login.html HTTP/1.1" 200 7641
180.152.241.32 - - [27/Jan/2024:11:00:52 +0800] "GET /favicon.ico HTTP/1.1" 404 -
120.253.135.82 - - [27/Jan/2024:11:00:54 +0800] "GET /xingrg/all/function/internal_message.html?_=1706324617570&CODE_STATE=getMsg HTTP/1.1" 302 -
120.253.135.82 - - [27/Jan/2024:11:00:54 +0800] "GET /xingrg/check_reg.html?_=1706324617574 HTTP/1.1" 302 -
120.253.135.82 - - [27/Jan/2024:11:00:54 +0800] "GET /xingrg/login.html HTTP/1.1" 200 7641
120.253.135.82 - - [27/Jan/2024:11:00:54 +0800] "GET /xingrg/login.html HTTP/1.1" 200 7641
101.83.145.37 - - [27/Jan/2024:11:00:54 +0800] "GET /xingrg/all/function/internal_message.html?_=1706324220131&CODE_STATE=getMsg HTTP/1.1" 200 27
180.164.1.25 - - [27/Jan/2024:11:00:54 +0800] "GET /xingrg/all/function/internal_message.html?_=1706324453464&CODE_STATE=getMsg HTTP/1.1" 200 27
116.235.244.89 - - [27/Jan/2024:11:00:54 +0800] "GET /xingrg/check_reg.html?_=1706324477004 HTTP/1.1" 200 22
180.152.241.32 - - [27/Jan/2024:11:00:55 +0800] "POST /xingrg/login.do HTTP/1.1" 302 -
180.152.241.32 - - [27/Jan/2024:11:00:55 +0800] "GET /xingrg/index.html?sysBaseUrl=http%3A%2F%2F180.169.147.146%3A18081%2Fxingrg%2F&costTime=811×tamp=1706324455131 HTTP/1.1" 200 17173
180.152.241.32 - - [27/Jan/2024:11:00:55 +0800] "GET /favicon.ico HTTP/1.1" 404 -
180.152.241.32 - - [27/Jan/2024:11:00:55 +0800] "GET /xingrg/check_reg.html?_=1706324456080 HTTP/1.1" 200 22
180.152.241.32 - - [27/Jan/2024:11:00:55 +0800] "GET /xingrg/all/function/internal_message.html?_=1706324456079&CODE_STATE=count HTTP/1.1" 200 11
180.152.241.32 - - [27/Jan/2024:11:00:55 +0800] "POST /xingrg/all/common/load_tree.html?tree=area_rest_tree_json&manage=1 HTTP/1.1" 200 342
180.152.241.32 - - [27/Jan/2024:11:00:55 +0800] "POST /xingrg/load_menu.html HTTP/1.1" 200 5138
180.152.241.32 - - [27/Jan/2024:11:00:58 +0800] "GET /xingrg/kc/buy/cgsh_order_list.html HTTP/1.1" 200 57340
222.70.115.1 - - [27/Jan/2024:11:00:59 +0800] "GET /xingrg/kc/buy/cgsh_order_operate.html?command=get_materiel&rest_code=00156&code=00101008088&supplier_code=00100651&order_time=2024-01-27 HTTP/1.1" 200 408
116.230.109.177 - - [27/Jan/2024:11:00:59 +0800] "GET /xingrg/all/function/internal_message.html?_=1706324400409&CODE_STATE=getMsg HTTP/1.1" 200 27
101.83.145.37 - - [27/Jan/2024:11:01:00 +0800] "GET /xingrg/all/function/internal_message.html?_=1706324460102&CODE_STATE=getMsg HTTP/1.1" 200 27
180.152.241.32 - - [27/Jan/2024:11:01:03 +0800] "POST /xingrg/kc/buy/cgsh_list_operate.html HTTP/1.1" 200 1836
58.39.105.37 - - [27/Jan/2024:11:01:05 +0800] "GET /xingrg/all/function/internal_message.html?_=1706324466070&CODE_STATE=getMsg HTTP/1.1" 200 27
180.152.241.32 - - [27/Jan/2024:11:01:05 +0800] "POST /xingrg/kc/buy/cgsh_list_operate.html HTTP/1.1" 200 565
116.230.123.222 - - [27/Jan/2024:11:01:06 +0800] "GET /xingrg/kc/buy/cgsh_order_operate.html?command=get_materiel&rest_code=00111&code=00101018019&supplier_code=00100042&order_time=2024-01-27 HTTP/1.1" 200 421
180.152.241.32 - - [27/Jan/2024:11:01:06 +0800] "GET /xingrg/kc/buy/cgsh_order_info.html?code=212024012711305 HTTP/1.1" 200 73156
180.152.241.32 - - [27/Jan/2024:11:01:07 +0800] "GET /xingrg/javascript/easyui/themes/default/validatebox.css HTTP/1.1" 404 1104
180.152.241.32 - - [27/Jan/2024:11:01:07 +0800] "GET /xingrg/all/common/auto_word.html?type=employee&rest_code=00102 HTTP/1.1" 200 189
180.152.241.32 - - [27/Jan/2024:11:01:07 +0800] "GET /xingrg/all/common/auto_word.html?type=employee&rest_code=00102 HTTP/1.1" 200 189
222.70.115.1 - - [27/Jan/2024:11:01:07 +0800] "GET /xingrg/kc/buy/cgsh_order_operate.html?command=get_materiel&rest_code=00156&code=00101008224&supplier_code=00100651&order_time=2024-01-27 HTTP/1.1" 200 416
180.152.241.32 - - [27/Jan/2024:11:01:08 +0800] "POST /xingrg/kc/buy/cgsh_order_operate.html HTTP/1.1" 200 8000
180.152.241.32 - - [27/Jan/2024:11:01:09 +0800] "GET /xingrg/javascript/auto/indicator.gif HTTP/1.1" 404 1066
116.230.109.177 - - [27/Jan/2024:11:01:11 +0800] "GET /xingrg/all/function/internal_message.html?_=1706324412871&CODE_STATE=getMsg HTTP/1.1" 200 27
116.230.109.177 - - [27/Jan/2024:11:01:12 +0800] "GET /xingrg/kc/buy/cgsh_order_operate.html?command=get_materiel&rest_code=00155&code=00101026016&supplier_code=00100017&order_time=2024-01-27 HTTP/1.1" 200 442
114.95.241.104 - - [27/Jan/2024:11:01:13 +0800] "GET /xingrg/all/function/internal_message.html?_=1706324472385&CODE_STATE=getMsg HTTP/1.1" 200 27
222.70.115.1 - - [27/Jan/2024:11:01:14 +0800] "GET /xingrg/kc/buy/cgsh_order_operate.html?command=get_materiel&rest_code=00156&code=00101008108&supplier_code=00100651&order_time=2024-01-27 HTTP/1.1" 200 412
180.152.241.32 - - [27/Jan/2024:11:01:15 +0800] "GET /xingrg/kc/buy/cgsh_order_operate.html?command=get_materiel&rest_code=00102&code=00101007001&supplier_code=00100096&order_time=2024-01-27 HTTP/1.1" 200 411
180.164.1.25 - - [27/Jan/2024:11:01:15 +0800] "GET /xingrg/kc/buy/cgsh_order_add.html HTTP/1.1" 200 73214
180.164.1.25 - - [27/Jan/2024:11:01:15 +0800] "POST /xingrg/kc/buy/cgsh_order_operate.html HTTP/1.1" 200 8245
101.83.145.37 - - [27/Jan/2024:11:01:15 +0800] "GET /xingrg/kc/buy/cgsh_order_operate.html?command=get_materiel&rest_code=00105&code=00101008125&supplier_code=00100005&order_time=2024-01-27 HTTP/1.1" 200 413
180.164.1.25 - - [27/Jan/2024:11:01:15 +0800] "GET /xingrg/javascript/easyui/themes/default/validatebox.css HTTP/1.1" 404 1104
116.230.123.222 - - [27/Jan/2024:11:01:17 +0800] "GET /xingrg/kc/buy/cgsh_order_operate.html?command=get_materiel&rest_code=00111&code=00101001299&supplier_code=00100042&order_time=2024-01-27 HTTP/1.1" 200 413
124.78.154.219 - - [27/Jan/2024:11:01:18 +0800] "GET /xingrg/kc/buy/cgsh_order_operate.html?command=get_materiel&rest_code=00106&code=00101008109&supplier_code=00100007&order_time=2024-01-27 HTTP/1.1" 200 413
116.235.244.89 - - [27/Jan/2024:11:01:22 +0800] "GET /xingrg/all/function/internal_message.html?_=1706324504944&CODE_STATE=getMsg HTTP/1.1" 200 27
222.70.115.1 - - [27/Jan/2024:11:01:24 +0800] "GET /xingrg/kc/buy/cgsh_order_operate.html?command=get_materiel&rest_code=00156&code=00101008318&supplier_code=00100651&order_time=2024-01-27 HTTP/1.1" 200 408
124.78.68.102 - - [27/Jan/2024:11:01:27 +0800] "GET /xingrg/all/function/internal_message.html?_=1706324487211&CODE_STATE=getMsg HTTP/1.1" 200 27
222.70.115.1 - - [27/Jan/2024:11:01:28 +0800] "POST /xingrg/services/DataTransmitService HTTP/1.1" 200 524
222.70.115.1 - - [27/Jan/2024:11:01:29 +0800] "POST /xingrg/services/DataTransmitService HTTP/1.1" 200 501
124.79.240.117 - - [27/Jan/2024:11:01:30 +0800] "GET /xingrg/all/function/internal_message.html?_=1706324832958&CODE_STATE=getMsg HTTP/1.1" 200 27
116.230.123.222 - - [27/Jan/2024:11:01:32 +0800] "GET /xingrg/all/function/internal_message.html?_=1706324492118&CODE_STATE=getMsg HTTP/1.1" 200 27
120.253.135.82 - - [27/Jan/2024:11:01:34 +0800] "GET /xingrg/check_reg.html?_=1706324318729 HTTP/1.1" 200 22
180.152.241.32 - - [27/Jan/2024:11:01:34 +0800] "POST /xingrg/kc/buy/cgsh_order_operate.html HTTP/1.1" 200 37
222.70.115.1 - - [27/Jan/2024:11:01:34 +0800] "GET /xingrg/kc/buy/cgsh_order_operate.html?command=get_materiel&rest_code=00156&code=00101008213&supplier_code=00100651&order_time=2024-01-27 HTTP/1.1" 200 412
120.253.135.82 - - [27/Jan/2024:11:01:35 +0800] "GET /xingrg/all/function/internal_message.html?_=1706324319704&CODE_STATE=getMsg HTTP/1.1" 200 27
116.230.109.177 - - [27/Jan/2024:11:01:35 +0800] "GET /xingrg/all/function/internal_message.html?_=1706324436678&CODE_STATE=getMsg HTTP/1.1" 200 27
116.230.109.177 - - [27/Jan/2024:11:01:36 +0800] "GET /xingrg/kc/buy/cgsh_order_operate.html?command=get_materiel&rest_code=00155&code=00101029024&supplier_code=00100017&order_time=2024-01-27 HTTP/1.1" 200 440
180.164.1.25 - - [27/Jan/2024:11:01:37 +0800] "GET /xingrg/kc/buy/cgsh_order_operate.html?command=get_materiel&rest_code=00108&code=00101023022&supplier_code=00100036&order_time=2024-01-27 HTTP/1.1" 200 406
222.70.115.1 - - [27/Jan/2024:11:01:42 +0800] "GET /xingrg/kc/buy/cgsh_order_operate.html?command=get_materiel&rest_code=00156&code=00101008141&supplier_code=00100651&order_time=2024-01-27 HTTP/1.1" 200 412
222.70.115.1 - - [27/Jan/2024:11:01:43 +0800] "GET /xingrg/all/function/internal_message.html?_=1706324505841&CODE_STATE=getMsg HTTP/1.1" 200 27
101.83.240.5 - - [27/Jan/2024:11:01:44 +0800] "POST /xingrg/kc/buy/cgsh_list_operate.html HTTP/1.1" 200 6134
172.20.0.100 - - [27/Jan/2024:11:01:45 +0800] "GET /xingrg/all/function/internal_message.html?_=1706324516783&CODE_STATE=getMsg HTTP/1.1" 302 -
101.83.240.5 - - [27/Jan/2024:11:01:45 +0800] "GET /xingrg/all/function/internal_message.html?_=1706324503237&CODE_STATE=getMsg HTTP/1.1" 200 27
180.164.1.25 - - [27/Jan/2024:11:01:47 +0800] "GET /xingrg/kc/buy/cgsh_order_operate.html?command=get_materiel&rest_code=00108&code=00101011001&supplier_code=00100036&order_time=2024-01-27 HTTP/1.1" 200 423
124.78.154.219 - - [27/Jan/2024:11:01:47 +0800] "GET /xingrg/all/function/internal_message.html?_=1706324506382&CODE_STATE=getMsg HTTP/1.1" 200 27
116.230.109.177 - - [27/Jan/2024:11:01:52 +0800] "POST /xingrg/kc/buy/cgsh_order_operate.html HTTP/1.1" 200 37
120.253.135.82 - - [27/Jan/2024:11:01:54 +0800] "GET /xingrg/all/function/internal_message.html?_=1706324677575&CODE_STATE=getMsg HTTP/1.1" 302 -
120.253.135.82 - - [27/Jan/2024:11:01:54 +0800] "GET /xingrg/login.html HTTP/1.1" 200 7641
101.83.145.37 - - [27/Jan/2024:11:01:54 +0800] "GET /xingrg/all/function/internal_message.html?_=1706324280136&CODE_STATE=getMsg HTTP/1.1" 200 27
180.164.1.25 - - [27/Jan/2024:11:01:54 +0800] "GET /xingrg/check_reg.html?_=1706324513428 HTTP/1.1" 200 22
180.164.1.25 - - [27/Jan/2024:11:01:54 +0800] "GET /xingrg/all/function/internal_message.html?_=1706324513471&CODE_STATE=getMsg HTTP/1.1" 200 27
180.152.241.32 - - [27/Jan/2024:11:01:55 +0800] "GET /xingrg/all/function/internal_message.html?_=1706324516086&CODE_STATE=getMsg HTTP/1.1" 200 27
124.78.154.219 - - [27/Jan/2024:11:01:58 +0800] "POST /xingrg/kc/buy/cgsh_order_operate.html HTTP/1.1" 200 37
116.230.109.177 - - [27/Jan/2024:11:01:58 +0800] "POST /xingrg/kc/buy/cgsh_order_operate.html HTTP/1.1" 200 5161
116.230.109.177 - - [27/Jan/2024:11:01:59 +0800] "GET /xingrg/all/function/internal_message.html?_=1706324460391&CODE_STATE=getMsg HTTP/1.1" 200 27
222.70.115.1 - - [27/Jan/2024:11:01:59 +0800] "GET /xingrg/kc/buy/cgsh_order_operate.html?command=get_materiel&rest_code=00156&code=00101008804&supplier_code=00100651&order_time=2024-01-27 HTTP/1.1" 200 405
101.83.145.37 - - [27/Jan/2024:11:02:00 +0800] "GET /xingrg/all/function/internal_message.html?_=1706324520071&CODE_STATE=getMsg HTTP/1.1" 200 27
180.164.1.25 - - [27/Jan/2024:11:02:00 +0800] "GET /xingrg/kc/buy/cgsh_order_operate.html?command=get_materiel&rest_code=00108&code=00101012059&supplier_code=00100036&order_time=2024-01-27 HTTP/1.1" 200 413
124.78.154.219 - - [27/Jan/2024:11:02:01 +0800] "POST /xingrg/kc/buy/cgsh_order_operate.html HTTP/1.1" 200 42879
180.152.241.32 - - [27/Jan/2024:11:02:03 +0800] "POST /xingrg/kc/buy/cgsh_order_operate.html HTTP/1.1" 200 12
58.39.105.37 - - [27/Jan/2024:11:02:05 +0800] "GET /xingrg/all/function/internal_message.html?_=1706324526075&CODE_STATE=getMsg HTTP/1.1" 200 27
58.39.105.37 - - [27/Jan/2024:11:02:05 +0800] "GET /xingrg/check_reg.html?_=1706324526076 HTTP/1.1" 200 22
180.152.241.32 - - [27/Jan/2024:11:02:06 +0800] "GET /xingrg/kc/buy/cgsh_order_info.html?code=212024012711305 HTTP/1.1" 200 68054
180.152.241.32 - - [27/Jan/2024:11:02:07 +0800] "GET /xingrg/javascript/easyui/themes/default/validatebox.css HTTP/1.1" 404 1104
180.152.241.32 - - [27/Jan/2024:11:02:08 +0800] "POST /xingrg/kc/buy/cgsh_order_operate.html HTTP/1.1" 200 6535
222.70.115.1 - - [27/Jan/2024:11:02:08 +0800] "GET /xingrg/kc/buy/cgsh_order_operate.html?command=get_materiel&rest_code=00156&code=00101008223&supplier_code=00100651&order_time=2024-01-27 HTTP/1.1" 200 412
180.152.241.32 - - [27/Jan/2024:11:02:09 +0800] "GET /xingrg/kc/print/load_config.html?kc_code=cgsh HTTP/1.1" 200 1927
180.152.241.32 - - [27/Jan/2024:11:02:09 +0800] "GET /xingrg/kc/print/load_data.html?order_code=212024012711305&kc_code=cgsh&condition= HTTP/1.1" 200 2921
180.164.1.25 - - [27/Jan/2024:11:02:10 +0800] "GET /xingrg/kc/buy/cgsh_order_operate.html?command=get_materiel&rest_code=00108&code=00101012032&supplier_code=00100036&order_time=2024-01-27 HTTP/1.1" 200 416
116.230.109.177 - - [27/Jan/2024:11:02:11 +0800] "GET /xingrg/all/function/internal_message.html?_=1706324472862&CODE_STATE=getMsg HTTP/1.1" 200 27
101.83.240.5 - - [27/Jan/2024:11:02:12 +0800] "POST /xingrg/kc/buy/cgsh_list_operate.html HTTP/1.1" 200 6134
114.95.241.104 - - [27/Jan/2024:11:02:13 +0800] "GET /xingrg/all/function/internal_message.html?_=1706324532379&CODE_STATE=getMsg HTTP/1.1" 200 27
180.152.241.32 - - [27/Jan/2024:11:02:16 +0800] "GET /xingrg/kc/buy/cgsh_order_add.html HTTP/1.1" 200 73157
222.70.115.1 - - [27/Jan/2024:11:02:16 +0800] "GET /xingrg/kc/buy/cgsh_order_operate.html?command=get_materiel&rest_code=00156&code=00101008185&supplier_code=00100651&order_time=2024-01-27 HTTP/1.1" 200 409
180.152.241.32 - - [27/Jan/2024:11:02:16 +0800] "GET /xingrg/javascript/easyui/themes/default/validatebox.css HTTP/1.1" 404 1104
180.152.241.32 - - [27/Jan/2024:11:02:16 +0800] "POST /xingrg/kc/buy/cgsh_order_operate.html HTTP/1.1" 200 8245
124.78.154.219 - - [27/Jan/2024:11:02:16 +0800] "GET /xingrg/kc/buy/cgsh_order_operate.html?command=get_materiel&rest_code=00106&code=00101008558&supplier_code=00100007&order_time=2024-01-27 HTTP/1.1" 200 409
101.83.240.5 - - [27/Jan/2024:11:02:17 +0800] "POST /xingrg/kc/buy/cgsh_list_operate.html HTTP/1.1" 200 200
101.83.240.5 - - [27/Jan/2024:11:02:19 +0800] "GET /xingrg/kc/buy/cgsh_order_info.html?code=212024012611250 HTTP/1.1" 200 73225
101.83.240.5 - - [27/Jan/2024:11:02:19 +0800] "GET /xingrg/javascript/easyui/themes/default/validatebox.css HTTP/1.1" 404 1104
101.83.240.5 - - [27/Jan/2024:11:02:20 +0800] "POST /xingrg/kc/buy/cgsh_order_operate.html HTTP/1.1" 200 2662
116.230.109.177 - - [27/Jan/2024:11:02:20 +0800] "GET /xingrg/check_reg.html?_=1706324481573 HTTP/1.1" 200 22
101.83.240.5 - - [27/Jan/2024:11:02:22 +0800] "GET /xingrg/kc/print/load_data.html?order_code=212024012611250&kc_code=cgsh&condition= HTTP/1.1" 200 689
116.235.244.89 - - [27/Jan/2024:11:02:22 +0800] "GET /xingrg/all/function/internal_message.html?_=1706324564958&CODE_STATE=getMsg HTTP/1.1" 200 27
180.164.1.25 - - [27/Jan/2024:11:02:26 +0800] "POST /xingrg/kc/buy/cgsh_order_operate.html HTTP/1.1" 200 37
222.70.115.1 - - [27/Jan/2024:11:02:26 +0800] "GET /xingrg/kc/buy/cgsh_order_operate.html?command=get_materiel&rest_code=00156&code=00101008069&supplier_code=00100651&order_time=2024-01-27 HTTP/1.1" 200 412
124.78.68.102 - - [27/Jan/2024:11:02:27 +0800] "GET /xingrg/all/function/internal_message.html?_=1706324547193&CODE_STATE=getMsg HTTP/1.1" 200 27
180.164.1.25 - - [27/Jan/2024:11:02:29 +0800] "POST /xingrg/kc/buy/cgsh_order_operate.html HTTP/1.1" 200 4438
124.78.154.219 - - [27/Jan/2024:11:02:30 +0800] "GET /xingrg/kc/buy/cgsh_order_operate.html?command=get_materiel&rest_code=00106&code=00101008114&supplier_code=00100007&order_time=2024-01-27 HTTP/1.1" 200 412
124.79.240.117 - - [27/Jan/2024:11:02:30 +0800] "GET /xingrg/all/function/internal_message.html?_=1706324892958&CODE_STATE=getMsg HTTP/1.1" 200 27
180.164.1.25 - - [27/Jan/2024:11:02:30 +0800] "GET /xingrg/kc/print/load_data.html?order_code=212024012711307&kc_code=cgsh&condition= HTTP/1.1" 200 1439
101.83.145.37 - - [27/Jan/2024:11:02:31 +0800] "GET /xingrg/kc/buy/cgsh_order_operate.html?command=get_materiel&rest_code=00105&code=00101008403&supplier_code=00100005&order_time=2024-01-27 HTTP/1.1" 200 412
116.230.123.222 - - [27/Jan/2024:11:02:32 +0800] "GET /xingrg/all/function/internal_message.html?_=1706324552112&CODE_STATE=getMsg HTTP/1.1" 200 27
180.164.1.25 - - [27/Jan/2024:11:02:35 +0800] "GET /xingrg/kc/buy/cgsh_order_add.html HTTP/1.1" 200 73214
180.164.1.25 - - [27/Jan/2024:11:02:35 +0800] "POST /xingrg/kc/buy/cgsh_order_operate.html HTTP/1.1" 200 8245
180.164.1.25 - - [27/Jan/2024:11:02:35 +0800] "GET /xingrg/javascript/easyui/themes/default/validatebox.css HTTP/1.1" 404 1104
116.230.109.177 - - [27/Jan/2024:11:02:35 +0800] "GET /xingrg/all/function/internal_message.html?_=1706324496698&CODE_STATE=getMsg HTTP/1.1" 200 27
116.230.109.177 - - [27/Jan/2024:11:02:35 +0800] "GET /xingrg/check_reg.html?_=1706324496701 HTTP/1.1" 200 22
120.253.135.82 - - [27/Jan/2024:11:02:35 +0800] "GET /xingrg/all/function/internal_message.html?_=1706324379717&CODE_STATE=getMsg HTTP/1.1" 200 27
120.253.135.82 - - [27/Jan/2024:11:02:39 +0800] "POST /xingrg/kc/pszx/mdps_list_operate.html HTTP/1.1" 200 4233
124.78.154.219 - - [27/Jan/2024:11:02:42 +0800] "GET /xingrg/kc/buy/cgsh_order_operate.html?command=get_materiel&rest_code=00106&code=00101008168&supplier_code=00100007&order_time=2024-01-27 HTTP/1.1" 200 412
222.70.115.1 - - [27/Jan/2024:11:02:42 +0800] "GET /xingrg/kc/buy/cgsh_order_operate.html?command=get_materiel&rest_code=00156&code=00101008696&supplier_code=00100651&order_time=2024-01-27 HTTP/1.1" 200 412
180.164.1.25 - - [27/Jan/2024:11:02:43 +0800] "GET /xingrg/kc/buy/cgsh_order_operate.html?command=get_materiel&rest_code=00108&code=00101007072&supplier_code=00100002&order_time=2024-01-27 HTTP/1.1" 200 419
222.70.115.1 - - [27/Jan/2024:11:02:43 +0800] "GET /xingrg/all/function/internal_message.html?_=1706324565861&CODE_STATE=getMsg HTTP/1.1" 200 27
172.20.0.100 - - [27/Jan/2024:11:02:45 +0800] "GET /xingrg/all/function/internal_message.html?_=1706324576781&CODE_STATE=getMsg HTTP/1.1" 302 -
120.253.135.82 - - [27/Jan/2024:11:02:45 +0800] "GET /xingrg/kc/pszx/mdqp_order_list.html?state=10 HTTP/1.1" 200 15210
120.253.135.82 - - [27/Jan/2024:11:02:45 +0800] "GET /xingrg/dwr/engine.js HTTP/1.1" 200 43631
120.253.135.82 - - [27/Jan/2024:11:02:45 +0800] "GET /xingrg/dwr/interface/AjaxReportQueryService.js HTTP/1.1" 200 13203
120.253.135.82 - - [27/Jan/2024:11:02:45 +0800] "GET /xingrg/dwr/interface/AjaxQqpsService.js HTTP/1.1" 200 16326
101.83.240.5 - - [27/Jan/2024:11:02:45 +0800] "GET /xingrg/all/function/internal_message.html?_=1706324563240&CODE_STATE=getMsg HTTP/1.1" 200 27
101.83.145.37 - - [27/Jan/2024:11:02:46 +0800] "GET /xingrg/kc/buy/cgsh_order_operate.html?command=get_materiel&rest_code=00105&code=00101008242&supplier_code=00100005&order_time=2024-01-27 HTTP/1.1" 200 408
124.78.154.219 - - [27/Jan/2024:11:02:47 +0800] "GET /xingrg/all/function/internal_message.html?_=1706324566359&CODE_STATE=getMsg HTTP/1.1" 200 27
180.163.29.234 - - [27/Jan/2024:11:02:48 +0800] "GET /xingrg/all/function/internal_message.html?_=1706324506382&CODE_STATE=getMsg HTTP/1.1" 302 -
180.163.29.234 - - [27/Jan/2024:11:02:48 +0800] "GET /xingrg/login.html HTTP/1.1" 200 7641
222.70.115.1 - - [27/Jan/2024:11:02:48 +0800] "GET /xingrg/kc/buy/cgsh_order_operate.html?command=get_materiel&rest_code=00156&code=00101008131&supplier_code=00100651&order_time=2024-01-27 HTTP/1.1" 200 408
120.253.135.82 - - [27/Jan/2024:11:02:51 +0800] "GET /xingrg/kc/pszx/mdqp_order_info.html?code=302024012700608 HTTP/1.1" 200 13350
120.253.135.82 - - [27/Jan/2024:11:02:51 +0800] "GET /xingrg/dwr/engine.js HTTP/1.1" 200 43631
120.253.135.82 - - [27/Jan/2024:11:02:51 +0800] "GET /xingrg/dwr/interface/AjaxQqpsService.js HTTP/1.1" 200 16326
120.253.135.82 - - [27/Jan/2024:11:02:51 +0800] "GET /xingrg/dwr/interface/AjaxComOrderService.js HTTP/1.1" 200 18264
120.253.135.82 - - [27/Jan/2024:11:02:51 +0800] "POST /xingrg/dwr/call/plaincall/AjaxQqpsService.loadMaterielItems.dwr HTTP/1.1" 200 1874
180.164.1.25 - - [27/Jan/2024:11:02:52 +0800] "POST /xingrg/kc/buy/cgsh_order_operate.html HTTP/1.1" 200 37
