120.253.135.82 - - [27/Jan/2024:11:16:55 +0800] "GET /xingrg/all/function/internal_message.html?_=1706325239938&CODE_STATE=getMsg HTTP/1.1" 200 27
116.235.244.89 - - [27/Jan/2024:11:16:56 +0800] "GET /xingrg/kc/buy/cgsh_order_operate.html?command=get_materiel&rest_code=00146&code=00101007022&supplier_code=00100002&order_time=2024-01-27 HTTP/1.1" 200 413
180.152.241.32 - - [27/Jan/2024:11:16:57 +0800] "GET /xingrg/kc/base/wldb_order_operate.html?command=get_materiel&rest_code=00102&base_code=0010477&code=00102002028 HTTP/1.1" 200 468
101.83.240.5 - - [27/Jan/2024:11:16:58 +0800] "POST /xingrg/kc/buy/cgsh_list_operate.html HTTP/1.1" 200 6112
116.230.109.177 - - [27/Jan/2024:11:16:59 +0800] "GET /xingrg/all/function/internal_message.html?_=1706325360145&CODE_STATE=getMsg HTTP/1.1" 200 27
101.83.145.37 - - [27/Jan/2024:11:16:59 +0800] "GET /xingrg/all/function/internal_message.html?_=1706325419685&CODE_STATE=getMsg HTTP/1.1" 200 27
124.78.154.219 - - [27/Jan/2024:11:16:59 +0800] "GET /xingrg/kc/buy/cgsh_order_operate.html?command=get_materiel&rest_code=00106&code=00101009045&supplier_code=00100022&order_time=2024-01-27 HTTP/1.1" 200 413
58.39.105.37 - - [27/Jan/2024:11:17:05 +0800] "GET /xingrg/all/function/internal_message.html?_=1706325426065&CODE_STATE=getMsg HTTP/1.1" 200 27
58.39.105.37 - - [27/Jan/2024:11:17:05 +0800] "GET /xingrg/check_reg.html?_=1706325426066 HTTP/1.1" 200 22
116.230.109.177 - - [27/Jan/2024:11:17:11 +0800] "GET /xingrg/all/function/internal_message.html?_=1706325372865&CODE_STATE=getMsg HTTP/1.1" 200 27
116.235.244.89 - - [27/Jan/2024:11:17:14 +0800] "GET /xingrg/kc/buy/cgsh_order_operate.html?command=get_materiel&rest_code=00146&code=00101007081&supplier_code=00100002&order_time=2024-01-27 HTTP/1.1" 200 413
124.78.154.219 - - [27/Jan/2024:11:17:15 +0800] "GET /xingrg/kc/buy/cgsh_order_operate.html?command=get_materiel&rest_code=00106&code=00101009016&supplier_code=00100022&order_time=2024-01-27 HTTP/1.1" 200 421
101.83.145.37 - - [27/Jan/2024:11:17:20 +0800] "POST /xingrg/kc/buy/cgsh_order_operate.html HTTP/1.1" 200 2065
116.230.109.177 - - [27/Jan/2024:11:17:20 +0800] "GET /xingrg/check_reg.html?_=1706325381516 HTTP/1.1" 200 22
101.83.240.5 - - [27/Jan/2024:11:17:22 +0800] "POST /xingrg/kc/buy/cgsh_list_operate.html HTTP/1.1" 200 286
116.235.244.89 - - [27/Jan/2024:11:17:23 +0800] "GET /xingrg/all/function/internal_message.html?_=1706325466083&CODE_STATE=getMsg HTTP/1.1" 200 27
101.83.240.5 - - [27/Jan/2024:11:17:25 +0800] "GET /xingrg/kc/buy/cgsh_order_info.html?code=212024012611255 HTTP/1.1" 200 73229
101.83.240.5 - - [27/Jan/2024:11:17:26 +0800] "GET /xingrg/javascript/easyui/themes/default/validatebox.css HTTP/1.1" 404 1104
124.78.68.102 - - [27/Jan/2024:11:17:26 +0800] "GET /xingrg/all/function/internal_message.html?_=1706325446856&CODE_STATE=getMsg HTTP/1.1" 200 27
124.78.154.219 - - [27/Jan/2024:11:17:27 +0800] "GET /xingrg/kc/buy/cgsh_order_operate.html?command=get_materiel&rest_code=00106&code=00101009158&supplier_code=00100022&order_time=2024-01-27 HTTP/1.1" 200 415
101.83.240.5 - - [27/Jan/2024:11:17:28 +0800] "POST /xingrg/kc/buy/cgsh_order_operate.html HTTP/1.1" 200 3258
101.83.240.5 - - [27/Jan/2024:11:17:29 +0800] "GET /xingrg/kc/print/load_data.html?order_code=212024012611255&kc_code=cgsh&condition= HTTP/1.1" 200 922
180.163.29.217 - - [27/Jan/2024:11:17:30 +0800] "GET /xingrg/kc/buy/cgsh_order_operate.html?command=get_materiel&rest_code=00106&code=00101009109&supplier_code=00100022&order_time=2024-01-27 HTTP/1.1" 302 -
180.163.29.217 - - [27/Jan/2024:11:17:30 +0800] "GET /xingrg/login.html HTTP/1.1" 200 7641
124.79.240.117 - - [27/Jan/2024:11:17:30 +0800] "GET /xingrg/all/function/internal_message.html?_=1706325792986&CODE_STATE=getMsg HTTP/1.1" 200 27
116.235.244.89 - - [27/Jan/2024:11:17:31 +0800] "GET /xingrg/kc/buy/cgsh_order_operate.html?command=get_materiel&rest_code=00146&code=00101007049&supplier_code=00100002&order_time=2024-01-27 HTTP/1.1" 200 409
116.230.123.222 - - [27/Jan/2024:11:17:32 +0800] "GET /xingrg/all/function/internal_message.html?_=1706325452133&CODE_STATE=getMsg HTTP/1.1" 200 27
116.230.109.177 - - [27/Jan/2024:11:17:35 +0800] "GET /xingrg/all/function/internal_message.html?_=1706325396700&CODE_STATE=getMsg HTTP/1.1" 200 27
116.230.109.177 - - [27/Jan/2024:11:17:35 +0800] "GET /xingrg/check_reg.html?_=1706325396704 HTTP/1.1" 200 22
116.230.109.177 - - [27/Jan/2024:11:17:36 +0800] "GET /xingrg/index.html?sysBaseUrl=http%3A%2F%2F180.169.147.146%3A18081%2Fxingrg%2F&costTime=1277×tamp=1606817596806 HTTP/1.1" 200 17179
116.230.109.177 - - [27/Jan/2024:11:17:37 +0800] "GET /xingrg/check_reg.html?_=1706325398475 HTTP/1.1" 200 22
116.230.109.177 - - [27/Jan/2024:11:17:37 +0800] "GET /xingrg/all/function/internal_message.html?_=1706325398474&CODE_STATE=count HTTP/1.1" 200 11
116.230.109.177 - - [27/Jan/2024:11:17:37 +0800] "GET /favicon.ico HTTP/1.1" 404 -
116.230.109.177 - - [27/Jan/2024:11:17:37 +0800] "POST /xingrg/load_menu.html HTTP/1.1" 200 5138
116.230.109.177 - - [27/Jan/2024:11:17:37 +0800] "POST /xingrg/all/common/load_tree.html?tree=area_rest_tree_json&manage=1 HTTP/1.1" 200 351
180.164.1.25 - - [27/Jan/2024:11:17:40 +0800] "GET /xingrg/all/function/internal_message.html?_=1706325459547&CODE_STATE=getMsg HTTP/1.1" 200 27
116.230.109.177 - - [27/Jan/2024:11:17:41 +0800] "GET /xingrg/kc/buy/cgsh_order_add.html HTTP/1.1" 200 73210
124.78.154.219 - - [27/Jan/2024:11:17:41 +0800] "POST /xingrg/kc/buy/cgsh_order_operate.html HTTP/1.1" 200 37
116.230.109.177 - - [27/Jan/2024:11:17:41 +0800] "POST /xingrg/kc/buy/cgsh_order_operate.html HTTP/1.1" 200 8245
116.230.109.177 - - [27/Jan/2024:11:17:41 +0800] "GET /xingrg/javascript/easyui/themes/default/validatebox.css HTTP/1.1" 404 1104
172.20.0.100 - - [27/Jan/2024:11:17:45 +0800] "GET /xingrg/all/function/internal_message.html?_=1706325476808&CODE_STATE=getMsg HTTP/1.1" 302 -
101.83.240.5 - - [27/Jan/2024:11:17:45 +0800] "GET /xingrg/all/function/internal_message.html?_=1706325463269&CODE_STATE=getMsg HTTP/1.1" 200 27
124.78.154.219 - - [27/Jan/2024:11:17:47 +0800] "GET /xingrg/all/function/internal_message.html?_=1706325466035&CODE_STATE=getMsg HTTP/1.1" 200 27
116.235.244.89 - - [27/Jan/2024:11:17:48 +0800] "GET /xingrg/kc/buy/cgsh_order_operate.html?command=get_materiel&rest_code=00146&code=00101007032&supplier_code=00100002&order_time=2024-01-27 HTTP/1.1" 200 413
124.78.154.219 - - [27/Jan/2024:11:17:49 +0800] "POST /xingrg/kc/buy/cgsh_order_operate.html HTTP/1.1" 200 12
124.78.154.219 - - [27/Jan/2024:11:17:53 +0800] "GET /xingrg/kc/buy/cgsh_order_info.html?code=212024012711318 HTTP/1.1" 200 68031
124.78.154.219 - - [27/Jan/2024:11:17:53 +0800] "GET /xingrg/javascript/easyui/themes/default/validatebox.css HTTP/1.1" 404 1104
120.253.135.82 - - [27/Jan/2024:11:17:54 +0800] "GET /xingrg/all/function/internal_message.html?_=1706325637656&CODE_STATE=getMsg HTTP/1.1" 302 -
120.253.135.82 - - [27/Jan/2024:11:17:54 +0800] "GET /xingrg/login.html HTTP/1.1" 200 7641
101.83.145.37 - - [27/Jan/2024:11:17:54 +0800] "GET /xingrg/all/function/internal_message.html?_=1706325240172&CODE_STATE=getMsg HTTP/1.1" 200 27
180.152.241.32 - - [27/Jan/2024:11:17:55 +0800] "GET /xingrg/all/function/internal_message.html?_=1706325476079&CODE_STATE=getMsg HTTP/1.1" 200 27
120.253.135.82 - - [27/Jan/2024:11:17:55 +0800] "GET /xingrg/all/function/internal_message.html?_=1706325299951&CODE_STATE=getMsg HTTP/1.1" 200 27
124.78.154.219 - - [27/Jan/2024:11:17:55 +0800] "POST /xingrg/kc/buy/cgsh_order_operate.html HTTP/1.1" 200 2986
116.230.109.177 - - [27/Jan/2024:11:17:56 +0800] "GET /xingrg/kc/buy/cgsh_order_operate.html?command=get_materiel&rest_code=00155&code=00101019996&supplier_code=00100151&order_time=2024-01-27 HTTP/1.1" 200 411
124.78.154.219 - - [27/Jan/2024:11:17:58 +0800] "GET /xingrg/kc/print/load_data.html?order_code=212024012711318&kc_code=cgsh&condition= HTTP/1.1" 200 1659
116.230.109.177 - - [27/Jan/2024:11:17:59 +0800] "GET /xingrg/all/function/internal_message.html?_=1706325420127&CODE_STATE=getMsg HTTP/1.1" 200 27
101.83.145.37 - - [27/Jan/2024:11:17:59 +0800] "GET /xingrg/all/function/internal_message.html?_=1706325479653&CODE_STATE=getMsg HTTP/1.1" 200 27
124.78.154.219 - - [27/Jan/2024:11:18:04 +0800] "GET /xingrg/kc/print/load_data.html?order_code=212024012711318&kc_code=cgsh HTTP/1.1" 200 1659
58.39.105.37 - - [27/Jan/2024:11:18:05 +0800] "GET /xingrg/all/function/internal_message.html?_=1706325486072&CODE_STATE=getMsg HTTP/1.1" 200 27
116.230.109.177 - - [27/Jan/2024:11:18:10 +0800] "POST /xingrg/kc/buy/cgsh_order_operate.html HTTP/1.1" 200 37
116.230.109.177 - - [27/Jan/2024:11:18:11 +0800] "GET /xingrg/all/function/internal_message.html?_=1706325432880&CODE_STATE=getMsg HTTP/1.1" 200 27
116.235.244.89 - - [27/Jan/2024:11:18:21 +0800] "GET /xingrg/kc/buy/cgsh_order_operate.html?command=get_materiel&rest_code=00146&code=00101007090&supplier_code=00100002&order_time=2024-01-27 HTTP/1.1" 200 412
116.235.244.89 - - [27/Jan/2024:11:18:23 +0800] "GET /xingrg/all/function/internal_message.html?_=1706325526097&CODE_STATE=getMsg HTTP/1.1" 200 27
180.152.241.32 - - [27/Jan/2024:11:18:26 +0800] "POST /xingrg/kc/base/wldb_order_operate.html HTTP/1.1" 200 37
124.78.68.102 - - [27/Jan/2024:11:18:26 +0800] "GET /xingrg/all/function/internal_message.html?_=1706325506834&CODE_STATE=getMsg HTTP/1.1" 200 27
124.78.154.219 - - [27/Jan/2024:11:18:30 +0800] "POST /xingrg/kc/buy/cgsh_list_operate.html HTTP/1.1" 200 1870
124.79.240.117 - - [27/Jan/2024:11:18:30 +0800] "GET /xingrg/all/function/internal_message.html?_=1706325852984&CODE_STATE=getMsg HTTP/1.1" 200 27
101.83.240.5 - - [27/Jan/2024:11:18:31 +0800] "POST /xingrg/kc/buy/cgsh_list_operate.html HTTP/1.1" 200 6112
116.230.123.222 - - [27/Jan/2024:11:18:32 +0800] "GET /xingrg/check_reg.html?_=1706325512133 HTTP/1.1" 200 22
116.230.123.222 - - [27/Jan/2024:11:18:32 +0800] "GET /xingrg/all/function/internal_message.html?_=1706325512135&CODE_STATE=getMsg HTTP/1.1" 200 27
124.78.154.219 - - [27/Jan/2024:11:18:32 +0800] "POST /xingrg/kc/buy/cgsh_list_operate.html HTTP/1.1" 200 561
180.152.241.32 - - [27/Jan/2024:11:18:34 +0800] "POST /xingrg/kc/base/wldb_order_operate.html HTTP/1.1" 200 12
124.78.154.219 - - [27/Jan/2024:11:18:34 +0800] "GET /xingrg/kc/buy/cgsh_order_info.html?code=212024012711288 HTTP/1.1" 200 73131
180.152.241.32 - - [27/Jan/2024:11:18:34 +0800] "POST /xingrg/kc/base/wldb_order_operate.html HTTP/1.1" 200 3201
124.78.154.219 - - [27/Jan/2024:11:18:34 +0800] "GET /xingrg/javascript/easyui/themes/default/validatebox.css HTTP/1.1" 404 1104
124.78.154.219 - - [27/Jan/2024:11:18:36 +0800] "POST /xingrg/kc/buy/cgsh_order_operate.html HTTP/1.1" 200 46428
180.152.241.32 - - [27/Jan/2024:11:18:36 +0800] "GET /xingrg/kc/base/wldb_order_info.html?code=422024012702889 HTTP/1.1" 200 26219
180.152.241.32 - - [27/Jan/2024:11:18:36 +0800] "GET /xingrg/javascript/easyui/themes/default/validatebox.css HTTP/1.1" 404 1104
180.152.241.32 - - [27/Jan/2024:11:18:36 +0800] "POST /xingrg/kc/base/wldb_order_operate.html HTTP/1.1" 200 1475
116.230.109.177 - - [27/Jan/2024:11:18:37 +0800] "GET /xingrg/all/function/internal_message.html?_=1706325458506&CODE_STATE=getMsg HTTP/1.1" 200 27
180.152.241.32 - - [27/Jan/2024:11:18:38 +0800] "GET /xingrg/kc/base/wldb_order_add.html HTTP/1.1" 200 30340
180.152.241.32 - - [27/Jan/2024:11:18:38 +0800] "POST /xingrg/kc/base/wldb_order_operate.html HTTP/1.1" 200 6806
180.152.241.32 - - [27/Jan/2024:11:18:38 +0800] "GET /xingrg/javascript/easyui/themes/default/validatebox.css HTTP/1.1" 404 1104
180.152.241.32 - - [27/Jan/2024:11:18:39 +0800] "POST /xingrg/all/common/load_combo.html?type=base HTTP/1.1" 200 3321
180.164.1.25 - - [27/Jan/2024:11:18:40 +0800] "GET /xingrg/check_reg.html?_=1706325519537 HTTP/1.1" 200 22
180.164.1.25 - - [27/Jan/2024:11:18:40 +0800] "GET /xingrg/all/function/internal_message.html?_=1706325519542&CODE_STATE=getMsg HTTP/1.1" 200 27
180.152.241.32 - - [27/Jan/2024:11:18:41 +0800] "POST /xingrg/all/common/load_combo.html?type=base HTTP/1.1" 200 3321
116.235.244.89 - - [27/Jan/2024:11:18:41 +0800] "POST /xingrg/kc/buy/cgsh_order_operate.html HTTP/1.1" 200 37
172.20.0.100 - - [27/Jan/2024:11:18:45 +0800] "GET /xingrg/all/function/internal_message.html?_=1706325536806&CODE_STATE=getMsg HTTP/1.1" 302 -
172.20.0.100 - - [27/Jan/2024:11:18:45 +0800] "GET /xingrg/check_reg.html?_=1706325536807 HTTP/1.1" 302 -
116.235.244.89 - - [27/Jan/2024:11:18:45 +0800] "POST /xingrg/kc/buy/cgsh_order_operate.html HTTP/1.1" 200 6209
101.83.240.5 - - [27/Jan/2024:11:18:45 +0800] "GET /xingrg/all/function/internal_message.html?_=1706325523267&CODE_STATE=getMsg HTTP/1.1" 200 27
124.78.154.219 - - [27/Jan/2024:11:18:47 +0800] "GET /xingrg/all/function/internal_message.html?_=1706325526012&CODE_STATE=getMsg HTTP/1.1" 200 27
116.230.109.177 - - [27/Jan/2024:11:18:47 +0800] "GET /xingrg/check_reg.html?_=1706325468301 HTTP/1.1" 200 22
116.230.109.177 - - [27/Jan/2024:11:18:47 +0800] "POST /xingrg/kc/buy/cgsh_order_operate.html HTTP/1.1" 200 2655
124.78.154.219 - - [27/Jan/2024:11:18:47 +0800] "POST /xingrg/kc/buy/cgsh_order_operate.html HTTP/1.1" 200 37
116.230.109.177 - - [27/Jan/2024:11:18:50 +0800] "GET /xingrg/kc/print/load_data.html?order_code=212024012711319&kc_code=cgsh&condition= HTTP/1.1" 200 656
116.235.244.89 - - [27/Jan/2024:11:18:50 +0800] "GET /xingrg/kc/print/load_data.html?order_code=212024012711320&kc_code=cgsh&condition= HTTP/1.1" 200 2106
180.152.241.32 - - [27/Jan/2024:11:18:52 +0800] "GET /xingrg/kc/base/wldb_order_operate.html?command=get_materiel&rest_code=00102&base_code=0010476&code=00101019079 HTTP/1.1" 200 479
120.253.135.82 - - [27/Jan/2024:11:18:54 +0800] "GET /xingrg/all/function/internal_message.html?_=1706325697661&CODE_STATE=getMsg HTTP/1.1" 302 -
120.253.135.82 - - [27/Jan/2024:11:18:54 +0800] "GET /xingrg/login.html HTTP/1.1" 200 7641
101.83.145.37 - - [27/Jan/2024:11:18:54 +0800] "GET /xingrg/check_reg.html?_=1706325300160 HTTP/1.1" 200 22
101.83.145.37 - - [27/Jan/2024:11:18:54 +0800] "GET /xingrg/all/function/internal_message.html?_=1706325300163&CODE_STATE=getMsg HTTP/1.1" 200 27
180.152.241.32 - - [27/Jan/2024:11:18:55 +0800] "GET /xingrg/all/function/internal_message.html?_=1706325536047&CODE_STATE=getMsg HTTP/1.1" 200 27
120.253.135.82 - - [27/Jan/2024:11:18:55 +0800] "GET /xingrg/all/function/internal_message.html?_=1706325359965&CODE_STATE=getMsg HTTP/1.1" 200 27
116.235.244.89 - - [27/Jan/2024:11:18:57 +0800] "GET /xingrg/kc/buy/cgsh_order_add.html HTTP/1.1" 200 73122
124.79.240.117 - - [27/Jan/2024:11:18:58 +0800] "GET /xingrg/check_reg.html?_=1706325537226 HTTP/1.1" 302 -
116.235.244.89 - - [27/Jan/2024:11:18:58 +0800] "POST /xingrg/kc/buy/cgsh_order_operate.html HTTP/1.1" 200 8245
116.235.244.89 - - [27/Jan/2024:11:18:58 +0800] "GET /xingrg/javascript/easyui/themes/default/validatebox.css HTTP/1.1" 404 1104
116.230.109.177 - - [27/Jan/2024:11:18:59 +0800] "GET /xingrg/all/function/internal_message.html?_=1706325480106&CODE_STATE=getMsg HTTP/1.1" 200 27
180.152.241.32 - - [27/Jan/2024:11:18:59 +0800] "GET /xingrg/kc/base/wldb_order_operate.html?command=get_materiel&rest_code=00102&base_code=0010476&code=00101019315 HTTP/1.1" 200 474
101.83.145.37 - - [27/Jan/2024:11:18:59 +0800] "GET /xingrg/all/function/internal_message.html?_=1706325539624&CODE_STATE=getMsg HTTP/1.1" 200 27
116.230.109.177 - - [27/Jan/2024:11:19:00 +0800] "GET /xingrg/check_reg.html?_=1706325481281 HTTP/1.1" 200 22
101.83.145.37 - - [27/Jan/2024:11:19:00 +0800] "GET /xingrg/check_reg.html?_=1706325540794 HTTP/1.1" 200 22
180.163.28.180 - - [27/Jan/2024:11:19:05 +0800] "GET /xingrg/kc/print/load_data.html?order_code=212024012711318&kc_code=cgsh HTTP/1.1" 302 -
180.163.28.180 - - [27/Jan/2024:11:19:05 +0800] "GET /xingrg/login.html HTTP/1.1" 200 7641
58.39.105.37 - - [27/Jan/2024:11:19:05 +0800] "GET /xingrg/all/function/internal_message.html?_=1706325546085&CODE_STATE=getMsg HTTP/1.1" 200 27
180.152.241.32 - - [27/Jan/2024:11:19:06 +0800] "GET /xingrg/kc/base/wldb_order_operate.html?command=get_materiel&rest_code=00102&base_code=0010476&code=00101027001 HTTP/1.1" 200 471
116.230.109.177 - - [27/Jan/2024:11:19:11 +0800] "GET /xingrg/check_reg.html?_=1706325492858 HTTP/1.1" 200 22
116.230.109.177 - - [27/Jan/2024:11:19:11 +0800] "GET /xingrg/all/function/internal_message.html?_=1706325492862&CODE_STATE=getMsg HTTP/1.1" 200 27
180.152.241.32 - - [27/Jan/2024:11:19:12 +0800] "GET /xingrg/kc/base/wldb_order_operate.html?command=get_materiel&rest_code=00102&base_code=0010476&code=00101019066 HTTP/1.1" 200 455
101.83.145.37 - - [27/Jan/2024:11:19:21 +0800] "POST /xingrg/kc/buy/cgsh_order_operate.html HTTP/1.1" 200 205
124.78.154.219 - - [27/Jan/2024:11:19:21 +0800] "POST /xingrg/kc/buy/cgsh_order_operate.html HTTP/1.1" 200 12
180.152.241.32 - - [27/Jan/2024:11:19:22 +0800] "GET /xingrg/kc/base/wldb_order_operate.html?command=get_materiel&rest_code=00102&base_code=0010476&code=00101022006 HTTP/1.1" 200 454
116.235.244.89 - - [27/Jan/2024:11:19:22 +0800] "GET /xingrg/kc/buy/cgsh_order_operate.html?command=get_materiel&rest_code=00146&code=00101010998&supplier_code=00100644&order_time=2024-01-27 HTTP/1.1" 200 431
116.235.244.89 - - [27/Jan/2024:11:19:23 +0800] "GET /xingrg/all/function/internal_message.html?_=1706325586110&CODE_STATE=getMsg HTTP/1.1" 200 27
124.78.154.219 - - [27/Jan/2024:11:19:26 +0800] "GET /xingrg/kc/buy/cgsh_order_info.html?code=212024012711288 HTTP/1.1" 200 68033
124.78.154.219 - - [27/Jan/2024:11:19:26 +0800] "GET /xingrg/javascript/easyui/themes/default/validatebox.css HTTP/1.1" 404 1104
124.78.68.102 - - [27/Jan/2024:11:19:26 +0800] "GET /xingrg/all/function/internal_message.html?_=1706325566815&CODE_STATE=getMsg HTTP/1.1" 200 27
180.152.241.32 - - [27/Jan/2024:11:19:28 +0800] "GET /xingrg/kc/base/wldb_order_operate.html?command=get_materiel&rest_code=00102&base_code=0010476&code=00101019313 HTTP/1.1" 200 456
124.78.68.102 - - [27/Jan/2024:11:19:28 +0800] "GET /xingrg/check_reg.html?_=1706325568498 HTTP/1.1" 200 22
124.78.154.219 - - [27/Jan/2024:11:19:28 +0800] "POST /xingrg/kc/buy/cgsh_order_operate.html HTTP/1.1" 200 44372
124.79.240.117 - - [27/Jan/2024:11:19:30 +0800] "GET /xingrg/check_reg.html?_=1706325912987 HTTP/1.1" 200 22
124.79.240.117 - - [27/Jan/2024:11:19:30 +0800] "GET /xingrg/all/function/internal_message.html?_=1706325912988&CODE_STATE=getMsg HTTP/1.1" 200 27
101.83.240.5 - - [27/Jan/2024:11:19:31 +0800] "POST /xingrg/kc/buy/cgsh_list_operate.html HTTP/1.1" 200 6112
124.78.154.219 - - [27/Jan/2024:11:19:31 +0800] "GET /xingrg/kc/print/load_data.html?order_code=212024012711288&kc_code=cgsh&condition= HTTP/1.1" 200 17303
116.230.123.222 - - [27/Jan/2024:11:19:32 +0800] "GET /xingrg/all/function/internal_message.html?_=1706325572135&CODE_STATE=getMsg HTTP/1.1" 200 27
116.230.109.177 - - [27/Jan/2024:11:19:35 +0800] "GET /xingrg/all/function/internal_message.html?_=1706325516724&CODE_STATE=getMsg HTTP/1.1" 200 27
116.230.109.177 - - [27/Jan/2024:11:19:37 +0800] "GET /xingrg/all/function/internal_message.html?_=1706325518491&CODE_STATE=getMsg HTTP/1.1" 200 27
116.235.244.89 - - [27/Jan/2024:11:19:39 +0800] "GET /xingrg/kc/buy/cgsh_order_operate.html?command=get_materiel&rest_code=00146&code=00101010215&supplier_code=00100644&order_time=2024-01-27 HTTP/1.1" 200 409
180.152.241.32 - - [27/Jan/2024:11:19:39 +0800] "GET /xingrg/kc/base/wldb_order_operate.html?command=get_materiel&rest_code=00102&base_code=0010476&code=00101019195 HTTP/1.1" 200 472
180.164.1.25 - - [27/Jan/2024:11:19:40 +0800] "GET /xingrg/all/function/internal_message.html?_=1706325579550&CODE_STATE=getMsg HTTP/1.1" 200 27
120.253.135.82 - - [27/Jan/2024:11:19:42 +0800] "POST /xingrg/kc/buy/cgsh_order_operate.html HTTP/1.1" 200 37
180.152.241.32 - - [27/Jan/2024:11:19:43 +0800] "GET /xingrg/kc/base/wldb_order_operate.html?command=get_materiel&rest_code=00102&base_code=0010476&code=00101019391 HTTP/1.1" 200 485
172.20.0.100 - - [27/Jan/2024:11:19:45 +0800] "GET /xingrg/all/function/internal_message.html?_=1706325596806&CODE_STATE=getMsg HTTP/1.1" 302 -
101.83.240.5 - - [27/Jan/2024:11:19:45 +0800] "GET /xingrg/check_reg.html?_=1706325583283 HTTP/1.1" 200 22
101.83.240.5 - - [27/Jan/2024:11:19:45 +0800] "GET /xingrg/all/function/internal_message.html?_=1706325583278&CODE_STATE=getMsg HTTP/1.1" 200 27
124.78.154.219 - - [27/Jan/2024:11:19:47 +0800] "GET /xingrg/all/function/internal_message.html?_=1706325585987&CODE_STATE=getMsg HTTP/1.1" 200 27
180.163.28.143 - - [27/Jan/2024:11:19:48 +0800] "GET /xingrg/all/function/internal_message.html?_=1706325526012&CODE_STATE=getMsg HTTP/1.1" 302 -
180.163.28.143 - - [27/Jan/2024:11:19:48 +0800] "GET /xingrg/login.html HTTP/1.1" 200 7641
180.152.241.32 - - [27/Jan/2024:11:19:48 +0800] "GET /xingrg/kc/base/wldb_order_operate.html?command=get_materiel&rest_code=00102&base_code=0010476&code=00101016029 HTTP/1.1" 200 461
120.253.135.82 - - [27/Jan/2024:11:19:52 +0800] "POST /xingrg/kc/buy/cgsh_order_operate.html HTTP/1.1" 200 12
180.152.241.32 - - [27/Jan/2024:11:19:54 +0800] "GET /xingrg/kc/base/wldb_order_operate.html?command=get_materiel&rest_code=00102&base_code=0010476&code=00101019400 HTTP/1.1" 200 465
120.253.135.82 - - [27/Jan/2024:11:19:54 +0800] "GET /xingrg/all/function/internal_message.html?_=1706325757666&CODE_STATE=getMsg HTTP/1.1" 302 -
120.253.135.82 - - [27/Jan/2024:11:19:54 +0800] "GET /xingrg/login.html HTTP/1.1" 200 7641
101.83.145.37 - - [27/Jan/2024:11:19:54 +0800] "GET /xingrg/all/function/internal_message.html?_=1706325360165&CODE_STATE=getMsg HTTP/1.1" 200 27
120.253.135.82 - - [27/Jan/2024:11:19:55 +0800] "GET /xingrg/kc/buy/cgsh_order_info.html?code=212024012711316 HTTP/1.1" 200 67095
180.152.241.32 - - [27/Jan/2024:11:19:55 +0800] "GET /xingrg/all/function/internal_message.html?_=1706325596038&CODE_STATE=getMsg HTTP/1.1" 200 27
120.253.135.82 - - [27/Jan/2024:11:19:55 +0800] "GET /xingrg/javascript/easyui/themes/default/validatebox.css HTTP/1.1" 404 1104
120.253.135.82 - - [27/Jan/2024:11:19:55 +0800] "GET /xingrg/all/function/internal_message.html?_=1706325420000&CODE_STATE=getMsg HTTP/1.1" 200 27
120.253.135.82 - - [27/Jan/2024:11:19:56 +0800] "POST /xingrg/kc/buy/cgsh_order_operate.html HTTP/1.1" 200 620
116.230.109.177 - - [27/Jan/2024:11:19:59 +0800] "GET /xingrg/all/function/internal_message.html?_=1706325540093&CODE_STATE=getMsg HTTP/1.1" 200 27
101.83.145.37 - - [27/Jan/2024:11:19:59 +0800] "GET /xingrg/all/function/internal_message.html?_=1706325599599&CODE_STATE=getMsg HTTP/1.1" 200 27
101.83.240.5 - - [27/Jan/2024:11:19:59 +0800] "POST /xingrg/kc/buy/cgsh_list_operate.html HTTP/1.1" 200 6112
180.152.241.32 - - [27/Jan/2024:11:19:59 +0800] "GET /xingrg/kc/base/wldb_order_operate.html?command=get_materiel&rest_code=00102&base_code=0010476&code=00101019450 HTTP/1.1" 200 482
120.253.135.82 - - [27/Jan/2024:11:20:01 +0800] "POST /xingrg/kc/buy/cgsh_list_operate.html HTTP/1.1" 200 986
58.39.105.37 - - [27/Jan/2024:11:20:05 +0800] "GET /xingrg/all/function/internal_message.html?_=1706325606087&CODE_STATE=getMsg HTTP/1.1" 200 27
116.235.244.89 - - [27/Jan/2024:11:20:06 +0800] "GET /xingrg/kc/buy/cgsh_order_operate.html?command=get_materiel&rest_code=00146&code=00101010997&supplier_code=00100644&order_time=2024-01-27 HTTP/1.1" 200 435
116.230.109.177 - - [27/Jan/2024:11:20:11 +0800] "GET /xingrg/all/function/internal_message.html?_=1706325552872&CODE_STATE=getMsg HTTP/1.1" 200 27
116.235.244.89 - - [27/Jan/2024:11:20:18 +0800] "GET /xingrg/kc/buy/cgsh_order_operate.html?command=get_materiel&rest_code=00146&code=00101019470&supplier_code=00100644&order_time=2024-01-27 HTTP/1.1" 200 409
116.235.244.89 - - [27/Jan/2024:11:20:23 +0800] "GET /xingrg/all/function/internal_message.html?_=1706325646123&CODE_STATE=getMsg HTTP/1.1" 200 27
124.78.68.102 - - [27/Jan/2024:11:20:26 +0800] "GET /xingrg/all/function/internal_message.html?_=1706325626806&CODE_STATE=getMsg HTTP/1.1" 200 27
180.163.28.109 - - [27/Jan/2024:11:20:30 +0800] "GET /xingrg/kc/print/load_data.html?order_code=212024012711288&kc_code=cgsh&condition= HTTP/1.1" 302 -
180.163.28.109 - - [27/Jan/2024:11:20:30 +0800] "GET /xingrg/login.html HTTP/1.1" 200 7641
124.79.240.117 - - [27/Jan/2024:11:20:30 +0800] "GET /xingrg/all/function/internal_message.html?_=1706325972979&CODE_STATE=getMsg HTTP/1.1" 200 27
116.230.123.222 - - [27/Jan/2024:11:20:32 +0800] "GET /xingrg/all/function/internal_message.html?_=1706325632135&CODE_STATE=getMsg HTTP/1.1" 200 27
116.235.244.89 - - [27/Jan/2024:11:20:34 +0800] "POST /xingrg/kc/buy/cgsh_order_operate.html HTTP/1.1" 200 37
116.230.109.177 - - [27/Jan/2024:11:20:35 +0800] "GET /xingrg/all/function/internal_message.html?_=1706325576709&CODE_STATE=getMsg HTTP/1.1" 200 27
116.230.109.177 - - [27/Jan/2024:11:20:37 +0800] "GET /xingrg/all/function/internal_message.html?_=1706325578481&CODE_STATE=getMsg HTTP/1.1" 200 27
116.235.244.89 - - [27/Jan/2024:11:20:38 +0800] "POST /xingrg/kc/buy/cgsh_order_operate.html HTTP/1.1" 200 4448
180.164.1.25 - - [27/Jan/2024:11:20:40 +0800] "GET /xingrg/all/function/internal_message.html?_=1706325639537&CODE_STATE=getMsg HTTP/1.1" 200 27
116.235.244.89 - - [27/Jan/2024:11:20:41 +0800] "GET /xingrg/kc/print/load_data.html?order_code=212024012711321&kc_code=cgsh&condition= HTTP/1.1" 200 1362
116.230.109.177 - - [27/Jan/2024:11:20:44 +0800] "GET /xingrg/index.html?sysBaseUrl=http%3A%2F%2F180.169.147.146%3A18081%2Fxingrg%2F&costTime=1277×tamp=1606817596806 HTTP/1.1" 200 17179
116.230.109.177 - - [27/Jan/2024:11:20:45 +0800] "GET /xingrg/all/function/internal_message.html?_=1706325585930&CODE_STATE=count HTTP/1.1" 200 11
116.230.109.177 - - [27/Jan/2024:11:20:45 +0800] "GET /xingrg/check_reg.html?_=1706325585931 HTTP/1.1" 200 22
116.230.109.177 - - [27/Jan/2024:11:20:45 +0800] "GET /favicon.ico HTTP/1.1" 404 -
116.230.109.177 - - [27/Jan/2024:11:20:45 +0800] "POST /xingrg/all/common/load_tree.html?tree=area_rest_tree_json&manage=1 HTTP/1.1" 200 351
172.20.0.100 - - [27/Jan/2024:11:20:45 +0800] "GET /xingrg/all/function/internal_message.html?_=1706325656804&CODE_STATE=getMsg HTTP/1.1" 302 -
116.230.109.177 - - [27/Jan/2024:11:20:45 +0800] "POST /xingrg/load_menu.html HTTP/1.1" 200 5138
101.83.240.5 - - [27/Jan/2024:11:20:45 +0800] "GET /xingrg/all/function/internal_message.html?_=1706325643282&CODE_STATE=getMsg HTTP/1.1" 200 27
124.78.154.219 - - [27/Jan/2024:11:20:47 +0800] "GET /xingrg/all/function/internal_message.html?_=1706325645972&CODE_STATE=getMsg HTTP/1.1" 200 27
180.152.241.32 - - [27/Jan/2024:11:20:48 +0800] "POST /xingrg/kc/base/wldb_order_operate.html HTTP/1.1" 200 37
116.230.109.177 - - [27/Jan/2024:11:20:50 +0800] "GET /xingrg/kc/buy/cgsh_order_add.html HTTP/1.1" 200 73210
116.230.109.177 - - [27/Jan/2024:11:20:50 +0800] "POST /xingrg/kc/buy/cgsh_order_operate.html HTTP/1.1" 200 8245
116.230.109.177 - - [27/Jan/2024:11:20:50 +0800] "GET /xingrg/javascript/easyui/themes/default/validatebox.css HTTP/1.1" 404 1104
120.253.135.82 - - [27/Jan/2024:11:20:54 +0800] "GET /xingrg/all/function/internal_message.html?_=1706325817671&CODE_STATE=getMsg HTTP/1.1" 302 -
120.253.135.82 - - [27/Jan/2024:11:20:54 +0800] "GET /xingrg/check_reg.html?_=1706325817673 HTTP/1.1" 302 -
120.253.135.82 - - [27/Jan/2024:11:20:54 +0800] "GET /xingrg/login.html HTTP/1.1" 200 7641
120.253.135.82 - - [27/Jan/2024:11:20:54 +0800] "GET /xingrg/login.html HTTP/1.1" 200 7641
101.83.145.37 - - [27/Jan/2024:11:20:54 +0800] "GET /xingrg/all/function/internal_message.html?_=1706325420161&CODE_STATE=getMsg HTTP/1.1" 200 27
116.235.244.89 - - [27/Jan/2024:11:20:54 +0800] "GET /xingrg/check_reg.html?_=1706325677029 HTTP/1.1" 200 22
180.152.241.32 - - [27/Jan/2024:11:20:55 +0800] "GET /xingrg/all/function/internal_message.html?_=1706325656019&CODE_STATE=getMsg HTTP/1.1" 200 27
180.152.241.32 - - [27/Jan/2024:11:20:55 +0800] "GET /xingrg/check_reg.html?_=1706325656097 HTTP/1.1" 200 22
120.253.135.82 - - [27/Jan/2024:11:20:56 +0800] "GET /xingrg/all/function/internal_message.html?_=1706325480097&CODE_STATE=getMsg HTTP/1.1" 200 27
180.152.241.32 - - [27/Jan/2024:11:20:58 +0800] "POST /xingrg/kc/base/wldb_order_operate.html HTTP/1.1" 200 12
180.152.241.32 - - [27/Jan/2024:11:20:58 +0800] "POST /xingrg/kc/base/wldb_order_operate.html HTTP/1.1" 200 6260
116.230.109.177 - - [27/Jan/2024:11:20:59 +0800] "GET /xingrg/all/function/internal_message.html?_=1706325600078&CODE_STATE=getMsg HTTP/1.1" 200 27
101.83.145.37 - - [27/Jan/2024:11:20:59 +0800] "GET /xingrg/all/function/internal_message.html?_=1706325659568&CODE_STATE=getMsg HTTP/1.1" 200 27
116.230.109.177 - - [27/Jan/2024:11:21:04 +0800] "GET /xingrg/kc/buy/cgsh_order_operate.html?command=get_materiel&rest_code=00155&code=00101007145&supplier_code=00100151&order_time=2024-01-27 HTTP/1.1" 200 415
58.39.105.37 - - [27/Jan/2024:11:21:05 +0800] "GET /xingrg/all/function/internal_message.html?_=1706325666083&CODE_STATE=getMsg HTTP/1.1" 200 27
180.152.241.32 - - [27/Jan/2024:11:21:08 +0800] "GET /xingrg/kc/base/wldb_order_info.html?code=422024012702890 HTTP/1.1" 200 26217
180.152.241.32 - - [27/Jan/2024:11:21:08 +0800] "GET /xingrg/javascript/easyui/themes/default/validatebox.css HTTP/1.1" 404 1104
180.152.241.32 - - [27/Jan/2024:11:21:09 +0800] "POST /xingrg/kc/base/wldb_order_operate.html HTTP/1.1" 200 4464
180.152.241.32 - - [27/Jan/2024:11:21:10 +0800] "GET /xingrg/kc/print/load_config.html?kc_code=wldb HTTP/1.1" 200 2261
180.152.241.32 - - [27/Jan/2024:11:21:11 +0800] "GET /xingrg/kc/print/load_data.html?order_code=422024012702890&kc_code=wldb&condition= HTTP/1.1" 200 1944
116.230.109.177 - - [27/Jan/2024:11:21:11 +0800] "GET /xingrg/all/function/internal_message.html?_=1706325612875&CODE_STATE=getMsg HTTP/1.1" 200 27
180.152.241.32 - - [27/Jan/2024:11:21:15 +0800] "GET /xingrg/kc/base/wldb_order_add.html HTTP/1.1" 200 30340
180.152.241.32 - - [27/Jan/2024:11:21:16 +0800] "POST /xingrg/kc/base/wldb_order_operate.html HTTP/1.1" 200 6806
180.152.241.32 - - [27/Jan/2024:11:21:16 +0800] "GET /xingrg/javascript/easyui/themes/default/validatebox.css HTTP/1.1" 404 1104
116.230.109.177 - - [27/Jan/2024:11:21:16 +0800] "POST /xingrg/kc/buy/cgsh_order_operate.html HTTP/1.1" 200 37
180.152.241.32 - - [27/Jan/2024:11:21:16 +0800] "POST /xingrg/all/common/load_combo.html?type=base HTTP/1.1" 200 3321
116.230.109.177 - - [27/Jan/2024:11:21:18 +0800] "POST /xingrg/kc/buy/cgsh_order_operate.html HTTP/1.1" 200 2661
180.152.241.32 - - [27/Jan/2024:11:21:18 +0800] "POST /xingrg/all/common/load_combo.html?type=base HTTP/1.1" 200 3321
116.230.109.177 - - [27/Jan/2024:11:21:20 +0800] "GET /xingrg/kc/print/load_data.html?order_code=212024012711322&kc_code=cgsh&condition= HTTP/1.1" 200 666
116.235.244.89 - - [27/Jan/2024:11:21:23 +0800] "GET /xingrg/all/function/internal_message.html?_=1706325706136&CODE_STATE=getMsg HTTP/1.1" 200 27
180.152.241.32 - - [27/Jan/2024:11:21:24 +0800] "GET /xingrg/kc/base/wldb_order_operate.html?command=get_materiel&rest_code=00102&base_code=0010476&code=00101019258 HTTP/1.1" 200 483
124.78.68.102 - - [27/Jan/2024:11:21:26 +0800] "GET /xingrg/all/function/internal_message.html?_=1706325686786&CODE_STATE=getMsg HTTP/1.1" 200 27
180.152.241.32 - - [27/Jan/2024:11:21:30 +0800] "GET /xingrg/kc/base/wldb_order_operate.html?command=get_materiel&rest_code=00102&base_code=0010476&code=00101019015 HTTP/1.1" 200 451
124.79.240.117 - - [27/Jan/2024:11:21:30 +0800] "GET /xingrg/all/function/internal_message.html?_=1706326032977&CODE_STATE=getMsg HTTP/1.1" 200 27
116.230.123.222 - - [27/Jan/2024:11:21:32 +0800] "GET /xingrg/all/function/internal_message.html?_=1706325692136&CODE_STATE=getMsg HTTP/1.1" 200 27
120.253.135.82 - - [27/Jan/2024:11:21:34 +0800] "GET /xingrg/check_reg.html?_=1706325518888 HTTP/1.1" 200 22
180.152.241.32 - - [27/Jan/2024:11:21:34 +0800] "GET /xingrg/kc/base/wldb_order_operate.html?command=get_materiel&rest_code=00102&base_code=0010476&code=00101013193 HTTP/1.1" 200 446
116.230.109.177 - - [27/Jan/2024:11:21:35 +0800] "GET /xingrg/all/function/internal_message.html?_=1706325636699&CODE_STATE=getMsg HTTP/1.1" 200 27
116.230.109.177 - - [27/Jan/2024:11:21:37 +0800] "GET /xingrg/all/function/internal_message.html?_=1706325638487&CODE_STATE=getMsg HTTP/1.1" 200 27
180.164.1.25 - - [27/Jan/2024:11:21:40 +0800] "GET /xingrg/all/function/internal_message.html?_=1706325699552&CODE_STATE=getMsg HTTP/1.1" 200 27
116.230.109.177 - - [27/Jan/2024:11:21:45 +0800] "GET /xingrg/all/function/internal_message.html?_=1706325645962&CODE_STATE=getMsg HTTP/1.1" 200 27
172.20.0.100 - - [27/Jan/2024:11:21:45 +0800] "GET /xingrg/all/function/internal_message.html?_=1706325716802&CODE_STATE=getMsg HTTP/1.1" 302 -
101.83.240.5 - - [27/Jan/2024:11:21:45 +0800] "GET /xingrg/all/function/internal_message.html?_=1706325703282&CODE_STATE=getMsg HTTP/1.1" 200 27
124.78.154.219 - - [27/Jan/2024:11:21:47 +0800] "GET /xingrg/all/function/internal_message.html?_=1706325705957&CODE_STATE=getMsg HTTP/1.1" 200 27
180.152.241.32 - - [27/Jan/2024:11:21:52 +0800] "GET /xingrg/kc/base/wldb_order_operate.html?command=get_materiel&rest_code=00102&base_code=0010476&code=00101019405 HTTP/1.1" 200 482
120.253.135.82 - - [27/Jan/2024:11:21:54 +0800] "GET /xingrg/all/function/internal_message.html?_=1706325877675&CODE_STATE=getMsg HTTP/1.1" 302 -
120.253.135.82 - - [27/Jan/2024:11:21:54 +0800] "GET /xingrg/login.html HTTP/1.1" 200 7641
101.83.145.37 - - [27/Jan/2024:11:21:54 +0800] "GET /xingrg/all/function/internal_message.html?_=1706325480161&CODE_STATE=getMsg HTTP/1.1" 200 27
180.152.241.32 - - [27/Jan/2024:11:21:55 +0800] "GET /xingrg/all/function/internal_message.html?_=1706325716002&CODE_STATE=getMsg HTTP/1.1" 200 27
120.253.135.82 - - [27/Jan/2024:11:21:56 +0800] "GET /xingrg/all/function/internal_message.html?_=1706325540099&CODE_STATE=getMsg HTTP/1.1" 200 27
116.230.109.177 - - [27/Jan/2024:11:21:57 +0800] "POST /xingrg/kc/buy/cgsh_list_operate.html HTTP/1.1" 200 4417
180.152.241.32 - - [27/Jan/2024:11:21:57 +0800] "GET /xingrg/kc/base/wldb_order_operate.html?command=get_materiel&rest_code=00102&base_code=0010476&code=00101019185 HTTP/1.1" 200 469
116.230.109.177 - - [27/Jan/2024:11:21:59 +0800] "GET /xingrg/all/function/internal_message.html?_=1706325660062&CODE_STATE=getMsg HTTP/1.1" 200 27
101.83.145.37 - - [27/Jan/2024:11:21:59 +0800] "GET /xingrg/all/function/internal_message.html?_=1706325719538&CODE_STATE=getMsg HTTP/1.1" 200 27
180.152.241.32 - - [27/Jan/2024:11:22:04 +0800] "GET /xingrg/kc/base/wldb_order_operate.html?command=get_materiel&rest_code=00102&base_code=0010476&code=00101019183 HTTP/1.1" 200 449
58.39.105.37 - - [27/Jan/2024:11:22:05 +0800] "GET /xingrg/check_reg.html?_=1706325726078 HTTP/1.1" 200 22
58.39.105.37 - - [27/Jan/2024:11:22:05 +0800] "GET /xingrg/all/function/internal_message.html?_=1706325726080&CODE_STATE=getMsg HTTP/1.1" 200 27
180.152.241.32 - - [27/Jan/2024:11:22:08 +0800] "GET /xingrg/kc/base/wldb_order_operate.html?command=get_materiel&rest_code=00102&base_code=0010476&code=00101019438 HTTP/1.1" 200 460
180.152.241.32 - - [27/Jan/2024:11:22:11 +0800] "GET /xingrg/kc/base/wldb_order_operate.html?command=get_materiel&rest_code=00102&base_code=0010476&code=00101019184 HTTP/1.1" 200 456
116.230.109.177 - - [27/Jan/2024:11:22:11 +0800] "GET /xingrg/all/function/internal_message.html?_=1706325672868&CODE_STATE=getMsg HTTP/1.1" 200 27
180.152.241.32 - - [27/Jan/2024:11:22:15 +0800] "GET /xingrg/kc/base/wldb_order_operate.html?command=get_materiel&rest_code=00102&base_code=0010476&code=00101016001 HTTP/1.1" 200 458
180.152.241.32 - - [27/Jan/2024:11:22:20 +0800] "GET /xingrg/kc/base/wldb_order_operate.html?command=get_materiel&rest_code=00102&base_code=0010476&code=00101019063 HTTP/1.1" 200 461
116.230.109.177 - - [27/Jan/2024:11:22:20 +0800] "GET /xingrg/check_reg.html?_=1706325681506 HTTP/1.1" 200 22
116.235.244.89 - - [27/Jan/2024:11:22:23 +0800] "GET /xingrg/all/function/internal_message.html?_=1706325766150&CODE_STATE=getMsg HTTP/1.1" 200 27
124.78.68.102 - - [27/Jan/2024:11:22:26 +0800] "GET /xingrg/all/function/internal_message.html?_=1706325746764&CODE_STATE=getMsg HTTP/1.1" 200 27
101.83.240.5 - - [27/Jan/2024:11:22:29 +0800] "POST /xingrg/kc/buy/cgsh_list_operate.html HTTP/1.1" 200 202
124.79.240.117 - - [27/Jan/2024:11:22:30 +0800] "GET /xingrg/all/function/internal_message.html?_=1706326092980&CODE_STATE=getMsg HTTP/1.1" 200 27
101.83.240.5 - - [27/Jan/2024:11:22:31 +0800] "GET /xingrg/kc/buy/cgsh_order_info.html?code=212024012611256 HTTP/1.1" 200 73221
116.230.123.222 - - [27/Jan/2024:11:22:32 +0800] "GET /xingrg/all/function/internal_message.html?_=1706325752138&CODE_STATE=getMsg HTTP/1.1" 200 27
101.83.240.5 - - [27/Jan/2024:11:22:32 +0800] "GET /xingrg/javascript/easyui/themes/default/validatebox.css HTTP/1.1" 404 1104
101.83.240.5 - - [27/Jan/2024:11:22:33 +0800] "POST /xingrg/kc/buy/cgsh_order_operate.html HTTP/1.1" 200 2658
180.152.241.32 - - [27/Jan/2024:11:22:34 +0800] "GET /xingrg/kc/base/wldb_order_operate.html?command=get_materiel&rest_code=00102&base_code=0010476&code=00101019187 HTTP/1.1" 200 479
101.83.240.5 - - [27/Jan/2024:11:22:35 +0800] "GET /xingrg/kc/print/load_data.html?order_code=212024012611256&kc_code=cgsh&condition= HTTP/1.1" 200 752
116.230.109.177 - - [27/Jan/2024:11:22:35 +0800] "GET /xingrg/all/function/internal_message.html?_=1706325696679&CODE_STATE=getMsg HTTP/1.1" 200 27
116.230.109.177 - - [27/Jan/2024:11:22:35 +0800] "GET /xingrg/check_reg.html?_=1706325696683 HTTP/1.1" 200 22
116.230.109.177 - - [27/Jan/2024:11:22:37 +0800] "GET /xingrg/check_reg.html?_=1706325698487 HTTP/1.1" 200 22
116.230.109.177 - - [27/Jan/2024:11:22:37 +0800] "GET /xingrg/all/function/internal_message.html?_=1706325698492&CODE_STATE=getMsg HTTP/1.1" 200 27
180.164.1.25 - - [27/Jan/2024:11:22:40 +0800] "GET /xingrg/all/function/internal_message.html?_=1706325759542&CODE_STATE=getMsg HTTP/1.1" 200 27
180.152.241.32 - - [27/Jan/2024:11:22:42 +0800] "GET /xingrg/kc/base/wldb_order_operate.html?command=get_materiel&rest_code=00102&base_code=0010476&code=00101016094 HTTP/1.1" 200 469
116.230.109.177 - - [27/Jan/2024:11:22:45 +0800] "GET /xingrg/all/function/internal_message.html?_=1706325705941&CODE_STATE=getMsg HTTP/1.1" 200 27
172.20.0.100 - - [27/Jan/2024:11:22:45 +0800] "GET /xingrg/all/function/internal_message.html?_=1706325776801&CODE_STATE=getMsg HTTP/1.1" 302 -
101.83.240.5 - - [27/Jan/2024:11:22:45 +0800] "GET /xingrg/all/function/internal_message.html?_=1706325763275&CODE_STATE=getMsg HTTP/1.1" 200 27
124.78.154.219 - - [27/Jan/2024:11:22:47 +0800] "GET /xingrg/all/function/internal_message.html?_=1706325765947&CODE_STATE=getMsg HTTP/1.1" 200 27
120.253.135.82 - - [27/Jan/2024:11:22:54 +0800] "GET /xingrg/all/function/internal_message.html?_=1706325937681&CODE_STATE=getMsg HTTP/1.1" 302 -
120.253.135.82 - - [27/Jan/2024:11:22:54 +0800] "GET /xingrg/login.html HTTP/1.1" 200 7641
101.83.145.37 - - [27/Jan/2024:11:22:54 +0800] "GET /xingrg/all/function/internal_message.html?_=1706325540162&CODE_STATE=getMsg HTTP/1.1" 200 27
180.152.241.32 - - [27/Jan/2024:11:22:55 +0800] "GET /xingrg/all/function/internal_message.html?_=1706325776017&CODE_STATE=getMsg HTTP/1.1" 200 27
120.253.135.82 - - [27/Jan/2024:11:22:56 +0800] "GET /xingrg/all/function/internal_message.html?_=1706325600113&CODE_STATE=getMsg HTTP/1.1" 200 27
116.230.109.177 - - [27/Jan/2024:11:22:59 +0800] "GET /xingrg/all/function/internal_message.html?_=1706325720045&CODE_STATE=getMsg HTTP/1.1" 200 27
101.83.145.37 - - [27/Jan/2024:11:22:59 +0800] "GET /xingrg/all/function/internal_message.html?_=1706325779511&CODE_STATE=getMsg HTTP/1.1" 200 27
58.39.105.37 - - [27/Jan/2024:11:23:05 +0800] "GET /xingrg/all/function/internal_message.html?_=1706325786070&CODE_STATE=getMsg HTTP/1.1" 200 27
116.230.109.177 - - [27/Jan/2024:11:23:11 +0800] "GET /xingrg/all/function/internal_message.html?_=1706325732872&CODE_STATE=getMsg HTTP/1.1" 200 27
180.152.241.32 - - [27/Jan/2024:11:23:20 +0800] "POST /xingrg/kc/base/wldb_order_operate.html HTTP/1.1" 200 37
116.235.244.89 - - [27/Jan/2024:11:23:24 +0800] "GET /xingrg/all/function/internal_message.html?_=1706325826513&CODE_STATE=getMsg HTTP/1.1" 200 27
124.78.68.102 - - [27/Jan/2024:11:23:26 +0800] "GET /xingrg/all/function/internal_message.html?_=1706325806740&CODE_STATE=getMsg HTTP/1.1" 200 27
180.152.241.32 - - [27/Jan/2024:11:23:29 +0800] "POST /xingrg/kc/base/wldb_order_operate.html HTTP/1.1" 200 12
180.152.241.32 - - [27/Jan/2024:11:23:30 +0800] "POST /xingrg/kc/base/wldb_order_operate.html HTTP/1.1" 200 8169
124.79.240.117 - - [27/Jan/2024:11:23:30 +0800] "GET /xingrg/all/function/internal_message.html?_=1706326152992&CODE_STATE=getMsg HTTP/1.1" 200 27
116.230.123.222 - - [27/Jan/2024:11:23:32 +0800] "GET /xingrg/check_reg.html?_=1706325812137 HTTP/1.1" 200 22
116.230.123.222 - - [27/Jan/2024:11:23:32 +0800] "GET /xingrg/all/function/internal_message.html?_=1706325812139&CODE_STATE=getMsg HTTP/1.1" 200 27
180.152.241.32 - - [27/Jan/2024:11:23:32 +0800] "GET /xingrg/kc/base/wldb_order_info.html?code=422024012702891 HTTP/1.1" 200 26219
180.152.241.32 - - [27/Jan/2024:11:23:32 +0800] "GET /xingrg/javascript/easyui/themes/default/validatebox.css HTTP/1.1" 404 1104
180.152.241.32 - - [27/Jan/2024:11:23:32 +0800] "POST /xingrg/kc/base/wldb_order_operate.html HTTP/1.1" 200 6327
180.152.241.32 - - [27/Jan/2024:11:23:34 +0800] "GET /xingrg/kc/base/wldb_order_add.html HTTP/1.1" 200 30340
180.152.241.32 - - [27/Jan/2024:11:23:34 +0800] "POST /xingrg/kc/base/wldb_order_operate.html HTTP/1.1" 200 6806
180.152.241.32 - - [27/Jan/2024:11:23:34 +0800] "GET /xingrg/javascript/easyui/themes/default/validatebox.css HTTP/1.1" 404 1104
116.230.109.177 - - [27/Jan/2024:11:23:35 +0800] "GET /xingrg/all/function/internal_message.html?_=1706325756666&CODE_STATE=getMsg HTTP/1.1" 200 27
116.230.109.177 - - [27/Jan/2024:11:23:37 +0800] "GET /xingrg/all/function/internal_message.html?_=1706325758486&CODE_STATE=getMsg HTTP/1.1" 200 27
180.152.241.32 - - [27/Jan/2024:11:23:37 +0800] "POST /xingrg/all/common/load_combo.html?type=base HTTP/1.1" 200 3321
180.152.241.32 - - [27/Jan/2024:11:23:39 +0800] "POST /xingrg/all/common/load_combo.html?type=base HTTP/1.1" 200 3321
180.164.1.25 - - [27/Jan/2024:11:23:40 +0800] "GET /xingrg/check_reg.html?_=1706325819550 HTTP/1.1" 200 22
180.164.1.25 - - [27/Jan/2024:11:23:40 +0800] "GET /xingrg/all/function/internal_message.html?_=1706325819553&CODE_STATE=getMsg HTTP/1.1" 200 27
116.230.109.177 - - [27/Jan/2024:11:23:45 +0800] "GET /xingrg/all/function/internal_message.html?_=1706325765950&CODE_STATE=getMsg HTTP/1.1" 200 27
172.20.0.100 - - [27/Jan/2024:11:23:45 +0800] "GET /xingrg/all/function/internal_message.html?_=1706325836799&CODE_STATE=getMsg HTTP/1.1" 302 -
172.20.0.100 - - [27/Jan/2024:11:23:45 +0800] "GET /xingrg/check_reg.html?_=1706325836800 HTTP/1.1" 302 -
101.83.240.5 - - [27/Jan/2024:11:23:45 +0800] "GET /xingrg/all/function/internal_message.html?_=1706325823274&CODE_STATE=getMsg HTTP/1.1" 200 27
180.152.241.32 - - [27/Jan/2024:11:23:46 +0800] "GET /xingrg/kc/base/wldb_order_operate.html?command=get_materiel&rest_code=00102&base_code=0010476&code=00101019142 HTTP/1.1" 200 463
124.78.154.219 - - [27/Jan/2024:11:23:47 +0800] "GET /xingrg/all/function/internal_message.html?_=1706325825917&CODE_STATE=getMsg HTTP/1.1" 200 27
116.230.109.177 - - [27/Jan/2024:11:23:47 +0800] "GET /xingrg/check_reg.html?_=1706325768275 HTTP/1.1" 200 22
124.78.154.219 - - [27/Jan/2024:11:23:48 +0800] "GET /xingrg/check_reg.html?_=1706325826746 HTTP/1.1" 200 22
101.83.240.5 - - [27/Jan/2024:11:23:48 +0800] "POST /xingrg/kc/buy/cgsh_list_operate.html HTTP/1.1" 200 6112
120.253.135.82 - - [27/Jan/2024:11:23:54 +0800] "GET /xingrg/all/function/internal_message.html?_=1706325997687&CODE_STATE=getMsg HTTP/1.1" 302 -
120.253.135.82 - - [27/Jan/2024:11:23:54 +0800] "GET /xingrg/login.html HTTP/1.1" 200 7641
101.83.145.37 - - [27/Jan/2024:11:23:54 +0800] "GET /xingrg/check_reg.html?_=1706325600162 HTTP/1.1" 200 22
101.83.145.37 - - [27/Jan/2024:11:23:54 +0800] "GET /xingrg/all/function/internal_message.html?_=1706325600166&CODE_STATE=getMsg HTTP/1.1" 200 27
180.152.241.32 - - [27/Jan/2024:11:23:55 +0800] "GET /xingrg/all/function/internal_message.html?_=1706325835984&CODE_STATE=getMsg HTTP/1.1" 200 27
120.253.135.82 - - [27/Jan/2024:11:23:56 +0800] "GET /xingrg/all/function/internal_message.html?_=1706325660202&CODE_STATE=getMsg HTTP/1.1" 200 27
124.79.240.117 - - [27/Jan/2024:11:23:58 +0800] "GET /xingrg/check_reg.html?_=1706325837216 HTTP/1.1" 302 -
116.230.109.177 - - [27/Jan/2024:11:23:59 +0800] "GET /xingrg/all/function/internal_message.html?_=1706325780028&CODE_STATE=getMsg HTTP/1.1" 200 27
101.83.145.37 - - [27/Jan/2024:11:23:59 +0800] "GET /xingrg/all/function/internal_message.html?_=1706325839493&CODE_STATE=getMsg HTTP/1.1" 200 27
116.230.109.177 - - [27/Jan/2024:11:24:00 +0800] "GET /xingrg/check_reg.html?_=1706325781296 HTTP/1.1" 200 22
101.83.145.37 - - [27/Jan/2024:11:24:00 +0800] "GET /xingrg/check_reg.html?_=1706325840766 HTTP/1.1" 200 22
180.152.241.32 - - [27/Jan/2024:11:24:01 +0800] "GET /xingrg/kc/base/wldb_order_operate.html?command=get_materiel&rest_code=00102&base_code=0010476&code=00101019375 HTTP/1.1" 200 464
101.83.240.5 - - [27/Jan/2024:11:24:04 +0800] "POST /xingrg/kc/buy/cgsh_list_operate.html HTTP/1.1" 200 6112
58.39.105.37 - - [27/Jan/2024:11:24:05 +0800] "GET /xingrg/all/function/internal_message.html?_=1706325846075&CODE_STATE=getMsg HTTP/1.1" 200 27
116.230.109.177 - - [27/Jan/2024:11:24:11 +0800] "GET /xingrg/check_reg.html?_=1706325792873 HTTP/1.1" 200 22
116.230.109.177 - - [27/Jan/2024:11:24:11 +0800] "GET /xingrg/all/function/internal_message.html?_=1706325792878&CODE_STATE=getMsg HTTP/1.1" 200 27
180.152.241.32 - - [27/Jan/2024:11:24:17 +0800] "GET /xingrg/kc/base/wldb_order_operate.html?command=get_materiel&rest_code=00102&base_code=0010476&code=00101013257 HTTP/1.1" 200 443
116.235.244.89 - - [27/Jan/2024:11:24:24 +0800] "GET /xingrg/all/function/internal_message.html?_=1706325886520&CODE_STATE=getMsg HTTP/1.1" 200 27
124.78.68.102 - - [27/Jan/2024:11:24:26 +0800] "GET /xingrg/all/function/internal_message.html?_=1706325866721&CODE_STATE=getMsg HTTP/1.1" 200 27
124.78.68.102 - - [27/Jan/2024:11:24:28 +0800] "GET /xingrg/check_reg.html?_=1706325868482 HTTP/1.1" 200 22
180.152.241.32 - - [27/Jan/2024:11:24:30 +0800] "GET /xingrg/kc/base/wldb_order_operate.html?command=get_materiel&rest_code=00102&base_code=0010476&code=00101019071 HTTP/1.1" 200 471
124.79.240.117 - - [27/Jan/2024:11:24:30 +0800] "GET /xingrg/check_reg.html?_=1706326212990 HTTP/1.1" 200 22
124.79.240.117 - - [27/Jan/2024:11:24:30 +0800] "GET /xingrg/all/function/internal_message.html?_=1706326212991&CODE_STATE=getMsg HTTP/1.1" 200 27
116.230.123.222 - - [27/Jan/2024:11:24:32 +0800] "GET /xingrg/all/function/internal_message.html?_=1706325872140&CODE_STATE=getMsg HTTP/1.1" 200 27
116.230.109.177 - - [27/Jan/2024:11:24:35 +0800] "GET /xingrg/all/function/internal_message.html?_=1706325816654&CODE_STATE=getMsg HTTP/1.1" 200 27
116.230.109.177 - - [27/Jan/2024:11:24:37 +0800] "GET /xingrg/all/function/internal_message.html?_=1706325818503&CODE_STATE=getMsg HTTP/1.1" 200 27
180.164.1.25 - - [27/Jan/2024:11:24:40 +0800] "GET /xingrg/all/function/internal_message.html?_=1706325879542&CODE_STATE=getMsg HTTP/1.1" 200 27
116.230.109.177 - - [27/Jan/2024:11:24:45 +0800] "GET /xingrg/all/function/internal_message.html?_=1706325825941&CODE_STATE=getMsg HTTP/1.1" 200 27
172.20.0.100 - - [27/Jan/2024:11:24:45 +0800] "GET /xingrg/all/function/internal_message.html?_=1706325896799&CODE_STATE=getMsg HTTP/1.1" 302 -
101.83.240.5 - - [27/Jan/2024:11:24:45 +0800] "GET /xingrg/all/function/internal_message.html?_=1706325883281&CODE_STATE=getMsg HTTP/1.1" 200 27
101.83.240.5 - - [27/Jan/2024:11:24:45 +0800] "GET /xingrg/check_reg.html?_=1706325883285 HTTP/1.1" 200 22
124.78.154.219 - - [27/Jan/2024:11:24:47 +0800] "GET /xingrg/all/function/internal_message.html?_=1706325885903&CODE_STATE=getMsg HTTP/1.1" 200 27
180.152.241.32 - - [27/Jan/2024:11:24:47 +0800] "POST /xingrg/kc/base/wldb_order_operate.html HTTP/1.1" 200 37
180.163.29.212 - - [27/Jan/2024:11:24:48 +0800] "GET /xingrg/check_reg.html?_=1706325826746 HTTP/1.1" 302 -
180.163.29.212 - - [27/Jan/2024:11:24:49 +0800] "GET /xingrg/login.html HTTP/1.1" 200 7641
180.152.241.32 - - [27/Jan/2024:11:24:53 +0800] "POST /xingrg/kc/base/wldb_order_operate.html HTTP/1.1" 200 12
180.152.241.32 - - [27/Jan/2024:11:24:53 +0800] "POST /xingrg/kc/base/wldb_order_operate.html HTTP/1.1" 200 5182
120.253.135.82 - - [27/Jan/2024:11:24:54 +0800] "GET /xingrg/all/function/internal_message.html?_=1706326057691&CODE_STATE=getMsg HTTP/1.1" 302 -
120.253.135.82 - - [27/Jan/2024:11:24:54 +0800] "GET /xingrg/login.html HTTP/1.1" 200 7641
101.83.145.37 - - [27/Jan/2024:11:24:54 +0800] "GET /xingrg/all/function/internal_message.html?_=1706325660166&CODE_STATE=getMsg HTTP/1.1" 200 27
180.152.241.32 - - [27/Jan/2024:11:24:55 +0800] "GET /xingrg/kc/base/wldb_order_info.html?code=422024012702892 HTTP/1.1" 200 26217
180.152.241.32 - - [27/Jan/2024:11:24:55 +0800] "GET /xingrg/all/function/internal_message.html?_=1706325896003&CODE_STATE=getMsg HTTP/1.1" 200 27
180.152.241.32 - - [27/Jan/2024:11:24:55 +0800] "GET /xingrg/javascript/easyui/themes/default/validatebox.css HTTP/1.1" 404 1104
180.152.241.32 - - [27/Jan/2024:11:24:55 +0800] "POST /xingrg/kc/base/wldb_order_operate.html HTTP/1.1" 200 3411
120.253.135.82 - - [27/Jan/2024:11:24:56 +0800] "GET /xingrg/all/function/internal_message.html?_=1706325720202&CODE_STATE=getMsg HTTP/1.1" 200 27
180.152.241.32 - - [27/Jan/2024:11:24:58 +0800] "GET /xingrg/kc/base/wldb_order_add.html HTTP/1.1" 200 30340
180.152.241.32 - - [27/Jan/2024:11:24:58 +0800] "POST /xingrg/kc/base/wldb_order_operate.html HTTP/1.1" 200 6806
