111.18.239.145 - - [25/Jan/2024:11:33:11 +0800] "GET /xingrg/words/20240125111409_words.js HTTP/1.1" 200 1010715
116.235.245.21 - - [25/Jan/2024:11:33:11 +0800] "GET /xingrg/javascript/easyui/themes/default/validatebox.css HTTP/1.1" 404 1104
116.235.245.21 - - [25/Jan/2024:11:33:11 +0800] "GET /xingrg/javascript/easyui/plugins/jquery.validatebox.js HTTP/1.1" 304 -
116.235.245.21 - - [25/Jan/2024:11:33:11 +0800] "GET /xingrg/javascript/easyui/plugins/jquery.numberbox.js HTTP/1.1" 304 -
116.235.245.21 - - [25/Jan/2024:11:33:11 +0800] "GET /xingrg/all/common/auto_word.html?type=employee&rest_code=00146 HTTP/1.1" 200 101
116.235.245.21 - - [25/Jan/2024:11:33:11 +0800] "GET /xingrg/all/common/auto_word.html?type=employee&rest_code=00146 HTTP/1.1" 200 101
111.18.239.145 - - [25/Jan/2024:11:33:11 +0800] "POST /xingrg/kc/buy/cgsh_order_operate.html HTTP/1.1" 200 8245
111.18.239.145 - - [25/Jan/2024:11:33:11 +0800] "GET /xingrg/javascript/easyui/themes/default/validatebox.css HTTP/1.1" 404 1104
116.235.245.21 - - [25/Jan/2024:11:33:12 +0800] "POST /xingrg/kc/buy/cgsh_order_operate.html HTTP/1.1" 200 4428
180.152.241.32 - - [25/Jan/2024:11:33:13 +0800] "GET /xingrg/all/function/internal_message.html?_=1706153595353&CODE_STATE=getMsg HTTP/1.1" 200 27
111.18.239.145 - - [25/Jan/2024:11:33:15 +0800] "GET /xingrg/all/function/internal_message.html?_=1706153594787&CODE_STATE=getMsg HTTP/1.1" 200 27
124.78.154.219 - - [25/Jan/2024:11:33:15 +0800] "GET /xingrg/all/function/internal_message.html?_=1706153594721&CODE_STATE=getMsg HTTP/1.1" 200 27
116.230.109.177 - - [25/Jan/2024:11:33:18 +0800] "GET /xingrg/kc/base/wldb_order_operate.html?command=get_materiel&rest_code=00155&base_code=0010739&code=00101019253 HTTP/1.1" 200 482
116.235.245.21 - - [25/Jan/2024:11:33:20 +0800] "GET /xingrg/javascript/auto/indicator.gif HTTP/1.1" 404 1066
101.83.145.37 - - [25/Jan/2024:11:33:25 +0800] "GET /xingrg/all/function/internal_message.html?_=1706153371811&CODE_STATE=getMsg HTTP/1.1" 200 27
116.235.245.21 - - [25/Jan/2024:11:33:25 +0800] "GET /xingrg/kc/buy/cgsh_order_operate.html?command=get_materiel&rest_code=00146&code=00101001299&supplier_code=00100041&order_time=2024-01-25 HTTP/1.1" 200 413
116.230.109.177 - - [25/Jan/2024:11:33:27 +0800] "GET /xingrg/kc/base/wldb_order_operate.html?command=get_materiel&rest_code=00155&base_code=0010739&code=00101016040 HTTP/1.1" 200 459
101.83.145.37 - - [25/Jan/2024:11:33:27 +0800] "GET /xingrg/all/function/internal_message.html?_=1706153373686&CODE_STATE=getMsg HTTP/1.1" 200 27
124.78.68.102 - - [25/Jan/2024:11:33:31 +0800] "GET /xingrg/all/function/internal_message.html?_=1706153611259&CODE_STATE=getMsg HTTP/1.1" 200 27
111.18.239.145 - - [25/Jan/2024:11:33:34 +0800] "POST /xingrg/kc/buy/cgsh_list_operate.html HTTP/1.1" 200 1869
172.20.0.100 - - [25/Jan/2024:11:33:36 +0800] "GET /xingrg/check_reg.html?_=1706153621814 HTTP/1.1" 200 22
172.20.0.100 - - [25/Jan/2024:11:33:36 +0800] "GET /xingrg/all/function/internal_message.html?_=1706153621815&CODE_STATE=getMsg HTTP/1.1" 200 27
124.78.68.102 - - [25/Jan/2024:11:33:36 +0800] "GET /xingrg/all/function/internal_message.html?_=1706153616393&CODE_STATE=getMsg HTTP/1.1" 200 27
124.78.68.102 - - [25/Jan/2024:11:33:36 +0800] "GET /xingrg/check_reg.html?_=1706153616395 HTTP/1.1" 200 22
116.230.123.222 - - [25/Jan/2024:11:33:37 +0800] "GET /xingrg/all/function/internal_message.html?_=1706153616346&CODE_STATE=getMsg HTTP/1.1" 200 27
116.235.245.21 - - [25/Jan/2024:11:33:40 +0800] "GET /xingrg/kc/buy/cgsh_order_operate.html?command=get_materiel&rest_code=00146&code=00101005037&supplier_code=00100041&order_time=2024-01-25 HTTP/1.1" 200 409
101.83.145.37 - - [25/Jan/2024:11:33:41 +0800] "GET /xingrg/kc/base/wldb_order_operate.html?command=get_materiel&rest_code=00105&base_code=0010508&code=00102004030 HTTP/1.1" 200 442
124.78.154.219 - - [25/Jan/2024:11:33:42 +0800] "GET /xingrg/all/function/internal_message.html?_=1706153620157&CODE_STATE=getMsg HTTP/1.1" 200 27
101.83.145.37 - - [25/Jan/2024:11:33:46 +0800] "GET /xingrg/check_reg.html?_=1706153626313 HTTP/1.1" 200 22
222.70.115.1 - - [25/Jan/2024:11:33:47 +0800] "GET /xingrg/all/function/internal_message.html?_=1706153635160&CODE_STATE=getMsg HTTP/1.1" 200 27
101.83.145.37 - - [25/Jan/2024:11:33:47 +0800] "GET /xingrg/all/function/internal_message.html?_=1706153627618&CODE_STATE=getMsg HTTP/1.1" 200 27
180.169.147.146 - - [25/Jan/2024:11:33:50 +0800] "GET /xingrg/all/function/internal_message.html?_=1706153630266&CODE_STATE=getMsg HTTP/1.1" 200 27
116.235.245.21 - - [25/Jan/2024:11:33:50 +0800] "GET /xingrg/all/function/internal_message.html?_=1706153644741&CODE_STATE=getMsg HTTP/1.1" 200 27
101.83.145.37 - - [25/Jan/2024:11:33:53 +0800] "GET /xingrg/kc/base/wldb_order_operate.html?command=get_materiel&rest_code=00105&base_code=0010508&code=00102004006 HTTP/1.1" 200 443
116.235.93.185 - - [25/Jan/2024:11:33:55 +0800] "GET /xingrg/all/function/internal_message.html?_=1706153635120&CODE_STATE=getMsg HTTP/1.1" 200 27
180.164.1.25 - - [25/Jan/2024:11:33:55 +0800] "GET /xingrg/all/function/internal_message.html?_=1706153635934&CODE_STATE=getMsg HTTP/1.1" 200 27
180.164.1.25 - - [25/Jan/2024:11:33:55 +0800] "GET /xingrg/check_reg.html?_=1706153635935 HTTP/1.1" 200 22
218.81.65.124 - - [25/Jan/2024:11:33:56 +0800] "GET /xingrg/all/function/internal_message.html?_=1706153641736&CODE_STATE=getMsg HTTP/1.1" 200 27
114.95.241.104 - - [25/Jan/2024:11:33:56 +0800] "GET /xingrg/all/function/internal_message.html?_=1706153636229&CODE_STATE=getMsg HTTP/1.1" 200 27
116.230.109.177 - - [25/Jan/2024:11:33:58 +0800] "GET /xingrg/all/function/internal_message.html?_=1706153583363&CODE_STATE=getMsg HTTP/1.1" 200 27
101.228.146.191 - - [25/Jan/2024:11:33:58 +0800] "GET /xingrg/all/function/internal_message.html?_=1706153637789&CODE_STATE=getMsg HTTP/1.1" 200 27
180.171.56.87 - - [25/Jan/2024:11:33:59 +0800] "GET /xingrg/all/function/internal_message.html?_=1706153647540&CODE_STATE=getMsg HTTP/1.1" 200 27
116.230.109.177 - - [25/Jan/2024:11:34:00 +0800] "GET /xingrg/kc/base/wldb_order_operate.html?command=get_materiel&rest_code=00155&base_code=0010739&code=00101019175 HTTP/1.1" 200 439
101.83.145.37 - - [25/Jan/2024:11:34:03 +0800] "GET /xingrg/kc/base/wldb_order_operate.html?command=get_materiel&rest_code=00105&base_code=0010508&code=00102002204 HTTP/1.1" 200 448
222.69.132.239 - - [25/Jan/2024:11:34:05 +0800] "GET /xingrg/all/function/internal_message.html?_=1706153646332&CODE_STATE=getMsg HTTP/1.1" 200 27
116.238.110.144 - - [25/Jan/2024:11:34:05 +0800] "GET /xingrg/all/function/internal_message.html?_=1706153646610&CODE_STATE=getMsg HTTP/1.1" 200 27
116.230.109.177 - - [25/Jan/2024:11:34:07 +0800] "GET /xingrg/kc/base/wldb_order_operate.html?command=get_materiel&rest_code=00155&base_code=0010739&code=00101016001 HTTP/1.1" 200 458
116.230.109.177 - - [25/Jan/2024:11:34:08 +0800] "GET /xingrg/all/function/internal_message.html?_=1706153593168&CODE_STATE=getMsg HTTP/1.1" 200 27
180.152.241.32 - - [25/Jan/2024:11:34:13 +0800] "GET /xingrg/all/function/internal_message.html?_=1706153655334&CODE_STATE=getMsg HTTP/1.1" 200 27
111.18.239.145 - - [25/Jan/2024:11:34:15 +0800] "GET /xingrg/all/function/internal_message.html?_=1706153654810&CODE_STATE=getMsg HTTP/1.1" 200 27
180.163.29.219 - - [25/Jan/2024:11:34:15 +0800] "GET /xingrg/all/function/internal_message.html?_=1706153594721&CODE_STATE=getMsg HTTP/1.1" 302 -
180.163.29.219 - - [25/Jan/2024:11:34:15 +0800] "GET /xingrg/login.html HTTP/1.1" 200 7641
124.78.154.219 - - [25/Jan/2024:11:34:15 +0800] "GET /xingrg/all/function/internal_message.html?_=1706153654706&CODE_STATE=getMsg HTTP/1.1" 200 27
101.83.145.37 - - [25/Jan/2024:11:34:18 +0800] "GET /xingrg/kc/base/wldb_order_operate.html?command=get_materiel&rest_code=00105&base_code=0010508&code=00102002304 HTTP/1.1" 200 464
116.230.109.177 - - [25/Jan/2024:11:34:20 +0800] "GET /xingrg/kc/base/wldb_order_operate.html?command=get_materiel&rest_code=00155&base_code=0010739&code=00101019396 HTTP/1.1" 200 441
101.83.145.37 - - [25/Jan/2024:11:34:25 +0800] "GET /xingrg/all/function/internal_message.html?_=1706153431811&CODE_STATE=getMsg HTTP/1.1" 200 27
116.230.109.177 - - [25/Jan/2024:11:34:26 +0800] "GET /xingrg/kc/base/wldb_order_operate.html?command=get_materiel&rest_code=00155&base_code=0010739&code=00101013062 HTTP/1.1" 200 433
101.83.145.37 - - [25/Jan/2024:11:34:27 +0800] "GET /xingrg/all/function/internal_message.html?_=1706153433743&CODE_STATE=getMsg HTTP/1.1" 200 27
101.83.145.37 - - [25/Jan/2024:11:34:29 +0800] "GET /xingrg/kc/base/wldb_order_operate.html?command=get_materiel&rest_code=00105&base_code=0010508&code=00102002448 HTTP/1.1" 200 439
124.78.68.102 - - [25/Jan/2024:11:34:31 +0800] "GET /xingrg/all/function/internal_message.html?_=1706153671241&CODE_STATE=getMsg HTTP/1.1" 200 27
116.230.109.177 - - [25/Jan/2024:11:34:32 +0800] "GET /xingrg/kc/base/wldb_order_operate.html?command=get_materiel&rest_code=00155&base_code=0010739&code=00101013030 HTTP/1.1" 200 428
172.20.0.100 - - [25/Jan/2024:11:34:36 +0800] "GET /xingrg/all/function/internal_message.html?_=1706153681813&CODE_STATE=getMsg HTTP/1.1" 200 27
124.78.68.102 - - [25/Jan/2024:11:34:36 +0800] "GET /xingrg/all/function/internal_message.html?_=1706153676394&CODE_STATE=getMsg HTTP/1.1" 200 27
116.235.245.21 - - [25/Jan/2024:11:34:36 +0800] "POST /xingrg/kc/buy/cgsh_order_operate.html HTTP/1.1" 200 37
116.230.123.222 - - [25/Jan/2024:11:34:37 +0800] "GET /xingrg/all/function/internal_message.html?_=1706153676345&CODE_STATE=getMsg HTTP/1.1" 200 27
101.83.145.37 - - [25/Jan/2024:11:34:37 +0800] "POST /xingrg/kc/base/wldb_order_operate.html HTTP/1.1" 200 37
101.83.145.37 - - [25/Jan/2024:11:34:38 +0800] "POST /xingrg/kc/base/wldb_order_operate.html HTTP/1.1" 200 4135
116.230.109.177 - - [25/Jan/2024:11:34:38 +0800] "GET /xingrg/kc/base/wldb_order_operate.html?command=get_materiel&rest_code=00155&base_code=0010739&code=00101008316 HTTP/1.1" 200 435
101.83.145.37 - - [25/Jan/2024:11:34:39 +0800] "GET /xingrg/kc/base/wldb_order_info.html?code=422024012502666 HTTP/1.1" 200 30357
101.83.145.37 - - [25/Jan/2024:11:34:40 +0800] "GET /xingrg/words/20240125111409_words.js HTTP/1.1" 304 -
101.83.145.37 - - [25/Jan/2024:11:34:40 +0800] "GET /xingrg/javascript/easyui/themes/default/validatebox.css HTTP/1.1" 404 1104
101.83.145.37 - - [25/Jan/2024:11:34:40 +0800] "POST /xingrg/kc/base/wldb_order_operate.html HTTP/1.1" 200 4135
124.78.154.219 - - [25/Jan/2024:11:34:42 +0800] "GET /xingrg/all/function/internal_message.html?_=1706153680142&CODE_STATE=getMsg HTTP/1.1" 200 27
101.83.145.37 - - [25/Jan/2024:11:34:47 +0800] "GET /xingrg/all/function/internal_message.html?_=1706153687596&CODE_STATE=getMsg HTTP/1.1" 200 27
116.235.245.21 - - [25/Jan/2024:11:34:47 +0800] "POST /xingrg/kc/buy/cgsh_order_operate.html HTTP/1.1" 200 5610
222.70.115.1 - - [25/Jan/2024:11:34:48 +0800] "GET /xingrg/all/function/internal_message.html?_=1706153696163&CODE_STATE=getMsg HTTP/1.1" 200 27
180.169.147.146 - - [25/Jan/2024:11:34:50 +0800] "GET /xingrg/check_reg.html?_=1706153690269 HTTP/1.1" 200 22
180.169.147.146 - - [25/Jan/2024:11:34:50 +0800] "GET /xingrg/all/function/internal_message.html?_=1706153690275&CODE_STATE=getMsg HTTP/1.1" 200 27
116.235.245.21 - - [25/Jan/2024:11:34:50 +0800] "GET /xingrg/all/function/internal_message.html?_=1706153704754&CODE_STATE=getMsg HTTP/1.1" 200 27
116.230.109.177 - - [25/Jan/2024:11:34:50 +0800] "GET /xingrg/kc/base/wldb_order_operate.html?command=get_materiel&rest_code=00155&base_code=0010739&code=00101008629 HTTP/1.1" 200 443
116.235.245.21 - - [25/Jan/2024:11:34:51 +0800] "GET /xingrg/kc/print/load_config.html?kc_code=cgsh HTTP/1.1" 200 1927
116.235.245.21 - - [25/Jan/2024:11:34:51 +0800] "GET /xingrg/kc/print/load_data.html?order_code=212024012510332&kc_code=cgsh&condition= HTTP/1.1" 200 1808
116.235.93.185 - - [25/Jan/2024:11:34:55 +0800] "GET /xingrg/all/function/internal_message.html?_=1706153695123&CODE_STATE=getMsg HTTP/1.1" 200 27
180.164.1.25 - - [25/Jan/2024:11:34:55 +0800] "GET /xingrg/all/function/internal_message.html?_=1706153695922&CODE_STATE=getMsg HTTP/1.1" 200 27
218.81.65.124 - - [25/Jan/2024:11:34:56 +0800] "GET /xingrg/all/function/internal_message.html?_=1706153701735&CODE_STATE=getMsg HTTP/1.1" 200 27
114.95.241.104 - - [25/Jan/2024:11:34:56 +0800] "GET /xingrg/all/function/internal_message.html?_=1706153696245&CODE_STATE=getMsg HTTP/1.1" 200 27
116.235.245.21 - - [25/Jan/2024:11:34:57 +0800] "GET /xingrg/kc/buy/cgsh_order_add.html HTTP/1.1" 200 73059
116.235.245.21 - - [25/Jan/2024:11:34:58 +0800] "POST /xingrg/kc/buy/cgsh_order_operate.html HTTP/1.1" 200 8245
116.235.245.21 - - [25/Jan/2024:11:34:58 +0800] "GET /xingrg/javascript/easyui/themes/default/validatebox.css HTTP/1.1" 404 1104
116.230.109.177 - - [25/Jan/2024:11:34:58 +0800] "GET /xingrg/kc/base/wldb_order_operate.html?command=get_materiel&rest_code=00155&base_code=0010739&code=00101013048 HTTP/1.1" 200 433
116.230.109.177 - - [25/Jan/2024:11:34:58 +0800] "GET /xingrg/all/function/internal_message.html?_=1706153643353&CODE_STATE=getMsg HTTP/1.1" 200 27
101.228.146.191 - - [25/Jan/2024:11:34:58 +0800] "GET /xingrg/all/function/internal_message.html?_=1706153697788&CODE_STATE=getMsg HTTP/1.1" 200 27
180.171.56.87 - - [25/Jan/2024:11:34:59 +0800] "GET /xingrg/all/function/internal_message.html?_=1706153707541&CODE_STATE=getMsg HTTP/1.1" 200 27
101.83.145.37 - - [25/Jan/2024:11:35:01 +0800] "GET /xingrg/kc/base/wldb_order_add.html HTTP/1.1" 200 30344
101.83.145.37 - - [25/Jan/2024:11:35:02 +0800] "POST /xingrg/kc/base/wldb_order_operate.html HTTP/1.1" 200 6806
101.83.145.37 - - [25/Jan/2024:11:35:02 +0800] "GET /xingrg/javascript/easyui/themes/default/validatebox.css HTTP/1.1" 404 1104
116.230.109.177 - - [25/Jan/2024:11:35:04 +0800] "GET /xingrg/kc/base/wldb_order_operate.html?command=get_materiel&rest_code=00155&base_code=0010739&code=00101013084 HTTP/1.1" 200 429
222.69.132.239 - - [25/Jan/2024:11:35:05 +0800] "GET /xingrg/all/function/internal_message.html?_=1706153706323&CODE_STATE=getMsg HTTP/1.1" 200 27
116.238.110.144 - - [25/Jan/2024:11:35:05 +0800] "GET /xingrg/all/function/internal_message.html?_=1706153706600&CODE_STATE=getMsg HTTP/1.1" 200 27
116.235.245.21 - - [25/Jan/2024:11:35:06 +0800] "GET /xingrg/javascript/jquery_tools/images/prev.gif HTTP/1.1" 404 1086
116.235.245.21 - - [25/Jan/2024:11:35:06 +0800] "GET /xingrg/javascript/jquery_tools/images/next.gif HTTP/1.1" 404 1086
116.230.109.177 - - [25/Jan/2024:11:35:08 +0800] "GET /xingrg/check_reg.html?_=1706153653192 HTTP/1.1" 200 22
116.230.109.177 - - [25/Jan/2024:11:35:08 +0800] "GET /xingrg/all/function/internal_message.html?_=1706153653189&CODE_STATE=getMsg HTTP/1.1" 200 27
116.230.109.177 - - [25/Jan/2024:11:35:12 +0800] "GET /xingrg/kc/base/wldb_order_operate.html?command=get_materiel&rest_code=00155&base_code=0010739&code=00101014080 HTTP/1.1" 200 439
180.152.241.32 - - [25/Jan/2024:11:35:13 +0800] "GET /xingrg/all/function/internal_message.html?_=1706153715317&CODE_STATE=getMsg HTTP/1.1" 200 27
111.18.239.145 - - [25/Jan/2024:11:35:15 +0800] "GET /xingrg/all/function/internal_message.html?_=1706153714812&CODE_STATE=getMsg HTTP/1.1" 200 27
180.163.28.55 - - [25/Jan/2024:11:35:15 +0800] "GET /xingrg/all/function/internal_message.html?_=1706153654706&CODE_STATE=getMsg HTTP/1.1" 302 -
124.78.154.219 - - [25/Jan/2024:11:35:15 +0800] "GET /xingrg/all/function/internal_message.html?_=1706153714716&CODE_STATE=getMsg HTTP/1.1" 200 27
180.163.28.55 - - [25/Jan/2024:11:35:16 +0800] "GET /xingrg/login.html HTTP/1.1" 200 7641
124.78.154.219 - - [25/Jan/2024:11:35:18 +0800] "GET /xingrg/check_reg.html?_=1706153717258 HTTP/1.1" 200 22
116.235.245.21 - - [25/Jan/2024:11:35:19 +0800] "GET /xingrg/kc/buy/cgsh_order_operate.html?command=get_materiel&rest_code=00146&code=00101016017&supplier_code=00100033&order_time=2024-01-25 HTTP/1.1" 200 408
116.230.109.177 - - [25/Jan/2024:11:35:21 +0800] "GET /xingrg/kc/base/wldb_order_operate.html?command=get_materiel&rest_code=00155&base_code=0010739&code=00101020335 HTTP/1.1" 200 455
116.230.109.177 - - [25/Jan/2024:11:35:21 +0800] "GET /xingrg/check_reg.html?_=1706153666456 HTTP/1.1" 200 22
221.239.172.206 - - [25/Jan/2024:11:35:22 +0800] "GET /xingrg/check_reg.html?_=1706153722178 HTTP/1.1" 302 -
101.83.145.37 - - [25/Jan/2024:11:35:25 +0800] "GET /xingrg/all/function/internal_message.html?_=1706153491812&CODE_STATE=getMsg HTTP/1.1" 200 27
101.83.145.37 - - [25/Jan/2024:11:35:26 +0800] "GET /xingrg/kc/base/wldb_order_operate.html?command=get_materiel&rest_code=00105&base_code=0010507&code=00101019527 HTTP/1.1" 200 474
101.83.145.37 - - [25/Jan/2024:11:35:27 +0800] "GET /xingrg/check_reg.html?_=1706153493631 HTTP/1.1" 200 22
101.83.145.37 - - [25/Jan/2024:11:35:27 +0800] "GET /xingrg/all/function/internal_message.html?_=1706153493727&CODE_STATE=getMsg HTTP/1.1" 200 27
180.152.241.32 - - [25/Jan/2024:11:35:28 +0800] "GET /xingrg/kc/base/wldb_order_list.html HTTP/1.1" 200 19013
180.152.241.32 - - [25/Jan/2024:11:35:29 +0800] "POST /xingrg/kc/base/wldb_list_operate.html HTTP/1.1" 200 928
116.230.109.177 - - [25/Jan/2024:11:35:29 +0800] "GET /xingrg/kc/base/wldb_order_operate.html?command=get_materiel&rest_code=00155&base_code=0010739&code=00101019169 HTTP/1.1" 200 479
180.152.241.32 - - [25/Jan/2024:11:35:30 +0800] "GET /xingrg/kc/base/wldb_order_add.html HTTP/1.1" 200 30340
180.152.241.32 - - [25/Jan/2024:11:35:30 +0800] "GET /xingrg/words/20240125111409_words.js HTTP/1.1" 304 -
180.152.241.32 - - [25/Jan/2024:11:35:30 +0800] "POST /xingrg/kc/base/wldb_order_operate.html HTTP/1.1" 200 6806
180.152.241.32 - - [25/Jan/2024:11:35:30 +0800] "GET /xingrg/javascript/easyui/themes/default/validatebox.css HTTP/1.1" 404 1104
124.78.68.102 - - [25/Jan/2024:11:35:31 +0800] "GET /xingrg/all/function/internal_message.html?_=1706153731228&CODE_STATE=getMsg HTTP/1.1" 200 27
180.152.241.32 - - [25/Jan/2024:11:35:32 +0800] "POST /xingrg/all/common/load_combo.html?type=base HTTP/1.1" 200 3321
172.20.0.100 - - [25/Jan/2024:11:35:36 +0800] "GET /xingrg/all/function/internal_message.html?_=1706153741811&CODE_STATE=getMsg HTTP/1.1" 200 27
116.235.245.21 - - [25/Jan/2024:11:35:36 +0800] "GET /xingrg/kc/buy/cgsh_order_operate.html?command=get_materiel&rest_code=00146&code=00101007109&supplier_code=00100033&order_time=2024-01-25 HTTP/1.1" 200 408
116.230.109.177 - - [25/Jan/2024:11:35:36 +0800] "GET /xingrg/kc/base/wldb_order_operate.html?command=get_materiel&rest_code=00155&base_code=0010739&code=00101019553 HTTP/1.1" 200 453
124.78.68.102 - - [25/Jan/2024:11:35:36 +0800] "GET /xingrg/all/function/internal_message.html?_=1706153736393&CODE_STATE=getMsg HTTP/1.1" 200 27
180.152.241.32 - - [25/Jan/2024:11:35:37 +0800] "GET /xingrg/javascript/auto/indicator.gif HTTP/1.1" 404 1066
116.230.123.222 - - [25/Jan/2024:11:35:37 +0800] "GET /xingrg/check_reg.html?_=1706153736346 HTTP/1.1" 200 22
116.230.123.222 - - [25/Jan/2024:11:35:37 +0800] "GET /xingrg/all/function/internal_message.html?_=1706153736347&CODE_STATE=getMsg HTTP/1.1" 200 27
116.230.109.177 - - [25/Jan/2024:11:35:38 +0800] "POST /xingrg/kc/base/wldb_order_operate.html HTTP/1.1" 200 1710
101.83.145.37 - - [25/Jan/2024:11:35:39 +0800] "GET /xingrg/kc/base/wldb_order_operate.html?command=get_materiel&rest_code=00105&base_code=0010507&code=00101019187 HTTP/1.1" 200 479
116.230.109.177 - - [25/Jan/2024:11:35:41 +0800] "GET /xingrg/kc/base/wldb_order_operate.html?command=get_materiel&rest_code=00155&base_code=0010739&code=00101010059 HTTP/1.1" 200 433
124.78.154.219 - - [25/Jan/2024:11:35:42 +0800] "GET /xingrg/all/function/internal_message.html?_=1706153740155&CODE_STATE=getMsg HTTP/1.1" 200 27
180.152.241.32 - - [25/Jan/2024:11:35:43 +0800] "GET /xingrg/kc/base/wldb_order_operate.html?command=get_materiel&rest_code=00102&base_code=0010477&code=00102002334 HTTP/1.1" 200 431
101.83.145.37 - - [25/Jan/2024:11:35:47 +0800] "GET /xingrg/all/function/internal_message.html?_=1706153747578&CODE_STATE=getMsg HTTP/1.1" 200 27
180.152.241.32 - - [25/Jan/2024:11:35:48 +0800] "GET /xingrg/kc/base/wldb_order_operate.html?command=get_materiel&rest_code=00102&base_code=0010477&code=00102002586 HTTP/1.1" 200 439
222.70.115.1 - - [25/Jan/2024:11:35:49 +0800] "GET /xingrg/all/function/internal_message.html?_=1706153757165&CODE_STATE=getMsg HTTP/1.1" 200 27
101.83.145.37 - - [25/Jan/2024:11:35:50 +0800] "GET /xingrg/kc/base/wldb_order_operate.html?command=get_materiel&rest_code=00105&base_code=0010507&code=00101019253 HTTP/1.1" 200 482
180.169.147.146 - - [25/Jan/2024:11:35:50 +0800] "GET /xingrg/all/function/internal_message.html?_=1706153750276&CODE_STATE=getMsg HTTP/1.1" 200 27
116.235.245.21 - - [25/Jan/2024:11:35:50 +0800] "GET /xingrg/all/function/internal_message.html?_=1706153764768&CODE_STATE=getMsg HTTP/1.1" 200 27
116.230.109.177 - - [25/Jan/2024:11:35:50 +0800] "GET /xingrg/kc/base/wldb_order_operate.html?command=get_materiel&rest_code=00155&base_code=0010739&code=00101019530 HTTP/1.1" 200 478
116.235.245.21 - - [25/Jan/2024:11:35:51 +0800] "GET /xingrg/kc/buy/cgsh_order_operate.html?command=get_materiel&rest_code=00146&code=00101016030&supplier_code=00100033&order_time=2024-01-25 HTTP/1.1" 200 412
180.152.241.32 - - [25/Jan/2024:11:35:54 +0800] "GET /xingrg/kc/base/wldb_order_operate.html?command=get_materiel&rest_code=00102&base_code=0010477&code=00102002335 HTTP/1.1" 200 439
116.235.93.185 - - [25/Jan/2024:11:35:55 +0800] "GET /xingrg/all/function/internal_message.html?_=1706153755115&CODE_STATE=getMsg HTTP/1.1" 200 27
180.164.1.25 - - [25/Jan/2024:11:35:55 +0800] "GET /xingrg/all/function/internal_message.html?_=1706153755919&CODE_STATE=getMsg HTTP/1.1" 200 27
218.81.65.124 - - [25/Jan/2024:11:35:56 +0800] "GET /xingrg/all/function/internal_message.html?_=1706153761735&CODE_STATE=getMsg HTTP/1.1" 200 27
114.95.241.104 - - [25/Jan/2024:11:35:56 +0800] "GET /xingrg/all/function/internal_message.html?_=1706153756234&CODE_STATE=getMsg HTTP/1.1" 200 27
116.230.109.177 - - [25/Jan/2024:11:35:58 +0800] "GET /xingrg/kc/base/wldb_order_operate.html?command=get_materiel&rest_code=00155&base_code=0010739&code=00101019204 HTTP/1.1" 200 438
116.230.109.177 - - [25/Jan/2024:11:35:58 +0800] "GET /xingrg/all/function/internal_message.html?_=1706153703355&CODE_STATE=getMsg HTTP/1.1" 200 27
101.228.146.191 - - [25/Jan/2024:11:35:58 +0800] "GET /xingrg/all/function/internal_message.html?_=1706153757787&CODE_STATE=getMsg HTTP/1.1" 200 27
180.171.56.87 - - [25/Jan/2024:11:35:59 +0800] "GET /xingrg/all/function/internal_message.html?_=1706153767542&CODE_STATE=getMsg HTTP/1.1" 200 27
101.83.145.37 - - [25/Jan/2024:11:36:00 +0800] "GET /xingrg/kc/base/wldb_order_operate.html?command=get_materiel&rest_code=00105&base_code=0010507&code=00101019175 HTTP/1.1" 200 439
180.152.241.32 - - [25/Jan/2024:11:36:01 +0800] "GET /xingrg/kc/base/wldb_order_operate.html?command=get_materiel&rest_code=00102&base_code=0010477&code=00102002367 HTTP/1.1" 200 431
116.235.245.21 - - [25/Jan/2024:11:36:03 +0800] "GET /xingrg/kc/buy/cgsh_order_operate.html?command=get_materiel&rest_code=00146&code=00101011001&supplier_code=00100033&order_time=2024-01-25 HTTP/1.1" 200 423
222.69.132.239 - - [25/Jan/2024:11:36:05 +0800] "GET /xingrg/all/function/internal_message.html?_=1706153766314&CODE_STATE=getMsg HTTP/1.1" 200 27
116.230.109.177 - - [25/Jan/2024:11:36:05 +0800] "GET /xingrg/kc/base/wldb_order_operate.html?command=get_materiel&rest_code=00155&base_code=0010739&code=00101019071 HTTP/1.1" 200 471
116.238.110.144 - - [25/Jan/2024:11:36:05 +0800] "GET /xingrg/all/function/internal_message.html?_=1706153766587&CODE_STATE=getMsg HTTP/1.1" 200 27
116.230.109.177 - - [25/Jan/2024:11:36:08 +0800] "GET /xingrg/all/function/internal_message.html?_=1706153713177&CODE_STATE=getMsg HTTP/1.1" 200 27
101.83.145.37 - - [25/Jan/2024:11:36:09 +0800] "GET /xingrg/kc/base/wldb_order_operate.html?command=get_materiel&rest_code=00105&base_code=0010507&code=00101019438 HTTP/1.1" 200 461
180.152.241.32 - - [25/Jan/2024:11:36:13 +0800] "GET /xingrg/all/function/internal_message.html?_=1706153775295&CODE_STATE=getMsg HTTP/1.1" 200 27
116.235.245.21 - - [25/Jan/2024:11:36:14 +0800] "GET /xingrg/kc/buy/cgsh_order_operate.html?command=get_materiel&rest_code=00146&code=00101012029&supplier_code=00100033&order_time=2024-01-25 HTTP/1.1" 200 412
111.18.239.145 - - [25/Jan/2024:11:36:15 +0800] "GET /xingrg/all/function/internal_message.html?_=1706153774811&CODE_STATE=getMsg HTTP/1.1" 200 27
124.78.154.219 - - [25/Jan/2024:11:36:15 +0800] "GET /xingrg/all/function/internal_message.html?_=1706153774669&CODE_STATE=getMsg HTTP/1.1" 200 27
116.230.109.177 - - [25/Jan/2024:11:36:15 +0800] "POST /xingrg/kc/base/wldb_order_operate.html HTTP/1.1" 200 1710
101.83.145.37 - - [25/Jan/2024:11:36:21 +0800] "GET /xingrg/kc/base/wldb_order_operate.html?command=get_materiel&rest_code=00105&base_code=0010507&code=00101016076 HTTP/1.1" 200 477
116.230.109.177 - - [25/Jan/2024:11:36:24 +0800] "GET /xingrg/kc/base/wldb_order_operate.html?command=get_materiel&rest_code=00155&base_code=0010739&code=00101019391 HTTP/1.1" 200 485
101.83.145.37 - - [25/Jan/2024:11:36:25 +0800] "GET /xingrg/check_reg.html?_=1706153551812 HTTP/1.1" 200 22
101.83.145.37 - - [25/Jan/2024:11:36:25 +0800] "GET /xingrg/all/function/internal_message.html?_=1706153551815&CODE_STATE=getMsg HTTP/1.1" 200 27
101.83.145.37 - - [25/Jan/2024:11:36:27 +0800] "GET /xingrg/all/function/internal_message.html?_=1706153553711&CODE_STATE=getMsg HTTP/1.1" 200 27
116.235.245.21 - - [25/Jan/2024:11:36:29 +0800] "GET /xingrg/kc/buy/cgsh_order_operate.html?command=get_materiel&rest_code=00146&code=00101016105&supplier_code=00100033&order_time=2024-01-25 HTTP/1.1" 200 409
124.78.68.102 - - [25/Jan/2024:11:36:31 +0800] "GET /xingrg/all/function/internal_message.html?_=1706153791204&CODE_STATE=getMsg HTTP/1.1" 200 27
124.78.68.102 - - [25/Jan/2024:11:36:31 +0800] "GET /xingrg/check_reg.html?_=1706153791266 HTTP/1.1" 200 22
101.83.145.37 - - [25/Jan/2024:11:36:31 +0800] "GET /xingrg/kc/base/wldb_order_operate.html?command=get_materiel&rest_code=00105&base_code=0010507&code=00101016096 HTTP/1.1" 200 449
116.230.109.177 - - [25/Jan/2024:11:36:32 +0800] "GET /xingrg/kc/base/wldb_order_operate.html?command=get_materiel&rest_code=00155&base_code=0010739&code=00101019184 HTTP/1.1" 200 456
172.20.0.100 - - [25/Jan/2024:11:36:36 +0800] "GET /xingrg/all/function/internal_message.html?_=1706153801810&CODE_STATE=getMsg HTTP/1.1" 200 27
124.78.68.102 - - [25/Jan/2024:11:36:36 +0800] "GET /xingrg/all/function/internal_message.html?_=1706153796392&CODE_STATE=getMsg HTTP/1.1" 200 27
116.230.123.222 - - [25/Jan/2024:11:36:37 +0800] "GET /xingrg/all/function/internal_message.html?_=1706153796346&CODE_STATE=getMsg HTTP/1.1" 200 27
116.230.109.177 - - [25/Jan/2024:11:36:41 +0800] "GET /xingrg/kc/base/wldb_order_operate.html?command=get_materiel&rest_code=00155&base_code=0010739&code=00101019133 HTTP/1.1" 200 480
124.78.154.219 - - [25/Jan/2024:11:36:42 +0800] "GET /xingrg/all/function/internal_message.html?_=1706153800141&CODE_STATE=getMsg HTTP/1.1" 200 27
124.78.154.219 - - [25/Jan/2024:11:36:43 +0800] "GET /xingrg/check_reg.html?_=1706153801127 HTTP/1.1" 200 22
101.83.145.37 - - [25/Jan/2024:11:36:45 +0800] "GET /xingrg/kc/base/wldb_order_operate.html?command=get_materiel&rest_code=00105&base_code=0010507&code=00101019185 HTTP/1.1" 200 469
116.230.109.177 - - [25/Jan/2024:11:36:47 +0800] "GET /xingrg/kc/base/wldb_order_operate.html?command=get_materiel&rest_code=00155&base_code=0010739&code=00101019185 HTTP/1.1" 200 469
101.83.145.37 - - [25/Jan/2024:11:36:47 +0800] "GET /xingrg/all/function/internal_message.html?_=1706153807546&CODE_STATE=getMsg HTTP/1.1" 200 27
116.230.109.177 - - [25/Jan/2024:11:36:49 +0800] "POST /xingrg/kc/base/wldb_order_operate.html HTTP/1.1" 200 1710
180.169.147.146 - - [25/Jan/2024:11:36:50 +0800] "GET /xingrg/all/function/internal_message.html?_=1706153810262&CODE_STATE=getMsg HTTP/1.1" 200 27
222.70.115.1 - - [25/Jan/2024:11:36:50 +0800] "GET /xingrg/all/function/internal_message.html?_=1706153818168&CODE_STATE=getMsg HTTP/1.1" 200 27
222.70.115.1 - - [25/Jan/2024:11:36:50 +0800] "GET /xingrg/check_reg.html?_=1706153818169 HTTP/1.1" 200 22
116.235.245.21 - - [25/Jan/2024:11:36:50 +0800] "GET /xingrg/all/function/internal_message.html?_=1706153824781&CODE_STATE=getMsg HTTP/1.1" 200 27
116.235.245.21 - - [25/Jan/2024:11:36:51 +0800] "GET /xingrg/kc/buy/cgsh_order_operate.html?command=get_materiel&rest_code=00146&code=00101012057&supplier_code=00100033&order_time=2024-01-25 HTTP/1.1" 200 420
180.152.241.32 - - [25/Jan/2024:11:36:53 +0800] "GET /xingrg/kc/buy/cgsh_order_list.html HTTP/1.1" 200 57277
116.235.93.185 - - [25/Jan/2024:11:36:55 +0800] "GET /xingrg/all/function/internal_message.html?_=1706153815125&CODE_STATE=getMsg HTTP/1.1" 200 27
180.152.241.32 - - [25/Jan/2024:11:36:55 +0800] "POST /xingrg/kc/buy/cgsh_list_operate.html HTTP/1.1" 200 986
180.164.1.25 - - [25/Jan/2024:11:36:55 +0800] "GET /xingrg/all/function/internal_message.html?_=1706153815920&CODE_STATE=getMsg HTTP/1.1" 200 27
218.81.65.124 - - [25/Jan/2024:11:36:56 +0800] "GET /xingrg/all/function/internal_message.html?_=1706153821733&CODE_STATE=getMsg HTTP/1.1" 200 27
114.95.241.104 - - [25/Jan/2024:11:36:56 +0800] "GET /xingrg/all/function/internal_message.html?_=1706153816223&CODE_STATE=getMsg HTTP/1.1" 200 27
101.83.145.37 - - [25/Jan/2024:11:36:58 +0800] "GET /xingrg/kc/base/wldb_order_operate.html?command=get_materiel&rest_code=00105&base_code=0010507&code=00101019258 HTTP/1.1" 200 483
101.228.146.191 - - [25/Jan/2024:11:36:58 +0800] "GET /xingrg/all/function/internal_message.html?_=1706153817789&CODE_STATE=getMsg HTTP/1.1" 200 27
101.228.146.191 - - [25/Jan/2024:11:36:58 +0800] "GET /xingrg/check_reg.html?_=1706153817791 HTTP/1.1" 200 22
180.171.56.87 - - [25/Jan/2024:11:36:59 +0800] "GET /xingrg/all/function/internal_message.html?_=1706153827545&CODE_STATE=getMsg HTTP/1.1" 200 27
116.230.109.177 - - [25/Jan/2024:11:37:03 +0800] "POST /xingrg/kc/base/wldb_order_operate.html HTTP/1.1" 200 37
116.230.109.177 - - [25/Jan/2024:11:37:04 +0800] "POST /xingrg/kc/base/wldb_order_operate.html HTTP/1.1" 200 16456
222.69.132.239 - - [25/Jan/2024:11:37:05 +0800] "GET /xingrg/all/function/internal_message.html?_=1706153826321&CODE_STATE=getMsg HTTP/1.1" 200 27
222.69.132.239 - - [25/Jan/2024:11:37:05 +0800] "GET /xingrg/check_reg.html?_=1706153826325 HTTP/1.1" 200 22
180.152.241.32 - - [25/Jan/2024:11:37:05 +0800] "GET /xingrg/kc/buy/cgsh_order_add.html HTTP/1.1" 200 73094
116.230.109.177 - - [25/Jan/2024:11:37:05 +0800] "GET /xingrg/kc/base/wldb_order_info.html?code=422024012502667 HTTP/1.1" 200 30368
116.230.109.177 - - [25/Jan/2024:11:37:05 +0800] "GET /xingrg/words/20240125111409_words.js HTTP/1.1" 304 -
180.152.241.32 - - [25/Jan/2024:11:37:05 +0800] "POST /xingrg/kc/buy/cgsh_order_operate.html HTTP/1.1" 200 8245
116.238.110.144 - - [25/Jan/2024:11:37:05 +0800] "GET /xingrg/all/function/internal_message.html?_=1706153826603&CODE_STATE=getMsg HTTP/1.1" 200 27
180.152.241.32 - - [25/Jan/2024:11:37:05 +0800] "GET /xingrg/javascript/easyui/themes/default/validatebox.css HTTP/1.1" 404 1104
116.230.109.177 - - [25/Jan/2024:11:37:06 +0800] "GET /xingrg/javascript/easyui/themes/default/validatebox.css HTTP/1.1" 404 1104
180.152.241.32 - - [25/Jan/2024:11:37:06 +0800] "GET /xingrg/javascript/auto/indicator.gif HTTP/1.1" 404 1066
116.230.109.177 - - [25/Jan/2024:11:37:06 +0800] "POST /xingrg/kc/base/wldb_order_operate.html HTTP/1.1" 200 16456
116.230.109.177 - - [25/Jan/2024:11:37:08 +0800] "GET /xingrg/all/function/internal_message.html?_=1706153773179&CODE_STATE=getMsg HTTP/1.1" 200 27
116.235.245.21 - - [25/Jan/2024:11:37:08 +0800] "GET /xingrg/kc/buy/cgsh_order_operate.html?command=get_materiel&rest_code=00146&code=00101016025&supplier_code=00100033&order_time=2024-01-25 HTTP/1.1" 200 408
101.83.145.37 - - [25/Jan/2024:11:37:11 +0800] "GET /xingrg/kc/base/wldb_order_operate.html?command=get_materiel&rest_code=00105&base_code=0010507&code=00101019306 HTTP/1.1" 200 479
116.230.109.177 - - [25/Jan/2024:11:37:12 +0800] "POST /xingrg/kc/base/wldb_list_operate.html HTTP/1.1" 200 4606
180.152.241.32 - - [25/Jan/2024:11:37:13 +0800] "GET /xingrg/all/function/internal_message.html?_=1706153835271&CODE_STATE=getMsg HTTP/1.1" 200 27
180.152.241.32 - - [25/Jan/2024:11:37:13 +0800] "GET /xingrg/check_reg.html?_=1706153835554 HTTP/1.1" 200 22
180.152.241.32 - - [25/Jan/2024:11:37:14 +0800] "GET /xingrg/kc/buy/cgsh_order_operate.html?command=get_materiel&rest_code=00102&code=00101006012&supplier_code=00100151&order_time=2024-01-25 HTTP/1.1" 200 419
116.230.109.177 - - [25/Jan/2024:11:37:15 +0800] "POST /xingrg/kc/base/wldb_list_operate.html HTTP/1.1" 200 199
111.18.239.145 - - [25/Jan/2024:11:37:15 +0800] "GET /xingrg/check_reg.html?_=1706153834815 HTTP/1.1" 200 22
111.18.239.145 - - [25/Jan/2024:11:37:15 +0800] "GET /xingrg/all/function/internal_message.html?_=1706153834820&CODE_STATE=getMsg HTTP/1.1" 200 27
124.78.154.219 - - [25/Jan/2024:11:37:15 +0800] "GET /xingrg/all/function/internal_message.html?_=1706153834662&CODE_STATE=getMsg HTTP/1.1" 200 27
116.238.110.144 - - [25/Jan/2024:11:37:16 +0800] "GET /xingrg/kc/buy/buy_main.html HTTP/1.1" 200 12412
116.238.110.144 - - [25/Jan/2024:11:37:16 +0800] "GET /xingrg/css/new_ie.css HTTP/1.1" 404 1036
116.238.110.144 - - [25/Jan/2024:11:37:16 +0800] "GET /xingrg/images/yd/bt.gif HTTP/1.1" 404 1040
116.238.110.144 - - [25/Jan/2024:11:37:18 +0800] "GET /xingrg/kc/buy/cgsh_order_list.html HTTP/1.1" 200 57281
101.83.145.37 - - [25/Jan/2024:11:37:23 +0800] "GET /xingrg/kc/base/wldb_order_operate.html?command=get_materiel&rest_code=00105&base_code=0010507&code=00101019183 HTTP/1.1" 200 449
101.83.145.37 - - [25/Jan/2024:11:37:25 +0800] "GET /xingrg/all/function/internal_message.html?_=1706153611800&CODE_STATE=getMsg HTTP/1.1" 200 27
101.83.145.37 - - [25/Jan/2024:11:37:27 +0800] "GET /xingrg/all/function/internal_message.html?_=1706153613692&CODE_STATE=getMsg HTTP/1.1" 200 27
116.235.245.21 - - [25/Jan/2024:11:37:29 +0800] "POST /xingrg/kc/buy/cgsh_order_operate.html HTTP/1.1" 200 37
124.78.68.102 - - [25/Jan/2024:11:37:31 +0800] "GET /xingrg/all/function/internal_message.html?_=1706153851189&CODE_STATE=getMsg HTTP/1.1" 200 27
116.238.110.144 - - [25/Jan/2024:11:37:32 +0800] "POST /xingrg/kc/buy/cgsh_list_operate.html HTTP/1.1" 200 3055
172.20.0.100 - - [25/Jan/2024:11:37:36 +0800] "GET /xingrg/all/function/internal_message.html?_=1706153861808&CODE_STATE=getMsg HTTP/1.1" 200 27
124.78.68.102 - - [25/Jan/2024:11:37:36 +0800] "GET /xingrg/all/function/internal_message.html?_=1706153856433&CODE_STATE=getMsg HTTP/1.1" 200 27
101.83.145.37 - - [25/Jan/2024:11:37:37 +0800] "GET /xingrg/kc/base/wldb_order_operate.html?command=get_materiel&rest_code=00105&base_code=0010507&code=00101016044 HTTP/1.1" 200 466
116.230.123.222 - - [25/Jan/2024:11:37:37 +0800] "GET /xingrg/all/function/internal_message.html?_=1706153856345&CODE_STATE=getMsg HTTP/1.1" 200 27
116.235.245.21 - - [25/Jan/2024:11:37:40 +0800] "POST /xingrg/kc/buy/cgsh_order_operate.html HTTP/1.1" 200 6798
124.78.154.219 - - [25/Jan/2024:11:37:42 +0800] "GET /xingrg/all/function/internal_message.html?_=1706153860113&CODE_STATE=getMsg HTTP/1.1" 200 27
101.83.145.37 - - [25/Jan/2024:11:37:47 +0800] "GET /xingrg/all/function/internal_message.html?_=1706153867514&CODE_STATE=getMsg HTTP/1.1" 200 27
180.169.147.146 - - [25/Jan/2024:11:37:50 +0800] "GET /xingrg/all/function/internal_message.html?_=1706153870263&CODE_STATE=getMsg HTTP/1.1" 200 27
116.235.245.21 - - [25/Jan/2024:11:37:50 +0800] "GET /xingrg/check_reg.html?_=1706153884732 HTTP/1.1" 200 22
116.235.245.21 - - [25/Jan/2024:11:37:50 +0800] "GET /xingrg/all/function/internal_message.html?_=1706153884795&CODE_STATE=getMsg HTTP/1.1" 200 27
222.70.115.1 - - [25/Jan/2024:11:37:51 +0800] "GET /xingrg/all/function/internal_message.html?_=1706153879170&CODE_STATE=getMsg HTTP/1.1" 200 27
116.235.93.185 - - [25/Jan/2024:11:37:55 +0800] "GET /xingrg/all/function/internal_message.html?_=1706153875122&CODE_STATE=getMsg HTTP/1.1" 200 27
116.235.93.185 - - [25/Jan/2024:11:37:55 +0800] "GET /xingrg/check_reg.html?_=1706153875126 HTTP/1.1" 200 22
180.164.1.25 - - [25/Jan/2024:11:37:55 +0800] "GET /xingrg/all/function/internal_message.html?_=1706153875914&CODE_STATE=getMsg HTTP/1.1" 200 27
218.81.65.124 - - [25/Jan/2024:11:37:56 +0800] "GET /xingrg/all/function/internal_message.html?_=1706153881731&CODE_STATE=getMsg HTTP/1.1" 200 27
218.81.65.124 - - [25/Jan/2024:11:37:56 +0800] "GET /xingrg/check_reg.html?_=1706153881733 HTTP/1.1" 200 22
111.18.239.145 - - [25/Jan/2024:11:37:56 +0800] "GET /xingrg/kc/buy/cgsh_order_add.html HTTP/1.1" 200 73147
111.18.239.145 - - [25/Jan/2024:11:37:56 +0800] "GET /xingrg/words/20240125111409_words.js HTTP/1.1" 304 -
111.18.239.145 - - [25/Jan/2024:11:37:56 +0800] "POST /xingrg/kc/buy/cgsh_order_operate.html HTTP/1.1" 200 8245
111.18.239.145 - - [25/Jan/2024:11:37:56 +0800] "GET /xingrg/javascript/easyui/themes/default/validatebox.css HTTP/1.1" 404 1104
114.95.241.104 - - [25/Jan/2024:11:37:56 +0800] "GET /xingrg/all/function/internal_message.html?_=1706153876268&CODE_STATE=getMsg HTTP/1.1" 200 27
114.95.241.104 - - [25/Jan/2024:11:37:56 +0800] "GET /xingrg/check_reg.html?_=1706153876269 HTTP/1.1" 200 22
116.235.245.21 - - [25/Jan/2024:11:37:57 +0800] "GET /xingrg/kc/buy/cgsh_order_add.html HTTP/1.1" 200 73059
116.235.245.21 - - [25/Jan/2024:11:37:57 +0800] "POST /xingrg/kc/buy/cgsh_order_operate.html HTTP/1.1" 200 8245
116.235.245.21 - - [25/Jan/2024:11:37:57 +0800] "GET /xingrg/javascript/easyui/themes/default/validatebox.css HTTP/1.1" 404 1104
116.230.109.177 - - [25/Jan/2024:11:37:58 +0800] "GET /xingrg/all/function/internal_message.html?_=1706153823341&CODE_STATE=getMsg HTTP/1.1" 200 27
111.18.239.145 - - [25/Jan/2024:11:37:58 +0800] "POST /xingrg/kc/buy/cgsh_list_operate.html HTTP/1.1" 200 1869
101.228.146.191 - - [25/Jan/2024:11:37:58 +0800] "GET /xingrg/all/function/internal_message.html?_=1706153877776&CODE_STATE=getMsg HTTP/1.1" 200 27
180.171.56.87 - - [25/Jan/2024:11:37:59 +0800] "GET /xingrg/all/function/internal_message.html?_=1706153887547&CODE_STATE=getMsg HTTP/1.1" 200 27
180.171.56.87 - - [25/Jan/2024:11:37:59 +0800] "GET /xingrg/check_reg.html?_=1706153887550 HTTP/1.1" 200 22
101.83.145.37 - - [25/Jan/2024:11:38:00 +0800] "GET /xingrg/kc/base/wldb_order_operate.html?command=get_materiel&rest_code=00105&base_code=0010507&code=00101019018 HTTP/1.1" 200 465
222.69.132.239 - - [25/Jan/2024:11:38:05 +0800] "GET /xingrg/all/function/internal_message.html?_=1706153886316&CODE_STATE=getMsg HTTP/1.1" 200 27
116.238.110.144 - - [25/Jan/2024:11:38:05 +0800] "GET /xingrg/check_reg.html?_=1706153886591 HTTP/1.1" 200 22
116.238.110.144 - - [25/Jan/2024:11:38:05 +0800] "GET /xingrg/all/function/internal_message.html?_=1706153886594&CODE_STATE=getMsg HTTP/1.1" 200 27
116.230.109.177 - - [25/Jan/2024:11:38:08 +0800] "GET /xingrg/all/function/internal_message.html?_=1706153833188&CODE_STATE=getMsg HTTP/1.1" 200 27
116.230.109.177 - - [25/Jan/2024:11:38:10 +0800] "POST /xingrg/kc/base/wldb_list_operate.html HTTP/1.1" 200 4
111.18.239.145 - - [25/Jan/2024:11:38:11 +0800] "GET /xingrg/kc/buy/cgsh_order_operate.html?command=get_materiel&rest_code=00149&code=00101010092&supplier_code=00100096&order_time=2024-01-25 HTTP/1.1" 200 450
116.230.109.177 - - [25/Jan/2024:11:38:12 +0800] "POST /xingrg/kc/base/wldb_list_operate.html HTTP/1.1" 200 928
180.152.241.32 - - [25/Jan/2024:11:38:13 +0800] "GET /xingrg/all/function/internal_message.html?_=1706153895254&CODE_STATE=getMsg HTTP/1.1" 200 27
111.18.239.145 - - [25/Jan/2024:11:38:15 +0800] "GET /xingrg/all/function/internal_message.html?_=1706153894812&CODE_STATE=getMsg HTTP/1.1" 200 27
124.78.154.219 - - [25/Jan/2024:11:38:15 +0800] "GET /xingrg/all/function/internal_message.html?_=1706153894631&CODE_STATE=getMsg HTTP/1.1" 200 27
101.83.145.37 - - [25/Jan/2024:11:38:19 +0800] "GET /xingrg/kc/base/wldb_order_operate.html?command=get_materiel&rest_code=00105&base_code=0010507&code=00101013193 HTTP/1.1" 200 445
116.230.109.177 - - [25/Jan/2024:11:38:21 +0800] "GET /xingrg/kc/base/wldb_order_add.html HTTP/1.1" 200 30350
116.230.109.177 - - [25/Jan/2024:11:38:21 +0800] "POST /xingrg/kc/base/wldb_order_operate.html HTTP/1.1" 200 6806
116.230.109.177 - - [25/Jan/2024:11:38:21 +0800] "GET /xingrg/javascript/easyui/themes/default/validatebox.css HTTP/1.1" 404 1104
101.83.145.37 - - [25/Jan/2024:11:38:25 +0800] "GET /xingrg/all/function/internal_message.html?_=1706153671800&CODE_STATE=getMsg HTTP/1.1" 200 27
101.83.145.37 - - [25/Jan/2024:11:38:27 +0800] "GET /xingrg/all/function/internal_message.html?_=1706153673674&CODE_STATE=getMsg HTTP/1.1" 200 27
101.83.145.37 - - [25/Jan/2024:11:38:30 +0800] "GET /xingrg/kc/base/wldb_order_operate.html?command=get_materiel&rest_code=00105&base_code=0010507&code=00101019400 HTTP/1.1" 200 464
124.78.68.102 - - [25/Jan/2024:11:38:31 +0800] "GET /xingrg/all/function/internal_message.html?_=1706153911161&CODE_STATE=getMsg HTTP/1.1" 200 27
172.20.0.100 - - [25/Jan/2024:11:38:36 +0800] "GET /xingrg/all/function/internal_message.html?_=1706153921807&CODE_STATE=getMsg HTTP/1.1" 200 27
172.20.0.100 - - [25/Jan/2024:11:38:36 +0800] "GET /xingrg/check_reg.html?_=1706153921808 HTTP/1.1" 200 22
124.78.68.102 - - [25/Jan/2024:11:38:36 +0800] "GET /xingrg/check_reg.html?_=1706153916418 HTTP/1.1" 200 22
111.18.239.145 - - [25/Jan/2024:11:38:36 +0800] "GET /xingrg/kc/buy/cgsh_order_operate.html?command=get_materiel&rest_code=00149&code=00101016038&supplier_code=00100096&order_time=2024-01-25 HTTP/1.1" 200 408
124.78.68.102 - - [25/Jan/2024:11:38:36 +0800] "GET /xingrg/all/function/internal_message.html?_=1706153916420&CODE_STATE=getMsg HTTP/1.1" 200 27
116.230.109.177 - - [25/Jan/2024:11:38:37 +0800] "GET /xingrg/kc/base/wldb_order_operate.html?command=get_materiel&rest_code=00155&base_code=0010756&code=00102002068 HTTP/1.1" 200 443
116.230.123.222 - - [25/Jan/2024:11:38:37 +0800] "GET /xingrg/all/function/internal_message.html?_=1706153916343&CODE_STATE=getMsg HTTP/1.1" 200 27
124.78.154.219 - - [25/Jan/2024:11:38:42 +0800] "GET /xingrg/all/function/internal_message.html?_=1706153920098&CODE_STATE=getMsg HTTP/1.1" 200 27
116.230.109.177 - - [25/Jan/2024:11:38:44 +0800] "GET /xingrg/kc/base/wldb_order_operate.html?command=get_materiel&rest_code=00155&base_code=0010756&code=00101027001 HTTP/1.1" 200 472
101.83.145.37 - - [25/Jan/2024:11:38:46 +0800] "GET /xingrg/check_reg.html?_=1706153926314 HTTP/1.1" 200 22
116.235.245.21 - - [25/Jan/2024:11:38:46 +0800] "GET /xingrg/kc/buy/cgsh_order_operate.html?command=get_materiel&rest_code=00146&code=00101002027&supplier_code=00100199&order_time=2024-01-25 HTTP/1.1" 200 413
101.83.145.37 - - [25/Jan/2024:11:38:47 +0800] "GET /xingrg/all/function/internal_message.html?_=1706153927485&CODE_STATE=getMsg HTTP/1.1" 200 27
111.18.239.145 - - [25/Jan/2024:11:38:49 +0800] "GET /xingrg/kc/buy/cgsh_order_operate.html?command=get_materiel&rest_code=00149&code=00101016025&supplier_code=00100096&order_time=2024-01-25 HTTP/1.1" 200 410
180.169.147.146 - - [25/Jan/2024:11:38:50 +0800] "GET /xingrg/all/function/internal_message.html?_=1706153930257&CODE_STATE=getMsg HTTP/1.1" 200 27
116.235.245.21 - - [25/Jan/2024:11:38:50 +0800] "GET /xingrg/all/function/internal_message.html?_=1706153944808&CODE_STATE=getMsg HTTP/1.1" 200 27
116.230.109.177 - - [25/Jan/2024:11:38:50 +0800] "POST /xingrg/kc/base/wldb_order_operate.html HTTP/1.1" 200 37
116.230.109.177 - - [25/Jan/2024:11:38:51 +0800] "POST /xingrg/kc/base/wldb_order_operate.html HTTP/1.1" 200 2217
222.70.115.1 - - [25/Jan/2024:11:38:52 +0800] "GET /xingrg/all/function/internal_message.html?_=1706153940173&CODE_STATE=getMsg HTTP/1.1" 200 27
116.230.109.177 - - [25/Jan/2024:11:38:53 +0800] "GET /xingrg/kc/base/wldb_order_info.html?code=422024012502668 HTTP/1.1" 200 30361
116.230.109.177 - - [25/Jan/2024:11:38:53 +0800] "GET /xingrg/javascript/easyui/themes/default/validatebox.css HTTP/1.1" 404 1104
116.230.109.177 - - [25/Jan/2024:11:38:54 +0800] "POST /xingrg/kc/base/wldb_order_operate.html HTTP/1.1" 200 2217
101.83.145.37 - - [25/Jan/2024:11:38:55 +0800] "GET /xingrg/kc/base/wldb_order_operate.html?command=get_materiel&rest_code=00105&base_code=0010507&code=00101019222 HTTP/1.1" 200 452
116.235.93.185 - - [25/Jan/2024:11:38:55 +0800] "GET /xingrg/all/function/internal_message.html?_=1706153935122&CODE_STATE=getMsg HTTP/1.1" 200 27
180.164.1.25 - - [25/Jan/2024:11:38:55 +0800] "GET /xingrg/all/function/internal_message.html?_=1706153935930&CODE_STATE=getMsg HTTP/1.1" 200 27
180.164.1.25 - - [25/Jan/2024:11:38:55 +0800] "GET /xingrg/check_reg.html?_=1706153935933 HTTP/1.1" 200 22
218.81.65.124 - - [25/Jan/2024:11:38:56 +0800] "GET /xingrg/all/function/internal_message.html?_=1706153941732&CODE_STATE=getMsg HTTP/1.1" 200 27
114.95.241.104 - - [25/Jan/2024:11:38:56 +0800] "GET /xingrg/all/function/internal_message.html?_=1706153936243&CODE_STATE=getMsg HTTP/1.1" 200 27
101.228.146.191 - - [25/Jan/2024:11:38:58 +0800] "GET /xingrg/all/function/internal_message.html?_=1706153937776&CODE_STATE=getMsg HTTP/1.1" 200 27
180.171.56.87 - - [25/Jan/2024:11:38:59 +0800] "GET /xingrg/all/function/internal_message.html?_=1706153947552&CODE_STATE=getMsg HTTP/1.1" 200 27
116.230.109.177 - - [25/Jan/2024:11:39:00 +0800] "POST /xingrg/kc/base/wldb_order_operate.html HTTP/1.1" 200 37
222.69.132.239 - - [25/Jan/2024:11:39:05 +0800] "GET /xingrg/all/function/internal_message.html?_=1706153946322&CODE_STATE=getMsg HTTP/1.1" 200 27
116.230.109.177 - - [25/Jan/2024:11:39:05 +0800] "POST /xingrg/kc/base/wldb_order_operate.html HTTP/1.1" 200 12
116.238.110.144 - - [25/Jan/2024:11:39:05 +0800] "GET /xingrg/all/function/internal_message.html?_=1706153946609&CODE_STATE=getMsg HTTP/1.1" 200 27
116.230.109.177 - - [25/Jan/2024:11:39:05 +0800] "POST /xingrg/kc/base/wldb_order_operate.html HTTP/1.1" 200 2217
116.230.109.177 - - [25/Jan/2024:11:39:08 +0800] "GET /xingrg/all/function/internal_message.html?_=1706153893177&CODE_STATE=getMsg HTTP/1.1" 200 27
101.83.145.37 - - [25/Jan/2024:11:39:08 +0800] "POST /xingrg/kc/base/wldb_order_operate.html HTTP/1.1" 200 37
116.230.109.177 - - [25/Jan/2024:11:39:09 +0800] "GET /xingrg/kc/base/wldb_order_info.html?code=422024012502668 HTTP/1.1" 200 26225
116.230.109.177 - - [25/Jan/2024:11:39:09 +0800] "GET /xingrg/javascript/easyui/themes/default/validatebox.css HTTP/1.1" 404 1104
116.230.109.177 - - [25/Jan/2024:11:39:09 +0800] "POST /xingrg/kc/base/wldb_order_operate.html HTTP/1.1" 200 510
101.83.145.37 - - [25/Jan/2024:11:39:09 +0800] "POST /xingrg/kc/base/wldb_order_operate.html HTTP/1.1" 200 10171
101.83.145.37 - - [25/Jan/2024:11:39:10 +0800] "GET /xingrg/kc/base/wldb_order_info.html?code=422024012502669 HTTP/1.1" 200 30358
101.83.145.37 - - [25/Jan/2024:11:39:10 +0800] "GET /xingrg/words/20240125111409_words.js HTTP/1.1" 304 -
101.83.145.37 - - [25/Jan/2024:11:39:10 +0800] "GET /xingrg/javascript/easyui/themes/default/validatebox.css HTTP/1.1" 404 1104
101.83.145.37 - - [25/Jan/2024:11:39:11 +0800] "POST /xingrg/kc/base/wldb_order_operate.html HTTP/1.1" 200 10171
180.152.241.32 - - [25/Jan/2024:11:39:13 +0800] "GET /xingrg/all/function/internal_message.html?_=1706153955246&CODE_STATE=getMsg HTTP/1.1" 200 27
111.18.239.145 - - [25/Jan/2024:11:39:15 +0800] "GET /xingrg/all/function/internal_message.html?_=1706153954812&CODE_STATE=getMsg HTTP/1.1" 200 27
124.78.154.219 - - [25/Jan/2024:11:39:15 +0800] "GET /xingrg/all/function/internal_message.html?_=1706153954605&CODE_STATE=getMsg HTTP/1.1" 200 27
116.235.245.21 - - [25/Jan/2024:11:39:16 +0800] "GET /xingrg/kc/buy/cgsh_order_operate.html?command=get_materiel&rest_code=00146&code=00101002028&supplier_code=00100199&order_time=2024-01-25 HTTP/1.1" 200 419
111.18.239.145 - - [25/Jan/2024:11:39:17 +0800] "GET /xingrg/kc/buy/cgsh_order_operate.html?command=get_materiel&rest_code=00149&code=00101012025&supplier_code=00100096&order_time=2024-01-25 HTTP/1.1" 200 412
101.83.145.37 - - [25/Jan/2024:11:39:25 +0800] "GET /xingrg/all/function/internal_message.html?_=1706153731801&CODE_STATE=getMsg HTTP/1.1" 200 27
101.83.145.37 - - [25/Jan/2024:11:39:27 +0800] "GET /xingrg/all/function/internal_message.html?_=1706153733655&CODE_STATE=getMsg HTTP/1.1" 200 27
116.235.245.21 - - [25/Jan/2024:11:39:30 +0800] "GET /xingrg/kc/buy/cgsh_order_operate.html?command=get_materiel&rest_code=00146&code=00101002007&supplier_code=00100199&order_time=2024-01-25 HTTP/1.1" 200 409
124.78.68.102 - - [25/Jan/2024:11:39:31 +0800] "GET /xingrg/all/function/internal_message.html?_=1706153971142&CODE_STATE=getMsg HTTP/1.1" 200 27
172.20.0.100 - - [25/Jan/2024:11:39:36 +0800] "GET /xingrg/all/function/internal_message.html?_=1706153981806&CODE_STATE=getMsg HTTP/1.1" 200 27
124.78.68.102 - - [25/Jan/2024:11:39:36 +0800] "GET /xingrg/all/function/internal_message.html?_=1706153976419&CODE_STATE=getMsg HTTP/1.1" 200 27
116.230.123.222 - - [25/Jan/2024:11:39:37 +0800] "GET /xingrg/all/function/internal_message.html?_=1706153976346&CODE_STATE=getMsg HTTP/1.1" 200 27
111.18.239.145 - - [25/Jan/2024:11:39:41 +0800] "GET /xingrg/kc/buy/cgsh_order_operate.html?command=get_materiel&rest_code=00149&code=00101020154&supplier_code=00100096&order_time=2024-01-25 HTTP/1.1" 200 412
124.78.154.219 - - [25/Jan/2024:11:39:42 +0800] "GET /xingrg/all/function/internal_message.html?_=1706153980083&CODE_STATE=getMsg HTTP/1.1" 200 27
101.83.145.37 - - [25/Jan/2024:11:39:47 +0800] "GET /xingrg/all/function/internal_message.html?_=1706153987489&CODE_STATE=getMsg HTTP/1.1" 200 27
111.18.239.145 - - [25/Jan/2024:11:39:48 +0800] "GET /xingrg/kc/buy/cgsh_order_operate.html?command=get_materiel&rest_code=00149&code=00101012059&supplier_code=00100096&order_time=2024-01-25 HTTP/1.1" 200 412
