116.235.245.21 - - [25/Jan/2024:07:42:54 +0800] "GET /xingrg/check_reg.html?_=1706139788330 HTTP/1.1" 200 22
180.171.56.87 - - [25/Jan/2024:07:42:59 +0800] "GET /xingrg/all/function/internal_message.html?_=1706139787445&CODE_STATE=getMsg HTTP/1.1" 200 27
180.171.56.87 - - [25/Jan/2024:07:42:59 +0800] "GET /xingrg/check_reg.html?_=1706139787448 HTTP/1.1" 200 22
124.78.154.219 - - [25/Jan/2024:07:43:25 +0800] "GET /xingrg/all/function/internal_message.html?_=1706139804996&CODE_STATE=getMsg HTTP/1.1" 200 27
120.253.135.82 - - [25/Jan/2024:07:43:26 +0800] "GET /xingrg/all/function/internal_message.html?_=1706139630955&CODE_STATE=getMsg HTTP/1.1" 200 27
124.78.68.102 - - [25/Jan/2024:07:43:31 +0800] "GET /xingrg/all/function/internal_message.html?_=1706139811841&CODE_STATE=getMsg HTTP/1.1" 200 27
114.95.241.104 - - [25/Jan/2024:07:43:33 +0800] "GET /xingrg/all/function/internal_message.html?_=1706139813171&CODE_STATE=getMsg HTTP/1.1" 200 27
116.235.245.21 - - [25/Jan/2024:07:43:34 +0800] "GET /xingrg/all/function/internal_message.html?_=1706139827779&CODE_STATE=getMsg HTTP/1.1" 200 27
180.171.56.87 - - [25/Jan/2024:07:43:59 +0800] "GET /xingrg/all/function/internal_message.html?_=1706139847450&CODE_STATE=getMsg HTTP/1.1" 200 27
180.152.241.32 - - [25/Jan/2024:07:44:06 +0800] "POST /xingrg/services/DataTransmitService HTTP/1.1" 200 524
120.253.135.82 - - [25/Jan/2024:07:44:19 +0800] "POST /xingrg/kc/pszx/mdps_order_operate.html HTTP/1.1" 200 37
120.253.135.82 - - [25/Jan/2024:07:44:21 +0800] "GET /xingrg/kc/pszx/mdps_order_info.html?code=312024012500649 HTTP/1.1" 200 23972
120.253.135.82 - - [25/Jan/2024:07:44:21 +0800] "GET /xingrg/javascript/easyui/themes/default/validatebox.css HTTP/1.1" 404 1104
120.253.135.82 - - [25/Jan/2024:07:44:22 +0800] "POST /xingrg/kc/pszx/mdps_order_operate.html HTTP/1.1" 200 6763
120.253.135.82 - - [25/Jan/2024:07:44:24 +0800] "POST /xingrg/kc/pszx/mdps_list_operate.html HTTP/1.1" 200 3862
180.163.29.103 - - [25/Jan/2024:07:44:25 +0800] "GET /xingrg/all/function/internal_message.html?_=1706139804996&CODE_STATE=getMsg HTTP/1.1" 302 -
124.78.154.219 - - [25/Jan/2024:07:44:25 +0800] "GET /xingrg/all/function/internal_message.html?_=1706139864984&CODE_STATE=getMsg HTTP/1.1" 200 27
120.253.135.82 - - [25/Jan/2024:07:44:26 +0800] "GET /xingrg/all/function/internal_message.html?_=1706139690970&CODE_STATE=getMsg HTTP/1.1" 200 27
180.163.29.103 - - [25/Jan/2024:07:44:28 +0800] "GET /xingrg/login.html HTTP/1.1" 200 7641
124.78.68.102 - - [25/Jan/2024:07:44:31 +0800] "GET /xingrg/all/function/internal_message.html?_=1706139871823&CODE_STATE=getMsg HTTP/1.1" 200 27
114.95.241.104 - - [25/Jan/2024:07:44:33 +0800] "GET /xingrg/all/function/internal_message.html?_=1706139873180&CODE_STATE=getMsg HTTP/1.1" 200 27
114.95.241.104 - - [25/Jan/2024:07:44:33 +0800] "GET /xingrg/check_reg.html?_=1706139873182 HTTP/1.1" 200 22
116.235.245.21 - - [25/Jan/2024:07:44:34 +0800] "GET /xingrg/all/function/internal_message.html?_=1706139887792&CODE_STATE=getMsg HTTP/1.1" 200 27
120.253.135.82 - - [25/Jan/2024:07:44:34 +0800] "POST /xingrg/kc/pszx/mdps_list_operate.html HTTP/1.1" 200 615
120.253.135.82 - - [25/Jan/2024:07:44:35 +0800] "GET /xingrg/kc/pszx/mdps_order_info.html?code=312024012500650 HTTP/1.1" 200 23972
120.253.135.82 - - [25/Jan/2024:07:44:36 +0800] "GET /xingrg/javascript/easyui/themes/default/validatebox.css HTTP/1.1" 404 1104
120.253.135.82 - - [25/Jan/2024:07:44:36 +0800] "POST /xingrg/kc/pszx/mdps_order_operate.html HTTP/1.1" 200 12603
180.171.56.87 - - [25/Jan/2024:07:44:59 +0800] "GET /xingrg/all/function/internal_message.html?_=1706139907452&CODE_STATE=getMsg HTTP/1.1" 200 27
116.230.109.177 - - [25/Jan/2024:07:45:19 +0800] "GET /xingrg/check_reg.html?_=1706139864453 HTTP/1.1" 200 22
116.230.109.177 - - [25/Jan/2024:07:45:21 +0800] "GET /xingrg/check_reg.html?_=1706139867081 HTTP/1.1" 200 22
221.239.172.206 - - [25/Jan/2024:07:45:23 +0800] "GET /xingrg/check_reg.html?_=1706139923105 HTTP/1.1" 302 -
124.78.154.219 - - [25/Jan/2024:07:45:25 +0800] "GET /xingrg/all/function/internal_message.html?_=1706139924954&CODE_STATE=getMsg HTTP/1.1" 200 27
120.253.135.82 - - [25/Jan/2024:07:45:26 +0800] "GET /xingrg/all/function/internal_message.html?_=1706139750984&CODE_STATE=getMsg HTTP/1.1" 200 27
124.78.68.102 - - [25/Jan/2024:07:45:31 +0800] "GET /xingrg/all/function/internal_message.html?_=1706139931804&CODE_STATE=getMsg HTTP/1.1" 200 27
114.95.241.104 - - [25/Jan/2024:07:45:33 +0800] "GET /xingrg/all/function/internal_message.html?_=1706139933171&CODE_STATE=getMsg HTTP/1.1" 200 27
116.235.245.21 - - [25/Jan/2024:07:45:35 +0800] "GET /xingrg/all/function/internal_message.html?_=1706139948658&CODE_STATE=getMsg HTTP/1.1" 200 27
180.171.56.87 - - [25/Jan/2024:07:45:59 +0800] "GET /xingrg/all/function/internal_message.html?_=1706139967453&CODE_STATE=getMsg HTTP/1.1" 200 27
124.78.154.219 - - [25/Jan/2024:07:46:25 +0800] "GET /xingrg/all/function/internal_message.html?_=1706139984925&CODE_STATE=getMsg HTTP/1.1" 200 27
120.253.135.82 - - [25/Jan/2024:07:46:26 +0800] "GET /xingrg/check_reg.html?_=1706139810804 HTTP/1.1" 200 22
120.253.135.82 - - [25/Jan/2024:07:46:26 +0800] "GET /xingrg/all/function/internal_message.html?_=1706139810997&CODE_STATE=getMsg HTTP/1.1" 200 27
124.78.68.102 - - [25/Jan/2024:07:46:31 +0800] "GET /xingrg/all/function/internal_message.html?_=1706139991796&CODE_STATE=getMsg HTTP/1.1" 200 27
124.78.68.102 - - [25/Jan/2024:07:46:31 +0800] "GET /xingrg/check_reg.html?_=1706139991922 HTTP/1.1" 200 22
114.95.241.104 - - [25/Jan/2024:07:46:33 +0800] "GET /xingrg/all/function/internal_message.html?_=1706139993182&CODE_STATE=getMsg HTTP/1.1" 200 27
116.235.245.21 - - [25/Jan/2024:07:46:35 +0800] "GET /xingrg/all/function/internal_message.html?_=1706140008661&CODE_STATE=getMsg HTTP/1.1" 200 27
124.78.154.219 - - [25/Jan/2024:07:46:40 +0800] "GET /xingrg/check_reg.html?_=1706139999453 HTTP/1.1" 200 22
116.230.109.177 - - [25/Jan/2024:07:46:44 +0800] "GET /xingrg/check_reg.html?_=1706139949988 HTTP/1.1" 200 22
120.253.135.82 - - [25/Jan/2024:07:46:46 +0800] "GET /xingrg/kc/print/load_data.html?order_code=312024012500650&kc_code=mdps&condition= HTTP/1.1" 200 5569
116.230.109.177 - - [25/Jan/2024:07:46:53 +0800] "GET /xingrg/check_reg.html?_=1706139958822 HTTP/1.1" 200 22
120.253.135.82 - - [25/Jan/2024:07:46:53 +0800] "POST /xingrg/kc/pszx/mdps_list_operate.html HTTP/1.1" 200 3862
180.171.56.87 - - [25/Jan/2024:07:46:59 +0800] "GET /xingrg/all/function/internal_message.html?_=1706140027453&CODE_STATE=getMsg HTTP/1.1" 200 27
124.78.154.219 - - [25/Jan/2024:07:47:25 +0800] "GET /xingrg/all/function/internal_message.html?_=1706140044897&CODE_STATE=getMsg HTTP/1.1" 200 27
180.163.28.109 - - [25/Jan/2024:07:47:26 +0800] "GET /xingrg/all/function/internal_message.html?_=1706139984925&CODE_STATE=getMsg HTTP/1.1" 302 -
120.253.135.82 - - [25/Jan/2024:07:47:26 +0800] "GET /xingrg/all/function/internal_message.html?_=1706139871045&CODE_STATE=getMsg HTTP/1.1" 200 27
180.163.28.109 - - [25/Jan/2024:07:47:26 +0800] "GET /xingrg/login.html HTTP/1.1" 200 7641
124.78.68.102 - - [25/Jan/2024:07:47:31 +0800] "GET /xingrg/all/function/internal_message.html?_=1706140051786&CODE_STATE=getMsg HTTP/1.1" 200 27
114.95.241.104 - - [25/Jan/2024:07:47:33 +0800] "GET /xingrg/all/function/internal_message.html?_=1706140053176&CODE_STATE=getMsg HTTP/1.1" 200 27
116.235.245.21 - - [25/Jan/2024:07:47:35 +0800] "GET /xingrg/all/function/internal_message.html?_=1706140069411&CODE_STATE=getMsg HTTP/1.1" 200 27
180.163.28.109 - - [25/Jan/2024:07:47:40 +0800] "GET /xingrg/check_reg.html?_=1706139999453 HTTP/1.1" 302 -
180.163.28.109 - - [25/Jan/2024:07:47:40 +0800] "GET /xingrg/login.html HTTP/1.1" 200 7641
218.81.65.124 - - [25/Jan/2024:07:47:51 +0800] "GET /xingrg/check_reg.html?_=1706140071420 HTTP/1.1" 200 22
116.235.245.21 - - [25/Jan/2024:07:47:54 +0800] "GET /xingrg/check_reg.html?_=1706140088339 HTTP/1.1" 200 22
180.171.56.87 - - [25/Jan/2024:07:47:59 +0800] "GET /xingrg/check_reg.html?_=1706140087455 HTTP/1.1" 200 22
180.171.56.87 - - [25/Jan/2024:07:47:59 +0800] "GET /xingrg/all/function/internal_message.html?_=1706140087458&CODE_STATE=getMsg HTTP/1.1" 200 27
120.253.135.82 - - [25/Jan/2024:07:48:10 +0800] "POST /xingrg/kc/pszx/mdps_list_operate.html HTTP/1.1" 200 203
120.253.135.82 - - [25/Jan/2024:07:48:10 +0800] "GET /xingrg/kc/pszx/mdps_order_info.html?code=312024012500651 HTTP/1.1" 200 23972
120.253.135.82 - - [25/Jan/2024:07:48:11 +0800] "GET /xingrg/javascript/easyui/themes/default/validatebox.css HTTP/1.1" 404 1104
120.253.135.82 - - [25/Jan/2024:07:48:11 +0800] "POST /xingrg/kc/pszx/mdps_order_operate.html HTTP/1.1" 200 2281
120.253.135.82 - - [25/Jan/2024:07:48:15 +0800] "GET /xingrg/kc/print/load_data.html?order_code=312024012500651&kc_code=mdps&condition= HTTP/1.1" 200 672
120.253.135.82 - - [25/Jan/2024:07:48:22 +0800] "POST /xingrg/kc/pszx/mdps_list_operate.html HTTP/1.1" 200 3862
120.253.135.82 - - [25/Jan/2024:07:48:24 +0800] "POST /xingrg/kc/pszx/mdps_list_operate.html HTTP/1.1" 200 552
120.253.135.82 - - [25/Jan/2024:07:48:25 +0800] "GET /xingrg/kc/pszx/mdps_order_info.html?code=312024012500652 HTTP/1.1" 200 23972
124.78.154.219 - - [25/Jan/2024:07:48:25 +0800] "GET /xingrg/all/function/internal_message.html?_=1706140104886&CODE_STATE=getMsg HTTP/1.1" 200 27
120.253.135.82 - - [25/Jan/2024:07:48:25 +0800] "GET /xingrg/javascript/easyui/themes/default/validatebox.css HTTP/1.1" 404 1104
120.253.135.82 - - [25/Jan/2024:07:48:26 +0800] "POST /xingrg/kc/pszx/mdps_order_operate.html HTTP/1.1" 200 4339
120.253.135.82 - - [25/Jan/2024:07:48:26 +0800] "GET /xingrg/all/function/internal_message.html?_=1706139931055&CODE_STATE=getMsg HTTP/1.1" 200 27
124.78.68.102 - - [25/Jan/2024:07:48:31 +0800] "GET /xingrg/all/function/internal_message.html?_=1706140111769&CODE_STATE=getMsg HTTP/1.1" 200 27
114.95.241.104 - - [25/Jan/2024:07:48:33 +0800] "GET /xingrg/all/function/internal_message.html?_=1706140113167&CODE_STATE=getMsg HTTP/1.1" 200 27
116.235.245.21 - - [25/Jan/2024:07:48:35 +0800] "GET /xingrg/all/function/internal_message.html?_=1706140129422&CODE_STATE=getMsg HTTP/1.1" 200 27
120.253.135.82 - - [25/Jan/2024:07:48:53 +0800] "GET /xingrg/kc/pszx/mdps_order_operate.html?command=get_materiel&pszx_code=00101&rest_code=00111&base_code=0010246&code=00101018030 HTTP/1.1" 200 440
180.171.56.87 - - [25/Jan/2024:07:48:59 +0800] "GET /xingrg/all/function/internal_message.html?_=1706140147444&CODE_STATE=getMsg HTTP/1.1" 200 27
120.253.135.82 - - [25/Jan/2024:07:49:00 +0800] "POST /xingrg/kc/pszx/mdps_order_operate.html HTTP/1.1" 200 37
120.253.135.82 - - [25/Jan/2024:07:49:01 +0800] "GET /xingrg/kc/pszx/mdps_order_info.html?code=312024012500652 HTTP/1.1" 200 23972
120.253.135.82 - - [25/Jan/2024:07:49:02 +0800] "GET /xingrg/javascript/easyui/themes/default/validatebox.css HTTP/1.1" 404 1104
120.253.135.82 - - [25/Jan/2024:07:49:02 +0800] "POST /xingrg/kc/pszx/mdps_order_operate.html HTTP/1.1" 200 4338
180.163.28.143 - - [25/Jan/2024:07:49:25 +0800] "GET /xingrg/all/function/internal_message.html?_=1706140104886&CODE_STATE=getMsg HTTP/1.1" 302 -
124.78.154.219 - - [25/Jan/2024:07:49:25 +0800] "GET /xingrg/all/function/internal_message.html?_=1706140164857&CODE_STATE=getMsg HTTP/1.1" 200 27
120.253.135.82 - - [25/Jan/2024:07:49:26 +0800] "GET /xingrg/all/function/internal_message.html?_=1706139991069&CODE_STATE=getMsg HTTP/1.1" 200 27
180.163.28.143 - - [25/Jan/2024:07:49:26 +0800] "GET /xingrg/login.html HTTP/1.1" 200 7641
124.78.68.102 - - [25/Jan/2024:07:49:31 +0800] "GET /xingrg/all/function/internal_message.html?_=1706140171752&CODE_STATE=getMsg HTTP/1.1" 200 27
114.95.241.104 - - [25/Jan/2024:07:49:33 +0800] "GET /xingrg/all/function/internal_message.html?_=1706140173178&CODE_STATE=getMsg HTTP/1.1" 200 27
114.95.241.104 - - [25/Jan/2024:07:49:33 +0800] "GET /xingrg/check_reg.html?_=1706140173181 HTTP/1.1" 200 22
116.235.245.21 - - [25/Jan/2024:07:49:35 +0800] "GET /xingrg/all/function/internal_message.html?_=1706140189435&CODE_STATE=getMsg HTTP/1.1" 200 27
180.171.56.87 - - [25/Jan/2024:07:49:59 +0800] "GET /xingrg/all/function/internal_message.html?_=1706140207462&CODE_STATE=getMsg HTTP/1.1" 200 27
101.83.145.37 - - [25/Jan/2024:07:50:14 +0800] "POST /xingrg/services/DataTransmitService HTTP/1.1" 200 524
116.230.109.177 - - [25/Jan/2024:07:50:19 +0800] "GET /xingrg/check_reg.html?_=1706140164440 HTTP/1.1" 200 22
116.230.109.177 - - [25/Jan/2024:07:50:21 +0800] "GET /xingrg/check_reg.html?_=1706140167064 HTTP/1.1" 200 22
221.239.172.206 - - [25/Jan/2024:07:50:23 +0800] "GET /xingrg/check_reg.html?_=1706140223094 HTTP/1.1" 302 -
124.78.154.219 - - [25/Jan/2024:07:50:25 +0800] "GET /xingrg/all/function/internal_message.html?_=1706140224843&CODE_STATE=getMsg HTTP/1.1" 200 27
120.253.135.82 - - [25/Jan/2024:07:50:26 +0800] "GET /xingrg/all/function/internal_message.html?_=1706140051082&CODE_STATE=getMsg HTTP/1.1" 200 27
124.78.68.102 - - [25/Jan/2024:07:50:31 +0800] "GET /xingrg/all/function/internal_message.html?_=1706140231727&CODE_STATE=getMsg HTTP/1.1" 200 27
114.95.241.104 - - [25/Jan/2024:07:50:33 +0800] "GET /xingrg/all/function/internal_message.html?_=1706140233172&CODE_STATE=getMsg HTTP/1.1" 200 27
116.235.245.21 - - [25/Jan/2024:07:50:36 +0800] "GET /xingrg/all/function/internal_message.html?_=1706140250269&CODE_STATE=getMsg HTTP/1.1" 200 27
49.234.3.160 - - [25/Jan/2024:07:50:37 +0800] "GET /xingrg/all/function/internal_message.html?_=1706129309191&CODE_STATE=getMsg HTTP/1.1" 302 -
106.55.200.246 - - [25/Jan/2024:07:50:37 +0800] "GET /xingrg/login.html HTTP/1.1" 200 7641
180.171.56.87 - - [25/Jan/2024:07:50:59 +0800] "GET /xingrg/all/function/internal_message.html?_=1706140267448&CODE_STATE=getMsg HTTP/1.1" 200 27
120.253.135.82 - - [25/Jan/2024:07:51:07 +0800] "POST /xingrg/kc/pszx/mdps_order_operate.html HTTP/1.1" 200 37
120.253.135.82 - - [25/Jan/2024:07:51:08 +0800] "GET /xingrg/kc/pszx/mdps_order_info.html?code=312024012500652 HTTP/1.1" 200 23972
120.253.135.82 - - [25/Jan/2024:07:51:09 +0800] "GET /xingrg/javascript/easyui/themes/default/validatebox.css HTTP/1.1" 404 1104
120.253.135.82 - - [25/Jan/2024:07:51:09 +0800] "POST /xingrg/kc/pszx/mdps_order_operate.html HTTP/1.1" 200 4338
120.253.135.82 - - [25/Jan/2024:07:51:25 +0800] "POST /xingrg/kc/pszx/mdps_list_operate.html HTTP/1.1" 200 3862
124.78.154.219 - - [25/Jan/2024:07:51:25 +0800] "GET /xingrg/all/function/internal_message.html?_=1706140284833&CODE_STATE=getMsg HTTP/1.1" 200 27
120.253.135.82 - - [25/Jan/2024:07:51:26 +0800] "GET /xingrg/check_reg.html?_=1706140110799 HTTP/1.1" 200 22
180.163.28.180 - - [25/Jan/2024:07:51:26 +0800] "GET /xingrg/all/function/internal_message.html?_=1706140224843&CODE_STATE=getMsg HTTP/1.1" 302 -
120.253.135.82 - - [25/Jan/2024:07:51:26 +0800] "GET /xingrg/all/function/internal_message.html?_=1706140111096&CODE_STATE=getMsg HTTP/1.1" 200 27
180.163.28.180 - - [25/Jan/2024:07:51:27 +0800] "GET /xingrg/login.html HTTP/1.1" 200 7641
120.253.135.82 - - [25/Jan/2024:07:51:30 +0800] "POST /xingrg/kc/pszx/mdps_list_operate.html HTTP/1.1" 200 378
124.78.68.102 - - [25/Jan/2024:07:51:31 +0800] "GET /xingrg/all/function/internal_message.html?_=1706140291713&CODE_STATE=getMsg HTTP/1.1" 200 27
124.78.68.102 - - [25/Jan/2024:07:51:31 +0800] "GET /xingrg/check_reg.html?_=1706140291916 HTTP/1.1" 200 22
120.253.135.82 - - [25/Jan/2024:07:51:33 +0800] "GET /xingrg/kc/pszx/mdps_order_info.html?code=312024012500653 HTTP/1.1" 200 23972
114.95.241.104 - - [25/Jan/2024:07:51:33 +0800] "GET /xingrg/all/function/internal_message.html?_=1706140293185&CODE_STATE=getMsg HTTP/1.1" 200 27
120.253.135.82 - - [25/Jan/2024:07:51:33 +0800] "GET /xingrg/javascript/easyui/themes/default/validatebox.css HTTP/1.1" 404 1104
120.253.135.82 - - [25/Jan/2024:07:51:34 +0800] "POST /xingrg/kc/pszx/mdps_order_operate.html HTTP/1.1" 200 3313
116.235.245.21 - - [25/Jan/2024:07:51:36 +0800] "GET /xingrg/all/function/internal_message.html?_=1706140310275&CODE_STATE=getMsg HTTP/1.1" 200 27
124.78.154.219 - - [25/Jan/2024:07:51:40 +0800] "GET /xingrg/check_reg.html?_=1706140299460 HTTP/1.1" 200 22
120.253.135.82 - - [25/Jan/2024:07:51:42 +0800] "GET /xingrg/kc/print/load_data.html?order_code=312024012500653&kc_code=mdps&condition= HTTP/1.1" 200 1194
116.230.109.177 - - [25/Jan/2024:07:51:44 +0800] "GET /xingrg/check_reg.html?_=1706140249972 HTTP/1.1" 200 22
116.230.109.177 - - [25/Jan/2024:07:51:53 +0800] "GET /xingrg/check_reg.html?_=1706140258809 HTTP/1.1" 200 22
180.171.56.87 - - [25/Jan/2024:07:51:59 +0800] "GET /xingrg/all/function/internal_message.html?_=1706140327449&CODE_STATE=getMsg HTTP/1.1" 200 27
124.78.154.219 - - [25/Jan/2024:07:52:25 +0800] "GET /xingrg/all/function/internal_message.html?_=1706140344812&CODE_STATE=getMsg HTTP/1.1" 200 27
120.253.135.82 - - [25/Jan/2024:07:52:26 +0800] "GET /xingrg/all/function/internal_message.html?_=1706140171159&CODE_STATE=getMsg HTTP/1.1" 200 27
124.78.68.102 - - [25/Jan/2024:07:52:31 +0800] "GET /xingrg/all/function/internal_message.html?_=1706140351691&CODE_STATE=getMsg HTTP/1.1" 200 27
114.95.241.104 - - [25/Jan/2024:07:52:33 +0800] "GET /xingrg/all/function/internal_message.html?_=1706140353177&CODE_STATE=getMsg HTTP/1.1" 200 27
116.235.245.21 - - [25/Jan/2024:07:52:37 +0800] "GET /xingrg/all/function/internal_message.html?_=1706140371049&CODE_STATE=getMsg HTTP/1.1" 200 27
218.81.65.124 - - [25/Jan/2024:07:52:51 +0800] "GET /xingrg/check_reg.html?_=1706140371402 HTTP/1.1" 200 22
116.235.245.21 - - [25/Jan/2024:07:52:54 +0800] "GET /xingrg/check_reg.html?_=1706140388340 HTTP/1.1" 200 22
180.171.56.87 - - [25/Jan/2024:07:52:59 +0800] "GET /xingrg/all/function/internal_message.html?_=1706140387450&CODE_STATE=getMsg HTTP/1.1" 200 27
180.171.56.87 - - [25/Jan/2024:07:52:59 +0800] "GET /xingrg/check_reg.html?_=1706140387454 HTTP/1.1" 200 22
180.163.29.217 - - [25/Jan/2024:07:53:25 +0800] "GET /xingrg/all/function/internal_message.html?_=1706140344812&CODE_STATE=getMsg HTTP/1.1" 302 -
124.78.154.219 - - [25/Jan/2024:07:53:25 +0800] "GET /xingrg/all/function/internal_message.html?_=1706140404785&CODE_STATE=getMsg HTTP/1.1" 200 27
180.163.29.217 - - [25/Jan/2024:07:53:26 +0800] "GET /xingrg/login.html HTTP/1.1" 200 7641
120.253.135.82 - - [25/Jan/2024:07:53:26 +0800] "GET /xingrg/all/function/internal_message.html?_=1706140231170&CODE_STATE=getMsg HTTP/1.1" 200 27
124.78.68.102 - - [25/Jan/2024:07:53:31 +0800] "GET /xingrg/all/function/internal_message.html?_=1706140411680&CODE_STATE=getMsg HTTP/1.1" 200 27
114.95.241.104 - - [25/Jan/2024:07:53:33 +0800] "GET /xingrg/all/function/internal_message.html?_=1706140413175&CODE_STATE=getMsg HTTP/1.1" 200 27
116.235.245.21 - - [25/Jan/2024:07:53:37 +0800] "GET /xingrg/all/function/internal_message.html?_=1706140431050&CODE_STATE=getMsg HTTP/1.1" 200 27
120.253.135.82 - - [25/Jan/2024:07:53:43 +0800] "POST /xingrg/kc/pszx/mdps_list_operate.html HTTP/1.1" 200 3862
120.253.135.82 - - [25/Jan/2024:07:53:53 +0800] "POST /xingrg/kc/pszx/mdps_list_operate.html HTTP/1.1" 200 2439
120.253.135.82 - - [25/Jan/2024:07:53:55 +0800] "POST /xingrg/kc/pszx/mdps_list_operate.html HTTP/1.1" 200 643
120.253.135.82 - - [25/Jan/2024:07:53:56 +0800] "GET /xingrg/kc/pszx/mdps_order_info.html?code=312024012500639 HTTP/1.1" 200 23978
120.253.135.82 - - [25/Jan/2024:07:53:57 +0800] "GET /xingrg/javascript/easyui/themes/default/validatebox.css HTTP/1.1" 404 1104
120.253.135.82 - - [25/Jan/2024:07:53:57 +0800] "POST /xingrg/kc/pszx/mdps_order_operate.html HTTP/1.1" 200 16100
180.171.56.87 - - [25/Jan/2024:07:53:59 +0800] "GET /xingrg/all/function/internal_message.html?_=1706140447451&CODE_STATE=getMsg HTTP/1.1" 200 27
124.78.154.219 - - [25/Jan/2024:07:54:25 +0800] "GET /xingrg/all/function/internal_message.html?_=1706140464772&CODE_STATE=getMsg HTTP/1.1" 200 27
120.253.135.82 - - [25/Jan/2024:07:54:26 +0800] "GET /xingrg/all/function/internal_message.html?_=1706140291185&CODE_STATE=getMsg HTTP/1.1" 200 27
124.78.68.102 - - [25/Jan/2024:07:54:31 +0800] "GET /xingrg/all/function/internal_message.html?_=1706140471654&CODE_STATE=getMsg HTTP/1.1" 200 27
114.95.241.104 - - [25/Jan/2024:07:54:33 +0800] "GET /xingrg/all/function/internal_message.html?_=1706140473163&CODE_STATE=getMsg HTTP/1.1" 200 27
114.95.241.104 - - [25/Jan/2024:07:54:33 +0800] "GET /xingrg/check_reg.html?_=1706140473166 HTTP/1.1" 200 22
116.235.245.21 - - [25/Jan/2024:07:54:37 +0800] "GET /xingrg/all/function/internal_message.html?_=1706140491063&CODE_STATE=getMsg HTTP/1.1" 200 27
180.171.56.87 - - [25/Jan/2024:07:54:59 +0800] "GET /xingrg/all/function/internal_message.html?_=1706140507456&CODE_STATE=getMsg HTTP/1.1" 200 27
116.230.109.177 - - [25/Jan/2024:07:55:19 +0800] "GET /xingrg/check_reg.html?_=1706140464422 HTTP/1.1" 200 22
116.230.109.177 - - [25/Jan/2024:07:55:21 +0800] "GET /xingrg/check_reg.html?_=1706140467057 HTTP/1.1" 200 22
221.239.172.206 - - [25/Jan/2024:07:55:23 +0800] "GET /xingrg/check_reg.html?_=1706140523078 HTTP/1.1" 302 -
180.163.29.103 - - [25/Jan/2024:07:55:25 +0800] "GET /xingrg/all/function/internal_message.html?_=1706140464772&CODE_STATE=getMsg HTTP/1.1" 302 -
124.78.154.219 - - [25/Jan/2024:07:55:25 +0800] "GET /xingrg/all/function/internal_message.html?_=1706140524747&CODE_STATE=getMsg HTTP/1.1" 200 27
180.163.29.103 - - [25/Jan/2024:07:55:25 +0800] "GET /xingrg/login.html HTTP/1.1" 200 7641
120.253.135.82 - - [25/Jan/2024:07:55:26 +0800] "GET /xingrg/all/function/internal_message.html?_=1706140351209&CODE_STATE=getMsg HTTP/1.1" 200 27
124.78.68.102 - - [25/Jan/2024:07:55:31 +0800] "GET /xingrg/all/function/internal_message.html?_=1706140531635&CODE_STATE=getMsg HTTP/1.1" 200 27
114.95.241.104 - - [25/Jan/2024:07:55:33 +0800] "GET /xingrg/all/function/internal_message.html?_=1706140533175&CODE_STATE=getMsg HTTP/1.1" 200 27
116.235.245.21 - - [25/Jan/2024:07:55:38 +0800] "GET /xingrg/all/function/internal_message.html?_=1706140551920&CODE_STATE=getMsg HTTP/1.1" 200 27
180.171.56.87 - - [25/Jan/2024:07:55:59 +0800] "GET /xingrg/all/function/internal_message.html?_=1706140567456&CODE_STATE=getMsg HTTP/1.1" 200 27
124.78.154.219 - - [25/Jan/2024:07:56:25 +0800] "GET /xingrg/all/function/internal_message.html?_=1706140584720&CODE_STATE=getMsg HTTP/1.1" 200 27
120.253.135.82 - - [25/Jan/2024:07:56:26 +0800] "GET /xingrg/check_reg.html?_=1706140410806 HTTP/1.1" 200 22
120.253.135.82 - - [25/Jan/2024:07:56:26 +0800] "GET /xingrg/all/function/internal_message.html?_=1706140411212&CODE_STATE=getMsg HTTP/1.1" 200 27
124.78.68.102 - - [25/Jan/2024:07:56:31 +0800] "GET /xingrg/all/function/internal_message.html?_=1706140591618&CODE_STATE=getMsg HTTP/1.1" 200 27
124.78.68.102 - - [25/Jan/2024:07:56:31 +0800] "GET /xingrg/check_reg.html?_=1706140591888 HTTP/1.1" 200 22
114.95.241.104 - - [25/Jan/2024:07:56:33 +0800] "GET /xingrg/all/function/internal_message.html?_=1706140593174&CODE_STATE=getMsg HTTP/1.1" 200 27
116.230.123.222 - - [25/Jan/2024:07:56:36 +0800] "POST /xingrg/services/DataTransmitService HTTP/1.1" 200 524
116.235.245.21 - - [25/Jan/2024:07:56:38 +0800] "GET /xingrg/all/function/internal_message.html?_=1706140611933&CODE_STATE=getMsg HTTP/1.1" 200 27
124.78.154.219 - - [25/Jan/2024:07:56:40 +0800] "GET /xingrg/check_reg.html?_=1706140599455 HTTP/1.1" 200 22
116.230.109.177 - - [25/Jan/2024:07:56:44 +0800] "GET /xingrg/check_reg.html?_=1706140549967 HTTP/1.1" 200 22
116.230.109.177 - - [25/Jan/2024:07:56:53 +0800] "GET /xingrg/check_reg.html?_=1706140558802 HTTP/1.1" 200 22
180.171.56.87 - - [25/Jan/2024:07:56:59 +0800] "GET /xingrg/all/function/internal_message.html?_=1706140627457&CODE_STATE=getMsg HTTP/1.1" 200 27
120.253.135.82 - - [25/Jan/2024:07:56:59 +0800] "GET /xingrg/kc/pszx/mdps_order_operate.html?command=get_materiel&pszx_code=00101&rest_code=00144&base_code=0010246&code=00101016094 HTTP/1.1" 200 468
120.253.135.82 - - [25/Jan/2024:07:57:02 +0800] "POST /xingrg/all/common/load_select.html HTTP/1.1" 200 25
120.253.135.82 - - [25/Jan/2024:07:57:05 +0800] "GET /xingrg/kc/pszx/mdps_order_operate.html?command=get_materiel_price&pszx_code=00101&rest_code=00144&base_code=0010246&code=00101016094&unit_code=00100161&order_time=2024-01-25 HTTP/1.1" 200 36
180.163.29.103 - - [25/Jan/2024:07:57:25 +0800] "GET /xingrg/all/function/internal_message.html?_=1706140584720&CODE_STATE=getMsg HTTP/1.1" 302 -
124.78.154.219 - - [25/Jan/2024:07:57:25 +0800] "GET /xingrg/all/function/internal_message.html?_=1706140644699&CODE_STATE=getMsg HTTP/1.1" 200 27
180.163.29.103 - - [25/Jan/2024:07:57:25 +0800] "GET /xingrg/login.html HTTP/1.1" 200 7641
120.253.135.82 - - [25/Jan/2024:07:57:26 +0800] "GET /xingrg/all/function/internal_message.html?_=1706140471224&CODE_STATE=getMsg HTTP/1.1" 200 27
120.253.135.82 - - [25/Jan/2024:07:57:28 +0800] "POST /xingrg/all/common/load_select.html HTTP/1.1" 200 25
120.253.135.82 - - [25/Jan/2024:07:57:31 +0800] "GET /xingrg/kc/pszx/mdps_order_operate.html?command=get_materiel_price&pszx_code=00101&rest_code=00144&base_code=0010246&code=00101019379&unit_code=00100200&order_time=2024-01-25 HTTP/1.1" 200 37
124.78.68.102 - - [25/Jan/2024:07:57:31 +0800] "GET /xingrg/all/function/internal_message.html?_=1706140651599&CODE_STATE=getMsg HTTP/1.1" 200 27
114.95.241.104 - - [25/Jan/2024:07:57:33 +0800] "GET /xingrg/all/function/internal_message.html?_=1706140653167&CODE_STATE=getMsg HTTP/1.1" 200 27
116.235.245.21 - - [25/Jan/2024:07:57:39 +0800] "GET /xingrg/all/function/internal_message.html?_=1706140672811&CODE_STATE=getMsg HTTP/1.1" 200 27
218.81.65.124 - - [25/Jan/2024:07:57:51 +0800] "GET /xingrg/check_reg.html?_=1706140671385 HTTP/1.1" 200 22
116.235.245.21 - - [25/Jan/2024:07:57:54 +0800] "GET /xingrg/check_reg.html?_=1706140688345 HTTP/1.1" 200 22
120.253.135.82 - - [25/Jan/2024:07:57:55 +0800] "POST /xingrg/kc/pszx/mdps_order_operate.html HTTP/1.1" 200 37
120.253.135.82 - - [25/Jan/2024:07:57:57 +0800] "GET /xingrg/kc/pszx/mdps_order_info.html?code=312024012500639 HTTP/1.1" 200 23978
120.253.135.82 - - [25/Jan/2024:07:57:57 +0800] "GET /xingrg/javascript/easyui/themes/default/validatebox.css HTTP/1.1" 404 1104
120.253.135.82 - - [25/Jan/2024:07:57:58 +0800] "POST /xingrg/kc/pszx/mdps_order_operate.html HTTP/1.1" 200 16104
180.171.56.87 - - [25/Jan/2024:07:57:59 +0800] "GET /xingrg/check_reg.html?_=1706140687461 HTTP/1.1" 200 22
180.171.56.87 - - [25/Jan/2024:07:57:59 +0800] "GET /xingrg/all/function/internal_message.html?_=1706140687465&CODE_STATE=getMsg HTTP/1.1" 200 27
120.253.135.82 - - [25/Jan/2024:07:58:20 +0800] "POST /xingrg/kc/pszx/mdps_order_operate.html HTTP/1.1" 200 37
120.253.135.82 - - [25/Jan/2024:07:58:21 +0800] "GET /xingrg/kc/pszx/mdps_order_info.html?code=312024012500639 HTTP/1.1" 200 23978
120.253.135.82 - - [25/Jan/2024:07:58:22 +0800] "GET /xingrg/javascript/easyui/themes/default/validatebox.css HTTP/1.1" 404 1104
120.253.135.82 - - [25/Jan/2024:07:58:22 +0800] "POST /xingrg/kc/pszx/mdps_order_operate.html HTTP/1.1" 200 15589
120.253.135.82 - - [25/Jan/2024:07:58:24 +0800] "POST /xingrg/kc/pszx/mdps_list_operate.html HTTP/1.1" 200 2439
124.78.154.219 - - [25/Jan/2024:07:58:25 +0800] "GET /xingrg/all/function/internal_message.html?_=1706140704670&CODE_STATE=getMsg HTTP/1.1" 200 27
120.253.135.82 - - [25/Jan/2024:07:58:25 +0800] "POST /xingrg/kc/pszx/mdps_list_operate.html HTTP/1.1" 200 637
120.253.135.82 - - [25/Jan/2024:07:58:26 +0800] "GET /xingrg/all/function/internal_message.html?_=1706140531237&CODE_STATE=getMsg HTTP/1.1" 200 27
120.253.135.82 - - [25/Jan/2024:07:58:27 +0800] "POST /xingrg/kc/pszx/mdps_list_operate.html HTTP/1.1" 200 381
120.253.135.82 - - [25/Jan/2024:07:58:28 +0800] "GET /xingrg/kc/pszx/mdps_order_info.html?code=312024012300619 HTTP/1.1" 200 23978
120.253.135.82 - - [25/Jan/2024:07:58:29 +0800] "GET /xingrg/javascript/easyui/themes/default/validatebox.css HTTP/1.1" 404 1104
120.253.135.82 - - [25/Jan/2024:07:58:29 +0800] "POST /xingrg/kc/pszx/mdps_order_operate.html HTTP/1.1" 200 3302
124.78.68.102 - - [25/Jan/2024:07:58:31 +0800] "GET /xingrg/all/function/internal_message.html?_=1706140711578&CODE_STATE=getMsg HTTP/1.1" 200 27
114.95.241.104 - - [25/Jan/2024:07:58:33 +0800] "GET /xingrg/all/function/internal_message.html?_=1706140713174&CODE_STATE=getMsg HTTP/1.1" 200 27
116.235.245.21 - - [25/Jan/2024:07:58:39 +0800] "GET /xingrg/all/function/internal_message.html?_=1706140732819&CODE_STATE=getMsg HTTP/1.1" 200 27
120.253.135.82 - - [25/Jan/2024:07:58:44 +0800] "POST /xingrg/kc/pszx/mdps_order_operate.html HTTP/1.1" 200 37
120.253.135.82 - - [25/Jan/2024:07:58:45 +0800] "GET /xingrg/kc/pszx/mdps_order_info.html?code=312024012300619 HTTP/1.1" 200 23978
120.253.135.82 - - [25/Jan/2024:07:58:46 +0800] "GET /xingrg/javascript/easyui/themes/default/validatebox.css HTTP/1.1" 404 1104
120.253.135.82 - - [25/Jan/2024:07:58:46 +0800] "POST /xingrg/kc/pszx/mdps_order_operate.html HTTP/1.1" 200 3302
120.253.135.82 - - [25/Jan/2024:07:58:48 +0800] "POST /xingrg/kc/pszx/mdps_list_operate.html HTTP/1.1" 200 2440
120.253.135.82 - - [25/Jan/2024:07:58:50 +0800] "POST /xingrg/kc/pszx/mdps_list_operate.html HTTP/1.1" 200 637
120.253.135.82 - - [25/Jan/2024:07:58:52 +0800] "GET /xingrg/kc/pszx/mdps_order_info.html?code=312024012300618 HTTP/1.1" 200 23978
120.253.135.82 - - [25/Jan/2024:07:58:52 +0800] "GET /xingrg/javascript/easyui/themes/default/validatebox.css HTTP/1.1" 404 1104
120.253.135.82 - - [25/Jan/2024:07:58:52 +0800] "POST /xingrg/kc/pszx/mdps_order_operate.html HTTP/1.1" 200 13469
180.171.56.87 - - [25/Jan/2024:07:58:59 +0800] "GET /xingrg/all/function/internal_message.html?_=1706140747451&CODE_STATE=getMsg HTTP/1.1" 200 27
120.253.135.82 - - [25/Jan/2024:07:59:16 +0800] "POST /xingrg/kc/pszx/mdps_order_operate.html HTTP/1.1" 200 37
120.253.135.82 - - [25/Jan/2024:07:59:18 +0800] "GET /xingrg/kc/pszx/mdps_order_info.html?code=312024012300618 HTTP/1.1" 200 23978
120.253.135.82 - - [25/Jan/2024:07:59:18 +0800] "GET /xingrg/javascript/easyui/themes/default/validatebox.css HTTP/1.1" 404 1104
120.253.135.82 - - [25/Jan/2024:07:59:18 +0800] "POST /xingrg/kc/pszx/mdps_order_operate.html HTTP/1.1" 200 13469
124.78.154.219 - - [25/Jan/2024:07:59:25 +0800] "GET /xingrg/all/function/internal_message.html?_=1706140764655&CODE_STATE=getMsg HTTP/1.1" 200 27
120.253.135.82 - - [25/Jan/2024:07:59:26 +0800] "GET /xingrg/all/function/internal_message.html?_=1706140591252&CODE_STATE=getMsg HTTP/1.1" 200 27
124.78.68.102 - - [25/Jan/2024:07:59:31 +0800] "GET /xingrg/all/function/internal_message.html?_=1706140771557&CODE_STATE=getMsg HTTP/1.1" 200 27
120.253.135.82 - - [25/Jan/2024:07:59:33 +0800] "POST /xingrg/kc/pszx/mdps_order_operate.html HTTP/1.1" 200 37
114.95.241.104 - - [25/Jan/2024:07:59:33 +0800] "GET /xingrg/check_reg.html?_=1706140773168 HTTP/1.1" 200 22
114.95.241.104 - - [25/Jan/2024:07:59:33 +0800] "GET /xingrg/all/function/internal_message.html?_=1706140773171&CODE_STATE=getMsg HTTP/1.1" 200 27
120.253.135.82 - - [25/Jan/2024:07:59:35 +0800] "GET /xingrg/kc/pszx/mdps_order_info.html?code=312024012300618 HTTP/1.1" 200 23978
120.253.135.82 - - [25/Jan/2024:07:59:35 +0800] "GET /xingrg/javascript/easyui/themes/default/validatebox.css HTTP/1.1" 404 1104
120.253.135.82 - - [25/Jan/2024:07:59:36 +0800] "POST /xingrg/kc/pszx/mdps_order_operate.html HTTP/1.1" 200 13469
120.253.135.82 - - [25/Jan/2024:07:59:37 +0800] "POST /xingrg/kc/pszx/mdps_list_operate.html HTTP/1.1" 200 2440
116.235.245.21 - - [25/Jan/2024:07:59:39 +0800] "GET /xingrg/all/function/internal_message.html?_=1706140792832&CODE_STATE=getMsg HTTP/1.1" 200 27
180.171.56.87 - - [25/Jan/2024:07:59:59 +0800] "GET /xingrg/all/function/internal_message.html?_=1706140807452&CODE_STATE=getMsg HTTP/1.1" 200 27
120.253.135.82 - - [25/Jan/2024:08:00:09 +0800] "POST /xingrg/kc/pszx/mdps_list_operate.html HTTP/1.1" 200 381
120.253.135.82 - - [25/Jan/2024:08:00:11 +0800] "GET /xingrg/kc/pszx/mdps_order_info.html?code=312024012300619 HTTP/1.1" 200 23978
120.253.135.82 - - [25/Jan/2024:08:00:11 +0800] "GET /xingrg/javascript/easyui/themes/default/validatebox.css HTTP/1.1" 404 1104
120.253.135.82 - - [25/Jan/2024:08:00:12 +0800] "POST /xingrg/kc/pszx/mdps_order_operate.html HTTP/1.1" 200 3302
120.253.135.82 - - [25/Jan/2024:08:00:17 +0800] "GET /xingrg/kc/print/load_data.html?order_code=312024012300619&kc_code=mdps&condition= HTTP/1.1" 200 1187
116.230.109.177 - - [25/Jan/2024:08:00:19 +0800] "GET /xingrg/check_reg.html?_=1706140764419 HTTP/1.1" 200 22
116.230.109.177 - - [25/Jan/2024:08:00:21 +0800] "GET /xingrg/check_reg.html?_=1706140767044 HTTP/1.1" 200 22
221.239.172.206 - - [25/Jan/2024:08:00:23 +0800] "GET /xingrg/check_reg.html?_=1706140823063 HTTP/1.1" 302 -
124.78.154.219 - - [25/Jan/2024:08:00:25 +0800] "GET /xingrg/all/function/internal_message.html?_=1706140824633&CODE_STATE=getMsg HTTP/1.1" 200 27
120.253.135.82 - - [25/Jan/2024:08:00:26 +0800] "GET /xingrg/all/function/internal_message.html?_=1706140651267&CODE_STATE=getMsg HTTP/1.1" 200 27
124.78.68.102 - - [25/Jan/2024:08:00:31 +0800] "GET /xingrg/all/function/internal_message.html?_=1706140831530&CODE_STATE=getMsg HTTP/1.1" 200 27
114.95.241.104 - - [25/Jan/2024:08:00:33 +0800] "GET /xingrg/all/function/internal_message.html?_=1706140833184&CODE_STATE=getMsg HTTP/1.1" 200 27
116.235.245.21 - - [25/Jan/2024:08:00:40 +0800] "GET /xingrg/all/function/internal_message.html?_=1706140853697&CODE_STATE=getMsg HTTP/1.1" 200 27
180.171.56.87 - - [25/Jan/2024:08:00:59 +0800] "GET /xingrg/all/function/internal_message.html?_=1706140867452&CODE_STATE=getMsg HTTP/1.1" 200 27
180.163.30.27 - - [25/Jan/2024:08:01:25 +0800] "GET /xingrg/all/function/internal_message.html?_=1706140824633&CODE_STATE=getMsg HTTP/1.1" 302 -
124.78.154.219 - - [25/Jan/2024:08:01:25 +0800] "GET /xingrg/all/function/internal_message.html?_=1706140884603&CODE_STATE=getMsg HTTP/1.1" 200 27
180.163.30.27 - - [25/Jan/2024:08:01:25 +0800] "GET /xingrg/login.html HTTP/1.1" 200 7641
120.253.135.82 - - [25/Jan/2024:08:01:26 +0800] "GET /xingrg/check_reg.html?_=1706140710898 HTTP/1.1" 200 22
120.253.135.82 - - [25/Jan/2024:08:01:26 +0800] "GET /xingrg/all/function/internal_message.html?_=1706140711279&CODE_STATE=getMsg HTTP/1.1" 200 27
124.78.68.102 - - [25/Jan/2024:08:01:31 +0800] "GET /xingrg/all/function/internal_message.html?_=1706140891503&CODE_STATE=getMsg HTTP/1.1" 200 27
124.78.68.102 - - [25/Jan/2024:08:01:31 +0800] "GET /xingrg/check_reg.html?_=1706140891879 HTTP/1.1" 200 22
114.95.241.104 - - [25/Jan/2024:08:01:33 +0800] "GET /xingrg/all/function/internal_message.html?_=1706140893176&CODE_STATE=getMsg HTTP/1.1" 200 27
116.235.245.21 - - [25/Jan/2024:08:01:40 +0800] "GET /xingrg/all/function/internal_message.html?_=1706140913702&CODE_STATE=getMsg HTTP/1.1" 200 27
124.78.154.219 - - [25/Jan/2024:08:01:40 +0800] "GET /xingrg/check_reg.html?_=1706140899458 HTTP/1.1" 200 22
120.253.135.82 - - [25/Jan/2024:08:01:42 +0800] "POST /xingrg/kc/pszx/mdps_list_operate.html HTTP/1.1" 200 2440
116.230.109.177 - - [25/Jan/2024:08:01:44 +0800] "GET /xingrg/check_reg.html?_=1706140849955 HTTP/1.1" 200 22
120.253.135.82 - - [25/Jan/2024:08:01:45 +0800] "POST /xingrg/kc/pszx/mdps_list_operate.html HTTP/1.1" 200 643
120.253.135.82 - - [25/Jan/2024:08:01:46 +0800] "GET /xingrg/kc/pszx/mdps_order_info.html?code=312024012500639 HTTP/1.1" 200 23978
120.253.135.82 - - [25/Jan/2024:08:01:46 +0800] "GET /xingrg/javascript/easyui/themes/default/validatebox.css HTTP/1.1" 404 1104
120.253.135.82 - - [25/Jan/2024:08:01:47 +0800] "POST /xingrg/kc/pszx/mdps_order_operate.html HTTP/1.1" 200 15589
116.230.109.177 - - [25/Jan/2024:08:01:53 +0800] "GET /xingrg/check_reg.html?_=1706140858803 HTTP/1.1" 200 22
180.171.56.87 - - [25/Jan/2024:08:01:59 +0800] "GET /xingrg/all/function/internal_message.html?_=1706140927453&CODE_STATE=getMsg HTTP/1.1" 200 27
120.253.135.82 - - [25/Jan/2024:08:02:07 +0800] "POST /xingrg/kc/pszx/mdps_order_operate.html HTTP/1.1" 200 37
120.253.135.82 - - [25/Jan/2024:08:02:08 +0800] "GET /xingrg/kc/pszx/mdps_order_info.html?code=312024012500639 HTTP/1.1" 200 23978
120.253.135.82 - - [25/Jan/2024:08:02:09 +0800] "GET /xingrg/javascript/easyui/themes/default/validatebox.css HTTP/1.1" 404 1104
120.253.135.82 - - [25/Jan/2024:08:02:09 +0800] "POST /xingrg/kc/pszx/mdps_order_operate.html HTTP/1.1" 200 15589
120.253.135.82 - - [25/Jan/2024:08:02:11 +0800] "POST /xingrg/kc/pszx/mdps_list_operate.html HTTP/1.1" 200 2440
120.253.135.82 - - [25/Jan/2024:08:02:12 +0800] "POST /xingrg/kc/pszx/mdps_list_operate.html HTTP/1.1" 200 637
120.253.135.82 - - [25/Jan/2024:08:02:13 +0800] "GET /xingrg/kc/pszx/mdps_order_info.html?code=312024012300618 HTTP/1.1" 200 23978
120.253.135.82 - - [25/Jan/2024:08:02:14 +0800] "GET /xingrg/javascript/easyui/themes/default/validatebox.css HTTP/1.1" 404 1104
120.253.135.82 - - [25/Jan/2024:08:02:14 +0800] "POST /xingrg/kc/pszx/mdps_order_operate.html HTTP/1.1" 200 13469
120.253.135.82 - - [25/Jan/2024:08:02:20 +0800] "POST /xingrg/kc/pszx/mdps_list_operate.html HTTP/1.1" 200 2440
120.253.135.82 - - [25/Jan/2024:08:02:22 +0800] "POST /xingrg/kc/pszx/mdps_list_operate.html HTTP/1.1" 200 643
120.253.135.82 - - [25/Jan/2024:08:02:24 +0800] "GET /xingrg/kc/pszx/mdps_order_info.html?code=312024012500639 HTTP/1.1" 200 23978
120.253.135.82 - - [25/Jan/2024:08:02:24 +0800] "GET /xingrg/javascript/easyui/themes/default/validatebox.css HTTP/1.1" 404 1104
120.253.135.82 - - [25/Jan/2024:08:02:24 +0800] "POST /xingrg/kc/pszx/mdps_order_operate.html HTTP/1.1" 200 15589
124.78.154.219 - - [25/Jan/2024:08:02:25 +0800] "GET /xingrg/all/function/internal_message.html?_=1706140944578&CODE_STATE=getMsg HTTP/1.1" 200 27
120.253.135.82 - - [25/Jan/2024:08:02:26 +0800] "GET /xingrg/all/function/internal_message.html?_=1706140771293&CODE_STATE=getMsg HTTP/1.1" 200 27
124.78.68.102 - - [25/Jan/2024:08:02:31 +0800] "GET /xingrg/all/function/internal_message.html?_=1706140951473&CODE_STATE=getMsg HTTP/1.1" 200 27
114.95.241.104 - - [25/Jan/2024:08:02:33 +0800] "GET /xingrg/all/function/internal_message.html?_=1706140953167&CODE_STATE=getMsg HTTP/1.1" 200 27
120.253.135.82 - - [25/Jan/2024:08:02:34 +0800] "POST /xingrg/kc/pszx/mdps_list_operate.html HTTP/1.1" 200 2440
120.253.135.82 - - [25/Jan/2024:08:02:36 +0800] "POST /xingrg/kc/pszx/mdps_list_operate.html HTTP/1.1" 200 643
120.253.135.82 - - [25/Jan/2024:08:02:37 +0800] "GET /xingrg/kc/pszx/mdps_order_info.html?code=312024012500639 HTTP/1.1" 200 23978
120.253.135.82 - - [25/Jan/2024:08:02:38 +0800] "GET /xingrg/javascript/easyui/themes/default/validatebox.css HTTP/1.1" 404 1104
120.253.135.82 - - [25/Jan/2024:08:02:39 +0800] "POST /xingrg/kc/pszx/mdps_order_operate.html HTTP/1.1" 200 15589
180.163.28.109 - - [25/Jan/2024:08:02:40 +0800] "GET /xingrg/check_reg.html?_=1706140899458 HTTP/1.1" 302 -
180.163.28.109 - - [25/Jan/2024:08:02:40 +0800] "GET /xingrg/login.html HTTP/1.1" 200 7641
116.235.245.21 - - [25/Jan/2024:08:02:40 +0800] "GET /xingrg/all/function/internal_message.html?_=1706140974426&CODE_STATE=getMsg HTTP/1.1" 200 27
120.253.135.82 - - [25/Jan/2024:08:02:46 +0800] "GET /xingrg/kc/print/load_data.html?order_code=312024012500639&kc_code=mdps&condition= HTTP/1.1" 200 6962
218.81.65.124 - - [25/Jan/2024:08:02:51 +0800] "GET /xingrg/check_reg.html?_=1706140971360 HTTP/1.1" 200 22
120.253.135.82 - - [25/Jan/2024:08:02:54 +0800] "POST /xingrg/kc/pszx/mdps_list_operate.html HTTP/1.1" 200 2440
116.235.245.21 - - [25/Jan/2024:08:02:54 +0800] "GET /xingrg/check_reg.html?_=1706140988349 HTTP/1.1" 200 22
180.171.56.87 - - [25/Jan/2024:08:02:59 +0800] "GET /xingrg/all/function/internal_message.html?_=1706140987454&CODE_STATE=getMsg HTTP/1.1" 200 27
180.171.56.87 - - [25/Jan/2024:08:02:59 +0800] "GET /xingrg/check_reg.html?_=1706140987459 HTTP/1.1" 200 22
124.78.154.219 - - [25/Jan/2024:08:03:25 +0800] "GET /xingrg/all/function/internal_message.html?_=1706141004552&CODE_STATE=getMsg HTTP/1.1" 200 27
120.253.135.82 - - [25/Jan/2024:08:03:27 +0800] "GET /xingrg/all/function/internal_message.html?_=1706140831393&CODE_STATE=getMsg HTTP/1.1" 200 27
124.78.68.102 - - [25/Jan/2024:08:03:31 +0800] "GET /xingrg/all/function/internal_message.html?_=1706141011447&CODE_STATE=getMsg HTTP/1.1" 200 27
114.95.241.104 - - [25/Jan/2024:08:03:33 +0800] "GET /xingrg/all/function/internal_message.html?_=1706141013189&CODE_STATE=getMsg HTTP/1.1" 200 27
116.235.245.21 - - [25/Jan/2024:08:03:40 +0800] "GET /xingrg/all/function/internal_message.html?_=1706141034430&CODE_STATE=getMsg HTTP/1.1" 200 27
180.171.56.87 - - [25/Jan/2024:08:03:59 +0800] "GET /xingrg/all/function/internal_message.html?_=1706141047460&CODE_STATE=getMsg HTTP/1.1" 200 27
124.78.154.219 - - [25/Jan/2024:08:04:25 +0800] "GET /xingrg/all/function/internal_message.html?_=1706141064536&CODE_STATE=getMsg HTTP/1.1" 200 27
120.253.135.82 - - [25/Jan/2024:08:04:27 +0800] "GET /xingrg/all/function/internal_message.html?_=1706140891398&CODE_STATE=getMsg HTTP/1.1" 200 27
124.78.68.102 - - [25/Jan/2024:08:04:31 +0800] "GET /xingrg/all/function/internal_message.html?_=1706141071444&CODE_STATE=getMsg HTTP/1.1" 200 27
114.95.241.104 - - [25/Jan/2024:08:04:33 +0800] "GET /xingrg/check_reg.html?_=1706141073177 HTTP/1.1" 200 22
114.95.241.104 - - [25/Jan/2024:08:04:33 +0800] "GET /xingrg/all/function/internal_message.html?_=1706141073181&CODE_STATE=getMsg HTTP/1.1" 200 27
116.235.245.21 - - [25/Jan/2024:08:04:40 +0800] "GET /xingrg/all/function/internal_message.html?_=1706141094445&CODE_STATE=getMsg HTTP/1.1" 200 27
180.171.56.87 - - [25/Jan/2024:08:04:59 +0800] "GET /xingrg/all/function/internal_message.html?_=1706141107463&CODE_STATE=getMsg HTTP/1.1" 200 27
116.230.109.177 - - [25/Jan/2024:08:05:19 +0800] "GET /xingrg/check_reg.html?_=1706141064399 HTTP/1.1" 200 22
116.230.109.177 - - [25/Jan/2024:08:05:21 +0800] "GET /xingrg/check_reg.html?_=1706141067022 HTTP/1.1" 200 22
221.239.172.206 - - [25/Jan/2024:08:05:23 +0800] "GET /xingrg/check_reg.html?_=1706141123035 HTTP/1.1" 302 -
180.163.30.85 - - [25/Jan/2024:08:05:25 +0800] "GET /xingrg/all/function/internal_message.html?_=1706141064536&CODE_STATE=getMsg HTTP/1.1" 302 -
124.78.154.219 - - [25/Jan/2024:08:05:25 +0800] "GET /xingrg/all/function/internal_message.html?_=1706141124510&CODE_STATE=getMsg HTTP/1.1" 200 27
180.163.30.85 - - [25/Jan/2024:08:05:25 +0800] "GET /xingrg/login.html HTTP/1.1" 200 7641
120.253.135.82 - - [25/Jan/2024:08:05:27 +0800] "GET /xingrg/all/function/internal_message.html?_=1706140951485&CODE_STATE=getMsg HTTP/1.1" 200 27
124.78.68.102 - - [25/Jan/2024:08:05:31 +0800] "GET /xingrg/all/function/internal_message.html?_=1706141131442&CODE_STATE=getMsg HTTP/1.1" 200 27
114.95.241.104 - - [25/Jan/2024:08:05:33 +0800] "GET /xingrg/all/function/internal_message.html?_=1706141133180&CODE_STATE=getMsg HTTP/1.1" 200 27
116.235.245.21 - - [25/Jan/2024:08:05:41 +0800] "GET /xingrg/all/function/internal_message.html?_=1706141155287&CODE_STATE=getMsg HTTP/1.1" 200 27
180.171.56.87 - - [25/Jan/2024:08:05:59 +0800] "GET /xingrg/all/function/internal_message.html?_=1706141167465&CODE_STATE=getMsg HTTP/1.1" 200 27
124.78.154.219 - - [25/Jan/2024:08:06:25 +0800] "GET /xingrg/all/function/internal_message.html?_=1706141184481&CODE_STATE=getMsg HTTP/1.1" 200 27
120.253.135.82 - - [25/Jan/2024:08:06:26 +0800] "GET /xingrg/check_reg.html?_=1706141010894 HTTP/1.1" 200 22
120.253.135.82 - - [25/Jan/2024:08:06:27 +0800] "GET /xingrg/all/function/internal_message.html?_=1706141011562&CODE_STATE=getMsg HTTP/1.1" 200 27
124.78.68.102 - - [25/Jan/2024:08:06:31 +0800] "GET /xingrg/all/function/internal_message.html?_=1706141191419&CODE_STATE=getMsg HTTP/1.1" 200 27
124.78.68.102 - - [25/Jan/2024:08:06:31 +0800] "GET /xingrg/check_reg.html?_=1706141191861 HTTP/1.1" 200 22
114.95.241.104 - - [25/Jan/2024:08:06:33 +0800] "GET /xingrg/all/function/internal_message.html?_=1706141193186&CODE_STATE=getMsg HTTP/1.1" 200 27
124.78.154.219 - - [25/Jan/2024:08:06:40 +0800] "GET /xingrg/check_reg.html?_=1706141199462 HTTP/1.1" 200 22
116.235.245.21 - - [25/Jan/2024:08:06:41 +0800] "GET /xingrg/all/function/internal_message.html?_=1706141215299&CODE_STATE=getMsg HTTP/1.1" 200 27
116.230.109.177 - - [25/Jan/2024:08:06:44 +0800] "GET /xingrg/check_reg.html?_=1706141149939 HTTP/1.1" 200 22
116.230.109.177 - - [25/Jan/2024:08:06:53 +0800] "GET /xingrg/check_reg.html?_=1706141158792 HTTP/1.1" 200 22
180.171.56.87 - - [25/Jan/2024:08:06:59 +0800] "GET /xingrg/all/function/internal_message.html?_=1706141227466&CODE_STATE=getMsg HTTP/1.1" 200 27
124.78.154.219 - - [25/Jan/2024:08:07:25 +0800] "GET /xingrg/all/function/internal_message.html?_=1706141244455&CODE_STATE=getMsg HTTP/1.1" 200 27
120.253.135.82 - - [25/Jan/2024:08:07:27 +0800] "GET /xingrg/all/function/internal_message.html?_=1706141071563&CODE_STATE=getMsg HTTP/1.1" 200 27
124.78.68.102 - - [25/Jan/2024:08:07:31 +0800] "GET /xingrg/all/function/internal_message.html?_=1706141251409&CODE_STATE=getMsg HTTP/1.1" 200 27
180.152.241.32 - - [25/Jan/2024:08:07:32 +0800] "POST /xingrg/services/DataTransmitService HTTP/1.1" 200 524
114.95.241.104 - - [25/Jan/2024:08:07:33 +0800] "GET /xingrg/all/function/internal_message.html?_=1706141253178&CODE_STATE=getMsg HTTP/1.1" 200 27
180.163.30.27 - - [25/Jan/2024:08:07:40 +0800] "GET /xingrg/check_reg.html?_=1706141199462 HTTP/1.1" 302 -
180.163.30.27 - - [25/Jan/2024:08:07:40 +0800] "GET /xingrg/login.html HTTP/1.1" 200 7641
116.235.245.21 - - [25/Jan/2024:08:07:42 +0800] "GET /xingrg/all/function/internal_message.html?_=1706141276021&CODE_STATE=getMsg HTTP/1.1" 200 27
218.81.65.124 - - [25/Jan/2024:08:07:51 +0800] "GET /xingrg/check_reg.html?_=1706141271339 HTTP/1.1" 200 22
116.235.245.21 - - [25/Jan/2024:08:07:54 +0800] "GET /xingrg/check_reg.html?_=1706141288354 HTTP/1.1" 200 22
180.171.56.87 - - [25/Jan/2024:08:07:59 +0800] "GET /xingrg/check_reg.html?_=1706141287468 HTTP/1.1" 200 22
180.171.56.87 - - [25/Jan/2024:08:07:59 +0800] "GET /xingrg/all/function/internal_message.html?_=1706141287473&CODE_STATE=getMsg HTTP/1.1" 200 27
124.78.154.219 - - [25/Jan/2024:08:08:25 +0800] "GET /xingrg/all/function/internal_message.html?_=1706141304427&CODE_STATE=getMsg HTTP/1.1" 200 27
120.253.135.82 - - [25/Jan/2024:08:08:27 +0800] "GET /xingrg/all/function/internal_message.html?_=1706141131577&CODE_STATE=getMsg HTTP/1.1" 200 27
106.55.201.50 - - [25/Jan/2024:08:08:29 +0800] "GET /xingrg/all/function/internal_message.html?_=1706126910181&CODE_STATE=getMsg HTTP/1.1" 302 -
49.234.35.33 - - [25/Jan/2024:08:08:29 +0800] "GET /xingrg/login.html HTTP/1.1" 200 7641
124.78.68.102 - - [25/Jan/2024:08:08:31 +0800] "GET /xingrg/all/function/internal_message.html?_=1706141311399&CODE_STATE=getMsg HTTP/1.1" 200 27
114.95.241.104 - - [25/Jan/2024:08:08:33 +0800] "GET /xingrg/all/function/internal_message.html?_=1706141313171&CODE_STATE=getMsg HTTP/1.1" 200 27
116.235.245.21 - - [25/Jan/2024:08:08:42 +0800] "GET /xingrg/all/function/internal_message.html?_=1706141336028&CODE_STATE=getMsg HTTP/1.1" 200 27
180.171.56.87 - - [25/Jan/2024:08:08:59 +0800] "GET /xingrg/all/function/internal_message.html?_=1706141347460&CODE_STATE=getMsg HTTP/1.1" 200 27
124.78.154.219 - - [25/Jan/2024:08:09:25 +0800] "GET /xingrg/all/function/internal_message.html?_=1706141364399&CODE_STATE=getMsg HTTP/1.1" 200 27
180.163.30.85 - - [25/Jan/2024:08:09:25 +0800] "GET /xingrg/all/function/internal_message.html?_=1706141304427&CODE_STATE=getMsg HTTP/1.1" 302 -
180.163.30.85 - - [25/Jan/2024:08:09:26 +0800] "GET /xingrg/login.html HTTP/1.1" 200 7641
120.253.135.82 - - [25/Jan/2024:08:09:27 +0800] "GET /xingrg/all/function/internal_message.html?_=1706141191713&CODE_STATE=getMsg HTTP/1.1" 200 27
124.78.68.102 - - [25/Jan/2024:08:09:31 +0800] "GET /xingrg/all/function/internal_message.html?_=1706141371375&CODE_STATE=getMsg HTTP/1.1" 200 27
114.95.241.104 - - [25/Jan/2024:08:09:33 +0800] "GET /xingrg/all/function/internal_message.html?_=1706141373176&CODE_STATE=getMsg HTTP/1.1" 200 27
114.95.241.104 - - [25/Jan/2024:08:09:33 +0800] "GET /xingrg/check_reg.html?_=1706141373181 HTTP/1.1" 200 22
116.235.245.21 - - [25/Jan/2024:08:09:42 +0800] "GET /xingrg/all/function/internal_message.html?_=1706141396041&CODE_STATE=getMsg HTTP/1.1" 200 27
180.171.56.87 - - [25/Jan/2024:08:09:59 +0800] "GET /xingrg/all/function/internal_message.html?_=1706141407460&CODE_STATE=getMsg HTTP/1.1" 200 27
116.230.109.177 - - [25/Jan/2024:08:10:19 +0800] "GET /xingrg/check_reg.html?_=1706141364381 HTTP/1.1" 200 22
116.230.109.177 - - [25/Jan/2024:08:10:21 +0800] "GET /xingrg/check_reg.html?_=1706141366997 HTTP/1.1" 200 22
221.239.172.206 - - [25/Jan/2024:08:10:23 +0800] "GET /xingrg/check_reg.html?_=1706141423022 HTTP/1.1" 302 -
124.78.154.219 - - [25/Jan/2024:08:10:25 +0800] "GET /xingrg/all/function/internal_message.html?_=1706141424388&CODE_STATE=getMsg HTTP/1.1" 200 27
180.163.28.109 - - [25/Jan/2024:08:10:25 +0800] "GET /xingrg/all/function/internal_message.html?_=1706141364399&CODE_STATE=getMsg HTTP/1.1" 302 -
180.163.28.109 - - [25/Jan/2024:08:10:25 +0800] "GET /xingrg/login.html HTTP/1.1" 200 7641
120.253.135.82 - - [25/Jan/2024:08:10:27 +0800] "GET /xingrg/all/function/internal_message.html?_=1706141251729&CODE_STATE=getMsg HTTP/1.1" 200 27
124.78.68.102 - - [25/Jan/2024:08:10:31 +0800] "GET /xingrg/all/function/internal_message.html?_=1706141431356&CODE_STATE=getMsg HTTP/1.1" 200 27
114.95.241.104 - - [25/Jan/2024:08:10:33 +0800] "GET /xingrg/all/function/internal_message.html?_=1706141433181&CODE_STATE=getMsg HTTP/1.1" 200 27
116.235.245.21 - - [25/Jan/2024:08:10:43 +0800] "GET /xingrg/all/function/internal_message.html?_=1706141456788&CODE_STATE=getMsg HTTP/1.1" 200 27
180.171.56.87 - - [25/Jan/2024:08:10:59 +0800] "GET /xingrg/all/function/internal_message.html?_=1706141467460&CODE_STATE=getMsg HTTP/1.1" 200 27
124.78.154.219 - - [25/Jan/2024:08:11:25 +0800] "GET /xingrg/all/function/internal_message.html?_=1706141484359&CODE_STATE=getMsg HTTP/1.1" 200 27
