101.83.145.37 - - [25/Jan/2024:11:28:51 +0800] "GET /xingrg/javascript/easyui/themes/default/validatebox.css HTTP/1.1" 404 1104
116.230.109.177 - - [25/Jan/2024:11:28:51 +0800] "GET /xingrg/kc/base/wldb_order_info.html?code=422024012502658 HTTP/1.1" 200 30367
116.230.109.177 - - [25/Jan/2024:11:28:51 +0800] "GET /xingrg/words/20240125111409_words.js HTTP/1.1" 304 -
116.230.109.177 - - [25/Jan/2024:11:28:51 +0800] "GET /xingrg/javascript/easyui/themes/default/validatebox.css HTTP/1.1" 404 1104
116.230.109.177 - - [25/Jan/2024:11:28:52 +0800] "POST /xingrg/kc/base/wldb_order_operate.html HTTP/1.1" 200 3188
116.235.245.21 - - [25/Jan/2024:11:28:54 +0800] "GET /xingrg/all/function/internal_message.html?_=1706153348994&CODE_STATE=getMsg HTTP/1.1" 200 27
116.230.123.222 - - [25/Jan/2024:11:28:54 +0800] "GET /xingrg/all/function/internal_message.html?_=1706153333800&CODE_STATE=getMsg HTTP/1.1" 200 27
116.230.109.177 - - [25/Jan/2024:11:28:55 +0800] "GET /xingrg/kc/base/wldb_order_add.html HTTP/1.1" 200 30350
116.235.93.185 - - [25/Jan/2024:11:28:55 +0800] "GET /xingrg/all/function/internal_message.html?_=1706153335119&CODE_STATE=getMsg HTTP/1.1" 200 27
116.230.109.177 - - [25/Jan/2024:11:28:55 +0800] "POST /xingrg/kc/base/wldb_order_operate.html HTTP/1.1" 200 6806
116.230.109.177 - - [25/Jan/2024:11:28:55 +0800] "GET /xingrg/javascript/easyui/themes/default/validatebox.css HTTP/1.1" 404 1104
180.164.1.25 - - [25/Jan/2024:11:28:55 +0800] "GET /xingrg/check_reg.html?_=1706153332785 HTTP/1.1" 200 22
180.164.1.25 - - [25/Jan/2024:11:28:55 +0800] "GET /xingrg/all/function/internal_message.html?_=1706153332788&CODE_STATE=getMsg HTTP/1.1" 200 27
218.81.65.124 - - [25/Jan/2024:11:28:56 +0800] "GET /xingrg/all/function/internal_message.html?_=1706153341726&CODE_STATE=getMsg HTTP/1.1" 200 27
114.95.241.104 - - [25/Jan/2024:11:28:56 +0800] "GET /xingrg/all/function/internal_message.html?_=1706153336227&CODE_STATE=getMsg HTTP/1.1" 200 27
114.95.241.104 - - [25/Jan/2024:11:28:57 +0800] "POST /xingrg/kc/buy/cgsh_order_operate.html HTTP/1.1" 200 37
116.230.109.177 - - [25/Jan/2024:11:28:58 +0800] "POST /xingrg/services/DataTransmitService HTTP/1.1" 401 565
116.230.109.177 - - [25/Jan/2024:11:28:58 +0800] "POST /xingrg/services/DataTransmitService HTTP/1.1" 200 478
116.230.109.177 - - [25/Jan/2024:11:28:58 +0800] "POST /xingrg/services/DataTransmitService HTTP/1.1" 200 1319
116.230.109.177 - - [25/Jan/2024:11:28:58 +0800] "POST /xingrg/services/DataTransmitService HTTP/1.1" 200 478
116.230.109.177 - - [25/Jan/2024:11:28:58 +0800] "POST /xingrg/services/DataTransmitService HTTP/1.1" 200 1319
116.230.109.177 - - [25/Jan/2024:11:28:58 +0800] "GET /xingrg/all/function/internal_message.html?_=1706153283362&CODE_STATE=getMsg HTTP/1.1" 200 27
116.230.109.177 - - [25/Jan/2024:11:28:58 +0800] "POST /xingrg/services/DataTransmitService HTTP/1.1" 200 524
101.228.146.191 - - [25/Jan/2024:11:28:58 +0800] "GET /xingrg/all/function/internal_message.html?_=1706153337754&CODE_STATE=getMsg HTTP/1.1" 200 27
116.230.109.177 - - [25/Jan/2024:11:28:59 +0800] "POST /xingrg/services/DataTransmitService HTTP/1.1" 200 2067
116.230.109.177 - - [25/Jan/2024:11:28:59 +0800] "POST /xingrg/services/DataTransmitService HTTP/1.1" 200 45454
180.171.56.87 - - [25/Jan/2024:11:28:59 +0800] "GET /xingrg/all/function/internal_message.html?_=1706153347541&CODE_STATE=getMsg HTTP/1.1" 200 27
116.235.245.21 - - [25/Jan/2024:11:28:59 +0800] "GET /xingrg/kc/buy/cgsh_order_operate.html?command=get_materiel&rest_code=00146&code=00101006174&supplier_code=00100012&order_time=2024-01-25 HTTP/1.1" 200 414
116.230.109.177 - - [25/Jan/2024:11:28:59 +0800] "POST /xingrg/services/DataTransmitService HTTP/1.1" 200 19237
114.95.241.104 - - [25/Jan/2024:11:29:04 +0800] "POST /xingrg/kc/buy/cgsh_order_operate.html HTTP/1.1" 200 12
222.69.132.239 - - [25/Jan/2024:11:29:05 +0800] "GET /xingrg/all/function/internal_message.html?_=1706153346328&CODE_STATE=getMsg HTTP/1.1" 200 27
114.95.241.104 - - [25/Jan/2024:11:29:07 +0800] "GET /xingrg/kc/buy/cgsh_order_info.html?code=212024012510329 HTTP/1.1" 200 68028
114.95.241.104 - - [25/Jan/2024:11:29:07 +0800] "GET /xingrg/javascript/easyui/themes/default/validatebox.css HTTP/1.1" 404 1104
116.230.109.177 - - [25/Jan/2024:11:29:08 +0800] "GET /xingrg/all/function/internal_message.html?_=1706153293187&CODE_STATE=getMsg HTTP/1.1" 200 27
114.95.241.104 - - [25/Jan/2024:11:29:08 +0800] "POST /xingrg/kc/buy/cgsh_order_operate.html HTTP/1.1" 200 606
114.95.241.104 - - [25/Jan/2024:11:29:10 +0800] "GET /xingrg/kc/print/load_data.html?order_code=212024012510329&kc_code=cgsh&condition= HTTP/1.1" 200 783
101.83.145.37 - - [25/Jan/2024:11:29:11 +0800] "GET /xingrg/kc/base/wldb_order_operate.html?command=get_materiel&rest_code=00105&base_code=0010508&code=00102002334 HTTP/1.1" 200 435
180.152.241.32 - - [25/Jan/2024:11:29:13 +0800] "GET /xingrg/all/function/internal_message.html?_=1706153355422&CODE_STATE=getMsg HTTP/1.1" 200 27
111.18.239.145 - - [25/Jan/2024:11:29:15 +0800] "GET /xingrg/all/function/internal_message.html?_=1706153354854&CODE_STATE=getMsg HTTP/1.1" 200 27
124.78.154.219 - - [25/Jan/2024:11:29:15 +0800] "GET /xingrg/all/function/internal_message.html?_=1706153354788&CODE_STATE=getMsg HTTP/1.1" 200 27
114.95.241.104 - - [25/Jan/2024:11:29:19 +0800] "GET /xingrg/kc/buy/cgsh_order_add.html HTTP/1.1" 200 73115
114.95.241.104 - - [25/Jan/2024:11:29:19 +0800] "GET /xingrg/words/20240125111409_words.js HTTP/1.1" 304 -
114.95.241.104 - - [25/Jan/2024:11:29:19 +0800] "POST /xingrg/kc/buy/cgsh_order_operate.html HTTP/1.1" 200 8245
114.95.241.104 - - [25/Jan/2024:11:29:19 +0800] "GET /xingrg/javascript/easyui/themes/default/validatebox.css HTTP/1.1" 404 1104
116.230.123.222 - - [25/Jan/2024:11:29:20 +0800] "POST /xingrg/dwr/call/plaincall/AjaxYddbService.saveOrder.dwr HTTP/1.1" 200 78
116.235.245.21 - - [25/Jan/2024:11:29:21 +0800] "GET /xingrg/kc/buy/cgsh_order_operate.html?command=get_materiel&rest_code=00146&code=00101006111&supplier_code=00100012&order_time=2024-01-25 HTTP/1.1" 200 409
101.83.145.37 - - [25/Jan/2024:11:29:22 +0800] "POST /xingrg/kc/base/wldb_order_operate.html HTTP/1.1" 200 37
116.230.123.222 - - [25/Jan/2024:11:29:22 +0800] "GET /xingrg/images/yd/bt.gif HTTP/1.1" 404 1040
101.83.145.37 - - [25/Jan/2024:11:29:22 +0800] "POST /xingrg/kc/base/wldb_order_operate.html HTTP/1.1" 200 2185
101.83.145.37 - - [25/Jan/2024:11:29:23 +0800] "GET /xingrg/kc/base/wldb_order_info.html?code=422024012502659 HTTP/1.1" 200 30358
101.83.145.37 - - [25/Jan/2024:11:29:23 +0800] "GET /xingrg/words/20240125111409_words.js HTTP/1.1" 304 -
101.83.145.37 - - [25/Jan/2024:11:29:24 +0800] "GET /xingrg/javascript/easyui/themes/default/validatebox.css HTTP/1.1" 404 1104
101.83.145.37 - - [25/Jan/2024:11:29:24 +0800] "POST /xingrg/kc/base/wldb_order_operate.html HTTP/1.1" 200 2185
116.230.109.177 - - [25/Jan/2024:11:29:25 +0800] "GET /xingrg/kc/base/wldb_order_operate.html?command=get_materiel&rest_code=00155&base_code=0010740&code=00102002679 HTTP/1.1" 200 458
101.83.145.37 - - [25/Jan/2024:11:29:25 +0800] "GET /xingrg/all/function/internal_message.html?_=1706153131809&CODE_STATE=getMsg HTTP/1.1" 200 27
101.83.145.37 - - [25/Jan/2024:11:29:27 +0800] "GET /xingrg/all/function/internal_message.html?_=1706153133619&CODE_STATE=getMsg HTTP/1.1" 200 27
116.230.123.222 - - [25/Jan/2024:11:29:30 +0800] "POST /xingrg/dwr/call/plaincall/AjaxComOrderService.getMaterielSearchList.dwr HTTP/1.1" 200 293159
116.230.123.222 - - [25/Jan/2024:11:29:31 +0800] "POST /xingrg/dwr/call/plaincall/AjaxComOrderService.getMaterielSearchList.dwr HTTP/1.1" 200 11808
124.78.68.102 - - [25/Jan/2024:11:29:31 +0800] "GET /xingrg/all/function/internal_message.html?_=1706153371332&CODE_STATE=getMsg HTTP/1.1" 200 27
114.95.241.104 - - [25/Jan/2024:11:29:31 +0800] "GET /xingrg/kc/buy/cgsh_order_operate.html?command=get_materiel&rest_code=00150&code=00101006001&supplier_code=00100517&order_time=2024-01-25 HTTP/1.1" 200 446
116.230.123.222 - - [25/Jan/2024:11:29:31 +0800] "POST /xingrg/dwr/call/plaincall/AjaxComOrderService.getMaterielSearchList.dwr HTTP/1.1" 200 1976
172.20.0.100 - - [25/Jan/2024:11:29:36 +0800] "GET /xingrg/all/function/internal_message.html?_=1706153381810&CODE_STATE=getMsg HTTP/1.1" 200 27
124.78.68.102 - - [25/Jan/2024:11:29:36 +0800] "GET /xingrg/all/function/internal_message.html?_=1706153376399&CODE_STATE=getMsg HTTP/1.1" 200 27
101.83.145.37 - - [25/Jan/2024:11:29:37 +0800] "GET /xingrg/kc/base/wldb_order_add.html HTTP/1.1" 200 30344
101.83.145.37 - - [25/Jan/2024:11:29:37 +0800] "POST /xingrg/kc/base/wldb_order_operate.html HTTP/1.1" 200 6806
101.83.145.37 - - [25/Jan/2024:11:29:38 +0800] "GET /xingrg/javascript/easyui/themes/default/validatebox.css HTTP/1.1" 404 1104
114.95.241.104 - - [25/Jan/2024:11:29:41 +0800] "POST /xingrg/kc/buy/cgsh_order_operate.html HTTP/1.1" 200 37
124.78.154.219 - - [25/Jan/2024:11:29:42 +0800] "GET /xingrg/all/function/internal_message.html?_=1706153380232&CODE_STATE=getMsg HTTP/1.1" 200 27
116.230.109.177 - - [25/Jan/2024:11:29:42 +0800] "POST /xingrg/kc/base/wldb_order_operate.html HTTP/1.1" 200 37
222.70.115.1 - - [25/Jan/2024:11:29:43 +0800] "GET /xingrg/all/function/internal_message.html?_=1706153391150&CODE_STATE=getMsg HTTP/1.1" 200 27
116.230.109.177 - - [25/Jan/2024:11:29:43 +0800] "POST /xingrg/kc/base/wldb_order_operate.html HTTP/1.1" 200 2681
101.83.145.37 - - [25/Jan/2024:11:29:47 +0800] "GET /xingrg/all/function/internal_message.html?_=1706153387713&CODE_STATE=getMsg HTTP/1.1" 200 27
114.95.241.104 - - [25/Jan/2024:11:29:48 +0800] "POST /xingrg/kc/buy/cgsh_order_operate.html HTTP/1.1" 200 12
116.230.109.177 - - [25/Jan/2024:11:29:48 +0800] "GET /xingrg/kc/base/wldb_order_info.html?code=422024012502660 HTTP/1.1" 200 30365
116.230.109.177 - - [25/Jan/2024:11:29:49 +0800] "GET /xingrg/javascript/easyui/themes/default/validatebox.css HTTP/1.1" 404 1104
116.230.109.177 - - [25/Jan/2024:11:29:49 +0800] "POST /xingrg/kc/base/wldb_order_operate.html HTTP/1.1" 200 2681
180.169.147.146 - - [25/Jan/2024:11:29:50 +0800] "GET /xingrg/all/function/internal_message.html?_=1706153390248&CODE_STATE=getMsg HTTP/1.1" 200 27
180.169.147.146 - - [25/Jan/2024:11:29:50 +0800] "GET /xingrg/check_reg.html?_=1706153390250 HTTP/1.1" 200 22
114.95.241.104 - - [25/Jan/2024:11:29:52 +0800] "GET /xingrg/kc/buy/cgsh_order_info.html?code=212024012510330 HTTP/1.1" 200 68034
114.95.241.104 - - [25/Jan/2024:11:29:52 +0800] "GET /xingrg/javascript/easyui/themes/default/validatebox.css HTTP/1.1" 404 1104
114.95.241.104 - - [25/Jan/2024:11:29:53 +0800] "POST /xingrg/kc/buy/cgsh_order_operate.html HTTP/1.1" 200 623
116.235.245.21 - - [25/Jan/2024:11:29:53 +0800] "GET /xingrg/kc/buy/cgsh_order_operate.html?command=get_materiel&rest_code=00146&code=00101006129&supplier_code=00100012&order_time=2024-01-25 HTTP/1.1" 200 439
116.230.123.222 - - [25/Jan/2024:11:29:54 +0800] "POST /xingrg/dwr/call/plaincall/AjaxYddbService.getMaterielByMap.dwr HTTP/1.1" 200 2724
116.235.245.21 - - [25/Jan/2024:11:29:54 +0800] "GET /xingrg/all/function/internal_message.html?_=1706153409007&CODE_STATE=getMsg HTTP/1.1" 200 27
116.230.123.222 - - [25/Jan/2024:11:29:54 +0800] "GET /xingrg/all/function/internal_message.html?_=1706153393783&CODE_STATE=getMsg HTTP/1.1" 200 27
116.235.93.185 - - [25/Jan/2024:11:29:55 +0800] "GET /xingrg/all/function/internal_message.html?_=1706153395118&CODE_STATE=getMsg HTTP/1.1" 200 27
180.164.1.25 - - [25/Jan/2024:11:29:55 +0800] "GET /xingrg/all/function/internal_message.html?_=1706153395926&CODE_STATE=getMsg HTTP/1.1" 200 27
218.81.65.124 - - [25/Jan/2024:11:29:56 +0800] "GET /xingrg/all/function/internal_message.html?_=1706153401740&CODE_STATE=getMsg HTTP/1.1" 200 27
114.95.241.104 - - [25/Jan/2024:11:29:56 +0800] "GET /xingrg/all/function/internal_message.html?_=1706153396259&CODE_STATE=getMsg HTTP/1.1" 200 27
116.230.109.177 - - [25/Jan/2024:11:29:58 +0800] "GET /xingrg/all/function/internal_message.html?_=1706153343351&CODE_STATE=getMsg HTTP/1.1" 200 27
114.95.241.104 - - [25/Jan/2024:11:29:58 +0800] "GET /xingrg/kc/print/load_data.html?order_code=212024012510330&kc_code=cgsh&condition= HTTP/1.1" 200 765
101.228.146.191 - - [25/Jan/2024:11:29:58 +0800] "GET /xingrg/all/function/internal_message.html?_=1706153397752&CODE_STATE=getMsg HTTP/1.1" 200 27
180.171.56.87 - - [25/Jan/2024:11:29:59 +0800] "GET /xingrg/all/function/internal_message.html?_=1706153407542&CODE_STATE=getMsg HTTP/1.1" 200 27
116.230.123.222 - - [25/Jan/2024:11:30:02 +0800] "GET /favicon.ico HTTP/1.1" 404 -
101.83.240.5 - - [25/Jan/2024:11:30:03 +0800] "POST /xingrg/services/DataTransmitService HTTP/1.1" 200 524
222.69.132.239 - - [25/Jan/2024:11:30:05 +0800] "GET /xingrg/all/function/internal_message.html?_=1706153406317&CODE_STATE=getMsg HTTP/1.1" 200 27
116.230.123.222 - - [25/Jan/2024:11:30:05 +0800] "POST /xingrg/login.do HTTP/1.1" 302 -
116.230.123.222 - - [25/Jan/2024:11:30:06 +0800] "GET /xingrg/index.html?sysBaseUrl=http%3A%2F%2F180.169.147.146%3A18081%2Fxingrg%2F&costTime=1479×tamp=1706153405858 HTTP/1.1" 200 17173
116.230.123.222 - - [25/Jan/2024:11:30:06 +0800] "GET /favicon.ico HTTP/1.1" 404 -
116.230.123.222 - - [25/Jan/2024:11:30:06 +0800] "GET /xingrg/all/function/internal_message.html?_=1706153405119&CODE_STATE=count HTTP/1.1" 200 11
116.230.123.222 - - [25/Jan/2024:11:30:06 +0800] "GET /xingrg/check_reg.html?_=1706153405124 HTTP/1.1" 200 22
116.230.123.222 - - [25/Jan/2024:11:30:06 +0800] "POST /xingrg/all/common/load_tree.html?tree=area_rest_tree_json&manage=1 HTTP/1.1" 200 342
116.230.123.222 - - [25/Jan/2024:11:30:06 +0800] "POST /xingrg/load_menu.html HTTP/1.1" 200 5138
116.230.109.177 - - [25/Jan/2024:11:30:08 +0800] "GET /xingrg/check_reg.html?_=1706153353183 HTTP/1.1" 200 22
116.230.109.177 - - [25/Jan/2024:11:30:08 +0800] "GET /xingrg/all/function/internal_message.html?_=1706153353188&CODE_STATE=getMsg HTTP/1.1" 200 27
116.230.109.177 - - [25/Jan/2024:11:30:09 +0800] "GET /xingrg/kc/base/wldb_order_add.html HTTP/1.1" 200 30350
116.230.109.177 - - [25/Jan/2024:11:30:09 +0800] "POST /xingrg/kc/base/wldb_order_operate.html HTTP/1.1" 200 6806
116.230.109.177 - - [25/Jan/2024:11:30:09 +0800] "GET /xingrg/javascript/easyui/themes/default/validatebox.css HTTP/1.1" 404 1104
101.83.145.37 - - [25/Jan/2024:11:30:10 +0800] "GET /xingrg/kc/base/wldb_order_operate.html?command=get_materiel&rest_code=00105&base_code=0010507&code=00101013003 HTTP/1.1" 200 430
116.235.245.21 - - [25/Jan/2024:11:30:13 +0800] "POST /xingrg/kc/buy/cgsh_order_operate.html HTTP/1.1" 200 37
180.152.241.32 - - [25/Jan/2024:11:30:13 +0800] "GET /xingrg/all/function/internal_message.html?_=1706153415411&CODE_STATE=getMsg HTTP/1.1" 200 27
111.18.239.145 - - [25/Jan/2024:11:30:15 +0800] "GET /xingrg/all/function/internal_message.html?_=1706153414842&CODE_STATE=getMsg HTTP/1.1" 200 27
124.78.154.219 - - [25/Jan/2024:11:30:15 +0800] "GET /xingrg/all/function/internal_message.html?_=1706153414787&CODE_STATE=getMsg HTTP/1.1" 200 27
116.230.123.222 - - [25/Jan/2024:11:30:16 +0800] "GET /xingrg/kc/base/yddb_order_list.html HTTP/1.1" 200 16618
116.230.123.222 - - [25/Jan/2024:11:30:16 +0800] "POST /xingrg/kc/base/yddb_list_operate.html HTTP/1.1" 200 1330
116.235.245.21 - - [25/Jan/2024:11:30:17 +0800] "POST /xingrg/kc/buy/cgsh_order_operate.html HTTP/1.1" 200 4485
124.78.154.219 - - [25/Jan/2024:11:30:18 +0800] "GET /xingrg/check_reg.html?_=1706153417253 HTTP/1.1" 200 22
116.230.123.222 - - [25/Jan/2024:11:30:18 +0800] "POST /xingrg/kc/base/yddb_list_operate.html HTTP/1.1" 200 -
116.230.123.222 - - [25/Jan/2024:11:30:19 +0800] "GET /xingrg/kc/base/yddb_order_info.html?code=482024012500150 HTTP/1.1" 200 31570
116.230.123.222 - - [25/Jan/2024:11:30:19 +0800] "GET /xingrg/dwr/engine.js HTTP/1.1" 200 43631
116.230.123.222 - - [25/Jan/2024:11:30:19 +0800] "GET /xingrg/dwr/interface/AjaxComOrderService.js HTTP/1.1" 200 18264
116.230.123.222 - - [25/Jan/2024:11:30:19 +0800] "GET /xingrg/dwr/interface/AjaxYddbService.js HTTP/1.1" 200 13201
116.230.123.222 - - [25/Jan/2024:11:30:20 +0800] "POST /xingrg/dwr/call/plaincall/AjaxYddbService.loadMaterielItems.dwr HTTP/1.1" 200 76
116.235.245.21 - - [25/Jan/2024:11:30:20 +0800] "GET /xingrg/kc/print/load_data.html?order_code=212024012510331&kc_code=cgsh&condition= HTTP/1.1" 200 1504
101.83.145.37 - - [25/Jan/2024:11:30:21 +0800] "GET /xingrg/kc/base/wldb_order_operate.html?command=get_materiel&rest_code=00105&base_code=0010507&code=00101019111 HTTP/1.1" 200 467
116.230.109.177 - - [25/Jan/2024:11:30:21 +0800] "GET /xingrg/check_reg.html?_=1706153366446 HTTP/1.1" 200 22
116.230.109.177 - - [25/Jan/2024:11:30:22 +0800] "GET /xingrg/kc/base/wldb_order_operate.html?command=get_materiel&rest_code=00155&base_code=0010739&code=00101019358 HTTP/1.1" 200 459
221.239.172.206 - - [25/Jan/2024:11:30:22 +0800] "GET /xingrg/check_reg.html?_=1706153422201 HTTP/1.1" 302 -
116.230.123.222 - - [25/Jan/2024:11:30:24 +0800] "POST /xingrg/dwr/call/plaincall/AjaxComOrderService.getMaterielSearchList.dwr HTTP/1.1" 200 293159
116.230.123.222 - - [25/Jan/2024:11:30:24 +0800] "POST /xingrg/dwr/call/plaincall/AjaxComOrderService.getMaterielSearchList.dwr HTTP/1.1" 200 1976
101.83.145.37 - - [25/Jan/2024:11:30:25 +0800] "GET /xingrg/all/function/internal_message.html?_=1706153191809&CODE_STATE=getMsg HTTP/1.1" 200 27
101.83.145.37 - - [25/Jan/2024:11:30:27 +0800] "GET /xingrg/check_reg.html?_=1706153193616 HTTP/1.1" 200 22
101.83.145.37 - - [25/Jan/2024:11:30:27 +0800] "GET /xingrg/all/function/internal_message.html?_=1706153193613&CODE_STATE=getMsg HTTP/1.1" 200 27
116.230.123.222 - - [25/Jan/2024:11:30:28 +0800] "POST /xingrg/dwr/call/plaincall/AjaxYddbService.getMaterielByMap.dwr HTTP/1.1" 200 2724
101.83.145.37 - - [25/Jan/2024:11:30:29 +0800] "POST /xingrg/kc/base/wldb_order_operate.html HTTP/1.1" 200 37
116.235.245.21 - - [25/Jan/2024:11:30:29 +0800] "GET /xingrg/kc/buy/cgsh_order_add.html HTTP/1.1" 200 73059
101.83.145.37 - - [25/Jan/2024:11:30:30 +0800] "POST /xingrg/kc/base/wldb_order_operate.html HTTP/1.1" 200 2677
116.235.245.21 - - [25/Jan/2024:11:30:30 +0800] "POST /xingrg/kc/buy/cgsh_order_operate.html HTTP/1.1" 200 8245
116.235.245.21 - - [25/Jan/2024:11:30:30 +0800] "GET /xingrg/javascript/easyui/themes/default/validatebox.css HTTP/1.1" 404 1104
116.230.109.177 - - [25/Jan/2024:11:30:30 +0800] "GET /xingrg/kc/base/wldb_order_operate.html?command=get_materiel&rest_code=00155&base_code=0010739&code=00101019075 HTTP/1.1" 200 471
101.83.145.37 - - [25/Jan/2024:11:30:31 +0800] "GET /xingrg/kc/base/wldb_order_info.html?code=422024012502661 HTTP/1.1" 200 30358
124.78.68.102 - - [25/Jan/2024:11:30:31 +0800] "GET /xingrg/all/function/internal_message.html?_=1706153431315&CODE_STATE=getMsg HTTP/1.1" 200 27
116.230.123.222 - - [25/Jan/2024:11:30:31 +0800] "GET /xingrg/images/yd/bt.gif HTTP/1.1" 404 1040
101.83.145.37 - - [25/Jan/2024:11:30:31 +0800] "GET /xingrg/javascript/easyui/themes/default/validatebox.css HTTP/1.1" 404 1104
101.83.145.37 - - [25/Jan/2024:11:30:32 +0800] "POST /xingrg/kc/base/wldb_order_operate.html HTTP/1.1" 200 2677
116.230.123.222 - - [25/Jan/2024:11:30:33 +0800] "GET /xingrg/login.html HTTP/1.1" 200 7641
116.230.123.222 - - [25/Jan/2024:11:30:33 +0800] "GET /favicon.ico HTTP/1.1" 404 -
172.20.0.100 - - [25/Jan/2024:11:30:36 +0800] "GET /xingrg/all/function/internal_message.html?_=1706153441804&CODE_STATE=getMsg HTTP/1.1" 200 27
124.78.68.102 - - [25/Jan/2024:11:30:36 +0800] "GET /xingrg/all/function/internal_message.html?_=1706153436399&CODE_STATE=getMsg HTTP/1.1" 200 27
116.230.123.222 - - [25/Jan/2024:11:30:36 +0800] "POST /xingrg/login.do HTTP/1.1" 302 -
116.230.123.222 - - [25/Jan/2024:11:30:37 +0800] "GET /xingrg/index.html?sysBaseUrl=http%3A%2F%2F180.169.147.146%3A18081%2Fxingrg%2F&costTime=1504×tamp=1706153436969 HTTP/1.1" 200 17173
116.230.123.222 - - [25/Jan/2024:11:30:37 +0800] "GET /xingrg/check_reg.html?_=1706153436334 HTTP/1.1" 200 22
116.230.123.222 - - [25/Jan/2024:11:30:37 +0800] "GET /xingrg/all/function/internal_message.html?_=1706153436333&CODE_STATE=count HTTP/1.1" 200 11
116.230.123.222 - - [25/Jan/2024:11:30:37 +0800] "GET /favicon.ico HTTP/1.1" 404 -
116.230.123.222 - - [25/Jan/2024:11:30:37 +0800] "POST /xingrg/all/common/load_tree.html?tree=area_rest_tree_json&manage=1 HTTP/1.1" 200 342
116.230.123.222 - - [25/Jan/2024:11:30:37 +0800] "POST /xingrg/load_menu.html HTTP/1.1" 200 5138
116.230.123.222 - - [25/Jan/2024:11:30:41 +0800] "GET /xingrg/kc/base/yddb_order_list.html HTTP/1.1" 200 16618
116.230.123.222 - - [25/Jan/2024:11:30:41 +0800] "POST /xingrg/kc/base/yddb_list_operate.html HTTP/1.1" 200 1330
124.78.154.219 - - [25/Jan/2024:11:30:42 +0800] "GET /xingrg/all/function/internal_message.html?_=1706153440217&CODE_STATE=getMsg HTTP/1.1" 200 27
116.230.123.222 - - [25/Jan/2024:11:30:43 +0800] "POST /xingrg/kc/base/yddb_list_operate.html HTTP/1.1" 200 -
116.230.123.222 - - [25/Jan/2024:11:30:44 +0800] "GET /xingrg/kc/base/yddb_order_info.html?code=482024012500150 HTTP/1.1" 200 31570
116.230.123.222 - - [25/Jan/2024:11:30:44 +0800] "GET /xingrg/dwr/interface/AjaxComOrderService.js HTTP/1.1" 200 18264
116.230.123.222 - - [25/Jan/2024:11:30:44 +0800] "GET /xingrg/dwr/interface/AjaxYddbService.js HTTP/1.1" 200 13201
116.230.123.222 - - [25/Jan/2024:11:30:44 +0800] "GET /xingrg/dwr/engine.js HTTP/1.1" 200 43631
222.70.115.1 - - [25/Jan/2024:11:30:44 +0800] "GET /xingrg/all/function/internal_message.html?_=1706153452153&CODE_STATE=getMsg HTTP/1.1" 200 27
116.230.123.222 - - [25/Jan/2024:11:30:44 +0800] "POST /xingrg/dwr/call/plaincall/AjaxYddbService.loadMaterielItems.dwr HTTP/1.1" 200 76
116.230.109.177 - - [25/Jan/2024:11:30:46 +0800] "GET /xingrg/kc/base/wldb_order_operate.html?command=get_materiel&rest_code=00155&base_code=0010739&code=00101019313 HTTP/1.1" 200 456
116.235.245.21 - - [25/Jan/2024:11:30:46 +0800] "GET /xingrg/kc/buy/cgsh_order_operate.html?command=get_materiel&rest_code=00146&code=00101001111&supplier_code=00100041&order_time=2024-01-25 HTTP/1.1" 200 409
101.83.145.37 - - [25/Jan/2024:11:30:47 +0800] "GET /xingrg/kc/base/wldb_order_add.html HTTP/1.1" 200 30344
116.230.123.222 - - [25/Jan/2024:11:30:47 +0800] "GET /xingrg/images/yd/bt.gif HTTP/1.1" 404 1040
101.83.145.37 - - [25/Jan/2024:11:30:47 +0800] "GET /xingrg/words/20240125111409_words.js HTTP/1.1" 304 -
101.83.145.37 - - [25/Jan/2024:11:30:47 +0800] "POST /xingrg/kc/base/wldb_order_operate.html HTTP/1.1" 200 6806
101.83.145.37 - - [25/Jan/2024:11:30:47 +0800] "GET /xingrg/all/function/internal_message.html?_=1706153447688&CODE_STATE=getMsg HTTP/1.1" 200 27
101.83.145.37 - - [25/Jan/2024:11:30:47 +0800] "GET /xingrg/javascript/easyui/themes/default/validatebox.css HTTP/1.1" 404 1104
116.230.123.222 - - [25/Jan/2024:11:30:49 +0800] "POST /xingrg/dwr/call/plaincall/AjaxComOrderService.getMaterielSearchList.dwr HTTP/1.1" 200 293159
116.230.123.222 - - [25/Jan/2024:11:30:50 +0800] "POST /xingrg/dwr/call/plaincall/AjaxComOrderService.getMaterielSearchList.dwr HTTP/1.1" 200 1976
180.169.147.146 - - [25/Jan/2024:11:30:50 +0800] "GET /xingrg/all/function/internal_message.html?_=1706153450264&CODE_STATE=getMsg HTTP/1.1" 200 27
116.230.109.177 - - [25/Jan/2024:11:30:52 +0800] "GET /xingrg/kc/base/wldb_order_operate.html?command=get_materiel&rest_code=00155&base_code=0010739&code=00101019015 HTTP/1.1" 200 451
116.230.123.222 - - [25/Jan/2024:11:30:54 +0800] "POST /xingrg/dwr/call/plaincall/AjaxYddbService.getMaterielByMap.dwr HTTP/1.1" 200 2734
116.235.245.21 - - [25/Jan/2024:11:30:54 +0800] "GET /xingrg/all/function/internal_message.html?_=1706153469021&CODE_STATE=getMsg HTTP/1.1" 200 27
116.235.93.185 - - [25/Jan/2024:11:30:55 +0800] "GET /xingrg/all/function/internal_message.html?_=1706153455138&CODE_STATE=getMsg HTTP/1.1" 200 27
180.164.1.25 - - [25/Jan/2024:11:30:55 +0800] "GET /xingrg/all/function/internal_message.html?_=1706153455926&CODE_STATE=getMsg HTTP/1.1" 200 27
218.81.65.124 - - [25/Jan/2024:11:30:56 +0800] "GET /xingrg/all/function/internal_message.html?_=1706153461740&CODE_STATE=getMsg HTTP/1.1" 200 27
114.95.241.104 - - [25/Jan/2024:11:30:56 +0800] "GET /xingrg/all/function/internal_message.html?_=1706153456238&CODE_STATE=getMsg HTTP/1.1" 200 27
116.230.109.177 - - [25/Jan/2024:11:30:58 +0800] "GET /xingrg/all/function/internal_message.html?_=1706153403361&CODE_STATE=getMsg HTTP/1.1" 200 27
101.228.146.191 - - [25/Jan/2024:11:30:58 +0800] "GET /xingrg/all/function/internal_message.html?_=1706153457751&CODE_STATE=getMsg HTTP/1.1" 200 27
180.171.56.87 - - [25/Jan/2024:11:30:59 +0800] "GET /xingrg/all/function/internal_message.html?_=1706153467543&CODE_STATE=getMsg HTTP/1.1" 200 27
116.230.109.177 - - [25/Jan/2024:11:31:00 +0800] "GET /xingrg/kc/base/wldb_order_operate.html?command=get_materiel&rest_code=00155&base_code=0010739&code=00101020397 HTTP/1.1" 200 433
116.230.123.222 - - [25/Jan/2024:11:31:01 +0800] "POST /xingrg/dwr/call/plaincall/AjaxYddbService.saveMaterielItem.dwr HTTP/1.1" 200 78
101.83.240.5 - - [25/Jan/2024:11:31:02 +0800] "POST /xingrg/services/DataTransmitService HTTP/1.1" 200 501
222.69.132.239 - - [25/Jan/2024:11:31:05 +0800] "GET /xingrg/all/function/internal_message.html?_=1706153466312&CODE_STATE=getMsg HTTP/1.1" 200 27
116.235.245.21 - - [25/Jan/2024:11:31:05 +0800] "GET /xingrg/kc/buy/cgsh_order_operate.html?command=get_materiel&rest_code=00146&code=00101001032&supplier_code=00100041&order_time=2024-01-25 HTTP/1.1" 200 415
101.83.145.37 - - [25/Jan/2024:11:31:06 +0800] "GET /xingrg/kc/base/wldb_order_operate.html?command=get_materiel&rest_code=00105&base_code=0010508&code=00102034130 HTTP/1.1" 200 464
116.230.109.177 - - [25/Jan/2024:11:31:08 +0800] "GET /xingrg/all/function/internal_message.html?_=1706153413179&CODE_STATE=getMsg HTTP/1.1" 200 27
101.83.145.37 - - [25/Jan/2024:11:31:13 +0800] "POST /xingrg/kc/base/wldb_order_operate.html HTTP/1.1" 200 37
180.152.241.32 - - [25/Jan/2024:11:31:13 +0800] "GET /xingrg/all/function/internal_message.html?_=1706153475392&CODE_STATE=getMsg HTTP/1.1" 200 27
101.83.145.37 - - [25/Jan/2024:11:31:14 +0800] "POST /xingrg/kc/base/wldb_order_operate.html HTTP/1.1" 200 2212
101.83.145.37 - - [25/Jan/2024:11:31:14 +0800] "GET /xingrg/kc/base/wldb_order_info.html?code=422024012502662 HTTP/1.1" 200 30357
116.230.109.177 - - [25/Jan/2024:11:31:14 +0800] "GET /xingrg/kc/base/wldb_order_operate.html?command=get_materiel&rest_code=00155&base_code=0010739&code=00101005101 HTTP/1.1" 200 437
111.18.239.145 - - [25/Jan/2024:11:31:15 +0800] "GET /xingrg/all/function/internal_message.html?_=1706153474819&CODE_STATE=getMsg HTTP/1.1" 200 27
101.83.145.37 - - [25/Jan/2024:11:31:15 +0800] "GET /xingrg/javascript/easyui/themes/default/validatebox.css HTTP/1.1" 404 1104
124.78.154.219 - - [25/Jan/2024:11:31:15 +0800] "GET /xingrg/all/function/internal_message.html?_=1706153474757&CODE_STATE=getMsg HTTP/1.1" 200 27
101.83.145.37 - - [25/Jan/2024:11:31:16 +0800] "POST /xingrg/kc/base/wldb_order_operate.html HTTP/1.1" 200 2212
116.230.109.177 - - [25/Jan/2024:11:31:20 +0800] "GET /xingrg/kc/base/wldb_order_operate.html?command=get_materiel&rest_code=00155&base_code=0010739&code=00101010522 HTTP/1.1" 200 444
101.83.145.37 - - [25/Jan/2024:11:31:25 +0800] "GET /xingrg/check_reg.html?_=1706153251808 HTTP/1.1" 200 22
101.83.145.37 - - [25/Jan/2024:11:31:25 +0800] "GET /xingrg/all/function/internal_message.html?_=1706153251811&CODE_STATE=getMsg HTTP/1.1" 200 27
101.83.145.37 - - [25/Jan/2024:11:31:27 +0800] "GET /xingrg/all/function/internal_message.html?_=1706153253619&CODE_STATE=getMsg HTTP/1.1" 200 27
116.230.109.177 - - [25/Jan/2024:11:31:28 +0800] "GET /xingrg/kc/base/wldb_order_operate.html?command=get_materiel&rest_code=00155&base_code=0010739&code=00101013011 HTTP/1.1" 200 451
116.235.245.21 - - [25/Jan/2024:11:31:31 +0800] "GET /xingrg/kc/buy/cgsh_order_operate.html?command=get_materiel&rest_code=00146&code=00101001160&supplier_code=00100041&order_time=2024-01-25 HTTP/1.1" 200 408
124.78.68.102 - - [25/Jan/2024:11:31:31 +0800] "GET /xingrg/check_reg.html?_=1706153491277 HTTP/1.1" 200 22
124.78.68.102 - - [25/Jan/2024:11:31:31 +0800] "GET /xingrg/all/function/internal_message.html?_=1706153491306&CODE_STATE=getMsg HTTP/1.1" 200 27
116.230.123.222 - - [25/Jan/2024:11:31:31 +0800] "POST /xingrg/dwr/call/plaincall/AjaxYddbService.checkOrder.dwr HTTP/1.1" 200 78
116.230.123.222 - - [25/Jan/2024:11:31:33 +0800] "GET /xingrg/kc/base/yddb_order_info.html?code=482024012500150 HTTP/1.1" 200 29752
116.230.123.222 - - [25/Jan/2024:11:31:33 +0800] "GET /xingrg/dwr/interface/AjaxComOrderService.js HTTP/1.1" 200 18264
116.230.123.222 - - [25/Jan/2024:11:31:33 +0800] "GET /xingrg/dwr/interface/AjaxYddbService.js HTTP/1.1" 200 13201
116.230.123.222 - - [25/Jan/2024:11:31:33 +0800] "GET /xingrg/dwr/engine.js HTTP/1.1" 200 43631
116.230.123.222 - - [25/Jan/2024:11:31:33 +0800] "POST /xingrg/dwr/call/plaincall/AjaxYddbService.loadMaterielItems.dwr HTTP/1.1" 200 425
101.83.145.37 - - [25/Jan/2024:11:31:34 +0800] "GET /xingrg/kc/base/wldb_order_add.html HTTP/1.1" 200 30344
101.83.145.37 - - [25/Jan/2024:11:31:35 +0800] "POST /xingrg/kc/base/wldb_order_operate.html HTTP/1.1" 200 6806
101.83.145.37 - - [25/Jan/2024:11:31:35 +0800] "GET /xingrg/javascript/easyui/themes/default/validatebox.css HTTP/1.1" 404 1104
172.20.0.100 - - [25/Jan/2024:11:31:36 +0800] "GET /xingrg/all/function/internal_message.html?_=1706153501817&CODE_STATE=getMsg HTTP/1.1" 200 27
124.78.68.102 - - [25/Jan/2024:11:31:36 +0800] "GET /xingrg/all/function/internal_message.html?_=1706153496397&CODE_STATE=getMsg HTTP/1.1" 200 27
116.230.123.222 - - [25/Jan/2024:11:31:37 +0800] "GET /xingrg/all/function/internal_message.html?_=1706153496349&CODE_STATE=getMsg HTTP/1.1" 200 27
116.230.109.177 - - [25/Jan/2024:11:31:38 +0800] "GET /xingrg/kc/base/wldb_order_operate.html?command=get_materiel&rest_code=00155&base_code=0010739&code=00101029015 HTTP/1.1" 200 475
116.230.123.222 - - [25/Jan/2024:11:31:38 +0800] "GET /xingrg/kc/base/yddb_order_report.html?fileType=printReport.do&code=482024012500150&reportName=ck_order_report&subName=yddb HTTP/1.1" 302 -
116.230.123.222 - - [25/Jan/2024:11:31:38 +0800] "GET /xingrg/printReport.do?sysBaseUrl=http%3A%2F%2F180.169.147.146%3A18081%2Fxingrg%2F&costTime=432×tamp=1706153498708 HTTP/1.1" 200 1138
116.230.123.222 - - [25/Jan/2024:11:31:38 +0800] "GET /favicon.ico HTTP/1.1" 404 -
116.230.123.222 - - [25/Jan/2024:11:31:41 +0800] "GET /xingrg/applets HTTP/1.1" 302 -
116.230.123.222 - - [25/Jan/2024:11:31:41 +0800] "GET /xingrg/applets/ HTTP/1.1" 404 992
124.78.154.219 - - [25/Jan/2024:11:31:42 +0800] "GET /xingrg/all/function/internal_message.html?_=1706153500202&CODE_STATE=getMsg HTTP/1.1" 200 27
124.78.154.219 - - [25/Jan/2024:11:31:43 +0800] "GET /xingrg/check_reg.html?_=1706153501125 HTTP/1.1" 200 22
222.70.115.1 - - [25/Jan/2024:11:31:45 +0800] "GET /xingrg/all/function/internal_message.html?_=1706153513155&CODE_STATE=getMsg HTTP/1.1" 200 27
222.70.115.1 - - [25/Jan/2024:11:31:45 +0800] "GET /xingrg/check_reg.html?_=1706153513156 HTTP/1.1" 200 22
101.83.145.37 - - [25/Jan/2024:11:31:47 +0800] "GET /xingrg/all/function/internal_message.html?_=1706153507659&CODE_STATE=getMsg HTTP/1.1" 200 27
116.230.123.222 - - [25/Jan/2024:11:31:47 +0800] "GET /xingrg/kc/base/yddb_order_report.html?fileType=servlets/html&code=482024012500150&reportName=ck_order_report&subName=yddb HTTP/1.1" 302 -
116.230.123.222 - - [25/Jan/2024:11:31:47 +0800] "GET /xingrg/servlets/html?sysBaseUrl=http%3A%2F%2F180.169.147.146%3A18081%2Fxingrg%2F&costTime=410×tamp=1706153507874 HTTP/1.1" 200 14764
116.230.123.222 - - [25/Jan/2024:11:31:47 +0800] "GET /xingrg/servlets/image?image=px HTTP/1.1" 200 807
116.230.123.222 - - [25/Jan/2024:11:31:47 +0800] "GET /favicon.ico HTTP/1.1" 404 -
116.230.109.177 - - [25/Jan/2024:11:31:48 +0800] "GET /xingrg/kc/base/wldb_order_operate.html?command=get_materiel&rest_code=00155&base_code=0010739&code=00101019907 HTTP/1.1" 200 460
180.169.147.146 - - [25/Jan/2024:11:31:50 +0800] "GET /xingrg/all/function/internal_message.html?_=1706153510260&CODE_STATE=getMsg HTTP/1.1" 200 27
101.83.145.37 - - [25/Jan/2024:11:31:51 +0800] "GET /xingrg/kc/base/wldb_order_operate.html?command=get_materiel&rest_code=00105&base_code=0010508&code=00102002453 HTTP/1.1" 200 435
116.235.245.21 - - [25/Jan/2024:11:31:51 +0800] "GET /xingrg/kc/buy/cgsh_order_operate.html?command=get_materiel&rest_code=00146&code=00101010161&supplier_code=00100041&order_time=2024-01-25 HTTP/1.1" 200 408
116.235.245.21 - - [25/Jan/2024:11:31:54 +0800] "GET /xingrg/check_reg.html?_=1706153528740 HTTP/1.1" 200 22
116.235.245.21 - - [25/Jan/2024:11:31:54 +0800] "GET /xingrg/all/function/internal_message.html?_=1706153529034&CODE_STATE=getMsg HTTP/1.1" 200 27
116.235.93.185 - - [25/Jan/2024:11:31:55 +0800] "GET /xingrg/all/function/internal_message.html?_=1706153515112&CODE_STATE=getMsg HTTP/1.1" 200 27
116.230.109.177 - - [25/Jan/2024:11:31:55 +0800] "GET /xingrg/kc/base/wldb_order_operate.html?command=get_materiel&rest_code=00155&base_code=0010739&code=00101019476 HTTP/1.1" 200 480
180.164.1.25 - - [25/Jan/2024:11:31:55 +0800] "GET /xingrg/all/function/internal_message.html?_=1706153515920&CODE_STATE=getMsg HTTP/1.1" 200 27
218.81.65.124 - - [25/Jan/2024:11:31:56 +0800] "GET /xingrg/all/function/internal_message.html?_=1706153521739&CODE_STATE=getMsg HTTP/1.1" 200 27
114.95.241.104 - - [25/Jan/2024:11:31:56 +0800] "GET /xingrg/all/function/internal_message.html?_=1706153516236&CODE_STATE=getMsg HTTP/1.1" 200 27
116.230.109.177 - - [25/Jan/2024:11:31:58 +0800] "GET /xingrg/all/function/internal_message.html?_=1706153463359&CODE_STATE=getMsg HTTP/1.1" 200 27
116.230.109.177 - - [25/Jan/2024:11:31:58 +0800] "GET /xingrg/check_reg.html?_=1706153463388 HTTP/1.1" 200 22
101.228.146.191 - - [25/Jan/2024:11:31:58 +0800] "GET /xingrg/all/function/internal_message.html?_=1706153517791&CODE_STATE=getMsg HTTP/1.1" 200 27
101.228.146.191 - - [25/Jan/2024:11:31:58 +0800] "GET /xingrg/check_reg.html?_=1706153517792 HTTP/1.1" 200 22
180.171.56.87 - - [25/Jan/2024:11:31:59 +0800] "GET /xingrg/all/function/internal_message.html?_=1706153527545&CODE_STATE=getMsg HTTP/1.1" 200 27
101.83.145.37 - - [25/Jan/2024:11:31:59 +0800] "POST /xingrg/kc/base/wldb_order_operate.html HTTP/1.1" 200 37
101.83.145.37 - - [25/Jan/2024:11:32:00 +0800] "POST /xingrg/kc/base/wldb_order_operate.html HTTP/1.1" 200 2185
116.230.109.177 - - [25/Jan/2024:11:32:01 +0800] "GET /xingrg/kc/base/wldb_order_operate.html?command=get_materiel&rest_code=00155&base_code=0010739&code=00101019202 HTTP/1.1" 200 465
101.83.145.37 - - [25/Jan/2024:11:32:01 +0800] "GET /xingrg/kc/base/wldb_order_info.html?code=422024012502663 HTTP/1.1" 200 30358
101.83.145.37 - - [25/Jan/2024:11:32:01 +0800] "GET /xingrg/javascript/easyui/themes/default/validatebox.css HTTP/1.1" 404 1104
101.83.145.37 - - [25/Jan/2024:11:32:02 +0800] "POST /xingrg/kc/base/wldb_order_operate.html HTTP/1.1" 200 2185
222.69.132.239 - - [25/Jan/2024:11:32:05 +0800] "GET /xingrg/all/function/internal_message.html?_=1706153526329&CODE_STATE=getMsg HTTP/1.1" 200 27
222.69.132.239 - - [25/Jan/2024:11:32:05 +0800] "GET /xingrg/check_reg.html?_=1706153526330 HTTP/1.1" 200 22
116.230.109.177 - - [25/Jan/2024:11:32:06 +0800] "GET /xingrg/kc/base/wldb_order_operate.html?command=get_materiel&rest_code=00155&base_code=0010739&code=00101016015 HTTP/1.1" 200 464
116.230.109.177 - - [25/Jan/2024:11:32:08 +0800] "GET /xingrg/all/function/internal_message.html?_=1706153473172&CODE_STATE=getMsg HTTP/1.1" 200 27
180.152.241.32 - - [25/Jan/2024:11:32:13 +0800] "GET /xingrg/all/function/internal_message.html?_=1706153535369&CODE_STATE=getMsg HTTP/1.1" 200 27
180.152.241.32 - - [25/Jan/2024:11:32:13 +0800] "GET /xingrg/check_reg.html?_=1706153535570 HTTP/1.1" 200 22
111.18.239.145 - - [25/Jan/2024:11:32:15 +0800] "GET /xingrg/check_reg.html?_=1706153534787 HTTP/1.1" 200 22
111.18.239.145 - - [25/Jan/2024:11:32:15 +0800] "GET /xingrg/all/function/internal_message.html?_=1706153534805&CODE_STATE=getMsg HTTP/1.1" 200 27
124.78.154.219 - - [25/Jan/2024:11:32:15 +0800] "GET /xingrg/all/function/internal_message.html?_=1706153534764&CODE_STATE=getMsg HTTP/1.1" 200 27
101.83.145.37 - - [25/Jan/2024:11:32:17 +0800] "GET /xingrg/kc/base/wldb_order_add.html HTTP/1.1" 200 30344
101.83.145.37 - - [25/Jan/2024:11:32:17 +0800] "GET /xingrg/words/20240125111409_words.js HTTP/1.1" 304 -
101.83.145.37 - - [25/Jan/2024:11:32:17 +0800] "POST /xingrg/kc/base/wldb_order_operate.html HTTP/1.1" 200 6806
101.83.145.37 - - [25/Jan/2024:11:32:17 +0800] "GET /xingrg/javascript/easyui/themes/default/validatebox.css HTTP/1.1" 404 1104
116.230.109.177 - - [25/Jan/2024:11:32:18 +0800] "POST /xingrg/kc/base/wldb_order_operate.html HTTP/1.1" 200 37
116.230.109.177 - - [25/Jan/2024:11:32:18 +0800] "POST /xingrg/kc/base/wldb_order_operate.html HTTP/1.1" 200 8623
116.230.109.177 - - [25/Jan/2024:11:32:19 +0800] "GET /xingrg/kc/base/wldb_order_info.html?code=422024012502664 HTTP/1.1" 200 30367
116.230.109.177 - - [25/Jan/2024:11:32:19 +0800] "GET /xingrg/words/20240125111409_words.js HTTP/1.1" 304 -
116.230.109.177 - - [25/Jan/2024:11:32:19 +0800] "GET /xingrg/javascript/easyui/themes/default/validatebox.css HTTP/1.1" 404 1104
116.230.109.177 - - [25/Jan/2024:11:32:20 +0800] "POST /xingrg/kc/base/wldb_order_operate.html HTTP/1.1" 200 8623
111.18.239.145 - - [25/Jan/2024:11:32:21 +0800] "POST /xingrg/kc/buy/cgsh_order_operate.html HTTP/1.1" 200 37
116.235.245.21 - - [25/Jan/2024:11:32:25 +0800] "GET /xingrg/kc/buy/cgsh_order_operate.html?command=get_materiel&rest_code=00146&code=00101005037&supplier_code=00100041&order_time=2024-01-25 HTTP/1.1" 200 23
116.230.109.177 - - [25/Jan/2024:11:32:25 +0800] "GET /xingrg/kc/base/wldb_order_add.html HTTP/1.1" 200 30350
116.230.109.177 - - [25/Jan/2024:11:32:25 +0800] "POST /xingrg/kc/base/wldb_order_operate.html HTTP/1.1" 200 6806
116.230.109.177 - - [25/Jan/2024:11:32:25 +0800] "GET /xingrg/javascript/easyui/themes/default/validatebox.css HTTP/1.1" 404 1104
101.83.145.37 - - [25/Jan/2024:11:32:25 +0800] "GET /xingrg/all/function/internal_message.html?_=1706153311811&CODE_STATE=getMsg HTTP/1.1" 200 27
101.83.145.37 - - [25/Jan/2024:11:32:27 +0800] "GET /xingrg/all/function/internal_message.html?_=1706153313628&CODE_STATE=getMsg HTTP/1.1" 200 27
124.78.68.102 - - [25/Jan/2024:11:32:31 +0800] "GET /xingrg/all/function/internal_message.html?_=1706153551277&CODE_STATE=getMsg HTTP/1.1" 200 27
116.235.245.21 - - [25/Jan/2024:11:32:35 +0800] "POST /xingrg/kc/buy/cgsh_order_operate.html HTTP/1.1" 200 37
111.18.239.145 - - [25/Jan/2024:11:32:35 +0800] "POST /xingrg/kc/buy/cgsh_order_operate.html HTTP/1.1" 200 42903
172.20.0.100 - - [25/Jan/2024:11:32:36 +0800] "GET /xingrg/all/function/internal_message.html?_=1706153561815&CODE_STATE=getMsg HTTP/1.1" 200 27
124.78.68.102 - - [25/Jan/2024:11:32:36 +0800] "GET /xingrg/all/function/internal_message.html?_=1706153556395&CODE_STATE=getMsg HTTP/1.1" 200 27
116.230.123.222 - - [25/Jan/2024:11:32:37 +0800] "GET /xingrg/all/function/internal_message.html?_=1706153556345&CODE_STATE=getMsg HTTP/1.1" 200 27
116.235.245.21 - - [25/Jan/2024:11:32:37 +0800] "POST /xingrg/kc/buy/cgsh_order_operate.html HTTP/1.1" 200 4428
116.230.109.177 - - [25/Jan/2024:11:32:40 +0800] "GET /xingrg/kc/base/wldb_order_operate.html?command=get_materiel&rest_code=00155&base_code=0010739&code=00101016046 HTTP/1.1" 200 458
124.78.154.219 - - [25/Jan/2024:11:32:42 +0800] "GET /xingrg/all/function/internal_message.html?_=1706153560173&CODE_STATE=getMsg HTTP/1.1" 200 27
116.235.245.21 - - [25/Jan/2024:11:32:46 +0800] "GET /xingrg/login.html HTTP/1.1" 200 7641
222.70.115.1 - - [25/Jan/2024:11:32:46 +0800] "GET /xingrg/all/function/internal_message.html?_=1706153574158&CODE_STATE=getMsg HTTP/1.1" 200 27
116.235.245.21 - - [25/Jan/2024:11:32:46 +0800] "GET /favicon.ico HTTP/1.1" 404 -
101.83.145.37 - - [25/Jan/2024:11:32:47 +0800] "GET /xingrg/all/function/internal_message.html?_=1706153567638&CODE_STATE=getMsg HTTP/1.1" 200 27
101.83.145.37 - - [25/Jan/2024:11:32:47 +0800] "POST /xingrg/kc/base/wldb_order_operate.html HTTP/1.1" 200 37
101.83.145.37 - - [25/Jan/2024:11:32:48 +0800] "POST /xingrg/kc/base/wldb_order_operate.html HTTP/1.1" 200 2185
101.83.145.37 - - [25/Jan/2024:11:32:48 +0800] "GET /xingrg/kc/base/wldb_order_info.html?code=422024012502665 HTTP/1.1" 200 30358
101.83.145.37 - - [25/Jan/2024:11:32:49 +0800] "GET /xingrg/javascript/easyui/themes/default/validatebox.css HTTP/1.1" 404 1104
116.230.109.177 - - [25/Jan/2024:11:32:49 +0800] "GET /xingrg/kc/base/wldb_order_operate.html?command=get_materiel&rest_code=00155&base_code=0010739&code=00101019222 HTTP/1.1" 200 452
116.235.245.21 - - [25/Jan/2024:11:32:50 +0800] "POST /xingrg/login.do HTTP/1.1" 302 -
101.83.145.37 - - [25/Jan/2024:11:32:50 +0800] "POST /xingrg/kc/base/wldb_order_operate.html HTTP/1.1" 200 2185
180.169.147.146 - - [25/Jan/2024:11:32:50 +0800] "GET /xingrg/all/function/internal_message.html?_=1706153570263&CODE_STATE=getMsg HTTP/1.1" 200 27
116.235.245.21 - - [25/Jan/2024:11:32:50 +0800] "GET /xingrg/index.html?sysBaseUrl=http%3A%2F%2F180.169.147.146%3A18081%2Fxingrg%2F&costTime=1189×tamp=1706153570252 HTTP/1.1" 200 17179
116.235.245.21 - - [25/Jan/2024:11:32:50 +0800] "GET /xingrg/javascript/jquery_easy_ui/themes/default/easyui.css HTTP/1.1" 304 -
116.235.245.21 - - [25/Jan/2024:11:32:50 +0800] "GET /xingrg/css/form.css HTTP/1.1" 304 -
116.235.245.21 - - [25/Jan/2024:11:32:50 +0800] "GET /xingrg/javascript/jquery.timers.js HTTP/1.1" 304 -
116.235.245.21 - - [25/Jan/2024:11:32:50 +0800] "GET /xingrg/javascript/jquery.utils.js HTTP/1.1" 304 -
116.235.245.21 - - [25/Jan/2024:11:32:50 +0800] "GET /xingrg/javascript/jquery.form.js HTTP/1.1" 304 -
116.235.245.21 - - [25/Jan/2024:11:32:50 +0800] "GET /xingrg/javascript/jquery-1.4.2.min.js HTTP/1.1" 304 -
116.235.245.21 - - [25/Jan/2024:11:32:50 +0800] "GET /xingrg/javascript/jquery_easy_ui/easyui-lang-zh_CN.js HTTP/1.1" 304 -
116.235.245.21 - - [25/Jan/2024:11:32:50 +0800] "GET /xingrg/javascript/jquery_easy_ui/jquery.easyui.min.js HTTP/1.1" 304 -
116.235.245.21 - - [25/Jan/2024:11:32:50 +0800] "GET /xingrg/javascript/jquery_easy_ui/themes/icon.css HTTP/1.1" 304 -
116.235.245.21 - - [25/Jan/2024:11:32:50 +0800] "GET /favicon.ico HTTP/1.1" 404 -
116.235.245.21 - - [25/Jan/2024:11:32:50 +0800] "GET /xingrg/check_reg.html?_=1706153584739 HTTP/1.1" 200 22
116.235.245.21 - - [25/Jan/2024:11:32:50 +0800] "GET /xingrg/all/function/internal_message.html?_=1706153584738&CODE_STATE=count HTTP/1.1" 200 11
116.235.245.21 - - [25/Jan/2024:11:32:50 +0800] "POST /xingrg/all/common/load_tree.html?tree=area_rest_tree_json&manage=1 HTTP/1.1" 200 479
116.235.245.21 - - [25/Jan/2024:11:32:50 +0800] "POST /xingrg/load_menu.html HTTP/1.1" 200 5138
116.235.245.21 - - [25/Jan/2024:11:32:55 +0800] "GET /xingrg/kc/buy/cgsh_order_list.html HTTP/1.1" 200 57283
116.235.245.21 - - [25/Jan/2024:11:32:55 +0800] "GET /xingrg/css/base.css HTTP/1.1" 304 -
116.235.245.21 - - [25/Jan/2024:11:32:55 +0800] "GET /xingrg/css/site.css HTTP/1.1" 304 -
116.235.245.21 - - [25/Jan/2024:11:32:55 +0800] "GET /xingrg/javascript/jquery_tools/datebox.css HTTP/1.1" 304 -
116.235.245.21 - - [25/Jan/2024:11:32:55 +0800] "GET /xingrg/javascript/easyui/themes/default/easyui.css HTTP/1.1" 304 -
116.235.245.21 - - [25/Jan/2024:11:32:55 +0800] "GET /xingrg/javascript/easyui/themes/icon.css HTTP/1.1" 304 -
116.235.245.21 - - [25/Jan/2024:11:32:55 +0800] "GET /xingrg/javascript/auto/jquery.autocomplete.css HTTP/1.1" 304 -
116.235.245.21 - - [25/Jan/2024:11:32:55 +0800] "GET /xingrg/javascript/jquery_tools/table.css HTTP/1.1" 304 -
116.235.245.21 - - [25/Jan/2024:11:32:55 +0800] "GET /xingrg/javascript/jquery_tools/jquery.tools.min.js HTTP/1.1" 304 -
116.235.245.21 - - [25/Jan/2024:11:32:55 +0800] "GET /xingrg/javascript/jquery_tools/jquery.tools.hotkey.js HTTP/1.1" 304 -
116.235.245.21 - - [25/Jan/2024:11:32:55 +0800] "GET /xingrg/javascript/jquery_tools/jquery.tools.table.js HTTP/1.1" 304 -
116.235.245.21 - - [25/Jan/2024:11:32:55 +0800] "GET /xingrg/javascript/jquery_tools/list_manager.js HTTP/1.1" 304 -
116.235.245.21 - - [25/Jan/2024:11:32:55 +0800] "GET /xingrg/javascript/jquery_tools/jquery.tools.extend.js HTTP/1.1" 304 -
116.235.245.21 - - [25/Jan/2024:11:32:55 +0800] "GET /xingrg/javascript/jquery_tools/fix.css HTTP/1.1" 304 -
116.235.245.21 - - [25/Jan/2024:11:32:55 +0800] "GET /xingrg/javascript/auto/jquery.autocomplete.js HTTP/1.1" 304 -
116.235.245.21 - - [25/Jan/2024:11:32:55 +0800] "GET /xingrg/javascript/jquery.cookie.js HTTP/1.1" 304 -
116.235.245.21 - - [25/Jan/2024:11:32:55 +0800] "GET /xingrg/javascript/easyui/easyloader.js HTTP/1.1" 304 -
116.235.245.21 - - [25/Jan/2024:11:32:55 +0800] "GET /xingrg/javascript/print/LodopFuncs.js HTTP/1.1" 304 -
116.235.93.185 - - [25/Jan/2024:11:32:55 +0800] "GET /xingrg/all/function/internal_message.html?_=1706153575130&CODE_STATE=getMsg HTTP/1.1" 200 27
116.235.93.185 - - [25/Jan/2024:11:32:55 +0800] "GET /xingrg/check_reg.html?_=1706153575135 HTTP/1.1" 200 22
116.235.245.21 - - [25/Jan/2024:11:32:55 +0800] "GET /xingrg/javascript/easyui/plugins/jquery.parser.js HTTP/1.1" 304 -
180.164.1.25 - - [25/Jan/2024:11:32:55 +0800] "GET /xingrg/all/function/internal_message.html?_=1706153575919&CODE_STATE=getMsg HTTP/1.1" 200 27
218.81.65.124 - - [25/Jan/2024:11:32:56 +0800] "GET /xingrg/check_reg.html?_=1706153581738 HTTP/1.1" 200 22
218.81.65.124 - - [25/Jan/2024:11:32:56 +0800] "GET /xingrg/all/function/internal_message.html?_=1706153581738&CODE_STATE=getMsg HTTP/1.1" 200 27
114.95.241.104 - - [25/Jan/2024:11:32:56 +0800] "GET /xingrg/check_reg.html?_=1706153576229 HTTP/1.1" 200 22
114.95.241.104 - - [25/Jan/2024:11:32:56 +0800] "GET /xingrg/all/function/internal_message.html?_=1706153576232&CODE_STATE=getMsg HTTP/1.1" 200 27
116.230.109.177 - - [25/Jan/2024:11:32:58 +0800] "GET /xingrg/all/function/internal_message.html?_=1706153523351&CODE_STATE=getMsg HTTP/1.1" 200 27
101.228.146.191 - - [25/Jan/2024:11:32:58 +0800] "GET /xingrg/all/function/internal_message.html?_=1706153577790&CODE_STATE=getMsg HTTP/1.1" 200 27
180.171.56.87 - - [25/Jan/2024:11:32:59 +0800] "GET /xingrg/check_reg.html?_=1706153587546 HTTP/1.1" 200 22
180.171.56.87 - - [25/Jan/2024:11:32:59 +0800] "GET /xingrg/all/function/internal_message.html?_=1706153587550&CODE_STATE=getMsg HTTP/1.1" 200 27
116.230.109.177 - - [25/Jan/2024:11:33:01 +0800] "GET /xingrg/kc/base/wldb_order_operate.html?command=get_materiel&rest_code=00155&base_code=0010739&code=00101019450 HTTP/1.1" 200 482
116.238.110.144 - - [25/Jan/2024:11:33:02 +0800] "GET /xingrg/login.html HTTP/1.1" 200 7641
116.238.110.144 - - [25/Jan/2024:11:33:02 +0800] "GET /xingrg/images/blue/hj.png HTTP/1.1" 200 1014
116.238.110.144 - - [25/Jan/2024:11:33:02 +0800] "GET /xingrg/images/blue/login_bg.png HTTP/1.1" 200 22101
116.238.110.144 - - [25/Jan/2024:11:33:02 +0800] "GET /xingrg/images/blue/srbg.png HTTP/1.1" 200 138
116.235.245.21 - - [25/Jan/2024:11:33:03 +0800] "POST /xingrg/kc/buy/cgsh_list_operate.html HTTP/1.1" 200 2727
116.238.110.144 - - [25/Jan/2024:11:33:03 +0800] "GET /favicon.ico HTTP/1.1" 404 -
101.83.145.37 - - [25/Jan/2024:11:33:04 +0800] "GET /xingrg/kc/base/wldb_order_add.html HTTP/1.1" 200 30344
101.83.145.37 - - [25/Jan/2024:11:33:04 +0800] "POST /xingrg/kc/base/wldb_order_operate.html HTTP/1.1" 200 6806
101.83.145.37 - - [25/Jan/2024:11:33:04 +0800] "GET /xingrg/javascript/easyui/themes/default/validatebox.css HTTP/1.1" 404 1104
222.69.132.239 - - [25/Jan/2024:11:33:05 +0800] "GET /xingrg/all/function/internal_message.html?_=1706153586329&CODE_STATE=getMsg HTTP/1.1" 200 27
116.238.110.144 - - [25/Jan/2024:11:33:05 +0800] "POST /xingrg/login.do HTTP/1.1" 302 -
116.238.110.144 - - [25/Jan/2024:11:33:05 +0800] "GET /xingrg/index.html?sysBaseUrl=http%3A%2F%2F180.169.147.146%3A18081%2Fxingrg%2F&costTime=901×tamp=1706153585547 HTTP/1.1" 200 17177
116.238.110.144 - - [25/Jan/2024:11:33:05 +0800] "GET /favicon.ico HTTP/1.1" 404 -
116.238.110.144 - - [25/Jan/2024:11:33:05 +0800] "GET /xingrg/all/function/internal_message.html?_=1706153586582&CODE_STATE=count HTTP/1.1" 200 11
116.238.110.144 - - [25/Jan/2024:11:33:05 +0800] "GET /xingrg/check_reg.html?_=1706153586583 HTTP/1.1" 200 22
116.238.110.144 - - [25/Jan/2024:11:33:05 +0800] "POST /xingrg/all/common/load_tree.html?tree=area_rest_tree_json&manage=1 HTTP/1.1" 200 601
116.238.110.144 - - [25/Jan/2024:11:33:05 +0800] "POST /xingrg/load_menu.html HTTP/1.1" 200 5138
116.230.109.177 - - [25/Jan/2024:11:33:08 +0800] "GET /xingrg/all/function/internal_message.html?_=1706153533175&CODE_STATE=getMsg HTTP/1.1" 200 27
116.230.109.177 - - [25/Jan/2024:11:33:08 +0800] "GET /xingrg/kc/base/wldb_order_operate.html?command=get_materiel&rest_code=00155&base_code=0010739&code=00101019400 HTTP/1.1" 200 465
116.235.245.21 - - [25/Jan/2024:11:33:08 +0800] "POST /xingrg/kc/buy/cgsh_list_operate.html HTTP/1.1" 200 419
116.235.245.21 - - [25/Jan/2024:11:33:10 +0800] "GET /xingrg/kc/buy/cgsh_order_info.html?code=212024012510332 HTTP/1.1" 200 73066
116.235.245.21 - - [25/Jan/2024:11:33:10 +0800] "GET /xingrg/javascript/pic_change.js HTTP/1.1" 304 -
116.235.245.21 - - [25/Jan/2024:11:33:10 +0800] "GET /xingrg/javascript/jquery_tools/order_manager.js HTTP/1.1" 304 -
116.235.245.21 - - [25/Jan/2024:11:33:10 +0800] "GET /xingrg/javascript/convert.js HTTP/1.1" 304 -
116.235.245.21 - - [25/Jan/2024:11:33:10 +0800] "GET /xingrg/javascript/json2.js HTTP/1.1" 304 -
116.235.245.21 - - [25/Jan/2024:11:33:10 +0800] "GET /xingrg/javascript/print/kc_print.js HTTP/1.1" 304 -
116.235.245.21 - - [25/Jan/2024:11:33:10 +0800] "GET /xingrg/words/20240125111409_words.js HTTP/1.1" 304 -
111.18.239.145 - - [25/Jan/2024:11:33:11 +0800] "GET /xingrg/kc/buy/cgsh_order_add.html HTTP/1.1" 200 73147
