116.235.244.72 - - [25/Jan/2024:06:57:46 +0800] "GET /xingrg/all/function/internal_message.html?_=1706137079883&CODE_STATE=getMsg HTTP/1.1" 200 27
120.253.135.82 - - [25/Jan/2024:06:57:48 +0800] "GET /xingrg/all/function/internal_message.html?_=1706136893388&CODE_STATE=getMsg HTTP/1.1" 200 27
218.81.65.124 - - [25/Jan/2024:06:57:52 +0800] "GET /xingrg/check_reg.html?_=1706137071552 HTTP/1.1" 200 22
120.253.135.82 - - [25/Jan/2024:06:57:53 +0800] "POST /xingrg/kc/buy/cgsh_order_operate.html HTTP/1.1" 200 37
120.253.135.82 - - [25/Jan/2024:06:57:56 +0800] "POST /xingrg/kc/buy/cgsh_order_operate.html HTTP/1.1" 200 3920
120.253.135.82 - - [25/Jan/2024:06:57:57 +0800] "GET /xingrg/kc/print/load_config.html?kc_code=cgsh HTTP/1.1" 200 1927
120.253.135.82 - - [25/Jan/2024:06:57:58 +0800] "GET /xingrg/kc/print/load_data.html?order_code=212024012410198&kc_code=cgsh&condition= HTTP/1.1" 200 1198
180.171.56.87 - - [25/Jan/2024:06:57:59 +0800] "GET /xingrg/all/function/internal_message.html?_=1706137087429&CODE_STATE=getMsg HTTP/1.1" 200 27
180.171.56.87 - - [25/Jan/2024:06:57:59 +0800] "GET /xingrg/check_reg.html?_=1706137087434 HTTP/1.1" 200 22
124.78.154.219 - - [25/Jan/2024:06:58:26 +0800] "GET /xingrg/all/function/internal_message.html?_=1706137106108&CODE_STATE=getMsg HTTP/1.1" 200 27
124.78.68.102 - - [25/Jan/2024:06:58:32 +0800] "GET /xingrg/all/function/internal_message.html?_=1706137112633&CODE_STATE=getMsg HTTP/1.1" 200 27
114.95.241.104 - - [25/Jan/2024:06:58:33 +0800] "GET /xingrg/all/function/internal_message.html?_=1706137113133&CODE_STATE=getMsg HTTP/1.1" 200 27
116.235.244.72 - - [25/Jan/2024:06:58:46 +0800] "GET /xingrg/all/function/internal_message.html?_=1706137139896&CODE_STATE=getMsg HTTP/1.1" 200 27
120.253.135.82 - - [25/Jan/2024:06:58:49 +0800] "GET /xingrg/all/function/internal_message.html?_=1706136953402&CODE_STATE=getMsg HTTP/1.1" 200 27
180.171.56.87 - - [25/Jan/2024:06:58:59 +0800] "GET /xingrg/all/function/internal_message.html?_=1706137147435&CODE_STATE=getMsg HTTP/1.1" 200 27
124.78.154.219 - - [25/Jan/2024:06:59:26 +0800] "GET /xingrg/all/function/internal_message.html?_=1706137166083&CODE_STATE=getMsg HTTP/1.1" 200 27
124.78.68.102 - - [25/Jan/2024:06:59:32 +0800] "GET /xingrg/all/function/internal_message.html?_=1706137172605&CODE_STATE=getMsg HTTP/1.1" 200 27
114.95.241.104 - - [25/Jan/2024:06:59:33 +0800] "GET /xingrg/all/function/internal_message.html?_=1706137173126&CODE_STATE=getMsg HTTP/1.1" 200 27
114.95.241.104 - - [25/Jan/2024:06:59:33 +0800] "GET /xingrg/check_reg.html?_=1706137173127 HTTP/1.1" 200 22
116.235.244.72 - - [25/Jan/2024:06:59:46 +0800] "GET /xingrg/all/function/internal_message.html?_=1706137199911&CODE_STATE=getMsg HTTP/1.1" 200 27
120.253.135.82 - - [25/Jan/2024:06:59:48 +0800] "POST /xingrg/kc/buy/cgsh_order_operate.html HTTP/1.1" 200 37
120.253.135.82 - - [25/Jan/2024:06:59:55 +0800] "POST /xingrg/kc/buy/cgsh_order_operate.html HTTP/1.1" 200 12
180.171.56.87 - - [25/Jan/2024:06:59:59 +0800] "GET /xingrg/all/function/internal_message.html?_=1706137207437&CODE_STATE=getMsg HTTP/1.1" 200 27
120.253.135.82 - - [25/Jan/2024:07:00:00 +0800] "GET /xingrg/kc/buy/cgsh_order_info.html?code=212024012410198 HTTP/1.1" 200 67028
120.253.135.82 - - [25/Jan/2024:07:00:00 +0800] "GET /xingrg/all/function/internal_message.html?_=1706137024852&CODE_STATE=getMsg HTTP/1.1" 200 27
120.253.135.82 - - [25/Jan/2024:07:00:01 +0800] "GET /xingrg/javascript/easyui/themes/default/validatebox.css HTTP/1.1" 404 1104
120.253.135.82 - - [25/Jan/2024:07:00:02 +0800] "POST /xingrg/kc/buy/cgsh_order_operate.html HTTP/1.1" 200 1870
120.253.135.82 - - [25/Jan/2024:07:00:08 +0800] "GET /xingrg/kc/buy/cgsh_order_info.html?code=212024012410198 HTTP/1.1" 200 67028
120.253.135.82 - - [25/Jan/2024:07:00:08 +0800] "GET /xingrg/javascript/easyui/themes/default/validatebox.css HTTP/1.1" 404 1104
120.253.135.82 - - [25/Jan/2024:07:00:09 +0800] "POST /xingrg/kc/buy/cgsh_order_operate.html HTTP/1.1" 200 1870
120.253.135.82 - - [25/Jan/2024:07:00:13 +0800] "POST /xingrg/kc/buy/cgsh_list_operate.html HTTP/1.1" 200 986
116.230.109.177 - - [25/Jan/2024:07:00:19 +0800] "GET /xingrg/check_reg.html?_=1706137164558 HTTP/1.1" 200 22
116.230.109.177 - - [25/Jan/2024:07:00:21 +0800] "GET /xingrg/check_reg.html?_=1706137167230 HTTP/1.1" 200 22
221.239.172.206 - - [25/Jan/2024:07:00:23 +0800] "GET /xingrg/check_reg.html?_=1706137223288 HTTP/1.1" 302 -
124.78.154.219 - - [25/Jan/2024:07:00:26 +0800] "GET /xingrg/all/function/internal_message.html?_=1706137226055&CODE_STATE=getMsg HTTP/1.1" 200 27
124.78.68.102 - - [25/Jan/2024:07:00:32 +0800] "GET /xingrg/all/function/internal_message.html?_=1706137232591&CODE_STATE=getMsg HTTP/1.1" 200 27
114.95.241.104 - - [25/Jan/2024:07:00:33 +0800] "GET /xingrg/all/function/internal_message.html?_=1706137233133&CODE_STATE=getMsg HTTP/1.1" 200 27
120.253.135.82 - - [25/Jan/2024:07:00:41 +0800] "GET /xingrg/check_reg.html?_=1706137065424 HTTP/1.1" 200 22
116.235.245.21 - - [25/Jan/2024:07:00:47 +0800] "GET /xingrg/all/function/internal_message.html?_=1706137260481&CODE_STATE=getMsg HTTP/1.1" 200 27
180.171.56.87 - - [25/Jan/2024:07:00:59 +0800] "GET /xingrg/all/function/internal_message.html?_=1706137267437&CODE_STATE=getMsg HTTP/1.1" 200 27
120.253.135.82 - - [25/Jan/2024:07:01:00 +0800] "GET /xingrg/all/function/internal_message.html?_=1706137084863&CODE_STATE=getMsg HTTP/1.1" 200 27
124.78.154.219 - - [25/Jan/2024:07:01:26 +0800] "GET /xingrg/all/function/internal_message.html?_=1706137286042&CODE_STATE=getMsg HTTP/1.1" 200 27
180.163.30.76 - - [25/Jan/2024:07:01:28 +0800] "GET /xingrg/all/function/internal_message.html?_=1706137226055&CODE_STATE=getMsg HTTP/1.1" 302 -
180.163.30.76 - - [25/Jan/2024:07:01:28 +0800] "GET /xingrg/login.html HTTP/1.1" 200 7641
124.78.68.102 - - [25/Jan/2024:07:01:32 +0800] "GET /xingrg/check_reg.html?_=1706137292120 HTTP/1.1" 200 22
124.78.68.102 - - [25/Jan/2024:07:01:32 +0800] "GET /xingrg/all/function/internal_message.html?_=1706137292583&CODE_STATE=getMsg HTTP/1.1" 200 27
114.95.241.104 - - [25/Jan/2024:07:01:33 +0800] "GET /xingrg/all/function/internal_message.html?_=1706137293149&CODE_STATE=getMsg HTTP/1.1" 200 27
124.78.154.219 - - [25/Jan/2024:07:01:40 +0800] "GET /xingrg/check_reg.html?_=1706137299403 HTTP/1.1" 200 22
116.230.109.177 - - [25/Jan/2024:07:01:44 +0800] "GET /xingrg/check_reg.html?_=1706137250126 HTTP/1.1" 200 22
116.235.245.21 - - [25/Jan/2024:07:01:47 +0800] "GET /xingrg/all/function/internal_message.html?_=1706137320484&CODE_STATE=getMsg HTTP/1.1" 200 27
116.230.109.177 - - [25/Jan/2024:07:01:53 +0800] "GET /xingrg/check_reg.html?_=1706137258946 HTTP/1.1" 200 22
180.171.56.87 - - [25/Jan/2024:07:01:59 +0800] "GET /xingrg/all/function/internal_message.html?_=1706137327437&CODE_STATE=getMsg HTTP/1.1" 200 27
120.253.135.82 - - [25/Jan/2024:07:02:00 +0800] "GET /xingrg/all/function/internal_message.html?_=1706137144878&CODE_STATE=getMsg HTTP/1.1" 200 27
180.163.28.180 - - [25/Jan/2024:07:02:26 +0800] "GET /xingrg/all/function/internal_message.html?_=1706137286042&CODE_STATE=getMsg HTTP/1.1" 302 -
124.78.154.219 - - [25/Jan/2024:07:02:26 +0800] "GET /xingrg/all/function/internal_message.html?_=1706137346019&CODE_STATE=getMsg HTTP/1.1" 200 27
180.163.28.180 - - [25/Jan/2024:07:02:27 +0800] "GET /xingrg/login.html HTTP/1.1" 200 7641
124.78.68.102 - - [25/Jan/2024:07:02:32 +0800] "GET /xingrg/all/function/internal_message.html?_=1706137352564&CODE_STATE=getMsg HTTP/1.1" 200 27
114.95.241.104 - - [25/Jan/2024:07:02:33 +0800] "GET /xingrg/all/function/internal_message.html?_=1706137353123&CODE_STATE=getMsg HTTP/1.1" 200 27
120.253.135.82 - - [25/Jan/2024:07:02:34 +0800] "POST /xingrg/kc/buy/cgsh_list_operate.html HTTP/1.1" 200 986
120.253.135.82 - - [25/Jan/2024:07:02:35 +0800] "POST /xingrg/kc/buy/cgsh_list_operate.html HTTP/1.1" 200 986
120.253.135.82 - - [25/Jan/2024:07:02:37 +0800] "GET /xingrg/kc/buy/cgsh_order_add.html HTTP/1.1" 200 72123
120.253.135.82 - - [25/Jan/2024:07:02:37 +0800] "POST /xingrg/kc/buy/cgsh_order_operate.html HTTP/1.1" 200 8245
120.253.135.82 - - [25/Jan/2024:07:02:37 +0800] "GET /xingrg/javascript/easyui/themes/default/validatebox.css HTTP/1.1" 404 1104
116.235.245.21 - - [25/Jan/2024:07:02:46 +0800] "GET /xingrg/check_reg.html?_=1706137380443 HTTP/1.1" 200 22
116.235.245.21 - - [25/Jan/2024:07:02:47 +0800] "GET /xingrg/all/function/internal_message.html?_=1706137380497&CODE_STATE=getMsg HTTP/1.1" 200 27
218.81.65.124 - - [25/Jan/2024:07:02:52 +0800] "GET /xingrg/check_reg.html?_=1706137371539 HTTP/1.1" 200 22
120.253.135.82 - - [25/Jan/2024:07:02:56 +0800] "POST /xingrg/all/common/load_combo.html?type=employee HTTP/1.1" 200 1749
180.171.56.87 - - [25/Jan/2024:07:02:59 +0800] "GET /xingrg/check_reg.html?_=1706137387438 HTTP/1.1" 200 22
180.171.56.87 - - [25/Jan/2024:07:02:59 +0800] "GET /xingrg/all/function/internal_message.html?_=1706137387441&CODE_STATE=getMsg HTTP/1.1" 200 27
120.253.135.82 - - [25/Jan/2024:07:03:00 +0800] "GET /xingrg/all/function/internal_message.html?_=1706137204891&CODE_STATE=getMsg HTTP/1.1" 200 27
120.253.135.82 - - [25/Jan/2024:07:03:09 +0800] "GET /xingrg/kc/buy/cgsh_order_operate.html?command=get_materiel&rest_code=00101&code=00102002556&supplier_code=00100097&order_time=2024-01-25 HTTP/1.1" 200 441
120.253.135.82 - - [25/Jan/2024:07:03:13 +0800] "POST /xingrg/all/common/load_select.html HTTP/1.1" 200 25
120.253.135.82 - - [25/Jan/2024:07:03:18 +0800] "GET /xingrg/kc/buy/cgsh_order_operate.html?command=get_materiel_price&rest_code=00101&code=00102002556&unit_code=00100311&supplier_code=00100097&order_time=2024-01-25 HTTP/1.1" 200 29
124.78.154.219 - - [25/Jan/2024:07:03:26 +0800] "GET /xingrg/all/function/internal_message.html?_=1706137406005&CODE_STATE=getMsg HTTP/1.1" 200 27
124.78.68.102 - - [25/Jan/2024:07:03:32 +0800] "GET /xingrg/all/function/internal_message.html?_=1706137412547&CODE_STATE=getMsg HTTP/1.1" 200 27
114.95.241.104 - - [25/Jan/2024:07:03:33 +0800] "GET /xingrg/all/function/internal_message.html?_=1706137413130&CODE_STATE=getMsg HTTP/1.1" 200 27
120.253.135.82 - - [25/Jan/2024:07:03:45 +0800] "POST /xingrg/kc/buy/cgsh_order_operate.html HTTP/1.1" 200 37
116.235.245.21 - - [25/Jan/2024:07:03:47 +0800] "GET /xingrg/all/function/internal_message.html?_=1706137440512&CODE_STATE=getMsg HTTP/1.1" 200 27
180.171.56.87 - - [25/Jan/2024:07:03:59 +0800] "GET /xingrg/all/function/internal_message.html?_=1706137447442&CODE_STATE=getMsg HTTP/1.1" 200 27
120.253.135.82 - - [25/Jan/2024:07:04:04 +0800] "POST /xingrg/kc/buy/cgsh_order_operate.html HTTP/1.1" 200 2668
180.163.29.206 - - [25/Jan/2024:07:04:26 +0800] "GET /xingrg/all/function/internal_message.html?_=1706137406005&CODE_STATE=getMsg HTTP/1.1" 302 -
124.78.154.219 - - [25/Jan/2024:07:04:26 +0800] "GET /xingrg/all/function/internal_message.html?_=1706137465976&CODE_STATE=getMsg HTTP/1.1" 200 27
180.163.29.206 - - [25/Jan/2024:07:04:27 +0800] "GET /xingrg/login.html HTTP/1.1" 200 7641
124.78.68.102 - - [25/Jan/2024:07:04:32 +0800] "GET /xingrg/all/function/internal_message.html?_=1706137472522&CODE_STATE=getMsg HTTP/1.1" 200 27
114.95.241.104 - - [25/Jan/2024:07:04:33 +0800] "GET /xingrg/check_reg.html?_=1706137473139 HTTP/1.1" 200 22
114.95.241.104 - - [25/Jan/2024:07:04:33 +0800] "GET /xingrg/all/function/internal_message.html?_=1706137473142&CODE_STATE=getMsg HTTP/1.1" 200 27
116.235.245.21 - - [25/Jan/2024:07:04:47 +0800] "GET /xingrg/all/function/internal_message.html?_=1706137500524&CODE_STATE=getMsg HTTP/1.1" 200 27
180.171.56.87 - - [25/Jan/2024:07:04:59 +0800] "GET /xingrg/all/function/internal_message.html?_=1706137507430&CODE_STATE=getMsg HTTP/1.1" 200 27
120.253.135.82 - - [25/Jan/2024:07:05:00 +0800] "GET /xingrg/all/function/internal_message.html?_=1706137324918&CODE_STATE=getMsg HTTP/1.1" 200 27
116.230.109.177 - - [25/Jan/2024:07:05:19 +0800] "GET /xingrg/check_reg.html?_=1706137464544 HTTP/1.1" 200 22
116.230.109.177 - - [25/Jan/2024:07:05:21 +0800] "GET /xingrg/check_reg.html?_=1706137467227 HTTP/1.1" 200 22
221.239.172.206 - - [25/Jan/2024:07:05:23 +0800] "GET /xingrg/check_reg.html?_=1706137523260 HTTP/1.1" 302 -
124.78.154.219 - - [25/Jan/2024:07:05:26 +0800] "GET /xingrg/all/function/internal_message.html?_=1706137525946&CODE_STATE=getMsg HTTP/1.1" 200 27
124.78.68.102 - - [25/Jan/2024:07:05:32 +0800] "GET /xingrg/all/function/internal_message.html?_=1706137532505&CODE_STATE=getMsg HTTP/1.1" 200 27
114.95.241.104 - - [25/Jan/2024:07:05:33 +0800] "GET /xingrg/all/function/internal_message.html?_=1706137533134&CODE_STATE=getMsg HTTP/1.1" 200 27
120.253.135.82 - - [25/Jan/2024:07:05:41 +0800] "GET /xingrg/check_reg.html?_=1706137365416 HTTP/1.1" 200 22
116.235.245.21 - - [25/Jan/2024:07:05:47 +0800] "GET /xingrg/all/function/internal_message.html?_=1706137561093&CODE_STATE=getMsg HTTP/1.1" 200 27
180.171.56.87 - - [25/Jan/2024:07:05:59 +0800] "GET /xingrg/all/function/internal_message.html?_=1706137567431&CODE_STATE=getMsg HTTP/1.1" 200 27
120.253.135.82 - - [25/Jan/2024:07:06:00 +0800] "GET /xingrg/all/function/internal_message.html?_=1706137384932&CODE_STATE=getMsg HTTP/1.1" 200 27
180.163.28.180 - - [25/Jan/2024:07:06:26 +0800] "GET /xingrg/all/function/internal_message.html?_=1706137525946&CODE_STATE=getMsg HTTP/1.1" 302 -
124.78.154.219 - - [25/Jan/2024:07:06:26 +0800] "GET /xingrg/all/function/internal_message.html?_=1706137585920&CODE_STATE=getMsg HTTP/1.1" 200 27
180.163.28.180 - - [25/Jan/2024:07:06:27 +0800] "GET /xingrg/login.html HTTP/1.1" 200 7641
124.78.68.102 - - [25/Jan/2024:07:06:32 +0800] "GET /xingrg/check_reg.html?_=1706137592090 HTTP/1.1" 200 22
124.78.68.102 - - [25/Jan/2024:07:06:32 +0800] "GET /xingrg/all/function/internal_message.html?_=1706137592484&CODE_STATE=getMsg HTTP/1.1" 200 27
114.95.241.104 - - [25/Jan/2024:07:06:33 +0800] "GET /xingrg/all/function/internal_message.html?_=1706137593131&CODE_STATE=getMsg HTTP/1.1" 200 27
124.78.154.219 - - [25/Jan/2024:07:06:40 +0800] "GET /xingrg/check_reg.html?_=1706137599400 HTTP/1.1" 200 22
120.253.135.82 - - [25/Jan/2024:07:06:43 +0800] "GET /xingrg/kc/print/load_data.html?order_code=212024012510279&kc_code=cgsh&condition= HTTP/1.1" 200 675
116.230.109.177 - - [25/Jan/2024:07:06:44 +0800] "GET /xingrg/check_reg.html?_=1706137550112 HTTP/1.1" 200 22
116.235.245.21 - - [25/Jan/2024:07:06:47 +0800] "GET /xingrg/all/function/internal_message.html?_=1706137621097&CODE_STATE=getMsg HTTP/1.1" 200 27
116.235.245.21 - - [25/Jan/2024:07:06:50 +0800] "POST /xingrg/kc/buy/cgsh_list_operate.html HTTP/1.1" 200 986
116.230.109.177 - - [25/Jan/2024:07:06:53 +0800] "GET /xingrg/check_reg.html?_=1706137558939 HTTP/1.1" 200 22
116.235.245.21 - - [25/Jan/2024:07:06:56 +0800] "GET /xingrg/kc/base/check_order_list.html HTTP/1.1" 200 16138
116.235.245.21 - - [25/Jan/2024:07:06:56 +0800] "POST /xingrg/kc/base/check_list_operate.html HTTP/1.1" 200 781
180.171.56.87 - - [25/Jan/2024:07:06:59 +0800] "GET /xingrg/all/function/internal_message.html?_=1706137627432&CODE_STATE=getMsg HTTP/1.1" 200 27
120.253.135.82 - - [25/Jan/2024:07:07:00 +0800] "GET /xingrg/all/function/internal_message.html?_=1706137445147&CODE_STATE=getMsg HTTP/1.1" 200 27
116.235.245.21 - - [25/Jan/2024:07:07:02 +0800] "GET /xingrg/kc/base/wldb_order_list.html HTTP/1.1" 200 19019
116.235.245.21 - - [25/Jan/2024:07:07:02 +0800] "POST /xingrg/kc/base/wldb_list_operate.html HTTP/1.1" 200 928
116.235.245.21 - - [25/Jan/2024:07:07:04 +0800] "GET /xingrg/kc/base/wldb_order_add.html HTTP/1.1" 200 30350
116.235.245.21 - - [25/Jan/2024:07:07:04 +0800] "GET /xingrg/javascript/pic_change.js HTTP/1.1" 304 -
116.235.245.21 - - [25/Jan/2024:07:07:04 +0800] "GET /xingrg/javascript/convert.js HTTP/1.1" 304 -
116.235.245.21 - - [25/Jan/2024:07:07:04 +0800] "GET /xingrg/javascript/jquery_tools/order_manager.js HTTP/1.1" 304 -
116.235.245.21 - - [25/Jan/2024:07:07:04 +0800] "GET /xingrg/javascript/json2.js HTTP/1.1" 304 -
116.235.245.21 - - [25/Jan/2024:07:07:04 +0800] "GET /xingrg/javascript/print/kc_print.js HTTP/1.1" 304 -
116.235.245.21 - - [25/Jan/2024:07:07:04 +0800] "GET /xingrg/words/20240124112750_words.js HTTP/1.1" 304 -
116.235.245.21 - - [25/Jan/2024:07:07:04 +0800] "POST /xingrg/kc/base/wldb_order_operate.html HTTP/1.1" 200 6806
116.235.245.21 - - [25/Jan/2024:07:07:04 +0800] "GET /xingrg/all/common/auto_word.html?type=base&rest_code=00146 HTTP/1.1" 200 1799
116.235.245.21 - - [25/Jan/2024:07:07:04 +0800] "GET /xingrg/all/common/auto_word.html?type=base&rest_code=00146 HTTP/1.1" 200 1799
116.235.245.21 - - [25/Jan/2024:07:07:04 +0800] "GET /xingrg/javascript/easyui/themes/default/validatebox.css HTTP/1.1" 404 1104
116.235.245.21 - - [25/Jan/2024:07:07:04 +0800] "GET /xingrg/javascript/easyui/plugins/jquery.validatebox.js HTTP/1.1" 304 -
116.235.245.21 - - [25/Jan/2024:07:07:04 +0800] "GET /xingrg/javascript/easyui/plugins/jquery.numberbox.js HTTP/1.1" 304 -
116.235.245.21 - - [25/Jan/2024:07:07:22 +0800] "GET /xingrg/kc/base/wldb_order_operate.html?command=get_materiel&rest_code=00146&base_code=0010063&code=00101019400 HTTP/1.1" 200 465
124.78.154.219 - - [25/Jan/2024:07:07:26 +0800] "GET /xingrg/all/function/internal_message.html?_=1706137645895&CODE_STATE=getMsg HTTP/1.1" 200 27
116.235.245.21 - - [25/Jan/2024:07:07:28 +0800] "GET /xingrg/kc/base/wldb_order_operate.html?command=get_materiel&rest_code=00146&base_code=0010063&code=00101019164 HTTP/1.1" 200 466
124.78.68.102 - - [25/Jan/2024:07:07:32 +0800] "GET /xingrg/all/function/internal_message.html?_=1706137652481&CODE_STATE=getMsg HTTP/1.1" 200 27
114.95.241.104 - - [25/Jan/2024:07:07:33 +0800] "GET /xingrg/all/function/internal_message.html?_=1706137653135&CODE_STATE=getMsg HTTP/1.1" 200 27
116.235.245.21 - - [25/Jan/2024:07:07:38 +0800] "GET /xingrg/kc/base/wldb_order_operate.html?command=get_materiel&rest_code=00146&base_code=0010063&code=00101019313 HTTP/1.1" 200 457
116.235.245.21 - - [25/Jan/2024:07:07:45 +0800] "GET /xingrg/kc/base/wldb_order_operate.html?command=get_materiel&rest_code=00146&base_code=0010063&code=00101019425 HTTP/1.1" 200 458
116.235.245.21 - - [25/Jan/2024:07:07:46 +0800] "GET /xingrg/check_reg.html?_=1706137680440 HTTP/1.1" 200 22
116.235.245.21 - - [25/Jan/2024:07:07:47 +0800] "GET /xingrg/all/function/internal_message.html?_=1706137681111&CODE_STATE=getMsg HTTP/1.1" 200 27
218.81.65.124 - - [25/Jan/2024:07:07:52 +0800] "GET /xingrg/check_reg.html?_=1706137671515 HTTP/1.1" 200 22
180.171.56.87 - - [25/Jan/2024:07:07:59 +0800] "GET /xingrg/all/function/internal_message.html?_=1706137687433&CODE_STATE=getMsg HTTP/1.1" 200 27
180.171.56.87 - - [25/Jan/2024:07:07:59 +0800] "GET /xingrg/check_reg.html?_=1706137687437 HTTP/1.1" 200 22
116.235.245.21 - - [25/Jan/2024:07:08:00 +0800] "GET /xingrg/kc/base/wldb_order_operate.html?command=get_materiel&rest_code=00146&base_code=0010063&code=00101019544 HTTP/1.1" 200 473
120.253.135.82 - - [25/Jan/2024:07:08:00 +0800] "GET /xingrg/all/function/internal_message.html?_=1706137505162&CODE_STATE=getMsg HTTP/1.1" 200 27
116.235.245.21 - - [25/Jan/2024:07:08:08 +0800] "POST /xingrg/kc/base/wldb_order_operate.html HTTP/1.1" 200 37
116.235.245.21 - - [25/Jan/2024:07:08:14 +0800] "POST /xingrg/kc/base/wldb_order_operate.html HTTP/1.1" 200 12
116.235.245.21 - - [25/Jan/2024:07:08:14 +0800] "POST /xingrg/kc/base/wldb_order_operate.html HTTP/1.1" 200 4189
116.235.245.21 - - [25/Jan/2024:07:08:17 +0800] "GET /xingrg/kc/base/wldb_order_info.html?code=422024012502630 HTTP/1.1" 200 26229
116.235.245.21 - - [25/Jan/2024:07:08:18 +0800] "POST /xingrg/kc/base/wldb_order_operate.html HTTP/1.1" 200 2438
116.235.245.21 - - [25/Jan/2024:07:08:18 +0800] "GET /xingrg/javascript/easyui/themes/default/validatebox.css HTTP/1.1" 404 1104
120.253.135.82 - - [25/Jan/2024:07:08:25 +0800] "POST /xingrg/kc/buy/cgsh_order_operate.html HTTP/1.1" 200 37
124.78.154.219 - - [25/Jan/2024:07:08:26 +0800] "GET /xingrg/all/function/internal_message.html?_=1706137705867&CODE_STATE=getMsg HTTP/1.1" 200 27
124.78.68.102 - - [25/Jan/2024:07:08:32 +0800] "GET /xingrg/all/function/internal_message.html?_=1706137712470&CODE_STATE=getMsg HTTP/1.1" 200 27
120.253.135.82 - - [25/Jan/2024:07:08:32 +0800] "POST /xingrg/kc/buy/cgsh_order_operate.html HTTP/1.1" 200 12
114.95.241.104 - - [25/Jan/2024:07:08:33 +0800] "GET /xingrg/all/function/internal_message.html?_=1706137713140&CODE_STATE=getMsg HTTP/1.1" 200 27
120.253.135.82 - - [25/Jan/2024:07:08:40 +0800] "GET /xingrg/kc/buy/cgsh_order_info.html?code=212024012510279 HTTP/1.1" 200 67024
120.253.135.82 - - [25/Jan/2024:07:08:41 +0800] "GET /xingrg/javascript/easyui/themes/default/validatebox.css HTTP/1.1" 404 1104
120.253.135.82 - - [25/Jan/2024:07:08:42 +0800] "POST /xingrg/kc/buy/cgsh_order_operate.html HTTP/1.1" 200 618
116.235.245.21 - - [25/Jan/2024:07:08:47 +0800] "GET /xingrg/all/function/internal_message.html?_=1706137741125&CODE_STATE=getMsg HTTP/1.1" 200 27
120.253.135.82 - - [25/Jan/2024:07:08:48 +0800] "POST /xingrg/kc/buy/cgsh_list_operate.html HTTP/1.1" 200 986
120.253.135.82 - - [25/Jan/2024:07:08:51 +0800] "GET /xingrg/kc/buy/cgsh_order_add.html HTTP/1.1" 200 72123
120.253.135.82 - - [25/Jan/2024:07:08:52 +0800] "POST /xingrg/kc/buy/cgsh_order_operate.html HTTP/1.1" 200 8245
120.253.135.82 - - [25/Jan/2024:07:08:52 +0800] "GET /xingrg/javascript/easyui/themes/default/validatebox.css HTTP/1.1" 404 1104
180.171.56.87 - - [25/Jan/2024:07:08:59 +0800] "GET /xingrg/all/function/internal_message.html?_=1706137747438&CODE_STATE=getMsg HTTP/1.1" 200 27
120.253.135.82 - - [25/Jan/2024:07:09:00 +0800] "GET /xingrg/all/function/internal_message.html?_=1706137565176&CODE_STATE=getMsg HTTP/1.1" 200 27
116.235.245.21 - - [25/Jan/2024:07:09:04 +0800] "GET /xingrg/kc/base/wldb_order_add.html HTTP/1.1" 200 30350
116.235.245.21 - - [25/Jan/2024:07:09:05 +0800] "POST /xingrg/kc/base/wldb_order_operate.html HTTP/1.1" 200 6806
120.253.135.82 - - [25/Jan/2024:07:09:05 +0800] "POST /xingrg/all/common/load_combo.html?type=employee HTTP/1.1" 200 1749
116.235.245.21 - - [25/Jan/2024:07:09:05 +0800] "GET /xingrg/javascript/easyui/themes/default/validatebox.css HTTP/1.1" 404 1104
120.253.135.82 - - [25/Jan/2024:07:09:23 +0800] "GET /xingrg/kc/buy/cgsh_order_operate.html?command=get_materiel&rest_code=00101&code=00101034107&supplier_code=00100221&order_time=2024-01-25 HTTP/1.1" 200 421
124.78.154.219 - - [25/Jan/2024:07:09:26 +0800] "GET /xingrg/all/function/internal_message.html?_=1706137765851&CODE_STATE=getMsg HTTP/1.1" 200 27
124.78.68.102 - - [25/Jan/2024:07:09:32 +0800] "GET /xingrg/all/function/internal_message.html?_=1706137772454&CODE_STATE=getMsg HTTP/1.1" 200 27
114.95.241.104 - - [25/Jan/2024:07:09:33 +0800] "GET /xingrg/check_reg.html?_=1706137773139 HTTP/1.1" 200 22
114.95.241.104 - - [25/Jan/2024:07:09:33 +0800] "GET /xingrg/all/function/internal_message.html?_=1706137773142&CODE_STATE=getMsg HTTP/1.1" 200 27
116.235.245.21 - - [25/Jan/2024:07:09:40 +0800] "GET /xingrg/kc/base/wldb_order_operate.html?command=get_materiel&rest_code=00146&base_code=0010063&code=00101019062 HTTP/1.1" 200 465
116.235.245.21 - - [25/Jan/2024:07:09:47 +0800] "GET /xingrg/all/function/internal_message.html?_=1706137801140&CODE_STATE=getMsg HTTP/1.1" 200 27
116.235.245.21 - - [25/Jan/2024:07:09:48 +0800] "GET /xingrg/kc/base/wldb_order_operate.html?command=get_materiel&rest_code=00146&base_code=0010063&code=00101019041 HTTP/1.1" 200 469
180.171.56.87 - - [25/Jan/2024:07:09:59 +0800] "GET /xingrg/all/function/internal_message.html?_=1706137807440&CODE_STATE=getMsg HTTP/1.1" 200 27
120.253.135.82 - - [25/Jan/2024:07:10:00 +0800] "GET /xingrg/all/function/internal_message.html?_=1706137625189&CODE_STATE=getMsg HTTP/1.1" 200 27
116.235.245.21 - - [25/Jan/2024:07:10:11 +0800] "GET /xingrg/kc/base/wldb_order_operate.html?command=get_materiel&rest_code=00146&base_code=0010063&code=00101019529 HTTP/1.1" 200 475
116.230.109.177 - - [25/Jan/2024:07:10:19 +0800] "GET /xingrg/check_reg.html?_=1706137764531 HTTP/1.1" 200 22
116.230.109.177 - - [25/Jan/2024:07:10:21 +0800] "GET /xingrg/check_reg.html?_=1706137767209 HTTP/1.1" 200 22
221.239.172.206 - - [25/Jan/2024:07:10:23 +0800] "GET /xingrg/check_reg.html?_=1706137823244 HTTP/1.1" 302 -
180.163.28.143 - - [25/Jan/2024:07:10:26 +0800] "GET /xingrg/all/function/internal_message.html?_=1706137765851&CODE_STATE=getMsg HTTP/1.1" 302 -
124.78.154.219 - - [25/Jan/2024:07:10:26 +0800] "GET /xingrg/all/function/internal_message.html?_=1706137825823&CODE_STATE=getMsg HTTP/1.1" 200 27
180.163.28.143 - - [25/Jan/2024:07:10:28 +0800] "GET /xingrg/login.html HTTP/1.1" 200 7641
124.78.68.102 - - [25/Jan/2024:07:10:32 +0800] "GET /xingrg/all/function/internal_message.html?_=1706137832426&CODE_STATE=getMsg HTTP/1.1" 200 27
114.95.241.104 - - [25/Jan/2024:07:10:33 +0800] "GET /xingrg/all/function/internal_message.html?_=1706137833136&CODE_STATE=getMsg HTTP/1.1" 200 27
120.253.135.82 - - [25/Jan/2024:07:10:35 +0800] "POST /xingrg/kc/buy/cgsh_order_operate.html HTTP/1.1" 200 37
120.253.135.82 - - [25/Jan/2024:07:10:37 +0800] "POST /xingrg/kc/buy/cgsh_order_operate.html HTTP/1.1" 200 2675
116.235.245.21 - - [25/Jan/2024:07:10:39 +0800] "POST /xingrg/kc/base/wldb_order_operate.html HTTP/1.1" 200 37
120.253.135.82 - - [25/Jan/2024:07:10:41 +0800] "GET /xingrg/check_reg.html?_=1706137665423 HTTP/1.1" 200 22
116.235.245.21 - - [25/Jan/2024:07:10:44 +0800] "POST /xingrg/kc/base/wldb_order_operate.html HTTP/1.1" 200 12
116.235.245.21 - - [25/Jan/2024:07:10:45 +0800] "POST /xingrg/kc/base/wldb_order_operate.html HTTP/1.1" 200 3225
116.235.245.21 - - [25/Jan/2024:07:10:48 +0800] "GET /xingrg/kc/base/wldb_order_info.html?code=422024012502631 HTTP/1.1" 200 26229
116.235.245.21 - - [25/Jan/2024:07:10:49 +0800] "GET /xingrg/all/function/internal_message.html?_=1706137863361&CODE_STATE=getMsg HTTP/1.1" 200 27
116.235.245.21 - - [25/Jan/2024:07:10:50 +0800] "GET /xingrg/javascript/easyui/themes/default/validatebox.css HTTP/1.1" 404 1104
116.235.245.21 - - [25/Jan/2024:07:10:50 +0800] "POST /xingrg/kc/base/wldb_order_operate.html HTTP/1.1" 200 1500
116.235.245.21 - - [25/Jan/2024:07:10:52 +0800] "GET /xingrg/kc/base/wldb_order_add.html HTTP/1.1" 200 30350
116.235.245.21 - - [25/Jan/2024:07:10:54 +0800] "POST /xingrg/kc/base/wldb_order_operate.html HTTP/1.1" 200 6806
116.235.245.21 - - [25/Jan/2024:07:10:54 +0800] "GET /xingrg/javascript/easyui/themes/default/validatebox.css HTTP/1.1" 404 1104
180.171.56.87 - - [25/Jan/2024:07:10:59 +0800] "GET /xingrg/all/function/internal_message.html?_=1706137867441&CODE_STATE=getMsg HTTP/1.1" 200 27
120.253.135.82 - - [25/Jan/2024:07:11:00 +0800] "GET /xingrg/all/function/internal_message.html?_=1706137685203&CODE_STATE=getMsg HTTP/1.1" 200 27
116.235.245.21 - - [25/Jan/2024:07:11:21 +0800] "GET /xingrg/kc/base/wldb_order_operate.html?command=get_materiel&rest_code=00146&base_code=0010064&code=00102002006 HTTP/1.1" 200 468
180.163.30.27 - - [25/Jan/2024:07:11:26 +0800] "GET /xingrg/all/function/internal_message.html?_=1706137825823&CODE_STATE=getMsg HTTP/1.1" 302 -
180.163.30.27 - - [25/Jan/2024:07:11:26 +0800] "GET /xingrg/login.html HTTP/1.1" 200 7641
124.78.154.219 - - [25/Jan/2024:07:11:26 +0800] "GET /xingrg/all/function/internal_message.html?_=1706137885797&CODE_STATE=getMsg HTTP/1.1" 200 27
124.78.68.102 - - [25/Jan/2024:07:11:32 +0800] "GET /xingrg/check_reg.html?_=1706137892057 HTTP/1.1" 200 22
124.78.68.102 - - [25/Jan/2024:07:11:32 +0800] "GET /xingrg/all/function/internal_message.html?_=1706137892404&CODE_STATE=getMsg HTTP/1.1" 200 27
114.95.241.104 - - [25/Jan/2024:07:11:33 +0800] "GET /xingrg/all/function/internal_message.html?_=1706137893136&CODE_STATE=getMsg HTTP/1.1" 200 27
124.78.154.219 - - [25/Jan/2024:07:11:40 +0800] "GET /xingrg/check_reg.html?_=1706137899420 HTTP/1.1" 200 22
116.230.109.177 - - [25/Jan/2024:07:11:44 +0800] "GET /xingrg/check_reg.html?_=1706137850092 HTTP/1.1" 200 22
116.230.109.177 - - [25/Jan/2024:07:11:53 +0800] "GET /xingrg/check_reg.html?_=1706137858920 HTTP/1.1" 200 22
180.171.56.87 - - [25/Jan/2024:07:11:59 +0800] "GET /xingrg/all/function/internal_message.html?_=1706137927442&CODE_STATE=getMsg HTTP/1.1" 200 27
120.253.135.82 - - [25/Jan/2024:07:12:00 +0800] "GET /xingrg/all/function/internal_message.html?_=1706137745217&CODE_STATE=getMsg HTTP/1.1" 200 27
116.235.245.21 - - [25/Jan/2024:07:12:18 +0800] "POST /xingrg/kc/base/wldb_order_operate.html HTTP/1.1" 200 37
116.235.245.21 - - [25/Jan/2024:07:12:23 +0800] "POST /xingrg/kc/base/wldb_order_operate.html HTTP/1.1" 200 12
116.235.245.21 - - [25/Jan/2024:07:12:23 +0800] "POST /xingrg/kc/base/wldb_order_operate.html HTTP/1.1" 200 2210
116.235.245.21 - - [25/Jan/2024:07:12:25 +0800] "GET /xingrg/kc/base/wldb_order_info.html?code=422024012502632 HTTP/1.1" 200 26228
116.235.245.21 - - [25/Jan/2024:07:12:26 +0800] "GET /xingrg/all/function/internal_message.html?_=1706137959906&CODE_STATE=getMsg HTTP/1.1" 200 27
124.78.154.219 - - [25/Jan/2024:07:12:26 +0800] "GET /xingrg/all/function/internal_message.html?_=1706137945772&CODE_STATE=getMsg HTTP/1.1" 200 27
116.235.245.21 - - [25/Jan/2024:07:12:26 +0800] "GET /xingrg/javascript/easyui/themes/default/validatebox.css HTTP/1.1" 404 1104
116.235.245.21 - - [25/Jan/2024:07:12:26 +0800] "POST /xingrg/kc/base/wldb_order_operate.html HTTP/1.1" 200 505
116.235.245.21 - - [25/Jan/2024:07:12:29 +0800] "GET /xingrg/kc/base/wldb_order_add.html HTTP/1.1" 200 30350
116.235.245.21 - - [25/Jan/2024:07:12:30 +0800] "POST /xingrg/kc/base/wldb_order_operate.html HTTP/1.1" 200 6806
116.235.245.21 - - [25/Jan/2024:07:12:31 +0800] "GET /xingrg/javascript/easyui/themes/default/validatebox.css HTTP/1.1" 404 1104
124.78.68.102 - - [25/Jan/2024:07:12:32 +0800] "GET /xingrg/all/function/internal_message.html?_=1706137952387&CODE_STATE=getMsg HTTP/1.1" 200 27
114.95.241.104 - - [25/Jan/2024:07:12:33 +0800] "GET /xingrg/all/function/internal_message.html?_=1706137953125&CODE_STATE=getMsg HTTP/1.1" 200 27
116.235.245.21 - - [25/Jan/2024:07:12:46 +0800] "GET /xingrg/check_reg.html?_=1706137980450 HTTP/1.1" 200 22
116.235.245.21 - - [25/Jan/2024:07:12:47 +0800] "GET /xingrg/kc/base/wldb_order_operate.html?command=get_materiel&rest_code=00146&base_code=0010063&code=00101019133 HTTP/1.1" 200 480
218.81.65.124 - - [25/Jan/2024:07:12:52 +0800] "GET /xingrg/check_reg.html?_=1706137971503 HTTP/1.1" 200 22
180.171.56.87 - - [25/Jan/2024:07:12:59 +0800] "GET /xingrg/check_reg.html?_=1706137987441 HTTP/1.1" 200 22
180.171.56.87 - - [25/Jan/2024:07:12:59 +0800] "GET /xingrg/all/function/internal_message.html?_=1706137987445&CODE_STATE=getMsg HTTP/1.1" 200 27
120.253.135.82 - - [25/Jan/2024:07:13:00 +0800] "GET /xingrg/all/function/internal_message.html?_=1706137805229&CODE_STATE=getMsg HTTP/1.1" 200 27
116.235.245.21 - - [25/Jan/2024:07:13:04 +0800] "POST /xingrg/kc/base/wldb_order_operate.html HTTP/1.1" 200 37
116.235.245.21 - - [25/Jan/2024:07:13:10 +0800] "POST /xingrg/kc/base/wldb_order_operate.html HTTP/1.1" 200 12
116.235.245.21 - - [25/Jan/2024:07:13:10 +0800] "POST /xingrg/kc/base/wldb_order_operate.html HTTP/1.1" 200 2224
116.235.245.21 - - [25/Jan/2024:07:13:11 +0800] "GET /xingrg/kc/base/wldb_order_info.html?code=422024012502633 HTTP/1.1" 200 26228
116.235.245.21 - - [25/Jan/2024:07:13:12 +0800] "GET /xingrg/javascript/easyui/themes/default/validatebox.css HTTP/1.1" 404 1104
116.235.245.21 - - [25/Jan/2024:07:13:13 +0800] "POST /xingrg/kc/base/wldb_order_operate.html HTTP/1.1" 200 518
116.235.245.21 - - [25/Jan/2024:07:13:15 +0800] "GET /xingrg/kc/base/wldb_order_add.html HTTP/1.1" 200 30350
116.235.245.21 - - [25/Jan/2024:07:13:16 +0800] "POST /xingrg/kc/base/wldb_order_operate.html HTTP/1.1" 200 6806
116.235.245.21 - - [25/Jan/2024:07:13:16 +0800] "GET /xingrg/javascript/easyui/themes/default/validatebox.css HTTP/1.1" 404 1104
124.78.154.219 - - [25/Jan/2024:07:13:26 +0800] "GET /xingrg/all/function/internal_message.html?_=1706138005742&CODE_STATE=getMsg HTTP/1.1" 200 27
116.235.245.21 - - [25/Jan/2024:07:13:26 +0800] "GET /xingrg/all/function/internal_message.html?_=1706138019915&CODE_STATE=getMsg HTTP/1.1" 200 27
124.78.68.102 - - [25/Jan/2024:07:13:32 +0800] "GET /xingrg/all/function/internal_message.html?_=1706138012377&CODE_STATE=getMsg HTTP/1.1" 200 27
114.95.241.104 - - [25/Jan/2024:07:13:33 +0800] "GET /xingrg/all/function/internal_message.html?_=1706138013142&CODE_STATE=getMsg HTTP/1.1" 200 27
116.235.245.21 - - [25/Jan/2024:07:13:37 +0800] "GET /xingrg/kc/base/wldb_order_operate.html?command=get_materiel&rest_code=00146&base_code=0010063&code=00101016094 HTTP/1.1" 200 469
116.235.245.21 - - [25/Jan/2024:07:13:47 +0800] "GET /xingrg/kc/base/wldb_order_operate.html?command=get_materiel&rest_code=00146&base_code=0010063&code=00101013076 HTTP/1.1" 200 442
180.171.56.87 - - [25/Jan/2024:07:13:59 +0800] "GET /xingrg/all/function/internal_message.html?_=1706138047447&CODE_STATE=getMsg HTTP/1.1" 200 27
120.253.135.82 - - [25/Jan/2024:07:14:01 +0800] "GET /xingrg/all/function/internal_message.html?_=1706137865457&CODE_STATE=getMsg HTTP/1.1" 200 27
116.235.245.21 - - [25/Jan/2024:07:14:02 +0800] "POST /xingrg/kc/base/wldb_order_operate.html HTTP/1.1" 200 37
116.235.245.21 - - [25/Jan/2024:07:14:07 +0800] "POST /xingrg/kc/base/wldb_order_operate.html HTTP/1.1" 200 12
116.235.245.21 - - [25/Jan/2024:07:14:08 +0800] "POST /xingrg/kc/base/wldb_order_operate.html HTTP/1.1" 200 2687
116.235.245.21 - - [25/Jan/2024:07:14:14 +0800] "GET /xingrg/kc/base/wldb_order_info.html?code=422024012502634 HTTP/1.1" 200 26229
116.235.245.21 - - [25/Jan/2024:07:14:15 +0800] "GET /xingrg/javascript/easyui/themes/default/validatebox.css HTTP/1.1" 404 1104
116.235.245.21 - - [25/Jan/2024:07:14:15 +0800] "POST /xingrg/kc/base/wldb_order_operate.html HTTP/1.1" 200 972
116.235.245.21 - - [25/Jan/2024:07:14:19 +0800] "GET /xingrg/kc/base/wldb_order_add.html HTTP/1.1" 200 30350
116.235.245.21 - - [25/Jan/2024:07:14:20 +0800] "POST /xingrg/kc/base/wldb_order_operate.html HTTP/1.1" 200 6806
116.235.245.21 - - [25/Jan/2024:07:14:20 +0800] "GET /xingrg/javascript/easyui/themes/default/validatebox.css HTTP/1.1" 404 1104
124.78.154.219 - - [25/Jan/2024:07:14:26 +0800] "GET /xingrg/all/function/internal_message.html?_=1706138065712&CODE_STATE=getMsg HTTP/1.1" 200 27
116.235.245.21 - - [25/Jan/2024:07:14:26 +0800] "GET /xingrg/all/function/internal_message.html?_=1706138079928&CODE_STATE=getMsg HTTP/1.1" 200 27
180.163.28.180 - - [25/Jan/2024:07:14:27 +0800] "GET /xingrg/all/function/internal_message.html?_=1706138005742&CODE_STATE=getMsg HTTP/1.1" 302 -
180.163.28.180 - - [25/Jan/2024:07:14:27 +0800] "GET /xingrg/login.html HTTP/1.1" 200 7641
124.78.68.102 - - [25/Jan/2024:07:14:32 +0800] "GET /xingrg/all/function/internal_message.html?_=1706138072353&CODE_STATE=getMsg HTTP/1.1" 200 27
114.95.241.104 - - [25/Jan/2024:07:14:33 +0800] "GET /xingrg/check_reg.html?_=1706138073143 HTTP/1.1" 200 22
114.95.241.104 - - [25/Jan/2024:07:14:33 +0800] "GET /xingrg/all/function/internal_message.html?_=1706138073146&CODE_STATE=getMsg HTTP/1.1" 200 27
116.235.245.21 - - [25/Jan/2024:07:14:36 +0800] "GET /xingrg/kc/base/wldb_order_operate.html?command=get_materiel&rest_code=00146&base_code=0010064&code=00102002204 HTTP/1.1" 200 447
116.235.245.21 - - [25/Jan/2024:07:14:45 +0800] "GET /xingrg/kc/base/wldb_order_operate.html?command=get_materiel&rest_code=00146&base_code=0010064&code=00102002315 HTTP/1.1" 200 462
180.171.56.87 - - [25/Jan/2024:07:14:59 +0800] "GET /xingrg/all/function/internal_message.html?_=1706138107432&CODE_STATE=getMsg HTTP/1.1" 200 27
120.253.135.82 - - [25/Jan/2024:07:15:01 +0800] "GET /xingrg/all/function/internal_message.html?_=1706137925460&CODE_STATE=getMsg HTTP/1.1" 200 27
116.230.109.177 - - [25/Jan/2024:07:15:19 +0800] "GET /xingrg/check_reg.html?_=1706138064522 HTTP/1.1" 200 22
116.230.109.177 - - [25/Jan/2024:07:15:21 +0800] "GET /xingrg/check_reg.html?_=1706138067189 HTTP/1.1" 200 22
221.239.172.206 - - [25/Jan/2024:07:15:23 +0800] "GET /xingrg/check_reg.html?_=1706138123217 HTTP/1.1" 302 -
124.78.154.219 - - [25/Jan/2024:07:15:26 +0800] "GET /xingrg/all/function/internal_message.html?_=1706138125701&CODE_STATE=getMsg HTTP/1.1" 200 27
116.235.245.21 - - [25/Jan/2024:07:15:26 +0800] "GET /xingrg/all/function/internal_message.html?_=1706138139942&CODE_STATE=getMsg HTTP/1.1" 200 27
180.163.29.234 - - [25/Jan/2024:07:15:27 +0800] "GET /xingrg/all/function/internal_message.html?_=1706138065712&CODE_STATE=getMsg HTTP/1.1" 302 -
180.163.29.234 - - [25/Jan/2024:07:15:27 +0800] "GET /xingrg/login.html HTTP/1.1" 200 7641
124.78.68.102 - - [25/Jan/2024:07:15:32 +0800] "GET /xingrg/all/function/internal_message.html?_=1706138132334&CODE_STATE=getMsg HTTP/1.1" 200 27
114.95.241.104 - - [25/Jan/2024:07:15:33 +0800] "GET /xingrg/all/function/internal_message.html?_=1706138133135&CODE_STATE=getMsg HTTP/1.1" 200 27
116.235.245.21 - - [25/Jan/2024:07:15:36 +0800] "POST /xingrg/kc/base/wldb_order_operate.html HTTP/1.1" 200 37
120.253.135.82 - - [25/Jan/2024:07:15:41 +0800] "GET /xingrg/check_reg.html?_=1706137965636 HTTP/1.1" 200 22
116.235.245.21 - - [25/Jan/2024:07:15:41 +0800] "POST /xingrg/kc/base/wldb_order_operate.html HTTP/1.1" 200 12
116.235.245.21 - - [25/Jan/2024:07:15:41 +0800] "POST /xingrg/kc/base/wldb_order_operate.html HTTP/1.1" 200 2697
180.171.56.87 - - [25/Jan/2024:07:15:59 +0800] "GET /xingrg/all/function/internal_message.html?_=1706138167434&CODE_STATE=getMsg HTTP/1.1" 200 27
116.235.245.21 - - [25/Jan/2024:07:16:00 +0800] "GET /xingrg/kc/base/wldb_order_info.html?code=422024012502635 HTTP/1.1" 200 26228
120.253.135.82 - - [25/Jan/2024:07:16:01 +0800] "GET /xingrg/all/function/internal_message.html?_=1706137985473&CODE_STATE=getMsg HTTP/1.1" 200 27
106.55.201.50 - - [25/Jan/2024:07:16:01 +0800] "GET /xingrg/all/function/internal_message.html?_=1706121752190&CODE_STATE=getMsg HTTP/1.1" 302 -
106.55.200.233 - - [25/Jan/2024:07:16:01 +0800] "GET /xingrg/login.html HTTP/1.1" 200 7641
116.235.245.21 - - [25/Jan/2024:07:16:02 +0800] "GET /xingrg/javascript/easyui/themes/default/validatebox.css HTTP/1.1" 404 1104
116.235.245.21 - - [25/Jan/2024:07:16:02 +0800] "POST /xingrg/kc/base/wldb_order_operate.html HTTP/1.1" 200 980
116.235.245.21 - - [25/Jan/2024:07:16:09 +0800] "GET /xingrg/kc/base/wldb_order_add.html HTTP/1.1" 200 30350
116.235.245.21 - - [25/Jan/2024:07:16:10 +0800] "POST /xingrg/kc/base/wldb_order_operate.html HTTP/1.1" 200 6806
116.235.245.21 - - [25/Jan/2024:07:16:10 +0800] "GET /xingrg/javascript/easyui/themes/default/validatebox.css HTTP/1.1" 404 1104
116.235.245.21 - - [25/Jan/2024:07:16:26 +0800] "GET /xingrg/all/function/internal_message.html?_=1706138199954&CODE_STATE=getMsg HTTP/1.1" 200 27
180.163.29.217 - - [25/Jan/2024:07:16:26 +0800] "GET /xingrg/all/function/internal_message.html?_=1706138125701&CODE_STATE=getMsg HTTP/1.1" 302 -
124.78.154.219 - - [25/Jan/2024:07:16:26 +0800] "GET /xingrg/all/function/internal_message.html?_=1706138185675&CODE_STATE=getMsg HTTP/1.1" 200 27
180.163.29.217 - - [25/Jan/2024:07:16:27 +0800] "GET /xingrg/login.html HTTP/1.1" 200 7641
116.235.245.21 - - [25/Jan/2024:07:16:30 +0800] "GET /xingrg/kc/base/wldb_order_operate.html?command=get_materiel&rest_code=00146&base_code=0010064&code=00102002304 HTTP/1.1" 200 463
124.78.68.102 - - [25/Jan/2024:07:16:31 +0800] "GET /xingrg/check_reg.html?_=1706138192028 HTTP/1.1" 200 22
124.78.68.102 - - [25/Jan/2024:07:16:32 +0800] "GET /xingrg/all/function/internal_message.html?_=1706138192313&CODE_STATE=getMsg HTTP/1.1" 200 27
114.95.241.104 - - [25/Jan/2024:07:16:33 +0800] "GET /xingrg/all/function/internal_message.html?_=1706138193128&CODE_STATE=getMsg HTTP/1.1" 200 27
116.235.245.21 - - [25/Jan/2024:07:16:39 +0800] "GET /xingrg/kc/base/wldb_order_operate.html?command=get_materiel&rest_code=00146&base_code=0010064&code=00102002451 HTTP/1.1" 200 432
124.78.154.219 - - [25/Jan/2024:07:16:40 +0800] "GET /xingrg/check_reg.html?_=1706138199416 HTTP/1.1" 200 22
116.230.109.177 - - [25/Jan/2024:07:16:44 +0800] "GET /xingrg/check_reg.html?_=1706138150092 HTTP/1.1" 200 22
116.235.245.21 - - [25/Jan/2024:07:16:51 +0800] "POST /xingrg/kc/base/wldb_order_operate.html HTTP/1.1" 200 37
116.230.109.177 - - [25/Jan/2024:07:16:53 +0800] "GET /xingrg/check_reg.html?_=1706138158910 HTTP/1.1" 200 22
116.235.245.21 - - [25/Jan/2024:07:16:57 +0800] "POST /xingrg/kc/base/wldb_order_operate.html HTTP/1.1" 200 12
116.235.245.21 - - [25/Jan/2024:07:16:57 +0800] "POST /xingrg/kc/base/wldb_order_operate.html HTTP/1.1" 200 2679
116.235.245.21 - - [25/Jan/2024:07:16:59 +0800] "GET /xingrg/kc/base/wldb_order_info.html?code=422024012502636 HTTP/1.1" 200 26229
180.171.56.87 - - [25/Jan/2024:07:16:59 +0800] "GET /xingrg/all/function/internal_message.html?_=1706138227437&CODE_STATE=getMsg HTTP/1.1" 200 27
116.235.245.21 - - [25/Jan/2024:07:17:00 +0800] "GET /xingrg/javascript/easyui/themes/default/validatebox.css HTTP/1.1" 404 1104
116.235.245.21 - - [25/Jan/2024:07:17:00 +0800] "POST /xingrg/kc/base/wldb_order_operate.html HTTP/1.1" 200 964
120.253.135.82 - - [25/Jan/2024:07:17:01 +0800] "GET /xingrg/all/function/internal_message.html?_=1706138045487&CODE_STATE=getMsg HTTP/1.1" 200 27
116.235.245.21 - - [25/Jan/2024:07:17:03 +0800] "GET /xingrg/kc/base/wldb_order_add.html HTTP/1.1" 200 30350
116.235.245.21 - - [25/Jan/2024:07:17:04 +0800] "POST /xingrg/kc/base/wldb_order_operate.html HTTP/1.1" 200 6806
116.235.245.21 - - [25/Jan/2024:07:17:04 +0800] "GET /xingrg/javascript/easyui/themes/default/validatebox.css HTTP/1.1" 404 1104
124.78.154.219 - - [25/Jan/2024:07:17:26 +0800] "GET /xingrg/all/function/internal_message.html?_=1706138245663&CODE_STATE=getMsg HTTP/1.1" 200 27
116.235.245.21 - - [25/Jan/2024:07:17:26 +0800] "GET /xingrg/all/function/internal_message.html?_=1706138259969&CODE_STATE=getMsg HTTP/1.1" 200 27
180.163.28.180 - - [25/Jan/2024:07:17:28 +0800] "GET /xingrg/all/function/internal_message.html?_=1706138185675&CODE_STATE=getMsg HTTP/1.1" 302 -
180.163.28.180 - - [25/Jan/2024:07:17:28 +0800] "GET /xingrg/login.html HTTP/1.1" 200 7641
116.235.245.21 - - [25/Jan/2024:07:17:29 +0800] "GET /xingrg/kc/base/wldb_order_operate.html?command=get_materiel&rest_code=00146&base_code=0010332&code=00101029022 HTTP/1.1" 200 474
124.78.68.102 - - [25/Jan/2024:07:17:32 +0800] "GET /xingrg/all/function/internal_message.html?_=1706138252299&CODE_STATE=getMsg HTTP/1.1" 200 27
114.95.241.104 - - [25/Jan/2024:07:17:33 +0800] "GET /xingrg/all/function/internal_message.html?_=1706138253141&CODE_STATE=getMsg HTTP/1.1" 200 27
116.235.245.21 - - [25/Jan/2024:07:17:40 +0800] "POST /xingrg/kc/base/wldb_order_operate.html HTTP/1.1" 200 37
116.235.245.21 - - [25/Jan/2024:07:17:45 +0800] "POST /xingrg/kc/base/wldb_order_operate.html HTTP/1.1" 200 12
116.235.245.21 - - [25/Jan/2024:07:17:46 +0800] "POST /xingrg/kc/base/wldb_order_operate.html HTTP/1.1" 200 2215
218.81.65.124 - - [25/Jan/2024:07:17:46 +0800] "POST /xingrg/services/DataTransmitService HTTP/1.1" 200 524
218.81.65.124 - - [25/Jan/2024:07:17:52 +0800] "GET /xingrg/check_reg.html?_=1706138271494 HTTP/1.1" 200 22
116.235.245.21 - - [25/Jan/2024:07:17:53 +0800] "GET /xingrg/kc/base/wldb_order_info.html?code=422024012502637 HTTP/1.1" 200 26223
116.235.245.21 - - [25/Jan/2024:07:17:54 +0800] "GET /xingrg/check_reg.html?_=1706138288305 HTTP/1.1" 200 22
116.235.245.21 - - [25/Jan/2024:07:17:54 +0800] "GET /xingrg/javascript/easyui/themes/default/validatebox.css HTTP/1.1" 404 1104
116.235.245.21 - - [25/Jan/2024:07:17:55 +0800] "POST /xingrg/kc/base/wldb_order_operate.html HTTP/1.1" 200 507
180.171.56.87 - - [25/Jan/2024:07:17:59 +0800] "GET /xingrg/all/function/internal_message.html?_=1706138287437&CODE_STATE=getMsg HTTP/1.1" 200 27
180.171.56.87 - - [25/Jan/2024:07:17:59 +0800] "GET /xingrg/check_reg.html?_=1706138287441 HTTP/1.1" 200 22
120.253.135.82 - - [25/Jan/2024:07:18:01 +0800] "GET /xingrg/all/function/internal_message.html?_=1706138105699&CODE_STATE=getMsg HTTP/1.1" 200 27
124.78.154.219 - - [25/Jan/2024:07:18:26 +0800] "GET /xingrg/all/function/internal_message.html?_=1706138305618&CODE_STATE=getMsg HTTP/1.1" 200 27
116.235.245.21 - - [25/Jan/2024:07:18:26 +0800] "GET /xingrg/all/function/internal_message.html?_=1706138319982&CODE_STATE=getMsg HTTP/1.1" 200 27
124.78.68.102 - - [25/Jan/2024:07:18:32 +0800] "GET /xingrg/all/function/internal_message.html?_=1706138312274&CODE_STATE=getMsg HTTP/1.1" 200 27
114.95.241.104 - - [25/Jan/2024:07:18:33 +0800] "GET /xingrg/all/function/internal_message.html?_=1706138313141&CODE_STATE=getMsg HTTP/1.1" 200 27
180.171.56.87 - - [25/Jan/2024:07:18:59 +0800] "GET /xingrg/all/function/internal_message.html?_=1706138347441&CODE_STATE=getMsg HTTP/1.1" 200 27
120.253.135.82 - - [25/Jan/2024:07:19:01 +0800] "GET /xingrg/all/function/internal_message.html?_=1706138165701&CODE_STATE=getMsg HTTP/1.1" 200 27
124.78.154.219 - - [25/Jan/2024:07:19:26 +0800] "GET /xingrg/all/function/internal_message.html?_=1706138365588&CODE_STATE=getMsg HTTP/1.1" 200 27
116.235.245.21 - - [25/Jan/2024:07:19:26 +0800] "GET /xingrg/all/function/internal_message.html?_=1706138379997&CODE_STATE=getMsg HTTP/1.1" 200 27
124.78.68.102 - - [25/Jan/2024:07:19:32 +0800] "GET /xingrg/all/function/internal_message.html?_=1706138372256&CODE_STATE=getMsg HTTP/1.1" 200 27
114.95.241.104 - - [25/Jan/2024:07:19:33 +0800] "GET /xingrg/all/function/internal_message.html?_=1706138373133&CODE_STATE=getMsg HTTP/1.1" 200 27
114.95.241.104 - - [25/Jan/2024:07:19:33 +0800] "GET /xingrg/check_reg.html?_=1706138373136 HTTP/1.1" 200 22
120.253.135.82 - - [25/Jan/2024:07:19:48 +0800] "POST /xingrg/kc/buy/cgsh_order_operate.html HTTP/1.1" 200 37
120.253.135.82 - - [25/Jan/2024:07:19:51 +0800] "POST /xingrg/kc/buy/cgsh_order_operate.html HTTP/1.1" 200 2675
120.253.135.82 - - [25/Jan/2024:07:19:55 +0800] "POST /xingrg/kc/buy/cgsh_list_operate.html HTTP/1.1" 200 1871
180.171.56.87 - - [25/Jan/2024:07:19:59 +0800] "GET /xingrg/all/function/internal_message.html?_=1706138407443&CODE_STATE=getMsg HTTP/1.1" 200 27
120.253.135.82 - - [25/Jan/2024:07:20:01 +0800] "GET /xingrg/all/function/internal_message.html?_=1706138225716&CODE_STATE=getMsg HTTP/1.1" 200 27
120.253.135.82 - - [25/Jan/2024:07:20:12 +0800] "GET /xingrg/kc/report/report_main.html HTTP/1.1" 200 8599
120.253.135.82 - - [25/Jan/2024:07:20:13 +0800] "GET /xingrg/kc/base/kc_stocks.html HTTP/1.1" 200 16554
120.253.135.82 - - [25/Jan/2024:07:20:13 +0800] "GET /xingrg/javascript/easyui/themes/default/tree.css HTTP/1.1" 404 1090
120.253.135.82 - - [25/Jan/2024:07:20:13 +0800] "POST /xingrg/all/common/load_tree.html?tree=materiel_sort_tree_json HTTP/1.1" 200 9617
120.253.135.82 - - [25/Jan/2024:07:20:14 +0800] "POST /xingrg/all/common/load_combo.html?type=base HTTP/1.1" 200 1169
116.230.109.177 - - [25/Jan/2024:07:20:19 +0800] "GET /xingrg/check_reg.html?_=1706138364508 HTTP/1.1" 200 22
116.230.109.177 - - [25/Jan/2024:07:20:21 +0800] "GET /xingrg/check_reg.html?_=1706138367175 HTTP/1.1" 200 22
120.253.135.82 - - [25/Jan/2024:07:20:22 +0800] "POST /xingrg/kc/base/stock_operate.html HTTP/1.1" 200 1978
221.239.172.206 - - [25/Jan/2024:07:20:23 +0800] "GET /xingrg/check_reg.html?_=1706138423200 HTTP/1.1" 302 -
124.78.154.219 - - [25/Jan/2024:07:20:26 +0800] "GET /xingrg/all/function/internal_message.html?_=1706138425559&CODE_STATE=getMsg HTTP/1.1" 200 27
116.235.245.21 - - [25/Jan/2024:07:20:27 +0800] "GET /xingrg/all/function/internal_message.html?_=1706138440642&CODE_STATE=getMsg HTTP/1.1" 200 27
124.78.68.102 - - [25/Jan/2024:07:20:32 +0800] "GET /xingrg/all/function/internal_message.html?_=1706138432235&CODE_STATE=getMsg HTTP/1.1" 200 27
114.95.241.104 - - [25/Jan/2024:07:20:33 +0800] "GET /xingrg/all/function/internal_message.html?_=1706138433130&CODE_STATE=getMsg HTTP/1.1" 200 27
120.253.135.82 - - [25/Jan/2024:07:20:39 +0800] "GET /xingrg/kc/pszx/mdps_order_list.html?orderType=0 HTTP/1.1" 200 20995
120.253.135.82 - - [25/Jan/2024:07:20:40 +0800] "POST /xingrg/kc/pszx/mdps_list_operate.html HTTP/1.1" 200 5274
120.253.135.82 - - [25/Jan/2024:07:20:41 +0800] "GET /xingrg/check_reg.html?_=1706138265642 HTTP/1.1" 200 22
120.253.135.82 - - [25/Jan/2024:07:20:42 +0800] "GET /xingrg/kc/pszx/mdps_order_add.html HTTP/1.1" 200 29064
120.253.135.82 - - [25/Jan/2024:07:20:42 +0800] "POST /xingrg/kc/pszx/mdps_order_operate.html HTTP/1.1" 200 7126
120.253.135.82 - - [25/Jan/2024:07:20:43 +0800] "GET /xingrg/javascript/easyui/themes/default/validatebox.css HTTP/1.1" 404 1104
120.253.135.82 - - [25/Jan/2024:07:20:58 +0800] "POST /xingrg/all/common/load_combo.html?type=base HTTP/1.1" 200 1169
180.171.56.87 - - [25/Jan/2024:07:20:59 +0800] "GET /xingrg/all/function/internal_message.html?_=1706138467444&CODE_STATE=getMsg HTTP/1.1" 200 27
120.253.135.82 - - [25/Jan/2024:07:21:01 +0800] "GET /xingrg/all/function/internal_message.html?_=1706138285827&CODE_STATE=getMsg HTTP/1.1" 200 27
120.253.135.82 - - [25/Jan/2024:07:21:15 +0800] "GET /xingrg/kc/pszx/mdps_order_operate.html?command=get_materiel&pszx_code=00101&rest_code=00150&base_code=0010246&code=00101020266 HTTP/1.1" 200 441
124.78.154.219 - - [25/Jan/2024:07:21:26 +0800] "GET /xingrg/all/function/internal_message.html?_=1706138485531&CODE_STATE=getMsg HTTP/1.1" 200 27
116.235.245.21 - - [25/Jan/2024:07:21:27 +0800] "GET /xingrg/all/function/internal_message.html?_=1706138500646&CODE_STATE=getMsg HTTP/1.1" 200 27
124.78.68.102 - - [25/Jan/2024:07:21:31 +0800] "GET /xingrg/check_reg.html?_=1706138492015 HTTP/1.1" 200 22
124.78.68.102 - - [25/Jan/2024:07:21:32 +0800] "GET /xingrg/all/function/internal_message.html?_=1706138492221&CODE_STATE=getMsg HTTP/1.1" 200 27
114.95.241.104 - - [25/Jan/2024:07:21:33 +0800] "GET /xingrg/all/function/internal_message.html?_=1706138493142&CODE_STATE=getMsg HTTP/1.1" 200 27
124.78.154.219 - - [25/Jan/2024:07:21:40 +0800] "GET /xingrg/check_reg.html?_=1706138499418 HTTP/1.1" 200 22
120.253.135.82 - - [25/Jan/2024:07:21:41 +0800] "POST /xingrg/kc/pszx/mdps_order_operate.html HTTP/1.1" 200 37
