124.78.154.219 - - [23/Jan/2024:10:25:27 +0800] "GET /xingrg/kc/buy/cgsh_order_operate.html?command=get_materiel&rest_code=00106&code=00101008354&supplier_code=00100007&order_time=2024-01-23 HTTP/1.1" 200 412
114.95.241.104 - - [23/Jan/2024:10:25:27 +0800] "GET /xingrg/all/function/internal_message.html?_=1705976727029&CODE_STATE=getMsg HTTP/1.1" 200 27
114.83.223.112 - - [23/Jan/2024:10:25:30 +0800] "GET /xingrg/all/function/internal_message.html?_=1705976728359&CODE_STATE=getMsg HTTP/1.1" 200 27
116.232.193.168 - - [23/Jan/2024:10:25:32 +0800] "GET /xingrg/all/function/internal_message.html?_=1705976651694&CODE_STATE=getMsg HTTP/1.1" 200 27
221.239.172.206 - - [23/Jan/2024:10:25:34 +0800] "GET /xingrg/check_reg.html?_=1705976733505 HTTP/1.1" 302 -
180.152.241.32 - - [23/Jan/2024:10:25:35 +0800] "GET /xingrg/all/function/internal_message.html?_=1705976736585&CODE_STATE=getMsg HTTP/1.1" 200 27
124.78.154.219 - - [23/Jan/2024:10:25:38 +0800] "GET /xingrg/kc/buy/cgsh_order_operate.html?command=get_materiel&rest_code=00106&code=00101008283&supplier_code=00100007&order_time=2024-01-23 HTTP/1.1" 200 408
222.70.115.1 - - [23/Jan/2024:10:25:40 +0800] "GET /xingrg/all/function/internal_message.html?_=1705976743979&CODE_STATE=getMsg HTTP/1.1" 200 27
116.235.240.118 - - [23/Jan/2024:10:25:40 +0800] "POST /xingrg/services/DataTransmitService HTTP/1.1" 200 524
116.235.240.118 - - [23/Jan/2024:10:25:41 +0800] "POST /xingrg/services/DataTransmitService HTTP/1.1" 200 2331
124.78.154.219 - - [23/Jan/2024:10:25:41 +0800] "GET /xingrg/all/function/internal_message.html?_=1705976741904&CODE_STATE=getMsg HTTP/1.1" 200 27
101.83.145.37 - - [23/Jan/2024:10:25:42 +0800] "GET /xingrg/all/function/internal_message.html?_=1705976508404&CODE_STATE=getMsg HTTP/1.1" 200 27
116.235.240.118 - - [23/Jan/2024:10:25:42 +0800] "POST /xingrg/services/DataTransmitService HTTP/1.1" 200 181527
101.83.145.37 - - [23/Jan/2024:10:25:44 +0800] "GET /xingrg/check_reg.html?_=1705976509779 HTTP/1.1" 200 22
114.95.241.104 - - [23/Jan/2024:10:25:48 +0800] "GET /xingrg/all/function/internal_message.html?_=1705976748702&CODE_STATE=getMsg HTTP/1.1" 200 27
172.20.0.100 - - [23/Jan/2024:10:25:53 +0800] "GET /xingrg/all/function/internal_message.html?_=1705976757521&CODE_STATE=getMsg HTTP/1.1" 200 27
180.169.147.146 - - [23/Jan/2024:10:25:53 +0800] "GET /xingrg/all/function/internal_message.html?_=1705976753720&CODE_STATE=getMsg HTTP/1.1" 200 27
120.253.135.82 - - [23/Jan/2024:10:25:55 +0800] "GET /xingrg/all/function/internal_message.html?_=1705976579042&CODE_STATE=getMsg HTTP/1.1" 200 27
180.163.28.143 - - [23/Jan/2024:10:25:56 +0800] "GET /xingrg/all/function/internal_message.html?_=1705976695832&CODE_STATE=getMsg HTTP/1.1" 302 -
124.78.154.219 - - [23/Jan/2024:10:25:56 +0800] "GET /xingrg/all/function/internal_message.html?_=1705976755824&CODE_STATE=getMsg HTTP/1.1" 200 27
180.163.28.143 - - [23/Jan/2024:10:25:56 +0800] "GET /xingrg/login.html HTTP/1.1" 200 7641
116.232.193.168 - - [23/Jan/2024:10:25:57 +0800] "GET /xingrg/all/function/internal_message.html?_=1705976676161&CODE_STATE=getMsg HTTP/1.1" 200 27
116.232.193.168 - - [23/Jan/2024:10:25:57 +0800] "GET /xingrg/all/function/internal_message.html?_=1705976676351&CODE_STATE=getMsg HTTP/1.1" 200 27
124.78.154.219 - - [23/Jan/2024:10:25:57 +0800] "GET /xingrg/kc/buy/cgsh_order_operate.html?command=get_materiel&rest_code=00106&code=00101008096&supplier_code=00100007&order_time=2024-01-23 HTTP/1.1" 200 412
124.78.154.219 - - [23/Jan/2024:10:25:58 +0800] "POST /xingrg/kc/base/check_list_operate.html HTTP/1.1" 200 4
180.169.147.146 - - [23/Jan/2024:10:25:59 +0800] "GET /xingrg/all/function/internal_message.html?_=1705976758724&CODE_STATE=getMsg HTTP/1.1" 200 27
124.78.154.219 - - [23/Jan/2024:10:26:01 +0800] "POST /xingrg/kc/base/check_list_operate.html HTTP/1.1" 200 2650
180.169.147.146 - - [23/Jan/2024:10:26:01 +0800] "GET /xingrg/all/function/internal_message.html?_=1705976762021&CODE_STATE=getMsg HTTP/1.1" 200 27
180.169.147.146 - - [23/Jan/2024:10:26:02 +0800] "POST /xingrg/kc/base/check_list_operate.html HTTP/1.1" 200 5439
222.69.132.177 - - [23/Jan/2024:10:26:03 +0800] "GET /xingrg/all/function/internal_message.html?_=1705976763962&CODE_STATE=getMsg HTTP/1.1" 200 27
101.83.145.37 - - [23/Jan/2024:10:26:06 +0800] "GET /xingrg/all/function/internal_message.html?_=1705976765639&CODE_STATE=getMsg HTTP/1.1" 200 27
116.230.123.222 - - [23/Jan/2024:10:26:10 +0800] "GET /xingrg/all/function/internal_message.html?_=1705976769902&CODE_STATE=getMsg HTTP/1.1" 200 27
180.169.147.146 - - [23/Jan/2024:10:26:12 +0800] "POST /xingrg/kc/base/check_list_operate.html HTTP/1.1" 200 81
180.163.28.109 - - [23/Jan/2024:10:26:13 +0800] "GET /xingrg/kc/buy/cgsh_order_operate.html?command=get_materiel&rest_code=00106&code=00101008331&supplier_code=00100007&order_time=2024-01-23 HTTP/1.1" 302 -
180.163.28.109 - - [23/Jan/2024:10:26:13 +0800] "GET /xingrg/login.html HTTP/1.1" 200 7641
124.78.154.219 - - [23/Jan/2024:10:26:13 +0800] "GET /xingrg/kc/buy/cgsh_order_operate.html?command=get_materiel&rest_code=00106&code=00101008141&supplier_code=00100007&order_time=2024-01-23 HTTP/1.1" 200 412
101.228.146.191 - - [23/Jan/2024:10:26:14 +0800] "GET /xingrg/all/function/internal_message.html?_=1705976772234&CODE_STATE=getMsg HTTP/1.1" 200 27
124.78.68.102 - - [23/Jan/2024:10:26:19 +0800] "GET /xingrg/all/function/internal_message.html?_=1705976779950&CODE_STATE=getMsg HTTP/1.1" 200 27
124.78.154.219 - - [23/Jan/2024:10:26:24 +0800] "GET /xingrg/kc/buy/cgsh_order_operate.html?command=get_materiel&rest_code=00106&code=00101008361&supplier_code=00100007&order_time=2024-01-23 HTTP/1.1" 200 408
180.171.56.87 - - [23/Jan/2024:10:26:24 +0800] "GET /xingrg/all/function/internal_message.html?_=1705976788928&CODE_STATE=getMsg HTTP/1.1" 200 27
124.78.154.219 - - [23/Jan/2024:10:26:25 +0800] "POST /xingrg/kc/base/check_list_operate.html HTTP/1.1" 200 4
116.235.240.118 - - [23/Jan/2024:10:26:25 +0800] "GET /xingrg/all/function/internal_message.html?_=1705976791136&CODE_STATE=getMsg HTTP/1.1" 200 27
180.169.147.146 - - [23/Jan/2024:10:26:27 +0800] "GET /xingrg/kc/cost/cost_list.html HTTP/1.1" 200 6093
180.169.147.146 - - [23/Jan/2024:10:26:27 +0800] "GET /xingrg/css/blue.css HTTP/1.1" 200 15949
180.169.147.146 - - [23/Jan/2024:10:26:27 +0800] "GET /xingrg/css/table.css HTTP/1.1" 200 3684
180.169.147.146 - - [23/Jan/2024:10:26:27 +0800] "GET /xingrg/dwr/interface/AjaxReportQueryService.js HTTP/1.1" 200 13203
180.169.147.146 - - [23/Jan/2024:10:26:27 +0800] "GET /xingrg/javascript/step/step.css HTTP/1.1" 200 999
180.169.147.146 - - [23/Jan/2024:10:26:27 +0800] "GET /xingrg/dwr/engine.js HTTP/1.1" 200 43631
180.169.147.146 - - [23/Jan/2024:10:26:27 +0800] "GET /xingrg/dwr/util.js HTTP/1.1" 200 35990
180.169.147.146 - - [23/Jan/2024:10:26:27 +0800] "GET /xingrg/javascript/myfunction.js HTTP/1.1" 200 24559
180.169.147.146 - - [23/Jan/2024:10:26:27 +0800] "GET /xingrg/javascript/jquery_easy_ui/themes/icons/edit_remove.png HTTP/1.1" 200 625
180.169.147.146 - - [23/Jan/2024:10:26:27 +0800] "GET /xingrg/javascript/jquery_easy_ui/themes/icons/edit_add.png HTTP/1.1" 200 1088
180.169.147.146 - - [23/Jan/2024:10:26:27 +0800] "GET /xingrg/javascript/jquery_easy_ui/themes/default/images/datagrid_header_bg.gif HTTP/1.1" 200 97
180.169.147.146 - - [23/Jan/2024:10:26:27 +0800] "GET /xingrg/javascript/jquery_easy_ui/themes/default/images/pagination_loading.gif HTTP/1.1" 200 1737
180.169.147.146 - - [23/Jan/2024:10:26:27 +0800] "GET /xingrg/javascript/jquery_easy_ui/themes/icons/pencil.png HTTP/1.1" 200 713
114.95.241.104 - - [23/Jan/2024:10:26:27 +0800] "GET /xingrg/all/function/internal_message.html?_=1705976787020&CODE_STATE=getMsg HTTP/1.1" 200 27
180.169.147.146 - - [23/Jan/2024:10:26:27 +0800] "GET /xingrg/kc/cost/cost_operate.html?_=1705976787711&command=load_cost_list HTTP/1.1" 200 11936
180.169.147.146 - - [23/Jan/2024:10:26:30 +0800] "GET /xingrg/javascript/jquery_easy_ui/themes/default/images/button_plain_hover.png HTTP/1.1" 200 252
114.83.223.112 - - [23/Jan/2024:10:26:30 +0800] "GET /xingrg/all/function/internal_message.html?_=1705976788359&CODE_STATE=getMsg HTTP/1.1" 200 27
116.232.193.168 - - [23/Jan/2024:10:26:32 +0800] "GET /xingrg/all/function/internal_message.html?_=1705976711671&CODE_STATE=getMsg HTTP/1.1" 200 27
124.78.154.219 - - [23/Jan/2024:10:26:34 +0800] "GET /xingrg/kc/buy/cgsh_order_operate.html?command=get_materiel&rest_code=00106&code=00101008355&supplier_code=00100007&order_time=2024-01-23 HTTP/1.1" 200 408
180.152.241.32 - - [23/Jan/2024:10:26:35 +0800] "GET /xingrg/check_reg.html?_=1705976796572 HTTP/1.1" 200 22
180.152.241.32 - - [23/Jan/2024:10:26:35 +0800] "GET /xingrg/all/function/internal_message.html?_=1705976796573&CODE_STATE=getMsg HTTP/1.1" 200 27
222.70.115.1 - - [23/Jan/2024:10:26:40 +0800] "GET /xingrg/all/function/internal_message.html?_=1705976803982&CODE_STATE=getMsg HTTP/1.1" 200 27
116.235.240.118 - - [23/Jan/2024:10:26:40 +0800] "POST /xingrg/services/DataTransmitService HTTP/1.1" 200 524
124.78.68.102 - - [23/Jan/2024:10:26:41 +0800] "GET /xingrg/check_reg.html?_=1705976801829 HTTP/1.1" 200 22
101.83.145.37 - - [23/Jan/2024:10:26:42 +0800] "GET /xingrg/all/function/internal_message.html?_=1705976568375&CODE_STATE=getMsg HTTP/1.1" 200 27
180.169.147.146 - - [23/Jan/2024:10:26:43 +0800] "GET /xingrg/check_reg.html?_=1705976803117 HTTP/1.1" 200 22
124.78.154.219 - - [23/Jan/2024:10:26:44 +0800] "GET /xingrg/kc/buy/cgsh_order_operate.html?command=get_materiel&rest_code=00106&code=00101008286&supplier_code=00100007&order_time=2024-01-23 HTTP/1.1" 200 408
114.95.241.104 - - [23/Jan/2024:10:26:48 +0800] "GET /xingrg/all/function/internal_message.html?_=1705976808717&CODE_STATE=getMsg HTTP/1.1" 200 27
172.20.0.100 - - [23/Jan/2024:10:26:53 +0800] "GET /xingrg/check_reg.html?_=1705976817530 HTTP/1.1" 200 22
172.20.0.100 - - [23/Jan/2024:10:26:53 +0800] "GET /xingrg/all/function/internal_message.html?_=1705976817531&CODE_STATE=getMsg HTTP/1.1" 200 27
180.169.147.146 - - [23/Jan/2024:10:26:53 +0800] "GET /xingrg/all/function/internal_message.html?_=1705976813699&CODE_STATE=getMsg HTTP/1.1" 200 27
172.20.0.100 - - [23/Jan/2024:10:26:53 +0800] "GET /xingrg/all/report/report_query.html?fileName=kc/base/kc_ck_db_cate.xml HTTP/1.1" 200 54081
172.20.0.100 - - [23/Jan/2024:10:26:53 +0800] "GET /xingrg/dwr/interface/AjaxReportQueryService.js HTTP/1.1" 200 13203
172.20.0.100 - - [23/Jan/2024:10:26:53 +0800] "GET /xingrg/dwr/engine.js HTTP/1.1" 200 43631
172.20.0.100 - - [23/Jan/2024:10:26:54 +0800] "POST /xingrg/dwr/call/plaincall/AjaxReportQueryService.getFixDate.dwr HTTP/1.1" 200 111
172.20.0.100 - - [23/Jan/2024:10:26:54 +0800] "POST /xingrg/dwr/call/plaincall/AjaxReportQueryService.getInitString.dwr HTTP/1.1" 200 489
172.20.0.100 - - [23/Jan/2024:10:26:54 +0800] "POST /xingrg/dwr/call/plaincall/AjaxReportQueryService.getInitString.dwr HTTP/1.1" 200 489
172.20.0.100 - - [23/Jan/2024:10:26:54 +0800] "POST /xingrg/all/common/load_tree.html?tree=materiel_sort_tree_json HTTP/1.1" 200 9617
120.253.135.82 - - [23/Jan/2024:10:26:55 +0800] "GET /xingrg/all/function/internal_message.html?_=1705976639049&CODE_STATE=getMsg HTTP/1.1" 200 27
180.163.29.206 - - [23/Jan/2024:10:26:56 +0800] "GET /xingrg/all/function/internal_message.html?_=1705976755824&CODE_STATE=getMsg HTTP/1.1" 302 -
180.163.29.206 - - [23/Jan/2024:10:26:56 +0800] "GET /xingrg/login.html HTTP/1.1" 200 7641
124.78.154.219 - - [23/Jan/2024:10:26:56 +0800] "GET /xingrg/check_reg.html?_=1705976815835 HTTP/1.1" 200 22
124.78.154.219 - - [23/Jan/2024:10:26:56 +0800] "GET /xingrg/all/function/internal_message.html?_=1705976815834&CODE_STATE=getMsg HTTP/1.1" 200 27
116.232.193.168 - - [23/Jan/2024:10:26:57 +0800] "GET /xingrg/all/function/internal_message.html?_=1705976736177&CODE_STATE=getMsg HTTP/1.1" 200 27
116.232.193.168 - - [23/Jan/2024:10:26:57 +0800] "GET /xingrg/check_reg.html?_=1705976736179 HTTP/1.1" 200 22
116.232.193.168 - - [23/Jan/2024:10:26:57 +0800] "GET /xingrg/all/function/internal_message.html?_=1705976736367&CODE_STATE=getMsg HTTP/1.1" 200 27
116.232.193.168 - - [23/Jan/2024:10:26:57 +0800] "GET /xingrg/check_reg.html?_=1705976736369 HTTP/1.1" 200 22
180.169.147.146 - - [23/Jan/2024:10:26:59 +0800] "GET /xingrg/all/function/internal_message.html?_=1705976818715&CODE_STATE=getMsg HTTP/1.1" 200 27
180.169.147.146 - - [23/Jan/2024:10:26:59 +0800] "POST /xingrg/kc/cost/cost_operate.html HTTP/1.1" 200 4
172.20.0.100 - - [23/Jan/2024:10:27:00 +0800] "GET /xingrg/all/report/report_query.html?fileName=kc/base/wldb_base.xml HTTP/1.1" 200 51069
172.20.0.100 - - [23/Jan/2024:10:27:00 +0800] "GET /xingrg/dwr/interface/AjaxReportQueryService.js HTTP/1.1" 200 13203
172.20.0.100 - - [23/Jan/2024:10:27:00 +0800] "GET /xingrg/dwr/engine.js HTTP/1.1" 200 43631
172.20.0.100 - - [23/Jan/2024:10:27:00 +0800] "POST /xingrg/dwr/call/plaincall/AjaxReportQueryService.getFixDate.dwr HTTP/1.1" 200 111
172.20.0.100 - - [23/Jan/2024:10:27:00 +0800] "POST /xingrg/dwr/call/plaincall/AjaxReportQueryService.getInitString.dwr HTTP/1.1" 200 489
172.20.0.100 - - [23/Jan/2024:10:27:00 +0800] "POST /xingrg/dwr/call/plaincall/AjaxReportQueryService.getInitString.dwr HTTP/1.1" 200 489
172.20.0.100 - - [23/Jan/2024:10:27:01 +0800] "POST /xingrg/all/common/load_tree.html?tree=materiel_sort_tree_json HTTP/1.1" 200 9617
180.169.147.146 - - [23/Jan/2024:10:27:01 +0800] "GET /xingrg/all/function/internal_message.html?_=1705976822020&CODE_STATE=getMsg HTTP/1.1" 200 27
222.69.132.177 - - [23/Jan/2024:10:27:03 +0800] "GET /xingrg/all/function/internal_message.html?_=1705976823942&CODE_STATE=getMsg HTTP/1.1" 200 27
172.20.0.100 - - [23/Jan/2024:10:27:03 +0800] "POST /xingrg/dwr/call/plaincall/AjaxReportQueryService.refreshCache.dwr HTTP/1.1" 200 78
124.78.154.219 - - [23/Jan/2024:10:27:04 +0800] "GET /xingrg/kc/buy/cgsh_order_operate.html?command=get_materiel&rest_code=00106&code=00101008368&supplier_code=00100007&order_time=2024-01-23 HTTP/1.1" 200 408
172.20.0.100 - - [23/Jan/2024:10:27:05 +0800] "POST /xingrg/all/report/load_report_page.html HTTP/1.1" 200 24847
172.20.0.100 - - [23/Jan/2024:10:27:05 +0800] "GET /xingrg/servlets/image?cache=0.9413977158201567&image=px HTTP/1.1" 200 807
101.83.145.37 - - [23/Jan/2024:10:27:06 +0800] "GET /xingrg/all/function/internal_message.html?_=1705976825642&CODE_STATE=getMsg HTTP/1.1" 200 27
124.78.154.219 - - [23/Jan/2024:10:27:08 +0800] "GET /xingrg/all/function/internal_message.html?_=1705976828471&CODE_STATE=getMsg HTTP/1.1" 200 27
124.78.154.219 - - [23/Jan/2024:10:27:08 +0800] "POST /xingrg/kc/base/check_list_operate.html HTTP/1.1" 200 781
172.20.0.100 - - [23/Jan/2024:10:27:09 +0800] "GET /xingrg/all/report/report_query.html?fileName=kc/base/kc_ck_db_cate.xml HTTP/1.1" 200 54081
172.20.0.100 - - [23/Jan/2024:10:27:09 +0800] "GET /xingrg/dwr/interface/AjaxReportQueryService.js HTTP/1.1" 200 13203
172.20.0.100 - - [23/Jan/2024:10:27:09 +0800] "GET /xingrg/dwr/engine.js HTTP/1.1" 200 43631
172.20.0.100 - - [23/Jan/2024:10:27:09 +0800] "POST /xingrg/dwr/call/plaincall/AjaxReportQueryService.getFixDate.dwr HTTP/1.1" 200 111
172.20.0.100 - - [23/Jan/2024:10:27:09 +0800] "POST /xingrg/dwr/call/plaincall/AjaxReportQueryService.getInitString.dwr HTTP/1.1" 200 489
172.20.0.100 - - [23/Jan/2024:10:27:09 +0800] "POST /xingrg/dwr/call/plaincall/AjaxReportQueryService.getInitString.dwr HTTP/1.1" 200 489
172.20.0.100 - - [23/Jan/2024:10:27:09 +0800] "POST /xingrg/all/common/load_tree.html?tree=materiel_sort_tree_json HTTP/1.1" 200 9617
116.230.123.222 - - [23/Jan/2024:10:27:10 +0800] "GET /xingrg/all/function/internal_message.html?_=1705976829881&CODE_STATE=getMsg HTTP/1.1" 200 27
116.230.123.222 - - [23/Jan/2024:10:27:10 +0800] "GET /xingrg/check_reg.html?_=1705976830320 HTTP/1.1" 200 22
172.20.0.100 - - [23/Jan/2024:10:27:11 +0800] "POST /xingrg/dwr/call/plaincall/AjaxReportQueryService.refreshCache.dwr HTTP/1.1" 200 78
124.78.154.219 - - [23/Jan/2024:10:27:12 +0800] "POST /xingrg/kc/base/check_list_operate.html HTTP/1.1" 200 4721
172.20.0.100 - - [23/Jan/2024:10:27:12 +0800] "POST /xingrg/all/report/load_report_page.html HTTP/1.1" 200 5715
172.20.0.100 - - [23/Jan/2024:10:27:12 +0800] "GET /xingrg/servlets/image?cache=0.8616432941635727&image=px HTTP/1.1" 200 807
101.228.146.191 - - [23/Jan/2024:10:27:14 +0800] "GET /xingrg/all/function/internal_message.html?_=1705976832234&CODE_STATE=getMsg HTTP/1.1" 200 27
124.78.154.219 - - [23/Jan/2024:10:27:16 +0800] "GET /xingrg/kc/buy/cgsh_order_operate.html?command=get_materiel&rest_code=00106&code=00101008131&supplier_code=00100007&order_time=2024-01-23 HTTP/1.1" 200 408
124.78.154.219 - - [23/Jan/2024:10:27:18 +0800] "POST /xingrg/kc/base/check_list_operate.html HTTP/1.1" 200 3543
124.78.68.102 - - [23/Jan/2024:10:27:19 +0800] "GET /xingrg/all/function/internal_message.html?_=1705976839931&CODE_STATE=getMsg HTTP/1.1" 200 27
180.171.56.87 - - [23/Jan/2024:10:27:24 +0800] "GET /xingrg/check_reg.html?_=1705976848929 HTTP/1.1" 200 22
180.171.56.87 - - [23/Jan/2024:10:27:24 +0800] "GET /xingrg/all/function/internal_message.html?_=1705976848933&CODE_STATE=getMsg HTTP/1.1" 200 27
116.235.240.118 - - [23/Jan/2024:10:27:24 +0800] "GET /xingrg/check_reg.html?_=1705976850446 HTTP/1.1" 200 22
124.78.154.219 - - [23/Jan/2024:10:27:24 +0800] "GET /xingrg/kc/buy/cgsh_order_operate.html?command=get_materiel&rest_code=00106&code=00101008318&supplier_code=00100007&order_time=2024-01-23 HTTP/1.1" 200 408
116.235.240.118 - - [23/Jan/2024:10:27:25 +0800] "GET /xingrg/all/function/internal_message.html?_=1705976851146&CODE_STATE=getMsg HTTP/1.1" 200 27
114.95.241.104 - - [23/Jan/2024:10:27:27 +0800] "GET /xingrg/check_reg.html?_=1705976847012 HTTP/1.1" 200 22
114.95.241.104 - - [23/Jan/2024:10:27:27 +0800] "GET /xingrg/all/function/internal_message.html?_=1705976847015&CODE_STATE=getMsg HTTP/1.1" 200 27
116.232.193.168 - - [23/Jan/2024:10:27:27 +0800] "GET /xingrg/check_reg.html?_=1705976766676 HTTP/1.1" 200 22
114.83.223.112 - - [23/Jan/2024:10:27:30 +0800] "GET /xingrg/all/function/internal_message.html?_=1705976848359&CODE_STATE=getMsg HTTP/1.1" 200 27
124.78.154.219 - - [23/Jan/2024:10:27:32 +0800] "GET /xingrg/kc/buy/cgsh_order_operate.html?command=get_materiel&rest_code=00106&code=00101008352&supplier_code=00100007&order_time=2024-01-23 HTTP/1.1" 200 412
116.232.193.168 - - [23/Jan/2024:10:27:32 +0800] "GET /xingrg/all/function/internal_message.html?_=1705976771653&CODE_STATE=getMsg HTTP/1.1" 200 27
180.152.241.32 - - [23/Jan/2024:10:27:35 +0800] "GET /xingrg/all/function/internal_message.html?_=1705976856590&CODE_STATE=getMsg HTTP/1.1" 200 27
222.70.115.1 - - [23/Jan/2024:10:27:40 +0800] "GET /xingrg/all/function/internal_message.html?_=1705976863984&CODE_STATE=getMsg HTTP/1.1" 200 27
101.83.145.37 - - [23/Jan/2024:10:27:42 +0800] "GET /xingrg/all/function/internal_message.html?_=1705976628359&CODE_STATE=getMsg HTTP/1.1" 200 27
114.95.241.104 - - [23/Jan/2024:10:27:48 +0800] "GET /xingrg/check_reg.html?_=1705976868717 HTTP/1.1" 200 22
114.95.241.104 - - [23/Jan/2024:10:27:48 +0800] "GET /xingrg/all/function/internal_message.html?_=1705976868718&CODE_STATE=getMsg HTTP/1.1" 200 27
124.78.154.219 - - [23/Jan/2024:10:27:49 +0800] "POST /xingrg/kc/buy/cgsh_order_operate.html HTTP/1.1" 200 37
124.78.154.219 - - [23/Jan/2024:10:27:51 +0800] "POST /xingrg/kc/buy/cgsh_order_operate.html HTTP/1.1" 200 9151
172.20.0.100 - - [23/Jan/2024:10:27:53 +0800] "GET /xingrg/all/function/internal_message.html?_=1705976877523&CODE_STATE=getMsg HTTP/1.1" 200 27
120.253.135.82 - - [23/Jan/2024:10:27:55 +0800] "GET /xingrg/check_reg.html?_=1705976699007 HTTP/1.1" 200 22
120.253.135.82 - - [23/Jan/2024:10:27:55 +0800] "GET /xingrg/all/function/internal_message.html?_=1705976699062&CODE_STATE=getMsg HTTP/1.1" 200 27
180.163.29.219 - - [23/Jan/2024:10:27:56 +0800] "GET /xingrg/all/function/internal_message.html?_=1705976815834&CODE_STATE=getMsg HTTP/1.1" 302 -
124.78.154.219 - - [23/Jan/2024:10:27:56 +0800] "GET /xingrg/all/function/internal_message.html?_=1705976875822&CODE_STATE=getMsg HTTP/1.1" 200 27
180.163.29.219 - - [23/Jan/2024:10:27:56 +0800] "GET /xingrg/login.html HTTP/1.1" 200 7641
116.232.193.168 - - [23/Jan/2024:10:27:57 +0800] "GET /xingrg/all/function/internal_message.html?_=1705976796172&CODE_STATE=getMsg HTTP/1.1" 200 27
116.232.193.168 - - [23/Jan/2024:10:27:57 +0800] "GET /xingrg/all/function/internal_message.html?_=1705976796344&CODE_STATE=getMsg HTTP/1.1" 200 27
180.169.147.146 - - [23/Jan/2024:10:27:59 +0800] "GET /xingrg/all/function/internal_message.html?_=1705976878725&CODE_STATE=getMsg HTTP/1.1" 200 27
124.78.154.219 - - [23/Jan/2024:10:27:59 +0800] "GET /xingrg/kc/buy/cgsh_order_operate.html?command=get_materiel&rest_code=00106&code=00101008353&supplier_code=00100007&order_time=2024-01-23 HTTP/1.1" 200 408
116.232.193.168 - - [23/Jan/2024:10:28:00 +0800] "POST /xingrg/services/DataTransmitService HTTP/1.1" 200 524
116.235.93.185 - - [23/Jan/2024:10:28:00 +0800] "POST /xingrg/services/DataTransmitService HTTP/1.1" 200 524
116.235.240.118 - - [23/Jan/2024:10:28:00 +0800] "POST /xingrg/services/DataTransmitService HTTP/1.1" 200 501
180.169.147.146 - - [23/Jan/2024:10:28:01 +0800] "GET /xingrg/check_reg.html?_=1705976882014 HTTP/1.1" 200 22
180.169.147.146 - - [23/Jan/2024:10:28:01 +0800] "GET /xingrg/all/function/internal_message.html?_=1705976882017&CODE_STATE=getMsg HTTP/1.1" 200 27
222.69.132.177 - - [23/Jan/2024:10:28:03 +0800] "GET /xingrg/all/function/internal_message.html?_=1705976883926&CODE_STATE=getMsg HTTP/1.1" 200 27
101.83.145.37 - - [23/Jan/2024:10:28:06 +0800] "GET /xingrg/all/function/internal_message.html?_=1705976885642&CODE_STATE=getMsg HTTP/1.1" 200 27
101.83.145.37 - - [23/Jan/2024:10:28:06 +0800] "GET /xingrg/check_reg.html?_=1705976885646 HTTP/1.1" 200 22
124.78.154.219 - - [23/Jan/2024:10:28:08 +0800] "GET /xingrg/all/function/internal_message.html?_=1705976888442&CODE_STATE=getMsg HTTP/1.1" 200 27
116.235.240.118 - - [23/Jan/2024:10:28:09 +0800] "POST /xingrg/services/DataTransmitService HTTP/1.1" 200 524
116.230.123.222 - - [23/Jan/2024:10:28:10 +0800] "GET /xingrg/all/function/internal_message.html?_=1705976889864&CODE_STATE=getMsg HTTP/1.1" 200 27
116.235.240.118 - - [23/Jan/2024:10:28:11 +0800] "POST /xingrg/services/DataTransmitService HTTP/1.1" 200 412
116.235.240.118 - - [23/Jan/2024:10:28:12 +0800] "POST /xingrg/services/DataTransmitService HTTP/1.1" 200 524
116.235.240.118 - - [23/Jan/2024:10:28:13 +0800] "POST /xingrg/services/DataTransmitService HTTP/1.1" 200 2331
101.228.146.191 - - [23/Jan/2024:10:28:14 +0800] "GET /xingrg/check_reg.html?_=1705976892259 HTTP/1.1" 200 22
101.228.146.191 - - [23/Jan/2024:10:28:14 +0800] "GET /xingrg/all/function/internal_message.html?_=1705976892261&CODE_STATE=getMsg HTTP/1.1" 200 27
116.232.193.168 - - [23/Jan/2024:10:28:18 +0800] "GET /favicon.ico HTTP/1.1" 404 -
124.78.68.102 - - [23/Jan/2024:10:28:19 +0800] "GET /xingrg/all/function/internal_message.html?_=1705976899914&CODE_STATE=getMsg HTTP/1.1" 200 27
116.235.240.118 - - [23/Jan/2024:10:28:23 +0800] "POST /xingrg/services/DataTransmitService HTTP/1.1" 200 524
180.171.56.87 - - [23/Jan/2024:10:28:24 +0800] "GET /xingrg/all/function/internal_message.html?_=1705976908933&CODE_STATE=getMsg HTTP/1.1" 200 27
116.235.240.118 - - [23/Jan/2024:10:28:25 +0800] "GET /xingrg/all/function/internal_message.html?_=1705976911160&CODE_STATE=getMsg HTTP/1.1" 200 27
114.95.241.104 - - [23/Jan/2024:10:28:27 +0800] "GET /xingrg/all/function/internal_message.html?_=1705976907027&CODE_STATE=getMsg HTTP/1.1" 200 27
114.83.223.112 - - [23/Jan/2024:10:28:30 +0800] "GET /xingrg/all/function/internal_message.html?_=1705976908380&CODE_STATE=getMsg HTTP/1.1" 200 27
114.83.223.112 - - [23/Jan/2024:10:28:30 +0800] "GET /xingrg/check_reg.html?_=1705976908383 HTTP/1.1" 200 22
116.230.123.222 - - [23/Jan/2024:10:28:30 +0800] "GET /xingrg/kc/buy/cgsh_order_operate.html?command=get_materiel&rest_code=00111&code=00101008123&supplier_code=00100037&order_time=2024-01-23 HTTP/1.1" 200 412
116.232.193.168 - - [23/Jan/2024:10:28:32 +0800] "GET /xingrg/all/function/internal_message.html?_=1705976831630&CODE_STATE=getMsg HTTP/1.1" 200 27
180.152.241.32 - - [23/Jan/2024:10:28:35 +0800] "GET /xingrg/all/function/internal_message.html?_=1705976916564&CODE_STATE=getMsg HTTP/1.1" 200 27
116.235.240.118 - - [23/Jan/2024:10:28:36 +0800] "POST /xingrg/services/DataTransmitService HTTP/1.1" 200 501
124.78.154.219 - - [23/Jan/2024:10:28:36 +0800] "GET /xingrg/kc/buy/cgsh_order_operate.html?command=get_materiel&rest_code=00106&code=00101008321&supplier_code=00100007&order_time=2024-01-23 HTTP/1.1" 200 412
116.230.123.222 - - [23/Jan/2024:10:28:39 +0800] "GET /xingrg/kc/buy/cgsh_order_operate.html?command=get_materiel&rest_code=00111&code=00101008704&supplier_code=00100037&order_time=2024-01-23 HTTP/1.1" 200 409
222.70.115.1 - - [23/Jan/2024:10:28:40 +0800] "GET /xingrg/all/function/internal_message.html?_=1705976923986&CODE_STATE=getMsg HTTP/1.1" 200 27
222.70.115.1 - - [23/Jan/2024:10:28:40 +0800] "GET /xingrg/check_reg.html?_=1705976923987 HTTP/1.1" 200 22
101.83.145.37 - - [23/Jan/2024:10:28:42 +0800] "GET /xingrg/all/function/internal_message.html?_=1705976688344&CODE_STATE=getMsg HTTP/1.1" 200 27
116.235.240.118 - - [23/Jan/2024:10:28:44 +0800] "POST /xingrg/services/DataTransmitService HTTP/1.1" 200 524
116.235.240.118 - - [23/Jan/2024:10:28:46 +0800] "POST /xingrg/services/DataTransmitService HTTP/1.1" 200 412
180.169.147.146 - - [23/Jan/2024:10:28:46 +0800] "GET /xingrg/all/function/internal_message.html?_=1705976926946&CODE_STATE=getMsg HTTP/1.1" 200 27
180.169.147.146 - - [23/Jan/2024:10:28:47 +0800] "GET /xingrg/kc/cost/cost_operate.html?_=1705976926948&command=load_cost_list HTTP/1.1" 200 11738
116.235.240.118 - - [23/Jan/2024:10:28:47 +0800] "POST /xingrg/services/DataTransmitService HTTP/1.1" 200 524
116.230.123.222 - - [23/Jan/2024:10:28:47 +0800] "GET /xingrg/kc/buy/cgsh_order_operate.html?command=get_materiel&rest_code=00111&code=00101008509&supplier_code=00100037&order_time=2024-01-23 HTTP/1.1" 200 409
116.235.240.118 - - [23/Jan/2024:10:28:48 +0800] "POST /xingrg/services/DataTransmitService HTTP/1.1" 200 2331
114.95.241.104 - - [23/Jan/2024:10:28:48 +0800] "GET /xingrg/all/function/internal_message.html?_=1705976928705&CODE_STATE=getMsg HTTP/1.1" 200 27
172.20.0.100 - - [23/Jan/2024:10:28:53 +0800] "GET /xingrg/all/function/internal_message.html?_=1705976937529&CODE_STATE=getMsg HTTP/1.1" 200 27
180.163.28.114 - - [23/Jan/2024:10:28:55 +0800] "GET /xingrg/kc/buy/cgsh_order_operate.html?command=get_materiel&rest_code=00106&code=00101008353&supplier_code=00100007&order_time=2024-01-23 HTTP/1.1" 302 -
120.253.135.82 - - [23/Jan/2024:10:28:55 +0800] "GET /xingrg/all/function/internal_message.html?_=1705976759076&CODE_STATE=getMsg HTTP/1.1" 200 27
180.163.28.114 - - [23/Jan/2024:10:28:55 +0800] "GET /xingrg/login.html HTTP/1.1" 200 7641
124.78.154.219 - - [23/Jan/2024:10:28:56 +0800] "GET /xingrg/all/function/internal_message.html?_=1705976935836&CODE_STATE=getMsg HTTP/1.1" 200 27
116.235.240.118 - - [23/Jan/2024:10:28:56 +0800] "POST /xingrg/services/DataTransmitService HTTP/1.1" 200 524
116.232.193.168 - - [23/Jan/2024:10:28:57 +0800] "GET /xingrg/all/function/internal_message.html?_=1705976856162&CODE_STATE=getMsg HTTP/1.1" 200 27
116.232.193.168 - - [23/Jan/2024:10:28:57 +0800] "GET /xingrg/all/function/internal_message.html?_=1705976856353&CODE_STATE=getMsg HTTP/1.1" 200 27
180.169.147.146 - - [23/Jan/2024:10:28:59 +0800] "GET /xingrg/check_reg.html?_=1705976938728 HTTP/1.1" 200 22
180.169.147.146 - - [23/Jan/2024:10:28:59 +0800] "GET /xingrg/all/function/internal_message.html?_=1705976938731&CODE_STATE=getMsg HTTP/1.1" 200 27
124.78.154.219 - - [23/Jan/2024:10:29:00 +0800] "POST /xingrg/kc/buy/cgsh_order_operate.html HTTP/1.1" 200 37
180.169.147.146 - - [23/Jan/2024:10:29:01 +0800] "GET /xingrg/kc/base/check_order_list.html HTTP/1.1" 200 16387
180.169.147.146 - - [23/Jan/2024:10:29:01 +0800] "POST /xingrg/kc/base/check_list_operate.html HTTP/1.1" 200 781
180.169.147.146 - - [23/Jan/2024:10:29:01 +0800] "GET /xingrg/all/function/internal_message.html?_=1705976942019&CODE_STATE=getMsg HTTP/1.1" 200 27
222.69.132.177 - - [23/Jan/2024:10:29:03 +0800] "GET /xingrg/check_reg.html?_=1705976943814 HTTP/1.1" 200 22
222.69.132.177 - - [23/Jan/2024:10:29:03 +0800] "GET /xingrg/all/function/internal_message.html?_=1705976943908&CODE_STATE=getMsg HTTP/1.1" 200 27
116.235.240.118 - - [23/Jan/2024:10:29:05 +0800] "POST /xingrg/services/DataTransmitService HTTP/1.1" 200 501
101.83.145.37 - - [23/Jan/2024:10:29:06 +0800] "GET /xingrg/all/function/internal_message.html?_=1705976945645&CODE_STATE=getMsg HTTP/1.1" 200 27
116.235.240.118 - - [23/Jan/2024:10:29:06 +0800] "POST /xingrg/services/DataTransmitService HTTP/1.1" 200 524
116.235.240.118 - - [23/Jan/2024:10:29:07 +0800] "POST /xingrg/services/DataTransmitService HTTP/1.1" 200 2331
124.78.154.219 - - [23/Jan/2024:10:29:08 +0800] "GET /xingrg/all/function/internal_message.html?_=1705976948433&CODE_STATE=getMsg HTTP/1.1" 200 27
116.230.123.222 - - [23/Jan/2024:10:29:10 +0800] "GET /xingrg/all/function/internal_message.html?_=1705976949841&CODE_STATE=getMsg HTTP/1.1" 200 27
101.228.146.191 - - [23/Jan/2024:10:29:14 +0800] "GET /xingrg/all/function/internal_message.html?_=1705976952262&CODE_STATE=getMsg HTTP/1.1" 200 27
124.78.154.219 - - [23/Jan/2024:10:29:17 +0800] "POST /xingrg/kc/base/check_list_operate.html HTTP/1.1" 200 4
180.169.147.146 - - [23/Jan/2024:10:29:17 +0800] "POST /xingrg/kc/base/check_list_operate.html HTTP/1.1" 200 5439
116.235.240.118 - - [23/Jan/2024:10:29:19 +0800] "POST /xingrg/services/DataTransmitService HTTP/1.1" 200 524
124.78.68.102 - - [23/Jan/2024:10:29:19 +0800] "GET /xingrg/all/function/internal_message.html?_=1705976959886&CODE_STATE=getMsg HTTP/1.1" 200 27
124.78.154.219 - - [23/Jan/2024:10:29:20 +0800] "POST /xingrg/kc/base/check_list_operate.html HTTP/1.1" 200 781
124.78.154.219 - - [23/Jan/2024:10:29:22 +0800] "GET /xingrg/kc/cost/cost_list.html HTTP/1.1" 200 6093
124.78.154.219 - - [23/Jan/2024:10:29:22 +0800] "GET /xingrg/dwr/interface/AjaxReportQueryService.js HTTP/1.1" 200 13203
124.78.154.219 - - [23/Jan/2024:10:29:22 +0800] "GET /xingrg/dwr/engine.js HTTP/1.1" 200 43631
124.78.154.219 - - [23/Jan/2024:10:29:22 +0800] "GET /xingrg/dwr/util.js HTTP/1.1" 304 -
124.78.154.219 - - [23/Jan/2024:10:29:23 +0800] "GET /xingrg/kc/cost/cost_operate.html?_=1705976963209&command=load_cost_list HTTP/1.1" 200 11535
180.171.56.87 - - [23/Jan/2024:10:29:24 +0800] "GET /xingrg/all/function/internal_message.html?_=1705976968933&CODE_STATE=getMsg HTTP/1.1" 200 27
116.235.240.118 - - [23/Jan/2024:10:29:25 +0800] "GET /xingrg/all/function/internal_message.html?_=1705976971174&CODE_STATE=getMsg HTTP/1.1" 200 27
116.230.123.222 - - [23/Jan/2024:10:29:25 +0800] "POST /xingrg/kc/buy/cgsh_order_operate.html HTTP/1.1" 200 37
116.235.240.118 - - [23/Jan/2024:10:29:27 +0800] "POST /xingrg/services/DataTransmitService HTTP/1.1" 200 501
116.230.123.222 - - [23/Jan/2024:10:29:27 +0800] "POST /xingrg/kc/buy/cgsh_order_operate.html HTTP/1.1" 200 10332
114.95.241.104 - - [23/Jan/2024:10:29:27 +0800] "GET /xingrg/all/function/internal_message.html?_=1705976967025&CODE_STATE=getMsg HTTP/1.1" 200 27
114.83.223.112 - - [23/Jan/2024:10:29:30 +0800] "GET /xingrg/all/function/internal_message.html?_=1705976968380&CODE_STATE=getMsg HTTP/1.1" 200 27
116.235.240.118 - - [23/Jan/2024:10:29:32 +0800] "POST /xingrg/services/DataTransmitService HTTP/1.1" 200 524
116.232.193.168 - - [23/Jan/2024:10:29:32 +0800] "GET /xingrg/all/function/internal_message.html?_=1705976891628&CODE_STATE=getMsg HTTP/1.1" 200 27
116.235.240.118 - - [23/Jan/2024:10:29:34 +0800] "POST /xingrg/services/DataTransmitService HTTP/1.1" 200 412
116.235.240.118 - - [23/Jan/2024:10:29:34 +0800] "POST /xingrg/services/DataTransmitService HTTP/1.1" 200 524
180.152.241.32 - - [23/Jan/2024:10:29:35 +0800] "GET /xingrg/all/function/internal_message.html?_=1705976976581&CODE_STATE=getMsg HTTP/1.1" 200 27
116.235.240.118 - - [23/Jan/2024:10:29:35 +0800] "POST /xingrg/services/DataTransmitService HTTP/1.1" 200 412
116.235.240.118 - - [23/Jan/2024:10:29:35 +0800] "POST /xingrg/services/DataTransmitService HTTP/1.1" 200 524
116.235.240.118 - - [23/Jan/2024:10:29:36 +0800] "POST /xingrg/services/DataTransmitService HTTP/1.1" 200 412
116.230.123.222 - - [23/Jan/2024:10:29:38 +0800] "GET /xingrg/kc/buy/cgsh_order_info.html?code=212024012309414 HTTP/1.1" 200 67834
116.230.123.222 - - [23/Jan/2024:10:29:38 +0800] "GET /xingrg/javascript/easyui/themes/default/validatebox.css HTTP/1.1" 404 1104
180.169.147.146 - - [23/Jan/2024:10:29:39 +0800] "POST /xingrg/kc/buy/cgsh_list_operate.html HTTP/1.1" 200 270
116.230.123.222 - - [23/Jan/2024:10:29:39 +0800] "POST /xingrg/kc/buy/cgsh_order_operate.html HTTP/1.1" 200 30151
116.235.240.118 - - [23/Jan/2024:10:29:40 +0800] "POST /xingrg/services/DataTransmitService HTTP/1.1" 200 524
222.70.115.1 - - [23/Jan/2024:10:29:40 +0800] "GET /xingrg/all/function/internal_message.html?_=1705976983989&CODE_STATE=getMsg HTTP/1.1" 200 27
116.235.240.118 - - [23/Jan/2024:10:29:40 +0800] "POST /xingrg/services/DataTransmitService HTTP/1.1" 200 2331
180.169.147.146 - - [23/Jan/2024:10:29:41 +0800] "POST /xingrg/kc/buy/cgsh_list_operate.html HTTP/1.1" 200 200
124.78.154.219 - - [23/Jan/2024:10:29:41 +0800] "GET /xingrg/check_reg.html?_=1705976981886 HTTP/1.1" 200 22
180.169.147.146 - - [23/Jan/2024:10:29:42 +0800] "POST /xingrg/kc/buy/cgsh_list_operate.html HTTP/1.1" 200 208
101.83.145.37 - - [23/Jan/2024:10:29:42 +0800] "GET /xingrg/all/function/internal_message.html?_=1705976748329&CODE_STATE=getMsg HTTP/1.1" 200 27
124.78.154.219 - - [23/Jan/2024:10:29:43 +0800] "GET /xingrg/kc/cost/cost_page.html HTTP/1.1" 200 4088
124.78.154.219 - - [23/Jan/2024:10:29:43 +0800] "GET /xingrg/dwr/interface/AjaxReportQueryService.js HTTP/1.1" 200 13203
124.78.154.219 - - [23/Jan/2024:10:29:43 +0800] "GET /xingrg/dwr/engine.js HTTP/1.1" 200 43631
180.169.147.146 - - [23/Jan/2024:10:29:44 +0800] "POST /xingrg/kc/buy/cgsh_list_operate.html HTTP/1.1" 200 499
116.230.123.222 - - [23/Jan/2024:10:29:45 +0800] "POST /xingrg/kc/buy/cgsh_list_operate.html HTTP/1.1" 200 1861
180.169.147.146 - - [23/Jan/2024:10:29:46 +0800] "GET /xingrg/all/function/internal_message.html?_=1705976986932&CODE_STATE=getMsg HTTP/1.1" 200 27
116.235.240.118 - - [23/Jan/2024:10:29:47 +0800] "POST /xingrg/services/DataTransmitService HTTP/1.1" 200 524
116.230.123.222 - - [23/Jan/2024:10:29:48 +0800] "POST /xingrg/kc/buy/cgsh_list_operate.html HTTP/1.1" 200 564
114.95.241.104 - - [23/Jan/2024:10:29:48 +0800] "GET /xingrg/all/function/internal_message.html?_=1705976988695&CODE_STATE=getMsg HTTP/1.1" 200 27
116.230.123.222 - - [23/Jan/2024:10:29:51 +0800] "GET /xingrg/kc/buy/cgsh_order_info.html?code=212024012309432 HTTP/1.1" 200 72936
124.78.154.219 - - [23/Jan/2024:10:29:51 +0800] "POST /xingrg/kc/cost/cost_operate.html HTTP/1.1" 200 4
116.230.123.222 - - [23/Jan/2024:10:29:51 +0800] "GET /xingrg/javascript/easyui/themes/default/validatebox.css HTTP/1.1" 404 1104
116.230.123.222 - - [23/Jan/2024:10:29:52 +0800] "POST /xingrg/kc/buy/cgsh_order_operate.html HTTP/1.1" 200 10332
124.78.154.219 - - [23/Jan/2024:10:29:52 +0800] "GET /xingrg/kc/cost/cost_page.html HTTP/1.1" 200 4363
124.78.154.219 - - [23/Jan/2024:10:29:52 +0800] "GET /xingrg/css/blue.css HTTP/1.1" 304 -
124.78.154.219 - - [23/Jan/2024:10:29:52 +0800] "GET /xingrg/javascript/jquery_easy_ui/themes/default/easyui.css HTTP/1.1" 304 -
124.78.154.219 - - [23/Jan/2024:10:29:52 +0800] "GET /xingrg/javascript/jquery_easy_ui/themes/icon.css HTTP/1.1" 304 -
124.78.154.219 - - [23/Jan/2024:10:29:52 +0800] "GET /xingrg/javascript/step/step.css HTTP/1.1" 304 -
124.78.154.219 - - [23/Jan/2024:10:29:52 +0800] "GET /xingrg/css/table.css HTTP/1.1" 304 -
124.78.154.219 - - [23/Jan/2024:10:29:52 +0800] "GET /xingrg/dwr/interface/AjaxReportQueryService.js HTTP/1.1" 200 13203
124.78.154.219 - - [23/Jan/2024:10:29:52 +0800] "GET /xingrg/dwr/engine.js HTTP/1.1" 200 43631
124.78.154.219 - - [23/Jan/2024:10:29:52 +0800] "GET /xingrg/dwr/util.js HTTP/1.1" 304 -
124.78.154.219 - - [23/Jan/2024:10:29:52 +0800] "GET /xingrg/javascript/jquery-1.4.2.min.js HTTP/1.1" 304 -
124.78.154.219 - - [23/Jan/2024:10:29:52 +0800] "GET /xingrg/javascript/jquery_easy_ui/jquery.easyui.min.js HTTP/1.1" 304 -
124.78.154.219 - - [23/Jan/2024:10:29:52 +0800] "GET /xingrg/javascript/jquery_easy_ui/easyui-lang-zh_CN.js HTTP/1.1" 304 -
124.78.154.219 - - [23/Jan/2024:10:29:52 +0800] "GET /xingrg/javascript/jquery.utils.js HTTP/1.1" 304 -
124.78.154.219 - - [23/Jan/2024:10:29:52 +0800] "GET /xingrg/images/control/ajaxLoader.gif HTTP/1.1" 304 -
172.20.0.100 - - [23/Jan/2024:10:29:53 +0800] "GET /xingrg/all/function/internal_message.html?_=1705976997523&CODE_STATE=getMsg HTTP/1.1" 200 27
120.253.135.82 - - [23/Jan/2024:10:29:55 +0800] "GET /xingrg/all/function/internal_message.html?_=1705976819094&CODE_STATE=getMsg HTTP/1.1" 200 27
116.230.123.222 - - [23/Jan/2024:10:29:55 +0800] "GET /xingrg/kc/print/load_data.html?order_code=212024012309432&kc_code=cgsh&condition= HTTP/1.1" 200 3604
180.163.30.100 - - [23/Jan/2024:10:29:56 +0800] "GET /xingrg/all/function/internal_message.html?_=1705976935836&CODE_STATE=getMsg HTTP/1.1" 302 -
180.163.30.100 - - [23/Jan/2024:10:29:56 +0800] "GET /xingrg/login.html HTTP/1.1" 200 7641
180.169.147.146 - - [23/Jan/2024:10:29:56 +0800] "POST /xingrg/kc/buy/cgsh_list_operate.html HTTP/1.1" 200 6396
116.232.193.168 - - [23/Jan/2024:10:29:57 +0800] "GET /xingrg/all/function/internal_message.html?_=1705976916174&CODE_STATE=getMsg HTTP/1.1" 200 27
116.232.193.168 - - [23/Jan/2024:10:29:57 +0800] "GET /xingrg/all/function/internal_message.html?_=1705976916349&CODE_STATE=getMsg HTTP/1.1" 200 27
180.169.147.146 - - [23/Jan/2024:10:29:59 +0800] "GET /xingrg/all/function/internal_message.html?_=1705976998718&CODE_STATE=getMsg HTTP/1.1" 200 27
180.169.147.146 - - [23/Jan/2024:10:30:01 +0800] "GET /xingrg/all/function/internal_message.html?_=1705977002016&CODE_STATE=getMsg HTTP/1.1" 200 27
222.69.132.177 - - [23/Jan/2024:10:30:03 +0800] "GET /xingrg/all/function/internal_message.html?_=1705977003892&CODE_STATE=getMsg HTTP/1.1" 200 27
180.169.147.146 - - [23/Jan/2024:10:30:03 +0800] "POST /xingrg/kc/buy/cgsh_list_operate.html HTTP/1.1" 200 4409
180.169.147.146 - - [23/Jan/2024:10:30:04 +0800] "POST /xingrg/kc/base/check_list_operate.html HTTP/1.1" 200 59
101.83.145.37 - - [23/Jan/2024:10:30:06 +0800] "GET /xingrg/all/function/internal_message.html?_=1705977005646&CODE_STATE=getMsg HTTP/1.1" 200 27
124.78.154.219 - - [23/Jan/2024:10:30:08 +0800] "GET /xingrg/all/function/internal_message.html?_=1705977008413&CODE_STATE=getMsg HTTP/1.1" 200 27
116.230.123.222 - - [23/Jan/2024:10:30:10 +0800] "GET /xingrg/all/function/internal_message.html?_=1705977009844&CODE_STATE=getMsg HTTP/1.1" 200 27
180.169.147.146 - - [23/Jan/2024:10:30:11 +0800] "POST /xingrg/kc/buy/cgsh_list_operate.html HTTP/1.1" 200 303
180.169.147.146 - - [23/Jan/2024:10:30:13 +0800] "GET /xingrg/kc/buy/cgsh_order_info.html?code=212024012008429 HTTP/1.1" 200 68180
180.169.147.146 - - [23/Jan/2024:10:30:13 +0800] "GET /xingrg/words/20240122122102_words.js HTTP/1.1" 200 1010337
180.169.147.146 - - [23/Jan/2024:10:30:13 +0800] "GET /xingrg/javascript/easyui/themes/default/validatebox.css HTTP/1.1" 404 1104
101.228.146.191 - - [23/Jan/2024:10:30:14 +0800] "GET /xingrg/all/function/internal_message.html?_=1705977012262&CODE_STATE=getMsg HTTP/1.1" 200 27
180.169.147.146 - - [23/Jan/2024:10:30:14 +0800] "POST /xingrg/kc/buy/cgsh_order_operate.html HTTP/1.1" 200 1236
180.169.147.146 - - [23/Jan/2024:10:30:18 +0800] "POST /xingrg/kc/buy/cgsh_order_operate.html HTTP/1.1" 200 103
124.78.68.102 - - [23/Jan/2024:10:30:19 +0800] "GET /xingrg/all/function/internal_message.html?_=1705977019864&CODE_STATE=getMsg HTTP/1.1" 200 27
180.171.56.87 - - [23/Jan/2024:10:30:24 +0800] "GET /xingrg/all/function/internal_message.html?_=1705977028920&CODE_STATE=getMsg HTTP/1.1" 200 27
116.235.240.118 - - [23/Jan/2024:10:30:25 +0800] "GET /xingrg/all/function/internal_message.html?_=1705977031200&CODE_STATE=getMsg HTTP/1.1" 200 27
114.95.241.104 - - [23/Jan/2024:10:30:27 +0800] "GET /xingrg/all/function/internal_message.html?_=1705977027031&CODE_STATE=getMsg HTTP/1.1" 200 27
180.169.147.146 - - [23/Jan/2024:10:30:28 +0800] "POST /xingrg/kc/buy/cgsh_order_operate.html HTTP/1.1" 200 103
116.232.193.168 - - [23/Jan/2024:10:30:32 +0800] "GET /xingrg/all/function/internal_message.html?_=1705976951610&CODE_STATE=getMsg HTTP/1.1" 200 27
221.239.172.206 - - [23/Jan/2024:10:30:34 +0800] "GET /xingrg/check_reg.html?_=1705977033485 HTTP/1.1" 302 -
180.152.241.32 - - [23/Jan/2024:10:30:35 +0800] "GET /xingrg/all/function/internal_message.html?_=1705977036567&CODE_STATE=getMsg HTTP/1.1" 200 27
222.70.115.1 - - [23/Jan/2024:10:30:40 +0800] "GET /xingrg/all/function/internal_message.html?_=1705977043994&CODE_STATE=getMsg HTTP/1.1" 200 27
101.83.145.37 - - [23/Jan/2024:10:30:42 +0800] "GET /xingrg/all/function/internal_message.html?_=1705976808314&CODE_STATE=getMsg HTTP/1.1" 200 27
101.83.145.37 - - [23/Jan/2024:10:30:44 +0800] "GET /xingrg/check_reg.html?_=1705976809783 HTTP/1.1" 200 22
124.78.154.219 - - [23/Jan/2024:10:30:47 +0800] "POST /xingrg/kc/buy/cgsh_order_operate.html HTTP/1.1" 200 10922
114.95.241.104 - - [23/Jan/2024:10:30:48 +0800] "GET /xingrg/all/function/internal_message.html?_=1705977048699&CODE_STATE=getMsg HTTP/1.1" 200 27
172.20.0.100 - - [23/Jan/2024:10:30:53 +0800] "GET /xingrg/all/function/internal_message.html?_=1705977057528&CODE_STATE=getMsg HTTP/1.1" 200 27
120.253.135.82 - - [23/Jan/2024:10:30:55 +0800] "GET /xingrg/all/function/internal_message.html?_=1705976879109&CODE_STATE=getMsg HTTP/1.1" 200 27
124.78.154.219 - - [23/Jan/2024:10:30:56 +0800] "GET /xingrg/all/function/internal_message.html?_=1705977055848&CODE_STATE=getMsg HTTP/1.1" 200 27
116.232.193.168 - - [23/Jan/2024:10:30:57 +0800] "GET /xingrg/all/function/internal_message.html?_=1705976976169&CODE_STATE=getMsg HTTP/1.1" 200 27
116.232.193.168 - - [23/Jan/2024:10:30:57 +0800] "GET /xingrg/all/function/internal_message.html?_=1705976976358&CODE_STATE=getMsg HTTP/1.1" 200 27
180.169.147.146 - - [23/Jan/2024:10:30:59 +0800] "GET /xingrg/all/function/internal_message.html?_=1705977058716&CODE_STATE=getMsg HTTP/1.1" 200 27
180.169.147.146 - - [23/Jan/2024:10:31:01 +0800] "GET /xingrg/all/function/internal_message.html?_=1705977062019&CODE_STATE=getMsg HTTP/1.1" 200 27
222.69.132.177 - - [23/Jan/2024:10:31:03 +0800] "GET /xingrg/all/function/internal_message.html?_=1705977063873&CODE_STATE=getMsg HTTP/1.1" 200 27
101.83.145.37 - - [23/Jan/2024:10:31:06 +0800] "GET /xingrg/all/function/internal_message.html?_=1705977065673&CODE_STATE=getMsg HTTP/1.1" 200 27
124.78.154.219 - - [23/Jan/2024:10:31:07 +0800] "POST /xingrg/kc/cost/cost_operate.html HTTP/1.1" 200 4
116.230.123.222 - - [23/Jan/2024:10:31:10 +0800] "GET /xingrg/all/function/internal_message.html?_=1705977069824&CODE_STATE=getMsg HTTP/1.1" 200 27
101.228.146.191 - - [23/Jan/2024:10:31:14 +0800] "GET /xingrg/all/function/internal_message.html?_=1705977072262&CODE_STATE=getMsg HTTP/1.1" 200 27
124.78.68.102 - - [23/Jan/2024:10:31:19 +0800] "GET /xingrg/all/function/internal_message.html?_=1705977079843&CODE_STATE=getMsg HTTP/1.1" 200 27
180.171.56.87 - - [23/Jan/2024:10:31:24 +0800] "GET /xingrg/all/function/internal_message.html?_=1705977088920&CODE_STATE=getMsg HTTP/1.1" 200 27
124.78.154.219 - - [23/Jan/2024:10:31:24 +0800] "GET /xingrg/all/function/internal_message.html?_=1705977085035&CODE_STATE=getMsg HTTP/1.1" 200 27
124.78.154.219 - - [23/Jan/2024:10:31:24 +0800] "GET /xingrg/kc/cost/cost_page.html HTTP/1.1" 200 4088
124.78.154.219 - - [23/Jan/2024:10:31:24 +0800] "GET /xingrg/css/blue.css HTTP/1.1" 304 -
124.78.154.219 - - [23/Jan/2024:10:31:25 +0800] "GET /xingrg/javascript/jquery_easy_ui/themes/default/easyui.css HTTP/1.1" 304 -
124.78.154.219 - - [23/Jan/2024:10:31:25 +0800] "GET /xingrg/javascript/jquery_easy_ui/themes/icon.css HTTP/1.1" 304 -
124.78.154.219 - - [23/Jan/2024:10:31:25 +0800] "GET /xingrg/javascript/step/step.css HTTP/1.1" 304 -
124.78.154.219 - - [23/Jan/2024:10:31:25 +0800] "GET /xingrg/css/table.css HTTP/1.1" 304 -
124.78.154.219 - - [23/Jan/2024:10:31:25 +0800] "GET /xingrg/dwr/interface/AjaxReportQueryService.js HTTP/1.1" 200 13203
124.78.154.219 - - [23/Jan/2024:10:31:25 +0800] "GET /xingrg/dwr/engine.js HTTP/1.1" 200 43631
124.78.154.219 - - [23/Jan/2024:10:31:25 +0800] "GET /xingrg/dwr/util.js HTTP/1.1" 304 -
124.78.154.219 - - [23/Jan/2024:10:31:25 +0800] "GET /xingrg/javascript/jquery-1.4.2.min.js HTTP/1.1" 304 -
124.78.154.219 - - [23/Jan/2024:10:31:25 +0800] "GET /xingrg/javascript/jquery_easy_ui/jquery.easyui.min.js HTTP/1.1" 304 -
124.78.154.219 - - [23/Jan/2024:10:31:25 +0800] "GET /xingrg/javascript/jquery_easy_ui/easyui-lang-zh_CN.js HTTP/1.1" 304 -
124.78.154.219 - - [23/Jan/2024:10:31:25 +0800] "GET /xingrg/javascript/jquery.utils.js HTTP/1.1" 304 -
116.235.240.118 - - [23/Jan/2024:10:31:25 +0800] "GET /xingrg/all/function/internal_message.html?_=1705977091207&CODE_STATE=getMsg HTTP/1.1" 200 27
124.78.154.219 - - [23/Jan/2024:10:31:25 +0800] "GET /xingrg/images/control/ajaxLoader.gif HTTP/1.1" 304 -
114.95.241.104 - - [23/Jan/2024:10:31:27 +0800] "GET /xingrg/all/function/internal_message.html?_=1705977087030&CODE_STATE=getMsg HTTP/1.1" 200 27
124.78.154.219 - - [23/Jan/2024:10:31:28 +0800] "GET /xingrg/kc/report/report_main.html HTTP/1.1" 200 7340
116.232.193.168 - - [23/Jan/2024:10:31:32 +0800] "GET /xingrg/all/function/internal_message.html?_=1705977011589&CODE_STATE=getMsg HTTP/1.1" 200 27
124.78.154.219 - - [23/Jan/2024:10:31:33 +0800] "GET /xingrg/kc/cost/crk_report.html HTTP/1.1" 200 23959
124.78.154.219 - - [23/Jan/2024:10:31:33 +0800] "POST /xingrg/kc/cost/cost_operate.html?command=get_base_tree HTTP/1.1" 200 2583
124.78.154.219 - - [23/Jan/2024:10:31:33 +0800] "POST /xingrg/all/common/load_tree.html?tree=materiel_sort_tree_json HTTP/1.1" 200 9617
124.78.154.219 - - [23/Jan/2024:10:31:33 +0800] "POST /xingrg/kc/cost/cost_operate.html HTTP/1.1" 200 37
180.152.241.32 - - [23/Jan/2024:10:31:35 +0800] "GET /xingrg/all/function/internal_message.html?_=1705977096574&CODE_STATE=getMsg HTTP/1.1" 200 27
180.152.241.32 - - [23/Jan/2024:10:31:35 +0800] "GET /xingrg/check_reg.html?_=1705977096575 HTTP/1.1" 200 22
180.169.147.146 - - [23/Jan/2024:10:31:36 +0800] "GET /xingrg/all/function/internal_message.html?_=1705977096225&CODE_STATE=getMsg HTTP/1.1" 200 27
180.169.147.146 - - [23/Jan/2024:10:31:39 +0800] "GET /xingrg/kc/cost/cost_list.html HTTP/1.1" 200 6093
180.169.147.146 - - [23/Jan/2024:10:31:39 +0800] "GET /xingrg/dwr/interface/AjaxReportQueryService.js HTTP/1.1" 200 13203
180.169.147.146 - - [23/Jan/2024:10:31:39 +0800] "GET /xingrg/dwr/engine.js HTTP/1.1" 200 43631
222.70.115.1 - - [23/Jan/2024:10:31:40 +0800] "GET /xingrg/all/function/internal_message.html?_=1705977103997&CODE_STATE=getMsg HTTP/1.1" 200 27
180.169.147.146 - - [23/Jan/2024:10:31:40 +0800] "GET /xingrg/kc/cost/cost_operate.html?_=1705977100055&command=load_cost_list HTTP/1.1" 200 11738
124.78.68.102 - - [23/Jan/2024:10:31:41 +0800] "GET /xingrg/check_reg.html?_=1705977101807 HTTP/1.1" 200 22
101.83.145.37 - - [23/Jan/2024:10:31:42 +0800] "GET /xingrg/all/function/internal_message.html?_=1705976868287&CODE_STATE=getMsg HTTP/1.1" 200 27
180.169.147.146 - - [23/Jan/2024:10:31:47 +0800] "GET /xingrg/check_reg.html?_=1705977107853 HTTP/1.1" 200 22
114.95.241.104 - - [23/Jan/2024:10:31:48 +0800] "GET /xingrg/all/function/internal_message.html?_=1705977108717&CODE_STATE=getMsg HTTP/1.1" 200 27
180.169.147.146 - - [23/Jan/2024:10:31:52 +0800] "GET /xingrg/kc/base/check_order_list.html HTTP/1.1" 200 16387
180.169.147.146 - - [23/Jan/2024:10:31:52 +0800] "POST /xingrg/kc/base/check_list_operate.html HTTP/1.1" 200 781
172.20.0.100 - - [23/Jan/2024:10:31:53 +0800] "GET /xingrg/all/function/internal_message.html?_=1705977117526&CODE_STATE=getMsg HTTP/1.1" 200 27
172.20.0.100 - - [23/Jan/2024:10:31:53 +0800] "GET /xingrg/check_reg.html?_=1705977117528 HTTP/1.1" 200 22
180.169.147.146 - - [23/Jan/2024:10:31:55 +0800] "POST /xingrg/kc/base/check_list_operate.html HTTP/1.1" 200 5439
120.253.135.82 - - [23/Jan/2024:10:31:55 +0800] "GET /xingrg/all/function/internal_message.html?_=1705976939116&CODE_STATE=getMsg HTTP/1.1" 200 27
