114.95.241.104 - - [23/Jan/2024:09:46:43 +0800] "POST /xingrg/kc/base/wldb_order_operate.html HTTP/1.1" 200 6806
114.95.241.104 - - [23/Jan/2024:09:46:43 +0800] "GET /xingrg/javascript/easyui/themes/default/validatebox.css HTTP/1.1" 404 1104
101.83.145.37 - - [23/Jan/2024:09:46:43 +0800] "GET /xingrg/all/function/internal_message.html?_=1705974169128&CODE_STATE=getMsg HTTP/1.1" 200 27
114.83.223.112 - - [23/Jan/2024:09:46:43 +0800] "POST /xingrg/kc/buy/cgsh_list_operate.html HTTP/1.1" 200 204
124.78.68.102 - - [23/Jan/2024:09:46:47 +0800] "GET /xingrg/kc/buy/cgsh_order_operate.html?command=get_materiel&rest_code=00141&code=00101008005&supplier_code=00100007&order_time=2024-01-23 HTTP/1.1" 200 412
114.83.223.112 - - [23/Jan/2024:09:46:50 +0800] "POST /xingrg/kc/buy/cgsh_list_operate.html HTTP/1.1" 200 204
114.83.223.112 - - [23/Jan/2024:09:46:53 +0800] "GET /xingrg/kc/buy/cgsh_order_info.html?code=212024012209391 HTTP/1.1" 200 73070
114.83.223.112 - - [23/Jan/2024:09:46:53 +0800] "GET /xingrg/javascript/easyui/themes/default/validatebox.css HTTP/1.1" 404 1104
114.83.223.112 - - [23/Jan/2024:09:46:54 +0800] "POST /xingrg/kc/buy/cgsh_order_operate.html HTTP/1.1" 200 2667
124.78.154.219 - - [23/Jan/2024:09:46:56 +0800] "GET /xingrg/check_reg.html?_=1705974415778 HTTP/1.1" 200 22
124.78.154.219 - - [23/Jan/2024:09:46:56 +0800] "GET /xingrg/all/function/internal_message.html?_=1705974415779&CODE_STATE=getMsg HTTP/1.1" 200 27
180.163.29.103 - - [23/Jan/2024:09:46:56 +0800] "GET /xingrg/all/function/internal_message.html?_=1705974355783&CODE_STATE=getMsg HTTP/1.1" 302 -
180.163.29.103 - - [23/Jan/2024:09:46:56 +0800] "GET /xingrg/login.html HTTP/1.1" 200 7641
124.78.68.102 - - [23/Jan/2024:09:46:56 +0800] "GET /xingrg/kc/buy/cgsh_order_operate.html?command=get_materiel&rest_code=00141&code=00101008213&supplier_code=00100007&order_time=2024-01-23 HTTP/1.1" 200 412
114.83.223.112 - - [23/Jan/2024:09:46:56 +0800] "GET /xingrg/kc/print/load_data.html?order_code=212024012209391&kc_code=cgsh&condition= HTTP/1.1" 200 760
114.95.241.104 - - [23/Jan/2024:09:46:56 +0800] "GET /xingrg/kc/base/wldb_order_operate.html?command=get_materiel&rest_code=00150&base_code=0010446&code=00102001008 HTTP/1.1" 200 441
116.232.193.168 - - [23/Jan/2024:09:46:57 +0800] "GET /xingrg/check_reg.html?_=1705974336162 HTTP/1.1" 200 22
116.232.193.168 - - [23/Jan/2024:09:46:57 +0800] "GET /xingrg/all/function/internal_message.html?_=1705974336165&CODE_STATE=getMsg HTTP/1.1" 200 27
116.232.193.168 - - [23/Jan/2024:09:46:57 +0800] "GET /xingrg/check_reg.html?_=1705974336351 HTTP/1.1" 200 22
116.232.193.168 - - [23/Jan/2024:09:46:57 +0800] "GET /xingrg/all/function/internal_message.html?_=1705974336352&CODE_STATE=getMsg HTTP/1.1" 200 27
116.230.123.222 - - [23/Jan/2024:09:47:00 +0800] "GET /xingrg/kc/buy/cgsh_order_add.html HTTP/1.1" 200 72925
116.230.123.222 - - [23/Jan/2024:09:47:00 +0800] "POST /xingrg/kc/buy/cgsh_order_operate.html HTTP/1.1" 200 8245
116.230.123.222 - - [23/Jan/2024:09:47:00 +0800] "GET /xingrg/javascript/easyui/themes/default/validatebox.css HTTP/1.1" 404 1104
114.95.241.104 - - [23/Jan/2024:09:47:01 +0800] "POST /xingrg/kc/base/wldb_order_operate.html HTTP/1.1" 200 37
114.95.241.104 - - [23/Jan/2024:09:47:02 +0800] "POST /xingrg/kc/base/wldb_order_operate.html HTTP/1.1" 200 2185
222.69.132.177 - - [23/Jan/2024:09:47:03 +0800] "GET /xingrg/all/function/internal_message.html?_=1705974423813&CODE_STATE=getMsg HTTP/1.1" 200 27
124.78.68.102 - - [23/Jan/2024:09:47:05 +0800] "GET /xingrg/kc/buy/cgsh_order_operate.html?command=get_materiel&rest_code=00141&code=00101008078&supplier_code=00100007&order_time=2024-01-23 HTTP/1.1" 200 416
101.83.145.37 - - [23/Jan/2024:09:47:06 +0800] "GET /xingrg/all/function/internal_message.html?_=1705974425594&CODE_STATE=getMsg HTTP/1.1" 200 27
114.95.241.104 - - [23/Jan/2024:09:47:08 +0800] "POST /xingrg/kc/base/wldb_order_operate.html HTTP/1.1" 200 12
180.164.1.25 - - [23/Jan/2024:09:47:09 +0800] "GET /xingrg/all/function/internal_message.html?_=1705974428434&CODE_STATE=getMsg HTTP/1.1" 200 27
120.253.135.82 - - [23/Jan/2024:09:47:09 +0800] "GET /xingrg/all/function/internal_message.html?_=1705974253637&CODE_STATE=getMsg HTTP/1.1" 200 27
116.230.123.222 - - [23/Jan/2024:09:47:10 +0800] "GET /xingrg/all/function/internal_message.html?_=1705974430268&CODE_STATE=getMsg HTTP/1.1" 200 27
116.230.123.222 - - [23/Jan/2024:09:47:10 +0800] "GET /xingrg/check_reg.html?_=1705974430270 HTTP/1.1" 200 22
114.95.241.104 - - [23/Jan/2024:09:47:11 +0800] "GET /xingrg/kc/base/wldb_order_info.html?code=422024012302429 HTTP/1.1" 200 26230
114.95.241.104 - - [23/Jan/2024:09:47:12 +0800] "GET /xingrg/javascript/easyui/themes/default/validatebox.css HTTP/1.1" 404 1104
114.95.241.104 - - [23/Jan/2024:09:47:12 +0800] "POST /xingrg/kc/base/wldb_order_operate.html HTTP/1.1" 200 479
222.70.115.1 - - [23/Jan/2024:09:47:15 +0800] "GET /xingrg/all/function/internal_message.html?_=1705974438887&CODE_STATE=getMsg HTTP/1.1" 200 27
114.95.241.104 - - [23/Jan/2024:09:47:16 +0800] "GET /xingrg/kc/base/wldb_order_add.html HTTP/1.1" 200 30350
114.95.241.104 - - [23/Jan/2024:09:47:16 +0800] "POST /xingrg/kc/base/wldb_order_operate.html HTTP/1.1" 200 6806
114.95.241.104 - - [23/Jan/2024:09:47:16 +0800] "GET /xingrg/javascript/easyui/themes/default/validatebox.css HTTP/1.1" 404 1104
124.78.68.102 - - [23/Jan/2024:09:47:17 +0800] "GET /xingrg/kc/buy/cgsh_order_operate.html?command=get_materiel&rest_code=00141&code=00101008350&supplier_code=00100007&order_time=2024-01-23 HTTP/1.1" 200 408
124.78.68.102 - - [23/Jan/2024:09:47:20 +0800] "GET /xingrg/all/function/internal_message.html?_=1705974440629&CODE_STATE=getMsg HTTP/1.1" 200 27
116.230.123.222 - - [23/Jan/2024:09:47:22 +0800] "GET /xingrg/kc/buy/cgsh_order_operate.html?command=get_materiel&rest_code=00111&code=00101006025&supplier_code=00100012&order_time=2024-01-23 HTTP/1.1" 200 417
180.171.56.87 - - [23/Jan/2024:09:47:24 +0800] "GET /xingrg/check_reg.html?_=1705974448905 HTTP/1.1" 200 22
180.171.56.87 - - [23/Jan/2024:09:47:24 +0800] "GET /xingrg/all/function/internal_message.html?_=1705974448909&CODE_STATE=getMsg HTTP/1.1" 200 27
116.235.240.118 - - [23/Jan/2024:09:47:24 +0800] "GET /xingrg/check_reg.html?_=1705974450345 HTTP/1.1" 200 22
114.95.241.104 - - [23/Jan/2024:09:47:24 +0800] "GET /xingrg/kc/base/wldb_order_operate.html?command=get_materiel&rest_code=00150&base_code=0010446&code=00102002439 HTTP/1.1" 200 472
116.235.240.118 - - [23/Jan/2024:09:47:24 +0800] "GET /xingrg/all/function/internal_message.html?_=1705974450510&CODE_STATE=getMsg HTTP/1.1" 200 27
114.95.241.104 - - [23/Jan/2024:09:47:27 +0800] "GET /xingrg/all/function/internal_message.html?_=1705974446765&CODE_STATE=getMsg HTTP/1.1" 200 27
114.95.241.104 - - [23/Jan/2024:09:47:27 +0800] "GET /xingrg/check_reg.html?_=1705974446769 HTTP/1.1" 200 22
116.232.193.168 - - [23/Jan/2024:09:47:27 +0800] "GET /xingrg/check_reg.html?_=1705974366780 HTTP/1.1" 200 22
114.83.223.112 - - [23/Jan/2024:09:47:30 +0800] "GET /xingrg/all/function/internal_message.html?_=1705974448302&CODE_STATE=getMsg HTTP/1.1" 200 27
116.232.193.168 - - [23/Jan/2024:09:47:33 +0800] "GET /xingrg/all/function/internal_message.html?_=1705974372359&CODE_STATE=getMsg HTTP/1.1" 200 27
114.95.241.104 - - [23/Jan/2024:09:47:34 +0800] "POST /xingrg/kc/base/wldb_order_operate.html HTTP/1.1" 200 37
180.152.241.32 - - [23/Jan/2024:09:47:35 +0800] "GET /xingrg/all/function/internal_message.html?_=1705974456580&CODE_STATE=getMsg HTTP/1.1" 200 27
116.230.123.222 - - [23/Jan/2024:09:47:35 +0800] "GET /xingrg/kc/buy/cgsh_order_operate.html?command=get_materiel&rest_code=00111&code=00101006026&supplier_code=00100012&order_time=2024-01-23 HTTP/1.1" 200 409
114.95.241.104 - - [23/Jan/2024:09:47:41 +0800] "POST /xingrg/kc/base/wldb_order_operate.html HTTP/1.1" 200 12
114.95.241.104 - - [23/Jan/2024:09:47:41 +0800] "POST /xingrg/kc/base/wldb_order_operate.html HTTP/1.1" 200 2216
101.83.145.37 - - [23/Jan/2024:09:47:43 +0800] "GET /xingrg/all/function/internal_message.html?_=1705974229113&CODE_STATE=getMsg HTTP/1.1" 200 27
124.78.68.102 - - [23/Jan/2024:09:47:45 +0800] "GET /xingrg/kc/buy/cgsh_order_operate.html?command=get_materiel&rest_code=00141&code=00101008096&supplier_code=00100007&order_time=2024-01-23 HTTP/1.1" 200 412
116.230.123.222 - - [23/Jan/2024:09:47:45 +0800] "GET /xingrg/kc/buy/cgsh_order_operate.html?command=get_materiel&rest_code=00111&code=00101012010&supplier_code=00100012&order_time=2024-01-23 HTTP/1.1" 200 409
114.83.223.112 - - [23/Jan/2024:09:47:46 +0800] "POST /xingrg/kc/buy/cgsh_list_operate.html HTTP/1.1" 200 5590
172.20.0.100 - - [23/Jan/2024:09:47:51 +0800] "GET /xingrg/check_reg.html?_=1705974475580 HTTP/1.1" 200 22
114.95.241.104 - - [23/Jan/2024:09:47:53 +0800] "GET /xingrg/kc/base/wldb_order_info.html?code=422024012302430 HTTP/1.1" 200 26231
114.95.241.104 - - [23/Jan/2024:09:47:54 +0800] "GET /xingrg/javascript/easyui/themes/default/validatebox.css HTTP/1.1" 404 1104
114.95.241.104 - - [23/Jan/2024:09:47:54 +0800] "POST /xingrg/kc/base/wldb_order_operate.html HTTP/1.1" 200 510
124.78.68.102 - - [23/Jan/2024:09:47:54 +0800] "GET /xingrg/kc/buy/cgsh_order_operate.html?command=get_materiel&rest_code=00141&code=00101008356&supplier_code=00100007&order_time=2024-01-23 HTTP/1.1" 200 408
116.230.123.222 - - [23/Jan/2024:09:47:54 +0800] "GET /xingrg/kc/buy/cgsh_order_operate.html?command=get_materiel&rest_code=00111&code=00101006111&supplier_code=00100012&order_time=2024-01-23 HTTP/1.1" 200 409
114.83.223.112 - - [23/Jan/2024:09:47:55 +0800] "POST /xingrg/kc/buy/cgsh_list_operate.html HTTP/1.1" 200 5590
180.163.30.76 - - [23/Jan/2024:09:47:56 +0800] "GET /xingrg/all/function/internal_message.html?_=1705974415779&CODE_STATE=getMsg HTTP/1.1" 302 -
180.163.30.76 - - [23/Jan/2024:09:47:56 +0800] "GET /xingrg/login.html HTTP/1.1" 200 7641
124.78.154.219 - - [23/Jan/2024:09:47:56 +0800] "GET /xingrg/all/function/internal_message.html?_=1705974475790&CODE_STATE=getMsg HTTP/1.1" 200 27
180.163.28.180 - - [23/Jan/2024:09:47:56 +0800] "GET /xingrg/check_reg.html?_=1705974415778 HTTP/1.1" 302 -
180.163.28.180 - - [23/Jan/2024:09:47:57 +0800] "GET /xingrg/login.html HTTP/1.1" 200 7641
116.232.193.168 - - [23/Jan/2024:09:47:57 +0800] "GET /xingrg/all/function/internal_message.html?_=1705974396179&CODE_STATE=getMsg HTTP/1.1" 200 27
116.232.193.168 - - [23/Jan/2024:09:47:57 +0800] "GET /xingrg/all/function/internal_message.html?_=1705974396368&CODE_STATE=getMsg HTTP/1.1" 200 27
101.83.145.37 - - [23/Jan/2024:09:48:00 +0800] "GET /favicon.ico HTTP/1.1" 404 -
114.83.223.112 - - [23/Jan/2024:09:48:01 +0800] "POST /xingrg/kc/buy/cgsh_list_operate.html HTTP/1.1" 200 204
124.78.68.102 - - [23/Jan/2024:09:48:03 +0800] "GET /xingrg/kc/buy/cgsh_order_operate.html?command=get_materiel&rest_code=00141&code=00101008223&supplier_code=00100007&order_time=2024-01-23 HTTP/1.1" 200 412
222.69.132.177 - - [23/Jan/2024:09:48:03 +0800] "GET /xingrg/all/function/internal_message.html?_=1705974483811&CODE_STATE=getMsg HTTP/1.1" 200 27
114.83.223.112 - - [23/Jan/2024:09:48:04 +0800] "GET /xingrg/kc/buy/cgsh_order_info.html?code=212024012209392 HTTP/1.1" 200 73068
114.83.223.112 - - [23/Jan/2024:09:48:04 +0800] "GET /xingrg/javascript/easyui/themes/default/validatebox.css HTTP/1.1" 404 1104
124.78.68.102 - - [23/Jan/2024:09:48:05 +0800] "POST /xingrg/kc/buy/cgsh_order_operate.html HTTP/1.1" 200 2065
114.83.223.112 - - [23/Jan/2024:09:48:05 +0800] "POST /xingrg/kc/buy/cgsh_order_operate.html HTTP/1.1" 200 2665
101.83.145.37 - - [23/Jan/2024:09:48:06 +0800] "GET /xingrg/all/function/internal_message.html?_=1705974485595&CODE_STATE=getMsg HTTP/1.1" 200 27
101.83.145.37 - - [23/Jan/2024:09:48:06 +0800] "GET /xingrg/check_reg.html?_=1705974485599 HTTP/1.1" 200 22
114.83.223.112 - - [23/Jan/2024:09:48:07 +0800] "GET /xingrg/kc/print/load_data.html?order_code=212024012209392&kc_code=cgsh&condition= HTTP/1.1" 200 744
180.164.1.25 - - [23/Jan/2024:09:48:07 +0800] "GET /xingrg/check_reg.html?_=1705974486858 HTTP/1.1" 200 22
116.230.123.222 - - [23/Jan/2024:09:48:08 +0800] "GET /xingrg/kc/buy/cgsh_order_operate.html?command=get_materiel&rest_code=00111&code=00101016030&supplier_code=00100012&order_time=2024-01-23 HTTP/1.1" 200 412
120.253.135.82 - - [23/Jan/2024:09:48:09 +0800] "GET /xingrg/check_reg.html?_=1705974313285 HTTP/1.1" 200 22
180.164.1.25 - - [23/Jan/2024:09:48:09 +0800] "GET /xingrg/all/function/internal_message.html?_=1705974488421&CODE_STATE=getMsg HTTP/1.1" 200 27
120.253.135.82 - - [23/Jan/2024:09:48:09 +0800] "GET /xingrg/all/function/internal_message.html?_=1705974313650&CODE_STATE=getMsg HTTP/1.1" 200 27
114.95.241.104 - - [23/Jan/2024:09:48:10 +0800] "GET /xingrg/kc/base/wldb_order_add.html HTTP/1.1" 200 30350
116.230.123.222 - - [23/Jan/2024:09:48:10 +0800] "GET /xingrg/all/function/internal_message.html?_=1705974490243&CODE_STATE=getMsg HTTP/1.1" 200 27
114.95.241.104 - - [23/Jan/2024:09:48:10 +0800] "POST /xingrg/kc/base/wldb_order_operate.html HTTP/1.1" 200 6806
114.95.241.104 - - [23/Jan/2024:09:48:10 +0800] "GET /xingrg/javascript/easyui/themes/default/validatebox.css HTTP/1.1" 404 1104
222.70.115.1 - - [23/Jan/2024:09:48:16 +0800] "GET /xingrg/all/function/internal_message.html?_=1705974499890&CODE_STATE=getMsg HTTP/1.1" 200 27
222.70.115.1 - - [23/Jan/2024:09:48:16 +0800] "GET /xingrg/check_reg.html?_=1705974499890 HTTP/1.1" 200 22
180.164.1.25 - - [23/Jan/2024:09:48:16 +0800] "GET /xingrg/javascript/jquery_tools/images/prev.gif HTTP/1.1" 404 1086
180.164.1.25 - - [23/Jan/2024:09:48:17 +0800] "GET /xingrg/javascript/jquery_tools/images/next.gif HTTP/1.1" 404 1086
124.78.68.102 - - [23/Jan/2024:09:48:20 +0800] "GET /xingrg/all/function/internal_message.html?_=1705974500616&CODE_STATE=getMsg HTTP/1.1" 200 27
116.230.123.222 - - [23/Jan/2024:09:48:21 +0800] "GET /xingrg/kc/buy/cgsh_order_operate.html?command=get_materiel&rest_code=00111&code=00101006193&supplier_code=00100012&order_time=2024-01-23 HTTP/1.1" 200 409
114.95.241.104 - - [23/Jan/2024:09:48:24 +0800] "GET /xingrg/kc/base/wldb_order_operate.html?command=get_materiel&rest_code=00150&base_code=0010446&code=00102002448 HTTP/1.1" 200 440
180.171.56.87 - - [23/Jan/2024:09:48:24 +0800] "GET /xingrg/all/function/internal_message.html?_=1705974508910&CODE_STATE=getMsg HTTP/1.1" 200 27
116.235.240.118 - - [23/Jan/2024:09:48:24 +0800] "GET /xingrg/all/function/internal_message.html?_=1705974510539&CODE_STATE=getMsg HTTP/1.1" 200 27
124.78.68.102 - - [23/Jan/2024:09:48:25 +0800] "GET /xingrg/kc/buy/cgsh_order_operate.html?command=get_materiel&rest_code=00141&code=00101008353&supplier_code=00100007&order_time=2024-01-23 HTTP/1.1" 200 408
114.95.241.104 - - [23/Jan/2024:09:48:27 +0800] "GET /xingrg/all/function/internal_message.html?_=1705974506778&CODE_STATE=getMsg HTTP/1.1" 200 27
114.95.241.104 - - [23/Jan/2024:09:48:29 +0800] "GET /xingrg/kc/base/wldb_order_operate.html?command=get_materiel&rest_code=00150&base_code=0010446&code=00102002315 HTTP/1.1" 200 462
114.83.223.112 - - [23/Jan/2024:09:48:30 +0800] "GET /xingrg/all/function/internal_message.html?_=1705974508300&CODE_STATE=getMsg HTTP/1.1" 200 27
114.83.223.112 - - [23/Jan/2024:09:48:30 +0800] "GET /xingrg/check_reg.html?_=1705974508305 HTTP/1.1" 200 22
114.95.241.104 - - [23/Jan/2024:09:48:31 +0800] "GET /xingrg/all/function/internal_message.html?_=1705974511417&CODE_STATE=getMsg HTTP/1.1" 200 27
116.232.193.168 - - [23/Jan/2024:09:48:33 +0800] "GET /xingrg/all/function/internal_message.html?_=1705974432352&CODE_STATE=getMsg HTTP/1.1" 200 27
114.95.241.104 - - [23/Jan/2024:09:48:34 +0800] "GET /xingrg/kc/base/wldb_order_operate.html?command=get_materiel&rest_code=00150&base_code=0010446&code=00102002321 HTTP/1.1" 200 447
180.152.241.32 - - [23/Jan/2024:09:48:35 +0800] "GET /xingrg/all/function/internal_message.html?_=1705974516576&CODE_STATE=getMsg HTTP/1.1" 200 27
116.230.123.222 - - [23/Jan/2024:09:48:38 +0800] "POST /xingrg/kc/buy/cgsh_order_operate.html HTTP/1.1" 200 37
124.78.68.102 - - [23/Jan/2024:09:48:38 +0800] "GET /xingrg/kc/buy/cgsh_order_operate.html?command=get_materiel&rest_code=00141&code=00101008114&supplier_code=00100007&order_time=2024-01-23 HTTP/1.1" 200 412
114.95.241.104 - - [23/Jan/2024:09:48:41 +0800] "GET /xingrg/kc/base/wldb_order_operate.html?command=get_materiel&rest_code=00150&base_code=0010446&code=00102001111 HTTP/1.1" 200 440
101.83.145.37 - - [23/Jan/2024:09:48:43 +0800] "GET /xingrg/all/function/internal_message.html?_=1705974289083&CODE_STATE=getMsg HTTP/1.1" 200 27
180.164.1.25 - - [23/Jan/2024:09:48:46 +0800] "GET /xingrg/kc/buy/cgsh_order_operate.html?command=get_materiel&rest_code=00108&code=00101002027&supplier_code=00100012&order_time=2024-01-23 HTTP/1.1" 200 413
124.78.68.102 - - [23/Jan/2024:09:48:46 +0800] "GET /xingrg/kc/buy/cgsh_order_operate.html?command=get_materiel&rest_code=00141&code=00101008283&supplier_code=00100007&order_time=2024-01-23 HTTP/1.1" 200 408
114.95.241.104 - - [23/Jan/2024:09:48:48 +0800] "GET /xingrg/kc/base/wldb_order_operate.html?command=get_materiel&rest_code=00150&base_code=0010446&code=00102001083 HTTP/1.1" 200 440
124.78.68.102 - - [23/Jan/2024:09:48:48 +0800] "POST /xingrg/kc/buy/cgsh_order_operate.html HTTP/1.1" 200 2065
116.230.123.222 - - [23/Jan/2024:09:48:50 +0800] "POST /xingrg/kc/buy/cgsh_order_operate.html HTTP/1.1" 200 12
114.95.241.104 - - [23/Jan/2024:09:48:54 +0800] "GET /xingrg/kc/base/wldb_order_operate.html?command=get_materiel&rest_code=00150&base_code=0010446&code=00102002238 HTTP/1.1" 200 434
116.230.123.222 - - [23/Jan/2024:09:48:54 +0800] "GET /xingrg/kc/buy/cgsh_order_info.html?code=212024012309425 HTTP/1.1" 200 67834
116.230.123.222 - - [23/Jan/2024:09:48:55 +0800] "GET /xingrg/javascript/easyui/themes/default/validatebox.css HTTP/1.1" 404 1104
180.164.1.25 - - [23/Jan/2024:09:48:55 +0800] "GET /xingrg/kc/buy/cgsh_order_operate.html?command=get_materiel&rest_code=00108&code=00101010161&supplier_code=00100012&order_time=2024-01-23 HTTP/1.1" 200 409
116.230.123.222 - - [23/Jan/2024:09:48:56 +0800] "POST /xingrg/kc/buy/cgsh_order_operate.html HTTP/1.1" 200 3558
124.78.154.219 - - [23/Jan/2024:09:48:56 +0800] "GET /xingrg/all/function/internal_message.html?_=1705974535794&CODE_STATE=getMsg HTTP/1.1" 200 27
180.163.29.234 - - [23/Jan/2024:09:48:56 +0800] "GET /xingrg/all/function/internal_message.html?_=1705974475790&CODE_STATE=getMsg HTTP/1.1" 302 -
180.163.29.234 - - [23/Jan/2024:09:48:56 +0800] "GET /xingrg/login.html HTTP/1.1" 200 7641
116.232.193.168 - - [23/Jan/2024:09:48:57 +0800] "GET /xingrg/all/function/internal_message.html?_=1705974456173&CODE_STATE=getMsg HTTP/1.1" 200 27
116.232.193.168 - - [23/Jan/2024:09:48:57 +0800] "GET /xingrg/all/function/internal_message.html?_=1705974456346&CODE_STATE=getMsg HTTP/1.1" 200 27
114.95.241.104 - - [23/Jan/2024:09:48:59 +0800] "GET /xingrg/kc/base/wldb_order_operate.html?command=get_materiel&rest_code=00150&base_code=0010446&code=00102002138 HTTP/1.1" 200 433
180.164.1.25 - - [23/Jan/2024:09:49:03 +0800] "GET /xingrg/kc/buy/cgsh_order_operate.html?command=get_materiel&rest_code=00108&code=00101001191&supplier_code=00100012&order_time=2024-01-23 HTTP/1.1" 200 413
222.69.132.177 - - [23/Jan/2024:09:49:03 +0800] "GET /xingrg/all/function/internal_message.html?_=1705974543805&CODE_STATE=getMsg HTTP/1.1" 200 27
222.69.132.177 - - [23/Jan/2024:09:49:03 +0800] "GET /xingrg/check_reg.html?_=1705974543809 HTTP/1.1" 200 22
114.83.223.112 - - [23/Jan/2024:09:49:04 +0800] "POST /xingrg/kc/buy/cgsh_list_operate.html HTTP/1.1" 200 5590
116.230.123.222 - - [23/Jan/2024:09:49:05 +0800] "GET /xingrg/kc/print/load_data.html?order_code=212024012309425&kc_code=cgsh&condition= HTTP/1.1" 200 1903
101.83.145.37 - - [23/Jan/2024:09:49:06 +0800] "GET /xingrg/all/function/internal_message.html?_=1705974545584&CODE_STATE=getMsg HTTP/1.1" 200 27
124.78.68.102 - - [23/Jan/2024:09:49:07 +0800] "GET /xingrg/kc/buy/cgsh_order_operate.html?command=get_materiel&rest_code=00141&code=00101008257&supplier_code=00100007&order_time=2024-01-23 HTTP/1.1" 200 416
120.253.135.82 - - [23/Jan/2024:09:49:09 +0800] "GET /xingrg/all/function/internal_message.html?_=1705974373665&CODE_STATE=getMsg HTTP/1.1" 200 27
116.230.123.222 - - [23/Jan/2024:09:49:10 +0800] "GET /xingrg/kc/buy/cgsh_order_add.html HTTP/1.1" 200 72925
180.164.1.25 - - [23/Jan/2024:09:49:10 +0800] "GET /xingrg/all/function/internal_message.html?_=1705974549577&CODE_STATE=getMsg HTTP/1.1" 200 27
116.230.123.222 - - [23/Jan/2024:09:49:10 +0800] "POST /xingrg/kc/buy/cgsh_order_operate.html HTTP/1.1" 200 8245
116.230.123.222 - - [23/Jan/2024:09:49:10 +0800] "GET /xingrg/all/function/internal_message.html?_=1705974550359&CODE_STATE=getMsg HTTP/1.1" 200 27
116.230.123.222 - - [23/Jan/2024:09:49:10 +0800] "GET /xingrg/javascript/easyui/themes/default/validatebox.css HTTP/1.1" 404 1104
114.83.223.112 - - [23/Jan/2024:09:49:12 +0800] "POST /xingrg/kc/buy/cgsh_list_operate.html HTTP/1.1" 200 5590
180.164.1.25 - - [23/Jan/2024:09:49:15 +0800] "GET /xingrg/kc/buy/cgsh_order_operate.html?command=get_materiel&rest_code=00108&code=00101006186&supplier_code=00100012&order_time=2024-01-23 HTTP/1.1" 200 417
222.70.115.1 - - [23/Jan/2024:09:49:17 +0800] "GET /xingrg/all/function/internal_message.html?_=1705974560892&CODE_STATE=getMsg HTTP/1.1" 200 27
124.78.68.102 - - [23/Jan/2024:09:49:20 +0800] "GET /xingrg/all/function/internal_message.html?_=1705974560594&CODE_STATE=getMsg HTTP/1.1" 200 27
124.78.68.102 - - [23/Jan/2024:09:49:21 +0800] "GET /xingrg/kc/buy/cgsh_order_operate.html?command=get_materiel&rest_code=00141&code=00101008396&supplier_code=00100007&order_time=2024-01-23 HTTP/1.1" 200 412
180.171.56.87 - - [23/Jan/2024:09:49:24 +0800] "GET /xingrg/all/function/internal_message.html?_=1705974568908&CODE_STATE=getMsg HTTP/1.1" 200 27
180.164.1.25 - - [23/Jan/2024:09:49:24 +0800] "GET /xingrg/kc/buy/cgsh_order_operate.html?command=get_materiel&rest_code=00108&code=00101006184&supplier_code=00100012&order_time=2024-01-23 HTTP/1.1" 200 408
116.235.240.118 - - [23/Jan/2024:09:49:24 +0800] "GET /xingrg/all/function/internal_message.html?_=1705974570575&CODE_STATE=getMsg HTTP/1.1" 200 27
114.83.223.112 - - [23/Jan/2024:09:49:27 +0800] "POST /xingrg/kc/buy/cgsh_list_operate.html HTTP/1.1" 200 353
114.95.241.104 - - [23/Jan/2024:09:49:27 +0800] "GET /xingrg/all/function/internal_message.html?_=1705974566774&CODE_STATE=getMsg HTTP/1.1" 200 27
124.78.68.102 - - [23/Jan/2024:09:49:29 +0800] "GET /xingrg/kc/buy/cgsh_order_operate.html?command=get_materiel&rest_code=00141&code=00101008224&supplier_code=00100007&order_time=2024-01-23 HTTP/1.1" 200 416
114.83.223.112 - - [23/Jan/2024:09:49:30 +0800] "GET /xingrg/kc/buy/cgsh_order_info.html?code=212024012209393 HTTP/1.1" 200 73070
114.83.223.112 - - [23/Jan/2024:09:49:30 +0800] "GET /xingrg/javascript/easyui/themes/default/validatebox.css HTTP/1.1" 404 1104
114.83.223.112 - - [23/Jan/2024:09:49:30 +0800] "GET /xingrg/all/function/internal_message.html?_=1705974568297&CODE_STATE=getMsg HTTP/1.1" 200 27
114.83.223.112 - - [23/Jan/2024:09:49:31 +0800] "POST /xingrg/kc/buy/cgsh_order_operate.html HTTP/1.1" 200 3860
114.95.241.104 - - [23/Jan/2024:09:49:31 +0800] "GET /xingrg/check_reg.html?_=1705974571390 HTTP/1.1" 200 22
114.95.241.104 - - [23/Jan/2024:09:49:31 +0800] "GET /xingrg/all/function/internal_message.html?_=1705974571395&CODE_STATE=getMsg HTTP/1.1" 200 27
116.232.193.168 - - [23/Jan/2024:09:49:33 +0800] "GET /xingrg/all/function/internal_message.html?_=1705974492324&CODE_STATE=getMsg HTTP/1.1" 200 27
114.83.223.112 - - [23/Jan/2024:09:49:34 +0800] "GET /xingrg/kc/print/load_data.html?order_code=212024012209393&kc_code=cgsh&condition= HTTP/1.1" 200 1155
180.164.1.25 - - [23/Jan/2024:09:49:34 +0800] "GET /xingrg/kc/buy/cgsh_order_operate.html?command=get_materiel&rest_code=00108&code=00101006055&supplier_code=00100012&order_time=2024-01-23 HTTP/1.1" 200 409
180.152.241.32 - - [23/Jan/2024:09:49:35 +0800] "GET /xingrg/all/function/internal_message.html?_=1705974576566&CODE_STATE=getMsg HTTP/1.1" 200 27
124.78.68.102 - - [23/Jan/2024:09:49:38 +0800] "GET /xingrg/kc/buy/cgsh_order_operate.html?command=get_materiel&rest_code=00141&code=00101008370&supplier_code=00100007&order_time=2024-01-23 HTTP/1.1" 200 412
101.83.145.37 - - [23/Jan/2024:09:49:43 +0800] "GET /xingrg/all/function/internal_message.html?_=1705974349068&CODE_STATE=getMsg HTTP/1.1" 200 27
180.164.1.25 - - [23/Jan/2024:09:49:45 +0800] "GET /xingrg/kc/buy/cgsh_order_operate.html?command=get_materiel&rest_code=00108&code=00101006115&supplier_code=00100012&order_time=2024-01-23 HTTP/1.1" 200 409
124.78.68.102 - - [23/Jan/2024:09:49:46 +0800] "GET /xingrg/kc/buy/cgsh_order_operate.html?command=get_materiel&rest_code=00141&code=00101008361&supplier_code=00100007&order_time=2024-01-23 HTTP/1.1" 200 408
124.78.68.102 - - [23/Jan/2024:09:49:48 +0800] "POST /xingrg/kc/buy/cgsh_order_operate.html HTTP/1.1" 200 2065
180.163.29.219 - - [23/Jan/2024:09:49:56 +0800] "GET /xingrg/all/function/internal_message.html?_=1705974535794&CODE_STATE=getMsg HTTP/1.1" 302 -
180.163.29.219 - - [23/Jan/2024:09:49:56 +0800] "GET /xingrg/login.html HTTP/1.1" 200 7641
124.78.154.219 - - [23/Jan/2024:09:49:56 +0800] "GET /xingrg/all/function/internal_message.html?_=1705974595781&CODE_STATE=getMsg HTTP/1.1" 200 27
116.232.193.168 - - [23/Jan/2024:09:49:57 +0800] "GET /xingrg/all/function/internal_message.html?_=1705974516177&CODE_STATE=getMsg HTTP/1.1" 200 27
116.232.193.168 - - [23/Jan/2024:09:49:57 +0800] "GET /xingrg/all/function/internal_message.html?_=1705974516363&CODE_STATE=getMsg HTTP/1.1" 200 27
180.164.1.25 - - [23/Jan/2024:09:49:57 +0800] "GET /xingrg/kc/buy/cgsh_order_operate.html?command=get_materiel&rest_code=00108&code=00101006109&supplier_code=00100012&order_time=2024-01-23 HTTP/1.1" 200 409
222.69.132.177 - - [23/Jan/2024:09:50:03 +0800] "GET /xingrg/all/function/internal_message.html?_=1705974603799&CODE_STATE=getMsg HTTP/1.1" 200 27
124.78.68.102 - - [23/Jan/2024:09:50:04 +0800] "GET /xingrg/kc/buy/cgsh_order_operate.html?command=get_materiel&rest_code=00141&code=00101008301&supplier_code=00100007&order_time=2024-01-23 HTTP/1.1" 200 422
101.83.145.37 - - [23/Jan/2024:09:50:06 +0800] "GET /xingrg/all/function/internal_message.html?_=1705974605585&CODE_STATE=getMsg HTTP/1.1" 200 27
180.164.1.25 - - [23/Jan/2024:09:50:09 +0800] "POST /xingrg/kc/buy/cgsh_order_operate.html HTTP/1.1" 200 37
120.253.135.82 - - [23/Jan/2024:09:50:09 +0800] "GET /xingrg/all/function/internal_message.html?_=1705974433678&CODE_STATE=getMsg HTTP/1.1" 200 27
180.164.1.25 - - [23/Jan/2024:09:50:10 +0800] "GET /xingrg/all/function/internal_message.html?_=1705974609550&CODE_STATE=getMsg HTTP/1.1" 200 27
116.230.123.222 - - [23/Jan/2024:09:50:10 +0800] "GET /xingrg/all/function/internal_message.html?_=1705974610343&CODE_STATE=getMsg HTTP/1.1" 200 27
180.164.1.25 - - [23/Jan/2024:09:50:11 +0800] "POST /xingrg/kc/buy/cgsh_order_operate.html HTTP/1.1" 200 6790
180.164.1.25 - - [23/Jan/2024:09:50:12 +0800] "GET /xingrg/kc/print/load_data.html?order_code=212024012309426&kc_code=cgsh&condition= HTTP/1.1" 200 2340
124.78.68.102 - - [23/Jan/2024:09:50:16 +0800] "GET /xingrg/kc/buy/cgsh_order_operate.html?command=get_materiel&rest_code=00141&code=00101008251&supplier_code=00100007&order_time=2024-01-23 HTTP/1.1" 200 408
180.164.1.25 - - [23/Jan/2024:09:50:17 +0800] "GET /xingrg/kc/buy/cgsh_order_add.html HTTP/1.1" 200 73061
222.70.115.1 - - [23/Jan/2024:09:50:18 +0800] "GET /xingrg/all/function/internal_message.html?_=1705974621895&CODE_STATE=getMsg HTTP/1.1" 200 27
180.164.1.25 - - [23/Jan/2024:09:50:18 +0800] "POST /xingrg/kc/buy/cgsh_order_operate.html HTTP/1.1" 200 8245
180.164.1.25 - - [23/Jan/2024:09:50:18 +0800] "GET /xingrg/javascript/easyui/themes/default/validatebox.css HTTP/1.1" 404 1104
124.78.68.102 - - [23/Jan/2024:09:50:20 +0800] "GET /xingrg/all/function/internal_message.html?_=1705974620575&CODE_STATE=getMsg HTTP/1.1" 200 27
114.83.223.112 - - [23/Jan/2024:09:50:23 +0800] "POST /xingrg/kc/buy/cgsh_list_operate.html HTTP/1.1" 200 5590
180.171.56.87 - - [23/Jan/2024:09:50:24 +0800] "GET /xingrg/all/function/internal_message.html?_=1705974628908&CODE_STATE=getMsg HTTP/1.1" 200 27
116.235.240.118 - - [23/Jan/2024:09:50:24 +0800] "GET /xingrg/all/function/internal_message.html?_=1705974630581&CODE_STATE=getMsg HTTP/1.1" 200 27
114.95.241.104 - - [23/Jan/2024:09:50:27 +0800] "GET /xingrg/all/function/internal_message.html?_=1705974626776&CODE_STATE=getMsg HTTP/1.1" 200 27
180.164.1.25 - - [23/Jan/2024:09:50:29 +0800] "GET /xingrg/kc/buy/cgsh_order_operate.html?command=get_materiel&rest_code=00108&code=00101007049&supplier_code=00100002&order_time=2024-01-23 HTTP/1.1" 200 409
114.83.223.112 - - [23/Jan/2024:09:50:30 +0800] "GET /xingrg/all/function/internal_message.html?_=1705974628309&CODE_STATE=getMsg HTTP/1.1" 200 27
114.83.223.112 - - [23/Jan/2024:09:50:30 +0800] "POST /xingrg/kc/buy/cgsh_list_operate.html HTTP/1.1" 200 5590
114.95.241.104 - - [23/Jan/2024:09:50:31 +0800] "GET /xingrg/all/function/internal_message.html?_=1705974631382&CODE_STATE=getMsg HTTP/1.1" 200 27
116.232.193.168 - - [23/Jan/2024:09:50:33 +0800] "GET /xingrg/all/function/internal_message.html?_=1705974552308&CODE_STATE=getMsg HTTP/1.1" 200 27
180.152.241.32 - - [23/Jan/2024:09:50:35 +0800] "GET /xingrg/all/function/internal_message.html?_=1705974636582&CODE_STATE=getMsg HTTP/1.1" 200 27
180.164.1.25 - - [23/Jan/2024:09:50:37 +0800] "GET /xingrg/kc/buy/cgsh_order_operate.html?command=get_materiel&rest_code=00108&code=00101007072&supplier_code=00100002&order_time=2024-01-23 HTTP/1.1" 200 419
114.83.223.112 - - [23/Jan/2024:09:50:40 +0800] "POST /xingrg/kc/buy/cgsh_list_operate.html HTTP/1.1" 200 204
101.83.145.37 - - [23/Jan/2024:09:50:43 +0800] "GET /xingrg/all/function/internal_message.html?_=1705974409053&CODE_STATE=getMsg HTTP/1.1" 200 27
114.83.223.112 - - [23/Jan/2024:09:50:43 +0800] "GET /xingrg/kc/buy/cgsh_order_info.html?code=212024012209394 HTTP/1.1" 200 73066
114.83.223.112 - - [23/Jan/2024:09:50:43 +0800] "GET /xingrg/javascript/easyui/themes/default/validatebox.css HTTP/1.1" 404 1104
124.78.68.102 - - [23/Jan/2024:09:50:43 +0800] "POST /xingrg/kc/buy/cgsh_order_operate.html HTTP/1.1" 200 2065
101.83.145.37 - - [23/Jan/2024:09:50:44 +0800] "GET /xingrg/check_reg.html?_=1705974409727 HTTP/1.1" 200 22
114.83.223.112 - - [23/Jan/2024:09:50:44 +0800] "POST /xingrg/kc/buy/cgsh_order_operate.html HTTP/1.1" 200 2667
180.164.1.25 - - [23/Jan/2024:09:50:47 +0800] "GET /xingrg/kc/buy/cgsh_order_operate.html?command=get_materiel&rest_code=00108&code=00101007048&supplier_code=00100002&order_time=2024-01-23 HTTP/1.1" 200 408
114.83.223.112 - - [23/Jan/2024:09:50:47 +0800] "GET /xingrg/kc/print/load_data.html?order_code=212024012209394&kc_code=cgsh&condition= HTTP/1.1" 200 742
124.78.154.219 - - [23/Jan/2024:09:50:56 +0800] "GET /xingrg/all/function/internal_message.html?_=1705974655797&CODE_STATE=getMsg HTTP/1.1" 200 27
180.164.1.25 - - [23/Jan/2024:09:50:56 +0800] "GET /xingrg/kc/buy/cgsh_order_operate.html?command=get_materiel&rest_code=00108&code=00101007061&supplier_code=00100002&order_time=2024-01-23 HTTP/1.1" 200 409
116.232.193.168 - - [23/Jan/2024:09:50:57 +0800] "GET /xingrg/all/function/internal_message.html?_=1705974576173&CODE_STATE=getMsg HTTP/1.1" 200 27
116.232.193.168 - - [23/Jan/2024:09:50:57 +0800] "GET /xingrg/all/function/internal_message.html?_=1705974576363&CODE_STATE=getMsg HTTP/1.1" 200 27
124.78.68.102 - - [23/Jan/2024:09:50:58 +0800] "GET /xingrg/kc/buy/cgsh_order_operate.html?command=get_materiel&rest_code=00141&code=00101008368&supplier_code=00100007&order_time=2024-01-23 HTTP/1.1" 200 408
222.69.132.177 - - [23/Jan/2024:09:51:03 +0800] "GET /xingrg/all/function/internal_message.html?_=1705974663807&CODE_STATE=getMsg HTTP/1.1" 200 27
101.83.145.37 - - [23/Jan/2024:09:51:06 +0800] "GET /xingrg/all/function/internal_message.html?_=1705974665588&CODE_STATE=getMsg HTTP/1.1" 200 27
180.164.1.25 - - [23/Jan/2024:09:51:07 +0800] "POST /xingrg/kc/buy/cgsh_order_operate.html HTTP/1.1" 200 37
120.253.135.82 - - [23/Jan/2024:09:51:09 +0800] "GET /xingrg/all/function/internal_message.html?_=1705974493705&CODE_STATE=getMsg HTTP/1.1" 200 27
180.164.1.25 - - [23/Jan/2024:09:51:10 +0800] "POST /xingrg/kc/buy/cgsh_order_operate.html HTTP/1.1" 200 4428
180.164.1.25 - - [23/Jan/2024:09:51:10 +0800] "GET /xingrg/all/function/internal_message.html?_=1705974669533&CODE_STATE=getMsg HTTP/1.1" 200 27
116.230.123.222 - - [23/Jan/2024:09:51:10 +0800] "GET /xingrg/all/function/internal_message.html?_=1705974670326&CODE_STATE=getMsg HTTP/1.1" 200 27
180.164.1.25 - - [23/Jan/2024:09:51:11 +0800] "GET /xingrg/kc/print/load_data.html?order_code=212024012309427&kc_code=cgsh&condition= HTTP/1.1" 200 1431
222.70.115.1 - - [23/Jan/2024:09:51:19 +0800] "GET /xingrg/all/function/internal_message.html?_=1705974682897&CODE_STATE=getMsg HTTP/1.1" 200 27
124.78.68.102 - - [23/Jan/2024:09:51:20 +0800] "GET /xingrg/all/function/internal_message.html?_=1705974680557&CODE_STATE=getMsg HTTP/1.1" 200 27
180.164.1.25 - - [23/Jan/2024:09:51:20 +0800] "GET /xingrg/kc/buy/cgsh_order_add.html HTTP/1.1" 200 73061
180.164.1.25 - - [23/Jan/2024:09:51:21 +0800] "POST /xingrg/kc/buy/cgsh_order_operate.html HTTP/1.1" 200 8245
180.164.1.25 - - [23/Jan/2024:09:51:21 +0800] "GET /xingrg/javascript/easyui/themes/default/validatebox.css HTTP/1.1" 404 1104
124.78.68.102 - - [23/Jan/2024:09:51:21 +0800] "GET /xingrg/kc/buy/cgsh_order_operate.html?command=get_materiel&rest_code=00141&code=00101008274&supplier_code=00100007&order_time=2024-01-23 HTTP/1.1" 200 412
180.171.56.87 - - [23/Jan/2024:09:51:24 +0800] "GET /xingrg/all/function/internal_message.html?_=1705974688907&CODE_STATE=getMsg HTTP/1.1" 200 27
124.78.68.102 - - [23/Jan/2024:09:51:24 +0800] "POST /xingrg/kc/buy/cgsh_order_operate.html HTTP/1.1" 200 2065
116.235.240.118 - - [23/Jan/2024:09:51:24 +0800] "GET /xingrg/all/function/internal_message.html?_=1705974690596&CODE_STATE=getMsg HTTP/1.1" 200 27
114.95.241.104 - - [23/Jan/2024:09:51:27 +0800] "GET /xingrg/all/function/internal_message.html?_=1705974686771&CODE_STATE=getMsg HTTP/1.1" 200 27
114.83.223.112 - - [23/Jan/2024:09:51:30 +0800] "GET /xingrg/all/function/internal_message.html?_=1705974688312&CODE_STATE=getMsg HTTP/1.1" 200 27
114.95.241.104 - - [23/Jan/2024:09:51:31 +0800] "GET /xingrg/all/function/internal_message.html?_=1705974691375&CODE_STATE=getMsg HTTP/1.1" 200 27
180.164.1.25 - - [23/Jan/2024:09:51:32 +0800] "GET /xingrg/kc/buy/cgsh_order_operate.html?command=get_materiel&rest_code=00108&code=00101023022&supplier_code=00100036&order_time=2024-01-23 HTTP/1.1" 200 406
116.232.193.168 - - [23/Jan/2024:09:51:33 +0800] "GET /xingrg/all/function/internal_message.html?_=1705974612285&CODE_STATE=getMsg HTTP/1.1" 200 27
180.152.241.32 - - [23/Jan/2024:09:51:35 +0800] "GET /xingrg/check_reg.html?_=1705974696580 HTTP/1.1" 200 22
180.152.241.32 - - [23/Jan/2024:09:51:35 +0800] "GET /xingrg/all/function/internal_message.html?_=1705974696583&CODE_STATE=getMsg HTTP/1.1" 200 27
114.83.223.112 - - [23/Jan/2024:09:51:39 +0800] "POST /xingrg/kc/buy/cgsh_list_operate.html HTTP/1.1" 200 5590
124.78.68.102 - - [23/Jan/2024:09:51:40 +0800] "GET /xingrg/kc/buy/cgsh_order_operate.html?command=get_materiel&rest_code=00141&code=00101008080&supplier_code=00100007&order_time=2024-01-23 HTTP/1.1" 200 416
124.78.68.102 - - [23/Jan/2024:09:51:41 +0800] "GET /xingrg/check_reg.html?_=1705974701974 HTTP/1.1" 200 22
180.164.1.25 - - [23/Jan/2024:09:51:42 +0800] "GET /xingrg/kc/buy/cgsh_order_operate.html?command=get_materiel&rest_code=00108&code=00101011005&supplier_code=00100036&order_time=2024-01-23 HTTP/1.1" 200 428
101.83.145.37 - - [23/Jan/2024:09:51:43 +0800] "GET /xingrg/all/function/internal_message.html?_=1705974469026&CODE_STATE=getMsg HTTP/1.1" 200 27
114.83.223.112 - - [23/Jan/2024:09:51:49 +0800] "POST /xingrg/kc/buy/cgsh_list_operate.html HTTP/1.1" 200 5590
180.164.1.25 - - [23/Jan/2024:09:51:52 +0800] "GET /xingrg/kc/buy/cgsh_order_operate.html?command=get_materiel&rest_code=00108&code=00101012051&supplier_code=00100036&order_time=2024-01-23 HTTP/1.1" 200 408
124.78.154.219 - - [23/Jan/2024:09:51:56 +0800] "GET /xingrg/check_reg.html?_=1705974715785 HTTP/1.1" 200 22
124.78.154.219 - - [23/Jan/2024:09:51:56 +0800] "GET /xingrg/all/function/internal_message.html?_=1705974715790&CODE_STATE=getMsg HTTP/1.1" 200 27
180.163.29.79 - - [23/Jan/2024:09:51:56 +0800] "GET /xingrg/all/function/internal_message.html?_=1705974655797&CODE_STATE=getMsg HTTP/1.1" 302 -
180.163.29.79 - - [23/Jan/2024:09:51:56 +0800] "GET /xingrg/login.html HTTP/1.1" 200 7641
116.232.193.168 - - [23/Jan/2024:09:51:57 +0800] "GET /xingrg/check_reg.html?_=1705974636162 HTTP/1.1" 200 22
116.232.193.168 - - [23/Jan/2024:09:51:57 +0800] "GET /xingrg/all/function/internal_message.html?_=1705974636163&CODE_STATE=getMsg HTTP/1.1" 200 27
116.232.193.168 - - [23/Jan/2024:09:51:57 +0800] "GET /xingrg/check_reg.html?_=1705974636352 HTTP/1.1" 200 22
116.232.193.168 - - [23/Jan/2024:09:51:57 +0800] "GET /xingrg/all/function/internal_message.html?_=1705974636357&CODE_STATE=getMsg HTTP/1.1" 200 27
180.164.1.25 - - [23/Jan/2024:09:52:00 +0800] "GET /xingrg/kc/buy/cgsh_order_operate.html?command=get_materiel&rest_code=00108&code=00101012032&supplier_code=00100036&order_time=2024-01-23 HTTP/1.1" 200 416
222.69.132.177 - - [23/Jan/2024:09:52:03 +0800] "GET /xingrg/all/function/internal_message.html?_=1705974723804&CODE_STATE=getMsg HTTP/1.1" 200 27
101.83.145.37 - - [23/Jan/2024:09:52:06 +0800] "GET /xingrg/all/function/internal_message.html?_=1705974725589&CODE_STATE=getMsg HTTP/1.1" 200 27
180.164.1.25 - - [23/Jan/2024:09:52:09 +0800] "POST /xingrg/kc/buy/cgsh_order_operate.html HTTP/1.1" 200 37
120.253.135.82 - - [23/Jan/2024:09:52:09 +0800] "GET /xingrg/all/function/internal_message.html?_=1705974553705&CODE_STATE=getMsg HTTP/1.1" 200 27
116.230.123.222 - - [23/Jan/2024:09:52:10 +0800] "GET /xingrg/check_reg.html?_=1705974730264 HTTP/1.1" 200 22
116.230.123.222 - - [23/Jan/2024:09:52:10 +0800] "GET /xingrg/all/function/internal_message.html?_=1705974730298&CODE_STATE=getMsg HTTP/1.1" 200 27
114.83.223.112 - - [23/Jan/2024:09:52:12 +0800] "POST /xingrg/kc/buy/cgsh_list_operate.html HTTP/1.1" 200 200
114.83.223.112 - - [23/Jan/2024:09:52:14 +0800] "GET /xingrg/kc/buy/cgsh_order_info.html?code=212024012209395 HTTP/1.1" 200 73072
114.83.223.112 - - [23/Jan/2024:09:52:15 +0800] "GET /xingrg/javascript/easyui/themes/default/validatebox.css HTTP/1.1" 404 1104
180.164.1.25 - - [23/Jan/2024:09:52:15 +0800] "POST /xingrg/kc/buy/cgsh_order_operate.html HTTP/1.1" 200 4418
114.83.223.112 - - [23/Jan/2024:09:52:16 +0800] "POST /xingrg/kc/buy/cgsh_order_operate.html HTTP/1.1" 200 2661
114.83.223.112 - - [23/Jan/2024:09:52:18 +0800] "GET /xingrg/kc/print/load_data.html?order_code=212024012209395&kc_code=cgsh&condition= HTTP/1.1" 200 689
222.70.115.1 - - [23/Jan/2024:09:52:20 +0800] "GET /xingrg/all/function/internal_message.html?_=1705974743900&CODE_STATE=getMsg HTTP/1.1" 200 27
124.78.68.102 - - [23/Jan/2024:09:52:20 +0800] "GET /xingrg/all/function/internal_message.html?_=1705974740555&CODE_STATE=getMsg HTTP/1.1" 200 27
180.171.56.87 - - [23/Jan/2024:09:52:24 +0800] "GET /xingrg/check_reg.html?_=1705974748909 HTTP/1.1" 200 22
180.171.56.87 - - [23/Jan/2024:09:52:24 +0800] "GET /xingrg/all/function/internal_message.html?_=1705974748913&CODE_STATE=getMsg HTTP/1.1" 200 27
116.235.240.118 - - [23/Jan/2024:09:52:24 +0800] "GET /xingrg/check_reg.html?_=1705974750345 HTTP/1.1" 200 22
116.235.240.118 - - [23/Jan/2024:09:52:24 +0800] "GET /xingrg/all/function/internal_message.html?_=1705974750609&CODE_STATE=getMsg HTTP/1.1" 200 27
124.78.68.102 - - [23/Jan/2024:09:52:26 +0800] "GET /xingrg/kc/buy/cgsh_order_operate.html?command=get_materiel&rest_code=00141&code=00101008087&supplier_code=00100007&order_time=2024-01-23 HTTP/1.1" 200 412
180.164.1.25 - - [23/Jan/2024:09:52:27 +0800] "GET /xingrg/kc/print/load_data.html?order_code=212024012309428&kc_code=cgsh&condition= HTTP/1.1" 200 1428
114.95.241.104 - - [23/Jan/2024:09:52:27 +0800] "GET /xingrg/check_reg.html?_=1705974746778 HTTP/1.1" 200 22
114.95.241.104 - - [23/Jan/2024:09:52:27 +0800] "GET /xingrg/all/function/internal_message.html?_=1705974746781&CODE_STATE=getMsg HTTP/1.1" 200 27
116.232.193.168 - - [23/Jan/2024:09:52:27 +0800] "GET /xingrg/check_reg.html?_=1705974666770 HTTP/1.1" 200 22
114.83.223.112 - - [23/Jan/2024:09:52:30 +0800] "GET /xingrg/all/function/internal_message.html?_=1705974748314&CODE_STATE=getMsg HTTP/1.1" 200 27
114.95.241.104 - - [23/Jan/2024:09:52:31 +0800] "GET /xingrg/all/function/internal_message.html?_=1705974751374&CODE_STATE=getMsg HTTP/1.1" 200 27
116.232.193.168 - - [23/Jan/2024:09:52:33 +0800] "GET /xingrg/all/function/internal_message.html?_=1705974672268&CODE_STATE=getMsg HTTP/1.1" 200 27
180.152.241.32 - - [23/Jan/2024:09:52:35 +0800] "GET /xingrg/all/function/internal_message.html?_=1705974756579&CODE_STATE=getMsg HTTP/1.1" 200 27
180.164.1.25 - - [23/Jan/2024:09:52:36 +0800] "GET /xingrg/kc/buy/cgsh_order_add.html HTTP/1.1" 200 73061
180.164.1.25 - - [23/Jan/2024:09:52:37 +0800] "POST /xingrg/kc/buy/cgsh_order_operate.html HTTP/1.1" 200 8245
180.164.1.25 - - [23/Jan/2024:09:52:37 +0800] "GET /xingrg/javascript/easyui/themes/default/validatebox.css HTTP/1.1" 404 1104
124.78.68.102 - - [23/Jan/2024:09:52:39 +0800] "POST /xingrg/kc/buy/cgsh_order_operate.html HTTP/1.1" 200 2065
101.83.145.37 - - [23/Jan/2024:09:52:43 +0800] "GET /xingrg/all/function/internal_message.html?_=1705974528995&CODE_STATE=getMsg HTTP/1.1" 200 27
222.70.115.1 - - [23/Jan/2024:09:52:45 +0800] "POST /xingrg/services/DataTransmitService HTTP/1.1" 200 524
124.78.68.102 - - [23/Jan/2024:09:52:47 +0800] "GET /xingrg/kc/buy/cgsh_order_operate.html?command=get_materiel&rest_code=00141&code=00101008059&supplier_code=00100007&order_time=2024-01-23 HTTP/1.1" 200 408
172.20.0.100 - - [23/Jan/2024:09:52:51 +0800] "GET /xingrg/check_reg.html?_=1705974775554 HTTP/1.1" 200 22
180.163.29.206 - - [23/Jan/2024:09:52:56 +0800] "GET /xingrg/all/function/internal_message.html?_=1705974715790&CODE_STATE=getMsg HTTP/1.1" 302 -
180.163.29.206 - - [23/Jan/2024:09:52:56 +0800] "GET /xingrg/login.html HTTP/1.1" 200 7641
124.78.154.219 - - [23/Jan/2024:09:52:56 +0800] "GET /xingrg/all/function/internal_message.html?_=1705974775793&CODE_STATE=getMsg HTTP/1.1" 200 27
116.232.193.168 - - [23/Jan/2024:09:52:57 +0800] "GET /xingrg/all/function/internal_message.html?_=1705974696176&CODE_STATE=getMsg HTTP/1.1" 200 27
116.232.193.168 - - [23/Jan/2024:09:52:57 +0800] "GET /xingrg/all/function/internal_message.html?_=1705974696348&CODE_STATE=getMsg HTTP/1.1" 200 27
124.78.68.102 - - [23/Jan/2024:09:52:59 +0800] "GET /xingrg/kc/buy/cgsh_order_operate.html?command=get_materiel&rest_code=00141&code=00101008098&supplier_code=00100007&order_time=2024-01-23 HTTP/1.1" 200 412
114.95.241.104 - - [23/Jan/2024:09:53:01 +0800] "POST /xingrg/kc/base/wldb_order_operate.html HTTP/1.1" 200 37
222.69.132.177 - - [23/Jan/2024:09:53:03 +0800] "GET /xingrg/all/function/internal_message.html?_=1705974783812&CODE_STATE=getMsg HTTP/1.1" 200 27
114.83.223.112 - - [23/Jan/2024:09:53:06 +0800] "POST /xingrg/kc/buy/cgsh_list_operate.html HTTP/1.1" 200 5590
101.83.145.37 - - [23/Jan/2024:09:53:06 +0800] "GET /xingrg/all/function/internal_message.html?_=1705974785593&CODE_STATE=getMsg HTTP/1.1" 200 27
101.83.145.37 - - [23/Jan/2024:09:53:06 +0800] "GET /xingrg/check_reg.html?_=1705974785622 HTTP/1.1" 200 22
180.164.1.25 - - [23/Jan/2024:09:53:07 +0800] "GET /xingrg/check_reg.html?_=1705974786879 HTTP/1.1" 200 22
114.95.241.104 - - [23/Jan/2024:09:53:08 +0800] "POST /xingrg/kc/base/wldb_order_operate.html HTTP/1.1" 200 12
114.95.241.104 - - [23/Jan/2024:09:53:08 +0800] "POST /xingrg/kc/base/wldb_order_operate.html HTTP/1.1" 200 5075
120.253.135.82 - - [23/Jan/2024:09:53:09 +0800] "GET /xingrg/check_reg.html?_=1705974613298 HTTP/1.1" 200 22
120.253.135.82 - - [23/Jan/2024:09:53:09 +0800] "GET /xingrg/all/function/internal_message.html?_=1705974613719&CODE_STATE=getMsg HTTP/1.1" 200 27
180.164.1.25 - - [23/Jan/2024:09:53:10 +0800] "GET /xingrg/all/function/internal_message.html?_=1705974789550&CODE_STATE=getMsg HTTP/1.1" 200 27
116.230.123.222 - - [23/Jan/2024:09:53:10 +0800] "GET /xingrg/all/function/internal_message.html?_=1705974790271&CODE_STATE=getMsg HTTP/1.1" 200 27
114.95.241.104 - - [23/Jan/2024:09:53:12 +0800] "GET /xingrg/kc/base/wldb_order_info.html?code=422024012302431 HTTP/1.1" 200 26229
114.95.241.104 - - [23/Jan/2024:09:53:13 +0800] "GET /xingrg/javascript/easyui/themes/default/validatebox.css HTTP/1.1" 404 1104
114.95.241.104 - - [23/Jan/2024:09:53:13 +0800] "POST /xingrg/kc/base/wldb_order_operate.html HTTP/1.1" 200 3301
114.83.223.112 - - [23/Jan/2024:09:53:15 +0800] "POST /xingrg/kc/buy/cgsh_list_operate.html HTTP/1.1" 200 5590
114.95.241.104 - - [23/Jan/2024:09:53:18 +0800] "GET /xingrg/kc/base/wldb_order_add.html HTTP/1.1" 200 30350
114.95.241.104 - - [23/Jan/2024:09:53:19 +0800] "POST /xingrg/kc/base/wldb_order_operate.html HTTP/1.1" 200 6806
114.95.241.104 - - [23/Jan/2024:09:53:19 +0800] "GET /xingrg/javascript/easyui/themes/default/validatebox.css HTTP/1.1" 404 1104
124.78.68.102 - - [23/Jan/2024:09:53:20 +0800] "GET /xingrg/all/function/internal_message.html?_=1705974800555&CODE_STATE=getMsg HTTP/1.1" 200 27
222.70.115.1 - - [23/Jan/2024:09:53:21 +0800] "GET /xingrg/all/function/internal_message.html?_=1705974804902&CODE_STATE=getMsg HTTP/1.1" 200 27
222.70.115.1 - - [23/Jan/2024:09:53:21 +0800] "GET /xingrg/check_reg.html?_=1705974804903 HTTP/1.1" 200 22
180.171.56.87 - - [23/Jan/2024:09:53:24 +0800] "GET /xingrg/all/function/internal_message.html?_=1705974808913&CODE_STATE=getMsg HTTP/1.1" 200 27
116.235.240.118 - - [23/Jan/2024:09:53:24 +0800] "GET /xingrg/all/function/internal_message.html?_=1705974810623&CODE_STATE=getMsg HTTP/1.1" 200 27
124.78.68.102 - - [23/Jan/2024:09:53:26 +0800] "GET /xingrg/kc/buy/cgsh_order_operate.html?command=get_materiel&rest_code=00141&code=00101008372&supplier_code=00100007&order_time=2024-01-23 HTTP/1.1" 200 408
114.95.241.104 - - [23/Jan/2024:09:53:27 +0800] "GET /xingrg/all/function/internal_message.html?_=1705974806781&CODE_STATE=getMsg HTTP/1.1" 200 27
114.83.223.112 - - [23/Jan/2024:09:53:30 +0800] "GET /xingrg/check_reg.html?_=1705974808344 HTTP/1.1" 200 22
114.83.223.112 - - [23/Jan/2024:09:53:30 +0800] "GET /xingrg/all/function/internal_message.html?_=1705974808348&CODE_STATE=getMsg HTTP/1.1" 200 27
114.95.241.104 - - [23/Jan/2024:09:53:31 +0800] "GET /xingrg/all/function/internal_message.html?_=1705974811362&CODE_STATE=getMsg HTTP/1.1" 200 27
114.83.223.112 - - [23/Jan/2024:09:53:31 +0800] "POST /xingrg/kc/buy/cgsh_list_operate.html HTTP/1.1" 200 362
116.232.193.168 - - [23/Jan/2024:09:53:33 +0800] "GET /xingrg/all/function/internal_message.html?_=1705974732247&CODE_STATE=getMsg HTTP/1.1" 200 27
180.152.241.32 - - [23/Jan/2024:09:53:35 +0800] "GET /xingrg/all/function/internal_message.html?_=1705974816569&CODE_STATE=getMsg HTTP/1.1" 200 27
114.83.223.112 - - [23/Jan/2024:09:53:35 +0800] "GET /xingrg/kc/buy/cgsh_order_info.html?code=212024012209396 HTTP/1.1" 200 73066
114.83.223.112 - - [23/Jan/2024:09:53:36 +0800] "GET /xingrg/javascript/easyui/themes/default/validatebox.css HTTP/1.1" 404 1104
114.83.223.112 - - [23/Jan/2024:09:53:36 +0800] "POST /xingrg/kc/buy/cgsh_order_operate.html HTTP/1.1" 200 3870
114.83.223.112 - - [23/Jan/2024:09:53:39 +0800] "GET /xingrg/kc/print/load_data.html?order_code=212024012209396&kc_code=cgsh&condition= HTTP/1.1" 200 1242
101.83.145.37 - - [23/Jan/2024:09:53:43 +0800] "GET /xingrg/all/function/internal_message.html?_=1705974588980&CODE_STATE=getMsg HTTP/1.1" 200 27
124.78.68.102 - - [23/Jan/2024:09:53:44 +0800] "GET /xingrg/kc/buy/cgsh_order_operate.html?command=get_materiel&rest_code=00141&code=00101008155&supplier_code=00100007&order_time=2024-01-23 HTTP/1.1" 200 408
124.78.68.102 - - [23/Jan/2024:09:53:48 +0800] "POST /xingrg/kc/buy/cgsh_order_operate.html HTTP/1.1" 200 2065
124.78.154.219 - - [23/Jan/2024:09:53:56 +0800] "GET /xingrg/all/function/internal_message.html?_=1705974835799&CODE_STATE=getMsg HTTP/1.1" 200 27
116.232.193.168 - - [23/Jan/2024:09:53:57 +0800] "GET /xingrg/all/function/internal_message.html?_=1705974756176&CODE_STATE=getMsg HTTP/1.1" 200 27
116.232.193.168 - - [23/Jan/2024:09:53:57 +0800] "GET /xingrg/all/function/internal_message.html?_=1705974756365&CODE_STATE=getMsg HTTP/1.1" 200 27
222.69.132.177 - - [23/Jan/2024:09:54:03 +0800] "GET /xingrg/check_reg.html?_=1705974843806 HTTP/1.1" 200 22
222.69.132.177 - - [23/Jan/2024:09:54:03 +0800] "GET /xingrg/all/function/internal_message.html?_=1705974843815&CODE_STATE=getMsg HTTP/1.1" 200 27
101.83.145.37 - - [23/Jan/2024:09:54:06 +0800] "GET /xingrg/all/function/internal_message.html?_=1705974845622&CODE_STATE=getMsg HTTP/1.1" 200 27
120.253.135.82 - - [23/Jan/2024:09:54:09 +0800] "GET /xingrg/all/function/internal_message.html?_=1705974673732&CODE_STATE=getMsg HTTP/1.1" 200 27
180.164.1.25 - - [23/Jan/2024:09:54:10 +0800] "GET /xingrg/all/function/internal_message.html?_=1705974849547&CODE_STATE=getMsg HTTP/1.1" 200 27
116.230.123.222 - - [23/Jan/2024:09:54:10 +0800] "GET /xingrg/all/function/internal_message.html?_=1705974850243&CODE_STATE=getMsg HTTP/1.1" 200 27
124.78.68.102 - - [23/Jan/2024:09:54:12 +0800] "GET /xingrg/kc/buy/cgsh_order_operate.html?command=get_materiel&rest_code=00141&code=00101008108&supplier_code=00100007&order_time=2024-01-23 HTTP/1.1" 200 412
124.78.68.102 - - [23/Jan/2024:09:54:20 +0800] "GET /xingrg/all/function/internal_message.html?_=1705974860529&CODE_STATE=getMsg HTTP/1.1" 200 27
