114.95.241.104 - - [23/Jan/2024:09:34:28 +0800] "GET /xingrg/all/function/internal_message.html?_=1705973666765&CODE_STATE=getMsg HTTP/1.1" 200 27
114.83.223.112 - - [23/Jan/2024:09:34:30 +0800] "GET /xingrg/all/function/internal_message.html?_=1705973668276&CODE_STATE=getMsg HTTP/1.1" 200 27
116.230.123.222 - - [23/Jan/2024:09:34:31 +0800] "GET /xingrg/kc/buy/cgsh_order_operate.html?command=get_materiel&rest_code=00111&code=00101008077&supplier_code=00100005&order_time=2024-01-23 HTTP/1.1" 200 416
116.232.193.168 - - [23/Jan/2024:09:34:33 +0800] "GET /xingrg/all/function/internal_message.html?_=1705973592581&CODE_STATE=getMsg HTTP/1.1" 200 27
180.152.241.32 - - [23/Jan/2024:09:34:35 +0800] "GET /xingrg/all/function/internal_message.html?_=1705973676584&CODE_STATE=getMsg HTTP/1.1" 200 27
114.95.241.104 - - [23/Jan/2024:09:34:35 +0800] "GET /xingrg/kc/buy/cgsh_order_operate.html?command=get_materiel&rest_code=00151&code=00101008005&supplier_code=00100008&order_time=2024-01-23 HTTP/1.1" 200 412
116.235.240.118 - - [23/Jan/2024:09:34:37 +0800] "POST /xingrg/services/DataTransmitService HTTP/1.1" 200 524
116.235.240.118 - - [23/Jan/2024:09:34:38 +0800] "POST /xingrg/services/DataTransmitService HTTP/1.1" 200 412
116.235.240.118 - - [23/Jan/2024:09:34:39 +0800] "GET /xingrg/kc/buy/cgsh_order_operate.html?command=get_materiel&rest_code=00146&code=00101002027&supplier_code=00100199&order_time=2024-01-23 HTTP/1.1" 200 413
114.95.241.104 - - [23/Jan/2024:09:34:42 +0800] "GET /xingrg/kc/buy/cgsh_order_operate.html?command=get_materiel&rest_code=00151&code=00101008353&supplier_code=00100008&order_time=2024-01-23 HTTP/1.1" 200 408
124.78.68.102 - - [23/Jan/2024:09:34:43 +0800] "GET /xingrg/kc/buy/cgsh_order_operate.html?command=get_materiel&rest_code=00141&code=00101016030&supplier_code=00100036&order_time=2024-01-23 HTTP/1.1" 200 412
101.83.145.37 - - [23/Jan/2024:09:34:44 +0800] "GET /xingrg/all/function/internal_message.html?_=1705973449398&CODE_STATE=getMsg HTTP/1.1" 200 27
124.78.68.102 - - [23/Jan/2024:09:34:45 +0800] "POST /xingrg/services/DataTransmitService HTTP/1.1" 200 524
116.230.123.222 - - [23/Jan/2024:09:34:46 +0800] "GET /xingrg/all/function/internal_message.html?_=1705973685729&CODE_STATE=getMsg HTTP/1.1" 200 27
180.164.1.25 - - [23/Jan/2024:09:34:49 +0800] "GET /xingrg/kc/buy/cgsh_order_operate.html?command=get_materiel&rest_code=00108&code=00101008182&supplier_code=00100007&order_time=2024-01-23 HTTP/1.1" 200 413
114.95.241.104 - - [23/Jan/2024:09:34:50 +0800] "GET /xingrg/kc/buy/cgsh_order_operate.html?command=get_materiel&rest_code=00151&code=00101008275&supplier_code=00100008&order_time=2024-01-23 HTTP/1.1" 200 416
116.235.240.118 - - [23/Jan/2024:09:34:56 +0800] "GET /xingrg/all/function/internal_message.html?_=1705973702429&CODE_STATE=getMsg HTTP/1.1" 200 27
116.232.193.168 - - [23/Jan/2024:09:34:57 +0800] "GET /xingrg/all/function/internal_message.html?_=1705973616183&CODE_STATE=getMsg HTTP/1.1" 200 27
116.232.193.168 - - [23/Jan/2024:09:34:57 +0800] "GET /xingrg/all/function/internal_message.html?_=1705973616340&CODE_STATE=getMsg HTTP/1.1" 200 27
116.230.123.222 - - [23/Jan/2024:09:34:58 +0800] "GET /xingrg/kc/buy/cgsh_order_operate.html?command=get_materiel&rest_code=00111&code=00101008357&supplier_code=00100005&order_time=2024-01-23 HTTP/1.1" 200 408
124.78.68.102 - - [23/Jan/2024:09:34:58 +0800] "GET /xingrg/kc/buy/cgsh_order_operate.html?command=get_materiel&rest_code=00141&code=00101010092&supplier_code=00100036&order_time=2024-01-23 HTTP/1.1" 200 431
114.95.241.104 - - [23/Jan/2024:09:34:59 +0800] "GET /xingrg/kc/buy/cgsh_order_operate.html?command=get_materiel&rest_code=00151&code=00101008210&supplier_code=00100008&order_time=2024-01-23 HTTP/1.1" 200 408
180.164.1.25 - - [23/Jan/2024:09:35:00 +0800] "GET /xingrg/kc/buy/cgsh_order_operate.html?command=get_materiel&rest_code=00108&code=00101009044&supplier_code=00100007&order_time=2024-01-23 HTTP/1.1" 200 412
101.83.145.37 - - [23/Jan/2024:09:35:01 +0800] "POST /xingrg/kc/mdqp/pssh_list_operate.html HTTP/1.1" 200 757
101.83.145.37 - - [23/Jan/2024:09:35:02 +0800] "GET /xingrg/kc/mdqp/pssh_order_info.html?code=312024012100527 HTTP/1.1" 200 17293
101.83.145.37 - - [23/Jan/2024:09:35:02 +0800] "GET /xingrg/javascript/jquery_tools/jquery-1.4.2.min.js HTTP/1.1" 404 1094
101.83.145.37 - - [23/Jan/2024:09:35:03 +0800] "POST /xingrg/kc/mdqp/pssh_order_operate.html HTTP/1.1" 200 13092
101.83.145.37 - - [23/Jan/2024:09:35:03 +0800] "GET /xingrg/javascript/easyui/themes/default/validatebox.css HTTP/1.1" 404 1104
222.70.115.1 - - [23/Jan/2024:09:35:03 +0800] "GET /xingrg/all/function/internal_message.html?_=1705973706857&CODE_STATE=getMsg HTTP/1.1" 200 27
222.69.132.177 - - [23/Jan/2024:09:35:03 +0800] "GET /xingrg/all/function/internal_message.html?_=1705973703812&CODE_STATE=getMsg HTTP/1.1" 200 27
101.83.145.37 - - [23/Jan/2024:09:35:06 +0800] "GET /xingrg/all/function/internal_message.html?_=1705973705590&CODE_STATE=getMsg HTTP/1.1" 200 27
101.83.145.37 - - [23/Jan/2024:09:35:06 +0800] "GET /xingrg/javascript/jquery_tools/images/prev.gif HTTP/1.1" 404 1086
101.83.145.37 - - [23/Jan/2024:09:35:06 +0800] "GET /xingrg/javascript/jquery_tools/images/next.gif HTTP/1.1" 404 1086
114.95.241.104 - - [23/Jan/2024:09:35:07 +0800] "GET /xingrg/all/function/internal_message.html?_=1705973707654&CODE_STATE=getMsg HTTP/1.1" 200 27
180.164.1.25 - - [23/Jan/2024:09:35:08 +0800] "GET /xingrg/all/function/internal_message.html?_=1705973707012&CODE_STATE=getMsg HTTP/1.1" 200 27
114.95.241.104 - - [23/Jan/2024:09:35:09 +0800] "GET /xingrg/kc/buy/cgsh_order_operate.html?command=get_materiel&rest_code=00151&code=00101008298&supplier_code=00100008&order_time=2024-01-23 HTTP/1.1" 200 412
116.230.123.222 - - [23/Jan/2024:09:35:09 +0800] "GET /xingrg/kc/buy/cgsh_order_operate.html?command=get_materiel&rest_code=00111&code=00101008069&supplier_code=00100005&order_time=2024-01-23 HTTP/1.1" 200 412
120.253.135.82 - - [23/Jan/2024:09:35:09 +0800] "GET /xingrg/all/function/internal_message.html?_=1705973533443&CODE_STATE=getMsg HTTP/1.1" 200 27
101.83.145.37 - - [23/Jan/2024:09:35:11 +0800] "POST /xingrg/all/common/load_combo.html?type=employee HTTP/1.1" 200 356
116.230.123.222 - - [23/Jan/2024:09:35:11 +0800] "POST /xingrg/kc/buy/cgsh_order_operate.html HTTP/1.1" 200 2065
124.78.68.102 - - [23/Jan/2024:09:35:13 +0800] "POST /xingrg/kc/buy/cgsh_order_operate.html HTTP/1.1" 200 37
180.164.1.25 - - [23/Jan/2024:09:35:15 +0800] "GET /xingrg/kc/buy/cgsh_order_operate.html?command=get_materiel&rest_code=00108&code=00101009006&supplier_code=00100007&order_time=2024-01-23 HTTP/1.1" 200 409
116.235.240.118 - - [23/Jan/2024:09:35:15 +0800] "GET /xingrg/kc/buy/cgsh_order_operate.html?command=get_materiel&rest_code=00146&code=00101002007&supplier_code=00100199&order_time=2024-01-23 HTTP/1.1" 200 409
116.230.123.222 - - [23/Jan/2024:09:35:20 +0800] "GET /xingrg/kc/buy/cgsh_order_operate.html?command=get_materiel&rest_code=00111&code=00101008286&supplier_code=00100005&order_time=2024-01-23 HTTP/1.1" 200 408
124.78.68.102 - - [23/Jan/2024:09:35:21 +0800] "GET /xingrg/all/function/internal_message.html?_=1705973720912&CODE_STATE=getMsg HTTP/1.1" 200 27
124.78.68.102 - - [23/Jan/2024:09:35:22 +0800] "POST /xingrg/kc/buy/cgsh_order_operate.html HTTP/1.1" 200 12
101.83.145.37 - - [23/Jan/2024:09:35:22 +0800] "POST /xingrg/kc/mdqp/pssh_order_operate.html HTTP/1.1" 200 37
124.78.68.102 - - [23/Jan/2024:09:35:25 +0800] "GET /xingrg/kc/buy/cgsh_order_info.html?code=212024012309418 HTTP/1.1" 200 67880
124.78.68.102 - - [23/Jan/2024:09:35:26 +0800] "GET /xingrg/javascript/easyui/themes/default/validatebox.css HTTP/1.1" 404 1104
180.171.56.87 - - [23/Jan/2024:09:35:26 +0800] "GET /xingrg/all/function/internal_message.html?_=1705973728906&CODE_STATE=getMsg HTTP/1.1" 200 27
124.78.68.102 - - [23/Jan/2024:09:35:27 +0800] "POST /xingrg/kc/buy/cgsh_order_operate.html HTTP/1.1" 200 3566
114.95.241.104 - - [23/Jan/2024:09:35:27 +0800] "GET /xingrg/all/function/internal_message.html?_=1705973726777&CODE_STATE=getMsg HTTP/1.1" 200 27
101.83.145.37 - - [23/Jan/2024:09:35:29 +0800] "POST /xingrg/kc/mdqp/pssh_order_operate.html HTTP/1.1" 200 12
124.78.68.102 - - [23/Jan/2024:09:35:29 +0800] "GET /xingrg/kc/print/load_data.html?order_code=212024012309418&kc_code=cgsh&condition= HTTP/1.1" 200 1912
180.164.1.25 - - [23/Jan/2024:09:35:29 +0800] "GET /xingrg/kc/buy/cgsh_order_operate.html?command=get_materiel&rest_code=00108&code=00101009062&supplier_code=00100007&order_time=2024-01-23 HTTP/1.1" 200 412
114.83.223.112 - - [23/Jan/2024:09:35:30 +0800] "GET /xingrg/all/function/internal_message.html?_=1705973728278&CODE_STATE=getMsg HTTP/1.1" 200 27
101.83.145.37 - - [23/Jan/2024:09:35:32 +0800] "GET /xingrg/kc/mdqp/pssh_order_info.html?code=312024012100527 HTTP/1.1" 200 14382
101.83.145.37 - - [23/Jan/2024:09:35:32 +0800] "GET /xingrg/javascript/jquery_tools/jquery-1.4.2.min.js HTTP/1.1" 404 1094
101.83.145.37 - - [23/Jan/2024:09:35:33 +0800] "POST /xingrg/kc/mdqp/pssh_order_operate.html HTTP/1.1" 200 13092
101.83.145.37 - - [23/Jan/2024:09:35:33 +0800] "GET /xingrg/javascript/easyui/themes/default/validatebox.css HTTP/1.1" 404 1104
124.78.68.102 - - [23/Jan/2024:09:35:33 +0800] "POST /xingrg/kc/buy/cgsh_order_operate.html HTTP/1.1" 200 8245
124.78.68.102 - - [23/Jan/2024:09:35:33 +0800] "GET /xingrg/javascript/easyui/themes/default/validatebox.css HTTP/1.1" 404 1104
116.232.193.168 - - [23/Jan/2024:09:35:33 +0800] "GET /xingrg/all/function/internal_message.html?_=1705973652571&CODE_STATE=getMsg HTTP/1.1" 200 27
116.230.123.222 - - [23/Jan/2024:09:35:34 +0800] "GET /xingrg/kc/buy/cgsh_order_operate.html?command=get_materiel&rest_code=00111&code=00101008108&supplier_code=00100005&order_time=2024-01-23 HTTP/1.1" 200 412
180.152.241.32 - - [23/Jan/2024:09:35:35 +0800] "GET /xingrg/all/function/internal_message.html?_=1705973736577&CODE_STATE=getMsg HTTP/1.1" 200 27
101.83.145.37 - - [23/Jan/2024:09:35:36 +0800] "GET /xingrg/kc/print/load_data.html?order_code=312024012100527&kc_code=pssh&condition= HTTP/1.1" 200 4856
180.164.1.25 - - [23/Jan/2024:09:35:37 +0800] "POST /xingrg/kc/buy/cgsh_order_operate.html HTTP/1.1" 200 2065
116.235.240.118 - - [23/Jan/2024:09:35:41 +0800] "GET /xingrg/kc/buy/cgsh_order_operate.html?command=get_materiel&rest_code=00146&code=00101001069&supplier_code=00100199&order_time=2024-01-23 HTTP/1.1" 200 411
101.83.145.37 - - [23/Jan/2024:09:35:43 +0800] "GET /xingrg/all/function/internal_message.html?_=1705973509373&CODE_STATE=getMsg HTTP/1.1" 200 27
101.83.145.37 - - [23/Jan/2024:09:35:44 +0800] "GET /xingrg/check_reg.html?_=1705973509735 HTTP/1.1" 200 22
116.230.123.222 - - [23/Jan/2024:09:35:46 +0800] "GET /xingrg/kc/buy/cgsh_order_operate.html?command=get_materiel&rest_code=00111&code=00101008213&supplier_code=00100005&order_time=2024-01-23 HTTP/1.1" 200 412
116.230.123.222 - - [23/Jan/2024:09:35:46 +0800] "GET /xingrg/all/function/internal_message.html?_=1705973745738&CODE_STATE=getMsg HTTP/1.1" 200 27
116.235.240.118 - - [23/Jan/2024:09:35:48 +0800] "GET /xingrg/check_reg.html?_=1705973753747 HTTP/1.1" 200 22
116.235.240.118 - - [23/Jan/2024:09:35:56 +0800] "GET /xingrg/all/function/internal_message.html?_=1705973762438&CODE_STATE=getMsg HTTP/1.1" 200 27
116.232.193.168 - - [23/Jan/2024:09:35:57 +0800] "GET /xingrg/all/function/internal_message.html?_=1705973676163&CODE_STATE=getMsg HTTP/1.1" 200 27
116.232.193.168 - - [23/Jan/2024:09:35:57 +0800] "GET /xingrg/all/function/internal_message.html?_=1705973676353&CODE_STATE=getMsg HTTP/1.1" 200 27
114.95.241.104 - - [23/Jan/2024:09:35:59 +0800] "POST /xingrg/kc/buy/cgsh_order_operate.html HTTP/1.1" 200 37
124.78.68.102 - - [23/Jan/2024:09:36:01 +0800] "GET /xingrg/kc/buy/cgsh_order_operate.html?command=get_materiel&rest_code=00141&code=00101001299&supplier_code=00100040&order_time=2024-01-23 HTTP/1.1" 200 413
116.230.123.222 - - [23/Jan/2024:09:36:01 +0800] "GET /xingrg/kc/buy/cgsh_order_operate.html?command=get_materiel&rest_code=00111&code=00101008283&supplier_code=00100005&order_time=2024-01-23 HTTP/1.1" 200 408
222.69.132.177 - - [23/Jan/2024:09:36:03 +0800] "GET /xingrg/all/function/internal_message.html?_=1705973763803&CODE_STATE=getMsg HTTP/1.1" 200 27
222.70.115.1 - - [23/Jan/2024:09:36:04 +0800] "GET /xingrg/all/function/internal_message.html?_=1705973767860&CODE_STATE=getMsg HTTP/1.1" 200 27
101.83.145.37 - - [23/Jan/2024:09:36:06 +0800] "GET /xingrg/all/function/internal_message.html?_=1705973765587&CODE_STATE=getMsg HTTP/1.1" 200 27
114.95.241.104 - - [23/Jan/2024:09:36:07 +0800] "GET /xingrg/all/function/internal_message.html?_=1705973767649&CODE_STATE=getMsg HTTP/1.1" 200 27
180.164.1.25 - - [23/Jan/2024:09:36:08 +0800] "GET /xingrg/all/function/internal_message.html?_=1705973767025&CODE_STATE=getMsg HTTP/1.1" 200 27
120.253.135.82 - - [23/Jan/2024:09:36:09 +0800] "GET /xingrg/all/function/internal_message.html?_=1705973593470&CODE_STATE=getMsg HTTP/1.1" 200 27
116.235.240.118 - - [23/Jan/2024:09:36:20 +0800] "GET /xingrg/kc/buy/cgsh_order_operate.html?command=get_materiel&rest_code=00146&code=00101001099&supplier_code=00100199&order_time=2024-01-23 HTTP/1.1" 200 23
124.78.68.102 - - [23/Jan/2024:09:36:21 +0800] "GET /xingrg/all/function/internal_message.html?_=1705973780895&CODE_STATE=getMsg HTTP/1.1" 200 27
114.83.223.112 - - [23/Jan/2024:09:36:24 +0800] "POST /xingrg/services/DataTransmitService HTTP/1.1" 401 565
180.171.56.87 - - [23/Jan/2024:09:36:24 +0800] "GET /xingrg/all/function/internal_message.html?_=1705973788907&CODE_STATE=getMsg HTTP/1.1" 200 27
114.95.241.104 - - [23/Jan/2024:09:36:27 +0800] "GET /xingrg/all/function/internal_message.html?_=1705973786766&CODE_STATE=getMsg HTTP/1.1" 200 27
114.83.223.112 - - [23/Jan/2024:09:36:28 +0800] "POST /xingrg/services/DataTransmitService HTTP/1.1" 200 478
114.83.223.112 - - [23/Jan/2024:09:36:30 +0800] "GET /xingrg/all/function/internal_message.html?_=1705973788281&CODE_STATE=getMsg HTTP/1.1" 200 27
180.164.1.25 - - [23/Jan/2024:09:36:30 +0800] "POST /xingrg/kc/buy/cgsh_order_operate.html HTTP/1.1" 200 205
114.83.223.112 - - [23/Jan/2024:09:36:30 +0800] "POST /xingrg/services/DataTransmitService HTTP/1.1" 200 1319
116.230.123.222 - - [23/Jan/2024:09:36:31 +0800] "GET /xingrg/kc/buy/cgsh_order_operate.html?command=get_materiel&rest_code=00111&code=00101008403&supplier_code=00100005&order_time=2024-01-23 HTTP/1.1" 200 23
124.78.68.102 - - [23/Jan/2024:09:36:32 +0800] "GET /xingrg/kc/buy/cgsh_order_operate.html?command=get_materiel&rest_code=00141&code=00101005037&supplier_code=00100040&order_time=2024-01-23 HTTP/1.1" 200 23
114.95.241.104 - - [23/Jan/2024:09:36:32 +0800] "POST /xingrg/kc/buy/cgsh_order_operate.html HTTP/1.1" 200 12
114.83.223.112 - - [23/Jan/2024:09:36:32 +0800] "POST /xingrg/services/DataTransmitService HTTP/1.1" 200 478
114.83.223.112 - - [23/Jan/2024:09:36:33 +0800] "POST /xingrg/services/DataTransmitService HTTP/1.1" 200 1319
114.83.223.112 - - [23/Jan/2024:09:36:33 +0800] "POST /xingrg/services/DataTransmitService HTTP/1.1" 200 524
116.232.193.168 - - [23/Jan/2024:09:36:33 +0800] "GET /xingrg/all/function/internal_message.html?_=1705973712549&CODE_STATE=getMsg HTTP/1.1" 200 27
124.78.154.219 - - [23/Jan/2024:09:36:34 +0800] "POST /xingrg/services/DataTransmitService HTTP/1.1" 200 524
114.83.223.112 - - [23/Jan/2024:09:36:34 +0800] "POST /xingrg/services/DataTransmitService HTTP/1.1" 200 2067
114.83.223.112 - - [23/Jan/2024:09:36:35 +0800] "POST /xingrg/services/DataTransmitService HTTP/1.1" 200 45454
180.152.241.32 - - [23/Jan/2024:09:36:35 +0800] "GET /xingrg/all/function/internal_message.html?_=1705973796577&CODE_STATE=getMsg HTTP/1.1" 200 27
180.152.241.32 - - [23/Jan/2024:09:36:35 +0800] "GET /xingrg/check_reg.html?_=1705973796580 HTTP/1.1" 200 22
114.83.223.112 - - [23/Jan/2024:09:36:35 +0800] "POST /xingrg/services/DataTransmitService HTTP/1.1" 200 19237
114.83.223.112 - - [23/Jan/2024:09:36:39 +0800] "POST /xingrg/services/DataTransmitService HTTP/1.1" 200 524
116.235.240.118 - - [23/Jan/2024:09:36:40 +0800] "POST /xingrg/kc/buy/cgsh_order_operate.html HTTP/1.1" 200 37
124.78.68.102 - - [23/Jan/2024:09:36:40 +0800] "POST /xingrg/kc/buy/cgsh_order_operate.html HTTP/1.1" 200 8245
124.78.68.102 - - [23/Jan/2024:09:36:41 +0800] "GET /xingrg/javascript/easyui/themes/default/validatebox.css HTTP/1.1" 404 1104
114.83.223.112 - - [23/Jan/2024:09:36:41 +0800] "POST /xingrg/services/DataTransmitService HTTP/1.1" 200 2067
124.78.68.102 - - [23/Jan/2024:09:36:42 +0800] "GET /xingrg/check_reg.html?_=1705973801991 HTTP/1.1" 200 22
101.83.145.37 - - [23/Jan/2024:09:36:44 +0800] "GET /xingrg/all/function/internal_message.html?_=1705973569345&CODE_STATE=getMsg HTTP/1.1" 200 27
114.95.241.104 - - [23/Jan/2024:09:36:45 +0800] "GET /xingrg/kc/buy/cgsh_order_info.html?code=212024012309419 HTTP/1.1" 200 67476
114.95.241.104 - - [23/Jan/2024:09:36:46 +0800] "GET /xingrg/javascript/easyui/themes/default/validatebox.css HTTP/1.1" 404 1104
116.230.123.222 - - [23/Jan/2024:09:36:46 +0800] "GET /xingrg/all/function/internal_message.html?_=1705973805734&CODE_STATE=getMsg HTTP/1.1" 200 27
116.235.240.118 - - [23/Jan/2024:09:36:49 +0800] "POST /xingrg/kc/buy/cgsh_order_operate.html HTTP/1.1" 200 2065
114.95.241.104 - - [23/Jan/2024:09:36:54 +0800] "POST /xingrg/kc/buy/cgsh_order_operate.html HTTP/1.1" 200 15
116.230.123.222 - - [23/Jan/2024:09:36:54 +0800] "POST /xingrg/kc/buy/cgsh_order_operate.html HTTP/1.1" 200 37
116.232.193.168 - - [23/Jan/2024:09:36:57 +0800] "GET /xingrg/all/function/internal_message.html?_=1705973736174&CODE_STATE=getMsg HTTP/1.1" 200 27
116.232.193.168 - - [23/Jan/2024:09:36:57 +0800] "GET /xingrg/all/function/internal_message.html?_=1705973736348&CODE_STATE=getMsg HTTP/1.1" 200 27
116.232.193.168 - - [23/Jan/2024:09:36:57 +0800] "GET /xingrg/check_reg.html?_=1705973736175 HTTP/1.1" 200 22
180.164.1.25 - - [23/Jan/2024:09:36:59 +0800] "POST /xingrg/kc/buy/cgsh_order_operate.html HTTP/1.1" 200 37
116.230.123.222 - - [23/Jan/2024:09:36:59 +0800] "POST /xingrg/kc/buy/cgsh_order_operate.html HTTP/1.1" 200 8212
114.95.241.104 - - [23/Jan/2024:09:37:00 +0800] "GET /xingrg/kc/print/load_data.html?order_code=212024012309419&kc_code=cgsh&condition= HTTP/1.1" 200 3495
116.232.193.168 - - [23/Jan/2024:09:37:00 +0800] "GET /xingrg/check_reg.html?_=1705973736350 HTTP/1.1" 200 22
124.78.68.102 - - [23/Jan/2024:09:37:02 +0800] "GET /xingrg/kc/buy/cgsh_order_operate.html?command=get_materiel&rest_code=00141&code=00101006084&supplier_code=00100012&order_time=2024-01-23 HTTP/1.1" 200 413
180.164.1.25 - - [23/Jan/2024:09:37:02 +0800] "POST /xingrg/kc/buy/cgsh_order_operate.html HTTP/1.1" 200 28134
222.69.132.177 - - [23/Jan/2024:09:37:03 +0800] "GET /xingrg/all/function/internal_message.html?_=1705973823808&CODE_STATE=getMsg HTTP/1.1" 200 27
222.70.115.1 - - [23/Jan/2024:09:37:05 +0800] "GET /xingrg/all/function/internal_message.html?_=1705973828862&CODE_STATE=getMsg HTTP/1.1" 200 27
180.164.1.25 - - [23/Jan/2024:09:37:06 +0800] "GET /xingrg/kc/print/load_config.html?kc_code=cgsh HTTP/1.1" 200 1927
101.83.145.37 - - [23/Jan/2024:09:37:06 +0800] "GET /xingrg/all/function/internal_message.html?_=1705973825585&CODE_STATE=getMsg HTTP/1.1" 200 27
180.164.1.25 - - [23/Jan/2024:09:37:07 +0800] "GET /xingrg/kc/print/load_data.html?order_code=212024012309411&kc_code=cgsh&condition= HTTP/1.1" 200 10398
116.230.123.222 - - [23/Jan/2024:09:37:07 +0800] "GET /xingrg/login.html HTTP/1.1" 200 7641
114.95.241.104 - - [23/Jan/2024:09:37:07 +0800] "GET /xingrg/check_reg.html?_=1705973827665 HTTP/1.1" 200 22
116.230.123.222 - - [23/Jan/2024:09:37:07 +0800] "GET /favicon.ico HTTP/1.1" 404 -
114.95.241.104 - - [23/Jan/2024:09:37:07 +0800] "GET /xingrg/all/function/internal_message.html?_=1705973827669&CODE_STATE=getMsg HTTP/1.1" 200 27
120.253.135.82 - - [23/Jan/2024:09:37:09 +0800] "GET /xingrg/all/function/internal_message.html?_=1705973653486&CODE_STATE=getMsg HTTP/1.1" 200 27
180.164.1.25 - - [23/Jan/2024:09:37:09 +0800] "GET /xingrg/all/function/internal_message.html?_=1705973828606&CODE_STATE=getMsg HTTP/1.1" 200 27
116.230.123.222 - - [23/Jan/2024:09:37:10 +0800] "POST /xingrg/login.do HTTP/1.1" 302 -
116.230.123.222 - - [23/Jan/2024:09:37:10 +0800] "GET /xingrg/index.html?sysBaseUrl=http%3A%2F%2F180.169.147.146%3A18081%2Fxingrg%2F&costTime=831×tamp=1705973830161 HTTP/1.1" 200 17173
116.230.123.222 - - [23/Jan/2024:09:37:10 +0800] "GET /favicon.ico HTTP/1.1" 404 -
116.230.123.222 - - [23/Jan/2024:09:37:11 +0800] "POST /xingrg/all/common/load_tree.html?tree=area_rest_tree_json&manage=1 HTTP/1.1" 200 342
116.230.123.222 - - [23/Jan/2024:09:37:11 +0800] "GET /xingrg/check_reg.html?_=1705973830234 HTTP/1.1" 200 22
116.230.123.222 - - [23/Jan/2024:09:37:11 +0800] "GET /xingrg/all/function/internal_message.html?_=1705973830233&CODE_STATE=count HTTP/1.1" 200 11
116.230.123.222 - - [23/Jan/2024:09:37:11 +0800] "POST /xingrg/load_menu.html HTTP/1.1" 200 5138
124.78.68.102 - - [23/Jan/2024:09:37:12 +0800] "GET /xingrg/kc/buy/cgsh_order_operate.html?command=get_materiel&rest_code=00141&code=00101006111&supplier_code=00100012&order_time=2024-01-23 HTTP/1.1" 200 409
116.230.123.222 - - [23/Jan/2024:09:37:15 +0800] "GET /xingrg/kc/buy/cgsh_order_list.html HTTP/1.1" 200 57187
116.235.240.118 - - [23/Jan/2024:09:37:17 +0800] "GET /xingrg/login.html HTTP/1.1" 200 7641
116.235.240.118 - - [23/Jan/2024:09:37:17 +0800] "GET /favicon.ico HTTP/1.1" 404 -
180.164.1.25 - - [23/Jan/2024:09:37:17 +0800] "GET /xingrg/kc/buy/cgsh_order_add.html HTTP/1.1" 200 73061
180.164.1.25 - - [23/Jan/2024:09:37:18 +0800] "POST /xingrg/kc/buy/cgsh_order_operate.html HTTP/1.1" 200 8245
180.164.1.25 - - [23/Jan/2024:09:37:19 +0800] "GET /xingrg/javascript/easyui/themes/default/validatebox.css HTTP/1.1" 404 1104
116.230.123.222 - - [23/Jan/2024:09:37:20 +0800] "POST /xingrg/kc/buy/cgsh_list_operate.html HTTP/1.1" 200 1860
116.235.240.118 - - [23/Jan/2024:09:37:20 +0800] "POST /xingrg/login.do HTTP/1.1" 302 -
124.78.68.102 - - [23/Jan/2024:09:37:20 +0800] "GET /xingrg/kc/buy/cgsh_order_operate.html?command=get_materiel&rest_code=00141&code=00101006057&supplier_code=00100012&order_time=2024-01-23 HTTP/1.1" 200 413
116.235.240.118 - - [23/Jan/2024:09:37:21 +0800] "GET /xingrg/index.html?sysBaseUrl=http%3A%2F%2F180.169.147.146%3A18081%2Fxingrg%2F&costTime=914×tamp=1705973840723 HTTP/1.1" 200 17179
124.78.68.102 - - [23/Jan/2024:09:37:21 +0800] "GET /xingrg/all/function/internal_message.html?_=1705973840875&CODE_STATE=getMsg HTTP/1.1" 200 27
116.235.240.118 - - [23/Jan/2024:09:37:21 +0800] "GET /xingrg/javascript/jquery_easy_ui/jquery.easyui.min.js HTTP/1.1" 304 -
116.235.240.118 - - [23/Jan/2024:09:37:21 +0800] "GET /xingrg/javascript/jquery_easy_ui/easyui-lang-zh_CN.js HTTP/1.1" 304 -
116.235.240.118 - - [23/Jan/2024:09:37:21 +0800] "GET /xingrg/javascript/jquery.utils.js HTTP/1.1" 304 -
116.235.240.118 - - [23/Jan/2024:09:37:21 +0800] "GET /xingrg/javascript/jquery.form.js HTTP/1.1" 304 -
116.235.240.118 - - [23/Jan/2024:09:37:21 +0800] "GET /xingrg/javascript/jquery.timers.js HTTP/1.1" 304 -
116.235.240.118 - - [23/Jan/2024:09:37:21 +0800] "GET /xingrg/javascript/jquery-1.4.2.min.js HTTP/1.1" 304 -
116.235.240.118 - - [23/Jan/2024:09:37:21 +0800] "GET /favicon.ico HTTP/1.1" 404 -
116.235.240.118 - - [23/Jan/2024:09:37:21 +0800] "GET /xingrg/javascript/jquery_easy_ui/themes/icon.css HTTP/1.1" 304 -
114.83.223.112 - - [23/Jan/2024:09:37:22 +0800] "POST /xingrg/kc/buy/cgsh_list_operate.html HTTP/1.1" 200 200
116.230.123.222 - - [23/Jan/2024:09:37:23 +0800] "POST /xingrg/kc/buy/cgsh_list_operate.html HTTP/1.1" 200 566
116.235.240.118 - - [23/Jan/2024:09:37:24 +0800] "GET /xingrg/css/form.css HTTP/1.1" 304 -
116.235.240.118 - - [23/Jan/2024:09:37:24 +0800] "GET /xingrg/javascript/jquery_easy_ui/themes/default/easyui.css HTTP/1.1" 304 -
116.235.240.118 - - [23/Jan/2024:09:37:24 +0800] "GET /xingrg/all/function/internal_message.html?_=1705973850337&CODE_STATE=count HTTP/1.1" 200 11
116.235.240.118 - - [23/Jan/2024:09:37:24 +0800] "GET /xingrg/check_reg.html?_=1705973850337 HTTP/1.1" 200 22
180.171.56.87 - - [23/Jan/2024:09:37:25 +0800] "GET /xingrg/check_reg.html?_=1705973848908 HTTP/1.1" 200 22
116.235.240.118 - - [23/Jan/2024:09:37:25 +0800] "POST /xingrg/load_menu.html HTTP/1.1" 200 5138
116.235.240.118 - - [23/Jan/2024:09:37:25 +0800] "POST /xingrg/all/common/load_tree.html?tree=area_rest_tree_json&manage=1 HTTP/1.1" 200 479
116.230.123.222 - - [23/Jan/2024:09:37:25 +0800] "GET /xingrg/kc/buy/cgsh_order_info.html?code=212024012309414 HTTP/1.1" 200 72934
116.230.123.222 - - [23/Jan/2024:09:37:26 +0800] "GET /xingrg/javascript/easyui/themes/default/validatebox.css HTTP/1.1" 404 1104
116.230.123.222 - - [23/Jan/2024:09:37:26 +0800] "GET /xingrg/all/common/auto_word.html?type=employee&rest_code=00111 HTTP/1.1" 200 105
116.230.123.222 - - [23/Jan/2024:09:37:26 +0800] "GET /xingrg/all/common/auto_word.html?type=employee&rest_code=00111 HTTP/1.1" 200 105
116.230.123.222 - - [23/Jan/2024:09:37:27 +0800] "POST /xingrg/kc/buy/cgsh_order_operate.html HTTP/1.1" 200 23342
180.171.56.87 - - [23/Jan/2024:09:37:27 +0800] "GET /xingrg/all/function/internal_message.html?_=1705973848912&CODE_STATE=getMsg HTTP/1.1" 200 27
114.95.241.104 - - [23/Jan/2024:09:37:27 +0800] "GET /xingrg/all/function/internal_message.html?_=1705973846778&CODE_STATE=getMsg HTTP/1.1" 200 27
114.83.223.112 - - [23/Jan/2024:09:37:28 +0800] "POST /xingrg/kc/buy/cgsh_list_operate.html HTTP/1.1" 200 211
114.95.241.104 - - [23/Jan/2024:09:37:28 +0800] "GET /xingrg/check_reg.html?_=1705973846780 HTTP/1.1" 200 22
116.232.193.168 - - [23/Jan/2024:09:37:28 +0800] "GET /xingrg/check_reg.html?_=1705973766813 HTTP/1.1" 200 22
114.83.223.112 - - [23/Jan/2024:09:37:30 +0800] "GET /xingrg/all/function/internal_message.html?_=1705973848277&CODE_STATE=getMsg HTTP/1.1" 200 27
114.95.241.104 - - [23/Jan/2024:09:37:31 +0800] "GET /xingrg/kc/mdqp/pssh_order_list.html HTTP/1.1" 200 17400
114.83.223.112 - - [23/Jan/2024:09:37:31 +0800] "POST /xingrg/kc/buy/cgsh_list_operate.html HTTP/1.1" 200 280
114.95.241.104 - - [23/Jan/2024:09:37:31 +0800] "POST /xingrg/kc/mdqp/pssh_list_operate.html HTTP/1.1" 200 5470
116.230.123.222 - - [23/Jan/2024:09:37:32 +0800] "GET /xingrg/javascript/auto/indicator.gif HTTP/1.1" 404 1066
114.95.241.104 - - [23/Jan/2024:09:37:33 +0800] "POST /xingrg/kc/mdqp/pssh_list_operate.html HTTP/1.1" 200 363
124.78.68.102 - - [23/Jan/2024:09:37:33 +0800] "GET /xingrg/kc/buy/cgsh_order_operate.html?command=get_materiel&rest_code=00141&code=00101006129&supplier_code=00100012&order_time=2024-01-23 HTTP/1.1" 200 439
116.232.193.168 - - [23/Jan/2024:09:37:33 +0800] "GET /xingrg/all/function/internal_message.html?_=1705973772534&CODE_STATE=getMsg HTTP/1.1" 200 27
180.152.241.32 - - [23/Jan/2024:09:37:35 +0800] "GET /xingrg/all/function/internal_message.html?_=1705973856577&CODE_STATE=getMsg HTTP/1.1" 200 27
114.95.241.104 - - [23/Jan/2024:09:37:35 +0800] "GET /xingrg/kc/mdqp/pssh_order_info.html?code=312024012100564 HTTP/1.1" 200 17270
114.95.241.104 - - [23/Jan/2024:09:37:35 +0800] "GET /xingrg/javascript/jquery_tools/jquery-1.4.2.min.js HTTP/1.1" 404 1094
114.95.241.104 - - [23/Jan/2024:09:37:36 +0800] "POST /xingrg/kc/mdqp/pssh_order_operate.html HTTP/1.1" 200 1047
114.95.241.104 - - [23/Jan/2024:09:37:36 +0800] "GET /xingrg/all/common/auto_word.html?type=base&rest_code=00151&rest_code=00151 HTTP/1.1" 200 1315
114.83.223.112 - - [23/Jan/2024:09:37:36 +0800] "POST /xingrg/kc/buy/cgsh_list_operate.html HTTP/1.1" 200 208
114.95.241.104 - - [23/Jan/2024:09:37:37 +0800] "GET /xingrg/javascript/easyui/themes/default/validatebox.css HTTP/1.1" 404 1104
114.95.241.104 - - [23/Jan/2024:09:37:38 +0800] "POST /xingrg/all/common/load_combo.html?type=employee HTTP/1.1" 200 532
114.83.223.112 - - [23/Jan/2024:09:37:38 +0800] "GET /xingrg/kc/buy/cgsh_order_info.html?code=212024012209385 HTTP/1.1" 200 73070
116.235.240.118 - - [23/Jan/2024:09:37:39 +0800] "GET /xingrg/kc/buy/buy_main.html HTTP/1.1" 200 12412
116.235.240.118 - - [23/Jan/2024:09:37:39 +0800] "GET /xingrg/css/new_ie.css HTTP/1.1" 404 1036
116.235.240.118 - - [23/Jan/2024:09:37:39 +0800] "GET /xingrg/css/blue.css HTTP/1.1" 304 -
116.235.240.118 - - [23/Jan/2024:09:37:39 +0800] "GET /xingrg/javascript/pic_change.js HTTP/1.1" 304 -
116.235.240.118 - - [23/Jan/2024:09:37:39 +0800] "GET /xingrg/javascript/myfunction.js HTTP/1.1" 304 -
116.235.240.118 - - [23/Jan/2024:09:37:39 +0800] "GET /xingrg/javascript/ToolTips.js HTTP/1.1" 304 -
116.235.240.118 - - [23/Jan/2024:09:37:39 +0800] "GET /xingrg/javascript/jquery_ui/jquery-ui.min.js HTTP/1.1" 304 -
116.235.240.118 - - [23/Jan/2024:09:37:39 +0800] "GET /xingrg/javascript/jquery_ui/themes/humanity/humanity.css HTTP/1.1" 304 -
114.83.223.112 - - [23/Jan/2024:09:37:39 +0800] "GET /xingrg/all/common/auto_word.html?type=employee&rest_code=00149 HTTP/1.1" 200 147
116.235.240.118 - - [23/Jan/2024:09:37:39 +0800] "GET /xingrg/images/blue/button/cgshd.gif HTTP/1.1" 304 -
116.235.240.118 - - [23/Jan/2024:09:37:39 +0800] "GET /xingrg/images/blue/button/ckthd.gif HTTP/1.1" 304 -
116.235.240.118 - - [23/Jan/2024:09:37:39 +0800] "GET /xingrg/images/blue/button/kc.gif HTTP/1.1" 304 -
116.235.240.118 - - [23/Jan/2024:09:37:39 +0800] "GET /xingrg/images/blue/pic_form2.gif HTTP/1.1" 304 -
116.235.240.118 - - [23/Jan/2024:09:37:39 +0800] "GET /xingrg/images/blue/button/cgydd.gif HTTP/1.1" 304 -
116.235.240.118 - - [23/Jan/2024:09:37:39 +0800] "GET /xingrg/images/blue/button/cgfkd.gif HTTP/1.1" 304 -
116.235.240.118 - - [23/Jan/2024:09:37:39 +0800] "GET /xingrg/images/blue/button/cgxqd.gif HTTP/1.1" 304 -
114.83.223.112 - - [23/Jan/2024:09:37:39 +0800] "GET /xingrg/javascript/easyui/themes/default/validatebox.css HTTP/1.1" 404 1104
114.83.223.112 - - [23/Jan/2024:09:37:39 +0800] "GET /xingrg/all/common/auto_word.html?type=employee&rest_code=00149 HTTP/1.1" 200 147
116.235.240.118 - - [23/Jan/2024:09:37:39 +0800] "GET /xingrg/images/blue/button/down_ah.jpg HTTP/1.1" 304 -
116.235.240.118 - - [23/Jan/2024:09:37:39 +0800] "GET /xingrg/images/blue/button/right_ah.jpg HTTP/1.1" 304 -
116.235.240.118 - - [23/Jan/2024:09:37:39 +0800] "GET /xingrg/javascript/jquery_ui/themes/humanity/images/ui-iconsnew.jpg HTTP/1.1" 304 -
116.235.240.118 - - [23/Jan/2024:09:37:39 +0800] "GET /xingrg/javascript/jquery_ui/themes/humanity/images/ui-icons_c47a23_256x240.png HTTP/1.1" 304 -
116.235.240.118 - - [23/Jan/2024:09:37:39 +0800] "GET /xingrg/javascript/jquery_ui/themes/humanity/images/ui-bg_glass_70_ede4d4_1x400.png HTTP/1.1" 304 -
116.235.240.118 - - [23/Jan/2024:09:37:40 +0800] "GET /xingrg/javascript/jquery_ui/themes/humanity/images/ui-bg_inset-soft_100_f4f0ec_1x100.png HTTP/1.1" 304 -
116.235.240.118 - - [23/Jan/2024:09:37:40 +0800] "GET /xingrg/images/blue/bg_dotted.jpg HTTP/1.1" 304 -
114.83.223.112 - - [23/Jan/2024:09:37:40 +0800] "POST /xingrg/kc/buy/cgsh_order_operate.html HTTP/1.1" 200 2673
116.235.240.118 - - [23/Jan/2024:09:37:40 +0800] "GET /xingrg/images/yd/bt.gif HTTP/1.1" 404 1040
116.235.240.118 - - [23/Jan/2024:09:37:41 +0800] "GET /xingrg/javascript/jquery_ui/themes/humanity/images/ui-icons_ffffff_256x240.png HTTP/1.1" 304 -
116.230.123.222 - - [23/Jan/2024:09:37:42 +0800] "GET /xingrg/kc/buy/cgsh_order_operate.html?command=get_materiel&rest_code=00111&code=00101008403&supplier_code=00100005&order_time=2024-01-23 HTTP/1.1" 200 412
116.235.240.118 - - [23/Jan/2024:09:37:42 +0800] "GET /xingrg/kc/buy/cgsh_order_list.html HTTP/1.1" 200 8212
114.95.241.104 - - [23/Jan/2024:09:37:42 +0800] "POST /xingrg/kc/mdqp/pssh_order_operate.html HTTP/1.1" 200 37
116.235.240.118 - - [23/Jan/2024:09:37:42 +0800] "GET /xingrg/kc/buy/cgsh_order_list.html HTTP/1.1" 200 57193
116.235.240.118 - - [23/Jan/2024:09:37:42 +0800] "GET /xingrg/css/base.css HTTP/1.1" 304 -
116.235.240.118 - - [23/Jan/2024:09:37:43 +0800] "GET /xingrg/javascript/easyui/themes/icon.css HTTP/1.1" 304 -
116.235.240.118 - - [23/Jan/2024:09:37:43 +0800] "GET /xingrg/javascript/jquery_tools/fix.css HTTP/1.1" 304 -
116.235.240.118 - - [23/Jan/2024:09:37:43 +0800] "GET /xingrg/javascript/auto/jquery.autocomplete.css HTTP/1.1" 304 -
116.235.240.118 - - [23/Jan/2024:09:37:43 +0800] "GET /xingrg/javascript/easyui/themes/default/easyui.css HTTP/1.1" 304 -
116.235.240.118 - - [23/Jan/2024:09:37:43 +0800] "GET /xingrg/javascript/jquery_tools/table.css HTTP/1.1" 304 -
116.235.240.118 - - [23/Jan/2024:09:37:43 +0800] "GET /xingrg/javascript/jquery_tools/jquery.tools.min.js HTTP/1.1" 304 -
116.235.240.118 - - [23/Jan/2024:09:37:43 +0800] "GET /xingrg/javascript/auto/jquery.autocomplete.js HTTP/1.1" 304 -
116.235.240.118 - - [23/Jan/2024:09:37:43 +0800] "GET /xingrg/javascript/jquery_tools/jquery.tools.hotkey.js HTTP/1.1" 304 -
116.235.240.118 - - [23/Jan/2024:09:37:43 +0800] "GET /xingrg/javascript/jquery_tools/jquery.tools.extend.js HTTP/1.1" 304 -
116.235.240.118 - - [23/Jan/2024:09:37:43 +0800] "GET /xingrg/javascript/jquery_tools/list_manager.js HTTP/1.1" 304 -
116.235.240.118 - - [23/Jan/2024:09:37:43 +0800] "GET /xingrg/javascript/jquery_tools/jquery.tools.table.js HTTP/1.1" 304 -
116.235.240.118 - - [23/Jan/2024:09:37:43 +0800] "GET /xingrg/javascript/jquery_tools/datebox.css HTTP/1.1" 304 -
116.235.240.118 - - [23/Jan/2024:09:37:43 +0800] "GET /xingrg/javascript/jquery.cookie.js HTTP/1.1" 304 -
101.83.145.37 - - [23/Jan/2024:09:37:43 +0800] "GET /xingrg/all/function/internal_message.html?_=1705973629316&CODE_STATE=getMsg HTTP/1.1" 200 27
116.235.240.118 - - [23/Jan/2024:09:37:44 +0800] "GET /xingrg/javascript/print/LodopFuncs.js HTTP/1.1" 304 -
116.235.240.118 - - [23/Jan/2024:09:37:44 +0800] "GET /xingrg/javascript/easyui/easyloader.js HTTP/1.1" 304 -
116.235.240.118 - - [23/Jan/2024:09:37:44 +0800] "GET /xingrg/css/site.css HTTP/1.1" 304 -
116.235.240.118 - - [23/Jan/2024:09:37:45 +0800] "GET /xingrg/javascript/easyui/plugins/jquery.parser.js HTTP/1.1" 304 -
114.83.223.112 - - [23/Jan/2024:09:37:45 +0800] "GET /xingrg/kc/print/load_config.html?kc_code=cgsh HTTP/1.1" 200 1927
114.83.223.112 - - [23/Jan/2024:09:37:46 +0800] "GET /xingrg/kc/print/load_data.html?order_code=212024012209385&kc_code=cgsh&condition= HTTP/1.1" 200 695
124.78.68.102 - - [23/Jan/2024:09:37:46 +0800] "GET /xingrg/kc/buy/cgsh_order_operate.html?command=get_materiel&rest_code=00141&code=00101006065&supplier_code=00100012&order_time=2024-01-23 HTTP/1.1" 200 409
114.95.241.104 - - [23/Jan/2024:09:37:47 +0800] "POST /xingrg/kc/mdqp/pssh_order_operate.html HTTP/1.1" 200 12
114.95.241.104 - - [23/Jan/2024:09:37:48 +0800] "GET /xingrg/kc/mdqp/pssh_order_info.html?code=312024012100564 HTTP/1.1" 200 14386
114.95.241.104 - - [23/Jan/2024:09:37:49 +0800] "GET /xingrg/javascript/jquery_tools/jquery-1.4.2.min.js HTTP/1.1" 404 1094
114.95.241.104 - - [23/Jan/2024:09:37:49 +0800] "POST /xingrg/kc/mdqp/pssh_order_operate.html HTTP/1.1" 200 1047
114.95.241.104 - - [23/Jan/2024:09:37:49 +0800] "GET /xingrg/javascript/easyui/themes/default/validatebox.css HTTP/1.1" 404 1104
116.235.240.118 - - [23/Jan/2024:09:37:50 +0800] "POST /xingrg/kc/buy/cgsh_list_operate.html HTTP/1.1" 200 2295
172.20.0.100 - - [23/Jan/2024:09:37:51 +0800] "GET /xingrg/check_reg.html?_=1705973875633 HTTP/1.1" 200 22
114.95.241.104 - - [23/Jan/2024:09:37:52 +0800] "GET /xingrg/kc/print/load_data.html?order_code=312024012100564&kc_code=pssh&condition= HTTP/1.1" 200 838
222.70.115.1 - - [23/Jan/2024:09:37:52 +0800] "GET /xingrg/check_reg.html?_=1705973875862 HTTP/1.1" 200 22
124.78.68.102 - - [23/Jan/2024:09:37:55 +0800] "GET /xingrg/kc/buy/cgsh_order_operate.html?command=get_materiel&rest_code=00141&code=00101006046&supplier_code=00100012&order_time=2024-01-23 HTTP/1.1" 200 412
116.235.240.118 - - [23/Jan/2024:09:37:56 +0800] "POST /xingrg/kc/buy/cgsh_list_operate.html HTTP/1.1" 200 345
116.230.123.222 - - [23/Jan/2024:09:37:56 +0800] "GET /xingrg/kc/buy/cgsh_order_operate.html?command=get_materiel&rest_code=00111&code=00101008168&supplier_code=00100005&order_time=2024-01-23 HTTP/1.1" 200 412
116.232.193.168 - - [23/Jan/2024:09:37:57 +0800] "GET /xingrg/all/function/internal_message.html?_=1705973796170&CODE_STATE=getMsg HTTP/1.1" 200 27
116.232.193.168 - - [23/Jan/2024:09:37:57 +0800] "GET /xingrg/all/function/internal_message.html?_=1705973796358&CODE_STATE=getMsg HTTP/1.1" 200 27
116.235.240.118 - - [23/Jan/2024:09:37:59 +0800] "GET /xingrg/kc/buy/cgsh_order_info.html?code=212024012309420 HTTP/1.1" 200 72976
116.235.240.118 - - [23/Jan/2024:09:37:59 +0800] "GET /xingrg/javascript/jquery_tools/order_manager.js HTTP/1.1" 304 -
116.235.240.118 - - [23/Jan/2024:09:37:59 +0800] "GET /xingrg/javascript/print/kc_print.js HTTP/1.1" 304 -
116.235.240.118 - - [23/Jan/2024:09:38:01 +0800] "GET /xingrg/javascript/convert.js HTTP/1.1" 304 -
124.78.68.102 - - [23/Jan/2024:09:38:03 +0800] "GET /xingrg/kc/buy/cgsh_order_operate.html?command=get_materiel&rest_code=00141&code=00101006039&supplier_code=00100012&order_time=2024-01-23 HTTP/1.1" 200 415
116.235.240.118 - - [23/Jan/2024:09:38:03 +0800] "GET /xingrg/javascript/json2.js HTTP/1.1" 304 -
116.235.240.118 - - [23/Jan/2024:09:38:04 +0800] "GET /xingrg/words/20240122122102_words.js HTTP/1.1" 304 -
222.69.132.177 - - [23/Jan/2024:09:38:04 +0800] "GET /xingrg/all/function/internal_message.html?_=1705973883807&CODE_STATE=getMsg HTTP/1.1" 200 27
116.235.240.118 - - [23/Jan/2024:09:38:04 +0800] "GET /xingrg/javascript/easyui/themes/default/validatebox.css HTTP/1.1" 404 1104
116.235.240.118 - - [23/Jan/2024:09:38:04 +0800] "GET /xingrg/javascript/easyui/plugins/jquery.validatebox.js HTTP/1.1" 304 -
116.235.240.118 - - [23/Jan/2024:09:38:04 +0800] "GET /xingrg/all/common/auto_word.html?type=employee&rest_code=00146 HTTP/1.1" 200 101
116.235.240.118 - - [23/Jan/2024:09:38:04 +0800] "GET /xingrg/all/common/auto_word.html?type=employee&rest_code=00146 HTTP/1.1" 200 101
116.235.240.118 - - [23/Jan/2024:09:38:04 +0800] "GET /xingrg/javascript/easyui/plugins/jquery.numberbox.js HTTP/1.1" 304 -
116.235.240.118 - - [23/Jan/2024:09:38:05 +0800] "POST /xingrg/kc/buy/cgsh_order_operate.html HTTP/1.1" 200 3844
101.83.145.37 - - [23/Jan/2024:09:38:06 +0800] "GET /xingrg/all/function/internal_message.html?_=1705973885587&CODE_STATE=getMsg HTTP/1.1" 200 27
222.70.115.1 - - [23/Jan/2024:09:38:06 +0800] "GET /xingrg/all/function/internal_message.html?_=1705973889865&CODE_STATE=getMsg HTTP/1.1" 200 27
101.83.145.37 - - [23/Jan/2024:09:38:06 +0800] "GET /xingrg/check_reg.html?_=1705973885591 HTTP/1.1" 200 22
114.95.241.104 - - [23/Jan/2024:09:38:07 +0800] "GET /xingrg/all/function/internal_message.html?_=1705973887662&CODE_STATE=getMsg HTTP/1.1" 200 27
180.164.1.25 - - [23/Jan/2024:09:38:08 +0800] "GET /xingrg/check_reg.html?_=1705973886875 HTTP/1.1" 200 22
116.235.240.118 - - [23/Jan/2024:09:38:08 +0800] "GET /xingrg/javascript/auto/indicator.gif HTTP/1.1" 404 1066
120.253.135.82 - - [23/Jan/2024:09:38:09 +0800] "GET /xingrg/check_reg.html?_=1705973713247 HTTP/1.1" 200 22
120.253.135.82 - - [23/Jan/2024:09:38:09 +0800] "GET /xingrg/all/function/internal_message.html?_=1705973713499&CODE_STATE=getMsg HTTP/1.1" 200 27
180.164.1.25 - - [23/Jan/2024:09:38:09 +0800] "GET /xingrg/all/function/internal_message.html?_=1705973888591&CODE_STATE=getMsg HTTP/1.1" 200 27
116.230.123.222 - - [23/Jan/2024:09:38:10 +0800] "GET /xingrg/kc/buy/cgsh_order_operate.html?command=get_materiel&rest_code=00111&code=00101008016&supplier_code=00100005&order_time=2024-01-23 HTTP/1.1" 200 416
116.230.123.222 - - [23/Jan/2024:09:38:11 +0800] "GET /xingrg/all/function/internal_message.html?_=1705973890322&CODE_STATE=getMsg HTTP/1.1" 200 27
114.95.241.104 - - [23/Jan/2024:09:38:13 +0800] "GET /xingrg/kc/base/yddb_order_list.html HTTP/1.1" 200 16622
114.95.241.104 - - [23/Jan/2024:09:38:14 +0800] "POST /xingrg/kc/base/yddb_list_operate.html HTTP/1.1" 200 636
114.95.241.104 - - [23/Jan/2024:09:38:15 +0800] "GET /xingrg/kc/base/yddb_order_add.html HTTP/1.1" 200 30041
114.95.241.104 - - [23/Jan/2024:09:38:16 +0800] "GET /xingrg/css/blue.css HTTP/1.1" 200 15949
114.95.241.104 - - [23/Jan/2024:09:38:16 +0800] "GET /xingrg/dwr/util.js HTTP/1.1" 200 35990
114.95.241.104 - - [23/Jan/2024:09:38:16 +0800] "GET /xingrg/dwr/engine.js HTTP/1.1" 200 43631
116.235.240.118 - - [23/Jan/2024:09:38:16 +0800] "GET /xingrg/kc/buy/cgsh_order_operate.html?command=get_materiel&rest_code=00146&code=00101001099&supplier_code=00100199&order_time=2024-01-23 HTTP/1.1" 200 411
114.95.241.104 - - [23/Jan/2024:09:38:16 +0800] "GET /xingrg/javascript/Calendar.js HTTP/1.1" 200 31561
114.95.241.104 - - [23/Jan/2024:09:38:16 +0800] "GET /xingrg/javascript/myfunction.js HTTP/1.1" 200 24559
114.95.241.104 - - [23/Jan/2024:09:38:16 +0800] "GET /xingrg/dwr/interface/AjaxYddbService.js HTTP/1.1" 200 13201
114.95.241.104 - - [23/Jan/2024:09:38:16 +0800] "GET /xingrg/dwr/interface/AjaxComOrderService.js HTTP/1.1" 200 18264
114.95.241.104 - - [23/Jan/2024:09:38:16 +0800] "GET /xingrg/javascript/checkform.js HTTP/1.1" 200 18351
114.95.241.104 - - [23/Jan/2024:09:38:16 +0800] "GET /xingrg/javascript/AjaxInfoList.js HTTP/1.1" 200 3774
114.95.241.104 - - [23/Jan/2024:09:38:17 +0800] "GET /xingrg/javascript/Grid.js HTTP/1.1" 200 58908
114.95.241.104 - - [23/Jan/2024:09:38:17 +0800] "GET /xingrg/javascript/ToolTips.js HTTP/1.1" 200 5615
114.95.241.104 - - [23/Jan/2024:09:38:18 +0800] "GET /xingrg/javascript/jquery_easy_ui/themes/icons/edit_add_new.png HTTP/1.1" 200 2997
114.95.241.104 - - [23/Jan/2024:09:38:18 +0800] "GET /xingrg/javascript/jquery_easy_ui/themes/icons/print.png HTTP/1.1" 200 1057
114.95.241.104 - - [23/Jan/2024:09:38:18 +0800] "GET /xingrg/javascript/jquery_easy_ui/themes/icons/check_new.png HTTP/1.1" 200 3224
114.95.241.104 - - [23/Jan/2024:09:38:18 +0800] "GET /xingrg/javascript/jquery_easy_ui/themes/default/images/menu_downarrow.png HTTP/1.1" 200 173
114.95.241.104 - - [23/Jan/2024:09:38:18 +0800] "GET /xingrg/javascript/jquery_easy_ui/themes/icons/cance_new.png HTTP/1.1" 200 3986
114.95.241.104 - - [23/Jan/2024:09:38:18 +0800] "GET /xingrg/javascript/jquery_easy_ui/themes/icons/back_new.png HTTP/1.1" 200 3414
114.95.241.104 - - [23/Jan/2024:09:38:19 +0800] "GET /xingrg/images/blue/button/kc_tab_edit.gif HTTP/1.1" 200 551
114.95.241.104 - - [23/Jan/2024:09:38:19 +0800] "GET /xingrg/images/blue/button/kc_tab_add.gif HTTP/1.1" 200 375
114.95.241.104 - - [23/Jan/2024:09:38:19 +0800] "GET /xingrg/images/blue/button/kc_tab_save.gif HTTP/1.1" 200 777
114.95.241.104 - - [23/Jan/2024:09:38:19 +0800] "GET /xingrg/images/blue/button/kc_tab_del.gif HTTP/1.1" 200 383
114.95.241.104 - - [23/Jan/2024:09:38:19 +0800] "GET /xingrg/images/blue/kc_tab_mid.gif HTTP/1.1" 200 44
114.95.241.104 - - [23/Jan/2024:09:38:19 +0800] "GET /xingrg/images/blue/kc_tab_left.gif HTTP/1.1" 200 188
114.95.241.104 - - [23/Jan/2024:09:38:19 +0800] "GET /xingrg/images/blue/kc_tab_right.gif HTTP/1.1" 200 643
114.95.241.104 - - [23/Jan/2024:09:38:19 +0800] "GET /xingrg/images/blue/kc_tab2_right.gif HTTP/1.1" 200 192
114.95.241.104 - - [23/Jan/2024:09:38:19 +0800] "GET /xingrg/images/blue/kc_tab2_left.gif HTTP/1.1" 200 625
114.95.241.104 - - [23/Jan/2024:09:38:20 +0800] "GET /xingrg/images/blue/wait.gif HTTP/1.1" 200 1100
114.95.241.104 - - [23/Jan/2024:09:38:20 +0800] "POST /xingrg/dwr/call/plaincall/AjaxYddbService.getRestBases.dwr HTTP/1.1" 200 1094
124.78.68.102 - - [23/Jan/2024:09:38:21 +0800] "GET /xingrg/all/function/internal_message.html?_=1705973900837&CODE_STATE=getMsg HTTP/1.1" 200 27
114.95.241.104 - - [23/Jan/2024:09:38:22 +0800] "POST /xingrg/dwr/call/plaincall/AjaxYddbService.getRestBases.dwr HTTP/1.1" 200 1649
116.230.123.222 - - [23/Jan/2024:09:38:23 +0800] "GET /xingrg/kc/buy/cgsh_order_operate.html?command=get_materiel&rest_code=00111&code=00101008096&supplier_code=00100005&order_time=2024-01-23 HTTP/1.1" 200 412
180.171.56.87 - - [23/Jan/2024:09:38:24 +0800] "GET /xingrg/all/function/internal_message.html?_=1705973908898&CODE_STATE=getMsg HTTP/1.1" 200 27
116.235.240.118 - - [23/Jan/2024:09:38:24 +0800] "GET /xingrg/all/function/internal_message.html?_=1705973910340&CODE_STATE=getMsg HTTP/1.1" 200 27
116.230.123.222 - - [23/Jan/2024:09:38:26 +0800] "POST /xingrg/kc/buy/cgsh_order_operate.html HTTP/1.1" 200 2065
114.95.241.104 - - [23/Jan/2024:09:38:27 +0800] "GET /xingrg/all/function/internal_message.html?_=1705973906772&CODE_STATE=getMsg HTTP/1.1" 200 27
114.95.241.104 - - [23/Jan/2024:09:38:28 +0800] "POST /xingrg/dwr/call/plaincall/AjaxYddbService.saveOrder.dwr HTTP/1.1" 200 78
114.95.241.104 - - [23/Jan/2024:09:38:28 +0800] "GET /xingrg/images/yd/bt.gif HTTP/1.1" 404 1040
114.83.223.112 - - [23/Jan/2024:09:38:30 +0800] "GET /xingrg/check_reg.html?_=1705973908286 HTTP/1.1" 200 22
114.83.223.112 - - [23/Jan/2024:09:38:30 +0800] "GET /xingrg/all/function/internal_message.html?_=1705973908290&CODE_STATE=getMsg HTTP/1.1" 200 27
114.95.241.104 - - [23/Jan/2024:09:38:31 +0800] "POST /xingrg/dwr/call/plaincall/AjaxComOrderService.getMaterielSearchList.dwr HTTP/1.1" 200 529985
114.95.241.104 - - [23/Jan/2024:09:38:31 +0800] "POST /xingrg/dwr/call/plaincall/AjaxComOrderService.getMaterielSearchList.dwr HTTP/1.1" 200 1251
114.95.241.104 - - [23/Jan/2024:09:38:32 +0800] "POST /xingrg/dwr/call/plaincall/AjaxComOrderService.getMaterielSearchList.dwr HTTP/1.1" 200 1251
114.95.241.104 - - [23/Jan/2024:09:38:33 +0800] "POST /xingrg/dwr/call/plaincall/AjaxYddbService.getMaterielByMap.dwr HTTP/1.1" 200 2327
116.232.193.168 - - [23/Jan/2024:09:38:33 +0800] "GET /xingrg/all/function/internal_message.html?_=1705973832520&CODE_STATE=getMsg HTTP/1.1" 200 27
180.152.241.32 - - [23/Jan/2024:09:38:35 +0800] "GET /xingrg/all/function/internal_message.html?_=1705973916578&CODE_STATE=getMsg HTTP/1.1" 200 27
116.230.123.222 - - [23/Jan/2024:09:38:37 +0800] "GET /xingrg/kc/buy/cgsh_order_operate.html?command=get_materiel&rest_code=00111&code=00101008353&supplier_code=00100005&order_time=2024-01-23 HTTP/1.1" 200 408
101.83.145.37 - - [23/Jan/2024:09:38:43 +0800] "GET /xingrg/all/function/internal_message.html?_=1705973689301&CODE_STATE=getMsg HTTP/1.1" 200 27
116.235.240.118 - - [23/Jan/2024:09:38:44 +0800] "POST /xingrg/kc/buy/cgsh_order_operate.html HTTP/1.1" 200 37
114.95.241.104 - - [23/Jan/2024:09:38:46 +0800] "POST /xingrg/dwr/call/plaincall/AjaxYddbService.saveMaterielItem.dwr HTTP/1.1" 200 78
116.230.123.222 - - [23/Jan/2024:09:38:46 +0800] "GET /xingrg/kc/buy/cgsh_order_operate.html?command=get_materiel&rest_code=00111&code=00101008131&supplier_code=00100005&order_time=2024-01-23 HTTP/1.1" 200 410
114.95.241.104 - - [23/Jan/2024:09:38:49 +0800] "POST /xingrg/dwr/call/plaincall/AjaxComOrderService.getMaterielSearchList.dwr HTTP/1.1" 200 37506
116.235.240.118 - - [23/Jan/2024:09:38:49 +0800] "POST /xingrg/kc/buy/cgsh_order_operate.html HTTP/1.1" 200 4436
114.83.223.112 - - [23/Jan/2024:09:38:49 +0800] "POST /xingrg/kc/buy/cgsh_list_operate.html HTTP/1.1" 200 202
114.95.241.104 - - [23/Jan/2024:09:38:49 +0800] "POST /xingrg/dwr/call/plaincall/AjaxComOrderService.getMaterielSearchList.dwr HTTP/1.1" 200 1867
116.235.240.118 - - [23/Jan/2024:09:38:50 +0800] "GET /xingrg/kc/print/load_config.html?kc_code=cgsh HTTP/1.1" 200 1927
114.95.241.104 - - [23/Jan/2024:09:38:51 +0800] "POST /xingrg/dwr/call/plaincall/AjaxYddbService.getMaterielByMap.dwr HTTP/1.1" 200 2332
116.235.240.118 - - [23/Jan/2024:09:38:51 +0800] "GET /xingrg/kc/print/load_data.html?order_code=212024012309420&kc_code=cgsh&condition= HTTP/1.1" 200 1354
114.83.223.112 - - [23/Jan/2024:09:38:52 +0800] "GET /xingrg/kc/buy/cgsh_order_info.html?code=212024012209386 HTTP/1.1" 200 73070
114.83.223.112 - - [23/Jan/2024:09:38:52 +0800] "GET /xingrg/javascript/easyui/themes/default/validatebox.css HTTP/1.1" 404 1104
114.83.223.112 - - [23/Jan/2024:09:38:53 +0800] "POST /xingrg/kc/buy/cgsh_order_operate.html HTTP/1.1" 200 2660
114.95.241.104 - - [23/Jan/2024:09:38:53 +0800] "POST /xingrg/dwr/call/plaincall/AjaxYddbService.saveMaterielItem.dwr HTTP/1.1" 200 79
116.232.193.168 - - [23/Jan/2024:09:38:57 +0800] "GET /xingrg/all/function/internal_message.html?_=1705973856163&CODE_STATE=getMsg HTTP/1.1" 200 27
114.95.241.104 - - [23/Jan/2024:09:38:57 +0800] "GET /xingrg/javascript/jquery_easy_ui/themes/default/images/button_plain_hover.png HTTP/1.1" 200 252
116.232.193.168 - - [23/Jan/2024:09:38:57 +0800] "GET /xingrg/all/function/internal_message.html?_=1705973856350&CODE_STATE=getMsg HTTP/1.1" 200 27
218.81.65.124 - - [23/Jan/2024:09:39:01 +0800] "GET /favicon.ico HTTP/1.1" 404 -
222.69.132.177 - - [23/Jan/2024:09:39:03 +0800] "GET /xingrg/check_reg.html?_=1705973943797 HTTP/1.1" 200 22
222.69.132.177 - - [23/Jan/2024:09:39:03 +0800] "GET /xingrg/all/function/internal_message.html?_=1705973943799&CODE_STATE=getMsg HTTP/1.1" 200 27
101.83.145.37 - - [23/Jan/2024:09:39:06 +0800] "GET /xingrg/all/function/internal_message.html?_=1705973945591&CODE_STATE=getMsg HTTP/1.1" 200 27
222.70.115.1 - - [23/Jan/2024:09:39:07 +0800] "GET /xingrg/all/function/internal_message.html?_=1705973950867&CODE_STATE=getMsg HTTP/1.1" 200 27
114.95.241.104 - - [23/Jan/2024:09:39:07 +0800] "GET /xingrg/all/function/internal_message.html?_=1705973947658&CODE_STATE=getMsg HTTP/1.1" 200 27
114.95.241.104 - - [23/Jan/2024:09:39:08 +0800] "POST /xingrg/dwr/call/plaincall/AjaxYddbService.checkOrder.dwr HTTP/1.1" 200 79
116.230.123.222 - - [23/Jan/2024:09:39:08 +0800] "GET /xingrg/kc/buy/cgsh_order_operate.html?command=get_materiel&rest_code=00111&code=00101008350&supplier_code=00100005&order_time=2024-01-23 HTTP/1.1" 200 408
180.164.1.25 - - [23/Jan/2024:09:39:09 +0800] "GET /xingrg/all/function/internal_message.html?_=1705973948576&CODE_STATE=getMsg HTTP/1.1" 200 27
120.253.135.82 - - [23/Jan/2024:09:39:09 +0800] "GET /xingrg/all/function/internal_message.html?_=1705973773513&CODE_STATE=getMsg HTTP/1.1" 200 27
