114.83.223.112 - - [23/Jan/2024:09:28:39 +0800] "GET /xingrg/kc/buy/cgsh_order_list.html HTTP/1.1" 200 57193
180.164.1.25 - - [23/Jan/2024:09:28:40 +0800] "GET /xingrg/kc/buy/cgsh_order_operate.html?command=get_materiel&rest_code=00108&code=00101008198&supplier_code=00100007&order_time=2024-01-23 HTTP/1.1" 200 413
114.95.241.104 - - [23/Jan/2024:09:28:42 +0800] "GET /xingrg/all/function/internal_message.html?_=1705973321876&CODE_STATE=getMsg HTTP/1.1" 200 27
116.230.123.222 - - [23/Jan/2024:09:28:43 +0800] "POST /xingrg/login.do HTTP/1.1" 302 -
116.230.123.222 - - [23/Jan/2024:09:28:43 +0800] "GET /xingrg/index.html?sysBaseUrl=http%3A%2F%2F180.169.147.146%3A18081%2Fxingrg%2F&costTime=1799×tamp=1705973323143 HTTP/1.1" 200 17173
116.230.123.222 - - [23/Jan/2024:09:28:43 +0800] "GET /favicon.ico HTTP/1.1" 404 -
101.83.145.37 - - [23/Jan/2024:09:28:44 +0800] "GET /xingrg/all/function/internal_message.html?_=1705973089506&CODE_STATE=getMsg HTTP/1.1" 200 27
116.230.123.222 - - [23/Jan/2024:09:28:44 +0800] "GET /xingrg/check_reg.html?_=1705973323281 HTTP/1.1" 200 22
116.230.123.222 - - [23/Jan/2024:09:28:44 +0800] "GET /xingrg/all/function/internal_message.html?_=1705973323279&CODE_STATE=count HTTP/1.1" 200 11
116.230.123.222 - - [23/Jan/2024:09:28:44 +0800] "POST /xingrg/all/common/load_tree.html?tree=area_rest_tree_json&manage=1 HTTP/1.1" 200 342
116.230.123.222 - - [23/Jan/2024:09:28:45 +0800] "POST /xingrg/load_menu.html HTTP/1.1" 200 5138
180.152.241.32 - - [23/Jan/2024:09:28:46 +0800] "POST /xingrg/kc/buy/cgsh_order_operate.html HTTP/1.1" 200 37
116.230.123.222 - - [23/Jan/2024:09:28:48 +0800] "GET /xingrg/kc/buy/cgsh_order_list.html HTTP/1.1" 200 57187
180.152.241.32 - - [23/Jan/2024:09:28:49 +0800] "POST /xingrg/kc/buy/cgsh_order_operate.html HTTP/1.1" 200 9799
180.164.1.25 - - [23/Jan/2024:09:28:52 +0800] "GET /xingrg/kc/buy/cgsh_order_operate.html?command=get_materiel&rest_code=00108&code=00101015183&supplier_code=00100007&order_time=2024-01-23 HTTP/1.1" 200 421
116.230.123.222 - - [23/Jan/2024:09:28:53 +0800] "POST /xingrg/kc/buy/cgsh_list_operate.html HTTP/1.1" 200 1858
116.235.240.118 - - [23/Jan/2024:09:28:56 +0800] "GET /xingrg/all/function/internal_message.html?_=1705973341764&CODE_STATE=getMsg HTTP/1.1" 200 27
116.232.193.168 - - [23/Jan/2024:09:28:57 +0800] "GET /xingrg/all/function/internal_message.html?_=1705973256359&CODE_STATE=getMsg HTTP/1.1" 200 27
222.70.115.1 - - [23/Jan/2024:09:28:57 +0800] "GET /xingrg/all/function/internal_message.html?_=1705973340842&CODE_STATE=getMsg HTTP/1.1" 200 27
116.232.193.168 - - [23/Jan/2024:09:28:58 +0800] "GET /xingrg/all/function/internal_message.html?_=1705973256169&CODE_STATE=getMsg HTTP/1.1" 200 27
116.230.123.222 - - [23/Jan/2024:09:28:58 +0800] "POST /xingrg/kc/buy/cgsh_list_operate.html HTTP/1.1" 200 566
180.152.241.32 - - [23/Jan/2024:09:29:00 +0800] "POST /xingrg/kc/buy/cgsh_order_operate.html HTTP/1.1" 200 37
116.230.123.222 - - [23/Jan/2024:09:29:01 +0800] "GET /xingrg/kc/buy/cgsh_order_info.html?code=212024012309414 HTTP/1.1" 200 72934
116.230.123.222 - - [23/Jan/2024:09:29:01 +0800] "GET /xingrg/javascript/easyui/themes/default/validatebox.css HTTP/1.1" 404 1104
116.230.123.222 - - [23/Jan/2024:09:29:01 +0800] "GET /xingrg/all/common/auto_word.html?type=employee&rest_code=00111 HTTP/1.1" 200 105
116.230.123.222 - - [23/Jan/2024:09:29:01 +0800] "GET /xingrg/all/common/auto_word.html?type=employee&rest_code=00111 HTTP/1.1" 200 105
116.230.123.222 - - [23/Jan/2024:09:29:02 +0800] "POST /xingrg/kc/buy/cgsh_order_operate.html HTTP/1.1" 200 9772
222.69.132.177 - - [23/Jan/2024:09:29:03 +0800] "GET /xingrg/all/function/internal_message.html?_=1705973343809&CODE_STATE=getMsg HTTP/1.1" 200 27
222.69.132.177 - - [23/Jan/2024:09:29:03 +0800] "GET /xingrg/check_reg.html?_=1705973343813 HTTP/1.1" 200 22
180.164.1.25 - - [23/Jan/2024:09:29:04 +0800] "GET /xingrg/kc/buy/cgsh_order_operate.html?command=get_materiel&rest_code=00108&code=00101008010&supplier_code=00100007&order_time=2024-01-23 HTTP/1.1" 200 412
101.83.145.37 - - [23/Jan/2024:09:29:06 +0800] "GET /xingrg/all/function/internal_message.html?_=1705973345600&CODE_STATE=getMsg HTTP/1.1" 200 27
180.164.1.25 - - [23/Jan/2024:09:29:08 +0800] "GET /xingrg/all/function/internal_message.html?_=1705973346876&CODE_STATE=getMsg HTTP/1.1" 200 27
180.164.1.25 - - [23/Jan/2024:09:29:08 +0800] "POST /xingrg/kc/buy/cgsh_order_operate.html HTTP/1.1" 200 2065
180.152.241.32 - - [23/Jan/2024:09:29:09 +0800] "POST /xingrg/kc/buy/cgsh_order_operate.html HTTP/1.1" 200 12
120.253.135.82 - - [23/Jan/2024:09:29:10 +0800] "GET /xingrg/all/function/internal_message.html?_=1705973173362&CODE_STATE=getMsg HTTP/1.1" 200 27
180.152.241.32 - - [23/Jan/2024:09:29:16 +0800] "GET /xingrg/kc/buy/cgsh_order_info.html?code=212024012309406 HTTP/1.1" 200 67911
180.164.1.25 - - [23/Jan/2024:09:29:16 +0800] "GET /xingrg/kc/buy/cgsh_order_operate.html?command=get_materiel&rest_code=00108&code=00101008411&supplier_code=00100007&order_time=2024-01-23 HTTP/1.1" 200 413
180.152.241.32 - - [23/Jan/2024:09:29:17 +0800] "GET /xingrg/javascript/easyui/themes/default/validatebox.css HTTP/1.1" 404 1104
180.152.241.32 - - [23/Jan/2024:09:29:18 +0800] "POST /xingrg/kc/buy/cgsh_order_operate.html HTTP/1.1" 200 7724
116.230.123.222 - - [23/Jan/2024:09:29:19 +0800] "GET /xingrg/javascript/auto/indicator.gif HTTP/1.1" 404 1066
114.95.241.104 - - [23/Jan/2024:09:29:20 +0800] "GET /xingrg/check_reg.html?_=1705973360670 HTTP/1.1" 200 22
124.78.68.102 - - [23/Jan/2024:09:29:21 +0800] "GET /xingrg/all/function/internal_message.html?_=1705973360983&CODE_STATE=getMsg HTTP/1.1" 200 27
114.95.241.104 - - [23/Jan/2024:09:29:22 +0800] "GET /xingrg/all/function/internal_message.html?_=1705973360673&CODE_STATE=getMsg HTTP/1.1" 200 27
180.152.241.32 - - [23/Jan/2024:09:29:23 +0800] "POST /xingrg/kc/buy/cgsh_list_operate.html HTTP/1.1" 200 1851
180.171.56.87 - - [23/Jan/2024:09:29:24 +0800] "GET /xingrg/all/function/internal_message.html?_=1705973368911&CODE_STATE=getMsg HTTP/1.1" 200 27
116.230.123.222 - - [23/Jan/2024:09:29:25 +0800] "GET /xingrg/kc/buy/cgsh_order_operate.html?command=get_materiel&rest_code=00111&code=00101008357&supplier_code=00100005&order_time=2024-01-23 HTTP/1.1" 200 408
180.152.241.32 - - [23/Jan/2024:09:29:26 +0800] "POST /xingrg/kc/buy/cgsh_list_operate.html HTTP/1.1" 200 575
180.164.1.25 - - [23/Jan/2024:09:29:26 +0800] "GET /xingrg/kc/buy/cgsh_order_operate.html?command=get_materiel&rest_code=00108&code=00101008298&supplier_code=00100007&order_time=2024-01-23 HTTP/1.1" 200 412
114.95.241.104 - - [23/Jan/2024:09:29:27 +0800] "GET /xingrg/all/function/internal_message.html?_=1705973366769&CODE_STATE=getMsg HTTP/1.1" 200 27
180.152.241.32 - - [23/Jan/2024:09:29:28 +0800] "GET /xingrg/kc/buy/cgsh_order_info.html?code=212024012309409 HTTP/1.1" 200 73013
180.152.241.32 - - [23/Jan/2024:09:29:28 +0800] "GET /xingrg/javascript/easyui/themes/default/validatebox.css HTTP/1.1" 404 1104
180.152.241.32 - - [23/Jan/2024:09:29:29 +0800] "POST /xingrg/kc/buy/cgsh_order_operate.html HTTP/1.1" 200 20984
114.83.223.112 - - [23/Jan/2024:09:29:30 +0800] "GET /xingrg/all/function/internal_message.html?_=1705973368279&CODE_STATE=getMsg HTTP/1.1" 200 27
116.232.193.168 - - [23/Jan/2024:09:29:34 +0800] "GET /xingrg/all/function/internal_message.html?_=1705973292684&CODE_STATE=getMsg HTTP/1.1" 200 27
180.152.241.32 - - [23/Jan/2024:09:29:35 +0800] "GET /xingrg/all/function/internal_message.html?_=1705973376568&CODE_STATE=getMsg HTTP/1.1" 200 27
114.83.223.112 - - [23/Jan/2024:09:29:36 +0800] "POST /xingrg/kc/buy/cgsh_list_operate.html HTTP/1.1" 200 5987
180.152.241.32 - - [23/Jan/2024:09:29:36 +0800] "POST /xingrg/kc/buy/cgsh_order_operate.html HTTP/1.1" 200 37
124.78.68.102 - - [23/Jan/2024:09:29:37 +0800] "POST /xingrg/kc/buy/cgsh_order_operate.html HTTP/1.1" 200 8245
180.164.1.25 - - [23/Jan/2024:09:29:37 +0800] "GET /xingrg/kc/buy/cgsh_order_operate.html?command=get_materiel&rest_code=00108&code=00101013175&supplier_code=00100007&order_time=2024-01-23 HTTP/1.1" 200 412
124.78.68.102 - - [23/Jan/2024:09:29:40 +0800] "GET /xingrg/javascript/easyui/themes/default/validatebox.css HTTP/1.1" 404 1104
114.95.241.104 - - [23/Jan/2024:09:29:42 +0800] "GET /xingrg/all/function/internal_message.html?_=1705973381875&CODE_STATE=getMsg HTTP/1.1" 200 27
116.230.123.222 - - [23/Jan/2024:09:29:44 +0800] "GET /xingrg/all/function/internal_message.html?_=1705973383286&CODE_STATE=getMsg HTTP/1.1" 200 27
101.83.145.37 - - [23/Jan/2024:09:29:44 +0800] "GET /xingrg/all/function/internal_message.html?_=1705973149491&CODE_STATE=getMsg HTTP/1.1" 200 27
180.152.241.32 - - [23/Jan/2024:09:29:46 +0800] "POST /xingrg/kc/buy/cgsh_order_operate.html HTTP/1.1" 200 12
116.235.240.118 - - [23/Jan/2024:09:29:48 +0800] "GET /xingrg/kc/buy/cgsh_order_operate.html?command=get_materiel&rest_code=00146&code=00101015006&supplier_code=00100005&order_time=2024-01-23 HTTP/1.1" 200 413
180.152.241.32 - - [23/Jan/2024:09:29:49 +0800] "GET /xingrg/kc/buy/cgsh_order_info.html?code=212024012309409 HTTP/1.1" 200 67911
116.230.123.222 - - [23/Jan/2024:09:29:49 +0800] "GET /xingrg/kc/buy/cgsh_order_operate.html?command=get_materiel&rest_code=00111&code=00101008674&supplier_code=00100005&order_time=2024-01-23 HTTP/1.1" 200 412
180.152.241.32 - - [23/Jan/2024:09:29:49 +0800] "GET /xingrg/javascript/easyui/themes/default/validatebox.css HTTP/1.1" 404 1104
180.152.241.32 - - [23/Jan/2024:09:29:50 +0800] "POST /xingrg/kc/buy/cgsh_order_operate.html HTTP/1.1" 200 18928
180.152.241.32 - - [23/Jan/2024:09:29:54 +0800] "POST /xingrg/kc/buy/cgsh_list_operate.html HTTP/1.1" 200 986
180.164.1.25 - - [23/Jan/2024:09:29:55 +0800] "GET /xingrg/kc/buy/cgsh_order_operate.html?command=get_materiel&rest_code=00108&code=00101008069&supplier_code=00100007&order_time=2024-01-23 HTTP/1.1" 200 412
116.235.240.118 - - [23/Jan/2024:09:29:56 +0800] "GET /xingrg/all/function/internal_message.html?_=1705973401777&CODE_STATE=getMsg HTTP/1.1" 200 27
116.232.193.168 - - [23/Jan/2024:09:29:57 +0800] "GET /xingrg/all/function/internal_message.html?_=1705973316168&CODE_STATE=getMsg HTTP/1.1" 200 27
116.232.193.168 - - [23/Jan/2024:09:29:57 +0800] "GET /xingrg/all/function/internal_message.html?_=1705973316359&CODE_STATE=getMsg HTTP/1.1" 200 27
222.70.115.1 - - [23/Jan/2024:09:29:58 +0800] "GET /xingrg/all/function/internal_message.html?_=1705973401845&CODE_STATE=getMsg HTTP/1.1" 200 27
124.78.68.102 - - [23/Jan/2024:09:30:00 +0800] "GET /xingrg/kc/buy/cgsh_order_operate.html?command=get_materiel&rest_code=00141&code=00101007181&supplier_code=00100004&order_time=2024-01-23 HTTP/1.1" 200 412
222.69.132.177 - - [23/Jan/2024:09:30:04 +0800] "GET /xingrg/all/function/internal_message.html?_=1705973403804&CODE_STATE=getMsg HTTP/1.1" 200 27
116.235.240.118 - - [23/Jan/2024:09:30:06 +0800] "POST /xingrg/kc/buy/cgsh_order_operate.html HTTP/1.1" 200 37
116.230.123.222 - - [23/Jan/2024:09:30:06 +0800] "GET /xingrg/kc/buy/cgsh_order_operate.html?command=get_materiel&rest_code=00111&code=00101008355&supplier_code=00100005&order_time=2024-01-23 HTTP/1.1" 200 408
101.83.145.37 - - [23/Jan/2024:09:30:06 +0800] "GET /xingrg/all/function/internal_message.html?_=1705973405587&CODE_STATE=getMsg HTTP/1.1" 200 27
180.164.1.25 - - [23/Jan/2024:09:30:08 +0800] "GET /xingrg/kc/buy/cgsh_order_operate.html?command=get_materiel&rest_code=00108&code=00101008353&supplier_code=00100007&order_time=2024-01-23 HTTP/1.1" 200 408
180.164.1.25 - - [23/Jan/2024:09:30:09 +0800] "GET /xingrg/all/function/internal_message.html?_=1705973406866&CODE_STATE=getMsg HTTP/1.1" 200 27
120.253.135.82 - - [23/Jan/2024:09:30:09 +0800] "GET /xingrg/all/function/internal_message.html?_=1705973233375&CODE_STATE=getMsg HTTP/1.1" 200 27
180.164.1.25 - - [23/Jan/2024:09:30:10 +0800] "POST /xingrg/kc/buy/cgsh_order_operate.html HTTP/1.1" 200 2065
124.78.68.102 - - [23/Jan/2024:09:30:14 +0800] "GET /xingrg/kc/buy/cgsh_order_operate.html?command=get_materiel&rest_code=00141&code=00101007027&supplier_code=00100004&order_time=2024-01-23 HTTP/1.1" 200 427
180.164.1.25 - - [23/Jan/2024:09:30:17 +0800] "GET /xingrg/kc/buy/cgsh_order_operate.html?command=get_materiel&rest_code=00108&code=00101008080&supplier_code=00100007&order_time=2024-01-23 HTTP/1.1" 200 416
116.235.240.118 - - [23/Jan/2024:09:30:17 +0800] "POST /xingrg/kc/buy/cgsh_order_operate.html HTTP/1.1" 200 22783
116.230.123.222 - - [23/Jan/2024:09:30:18 +0800] "GET /xingrg/kc/buy/cgsh_order_operate.html?command=get_materiel&rest_code=00111&code=00101008137&supplier_code=00100005&order_time=2024-01-23 HTTP/1.1" 200 408
114.95.241.104 - - [23/Jan/2024:09:30:20 +0800] "GET /xingrg/all/function/internal_message.html?_=1705973420682&CODE_STATE=getMsg HTTP/1.1" 200 27
124.78.68.102 - - [23/Jan/2024:09:30:21 +0800] "GET /xingrg/all/function/internal_message.html?_=1705973420968&CODE_STATE=getMsg HTTP/1.1" 200 27
116.230.123.222 - - [23/Jan/2024:09:30:22 +0800] "POST /xingrg/kc/buy/cgsh_order_operate.html HTTP/1.1" 200 2065
180.171.56.87 - - [23/Jan/2024:09:30:24 +0800] "GET /xingrg/all/function/internal_message.html?_=1705973428897&CODE_STATE=getMsg HTTP/1.1" 200 27
180.164.1.25 - - [23/Jan/2024:09:30:26 +0800] "GET /xingrg/kc/buy/cgsh_order_operate.html?command=get_materiel&rest_code=00108&code=00101008312&supplier_code=00100007&order_time=2024-01-23 HTTP/1.1" 200 412
114.95.241.104 - - [23/Jan/2024:09:30:27 +0800] "GET /xingrg/all/function/internal_message.html?_=1705973426774&CODE_STATE=getMsg HTTP/1.1" 200 27
116.230.123.222 - - [23/Jan/2024:09:30:29 +0800] "GET /xingrg/kc/buy/cgsh_order_operate.html?command=get_materiel&rest_code=00111&code=00101008005&supplier_code=00100005&order_time=2024-01-23 HTTP/1.1" 200 412
114.83.223.112 - - [23/Jan/2024:09:30:30 +0800] "GET /xingrg/all/function/internal_message.html?_=1705973428260&CODE_STATE=getMsg HTTP/1.1" 200 27
116.232.193.168 - - [23/Jan/2024:09:30:34 +0800] "GET /xingrg/all/function/internal_message.html?_=1705973352664&CODE_STATE=getMsg HTTP/1.1" 200 27
116.235.240.118 - - [23/Jan/2024:09:30:34 +0800] "GET /xingrg/kc/print/load_config.html?kc_code=cgsh HTTP/1.1" 200 1927
180.152.241.32 - - [23/Jan/2024:09:30:35 +0800] "GET /xingrg/all/function/internal_message.html?_=1705973436568&CODE_STATE=getMsg HTTP/1.1" 200 27
116.235.240.118 - - [23/Jan/2024:09:30:35 +0800] "GET /xingrg/kc/print/load_data.html?order_code=212024012309407&kc_code=cgsh&condition= HTTP/1.1" 200 8345
114.95.241.104 - - [23/Jan/2024:09:30:42 +0800] "GET /xingrg/all/function/internal_message.html?_=1705973441872&CODE_STATE=getMsg HTTP/1.1" 200 27
180.164.1.25 - - [23/Jan/2024:09:30:42 +0800] "GET /xingrg/kc/buy/cgsh_order_operate.html?command=get_materiel&rest_code=00108&code=00101008037&supplier_code=00100007&order_time=2024-01-23 HTTP/1.1" 200 415
116.230.123.222 - - [23/Jan/2024:09:30:44 +0800] "GET /xingrg/all/function/internal_message.html?_=1705973443281&CODE_STATE=getMsg HTTP/1.1" 200 27
101.83.145.37 - - [23/Jan/2024:09:30:44 +0800] "GET /xingrg/all/function/internal_message.html?_=1705973209461&CODE_STATE=getMsg HTTP/1.1" 200 27
101.83.145.37 - - [23/Jan/2024:09:30:44 +0800] "GET /xingrg/check_reg.html?_=1705973209713 HTTP/1.1" 200 22
116.230.123.222 - - [23/Jan/2024:09:30:44 +0800] "GET /xingrg/kc/buy/cgsh_order_operate.html?command=get_materiel&rest_code=00111&code=00101008027&supplier_code=00100005&order_time=2024-01-23 HTTP/1.1" 200 408
116.235.240.118 - - [23/Jan/2024:09:30:48 +0800] "GET /xingrg/check_reg.html?_=1705973453745 HTTP/1.1" 200 22
114.83.223.112 - - [23/Jan/2024:09:30:49 +0800] "POST /xingrg/kc/buy/cgsh_list_operate.html HTTP/1.1" 200 6173
101.83.145.37 - - [23/Jan/2024:09:30:50 +0800] "POST /xingrg/kc/buy/cgsh_list_operate.html HTTP/1.1" 200 569
180.164.1.25 - - [23/Jan/2024:09:30:51 +0800] "GET /xingrg/kc/buy/cgsh_order_operate.html?command=get_materiel&rest_code=00108&code=00101008089&supplier_code=00100007&order_time=2024-01-23 HTTP/1.1" 200 408
101.83.145.37 - - [23/Jan/2024:09:30:53 +0800] "GET /xingrg/kc/buy/cgsh_order_info.html?code=212024012309413 HTTP/1.1" 200 73050
101.83.145.37 - - [23/Jan/2024:09:30:54 +0800] "GET /xingrg/all/common/auto_word.html?type=employee&rest_code=00105 HTTP/1.1" 200 193
101.83.145.37 - - [23/Jan/2024:09:30:54 +0800] "GET /xingrg/all/common/auto_word.html?type=employee&rest_code=00105 HTTP/1.1" 200 193
101.83.145.37 - - [23/Jan/2024:09:30:54 +0800] "GET /xingrg/javascript/easyui/themes/default/validatebox.css HTTP/1.1" 404 1104
101.83.145.37 - - [23/Jan/2024:09:30:55 +0800] "POST /xingrg/kc/buy/cgsh_order_operate.html HTTP/1.1" 200 7982
116.235.240.118 - - [23/Jan/2024:09:30:56 +0800] "GET /xingrg/all/function/internal_message.html?_=1705973461792&CODE_STATE=getMsg HTTP/1.1" 200 27
116.232.193.168 - - [23/Jan/2024:09:30:57 +0800] "GET /xingrg/all/function/internal_message.html?_=1705973376157&CODE_STATE=getMsg HTTP/1.1" 200 27
116.232.193.168 - - [23/Jan/2024:09:30:57 +0800] "GET /xingrg/all/function/internal_message.html?_=1705973376348&CODE_STATE=getMsg HTTP/1.1" 200 27
101.83.145.37 - - [23/Jan/2024:09:30:58 +0800] "GET /xingrg/javascript/auto/indicator.gif HTTP/1.1" 404 1066
222.70.115.1 - - [23/Jan/2024:09:30:59 +0800] "GET /xingrg/all/function/internal_message.html?_=1705973462847&CODE_STATE=getMsg HTTP/1.1" 200 27
116.230.123.222 - - [23/Jan/2024:09:31:00 +0800] "GET /xingrg/kc/buy/cgsh_order_operate.html?command=get_materiel&rest_code=00111&code=00101008080&supplier_code=00100005&order_time=2024-01-23 HTTP/1.1" 200 416
180.164.1.25 - - [23/Jan/2024:09:31:03 +0800] "GET /xingrg/kc/buy/cgsh_order_operate.html?command=get_materiel&rest_code=00108&code=00101008372&supplier_code=00100007&order_time=2024-01-23 HTTP/1.1" 200 408
222.69.132.177 - - [23/Jan/2024:09:31:03 +0800] "GET /xingrg/all/function/internal_message.html?_=1705973463821&CODE_STATE=getMsg HTTP/1.1" 200 27
180.164.1.25 - - [23/Jan/2024:09:31:05 +0800] "POST /xingrg/kc/buy/cgsh_order_operate.html HTTP/1.1" 200 2065
101.83.145.37 - - [23/Jan/2024:09:31:07 +0800] "GET /xingrg/all/function/internal_message.html?_=1705973465606&CODE_STATE=getMsg HTTP/1.1" 200 27
101.83.145.37 - - [23/Jan/2024:09:31:07 +0800] "GET /xingrg/kc/buy/cgsh_order_operate.html?command=get_materiel&rest_code=00105&code=00101001010&supplier_code=00100151&order_time=2024-01-23 HTTP/1.1" 200 408
180.164.1.25 - - [23/Jan/2024:09:31:08 +0800] "GET /xingrg/all/function/internal_message.html?_=1705973466863&CODE_STATE=getMsg HTTP/1.1" 200 27
120.253.135.82 - - [23/Jan/2024:09:31:09 +0800] "GET /xingrg/all/function/internal_message.html?_=1705973293402&CODE_STATE=getMsg HTTP/1.1" 200 27
116.230.123.222 - - [23/Jan/2024:09:31:10 +0800] "GET /xingrg/kc/buy/cgsh_order_operate.html?command=get_materiel&rest_code=00111&code=00101008354&supplier_code=00100005&order_time=2024-01-23 HTTP/1.1" 200 412
180.164.1.25 - - [23/Jan/2024:09:31:18 +0800] "GET /xingrg/kc/buy/cgsh_order_operate.html?command=get_materiel&rest_code=00108&code=00101009066&supplier_code=00100007&order_time=2024-01-23 HTTP/1.1" 200 416
114.95.241.104 - - [23/Jan/2024:09:31:20 +0800] "GET /xingrg/all/function/internal_message.html?_=1705973480683&CODE_STATE=getMsg HTTP/1.1" 200 27
124.78.68.102 - - [23/Jan/2024:09:31:21 +0800] "GET /xingrg/all/function/internal_message.html?_=1705973480955&CODE_STATE=getMsg HTTP/1.1" 200 27
116.230.123.222 - - [23/Jan/2024:09:31:23 +0800] "GET /xingrg/kc/buy/cgsh_order_operate.html?command=get_materiel&rest_code=00111&code=00101008186&supplier_code=00100005&order_time=2024-01-23 HTTP/1.1" 200 408
101.83.145.37 - - [23/Jan/2024:09:31:23 +0800] "GET /xingrg/kc/buy/cgsh_order_operate.html?command=get_materiel&rest_code=00105&code=00101010088&supplier_code=00100151&order_time=2024-01-23 HTTP/1.1" 200 417
180.171.56.87 - - [23/Jan/2024:09:31:24 +0800] "GET /xingrg/all/function/internal_message.html?_=1705973488898&CODE_STATE=getMsg HTTP/1.1" 200 27
116.230.123.222 - - [23/Jan/2024:09:31:26 +0800] "POST /xingrg/kc/buy/cgsh_order_operate.html HTTP/1.1" 200 2065
114.95.241.104 - - [23/Jan/2024:09:31:27 +0800] "GET /xingrg/all/function/internal_message.html?_=1705973486766&CODE_STATE=getMsg HTTP/1.1" 200 27
114.95.241.104 - - [23/Jan/2024:09:31:28 +0800] "GET /xingrg/kc/mdqp/pssh_order_list.html HTTP/1.1" 200 17849
180.164.1.25 - - [23/Jan/2024:09:31:29 +0800] "GET /xingrg/kc/buy/cgsh_order_operate.html?command=get_materiel&rest_code=00108&code=00101009011&supplier_code=00100007&order_time=2024-01-23 HTTP/1.1" 200 416
114.95.241.104 - - [23/Jan/2024:09:31:29 +0800] "POST /xingrg/kc/mdqp/pssh_list_operate.html HTTP/1.1" 200 5431
114.95.241.104 - - [23/Jan/2024:09:31:31 +0800] "POST /xingrg/kc/mdqp/pssh_list_operate.html HTTP/1.1" 200 370
114.83.223.112 - - [23/Jan/2024:09:31:32 +0800] "GET /xingrg/all/function/internal_message.html?_=1705973488267&CODE_STATE=getMsg HTTP/1.1" 200 27
114.95.241.104 - - [23/Jan/2024:09:31:33 +0800] "GET /xingrg/kc/mdqp/pssh_order_info.html?code=312024012200613 HTTP/1.1" 200 17272
116.232.193.168 - - [23/Jan/2024:09:31:34 +0800] "GET /xingrg/all/function/internal_message.html?_=1705973412636&CODE_STATE=getMsg HTTP/1.1" 200 27
114.95.241.104 - - [23/Jan/2024:09:31:34 +0800] "GET /xingrg/javascript/jquery_tools/jquery-1.4.2.min.js HTTP/1.1" 404 1094
114.95.241.104 - - [23/Jan/2024:09:31:34 +0800] "GET /xingrg/javascript/easyui/themes/default/validatebox.css HTTP/1.1" 404 1104
114.95.241.104 - - [23/Jan/2024:09:31:34 +0800] "GET /xingrg/all/common/auto_word.html?type=base&rest_code=00150&rest_code=00150 HTTP/1.1" 200 1853
114.95.241.104 - - [23/Jan/2024:09:31:34 +0800] "POST /xingrg/kc/mdqp/pssh_order_operate.html HTTP/1.1" 200 1065
116.230.123.222 - - [23/Jan/2024:09:31:35 +0800] "GET /xingrg/kc/buy/cgsh_order_operate.html?command=get_materiel&rest_code=00111&code=00101008096&supplier_code=00100005&order_time=2024-01-23 HTTP/1.1" 200 412
180.152.241.32 - - [23/Jan/2024:09:31:35 +0800] "GET /xingrg/all/function/internal_message.html?_=1705973496581&CODE_STATE=getMsg HTTP/1.1" 200 27
180.152.241.32 - - [23/Jan/2024:09:31:35 +0800] "GET /xingrg/check_reg.html?_=1705973496586 HTTP/1.1" 200 22
101.83.145.37 - - [23/Jan/2024:09:31:38 +0800] "GET /xingrg/kc/buy/cgsh_order_operate.html?command=get_materiel&rest_code=00105&code=00101020399&supplier_code=00100151&order_time=2024-01-23 HTTP/1.1" 200 422
114.95.241.104 - - [23/Jan/2024:09:31:39 +0800] "POST /xingrg/all/common/load_combo.html?type=employee HTTP/1.1" 200 280
180.152.241.32 - - [23/Jan/2024:09:31:39 +0800] "POST /xingrg/services/DataTransmitService HTTP/1.1" 200 524
114.95.241.104 - - [23/Jan/2024:09:31:42 +0800] "POST /xingrg/kc/mdqp/pssh_order_operate.html HTTP/1.1" 200 37
116.230.123.222 - - [23/Jan/2024:09:31:44 +0800] "GET /xingrg/all/function/internal_message.html?_=1705973503291&CODE_STATE=getMsg HTTP/1.1" 200 27
101.83.145.37 - - [23/Jan/2024:09:31:44 +0800] "GET /xingrg/all/function/internal_message.html?_=1705973269446&CODE_STATE=getMsg HTTP/1.1" 200 27
114.95.241.104 - - [23/Jan/2024:09:31:45 +0800] "POST /xingrg/kc/mdqp/pssh_order_operate.html HTTP/1.1" 200 12
114.95.241.104 - - [23/Jan/2024:09:31:48 +0800] "GET /xingrg/kc/mdqp/pssh_order_info.html?code=312024012200613 HTTP/1.1" 200 14390
114.95.241.104 - - [23/Jan/2024:09:31:48 +0800] "GET /xingrg/javascript/jquery_tools/jquery-1.4.2.min.js HTTP/1.1" 404 1094
114.95.241.104 - - [23/Jan/2024:09:31:49 +0800] "POST /xingrg/kc/mdqp/pssh_order_operate.html HTTP/1.1" 200 1065
114.95.241.104 - - [23/Jan/2024:09:31:50 +0800] "GET /xingrg/javascript/easyui/themes/default/validatebox.css HTTP/1.1" 404 1104
114.95.241.104 - - [23/Jan/2024:09:31:54 +0800] "GET /xingrg/kc/print/load_config.html?kc_code=pssh HTTP/1.1" 200 2368
114.95.241.104 - - [23/Jan/2024:09:31:54 +0800] "GET /xingrg/kc/print/load_data.html?order_code=312024012200613&kc_code=pssh&condition= HTTP/1.1" 200 874
116.235.240.118 - - [23/Jan/2024:09:31:56 +0800] "GET /xingrg/all/function/internal_message.html?_=1705973521932&CODE_STATE=getMsg HTTP/1.1" 200 27
116.232.193.168 - - [23/Jan/2024:09:31:57 +0800] "GET /xingrg/all/function/internal_message.html?_=1705973436171&CODE_STATE=getMsg HTTP/1.1" 200 27
116.232.193.168 - - [23/Jan/2024:09:31:57 +0800] "GET /xingrg/all/function/internal_message.html?_=1705973436360&CODE_STATE=getMsg HTTP/1.1" 200 27
116.232.193.168 - - [23/Jan/2024:09:31:57 +0800] "GET /xingrg/check_reg.html?_=1705973436174 HTTP/1.1" 200 22
116.232.193.168 - - [23/Jan/2024:09:31:58 +0800] "GET /xingrg/check_reg.html?_=1705973436361 HTTP/1.1" 200 22
222.70.115.1 - - [23/Jan/2024:09:32:00 +0800] "GET /xingrg/all/function/internal_message.html?_=1705973523850&CODE_STATE=getMsg HTTP/1.1" 200 27
124.78.68.102 - - [23/Jan/2024:09:32:00 +0800] "POST /xingrg/kc/buy/cgsh_order_operate.html HTTP/1.1" 200 64
114.95.241.104 - - [23/Jan/2024:09:32:01 +0800] "POST /xingrg/all/user/operate.html HTTP/1.1" 200 36
180.164.1.25 - - [23/Jan/2024:09:32:03 +0800] "POST /xingrg/kc/buy/cgsh_order_operate.html HTTP/1.1" 200 37
222.69.132.177 - - [23/Jan/2024:09:32:03 +0800] "GET /xingrg/all/function/internal_message.html?_=1705973523805&CODE_STATE=getMsg HTTP/1.1" 200 27
114.95.241.104 - - [23/Jan/2024:09:32:04 +0800] "GET /xingrg/index.html?sysBaseUrl=http%3A%2F%2F180.169.147.146%3A18081%2Fxingrg%2F&costTime=14×tamp=1698040851670 HTTP/1.1" 200 17177
114.95.241.104 - - [23/Jan/2024:09:32:04 +0800] "GET /xingrg/javascript/jquery_easy_ui/themes/default/easyui.css HTTP/1.1" 304 -
114.95.241.104 - - [23/Jan/2024:09:32:04 +0800] "GET /xingrg/javascript/jquery_easy_ui/themes/icon.css HTTP/1.1" 304 -
114.95.241.104 - - [23/Jan/2024:09:32:05 +0800] "GET /xingrg/css/form.css HTTP/1.1" 304 -
114.95.241.104 - - [23/Jan/2024:09:32:05 +0800] "GET /xingrg/javascript/jquery-1.4.2.min.js HTTP/1.1" 304 -
101.83.145.37 - - [23/Jan/2024:09:32:05 +0800] "GET /xingrg/kc/buy/cgsh_order_operate.html?command=get_materiel&rest_code=00105&code=00101002027&supplier_code=00100151&order_time=2024-01-23 HTTP/1.1" 200 413
114.95.241.104 - - [23/Jan/2024:09:32:06 +0800] "GET /xingrg/javascript/jquery_easy_ui/jquery.easyui.min.js HTTP/1.1" 304 -
116.230.123.222 - - [23/Jan/2024:09:32:06 +0800] "GET /xingrg/kc/buy/cgsh_order_operate.html?command=get_materiel&rest_code=00111&code=00101008051&supplier_code=00100005&order_time=2024-01-23 HTTP/1.1" 200 23
114.95.241.104 - - [23/Jan/2024:09:32:06 +0800] "GET /xingrg/javascript/jquery_easy_ui/easyui-lang-zh_CN.js HTTP/1.1" 304 -
101.83.145.37 - - [23/Jan/2024:09:32:06 +0800] "GET /xingrg/all/function/internal_message.html?_=1705973525586&CODE_STATE=getMsg HTTP/1.1" 200 27
180.164.1.25 - - [23/Jan/2024:09:32:06 +0800] "POST /xingrg/kc/buy/cgsh_order_operate.html HTTP/1.1" 200 18653
114.95.241.104 - - [23/Jan/2024:09:32:06 +0800] "GET /xingrg/javascript/jquery.form.js HTTP/1.1" 304 -
114.95.241.104 - - [23/Jan/2024:09:32:07 +0800] "GET /xingrg/javascript/jquery.utils.js HTTP/1.1" 304 -
114.95.241.104 - - [23/Jan/2024:09:32:07 +0800] "GET /xingrg/javascript/jquery.timers.js HTTP/1.1" 304 -
114.95.241.104 - - [23/Jan/2024:09:32:07 +0800] "GET /xingrg/images/blue/jxLogo.png HTTP/1.1" 304 -
114.95.241.104 - - [23/Jan/2024:09:32:07 +0800] "GET /xingrg/javascript/jquery_easy_ui/themes/icons/settle_new.png HTTP/1.1" 304 -
114.95.241.104 - - [23/Jan/2024:09:32:07 +0800] "GET /xingrg/images/blue/navBackgound.jpg HTTP/1.1" 304 -
114.95.241.104 - - [23/Jan/2024:09:32:07 +0800] "GET /xingrg/all/function/internal_message.html?_=1705973527644&CODE_STATE=count HTTP/1.1" 200 11
114.95.241.104 - - [23/Jan/2024:09:32:07 +0800] "POST /xingrg/all/common/load_tree.html?tree=area_rest_tree_json&manage=1 HTTP/1.1" 200 476
114.95.241.104 - - [23/Jan/2024:09:32:07 +0800] "GET /xingrg/javascript/jquery_easy_ui/themes/default/images/tabs_leftarrow.png HTTP/1.1" 304 -
114.95.241.104 - - [23/Jan/2024:09:32:07 +0800] "GET /xingrg/javascript/jquery_easy_ui/themes/default/images/tabs_rightarrow.png HTTP/1.1" 304 -
114.95.241.104 - - [23/Jan/2024:09:32:07 +0800] "GET /xingrg/images/blue/pingpu.png HTTP/1.1" 304 -
114.95.241.104 - - [23/Jan/2024:09:32:07 +0800] "POST /xingrg/load_menu.html HTTP/1.1" 200 5138
114.95.241.104 - - [23/Jan/2024:09:32:08 +0800] "GET /xingrg/javascript/jquery_easy_ui/themes/default/images/panel_tool_collapse.gif HTTP/1.1" 304 -
114.95.241.104 - - [23/Jan/2024:09:32:08 +0800] "GET /xingrg/check_reg.html?_=1705973527645 HTTP/1.1" 200 22
180.164.1.25 - - [23/Jan/2024:09:32:08 +0800] "GET /xingrg/all/function/internal_message.html?_=1705973526856&CODE_STATE=getMsg HTTP/1.1" 200 27
114.95.241.104 - - [23/Jan/2024:09:32:08 +0800] "GET /xingrg/javascript/jquery_easy_ui/themes/icons/search_new.png HTTP/1.1" 304 -
114.95.241.104 - - [23/Jan/2024:09:32:08 +0800] "GET /xingrg/javascript/jquery_easy_ui/themes/icons/storage_new.png HTTP/1.1" 304 -
114.95.241.104 - - [23/Jan/2024:09:32:08 +0800] "GET /xingrg/javascript/jquery_easy_ui/themes/default/images/tree_file.gif HTTP/1.1" 304 -
114.95.241.104 - - [23/Jan/2024:09:32:08 +0800] "GET /xingrg/javascript/jquery_easy_ui/themes/icons/forms_new.png HTTP/1.1" 304 -
114.95.241.104 - - [23/Jan/2024:09:32:08 +0800] "GET /xingrg/javascript/jquery_easy_ui/themes/default/images/tree_arrows.gif HTTP/1.1" 304 -
114.95.241.104 - - [23/Jan/2024:09:32:08 +0800] "GET /xingrg/javascript/jquery_easy_ui/themes/default/images/tree_folder_open.gif HTTP/1.1" 304 -
114.95.241.104 - - [23/Jan/2024:09:32:08 +0800] "GET /xingrg/javascript/jquery_easy_ui/themes/default/images/tree_folder.gif HTTP/1.1" 304 -
120.253.135.82 - - [23/Jan/2024:09:32:09 +0800] "GET /xingrg/all/function/internal_message.html?_=1705973353402&CODE_STATE=getMsg HTTP/1.1" 200 27
114.95.241.104 - - [23/Jan/2024:09:32:11 +0800] "GET /xingrg/kc/buy/cgsh_order_list.html HTTP/1.1" 200 57191
114.95.241.104 - - [23/Jan/2024:09:32:14 +0800] "POST /xingrg/kc/buy/cgsh_list_operate.html HTTP/1.1" 200 986
114.95.241.104 - - [23/Jan/2024:09:32:16 +0800] "GET /xingrg/kc/buy/cgsh_order_add.html HTTP/1.1" 200 72567
114.95.241.104 - - [23/Jan/2024:09:32:17 +0800] "POST /xingrg/kc/buy/cgsh_order_operate.html HTTP/1.1" 200 8245
114.95.241.104 - - [23/Jan/2024:09:32:17 +0800] "GET /xingrg/javascript/easyui/themes/default/validatebox.css HTTP/1.1" 404 1104
180.164.1.25 - - [23/Jan/2024:09:32:23 +0800] "GET /xingrg/kc/buy/cgsh_order_operate.html?command=get_materiel&rest_code=00108&code=00101009124&supplier_code=00100007&order_time=2024-01-23 HTTP/1.1" 200 416
114.95.241.104 - - [23/Jan/2024:09:32:23 +0800] "GET /xingrg/javascript/auto/indicator.gif HTTP/1.1" 404 1066
116.230.123.222 - - [23/Jan/2024:09:32:23 +0800] "POST /xingrg/kc/buy/cgsh_order_operate.html HTTP/1.1" 200 37
180.171.56.87 - - [23/Jan/2024:09:32:25 +0800] "GET /xingrg/all/function/internal_message.html?_=1705973548899&CODE_STATE=getMsg HTTP/1.1" 200 27
180.171.56.87 - - [23/Jan/2024:09:32:25 +0800] "GET /xingrg/check_reg.html?_=1705973548903 HTTP/1.1" 200 22
114.95.241.104 - - [23/Jan/2024:09:32:27 +0800] "GET /xingrg/all/function/internal_message.html?_=1705973546782&CODE_STATE=getMsg HTTP/1.1" 200 27
114.95.241.104 - - [23/Jan/2024:09:32:28 +0800] "GET /xingrg/check_reg.html?_=1705973546785 HTTP/1.1" 200 22
116.232.193.168 - - [23/Jan/2024:09:32:28 +0800] "GET /xingrg/check_reg.html?_=1705973466818 HTTP/1.1" 200 22
101.83.145.37 - - [23/Jan/2024:09:32:28 +0800] "POST /xingrg/kc/buy/cgsh_order_operate.html HTTP/1.1" 200 37
116.230.123.222 - - [23/Jan/2024:09:32:28 +0800] "POST /xingrg/kc/buy/cgsh_order_operate.html HTTP/1.1" 200 15668
114.83.223.112 - - [23/Jan/2024:09:32:30 +0800] "GET /xingrg/all/function/internal_message.html?_=1705973548267&CODE_STATE=getMsg HTTP/1.1" 200 27
114.95.241.104 - - [23/Jan/2024:09:32:31 +0800] "GET /xingrg/kc/buy/cgsh_order_operate.html?command=get_materiel&rest_code=00151&code=00101009178&supplier_code=00100022&order_time=2024-01-23 HTTP/1.1" 200 413
116.232.193.168 - - [23/Jan/2024:09:32:34 +0800] "GET /xingrg/all/function/internal_message.html?_=1705973472626&CODE_STATE=getMsg HTTP/1.1" 200 27
180.152.241.32 - - [23/Jan/2024:09:32:35 +0800] "GET /xingrg/all/function/internal_message.html?_=1705973556583&CODE_STATE=getMsg HTTP/1.1" 200 27
116.230.123.222 - - [23/Jan/2024:09:32:37 +0800] "GET /xingrg/login.html HTTP/1.1" 200 7641
116.230.123.222 - - [23/Jan/2024:09:32:38 +0800] "GET /favicon.ico HTTP/1.1" 404 -
180.164.1.25 - - [23/Jan/2024:09:32:40 +0800] "GET /xingrg/kc/buy/cgsh_order_operate.html?command=get_materiel&rest_code=00108&code=00101008674&supplier_code=00100007&order_time=2024-01-23 HTTP/1.1" 200 412
114.95.241.104 - - [23/Jan/2024:09:32:43 +0800] "GET /xingrg/kc/buy/cgsh_order_operate.html?command=get_materiel&rest_code=00151&code=00101009045&supplier_code=00100022&order_time=2024-01-23 HTTP/1.1" 200 412
101.83.145.37 - - [23/Jan/2024:09:32:44 +0800] "GET /xingrg/all/function/internal_message.html?_=1705973329431&CODE_STATE=getMsg HTTP/1.1" 200 27
116.230.123.222 - - [23/Jan/2024:09:32:45 +0800] "POST /xingrg/login.do HTTP/1.1" 302 -
116.230.123.222 - - [23/Jan/2024:09:32:45 +0800] "GET /xingrg/index.html?sysBaseUrl=http%3A%2F%2F180.169.147.146%3A18081%2Fxingrg%2F&costTime=841×tamp=1705973565605 HTTP/1.1" 200 17173
116.230.123.222 - - [23/Jan/2024:09:32:46 +0800] "GET /favicon.ico HTTP/1.1" 404 -
116.230.123.222 - - [23/Jan/2024:09:32:46 +0800] "POST /xingrg/all/common/load_tree.html?tree=area_rest_tree_json&manage=1 HTTP/1.1" 200 342
116.230.123.222 - - [23/Jan/2024:09:32:47 +0800] "POST /xingrg/load_menu.html HTTP/1.1" 200 5138
124.78.68.102 - - [23/Jan/2024:09:32:47 +0800] "POST /xingrg/kc/buy/cgsh_order_operate.html HTTP/1.1" 200 37
101.83.145.37 - - [23/Jan/2024:09:32:47 +0800] "POST /xingrg/kc/buy/cgsh_order_operate.html HTTP/1.1" 200 10385
116.230.123.222 - - [23/Jan/2024:09:32:48 +0800] "GET /xingrg/check_reg.html?_=1705973565724 HTTP/1.1" 200 22
116.230.123.222 - - [23/Jan/2024:09:32:48 +0800] "GET /xingrg/all/function/internal_message.html?_=1705973565723&CODE_STATE=count HTTP/1.1" 200 11
180.164.1.25 - - [23/Jan/2024:09:32:49 +0800] "GET /xingrg/kc/buy/cgsh_order_operate.html?command=get_materiel&rest_code=00108&code=00101008095&supplier_code=00100007&order_time=2024-01-23 HTTP/1.1" 200 412
116.230.123.222 - - [23/Jan/2024:09:32:50 +0800] "GET /xingrg/kc/buy/cgsh_order_list.html HTTP/1.1" 200 57187
114.95.241.104 - - [23/Jan/2024:09:32:50 +0800] "GET /xingrg/kc/buy/cgsh_order_operate.html?command=get_materiel&rest_code=00151&code=00101009011&supplier_code=00100022&order_time=2024-01-23 HTTP/1.1" 200 416
172.20.0.100 - - [23/Jan/2024:09:32:51 +0800] "GET /xingrg/check_reg.html?_=1705973575660 HTTP/1.1" 200 22
222.70.115.1 - - [23/Jan/2024:09:32:52 +0800] "GET /xingrg/check_reg.html?_=1705973575850 HTTP/1.1" 200 22
124.78.68.102 - - [23/Jan/2024:09:32:54 +0800] "POST /xingrg/kc/buy/cgsh_order_operate.html HTTP/1.1" 200 12
116.235.240.118 - - [23/Jan/2024:09:32:56 +0800] "GET /xingrg/all/function/internal_message.html?_=1705973581944&CODE_STATE=getMsg HTTP/1.1" 200 27
116.232.193.168 - - [23/Jan/2024:09:32:57 +0800] "GET /xingrg/all/function/internal_message.html?_=1705973496171&CODE_STATE=getMsg HTTP/1.1" 200 27
116.232.193.168 - - [23/Jan/2024:09:32:57 +0800] "GET /xingrg/all/function/internal_message.html?_=1705973496360&CODE_STATE=getMsg HTTP/1.1" 200 27
114.95.241.104 - - [23/Jan/2024:09:32:59 +0800] "POST /xingrg/kc/buy/cgsh_order_operate.html HTTP/1.1" 200 37
180.164.1.25 - - [23/Jan/2024:09:33:00 +0800] "GET /xingrg/kc/buy/cgsh_order_operate.html?command=get_materiel&rest_code=00108&code=00101009113&supplier_code=00100007&order_time=2024-01-23 HTTP/1.1" 200 413
124.78.68.102 - - [23/Jan/2024:09:33:01 +0800] "GET /xingrg/kc/buy/cgsh_order_info.html?code=212024012309416 HTTP/1.1" 200 67878
116.230.123.222 - - [23/Jan/2024:09:33:01 +0800] "POST /xingrg/kc/buy/cgsh_list_operate.html HTTP/1.1" 200 1858
222.70.115.1 - - [23/Jan/2024:09:33:01 +0800] "GET /xingrg/all/function/internal_message.html?_=1705973584852&CODE_STATE=getMsg HTTP/1.1" 200 27
124.78.68.102 - - [23/Jan/2024:09:33:01 +0800] "GET /xingrg/javascript/easyui/themes/default/validatebox.css HTTP/1.1" 404 1104
124.78.68.102 - - [23/Jan/2024:09:33:02 +0800] "POST /xingrg/kc/buy/cgsh_order_operate.html HTTP/1.1" 200 1821
180.164.1.25 - - [23/Jan/2024:09:33:03 +0800] "POST /xingrg/kc/buy/cgsh_order_operate.html HTTP/1.1" 200 2065
222.69.132.177 - - [23/Jan/2024:09:33:03 +0800] "GET /xingrg/all/function/internal_message.html?_=1705973583810&CODE_STATE=getMsg HTTP/1.1" 200 27
116.230.123.222 - - [23/Jan/2024:09:33:03 +0800] "POST /xingrg/kc/buy/cgsh_list_operate.html HTTP/1.1" 200 566
124.78.68.102 - - [23/Jan/2024:09:33:05 +0800] "GET /xingrg/kc/print/load_data.html?order_code=212024012309416&kc_code=cgsh&condition= HTTP/1.1" 200 1243
101.83.145.37 - - [23/Jan/2024:09:33:06 +0800] "GET /xingrg/check_reg.html?_=1705973585634 HTTP/1.1" 200 22
101.83.145.37 - - [23/Jan/2024:09:33:06 +0800] "GET /xingrg/all/function/internal_message.html?_=1705973585637&CODE_STATE=getMsg HTTP/1.1" 200 27
116.230.123.222 - - [23/Jan/2024:09:33:06 +0800] "GET /xingrg/kc/buy/cgsh_order_info.html?code=212024012309414 HTTP/1.1" 200 72934
116.230.123.222 - - [23/Jan/2024:09:33:06 +0800] "GET /xingrg/javascript/easyui/themes/default/validatebox.css HTTP/1.1" 404 1104
116.230.123.222 - - [23/Jan/2024:09:33:06 +0800] "GET /xingrg/all/common/auto_word.html?type=employee&rest_code=00111 HTTP/1.1" 200 105
116.230.123.222 - - [23/Jan/2024:09:33:06 +0800] "GET /xingrg/all/common/auto_word.html?type=employee&rest_code=00111 HTTP/1.1" 200 105
116.230.123.222 - - [23/Jan/2024:09:33:07 +0800] "POST /xingrg/kc/buy/cgsh_order_operate.html HTTP/1.1" 200 15668
114.95.241.104 - - [23/Jan/2024:09:33:07 +0800] "GET /xingrg/all/function/internal_message.html?_=1705973587647&CODE_STATE=getMsg HTTP/1.1" 200 27
114.95.241.104 - - [23/Jan/2024:09:33:08 +0800] "POST /xingrg/kc/buy/cgsh_order_operate.html HTTP/1.1" 200 12
180.164.1.25 - - [23/Jan/2024:09:33:08 +0800] "GET /xingrg/check_reg.html?_=1705973586860 HTTP/1.1" 200 22
180.164.1.25 - - [23/Jan/2024:09:33:08 +0800] "GET /xingrg/all/function/internal_message.html?_=1705973586861&CODE_STATE=getMsg HTTP/1.1" 200 27
101.83.145.37 - - [23/Jan/2024:09:33:09 +0800] "GET /xingrg/kc/mdqp/pssh_order_list.html?isBack=1 HTTP/1.1" 200 17891
180.164.1.25 - - [23/Jan/2024:09:33:09 +0800] "GET /xingrg/kc/buy/cgsh_order_operate.html?command=get_materiel&rest_code=00108&code=00101009015&supplier_code=00100007&order_time=2024-01-23 HTTP/1.1" 200 416
120.253.135.82 - - [23/Jan/2024:09:33:09 +0800] "GET /xingrg/check_reg.html?_=1705973413229 HTTP/1.1" 200 22
101.83.145.37 - - [23/Jan/2024:09:33:10 +0800] "POST /xingrg/kc/mdqp/pssh_list_operate.html HTTP/1.1" 200 5460
114.95.241.104 - - [23/Jan/2024:09:33:10 +0800] "GET /xingrg/kc/buy/cgsh_order_info.html?code=212024012309417 HTTP/1.1" 200 67474
120.253.135.82 - - [23/Jan/2024:09:33:10 +0800] "GET /xingrg/all/function/internal_message.html?_=1705973413416&CODE_STATE=getMsg HTTP/1.1" 200 27
116.230.123.222 - - [23/Jan/2024:09:33:10 +0800] "GET /xingrg/javascript/auto/indicator.gif HTTP/1.1" 404 1066
114.95.241.104 - - [23/Jan/2024:09:33:10 +0800] "GET /xingrg/javascript/easyui/themes/default/validatebox.css HTTP/1.1" 404 1104
114.83.223.112 - - [23/Jan/2024:09:33:11 +0800] "POST /xingrg/services/DataTransmitService HTTP/1.1" 200 524
114.95.241.104 - - [23/Jan/2024:09:33:11 +0800] "POST /xingrg/kc/buy/cgsh_order_operate.html HTTP/1.1" 200 1818
114.83.223.112 - - [23/Jan/2024:09:33:12 +0800] "POST /xingrg/services/DataTransmitService HTTP/1.1" 200 2067
114.95.241.104 - - [23/Jan/2024:09:33:13 +0800] "GET /xingrg/kc/print/load_data.html?order_code=212024012309417&kc_code=cgsh&condition= HTTP/1.1" 200 1215
114.83.223.112 - - [23/Jan/2024:09:33:13 +0800] "POST /xingrg/services/DataTransmitService HTTP/1.1" 200 149307
116.230.123.222 - - [23/Jan/2024:09:33:15 +0800] "GET /xingrg/kc/buy/cgsh_order_operate.html?command=get_materiel&rest_code=00111&code=00101008051&supplier_code=00100005&order_time=2024-01-23 HTTP/1.1" 200 409
114.95.241.104 - - [23/Jan/2024:09:33:18 +0800] "GET /xingrg/kc/buy/cgsh_order_add.html HTTP/1.1" 200 72567
114.95.241.104 - - [23/Jan/2024:09:33:19 +0800] "POST /xingrg/kc/buy/cgsh_order_operate.html HTTP/1.1" 200 8245
114.95.241.104 - - [23/Jan/2024:09:33:20 +0800] "GET /xingrg/javascript/easyui/themes/default/validatebox.css HTTP/1.1" 404 1104
124.78.68.102 - - [23/Jan/2024:09:33:21 +0800] "GET /xingrg/all/function/internal_message.html?_=1705973600962&CODE_STATE=getMsg HTTP/1.1" 200 27
180.171.56.87 - - [23/Jan/2024:09:33:24 +0800] "GET /xingrg/all/function/internal_message.html?_=1705973608904&CODE_STATE=getMsg HTTP/1.1" 200 27
116.230.123.222 - - [23/Jan/2024:09:33:26 +0800] "GET /xingrg/kc/buy/cgsh_order_operate.html?command=get_materiel&rest_code=00111&code=00101008338&supplier_code=00100005&order_time=2024-01-23 HTTP/1.1" 200 409
114.95.241.104 - - [23/Jan/2024:09:33:27 +0800] "GET /xingrg/kc/buy/cgsh_order_operate.html?command=get_materiel&rest_code=00151&code=00101008323&supplier_code=00100008&order_time=2024-01-23 HTTP/1.1" 200 408
124.78.68.102 - - [23/Jan/2024:09:33:27 +0800] "POST /xingrg/kc/buy/cgsh_order_operate.html HTTP/1.1" 200 8245
114.95.241.104 - - [23/Jan/2024:09:33:27 +0800] "GET /xingrg/all/function/internal_message.html?_=1705973606777&CODE_STATE=getMsg HTTP/1.1" 200 27
124.78.68.102 - - [23/Jan/2024:09:33:28 +0800] "GET /xingrg/javascript/easyui/themes/default/validatebox.css HTTP/1.1" 404 1104
114.83.223.112 - - [23/Jan/2024:09:33:30 +0800] "GET /xingrg/check_reg.html?_=1705973608270 HTTP/1.1" 200 22
114.83.223.112 - - [23/Jan/2024:09:33:33 +0800] "GET /xingrg/all/function/internal_message.html?_=1705973608274&CODE_STATE=getMsg HTTP/1.1" 200 27
116.232.193.168 - - [23/Jan/2024:09:33:34 +0800] "GET /xingrg/all/function/internal_message.html?_=1705973532604&CODE_STATE=getMsg HTTP/1.1" 200 27
180.152.241.32 - - [23/Jan/2024:09:33:35 +0800] "GET /xingrg/all/function/internal_message.html?_=1705973616586&CODE_STATE=getMsg HTTP/1.1" 200 27
180.164.1.25 - - [23/Jan/2024:09:33:35 +0800] "GET /xingrg/kc/buy/cgsh_order_operate.html?command=get_materiel&rest_code=00108&code=00101009160&supplier_code=00100007&order_time=2024-01-23 HTTP/1.1" 200 415
116.230.123.222 - - [23/Jan/2024:09:33:35 +0800] "GET /xingrg/kc/buy/cgsh_order_operate.html?command=get_materiel&rest_code=00111&code=00101008224&supplier_code=00100005&order_time=2024-01-23 HTTP/1.1" 200 416
114.95.241.104 - - [23/Jan/2024:09:33:38 +0800] "GET /xingrg/kc/buy/cgsh_order_operate.html?command=get_materiel&rest_code=00151&code=00101008261&supplier_code=00100008&order_time=2024-01-23 HTTP/1.1" 200 408
124.78.68.102 - - [23/Jan/2024:09:33:43 +0800] "GET /xingrg/kc/buy/cgsh_order_operate.html?command=get_materiel&rest_code=00141&code=00101016025&supplier_code=00100036&order_time=2024-01-23 HTTP/1.1" 200 408
101.83.145.37 - - [23/Jan/2024:09:33:44 +0800] "GET /xingrg/all/function/internal_message.html?_=1705973389418&CODE_STATE=getMsg HTTP/1.1" 200 27
116.230.123.222 - - [23/Jan/2024:09:33:46 +0800] "GET /xingrg/all/function/internal_message.html?_=1705973625746&CODE_STATE=getMsg HTTP/1.1" 200 27
114.95.241.104 - - [23/Jan/2024:09:33:46 +0800] "GET /xingrg/kc/buy/cgsh_order_operate.html?command=get_materiel&rest_code=00151&code=00101008085&supplier_code=00100008&order_time=2024-01-23 HTTP/1.1" 200 412
116.230.123.222 - - [23/Jan/2024:09:33:46 +0800] "GET /xingrg/kc/buy/cgsh_order_operate.html?command=get_materiel&rest_code=00111&code=00101008361&supplier_code=00100005&order_time=2024-01-23 HTTP/1.1" 200 408
180.164.1.25 - - [23/Jan/2024:09:33:50 +0800] "GET /xingrg/kc/buy/cgsh_order_operate.html?command=get_materiel&rest_code=00108&code=00101009175&supplier_code=00100007&order_time=2024-01-23 HTTP/1.1" 200 415
116.230.123.222 - - [23/Jan/2024:09:33:51 +0800] "POST /xingrg/kc/buy/cgsh_order_operate.html HTTP/1.1" 200 2065
114.95.241.104 - - [23/Jan/2024:09:33:53 +0800] "GET /xingrg/kc/buy/cgsh_order_operate.html?command=get_materiel&rest_code=00151&code=00101008141&supplier_code=00100008&order_time=2024-01-23 HTTP/1.1" 200 412
101.83.145.37 - - [23/Jan/2024:09:33:53 +0800] "POST /xingrg/kc/mdqp/pssh_list_operate.html HTTP/1.1" 200 1572
116.235.240.118 - - [23/Jan/2024:09:33:56 +0800] "GET /xingrg/kc/buy/cgsh_order_add.html HTTP/1.1" 200 72969
116.235.240.118 - - [23/Jan/2024:09:33:56 +0800] "POST /xingrg/kc/buy/cgsh_order_operate.html HTTP/1.1" 200 8245
124.78.68.102 - - [23/Jan/2024:09:33:57 +0800] "GET /xingrg/kc/buy/cgsh_order_operate.html?command=get_materiel&rest_code=00141&code=00101011005&supplier_code=00100036&order_time=2024-01-23 HTTP/1.1" 200 428
116.235.240.118 - - [23/Jan/2024:09:33:57 +0800] "GET /xingrg/all/function/internal_message.html?_=1705973642355&CODE_STATE=getMsg HTTP/1.1" 200 27
116.232.193.168 - - [23/Jan/2024:09:33:57 +0800] "GET /xingrg/all/function/internal_message.html?_=1705973556165&CODE_STATE=getMsg HTTP/1.1" 200 27
116.232.193.168 - - [23/Jan/2024:09:33:57 +0800] "GET /xingrg/all/function/internal_message.html?_=1705973556355&CODE_STATE=getMsg HTTP/1.1" 200 27
116.235.240.118 - - [23/Jan/2024:09:33:57 +0800] "GET /xingrg/javascript/easyui/themes/default/validatebox.css HTTP/1.1" 404 1104
101.83.145.37 - - [23/Jan/2024:09:33:59 +0800] "POST /xingrg/kc/mdqp/pssh_list_operate.html HTTP/1.1" 200 1572
114.95.241.104 - - [23/Jan/2024:09:34:01 +0800] "GET /xingrg/kc/buy/cgsh_order_operate.html?command=get_materiel&rest_code=00151&code=00101008356&supplier_code=00100008&order_time=2024-01-23 HTTP/1.1" 200 408
180.164.1.25 - - [23/Jan/2024:09:34:01 +0800] "GET /xingrg/kc/buy/cgsh_order_operate.html?command=get_materiel&rest_code=00108&code=00101009004&supplier_code=00100007&order_time=2024-01-23 HTTP/1.1" 200 409
101.83.145.37 - - [23/Jan/2024:09:34:01 +0800] "POST /xingrg/kc/mdqp/pssh_list_operate.html HTTP/1.1" 200 1572
222.70.115.1 - - [23/Jan/2024:09:34:02 +0800] "GET /xingrg/all/function/internal_message.html?_=1705973645855&CODE_STATE=getMsg HTTP/1.1" 200 27
222.69.132.177 - - [23/Jan/2024:09:34:03 +0800] "GET /xingrg/all/function/internal_message.html?_=1705973643804&CODE_STATE=getMsg HTTP/1.1" 200 27
222.69.132.177 - - [23/Jan/2024:09:34:03 +0800] "GET /xingrg/check_reg.html?_=1705973643806 HTTP/1.1" 200 22
101.83.145.37 - - [23/Jan/2024:09:34:06 +0800] "GET /xingrg/all/function/internal_message.html?_=1705973645611&CODE_STATE=getMsg HTTP/1.1" 200 27
116.230.123.222 - - [23/Jan/2024:09:34:06 +0800] "GET /xingrg/kc/buy/cgsh_order_operate.html?command=get_materiel&rest_code=00111&code=00101008356&supplier_code=00100005&order_time=2024-01-23 HTTP/1.1" 200 408
114.95.241.104 - - [23/Jan/2024:09:34:08 +0800] "GET /xingrg/all/function/internal_message.html?_=1705973647644&CODE_STATE=getMsg HTTP/1.1" 200 27
180.164.1.25 - - [23/Jan/2024:09:34:08 +0800] "GET /xingrg/all/function/internal_message.html?_=1705973646902&CODE_STATE=getMsg HTTP/1.1" 200 27
124.78.68.102 - - [23/Jan/2024:09:34:09 +0800] "GET /xingrg/kc/buy/cgsh_order_operate.html?command=get_materiel&rest_code=00141&code=00101020115&supplier_code=00100036&order_time=2024-01-23 HTTP/1.1" 200 409
120.253.135.82 - - [23/Jan/2024:09:34:09 +0800] "GET /xingrg/all/function/internal_message.html?_=1705973473430&CODE_STATE=getMsg HTTP/1.1" 200 27
114.95.241.104 - - [23/Jan/2024:09:34:09 +0800] "GET /xingrg/kc/buy/cgsh_order_operate.html?command=get_materiel&rest_code=00151&code=00101008300&supplier_code=00100008&order_time=2024-01-23 HTTP/1.1" 200 412
101.83.145.37 - - [23/Jan/2024:09:34:14 +0800] "GET /xingrg/kc/mdqp/qp_main.html HTTP/1.1" 200 10633
101.83.145.37 - - [23/Jan/2024:09:34:15 +0800] "GET /xingrg/images/yd/bt.gif HTTP/1.1" 404 1040
101.83.145.37 - - [23/Jan/2024:09:34:16 +0800] "POST /xingrg/kc/buy/cgsh_order_operate.html HTTP/1.1" 200 37
101.83.145.37 - - [23/Jan/2024:09:34:16 +0800] "GET /xingrg/kc/mdqp/pssh_order_list.html HTTP/1.1" 200 17891
101.83.145.37 - - [23/Jan/2024:09:34:17 +0800] "POST /xingrg/kc/mdqp/pssh_list_operate.html HTTP/1.1" 200 5460
124.78.68.102 - - [23/Jan/2024:09:34:18 +0800] "GET /xingrg/kc/buy/cgsh_order_operate.html?command=get_materiel&rest_code=00141&code=00101020057&supplier_code=00100036&order_time=2024-01-23 HTTP/1.1" 200 409
101.83.145.37 - - [23/Jan/2024:09:34:18 +0800] "POST /xingrg/kc/buy/cgsh_order_operate.html HTTP/1.1" 200 10389
116.230.123.222 - - [23/Jan/2024:09:34:18 +0800] "GET /xingrg/kc/buy/cgsh_order_operate.html?command=get_materiel&rest_code=00111&code=00101008251&supplier_code=00100005&order_time=2024-01-23 HTTP/1.1" 200 408
180.164.1.25 - - [23/Jan/2024:09:34:19 +0800] "POST /xingrg/kc/buy/cgsh_order_operate.html HTTP/1.1" 200 2065
101.83.145.37 - - [23/Jan/2024:09:34:19 +0800] "GET /xingrg/kc/print/load_config.html?kc_code=cgsh HTTP/1.1" 200 1927
114.95.241.104 - - [23/Jan/2024:09:34:20 +0800] "GET /xingrg/kc/buy/cgsh_order_operate.html?command=get_materiel&rest_code=00151&code=00101008286&supplier_code=00100008&order_time=2024-01-23 HTTP/1.1" 200 408
124.78.68.102 - - [23/Jan/2024:09:34:21 +0800] "GET /xingrg/all/function/internal_message.html?_=1705973660943&CODE_STATE=getMsg HTTP/1.1" 200 27
101.83.145.37 - - [23/Jan/2024:09:34:21 +0800] "GET /xingrg/kc/print/load_data.html?order_code=212024012309413&kc_code=cgsh&condition= HTTP/1.1" 200 3589
124.78.68.102 - - [23/Jan/2024:09:34:24 +0800] "GET /xingrg/kc/buy/cgsh_order_operate.html?command=get_materiel&rest_code=00141&code=00101012026&supplier_code=00100036&order_time=2024-01-23 HTTP/1.1" 200 408
180.171.56.87 - - [23/Jan/2024:09:34:25 +0800] "GET /xingrg/all/function/internal_message.html?_=1705973668905&CODE_STATE=getMsg HTTP/1.1" 200 27
180.164.1.25 - - [23/Jan/2024:09:34:27 +0800] "GET /xingrg/kc/buy/cgsh_order_operate.html?command=get_materiel&rest_code=00108&code=00101008283&supplier_code=00100007&order_time=2024-01-23 HTTP/1.1" 200 408
114.95.241.104 - - [23/Jan/2024:09:34:28 +0800] "GET /xingrg/kc/buy/cgsh_order_operate.html?command=get_materiel&rest_code=00151&code=00101008169&supplier_code=00100008&order_time=2024-01-23 HTTP/1.1" 200 412
