120.253.135.82 - - [23/Jan/2024:07:00:32 +0800] "GET /xingrg/kc/pszx/mdps_order_info.html?code=312024012300628 HTTP/1.1" 200 23982
120.253.135.82 - - [23/Jan/2024:07:00:33 +0800] "GET /xingrg/javascript/easyui/themes/default/validatebox.css HTTP/1.1" 404 1104
120.253.135.82 - - [23/Jan/2024:07:00:33 +0800] "POST /xingrg/kc/pszx/mdps_order_operate.html HTTP/1.1" 200 25381
120.253.135.82 - - [23/Jan/2024:07:00:34 +0800] "POST /xingrg/kc/pszx/mdps_list_operate.html HTTP/1.1" 200 2831
116.232.193.168 - - [23/Jan/2024:07:00:36 +0800] "GET /xingrg/all/function/internal_message.html?_=1705964355222&CODE_STATE=getMsg HTTP/1.1" 200 27
120.253.135.82 - - [23/Jan/2024:07:00:36 +0800] "POST /xingrg/kc/pszx/mdps_list_operate.html HTTP/1.1" 200 367
120.253.135.82 - - [23/Jan/2024:07:00:37 +0800] "GET /xingrg/kc/pszx/mdps_order_info.html?code=312024012300629 HTTP/1.1" 200 23984
180.169.147.146 - - [23/Jan/2024:07:00:38 +0800] "GET /xingrg/all/function/internal_message.html?_=1705964438746&CODE_STATE=getMsg HTTP/1.1" 200 27
120.253.135.82 - - [23/Jan/2024:07:00:38 +0800] "GET /xingrg/javascript/easyui/themes/default/validatebox.css HTTP/1.1" 404 1104
120.253.135.82 - - [23/Jan/2024:07:00:39 +0800] "POST /xingrg/kc/pszx/mdps_order_operate.html HTTP/1.1" 200 3279
116.235.240.118 - - [23/Jan/2024:07:00:45 +0800] "GET /xingrg/login.html HTTP/1.1" 200 7641
116.235.240.118 - - [23/Jan/2024:07:00:45 +0800] "GET /favicon.ico HTTP/1.1" 404 -
116.235.240.118 - - [23/Jan/2024:07:00:48 +0800] "POST /xingrg/login.do HTTP/1.1" 302 -
116.235.240.118 - - [23/Jan/2024:07:00:48 +0800] "GET /xingrg/index.html?sysBaseUrl=http%3A%2F%2F180.169.147.146%3A18081%2Fxingrg%2F&costTime=842×tamp=1705964448026 HTTP/1.1" 200 17179
116.235.240.118 - - [23/Jan/2024:07:00:48 +0800] "GET /xingrg/javascript/jquery_easy_ui/easyui-lang-zh_CN.js HTTP/1.1" 304 -
116.235.240.118 - - [23/Jan/2024:07:00:48 +0800] "GET /xingrg/javascript/jquery_easy_ui/themes/icon.css HTTP/1.1" 304 -
116.235.240.118 - - [23/Jan/2024:07:00:48 +0800] "GET /xingrg/css/form.css HTTP/1.1" 304 -
116.235.240.118 - - [23/Jan/2024:07:00:48 +0800] "GET /xingrg/javascript/jquery_easy_ui/themes/default/easyui.css HTTP/1.1" 304 -
116.235.240.118 - - [23/Jan/2024:07:00:48 +0800] "GET /xingrg/javascript/jquery_easy_ui/jquery.easyui.min.js HTTP/1.1" 304 -
116.235.240.118 - - [23/Jan/2024:07:00:48 +0800] "GET /xingrg/javascript/jquery-1.4.2.min.js HTTP/1.1" 304 -
116.235.240.118 - - [23/Jan/2024:07:00:48 +0800] "GET /xingrg/javascript/jquery.utils.js HTTP/1.1" 304 -
116.235.240.118 - - [23/Jan/2024:07:00:48 +0800] "GET /xingrg/javascript/jquery.timers.js HTTP/1.1" 304 -
116.235.240.118 - - [23/Jan/2024:07:00:48 +0800] "GET /xingrg/javascript/jquery.form.js HTTP/1.1" 304 -
116.235.240.118 - - [23/Jan/2024:07:00:48 +0800] "GET /favicon.ico HTTP/1.1" 404 -
116.235.240.118 - - [23/Jan/2024:07:00:48 +0800] "POST /xingrg/all/common/load_tree.html?tree=area_rest_tree_json&manage=1 HTTP/1.1" 200 479
116.235.240.118 - - [23/Jan/2024:07:00:48 +0800] "GET /xingrg/all/function/internal_message.html?_=1705964453484&CODE_STATE=count HTTP/1.1" 200 11
116.235.240.118 - - [23/Jan/2024:07:00:48 +0800] "GET /xingrg/check_reg.html?_=1705964453484 HTTP/1.1" 200 22
116.235.240.118 - - [23/Jan/2024:07:00:48 +0800] "POST /xingrg/load_menu.html HTTP/1.1" 200 5138
120.253.135.82 - - [23/Jan/2024:07:00:49 +0800] "GET /xingrg/kc/pszx/mdps_order_operate.html?command=get_materiel&pszx_code=00101&rest_code=00155&base_code=0010252&code=00101014073 HTTP/1.1" 200 435
116.235.240.118 - - [23/Jan/2024:07:00:51 +0800] "GET /xingrg/kc/buy/cgsh_order_list.html HTTP/1.1" 200 57193
116.235.240.118 - - [23/Jan/2024:07:00:51 +0800] "GET /xingrg/css/base.css HTTP/1.1" 304 -
116.235.240.118 - - [23/Jan/2024:07:00:51 +0800] "GET /xingrg/css/site.css HTTP/1.1" 304 -
116.235.240.118 - - [23/Jan/2024:07:00:51 +0800] "GET /xingrg/javascript/jquery_tools/datebox.css HTTP/1.1" 304 -
116.235.240.118 - - [23/Jan/2024:07:00:51 +0800] "GET /xingrg/javascript/easyui/themes/icon.css HTTP/1.1" 304 -
116.235.240.118 - - [23/Jan/2024:07:00:51 +0800] "GET /xingrg/javascript/jquery_tools/jquery.tools.extend.js HTTP/1.1" 304 -
116.235.240.118 - - [23/Jan/2024:07:00:51 +0800] "GET /xingrg/javascript/easyui/themes/default/easyui.css HTTP/1.1" 304 -
116.235.240.118 - - [23/Jan/2024:07:00:51 +0800] "GET /xingrg/javascript/jquery_tools/table.css HTTP/1.1" 304 -
116.235.240.118 - - [23/Jan/2024:07:00:51 +0800] "GET /xingrg/javascript/jquery_tools/jquery.tools.min.js HTTP/1.1" 304 -
116.235.240.118 - - [23/Jan/2024:07:00:51 +0800] "GET /xingrg/javascript/jquery_tools/list_manager.js HTTP/1.1" 304 -
116.235.240.118 - - [23/Jan/2024:07:00:51 +0800] "GET /xingrg/javascript/jquery_tools/fix.css HTTP/1.1" 304 -
116.235.240.118 - - [23/Jan/2024:07:00:51 +0800] "GET /xingrg/javascript/jquery_tools/jquery.tools.hotkey.js HTTP/1.1" 304 -
116.235.240.118 - - [23/Jan/2024:07:00:51 +0800] "GET /xingrg/javascript/auto/jquery.autocomplete.css HTTP/1.1" 304 -
116.235.240.118 - - [23/Jan/2024:07:00:51 +0800] "GET /xingrg/javascript/jquery_tools/jquery.tools.table.js HTTP/1.1" 304 -
116.235.240.118 - - [23/Jan/2024:07:00:51 +0800] "GET /xingrg/javascript/auto/jquery.autocomplete.js HTTP/1.1" 304 -
116.235.240.118 - - [23/Jan/2024:07:00:51 +0800] "GET /xingrg/javascript/easyui/easyloader.js HTTP/1.1" 304 -
116.235.240.118 - - [23/Jan/2024:07:00:51 +0800] "GET /xingrg/javascript/jquery.cookie.js HTTP/1.1" 304 -
116.235.240.118 - - [23/Jan/2024:07:00:51 +0800] "GET /xingrg/javascript/print/LodopFuncs.js HTTP/1.1" 304 -
180.164.1.25 - - [23/Jan/2024:07:00:52 +0800] "GET /xingrg/all/function/internal_message.html?_=1705964451070&CODE_STATE=getMsg HTTP/1.1" 200 27
116.235.240.118 - - [23/Jan/2024:07:00:52 +0800] "GET /xingrg/javascript/easyui/plugins/jquery.parser.js HTTP/1.1" 304 -
120.253.135.82 - - [23/Jan/2024:07:00:52 +0800] "GET /xingrg/all/function/internal_message.html?_=1705964276203&CODE_STATE=getMsg HTTP/1.1" 200 27
116.235.240.118 - - [23/Jan/2024:07:00:54 +0800] "POST /xingrg/kc/buy/cgsh_list_operate.html HTTP/1.1" 200 986
120.253.135.82 - - [23/Jan/2024:07:00:55 +0800] "POST /xingrg/kc/pszx/mdps_order_operate.html HTTP/1.1" 200 37
120.253.135.82 - - [23/Jan/2024:07:00:56 +0800] "GET /xingrg/kc/pszx/mdps_order_info.html?code=312024012300629 HTTP/1.1" 200 23984
116.232.193.168 - - [23/Jan/2024:07:00:57 +0800] "GET /xingrg/all/function/internal_message.html?_=1705964376170&CODE_STATE=getMsg HTTP/1.1" 200 27
116.232.193.168 - - [23/Jan/2024:07:00:57 +0800] "GET /xingrg/all/function/internal_message.html?_=1705964376361&CODE_STATE=getMsg HTTP/1.1" 200 27
120.253.135.82 - - [23/Jan/2024:07:00:57 +0800] "GET /xingrg/javascript/easyui/themes/default/validatebox.css HTTP/1.1" 404 1104
120.253.135.82 - - [23/Jan/2024:07:00:57 +0800] "POST /xingrg/kc/pszx/mdps_order_operate.html HTTP/1.1" 200 3768
120.253.135.82 - - [23/Jan/2024:07:00:59 +0800] "POST /xingrg/kc/pszx/mdps_list_operate.html HTTP/1.1" 200 2832
120.253.135.82 - - [23/Jan/2024:07:01:00 +0800] "POST /xingrg/kc/pszx/mdps_list_operate.html HTTP/1.1" 200 575
120.253.135.82 - - [23/Jan/2024:07:01:02 +0800] "GET /xingrg/kc/pszx/mdps_order_info.html?code=312024012300628 HTTP/1.1" 200 23982
120.253.135.82 - - [23/Jan/2024:07:01:03 +0800] "GET /xingrg/javascript/easyui/themes/default/validatebox.css HTTP/1.1" 404 1104
120.253.135.82 - - [23/Jan/2024:07:01:04 +0800] "POST /xingrg/kc/pszx/mdps_order_operate.html HTTP/1.1" 200 25381
114.95.241.104 - - [23/Jan/2024:07:01:20 +0800] "GET /xingrg/all/function/internal_message.html?_=1705964480681&CODE_STATE=getMsg HTTP/1.1" 200 27
124.78.68.102 - - [23/Jan/2024:07:01:23 +0800] "GET /xingrg/all/function/internal_message.html?_=1705964483496&CODE_STATE=getMsg HTTP/1.1" 200 27
180.171.56.87 - - [23/Jan/2024:07:01:24 +0800] "GET /xingrg/all/function/internal_message.html?_=1705964488849&CODE_STATE=getMsg HTTP/1.1" 200 27
114.95.241.104 - - [23/Jan/2024:07:01:27 +0800] "GET /xingrg/all/function/internal_message.html?_=1705964486774&CODE_STATE=getMsg HTTP/1.1" 200 27
116.235.240.118 - - [23/Jan/2024:07:01:28 +0800] "GET /xingrg/kc/base/wldb_order_list.html HTTP/1.1" 200 19019
116.235.240.118 - - [23/Jan/2024:07:01:29 +0800] "POST /xingrg/kc/base/wldb_list_operate.html HTTP/1.1" 200 928
116.232.193.168 - - [23/Jan/2024:07:01:36 +0800] "GET /xingrg/all/function/internal_message.html?_=1705964415203&CODE_STATE=getMsg HTTP/1.1" 200 27
180.169.147.146 - - [23/Jan/2024:07:01:38 +0800] "GET /xingrg/check_reg.html?_=1705964498763 HTTP/1.1" 200 22
180.169.147.146 - - [23/Jan/2024:07:01:38 +0800] "GET /xingrg/all/function/internal_message.html?_=1705964498764&CODE_STATE=getMsg HTTP/1.1" 200 27
124.78.68.102 - - [23/Jan/2024:07:01:42 +0800] "GET /xingrg/check_reg.html?_=1705964502040 HTTP/1.1" 200 22
116.235.240.118 - - [23/Jan/2024:07:01:48 +0800] "GET /xingrg/all/function/internal_message.html?_=1705964513496&CODE_STATE=getMsg HTTP/1.1" 200 27
180.164.1.25 - - [23/Jan/2024:07:01:52 +0800] "GET /xingrg/all/function/internal_message.html?_=1705964511067&CODE_STATE=getMsg HTTP/1.1" 200 27
120.253.135.82 - - [23/Jan/2024:07:01:52 +0800] "GET /xingrg/all/function/internal_message.html?_=1705964336217&CODE_STATE=getMsg HTTP/1.1" 200 27
116.232.193.168 - - [23/Jan/2024:07:01:57 +0800] "GET /xingrg/check_reg.html?_=1705964436165 HTTP/1.1" 200 22
116.232.193.168 - - [23/Jan/2024:07:01:57 +0800] "GET /xingrg/all/function/internal_message.html?_=1705964436168&CODE_STATE=getMsg HTTP/1.1" 200 27
116.232.193.168 - - [23/Jan/2024:07:01:57 +0800] "GET /xingrg/check_reg.html?_=1705964436355 HTTP/1.1" 200 22
116.232.193.168 - - [23/Jan/2024:07:01:57 +0800] "GET /xingrg/all/function/internal_message.html?_=1705964436356&CODE_STATE=getMsg HTTP/1.1" 200 27
120.253.135.82 - - [23/Jan/2024:07:02:05 +0800] "GET /xingrg/check_reg.html?_=1705964349140 HTTP/1.1" 200 22
114.95.241.104 - - [23/Jan/2024:07:02:20 +0800] "GET /xingrg/all/function/internal_message.html?_=1705964540685&CODE_STATE=getMsg HTTP/1.1" 200 27
124.78.68.102 - - [23/Jan/2024:07:02:23 +0800] "GET /xingrg/all/function/internal_message.html?_=1705964543472&CODE_STATE=getMsg HTTP/1.1" 200 27
180.171.56.87 - - [23/Jan/2024:07:02:24 +0800] "GET /xingrg/check_reg.html?_=1705964548851 HTTP/1.1" 200 22
180.171.56.87 - - [23/Jan/2024:07:02:24 +0800] "GET /xingrg/all/function/internal_message.html?_=1705964548855&CODE_STATE=getMsg HTTP/1.1" 200 27
116.235.240.118 - - [23/Jan/2024:07:02:27 +0800] "GET /xingrg/kc/base/wldb_order_add.html HTTP/1.1" 200 30350
116.235.240.118 - - [23/Jan/2024:07:02:27 +0800] "GET /xingrg/javascript/pic_change.js HTTP/1.1" 304 -
116.235.240.118 - - [23/Jan/2024:07:02:27 +0800] "GET /xingrg/javascript/jquery_tools/order_manager.js HTTP/1.1" 304 -
116.235.240.118 - - [23/Jan/2024:07:02:27 +0800] "GET /xingrg/javascript/convert.js HTTP/1.1" 304 -
116.235.240.118 - - [23/Jan/2024:07:02:27 +0800] "GET /xingrg/javascript/json2.js HTTP/1.1" 304 -
116.235.240.118 - - [23/Jan/2024:07:02:27 +0800] "GET /xingrg/javascript/print/kc_print.js HTTP/1.1" 304 -
116.235.240.118 - - [23/Jan/2024:07:02:27 +0800] "GET /xingrg/words/20240122122102_words.js HTTP/1.1" 304 -
114.95.241.104 - - [23/Jan/2024:07:02:27 +0800] "GET /xingrg/all/function/internal_message.html?_=1705964546777&CODE_STATE=getMsg HTTP/1.1" 200 27
114.95.241.104 - - [23/Jan/2024:07:02:27 +0800] "GET /xingrg/check_reg.html?_=1705964546780 HTTP/1.1" 200 22
116.235.240.118 - - [23/Jan/2024:07:02:27 +0800] "POST /xingrg/kc/base/wldb_order_operate.html HTTP/1.1" 200 6806
116.235.240.118 - - [23/Jan/2024:07:02:27 +0800] "GET /xingrg/all/common/auto_word.html?type=base&rest_code=00146 HTTP/1.1" 200 1799
116.235.240.118 - - [23/Jan/2024:07:02:27 +0800] "GET /xingrg/all/common/auto_word.html?type=base&rest_code=00146 HTTP/1.1" 200 1799
116.235.240.118 - - [23/Jan/2024:07:02:28 +0800] "GET /xingrg/javascript/easyui/themes/default/validatebox.css HTTP/1.1" 404 1104
116.235.240.118 - - [23/Jan/2024:07:02:28 +0800] "GET /xingrg/javascript/easyui/plugins/jquery.validatebox.js HTTP/1.1" 304 -
116.235.240.118 - - [23/Jan/2024:07:02:28 +0800] "GET /xingrg/javascript/easyui/plugins/jquery.numberbox.js HTTP/1.1" 304 -
116.232.193.168 - - [23/Jan/2024:07:02:28 +0800] "GET /xingrg/check_reg.html?_=1705964467282 HTTP/1.1" 200 22
116.235.240.118 - - [23/Jan/2024:07:02:33 +0800] "GET /xingrg/javascript/auto/indicator.gif HTTP/1.1" 404 1066
116.232.193.168 - - [23/Jan/2024:07:02:36 +0800] "GET /xingrg/all/function/internal_message.html?_=1705964475190&CODE_STATE=getMsg HTTP/1.1" 200 27
180.169.147.146 - - [23/Jan/2024:07:02:38 +0800] "GET /xingrg/all/function/internal_message.html?_=1705964558765&CODE_STATE=getMsg HTTP/1.1" 200 27
116.235.240.118 - - [23/Jan/2024:07:02:39 +0800] "GET /xingrg/javascript/jquery_tools/images/prev.gif HTTP/1.1" 404 1086
116.235.240.118 - - [23/Jan/2024:07:02:39 +0800] "GET /xingrg/javascript/jquery_tools/images/next.gif HTTP/1.1" 404 1086
116.235.240.118 - - [23/Jan/2024:07:02:48 +0800] "GET /xingrg/all/function/internal_message.html?_=1705964573510&CODE_STATE=getMsg HTTP/1.1" 200 27
180.164.1.25 - - [23/Jan/2024:07:02:52 +0800] "GET /xingrg/all/function/internal_message.html?_=1705964571056&CODE_STATE=getMsg HTTP/1.1" 200 27
120.253.135.82 - - [23/Jan/2024:07:02:52 +0800] "GET /xingrg/all/function/internal_message.html?_=1705964396231&CODE_STATE=getMsg HTTP/1.1" 200 27
116.232.193.168 - - [23/Jan/2024:07:02:57 +0800] "GET /xingrg/all/function/internal_message.html?_=1705964496156&CODE_STATE=getMsg HTTP/1.1" 200 27
116.232.193.168 - - [23/Jan/2024:07:02:57 +0800] "GET /xingrg/all/function/internal_message.html?_=1705964496346&CODE_STATE=getMsg HTTP/1.1" 200 27
114.95.241.104 - - [23/Jan/2024:07:03:20 +0800] "GET /xingrg/all/function/internal_message.html?_=1705964600688&CODE_STATE=getMsg HTTP/1.1" 200 27
124.78.68.102 - - [23/Jan/2024:07:03:23 +0800] "GET /xingrg/all/function/internal_message.html?_=1705964603454&CODE_STATE=getMsg HTTP/1.1" 200 27
180.171.56.87 - - [23/Jan/2024:07:03:24 +0800] "GET /xingrg/all/function/internal_message.html?_=1705964608840&CODE_STATE=getMsg HTTP/1.1" 200 27
114.95.241.104 - - [23/Jan/2024:07:03:27 +0800] "GET /xingrg/all/function/internal_message.html?_=1705964606769&CODE_STATE=getMsg HTTP/1.1" 200 27
116.232.193.168 - - [23/Jan/2024:07:03:36 +0800] "GET /xingrg/all/function/internal_message.html?_=1705964535170&CODE_STATE=getMsg HTTP/1.1" 200 27
180.169.147.146 - - [23/Jan/2024:07:03:38 +0800] "GET /xingrg/all/function/internal_message.html?_=1705964618759&CODE_STATE=getMsg HTTP/1.1" 200 27
120.253.135.82 - - [23/Jan/2024:07:03:42 +0800] "POST /xingrg/kc/pszx/mdps_order_operate.html HTTP/1.1" 200 37
120.253.135.82 - - [23/Jan/2024:07:03:45 +0800] "GET /xingrg/kc/pszx/mdps_order_info.html?code=312024012300628 HTTP/1.1" 200 23982
120.253.135.82 - - [23/Jan/2024:07:03:46 +0800] "GET /xingrg/javascript/easyui/themes/default/validatebox.css HTTP/1.1" 404 1104
120.253.135.82 - - [23/Jan/2024:07:03:46 +0800] "POST /xingrg/kc/pszx/mdps_order_operate.html HTTP/1.1" 200 25379
116.235.240.118 - - [23/Jan/2024:07:03:46 +0800] "GET /xingrg/kc/base/wldb_order_operate.html?command=get_materiel&rest_code=00146&base_code=0010064&code=00102002453 HTTP/1.1" 200 435
116.235.240.118 - - [23/Jan/2024:07:03:48 +0800] "GET /xingrg/all/function/internal_message.html?_=1705964633523&CODE_STATE=getMsg HTTP/1.1" 200 27
180.164.1.25 - - [23/Jan/2024:07:03:52 +0800] "GET /xingrg/all/function/internal_message.html?_=1705964631060&CODE_STATE=getMsg HTTP/1.1" 200 27
180.164.1.25 - - [23/Jan/2024:07:03:52 +0800] "GET /xingrg/check_reg.html?_=1705964631062 HTTP/1.1" 200 22
120.253.135.82 - - [23/Jan/2024:07:03:52 +0800] "GET /xingrg/all/function/internal_message.html?_=1705964456244&CODE_STATE=getMsg HTTP/1.1" 200 27
116.232.193.168 - - [23/Jan/2024:07:03:57 +0800] "GET /xingrg/all/function/internal_message.html?_=1705964556164&CODE_STATE=getMsg HTTP/1.1" 200 27
116.232.193.168 - - [23/Jan/2024:07:03:57 +0800] "GET /xingrg/all/function/internal_message.html?_=1705964556352&CODE_STATE=getMsg HTTP/1.1" 200 27
120.253.135.82 - - [23/Jan/2024:07:03:59 +0800] "POST /xingrg/all/common/load_select.html HTTP/1.1" 200 25
116.235.240.118 - - [23/Jan/2024:07:03:59 +0800] "GET /xingrg/kc/base/wldb_order_operate.html?command=get_materiel&rest_code=00146&base_code=0010064&code=00102002448 HTTP/1.1" 200 440
120.253.135.82 - - [23/Jan/2024:07:04:01 +0800] "GET /xingrg/kc/pszx/mdps_order_operate.html?command=get_materiel_price&pszx_code=00101&rest_code=00155&base_code=0010246&code=00101019476&unit_code=00100157&order_time=2024-01-24 HTTP/1.1" 200 33
114.95.241.104 - - [23/Jan/2024:07:04:20 +0800] "GET /xingrg/check_reg.html?_=1705964660686 HTTP/1.1" 200 22
114.95.241.104 - - [23/Jan/2024:07:04:20 +0800] "GET /xingrg/all/function/internal_message.html?_=1705964660688&CODE_STATE=getMsg HTTP/1.1" 200 27
120.253.135.82 - - [23/Jan/2024:07:04:22 +0800] "POST /xingrg/all/common/load_select.html HTTP/1.1" 200 25
124.78.68.102 - - [23/Jan/2024:07:04:23 +0800] "GET /xingrg/all/function/internal_message.html?_=1705964663428&CODE_STATE=getMsg HTTP/1.1" 200 27
180.171.56.87 - - [23/Jan/2024:07:04:24 +0800] "GET /xingrg/all/function/internal_message.html?_=1705964668841&CODE_STATE=getMsg HTTP/1.1" 200 27
120.253.135.82 - - [23/Jan/2024:07:04:24 +0800] "GET /xingrg/kc/pszx/mdps_order_operate.html?command=get_materiel_price&pszx_code=00101&rest_code=00155&base_code=0010246&code=00101019400&unit_code=00100111&order_time=2024-01-24 HTTP/1.1" 200 35
116.235.240.118 - - [23/Jan/2024:07:04:26 +0800] "POST /xingrg/kc/base/wldb_order_operate.html HTTP/1.1" 200 37
114.95.241.104 - - [23/Jan/2024:07:04:27 +0800] "GET /xingrg/all/function/internal_message.html?_=1705964666788&CODE_STATE=getMsg HTTP/1.1" 200 27
120.253.135.82 - - [23/Jan/2024:07:04:29 +0800] "POST /xingrg/all/common/load_select.html HTTP/1.1" 200 25
120.253.135.82 - - [23/Jan/2024:07:04:31 +0800] "GET /xingrg/kc/pszx/mdps_order_operate.html?command=get_materiel_price&pszx_code=00101&rest_code=00155&base_code=0010246&code=00101019133&unit_code=00100189&order_time=2024-01-24 HTTP/1.1" 200 35
116.235.240.118 - - [23/Jan/2024:07:04:31 +0800] "POST /xingrg/kc/base/wldb_order_operate.html HTTP/1.1" 200 12
116.235.240.118 - - [23/Jan/2024:07:04:32 +0800] "POST /xingrg/kc/base/wldb_order_operate.html HTTP/1.1" 200 2664
116.232.193.168 - - [23/Jan/2024:07:04:36 +0800] "GET /xingrg/all/function/internal_message.html?_=1705964595154&CODE_STATE=getMsg HTTP/1.1" 200 27
180.169.147.146 - - [23/Jan/2024:07:04:38 +0800] "GET /xingrg/all/function/internal_message.html?_=1705964678761&CODE_STATE=getMsg HTTP/1.1" 200 27
120.253.135.82 - - [23/Jan/2024:07:04:40 +0800] "POST /xingrg/kc/pszx/mdps_order_operate.html HTTP/1.1" 200 37
120.253.135.82 - - [23/Jan/2024:07:04:43 +0800] "GET /xingrg/kc/pszx/mdps_order_info.html?code=312024012300628 HTTP/1.1" 200 23982
120.253.135.82 - - [23/Jan/2024:07:04:44 +0800] "GET /xingrg/javascript/easyui/themes/default/validatebox.css HTTP/1.1" 404 1104
120.253.135.82 - - [23/Jan/2024:07:04:45 +0800] "POST /xingrg/kc/pszx/mdps_order_operate.html HTTP/1.1" 200 25377
116.235.240.118 - - [23/Jan/2024:07:04:51 +0800] "GET /xingrg/kc/base/wldb_order_info.html?code=422024012302424 HTTP/1.1" 200 26228
180.164.1.25 - - [23/Jan/2024:07:04:52 +0800] "GET /xingrg/all/function/internal_message.html?_=1705964691065&CODE_STATE=getMsg HTTP/1.1" 200 27
116.235.240.118 - - [23/Jan/2024:07:04:52 +0800] "GET /xingrg/javascript/easyui/themes/default/validatebox.css HTTP/1.1" 404 1104
120.253.135.82 - - [23/Jan/2024:07:04:52 +0800] "GET /xingrg/all/function/internal_message.html?_=1705964516257&CODE_STATE=getMsg HTTP/1.1" 200 27
116.235.240.118 - - [23/Jan/2024:07:04:52 +0800] "POST /xingrg/kc/base/wldb_order_operate.html HTTP/1.1" 200 946
116.235.240.118 - - [23/Jan/2024:07:04:52 +0800] "GET /xingrg/all/function/internal_message.html?_=1705964697811&CODE_STATE=getMsg HTTP/1.1" 200 27
116.235.240.118 - - [23/Jan/2024:07:04:56 +0800] "GET /xingrg/kc/base/wldb_order_add.html HTTP/1.1" 200 30350
116.235.240.118 - - [23/Jan/2024:07:04:56 +0800] "POST /xingrg/kc/base/wldb_order_operate.html HTTP/1.1" 200 6806
116.235.240.118 - - [23/Jan/2024:07:04:56 +0800] "GET /xingrg/javascript/easyui/themes/default/validatebox.css HTTP/1.1" 404 1104
116.232.193.168 - - [23/Jan/2024:07:04:57 +0800] "GET /xingrg/all/function/internal_message.html?_=1705964616179&CODE_STATE=getMsg HTTP/1.1" 200 27
116.232.193.168 - - [23/Jan/2024:07:04:57 +0800] "GET /xingrg/all/function/internal_message.html?_=1705964616352&CODE_STATE=getMsg HTTP/1.1" 200 27
120.253.135.82 - - [23/Jan/2024:07:05:13 +0800] "GET /xingrg/kc/pszx/mdps_order_operate.html?command=get_materiel&pszx_code=00101&rest_code=00155&base_code=0010246&code=00101019071 HTTP/1.1" 200 485
116.235.240.118 - - [23/Jan/2024:07:05:15 +0800] "GET /xingrg/kc/base/wldb_order_operate.html?command=get_materiel&rest_code=00146&base_code=0010332&code=00101029022 HTTP/1.1" 200 474
120.253.135.82 - - [23/Jan/2024:07:05:16 +0800] "POST /xingrg/all/common/load_select.html HTTP/1.1" 200 25
120.253.135.82 - - [23/Jan/2024:07:05:18 +0800] "GET /xingrg/kc/pszx/mdps_order_operate.html?command=get_materiel_price&pszx_code=00101&rest_code=00155&base_code=0010246&code=00101019071&unit_code=00100201&order_time=2024-01-24 HTTP/1.1" 200 34
114.95.241.104 - - [23/Jan/2024:07:05:20 +0800] "GET /xingrg/all/function/internal_message.html?_=1705964720682&CODE_STATE=getMsg HTTP/1.1" 200 27
124.78.68.102 - - [23/Jan/2024:07:05:23 +0800] "GET /xingrg/all/function/internal_message.html?_=1705964723409&CODE_STATE=getMsg HTTP/1.1" 200 27
180.171.56.87 - - [23/Jan/2024:07:05:24 +0800] "GET /xingrg/all/function/internal_message.html?_=1705964728844&CODE_STATE=getMsg HTTP/1.1" 200 27
114.95.241.104 - - [23/Jan/2024:07:05:27 +0800] "GET /xingrg/all/function/internal_message.html?_=1705964726787&CODE_STATE=getMsg HTTP/1.1" 200 27
120.253.135.82 - - [23/Jan/2024:07:05:27 +0800] "POST /xingrg/kc/pszx/mdps_order_operate.html HTTP/1.1" 200 37
120.253.135.82 - - [23/Jan/2024:07:05:30 +0800] "GET /xingrg/kc/pszx/mdps_order_info.html?code=312024012300628 HTTP/1.1" 200 23982
116.235.240.118 - - [23/Jan/2024:07:05:31 +0800] "POST /xingrg/kc/base/wldb_order_operate.html HTTP/1.1" 200 37
120.253.135.82 - - [23/Jan/2024:07:05:31 +0800] "GET /xingrg/javascript/easyui/themes/default/validatebox.css HTTP/1.1" 404 1104
116.235.240.118 - - [23/Jan/2024:07:05:32 +0800] "POST /xingrg/kc/base/wldb_order_operate.html HTTP/1.1" 200 2215
120.253.135.82 - - [23/Jan/2024:07:05:32 +0800] "POST /xingrg/kc/pszx/mdps_order_operate.html HTTP/1.1" 200 25388
116.232.193.168 - - [23/Jan/2024:07:05:36 +0800] "GET /xingrg/all/function/internal_message.html?_=1705964655137&CODE_STATE=getMsg HTTP/1.1" 200 27
116.235.240.118 - - [23/Jan/2024:07:05:37 +0800] "POST /xingrg/kc/base/wldb_order_operate.html HTTP/1.1" 200 12
116.235.240.118 - - [23/Jan/2024:07:05:38 +0800] "GET /xingrg/kc/base/wldb_order_info.html?code=422024012302425 HTTP/1.1" 200 26223
180.169.147.146 - - [23/Jan/2024:07:05:38 +0800] "GET /xingrg/all/function/internal_message.html?_=1705964738750&CODE_STATE=getMsg HTTP/1.1" 200 27
116.235.240.118 - - [23/Jan/2024:07:05:39 +0800] "GET /xingrg/javascript/easyui/themes/default/validatebox.css HTTP/1.1" 404 1104
116.235.240.118 - - [23/Jan/2024:07:05:39 +0800] "POST /xingrg/kc/base/wldb_order_operate.html HTTP/1.1" 200 507
120.253.135.82 - - [23/Jan/2024:07:05:40 +0800] "POST /xingrg/all/common/load_select.html HTTP/1.1" 200 25
116.235.240.118 - - [23/Jan/2024:07:05:42 +0800] "GET /xingrg/kc/base/wldb_order_add.html HTTP/1.1" 200 30350
116.235.240.118 - - [23/Jan/2024:07:05:42 +0800] "POST /xingrg/kc/base/wldb_order_operate.html HTTP/1.1" 200 6806
116.235.240.118 - - [23/Jan/2024:07:05:42 +0800] "GET /xingrg/javascript/easyui/themes/default/validatebox.css HTTP/1.1" 404 1104
120.253.135.82 - - [23/Jan/2024:07:05:42 +0800] "GET /xingrg/kc/pszx/mdps_order_operate.html?command=get_materiel_price&pszx_code=00101&rest_code=00155&base_code=0010246&code=00101013093&unit_code=00100088&order_time=2024-01-24 HTTP/1.1" 200 48
116.235.240.118 - - [23/Jan/2024:07:05:48 +0800] "GET /xingrg/check_reg.html?_=1705964753487 HTTP/1.1" 200 22
180.164.1.25 - - [23/Jan/2024:07:05:52 +0800] "GET /xingrg/all/function/internal_message.html?_=1705964751066&CODE_STATE=getMsg HTTP/1.1" 200 27
120.253.135.82 - - [23/Jan/2024:07:05:52 +0800] "GET /xingrg/all/function/internal_message.html?_=1705964576271&CODE_STATE=getMsg HTTP/1.1" 200 27
116.235.240.118 - - [23/Jan/2024:07:05:52 +0800] "GET /xingrg/all/function/internal_message.html?_=1705964757824&CODE_STATE=getMsg HTTP/1.1" 200 27
116.232.193.168 - - [23/Jan/2024:07:05:57 +0800] "GET /xingrg/all/function/internal_message.html?_=1705964676166&CODE_STATE=getMsg HTTP/1.1" 200 27
116.232.193.168 - - [23/Jan/2024:07:05:57 +0800] "GET /xingrg/all/function/internal_message.html?_=1705964676340&CODE_STATE=getMsg HTTP/1.1" 200 27
120.253.135.82 - - [23/Jan/2024:07:06:07 +0800] "POST /xingrg/kc/pszx/mdps_order_operate.html HTTP/1.1" 200 37
120.253.135.82 - - [23/Jan/2024:07:06:08 +0800] "GET /xingrg/kc/pszx/mdps_order_info.html?code=312024012300628 HTTP/1.1" 200 23982
120.253.135.82 - - [23/Jan/2024:07:06:09 +0800] "GET /xingrg/javascript/easyui/themes/default/validatebox.css HTTP/1.1" 404 1104
120.253.135.82 - - [23/Jan/2024:07:06:10 +0800] "POST /xingrg/kc/pszx/mdps_order_operate.html HTTP/1.1" 200 25391
116.235.240.118 - - [23/Jan/2024:07:06:14 +0800] "GET /xingrg/kc/base/wldb_order_operate.html?command=get_materiel&rest_code=00146&base_code=0010071&code=00101010638 HTTP/1.1" 200 433
114.95.241.104 - - [23/Jan/2024:07:06:20 +0800] "GET /xingrg/all/function/internal_message.html?_=1705964780700&CODE_STATE=getMsg HTTP/1.1" 200 27
124.78.68.102 - - [23/Jan/2024:07:06:23 +0800] "GET /xingrg/all/function/internal_message.html?_=1705964783387&CODE_STATE=getMsg HTTP/1.1" 200 27
180.171.56.87 - - [23/Jan/2024:07:06:24 +0800] "GET /xingrg/all/function/internal_message.html?_=1705964788845&CODE_STATE=getMsg HTTP/1.1" 200 27
116.235.240.118 - - [23/Jan/2024:07:06:25 +0800] "POST /xingrg/kc/base/wldb_order_operate.html HTTP/1.1" 200 37
114.95.241.104 - - [23/Jan/2024:07:06:27 +0800] "GET /xingrg/all/function/internal_message.html?_=1705964786790&CODE_STATE=getMsg HTTP/1.1" 200 27
116.235.240.118 - - [23/Jan/2024:07:06:30 +0800] "POST /xingrg/kc/base/wldb_order_operate.html HTTP/1.1" 200 12
116.235.240.118 - - [23/Jan/2024:07:06:30 +0800] "POST /xingrg/kc/base/wldb_order_operate.html HTTP/1.1" 200 2182
116.235.240.118 - - [23/Jan/2024:07:06:32 +0800] "GET /xingrg/kc/base/wldb_order_info.html?code=422024012302426 HTTP/1.1" 200 26222
116.235.240.118 - - [23/Jan/2024:07:06:32 +0800] "GET /xingrg/javascript/easyui/themes/default/validatebox.css HTTP/1.1" 404 1104
116.235.240.118 - - [23/Jan/2024:07:06:32 +0800] "POST /xingrg/kc/base/wldb_order_operate.html HTTP/1.1" 200 477
116.235.240.118 - - [23/Jan/2024:07:06:35 +0800] "GET /xingrg/kc/base/wldb_order_add.html HTTP/1.1" 200 30350
116.232.193.168 - - [23/Jan/2024:07:06:36 +0800] "GET /xingrg/all/function/internal_message.html?_=1705964715111&CODE_STATE=getMsg HTTP/1.1" 200 27
116.235.240.118 - - [23/Jan/2024:07:06:36 +0800] "POST /xingrg/kc/base/wldb_order_operate.html HTTP/1.1" 200 6806
116.235.240.118 - - [23/Jan/2024:07:06:36 +0800] "GET /xingrg/javascript/easyui/themes/default/validatebox.css HTTP/1.1" 404 1104
180.169.147.146 - - [23/Jan/2024:07:06:38 +0800] "GET /xingrg/all/function/internal_message.html?_=1705964798746&CODE_STATE=getMsg HTTP/1.1" 200 27
180.169.147.146 - - [23/Jan/2024:07:06:38 +0800] "GET /xingrg/check_reg.html?_=1705964798749 HTTP/1.1" 200 22
124.78.68.102 - - [23/Jan/2024:07:06:41 +0800] "GET /xingrg/check_reg.html?_=1705964802021 HTTP/1.1" 200 22
180.164.1.25 - - [23/Jan/2024:07:06:52 +0800] "GET /xingrg/all/function/internal_message.html?_=1705964811054&CODE_STATE=getMsg HTTP/1.1" 200 27
120.253.135.82 - - [23/Jan/2024:07:06:52 +0800] "GET /xingrg/all/function/internal_message.html?_=1705964636285&CODE_STATE=getMsg HTTP/1.1" 200 27
116.235.240.118 - - [23/Jan/2024:07:06:52 +0800] "GET /xingrg/all/function/internal_message.html?_=1705964817891&CODE_STATE=getMsg HTTP/1.1" 200 27
116.235.240.118 - - [23/Jan/2024:07:06:55 +0800] "GET /xingrg/kc/base/wldb_order_operate.html?command=get_materiel&rest_code=00146&base_code=0010071&code=00101019435 HTTP/1.1" 200 438
116.232.193.168 - - [23/Jan/2024:07:06:57 +0800] "GET /xingrg/check_reg.html?_=1705964736154 HTTP/1.1" 200 22
116.232.193.168 - - [23/Jan/2024:07:06:57 +0800] "GET /xingrg/all/function/internal_message.html?_=1705964736155&CODE_STATE=getMsg HTTP/1.1" 200 27
116.232.193.168 - - [23/Jan/2024:07:06:57 +0800] "GET /xingrg/all/function/internal_message.html?_=1705964736345&CODE_STATE=getMsg HTTP/1.1" 200 27
116.232.193.168 - - [23/Jan/2024:07:06:57 +0800] "GET /xingrg/check_reg.html?_=1705964736347 HTTP/1.1" 200 22
116.235.240.118 - - [23/Jan/2024:07:07:03 +0800] "POST /xingrg/kc/base/wldb_order_operate.html HTTP/1.1" 200 37
120.253.135.82 - - [23/Jan/2024:07:07:05 +0800] "GET /xingrg/check_reg.html?_=1705964649405 HTTP/1.1" 200 22
116.235.240.118 - - [23/Jan/2024:07:07:09 +0800] "POST /xingrg/kc/base/wldb_order_operate.html HTTP/1.1" 200 12
116.235.240.118 - - [23/Jan/2024:07:07:09 +0800] "POST /xingrg/kc/base/wldb_order_operate.html HTTP/1.1" 200 2188
120.253.135.82 - - [23/Jan/2024:07:07:10 +0800] "POST /xingrg/kc/pszx/mdps_order_operate.html HTTP/1.1" 200 37
120.253.135.82 - - [23/Jan/2024:07:07:13 +0800] "GET /xingrg/kc/pszx/mdps_order_info.html?code=312024012300628 HTTP/1.1" 200 23982
120.253.135.82 - - [23/Jan/2024:07:07:14 +0800] "GET /xingrg/javascript/easyui/themes/default/validatebox.css HTTP/1.1" 404 1104
116.235.240.118 - - [23/Jan/2024:07:07:14 +0800] "GET /xingrg/kc/base/wldb_order_info.html?code=422024012302427 HTTP/1.1" 200 26225
120.253.135.82 - - [23/Jan/2024:07:07:14 +0800] "POST /xingrg/kc/pszx/mdps_order_operate.html HTTP/1.1" 200 25389
116.235.240.118 - - [23/Jan/2024:07:07:15 +0800] "GET /xingrg/javascript/easyui/themes/default/validatebox.css HTTP/1.1" 404 1104
116.235.240.118 - - [23/Jan/2024:07:07:15 +0800] "POST /xingrg/kc/base/wldb_order_operate.html HTTP/1.1" 200 483
114.95.241.104 - - [23/Jan/2024:07:07:20 +0800] "GET /xingrg/all/function/internal_message.html?_=1705964840694&CODE_STATE=getMsg HTTP/1.1" 200 27
124.78.68.102 - - [23/Jan/2024:07:07:23 +0800] "GET /xingrg/all/function/internal_message.html?_=1705964843367&CODE_STATE=getMsg HTTP/1.1" 200 27
180.171.56.87 - - [23/Jan/2024:07:07:24 +0800] "GET /xingrg/all/function/internal_message.html?_=1705964848847&CODE_STATE=getMsg HTTP/1.1" 200 27
180.171.56.87 - - [23/Jan/2024:07:07:24 +0800] "GET /xingrg/check_reg.html?_=1705964848850 HTTP/1.1" 200 22
114.95.241.104 - - [23/Jan/2024:07:07:27 +0800] "GET /xingrg/check_reg.html?_=1705964846774 HTTP/1.1" 200 22
114.95.241.104 - - [23/Jan/2024:07:07:27 +0800] "GET /xingrg/all/function/internal_message.html?_=1705964846777&CODE_STATE=getMsg HTTP/1.1" 200 27
116.232.193.168 - - [23/Jan/2024:07:07:28 +0800] "GET /xingrg/check_reg.html?_=1705964767268 HTTP/1.1" 200 22
120.253.135.82 - - [23/Jan/2024:07:07:29 +0800] "POST /xingrg/kc/pszx/mdps_list_operate.html HTTP/1.1" 200 2832
120.253.135.82 - - [23/Jan/2024:07:07:30 +0800] "POST /xingrg/kc/pszx/mdps_list_operate.html HTTP/1.1" 200 441
120.253.135.82 - - [23/Jan/2024:07:07:32 +0800] "POST /xingrg/kc/pszx/mdps_list_operate.html HTTP/1.1" 200 283
116.232.193.168 - - [23/Jan/2024:07:07:36 +0800] "GET /xingrg/all/function/internal_message.html?_=1705964775092&CODE_STATE=getMsg HTTP/1.1" 200 27
180.169.147.146 - - [23/Jan/2024:07:07:38 +0800] "GET /xingrg/all/function/internal_message.html?_=1705964858745&CODE_STATE=getMsg HTTP/1.1" 200 27
120.253.135.82 - - [23/Jan/2024:07:07:39 +0800] "GET /xingrg/kc/pszx/mdps_order_info.html?code=312024011300351 HTTP/1.1" 200 23978
120.253.135.82 - - [23/Jan/2024:07:07:39 +0800] "GET /xingrg/javascript/easyui/themes/default/validatebox.css HTTP/1.1" 404 1104
120.253.135.82 - - [23/Jan/2024:07:07:40 +0800] "POST /xingrg/kc/pszx/mdps_order_operate.html HTTP/1.1" 200 2775
180.164.1.25 - - [23/Jan/2024:07:07:52 +0800] "GET /xingrg/all/function/internal_message.html?_=1705964871061&CODE_STATE=getMsg HTTP/1.1" 200 27
120.253.135.82 - - [23/Jan/2024:07:07:52 +0800] "POST /xingrg/kc/pszx/mdps_list_operate.html HTTP/1.1" 200 2832
120.253.135.82 - - [23/Jan/2024:07:07:52 +0800] "GET /xingrg/all/function/internal_message.html?_=1705964696638&CODE_STATE=getMsg HTTP/1.1" 200 27
116.235.240.118 - - [23/Jan/2024:07:07:52 +0800] "GET /xingrg/all/function/internal_message.html?_=1705964877898&CODE_STATE=getMsg HTTP/1.1" 200 27
120.253.135.82 - - [23/Jan/2024:07:07:55 +0800] "POST /xingrg/kc/pszx/mdps_list_operate.html HTTP/1.1" 200 640
120.253.135.82 - - [23/Jan/2024:07:07:56 +0800] "GET /xingrg/kc/pszx/mdps_order_info.html?code=312024012300627 HTTP/1.1" 200 23982
116.232.193.168 - - [23/Jan/2024:07:07:57 +0800] "GET /xingrg/all/function/internal_message.html?_=1705964796173&CODE_STATE=getMsg HTTP/1.1" 200 27
116.232.193.168 - - [23/Jan/2024:07:07:57 +0800] "GET /xingrg/all/function/internal_message.html?_=1705964796359&CODE_STATE=getMsg HTTP/1.1" 200 27
120.253.135.82 - - [23/Jan/2024:07:07:57 +0800] "GET /xingrg/javascript/easyui/themes/default/validatebox.css HTTP/1.1" 404 1104
120.253.135.82 - - [23/Jan/2024:07:07:57 +0800] "POST /xingrg/kc/pszx/mdps_order_operate.html HTTP/1.1" 200 8377
120.253.135.82 - - [23/Jan/2024:07:08:08 +0800] "GET /xingrg/kc/pszx/mdps_order_operate.html?command=get_materiel&pszx_code=00101&rest_code=00155&base_code=0010250&code=00102002268 HTTP/1.1" 200 431
114.95.241.104 - - [23/Jan/2024:07:08:20 +0800] "GET /xingrg/all/function/internal_message.html?_=1705964900681&CODE_STATE=getMsg HTTP/1.1" 200 27
124.78.68.102 - - [23/Jan/2024:07:08:23 +0800] "GET /xingrg/all/function/internal_message.html?_=1705964903344&CODE_STATE=getMsg HTTP/1.1" 200 27
180.171.56.87 - - [23/Jan/2024:07:08:24 +0800] "GET /xingrg/all/function/internal_message.html?_=1705964908850&CODE_STATE=getMsg HTTP/1.1" 200 27
114.95.241.104 - - [23/Jan/2024:07:08:27 +0800] "GET /xingrg/all/function/internal_message.html?_=1705964906765&CODE_STATE=getMsg HTTP/1.1" 200 27
116.232.193.168 - - [23/Jan/2024:07:08:36 +0800] "GET /xingrg/all/function/internal_message.html?_=1705964835068&CODE_STATE=getMsg HTTP/1.1" 200 27
120.253.135.82 - - [23/Jan/2024:07:08:37 +0800] "POST /xingrg/kc/pszx/mdps_order_operate.html HTTP/1.1" 200 37
180.169.147.146 - - [23/Jan/2024:07:08:38 +0800] "GET /xingrg/all/function/internal_message.html?_=1705964918760&CODE_STATE=getMsg HTTP/1.1" 200 27
120.253.135.82 - - [23/Jan/2024:07:08:39 +0800] "GET /xingrg/kc/pszx/mdps_order_info.html?code=312024012300627 HTTP/1.1" 200 23982
120.253.135.82 - - [23/Jan/2024:07:08:40 +0800] "GET /xingrg/javascript/easyui/themes/default/validatebox.css HTTP/1.1" 404 1104
120.253.135.82 - - [23/Jan/2024:07:08:40 +0800] "POST /xingrg/kc/pszx/mdps_order_operate.html HTTP/1.1" 200 8871
120.253.135.82 - - [23/Jan/2024:07:08:42 +0800] "POST /xingrg/kc/pszx/mdps_list_operate.html HTTP/1.1" 200 2832
120.253.135.82 - - [23/Jan/2024:07:08:43 +0800] "POST /xingrg/kc/pszx/mdps_list_operate.html HTTP/1.1" 200 283
120.253.135.82 - - [23/Jan/2024:07:08:44 +0800] "GET /xingrg/kc/pszx/mdps_order_info.html?code=312024011300351 HTTP/1.1" 200 23978
120.253.135.82 - - [23/Jan/2024:07:08:45 +0800] "GET /xingrg/javascript/easyui/themes/default/validatebox.css HTTP/1.1" 404 1104
120.253.135.82 - - [23/Jan/2024:07:08:45 +0800] "POST /xingrg/kc/pszx/mdps_order_operate.html HTTP/1.1" 200 2775
120.253.135.82 - - [23/Jan/2024:07:08:48 +0800] "POST /xingrg/kc/pszx/mdps_order_operate.html HTTP/1.1" 200 12
120.253.135.82 - - [23/Jan/2024:07:08:49 +0800] "POST /xingrg/kc/pszx/mdps_list_operate.html HTTP/1.1" 200 2461
180.164.1.25 - - [23/Jan/2024:07:08:52 +0800] "GET /xingrg/all/function/internal_message.html?_=1705964931064&CODE_STATE=getMsg HTTP/1.1" 200 27
180.164.1.25 - - [23/Jan/2024:07:08:52 +0800] "GET /xingrg/check_reg.html?_=1705964931066 HTTP/1.1" 200 22
120.253.135.82 - - [23/Jan/2024:07:08:52 +0800] "GET /xingrg/all/function/internal_message.html?_=1705964756640&CODE_STATE=getMsg HTTP/1.1" 200 27
116.235.240.118 - - [23/Jan/2024:07:08:52 +0800] "GET /xingrg/all/function/internal_message.html?_=1705964937912&CODE_STATE=getMsg HTTP/1.1" 200 27
116.232.193.168 - - [23/Jan/2024:07:08:57 +0800] "GET /xingrg/all/function/internal_message.html?_=1705964856162&CODE_STATE=getMsg HTTP/1.1" 200 27
116.232.193.168 - - [23/Jan/2024:07:08:57 +0800] "GET /xingrg/all/function/internal_message.html?_=1705964856348&CODE_STATE=getMsg HTTP/1.1" 200 27
114.95.241.104 - - [23/Jan/2024:07:09:20 +0800] "GET /xingrg/all/function/internal_message.html?_=1705964960685&CODE_STATE=getMsg HTTP/1.1" 200 27
114.95.241.104 - - [23/Jan/2024:07:09:20 +0800] "GET /xingrg/check_reg.html?_=1705964960688 HTTP/1.1" 200 22
124.78.68.102 - - [23/Jan/2024:07:09:23 +0800] "GET /xingrg/all/function/internal_message.html?_=1705964963315&CODE_STATE=getMsg HTTP/1.1" 200 27
180.171.56.87 - - [23/Jan/2024:07:09:24 +0800] "GET /xingrg/all/function/internal_message.html?_=1705964968852&CODE_STATE=getMsg HTTP/1.1" 200 27
114.95.241.104 - - [23/Jan/2024:07:09:27 +0800] "GET /xingrg/all/function/internal_message.html?_=1705964966782&CODE_STATE=getMsg HTTP/1.1" 200 27
116.232.193.168 - - [23/Jan/2024:07:09:36 +0800] "GET /xingrg/all/function/internal_message.html?_=1705964895066&CODE_STATE=getMsg HTTP/1.1" 200 27
180.169.147.146 - - [23/Jan/2024:07:09:38 +0800] "GET /xingrg/all/function/internal_message.html?_=1705964978760&CODE_STATE=getMsg HTTP/1.1" 200 27
180.164.1.25 - - [23/Jan/2024:07:09:52 +0800] "GET /xingrg/all/function/internal_message.html?_=1705964991078&CODE_STATE=getMsg HTTP/1.1" 200 27
116.235.240.118 - - [23/Jan/2024:07:09:52 +0800] "GET /xingrg/all/function/internal_message.html?_=1705964997976&CODE_STATE=getMsg HTTP/1.1" 200 27
120.253.135.82 - - [23/Jan/2024:07:09:52 +0800] "GET /xingrg/all/function/internal_message.html?_=1705964816918&CODE_STATE=getMsg HTTP/1.1" 200 27
116.232.193.168 - - [23/Jan/2024:07:09:57 +0800] "GET /xingrg/all/function/internal_message.html?_=1705964916177&CODE_STATE=getMsg HTTP/1.1" 200 27
116.232.193.168 - - [23/Jan/2024:07:09:57 +0800] "GET /xingrg/all/function/internal_message.html?_=1705964916366&CODE_STATE=getMsg HTTP/1.1" 200 27
114.95.241.104 - - [23/Jan/2024:07:10:20 +0800] "GET /xingrg/all/function/internal_message.html?_=1705965020677&CODE_STATE=getMsg HTTP/1.1" 200 27
124.78.68.102 - - [23/Jan/2024:07:10:23 +0800] "GET /xingrg/all/function/internal_message.html?_=1705965023298&CODE_STATE=getMsg HTTP/1.1" 200 27
180.171.56.87 - - [23/Jan/2024:07:10:24 +0800] "GET /xingrg/all/function/internal_message.html?_=1705965028855&CODE_STATE=getMsg HTTP/1.1" 200 27
114.95.241.104 - - [23/Jan/2024:07:10:27 +0800] "GET /xingrg/all/function/internal_message.html?_=1705965026778&CODE_STATE=getMsg HTTP/1.1" 200 27
116.232.193.168 - - [23/Jan/2024:07:10:36 +0800] "GET /xingrg/all/function/internal_message.html?_=1705964955042&CODE_STATE=getMsg HTTP/1.1" 200 27
180.169.147.146 - - [23/Jan/2024:07:10:38 +0800] "GET /xingrg/all/function/internal_message.html?_=1705965038758&CODE_STATE=getMsg HTTP/1.1" 200 27
116.235.240.118 - - [23/Jan/2024:07:10:48 +0800] "GET /xingrg/check_reg.html?_=1705965053493 HTTP/1.1" 200 22
180.164.1.25 - - [23/Jan/2024:07:10:52 +0800] "GET /xingrg/all/function/internal_message.html?_=1705965051066&CODE_STATE=getMsg HTTP/1.1" 200 27
116.235.240.118 - - [23/Jan/2024:07:10:52 +0800] "GET /xingrg/all/function/internal_message.html?_=1705965057986&CODE_STATE=getMsg HTTP/1.1" 200 27
120.253.135.82 - - [23/Jan/2024:07:10:52 +0800] "GET /xingrg/all/function/internal_message.html?_=1705964876933&CODE_STATE=getMsg HTTP/1.1" 200 27
116.232.193.168 - - [23/Jan/2024:07:10:57 +0800] "GET /xingrg/all/function/internal_message.html?_=1705964976171&CODE_STATE=getMsg HTTP/1.1" 200 27
116.232.193.168 - - [23/Jan/2024:07:10:57 +0800] "GET /xingrg/all/function/internal_message.html?_=1705964976360&CODE_STATE=getMsg HTTP/1.1" 200 27
114.95.241.104 - - [23/Jan/2024:07:11:20 +0800] "GET /xingrg/all/function/internal_message.html?_=1705965080687&CODE_STATE=getMsg HTTP/1.1" 200 27
124.78.68.102 - - [23/Jan/2024:07:11:23 +0800] "GET /xingrg/all/function/internal_message.html?_=1705965083284&CODE_STATE=getMsg HTTP/1.1" 200 27
180.171.56.87 - - [23/Jan/2024:07:11:24 +0800] "GET /xingrg/all/function/internal_message.html?_=1705965088855&CODE_STATE=getMsg HTTP/1.1" 200 27
114.95.241.104 - - [23/Jan/2024:07:11:27 +0800] "GET /xingrg/all/function/internal_message.html?_=1705965086793&CODE_STATE=getMsg HTTP/1.1" 200 27
116.232.193.168 - - [23/Jan/2024:07:11:36 +0800] "GET /xingrg/all/function/internal_message.html?_=1705965015034&CODE_STATE=getMsg HTTP/1.1" 200 27
180.169.147.146 - - [23/Jan/2024:07:11:38 +0800] "GET /xingrg/check_reg.html?_=1705965098761 HTTP/1.1" 200 22
180.169.147.146 - - [23/Jan/2024:07:11:38 +0800] "GET /xingrg/all/function/internal_message.html?_=1705965098762&CODE_STATE=getMsg HTTP/1.1" 200 27
124.78.68.102 - - [23/Jan/2024:07:11:41 +0800] "GET /xingrg/check_reg.html?_=1705965102021 HTTP/1.1" 200 22
180.164.1.25 - - [23/Jan/2024:07:11:52 +0800] "GET /xingrg/all/function/internal_message.html?_=1705965111067&CODE_STATE=getMsg HTTP/1.1" 200 27
116.235.240.118 - - [23/Jan/2024:07:11:52 +0800] "GET /xingrg/all/function/internal_message.html?_=1705965118000&CODE_STATE=getMsg HTTP/1.1" 200 27
120.253.135.82 - - [23/Jan/2024:07:11:53 +0800] "GET /xingrg/all/function/internal_message.html?_=1705964937249&CODE_STATE=getMsg HTTP/1.1" 200 27
116.232.193.168 - - [23/Jan/2024:07:11:57 +0800] "GET /xingrg/check_reg.html?_=1705965036169 HTTP/1.1" 200 22
116.232.193.168 - - [23/Jan/2024:07:11:57 +0800] "GET /xingrg/all/function/internal_message.html?_=1705965036172&CODE_STATE=getMsg HTTP/1.1" 200 27
116.232.193.168 - - [23/Jan/2024:07:11:57 +0800] "GET /xingrg/check_reg.html?_=1705965036356 HTTP/1.1" 200 22
116.232.193.168 - - [23/Jan/2024:07:11:57 +0800] "GET /xingrg/all/function/internal_message.html?_=1705965036358&CODE_STATE=getMsg HTTP/1.1" 200 27
120.253.135.82 - - [23/Jan/2024:07:12:05 +0800] "GET /xingrg/check_reg.html?_=1705964949412 HTTP/1.1" 200 22
114.95.241.104 - - [23/Jan/2024:07:12:20 +0800] "GET /xingrg/all/function/internal_message.html?_=1705965140684&CODE_STATE=getMsg HTTP/1.1" 200 27
124.78.68.102 - - [23/Jan/2024:07:12:23 +0800] "GET /xingrg/all/function/internal_message.html?_=1705965143282&CODE_STATE=getMsg HTTP/1.1" 200 27
180.171.56.87 - - [23/Jan/2024:07:12:24 +0800] "GET /xingrg/check_reg.html?_=1705965148857 HTTP/1.1" 200 22
180.171.56.87 - - [23/Jan/2024:07:12:24 +0800] "GET /xingrg/all/function/internal_message.html?_=1705965148860&CODE_STATE=getMsg HTTP/1.1" 200 27
114.95.241.104 - - [23/Jan/2024:07:12:27 +0800] "GET /xingrg/check_reg.html?_=1705965146774 HTTP/1.1" 200 22
114.95.241.104 - - [23/Jan/2024:07:12:27 +0800] "GET /xingrg/all/function/internal_message.html?_=1705965146777&CODE_STATE=getMsg HTTP/1.1" 200 27
116.232.193.168 - - [23/Jan/2024:07:12:28 +0800] "GET /xingrg/check_reg.html?_=1705965067247 HTTP/1.1" 200 22
120.253.135.82 - - [23/Jan/2024:07:12:28 +0800] "GET /xingrg/kc/report/report_main.html HTTP/1.1" 200 8599
120.253.135.82 - - [23/Jan/2024:07:12:28 +0800] "GET /xingrg/javascript/jquery_ui/themes/humanity/humanity.css HTTP/1.1" 304 -
120.253.135.82 - - [23/Jan/2024:07:12:29 +0800] "GET /xingrg/kc/base/kc_stocks.html HTTP/1.1" 200 16554
120.253.135.82 - - [23/Jan/2024:07:12:30 +0800] "GET /xingrg/javascript/easyui/themes/sunny/easyui.css HTTP/1.1" 304 -
120.253.135.82 - - [23/Jan/2024:07:12:30 +0800] "GET /xingrg/javascript/easyui/plugins/jquery.draggable.js HTTP/1.1" 304 -
120.253.135.82 - - [23/Jan/2024:07:12:30 +0800] "GET /xingrg/javascript/easyui/plugins/jquery.droppable.js HTTP/1.1" 304 -
120.253.135.82 - - [23/Jan/2024:07:12:30 +0800] "GET /xingrg/javascript/easyui/themes/default/tree.css HTTP/1.1" 404 1090
120.253.135.82 - - [23/Jan/2024:07:12:30 +0800] "GET /xingrg/javascript/easyui/plugins/jquery.tree.js HTTP/1.1" 304 -
120.253.135.82 - - [23/Jan/2024:07:12:30 +0800] "POST /xingrg/all/common/load_tree.html?tree=materiel_sort_tree_json HTTP/1.1" 200 9617
120.253.135.82 - - [23/Jan/2024:07:12:31 +0800] "POST /xingrg/all/common/load_combo.html?type=base HTTP/1.1" 200 1169
116.232.193.168 - - [23/Jan/2024:07:12:36 +0800] "GET /xingrg/all/function/internal_message.html?_=1705965075022&CODE_STATE=getMsg HTTP/1.1" 200 27
180.169.147.146 - - [23/Jan/2024:07:12:38 +0800] "GET /xingrg/all/function/internal_message.html?_=1705965158758&CODE_STATE=getMsg HTTP/1.1" 200 27
120.253.135.82 - - [23/Jan/2024:07:12:42 +0800] "POST /xingrg/kc/base/stock_operate.html HTTP/1.1" 200 1486
120.253.135.82 - - [23/Jan/2024:07:12:42 +0800] "GET /xingrg/javascript/jquery_tools/fix_table.js HTTP/1.1" 304 -
120.253.135.82 - - [23/Jan/2024:07:12:49 +0800] "POST /xingrg/kc/base/stock_operate.html HTTP/1.1" 200 2040
180.164.1.25 - - [23/Jan/2024:07:12:52 +0800] "GET /xingrg/all/function/internal_message.html?_=1705965171068&CODE_STATE=getMsg HTTP/1.1" 200 27
116.235.240.118 - - [23/Jan/2024:07:12:52 +0800] "GET /xingrg/all/function/internal_message.html?_=1705965178056&CODE_STATE=getMsg HTTP/1.1" 200 27
120.253.135.82 - - [23/Jan/2024:07:12:53 +0800] "GET /xingrg/all/function/internal_message.html?_=1705964997258&CODE_STATE=getMsg HTTP/1.1" 200 27
218.81.65.124 - - [23/Jan/2024:07:12:56 +0800] "POST /xingrg/services/DataTransmitService HTTP/1.1" 200 524
116.232.193.168 - - [23/Jan/2024:07:12:57 +0800] "GET /xingrg/all/function/internal_message.html?_=1705965096170&CODE_STATE=getMsg HTTP/1.1" 200 27
116.232.193.168 - - [23/Jan/2024:07:12:57 +0800] "GET /xingrg/all/function/internal_message.html?_=1705965096345&CODE_STATE=getMsg HTTP/1.1" 200 27
114.95.241.104 - - [23/Jan/2024:07:13:20 +0800] "GET /xingrg/all/function/internal_message.html?_=1705965200671&CODE_STATE=getMsg HTTP/1.1" 200 27
124.78.68.102 - - [23/Jan/2024:07:13:23 +0800] "GET /xingrg/all/function/internal_message.html?_=1705965203267&CODE_STATE=getMsg HTTP/1.1" 200 27
180.171.56.87 - - [23/Jan/2024:07:13:24 +0800] "GET /xingrg/all/function/internal_message.html?_=1705965208846&CODE_STATE=getMsg HTTP/1.1" 200 27
114.95.241.104 - - [23/Jan/2024:07:13:27 +0800] "GET /xingrg/all/function/internal_message.html?_=1705965206777&CODE_STATE=getMsg HTTP/1.1" 200 27
116.232.193.168 - - [23/Jan/2024:07:13:35 +0800] "GET /xingrg/all/function/internal_message.html?_=1705965135005&CODE_STATE=getMsg HTTP/1.1" 200 27
180.169.147.146 - - [23/Jan/2024:07:13:38 +0800] "GET /xingrg/all/function/internal_message.html?_=1705965218757&CODE_STATE=getMsg HTTP/1.1" 200 27
180.164.1.25 - - [23/Jan/2024:07:13:52 +0800] "GET /xingrg/check_reg.html?_=1705965231056 HTTP/1.1" 200 22
180.164.1.25 - - [23/Jan/2024:07:13:52 +0800] "GET /xingrg/all/function/internal_message.html?_=1705965231057&CODE_STATE=getMsg HTTP/1.1" 200 27
116.235.240.118 - - [23/Jan/2024:07:13:52 +0800] "GET /xingrg/all/function/internal_message.html?_=1705965238058&CODE_STATE=getMsg HTTP/1.1" 200 27
120.253.135.82 - - [23/Jan/2024:07:13:53 +0800] "GET /xingrg/all/function/internal_message.html?_=1705965057274&CODE_STATE=getMsg HTTP/1.1" 200 27
116.232.193.168 - - [23/Jan/2024:07:13:57 +0800] "GET /xingrg/all/function/internal_message.html?_=1705965156166&CODE_STATE=getMsg HTTP/1.1" 200 27
116.232.193.168 - - [23/Jan/2024:07:13:57 +0800] "GET /xingrg/all/function/internal_message.html?_=1705965156356&CODE_STATE=getMsg HTTP/1.1" 200 27
114.95.241.104 - - [23/Jan/2024:07:14:20 +0800] "GET /xingrg/all/function/internal_message.html?_=1705965260675&CODE_STATE=getMsg HTTP/1.1" 200 27
114.95.241.104 - - [23/Jan/2024:07:14:20 +0800] "GET /xingrg/check_reg.html?_=1705965260677 HTTP/1.1" 200 22
124.78.68.102 - - [23/Jan/2024:07:14:23 +0800] "GET /xingrg/all/function/internal_message.html?_=1705965263242&CODE_STATE=getMsg HTTP/1.1" 200 27
180.171.56.87 - - [23/Jan/2024:07:14:24 +0800] "GET /xingrg/all/function/internal_message.html?_=1705965268848&CODE_STATE=getMsg HTTP/1.1" 200 27
114.95.241.104 - - [23/Jan/2024:07:14:27 +0800] "GET /xingrg/all/function/internal_message.html?_=1705965266777&CODE_STATE=getMsg HTTP/1.1" 200 27
116.232.193.168 - - [23/Jan/2024:07:14:35 +0800] "GET /xingrg/all/function/internal_message.html?_=1705965195000&CODE_STATE=getMsg HTTP/1.1" 200 27
180.169.147.146 - - [23/Jan/2024:07:14:38 +0800] "GET /xingrg/all/function/internal_message.html?_=1705965278746&CODE_STATE=getMsg HTTP/1.1" 200 27
180.164.1.25 - - [23/Jan/2024:07:14:52 +0800] "GET /xingrg/all/function/internal_message.html?_=1705965291060&CODE_STATE=getMsg HTTP/1.1" 200 27
116.235.240.118 - - [23/Jan/2024:07:14:52 +0800] "GET /xingrg/all/function/internal_message.html?_=1705965298110&CODE_STATE=getMsg HTTP/1.1" 200 27
120.253.135.82 - - [23/Jan/2024:07:14:53 +0800] "GET /xingrg/all/function/internal_message.html?_=1705965117599&CODE_STATE=getMsg HTTP/1.1" 200 27
116.232.193.168 - - [23/Jan/2024:07:14:57 +0800] "GET /xingrg/all/function/internal_message.html?_=1705965216173&CODE_STATE=getMsg HTTP/1.1" 200 27
116.232.193.168 - - [23/Jan/2024:07:14:57 +0800] "GET /xingrg/all/function/internal_message.html?_=1705965216347&CODE_STATE=getMsg HTTP/1.1" 200 27
114.95.241.104 - - [23/Jan/2024:07:15:20 +0800] "GET /xingrg/all/function/internal_message.html?_=1705965320679&CODE_STATE=getMsg HTTP/1.1" 200 27
124.78.68.102 - - [23/Jan/2024:07:15:23 +0800] "GET /xingrg/all/function/internal_message.html?_=1705965323221&CODE_STATE=getMsg HTTP/1.1" 200 27
180.171.56.87 - - [23/Jan/2024:07:15:24 +0800] "GET /xingrg/all/function/internal_message.html?_=1705965328850&CODE_STATE=getMsg HTTP/1.1" 200 27
114.95.241.104 - - [23/Jan/2024:07:15:27 +0800] "GET /xingrg/all/function/internal_message.html?_=1705965326772&CODE_STATE=getMsg HTTP/1.1" 200 27
