124.77.244.19 - - [15/Jan/2024:05:51:59 +0800] "POST /xingrg/dwr/call/plaincall/AjaxCheckService.setItemNumber.dwr HTTP/1.1" 200 77
124.77.244.19 - - [15/Jan/2024:05:52:00 +0800] "POST /xingrg/dwr/call/plaincall/AjaxCheckService.setItemNumber.dwr HTTP/1.1" 200 77
124.77.244.19 - - [15/Jan/2024:05:52:01 +0800] "POST /xingrg/dwr/call/plaincall/AjaxCheckService.setItemNumber.dwr HTTP/1.1" 200 77
124.78.154.219 - - [15/Jan/2024:05:52:01 +0800] "GET /xingrg/all/function/internal_message.html?_=1705269118450&CODE_STATE=getMsg HTTP/1.1" 200 27
124.77.244.19 - - [15/Jan/2024:05:52:02 +0800] "POST /xingrg/dwr/call/plaincall/AjaxCheckService.setItemNumber.dwr HTTP/1.1" 200 77
124.77.244.19 - - [15/Jan/2024:05:52:04 +0800] "POST /xingrg/dwr/call/plaincall/AjaxCheckService.setItemNumber.dwr HTTP/1.1" 200 77
124.77.244.19 - - [15/Jan/2024:05:52:05 +0800] "POST /xingrg/dwr/call/plaincall/AjaxCheckService.setItemNumber.dwr HTTP/1.1" 200 77
116.235.93.185 - - [15/Jan/2024:05:52:07 +0800] "GET /xingrg/all/function/internal_message.html?_=1705269464496&CODE_STATE=getMsg HTTP/1.1" 200 27
124.77.244.19 - - [15/Jan/2024:05:52:09 +0800] "GET /xingrg/all/function/internal_message.html?_=1705269130027&CODE_STATE=getMsg HTTP/1.1" 200 27
124.77.244.19 - - [15/Jan/2024:05:52:10 +0800] "POST /xingrg/dwr/call/plaincall/AjaxCheckService.setItemNumber.dwr HTTP/1.1" 200 77
116.232.193.168 - - [15/Jan/2024:05:52:12 +0800] "GET /xingrg/all/function/internal_message.html?_=1705269068318&CODE_STATE=getMsg HTTP/1.1" 200 27
124.77.244.19 - - [15/Jan/2024:05:52:12 +0800] "POST /xingrg/dwr/call/plaincall/AjaxCheckService.setItemNumber.dwr HTTP/1.1" 200 77
124.77.244.19 - - [15/Jan/2024:05:52:13 +0800] "POST /xingrg/dwr/call/plaincall/AjaxCheckService.setItemNumber.dwr HTTP/1.1" 200 77
116.232.193.168 - - [15/Jan/2024:05:52:15 +0800] "GET /xingrg/all/function/internal_message.html?_=1705269071522&CODE_STATE=getMsg HTTP/1.1" 200 27
124.78.68.102 - - [15/Jan/2024:05:52:17 +0800] "GET /xingrg/all/function/internal_message.html?_=1705269137048&CODE_STATE=getMsg HTTP/1.1" 200 27
120.253.135.82 - - [15/Jan/2024:05:52:17 +0800] "GET /xingrg/all/function/internal_message.html?_=1705268958264&CODE_STATE=getMsg HTTP/1.1" 200 27
124.77.244.19 - - [15/Jan/2024:05:52:18 +0800] "POST /xingrg/dwr/call/plaincall/AjaxCheckService.setItemNumber.dwr HTTP/1.1" 200 77
124.77.244.19 - - [15/Jan/2024:05:52:19 +0800] "POST /xingrg/dwr/call/plaincall/AjaxCheckService.setItemNumber.dwr HTTP/1.1" 200 77
124.77.244.19 - - [15/Jan/2024:05:52:19 +0800] "POST /xingrg/dwr/call/plaincall/AjaxCheckService.setItemNumber.dwr HTTP/1.1" 200 77
114.95.241.104 - - [15/Jan/2024:05:52:21 +0800] "GET /xingrg/all/function/internal_message.html?_=1705269141125&CODE_STATE=getMsg HTTP/1.1" 200 27
116.232.193.168 - - [15/Jan/2024:05:52:21 +0800] "GET /xingrg/check_reg.html?_=1705269077115 HTTP/1.1" 200 22
124.77.244.19 - - [15/Jan/2024:05:52:21 +0800] "POST /xingrg/dwr/call/plaincall/AjaxCheckService.setItemNumber.dwr HTTP/1.1" 200 77
124.77.244.19 - - [15/Jan/2024:05:52:22 +0800] "POST /xingrg/dwr/call/plaincall/AjaxCheckService.setItemNumber.dwr HTTP/1.1" 200 77
124.77.244.19 - - [15/Jan/2024:05:52:23 +0800] "POST /xingrg/dwr/call/plaincall/AjaxCheckService.setItemNumber.dwr HTTP/1.1" 200 77
114.95.241.104 - - [15/Jan/2024:05:52:24 +0800] "GET /xingrg/all/function/internal_message.html?_=1705269144716&CODE_STATE=getMsg HTTP/1.1" 200 27
116.232.193.168 - - [15/Jan/2024:05:52:33 +0800] "GET /xingrg/check_reg.html?_=1705269088954 HTTP/1.1" 200 22
180.169.147.146 - - [15/Jan/2024:05:52:35 +0800] "GET /xingrg/all/function/internal_message.html?_=1705269155681&CODE_STATE=getMsg HTTP/1.1" 302 -
180.169.147.146 - - [15/Jan/2024:05:52:35 +0800] "GET /xingrg/check_reg.html?_=1705269155683 HTTP/1.1" 302 -
124.77.244.19 - - [15/Jan/2024:05:52:37 +0800] "POST /xingrg/dwr/call/plaincall/AjaxCheckService.setItemNumber.dwr HTTP/1.1" 200 77
124.77.244.19 - - [15/Jan/2024:05:52:40 +0800] "POST /xingrg/dwr/call/plaincall/AjaxCheckService.setItemNumber.dwr HTTP/1.1" 200 77
124.77.244.19 - - [15/Jan/2024:05:52:41 +0800] "POST /xingrg/dwr/call/plaincall/AjaxCheckService.setItemNumber.dwr HTTP/1.1" 200 77
124.77.244.19 - - [15/Jan/2024:05:52:43 +0800] "POST /xingrg/dwr/call/plaincall/AjaxCheckService.setItemNumber.dwr HTTP/1.1" 200 77
124.77.244.19 - - [15/Jan/2024:05:52:43 +0800] "POST /xingrg/dwr/call/plaincall/AjaxCheckService.setItemNumber.dwr HTTP/1.1" 200 77
124.77.244.19 - - [15/Jan/2024:05:52:44 +0800] "POST /xingrg/dwr/call/plaincall/AjaxCheckService.setItemNumber.dwr HTTP/1.1" 200 77
124.77.244.19 - - [15/Jan/2024:05:52:45 +0800] "POST /xingrg/dwr/call/plaincall/AjaxCheckService.setItemNumber.dwr HTTP/1.1" 200 77
124.77.244.19 - - [15/Jan/2024:05:52:46 +0800] "POST /xingrg/dwr/call/plaincall/AjaxCheckService.setItemNumber.dwr HTTP/1.1" 200 77
124.77.244.19 - - [15/Jan/2024:05:52:47 +0800] "POST /xingrg/dwr/call/plaincall/AjaxCheckService.setItemNumber.dwr HTTP/1.1" 200 77
124.77.244.19 - - [15/Jan/2024:05:52:48 +0800] "POST /xingrg/dwr/call/plaincall/AjaxCheckService.setItemNumber.dwr HTTP/1.1" 200 77
124.77.244.19 - - [15/Jan/2024:05:52:49 +0800] "POST /xingrg/dwr/call/plaincall/AjaxCheckService.setItemNumber.dwr HTTP/1.1" 200 77
124.77.244.19 - - [15/Jan/2024:05:52:50 +0800] "POST /xingrg/dwr/call/plaincall/AjaxCheckService.setItemNumber.dwr HTTP/1.1" 200 77
124.77.244.19 - - [15/Jan/2024:05:52:51 +0800] "POST /xingrg/dwr/call/plaincall/AjaxCheckService.setItemNumber.dwr HTTP/1.1" 200 77
124.77.244.19 - - [15/Jan/2024:05:52:53 +0800] "POST /xingrg/dwr/call/plaincall/AjaxCheckService.setItemNumber.dwr HTTP/1.1" 200 77
124.77.244.19 - - [15/Jan/2024:05:52:54 +0800] "POST /xingrg/dwr/call/plaincall/AjaxCheckService.setItemNumber.dwr HTTP/1.1" 200 77
124.77.244.19 - - [15/Jan/2024:05:52:54 +0800] "POST /xingrg/dwr/call/plaincall/AjaxCheckService.setItemNumber.dwr HTTP/1.1" 200 77
124.77.244.19 - - [15/Jan/2024:05:52:56 +0800] "POST /xingrg/dwr/call/plaincall/AjaxCheckService.setItemNumber.dwr HTTP/1.1" 200 77
124.77.244.19 - - [15/Jan/2024:05:52:57 +0800] "POST /xingrg/dwr/call/plaincall/AjaxCheckService.setItemNumber.dwr HTTP/1.1" 200 77
124.77.244.19 - - [15/Jan/2024:05:52:57 +0800] "POST /xingrg/dwr/call/plaincall/AjaxCheckService.setItemNumber.dwr HTTP/1.1" 200 77
124.77.244.19 - - [15/Jan/2024:05:52:59 +0800] "POST /xingrg/dwr/call/plaincall/AjaxCheckService.setItemNumber.dwr HTTP/1.1" 200 77
124.77.244.19 - - [15/Jan/2024:05:53:00 +0800] "POST /xingrg/dwr/call/plaincall/AjaxCheckService.setItemNumber.dwr HTTP/1.1" 200 77
124.78.154.219 - - [15/Jan/2024:05:53:01 +0800] "GET /xingrg/all/function/internal_message.html?_=1705269178422&CODE_STATE=getMsg HTTP/1.1" 200 27
124.77.244.19 - - [15/Jan/2024:05:53:04 +0800] "POST /xingrg/dwr/call/plaincall/AjaxCheckService.setItemNumber.dwr HTTP/1.1" 200 77
124.77.244.19 - - [15/Jan/2024:05:53:05 +0800] "POST /xingrg/dwr/call/plaincall/AjaxCheckService.setItemNumber.dwr HTTP/1.1" 200 77
124.77.244.19 - - [15/Jan/2024:05:53:07 +0800] "POST /xingrg/dwr/call/plaincall/AjaxCheckService.setItemNumber.dwr HTTP/1.1" 200 77
116.235.93.185 - - [15/Jan/2024:05:53:07 +0800] "GET /xingrg/all/function/internal_message.html?_=1705269524465&CODE_STATE=getMsg HTTP/1.1" 200 27
124.77.244.19 - - [15/Jan/2024:05:53:08 +0800] "POST /xingrg/dwr/call/plaincall/AjaxCheckService.setItemNumber.dwr HTTP/1.1" 200 77
124.77.244.19 - - [15/Jan/2024:05:53:09 +0800] "GET /xingrg/all/function/internal_message.html?_=1705269190041&CODE_STATE=getMsg HTTP/1.1" 200 27
124.77.244.19 - - [15/Jan/2024:05:53:10 +0800] "POST /xingrg/dwr/call/plaincall/AjaxCheckService.setItemNumber.dwr HTTP/1.1" 200 77
124.77.244.19 - - [15/Jan/2024:05:53:11 +0800] "POST /xingrg/dwr/call/plaincall/AjaxCheckService.setItemNumber.dwr HTTP/1.1" 200 77
116.232.193.168 - - [15/Jan/2024:05:53:12 +0800] "GET /xingrg/all/function/internal_message.html?_=1705269128312&CODE_STATE=getMsg HTTP/1.1" 200 27
124.77.244.19 - - [15/Jan/2024:05:53:12 +0800] "POST /xingrg/dwr/call/plaincall/AjaxCheckService.setItemNumber.dwr HTTP/1.1" 200 77
124.77.244.19 - - [15/Jan/2024:05:53:13 +0800] "POST /xingrg/dwr/call/plaincall/AjaxCheckService.setItemNumber.dwr HTTP/1.1" 200 77
124.77.244.19 - - [15/Jan/2024:05:53:15 +0800] "POST /xingrg/dwr/call/plaincall/AjaxCheckService.setItemNumber.dwr HTTP/1.1" 200 77
116.232.193.168 - - [15/Jan/2024:05:53:15 +0800] "GET /xingrg/all/function/internal_message.html?_=1705269131508&CODE_STATE=getMsg HTTP/1.1" 200 27
120.253.135.82 - - [15/Jan/2024:05:53:15 +0800] "GET /xingrg/check_reg.html?_=1705269016874 HTTP/1.1" 200 22
180.152.241.32 - - [15/Jan/2024:05:53:16 +0800] "POST /xingrg/services/DataTransmitService HTTP/1.1" 200 524
124.77.244.19 - - [15/Jan/2024:05:53:16 +0800] "POST /xingrg/dwr/call/plaincall/AjaxCheckService.setItemNumber.dwr HTTP/1.1" 200 77
124.78.68.102 - - [15/Jan/2024:05:53:17 +0800] "GET /xingrg/all/function/internal_message.html?_=1705269197031&CODE_STATE=getMsg HTTP/1.1" 200 27
120.253.135.82 - - [15/Jan/2024:05:53:17 +0800] "GET /xingrg/all/function/internal_message.html?_=1705269018310&CODE_STATE=getMsg HTTP/1.1" 200 27
124.77.244.19 - - [15/Jan/2024:05:53:18 +0800] "POST /xingrg/dwr/call/plaincall/AjaxCheckService.setItemNumber.dwr HTTP/1.1" 200 77
114.95.241.104 - - [15/Jan/2024:05:53:21 +0800] "GET /xingrg/all/function/internal_message.html?_=1705269201114&CODE_STATE=getMsg HTTP/1.1" 200 27
114.95.241.104 - - [15/Jan/2024:05:53:24 +0800] "GET /xingrg/all/function/internal_message.html?_=1705269204728&CODE_STATE=getMsg HTTP/1.1" 200 27
116.235.93.185 - - [15/Jan/2024:05:53:25 +0800] "GET /xingrg/check_reg.html?_=1705269541933 HTTP/1.1" 200 22
180.169.147.146 - - [15/Jan/2024:05:53:35 +0800] "GET /xingrg/all/function/internal_message.html?_=1705269215689&CODE_STATE=getMsg HTTP/1.1" 302 -
124.77.244.19 - - [15/Jan/2024:05:53:39 +0800] "POST /xingrg/dwr/call/plaincall/AjaxCheckService.setItemNumber.dwr HTTP/1.1" 200 77
124.77.244.19 - - [15/Jan/2024:05:53:41 +0800] "POST /xingrg/dwr/call/plaincall/AjaxCheckService.setItemNumber.dwr HTTP/1.1" 200 77
124.77.244.19 - - [15/Jan/2024:05:53:42 +0800] "POST /xingrg/dwr/call/plaincall/AjaxCheckService.setItemNumber.dwr HTTP/1.1" 200 77
124.77.244.19 - - [15/Jan/2024:05:53:44 +0800] "POST /xingrg/dwr/call/plaincall/AjaxCheckService.setItemNumber.dwr HTTP/1.1" 200 77
124.77.244.19 - - [15/Jan/2024:05:53:44 +0800] "POST /xingrg/dwr/call/plaincall/AjaxCheckService.setItemNumber.dwr HTTP/1.1" 200 77
124.77.244.19 - - [15/Jan/2024:05:53:45 +0800] "POST /xingrg/dwr/call/plaincall/AjaxCheckService.setItemNumber.dwr HTTP/1.1" 200 77
124.77.244.19 - - [15/Jan/2024:05:53:46 +0800] "POST /xingrg/dwr/call/plaincall/AjaxCheckService.setItemNumber.dwr HTTP/1.1" 200 77
124.77.244.19 - - [15/Jan/2024:05:53:47 +0800] "POST /xingrg/dwr/call/plaincall/AjaxCheckService.setItemNumber.dwr HTTP/1.1" 200 77
124.77.244.19 - - [15/Jan/2024:05:53:49 +0800] "POST /xingrg/dwr/call/plaincall/AjaxCheckService.setItemNumber.dwr HTTP/1.1" 200 77
124.77.244.19 - - [15/Jan/2024:05:53:50 +0800] "POST /xingrg/dwr/call/plaincall/AjaxCheckService.setItemNumber.dwr HTTP/1.1" 200 77
124.77.244.19 - - [15/Jan/2024:05:53:51 +0800] "POST /xingrg/dwr/call/plaincall/AjaxCheckService.setItemNumber.dwr HTTP/1.1" 200 77
124.77.244.19 - - [15/Jan/2024:05:53:52 +0800] "POST /xingrg/dwr/call/plaincall/AjaxCheckService.setItemNumber.dwr HTTP/1.1" 200 77
124.77.244.19 - - [15/Jan/2024:05:53:53 +0800] "POST /xingrg/dwr/call/plaincall/AjaxCheckService.setItemNumber.dwr HTTP/1.1" 200 77
124.77.244.19 - - [15/Jan/2024:05:53:55 +0800] "POST /xingrg/dwr/call/plaincall/AjaxCheckService.setItemNumber.dwr HTTP/1.1" 200 77
124.77.244.19 - - [15/Jan/2024:05:53:56 +0800] "POST /xingrg/dwr/call/plaincall/AjaxCheckService.setItemNumber.dwr HTTP/1.1" 200 77
124.77.244.19 - - [15/Jan/2024:05:53:57 +0800] "POST /xingrg/dwr/call/plaincall/AjaxCheckService.setItemNumber.dwr HTTP/1.1" 200 77
124.77.244.19 - - [15/Jan/2024:05:53:59 +0800] "POST /xingrg/dwr/call/plaincall/AjaxCheckService.setItemNumber.dwr HTTP/1.1" 200 77
124.77.244.19 - - [15/Jan/2024:05:54:00 +0800] "POST /xingrg/dwr/call/plaincall/AjaxCheckService.setItemNumber.dwr HTTP/1.1" 200 78
124.77.244.19 - - [15/Jan/2024:05:54:01 +0800] "POST /xingrg/dwr/call/plaincall/AjaxCheckService.setItemNumber.dwr HTTP/1.1" 200 78
124.78.154.219 - - [15/Jan/2024:05:54:01 +0800] "GET /xingrg/all/function/internal_message.html?_=1705269238392&CODE_STATE=getMsg HTTP/1.1" 200 27
116.235.93.185 - - [15/Jan/2024:05:54:07 +0800] "GET /xingrg/all/function/internal_message.html?_=1705269584439&CODE_STATE=getMsg HTTP/1.1" 200 27
124.77.244.19 - - [15/Jan/2024:05:54:09 +0800] "GET /xingrg/all/function/internal_message.html?_=1705269250055&CODE_STATE=getMsg HTTP/1.1" 200 27
124.78.154.219 - - [15/Jan/2024:05:54:10 +0800] "GET /xingrg/check_reg.html?_=1705269247413 HTTP/1.1" 200 22
116.232.193.168 - - [15/Jan/2024:05:54:12 +0800] "GET /xingrg/all/function/internal_message.html?_=1705269188296&CODE_STATE=getMsg HTTP/1.1" 200 27
116.232.193.168 - - [15/Jan/2024:05:54:15 +0800] "GET /xingrg/all/function/internal_message.html?_=1705269191509&CODE_STATE=getMsg HTTP/1.1" 200 27
124.78.68.102 - - [15/Jan/2024:05:54:16 +0800] "GET /xingrg/all/function/internal_message.html?_=1705269257007&CODE_STATE=getMsg HTTP/1.1" 200 27
120.253.135.82 - - [15/Jan/2024:05:54:17 +0800] "GET /xingrg/all/function/internal_message.html?_=1705269078323&CODE_STATE=getMsg HTTP/1.1" 200 27
124.77.244.19 - - [15/Jan/2024:05:54:21 +0800] "POST /xingrg/dwr/call/plaincall/AjaxCheckService.setItemNumber.dwr HTTP/1.1" 200 78
114.95.241.104 - - [15/Jan/2024:05:54:21 +0800] "GET /xingrg/all/function/internal_message.html?_=1705269261109&CODE_STATE=getMsg HTTP/1.1" 200 27
114.95.241.104 - - [15/Jan/2024:05:54:24 +0800] "GET /xingrg/check_reg.html?_=1705269264715 HTTP/1.1" 200 22
114.95.241.104 - - [15/Jan/2024:05:54:24 +0800] "GET /xingrg/all/function/internal_message.html?_=1705269264717&CODE_STATE=getMsg HTTP/1.1" 200 27
124.77.244.19 - - [15/Jan/2024:05:54:25 +0800] "POST /xingrg/dwr/call/plaincall/AjaxCheckService.setItemNumber.dwr HTTP/1.1" 200 78
124.77.244.19 - - [15/Jan/2024:05:54:26 +0800] "POST /xingrg/dwr/call/plaincall/AjaxCheckService.setItemNumber.dwr HTTP/1.1" 200 78
124.77.244.19 - - [15/Jan/2024:05:54:27 +0800] "POST /xingrg/dwr/call/plaincall/AjaxCheckService.setItemNumber.dwr HTTP/1.1" 200 78
124.77.244.19 - - [15/Jan/2024:05:54:30 +0800] "POST /xingrg/dwr/call/plaincall/AjaxCheckService.setItemNumber.dwr HTTP/1.1" 200 78
124.77.244.19 - - [15/Jan/2024:05:54:31 +0800] "POST /xingrg/dwr/call/plaincall/AjaxCheckService.setItemNumber.dwr HTTP/1.1" 200 78
124.77.244.19 - - [15/Jan/2024:05:54:33 +0800] "POST /xingrg/dwr/call/plaincall/AjaxCheckService.setItemNumber.dwr HTTP/1.1" 200 78
124.78.68.102 - - [15/Jan/2024:05:54:35 +0800] "GET /xingrg/check_reg.html?_=1705269275120 HTTP/1.1" 200 22
124.77.244.19 - - [15/Jan/2024:05:54:35 +0800] "POST /xingrg/dwr/call/plaincall/AjaxCheckService.setItemNumber.dwr HTTP/1.1" 200 78
180.169.147.146 - - [15/Jan/2024:05:54:35 +0800] "GET /xingrg/all/function/internal_message.html?_=1705269275681&CODE_STATE=getMsg HTTP/1.1" 302 -
124.77.244.19 - - [15/Jan/2024:05:54:36 +0800] "POST /xingrg/dwr/call/plaincall/AjaxCheckService.setItemNumber.dwr HTTP/1.1" 200 78
124.77.244.19 - - [15/Jan/2024:05:54:37 +0800] "POST /xingrg/dwr/call/plaincall/AjaxCheckService.setItemNumber.dwr HTTP/1.1" 200 78
124.77.244.19 - - [15/Jan/2024:05:54:40 +0800] "POST /xingrg/dwr/call/plaincall/AjaxCheckService.setItemNumber.dwr HTTP/1.1" 200 78
124.77.244.19 - - [15/Jan/2024:05:54:43 +0800] "POST /xingrg/dwr/call/plaincall/AjaxCheckService.setItemNumber.dwr HTTP/1.1" 200 78
124.77.244.19 - - [15/Jan/2024:05:54:43 +0800] "POST /xingrg/dwr/call/plaincall/AjaxCheckService.setItemNumber.dwr HTTP/1.1" 200 78
124.77.244.19 - - [15/Jan/2024:05:54:44 +0800] "POST /xingrg/dwr/call/plaincall/AjaxCheckService.setItemNumber.dwr HTTP/1.1" 200 78
124.77.244.19 - - [15/Jan/2024:05:54:45 +0800] "POST /xingrg/dwr/call/plaincall/AjaxCheckService.setItemNumber.dwr HTTP/1.1" 200 78
124.77.244.19 - - [15/Jan/2024:05:54:45 +0800] "POST /xingrg/dwr/call/plaincall/AjaxCheckService.setItemNumber.dwr HTTP/1.1" 200 78
124.77.244.19 - - [15/Jan/2024:05:54:47 +0800] "POST /xingrg/dwr/call/plaincall/AjaxCheckService.setItemNumber.dwr HTTP/1.1" 200 78
124.77.244.19 - - [15/Jan/2024:05:54:48 +0800] "POST /xingrg/dwr/call/plaincall/AjaxCheckService.setItemNumber.dwr HTTP/1.1" 200 78
124.77.244.19 - - [15/Jan/2024:05:54:48 +0800] "POST /xingrg/dwr/call/plaincall/AjaxCheckService.setItemNumber.dwr HTTP/1.1" 200 78
124.77.244.19 - - [15/Jan/2024:05:54:50 +0800] "POST /xingrg/dwr/call/plaincall/AjaxCheckService.setItemNumber.dwr HTTP/1.1" 200 78
124.77.244.19 - - [15/Jan/2024:05:54:51 +0800] "POST /xingrg/dwr/call/plaincall/AjaxCheckService.setItemNumber.dwr HTTP/1.1" 200 78
124.77.244.19 - - [15/Jan/2024:05:54:52 +0800] "POST /xingrg/dwr/call/plaincall/AjaxCheckService.setItemNumber.dwr HTTP/1.1" 200 78
124.77.244.19 - - [15/Jan/2024:05:54:53 +0800] "POST /xingrg/dwr/call/plaincall/AjaxCheckService.setItemNumber.dwr HTTP/1.1" 200 78
124.77.244.19 - - [15/Jan/2024:05:54:54 +0800] "POST /xingrg/dwr/call/plaincall/AjaxCheckService.setItemNumber.dwr HTTP/1.1" 200 78
124.77.244.19 - - [15/Jan/2024:05:54:54 +0800] "POST /xingrg/dwr/call/plaincall/AjaxCheckService.setItemNumber.dwr HTTP/1.1" 200 78
124.77.244.19 - - [15/Jan/2024:05:54:56 +0800] "POST /xingrg/dwr/call/plaincall/AjaxCheckService.setItemNumber.dwr HTTP/1.1" 200 78
124.77.244.19 - - [15/Jan/2024:05:54:57 +0800] "POST /xingrg/dwr/call/plaincall/AjaxCheckService.setItemNumber.dwr HTTP/1.1" 200 78
124.77.244.19 - - [15/Jan/2024:05:54:57 +0800] "POST /xingrg/dwr/call/plaincall/AjaxCheckService.setItemNumber.dwr HTTP/1.1" 200 78
124.77.244.19 - - [15/Jan/2024:05:54:59 +0800] "POST /xingrg/dwr/call/plaincall/AjaxCheckService.setItemNumber.dwr HTTP/1.1" 200 78
124.77.244.19 - - [15/Jan/2024:05:55:01 +0800] "POST /xingrg/dwr/call/plaincall/AjaxCheckService.setItemNumber.dwr HTTP/1.1" 200 78
124.78.154.219 - - [15/Jan/2024:05:55:01 +0800] "GET /xingrg/all/function/internal_message.html?_=1705269298364&CODE_STATE=getMsg HTTP/1.1" 200 27
116.235.93.185 - - [15/Jan/2024:05:55:07 +0800] "GET /xingrg/all/function/internal_message.html?_=1705269644412&CODE_STATE=getMsg HTTP/1.1" 200 27
124.77.244.19 - - [15/Jan/2024:05:55:08 +0800] "POST /xingrg/dwr/call/plaincall/AjaxCheckService.setItemNumber.dwr HTTP/1.1" 200 78
124.77.244.19 - - [15/Jan/2024:05:55:09 +0800] "GET /xingrg/all/function/internal_message.html?_=1705269310068&CODE_STATE=getMsg HTTP/1.1" 200 27
124.77.244.19 - - [15/Jan/2024:05:55:09 +0800] "POST /xingrg/dwr/call/plaincall/AjaxCheckService.setItemNumber.dwr HTTP/1.1" 200 78
124.77.244.19 - - [15/Jan/2024:05:55:10 +0800] "POST /xingrg/dwr/call/plaincall/AjaxCheckService.setItemNumber.dwr HTTP/1.1" 200 78
124.77.244.19 - - [15/Jan/2024:05:55:10 +0800] "POST /xingrg/dwr/call/plaincall/AjaxCheckService.setItemNumber.dwr HTTP/1.1" 200 78
124.77.244.19 - - [15/Jan/2024:05:55:11 +0800] "POST /xingrg/dwr/call/plaincall/AjaxCheckService.setItemNumber.dwr HTTP/1.1" 200 78
124.77.244.19 - - [15/Jan/2024:05:55:12 +0800] "POST /xingrg/dwr/call/plaincall/AjaxCheckService.setItemNumber.dwr HTTP/1.1" 200 78
116.232.193.168 - - [15/Jan/2024:05:55:12 +0800] "GET /xingrg/all/function/internal_message.html?_=1705269248271&CODE_STATE=getMsg HTTP/1.1" 200 27
124.77.244.19 - - [15/Jan/2024:05:55:13 +0800] "POST /xingrg/dwr/call/plaincall/AjaxCheckService.setItemNumber.dwr HTTP/1.1" 200 78
116.232.193.168 - - [15/Jan/2024:05:55:15 +0800] "GET /xingrg/all/function/internal_message.html?_=1705269251485&CODE_STATE=getMsg HTTP/1.1" 200 27
124.77.244.19 - - [15/Jan/2024:05:55:16 +0800] "POST /xingrg/dwr/call/plaincall/AjaxCheckService.setItemNumber.dwr HTTP/1.1" 200 78
124.78.68.102 - - [15/Jan/2024:05:55:16 +0800] "GET /xingrg/all/function/internal_message.html?_=1705269316982&CODE_STATE=getMsg HTTP/1.1" 200 27
120.253.135.82 - - [15/Jan/2024:05:55:17 +0800] "GET /xingrg/all/function/internal_message.html?_=1705269138337&CODE_STATE=getMsg HTTP/1.1" 200 27
114.95.241.104 - - [15/Jan/2024:05:55:21 +0800] "GET /xingrg/all/function/internal_message.html?_=1705269321088&CODE_STATE=getMsg HTTP/1.1" 200 27
124.77.244.19 - - [15/Jan/2024:05:55:21 +0800] "POST /xingrg/dwr/call/plaincall/AjaxCheckService.setItemNumber.dwr HTTP/1.1" 200 78
124.77.244.19 - - [15/Jan/2024:05:55:22 +0800] "POST /xingrg/dwr/call/plaincall/AjaxCheckService.setItemNumber.dwr HTTP/1.1" 200 78
124.77.244.19 - - [15/Jan/2024:05:55:22 +0800] "POST /xingrg/dwr/call/plaincall/AjaxCheckService.setItemNumber.dwr HTTP/1.1" 200 78
124.77.244.19 - - [15/Jan/2024:05:55:24 +0800] "POST /xingrg/dwr/call/plaincall/AjaxCheckService.setItemNumber.dwr HTTP/1.1" 200 78
114.95.241.104 - - [15/Jan/2024:05:55:24 +0800] "GET /xingrg/all/function/internal_message.html?_=1705269324726&CODE_STATE=getMsg HTTP/1.1" 200 27
124.77.244.19 - - [15/Jan/2024:05:55:26 +0800] "POST /xingrg/dwr/call/plaincall/AjaxCheckService.setItemNumber.dwr HTTP/1.1" 200 78
124.77.244.19 - - [15/Jan/2024:05:55:27 +0800] "POST /xingrg/dwr/call/plaincall/AjaxCheckService.setItemNumber.dwr HTTP/1.1" 200 78
124.77.244.19 - - [15/Jan/2024:05:55:31 +0800] "POST /xingrg/dwr/call/plaincall/AjaxCheckService.setItemNumber.dwr HTTP/1.1" 200 78
114.95.241.104 - - [15/Jan/2024:05:55:31 +0800] "GET /xingrg/check_reg.html?_=1705269331837 HTTP/1.1" 200 22
124.77.244.19 - - [15/Jan/2024:05:55:32 +0800] "POST /xingrg/dwr/call/plaincall/AjaxCheckService.setItemNumber.dwr HTTP/1.1" 200 78
124.77.244.19 - - [15/Jan/2024:05:55:33 +0800] "POST /xingrg/dwr/call/plaincall/AjaxCheckService.setItemNumber.dwr HTTP/1.1" 200 78
124.77.244.19 - - [15/Jan/2024:05:55:34 +0800] "POST /xingrg/dwr/call/plaincall/AjaxCheckService.setItemNumber.dwr HTTP/1.1" 200 78
124.77.244.19 - - [15/Jan/2024:05:55:35 +0800] "POST /xingrg/dwr/call/plaincall/AjaxCheckService.setItemNumber.dwr HTTP/1.1" 200 78
124.77.244.19 - - [15/Jan/2024:05:55:35 +0800] "POST /xingrg/dwr/call/plaincall/AjaxCheckService.setItemNumber.dwr HTTP/1.1" 200 78
180.169.147.146 - - [15/Jan/2024:05:55:35 +0800] "GET /xingrg/all/function/internal_message.html?_=1705269335691&CODE_STATE=getMsg HTTP/1.1" 302 -
124.77.244.19 - - [15/Jan/2024:05:55:37 +0800] "POST /xingrg/dwr/call/plaincall/AjaxCheckService.setItemNumber.dwr HTTP/1.1" 200 78
124.77.244.19 - - [15/Jan/2024:05:55:51 +0800] "POST /xingrg/dwr/call/plaincall/AjaxCheckService.setItemNumber.dwr HTTP/1.1" 200 78
124.77.244.19 - - [15/Jan/2024:05:55:55 +0800] "POST /xingrg/dwr/call/plaincall/AjaxCheckService.setItemNumber.dwr HTTP/1.1" 200 78
124.77.244.19 - - [15/Jan/2024:05:55:56 +0800] "POST /xingrg/dwr/call/plaincall/AjaxCheckService.setItemNumber.dwr HTTP/1.1" 200 78
124.77.244.19 - - [15/Jan/2024:05:55:57 +0800] "POST /xingrg/dwr/call/plaincall/AjaxCheckService.setItemNumber.dwr HTTP/1.1" 200 78
124.77.244.19 - - [15/Jan/2024:05:55:58 +0800] "POST /xingrg/dwr/call/plaincall/AjaxCheckService.setItemNumber.dwr HTTP/1.1" 200 78
124.77.244.19 - - [15/Jan/2024:05:55:59 +0800] "POST /xingrg/dwr/call/plaincall/AjaxCheckService.setItemNumber.dwr HTTP/1.1" 200 78
124.77.244.19 - - [15/Jan/2024:05:56:00 +0800] "GET /xingrg/check_reg.html?_=1705269360971 HTTP/1.1" 200 22
124.77.244.19 - - [15/Jan/2024:05:56:01 +0800] "POST /xingrg/dwr/call/plaincall/AjaxCheckService.setItemNumber.dwr HTTP/1.1" 200 78
124.78.154.219 - - [15/Jan/2024:05:56:01 +0800] "GET /xingrg/all/function/internal_message.html?_=1705269358336&CODE_STATE=getMsg HTTP/1.1" 200 27
124.77.244.19 - - [15/Jan/2024:05:56:02 +0800] "POST /xingrg/dwr/call/plaincall/AjaxCheckService.setItemNumber.dwr HTTP/1.1" 200 78
120.253.135.82 - - [15/Jan/2024:05:56:03 +0800] "GET /xingrg/kc/pszx/mdqp_order_list.html?state=10 HTTP/1.1" 200 13549
120.253.135.82 - - [15/Jan/2024:05:56:03 +0800] "GET /xingrg/dwr/interface/AjaxQqpsService.js HTTP/1.1" 200 16326
124.77.244.19 - - [15/Jan/2024:05:56:03 +0800] "POST /xingrg/dwr/call/plaincall/AjaxCheckService.setItemNumber.dwr HTTP/1.1" 200 78
120.253.135.82 - - [15/Jan/2024:05:56:03 +0800] "GET /xingrg/dwr/interface/AjaxReportQueryService.js HTTP/1.1" 200 13203
120.253.135.82 - - [15/Jan/2024:05:56:03 +0800] "GET /xingrg/dwr/engine.js HTTP/1.1" 200 43631
124.77.244.19 - - [15/Jan/2024:05:56:04 +0800] "POST /xingrg/dwr/call/plaincall/AjaxCheckService.setItemNumber.dwr HTTP/1.1" 200 78
124.77.244.19 - - [15/Jan/2024:05:56:05 +0800] "POST /xingrg/dwr/call/plaincall/AjaxCheckService.setItemNumber.dwr HTTP/1.1" 200 78
116.235.93.185 - - [15/Jan/2024:05:56:07 +0800] "GET /xingrg/all/function/internal_message.html?_=1705269704394&CODE_STATE=getMsg HTTP/1.1" 200 27
124.77.244.19 - - [15/Jan/2024:05:56:08 +0800] "POST /xingrg/dwr/call/plaincall/AjaxCheckService.setItemNumber.dwr HTTP/1.1" 200 78
124.77.244.19 - - [15/Jan/2024:05:56:09 +0800] "GET /xingrg/all/function/internal_message.html?_=1705269370082&CODE_STATE=getMsg HTTP/1.1" 200 27
124.77.244.19 - - [15/Jan/2024:05:56:09 +0800] "POST /xingrg/dwr/call/plaincall/AjaxCheckService.setItemNumber.dwr HTTP/1.1" 200 78
124.77.244.19 - - [15/Jan/2024:05:56:10 +0800] "POST /xingrg/dwr/call/plaincall/AjaxCheckService.setItemNumber.dwr HTTP/1.1" 200 78
124.77.244.19 - - [15/Jan/2024:05:56:11 +0800] "POST /xingrg/dwr/call/plaincall/AjaxCheckService.setItemNumber.dwr HTTP/1.1" 200 78
124.77.244.19 - - [15/Jan/2024:05:56:12 +0800] "POST /xingrg/dwr/call/plaincall/AjaxCheckService.setItemNumber.dwr HTTP/1.1" 200 78
116.232.193.168 - - [15/Jan/2024:05:56:12 +0800] "GET /xingrg/all/function/internal_message.html?_=1705269308252&CODE_STATE=getMsg HTTP/1.1" 200 27
124.77.244.19 - - [15/Jan/2024:05:56:12 +0800] "POST /xingrg/dwr/call/plaincall/AjaxCheckService.setItemNumber.dwr HTTP/1.1" 200 78
124.77.244.19 - - [15/Jan/2024:05:56:14 +0800] "POST /xingrg/dwr/call/plaincall/AjaxCheckService.setItemNumber.dwr HTTP/1.1" 200 78
120.253.135.82 - - [15/Jan/2024:05:56:14 +0800] "GET /xingrg/kc/pszx/mdqp_order_info.html?code=302024011400274 HTTP/1.1" 200 13350
120.253.135.82 - - [15/Jan/2024:05:56:14 +0800] "GET /xingrg/dwr/engine.js HTTP/1.1" 200 43631
120.253.135.82 - - [15/Jan/2024:05:56:14 +0800] "GET /xingrg/dwr/interface/AjaxQqpsService.js HTTP/1.1" 200 16326
120.253.135.82 - - [15/Jan/2024:05:56:14 +0800] "GET /xingrg/dwr/interface/AjaxComOrderService.js HTTP/1.1" 200 18264
124.77.244.19 - - [15/Jan/2024:05:56:15 +0800] "POST /xingrg/dwr/call/plaincall/AjaxCheckService.setItemNumber.dwr HTTP/1.1" 200 78
120.253.135.82 - - [15/Jan/2024:05:56:15 +0800] "POST /xingrg/dwr/call/plaincall/AjaxQqpsService.loadMaterielItems.dwr HTTP/1.1" 200 1233
116.232.193.168 - - [15/Jan/2024:05:56:15 +0800] "GET /xingrg/all/function/internal_message.html?_=1705269311470&CODE_STATE=getMsg HTTP/1.1" 200 27
124.77.244.19 - - [15/Jan/2024:05:56:16 +0800] "POST /xingrg/dwr/call/plaincall/AjaxCheckService.setItemNumber.dwr HTTP/1.1" 200 78
124.78.68.102 - - [15/Jan/2024:05:56:16 +0800] "GET /xingrg/all/function/internal_message.html?_=1705269376956&CODE_STATE=getMsg HTTP/1.1" 200 27
124.77.244.19 - - [15/Jan/2024:05:56:16 +0800] "POST /xingrg/dwr/call/plaincall/AjaxCheckService.setItemNumber.dwr HTTP/1.1" 200 78
120.253.135.82 - - [15/Jan/2024:05:56:17 +0800] "GET /xingrg/all/function/internal_message.html?_=1705269198350&CODE_STATE=getMsg HTTP/1.1" 200 27
124.77.244.19 - - [15/Jan/2024:05:56:18 +0800] "POST /xingrg/dwr/call/plaincall/AjaxCheckService.setItemNumber.dwr HTTP/1.1" 200 78
124.77.244.19 - - [15/Jan/2024:05:56:18 +0800] "POST /xingrg/dwr/call/plaincall/AjaxCheckService.setItemNumber.dwr HTTP/1.1" 200 78
120.253.135.82 - - [15/Jan/2024:05:56:20 +0800] "GET /xingrg/kc/pszx/mdqp_order_list.html?isBack=1 HTTP/1.1" 302 -
120.253.135.82 - - [15/Jan/2024:05:56:20 +0800] "GET /xingrg/images/yd/bt.gif HTTP/1.1" 404 1040
120.253.135.82 - - [15/Jan/2024:05:56:20 +0800] "GET /xingrg/images/yd/bt2.gif HTTP/1.1" 404 1042
120.253.135.82 - - [15/Jan/2024:05:56:20 +0800] "GET /xingrg/kc/pszx/mdqp_order_list.html?state=10 HTTP/1.1" 200 13549
120.253.135.82 - - [15/Jan/2024:05:56:20 +0800] "GET /xingrg/dwr/interface/AjaxReportQueryService.js HTTP/1.1" 200 13203
120.253.135.82 - - [15/Jan/2024:05:56:20 +0800] "GET /xingrg/dwr/interface/AjaxQqpsService.js HTTP/1.1" 200 16326
120.253.135.82 - - [15/Jan/2024:05:56:20 +0800] "GET /xingrg/dwr/engine.js HTTP/1.1" 200 43631
114.95.241.104 - - [15/Jan/2024:05:56:21 +0800] "GET /xingrg/all/function/internal_message.html?_=1705269381065&CODE_STATE=getMsg HTTP/1.1" 200 27
124.77.244.19 - - [15/Jan/2024:05:56:21 +0800] "POST /xingrg/dwr/call/plaincall/AjaxCheckService.setItemNumber.dwr HTTP/1.1" 200 78
120.253.135.82 - - [15/Jan/2024:05:56:23 +0800] "GET /xingrg/kc/pszx/jzcl_ps.html HTTP/1.1" 200 7683
120.253.135.82 - - [15/Jan/2024:05:56:23 +0800] "POST /xingrg/all/common/load_tree.html?tree=area_rest_tree_json HTTP/1.1" 200 3624
120.253.135.82 - - [15/Jan/2024:05:56:24 +0800] "POST /xingrg/kc/pszx/jzcl_ps_operate.html HTTP/1.1" 200 3386
120.253.135.82 - - [15/Jan/2024:05:56:24 +0800] "POST /xingrg/kc/pszx/jzcl_ps_operate.html HTTP/1.1" 200 3386
114.95.241.104 - - [15/Jan/2024:05:56:24 +0800] "GET /xingrg/all/function/internal_message.html?_=1705269384724&CODE_STATE=getMsg HTTP/1.1" 200 27
124.77.244.19 - - [15/Jan/2024:05:56:34 +0800] "POST /xingrg/dwr/call/plaincall/AjaxCheckService.setItemNumber.dwr HTTP/1.1" 200 78
180.169.147.146 - - [15/Jan/2024:05:56:35 +0800] "GET /xingrg/all/function/internal_message.html?_=1705269395692&CODE_STATE=getMsg HTTP/1.1" 302 -
124.77.244.19 - - [15/Jan/2024:05:56:36 +0800] "POST /xingrg/dwr/call/plaincall/AjaxCheckService.setItemNumber.dwr HTTP/1.1" 200 78
124.77.244.19 - - [15/Jan/2024:05:56:38 +0800] "POST /xingrg/dwr/call/plaincall/AjaxCheckService.setItemNumber.dwr HTTP/1.1" 200 78
124.77.244.19 - - [15/Jan/2024:05:56:39 +0800] "POST /xingrg/dwr/call/plaincall/AjaxCheckService.setItemNumber.dwr HTTP/1.1" 200 78
120.253.135.82 - - [15/Jan/2024:05:56:39 +0800] "POST /xingrg/kc/pszx/jzcl_ps_operate.html HTTP/1.1" 200 4
124.77.244.19 - - [15/Jan/2024:05:56:41 +0800] "POST /xingrg/dwr/call/plaincall/AjaxCheckService.setItemNumber.dwr HTTP/1.1" 200 78
120.253.135.82 - - [15/Jan/2024:05:56:41 +0800] "GET /xingrg/kc/pszx/mdps_order_list.html HTTP/1.1" 200 21036
120.253.135.82 - - [15/Jan/2024:05:56:41 +0800] "POST /xingrg/kc/pszx/jzcl_ps_operate.html HTTP/1.1" 200 2500
120.253.135.82 - - [15/Jan/2024:05:56:42 +0800] "POST /xingrg/kc/pszx/mdps_list_operate.html HTTP/1.1" 200 5226
124.77.244.19 - - [15/Jan/2024:05:56:42 +0800] "POST /xingrg/dwr/call/plaincall/AjaxCheckService.setItemNumber.dwr HTTP/1.1" 200 78
124.77.244.19 - - [15/Jan/2024:05:56:43 +0800] "POST /xingrg/dwr/call/plaincall/AjaxCheckService.setItemNumber.dwr HTTP/1.1" 200 78
124.77.244.19 - - [15/Jan/2024:05:56:44 +0800] "POST /xingrg/dwr/call/plaincall/AjaxCheckService.setItemNumber.dwr HTTP/1.1" 200 78
124.77.244.19 - - [15/Jan/2024:05:56:45 +0800] "POST /xingrg/dwr/call/plaincall/AjaxCheckService.setItemNumber.dwr HTTP/1.1" 200 78
124.77.244.19 - - [15/Jan/2024:05:56:46 +0800] "POST /xingrg/dwr/call/plaincall/AjaxCheckService.setItemNumber.dwr HTTP/1.1" 200 78
120.253.135.82 - - [15/Jan/2024:05:56:52 +0800] "POST /xingrg/kc/pszx/mdps_list_operate.html HTTP/1.1" 200 2064
120.253.135.82 - - [15/Jan/2024:05:56:54 +0800] "POST /xingrg/kc/pszx/mdps_list_operate.html HTTP/1.1" 200 452
120.253.135.82 - - [15/Jan/2024:05:56:55 +0800] "GET /xingrg/kc/pszx/mdps_order_info.html?code=312024011500364 HTTP/1.1" 200 23978
120.253.135.82 - - [15/Jan/2024:05:56:56 +0800] "GET /xingrg/javascript/easyui/themes/default/validatebox.css HTTP/1.1" 404 1104
120.253.135.82 - - [15/Jan/2024:05:56:56 +0800] "POST /xingrg/kc/pszx/mdps_order_operate.html HTTP/1.1" 200 3766
120.253.135.82 - - [15/Jan/2024:05:56:57 +0800] "POST /xingrg/all/common/load_combo.html?type=base HTTP/1.1" 200 1169
120.253.135.82 - - [15/Jan/2024:05:57:01 +0800] "POST /xingrg/kc/pszx/mdps_order_operate.html HTTP/1.1" 200 37
124.78.154.219 - - [15/Jan/2024:05:57:01 +0800] "GET /xingrg/all/function/internal_message.html?_=1705269418328&CODE_STATE=getMsg HTTP/1.1" 200 27
120.253.135.82 - - [15/Jan/2024:05:57:02 +0800] "GET /xingrg/kc/pszx/mdps_order_info.html?code=312024011500364 HTTP/1.1" 200 23978
120.253.135.82 - - [15/Jan/2024:05:57:03 +0800] "GET /xingrg/javascript/easyui/themes/default/validatebox.css HTTP/1.1" 404 1104
120.253.135.82 - - [15/Jan/2024:05:57:03 +0800] "POST /xingrg/kc/pszx/mdps_order_operate.html HTTP/1.1" 200 3797
116.235.93.185 - - [15/Jan/2024:05:57:07 +0800] "GET /xingrg/all/function/internal_message.html?_=1705269764370&CODE_STATE=getMsg HTTP/1.1" 200 27
124.77.244.19 - - [15/Jan/2024:05:57:08 +0800] "POST /xingrg/dwr/call/plaincall/AjaxCheckService.setItemNumber.dwr HTTP/1.1" 200 78
124.77.244.19 - - [15/Jan/2024:05:57:09 +0800] "GET /xingrg/all/function/internal_message.html?_=1705269430095&CODE_STATE=getMsg HTTP/1.1" 200 27
124.77.244.19 - - [15/Jan/2024:05:57:11 +0800] "POST /xingrg/dwr/call/plaincall/AjaxCheckService.setItemNumber.dwr HTTP/1.1" 200 78
116.232.193.168 - - [15/Jan/2024:05:57:12 +0800] "GET /xingrg/all/function/internal_message.html?_=1705269368235&CODE_STATE=getMsg HTTP/1.1" 200 27
116.232.193.168 - - [15/Jan/2024:05:57:15 +0800] "GET /xingrg/all/function/internal_message.html?_=1705269371446&CODE_STATE=getMsg HTTP/1.1" 200 27
124.78.68.102 - - [15/Jan/2024:05:57:16 +0800] "GET /xingrg/all/function/internal_message.html?_=1705269436932&CODE_STATE=getMsg HTTP/1.1" 200 27
120.253.135.82 - - [15/Jan/2024:05:57:17 +0800] "GET /xingrg/all/function/internal_message.html?_=1705269258381&CODE_STATE=getMsg HTTP/1.1" 200 27
114.95.241.104 - - [15/Jan/2024:05:57:21 +0800] "GET /xingrg/all/function/internal_message.html?_=1705269441037&CODE_STATE=getMsg HTTP/1.1" 200 27
116.232.193.168 - - [15/Jan/2024:05:57:21 +0800] "GET /xingrg/check_reg.html?_=1705269377098 HTTP/1.1" 200 22
120.253.135.82 - - [15/Jan/2024:05:57:22 +0800] "POST /xingrg/kc/pszx/mdps_list_operate.html HTTP/1.1" 200 640
120.253.135.82 - - [15/Jan/2024:05:57:23 +0800] "GET /xingrg/kc/pszx/mdps_order_info.html?code=312024011500365 HTTP/1.1" 200 23978
124.77.244.19 - - [15/Jan/2024:05:57:23 +0800] "POST /xingrg/dwr/call/plaincall/AjaxCheckService.setItemNumber.dwr HTTP/1.1" 200 78
120.253.135.82 - - [15/Jan/2024:05:57:24 +0800] "GET /xingrg/javascript/easyui/themes/default/validatebox.css HTTP/1.1" 404 1104
120.253.135.82 - - [15/Jan/2024:05:57:24 +0800] "POST /xingrg/kc/pszx/mdps_order_operate.html HTTP/1.1" 200 12321
114.95.241.104 - - [15/Jan/2024:05:57:24 +0800] "GET /xingrg/all/function/internal_message.html?_=1705269444711&CODE_STATE=getMsg HTTP/1.1" 200 27
120.253.135.82 - - [15/Jan/2024:05:57:26 +0800] "POST /xingrg/kc/pszx/mdps_order_operate.html HTTP/1.1" 200 37
120.253.135.82 - - [15/Jan/2024:05:57:28 +0800] "GET /xingrg/kc/pszx/mdps_order_info.html?code=312024011500365 HTTP/1.1" 200 23978
120.253.135.82 - - [15/Jan/2024:05:57:28 +0800] "GET /xingrg/javascript/easyui/themes/default/validatebox.css HTTP/1.1" 404 1104
120.253.135.82 - - [15/Jan/2024:05:57:29 +0800] "POST /xingrg/kc/pszx/mdps_order_operate.html HTTP/1.1" 200 12487
116.232.193.168 - - [15/Jan/2024:05:57:33 +0800] "GET /xingrg/check_reg.html?_=1705269388952 HTTP/1.1" 200 22
180.169.147.146 - - [15/Jan/2024:05:57:35 +0800] "GET /xingrg/all/function/internal_message.html?_=1705269455686&CODE_STATE=getMsg HTTP/1.1" 302 -
180.169.147.146 - - [15/Jan/2024:05:57:35 +0800] "GET /xingrg/check_reg.html?_=1705269455684 HTTP/1.1" 302 -
124.77.244.19 - - [15/Jan/2024:05:57:47 +0800] "POST /xingrg/dwr/call/plaincall/AjaxCheckService.setItemNumber.dwr HTTP/1.1" 200 78
106.55.200.246 - - [15/Jan/2024:05:57:59 +0800] "GET /xingrg/check_reg.html?_=1705256348073 HTTP/1.1" 302 -
124.78.154.219 - - [15/Jan/2024:05:58:01 +0800] "GET /xingrg/all/function/internal_message.html?_=1705269478312&CODE_STATE=getMsg HTTP/1.1" 200 27
124.77.244.19 - - [15/Jan/2024:05:58:01 +0800] "POST /xingrg/dwr/call/plaincall/AjaxCheckService.setItemNumber.dwr HTTP/1.1" 200 78
106.55.200.45 - - [15/Jan/2024:05:58:04 +0800] "GET /xingrg/login.html HTTP/1.1" 200 7641
124.77.244.19 - - [15/Jan/2024:05:58:07 +0800] "POST /xingrg/dwr/call/plaincall/AjaxCheckService.setItemNumber.dwr HTTP/1.1" 200 78
116.235.93.185 - - [15/Jan/2024:05:58:07 +0800] "GET /xingrg/all/function/internal_message.html?_=1705269824338&CODE_STATE=getMsg HTTP/1.1" 200 27
120.253.135.82 - - [15/Jan/2024:05:58:07 +0800] "POST /xingrg/kc/pszx/mdps_order_operate.html HTTP/1.1" 200 37
120.253.135.82 - - [15/Jan/2024:05:58:09 +0800] "GET /xingrg/kc/pszx/mdps_order_info.html?code=312024011500365 HTTP/1.1" 200 23978
124.77.244.19 - - [15/Jan/2024:05:58:09 +0800] "GET /xingrg/all/function/internal_message.html?_=1705269490109&CODE_STATE=getMsg HTTP/1.1" 200 27
120.253.135.82 - - [15/Jan/2024:05:58:10 +0800] "GET /xingrg/javascript/easyui/themes/default/validatebox.css HTTP/1.1" 404 1104
120.253.135.82 - - [15/Jan/2024:05:58:10 +0800] "POST /xingrg/kc/pszx/mdps_order_operate.html HTTP/1.1" 200 12487
124.77.244.19 - - [15/Jan/2024:05:58:10 +0800] "POST /xingrg/dwr/call/plaincall/AjaxCheckService.setItemNumber.dwr HTTP/1.1" 200 78
116.232.193.168 - - [15/Jan/2024:05:58:12 +0800] "GET /xingrg/all/function/internal_message.html?_=1705269428212&CODE_STATE=getMsg HTTP/1.1" 200 27
120.253.135.82 - - [15/Jan/2024:05:58:15 +0800] "POST /xingrg/all/common/load_select.html HTTP/1.1" 200 25
116.232.193.168 - - [15/Jan/2024:05:58:15 +0800] "GET /xingrg/all/function/internal_message.html?_=1705269431436&CODE_STATE=getMsg HTTP/1.1" 200 27
120.253.135.82 - - [15/Jan/2024:05:58:15 +0800] "GET /xingrg/check_reg.html?_=1705269316882 HTTP/1.1" 200 22
124.78.68.102 - - [15/Jan/2024:05:58:16 +0800] "GET /xingrg/all/function/internal_message.html?_=1705269496915&CODE_STATE=getMsg HTTP/1.1" 200 27
120.253.135.82 - - [15/Jan/2024:05:58:17 +0800] "GET /xingrg/kc/pszx/mdps_order_operate.html?command=get_materiel_price&pszx_code=00101&rest_code=00156&base_code=0010246&code=00101027001&unit_code=00100157&order_time=2024-01-16 HTTP/1.1" 200 35
120.253.135.82 - - [15/Jan/2024:05:58:17 +0800] "GET /xingrg/all/function/internal_message.html?_=1705269318394&CODE_STATE=getMsg HTTP/1.1" 200 27
114.95.241.104 - - [15/Jan/2024:05:58:21 +0800] "GET /xingrg/all/function/internal_message.html?_=1705269501021&CODE_STATE=getMsg HTTP/1.1" 200 27
114.95.241.104 - - [15/Jan/2024:05:58:24 +0800] "GET /xingrg/all/function/internal_message.html?_=1705269504718&CODE_STATE=getMsg HTTP/1.1" 200 27
116.235.93.185 - - [15/Jan/2024:05:58:25 +0800] "GET /xingrg/check_reg.html?_=1705269841902 HTTP/1.1" 200 22
120.253.135.82 - - [15/Jan/2024:05:58:33 +0800] "POST /xingrg/kc/pszx/mdps_order_operate.html HTTP/1.1" 200 37
120.253.135.82 - - [15/Jan/2024:05:58:34 +0800] "GET /xingrg/kc/pszx/mdps_order_info.html?code=312024011500365 HTTP/1.1" 200 23978
120.253.135.82 - - [15/Jan/2024:05:58:35 +0800] "GET /xingrg/javascript/easyui/themes/default/validatebox.css HTTP/1.1" 404 1104
180.169.147.146 - - [15/Jan/2024:05:58:35 +0800] "GET /xingrg/all/function/internal_message.html?_=1705269515680&CODE_STATE=getMsg HTTP/1.1" 302 -
120.253.135.82 - - [15/Jan/2024:05:58:36 +0800] "POST /xingrg/kc/pszx/mdps_order_operate.html HTTP/1.1" 200 12484
124.78.154.219 - - [15/Jan/2024:05:59:01 +0800] "GET /xingrg/all/function/internal_message.html?_=1705269538286&CODE_STATE=getMsg HTTP/1.1" 200 27
116.235.93.185 - - [15/Jan/2024:05:59:07 +0800] "GET /xingrg/all/function/internal_message.html?_=1705269884306&CODE_STATE=getMsg HTTP/1.1" 200 27
124.77.244.19 - - [15/Jan/2024:05:59:09 +0800] "GET /xingrg/all/function/internal_message.html?_=1705269550122&CODE_STATE=getMsg HTTP/1.1" 200 27
124.78.154.219 - - [15/Jan/2024:05:59:10 +0800] "GET /xingrg/check_reg.html?_=1705269547400 HTTP/1.1" 200 22
116.232.193.168 - - [15/Jan/2024:05:59:12 +0800] "GET /xingrg/all/function/internal_message.html?_=1705269488199&CODE_STATE=getMsg HTTP/1.1" 200 27
116.232.193.168 - - [15/Jan/2024:05:59:15 +0800] "GET /xingrg/all/function/internal_message.html?_=1705269491411&CODE_STATE=getMsg HTTP/1.1" 200 27
124.78.68.102 - - [15/Jan/2024:05:59:16 +0800] "GET /xingrg/all/function/internal_message.html?_=1705269556892&CODE_STATE=getMsg HTTP/1.1" 200 27
120.253.135.82 - - [15/Jan/2024:05:59:17 +0800] "GET /xingrg/all/function/internal_message.html?_=1705269378407&CODE_STATE=getMsg HTTP/1.1" 200 27
114.95.241.104 - - [15/Jan/2024:05:59:21 +0800] "GET /xingrg/all/function/internal_message.html?_=1705269561001&CODE_STATE=getMsg HTTP/1.1" 200 27
124.77.244.19 - - [15/Jan/2024:05:59:21 +0800] "POST /xingrg/dwr/call/plaincall/AjaxCheckService.setItemNumber.dwr HTTP/1.1" 200 78
114.95.241.104 - - [15/Jan/2024:05:59:24 +0800] "GET /xingrg/check_reg.html?_=1705269564723 HTTP/1.1" 200 22
114.95.241.104 - - [15/Jan/2024:05:59:24 +0800] "GET /xingrg/all/function/internal_message.html?_=1705269564725&CODE_STATE=getMsg HTTP/1.1" 200 27
124.78.68.102 - - [15/Jan/2024:05:59:35 +0800] "GET /xingrg/check_reg.html?_=1705269575103 HTTP/1.1" 200 22
180.169.147.146 - - [15/Jan/2024:05:59:35 +0800] "GET /xingrg/all/function/internal_message.html?_=1705269575696&CODE_STATE=getMsg HTTP/1.1" 302 -
124.77.244.19 - - [15/Jan/2024:05:59:49 +0800] "POST /xingrg/dwr/call/plaincall/AjaxCheckService.setItemNumber.dwr HTTP/1.1" 200 78
124.77.244.19 - - [15/Jan/2024:05:59:53 +0800] "POST /xingrg/dwr/call/plaincall/AjaxCheckService.setItemNumber.dwr HTTP/1.1" 200 78
124.78.154.219 - - [15/Jan/2024:06:00:01 +0800] "GET /xingrg/all/function/internal_message.html?_=1705269598259&CODE_STATE=getMsg HTTP/1.1" 200 27
180.163.28.109 - - [15/Jan/2024:06:00:02 +0800] "GET /xingrg/all/function/internal_message.html?_=1705269538286&CODE_STATE=getMsg HTTP/1.1" 302 -
180.163.28.109 - - [15/Jan/2024:06:00:04 +0800] "GET /xingrg/login.html HTTP/1.1" 200 7641
116.235.93.185 - - [15/Jan/2024:06:00:07 +0800] "GET /xingrg/all/function/internal_message.html?_=1705269944277&CODE_STATE=getMsg HTTP/1.1" 200 27
124.77.244.19 - - [15/Jan/2024:06:00:09 +0800] "GET /xingrg/all/function/internal_message.html?_=1705269610197&CODE_STATE=getMsg HTTP/1.1" 200 27
116.232.193.168 - - [15/Jan/2024:06:00:12 +0800] "GET /xingrg/all/function/internal_message.html?_=1705269548180&CODE_STATE=getMsg HTTP/1.1" 200 27
116.232.193.168 - - [15/Jan/2024:06:00:15 +0800] "GET /xingrg/all/function/internal_message.html?_=1705269551397&CODE_STATE=getMsg HTTP/1.1" 200 27
124.78.68.102 - - [15/Jan/2024:06:00:16 +0800] "GET /xingrg/all/function/internal_message.html?_=1705269616875&CODE_STATE=getMsg HTTP/1.1" 200 27
120.253.135.82 - - [15/Jan/2024:06:00:17 +0800] "GET /xingrg/all/function/internal_message.html?_=1705269438420&CODE_STATE=getMsg HTTP/1.1" 200 27
114.95.241.104 - - [15/Jan/2024:06:00:21 +0800] "GET /xingrg/all/function/internal_message.html?_=1705269620983&CODE_STATE=getMsg HTTP/1.1" 200 27
114.95.241.104 - - [15/Jan/2024:06:00:24 +0800] "GET /xingrg/all/function/internal_message.html?_=1705269624725&CODE_STATE=getMsg HTTP/1.1" 200 27
114.95.241.104 - - [15/Jan/2024:06:00:31 +0800] "GET /xingrg/check_reg.html?_=1705269631841 HTTP/1.1" 200 22
180.169.147.146 - - [15/Jan/2024:06:00:42 +0800] "GET /xingrg/all/function/internal_message.html?_=1705269635687&CODE_STATE=getMsg HTTP/1.1" 302 -
124.77.244.19 - - [15/Jan/2024:06:00:55 +0800] "GET /xingrg/kc/base/check_order_info.html?code=452024011400098 HTTP/1.1" 200 26400
124.77.244.19 - - [15/Jan/2024:06:00:55 +0800] "GET /xingrg/dwr/interface/AjaxComOrderService.js HTTP/1.1" 200 18264
124.77.244.19 - - [15/Jan/2024:06:00:55 +0800] "GET /xingrg/dwr/engine.js HTTP/1.1" 200 43631
124.77.244.19 - - [15/Jan/2024:06:00:55 +0800] "GET /xingrg/dwr/interface/AjaxCheckService.js HTTP/1.1" 200 14003
124.77.244.19 - - [15/Jan/2024:06:00:55 +0800] "POST /xingrg/dwr/call/plaincall/AjaxCheckService.loadOrderItems.dwr HTTP/1.1" 200 114538
124.77.244.19 - - [15/Jan/2024:06:01:00 +0800] "GET /xingrg/check_reg.html?_=1705269660980 HTTP/1.1" 200 22
124.78.154.219 - - [15/Jan/2024:06:01:01 +0800] "GET /xingrg/all/function/internal_message.html?_=1705269658231&CODE_STATE=getMsg HTTP/1.1" 200 27
124.77.244.19 - - [15/Jan/2024:06:01:02 +0800] "POST /xingrg/dwr/call/plaincall/AjaxCheckService.setItemNumber.dwr HTTP/1.1" 200 76
124.77.244.19 - - [15/Jan/2024:06:01:03 +0800] "POST /xingrg/dwr/call/plaincall/AjaxCheckService.setItemNumber.dwr HTTP/1.1" 200 76
124.77.244.19 - - [15/Jan/2024:06:01:04 +0800] "POST /xingrg/dwr/call/plaincall/AjaxCheckService.setItemNumber.dwr HTTP/1.1" 200 76
124.77.244.19 - - [15/Jan/2024:06:01:06 +0800] "POST /xingrg/dwr/call/plaincall/AjaxCheckService.setItemNumber.dwr HTTP/1.1" 200 76
124.77.244.19 - - [15/Jan/2024:06:01:06 +0800] "POST /xingrg/dwr/call/plaincall/AjaxCheckService.setItemNumber.dwr HTTP/1.1" 200 76
116.235.93.185 - - [15/Jan/2024:06:01:07 +0800] "GET /xingrg/all/function/internal_message.html?_=1705270004253&CODE_STATE=getMsg HTTP/1.1" 200 27
124.77.244.19 - - [15/Jan/2024:06:01:08 +0800] "POST /xingrg/dwr/call/plaincall/AjaxCheckService.setItemNumber.dwr HTTP/1.1" 200 76
124.77.244.19 - - [15/Jan/2024:06:01:09 +0800] "POST /xingrg/dwr/call/plaincall/AjaxCheckService.setItemNumber.dwr HTTP/1.1" 200 76
124.77.244.19 - - [15/Jan/2024:06:01:09 +0800] "GET /xingrg/all/function/internal_message.html?_=1705269670326&CODE_STATE=getMsg HTTP/1.1" 200 27
124.77.244.19 - - [15/Jan/2024:06:01:10 +0800] "POST /xingrg/dwr/call/plaincall/AjaxCheckService.setItemNumber.dwr HTTP/1.1" 200 76
124.77.244.19 - - [15/Jan/2024:06:01:11 +0800] "POST /xingrg/dwr/call/plaincall/AjaxCheckService.setItemNumber.dwr HTTP/1.1" 200 76
124.77.244.19 - - [15/Jan/2024:06:01:12 +0800] "POST /xingrg/dwr/call/plaincall/AjaxCheckService.setItemNumber.dwr HTTP/1.1" 200 77
116.232.193.168 - - [15/Jan/2024:06:01:12 +0800] "GET /xingrg/all/function/internal_message.html?_=1705269608156&CODE_STATE=getMsg HTTP/1.1" 200 27
124.77.244.19 - - [15/Jan/2024:06:01:12 +0800] "POST /xingrg/dwr/call/plaincall/AjaxCheckService.setItemNumber.dwr HTTP/1.1" 200 77
124.77.244.19 - - [15/Jan/2024:06:01:13 +0800] "POST /xingrg/dwr/call/plaincall/AjaxCheckService.setItemNumber.dwr HTTP/1.1" 200 77
124.77.244.19 - - [15/Jan/2024:06:01:14 +0800] "POST /xingrg/dwr/call/plaincall/AjaxCheckService.setItemNumber.dwr HTTP/1.1" 200 77
116.232.193.168 - - [15/Jan/2024:06:01:15 +0800] "GET /xingrg/all/function/internal_message.html?_=1705269611371&CODE_STATE=getMsg HTTP/1.1" 200 27
124.77.244.19 - - [15/Jan/2024:06:01:15 +0800] "POST /xingrg/dwr/call/plaincall/AjaxCheckService.setItemNumber.dwr HTTP/1.1" 200 77
124.77.244.19 - - [15/Jan/2024:06:01:16 +0800] "POST /xingrg/dwr/call/plaincall/AjaxCheckService.setItemNumber.dwr HTTP/1.1" 200 77
124.78.68.102 - - [15/Jan/2024:06:01:16 +0800] "GET /xingrg/all/function/internal_message.html?_=1705269676854&CODE_STATE=getMsg HTTP/1.1" 200 27
124.77.244.19 - - [15/Jan/2024:06:01:17 +0800] "POST /xingrg/dwr/call/plaincall/AjaxCheckService.setItemNumber.dwr HTTP/1.1" 200 77
120.253.135.82 - - [15/Jan/2024:06:01:17 +0800] "GET /xingrg/all/function/internal_message.html?_=1705269498494&CODE_STATE=getMsg HTTP/1.1" 200 27
124.77.244.19 - - [15/Jan/2024:06:01:19 +0800] "POST /xingrg/dwr/call/plaincall/AjaxCheckService.setItemNumber.dwr HTTP/1.1" 200 77
124.77.244.19 - - [15/Jan/2024:06:01:19 +0800] "POST /xingrg/dwr/call/plaincall/AjaxCheckService.setItemNumber.dwr HTTP/1.1" 200 77
114.95.241.104 - - [15/Jan/2024:06:01:21 +0800] "GET /xingrg/all/function/internal_message.html?_=1705269680957&CODE_STATE=getMsg HTTP/1.1" 200 27
124.77.244.19 - - [15/Jan/2024:06:01:23 +0800] "POST /xingrg/dwr/call/plaincall/AjaxCheckService.setItemNumber.dwr HTTP/1.1" 200 77
114.95.241.104 - - [15/Jan/2024:06:01:24 +0800] "GET /xingrg/all/function/internal_message.html?_=1705269684725&CODE_STATE=getMsg HTTP/1.1" 200 27
124.77.244.19 - - [15/Jan/2024:06:01:24 +0800] "POST /xingrg/dwr/call/plaincall/AjaxCheckService.setItemNumber.dwr HTTP/1.1" 200 77
124.77.244.19 - - [15/Jan/2024:06:01:25 +0800] "POST /xingrg/dwr/call/plaincall/AjaxCheckService.setItemNumber.dwr HTTP/1.1" 200 77
106.75.128.217 - - [15/Jan/2024:06:01:25 +0800] "GET /vYID HTTP/1.1" 404 -
106.75.128.217 - - [15/Jan/2024:06:01:25 +0800] "GET /x8z3 HTTP/1.1" 404 -
106.75.128.217 - - [15/Jan/2024:06:01:25 +0800] "GET stager HTTP/1.1" 400 -
106.75.128.217 - - [15/Jan/2024:06:01:25 +0800] "GET stager64 HTTP/1.1" 400 -
124.77.244.19 - - [15/Jan/2024:06:01:26 +0800] "POST /xingrg/dwr/call/plaincall/AjaxCheckService.setItemNumber.dwr HTTP/1.1" 200 77
124.77.244.19 - - [15/Jan/2024:06:01:26 +0800] "POST /xingrg/dwr/call/plaincall/AjaxCheckService.setItemNumber.dwr HTTP/1.1" 200 77
124.77.244.19 - - [15/Jan/2024:06:01:27 +0800] "POST /xingrg/dwr/call/plaincall/AjaxCheckService.setItemNumber.dwr HTTP/1.1" 200 77
124.77.244.19 - - [15/Jan/2024:06:01:28 +0800] "POST /xingrg/dwr/call/plaincall/AjaxCheckService.setItemNumber.dwr HTTP/1.1" 200 77
124.77.244.19 - - [15/Jan/2024:06:01:29 +0800] "POST /xingrg/dwr/call/plaincall/AjaxCheckService.setItemNumber.dwr HTTP/1.1" 200 77
124.77.244.19 - - [15/Jan/2024:06:01:29 +0800] "POST /xingrg/dwr/call/plaincall/AjaxCheckService.setItemNumber.dwr HTTP/1.1" 200 77
124.77.244.19 - - [15/Jan/2024:06:01:30 +0800] "POST /xingrg/dwr/call/plaincall/AjaxCheckService.setItemNumber.dwr HTTP/1.1" 200 77
124.77.244.19 - - [15/Jan/2024:06:01:31 +0800] "POST /xingrg/dwr/call/plaincall/AjaxCheckService.setItemNumber.dwr HTTP/1.1" 200 77
124.77.244.19 - - [15/Jan/2024:06:01:34 +0800] "POST /xingrg/dwr/call/plaincall/AjaxCheckService.setItemNumber.dwr HTTP/1.1" 200 77
124.77.244.19 - - [15/Jan/2024:06:01:35 +0800] "POST /xingrg/dwr/call/plaincall/AjaxCheckService.setItemNumber.dwr HTTP/1.1" 200 77
124.77.244.19 - - [15/Jan/2024:06:01:35 +0800] "POST /xingrg/dwr/call/plaincall/AjaxCheckService.setItemNumber.dwr HTTP/1.1" 200 77
180.169.147.146 - - [15/Jan/2024:06:01:35 +0800] "GET /xingrg/all/function/internal_message.html?_=1705269695692&CODE_STATE=getMsg HTTP/1.1" 302 -
