124.77.244.19 - - [15/Jan/2024:06:21:00 +0800] "GET /xingrg/check_reg.html?_=1705270860999 HTTP/1.1" 200 22
124.78.154.219 - - [15/Jan/2024:06:21:01 +0800] "GET /xingrg/all/function/internal_message.html?_=1705270857733&CODE_STATE=getMsg HTTP/1.1" 200 27
124.77.244.19 - - [15/Jan/2024:06:21:02 +0800] "POST /xingrg/dwr/call/plaincall/AjaxCheckService.setItemNumber.dwr HTTP/1.1" 200 77
116.235.93.185 - - [15/Jan/2024:06:21:06 +0800] "GET /xingrg/all/function/internal_message.html?_=1705271203766&CODE_STATE=getMsg HTTP/1.1" 200 27
124.77.244.19 - - [15/Jan/2024:06:21:08 +0800] "POST /xingrg/dwr/call/plaincall/AjaxCheckService.setItemNumber.dwr HTTP/1.1" 200 77
124.77.244.19 - - [15/Jan/2024:06:21:09 +0800] "GET /xingrg/all/function/internal_message.html?_=1705270870780&CODE_STATE=getMsg HTTP/1.1" 200 27
124.77.244.19 - - [15/Jan/2024:06:21:10 +0800] "POST /xingrg/dwr/call/plaincall/AjaxCheckService.setItemNumber.dwr HTTP/1.1" 200 77
116.232.193.168 - - [15/Jan/2024:06:21:12 +0800] "GET /xingrg/all/function/internal_message.html?_=1705270807841&CODE_STATE=getMsg HTTP/1.1" 200 27
120.253.135.82 - - [15/Jan/2024:06:21:12 +0800] "POST /xingrg/kc/pszx/mdps_list_operate.html HTTP/1.1" 200 2063
120.253.135.82 - - [15/Jan/2024:06:21:13 +0800] "POST /xingrg/kc/pszx/mdps_list_operate.html HTTP/1.1" 200 452
124.77.244.19 - - [15/Jan/2024:06:21:14 +0800] "POST /xingrg/dwr/call/plaincall/AjaxCheckService.setItemNumber.dwr HTTP/1.1" 200 77
116.232.193.168 - - [15/Jan/2024:06:21:15 +0800] "GET /xingrg/all/function/internal_message.html?_=1705270810981&CODE_STATE=getMsg HTTP/1.1" 200 27
120.253.135.82 - - [15/Jan/2024:06:21:15 +0800] "POST /xingrg/kc/pszx/mdps_list_operate.html HTTP/1.1" 200 640
124.78.68.102 - - [15/Jan/2024:06:21:16 +0800] "GET /xingrg/all/function/internal_message.html?_=1705270876416&CODE_STATE=getMsg HTTP/1.1" 200 27
120.253.135.82 - - [15/Jan/2024:06:21:17 +0800] "GET /xingrg/kc/pszx/mdps_order_info.html?code=312024011500365 HTTP/1.1" 200 23978
124.77.244.19 - - [15/Jan/2024:06:21:17 +0800] "POST /xingrg/dwr/call/plaincall/AjaxCheckService.setItemNumber.dwr HTTP/1.1" 200 77
120.253.135.82 - - [15/Jan/2024:06:21:17 +0800] "GET /xingrg/javascript/easyui/themes/default/validatebox.css HTTP/1.1" 404 1104
120.253.135.82 - - [15/Jan/2024:06:21:18 +0800] "POST /xingrg/kc/pszx/mdps_order_operate.html HTTP/1.1" 200 12481
124.77.244.19 - - [15/Jan/2024:06:21:19 +0800] "POST /xingrg/dwr/call/plaincall/AjaxCheckService.setItemNumber.dwr HTTP/1.1" 200 77
114.95.241.104 - - [15/Jan/2024:06:21:20 +0800] "GET /xingrg/all/function/internal_message.html?_=1705270880595&CODE_STATE=getMsg HTTP/1.1" 200 27
120.253.135.82 - - [15/Jan/2024:06:21:21 +0800] "GET /xingrg/all/function/internal_message.html?_=1705270702839&CODE_STATE=getMsg HTTP/1.1" 200 27
124.77.244.19 - - [15/Jan/2024:06:21:22 +0800] "POST /xingrg/dwr/call/plaincall/AjaxCheckService.setItemNumber.dwr HTTP/1.1" 200 77
124.77.244.19 - - [15/Jan/2024:06:21:23 +0800] "POST /xingrg/dwr/call/plaincall/AjaxCheckService.setItemNumber.dwr HTTP/1.1" 200 77
124.77.244.19 - - [15/Jan/2024:06:21:24 +0800] "POST /xingrg/dwr/call/plaincall/AjaxCheckService.setItemNumber.dwr HTTP/1.1" 200 77
114.95.241.104 - - [15/Jan/2024:06:21:24 +0800] "GET /xingrg/all/function/internal_message.html?_=1705270884716&CODE_STATE=getMsg HTTP/1.1" 200 27
124.77.244.19 - - [15/Jan/2024:06:21:25 +0800] "POST /xingrg/dwr/call/plaincall/AjaxCheckService.setItemNumber.dwr HTTP/1.1" 200 77
124.77.244.19 - - [15/Jan/2024:06:21:26 +0800] "POST /xingrg/dwr/call/plaincall/AjaxCheckService.setItemNumber.dwr HTTP/1.1" 200 77
124.77.244.19 - - [15/Jan/2024:06:21:26 +0800] "POST /xingrg/dwr/call/plaincall/AjaxCheckService.setItemNumber.dwr HTTP/1.1" 200 77
124.77.244.19 - - [15/Jan/2024:06:21:28 +0800] "POST /xingrg/dwr/call/plaincall/AjaxCheckService.setItemNumber.dwr HTTP/1.1" 200 77
124.77.244.19 - - [15/Jan/2024:06:21:30 +0800] "POST /xingrg/dwr/call/plaincall/AjaxCheckService.setItemNumber.dwr HTTP/1.1" 200 77
124.77.244.19 - - [15/Jan/2024:06:21:31 +0800] "POST /xingrg/dwr/call/plaincall/AjaxCheckService.setItemNumber.dwr HTTP/1.1" 200 77
124.77.244.19 - - [15/Jan/2024:06:21:32 +0800] "POST /xingrg/dwr/call/plaincall/AjaxCheckService.setItemNumber.dwr HTTP/1.1" 200 77
124.77.244.19 - - [15/Jan/2024:06:21:33 +0800] "POST /xingrg/dwr/call/plaincall/AjaxCheckService.setItemNumber.dwr HTTP/1.1" 200 77
124.77.244.19 - - [15/Jan/2024:06:21:34 +0800] "POST /xingrg/dwr/call/plaincall/AjaxCheckService.setItemNumber.dwr HTTP/1.1" 200 77
124.77.244.19 - - [15/Jan/2024:06:21:35 +0800] "POST /xingrg/dwr/call/plaincall/AjaxCheckService.setItemNumber.dwr HTTP/1.1" 200 77
180.169.147.146 - - [15/Jan/2024:06:21:35 +0800] "GET /xingrg/all/function/internal_message.html?_=1705270895696&CODE_STATE=getMsg HTTP/1.1" 302 -
124.77.244.19 - - [15/Jan/2024:06:21:36 +0800] "POST /xingrg/dwr/call/plaincall/AjaxCheckService.setItemNumber.dwr HTTP/1.1" 200 77
124.77.244.19 - - [15/Jan/2024:06:21:37 +0800] "POST /xingrg/dwr/call/plaincall/AjaxCheckService.setItemNumber.dwr HTTP/1.1" 200 77
124.77.244.19 - - [15/Jan/2024:06:21:50 +0800] "POST /xingrg/dwr/call/plaincall/AjaxCheckService.setItemNumber.dwr HTTP/1.1" 200 77
124.77.244.19 - - [15/Jan/2024:06:21:51 +0800] "POST /xingrg/dwr/call/plaincall/AjaxCheckService.setItemNumber.dwr HTTP/1.1" 200 77
124.77.244.19 - - [15/Jan/2024:06:21:52 +0800] "POST /xingrg/dwr/call/plaincall/AjaxCheckService.setItemNumber.dwr HTTP/1.1" 200 77
124.77.244.19 - - [15/Jan/2024:06:21:54 +0800] "POST /xingrg/dwr/call/plaincall/AjaxCheckService.setItemNumber.dwr HTTP/1.1" 200 77
124.77.244.19 - - [15/Jan/2024:06:21:55 +0800] "POST /xingrg/dwr/call/plaincall/AjaxCheckService.setItemNumber.dwr HTTP/1.1" 200 77
124.77.244.19 - - [15/Jan/2024:06:21:57 +0800] "POST /xingrg/dwr/call/plaincall/AjaxCheckService.setItemNumber.dwr HTTP/1.1" 200 77
124.77.244.19 - - [15/Jan/2024:06:21:57 +0800] "POST /xingrg/dwr/call/plaincall/AjaxCheckService.setItemNumber.dwr HTTP/1.1" 200 77
124.77.244.19 - - [15/Jan/2024:06:21:58 +0800] "POST /xingrg/dwr/call/plaincall/AjaxCheckService.setItemNumber.dwr HTTP/1.1" 200 77
124.77.244.19 - - [15/Jan/2024:06:21:59 +0800] "POST /xingrg/dwr/call/plaincall/AjaxCheckService.setItemNumber.dwr HTTP/1.1" 200 77
124.78.154.219 - - [15/Jan/2024:06:22:01 +0800] "GET /xingrg/all/function/internal_message.html?_=1705270917704&CODE_STATE=getMsg HTTP/1.1" 200 27
124.77.244.19 - - [15/Jan/2024:06:22:01 +0800] "POST /xingrg/dwr/call/plaincall/AjaxCheckService.setItemNumber.dwr HTTP/1.1" 200 77
120.253.135.82 - - [15/Jan/2024:06:22:01 +0800] "POST /xingrg/kc/pszx/mdps_list_operate.html HTTP/1.1" 200 2063
124.77.244.19 - - [15/Jan/2024:06:22:03 +0800] "POST /xingrg/dwr/call/plaincall/AjaxCheckService.setItemNumber.dwr HTTP/1.1" 200 77
124.77.244.19 - - [15/Jan/2024:06:22:04 +0800] "POST /xingrg/dwr/call/plaincall/AjaxCheckService.setItemNumber.dwr HTTP/1.1" 200 77
124.77.244.19 - - [15/Jan/2024:06:22:05 +0800] "POST /xingrg/dwr/call/plaincall/AjaxCheckService.setItemNumber.dwr HTTP/1.1" 200 77
124.77.244.19 - - [15/Jan/2024:06:22:05 +0800] "POST /xingrg/dwr/call/plaincall/AjaxCheckService.setItemNumber.dwr HTTP/1.1" 200 77
116.235.93.185 - - [15/Jan/2024:06:22:06 +0800] "GET /xingrg/all/function/internal_message.html?_=1705271263738&CODE_STATE=getMsg HTTP/1.1" 200 27
120.253.135.82 - - [15/Jan/2024:06:22:07 +0800] "GET /xingrg/kc/pszx/mdqp_order_list.html?state=10 HTTP/1.1" 200 12745
120.253.135.82 - - [15/Jan/2024:06:22:07 +0800] "GET /xingrg/dwr/interface/AjaxQqpsService.js HTTP/1.1" 200 16326
120.253.135.82 - - [15/Jan/2024:06:22:07 +0800] "GET /xingrg/dwr/engine.js HTTP/1.1" 200 43631
120.253.135.82 - - [15/Jan/2024:06:22:07 +0800] "GET /xingrg/dwr/interface/AjaxReportQueryService.js HTTP/1.1" 200 13203
120.253.135.82 - - [15/Jan/2024:06:22:09 +0800] "GET /xingrg/kc/pszx/mdqp_order_info.html?code=302024011400262 HTTP/1.1" 200 13338
120.253.135.82 - - [15/Jan/2024:06:22:09 +0800] "GET /xingrg/dwr/interface/AjaxQqpsService.js HTTP/1.1" 200 16326
120.253.135.82 - - [15/Jan/2024:06:22:09 +0800] "GET /xingrg/dwr/interface/AjaxComOrderService.js HTTP/1.1" 200 18264
120.253.135.82 - - [15/Jan/2024:06:22:09 +0800] "GET /xingrg/dwr/engine.js HTTP/1.1" 200 43631
124.77.244.19 - - [15/Jan/2024:06:22:09 +0800] "GET /xingrg/all/function/internal_message.html?_=1705270930794&CODE_STATE=getMsg HTTP/1.1" 200 27
124.77.244.19 - - [15/Jan/2024:06:22:10 +0800] "POST /xingrg/dwr/call/plaincall/AjaxCheckService.setItemNumber.dwr HTTP/1.1" 200 77
120.253.135.82 - - [15/Jan/2024:06:22:10 +0800] "POST /xingrg/dwr/call/plaincall/AjaxQqpsService.loadMaterielItems.dwr HTTP/1.1" 200 356
116.232.193.168 - - [15/Jan/2024:06:22:12 +0800] "GET /xingrg/all/function/internal_message.html?_=1705270867828&CODE_STATE=getMsg HTTP/1.1" 200 27
120.253.135.82 - - [15/Jan/2024:06:22:12 +0800] "GET /xingrg/kc/pszx/mdqp_order_list.html?isBack=1 HTTP/1.1" 302 -
120.253.135.82 - - [15/Jan/2024:06:22:12 +0800] "GET /xingrg/kc/pszx/mdqp_order_list.html?state=10 HTTP/1.1" 200 12745
120.253.135.82 - - [15/Jan/2024:06:22:12 +0800] "GET /xingrg/dwr/interface/AjaxQqpsService.js HTTP/1.1" 200 16326
120.253.135.82 - - [15/Jan/2024:06:22:12 +0800] "GET /xingrg/dwr/interface/AjaxReportQueryService.js HTTP/1.1" 200 13203
120.253.135.82 - - [15/Jan/2024:06:22:12 +0800] "GET /xingrg/dwr/engine.js HTTP/1.1" 200 43631
116.232.193.168 - - [15/Jan/2024:06:22:15 +0800] "GET /xingrg/all/function/internal_message.html?_=1705270870959&CODE_STATE=getMsg HTTP/1.1" 200 27
120.253.135.82 - - [15/Jan/2024:06:22:15 +0800] "GET /xingrg/kc/pszx/mdqp_order_info.html?code=302024011400263 HTTP/1.1" 200 13338
120.253.135.82 - - [15/Jan/2024:06:22:15 +0800] "GET /xingrg/dwr/interface/AjaxComOrderService.js HTTP/1.1" 200 18264
120.253.135.82 - - [15/Jan/2024:06:22:15 +0800] "GET /xingrg/dwr/engine.js HTTP/1.1" 200 43631
120.253.135.82 - - [15/Jan/2024:06:22:15 +0800] "GET /xingrg/dwr/interface/AjaxQqpsService.js HTTP/1.1" 200 16326
120.253.135.82 - - [15/Jan/2024:06:22:16 +0800] "POST /xingrg/dwr/call/plaincall/AjaxQqpsService.loadMaterielItems.dwr HTTP/1.1" 200 965
124.78.68.102 - - [15/Jan/2024:06:22:16 +0800] "GET /xingrg/all/function/internal_message.html?_=1705270936395&CODE_STATE=getMsg HTTP/1.1" 200 27
120.253.135.82 - - [15/Jan/2024:06:22:20 +0800] "GET /xingrg/kc/pszx/mdqp_order_list.html?isBack=1 HTTP/1.1" 302 -
120.253.135.82 - - [15/Jan/2024:06:22:20 +0800] "GET /xingrg/kc/pszx/mdqp_order_list.html?state=10 HTTP/1.1" 200 12745
120.253.135.82 - - [15/Jan/2024:06:22:20 +0800] "GET /xingrg/dwr/interface/AjaxReportQueryService.js HTTP/1.1" 200 13203
120.253.135.82 - - [15/Jan/2024:06:22:20 +0800] "GET /xingrg/dwr/engine.js HTTP/1.1" 200 43631
120.253.135.82 - - [15/Jan/2024:06:22:20 +0800] "GET /xingrg/dwr/interface/AjaxQqpsService.js HTTP/1.1" 200 16326
114.95.241.104 - - [15/Jan/2024:06:22:20 +0800] "GET /xingrg/all/function/internal_message.html?_=1705270940574&CODE_STATE=getMsg HTTP/1.1" 200 27
116.232.193.168 - - [15/Jan/2024:06:22:21 +0800] "GET /xingrg/check_reg.html?_=1705270877049 HTTP/1.1" 200 22
120.253.135.82 - - [15/Jan/2024:06:22:21 +0800] "GET /xingrg/all/function/internal_message.html?_=1705270762854&CODE_STATE=getMsg HTTP/1.1" 200 27
120.253.135.82 - - [15/Jan/2024:06:22:23 +0800] "GET /xingrg/kc/pszx/mdqp_order_info.html?code=302024011400264 HTTP/1.1" 200 13338
120.253.135.82 - - [15/Jan/2024:06:22:23 +0800] "GET /xingrg/dwr/interface/AjaxQqpsService.js HTTP/1.1" 200 16326
120.253.135.82 - - [15/Jan/2024:06:22:23 +0800] "GET /xingrg/dwr/interface/AjaxComOrderService.js HTTP/1.1" 200 18264
120.253.135.82 - - [15/Jan/2024:06:22:23 +0800] "GET /xingrg/dwr/engine.js HTTP/1.1" 200 43631
120.253.135.82 - - [15/Jan/2024:06:22:24 +0800] "POST /xingrg/dwr/call/plaincall/AjaxQqpsService.loadMaterielItems.dwr HTTP/1.1" 200 355
114.95.241.104 - - [15/Jan/2024:06:22:24 +0800] "GET /xingrg/all/function/internal_message.html?_=1705270944724&CODE_STATE=getMsg HTTP/1.1" 200 27
120.253.135.82 - - [15/Jan/2024:06:22:26 +0800] "GET /xingrg/kc/pszx/mdqp_order_list.html?isBack=1 HTTP/1.1" 302 -
120.253.135.82 - - [15/Jan/2024:06:22:26 +0800] "GET /xingrg/images/yd/bt.gif HTTP/1.1" 404 1040
120.253.135.82 - - [15/Jan/2024:06:22:27 +0800] "GET /xingrg/kc/pszx/mdqp_order_list.html?state=10 HTTP/1.1" 200 12745
120.253.135.82 - - [15/Jan/2024:06:22:27 +0800] "GET /xingrg/dwr/interface/AjaxReportQueryService.js HTTP/1.1" 200 13203
120.253.135.82 - - [15/Jan/2024:06:22:27 +0800] "GET /xingrg/dwr/interface/AjaxQqpsService.js HTTP/1.1" 200 16326
120.253.135.82 - - [15/Jan/2024:06:22:27 +0800] "GET /xingrg/dwr/engine.js HTTP/1.1" 200 43631
120.253.135.82 - - [15/Jan/2024:06:22:30 +0800] "GET /xingrg/kc/pszx/mdqp_order_info.html?code=302024011400265 HTTP/1.1" 200 13338
120.253.135.82 - - [15/Jan/2024:06:22:30 +0800] "GET /xingrg/dwr/interface/AjaxQqpsService.js HTTP/1.1" 200 16326
120.253.135.82 - - [15/Jan/2024:06:22:30 +0800] "GET /xingrg/dwr/interface/AjaxComOrderService.js HTTP/1.1" 200 18264
120.253.135.82 - - [15/Jan/2024:06:22:30 +0800] "GET /xingrg/dwr/engine.js HTTP/1.1" 200 43631
120.253.135.82 - - [15/Jan/2024:06:22:31 +0800] "POST /xingrg/dwr/call/plaincall/AjaxQqpsService.loadMaterielItems.dwr HTTP/1.1" 200 8328
116.232.193.168 - - [15/Jan/2024:06:22:33 +0800] "GET /xingrg/check_reg.html?_=1705270888960 HTTP/1.1" 200 22
180.169.147.146 - - [15/Jan/2024:06:22:35 +0800] "GET /xingrg/check_reg.html?_=1705270955690 HTTP/1.1" 302 -
180.169.147.146 - - [15/Jan/2024:06:22:35 +0800] "GET /xingrg/all/function/internal_message.html?_=1705270955693&CODE_STATE=getMsg HTTP/1.1" 302 -
120.253.135.82 - - [15/Jan/2024:06:22:39 +0800] "GET /xingrg/images/yd/bt.gif HTTP/1.1" 404 1040
120.253.135.82 - - [15/Jan/2024:06:22:39 +0800] "GET /xingrg/images/yd/bt2.gif HTTP/1.1" 404 1042
124.78.154.219 - - [15/Jan/2024:06:23:00 +0800] "GET /xingrg/all/function/internal_message.html?_=1705270977677&CODE_STATE=getMsg HTTP/1.1" 200 27
116.235.93.185 - - [15/Jan/2024:06:23:06 +0800] "GET /xingrg/all/function/internal_message.html?_=1705271323740&CODE_STATE=getMsg HTTP/1.1" 200 27
124.77.244.19 - - [15/Jan/2024:06:23:09 +0800] "GET /xingrg/all/function/internal_message.html?_=1705270990808&CODE_STATE=getMsg HTTP/1.1" 200 27
116.232.193.168 - - [15/Jan/2024:06:23:12 +0800] "GET /xingrg/all/function/internal_message.html?_=1705270927802&CODE_STATE=getMsg HTTP/1.1" 200 27
116.232.193.168 - - [15/Jan/2024:06:23:15 +0800] "GET /xingrg/all/function/internal_message.html?_=1705270930937&CODE_STATE=getMsg HTTP/1.1" 200 27
120.253.135.82 - - [15/Jan/2024:06:23:15 +0800] "GET /xingrg/check_reg.html?_=1705270816954 HTTP/1.1" 200 22
124.78.68.102 - - [15/Jan/2024:06:23:16 +0800] "GET /xingrg/all/function/internal_message.html?_=1705270996369&CODE_STATE=getMsg HTTP/1.1" 200 27
114.95.241.104 - - [15/Jan/2024:06:23:20 +0800] "GET /xingrg/all/function/internal_message.html?_=1705271000551&CODE_STATE=getMsg HTTP/1.1" 200 27
120.253.135.82 - - [15/Jan/2024:06:23:21 +0800] "GET /xingrg/all/function/internal_message.html?_=1705270822867&CODE_STATE=getMsg HTTP/1.1" 200 27
114.95.241.104 - - [15/Jan/2024:06:23:24 +0800] "GET /xingrg/all/function/internal_message.html?_=1705271004712&CODE_STATE=getMsg HTTP/1.1" 200 27
116.235.93.185 - - [15/Jan/2024:06:23:24 +0800] "GET /xingrg/check_reg.html?_=1705271341818 HTTP/1.1" 200 22
180.169.147.146 - - [15/Jan/2024:06:23:35 +0800] "GET /xingrg/all/function/internal_message.html?_=1705271015701&CODE_STATE=getMsg HTTP/1.1" 302 -
124.78.154.219 - - [15/Jan/2024:06:24:00 +0800] "GET /xingrg/all/function/internal_message.html?_=1705271037648&CODE_STATE=getMsg HTTP/1.1" 200 27
116.235.93.185 - - [15/Jan/2024:06:24:06 +0800] "GET /xingrg/all/function/internal_message.html?_=1705271383711&CODE_STATE=getMsg HTTP/1.1" 200 27
124.77.244.19 - - [15/Jan/2024:06:24:09 +0800] "GET /xingrg/all/function/internal_message.html?_=1705271050821&CODE_STATE=getMsg HTTP/1.1" 200 27
124.78.154.219 - - [15/Jan/2024:06:24:10 +0800] "GET /xingrg/check_reg.html?_=1705271047326 HTTP/1.1" 200 22
116.232.193.168 - - [15/Jan/2024:06:24:11 +0800] "GET /xingrg/all/function/internal_message.html?_=1705270987781&CODE_STATE=getMsg HTTP/1.1" 200 27
116.232.193.168 - - [15/Jan/2024:06:24:15 +0800] "GET /xingrg/all/function/internal_message.html?_=1705270990920&CODE_STATE=getMsg HTTP/1.1" 200 27
124.78.68.102 - - [15/Jan/2024:06:24:16 +0800] "GET /xingrg/all/function/internal_message.html?_=1705271056345&CODE_STATE=getMsg HTTP/1.1" 200 27
114.95.241.104 - - [15/Jan/2024:06:24:20 +0800] "GET /xingrg/all/function/internal_message.html?_=1705271060525&CODE_STATE=getMsg HTTP/1.1" 200 27
120.253.135.82 - - [15/Jan/2024:06:24:21 +0800] "GET /xingrg/all/function/internal_message.html?_=1705270882881&CODE_STATE=getMsg HTTP/1.1" 200 27
114.95.241.104 - - [15/Jan/2024:06:24:24 +0800] "GET /xingrg/all/function/internal_message.html?_=1705271064726&CODE_STATE=getMsg HTTP/1.1" 200 27
114.95.241.104 - - [15/Jan/2024:06:24:25 +0800] "GET /xingrg/check_reg.html?_=1705271064727 HTTP/1.1" 200 22
124.78.68.102 - - [15/Jan/2024:06:24:35 +0800] "GET /xingrg/check_reg.html?_=1705271075018 HTTP/1.1" 200 22
180.169.147.146 - - [15/Jan/2024:06:24:35 +0800] "GET /xingrg/all/function/internal_message.html?_=1705271075688&CODE_STATE=getMsg HTTP/1.1" 302 -
120.253.135.82 - - [15/Jan/2024:06:24:53 +0800] "GET /xingrg/kc/pszx/mdqp_order_list.html?isBack=1 HTTP/1.1" 302 -
120.253.135.82 - - [15/Jan/2024:06:24:54 +0800] "GET /xingrg/kc/pszx/mdqp_order_list.html?state=10 HTTP/1.1" 200 12745
120.253.135.82 - - [15/Jan/2024:06:24:54 +0800] "GET /xingrg/dwr/interface/AjaxQqpsService.js HTTP/1.1" 200 16326
120.253.135.82 - - [15/Jan/2024:06:24:54 +0800] "GET /xingrg/dwr/interface/AjaxReportQueryService.js HTTP/1.1" 200 13203
120.253.135.82 - - [15/Jan/2024:06:24:54 +0800] "GET /xingrg/dwr/engine.js HTTP/1.1" 200 43631
120.253.135.82 - - [15/Jan/2024:06:24:59 +0800] "GET /xingrg/kc/pszx/mdqp_order_info.html?code=302024011400266 HTTP/1.1" 200 13338
120.253.135.82 - - [15/Jan/2024:06:24:59 +0800] "GET /xingrg/dwr/interface/AjaxComOrderService.js HTTP/1.1" 200 18264
120.253.135.82 - - [15/Jan/2024:06:24:59 +0800] "GET /xingrg/dwr/interface/AjaxQqpsService.js HTTP/1.1" 200 16326
120.253.135.82 - - [15/Jan/2024:06:24:59 +0800] "GET /xingrg/dwr/engine.js HTTP/1.1" 200 43631
120.253.135.82 - - [15/Jan/2024:06:25:00 +0800] "POST /xingrg/dwr/call/plaincall/AjaxQqpsService.loadMaterielItems.dwr HTTP/1.1" 200 2890
124.78.154.219 - - [15/Jan/2024:06:25:00 +0800] "GET /xingrg/all/function/internal_message.html?_=1705271097626&CODE_STATE=getMsg HTTP/1.1" 200 27
120.253.135.82 - - [15/Jan/2024:06:25:01 +0800] "GET /xingrg/images/yd/bt.gif HTTP/1.1" 404 1040
120.253.135.82 - - [15/Jan/2024:06:25:01 +0800] "GET /xingrg/images/yd/bt2.gif HTTP/1.1" 404 1042
116.235.93.185 - - [15/Jan/2024:06:25:06 +0800] "GET /xingrg/all/function/internal_message.html?_=1705271443684&CODE_STATE=getMsg HTTP/1.1" 200 27
124.77.244.19 - - [15/Jan/2024:06:25:09 +0800] "GET /xingrg/all/function/internal_message.html?_=1705271110851&CODE_STATE=getMsg HTTP/1.1" 200 27
116.232.193.168 - - [15/Jan/2024:06:25:11 +0800] "GET /xingrg/all/function/internal_message.html?_=1705271047769&CODE_STATE=getMsg HTTP/1.1" 200 27
116.232.193.168 - - [15/Jan/2024:06:25:15 +0800] "GET /xingrg/all/function/internal_message.html?_=1705271050901&CODE_STATE=getMsg HTTP/1.1" 200 27
124.78.68.102 - - [15/Jan/2024:06:25:16 +0800] "GET /xingrg/all/function/internal_message.html?_=1705271116329&CODE_STATE=getMsg HTTP/1.1" 200 27
114.95.241.104 - - [15/Jan/2024:06:25:20 +0800] "GET /xingrg/all/function/internal_message.html?_=1705271120512&CODE_STATE=getMsg HTTP/1.1" 200 27
120.253.135.82 - - [15/Jan/2024:06:25:21 +0800] "GET /xingrg/all/function/internal_message.html?_=1705270942894&CODE_STATE=getMsg HTTP/1.1" 200 27
120.253.135.82 - - [15/Jan/2024:06:25:24 +0800] "GET /xingrg/kc/pszx/mdqp_order_list.html?isBack=1 HTTP/1.1" 302 -
120.253.135.82 - - [15/Jan/2024:06:25:24 +0800] "GET /xingrg/kc/pszx/mdqp_order_list.html?state=10 HTTP/1.1" 200 12745
120.253.135.82 - - [15/Jan/2024:06:25:24 +0800] "GET /xingrg/dwr/interface/AjaxReportQueryService.js HTTP/1.1" 200 13203
120.253.135.82 - - [15/Jan/2024:06:25:24 +0800] "GET /xingrg/dwr/interface/AjaxQqpsService.js HTTP/1.1" 200 16326
120.253.135.82 - - [15/Jan/2024:06:25:24 +0800] "GET /xingrg/dwr/engine.js HTTP/1.1" 200 43631
114.95.241.104 - - [15/Jan/2024:06:25:24 +0800] "GET /xingrg/all/function/internal_message.html?_=1705271124720&CODE_STATE=getMsg HTTP/1.1" 200 27
120.253.135.82 - - [15/Jan/2024:06:25:29 +0800] "GET /xingrg/kc/pszx/mdqp_order_info.html?code=302024011400269 HTTP/1.1" 200 13338
120.253.135.82 - - [15/Jan/2024:06:25:29 +0800] "GET /xingrg/dwr/interface/AjaxComOrderService.js HTTP/1.1" 200 18264
120.253.135.82 - - [15/Jan/2024:06:25:29 +0800] "GET /xingrg/dwr/engine.js HTTP/1.1" 200 43631
120.253.135.82 - - [15/Jan/2024:06:25:29 +0800] "GET /xingrg/dwr/interface/AjaxQqpsService.js HTTP/1.1" 200 16326
120.253.135.82 - - [15/Jan/2024:06:25:30 +0800] "POST /xingrg/dwr/call/plaincall/AjaxQqpsService.loadMaterielItems.dwr HTTP/1.1" 200 1842
114.95.241.104 - - [15/Jan/2024:06:25:32 +0800] "GET /xingrg/check_reg.html?_=1705271131836 HTTP/1.1" 200 22
180.169.147.146 - - [15/Jan/2024:06:25:35 +0800] "GET /xingrg/all/function/internal_message.html?_=1705271135692&CODE_STATE=getMsg HTTP/1.1" 302 -
120.253.135.82 - - [15/Jan/2024:06:25:37 +0800] "GET /xingrg/images/yd/bt.gif HTTP/1.1" 404 1040
120.253.135.82 - - [15/Jan/2024:06:25:37 +0800] "GET /xingrg/images/yd/bt2.gif HTTP/1.1" 404 1042
120.253.135.82 - - [15/Jan/2024:06:25:38 +0800] "GET /xingrg/kc/pszx/mdqp_order_list.html?isBack=1 HTTP/1.1" 302 -
120.253.135.82 - - [15/Jan/2024:06:25:39 +0800] "GET /xingrg/kc/pszx/mdqp_order_list.html?state=10 HTTP/1.1" 200 12745
120.253.135.82 - - [15/Jan/2024:06:25:39 +0800] "GET /xingrg/dwr/interface/AjaxQqpsService.js HTTP/1.1" 200 16326
120.253.135.82 - - [15/Jan/2024:06:25:39 +0800] "GET /xingrg/dwr/engine.js HTTP/1.1" 200 43631
120.253.135.82 - - [15/Jan/2024:06:25:39 +0800] "GET /xingrg/dwr/interface/AjaxReportQueryService.js HTTP/1.1" 200 13203
120.253.135.82 - - [15/Jan/2024:06:25:49 +0800] "GET /xingrg/kc/pszx/jzcl_ps.html HTTP/1.1" 200 7683
120.253.135.82 - - [15/Jan/2024:06:25:50 +0800] "POST /xingrg/all/common/load_tree.html?tree=area_rest_tree_json HTTP/1.1" 200 3624
120.253.135.82 - - [15/Jan/2024:06:25:50 +0800] "POST /xingrg/kc/pszx/jzcl_ps_operate.html HTTP/1.1" 200 2500
120.253.135.82 - - [15/Jan/2024:06:25:50 +0800] "POST /xingrg/kc/pszx/jzcl_ps_operate.html HTTP/1.1" 200 2500
124.77.244.19 - - [15/Jan/2024:06:26:00 +0800] "GET /xingrg/check_reg.html?_=1705271161006 HTTP/1.1" 200 22
124.78.154.219 - - [15/Jan/2024:06:26:00 +0800] "GET /xingrg/all/function/internal_message.html?_=1705271157598&CODE_STATE=getMsg HTTP/1.1" 200 27
180.163.29.212 - - [15/Jan/2024:06:26:01 +0800] "GET /xingrg/all/function/internal_message.html?_=1705271097626&CODE_STATE=getMsg HTTP/1.1" 302 -
180.163.29.212 - - [15/Jan/2024:06:26:02 +0800] "GET /xingrg/login.html HTTP/1.1" 200 7641
116.235.93.185 - - [15/Jan/2024:06:26:06 +0800] "GET /xingrg/all/function/internal_message.html?_=1705271503656&CODE_STATE=getMsg HTTP/1.1" 200 27
124.77.244.19 - - [15/Jan/2024:06:26:09 +0800] "GET /xingrg/all/function/internal_message.html?_=1705271170863&CODE_STATE=getMsg HTTP/1.1" 200 27
116.232.193.168 - - [15/Jan/2024:06:26:11 +0800] "GET /xingrg/all/function/internal_message.html?_=1705271107755&CODE_STATE=getMsg HTTP/1.1" 200 27
116.232.193.168 - - [15/Jan/2024:06:26:15 +0800] "GET /xingrg/all/function/internal_message.html?_=1705271110882&CODE_STATE=getMsg HTTP/1.1" 200 27
124.78.68.102 - - [15/Jan/2024:06:26:16 +0800] "GET /xingrg/all/function/internal_message.html?_=1705271176311&CODE_STATE=getMsg HTTP/1.1" 200 27
114.95.241.104 - - [15/Jan/2024:06:26:20 +0800] "GET /xingrg/all/function/internal_message.html?_=1705271180504&CODE_STATE=getMsg HTTP/1.1" 200 27
120.253.135.82 - - [15/Jan/2024:06:26:21 +0800] "POST /xingrg/kc/pszx/jzcl_ps_operate.html HTTP/1.1" 200 4
120.253.135.82 - - [15/Jan/2024:06:26:24 +0800] "GET /xingrg/kc/pszx/mdps_order_list.html HTTP/1.1" 200 21036
114.95.241.104 - - [15/Jan/2024:06:26:24 +0800] "GET /xingrg/all/function/internal_message.html?_=1705271184730&CODE_STATE=getMsg HTTP/1.1" 200 27
120.253.135.82 - - [15/Jan/2024:06:26:24 +0800] "POST /xingrg/kc/pszx/jzcl_ps_operate.html HTTP/1.1" 200 21
120.253.135.82 - - [15/Jan/2024:06:26:25 +0800] "GET /xingrg/all/function/internal_message.html?_=1705271006666&CODE_STATE=getMsg HTTP/1.1" 200 27
120.253.135.82 - - [15/Jan/2024:06:26:25 +0800] "POST /xingrg/kc/pszx/mdps_list_operate.html HTTP/1.1" 200 5276
120.253.135.82 - - [15/Jan/2024:06:26:31 +0800] "POST /xingrg/kc/pszx/mdps_list_operate.html HTTP/1.1" 200 3497
120.253.135.82 - - [15/Jan/2024:06:26:33 +0800] "POST /xingrg/kc/pszx/mdps_list_operate.html HTTP/1.1" 200 621
120.253.135.82 - - [15/Jan/2024:06:26:34 +0800] "GET /xingrg/kc/pszx/mdps_order_info.html?code=312024011500369 HTTP/1.1" 200 23972
120.253.135.82 - - [15/Jan/2024:06:26:35 +0800] "GET /xingrg/javascript/easyui/themes/default/validatebox.css HTTP/1.1" 404 1104
180.169.147.146 - - [15/Jan/2024:06:26:35 +0800] "GET /xingrg/all/function/internal_message.html?_=1705271195694&CODE_STATE=getMsg HTTP/1.1" 302 -
120.253.135.82 - - [15/Jan/2024:06:26:35 +0800] "POST /xingrg/kc/pszx/mdps_order_operate.html HTTP/1.1" 200 4775
120.253.135.82 - - [15/Jan/2024:06:26:40 +0800] "POST /xingrg/kc/pszx/mdps_order_operate.html HTTP/1.1" 200 37
120.253.135.82 - - [15/Jan/2024:06:26:41 +0800] "GET /xingrg/kc/pszx/mdps_order_info.html?code=312024011500369 HTTP/1.1" 200 23972
120.253.135.82 - - [15/Jan/2024:06:26:42 +0800] "GET /xingrg/javascript/easyui/themes/default/validatebox.css HTTP/1.1" 404 1104
120.253.135.82 - - [15/Jan/2024:06:26:42 +0800] "POST /xingrg/kc/pszx/mdps_order_operate.html HTTP/1.1" 200 4824
120.253.135.82 - - [15/Jan/2024:06:26:58 +0800] "GET /xingrg/kc/pszx/mdps_order_operate.html?command=get_materiel&pszx_code=00101&rest_code=00111&base_code=0010246&code=00101029015 HTTP/1.1" 200 487
124.78.154.219 - - [15/Jan/2024:06:27:00 +0800] "GET /xingrg/all/function/internal_message.html?_=1705271217568&CODE_STATE=getMsg HTTP/1.1" 200 27
116.235.93.185 - - [15/Jan/2024:06:27:06 +0800] "GET /xingrg/all/function/internal_message.html?_=1705271563626&CODE_STATE=getMsg HTTP/1.1" 200 27
124.77.244.19 - - [15/Jan/2024:06:27:09 +0800] "GET /xingrg/all/function/internal_message.html?_=1705271230877&CODE_STATE=getMsg HTTP/1.1" 200 27
116.232.193.168 - - [15/Jan/2024:06:27:11 +0800] "GET /xingrg/all/function/internal_message.html?_=1705271167743&CODE_STATE=getMsg HTTP/1.1" 200 27
116.232.193.168 - - [15/Jan/2024:06:27:15 +0800] "GET /xingrg/all/function/internal_message.html?_=1705271170854&CODE_STATE=getMsg HTTP/1.1" 200 27
124.78.68.102 - - [15/Jan/2024:06:27:16 +0800] "GET /xingrg/all/function/internal_message.html?_=1705271236289&CODE_STATE=getMsg HTTP/1.1" 200 27
114.95.241.104 - - [15/Jan/2024:06:27:20 +0800] "GET /xingrg/all/function/internal_message.html?_=1705271240482&CODE_STATE=getMsg HTTP/1.1" 200 27
116.232.193.168 - - [15/Jan/2024:06:27:21 +0800] "GET /xingrg/check_reg.html?_=1705271177030 HTTP/1.1" 200 22
114.95.241.104 - - [15/Jan/2024:06:27:24 +0800] "GET /xingrg/all/function/internal_message.html?_=1705271244729&CODE_STATE=getMsg HTTP/1.1" 200 27
120.253.135.82 - - [15/Jan/2024:06:27:25 +0800] "GET /xingrg/all/function/internal_message.html?_=1705271066801&CODE_STATE=getMsg HTTP/1.1" 200 27
116.232.193.168 - - [15/Jan/2024:06:27:33 +0800] "GET /xingrg/check_reg.html?_=1705271188949 HTTP/1.1" 200 22
180.169.147.146 - - [15/Jan/2024:06:27:35 +0800] "GET /xingrg/check_reg.html?_=1705271255688 HTTP/1.1" 302 -
180.169.147.146 - - [15/Jan/2024:06:27:35 +0800] "GET /xingrg/all/function/internal_message.html?_=1705271255691&CODE_STATE=getMsg HTTP/1.1" 302 -
124.78.154.219 - - [15/Jan/2024:06:28:00 +0800] "GET /xingrg/all/function/internal_message.html?_=1705271277557&CODE_STATE=getMsg HTTP/1.1" 200 27
120.253.135.82 - - [15/Jan/2024:06:28:04 +0800] "POST /xingrg/kc/pszx/mdps_order_operate.html HTTP/1.1" 200 37
120.253.135.82 - - [15/Jan/2024:06:28:05 +0800] "GET /xingrg/kc/pszx/mdps_order_info.html?code=312024011500369 HTTP/1.1" 200 23972
120.253.135.82 - - [15/Jan/2024:06:28:06 +0800] "GET /xingrg/javascript/easyui/themes/default/validatebox.css HTTP/1.1" 404 1104
116.235.93.185 - - [15/Jan/2024:06:28:06 +0800] "GET /xingrg/all/function/internal_message.html?_=1705271623600&CODE_STATE=getMsg HTTP/1.1" 200 27
120.253.135.82 - - [15/Jan/2024:06:28:06 +0800] "POST /xingrg/kc/pszx/mdps_order_operate.html HTTP/1.1" 200 4828
124.77.244.19 - - [15/Jan/2024:06:28:09 +0800] "GET /xingrg/all/function/internal_message.html?_=1705271290892&CODE_STATE=getMsg HTTP/1.1" 200 27
116.232.193.168 - - [15/Jan/2024:06:28:11 +0800] "GET /xingrg/all/function/internal_message.html?_=1705271227728&CODE_STATE=getMsg HTTP/1.1" 200 27
116.232.193.168 - - [15/Jan/2024:06:28:15 +0800] "GET /xingrg/all/function/internal_message.html?_=1705271230840&CODE_STATE=getMsg HTTP/1.1" 200 27
120.253.135.82 - - [15/Jan/2024:06:28:15 +0800] "GET /xingrg/check_reg.html?_=1705271116964 HTTP/1.1" 200 22
124.78.68.102 - - [15/Jan/2024:06:28:16 +0800] "GET /xingrg/all/function/internal_message.html?_=1705271296273&CODE_STATE=getMsg HTTP/1.1" 200 27
114.95.241.104 - - [15/Jan/2024:06:28:20 +0800] "GET /xingrg/all/function/internal_message.html?_=1705271300457&CODE_STATE=getMsg HTTP/1.1" 200 27
114.95.241.104 - - [15/Jan/2024:06:28:24 +0800] "GET /xingrg/all/function/internal_message.html?_=1705271304716&CODE_STATE=getMsg HTTP/1.1" 200 27
116.235.93.185 - - [15/Jan/2024:06:28:24 +0800] "GET /xingrg/check_reg.html?_=1705271641794 HTTP/1.1" 200 22
120.253.135.82 - - [15/Jan/2024:06:28:25 +0800] "GET /xingrg/all/function/internal_message.html?_=1705271126805&CODE_STATE=getMsg HTTP/1.1" 200 27
120.253.135.82 - - [15/Jan/2024:06:28:35 +0800] "POST /xingrg/kc/pszx/mdps_order_operate.html HTTP/1.1" 200 37
180.169.147.146 - - [15/Jan/2024:06:28:35 +0800] "GET /xingrg/all/function/internal_message.html?_=1705271315677&CODE_STATE=getMsg HTTP/1.1" 302 -
120.253.135.82 - - [15/Jan/2024:06:28:37 +0800] "GET /xingrg/kc/pszx/mdps_order_info.html?code=312024011500369 HTTP/1.1" 200 23972
120.253.135.82 - - [15/Jan/2024:06:28:38 +0800] "GET /xingrg/javascript/easyui/themes/default/validatebox.css HTTP/1.1" 404 1104
120.253.135.82 - - [15/Jan/2024:06:28:38 +0800] "POST /xingrg/kc/pszx/mdps_order_operate.html HTTP/1.1" 200 4828
124.78.154.219 - - [15/Jan/2024:06:29:00 +0800] "GET /xingrg/all/function/internal_message.html?_=1705271337527&CODE_STATE=getMsg HTTP/1.1" 200 27
116.235.93.185 - - [15/Jan/2024:06:29:06 +0800] "GET /xingrg/all/function/internal_message.html?_=1705271683572&CODE_STATE=getMsg HTTP/1.1" 200 27
120.253.135.82 - - [15/Jan/2024:06:29:07 +0800] "GET /xingrg/kc/pszx/mdps_order_info.html?code=312024011500369 HTTP/1.1" 200 23972
120.253.135.82 - - [15/Jan/2024:06:29:08 +0800] "GET /xingrg/javascript/easyui/themes/default/validatebox.css HTTP/1.1" 404 1104
120.253.135.82 - - [15/Jan/2024:06:29:08 +0800] "POST /xingrg/kc/pszx/mdps_order_operate.html HTTP/1.1" 200 4828
124.77.244.19 - - [15/Jan/2024:06:29:09 +0800] "GET /xingrg/all/function/internal_message.html?_=1705271350904&CODE_STATE=getMsg HTTP/1.1" 200 27
124.78.154.219 - - [15/Jan/2024:06:29:10 +0800] "GET /xingrg/check_reg.html?_=1705271347311 HTTP/1.1" 200 22
120.253.135.82 - - [15/Jan/2024:06:29:11 +0800] "POST /xingrg/kc/pszx/mdps_list_operate.html HTTP/1.1" 200 3496
116.232.193.168 - - [15/Jan/2024:06:29:11 +0800] "GET /xingrg/all/function/internal_message.html?_=1705271287713&CODE_STATE=getMsg HTTP/1.1" 200 27
120.253.135.82 - - [15/Jan/2024:06:29:13 +0800] "POST /xingrg/kc/pszx/mdps_list_operate.html HTTP/1.1" 200 618
120.253.135.82 - - [15/Jan/2024:06:29:14 +0800] "GET /xingrg/kc/pszx/mdps_order_info.html?code=312024011500370 HTTP/1.1" 200 23972
116.232.193.168 - - [15/Jan/2024:06:29:15 +0800] "GET /xingrg/all/function/internal_message.html?_=1705271290819&CODE_STATE=getMsg HTTP/1.1" 200 27
120.253.135.82 - - [15/Jan/2024:06:29:15 +0800] "GET /xingrg/javascript/easyui/themes/default/validatebox.css HTTP/1.1" 404 1104
120.253.135.82 - - [15/Jan/2024:06:29:15 +0800] "POST /xingrg/kc/pszx/mdps_order_operate.html HTTP/1.1" 200 14927
124.78.68.102 - - [15/Jan/2024:06:29:16 +0800] "GET /xingrg/all/function/internal_message.html?_=1705271356249&CODE_STATE=getMsg HTTP/1.1" 200 27
120.253.135.82 - - [15/Jan/2024:06:29:18 +0800] "POST /xingrg/kc/pszx/mdps_order_operate.html HTTP/1.1" 200 37
120.253.135.82 - - [15/Jan/2024:06:29:19 +0800] "GET /xingrg/kc/pszx/mdps_order_info.html?code=312024011500370 HTTP/1.1" 200 23972
120.253.135.82 - - [15/Jan/2024:06:29:20 +0800] "GET /xingrg/javascript/easyui/themes/default/validatebox.css HTTP/1.1" 404 1104
114.95.241.104 - - [15/Jan/2024:06:29:20 +0800] "GET /xingrg/all/function/internal_message.html?_=1705271360435&CODE_STATE=getMsg HTTP/1.1" 200 27
120.253.135.82 - - [15/Jan/2024:06:29:20 +0800] "POST /xingrg/kc/pszx/mdps_order_operate.html HTTP/1.1" 200 15133
114.95.241.104 - - [15/Jan/2024:06:29:24 +0800] "GET /xingrg/all/function/internal_message.html?_=1705271364727&CODE_STATE=getMsg HTTP/1.1" 200 27
114.95.241.104 - - [15/Jan/2024:06:29:24 +0800] "GET /xingrg/check_reg.html?_=1705271364729 HTTP/1.1" 200 22
120.253.135.82 - - [15/Jan/2024:06:29:25 +0800] "GET /xingrg/all/function/internal_message.html?_=1705271186817&CODE_STATE=getMsg HTTP/1.1" 200 27
124.78.68.102 - - [15/Jan/2024:06:29:34 +0800] "GET /xingrg/check_reg.html?_=1705271374997 HTTP/1.1" 200 22
180.169.147.146 - - [15/Jan/2024:06:29:35 +0800] "GET /xingrg/all/function/internal_message.html?_=1705271375682&CODE_STATE=getMsg HTTP/1.1" 302 -
120.253.135.82 - - [15/Jan/2024:06:29:41 +0800] "POST /xingrg/kc/pszx/mdps_order_operate.html HTTP/1.1" 200 37
120.253.135.82 - - [15/Jan/2024:06:29:42 +0800] "GET /xingrg/kc/pszx/mdps_order_info.html?code=312024011500370 HTTP/1.1" 200 23972
120.253.135.82 - - [15/Jan/2024:06:29:43 +0800] "GET /xingrg/javascript/easyui/themes/default/validatebox.css HTTP/1.1" 404 1104
120.253.135.82 - - [15/Jan/2024:06:29:43 +0800] "POST /xingrg/kc/pszx/mdps_order_operate.html HTTP/1.1" 200 15133
120.253.135.82 - - [15/Jan/2024:06:29:59 +0800] "POST /xingrg/all/common/load_select.html HTTP/1.1" 200 25
124.78.154.219 - - [15/Jan/2024:06:30:00 +0800] "GET /xingrg/all/function/internal_message.html?_=1705271397500&CODE_STATE=getMsg HTTP/1.1" 200 27
120.253.135.82 - - [15/Jan/2024:06:30:02 +0800] "GET /xingrg/kc/pszx/mdps_order_operate.html?command=get_materiel_price&pszx_code=00101&rest_code=00111&base_code=0010246&code=00101016046&unit_code=00100138&order_time=2024-01-16 HTTP/1.1" 200 35
116.235.93.185 - - [15/Jan/2024:06:30:06 +0800] "GET /xingrg/all/function/internal_message.html?_=1705271743541&CODE_STATE=getMsg HTTP/1.1" 200 27
124.77.244.19 - - [15/Jan/2024:06:30:09 +0800] "GET /xingrg/all/function/internal_message.html?_=1705271410919&CODE_STATE=getMsg HTTP/1.1" 200 27
116.232.193.168 - - [15/Jan/2024:06:30:11 +0800] "GET /xingrg/all/function/internal_message.html?_=1705271347690&CODE_STATE=getMsg HTTP/1.1" 200 27
116.232.193.168 - - [15/Jan/2024:06:30:15 +0800] "GET /xingrg/all/function/internal_message.html?_=1705271350818&CODE_STATE=getMsg HTTP/1.1" 200 27
124.78.68.102 - - [15/Jan/2024:06:30:16 +0800] "GET /xingrg/all/function/internal_message.html?_=1705271416239&CODE_STATE=getMsg HTTP/1.1" 200 27
114.95.241.104 - - [15/Jan/2024:06:30:20 +0800] "GET /xingrg/all/function/internal_message.html?_=1705271420415&CODE_STATE=getMsg HTTP/1.1" 200 27
120.253.135.82 - - [15/Jan/2024:06:30:23 +0800] "POST /xingrg/kc/pszx/mdps_order_operate.html HTTP/1.1" 200 37
114.95.241.104 - - [15/Jan/2024:06:30:24 +0800] "GET /xingrg/all/function/internal_message.html?_=1705271424717&CODE_STATE=getMsg HTTP/1.1" 200 27
120.253.135.82 - - [15/Jan/2024:06:30:24 +0800] "GET /xingrg/kc/pszx/mdps_order_info.html?code=312024011500370 HTTP/1.1" 200 23972
120.253.135.82 - - [15/Jan/2024:06:30:25 +0800] "GET /xingrg/javascript/easyui/themes/default/validatebox.css HTTP/1.1" 404 1104
120.253.135.82 - - [15/Jan/2024:06:30:25 +0800] "GET /xingrg/all/function/internal_message.html?_=1705271246830&CODE_STATE=getMsg HTTP/1.1" 200 27
120.253.135.82 - - [15/Jan/2024:06:30:26 +0800] "POST /xingrg/kc/pszx/mdps_order_operate.html HTTP/1.1" 200 15130
114.95.241.104 - - [15/Jan/2024:06:30:32 +0800] "GET /xingrg/check_reg.html?_=1705271431839 HTTP/1.1" 200 22
180.169.147.146 - - [15/Jan/2024:06:30:35 +0800] "GET /xingrg/all/function/internal_message.html?_=1705271435698&CODE_STATE=getMsg HTTP/1.1" 302 -
124.77.244.19 - - [15/Jan/2024:06:31:00 +0800] "GET /xingrg/check_reg.html?_=1705271461010 HTTP/1.1" 200 22
124.78.154.219 - - [15/Jan/2024:06:31:00 +0800] "GET /xingrg/all/function/internal_message.html?_=1705271457475&CODE_STATE=getMsg HTTP/1.1" 200 27
116.235.93.185 - - [15/Jan/2024:06:31:06 +0800] "GET /xingrg/all/function/internal_message.html?_=1705271803510&CODE_STATE=getMsg HTTP/1.1" 200 27
124.77.244.19 - - [15/Jan/2024:06:31:09 +0800] "GET /xingrg/all/function/internal_message.html?_=1705271470932&CODE_STATE=getMsg HTTP/1.1" 200 27
116.232.193.168 - - [15/Jan/2024:06:31:11 +0800] "GET /xingrg/all/function/internal_message.html?_=1705271407676&CODE_STATE=getMsg HTTP/1.1" 200 27
116.232.193.168 - - [15/Jan/2024:06:31:15 +0800] "GET /xingrg/all/function/internal_message.html?_=1705271410799&CODE_STATE=getMsg HTTP/1.1" 200 27
124.78.68.102 - - [15/Jan/2024:06:31:16 +0800] "GET /xingrg/all/function/internal_message.html?_=1705271476218&CODE_STATE=getMsg HTTP/1.1" 200 27
114.95.241.104 - - [15/Jan/2024:06:31:20 +0800] "GET /xingrg/all/function/internal_message.html?_=1705271480404&CODE_STATE=getMsg HTTP/1.1" 200 27
114.95.241.104 - - [15/Jan/2024:06:31:24 +0800] "GET /xingrg/all/function/internal_message.html?_=1705271484732&CODE_STATE=getMsg HTTP/1.1" 200 27
120.253.135.82 - - [15/Jan/2024:06:31:25 +0800] "GET /xingrg/all/function/internal_message.html?_=1705271306844&CODE_STATE=getMsg HTTP/1.1" 200 27
106.55.200.45 - - [15/Jan/2024:06:31:34 +0800] "GET /xingrg/check_reg.html?_=1705264447661 HTTP/1.1" 302 -
106.55.202.186 - - [15/Jan/2024:06:31:34 +0800] "GET /xingrg/login.html HTTP/1.1" 200 7641
180.169.147.146 - - [15/Jan/2024:06:31:35 +0800] "GET /xingrg/all/function/internal_message.html?_=1705271495690&CODE_STATE=getMsg HTTP/1.1" 302 -
124.78.154.219 - - [15/Jan/2024:06:32:00 +0800] "GET /xingrg/all/function/internal_message.html?_=1705271517445&CODE_STATE=getMsg HTTP/1.1" 200 27
116.235.93.185 - - [15/Jan/2024:06:32:06 +0800] "GET /xingrg/all/function/internal_message.html?_=1705271863482&CODE_STATE=getMsg HTTP/1.1" 200 27
124.77.244.19 - - [15/Jan/2024:06:32:10 +0800] "GET /xingrg/all/function/internal_message.html?_=1705271530946&CODE_STATE=getMsg HTTP/1.1" 200 27
116.232.193.168 - - [15/Jan/2024:06:32:11 +0800] "GET /xingrg/all/function/internal_message.html?_=1705271467650&CODE_STATE=getMsg HTTP/1.1" 200 27
120.253.135.82 - - [15/Jan/2024:06:32:12 +0800] "POST /xingrg/kc/pszx/mdps_order_operate.html HTTP/1.1" 200 37
120.253.135.82 - - [15/Jan/2024:06:32:14 +0800] "GET /xingrg/kc/pszx/mdps_order_info.html?code=312024011500370 HTTP/1.1" 200 23972
120.253.135.82 - - [15/Jan/2024:06:32:15 +0800] "GET /xingrg/javascript/easyui/themes/default/validatebox.css HTTP/1.1" 404 1104
116.232.193.168 - - [15/Jan/2024:06:32:15 +0800] "GET /xingrg/all/function/internal_message.html?_=1705271470792&CODE_STATE=getMsg HTTP/1.1" 200 27
120.253.135.82 - - [15/Jan/2024:06:32:15 +0800] "POST /xingrg/kc/pszx/mdps_order_operate.html HTTP/1.1" 200 15130
124.78.68.102 - - [15/Jan/2024:06:32:16 +0800] "GET /xingrg/all/function/internal_message.html?_=1705271536203&CODE_STATE=getMsg HTTP/1.1" 200 27
120.253.135.82 - - [15/Jan/2024:06:32:16 +0800] "POST /xingrg/kc/pszx/mdps_list_operate.html HTTP/1.1" 200 3497
120.253.135.82 - - [15/Jan/2024:06:32:18 +0800] "POST /xingrg/kc/pszx/mdps_list_operate.html HTTP/1.1" 200 582
114.95.241.104 - - [15/Jan/2024:06:32:20 +0800] "GET /xingrg/all/function/internal_message.html?_=1705271540391&CODE_STATE=getMsg HTTP/1.1" 200 27
116.232.193.168 - - [15/Jan/2024:06:32:21 +0800] "GET /xingrg/check_reg.html?_=1705271477021 HTTP/1.1" 200 22
120.253.135.82 - - [15/Jan/2024:06:32:21 +0800] "GET /xingrg/kc/pszx/mdps_order_info.html?code=312024011500371 HTTP/1.1" 200 23972
120.253.135.82 - - [15/Jan/2024:06:32:21 +0800] "GET /xingrg/javascript/easyui/themes/default/validatebox.css HTTP/1.1" 404 1104
120.253.135.82 - - [15/Jan/2024:06:32:22 +0800] "POST /xingrg/kc/pszx/mdps_order_operate.html HTTP/1.1" 200 6661
120.253.135.82 - - [15/Jan/2024:06:32:23 +0800] "POST /xingrg/all/common/load_combo.html?type=base HTTP/1.1" 200 1169
114.95.241.104 - - [15/Jan/2024:06:32:24 +0800] "GET /xingrg/all/function/internal_message.html?_=1705271544731&CODE_STATE=getMsg HTTP/1.1" 200 27
120.253.135.82 - - [15/Jan/2024:06:32:25 +0800] "GET /xingrg/all/function/internal_message.html?_=1705271366861&CODE_STATE=getMsg HTTP/1.1" 200 27
120.253.135.82 - - [15/Jan/2024:06:32:28 +0800] "POST /xingrg/kc/pszx/mdps_order_operate.html HTTP/1.1" 200 37
120.253.135.82 - - [15/Jan/2024:06:32:29 +0800] "GET /xingrg/kc/pszx/mdps_order_info.html?code=312024011500371 HTTP/1.1" 200 23972
120.253.135.82 - - [15/Jan/2024:06:32:30 +0800] "GET /xingrg/javascript/easyui/themes/default/validatebox.css HTTP/1.1" 404 1104
120.253.135.82 - - [15/Jan/2024:06:32:31 +0800] "POST /xingrg/kc/pszx/mdps_order_operate.html HTTP/1.1" 200 6741
116.232.193.168 - - [15/Jan/2024:06:32:33 +0800] "GET /xingrg/check_reg.html?_=1705271488936 HTTP/1.1" 200 22
180.169.147.146 - - [15/Jan/2024:06:32:35 +0800] "GET /xingrg/check_reg.html?_=1705271555680 HTTP/1.1" 302 -
180.169.147.146 - - [15/Jan/2024:06:32:35 +0800] "GET /xingrg/all/function/internal_message.html?_=1705271555683&CODE_STATE=getMsg HTTP/1.1" 302 -
120.253.135.82 - - [15/Jan/2024:06:32:45 +0800] "GET /xingrg/kc/pszx/mdps_order_operate.html?command=get_materiel&pszx_code=00101&rest_code=00111&base_code=0010250&code=00102002287 HTTP/1.1" 200 439
124.78.154.219 - - [15/Jan/2024:06:33:00 +0800] "GET /xingrg/all/function/internal_message.html?_=1705271577417&CODE_STATE=getMsg HTTP/1.1" 200 27
116.235.93.185 - - [15/Jan/2024:06:33:06 +0800] "GET /xingrg/all/function/internal_message.html?_=1705271923453&CODE_STATE=getMsg HTTP/1.1" 200 27
124.77.244.19 - - [15/Jan/2024:06:33:10 +0800] "GET /xingrg/all/function/internal_message.html?_=1705271590980&CODE_STATE=getMsg HTTP/1.1" 200 27
116.232.193.168 - - [15/Jan/2024:06:33:11 +0800] "GET /xingrg/all/function/internal_message.html?_=1705271527643&CODE_STATE=getMsg HTTP/1.1" 200 27
116.232.193.168 - - [15/Jan/2024:06:33:14 +0800] "GET /xingrg/all/function/internal_message.html?_=1705271530772&CODE_STATE=getMsg HTTP/1.1" 200 27
120.253.135.82 - - [15/Jan/2024:06:33:15 +0800] "GET /xingrg/check_reg.html?_=1705271416974 HTTP/1.1" 200 22
124.78.68.102 - - [15/Jan/2024:06:33:16 +0800] "GET /xingrg/all/function/internal_message.html?_=1705271596173&CODE_STATE=getMsg HTTP/1.1" 200 27
120.253.135.82 - - [15/Jan/2024:06:33:17 +0800] "GET /xingrg/kc/pszx/mdps_order_operate.html?command=get_materiel&pszx_code=00101&rest_code=00111&base_code=0010250&code=00102002114 HTTP/1.1" 200 462
114.95.241.104 - - [15/Jan/2024:06:33:20 +0800] "GET /xingrg/all/function/internal_message.html?_=1705271600384&CODE_STATE=getMsg HTTP/1.1" 200 27
114.95.241.104 - - [15/Jan/2024:06:33:24 +0800] "GET /xingrg/all/function/internal_message.html?_=1705271604725&CODE_STATE=getMsg HTTP/1.1" 200 27
116.235.93.185 - - [15/Jan/2024:06:33:24 +0800] "GET /xingrg/check_reg.html?_=1705271941764 HTTP/1.1" 200 22
120.253.135.82 - - [15/Jan/2024:06:33:25 +0800] "GET /xingrg/all/function/internal_message.html?_=1705271426872&CODE_STATE=getMsg HTTP/1.1" 200 27
120.253.135.82 - - [15/Jan/2024:06:33:30 +0800] "POST /xingrg/kc/pszx/mdps_order_operate.html HTTP/1.1" 200 37
120.253.135.82 - - [15/Jan/2024:06:33:32 +0800] "GET /xingrg/kc/pszx/mdps_order_info.html?code=312024011500371 HTTP/1.1" 200 23972
120.253.135.82 - - [15/Jan/2024:06:33:33 +0800] "GET /xingrg/javascript/easyui/themes/default/validatebox.css HTTP/1.1" 404 1104
120.253.135.82 - - [15/Jan/2024:06:33:33 +0800] "POST /xingrg/kc/pszx/mdps_order_operate.html HTTP/1.1" 200 6773
180.169.147.146 - - [15/Jan/2024:06:33:35 +0800] "GET /xingrg/all/function/internal_message.html?_=1705271615701&CODE_STATE=getMsg HTTP/1.1" 302 -
120.253.135.82 - - [15/Jan/2024:06:33:36 +0800] "POST /xingrg/kc/pszx/mdps_list_operate.html HTTP/1.1" 200 3497
106.55.200.246 - - [15/Jan/2024:06:33:36 +0800] "GET /xingrg/all/function/internal_message.html?_=1705265160092&CODE_STATE=getMsg HTTP/1.1" 302 -
120.253.135.82 - - [15/Jan/2024:06:33:37 +0800] "POST /xingrg/kc/pszx/mdps_list_operate.html HTTP/1.1" 200 202
106.55.200.246 - - [15/Jan/2024:06:33:39 +0800] "GET /xingrg/login.html HTTP/1.1" 200 7641
120.253.135.82 - - [15/Jan/2024:06:33:41 +0800] "GET /xingrg/kc/pszx/mdps_order_info.html?code=312024011500372 HTTP/1.1" 200 23972
120.253.135.82 - - [15/Jan/2024:06:33:41 +0800] "GET /xingrg/javascript/easyui/themes/default/validatebox.css HTTP/1.1" 404 1104
120.253.135.82 - - [15/Jan/2024:06:33:42 +0800] "POST /xingrg/kc/pszx/mdps_order_operate.html HTTP/1.1" 200 2276
120.253.135.82 - - [15/Jan/2024:06:33:44 +0800] "POST /xingrg/kc/pszx/mdps_order_operate.html HTTP/1.1" 200 37
120.253.135.82 - - [15/Jan/2024:06:33:45 +0800] "GET /xingrg/kc/pszx/mdps_order_info.html?code=312024011500372 HTTP/1.1" 200 23972
120.253.135.82 - - [15/Jan/2024:06:33:46 +0800] "GET /xingrg/javascript/easyui/themes/default/validatebox.css HTTP/1.1" 404 1104
120.253.135.82 - - [15/Jan/2024:06:33:47 +0800] "POST /xingrg/kc/pszx/mdps_order_operate.html HTTP/1.1" 200 2284
120.253.135.82 - - [15/Jan/2024:06:33:49 +0800] "POST /xingrg/kc/pszx/mdps_list_operate.html HTTP/1.1" 200 3497
120.253.135.82 - - [15/Jan/2024:06:33:50 +0800] "POST /xingrg/kc/pszx/mdps_list_operate.html HTTP/1.1" 200 377
120.253.135.82 - - [15/Jan/2024:06:33:53 +0800] "GET /xingrg/kc/pszx/mdps_order_info.html?code=312024011500373 HTTP/1.1" 200 23972
120.253.135.82 - - [15/Jan/2024:06:33:53 +0800] "GET /xingrg/javascript/easyui/themes/default/validatebox.css HTTP/1.1" 404 1104
120.253.135.82 - - [15/Jan/2024:06:33:54 +0800] "POST /xingrg/kc/pszx/mdps_order_operate.html HTTP/1.1" 200 3286
120.253.135.82 - - [15/Jan/2024:06:33:58 +0800] "POST /xingrg/kc/pszx/mdps_order_operate.html HTTP/1.1" 200 37
120.253.135.82 - - [15/Jan/2024:06:34:00 +0800] "GET /xingrg/kc/pszx/mdps_order_info.html?code=312024011500373 HTTP/1.1" 200 23972
124.78.154.219 - - [15/Jan/2024:06:34:00 +0800] "GET /xingrg/all/function/internal_message.html?_=1705271637389&CODE_STATE=getMsg HTTP/1.1" 200 27
120.253.135.82 - - [15/Jan/2024:06:34:01 +0800] "GET /xingrg/javascript/easyui/themes/default/validatebox.css HTTP/1.1" 404 1104
120.253.135.82 - - [15/Jan/2024:06:34:01 +0800] "POST /xingrg/kc/pszx/mdps_order_operate.html HTTP/1.1" 200 3309
116.235.93.185 - - [15/Jan/2024:06:34:06 +0800] "GET /xingrg/all/function/internal_message.html?_=1705271983422&CODE_STATE=getMsg HTTP/1.1" 200 27
124.77.244.19 - - [15/Jan/2024:06:34:10 +0800] "GET /xingrg/all/function/internal_message.html?_=1705271650988&CODE_STATE=getMsg HTTP/1.1" 200 27
120.253.135.82 - - [15/Jan/2024:06:34:10 +0800] "GET /xingrg/kc/pszx/mdps_order_operate.html?command=get_materiel&pszx_code=00101&rest_code=00111&base_code=0010246&code=00101019812 HTTP/1.1" 200 465
124.78.154.219 - - [15/Jan/2024:06:34:10 +0800] "GET /xingrg/check_reg.html?_=1705271647299 HTTP/1.1" 200 22
116.232.193.168 - - [15/Jan/2024:06:34:11 +0800] "GET /xingrg/all/function/internal_message.html?_=1705271587615&CODE_STATE=getMsg HTTP/1.1" 200 27
116.232.193.168 - - [15/Jan/2024:06:34:14 +0800] "GET /xingrg/all/function/internal_message.html?_=1705271590753&CODE_STATE=getMsg HTTP/1.1" 200 27
124.78.68.102 - - [15/Jan/2024:06:34:16 +0800] "GET /xingrg/all/function/internal_message.html?_=1705271656152&CODE_STATE=getMsg HTTP/1.1" 200 27
114.95.241.104 - - [15/Jan/2024:06:34:20 +0800] "GET /xingrg/all/function/internal_message.html?_=1705271660361&CODE_STATE=getMsg HTTP/1.1" 200 27
114.95.241.104 - - [15/Jan/2024:06:34:24 +0800] "GET /xingrg/all/function/internal_message.html?_=1705271664715&CODE_STATE=getMsg HTTP/1.1" 200 27
114.95.241.104 - - [15/Jan/2024:06:34:24 +0800] "GET /xingrg/check_reg.html?_=1705271664717 HTTP/1.1" 200 22
120.253.135.82 - - [15/Jan/2024:06:34:25 +0800] "GET /xingrg/all/function/internal_message.html?_=1705271486885&CODE_STATE=getMsg HTTP/1.1" 200 27
124.78.68.102 - - [15/Jan/2024:06:34:34 +0800] "GET /xingrg/check_reg.html?_=1705271674975 HTTP/1.1" 200 22
120.253.135.82 - - [15/Jan/2024:06:34:34 +0800] "POST /xingrg/kc/pszx/mdps_order_operate.html HTTP/1.1" 200 37
180.169.147.146 - - [15/Jan/2024:06:34:35 +0800] "GET /xingrg/all/function/internal_message.html?_=1705271675691&CODE_STATE=getMsg HTTP/1.1" 302 -
120.253.135.82 - - [15/Jan/2024:06:34:36 +0800] "GET /xingrg/kc/pszx/mdps_order_info.html?code=312024011500373 HTTP/1.1" 200 23972
120.253.135.82 - - [15/Jan/2024:06:34:37 +0800] "GET /xingrg/javascript/easyui/themes/default/validatebox.css HTTP/1.1" 404 1104
120.253.135.82 - - [15/Jan/2024:06:34:37 +0800] "POST /xingrg/kc/pszx/mdps_order_operate.html HTTP/1.1" 200 3315
120.253.135.82 - - [15/Jan/2024:06:34:38 +0800] "POST /xingrg/kc/pszx/mdps_list_operate.html HTTP/1.1" 200 3497
120.253.135.82 - - [15/Jan/2024:06:34:40 +0800] "POST /xingrg/kc/pszx/mdps_list_operate.html HTTP/1.1" 200 212
120.253.135.82 - - [15/Jan/2024:06:34:45 +0800] "POST /xingrg/kc/pszx/mdps_list_operate.html HTTP/1.1" 200 587
120.253.135.82 - - [15/Jan/2024:06:34:46 +0800] "GET /xingrg/kc/pszx/mdps_order_info.html?code=312024011500371 HTTP/1.1" 200 23972
120.253.135.82 - - [15/Jan/2024:06:34:47 +0800] "GET /xingrg/javascript/easyui/themes/default/validatebox.css HTTP/1.1" 404 1104
