180.169.147.146 - - [15/Jan/2024:10:00:43 +0800] "GET /xingrg/servlets/image?cache=0.5180235334595855&image=px HTTP/1.1" 200 807
180.169.147.146 - - [15/Jan/2024:10:00:45 +0800] "GET /xingrg/all/function/internal_message.html?_=1705284045578&CODE_STATE=getMsg HTTP/1.1" 200 27
180.169.147.146 - - [15/Jan/2024:10:00:45 +0800] "GET /xingrg/check_reg.html?_=1705284045581 HTTP/1.1" 200 22
180.169.147.146 - - [15/Jan/2024:10:00:45 +0800] "GET /xingrg/all/function/internal_message.html?_=1705284044789&CODE_STATE=getMsg HTTP/1.1" 200 27
180.169.147.146 - - [15/Jan/2024:10:00:46 +0800] "POST /xingrg/all/report/load_report_page.html HTTP/1.1" 200 19776
180.169.147.146 - - [15/Jan/2024:10:00:46 +0800] "GET /xingrg/servlets/image?cache=0.24573073848718097&image=px HTTP/1.1" 200 807
101.228.146.191 - - [15/Jan/2024:10:00:48 +0800] "GET /xingrg/all/function/internal_message.html?_=1705284046601&CODE_STATE=getMsg HTTP/1.1" 200 27
222.69.134.207 - - [15/Jan/2024:10:00:48 +0800] "GET /xingrg/all/function/internal_message.html?_=1705284050053&CODE_STATE=getMsg HTTP/1.1" 200 27
116.230.123.222 - - [15/Jan/2024:10:00:48 +0800] "GET /xingrg/all/function/internal_message.html?_=1705284048957&CODE_STATE=getMsg HTTP/1.1" 200 27
116.232.193.168 - - [15/Jan/2024:10:00:50 +0800] "GET /xingrg/all/function/internal_message.html?_=1705283986363&CODE_STATE=getMsg HTTP/1.1" 200 27
114.83.220.51 - - [15/Jan/2024:10:00:51 +0800] "GET /xingrg/all/function/internal_message.html?_=1705284051263&CODE_STATE=getMsg HTTP/1.1" 200 27
114.83.220.51 - - [15/Jan/2024:10:00:51 +0800] "GET /xingrg/check_reg.html?_=1705284051267 HTTP/1.1" 200 22
180.169.147.146 - - [15/Jan/2024:10:00:52 +0800] "GET /xingrg/all/function/internal_message.html?_=1705284051957&CODE_STATE=getMsg HTTP/1.1" 200 27
180.169.147.146 - - [15/Jan/2024:10:00:52 +0800] "GET /xingrg/check_reg.html?_=1705284051960 HTTP/1.1" 200 22
124.78.154.219 - - [15/Jan/2024:10:00:52 +0800] "GET /xingrg/all/function/internal_message.html?_=1705284049368&CODE_STATE=getMsg HTTP/1.1" 200 27
120.253.135.82 - - [15/Jan/2024:10:01:00 +0800] "GET /xingrg/all/function/internal_message.html?_=1705283881818&CODE_STATE=getMsg HTTP/1.1" 200 27
116.235.93.185 - - [15/Jan/2024:10:01:01 +0800] "GET /xingrg/all/function/internal_message.html?_=1705284398609&CODE_STATE=getMsg HTTP/1.1" 200 27
116.232.193.168 - - [15/Jan/2024:10:01:08 +0800] "GET /xingrg/all/function/internal_message.html?_=1705284003860&CODE_STATE=getMsg HTTP/1.1" 200 27
116.232.193.168 - - [15/Jan/2024:10:01:11 +0800] "GET /xingrg/all/function/internal_message.html?_=1705284007182&CODE_STATE=getMsg HTTP/1.1" 200 27
114.95.241.104 - - [15/Jan/2024:10:01:13 +0800] "GET /xingrg/all/function/internal_message.html?_=1705284073316&CODE_STATE=getMsg HTTP/1.1" 200 27
114.95.241.104 - - [15/Jan/2024:10:01:17 +0800] "GET /xingrg/all/function/internal_message.html?_=1705284076847&CODE_STATE=getMsg HTTP/1.1" 200 27
116.232.193.168 - - [15/Jan/2024:10:01:17 +0800] "GET /xingrg/all/function/internal_message.html?_=1705284012896&CODE_STATE=getMsg HTTP/1.1" 200 27
180.164.1.25 - - [15/Jan/2024:10:01:17 +0800] "GET /xingrg/all/function/internal_message.html?_=1705284076736&CODE_STATE=getMsg HTTP/1.1" 200 27
124.78.68.102 - - [15/Jan/2024:10:01:19 +0800] "GET /xingrg/all/function/internal_message.html?_=1705284079610&CODE_STATE=getMsg HTTP/1.1" 200 27
218.81.65.124 - - [15/Jan/2024:10:01:21 +0800] "GET /xingrg/all/function/internal_message.html?_=1705284081419&CODE_STATE=getMsg HTTP/1.1" 200 27
218.81.65.124 - - [15/Jan/2024:10:01:21 +0800] "GET /xingrg/check_reg.html?_=1705284081513 HTTP/1.1" 200 22
222.70.115.1 - - [15/Jan/2024:10:01:22 +0800] "GET /xingrg/all/function/internal_message.html?_=1705284082338&CODE_STATE=getMsg HTTP/1.1" 302 -
114.95.241.104 - - [15/Jan/2024:10:01:24 +0800] "GET /xingrg/all/function/internal_message.html?_=1705284084748&CODE_STATE=getMsg HTTP/1.1" 200 27
101.83.145.37 - - [15/Jan/2024:10:01:32 +0800] "GET /xingrg/all/function/internal_message.html?_=1705284094087&CODE_STATE=getMsg HTTP/1.1" 200 27
101.83.145.37 - - [15/Jan/2024:10:01:32 +0800] "GET /xingrg/check_reg.html?_=1705284094090 HTTP/1.1" 200 22
120.253.135.82 - - [15/Jan/2024:10:01:43 +0800] "POST /xingrg/kc/pszx/mdps_list_operate.html HTTP/1.1" 200 5972
180.169.147.146 - - [15/Jan/2024:10:01:45 +0800] "POST /xingrg/all/report/report_print.html HTTP/1.1" 200 6144
180.169.147.146 - - [15/Jan/2024:10:01:45 +0800] "GET /xingrg/all/function/internal_message.html?_=1705284105572&CODE_STATE=getMsg HTTP/1.1" 200 27
180.169.147.146 - - [15/Jan/2024:10:01:46 +0800] "GET /xingrg/all/function/internal_message.html?_=1705284105152&CODE_STATE=getMsg HTTP/1.1" 200 27
120.253.135.82 - - [15/Jan/2024:10:01:46 +0800] "POST /xingrg/kc/pszx/mdps_list_operate.html HTTP/1.1" 200 5972
120.253.135.82 - - [15/Jan/2024:10:01:46 +0800] "GET /xingrg/kc/pszx/mdqp_order_list.html?state=10 HTTP/1.1" 200 10757
120.253.135.82 - - [15/Jan/2024:10:01:46 +0800] "GET /xingrg/dwr/interface/AjaxQqpsService.js HTTP/1.1" 200 16326
120.253.135.82 - - [15/Jan/2024:10:01:46 +0800] "GET /xingrg/dwr/interface/AjaxReportQueryService.js HTTP/1.1" 200 13203
120.253.135.82 - - [15/Jan/2024:10:01:46 +0800] "GET /xingrg/dwr/util.js HTTP/1.1" 304 -
120.253.135.82 - - [15/Jan/2024:10:01:46 +0800] "GET /xingrg/dwr/engine.js HTTP/1.1" 200 43631
120.253.135.82 - - [15/Jan/2024:10:01:46 +0800] "GET /xingrg/javascript/Calendar.js HTTP/1.1" 304 -
101.228.146.191 - - [15/Jan/2024:10:01:48 +0800] "GET /xingrg/all/function/internal_message.html?_=1705284106585&CODE_STATE=getMsg HTTP/1.1" 200 27
222.69.134.207 - - [15/Jan/2024:10:01:48 +0800] "GET /xingrg/all/function/internal_message.html?_=1705284110050&CODE_STATE=getMsg HTTP/1.1" 200 27
222.69.134.207 - - [15/Jan/2024:10:01:48 +0800] "GET /xingrg/check_reg.html?_=1705284110053 HTTP/1.1" 200 22
116.230.123.222 - - [15/Jan/2024:10:01:48 +0800] "GET /xingrg/all/function/internal_message.html?_=1705284108946&CODE_STATE=getMsg HTTP/1.1" 200 27
116.232.193.168 - - [15/Jan/2024:10:01:50 +0800] "GET /xingrg/all/function/internal_message.html?_=1705284046348&CODE_STATE=getMsg HTTP/1.1" 200 27
114.83.220.51 - - [15/Jan/2024:10:01:51 +0800] "GET /xingrg/all/function/internal_message.html?_=1705284111246&CODE_STATE=getMsg HTTP/1.1" 200 27
180.169.147.146 - - [15/Jan/2024:10:01:52 +0800] "GET /xingrg/all/function/internal_message.html?_=1705284111963&CODE_STATE=getMsg HTTP/1.1" 200 27
120.253.135.82 - - [15/Jan/2024:10:01:52 +0800] "GET /xingrg/kc/pszx/mdqp_order_info.html?code=302024011500276 HTTP/1.1" 200 13350
120.253.135.82 - - [15/Jan/2024:10:01:52 +0800] "GET /xingrg/dwr/interface/AjaxQqpsService.js HTTP/1.1" 200 16326
120.253.135.82 - - [15/Jan/2024:10:01:52 +0800] "GET /xingrg/javascript/tools/jquery.qtip-1.0.0-rc3.min.js HTTP/1.1" 304 -
120.253.135.82 - - [15/Jan/2024:10:01:52 +0800] "GET /xingrg/javascript/checkform.js HTTP/1.1" 304 -
120.253.135.82 - - [15/Jan/2024:10:01:52 +0800] "GET /xingrg/dwr/engine.js HTTP/1.1" 200 43631
120.253.135.82 - - [15/Jan/2024:10:01:52 +0800] "GET /xingrg/javascript/AjaxInfoList.js HTTP/1.1" 304 -
120.253.135.82 - - [15/Jan/2024:10:01:52 +0800] "GET /xingrg/dwr/interface/AjaxComOrderService.js HTTP/1.1" 200 18264
120.253.135.82 - - [15/Jan/2024:10:01:52 +0800] "GET /xingrg/javascript/Grid.js HTTP/1.1" 304 -
124.78.154.219 - - [15/Jan/2024:10:01:52 +0800] "GET /xingrg/all/function/internal_message.html?_=1705284109371&CODE_STATE=getMsg HTTP/1.1" 200 27
124.78.154.219 - - [15/Jan/2024:10:01:52 +0800] "GET /xingrg/check_reg.html?_=1705284109373 HTTP/1.1" 200 22
120.253.135.82 - - [15/Jan/2024:10:01:52 +0800] "POST /xingrg/dwr/call/plaincall/AjaxQqpsService.loadMaterielItems.dwr HTTP/1.1" 200 335
114.95.241.104 - - [15/Jan/2024:10:01:53 +0800] "POST /xingrg/services/DataTransmitService HTTP/1.1" 200 524
120.253.135.82 - - [15/Jan/2024:10:02:00 +0800] "GET /xingrg/all/function/internal_message.html?_=1705283941818&CODE_STATE=getMsg HTTP/1.1" 200 27
116.235.93.185 - - [15/Jan/2024:10:02:01 +0800] "GET /xingrg/all/function/internal_message.html?_=1705284458587&CODE_STATE=getMsg HTTP/1.1" 200 27
120.253.135.82 - - [15/Jan/2024:10:02:07 +0800] "GET /xingrg/kc/pszx/jzcl_ps.html HTTP/1.1" 200 7683
120.253.135.82 - - [15/Jan/2024:10:02:07 +0800] "GET /xingrg/css/table.css HTTP/1.1" 304 -
120.253.135.82 - - [15/Jan/2024:10:02:07 +0800] "GET /xingrg/javascript/step/step.css HTTP/1.1" 304 -
120.253.135.82 - - [15/Jan/2024:10:02:08 +0800] "POST /xingrg/all/common/load_tree.html?tree=area_rest_tree_json HTTP/1.1" 200 3624
116.232.193.168 - - [15/Jan/2024:10:02:08 +0800] "GET /xingrg/all/function/internal_message.html?_=1705284063845&CODE_STATE=getMsg HTTP/1.1" 200 27
120.253.135.82 - - [15/Jan/2024:10:02:08 +0800] "POST /xingrg/kc/pszx/jzcl_ps_operate.html HTTP/1.1" 200 397
120.253.135.82 - - [15/Jan/2024:10:02:08 +0800] "POST /xingrg/kc/pszx/jzcl_ps_operate.html HTTP/1.1" 200 397
116.232.193.168 - - [15/Jan/2024:10:02:11 +0800] "GET /xingrg/all/function/internal_message.html?_=1705284067174&CODE_STATE=getMsg HTTP/1.1" 200 27
114.95.241.104 - - [15/Jan/2024:10:02:13 +0800] "GET /xingrg/all/function/internal_message.html?_=1705284133304&CODE_STATE=getMsg HTTP/1.1" 200 27
120.253.135.82 - - [15/Jan/2024:10:02:14 +0800] "POST /xingrg/kc/pszx/jzcl_ps_operate.html HTTP/1.1" 200 4
120.253.135.82 - - [15/Jan/2024:10:02:14 +0800] "GET /xingrg/javascript/step/images/navBtn.gif HTTP/1.1" 304 -
120.253.135.82 - - [15/Jan/2024:10:02:14 +0800] "GET /xingrg/javascript/step/images/navBtn.gif HTTP/1.1" 304 -
120.253.135.82 - - [15/Jan/2024:10:02:16 +0800] "GET /xingrg/kc/pszx/mdps_order_list.html HTTP/1.1" 200 21036
120.253.135.82 - - [15/Jan/2024:10:02:16 +0800] "POST /xingrg/kc/pszx/jzcl_ps_operate.html HTTP/1.1" 200 21
114.95.241.104 - - [15/Jan/2024:10:02:17 +0800] "GET /xingrg/all/function/internal_message.html?_=1705284136833&CODE_STATE=getMsg HTTP/1.1" 200 27
116.232.193.168 - - [15/Jan/2024:10:02:17 +0800] "GET /xingrg/all/function/internal_message.html?_=1705284072900&CODE_STATE=getMsg HTTP/1.1" 200 27
120.253.135.82 - - [15/Jan/2024:10:02:17 +0800] "POST /xingrg/kc/pszx/mdps_list_operate.html HTTP/1.1" 200 5385
180.164.1.25 - - [15/Jan/2024:10:02:17 +0800] "GET /xingrg/all/function/internal_message.html?_=1705284136725&CODE_STATE=getMsg HTTP/1.1" 200 27
124.78.68.102 - - [15/Jan/2024:10:02:19 +0800] "GET /xingrg/all/function/internal_message.html?_=1705284139591&CODE_STATE=getMsg HTTP/1.1" 200 27
120.253.135.82 - - [15/Jan/2024:10:02:20 +0800] "GET /xingrg/kc/pszx/mdqp_order_list.html?state=10 HTTP/1.1" 200 10319
116.232.193.168 - - [15/Jan/2024:10:02:20 +0800] "GET /xingrg/check_reg.html?_=1705284076401 HTTP/1.1" 200 22
120.253.135.82 - - [15/Jan/2024:10:02:20 +0800] "GET /xingrg/dwr/interface/AjaxReportQueryService.js HTTP/1.1" 200 13203
120.253.135.82 - - [15/Jan/2024:10:02:20 +0800] "GET /xingrg/dwr/interface/AjaxQqpsService.js HTTP/1.1" 200 16326
120.253.135.82 - - [15/Jan/2024:10:02:20 +0800] "GET /xingrg/dwr/engine.js HTTP/1.1" 200 43631
218.81.65.124 - - [15/Jan/2024:10:02:21 +0800] "GET /xingrg/all/function/internal_message.html?_=1705284141406&CODE_STATE=getMsg HTTP/1.1" 200 27
222.70.115.1 - - [15/Jan/2024:10:02:22 +0800] "GET /xingrg/all/function/internal_message.html?_=1705284142342&CODE_STATE=getMsg HTTP/1.1" 302 -
114.95.241.104 - - [15/Jan/2024:10:02:24 +0800] "GET /xingrg/all/function/internal_message.html?_=1705284144747&CODE_STATE=getMsg HTTP/1.1" 200 27
101.83.145.37 - - [15/Jan/2024:10:02:32 +0800] "GET /xingrg/all/function/internal_message.html?_=1705284154085&CODE_STATE=getMsg HTTP/1.1" 200 27
116.232.193.168 - - [15/Jan/2024:10:02:33 +0800] "GET /xingrg/check_reg.html?_=1705284088945 HTTP/1.1" 200 22
180.169.147.146 - - [15/Jan/2024:10:02:45 +0800] "GET /xingrg/all/function/internal_message.html?_=1705284165578&CODE_STATE=getMsg HTTP/1.1" 200 27
120.253.135.82 - - [15/Jan/2024:10:02:46 +0800] "GET /xingrg/kc/pszx/mdps_order_list.html?orderType=0 HTTP/1.1" 200 21036
180.169.147.146 - - [15/Jan/2024:10:02:46 +0800] "GET /xingrg/all/function/internal_message.html?_=1705284165130&CODE_STATE=getMsg HTTP/1.1" 200 27
120.253.135.82 - - [15/Jan/2024:10:02:46 +0800] "POST /xingrg/kc/pszx/mdps_list_operate.html HTTP/1.1" 200 5385
101.228.146.191 - - [15/Jan/2024:10:02:47 +0800] "GET /xingrg/all/function/internal_message.html?_=1705284166584&CODE_STATE=getMsg HTTP/1.1" 200 27
222.69.134.207 - - [15/Jan/2024:10:02:48 +0800] "GET /xingrg/all/function/internal_message.html?_=1705284170055&CODE_STATE=getMsg HTTP/1.1" 200 27
116.230.123.222 - - [15/Jan/2024:10:02:48 +0800] "GET /xingrg/all/function/internal_message.html?_=1705284168950&CODE_STATE=getMsg HTTP/1.1" 200 27
116.232.193.168 - - [15/Jan/2024:10:02:50 +0800] "GET /xingrg/all/function/internal_message.html?_=1705284106321&CODE_STATE=getMsg HTTP/1.1" 200 27
114.83.220.51 - - [15/Jan/2024:10:02:51 +0800] "GET /xingrg/all/function/internal_message.html?_=1705284171248&CODE_STATE=getMsg HTTP/1.1" 200 27
180.169.147.146 - - [15/Jan/2024:10:02:52 +0800] "GET /xingrg/all/function/internal_message.html?_=1705284171957&CODE_STATE=getMsg HTTP/1.1" 200 27
124.78.154.219 - - [15/Jan/2024:10:02:52 +0800] "GET /xingrg/all/function/internal_message.html?_=1705284169372&CODE_STATE=getMsg HTTP/1.1" 200 27
120.253.135.82 - - [15/Jan/2024:10:02:55 +0800] "POST /xingrg/kc/pszx/mdps_list_operate.html HTTP/1.1" 200 3867
120.253.135.82 - - [15/Jan/2024:10:02:57 +0800] "POST /xingrg/kc/pszx/mdps_list_operate.html HTTP/1.1" 200 621
120.253.135.82 - - [15/Jan/2024:10:02:58 +0800] "GET /xingrg/kc/pszx/mdps_order_info.html?code=312024011500369 HTTP/1.1" 200 23972
180.169.147.146 - - [15/Jan/2024:10:02:59 +0800] "GET /xingrg/kc/base/yddb_order_list.html HTTP/1.1" 302 -
180.169.147.146 - - [15/Jan/2024:10:02:59 +0800] "GET /xingrg/login.html HTTP/1.1" 200 7641
180.169.147.146 - - [15/Jan/2024:10:02:59 +0800] "GET /xingrg/login.html HTTP/1.1" 200 7641
120.253.135.82 - - [15/Jan/2024:10:02:59 +0800] "GET /xingrg/check_reg.html?_=1705284000934 HTTP/1.1" 200 22
120.253.135.82 - - [15/Jan/2024:10:02:59 +0800] "GET /xingrg/javascript/easyui/themes/default/validatebox.css HTTP/1.1" 404 1104
180.169.147.146 - - [15/Jan/2024:10:02:59 +0800] "GET /favicon.ico HTTP/1.1" 404 -
120.253.135.82 - - [15/Jan/2024:10:02:59 +0800] "POST /xingrg/kc/pszx/mdps_order_operate.html HTTP/1.1" 200 4828
120.253.135.82 - - [15/Jan/2024:10:03:00 +0800] "GET /xingrg/all/function/internal_message.html?_=1705284001831&CODE_STATE=getMsg HTTP/1.1" 200 27
180.169.147.146 - - [15/Jan/2024:10:03:01 +0800] "POST /xingrg/login.do HTTP/1.1" 302 -
180.169.147.146 - - [15/Jan/2024:10:03:01 +0800] "GET /xingrg/index.html?sysBaseUrl=http%3A%2F%2F180.169.147.146%3A18081%2Fxingrg%2F&costTime=803×tamp=1705284181565 HTTP/1.1" 200 17179
180.169.147.146 - - [15/Jan/2024:10:03:01 +0800] "GET /favicon.ico HTTP/1.1" 404 -
116.235.93.185 - - [15/Jan/2024:10:03:01 +0800] "GET /xingrg/all/function/internal_message.html?_=1705284518560&CODE_STATE=getMsg HTTP/1.1" 200 27
180.169.147.146 - - [15/Jan/2024:10:03:01 +0800] "GET /xingrg/check_reg.html?_=1705284177786 HTTP/1.1" 200 22
180.169.147.146 - - [15/Jan/2024:10:03:01 +0800] "GET /xingrg/all/function/internal_message.html?_=1705284177784&CODE_STATE=count HTTP/1.1" 200 11
180.169.147.146 - - [15/Jan/2024:10:03:01 +0800] "POST /xingrg/all/common/load_tree.html?tree=area_rest_tree_json&manage=1 HTTP/1.1" 200 351
180.169.147.146 - - [15/Jan/2024:10:03:01 +0800] "POST /xingrg/load_menu.html HTTP/1.1" 200 5138
180.169.147.146 - - [15/Jan/2024:10:03:04 +0800] "GET /xingrg/kc/base/yddb_order_list.html HTTP/1.1" 200 16665
180.169.147.146 - - [15/Jan/2024:10:03:04 +0800] "POST /xingrg/kc/base/yddb_list_operate.html HTTP/1.1" 200 636
180.169.147.146 - - [15/Jan/2024:10:03:06 +0800] "POST /xingrg/kc/base/yddb_list_operate.html HTTP/1.1" 200 4362
116.232.193.168 - - [15/Jan/2024:10:03:08 +0800] "GET /xingrg/all/function/internal_message.html?_=1705284123837&CODE_STATE=getMsg HTTP/1.1" 200 27
180.169.147.146 - - [15/Jan/2024:10:03:10 +0800] "POST /xingrg/kc/base/yddb_list_operate.html HTTP/1.1" 200 219
116.232.193.168 - - [15/Jan/2024:10:03:10 +0800] "GET /xingrg/kc/base/base_main.html HTTP/1.1" 200 12142
116.232.193.168 - - [15/Jan/2024:10:03:11 +0800] "GET /xingrg/all/function/internal_message.html?_=1705284127158&CODE_STATE=getMsg HTTP/1.1" 200 27
116.232.193.168 - - [15/Jan/2024:10:03:12 +0800] "GET /xingrg/kc/base/wldb_order_list.html HTTP/1.1" 200 19060
114.95.241.104 - - [15/Jan/2024:10:03:13 +0800] "GET /xingrg/all/function/internal_message.html?_=1705284193308&CODE_STATE=getMsg HTTP/1.1" 200 27
116.232.193.168 - - [15/Jan/2024:10:03:13 +0800] "POST /xingrg/kc/base/wldb_list_operate.html HTTP/1.1" 200 928
180.169.147.146 - - [15/Jan/2024:10:03:15 +0800] "POST /xingrg/kc/base/yddb_list_operate.html HTTP/1.1" 200 206
116.232.193.168 - - [15/Jan/2024:10:03:16 +0800] "GET /xingrg/kc/base/wldb_order_add.html HTTP/1.1" 200 30391
116.232.193.168 - - [15/Jan/2024:10:03:16 +0800] "POST /xingrg/kc/base/wldb_order_operate.html HTTP/1.1" 200 6806
116.232.193.168 - - [15/Jan/2024:10:03:16 +0800] "GET /xingrg/all/common/auto_word.html?type=base&rest_code=00155 HTTP/1.1" 200 1907
116.232.193.168 - - [15/Jan/2024:10:03:16 +0800] "GET /xingrg/javascript/easyui/themes/default/validatebox.css HTTP/1.1" 404 1104
116.232.193.168 - - [15/Jan/2024:10:03:16 +0800] "GET /xingrg/all/common/auto_word.html?type=base&rest_code=00155 HTTP/1.1" 200 1907
114.95.241.104 - - [15/Jan/2024:10:03:17 +0800] "GET /xingrg/all/function/internal_message.html?_=1705284196817&CODE_STATE=getMsg HTTP/1.1" 200 27
180.169.147.146 - - [15/Jan/2024:10:03:17 +0800] "POST /xingrg/kc/base/yddb_list_operate.html HTTP/1.1" 200 212
116.232.193.168 - - [15/Jan/2024:10:03:17 +0800] "GET /xingrg/all/function/internal_message.html?_=1705284132877&CODE_STATE=getMsg HTTP/1.1" 200 27
180.164.1.25 - - [15/Jan/2024:10:03:17 +0800] "GET /xingrg/all/function/internal_message.html?_=1705284196731&CODE_STATE=getMsg HTTP/1.1" 200 27
180.169.147.146 - - [15/Jan/2024:10:03:19 +0800] "POST /xingrg/kc/base/yddb_list_operate.html HTTP/1.1" 200 212
124.78.68.102 - - [15/Jan/2024:10:03:19 +0800] "GET /xingrg/all/function/internal_message.html?_=1705284199575&CODE_STATE=getMsg HTTP/1.1" 200 27
218.81.65.124 - - [15/Jan/2024:10:03:20 +0800] "POST /xingrg/dwr/call/plaincall/AjaxCheckService.checkOrder.dwr HTTP/1.1" 200 80
222.70.115.1 - - [15/Jan/2024:10:03:22 +0800] "GET /xingrg/all/function/internal_message.html?_=1705284202332&CODE_STATE=getMsg HTTP/1.1" 302 -
218.81.65.124 - - [15/Jan/2024:10:03:22 +0800] "GET /xingrg/all/function/internal_message.html?_=1705284202171&CODE_STATE=getMsg HTTP/1.1" 200 27
218.81.65.124 - - [15/Jan/2024:10:03:22 +0800] "GET /xingrg/kc/base/check_order_info.html?code=452024011400118 HTTP/1.1" 200 22850
218.81.65.124 - - [15/Jan/2024:10:03:22 +0800] "GET /xingrg/dwr/interface/AjaxComOrderService.js HTTP/1.1" 200 18264
218.81.65.124 - - [15/Jan/2024:10:03:22 +0800] "GET /xingrg/dwr/interface/AjaxCheckService.js HTTP/1.1" 200 14003
218.81.65.124 - - [15/Jan/2024:10:03:22 +0800] "GET /xingrg/dwr/engine.js HTTP/1.1" 200 43631
218.81.65.124 - - [15/Jan/2024:10:03:22 +0800] "POST /xingrg/dwr/call/plaincall/AjaxCheckService.loadOrderItems.dwr HTTP/1.1" 200 61757
180.169.147.146 - - [15/Jan/2024:10:03:23 +0800] "GET /xingrg/kc/base/yddb_order_info.html?code=482024011400091 HTTP/1.1" 200 31801
180.169.147.146 - - [15/Jan/2024:10:03:23 +0800] "GET /xingrg/dwr/interface/AjaxComOrderService.js HTTP/1.1" 200 18264
180.169.147.146 - - [15/Jan/2024:10:03:23 +0800] "GET /xingrg/dwr/interface/AjaxYddbService.js HTTP/1.1" 200 13201
180.169.147.146 - - [15/Jan/2024:10:03:23 +0800] "GET /xingrg/dwr/engine.js HTTP/1.1" 200 43631
180.169.147.146 - - [15/Jan/2024:10:03:23 +0800] "GET /xingrg/dwr/util.js HTTP/1.1" 304 -
116.235.93.185 - - [15/Jan/2024:10:03:24 +0800] "GET /xingrg/check_reg.html?_=1705284540983 HTTP/1.1" 200 22
180.169.147.146 - - [15/Jan/2024:10:03:24 +0800] "POST /xingrg/dwr/call/plaincall/AjaxYddbService.loadMaterielItems.dwr HTTP/1.1" 200 451
114.95.241.104 - - [15/Jan/2024:10:03:24 +0800] "GET /xingrg/all/function/internal_message.html?_=1705284204748&CODE_STATE=getMsg HTTP/1.1" 200 27
116.232.193.168 - - [15/Jan/2024:10:03:27 +0800] "GET /xingrg/javascript/auto/indicator.gif HTTP/1.1" 404 1066
116.232.193.168 - - [15/Jan/2024:10:03:29 +0800] "GET /xingrg/javascript/jquery_tools/images/prev.gif HTTP/1.1" 404 1086
116.232.193.168 - - [15/Jan/2024:10:03:29 +0800] "GET /xingrg/javascript/jquery_tools/images/next.gif HTTP/1.1" 404 1086
101.83.145.37 - - [15/Jan/2024:10:03:32 +0800] "GET /xingrg/all/function/internal_message.html?_=1705284214094&CODE_STATE=getMsg HTTP/1.1" 200 27
180.169.147.146 - - [15/Jan/2024:10:03:35 +0800] "POST /xingrg/dwr/call/plaincall/AjaxYddbService.saveOrder.dwr HTTP/1.1" 200 78
116.232.193.168 - - [15/Jan/2024:10:03:39 +0800] "GET /xingrg/kc/base/wldb_order_operate.html?command=get_materiel&rest_code=00155&base_code=0010739&code=00101010770 HTTP/1.1" 200 473
180.169.147.146 - - [15/Jan/2024:10:03:41 +0800] "POST /xingrg/dwr/call/plaincall/AjaxYddbService.objCheckOrder.dwr HTTP/1.1" 200 78
180.169.147.146 - - [15/Jan/2024:10:03:43 +0800] "GET /xingrg/kc/base/yddb_order_info.html?code=482024011400091 HTTP/1.1" 200 31922
180.169.147.146 - - [15/Jan/2024:10:03:43 +0800] "GET /xingrg/dwr/interface/AjaxComOrderService.js HTTP/1.1" 200 18264
180.169.147.146 - - [15/Jan/2024:10:03:43 +0800] "GET /xingrg/dwr/interface/AjaxYddbService.js HTTP/1.1" 200 13201
180.169.147.146 - - [15/Jan/2024:10:03:43 +0800] "GET /xingrg/dwr/engine.js HTTP/1.1" 200 43631
180.169.147.146 - - [15/Jan/2024:10:03:43 +0800] "POST /xingrg/dwr/call/plaincall/AjaxYddbService.loadMaterielItems.dwr HTTP/1.1" 200 451
180.169.147.146 - - [15/Jan/2024:10:03:43 +0800] "GET /xingrg/kc/base/yddb_order_list.html?isBack=1 HTTP/1.1" 200 16665
180.169.147.146 - - [15/Jan/2024:10:03:44 +0800] "POST /xingrg/kc/base/yddb_list_operate.html HTTP/1.1" 200 636
116.232.193.168 - - [15/Jan/2024:10:03:45 +0800] "GET /xingrg/kc/base/wldb_order_operate.html?command=get_materiel&rest_code=00155&base_code=0010739&code=00101012077 HTTP/1.1" 200 438
180.169.147.146 - - [15/Jan/2024:10:03:45 +0800] "GET /xingrg/all/function/internal_message.html?_=1705284225579&CODE_STATE=getMsg HTTP/1.1" 200 27
120.253.135.82 - - [15/Jan/2024:10:03:46 +0800] "POST /xingrg/kc/pszx/mdps_list_operate.html HTTP/1.1" 200 618
180.169.147.146 - - [15/Jan/2024:10:03:46 +0800] "GET /xingrg/kc/buy/buy_main.html HTTP/1.1" 200 12412
180.169.147.146 - - [15/Jan/2024:10:03:46 +0800] "GET /xingrg/css/new_ie.css HTTP/1.1" 404 1036
180.169.147.146 - - [15/Jan/2024:10:03:46 +0800] "GET /xingrg/all/function/internal_message.html?_=1705284225114&CODE_STATE=getMsg HTTP/1.1" 200 27
116.232.193.168 - - [15/Jan/2024:10:03:46 +0800] "GET /xingrg/check_reg.html?_=1705284161967 HTTP/1.1" 200 22
180.169.147.146 - - [15/Jan/2024:10:03:46 +0800] "GET /xingrg/images/yd/bt.gif HTTP/1.1" 404 1040
120.253.135.82 - - [15/Jan/2024:10:03:47 +0800] "GET /xingrg/kc/pszx/mdps_order_info.html?code=312024011500370 HTTP/1.1" 200 23972
101.228.146.191 - - [15/Jan/2024:10:03:48 +0800] "GET /xingrg/all/function/internal_message.html?_=1705284226584&CODE_STATE=getMsg HTTP/1.1" 200 27
120.253.135.82 - - [15/Jan/2024:10:03:48 +0800] "GET /xingrg/javascript/easyui/themes/default/validatebox.css HTTP/1.1" 404 1104
180.169.147.146 - - [15/Jan/2024:10:03:48 +0800] "GET /xingrg/kc/buy/cgsh_order_list.html HTTP/1.1" 200 8212
222.69.134.207 - - [15/Jan/2024:10:03:48 +0800] "GET /xingrg/all/function/internal_message.html?_=1705284230044&CODE_STATE=getMsg HTTP/1.1" 200 27
180.169.147.146 - - [15/Jan/2024:10:03:48 +0800] "GET /xingrg/kc/buy/cgsh_order_list.html HTTP/1.1" 200 57171
116.230.123.222 - - [15/Jan/2024:10:03:48 +0800] "GET /xingrg/all/function/internal_message.html?_=1705284228939&CODE_STATE=getMsg HTTP/1.1" 200 27
116.230.123.222 - - [15/Jan/2024:10:03:48 +0800] "GET /xingrg/check_reg.html?_=1705284228942 HTTP/1.1" 200 22
120.253.135.82 - - [15/Jan/2024:10:03:48 +0800] "POST /xingrg/kc/pszx/mdps_order_operate.html HTTP/1.1" 200 14650
116.232.193.168 - - [15/Jan/2024:10:03:50 +0800] "GET /xingrg/all/function/internal_message.html?_=1705284166310&CODE_STATE=getMsg HTTP/1.1" 200 27
114.83.220.51 - - [15/Jan/2024:10:03:51 +0800] "GET /xingrg/all/function/internal_message.html?_=1705284231237&CODE_STATE=getMsg HTTP/1.1" 200 27
180.169.147.146 - - [15/Jan/2024:10:03:52 +0800] "GET /xingrg/all/function/internal_message.html?_=1705284231969&CODE_STATE=getMsg HTTP/1.1" 200 27
116.232.193.168 - - [15/Jan/2024:10:03:52 +0800] "POST /xingrg/kc/base/wldb_order_operate.html HTTP/1.1" 200 37
124.78.154.219 - - [15/Jan/2024:10:03:52 +0800] "GET /xingrg/all/function/internal_message.html?_=1705284229375&CODE_STATE=getMsg HTTP/1.1" 200 27
116.232.193.168 - - [15/Jan/2024:10:03:53 +0800] "POST /xingrg/kc/base/wldb_order_operate.html HTTP/1.1" 200 2693
116.232.193.168 - - [15/Jan/2024:10:03:55 +0800] "GET /xingrg/kc/base/wldb_order_info.html?code=422024011501451 HTTP/1.1" 200 30408
116.232.193.168 - - [15/Jan/2024:10:03:55 +0800] "GET /xingrg/javascript/easyui/themes/default/validatebox.css HTTP/1.1" 404 1104
116.232.193.168 - - [15/Jan/2024:10:03:56 +0800] "POST /xingrg/kc/base/wldb_order_operate.html HTTP/1.1" 200 2693
116.232.193.168 - - [15/Jan/2024:10:03:59 +0800] "GET /xingrg/kc/base/wldb_order_add.html HTTP/1.1" 200 30391
116.232.193.168 - - [15/Jan/2024:10:03:59 +0800] "POST /xingrg/kc/base/wldb_order_operate.html HTTP/1.1" 200 6806
116.232.193.168 - - [15/Jan/2024:10:03:59 +0800] "GET /xingrg/javascript/easyui/themes/default/validatebox.css HTTP/1.1" 404 1104
120.253.135.82 - - [15/Jan/2024:10:04:00 +0800] "GET /xingrg/all/function/internal_message.html?_=1705284061845&CODE_STATE=getMsg HTTP/1.1" 200 27
116.235.93.185 - - [15/Jan/2024:10:04:01 +0800] "GET /xingrg/all/function/internal_message.html?_=1705284578562&CODE_STATE=getMsg HTTP/1.1" 200 27
180.169.147.146 - - [15/Jan/2024:10:04:01 +0800] "GET /xingrg/all/function/internal_message.html?_=1705284237799&CODE_STATE=getMsg HTTP/1.1" 200 27
218.81.65.124 - - [15/Jan/2024:10:04:03 +0800] "GET /xingrg/kc/base/check_order_list.html HTTP/1.1" 200 16179
218.81.65.124 - - [15/Jan/2024:10:04:04 +0800] "POST /xingrg/kc/base/check_list_operate.html HTTP/1.1" 200 2526
116.232.193.168 - - [15/Jan/2024:10:04:08 +0800] "GET /xingrg/all/function/internal_message.html?_=1705284183815&CODE_STATE=getMsg HTTP/1.1" 200 27
116.232.193.168 - - [15/Jan/2024:10:04:11 +0800] "GET /xingrg/all/function/internal_message.html?_=1705284187136&CODE_STATE=getMsg HTTP/1.1" 200 27
116.232.193.168 - - [15/Jan/2024:10:04:13 +0800] "GET /xingrg/kc/base/wldb_order_operate.html?command=get_materiel&rest_code=00155&base_code=0010740&code=00102002304 HTTP/1.1" 200 463
114.95.241.104 - - [15/Jan/2024:10:04:13 +0800] "GET /xingrg/all/function/internal_message.html?_=1705284253324&CODE_STATE=getMsg HTTP/1.1" 200 27
172.20.0.100 - - [15/Jan/2024:10:04:15 +0800] "GET /xingrg/check_reg.html?_=1705284256183 HTTP/1.1" 302 -
114.95.241.104 - - [15/Jan/2024:10:04:17 +0800] "GET /xingrg/all/function/internal_message.html?_=1705284256793&CODE_STATE=getMsg HTTP/1.1" 200 27
116.232.193.168 - - [15/Jan/2024:10:04:17 +0800] "GET /xingrg/all/function/internal_message.html?_=1705284192893&CODE_STATE=getMsg HTTP/1.1" 200 27
180.164.1.25 - - [15/Jan/2024:10:04:17 +0800] "GET /xingrg/all/function/internal_message.html?_=1705284256729&CODE_STATE=getMsg HTTP/1.1" 200 27
124.78.68.102 - - [15/Jan/2024:10:04:19 +0800] "GET /xingrg/all/function/internal_message.html?_=1705284259548&CODE_STATE=getMsg HTTP/1.1" 200 27
124.78.68.102 - - [15/Jan/2024:10:04:19 +0800] "GET /xingrg/check_reg.html?_=1705284259812 HTTP/1.1" 200 22
218.81.65.124 - - [15/Jan/2024:10:04:22 +0800] "GET /xingrg/all/function/internal_message.html?_=1705284262146&CODE_STATE=getMsg HTTP/1.1" 200 27
222.70.115.1 - - [15/Jan/2024:10:04:22 +0800] "GET /xingrg/all/function/internal_message.html?_=1705284262336&CODE_STATE=getMsg HTTP/1.1" 302 -
114.95.241.104 - - [15/Jan/2024:10:04:24 +0800] "GET /xingrg/all/function/internal_message.html?_=1705284264745&CODE_STATE=getMsg HTTP/1.1" 200 27
114.95.241.104 - - [15/Jan/2024:10:04:24 +0800] "GET /xingrg/check_reg.html?_=1705284264750 HTTP/1.1" 200 22
116.232.193.168 - - [15/Jan/2024:10:04:26 +0800] "GET /xingrg/kc/base/wldb_order_operate.html?command=get_materiel&rest_code=00155&base_code=0010740&code=00102002654 HTTP/1.1" 200 428
116.232.193.168 - - [15/Jan/2024:10:04:32 +0800] "GET /xingrg/kc/base/wldb_order_operate.html?command=get_materiel&rest_code=00155&base_code=0010740&code=00102002448 HTTP/1.1" 200 440
101.83.145.37 - - [15/Jan/2024:10:04:32 +0800] "GET /xingrg/all/function/internal_message.html?_=1705284274086&CODE_STATE=getMsg HTTP/1.1" 200 27
180.169.147.146 - - [15/Jan/2024:10:04:41 +0800] "POST /xingrg/kc/buy/cgsh_list_operate.html HTTP/1.1" 200 5988
180.169.147.146 - - [15/Jan/2024:10:04:45 +0800] "GET /xingrg/all/function/internal_message.html?_=1705284285568&CODE_STATE=getMsg HTTP/1.1" 200 27
180.169.147.146 - - [15/Jan/2024:10:04:45 +0800] "GET /xingrg/check_reg.html?_=1705284284792 HTTP/1.1" 200 22
180.169.147.146 - - [15/Jan/2024:10:04:46 +0800] "GET /xingrg/all/function/internal_message.html?_=1705284285092&CODE_STATE=getMsg HTTP/1.1" 200 27
120.253.135.82 - - [15/Jan/2024:10:04:47 +0800] "POST /xingrg/kc/pszx/mdps_list_operate.html HTTP/1.1" 200 3867
101.228.146.191 - - [15/Jan/2024:10:04:48 +0800] "GET /xingrg/all/function/internal_message.html?_=1705284286583&CODE_STATE=getMsg HTTP/1.1" 200 27
101.228.146.191 - - [15/Jan/2024:10:04:48 +0800] "GET /xingrg/check_reg.html?_=1705284286584 HTTP/1.1" 200 22
222.69.134.207 - - [15/Jan/2024:10:04:48 +0800] "GET /xingrg/all/function/internal_message.html?_=1705284290061&CODE_STATE=getMsg HTTP/1.1" 200 27
116.230.123.222 - - [15/Jan/2024:10:04:48 +0800] "GET /xingrg/all/function/internal_message.html?_=1705284288946&CODE_STATE=getMsg HTTP/1.1" 200 27
120.253.135.82 - - [15/Jan/2024:10:04:49 +0800] "POST /xingrg/kc/pszx/mdps_list_operate.html HTTP/1.1" 200 587
116.232.193.168 - - [15/Jan/2024:10:04:50 +0800] "GET /xingrg/all/function/internal_message.html?_=1705284226288&CODE_STATE=getMsg HTTP/1.1" 200 27
120.253.135.82 - - [15/Jan/2024:10:04:50 +0800] "GET /xingrg/kc/pszx/mdps_order_info.html?code=312024011500371 HTTP/1.1" 200 23972
114.83.220.51 - - [15/Jan/2024:10:04:51 +0800] "GET /xingrg/all/function/internal_message.html?_=1705284291242&CODE_STATE=getMsg HTTP/1.1" 200 27
120.253.135.82 - - [15/Jan/2024:10:04:51 +0800] "GET /xingrg/javascript/easyui/themes/default/validatebox.css HTTP/1.1" 404 1104
120.253.135.82 - - [15/Jan/2024:10:04:51 +0800] "POST /xingrg/kc/pszx/mdps_order_operate.html HTTP/1.1" 200 7277
180.169.147.146 - - [15/Jan/2024:10:04:52 +0800] "GET /xingrg/all/function/internal_message.html?_=1705284291974&CODE_STATE=getMsg HTTP/1.1" 200 27
124.78.154.219 - - [15/Jan/2024:10:04:52 +0800] "GET /xingrg/all/function/internal_message.html?_=1705284289360&CODE_STATE=getMsg HTTP/1.1" 200 27
120.253.135.82 - - [15/Jan/2024:10:05:00 +0800] "GET /xingrg/all/function/internal_message.html?_=1705284121858&CODE_STATE=getMsg HTTP/1.1" 200 27
116.235.93.185 - - [15/Jan/2024:10:05:01 +0800] "GET /xingrg/all/function/internal_message.html?_=1705284638544&CODE_STATE=getMsg HTTP/1.1" 200 27
180.169.147.146 - - [15/Jan/2024:10:05:01 +0800] "GET /xingrg/all/function/internal_message.html?_=1705284297804&CODE_STATE=getMsg HTTP/1.1" 200 27
116.232.193.168 - - [15/Jan/2024:10:05:08 +0800] "GET /xingrg/all/function/internal_message.html?_=1705284243788&CODE_STATE=getMsg HTTP/1.1" 200 27
120.253.135.82 - - [15/Jan/2024:10:05:10 +0800] "POST /xingrg/kc/pszx/mdps_order_operate.html HTTP/1.1" 200 37
116.232.193.168 - - [15/Jan/2024:10:05:11 +0800] "GET /xingrg/all/function/internal_message.html?_=1705284247120&CODE_STATE=getMsg HTTP/1.1" 200 27
120.253.135.82 - - [15/Jan/2024:10:05:11 +0800] "GET /xingrg/kc/pszx/mdps_order_info.html?code=312024011500371 HTTP/1.1" 200 23972
116.232.193.168 - - [15/Jan/2024:10:05:12 +0800] "POST /xingrg/kc/base/wldb_order_operate.html HTTP/1.1" 200 37
120.253.135.82 - - [15/Jan/2024:10:05:12 +0800] "GET /xingrg/javascript/easyui/themes/default/validatebox.css HTTP/1.1" 404 1104
120.253.135.82 - - [15/Jan/2024:10:05:12 +0800] "POST /xingrg/kc/pszx/mdps_order_operate.html HTTP/1.1" 200 6779
116.232.193.168 - - [15/Jan/2024:10:05:13 +0800] "POST /xingrg/kc/base/wldb_order_operate.html HTTP/1.1" 200 2206
114.95.241.104 - - [15/Jan/2024:10:05:13 +0800] "GET /xingrg/check_reg.html?_=1705284313319 HTTP/1.1" 200 22
114.95.241.104 - - [15/Jan/2024:10:05:13 +0800] "GET /xingrg/all/function/internal_message.html?_=1705284313320&CODE_STATE=getMsg HTTP/1.1" 200 27
120.253.135.82 - - [15/Jan/2024:10:05:14 +0800] "POST /xingrg/kc/pszx/mdps_list_operate.html HTTP/1.1" 200 3867
116.232.193.168 - - [15/Jan/2024:10:05:15 +0800] "GET /xingrg/kc/base/wldb_order_info.html?code=422024011501452 HTTP/1.1" 200 30405
116.232.193.168 - - [15/Jan/2024:10:05:15 +0800] "GET /xingrg/javascript/easyui/themes/default/validatebox.css HTTP/1.1" 404 1104
116.232.193.168 - - [15/Jan/2024:10:05:16 +0800] "POST /xingrg/kc/base/wldb_order_operate.html HTTP/1.1" 200 2206
120.253.135.82 - - [15/Jan/2024:10:05:16 +0800] "POST /xingrg/kc/pszx/mdps_list_operate.html HTTP/1.1" 200 202
114.95.241.104 - - [15/Jan/2024:10:05:17 +0800] "GET /xingrg/all/function/internal_message.html?_=1705284316782&CODE_STATE=getMsg HTTP/1.1" 200 27
116.232.193.168 - - [15/Jan/2024:10:05:17 +0800] "GET /xingrg/check_reg.html?_=1705284252885 HTTP/1.1" 200 22
116.232.193.168 - - [15/Jan/2024:10:05:17 +0800] "GET /xingrg/all/function/internal_message.html?_=1705284252892&CODE_STATE=getMsg HTTP/1.1" 200 27
180.164.1.25 - - [15/Jan/2024:10:05:17 +0800] "GET /xingrg/all/function/internal_message.html?_=1705284316739&CODE_STATE=getMsg HTTP/1.1" 200 27
180.164.1.25 - - [15/Jan/2024:10:05:17 +0800] "GET /xingrg/check_reg.html?_=1705284316742 HTTP/1.1" 200 22
120.253.135.82 - - [15/Jan/2024:10:05:18 +0800] "POST /xingrg/kc/pszx/mdps_list_operate.html HTTP/1.1" 200 377
124.78.68.102 - - [15/Jan/2024:10:05:19 +0800] "GET /xingrg/all/function/internal_message.html?_=1705284319525&CODE_STATE=getMsg HTTP/1.1" 200 27
218.81.65.124 - - [15/Jan/2024:10:05:22 +0800] "GET /xingrg/all/function/internal_message.html?_=1705284322133&CODE_STATE=getMsg HTTP/1.1" 200 27
222.70.115.1 - - [15/Jan/2024:10:05:22 +0800] "GET /xingrg/all/function/internal_message.html?_=1705284322341&CODE_STATE=getMsg HTTP/1.1" 302 -
222.70.115.1 - - [15/Jan/2024:10:05:22 +0800] "GET /xingrg/check_reg.html?_=1705284322348 HTTP/1.1" 302 -
120.253.135.82 - - [15/Jan/2024:10:05:22 +0800] "GET /xingrg/kc/pszx/mdps_order_info.html?code=312024011500373 HTTP/1.1" 200 23972
120.253.135.82 - - [15/Jan/2024:10:05:22 +0800] "GET /xingrg/javascript/easyui/themes/default/validatebox.css HTTP/1.1" 404 1104
120.253.135.82 - - [15/Jan/2024:10:05:23 +0800] "POST /xingrg/kc/pszx/mdps_order_operate.html HTTP/1.1" 200 3315
114.95.241.104 - - [15/Jan/2024:10:05:24 +0800] "GET /xingrg/all/function/internal_message.html?_=1705284324743&CODE_STATE=getMsg HTTP/1.1" 200 27
120.253.135.82 - - [15/Jan/2024:10:05:27 +0800] "POST /xingrg/kc/pszx/mdps_list_operate.html HTTP/1.1" 200 3867
120.253.135.82 - - [15/Jan/2024:10:05:29 +0800] "POST /xingrg/kc/pszx/mdps_list_operate.html HTTP/1.1" 200 202
120.253.135.82 - - [15/Jan/2024:10:05:31 +0800] "POST /xingrg/kc/pszx/mdps_list_operate.html HTTP/1.1" 200 197
114.95.241.104 - - [15/Jan/2024:10:05:32 +0800] "GET /xingrg/check_reg.html?_=1705284331833 HTTP/1.1" 200 22
101.83.145.37 - - [15/Jan/2024:10:05:32 +0800] "GET /xingrg/all/function/internal_message.html?_=1705284334088&CODE_STATE=getMsg HTTP/1.1" 200 27
120.253.135.82 - - [15/Jan/2024:10:05:41 +0800] "GET /xingrg/kc/pszx/mdps_order_info.html?code=312024011500375 HTTP/1.1" 200 23972
120.253.135.82 - - [15/Jan/2024:10:05:42 +0800] "GET /xingrg/javascript/easyui/themes/default/validatebox.css HTTP/1.1" 404 1104
120.253.135.82 - - [15/Jan/2024:10:05:42 +0800] "POST /xingrg/kc/pszx/mdps_order_operate.html HTTP/1.1" 200 2266
180.169.147.146 - - [15/Jan/2024:10:05:45 +0800] "GET /xingrg/all/function/internal_message.html?_=1705284345576&CODE_STATE=getMsg HTTP/1.1" 200 27
180.169.147.146 - - [15/Jan/2024:10:05:45 +0800] "GET /xingrg/check_reg.html?_=1705284345577 HTTP/1.1" 200 22
180.169.147.146 - - [15/Jan/2024:10:05:46 +0800] "GET /xingrg/all/function/internal_message.html?_=1705284345063&CODE_STATE=getMsg HTTP/1.1" 200 27
180.169.147.146 - - [15/Jan/2024:10:05:46 +0800] "POST /xingrg/all/report/report_print.html HTTP/1.1" 200 6144
101.228.146.191 - - [15/Jan/2024:10:05:48 +0800] "GET /xingrg/all/function/internal_message.html?_=1705284346588&CODE_STATE=getMsg HTTP/1.1" 200 27
222.69.134.207 - - [15/Jan/2024:10:05:48 +0800] "GET /xingrg/all/function/internal_message.html?_=1705284350063&CODE_STATE=getMsg HTTP/1.1" 200 27
116.230.123.222 - - [15/Jan/2024:10:05:48 +0800] "GET /xingrg/all/function/internal_message.html?_=1705284348963&CODE_STATE=getMsg HTTP/1.1" 200 27
116.232.193.168 - - [15/Jan/2024:10:05:50 +0800] "GET /xingrg/all/function/internal_message.html?_=1705284286273&CODE_STATE=getMsg HTTP/1.1" 200 27
114.83.220.51 - - [15/Jan/2024:10:05:51 +0800] "GET /xingrg/all/function/internal_message.html?_=1705284351264&CODE_STATE=getMsg HTTP/1.1" 200 27
114.83.220.51 - - [15/Jan/2024:10:05:51 +0800] "GET /xingrg/check_reg.html?_=1705284351268 HTTP/1.1" 200 22
180.169.147.146 - - [15/Jan/2024:10:05:52 +0800] "GET /xingrg/check_reg.html?_=1705284351972 HTTP/1.1" 200 22
180.169.147.146 - - [15/Jan/2024:10:05:52 +0800] "GET /xingrg/all/function/internal_message.html?_=1705284351973&CODE_STATE=getMsg HTTP/1.1" 200 27
120.253.135.82 - - [15/Jan/2024:10:05:52 +0800] "POST /xingrg/kc/pszx/mdps_order_operate.html HTTP/1.1" 200 37
124.78.154.219 - - [15/Jan/2024:10:05:52 +0800] "GET /xingrg/all/function/internal_message.html?_=1705284349364&CODE_STATE=getMsg HTTP/1.1" 200 27
120.253.135.82 - - [15/Jan/2024:10:05:54 +0800] "GET /xingrg/kc/pszx/mdps_order_info.html?code=312024011500375 HTTP/1.1" 200 23972
120.253.135.82 - - [15/Jan/2024:10:05:54 +0800] "GET /xingrg/javascript/easyui/themes/default/validatebox.css HTTP/1.1" 404 1104
120.253.135.82 - - [15/Jan/2024:10:05:55 +0800] "POST /xingrg/kc/pszx/mdps_order_operate.html HTTP/1.1" 200 2270
116.232.193.168 - - [15/Jan/2024:10:05:55 +0800] "GET /xingrg/kc/base/wldb_order_add.html HTTP/1.1" 200 30391
116.232.193.168 - - [15/Jan/2024:10:05:55 +0800] "POST /xingrg/kc/base/wldb_order_operate.html HTTP/1.1" 200 6806
116.232.193.168 - - [15/Jan/2024:10:05:55 +0800] "GET /xingrg/javascript/easyui/themes/default/validatebox.css HTTP/1.1" 404 1104
120.253.135.82 - - [15/Jan/2024:10:05:58 +0800] "POST /xingrg/kc/pszx/mdps_list_operate.html HTTP/1.1" 200 3869
120.253.135.82 - - [15/Jan/2024:10:06:00 +0800] "GET /xingrg/all/function/internal_message.html?_=1705284181884&CODE_STATE=getMsg HTTP/1.1" 200 27
116.235.93.185 - - [15/Jan/2024:10:06:01 +0800] "GET /xingrg/all/function/internal_message.html?_=1705284698525&CODE_STATE=getMsg HTTP/1.1" 200 27
180.169.147.146 - - [15/Jan/2024:10:06:01 +0800] "GET /xingrg/all/function/internal_message.html?_=1705284357803&CODE_STATE=getMsg HTTP/1.1" 200 27
120.253.135.82 - - [15/Jan/2024:10:06:04 +0800] "POST /xingrg/kc/pszx/mdps_list_operate.html HTTP/1.1" 200 621
120.253.135.82 - - [15/Jan/2024:10:06:05 +0800] "GET /xingrg/kc/pszx/mdps_order_info.html?code=312024011500369 HTTP/1.1" 200 23972
120.253.135.82 - - [15/Jan/2024:10:06:05 +0800] "GET /xingrg/javascript/easyui/themes/default/validatebox.css HTTP/1.1" 404 1104
120.253.135.82 - - [15/Jan/2024:10:06:06 +0800] "POST /xingrg/kc/pszx/mdps_order_operate.html HTTP/1.1" 200 4828
116.232.193.168 - - [15/Jan/2024:10:06:08 +0800] "GET /xingrg/all/function/internal_message.html?_=1705284303760&CODE_STATE=getMsg HTTP/1.1" 200 27
116.232.193.168 - - [15/Jan/2024:10:06:11 +0800] "GET /xingrg/all/function/internal_message.html?_=1705284307102&CODE_STATE=getMsg HTTP/1.1" 200 27
116.232.193.168 - - [15/Jan/2024:10:06:12 +0800] "GET /xingrg/kc/base/wldb_order_operate.html?command=get_materiel&rest_code=00155&base_code=0010739&code=00101019257 HTTP/1.1" 200 480
114.95.241.104 - - [15/Jan/2024:10:06:13 +0800] "GET /xingrg/all/function/internal_message.html?_=1705284373312&CODE_STATE=getMsg HTTP/1.1" 200 27
114.95.241.104 - - [15/Jan/2024:10:06:17 +0800] "GET /xingrg/all/function/internal_message.html?_=1705284376768&CODE_STATE=getMsg HTTP/1.1" 200 27
116.232.193.168 - - [15/Jan/2024:10:06:17 +0800] "GET /xingrg/all/function/internal_message.html?_=1705284312895&CODE_STATE=getMsg HTTP/1.1" 200 27
180.164.1.25 - - [15/Jan/2024:10:06:17 +0800] "GET /xingrg/all/function/internal_message.html?_=1705284376731&CODE_STATE=getMsg HTTP/1.1" 200 27
116.232.193.168 - - [15/Jan/2024:10:06:18 +0800] "GET /xingrg/kc/base/wldb_order_operate.html?command=get_materiel&rest_code=00155&base_code=0010739&code=00101019258 HTTP/1.1" 200 483
124.78.68.102 - - [15/Jan/2024:10:06:19 +0800] "GET /xingrg/all/function/internal_message.html?_=1705284379507&CODE_STATE=getMsg HTTP/1.1" 200 27
218.81.65.124 - - [15/Jan/2024:10:06:21 +0800] "GET /xingrg/check_reg.html?_=1705284381501 HTTP/1.1" 200 22
218.81.65.124 - - [15/Jan/2024:10:06:22 +0800] "GET /xingrg/all/function/internal_message.html?_=1705284382109&CODE_STATE=getMsg HTTP/1.1" 200 27
222.70.115.1 - - [15/Jan/2024:10:06:22 +0800] "GET /xingrg/all/function/internal_message.html?_=1705284382333&CODE_STATE=getMsg HTTP/1.1" 302 -
116.232.193.168 - - [15/Jan/2024:10:06:24 +0800] "POST /xingrg/kc/base/wldb_order_operate.html HTTP/1.1" 200 37
114.95.241.104 - - [15/Jan/2024:10:06:24 +0800] "GET /xingrg/all/function/internal_message.html?_=1705284384747&CODE_STATE=getMsg HTTP/1.1" 200 27
116.232.193.168 - - [15/Jan/2024:10:06:25 +0800] "POST /xingrg/kc/base/wldb_order_operate.html HTTP/1.1" 200 2224
116.232.193.168 - - [15/Jan/2024:10:06:28 +0800] "GET /xingrg/kc/base/wldb_order_info.html?code=422024011501453 HTTP/1.1" 200 30405
116.232.193.168 - - [15/Jan/2024:10:06:28 +0800] "GET /xingrg/javascript/easyui/themes/default/validatebox.css HTTP/1.1" 404 1104
120.253.135.82 - - [15/Jan/2024:10:06:28 +0800] "POST /xingrg/kc/pszx/mdps_list_operate.html HTTP/1.1" 200 3869
116.232.193.168 - - [15/Jan/2024:10:06:29 +0800] "POST /xingrg/kc/base/wldb_order_operate.html HTTP/1.1" 200 2224
120.253.135.82 - - [15/Jan/2024:10:06:30 +0800] "POST /xingrg/kc/pszx/mdps_list_operate.html HTTP/1.1" 200 621
101.83.145.37 - - [15/Jan/2024:10:06:32 +0800] "GET /xingrg/all/function/internal_message.html?_=1705284394090&CODE_STATE=getMsg HTTP/1.1" 200 27
101.83.145.37 - - [15/Jan/2024:10:06:32 +0800] "GET /xingrg/check_reg.html?_=1705284394094 HTTP/1.1" 200 22
116.232.193.168 - - [15/Jan/2024:10:06:32 +0800] "GET /xingrg/kc/base/wldb_order_add.html HTTP/1.1" 200 30391
116.232.193.168 - - [15/Jan/2024:10:06:32 +0800] "POST /xingrg/kc/base/wldb_order_operate.html HTTP/1.1" 200 6806
116.232.193.168 - - [15/Jan/2024:10:06:33 +0800] "GET /xingrg/javascript/easyui/themes/default/validatebox.css HTTP/1.1" 404 1104
120.253.135.82 - - [15/Jan/2024:10:06:36 +0800] "GET /xingrg/kc/pszx/mdps_order_info.html?code=312024011500369 HTTP/1.1" 200 23972
120.253.135.82 - - [15/Jan/2024:10:06:37 +0800] "GET /xingrg/javascript/easyui/themes/default/validatebox.css HTTP/1.1" 404 1104
120.253.135.82 - - [15/Jan/2024:10:06:37 +0800] "POST /xingrg/kc/pszx/mdps_order_operate.html HTTP/1.1" 200 4828
120.253.135.82 - - [15/Jan/2024:10:06:39 +0800] "GET /xingrg/kc/print/load_config.html?kc_code=mdps HTTP/1.1" 200 2390
218.81.65.124 - - [15/Jan/2024:10:06:40 +0800] "GET /xingrg/kc/base/check_order_info.html?code=452024011400119 HTTP/1.1" 200 26467
218.81.65.124 - - [15/Jan/2024:10:06:40 +0800] "GET /xingrg/dwr/interface/AjaxComOrderService.js HTTP/1.1" 200 18264
218.81.65.124 - - [15/Jan/2024:10:06:40 +0800] "GET /xingrg/dwr/interface/AjaxCheckService.js HTTP/1.1" 200 14003
218.81.65.124 - - [15/Jan/2024:10:06:40 +0800] "GET /xingrg/dwr/engine.js HTTP/1.1" 200 43631
120.253.135.82 - - [15/Jan/2024:10:06:40 +0800] "GET /xingrg/kc/print/load_data.html?order_code=312024011500369&kc_code=mdps&condition= HTTP/1.1" 200 1893
218.81.65.124 - - [15/Jan/2024:10:06:40 +0800] "POST /xingrg/dwr/call/plaincall/AjaxCheckService.loadOrderItems.dwr HTTP/1.1" 200 6680
218.81.65.124 - - [15/Jan/2024:10:06:44 +0800] "POST /xingrg/dwr/call/plaincall/AjaxCheckService.setItemNumber.dwr HTTP/1.1" 200 76
218.81.65.124 - - [15/Jan/2024:10:06:45 +0800] "POST /xingrg/dwr/call/plaincall/AjaxCheckService.setItemNumber.dwr HTTP/1.1" 200 76
180.169.147.146 - - [15/Jan/2024:10:06:45 +0800] "GET /xingrg/all/function/internal_message.html?_=1705284405573&CODE_STATE=getMsg HTTP/1.1" 200 27
180.169.147.146 - - [15/Jan/2024:10:06:46 +0800] "GET /xingrg/all/function/internal_message.html?_=1705284405043&CODE_STATE=getMsg HTTP/1.1" 200 27
218.81.65.124 - - [15/Jan/2024:10:06:46 +0800] "POST /xingrg/dwr/call/plaincall/AjaxCheckService.setItemNumber.dwr HTTP/1.1" 200 76
218.81.65.124 - - [15/Jan/2024:10:06:46 +0800] "POST /xingrg/dwr/call/plaincall/AjaxCheckService.setItemNumber.dwr HTTP/1.1" 200 76
218.81.65.124 - - [15/Jan/2024:10:06:47 +0800] "POST /xingrg/dwr/call/plaincall/AjaxCheckService.setItemNumber.dwr HTTP/1.1" 200 76
218.81.65.124 - - [15/Jan/2024:10:06:47 +0800] "POST /xingrg/dwr/call/plaincall/AjaxCheckService.setItemNumber.dwr HTTP/1.1" 200 76
101.228.146.191 - - [15/Jan/2024:10:06:48 +0800] "GET /xingrg/all/function/internal_message.html?_=1705284406596&CODE_STATE=getMsg HTTP/1.1" 200 27
222.69.134.207 - - [15/Jan/2024:10:06:48 +0800] "GET /xingrg/check_reg.html?_=1705284410065 HTTP/1.1" 200 22
222.69.134.207 - - [15/Jan/2024:10:06:48 +0800] "GET /xingrg/all/function/internal_message.html?_=1705284410067&CODE_STATE=getMsg HTTP/1.1" 200 27
116.230.123.222 - - [15/Jan/2024:10:06:48 +0800] "GET /xingrg/all/function/internal_message.html?_=1705284408953&CODE_STATE=getMsg HTTP/1.1" 200 27
116.232.193.168 - - [15/Jan/2024:10:06:50 +0800] "GET /xingrg/all/function/internal_message.html?_=1705284346260&CODE_STATE=getMsg HTTP/1.1" 200 27
114.83.220.51 - - [15/Jan/2024:10:06:51 +0800] "GET /xingrg/all/function/internal_message.html?_=1705284411267&CODE_STATE=getMsg HTTP/1.1" 200 27
180.169.147.146 - - [15/Jan/2024:10:06:52 +0800] "GET /xingrg/all/function/internal_message.html?_=1705284411966&CODE_STATE=getMsg HTTP/1.1" 200 27
116.232.193.168 - - [15/Jan/2024:10:06:52 +0800] "GET /xingrg/kc/base/wldb_order_operate.html?command=get_materiel&rest_code=00155&base_code=0010739&code=00101019496 HTTP/1.1" 200 471
124.78.154.219 - - [15/Jan/2024:10:06:52 +0800] "GET /xingrg/check_reg.html?_=1705284409379 HTTP/1.1" 200 22
124.78.154.219 - - [15/Jan/2024:10:06:52 +0800] "GET /xingrg/all/function/internal_message.html?_=1705284409375&CODE_STATE=getMsg HTTP/1.1" 200 27
116.232.193.168 - - [15/Jan/2024:10:06:58 +0800] "GET /xingrg/kc/base/wldb_order_operate.html?command=get_materiel&rest_code=00155&base_code=0010739&code=00101016064 HTTP/1.1" 200 470
218.81.65.124 - - [15/Jan/2024:10:06:59 +0800] "POST /xingrg/dwr/call/plaincall/AjaxCheckService.setItemNumber.dwr HTTP/1.1" 200 76
120.253.135.82 - - [15/Jan/2024:10:07:00 +0800] "GET /xingrg/all/function/internal_message.html?_=1705284241886&CODE_STATE=getMsg HTTP/1.1" 200 27
120.253.135.82 - - [15/Jan/2024:10:07:00 +0800] "POST /xingrg/kc/pszx/mdps_list_operate.html HTTP/1.1" 200 3869
116.235.93.185 - - [15/Jan/2024:10:07:01 +0800] "GET /xingrg/all/function/internal_message.html?_=1705284758499&CODE_STATE=getMsg HTTP/1.1" 200 27
180.169.147.146 - - [15/Jan/2024:10:07:01 +0800] "GET /xingrg/all/function/internal_message.html?_=1705284417802&CODE_STATE=getMsg HTTP/1.1" 200 27
218.81.65.124 - - [15/Jan/2024:10:07:02 +0800] "POST /xingrg/dwr/call/plaincall/AjaxCheckService.setItemNumber.dwr HTTP/1.1" 200 76
218.81.65.124 - - [15/Jan/2024:10:07:02 +0800] "POST /xingrg/dwr/call/plaincall/AjaxCheckService.setItemNumber.dwr HTTP/1.1" 200 76
218.81.65.124 - - [15/Jan/2024:10:07:04 +0800] "POST /xingrg/dwr/call/plaincall/AjaxCheckService.setItemNumber.dwr HTTP/1.1" 200 77
120.253.135.82 - - [15/Jan/2024:10:07:04 +0800] "POST /xingrg/kc/pszx/mdps_list_operate.html HTTP/1.1" 200 618
116.232.193.168 - - [15/Jan/2024:10:07:08 +0800] "GET /xingrg/all/function/internal_message.html?_=1705284363744&CODE_STATE=getMsg HTTP/1.1" 200 27
120.253.135.82 - - [15/Jan/2024:10:07:08 +0800] "GET /xingrg/kc/pszx/mdps_order_info.html?code=312024011500370 HTTP/1.1" 200 23972
120.253.135.82 - - [15/Jan/2024:10:07:09 +0800] "GET /xingrg/javascript/easyui/themes/default/validatebox.css HTTP/1.1" 404 1104
120.253.135.82 - - [15/Jan/2024:10:07:09 +0800] "POST /xingrg/kc/pszx/mdps_order_operate.html HTTP/1.1" 200 14650
116.232.193.168 - - [15/Jan/2024:10:07:11 +0800] "GET /xingrg/all/function/internal_message.html?_=1705284367089&CODE_STATE=getMsg HTTP/1.1" 200 27
114.95.241.104 - - [15/Jan/2024:10:07:13 +0800] "GET /xingrg/all/function/internal_message.html?_=1705284433319&CODE_STATE=getMsg HTTP/1.1" 200 27
120.253.135.82 - - [15/Jan/2024:10:07:14 +0800] "GET /xingrg/kc/print/load_data.html?order_code=312024011500370&kc_code=mdps&condition= HTTP/1.1" 200 6518
114.95.241.104 - - [15/Jan/2024:10:07:17 +0800] "GET /xingrg/all/function/internal_message.html?_=1705284436761&CODE_STATE=getMsg HTTP/1.1" 200 27
116.232.193.168 - - [15/Jan/2024:10:07:17 +0800] "GET /xingrg/kc/base/wldb_order_operate.html?command=get_materiel&rest_code=00155&base_code=0010739&code=00101016040 HTTP/1.1" 200 458
116.232.193.168 - - [15/Jan/2024:10:07:17 +0800] "GET /xingrg/all/function/internal_message.html?_=1705284372884&CODE_STATE=getMsg HTTP/1.1" 200 27
180.164.1.25 - - [15/Jan/2024:10:07:17 +0800] "GET /xingrg/all/function/internal_message.html?_=1705284436743&CODE_STATE=getMsg HTTP/1.1" 200 27
