114.83.220.51 - - [15/Jan/2024:09:48:23 +0800] "GET /xingrg/kc/buy/cgsh_order_info.html?code=212024011405688 HTTP/1.1" 200 73048
114.83.220.51 - - [15/Jan/2024:09:48:23 +0800] "GET /xingrg/javascript/easyui/themes/default/validatebox.css HTTP/1.1" 404 1104
116.235.93.185 - - [15/Jan/2024:09:48:24 +0800] "GET /xingrg/check_reg.html?_=1705283641052 HTTP/1.1" 200 22
114.83.220.51 - - [15/Jan/2024:09:48:24 +0800] "POST /xingrg/kc/buy/cgsh_order_operate.html HTTP/1.1" 200 2661
114.95.241.104 - - [15/Jan/2024:09:48:24 +0800] "GET /xingrg/all/function/internal_message.html?_=1705283304716&CODE_STATE=getMsg HTTP/1.1" 200 27
114.83.220.51 - - [15/Jan/2024:09:48:27 +0800] "GET /xingrg/kc/print/load_data.html?order_code=212024011405688&kc_code=cgsh&condition= HTTP/1.1" 200 692
101.83.145.37 - - [15/Jan/2024:09:48:32 +0800] "GET /xingrg/all/function/internal_message.html?_=1705283314082&CODE_STATE=getMsg HTTP/1.1" 200 27
101.93.222.118 - - [15/Jan/2024:09:48:42 +0800] "POST /xingrg/services/DataTransmitService HTTP/1.1" 200 524
180.169.147.146 - - [15/Jan/2024:09:48:45 +0800] "GET /xingrg/all/function/internal_message.html?_=1705283325582&CODE_STATE=getMsg HTTP/1.1" 200 27
116.232.193.168 - - [15/Jan/2024:09:48:46 +0800] "GET /xingrg/check_reg.html?_=1705283261968 HTTP/1.1" 200 22
101.228.146.191 - - [15/Jan/2024:09:48:47 +0800] "GET /xingrg/all/function/internal_message.html?_=1705283326571&CODE_STATE=getMsg HTTP/1.1" 200 27
222.69.134.207 - - [15/Jan/2024:09:48:48 +0800] "GET /xingrg/all/function/internal_message.html?_=1705283330064&CODE_STATE=getMsg HTTP/1.1" 200 27
116.230.123.222 - - [15/Jan/2024:09:48:48 +0800] "GET /xingrg/check_reg.html?_=1705283468754 HTTP/1.1" 200 22
116.230.123.222 - - [15/Jan/2024:09:48:48 +0800] "GET /xingrg/all/function/internal_message.html?_=1705283468753&CODE_STATE=getMsg HTTP/1.1" 200 27
114.83.220.51 - - [15/Jan/2024:09:48:51 +0800] "GET /xingrg/all/function/internal_message.html?_=1705283331221&CODE_STATE=getMsg HTTP/1.1" 200 27
116.232.193.168 - - [15/Jan/2024:09:48:51 +0800] "GET /xingrg/all/function/internal_message.html?_=1705283266574&CODE_STATE=getMsg HTTP/1.1" 200 27
180.169.147.146 - - [15/Jan/2024:09:48:52 +0800] "GET /xingrg/all/function/internal_message.html?_=1705283331962&CODE_STATE=getMsg HTTP/1.1" 200 27
124.78.154.219 - - [15/Jan/2024:09:48:52 +0800] "GET /xingrg/all/function/internal_message.html?_=1705283329347&CODE_STATE=getMsg HTTP/1.1" 200 27
120.253.135.82 - - [15/Jan/2024:09:49:00 +0800] "GET /xingrg/all/function/internal_message.html?_=1705283161595&CODE_STATE=getMsg HTTP/1.1" 200 27
116.235.93.185 - - [15/Jan/2024:09:49:02 +0800] "GET /xingrg/all/function/internal_message.html?_=1705283678899&CODE_STATE=getMsg HTTP/1.1" 200 27
218.81.65.124 - - [15/Jan/2024:09:49:08 +0800] "POST /xingrg/dwr/call/plaincall/AjaxCheckService.checkOrder.dwr HTTP/1.1" 200 79
116.232.193.168 - - [15/Jan/2024:09:49:08 +0800] "GET /xingrg/all/function/internal_message.html?_=1705283284073&CODE_STATE=getMsg HTTP/1.1" 200 27
218.81.65.124 - - [15/Jan/2024:09:49:11 +0800] "GET /xingrg/kc/base/check_order_info.html?code=452024011400114 HTTP/1.1" 200 22854
218.81.65.124 - - [15/Jan/2024:09:49:11 +0800] "GET /xingrg/dwr/interface/AjaxComOrderService.js HTTP/1.1" 200 18264
218.81.65.124 - - [15/Jan/2024:09:49:11 +0800] "GET /xingrg/dwr/interface/AjaxCheckService.js HTTP/1.1" 200 14003
218.81.65.124 - - [15/Jan/2024:09:49:11 +0800] "GET /xingrg/dwr/engine.js HTTP/1.1" 200 43631
116.232.193.168 - - [15/Jan/2024:09:49:11 +0800] "GET /xingrg/all/function/internal_message.html?_=1705283287385&CODE_STATE=getMsg HTTP/1.1" 200 27
218.81.65.124 - - [15/Jan/2024:09:49:12 +0800] "POST /xingrg/dwr/call/plaincall/AjaxCheckService.loadOrderItems.dwr HTTP/1.1" 200 17268
114.95.241.104 - - [15/Jan/2024:09:49:13 +0800] "GET /xingrg/all/function/internal_message.html?_=1705283353313&CODE_STATE=getMsg HTTP/1.1" 200 27
114.83.220.51 - - [15/Jan/2024:09:49:14 +0800] "POST /xingrg/kc/buy/cgsh_list_operate.html HTTP/1.1" 200 6162
172.20.0.100 - - [15/Jan/2024:09:49:15 +0800] "GET /xingrg/check_reg.html?_=1705283356229 HTTP/1.1" 302 -
114.95.241.104 - - [15/Jan/2024:09:49:17 +0800] "GET /xingrg/all/function/internal_message.html?_=1705283357020&CODE_STATE=getMsg HTTP/1.1" 200 27
180.164.1.25 - - [15/Jan/2024:09:49:17 +0800] "GET /xingrg/all/function/internal_message.html?_=1705283356743&CODE_STATE=getMsg HTTP/1.1" 200 27
124.78.68.102 - - [15/Jan/2024:09:49:19 +0800] "GET /xingrg/all/function/internal_message.html?_=1705283359839&CODE_STATE=getMsg HTTP/1.1" 200 27
124.78.68.102 - - [15/Jan/2024:09:49:19 +0800] "GET /xingrg/check_reg.html?_=1705283359871 HTTP/1.1" 200 22
218.81.65.124 - - [15/Jan/2024:09:49:21 +0800] "GET /xingrg/all/function/internal_message.html?_=1705283361401&CODE_STATE=getMsg HTTP/1.1" 200 27
222.70.115.1 - - [15/Jan/2024:09:49:22 +0800] "GET /xingrg/all/function/internal_message.html?_=1705283362310&CODE_STATE=getMsg HTTP/1.1" 302 -
114.95.241.104 - - [15/Jan/2024:09:49:24 +0800] "GET /xingrg/all/function/internal_message.html?_=1705283364720&CODE_STATE=getMsg HTTP/1.1" 200 27
114.95.241.104 - - [15/Jan/2024:09:49:24 +0800] "GET /xingrg/check_reg.html?_=1705283364725 HTTP/1.1" 200 22
114.83.220.51 - - [15/Jan/2024:09:49:24 +0800] "POST /xingrg/kc/buy/cgsh_list_operate.html HTTP/1.1" 200 6162
114.83.220.51 - - [15/Jan/2024:09:49:29 +0800] "POST /xingrg/kc/buy/cgsh_list_operate.html HTTP/1.1" 200 203
101.83.145.37 - - [15/Jan/2024:09:49:32 +0800] "GET /xingrg/all/function/internal_message.html?_=1705283374077&CODE_STATE=getMsg HTTP/1.1" 200 27
114.83.220.51 - - [15/Jan/2024:09:49:36 +0800] "POST /xingrg/kc/buy/cgsh_list_operate.html HTTP/1.1" 200 204
180.169.147.146 - - [15/Jan/2024:09:49:40 +0800] "POST /xingrg/dwr/call/plaincall/AjaxReportQueryService.refreshCache.dwr HTTP/1.1" 200 78
114.83.220.51 - - [15/Jan/2024:09:49:42 +0800] "GET /xingrg/kc/buy/cgsh_order_info.html?code=212024011405689 HTTP/1.1" 200 73046
114.83.220.51 - - [15/Jan/2024:09:49:42 +0800] "GET /xingrg/javascript/easyui/themes/default/validatebox.css HTTP/1.1" 404 1104
180.169.147.146 - - [15/Jan/2024:09:49:43 +0800] "POST /xingrg/all/report/load_report_page.html HTTP/1.1" 200 52796
180.169.147.146 - - [15/Jan/2024:09:49:43 +0800] "GET /xingrg/servlets/image?cache=0.2716503387995831&image=px HTTP/1.1" 200 807
114.83.220.51 - - [15/Jan/2024:09:49:43 +0800] "POST /xingrg/kc/buy/cgsh_order_operate.html HTTP/1.1" 200 2664
180.169.147.146 - - [15/Jan/2024:09:49:45 +0800] "GET /xingrg/all/function/internal_message.html?_=1705283385570&CODE_STATE=getMsg HTTP/1.1" 200 27
114.83.220.51 - - [15/Jan/2024:09:49:46 +0800] "GET /xingrg/kc/print/load_data.html?order_code=212024011405689&kc_code=cgsh&condition= HTTP/1.1" 200 743
101.228.146.191 - - [15/Jan/2024:09:49:48 +0800] "GET /xingrg/all/function/internal_message.html?_=1705283386572&CODE_STATE=getMsg HTTP/1.1" 200 27
101.228.146.191 - - [15/Jan/2024:09:49:48 +0800] "GET /xingrg/check_reg.html?_=1705283386571 HTTP/1.1" 200 22
222.69.134.207 - - [15/Jan/2024:09:49:48 +0800] "GET /xingrg/all/function/internal_message.html?_=1705283390064&CODE_STATE=getMsg HTTP/1.1" 200 27
116.230.123.222 - - [15/Jan/2024:09:49:48 +0800] "GET /xingrg/all/function/internal_message.html?_=1705283528755&CODE_STATE=getMsg HTTP/1.1" 200 27
114.83.220.51 - - [15/Jan/2024:09:49:51 +0800] "GET /xingrg/all/function/internal_message.html?_=1705283391219&CODE_STATE=getMsg HTTP/1.1" 200 27
116.232.193.168 - - [15/Jan/2024:09:49:51 +0800] "GET /xingrg/all/function/internal_message.html?_=1705283326562&CODE_STATE=getMsg HTTP/1.1" 200 27
180.169.147.146 - - [15/Jan/2024:09:49:52 +0800] "GET /xingrg/all/function/internal_message.html?_=1705283391967&CODE_STATE=getMsg HTTP/1.1" 200 27
124.78.154.219 - - [15/Jan/2024:09:49:52 +0800] "GET /xingrg/all/function/internal_message.html?_=1705283389356&CODE_STATE=getMsg HTTP/1.1" 200 27
120.253.135.82 - - [15/Jan/2024:09:50:00 +0800] "GET /xingrg/all/function/internal_message.html?_=1705283221608&CODE_STATE=getMsg HTTP/1.1" 200 27
116.235.93.185 - - [15/Jan/2024:09:50:02 +0800] "GET /xingrg/all/function/internal_message.html?_=1705283738868&CODE_STATE=getMsg HTTP/1.1" 200 27
116.232.193.168 - - [15/Jan/2024:09:50:08 +0800] "GET /xingrg/all/function/internal_message.html?_=1705283344050&CODE_STATE=getMsg HTTP/1.1" 200 27
180.169.147.146 - - [15/Jan/2024:09:50:09 +0800] "POST /xingrg/dwr/call/plaincall/AjaxReportQueryService.refreshCache.dwr HTTP/1.1" 200 78
116.232.193.168 - - [15/Jan/2024:09:50:11 +0800] "GET /xingrg/all/function/internal_message.html?_=1705283347368&CODE_STATE=getMsg HTTP/1.1" 200 27
180.169.147.146 - - [15/Jan/2024:09:50:11 +0800] "POST /xingrg/all/report/load_report_page.html HTTP/1.1" 200 52765
180.169.147.146 - - [15/Jan/2024:09:50:11 +0800] "GET /xingrg/servlets/image?cache=0.7822032025183022&image=px HTTP/1.1" 200 807
114.95.241.104 - - [15/Jan/2024:09:50:13 +0800] "GET /xingrg/check_reg.html?_=1705283413312 HTTP/1.1" 200 22
114.95.241.104 - - [15/Jan/2024:09:50:13 +0800] "GET /xingrg/all/function/internal_message.html?_=1705283413315&CODE_STATE=getMsg HTTP/1.1" 200 27
180.169.147.146 - - [15/Jan/2024:09:50:15 +0800] "GET /xingrg/all/report/report_query.html?isQuery=1&fileName=kc/buy/wlcg_cate_hz_rest.xml&queryString=(CONVERT(char(10)%2Ca.order_time%2C%20120)%3E%3D'2024-01-13')%20and%20(CONVERT(char(10)%2Ca.order_time%2C%20120)%3C%3D'2024-01-13')%20and%20(a.supplier_code%20in%20('00100430'))%20and%20(a.supplier_code%3D'00100430')%20and%20(a.data_area%3D'00106')&queryText=%E3%80%90%E9%87%87%E8%B4%AD%E6%97%A5%E6%9C%9F%3A2024-01-13%20%E8%87%B3%202024-01-13%E3%80%91%20%E5%B9%B6%E4%B8%94%20%20%E3%80%90%E4%BE%9B%E5%BA%94%E5%95%86%20%3D%20%E8%B0%A2%E6%8C%AF%E5%8D%97%E3%80%91%20%E5%B9%B6%E4%B8%94%20%E3%80%90%E4%BE%9B%E5%BA%94%E5%95%86%3D%E8%B0%A2%E6%8C%AF%E5%8D%97%E3%80%91%E5%B9%B6%E4%B8%94%E3%80%90%E9%97%A8%E5%BA%97%E5%90%8D%E7%A7%B0%20%3D%20%E6%99%AE%E9%99%80%E6%A6%95%E6%B8%AF%E3%80%91&rand=0.12169534059294279 HTTP/1.1" 200 54337
180.169.147.146 - - [15/Jan/2024:09:50:15 +0800] "GET /xingrg/all/report/report_query.html?isQuery=1&fileName=kc/buy/wlcg_cate_hz_rest.xml&queryString=(CONVERT(char(10)%2Ca.order_time%2C%20120)%3E%3D'2024-01-13')%20and%20(CONVERT(char(10)%2Ca.order_time%2C%20120)%3C%3D'2024-01-13')%20and%20(a.supplier_code%20in%20('00100430'))%20and%20(a.supplier_code%3D'00100430')%20and%20(a.data_area%3D'00106')&queryText=%E3%80%90%E9%87%87%E8%B4%AD%E6%97%A5%E6%9C%9F%3A2024-01-13%20%E8%87%B3%202024-01-13%E3%80%91%20%E5%B9%B6%E4%B8%94%20%20%E3%80%90%E4%BE%9B%E5%BA%94%E5%95%86%20%3D%20%E8%B0%A2%E6%8C%AF%E5%8D%97%E3%80%91%20%E5%B9%B6%E4%B8%94%20%E3%80%90%E4%BE%9B%E5%BA%94%E5%95%86%3D%E8%B0%A2%E6%8C%AF%E5%8D%97%E3%80%91%E5%B9%B6%E4%B8%94%E3%80%90%E9%97%A8%E5%BA%97%E5%90%8D%E7%A7%B0%20%3D%20%E6%99%AE%E9%99%80%E6%A6%95%E6%B8%AF%E3%80%91&rand=0.12169534059294279 HTTP/1.1" 200 54337
180.169.147.146 - - [15/Jan/2024:09:50:15 +0800] "GET /xingrg/dwr/interface/AjaxReportQueryService.js HTTP/1.1" 200 13203
180.169.147.146 - - [15/Jan/2024:09:50:15 +0800] "GET /xingrg/dwr/engine.js HTTP/1.1" 200 43631
114.95.241.104 - - [15/Jan/2024:09:50:17 +0800] "GET /xingrg/all/function/internal_message.html?_=1705283417002&CODE_STATE=getMsg HTTP/1.1" 200 27
180.164.1.25 - - [15/Jan/2024:09:50:17 +0800] "GET /xingrg/check_reg.html?_=1705283416744 HTTP/1.1" 200 22
180.164.1.25 - - [15/Jan/2024:09:50:17 +0800] "GET /xingrg/all/function/internal_message.html?_=1705283416746&CODE_STATE=getMsg HTTP/1.1" 200 27
180.169.147.146 - - [15/Jan/2024:09:50:18 +0800] "POST /xingrg/all/report/load_report_page.html HTTP/1.1" 200 8703
180.169.147.146 - - [15/Jan/2024:09:50:18 +0800] "GET /xingrg/servlets/image?cache=0.904844886257441&image=px HTTP/1.1" 200 807
58.40.7.146 - - [15/Jan/2024:09:50:19 +0800] "POST /xingrg/services/DataTransmitService HTTP/1.1" 200 524
124.78.68.102 - - [15/Jan/2024:09:50:19 +0800] "GET /xingrg/all/function/internal_message.html?_=1705283419820&CODE_STATE=getMsg HTTP/1.1" 200 27
180.169.147.146 - - [15/Jan/2024:09:50:20 +0800] "POST /xingrg/all/report/load_report_page.html HTTP/1.1" 200 19767
180.169.147.146 - - [15/Jan/2024:09:50:20 +0800] "GET /xingrg/servlets/image?cache=0.3217623345335996&image=px HTTP/1.1" 200 807
218.81.65.124 - - [15/Jan/2024:09:50:21 +0800] "GET /xingrg/all/function/internal_message.html?_=1705283421391&CODE_STATE=getMsg HTTP/1.1" 200 27
222.70.115.1 - - [15/Jan/2024:09:50:22 +0800] "GET /xingrg/check_reg.html?_=1705283422323 HTTP/1.1" 302 -
222.70.115.1 - - [15/Jan/2024:09:50:22 +0800] "GET /xingrg/all/function/internal_message.html?_=1705283422314&CODE_STATE=getMsg HTTP/1.1" 302 -
114.95.241.104 - - [15/Jan/2024:09:50:24 +0800] "GET /xingrg/all/function/internal_message.html?_=1705283424719&CODE_STATE=getMsg HTTP/1.1" 200 27
114.83.220.51 - - [15/Jan/2024:09:50:29 +0800] "POST /xingrg/kc/buy/cgsh_list_operate.html HTTP/1.1" 200 6162
114.95.241.104 - - [15/Jan/2024:09:50:32 +0800] "GET /xingrg/check_reg.html?_=1705283431836 HTTP/1.1" 200 22
101.83.145.37 - - [15/Jan/2024:09:50:32 +0800] "GET /xingrg/all/function/internal_message.html?_=1705283434086&CODE_STATE=getMsg HTTP/1.1" 200 27
114.83.220.51 - - [15/Jan/2024:09:50:41 +0800] "POST /xingrg/kc/buy/cgsh_list_operate.html HTTP/1.1" 200 6162
218.81.65.124 - - [15/Jan/2024:09:50:45 +0800] "POST /xingrg/services/DataTransmitService HTTP/1.1" 200 524
218.81.65.124 - - [15/Jan/2024:09:50:45 +0800] "GET /xingrg/kc/base/check_order_list.html?isBack=1 HTTP/1.1" 200 16179
180.169.147.146 - - [15/Jan/2024:09:50:45 +0800] "GET /xingrg/all/function/internal_message.html?_=1705283445581&CODE_STATE=getMsg HTTP/1.1" 200 27
180.169.147.146 - - [15/Jan/2024:09:50:45 +0800] "GET /xingrg/check_reg.html?_=1705283445584 HTTP/1.1" 200 22
218.81.65.124 - - [15/Jan/2024:09:50:45 +0800] "POST /xingrg/kc/base/check_list_operate.html HTTP/1.1" 200 2850
114.83.220.51 - - [15/Jan/2024:09:50:47 +0800] "POST /xingrg/kc/buy/cgsh_list_operate.html HTTP/1.1" 200 577
101.228.146.191 - - [15/Jan/2024:09:50:48 +0800] "GET /xingrg/all/function/internal_message.html?_=1705283446583&CODE_STATE=getMsg HTTP/1.1" 200 27
222.69.134.207 - - [15/Jan/2024:09:50:48 +0800] "GET /xingrg/all/function/internal_message.html?_=1705283450067&CODE_STATE=getMsg HTTP/1.1" 200 27
116.230.123.222 - - [15/Jan/2024:09:50:48 +0800] "GET /xingrg/all/function/internal_message.html?_=1705283448947&CODE_STATE=getMsg HTTP/1.1" 200 27
114.83.220.51 - - [15/Jan/2024:09:50:51 +0800] "GET /xingrg/kc/buy/cgsh_order_info.html?code=212024011405690 HTTP/1.1" 200 73047
114.83.220.51 - - [15/Jan/2024:09:50:51 +0800] "GET /xingrg/all/function/internal_message.html?_=1705283451243&CODE_STATE=getMsg HTTP/1.1" 200 27
114.83.220.51 - - [15/Jan/2024:09:50:51 +0800] "GET /xingrg/check_reg.html?_=1705283451244 HTTP/1.1" 200 22
116.232.193.168 - - [15/Jan/2024:09:50:51 +0800] "GET /xingrg/all/function/internal_message.html?_=1705283386554&CODE_STATE=getMsg HTTP/1.1" 200 27
114.83.220.51 - - [15/Jan/2024:09:50:51 +0800] "GET /xingrg/javascript/easyui/themes/default/validatebox.css HTTP/1.1" 404 1104
218.81.65.124 - - [15/Jan/2024:09:50:51 +0800] "GET /xingrg/kc/base/check_order_info.html?code=452024011400118 HTTP/1.1" 200 26467
218.81.65.124 - - [15/Jan/2024:09:50:51 +0800] "GET /xingrg/dwr/engine.js HTTP/1.1" 200 43631
218.81.65.124 - - [15/Jan/2024:09:50:51 +0800] "GET /xingrg/dwr/interface/AjaxComOrderService.js HTTP/1.1" 200 18264
218.81.65.124 - - [15/Jan/2024:09:50:51 +0800] "GET /xingrg/dwr/interface/AjaxCheckService.js HTTP/1.1" 200 14003
218.81.65.124 - - [15/Jan/2024:09:50:51 +0800] "POST /xingrg/dwr/call/plaincall/AjaxCheckService.loadOrderItems.dwr HTTP/1.1" 200 137261
180.169.147.146 - - [15/Jan/2024:09:50:52 +0800] "GET /xingrg/check_reg.html?_=1705283451973 HTTP/1.1" 200 22
180.169.147.146 - - [15/Jan/2024:09:50:52 +0800] "GET /xingrg/all/function/internal_message.html?_=1705283451977&CODE_STATE=getMsg HTTP/1.1" 200 27
114.83.220.51 - - [15/Jan/2024:09:50:52 +0800] "POST /xingrg/kc/buy/cgsh_order_operate.html HTTP/1.1" 200 11016
124.78.154.219 - - [15/Jan/2024:09:50:52 +0800] "GET /xingrg/all/function/internal_message.html?_=1705283449347&CODE_STATE=getMsg HTTP/1.1" 200 27
218.81.65.124 - - [15/Jan/2024:09:50:58 +0800] "POST /xingrg/dwr/call/plaincall/AjaxCheckService.setItemNumber.dwr HTTP/1.1" 200 76
120.253.135.82 - - [15/Jan/2024:09:51:00 +0800] "GET /xingrg/all/function/internal_message.html?_=1705283281640&CODE_STATE=getMsg HTTP/1.1" 200 27
218.81.65.124 - - [15/Jan/2024:09:51:00 +0800] "POST /xingrg/dwr/call/plaincall/AjaxCheckService.setItemNumber.dwr HTTP/1.1" 200 76
218.81.65.124 - - [15/Jan/2024:09:51:00 +0800] "POST /xingrg/dwr/call/plaincall/AjaxCheckService.setItemNumber.dwr HTTP/1.1" 200 76
218.81.65.124 - - [15/Jan/2024:09:51:02 +0800] "POST /xingrg/dwr/call/plaincall/AjaxCheckService.setItemNumber.dwr HTTP/1.1" 200 76
116.235.93.185 - - [15/Jan/2024:09:51:02 +0800] "GET /xingrg/all/function/internal_message.html?_=1705283798845&CODE_STATE=getMsg HTTP/1.1" 200 27
218.81.65.124 - - [15/Jan/2024:09:51:02 +0800] "POST /xingrg/dwr/call/plaincall/AjaxCheckService.setItemNumber.dwr HTTP/1.1" 200 76
218.81.65.124 - - [15/Jan/2024:09:51:02 +0800] "POST /xingrg/dwr/call/plaincall/AjaxCheckService.setItemNumber.dwr HTTP/1.1" 200 76
218.81.65.124 - - [15/Jan/2024:09:51:03 +0800] "POST /xingrg/dwr/call/plaincall/AjaxCheckService.setItemNumber.dwr HTTP/1.1" 200 76
218.81.65.124 - - [15/Jan/2024:09:51:04 +0800] "POST /xingrg/dwr/call/plaincall/AjaxCheckService.setItemNumber.dwr HTTP/1.1" 200 76
218.81.65.124 - - [15/Jan/2024:09:51:05 +0800] "POST /xingrg/dwr/call/plaincall/AjaxCheckService.setItemNumber.dwr HTTP/1.1" 200 76
218.81.65.124 - - [15/Jan/2024:09:51:07 +0800] "POST /xingrg/dwr/call/plaincall/AjaxCheckService.setItemNumber.dwr HTTP/1.1" 200 77
114.83.220.51 - - [15/Jan/2024:09:51:08 +0800] "GET /xingrg/kc/print/load_data.html?order_code=212024011405690&kc_code=cgsh&condition= HTTP/1.1" 200 3889
116.232.193.168 - - [15/Jan/2024:09:51:08 +0800] "GET /xingrg/all/function/internal_message.html?_=1705283404031&CODE_STATE=getMsg HTTP/1.1" 200 27
218.81.65.124 - - [15/Jan/2024:09:51:08 +0800] "POST /xingrg/dwr/call/plaincall/AjaxCheckService.setItemNumber.dwr HTTP/1.1" 200 77
218.81.65.124 - - [15/Jan/2024:09:51:09 +0800] "POST /xingrg/dwr/call/plaincall/AjaxCheckService.setItemNumber.dwr HTTP/1.1" 200 77
218.81.65.124 - - [15/Jan/2024:09:51:10 +0800] "POST /xingrg/dwr/call/plaincall/AjaxCheckService.setItemNumber.dwr HTTP/1.1" 200 77
116.232.193.168 - - [15/Jan/2024:09:51:11 +0800] "GET /xingrg/all/function/internal_message.html?_=1705283407356&CODE_STATE=getMsg HTTP/1.1" 200 27
218.81.65.124 - - [15/Jan/2024:09:51:12 +0800] "POST /xingrg/dwr/call/plaincall/AjaxCheckService.setItemNumber.dwr HTTP/1.1" 200 77
114.95.241.104 - - [15/Jan/2024:09:51:13 +0800] "GET /xingrg/all/function/internal_message.html?_=1705283473306&CODE_STATE=getMsg HTTP/1.1" 200 27
114.95.241.104 - - [15/Jan/2024:09:51:17 +0800] "GET /xingrg/all/function/internal_message.html?_=1705283476994&CODE_STATE=getMsg HTTP/1.1" 200 27
180.164.1.25 - - [15/Jan/2024:09:51:17 +0800] "GET /xingrg/all/function/internal_message.html?_=1705283476738&CODE_STATE=getMsg HTTP/1.1" 200 27
124.78.68.102 - - [15/Jan/2024:09:51:19 +0800] "GET /xingrg/all/function/internal_message.html?_=1705283479794&CODE_STATE=getMsg HTTP/1.1" 200 27
180.169.147.146 - - [15/Jan/2024:09:51:20 +0800] "POST /xingrg/dwr/call/plaincall/AjaxReportQueryService.refreshCache.dwr HTTP/1.1" 200 78
218.81.65.124 - - [15/Jan/2024:09:51:21 +0800] "POST /xingrg/dwr/call/plaincall/AjaxCheckService.setItemNumber.dwr HTTP/1.1" 200 77
218.81.65.124 - - [15/Jan/2024:09:51:21 +0800] "GET /xingrg/all/function/internal_message.html?_=1705283481401&CODE_STATE=getMsg HTTP/1.1" 200 27
218.81.65.124 - - [15/Jan/2024:09:51:21 +0800] "GET /xingrg/check_reg.html?_=1705283481402 HTTP/1.1" 200 22
222.70.115.1 - - [15/Jan/2024:09:51:22 +0800] "GET /xingrg/all/function/internal_message.html?_=1705283482308&CODE_STATE=getMsg HTTP/1.1" 302 -
218.81.65.124 - - [15/Jan/2024:09:51:22 +0800] "POST /xingrg/dwr/call/plaincall/AjaxCheckService.setItemNumber.dwr HTTP/1.1" 200 77
218.81.65.124 - - [15/Jan/2024:09:51:23 +0800] "POST /xingrg/dwr/call/plaincall/AjaxCheckService.setItemNumber.dwr HTTP/1.1" 200 77
218.81.65.124 - - [15/Jan/2024:09:51:23 +0800] "POST /xingrg/dwr/call/plaincall/AjaxCheckService.setItemNumber.dwr HTTP/1.1" 200 77
180.169.147.146 - - [15/Jan/2024:09:51:23 +0800] "POST /xingrg/all/report/load_report_page.html HTTP/1.1" 200 52657
180.169.147.146 - - [15/Jan/2024:09:51:23 +0800] "GET /xingrg/servlets/image?cache=0.5115928684806385&image=px HTTP/1.1" 200 807
218.81.65.124 - - [15/Jan/2024:09:51:24 +0800] "POST /xingrg/dwr/call/plaincall/AjaxCheckService.setItemNumber.dwr HTTP/1.1" 200 77
114.95.241.104 - - [15/Jan/2024:09:51:24 +0800] "GET /xingrg/all/function/internal_message.html?_=1705283484733&CODE_STATE=getMsg HTTP/1.1" 200 27
218.81.65.124 - - [15/Jan/2024:09:51:25 +0800] "POST /xingrg/dwr/call/plaincall/AjaxCheckService.setItemNumber.dwr HTTP/1.1" 200 77
218.81.65.124 - - [15/Jan/2024:09:51:25 +0800] "POST /xingrg/dwr/call/plaincall/AjaxCheckService.setItemNumber.dwr HTTP/1.1" 200 77
218.81.65.124 - - [15/Jan/2024:09:51:26 +0800] "POST /xingrg/dwr/call/plaincall/AjaxCheckService.setItemNumber.dwr HTTP/1.1" 200 77
218.81.65.124 - - [15/Jan/2024:09:51:28 +0800] "POST /xingrg/dwr/call/plaincall/AjaxCheckService.setItemNumber.dwr HTTP/1.1" 200 77
218.81.65.124 - - [15/Jan/2024:09:51:28 +0800] "POST /xingrg/dwr/call/plaincall/AjaxCheckService.setItemNumber.dwr HTTP/1.1" 200 77
218.81.65.124 - - [15/Jan/2024:09:51:29 +0800] "POST /xingrg/dwr/call/plaincall/AjaxCheckService.setItemNumber.dwr HTTP/1.1" 200 77
218.81.65.124 - - [15/Jan/2024:09:51:29 +0800] "POST /xingrg/dwr/call/plaincall/AjaxCheckService.setItemNumber.dwr HTTP/1.1" 200 77
218.81.65.124 - - [15/Jan/2024:09:51:29 +0800] "POST /xingrg/dwr/call/plaincall/AjaxCheckService.setItemNumber.dwr HTTP/1.1" 200 77
218.81.65.124 - - [15/Jan/2024:09:51:30 +0800] "POST /xingrg/dwr/call/plaincall/AjaxCheckService.setItemNumber.dwr HTTP/1.1" 200 77
218.81.65.124 - - [15/Jan/2024:09:51:30 +0800] "POST /xingrg/dwr/call/plaincall/AjaxCheckService.setItemNumber.dwr HTTP/1.1" 200 77
218.81.65.124 - - [15/Jan/2024:09:51:30 +0800] "POST /xingrg/dwr/call/plaincall/AjaxCheckService.setItemNumber.dwr HTTP/1.1" 200 77
218.81.65.124 - - [15/Jan/2024:09:51:31 +0800] "POST /xingrg/dwr/call/plaincall/AjaxCheckService.setItemNumber.dwr HTTP/1.1" 200 77
218.81.65.124 - - [15/Jan/2024:09:51:32 +0800] "POST /xingrg/dwr/call/plaincall/AjaxCheckService.setItemNumber.dwr HTTP/1.1" 200 77
101.83.145.37 - - [15/Jan/2024:09:51:32 +0800] "GET /xingrg/all/function/internal_message.html?_=1705283494079&CODE_STATE=getMsg HTTP/1.1" 200 27
101.83.145.37 - - [15/Jan/2024:09:51:32 +0800] "GET /xingrg/check_reg.html?_=1705283494075 HTTP/1.1" 200 22
218.81.65.124 - - [15/Jan/2024:09:51:32 +0800] "POST /xingrg/dwr/call/plaincall/AjaxCheckService.setItemNumber.dwr HTTP/1.1" 200 77
218.81.65.124 - - [15/Jan/2024:09:51:32 +0800] "POST /xingrg/dwr/call/plaincall/AjaxCheckService.setItemNumber.dwr HTTP/1.1" 200 77
218.81.65.124 - - [15/Jan/2024:09:51:33 +0800] "POST /xingrg/dwr/call/plaincall/AjaxCheckService.setItemNumber.dwr HTTP/1.1" 200 77
218.81.65.124 - - [15/Jan/2024:09:51:33 +0800] "POST /xingrg/dwr/call/plaincall/AjaxCheckService.setItemNumber.dwr HTTP/1.1" 200 77
218.81.65.124 - - [15/Jan/2024:09:51:34 +0800] "POST /xingrg/dwr/call/plaincall/AjaxCheckService.setItemNumber.dwr HTTP/1.1" 200 77
218.81.65.124 - - [15/Jan/2024:09:51:34 +0800] "POST /xingrg/dwr/call/plaincall/AjaxCheckService.setItemNumber.dwr HTTP/1.1" 200 77
218.81.65.124 - - [15/Jan/2024:09:51:35 +0800] "POST /xingrg/dwr/call/plaincall/AjaxCheckService.setItemNumber.dwr HTTP/1.1" 200 77
218.81.65.124 - - [15/Jan/2024:09:51:35 +0800] "POST /xingrg/dwr/call/plaincall/AjaxCheckService.setItemNumber.dwr HTTP/1.1" 200 77
218.81.65.124 - - [15/Jan/2024:09:51:35 +0800] "POST /xingrg/dwr/call/plaincall/AjaxCheckService.setItemNumber.dwr HTTP/1.1" 200 77
180.169.147.146 - - [15/Jan/2024:09:51:36 +0800] "POST /xingrg/dwr/call/plaincall/AjaxReportQueryService.refreshCache.dwr HTTP/1.1" 200 78
218.81.65.124 - - [15/Jan/2024:09:51:36 +0800] "POST /xingrg/dwr/call/plaincall/AjaxCheckService.setItemNumber.dwr HTTP/1.1" 200 77
218.81.65.124 - - [15/Jan/2024:09:51:37 +0800] "POST /xingrg/dwr/call/plaincall/AjaxCheckService.setItemNumber.dwr HTTP/1.1" 200 77
218.81.65.124 - - [15/Jan/2024:09:51:38 +0800] "POST /xingrg/dwr/call/plaincall/AjaxCheckService.setItemNumber.dwr HTTP/1.1" 200 77
218.81.65.124 - - [15/Jan/2024:09:51:38 +0800] "POST /xingrg/dwr/call/plaincall/AjaxCheckService.setItemNumber.dwr HTTP/1.1" 200 77
114.83.220.51 - - [15/Jan/2024:09:51:38 +0800] "POST /xingrg/kc/buy/cgsh_list_operate.html HTTP/1.1" 200 6162
218.81.65.124 - - [15/Jan/2024:09:51:38 +0800] "POST /xingrg/dwr/call/plaincall/AjaxCheckService.setItemNumber.dwr HTTP/1.1" 200 77
218.81.65.124 - - [15/Jan/2024:09:51:39 +0800] "POST /xingrg/dwr/call/plaincall/AjaxCheckService.setItemNumber.dwr HTTP/1.1" 200 77
218.81.65.124 - - [15/Jan/2024:09:51:39 +0800] "POST /xingrg/dwr/call/plaincall/AjaxCheckService.setItemNumber.dwr HTTP/1.1" 200 77
180.169.147.146 - - [15/Jan/2024:09:51:39 +0800] "POST /xingrg/all/report/load_report_page.html HTTP/1.1" 200 52535
180.169.147.146 - - [15/Jan/2024:09:51:39 +0800] "GET /xingrg/servlets/image?cache=0.2726805971086481&image=px HTTP/1.1" 200 807
218.81.65.124 - - [15/Jan/2024:09:51:43 +0800] "POST /xingrg/dwr/call/plaincall/AjaxCheckService.setItemNumber.dwr HTTP/1.1" 200 77
218.81.65.124 - - [15/Jan/2024:09:51:45 +0800] "POST /xingrg/dwr/call/plaincall/AjaxCheckService.setItemNumber.dwr HTTP/1.1" 200 77
218.81.65.124 - - [15/Jan/2024:09:51:45 +0800] "POST /xingrg/dwr/call/plaincall/AjaxCheckService.setItemNumber.dwr HTTP/1.1" 200 77
180.169.147.146 - - [15/Jan/2024:09:51:45 +0800] "GET /xingrg/all/function/internal_message.html?_=1705283505571&CODE_STATE=getMsg HTTP/1.1" 200 27
218.81.65.124 - - [15/Jan/2024:09:51:46 +0800] "POST /xingrg/dwr/call/plaincall/AjaxCheckService.setItemNumber.dwr HTTP/1.1" 200 77
218.81.65.124 - - [15/Jan/2024:09:51:46 +0800] "POST /xingrg/dwr/call/plaincall/AjaxCheckService.setItemNumber.dwr HTTP/1.1" 200 77
180.169.147.146 - - [15/Jan/2024:09:51:46 +0800] "POST /xingrg/dwr/call/plaincall/AjaxReportQueryService.refreshCache.dwr HTTP/1.1" 200 78
218.81.65.124 - - [15/Jan/2024:09:51:47 +0800] "POST /xingrg/dwr/call/plaincall/AjaxCheckService.setItemNumber.dwr HTTP/1.1" 200 77
101.228.146.191 - - [15/Jan/2024:09:51:48 +0800] "GET /xingrg/all/function/internal_message.html?_=1705283506567&CODE_STATE=getMsg HTTP/1.1" 200 27
222.69.134.207 - - [15/Jan/2024:09:51:48 +0800] "GET /xingrg/check_reg.html?_=1705283510057 HTTP/1.1" 200 22
222.69.134.207 - - [15/Jan/2024:09:51:48 +0800] "GET /xingrg/all/function/internal_message.html?_=1705283510062&CODE_STATE=getMsg HTTP/1.1" 200 27
116.230.123.222 - - [15/Jan/2024:09:51:48 +0800] "GET /xingrg/all/function/internal_message.html?_=1705283508936&CODE_STATE=getMsg HTTP/1.1" 200 27
218.81.65.124 - - [15/Jan/2024:09:51:49 +0800] "POST /xingrg/dwr/call/plaincall/AjaxCheckService.setItemNumber.dwr HTTP/1.1" 200 77
218.81.65.124 - - [15/Jan/2024:09:51:49 +0800] "POST /xingrg/dwr/call/plaincall/AjaxCheckService.setItemNumber.dwr HTTP/1.1" 200 77
218.81.65.124 - - [15/Jan/2024:09:51:49 +0800] "POST /xingrg/dwr/call/plaincall/AjaxCheckService.setItemNumber.dwr HTTP/1.1" 200 77
180.169.147.146 - - [15/Jan/2024:09:51:49 +0800] "POST /xingrg/all/report/load_report_page.html HTTP/1.1" 200 52623
218.81.65.124 - - [15/Jan/2024:09:51:49 +0800] "POST /xingrg/dwr/call/plaincall/AjaxCheckService.setItemNumber.dwr HTTP/1.1" 200 77
180.169.147.146 - - [15/Jan/2024:09:51:49 +0800] "GET /xingrg/servlets/image?cache=0.04289016004770674&image=px HTTP/1.1" 200 807
218.81.65.124 - - [15/Jan/2024:09:51:49 +0800] "POST /xingrg/dwr/call/plaincall/AjaxCheckService.setItemNumber.dwr HTTP/1.1" 200 77
218.81.65.124 - - [15/Jan/2024:09:51:50 +0800] "POST /xingrg/dwr/call/plaincall/AjaxCheckService.setItemNumber.dwr HTTP/1.1" 200 77
218.81.65.124 - - [15/Jan/2024:09:51:51 +0800] "POST /xingrg/dwr/call/plaincall/AjaxCheckService.setItemNumber.dwr HTTP/1.1" 200 77
116.232.193.168 - - [15/Jan/2024:09:51:51 +0800] "GET /xingrg/all/function/internal_message.html?_=1705283446536&CODE_STATE=getMsg HTTP/1.1" 200 27
114.83.220.51 - - [15/Jan/2024:09:51:51 +0800] "GET /xingrg/all/function/internal_message.html?_=1705283511243&CODE_STATE=getMsg HTTP/1.1" 200 27
218.81.65.124 - - [15/Jan/2024:09:51:51 +0800] "POST /xingrg/dwr/call/plaincall/AjaxCheckService.setItemNumber.dwr HTTP/1.1" 200 77
218.81.65.124 - - [15/Jan/2024:09:51:51 +0800] "POST /xingrg/dwr/call/plaincall/AjaxCheckService.setItemNumber.dwr HTTP/1.1" 200 77
180.169.147.146 - - [15/Jan/2024:09:51:52 +0800] "GET /xingrg/all/function/internal_message.html?_=1705283512022&CODE_STATE=getMsg HTTP/1.1" 200 27
218.81.65.124 - - [15/Jan/2024:09:51:52 +0800] "POST /xingrg/dwr/call/plaincall/AjaxCheckService.setItemNumber.dwr HTTP/1.1" 200 77
124.78.154.219 - - [15/Jan/2024:09:51:52 +0800] "GET /xingrg/check_reg.html?_=1705283509348 HTTP/1.1" 200 22
124.78.154.219 - - [15/Jan/2024:09:51:52 +0800] "GET /xingrg/all/function/internal_message.html?_=1705283509353&CODE_STATE=getMsg HTTP/1.1" 200 27
218.81.65.124 - - [15/Jan/2024:09:51:53 +0800] "POST /xingrg/dwr/call/plaincall/AjaxCheckService.setItemNumber.dwr HTTP/1.1" 200 77
218.81.65.124 - - [15/Jan/2024:09:51:54 +0800] "POST /xingrg/dwr/call/plaincall/AjaxCheckService.setItemNumber.dwr HTTP/1.1" 200 77
218.81.65.124 - - [15/Jan/2024:09:51:54 +0800] "POST /xingrg/dwr/call/plaincall/AjaxCheckService.setItemNumber.dwr HTTP/1.1" 200 77
218.81.65.124 - - [15/Jan/2024:09:51:54 +0800] "POST /xingrg/dwr/call/plaincall/AjaxCheckService.setItemNumber.dwr HTTP/1.1" 200 77
218.81.65.124 - - [15/Jan/2024:09:51:55 +0800] "POST /xingrg/dwr/call/plaincall/AjaxCheckService.setItemNumber.dwr HTTP/1.1" 200 77
218.81.65.124 - - [15/Jan/2024:09:51:55 +0800] "POST /xingrg/dwr/call/plaincall/AjaxCheckService.setItemNumber.dwr HTTP/1.1" 200 77
218.81.65.124 - - [15/Jan/2024:09:51:57 +0800] "POST /xingrg/dwr/call/plaincall/AjaxCheckService.setItemNumber.dwr HTTP/1.1" 200 77
218.81.65.124 - - [15/Jan/2024:09:51:59 +0800] "POST /xingrg/dwr/call/plaincall/AjaxCheckService.setItemNumber.dwr HTTP/1.1" 200 77
180.169.147.146 - - [15/Jan/2024:09:51:59 +0800] "POST /xingrg/dwr/call/plaincall/AjaxReportQueryService.refreshCache.dwr HTTP/1.1" 200 78
120.253.135.82 - - [15/Jan/2024:09:52:00 +0800] "GET /xingrg/all/function/internal_message.html?_=1705283341652&CODE_STATE=getMsg HTTP/1.1" 200 27
116.235.93.185 - - [15/Jan/2024:09:52:02 +0800] "GET /xingrg/all/function/internal_message.html?_=1705283858818&CODE_STATE=getMsg HTTP/1.1" 200 27
218.81.65.124 - - [15/Jan/2024:09:52:02 +0800] "POST /xingrg/dwr/call/plaincall/AjaxCheckService.setItemNumber.dwr HTTP/1.1" 200 77
218.81.65.124 - - [15/Jan/2024:09:52:02 +0800] "POST /xingrg/dwr/call/plaincall/AjaxCheckService.setItemNumber.dwr HTTP/1.1" 200 77
218.81.65.124 - - [15/Jan/2024:09:52:02 +0800] "POST /xingrg/dwr/call/plaincall/AjaxCheckService.setItemNumber.dwr HTTP/1.1" 200 77
180.169.147.146 - - [15/Jan/2024:09:52:02 +0800] "POST /xingrg/all/report/load_report_page.html HTTP/1.1" 200 52566
218.81.65.124 - - [15/Jan/2024:09:52:02 +0800] "POST /xingrg/dwr/call/plaincall/AjaxCheckService.setItemNumber.dwr HTTP/1.1" 200 77
180.169.147.146 - - [15/Jan/2024:09:52:02 +0800] "GET /xingrg/servlets/image?cache=0.6717757542718683&image=px HTTP/1.1" 200 807
114.83.220.51 - - [15/Jan/2024:09:52:02 +0800] "POST /xingrg/kc/buy/cgsh_list_operate.html HTTP/1.1" 200 6162
218.81.65.124 - - [15/Jan/2024:09:52:04 +0800] "POST /xingrg/dwr/call/plaincall/AjaxCheckService.setItemNumber.dwr HTTP/1.1" 200 77
218.81.65.124 - - [15/Jan/2024:09:52:04 +0800] "POST /xingrg/dwr/call/plaincall/AjaxCheckService.setItemNumber.dwr HTTP/1.1" 200 77
218.81.65.124 - - [15/Jan/2024:09:52:05 +0800] "POST /xingrg/dwr/call/plaincall/AjaxCheckService.setItemNumber.dwr HTTP/1.1" 200 77
218.81.65.124 - - [15/Jan/2024:09:52:05 +0800] "POST /xingrg/dwr/call/plaincall/AjaxCheckService.setItemNumber.dwr HTTP/1.1" 200 77
218.81.65.124 - - [15/Jan/2024:09:52:06 +0800] "POST /xingrg/dwr/call/plaincall/AjaxCheckService.setItemNumber.dwr HTTP/1.1" 200 77
218.81.65.124 - - [15/Jan/2024:09:52:07 +0800] "POST /xingrg/dwr/call/plaincall/AjaxCheckService.setItemNumber.dwr HTTP/1.1" 200 77
218.81.65.124 - - [15/Jan/2024:09:52:08 +0800] "POST /xingrg/dwr/call/plaincall/AjaxCheckService.setItemNumber.dwr HTTP/1.1" 200 77
116.232.193.168 - - [15/Jan/2024:09:52:08 +0800] "GET /xingrg/all/function/internal_message.html?_=1705283464009&CODE_STATE=getMsg HTTP/1.1" 200 27
116.232.193.168 - - [15/Jan/2024:09:52:11 +0800] "GET /xingrg/all/function/internal_message.html?_=1705283467334&CODE_STATE=getMsg HTTP/1.1" 200 27
218.81.65.124 - - [15/Jan/2024:09:52:12 +0800] "POST /xingrg/dwr/call/plaincall/AjaxCheckService.setItemNumber.dwr HTTP/1.1" 200 77
218.81.65.124 - - [15/Jan/2024:09:52:13 +0800] "POST /xingrg/dwr/call/plaincall/AjaxCheckService.setItemNumber.dwr HTTP/1.1" 200 77
114.95.241.104 - - [15/Jan/2024:09:52:13 +0800] "GET /xingrg/all/function/internal_message.html?_=1705283533321&CODE_STATE=getMsg HTTP/1.1" 200 27
218.81.65.124 - - [15/Jan/2024:09:52:13 +0800] "POST /xingrg/dwr/call/plaincall/AjaxCheckService.setItemNumber.dwr HTTP/1.1" 200 77
218.81.65.124 - - [15/Jan/2024:09:52:14 +0800] "POST /xingrg/dwr/call/plaincall/AjaxCheckService.setItemNumber.dwr HTTP/1.1" 200 77
218.81.65.124 - - [15/Jan/2024:09:52:15 +0800] "POST /xingrg/dwr/call/plaincall/AjaxCheckService.setItemNumber.dwr HTTP/1.1" 200 77
218.81.65.124 - - [15/Jan/2024:09:52:15 +0800] "POST /xingrg/dwr/call/plaincall/AjaxCheckService.setItemNumber.dwr HTTP/1.1" 200 77
218.81.65.124 - - [15/Jan/2024:09:52:15 +0800] "POST /xingrg/dwr/call/plaincall/AjaxCheckService.setItemNumber.dwr HTTP/1.1" 200 77
218.81.65.124 - - [15/Jan/2024:09:52:16 +0800] "POST /xingrg/dwr/call/plaincall/AjaxCheckService.setItemNumber.dwr HTTP/1.1" 200 77
218.81.65.124 - - [15/Jan/2024:09:52:16 +0800] "POST /xingrg/dwr/call/plaincall/AjaxCheckService.setItemNumber.dwr HTTP/1.1" 200 77
114.95.241.104 - - [15/Jan/2024:09:52:17 +0800] "GET /xingrg/all/function/internal_message.html?_=1705283536968&CODE_STATE=getMsg HTTP/1.1" 200 27
218.81.65.124 - - [15/Jan/2024:09:52:17 +0800] "POST /xingrg/dwr/call/plaincall/AjaxCheckService.setItemNumber.dwr HTTP/1.1" 200 77
180.164.1.25 - - [15/Jan/2024:09:52:17 +0800] "GET /xingrg/all/function/internal_message.html?_=1705283536736&CODE_STATE=getMsg HTTP/1.1" 200 27
180.169.147.146 - - [15/Jan/2024:09:52:17 +0800] "POST /xingrg/dwr/call/plaincall/AjaxReportQueryService.refreshCache.dwr HTTP/1.1" 200 78
218.81.65.124 - - [15/Jan/2024:09:52:17 +0800] "POST /xingrg/dwr/call/plaincall/AjaxCheckService.setItemNumber.dwr HTTP/1.1" 200 77
124.78.68.102 - - [15/Jan/2024:09:52:19 +0800] "GET /xingrg/all/function/internal_message.html?_=1705283539791&CODE_STATE=getMsg HTTP/1.1" 200 27
180.169.147.146 - - [15/Jan/2024:09:52:20 +0800] "POST /xingrg/all/report/load_report_page.html HTTP/1.1" 200 52629
180.169.147.146 - - [15/Jan/2024:09:52:20 +0800] "GET /xingrg/servlets/image?cache=0.04777811502699891&image=px HTTP/1.1" 200 807
116.232.193.168 - - [15/Jan/2024:09:52:20 +0800] "GET /xingrg/check_reg.html?_=1705283476444 HTTP/1.1" 200 22
218.81.65.124 - - [15/Jan/2024:09:52:21 +0800] "GET /xingrg/all/function/internal_message.html?_=1705283541389&CODE_STATE=getMsg HTTP/1.1" 200 27
222.70.115.1 - - [15/Jan/2024:09:52:22 +0800] "GET /xingrg/all/function/internal_message.html?_=1705283542312&CODE_STATE=getMsg HTTP/1.1" 302 -
114.95.241.104 - - [15/Jan/2024:09:52:24 +0800] "GET /xingrg/all/function/internal_message.html?_=1705283544732&CODE_STATE=getMsg HTTP/1.1" 200 27
218.81.65.124 - - [15/Jan/2024:09:52:28 +0800] "POST /xingrg/dwr/call/plaincall/AjaxCheckService.setItemNumber.dwr HTTP/1.1" 200 77
218.81.65.124 - - [15/Jan/2024:09:52:31 +0800] "POST /xingrg/dwr/call/plaincall/AjaxCheckService.setItemNumber.dwr HTTP/1.1" 200 77
218.81.65.124 - - [15/Jan/2024:09:52:31 +0800] "POST /xingrg/dwr/call/plaincall/AjaxCheckService.setItemNumber.dwr HTTP/1.1" 200 77
101.83.145.37 - - [15/Jan/2024:09:52:32 +0800] "GET /xingrg/all/function/internal_message.html?_=1705283554082&CODE_STATE=getMsg HTTP/1.1" 200 27
218.81.65.124 - - [15/Jan/2024:09:52:32 +0800] "POST /xingrg/dwr/call/plaincall/AjaxCheckService.setItemNumber.dwr HTTP/1.1" 200 77
116.232.193.168 - - [15/Jan/2024:09:52:33 +0800] "GET /xingrg/check_reg.html?_=1705283488954 HTTP/1.1" 200 22
114.83.220.51 - - [15/Jan/2024:09:52:33 +0800] "POST /xingrg/services/DataTransmitService HTTP/1.1" 200 524
218.81.65.124 - - [15/Jan/2024:09:52:34 +0800] "POST /xingrg/dwr/call/plaincall/AjaxCheckService.setItemNumber.dwr HTTP/1.1" 200 77
218.81.65.124 - - [15/Jan/2024:09:52:35 +0800] "POST /xingrg/dwr/call/plaincall/AjaxCheckService.setItemNumber.dwr HTTP/1.1" 200 78
218.81.65.124 - - [15/Jan/2024:09:52:36 +0800] "POST /xingrg/dwr/call/plaincall/AjaxCheckService.setItemNumber.dwr HTTP/1.1" 200 78
218.81.65.124 - - [15/Jan/2024:09:52:37 +0800] "POST /xingrg/dwr/call/plaincall/AjaxCheckService.setItemNumber.dwr HTTP/1.1" 200 78
218.81.65.124 - - [15/Jan/2024:09:52:37 +0800] "POST /xingrg/dwr/call/plaincall/AjaxCheckService.setItemNumber.dwr HTTP/1.1" 200 78
218.81.65.124 - - [15/Jan/2024:09:52:38 +0800] "POST /xingrg/dwr/call/plaincall/AjaxCheckService.setItemNumber.dwr HTTP/1.1" 200 78
218.81.65.124 - - [15/Jan/2024:09:52:39 +0800] "POST /xingrg/dwr/call/plaincall/AjaxCheckService.setItemNumber.dwr HTTP/1.1" 200 78
218.81.65.124 - - [15/Jan/2024:09:52:40 +0800] "POST /xingrg/dwr/call/plaincall/AjaxCheckService.setItemNumber.dwr HTTP/1.1" 200 78
114.95.241.104 - - [15/Jan/2024:09:52:45 +0800] "GET /xingrg/kc/buy/cgsh_order_operate.html?command=get_materiel&rest_code=00151&code=00101008096&supplier_code=00100008&order_time=2024-01-15 HTTP/1.1" 200 412
180.169.147.146 - - [15/Jan/2024:09:52:45 +0800] "GET /xingrg/all/function/internal_message.html?_=1705283565582&CODE_STATE=getMsg HTTP/1.1" 200 27
101.228.146.191 - - [15/Jan/2024:09:52:47 +0800] "GET /xingrg/all/function/internal_message.html?_=1705283566566&CODE_STATE=getMsg HTTP/1.1" 200 27
222.69.134.207 - - [15/Jan/2024:09:52:48 +0800] "GET /xingrg/all/function/internal_message.html?_=1705283570051&CODE_STATE=getMsg HTTP/1.1" 200 27
116.230.123.222 - - [15/Jan/2024:09:52:48 +0800] "GET /xingrg/all/function/internal_message.html?_=1705283568940&CODE_STATE=getMsg HTTP/1.1" 200 27
116.232.193.168 - - [15/Jan/2024:09:52:51 +0800] "GET /xingrg/all/function/internal_message.html?_=1705283506525&CODE_STATE=getMsg HTTP/1.1" 200 27
114.83.220.51 - - [15/Jan/2024:09:52:51 +0800] "GET /xingrg/all/function/internal_message.html?_=1705283571247&CODE_STATE=getMsg HTTP/1.1" 200 27
180.169.147.146 - - [15/Jan/2024:09:52:52 +0800] "GET /xingrg/all/function/internal_message.html?_=1705283572011&CODE_STATE=getMsg HTTP/1.1" 200 27
124.78.154.219 - - [15/Jan/2024:09:52:52 +0800] "GET /xingrg/all/function/internal_message.html?_=1705283569358&CODE_STATE=getMsg HTTP/1.1" 200 27
114.83.220.51 - - [15/Jan/2024:09:52:54 +0800] "POST /xingrg/kc/buy/cgsh_list_operate.html HTTP/1.1" 200 4305
218.81.65.124 - - [15/Jan/2024:09:52:54 +0800] "POST /xingrg/dwr/call/plaincall/AjaxCheckService.setItemNumber.dwr HTTP/1.1" 200 78
114.95.241.104 - - [15/Jan/2024:09:52:56 +0800] "GET /xingrg/kc/buy/cgsh_order_operate.html?command=get_materiel&rest_code=00151&code=00101008017&supplier_code=00100008&order_time=2024-01-15 HTTP/1.1" 200 416
218.81.65.124 - - [15/Jan/2024:09:52:57 +0800] "POST /xingrg/dwr/call/plaincall/AjaxCheckService.setItemNumber.dwr HTTP/1.1" 200 78
218.81.65.124 - - [15/Jan/2024:09:52:58 +0800] "POST /xingrg/dwr/call/plaincall/AjaxCheckService.setItemNumber.dwr HTTP/1.1" 200 78
120.253.135.82 - - [15/Jan/2024:09:52:59 +0800] "GET /xingrg/check_reg.html?_=1705283400615 HTTP/1.1" 200 22
218.81.65.124 - - [15/Jan/2024:09:52:59 +0800] "POST /xingrg/dwr/call/plaincall/AjaxCheckService.setItemNumber.dwr HTTP/1.1" 200 78
120.253.135.82 - - [15/Jan/2024:09:53:00 +0800] "GET /xingrg/all/function/internal_message.html?_=1705283401664&CODE_STATE=getMsg HTTP/1.1" 200 27
218.81.65.124 - - [15/Jan/2024:09:53:00 +0800] "POST /xingrg/dwr/call/plaincall/AjaxCheckService.setItemNumber.dwr HTTP/1.1" 200 78
218.81.65.124 - - [15/Jan/2024:09:53:01 +0800] "POST /xingrg/dwr/call/plaincall/AjaxCheckService.setItemNumber.dwr HTTP/1.1" 200 78
218.81.65.124 - - [15/Jan/2024:09:53:01 +0800] "POST /xingrg/dwr/call/plaincall/AjaxCheckService.setItemNumber.dwr HTTP/1.1" 200 78
116.235.93.185 - - [15/Jan/2024:09:53:02 +0800] "GET /xingrg/all/function/internal_message.html?_=1705283918800&CODE_STATE=getMsg HTTP/1.1" 200 27
218.81.65.124 - - [15/Jan/2024:09:53:02 +0800] "POST /xingrg/dwr/call/plaincall/AjaxCheckService.setItemNumber.dwr HTTP/1.1" 200 78
218.81.65.124 - - [15/Jan/2024:09:53:03 +0800] "POST /xingrg/dwr/call/plaincall/AjaxCheckService.setItemNumber.dwr HTTP/1.1" 200 78
114.95.241.104 - - [15/Jan/2024:09:53:04 +0800] "GET /xingrg/kc/buy/cgsh_order_operate.html?command=get_materiel&rest_code=00151&code=00101008141&supplier_code=00100008&order_time=2024-01-15 HTTP/1.1" 200 412
218.81.65.124 - - [15/Jan/2024:09:53:06 +0800] "POST /xingrg/dwr/call/plaincall/AjaxCheckService.setItemNumber.dwr HTTP/1.1" 200 78
218.81.65.124 - - [15/Jan/2024:09:53:06 +0800] "POST /xingrg/dwr/call/plaincall/AjaxCheckService.setItemNumber.dwr HTTP/1.1" 200 78
218.81.65.124 - - [15/Jan/2024:09:53:07 +0800] "POST /xingrg/dwr/call/plaincall/AjaxCheckService.setItemNumber.dwr HTTP/1.1" 200 78
116.232.193.168 - - [15/Jan/2024:09:53:08 +0800] "GET /xingrg/all/function/internal_message.html?_=1705283524002&CODE_STATE=getMsg HTTP/1.1" 200 27
114.83.220.51 - - [15/Jan/2024:09:53:10 +0800] "POST /xingrg/kc/buy/cgsh_list_operate.html HTTP/1.1" 200 436
116.232.193.168 - - [15/Jan/2024:09:53:11 +0800] "GET /xingrg/all/function/internal_message.html?_=1705283527319&CODE_STATE=getMsg HTTP/1.1" 200 27
114.83.220.51 - - [15/Jan/2024:09:53:12 +0800] "GET /xingrg/kc/buy/cgsh_order_info.html?code=212024011405691 HTTP/1.1" 200 73046
114.83.220.51 - - [15/Jan/2024:09:53:13 +0800] "GET /xingrg/javascript/easyui/themes/default/validatebox.css HTTP/1.1" 404 1104
114.95.241.104 - - [15/Jan/2024:09:53:13 +0800] "GET /xingrg/all/function/internal_message.html?_=1705283593320&CODE_STATE=getMsg HTTP/1.1" 200 27
114.95.241.104 - - [15/Jan/2024:09:53:13 +0800] "GET /xingrg/kc/buy/cgsh_order_operate.html?command=get_materiel&rest_code=00151&code=00101008355&supplier_code=00100008&order_time=2024-01-15 HTTP/1.1" 200 429
114.83.220.51 - - [15/Jan/2024:09:53:14 +0800] "POST /xingrg/kc/buy/cgsh_order_operate.html HTTP/1.1" 200 4460
114.95.241.104 - - [15/Jan/2024:09:53:17 +0800] "GET /xingrg/all/function/internal_message.html?_=1705283596948&CODE_STATE=getMsg HTTP/1.1" 200 27
180.164.1.25 - - [15/Jan/2024:09:53:17 +0800] "GET /xingrg/all/function/internal_message.html?_=1705283596725&CODE_STATE=getMsg HTTP/1.1" 200 27
124.78.68.102 - - [15/Jan/2024:09:53:19 +0800] "GET /xingrg/all/function/internal_message.html?_=1705283599764&CODE_STATE=getMsg HTTP/1.1" 200 27
218.81.65.124 - - [15/Jan/2024:09:53:21 +0800] "GET /xingrg/all/function/internal_message.html?_=1705283601394&CODE_STATE=getMsg HTTP/1.1" 200 27
114.95.241.104 - - [15/Jan/2024:09:53:21 +0800] "GET /xingrg/kc/buy/cgsh_order_operate.html?command=get_materiel&rest_code=00151&code=00101008356&supplier_code=00100008&order_time=2024-01-15 HTTP/1.1" 200 428
222.70.115.1 - - [15/Jan/2024:09:53:22 +0800] "GET /xingrg/all/function/internal_message.html?_=1705283602317&CODE_STATE=getMsg HTTP/1.1" 302 -
116.235.93.185 - - [15/Jan/2024:09:53:24 +0800] "GET /xingrg/check_reg.html?_=1705283941028 HTTP/1.1" 200 22
218.81.65.124 - - [15/Jan/2024:09:53:24 +0800] "POST /xingrg/dwr/call/plaincall/AjaxCheckService.setItemNumber.dwr HTTP/1.1" 200 78
114.95.241.104 - - [15/Jan/2024:09:53:24 +0800] "GET /xingrg/all/function/internal_message.html?_=1705283604733&CODE_STATE=getMsg HTTP/1.1" 200 27
114.83.220.51 - - [15/Jan/2024:09:53:25 +0800] "GET /xingrg/kc/print/load_data.html?order_code=212024011405691&kc_code=cgsh&condition= HTTP/1.1" 200 1386
218.81.65.124 - - [15/Jan/2024:09:53:26 +0800] "POST /xingrg/dwr/call/plaincall/AjaxCheckService.setItemNumber.dwr HTTP/1.1" 200 78
218.81.65.124 - - [15/Jan/2024:09:53:27 +0800] "POST /xingrg/dwr/call/plaincall/AjaxCheckService.setItemNumber.dwr HTTP/1.1" 200 78
218.81.65.124 - - [15/Jan/2024:09:53:28 +0800] "POST /xingrg/dwr/call/plaincall/AjaxCheckService.setItemNumber.dwr HTTP/1.1" 200 78
218.81.65.124 - - [15/Jan/2024:09:53:29 +0800] "POST /xingrg/dwr/call/plaincall/AjaxCheckService.setItemNumber.dwr HTTP/1.1" 200 78
114.95.241.104 - - [15/Jan/2024:09:53:29 +0800] "GET /xingrg/kc/buy/cgsh_order_operate.html?command=get_materiel&rest_code=00151&code=00101008137&supplier_code=00100008&order_time=2024-01-15 HTTP/1.1" 200 408
218.81.65.124 - - [15/Jan/2024:09:53:30 +0800] "POST /xingrg/dwr/call/plaincall/AjaxCheckService.setItemNumber.dwr HTTP/1.1" 200 78
218.81.65.124 - - [15/Jan/2024:09:53:32 +0800] "POST /xingrg/dwr/call/plaincall/AjaxCheckService.setItemNumber.dwr HTTP/1.1" 200 78
101.83.145.37 - - [15/Jan/2024:09:53:32 +0800] "GET /xingrg/all/function/internal_message.html?_=1705283614103&CODE_STATE=getMsg HTTP/1.1" 200 27
218.81.65.124 - - [15/Jan/2024:09:53:32 +0800] "POST /xingrg/dwr/call/plaincall/AjaxCheckService.setItemNumber.dwr HTTP/1.1" 200 78
218.81.65.124 - - [15/Jan/2024:09:53:33 +0800] "POST /xingrg/dwr/call/plaincall/AjaxCheckService.setItemNumber.dwr HTTP/1.1" 200 78
218.81.65.124 - - [15/Jan/2024:09:53:35 +0800] "POST /xingrg/dwr/call/plaincall/AjaxCheckService.setItemNumber.dwr HTTP/1.1" 200 78
218.81.65.124 - - [15/Jan/2024:09:53:36 +0800] "POST /xingrg/dwr/call/plaincall/AjaxCheckService.setItemNumber.dwr HTTP/1.1" 200 78
114.95.241.104 - - [15/Jan/2024:09:53:36 +0800] "GET /xingrg/kc/buy/cgsh_order_operate.html?command=get_materiel&rest_code=00151&code=00101008362&supplier_code=00100008&order_time=2024-01-15 HTTP/1.1" 200 408
218.81.65.124 - - [15/Jan/2024:09:53:37 +0800] "POST /xingrg/dwr/call/plaincall/AjaxCheckService.setItemNumber.dwr HTTP/1.1" 200 78
218.81.65.124 - - [15/Jan/2024:09:53:37 +0800] "POST /xingrg/dwr/call/plaincall/AjaxCheckService.setItemNumber.dwr HTTP/1.1" 200 78
218.81.65.124 - - [15/Jan/2024:09:53:38 +0800] "POST /xingrg/dwr/call/plaincall/AjaxCheckService.setItemNumber.dwr HTTP/1.1" 200 78
218.81.65.124 - - [15/Jan/2024:09:53:38 +0800] "POST /xingrg/dwr/call/plaincall/AjaxCheckService.setItemNumber.dwr HTTP/1.1" 200 78
218.81.65.124 - - [15/Jan/2024:09:53:39 +0800] "POST /xingrg/dwr/call/plaincall/AjaxCheckService.setItemNumber.dwr HTTP/1.1" 200 78
218.81.65.124 - - [15/Jan/2024:09:53:39 +0800] "POST /xingrg/dwr/call/plaincall/AjaxCheckService.setItemNumber.dwr HTTP/1.1" 200 78
218.81.65.124 - - [15/Jan/2024:09:53:40 +0800] "POST /xingrg/dwr/call/plaincall/AjaxCheckService.setItemNumber.dwr HTTP/1.1" 200 78
218.81.65.124 - - [15/Jan/2024:09:53:40 +0800] "POST /xingrg/dwr/call/plaincall/AjaxCheckService.setItemNumber.dwr HTTP/1.1" 200 78
218.81.65.124 - - [15/Jan/2024:09:53:41 +0800] "POST /xingrg/dwr/call/plaincall/AjaxCheckService.setItemNumber.dwr HTTP/1.1" 200 78
218.81.65.124 - - [15/Jan/2024:09:53:41 +0800] "POST /xingrg/dwr/call/plaincall/AjaxCheckService.setItemNumber.dwr HTTP/1.1" 200 78
218.81.65.124 - - [15/Jan/2024:09:53:42 +0800] "POST /xingrg/dwr/call/plaincall/AjaxCheckService.setItemNumber.dwr HTTP/1.1" 200 78
114.95.241.104 - - [15/Jan/2024:09:53:44 +0800] "GET /xingrg/kc/buy/cgsh_order_operate.html?command=get_materiel&rest_code=00151&code=00101008270&supplier_code=00100008&order_time=2024-01-15 HTTP/1.1" 200 412
180.169.147.146 - - [15/Jan/2024:09:53:45 +0800] "GET /xingrg/all/function/internal_message.html?_=1705283625573&CODE_STATE=getMsg HTTP/1.1" 200 27
116.232.193.168 - - [15/Jan/2024:09:53:46 +0800] "GET /xingrg/check_reg.html?_=1705283561978 HTTP/1.1" 200 22
101.228.146.191 - - [15/Jan/2024:09:53:47 +0800] "GET /xingrg/all/function/internal_message.html?_=1705283626567&CODE_STATE=getMsg HTTP/1.1" 200 27
222.69.134.207 - - [15/Jan/2024:09:53:48 +0800] "GET /xingrg/all/function/internal_message.html?_=1705283630050&CODE_STATE=getMsg HTTP/1.1" 200 27
116.230.123.222 - - [15/Jan/2024:09:53:48 +0800] "GET /xingrg/all/function/internal_message.html?_=1705283628959&CODE_STATE=getMsg HTTP/1.1" 200 27
116.230.123.222 - - [15/Jan/2024:09:53:48 +0800] "GET /xingrg/check_reg.html?_=1705283628960 HTTP/1.1" 200 22
116.232.193.168 - - [15/Jan/2024:09:53:51 +0800] "GET /xingrg/all/function/internal_message.html?_=1705283566501&CODE_STATE=getMsg HTTP/1.1" 200 27
114.83.220.51 - - [15/Jan/2024:09:53:51 +0800] "GET /xingrg/all/function/internal_message.html?_=1705283631276&CODE_STATE=getMsg HTTP/1.1" 200 27
180.169.147.146 - - [15/Jan/2024:09:53:52 +0800] "GET /xingrg/all/function/internal_message.html?_=1705283631991&CODE_STATE=getMsg HTTP/1.1" 200 27
124.78.154.219 - - [15/Jan/2024:09:53:52 +0800] "GET /xingrg/all/function/internal_message.html?_=1705283629365&CODE_STATE=getMsg HTTP/1.1" 200 27
114.95.241.104 - - [15/Jan/2024:09:53:53 +0800] "GET /xingrg/kc/buy/cgsh_order_operate.html?command=get_materiel&rest_code=00151&code=00101008077&supplier_code=00100008&order_time=2024-01-15 HTTP/1.1" 200 416
114.83.220.51 - - [15/Jan/2024:09:53:59 +0800] "POST /xingrg/kc/buy/cgsh_list_operate.html HTTP/1.1" 200 4305
120.253.135.82 - - [15/Jan/2024:09:54:00 +0800] "GET /xingrg/all/function/internal_message.html?_=1705283461678&CODE_STATE=getMsg HTTP/1.1" 200 27
