120.253.135.82 - - [12/Jan/2024:06:23:53 +0800] "POST /xingrg/kc/pszx/mdps_order_operate.html HTTP/1.1" 200 3710
124.77.240.112 - - [12/Jan/2024:06:23:54 +0800] "POST /xingrg/kc/buy/cgsh_list_operate.html HTTP/1.1" 200 6004
120.253.135.82 - - [12/Jan/2024:06:23:56 +0800] "POST /xingrg/kc/pszx/mdps_order_operate.html HTTP/1.1" 200 37
120.253.135.82 - - [12/Jan/2024:06:23:57 +0800] "GET /xingrg/kc/pszx/mdps_order_info.html?code=312024011200323 HTTP/1.1" 200 23978
116.232.193.168 - - [12/Jan/2024:06:23:58 +0800] "GET /xingrg/all/function/internal_message.html?_=1705011781105&CODE_STATE=getMsg HTTP/1.1" 200 27
120.253.135.82 - - [12/Jan/2024:06:23:58 +0800] "GET /xingrg/javascript/easyui/themes/default/validatebox.css HTTP/1.1" 404 1104
120.253.135.82 - - [12/Jan/2024:06:23:59 +0800] "POST /xingrg/kc/pszx/mdps_order_operate.html HTTP/1.1" 200 3740
120.253.135.82 - - [12/Jan/2024:06:24:00 +0800] "GET /xingrg/all/function/internal_message.html?_=1705011660248&CODE_STATE=getMsg HTTP/1.1" 200 27
116.228.172.122 - - [12/Jan/2024:06:24:01 +0800] "GET /xingrg/all/function/internal_message.html?_=1705011749703&CODE_STATE=getMsg HTTP/1.1" 302 -
120.253.135.82 - - [12/Jan/2024:06:24:05 +0800] "GET /xingrg/kc/pszx/mdps_order_operate.html?command=get_materiel&pszx_code=00101&rest_code=00147&base_code=0010246&code=00101030030 HTTP/1.1" 200 425
120.253.135.82 - - [12/Jan/2024:06:24:12 +0800] "POST /xingrg/kc/pszx/mdps_order_operate.html HTTP/1.1" 200 37
120.253.135.82 - - [12/Jan/2024:06:24:13 +0800] "GET /xingrg/kc/pszx/mdps_order_info.html?code=312024011200323 HTTP/1.1" 200 23978
120.253.135.82 - - [12/Jan/2024:06:24:14 +0800] "GET /xingrg/javascript/easyui/themes/default/validatebox.css HTTP/1.1" 404 1104
120.253.135.82 - - [12/Jan/2024:06:24:15 +0800] "POST /xingrg/kc/pszx/mdps_order_operate.html HTTP/1.1" 200 3746
116.230.123.222 - - [12/Jan/2024:06:24:15 +0800] "GET /xingrg/all/function/internal_message.html?_=1705011853312&CODE_STATE=getMsg HTTP/1.1" 200 27
120.253.135.82 - - [12/Jan/2024:06:24:16 +0800] "POST /xingrg/kc/pszx/mdps_list_operate.html HTTP/1.1" 200 4663
58.40.7.146 - - [12/Jan/2024:06:24:17 +0800] "GET /xingrg/all/function/internal_message.html?_=1705011857283&CODE_STATE=getMsg HTTP/1.1" 200 27
120.253.135.82 - - [12/Jan/2024:06:24:18 +0800] "POST /xingrg/kc/pszx/mdps_list_operate.html HTTP/1.1" 200 232
124.77.240.112 - - [12/Jan/2024:06:24:19 +0800] "GET /xingrg/all/function/internal_message.html?_=1705011867306&CODE_STATE=getMsg HTTP/1.1" 200 27
114.95.241.104 - - [12/Jan/2024:06:24:21 +0800] "GET /xingrg/all/function/internal_message.html?_=1705011861349&CODE_STATE=getMsg HTTP/1.1" 200 27
120.253.135.82 - - [12/Jan/2024:06:24:21 +0800] "GET /xingrg/kc/pszx/mdps_order_info.html?code=312024011200324 HTTP/1.1" 200 23978
120.253.135.82 - - [12/Jan/2024:06:24:22 +0800] "GET /xingrg/javascript/easyui/themes/default/validatebox.css HTTP/1.1" 404 1104
120.253.135.82 - - [12/Jan/2024:06:24:22 +0800] "POST /xingrg/kc/pszx/mdps_order_operate.html HTTP/1.1" 200 2321
120.253.135.82 - - [12/Jan/2024:06:24:25 +0800] "POST /xingrg/kc/pszx/mdps_order_operate.html HTTP/1.1" 200 37
221.239.172.206 - - [12/Jan/2024:06:24:25 +0800] "GET /xingrg/all/function/internal_message.html?_=1705011865520&CODE_STATE=getMsg HTTP/1.1" 200 27
120.253.135.82 - - [12/Jan/2024:06:24:26 +0800] "GET /xingrg/kc/pszx/mdps_order_info.html?code=312024011200324 HTTP/1.1" 200 23978
120.253.135.82 - - [12/Jan/2024:06:24:27 +0800] "GET /xingrg/javascript/easyui/themes/default/validatebox.css HTTP/1.1" 404 1104
120.253.135.82 - - [12/Jan/2024:06:24:27 +0800] "POST /xingrg/kc/pszx/mdps_order_operate.html HTTP/1.1" 200 2330
114.95.241.104 - - [12/Jan/2024:06:24:29 +0800] "GET /xingrg/all/function/internal_message.html?_=1705011869871&CODE_STATE=getMsg HTTP/1.1" 200 27
120.253.135.82 - - [12/Jan/2024:06:24:29 +0800] "POST /xingrg/kc/pszx/mdps_list_operate.html HTTP/1.1" 200 4663
120.253.135.82 - - [12/Jan/2024:06:24:31 +0800] "POST /xingrg/kc/pszx/mdps_list_operate.html HTTP/1.1" 200 585
120.253.135.82 - - [12/Jan/2024:06:24:33 +0800] "GET /xingrg/kc/pszx/mdps_order_info.html?code=312024011200325 HTTP/1.1" 200 23978
124.78.68.102 - - [12/Jan/2024:06:24:33 +0800] "GET /xingrg/all/function/internal_message.html?_=1705011873821&CODE_STATE=getMsg HTTP/1.1" 200 27
120.253.135.82 - - [12/Jan/2024:06:24:34 +0800] "GET /xingrg/javascript/easyui/themes/default/validatebox.css HTTP/1.1" 404 1104
120.253.135.82 - - [12/Jan/2024:06:24:34 +0800] "POST /xingrg/kc/pszx/mdps_order_operate.html HTTP/1.1" 200 6157
116.232.193.168 - - [12/Jan/2024:06:24:35 +0800] "GET /xingrg/all/function/internal_message.html?_=1705011818383&CODE_STATE=getMsg HTTP/1.1" 200 27
120.253.135.82 - - [12/Jan/2024:06:24:39 +0800] "POST /xingrg/kc/pszx/mdps_order_operate.html HTTP/1.1" 200 37
120.253.135.82 - - [12/Jan/2024:06:24:41 +0800] "GET /xingrg/kc/pszx/mdps_order_info.html?code=312024011200325 HTTP/1.1" 200 23978
116.232.193.168 - - [12/Jan/2024:06:24:41 +0800] "GET /xingrg/all/function/internal_message.html?_=1705011823800&CODE_STATE=getMsg HTTP/1.1" 200 27
120.253.135.82 - - [12/Jan/2024:06:24:42 +0800] "GET /xingrg/javascript/easyui/themes/default/validatebox.css HTTP/1.1" 404 1104
120.253.135.82 - - [12/Jan/2024:06:24:42 +0800] "POST /xingrg/kc/pszx/mdps_order_operate.html HTTP/1.1" 200 6224
120.253.135.82 - - [12/Jan/2024:06:24:46 +0800] "POST /xingrg/kc/pszx/mdps_list_operate.html HTTP/1.1" 200 4663
120.253.135.82 - - [12/Jan/2024:06:24:48 +0800] "POST /xingrg/kc/pszx/mdps_list_operate.html HTTP/1.1" 200 621
120.253.135.82 - - [12/Jan/2024:06:24:49 +0800] "GET /xingrg/kc/pszx/mdps_order_info.html?code=312024011200322 HTTP/1.1" 200 23978
120.253.135.82 - - [12/Jan/2024:06:24:50 +0800] "GET /xingrg/javascript/easyui/themes/default/validatebox.css HTTP/1.1" 404 1104
120.253.135.82 - - [12/Jan/2024:06:24:50 +0800] "POST /xingrg/kc/pszx/mdps_order_operate.html HTTP/1.1" 200 5828
120.253.135.82 - - [12/Jan/2024:06:24:56 +0800] "GET /xingrg/kc/pszx/mdps_order_operate.html?command=get_materiel&pszx_code=00101&rest_code=00147&base_code=0010250&code=00102002367 HTTP/1.1" 200 429
116.232.193.168 - - [12/Jan/2024:06:24:58 +0800] "GET /xingrg/all/function/internal_message.html?_=1705011841100&CODE_STATE=getMsg HTTP/1.1" 200 27
120.253.135.82 - - [12/Jan/2024:06:25:00 +0800] "GET /xingrg/all/function/internal_message.html?_=1705011720260&CODE_STATE=getMsg HTTP/1.1" 200 27
116.228.172.122 - - [12/Jan/2024:06:25:01 +0800] "GET /xingrg/all/function/internal_message.html?_=1705011809718&CODE_STATE=getMsg HTTP/1.1" 302 -
116.228.172.122 - - [12/Jan/2024:06:25:01 +0800] "GET /xingrg/check_reg.html?_=1705011809719 HTTP/1.1" 302 -
120.253.135.82 - - [12/Jan/2024:06:25:04 +0800] "POST /xingrg/kc/pszx/mdps_order_operate.html HTTP/1.1" 200 37
120.253.135.82 - - [12/Jan/2024:06:25:05 +0800] "GET /xingrg/kc/pszx/mdps_order_info.html?code=312024011200322 HTTP/1.1" 200 23978
120.253.135.82 - - [12/Jan/2024:06:25:06 +0800] "GET /xingrg/javascript/easyui/themes/default/validatebox.css HTTP/1.1" 404 1104
120.253.135.82 - - [12/Jan/2024:06:25:07 +0800] "POST /xingrg/kc/pszx/mdps_order_operate.html HTTP/1.1" 200 6309
120.253.135.82 - - [12/Jan/2024:06:25:08 +0800] "POST /xingrg/kc/pszx/mdps_list_operate.html HTTP/1.1" 200 4663
120.253.135.82 - - [12/Jan/2024:06:25:10 +0800] "POST /xingrg/kc/pszx/mdps_list_operate.html HTTP/1.1" 200 585
120.253.135.82 - - [12/Jan/2024:06:25:12 +0800] "GET /xingrg/kc/pszx/mdps_order_info.html?code=312024011200325 HTTP/1.1" 200 23978
120.253.135.82 - - [12/Jan/2024:06:25:12 +0800] "GET /xingrg/javascript/easyui/themes/default/validatebox.css HTTP/1.1" 404 1104
120.253.135.82 - - [12/Jan/2024:06:25:13 +0800] "POST /xingrg/kc/pszx/mdps_order_operate.html HTTP/1.1" 200 6224
116.230.123.222 - - [12/Jan/2024:06:25:15 +0800] "GET /xingrg/all/function/internal_message.html?_=1705011913296&CODE_STATE=getMsg HTTP/1.1" 200 27
58.40.7.146 - - [12/Jan/2024:06:25:17 +0800] "GET /xingrg/all/function/internal_message.html?_=1705011917285&CODE_STATE=getMsg HTTP/1.1" 200 27
124.77.240.112 - - [12/Jan/2024:06:25:20 +0800] "GET /xingrg/all/function/internal_message.html?_=1705011927751&CODE_STATE=getMsg HTTP/1.1" 200 27
114.95.241.104 - - [12/Jan/2024:06:25:21 +0800] "GET /xingrg/all/function/internal_message.html?_=1705011921360&CODE_STATE=getMsg HTTP/1.1" 200 27
120.253.135.82 - - [12/Jan/2024:06:25:23 +0800] "POST /xingrg/kc/pszx/mdps_order_operate.html HTTP/1.1" 200 37
120.253.135.82 - - [12/Jan/2024:06:25:25 +0800] "GET /xingrg/kc/pszx/mdps_order_info.html?code=312024011200325 HTTP/1.1" 200 23978
221.239.172.206 - - [12/Jan/2024:06:25:25 +0800] "GET /xingrg/all/function/internal_message.html?_=1705011925507&CODE_STATE=getMsg HTTP/1.1" 200 27
120.253.135.82 - - [12/Jan/2024:06:25:26 +0800] "GET /xingrg/javascript/easyui/themes/default/validatebox.css HTTP/1.1" 404 1104
120.253.135.82 - - [12/Jan/2024:06:25:27 +0800] "POST /xingrg/kc/pszx/mdps_order_operate.html HTTP/1.1" 200 5740
114.95.241.104 - - [12/Jan/2024:06:25:29 +0800] "GET /xingrg/all/function/internal_message.html?_=1705011929890&CODE_STATE=getMsg HTTP/1.1" 200 27
124.78.68.102 - - [12/Jan/2024:06:25:33 +0800] "GET /xingrg/all/function/internal_message.html?_=1705011933804&CODE_STATE=getMsg HTTP/1.1" 200 27
116.232.193.168 - - [12/Jan/2024:06:25:35 +0800] "GET /xingrg/check_reg.html?_=1705011878377 HTTP/1.1" 200 22
116.232.193.168 - - [12/Jan/2024:06:25:35 +0800] "GET /xingrg/all/function/internal_message.html?_=1705011878383&CODE_STATE=getMsg HTTP/1.1" 200 27
116.232.193.168 - - [12/Jan/2024:06:25:41 +0800] "GET /xingrg/all/function/internal_message.html?_=1705011883800&CODE_STATE=getMsg HTTP/1.1" 200 27
124.77.240.112 - - [12/Jan/2024:06:25:41 +0800] "POST /xingrg/kc/buy/cgsh_list_operate.html HTTP/1.1" 200 4
116.232.193.168 - - [12/Jan/2024:06:25:58 +0800] "GET /xingrg/check_reg.html?_=1705011901096 HTTP/1.1" 200 22
116.232.193.168 - - [12/Jan/2024:06:25:58 +0800] "GET /xingrg/all/function/internal_message.html?_=1705011901098&CODE_STATE=getMsg HTTP/1.1" 200 27
120.253.135.82 - - [12/Jan/2024:06:26:00 +0800] "GET /xingrg/all/function/internal_message.html?_=1705011780273&CODE_STATE=getMsg HTTP/1.1" 200 27
116.228.172.122 - - [12/Jan/2024:06:26:01 +0800] "GET /xingrg/all/function/internal_message.html?_=1705011869717&CODE_STATE=getMsg HTTP/1.1" 302 -
116.230.123.222 - - [12/Jan/2024:06:26:15 +0800] "GET /xingrg/all/function/internal_message.html?_=1705011973281&CODE_STATE=getMsg HTTP/1.1" 200 27
58.40.7.146 - - [12/Jan/2024:06:26:17 +0800] "GET /xingrg/all/function/internal_message.html?_=1705011977287&CODE_STATE=getMsg HTTP/1.1" 200 27
114.95.241.104 - - [12/Jan/2024:06:26:21 +0800] "GET /xingrg/check_reg.html?_=1705011981359 HTTP/1.1" 200 22
114.95.241.104 - - [12/Jan/2024:06:26:21 +0800] "GET /xingrg/all/function/internal_message.html?_=1705011981362&CODE_STATE=getMsg HTTP/1.1" 200 27
221.239.172.206 - - [12/Jan/2024:06:26:25 +0800] "GET /xingrg/all/function/internal_message.html?_=1705011985491&CODE_STATE=getMsg HTTP/1.1" 200 27
114.95.241.104 - - [12/Jan/2024:06:26:29 +0800] "GET /xingrg/all/function/internal_message.html?_=1705011989876&CODE_STATE=getMsg HTTP/1.1" 200 27
124.78.68.102 - - [12/Jan/2024:06:26:33 +0800] "GET /xingrg/all/function/internal_message.html?_=1705011993786&CODE_STATE=getMsg HTTP/1.1" 200 27
221.239.172.206 - - [12/Jan/2024:06:26:34 +0800] "GET /xingrg/check_reg.html?_=1705011994480 HTTP/1.1" 200 22
116.232.193.168 - - [12/Jan/2024:06:26:35 +0800] "GET /xingrg/all/function/internal_message.html?_=1705011938378&CODE_STATE=getMsg HTTP/1.1" 200 27
116.232.193.168 - - [12/Jan/2024:06:26:41 +0800] "GET /xingrg/all/function/internal_message.html?_=1705011943798&CODE_STATE=getMsg HTTP/1.1" 200 27
116.232.193.168 - - [12/Jan/2024:06:26:41 +0800] "GET /xingrg/check_reg.html?_=1705011943799 HTTP/1.1" 200 22
124.77.240.112 - - [12/Jan/2024:06:26:50 +0800] "POST /xingrg/kc/buy/cgsh_list_operate.html HTTP/1.1" 200 5961
116.232.193.168 - - [12/Jan/2024:06:26:58 +0800] "GET /xingrg/all/function/internal_message.html?_=1705011961093&CODE_STATE=getMsg HTTP/1.1" 200 27
120.253.135.82 - - [12/Jan/2024:06:26:59 +0800] "GET /xingrg/check_reg.html?_=1705011839134 HTTP/1.1" 200 22
120.253.135.82 - - [12/Jan/2024:06:27:00 +0800] "GET /xingrg/all/function/internal_message.html?_=1705011840287&CODE_STATE=getMsg HTTP/1.1" 200 27
116.228.172.122 - - [12/Jan/2024:06:27:01 +0800] "GET /xingrg/all/function/internal_message.html?_=1705011929704&CODE_STATE=getMsg HTTP/1.1" 302 -
120.253.135.82 - - [12/Jan/2024:06:27:07 +0800] "POST /xingrg/kc/pszx/mdps_order_operate.html HTTP/1.1" 200 37
120.253.135.82 - - [12/Jan/2024:06:27:09 +0800] "GET /xingrg/kc/pszx/mdps_order_info.html?code=312024011200325 HTTP/1.1" 200 23978
120.253.135.82 - - [12/Jan/2024:06:27:10 +0800] "GET /xingrg/javascript/easyui/themes/default/validatebox.css HTTP/1.1" 404 1104
120.253.135.82 - - [12/Jan/2024:06:27:10 +0800] "POST /xingrg/kc/pszx/mdps_order_operate.html HTTP/1.1" 200 5741
120.253.135.82 - - [12/Jan/2024:06:27:13 +0800] "POST /xingrg/kc/pszx/mdps_list_operate.html HTTP/1.1" 200 4663
120.253.135.82 - - [12/Jan/2024:06:27:15 +0800] "POST /xingrg/kc/pszx/mdps_list_operate.html HTTP/1.1" 200 444
116.230.123.222 - - [12/Jan/2024:06:27:15 +0800] "GET /xingrg/all/function/internal_message.html?_=1705012033264&CODE_STATE=getMsg HTTP/1.1" 200 27
58.40.7.146 - - [12/Jan/2024:06:27:17 +0800] "GET /xingrg/all/function/internal_message.html?_=1705012037291&CODE_STATE=getMsg HTTP/1.1" 200 27
120.253.135.82 - - [12/Jan/2024:06:27:17 +0800] "GET /xingrg/kc/pszx/mdps_order_info.html?code=312024011200326 HTTP/1.1" 200 23978
120.253.135.82 - - [12/Jan/2024:06:27:18 +0800] "GET /xingrg/javascript/easyui/themes/default/validatebox.css HTTP/1.1" 404 1104
120.253.135.82 - - [12/Jan/2024:06:27:18 +0800] "POST /xingrg/kc/pszx/mdps_order_operate.html HTTP/1.1" 200 3737
124.78.68.102 - - [12/Jan/2024:06:27:19 +0800] "GET /xingrg/check_reg.html?_=1705012039728 HTTP/1.1" 200 22
124.77.240.112 - - [12/Jan/2024:06:27:20 +0800] "GET /xingrg/all/function/internal_message.html?_=1705012047768&CODE_STATE=getMsg HTTP/1.1" 200 27
114.95.241.104 - - [12/Jan/2024:06:27:21 +0800] "GET /xingrg/all/function/internal_message.html?_=1705012041348&CODE_STATE=getMsg HTTP/1.1" 200 27
120.253.135.82 - - [12/Jan/2024:06:27:25 +0800] "POST /xingrg/kc/pszx/mdps_order_operate.html HTTP/1.1" 200 37
221.239.172.206 - - [12/Jan/2024:06:27:25 +0800] "GET /xingrg/all/function/internal_message.html?_=1705012045477&CODE_STATE=getMsg HTTP/1.1" 200 27
120.253.135.82 - - [12/Jan/2024:06:27:27 +0800] "GET /xingrg/kc/pszx/mdps_order_info.html?code=312024011200326 HTTP/1.1" 200 23978
120.253.135.82 - - [12/Jan/2024:06:27:28 +0800] "GET /xingrg/javascript/easyui/themes/default/validatebox.css HTTP/1.1" 404 1104
120.253.135.82 - - [12/Jan/2024:06:27:29 +0800] "POST /xingrg/kc/pszx/mdps_order_operate.html HTTP/1.1" 200 3766
116.230.123.222 - - [12/Jan/2024:06:27:29 +0800] "GET /xingrg/check_reg.html?_=1705012047695 HTTP/1.1" 200 22
114.95.241.104 - - [12/Jan/2024:06:27:29 +0800] "GET /xingrg/all/function/internal_message.html?_=1705012049875&CODE_STATE=getMsg HTTP/1.1" 200 27
124.78.68.102 - - [12/Jan/2024:06:27:33 +0800] "GET /xingrg/all/function/internal_message.html?_=1705012053771&CODE_STATE=getMsg HTTP/1.1" 200 27
116.232.193.168 - - [12/Jan/2024:06:27:35 +0800] "GET /xingrg/all/function/internal_message.html?_=1705011998378&CODE_STATE=getMsg HTTP/1.1" 200 27
124.77.240.112 - - [12/Jan/2024:06:27:39 +0800] "GET /xingrg/check_reg.html?_=1705012066823 HTTP/1.1" 200 22
116.232.193.168 - - [12/Jan/2024:06:27:41 +0800] "GET /xingrg/all/function/internal_message.html?_=1705012003815&CODE_STATE=getMsg HTTP/1.1" 200 27
116.232.193.168 - - [12/Jan/2024:06:27:58 +0800] "GET /xingrg/all/function/internal_message.html?_=1705012021111&CODE_STATE=getMsg HTTP/1.1" 200 27
120.253.135.82 - - [12/Jan/2024:06:28:00 +0800] "GET /xingrg/all/function/internal_message.html?_=1705011900301&CODE_STATE=getMsg HTTP/1.1" 200 27
116.228.172.122 - - [12/Jan/2024:06:28:01 +0800] "GET /xingrg/all/function/internal_message.html?_=1705011989722&CODE_STATE=getMsg HTTP/1.1" 302 -
120.253.135.82 - - [12/Jan/2024:06:28:09 +0800] "POST /xingrg/kc/pszx/mdps_list_operate.html HTTP/1.1" 200 4663
120.253.135.82 - - [12/Jan/2024:06:28:11 +0800] "POST /xingrg/kc/pszx/mdps_list_operate.html HTTP/1.1" 200 444
120.253.135.82 - - [12/Jan/2024:06:28:13 +0800] "POST /xingrg/kc/pszx/mdps_list_operate.html HTTP/1.1" 200 281
116.230.123.222 - - [12/Jan/2024:06:28:15 +0800] "GET /xingrg/all/function/internal_message.html?_=1705012093249&CODE_STATE=getMsg HTTP/1.1" 200 27
58.40.7.146 - - [12/Jan/2024:06:28:17 +0800] "GET /xingrg/check_reg.html?_=1705012097279 HTTP/1.1" 200 22
58.40.7.146 - - [12/Jan/2024:06:28:17 +0800] "GET /xingrg/all/function/internal_message.html?_=1705012097280&CODE_STATE=getMsg HTTP/1.1" 200 27
120.253.135.82 - - [12/Jan/2024:06:28:18 +0800] "GET /xingrg/kc/pszx/mdps_order_info.html?code=312024011200327 HTTP/1.1" 200 23978
120.253.135.82 - - [12/Jan/2024:06:28:18 +0800] "GET /xingrg/javascript/easyui/themes/default/validatebox.css HTTP/1.1" 404 1104
120.253.135.82 - - [12/Jan/2024:06:28:19 +0800] "POST /xingrg/kc/pszx/mdps_order_operate.html HTTP/1.1" 200 2761
124.77.240.112 - - [12/Jan/2024:06:28:20 +0800] "GET /xingrg/all/function/internal_message.html?_=1705012108217&CODE_STATE=getMsg HTTP/1.1" 200 27
114.95.241.104 - - [12/Jan/2024:06:28:21 +0800] "GET /xingrg/all/function/internal_message.html?_=1705012101363&CODE_STATE=getMsg HTTP/1.1" 200 27
120.253.135.82 - - [12/Jan/2024:06:28:22 +0800] "POST /xingrg/kc/pszx/mdps_order_operate.html HTTP/1.1" 200 37
120.253.135.82 - - [12/Jan/2024:06:28:24 +0800] "GET /xingrg/kc/pszx/mdps_order_info.html?code=312024011200327 HTTP/1.1" 200 23978
120.253.135.82 - - [12/Jan/2024:06:28:25 +0800] "GET /xingrg/javascript/easyui/themes/default/validatebox.css HTTP/1.1" 404 1104
221.239.172.206 - - [12/Jan/2024:06:28:25 +0800] "GET /xingrg/all/function/internal_message.html?_=1705012105448&CODE_STATE=getMsg HTTP/1.1" 200 27
120.253.135.82 - - [12/Jan/2024:06:28:25 +0800] "POST /xingrg/kc/pszx/mdps_order_operate.html HTTP/1.1" 200 2775
114.95.241.104 - - [12/Jan/2024:06:28:29 +0800] "GET /xingrg/all/function/internal_message.html?_=1705012109879&CODE_STATE=getMsg HTTP/1.1" 200 27
114.95.241.104 - - [12/Jan/2024:06:28:29 +0800] "GET /xingrg/check_reg.html?_=1705012109881 HTTP/1.1" 200 22
124.78.68.102 - - [12/Jan/2024:06:28:33 +0800] "GET /xingrg/all/function/internal_message.html?_=1705012113746&CODE_STATE=getMsg HTTP/1.1" 200 27
116.232.193.168 - - [12/Jan/2024:06:28:35 +0800] "GET /xingrg/all/function/internal_message.html?_=1705012058378&CODE_STATE=getMsg HTTP/1.1" 200 27
124.77.240.112 - - [12/Jan/2024:06:28:40 +0800] "POST /xingrg/kc/buy/cgsh_list_operate.html HTTP/1.1" 200 4
116.232.193.168 - - [12/Jan/2024:06:28:41 +0800] "GET /xingrg/all/function/internal_message.html?_=1705012063794&CODE_STATE=getMsg HTTP/1.1" 200 27
120.253.135.82 - - [12/Jan/2024:06:28:51 +0800] "POST /xingrg/kc/pszx/mdps_list_operate.html HTTP/1.1" 200 4663
120.253.135.82 - - [12/Jan/2024:06:28:52 +0800] "POST /xingrg/kc/pszx/mdps_list_operate.html HTTP/1.1" 200 197
120.253.135.82 - - [12/Jan/2024:06:28:55 +0800] "GET /xingrg/kc/pszx/mdps_order_info.html?code=312024011200328 HTTP/1.1" 200 23978
120.253.135.82 - - [12/Jan/2024:06:28:55 +0800] "GET /xingrg/javascript/easyui/themes/default/validatebox.css HTTP/1.1" 404 1104
124.77.240.112 - - [12/Jan/2024:06:28:55 +0800] "POST /xingrg/kc/buy/cgsh_list_operate.html HTTP/1.1" 200 3595
120.253.135.82 - - [12/Jan/2024:06:28:56 +0800] "POST /xingrg/kc/pszx/mdps_order_operate.html HTTP/1.1" 200 2263
116.232.193.168 - - [12/Jan/2024:06:28:58 +0800] "GET /xingrg/all/function/internal_message.html?_=1705012081090&CODE_STATE=getMsg HTTP/1.1" 200 27
120.253.135.82 - - [12/Jan/2024:06:29:00 +0800] "GET /xingrg/all/function/internal_message.html?_=1705011960315&CODE_STATE=getMsg HTTP/1.1" 200 27
116.228.172.122 - - [12/Jan/2024:06:29:01 +0800] "GET /xingrg/all/function/internal_message.html?_=1705012049708&CODE_STATE=getMsg HTTP/1.1" 302 -
116.230.123.222 - - [12/Jan/2024:06:29:15 +0800] "GET /xingrg/all/function/internal_message.html?_=1705012153235&CODE_STATE=getMsg HTTP/1.1" 200 27
120.253.135.82 - - [12/Jan/2024:06:29:16 +0800] "POST /xingrg/kc/pszx/mdps_list_operate.html HTTP/1.1" 200 4663
58.40.7.146 - - [12/Jan/2024:06:29:17 +0800] "GET /xingrg/all/function/internal_message.html?_=1705012157282&CODE_STATE=getMsg HTTP/1.1" 200 27
124.77.240.112 - - [12/Jan/2024:06:29:20 +0800] "GET /xingrg/all/function/internal_message.html?_=1705012168222&CODE_STATE=getMsg HTTP/1.1" 200 27
120.253.135.82 - - [12/Jan/2024:06:29:20 +0800] "GET /xingrg/kc/pszx/ps_main.html HTTP/1.1" 200 13401
120.253.135.82 - - [12/Jan/2024:06:29:20 +0800] "GET /xingrg/images/blue/button/fdqpd.gif HTTP/1.1" 304 -
120.253.135.82 - - [12/Jan/2024:06:29:20 +0800] "GET /xingrg/images/blue/button/ckpd.gif HTTP/1.1" 304 -
120.253.135.82 - - [12/Jan/2024:06:29:20 +0800] "GET /xingrg/images/blue/button/yddb.gif HTTP/1.1" 304 -
120.253.135.82 - - [12/Jan/2024:06:29:20 +0800] "GET /xingrg/images/blue/button/pszx.gif HTTP/1.1" 304 -
120.253.135.82 - - [12/Jan/2024:06:29:20 +0800] "GET /xingrg/images/blue/button/jzcgd.gif HTTP/1.1" 304 -
120.253.135.82 - - [12/Jan/2024:06:29:20 +0800] "GET /xingrg/images/blue/button/fdps2.gif HTTP/1.1" 304 -
120.253.135.82 - - [12/Jan/2024:06:29:20 +0800] "GET /xingrg/images/blue/button/left_down_ah.jpg HTTP/1.1" 304 -
120.253.135.82 - - [12/Jan/2024:06:29:20 +0800] "GET /xingrg/images/blue/button/right_down_ah.jpg HTTP/1.1" 304 -
120.253.135.82 - - [12/Jan/2024:06:29:20 +0800] "GET /xingrg/images/blue/button/line.jpg HTTP/1.1" 304 -
120.253.135.82 - - [12/Jan/2024:06:29:20 +0800] "GET /xingrg/images/blue/button/cgydd.gif HTTP/1.1" 304 -
120.253.135.82 - - [12/Jan/2024:06:29:20 +0800] "GET /xingrg/images/blue/pic_form2.gif HTTP/1.1" 304 -
120.253.135.82 - - [12/Jan/2024:06:29:20 +0800] "GET /xingrg/images/blue/button/down_ah.jpg HTTP/1.1" 304 -
120.253.135.82 - - [12/Jan/2024:06:29:20 +0800] "GET /xingrg/images/blue/bg_dotted.jpg HTTP/1.1" 304 -
114.95.241.104 - - [12/Jan/2024:06:29:21 +0800] "GET /xingrg/all/function/internal_message.html?_=1705012161355&CODE_STATE=getMsg HTTP/1.1" 200 27
120.253.135.82 - - [12/Jan/2024:06:29:21 +0800] "POST /xingrg/kc/pszx/mdps_list_operate.html HTTP/1.1" 200 4663
120.253.135.82 - - [12/Jan/2024:06:29:21 +0800] "GET /xingrg/images/yd/bt.gif HTTP/1.1" 404 1040
120.253.135.82 - - [12/Jan/2024:06:29:23 +0800] "GET /xingrg/kc/pszx/mdqp_order_list.html HTTP/1.1" 200 76024
120.253.135.82 - - [12/Jan/2024:06:29:23 +0800] "GET /xingrg/dwr/interface/AjaxQqpsService.js HTTP/1.1" 200 16326
120.253.135.82 - - [12/Jan/2024:06:29:23 +0800] "GET /xingrg/dwr/engine.js HTTP/1.1" 200 43631
120.253.135.82 - - [12/Jan/2024:06:29:23 +0800] "GET /xingrg/dwr/interface/AjaxReportQueryService.js HTTP/1.1" 200 13203
221.239.172.206 - - [12/Jan/2024:06:29:25 +0800] "GET /xingrg/all/function/internal_message.html?_=1705012165433&CODE_STATE=getMsg HTTP/1.1" 200 27
114.95.241.104 - - [12/Jan/2024:06:29:29 +0800] "GET /xingrg/all/function/internal_message.html?_=1705012169882&CODE_STATE=getMsg HTTP/1.1" 200 27
124.78.68.102 - - [12/Jan/2024:06:29:33 +0800] "GET /xingrg/all/function/internal_message.html?_=1705012173725&CODE_STATE=getMsg HTTP/1.1" 200 27
120.253.135.82 - - [12/Jan/2024:06:29:34 +0800] "GET /xingrg/kc/pszx/mdqp_order_info.html?code=302024011100230 HTTP/1.1" 200 12913
120.253.135.82 - - [12/Jan/2024:06:29:34 +0800] "GET /xingrg/dwr/interface/AjaxComOrderService.js HTTP/1.1" 200 18264
120.253.135.82 - - [12/Jan/2024:06:29:34 +0800] "GET /xingrg/dwr/interface/AjaxQqpsService.js HTTP/1.1" 200 16326
120.253.135.82 - - [12/Jan/2024:06:29:34 +0800] "GET /xingrg/dwr/engine.js HTTP/1.1" 200 43631
120.253.135.82 - - [12/Jan/2024:06:29:35 +0800] "POST /xingrg/dwr/call/plaincall/AjaxQqpsService.loadMaterielItems.dwr HTTP/1.1" 200 3799
116.232.193.168 - - [12/Jan/2024:06:29:35 +0800] "GET /xingrg/all/function/internal_message.html?_=1705012118375&CODE_STATE=getMsg HTTP/1.1" 200 27
120.253.135.82 - - [12/Jan/2024:06:29:36 +0800] "GET /xingrg/images/yd/bt.gif HTTP/1.1" 404 1040
120.253.135.82 - - [12/Jan/2024:06:29:36 +0800] "GET /xingrg/images/yd/bt2.gif HTTP/1.1" 404 1042
120.253.135.82 - - [12/Jan/2024:06:29:39 +0800] "GET /xingrg/kc/pszx/mdqp_order_list.html?isBack=1 HTTP/1.1" 200 76051
120.253.135.82 - - [12/Jan/2024:06:29:39 +0800] "GET /xingrg/dwr/interface/AjaxReportQueryService.js HTTP/1.1" 200 13203
120.253.135.82 - - [12/Jan/2024:06:29:39 +0800] "GET /xingrg/dwr/interface/AjaxQqpsService.js HTTP/1.1" 200 16326
120.253.135.82 - - [12/Jan/2024:06:29:39 +0800] "GET /xingrg/dwr/engine.js HTTP/1.1" 200 43631
116.232.193.168 - - [12/Jan/2024:06:29:41 +0800] "GET /xingrg/all/function/internal_message.html?_=1705012123806&CODE_STATE=getMsg HTTP/1.1" 200 27
120.253.135.82 - - [12/Jan/2024:06:29:43 +0800] "GET /xingrg/kc/pszx/mdqp_order_info.html?code=302024011100231 HTTP/1.1" 200 12913
120.253.135.82 - - [12/Jan/2024:06:29:43 +0800] "GET /xingrg/dwr/interface/AjaxComOrderService.js HTTP/1.1" 200 18264
120.253.135.82 - - [12/Jan/2024:06:29:43 +0800] "GET /xingrg/dwr/interface/AjaxQqpsService.js HTTP/1.1" 200 16326
120.253.135.82 - - [12/Jan/2024:06:29:43 +0800] "GET /xingrg/dwr/engine.js HTTP/1.1" 200 43631
120.253.135.82 - - [12/Jan/2024:06:29:44 +0800] "POST /xingrg/dwr/call/plaincall/AjaxQqpsService.loadMaterielItems.dwr HTTP/1.1" 200 2387
120.253.135.82 - - [12/Jan/2024:06:29:46 +0800] "GET /xingrg/images/yd/bt.gif HTTP/1.1" 404 1040
120.253.135.82 - - [12/Jan/2024:06:29:46 +0800] "GET /xingrg/images/yd/bt2.gif HTTP/1.1" 404 1042
120.253.135.82 - - [12/Jan/2024:06:29:48 +0800] "GET /xingrg/kc/pszx/mdqp_order_list.html?isBack=1 HTTP/1.1" 200 76051
120.253.135.82 - - [12/Jan/2024:06:29:48 +0800] "GET /xingrg/dwr/interface/AjaxReportQueryService.js HTTP/1.1" 200 13203
120.253.135.82 - - [12/Jan/2024:06:29:48 +0800] "GET /xingrg/dwr/interface/AjaxQqpsService.js HTTP/1.1" 200 16326
120.253.135.82 - - [12/Jan/2024:06:29:48 +0800] "GET /xingrg/dwr/engine.js HTTP/1.1" 200 43631
124.77.240.112 - - [12/Jan/2024:06:29:49 +0800] "POST /xingrg/kc/buy/cgsh_list_operate.html HTTP/1.1" 200 4
120.253.135.82 - - [12/Jan/2024:06:29:51 +0800] "GET /xingrg/kc/pszx/mdqp_order_info.html?code=302024011100230 HTTP/1.1" 200 12913
120.253.135.82 - - [12/Jan/2024:06:29:51 +0800] "GET /xingrg/dwr/interface/AjaxQqpsService.js HTTP/1.1" 200 16326
120.253.135.82 - - [12/Jan/2024:06:29:51 +0800] "GET /xingrg/dwr/engine.js HTTP/1.1" 200 43631
120.253.135.82 - - [12/Jan/2024:06:29:51 +0800] "GET /xingrg/dwr/interface/AjaxComOrderService.js HTTP/1.1" 200 18264
120.253.135.82 - - [12/Jan/2024:06:29:52 +0800] "POST /xingrg/dwr/call/plaincall/AjaxQqpsService.loadMaterielItems.dwr HTTP/1.1" 200 3799
120.253.135.82 - - [12/Jan/2024:06:29:53 +0800] "GET /xingrg/images/yd/bt.gif HTTP/1.1" 404 1040
120.253.135.82 - - [12/Jan/2024:06:29:53 +0800] "GET /xingrg/images/yd/bt2.gif HTTP/1.1" 404 1042
120.253.135.82 - - [12/Jan/2024:06:29:57 +0800] "GET /xingrg/kc/pszx/mdqp_order_list.html?isBack=1 HTTP/1.1" 200 76051
120.253.135.82 - - [12/Jan/2024:06:29:57 +0800] "GET /xingrg/dwr/interface/AjaxQqpsService.js HTTP/1.1" 200 16326
120.253.135.82 - - [12/Jan/2024:06:29:57 +0800] "GET /xingrg/dwr/interface/AjaxReportQueryService.js HTTP/1.1" 200 13203
120.253.135.82 - - [12/Jan/2024:06:29:57 +0800] "GET /xingrg/dwr/engine.js HTTP/1.1" 200 43631
124.77.240.112 - - [12/Jan/2024:06:29:57 +0800] "POST /xingrg/kc/buy/cgsh_list_operate.html HTTP/1.1" 200 986
116.232.193.168 - - [12/Jan/2024:06:29:58 +0800] "GET /xingrg/all/function/internal_message.html?_=1705012141098&CODE_STATE=getMsg HTTP/1.1" 200 27
120.253.135.82 - - [12/Jan/2024:06:30:00 +0800] "GET /xingrg/all/function/internal_message.html?_=1705012020332&CODE_STATE=getMsg HTTP/1.1" 200 27
116.228.172.122 - - [12/Jan/2024:06:30:01 +0800] "GET /xingrg/all/function/internal_message.html?_=1705012109705&CODE_STATE=getMsg HTTP/1.1" 302 -
116.228.172.122 - - [12/Jan/2024:06:30:01 +0800] "GET /xingrg/check_reg.html?_=1705012109707 HTTP/1.1" 302 -
120.253.135.82 - - [12/Jan/2024:06:30:01 +0800] "GET /xingrg/kc/pszx/mdqp_order_info.html?code=302024011100232 HTTP/1.1" 200 12913
120.253.135.82 - - [12/Jan/2024:06:30:01 +0800] "GET /xingrg/dwr/interface/AjaxQqpsService.js HTTP/1.1" 200 16326
120.253.135.82 - - [12/Jan/2024:06:30:01 +0800] "GET /xingrg/dwr/engine.js HTTP/1.1" 200 43631
120.253.135.82 - - [12/Jan/2024:06:30:01 +0800] "GET /xingrg/dwr/interface/AjaxComOrderService.js HTTP/1.1" 200 18264
120.253.135.82 - - [12/Jan/2024:06:30:02 +0800] "POST /xingrg/dwr/call/plaincall/AjaxQqpsService.loadMaterielItems.dwr HTTP/1.1" 200 1093
120.253.135.82 - - [12/Jan/2024:06:30:03 +0800] "GET /xingrg/images/yd/bt.gif HTTP/1.1" 404 1040
120.253.135.82 - - [12/Jan/2024:06:30:03 +0800] "GET /xingrg/images/yd/bt2.gif HTTP/1.1" 404 1042
120.253.135.82 - - [12/Jan/2024:06:30:06 +0800] "GET /xingrg/kc/pszx/mdqp_order_list.html?isBack=1 HTTP/1.1" 200 76051
120.253.135.82 - - [12/Jan/2024:06:30:06 +0800] "GET /xingrg/dwr/interface/AjaxQqpsService.js HTTP/1.1" 200 16326
120.253.135.82 - - [12/Jan/2024:06:30:06 +0800] "GET /xingrg/dwr/engine.js HTTP/1.1" 200 43631
120.253.135.82 - - [12/Jan/2024:06:30:06 +0800] "GET /xingrg/dwr/interface/AjaxReportQueryService.js HTTP/1.1" 200 13203
120.253.135.82 - - [12/Jan/2024:06:30:10 +0800] "GET /xingrg/kc/pszx/mdqp_order_info.html?code=302024011100233 HTTP/1.1" 200 12913
120.253.135.82 - - [12/Jan/2024:06:30:10 +0800] "GET /xingrg/dwr/interface/AjaxQqpsService.js HTTP/1.1" 200 16326
120.253.135.82 - - [12/Jan/2024:06:30:10 +0800] "GET /xingrg/dwr/interface/AjaxComOrderService.js HTTP/1.1" 200 18264
120.253.135.82 - - [12/Jan/2024:06:30:10 +0800] "GET /xingrg/dwr/engine.js HTTP/1.1" 200 43631
120.253.135.82 - - [12/Jan/2024:06:30:11 +0800] "POST /xingrg/dwr/call/plaincall/AjaxQqpsService.loadMaterielItems.dwr HTTP/1.1" 200 437
120.253.135.82 - - [12/Jan/2024:06:30:12 +0800] "GET /xingrg/images/yd/bt.gif HTTP/1.1" 404 1040
120.253.135.82 - - [12/Jan/2024:06:30:12 +0800] "GET /xingrg/images/yd/bt2.gif HTTP/1.1" 404 1042
120.253.135.82 - - [12/Jan/2024:06:30:15 +0800] "GET /xingrg/kc/pszx/mdqp_order_list.html?isBack=1 HTTP/1.1" 200 76051
120.253.135.82 - - [12/Jan/2024:06:30:15 +0800] "GET /xingrg/dwr/interface/AjaxReportQueryService.js HTTP/1.1" 200 13203
120.253.135.82 - - [12/Jan/2024:06:30:15 +0800] "GET /xingrg/dwr/interface/AjaxQqpsService.js HTTP/1.1" 200 16326
120.253.135.82 - - [12/Jan/2024:06:30:15 +0800] "GET /xingrg/dwr/engine.js HTTP/1.1" 200 43631
116.230.123.222 - - [12/Jan/2024:06:30:15 +0800] "GET /xingrg/all/function/internal_message.html?_=1705012213206&CODE_STATE=getMsg HTTP/1.1" 200 27
58.40.7.146 - - [12/Jan/2024:06:30:17 +0800] "GET /xingrg/all/function/internal_message.html?_=1705012217284&CODE_STATE=getMsg HTTP/1.1" 200 27
124.77.240.112 - - [12/Jan/2024:06:30:20 +0800] "GET /xingrg/all/function/internal_message.html?_=1705012228231&CODE_STATE=getMsg HTTP/1.1" 200 27
120.253.135.82 - - [12/Jan/2024:06:30:20 +0800] "GET /xingrg/kc/pszx/mdqp_order_info.html?code=302024011100234 HTTP/1.1" 200 12913
120.253.135.82 - - [12/Jan/2024:06:30:20 +0800] "GET /xingrg/dwr/interface/AjaxQqpsService.js HTTP/1.1" 200 16326
120.253.135.82 - - [12/Jan/2024:06:30:20 +0800] "GET /xingrg/dwr/interface/AjaxComOrderService.js HTTP/1.1" 200 18264
120.253.135.82 - - [12/Jan/2024:06:30:20 +0800] "GET /xingrg/dwr/engine.js HTTP/1.1" 200 43631
114.95.241.104 - - [12/Jan/2024:06:30:21 +0800] "GET /xingrg/all/function/internal_message.html?_=1705012221354&CODE_STATE=getMsg HTTP/1.1" 200 27
120.253.135.82 - - [12/Jan/2024:06:30:21 +0800] "POST /xingrg/dwr/call/plaincall/AjaxQqpsService.loadMaterielItems.dwr HTTP/1.1" 200 2493
120.253.135.82 - - [12/Jan/2024:06:30:23 +0800] "GET /xingrg/images/yd/bt.gif HTTP/1.1" 404 1040
120.253.135.82 - - [12/Jan/2024:06:30:23 +0800] "GET /xingrg/images/yd/bt2.gif HTTP/1.1" 404 1042
221.239.172.206 - - [12/Jan/2024:06:30:25 +0800] "GET /xingrg/all/function/internal_message.html?_=1705012225419&CODE_STATE=getMsg HTTP/1.1" 200 27
120.253.135.82 - - [12/Jan/2024:06:30:27 +0800] "GET /xingrg/kc/pszx/mdqp_order_list.html?isBack=1 HTTP/1.1" 200 76051
120.253.135.82 - - [12/Jan/2024:06:30:27 +0800] "GET /xingrg/dwr/interface/AjaxReportQueryService.js HTTP/1.1" 200 13203
120.253.135.82 - - [12/Jan/2024:06:30:27 +0800] "GET /xingrg/dwr/engine.js HTTP/1.1" 200 43631
120.253.135.82 - - [12/Jan/2024:06:30:27 +0800] "GET /xingrg/dwr/interface/AjaxQqpsService.js HTTP/1.1" 200 16326
114.95.241.104 - - [12/Jan/2024:06:30:29 +0800] "GET /xingrg/all/function/internal_message.html?_=1705012229883&CODE_STATE=getMsg HTTP/1.1" 200 27
120.253.135.82 - - [12/Jan/2024:06:30:32 +0800] "GET /xingrg/kc/pszx/mdqp_order_info.html?code=302024011100235 HTTP/1.1" 200 12913
120.253.135.82 - - [12/Jan/2024:06:30:32 +0800] "GET /xingrg/dwr/interface/AjaxComOrderService.js HTTP/1.1" 200 18264
120.253.135.82 - - [12/Jan/2024:06:30:32 +0800] "GET /xingrg/dwr/engine.js HTTP/1.1" 200 43631
120.253.135.82 - - [12/Jan/2024:06:30:32 +0800] "GET /xingrg/dwr/interface/AjaxQqpsService.js HTTP/1.1" 200 16326
124.78.68.102 - - [12/Jan/2024:06:30:33 +0800] "GET /xingrg/all/function/internal_message.html?_=1705012233699&CODE_STATE=getMsg HTTP/1.1" 200 27
120.253.135.82 - - [12/Jan/2024:06:30:33 +0800] "POST /xingrg/dwr/call/plaincall/AjaxQqpsService.loadMaterielItems.dwr HTTP/1.1" 200 1166
120.253.135.82 - - [12/Jan/2024:06:30:35 +0800] "GET /xingrg/images/yd/bt.gif HTTP/1.1" 404 1040
120.253.135.82 - - [12/Jan/2024:06:30:35 +0800] "GET /xingrg/images/yd/bt2.gif HTTP/1.1" 404 1042
116.232.193.168 - - [12/Jan/2024:06:30:35 +0800] "GET /xingrg/all/function/internal_message.html?_=1705012178373&CODE_STATE=getMsg HTTP/1.1" 200 27
116.232.193.168 - - [12/Jan/2024:06:30:35 +0800] "GET /xingrg/check_reg.html?_=1705012178375 HTTP/1.1" 200 22
120.253.135.82 - - [12/Jan/2024:06:30:38 +0800] "GET /xingrg/kc/pszx/mdqp_order_list.html?isBack=1 HTTP/1.1" 200 76051
120.253.135.82 - - [12/Jan/2024:06:30:38 +0800] "GET /xingrg/dwr/interface/AjaxQqpsService.js HTTP/1.1" 200 16326
120.253.135.82 - - [12/Jan/2024:06:30:38 +0800] "GET /xingrg/dwr/interface/AjaxReportQueryService.js HTTP/1.1" 200 13203
120.253.135.82 - - [12/Jan/2024:06:30:38 +0800] "GET /xingrg/dwr/engine.js HTTP/1.1" 200 43631
116.232.193.168 - - [12/Jan/2024:06:30:41 +0800] "GET /xingrg/all/function/internal_message.html?_=1705012183798&CODE_STATE=getMsg HTTP/1.1" 200 27
120.253.135.82 - - [12/Jan/2024:06:30:43 +0800] "GET /xingrg/kc/pszx/mdqp_order_info.html?code=302024011100236 HTTP/1.1" 200 12913
120.253.135.82 - - [12/Jan/2024:06:30:44 +0800] "GET /xingrg/dwr/interface/AjaxQqpsService.js HTTP/1.1" 200 16326
120.253.135.82 - - [12/Jan/2024:06:30:44 +0800] "GET /xingrg/dwr/interface/AjaxComOrderService.js HTTP/1.1" 200 18264
120.253.135.82 - - [12/Jan/2024:06:30:44 +0800] "GET /xingrg/dwr/engine.js HTTP/1.1" 200 43631
120.253.135.82 - - [12/Jan/2024:06:30:45 +0800] "POST /xingrg/dwr/call/plaincall/AjaxQqpsService.loadMaterielItems.dwr HTTP/1.1" 200 597
120.253.135.82 - - [12/Jan/2024:06:30:46 +0800] "GET /xingrg/images/yd/bt.gif HTTP/1.1" 404 1040
120.253.135.82 - - [12/Jan/2024:06:30:46 +0800] "GET /xingrg/images/yd/bt2.gif HTTP/1.1" 404 1042
120.253.135.82 - - [12/Jan/2024:06:30:48 +0800] "GET /xingrg/kc/pszx/mdqp_order_list.html?isBack=1 HTTP/1.1" 200 76051
120.253.135.82 - - [12/Jan/2024:06:30:48 +0800] "GET /xingrg/dwr/interface/AjaxReportQueryService.js HTTP/1.1" 200 13203
120.253.135.82 - - [12/Jan/2024:06:30:48 +0800] "GET /xingrg/dwr/engine.js HTTP/1.1" 200 43631
120.253.135.82 - - [12/Jan/2024:06:30:48 +0800] "GET /xingrg/dwr/interface/AjaxQqpsService.js HTTP/1.1" 200 16326
120.253.135.82 - - [12/Jan/2024:06:30:53 +0800] "GET /xingrg/kc/pszx/mdqp_order_list.html?isBack=1&page_num=2 HTTP/1.1" 200 76121
120.253.135.82 - - [12/Jan/2024:06:30:53 +0800] "GET /xingrg/dwr/engine.js HTTP/1.1" 200 43631
120.253.135.82 - - [12/Jan/2024:06:30:53 +0800] "GET /xingrg/dwr/interface/AjaxQqpsService.js HTTP/1.1" 200 16326
120.253.135.82 - - [12/Jan/2024:06:30:53 +0800] "GET /xingrg/dwr/interface/AjaxReportQueryService.js HTTP/1.1" 200 13203
120.253.135.82 - - [12/Jan/2024:06:30:56 +0800] "GET /xingrg/kc/pszx/mdqp_order_info.html?code=302024011100237 HTTP/1.1" 200 12913
120.253.135.82 - - [12/Jan/2024:06:30:56 +0800] "GET /xingrg/dwr/interface/AjaxQqpsService.js HTTP/1.1" 200 16326
120.253.135.82 - - [12/Jan/2024:06:30:56 +0800] "GET /xingrg/dwr/interface/AjaxComOrderService.js HTTP/1.1" 200 18264
120.253.135.82 - - [12/Jan/2024:06:30:56 +0800] "GET /xingrg/dwr/engine.js HTTP/1.1" 200 43631
120.253.135.82 - - [12/Jan/2024:06:30:58 +0800] "POST /xingrg/dwr/call/plaincall/AjaxQqpsService.loadMaterielItems.dwr HTTP/1.1" 200 332
116.232.193.168 - - [12/Jan/2024:06:30:58 +0800] "GET /xingrg/all/function/internal_message.html?_=1705012201098&CODE_STATE=getMsg HTTP/1.1" 200 27
116.232.193.168 - - [12/Jan/2024:06:30:58 +0800] "GET /xingrg/check_reg.html?_=1705012201097 HTTP/1.1" 200 22
120.253.135.82 - - [12/Jan/2024:06:31:00 +0800] "GET /xingrg/all/function/internal_message.html?_=1705012080420&CODE_STATE=getMsg HTTP/1.1" 200 27
116.228.172.122 - - [12/Jan/2024:06:31:01 +0800] "GET /xingrg/all/function/internal_message.html?_=1705012169711&CODE_STATE=getMsg HTTP/1.1" 302 -
116.230.123.222 - - [12/Jan/2024:06:31:15 +0800] "GET /xingrg/all/function/internal_message.html?_=1705012273190&CODE_STATE=getMsg HTTP/1.1" 200 27
58.40.7.146 - - [12/Jan/2024:06:31:17 +0800] "GET /xingrg/all/function/internal_message.html?_=1705012277288&CODE_STATE=getMsg HTTP/1.1" 200 27
120.253.135.82 - - [12/Jan/2024:06:31:19 +0800] "GET /xingrg/kc/pszx/mdqp_order_list.html?isBack=1 HTTP/1.1" 200 76051
120.253.135.82 - - [12/Jan/2024:06:31:19 +0800] "GET /xingrg/dwr/interface/AjaxQqpsService.js HTTP/1.1" 200 16326
120.253.135.82 - - [12/Jan/2024:06:31:19 +0800] "GET /xingrg/dwr/engine.js HTTP/1.1" 200 43631
120.253.135.82 - - [12/Jan/2024:06:31:19 +0800] "GET /xingrg/dwr/interface/AjaxReportQueryService.js HTTP/1.1" 200 13203
124.77.240.112 - - [12/Jan/2024:06:31:20 +0800] "GET /xingrg/all/function/internal_message.html?_=1705012288244&CODE_STATE=getMsg HTTP/1.1" 200 27
114.95.241.104 - - [12/Jan/2024:06:31:21 +0800] "GET /xingrg/all/function/internal_message.html?_=1705012281352&CODE_STATE=getMsg HTTP/1.1" 200 27
114.95.241.104 - - [12/Jan/2024:06:31:21 +0800] "GET /xingrg/check_reg.html?_=1705012281353 HTTP/1.1" 200 22
120.253.135.82 - - [12/Jan/2024:06:31:23 +0800] "GET /xingrg/kc/pszx/mdqp_order_list.html?state=10 HTTP/1.1" 200 10319
120.253.135.82 - - [12/Jan/2024:06:31:23 +0800] "GET /xingrg/dwr/engine.js HTTP/1.1" 200 43631
120.253.135.82 - - [12/Jan/2024:06:31:23 +0800] "GET /xingrg/dwr/interface/AjaxQqpsService.js HTTP/1.1" 200 16326
120.253.135.82 - - [12/Jan/2024:06:31:23 +0800] "GET /xingrg/dwr/interface/AjaxReportQueryService.js HTTP/1.1" 200 13203
221.239.172.206 - - [12/Jan/2024:06:31:25 +0800] "GET /xingrg/all/function/internal_message.html?_=1705012285402&CODE_STATE=getMsg HTTP/1.1" 200 27
120.253.135.82 - - [12/Jan/2024:06:31:28 +0800] "GET /xingrg/kc/report/report_main.html HTTP/1.1" 200 8599
114.95.241.104 - - [12/Jan/2024:06:31:29 +0800] "GET /xingrg/all/function/internal_message.html?_=1705012289871&CODE_STATE=getMsg HTTP/1.1" 200 27
120.253.135.82 - - [12/Jan/2024:06:31:30 +0800] "GET /xingrg/kc/base/kc_stocks.html HTTP/1.1" 200 16554
120.253.135.82 - - [12/Jan/2024:06:31:30 +0800] "GET /xingrg/javascript/easyui/themes/default/tree.css HTTP/1.1" 404 1090
120.253.135.82 - - [12/Jan/2024:06:31:30 +0800] "POST /xingrg/all/common/load_tree.html?tree=materiel_sort_tree_json HTTP/1.1" 200 9617
120.253.135.82 - - [12/Jan/2024:06:31:32 +0800] "POST /xingrg/all/common/load_combo.html?type=base HTTP/1.1" 200 1169
124.78.68.102 - - [12/Jan/2024:06:31:33 +0800] "GET /xingrg/all/function/internal_message.html?_=1705012293686&CODE_STATE=getMsg HTTP/1.1" 200 27
221.239.172.206 - - [12/Jan/2024:06:31:34 +0800] "GET /xingrg/check_reg.html?_=1705012294469 HTTP/1.1" 200 22
116.232.193.168 - - [12/Jan/2024:06:31:35 +0800] "GET /xingrg/all/function/internal_message.html?_=1705012238370&CODE_STATE=getMsg HTTP/1.1" 200 27
116.232.193.168 - - [12/Jan/2024:06:31:41 +0800] "GET /xingrg/all/function/internal_message.html?_=1705012243803&CODE_STATE=getMsg HTTP/1.1" 200 27
116.232.193.168 - - [12/Jan/2024:06:31:41 +0800] "GET /xingrg/check_reg.html?_=1705012243808 HTTP/1.1" 200 22
116.232.193.168 - - [12/Jan/2024:06:31:58 +0800] "GET /xingrg/all/function/internal_message.html?_=1705012261094&CODE_STATE=getMsg HTTP/1.1" 200 27
120.253.135.82 - - [12/Jan/2024:06:31:59 +0800] "GET /xingrg/check_reg.html?_=1705012139143 HTTP/1.1" 200 22
120.253.135.82 - - [12/Jan/2024:06:32:00 +0800] "GET /xingrg/all/function/internal_message.html?_=1705012140621&CODE_STATE=getMsg HTTP/1.1" 200 27
116.228.172.122 - - [12/Jan/2024:06:32:01 +0800] "GET /xingrg/all/function/internal_message.html?_=1705012229714&CODE_STATE=getMsg HTTP/1.1" 302 -
116.230.123.222 - - [12/Jan/2024:06:32:15 +0800] "GET /xingrg/all/function/internal_message.html?_=1705012333159&CODE_STATE=getMsg HTTP/1.1" 200 27
58.40.7.146 - - [12/Jan/2024:06:32:17 +0800] "GET /xingrg/all/function/internal_message.html?_=1705012337289&CODE_STATE=getMsg HTTP/1.1" 200 27
124.78.68.102 - - [12/Jan/2024:06:32:19 +0800] "GET /xingrg/check_reg.html?_=1705012339717 HTTP/1.1" 200 22
124.77.240.112 - - [12/Jan/2024:06:32:21 +0800] "GET /xingrg/all/function/internal_message.html?_=1705012348746&CODE_STATE=getMsg HTTP/1.1" 200 27
114.95.241.104 - - [12/Jan/2024:06:32:21 +0800] "GET /xingrg/all/function/internal_message.html?_=1705012341338&CODE_STATE=getMsg HTTP/1.1" 200 27
221.239.172.206 - - [12/Jan/2024:06:32:25 +0800] "GET /xingrg/all/function/internal_message.html?_=1705012345379&CODE_STATE=getMsg HTTP/1.1" 200 27
116.230.123.222 - - [12/Jan/2024:06:32:29 +0800] "GET /xingrg/check_reg.html?_=1705012347669 HTTP/1.1" 200 22
114.95.241.104 - - [12/Jan/2024:06:32:29 +0800] "GET /xingrg/all/function/internal_message.html?_=1705012349881&CODE_STATE=getMsg HTTP/1.1" 200 27
124.78.68.102 - - [12/Jan/2024:06:32:33 +0800] "GET /xingrg/all/function/internal_message.html?_=1705012353662&CODE_STATE=getMsg HTTP/1.1" 200 27
116.232.193.168 - - [12/Jan/2024:06:32:35 +0800] "GET /xingrg/all/function/internal_message.html?_=1705012298388&CODE_STATE=getMsg HTTP/1.1" 200 27
124.77.240.112 - - [12/Jan/2024:06:32:39 +0800] "GET /xingrg/check_reg.html?_=1705012366823 HTTP/1.1" 200 22
116.232.193.168 - - [12/Jan/2024:06:32:41 +0800] "GET /xingrg/all/function/internal_message.html?_=1705012303802&CODE_STATE=getMsg HTTP/1.1" 200 27
116.232.193.168 - - [12/Jan/2024:06:32:58 +0800] "GET /xingrg/all/function/internal_message.html?_=1705012321111&CODE_STATE=getMsg HTTP/1.1" 200 27
120.253.135.82 - - [12/Jan/2024:06:33:00 +0800] "GET /xingrg/all/function/internal_message.html?_=1705012200633&CODE_STATE=getMsg HTTP/1.1" 200 27
116.228.172.122 - - [12/Jan/2024:06:33:01 +0800] "GET /xingrg/all/function/internal_message.html?_=1705012289716&CODE_STATE=getMsg HTTP/1.1" 302 -
120.253.135.82 - - [12/Jan/2024:06:33:08 +0800] "POST /xingrg/kc/base/stock_operate.html HTTP/1.1" 200 1449
116.230.123.222 - - [12/Jan/2024:06:33:15 +0800] "GET /xingrg/all/function/internal_message.html?_=1705012393132&CODE_STATE=getMsg HTTP/1.1" 200 27
58.40.7.146 - - [12/Jan/2024:06:33:17 +0800] "GET /xingrg/check_reg.html?_=1705012397290 HTTP/1.1" 200 22
58.40.7.146 - - [12/Jan/2024:06:33:17 +0800] "GET /xingrg/all/function/internal_message.html?_=1705012397292&CODE_STATE=getMsg HTTP/1.1" 200 27
124.77.240.112 - - [12/Jan/2024:06:33:21 +0800] "GET /xingrg/all/function/internal_message.html?_=1705012408755&CODE_STATE=getMsg HTTP/1.1" 200 27
114.95.241.104 - - [12/Jan/2024:06:33:21 +0800] "GET /xingrg/all/function/internal_message.html?_=1705012401347&CODE_STATE=getMsg HTTP/1.1" 200 27
221.239.172.206 - - [12/Jan/2024:06:33:25 +0800] "GET /xingrg/all/function/internal_message.html?_=1705012405364&CODE_STATE=getMsg HTTP/1.1" 200 27
114.95.241.104 - - [12/Jan/2024:06:33:29 +0800] "GET /xingrg/all/function/internal_message.html?_=1705012409882&CODE_STATE=getMsg HTTP/1.1" 200 27
114.95.241.104 - - [12/Jan/2024:06:33:30 +0800] "GET /xingrg/check_reg.html?_=1705012409887 HTTP/1.1" 200 22
124.78.68.102 - - [12/Jan/2024:06:33:33 +0800] "GET /xingrg/all/function/internal_message.html?_=1705012413637&CODE_STATE=getMsg HTTP/1.1" 200 27
120.253.135.82 - - [12/Jan/2024:06:33:34 +0800] "POST /xingrg/kc/base/stock_operate.html HTTP/1.1" 200 1965
116.232.193.168 - - [12/Jan/2024:06:33:35 +0800] "GET /xingrg/all/function/internal_message.html?_=1705012358377&CODE_STATE=getMsg HTTP/1.1" 200 27
120.253.135.82 - - [12/Jan/2024:06:33:38 +0800] "GET /xingrg/javascript/easyui/themes/sunny/images/ui-bg_gloss-wave_60_fece2f_500x100.png HTTP/1.1" 304 -
116.232.193.168 - - [12/Jan/2024:06:33:41 +0800] "GET /xingrg/all/function/internal_message.html?_=1705012363787&CODE_STATE=getMsg HTTP/1.1" 200 27
116.232.193.168 - - [12/Jan/2024:06:33:58 +0800] "GET /xingrg/all/function/internal_message.html?_=1705012381090&CODE_STATE=getMsg HTTP/1.1" 200 27
120.253.135.82 - - [12/Jan/2024:06:34:00 +0800] "GET /xingrg/all/function/internal_message.html?_=1705012260649&CODE_STATE=getMsg HTTP/1.1" 200 27
116.228.172.122 - - [12/Jan/2024:06:34:01 +0800] "GET /xingrg/all/function/internal_message.html?_=1705012349717&CODE_STATE=getMsg HTTP/1.1" 302 -
120.253.135.82 - - [12/Jan/2024:06:34:02 +0800] "POST /xingrg/kc/base/stock_operate.html HTTP/1.1" 200 1717
120.253.135.82 - - [12/Jan/2024:06:34:08 +0800] "POST /xingrg/kc/base/stock_operate.html HTTP/1.1" 200 1467
116.230.123.222 - - [12/Jan/2024:06:34:15 +0800] "GET /xingrg/all/function/internal_message.html?_=1705012453102&CODE_STATE=getMsg HTTP/1.1" 200 27
58.40.7.146 - - [12/Jan/2024:06:34:17 +0800] "GET /xingrg/all/function/internal_message.html?_=1705012457295&CODE_STATE=getMsg HTTP/1.1" 200 27
124.77.240.112 - - [12/Jan/2024:06:34:21 +0800] "GET /xingrg/all/function/internal_message.html?_=1705012468769&CODE_STATE=getMsg HTTP/1.1" 200 27
114.95.241.104 - - [12/Jan/2024:06:34:21 +0800] "GET /xingrg/all/function/internal_message.html?_=1705012461357&CODE_STATE=getMsg HTTP/1.1" 200 27
120.253.135.82 - - [12/Jan/2024:06:34:22 +0800] "POST /xingrg/kc/base/stock_operate.html HTTP/1.1" 200 1455
221.239.172.206 - - [12/Jan/2024:06:34:25 +0800] "GET /xingrg/all/function/internal_message.html?_=1705012465349&CODE_STATE=getMsg HTTP/1.1" 200 27
114.95.241.104 - - [12/Jan/2024:06:34:29 +0800] "GET /xingrg/all/function/internal_message.html?_=1705012469887&CODE_STATE=getMsg HTTP/1.1" 200 27
120.253.135.82 - - [12/Jan/2024:06:34:30 +0800] "POST /xingrg/kc/base/stock_operate.html HTTP/1.1" 200 1454
124.78.68.102 - - [12/Jan/2024:06:34:33 +0800] "GET /xingrg/all/function/internal_message.html?_=1705012473614&CODE_STATE=getMsg HTTP/1.1" 200 27
116.232.193.168 - - [12/Jan/2024:06:34:35 +0800] "GET /xingrg/all/function/internal_message.html?_=1705012418365&CODE_STATE=getMsg HTTP/1.1" 200 27
120.253.135.82 - - [12/Jan/2024:06:34:38 +0800] "POST /xingrg/kc/base/stock_operate.html HTTP/1.1" 200 1712
116.232.193.168 - - [12/Jan/2024:06:34:41 +0800] "GET /xingrg/all/function/internal_message.html?_=1705012423799&CODE_STATE=getMsg HTTP/1.1" 200 27
120.253.135.82 - - [12/Jan/2024:06:34:46 +0800] "POST /xingrg/kc/base/stock_operate.html HTTP/1.1" 200 1461
124.77.240.112 - - [12/Jan/2024:06:34:49 +0800] "GET /xingrg/kc/base/wldb_order_list.html HTTP/1.1" 200 19060
124.77.240.112 - - [12/Jan/2024:06:34:50 +0800] "POST /xingrg/kc/base/wldb_list_operate.html HTTP/1.1" 200 928
124.77.240.112 - - [12/Jan/2024:06:34:51 +0800] "GET /xingrg/kc/base/wldb_order_add.html HTTP/1.1" 200 30391
124.77.240.112 - - [12/Jan/2024:06:34:51 +0800] "GET /xingrg/javascript/pic_change.js HTTP/1.1" 304 -
124.77.240.112 - - [12/Jan/2024:06:34:51 +0800] "GET /xingrg/javascript/jquery_tools/order_manager.js HTTP/1.1" 304 -
124.77.240.112 - - [12/Jan/2024:06:34:51 +0800] "GET /xingrg/javascript/json2.js HTTP/1.1" 304 -
124.77.240.112 - - [12/Jan/2024:06:34:51 +0800] "GET /xingrg/javascript/print/kc_print.js HTTP/1.1" 304 -
124.77.240.112 - - [12/Jan/2024:06:34:51 +0800] "GET /xingrg/javascript/convert.js HTTP/1.1" 304 -
124.77.240.112 - - [12/Jan/2024:06:34:51 +0800] "GET /xingrg/words/20240111194102_words.js HTTP/1.1" 200 1008766
124.77.240.112 - - [12/Jan/2024:06:34:52 +0800] "POST /xingrg/kc/base/wldb_order_operate.html HTTP/1.1" 200 6806
124.77.240.112 - - [12/Jan/2024:06:34:52 +0800] "GET /xingrg/all/common/auto_word.html?type=base&rest_code=00146 HTTP/1.1" 200 1799
124.77.240.112 - - [12/Jan/2024:06:34:52 +0800] "GET /xingrg/all/common/auto_word.html?type=base&rest_code=00146 HTTP/1.1" 200 1799
124.77.240.112 - - [12/Jan/2024:06:34:52 +0800] "GET /xingrg/javascript/easyui/themes/default/validatebox.css HTTP/1.1" 404 1104
124.77.240.112 - - [12/Jan/2024:06:34:52 +0800] "GET /xingrg/javascript/easyui/plugins/jquery.validatebox.js HTTP/1.1" 304 -
124.77.240.112 - - [12/Jan/2024:06:34:52 +0800] "GET /xingrg/javascript/easyui/plugins/jquery.numberbox.js HTTP/1.1" 304 -
116.232.193.168 - - [12/Jan/2024:06:34:58 +0800] "GET /xingrg/all/function/internal_message.html?_=1705012441100&CODE_STATE=getMsg HTTP/1.1" 200 27
120.253.135.82 - - [12/Jan/2024:06:35:00 +0800] "GET /xingrg/all/function/internal_message.html?_=1705012320660&CODE_STATE=getMsg HTTP/1.1" 200 27
116.228.172.122 - - [12/Jan/2024:06:35:01 +0800] "GET /xingrg/check_reg.html?_=1705012409706 HTTP/1.1" 302 -
116.228.172.122 - - [12/Jan/2024:06:35:01 +0800] "GET /xingrg/all/function/internal_message.html?_=1705012409708&CODE_STATE=getMsg HTTP/1.1" 302 -
124.77.240.112 - - [12/Jan/2024:06:35:10 +0800] "GET /xingrg/kc/base/wldb_order_operate.html?command=get_materiel&rest_code=00146&base_code=0010063&code=00101019063 HTTP/1.1" 200 461
