180.169.147.146 - - [12/Jan/2024:09:55:32 +0800] "GET /xingrg/all/function/internal_message.html?_=1705024532045&CODE_STATE=getMsg HTTP/1.1" 200 27
116.232.193.168 - - [12/Jan/2024:09:55:34 +0800] "GET /xingrg/all/function/internal_message.html?_=1705024477119&CODE_STATE=getMsg HTTP/1.1" 200 27
124.77.240.112 - - [12/Jan/2024:09:55:35 +0800] "GET /xingrg/all/function/internal_message.html?_=1705024543898&CODE_STATE=getMsg HTTP/1.1" 200 27
114.95.241.104 - - [12/Jan/2024:09:55:44 +0800] "GET /xingrg/all/function/internal_message.html?_=1705024544151&CODE_STATE=getMsg HTTP/1.1" 200 27
101.228.146.191 - - [12/Jan/2024:09:55:49 +0800] "GET /xingrg/all/function/internal_message.html?_=1705024549017&CODE_STATE=getMsg HTTP/1.1" 200 27
180.164.1.25 - - [12/Jan/2024:09:55:50 +0800] "GET /xingrg/all/function/internal_message.html?_=1705024550697&CODE_STATE=getMsg HTTP/1.1" 200 27
116.230.123.222 - - [12/Jan/2024:09:55:53 +0800] "GET /xingrg/check_reg.html?_=1705024551011 HTTP/1.1" 200 22
116.230.123.222 - - [12/Jan/2024:09:55:53 +0800] "GET /xingrg/all/function/internal_message.html?_=1705024551013&CODE_STATE=getMsg HTTP/1.1" 200 27
124.78.68.102 - - [12/Jan/2024:09:55:55 +0800] "POST /xingrg/services/DataTransmitService HTTP/1.1" 200 524
116.228.172.122 - - [12/Jan/2024:09:56:01 +0800] "GET /xingrg/all/function/internal_message.html?_=1705024469707&CODE_STATE=getMsg HTTP/1.1" 302 -
180.152.241.32 - - [12/Jan/2024:09:56:02 +0800] "GET /xingrg/all/function/internal_message.html?_=1705024563374&CODE_STATE=getMsg HTTP/1.1" 200 27
180.152.241.32 - - [12/Jan/2024:09:56:02 +0800] "GET /xingrg/check_reg.html?_=1705024563378 HTTP/1.1" 200 22
222.70.115.1 - - [12/Jan/2024:09:56:07 +0800] "GET /xingrg/all/function/internal_message.html?_=1705024574491&CODE_STATE=getMsg HTTP/1.1" 302 -
101.83.145.37 - - [12/Jan/2024:09:56:07 +0800] "GET /xingrg/all/function/internal_message.html?_=1705024568159&CODE_STATE=getMsg HTTP/1.1" 200 27
101.83.145.37 - - [12/Jan/2024:09:56:07 +0800] "GET /xingrg/check_reg.html?_=1705024568163 HTTP/1.1" 200 22
114.95.241.104 - - [12/Jan/2024:09:56:11 +0800] "GET /xingrg/all/function/internal_message.html?_=1705024571505&CODE_STATE=getMsg HTTP/1.1" 200 27
58.39.110.191 - - [12/Jan/2024:09:56:13 +0800] "GET /xingrg/all/function/internal_message.html?_=1705024575605&CODE_STATE=getMsg HTTP/1.1" 200 27
114.83.217.59 - - [12/Jan/2024:09:56:16 +0800] "GET /xingrg/check_reg.html?_=1705024579393 HTTP/1.1" 200 22
114.83.217.59 - - [12/Jan/2024:09:56:16 +0800] "GET /xingrg/all/function/internal_message.html?_=1705024579389&CODE_STATE=getMsg HTTP/1.1" 200 27
221.239.172.206 - - [12/Jan/2024:09:56:22 +0800] "GET /xingrg/all/function/internal_message.html?_=1705024581716&CODE_STATE=getMsg HTTP/1.1" 200 27
101.83.145.37 - - [12/Jan/2024:09:56:27 +0800] "GET /xingrg/all/function/internal_message.html?_=1705024353954&CODE_STATE=getMsg HTTP/1.1" 200 27
124.78.154.219 - - [12/Jan/2024:09:56:28 +0800] "GET /xingrg/all/function/internal_message.html?_=1705024586475&CODE_STATE=getMsg HTTP/1.1" 200 27
124.78.68.102 - - [12/Jan/2024:09:56:29 +0800] "GET /xingrg/all/function/internal_message.html?_=1705024589849&CODE_STATE=getMsg HTTP/1.1" 200 27
180.169.147.146 - - [12/Jan/2024:09:56:32 +0800] "GET /xingrg/all/function/internal_message.html?_=1705024592044&CODE_STATE=getMsg HTTP/1.1" 200 27
116.232.193.168 - - [12/Jan/2024:09:56:34 +0800] "GET /xingrg/all/function/internal_message.html?_=1705024537114&CODE_STATE=getMsg HTTP/1.1" 200 27
221.239.172.206 - - [12/Jan/2024:09:56:35 +0800] "GET /xingrg/check_reg.html?_=1705024594686 HTTP/1.1" 200 22
124.77.240.112 - - [12/Jan/2024:09:56:35 +0800] "GET /xingrg/all/function/internal_message.html?_=1705024603899&CODE_STATE=getMsg HTTP/1.1" 200 27
114.95.241.104 - - [12/Jan/2024:09:56:44 +0800] "GET /xingrg/check_reg.html?_=1705024604142 HTTP/1.1" 200 22
114.95.241.104 - - [12/Jan/2024:09:56:44 +0800] "GET /xingrg/all/function/internal_message.html?_=1705024604150&CODE_STATE=getMsg HTTP/1.1" 200 27
101.228.146.191 - - [12/Jan/2024:09:56:49 +0800] "GET /xingrg/check_reg.html?_=1705024609023 HTTP/1.1" 200 22
101.228.146.191 - - [12/Jan/2024:09:56:49 +0800] "GET /xingrg/all/function/internal_message.html?_=1705024609025&CODE_STATE=getMsg HTTP/1.1" 200 27
180.164.1.25 - - [12/Jan/2024:09:56:50 +0800] "GET /xingrg/all/function/internal_message.html?_=1705024610711&CODE_STATE=getMsg HTTP/1.1" 200 27
222.70.115.1 - - [12/Jan/2024:09:56:53 +0800] "POST /xingrg/services/DataTransmitService HTTP/1.1" 200 524
116.230.123.222 - - [12/Jan/2024:09:56:53 +0800] "GET /xingrg/all/function/internal_message.html?_=1705024610997&CODE_STATE=getMsg HTTP/1.1" 200 27
116.228.172.122 - - [12/Jan/2024:09:57:01 +0800] "GET /xingrg/all/function/internal_message.html?_=1705024529710&CODE_STATE=getMsg HTTP/1.1" 302 -
180.152.241.32 - - [12/Jan/2024:09:57:02 +0800] "GET /xingrg/all/function/internal_message.html?_=1705024623363&CODE_STATE=getMsg HTTP/1.1" 200 27
222.70.115.1 - - [12/Jan/2024:09:57:07 +0800] "GET /xingrg/all/function/internal_message.html?_=1705024634482&CODE_STATE=getMsg HTTP/1.1" 302 -
222.70.115.1 - - [12/Jan/2024:09:57:07 +0800] "GET /xingrg/check_reg.html?_=1705024634491 HTTP/1.1" 302 -
101.83.145.37 - - [12/Jan/2024:09:57:07 +0800] "GET /xingrg/all/function/internal_message.html?_=1705024628163&CODE_STATE=getMsg HTTP/1.1" 200 27
114.95.241.104 - - [12/Jan/2024:09:57:11 +0800] "GET /xingrg/all/function/internal_message.html?_=1705024631488&CODE_STATE=getMsg HTTP/1.1" 200 27
114.95.241.104 - - [12/Jan/2024:09:57:12 +0800] "GET /xingrg/check_reg.html?_=1705024632257 HTTP/1.1" 200 22
58.39.110.191 - - [12/Jan/2024:09:57:13 +0800] "GET /xingrg/all/function/internal_message.html?_=1705024635591&CODE_STATE=getMsg HTTP/1.1" 200 27
114.83.217.59 - - [12/Jan/2024:09:57:16 +0800] "GET /xingrg/all/function/internal_message.html?_=1705024639378&CODE_STATE=getMsg HTTP/1.1" 200 27
124.78.68.102 - - [12/Jan/2024:09:57:19 +0800] "GET /xingrg/check_reg.html?_=1705024639026 HTTP/1.1" 200 22
221.239.172.206 - - [12/Jan/2024:09:57:22 +0800] "GET /xingrg/all/function/internal_message.html?_=1705024641696&CODE_STATE=getMsg HTTP/1.1" 200 27
101.83.145.37 - - [12/Jan/2024:09:57:27 +0800] "GET /xingrg/all/function/internal_message.html?_=1705024413953&CODE_STATE=getMsg HTTP/1.1" 200 27
124.78.154.219 - - [12/Jan/2024:09:57:28 +0800] "GET /xingrg/check_reg.html?_=1705024646370 HTTP/1.1" 200 22
124.78.154.219 - - [12/Jan/2024:09:57:28 +0800] "GET /xingrg/all/function/internal_message.html?_=1705024646485&CODE_STATE=getMsg HTTP/1.1" 200 27
124.78.68.102 - - [12/Jan/2024:09:57:29 +0800] "GET /xingrg/all/function/internal_message.html?_=1705024649832&CODE_STATE=getMsg HTTP/1.1" 200 27
180.169.147.146 - - [12/Jan/2024:09:57:32 +0800] "GET /xingrg/all/function/internal_message.html?_=1705024652049&CODE_STATE=getMsg HTTP/1.1" 200 27
180.169.147.146 - - [12/Jan/2024:09:57:32 +0800] "GET /xingrg/check_reg.html?_=1705024652047 HTTP/1.1" 200 22
116.232.193.168 - - [12/Jan/2024:09:57:35 +0800] "GET /xingrg/all/function/internal_message.html?_=1705024597125&CODE_STATE=getMsg HTTP/1.1" 200 27
124.77.240.112 - - [12/Jan/2024:09:57:36 +0800] "GET /xingrg/all/function/internal_message.html?_=1705024664722&CODE_STATE=getMsg HTTP/1.1" 200 27
124.77.240.112 - - [12/Jan/2024:09:57:41 +0800] "GET /xingrg/check_reg.html?_=1705024670201 HTTP/1.1" 200 22
114.95.241.104 - - [12/Jan/2024:09:57:44 +0800] "GET /xingrg/all/function/internal_message.html?_=1705024664144&CODE_STATE=getMsg HTTP/1.1" 200 27
120.253.135.82 - - [12/Jan/2024:09:57:46 +0800] "GET /xingrg/check_reg.html?_=1705024486633 HTTP/1.1" 200 22
120.253.135.82 - - [12/Jan/2024:09:57:48 +0800] "GET /xingrg/kc/pszx/mdqp_order_list.html?state=10 HTTP/1.1" 200 10319
120.253.135.82 - - [12/Jan/2024:09:57:48 +0800] "GET /xingrg/dwr/interface/AjaxQqpsService.js HTTP/1.1" 200 16326
120.253.135.82 - - [12/Jan/2024:09:57:48 +0800] "GET /xingrg/dwr/interface/AjaxReportQueryService.js HTTP/1.1" 200 13203
120.253.135.82 - - [12/Jan/2024:09:57:48 +0800] "GET /xingrg/dwr/engine.js HTTP/1.1" 200 43631
101.228.146.191 - - [12/Jan/2024:09:57:49 +0800] "GET /xingrg/all/function/internal_message.html?_=1705024669008&CODE_STATE=getMsg HTTP/1.1" 200 27
180.164.1.25 - - [12/Jan/2024:09:57:50 +0800] "GET /xingrg/all/function/internal_message.html?_=1705024670697&CODE_STATE=getMsg HTTP/1.1" 200 27
180.164.1.25 - - [12/Jan/2024:09:57:50 +0800] "GET /xingrg/check_reg.html?_=1705024670701 HTTP/1.1" 200 22
120.253.135.82 - - [12/Jan/2024:09:57:52 +0800] "GET /xingrg/kc/pszx/mdth_order_list.html HTTP/1.1" 200 18460
116.230.123.222 - - [12/Jan/2024:09:57:53 +0800] "GET /xingrg/all/function/internal_message.html?_=1705024671012&CODE_STATE=getMsg HTTP/1.1" 200 27
120.253.135.82 - - [12/Jan/2024:09:57:53 +0800] "POST /xingrg/kc/pszx/mdth_order_new_list.html HTTP/1.1" 200 4743
116.228.172.122 - - [12/Jan/2024:09:58:01 +0800] "GET /xingrg/all/function/internal_message.html?_=1705024589702&CODE_STATE=getMsg HTTP/1.1" 302 -
180.152.241.32 - - [12/Jan/2024:09:58:02 +0800] "GET /xingrg/all/function/internal_message.html?_=1705024683366&CODE_STATE=getMsg HTTP/1.1" 200 27
120.253.135.82 - - [12/Jan/2024:09:58:04 +0800] "GET /xingrg/kc/pszx/mdps_order_list.html?orderType=0 HTTP/1.1" 200 21036
120.253.135.82 - - [12/Jan/2024:09:58:04 +0800] "POST /xingrg/kc/pszx/mdps_list_operate.html HTTP/1.1" 200 5463
222.70.115.1 - - [12/Jan/2024:09:58:07 +0800] "GET /xingrg/all/function/internal_message.html?_=1705024694490&CODE_STATE=getMsg HTTP/1.1" 302 -
101.83.145.37 - - [12/Jan/2024:09:58:07 +0800] "GET /xingrg/all/function/internal_message.html?_=1705024688164&CODE_STATE=getMsg HTTP/1.1" 200 27
58.39.110.191 - - [12/Jan/2024:09:58:07 +0800] "GET /xingrg/check_reg.html?_=1705024690427 HTTP/1.1" 200 22
114.95.241.104 - - [12/Jan/2024:09:58:11 +0800] "GET /xingrg/all/function/internal_message.html?_=1705024691465&CODE_STATE=getMsg HTTP/1.1" 200 27
58.39.110.191 - - [12/Jan/2024:09:58:13 +0800] "GET /xingrg/all/function/internal_message.html?_=1705024695572&CODE_STATE=getMsg HTTP/1.1" 200 27
120.253.135.82 - - [12/Jan/2024:09:58:15 +0800] "POST /xingrg/kc/pszx/mdps_list_operate.html HTTP/1.1" 200 868
114.83.217.59 - - [12/Jan/2024:09:58:16 +0800] "GET /xingrg/all/function/internal_message.html?_=1705024699383&CODE_STATE=getMsg HTTP/1.1" 200 27
120.253.135.82 - - [12/Jan/2024:09:58:21 +0800] "POST /xingrg/kc/pszx/mdps_list_operate.html HTTP/1.1" 200 1712
221.239.172.206 - - [12/Jan/2024:09:58:22 +0800] "GET /xingrg/all/function/internal_message.html?_=1705024701679&CODE_STATE=getMsg HTTP/1.1" 200 27
120.253.135.82 - - [12/Jan/2024:09:58:23 +0800] "POST /xingrg/kc/pszx/mdps_list_operate.html HTTP/1.1" 200 198
101.83.145.37 - - [12/Jan/2024:09:58:27 +0800] "GET /xingrg/all/function/internal_message.html?_=1705024473954&CODE_STATE=getMsg HTTP/1.1" 200 27
124.78.154.219 - - [12/Jan/2024:09:58:28 +0800] "GET /xingrg/all/function/internal_message.html?_=1705024706468&CODE_STATE=getMsg HTTP/1.1" 200 27
124.78.68.102 - - [12/Jan/2024:09:58:29 +0800] "GET /xingrg/all/function/internal_message.html?_=1705024709819&CODE_STATE=getMsg HTTP/1.1" 200 27
180.169.147.146 - - [12/Jan/2024:09:58:32 +0800] "GET /xingrg/all/function/internal_message.html?_=1705024712045&CODE_STATE=getMsg HTTP/1.1" 200 27
116.232.193.168 - - [12/Jan/2024:09:58:34 +0800] "GET /xingrg/check_reg.html?_=1705024657115 HTTP/1.1" 200 22
116.232.193.168 - - [12/Jan/2024:09:58:35 +0800] "GET /xingrg/all/function/internal_message.html?_=1705024657120&CODE_STATE=getMsg HTTP/1.1" 200 27
124.77.240.112 - - [12/Jan/2024:09:58:36 +0800] "GET /xingrg/all/function/internal_message.html?_=1705024724737&CODE_STATE=getMsg HTTP/1.1" 200 27
120.253.135.82 - - [12/Jan/2024:09:58:41 +0800] "POST /xingrg/kc/pszx/mdps_list_operate.html HTTP/1.1" 200 5445
114.95.241.104 - - [12/Jan/2024:09:58:44 +0800] "GET /xingrg/all/function/internal_message.html?_=1705024724155&CODE_STATE=getMsg HTTP/1.1" 200 27
120.253.135.82 - - [12/Jan/2024:09:58:45 +0800] "POST /xingrg/kc/pszx/mdps_list_operate.html HTTP/1.1" 200 294
120.253.135.82 - - [12/Jan/2024:09:58:48 +0800] "POST /xingrg/kc/pszx/mdps_list_operate.html HTTP/1.1" 200 281
101.228.146.191 - - [12/Jan/2024:09:58:49 +0800] "GET /xingrg/all/function/internal_message.html?_=1705024729023&CODE_STATE=getMsg HTTP/1.1" 200 27
180.164.1.25 - - [12/Jan/2024:09:58:50 +0800] "GET /xingrg/all/function/internal_message.html?_=1705024730709&CODE_STATE=getMsg HTTP/1.1" 200 27
120.253.135.82 - - [12/Jan/2024:09:58:51 +0800] "POST /xingrg/kc/pszx/mdps_list_operate.html HTTP/1.1" 200 418
116.230.123.222 - - [12/Jan/2024:09:58:53 +0800] "GET /xingrg/all/function/internal_message.html?_=1705024730996&CODE_STATE=getMsg HTTP/1.1" 200 27
120.253.135.82 - - [12/Jan/2024:09:58:54 +0800] "POST /xingrg/kc/pszx/mdps_list_operate.html HTTP/1.1" 200 291
172.20.0.100 - - [12/Jan/2024:09:58:55 +0800] "GET /xingrg/check_reg.html?_=1705024745959 HTTP/1.1" 200 22
120.253.135.82 - - [12/Jan/2024:09:58:58 +0800] "POST /xingrg/kc/pszx/mdps_list_operate.html HTTP/1.1" 200 202
116.228.172.122 - - [12/Jan/2024:09:59:01 +0800] "GET /xingrg/all/function/internal_message.html?_=1705024649717&CODE_STATE=getMsg HTTP/1.1" 302 -
120.253.135.82 - - [12/Jan/2024:09:59:01 +0800] "POST /xingrg/kc/pszx/mdps_list_operate.html HTTP/1.1" 200 617
180.152.241.32 - - [12/Jan/2024:09:59:02 +0800] "GET /xingrg/all/function/internal_message.html?_=1705024743366&CODE_STATE=getMsg HTTP/1.1" 200 27
120.253.135.82 - - [12/Jan/2024:09:59:06 +0800] "GET /xingrg/kc/pszx/mdqp_order_list.html?state=10 HTTP/1.1" 200 10319
120.253.135.82 - - [12/Jan/2024:09:59:06 +0800] "GET /xingrg/dwr/interface/AjaxQqpsService.js HTTP/1.1" 200 16326
120.253.135.82 - - [12/Jan/2024:09:59:06 +0800] "GET /xingrg/dwr/interface/AjaxReportQueryService.js HTTP/1.1" 200 13203
120.253.135.82 - - [12/Jan/2024:09:59:06 +0800] "GET /xingrg/dwr/engine.js HTTP/1.1" 200 43631
222.70.115.1 - - [12/Jan/2024:09:59:07 +0800] "GET /xingrg/all/function/internal_message.html?_=1705024754495&CODE_STATE=getMsg HTTP/1.1" 302 -
101.83.145.37 - - [12/Jan/2024:09:59:07 +0800] "GET /xingrg/all/function/internal_message.html?_=1705024748165&CODE_STATE=getMsg HTTP/1.1" 200 27
114.95.241.104 - - [12/Jan/2024:09:59:11 +0800] "GET /xingrg/all/function/internal_message.html?_=1705024751448&CODE_STATE=getMsg HTTP/1.1" 200 27
58.39.110.191 - - [12/Jan/2024:09:59:12 +0800] "GET /xingrg/all/function/internal_message.html?_=1705024755557&CODE_STATE=getMsg HTTP/1.1" 200 27
114.83.217.59 - - [12/Jan/2024:09:59:16 +0800] "GET /xingrg/all/function/internal_message.html?_=1705024759372&CODE_STATE=getMsg HTTP/1.1" 200 27
58.40.7.146 - - [12/Jan/2024:09:59:21 +0800] "GET /favicon.ico HTTP/1.1" 404 -
221.239.172.206 - - [12/Jan/2024:09:59:22 +0800] "GET /xingrg/all/function/internal_message.html?_=1705024761663&CODE_STATE=getMsg HTTP/1.1" 200 27
101.83.145.37 - - [12/Jan/2024:09:59:27 +0800] "GET /xingrg/check_reg.html?_=1705024533939 HTTP/1.1" 200 22
101.83.145.37 - - [12/Jan/2024:09:59:27 +0800] "GET /xingrg/all/function/internal_message.html?_=1705024533940&CODE_STATE=getMsg HTTP/1.1" 200 27
124.78.154.219 - - [12/Jan/2024:09:59:28 +0800] "GET /xingrg/all/function/internal_message.html?_=1705024766449&CODE_STATE=getMsg HTTP/1.1" 200 27
58.40.7.146 - - [12/Jan/2024:09:59:29 +0800] "GET /xingrg/login.html HTTP/1.1" 200 7641
124.78.68.102 - - [12/Jan/2024:09:59:29 +0800] "GET /xingrg/all/function/internal_message.html?_=1705024769803&CODE_STATE=getMsg HTTP/1.1" 200 27
58.40.7.146 - - [12/Jan/2024:09:59:30 +0800] "GET /favicon.ico HTTP/1.1" 404 -
180.169.147.146 - - [12/Jan/2024:09:59:32 +0800] "GET /xingrg/all/function/internal_message.html?_=1705024772044&CODE_STATE=getMsg HTTP/1.1" 200 27
58.40.7.146 - - [12/Jan/2024:09:59:33 +0800] "POST /xingrg/login.do HTTP/1.1" 302 -
58.40.7.146 - - [12/Jan/2024:09:59:33 +0800] "GET /xingrg/index.html?sysBaseUrl=http%3A%2F%2F180.169.147.146%3A18081%2Fxingrg%2F&costTime=833×tamp=1705024773771 HTTP/1.1" 200 17173
58.40.7.146 - - [12/Jan/2024:09:59:34 +0800] "GET /xingrg/all/function/internal_message.html?_=1705024775575&CODE_STATE=count HTTP/1.1" 200 11
58.40.7.146 - - [12/Jan/2024:09:59:34 +0800] "GET /xingrg/check_reg.html?_=1705024775577 HTTP/1.1" 200 22
58.40.7.146 - - [12/Jan/2024:09:59:34 +0800] "POST /xingrg/all/common/load_tree.html?tree=area_rest_tree_json&manage=1 HTTP/1.1" 200 3624
58.40.7.146 - - [12/Jan/2024:09:59:34 +0800] "GET /favicon.ico HTTP/1.1" 404 -
58.40.7.146 - - [12/Jan/2024:09:59:34 +0800] "POST /xingrg/load_menu.html HTTP/1.1" 200 6743
116.232.193.168 - - [12/Jan/2024:09:59:35 +0800] "GET /xingrg/all/function/internal_message.html?_=1705024717120&CODE_STATE=getMsg HTTP/1.1" 200 27
58.40.7.146 - - [12/Jan/2024:09:59:36 +0800] "GET /xingrg/kc/buy/buy_main.html HTTP/1.1" 200 12341
58.40.7.146 - - [12/Jan/2024:09:59:36 +0800] "GET /xingrg/css/new_ie.css HTTP/1.1" 404 1036
124.77.240.112 - - [12/Jan/2024:09:59:36 +0800] "GET /xingrg/all/function/internal_message.html?_=1705024784751&CODE_STATE=getMsg HTTP/1.1" 200 27
114.95.241.104 - - [12/Jan/2024:09:59:44 +0800] "GET /xingrg/all/function/internal_message.html?_=1705024784159&CODE_STATE=getMsg HTTP/1.1" 200 27
58.40.7.146 - - [12/Jan/2024:09:59:46 +0800] "POST /xingrg/all/user/operate.html HTTP/1.1" 200 36
58.40.7.146 - - [12/Jan/2024:09:59:46 +0800] "GET /xingrg/index.html?sysBaseUrl=http%3A%2F%2F180.169.147.146%3A18081%2Fxingrg%2F&costTime=833×tamp=1705024773771 HTTP/1.1" 200 17177
58.40.7.146 - - [12/Jan/2024:09:59:46 +0800] "GET /xingrg/javascript/jquery_easy_ui/themes/default/easyui.css HTTP/1.1" 304 -
58.40.7.146 - - [12/Jan/2024:09:59:46 +0800] "GET /xingrg/javascript/jquery_easy_ui/themes/icon.css HTTP/1.1" 304 -
58.40.7.146 - - [12/Jan/2024:09:59:46 +0800] "GET /xingrg/css/form.css HTTP/1.1" 304 -
58.40.7.146 - - [12/Jan/2024:09:59:46 +0800] "GET /xingrg/javascript/jquery-1.4.2.min.js HTTP/1.1" 304 -
58.40.7.146 - - [12/Jan/2024:09:59:46 +0800] "GET /xingrg/javascript/jquery_easy_ui/jquery.easyui.min.js HTTP/1.1" 304 -
58.40.7.146 - - [12/Jan/2024:09:59:46 +0800] "GET /xingrg/javascript/jquery_easy_ui/easyui-lang-zh_CN.js HTTP/1.1" 304 -
58.40.7.146 - - [12/Jan/2024:09:59:46 +0800] "GET /xingrg/javascript/jquery.form.js HTTP/1.1" 304 -
58.40.7.146 - - [12/Jan/2024:09:59:46 +0800] "GET /xingrg/javascript/jquery.utils.js HTTP/1.1" 304 -
58.40.7.146 - - [12/Jan/2024:09:59:46 +0800] "GET /xingrg/javascript/jquery.timers.js HTTP/1.1" 304 -
58.40.7.146 - - [12/Jan/2024:09:59:46 +0800] "GET /xingrg/images/blue/jxLogo.png HTTP/1.1" 304 -
58.40.7.146 - - [12/Jan/2024:09:59:46 +0800] "GET /xingrg/all/function/internal_message.html?_=1705024788335&CODE_STATE=count HTTP/1.1" 200 11
58.40.7.146 - - [12/Jan/2024:09:59:46 +0800] "GET /xingrg/javascript/jquery_easy_ui/themes/default/images/tabs_rightarrow.png HTTP/1.1" 304 -
58.40.7.146 - - [12/Jan/2024:09:59:46 +0800] "GET /xingrg/check_reg.html?_=1705024788336 HTTP/1.1" 200 22
58.40.7.146 - - [12/Jan/2024:09:59:46 +0800] "GET /xingrg/javascript/jquery_easy_ui/themes/default/images/panel_tool_collapse.gif HTTP/1.1" 304 -
58.40.7.146 - - [12/Jan/2024:09:59:46 +0800] "GET /xingrg/javascript/jquery_easy_ui/themes/default/images/tabs_leftarrow.png HTTP/1.1" 304 -
58.40.7.146 - - [12/Jan/2024:09:59:46 +0800] "GET /xingrg/images/blue/pingpu.png HTTP/1.1" 304 -
58.40.7.146 - - [12/Jan/2024:09:59:46 +0800] "GET /xingrg/javascript/jquery_easy_ui/themes/icons/settle_new.png HTTP/1.1" 304 -
58.40.7.146 - - [12/Jan/2024:09:59:46 +0800] "GET /xingrg/images/blue/navBackgound.jpg HTTP/1.1" 304 -
58.40.7.146 - - [12/Jan/2024:09:59:46 +0800] "POST /xingrg/all/common/load_tree.html?tree=area_rest_tree_json&manage=1 HTTP/1.1" 200 3624
58.40.7.146 - - [12/Jan/2024:09:59:47 +0800] "POST /xingrg/load_menu.html HTTP/1.1" 200 5138
58.40.7.146 - - [12/Jan/2024:09:59:48 +0800] "GET /xingrg/kc/buy/buy_main.html HTTP/1.1" 200 12412
58.40.7.146 - - [12/Jan/2024:09:59:48 +0800] "GET /xingrg/css/new_ie.css HTTP/1.1" 404 1036
101.228.146.191 - - [12/Jan/2024:09:59:49 +0800] "GET /xingrg/all/function/internal_message.html?_=1705024789007&CODE_STATE=getMsg HTTP/1.1" 200 27
180.164.1.25 - - [12/Jan/2024:09:59:50 +0800] "GET /xingrg/all/function/internal_message.html?_=1705024790705&CODE_STATE=getMsg HTTP/1.1" 200 27
58.40.7.146 - - [12/Jan/2024:09:59:50 +0800] "GET /xingrg/kc/buy/cgsh_order_list.html HTTP/1.1" 200 57169
58.40.7.146 - - [12/Jan/2024:09:59:53 +0800] "POST /xingrg/kc/buy/cgsh_list_operate.html HTTP/1.1" 200 986
116.230.123.222 - - [12/Jan/2024:09:59:53 +0800] "GET /xingrg/all/function/internal_message.html?_=1705024791012&CODE_STATE=getMsg HTTP/1.1" 200 27
58.40.7.146 - - [12/Jan/2024:09:59:59 +0800] "GET /xingrg/javascript/auto/indicator.gif HTTP/1.1" 404 1066
116.228.172.122 - - [12/Jan/2024:10:00:01 +0800] "GET /xingrg/check_reg.html?_=1705024709713 HTTP/1.1" 302 -
116.228.172.122 - - [12/Jan/2024:10:00:01 +0800] "GET /xingrg/all/function/internal_message.html?_=1705024709714&CODE_STATE=getMsg HTTP/1.1" 302 -
180.152.241.32 - - [12/Jan/2024:10:00:02 +0800] "GET /xingrg/all/function/internal_message.html?_=1705024803360&CODE_STATE=getMsg HTTP/1.1" 200 27
222.70.115.1 - - [12/Jan/2024:10:00:07 +0800] "GET /xingrg/all/function/internal_message.html?_=1705024814486&CODE_STATE=getMsg HTTP/1.1" 302 -
101.83.145.37 - - [12/Jan/2024:10:00:07 +0800] "GET /xingrg/all/function/internal_message.html?_=1705024808151&CODE_STATE=getMsg HTTP/1.1" 200 27
114.95.241.104 - - [12/Jan/2024:10:00:11 +0800] "GET /xingrg/all/function/internal_message.html?_=1705024811426&CODE_STATE=getMsg HTTP/1.1" 200 27
58.39.110.191 - - [12/Jan/2024:10:00:12 +0800] "GET /xingrg/all/function/internal_message.html?_=1705024815535&CODE_STATE=getMsg HTTP/1.1" 200 27
114.83.217.59 - - [12/Jan/2024:10:00:16 +0800] "GET /xingrg/all/function/internal_message.html?_=1705024819363&CODE_STATE=getMsg HTTP/1.1" 200 27
221.239.172.206 - - [12/Jan/2024:10:00:22 +0800] "GET /xingrg/all/function/internal_message.html?_=1705024821651&CODE_STATE=getMsg HTTP/1.1" 200 27
101.83.145.37 - - [12/Jan/2024:10:00:27 +0800] "GET /xingrg/all/function/internal_message.html?_=1705024593955&CODE_STATE=getMsg HTTP/1.1" 200 27
124.78.154.219 - - [12/Jan/2024:10:00:28 +0800] "GET /xingrg/all/function/internal_message.html?_=1705024826437&CODE_STATE=getMsg HTTP/1.1" 200 27
124.78.68.102 - - [12/Jan/2024:10:00:29 +0800] "GET /xingrg/all/function/internal_message.html?_=1705024829779&CODE_STATE=getMsg HTTP/1.1" 200 27
180.169.147.146 - - [12/Jan/2024:10:00:32 +0800] "GET /xingrg/all/function/internal_message.html?_=1705024832056&CODE_STATE=getMsg HTTP/1.1" 200 27
116.232.193.168 - - [12/Jan/2024:10:00:34 +0800] "GET /xingrg/all/function/internal_message.html?_=1705024777120&CODE_STATE=getMsg HTTP/1.1" 200 27
124.77.240.112 - - [12/Jan/2024:10:00:37 +0800] "GET /xingrg/all/function/internal_message.html?_=1705024845519&CODE_STATE=getMsg HTTP/1.1" 200 27
114.95.241.104 - - [12/Jan/2024:10:00:44 +0800] "GET /xingrg/all/function/internal_message.html?_=1705024844161&CODE_STATE=getMsg HTTP/1.1" 200 27
58.40.7.146 - - [12/Jan/2024:10:00:46 +0800] "GET /xingrg/all/function/internal_message.html?_=1705024847961&CODE_STATE=getMsg HTTP/1.1" 200 27
101.228.146.191 - - [12/Jan/2024:10:00:49 +0800] "GET /xingrg/all/function/internal_message.html?_=1705024849006&CODE_STATE=getMsg HTTP/1.1" 200 27
180.164.1.25 - - [12/Jan/2024:10:00:50 +0800] "GET /xingrg/all/function/internal_message.html?_=1705024850710&CODE_STATE=getMsg HTTP/1.1" 200 27
116.230.123.222 - - [12/Jan/2024:10:00:53 +0800] "GET /xingrg/check_reg.html?_=1705024850997 HTTP/1.1" 200 22
116.230.123.222 - - [12/Jan/2024:10:00:53 +0800] "GET /xingrg/all/function/internal_message.html?_=1705024851000&CODE_STATE=getMsg HTTP/1.1" 200 27
58.40.7.146 - - [12/Jan/2024:10:00:56 +0800] "POST /xingrg/kc/buy/cgsh_list_operate.html HTTP/1.1" 200 6275
116.228.172.122 - - [12/Jan/2024:10:01:01 +0800] "GET /xingrg/all/function/internal_message.html?_=1705024769708&CODE_STATE=getMsg HTTP/1.1" 302 -
180.152.241.32 - - [12/Jan/2024:10:01:02 +0800] "GET /xingrg/all/function/internal_message.html?_=1705024863357&CODE_STATE=getMsg HTTP/1.1" 200 27
180.152.241.32 - - [12/Jan/2024:10:01:02 +0800] "GET /xingrg/check_reg.html?_=1705024863361 HTTP/1.1" 200 22
222.70.115.1 - - [12/Jan/2024:10:01:07 +0800] "GET /xingrg/all/function/internal_message.html?_=1705024874492&CODE_STATE=getMsg HTTP/1.1" 302 -
101.83.145.37 - - [12/Jan/2024:10:01:07 +0800] "GET /xingrg/all/function/internal_message.html?_=1705024868153&CODE_STATE=getMsg HTTP/1.1" 200 27
101.83.145.37 - - [12/Jan/2024:10:01:07 +0800] "GET /xingrg/check_reg.html?_=1705024868156 HTTP/1.1" 200 22
114.95.241.104 - - [12/Jan/2024:10:01:11 +0800] "GET /xingrg/all/function/internal_message.html?_=1705024871412&CODE_STATE=getMsg HTTP/1.1" 200 27
58.39.110.191 - - [12/Jan/2024:10:01:12 +0800] "GET /xingrg/all/function/internal_message.html?_=1705024875532&CODE_STATE=getMsg HTTP/1.1" 200 27
116.232.193.168 - - [12/Jan/2024:10:01:15 +0800] "GET /xingrg/kc/buy/buy_main.html HTTP/1.1" 200 12412
116.232.193.168 - - [12/Jan/2024:10:01:15 +0800] "GET /xingrg/css/new_ie.css HTTP/1.1" 404 1036
116.232.193.168 - - [12/Jan/2024:10:01:15 +0800] "GET /xingrg/images/yd/bt.gif HTTP/1.1" 404 1040
114.83.217.59 - - [12/Jan/2024:10:01:16 +0800] "GET /xingrg/check_reg.html?_=1705024879395 HTTP/1.1" 200 22
114.83.217.59 - - [12/Jan/2024:10:01:16 +0800] "GET /xingrg/all/function/internal_message.html?_=1705024879383&CODE_STATE=getMsg HTTP/1.1" 200 27
116.232.193.168 - - [12/Jan/2024:10:01:16 +0800] "GET /xingrg/kc/buy/cgsh_order_list.html HTTP/1.1" 200 57171
116.232.193.168 - - [12/Jan/2024:10:01:17 +0800] "GET /xingrg/kc/buy/cgsh_order_list.html HTTP/1.1" 200 57171
116.232.193.168 - - [12/Jan/2024:10:01:19 +0800] "POST /xingrg/kc/buy/cgsh_list_operate.html HTTP/1.1" 200 986
221.239.172.206 - - [12/Jan/2024:10:01:22 +0800] "GET /xingrg/all/function/internal_message.html?_=1705024881633&CODE_STATE=getMsg HTTP/1.1" 200 27
101.83.145.37 - - [12/Jan/2024:10:01:27 +0800] "GET /xingrg/all/function/internal_message.html?_=1705024653965&CODE_STATE=getMsg HTTP/1.1" 200 27
124.78.154.219 - - [12/Jan/2024:10:01:28 +0800] "GET /xingrg/all/function/internal_message.html?_=1705024886422&CODE_STATE=getMsg HTTP/1.1" 200 27
124.78.68.102 - - [12/Jan/2024:10:01:29 +0800] "GET /xingrg/all/function/internal_message.html?_=1705024889757&CODE_STATE=getMsg HTTP/1.1" 200 27
180.169.147.146 - - [12/Jan/2024:10:01:32 +0800] "GET /xingrg/all/function/internal_message.html?_=1705024892060&CODE_STATE=getMsg HTTP/1.1" 200 27
116.232.193.168 - - [12/Jan/2024:10:01:34 +0800] "GET /xingrg/all/function/internal_message.html?_=1705024837115&CODE_STATE=getMsg HTTP/1.1" 200 27
221.239.172.206 - - [12/Jan/2024:10:01:35 +0800] "GET /xingrg/check_reg.html?_=1705024894695 HTTP/1.1" 200 22
124.77.240.112 - - [12/Jan/2024:10:01:37 +0800] "GET /xingrg/all/function/internal_message.html?_=1705024905528&CODE_STATE=getMsg HTTP/1.1" 200 27
114.95.241.104 - - [12/Jan/2024:10:01:44 +0800] "GET /xingrg/check_reg.html?_=1705024904167 HTTP/1.1" 200 22
114.95.241.104 - - [12/Jan/2024:10:01:44 +0800] "GET /xingrg/all/function/internal_message.html?_=1705024904169&CODE_STATE=getMsg HTTP/1.1" 200 27
58.40.7.146 - - [12/Jan/2024:10:01:46 +0800] "GET /xingrg/all/function/internal_message.html?_=1705024907598&CODE_STATE=getMsg HTTP/1.1" 200 27
101.228.146.191 - - [12/Jan/2024:10:01:49 +0800] "GET /xingrg/check_reg.html?_=1705024909006 HTTP/1.1" 200 22
101.228.146.191 - - [12/Jan/2024:10:01:49 +0800] "GET /xingrg/all/function/internal_message.html?_=1705024909005&CODE_STATE=getMsg HTTP/1.1" 200 27
180.164.1.25 - - [12/Jan/2024:10:01:50 +0800] "GET /xingrg/all/function/internal_message.html?_=1705024910710&CODE_STATE=getMsg HTTP/1.1" 200 27
116.230.123.222 - - [12/Jan/2024:10:01:53 +0800] "GET /xingrg/all/function/internal_message.html?_=1705024910998&CODE_STATE=getMsg HTTP/1.1" 200 27
116.232.193.168 - - [12/Jan/2024:10:01:57 +0800] "POST /xingrg/kc/buy/cgsh_list_operate.html HTTP/1.1" 200 986
116.228.172.122 - - [12/Jan/2024:10:02:01 +0800] "GET /xingrg/all/function/internal_message.html?_=1705024829700&CODE_STATE=getMsg HTTP/1.1" 302 -
180.152.241.32 - - [12/Jan/2024:10:02:02 +0800] "GET /xingrg/all/function/internal_message.html?_=1705024923347&CODE_STATE=getMsg HTTP/1.1" 200 27
116.232.193.168 - - [12/Jan/2024:10:02:03 +0800] "GET /xingrg/kc/buy/cgsh_order_add.html HTTP/1.1" 200 73035
116.232.193.168 - - [12/Jan/2024:10:02:03 +0800] "POST /xingrg/kc/buy/cgsh_order_operate.html HTTP/1.1" 200 8245
116.232.193.168 - - [12/Jan/2024:10:02:03 +0800] "GET /xingrg/javascript/easyui/themes/default/validatebox.css HTTP/1.1" 404 1104
116.232.193.168 - - [12/Jan/2024:10:02:03 +0800] "GET /xingrg/all/common/auto_word.html?type=employee&rest_code=00155 HTTP/1.1" 200 255
116.232.193.168 - - [12/Jan/2024:10:02:03 +0800] "GET /xingrg/all/common/auto_word.html?type=employee&rest_code=00155 HTTP/1.1" 200 255
222.70.115.1 - - [12/Jan/2024:10:02:07 +0800] "GET /xingrg/check_reg.html?_=1705024934482 HTTP/1.1" 302 -
222.70.115.1 - - [12/Jan/2024:10:02:07 +0800] "GET /xingrg/all/function/internal_message.html?_=1705024934490&CODE_STATE=getMsg HTTP/1.1" 302 -
101.83.145.37 - - [12/Jan/2024:10:02:07 +0800] "GET /xingrg/all/function/internal_message.html?_=1705024928157&CODE_STATE=getMsg HTTP/1.1" 200 27
114.95.241.104 - - [12/Jan/2024:10:02:11 +0800] "GET /xingrg/all/function/internal_message.html?_=1705024931393&CODE_STATE=getMsg HTTP/1.1" 200 27
114.95.241.104 - - [12/Jan/2024:10:02:12 +0800] "GET /xingrg/check_reg.html?_=1705024932269 HTTP/1.1" 200 22
58.39.110.191 - - [12/Jan/2024:10:02:12 +0800] "GET /xingrg/all/function/internal_message.html?_=1705024935515&CODE_STATE=getMsg HTTP/1.1" 200 27
114.83.217.59 - - [12/Jan/2024:10:02:16 +0800] "GET /xingrg/all/function/internal_message.html?_=1705024939373&CODE_STATE=getMsg HTTP/1.1" 200 27
124.78.68.102 - - [12/Jan/2024:10:02:18 +0800] "GET /xingrg/check_reg.html?_=1705024938998 HTTP/1.1" 200 22
221.239.172.206 - - [12/Jan/2024:10:02:22 +0800] "GET /xingrg/all/function/internal_message.html?_=1705024941619&CODE_STATE=getMsg HTTP/1.1" 200 27
101.83.145.37 - - [12/Jan/2024:10:02:27 +0800] "GET /xingrg/all/function/internal_message.html?_=1705024713966&CODE_STATE=getMsg HTTP/1.1" 200 27
124.78.154.219 - - [12/Jan/2024:10:02:28 +0800] "GET /xingrg/check_reg.html?_=1705024946381 HTTP/1.1" 200 22
124.78.154.219 - - [12/Jan/2024:10:02:28 +0800] "GET /xingrg/all/function/internal_message.html?_=1705024946401&CODE_STATE=getMsg HTTP/1.1" 200 27
124.78.68.102 - - [12/Jan/2024:10:02:29 +0800] "GET /xingrg/all/function/internal_message.html?_=1705024949741&CODE_STATE=getMsg HTTP/1.1" 200 27
180.169.147.146 - - [12/Jan/2024:10:02:32 +0800] "GET /xingrg/check_reg.html?_=1705024952056 HTTP/1.1" 200 22
180.169.147.146 - - [12/Jan/2024:10:02:32 +0800] "GET /xingrg/all/function/internal_message.html?_=1705024952059&CODE_STATE=getMsg HTTP/1.1" 200 27
116.232.193.168 - - [12/Jan/2024:10:02:34 +0800] "GET /xingrg/all/function/internal_message.html?_=1705024897111&CODE_STATE=getMsg HTTP/1.1" 200 27
116.232.193.168 - - [12/Jan/2024:10:02:36 +0800] "GET /xingrg/kc/buy/cgsh_order_operate.html?command=get_materiel&rest_code=00155&code=00101006113&supplier_code=00100012&order_time=2024-01-12 HTTP/1.1" 200 413
124.77.240.112 - - [12/Jan/2024:10:02:38 +0800] "GET /xingrg/all/function/internal_message.html?_=1705024966334&CODE_STATE=getMsg HTTP/1.1" 200 27
124.77.240.112 - - [12/Jan/2024:10:02:41 +0800] "GET /xingrg/check_reg.html?_=1705024970207 HTTP/1.1" 200 22
114.95.241.104 - - [12/Jan/2024:10:02:44 +0800] "GET /xingrg/all/function/internal_message.html?_=1705024964171&CODE_STATE=getMsg HTTP/1.1" 200 27
120.253.135.82 - - [12/Jan/2024:10:02:46 +0800] "GET /xingrg/check_reg.html?_=1705024786645 HTTP/1.1" 200 22
58.40.7.146 - - [12/Jan/2024:10:02:46 +0800] "GET /xingrg/all/function/internal_message.html?_=1705024967205&CODE_STATE=getMsg HTTP/1.1" 200 27
101.228.146.191 - - [12/Jan/2024:10:02:49 +0800] "GET /xingrg/all/function/internal_message.html?_=1705024969005&CODE_STATE=getMsg HTTP/1.1" 200 27
180.164.1.25 - - [12/Jan/2024:10:02:50 +0800] "GET /xingrg/check_reg.html?_=1705024970701 HTTP/1.1" 200 22
180.164.1.25 - - [12/Jan/2024:10:02:50 +0800] "GET /xingrg/all/function/internal_message.html?_=1705024970703&CODE_STATE=getMsg HTTP/1.1" 200 27
116.230.123.222 - - [12/Jan/2024:10:02:53 +0800] "GET /xingrg/all/function/internal_message.html?_=1705024970998&CODE_STATE=getMsg HTTP/1.1" 200 27
116.232.193.168 - - [12/Jan/2024:10:02:57 +0800] "GET /xingrg/kc/buy/cgsh_order_operate.html?command=get_materiel&rest_code=00155&code=00101006062&supplier_code=00100012&order_time=2024-01-12 HTTP/1.1" 200 409
116.228.172.122 - - [12/Jan/2024:10:03:01 +0800] "GET /xingrg/all/function/internal_message.html?_=1705024889710&CODE_STATE=getMsg HTTP/1.1" 302 -
180.152.241.32 - - [12/Jan/2024:10:03:02 +0800] "GET /xingrg/all/function/internal_message.html?_=1705024983364&CODE_STATE=getMsg HTTP/1.1" 200 27
222.70.115.1 - - [12/Jan/2024:10:03:07 +0800] "GET /xingrg/all/function/internal_message.html?_=1705024994489&CODE_STATE=getMsg HTTP/1.1" 302 -
101.83.145.37 - - [12/Jan/2024:10:03:07 +0800] "GET /xingrg/all/function/internal_message.html?_=1705024988157&CODE_STATE=getMsg HTTP/1.1" 200 27
58.39.110.191 - - [12/Jan/2024:10:03:07 +0800] "GET /xingrg/check_reg.html?_=1705024990403 HTTP/1.1" 200 22
114.95.241.104 - - [12/Jan/2024:10:03:11 +0800] "GET /xingrg/all/function/internal_message.html?_=1705024991373&CODE_STATE=getMsg HTTP/1.1" 200 27
58.39.110.191 - - [12/Jan/2024:10:03:12 +0800] "GET /xingrg/all/function/internal_message.html?_=1705024995503&CODE_STATE=getMsg HTTP/1.1" 200 27
116.232.193.168 - - [12/Jan/2024:10:03:16 +0800] "GET /xingrg/kc/buy/cgsh_order_operate.html?command=get_materiel&rest_code=00155&code=00101006038&supplier_code=00100012&order_time=2024-01-12 HTTP/1.1" 200 423
114.83.217.59 - - [12/Jan/2024:10:03:16 +0800] "GET /xingrg/all/function/internal_message.html?_=1705024999369&CODE_STATE=getMsg HTTP/1.1" 200 27
221.239.172.206 - - [12/Jan/2024:10:03:22 +0800] "GET /xingrg/all/function/internal_message.html?_=1705025001608&CODE_STATE=getMsg HTTP/1.1" 200 27
101.83.145.37 - - [12/Jan/2024:10:03:27 +0800] "GET /xingrg/all/function/internal_message.html?_=1705024773966&CODE_STATE=getMsg HTTP/1.1" 200 27
124.78.154.219 - - [12/Jan/2024:10:03:28 +0800] "GET /xingrg/all/function/internal_message.html?_=1705025006386&CODE_STATE=getMsg HTTP/1.1" 200 27
124.78.68.102 - - [12/Jan/2024:10:03:29 +0800] "GET /xingrg/all/function/internal_message.html?_=1705025009716&CODE_STATE=getMsg HTTP/1.1" 200 27
180.169.147.146 - - [12/Jan/2024:10:03:32 +0800] "GET /xingrg/all/function/internal_message.html?_=1705025012049&CODE_STATE=getMsg HTTP/1.1" 200 27
116.232.193.168 - - [12/Jan/2024:10:03:35 +0800] "GET /xingrg/all/function/internal_message.html?_=1705024957118&CODE_STATE=getMsg HTTP/1.1" 200 27
116.232.193.168 - - [12/Jan/2024:10:03:35 +0800] "GET /xingrg/check_reg.html?_=1705024957122 HTTP/1.1" 200 22
124.77.240.112 - - [12/Jan/2024:10:03:38 +0800] "GET /xingrg/all/function/internal_message.html?_=1705025026334&CODE_STATE=getMsg HTTP/1.1" 200 27
114.95.241.104 - - [12/Jan/2024:10:03:44 +0800] "GET /xingrg/all/function/internal_message.html?_=1705025024162&CODE_STATE=getMsg HTTP/1.1" 200 27
58.40.7.146 - - [12/Jan/2024:10:03:46 +0800] "GET /xingrg/all/function/internal_message.html?_=1705025026887&CODE_STATE=getMsg HTTP/1.1" 200 27
101.228.146.191 - - [12/Jan/2024:10:03:49 +0800] "GET /xingrg/all/function/internal_message.html?_=1705025029005&CODE_STATE=getMsg HTTP/1.1" 200 27
116.232.193.168 - - [12/Jan/2024:10:03:49 +0800] "GET /xingrg/kc/buy/cgsh_order_operate.html?command=get_materiel&rest_code=00155&code=00101006240&supplier_code=00100012&order_time=2024-01-12 HTTP/1.1" 200 422
180.164.1.25 - - [12/Jan/2024:10:03:50 +0800] "GET /xingrg/all/function/internal_message.html?_=1705025030706&CODE_STATE=getMsg HTTP/1.1" 200 27
116.230.123.222 - - [12/Jan/2024:10:03:53 +0800] "GET /xingrg/all/function/internal_message.html?_=1705025030998&CODE_STATE=getMsg HTTP/1.1" 200 27
172.20.0.100 - - [12/Jan/2024:10:03:55 +0800] "GET /xingrg/check_reg.html?_=1705025045933 HTTP/1.1" 200 22
116.228.172.122 - - [12/Jan/2024:10:04:01 +0800] "GET /xingrg/all/function/internal_message.html?_=1705024949715&CODE_STATE=getMsg HTTP/1.1" 302 -
180.152.241.32 - - [12/Jan/2024:10:04:02 +0800] "GET /xingrg/all/function/internal_message.html?_=1705025043356&CODE_STATE=getMsg HTTP/1.1" 200 27
222.70.115.1 - - [12/Jan/2024:10:04:07 +0800] "GET /xingrg/all/function/internal_message.html?_=1705025054495&CODE_STATE=getMsg HTTP/1.1" 302 -
101.83.145.37 - - [12/Jan/2024:10:04:07 +0800] "GET /xingrg/all/function/internal_message.html?_=1705025048157&CODE_STATE=getMsg HTTP/1.1" 200 27
116.232.193.168 - - [12/Jan/2024:10:04:10 +0800] "GET /xingrg/kc/buy/cgsh_order_operate.html?command=get_materiel&rest_code=00155&code=00101012059&supplier_code=00100012&order_time=2024-01-12 HTTP/1.1" 200 431
114.95.241.104 - - [12/Jan/2024:10:04:11 +0800] "GET /xingrg/all/function/internal_message.html?_=1705025051355&CODE_STATE=getMsg HTTP/1.1" 200 27
58.39.110.191 - - [12/Jan/2024:10:04:12 +0800] "GET /xingrg/all/function/internal_message.html?_=1705025055492&CODE_STATE=getMsg HTTP/1.1" 200 27
114.83.217.59 - - [12/Jan/2024:10:04:16 +0800] "GET /xingrg/all/function/internal_message.html?_=1705025059384&CODE_STATE=getMsg HTTP/1.1" 200 27
221.239.172.206 - - [12/Jan/2024:10:04:22 +0800] "GET /xingrg/all/function/internal_message.html?_=1705025061579&CODE_STATE=getMsg HTTP/1.1" 200 27
218.81.65.124 - - [12/Jan/2024:10:04:25 +0800] "GET /favicon.ico HTTP/1.1" 404 -
101.83.145.37 - - [12/Jan/2024:10:04:27 +0800] "GET /xingrg/check_reg.html?_=1705024833966 HTTP/1.1" 200 22
101.83.145.37 - - [12/Jan/2024:10:04:27 +0800] "GET /xingrg/all/function/internal_message.html?_=1705024833969&CODE_STATE=getMsg HTTP/1.1" 200 27
124.78.154.219 - - [12/Jan/2024:10:04:28 +0800] "GET /xingrg/all/function/internal_message.html?_=1705025066374&CODE_STATE=getMsg HTTP/1.1" 200 27
116.232.193.168 - - [12/Jan/2024:10:04:28 +0800] "GET /xingrg/kc/buy/cgsh_order_operate.html?command=get_materiel&rest_code=00155&code=00101011005&supplier_code=00100012&order_time=2024-01-12 HTTP/1.1" 200 428
124.78.68.102 - - [12/Jan/2024:10:04:29 +0800] "GET /xingrg/all/function/internal_message.html?_=1705025069695&CODE_STATE=getMsg HTTP/1.1" 200 27
180.169.147.146 - - [12/Jan/2024:10:04:32 +0800] "GET /xingrg/all/function/internal_message.html?_=1705025072042&CODE_STATE=getMsg HTTP/1.1" 200 27
116.232.193.168 - - [12/Jan/2024:10:04:35 +0800] "GET /xingrg/all/function/internal_message.html?_=1705025017115&CODE_STATE=getMsg HTTP/1.1" 200 27
124.77.240.112 - - [12/Jan/2024:10:04:38 +0800] "GET /xingrg/all/function/internal_message.html?_=1705025086348&CODE_STATE=getMsg HTTP/1.1" 200 27
116.232.193.168 - - [12/Jan/2024:10:04:40 +0800] "GET /xingrg/kc/buy/cgsh_order_operate.html?command=get_materiel&rest_code=00155&code=00101016030&supplier_code=00100012&order_time=2024-01-12 HTTP/1.1" 200 412
114.95.241.104 - - [12/Jan/2024:10:04:44 +0800] "GET /xingrg/all/function/internal_message.html?_=1705025084170&CODE_STATE=getMsg HTTP/1.1" 200 27
58.40.7.146 - - [12/Jan/2024:10:04:46 +0800] "GET /xingrg/check_reg.html?_=1705025086892 HTTP/1.1" 200 22
58.40.7.146 - - [12/Jan/2024:10:04:46 +0800] "GET /xingrg/all/function/internal_message.html?_=1705025086896&CODE_STATE=getMsg HTTP/1.1" 200 27
101.228.146.191 - - [12/Jan/2024:10:04:49 +0800] "GET /xingrg/all/function/internal_message.html?_=1705025089003&CODE_STATE=getMsg HTTP/1.1" 200 27
180.164.1.25 - - [12/Jan/2024:10:04:50 +0800] "GET /xingrg/all/function/internal_message.html?_=1705025090708&CODE_STATE=getMsg HTTP/1.1" 200 27
116.232.193.168 - - [12/Jan/2024:10:04:52 +0800] "GET /xingrg/kc/buy/cgsh_order_operate.html?command=get_materiel&rest_code=00155&code=00101006056&supplier_code=00100012&order_time=2024-01-12 HTTP/1.1" 200 413
116.230.123.222 - - [12/Jan/2024:10:04:53 +0800] "GET /xingrg/all/function/internal_message.html?_=1705025090999&CODE_STATE=getMsg HTTP/1.1" 200 27
124.78.154.219 - - [12/Jan/2024:10:04:57 +0800] "GET /xingrg/kc/buy/cgsh_order_operate.html?command=get_materiel&rest_code=00106&code=00101008357&supplier_code=00100007&order_time=2024-01-12 HTTP/1.1" 200 408
116.228.172.122 - - [12/Jan/2024:10:05:01 +0800] "GET /xingrg/check_reg.html?_=1705025009723 HTTP/1.1" 302 -
116.228.172.122 - - [12/Jan/2024:10:05:01 +0800] "GET /xingrg/all/function/internal_message.html?_=1705025009732&CODE_STATE=getMsg HTTP/1.1" 302 -
180.152.241.32 - - [12/Jan/2024:10:05:02 +0800] "GET /xingrg/all/function/internal_message.html?_=1705025103366&CODE_STATE=getMsg HTTP/1.1" 200 27
120.253.135.82 - - [12/Jan/2024:10:05:03 +0800] "GET /favicon.ico HTTP/1.1" 404 -
222.70.115.1 - - [12/Jan/2024:10:05:07 +0800] "GET /xingrg/all/function/internal_message.html?_=1705025114486&CODE_STATE=getMsg HTTP/1.1" 302 -
101.83.145.37 - - [12/Jan/2024:10:05:07 +0800] "GET /xingrg/all/function/internal_message.html?_=1705025108161&CODE_STATE=getMsg HTTP/1.1" 200 27
116.232.193.168 - - [12/Jan/2024:10:05:10 +0800] "GET /xingrg/kc/buy/cgsh_order_operate.html?command=get_materiel&rest_code=00155&code=00101006109&supplier_code=00100012&order_time=2024-01-12 HTTP/1.1" 200 410
114.95.241.104 - - [12/Jan/2024:10:05:11 +0800] "GET /xingrg/all/function/internal_message.html?_=1705025111325&CODE_STATE=getMsg HTTP/1.1" 200 27
58.39.110.191 - - [12/Jan/2024:10:05:12 +0800] "GET /xingrg/all/function/internal_message.html?_=1705025115479&CODE_STATE=getMsg HTTP/1.1" 200 27
124.78.154.219 - - [12/Jan/2024:10:05:14 +0800] "GET /xingrg/kc/buy/cgsh_order_operate.html?command=get_materiel&rest_code=00106&code=00101008155&supplier_code=00100007&order_time=2024-01-12 HTTP/1.1" 200 428
114.83.217.59 - - [12/Jan/2024:10:05:16 +0800] "GET /xingrg/all/function/internal_message.html?_=1705025119374&CODE_STATE=getMsg HTTP/1.1" 200 27
221.239.172.206 - - [12/Jan/2024:10:05:22 +0800] "GET /xingrg/all/function/internal_message.html?_=1705025121564&CODE_STATE=getMsg HTTP/1.1" 200 27
124.78.154.219 - - [12/Jan/2024:10:05:22 +0800] "GET /xingrg/kc/buy/cgsh_order_operate.html?command=get_materiel&rest_code=00106&code=00101008024&supplier_code=00100007&order_time=2024-01-12 HTTP/1.1" 200 428
101.83.145.37 - - [12/Jan/2024:10:05:27 +0800] "GET /xingrg/all/function/internal_message.html?_=1705024893968&CODE_STATE=getMsg HTTP/1.1" 200 27
124.78.154.219 - - [12/Jan/2024:10:05:28 +0800] "GET /xingrg/all/function/internal_message.html?_=1705025126378&CODE_STATE=getMsg HTTP/1.1" 200 27
124.78.68.102 - - [12/Jan/2024:10:05:29 +0800] "GET /xingrg/all/function/internal_message.html?_=1705025129673&CODE_STATE=getMsg HTTP/1.1" 200 27
124.78.154.219 - - [12/Jan/2024:10:05:32 +0800] "GET /xingrg/kc/buy/cgsh_order_operate.html?command=get_materiel&rest_code=00106&code=00101008059&supplier_code=00100007&order_time=2024-01-12 HTTP/1.1" 200 408
180.169.147.146 - - [12/Jan/2024:10:05:32 +0800] "GET /xingrg/all/function/internal_message.html?_=1705025132055&CODE_STATE=getMsg HTTP/1.1" 200 27
116.232.193.168 - - [12/Jan/2024:10:05:35 +0800] "GET /xingrg/all/function/internal_message.html?_=1705025077114&CODE_STATE=getMsg HTTP/1.1" 200 27
124.78.154.219 - - [12/Jan/2024:10:05:35 +0800] "POST /xingrg/kc/buy/cgsh_order_operate.html HTTP/1.1" 200 2065
124.77.240.112 - - [12/Jan/2024:10:05:38 +0800] "GET /xingrg/all/function/internal_message.html?_=1705025147089&CODE_STATE=getMsg HTTP/1.1" 200 27
114.95.241.104 - - [12/Jan/2024:10:05:44 +0800] "GET /xingrg/all/function/internal_message.html?_=1705025144165&CODE_STATE=getMsg HTTP/1.1" 200 27
58.40.7.146 - - [12/Jan/2024:10:05:46 +0800] "GET /xingrg/all/function/internal_message.html?_=1705025146875&CODE_STATE=getMsg HTTP/1.1" 200 27
101.228.146.191 - - [12/Jan/2024:10:05:49 +0800] "GET /xingrg/all/function/internal_message.html?_=1705025149002&CODE_STATE=getMsg HTTP/1.1" 200 27
116.232.193.168 - - [12/Jan/2024:10:05:49 +0800] "POST /xingrg/kc/buy/cgsh_order_operate.html HTTP/1.1" 200 37
124.78.154.219 - - [12/Jan/2024:10:05:49 +0800] "GET /xingrg/kc/buy/cgsh_order_operate.html?command=get_materiel&rest_code=00106&code=00101008355&supplier_code=00100007&order_time=2024-01-12 HTTP/1.1" 200 429
180.164.1.25 - - [12/Jan/2024:10:05:50 +0800] "GET /xingrg/all/function/internal_message.html?_=1705025150721&CODE_STATE=getMsg HTTP/1.1" 200 27
116.232.193.168 - - [12/Jan/2024:10:05:52 +0800] "POST /xingrg/kc/buy/cgsh_order_operate.html HTTP/1.1" 200 7414
116.230.123.222 - - [12/Jan/2024:10:05:53 +0800] "GET /xingrg/check_reg.html?_=1705025151001 HTTP/1.1" 200 22
116.230.123.222 - - [12/Jan/2024:10:05:53 +0800] "GET /xingrg/all/function/internal_message.html?_=1705025151006&CODE_STATE=getMsg HTTP/1.1" 200 27
116.232.193.168 - - [12/Jan/2024:10:05:57 +0800] "GET /xingrg/kc/print/load_config.html?kc_code=cgsh HTTP/1.1" 200 1927
116.232.193.168 - - [12/Jan/2024:10:05:58 +0800] "GET /xingrg/kc/print/load_data.html?order_code=212024011204454&kc_code=cgsh&condition= HTTP/1.1" 200 2594
124.78.154.219 - - [12/Jan/2024:10:05:58 +0800] "GET /xingrg/kc/buy/cgsh_order_operate.html?command=get_materiel&rest_code=00106&code=00101011005&supplier_code=00100007&order_time=2024-01-12 HTTP/1.1" 200 428
116.228.172.122 - - [12/Jan/2024:10:06:01 +0800] "GET /xingrg/all/function/internal_message.html?_=1705025069713&CODE_STATE=getMsg HTTP/1.1" 302 -
180.152.241.32 - - [12/Jan/2024:10:06:02 +0800] "GET /xingrg/check_reg.html?_=1705025163366 HTTP/1.1" 200 22
180.152.241.32 - - [12/Jan/2024:10:06:02 +0800] "GET /xingrg/all/function/internal_message.html?_=1705025163368&CODE_STATE=getMsg HTTP/1.1" 200 27
222.70.115.1 - - [12/Jan/2024:10:06:07 +0800] "GET /xingrg/all/function/internal_message.html?_=1705025174519&CODE_STATE=getMsg HTTP/1.1" 302 -
101.83.145.37 - - [12/Jan/2024:10:06:07 +0800] "GET /xingrg/check_reg.html?_=1705025168163 HTTP/1.1" 200 22
101.83.145.37 - - [12/Jan/2024:10:06:07 +0800] "GET /xingrg/all/function/internal_message.html?_=1705025168167&CODE_STATE=getMsg HTTP/1.1" 200 27
114.95.241.104 - - [12/Jan/2024:10:06:11 +0800] "GET /xingrg/all/function/internal_message.html?_=1705025171311&CODE_STATE=getMsg HTTP/1.1" 200 27
58.39.110.191 - - [12/Jan/2024:10:06:12 +0800] "GET /xingrg/all/function/internal_message.html?_=1705025175457&CODE_STATE=getMsg HTTP/1.1" 200 27
114.83.217.59 - - [12/Jan/2024:10:06:16 +0800] "GET /xingrg/all/function/internal_message.html?_=1705025179364&CODE_STATE=getMsg HTTP/1.1" 200 27
114.83.217.59 - - [12/Jan/2024:10:06:16 +0800] "GET /xingrg/check_reg.html?_=1705025179367 HTTP/1.1" 200 22
221.239.172.206 - - [12/Jan/2024:10:06:22 +0800] "GET /xingrg/all/function/internal_message.html?_=1705025181548&CODE_STATE=getMsg HTTP/1.1" 200 27
124.78.154.219 - - [12/Jan/2024:10:06:22 +0800] "POST /xingrg/kc/buy/cgsh_order_operate.html HTTP/1.1" 200 37
124.78.154.219 - - [12/Jan/2024:10:06:26 +0800] "POST /xingrg/kc/buy/cgsh_order_operate.html HTTP/1.1" 200 32209
101.83.145.37 - - [12/Jan/2024:10:06:27 +0800] "GET /xingrg/all/function/internal_message.html?_=1705024953969&CODE_STATE=getMsg HTTP/1.1" 200 27
124.78.154.219 - - [12/Jan/2024:10:06:28 +0800] "GET /xingrg/all/function/internal_message.html?_=1705025186502&CODE_STATE=getMsg HTTP/1.1" 200 27
124.78.68.102 - - [12/Jan/2024:10:06:29 +0800] "GET /xingrg/all/function/internal_message.html?_=1705025189660&CODE_STATE=getMsg HTTP/1.1" 200 27
180.169.147.146 - - [12/Jan/2024:10:06:32 +0800] "GET /xingrg/all/function/internal_message.html?_=1705025192046&CODE_STATE=getMsg HTTP/1.1" 200 27
116.232.193.168 - - [12/Jan/2024:10:06:35 +0800] "GET /xingrg/all/function/internal_message.html?_=1705025137120&CODE_STATE=getMsg HTTP/1.1" 200 27
221.239.172.206 - - [12/Jan/2024:10:06:35 +0800] "GET /xingrg/check_reg.html?_=1705025194702 HTTP/1.1" 200 22
124.77.240.112 - - [12/Jan/2024:10:06:38 +0800] "GET /xingrg/all/function/internal_message.html?_=1705025207093&CODE_STATE=getMsg HTTP/1.1" 200 27
114.95.241.104 - - [12/Jan/2024:10:06:44 +0800] "GET /xingrg/all/function/internal_message.html?_=1705025204173&CODE_STATE=getMsg HTTP/1.1" 200 27
114.95.241.104 - - [12/Jan/2024:10:06:44 +0800] "GET /xingrg/check_reg.html?_=1705025204176 HTTP/1.1" 200 22
58.40.7.146 - - [12/Jan/2024:10:06:46 +0800] "GET /xingrg/all/function/internal_message.html?_=1705025206875&CODE_STATE=getMsg HTTP/1.1" 200 27
101.228.146.191 - - [12/Jan/2024:10:06:49 +0800] "GET /xingrg/all/function/internal_message.html?_=1705025209014&CODE_STATE=getMsg HTTP/1.1" 200 27
101.228.146.191 - - [12/Jan/2024:10:06:49 +0800] "GET /xingrg/check_reg.html?_=1705025209016 HTTP/1.1" 200 22
180.164.1.25 - - [12/Jan/2024:10:06:50 +0800] "GET /xingrg/all/function/internal_message.html?_=1705025210709&CODE_STATE=getMsg HTTP/1.1" 200 27
116.230.123.222 - - [12/Jan/2024:10:06:53 +0800] "GET /xingrg/all/function/internal_message.html?_=1705025211005&CODE_STATE=getMsg HTTP/1.1" 200 27
124.78.154.219 - - [12/Jan/2024:10:06:55 +0800] "GET /xingrg/kc/buy/cgsh_order_operate.html?command=get_materiel&rest_code=00106&code=00101008350&supplier_code=00100007&order_time=2024-01-12 HTTP/1.1" 200 408
116.228.172.122 - - [12/Jan/2024:10:07:01 +0800] "GET /xingrg/all/function/internal_message.html?_=1705025129701&CODE_STATE=getMsg HTTP/1.1" 302 -
180.152.241.32 - - [12/Jan/2024:10:07:02 +0800] "GET /xingrg/all/function/internal_message.html?_=1705025223355&CODE_STATE=getMsg HTTP/1.1" 200 27
124.78.154.219 - - [12/Jan/2024:10:07:05 +0800] "GET /xingrg/kc/buy/cgsh_order_operate.html?command=get_materiel&rest_code=00106&code=00101008765&supplier_code=00100007&order_time=2024-01-12 HTTP/1.1" 200 416
222.70.115.1 - - [12/Jan/2024:10:07:07 +0800] "GET /xingrg/check_reg.html?_=1705025234510 HTTP/1.1" 302 -
222.70.115.1 - - [12/Jan/2024:10:07:07 +0800] "GET /xingrg/all/function/internal_message.html?_=1705025234518&CODE_STATE=getMsg HTTP/1.1" 302 -
