101.83.145.37 - - [11/Jan/2024:09:03:18 +0800] "GET /xingrg/all/function/internal_message.html?_=1704934765381&CODE_STATE=getMsg HTTP/1.1" 200 27
124.77.240.112 - - [11/Jan/2024:09:03:20 +0800] "GET /xingrg/check_reg.html?_=1704935004460 HTTP/1.1" 200 22
180.164.1.25 - - [11/Jan/2024:09:03:21 +0800] "GET /xingrg/all/function/internal_message.html?_=1704935000594&CODE_STATE=getMsg HTTP/1.1" 200 27
114.95.241.104 - - [11/Jan/2024:09:03:28 +0800] "POST /xingrg/kc/buy/cgsh_order_operate.html HTTP/1.1" 200 37
222.69.135.213 - - [11/Jan/2024:09:03:29 +0800] "GET /xingrg/kc/base/wldb_order_operate.html?command=get_materiel&rest_code=00154&base_code=0010724&code=00101022045 HTTP/1.1" 200 443
222.70.180.200 - - [11/Jan/2024:09:03:31 +0800] "GET /xingrg/all/function/internal_message.html?_=1704935009461&CODE_STATE=getMsg HTTP/1.1" 200 27
180.152.241.32 - - [11/Jan/2024:09:03:31 +0800] "GET /xingrg/check_reg.html?_=1704935011764 HTTP/1.1" 200 22
180.152.241.32 - - [11/Jan/2024:09:03:31 +0800] "GET /xingrg/all/function/internal_message.html?_=1704935011766&CODE_STATE=getMsg HTTP/1.1" 200 27
114.95.241.104 - - [11/Jan/2024:09:03:32 +0800] "POST /xingrg/kc/buy/cgsh_order_operate.html HTTP/1.1" 200 3847
101.83.145.37 - - [11/Jan/2024:09:03:32 +0800] "GET /xingrg/kc/buy/cgsh_order_operate.html?command=get_materiel&rest_code=00105&code=00101008362&supplier_code=00100005&order_time=2024-01-11 HTTP/1.1" 200 409
101.83.145.37 - - [11/Jan/2024:09:03:33 +0800] "GET /xingrg/all/function/internal_message.html?_=1704935013439&CODE_STATE=getMsg HTTP/1.1" 200 27
124.77.240.112 - - [11/Jan/2024:09:03:33 +0800] "GET /xingrg/all/function/internal_message.html?_=1704935017204&CODE_STATE=getMsg HTTP/1.1" 200 27
180.152.241.32 - - [11/Jan/2024:09:03:33 +0800] "GET /xingrg/kc/buy/cgsh_order_operate.html?command=get_materiel&rest_code=00102&code=00101007036&supplier_code=00100008&order_time=2024-01-11 HTTP/1.1" 200 423
180.171.56.87 - - [11/Jan/2024:09:03:34 +0800] "GET /xingrg/all/function/internal_message.html?_=1704935019287&CODE_STATE=getMsg HTTP/1.1" 200 27
114.95.241.104 - - [11/Jan/2024:09:03:34 +0800] "GET /xingrg/all/function/internal_message.html?_=1704935014238&CODE_STATE=getMsg HTTP/1.1" 200 27
114.95.241.104 - - [11/Jan/2024:09:03:46 +0800] "POST /xingrg/kc/buy/cgsh_order_operate.html HTTP/1.1" 200 37
222.69.135.213 - - [11/Jan/2024:09:03:49 +0800] "GET /xingrg/all/function/internal_message.html?_=1704935030675&CODE_STATE=getMsg HTTP/1.1" 200 27
221.239.172.206 - - [11/Jan/2024:09:03:50 +0800] "GET /xingrg/all/function/internal_message.html?_=1704935029594&CODE_STATE=getMsg HTTP/1.1" 200 27
101.83.145.37 - - [11/Jan/2024:09:03:50 +0800] "GET /xingrg/kc/buy/cgsh_order_operate.html?command=get_materiel&rest_code=00105&code=00101008196&supplier_code=00100005&order_time=2024-01-11 HTTP/1.1" 200 416
180.152.241.32 - - [11/Jan/2024:09:03:52 +0800] "GET /xingrg/kc/buy/cgsh_order_operate.html?command=get_materiel&rest_code=00102&code=00101006324&supplier_code=00100008&order_time=2024-01-11 HTTP/1.1" 200 427
124.78.68.102 - - [11/Jan/2024:09:03:55 +0800] "GET /xingrg/all/function/internal_message.html?_=1704935035414&CODE_STATE=getMsg HTTP/1.1" 200 27
120.253.135.82 - - [11/Jan/2024:09:03:57 +0800] "GET /xingrg/all/function/internal_message.html?_=1704934857556&CODE_STATE=getMsg HTTP/1.1" 200 27
114.95.241.104 - - [11/Jan/2024:09:03:57 +0800] "GET /xingrg/all/function/internal_message.html?_=1704935037946&CODE_STATE=getMsg HTTP/1.1" 200 27
116.232.193.168 - - [11/Jan/2024:09:03:57 +0800] "GET /xingrg/all/function/internal_message.html?_=1704934982320&CODE_STATE=getMsg HTTP/1.1" 200 27
101.83.145.37 - - [11/Jan/2024:09:04:00 +0800] "GET /xingrg/kc/buy/cgsh_order_add.html HTTP/1.1" 200 73029
101.83.145.37 - - [11/Jan/2024:09:04:00 +0800] "GET /xingrg/javascript/easyui/themes/default/validatebox.css HTTP/1.1" 404 1104
101.83.145.37 - - [11/Jan/2024:09:04:00 +0800] "POST /xingrg/kc/buy/cgsh_order_operate.html HTTP/1.1" 200 8245
116.228.172.122 - - [11/Jan/2024:09:04:01 +0800] "GET /xingrg/all/function/internal_message.html?_=1704934949719&CODE_STATE=getMsg HTTP/1.1" 302 -
222.69.135.213 - - [11/Jan/2024:09:04:01 +0800] "POST /xingrg/kc/base/wldb_order_operate.html HTTP/1.1" 200 37
114.95.241.104 - - [11/Jan/2024:09:04:03 +0800] "POST /xingrg/kc/buy/cgsh_order_operate.html HTTP/1.1" 200 12
114.95.241.104 - - [11/Jan/2024:09:04:06 +0800] "GET /xingrg/kc/buy/cgsh_order_info.html?code=212024011104047 HTTP/1.1" 200 67914
114.95.241.104 - - [11/Jan/2024:09:04:06 +0800] "GET /xingrg/javascript/easyui/themes/default/validatebox.css HTTP/1.1" 404 1104
114.95.241.104 - - [11/Jan/2024:09:04:07 +0800] "POST /xingrg/kc/buy/cgsh_order_operate.html HTTP/1.1" 200 1797
101.83.145.37 - - [11/Jan/2024:09:04:08 +0800] "GET /xingrg/kc/buy/cgsh_order_operate.html?command=get_materiel&rest_code=00105&code=00101012059&supplier_code=&order_time=2024-01-11 HTTP/1.1" 200 432
222.69.135.213 - - [11/Jan/2024:09:04:09 +0800] "POST /xingrg/kc/base/wldb_order_operate.html HTTP/1.1" 200 12
222.69.135.213 - - [11/Jan/2024:09:04:09 +0800] "POST /xingrg/kc/base/wldb_order_operate.html HTTP/1.1" 200 8614
114.95.241.104 - - [11/Jan/2024:09:04:09 +0800] "GET /xingrg/kc/print/load_data.html?order_code=212024011104047&kc_code=cgsh&condition= HTTP/1.1" 200 1220
116.232.193.168 - - [11/Jan/2024:09:04:09 +0800] "GET /xingrg/all/function/internal_message.html?_=1704934994056&CODE_STATE=getMsg HTTP/1.1" 200 27
222.69.135.213 - - [11/Jan/2024:09:04:10 +0800] "GET /xingrg/kc/base/wldb_order_info.html?code=422024011101060 HTTP/1.1" 200 26268
222.69.135.213 - - [11/Jan/2024:09:04:11 +0800] "GET /xingrg/javascript/easyui/themes/default/validatebox.css HTTP/1.1" 404 1104
222.69.135.213 - - [11/Jan/2024:09:04:11 +0800] "POST /xingrg/kc/base/wldb_order_operate.html HTTP/1.1" 200 6739
124.78.154.219 - - [11/Jan/2024:09:04:13 +0800] "GET /xingrg/all/function/internal_message.html?_=1704935051866&CODE_STATE=getMsg HTTP/1.1" 200 27
222.69.135.213 - - [11/Jan/2024:09:04:15 +0800] "GET /xingrg/kc/base/wldb_order_add.html HTTP/1.1" 200 30391
222.69.135.213 - - [11/Jan/2024:09:04:15 +0800] "POST /xingrg/kc/base/wldb_order_operate.html HTTP/1.1" 200 6806
222.69.135.213 - - [11/Jan/2024:09:04:15 +0800] "GET /xingrg/javascript/easyui/themes/default/validatebox.css HTTP/1.1" 404 1104
114.95.241.104 - - [11/Jan/2024:09:04:16 +0800] "GET /xingrg/kc/buy/cgsh_order_add.html HTTP/1.1" 200 73003
114.95.241.104 - - [11/Jan/2024:09:04:16 +0800] "POST /xingrg/kc/buy/cgsh_order_operate.html HTTP/1.1" 200 8245
114.95.241.104 - - [11/Jan/2024:09:04:16 +0800] "GET /xingrg/javascript/easyui/themes/default/validatebox.css HTTP/1.1" 404 1104
58.40.7.146 - - [11/Jan/2024:09:04:16 +0800] "GET /xingrg/all/function/internal_message.html?_=1704935056839&CODE_STATE=getMsg HTTP/1.1" 200 27
222.69.135.213 - - [11/Jan/2024:09:04:17 +0800] "POST /xingrg/all/common/load_combo.html?type=base HTTP/1.1" 200 1491
180.164.1.25 - - [11/Jan/2024:09:04:17 +0800] "POST /xingrg/services/DataTransmitService HTTP/1.1" 200 524
101.83.145.37 - - [11/Jan/2024:09:04:17 +0800] "GET /xingrg/kc/buy/cgsh_order_operate.html?command=get_materiel&rest_code=00105&code=00101008197&supplier_code=00100005&order_time=2024-01-11 HTTP/1.1" 200 416
180.152.241.32 - - [11/Jan/2024:09:04:18 +0800] "GET /xingrg/kc/buy/cgsh_order_operate.html?command=get_materiel&rest_code=00102&code=00101010289&supplier_code=00100008&order_time=2024-01-11 HTTP/1.1" 200 450
101.83.145.37 - - [11/Jan/2024:09:04:18 +0800] "GET /xingrg/all/function/internal_message.html?_=1704934825386&CODE_STATE=getMsg HTTP/1.1" 200 27
222.69.135.213 - - [11/Jan/2024:09:04:19 +0800] "POST /xingrg/all/common/load_combo.html?type=base HTTP/1.1" 200 1491
180.164.1.25 - - [11/Jan/2024:09:04:21 +0800] "GET /xingrg/all/function/internal_message.html?_=1704935060610&CODE_STATE=getMsg HTTP/1.1" 200 27
180.164.1.25 - - [11/Jan/2024:09:04:21 +0800] "GET /xingrg/check_reg.html?_=1704935060613 HTTP/1.1" 200 22
116.232.193.168 - - [11/Jan/2024:09:04:23 +0800] "GET /xingrg/check_reg.html?_=1704935007774 HTTP/1.1" 200 22
114.95.241.104 - - [11/Jan/2024:09:04:28 +0800] "GET /xingrg/kc/buy/cgsh_order_operate.html?command=get_materiel&rest_code=00150&code=00101009053&supplier_code=00100022&order_time=2024-01-11 HTTP/1.1" 200 416
222.69.135.213 - - [11/Jan/2024:09:04:29 +0800] "GET /xingrg/kc/base/wldb_order_operate.html?command=get_materiel&rest_code=00154&base_code=0010728&code=00101008354 HTTP/1.1" 200 435
222.70.180.200 - - [11/Jan/2024:09:04:31 +0800] "GET /xingrg/all/function/internal_message.html?_=1704935069463&CODE_STATE=getMsg HTTP/1.1" 200 27
180.152.241.32 - - [11/Jan/2024:09:04:31 +0800] "GET /xingrg/all/function/internal_message.html?_=1704935071772&CODE_STATE=getMsg HTTP/1.1" 200 27
101.83.145.37 - - [11/Jan/2024:09:04:33 +0800] "GET /xingrg/all/function/internal_message.html?_=1704935073465&CODE_STATE=getMsg HTTP/1.1" 200 27
124.77.240.112 - - [11/Jan/2024:09:04:33 +0800] "GET /xingrg/all/function/internal_message.html?_=1704935077218&CODE_STATE=getMsg HTTP/1.1" 200 27
180.171.56.87 - - [11/Jan/2024:09:04:34 +0800] "GET /xingrg/all/function/internal_message.html?_=1704935079299&CODE_STATE=getMsg HTTP/1.1" 200 27
114.95.241.104 - - [11/Jan/2024:09:04:34 +0800] "GET /xingrg/all/function/internal_message.html?_=1704935074239&CODE_STATE=getMsg HTTP/1.1" 200 27
114.95.241.104 - - [11/Jan/2024:09:04:34 +0800] "GET /xingrg/check_reg.html?_=1704935074243 HTTP/1.1" 200 22
114.95.241.104 - - [11/Jan/2024:09:04:35 +0800] "POST /xingrg/all/user/operate.html HTTP/1.1" 200 36
114.95.241.104 - - [11/Jan/2024:09:04:36 +0800] "GET /xingrg/index.html?sysBaseUrl=http%3A%2F%2F180.169.147.146%3A18081%2Fxingrg%2F&costTime=944×tamp=1704934474598 HTTP/1.1" 200 17177
114.95.241.104 - - [11/Jan/2024:09:04:36 +0800] "GET /xingrg/javascript/jquery_easy_ui/themes/default/easyui.css HTTP/1.1" 304 -
114.95.241.104 - - [11/Jan/2024:09:04:36 +0800] "GET /xingrg/javascript/jquery_easy_ui/themes/icon.css HTTP/1.1" 304 -
114.95.241.104 - - [11/Jan/2024:09:04:36 +0800] "GET /xingrg/css/form.css HTTP/1.1" 304 -
114.95.241.104 - - [11/Jan/2024:09:04:36 +0800] "GET /xingrg/javascript/jquery-1.4.2.min.js HTTP/1.1" 304 -
114.95.241.104 - - [11/Jan/2024:09:04:36 +0800] "GET /xingrg/javascript/jquery_easy_ui/jquery.easyui.min.js HTTP/1.1" 304 -
114.95.241.104 - - [11/Jan/2024:09:04:36 +0800] "GET /xingrg/javascript/jquery_easy_ui/easyui-lang-zh_CN.js HTTP/1.1" 304 -
114.95.241.104 - - [11/Jan/2024:09:04:36 +0800] "GET /xingrg/javascript/jquery.form.js HTTP/1.1" 304 -
114.95.241.104 - - [11/Jan/2024:09:04:36 +0800] "GET /xingrg/javascript/jquery.utils.js HTTP/1.1" 304 -
114.95.241.104 - - [11/Jan/2024:09:04:36 +0800] "GET /xingrg/javascript/jquery.timers.js HTTP/1.1" 304 -
114.95.241.104 - - [11/Jan/2024:09:04:36 +0800] "GET /xingrg/images/blue/jxLogo.png HTTP/1.1" 304 -
114.95.241.104 - - [11/Jan/2024:09:04:36 +0800] "GET /xingrg/images/blue/navBackgound.jpg HTTP/1.1" 304 -
114.95.241.104 - - [11/Jan/2024:09:04:36 +0800] "GET /xingrg/javascript/jquery_easy_ui/themes/icons/settle_new.png HTTP/1.1" 304 -
114.95.241.104 - - [11/Jan/2024:09:04:36 +0800] "GET /xingrg/all/function/internal_message.html?_=1704935075611&CODE_STATE=count HTTP/1.1" 200 11
114.95.241.104 - - [11/Jan/2024:09:04:36 +0800] "GET /xingrg/check_reg.html?_=1704935075612 HTTP/1.1" 200 22
114.95.241.104 - - [11/Jan/2024:09:04:36 +0800] "GET /xingrg/javascript/jquery_easy_ui/themes/default/images/panel_tool_collapse.gif HTTP/1.1" 304 -
114.95.241.104 - - [11/Jan/2024:09:04:36 +0800] "GET /xingrg/javascript/jquery_easy_ui/themes/default/images/tabs_rightarrow.png HTTP/1.1" 304 -
114.95.241.104 - - [11/Jan/2024:09:04:36 +0800] "GET /xingrg/images/blue/pingpu.png HTTP/1.1" 304 -
114.95.241.104 - - [11/Jan/2024:09:04:36 +0800] "GET /xingrg/javascript/jquery_easy_ui/themes/default/images/tabs_leftarrow.png HTTP/1.1" 304 -
114.95.241.104 - - [11/Jan/2024:09:04:36 +0800] "POST /xingrg/load_menu.html HTTP/1.1" 200 5138
114.95.241.104 - - [11/Jan/2024:09:04:36 +0800] "POST /xingrg/all/common/load_tree.html?tree=area_rest_tree_json&manage=1 HTTP/1.1" 200 476
222.69.135.213 - - [11/Jan/2024:09:04:37 +0800] "GET /xingrg/kc/base/wldb_order_operate.html?command=get_materiel&rest_code=00154&base_code=0010728&code=00101008264 HTTP/1.1" 200 435
114.95.241.104 - - [11/Jan/2024:09:04:39 +0800] "GET /xingrg/kc/buy/cgsh_order_list.html HTTP/1.1" 200 57169
180.152.241.32 - - [11/Jan/2024:09:04:41 +0800] "POST /xingrg/kc/buy/cgsh_order_operate.html HTTP/1.1" 200 37
114.95.241.104 - - [11/Jan/2024:09:04:42 +0800] "POST /xingrg/kc/buy/cgsh_list_operate.html HTTP/1.1" 200 986
180.152.241.32 - - [11/Jan/2024:09:04:43 +0800] "POST /xingrg/kc/buy/cgsh_order_operate.html HTTP/1.1" 200 8644
114.95.241.104 - - [11/Jan/2024:09:04:44 +0800] "GET /xingrg/kc/buy/cgsh_order_add.html HTTP/1.1" 200 72557
114.95.241.104 - - [11/Jan/2024:09:04:44 +0800] "POST /xingrg/kc/buy/cgsh_order_operate.html HTTP/1.1" 200 8245
114.95.241.104 - - [11/Jan/2024:09:04:44 +0800] "GET /xingrg/javascript/easyui/themes/default/validatebox.css HTTP/1.1" 404 1104
114.95.241.104 - - [11/Jan/2024:09:04:44 +0800] "GET /xingrg/all/common/auto_word.html?type=employee&rest_code=00151 HTTP/1.1" 200 293
114.95.241.104 - - [11/Jan/2024:09:04:44 +0800] "GET /xingrg/all/common/auto_word.html?type=employee&rest_code=00151 HTTP/1.1" 200 293
120.253.135.82 - - [11/Jan/2024:09:04:45 +0800] "GET /xingrg/check_reg.html?_=1704934905581 HTTP/1.1" 200 22
114.95.241.104 - - [11/Jan/2024:09:04:45 +0800] "GET /xingrg/javascript/auto/indicator.gif HTTP/1.1" 404 1066
101.83.145.37 - - [11/Jan/2024:09:04:46 +0800] "GET /xingrg/kc/buy/cgsh_order_operate.html?command=get_materiel&rest_code=00105&code=00101008238&supplier_code=00100005&order_time=2024-01-11 HTTP/1.1" 200 416
222.69.135.213 - - [11/Jan/2024:09:04:49 +0800] "GET /xingrg/check_reg.html?_=1704935090578 HTTP/1.1" 200 22
222.69.135.213 - - [11/Jan/2024:09:04:49 +0800] "GET /xingrg/all/function/internal_message.html?_=1704935090655&CODE_STATE=getMsg HTTP/1.1" 200 27
221.239.172.206 - - [11/Jan/2024:09:04:50 +0800] "GET /xingrg/all/function/internal_message.html?_=1704935089582&CODE_STATE=getMsg HTTP/1.1" 200 27
124.78.68.102 - - [11/Jan/2024:09:04:55 +0800] "GET /xingrg/all/function/internal_message.html?_=1704935095393&CODE_STATE=getMsg HTTP/1.1" 200 27
114.95.241.104 - - [11/Jan/2024:09:04:57 +0800] "GET /xingrg/kc/buy/cgsh_order_operate.html?command=get_materiel&rest_code=00151&code=00101009053&supplier_code=00100022&order_time=2024-01-11 HTTP/1.1" 200 416
120.253.135.82 - - [11/Jan/2024:09:04:57 +0800] "GET /xingrg/all/function/internal_message.html?_=1704934917574&CODE_STATE=getMsg HTTP/1.1" 200 27
114.95.241.104 - - [11/Jan/2024:09:04:57 +0800] "GET /xingrg/all/function/internal_message.html?_=1704935097955&CODE_STATE=getMsg HTTP/1.1" 200 27
114.95.241.104 - - [11/Jan/2024:09:04:57 +0800] "GET /xingrg/check_reg.html?_=1704935097956 HTTP/1.1" 200 22
116.232.193.168 - - [11/Jan/2024:09:04:57 +0800] "GET /xingrg/all/function/internal_message.html?_=1704935042312&CODE_STATE=getMsg HTTP/1.1" 200 27
116.228.172.122 - - [11/Jan/2024:09:05:01 +0800] "GET /xingrg/all/function/internal_message.html?_=1704935009714&CODE_STATE=getMsg HTTP/1.1" 302 -
116.228.172.122 - - [11/Jan/2024:09:05:01 +0800] "GET /xingrg/check_reg.html?_=1704935009719 HTTP/1.1" 302 -
180.152.241.32 - - [11/Jan/2024:09:05:04 +0800] "GET /xingrg/kc/buy/cgsh_order_operate.html?command=get_materiel&rest_code=00102&code=00101008229&supplier_code=00100008&order_time=2024-01-11 HTTP/1.1" 200 420
101.83.145.37 - - [11/Jan/2024:09:05:06 +0800] "GET /xingrg/kc/buy/cgsh_order_operate.html?command=get_materiel&rest_code=00105&code=00101008079&supplier_code=00100005&order_time=2024-01-11 HTTP/1.1" 200 416
114.95.241.104 - - [11/Jan/2024:09:05:09 +0800] "GET /xingrg/kc/buy/cgsh_order_operate.html?command=get_materiel&rest_code=00151&code=00101009062&supplier_code=00100022&order_time=2024-01-11 HTTP/1.1" 200 412
116.232.193.168 - - [11/Jan/2024:09:05:09 +0800] "GET /xingrg/all/function/internal_message.html?_=1704935054034&CODE_STATE=getMsg HTTP/1.1" 200 27
124.78.154.219 - - [11/Jan/2024:09:05:13 +0800] "GET /xingrg/all/function/internal_message.html?_=1704935111835&CODE_STATE=getMsg HTTP/1.1" 200 27
124.78.154.219 - - [11/Jan/2024:09:05:13 +0800] "GET /xingrg/check_reg.html?_=1704935112201 HTTP/1.1" 200 22
180.152.241.32 - - [11/Jan/2024:09:05:14 +0800] "GET /xingrg/kc/buy/cgsh_order_operate.html?command=get_materiel&rest_code=00102&code=00101008223&supplier_code=00100008&order_time=2024-01-11 HTTP/1.1" 200 412
58.40.7.146 - - [11/Jan/2024:09:05:16 +0800] "GET /xingrg/all/function/internal_message.html?_=1704935116841&CODE_STATE=getMsg HTTP/1.1" 200 27
114.95.241.104 - - [11/Jan/2024:09:05:17 +0800] "GET /xingrg/kc/buy/cgsh_order_operate.html?command=get_materiel&rest_code=00151&code=00101009016&supplier_code=00100022&order_time=2024-01-11 HTTP/1.1" 200 420
101.83.145.37 - - [11/Jan/2024:09:05:18 +0800] "GET /xingrg/all/function/internal_message.html?_=1704934885391&CODE_STATE=getMsg HTTP/1.1" 200 27
180.164.1.25 - - [11/Jan/2024:09:05:21 +0800] "GET /xingrg/all/function/internal_message.html?_=1704935120600&CODE_STATE=getMsg HTTP/1.1" 200 27
114.95.241.104 - - [11/Jan/2024:09:05:27 +0800] "GET /xingrg/kc/buy/cgsh_order_operate.html?command=get_materiel&rest_code=00151&code=00101009011&supplier_code=00100022&order_time=2024-01-11 HTTP/1.1" 200 416
180.152.241.32 - - [11/Jan/2024:09:05:29 +0800] "GET /xingrg/kc/buy/cgsh_order_operate.html?command=get_materiel&rest_code=00102&code=00101008140&supplier_code=00100008&order_time=2024-01-11 HTTP/1.1" 200 417
222.70.180.200 - - [11/Jan/2024:09:05:31 +0800] "GET /xingrg/check_reg.html?_=1704935129460 HTTP/1.1" 200 22
222.70.180.200 - - [11/Jan/2024:09:05:31 +0800] "GET /xingrg/all/function/internal_message.html?_=1704935129461&CODE_STATE=getMsg HTTP/1.1" 200 27
180.152.241.32 - - [11/Jan/2024:09:05:31 +0800] "GET /xingrg/all/function/internal_message.html?_=1704935131773&CODE_STATE=getMsg HTTP/1.1" 200 27
101.83.145.37 - - [11/Jan/2024:09:05:33 +0800] "GET /xingrg/all/function/internal_message.html?_=1704935133436&CODE_STATE=getMsg HTTP/1.1" 200 27
124.77.240.112 - - [11/Jan/2024:09:05:33 +0800] "GET /xingrg/all/function/internal_message.html?_=1704935137336&CODE_STATE=getMsg HTTP/1.1" 200 27
180.171.56.87 - - [11/Jan/2024:09:05:34 +0800] "GET /xingrg/all/function/internal_message.html?_=1704935139302&CODE_STATE=getMsg HTTP/1.1" 200 27
180.171.56.87 - - [11/Jan/2024:09:05:34 +0800] "GET /xingrg/check_reg.html?_=1704935139306 HTTP/1.1" 200 22
114.95.241.104 - - [11/Jan/2024:09:05:36 +0800] "GET /xingrg/all/function/internal_message.html?_=1704935135615&CODE_STATE=getMsg HTTP/1.1" 200 27
114.95.241.104 - - [11/Jan/2024:09:05:36 +0800] "GET /xingrg/kc/buy/cgsh_order_operate.html?command=get_materiel&rest_code=00151&code=00101009109&supplier_code=00100022&order_time=2024-01-11 HTTP/1.1" 200 413
114.95.241.104 - - [11/Jan/2024:09:05:45 +0800] "GET /xingrg/kc/buy/cgsh_order_operate.html?command=get_materiel&rest_code=00151&code=00101009066&supplier_code=00100022&order_time=2024-01-11 HTTP/1.1" 200 416
101.83.145.37 - - [11/Jan/2024:09:05:46 +0800] "GET /xingrg/kc/buy/cgsh_order_operate.html?command=get_materiel&rest_code=00105&code=00101008069&supplier_code=00100005&order_time=2024-01-11 HTTP/1.1" 200 412
222.69.135.213 - - [11/Jan/2024:09:05:49 +0800] "GET /xingrg/all/function/internal_message.html?_=1704935150639&CODE_STATE=getMsg HTTP/1.1" 200 27
221.239.172.206 - - [11/Jan/2024:09:05:49 +0800] "GET /xingrg/all/function/internal_message.html?_=1704935149554&CODE_STATE=getMsg HTTP/1.1" 200 27
124.78.68.102 - - [11/Jan/2024:09:05:55 +0800] "GET /xingrg/all/function/internal_message.html?_=1704935155378&CODE_STATE=getMsg HTTP/1.1" 200 27
120.253.135.82 - - [11/Jan/2024:09:05:57 +0800] "GET /xingrg/all/function/internal_message.html?_=1704934977586&CODE_STATE=getMsg HTTP/1.1" 200 27
114.95.241.104 - - [11/Jan/2024:09:05:57 +0800] "GET /xingrg/all/function/internal_message.html?_=1704935157953&CODE_STATE=getMsg HTTP/1.1" 200 27
116.232.193.168 - - [11/Jan/2024:09:05:57 +0800] "GET /xingrg/all/function/internal_message.html?_=1704935102293&CODE_STATE=getMsg HTTP/1.1" 200 27
116.228.172.122 - - [11/Jan/2024:09:06:01 +0800] "GET /xingrg/all/function/internal_message.html?_=1704935069716&CODE_STATE=getMsg HTTP/1.1" 302 -
222.69.135.213 - - [11/Jan/2024:09:06:05 +0800] "GET /xingrg/kc/base/wldb_order_operate.html?command=get_materiel&rest_code=00154&base_code=0010728&code=00101008261 HTTP/1.1" 200 431
101.83.145.37 - - [11/Jan/2024:09:06:06 +0800] "GET /xingrg/kc/buy/cgsh_order_operate.html?command=get_materiel&rest_code=00105&code=00101008368&supplier_code=00100005&order_time=2024-01-11 HTTP/1.1" 200 408
116.232.193.168 - - [11/Jan/2024:09:06:09 +0800] "GET /xingrg/all/function/internal_message.html?_=1704935114013&CODE_STATE=getMsg HTTP/1.1" 200 27
124.78.154.219 - - [11/Jan/2024:09:06:13 +0800] "GET /xingrg/all/function/internal_message.html?_=1704935171813&CODE_STATE=getMsg HTTP/1.1" 200 27
222.69.135.213 - - [11/Jan/2024:09:06:13 +0800] "GET /xingrg/kc/base/wldb_order_operate.html?command=get_materiel&rest_code=00154&base_code=0010728&code=00101012070 HTTP/1.1" 200 433
180.163.28.55 - - [11/Jan/2024:09:06:14 +0800] "GET /xingrg/all/function/internal_message.html?_=1704935111835&CODE_STATE=getMsg HTTP/1.1" 302 -
180.163.28.55 - - [11/Jan/2024:09:06:14 +0800] "GET /xingrg/login.html HTTP/1.1" 200 7641
58.40.7.146 - - [11/Jan/2024:09:06:16 +0800] "GET /xingrg/all/function/internal_message.html?_=1704935176841&CODE_STATE=getMsg HTTP/1.1" 200 27
101.83.145.37 - - [11/Jan/2024:09:06:18 +0800] "GET /xingrg/all/function/internal_message.html?_=1704934945386&CODE_STATE=getMsg HTTP/1.1" 200 27
116.232.193.168 - - [11/Jan/2024:09:06:18 +0800] "GET /xingrg/check_reg.html?_=1704935122970 HTTP/1.1" 200 22
180.164.1.25 - - [11/Jan/2024:09:06:21 +0800] "GET /xingrg/all/function/internal_message.html?_=1704935180611&CODE_STATE=getMsg HTTP/1.1" 200 27
114.95.241.104 - - [11/Jan/2024:09:06:27 +0800] "POST /xingrg/kc/buy/cgsh_order_operate.html HTTP/1.1" 200 37
101.83.145.37 - - [11/Jan/2024:09:06:29 +0800] "GET /xingrg/kc/buy/cgsh_order_operate.html?command=get_materiel&rest_code=00105&code=00101008131&supplier_code=00100005&order_time=2024-01-11 HTTP/1.1" 200 408
222.70.180.200 - - [11/Jan/2024:09:06:31 +0800] "GET /xingrg/all/function/internal_message.html?_=1704935189448&CODE_STATE=getMsg HTTP/1.1" 200 27
180.152.241.32 - - [11/Jan/2024:09:06:31 +0800] "GET /xingrg/all/function/internal_message.html?_=1704935191778&CODE_STATE=getMsg HTTP/1.1" 200 27
101.83.145.37 - - [11/Jan/2024:09:06:33 +0800] "GET /xingrg/all/function/internal_message.html?_=1704935193431&CODE_STATE=getMsg HTTP/1.1" 200 27
101.83.145.37 - - [11/Jan/2024:09:06:33 +0800] "GET /xingrg/check_reg.html?_=1704935193434 HTTP/1.1" 200 22
124.77.240.112 - - [11/Jan/2024:09:06:33 +0800] "GET /xingrg/all/function/internal_message.html?_=1704935197340&CODE_STATE=getMsg HTTP/1.1" 200 27
221.239.172.206 - - [11/Jan/2024:09:06:33 +0800] "GET /xingrg/check_reg.html?_=1704935193144 HTTP/1.1" 200 22
180.171.56.87 - - [11/Jan/2024:09:06:34 +0800] "GET /xingrg/all/function/internal_message.html?_=1704935199306&CODE_STATE=getMsg HTTP/1.1" 200 27
114.95.241.104 - - [11/Jan/2024:09:06:36 +0800] "GET /xingrg/all/function/internal_message.html?_=1704935195628&CODE_STATE=getMsg HTTP/1.1" 200 27
114.95.241.104 - - [11/Jan/2024:09:06:37 +0800] "POST /xingrg/kc/buy/cgsh_order_operate.html HTTP/1.1" 200 5688
180.152.241.32 - - [11/Jan/2024:09:06:43 +0800] "GET /xingrg/kc/buy/cgsh_order_operate.html?command=get_materiel&rest_code=00102&code=00101008114&supplier_code=00100008&order_time=2024-01-11 HTTP/1.1" 200 412
180.152.241.32 - - [11/Jan/2024:09:06:45 +0800] "POST /xingrg/kc/buy/cgsh_order_operate.html HTTP/1.1" 200 2065
101.83.145.37 - - [11/Jan/2024:09:06:46 +0800] "GET /xingrg/kc/buy/cgsh_order_operate.html?command=get_materiel&rest_code=00105&code=00101008352&supplier_code=00100005&order_time=2024-01-11 HTTP/1.1" 200 412
222.69.135.213 - - [11/Jan/2024:09:06:49 +0800] "GET /xingrg/all/function/internal_message.html?_=1704935210652&CODE_STATE=getMsg HTTP/1.1" 200 27
221.239.172.206 - - [11/Jan/2024:09:06:49 +0800] "GET /xingrg/all/function/internal_message.html?_=1704935209528&CODE_STATE=getMsg HTTP/1.1" 200 27
180.152.241.32 - - [11/Jan/2024:09:06:52 +0800] "GET /xingrg/kc/buy/cgsh_order_operate.html?command=get_materiel&rest_code=00102&code=00101008137&supplier_code=00100008&order_time=2024-01-11 HTTP/1.1" 200 408
114.95.241.104 - - [11/Jan/2024:09:06:55 +0800] "POST /xingrg/kc/buy/cgsh_order_operate.html HTTP/1.1" 200 37
124.78.68.102 - - [11/Jan/2024:09:06:55 +0800] "GET /xingrg/all/function/internal_message.html?_=1704935215352&CODE_STATE=getMsg HTTP/1.1" 200 27
120.253.135.82 - - [11/Jan/2024:09:06:57 +0800] "GET /xingrg/all/function/internal_message.html?_=1704935037683&CODE_STATE=getMsg HTTP/1.1" 200 27
116.232.193.168 - - [11/Jan/2024:09:06:57 +0800] "GET /xingrg/all/function/internal_message.html?_=1704935162275&CODE_STATE=getMsg HTTP/1.1" 200 27
114.95.241.104 - - [11/Jan/2024:09:06:57 +0800] "GET /xingrg/all/function/internal_message.html?_=1704935217954&CODE_STATE=getMsg HTTP/1.1" 200 27
116.228.172.122 - - [11/Jan/2024:09:07:01 +0800] "GET /xingrg/all/function/internal_message.html?_=1704935129706&CODE_STATE=getMsg HTTP/1.1" 302 -
114.95.241.104 - - [11/Jan/2024:09:07:03 +0800] "POST /xingrg/kc/buy/cgsh_order_operate.html HTTP/1.1" 200 12
114.95.241.104 - - [11/Jan/2024:09:07:05 +0800] "GET /xingrg/kc/buy/cgsh_order_info.html?code=212024011104049 HTTP/1.1" 200 67468
101.83.145.37 - - [11/Jan/2024:09:07:05 +0800] "GET /xingrg/kc/buy/cgsh_order_operate.html?command=get_materiel&rest_code=00105&code=00101008353&supplier_code=00100005&order_time=2024-01-11 HTTP/1.1" 200 429
114.95.241.104 - - [11/Jan/2024:09:07:05 +0800] "GET /xingrg/javascript/easyui/themes/default/validatebox.css HTTP/1.1" 404 1104
114.95.241.104 - - [11/Jan/2024:09:07:06 +0800] "POST /xingrg/kc/buy/cgsh_order_operate.html HTTP/1.1" 200 3636
114.95.241.104 - - [11/Jan/2024:09:07:09 +0800] "GET /xingrg/kc/print/load_data.html?order_code=212024011104049&kc_code=cgsh&condition= HTTP/1.1" 200 1961
116.232.193.168 - - [11/Jan/2024:09:07:09 +0800] "GET /xingrg/all/function/internal_message.html?_=1704935173999&CODE_STATE=getMsg HTTP/1.1" 200 27
124.78.154.219 - - [11/Jan/2024:09:07:13 +0800] "GET /xingrg/all/function/internal_message.html?_=1704935231784&CODE_STATE=getMsg HTTP/1.1" 200 27
58.40.7.146 - - [11/Jan/2024:09:07:16 +0800] "GET /xingrg/all/function/internal_message.html?_=1704935236843&CODE_STATE=getMsg HTTP/1.1" 200 27
114.95.241.104 - - [11/Jan/2024:09:07:17 +0800] "GET /xingrg/kc/buy/cgsh_order_add.html HTTP/1.1" 200 72557
114.95.241.104 - - [11/Jan/2024:09:07:18 +0800] "POST /xingrg/kc/buy/cgsh_order_operate.html HTTP/1.1" 200 8245
114.95.241.104 - - [11/Jan/2024:09:07:18 +0800] "GET /xingrg/javascript/easyui/themes/default/validatebox.css HTTP/1.1" 404 1104
101.83.145.37 - - [11/Jan/2024:09:07:18 +0800] "GET /xingrg/check_reg.html?_=1704935005381 HTTP/1.1" 200 22
101.83.145.37 - - [11/Jan/2024:09:07:18 +0800] "GET /xingrg/all/function/internal_message.html?_=1704935005384&CODE_STATE=getMsg HTTP/1.1" 200 27
180.152.241.32 - - [11/Jan/2024:09:07:20 +0800] "GET /xingrg/kc/buy/cgsh_order_operate.html?command=get_materiel&rest_code=00102&code=00101010082&supplier_code=00100008&order_time=2024-01-11 HTTP/1.1" 200 425
101.83.145.37 - - [11/Jan/2024:09:07:21 +0800] "GET /xingrg/kc/buy/cgsh_order_operate.html?command=get_materiel&rest_code=00105&code=00101008298&supplier_code=00100005&order_time=2024-01-11 HTTP/1.1" 200 433
180.164.1.25 - - [11/Jan/2024:09:07:21 +0800] "GET /xingrg/all/function/internal_message.html?_=1704935240612&CODE_STATE=getMsg HTTP/1.1" 200 27
124.78.68.102 - - [11/Jan/2024:09:07:24 +0800] "GET /xingrg/check_reg.html?_=1704935244177 HTTP/1.1" 200 22
222.70.180.200 - - [11/Jan/2024:09:07:31 +0800] "GET /xingrg/all/function/internal_message.html?_=1704935249452&CODE_STATE=getMsg HTTP/1.1" 200 27
180.152.241.32 - - [11/Jan/2024:09:07:31 +0800] "GET /xingrg/all/function/internal_message.html?_=1704935251768&CODE_STATE=getMsg HTTP/1.1" 200 27
101.83.145.37 - - [11/Jan/2024:09:07:33 +0800] "GET /xingrg/all/function/internal_message.html?_=1704935253462&CODE_STATE=getMsg HTTP/1.1" 200 27
124.77.240.112 - - [11/Jan/2024:09:07:33 +0800] "GET /xingrg/all/function/internal_message.html?_=1704935257452&CODE_STATE=getMsg HTTP/1.1" 200 27
114.95.241.104 - - [11/Jan/2024:09:07:33 +0800] "GET /xingrg/kc/buy/cgsh_order_operate.html?command=get_materiel&rest_code=00151&code=00101016025&supplier_code=00100096&order_time=2024-01-11 HTTP/1.1" 200 410
180.171.56.87 - - [11/Jan/2024:09:07:34 +0800] "GET /xingrg/all/function/internal_message.html?_=1704935259309&CODE_STATE=getMsg HTTP/1.1" 200 27
114.95.241.104 - - [11/Jan/2024:09:07:36 +0800] "GET /xingrg/all/function/internal_message.html?_=1704935255628&CODE_STATE=getMsg HTTP/1.1" 200 27
101.83.145.37 - - [11/Jan/2024:09:07:38 +0800] "GET /xingrg/kc/buy/cgsh_order_operate.html?command=get_materiel&rest_code=00105&code=00101008221&supplier_code=00100005&order_time=2024-01-11 HTTP/1.1" 200 412
101.83.145.37 - - [11/Jan/2024:09:07:44 +0800] "POST /xingrg/kc/buy/cgsh_order_operate.html HTTP/1.1" 200 2065
180.152.241.32 - - [11/Jan/2024:09:07:47 +0800] "POST /xingrg/kc/buy/cgsh_order_operate.html HTTP/1.1" 200 37
222.69.135.213 - - [11/Jan/2024:09:07:49 +0800] "GET /xingrg/all/function/internal_message.html?_=1704935270649&CODE_STATE=getMsg HTTP/1.1" 200 27
180.152.241.32 - - [11/Jan/2024:09:07:49 +0800] "POST /xingrg/kc/buy/cgsh_order_operate.html HTTP/1.1" 200 12214
114.95.241.104 - - [11/Jan/2024:09:07:49 +0800] "GET /xingrg/kc/buy/cgsh_order_operate.html?command=get_materiel&rest_code=00151&code=00101012039&supplier_code=00100096&order_time=2024-01-11 HTTP/1.1" 200 408
221.239.172.206 - - [11/Jan/2024:09:07:49 +0800] "GET /xingrg/all/function/internal_message.html?_=1704935269513&CODE_STATE=getMsg HTTP/1.1" 200 27
180.152.241.32 - - [11/Jan/2024:09:07:50 +0800] "GET /xingrg/kc/report/report_main.html HTTP/1.1" 200 7340
180.152.241.32 - - [11/Jan/2024:09:07:51 +0800] "GET /xingrg/css/blue.css HTTP/1.1" 200 15949
180.152.241.32 - - [11/Jan/2024:09:07:51 +0800] "GET /xingrg/javascript/jquery_ui/themes/humanity/humanity.css HTTP/1.1" 200 27801
180.152.241.32 - - [11/Jan/2024:09:07:51 +0800] "GET /xingrg/javascript/myfunction.js HTTP/1.1" 200 24559
180.152.241.32 - - [11/Jan/2024:09:07:51 +0800] "GET /xingrg/javascript/jquery_easy_ui/themes/icons/back_new.png HTTP/1.1" 200 3414
180.152.241.32 - - [11/Jan/2024:09:07:52 +0800] "GET /xingrg/all/report/report_query.html?fileName=kc/buy/gys_amount_base.xml&rh=99999 HTTP/1.1" 200 51871
180.152.241.32 - - [11/Jan/2024:09:07:52 +0800] "GET /xingrg/javascript/multi_select/jqueryMultiSelect.css HTTP/1.1" 200 951
180.152.241.32 - - [11/Jan/2024:09:07:52 +0800] "GET /xingrg/javascript/calendar/timePicker.css HTTP/1.1" 200 523
180.152.241.32 - - [11/Jan/2024:09:07:52 +0800] "GET /xingrg/javascript/bigrid/fix.css HTTP/1.1" 200 1702
180.152.241.32 - - [11/Jan/2024:09:07:52 +0800] "GET /xingrg/dwr/interface/AjaxReportQueryService.js HTTP/1.1" 200 13203
180.152.241.32 - - [11/Jan/2024:09:07:52 +0800] "GET /xingrg/javascript/jqueryMultiSelect.js HTTP/1.1" 200 11866
180.152.241.32 - - [11/Jan/2024:09:07:52 +0800] "GET /xingrg/dwr/util.js HTTP/1.1" 200 35990
180.152.241.32 - - [11/Jan/2024:09:07:52 +0800] "GET /xingrg/dwr/engine.js HTTP/1.1" 200 43631
180.152.241.32 - - [11/Jan/2024:09:07:52 +0800] "GET /xingrg/javascript/bigrid/fix.js HTTP/1.1" 200 6439
180.152.241.32 - - [11/Jan/2024:09:07:52 +0800] "GET /xingrg/javascript/Calendar.js HTTP/1.1" 200 31561
180.152.241.32 - - [11/Jan/2024:09:07:52 +0800] "GET /xingrg/javascript/calendar/jquery.timePicker.min.js HTTP/1.1" 200 2997
180.152.241.32 - - [11/Jan/2024:09:07:52 +0800] "GET /xingrg/images/control/loading.gif HTTP/1.1" 200 13463
180.152.241.32 - - [11/Jan/2024:09:07:52 +0800] "GET /xingrg/images/blue/button/advanceover.gif HTTP/1.1" 200 1347
180.152.241.32 - - [11/Jan/2024:09:07:52 +0800] "GET /xingrg/images/blue/button/back2over.gif HTTP/1.1" 200 1335
180.152.241.32 - - [11/Jan/2024:09:07:52 +0800] "GET /xingrg/images/blue/button/advance2over.gif HTTP/1.1" 200 1336
180.152.241.32 - - [11/Jan/2024:09:07:52 +0800] "GET /xingrg/images/blue/button/backover.gif HTTP/1.1" 200 1348
180.152.241.32 - - [11/Jan/2024:09:07:52 +0800] "GET /xingrg/javascript/jquery_easy_ui/themes/icons/help.png HTTP/1.1" 200 1187
180.152.241.32 - - [11/Jan/2024:09:07:52 +0800] "GET /xingrg/javascript/jquery_easy_ui/themes/default/images/button_a_bg.gif HTTP/1.1" 200 1194
180.152.241.32 - - [11/Jan/2024:09:07:52 +0800] "GET /xingrg/javascript/jquery_easy_ui/themes/default/images/menu_downarrow.png HTTP/1.1" 200 173
180.152.241.32 - - [11/Jan/2024:09:07:52 +0800] "GET /xingrg/javascript/jquery_easy_ui/themes/default/images/menu.gif HTTP/1.1" 200 834
180.152.241.32 - - [11/Jan/2024:09:07:52 +0800] "GET /xingrg/javascript/jquery_easy_ui/themes/icons/print.png HTTP/1.1" 200 1057
180.152.241.32 - - [11/Jan/2024:09:07:52 +0800] "GET /xingrg/javascript/jquery_easy_ui/themes/icons/pencil.png HTTP/1.1" 200 713
180.152.241.32 - - [11/Jan/2024:09:07:52 +0800] "POST /xingrg/dwr/call/plaincall/AjaxReportQueryService.getFixDate.dwr HTTP/1.1" 200 111
180.152.241.32 - - [11/Jan/2024:09:07:52 +0800] "GET /xingrg/javascript/jquery_easy_ui/themes/default/images/menu_rightarrow.png HTTP/1.1" 200 3617
180.152.241.32 - - [11/Jan/2024:09:07:52 +0800] "GET /xingrg/javascript/jquery_easy_ui/themes/default/images/combo_arrow_dot.gif HTTP/1.1" 200 79
180.152.241.32 - - [11/Jan/2024:09:07:52 +0800] "POST /xingrg/dwr/call/plaincall/AjaxReportQueryService.getInitString.dwr HTTP/1.1" 200 1035
180.152.241.32 - - [11/Jan/2024:09:07:52 +0800] "GET /xingrg/javascript/multi_select/dropdown.gif HTTP/1.1" 200 61
180.152.241.32 - - [11/Jan/2024:09:07:53 +0800] "POST /xingrg/all/common/load_tree.html?tree=supplier_tree_json&manage=1 HTTP/1.1" 200 79688
180.152.241.32 - - [11/Jan/2024:09:07:53 +0800] "POST /xingrg/all/common/load_tree.html?tree=materiel_sort_tree_json HTTP/1.1" 200 9617
180.152.241.32 - - [11/Jan/2024:09:07:54 +0800] "GET /xingrg/javascript/jquery_easy_ui/themes/default/images/tree_checkbox_0.gif HTTP/1.1" 200 168
124.78.68.102 - - [11/Jan/2024:09:07:55 +0800] "GET /xingrg/all/function/internal_message.html?_=1704935275340&CODE_STATE=getMsg HTTP/1.1" 200 27
120.253.135.82 - - [11/Jan/2024:09:07:57 +0800] "GET /xingrg/all/function/internal_message.html?_=1704935097692&CODE_STATE=getMsg HTTP/1.1" 200 27
116.232.193.168 - - [11/Jan/2024:09:07:57 +0800] "GET /xingrg/all/function/internal_message.html?_=1704935222262&CODE_STATE=getMsg HTTP/1.1" 200 27
114.95.241.104 - - [11/Jan/2024:09:07:57 +0800] "GET /xingrg/all/function/internal_message.html?_=1704935277944&CODE_STATE=getMsg HTTP/1.1" 200 27
101.83.145.37 - - [11/Jan/2024:09:07:58 +0800] "POST /xingrg/kc/buy/cgsh_order_operate.html HTTP/1.1" 200 37
114.95.241.104 - - [11/Jan/2024:09:08:00 +0800] "GET /xingrg/kc/buy/cgsh_order_operate.html?command=get_materiel&rest_code=00151&code=00101020089&supplier_code=00100096&order_time=2024-01-11 HTTP/1.1" 200 414
180.152.241.32 - - [11/Jan/2024:09:08:00 +0800] "GET /xingrg/javascript/multi_select/dropdown_hover.gif HTTP/1.1" 200 61
101.83.145.37 - - [11/Jan/2024:09:08:01 +0800] "POST /xingrg/kc/buy/cgsh_order_operate.html HTTP/1.1" 200 13292
116.228.172.122 - - [11/Jan/2024:09:08:01 +0800] "GET /xingrg/all/function/internal_message.html?_=1704935189703&CODE_STATE=getMsg HTTP/1.1" 302 -
180.152.241.32 - - [11/Jan/2024:09:08:01 +0800] "GET /xingrg/javascript/multi_select/dropdown_active.gif HTTP/1.1" 200 61
180.152.241.32 - - [11/Jan/2024:09:08:09 +0800] "GET /xingrg/javascript/jquery_easy_ui/themes/default/images/tree_checkbox_2.gif HTTP/1.1" 200 181
180.152.241.32 - - [11/Jan/2024:09:08:09 +0800] "GET /xingrg/javascript/jquery_easy_ui/themes/default/images/tree_checkbox_1.gif HTTP/1.1" 200 174
116.232.193.168 - - [11/Jan/2024:09:08:09 +0800] "GET /xingrg/all/function/internal_message.html?_=1704935233980&CODE_STATE=getMsg HTTP/1.1" 200 27
180.152.241.32 - - [11/Jan/2024:09:08:09 +0800] "POST /xingrg/dwr/call/plaincall/AjaxReportQueryService.refreshCache.dwr HTTP/1.1" 200 78
180.152.241.32 - - [11/Jan/2024:09:08:12 +0800] "POST /xingrg/all/report/load_report_page.html HTTP/1.1" 200 7307
180.152.241.32 - - [11/Jan/2024:09:08:12 +0800] "GET /xingrg/servlets/image?cache=0.37165247533350976&image=px HTTP/1.1" 200 807
124.78.154.219 - - [11/Jan/2024:09:08:13 +0800] "GET /xingrg/all/function/internal_message.html?_=1704935291754&CODE_STATE=getMsg HTTP/1.1" 200 27
180.152.241.32 - - [11/Jan/2024:09:08:14 +0800] "GET /xingrg/all/report/report_query.html?isQuery=1&fileName=kc/buy/wlcg_cate_hz.xml&queryString=(CONVERT(char(16)%2Ca.order_time%2C%20120)%3E%3D'2023-07-11%2009%3A07')%20and%20(CONVERT(char(10)%2Ca.order_time%2C%20120)%3C%3D'2024-01-31')%20and%20(a.base_code%20in%20('0010487'))%20and%20(a.supplier_code%20in%20('00100008'))%20and%20(a.supplier_code%3D'00100008')%20and%20(a.base_code%3D'0010487')&queryText=%E3%80%90%E9%87%87%E8%B4%AD%E6%97%A5%E6%9C%9F%3A2023-07-11%2009%3A07%20%E8%87%B3%202024-01-31%E3%80%91%20%E5%B9%B6%E4%B8%94%20%20%E3%80%90%E6%9F%A5%E8%AF%A2%E4%BB%93%E5%BA%93%20%3D%20%E7%82%B9%E5%BF%83%E3%80%91%20%E5%B9%B6%E4%B8%94%20%20%E3%80%90%E4%BE%9B%E5%BA%94%E5%95%86%20%3D%20%E8%94%AC%E8%8F%9C%EF%BC%88%E8%B0%A2%E9%87%91%E5%8D%8E%EF%BC%89%E3%80%91%20%E5%B9%B6%E4%B8%94%20%E3%80%90%E4%BE%9B%E5%BA%94%E5%95%86%3D%E8%94%AC%E8%8F%9C%EF%BC%88%E8%B0%A2%E9%87%91%E5%8D%8E%EF%BC%89%E3%80%91%E5%B9%B6%E4%B8%94%E3%80%90%E4%BB%93%E5%BA%93%E5%90%8D%E7%A7%B0%20%3D%20%E7%82%B9%E5%BF%83%E3%80%91&rand=0.9242648656991459 HTTP/1.1" 200 54642
180.152.241.32 - - [11/Jan/2024:09:08:14 +0800] "GET /xingrg/all/report/report_query.html?isQuery=1&fileName=kc/buy/wlcg_cate_hz.xml&queryString=(CONVERT(char(16)%2Ca.order_time%2C%20120)%3E%3D'2023-07-11%2009%3A07')%20and%20(CONVERT(char(10)%2Ca.order_time%2C%20120)%3C%3D'2024-01-31')%20and%20(a.base_code%20in%20('0010487'))%20and%20(a.supplier_code%20in%20('00100008'))%20and%20(a.supplier_code%3D'00100008')%20and%20(a.base_code%3D'0010487')&queryText=%E3%80%90%E9%87%87%E8%B4%AD%E6%97%A5%E6%9C%9F%3A2023-07-11%2009%3A07%20%E8%87%B3%202024-01-31%E3%80%91%20%E5%B9%B6%E4%B8%94%20%20%E3%80%90%E6%9F%A5%E8%AF%A2%E4%BB%93%E5%BA%93%20%3D%20%E7%82%B9%E5%BF%83%E3%80%91%20%E5%B9%B6%E4%B8%94%20%20%E3%80%90%E4%BE%9B%E5%BA%94%E5%95%86%20%3D%20%E8%94%AC%E8%8F%9C%EF%BC%88%E8%B0%A2%E9%87%91%E5%8D%8E%EF%BC%89%E3%80%91%20%E5%B9%B6%E4%B8%94%20%E3%80%90%E4%BE%9B%E5%BA%94%E5%95%86%3D%E8%94%AC%E8%8F%9C%EF%BC%88%E8%B0%A2%E9%87%91%E5%8D%8E%EF%BC%89%E3%80%91%E5%B9%B6%E4%B8%94%E3%80%90%E4%BB%93%E5%BA%93%E5%90%8D%E7%A7%B0%20%3D%20%E7%82%B9%E5%BF%83%E3%80%91&rand=0.9242648656991459 HTTP/1.1" 200 54642
180.152.241.32 - - [11/Jan/2024:09:08:14 +0800] "GET /xingrg/dwr/interface/AjaxReportQueryService.js HTTP/1.1" 200 13203
180.152.241.32 - - [11/Jan/2024:09:08:14 +0800] "GET /xingrg/dwr/engine.js HTTP/1.1" 200 43631
180.152.241.32 - - [11/Jan/2024:09:08:16 +0800] "POST /xingrg/all/report/load_report_page.html HTTP/1.1" 200 8714
180.152.241.32 - - [11/Jan/2024:09:08:16 +0800] "GET /xingrg/servlets/image?cache=0.3760486737554882&image=px HTTP/1.1" 200 807
58.40.7.146 - - [11/Jan/2024:09:08:16 +0800] "GET /xingrg/check_reg.html?_=1704935296845 HTTP/1.1" 200 22
58.40.7.146 - - [11/Jan/2024:09:08:16 +0800] "GET /xingrg/all/function/internal_message.html?_=1704935296847&CODE_STATE=getMsg HTTP/1.1" 200 27
180.152.241.32 - - [11/Jan/2024:09:08:17 +0800] "POST /xingrg/all/report/load_report_page.html HTTP/1.1" 200 60284
180.152.241.32 - - [11/Jan/2024:09:08:17 +0800] "GET /xingrg/servlets/image?cache=0.2742266919813646&image=px HTTP/1.1" 200 807
101.83.145.37 - - [11/Jan/2024:09:08:18 +0800] "GET /xingrg/all/function/internal_message.html?_=1704935065400&CODE_STATE=getMsg HTTP/1.1" 200 27
124.77.240.112 - - [11/Jan/2024:09:08:20 +0800] "GET /xingrg/check_reg.html?_=1704935304465 HTTP/1.1" 200 22
180.164.1.25 - - [11/Jan/2024:09:08:21 +0800] "GET /xingrg/all/function/internal_message.html?_=1704935300607&CODE_STATE=getMsg HTTP/1.1" 200 27
101.83.145.37 - - [11/Jan/2024:09:08:22 +0800] "GET /xingrg/kc/buy/cgsh_order_operate.html?command=get_materiel&rest_code=00105&code=00101008274&supplier_code=00100005&order_time=2024-01-11 HTTP/1.1" 200 412
222.70.180.200 - - [11/Jan/2024:09:08:31 +0800] "GET /xingrg/all/function/internal_message.html?_=1704935309463&CODE_STATE=getMsg HTTP/1.1" 200 27
180.152.241.32 - - [11/Jan/2024:09:08:31 +0800] "GET /xingrg/check_reg.html?_=1704935311760 HTTP/1.1" 200 22
180.152.241.32 - - [11/Jan/2024:09:08:31 +0800] "GET /xingrg/all/function/internal_message.html?_=1704935311761&CODE_STATE=getMsg HTTP/1.1" 200 27
101.83.145.37 - - [11/Jan/2024:09:08:33 +0800] "GET /xingrg/all/function/internal_message.html?_=1704935313431&CODE_STATE=getMsg HTTP/1.1" 200 27
124.77.240.112 - - [11/Jan/2024:09:08:33 +0800] "GET /xingrg/all/function/internal_message.html?_=1704935317461&CODE_STATE=getMsg HTTP/1.1" 200 27
180.171.56.87 - - [11/Jan/2024:09:08:34 +0800] "GET /xingrg/all/function/internal_message.html?_=1704935319296&CODE_STATE=getMsg HTTP/1.1" 200 27
114.95.241.104 - - [11/Jan/2024:09:08:36 +0800] "GET /xingrg/all/function/internal_message.html?_=1704935315634&CODE_STATE=getMsg HTTP/1.1" 200 27
114.95.241.104 - - [11/Jan/2024:09:08:40 +0800] "GET /xingrg/kc/buy/cgsh_order_operate.html?command=get_materiel&rest_code=00151&code=00101012122&supplier_code=00100096&order_time=2024-01-11 HTTP/1.1" 200 417
101.83.145.37 - - [11/Jan/2024:09:08:40 +0800] "GET /xingrg/kc/buy/cgsh_order_operate.html?command=get_materiel&rest_code=00105&code=00101008027&supplier_code=00100005&order_time=2024-01-11 HTTP/1.1" 200 409
222.69.135.213 - - [11/Jan/2024:09:08:41 +0800] "GET /xingrg/kc/base/wldb_order_operate.html?command=get_materiel&rest_code=00154&base_code=0010728&code=00101008005 HTTP/1.1" 200 433
114.95.241.104 - - [11/Jan/2024:09:08:49 +0800] "GET /xingrg/kc/buy/cgsh_order_operate.html?command=get_materiel&rest_code=00151&code=00101012007&supplier_code=00100096&order_time=2024-01-11 HTTP/1.1" 200 412
222.69.135.213 - - [11/Jan/2024:09:08:49 +0800] "GET /xingrg/all/function/internal_message.html?_=1704935330625&CODE_STATE=getMsg HTTP/1.1" 200 27
221.239.172.206 - - [11/Jan/2024:09:08:49 +0800] "GET /xingrg/all/function/internal_message.html?_=1704935329504&CODE_STATE=getMsg HTTP/1.1" 200 27
222.69.135.213 - - [11/Jan/2024:09:08:54 +0800] "GET /xingrg/kc/base/wldb_order_operate.html?command=get_materiel&rest_code=00154&base_code=0010728&code=00101010744 HTTP/1.1" 200 443
124.78.68.102 - - [11/Jan/2024:09:08:55 +0800] "GET /xingrg/all/function/internal_message.html?_=1704935335326&CODE_STATE=getMsg HTTP/1.1" 200 27
101.83.145.37 - - [11/Jan/2024:09:08:57 +0800] "GET /xingrg/kc/buy/cgsh_order_operate.html?command=get_materiel&rest_code=00105&code=00101008257&supplier_code=00100005&order_time=2024-01-11 HTTP/1.1" 200 416
120.253.135.82 - - [11/Jan/2024:09:08:57 +0800] "GET /xingrg/all/function/internal_message.html?_=1704935157787&CODE_STATE=getMsg HTTP/1.1" 200 27
116.232.193.168 - - [11/Jan/2024:09:08:57 +0800] "GET /xingrg/all/function/internal_message.html?_=1704935282246&CODE_STATE=getMsg HTTP/1.1" 200 27
114.95.241.104 - - [11/Jan/2024:09:08:57 +0800] "GET /xingrg/all/function/internal_message.html?_=1704935337960&CODE_STATE=getMsg HTTP/1.1" 200 27
116.228.172.122 - - [11/Jan/2024:09:09:01 +0800] "GET /xingrg/all/function/internal_message.html?_=1704935249711&CODE_STATE=getMsg HTTP/1.1" 302 -
114.95.241.104 - - [11/Jan/2024:09:09:06 +0800] "GET /xingrg/kc/buy/cgsh_order_operate.html?command=get_materiel&rest_code=00151&code=00101016105&supplier_code=00100096&order_time=2024-01-11 HTTP/1.1" 200 409
116.232.193.168 - - [11/Jan/2024:09:09:09 +0800] "GET /xingrg/all/function/internal_message.html?_=1704935293962&CODE_STATE=getMsg HTTP/1.1" 200 27
222.69.135.213 - - [11/Jan/2024:09:09:12 +0800] "POST /xingrg/kc/base/wldb_order_operate.html HTTP/1.1" 200 37
124.78.154.219 - - [11/Jan/2024:09:09:13 +0800] "GET /xingrg/all/function/internal_message.html?_=1704935351741&CODE_STATE=getMsg HTTP/1.1" 200 27
101.83.145.37 - - [11/Jan/2024:09:09:13 +0800] "GET /xingrg/kc/buy/cgsh_order_operate.html?command=get_materiel&rest_code=00105&code=00101008080&supplier_code=00100005&order_time=2024-01-11 HTTP/1.1" 200 416
58.40.7.146 - - [11/Jan/2024:09:09:16 +0800] "GET /xingrg/all/function/internal_message.html?_=1704935356851&CODE_STATE=getMsg HTTP/1.1" 200 27
101.83.145.37 - - [11/Jan/2024:09:09:17 +0800] "POST /xingrg/kc/buy/cgsh_order_operate.html HTTP/1.1" 200 2065
114.95.241.104 - - [11/Jan/2024:09:09:17 +0800] "GET /xingrg/kc/buy/cgsh_order_operate.html?command=get_materiel&rest_code=00151&code=00101006013&supplier_code=00100096&order_time=2024-01-11 HTTP/1.1" 200 411
101.83.145.37 - - [11/Jan/2024:09:09:18 +0800] "GET /xingrg/all/function/internal_message.html?_=1704935125384&CODE_STATE=getMsg HTTP/1.1" 200 27
222.69.135.213 - - [11/Jan/2024:09:09:18 +0800] "POST /xingrg/kc/base/wldb_order_operate.html HTTP/1.1" 200 12
222.69.135.213 - - [11/Jan/2024:09:09:18 +0800] "POST /xingrg/kc/base/wldb_order_operate.html HTTP/1.1" 200 5981
180.164.1.25 - - [11/Jan/2024:09:09:21 +0800] "GET /xingrg/all/function/internal_message.html?_=1704935360598&CODE_STATE=getMsg HTTP/1.1" 200 27
180.164.1.25 - - [11/Jan/2024:09:09:21 +0800] "GET /xingrg/check_reg.html?_=1704935360599 HTTP/1.1" 200 22
116.232.193.168 - - [11/Jan/2024:09:09:23 +0800] "GET /xingrg/check_reg.html?_=1704935307749 HTTP/1.1" 200 22
222.69.135.213 - - [11/Jan/2024:09:09:26 +0800] "GET /xingrg/kc/base/wldb_order_info.html?code=422024011101061 HTTP/1.1" 200 26268
222.69.135.213 - - [11/Jan/2024:09:09:26 +0800] "GET /xingrg/javascript/easyui/themes/default/validatebox.css HTTP/1.1" 404 1104
222.69.135.213 - - [11/Jan/2024:09:09:26 +0800] "POST /xingrg/kc/base/wldb_order_operate.html HTTP/1.1" 200 4180
222.69.135.213 - - [11/Jan/2024:09:09:29 +0800] "GET /xingrg/kc/base/wldb_order_add.html HTTP/1.1" 200 30391
222.69.135.213 - - [11/Jan/2024:09:09:30 +0800] "POST /xingrg/kc/base/wldb_order_operate.html HTTP/1.1" 200 6806
222.69.135.213 - - [11/Jan/2024:09:09:30 +0800] "GET /xingrg/javascript/easyui/themes/default/validatebox.css HTTP/1.1" 404 1104
222.70.180.200 - - [11/Jan/2024:09:09:31 +0800] "GET /xingrg/all/function/internal_message.html?_=1704935369459&CODE_STATE=getMsg HTTP/1.1" 200 27
180.152.241.32 - - [11/Jan/2024:09:09:31 +0800] "GET /xingrg/all/function/internal_message.html?_=1704935371758&CODE_STATE=getMsg HTTP/1.1" 200 27
101.83.145.37 - - [11/Jan/2024:09:09:32 +0800] "GET /xingrg/kc/buy/cgsh_order_operate.html?command=get_materiel&rest_code=00105&code=00101008351&supplier_code=00100005&order_time=2024-01-11 HTTP/1.1" 200 428
101.83.145.37 - - [11/Jan/2024:09:09:33 +0800] "GET /xingrg/all/function/internal_message.html?_=1704935373433&CODE_STATE=getMsg HTTP/1.1" 200 27
124.77.240.112 - - [11/Jan/2024:09:09:33 +0800] "GET /xingrg/all/function/internal_message.html?_=1704935377473&CODE_STATE=getMsg HTTP/1.1" 200 27
114.95.241.104 - - [11/Jan/2024:09:09:33 +0800] "GET /xingrg/kc/buy/cgsh_order_operate.html?command=get_materiel&rest_code=00151&code=00101016104&supplier_code=00100096&order_time=2024-01-11 HTTP/1.1" 200 408
180.171.56.87 - - [11/Jan/2024:09:09:34 +0800] "GET /xingrg/all/function/internal_message.html?_=1704935379298&CODE_STATE=getMsg HTTP/1.1" 200 27
114.95.241.104 - - [11/Jan/2024:09:09:36 +0800] "GET /xingrg/check_reg.html?_=1704935375623 HTTP/1.1" 200 22
114.95.241.104 - - [11/Jan/2024:09:09:36 +0800] "GET /xingrg/all/function/internal_message.html?_=1704935375626&CODE_STATE=getMsg HTTP/1.1" 200 27
120.253.135.82 - - [11/Jan/2024:09:09:45 +0800] "GET /xingrg/check_reg.html?_=1704935205587 HTTP/1.1" 200 22
114.95.241.104 - - [11/Jan/2024:09:09:48 +0800] "GET /xingrg/kc/buy/cgsh_order_operate.html?command=get_materiel&rest_code=00151&code=00101006372&supplier_code=00100096&order_time=2024-01-11 HTTP/1.1" 200 423
222.69.135.213 - - [11/Jan/2024:09:09:49 +0800] "GET /xingrg/check_reg.html?_=1704935390571 HTTP/1.1" 200 22
222.69.135.213 - - [11/Jan/2024:09:09:49 +0800] "GET /xingrg/all/function/internal_message.html?_=1704935390603&CODE_STATE=getMsg HTTP/1.1" 200 27
221.239.172.206 - - [11/Jan/2024:09:09:49 +0800] "GET /xingrg/all/function/internal_message.html?_=1704935389479&CODE_STATE=getMsg HTTP/1.1" 200 27
101.83.145.37 - - [11/Jan/2024:09:09:52 +0800] "GET /xingrg/kc/buy/cgsh_order_operate.html?command=get_materiel&rest_code=00105&code=00101008186&supplier_code=00100005&order_time=2024-01-11 HTTP/1.1" 200 408
124.78.68.102 - - [11/Jan/2024:09:09:55 +0800] "GET /xingrg/all/function/internal_message.html?_=1704935395307&CODE_STATE=getMsg HTTP/1.1" 200 27
120.253.135.82 - - [11/Jan/2024:09:09:57 +0800] "GET /xingrg/all/function/internal_message.html?_=1704935217821&CODE_STATE=getMsg HTTP/1.1" 200 27
116.232.193.168 - - [11/Jan/2024:09:09:57 +0800] "GET /xingrg/all/function/internal_message.html?_=1704935342228&CODE_STATE=getMsg HTTP/1.1" 200 27
114.95.241.104 - - [11/Jan/2024:09:09:57 +0800] "GET /xingrg/check_reg.html?_=1704935397956 HTTP/1.1" 200 22
114.95.241.104 - - [11/Jan/2024:09:09:57 +0800] "GET /xingrg/all/function/internal_message.html?_=1704935397958&CODE_STATE=getMsg HTTP/1.1" 200 27
116.228.172.122 - - [11/Jan/2024:09:10:01 +0800] "GET /xingrg/all/function/internal_message.html?_=1704935309706&CODE_STATE=getMsg HTTP/1.1" 302 -
116.228.172.122 - - [11/Jan/2024:09:10:01 +0800] "GET /xingrg/check_reg.html?_=1704935309711 HTTP/1.1" 302 -
116.232.193.168 - - [11/Jan/2024:09:10:09 +0800] "GET /xingrg/all/function/internal_message.html?_=1704935353949&CODE_STATE=getMsg HTTP/1.1" 200 27
