180.164.1.25 - - [11/Jan/2024:08:54:45 +0800] "GET /xingrg/kc/buy/cgsh_order_operate.html?command=get_materiel&rest_code=00108&code=00101008356&supplier_code=00100007&order_time=2024-01-11 HTTP/1.1" 200 428
120.253.135.82 - - [11/Jan/2024:08:54:45 +0800] "GET /xingrg/check_reg.html?_=1704934305578 HTTP/1.1" 200 22
114.95.241.104 - - [11/Jan/2024:08:54:45 +0800] "POST /xingrg/kc/buy/cgsh_list_operate.html HTTP/1.1" 200 579
114.95.241.104 - - [11/Jan/2024:08:54:48 +0800] "GET /xingrg/kc/buy/cgsh_order_info.html?code=212024011104045 HTTP/1.1" 200 73002
114.95.241.104 - - [11/Jan/2024:08:54:49 +0800] "GET /xingrg/javascript/easyui/themes/default/validatebox.css HTTP/1.1" 404 1104
114.95.241.104 - - [11/Jan/2024:08:54:49 +0800] "GET /xingrg/all/common/auto_word.html?type=employee&rest_code=00150 HTTP/1.1" 200 159
114.95.241.104 - - [11/Jan/2024:08:54:49 +0800] "GET /xingrg/all/common/auto_word.html?type=employee&rest_code=00150 HTTP/1.1" 200 159
114.95.241.104 - - [11/Jan/2024:08:54:50 +0800] "POST /xingrg/kc/buy/cgsh_order_operate.html HTTP/1.1" 200 8001
221.239.172.206 - - [11/Jan/2024:08:54:50 +0800] "GET /xingrg/all/function/internal_message.html?_=1704934489744&CODE_STATE=getMsg HTTP/1.1" 200 27
101.83.145.37 - - [11/Jan/2024:08:54:52 +0800] "POST /xingrg/kc/buy/cgsh_list_operate.html HTTP/1.1" 200 6341
101.83.145.37 - - [11/Jan/2024:08:54:54 +0800] "POST /xingrg/kc/buy/cgsh_list_operate.html HTTP/1.1" 200 575
114.95.241.104 - - [11/Jan/2024:08:54:54 +0800] "GET /xingrg/javascript/auto/indicator.gif HTTP/1.1" 404 1066
124.78.68.102 - - [11/Jan/2024:08:54:55 +0800] "GET /xingrg/all/function/internal_message.html?_=1704934495571&CODE_STATE=getMsg HTTP/1.1" 200 27
180.152.241.32 - - [11/Jan/2024:08:54:57 +0800] "GET /xingrg/all/function/internal_message.html?_=1704934497265&CODE_STATE=getMsg HTTP/1.1" 200 27
120.253.135.82 - - [11/Jan/2024:08:54:57 +0800] "GET /xingrg/all/function/internal_message.html?_=1704934317093&CODE_STATE=getMsg HTTP/1.1" 200 27
114.95.241.104 - - [11/Jan/2024:08:54:57 +0800] "GET /xingrg/check_reg.html?_=1704934497950 HTTP/1.1" 200 22
114.95.241.104 - - [11/Jan/2024:08:54:57 +0800] "GET /xingrg/all/function/internal_message.html?_=1704934497951&CODE_STATE=getMsg HTTP/1.1" 200 27
101.83.145.37 - - [11/Jan/2024:08:54:58 +0800] "POST /xingrg/kc/buy/cgsh_list_operate.html HTTP/1.1" 200 566
116.232.193.168 - - [11/Jan/2024:08:54:58 +0800] "GET /xingrg/all/function/internal_message.html?_=1704934442490&CODE_STATE=getMsg HTTP/1.1" 200 27
180.164.1.25 - - [11/Jan/2024:08:54:58 +0800] "GET /xingrg/kc/buy/cgsh_order_operate.html?command=get_materiel&rest_code=00108&code=00101008286&supplier_code=00100007&order_time=2024-01-11 HTTP/1.1" 200 429
114.95.241.104 - - [11/Jan/2024:08:54:59 +0800] "GET /xingrg/kc/buy/cgsh_order_operate.html?command=get_materiel&rest_code=00150&code=00101007049&supplier_code=00100096&order_time=2024-01-11 HTTP/1.1" 200 409
116.228.172.122 - - [11/Jan/2024:08:55:01 +0800] "GET /xingrg/check_reg.html?_=1704934409717 HTTP/1.1" 302 -
116.228.172.122 - - [11/Jan/2024:08:55:01 +0800] "GET /xingrg/all/function/internal_message.html?_=1704934409724&CODE_STATE=getMsg HTTP/1.1" 302 -
101.83.145.37 - - [11/Jan/2024:08:55:04 +0800] "POST /xingrg/kc/buy/cgsh_list_operate.html HTTP/1.1" 200 440
180.164.1.25 - - [11/Jan/2024:08:55:05 +0800] "GET /xingrg/kc/buy/cgsh_order_operate.html?command=get_materiel&rest_code=00108&code=00101008230&supplier_code=00100007&order_time=2024-01-11 HTTP/1.1" 200 408
101.83.145.37 - - [11/Jan/2024:08:55:07 +0800] "POST /xingrg/kc/buy/cgsh_list_operate.html HTTP/1.1" 200 571
116.232.193.168 - - [11/Jan/2024:08:55:09 +0800] "GET /xingrg/all/function/internal_message.html?_=1704934454198&CODE_STATE=getMsg HTTP/1.1" 200 27
180.163.29.212 - - [11/Jan/2024:08:55:13 +0800] "GET /xingrg/all/function/internal_message.html?_=1704934452137&CODE_STATE=getMsg HTTP/1.1" 302 -
180.163.29.212 - - [11/Jan/2024:08:55:13 +0800] "GET /xingrg/login.html HTTP/1.1" 200 7641
124.78.154.219 - - [11/Jan/2024:08:55:13 +0800] "GET /xingrg/all/function/internal_message.html?_=1704934512107&CODE_STATE=getMsg HTTP/1.1" 200 27
124.78.154.219 - - [11/Jan/2024:08:55:13 +0800] "GET /xingrg/check_reg.html?_=1704934512239 HTTP/1.1" 200 22
101.83.145.37 - - [11/Jan/2024:08:55:15 +0800] "POST /xingrg/kc/buy/cgsh_list_operate.html HTTP/1.1" 200 2640
180.164.1.25 - - [11/Jan/2024:08:55:15 +0800] "GET /xingrg/kc/buy/cgsh_order_operate.html?command=get_materiel&rest_code=00108&code=00101008357&supplier_code=00100007&order_time=2024-01-11 HTTP/1.1" 200 408
58.40.7.146 - - [11/Jan/2024:08:55:16 +0800] "GET /xingrg/all/function/internal_message.html?_=1704934516843&CODE_STATE=getMsg HTTP/1.1" 200 27
101.83.145.37 - - [11/Jan/2024:08:55:17 +0800] "POST /xingrg/kc/buy/cgsh_list_operate.html HTTP/1.1" 200 506
101.83.145.37 - - [11/Jan/2024:08:55:18 +0800] "GET /xingrg/all/function/internal_message.html?_=1704934285369&CODE_STATE=getMsg HTTP/1.1" 200 27
180.164.1.25 - - [11/Jan/2024:08:55:18 +0800] "POST /xingrg/kc/buy/cgsh_order_operate.html HTTP/1.1" 200 2065
180.164.1.25 - - [11/Jan/2024:08:55:21 +0800] "GET /xingrg/all/function/internal_message.html?_=1704934520599&CODE_STATE=getMsg HTTP/1.1" 200 27
101.83.145.37 - - [11/Jan/2024:08:55:21 +0800] "POST /xingrg/kc/buy/cgsh_list_operate.html HTTP/1.1" 200 591
180.164.1.25 - - [11/Jan/2024:08:55:24 +0800] "GET /xingrg/kc/buy/cgsh_order_operate.html?command=get_materiel&rest_code=00108&code=00101004103&supplier_code=00100007&order_time=2024-01-11 HTTP/1.1" 200 413
101.83.145.37 - - [11/Jan/2024:08:55:29 +0800] "POST /xingrg/kc/buy/cgsh_list_operate.html HTTP/1.1" 200 6343
222.70.180.200 - - [11/Jan/2024:08:55:31 +0800] "GET /xingrg/check_reg.html?_=1704934529458 HTTP/1.1" 200 22
222.70.180.200 - - [11/Jan/2024:08:55:31 +0800] "GET /xingrg/all/function/internal_message.html?_=1704934529461&CODE_STATE=getMsg HTTP/1.1" 200 27
124.77.240.112 - - [11/Jan/2024:08:55:32 +0800] "GET /xingrg/all/function/internal_message.html?_=1704934536826&CODE_STATE=getMsg HTTP/1.1" 200 27
101.83.145.37 - - [11/Jan/2024:08:55:33 +0800] "GET /xingrg/all/function/internal_message.html?_=1704934533432&CODE_STATE=getMsg HTTP/1.1" 200 27
101.83.145.37 - - [11/Jan/2024:08:55:33 +0800] "POST /xingrg/kc/buy/cgsh_list_operate.html HTTP/1.1" 200 564
180.171.56.87 - - [11/Jan/2024:08:55:34 +0800] "GET /xingrg/all/function/internal_message.html?_=1704934539282&CODE_STATE=getMsg HTTP/1.1" 200 27
180.171.56.87 - - [11/Jan/2024:08:55:34 +0800] "GET /xingrg/check_reg.html?_=1704934539287 HTTP/1.1" 200 22
114.95.241.104 - - [11/Jan/2024:08:55:34 +0800] "GET /xingrg/all/function/internal_message.html?_=1704934534250&CODE_STATE=getMsg HTTP/1.1" 200 27
180.164.1.25 - - [11/Jan/2024:08:55:37 +0800] "GET /xingrg/kc/buy/cgsh_order_operate.html?command=get_materiel&rest_code=00108&code=00101008038&supplier_code=00100007&order_time=2024-01-11 HTTP/1.1" 200 412
101.83.145.37 - - [11/Jan/2024:08:55:38 +0800] "POST /xingrg/kc/buy/cgsh_list_operate.html HTTP/1.1" 200 573
101.83.145.37 - - [11/Jan/2024:08:55:43 +0800] "POST /xingrg/kc/buy/cgsh_list_operate.html HTTP/1.1" 200 580
180.164.1.25 - - [11/Jan/2024:08:55:45 +0800] "GET /xingrg/kc/buy/cgsh_order_operate.html?command=get_materiel&rest_code=00108&code=00101008213&supplier_code=00100007&order_time=2024-01-11 HTTP/1.1" 200 412
101.83.145.37 - - [11/Jan/2024:08:55:47 +0800] "POST /xingrg/kc/buy/cgsh_list_operate.html HTTP/1.1" 200 574
221.239.172.206 - - [11/Jan/2024:08:55:50 +0800] "GET /xingrg/all/function/internal_message.html?_=1704934549731&CODE_STATE=getMsg HTTP/1.1" 200 27
101.83.145.37 - - [11/Jan/2024:08:55:51 +0800] "POST /xingrg/kc/buy/cgsh_list_operate.html HTTP/1.1" 200 581
180.164.1.25 - - [11/Jan/2024:08:55:54 +0800] "GET /xingrg/kc/buy/cgsh_order_operate.html?command=get_materiel&rest_code=00108&code=00101008271&supplier_code=00100007&order_time=2024-01-11 HTTP/1.1" 200 408
124.78.68.102 - - [11/Jan/2024:08:55:55 +0800] "GET /xingrg/all/function/internal_message.html?_=1704934555553&CODE_STATE=getMsg HTTP/1.1" 200 27
180.152.241.32 - - [11/Jan/2024:08:55:57 +0800] "GET /xingrg/all/function/internal_message.html?_=1704934557262&CODE_STATE=getMsg HTTP/1.1" 200 27
120.253.135.82 - - [11/Jan/2024:08:55:57 +0800] "GET /xingrg/all/function/internal_message.html?_=1704934377108&CODE_STATE=getMsg HTTP/1.1" 200 27
114.95.241.104 - - [11/Jan/2024:08:55:57 +0800] "GET /xingrg/all/function/internal_message.html?_=1704934557937&CODE_STATE=getMsg HTTP/1.1" 200 27
116.232.193.168 - - [11/Jan/2024:08:55:58 +0800] "GET /xingrg/all/function/internal_message.html?_=1704934502479&CODE_STATE=getMsg HTTP/1.1" 200 27
101.83.145.37 - - [11/Jan/2024:08:55:58 +0800] "GET /xingrg/kc/buy/cgsh_order_info.html?code=212023120702273 HTTP/1.1" 200 67938
101.83.145.37 - - [11/Jan/2024:08:55:58 +0800] "GET /xingrg/javascript/easyui/themes/default/validatebox.css HTTP/1.1" 404 1104
101.83.145.37 - - [11/Jan/2024:08:56:00 +0800] "POST /xingrg/kc/buy/cgsh_order_operate.html HTTP/1.1" 200 4758
116.228.172.122 - - [11/Jan/2024:08:56:01 +0800] "GET /xingrg/all/function/internal_message.html?_=1704934469725&CODE_STATE=getMsg HTTP/1.1" 302 -
180.164.1.25 - - [11/Jan/2024:08:56:01 +0800] "GET /xingrg/kc/buy/cgsh_order_operate.html?command=get_materiel&rest_code=00108&code=00101008288&supplier_code=00100007&order_time=2024-01-11 HTTP/1.1" 200 408
116.232.193.168 - - [11/Jan/2024:08:56:09 +0800] "GET /xingrg/all/function/internal_message.html?_=1704934514185&CODE_STATE=getMsg HTTP/1.1" 200 27
180.164.1.25 - - [11/Jan/2024:08:56:09 +0800] "GET /xingrg/kc/buy/cgsh_order_operate.html?command=get_materiel&rest_code=00108&code=00101008069&supplier_code=00100007&order_time=2024-01-11 HTTP/1.1" 200 412
124.78.154.219 - - [11/Jan/2024:08:56:13 +0800] "GET /xingrg/all/function/internal_message.html?_=1704934572084&CODE_STATE=getMsg HTTP/1.1" 200 27
58.40.7.146 - - [11/Jan/2024:08:56:16 +0800] "GET /xingrg/all/function/internal_message.html?_=1704934576847&CODE_STATE=getMsg HTTP/1.1" 200 27
101.83.145.37 - - [11/Jan/2024:08:56:18 +0800] "GET /xingrg/all/function/internal_message.html?_=1704934345375&CODE_STATE=getMsg HTTP/1.1" 200 27
116.232.193.168 - - [11/Jan/2024:08:56:18 +0800] "GET /xingrg/check_reg.html?_=1704934522963 HTTP/1.1" 200 22
180.164.1.25 - - [11/Jan/2024:08:56:20 +0800] "GET /xingrg/kc/buy/cgsh_order_operate.html?command=get_materiel&rest_code=00108&code=00101008131&supplier_code=00100007&order_time=2024-01-11 HTTP/1.1" 200 408
180.164.1.25 - - [11/Jan/2024:08:56:21 +0800] "GET /xingrg/all/function/internal_message.html?_=1704934580602&CODE_STATE=getMsg HTTP/1.1" 200 27
180.164.1.25 - - [11/Jan/2024:08:56:23 +0800] "POST /xingrg/kc/buy/cgsh_order_operate.html HTTP/1.1" 200 2065
180.164.1.25 - - [11/Jan/2024:08:56:29 +0800] "GET /xingrg/kc/buy/cgsh_order_operate.html?command=get_materiel&rest_code=00108&code=00101008353&supplier_code=00100007&order_time=2024-01-11 HTTP/1.1" 200 429
180.152.241.32 - - [11/Jan/2024:08:56:30 +0800] "GET /xingrg/kc/buy/cgsh_order_operate.html?command=get_materiel&rest_code=00102&code=00101008131&supplier_code=00100008&order_time=2024-01-11 HTTP/1.1" 200 408
222.70.180.200 - - [11/Jan/2024:08:56:31 +0800] "GET /xingrg/all/function/internal_message.html?_=1704934589455&CODE_STATE=getMsg HTTP/1.1" 200 27
124.77.240.112 - - [11/Jan/2024:08:56:32 +0800] "GET /xingrg/all/function/internal_message.html?_=1704934596830&CODE_STATE=getMsg HTTP/1.1" 200 27
101.83.145.37 - - [11/Jan/2024:08:56:33 +0800] "GET /xingrg/all/function/internal_message.html?_=1704934593437&CODE_STATE=getMsg HTTP/1.1" 200 27
101.83.145.37 - - [11/Jan/2024:08:56:33 +0800] "GET /xingrg/check_reg.html?_=1704934593442 HTTP/1.1" 200 22
221.239.172.206 - - [11/Jan/2024:08:56:33 +0800] "GET /xingrg/check_reg.html?_=1704934593124 HTTP/1.1" 200 22
180.171.56.87 - - [11/Jan/2024:08:56:34 +0800] "GET /xingrg/all/function/internal_message.html?_=1704934599290&CODE_STATE=getMsg HTTP/1.1" 200 27
114.95.241.104 - - [11/Jan/2024:08:56:34 +0800] "GET /xingrg/all/function/internal_message.html?_=1704934594240&CODE_STATE=getMsg HTTP/1.1" 200 27
180.164.1.25 - - [11/Jan/2024:08:56:38 +0800] "GET /xingrg/kc/buy/cgsh_order_operate.html?command=get_materiel&rest_code=00108&code=00101008137&supplier_code=00100007&order_time=2024-01-11 HTTP/1.1" 200 408
180.152.241.32 - - [11/Jan/2024:08:56:39 +0800] "GET /xingrg/kc/buy/cgsh_order_operate.html?command=get_materiel&rest_code=00102&code=00101008352&supplier_code=00100008&order_time=2024-01-11 HTTP/1.1" 200 412
180.152.241.32 - - [11/Jan/2024:08:56:48 +0800] "GET /xingrg/kc/buy/cgsh_order_operate.html?command=get_materiel&rest_code=00102&code=00101008098&supplier_code=00100008&order_time=2024-01-11 HTTP/1.1" 200 412
221.239.172.206 - - [11/Jan/2024:08:56:50 +0800] "GET /xingrg/all/function/internal_message.html?_=1704934609715&CODE_STATE=getMsg HTTP/1.1" 200 27
180.164.1.25 - - [11/Jan/2024:08:56:55 +0800] "GET /xingrg/kc/buy/cgsh_order_operate.html?command=get_materiel&rest_code=00108&code=00101009030&supplier_code=00100007&order_time=2024-01-11 HTTP/1.1" 200 412
124.78.68.102 - - [11/Jan/2024:08:56:55 +0800] "GET /xingrg/all/function/internal_message.html?_=1704934615529&CODE_STATE=getMsg HTTP/1.1" 200 27
180.152.241.32 - - [11/Jan/2024:08:56:57 +0800] "GET /xingrg/all/function/internal_message.html?_=1704934617261&CODE_STATE=getMsg HTTP/1.1" 200 27
120.253.135.82 - - [11/Jan/2024:08:56:57 +0800] "GET /xingrg/all/function/internal_message.html?_=1704934437201&CODE_STATE=getMsg HTTP/1.1" 200 27
114.95.241.104 - - [11/Jan/2024:08:56:57 +0800] "GET /xingrg/all/function/internal_message.html?_=1704934617953&CODE_STATE=getMsg HTTP/1.1" 200 27
116.232.193.168 - - [11/Jan/2024:08:56:58 +0800] "GET /xingrg/all/function/internal_message.html?_=1704934562455&CODE_STATE=getMsg HTTP/1.1" 200 27
180.152.241.32 - - [11/Jan/2024:08:57:00 +0800] "GET /xingrg/kc/buy/cgsh_order_operate.html?command=get_materiel&rest_code=00102&code=00101008005&supplier_code=00100008&order_time=2024-01-11 HTTP/1.1" 200 433
116.228.172.122 - - [11/Jan/2024:08:57:01 +0800] "GET /xingrg/all/function/internal_message.html?_=1704934529706&CODE_STATE=getMsg HTTP/1.1" 302 -
180.152.241.32 - - [11/Jan/2024:08:57:02 +0800] "POST /xingrg/kc/buy/cgsh_order_operate.html HTTP/1.1" 200 2065
180.152.241.32 - - [11/Jan/2024:08:57:09 +0800] "GET /xingrg/kc/buy/cgsh_order_operate.html?command=get_materiel&rest_code=00102&code=00101008353&supplier_code=00100008&order_time=2024-01-11 HTTP/1.1" 200 429
116.232.193.168 - - [11/Jan/2024:08:57:09 +0800] "GET /xingrg/all/function/internal_message.html?_=1704934574160&CODE_STATE=getMsg HTTP/1.1" 200 27
114.95.241.104 - - [11/Jan/2024:08:57:13 +0800] "POST /xingrg/kc/buy/cgsh_order_operate.html HTTP/1.1" 200 37
124.78.154.219 - - [11/Jan/2024:08:57:13 +0800] "GET /xingrg/all/function/internal_message.html?_=1704934632054&CODE_STATE=getMsg HTTP/1.1" 200 27
180.164.1.25 - - [11/Jan/2024:08:57:15 +0800] "GET /xingrg/kc/buy/cgsh_order_operate.html?command=get_materiel&rest_code=00108&code=00101020138&supplier_code=00100007&order_time=2024-01-11 HTTP/1.1" 200 426
58.40.7.146 - - [11/Jan/2024:08:57:16 +0800] "GET /xingrg/all/function/internal_message.html?_=1704934636851&CODE_STATE=getMsg HTTP/1.1" 200 27
180.152.241.32 - - [11/Jan/2024:08:57:17 +0800] "GET /xingrg/kc/buy/cgsh_order_operate.html?command=get_materiel&rest_code=00102&code=00101008213&supplier_code=00100008&order_time=2024-01-11 HTTP/1.1" 200 412
101.83.145.37 - - [11/Jan/2024:08:57:18 +0800] "GET /xingrg/all/function/internal_message.html?_=1704934405370&CODE_STATE=getMsg HTTP/1.1" 200 27
101.83.145.37 - - [11/Jan/2024:08:57:18 +0800] "GET /xingrg/check_reg.html?_=1704934405373 HTTP/1.1" 200 22
114.95.241.104 - - [11/Jan/2024:08:57:20 +0800] "POST /xingrg/kc/buy/cgsh_order_operate.html HTTP/1.1" 200 12
180.164.1.25 - - [11/Jan/2024:08:57:21 +0800] "GET /xingrg/all/function/internal_message.html?_=1704934640599&CODE_STATE=getMsg HTTP/1.1" 200 27
114.95.241.104 - - [11/Jan/2024:08:57:22 +0800] "GET /xingrg/kc/buy/cgsh_order_info.html?code=212024011104045 HTTP/1.1" 200 67906
114.95.241.104 - - [11/Jan/2024:08:57:23 +0800] "GET /xingrg/javascript/easyui/themes/default/validatebox.css HTTP/1.1" 404 1104
180.164.1.25 - - [11/Jan/2024:08:57:23 +0800] "GET /xingrg/kc/buy/cgsh_order_operate.html?command=get_materiel&rest_code=00108&code=00101009113&supplier_code=00100007&order_time=2024-01-11 HTTP/1.1" 200 413
114.95.241.104 - - [11/Jan/2024:08:57:24 +0800] "POST /xingrg/kc/buy/cgsh_order_operate.html HTTP/1.1" 200 6540
124.78.68.102 - - [11/Jan/2024:08:57:24 +0800] "GET /xingrg/check_reg.html?_=1704934644210 HTTP/1.1" 200 22
180.152.241.32 - - [11/Jan/2024:08:57:26 +0800] "GET /xingrg/kc/buy/cgsh_order_operate.html?command=get_materiel&rest_code=00102&code=00101008291&supplier_code=00100008&order_time=2024-01-11 HTTP/1.1" 200 408
114.95.241.104 - - [11/Jan/2024:08:57:27 +0800] "GET /xingrg/kc/print/load_config.html?kc_code=cgsh HTTP/1.1" 200 1927
180.164.1.25 - - [11/Jan/2024:08:57:27 +0800] "POST /xingrg/kc/buy/cgsh_order_operate.html HTTP/1.1" 200 2065
114.95.241.104 - - [11/Jan/2024:08:57:28 +0800] "GET /xingrg/kc/print/load_data.html?order_code=212024011104045&kc_code=cgsh&condition= HTTP/1.1" 200 2973
222.70.180.200 - - [11/Jan/2024:08:57:31 +0800] "GET /xingrg/all/function/internal_message.html?_=1704934649460&CODE_STATE=getMsg HTTP/1.1" 200 27
124.77.240.112 - - [11/Jan/2024:08:57:32 +0800] "GET /xingrg/all/function/internal_message.html?_=1704934656948&CODE_STATE=getMsg HTTP/1.1" 200 27
101.83.145.37 - - [11/Jan/2024:08:57:33 +0800] "GET /xingrg/all/function/internal_message.html?_=1704934653427&CODE_STATE=getMsg HTTP/1.1" 200 27
180.171.56.87 - - [11/Jan/2024:08:57:34 +0800] "GET /xingrg/all/function/internal_message.html?_=1704934659292&CODE_STATE=getMsg HTTP/1.1" 200 27
114.95.241.104 - - [11/Jan/2024:08:57:34 +0800] "GET /xingrg/all/function/internal_message.html?_=1704934654235&CODE_STATE=getMsg HTTP/1.1" 200 27
180.164.1.25 - - [11/Jan/2024:08:57:36 +0800] "GET /xingrg/kc/buy/cgsh_order_operate.html?command=get_materiel&rest_code=00108&code=00101009051&supplier_code=00100007&order_time=2024-01-11 HTTP/1.1" 200 408
221.239.172.206 - - [11/Jan/2024:08:57:50 +0800] "GET /xingrg/all/function/internal_message.html?_=1704934669689&CODE_STATE=getMsg HTTP/1.1" 200 27
180.164.1.25 - - [11/Jan/2024:08:57:51 +0800] "POST /xingrg/kc/buy/cgsh_order_operate.html HTTP/1.1" 200 37
180.152.241.32 - - [11/Jan/2024:08:57:53 +0800] "GET /xingrg/kc/buy/cgsh_order_operate.html?command=get_materiel&rest_code=00102&code=00101008478&supplier_code=00100008&order_time=2024-01-11 HTTP/1.1" 200 23
124.78.68.102 - - [11/Jan/2024:08:57:55 +0800] "GET /xingrg/all/function/internal_message.html?_=1704934675534&CODE_STATE=getMsg HTTP/1.1" 200 27
180.152.241.32 - - [11/Jan/2024:08:57:57 +0800] "GET /xingrg/check_reg.html?_=1704934677289 HTTP/1.1" 200 22
180.152.241.32 - - [11/Jan/2024:08:57:57 +0800] "GET /xingrg/all/function/internal_message.html?_=1704934677292&CODE_STATE=getMsg HTTP/1.1" 200 27
120.253.135.82 - - [11/Jan/2024:08:57:57 +0800] "GET /xingrg/all/function/internal_message.html?_=1704934497213&CODE_STATE=getMsg HTTP/1.1" 200 27
114.95.241.104 - - [11/Jan/2024:08:57:57 +0800] "GET /xingrg/all/function/internal_message.html?_=1704934677950&CODE_STATE=getMsg HTTP/1.1" 200 27
116.232.193.168 - - [11/Jan/2024:08:57:58 +0800] "GET /xingrg/all/function/internal_message.html?_=1704934622454&CODE_STATE=getMsg HTTP/1.1" 200 27
180.164.1.25 - - [11/Jan/2024:08:57:59 +0800] "POST /xingrg/kc/buy/cgsh_order_operate.html HTTP/1.1" 200 35174
116.228.172.122 - - [11/Jan/2024:08:58:01 +0800] "GET /xingrg/all/function/internal_message.html?_=1704934589700&CODE_STATE=getMsg HTTP/1.1" 302 -
180.152.241.32 - - [11/Jan/2024:08:58:06 +0800] "POST /xingrg/kc/buy/cgsh_order_operate.html HTTP/1.1" 200 37
180.152.241.32 - - [11/Jan/2024:08:58:08 +0800] "POST /xingrg/kc/buy/cgsh_order_operate.html HTTP/1.1" 200 20970
116.232.193.168 - - [11/Jan/2024:08:58:09 +0800] "GET /xingrg/all/function/internal_message.html?_=1704934634138&CODE_STATE=getMsg HTTP/1.1" 200 27
101.83.145.37 - - [11/Jan/2024:08:58:09 +0800] "POST /xingrg/kc/buy/cgsh_list_operate.html HTTP/1.1" 200 6343
101.83.145.37 - - [11/Jan/2024:08:58:11 +0800] "POST /xingrg/kc/buy/cgsh_list_operate.html HTTP/1.1" 200 591
124.78.154.219 - - [11/Jan/2024:08:58:13 +0800] "GET /xingrg/all/function/internal_message.html?_=1704934692026&CODE_STATE=getMsg HTTP/1.1" 200 27
101.83.145.37 - - [11/Jan/2024:08:58:14 +0800] "POST /xingrg/kc/buy/cgsh_list_operate.html HTTP/1.1" 200 592
58.40.7.146 - - [11/Jan/2024:08:58:16 +0800] "GET /xingrg/check_reg.html?_=1704934696837 HTTP/1.1" 200 22
58.40.7.146 - - [11/Jan/2024:08:58:16 +0800] "GET /xingrg/all/function/internal_message.html?_=1704934696839&CODE_STATE=getMsg HTTP/1.1" 200 27
101.83.145.37 - - [11/Jan/2024:08:58:18 +0800] "POST /xingrg/kc/buy/cgsh_list_operate.html HTTP/1.1" 200 567
101.83.145.37 - - [11/Jan/2024:08:58:18 +0800] "GET /xingrg/all/function/internal_message.html?_=1704934465383&CODE_STATE=getMsg HTTP/1.1" 200 27
124.77.240.112 - - [11/Jan/2024:08:58:20 +0800] "GET /xingrg/check_reg.html?_=1704934704457 HTTP/1.1" 200 22
180.164.1.25 - - [11/Jan/2024:08:58:21 +0800] "GET /xingrg/all/function/internal_message.html?_=1704934700600&CODE_STATE=getMsg HTTP/1.1" 200 27
101.83.145.37 - - [11/Jan/2024:08:58:22 +0800] "POST /xingrg/kc/buy/cgsh_list_operate.html HTTP/1.1" 200 569
180.152.241.32 - - [11/Jan/2024:08:58:25 +0800] "GET /xingrg/login.html HTTP/1.1" 200 7641
180.152.241.32 - - [11/Jan/2024:08:58:25 +0800] "GET /favicon.ico HTTP/1.1" 404 -
101.83.145.37 - - [11/Jan/2024:08:58:25 +0800] "POST /xingrg/kc/buy/cgsh_list_operate.html HTTP/1.1" 200 565
222.70.180.200 - - [11/Jan/2024:08:58:31 +0800] "GET /xingrg/all/function/internal_message.html?_=1704934709458&CODE_STATE=getMsg HTTP/1.1" 200 27
180.152.241.32 - - [11/Jan/2024:08:58:31 +0800] "POST /xingrg/login.do HTTP/1.1" 302 -
180.152.241.32 - - [11/Jan/2024:08:58:31 +0800] "GET /xingrg/index.html?sysBaseUrl=http%3A%2F%2F180.169.147.146%3A18081%2Fxingrg%2F&costTime=809×tamp=1704934711208 HTTP/1.1" 200 17173
180.152.241.32 - - [11/Jan/2024:08:58:31 +0800] "GET /favicon.ico HTTP/1.1" 404 -
180.152.241.32 - - [11/Jan/2024:08:58:31 +0800] "GET /xingrg/all/function/internal_message.html?_=1704934711751&CODE_STATE=count HTTP/1.1" 200 11
180.152.241.32 - - [11/Jan/2024:08:58:31 +0800] "GET /xingrg/check_reg.html?_=1704934711751 HTTP/1.1" 200 22
180.152.241.32 - - [11/Jan/2024:08:58:31 +0800] "POST /xingrg/all/common/load_tree.html?tree=area_rest_tree_json&manage=1 HTTP/1.1" 200 342
180.152.241.32 - - [11/Jan/2024:08:58:31 +0800] "POST /xingrg/load_menu.html HTTP/1.1" 200 5138
124.77.240.112 - - [11/Jan/2024:08:58:32 +0800] "GET /xingrg/all/function/internal_message.html?_=1704934716951&CODE_STATE=getMsg HTTP/1.1" 200 27
101.83.145.37 - - [11/Jan/2024:08:58:33 +0800] "GET /xingrg/all/function/internal_message.html?_=1704934713425&CODE_STATE=getMsg HTTP/1.1" 200 27
180.152.241.32 - - [11/Jan/2024:08:58:34 +0800] "GET /xingrg/kc/buy/cgsh_order_list.html HTTP/1.1" 200 57165
180.171.56.87 - - [11/Jan/2024:08:58:34 +0800] "GET /xingrg/all/function/internal_message.html?_=1704934719293&CODE_STATE=getMsg HTTP/1.1" 200 27
114.95.241.104 - - [11/Jan/2024:08:58:34 +0800] "GET /xingrg/all/function/internal_message.html?_=1704934714245&CODE_STATE=getMsg HTTP/1.1" 200 27
180.152.241.32 - - [11/Jan/2024:08:58:38 +0800] "POST /xingrg/kc/buy/cgsh_list_operate.html HTTP/1.1" 200 1851
180.152.241.32 - - [11/Jan/2024:08:58:40 +0800] "POST /xingrg/kc/buy/cgsh_list_operate.html HTTP/1.1" 200 570
180.152.241.32 - - [11/Jan/2024:08:58:42 +0800] "GET /xingrg/kc/buy/cgsh_order_info.html?code=212024011104046 HTTP/1.1" 200 72991
180.152.241.32 - - [11/Jan/2024:08:58:42 +0800] "GET /xingrg/javascript/easyui/themes/default/validatebox.css HTTP/1.1" 404 1104
180.152.241.32 - - [11/Jan/2024:08:58:42 +0800] "GET /xingrg/all/common/auto_word.html?type=employee&rest_code=00102 HTTP/1.1" 200 189
180.152.241.32 - - [11/Jan/2024:08:58:42 +0800] "GET /xingrg/all/common/auto_word.html?type=employee&rest_code=00102 HTTP/1.1" 200 189
180.152.241.32 - - [11/Jan/2024:08:58:43 +0800] "POST /xingrg/kc/buy/cgsh_order_operate.html HTTP/1.1" 200 20970
180.152.241.32 - - [11/Jan/2024:08:58:46 +0800] "GET /xingrg/javascript/auto/indicator.gif HTTP/1.1" 404 1066
221.239.172.206 - - [11/Jan/2024:08:58:50 +0800] "GET /xingrg/all/function/internal_message.html?_=1704934729706&CODE_STATE=getMsg HTTP/1.1" 200 27
180.152.241.32 - - [11/Jan/2024:08:58:52 +0800] "GET /xingrg/kc/buy/cgsh_order_operate.html?command=get_materiel&rest_code=00102&code=00101008478&supplier_code=00100008&order_time=2024-01-11 HTTP/1.1" 200 412
124.78.68.102 - - [11/Jan/2024:08:58:55 +0800] "GET /xingrg/all/function/internal_message.html?_=1704934735520&CODE_STATE=getMsg HTTP/1.1" 200 27
120.253.135.82 - - [11/Jan/2024:08:58:57 +0800] "GET /xingrg/all/function/internal_message.html?_=1704934557346&CODE_STATE=getMsg HTTP/1.1" 200 27
114.95.241.104 - - [11/Jan/2024:08:58:57 +0800] "GET /xingrg/all/function/internal_message.html?_=1704934737951&CODE_STATE=getMsg HTTP/1.1" 200 27
116.232.193.168 - - [11/Jan/2024:08:58:58 +0800] "GET /xingrg/all/function/internal_message.html?_=1704934682430&CODE_STATE=getMsg HTTP/1.1" 200 27
116.228.172.122 - - [11/Jan/2024:08:59:01 +0800] "GET /xingrg/all/function/internal_message.html?_=1704934649719&CODE_STATE=getMsg HTTP/1.1" 302 -
180.152.241.32 - - [11/Jan/2024:08:59:04 +0800] "GET /xingrg/kc/buy/cgsh_order_operate.html?command=get_materiel&rest_code=00102&code=00101013222&supplier_code=00100008&order_time=2024-01-11 HTTP/1.1" 200 409
116.232.193.168 - - [11/Jan/2024:08:59:09 +0800] "GET /xingrg/all/function/internal_message.html?_=1704934694115&CODE_STATE=getMsg HTTP/1.1" 200 27
124.78.154.219 - - [11/Jan/2024:08:59:13 +0800] "GET /xingrg/all/function/internal_message.html?_=1704934751997&CODE_STATE=getMsg HTTP/1.1" 200 27
58.40.7.146 - - [11/Jan/2024:08:59:16 +0800] "GET /xingrg/all/function/internal_message.html?_=1704934756839&CODE_STATE=getMsg HTTP/1.1" 200 27
101.83.145.37 - - [11/Jan/2024:08:59:18 +0800] "GET /xingrg/all/function/internal_message.html?_=1704934525380&CODE_STATE=getMsg HTTP/1.1" 200 27
180.152.241.32 - - [11/Jan/2024:08:59:18 +0800] "GET /xingrg/kc/buy/cgsh_order_operate.html?command=get_materiel&rest_code=00102&code=00101008242&supplier_code=00100008&order_time=2024-01-11 HTTP/1.1" 200 408
180.164.1.25 - - [11/Jan/2024:08:59:21 +0800] "GET /xingrg/check_reg.html?_=1704934760615 HTTP/1.1" 200 22
180.164.1.25 - - [11/Jan/2024:08:59:21 +0800] "GET /xingrg/all/function/internal_message.html?_=1704934760619&CODE_STATE=getMsg HTTP/1.1" 200 27
116.232.193.168 - - [11/Jan/2024:08:59:23 +0800] "GET /xingrg/check_reg.html?_=1704934707784 HTTP/1.1" 200 22
180.152.241.32 - - [11/Jan/2024:08:59:28 +0800] "GET /xingrg/kc/buy/cgsh_order_operate.html?command=get_materiel&rest_code=00102&code=00101008042&supplier_code=00100008&order_time=2024-01-11 HTTP/1.1" 200 416
222.70.180.200 - - [11/Jan/2024:08:59:31 +0800] "GET /xingrg/all/function/internal_message.html?_=1704934769460&CODE_STATE=getMsg HTTP/1.1" 200 27
180.152.241.32 - - [11/Jan/2024:08:59:31 +0800] "GET /xingrg/all/function/internal_message.html?_=1704934771767&CODE_STATE=getMsg HTTP/1.1" 200 27
124.77.240.112 - - [11/Jan/2024:08:59:32 +0800] "GET /xingrg/all/function/internal_message.html?_=1704934776963&CODE_STATE=getMsg HTTP/1.1" 200 27
101.83.145.37 - - [11/Jan/2024:08:59:33 +0800] "GET /xingrg/all/function/internal_message.html?_=1704934773429&CODE_STATE=getMsg HTTP/1.1" 200 27
180.171.56.87 - - [11/Jan/2024:08:59:34 +0800] "GET /xingrg/all/function/internal_message.html?_=1704934779294&CODE_STATE=getMsg HTTP/1.1" 200 27
114.95.241.104 - - [11/Jan/2024:08:59:34 +0800] "GET /xingrg/check_reg.html?_=1704934774244 HTTP/1.1" 200 22
114.95.241.104 - - [11/Jan/2024:08:59:34 +0800] "GET /xingrg/all/function/internal_message.html?_=1704934774247&CODE_STATE=getMsg HTTP/1.1" 200 27
101.83.145.37 - - [11/Jan/2024:08:59:37 +0800] "GET /xingrg/kc/buy/cgsh_order_add.html HTTP/1.1" 200 73029
101.83.145.37 - - [11/Jan/2024:08:59:38 +0800] "POST /xingrg/kc/buy/cgsh_order_operate.html HTTP/1.1" 200 8245
101.83.145.37 - - [11/Jan/2024:08:59:38 +0800] "GET /xingrg/javascript/easyui/themes/default/validatebox.css HTTP/1.1" 404 1104
180.152.241.32 - - [11/Jan/2024:08:59:42 +0800] "POST /xingrg/kc/buy/cgsh_order_operate.html HTTP/1.1" 200 37
180.152.241.32 - - [11/Jan/2024:08:59:45 +0800] "POST /xingrg/kc/buy/cgsh_order_operate.html HTTP/1.1" 200 23334
120.253.135.82 - - [11/Jan/2024:08:59:45 +0800] "GET /xingrg/check_reg.html?_=1704934605577 HTTP/1.1" 200 22
222.69.135.213 - - [11/Jan/2024:08:59:45 +0800] "GET /xingrg/login.html HTTP/1.1" 200 7641
222.69.135.213 - - [11/Jan/2024:08:59:46 +0800] "GET /favicon.ico HTTP/1.1" 404 -
222.69.135.213 - - [11/Jan/2024:08:59:48 +0800] "POST /xingrg/login.do HTTP/1.1" 302 -
222.69.135.213 - - [11/Jan/2024:08:59:48 +0800] "GET /xingrg/index.html?sysBaseUrl=http%3A%2F%2F180.169.147.146%3A18081%2Fxingrg%2F&costTime=815×tamp=1704934788859 HTTP/1.1" 200 17179
222.69.135.213 - - [11/Jan/2024:08:59:49 +0800] "GET /favicon.ico HTTP/1.1" 404 -
222.69.135.213 - - [11/Jan/2024:08:59:49 +0800] "GET /xingrg/all/function/internal_message.html?_=1704934790557&CODE_STATE=count HTTP/1.1" 200 11
222.69.135.213 - - [11/Jan/2024:08:59:49 +0800] "POST /xingrg/all/common/load_tree.html?tree=area_rest_tree_json&manage=1 HTTP/1.1" 200 351
222.69.135.213 - - [11/Jan/2024:08:59:49 +0800] "GET /xingrg/check_reg.html?_=1704934790557 HTTP/1.1" 200 22
222.69.135.213 - - [11/Jan/2024:08:59:49 +0800] "POST /xingrg/load_menu.html HTTP/1.1" 200 5138
221.239.172.206 - - [11/Jan/2024:08:59:50 +0800] "GET /xingrg/all/function/internal_message.html?_=1704934789676&CODE_STATE=getMsg HTTP/1.1" 200 27
124.78.68.102 - - [11/Jan/2024:08:59:55 +0800] "GET /xingrg/all/function/internal_message.html?_=1704934795499&CODE_STATE=getMsg HTTP/1.1" 200 27
120.253.135.82 - - [11/Jan/2024:08:59:57 +0800] "GET /xingrg/all/function/internal_message.html?_=1704934617351&CODE_STATE=getMsg HTTP/1.1" 200 27
114.95.241.104 - - [11/Jan/2024:08:59:57 +0800] "GET /xingrg/check_reg.html?_=1704934797947 HTTP/1.1" 200 22
114.95.241.104 - - [11/Jan/2024:08:59:57 +0800] "GET /xingrg/all/function/internal_message.html?_=1704934797949&CODE_STATE=getMsg HTTP/1.1" 200 27
116.232.193.168 - - [11/Jan/2024:08:59:58 +0800] "GET /xingrg/all/function/internal_message.html?_=1704934742405&CODE_STATE=getMsg HTTP/1.1" 200 27
116.228.172.122 - - [11/Jan/2024:09:00:01 +0800] "GET /xingrg/all/function/internal_message.html?_=1704934709714&CODE_STATE=getMsg HTTP/1.1" 302 -
116.228.172.122 - - [11/Jan/2024:09:00:01 +0800] "GET /xingrg/check_reg.html?_=1704934709719 HTTP/1.1" 302 -
222.69.135.213 - - [11/Jan/2024:09:00:07 +0800] "GET /xingrg/kc/base/wldb_order_list.html HTTP/1.1" 200 19060
222.69.135.213 - - [11/Jan/2024:09:00:07 +0800] "POST /xingrg/kc/base/wldb_list_operate.html HTTP/1.1" 200 928
222.69.135.213 - - [11/Jan/2024:09:00:09 +0800] "GET /xingrg/kc/base/wldb_order_add.html HTTP/1.1" 200 30391
222.69.135.213 - - [11/Jan/2024:09:00:09 +0800] "GET /xingrg/words/20240110141458_words.js HTTP/1.1" 304 -
222.69.135.213 - - [11/Jan/2024:09:00:09 +0800] "POST /xingrg/kc/base/wldb_order_operate.html HTTP/1.1" 200 6806
222.69.135.213 - - [11/Jan/2024:09:00:09 +0800] "GET /xingrg/all/common/auto_word.html?type=base&rest_code=00154 HTTP/1.1" 200 831
222.69.135.213 - - [11/Jan/2024:09:00:09 +0800] "GET /xingrg/all/common/auto_word.html?type=base&rest_code=00154 HTTP/1.1" 200 831
222.69.135.213 - - [11/Jan/2024:09:00:09 +0800] "GET /xingrg/javascript/easyui/themes/default/validatebox.css HTTP/1.1" 404 1104
116.232.193.168 - - [11/Jan/2024:09:00:09 +0800] "GET /xingrg/all/function/internal_message.html?_=1704934754100&CODE_STATE=getMsg HTTP/1.1" 200 27
222.69.135.213 - - [11/Jan/2024:09:00:11 +0800] "POST /xingrg/all/common/load_combo.html?type=base HTTP/1.1" 200 1491
124.78.154.219 - - [11/Jan/2024:09:00:13 +0800] "GET /xingrg/all/function/internal_message.html?_=1704934811975&CODE_STATE=getMsg HTTP/1.1" 200 27
124.78.154.219 - - [11/Jan/2024:09:00:13 +0800] "GET /xingrg/check_reg.html?_=1704934812214 HTTP/1.1" 200 22
222.69.135.213 - - [11/Jan/2024:09:00:13 +0800] "POST /xingrg/all/common/load_combo.html?type=base HTTP/1.1" 200 1491
58.40.7.146 - - [11/Jan/2024:09:00:16 +0800] "GET /xingrg/all/function/internal_message.html?_=1704934816843&CODE_STATE=getMsg HTTP/1.1" 200 27
101.83.145.37 - - [11/Jan/2024:09:00:18 +0800] "GET /xingrg/all/function/internal_message.html?_=1704934585378&CODE_STATE=getMsg HTTP/1.1" 200 27
222.69.135.213 - - [11/Jan/2024:09:00:19 +0800] "GET /xingrg/javascript/auto/indicator.gif HTTP/1.1" 404 1066
101.83.145.37 - - [11/Jan/2024:09:00:20 +0800] "GET /xingrg/kc/buy/cgsh_order_operate.html?command=get_materiel&rest_code=00105&code=00101008230&supplier_code=00100005&order_time=2024-01-11 HTTP/1.1" 200 408
222.69.135.213 - - [11/Jan/2024:09:00:21 +0800] "GET /xingrg/kc/base/wldb_order_operate.html?command=get_materiel&rest_code=00154&base_code=0010724&code=00101019184 HTTP/1.1" 200 456
180.164.1.25 - - [11/Jan/2024:09:00:21 +0800] "GET /xingrg/all/function/internal_message.html?_=1704934820611&CODE_STATE=getMsg HTTP/1.1" 200 27
180.152.241.32 - - [11/Jan/2024:09:00:24 +0800] "POST /xingrg/kc/buy/cgsh_order_operate.html HTTP/1.1" 200 37
180.152.241.32 - - [11/Jan/2024:09:00:27 +0800] "POST /xingrg/kc/buy/cgsh_order_operate.html HTTP/1.1" 200 23334
180.152.241.32 - - [11/Jan/2024:09:00:30 +0800] "GET /xingrg/kc/buy/cgsh_order_add.html HTTP/1.1" 200 72982
222.70.180.200 - - [11/Jan/2024:09:00:31 +0800] "GET /xingrg/check_reg.html?_=1704934829460 HTTP/1.1" 200 22
222.70.180.200 - - [11/Jan/2024:09:00:31 +0800] "GET /xingrg/all/function/internal_message.html?_=1704934829461&CODE_STATE=getMsg HTTP/1.1" 200 27
180.152.241.32 - - [11/Jan/2024:09:00:31 +0800] "POST /xingrg/kc/buy/cgsh_order_operate.html HTTP/1.1" 200 8245
180.152.241.32 - - [11/Jan/2024:09:00:31 +0800] "GET /xingrg/javascript/easyui/themes/default/validatebox.css HTTP/1.1" 404 1104
180.152.241.32 - - [11/Jan/2024:09:00:31 +0800] "GET /xingrg/all/function/internal_message.html?_=1704934831763&CODE_STATE=getMsg HTTP/1.1" 200 27
180.152.241.32 - - [11/Jan/2024:09:00:32 +0800] "GET /xingrg/javascript/easyui/themes/default/tree.css HTTP/1.1" 404 1090
124.77.240.112 - - [11/Jan/2024:09:00:33 +0800] "GET /xingrg/all/function/internal_message.html?_=1704934837069&CODE_STATE=getMsg HTTP/1.1" 200 27
101.83.145.37 - - [11/Jan/2024:09:00:33 +0800] "GET /xingrg/all/function/internal_message.html?_=1704934833432&CODE_STATE=getMsg HTTP/1.1" 200 27
180.152.241.32 - - [11/Jan/2024:09:00:33 +0800] "POST /xingrg/all/common/load_tree.html?tree=supplier_tree_json&isDelete=1 HTTP/1.1" 200 77278
180.171.56.87 - - [11/Jan/2024:09:00:34 +0800] "GET /xingrg/check_reg.html?_=1704934839296 HTTP/1.1" 200 22
180.171.56.87 - - [11/Jan/2024:09:00:34 +0800] "GET /xingrg/all/function/internal_message.html?_=1704934839299&CODE_STATE=getMsg HTTP/1.1" 200 27
114.95.241.104 - - [11/Jan/2024:09:00:34 +0800] "GET /xingrg/all/function/internal_message.html?_=1704934834238&CODE_STATE=getMsg HTTP/1.1" 200 27
222.69.135.213 - - [11/Jan/2024:09:00:38 +0800] "GET /xingrg/kc/base/wldb_order_operate.html?command=get_materiel&rest_code=00154&base_code=0010724&code=00101019416 HTTP/1.1" 200 464
116.232.37.105 - - [11/Jan/2024:09:00:43 +0800] "POST /xingrg/services/DataTransmitService HTTP/1.1" 200 524
101.83.145.37 - - [11/Jan/2024:09:00:44 +0800] "GET /xingrg/kc/buy/cgsh_order_operate.html?command=get_materiel&rest_code=00105&code=00101008356&supplier_code=00100005&order_time=2024-01-11 HTTP/1.1" 200 428
222.69.135.213 - - [11/Jan/2024:09:00:49 +0800] "GET /xingrg/all/function/internal_message.html?_=1704934850574&CODE_STATE=getMsg HTTP/1.1" 200 27
221.239.172.206 - - [11/Jan/2024:09:00:50 +0800] "GET /xingrg/all/function/internal_message.html?_=1704934849663&CODE_STATE=getMsg HTTP/1.1" 200 27
180.152.241.32 - - [11/Jan/2024:09:00:50 +0800] "GET /xingrg/kc/buy/cgsh_order_operate.html?command=get_materiel&rest_code=00102&code=00101008261&supplier_code=00100008&order_time=2024-01-11 HTTP/1.1" 200 431
222.69.135.213 - - [11/Jan/2024:09:00:53 +0800] "GET /xingrg/kc/base/wldb_order_operate.html?command=get_materiel&rest_code=00154&base_code=0010724&code=00101019222 HTTP/1.1" 200 453
124.78.68.102 - - [11/Jan/2024:09:00:55 +0800] "GET /xingrg/all/function/internal_message.html?_=1704934855470&CODE_STATE=getMsg HTTP/1.1" 200 27
120.253.135.82 - - [11/Jan/2024:09:00:57 +0800] "GET /xingrg/all/function/internal_message.html?_=1704934677365&CODE_STATE=getMsg HTTP/1.1" 200 27
114.95.241.104 - - [11/Jan/2024:09:00:57 +0800] "GET /xingrg/all/function/internal_message.html?_=1704934857955&CODE_STATE=getMsg HTTP/1.1" 200 27
116.232.193.168 - - [11/Jan/2024:09:00:58 +0800] "GET /xingrg/all/function/internal_message.html?_=1704934802384&CODE_STATE=getMsg HTTP/1.1" 200 27
116.228.172.122 - - [11/Jan/2024:09:01:01 +0800] "GET /xingrg/all/function/internal_message.html?_=1704934769711&CODE_STATE=getMsg HTTP/1.1" 302 -
222.69.135.213 - - [11/Jan/2024:09:01:06 +0800] "GET /xingrg/kc/base/wldb_order_operate.html?command=get_materiel&rest_code=00154&base_code=0010724&code=00101019509 HTTP/1.1" 200 463
101.83.145.37 - - [11/Jan/2024:09:01:08 +0800] "GET /xingrg/kc/buy/cgsh_order_operate.html?command=get_materiel&rest_code=00105&code=00101008286&supplier_code=00100005&order_time=2024-01-11 HTTP/1.1" 200 429
180.152.241.32 - - [11/Jan/2024:09:01:09 +0800] "GET /xingrg/kc/buy/cgsh_order_operate.html?command=get_materiel&rest_code=00102&code=00101008072&supplier_code=00100008&order_time=2024-01-11 HTTP/1.1" 200 408
116.232.193.168 - - [11/Jan/2024:09:01:09 +0800] "GET /xingrg/all/function/internal_message.html?_=1704934814086&CODE_STATE=getMsg HTTP/1.1" 200 27
180.163.28.143 - - [11/Jan/2024:09:01:13 +0800] "GET /xingrg/check_reg.html?_=1704934812214 HTTP/1.1" 302 -
180.163.28.143 - - [11/Jan/2024:09:01:13 +0800] "GET /xingrg/login.html HTTP/1.1" 200 7641
124.78.154.219 - - [11/Jan/2024:09:01:13 +0800] "GET /xingrg/all/function/internal_message.html?_=1704934871951&CODE_STATE=getMsg HTTP/1.1" 200 27
222.69.135.213 - - [11/Jan/2024:09:01:15 +0800] "GET /xingrg/kc/base/wldb_order_operate.html?command=get_materiel&rest_code=00154&base_code=0010724&code=00101019536 HTTP/1.1" 200 471
58.40.7.146 - - [11/Jan/2024:09:01:16 +0800] "GET /xingrg/all/function/internal_message.html?_=1704934876845&CODE_STATE=getMsg HTTP/1.1" 200 27
101.83.145.37 - - [11/Jan/2024:09:01:18 +0800] "GET /xingrg/all/function/internal_message.html?_=1704934645387&CODE_STATE=getMsg HTTP/1.1" 200 27
116.232.193.168 - - [11/Jan/2024:09:01:18 +0800] "GET /xingrg/check_reg.html?_=1704934822966 HTTP/1.1" 200 22
180.152.241.32 - - [11/Jan/2024:09:01:19 +0800] "GET /xingrg/kc/buy/cgsh_order_operate.html?command=get_materiel&rest_code=00102&code=00101008403&supplier_code=00100008&order_time=2024-01-11 HTTP/1.1" 200 412
180.164.1.25 - - [11/Jan/2024:09:01:21 +0800] "GET /xingrg/all/function/internal_message.html?_=1704934880607&CODE_STATE=getMsg HTTP/1.1" 200 27
222.69.135.213 - - [11/Jan/2024:09:01:26 +0800] "GET /xingrg/kc/base/wldb_order_operate.html?command=get_materiel&rest_code=00154&base_code=0010724&code=00101019074 HTTP/1.1" 200 471
101.83.145.37 - - [11/Jan/2024:09:01:28 +0800] "GET /xingrg/kc/buy/cgsh_order_operate.html?command=get_materiel&rest_code=00105&code=00101008275&supplier_code=00100005&order_time=2024-01-11 HTTP/1.1" 200 416
180.152.241.32 - - [11/Jan/2024:09:01:28 +0800] "GET /xingrg/kc/buy/cgsh_order_operate.html?command=get_materiel&rest_code=00102&code=00101008358&supplier_code=00100008&order_time=2024-01-11 HTTP/1.1" 200 412
222.70.180.200 - - [11/Jan/2024:09:01:31 +0800] "GET /xingrg/all/function/internal_message.html?_=1704934889453&CODE_STATE=getMsg HTTP/1.1" 200 27
180.152.241.32 - - [11/Jan/2024:09:01:31 +0800] "GET /xingrg/all/function/internal_message.html?_=1704934891763&CODE_STATE=getMsg HTTP/1.1" 200 27
124.77.240.112 - - [11/Jan/2024:09:01:33 +0800] "GET /xingrg/all/function/internal_message.html?_=1704934897085&CODE_STATE=getMsg HTTP/1.1" 200 27
101.83.145.37 - - [11/Jan/2024:09:01:33 +0800] "GET /xingrg/all/function/internal_message.html?_=1704934893432&CODE_STATE=getMsg HTTP/1.1" 200 27
101.83.145.37 - - [11/Jan/2024:09:01:33 +0800] "GET /xingrg/check_reg.html?_=1704934893436 HTTP/1.1" 200 22
221.239.172.206 - - [11/Jan/2024:09:01:33 +0800] "GET /xingrg/check_reg.html?_=1704934893126 HTTP/1.1" 200 22
222.69.135.213 - - [11/Jan/2024:09:01:34 +0800] "GET /xingrg/kc/base/wldb_order_operate.html?command=get_materiel&rest_code=00154&base_code=0010724&code=00101019249 HTTP/1.1" 200 470
180.171.56.87 - - [11/Jan/2024:09:01:34 +0800] "GET /xingrg/all/function/internal_message.html?_=1704934899285&CODE_STATE=getMsg HTTP/1.1" 200 27
114.95.241.104 - - [11/Jan/2024:09:01:34 +0800] "GET /xingrg/all/function/internal_message.html?_=1704934894238&CODE_STATE=getMsg HTTP/1.1" 200 27
180.152.241.32 - - [11/Jan/2024:09:01:35 +0800] "GET /xingrg/kc/buy/cgsh_order_operate.html?command=get_materiel&rest_code=00102&code=00101008224&supplier_code=00100008&order_time=2024-01-11 HTTP/1.1" 200 435
180.152.241.32 - - [11/Jan/2024:09:01:47 +0800] "GET /xingrg/kc/buy/cgsh_order_operate.html?command=get_materiel&rest_code=00102&code=00101008370&supplier_code=00100008&order_time=2024-01-11 HTTP/1.1" 200 412
222.69.135.213 - - [11/Jan/2024:09:01:49 +0800] "GET /xingrg/all/function/internal_message.html?_=1704934910700&CODE_STATE=getMsg HTTP/1.1" 200 27
221.239.172.206 - - [11/Jan/2024:09:01:50 +0800] "GET /xingrg/all/function/internal_message.html?_=1704934909650&CODE_STATE=getMsg HTTP/1.1" 200 27
222.69.135.213 - - [11/Jan/2024:09:01:53 +0800] "GET /xingrg/kc/base/wldb_order_operate.html?command=get_materiel&rest_code=00154&base_code=0010724&code=00101016149 HTTP/1.1" 200 460
124.78.68.102 - - [11/Jan/2024:09:01:55 +0800] "GET /xingrg/all/function/internal_message.html?_=1704934915457&CODE_STATE=getMsg HTTP/1.1" 200 27
180.152.241.32 - - [11/Jan/2024:09:01:55 +0800] "GET /xingrg/kc/buy/cgsh_order_operate.html?command=get_materiel&rest_code=00102&code=00101008141&supplier_code=00100008&order_time=2024-01-11 HTTP/1.1" 200 412
120.253.135.82 - - [11/Jan/2024:09:01:57 +0800] "GET /xingrg/all/function/internal_message.html?_=1704934737473&CODE_STATE=getMsg HTTP/1.1" 200 27
101.83.145.37 - - [11/Jan/2024:09:01:57 +0800] "GET /xingrg/kc/buy/cgsh_order_operate.html?command=get_materiel&rest_code=00105&code=00101008091&supplier_code=00100005&order_time=2024-01-11 HTTP/1.1" 200 413
114.95.241.104 - - [11/Jan/2024:09:01:57 +0800] "GET /xingrg/all/function/internal_message.html?_=1704934917948&CODE_STATE=getMsg HTTP/1.1" 200 27
116.232.193.168 - - [11/Jan/2024:09:01:58 +0800] "GET /xingrg/all/function/internal_message.html?_=1704934862366&CODE_STATE=getMsg HTTP/1.1" 200 27
222.69.135.213 - - [11/Jan/2024:09:01:58 +0800] "POST /xingrg/all/common/load_select.html HTTP/1.1" 200 25
116.228.172.122 - - [11/Jan/2024:09:02:01 +0800] "GET /xingrg/all/function/internal_message.html?_=1704934829711&CODE_STATE=getMsg HTTP/1.1" 302 -
222.69.135.213 - - [11/Jan/2024:09:02:01 +0800] "GET /xingrg/kc/base/wldb_order_operate.html?command=get_materiel_price&rest_code=00154&base_code=0010724&code=00101016149&unit_code=00100075 HTTP/1.1" 200 35
180.152.241.32 - - [11/Jan/2024:09:02:06 +0800] "GET /xingrg/kc/buy/cgsh_order_operate.html?command=get_materiel&rest_code=00102&code=00101008372&supplier_code=00100008&order_time=2024-01-11 HTTP/1.1" 200 430
116.232.193.168 - - [11/Jan/2024:09:02:09 +0800] "GET /xingrg/all/function/internal_message.html?_=1704934874081&CODE_STATE=getMsg HTTP/1.1" 200 27
124.78.154.219 - - [11/Jan/2024:09:02:13 +0800] "GET /xingrg/all/function/internal_message.html?_=1704934931924&CODE_STATE=getMsg HTTP/1.1" 200 27
58.40.7.146 - - [11/Jan/2024:09:02:16 +0800] "GET /xingrg/all/function/internal_message.html?_=1704934936849&CODE_STATE=getMsg HTTP/1.1" 200 27
222.69.135.213 - - [11/Jan/2024:09:02:17 +0800] "GET /xingrg/kc/base/wldb_order_operate.html?command=get_materiel&rest_code=00154&base_code=0010724&code=00101040040 HTTP/1.1" 200 458
101.83.145.37 - - [11/Jan/2024:09:02:18 +0800] "GET /xingrg/check_reg.html?_=1704934705380 HTTP/1.1" 200 22
101.83.145.37 - - [11/Jan/2024:09:02:18 +0800] "GET /xingrg/all/function/internal_message.html?_=1704934705383&CODE_STATE=getMsg HTTP/1.1" 200 27
180.152.241.32 - - [11/Jan/2024:09:02:18 +0800] "GET /xingrg/kc/buy/cgsh_order_operate.html?command=get_materiel&rest_code=00102&code=00101008205&supplier_code=00100008&order_time=2024-01-11 HTTP/1.1" 200 433
180.164.1.25 - - [11/Jan/2024:09:02:21 +0800] "GET /xingrg/all/function/internal_message.html?_=1704934940605&CODE_STATE=getMsg HTTP/1.1" 200 27
101.83.145.37 - - [11/Jan/2024:09:02:21 +0800] "GET /xingrg/kc/buy/cgsh_order_operate.html?command=get_materiel&rest_code=00105&code=00101008361&supplier_code=00100005&order_time=2024-01-11 HTTP/1.1" 200 408
124.78.68.102 - - [11/Jan/2024:09:02:24 +0800] "GET /xingrg/check_reg.html?_=1704934944192 HTTP/1.1" 200 22
222.69.135.213 - - [11/Jan/2024:09:02:26 +0800] "GET /xingrg/kc/base/wldb_order_operate.html?command=get_materiel&rest_code=00154&base_code=0010724&code=00101019164 HTTP/1.1" 200 466
114.95.241.104 - - [11/Jan/2024:09:02:28 +0800] "GET /xingrg/kc/buy/cgsh_order_add.html HTTP/1.1" 200 73003
114.95.241.104 - - [11/Jan/2024:09:02:28 +0800] "POST /xingrg/kc/buy/cgsh_order_operate.html HTTP/1.1" 200 8245
114.95.241.104 - - [11/Jan/2024:09:02:28 +0800] "GET /xingrg/javascript/easyui/themes/default/validatebox.css HTTP/1.1" 404 1104
222.70.180.200 - - [11/Jan/2024:09:02:31 +0800] "GET /xingrg/all/function/internal_message.html?_=1704934949451&CODE_STATE=getMsg HTTP/1.1" 200 27
180.152.241.32 - - [11/Jan/2024:09:02:31 +0800] "GET /xingrg/all/function/internal_message.html?_=1704934951757&CODE_STATE=getMsg HTTP/1.1" 200 27
101.83.145.37 - - [11/Jan/2024:09:02:33 +0800] "GET /xingrg/all/function/internal_message.html?_=1704934953437&CODE_STATE=getMsg HTTP/1.1" 200 27
124.77.240.112 - - [11/Jan/2024:09:02:33 +0800] "GET /xingrg/all/function/internal_message.html?_=1704934957200&CODE_STATE=getMsg HTTP/1.1" 200 27
180.171.56.87 - - [11/Jan/2024:09:02:34 +0800] "GET /xingrg/all/function/internal_message.html?_=1704934959286&CODE_STATE=getMsg HTTP/1.1" 200 27
114.95.241.104 - - [11/Jan/2024:09:02:34 +0800] "GET /xingrg/all/function/internal_message.html?_=1704934954248&CODE_STATE=getMsg HTTP/1.1" 200 27
101.83.145.37 - - [11/Jan/2024:09:02:36 +0800] "GET /xingrg/kc/buy/cgsh_order_operate.html?command=get_materiel&rest_code=00105&code=00101008355&supplier_code=00100005&order_time=2024-01-11 HTTP/1.1" 200 429
222.69.135.213 - - [11/Jan/2024:09:02:36 +0800] "GET /xingrg/kc/base/wldb_order_operate.html?command=get_materiel&rest_code=00154&base_code=0010724&code=00101019359 HTTP/1.1" 200 461
114.95.241.104 - - [11/Jan/2024:09:02:41 +0800] "GET /xingrg/kc/buy/cgsh_order_operate.html?command=get_materiel&rest_code=00150&code=00101009010&supplier_code=00100022&order_time=2024-01-11 HTTP/1.1" 200 416
222.69.135.213 - - [11/Jan/2024:09:02:44 +0800] "GET /xingrg/kc/base/wldb_order_operate.html?command=get_materiel&rest_code=00154&base_code=0010724&code=00101022027 HTTP/1.1" 200 433
180.152.241.32 - - [11/Jan/2024:09:02:47 +0800] "GET /xingrg/javascript/jquery_easy_ui/themes/default/images/tabs_active.png HTTP/1.1" 200 2894
222.69.135.213 - - [11/Jan/2024:09:02:49 +0800] "GET /xingrg/all/function/internal_message.html?_=1704934970690&CODE_STATE=getMsg HTTP/1.1" 200 27
221.239.172.206 - - [11/Jan/2024:09:02:50 +0800] "GET /xingrg/all/function/internal_message.html?_=1704934969622&CODE_STATE=getMsg HTTP/1.1" 200 27
124.78.68.102 - - [11/Jan/2024:09:02:55 +0800] "GET /xingrg/all/function/internal_message.html?_=1704934975439&CODE_STATE=getMsg HTTP/1.1" 200 27
101.83.145.37 - - [11/Jan/2024:09:02:56 +0800] "GET /xingrg/kc/buy/cgsh_order_operate.html?command=get_materiel&rest_code=00105&code=00101008264&supplier_code=00100005&order_time=2024-01-11 HTTP/1.1" 200 433
120.253.135.82 - - [11/Jan/2024:09:02:57 +0800] "GET /xingrg/all/function/internal_message.html?_=1704934797484&CODE_STATE=getMsg HTTP/1.1" 200 27
114.95.241.104 - - [11/Jan/2024:09:02:57 +0800] "GET /xingrg/all/function/internal_message.html?_=1704934977954&CODE_STATE=getMsg HTTP/1.1" 200 27
116.232.193.168 - - [11/Jan/2024:09:02:57 +0800] "GET /xingrg/all/function/internal_message.html?_=1704934922341&CODE_STATE=getMsg HTTP/1.1" 200 27
116.228.172.122 - - [11/Jan/2024:09:03:01 +0800] "GET /xingrg/all/function/internal_message.html?_=1704934889702&CODE_STATE=getMsg HTTP/1.1" 302 -
222.69.135.213 - - [11/Jan/2024:09:03:03 +0800] "GET /xingrg/kc/base/wldb_order_operate.html?command=get_materiel&rest_code=00154&base_code=0010724&code=00101022026 HTTP/1.1" 200 434
116.232.193.168 - - [11/Jan/2024:09:03:09 +0800] "GET /xingrg/all/function/internal_message.html?_=1704934934066&CODE_STATE=getMsg HTTP/1.1" 200 27
114.95.241.104 - - [11/Jan/2024:09:03:11 +0800] "GET /xingrg/kc/buy/cgsh_order_operate.html?command=get_materiel&rest_code=00150&code=00101009175&supplier_code=00100022&order_time=2024-01-11 HTTP/1.1" 200 415
124.78.154.219 - - [11/Jan/2024:09:03:13 +0800] "GET /xingrg/all/function/internal_message.html?_=1704934991895&CODE_STATE=getMsg HTTP/1.1" 200 27
101.83.145.37 - - [11/Jan/2024:09:03:14 +0800] "GET /xingrg/kc/buy/cgsh_order_operate.html?command=get_materiel&rest_code=00105&code=00101008024&supplier_code=00100005&order_time=2024-01-11 HTTP/1.1" 200 428
58.40.7.146 - - [11/Jan/2024:09:03:16 +0800] "GET /xingrg/check_reg.html?_=1704934996835 HTTP/1.1" 200 22
58.40.7.146 - - [11/Jan/2024:09:03:16 +0800] "GET /xingrg/all/function/internal_message.html?_=1704934996837&CODE_STATE=getMsg HTTP/1.1" 200 27
