116.232.193.168 - - [11/Jan/2024:08:29:58 +0800] "GET /xingrg/all/function/internal_message.html?_=1704932942923&CODE_STATE=getMsg HTTP/1.1" 200 27
114.95.241.104 - - [11/Jan/2024:08:30:00 +0800] "GET /xingrg/kc/buy/cgsh_order_operate.html?command=get_materiel&rest_code=00150&code=00101008037&supplier_code=00100008&order_time=2024-01-11 HTTP/1.1" 200 415
116.228.172.122 - - [11/Jan/2024:08:30:01 +0800] "GET /xingrg/check_reg.html?_=1704932909717 HTTP/1.1" 302 -
116.228.172.122 - - [11/Jan/2024:08:30:01 +0800] "GET /xingrg/all/function/internal_message.html?_=1704932909719&CODE_STATE=getMsg HTTP/1.1" 302 -
116.232.193.168 - - [11/Jan/2024:08:30:10 +0800] "GET /xingrg/all/function/internal_message.html?_=1704932954657&CODE_STATE=getMsg HTTP/1.1" 200 27
114.95.241.104 - - [11/Jan/2024:08:30:14 +0800] "GET /xingrg/kc/buy/cgsh_order_operate.html?command=get_materiel&rest_code=00150&code=00101008112&supplier_code=00100008&order_time=2024-01-11 HTTP/1.1" 200 412
58.40.7.146 - - [11/Jan/2024:08:30:16 +0800] "GET /xingrg/all/function/internal_message.html?_=1704933016861&CODE_STATE=getMsg HTTP/1.1" 200 27
101.83.145.37 - - [11/Jan/2024:08:30:18 +0800] "GET /xingrg/all/function/internal_message.html?_=1704932785350&CODE_STATE=getMsg HTTP/1.1" 200 27
114.95.241.104 - - [11/Jan/2024:08:30:29 +0800] "GET /xingrg/kc/buy/cgsh_order_operate.html?command=get_materiel&rest_code=00150&code=00101008612&supplier_code=00100008&order_time=2024-01-11 HTTP/1.1" 200 420
114.95.241.104 - - [11/Jan/2024:08:30:30 +0800] "GET /xingrg/all/function/internal_message.html?_=1704933030162&CODE_STATE=getMsg HTTP/1.1" 200 27
114.95.241.104 - - [11/Jan/2024:08:30:30 +0800] "GET /xingrg/check_reg.html?_=1704933030164 HTTP/1.1" 200 22
124.77.240.112 - - [11/Jan/2024:08:30:31 +0800] "GET /xingrg/all/function/internal_message.html?_=1704933035549&CODE_STATE=getMsg HTTP/1.1" 200 27
180.171.56.87 - - [11/Jan/2024:08:30:34 +0800] "GET /xingrg/all/function/internal_message.html?_=1704933039257&CODE_STATE=getMsg HTTP/1.1" 200 27
180.171.56.87 - - [11/Jan/2024:08:30:34 +0800] "GET /xingrg/check_reg.html?_=1704933039260 HTTP/1.1" 200 22
114.95.241.104 - - [11/Jan/2024:08:30:39 +0800] "GET /xingrg/kc/buy/cgsh_order_operate.html?command=get_materiel&rest_code=00150&code=00101008010&supplier_code=00100008&order_time=2024-01-11 HTTP/1.1" 200 412
114.95.241.104 - - [11/Jan/2024:08:30:49 +0800] "GET /xingrg/kc/buy/cgsh_order_operate.html?command=get_materiel&rest_code=00150&code=00101008298&supplier_code=00100008&order_time=2024-01-11 HTTP/1.1" 200 432
221.239.172.206 - - [11/Jan/2024:08:30:50 +0800] "GET /xingrg/all/function/internal_message.html?_=1704933050209&CODE_STATE=getMsg HTTP/1.1" 200 27
124.78.68.102 - - [11/Jan/2024:08:30:55 +0800] "GET /xingrg/all/function/internal_message.html?_=1704933056013&CODE_STATE=getMsg HTTP/1.1" 200 27
120.253.135.82 - - [11/Jan/2024:08:30:56 +0800] "GET /xingrg/all/function/internal_message.html?_=1704932876331&CODE_STATE=getMsg HTTP/1.1" 200 27
114.95.241.104 - - [11/Jan/2024:08:30:57 +0800] "GET /xingrg/kc/buy/cgsh_order_operate.html?command=get_materiel&rest_code=00150&code=00101008283&supplier_code=00100008&order_time=2024-01-11 HTTP/1.1" 200 408
114.95.241.104 - - [11/Jan/2024:08:30:57 +0800] "GET /xingrg/all/function/internal_message.html?_=1704933057955&CODE_STATE=getMsg HTTP/1.1" 200 27
116.232.193.168 - - [11/Jan/2024:08:30:58 +0800] "GET /xingrg/all/function/internal_message.html?_=1704933002918&CODE_STATE=getMsg HTTP/1.1" 200 27
116.228.172.122 - - [11/Jan/2024:08:31:01 +0800] "GET /xingrg/all/function/internal_message.html?_=1704932969715&CODE_STATE=getMsg HTTP/1.1" 302 -
114.95.241.104 - - [11/Jan/2024:08:31:06 +0800] "GET /xingrg/kc/buy/cgsh_order_operate.html?command=get_materiel&rest_code=00150&code=00101008096&supplier_code=00100008&order_time=2024-01-11 HTTP/1.1" 200 412
116.232.193.168 - - [11/Jan/2024:08:31:10 +0800] "GET /xingrg/all/function/internal_message.html?_=1704933014633&CODE_STATE=getMsg HTTP/1.1" 200 27
114.95.241.104 - - [11/Jan/2024:08:31:15 +0800] "GET /xingrg/kc/buy/cgsh_order_operate.html?command=get_materiel&rest_code=00150&code=00101008163&supplier_code=00100008&order_time=2024-01-11 HTTP/1.1" 200 409
58.40.7.146 - - [11/Jan/2024:08:31:16 +0800] "GET /xingrg/all/function/internal_message.html?_=1704933076863&CODE_STATE=getMsg HTTP/1.1" 200 27
101.83.145.37 - - [11/Jan/2024:08:31:18 +0800] "GET /xingrg/all/function/internal_message.html?_=1704932845342&CODE_STATE=getMsg HTTP/1.1" 200 27
116.232.193.168 - - [11/Jan/2024:08:31:18 +0800] "GET /xingrg/check_reg.html?_=1704933022958 HTTP/1.1" 200 22
114.95.241.104 - - [11/Jan/2024:08:31:26 +0800] "GET /xingrg/kc/buy/cgsh_order_operate.html?command=get_materiel&rest_code=00150&code=00101008224&supplier_code=00100008&order_time=2024-01-11 HTTP/1.1" 200 435
114.95.241.104 - - [11/Jan/2024:08:31:30 +0800] "GET /xingrg/all/function/internal_message.html?_=1704933090145&CODE_STATE=getMsg HTTP/1.1" 200 27
124.77.240.112 - - [11/Jan/2024:08:31:31 +0800] "GET /xingrg/all/function/internal_message.html?_=1704933095554&CODE_STATE=getMsg HTTP/1.1" 200 27
221.239.172.206 - - [11/Jan/2024:08:31:33 +0800] "GET /xingrg/check_reg.html?_=1704933093099 HTTP/1.1" 200 22
180.171.56.87 - - [11/Jan/2024:08:31:34 +0800] "GET /xingrg/all/function/internal_message.html?_=1704933099263&CODE_STATE=getMsg HTTP/1.1" 200 27
114.95.241.104 - - [11/Jan/2024:08:31:44 +0800] "GET /xingrg/kc/buy/cgsh_order_operate.html?command=get_materiel&rest_code=00150&code=00101008331&supplier_code=00100008&order_time=2024-01-11 HTTP/1.1" 200 416
221.239.172.206 - - [11/Jan/2024:08:31:50 +0800] "GET /xingrg/all/function/internal_message.html?_=1704933110187&CODE_STATE=getMsg HTTP/1.1" 200 27
124.78.68.102 - - [11/Jan/2024:08:31:55 +0800] "GET /xingrg/all/function/internal_message.html?_=1704933115985&CODE_STATE=getMsg HTTP/1.1" 200 27
120.253.135.82 - - [11/Jan/2024:08:31:56 +0800] "GET /xingrg/all/function/internal_message.html?_=1704932936413&CODE_STATE=getMsg HTTP/1.1" 200 27
114.95.241.104 - - [11/Jan/2024:08:31:57 +0800] "GET /xingrg/all/function/internal_message.html?_=1704933117948&CODE_STATE=getMsg HTTP/1.1" 200 27
116.232.193.168 - - [11/Jan/2024:08:31:58 +0800] "GET /xingrg/all/function/internal_message.html?_=1704933062912&CODE_STATE=getMsg HTTP/1.1" 200 27
116.228.172.122 - - [11/Jan/2024:08:32:01 +0800] "GET /xingrg/all/function/internal_message.html?_=1704933029717&CODE_STATE=getMsg HTTP/1.1" 302 -
114.95.241.104 - - [11/Jan/2024:08:32:02 +0800] "GET /xingrg/kc/buy/cgsh_order_operate.html?command=get_materiel&rest_code=00150&code=00101008137&supplier_code=00100008&order_time=2024-01-11 HTTP/1.1" 200 408
116.232.193.168 - - [11/Jan/2024:08:32:10 +0800] "GET /xingrg/all/function/internal_message.html?_=1704933074616&CODE_STATE=getMsg HTTP/1.1" 200 27
114.95.241.104 - - [11/Jan/2024:08:32:12 +0800] "GET /xingrg/kc/buy/cgsh_order_operate.html?command=get_materiel&rest_code=00150&code=00101008370&supplier_code=00100008&order_time=2024-01-11 HTTP/1.1" 200 412
180.152.241.32 - - [11/Jan/2024:08:32:14 +0800] "GET /xingrg/check_reg.html?_=1704933135159 HTTP/1.1" 302 -
58.40.7.146 - - [11/Jan/2024:08:32:16 +0800] "GET /xingrg/all/function/internal_message.html?_=1704933136867&CODE_STATE=getMsg HTTP/1.1" 200 27
101.83.145.37 - - [11/Jan/2024:08:32:18 +0800] "GET /xingrg/all/function/internal_message.html?_=1704932905341&CODE_STATE=getMsg HTTP/1.1" 200 27
101.83.145.37 - - [11/Jan/2024:08:32:18 +0800] "GET /xingrg/check_reg.html?_=1704932905346 HTTP/1.1" 200 22
124.78.68.102 - - [11/Jan/2024:08:32:24 +0800] "GET /xingrg/check_reg.html?_=1704933144299 HTTP/1.1" 200 22
114.95.241.104 - - [11/Jan/2024:08:32:26 +0800] "GET /xingrg/kc/buy/cgsh_order_operate.html?command=get_materiel&rest_code=00150&code=00101008126&supplier_code=00100008&order_time=2024-01-11 HTTP/1.1" 200 412
114.95.241.104 - - [11/Jan/2024:08:32:30 +0800] "GET /xingrg/all/function/internal_message.html?_=1704933150158&CODE_STATE=getMsg HTTP/1.1" 200 27
124.77.240.112 - - [11/Jan/2024:08:32:31 +0800] "GET /xingrg/all/function/internal_message.html?_=1704933155653&CODE_STATE=getMsg HTTP/1.1" 200 27
180.171.56.87 - - [11/Jan/2024:08:32:34 +0800] "GET /xingrg/all/function/internal_message.html?_=1704933159263&CODE_STATE=getMsg HTTP/1.1" 200 27
114.95.241.104 - - [11/Jan/2024:08:32:38 +0800] "GET /xingrg/kc/buy/cgsh_order_operate.html?command=get_materiel&rest_code=00150&code=00101008361&supplier_code=00100008&order_time=2024-01-11 HTTP/1.1" 200 408
114.95.241.104 - - [11/Jan/2024:08:32:49 +0800] "GET /xingrg/kc/buy/cgsh_order_operate.html?command=get_materiel&rest_code=00150&code=00101008355&supplier_code=00100008&order_time=2024-01-11 HTTP/1.1" 200 429
221.239.172.206 - - [11/Jan/2024:08:32:50 +0800] "GET /xingrg/all/function/internal_message.html?_=1704933170160&CODE_STATE=getMsg HTTP/1.1" 200 27
124.78.68.102 - - [11/Jan/2024:08:32:55 +0800] "GET /xingrg/all/function/internal_message.html?_=1704933175975&CODE_STATE=getMsg HTTP/1.1" 200 27
120.253.135.82 - - [11/Jan/2024:08:32:56 +0800] "GET /xingrg/all/function/internal_message.html?_=1704932996423&CODE_STATE=getMsg HTTP/1.1" 200 27
114.95.241.104 - - [11/Jan/2024:08:32:57 +0800] "GET /xingrg/all/function/internal_message.html?_=1704933177950&CODE_STATE=getMsg HTTP/1.1" 200 27
114.95.241.104 - - [11/Jan/2024:08:32:58 +0800] "POST /xingrg/kc/buy/cgsh_order_operate.html HTTP/1.1" 200 37
116.232.193.168 - - [11/Jan/2024:08:32:58 +0800] "GET /xingrg/all/function/internal_message.html?_=1704933122893&CODE_STATE=getMsg HTTP/1.1" 200 27
114.95.241.104 - - [11/Jan/2024:08:33:00 +0800] "POST /xingrg/kc/buy/cgsh_order_operate.html HTTP/1.1" 200 13919
116.228.172.122 - - [11/Jan/2024:08:33:01 +0800] "GET /xingrg/all/function/internal_message.html?_=1704933089710&CODE_STATE=getMsg HTTP/1.1" 302 -
114.95.241.104 - - [11/Jan/2024:08:33:08 +0800] "GET /xingrg/kc/buy/cgsh_order_operate.html?command=get_materiel&rest_code=00150&code=00101008264&supplier_code=00100008&order_time=2024-01-11 HTTP/1.1" 200 433
116.232.193.168 - - [11/Jan/2024:08:33:10 +0800] "GET /xingrg/all/function/internal_message.html?_=1704933134607&CODE_STATE=getMsg HTTP/1.1" 200 27
58.40.7.146 - - [11/Jan/2024:08:33:16 +0800] "GET /xingrg/check_reg.html?_=1704933196855 HTTP/1.1" 200 22
58.40.7.146 - - [11/Jan/2024:08:33:16 +0800] "GET /xingrg/all/function/internal_message.html?_=1704933196857&CODE_STATE=getMsg HTTP/1.1" 200 27
114.95.241.104 - - [11/Jan/2024:08:33:17 +0800] "GET /xingrg/kc/buy/cgsh_order_operate.html?command=get_materiel&rest_code=00150&code=00101008024&supplier_code=00100008&order_time=2024-01-11 HTTP/1.1" 200 428
101.83.145.37 - - [11/Jan/2024:08:33:18 +0800] "GET /xingrg/all/function/internal_message.html?_=1704932965341&CODE_STATE=getMsg HTTP/1.1" 200 27
124.77.240.112 - - [11/Jan/2024:08:33:20 +0800] "GET /xingrg/check_reg.html?_=1704933204433 HTTP/1.1" 200 22
114.95.241.104 - - [11/Jan/2024:08:33:26 +0800] "GET /xingrg/kc/buy/cgsh_order_operate.html?command=get_materiel&rest_code=00150&code=00101008356&supplier_code=00100008&order_time=2024-01-11 HTTP/1.1" 200 428
114.95.241.104 - - [11/Jan/2024:08:33:31 +0800] "GET /xingrg/all/function/internal_message.html?_=1704933210161&CODE_STATE=getMsg HTTP/1.1" 200 27
124.77.240.112 - - [11/Jan/2024:08:33:31 +0800] "GET /xingrg/all/function/internal_message.html?_=1704933215660&CODE_STATE=getMsg HTTP/1.1" 200 27
180.171.56.87 - - [11/Jan/2024:08:33:34 +0800] "GET /xingrg/all/function/internal_message.html?_=1704933219248&CODE_STATE=getMsg HTTP/1.1" 200 27
114.95.241.104 - - [11/Jan/2024:08:33:43 +0800] "GET /xingrg/kc/buy/cgsh_order_operate.html?command=get_materiel&rest_code=00150&code=00101008300&supplier_code=00100008&order_time=2024-01-11 HTTP/1.1" 200 432
221.239.172.206 - - [11/Jan/2024:08:33:50 +0800] "GET /xingrg/all/function/internal_message.html?_=1704933230138&CODE_STATE=getMsg HTTP/1.1" 200 27
114.95.241.104 - - [11/Jan/2024:08:33:52 +0800] "POST /xingrg/kc/buy/cgsh_order_operate.html HTTP/1.1" 200 37
114.95.241.104 - - [11/Jan/2024:08:33:54 +0800] "POST /xingrg/kc/buy/cgsh_order_operate.html HTTP/1.1" 200 16868
124.78.68.102 - - [11/Jan/2024:08:33:55 +0800] "GET /xingrg/all/function/internal_message.html?_=1704933235951&CODE_STATE=getMsg HTTP/1.1" 200 27
120.253.135.82 - - [11/Jan/2024:08:33:56 +0800] "GET /xingrg/all/function/internal_message.html?_=1704933056492&CODE_STATE=getMsg HTTP/1.1" 200 27
114.95.241.104 - - [11/Jan/2024:08:33:57 +0800] "GET /xingrg/all/function/internal_message.html?_=1704933237947&CODE_STATE=getMsg HTTP/1.1" 200 27
116.232.193.168 - - [11/Jan/2024:08:33:58 +0800] "GET /xingrg/all/function/internal_message.html?_=1704933182871&CODE_STATE=getMsg HTTP/1.1" 200 27
116.228.172.122 - - [11/Jan/2024:08:34:01 +0800] "GET /xingrg/all/function/internal_message.html?_=1704933149713&CODE_STATE=getMsg HTTP/1.1" 302 -
114.95.241.104 - - [11/Jan/2024:08:34:04 +0800] "GET /xingrg/kc/buy/cgsh_order_operate.html?command=get_materiel&rest_code=00150&code=00101008411&supplier_code=00100008&order_time=2024-01-11 HTTP/1.1" 200 412
116.232.193.168 - - [11/Jan/2024:08:34:10 +0800] "GET /xingrg/all/function/internal_message.html?_=1704933194579&CODE_STATE=getMsg HTTP/1.1" 200 27
101.83.145.37 - - [11/Jan/2024:08:34:11 +0800] "POST /xingrg/services/DataTransmitService HTTP/1.1" 200 524
58.40.7.146 - - [11/Jan/2024:08:34:16 +0800] "GET /xingrg/all/function/internal_message.html?_=1704933256858&CODE_STATE=getMsg HTTP/1.1" 200 27
101.83.145.37 - - [11/Jan/2024:08:34:18 +0800] "GET /xingrg/all/function/internal_message.html?_=1704933025342&CODE_STATE=getMsg HTTP/1.1" 200 27
114.95.241.104 - - [11/Jan/2024:08:34:22 +0800] "GET /xingrg/kc/buy/cgsh_order_operate.html?command=get_materiel&rest_code=00150&code=00101008251&supplier_code=00100008&order_time=2024-01-11 HTTP/1.1" 200 408
116.232.193.168 - - [11/Jan/2024:08:34:23 +0800] "GET /xingrg/check_reg.html?_=1704933207843 HTTP/1.1" 200 22
114.95.241.104 - - [11/Jan/2024:08:34:30 +0800] "GET /xingrg/all/function/internal_message.html?_=1704933270162&CODE_STATE=getMsg HTTP/1.1" 200 27
124.77.240.112 - - [11/Jan/2024:08:34:31 +0800] "GET /xingrg/all/function/internal_message.html?_=1704933275672&CODE_STATE=getMsg HTTP/1.1" 200 27
180.171.56.87 - - [11/Jan/2024:08:34:34 +0800] "GET /xingrg/all/function/internal_message.html?_=1704933279251&CODE_STATE=getMsg HTTP/1.1" 200 27
114.95.241.104 - - [11/Jan/2024:08:34:39 +0800] "GET /xingrg/kc/buy/cgsh_order_operate.html?command=get_materiel&rest_code=00150&code=00101008360&supplier_code=00100008&order_time=2024-01-11 HTTP/1.1" 200 413
124.78.154.219 - - [11/Jan/2024:08:34:40 +0800] "GET /xingrg/login.html HTTP/1.1" 200 7641
124.78.154.219 - - [11/Jan/2024:08:34:43 +0800] "GET /favicon.ico HTTP/1.1" 404 -
120.253.135.82 - - [11/Jan/2024:08:34:45 +0800] "GET /xingrg/check_reg.html?_=1704933105543 HTTP/1.1" 200 22
114.95.241.104 - - [11/Jan/2024:08:34:49 +0800] "GET /xingrg/kc/buy/cgsh_order_operate.html?command=get_materiel&rest_code=00150&code=00101008136&supplier_code=00100008&order_time=2024-01-11 HTTP/1.1" 200 413
116.232.193.168 - - [11/Jan/2024:08:34:50 +0800] "POST /xingrg/services/DataTransmitService HTTP/1.1" 200 524
221.239.172.206 - - [11/Jan/2024:08:34:50 +0800] "GET /xingrg/all/function/internal_message.html?_=1704933290111&CODE_STATE=getMsg HTTP/1.1" 200 27
124.78.68.102 - - [11/Jan/2024:08:34:55 +0800] "GET /xingrg/all/function/internal_message.html?_=1704933295930&CODE_STATE=getMsg HTTP/1.1" 200 27
120.253.135.82 - - [11/Jan/2024:08:34:56 +0800] "GET /xingrg/all/function/internal_message.html?_=1704933116496&CODE_STATE=getMsg HTTP/1.1" 200 27
114.95.241.104 - - [11/Jan/2024:08:34:57 +0800] "GET /xingrg/all/function/internal_message.html?_=1704933297958&CODE_STATE=getMsg HTTP/1.1" 200 27
114.95.241.104 - - [11/Jan/2024:08:34:57 +0800] "GET /xingrg/check_reg.html?_=1704933297959 HTTP/1.1" 200 22
116.232.193.168 - - [11/Jan/2024:08:34:58 +0800] "GET /xingrg/all/function/internal_message.html?_=1704933242856&CODE_STATE=getMsg HTTP/1.1" 200 27
116.228.172.122 - - [11/Jan/2024:08:35:01 +0800] "GET /xingrg/all/function/internal_message.html?_=1704933209708&CODE_STATE=getMsg HTTP/1.1" 302 -
116.228.172.122 - - [11/Jan/2024:08:35:01 +0800] "GET /xingrg/check_reg.html?_=1704933209711 HTTP/1.1" 302 -
114.95.241.104 - - [11/Jan/2024:08:35:02 +0800] "POST /xingrg/kc/buy/cgsh_order_operate.html HTTP/1.1" 200 37
116.232.193.168 - - [11/Jan/2024:08:35:10 +0800] "GET /xingrg/all/function/internal_message.html?_=1704933254576&CODE_STATE=getMsg HTTP/1.1" 200 27
124.78.154.219 - - [11/Jan/2024:08:35:11 +0800] "POST /xingrg/login.do HTTP/1.1" 302 -
124.78.154.219 - - [11/Jan/2024:08:35:11 +0800] "GET /xingrg/index.html?sysBaseUrl=http%3A%2F%2F180.169.147.146%3A18081%2Fxingrg%2F&costTime=809×tamp=1704933311132 HTTP/1.1" 200 17173
124.78.154.219 - - [11/Jan/2024:08:35:12 +0800] "GET /favicon.ico HTTP/1.1" 404 -
124.78.154.219 - - [11/Jan/2024:08:35:12 +0800] "POST /xingrg/all/common/load_tree.html?tree=area_rest_tree_json&manage=1 HTTP/1.1" 200 342
124.78.154.219 - - [11/Jan/2024:08:35:13 +0800] "GET /xingrg/all/function/internal_message.html?_=1704933312260&CODE_STATE=count HTTP/1.1" 200 11
124.78.154.219 - - [11/Jan/2024:08:35:13 +0800] "GET /xingrg/check_reg.html?_=1704933312261 HTTP/1.1" 200 22
124.78.154.219 - - [11/Jan/2024:08:35:13 +0800] "POST /xingrg/load_menu.html HTTP/1.1" 200 5138
58.40.7.146 - - [11/Jan/2024:08:35:16 +0800] "GET /xingrg/all/function/internal_message.html?_=1704933316862&CODE_STATE=getMsg HTTP/1.1" 200 27
101.83.145.37 - - [11/Jan/2024:08:35:18 +0800] "GET /xingrg/all/function/internal_message.html?_=1704933085345&CODE_STATE=getMsg HTTP/1.1" 200 27
114.95.241.104 - - [11/Jan/2024:08:35:19 +0800] "POST /xingrg/kc/buy/cgsh_order_operate.html HTTP/1.1" 200 19820
114.95.241.104 - - [11/Jan/2024:08:35:30 +0800] "GET /xingrg/all/function/internal_message.html?_=1704933330151&CODE_STATE=getMsg HTTP/1.1" 200 27
114.95.241.104 - - [11/Jan/2024:08:35:30 +0800] "GET /xingrg/check_reg.html?_=1704933330153 HTTP/1.1" 200 22
124.77.240.112 - - [11/Jan/2024:08:35:31 +0800] "GET /xingrg/all/function/internal_message.html?_=1704933335805&CODE_STATE=getMsg HTTP/1.1" 200 27
114.95.241.104 - - [11/Jan/2024:08:35:32 +0800] "GET /xingrg/kc/buy/cgsh_order_operate.html?command=get_materiel&rest_code=00150&code=00101008079&supplier_code=00100008&order_time=2024-01-11 HTTP/1.1" 200 416
180.171.56.87 - - [11/Jan/2024:08:35:34 +0800] "GET /xingrg/all/function/internal_message.html?_=1704933339258&CODE_STATE=getMsg HTTP/1.1" 200 27
180.171.56.87 - - [11/Jan/2024:08:35:34 +0800] "GET /xingrg/check_reg.html?_=1704933339262 HTTP/1.1" 200 22
124.78.154.219 - - [11/Jan/2024:08:35:38 +0800] "GET /xingrg/kc/buy/buy_main.html HTTP/1.1" 200 12412
124.78.154.219 - - [11/Jan/2024:08:35:39 +0800] "GET /xingrg/css/new_ie.css HTTP/1.1" 404 1036
114.95.241.104 - - [11/Jan/2024:08:35:42 +0800] "GET /xingrg/kc/buy/cgsh_order_operate.html?command=get_materiel&rest_code=00150&code=00101008238&supplier_code=00100008&order_time=2024-01-11 HTTP/1.1" 200 416
221.239.172.206 - - [11/Jan/2024:08:35:50 +0800] "GET /xingrg/all/function/internal_message.html?_=1704933350087&CODE_STATE=getMsg HTTP/1.1" 200 27
124.78.68.102 - - [11/Jan/2024:08:35:55 +0800] "GET /xingrg/all/function/internal_message.html?_=1704933355916&CODE_STATE=getMsg HTTP/1.1" 200 27
120.253.135.82 - - [11/Jan/2024:08:35:56 +0800] "GET /xingrg/all/function/internal_message.html?_=1704933176508&CODE_STATE=getMsg HTTP/1.1" 200 27
114.95.241.104 - - [11/Jan/2024:08:35:57 +0800] "GET /xingrg/all/function/internal_message.html?_=1704933357962&CODE_STATE=getMsg HTTP/1.1" 200 27
116.232.193.168 - - [11/Jan/2024:08:35:58 +0800] "GET /xingrg/all/function/internal_message.html?_=1704933302829&CODE_STATE=getMsg HTTP/1.1" 200 27
116.228.172.122 - - [11/Jan/2024:08:36:01 +0800] "GET /xingrg/all/function/internal_message.html?_=1704933269704&CODE_STATE=getMsg HTTP/1.1" 302 -
114.95.241.104 - - [11/Jan/2024:08:36:01 +0800] "GET /xingrg/kc/buy/cgsh_order_operate.html?command=get_materiel&rest_code=00150&code=00101008357&supplier_code=00100008&order_time=2024-01-11 HTTP/1.1" 200 408
114.95.241.104 - - [11/Jan/2024:08:36:08 +0800] "GET /xingrg/kc/buy/cgsh_order_operate.html?command=get_materiel&rest_code=00150&code=00101008069&supplier_code=00100008&order_time=2024-01-11 HTTP/1.1" 200 412
116.232.193.168 - - [11/Jan/2024:08:36:10 +0800] "GET /xingrg/all/function/internal_message.html?_=1704933314550&CODE_STATE=getMsg HTTP/1.1" 200 27
124.78.154.219 - - [11/Jan/2024:08:36:13 +0800] "GET /xingrg/all/function/internal_message.html?_=1704933372265&CODE_STATE=getMsg HTTP/1.1" 200 27
58.40.7.146 - - [11/Jan/2024:08:36:16 +0800] "GET /xingrg/all/function/internal_message.html?_=1704933376864&CODE_STATE=getMsg HTTP/1.1" 200 27
101.83.145.37 - - [11/Jan/2024:08:36:18 +0800] "GET /xingrg/all/function/internal_message.html?_=1704933145341&CODE_STATE=getMsg HTTP/1.1" 200 27
116.232.193.168 - - [11/Jan/2024:08:36:18 +0800] "GET /xingrg/check_reg.html?_=1704933322954 HTTP/1.1" 200 22
114.95.241.104 - - [11/Jan/2024:08:36:18 +0800] "GET /xingrg/kc/buy/cgsh_order_operate.html?command=get_materiel&rest_code=00150&code=00101008286&supplier_code=00100008&order_time=2024-01-11 HTTP/1.1" 200 429
114.95.241.104 - - [11/Jan/2024:08:36:27 +0800] "POST /xingrg/kc/buy/cgsh_order_operate.html HTTP/1.1" 200 37
114.95.241.104 - - [11/Jan/2024:08:36:29 +0800] "POST /xingrg/kc/buy/cgsh_order_operate.html HTTP/1.1" 200 22779
114.95.241.104 - - [11/Jan/2024:08:36:30 +0800] "GET /xingrg/all/function/internal_message.html?_=1704933390147&CODE_STATE=getMsg HTTP/1.1" 200 27
124.77.240.112 - - [11/Jan/2024:08:36:31 +0800] "GET /xingrg/all/function/internal_message.html?_=1704933395808&CODE_STATE=getMsg HTTP/1.1" 200 27
221.239.172.206 - - [11/Jan/2024:08:36:33 +0800] "GET /xingrg/check_reg.html?_=1704933393102 HTTP/1.1" 200 22
180.171.56.87 - - [11/Jan/2024:08:36:34 +0800] "GET /xingrg/all/function/internal_message.html?_=1704933399262&CODE_STATE=getMsg HTTP/1.1" 200 27
222.70.180.200 - - [11/Jan/2024:08:36:37 +0800] "POST /xingrg/services/DataTransmitService HTTP/1.1" 200 524
114.95.241.104 - - [11/Jan/2024:08:36:38 +0800] "GET /xingrg/kc/buy/cgsh_order_operate.html?command=get_materiel&rest_code=00150&code=00101008131&supplier_code=00100008&order_time=2024-01-11 HTTP/1.1" 200 408
114.95.241.104 - - [11/Jan/2024:08:36:48 +0800] "GET /xingrg/kc/buy/cgsh_order_operate.html?command=get_materiel&rest_code=00150&code=00101008694&supplier_code=00100008&order_time=2024-01-11 HTTP/1.1" 200 420
221.239.172.206 - - [11/Jan/2024:08:36:50 +0800] "GET /xingrg/all/function/internal_message.html?_=1704933410061&CODE_STATE=getMsg HTTP/1.1" 200 27
124.78.154.219 - - [11/Jan/2024:08:36:50 +0800] "GET /xingrg/kc/buy/cgsh_order_list.html HTTP/1.1" 200 57165
124.78.154.219 - - [11/Jan/2024:08:36:55 +0800] "POST /xingrg/kc/buy/cgsh_list_operate.html HTTP/1.1" 200 986
124.78.68.102 - - [11/Jan/2024:08:36:55 +0800] "GET /xingrg/all/function/internal_message.html?_=1704933415892&CODE_STATE=getMsg HTTP/1.1" 200 27
120.253.135.82 - - [11/Jan/2024:08:36:56 +0800] "GET /xingrg/all/function/internal_message.html?_=1704933236570&CODE_STATE=getMsg HTTP/1.1" 200 27
114.95.241.104 - - [11/Jan/2024:08:36:56 +0800] "GET /xingrg/kc/buy/cgsh_order_operate.html?command=get_materiel&rest_code=00150&code=00101008318&supplier_code=00100008&order_time=2024-01-11 HTTP/1.1" 200 408
114.95.241.104 - - [11/Jan/2024:08:36:57 +0800] "GET /xingrg/all/function/internal_message.html?_=1704933417962&CODE_STATE=getMsg HTTP/1.1" 200 27
116.232.193.168 - - [11/Jan/2024:08:36:58 +0800] "GET /xingrg/all/function/internal_message.html?_=1704933362811&CODE_STATE=getMsg HTTP/1.1" 200 27
116.228.172.122 - - [11/Jan/2024:08:37:01 +0800] "GET /xingrg/all/function/internal_message.html?_=1704933329709&CODE_STATE=getMsg HTTP/1.1" 302 -
114.95.241.104 - - [11/Jan/2024:08:37:04 +0800] "GET /xingrg/kc/buy/cgsh_order_operate.html?command=get_materiel&rest_code=00150&code=00101008352&supplier_code=00100008&order_time=2024-01-11 HTTP/1.1" 200 412
124.78.154.219 - - [11/Jan/2024:08:37:08 +0800] "GET /xingrg/kc/buy/cgsh_order_add.html HTTP/1.1" 200 72947
124.78.154.219 - - [11/Jan/2024:08:37:08 +0800] "GET /xingrg/words/20240110141458_words.js HTTP/1.1" 304 -
124.78.154.219 - - [11/Jan/2024:08:37:08 +0800] "POST /xingrg/kc/buy/cgsh_order_operate.html HTTP/1.1" 200 8245
124.78.154.219 - - [11/Jan/2024:08:37:09 +0800] "GET /xingrg/javascript/easyui/themes/default/validatebox.css HTTP/1.1" 404 1104
124.78.154.219 - - [11/Jan/2024:08:37:09 +0800] "GET /xingrg/all/common/auto_word.html?type=employee&rest_code=00106 HTTP/1.1" 200 205
124.78.154.219 - - [11/Jan/2024:08:37:09 +0800] "GET /xingrg/all/common/auto_word.html?type=employee&rest_code=00106 HTTP/1.1" 200 205
116.232.193.168 - - [11/Jan/2024:08:37:10 +0800] "GET /xingrg/all/function/internal_message.html?_=1704933374528&CODE_STATE=getMsg HTTP/1.1" 200 27
124.78.154.219 - - [11/Jan/2024:08:37:13 +0800] "GET /xingrg/all/function/internal_message.html?_=1704933432271&CODE_STATE=getMsg HTTP/1.1" 200 27
114.95.241.104 - - [11/Jan/2024:08:37:13 +0800] "GET /xingrg/kc/buy/cgsh_order_operate.html?command=get_materiel&rest_code=00150&code=00101008005&supplier_code=00100008&order_time=2024-01-11 HTTP/1.1" 200 433
180.163.29.79 - - [11/Jan/2024:08:37:14 +0800] "GET /xingrg/all/function/internal_message.html?_=1704933372265&CODE_STATE=getMsg HTTP/1.1" 302 -
180.163.29.79 - - [11/Jan/2024:08:37:14 +0800] "GET /xingrg/login.html HTTP/1.1" 200 7641
180.152.241.32 - - [11/Jan/2024:08:37:14 +0800] "GET /xingrg/check_reg.html?_=1704933435150 HTTP/1.1" 302 -
58.40.7.146 - - [11/Jan/2024:08:37:16 +0800] "GET /xingrg/all/function/internal_message.html?_=1704933436867&CODE_STATE=getMsg HTTP/1.1" 200 27
101.83.145.37 - - [11/Jan/2024:08:37:18 +0800] "GET /xingrg/all/function/internal_message.html?_=1704933205345&CODE_STATE=getMsg HTTP/1.1" 200 27
101.83.145.37 - - [11/Jan/2024:08:37:18 +0800] "GET /xingrg/check_reg.html?_=1704933205348 HTTP/1.1" 200 22
114.95.241.104 - - [11/Jan/2024:08:37:23 +0800] "POST /xingrg/kc/buy/cgsh_order_operate.html HTTP/1.1" 200 37
124.78.68.102 - - [11/Jan/2024:08:37:24 +0800] "GET /xingrg/check_reg.html?_=1704933444284 HTTP/1.1" 200 22
114.95.241.104 - - [11/Jan/2024:08:37:26 +0800] "POST /xingrg/kc/buy/cgsh_order_operate.html HTTP/1.1" 200 25745
114.95.241.104 - - [11/Jan/2024:08:37:30 +0800] "GET /xingrg/all/function/internal_message.html?_=1704933450140&CODE_STATE=getMsg HTTP/1.1" 200 27
124.77.240.112 - - [11/Jan/2024:08:37:31 +0800] "GET /xingrg/all/function/internal_message.html?_=1704933455934&CODE_STATE=getMsg HTTP/1.1" 200 27
180.171.56.87 - - [11/Jan/2024:08:37:34 +0800] "GET /xingrg/all/function/internal_message.html?_=1704933459264&CODE_STATE=getMsg HTTP/1.1" 200 27
114.95.241.104 - - [11/Jan/2024:08:37:34 +0800] "GET /xingrg/kc/buy/cgsh_order_operate.html?command=get_materiel&rest_code=00150&code=00101008271&supplier_code=00100008&order_time=2024-01-11 HTTP/1.1" 200 408
124.78.154.219 - - [11/Jan/2024:08:37:38 +0800] "GET /xingrg/javascript/easyui/themes/default/tree.css HTTP/1.1" 404 1090
124.78.154.219 - - [11/Jan/2024:08:37:39 +0800] "POST /xingrg/all/common/load_tree.html?tree=supplier_tree_json&isDelete=1 HTTP/1.1" 200 77278
114.95.241.104 - - [11/Jan/2024:08:37:46 +0800] "GET /xingrg/kc/buy/cgsh_order_operate.html?command=get_materiel&rest_code=00150&code=00101008353&supplier_code=00100008&order_time=2024-01-11 HTTP/1.1" 200 429
221.239.172.206 - - [11/Jan/2024:08:37:50 +0800] "GET /xingrg/all/function/internal_message.html?_=1704933470044&CODE_STATE=getMsg HTTP/1.1" 200 27
180.163.28.114 - - [11/Jan/2024:08:37:51 +0800] "GET /xingrg/kc/buy/cgsh_order_list.html HTTP/1.1" 302 -
180.163.28.114 - - [11/Jan/2024:08:37:51 +0800] "GET /xingrg/login.html HTTP/1.1" 200 7641
114.95.241.104 - - [11/Jan/2024:08:37:55 +0800] "GET /xingrg/kc/buy/cgsh_order_operate.html?command=get_materiel&rest_code=00150&code=00101008213&supplier_code=00100008&order_time=2024-01-11 HTTP/1.1" 200 412
124.78.68.102 - - [11/Jan/2024:08:37:55 +0800] "GET /xingrg/all/function/internal_message.html?_=1704933475880&CODE_STATE=getMsg HTTP/1.1" 200 27
120.253.135.82 - - [11/Jan/2024:08:37:56 +0800] "GET /xingrg/all/function/internal_message.html?_=1704933296582&CODE_STATE=getMsg HTTP/1.1" 200 27
114.95.241.104 - - [11/Jan/2024:08:37:57 +0800] "GET /xingrg/all/function/internal_message.html?_=1704933477958&CODE_STATE=getMsg HTTP/1.1" 200 27
116.232.193.168 - - [11/Jan/2024:08:37:58 +0800] "GET /xingrg/all/function/internal_message.html?_=1704933422788&CODE_STATE=getMsg HTTP/1.1" 200 27
116.228.172.122 - - [11/Jan/2024:08:38:01 +0800] "GET /xingrg/all/function/internal_message.html?_=1704933389714&CODE_STATE=getMsg HTTP/1.1" 302 -
124.78.154.219 - - [11/Jan/2024:08:38:08 +0800] "GET /xingrg/javascript/auto/indicator.gif HTTP/1.1" 404 1066
116.232.193.168 - - [11/Jan/2024:08:38:10 +0800] "GET /xingrg/all/function/internal_message.html?_=1704933434510&CODE_STATE=getMsg HTTP/1.1" 200 27
124.78.154.219 - - [11/Jan/2024:08:38:13 +0800] "GET /xingrg/all/function/internal_message.html?_=1704933492275&CODE_STATE=getMsg HTTP/1.1" 200 27
124.78.154.219 - - [11/Jan/2024:08:38:14 +0800] "GET /xingrg/kc/buy/cgsh_order_operate.html?command=get_materiel&rest_code=00106&code=00101010248&supplier_code=00100096&order_time=2024-01-11 HTTP/1.1" 200 432
58.40.7.146 - - [11/Jan/2024:08:38:16 +0800] "GET /xingrg/check_reg.html?_=1704933496871 HTTP/1.1" 200 22
58.40.7.146 - - [11/Jan/2024:08:38:16 +0800] "GET /xingrg/all/function/internal_message.html?_=1704933496874&CODE_STATE=getMsg HTTP/1.1" 200 27
101.83.145.37 - - [11/Jan/2024:08:38:18 +0800] "GET /xingrg/all/function/internal_message.html?_=1704933265355&CODE_STATE=getMsg HTTP/1.1" 200 27
124.77.240.112 - - [11/Jan/2024:08:38:20 +0800] "GET /xingrg/check_reg.html?_=1704933504432 HTTP/1.1" 200 22
124.78.154.219 - - [11/Jan/2024:08:38:26 +0800] "GET /xingrg/kc/buy/cgsh_order_operate.html?command=get_materiel&rest_code=00106&code=00101016017&supplier_code=00100096&order_time=2024-01-11 HTTP/1.1" 200 408
114.95.241.104 - - [11/Jan/2024:08:38:30 +0800] "GET /xingrg/all/function/internal_message.html?_=1704933510161&CODE_STATE=getMsg HTTP/1.1" 200 27
124.77.240.112 - - [11/Jan/2024:08:38:31 +0800] "GET /xingrg/all/function/internal_message.html?_=1704933515945&CODE_STATE=getMsg HTTP/1.1" 200 27
180.171.56.87 - - [11/Jan/2024:08:38:34 +0800] "GET /xingrg/all/function/internal_message.html?_=1704933519265&CODE_STATE=getMsg HTTP/1.1" 200 27
114.95.241.104 - - [11/Jan/2024:08:38:36 +0800] "GET /xingrg/kc/buy/cgsh_order_operate.html?command=get_materiel&rest_code=00150&code=00101008095&supplier_code=00100008&order_time=2024-01-11 HTTP/1.1" 200 412
114.95.241.104 - - [11/Jan/2024:08:38:45 +0800] "GET /xingrg/kc/buy/cgsh_order_operate.html?command=get_materiel&rest_code=00150&code=00101008110&supplier_code=00100008&order_time=2024-01-11 HTTP/1.1" 200 408
221.239.172.206 - - [11/Jan/2024:08:38:50 +0800] "GET /xingrg/all/function/internal_message.html?_=1704933530032&CODE_STATE=getMsg HTTP/1.1" 200 27
114.95.241.104 - - [11/Jan/2024:08:38:54 +0800] "POST /xingrg/kc/buy/cgsh_order_operate.html HTTP/1.1" 200 37
124.78.68.102 - - [11/Jan/2024:08:38:55 +0800] "GET /xingrg/all/function/internal_message.html?_=1704933535854&CODE_STATE=getMsg HTTP/1.1" 200 27
120.253.135.82 - - [11/Jan/2024:08:38:56 +0800] "GET /xingrg/all/function/internal_message.html?_=1704933356657&CODE_STATE=getMsg HTTP/1.1" 200 27
114.95.241.104 - - [11/Jan/2024:08:38:56 +0800] "POST /xingrg/kc/buy/cgsh_order_operate.html HTTP/1.1" 200 28692
114.95.241.104 - - [11/Jan/2024:08:38:57 +0800] "GET /xingrg/all/function/internal_message.html?_=1704933537954&CODE_STATE=getMsg HTTP/1.1" 200 27
116.232.193.168 - - [11/Jan/2024:08:38:58 +0800] "GET /xingrg/all/function/internal_message.html?_=1704933482774&CODE_STATE=getMsg HTTP/1.1" 200 27
116.228.172.122 - - [11/Jan/2024:08:39:01 +0800] "GET /xingrg/all/function/internal_message.html?_=1704933449704&CODE_STATE=getMsg HTTP/1.1" 302 -
116.232.193.168 - - [11/Jan/2024:08:39:10 +0800] "GET /xingrg/all/function/internal_message.html?_=1704933494485&CODE_STATE=getMsg HTTP/1.1" 200 27
124.78.154.219 - - [11/Jan/2024:08:39:11 +0800] "GET /xingrg/kc/buy/cgsh_order_operate.html?command=get_materiel&rest_code=00106&code=00101012025&supplier_code=00100096&order_time=2024-01-11 HTTP/1.1" 200 412
124.78.154.219 - - [11/Jan/2024:08:39:13 +0800] "GET /xingrg/all/function/internal_message.html?_=1704933552272&CODE_STATE=getMsg HTTP/1.1" 200 27
58.40.7.146 - - [11/Jan/2024:08:39:16 +0800] "GET /xingrg/all/function/internal_message.html?_=1704933556860&CODE_STATE=getMsg HTTP/1.1" 200 27
101.83.145.37 - - [11/Jan/2024:08:39:18 +0800] "GET /xingrg/all/function/internal_message.html?_=1704933325345&CODE_STATE=getMsg HTTP/1.1" 200 27
116.232.193.168 - - [11/Jan/2024:08:39:23 +0800] "GET /xingrg/check_reg.html?_=1704933507822 HTTP/1.1" 200 22
114.95.241.104 - - [11/Jan/2024:08:39:30 +0800] "GET /xingrg/all/function/internal_message.html?_=1704933570161&CODE_STATE=getMsg HTTP/1.1" 200 27
124.77.240.112 - - [11/Jan/2024:08:39:32 +0800] "GET /xingrg/all/function/internal_message.html?_=1704933575959&CODE_STATE=getMsg HTTP/1.1" 200 27
114.95.241.104 - - [11/Jan/2024:08:39:32 +0800] "GET /xingrg/kc/buy/cgsh_order_operate.html?command=get_materiel&rest_code=00150&code=00101008041&supplier_code=00100008&order_time=2024-01-11 HTTP/1.1" 200 408
124.78.154.219 - - [11/Jan/2024:08:39:33 +0800] "GET /xingrg/kc/buy/cgsh_order_operate.html?command=get_materiel&rest_code=00106&code=00101016025&supplier_code=00100096&order_time=2024-01-11 HTTP/1.1" 200 409
180.171.56.87 - - [11/Jan/2024:08:39:34 +0800] "GET /xingrg/all/function/internal_message.html?_=1704933579267&CODE_STATE=getMsg HTTP/1.1" 200 27
114.95.241.104 - - [11/Jan/2024:08:39:41 +0800] "GET /xingrg/kc/buy/cgsh_order_operate.html?command=get_materiel&rest_code=00150&code=00101008558&supplier_code=00100008&order_time=2024-01-11 HTTP/1.1" 200 409
120.253.135.82 - - [11/Jan/2024:08:39:45 +0800] "GET /xingrg/check_reg.html?_=1704933405548 HTTP/1.1" 200 22
124.78.154.219 - - [11/Jan/2024:08:39:49 +0800] "GET /xingrg/kc/buy/cgsh_order_operate.html?command=get_materiel&rest_code=00106&code=00101016071&supplier_code=00100096&order_time=2024-01-11 HTTP/1.1" 200 416
114.95.241.104 - - [11/Jan/2024:08:39:50 +0800] "GET /xingrg/kc/buy/cgsh_order_operate.html?command=get_materiel&rest_code=00150&code=00101008150&supplier_code=00100008&order_time=2024-01-11 HTTP/1.1" 200 409
221.239.172.206 - - [11/Jan/2024:08:39:50 +0800] "GET /xingrg/all/function/internal_message.html?_=1704933590012&CODE_STATE=getMsg HTTP/1.1" 200 27
124.78.68.102 - - [11/Jan/2024:08:39:55 +0800] "GET /xingrg/all/function/internal_message.html?_=1704933595831&CODE_STATE=getMsg HTTP/1.1" 200 27
120.253.135.82 - - [11/Jan/2024:08:39:56 +0800] "GET /xingrg/all/function/internal_message.html?_=1704933416672&CODE_STATE=getMsg HTTP/1.1" 200 27
114.95.241.104 - - [11/Jan/2024:08:39:57 +0800] "GET /xingrg/all/function/internal_message.html?_=1704933597952&CODE_STATE=getMsg HTTP/1.1" 200 27
114.95.241.104 - - [11/Jan/2024:08:39:57 +0800] "GET /xingrg/check_reg.html?_=1704933597954 HTTP/1.1" 200 22
116.232.193.168 - - [11/Jan/2024:08:39:58 +0800] "GET /xingrg/all/function/internal_message.html?_=1704933542761&CODE_STATE=getMsg HTTP/1.1" 200 27
114.95.241.104 - - [11/Jan/2024:08:39:58 +0800] "POST /xingrg/kc/buy/cgsh_order_operate.html HTTP/1.1" 200 37
114.95.241.104 - - [11/Jan/2024:08:40:00 +0800] "POST /xingrg/kc/buy/cgsh_order_operate.html HTTP/1.1" 200 31635
124.78.154.219 - - [11/Jan/2024:08:40:00 +0800] "GET /xingrg/kc/buy/cgsh_order_operate.html?command=get_materiel&rest_code=00106&code=00101012029&supplier_code=00100096&order_time=2024-01-11 HTTP/1.1" 200 433
116.228.172.122 - - [11/Jan/2024:08:40:01 +0800] "GET /xingrg/all/function/internal_message.html?_=1704933509697&CODE_STATE=getMsg HTTP/1.1" 302 -
116.228.172.122 - - [11/Jan/2024:08:40:01 +0800] "GET /xingrg/check_reg.html?_=1704933509700 HTTP/1.1" 302 -
180.163.30.76 - - [11/Jan/2024:08:40:09 +0800] "GET /xingrg/kc/buy/cgsh_order_operate.html?command=get_materiel&rest_code=00106&code=00101012025&supplier_code=00100096&order_time=2024-01-11 HTTP/1.1" 302 -
180.163.30.76 - - [11/Jan/2024:08:40:09 +0800] "GET /xingrg/login.html HTTP/1.1" 200 7641
116.232.193.168 - - [11/Jan/2024:08:40:10 +0800] "GET /xingrg/all/function/internal_message.html?_=1704933554472&CODE_STATE=getMsg HTTP/1.1" 200 27
114.95.241.104 - - [11/Jan/2024:08:40:10 +0800] "GET /xingrg/kc/buy/cgsh_order_operate.html?command=get_materiel&rest_code=00150&code=00101008061&supplier_code=00100008&order_time=2024-01-11 HTTP/1.1" 200 422
58.40.7.146 - - [11/Jan/2024:08:40:16 +0800] "GET /xingrg/all/function/internal_message.html?_=1704933616862&CODE_STATE=getMsg HTTP/1.1" 200 27
101.83.145.37 - - [11/Jan/2024:08:40:18 +0800] "GET /xingrg/all/function/internal_message.html?_=1704933385352&CODE_STATE=getMsg HTTP/1.1" 200 27
124.78.154.219 - - [11/Jan/2024:08:40:19 +0800] "POST /xingrg/kc/buy/cgsh_order_operate.html HTTP/1.1" 200 37
114.95.241.104 - - [11/Jan/2024:08:40:21 +0800] "GET /xingrg/kc/buy/cgsh_order_operate.html?command=get_materiel&rest_code=00150&code=00101009011&supplier_code=00100008&order_time=2024-01-11 HTTP/1.1" 200 416
114.95.241.104 - - [11/Jan/2024:08:40:30 +0800] "GET /xingrg/check_reg.html?_=1704933630138 HTTP/1.1" 200 22
114.95.241.104 - - [11/Jan/2024:08:40:30 +0800] "GET /xingrg/all/function/internal_message.html?_=1704933630141&CODE_STATE=getMsg HTTP/1.1" 200 27
114.95.241.104 - - [11/Jan/2024:08:40:30 +0800] "GET /xingrg/kc/buy/cgsh_order_operate.html?command=get_materiel&rest_code=00150&code=00101009015&supplier_code=00100008&order_time=2024-01-11 HTTP/1.1" 200 416
124.77.240.112 - - [11/Jan/2024:08:40:32 +0800] "GET /xingrg/all/function/internal_message.html?_=1704933636061&CODE_STATE=getMsg HTTP/1.1" 200 27
180.171.56.87 - - [11/Jan/2024:08:40:34 +0800] "GET /xingrg/check_reg.html?_=1704933639274 HTTP/1.1" 200 22
180.171.56.87 - - [11/Jan/2024:08:40:34 +0800] "GET /xingrg/all/function/internal_message.html?_=1704933639276&CODE_STATE=getMsg HTTP/1.1" 200 27
114.95.241.104 - - [11/Jan/2024:08:40:47 +0800] "POST /xingrg/kc/buy/cgsh_order_operate.html HTTP/1.1" 200 37
221.239.172.206 - - [11/Jan/2024:08:40:50 +0800] "GET /xingrg/all/function/internal_message.html?_=1704933649997&CODE_STATE=getMsg HTTP/1.1" 200 27
114.95.241.104 - - [11/Jan/2024:08:40:54 +0800] "POST /xingrg/kc/buy/cgsh_order_operate.html HTTP/1.1" 200 33432
124.78.68.102 - - [11/Jan/2024:08:40:55 +0800] "GET /xingrg/all/function/internal_message.html?_=1704933655818&CODE_STATE=getMsg HTTP/1.1" 200 27
120.253.135.82 - - [11/Jan/2024:08:40:56 +0800] "GET /xingrg/all/function/internal_message.html?_=1704933476685&CODE_STATE=getMsg HTTP/1.1" 200 27
114.95.241.104 - - [11/Jan/2024:08:40:57 +0800] "GET /xingrg/all/function/internal_message.html?_=1704933657939&CODE_STATE=getMsg HTTP/1.1" 200 27
116.232.193.168 - - [11/Jan/2024:08:40:58 +0800] "GET /xingrg/all/function/internal_message.html?_=1704933602739&CODE_STATE=getMsg HTTP/1.1" 200 27
116.228.172.122 - - [11/Jan/2024:08:41:01 +0800] "GET /xingrg/all/function/internal_message.html?_=1704933569710&CODE_STATE=getMsg HTTP/1.1" 302 -
116.232.193.168 - - [11/Jan/2024:08:41:10 +0800] "GET /xingrg/all/function/internal_message.html?_=1704933614454&CODE_STATE=getMsg HTTP/1.1" 200 27
58.40.7.146 - - [11/Jan/2024:08:41:16 +0800] "GET /xingrg/all/function/internal_message.html?_=1704933676865&CODE_STATE=getMsg HTTP/1.1" 200 27
101.83.145.37 - - [11/Jan/2024:08:41:18 +0800] "GET /xingrg/all/function/internal_message.html?_=1704933445353&CODE_STATE=getMsg HTTP/1.1" 200 27
116.232.193.168 - - [11/Jan/2024:08:41:18 +0800] "GET /xingrg/check_reg.html?_=1704933622948 HTTP/1.1" 200 22
114.95.241.104 - - [11/Jan/2024:08:41:30 +0800] "GET /xingrg/all/function/internal_message.html?_=1704933690168&CODE_STATE=getMsg HTTP/1.1" 200 27
124.77.240.112 - - [11/Jan/2024:08:41:32 +0800] "GET /xingrg/all/function/internal_message.html?_=1704933696064&CODE_STATE=getMsg HTTP/1.1" 200 27
221.239.172.206 - - [11/Jan/2024:08:41:33 +0800] "GET /xingrg/check_reg.html?_=1704933693103 HTTP/1.1" 200 22
180.171.56.87 - - [11/Jan/2024:08:41:34 +0800] "GET /xingrg/all/function/internal_message.html?_=1704933699264&CODE_STATE=getMsg HTTP/1.1" 200 27
221.239.172.206 - - [11/Jan/2024:08:41:50 +0800] "GET /xingrg/all/function/internal_message.html?_=1704933709969&CODE_STATE=getMsg HTTP/1.1" 200 27
124.78.68.102 - - [11/Jan/2024:08:41:55 +0800] "GET /xingrg/all/function/internal_message.html?_=1704933715797&CODE_STATE=getMsg HTTP/1.1" 200 27
120.253.135.82 - - [11/Jan/2024:08:41:56 +0800] "GET /xingrg/all/function/internal_message.html?_=1704933536763&CODE_STATE=getMsg HTTP/1.1" 200 27
114.95.241.104 - - [11/Jan/2024:08:41:57 +0800] "GET /xingrg/all/function/internal_message.html?_=1704933717945&CODE_STATE=getMsg HTTP/1.1" 200 27
116.232.193.168 - - [11/Jan/2024:08:41:58 +0800] "GET /xingrg/all/function/internal_message.html?_=1704933662716&CODE_STATE=getMsg HTTP/1.1" 200 27
116.228.172.122 - - [11/Jan/2024:08:42:01 +0800] "GET /xingrg/all/function/internal_message.html?_=1704933629716&CODE_STATE=getMsg HTTP/1.1" 302 -
101.83.145.37 - - [11/Jan/2024:08:42:03 +0800] "GET /xingrg/javascript/jquery_easy_ui/themes/default/images/tabs_active.png HTTP/1.1" 304 -
116.232.193.168 - - [11/Jan/2024:08:42:10 +0800] "GET /xingrg/all/function/internal_message.html?_=1704933674437&CODE_STATE=getMsg HTTP/1.1" 200 27
180.152.241.32 - - [11/Jan/2024:08:42:14 +0800] "GET /xingrg/check_reg.html?_=1704933735147 HTTP/1.1" 302 -
58.40.7.146 - - [11/Jan/2024:08:42:16 +0800] "GET /xingrg/all/function/internal_message.html?_=1704933736867&CODE_STATE=getMsg HTTP/1.1" 200 27
101.83.145.37 - - [11/Jan/2024:08:42:18 +0800] "GET /xingrg/check_reg.html?_=1704933505354 HTTP/1.1" 200 22
101.83.145.37 - - [11/Jan/2024:08:42:18 +0800] "GET /xingrg/all/function/internal_message.html?_=1704933505357&CODE_STATE=getMsg HTTP/1.1" 200 27
124.78.68.102 - - [11/Jan/2024:08:42:24 +0800] "GET /xingrg/check_reg.html?_=1704933744260 HTTP/1.1" 200 22
101.83.145.37 - - [11/Jan/2024:08:42:27 +0800] "GET /xingrg/kc/buy/buy_main.html HTTP/1.1" 200 12412
101.83.145.37 - - [11/Jan/2024:08:42:27 +0800] "GET /xingrg/css/new_ie.css HTTP/1.1" 404 1036
101.83.145.37 - - [11/Jan/2024:08:42:28 +0800] "GET /xingrg/images/yd/bt.gif HTTP/1.1" 404 1040
101.83.145.37 - - [11/Jan/2024:08:42:29 +0800] "GET /xingrg/kc/buy/cgsh_order_list.html HTTP/1.1" 200 57165
114.95.241.104 - - [11/Jan/2024:08:42:30 +0800] "GET /xingrg/all/function/internal_message.html?_=1704933750143&CODE_STATE=getMsg HTTP/1.1" 200 27
124.77.240.112 - - [11/Jan/2024:08:42:32 +0800] "GET /xingrg/all/function/internal_message.html?_=1704933756181&CODE_STATE=getMsg HTTP/1.1" 200 27
101.83.145.37 - - [11/Jan/2024:08:42:32 +0800] "POST /xingrg/kc/buy/cgsh_list_operate.html HTTP/1.1" 200 986
180.171.56.87 - - [11/Jan/2024:08:42:34 +0800] "GET /xingrg/all/function/internal_message.html?_=1704933759266&CODE_STATE=getMsg HTTP/1.1" 200 27
101.83.145.37 - - [11/Jan/2024:08:42:39 +0800] "GET /xingrg/javascript/jquery_tools/images/next.gif HTTP/1.1" 404 1086
101.83.145.37 - - [11/Jan/2024:08:42:39 +0800] "GET /xingrg/javascript/jquery_tools/images/prev.gif HTTP/1.1" 404 1086
221.239.172.206 - - [11/Jan/2024:08:42:50 +0800] "GET /xingrg/all/function/internal_message.html?_=1704933769956&CODE_STATE=getMsg HTTP/1.1" 200 27
180.152.241.32 - - [11/Jan/2024:08:42:53 +0800] "GET /xingrg/kc/buy/cgsh_order_list.html HTTP/1.1" 302 -
180.152.241.32 - - [11/Jan/2024:08:42:53 +0800] "GET /xingrg/login.html HTTP/1.1" 200 7641
180.152.241.32 - - [11/Jan/2024:08:42:53 +0800] "GET /xingrg/login.html HTTP/1.1" 200 7641
180.152.241.32 - - [11/Jan/2024:08:42:53 +0800] "GET /xingrg/images/blue/jxLogo.png HTTP/1.1" 200 6156
180.152.241.32 - - [11/Jan/2024:08:42:54 +0800] "GET /xingrg/images/blue/srbg.png HTTP/1.1" 200 138
180.152.241.32 - - [11/Jan/2024:08:42:54 +0800] "GET /xingrg/images/blue/hj.png HTTP/1.1" 200 1014
180.152.241.32 - - [11/Jan/2024:08:42:54 +0800] "GET /xingrg/images/blue/login_bg.png HTTP/1.1" 200 22101
180.152.241.32 - - [11/Jan/2024:08:42:54 +0800] "GET /favicon.ico HTTP/1.1" 404 -
124.78.68.102 - - [11/Jan/2024:08:42:55 +0800] "GET /xingrg/all/function/internal_message.html?_=1704933775789&CODE_STATE=getMsg HTTP/1.1" 200 27
180.152.241.32 - - [11/Jan/2024:08:42:56 +0800] "POST /xingrg/login.do HTTP/1.1" 302 -
180.152.241.32 - - [11/Jan/2024:08:42:56 +0800] "GET /xingrg/index.html?sysBaseUrl=http%3A%2F%2F180.169.147.146%3A18081%2Fxingrg%2F&costTime=809×tamp=1704933776601 HTTP/1.1" 200 17173
120.253.135.82 - - [11/Jan/2024:08:42:56 +0800] "GET /xingrg/all/function/internal_message.html?_=1704933596775&CODE_STATE=getMsg HTTP/1.1" 200 27
180.152.241.32 - - [11/Jan/2024:08:42:56 +0800] "GET /xingrg/javascript/jquery_easy_ui/themes/default/easyui.css HTTP/1.1" 200 26500
180.152.241.32 - - [11/Jan/2024:08:42:56 +0800] "GET /xingrg/javascript/jquery_easy_ui/themes/icon.css HTTP/1.1" 200 3949
180.152.241.32 - - [11/Jan/2024:08:42:56 +0800] "GET /xingrg/css/form.css HTTP/1.1" 200 893
180.152.241.32 - - [11/Jan/2024:08:42:56 +0800] "GET /xingrg/javascript/jquery.form.js HTTP/1.1" 200 23110
180.152.241.32 - - [11/Jan/2024:08:42:56 +0800] "GET /xingrg/javascript/jquery_easy_ui/easyui-lang-zh_CN.js HTTP/1.1" 200 1900
180.152.241.32 - - [11/Jan/2024:08:42:56 +0800] "GET /xingrg/javascript/jquery.utils.js HTTP/1.1" 200 11805
180.152.241.32 - - [11/Jan/2024:08:42:56 +0800] "GET /xingrg/javascript/jquery_easy_ui/jquery.easyui.min.js HTTP/1.1" 200 213662
180.152.241.32 - - [11/Jan/2024:08:42:56 +0800] "GET /xingrg/javascript/jquery-1.4.2.min.js HTTP/1.1" 200 72205
180.152.241.32 - - [11/Jan/2024:08:42:56 +0800] "GET /xingrg/javascript/jquery.timers.js HTTP/1.1" 200 3532
180.152.241.32 - - [11/Jan/2024:08:42:56 +0800] "GET /favicon.ico HTTP/1.1" 404 -
180.152.241.32 - - [11/Jan/2024:08:42:56 +0800] "GET /xingrg/images/blue/navBackgound.jpg HTTP/1.1" 200 12378
180.152.241.32 - - [11/Jan/2024:08:42:56 +0800] "GET /xingrg/javascript/jquery_easy_ui/themes/icons/settle_new.png HTTP/1.1" 200 826
180.152.241.32 - - [11/Jan/2024:08:42:56 +0800] "GET /xingrg/all/function/internal_message.html?_=1704933777240&CODE_STATE=count HTTP/1.1" 200 11
180.152.241.32 - - [11/Jan/2024:08:42:56 +0800] "GET /xingrg/check_reg.html?_=1704933777240 HTTP/1.1" 200 22
180.152.241.32 - - [11/Jan/2024:08:42:56 +0800] "GET /xingrg/javascript/jquery_easy_ui/themes/default/images/tabs_leftarrow.png HTTP/1.1" 200 389
180.152.241.32 - - [11/Jan/2024:08:42:56 +0800] "GET /xingrg/javascript/jquery_easy_ui/themes/default/images/panel_tool_collapse.gif HTTP/1.1" 200 246
180.152.241.32 - - [11/Jan/2024:08:42:56 +0800] "GET /xingrg/javascript/jquery_easy_ui/themes/default/images/tabs_rightarrow.png HTTP/1.1" 200 395
180.152.241.32 - - [11/Jan/2024:08:42:56 +0800] "GET /xingrg/images/blue/pingpu.png HTTP/1.1" 200 231
180.152.241.32 - - [11/Jan/2024:08:42:57 +0800] "POST /xingrg/all/common/load_tree.html?tree=area_rest_tree_json&manage=1 HTTP/1.1" 200 342
180.152.241.32 - - [11/Jan/2024:08:42:57 +0800] "POST /xingrg/load_menu.html HTTP/1.1" 200 5138
180.152.241.32 - - [11/Jan/2024:08:42:57 +0800] "GET /xingrg/javascript/jquery_easy_ui/themes/default/images/tree_folder_open.gif HTTP/1.1" 200 956
180.152.241.32 - - [11/Jan/2024:08:42:57 +0800] "GET /xingrg/javascript/jquery_easy_ui/themes/default/images/tree_folder.gif HTTP/1.1" 200 952
180.152.241.32 - - [11/Jan/2024:08:42:57 +0800] "GET /xingrg/javascript/jquery_easy_ui/themes/icons/storage_new.png HTTP/1.1" 200 853
180.152.241.32 - - [11/Jan/2024:08:42:57 +0800] "GET /xingrg/javascript/jquery_easy_ui/themes/icons/search_new.png HTTP/1.1" 200 586
180.152.241.32 - - [11/Jan/2024:08:42:57 +0800] "GET /xingrg/javascript/jquery_easy_ui/themes/default/images/tree_file.gif HTTP/1.1" 200 118
180.152.241.32 - - [11/Jan/2024:08:42:57 +0800] "GET /xingrg/javascript/jquery_easy_ui/themes/icons/forms_new.png HTTP/1.1" 200 350
180.152.241.32 - - [11/Jan/2024:08:42:57 +0800] "GET /xingrg/javascript/jquery_easy_ui/themes/default/images/tree_arrows.gif HTTP/1.1" 200 1043
114.95.241.104 - - [11/Jan/2024:08:42:57 +0800] "GET /xingrg/all/function/internal_message.html?_=1704933777951&CODE_STATE=getMsg HTTP/1.1" 200 27
116.232.193.168 - - [11/Jan/2024:08:42:58 +0800] "GET /xingrg/all/function/internal_message.html?_=1704933722689&CODE_STATE=getMsg HTTP/1.1" 200 27
116.228.172.122 - - [11/Jan/2024:08:43:01 +0800] "GET /xingrg/all/function/internal_message.html?_=1704933689705&CODE_STATE=getMsg HTTP/1.1" 302 -
180.152.241.32 - - [11/Jan/2024:08:43:03 +0800] "GET /xingrg/javascript/jquery_easy_ui/themes/default/images/tabs_close.gif HTTP/1.1" 200 829
180.152.241.32 - - [11/Jan/2024:08:43:03 +0800] "GET /xingrg/kc/buy/cgsh_order_list.html HTTP/1.1" 200 57165
180.152.241.32 - - [11/Jan/2024:08:43:03 +0800] "GET /xingrg/css/base.css HTTP/1.1" 200 2811
180.152.241.32 - - [11/Jan/2024:08:43:03 +0800] "GET /xingrg/css/site.css HTTP/1.1" 200 7541
180.152.241.32 - - [11/Jan/2024:08:43:03 +0800] "GET /xingrg/javascript/jquery_tools/datebox.css HTTP/1.1" 200 2597
180.152.241.32 - - [11/Jan/2024:08:43:03 +0800] "GET /xingrg/javascript/easyui/themes/default/easyui.css HTTP/1.1" 200 30432
180.152.241.32 - - [11/Jan/2024:08:43:03 +0800] "GET /xingrg/javascript/auto/jquery.autocomplete.css HTTP/1.1" 200 587
180.152.241.32 - - [11/Jan/2024:08:43:03 +0800] "GET /xingrg/javascript/easyui/themes/icon.css HTTP/1.1" 200 4483
180.152.241.32 - - [11/Jan/2024:08:43:03 +0800] "GET /xingrg/javascript/jquery_tools/fix.css HTTP/1.1" 200 1702
180.152.241.32 - - [11/Jan/2024:08:43:03 +0800] "GET /xingrg/javascript/jquery_tools/jquery.tools.min.js HTTP/1.1" 200 138801
180.152.241.32 - - [11/Jan/2024:08:43:03 +0800] "GET /xingrg/javascript/jquery_tools/table.css HTTP/1.1" 200 1032
