101.83.145.37 - - [11/Jan/2024:10:05:34 +0800] "POST /xingrg/services/DataTransmitService HTTP/1.1" 401 565
101.83.145.37 - - [11/Jan/2024:10:05:34 +0800] "POST /xingrg/services/DataTransmitService HTTP/1.1" 200 478
101.83.145.37 - - [11/Jan/2024:10:05:34 +0800] "POST /xingrg/services/DataTransmitService HTTP/1.1" 200 1319
101.83.145.37 - - [11/Jan/2024:10:05:35 +0800] "POST /xingrg/services/DataTransmitService HTTP/1.1" 200 478
101.83.145.37 - - [11/Jan/2024:10:05:35 +0800] "POST /xingrg/services/DataTransmitService HTTP/1.1" 200 1319
101.83.145.37 - - [11/Jan/2024:10:05:35 +0800] "POST /xingrg/services/DataTransmitService HTTP/1.1" 200 524
101.83.145.37 - - [11/Jan/2024:10:05:35 +0800] "POST /xingrg/services/DataTransmitService HTTP/1.1" 200 2315
101.83.145.37 - - [11/Jan/2024:10:05:36 +0800] "POST /xingrg/services/DataTransmitService HTTP/1.1" 200 45454
124.77.240.112 - - [11/Jan/2024:10:05:36 +0800] "GET /xingrg/all/function/internal_message.html?_=1704938740637&CODE_STATE=getMsg HTTP/1.1" 200 27
101.83.145.37 - - [11/Jan/2024:10:05:36 +0800] "POST /xingrg/services/DataTransmitService HTTP/1.1" 200 19237
114.95.241.104 - - [11/Jan/2024:10:05:36 +0800] "GET /xingrg/kc/mdqp/pssh_order_info.html?code=312024011000246 HTTP/1.1" 200 17301
114.95.241.104 - - [11/Jan/2024:10:05:36 +0800] "GET /xingrg/javascript/jquery_tools/jquery-1.4.2.min.js HTTP/1.1" 404 1094
114.95.241.104 - - [11/Jan/2024:10:05:37 +0800] "GET /xingrg/javascript/easyui/themes/default/validatebox.css HTTP/1.1" 404 1104
114.95.241.104 - - [11/Jan/2024:10:05:37 +0800] "POST /xingrg/kc/mdqp/pssh_order_operate.html HTTP/1.1" 200 2094
114.95.241.104 - - [11/Jan/2024:10:05:40 +0800] "POST /xingrg/all/common/load_combo.html?type=employee HTTP/1.1" 200 280
124.78.154.219 - - [11/Jan/2024:10:05:42 +0800] "GET /xingrg/kc/buy/cgsh_order_operate.html?command=get_materiel&rest_code=00106&code=00101008061&supplier_code=00100007&order_time=2024-01-11 HTTP/1.1" 200 422
120.253.135.82 - - [11/Jan/2024:10:05:44 +0800] "POST /xingrg/kc/pszx/mdps_order_operate.html HTTP/1.1" 200 37
114.95.241.104 - - [11/Jan/2024:10:05:47 +0800] "POST /xingrg/kc/mdqp/pssh_order_operate.html HTTP/1.1" 200 37
221.239.172.206 - - [11/Jan/2024:10:05:48 +0800] "GET /xingrg/all/function/internal_message.html?_=1704938748387&CODE_STATE=getMsg HTTP/1.1" 200 27
222.69.135.213 - - [11/Jan/2024:10:05:49 +0800] "GET /xingrg/all/function/internal_message.html?_=1704938750578&CODE_STATE=getMsg HTTP/1.1" 200 27
180.152.241.32 - - [11/Jan/2024:10:05:51 +0800] "POST /xingrg/kc/buy/cgsh_order_operate.html HTTP/1.1" 200 37
120.253.135.82 - - [11/Jan/2024:10:05:52 +0800] "POST /xingrg/kc/pszx/mdps_order_operate.html HTTP/1.1" 200 12
124.78.68.102 - - [11/Jan/2024:10:05:54 +0800] "GET /xingrg/all/function/internal_message.html?_=1704938754444&CODE_STATE=getMsg HTTP/1.1" 200 27
114.95.241.104 - - [11/Jan/2024:10:05:54 +0800] "POST /xingrg/kc/mdqp/pssh_order_operate.html HTTP/1.1" 200 12
101.228.146.191 - - [11/Jan/2024:10:05:55 +0800] "GET /xingrg/all/function/internal_message.html?_=1704938754097&CODE_STATE=getMsg HTTP/1.1" 200 27
124.78.154.219 - - [11/Jan/2024:10:05:55 +0800] "POST /xingrg/kc/buy/cgsh_order_operate.html HTTP/1.1" 200 37
120.253.135.82 - - [11/Jan/2024:10:05:56 +0800] "GET /xingrg/kc/pszx/mdps_order_info.html?code=312024011000248 HTTP/1.1" 200 19638
120.253.135.82 - - [11/Jan/2024:10:05:56 +0800] "GET /xingrg/javascript/easyui/themes/default/validatebox.css HTTP/1.1" 404 1104
116.232.193.168 - - [11/Jan/2024:10:05:56 +0800] "GET /xingrg/all/function/internal_message.html?_=1704938701244&CODE_STATE=getMsg HTTP/1.1" 200 27
120.253.135.82 - - [11/Jan/2024:10:05:57 +0800] "POST /xingrg/kc/pszx/mdps_order_operate.html HTTP/1.1" 200 11238
180.152.241.32 - - [11/Jan/2024:10:05:57 +0800] "GET /xingrg/all/function/internal_message.html?_=1704938758127&CODE_STATE=getMsg HTTP/1.1" 200 27
114.95.241.104 - - [11/Jan/2024:10:05:57 +0800] "GET /xingrg/all/function/internal_message.html?_=1704938757953&CODE_STATE=getMsg HTTP/1.1" 200 27
120.253.135.82 - - [11/Jan/2024:10:05:59 +0800] "POST /xingrg/kc/pszx/mdps_list_operate.html HTTP/1.1" 200 2436
114.95.241.104 - - [11/Jan/2024:10:05:59 +0800] "GET /xingrg/kc/mdqp/pssh_order_info.html?code=312024011000246 HTTP/1.1" 200 14398
114.95.241.104 - - [11/Jan/2024:10:05:59 +0800] "GET /xingrg/javascript/jquery_tools/jquery-1.4.2.min.js HTTP/1.1" 404 1094
114.95.241.104 - - [11/Jan/2024:10:05:59 +0800] "GET /xingrg/javascript/easyui/themes/default/validatebox.css HTTP/1.1" 404 1104
114.95.241.104 - - [11/Jan/2024:10:05:59 +0800] "POST /xingrg/kc/mdqp/pssh_order_operate.html HTTP/1.1" 200 2094
116.228.172.122 - - [11/Jan/2024:10:06:01 +0800] "GET /xingrg/all/function/internal_message.html?_=1704938669718&CODE_STATE=getMsg HTTP/1.1" 302 -
120.253.135.82 - - [11/Jan/2024:10:06:02 +0800] "GET /xingrg/all/function/internal_message.html?_=1704938582239&CODE_STATE=getMsg HTTP/1.1" 200 27
114.95.241.104 - - [11/Jan/2024:10:06:03 +0800] "GET /xingrg/kc/print/load_data.html?order_code=312024011000246&kc_code=pssh&condition= HTTP/1.1" 200 1195
180.152.241.32 - - [11/Jan/2024:10:06:04 +0800] "POST /xingrg/kc/buy/cgsh_order_operate.html HTTP/1.1" 200 12
116.232.193.168 - - [11/Jan/2024:10:06:08 +0800] "GET /xingrg/all/function/internal_message.html?_=1704938712979&CODE_STATE=getMsg HTTP/1.1" 200 27
114.95.241.104 - - [11/Jan/2024:10:06:09 +0800] "GET /xingrg/all/function/internal_message.html?_=1704938769235&CODE_STATE=getMsg HTTP/1.1" 200 27
180.152.241.32 - - [11/Jan/2024:10:06:14 +0800] "GET /xingrg/kc/buy/cgsh_order_info.html?code=212024011104068 HTTP/1.1" 200 67879
180.152.241.32 - - [11/Jan/2024:10:06:14 +0800] "GET /xingrg/javascript/easyui/themes/default/validatebox.css HTTP/1.1" 404 1104
180.152.241.32 - - [11/Jan/2024:10:06:15 +0800] "POST /xingrg/kc/buy/cgsh_order_operate.html HTTP/1.1" 200 5351
58.40.7.146 - - [11/Jan/2024:10:06:16 +0800] "GET /xingrg/all/function/internal_message.html?_=1704938776845&CODE_STATE=getMsg HTTP/1.1" 200 27
120.253.135.82 - - [11/Jan/2024:10:06:17 +0800] "POST /xingrg/kc/pszx/mdps_list_operate.html HTTP/1.1" 200 617
120.253.135.82 - - [11/Jan/2024:10:06:18 +0800] "GET /xingrg/kc/pszx/mdps_order_info.html?code=312024011000249 HTTP/1.1" 200 23978
101.83.145.37 - - [11/Jan/2024:10:06:18 +0800] "GET /xingrg/all/function/internal_message.html?_=1704938545445&CODE_STATE=getMsg HTTP/1.1" 200 27
116.232.193.168 - - [11/Jan/2024:10:06:18 +0800] "GET /xingrg/check_reg.html?_=1704938722959 HTTP/1.1" 200 22
120.253.135.82 - - [11/Jan/2024:10:06:18 +0800] "GET /xingrg/javascript/easyui/themes/default/validatebox.css HTTP/1.1" 404 1104
120.253.135.82 - - [11/Jan/2024:10:06:19 +0800] "POST /xingrg/kc/pszx/mdps_order_operate.html HTTP/1.1" 200 6807
180.164.1.25 - - [11/Jan/2024:10:06:21 +0800] "GET /xingrg/all/function/internal_message.html?_=1704938780597&CODE_STATE=getMsg HTTP/1.1" 200 27
222.70.180.200 - - [11/Jan/2024:10:06:21 +0800] "GET /xingrg/all/function/internal_message.html?_=1704938780037&CODE_STATE=getMsg HTTP/1.1" 200 27
180.152.241.32 - - [11/Jan/2024:10:06:22 +0800] "GET /xingrg/kc/print/load_config.html?kc_code=cgsh HTTP/1.1" 200 1927
180.152.241.32 - - [11/Jan/2024:10:06:22 +0800] "GET /xingrg/kc/print/load_data.html?order_code=212024011104068&kc_code=cgsh&condition= HTTP/1.1" 200 2468
120.253.135.82 - - [11/Jan/2024:10:06:23 +0800] "POST /xingrg/kc/pszx/mdps_order_operate.html HTTP/1.1" 200 37
222.70.115.1 - - [11/Jan/2024:10:06:26 +0800] "GET /xingrg/all/function/internal_message.html?_=1704938792369&CODE_STATE=getMsg HTTP/1.1" 200 27
120.253.135.82 - - [11/Jan/2024:10:06:28 +0800] "POST /xingrg/kc/pszx/mdps_order_operate.html HTTP/1.1" 200 12
120.253.135.82 - - [11/Jan/2024:10:06:29 +0800] "GET /xingrg/kc/pszx/mdps_order_info.html?code=312024011000249 HTTP/1.1" 200 19638
180.152.241.32 - - [11/Jan/2024:10:06:29 +0800] "GET /xingrg/kc/buy/cgsh_order_add.html HTTP/1.1" 200 72982
180.152.241.32 - - [11/Jan/2024:10:06:30 +0800] "POST /xingrg/kc/buy/cgsh_order_operate.html HTTP/1.1" 200 8245
180.152.241.32 - - [11/Jan/2024:10:06:30 +0800] "GET /xingrg/javascript/easyui/themes/default/validatebox.css HTTP/1.1" 404 1104
180.163.29.103 - - [11/Jan/2024:10:06:30 +0800] "GET /xingrg/kc/buy/cgsh_order_operate.html?command=get_materiel&rest_code=00106&code=00101008110&supplier_code=00100007&order_time=2024-01-11 HTTP/1.1" 302 -
180.163.29.103 - - [11/Jan/2024:10:06:30 +0800] "GET /xingrg/login.html HTTP/1.1" 200 7641
120.253.135.82 - - [11/Jan/2024:10:06:30 +0800] "GET /xingrg/javascript/easyui/themes/default/validatebox.css HTTP/1.1" 404 1104
120.253.135.82 - - [11/Jan/2024:10:06:30 +0800] "POST /xingrg/kc/pszx/mdps_order_operate.html HTTP/1.1" 200 4985
120.253.135.82 - - [11/Jan/2024:10:06:31 +0800] "POST /xingrg/kc/pszx/mdps_list_operate.html HTTP/1.1" 200 2063
101.83.145.37 - - [11/Jan/2024:10:06:32 +0800] "POST /xingrg/services/DataTransmitService HTTP/1.1" 200 524
120.253.135.82 - - [11/Jan/2024:10:06:33 +0800] "POST /xingrg/kc/pszx/mdps_list_operate.html HTTP/1.1" 200 212
101.83.145.37 - - [11/Jan/2024:10:06:33 +0800] "GET /xingrg/all/function/internal_message.html?_=1704938793482&CODE_STATE=getMsg HTTP/1.1" 200 27
101.83.145.37 - - [11/Jan/2024:10:06:33 +0800] "GET /xingrg/check_reg.html?_=1704938793485 HTTP/1.1" 200 22
221.239.172.206 - - [11/Jan/2024:10:06:33 +0800] "GET /xingrg/check_reg.html?_=1704938793207 HTTP/1.1" 200 22
116.232.193.168 - - [11/Jan/2024:10:06:33 +0800] "GET /xingrg/all/function/internal_message.html?_=1704938738222&CODE_STATE=getMsg HTTP/1.1" 200 27
120.253.135.82 - - [11/Jan/2024:10:06:34 +0800] "GET /xingrg/kc/pszx/mdps_order_info.html?code=312024011000265 HTTP/1.1" 200 23978
180.171.56.87 - - [11/Jan/2024:10:06:34 +0800] "GET /xingrg/all/function/internal_message.html?_=1704938799382&CODE_STATE=getMsg HTTP/1.1" 200 27
120.253.135.82 - - [11/Jan/2024:10:06:34 +0800] "GET /xingrg/javascript/easyui/themes/default/validatebox.css HTTP/1.1" 404 1104
120.253.135.82 - - [11/Jan/2024:10:06:35 +0800] "POST /xingrg/kc/pszx/mdps_order_operate.html HTTP/1.1" 200 2305
124.77.240.112 - - [11/Jan/2024:10:06:36 +0800] "GET /xingrg/all/function/internal_message.html?_=1704938800651&CODE_STATE=getMsg HTTP/1.1" 200 27
120.253.135.82 - - [11/Jan/2024:10:06:39 +0800] "POST /xingrg/kc/pszx/mdps_order_operate.html HTTP/1.1" 200 37
120.253.135.82 - - [11/Jan/2024:10:06:43 +0800] "POST /xingrg/kc/pszx/mdps_order_operate.html HTTP/1.1" 200 12
114.95.241.104 - - [11/Jan/2024:10:06:43 +0800] "POST /xingrg/kc/mdqp/pssh_list_operate.html HTTP/1.1" 200 1926
114.95.241.104 - - [11/Jan/2024:10:06:45 +0800] "GET /xingrg/kc/mdqp/qqps_order_list.html HTTP/1.1" 200 9222
114.95.241.104 - - [11/Jan/2024:10:06:45 +0800] "GET /xingrg/dwr/interface/AjaxQqpsService.js HTTP/1.1" 200 16326
114.95.241.104 - - [11/Jan/2024:10:06:45 +0800] "GET /xingrg/dwr/interface/AjaxReportQueryService.js HTTP/1.1" 200 13203
114.95.241.104 - - [11/Jan/2024:10:06:45 +0800] "GET /xingrg/dwr/engine.js HTTP/1.1" 200 43631
114.95.241.104 - - [11/Jan/2024:10:06:45 +0800] "POST /xingrg/kc/mdqp/pssh_list_operate.html HTTP/1.1" 200 1926
114.95.241.104 - - [11/Jan/2024:10:06:46 +0800] "GET /xingrg/kc/mdqp/pssh_order_list.html HTTP/1.1" 200 17890
114.95.241.104 - - [11/Jan/2024:10:06:46 +0800] "POST /xingrg/kc/mdqp/pssh_list_operate.html HTTP/1.1" 200 5522
221.239.172.206 - - [11/Jan/2024:10:06:48 +0800] "GET /xingrg/all/function/internal_message.html?_=1704938808363&CODE_STATE=getMsg HTTP/1.1" 200 27
222.69.135.213 - - [11/Jan/2024:10:06:49 +0800] "GET /xingrg/all/function/internal_message.html?_=1704938810579&CODE_STATE=getMsg HTTP/1.1" 200 27
120.253.135.82 - - [11/Jan/2024:10:06:51 +0800] "GET /xingrg/login.html HTTP/1.1" 200 7641
120.253.135.82 - - [11/Jan/2024:10:06:51 +0800] "GET /favicon.ico HTTP/1.1" 404 -
114.95.241.104 - - [11/Jan/2024:10:06:51 +0800] "POST /xingrg/all/user/operate.html HTTP/1.1" 200 36
114.95.241.104 - - [11/Jan/2024:10:06:52 +0800] "GET /xingrg/index.html?sysBaseUrl=http%3A%2F%2F180.169.147.146%3A18081%2Fxingrg%2F&costTime=944×tamp=1704934474598 HTTP/1.1" 200 17177
114.95.241.104 - - [11/Jan/2024:10:06:52 +0800] "GET /xingrg/javascript/jquery_easy_ui/themes/default/easyui.css HTTP/1.1" 304 -
114.95.241.104 - - [11/Jan/2024:10:06:52 +0800] "GET /xingrg/javascript/jquery_easy_ui/themes/icon.css HTTP/1.1" 304 -
114.95.241.104 - - [11/Jan/2024:10:06:52 +0800] "GET /xingrg/css/form.css HTTP/1.1" 304 -
114.95.241.104 - - [11/Jan/2024:10:06:52 +0800] "GET /xingrg/javascript/jquery-1.4.2.min.js HTTP/1.1" 304 -
114.95.241.104 - - [11/Jan/2024:10:06:52 +0800] "GET /xingrg/javascript/jquery_easy_ui/jquery.easyui.min.js HTTP/1.1" 304 -
114.95.241.104 - - [11/Jan/2024:10:06:52 +0800] "GET /xingrg/javascript/jquery_easy_ui/easyui-lang-zh_CN.js HTTP/1.1" 304 -
114.95.241.104 - - [11/Jan/2024:10:06:52 +0800] "GET /xingrg/javascript/jquery.form.js HTTP/1.1" 304 -
114.95.241.104 - - [11/Jan/2024:10:06:52 +0800] "GET /xingrg/javascript/jquery.utils.js HTTP/1.1" 304 -
114.95.241.104 - - [11/Jan/2024:10:06:52 +0800] "GET /xingrg/javascript/jquery.timers.js HTTP/1.1" 304 -
114.95.241.104 - - [11/Jan/2024:10:06:52 +0800] "GET /xingrg/images/blue/jxLogo.png HTTP/1.1" 304 -
114.95.241.104 - - [11/Jan/2024:10:06:52 +0800] "GET /xingrg/javascript/jquery_easy_ui/themes/icons/settle_new.png HTTP/1.1" 304 -
114.95.241.104 - - [11/Jan/2024:10:06:52 +0800] "GET /xingrg/images/blue/navBackgound.jpg HTTP/1.1" 304 -
114.95.241.104 - - [11/Jan/2024:10:06:52 +0800] "GET /xingrg/all/function/internal_message.html?_=1704938812137&CODE_STATE=count HTTP/1.1" 200 11
114.95.241.104 - - [11/Jan/2024:10:06:52 +0800] "GET /xingrg/check_reg.html?_=1704938812138 HTTP/1.1" 200 22
114.95.241.104 - - [11/Jan/2024:10:06:52 +0800] "GET /xingrg/javascript/jquery_easy_ui/themes/default/images/tabs_leftarrow.png HTTP/1.1" 304 -
114.95.241.104 - - [11/Jan/2024:10:06:52 +0800] "GET /xingrg/javascript/jquery_easy_ui/themes/default/images/tabs_rightarrow.png HTTP/1.1" 304 -
114.95.241.104 - - [11/Jan/2024:10:06:52 +0800] "GET /xingrg/javascript/jquery_easy_ui/themes/default/images/panel_tool_collapse.gif HTTP/1.1" 304 -
114.95.241.104 - - [11/Jan/2024:10:06:52 +0800] "GET /xingrg/images/blue/pingpu.png HTTP/1.1" 304 -
114.95.241.104 - - [11/Jan/2024:10:06:52 +0800] "POST /xingrg/load_menu.html HTTP/1.1" 200 5138
114.95.241.104 - - [11/Jan/2024:10:06:53 +0800] "POST /xingrg/all/common/load_tree.html?tree=area_rest_tree_json&manage=1 HTTP/1.1" 200 476
124.78.68.102 - - [11/Jan/2024:10:06:54 +0800] "GET /xingrg/all/function/internal_message.html?_=1704938814423&CODE_STATE=getMsg HTTP/1.1" 200 27
101.228.146.191 - - [11/Jan/2024:10:06:55 +0800] "GET /xingrg/all/function/internal_message.html?_=1704938814082&CODE_STATE=getMsg HTTP/1.1" 200 27
116.232.193.168 - - [11/Jan/2024:10:06:56 +0800] "GET /xingrg/all/function/internal_message.html?_=1704938761232&CODE_STATE=getMsg HTTP/1.1" 200 27
114.95.241.104 - - [11/Jan/2024:10:06:57 +0800] "GET /xingrg/kc/mdqp/pssh_order_list.html HTTP/1.1" 200 17441
120.253.135.82 - - [11/Jan/2024:10:06:57 +0800] "POST /xingrg/login.do HTTP/1.1" 302 -
120.253.135.82 - - [11/Jan/2024:10:06:57 +0800] "GET /xingrg/index.html?sysBaseUrl=http%3A%2F%2F180.169.147.146%3A18081%2Fxingrg%2F&costTime=1353×tamp=1704938817130 HTTP/1.1" 200 17173
120.253.135.82 - - [11/Jan/2024:10:06:57 +0800] "GET /xingrg/javascript/jquery_easy_ui/themes/default/easyui.css HTTP/1.1" 304 -
120.253.135.82 - - [11/Jan/2024:10:06:57 +0800] "GET /xingrg/css/form.css HTTP/1.1" 304 -
120.253.135.82 - - [11/Jan/2024:10:06:57 +0800] "GET /xingrg/javascript/jquery-1.4.2.min.js HTTP/1.1" 304 -
120.253.135.82 - - [11/Jan/2024:10:06:57 +0800] "GET /xingrg/javascript/jquery_easy_ui/themes/icon.css HTTP/1.1" 304 -
120.253.135.82 - - [11/Jan/2024:10:06:57 +0800] "GET /xingrg/javascript/jquery.form.js HTTP/1.1" 304 -
120.253.135.82 - - [11/Jan/2024:10:06:57 +0800] "GET /xingrg/javascript/jquery.timers.js HTTP/1.1" 304 -
120.253.135.82 - - [11/Jan/2024:10:06:57 +0800] "GET /xingrg/javascript/jquery_easy_ui/easyui-lang-zh_CN.js HTTP/1.1" 304 -
120.253.135.82 - - [11/Jan/2024:10:06:57 +0800] "GET /xingrg/javascript/jquery.utils.js HTTP/1.1" 304 -
120.253.135.82 - - [11/Jan/2024:10:06:57 +0800] "GET /xingrg/javascript/jquery_easy_ui/jquery.easyui.min.js HTTP/1.1" 304 -
120.253.135.82 - - [11/Jan/2024:10:06:57 +0800] "GET /favicon.ico HTTP/1.1" 404 -
120.253.135.82 - - [11/Jan/2024:10:06:57 +0800] "GET /xingrg/all/function/internal_message.html?_=1704938675412&CODE_STATE=count HTTP/1.1" 200 11
120.253.135.82 - - [11/Jan/2024:10:06:57 +0800] "GET /xingrg/check_reg.html?_=1704938675413 HTTP/1.1" 200 22
114.95.241.104 - - [11/Jan/2024:10:06:57 +0800] "POST /xingrg/kc/mdqp/pssh_list_operate.html HTTP/1.1" 200 5478
120.253.135.82 - - [11/Jan/2024:10:06:57 +0800] "POST /xingrg/all/common/load_tree.html?tree=area_rest_tree_json&manage=1 HTTP/1.1" 200 3624
120.253.135.82 - - [11/Jan/2024:10:06:57 +0800] "POST /xingrg/load_menu.html HTTP/1.1" 200 6743
180.152.241.32 - - [11/Jan/2024:10:06:57 +0800] "GET /xingrg/all/function/internal_message.html?_=1704938818110&CODE_STATE=getMsg HTTP/1.1" 200 27
114.95.241.104 - - [11/Jan/2024:10:06:57 +0800] "GET /xingrg/all/function/internal_message.html?_=1704938817944&CODE_STATE=getMsg HTTP/1.1" 200 27
124.78.154.219 - - [11/Jan/2024:10:06:57 +0800] "POST /xingrg/kc/buy/cgsh_order_operate.html HTTP/1.1" 200 32208
114.95.241.104 - - [11/Jan/2024:10:06:59 +0800] "POST /xingrg/kc/mdqp/pssh_list_operate.html HTTP/1.1" 200 763
114.95.241.104 - - [11/Jan/2024:10:07:01 +0800] "GET /xingrg/kc/mdqp/pssh_order_info.html?code=312024011000247 HTTP/1.1" 200 17303
114.95.241.104 - - [11/Jan/2024:10:07:01 +0800] "GET /xingrg/javascript/jquery_tools/jquery-1.4.2.min.js HTTP/1.1" 404 1094
116.228.172.122 - - [11/Jan/2024:10:07:01 +0800] "GET /xingrg/all/function/internal_message.html?_=1704938729713&CODE_STATE=getMsg HTTP/1.1" 302 -
114.95.241.104 - - [11/Jan/2024:10:07:01 +0800] "GET /xingrg/javascript/easyui/themes/default/validatebox.css HTTP/1.1" 404 1104
114.95.241.104 - - [11/Jan/2024:10:07:01 +0800] "POST /xingrg/kc/mdqp/pssh_order_operate.html HTTP/1.1" 200 3149
114.95.241.104 - - [11/Jan/2024:10:07:01 +0800] "GET /xingrg/all/common/auto_word.html?type=base&rest_code=00151&rest_code=00151 HTTP/1.1" 200 1315
114.95.241.104 - - [11/Jan/2024:10:07:07 +0800] "POST /xingrg/all/common/load_combo.html?type=employee HTTP/1.1" 200 532
116.232.193.168 - - [11/Jan/2024:10:07:08 +0800] "GET /xingrg/all/function/internal_message.html?_=1704938772955&CODE_STATE=getMsg HTTP/1.1" 200 27
114.95.241.104 - - [11/Jan/2024:10:07:13 +0800] "POST /xingrg/kc/mdqp/pssh_order_operate.html HTTP/1.1" 200 37
58.40.7.146 - - [11/Jan/2024:10:07:16 +0800] "GET /xingrg/all/function/internal_message.html?_=1704938836845&CODE_STATE=getMsg HTTP/1.1" 200 27
114.95.241.104 - - [11/Jan/2024:10:07:17 +0800] "POST /xingrg/kc/mdqp/pssh_order_operate.html HTTP/1.1" 200 12
101.83.145.37 - - [11/Jan/2024:10:07:18 +0800] "GET /xingrg/all/function/internal_message.html?_=1704938605472&CODE_STATE=getMsg HTTP/1.1" 200 27
101.83.145.37 - - [11/Jan/2024:10:07:18 +0800] "GET /xingrg/check_reg.html?_=1704938605475 HTTP/1.1" 200 22
114.95.241.104 - - [11/Jan/2024:10:07:21 +0800] "GET /xingrg/kc/mdqp/pssh_order_info.html?code=312024011000247 HTTP/1.1" 200 14396
180.164.1.25 - - [11/Jan/2024:10:07:21 +0800] "GET /xingrg/all/function/internal_message.html?_=1704938840621&CODE_STATE=getMsg HTTP/1.1" 200 27
114.95.241.104 - - [11/Jan/2024:10:07:21 +0800] "GET /xingrg/javascript/jquery_tools/jquery-1.4.2.min.js HTTP/1.1" 404 1094
222.70.180.200 - - [11/Jan/2024:10:07:21 +0800] "GET /xingrg/all/function/internal_message.html?_=1704938840031&CODE_STATE=getMsg HTTP/1.1" 200 27
114.95.241.104 - - [11/Jan/2024:10:07:21 +0800] "GET /xingrg/javascript/easyui/themes/default/validatebox.css HTTP/1.1" 404 1104
114.95.241.104 - - [11/Jan/2024:10:07:21 +0800] "POST /xingrg/kc/mdqp/pssh_order_operate.html HTTP/1.1" 200 3149
101.83.145.37 - - [11/Jan/2024:10:07:22 +0800] "POST /xingrg/services/DataTransmitService HTTP/1.1" 200 501
124.78.68.102 - - [11/Jan/2024:10:07:23 +0800] "GET /xingrg/check_reg.html?_=1704938843928 HTTP/1.1" 200 22
114.95.241.104 - - [11/Jan/2024:10:07:24 +0800] "GET /xingrg/kc/print/load_data.html?order_code=312024011000247&kc_code=pssh&condition= HTTP/1.1" 200 1563
222.70.115.1 - - [11/Jan/2024:10:07:26 +0800] "GET /xingrg/all/function/internal_message.html?_=1704938852369&CODE_STATE=getMsg HTTP/1.1" 200 27
222.70.115.1 - - [11/Jan/2024:10:07:26 +0800] "GET /xingrg/check_reg.html?_=1704938852371 HTTP/1.1" 200 22
124.78.154.219 - - [11/Jan/2024:10:07:29 +0800] "GET /xingrg/all/function/internal_message.html?_=1704938847826&CODE_STATE=getMsg HTTP/1.1" 200 27
101.83.145.37 - - [11/Jan/2024:10:07:33 +0800] "GET /xingrg/all/function/internal_message.html?_=1704938853481&CODE_STATE=getMsg HTTP/1.1" 200 27
116.232.193.168 - - [11/Jan/2024:10:07:33 +0800] "GET /xingrg/check_reg.html?_=1704938798208 HTTP/1.1" 200 22
116.232.193.168 - - [11/Jan/2024:10:07:33 +0800] "GET /xingrg/all/function/internal_message.html?_=1704938798209&CODE_STATE=getMsg HTTP/1.1" 200 27
180.171.56.87 - - [11/Jan/2024:10:07:34 +0800] "GET /xingrg/all/function/internal_message.html?_=1704938859385&CODE_STATE=getMsg HTTP/1.1" 200 27
124.77.240.112 - - [11/Jan/2024:10:07:36 +0800] "GET /xingrg/all/function/internal_message.html?_=1704938860783&CODE_STATE=getMsg HTTP/1.1" 200 27
120.253.135.82 - - [11/Jan/2024:10:07:45 +0800] "GET /xingrg/kc/pszx/mdps_order_info.html?code=312024011000265 HTTP/1.1" 200 19638
120.253.135.82 - - [11/Jan/2024:10:07:46 +0800] "GET /xingrg/javascript/easyui/themes/default/validatebox.css HTTP/1.1" 404 1104
120.253.135.82 - - [11/Jan/2024:10:07:46 +0800] "GET /xingrg/all/function/internal_message.html?_=1704938686513&CODE_STATE=getMsg HTTP/1.1" 200 27
120.253.135.82 - - [11/Jan/2024:10:07:46 +0800] "POST /xingrg/kc/pszx/mdps_order_operate.html HTTP/1.1" 200 526
120.253.135.82 - - [11/Jan/2024:10:07:48 +0800] "POST /xingrg/kc/pszx/mdps_list_operate.html HTTP/1.1" 200 1692
221.239.172.206 - - [11/Jan/2024:10:07:48 +0800] "GET /xingrg/all/function/internal_message.html?_=1704938868351&CODE_STATE=getMsg HTTP/1.1" 200 27
222.69.135.213 - - [11/Jan/2024:10:07:49 +0800] "GET /xingrg/all/function/internal_message.html?_=1704938870577&CODE_STATE=getMsg HTTP/1.1" 200 27
120.253.135.82 - - [11/Jan/2024:10:07:49 +0800] "POST /xingrg/kc/pszx/mdps_list_operate.html HTTP/1.1" 200 202
120.253.135.82 - - [11/Jan/2024:10:07:50 +0800] "GET /xingrg/kc/pszx/mdps_order_info.html?code=312024011000250 HTTP/1.1" 200 23978
120.253.135.82 - - [11/Jan/2024:10:07:51 +0800] "GET /xingrg/javascript/easyui/themes/default/validatebox.css HTTP/1.1" 404 1104
120.253.135.82 - - [11/Jan/2024:10:07:51 +0800] "POST /xingrg/kc/pszx/mdps_order_operate.html HTTP/1.1" 200 2278
114.95.241.104 - - [11/Jan/2024:10:07:52 +0800] "GET /xingrg/all/function/internal_message.html?_=1704938872157&CODE_STATE=getMsg HTTP/1.1" 200 27
124.78.68.102 - - [11/Jan/2024:10:07:54 +0800] "GET /xingrg/all/function/internal_message.html?_=1704938874408&CODE_STATE=getMsg HTTP/1.1" 200 27
120.253.135.82 - - [11/Jan/2024:10:07:54 +0800] "POST /xingrg/kc/pszx/mdps_list_operate.html HTTP/1.1" 200 1692
101.228.146.191 - - [11/Jan/2024:10:07:55 +0800] "GET /xingrg/all/function/internal_message.html?_=1704938874084&CODE_STATE=getMsg HTTP/1.1" 200 27
101.228.146.191 - - [11/Jan/2024:10:07:55 +0800] "GET /xingrg/check_reg.html?_=1704938874086 HTTP/1.1" 200 22
116.232.193.168 - - [11/Jan/2024:10:07:56 +0800] "GET /xingrg/all/function/internal_message.html?_=1704938821214&CODE_STATE=getMsg HTTP/1.1" 200 27
120.253.135.82 - - [11/Jan/2024:10:07:57 +0800] "GET /xingrg/all/function/internal_message.html?_=1704938735419&CODE_STATE=getMsg HTTP/1.1" 200 27
180.152.241.32 - - [11/Jan/2024:10:07:57 +0800] "GET /xingrg/all/function/internal_message.html?_=1704938878105&CODE_STATE=getMsg HTTP/1.1" 200 27
114.95.241.104 - - [11/Jan/2024:10:07:57 +0800] "GET /xingrg/all/function/internal_message.html?_=1704938877947&CODE_STATE=getMsg HTTP/1.1" 200 27
116.228.172.122 - - [11/Jan/2024:10:08:01 +0800] "GET /xingrg/all/function/internal_message.html?_=1704938789710&CODE_STATE=getMsg HTTP/1.1" 302 -
116.232.193.168 - - [11/Jan/2024:10:08:08 +0800] "GET /xingrg/all/function/internal_message.html?_=1704938832937&CODE_STATE=getMsg HTTP/1.1" 200 27
120.253.135.82 - - [11/Jan/2024:10:08:11 +0800] "GET /xingrg/kc/buy/cgsh_order_list.html HTTP/1.1" 200 57165
120.253.135.82 - - [11/Jan/2024:10:08:13 +0800] "POST /xingrg/kc/buy/cgsh_list_operate.html HTTP/1.1" 200 986
120.253.135.82 - - [11/Jan/2024:10:08:15 +0800] "GET /xingrg/kc/buy/cgsh_order_add.html HTTP/1.1" 200 72011
120.253.135.82 - - [11/Jan/2024:10:08:16 +0800] "POST /xingrg/kc/buy/cgsh_order_operate.html HTTP/1.1" 200 8245
120.253.135.82 - - [11/Jan/2024:10:08:16 +0800] "GET /xingrg/javascript/easyui/themes/default/validatebox.css HTTP/1.1" 404 1104
58.40.7.146 - - [11/Jan/2024:10:08:16 +0800] "GET /xingrg/check_reg.html?_=1704938896847 HTTP/1.1" 200 22
58.40.7.146 - - [11/Jan/2024:10:08:16 +0800] "GET /xingrg/all/function/internal_message.html?_=1704938896851&CODE_STATE=getMsg HTTP/1.1" 200 27
101.83.145.37 - - [11/Jan/2024:10:08:18 +0800] "GET /xingrg/all/function/internal_message.html?_=1704938665459&CODE_STATE=getMsg HTTP/1.1" 200 27
124.77.240.112 - - [11/Jan/2024:10:08:20 +0800] "GET /xingrg/check_reg.html?_=1704938904540 HTTP/1.1" 200 22
180.164.1.25 - - [11/Jan/2024:10:08:21 +0800] "GET /xingrg/all/function/internal_message.html?_=1704938900607&CODE_STATE=getMsg HTTP/1.1" 200 27
222.70.180.200 - - [11/Jan/2024:10:08:21 +0800] "GET /xingrg/all/function/internal_message.html?_=1704938900031&CODE_STATE=getMsg HTTP/1.1" 200 27
120.253.135.82 - - [11/Jan/2024:10:08:25 +0800] "POST /xingrg/all/common/load_combo.html?type=employee HTTP/1.1" 200 1749
180.152.241.32 - - [11/Jan/2024:10:08:25 +0800] "GET /xingrg/javascript/easyui/themes/default/tree.css HTTP/1.1" 404 1090
180.152.241.32 - - [11/Jan/2024:10:08:26 +0800] "POST /xingrg/all/common/load_tree.html?tree=supplier_tree_json&isDelete=1 HTTP/1.1" 200 77278
222.70.115.1 - - [11/Jan/2024:10:08:26 +0800] "GET /xingrg/all/function/internal_message.html?_=1704938912370&CODE_STATE=getMsg HTTP/1.1" 200 27
124.78.154.219 - - [11/Jan/2024:10:08:29 +0800] "GET /xingrg/all/function/internal_message.html?_=1704938907799&CODE_STATE=getMsg HTTP/1.1" 200 27
101.83.145.37 - - [11/Jan/2024:10:08:33 +0800] "GET /xingrg/all/function/internal_message.html?_=1704938913481&CODE_STATE=getMsg HTTP/1.1" 200 27
116.232.193.168 - - [11/Jan/2024:10:08:33 +0800] "GET /xingrg/all/function/internal_message.html?_=1704938858214&CODE_STATE=getMsg HTTP/1.1" 200 27
180.171.56.87 - - [11/Jan/2024:10:08:34 +0800] "GET /xingrg/all/function/internal_message.html?_=1704938919384&CODE_STATE=getMsg HTTP/1.1" 200 27
120.253.135.82 - - [11/Jan/2024:10:08:36 +0800] "GET /xingrg/kc/buy/cgsh_order_operate.html?command=get_materiel&rest_code=00101&code=00101016044&supplier_code=00100498&order_time=2024-01-11 HTTP/1.1" 200 464
124.77.240.112 - - [11/Jan/2024:10:08:36 +0800] "GET /xingrg/all/function/internal_message.html?_=1704938920787&CODE_STATE=getMsg HTTP/1.1" 200 27
120.253.135.82 - - [11/Jan/2024:10:08:37 +0800] "POST /xingrg/all/common/load_select.html HTTP/1.1" 200 25
120.253.135.82 - - [11/Jan/2024:10:08:43 +0800] "GET /xingrg/kc/buy/cgsh_order_operate.html?command=get_materiel_price&rest_code=00101&code=00101016044&unit_code=00100068&supplier_code=00100498&order_time=2024-01-11 HTTP/1.1" 200 30
120.253.135.82 - - [11/Jan/2024:10:08:46 +0800] "GET /xingrg/all/function/internal_message.html?_=1704938746585&CODE_STATE=getMsg HTTP/1.1" 200 27
221.239.172.206 - - [11/Jan/2024:10:08:48 +0800] "GET /xingrg/all/function/internal_message.html?_=1704938928335&CODE_STATE=getMsg HTTP/1.1" 200 27
222.69.135.213 - - [11/Jan/2024:10:08:49 +0800] "GET /xingrg/all/function/internal_message.html?_=1704938930578&CODE_STATE=getMsg HTTP/1.1" 200 27
114.95.241.104 - - [11/Jan/2024:10:08:52 +0800] "GET /xingrg/all/function/internal_message.html?_=1704938932159&CODE_STATE=getMsg HTTP/1.1" 200 27
124.78.68.102 - - [11/Jan/2024:10:08:54 +0800] "GET /xingrg/all/function/internal_message.html?_=1704938934378&CODE_STATE=getMsg HTTP/1.1" 200 27
101.228.146.191 - - [11/Jan/2024:10:08:55 +0800] "GET /xingrg/all/function/internal_message.html?_=1704938934084&CODE_STATE=getMsg HTTP/1.1" 200 27
120.253.135.82 - - [11/Jan/2024:10:08:56 +0800] "POST /xingrg/kc/buy/cgsh_order_operate.html HTTP/1.1" 200 37
116.232.193.168 - - [11/Jan/2024:10:08:56 +0800] "GET /xingrg/all/function/internal_message.html?_=1704938881189&CODE_STATE=getMsg HTTP/1.1" 200 27
120.253.135.82 - - [11/Jan/2024:10:08:57 +0800] "GET /xingrg/all/function/internal_message.html?_=1704938795434&CODE_STATE=getMsg HTTP/1.1" 200 27
180.152.241.32 - - [11/Jan/2024:10:08:57 +0800] "GET /xingrg/all/function/internal_message.html?_=1704938938093&CODE_STATE=getMsg HTTP/1.1" 200 27
114.95.241.104 - - [11/Jan/2024:10:08:57 +0800] "GET /xingrg/all/function/internal_message.html?_=1704938937951&CODE_STATE=getMsg HTTP/1.1" 200 27
120.253.135.82 - - [11/Jan/2024:10:08:59 +0800] "POST /xingrg/kc/buy/cgsh_order_operate.html HTTP/1.1" 200 2692
116.228.172.122 - - [11/Jan/2024:10:09:01 +0800] "GET /xingrg/all/function/internal_message.html?_=1704938849710&CODE_STATE=getMsg HTTP/1.1" 302 -
120.253.135.82 - - [11/Jan/2024:10:09:01 +0800] "GET /xingrg/kc/print/load_data.html?order_code=212024011104069&kc_code=cgsh&condition= HTTP/1.1" 200 702
116.232.193.168 - - [11/Jan/2024:10:09:08 +0800] "GET /xingrg/all/function/internal_message.html?_=1704938892919&CODE_STATE=getMsg HTTP/1.1" 200 27
120.253.135.82 - - [11/Jan/2024:10:09:13 +0800] "POST /xingrg/kc/buy/cgsh_order_operate.html HTTP/1.1" 200 37
120.253.135.82 - - [11/Jan/2024:10:09:14 +0800] "GET /xingrg/kc/buy/cgsh_order_list.html HTTP/1.1" 200 57165
120.253.135.82 - - [11/Jan/2024:10:09:14 +0800] "GET /xingrg/javascript/easyui/themes/icon.css HTTP/1.1" 304 -
120.253.135.82 - - [11/Jan/2024:10:09:14 +0800] "GET /xingrg/css/base.css HTTP/1.1" 304 -
120.253.135.82 - - [11/Jan/2024:10:09:14 +0800] "GET /xingrg/css/site.css HTTP/1.1" 304 -
120.253.135.82 - - [11/Jan/2024:10:09:14 +0800] "GET /xingrg/javascript/easyui/themes/default/easyui.css HTTP/1.1" 304 -
120.253.135.82 - - [11/Jan/2024:10:09:14 +0800] "GET /xingrg/javascript/jquery_tools/datebox.css HTTP/1.1" 304 -
120.253.135.82 - - [11/Jan/2024:10:09:14 +0800] "GET /xingrg/javascript/jquery_tools/fix.css HTTP/1.1" 304 -
120.253.135.82 - - [11/Jan/2024:10:09:14 +0800] "GET /xingrg/javascript/jquery_tools/jquery.tools.extend.js HTTP/1.1" 304 -
120.253.135.82 - - [11/Jan/2024:10:09:14 +0800] "GET /xingrg/javascript/jquery_tools/table.css HTTP/1.1" 304 -
120.253.135.82 - - [11/Jan/2024:10:09:14 +0800] "GET /xingrg/javascript/auto/jquery.autocomplete.css HTTP/1.1" 304 -
120.253.135.82 - - [11/Jan/2024:10:09:14 +0800] "GET /xingrg/javascript/jquery_tools/jquery.tools.min.js HTTP/1.1" 304 -
120.253.135.82 - - [11/Jan/2024:10:09:14 +0800] "GET /xingrg/javascript/jquery_tools/jquery.tools.hotkey.js HTTP/1.1" 304 -
120.253.135.82 - - [11/Jan/2024:10:09:14 +0800] "GET /xingrg/javascript/jquery_tools/jquery.tools.table.js HTTP/1.1" 304 -
120.253.135.82 - - [11/Jan/2024:10:09:14 +0800] "GET /xingrg/javascript/auto/jquery.autocomplete.js HTTP/1.1" 304 -
120.253.135.82 - - [11/Jan/2024:10:09:14 +0800] "GET /xingrg/javascript/jquery_tools/list_manager.js HTTP/1.1" 304 -
120.253.135.82 - - [11/Jan/2024:10:09:14 +0800] "GET /xingrg/javascript/easyui/easyloader.js HTTP/1.1" 304 -
120.253.135.82 - - [11/Jan/2024:10:09:14 +0800] "GET /xingrg/javascript/jquery.cookie.js HTTP/1.1" 304 -
120.253.135.82 - - [11/Jan/2024:10:09:14 +0800] "GET /xingrg/javascript/print/LodopFuncs.js HTTP/1.1" 304 -
120.253.135.82 - - [11/Jan/2024:10:09:15 +0800] "GET /xingrg/javascript/easyui/plugins/jquery.parser.js HTTP/1.1" 304 -
58.40.7.146 - - [11/Jan/2024:10:09:16 +0800] "GET /xingrg/all/function/internal_message.html?_=1704938956837&CODE_STATE=getMsg HTTP/1.1" 200 27
101.83.145.37 - - [11/Jan/2024:10:09:18 +0800] "GET /xingrg/all/function/internal_message.html?_=1704938725459&CODE_STATE=getMsg HTTP/1.1" 200 27
180.152.241.32 - - [11/Jan/2024:10:09:20 +0800] "GET /xingrg/kc/buy/cgsh_order_operate.html?command=get_materiel&rest_code=00102&code=00101029085&supplier_code=00100406&order_time=2024-01-11 HTTP/1.1" 200 447
180.164.1.25 - - [11/Jan/2024:10:09:21 +0800] "GET /xingrg/all/function/internal_message.html?_=1704938960608&CODE_STATE=getMsg HTTP/1.1" 200 27
180.164.1.25 - - [11/Jan/2024:10:09:21 +0800] "GET /xingrg/check_reg.html?_=1704938960610 HTTP/1.1" 200 22
222.70.180.200 - - [11/Jan/2024:10:09:21 +0800] "GET /xingrg/all/function/internal_message.html?_=1704938960036&CODE_STATE=getMsg HTTP/1.1" 200 27
101.83.145.37 - - [11/Jan/2024:10:09:22 +0800] "POST /xingrg/services/DataTransmitService HTTP/1.1" 200 524
120.253.135.82 - - [11/Jan/2024:10:09:23 +0800] "POST /xingrg/kc/buy/cgsh_list_operate.html HTTP/1.1" 200 4812
116.232.193.168 - - [11/Jan/2024:10:09:23 +0800] "GET /xingrg/check_reg.html?_=1704938907594 HTTP/1.1" 200 22
222.70.115.1 - - [11/Jan/2024:10:09:26 +0800] "GET /xingrg/all/function/internal_message.html?_=1704938972370&CODE_STATE=getMsg HTTP/1.1" 200 27
120.253.135.82 - - [11/Jan/2024:10:09:27 +0800] "POST /xingrg/kc/buy/cgsh_order_operate.html HTTP/1.1" 200 12
101.83.145.37 - - [11/Jan/2024:10:09:28 +0800] "POST /xingrg/services/DataTransmitService HTTP/1.1" 200 501
124.78.154.219 - - [11/Jan/2024:10:09:29 +0800] "GET /xingrg/all/function/internal_message.html?_=1704938967783&CODE_STATE=getMsg HTTP/1.1" 200 27
120.253.135.82 - - [11/Jan/2024:10:09:30 +0800] "GET /xingrg/kc/buy/cgsh_order_info.html?code=212024011104069 HTTP/1.1" 200 66924
120.253.135.82 - - [11/Jan/2024:10:09:30 +0800] "GET /xingrg/javascript/easyui/themes/default/validatebox.css HTTP/1.1" 404 1104
120.253.135.82 - - [11/Jan/2024:10:09:31 +0800] "POST /xingrg/kc/buy/cgsh_order_operate.html HTTP/1.1" 200 642
101.83.145.37 - - [11/Jan/2024:10:09:33 +0800] "GET /xingrg/all/function/internal_message.html?_=1704938973484&CODE_STATE=getMsg HTTP/1.1" 200 27
116.232.193.168 - - [11/Jan/2024:10:09:33 +0800] "GET /xingrg/all/function/internal_message.html?_=1704938918213&CODE_STATE=getMsg HTTP/1.1" 200 27
180.171.56.87 - - [11/Jan/2024:10:09:34 +0800] "GET /xingrg/all/function/internal_message.html?_=1704938979385&CODE_STATE=getMsg HTTP/1.1" 200 27
101.83.145.37 - - [11/Jan/2024:10:09:35 +0800] "POST /xingrg/services/DataTransmitService HTTP/1.1" 200 524
124.77.240.112 - - [11/Jan/2024:10:09:36 +0800] "GET /xingrg/all/function/internal_message.html?_=1704938980801&CODE_STATE=getMsg HTTP/1.1" 200 27
101.83.145.37 - - [11/Jan/2024:10:09:39 +0800] "POST /xingrg/services/DataTransmitService HTTP/1.1" 200 501
120.253.135.82 - - [11/Jan/2024:10:09:45 +0800] "GET /xingrg/check_reg.html?_=1704938805775 HTTP/1.1" 200 22
120.253.135.82 - - [11/Jan/2024:10:09:46 +0800] "GET /xingrg/all/function/internal_message.html?_=1704938806600&CODE_STATE=getMsg HTTP/1.1" 200 27
221.239.172.206 - - [11/Jan/2024:10:09:48 +0800] "GET /xingrg/all/function/internal_message.html?_=1704938988393&CODE_STATE=getMsg HTTP/1.1" 200 27
222.69.135.213 - - [11/Jan/2024:10:09:49 +0800] "GET /xingrg/all/function/internal_message.html?_=1704938990587&CODE_STATE=getMsg HTTP/1.1" 200 27
222.69.135.213 - - [11/Jan/2024:10:09:49 +0800] "GET /xingrg/check_reg.html?_=1704938990590 HTTP/1.1" 200 22
120.253.135.82 - - [11/Jan/2024:10:09:49 +0800] "GET /xingrg/login.html HTTP/1.1" 200 7641
120.253.135.82 - - [11/Jan/2024:10:09:50 +0800] "GET /favicon.ico HTTP/1.1" 404 -
101.83.145.37 - - [11/Jan/2024:10:09:50 +0800] "POST /xingrg/services/DataTransmitService HTTP/1.1" 200 524
180.152.241.32 - - [11/Jan/2024:10:09:51 +0800] "POST /xingrg/kc/buy/cgsh_order_operate.html HTTP/1.1" 200 37
114.95.241.104 - - [11/Jan/2024:10:09:52 +0800] "GET /xingrg/all/function/internal_message.html?_=1704938992152&CODE_STATE=getMsg HTTP/1.1" 200 27
120.253.135.82 - - [11/Jan/2024:10:09:53 +0800] "POST /xingrg/login.do HTTP/1.1" 302 -
120.253.135.82 - - [11/Jan/2024:10:09:53 +0800] "GET /xingrg/index.html?sysBaseUrl=http%3A%2F%2F180.169.147.146%3A18081%2Fxingrg%2F&costTime=1438×tamp=1704938993429 HTTP/1.1" 200 17173
120.253.135.82 - - [11/Jan/2024:10:09:53 +0800] "GET /xingrg/javascript/jquery_easy_ui/themes/default/easyui.css HTTP/1.1" 304 -
120.253.135.82 - - [11/Jan/2024:10:09:53 +0800] "GET /xingrg/javascript/jquery_easy_ui/themes/icon.css HTTP/1.1" 304 -
120.253.135.82 - - [11/Jan/2024:10:09:53 +0800] "GET /xingrg/javascript/jquery.timers.js HTTP/1.1" 304 -
120.253.135.82 - - [11/Jan/2024:10:09:53 +0800] "GET /xingrg/css/form.css HTTP/1.1" 304 -
120.253.135.82 - - [11/Jan/2024:10:09:53 +0800] "GET /xingrg/javascript/jquery_easy_ui/jquery.easyui.min.js HTTP/1.1" 304 -
120.253.135.82 - - [11/Jan/2024:10:09:53 +0800] "GET /xingrg/javascript/jquery-1.4.2.min.js HTTP/1.1" 304 -
120.253.135.82 - - [11/Jan/2024:10:09:53 +0800] "GET /xingrg/javascript/jquery.form.js HTTP/1.1" 304 -
120.253.135.82 - - [11/Jan/2024:10:09:53 +0800] "GET /xingrg/javascript/jquery.utils.js HTTP/1.1" 304 -
120.253.135.82 - - [11/Jan/2024:10:09:53 +0800] "GET /xingrg/javascript/jquery_easy_ui/easyui-lang-zh_CN.js HTTP/1.1" 304 -
120.253.135.82 - - [11/Jan/2024:10:09:53 +0800] "GET /favicon.ico HTTP/1.1" 404 -
120.253.135.82 - - [11/Jan/2024:10:09:53 +0800] "GET /xingrg/check_reg.html?_=1704938851865 HTTP/1.1" 200 22
120.253.135.82 - - [11/Jan/2024:10:09:53 +0800] "GET /xingrg/all/function/internal_message.html?_=1704938851864&CODE_STATE=count HTTP/1.1" 200 11
120.253.135.82 - - [11/Jan/2024:10:09:54 +0800] "POST /xingrg/all/common/load_tree.html?tree=area_rest_tree_json&manage=1 HTTP/1.1" 200 3624
120.253.135.82 - - [11/Jan/2024:10:09:54 +0800] "POST /xingrg/load_menu.html HTTP/1.1" 200 6743
124.78.68.102 - - [11/Jan/2024:10:09:54 +0800] "GET /xingrg/all/function/internal_message.html?_=1704938994358&CODE_STATE=getMsg HTTP/1.1" 200 27
101.228.146.191 - - [11/Jan/2024:10:09:55 +0800] "GET /xingrg/all/function/internal_message.html?_=1704938994111&CODE_STATE=getMsg HTTP/1.1" 200 27
180.152.241.32 - - [11/Jan/2024:10:09:55 +0800] "GET /xingrg/check_reg.html?_=1704938995527 HTTP/1.1" 200 22
116.232.193.168 - - [11/Jan/2024:10:09:56 +0800] "GET /xingrg/all/function/internal_message.html?_=1704938941177&CODE_STATE=getMsg HTTP/1.1" 200 27
180.152.241.32 - - [11/Jan/2024:10:09:57 +0800] "GET /xingrg/all/function/internal_message.html?_=1704938998077&CODE_STATE=getMsg HTTP/1.1" 200 27
114.95.241.104 - - [11/Jan/2024:10:09:57 +0800] "GET /xingrg/all/function/internal_message.html?_=1704938997939&CODE_STATE=getMsg HTTP/1.1" 200 27
114.95.241.104 - - [11/Jan/2024:10:09:57 +0800] "GET /xingrg/check_reg.html?_=1704938997941 HTTP/1.1" 200 22
120.253.135.82 - - [11/Jan/2024:10:09:57 +0800] "GET /xingrg/kc/buy/cgsh_order_list.html HTTP/1.1" 200 57165
120.253.135.82 - - [11/Jan/2024:10:09:58 +0800] "GET /xingrg/javascript/jquery_tools/datebox.css HTTP/1.1" 304 -
120.253.135.82 - - [11/Jan/2024:10:09:58 +0800] "GET /xingrg/css/base.css HTTP/1.1" 304 -
120.253.135.82 - - [11/Jan/2024:10:09:58 +0800] "GET /xingrg/javascript/easyui/themes/default/easyui.css HTTP/1.1" 304 -
120.253.135.82 - - [11/Jan/2024:10:09:58 +0800] "GET /xingrg/css/site.css HTTP/1.1" 304 -
120.253.135.82 - - [11/Jan/2024:10:09:58 +0800] "GET /xingrg/javascript/auto/jquery.autocomplete.css HTTP/1.1" 304 -
120.253.135.82 - - [11/Jan/2024:10:09:58 +0800] "GET /xingrg/javascript/easyui/themes/icon.css HTTP/1.1" 304 -
120.253.135.82 - - [11/Jan/2024:10:09:58 +0800] "GET /xingrg/javascript/jquery_tools/fix.css HTTP/1.1" 304 -
120.253.135.82 - - [11/Jan/2024:10:09:58 +0800] "GET /xingrg/javascript/jquery_tools/jquery.tools.hotkey.js HTTP/1.1" 304 -
120.253.135.82 - - [11/Jan/2024:10:09:58 +0800] "GET /xingrg/javascript/jquery_tools/jquery.tools.extend.js HTTP/1.1" 304 -
120.253.135.82 - - [11/Jan/2024:10:09:58 +0800] "GET /xingrg/javascript/jquery_tools/jquery.tools.min.js HTTP/1.1" 304 -
120.253.135.82 - - [11/Jan/2024:10:09:58 +0800] "GET /xingrg/javascript/jquery_tools/table.css HTTP/1.1" 304 -
120.253.135.82 - - [11/Jan/2024:10:09:58 +0800] "GET /xingrg/javascript/jquery_tools/jquery.tools.table.js HTTP/1.1" 304 -
120.253.135.82 - - [11/Jan/2024:10:09:58 +0800] "GET /xingrg/javascript/jquery_tools/list_manager.js HTTP/1.1" 304 -
120.253.135.82 - - [11/Jan/2024:10:09:58 +0800] "GET /xingrg/javascript/jquery.cookie.js HTTP/1.1" 304 -
120.253.135.82 - - [11/Jan/2024:10:09:58 +0800] "GET /xingrg/javascript/auto/jquery.autocomplete.js HTTP/1.1" 304 -
120.253.135.82 - - [11/Jan/2024:10:09:58 +0800] "GET /xingrg/javascript/easyui/easyloader.js HTTP/1.1" 304 -
120.253.135.82 - - [11/Jan/2024:10:09:58 +0800] "GET /xingrg/javascript/print/LodopFuncs.js HTTP/1.1" 304 -
120.253.135.82 - - [11/Jan/2024:10:09:58 +0800] "GET /xingrg/javascript/easyui/plugins/jquery.parser.js HTTP/1.1" 304 -
101.83.145.37 - - [11/Jan/2024:10:09:59 +0800] "POST /xingrg/services/DataTransmitService HTTP/1.1" 200 501
180.152.241.32 - - [11/Jan/2024:10:10:00 +0800] "POST /xingrg/kc/buy/cgsh_order_operate.html HTTP/1.1" 200 12
116.228.172.122 - - [11/Jan/2024:10:10:01 +0800] "GET /xingrg/all/function/internal_message.html?_=1704938909698&CODE_STATE=getMsg HTTP/1.1" 302 -
116.228.172.122 - - [11/Jan/2024:10:10:01 +0800] "GET /xingrg/check_reg.html?_=1704938909701 HTTP/1.1" 302 -
120.253.135.82 - - [11/Jan/2024:10:10:02 +0800] "POST /xingrg/kc/buy/cgsh_list_operate.html HTTP/1.1" 200 986
120.253.135.82 - - [11/Jan/2024:10:10:05 +0800] "GET /xingrg/kc/buy/cgsh_order_add.html HTTP/1.1" 200 72011
120.253.135.82 - - [11/Jan/2024:10:10:05 +0800] "GET /xingrg/javascript/pic_change.js HTTP/1.1" 304 -
120.253.135.82 - - [11/Jan/2024:10:10:05 +0800] "GET /xingrg/javascript/jquery_tools/order_manager.js HTTP/1.1" 304 -
120.253.135.82 - - [11/Jan/2024:10:10:05 +0800] "GET /xingrg/javascript/convert.js HTTP/1.1" 304 -
120.253.135.82 - - [11/Jan/2024:10:10:05 +0800] "GET /xingrg/javascript/json2.js HTTP/1.1" 304 -
120.253.135.82 - - [11/Jan/2024:10:10:05 +0800] "GET /xingrg/javascript/print/kc_print.js HTTP/1.1" 304 -
120.253.135.82 - - [11/Jan/2024:10:10:05 +0800] "GET /xingrg/words/20240110141458_words.js HTTP/1.1" 200 1008712
120.253.135.82 - - [11/Jan/2024:10:10:05 +0800] "POST /xingrg/kc/buy/cgsh_order_operate.html HTTP/1.1" 200 8245
120.253.135.82 - - [11/Jan/2024:10:10:05 +0800] "GET /xingrg/javascript/easyui/themes/default/validatebox.css HTTP/1.1" 404 1104
120.253.135.82 - - [11/Jan/2024:10:10:05 +0800] "GET /xingrg/javascript/easyui/plugins/jquery.validatebox.js HTTP/1.1" 304 -
120.253.135.82 - - [11/Jan/2024:10:10:05 +0800] "GET /xingrg/javascript/easyui/plugins/jquery.numberbox.js HTTP/1.1" 304 -
120.253.135.82 - - [11/Jan/2024:10:10:05 +0800] "GET /xingrg/all/common/auto_word.html?type=employee&rest_code=00101 HTTP/1.1" 200 973
120.253.135.82 - - [11/Jan/2024:10:10:05 +0800] "GET /xingrg/all/common/auto_word.html?type=employee&rest_code=00101 HTTP/1.1" 200 973
180.152.241.32 - - [11/Jan/2024:10:10:07 +0800] "GET /xingrg/kc/buy/cgsh_order_info.html?code=212024011104070 HTTP/1.1" 200 67895
180.152.241.32 - - [11/Jan/2024:10:10:07 +0800] "GET /xingrg/javascript/easyui/themes/default/validatebox.css HTTP/1.1" 404 1104
116.232.193.168 - - [11/Jan/2024:10:10:08 +0800] "GET /xingrg/all/function/internal_message.html?_=1704938952910&CODE_STATE=getMsg HTTP/1.1" 200 27
180.152.241.32 - - [11/Jan/2024:10:10:08 +0800] "POST /xingrg/kc/buy/cgsh_order_operate.html HTTP/1.1" 200 636
101.83.145.37 - - [11/Jan/2024:10:10:11 +0800] "POST /xingrg/services/DataTransmitService HTTP/1.1" 200 524
120.253.135.82 - - [11/Jan/2024:10:10:11 +0800] "GET /xingrg/javascript/auto/indicator.gif HTTP/1.1" 404 1066
124.78.154.219 - - [11/Jan/2024:10:10:13 +0800] "GET /xingrg/check_reg.html?_=1704939012292 HTTP/1.1" 200 22
120.253.135.82 - - [11/Jan/2024:10:10:14 +0800] "GET /xingrg/javascript/jquery_tools/images/prev.gif HTTP/1.1" 404 1086
120.253.135.82 - - [11/Jan/2024:10:10:14 +0800] "GET /xingrg/javascript/jquery_tools/images/next.gif HTTP/1.1" 404 1086
101.83.145.37 - - [11/Jan/2024:10:10:16 +0800] "POST /xingrg/services/DataTransmitService HTTP/1.1" 200 501
58.40.7.146 - - [11/Jan/2024:10:10:16 +0800] "GET /xingrg/all/function/internal_message.html?_=1704939016837&CODE_STATE=getMsg HTTP/1.1" 200 27
101.83.145.37 - - [11/Jan/2024:10:10:18 +0800] "GET /xingrg/all/function/internal_message.html?_=1704938785459&CODE_STATE=getMsg HTTP/1.1" 200 27
180.164.1.25 - - [11/Jan/2024:10:10:21 +0800] "GET /xingrg/all/function/internal_message.html?_=1704939020619&CODE_STATE=getMsg HTTP/1.1" 200 27
180.152.241.32 - - [11/Jan/2024:10:10:22 +0800] "GET /xingrg/kc/print/load_data.html?order_code=212024011104070&kc_code=cgsh&condition= HTTP/1.1" 200 716
120.253.135.82 - - [11/Jan/2024:10:10:23 +0800] "GET /xingrg/kc/buy/cgsh_order_operate.html?command=get_materiel&rest_code=00101&code=00102003590&supplier_code=00100097&order_time=2024-01-11 HTTP/1.1" 200 414
120.253.135.82 - - [11/Jan/2024:10:10:26 +0800] "GET /xingrg/kc/pszx/mdqp_order_list.html?state=10 HTTP/1.1" 200 11972
120.253.135.82 - - [11/Jan/2024:10:10:26 +0800] "GET /xingrg/dwr/interface/AjaxQqpsService.js HTTP/1.1" 200 16326
120.253.135.82 - - [11/Jan/2024:10:10:26 +0800] "GET /xingrg/dwr/interface/AjaxReportQueryService.js HTTP/1.1" 200 13203
120.253.135.82 - - [11/Jan/2024:10:10:26 +0800] "GET /xingrg/dwr/engine.js HTTP/1.1" 200 43631
222.70.115.1 - - [11/Jan/2024:10:10:26 +0800] "GET /xingrg/all/function/internal_message.html?_=1704939032372&CODE_STATE=getMsg HTTP/1.1" 200 27
124.78.154.219 - - [11/Jan/2024:10:10:29 +0800] "GET /xingrg/all/function/internal_message.html?_=1704939027770&CODE_STATE=getMsg HTTP/1.1" 200 27
180.152.241.32 - - [11/Jan/2024:10:10:29 +0800] "GET /xingrg/kc/buy/cgsh_order_add.html HTTP/1.1" 200 72982
180.152.241.32 - - [11/Jan/2024:10:10:29 +0800] "POST /xingrg/kc/buy/cgsh_order_operate.html HTTP/1.1" 200 8245
180.152.241.32 - - [11/Jan/2024:10:10:29 +0800] "GET /xingrg/javascript/easyui/themes/default/validatebox.css HTTP/1.1" 404 1104
101.83.145.37 - - [11/Jan/2024:10:10:30 +0800] "POST /xingrg/services/DataTransmitService HTTP/1.1" 200 524
180.152.241.32 - - [11/Jan/2024:10:10:31 +0800] "GET /xingrg/javascript/easyui/themes/default/tree.css HTTP/1.1" 404 1090
180.152.241.32 - - [11/Jan/2024:10:10:32 +0800] "POST /xingrg/all/common/load_tree.html?tree=supplier_tree_json&isDelete=1 HTTP/1.1" 200 77278
101.83.145.37 - - [11/Jan/2024:10:10:33 +0800] "GET /xingrg/all/function/internal_message.html?_=1704939033485&CODE_STATE=getMsg HTTP/1.1" 200 27
116.232.193.168 - - [11/Jan/2024:10:10:33 +0800] "GET /xingrg/all/function/internal_message.html?_=1704938978214&CODE_STATE=getMsg HTTP/1.1" 200 27
180.171.56.87 - - [11/Jan/2024:10:10:34 +0800] "GET /xingrg/check_reg.html?_=1704939039385 HTTP/1.1" 200 22
180.171.56.87 - - [11/Jan/2024:10:10:34 +0800] "GET /xingrg/all/function/internal_message.html?_=1704939039390&CODE_STATE=getMsg HTTP/1.1" 200 27
124.77.240.112 - - [11/Jan/2024:10:10:36 +0800] "GET /xingrg/all/function/internal_message.html?_=1704939040915&CODE_STATE=getMsg HTTP/1.1" 200 27
120.253.135.82 - - [11/Jan/2024:10:10:37 +0800] "POST /xingrg/kc/buy/cgsh_order_operate.html HTTP/1.1" 200 37
120.253.135.82 - - [11/Jan/2024:10:10:44 +0800] "POST /xingrg/kc/buy/cgsh_order_operate.html HTTP/1.1" 200 12
120.253.135.82 - - [11/Jan/2024:10:10:46 +0800] "GET /xingrg/all/function/internal_message.html?_=1704938866689&CODE_STATE=getMsg HTTP/1.1" 200 27
120.253.135.82 - - [11/Jan/2024:10:10:47 +0800] "GET /xingrg/kc/buy/cgsh_order_info.html?code=212024011104071 HTTP/1.1" 200 66912
120.253.135.82 - - [11/Jan/2024:10:10:47 +0800] "GET /xingrg/javascript/easyui/themes/default/validatebox.css HTTP/1.1" 404 1104
101.83.145.37 - - [11/Jan/2024:10:10:48 +0800] "POST /xingrg/services/DataTransmitService HTTP/1.1" 200 501
120.253.135.82 - - [11/Jan/2024:10:10:48 +0800] "POST /xingrg/kc/buy/cgsh_order_operate.html HTTP/1.1" 200 614
221.239.172.206 - - [11/Jan/2024:10:10:48 +0800] "GET /xingrg/all/function/internal_message.html?_=1704939048377&CODE_STATE=getMsg HTTP/1.1" 200 27
101.83.145.37 - - [11/Jan/2024:10:10:49 +0800] "POST /xingrg/services/DataTransmitService HTTP/1.1" 200 501
222.69.135.213 - - [11/Jan/2024:10:10:49 +0800] "GET /xingrg/all/function/internal_message.html?_=1704939050597&CODE_STATE=getMsg HTTP/1.1" 200 27
120.253.135.82 - - [11/Jan/2024:10:10:50 +0800] "GET /xingrg/kc/print/load_config.html?kc_code=cgsh HTTP/1.1" 200 1927
120.253.135.82 - - [11/Jan/2024:10:10:51 +0800] "GET /xingrg/kc/print/load_data.html?order_code=212024011104071&kc_code=cgsh&condition= HTTP/1.1" 200 685
114.95.241.104 - - [11/Jan/2024:10:10:52 +0800] "GET /xingrg/all/function/internal_message.html?_=1704939052158&CODE_STATE=getMsg HTTP/1.1" 200 27
120.253.135.82 - - [11/Jan/2024:10:10:53 +0800] "GET /xingrg/all/function/internal_message.html?_=1704938911872&CODE_STATE=getMsg HTTP/1.1" 200 27
124.78.68.102 - - [11/Jan/2024:10:10:54 +0800] "GET /xingrg/all/function/internal_message.html?_=1704939054328&CODE_STATE=getMsg HTTP/1.1" 200 27
101.228.146.191 - - [11/Jan/2024:10:10:55 +0800] "GET /xingrg/all/function/internal_message.html?_=1704939054110&CODE_STATE=getMsg HTTP/1.1" 200 27
120.253.135.82 - - [11/Jan/2024:10:10:56 +0800] "GET /xingrg/kc/pszx/mdqp_order_list.html?state=10 HTTP/1.1" 200 11972
120.253.135.82 - - [11/Jan/2024:10:10:56 +0800] "GET /xingrg/dwr/interface/AjaxQqpsService.js HTTP/1.1" 200 16326
120.253.135.82 - - [11/Jan/2024:10:10:56 +0800] "GET /xingrg/dwr/interface/AjaxReportQueryService.js HTTP/1.1" 200 13203
120.253.135.82 - - [11/Jan/2024:10:10:56 +0800] "GET /xingrg/dwr/engine.js HTTP/1.1" 200 43631
116.232.193.168 - - [11/Jan/2024:10:10:56 +0800] "GET /xingrg/all/function/internal_message.html?_=1704939001165&CODE_STATE=getMsg HTTP/1.1" 200 27
