120.253.135.82 - - [11/Jan/2024:06:10:35 +0800] "POST /xingrg/kc/pszx/mdps_list_operate.html HTTP/1.1" 200 290
120.253.135.82 - - [11/Jan/2024:06:10:38 +0800] "GET /xingrg/kc/pszx/mdps_order_info.html?code=312024011100271 HTTP/1.1" 200 23972
120.253.135.82 - - [11/Jan/2024:06:10:39 +0800] "GET /xingrg/javascript/easyui/themes/default/validatebox.css HTTP/1.1" 404 1104
120.253.135.82 - - [11/Jan/2024:06:10:39 +0800] "POST /xingrg/kc/pszx/mdps_order_operate.html HTTP/1.1" 200 2789
120.253.135.82 - - [11/Jan/2024:06:10:48 +0800] "POST /xingrg/kc/pszx/mdps_order_operate.html HTTP/1.1" 200 37
120.253.135.82 - - [11/Jan/2024:06:10:49 +0800] "GET /xingrg/kc/pszx/mdps_order_info.html?code=312024011100271 HTTP/1.1" 200 23972
120.253.135.82 - - [11/Jan/2024:06:10:50 +0800] "GET /xingrg/javascript/easyui/themes/default/validatebox.css HTTP/1.1" 404 1104
120.253.135.82 - - [11/Jan/2024:06:10:50 +0800] "POST /xingrg/kc/pszx/mdps_order_operate.html HTTP/1.1" 200 2803
221.239.172.206 - - [11/Jan/2024:06:10:53 +0800] "GET /xingrg/all/function/internal_message.html?_=1704924652751&CODE_STATE=getMsg HTTP/1.1" 200 27
120.253.135.82 - - [11/Jan/2024:06:10:56 +0800] "POST /xingrg/kc/pszx/mdps_list_operate.html HTTP/1.1" 200 3136
114.95.241.104 - - [11/Jan/2024:06:10:57 +0800] "GET /xingrg/all/function/internal_message.html?_=1704924657947&CODE_STATE=getMsg HTTP/1.1" 200 27
120.253.135.82 - - [11/Jan/2024:06:10:58 +0800] "POST /xingrg/kc/pszx/mdps_list_operate.html HTTP/1.1" 200 293
124.78.68.102 - - [11/Jan/2024:06:10:58 +0800] "GET /xingrg/all/function/internal_message.html?_=1704924658649&CODE_STATE=getMsg HTTP/1.1" 200 27
116.232.193.168 - - [11/Jan/2024:06:11:00 +0800] "GET /xingrg/all/function/internal_message.html?_=1704924605392&CODE_STATE=getMsg HTTP/1.1" 200 27
116.228.172.122 - - [11/Jan/2024:06:11:01 +0800] "GET /xingrg/all/function/internal_message.html?_=1704924569708&CODE_STATE=getMsg HTTP/1.1" 302 -
120.253.135.82 - - [11/Jan/2024:06:11:01 +0800] "GET /xingrg/kc/pszx/mdps_order_add.html HTTP/1.1" 200 29105
120.253.135.82 - - [11/Jan/2024:06:11:02 +0800] "POST /xingrg/kc/pszx/mdps_order_operate.html HTTP/1.1" 200 7126
120.253.135.82 - - [11/Jan/2024:06:11:02 +0800] "GET /xingrg/javascript/easyui/themes/default/validatebox.css HTTP/1.1" 404 1104
114.95.241.104 - - [11/Jan/2024:06:11:04 +0800] "GET /xingrg/all/function/internal_message.html?_=1704924663884&CODE_STATE=getMsg HTTP/1.1" 200 27
120.253.135.82 - - [11/Jan/2024:06:11:06 +0800] "GET /xingrg/javascript/jquery_tools/images/prev.gif HTTP/1.1" 404 1086
120.253.135.82 - - [11/Jan/2024:06:11:06 +0800] "GET /xingrg/javascript/jquery_tools/images/next.gif HTTP/1.1" 404 1086
120.253.135.82 - - [11/Jan/2024:06:11:09 +0800] "POST /xingrg/all/common/load_combo.html?type=base HTTP/1.1" 200 1169
124.77.242.64 - - [11/Jan/2024:06:11:09 +0800] "GET /xingrg/all/function/internal_message.html?_=1704924673371&CODE_STATE=getMsg HTTP/1.1" 200 27
116.232.193.168 - - [11/Jan/2024:06:11:12 +0800] "GET /xingrg/all/function/internal_message.html?_=1704924617152&CODE_STATE=getMsg HTTP/1.1" 200 27
58.40.7.146 - - [11/Jan/2024:06:11:16 +0800] "GET /xingrg/all/function/internal_message.html?_=1704924676808&CODE_STATE=getMsg HTTP/1.1" 200 27
116.232.193.168 - - [11/Jan/2024:06:11:18 +0800] "GET /xingrg/check_reg.html?_=1704924622946 HTTP/1.1" 200 22
120.253.135.82 - - [11/Jan/2024:06:11:20 +0800] "GET /xingrg/kc/pszx/mdps_order_operate.html?command=get_materiel&pszx_code=00101&rest_code=00105&base_code=0010570&code=00101025014 HTTP/1.1" 200 463
120.253.135.82 - - [11/Jan/2024:06:11:21 +0800] "GET /xingrg/check_reg.html?_=1704924501760 HTTP/1.1" 200 22
120.253.135.82 - - [11/Jan/2024:06:11:21 +0800] "POST /xingrg/all/common/load_select.html HTTP/1.1" 200 25
120.253.135.82 - - [11/Jan/2024:06:11:23 +0800] "GET /xingrg/kc/pszx/mdps_order_operate.html?command=get_materiel_price&pszx_code=00101&rest_code=00105&base_code=0010570&code=00101025014&unit_code=00100189&order_time=2024-01-12 HTTP/1.1" 200 37
120.253.135.82 - - [11/Jan/2024:06:11:24 +0800] "GET /xingrg/all/function/internal_message.html?_=1704924504180&CODE_STATE=getMsg HTTP/1.1" 200 27
120.253.135.82 - - [11/Jan/2024:06:11:31 +0800] "POST /xingrg/kc/pszx/mdps_order_operate.html HTTP/1.1" 200 37
120.253.135.82 - - [11/Jan/2024:06:11:32 +0800] "GET /xingrg/kc/pszx/mdps_order_info.html?code=312024011100272 HTTP/1.1" 200 23970
120.253.135.82 - - [11/Jan/2024:06:11:32 +0800] "GET /xingrg/javascript/easyui/themes/default/validatebox.css HTTP/1.1" 404 1104
221.239.172.206 - - [11/Jan/2024:06:11:33 +0800] "GET /xingrg/check_reg.html?_=1704924692951 HTTP/1.1" 200 22
120.253.135.82 - - [11/Jan/2024:06:11:33 +0800] "POST /xingrg/kc/pszx/mdps_order_operate.html HTTP/1.1" 200 2301
120.253.135.82 - - [11/Jan/2024:06:11:34 +0800] "POST /xingrg/kc/pszx/mdps_list_operate.html HTTP/1.1" 200 3496
180.171.56.87 - - [11/Jan/2024:06:11:34 +0800] "GET /xingrg/all/function/internal_message.html?_=1704924699079&CODE_STATE=getMsg HTTP/1.1" 200 27
120.253.135.82 - - [11/Jan/2024:06:11:36 +0800] "POST /xingrg/kc/pszx/mdps_list_operate.html HTTP/1.1" 200 290
120.253.135.82 - - [11/Jan/2024:06:11:37 +0800] "GET /xingrg/kc/pszx/mdps_order_info.html?code=312024011100271 HTTP/1.1" 200 23972
120.253.135.82 - - [11/Jan/2024:06:11:38 +0800] "GET /xingrg/javascript/easyui/themes/default/validatebox.css HTTP/1.1" 404 1104
120.253.135.82 - - [11/Jan/2024:06:11:38 +0800] "POST /xingrg/kc/pszx/mdps_order_operate.html HTTP/1.1" 200 2803
120.253.135.82 - - [11/Jan/2024:06:11:43 +0800] "POST /xingrg/kc/pszx/mdps_order_operate.html HTTP/1.1" 200 37
124.77.242.64 - - [11/Jan/2024:06:11:44 +0800] "GET /xingrg/kc/buy/cgsh_order_list.html HTTP/1.1" 200 57171
124.77.242.64 - - [11/Jan/2024:06:11:44 +0800] "GET /xingrg/javascript/jquery.utils.js HTTP/1.1" 304 -
124.77.242.64 - - [11/Jan/2024:06:11:44 +0800] "GET /xingrg/javascript/auto/jquery.autocomplete.css HTTP/1.1" 304 -
124.77.242.64 - - [11/Jan/2024:06:11:44 +0800] "GET /xingrg/javascript/print/LodopFuncs.js HTTP/1.1" 304 -
124.77.242.64 - - [11/Jan/2024:06:11:44 +0800] "GET /xingrg/javascript/auto/jquery.autocomplete.js HTTP/1.1" 304 -
120.253.135.82 - - [11/Jan/2024:06:11:46 +0800] "GET /xingrg/kc/pszx/mdps_order_info.html?code=312024011100271 HTTP/1.1" 200 23972
120.253.135.82 - - [11/Jan/2024:06:11:47 +0800] "GET /xingrg/javascript/easyui/themes/default/validatebox.css HTTP/1.1" 404 1104
120.253.135.82 - - [11/Jan/2024:06:11:47 +0800] "POST /xingrg/kc/pszx/mdps_order_operate.html HTTP/1.1" 200 2291
120.253.135.82 - - [11/Jan/2024:06:11:52 +0800] "POST /xingrg/kc/pszx/mdps_list_operate.html HTTP/1.1" 200 3495
221.239.172.206 - - [11/Jan/2024:06:11:53 +0800] "GET /xingrg/all/function/internal_message.html?_=1704924712737&CODE_STATE=getMsg HTTP/1.1" 200 27
114.95.241.104 - - [11/Jan/2024:06:11:57 +0800] "GET /xingrg/all/function/internal_message.html?_=1704924717951&CODE_STATE=getMsg HTTP/1.1" 200 27
124.78.68.102 - - [11/Jan/2024:06:11:58 +0800] "GET /xingrg/all/function/internal_message.html?_=1704924718628&CODE_STATE=getMsg HTTP/1.1" 200 27
116.232.193.168 - - [11/Jan/2024:06:12:00 +0800] "GET /xingrg/all/function/internal_message.html?_=1704924665381&CODE_STATE=getMsg HTTP/1.1" 200 27
116.228.172.122 - - [11/Jan/2024:06:12:01 +0800] "GET /xingrg/all/function/internal_message.html?_=1704924629706&CODE_STATE=getMsg HTTP/1.1" 302 -
114.95.241.104 - - [11/Jan/2024:06:12:04 +0800] "GET /xingrg/check_reg.html?_=1704924723883 HTTP/1.1" 200 22
114.95.241.104 - - [11/Jan/2024:06:12:04 +0800] "GET /xingrg/all/function/internal_message.html?_=1704924723885&CODE_STATE=getMsg HTTP/1.1" 200 27
124.77.242.64 - - [11/Jan/2024:06:12:06 +0800] "POST /xingrg/services/DataTransmitService HTTP/1.1" 200 524
124.77.242.64 - - [11/Jan/2024:06:12:07 +0800] "POST /xingrg/services/DataTransmitService HTTP/1.1" 200 412
124.77.242.64 - - [11/Jan/2024:06:12:09 +0800] "GET /xingrg/all/function/internal_message.html?_=1704924733417&CODE_STATE=getMsg HTTP/1.1" 200 27
116.232.193.168 - - [11/Jan/2024:06:12:12 +0800] "GET /xingrg/all/function/internal_message.html?_=1704924677137&CODE_STATE=getMsg HTTP/1.1" 200 27
58.40.7.146 - - [11/Jan/2024:06:12:16 +0800] "GET /xingrg/all/function/internal_message.html?_=1704924736811&CODE_STATE=getMsg HTTP/1.1" 200 27
120.253.135.82 - - [11/Jan/2024:06:12:24 +0800] "GET /xingrg/all/function/internal_message.html?_=1704924564296&CODE_STATE=getMsg HTTP/1.1" 200 27
124.78.68.102 - - [11/Jan/2024:06:12:24 +0800] "GET /xingrg/check_reg.html?_=1704924744795 HTTP/1.1" 200 22
124.77.242.64 - - [11/Jan/2024:06:12:33 +0800] "POST /xingrg/kc/buy/cgsh_list_operate.html HTTP/1.1" 200 5973
180.171.56.87 - - [11/Jan/2024:06:12:34 +0800] "GET /xingrg/all/function/internal_message.html?_=1704924759080&CODE_STATE=getMsg HTTP/1.1" 200 27
120.253.135.82 - - [11/Jan/2024:06:12:48 +0800] "GET /xingrg/kc/pszx/mdqp_order_list.html?state=10 HTTP/1.1" 200 16529
120.253.135.82 - - [11/Jan/2024:06:12:48 +0800] "GET /xingrg/dwr/engine.js HTTP/1.1" 200 43631
120.253.135.82 - - [11/Jan/2024:06:12:48 +0800] "GET /xingrg/dwr/interface/AjaxQqpsService.js HTTP/1.1" 200 16326
120.253.135.82 - - [11/Jan/2024:06:12:48 +0800] "GET /xingrg/dwr/interface/AjaxReportQueryService.js HTTP/1.1" 200 13203
221.239.172.206 - - [11/Jan/2024:06:12:53 +0800] "GET /xingrg/all/function/internal_message.html?_=1704924772721&CODE_STATE=getMsg HTTP/1.1" 200 27
120.253.135.82 - - [11/Jan/2024:06:12:54 +0800] "GET /xingrg/kc/pszx/jzcl_ps.html HTTP/1.1" 200 7683
120.253.135.82 - - [11/Jan/2024:06:12:54 +0800] "POST /xingrg/all/common/load_tree.html?tree=area_rest_tree_json HTTP/1.1" 200 3624
120.253.135.82 - - [11/Jan/2024:06:12:55 +0800] "POST /xingrg/kc/pszx/jzcl_ps_operate.html HTTP/1.1" 200 10323
120.253.135.82 - - [11/Jan/2024:06:12:55 +0800] "POST /xingrg/kc/pszx/jzcl_ps_operate.html HTTP/1.1" 200 10323
114.95.241.104 - - [11/Jan/2024:06:12:57 +0800] "GET /xingrg/all/function/internal_message.html?_=1704924777942&CODE_STATE=getMsg HTTP/1.1" 200 27
124.78.68.102 - - [11/Jan/2024:06:12:58 +0800] "GET /xingrg/all/function/internal_message.html?_=1704924778612&CODE_STATE=getMsg HTTP/1.1" 200 27
116.232.193.168 - - [11/Jan/2024:06:13:00 +0800] "GET /xingrg/all/function/internal_message.html?_=1704924725354&CODE_STATE=getMsg HTTP/1.1" 200 27
116.228.172.122 - - [11/Jan/2024:06:13:01 +0800] "GET /xingrg/all/function/internal_message.html?_=1704924689703&CODE_STATE=getMsg HTTP/1.1" 302 -
124.77.242.64 - - [11/Jan/2024:06:13:02 +0800] "GET /xingrg/check_reg.html?_=1704924786083 HTTP/1.1" 200 22
114.95.241.104 - - [11/Jan/2024:06:13:04 +0800] "GET /xingrg/all/function/internal_message.html?_=1704924783873&CODE_STATE=getMsg HTTP/1.1" 200 27
124.77.242.64 - - [11/Jan/2024:06:13:09 +0800] "GET /xingrg/all/function/internal_message.html?_=1704924793448&CODE_STATE=getMsg HTTP/1.1" 200 27
116.232.193.168 - - [11/Jan/2024:06:13:12 +0800] "GET /xingrg/all/function/internal_message.html?_=1704924737119&CODE_STATE=getMsg HTTP/1.1" 200 27
58.40.7.146 - - [11/Jan/2024:06:13:16 +0800] "GET /xingrg/check_reg.html?_=1704924796815 HTTP/1.1" 200 22
58.40.7.146 - - [11/Jan/2024:06:13:16 +0800] "GET /xingrg/all/function/internal_message.html?_=1704924796817&CODE_STATE=getMsg HTTP/1.1" 200 27
120.253.135.82 - - [11/Jan/2024:06:13:24 +0800] "GET /xingrg/all/function/internal_message.html?_=1704924624384&CODE_STATE=getMsg HTTP/1.1" 200 27
180.171.56.87 - - [11/Jan/2024:06:13:34 +0800] "GET /xingrg/all/function/internal_message.html?_=1704924819081&CODE_STATE=getMsg HTTP/1.1" 200 27
120.253.135.82 - - [11/Jan/2024:06:13:36 +0800] "POST /xingrg/kc/pszx/jzcl_ps_operate.html HTTP/1.1" 200 4
120.253.135.82 - - [11/Jan/2024:06:13:39 +0800] "GET /xingrg/kc/pszx/mdps_order_list.html HTTP/1.1" 200 21036
120.253.135.82 - - [11/Jan/2024:06:13:39 +0800] "POST /xingrg/kc/pszx/jzcl_ps_operate.html HTTP/1.1" 200 7380
120.253.135.82 - - [11/Jan/2024:06:13:39 +0800] "POST /xingrg/kc/pszx/mdps_list_operate.html HTTP/1.1" 200 5311
120.253.135.82 - - [11/Jan/2024:06:13:49 +0800] "POST /xingrg/kc/pszx/mdps_list_operate.html HTTP/1.1" 200 3495
221.239.172.206 - - [11/Jan/2024:06:13:53 +0800] "GET /xingrg/all/function/internal_message.html?_=1704924832703&CODE_STATE=getMsg HTTP/1.1" 200 27
120.253.135.82 - - [11/Jan/2024:06:13:54 +0800] "POST /xingrg/kc/pszx/mdps_list_operate.html HTTP/1.1" 200 589
120.253.135.82 - - [11/Jan/2024:06:13:56 +0800] "GET /xingrg/kc/pszx/mdps_order_info.html?code=312024011100268 HTTP/1.1" 200 23972
120.253.135.82 - - [11/Jan/2024:06:13:56 +0800] "GET /xingrg/javascript/easyui/themes/default/validatebox.css HTTP/1.1" 404 1104
120.253.135.82 - - [11/Jan/2024:06:13:57 +0800] "POST /xingrg/kc/pszx/mdps_order_operate.html HTTP/1.1" 200 7694
114.95.241.104 - - [11/Jan/2024:06:13:57 +0800] "GET /xingrg/all/function/internal_message.html?_=1704924837946&CODE_STATE=getMsg HTTP/1.1" 200 27
124.78.68.102 - - [11/Jan/2024:06:13:58 +0800] "GET /xingrg/all/function/internal_message.html?_=1704924838593&CODE_STATE=getMsg HTTP/1.1" 200 27
116.232.193.168 - - [11/Jan/2024:06:14:00 +0800] "GET /xingrg/all/function/internal_message.html?_=1704924785333&CODE_STATE=getMsg HTTP/1.1" 200 27
116.228.172.122 - - [11/Jan/2024:06:14:01 +0800] "GET /xingrg/all/function/internal_message.html?_=1704924749703&CODE_STATE=getMsg HTTP/1.1" 302 -
114.95.241.104 - - [11/Jan/2024:06:14:04 +0800] "GET /xingrg/all/function/internal_message.html?_=1704924843883&CODE_STATE=getMsg HTTP/1.1" 200 27
120.253.135.82 - - [11/Jan/2024:06:14:07 +0800] "POST /xingrg/kc/pszx/mdps_list_operate.html HTTP/1.1" 200 3859
124.77.242.64 - - [11/Jan/2024:06:14:09 +0800] "GET /xingrg/all/function/internal_message.html?_=1704924853482&CODE_STATE=getMsg HTTP/1.1" 200 27
120.253.135.82 - - [11/Jan/2024:06:14:10 +0800] "POST /xingrg/kc/pszx/mdps_list_operate.html HTTP/1.1" 200 346
120.253.135.82 - - [11/Jan/2024:06:14:11 +0800] "GET /xingrg/kc/pszx/mdps_order_info.html?code=312024011100273 HTTP/1.1" 200 23972
120.253.135.82 - - [11/Jan/2024:06:14:12 +0800] "GET /xingrg/javascript/easyui/themes/default/validatebox.css HTTP/1.1" 404 1104
116.232.193.168 - - [11/Jan/2024:06:14:12 +0800] "GET /xingrg/all/function/internal_message.html?_=1704924797098&CODE_STATE=getMsg HTTP/1.1" 200 27
120.253.135.82 - - [11/Jan/2024:06:14:15 +0800] "POST /xingrg/kc/pszx/mdps_order_operate.html HTTP/1.1" 200 3227
58.40.7.146 - - [11/Jan/2024:06:14:16 +0800] "GET /xingrg/all/function/internal_message.html?_=1704924856802&CODE_STATE=getMsg HTTP/1.1" 200 27
120.253.135.82 - - [11/Jan/2024:06:14:22 +0800] "POST /xingrg/kc/pszx/mdps_order_operate.html HTTP/1.1" 200 37
116.232.193.168 - - [11/Jan/2024:06:14:23 +0800] "GET /xingrg/check_reg.html?_=1704924808273 HTTP/1.1" 200 22
120.253.135.82 - - [11/Jan/2024:06:14:23 +0800] "GET /xingrg/kc/pszx/mdps_order_info.html?code=312024011100273 HTTP/1.1" 200 23972
120.253.135.82 - - [11/Jan/2024:06:14:24 +0800] "GET /xingrg/all/function/internal_message.html?_=1704924684679&CODE_STATE=getMsg HTTP/1.1" 200 27
120.253.135.82 - - [11/Jan/2024:06:14:24 +0800] "GET /xingrg/javascript/easyui/themes/default/validatebox.css HTTP/1.1" 404 1104
124.77.242.64 - - [11/Jan/2024:06:14:26 +0800] "POST /xingrg/kc/buy/cgsh_list_operate.html HTTP/1.1" 200 4
120.253.135.82 - - [11/Jan/2024:06:14:26 +0800] "POST /xingrg/kc/pszx/mdps_order_operate.html HTTP/1.1" 200 3251
180.171.56.87 - - [11/Jan/2024:06:14:34 +0800] "GET /xingrg/all/function/internal_message.html?_=1704924879082&CODE_STATE=getMsg HTTP/1.1" 200 27
221.239.172.206 - - [11/Jan/2024:06:14:53 +0800] "GET /xingrg/all/function/internal_message.html?_=1704924892678&CODE_STATE=getMsg HTTP/1.1" 200 27
120.253.135.82 - - [11/Jan/2024:06:14:56 +0800] "POST /xingrg/kc/pszx/mdps_order_operate.html HTTP/1.1" 200 37
114.95.241.104 - - [11/Jan/2024:06:14:57 +0800] "GET /xingrg/all/function/internal_message.html?_=1704924897957&CODE_STATE=getMsg HTTP/1.1" 200 27
114.95.241.104 - - [11/Jan/2024:06:14:57 +0800] "GET /xingrg/check_reg.html?_=1704924897960 HTTP/1.1" 200 22
120.253.135.82 - - [11/Jan/2024:06:14:58 +0800] "GET /xingrg/kc/pszx/mdps_order_info.html?code=312024011100273 HTTP/1.1" 200 23972
124.78.68.102 - - [11/Jan/2024:06:14:58 +0800] "GET /xingrg/all/function/internal_message.html?_=1704924898576&CODE_STATE=getMsg HTTP/1.1" 200 27
120.253.135.82 - - [11/Jan/2024:06:14:58 +0800] "GET /xingrg/javascript/easyui/themes/default/validatebox.css HTTP/1.1" 404 1104
120.253.135.82 - - [11/Jan/2024:06:14:59 +0800] "POST /xingrg/kc/pszx/mdps_order_operate.html HTTP/1.1" 200 3249
120.253.135.82 - - [11/Jan/2024:06:15:00 +0800] "POST /xingrg/kc/pszx/mdps_list_operate.html HTTP/1.1" 200 3859
116.232.193.168 - - [11/Jan/2024:06:15:00 +0800] "GET /xingrg/all/function/internal_message.html?_=1704924845319&CODE_STATE=getMsg HTTP/1.1" 200 27
116.228.172.122 - - [11/Jan/2024:06:15:01 +0800] "GET /xingrg/all/function/internal_message.html?_=1704924809712&CODE_STATE=getMsg HTTP/1.1" 302 -
116.228.172.122 - - [11/Jan/2024:06:15:01 +0800] "GET /xingrg/check_reg.html?_=1704924809714 HTTP/1.1" 302 -
120.253.135.82 - - [11/Jan/2024:06:15:01 +0800] "POST /xingrg/kc/pszx/mdps_list_operate.html HTTP/1.1" 200 346
124.77.242.64 - - [11/Jan/2024:06:15:02 +0800] "POST /xingrg/kc/buy/cgsh_list_operate.html HTTP/1.1" 200 5983
120.253.135.82 - - [11/Jan/2024:06:15:04 +0800] "POST /xingrg/kc/pszx/mdps_list_operate.html HTTP/1.1" 200 472
114.95.241.104 - - [11/Jan/2024:06:15:04 +0800] "GET /xingrg/all/function/internal_message.html?_=1704924903882&CODE_STATE=getMsg HTTP/1.1" 200 27
120.253.135.82 - - [11/Jan/2024:06:15:05 +0800] "GET /xingrg/kc/pszx/mdps_order_info.html?code=312024011100274 HTTP/1.1" 200 23972
120.253.135.82 - - [11/Jan/2024:06:15:06 +0800] "GET /xingrg/javascript/easyui/themes/default/validatebox.css HTTP/1.1" 404 1104
120.253.135.82 - - [11/Jan/2024:06:15:06 +0800] "POST /xingrg/kc/pszx/mdps_order_operate.html HTTP/1.1" 200 3805
120.253.135.82 - - [11/Jan/2024:06:15:09 +0800] "POST /xingrg/kc/pszx/mdps_order_operate.html HTTP/1.1" 200 37
124.77.242.64 - - [11/Jan/2024:06:15:09 +0800] "GET /xingrg/all/function/internal_message.html?_=1704924913489&CODE_STATE=getMsg HTTP/1.1" 200 27
120.253.135.82 - - [11/Jan/2024:06:15:10 +0800] "GET /xingrg/kc/pszx/mdps_order_info.html?code=312024011100274 HTTP/1.1" 200 23972
120.253.135.82 - - [11/Jan/2024:06:15:11 +0800] "GET /xingrg/javascript/easyui/themes/default/validatebox.css HTTP/1.1" 404 1104
120.253.135.82 - - [11/Jan/2024:06:15:11 +0800] "POST /xingrg/kc/pszx/mdps_order_operate.html HTTP/1.1" 200 3834
116.232.193.168 - - [11/Jan/2024:06:15:12 +0800] "GET /xingrg/all/function/internal_message.html?_=1704924857082&CODE_STATE=getMsg HTTP/1.1" 200 27
58.40.7.146 - - [11/Jan/2024:06:15:16 +0800] "GET /xingrg/all/function/internal_message.html?_=1704924916804&CODE_STATE=getMsg HTTP/1.1" 200 27
120.253.135.82 - - [11/Jan/2024:06:15:24 +0800] "GET /xingrg/all/function/internal_message.html?_=1704924744685&CODE_STATE=getMsg HTTP/1.1" 200 27
180.171.56.87 - - [11/Jan/2024:06:15:34 +0800] "GET /xingrg/check_reg.html?_=1704924939082 HTTP/1.1" 200 22
180.171.56.87 - - [11/Jan/2024:06:15:34 +0800] "GET /xingrg/all/function/internal_message.html?_=1704924939086&CODE_STATE=getMsg HTTP/1.1" 200 27
221.239.172.206 - - [11/Jan/2024:06:15:53 +0800] "GET /xingrg/all/function/internal_message.html?_=1704924952656&CODE_STATE=getMsg HTTP/1.1" 200 27
114.95.241.104 - - [11/Jan/2024:06:15:57 +0800] "GET /xingrg/all/function/internal_message.html?_=1704924957948&CODE_STATE=getMsg HTTP/1.1" 200 27
124.78.68.102 - - [11/Jan/2024:06:15:58 +0800] "GET /xingrg/all/function/internal_message.html?_=1704924958559&CODE_STATE=getMsg HTTP/1.1" 200 27
116.232.193.168 - - [11/Jan/2024:06:16:00 +0800] "GET /xingrg/all/function/internal_message.html?_=1704924905300&CODE_STATE=getMsg HTTP/1.1" 200 27
116.228.172.122 - - [11/Jan/2024:06:16:01 +0800] "GET /xingrg/all/function/internal_message.html?_=1704924869704&CODE_STATE=getMsg HTTP/1.1" 302 -
114.95.241.104 - - [11/Jan/2024:06:16:04 +0800] "GET /xingrg/all/function/internal_message.html?_=1704924963884&CODE_STATE=getMsg HTTP/1.1" 200 27
124.77.242.64 - - [11/Jan/2024:06:16:09 +0800] "GET /xingrg/all/function/internal_message.html?_=1704924973520&CODE_STATE=getMsg HTTP/1.1" 200 27
116.232.193.168 - - [11/Jan/2024:06:16:12 +0800] "GET /xingrg/all/function/internal_message.html?_=1704924917057&CODE_STATE=getMsg HTTP/1.1" 200 27
58.40.7.146 - - [11/Jan/2024:06:16:16 +0800] "GET /xingrg/all/function/internal_message.html?_=1704924976806&CODE_STATE=getMsg HTTP/1.1" 200 27
116.232.193.168 - - [11/Jan/2024:06:16:18 +0800] "GET /xingrg/check_reg.html?_=1704924922944 HTTP/1.1" 200 22
120.253.135.82 - - [11/Jan/2024:06:16:21 +0800] "GET /xingrg/check_reg.html?_=1704924801869 HTTP/1.1" 200 22
124.77.242.64 - - [11/Jan/2024:06:16:22 +0800] "POST /xingrg/kc/buy/cgsh_list_operate.html HTTP/1.1" 200 4
120.253.135.82 - - [11/Jan/2024:06:16:24 +0800] "GET /xingrg/all/function/internal_message.html?_=1704924804699&CODE_STATE=getMsg HTTP/1.1" 200 27
221.239.172.206 - - [11/Jan/2024:06:16:33 +0800] "GET /xingrg/check_reg.html?_=1704924992954 HTTP/1.1" 200 22
180.171.56.87 - - [11/Jan/2024:06:16:34 +0800] "GET /xingrg/all/function/internal_message.html?_=1704924999092&CODE_STATE=getMsg HTTP/1.1" 200 27
120.253.135.82 - - [11/Jan/2024:06:16:36 +0800] "GET /xingrg/kc/pszx/mdps_order_operate.html?command=get_materiel&pszx_code=00101&rest_code=00106&base_code=0010246&code=00101019142 HTTP/1.1" 200 476
120.253.135.82 - - [11/Jan/2024:06:16:38 +0800] "POST /xingrg/all/common/load_select.html HTTP/1.1" 200 25
124.77.242.64 - - [11/Jan/2024:06:16:40 +0800] "POST /xingrg/kc/buy/cgsh_list_operate.html HTTP/1.1" 200 4473
120.253.135.82 - - [11/Jan/2024:06:16:40 +0800] "GET /xingrg/kc/pszx/mdps_order_operate.html?command=get_materiel_price&pszx_code=00101&rest_code=00106&base_code=0010246&code=00101019142&unit_code=00100211&order_time=2024-01-12 HTTP/1.1" 200 48
120.253.135.82 - - [11/Jan/2024:06:16:49 +0800] "GET /xingrg/kc/pszx/mdps_order_operate.html?command=get_materiel&pszx_code=00101&rest_code=00106&base_code=0010246&code=00101018030 HTTP/1.1" 200 454
221.239.172.206 - - [11/Jan/2024:06:16:53 +0800] "GET /xingrg/all/function/internal_message.html?_=1704925012645&CODE_STATE=getMsg HTTP/1.1" 200 27
114.95.241.104 - - [11/Jan/2024:06:16:57 +0800] "GET /xingrg/all/function/internal_message.html?_=1704925017963&CODE_STATE=getMsg HTTP/1.1" 200 27
120.253.135.82 - - [11/Jan/2024:06:16:58 +0800] "POST /xingrg/kc/pszx/mdps_order_operate.html HTTP/1.1" 200 37
124.78.68.102 - - [11/Jan/2024:06:16:58 +0800] "GET /xingrg/all/function/internal_message.html?_=1704925018532&CODE_STATE=getMsg HTTP/1.1" 200 27
120.253.135.82 - - [11/Jan/2024:06:16:59 +0800] "GET /xingrg/kc/pszx/mdps_order_info.html?code=312024011100274 HTTP/1.1" 200 23972
120.253.135.82 - - [11/Jan/2024:06:17:00 +0800] "GET /xingrg/javascript/easyui/themes/default/validatebox.css HTTP/1.1" 404 1104
116.232.193.168 - - [11/Jan/2024:06:17:00 +0800] "GET /xingrg/all/function/internal_message.html?_=1704924965289&CODE_STATE=getMsg HTTP/1.1" 200 27
120.253.135.82 - - [11/Jan/2024:06:17:00 +0800] "POST /xingrg/kc/pszx/mdps_order_operate.html HTTP/1.1" 200 3835
116.228.172.122 - - [11/Jan/2024:06:17:01 +0800] "GET /xingrg/all/function/internal_message.html?_=1704924929697&CODE_STATE=getMsg HTTP/1.1" 302 -
114.95.241.104 - - [11/Jan/2024:06:17:04 +0800] "GET /xingrg/check_reg.html?_=1704925023874 HTTP/1.1" 200 22
114.95.241.104 - - [11/Jan/2024:06:17:04 +0800] "GET /xingrg/all/function/internal_message.html?_=1704925023876&CODE_STATE=getMsg HTTP/1.1" 200 27
124.77.242.64 - - [11/Jan/2024:06:17:09 +0800] "GET /xingrg/all/function/internal_message.html?_=1704925033531&CODE_STATE=getMsg HTTP/1.1" 200 27
116.232.193.168 - - [11/Jan/2024:06:17:12 +0800] "GET /xingrg/all/function/internal_message.html?_=1704924977045&CODE_STATE=getMsg HTTP/1.1" 200 27
58.40.7.146 - - [11/Jan/2024:06:17:16 +0800] "GET /xingrg/all/function/internal_message.html?_=1704925036807&CODE_STATE=getMsg HTTP/1.1" 200 27
120.253.135.82 - - [11/Jan/2024:06:17:20 +0800] "POST /xingrg/kc/pszx/mdps_order_operate.html HTTP/1.1" 200 37
120.253.135.82 - - [11/Jan/2024:06:17:22 +0800] "GET /xingrg/kc/pszx/mdps_order_info.html?code=312024011100274 HTTP/1.1" 200 23972
120.253.135.82 - - [11/Jan/2024:06:17:22 +0800] "GET /xingrg/javascript/easyui/themes/default/validatebox.css HTTP/1.1" 404 1104
120.253.135.82 - - [11/Jan/2024:06:17:23 +0800] "POST /xingrg/kc/pszx/mdps_order_operate.html HTTP/1.1" 200 3835
120.253.135.82 - - [11/Jan/2024:06:17:24 +0800] "GET /xingrg/all/function/internal_message.html?_=1704924864712&CODE_STATE=getMsg HTTP/1.1" 200 27
124.78.68.102 - - [11/Jan/2024:06:17:24 +0800] "GET /xingrg/check_reg.html?_=1704925044769 HTTP/1.1" 200 22
120.253.135.82 - - [11/Jan/2024:06:17:24 +0800] "POST /xingrg/kc/pszx/mdps_list_operate.html HTTP/1.1" 200 3858
120.253.135.82 - - [11/Jan/2024:06:17:26 +0800] "POST /xingrg/kc/pszx/mdps_list_operate.html HTTP/1.1" 200 370
120.253.135.82 - - [11/Jan/2024:06:17:28 +0800] "GET /xingrg/kc/pszx/mdps_order_info.html?code=312024011100275 HTTP/1.1" 200 23972
120.253.135.82 - - [11/Jan/2024:06:17:28 +0800] "GET /xingrg/javascript/easyui/themes/default/validatebox.css HTTP/1.1" 404 1104
120.253.135.82 - - [11/Jan/2024:06:17:29 +0800] "POST /xingrg/kc/pszx/mdps_order_operate.html HTTP/1.1" 200 3274
120.253.135.82 - - [11/Jan/2024:06:17:32 +0800] "POST /xingrg/kc/pszx/mdps_order_operate.html HTTP/1.1" 200 37
120.253.135.82 - - [11/Jan/2024:06:17:33 +0800] "GET /xingrg/kc/pszx/mdps_order_info.html?code=312024011100275 HTTP/1.1" 200 23972
120.253.135.82 - - [11/Jan/2024:06:17:34 +0800] "GET /xingrg/javascript/easyui/themes/default/validatebox.css HTTP/1.1" 404 1104
120.253.135.82 - - [11/Jan/2024:06:17:34 +0800] "POST /xingrg/kc/pszx/mdps_order_operate.html HTTP/1.1" 200 3295
180.171.56.87 - - [11/Jan/2024:06:17:34 +0800] "GET /xingrg/all/function/internal_message.html?_=1704925059094&CODE_STATE=getMsg HTTP/1.1" 200 27
120.253.135.82 - - [11/Jan/2024:06:17:46 +0800] "GET /xingrg/kc/pszx/mdps_order_operate.html?command=get_materiel&pszx_code=00101&rest_code=00106&base_code=0010246&code=00101020267 HTTP/1.1" 200 468
120.253.135.82 - - [11/Jan/2024:06:17:49 +0800] "POST /xingrg/all/common/load_select.html HTTP/1.1" 200 25
120.253.135.82 - - [11/Jan/2024:06:17:51 +0800] "GET /xingrg/kc/pszx/mdps_order_operate.html?command=get_materiel_price&pszx_code=00101&rest_code=00106&base_code=0010246&code=00101020267&unit_code=00100562&order_time=2024-01-12 HTTP/1.1" 200 34
221.239.172.206 - - [11/Jan/2024:06:17:53 +0800] "GET /xingrg/all/function/internal_message.html?_=1704925072632&CODE_STATE=getMsg HTTP/1.1" 200 27
114.95.241.104 - - [11/Jan/2024:06:17:57 +0800] "GET /xingrg/all/function/internal_message.html?_=1704925077952&CODE_STATE=getMsg HTTP/1.1" 200 27
124.78.68.102 - - [11/Jan/2024:06:17:58 +0800] "GET /xingrg/all/function/internal_message.html?_=1704925078523&CODE_STATE=getMsg HTTP/1.1" 200 27
120.253.135.82 - - [11/Jan/2024:06:17:59 +0800] "POST /xingrg/kc/pszx/mdps_order_operate.html HTTP/1.1" 200 37
116.232.193.168 - - [11/Jan/2024:06:18:00 +0800] "GET /xingrg/all/function/internal_message.html?_=1704925025275&CODE_STATE=getMsg HTTP/1.1" 200 27
120.253.135.82 - - [11/Jan/2024:06:18:01 +0800] "GET /xingrg/kc/pszx/mdps_order_info.html?code=312024011100275 HTTP/1.1" 200 23972
116.228.172.122 - - [11/Jan/2024:06:18:01 +0800] "GET /xingrg/all/function/internal_message.html?_=1704924989707&CODE_STATE=getMsg HTTP/1.1" 302 -
120.253.135.82 - - [11/Jan/2024:06:18:01 +0800] "GET /xingrg/javascript/easyui/themes/default/validatebox.css HTTP/1.1" 404 1104
124.77.242.64 - - [11/Jan/2024:06:18:02 +0800] "GET /xingrg/check_reg.html?_=1704925086112 HTTP/1.1" 200 22
120.253.135.82 - - [11/Jan/2024:06:18:03 +0800] "POST /xingrg/kc/pszx/mdps_order_operate.html HTTP/1.1" 200 3306
114.95.241.104 - - [11/Jan/2024:06:18:04 +0800] "GET /xingrg/all/function/internal_message.html?_=1704925083883&CODE_STATE=getMsg HTTP/1.1" 200 27
120.253.135.82 - - [11/Jan/2024:06:18:04 +0800] "POST /xingrg/kc/pszx/mdps_list_operate.html HTTP/1.1" 200 3858
120.253.135.82 - - [11/Jan/2024:06:18:07 +0800] "POST /xingrg/kc/pszx/mdps_list_operate.html HTTP/1.1" 200 516
120.253.135.82 - - [11/Jan/2024:06:18:08 +0800] "GET /xingrg/kc/pszx/mdps_order_info.html?code=312024011100276 HTTP/1.1" 200 23972
120.253.135.82 - - [11/Jan/2024:06:18:09 +0800] "GET /xingrg/javascript/easyui/themes/default/validatebox.css HTTP/1.1" 404 1104
120.253.135.82 - - [11/Jan/2024:06:18:09 +0800] "POST /xingrg/kc/pszx/mdps_order_operate.html HTTP/1.1" 200 4202
124.77.242.64 - - [11/Jan/2024:06:18:10 +0800] "GET /xingrg/all/function/internal_message.html?_=1704925093545&CODE_STATE=getMsg HTTP/1.1" 200 27
116.232.193.168 - - [11/Jan/2024:06:18:12 +0800] "GET /xingrg/all/function/internal_message.html?_=1704925037024&CODE_STATE=getMsg HTTP/1.1" 200 27
120.253.135.82 - - [11/Jan/2024:06:18:12 +0800] "POST /xingrg/kc/pszx/mdps_order_operate.html HTTP/1.1" 200 37
120.253.135.82 - - [11/Jan/2024:06:18:13 +0800] "GET /xingrg/kc/pszx/mdps_order_info.html?code=312024011100276 HTTP/1.1" 200 23972
180.152.241.32 - - [11/Jan/2024:06:18:14 +0800] "POST /xingrg/services/DataTransmitService HTTP/1.1" 200 524
120.253.135.82 - - [11/Jan/2024:06:18:14 +0800] "GET /xingrg/javascript/easyui/themes/default/validatebox.css HTTP/1.1" 404 1104
120.253.135.82 - - [11/Jan/2024:06:18:15 +0800] "POST /xingrg/kc/pszx/mdps_order_operate.html HTTP/1.1" 200 4241
58.40.7.146 - - [11/Jan/2024:06:18:16 +0800] "GET /xingrg/all/function/internal_message.html?_=1704925096810&CODE_STATE=getMsg HTTP/1.1" 200 27
58.40.7.146 - - [11/Jan/2024:06:18:16 +0800] "GET /xingrg/check_reg.html?_=1704925096811 HTTP/1.1" 200 22
120.253.135.82 - - [11/Jan/2024:06:18:24 +0800] "POST /xingrg/kc/pszx/mdps_list_operate.html HTTP/1.1" 200 3858
120.253.135.82 - - [11/Jan/2024:06:18:24 +0800] "GET /xingrg/all/function/internal_message.html?_=1704924924726&CODE_STATE=getMsg HTTP/1.1" 200 27
120.253.135.82 - - [11/Jan/2024:06:18:26 +0800] "POST /xingrg/kc/pszx/mdps_list_operate.html HTTP/1.1" 200 274
120.253.135.82 - - [11/Jan/2024:06:18:28 +0800] "GET /xingrg/kc/pszx/mdps_order_info.html?code=312024011100277 HTTP/1.1" 200 23972
120.253.135.82 - - [11/Jan/2024:06:18:28 +0800] "GET /xingrg/javascript/easyui/themes/default/validatebox.css HTTP/1.1" 404 1104
120.253.135.82 - - [11/Jan/2024:06:18:29 +0800] "POST /xingrg/kc/pszx/mdps_order_operate.html HTTP/1.1" 200 2752
120.253.135.82 - - [11/Jan/2024:06:18:31 +0800] "POST /xingrg/kc/pszx/mdps_order_operate.html HTTP/1.1" 200 37
124.77.242.64 - - [11/Jan/2024:06:18:32 +0800] "POST /xingrg/kc/buy/cgsh_list_operate.html HTTP/1.1" 200 4
120.253.135.82 - - [11/Jan/2024:06:18:33 +0800] "GET /xingrg/kc/pszx/mdps_order_info.html?code=312024011100277 HTTP/1.1" 200 23972
120.253.135.82 - - [11/Jan/2024:06:18:34 +0800] "GET /xingrg/javascript/easyui/themes/default/validatebox.css HTTP/1.1" 404 1104
120.253.135.82 - - [11/Jan/2024:06:18:34 +0800] "POST /xingrg/kc/pszx/mdps_order_operate.html HTTP/1.1" 200 2767
180.171.56.87 - - [11/Jan/2024:06:18:34 +0800] "GET /xingrg/all/function/internal_message.html?_=1704925119095&CODE_STATE=getMsg HTTP/1.1" 200 27
120.253.135.82 - - [11/Jan/2024:06:18:43 +0800] "POST /xingrg/kc/pszx/mdps_order_operate.html HTTP/1.1" 200 37
120.253.135.82 - - [11/Jan/2024:06:18:44 +0800] "GET /xingrg/kc/pszx/mdps_order_info.html?code=312024011100277 HTTP/1.1" 200 23972
120.253.135.82 - - [11/Jan/2024:06:18:45 +0800] "GET /xingrg/javascript/easyui/themes/default/validatebox.css HTTP/1.1" 404 1104
120.253.135.82 - - [11/Jan/2024:06:18:45 +0800] "POST /xingrg/kc/pszx/mdps_order_operate.html HTTP/1.1" 200 2767
221.239.172.206 - - [11/Jan/2024:06:18:53 +0800] "GET /xingrg/all/function/internal_message.html?_=1704925132619&CODE_STATE=getMsg HTTP/1.1" 200 27
114.95.241.104 - - [11/Jan/2024:06:18:57 +0800] "GET /xingrg/all/function/internal_message.html?_=1704925137943&CODE_STATE=getMsg HTTP/1.1" 200 27
124.78.68.102 - - [11/Jan/2024:06:18:58 +0800] "GET /xingrg/all/function/internal_message.html?_=1704925138498&CODE_STATE=getMsg HTTP/1.1" 200 27
116.232.193.168 - - [11/Jan/2024:06:19:00 +0800] "GET /xingrg/all/function/internal_message.html?_=1704925085254&CODE_STATE=getMsg HTTP/1.1" 200 27
116.228.172.122 - - [11/Jan/2024:06:19:01 +0800] "GET /xingrg/all/function/internal_message.html?_=1704925049708&CODE_STATE=getMsg HTTP/1.1" 302 -
120.253.135.82 - - [11/Jan/2024:06:19:01 +0800] "POST /xingrg/kc/pszx/mdps_list_operate.html HTTP/1.1" 200 3858
120.253.135.82 - - [11/Jan/2024:06:19:03 +0800] "POST /xingrg/kc/pszx/mdps_list_operate.html HTTP/1.1" 200 274
114.95.241.104 - - [11/Jan/2024:06:19:04 +0800] "GET /xingrg/all/function/internal_message.html?_=1704925143870&CODE_STATE=getMsg HTTP/1.1" 200 27
120.253.135.82 - - [11/Jan/2024:06:19:05 +0800] "POST /xingrg/kc/pszx/mdps_list_operate.html HTTP/1.1" 200 600
120.253.135.82 - - [11/Jan/2024:06:19:06 +0800] "GET /xingrg/kc/pszx/mdps_order_info.html?code=312024011100278 HTTP/1.1" 200 23972
120.253.135.82 - - [11/Jan/2024:06:19:07 +0800] "GET /xingrg/javascript/easyui/themes/default/validatebox.css HTTP/1.1" 404 1104
120.253.135.82 - - [11/Jan/2024:06:19:07 +0800] "POST /xingrg/kc/pszx/mdps_order_operate.html HTTP/1.1" 200 6751
120.253.135.82 - - [11/Jan/2024:06:19:08 +0800] "POST /xingrg/all/common/load_combo.html?type=base HTTP/1.1" 200 1169
116.232.193.168 - - [11/Jan/2024:06:19:12 +0800] "GET /xingrg/all/function/internal_message.html?_=1704925097008&CODE_STATE=getMsg HTTP/1.1" 200 27
120.253.135.82 - - [11/Jan/2024:06:19:13 +0800] "POST /xingrg/kc/pszx/mdps_order_operate.html HTTP/1.1" 200 37
124.77.242.64 - - [11/Jan/2024:06:19:14 +0800] "POST /xingrg/kc/buy/cgsh_list_operate.html HTTP/1.1" 200 986
120.253.135.82 - - [11/Jan/2024:06:19:14 +0800] "GET /xingrg/kc/pszx/mdps_order_info.html?code=312024011100278 HTTP/1.1" 200 23972
120.253.135.82 - - [11/Jan/2024:06:19:15 +0800] "GET /xingrg/javascript/easyui/themes/default/validatebox.css HTTP/1.1" 404 1104
120.253.135.82 - - [11/Jan/2024:06:19:15 +0800] "POST /xingrg/kc/pszx/mdps_order_operate.html HTTP/1.1" 200 6832
58.40.7.146 - - [11/Jan/2024:06:19:16 +0800] "GET /xingrg/all/function/internal_message.html?_=1704925156813&CODE_STATE=getMsg HTTP/1.1" 200 27
116.232.193.168 - - [11/Jan/2024:06:19:23 +0800] "GET /xingrg/check_reg.html?_=1704925108247 HTTP/1.1" 200 22
120.253.135.82 - - [11/Jan/2024:06:19:24 +0800] "GET /xingrg/all/function/internal_message.html?_=1704924984740&CODE_STATE=getMsg HTTP/1.1" 200 27
180.171.56.87 - - [11/Jan/2024:06:19:34 +0800] "GET /xingrg/all/function/internal_message.html?_=1704925179083&CODE_STATE=getMsg HTTP/1.1" 200 27
124.77.242.64 - - [11/Jan/2024:06:19:40 +0800] "GET /xingrg/all/function/internal_message.html?_=1704925184244&CODE_STATE=getMsg HTTP/1.1" 200 27
124.77.242.64 - - [11/Jan/2024:06:19:42 +0800] "GET /xingrg/kc/base/wldb_order_list.html HTTP/1.1" 200 19060
124.77.242.64 - - [11/Jan/2024:06:19:42 +0800] "POST /xingrg/kc/base/wldb_list_operate.html HTTP/1.1" 200 928
124.77.242.64 - - [11/Jan/2024:06:19:44 +0800] "GET /xingrg/kc/base/wldb_order_add.html HTTP/1.1" 200 30391
124.77.242.64 - - [11/Jan/2024:06:19:44 +0800] "GET /xingrg/javascript/pic_change.js HTTP/1.1" 304 -
124.77.242.64 - - [11/Jan/2024:06:19:44 +0800] "GET /xingrg/javascript/print/kc_print.js HTTP/1.1" 304 -
124.77.242.64 - - [11/Jan/2024:06:19:44 +0800] "GET /xingrg/words/20240110141458_words.js HTTP/1.1" 304 -
124.77.242.64 - - [11/Jan/2024:06:19:44 +0800] "POST /xingrg/kc/base/wldb_order_operate.html HTTP/1.1" 200 6806
124.77.242.64 - - [11/Jan/2024:06:19:44 +0800] "GET /xingrg/all/common/auto_word.html?type=base&rest_code=00146 HTTP/1.1" 200 1799
124.77.242.64 - - [11/Jan/2024:06:19:44 +0800] "GET /xingrg/all/common/auto_word.html?type=base&rest_code=00146 HTTP/1.1" 200 1799
124.77.242.64 - - [11/Jan/2024:06:19:45 +0800] "GET /xingrg/javascript/easyui/themes/default/validatebox.css HTTP/1.1" 404 1104
120.253.135.82 - - [11/Jan/2024:06:19:45 +0800] "POST /xingrg/kc/pszx/mdps_list_operate.html HTTP/1.1" 200 3858
120.253.135.82 - - [11/Jan/2024:06:19:48 +0800] "POST /xingrg/kc/pszx/mdps_list_operate.html HTTP/1.1" 200 370
120.253.135.82 - - [11/Jan/2024:06:19:49 +0800] "GET /xingrg/kc/pszx/mdps_order_info.html?code=312024011100279 HTTP/1.1" 200 23972
120.253.135.82 - - [11/Jan/2024:06:19:50 +0800] "GET /xingrg/javascript/easyui/themes/default/validatebox.css HTTP/1.1" 404 1104
120.253.135.82 - - [11/Jan/2024:06:19:50 +0800] "POST /xingrg/kc/pszx/mdps_order_operate.html HTTP/1.1" 200 3287
221.239.172.206 - - [11/Jan/2024:06:19:53 +0800] "GET /xingrg/all/function/internal_message.html?_=1704925192604&CODE_STATE=getMsg HTTP/1.1" 200 27
120.253.135.82 - - [11/Jan/2024:06:19:54 +0800] "POST /xingrg/kc/pszx/mdps_order_operate.html HTTP/1.1" 200 37
120.253.135.82 - - [11/Jan/2024:06:19:56 +0800] "GET /xingrg/kc/pszx/mdps_order_info.html?code=312024011100279 HTTP/1.1" 200 23972
120.253.135.82 - - [11/Jan/2024:06:19:57 +0800] "GET /xingrg/javascript/easyui/themes/default/validatebox.css HTTP/1.1" 404 1104
120.253.135.82 - - [11/Jan/2024:06:19:57 +0800] "POST /xingrg/kc/pszx/mdps_order_operate.html HTTP/1.1" 200 3311
114.95.241.104 - - [11/Jan/2024:06:19:57 +0800] "GET /xingrg/all/function/internal_message.html?_=1704925197955&CODE_STATE=getMsg HTTP/1.1" 200 27
114.95.241.104 - - [11/Jan/2024:06:19:57 +0800] "GET /xingrg/check_reg.html?_=1704925197957 HTTP/1.1" 200 22
124.78.68.102 - - [11/Jan/2024:06:19:58 +0800] "GET /xingrg/all/function/internal_message.html?_=1704925198479&CODE_STATE=getMsg HTTP/1.1" 200 27
116.232.193.168 - - [11/Jan/2024:06:20:00 +0800] "GET /xingrg/all/function/internal_message.html?_=1704925145239&CODE_STATE=getMsg HTTP/1.1" 200 27
120.253.135.82 - - [11/Jan/2024:06:20:00 +0800] "POST /xingrg/kc/pszx/mdps_list_operate.html HTTP/1.1" 200 3858
124.77.242.64 - - [11/Jan/2024:06:20:01 +0800] "GET /xingrg/javascript/jquery_tools/images/prev.gif HTTP/1.1" 404 1086
124.77.242.64 - - [11/Jan/2024:06:20:01 +0800] "GET /xingrg/javascript/jquery_tools/images/next.gif HTTP/1.1" 404 1086
116.228.172.122 - - [11/Jan/2024:06:20:01 +0800] "GET /xingrg/all/function/internal_message.html?_=1704925109699&CODE_STATE=getMsg HTTP/1.1" 302 -
116.228.172.122 - - [11/Jan/2024:06:20:01 +0800] "GET /xingrg/check_reg.html?_=1704925109708 HTTP/1.1" 302 -
114.95.241.104 - - [11/Jan/2024:06:20:04 +0800] "GET /xingrg/all/function/internal_message.html?_=1704925203877&CODE_STATE=getMsg HTTP/1.1" 200 27
120.253.135.82 - - [11/Jan/2024:06:20:05 +0800] "POST /xingrg/kc/pszx/mdps_list_operate.html HTTP/1.1" 200 370
120.253.135.82 - - [11/Jan/2024:06:20:09 +0800] "GET /xingrg/kc/pszx/mdqp_order_list.html?state=10 HTTP/1.1" 200 16557
120.253.135.82 - - [11/Jan/2024:06:20:09 +0800] "GET /xingrg/dwr/interface/AjaxQqpsService.js HTTP/1.1" 200 16326
120.253.135.82 - - [11/Jan/2024:06:20:09 +0800] "GET /xingrg/dwr/interface/AjaxReportQueryService.js HTTP/1.1" 200 13203
120.253.135.82 - - [11/Jan/2024:06:20:09 +0800] "GET /xingrg/dwr/engine.js HTTP/1.1" 200 43631
124.77.242.64 - - [11/Jan/2024:06:20:09 +0800] "GET /xingrg/kc/base/wldb_order_operate.html?command=get_materiel&rest_code=00146&base_code=0010063&code=00101019222 HTTP/1.1" 200 451
116.232.193.168 - - [11/Jan/2024:06:20:12 +0800] "GET /xingrg/all/function/internal_message.html?_=1704925156996&CODE_STATE=getMsg HTTP/1.1" 200 27
58.40.7.146 - - [11/Jan/2024:06:20:16 +0800] "GET /xingrg/all/function/internal_message.html?_=1704925216817&CODE_STATE=getMsg HTTP/1.1" 200 27
120.253.135.82 - - [11/Jan/2024:06:20:16 +0800] "GET /xingrg/kc/pszx/jzcl_ps.html HTTP/1.1" 200 7683
120.253.135.82 - - [11/Jan/2024:06:20:17 +0800] "POST /xingrg/all/common/load_tree.html?tree=area_rest_tree_json HTTP/1.1" 200 3624
120.253.135.82 - - [11/Jan/2024:06:20:17 +0800] "POST /xingrg/kc/pszx/jzcl_ps_operate.html HTTP/1.1" 200 7380
120.253.135.82 - - [11/Jan/2024:06:20:17 +0800] "POST /xingrg/kc/pszx/jzcl_ps_operate.html HTTP/1.1" 200 7380
124.77.242.64 - - [11/Jan/2024:06:20:20 +0800] "GET /xingrg/kc/base/wldb_order_operate.html?command=get_materiel&rest_code=00146&base_code=0010063&code=00101019313 HTTP/1.1" 200 457
120.253.135.82 - - [11/Jan/2024:06:20:24 +0800] "GET /xingrg/all/function/internal_message.html?_=1704925044806&CODE_STATE=getMsg HTTP/1.1" 200 27
180.171.56.87 - - [11/Jan/2024:06:20:34 +0800] "GET /xingrg/all/function/internal_message.html?_=1704925239086&CODE_STATE=getMsg HTTP/1.1" 200 27
180.171.56.87 - - [11/Jan/2024:06:20:34 +0800] "GET /xingrg/check_reg.html?_=1704925239089 HTTP/1.1" 200 22
124.77.242.64 - - [11/Jan/2024:06:20:35 +0800] "GET /xingrg/kc/base/wldb_order_operate.html?command=get_materiel&rest_code=00146&base_code=0010063&code=00101019133 HTTP/1.1" 200 480
124.77.242.64 - - [11/Jan/2024:06:20:40 +0800] "GET /xingrg/all/function/internal_message.html?_=1704925244258&CODE_STATE=getMsg HTTP/1.1" 200 27
124.77.242.64 - - [11/Jan/2024:06:20:50 +0800] "GET /xingrg/kc/base/wldb_order_operate.html?command=get_materiel&rest_code=00146&base_code=0010063&code=00101019391 HTTP/1.1" 200 485
221.239.172.206 - - [11/Jan/2024:06:20:53 +0800] "GET /xingrg/all/function/internal_message.html?_=1704925252589&CODE_STATE=getMsg HTTP/1.1" 200 27
114.95.241.104 - - [11/Jan/2024:06:20:57 +0800] "GET /xingrg/all/function/internal_message.html?_=1704925257952&CODE_STATE=getMsg HTTP/1.1" 200 27
124.78.68.102 - - [11/Jan/2024:06:20:58 +0800] "GET /xingrg/all/function/internal_message.html?_=1704925258460&CODE_STATE=getMsg HTTP/1.1" 200 27
124.77.242.64 - - [11/Jan/2024:06:21:00 +0800] "GET /xingrg/kc/base/wldb_order_operate.html?command=get_materiel&rest_code=00146&base_code=0010063&code=00101019236 HTTP/1.1" 200 464
116.232.193.168 - - [11/Jan/2024:06:21:00 +0800] "GET /xingrg/all/function/internal_message.html?_=1704925205212&CODE_STATE=getMsg HTTP/1.1" 200 27
116.228.172.122 - - [11/Jan/2024:06:21:01 +0800] "GET /xingrg/all/function/internal_message.html?_=1704925169717&CODE_STATE=getMsg HTTP/1.1" 302 -
114.95.241.104 - - [11/Jan/2024:06:21:04 +0800] "GET /xingrg/all/function/internal_message.html?_=1704925263885&CODE_STATE=getMsg HTTP/1.1" 200 27
124.77.242.64 - - [11/Jan/2024:06:21:08 +0800] "GET /xingrg/kc/base/wldb_order_operate.html?command=get_materiel&rest_code=00146&base_code=0010063&code=00101019438 HTTP/1.1" 200 462
120.253.135.82 - - [11/Jan/2024:06:21:08 +0800] "POST /xingrg/kc/pszx/jzcl_ps_operate.html HTTP/1.1" 200 4
120.253.135.82 - - [11/Jan/2024:06:21:11 +0800] "GET /xingrg/kc/pszx/mdps_order_list.html HTTP/1.1" 200 21036
120.253.135.82 - - [11/Jan/2024:06:21:11 +0800] "POST /xingrg/kc/pszx/jzcl_ps_operate.html HTTP/1.1" 200 3927
120.253.135.82 - - [11/Jan/2024:06:21:11 +0800] "POST /xingrg/kc/pszx/mdps_list_operate.html HTTP/1.1" 200 5310
116.232.193.168 - - [11/Jan/2024:06:21:12 +0800] "GET /xingrg/all/function/internal_message.html?_=1704925216982&CODE_STATE=getMsg HTTP/1.1" 200 27
58.40.7.146 - - [11/Jan/2024:06:21:16 +0800] "GET /xingrg/all/function/internal_message.html?_=1704925276807&CODE_STATE=getMsg HTTP/1.1" 200 27
124.77.242.64 - - [11/Jan/2024:06:21:18 +0800] "GET /xingrg/kc/base/wldb_order_operate.html?command=get_materiel&rest_code=00146&base_code=0010063&code=00101019063 HTTP/1.1" 200 461
116.232.193.168 - - [11/Jan/2024:06:21:18 +0800] "GET /xingrg/check_reg.html?_=1704925222956 HTTP/1.1" 200 22
120.253.135.82 - - [11/Jan/2024:06:21:19 +0800] "POST /xingrg/kc/pszx/mdps_list_operate.html HTTP/1.1" 200 4296
120.253.135.82 - - [11/Jan/2024:06:21:21 +0800] "GET /xingrg/check_reg.html?_=1704925101865 HTTP/1.1" 200 22
120.253.135.82 - - [11/Jan/2024:06:21:23 +0800] "POST /xingrg/kc/pszx/mdps_list_operate.html HTTP/1.1" 200 653
120.253.135.82 - - [11/Jan/2024:06:21:24 +0800] "GET /xingrg/all/function/internal_message.html?_=1704925104814&CODE_STATE=getMsg HTTP/1.1" 200 27
120.253.135.82 - - [11/Jan/2024:06:21:25 +0800] "GET /xingrg/kc/pszx/mdps_order_info.html?code=312024011100280 HTTP/1.1" 200 23978
120.253.135.82 - - [11/Jan/2024:06:21:25 +0800] "GET /xingrg/javascript/easyui/themes/default/validatebox.css HTTP/1.1" 404 1104
120.253.135.82 - - [11/Jan/2024:06:21:26 +0800] "POST /xingrg/kc/pszx/mdps_order_operate.html HTTP/1.1" 200 16524
120.253.135.82 - - [11/Jan/2024:06:21:28 +0800] "POST /xingrg/kc/pszx/mdps_order_operate.html HTTP/1.1" 200 37
120.253.135.82 - - [11/Jan/2024:06:21:30 +0800] "GET /xingrg/kc/pszx/mdps_order_info.html?code=312024011100280 HTTP/1.1" 200 23978
120.253.135.82 - - [11/Jan/2024:06:21:30 +0800] "GET /xingrg/javascript/easyui/themes/default/validatebox.css HTTP/1.1" 404 1104
120.253.135.82 - - [11/Jan/2024:06:21:31 +0800] "POST /xingrg/kc/pszx/mdps_order_operate.html HTTP/1.1" 200 16757
221.239.172.206 - - [11/Jan/2024:06:21:33 +0800] "GET /xingrg/check_reg.html?_=1704925292967 HTTP/1.1" 200 22
180.171.56.87 - - [11/Jan/2024:06:21:34 +0800] "GET /xingrg/all/function/internal_message.html?_=1704925299092&CODE_STATE=getMsg HTTP/1.1" 200 27
124.77.242.64 - - [11/Jan/2024:06:21:40 +0800] "GET /xingrg/all/function/internal_message.html?_=1704925304270&CODE_STATE=getMsg HTTP/1.1" 200 27
221.239.172.206 - - [11/Jan/2024:06:21:52 +0800] "GET /xingrg/all/function/internal_message.html?_=1704925312560&CODE_STATE=getMsg HTTP/1.1" 200 27
124.77.242.64 - - [11/Jan/2024:06:21:55 +0800] "GET /xingrg/kc/base/wldb_order_operate.html?command=get_materiel&rest_code=00146&base_code=0010063&code=00101019066 HTTP/1.1" 200 455
114.95.241.104 - - [11/Jan/2024:06:21:57 +0800] "GET /xingrg/all/function/internal_message.html?_=1704925317948&CODE_STATE=getMsg HTTP/1.1" 200 27
124.78.68.102 - - [11/Jan/2024:06:21:58 +0800] "GET /xingrg/all/function/internal_message.html?_=1704925318434&CODE_STATE=getMsg HTTP/1.1" 200 27
116.232.193.168 - - [11/Jan/2024:06:22:00 +0800] "GET /xingrg/all/function/internal_message.html?_=1704925265197&CODE_STATE=getMsg HTTP/1.1" 200 27
116.228.172.122 - - [11/Jan/2024:06:22:01 +0800] "GET /xingrg/all/function/internal_message.html?_=1704925229721&CODE_STATE=getMsg HTTP/1.1" 302 -
114.95.241.104 - - [11/Jan/2024:06:22:04 +0800] "GET /xingrg/all/function/internal_message.html?_=1704925323878&CODE_STATE=getMsg HTTP/1.1" 200 27
114.95.241.104 - - [11/Jan/2024:06:22:04 +0800] "GET /xingrg/check_reg.html?_=1704925323875 HTTP/1.1" 200 22
124.77.242.64 - - [11/Jan/2024:06:22:09 +0800] "GET /xingrg/kc/base/wldb_order_operate.html?command=get_materiel&rest_code=00146&base_code=0010063&code=00101016064 HTTP/1.1" 200 470
116.232.193.168 - - [11/Jan/2024:06:22:12 +0800] "GET /xingrg/all/function/internal_message.html?_=1704925276961&CODE_STATE=getMsg HTTP/1.1" 200 27
58.40.7.146 - - [11/Jan/2024:06:22:16 +0800] "GET /xingrg/all/function/internal_message.html?_=1704925336808&CODE_STATE=getMsg HTTP/1.1" 200 27
124.77.242.64 - - [11/Jan/2024:06:22:17 +0800] "GET /xingrg/kc/base/wldb_order_operate.html?command=get_materiel&rest_code=00146&base_code=0010063&code=00101019079 HTTP/1.1" 200 479
124.78.68.102 - - [11/Jan/2024:06:22:24 +0800] "GET /xingrg/check_reg.html?_=1704925344758 HTTP/1.1" 200 22
120.253.135.82 - - [11/Jan/2024:06:22:24 +0800] "GET /xingrg/all/function/internal_message.html?_=1704925164827&CODE_STATE=getMsg HTTP/1.1" 200 27
124.77.242.64 - - [11/Jan/2024:06:22:26 +0800] "GET /xingrg/kc/base/wldb_order_operate.html?command=get_materiel&rest_code=00146&base_code=0010063&code=00101019529 HTTP/1.1" 200 476
180.171.56.87 - - [11/Jan/2024:06:22:34 +0800] "GET /xingrg/all/function/internal_message.html?_=1704925359095&CODE_STATE=getMsg HTTP/1.1" 200 27
124.77.242.64 - - [11/Jan/2024:06:22:46 +0800] "POST /xingrg/kc/base/wldb_order_operate.html HTTP/1.1" 200 37
120.253.135.82 - - [11/Jan/2024:06:22:50 +0800] "POST /xingrg/all/common/load_select.html HTTP/1.1" 200 25
221.239.172.206 - - [11/Jan/2024:06:22:52 +0800] "GET /xingrg/all/function/internal_message.html?_=1704925372535&CODE_STATE=getMsg HTTP/1.1" 200 27
124.77.242.64 - - [11/Jan/2024:06:22:53 +0800] "POST /xingrg/kc/base/wldb_order_operate.html HTTP/1.1" 200 12
120.253.135.82 - - [11/Jan/2024:06:22:53 +0800] "GET /xingrg/kc/pszx/mdps_order_operate.html?command=get_materiel_price&pszx_code=00101&rest_code=00141&base_code=0010246&code=00101019184&unit_code=00100037&order_time=2024-01-12 HTTP/1.1" 200 35
124.77.242.64 - - [11/Jan/2024:06:22:53 +0800] "POST /xingrg/kc/base/wldb_order_operate.html HTTP/1.1" 200 7209
114.95.241.104 - - [11/Jan/2024:06:22:57 +0800] "GET /xingrg/all/function/internal_message.html?_=1704925377960&CODE_STATE=getMsg HTTP/1.1" 200 27
124.78.68.102 - - [11/Jan/2024:06:22:58 +0800] "GET /xingrg/all/function/internal_message.html?_=1704925378427&CODE_STATE=getMsg HTTP/1.1" 200 27
116.232.193.168 - - [11/Jan/2024:06:23:00 +0800] "GET /xingrg/all/function/internal_message.html?_=1704925325181&CODE_STATE=getMsg HTTP/1.1" 200 27
116.228.172.122 - - [11/Jan/2024:06:23:01 +0800] "GET /xingrg/all/function/internal_message.html?_=1704925289714&CODE_STATE=getMsg HTTP/1.1" 302 -
120.253.135.82 - - [11/Jan/2024:06:23:02 +0800] "POST /xingrg/all/common/load_select.html HTTP/1.1" 200 25
120.253.135.82 - - [11/Jan/2024:06:23:04 +0800] "GET /xingrg/kc/pszx/mdps_order_operate.html?command=get_materiel_price&pszx_code=00101&rest_code=00141&base_code=0010246&code=00101019133&unit_code=00100189&order_time=2024-01-12 HTTP/1.1" 200 35
114.95.241.104 - - [11/Jan/2024:06:23:04 +0800] "GET /xingrg/all/function/internal_message.html?_=1704925383881&CODE_STATE=getMsg HTTP/1.1" 200 27
116.232.193.168 - - [11/Jan/2024:06:23:12 +0800] "GET /xingrg/all/function/internal_message.html?_=1704925336941&CODE_STATE=getMsg HTTP/1.1" 200 27
58.40.7.146 - - [11/Jan/2024:06:23:16 +0800] "GET /xingrg/all/function/internal_message.html?_=1704925396812&CODE_STATE=getMsg HTTP/1.1" 200 27
58.40.7.146 - - [11/Jan/2024:06:23:16 +0800] "GET /xingrg/check_reg.html?_=1704925396814 HTTP/1.1" 200 22
124.77.242.64 - - [11/Jan/2024:06:23:19 +0800] "GET /xingrg/kc/base/wldb_order_info.html?code=422024011101054 HTTP/1.1" 200 26269
