114.95.241.104 - - [11/Jan/2024:09:41:09 +0800] "GET /xingrg/all/function/internal_message.html?_=1704937268911&CODE_STATE=getMsg HTTP/1.1" 200 27
124.78.68.102 - - [11/Jan/2024:09:41:09 +0800] "POST /xingrg/services/DataTransmitService HTTP/1.1" 200 524
124.78.68.102 - - [11/Jan/2024:09:41:13 +0800] "GET /xingrg/kc/buy/cgsh_order_operate.html?command=get_materiel&rest_code=00141&code=00101012042&supplier_code=00100036&order_time=2024-01-11 HTTP/1.1" 200 409
180.163.28.109 - - [11/Jan/2024:09:41:14 +0800] "GET /xingrg/check_reg.html?_=1704937212072 HTTP/1.1" 302 -
180.163.28.109 - - [11/Jan/2024:09:41:14 +0800] "GET /xingrg/login.html HTTP/1.1" 200 7641
124.78.154.219 - - [11/Jan/2024:09:41:15 +0800] "GET /xingrg/kc/buy/cgsh_order_operate.html?command=get_materiel&rest_code=00106&code=00101008362&supplier_code=00100007&order_time=2024-01-11 HTTP/1.1" 200 408
58.40.7.146 - - [11/Jan/2024:09:41:16 +0800] "GET /xingrg/all/function/internal_message.html?_=1704937276837&CODE_STATE=getMsg HTTP/1.1" 200 27
180.152.241.32 - - [11/Jan/2024:09:41:17 +0800] "GET /xingrg/all/function/internal_message.html?_=1704937278157&CODE_STATE=getMsg HTTP/1.1" 200 27
180.152.241.32 - - [11/Jan/2024:09:41:18 +0800] "GET /xingrg/check_reg.html?_=1704937278328 HTTP/1.1" 200 22
101.83.145.37 - - [11/Jan/2024:09:41:18 +0800] "GET /xingrg/all/function/internal_message.html?_=1704937045415&CODE_STATE=getMsg HTTP/1.1" 200 27
116.232.193.168 - - [11/Jan/2024:09:41:18 +0800] "GET /xingrg/check_reg.html?_=1704937222950 HTTP/1.1" 200 22
180.164.1.25 - - [11/Jan/2024:09:41:21 +0800] "GET /xingrg/all/function/internal_message.html?_=1704937280614&CODE_STATE=getMsg HTTP/1.1" 200 27
222.70.180.200 - - [11/Jan/2024:09:41:21 +0800] "GET /xingrg/all/function/internal_message.html?_=1704937280137&CODE_STATE=getMsg HTTP/1.1" 200 27
101.228.146.191 - - [11/Jan/2024:09:41:26 +0800] "POST /xingrg/kc/buy/cgsh_order_operate.html HTTP/1.1" 200 37
222.70.115.1 - - [11/Jan/2024:09:41:26 +0800] "GET /xingrg/all/function/internal_message.html?_=1704937292295&CODE_STATE=getMsg HTTP/1.1" 200 27
124.78.68.102 - - [11/Jan/2024:09:41:28 +0800] "GET /xingrg/kc/buy/cgsh_order_operate.html?command=get_materiel&rest_code=00141&code=00101011010&supplier_code=00100036&order_time=2024-01-11 HTTP/1.1" 200 418
124.78.154.219 - - [11/Jan/2024:09:41:29 +0800] "GET /xingrg/all/function/internal_message.html?_=1704937288359&CODE_STATE=getMsg HTTP/1.1" 200 27
101.228.146.191 - - [11/Jan/2024:09:41:32 +0800] "POST /xingrg/kc/buy/cgsh_order_operate.html HTTP/1.1" 200 12
101.83.145.37 - - [11/Jan/2024:09:41:33 +0800] "GET /xingrg/check_reg.html?_=1704937293446 HTTP/1.1" 200 22
101.83.145.37 - - [11/Jan/2024:09:41:33 +0800] "GET /xingrg/all/function/internal_message.html?_=1704937293612&CODE_STATE=getMsg HTTP/1.1" 200 27
221.239.172.206 - - [11/Jan/2024:09:41:33 +0800] "GET /xingrg/check_reg.html?_=1704937293172 HTTP/1.1" 200 22
116.232.193.168 - - [11/Jan/2024:09:41:33 +0800] "GET /xingrg/all/function/internal_message.html?_=1704937238209&CODE_STATE=getMsg HTTP/1.1" 200 27
180.171.56.87 - - [11/Jan/2024:09:41:34 +0800] "GET /xingrg/all/function/internal_message.html?_=1704937299350&CODE_STATE=getMsg HTTP/1.1" 200 27
124.77.240.112 - - [11/Jan/2024:09:41:34 +0800] "GET /xingrg/all/function/internal_message.html?_=1704937299126&CODE_STATE=getMsg HTTP/1.1" 200 27
101.228.146.191 - - [11/Jan/2024:09:41:35 +0800] "GET /xingrg/kc/buy/cgsh_order_info.html?code=212024011104061 HTTP/1.1" 200 66973
101.228.146.191 - - [11/Jan/2024:09:41:35 +0800] "GET /xingrg/javascript/easyui/themes/default/validatebox.css HTTP/1.1" 404 1104
101.228.146.191 - - [11/Jan/2024:09:41:36 +0800] "POST /xingrg/kc/buy/cgsh_order_operate.html HTTP/1.1" 200 1257
101.228.146.191 - - [11/Jan/2024:09:41:38 +0800] "GET /xingrg/kc/print/load_config.html?kc_code=cgsh HTTP/1.1" 200 1927
101.228.146.191 - - [11/Jan/2024:09:41:39 +0800] "GET /xingrg/kc/print/load_data.html?order_code=212024011104061&kc_code=cgsh&condition= HTTP/1.1" 200 990
124.78.68.102 - - [11/Jan/2024:09:41:43 +0800] "GET /xingrg/kc/buy/cgsh_order_operate.html?command=get_materiel&rest_code=00141&code=00101012017&supplier_code=00100036&order_time=2024-01-11 HTTP/1.1" 200 428
124.78.68.102 - - [11/Jan/2024:09:41:44 +0800] "POST /xingrg/all/common/load_select.html HTTP/1.1" 200 25
222.69.135.213 - - [11/Jan/2024:09:41:49 +0800] "GET /xingrg/all/function/internal_message.html?_=1704937310590&CODE_STATE=getMsg HTTP/1.1" 200 27
221.239.172.206 - - [11/Jan/2024:09:41:49 +0800] "GET /xingrg/all/function/internal_message.html?_=1704937308860&CODE_STATE=getMsg HTTP/1.1" 200 27
124.78.68.102 - - [11/Jan/2024:09:41:49 +0800] "GET /xingrg/kc/buy/cgsh_order_operate.html?command=get_materiel_price&rest_code=00141&code=00101012017&unit_code=00100176&supplier_code=00100036&order_time=2024-01-11 HTTP/1.1" 200 28
101.228.146.191 - - [11/Jan/2024:09:41:51 +0800] "GET /xingrg/kc/buy/cgsh_order_add.html HTTP/1.1" 200 72066
101.228.146.191 - - [11/Jan/2024:09:41:51 +0800] "POST /xingrg/kc/buy/cgsh_order_operate.html HTTP/1.1" 200 8245
101.228.146.191 - - [11/Jan/2024:09:41:51 +0800] "GET /xingrg/javascript/easyui/themes/default/validatebox.css HTTP/1.1" 404 1104
124.78.68.102 - - [11/Jan/2024:09:41:54 +0800] "GET /xingrg/all/function/internal_message.html?_=1704937314737&CODE_STATE=getMsg HTTP/1.1" 200 27
101.228.146.191 - - [11/Jan/2024:09:41:55 +0800] "GET /xingrg/all/function/internal_message.html?_=1704937314074&CODE_STATE=getMsg HTTP/1.1" 200 27
116.232.193.168 - - [11/Jan/2024:09:41:57 +0800] "GET /xingrg/all/function/internal_message.html?_=1704937261696&CODE_STATE=getMsg HTTP/1.1" 200 27
114.95.241.104 - - [11/Jan/2024:09:41:57 +0800] "GET /xingrg/all/function/internal_message.html?_=1704937317953&CODE_STATE=getMsg HTTP/1.1" 200 27
120.253.135.82 - - [11/Jan/2024:09:41:59 +0800] "GET /xingrg/all/function/internal_message.html?_=1704937139196&CODE_STATE=getMsg HTTP/1.1" 200 27
116.228.172.122 - - [11/Jan/2024:09:42:01 +0800] "GET /xingrg/all/function/internal_message.html?_=1704937229715&CODE_STATE=getMsg HTTP/1.1" 302 -
124.78.68.102 - - [11/Jan/2024:09:42:02 +0800] "POST /xingrg/kc/buy/cgsh_order_operate.html HTTP/1.1" 200 37
124.78.154.219 - - [11/Jan/2024:09:42:04 +0800] "GET /xingrg/kc/buy/cgsh_order_operate.html?command=get_materiel&rest_code=00106&code=00101008357&supplier_code=00100007&order_time=2024-01-11 HTTP/1.1" 200 408
101.228.146.191 - - [11/Jan/2024:09:42:06 +0800] "GET /xingrg/kc/buy/cgsh_order_operate.html?command=get_materiel&rest_code=00142&code=00101008108&supplier_code=00100161&order_time=2024-01-11 HTTP/1.1" 200 433
116.232.193.168 - - [11/Jan/2024:09:42:09 +0800] "GET /xingrg/all/function/internal_message.html?_=1704937273417&CODE_STATE=getMsg HTTP/1.1" 200 27
114.95.241.104 - - [11/Jan/2024:09:42:09 +0800] "GET /xingrg/all/function/internal_message.html?_=1704937328884&CODE_STATE=getMsg HTTP/1.1" 200 27
124.78.68.102 - - [11/Jan/2024:09:42:10 +0800] "POST /xingrg/kc/buy/cgsh_order_operate.html HTTP/1.1" 200 12
124.78.68.102 - - [11/Jan/2024:09:42:12 +0800] "GET /xingrg/kc/buy/cgsh_order_info.html?code=212024011104062 HTTP/1.1" 200 67858
124.78.154.219 - - [11/Jan/2024:09:42:13 +0800] "GET /xingrg/kc/buy/cgsh_order_operate.html?command=get_materiel&rest_code=00106&code=00101008069&supplier_code=00100007&order_time=2024-01-11 HTTP/1.1" 200 412
124.78.68.102 - - [11/Jan/2024:09:42:13 +0800] "GET /xingrg/javascript/easyui/themes/default/validatebox.css HTTP/1.1" 404 1104
124.78.68.102 - - [11/Jan/2024:09:42:14 +0800] "POST /xingrg/kc/buy/cgsh_order_operate.html HTTP/1.1" 200 4178
124.78.68.102 - - [11/Jan/2024:09:42:16 +0800] "GET /xingrg/kc/print/load_data.html?order_code=212024011104062&kc_code=cgsh&condition= HTTP/1.1" 200 2151
58.40.7.146 - - [11/Jan/2024:09:42:16 +0800] "GET /xingrg/all/function/internal_message.html?_=1704937336841&CODE_STATE=getMsg HTTP/1.1" 200 27
180.152.241.32 - - [11/Jan/2024:09:42:17 +0800] "GET /xingrg/all/function/internal_message.html?_=1704937338148&CODE_STATE=getMsg HTTP/1.1" 200 27
101.83.145.37 - - [11/Jan/2024:09:42:18 +0800] "GET /xingrg/all/function/internal_message.html?_=1704937105416&CODE_STATE=getMsg HTTP/1.1" 200 27
124.78.154.219 - - [11/Jan/2024:09:42:18 +0800] "POST /xingrg/kc/buy/cgsh_order_operate.html HTTP/1.1" 200 2065
101.83.145.37 - - [11/Jan/2024:09:42:18 +0800] "GET /xingrg/check_reg.html?_=1704937105529 HTTP/1.1" 200 22
180.164.1.25 - - [11/Jan/2024:09:42:21 +0800] "GET /xingrg/all/function/internal_message.html?_=1704937340608&CODE_STATE=getMsg HTTP/1.1" 200 27
222.70.180.200 - - [11/Jan/2024:09:42:21 +0800] "GET /xingrg/all/function/internal_message.html?_=1704937340115&CODE_STATE=getMsg HTTP/1.1" 200 27
124.78.68.102 - - [11/Jan/2024:09:42:23 +0800] "POST /xingrg/kc/buy/cgsh_order_operate.html HTTP/1.1" 200 8245
124.78.68.102 - - [11/Jan/2024:09:42:23 +0800] "GET /xingrg/javascript/easyui/themes/default/validatebox.css HTTP/1.1" 404 1104
124.78.68.102 - - [11/Jan/2024:09:42:24 +0800] "GET /xingrg/check_reg.html?_=1704937344059 HTTP/1.1" 200 22
124.78.154.219 - - [11/Jan/2024:09:42:26 +0800] "POST /xingrg/kc/buy/cgsh_order_operate.html HTTP/1.1" 200 37
222.70.115.1 - - [11/Jan/2024:09:42:26 +0800] "GET /xingrg/all/function/internal_message.html?_=1704937352296&CODE_STATE=getMsg HTTP/1.1" 200 27
222.70.115.1 - - [11/Jan/2024:09:42:26 +0800] "GET /xingrg/check_reg.html?_=1704937352298 HTTP/1.1" 200 22
124.78.154.219 - - [11/Jan/2024:09:42:28 +0800] "POST /xingrg/kc/buy/cgsh_order_operate.html HTTP/1.1" 200 10324
124.78.154.219 - - [11/Jan/2024:09:42:29 +0800] "GET /xingrg/all/function/internal_message.html?_=1704937348343&CODE_STATE=getMsg HTTP/1.1" 200 27
101.228.146.191 - - [11/Jan/2024:09:42:30 +0800] "GET /xingrg/kc/buy/cgsh_order_operate.html?command=get_materiel&rest_code=00142&code=00101008361&supplier_code=00100161&order_time=2024-01-11 HTTP/1.1" 200 408
124.78.68.102 - - [11/Jan/2024:09:42:33 +0800] "GET /xingrg/kc/buy/cgsh_order_operate.html?command=get_materiel&rest_code=00141&code=00101001299&supplier_code=00100040&order_time=2024-01-11 HTTP/1.1" 200 413
101.83.145.37 - - [11/Jan/2024:09:42:33 +0800] "GET /xingrg/all/function/internal_message.html?_=1704937353593&CODE_STATE=getMsg HTTP/1.1" 200 27
116.232.193.168 - - [11/Jan/2024:09:42:33 +0800] "GET /xingrg/all/function/internal_message.html?_=1704937298207&CODE_STATE=getMsg HTTP/1.1" 200 27
116.232.193.168 - - [11/Jan/2024:09:42:33 +0800] "GET /xingrg/check_reg.html?_=1704937298209 HTTP/1.1" 200 22
180.171.56.87 - - [11/Jan/2024:09:42:34 +0800] "GET /xingrg/all/function/internal_message.html?_=1704937359351&CODE_STATE=getMsg HTTP/1.1" 200 27
124.77.240.112 - - [11/Jan/2024:09:42:35 +0800] "GET /xingrg/all/function/internal_message.html?_=1704937359246&CODE_STATE=getMsg HTTP/1.1" 200 27
101.228.146.191 - - [11/Jan/2024:09:42:49 +0800] "GET /xingrg/kc/buy/cgsh_order_operate.html?command=get_materiel&rest_code=00142&code=00101008355&supplier_code=00100161&order_time=2024-01-11 HTTP/1.1" 200 429
222.69.135.213 - - [11/Jan/2024:09:42:49 +0800] "GET /xingrg/all/function/internal_message.html?_=1704937370580&CODE_STATE=getMsg HTTP/1.1" 200 27
221.239.172.206 - - [11/Jan/2024:09:42:49 +0800] "GET /xingrg/all/function/internal_message.html?_=1704937368833&CODE_STATE=getMsg HTTP/1.1" 200 27
124.78.68.102 - - [11/Jan/2024:09:42:54 +0800] "GET /xingrg/all/function/internal_message.html?_=1704937374717&CODE_STATE=getMsg HTTP/1.1" 200 27
101.228.146.191 - - [11/Jan/2024:09:42:55 +0800] "GET /xingrg/all/function/internal_message.html?_=1704937374084&CODE_STATE=getMsg HTTP/1.1" 200 27
101.228.146.191 - - [11/Jan/2024:09:42:55 +0800] "GET /xingrg/check_reg.html?_=1704937374081 HTTP/1.1" 200 22
124.78.68.102 - - [11/Jan/2024:09:42:56 +0800] "POST /xingrg/kc/buy/cgsh_order_operate.html HTTP/1.1" 200 37
116.232.193.168 - - [11/Jan/2024:09:42:57 +0800] "GET /xingrg/all/function/internal_message.html?_=1704937321671&CODE_STATE=getMsg HTTP/1.1" 200 27
114.95.241.104 - - [11/Jan/2024:09:42:57 +0800] "GET /xingrg/all/function/internal_message.html?_=1704937377942&CODE_STATE=getMsg HTTP/1.1" 200 27
120.253.135.82 - - [11/Jan/2024:09:42:59 +0800] "GET /xingrg/all/function/internal_message.html?_=1704937199197&CODE_STATE=getMsg HTTP/1.1" 200 27
101.228.146.191 - - [11/Jan/2024:09:42:59 +0800] "GET /xingrg/kc/buy/cgsh_order_operate.html?command=get_materiel&rest_code=00142&code=00101008024&supplier_code=00100161&order_time=2024-01-11 HTTP/1.1" 200 428
180.163.29.103 - - [11/Jan/2024:09:43:01 +0800] "GET /xingrg/kc/buy/cgsh_order_operate.html?command=get_materiel&rest_code=00106&code=00101008357&supplier_code=00100007&order_time=2024-01-11 HTTP/1.1" 302 -
180.163.29.103 - - [11/Jan/2024:09:43:01 +0800] "GET /xingrg/login.html HTTP/1.1" 200 7641
116.228.172.122 - - [11/Jan/2024:09:43:01 +0800] "GET /xingrg/all/function/internal_message.html?_=1704937289717&CODE_STATE=getMsg HTTP/1.1" 302 -
124.78.68.102 - - [11/Jan/2024:09:43:04 +0800] "POST /xingrg/kc/buy/cgsh_order_operate.html HTTP/1.1" 200 12
124.78.68.102 - - [11/Jan/2024:09:43:07 +0800] "GET /xingrg/kc/buy/cgsh_order_info.html?code=212024011104063 HTTP/1.1" 200 67856
124.78.68.102 - - [11/Jan/2024:09:43:08 +0800] "GET /xingrg/javascript/easyui/themes/default/validatebox.css HTTP/1.1" 404 1104
116.232.193.168 - - [11/Jan/2024:09:43:09 +0800] "GET /xingrg/all/function/internal_message.html?_=1704937333391&CODE_STATE=getMsg HTTP/1.1" 200 27
124.78.68.102 - - [11/Jan/2024:09:43:09 +0800] "POST /xingrg/kc/buy/cgsh_order_operate.html HTTP/1.1" 200 1197
114.95.241.104 - - [11/Jan/2024:09:43:09 +0800] "GET /xingrg/all/function/internal_message.html?_=1704937388867&CODE_STATE=getMsg HTTP/1.1" 200 27
101.228.146.191 - - [11/Jan/2024:09:43:09 +0800] "GET /xingrg/kc/buy/cgsh_order_operate.html?command=get_materiel&rest_code=00142&code=00101008356&supplier_code=00100161&order_time=2024-01-11 HTTP/1.1" 200 428
124.78.68.102 - - [11/Jan/2024:09:43:11 +0800] "GET /xingrg/kc/print/load_data.html?order_code=212024011104063&kc_code=cgsh&condition= HTTP/1.1" 200 1004
58.40.7.146 - - [11/Jan/2024:09:43:16 +0800] "GET /xingrg/all/function/internal_message.html?_=1704937396841&CODE_STATE=getMsg HTTP/1.1" 200 27
58.40.7.146 - - [11/Jan/2024:09:43:16 +0800] "GET /xingrg/check_reg.html?_=1704937396843 HTTP/1.1" 200 22
124.78.68.102 - - [11/Jan/2024:09:43:17 +0800] "POST /xingrg/kc/buy/cgsh_order_operate.html HTTP/1.1" 200 8245
124.78.68.102 - - [11/Jan/2024:09:43:17 +0800] "GET /xingrg/javascript/easyui/themes/default/validatebox.css HTTP/1.1" 404 1104
180.152.241.32 - - [11/Jan/2024:09:43:17 +0800] "GET /xingrg/all/function/internal_message.html?_=1704937398134&CODE_STATE=getMsg HTTP/1.1" 200 27
101.83.145.37 - - [11/Jan/2024:09:43:18 +0800] "GET /xingrg/all/function/internal_message.html?_=1704937165419&CODE_STATE=getMsg HTTP/1.1" 200 27
124.77.240.112 - - [11/Jan/2024:09:43:20 +0800] "GET /xingrg/check_reg.html?_=1704937404505 HTTP/1.1" 200 22
101.228.146.191 - - [11/Jan/2024:09:43:20 +0800] "GET /xingrg/kc/buy/cgsh_order_operate.html?command=get_materiel&rest_code=00142&code=00101008286&supplier_code=00100161&order_time=2024-01-11 HTTP/1.1" 200 429
180.164.1.25 - - [11/Jan/2024:09:43:21 +0800] "GET /xingrg/all/function/internal_message.html?_=1704937400607&CODE_STATE=getMsg HTTP/1.1" 200 27
222.70.180.200 - - [11/Jan/2024:09:43:21 +0800] "GET /xingrg/all/function/internal_message.html?_=1704937400099&CODE_STATE=getMsg HTTP/1.1" 200 27
222.70.115.1 - - [11/Jan/2024:09:43:26 +0800] "GET /xingrg/all/function/internal_message.html?_=1704937412296&CODE_STATE=getMsg HTTP/1.1" 200 27
124.78.154.219 - - [11/Jan/2024:09:43:29 +0800] "GET /xingrg/all/function/internal_message.html?_=1704937408324&CODE_STATE=getMsg HTTP/1.1" 200 27
101.228.146.191 - - [11/Jan/2024:09:43:30 +0800] "GET /xingrg/kc/buy/cgsh_order_operate.html?command=get_materiel&rest_code=00142&code=00101008353&supplier_code=00100161&order_time=2024-01-11 HTTP/1.1" 200 429
124.78.68.102 - - [11/Jan/2024:09:43:31 +0800] "GET /xingrg/kc/buy/cgsh_order_operate.html?command=get_materiel&rest_code=00141&code=00101008010&supplier_code=00100007&order_time=2024-01-11 HTTP/1.1" 200 412
101.83.145.37 - - [11/Jan/2024:09:43:33 +0800] "GET /xingrg/all/function/internal_message.html?_=1704937413574&CODE_STATE=getMsg HTTP/1.1" 200 27
116.232.193.168 - - [11/Jan/2024:09:43:33 +0800] "GET /xingrg/all/function/internal_message.html?_=1704937358214&CODE_STATE=getMsg HTTP/1.1" 200 27
180.171.56.87 - - [11/Jan/2024:09:43:34 +0800] "GET /xingrg/all/function/internal_message.html?_=1704937419352&CODE_STATE=getMsg HTTP/1.1" 200 27
124.77.240.112 - - [11/Jan/2024:09:43:35 +0800] "GET /xingrg/all/function/internal_message.html?_=1704937419262&CODE_STATE=getMsg HTTP/1.1" 200 27
101.228.146.191 - - [11/Jan/2024:09:43:39 +0800] "GET /xingrg/kc/buy/cgsh_order_operate.html?command=get_materiel&rest_code=00142&code=00101008366&supplier_code=00100161&order_time=2024-01-11 HTTP/1.1" 200 408
124.78.68.102 - - [11/Jan/2024:09:43:42 +0800] "GET /xingrg/kc/buy/cgsh_order_operate.html?command=get_materiel&rest_code=00141&code=00101008119&supplier_code=00100007&order_time=2024-01-11 HTTP/1.1" 200 412
221.239.172.206 - - [11/Jan/2024:09:43:49 +0800] "GET /xingrg/all/function/internal_message.html?_=1704937428810&CODE_STATE=getMsg HTTP/1.1" 200 27
222.69.135.213 - - [11/Jan/2024:09:43:49 +0800] "GET /xingrg/all/function/internal_message.html?_=1704937430581&CODE_STATE=getMsg HTTP/1.1" 200 27
124.78.68.102 - - [11/Jan/2024:09:43:52 +0800] "GET /xingrg/kc/buy/cgsh_order_operate.html?command=get_materiel&rest_code=00141&code=00101008095&supplier_code=00100007&order_time=2024-01-11 HTTP/1.1" 200 412
124.78.68.102 - - [11/Jan/2024:09:43:54 +0800] "GET /xingrg/all/function/internal_message.html?_=1704937434689&CODE_STATE=getMsg HTTP/1.1" 200 27
101.228.146.191 - - [11/Jan/2024:09:43:55 +0800] "GET /xingrg/all/function/internal_message.html?_=1704937434071&CODE_STATE=getMsg HTTP/1.1" 200 27
116.232.193.168 - - [11/Jan/2024:09:43:57 +0800] "GET /xingrg/all/function/internal_message.html?_=1704937381656&CODE_STATE=getMsg HTTP/1.1" 200 27
114.95.241.104 - - [11/Jan/2024:09:43:57 +0800] "GET /xingrg/all/function/internal_message.html?_=1704937437950&CODE_STATE=getMsg HTTP/1.1" 200 27
101.228.146.191 - - [11/Jan/2024:09:43:58 +0800] "GET /xingrg/kc/buy/cgsh_order_operate.html?command=get_materiel&rest_code=00142&code=00101008264&supplier_code=00100161&order_time=2024-01-11 HTTP/1.1" 200 433
120.253.135.82 - - [11/Jan/2024:09:43:59 +0800] "GET /xingrg/all/function/internal_message.html?_=1704937259292&CODE_STATE=getMsg HTTP/1.1" 200 27
124.78.68.102 - - [11/Jan/2024:09:44:00 +0800] "GET /xingrg/kc/buy/cgsh_order_operate.html?command=get_materiel&rest_code=00141&code=00101008096&supplier_code=00100007&order_time=2024-01-11 HTTP/1.1" 200 413
116.228.172.122 - - [11/Jan/2024:09:44:01 +0800] "GET /xingrg/all/function/internal_message.html?_=1704937349716&CODE_STATE=getMsg HTTP/1.1" 302 -
101.228.146.191 - - [11/Jan/2024:09:44:09 +0800] "GET /xingrg/kc/buy/cgsh_order_operate.html?command=get_materiel&rest_code=00142&code=00101008298&supplier_code=00100161&order_time=2024-01-11 HTTP/1.1" 200 433
116.232.193.168 - - [11/Jan/2024:09:44:09 +0800] "GET /xingrg/all/function/internal_message.html?_=1704937393371&CODE_STATE=getMsg HTTP/1.1" 200 27
124.78.68.102 - - [11/Jan/2024:09:44:09 +0800] "GET /xingrg/kc/buy/cgsh_order_operate.html?command=get_materiel&rest_code=00141&code=00101008747&supplier_code=00100007&order_time=2024-01-11 HTTP/1.1" 200 414
114.95.241.104 - - [11/Jan/2024:09:44:09 +0800] "GET /xingrg/all/function/internal_message.html?_=1704937448841&CODE_STATE=getMsg HTTP/1.1" 200 27
124.78.154.219 - - [11/Jan/2024:09:44:14 +0800] "POST /xingrg/services/DataTransmitService HTTP/1.1" 200 524
58.40.7.146 - - [11/Jan/2024:09:44:16 +0800] "GET /xingrg/all/function/internal_message.html?_=1704937456845&CODE_STATE=getMsg HTTP/1.1" 200 27
101.228.146.191 - - [11/Jan/2024:09:44:17 +0800] "GET /xingrg/kc/buy/cgsh_order_operate.html?command=get_materiel&rest_code=00142&code=00101008354&supplier_code=00100161&order_time=2024-01-11 HTTP/1.1" 200 433
180.152.241.32 - - [11/Jan/2024:09:44:17 +0800] "GET /xingrg/all/function/internal_message.html?_=1704937458108&CODE_STATE=getMsg HTTP/1.1" 200 27
101.83.145.37 - - [11/Jan/2024:09:44:18 +0800] "GET /xingrg/all/function/internal_message.html?_=1704937225446&CODE_STATE=getMsg HTTP/1.1" 200 27
124.78.68.102 - - [11/Jan/2024:09:44:18 +0800] "GET /xingrg/kc/buy/cgsh_order_operate.html?command=get_materiel&rest_code=00141&code=00101008148&supplier_code=00100007&order_time=2024-01-11 HTTP/1.1" 200 416
180.164.1.25 - - [11/Jan/2024:09:44:21 +0800] "GET /xingrg/all/function/internal_message.html?_=1704937460600&CODE_STATE=getMsg HTTP/1.1" 200 27
180.164.1.25 - - [11/Jan/2024:09:44:21 +0800] "GET /xingrg/check_reg.html?_=1704937460603 HTTP/1.1" 200 22
222.70.180.200 - - [11/Jan/2024:09:44:21 +0800] "GET /xingrg/all/function/internal_message.html?_=1704937460076&CODE_STATE=getMsg HTTP/1.1" 200 27
116.232.193.168 - - [11/Jan/2024:09:44:23 +0800] "GET /xingrg/check_reg.html?_=1704937407657 HTTP/1.1" 200 22
101.228.146.191 - - [11/Jan/2024:09:44:26 +0800] "GET /xingrg/kc/buy/cgsh_order_operate.html?command=get_materiel&rest_code=00142&code=00101008352&supplier_code=00100161&order_time=2024-01-11 HTTP/1.1" 200 412
222.70.115.1 - - [11/Jan/2024:09:44:26 +0800] "GET /xingrg/all/function/internal_message.html?_=1704937472315&CODE_STATE=getMsg HTTP/1.1" 200 27
180.163.29.79 - - [11/Jan/2024:09:44:29 +0800] "GET /xingrg/all/function/internal_message.html?_=1704937408324&CODE_STATE=getMsg HTTP/1.1" 302 -
180.163.29.79 - - [11/Jan/2024:09:44:29 +0800] "GET /xingrg/login.html HTTP/1.1" 200 7641
124.78.154.219 - - [11/Jan/2024:09:44:29 +0800] "GET /xingrg/all/function/internal_message.html?_=1704937468303&CODE_STATE=getMsg HTTP/1.1" 200 27
124.78.68.102 - - [11/Jan/2024:09:44:30 +0800] "GET /xingrg/kc/buy/cgsh_order_operate.html?command=get_materiel&rest_code=00141&code=00101008286&supplier_code=00100007&order_time=2024-01-11 HTTP/1.1" 200 429
101.83.145.37 - - [11/Jan/2024:09:44:33 +0800] "GET /xingrg/all/function/internal_message.html?_=1704937473555&CODE_STATE=getMsg HTTP/1.1" 200 27
116.232.193.168 - - [11/Jan/2024:09:44:33 +0800] "GET /xingrg/all/function/internal_message.html?_=1704937418204&CODE_STATE=getMsg HTTP/1.1" 200 27
180.171.56.87 - - [11/Jan/2024:09:44:34 +0800] "GET /xingrg/all/function/internal_message.html?_=1704937479338&CODE_STATE=getMsg HTTP/1.1" 200 27
124.77.240.112 - - [11/Jan/2024:09:44:35 +0800] "GET /xingrg/all/function/internal_message.html?_=1704937479275&CODE_STATE=getMsg HTTP/1.1" 200 27
101.228.146.191 - - [11/Jan/2024:09:44:35 +0800] "GET /xingrg/kc/buy/cgsh_order_operate.html?command=get_materiel&rest_code=00142&code=00101008152&supplier_code=00100161&order_time=2024-01-11 HTTP/1.1" 200 408
124.78.68.102 - - [11/Jan/2024:09:44:39 +0800] "GET /xingrg/kc/buy/cgsh_order_operate.html?command=get_materiel&rest_code=00141&code=00101008098&supplier_code=00100007&order_time=2024-01-11 HTTP/1.1" 200 412
101.228.146.191 - - [11/Jan/2024:09:44:44 +0800] "GET /xingrg/kc/buy/cgsh_order_operate.html?command=get_materiel&rest_code=00142&code=00101015202&supplier_code=00100161&order_time=2024-01-11 HTTP/1.1" 200 421
120.253.135.82 - - [11/Jan/2024:09:44:45 +0800] "GET /xingrg/check_reg.html?_=1704937305730 HTTP/1.1" 200 22
124.78.68.102 - - [11/Jan/2024:09:44:48 +0800] "GET /xingrg/kc/buy/cgsh_order_operate.html?command=get_materiel&rest_code=00141&code=00101008283&supplier_code=00100007&order_time=2024-01-11 HTTP/1.1" 200 408
221.239.172.206 - - [11/Jan/2024:09:44:49 +0800] "GET /xingrg/all/function/internal_message.html?_=1704937488795&CODE_STATE=getMsg HTTP/1.1" 200 27
222.69.135.213 - - [11/Jan/2024:09:44:49 +0800] "GET /xingrg/all/function/internal_message.html?_=1704937490590&CODE_STATE=getMsg HTTP/1.1" 200 27
222.69.135.213 - - [11/Jan/2024:09:44:49 +0800] "GET /xingrg/check_reg.html?_=1704937490601 HTTP/1.1" 200 22
124.78.68.102 - - [11/Jan/2024:09:44:54 +0800] "GET /xingrg/all/function/internal_message.html?_=1704937494664&CODE_STATE=getMsg HTTP/1.1" 200 27
101.228.146.191 - - [11/Jan/2024:09:44:55 +0800] "GET /xingrg/all/function/internal_message.html?_=1704937494070&CODE_STATE=getMsg HTTP/1.1" 200 27
101.228.146.191 - - [11/Jan/2024:09:44:56 +0800] "GET /xingrg/kc/buy/cgsh_order_operate.html?command=get_materiel&rest_code=00142&code=00101008323&supplier_code=00100161&order_time=2024-01-11 HTTP/1.1" 200 408
124.78.68.102 - - [11/Jan/2024:09:44:57 +0800] "GET /xingrg/kc/buy/cgsh_order_operate.html?command=get_materiel&rest_code=00141&code=00101008037&supplier_code=00100007&order_time=2024-01-11 HTTP/1.1" 200 413
116.232.193.168 - - [11/Jan/2024:09:44:57 +0800] "GET /xingrg/all/function/internal_message.html?_=1704937441632&CODE_STATE=getMsg HTTP/1.1" 200 27
114.95.241.104 - - [11/Jan/2024:09:44:57 +0800] "GET /xingrg/check_reg.html?_=1704937497944 HTTP/1.1" 200 22
114.95.241.104 - - [11/Jan/2024:09:44:57 +0800] "GET /xingrg/all/function/internal_message.html?_=1704937497947&CODE_STATE=getMsg HTTP/1.1" 200 27
120.253.135.82 - - [11/Jan/2024:09:44:59 +0800] "GET /xingrg/all/function/internal_message.html?_=1704937319316&CODE_STATE=getMsg HTTP/1.1" 200 27
116.228.172.122 - - [11/Jan/2024:09:45:01 +0800] "GET /xingrg/check_reg.html?_=1704937409713 HTTP/1.1" 302 -
116.228.172.122 - - [11/Jan/2024:09:45:01 +0800] "GET /xingrg/all/function/internal_message.html?_=1704937409714&CODE_STATE=getMsg HTTP/1.1" 302 -
124.78.68.102 - - [11/Jan/2024:09:45:04 +0800] "GET /xingrg/kc/buy/cgsh_order_operate.html?command=get_materiel&rest_code=00141&code=00101008091&supplier_code=00100007&order_time=2024-01-11 HTTP/1.1" 200 413
101.228.146.191 - - [11/Jan/2024:09:45:06 +0800] "GET /xingrg/kc/buy/cgsh_order_operate.html?command=get_materiel&rest_code=00142&code=00101008321&supplier_code=00100161&order_time=2024-01-11 HTTP/1.1" 200 432
116.232.193.168 - - [11/Jan/2024:09:45:09 +0800] "GET /xingrg/all/function/internal_message.html?_=1704937453354&CODE_STATE=getMsg HTTP/1.1" 200 27
114.95.241.104 - - [11/Jan/2024:09:45:09 +0800] "GET /xingrg/all/function/internal_message.html?_=1704937508819&CODE_STATE=getMsg HTTP/1.1" 200 27
114.95.241.104 - - [11/Jan/2024:09:45:10 +0800] "GET /xingrg/check_reg.html?_=1704937509364 HTTP/1.1" 200 22
124.78.154.219 - - [11/Jan/2024:09:45:13 +0800] "GET /xingrg/check_reg.html?_=1704937512063 HTTP/1.1" 200 22
124.78.68.102 - - [11/Jan/2024:09:45:13 +0800] "GET /xingrg/kc/buy/cgsh_order_operate.html?command=get_materiel&rest_code=00141&code=00101008331&supplier_code=00100007&order_time=2024-01-11 HTTP/1.1" 200 416
58.40.7.146 - - [11/Jan/2024:09:45:16 +0800] "GET /xingrg/all/function/internal_message.html?_=1704937516849&CODE_STATE=getMsg HTTP/1.1" 200 27
180.152.241.32 - - [11/Jan/2024:09:45:17 +0800] "GET /xingrg/all/function/internal_message.html?_=1704937518089&CODE_STATE=getMsg HTTP/1.1" 200 27
101.83.145.37 - - [11/Jan/2024:09:45:18 +0800] "GET /xingrg/all/function/internal_message.html?_=1704937285445&CODE_STATE=getMsg HTTP/1.1" 200 27
180.164.1.25 - - [11/Jan/2024:09:45:21 +0800] "GET /xingrg/all/function/internal_message.html?_=1704937520618&CODE_STATE=getMsg HTTP/1.1" 200 27
222.70.180.200 - - [11/Jan/2024:09:45:21 +0800] "GET /xingrg/check_reg.html?_=1704937520007 HTTP/1.1" 200 22
222.70.180.200 - - [11/Jan/2024:09:45:21 +0800] "GET /xingrg/all/function/internal_message.html?_=1704937520056&CODE_STATE=getMsg HTTP/1.1" 200 27
101.228.146.191 - - [11/Jan/2024:09:45:22 +0800] "GET /xingrg/kc/buy/cgsh_order_operate.html?command=get_materiel&rest_code=00142&code=00101008092&supplier_code=00100161&order_time=2024-01-11 HTTP/1.1" 200 412
124.78.68.102 - - [11/Jan/2024:09:45:25 +0800] "GET /xingrg/kc/buy/cgsh_order_operate.html?command=get_materiel&rest_code=00141&code=00101008350&supplier_code=00100007&order_time=2024-01-11 HTTP/1.1" 200 408
222.70.115.1 - - [11/Jan/2024:09:45:26 +0800] "GET /xingrg/all/function/internal_message.html?_=1704937532315&CODE_STATE=getMsg HTTP/1.1" 200 27
124.78.154.219 - - [11/Jan/2024:09:45:29 +0800] "GET /xingrg/all/function/internal_message.html?_=1704937528275&CODE_STATE=getMsg HTTP/1.1" 200 27
101.228.146.191 - - [11/Jan/2024:09:45:31 +0800] "GET /xingrg/kc/buy/cgsh_order_operate.html?command=get_materiel&rest_code=00142&code=00101012029&supplier_code=00100161&order_time=2024-01-11 HTTP/1.1" 200 432
101.83.145.37 - - [11/Jan/2024:09:45:33 +0800] "GET /xingrg/all/function/internal_message.html?_=1704937533537&CODE_STATE=getMsg HTTP/1.1" 200 27
116.232.193.168 - - [11/Jan/2024:09:45:33 +0800] "GET /xingrg/all/function/internal_message.html?_=1704937478215&CODE_STATE=getMsg HTTP/1.1" 200 27
180.171.56.87 - - [11/Jan/2024:09:45:34 +0800] "GET /xingrg/all/function/internal_message.html?_=1704937539344&CODE_STATE=getMsg HTTP/1.1" 200 27
180.171.56.87 - - [11/Jan/2024:09:45:34 +0800] "GET /xingrg/check_reg.html?_=1704937539348 HTTP/1.1" 200 22
124.77.240.112 - - [11/Jan/2024:09:45:35 +0800] "GET /xingrg/all/function/internal_message.html?_=1704937539403&CODE_STATE=getMsg HTTP/1.1" 200 27
124.78.68.102 - - [11/Jan/2024:09:45:40 +0800] "GET /xingrg/kc/buy/cgsh_order_operate.html?command=get_materiel&rest_code=00141&code=00101008224&supplier_code=00100007&order_time=2024-01-11 HTTP/1.1" 200 435
101.228.146.191 - - [11/Jan/2024:09:45:40 +0800] "GET /xingrg/kc/buy/cgsh_order_operate.html?command=get_materiel&rest_code=00142&code=00101012024&supplier_code=00100161&order_time=2024-01-11 HTTP/1.1" 200 408
101.228.146.191 - - [11/Jan/2024:09:45:43 +0800] "POST /xingrg/kc/buy/cgsh_order_operate.html HTTP/1.1" 200 2065
124.78.68.102 - - [11/Jan/2024:09:45:49 +0800] "GET /xingrg/kc/buy/cgsh_order_operate.html?command=get_materiel&rest_code=00141&code=00101008356&supplier_code=00100007&order_time=2024-01-11 HTTP/1.1" 200 428
221.239.172.206 - - [11/Jan/2024:09:45:49 +0800] "GET /xingrg/all/function/internal_message.html?_=1704937548777&CODE_STATE=getMsg HTTP/1.1" 200 27
222.69.135.213 - - [11/Jan/2024:09:45:49 +0800] "GET /xingrg/all/function/internal_message.html?_=1704937550581&CODE_STATE=getMsg HTTP/1.1" 200 27
101.228.146.191 - - [11/Jan/2024:09:45:50 +0800] "GET /xingrg/kc/buy/cgsh_order_operate.html?command=get_materiel&rest_code=00142&code=00101012051&supplier_code=00100161&order_time=2024-01-11 HTTP/1.1" 200 408
124.78.68.102 - - [11/Jan/2024:09:45:54 +0800] "GET /xingrg/all/function/internal_message.html?_=1704937554645&CODE_STATE=getMsg HTTP/1.1" 200 27
101.228.146.191 - - [11/Jan/2024:09:45:55 +0800] "GET /xingrg/all/function/internal_message.html?_=1704937554068&CODE_STATE=getMsg HTTP/1.1" 200 27
116.232.193.168 - - [11/Jan/2024:09:45:57 +0800] "GET /xingrg/all/function/internal_message.html?_=1704937501617&CODE_STATE=getMsg HTTP/1.1" 200 27
114.95.241.104 - - [11/Jan/2024:09:45:57 +0800] "GET /xingrg/all/function/internal_message.html?_=1704937557955&CODE_STATE=getMsg HTTP/1.1" 200 27
120.253.135.82 - - [11/Jan/2024:09:45:59 +0800] "GET /xingrg/all/function/internal_message.html?_=1704937379330&CODE_STATE=getMsg HTTP/1.1" 200 27
116.228.172.122 - - [11/Jan/2024:09:46:01 +0800] "GET /xingrg/all/function/internal_message.html?_=1704937469703&CODE_STATE=getMsg HTTP/1.1" 302 -
101.228.146.191 - - [11/Jan/2024:09:46:02 +0800] "POST /xingrg/kc/buy/cgsh_order_operate.html HTTP/1.1" 200 37
124.78.68.102 - - [11/Jan/2024:09:46:03 +0800] "GET /xingrg/kc/buy/cgsh_order_operate.html?command=get_materiel&rest_code=00141&code=00101008223&supplier_code=00100007&order_time=2024-01-11 HTTP/1.1" 200 412
101.228.146.191 - - [11/Jan/2024:09:46:04 +0800] "POST /xingrg/kc/buy/cgsh_order_operate.html HTTP/1.1" 200 13870
101.228.146.191 - - [11/Jan/2024:09:46:05 +0800] "GET /xingrg/javascript/jquery_easy_ui/themes/default/images/tabs_active.png HTTP/1.1" 304 -
116.232.193.168 - - [11/Jan/2024:09:46:09 +0800] "GET /xingrg/all/function/internal_message.html?_=1704937513330&CODE_STATE=getMsg HTTP/1.1" 200 27
114.95.241.104 - - [11/Jan/2024:09:46:09 +0800] "GET /xingrg/all/function/internal_message.html?_=1704937568813&CODE_STATE=getMsg HTTP/1.1" 200 27
101.228.146.191 - - [11/Jan/2024:09:46:12 +0800] "POST /xingrg/kc/buy/cgsh_list_operate.html HTTP/1.1" 200 2307
58.40.7.146 - - [11/Jan/2024:09:46:16 +0800] "GET /xingrg/all/function/internal_message.html?_=1704937576835&CODE_STATE=getMsg HTTP/1.1" 200 27
180.152.241.32 - - [11/Jan/2024:09:46:17 +0800] "GET /xingrg/all/function/internal_message.html?_=1704937578070&CODE_STATE=getMsg HTTP/1.1" 200 27
180.152.241.32 - - [11/Jan/2024:09:46:18 +0800] "GET /xingrg/check_reg.html?_=1704937578317 HTTP/1.1" 200 22
124.78.68.102 - - [11/Jan/2024:09:46:18 +0800] "GET /xingrg/kc/buy/cgsh_order_operate.html?command=get_materiel&rest_code=00141&code=00101008150&supplier_code=00100007&order_time=2024-01-11 HTTP/1.1" 200 409
101.83.145.37 - - [11/Jan/2024:09:46:18 +0800] "GET /xingrg/all/function/internal_message.html?_=1704937345443&CODE_STATE=getMsg HTTP/1.1" 200 27
116.232.193.168 - - [11/Jan/2024:09:46:18 +0800] "GET /xingrg/check_reg.html?_=1704937522952 HTTP/1.1" 200 22
180.164.1.25 - - [11/Jan/2024:09:46:21 +0800] "GET /xingrg/all/function/internal_message.html?_=1704937580616&CODE_STATE=getMsg HTTP/1.1" 200 27
222.70.180.200 - - [11/Jan/2024:09:46:21 +0800] "GET /xingrg/all/function/internal_message.html?_=1704937580030&CODE_STATE=getMsg HTTP/1.1" 200 27
222.70.115.1 - - [11/Jan/2024:09:46:26 +0800] "GET /xingrg/all/function/internal_message.html?_=1704937592319&CODE_STATE=getMsg HTTP/1.1" 200 27
124.78.68.102 - - [11/Jan/2024:09:46:28 +0800] "GET /xingrg/kc/buy/cgsh_order_operate.html?command=get_materiel&rest_code=00141&code=00101008016&supplier_code=00100007&order_time=2024-01-11 HTTP/1.1" 200 416
124.78.154.219 - - [11/Jan/2024:09:46:29 +0800] "GET /xingrg/all/function/internal_message.html?_=1704937588256&CODE_STATE=getMsg HTTP/1.1" 200 27
124.78.68.102 - - [11/Jan/2024:09:46:31 +0800] "POST /xingrg/kc/buy/cgsh_order_operate.html HTTP/1.1" 200 2065
101.83.145.37 - - [11/Jan/2024:09:46:33 +0800] "GET /xingrg/check_reg.html?_=1704937593444 HTTP/1.1" 200 22
101.83.145.37 - - [11/Jan/2024:09:46:33 +0800] "GET /xingrg/all/function/internal_message.html?_=1704937593509&CODE_STATE=getMsg HTTP/1.1" 200 27
221.239.172.206 - - [11/Jan/2024:09:46:33 +0800] "GET /xingrg/check_reg.html?_=1704937593180 HTTP/1.1" 200 22
116.232.193.168 - - [11/Jan/2024:09:46:33 +0800] "GET /xingrg/all/function/internal_message.html?_=1704937538210&CODE_STATE=getMsg HTTP/1.1" 200 27
180.171.56.87 - - [11/Jan/2024:09:46:34 +0800] "GET /xingrg/all/function/internal_message.html?_=1704937599351&CODE_STATE=getMsg HTTP/1.1" 200 27
124.77.240.112 - - [11/Jan/2024:09:46:35 +0800] "GET /xingrg/all/function/internal_message.html?_=1704937599412&CODE_STATE=getMsg HTTP/1.1" 200 27
124.78.68.102 - - [11/Jan/2024:09:46:37 +0800] "GET /xingrg/kc/buy/cgsh_order_operate.html?command=get_materiel&rest_code=00141&code=00101008005&supplier_code=00100007&order_time=2024-01-11 HTTP/1.1" 200 432
101.228.146.191 - - [11/Jan/2024:09:46:40 +0800] "GET /xingrg/kc/buy/cgsh_order_add.html HTTP/1.1" 200 72066
101.228.146.191 - - [11/Jan/2024:09:46:40 +0800] "POST /xingrg/kc/buy/cgsh_order_operate.html HTTP/1.1" 200 8245
101.228.146.191 - - [11/Jan/2024:09:46:40 +0800] "GET /xingrg/javascript/easyui/themes/default/validatebox.css HTTP/1.1" 404 1104
124.78.68.102 - - [11/Jan/2024:09:46:47 +0800] "GET /xingrg/kc/buy/cgsh_order_operate.html?command=get_materiel&rest_code=00141&code=00101008027&supplier_code=00100007&order_time=2024-01-11 HTTP/1.1" 200 409
221.239.172.206 - - [11/Jan/2024:09:46:49 +0800] "GET /xingrg/all/function/internal_message.html?_=1704937608751&CODE_STATE=getMsg HTTP/1.1" 200 27
222.69.135.213 - - [11/Jan/2024:09:46:49 +0800] "GET /xingrg/all/function/internal_message.html?_=1704937610590&CODE_STATE=getMsg HTTP/1.1" 200 27
124.78.68.102 - - [11/Jan/2024:09:46:54 +0800] "GET /xingrg/all/function/internal_message.html?_=1704937614620&CODE_STATE=getMsg HTTP/1.1" 200 27
101.228.146.191 - - [11/Jan/2024:09:46:55 +0800] "GET /xingrg/all/function/internal_message.html?_=1704937614090&CODE_STATE=getMsg HTTP/1.1" 200 27
101.228.146.191 - - [11/Jan/2024:09:46:57 +0800] "GET /xingrg/kc/buy/cgsh_order_operate.html?command=get_materiel&rest_code=00142&code=00101011001&supplier_code=00100311&order_time=2024-01-11 HTTP/1.1" 200 444
116.232.193.168 - - [11/Jan/2024:09:46:57 +0800] "GET /xingrg/all/function/internal_message.html?_=1704937561602&CODE_STATE=getMsg HTTP/1.1" 200 27
114.95.241.104 - - [11/Jan/2024:09:46:57 +0800] "GET /xingrg/all/function/internal_message.html?_=1704937617959&CODE_STATE=getMsg HTTP/1.1" 200 27
120.253.135.82 - - [11/Jan/2024:09:46:59 +0800] "GET /xingrg/all/function/internal_message.html?_=1704937439412&CODE_STATE=getMsg HTTP/1.1" 200 27
116.228.172.122 - - [11/Jan/2024:09:47:01 +0800] "GET /xingrg/all/function/internal_message.html?_=1704937529722&CODE_STATE=getMsg HTTP/1.1" 302 -
180.164.1.25 - - [11/Jan/2024:09:47:08 +0800] "GET /xingrg/kc/print/load_config.html?kc_code=cgsh HTTP/1.1" 200 1927
116.232.193.168 - - [11/Jan/2024:09:47:09 +0800] "GET /xingrg/all/function/internal_message.html?_=1704937573304&CODE_STATE=getMsg HTTP/1.1" 200 27
114.95.241.104 - - [11/Jan/2024:09:47:09 +0800] "GET /xingrg/all/function/internal_message.html?_=1704937628799&CODE_STATE=getMsg HTTP/1.1" 200 27
180.164.1.25 - - [11/Jan/2024:09:47:09 +0800] "GET /xingrg/kc/print/load_data.html?order_code=212024011104044&kc_code=cgsh&condition= HTTP/1.1" 200 13016
101.228.146.191 - - [11/Jan/2024:09:47:09 +0800] "GET /xingrg/kc/buy/cgsh_order_operate.html?command=get_materiel&rest_code=00142&code=00101011005&supplier_code=00100311&order_time=2024-01-11 HTTP/1.1" 200 428
124.78.68.102 - - [11/Jan/2024:09:47:11 +0800] "GET /xingrg/kc/buy/cgsh_order_operate.html?command=get_materiel&rest_code=00141&code=00101008323&supplier_code=00100007&order_time=2024-01-11 HTTP/1.1" 200 408
222.70.180.200 - - [11/Jan/2024:09:47:12 +0800] "POST /xingrg/services/DataTransmitService HTTP/1.1" 200 524
58.40.7.146 - - [11/Jan/2024:09:47:16 +0800] "GET /xingrg/all/function/internal_message.html?_=1704937636837&CODE_STATE=getMsg HTTP/1.1" 200 27
180.152.241.32 - - [11/Jan/2024:09:47:17 +0800] "GET /xingrg/all/function/internal_message.html?_=1704937638065&CODE_STATE=getMsg HTTP/1.1" 200 27
180.164.1.25 - - [11/Jan/2024:09:47:17 +0800] "GET /xingrg/kc/buy/cgsh_order_add.html HTTP/1.1" 200 73039
180.164.1.25 - - [11/Jan/2024:09:47:17 +0800] "GET /xingrg/css/base.css HTTP/1.1" 200 2811
180.164.1.25 - - [11/Jan/2024:09:47:17 +0800] "GET /xingrg/javascript/jquery_tools/datebox.css HTTP/1.1" 200 2597
180.164.1.25 - - [11/Jan/2024:09:47:17 +0800] "GET /xingrg/css/site.css HTTP/1.1" 200 7541
180.164.1.25 - - [11/Jan/2024:09:47:17 +0800] "GET /xingrg/javascript/jquery_tools/fix.css HTTP/1.1" 200 1702
180.164.1.25 - - [11/Jan/2024:09:47:17 +0800] "GET /xingrg/javascript/easyui/themes/icon.css HTTP/1.1" 200 4483
180.164.1.25 - - [11/Jan/2024:09:47:17 +0800] "GET /xingrg/javascript/easyui/themes/default/easyui.css HTTP/1.1" 200 30432
180.164.1.25 - - [11/Jan/2024:09:47:17 +0800] "GET /xingrg/javascript/auto/jquery.autocomplete.css HTTP/1.1" 200 587
180.164.1.25 - - [11/Jan/2024:09:47:17 +0800] "GET /xingrg/javascript/jquery_tools/table.css HTTP/1.1" 200 1032
180.164.1.25 - - [11/Jan/2024:09:47:17 +0800] "GET /xingrg/javascript/pic_change.js HTTP/1.1" 200 4739
180.164.1.25 - - [11/Jan/2024:09:47:17 +0800] "GET /xingrg/javascript/jquery_tools/jquery.tools.min.js HTTP/1.1" 200 138801
180.164.1.25 - - [11/Jan/2024:09:47:17 +0800] "GET /xingrg/javascript/jquery_tools/jquery.tools.extend.js HTTP/1.1" 200 15385
180.164.1.25 - - [11/Jan/2024:09:47:17 +0800] "GET /xingrg/javascript/jquery_tools/jquery.tools.hotkey.js HTTP/1.1" 200 3242
180.164.1.25 - - [11/Jan/2024:09:47:17 +0800] "GET /xingrg/javascript/jquery_tools/jquery.tools.table.js HTTP/1.1" 200 6994
180.164.1.25 - - [11/Jan/2024:09:47:17 +0800] "GET /xingrg/javascript/auto/jquery.autocomplete.js HTTP/1.1" 200 21624
180.164.1.25 - - [11/Jan/2024:09:47:17 +0800] "GET /xingrg/javascript/easyui/easyloader.js HTTP/1.1" 200 5975
180.164.1.25 - - [11/Jan/2024:09:47:17 +0800] "GET /xingrg/javascript/jquery.utils.js HTTP/1.1" 200 11805
180.164.1.25 - - [11/Jan/2024:09:47:17 +0800] "GET /xingrg/javascript/jquery_tools/order_manager.js HTTP/1.1" 200 11183
180.164.1.25 - - [11/Jan/2024:09:47:17 +0800] "GET /xingrg/javascript/convert.js HTTP/1.1" 200 1239
180.164.1.25 - - [11/Jan/2024:09:47:17 +0800] "GET /xingrg/javascript/json2.js HTTP/1.1" 200 11259
180.164.1.25 - - [11/Jan/2024:09:47:17 +0800] "GET /xingrg/javascript/jquery.cookie.js HTTP/1.1" 200 5513
180.164.1.25 - - [11/Jan/2024:09:47:17 +0800] "GET /xingrg/javascript/print/kc_print.js HTTP/1.1" 200 11415
180.164.1.25 - - [11/Jan/2024:09:47:17 +0800] "GET /xingrg/javascript/print/LodopFuncs.js HTTP/1.1" 200 5121
180.164.1.25 - - [11/Jan/2024:09:47:18 +0800] "GET /xingrg/words/20240110141458_words.js HTTP/1.1" 200 1008712
180.164.1.25 - - [11/Jan/2024:09:47:18 +0800] "GET /xingrg/javascript/easyui/plugins/jquery.parser.js HTTP/1.1" 200 1142
180.164.1.25 - - [11/Jan/2024:09:47:18 +0800] "POST /xingrg/kc/buy/cgsh_order_operate.html HTTP/1.1" 200 8245
180.164.1.25 - - [11/Jan/2024:09:47:18 +0800] "GET /xingrg/javascript/easyui/themes/default/validatebox.css HTTP/1.1" 404 1104
180.164.1.25 - - [11/Jan/2024:09:47:18 +0800] "GET /xingrg/javascript/easyui/plugins/jquery.validatebox.js HTTP/1.1" 200 6103
180.164.1.25 - - [11/Jan/2024:09:47:18 +0800] "GET /xingrg/all/common/auto_word.html?type=employee&rest_code=00108 HTTP/1.1" 200 101
180.164.1.25 - - [11/Jan/2024:09:47:18 +0800] "GET /xingrg/all/common/auto_word.html?type=employee&rest_code=00108 HTTP/1.1" 200 101
180.164.1.25 - - [11/Jan/2024:09:47:18 +0800] "GET /xingrg/javascript/easyui/plugins/jquery.numberbox.js HTTP/1.1" 200 5213
101.83.145.37 - - [11/Jan/2024:09:47:18 +0800] "GET /xingrg/all/function/internal_message.html?_=1704937405441&CODE_STATE=getMsg HTTP/1.1" 200 27
101.83.145.37 - - [11/Jan/2024:09:47:18 +0800] "GET /xingrg/check_reg.html?_=1704937405537 HTTP/1.1" 200 22
180.164.1.25 - - [11/Jan/2024:09:47:21 +0800] "GET /xingrg/all/function/internal_message.html?_=1704937640595&CODE_STATE=getMsg HTTP/1.1" 200 27
222.70.180.200 - - [11/Jan/2024:09:47:21 +0800] "GET /xingrg/all/function/internal_message.html?_=1704937640009&CODE_STATE=getMsg HTTP/1.1" 200 27
124.78.68.102 - - [11/Jan/2024:09:47:23 +0800] "GET /xingrg/kc/buy/cgsh_order_operate.html?command=get_materiel&rest_code=00141&code=00101008302&supplier_code=00100007&order_time=2024-01-11 HTTP/1.1" 200 412
124.78.68.102 - - [11/Jan/2024:09:47:23 +0800] "GET /xingrg/check_reg.html?_=1704937644030 HTTP/1.1" 200 22
222.70.115.1 - - [11/Jan/2024:09:47:26 +0800] "GET /xingrg/all/function/internal_message.html?_=1704937652318&CODE_STATE=getMsg HTTP/1.1" 200 27
222.70.115.1 - - [11/Jan/2024:09:47:26 +0800] "GET /xingrg/check_reg.html?_=1704937652328 HTTP/1.1" 200 22
124.78.154.219 - - [11/Jan/2024:09:47:29 +0800] "GET /xingrg/all/function/internal_message.html?_=1704937648226&CODE_STATE=getMsg HTTP/1.1" 200 27
180.163.28.109 - - [11/Jan/2024:09:47:30 +0800] "GET /xingrg/all/function/internal_message.html?_=1704937588256&CODE_STATE=getMsg HTTP/1.1" 302 -
180.163.28.109 - - [11/Jan/2024:09:47:30 +0800] "GET /xingrg/login.html HTTP/1.1" 200 7641
124.78.68.102 - - [11/Jan/2024:09:47:31 +0800] "GET /xingrg/kc/buy/cgsh_order_operate.html?command=get_materiel&rest_code=00141&code=00101008257&supplier_code=00100007&order_time=2024-01-11 HTTP/1.1" 200 416
101.83.145.37 - - [11/Jan/2024:09:47:33 +0800] "GET /xingrg/all/function/internal_message.html?_=1704937653517&CODE_STATE=getMsg HTTP/1.1" 200 27
116.232.193.168 - - [11/Jan/2024:09:47:33 +0800] "GET /xingrg/check_reg.html?_=1704937598204 HTTP/1.1" 200 22
116.232.193.168 - - [11/Jan/2024:09:47:33 +0800] "GET /xingrg/all/function/internal_message.html?_=1704937598209&CODE_STATE=getMsg HTTP/1.1" 200 27
124.78.68.102 - - [11/Jan/2024:09:47:34 +0800] "POST /xingrg/kc/buy/cgsh_order_operate.html HTTP/1.1" 200 2065
180.171.56.87 - - [11/Jan/2024:09:47:34 +0800] "GET /xingrg/all/function/internal_message.html?_=1704937659352&CODE_STATE=getMsg HTTP/1.1" 200 27
124.77.240.112 - - [11/Jan/2024:09:47:35 +0800] "GET /xingrg/all/function/internal_message.html?_=1704937659541&CODE_STATE=getMsg HTTP/1.1" 200 27
124.78.68.102 - - [11/Jan/2024:09:47:40 +0800] "GET /xingrg/kc/buy/cgsh_order_operate.html?command=get_materiel&rest_code=00141&code=00101008112&supplier_code=00100007&order_time=2024-01-11 HTTP/1.1" 200 412
221.239.172.206 - - [11/Jan/2024:09:47:49 +0800] "GET /xingrg/all/function/internal_message.html?_=1704937668733&CODE_STATE=getMsg HTTP/1.1" 200 27
222.69.135.213 - - [11/Jan/2024:09:47:49 +0800] "GET /xingrg/all/function/internal_message.html?_=1704937670591&CODE_STATE=getMsg HTTP/1.1" 200 27
124.78.68.102 - - [11/Jan/2024:09:47:49 +0800] "GET /xingrg/kc/buy/cgsh_order_operate.html?command=get_materiel&rest_code=00141&code=00101008354&supplier_code=00100007&order_time=2024-01-11 HTTP/1.1" 200 433
124.78.68.102 - - [11/Jan/2024:09:47:54 +0800] "GET /xingrg/all/function/internal_message.html?_=1704937674604&CODE_STATE=getMsg HTTP/1.1" 200 27
101.228.146.191 - - [11/Jan/2024:09:47:55 +0800] "GET /xingrg/check_reg.html?_=1704937674088 HTTP/1.1" 200 22
101.228.146.191 - - [11/Jan/2024:09:47:55 +0800] "GET /xingrg/all/function/internal_message.html?_=1704937674091&CODE_STATE=getMsg HTTP/1.1" 200 27
116.232.193.168 - - [11/Jan/2024:09:47:57 +0800] "GET /xingrg/all/function/internal_message.html?_=1704937621588&CODE_STATE=getMsg HTTP/1.1" 200 27
114.95.241.104 - - [11/Jan/2024:09:47:57 +0800] "GET /xingrg/all/function/internal_message.html?_=1704937677948&CODE_STATE=getMsg HTTP/1.1" 200 27
120.253.135.82 - - [11/Jan/2024:09:47:59 +0800] "GET /xingrg/all/function/internal_message.html?_=1704937499421&CODE_STATE=getMsg HTTP/1.1" 200 27
116.228.172.122 - - [11/Jan/2024:09:48:01 +0800] "GET /xingrg/all/function/internal_message.html?_=1704937589713&CODE_STATE=getMsg HTTP/1.1" 302 -
222.70.180.200 - - [11/Jan/2024:09:48:02 +0800] "POST /xingrg/services/DataTransmitService HTTP/1.1" 200 501
222.70.180.200 - - [11/Jan/2024:09:48:03 +0800] "POST /xingrg/services/DataTransmitService HTTP/1.1" 200 501
101.228.146.191 - - [11/Jan/2024:09:48:05 +0800] "POST /xingrg/kc/buy/cgsh_order_operate.html HTTP/1.1" 200 37
101.228.146.191 - - [11/Jan/2024:09:48:07 +0800] "POST /xingrg/kc/buy/cgsh_order_operate.html HTTP/1.1" 200 5041
124.78.68.102 - - [11/Jan/2024:09:48:08 +0800] "GET /xingrg/kc/buy/cgsh_order_operate.html?command=get_materiel&rest_code=00141&code=00101008370&supplier_code=00100007&order_time=2024-01-11 HTTP/1.1" 200 412
116.232.193.168 - - [11/Jan/2024:09:48:08 +0800] "GET /xingrg/all/function/internal_message.html?_=1704937633291&CODE_STATE=getMsg HTTP/1.1" 200 27
114.95.241.104 - - [11/Jan/2024:09:48:09 +0800] "GET /xingrg/all/function/internal_message.html?_=1704937688787&CODE_STATE=getMsg HTTP/1.1" 200 27
58.40.7.146 - - [11/Jan/2024:09:48:16 +0800] "GET /xingrg/all/function/internal_message.html?_=1704937696839&CODE_STATE=getMsg HTTP/1.1" 200 27
58.40.7.146 - - [11/Jan/2024:09:48:16 +0800] "GET /xingrg/check_reg.html?_=1704937696841 HTTP/1.1" 200 22
180.152.241.32 - - [11/Jan/2024:09:48:17 +0800] "GET /xingrg/all/function/internal_message.html?_=1704937698045&CODE_STATE=getMsg HTTP/1.1" 200 27
101.83.145.37 - - [11/Jan/2024:09:48:18 +0800] "GET /xingrg/all/function/internal_message.html?_=1704937465445&CODE_STATE=getMsg HTTP/1.1" 200 27
124.78.68.102 - - [11/Jan/2024:09:48:20 +0800] "POST /xingrg/kc/buy/cgsh_order_operate.html HTTP/1.1" 200 2065
124.77.240.112 - - [11/Jan/2024:09:48:20 +0800] "GET /xingrg/check_reg.html?_=1704937704513 HTTP/1.1" 200 22
101.228.146.191 - - [11/Jan/2024:09:48:21 +0800] "POST /xingrg/kc/buy/cgsh_order_operate.html HTTP/1.1" 200 37
180.164.1.25 - - [11/Jan/2024:09:48:21 +0800] "GET /xingrg/all/function/internal_message.html?_=1704937700621&CODE_STATE=getMsg HTTP/1.1" 200 27
222.70.180.200 - - [11/Jan/2024:09:48:21 +0800] "GET /xingrg/all/function/internal_message.html?_=1704937700010&CODE_STATE=getMsg HTTP/1.1" 200 27
58.40.7.146 - - [11/Jan/2024:09:48:22 +0800] "POST /xingrg/services/DataTransmitService HTTP/1.1" 200 524
222.70.180.200 - - [11/Jan/2024:09:48:22 +0800] "POST /xingrg/services/DataTransmitService HTTP/1.1" 200 501
222.70.115.1 - - [11/Jan/2024:09:48:26 +0800] "GET /xingrg/all/function/internal_message.html?_=1704937712313&CODE_STATE=getMsg HTTP/1.1" 200 27
124.78.68.102 - - [11/Jan/2024:09:48:27 +0800] "GET /xingrg/kc/buy/cgsh_order_operate.html?command=get_materiel&rest_code=00141&code=00101008251&supplier_code=00100007&order_time=2024-01-11 HTTP/1.1" 200 408
124.78.154.219 - - [11/Jan/2024:09:48:29 +0800] "GET /xingrg/all/function/internal_message.html?_=1704937708198&CODE_STATE=getMsg HTTP/1.1" 200 27
101.228.146.191 - - [11/Jan/2024:09:48:30 +0800] "POST /xingrg/kc/buy/cgsh_order_operate.html HTTP/1.1" 200 12
101.228.146.191 - - [11/Jan/2024:09:48:32 +0800] "GET /xingrg/kc/buy/cgsh_order_info.html?code=212024011104065 HTTP/1.1" 200 66979
101.83.145.37 - - [11/Jan/2024:09:48:33 +0800] "GET /xingrg/all/function/internal_message.html?_=1704937713485&CODE_STATE=getMsg HTTP/1.1" 200 27
101.228.146.191 - - [11/Jan/2024:09:48:33 +0800] "GET /xingrg/javascript/easyui/themes/default/validatebox.css HTTP/1.1" 404 1104
116.232.193.168 - - [11/Jan/2024:09:48:33 +0800] "GET /xingrg/all/function/internal_message.html?_=1704937658206&CODE_STATE=getMsg HTTP/1.1" 200 27
101.228.146.191 - - [11/Jan/2024:09:48:34 +0800] "POST /xingrg/kc/buy/cgsh_order_operate.html HTTP/1.1" 200 2990
180.171.56.87 - - [11/Jan/2024:09:48:34 +0800] "GET /xingrg/all/function/internal_message.html?_=1704937719353&CODE_STATE=getMsg HTTP/1.1" 200 27
124.77.240.112 - - [11/Jan/2024:09:48:35 +0800] "GET /xingrg/all/function/internal_message.html?_=1704937719547&CODE_STATE=getMsg HTTP/1.1" 200 27
