180.152.241.32 - - [10/Jan/2024:07:22:47 +0800] "POST /xingrg/dwr/call/plaincall/AjaxCheckService.setItemNumber.dwr HTTP/1.1" 200 77
180.152.241.32 - - [10/Jan/2024:07:22:48 +0800] "POST /xingrg/dwr/call/plaincall/AjaxCheckService.setItemNumber.dwr HTTP/1.1" 200 77
180.152.241.32 - - [10/Jan/2024:07:22:50 +0800] "POST /xingrg/dwr/call/plaincall/AjaxCheckService.setItemNumber.dwr HTTP/1.1" 200 77
180.152.241.32 - - [10/Jan/2024:07:22:51 +0800] "POST /xingrg/dwr/call/plaincall/AjaxCheckService.setItemNumber.dwr HTTP/1.1" 200 77
180.169.147.146 - - [10/Jan/2024:07:22:52 +0800] "GET /xingrg/all/function/internal_message.html?_=1704842572216&CODE_STATE=getMsg HTTP/1.1" 200 27
180.152.241.32 - - [10/Jan/2024:07:22:53 +0800] "POST /xingrg/dwr/call/plaincall/AjaxCheckService.setItemNumber.dwr HTTP/1.1" 200 77
114.95.241.104 - - [10/Jan/2024:07:23:00 +0800] "GET /xingrg/all/function/internal_message.html?_=1704842579262&CODE_STATE=getMsg HTTP/1.1" 200 27
218.81.65.124 - - [10/Jan/2024:07:23:00 +0800] "GET /xingrg/check_reg.html?_=1704842584529 HTTP/1.1" 302 -
218.81.65.124 - - [10/Jan/2024:07:23:00 +0800] "GET /xingrg/all/function/internal_message.html?_=1704842584531&CODE_STATE=getMsg HTTP/1.1" 302 -
120.253.135.82 - - [10/Jan/2024:07:23:00 +0800] "POST /xingrg/kc/base/wldb_order_operate.html HTTP/1.1" 200 37
116.228.172.122 - - [10/Jan/2024:07:23:01 +0800] "GET /xingrg/all/function/internal_message.html?_=1704842489707&CODE_STATE=getMsg HTTP/1.1" 200 27
180.152.241.32 - - [10/Jan/2024:07:23:04 +0800] "POST /xingrg/dwr/call/plaincall/AjaxCheckService.setItemNumber.dwr HTTP/1.1" 200 77
120.253.135.82 - - [10/Jan/2024:07:23:05 +0800] "POST /xingrg/kc/base/wldb_order_operate.html HTTP/1.1" 200 12
120.253.135.82 - - [10/Jan/2024:07:23:05 +0800] "POST /xingrg/kc/base/wldb_order_operate.html HTTP/1.1" 200 2181
180.152.241.32 - - [10/Jan/2024:07:23:06 +0800] "POST /xingrg/dwr/call/plaincall/AjaxCheckService.setItemNumber.dwr HTTP/1.1" 200 77
180.152.241.32 - - [10/Jan/2024:07:23:07 +0800] "POST /xingrg/dwr/call/plaincall/AjaxCheckService.setItemNumber.dwr HTTP/1.1" 200 77
180.152.241.32 - - [10/Jan/2024:07:23:07 +0800] "GET /xingrg/all/function/internal_message.html?_=1704842587549&CODE_STATE=getMsg HTTP/1.1" 200 27
120.253.135.82 - - [10/Jan/2024:07:23:08 +0800] "GET /xingrg/kc/base/wldb_order_info.html?code=422024011000957 HTTP/1.1" 200 26261
180.152.241.32 - - [10/Jan/2024:07:23:08 +0800] "POST /xingrg/dwr/call/plaincall/AjaxCheckService.setItemNumber.dwr HTTP/1.1" 200 77
120.253.135.82 - - [10/Jan/2024:07:23:09 +0800] "GET /xingrg/all/function/internal_message.html?_=1704842409068&CODE_STATE=getMsg HTTP/1.1" 200 27
120.253.135.82 - - [10/Jan/2024:07:23:09 +0800] "POST /xingrg/kc/base/wldb_order_operate.html HTTP/1.1" 200 475
120.253.135.82 - - [10/Jan/2024:07:23:10 +0800] "GET /xingrg/javascript/easyui/themes/default/validatebox.css HTTP/1.1" 404 1104
180.152.241.32 - - [10/Jan/2024:07:23:11 +0800] "POST /xingrg/dwr/call/plaincall/AjaxCheckService.setItemNumber.dwr HTTP/1.1" 200 77
180.152.241.32 - - [10/Jan/2024:07:23:14 +0800] "POST /xingrg/dwr/call/plaincall/AjaxCheckService.setItemNumber.dwr HTTP/1.1" 200 77
124.78.68.102 - - [10/Jan/2024:07:23:14 +0800] "GET /xingrg/all/function/internal_message.html?_=1704842594958&CODE_STATE=getMsg HTTP/1.1" 200 27
120.253.135.82 - - [10/Jan/2024:07:23:15 +0800] "POST /xingrg/kc/base/wldb_list_operate.html HTTP/1.1" 200 928
221.239.172.206 - - [10/Jan/2024:07:23:18 +0800] "GET /xingrg/all/function/internal_message.html?_=1704842597881&CODE_STATE=getMsg HTTP/1.1" 200 27
180.152.241.32 - - [10/Jan/2024:07:23:18 +0800] "POST /xingrg/dwr/call/plaincall/AjaxCheckService.setItemNumber.dwr HTTP/1.1" 200 77
120.253.135.82 - - [10/Jan/2024:07:23:20 +0800] "GET /xingrg/kc/pszx/mdqp_order_list.html?state=10 HTTP/1.1" 200 10319
120.253.135.82 - - [10/Jan/2024:07:23:20 +0800] "GET /xingrg/dwr/interface/AjaxQqpsService.js HTTP/1.1" 200 16326
120.253.135.82 - - [10/Jan/2024:07:23:20 +0800] "GET /xingrg/dwr/interface/AjaxReportQueryService.js HTTP/1.1" 200 13203
120.253.135.82 - - [10/Jan/2024:07:23:20 +0800] "GET /xingrg/dwr/engine.js HTTP/1.1" 200 43631
180.152.241.32 - - [10/Jan/2024:07:23:20 +0800] "POST /xingrg/dwr/call/plaincall/AjaxCheckService.setItemNumber.dwr HTTP/1.1" 200 77
180.152.241.32 - - [10/Jan/2024:07:23:21 +0800] "POST /xingrg/dwr/call/plaincall/AjaxCheckService.setItemNumber.dwr HTTP/1.1" 200 77
120.253.135.82 - - [10/Jan/2024:07:23:24 +0800] "GET /xingrg/kc/pszx/mdps_order_list.html?orderType=0 HTTP/1.1" 200 21036
120.253.135.82 - - [10/Jan/2024:07:23:24 +0800] "POST /xingrg/kc/pszx/mdps_list_operate.html HTTP/1.1" 200 5257
114.95.241.104 - - [10/Jan/2024:07:23:25 +0800] "GET /xingrg/all/function/internal_message.html?_=1704842605718&CODE_STATE=getMsg HTTP/1.1" 200 27
180.152.241.32 - - [10/Jan/2024:07:23:26 +0800] "POST /xingrg/dwr/call/plaincall/AjaxCheckService.setItemNumber.dwr HTTP/1.1" 200 77
180.152.241.32 - - [10/Jan/2024:07:23:27 +0800] "POST /xingrg/dwr/call/plaincall/AjaxCheckService.setItemNumber.dwr HTTP/1.1" 200 77
180.152.241.32 - - [10/Jan/2024:07:23:28 +0800] "POST /xingrg/dwr/call/plaincall/AjaxCheckService.setItemNumber.dwr HTTP/1.1" 200 77
180.152.241.32 - - [10/Jan/2024:07:23:29 +0800] "POST /xingrg/dwr/call/plaincall/AjaxCheckService.setItemNumber.dwr HTTP/1.1" 200 77
180.152.241.32 - - [10/Jan/2024:07:23:31 +0800] "POST /xingrg/dwr/call/plaincall/AjaxCheckService.setItemNumber.dwr HTTP/1.1" 200 77
180.152.241.32 - - [10/Jan/2024:07:23:33 +0800] "POST /xingrg/dwr/call/plaincall/AjaxCheckService.setItemNumber.dwr HTTP/1.1" 200 77
180.152.241.32 - - [10/Jan/2024:07:23:34 +0800] "POST /xingrg/dwr/call/plaincall/AjaxCheckService.setItemNumber.dwr HTTP/1.1" 200 77
180.171.56.87 - - [10/Jan/2024:07:23:34 +0800] "GET /xingrg/all/function/internal_message.html?_=1704842617365&CODE_STATE=getMsg HTTP/1.1" 200 27
120.253.135.82 - - [10/Jan/2024:07:23:35 +0800] "POST /xingrg/kc/pszx/mdps_list_operate.html HTTP/1.1" 200 2808
180.152.241.32 - - [10/Jan/2024:07:23:35 +0800] "POST /xingrg/dwr/call/plaincall/AjaxCheckService.setItemNumber.dwr HTTP/1.1" 200 77
222.70.180.200 - - [10/Jan/2024:07:23:36 +0800] "GET /xingrg/all/function/internal_message.html?_=1704842672070&CODE_STATE=getMsg HTTP/1.1" 200 27
120.253.135.82 - - [10/Jan/2024:07:23:37 +0800] "POST /xingrg/kc/pszx/mdps_list_operate.html HTTP/1.1" 200 543
180.152.241.32 - - [10/Jan/2024:07:23:39 +0800] "POST /xingrg/dwr/call/plaincall/AjaxCheckService.setItemNumber.dwr HTTP/1.1" 200 77
120.253.135.82 - - [10/Jan/2024:07:23:39 +0800] "GET /xingrg/kc/pszx/mdps_order_info.html?code=312024011000242 HTTP/1.1" 200 23978
120.253.135.82 - - [10/Jan/2024:07:23:39 +0800] "GET /xingrg/javascript/easyui/themes/default/validatebox.css HTTP/1.1" 404 1104
120.253.135.82 - - [10/Jan/2024:07:23:40 +0800] "POST /xingrg/kc/pszx/mdps_order_operate.html HTTP/1.1" 200 4325
180.152.241.32 - - [10/Jan/2024:07:23:40 +0800] "POST /xingrg/dwr/call/plaincall/AjaxCheckService.setItemNumber.dwr HTTP/1.1" 200 77
180.152.241.32 - - [10/Jan/2024:07:23:41 +0800] "POST /xingrg/dwr/call/plaincall/AjaxCheckService.setItemNumber.dwr HTTP/1.1" 200 77
180.169.147.146 - - [10/Jan/2024:07:23:42 +0800] "GET /xingrg/check_reg.html?_=1704842622123 HTTP/1.1" 200 22
180.169.147.146 - - [10/Jan/2024:07:23:44 +0800] "GET /xingrg/check_reg.html?_=1704842624311 HTTP/1.1" 200 22
180.169.147.146 - - [10/Jan/2024:07:23:44 +0800] "GET /xingrg/all/function/internal_message.html?_=1704842624316&CODE_STATE=getMsg HTTP/1.1" 200 27
180.152.241.32 - - [10/Jan/2024:07:23:46 +0800] "POST /xingrg/dwr/call/plaincall/AjaxCheckService.setItemNumber.dwr HTTP/1.1" 200 77
180.152.241.32 - - [10/Jan/2024:07:23:48 +0800] "POST /xingrg/dwr/call/plaincall/AjaxCheckService.setItemNumber.dwr HTTP/1.1" 200 77
180.152.241.32 - - [10/Jan/2024:07:23:49 +0800] "POST /xingrg/dwr/call/plaincall/AjaxCheckService.setItemNumber.dwr HTTP/1.1" 200 77
180.152.241.32 - - [10/Jan/2024:07:23:50 +0800] "POST /xingrg/dwr/call/plaincall/AjaxCheckService.setItemNumber.dwr HTTP/1.1" 200 77
180.152.241.32 - - [10/Jan/2024:07:23:51 +0800] "POST /xingrg/dwr/call/plaincall/AjaxCheckService.setItemNumber.dwr HTTP/1.1" 200 77
180.169.147.146 - - [10/Jan/2024:07:23:52 +0800] "GET /xingrg/all/function/internal_message.html?_=1704842632211&CODE_STATE=getMsg HTTP/1.1" 200 27
180.169.147.146 - - [10/Jan/2024:07:23:52 +0800] "GET /xingrg/check_reg.html?_=1704842632207 HTTP/1.1" 200 22
180.152.241.32 - - [10/Jan/2024:07:23:54 +0800] "POST /xingrg/dwr/call/plaincall/AjaxCheckService.setItemNumber.dwr HTTP/1.1" 200 77
180.152.241.32 - - [10/Jan/2024:07:23:55 +0800] "POST /xingrg/dwr/call/plaincall/AjaxCheckService.setItemNumber.dwr HTTP/1.1" 200 77
120.253.135.82 - - [10/Jan/2024:07:23:55 +0800] "POST /xingrg/all/common/load_select.html HTTP/1.1" 200 38
180.152.241.32 - - [10/Jan/2024:07:23:56 +0800] "POST /xingrg/dwr/call/plaincall/AjaxCheckService.setItemNumber.dwr HTTP/1.1" 200 77
180.152.241.32 - - [10/Jan/2024:07:23:57 +0800] "POST /xingrg/dwr/call/plaincall/AjaxCheckService.setItemNumber.dwr HTTP/1.1" 200 77
120.253.135.82 - - [10/Jan/2024:07:23:58 +0800] "GET /xingrg/kc/pszx/mdps_order_operate.html?command=get_materiel_price&pszx_code=00101&rest_code=00145&base_code=0010250&code=00102002118&unit_code=00100340&order_time=2024-01-10 HTTP/1.1" 200 34
114.95.241.104 - - [10/Jan/2024:07:24:00 +0800] "GET /xingrg/all/function/internal_message.html?_=1704842639259&CODE_STATE=getMsg HTTP/1.1" 200 27
218.81.65.124 - - [10/Jan/2024:07:24:00 +0800] "GET /xingrg/all/function/internal_message.html?_=1704842644530&CODE_STATE=getMsg HTTP/1.1" 302 -
180.152.241.32 - - [10/Jan/2024:07:24:00 +0800] "POST /xingrg/dwr/call/plaincall/AjaxCheckService.setItemNumber.dwr HTTP/1.1" 200 77
116.228.172.122 - - [10/Jan/2024:07:24:01 +0800] "GET /xingrg/all/function/internal_message.html?_=1704842549711&CODE_STATE=getMsg HTTP/1.1" 200 27
180.152.241.32 - - [10/Jan/2024:07:24:02 +0800] "POST /xingrg/dwr/call/plaincall/AjaxCheckService.setItemNumber.dwr HTTP/1.1" 200 77
180.152.241.32 - - [10/Jan/2024:07:24:03 +0800] "POST /xingrg/dwr/call/plaincall/AjaxCheckService.setItemNumber.dwr HTTP/1.1" 200 77
180.152.241.32 - - [10/Jan/2024:07:24:04 +0800] "POST /xingrg/dwr/call/plaincall/AjaxCheckService.setItemNumber.dwr HTTP/1.1" 200 77
180.152.241.32 - - [10/Jan/2024:07:24:05 +0800] "POST /xingrg/dwr/call/plaincall/AjaxCheckService.setItemNumber.dwr HTTP/1.1" 200 77
180.152.241.32 - - [10/Jan/2024:07:24:07 +0800] "GET /xingrg/all/function/internal_message.html?_=1704842647550&CODE_STATE=getMsg HTTP/1.1" 200 27
180.152.241.32 - - [10/Jan/2024:07:24:07 +0800] "POST /xingrg/dwr/call/plaincall/AjaxCheckService.setItemNumber.dwr HTTP/1.1" 200 77
180.152.241.32 - - [10/Jan/2024:07:24:08 +0800] "POST /xingrg/dwr/call/plaincall/AjaxCheckService.setItemNumber.dwr HTTP/1.1" 200 77
120.253.135.82 - - [10/Jan/2024:07:24:09 +0800] "GET /xingrg/all/function/internal_message.html?_=1704842469071&CODE_STATE=getMsg HTTP/1.1" 200 27
124.78.68.102 - - [10/Jan/2024:07:24:14 +0800] "GET /xingrg/all/function/internal_message.html?_=1704842654931&CODE_STATE=getMsg HTTP/1.1" 200 27
180.152.241.32 - - [10/Jan/2024:07:24:15 +0800] "POST /xingrg/dwr/call/plaincall/AjaxCheckService.setItemNumber.dwr HTTP/1.1" 200 77
180.152.241.32 - - [10/Jan/2024:07:24:16 +0800] "POST /xingrg/dwr/call/plaincall/AjaxCheckService.setItemNumber.dwr HTTP/1.1" 200 77
180.152.241.32 - - [10/Jan/2024:07:24:17 +0800] "POST /xingrg/dwr/call/plaincall/AjaxCheckService.setItemNumber.dwr HTTP/1.1" 200 77
120.253.135.82 - - [10/Jan/2024:07:24:17 +0800] "GET /xingrg/kc/pszx/mdps_order_operate.html?command=get_materiel&pszx_code=00101&rest_code=00145&base_code=0010250&code=00102002286 HTTP/1.1" 200 431
221.239.172.206 - - [10/Jan/2024:07:24:18 +0800] "GET /xingrg/all/function/internal_message.html?_=1704842657854&CODE_STATE=getMsg HTTP/1.1" 200 27
180.152.241.32 - - [10/Jan/2024:07:24:18 +0800] "POST /xingrg/dwr/call/plaincall/AjaxCheckService.setItemNumber.dwr HTTP/1.1" 200 77
180.152.241.32 - - [10/Jan/2024:07:24:18 +0800] "POST /xingrg/dwr/call/plaincall/AjaxCheckService.setItemNumber.dwr HTTP/1.1" 200 77
180.152.241.32 - - [10/Jan/2024:07:24:19 +0800] "POST /xingrg/dwr/call/plaincall/AjaxCheckService.setItemNumber.dwr HTTP/1.1" 200 77
180.152.241.32 - - [10/Jan/2024:07:24:20 +0800] "POST /xingrg/dwr/call/plaincall/AjaxCheckService.setItemNumber.dwr HTTP/1.1" 200 78
180.152.241.32 - - [10/Jan/2024:07:24:21 +0800] "POST /xingrg/dwr/call/plaincall/AjaxCheckService.setItemNumber.dwr HTTP/1.1" 200 78
180.152.241.32 - - [10/Jan/2024:07:24:22 +0800] "POST /xingrg/dwr/call/plaincall/AjaxCheckService.setItemNumber.dwr HTTP/1.1" 200 78
180.152.241.32 - - [10/Jan/2024:07:24:25 +0800] "POST /xingrg/dwr/call/plaincall/AjaxCheckService.setItemNumber.dwr HTTP/1.1" 200 78
114.95.241.104 - - [10/Jan/2024:07:24:25 +0800] "GET /xingrg/all/function/internal_message.html?_=1704842665706&CODE_STATE=getMsg HTTP/1.1" 200 27
114.95.241.104 - - [10/Jan/2024:07:24:25 +0800] "GET /xingrg/check_reg.html?_=1704842665707 HTTP/1.1" 200 22
120.253.135.82 - - [10/Jan/2024:07:24:26 +0800] "GET /xingrg/kc/pszx/mdps_order_operate.html?command=get_materiel&pszx_code=00101&rest_code=00145&base_code=0010250&code=00102002287 HTTP/1.1" 200 438
180.152.241.32 - - [10/Jan/2024:07:24:26 +0800] "POST /xingrg/dwr/call/plaincall/AjaxCheckService.setItemNumber.dwr HTTP/1.1" 200 78
180.152.241.32 - - [10/Jan/2024:07:24:27 +0800] "POST /xingrg/dwr/call/plaincall/AjaxCheckService.setItemNumber.dwr HTTP/1.1" 200 78
180.152.241.32 - - [10/Jan/2024:07:24:29 +0800] "POST /xingrg/dwr/call/plaincall/AjaxCheckService.setItemNumber.dwr HTTP/1.1" 200 78
180.152.241.32 - - [10/Jan/2024:07:24:31 +0800] "POST /xingrg/dwr/call/plaincall/AjaxCheckService.setItemNumber.dwr HTTP/1.1" 200 78
180.152.241.32 - - [10/Jan/2024:07:24:32 +0800] "POST /xingrg/dwr/call/plaincall/AjaxCheckService.setItemNumber.dwr HTTP/1.1" 200 78
180.152.241.32 - - [10/Jan/2024:07:24:34 +0800] "POST /xingrg/dwr/call/plaincall/AjaxCheckService.setItemNumber.dwr HTTP/1.1" 200 78
180.171.56.87 - - [10/Jan/2024:07:24:34 +0800] "GET /xingrg/all/function/internal_message.html?_=1704842677366&CODE_STATE=getMsg HTTP/1.1" 200 27
180.152.241.32 - - [10/Jan/2024:07:24:35 +0800] "POST /xingrg/dwr/call/plaincall/AjaxCheckService.setItemNumber.dwr HTTP/1.1" 200 78
222.70.180.200 - - [10/Jan/2024:07:24:36 +0800] "GET /xingrg/all/function/internal_message.html?_=1704842732049&CODE_STATE=getMsg HTTP/1.1" 200 27
180.152.241.32 - - [10/Jan/2024:07:24:37 +0800] "POST /xingrg/dwr/call/plaincall/AjaxCheckService.setItemNumber.dwr HTTP/1.1" 200 78
180.152.241.32 - - [10/Jan/2024:07:24:37 +0800] "POST /xingrg/dwr/call/plaincall/AjaxCheckService.setItemNumber.dwr HTTP/1.1" 200 78
180.152.241.32 - - [10/Jan/2024:07:24:40 +0800] "POST /xingrg/dwr/call/plaincall/AjaxCheckService.setItemNumber.dwr HTTP/1.1" 200 78
180.152.241.32 - - [10/Jan/2024:07:24:43 +0800] "POST /xingrg/dwr/call/plaincall/AjaxCheckService.setItemNumber.dwr HTTP/1.1" 200 78
180.169.147.146 - - [10/Jan/2024:07:24:44 +0800] "GET /xingrg/all/function/internal_message.html?_=1704842684303&CODE_STATE=getMsg HTTP/1.1" 200 27
180.152.241.32 - - [10/Jan/2024:07:24:45 +0800] "POST /xingrg/dwr/call/plaincall/AjaxCheckService.setItemNumber.dwr HTTP/1.1" 200 78
180.152.241.32 - - [10/Jan/2024:07:24:46 +0800] "POST /xingrg/dwr/call/plaincall/AjaxCheckService.setItemNumber.dwr HTTP/1.1" 200 78
180.152.241.32 - - [10/Jan/2024:07:24:47 +0800] "POST /xingrg/dwr/call/plaincall/AjaxCheckService.setItemNumber.dwr HTTP/1.1" 200 78
120.253.135.82 - - [10/Jan/2024:07:24:48 +0800] "POST /xingrg/kc/pszx/mdps_order_operate.html HTTP/1.1" 200 37
180.152.241.32 - - [10/Jan/2024:07:24:48 +0800] "POST /xingrg/dwr/call/plaincall/AjaxCheckService.setItemNumber.dwr HTTP/1.1" 200 78
180.152.241.32 - - [10/Jan/2024:07:24:48 +0800] "POST /xingrg/dwr/call/plaincall/AjaxCheckService.setItemNumber.dwr HTTP/1.1" 200 78
180.152.241.32 - - [10/Jan/2024:07:24:51 +0800] "POST /xingrg/dwr/call/plaincall/AjaxCheckService.setItemNumber.dwr HTTP/1.1" 200 78
120.253.135.82 - - [10/Jan/2024:07:24:51 +0800] "GET /xingrg/kc/pszx/mdps_order_info.html?code=312024011000242 HTTP/1.1" 200 23978
180.169.147.146 - - [10/Jan/2024:07:24:52 +0800] "GET /xingrg/all/function/internal_message.html?_=1704842692250&CODE_STATE=getMsg HTTP/1.1" 200 27
180.152.241.32 - - [10/Jan/2024:07:24:52 +0800] "POST /xingrg/dwr/call/plaincall/AjaxCheckService.setItemNumber.dwr HTTP/1.1" 200 78
120.253.135.82 - - [10/Jan/2024:07:24:52 +0800] "GET /xingrg/javascript/easyui/themes/default/validatebox.css HTTP/1.1" 404 1104
120.253.135.82 - - [10/Jan/2024:07:24:52 +0800] "POST /xingrg/kc/pszx/mdps_order_operate.html HTTP/1.1" 200 4313
180.152.241.32 - - [10/Jan/2024:07:24:53 +0800] "POST /xingrg/dwr/call/plaincall/AjaxCheckService.setItemNumber.dwr HTTP/1.1" 200 78
180.152.241.32 - - [10/Jan/2024:07:24:54 +0800] "POST /xingrg/dwr/call/plaincall/AjaxCheckService.setItemNumber.dwr HTTP/1.1" 200 78
180.152.241.32 - - [10/Jan/2024:07:24:56 +0800] "POST /xingrg/dwr/call/plaincall/AjaxCheckService.setItemNumber.dwr HTTP/1.1" 200 78
180.152.241.32 - - [10/Jan/2024:07:24:59 +0800] "POST /xingrg/dwr/call/plaincall/AjaxCheckService.setItemNumber.dwr HTTP/1.1" 200 78
114.95.241.104 - - [10/Jan/2024:07:25:00 +0800] "GET /xingrg/all/function/internal_message.html?_=1704842699273&CODE_STATE=getMsg HTTP/1.1" 200 27
218.81.65.124 - - [10/Jan/2024:07:25:00 +0800] "GET /xingrg/all/function/internal_message.html?_=1704842704530&CODE_STATE=getMsg HTTP/1.1" 302 -
120.253.135.82 - - [10/Jan/2024:07:25:00 +0800] "POST /xingrg/kc/pszx/mdps_order_operate.html HTTP/1.1" 200 37
180.152.241.32 - - [10/Jan/2024:07:25:01 +0800] "POST /xingrg/dwr/call/plaincall/AjaxCheckService.setItemNumber.dwr HTTP/1.1" 200 78
116.228.172.122 - - [10/Jan/2024:07:25:01 +0800] "GET /xingrg/all/function/internal_message.html?_=1704842609711&CODE_STATE=getMsg HTTP/1.1" 200 27
116.228.172.122 - - [10/Jan/2024:07:25:01 +0800] "GET /xingrg/check_reg.html?_=1704842609714 HTTP/1.1" 200 22
120.253.135.82 - - [10/Jan/2024:07:25:02 +0800] "GET /xingrg/kc/pszx/mdps_order_info.html?code=312024011000242 HTTP/1.1" 200 23978
120.253.135.82 - - [10/Jan/2024:07:25:03 +0800] "GET /xingrg/javascript/easyui/themes/default/validatebox.css HTTP/1.1" 404 1104
120.253.135.82 - - [10/Jan/2024:07:25:03 +0800] "POST /xingrg/kc/pszx/mdps_order_operate.html HTTP/1.1" 200 3823
180.152.241.32 - - [10/Jan/2024:07:25:07 +0800] "GET /xingrg/all/function/internal_message.html?_=1704842707574&CODE_STATE=getMsg HTTP/1.1" 200 27
120.253.135.82 - - [10/Jan/2024:07:25:07 +0800] "POST /xingrg/kc/pszx/mdps_list_operate.html HTTP/1.1" 200 201
180.152.241.32 - - [10/Jan/2024:07:25:09 +0800] "POST /xingrg/dwr/call/plaincall/AjaxCheckService.setItemNumber.dwr HTTP/1.1" 200 78
120.253.135.82 - - [10/Jan/2024:07:25:09 +0800] "GET /xingrg/all/function/internal_message.html?_=1704842529085&CODE_STATE=getMsg HTTP/1.1" 200 27
120.253.135.82 - - [10/Jan/2024:07:25:10 +0800] "GET /xingrg/kc/pszx/mdps_order_info.html?code=312024011000244 HTTP/1.1" 200 23978
120.253.135.82 - - [10/Jan/2024:07:25:10 +0800] "GET /xingrg/javascript/easyui/themes/default/validatebox.css HTTP/1.1" 404 1104
180.152.241.32 - - [10/Jan/2024:07:25:11 +0800] "POST /xingrg/dwr/call/plaincall/AjaxCheckService.setItemNumber.dwr HTTP/1.1" 200 78
120.253.135.82 - - [10/Jan/2024:07:25:11 +0800] "POST /xingrg/kc/pszx/mdps_order_operate.html HTTP/1.1" 200 2275
180.152.241.32 - - [10/Jan/2024:07:25:12 +0800] "POST /xingrg/dwr/call/plaincall/AjaxCheckService.setItemNumber.dwr HTTP/1.1" 200 78
180.152.241.32 - - [10/Jan/2024:07:25:13 +0800] "POST /xingrg/dwr/call/plaincall/AjaxCheckService.setItemNumber.dwr HTTP/1.1" 200 78
120.253.135.82 - - [10/Jan/2024:07:25:14 +0800] "POST /xingrg/kc/pszx/mdps_order_operate.html HTTP/1.1" 200 12
180.152.241.32 - - [10/Jan/2024:07:25:14 +0800] "POST /xingrg/dwr/call/plaincall/AjaxCheckService.setItemNumber.dwr HTTP/1.1" 200 78
124.78.68.102 - - [10/Jan/2024:07:25:14 +0800] "GET /xingrg/all/function/internal_message.html?_=1704842714916&CODE_STATE=getMsg HTTP/1.1" 200 27
120.253.135.82 - - [10/Jan/2024:07:25:15 +0800] "POST /xingrg/kc/pszx/mdps_list_operate.html HTTP/1.1" 200 2436
180.152.241.32 - - [10/Jan/2024:07:25:15 +0800] "POST /xingrg/dwr/call/plaincall/AjaxCheckService.setItemNumber.dwr HTTP/1.1" 200 78
180.152.241.32 - - [10/Jan/2024:07:25:16 +0800] "POST /xingrg/dwr/call/plaincall/AjaxCheckService.setItemNumber.dwr HTTP/1.1" 200 78
120.253.135.82 - - [10/Jan/2024:07:25:16 +0800] "POST /xingrg/kc/pszx/mdps_list_operate.html HTTP/1.1" 200 201
221.239.172.206 - - [10/Jan/2024:07:25:18 +0800] "GET /xingrg/all/function/internal_message.html?_=1704842717840&CODE_STATE=getMsg HTTP/1.1" 200 27
180.152.241.32 - - [10/Jan/2024:07:25:19 +0800] "POST /xingrg/dwr/call/plaincall/AjaxCheckService.setItemNumber.dwr HTTP/1.1" 200 78
120.253.135.82 - - [10/Jan/2024:07:25:20 +0800] "GET /xingrg/kc/pszx/mdps_order_info.html?code=312024011000241 HTTP/1.1" 200 23978
120.253.135.82 - - [10/Jan/2024:07:25:20 +0800] "GET /xingrg/javascript/easyui/themes/default/validatebox.css HTTP/1.1" 404 1104
120.253.135.82 - - [10/Jan/2024:07:25:21 +0800] "POST /xingrg/kc/pszx/mdps_order_operate.html HTTP/1.1" 200 2275
180.152.241.32 - - [10/Jan/2024:07:25:21 +0800] "POST /xingrg/dwr/call/plaincall/AjaxCheckService.setItemNumber.dwr HTTP/1.1" 200 78
180.152.241.32 - - [10/Jan/2024:07:25:22 +0800] "POST /xingrg/dwr/call/plaincall/AjaxCheckService.setItemNumber.dwr HTTP/1.1" 200 78
180.152.241.32 - - [10/Jan/2024:07:25:23 +0800] "POST /xingrg/dwr/call/plaincall/AjaxCheckService.setItemNumber.dwr HTTP/1.1" 200 78
120.253.135.82 - - [10/Jan/2024:07:25:23 +0800] "POST /xingrg/kc/pszx/mdps_order_operate.html HTTP/1.1" 200 12
120.253.135.82 - - [10/Jan/2024:07:25:25 +0800] "POST /xingrg/kc/pszx/mdps_list_operate.html HTTP/1.1" 200 2065
114.95.241.104 - - [10/Jan/2024:07:25:25 +0800] "GET /xingrg/all/function/internal_message.html?_=1704842725709&CODE_STATE=getMsg HTTP/1.1" 200 27
180.152.241.32 - - [10/Jan/2024:07:25:26 +0800] "POST /xingrg/dwr/call/plaincall/AjaxCheckService.setItemNumber.dwr HTTP/1.1" 200 78
120.253.135.82 - - [10/Jan/2024:07:25:26 +0800] "POST /xingrg/kc/pszx/mdps_list_operate.html HTTP/1.1" 200 610
180.152.241.32 - - [10/Jan/2024:07:25:27 +0800] "POST /xingrg/dwr/call/plaincall/AjaxCheckService.setItemNumber.dwr HTTP/1.1" 200 78
120.253.135.82 - - [10/Jan/2024:07:25:28 +0800] "GET /xingrg/kc/pszx/mdps_order_info.html?code=312024011000243 HTTP/1.1" 200 23978
120.253.135.82 - - [10/Jan/2024:07:25:28 +0800] "GET /xingrg/javascript/easyui/themes/default/validatebox.css HTTP/1.1" 404 1104
120.253.135.82 - - [10/Jan/2024:07:25:28 +0800] "POST /xingrg/kc/pszx/mdps_order_operate.html HTTP/1.1" 200 16554
180.152.241.32 - - [10/Jan/2024:07:25:30 +0800] "POST /xingrg/dwr/call/plaincall/AjaxCheckService.setItemNumber.dwr HTTP/1.1" 200 78
180.152.241.32 - - [10/Jan/2024:07:25:31 +0800] "POST /xingrg/dwr/call/plaincall/AjaxCheckService.setItemNumber.dwr HTTP/1.1" 200 78
180.152.241.32 - - [10/Jan/2024:07:25:32 +0800] "POST /xingrg/dwr/call/plaincall/AjaxCheckService.setItemNumber.dwr HTTP/1.1" 200 78
180.171.56.87 - - [10/Jan/2024:07:25:34 +0800] "GET /xingrg/check_reg.html?_=1704842737367 HTTP/1.1" 200 22
180.171.56.87 - - [10/Jan/2024:07:25:34 +0800] "GET /xingrg/all/function/internal_message.html?_=1704842737371&CODE_STATE=getMsg HTTP/1.1" 200 27
180.152.241.32 - - [10/Jan/2024:07:25:35 +0800] "POST /xingrg/dwr/call/plaincall/AjaxCheckService.setItemNumber.dwr HTTP/1.1" 200 78
222.70.180.200 - - [10/Jan/2024:07:25:36 +0800] "GET /xingrg/all/function/internal_message.html?_=1704842792020&CODE_STATE=getMsg HTTP/1.1" 200 27
180.152.241.32 - - [10/Jan/2024:07:25:36 +0800] "POST /xingrg/dwr/call/plaincall/AjaxCheckService.setItemNumber.dwr HTTP/1.1" 200 78
180.152.241.32 - - [10/Jan/2024:07:25:37 +0800] "POST /xingrg/dwr/call/plaincall/AjaxCheckService.setItemNumber.dwr HTTP/1.1" 200 78
180.152.241.32 - - [10/Jan/2024:07:25:39 +0800] "POST /xingrg/dwr/call/plaincall/AjaxCheckService.setItemNumber.dwr HTTP/1.1" 200 78
180.169.147.146 - - [10/Jan/2024:07:25:44 +0800] "GET /xingrg/all/function/internal_message.html?_=1704842744299&CODE_STATE=getMsg HTTP/1.1" 200 27
180.152.241.32 - - [10/Jan/2024:07:25:49 +0800] "POST /xingrg/dwr/call/plaincall/AjaxCheckService.setItemNumber.dwr HTTP/1.1" 200 78
180.169.147.146 - - [10/Jan/2024:07:25:52 +0800] "GET /xingrg/all/function/internal_message.html?_=1704842752230&CODE_STATE=getMsg HTTP/1.1" 200 27
114.95.241.104 - - [10/Jan/2024:07:26:00 +0800] "GET /xingrg/check_reg.html?_=1704842759272 HTTP/1.1" 200 22
114.95.241.104 - - [10/Jan/2024:07:26:00 +0800] "GET /xingrg/all/function/internal_message.html?_=1704842759276&CODE_STATE=getMsg HTTP/1.1" 200 27
218.81.65.124 - - [10/Jan/2024:07:26:00 +0800] "GET /xingrg/all/function/internal_message.html?_=1704842764529&CODE_STATE=getMsg HTTP/1.1" 302 -
116.228.172.122 - - [10/Jan/2024:07:26:01 +0800] "GET /xingrg/all/function/internal_message.html?_=1704842669711&CODE_STATE=getMsg HTTP/1.1" 200 27
180.152.241.32 - - [10/Jan/2024:07:26:07 +0800] "GET /xingrg/all/function/internal_message.html?_=1704842767573&CODE_STATE=getMsg HTTP/1.1" 200 27
180.152.241.32 - - [10/Jan/2024:07:26:10 +0800] "POST /xingrg/dwr/call/plaincall/AjaxCheckService.setItemNumber.dwr HTTP/1.1" 200 78
180.152.241.32 - - [10/Jan/2024:07:26:13 +0800] "POST /xingrg/dwr/call/plaincall/AjaxCheckService.setItemNumber.dwr HTTP/1.1" 200 78
124.78.68.102 - - [10/Jan/2024:07:26:14 +0800] "GET /xingrg/all/function/internal_message.html?_=1704842774888&CODE_STATE=getMsg HTTP/1.1" 200 27
180.152.241.32 - - [10/Jan/2024:07:26:17 +0800] "POST /xingrg/dwr/call/plaincall/AjaxCheckService.setItemNumber.dwr HTTP/1.1" 200 78
221.239.172.206 - - [10/Jan/2024:07:26:18 +0800] "GET /xingrg/all/function/internal_message.html?_=1704842777821&CODE_STATE=getMsg HTTP/1.1" 200 27
180.152.241.32 - - [10/Jan/2024:07:26:18 +0800] "POST /xingrg/dwr/call/plaincall/AjaxCheckService.setItemNumber.dwr HTTP/1.1" 200 78
180.152.241.32 - - [10/Jan/2024:07:26:19 +0800] "POST /xingrg/dwr/call/plaincall/AjaxCheckService.setItemNumber.dwr HTTP/1.1" 200 78
120.253.135.82 - - [10/Jan/2024:07:26:20 +0800] "GET /xingrg/login.html HTTP/1.1" 200 7641
120.253.135.82 - - [10/Jan/2024:07:26:20 +0800] "GET /xingrg/images/blue/login_bg.png HTTP/1.1" 304 -
120.253.135.82 - - [10/Jan/2024:07:26:20 +0800] "GET /xingrg/images/blue/jxLogo.png HTTP/1.1" 304 -
120.253.135.82 - - [10/Jan/2024:07:26:20 +0800] "GET /xingrg/images/blue/hj.png HTTP/1.1" 304 -
180.152.241.32 - - [10/Jan/2024:07:26:20 +0800] "POST /xingrg/dwr/call/plaincall/AjaxCheckService.setItemNumber.dwr HTTP/1.1" 200 78
120.253.135.82 - - [10/Jan/2024:07:26:20 +0800] "GET /xingrg/images/blue/srbg.png HTTP/1.1" 304 -
101.83.145.37 - - [10/Jan/2024:07:26:21 +0800] "POST /xingrg/services/DataTransmitService HTTP/1.1" 200 524
120.253.135.82 - - [10/Jan/2024:07:26:21 +0800] "GET /favicon.ico HTTP/1.1" 404 -
180.152.241.32 - - [10/Jan/2024:07:26:22 +0800] "POST /xingrg/dwr/call/plaincall/AjaxCheckService.setItemNumber.dwr HTTP/1.1" 200 78
180.152.241.32 - - [10/Jan/2024:07:26:23 +0800] "POST /xingrg/dwr/call/plaincall/AjaxCheckService.setItemNumber.dwr HTTP/1.1" 200 78
180.152.241.32 - - [10/Jan/2024:07:26:24 +0800] "POST /xingrg/dwr/call/plaincall/AjaxCheckService.setItemNumber.dwr HTTP/1.1" 200 78
180.152.241.32 - - [10/Jan/2024:07:26:25 +0800] "POST /xingrg/dwr/call/plaincall/AjaxCheckService.setItemNumber.dwr HTTP/1.1" 200 78
114.95.241.104 - - [10/Jan/2024:07:26:25 +0800] "GET /xingrg/all/function/internal_message.html?_=1704842785720&CODE_STATE=getMsg HTTP/1.1" 200 27
180.152.241.32 - - [10/Jan/2024:07:26:28 +0800] "POST /xingrg/dwr/call/plaincall/AjaxCheckService.setItemNumber.dwr HTTP/1.1" 200 78
180.152.241.32 - - [10/Jan/2024:07:26:29 +0800] "POST /xingrg/dwr/call/plaincall/AjaxCheckService.setItemNumber.dwr HTTP/1.1" 200 78
180.152.241.32 - - [10/Jan/2024:07:26:30 +0800] "POST /xingrg/dwr/call/plaincall/AjaxCheckService.setItemNumber.dwr HTTP/1.1" 200 78
120.253.135.82 - - [10/Jan/2024:07:26:31 +0800] "POST /xingrg/login.do HTTP/1.1" 302 -
120.253.135.82 - - [10/Jan/2024:07:26:31 +0800] "GET /xingrg/index.html?sysBaseUrl=http%3A%2F%2F180.169.147.146%3A18081%2Fxingrg%2F&costTime=806×tamp=1704842791480 HTTP/1.1" 200 17173
120.253.135.82 - - [10/Jan/2024:07:26:31 +0800] "GET /xingrg/css/form.css HTTP/1.1" 304 -
120.253.135.82 - - [10/Jan/2024:07:26:31 +0800] "GET /xingrg/javascript/jquery_easy_ui/themes/icon.css HTTP/1.1" 304 -
120.253.135.82 - - [10/Jan/2024:07:26:31 +0800] "GET /xingrg/javascript/jquery_easy_ui/themes/default/easyui.css HTTP/1.1" 304 -
120.253.135.82 - - [10/Jan/2024:07:26:31 +0800] "GET /xingrg/javascript/jquery_easy_ui/easyui-lang-zh_CN.js HTTP/1.1" 304 -
120.253.135.82 - - [10/Jan/2024:07:26:31 +0800] "GET /xingrg/javascript/jquery-1.4.2.min.js HTTP/1.1" 304 -
120.253.135.82 - - [10/Jan/2024:07:26:31 +0800] "GET /xingrg/javascript/jquery_easy_ui/jquery.easyui.min.js HTTP/1.1" 304 -
120.253.135.82 - - [10/Jan/2024:07:26:31 +0800] "GET /xingrg/javascript/jquery.utils.js HTTP/1.1" 304 -
120.253.135.82 - - [10/Jan/2024:07:26:31 +0800] "GET /xingrg/javascript/jquery.timers.js HTTP/1.1" 304 -
120.253.135.82 - - [10/Jan/2024:07:26:31 +0800] "GET /xingrg/javascript/jquery.form.js HTTP/1.1" 304 -
221.239.172.206 - - [10/Jan/2024:07:26:31 +0800] "GET /xingrg/check_reg.html?_=1704842791519 HTTP/1.1" 200 22
120.253.135.82 - - [10/Jan/2024:07:26:31 +0800] "GET /favicon.ico HTTP/1.1" 404 -
120.253.135.82 - - [10/Jan/2024:07:26:31 +0800] "GET /xingrg/images/blue/navBackgound.jpg HTTP/1.1" 304 -
120.253.135.82 - - [10/Jan/2024:07:26:31 +0800] "GET /xingrg/javascript/jquery_easy_ui/themes/icons/settle_new.png HTTP/1.1" 304 -
120.253.135.82 - - [10/Jan/2024:07:26:32 +0800] "GET /xingrg/javascript/jquery_easy_ui/themes/default/images/tabs_leftarrow.png HTTP/1.1" 304 -
120.253.135.82 - - [10/Jan/2024:07:26:32 +0800] "GET /xingrg/javascript/jquery_easy_ui/themes/default/images/tabs_rightarrow.png HTTP/1.1" 304 -
120.253.135.82 - - [10/Jan/2024:07:26:32 +0800] "GET /xingrg/images/blue/pingpu.png HTTP/1.1" 304 -
120.253.135.82 - - [10/Jan/2024:07:26:32 +0800] "GET /xingrg/javascript/jquery_easy_ui/themes/default/images/panel_tool_collapse.gif HTTP/1.1" 304 -
120.253.135.82 - - [10/Jan/2024:07:26:32 +0800] "GET /xingrg/all/function/internal_message.html?_=1704842611595&CODE_STATE=count HTTP/1.1" 200 11
120.253.135.82 - - [10/Jan/2024:07:26:32 +0800] "GET /xingrg/check_reg.html?_=1704842611595 HTTP/1.1" 200 22
180.152.241.32 - - [10/Jan/2024:07:26:32 +0800] "POST /xingrg/dwr/call/plaincall/AjaxCheckService.setItemNumber.dwr HTTP/1.1" 200 78
120.253.135.82 - - [10/Jan/2024:07:26:32 +0800] "POST /xingrg/all/common/load_tree.html?tree=area_rest_tree_json&manage=1 HTTP/1.1" 200 344
120.253.135.82 - - [10/Jan/2024:07:26:32 +0800] "GET /xingrg/javascript/jquery_easy_ui/themes/default/images/tree_arrows.gif HTTP/1.1" 304 -
120.253.135.82 - - [10/Jan/2024:07:26:32 +0800] "POST /xingrg/load_menu.html HTTP/1.1" 200 6743
120.253.135.82 - - [10/Jan/2024:07:26:32 +0800] "GET /xingrg/javascript/jquery_easy_ui/themes/default/images/tree_folder_open.gif HTTP/1.1" 304 -
120.253.135.82 - - [10/Jan/2024:07:26:32 +0800] "GET /xingrg/javascript/jquery_easy_ui/themes/icons/search_new.png HTTP/1.1" 304 -
120.253.135.82 - - [10/Jan/2024:07:26:32 +0800] "GET /xingrg/javascript/jquery_easy_ui/themes/icons/delivery_new.png HTTP/1.1" 304 -
120.253.135.82 - - [10/Jan/2024:07:26:32 +0800] "GET /xingrg/javascript/jquery_easy_ui/themes/icons/storage_new.png HTTP/1.1" 304 -
120.253.135.82 - - [10/Jan/2024:07:26:32 +0800] "GET /xingrg/javascript/jquery_easy_ui/themes/icons/forms_new.png HTTP/1.1" 304 -
120.253.135.82 - - [10/Jan/2024:07:26:32 +0800] "GET /xingrg/javascript/jquery_easy_ui/themes/default/images/tree_file.gif HTTP/1.1" 304 -
120.253.135.82 - - [10/Jan/2024:07:26:32 +0800] "GET /xingrg/javascript/jquery_easy_ui/themes/default/images/tree_folder.gif HTTP/1.1" 304 -
180.171.56.87 - - [10/Jan/2024:07:26:34 +0800] "GET /xingrg/all/function/internal_message.html?_=1704842797378&CODE_STATE=getMsg HTTP/1.1" 200 27
222.70.180.200 - - [10/Jan/2024:07:26:36 +0800] "GET /xingrg/all/function/internal_message.html?_=1704842852004&CODE_STATE=getMsg HTTP/1.1" 200 27
120.253.135.82 - - [10/Jan/2024:07:26:36 +0800] "GET /xingrg/javascript/jquery_easy_ui/themes/default/images/tabs_close.gif HTTP/1.1" 304 -
120.253.135.82 - - [10/Jan/2024:07:26:36 +0800] "GET /xingrg/kc/pszx/mdps_order_list.html?orderType=0 HTTP/1.1" 200 21036
120.253.135.82 - - [10/Jan/2024:07:26:36 +0800] "GET /xingrg/css/base.css HTTP/1.1" 304 -
120.253.135.82 - - [10/Jan/2024:07:26:36 +0800] "GET /xingrg/css/site.css HTTP/1.1" 304 -
120.253.135.82 - - [10/Jan/2024:07:26:36 +0800] "GET /xingrg/javascript/jquery_tools/datebox.css HTTP/1.1" 304 -
120.253.135.82 - - [10/Jan/2024:07:26:36 +0800] "GET /xingrg/javascript/easyui/themes/icon.css HTTP/1.1" 304 -
120.253.135.82 - - [10/Jan/2024:07:26:36 +0800] "GET /xingrg/javascript/easyui/themes/default/easyui.css HTTP/1.1" 304 -
120.253.135.82 - - [10/Jan/2024:07:26:36 +0800] "GET /xingrg/javascript/auto/jquery.autocomplete.css HTTP/1.1" 304 -
120.253.135.82 - - [10/Jan/2024:07:26:36 +0800] "GET /xingrg/javascript/jquery_tools/fix.css HTTP/1.1" 304 -
120.253.135.82 - - [10/Jan/2024:07:26:36 +0800] "GET /xingrg/javascript/jquery_tools/jquery.tools.min.js HTTP/1.1" 304 -
120.253.135.82 - - [10/Jan/2024:07:26:36 +0800] "GET /xingrg/javascript/jquery_tools/jquery.tools.hotkey.js HTTP/1.1" 304 -
120.253.135.82 - - [10/Jan/2024:07:26:36 +0800] "GET /xingrg/javascript/jquery_tools/jquery.tools.table.js HTTP/1.1" 304 -
120.253.135.82 - - [10/Jan/2024:07:26:36 +0800] "GET /xingrg/javascript/jquery_tools/list_manager.js HTTP/1.1" 304 -
120.253.135.82 - - [10/Jan/2024:07:26:36 +0800] "GET /xingrg/javascript/jquery_tools/table.css HTTP/1.1" 304 -
120.253.135.82 - - [10/Jan/2024:07:26:36 +0800] "GET /xingrg/javascript/easyui/easyloader.js HTTP/1.1" 304 -
120.253.135.82 - - [10/Jan/2024:07:26:36 +0800] "GET /xingrg/javascript/jquery_tools/jquery.tools.extend.js HTTP/1.1" 304 -
120.253.135.82 - - [10/Jan/2024:07:26:36 +0800] "GET /xingrg/javascript/jquery.cookie.js HTTP/1.1" 304 -
120.253.135.82 - - [10/Jan/2024:07:26:36 +0800] "GET /xingrg/javascript/auto/jquery.autocomplete.js HTTP/1.1" 304 -
120.253.135.82 - - [10/Jan/2024:07:26:36 +0800] "GET /xingrg/javascript/print/LodopFuncs.js HTTP/1.1" 304 -
120.253.135.82 - - [10/Jan/2024:07:26:37 +0800] "GET /xingrg/javascript/easyui/themes/icons/edit_add_new.png HTTP/1.1" 304 -
120.253.135.82 - - [10/Jan/2024:07:26:37 +0800] "GET /xingrg/javascript/easyui/themes/icons/cance_new.png HTTP/1.1" 304 -
120.253.135.82 - - [10/Jan/2024:07:26:37 +0800] "GET /xingrg/javascript/easyui/themes/icons/check_new.png HTTP/1.1" 304 -
120.253.135.82 - - [10/Jan/2024:07:26:37 +0800] "GET /xingrg/javascript/easyui/themes/icons/uncheck_new.png HTTP/1.1" 304 -
120.253.135.82 - - [10/Jan/2024:07:26:37 +0800] "GET /xingrg/javascript/easyui/themes/icons/import_new.png HTTP/1.1" 304 -
120.253.135.82 - - [10/Jan/2024:07:26:37 +0800] "GET /xingrg/javascript/easyui/themes/icons/field_new.png HTTP/1.1" 304 -
120.253.135.82 - - [10/Jan/2024:07:26:37 +0800] "GET /xingrg/javascript/jquery_easy_ui/themes/icons/area.png HTTP/1.1" 304 -
120.253.135.82 - - [10/Jan/2024:07:26:37 +0800] "GET /xingrg/javascript/jquery_easy_ui/themes/icons/manage.png HTTP/1.1" 304 -
120.253.135.82 - - [10/Jan/2024:07:26:37 +0800] "GET /xingrg/javascript/easyui/plugins/jquery.parser.js HTTP/1.1" 304 -
120.253.135.82 - - [10/Jan/2024:07:26:37 +0800] "GET /xingrg/images/control/ajaxLoader.gif HTTP/1.1" 304 -
120.253.135.82 - - [10/Jan/2024:07:26:38 +0800] "POST /xingrg/kc/pszx/mdps_list_operate.html HTTP/1.1" 200 5249
120.253.135.82 - - [10/Jan/2024:07:26:40 +0800] "GET /xingrg/javascript/auto/indicator.gif HTTP/1.1" 404 1066
180.152.241.32 - - [10/Jan/2024:07:26:41 +0800] "POST /xingrg/dwr/call/plaincall/AjaxCheckService.setItemNumber.dwr HTTP/1.1" 200 78
180.152.241.32 - - [10/Jan/2024:07:26:42 +0800] "POST /xingrg/dwr/call/plaincall/AjaxCheckService.setItemNumber.dwr HTTP/1.1" 200 78
180.169.147.146 - - [10/Jan/2024:07:26:44 +0800] "GET /xingrg/all/function/internal_message.html?_=1704842804322&CODE_STATE=getMsg HTTP/1.1" 200 27
222.70.180.200 - - [10/Jan/2024:07:26:47 +0800] "GET /xingrg/check_reg.html?_=1704842863078 HTTP/1.1" 200 22
180.169.147.146 - - [10/Jan/2024:07:26:52 +0800] "GET /xingrg/all/function/internal_message.html?_=1704842812231&CODE_STATE=getMsg HTTP/1.1" 200 27
120.253.135.82 - - [10/Jan/2024:07:26:53 +0800] "POST /xingrg/kc/pszx/mdps_list_operate.html HTTP/1.1" 200 2065
120.253.135.82 - - [10/Jan/2024:07:26:55 +0800] "POST /xingrg/kc/pszx/mdps_list_operate.html HTTP/1.1" 200 460
120.253.135.82 - - [10/Jan/2024:07:26:56 +0800] "GET /xingrg/kc/pszx/mdps_order_info.html?code=312024011000242 HTTP/1.1" 200 23978
120.253.135.82 - - [10/Jan/2024:07:26:56 +0800] "GET /xingrg/javascript/myfunction.js HTTP/1.1" 304 -
120.253.135.82 - - [10/Jan/2024:07:26:56 +0800] "GET /xingrg/javascript/jquery_tools/order_manager.js HTTP/1.1" 304 -
120.253.135.82 - - [10/Jan/2024:07:26:56 +0800] "GET /xingrg/javascript/pic_change.js HTTP/1.1" 304 -
120.253.135.82 - - [10/Jan/2024:07:26:56 +0800] "GET /xingrg/javascript/convert.js HTTP/1.1" 304 -
120.253.135.82 - - [10/Jan/2024:07:26:56 +0800] "GET /xingrg/javascript/json2.js HTTP/1.1" 304 -
120.253.135.82 - - [10/Jan/2024:07:26:56 +0800] "GET /xingrg/javascript/print/kc_print.js HTTP/1.1" 304 -
120.253.135.82 - - [10/Jan/2024:07:26:56 +0800] "GET /xingrg/words/20240109163317_words.js HTTP/1.1" 304 -
120.253.135.82 - - [10/Jan/2024:07:26:56 +0800] "GET /xingrg/javascript/easyui/themes/icons/copy_new.png HTTP/1.1" 304 -
120.253.135.82 - - [10/Jan/2024:07:26:56 +0800] "GET /xingrg/javascript/easyui/themes/icons/ok.png HTTP/1.1" 304 -
120.253.135.82 - - [10/Jan/2024:07:26:56 +0800] "GET /xingrg/javascript/easyui/themes/icons/print.png HTTP/1.1" 304 -
120.253.135.82 - - [10/Jan/2024:07:26:56 +0800] "GET /xingrg/javascript/easyui/themes/icons/cancel.png HTTP/1.1" 304 -
120.253.135.82 - - [10/Jan/2024:07:26:56 +0800] "GET /xingrg/javascript/easyui/themes/default/images/menu_downarrow.png HTTP/1.1" 304 -
120.253.135.82 - - [10/Jan/2024:07:26:57 +0800] "GET /xingrg/javascript/easyui/themes/default/validatebox.css HTTP/1.1" 404 1104
120.253.135.82 - - [10/Jan/2024:07:26:57 +0800] "GET /xingrg/javascript/easyui/plugins/jquery.validatebox.js HTTP/1.1" 304 -
120.253.135.82 - - [10/Jan/2024:07:26:57 +0800] "GET /xingrg/javascript/easyui/plugins/jquery.numberbox.js HTTP/1.1" 304 -
120.253.135.82 - - [10/Jan/2024:07:26:57 +0800] "GET /xingrg/all/common/auto_word.html?type=base&rest_code=00101 HTTP/1.1" 200 671
120.253.135.82 - - [10/Jan/2024:07:26:57 +0800] "POST /xingrg/kc/pszx/mdps_order_operate.html HTTP/1.1" 200 3823
120.253.135.82 - - [10/Jan/2024:07:26:57 +0800] "GET /xingrg/javascript/easyui/themes/icons/edit_remove.png HTTP/1.1" 304 -
114.95.241.104 - - [10/Jan/2024:07:27:00 +0800] "GET /xingrg/all/function/internal_message.html?_=1704842819264&CODE_STATE=getMsg HTTP/1.1" 200 27
218.81.65.124 - - [10/Jan/2024:07:27:00 +0800] "GET /xingrg/all/function/internal_message.html?_=1704842824529&CODE_STATE=getMsg HTTP/1.1" 302 -
116.228.172.122 - - [10/Jan/2024:07:27:01 +0800] "GET /xingrg/all/function/internal_message.html?_=1704842729708&CODE_STATE=getMsg HTTP/1.1" 200 27
120.253.135.82 - - [10/Jan/2024:07:27:04 +0800] "GET /xingrg/javascript/easyui/themes/default/images/button_plain_hover.png HTTP/1.1" 304 -
180.152.241.32 - - [10/Jan/2024:07:27:05 +0800] "GET /xingrg/kc/base/check_order_list.html?isBack=1 HTTP/1.1" 200 16173
180.152.241.32 - - [10/Jan/2024:07:27:06 +0800] "POST /xingrg/kc/base/check_list_operate.html HTTP/1.1" 200 3801
120.253.135.82 - - [10/Jan/2024:07:27:06 +0800] "POST /xingrg/kc/pszx/mdps_list_operate.html HTTP/1.1" 200 610
180.152.241.32 - - [10/Jan/2024:07:27:07 +0800] "GET /xingrg/check_reg.html?_=1704842827576 HTTP/1.1" 200 22
180.152.241.32 - - [10/Jan/2024:07:27:07 +0800] "GET /xingrg/all/function/internal_message.html?_=1704842827579&CODE_STATE=getMsg HTTP/1.1" 200 27
120.253.135.82 - - [10/Jan/2024:07:27:07 +0800] "GET /xingrg/kc/pszx/mdps_order_info.html?code=312024011000243 HTTP/1.1" 200 23978
120.253.135.82 - - [10/Jan/2024:07:27:08 +0800] "GET /xingrg/javascript/easyui/themes/default/validatebox.css HTTP/1.1" 404 1104
180.152.241.32 - - [10/Jan/2024:07:27:08 +0800] "GET /xingrg/kc/base/check_order_info.html?code=452024010900056 HTTP/1.1" 200 26516
180.152.241.32 - - [10/Jan/2024:07:27:08 +0800] "GET /xingrg/dwr/interface/AjaxComOrderService.js HTTP/1.1" 200 18264
180.152.241.32 - - [10/Jan/2024:07:27:08 +0800] "GET /xingrg/dwr/interface/AjaxCheckService.js HTTP/1.1" 200 14003
180.152.241.32 - - [10/Jan/2024:07:27:08 +0800] "GET /xingrg/dwr/engine.js HTTP/1.1" 200 43631
120.253.135.82 - - [10/Jan/2024:07:27:08 +0800] "POST /xingrg/kc/pszx/mdps_order_operate.html HTTP/1.1" 200 16554
180.152.241.32 - - [10/Jan/2024:07:27:09 +0800] "POST /xingrg/dwr/call/plaincall/AjaxCheckService.loadOrderItems.dwr HTTP/1.1" 200 115852
180.152.241.32 - - [10/Jan/2024:07:27:13 +0800] "POST /xingrg/dwr/call/plaincall/AjaxCheckService.setItemNumber.dwr HTTP/1.1" 200 76
124.78.68.102 - - [10/Jan/2024:07:27:14 +0800] "GET /xingrg/all/function/internal_message.html?_=1704842834865&CODE_STATE=getMsg HTTP/1.1" 200 27
180.152.241.32 - - [10/Jan/2024:07:27:15 +0800] "POST /xingrg/dwr/call/plaincall/AjaxCheckService.setItemNumber.dwr HTTP/1.1" 200 76
221.239.172.206 - - [10/Jan/2024:07:27:18 +0800] "GET /xingrg/all/function/internal_message.html?_=1704842837792&CODE_STATE=getMsg HTTP/1.1" 200 27
180.152.241.32 - - [10/Jan/2024:07:27:18 +0800] "POST /xingrg/dwr/call/plaincall/AjaxCheckService.setItemNumber.dwr HTTP/1.1" 200 76
180.152.241.32 - - [10/Jan/2024:07:27:20 +0800] "POST /xingrg/dwr/call/plaincall/AjaxCheckService.setItemNumber.dwr HTTP/1.1" 200 76
180.152.241.32 - - [10/Jan/2024:07:27:21 +0800] "POST /xingrg/dwr/call/plaincall/AjaxCheckService.setItemNumber.dwr HTTP/1.1" 200 76
180.152.241.32 - - [10/Jan/2024:07:27:22 +0800] "POST /xingrg/dwr/call/plaincall/AjaxCheckService.setItemNumber.dwr HTTP/1.1" 200 76
180.152.241.32 - - [10/Jan/2024:07:27:23 +0800] "POST /xingrg/dwr/call/plaincall/AjaxCheckService.setItemNumber.dwr HTTP/1.1" 200 76
114.95.241.104 - - [10/Jan/2024:07:27:25 +0800] "GET /xingrg/all/function/internal_message.html?_=1704842845720&CODE_STATE=getMsg HTTP/1.1" 200 27
124.78.68.102 - - [10/Jan/2024:07:27:28 +0800] "GET /xingrg/check_reg.html?_=1704842848923 HTTP/1.1" 200 22
180.152.241.32 - - [10/Jan/2024:07:27:29 +0800] "POST /xingrg/dwr/call/plaincall/AjaxCheckService.setItemNumber.dwr HTTP/1.1" 200 76
120.253.135.82 - - [10/Jan/2024:07:27:32 +0800] "GET /xingrg/all/function/internal_message.html?_=1704842671608&CODE_STATE=getMsg HTTP/1.1" 200 27
180.152.241.32 - - [10/Jan/2024:07:27:34 +0800] "POST /xingrg/dwr/call/plaincall/AjaxCheckService.setItemNumber.dwr HTTP/1.1" 200 76
180.171.56.87 - - [10/Jan/2024:07:27:34 +0800] "GET /xingrg/all/function/internal_message.html?_=1704842857366&CODE_STATE=getMsg HTTP/1.1" 200 27
180.152.241.32 - - [10/Jan/2024:07:27:34 +0800] "POST /xingrg/dwr/call/plaincall/AjaxCheckService.setItemNumber.dwr HTTP/1.1" 200 77
180.152.241.32 - - [10/Jan/2024:07:27:35 +0800] "POST /xingrg/dwr/call/plaincall/AjaxCheckService.setItemNumber.dwr HTTP/1.1" 200 77
222.70.180.200 - - [10/Jan/2024:07:27:36 +0800] "GET /xingrg/all/function/internal_message.html?_=1704842911995&CODE_STATE=getMsg HTTP/1.1" 200 27
180.152.241.32 - - [10/Jan/2024:07:27:37 +0800] "POST /xingrg/dwr/call/plaincall/AjaxCheckService.setItemNumber.dwr HTTP/1.1" 200 77
222.64.61.158 - - [10/Jan/2024:07:27:40 +0800] "POST /xingrg/services/DataTransmitService HTTP/1.1" 200 524
124.79.241.187 - - [10/Jan/2024:07:27:42 +0800] "GET /xingrg/check_reg.html?_=1704842861570 HTTP/1.1" 302 -
180.152.241.32 - - [10/Jan/2024:07:27:44 +0800] "POST /xingrg/dwr/call/plaincall/AjaxCheckService.setItemNumber.dwr HTTP/1.1" 200 77
180.169.147.146 - - [10/Jan/2024:07:27:44 +0800] "GET /xingrg/all/function/internal_message.html?_=1704842864298&CODE_STATE=getMsg HTTP/1.1" 200 27
180.152.241.32 - - [10/Jan/2024:07:27:45 +0800] "POST /xingrg/dwr/call/plaincall/AjaxCheckService.setItemNumber.dwr HTTP/1.1" 200 77
180.152.241.32 - - [10/Jan/2024:07:27:47 +0800] "POST /xingrg/dwr/call/plaincall/AjaxCheckService.setItemNumber.dwr HTTP/1.1" 200 77
180.152.241.32 - - [10/Jan/2024:07:27:47 +0800] "POST /xingrg/dwr/call/plaincall/AjaxCheckService.setItemNumber.dwr HTTP/1.1" 200 77
180.152.241.32 - - [10/Jan/2024:07:27:50 +0800] "POST /xingrg/dwr/call/plaincall/AjaxCheckService.setItemNumber.dwr HTTP/1.1" 200 77
180.169.147.146 - - [10/Jan/2024:07:27:52 +0800] "GET /xingrg/all/function/internal_message.html?_=1704842872215&CODE_STATE=getMsg HTTP/1.1" 200 27
180.152.241.32 - - [10/Jan/2024:07:27:52 +0800] "POST /xingrg/dwr/call/plaincall/AjaxCheckService.setItemNumber.dwr HTTP/1.1" 200 77
180.152.241.32 - - [10/Jan/2024:07:27:53 +0800] "POST /xingrg/dwr/call/plaincall/AjaxCheckService.setItemNumber.dwr HTTP/1.1" 200 77
180.152.241.32 - - [10/Jan/2024:07:27:54 +0800] "POST /xingrg/dwr/call/plaincall/AjaxCheckService.setItemNumber.dwr HTTP/1.1" 200 77
180.152.241.32 - - [10/Jan/2024:07:27:55 +0800] "POST /xingrg/dwr/call/plaincall/AjaxCheckService.setItemNumber.dwr HTTP/1.1" 200 77
180.152.241.32 - - [10/Jan/2024:07:27:55 +0800] "POST /xingrg/dwr/call/plaincall/AjaxCheckService.setItemNumber.dwr HTTP/1.1" 200 77
180.152.241.32 - - [10/Jan/2024:07:27:58 +0800] "POST /xingrg/dwr/call/plaincall/AjaxCheckService.setItemNumber.dwr HTTP/1.1" 200 77
180.152.241.32 - - [10/Jan/2024:07:27:59 +0800] "POST /xingrg/dwr/call/plaincall/AjaxCheckService.setItemNumber.dwr HTTP/1.1" 200 77
114.95.241.104 - - [10/Jan/2024:07:28:00 +0800] "GET /xingrg/all/function/internal_message.html?_=1704842879257&CODE_STATE=getMsg HTTP/1.1" 200 27
218.81.65.124 - - [10/Jan/2024:07:28:00 +0800] "GET /xingrg/check_reg.html?_=1704842884529 HTTP/1.1" 302 -
218.81.65.124 - - [10/Jan/2024:07:28:00 +0800] "GET /xingrg/all/function/internal_message.html?_=1704842884531&CODE_STATE=getMsg HTTP/1.1" 302 -
180.152.241.32 - - [10/Jan/2024:07:28:00 +0800] "POST /xingrg/dwr/call/plaincall/AjaxCheckService.setItemNumber.dwr HTTP/1.1" 200 77
116.228.172.122 - - [10/Jan/2024:07:28:01 +0800] "GET /xingrg/all/function/internal_message.html?_=1704842789703&CODE_STATE=getMsg HTTP/1.1" 200 27
180.152.241.32 - - [10/Jan/2024:07:28:03 +0800] "POST /xingrg/dwr/call/plaincall/AjaxCheckService.setItemNumber.dwr HTTP/1.1" 200 77
180.152.241.32 - - [10/Jan/2024:07:28:07 +0800] "GET /xingrg/all/function/internal_message.html?_=1704842887553&CODE_STATE=getMsg HTTP/1.1" 200 27
180.152.241.32 - - [10/Jan/2024:07:28:07 +0800] "POST /xingrg/dwr/call/plaincall/AjaxCheckService.setItemNumber.dwr HTTP/1.1" 200 77
180.152.241.32 - - [10/Jan/2024:07:28:12 +0800] "POST /xingrg/dwr/call/plaincall/AjaxCheckService.setItemNumber.dwr HTTP/1.1" 200 77
180.152.241.32 - - [10/Jan/2024:07:28:13 +0800] "POST /xingrg/dwr/call/plaincall/AjaxCheckService.setItemNumber.dwr HTTP/1.1" 200 77
180.152.241.32 - - [10/Jan/2024:07:28:14 +0800] "POST /xingrg/dwr/call/plaincall/AjaxCheckService.setItemNumber.dwr HTTP/1.1" 200 77
124.78.68.102 - - [10/Jan/2024:07:28:14 +0800] "GET /xingrg/all/function/internal_message.html?_=1704842894857&CODE_STATE=getMsg HTTP/1.1" 200 27
180.152.241.32 - - [10/Jan/2024:07:28:16 +0800] "POST /xingrg/dwr/call/plaincall/AjaxCheckService.setItemNumber.dwr HTTP/1.1" 200 77
221.239.172.206 - - [10/Jan/2024:07:28:18 +0800] "GET /xingrg/all/function/internal_message.html?_=1704842897766&CODE_STATE=getMsg HTTP/1.1" 200 27
180.152.241.32 - - [10/Jan/2024:07:28:19 +0800] "POST /xingrg/dwr/call/plaincall/AjaxCheckService.setItemNumber.dwr HTTP/1.1" 200 77
180.152.241.32 - - [10/Jan/2024:07:28:20 +0800] "POST /xingrg/dwr/call/plaincall/AjaxCheckService.setItemNumber.dwr HTTP/1.1" 200 77
180.152.241.32 - - [10/Jan/2024:07:28:21 +0800] "POST /xingrg/dwr/call/plaincall/AjaxCheckService.setItemNumber.dwr HTTP/1.1" 200 77
180.152.241.32 - - [10/Jan/2024:07:28:23 +0800] "POST /xingrg/dwr/call/plaincall/AjaxCheckService.setItemNumber.dwr HTTP/1.1" 200 77
180.152.241.32 - - [10/Jan/2024:07:28:25 +0800] "POST /xingrg/dwr/call/plaincall/AjaxCheckService.setItemNumber.dwr HTTP/1.1" 200 77
114.95.241.104 - - [10/Jan/2024:07:28:25 +0800] "GET /xingrg/all/function/internal_message.html?_=1704842905706&CODE_STATE=getMsg HTTP/1.1" 200 27
180.152.241.32 - - [10/Jan/2024:07:28:26 +0800] "POST /xingrg/dwr/call/plaincall/AjaxCheckService.setItemNumber.dwr HTTP/1.1" 200 77
180.152.241.32 - - [10/Jan/2024:07:28:27 +0800] "POST /xingrg/dwr/call/plaincall/AjaxCheckService.setItemNumber.dwr HTTP/1.1" 200 77
180.152.241.32 - - [10/Jan/2024:07:28:27 +0800] "POST /xingrg/dwr/call/plaincall/AjaxCheckService.setItemNumber.dwr HTTP/1.1" 200 77
180.152.241.32 - - [10/Jan/2024:07:28:28 +0800] "POST /xingrg/dwr/call/plaincall/AjaxCheckService.setItemNumber.dwr HTTP/1.1" 200 77
180.152.241.32 - - [10/Jan/2024:07:28:31 +0800] "POST /xingrg/dwr/call/plaincall/AjaxCheckService.setItemNumber.dwr HTTP/1.1" 200 77
120.253.135.82 - - [10/Jan/2024:07:28:32 +0800] "GET /xingrg/all/function/internal_message.html?_=1704842731634&CODE_STATE=getMsg HTTP/1.1" 200 27
180.152.241.32 - - [10/Jan/2024:07:28:32 +0800] "POST /xingrg/dwr/call/plaincall/AjaxCheckService.setItemNumber.dwr HTTP/1.1" 200 77
180.152.241.32 - - [10/Jan/2024:07:28:33 +0800] "POST /xingrg/dwr/call/plaincall/AjaxCheckService.setItemNumber.dwr HTTP/1.1" 200 77
180.152.241.32 - - [10/Jan/2024:07:28:33 +0800] "POST /xingrg/dwr/call/plaincall/AjaxCheckService.setItemNumber.dwr HTTP/1.1" 200 77
