120.253.135.82 - - [10/Jan/2024:07:07:02 +0800] "GET /xingrg/kc/buy/cgsh_order_operate.html?command=get_materiel_price&rest_code=00101&code=00102002197&unit_code=00100018&supplier_code=00100135&order_time=2024-01-10 HTTP/1.1" 200 30
180.152.241.32 - - [10/Jan/2024:07:07:04 +0800] "GET /xingrg/kc/base/check_order_list.html HTTP/1.1" 302 -
180.152.241.32 - - [10/Jan/2024:07:07:04 +0800] "GET /xingrg/login.html HTTP/1.1" 200 7641
180.152.241.32 - - [10/Jan/2024:07:07:04 +0800] "GET /xingrg/login.html HTTP/1.1" 200 7641
180.152.241.32 - - [10/Jan/2024:07:07:04 +0800] "GET /xingrg/images/blue/jxLogo.png HTTP/1.1" 200 6156
180.152.241.32 - - [10/Jan/2024:07:07:04 +0800] "GET /xingrg/images/blue/srbg.png HTTP/1.1" 200 138
180.152.241.32 - - [10/Jan/2024:07:07:04 +0800] "GET /xingrg/images/blue/hj.png HTTP/1.1" 200 1014
180.152.241.32 - - [10/Jan/2024:07:07:04 +0800] "GET /xingrg/images/blue/login_bg.png HTTP/1.1" 200 22101
180.152.241.32 - - [10/Jan/2024:07:07:04 +0800] "GET /favicon.ico HTTP/1.1" 404 -
120.253.135.82 - - [10/Jan/2024:07:07:06 +0800] "GET /xingrg/check_reg.html?_=1704841445767 HTTP/1.1" 200 22
120.253.135.82 - - [10/Jan/2024:07:07:06 +0800] "GET /xingrg/all/function/internal_message.html?_=1704841445830&CODE_STATE=getMsg HTTP/1.1" 200 27
180.152.241.32 - - [10/Jan/2024:07:07:07 +0800] "POST /xingrg/login.do HTTP/1.1" 302 -
180.152.241.32 - - [10/Jan/2024:07:07:07 +0800] "GET /xingrg/index.html?sysBaseUrl=http%3A%2F%2F180.169.147.146%3A18081%2Fxingrg%2F&costTime=809×tamp=1704841627156 HTTP/1.1" 200 17173
180.152.241.32 - - [10/Jan/2024:07:07:07 +0800] "GET /xingrg/css/form.css HTTP/1.1" 200 893
180.152.241.32 - - [10/Jan/2024:07:07:07 +0800] "GET /xingrg/javascript/jquery.form.js HTTP/1.1" 200 23110
180.152.241.32 - - [10/Jan/2024:07:07:07 +0800] "GET /xingrg/javascript/jquery.timers.js HTTP/1.1" 200 3532
180.152.241.32 - - [10/Jan/2024:07:07:07 +0800] "GET /favicon.ico HTTP/1.1" 404 -
180.152.241.32 - - [10/Jan/2024:07:07:07 +0800] "GET /xingrg/images/blue/navBackgound.jpg HTTP/1.1" 200 12378
180.152.241.32 - - [10/Jan/2024:07:07:07 +0800] "GET /xingrg/javascript/jquery_easy_ui/themes/icons/settle_new.png HTTP/1.1" 200 826
180.152.241.32 - - [10/Jan/2024:07:07:07 +0800] "GET /xingrg/all/function/internal_message.html?_=1704841627547&CODE_STATE=count HTTP/1.1" 200 11
180.152.241.32 - - [10/Jan/2024:07:07:07 +0800] "GET /xingrg/check_reg.html?_=1704841627548 HTTP/1.1" 200 22
180.152.241.32 - - [10/Jan/2024:07:07:07 +0800] "GET /xingrg/images/blue/pingpu.png HTTP/1.1" 200 231
180.152.241.32 - - [10/Jan/2024:07:07:07 +0800] "GET /xingrg/javascript/jquery_easy_ui/themes/default/images/tabs_leftarrow.png HTTP/1.1" 200 389
180.152.241.32 - - [10/Jan/2024:07:07:07 +0800] "GET /xingrg/javascript/jquery_easy_ui/themes/default/images/panel_tool_collapse.gif HTTP/1.1" 200 246
180.152.241.32 - - [10/Jan/2024:07:07:07 +0800] "GET /xingrg/javascript/jquery_easy_ui/themes/default/images/tabs_rightarrow.png HTTP/1.1" 200 395
180.152.241.32 - - [10/Jan/2024:07:07:07 +0800] "POST /xingrg/all/common/load_tree.html?tree=area_rest_tree_json&manage=1 HTTP/1.1" 200 342
180.152.241.32 - - [10/Jan/2024:07:07:07 +0800] "POST /xingrg/load_menu.html HTTP/1.1" 200 5138
180.152.241.32 - - [10/Jan/2024:07:07:07 +0800] "GET /xingrg/javascript/jquery_easy_ui/themes/icons/search_new.png HTTP/1.1" 200 586
180.152.241.32 - - [10/Jan/2024:07:07:07 +0800] "GET /xingrg/javascript/jquery_easy_ui/themes/default/images/tree_arrows.gif HTTP/1.1" 200 1043
180.152.241.32 - - [10/Jan/2024:07:07:07 +0800] "GET /xingrg/javascript/jquery_easy_ui/themes/icons/forms_new.png HTTP/1.1" 200 350
180.152.241.32 - - [10/Jan/2024:07:07:07 +0800] "GET /xingrg/javascript/jquery_easy_ui/themes/default/images/tree_file.gif HTTP/1.1" 200 118
180.152.241.32 - - [10/Jan/2024:07:07:07 +0800] "GET /xingrg/javascript/jquery_easy_ui/themes/default/images/tree_folder.gif HTTP/1.1" 200 952
180.152.241.32 - - [10/Jan/2024:07:07:07 +0800] "GET /xingrg/javascript/jquery_easy_ui/themes/icons/storage_new.png HTTP/1.1" 200 853
180.152.241.32 - - [10/Jan/2024:07:07:07 +0800] "GET /xingrg/javascript/jquery_easy_ui/themes/default/images/tree_folder_open.gif HTTP/1.1" 200 956
180.152.241.32 - - [10/Jan/2024:07:07:10 +0800] "GET /xingrg/javascript/jquery_easy_ui/themes/default/images/tabs_close.gif HTTP/1.1" 200 829
180.152.241.32 - - [10/Jan/2024:07:07:10 +0800] "GET /xingrg/kc/base/check_order_list.html HTTP/1.1" 200 16173
180.152.241.32 - - [10/Jan/2024:07:07:10 +0800] "GET /xingrg/css/base.css HTTP/1.1" 200 2811
180.152.241.32 - - [10/Jan/2024:07:07:10 +0800] "GET /xingrg/css/site.css HTTP/1.1" 200 7541
180.152.241.32 - - [10/Jan/2024:07:07:10 +0800] "GET /xingrg/javascript/jquery_tools/datebox.css HTTP/1.1" 200 2597
180.152.241.32 - - [10/Jan/2024:07:07:10 +0800] "GET /xingrg/javascript/easyui/themes/icon.css HTTP/1.1" 200 4483
180.152.241.32 - - [10/Jan/2024:07:07:10 +0800] "GET /xingrg/javascript/easyui/themes/default/easyui.css HTTP/1.1" 200 30432
180.152.241.32 - - [10/Jan/2024:07:07:10 +0800] "GET /xingrg/javascript/jquery_tools/fix.css HTTP/1.1" 200 1702
180.152.241.32 - - [10/Jan/2024:07:07:10 +0800] "GET /xingrg/javascript/jquery_tools/table.css HTTP/1.1" 200 1032
180.152.241.32 - - [10/Jan/2024:07:07:10 +0800] "GET /xingrg/javascript/jquery_tools/jquery.tools.min.js HTTP/1.1" 200 138801
180.152.241.32 - - [10/Jan/2024:07:07:10 +0800] "GET /xingrg/javascript/jquery_tools/jquery.tools.extend.js HTTP/1.1" 200 15385
180.152.241.32 - - [10/Jan/2024:07:07:10 +0800] "GET /xingrg/javascript/jquery_tools/jquery.tools.hotkey.js HTTP/1.1" 200 3242
180.152.241.32 - - [10/Jan/2024:07:07:10 +0800] "GET /xingrg/javascript/jquery_tools/jquery.tools.table.js HTTP/1.1" 200 6994
180.152.241.32 - - [10/Jan/2024:07:07:10 +0800] "GET /xingrg/javascript/jquery_tools/list_manager.js HTTP/1.1" 200 3652
180.152.241.32 - - [10/Jan/2024:07:07:10 +0800] "GET /xingrg/javascript/easyui/easyloader.js HTTP/1.1" 200 5975
180.152.241.32 - - [10/Jan/2024:07:07:10 +0800] "GET /xingrg/javascript/jquery.cookie.js HTTP/1.1" 200 5513
180.152.241.32 - - [10/Jan/2024:07:07:10 +0800] "GET /xingrg/javascript/easyui/themes/icons/cance_new.png HTTP/1.1" 200 3986
180.152.241.32 - - [10/Jan/2024:07:07:10 +0800] "GET /xingrg/javascript/easyui/themes/icons/check_new.png HTTP/1.1" 200 3224
180.152.241.32 - - [10/Jan/2024:07:07:10 +0800] "GET /xingrg/javascript/easyui/themes/icons/field_new.png HTTP/1.1" 200 1097
180.152.241.32 - - [10/Jan/2024:07:07:10 +0800] "GET /xingrg/javascript/easyui/themes/icons/edit_add_new.png HTTP/1.1" 200 2997
180.152.241.32 - - [10/Jan/2024:07:07:10 +0800] "GET /xingrg/javascript/easyui/plugins/jquery.parser.js HTTP/1.1" 200 1142
180.152.241.32 - - [10/Jan/2024:07:07:10 +0800] "GET /xingrg/images/control/ajaxLoader.gif HTTP/1.1" 200 4659
180.152.241.32 - - [10/Jan/2024:07:07:10 +0800] "POST /xingrg/kc/base/check_list_operate.html HTTP/1.1" 200 3801
180.152.241.32 - - [10/Jan/2024:07:07:13 +0800] "GET /xingrg/kc/base/check_order_info.html?code=452024010900062 HTTP/1.1" 200 26516
180.152.241.32 - - [10/Jan/2024:07:07:13 +0800] "GET /xingrg/css/table.css HTTP/1.1" 200 3684
180.152.241.32 - - [10/Jan/2024:07:07:13 +0800] "GET /xingrg/dwr/interface/AjaxCheckService.js HTTP/1.1" 200 14003
180.152.241.32 - - [10/Jan/2024:07:07:13 +0800] "GET /xingrg/dwr/interface/AjaxComOrderService.js HTTP/1.1" 200 18264
180.152.241.32 - - [10/Jan/2024:07:07:13 +0800] "GET /xingrg/dwr/engine.js HTTP/1.1" 200 43631
180.152.241.32 - - [10/Jan/2024:07:07:13 +0800] "GET /xingrg/javascript/convert.js HTTP/1.1" 200 1239
180.152.241.32 - - [10/Jan/2024:07:07:14 +0800] "GET /xingrg/javascript/jquery_easy_ui/themes/icons/cance_new.png HTTP/1.1" 200 3986
180.152.241.32 - - [10/Jan/2024:07:07:14 +0800] "GET /xingrg/javascript/jquery_easy_ui/themes/icons/check_new.png HTTP/1.1" 200 3224
180.152.241.32 - - [10/Jan/2024:07:07:14 +0800] "GET /xingrg/javascript/jquery_easy_ui/themes/icons/back_new.png HTTP/1.1" 200 3414
180.152.241.32 - - [10/Jan/2024:07:07:14 +0800] "GET /xingrg/javascript/jquery_easy_ui/themes/default/images/menu_downarrow.png HTTP/1.1" 200 173
180.152.241.32 - - [10/Jan/2024:07:07:14 +0800] "GET /xingrg/javascript/jquery_easy_ui/themes/icons/print.png HTTP/1.1" 200 1057
180.152.241.32 - - [10/Jan/2024:07:07:14 +0800] "POST /xingrg/dwr/call/plaincall/AjaxCheckService.loadOrderItems.dwr HTTP/1.1" 200 21429
180.152.241.32 - - [10/Jan/2024:07:07:14 +0800] "GET /xingrg/javascript/jquery_easy_ui/themes/icons/no.png HTTP/1.1" 200 922
124.78.68.102 - - [10/Jan/2024:07:07:15 +0800] "GET /xingrg/all/function/internal_message.html?_=1704841635252&CODE_STATE=getMsg HTTP/1.1" 200 27
221.239.172.206 - - [10/Jan/2024:07:07:18 +0800] "GET /xingrg/all/function/internal_message.html?_=1704841638140&CODE_STATE=getMsg HTTP/1.1" 200 27
180.152.241.32 - - [10/Jan/2024:07:07:21 +0800] "POST /xingrg/dwr/call/plaincall/AjaxCheckService.setItemNumber.dwr HTTP/1.1" 200 76
180.152.241.32 - - [10/Jan/2024:07:07:23 +0800] "POST /xingrg/dwr/call/plaincall/AjaxCheckService.setItemNumber.dwr HTTP/1.1" 200 76
180.152.241.32 - - [10/Jan/2024:07:07:23 +0800] "POST /xingrg/dwr/call/plaincall/AjaxCheckService.setItemNumber.dwr HTTP/1.1" 200 76
114.95.241.104 - - [10/Jan/2024:07:07:25 +0800] "GET /xingrg/all/function/internal_message.html?_=1704841645685&CODE_STATE=getMsg HTTP/1.1" 200 27
180.152.241.32 - - [10/Jan/2024:07:07:26 +0800] "POST /xingrg/dwr/call/plaincall/AjaxCheckService.setItemNumber.dwr HTTP/1.1" 200 76
180.152.241.32 - - [10/Jan/2024:07:07:27 +0800] "POST /xingrg/dwr/call/plaincall/AjaxCheckService.setItemNumber.dwr HTTP/1.1" 200 76
124.78.68.102 - - [10/Jan/2024:07:07:29 +0800] "GET /xingrg/check_reg.html?_=1704841649005 HTTP/1.1" 200 22
180.152.241.32 - - [10/Jan/2024:07:07:30 +0800] "POST /xingrg/dwr/call/plaincall/AjaxCheckService.setItemNumber.dwr HTTP/1.1" 200 76
180.152.241.32 - - [10/Jan/2024:07:07:32 +0800] "POST /xingrg/dwr/call/plaincall/AjaxCheckService.setItemNumber.dwr HTTP/1.1" 200 76
180.171.56.87 - - [10/Jan/2024:07:07:34 +0800] "GET /xingrg/all/function/internal_message.html?_=1704841657334&CODE_STATE=getMsg HTTP/1.1" 200 27
180.152.241.32 - - [10/Jan/2024:07:07:34 +0800] "POST /xingrg/dwr/call/plaincall/AjaxCheckService.setItemNumber.dwr HTTP/1.1" 200 76
222.70.180.200 - - [10/Jan/2024:07:07:36 +0800] "GET /xingrg/all/function/internal_message.html?_=1704841712344&CODE_STATE=getMsg HTTP/1.1" 200 27
180.152.241.32 - - [10/Jan/2024:07:07:37 +0800] "POST /xingrg/dwr/call/plaincall/AjaxCheckService.setItemNumber.dwr HTTP/1.1" 200 76
180.152.241.32 - - [10/Jan/2024:07:07:41 +0800] "POST /xingrg/dwr/call/plaincall/AjaxCheckService.setItemNumber.dwr HTTP/1.1" 200 77
124.79.241.187 - - [10/Jan/2024:07:07:42 +0800] "GET /xingrg/check_reg.html?_=1704841661415 HTTP/1.1" 302 -
180.152.241.32 - - [10/Jan/2024:07:07:42 +0800] "POST /xingrg/dwr/call/plaincall/AjaxCheckService.setItemNumber.dwr HTTP/1.1" 200 77
180.152.241.32 - - [10/Jan/2024:07:07:44 +0800] "POST /xingrg/dwr/call/plaincall/AjaxCheckService.setItemNumber.dwr HTTP/1.1" 200 77
180.169.147.146 - - [10/Jan/2024:07:07:44 +0800] "GET /xingrg/all/function/internal_message.html?_=1704841664292&CODE_STATE=getMsg HTTP/1.1" 200 27
180.152.241.32 - - [10/Jan/2024:07:07:45 +0800] "POST /xingrg/dwr/call/plaincall/AjaxCheckService.setItemNumber.dwr HTTP/1.1" 200 77
180.152.241.32 - - [10/Jan/2024:07:07:46 +0800] "POST /xingrg/dwr/call/plaincall/AjaxCheckService.setItemNumber.dwr HTTP/1.1" 200 77
180.152.241.32 - - [10/Jan/2024:07:07:48 +0800] "POST /xingrg/dwr/call/plaincall/AjaxCheckService.setItemNumber.dwr HTTP/1.1" 200 77
180.152.241.32 - - [10/Jan/2024:07:07:50 +0800] "POST /xingrg/dwr/call/plaincall/AjaxCheckService.setItemNumber.dwr HTTP/1.1" 200 77
180.152.241.32 - - [10/Jan/2024:07:07:50 +0800] "POST /xingrg/dwr/call/plaincall/AjaxCheckService.setItemNumber.dwr HTTP/1.1" 200 77
180.152.241.32 - - [10/Jan/2024:07:07:51 +0800] "POST /xingrg/dwr/call/plaincall/AjaxCheckService.setItemNumber.dwr HTTP/1.1" 200 77
180.169.147.146 - - [10/Jan/2024:07:07:52 +0800] "GET /xingrg/all/function/internal_message.html?_=1704841672225&CODE_STATE=getMsg HTTP/1.1" 200 27
114.95.241.104 - - [10/Jan/2024:07:08:00 +0800] "GET /xingrg/all/function/internal_message.html?_=1704841679261&CODE_STATE=getMsg HTTP/1.1" 200 27
218.81.65.124 - - [10/Jan/2024:07:08:00 +0800] "GET /xingrg/all/function/internal_message.html?_=1704841684507&CODE_STATE=getMsg HTTP/1.1" 302 -
218.81.65.124 - - [10/Jan/2024:07:08:00 +0800] "GET /xingrg/check_reg.html?_=1704841684509 HTTP/1.1" 302 -
116.228.172.122 - - [10/Jan/2024:07:08:01 +0800] "GET /xingrg/all/function/internal_message.html?_=1704841589711&CODE_STATE=getMsg HTTP/1.1" 200 27
180.152.241.32 - - [10/Jan/2024:07:08:06 +0800] "POST /xingrg/dwr/call/plaincall/AjaxCheckService.setItemNumber.dwr HTTP/1.1" 200 77
120.253.135.82 - - [10/Jan/2024:07:08:06 +0800] "GET /xingrg/all/function/internal_message.html?_=1704841505843&CODE_STATE=getMsg HTTP/1.1" 200 27
180.152.241.32 - - [10/Jan/2024:07:08:07 +0800] "POST /xingrg/dwr/call/plaincall/AjaxCheckService.setItemNumber.dwr HTTP/1.1" 200 77
180.152.241.32 - - [10/Jan/2024:07:08:07 +0800] "GET /xingrg/all/function/internal_message.html?_=1704841687549&CODE_STATE=getMsg HTTP/1.1" 200 27
180.152.241.32 - - [10/Jan/2024:07:08:08 +0800] "POST /xingrg/dwr/call/plaincall/AjaxCheckService.setItemNumber.dwr HTTP/1.1" 200 77
180.152.241.32 - - [10/Jan/2024:07:08:09 +0800] "POST /xingrg/dwr/call/plaincall/AjaxCheckService.setItemNumber.dwr HTTP/1.1" 200 77
180.152.241.32 - - [10/Jan/2024:07:08:11 +0800] "POST /xingrg/dwr/call/plaincall/AjaxCheckService.setItemNumber.dwr HTTP/1.1" 200 77
180.152.241.32 - - [10/Jan/2024:07:08:12 +0800] "POST /xingrg/dwr/call/plaincall/AjaxCheckService.setItemNumber.dwr HTTP/1.1" 200 77
180.152.241.32 - - [10/Jan/2024:07:08:13 +0800] "POST /xingrg/dwr/call/plaincall/AjaxCheckService.setItemNumber.dwr HTTP/1.1" 200 77
180.152.241.32 - - [10/Jan/2024:07:08:13 +0800] "POST /xingrg/dwr/call/plaincall/AjaxCheckService.setItemNumber.dwr HTTP/1.1" 200 77
124.78.68.102 - - [10/Jan/2024:07:08:15 +0800] "GET /xingrg/all/function/internal_message.html?_=1704841695237&CODE_STATE=getMsg HTTP/1.1" 200 27
180.152.241.32 - - [10/Jan/2024:07:08:15 +0800] "POST /xingrg/dwr/call/plaincall/AjaxCheckService.setItemNumber.dwr HTTP/1.1" 200 77
221.239.172.206 - - [10/Jan/2024:07:08:18 +0800] "GET /xingrg/all/function/internal_message.html?_=1704841698124&CODE_STATE=getMsg HTTP/1.1" 200 27
180.152.241.32 - - [10/Jan/2024:07:08:18 +0800] "POST /xingrg/dwr/call/plaincall/AjaxCheckService.setItemNumber.dwr HTTP/1.1" 200 77
180.152.241.32 - - [10/Jan/2024:07:08:19 +0800] "POST /xingrg/dwr/call/plaincall/AjaxCheckService.setItemNumber.dwr HTTP/1.1" 200 77
180.152.241.32 - - [10/Jan/2024:07:08:21 +0800] "POST /xingrg/dwr/call/plaincall/AjaxCheckService.setItemNumber.dwr HTTP/1.1" 200 77
180.152.241.32 - - [10/Jan/2024:07:08:22 +0800] "POST /xingrg/dwr/call/plaincall/AjaxCheckService.setItemNumber.dwr HTTP/1.1" 200 77
180.152.241.32 - - [10/Jan/2024:07:08:23 +0800] "POST /xingrg/dwr/call/plaincall/AjaxCheckService.setItemNumber.dwr HTTP/1.1" 200 77
114.95.241.104 - - [10/Jan/2024:07:08:25 +0800] "GET /xingrg/all/function/internal_message.html?_=1704841705695&CODE_STATE=getMsg HTTP/1.1" 200 27
180.171.56.87 - - [10/Jan/2024:07:08:34 +0800] "GET /xingrg/all/function/internal_message.html?_=1704841717342&CODE_STATE=getMsg HTTP/1.1" 200 27
222.70.180.200 - - [10/Jan/2024:07:08:36 +0800] "GET /xingrg/all/function/internal_message.html?_=1704841772345&CODE_STATE=getMsg HTTP/1.1" 200 27
180.169.147.146 - - [10/Jan/2024:07:08:42 +0800] "GET /xingrg/check_reg.html?_=1704841722158 HTTP/1.1" 200 22
120.253.135.82 - - [10/Jan/2024:07:08:43 +0800] "POST /xingrg/kc/buy/cgsh_order_operate.html HTTP/1.1" 200 37
180.169.147.146 - - [10/Jan/2024:07:08:44 +0800] "GET /xingrg/all/function/internal_message.html?_=1704841724308&CODE_STATE=getMsg HTTP/1.1" 200 27
180.169.147.146 - - [10/Jan/2024:07:08:44 +0800] "GET /xingrg/check_reg.html?_=1704841724314 HTTP/1.1" 200 22
120.253.135.82 - - [10/Jan/2024:07:08:46 +0800] "POST /xingrg/kc/buy/cgsh_order_operate.html HTTP/1.1" 200 3917
120.253.135.82 - - [10/Jan/2024:07:08:48 +0800] "GET /xingrg/kc/print/load_data.html?order_code=212024011003636&kc_code=cgsh&condition= HTTP/1.1" 200 1264
180.169.147.146 - - [10/Jan/2024:07:08:52 +0800] "GET /xingrg/check_reg.html?_=1704841732218 HTTP/1.1" 200 22
180.169.147.146 - - [10/Jan/2024:07:08:52 +0800] "GET /xingrg/all/function/internal_message.html?_=1704841732225&CODE_STATE=getMsg HTTP/1.1" 200 27
180.152.241.32 - - [10/Jan/2024:07:08:53 +0800] "GET /xingrg/javascript/jquery_easy_ui/themes/default/images/button_plain_hover.png HTTP/1.1" 200 252
180.152.241.32 - - [10/Jan/2024:07:08:54 +0800] "GET /xingrg/kc/base/check_order_list.html?isBack=1 HTTP/1.1" 200 16173
180.152.241.32 - - [10/Jan/2024:07:08:55 +0800] "POST /xingrg/kc/base/check_list_operate.html HTTP/1.1" 200 3801
180.152.241.32 - - [10/Jan/2024:07:08:59 +0800] "GET /xingrg/kc/base/check_order_info.html?code=452024010900057 HTTP/1.1" 200 26516
180.152.241.32 - - [10/Jan/2024:07:08:59 +0800] "GET /xingrg/dwr/interface/AjaxCheckService.js HTTP/1.1" 200 14003
180.152.241.32 - - [10/Jan/2024:07:08:59 +0800] "GET /xingrg/dwr/interface/AjaxComOrderService.js HTTP/1.1" 200 18264
180.152.241.32 - - [10/Jan/2024:07:08:59 +0800] "GET /xingrg/dwr/engine.js HTTP/1.1" 200 43631
180.152.241.32 - - [10/Jan/2024:07:08:59 +0800] "POST /xingrg/dwr/call/plaincall/AjaxCheckService.loadOrderItems.dwr HTTP/1.1" 200 59988
114.95.241.104 - - [10/Jan/2024:07:09:00 +0800] "GET /xingrg/all/function/internal_message.html?_=1704841739254&CODE_STATE=getMsg HTTP/1.1" 200 27
218.81.65.124 - - [10/Jan/2024:07:09:00 +0800] "GET /xingrg/all/function/internal_message.html?_=1704841744493&CODE_STATE=getMsg HTTP/1.1" 302 -
116.228.172.122 - - [10/Jan/2024:07:09:01 +0800] "GET /xingrg/all/function/internal_message.html?_=1704841649710&CODE_STATE=getMsg HTTP/1.1" 200 27
180.152.241.32 - - [10/Jan/2024:07:09:04 +0800] "POST /xingrg/dwr/call/plaincall/AjaxCheckService.setItemNumber.dwr HTTP/1.1" 200 76
180.152.241.32 - - [10/Jan/2024:07:09:05 +0800] "POST /xingrg/dwr/call/plaincall/AjaxCheckService.setItemNumber.dwr HTTP/1.1" 200 76
120.253.135.82 - - [10/Jan/2024:07:09:06 +0800] "GET /xingrg/all/function/internal_message.html?_=1704841566117&CODE_STATE=getMsg HTTP/1.1" 200 27
180.152.241.32 - - [10/Jan/2024:07:09:07 +0800] "GET /xingrg/all/function/internal_message.html?_=1704841747571&CODE_STATE=getMsg HTTP/1.1" 200 27
180.152.241.32 - - [10/Jan/2024:07:09:08 +0800] "POST /xingrg/dwr/call/plaincall/AjaxCheckService.setItemNumber.dwr HTTP/1.1" 200 76
180.152.241.32 - - [10/Jan/2024:07:09:12 +0800] "POST /xingrg/dwr/call/plaincall/AjaxCheckService.setItemNumber.dwr HTTP/1.1" 200 76
180.152.241.32 - - [10/Jan/2024:07:09:15 +0800] "POST /xingrg/dwr/call/plaincall/AjaxCheckService.setItemNumber.dwr HTTP/1.1" 200 76
124.78.68.102 - - [10/Jan/2024:07:09:15 +0800] "GET /xingrg/all/function/internal_message.html?_=1704841755220&CODE_STATE=getMsg HTTP/1.1" 200 27
180.152.241.32 - - [10/Jan/2024:07:09:17 +0800] "POST /xingrg/dwr/call/plaincall/AjaxCheckService.setItemNumber.dwr HTTP/1.1" 200 76
221.239.172.206 - - [10/Jan/2024:07:09:18 +0800] "GET /xingrg/all/function/internal_message.html?_=1704841758108&CODE_STATE=getMsg HTTP/1.1" 200 27
180.152.241.32 - - [10/Jan/2024:07:09:19 +0800] "POST /xingrg/dwr/call/plaincall/AjaxCheckService.setItemNumber.dwr HTTP/1.1" 200 76
180.152.241.32 - - [10/Jan/2024:07:09:22 +0800] "POST /xingrg/dwr/call/plaincall/AjaxCheckService.setItemNumber.dwr HTTP/1.1" 200 76
180.152.241.32 - - [10/Jan/2024:07:09:23 +0800] "POST /xingrg/dwr/call/plaincall/AjaxCheckService.setItemNumber.dwr HTTP/1.1" 200 76
180.152.241.32 - - [10/Jan/2024:07:09:25 +0800] "POST /xingrg/dwr/call/plaincall/AjaxCheckService.setItemNumber.dwr HTTP/1.1" 200 77
114.95.241.104 - - [10/Jan/2024:07:09:25 +0800] "GET /xingrg/all/function/internal_message.html?_=1704841765693&CODE_STATE=getMsg HTTP/1.1" 200 27
114.95.241.104 - - [10/Jan/2024:07:09:25 +0800] "GET /xingrg/check_reg.html?_=1704841765694 HTTP/1.1" 200 22
180.152.241.32 - - [10/Jan/2024:07:09:26 +0800] "POST /xingrg/dwr/call/plaincall/AjaxCheckService.setItemNumber.dwr HTTP/1.1" 200 77
180.152.241.32 - - [10/Jan/2024:07:09:30 +0800] "POST /xingrg/dwr/call/plaincall/AjaxCheckService.setItemNumber.dwr HTTP/1.1" 200 77
180.152.241.32 - - [10/Jan/2024:07:09:33 +0800] "POST /xingrg/dwr/call/plaincall/AjaxCheckService.setItemNumber.dwr HTTP/1.1" 200 77
180.171.56.87 - - [10/Jan/2024:07:09:34 +0800] "GET /xingrg/all/function/internal_message.html?_=1704841777344&CODE_STATE=getMsg HTTP/1.1" 200 27
180.152.241.32 - - [10/Jan/2024:07:09:34 +0800] "POST /xingrg/dwr/call/plaincall/AjaxCheckService.setItemNumber.dwr HTTP/1.1" 200 77
180.152.241.32 - - [10/Jan/2024:07:09:36 +0800] "POST /xingrg/dwr/call/plaincall/AjaxCheckService.setItemNumber.dwr HTTP/1.1" 200 77
222.70.180.200 - - [10/Jan/2024:07:09:36 +0800] "GET /xingrg/all/function/internal_message.html?_=1704841832318&CODE_STATE=getMsg HTTP/1.1" 200 27
180.152.241.32 - - [10/Jan/2024:07:09:39 +0800] "POST /xingrg/dwr/call/plaincall/AjaxCheckService.setItemNumber.dwr HTTP/1.1" 200 77
180.152.241.32 - - [10/Jan/2024:07:09:40 +0800] "POST /xingrg/dwr/call/plaincall/AjaxCheckService.setItemNumber.dwr HTTP/1.1" 200 77
180.152.241.32 - - [10/Jan/2024:07:09:41 +0800] "POST /xingrg/dwr/call/plaincall/AjaxCheckService.setItemNumber.dwr HTTP/1.1" 200 77
180.169.147.146 - - [10/Jan/2024:07:09:44 +0800] "GET /xingrg/all/function/internal_message.html?_=1704841784298&CODE_STATE=getMsg HTTP/1.1" 200 27
180.152.241.32 - - [10/Jan/2024:07:09:45 +0800] "POST /xingrg/dwr/call/plaincall/AjaxCheckService.setItemNumber.dwr HTTP/1.1" 200 77
180.152.241.32 - - [10/Jan/2024:07:09:46 +0800] "POST /xingrg/dwr/call/plaincall/AjaxCheckService.setItemNumber.dwr HTTP/1.1" 200 77
180.152.241.32 - - [10/Jan/2024:07:09:48 +0800] "POST /xingrg/dwr/call/plaincall/AjaxCheckService.setItemNumber.dwr HTTP/1.1" 200 77
180.169.147.146 - - [10/Jan/2024:07:09:52 +0800] "GET /xingrg/all/function/internal_message.html?_=1704841792225&CODE_STATE=getMsg HTTP/1.1" 200 27
180.152.241.32 - - [10/Jan/2024:07:09:52 +0800] "POST /xingrg/dwr/call/plaincall/AjaxCheckService.setItemNumber.dwr HTTP/1.1" 200 77
180.152.241.32 - - [10/Jan/2024:07:09:53 +0800] "POST /xingrg/dwr/call/plaincall/AjaxCheckService.setItemNumber.dwr HTTP/1.1" 200 77
180.152.241.32 - - [10/Jan/2024:07:09:55 +0800] "POST /xingrg/dwr/call/plaincall/AjaxCheckService.setItemNumber.dwr HTTP/1.1" 200 77
180.152.241.32 - - [10/Jan/2024:07:09:57 +0800] "POST /xingrg/dwr/call/plaincall/AjaxCheckService.setItemNumber.dwr HTTP/1.1" 200 77
180.152.241.32 - - [10/Jan/2024:07:09:59 +0800] "POST /xingrg/dwr/call/plaincall/AjaxCheckService.setItemNumber.dwr HTTP/1.1" 200 77
180.152.241.32 - - [10/Jan/2024:07:09:59 +0800] "POST /xingrg/dwr/call/plaincall/AjaxCheckService.setItemNumber.dwr HTTP/1.1" 200 77
114.95.241.104 - - [10/Jan/2024:07:10:00 +0800] "GET /xingrg/all/function/internal_message.html?_=1704841799273&CODE_STATE=getMsg HTTP/1.1" 200 27
218.81.65.124 - - [10/Jan/2024:07:10:00 +0800] "GET /xingrg/all/function/internal_message.html?_=1704841804498&CODE_STATE=getMsg HTTP/1.1" 302 -
116.228.172.122 - - [10/Jan/2024:07:10:01 +0800] "GET /xingrg/all/function/internal_message.html?_=1704841709711&CODE_STATE=getMsg HTTP/1.1" 200 27
116.228.172.122 - - [10/Jan/2024:07:10:01 +0800] "GET /xingrg/check_reg.html?_=1704841709714 HTTP/1.1" 200 22
180.152.241.32 - - [10/Jan/2024:07:10:02 +0800] "POST /xingrg/dwr/call/plaincall/AjaxCheckService.setItemNumber.dwr HTTP/1.1" 200 77
180.152.241.32 - - [10/Jan/2024:07:10:04 +0800] "POST /xingrg/dwr/call/plaincall/AjaxCheckService.setItemNumber.dwr HTTP/1.1" 200 77
120.253.135.82 - - [10/Jan/2024:07:10:06 +0800] "GET /xingrg/all/function/internal_message.html?_=1704841626120&CODE_STATE=getMsg HTTP/1.1" 200 27
180.152.241.32 - - [10/Jan/2024:07:10:07 +0800] "GET /xingrg/all/function/internal_message.html?_=1704841807557&CODE_STATE=getMsg HTTP/1.1" 200 27
180.152.241.32 - - [10/Jan/2024:07:10:11 +0800] "POST /xingrg/dwr/call/plaincall/AjaxCheckService.setItemNumber.dwr HTTP/1.1" 200 77
124.78.68.102 - - [10/Jan/2024:07:10:15 +0800] "GET /xingrg/all/function/internal_message.html?_=1704841815197&CODE_STATE=getMsg HTTP/1.1" 200 27
180.152.241.32 - - [10/Jan/2024:07:10:15 +0800] "POST /xingrg/dwr/call/plaincall/AjaxCheckService.setItemNumber.dwr HTTP/1.1" 200 77
180.152.241.32 - - [10/Jan/2024:07:10:17 +0800] "POST /xingrg/dwr/call/plaincall/AjaxCheckService.setItemNumber.dwr HTTP/1.1" 200 77
221.239.172.206 - - [10/Jan/2024:07:10:18 +0800] "GET /xingrg/all/function/internal_message.html?_=1704841818094&CODE_STATE=getMsg HTTP/1.1" 200 27
180.152.241.32 - - [10/Jan/2024:07:10:18 +0800] "POST /xingrg/dwr/call/plaincall/AjaxCheckService.setItemNumber.dwr HTTP/1.1" 200 77
180.152.241.32 - - [10/Jan/2024:07:10:20 +0800] "POST /xingrg/dwr/call/plaincall/AjaxCheckService.setItemNumber.dwr HTTP/1.1" 200 77
180.152.241.32 - - [10/Jan/2024:07:10:21 +0800] "POST /xingrg/dwr/call/plaincall/AjaxCheckService.setItemNumber.dwr HTTP/1.1" 200 77
180.152.241.32 - - [10/Jan/2024:07:10:24 +0800] "POST /xingrg/dwr/call/plaincall/AjaxCheckService.setItemNumber.dwr HTTP/1.1" 200 77
180.152.241.32 - - [10/Jan/2024:07:10:25 +0800] "POST /xingrg/dwr/call/plaincall/AjaxCheckService.setItemNumber.dwr HTTP/1.1" 200 77
114.95.241.104 - - [10/Jan/2024:07:10:25 +0800] "GET /xingrg/all/function/internal_message.html?_=1704841825687&CODE_STATE=getMsg HTTP/1.1" 200 27
180.152.241.32 - - [10/Jan/2024:07:10:28 +0800] "POST /xingrg/dwr/call/plaincall/AjaxCheckService.setItemNumber.dwr HTTP/1.1" 200 77
180.152.241.32 - - [10/Jan/2024:07:10:34 +0800] "POST /xingrg/dwr/call/plaincall/AjaxCheckService.setItemNumber.dwr HTTP/1.1" 200 77
180.171.56.87 - - [10/Jan/2024:07:10:34 +0800] "GET /xingrg/all/function/internal_message.html?_=1704841837343&CODE_STATE=getMsg HTTP/1.1" 200 27
180.171.56.87 - - [10/Jan/2024:07:10:34 +0800] "GET /xingrg/check_reg.html?_=1704841837349 HTTP/1.1" 200 22
180.152.241.32 - - [10/Jan/2024:07:10:36 +0800] "POST /xingrg/dwr/call/plaincall/AjaxCheckService.setItemNumber.dwr HTTP/1.1" 200 77
222.70.180.200 - - [10/Jan/2024:07:10:36 +0800] "GET /xingrg/all/function/internal_message.html?_=1704841892313&CODE_STATE=getMsg HTTP/1.1" 200 27
180.152.241.32 - - [10/Jan/2024:07:10:39 +0800] "POST /xingrg/dwr/call/plaincall/AjaxCheckService.setItemNumber.dwr HTTP/1.1" 200 77
180.169.147.146 - - [10/Jan/2024:07:10:44 +0800] "GET /xingrg/all/function/internal_message.html?_=1704841844293&CODE_STATE=getMsg HTTP/1.1" 200 27
180.152.241.32 - - [10/Jan/2024:07:10:46 +0800] "POST /xingrg/dwr/call/plaincall/AjaxCheckService.setItemNumber.dwr HTTP/1.1" 200 77
180.152.241.32 - - [10/Jan/2024:07:10:51 +0800] "POST /xingrg/dwr/call/plaincall/AjaxCheckService.setItemNumber.dwr HTTP/1.1" 200 77
180.169.147.146 - - [10/Jan/2024:07:10:52 +0800] "GET /xingrg/all/function/internal_message.html?_=1704841852202&CODE_STATE=getMsg HTTP/1.1" 200 27
180.152.241.32 - - [10/Jan/2024:07:10:55 +0800] "POST /xingrg/dwr/call/plaincall/AjaxCheckService.setItemNumber.dwr HTTP/1.1" 200 77
180.152.241.32 - - [10/Jan/2024:07:10:57 +0800] "POST /xingrg/dwr/call/plaincall/AjaxCheckService.setItemNumber.dwr HTTP/1.1" 200 77
114.95.241.104 - - [10/Jan/2024:07:11:00 +0800] "GET /xingrg/check_reg.html?_=1704841859267 HTTP/1.1" 200 22
114.95.241.104 - - [10/Jan/2024:07:11:00 +0800] "GET /xingrg/all/function/internal_message.html?_=1704841859271&CODE_STATE=getMsg HTTP/1.1" 200 27
218.81.65.124 - - [10/Jan/2024:07:11:00 +0800] "GET /xingrg/all/function/internal_message.html?_=1704841864498&CODE_STATE=getMsg HTTP/1.1" 302 -
180.152.241.32 - - [10/Jan/2024:07:11:00 +0800] "POST /xingrg/dwr/call/plaincall/AjaxCheckService.setItemNumber.dwr HTTP/1.1" 200 77
116.228.172.122 - - [10/Jan/2024:07:11:01 +0800] "GET /xingrg/all/function/internal_message.html?_=1704841769705&CODE_STATE=getMsg HTTP/1.1" 200 27
180.152.241.32 - - [10/Jan/2024:07:11:02 +0800] "POST /xingrg/dwr/call/plaincall/AjaxCheckService.setItemNumber.dwr HTTP/1.1" 200 77
120.253.135.82 - - [10/Jan/2024:07:11:06 +0800] "GET /xingrg/all/function/internal_message.html?_=1704841686373&CODE_STATE=getMsg HTTP/1.1" 200 27
180.152.241.32 - - [10/Jan/2024:07:11:07 +0800] "GET /xingrg/all/function/internal_message.html?_=1704841867569&CODE_STATE=getMsg HTTP/1.1" 200 27
124.78.68.102 - - [10/Jan/2024:07:11:15 +0800] "GET /xingrg/all/function/internal_message.html?_=1704841875174&CODE_STATE=getMsg HTTP/1.1" 200 27
221.239.172.206 - - [10/Jan/2024:07:11:18 +0800] "GET /xingrg/all/function/internal_message.html?_=1704841878079&CODE_STATE=getMsg HTTP/1.1" 200 27
120.253.135.82 - - [10/Jan/2024:07:11:22 +0800] "POST /xingrg/kc/buy/cgsh_order_operate.html HTTP/1.1" 200 37
180.152.241.32 - - [10/Jan/2024:07:11:22 +0800] "POST /xingrg/dwr/call/plaincall/AjaxCheckService.setItemNumber.dwr HTTP/1.1" 200 77
114.95.241.104 - - [10/Jan/2024:07:11:25 +0800] "GET /xingrg/all/function/internal_message.html?_=1704841885727&CODE_STATE=getMsg HTTP/1.1" 200 27
120.253.135.82 - - [10/Jan/2024:07:11:30 +0800] "POST /xingrg/kc/buy/cgsh_order_operate.html HTTP/1.1" 200 12
221.239.172.206 - - [10/Jan/2024:07:11:31 +0800] "GET /xingrg/check_reg.html?_=1704841891513 HTTP/1.1" 200 22
120.253.135.82 - - [10/Jan/2024:07:11:33 +0800] "GET /xingrg/kc/buy/cgsh_order_info.html?code=212024011003636 HTTP/1.1" 200 66871
120.253.135.82 - - [10/Jan/2024:07:11:34 +0800] "GET /xingrg/javascript/easyui/themes/default/validatebox.css HTTP/1.1" 404 1104
180.171.56.87 - - [10/Jan/2024:07:11:34 +0800] "GET /xingrg/all/function/internal_message.html?_=1704841897351&CODE_STATE=getMsg HTTP/1.1" 200 27
120.253.135.82 - - [10/Jan/2024:07:11:35 +0800] "POST /xingrg/kc/buy/cgsh_order_operate.html HTTP/1.1" 200 1867
180.152.241.32 - - [10/Jan/2024:07:11:36 +0800] "POST /xingrg/dwr/call/plaincall/AjaxCheckService.setItemNumber.dwr HTTP/1.1" 200 77
222.70.180.200 - - [10/Jan/2024:07:11:36 +0800] "GET /xingrg/all/function/internal_message.html?_=1704841952290&CODE_STATE=getMsg HTTP/1.1" 200 27
180.152.241.32 - - [10/Jan/2024:07:11:39 +0800] "POST /xingrg/dwr/call/plaincall/AjaxCheckService.setItemNumber.dwr HTTP/1.1" 200 77
120.253.135.82 - - [10/Jan/2024:07:11:39 +0800] "POST /xingrg/kc/buy/cgsh_list_operate.html HTTP/1.1" 200 986
180.152.241.32 - - [10/Jan/2024:07:11:42 +0800] "POST /xingrg/dwr/call/plaincall/AjaxCheckService.setItemNumber.dwr HTTP/1.1" 200 77
120.253.135.82 - - [10/Jan/2024:07:11:44 +0800] "GET /xingrg/kc/buy/cgth_order_list.html HTTP/1.1" 200 56515
180.169.147.146 - - [10/Jan/2024:07:11:44 +0800] "GET /xingrg/all/function/internal_message.html?_=1704841904313&CODE_STATE=getMsg HTTP/1.1" 200 27
120.253.135.82 - - [10/Jan/2024:07:11:45 +0800] "POST /xingrg/kc/buy/cgsh_list_operate.html HTTP/1.1" 200 986
120.253.135.82 - - [10/Jan/2024:07:11:45 +0800] "POST /xingrg/kc/buy/cgth_list_operate.html HTTP/1.1" 200 1035
180.152.241.32 - - [10/Jan/2024:07:11:46 +0800] "POST /xingrg/dwr/call/plaincall/AjaxCheckService.setItemNumber.dwr HTTP/1.1" 200 77
222.70.180.200 - - [10/Jan/2024:07:11:47 +0800] "GET /xingrg/check_reg.html?_=1704841963070 HTTP/1.1" 200 22
120.253.135.82 - - [10/Jan/2024:07:11:49 +0800] "GET /xingrg/kc/buy/cgth_order_add.html HTTP/1.1" 200 74255
120.253.135.82 - - [10/Jan/2024:07:11:49 +0800] "GET /xingrg/dwr/interface/AjaxComOrderService.js HTTP/1.1" 200 18264
120.253.135.82 - - [10/Jan/2024:07:11:49 +0800] "GET /xingrg/dwr/interface/AjaxCgthService.js HTTP/1.1" 200 14519
120.253.135.82 - - [10/Jan/2024:07:11:49 +0800] "GET /xingrg/dwr/engine.js HTTP/1.1" 200 43631
120.253.135.82 - - [10/Jan/2024:07:11:49 +0800] "GET /xingrg/javascript/jquery_easy_ui/themes/icons/edit_add_new.png HTTP/1.1" 304 -
120.253.135.82 - - [10/Jan/2024:07:11:49 +0800] "GET /xingrg/javascript/jquery_easy_ui/themes/icons/cance_new.png HTTP/1.1" 304 -
120.253.135.82 - - [10/Jan/2024:07:11:49 +0800] "GET /xingrg/javascript/jquery_easy_ui/themes/icons/ok.png HTTP/1.1" 304 -
120.253.135.82 - - [10/Jan/2024:07:11:49 +0800] "GET /xingrg/javascript/jquery_easy_ui/themes/default/images/validatebox_warning.png HTTP/1.1" 304 -
120.253.135.82 - - [10/Jan/2024:07:11:49 +0800] "GET /xingrg/javascript/jquery_easy_ui/themes/default/images/validatebox_pointer.gif HTTP/1.1" 304 -
180.152.241.32 - - [10/Jan/2024:07:11:49 +0800] "POST /xingrg/dwr/call/plaincall/AjaxCheckService.setItemNumber.dwr HTTP/1.1" 200 77
120.253.135.82 - - [10/Jan/2024:07:11:49 +0800] "GET /xingrg/images/blue/button/kc_tab_add.gif HTTP/1.1" 304 -
120.253.135.82 - - [10/Jan/2024:07:11:49 +0800] "GET /xingrg/images/blue/button/kc_tab_del.gif HTTP/1.1" 304 -
120.253.135.82 - - [10/Jan/2024:07:11:50 +0800] "POST /xingrg/all/common/load_tree.html?tree=supplier_tree_json&isDelete=1 HTTP/1.1" 200 77165
180.152.241.32 - - [10/Jan/2024:07:11:51 +0800] "POST /xingrg/dwr/call/plaincall/AjaxCheckService.setItemNumber.dwr HTTP/1.1" 200 77
180.169.147.146 - - [10/Jan/2024:07:11:52 +0800] "GET /xingrg/all/function/internal_message.html?_=1704841912218&CODE_STATE=getMsg HTTP/1.1" 200 27
180.152.241.32 - - [10/Jan/2024:07:11:58 +0800] "POST /xingrg/dwr/call/plaincall/AjaxCheckService.setItemNumber.dwr HTTP/1.1" 200 77
114.95.241.104 - - [10/Jan/2024:07:12:00 +0800] "GET /xingrg/all/function/internal_message.html?_=1704841919262&CODE_STATE=getMsg HTTP/1.1" 200 27
218.81.65.124 - - [10/Jan/2024:07:12:00 +0800] "GET /xingrg/all/function/internal_message.html?_=1704841924498&CODE_STATE=getMsg HTTP/1.1" 302 -
180.152.241.32 - - [10/Jan/2024:07:12:00 +0800] "POST /xingrg/dwr/call/plaincall/AjaxCheckService.setItemNumber.dwr HTTP/1.1" 200 77
116.228.172.122 - - [10/Jan/2024:07:12:01 +0800] "GET /xingrg/all/function/internal_message.html?_=1704841829702&CODE_STATE=getMsg HTTP/1.1" 200 27
180.152.241.32 - - [10/Jan/2024:07:12:01 +0800] "POST /xingrg/dwr/call/plaincall/AjaxCheckService.setItemNumber.dwr HTTP/1.1" 200 77
120.253.135.82 - - [10/Jan/2024:07:12:03 +0800] "POST /xingrg/dwr/call/plaincall/AjaxCgthService.saveOrder.dwr HTTP/1.1" 200 78
180.152.241.32 - - [10/Jan/2024:07:12:03 +0800] "POST /xingrg/dwr/call/plaincall/AjaxCheckService.setItemNumber.dwr HTTP/1.1" 200 77
120.253.135.82 - - [10/Jan/2024:07:12:04 +0800] "GET /xingrg/images/yd/bt.gif HTTP/1.1" 404 1040
180.152.241.32 - - [10/Jan/2024:07:12:05 +0800] "POST /xingrg/dwr/call/plaincall/AjaxCheckService.setItemNumber.dwr HTTP/1.1" 200 77
120.253.135.82 - - [10/Jan/2024:07:12:06 +0800] "GET /xingrg/check_reg.html?_=1704841745777 HTTP/1.1" 200 22
120.253.135.82 - - [10/Jan/2024:07:12:06 +0800] "GET /xingrg/all/function/internal_message.html?_=1704841746385&CODE_STATE=getMsg HTTP/1.1" 200 27
180.152.241.32 - - [10/Jan/2024:07:12:07 +0800] "POST /xingrg/dwr/call/plaincall/AjaxCheckService.setItemNumber.dwr HTTP/1.1" 200 77
180.152.241.32 - - [10/Jan/2024:07:12:07 +0800] "GET /xingrg/check_reg.html?_=1704841927562 HTTP/1.1" 200 22
180.152.241.32 - - [10/Jan/2024:07:12:07 +0800] "GET /xingrg/all/function/internal_message.html?_=1704841927565&CODE_STATE=getMsg HTTP/1.1" 200 27
120.253.135.82 - - [10/Jan/2024:07:12:08 +0800] "POST /xingrg/dwr/call/plaincall/AjaxComOrderService.getMaterielSearchList.dwr HTTP/1.1" 200 232451
120.253.135.82 - - [10/Jan/2024:07:12:09 +0800] "POST /xingrg/dwr/call/plaincall/AjaxComOrderService.getMaterielSearchList.dwr HTTP/1.1" 200 9466
120.253.135.82 - - [10/Jan/2024:07:12:10 +0800] "POST /xingrg/dwr/call/plaincall/AjaxComOrderService.getMaterielSearchList.dwr HTTP/1.1" 200 287
180.152.241.32 - - [10/Jan/2024:07:12:10 +0800] "POST /xingrg/dwr/call/plaincall/AjaxCheckService.setItemNumber.dwr HTTP/1.1" 200 77
120.253.135.82 - - [10/Jan/2024:07:12:10 +0800] "POST /xingrg/dwr/call/plaincall/AjaxComOrderService.getMaterielSearchList.dwr HTTP/1.1" 200 287
180.152.241.32 - - [10/Jan/2024:07:12:11 +0800] "POST /xingrg/dwr/call/plaincall/AjaxCheckService.setItemNumber.dwr HTTP/1.1" 200 77
180.152.241.32 - - [10/Jan/2024:07:12:12 +0800] "POST /xingrg/dwr/call/plaincall/AjaxCheckService.setItemNumber.dwr HTTP/1.1" 200 77
180.152.241.32 - - [10/Jan/2024:07:12:14 +0800] "POST /xingrg/dwr/call/plaincall/AjaxCheckService.setItemNumber.dwr HTTP/1.1" 200 77
120.253.135.82 - - [10/Jan/2024:07:12:14 +0800] "POST /xingrg/dwr/call/plaincall/AjaxCgthService.getMaterielByMap.dwr HTTP/1.1" 200 1742
124.78.68.102 - - [10/Jan/2024:07:12:15 +0800] "GET /xingrg/all/function/internal_message.html?_=1704841935149&CODE_STATE=getMsg HTTP/1.1" 200 27
221.239.172.206 - - [10/Jan/2024:07:12:18 +0800] "GET /xingrg/all/function/internal_message.html?_=1704841938064&CODE_STATE=getMsg HTTP/1.1" 200 27
120.253.135.82 - - [10/Jan/2024:07:12:18 +0800] "POST /xingrg/dwr/call/plaincall/AjaxCgthService.saveMaterielItem.dwr HTTP/1.1" 200 78
180.152.241.32 - - [10/Jan/2024:07:12:19 +0800] "POST /xingrg/dwr/call/plaincall/AjaxCheckService.setItemNumber.dwr HTTP/1.1" 200 77
120.253.135.82 - - [10/Jan/2024:07:12:21 +0800] "POST /xingrg/dwr/call/plaincall/AjaxCgthService.saveOrder.dwr HTTP/1.1" 200 78
180.152.241.32 - - [10/Jan/2024:07:12:22 +0800] "POST /xingrg/dwr/call/plaincall/AjaxCheckService.setItemNumber.dwr HTTP/1.1" 200 77
180.152.241.32 - - [10/Jan/2024:07:12:23 +0800] "POST /xingrg/dwr/call/plaincall/AjaxCheckService.setItemNumber.dwr HTTP/1.1" 200 77
180.152.241.32 - - [10/Jan/2024:07:12:25 +0800] "POST /xingrg/dwr/call/plaincall/AjaxCheckService.setItemNumber.dwr HTTP/1.1" 200 77
120.253.135.82 - - [10/Jan/2024:07:12:25 +0800] "GET /xingrg/kc/print/load_config.html?_=1704841765102&kc_code=cgth HTTP/1.1" 200 2458
114.95.241.104 - - [10/Jan/2024:07:12:25 +0800] "GET /xingrg/all/function/internal_message.html?_=1704841945715&CODE_STATE=getMsg HTTP/1.1" 200 27
120.253.135.82 - - [10/Jan/2024:07:12:26 +0800] "GET /xingrg/kc/print/load_data.html?_=1704841765170&order_code=232024011000019&kc_code=cgth&condition= HTTP/1.1" 200 529
124.78.68.102 - - [10/Jan/2024:07:12:28 +0800] "GET /xingrg/check_reg.html?_=1704841948983 HTTP/1.1" 200 22
180.152.241.32 - - [10/Jan/2024:07:12:29 +0800] "POST /xingrg/dwr/call/plaincall/AjaxCheckService.setItemNumber.dwr HTTP/1.1" 200 77
180.152.241.32 - - [10/Jan/2024:07:12:29 +0800] "POST /xingrg/dwr/call/plaincall/AjaxCheckService.setItemNumber.dwr HTTP/1.1" 200 77
180.171.56.87 - - [10/Jan/2024:07:12:34 +0800] "GET /xingrg/all/function/internal_message.html?_=1704841957354&CODE_STATE=getMsg HTTP/1.1" 200 27
180.152.241.32 - - [10/Jan/2024:07:12:35 +0800] "POST /xingrg/dwr/call/plaincall/AjaxCheckService.setItemNumber.dwr HTTP/1.1" 200 77
222.70.180.200 - - [10/Jan/2024:07:12:36 +0800] "GET /xingrg/all/function/internal_message.html?_=1704842012286&CODE_STATE=getMsg HTTP/1.1" 200 27
180.152.241.32 - - [10/Jan/2024:07:12:37 +0800] "POST /xingrg/dwr/call/plaincall/AjaxCheckService.setItemNumber.dwr HTTP/1.1" 200 77
124.79.241.187 - - [10/Jan/2024:07:12:42 +0800] "GET /xingrg/check_reg.html?_=1704841961400 HTTP/1.1" 302 -
180.152.241.32 - - [10/Jan/2024:07:12:42 +0800] "POST /xingrg/dwr/call/plaincall/AjaxCheckService.setItemNumber.dwr HTTP/1.1" 200 77
180.169.147.146 - - [10/Jan/2024:07:12:44 +0800] "GET /xingrg/all/function/internal_message.html?_=1704841964306&CODE_STATE=getMsg HTTP/1.1" 200 27
180.152.241.32 - - [10/Jan/2024:07:12:49 +0800] "POST /xingrg/dwr/call/plaincall/AjaxCheckService.setItemNumber.dwr HTTP/1.1" 200 77
180.152.241.32 - - [10/Jan/2024:07:12:51 +0800] "POST /xingrg/dwr/call/plaincall/AjaxCheckService.setItemNumber.dwr HTTP/1.1" 200 77
180.169.147.146 - - [10/Jan/2024:07:12:52 +0800] "GET /xingrg/all/function/internal_message.html?_=1704841972227&CODE_STATE=getMsg HTTP/1.1" 200 27
180.152.241.32 - - [10/Jan/2024:07:12:59 +0800] "POST /xingrg/dwr/call/plaincall/AjaxCheckService.setItemNumber.dwr HTTP/1.1" 200 77
114.95.241.104 - - [10/Jan/2024:07:13:00 +0800] "GET /xingrg/all/function/internal_message.html?_=1704841979259&CODE_STATE=getMsg HTTP/1.1" 200 27
218.81.65.124 - - [10/Jan/2024:07:13:00 +0800] "GET /xingrg/all/function/internal_message.html?_=1704841984497&CODE_STATE=getMsg HTTP/1.1" 302 -
218.81.65.124 - - [10/Jan/2024:07:13:00 +0800] "GET /xingrg/check_reg.html?_=1704841984499 HTTP/1.1" 302 -
116.228.172.122 - - [10/Jan/2024:07:13:01 +0800] "GET /xingrg/all/function/internal_message.html?_=1704841889706&CODE_STATE=getMsg HTTP/1.1" 200 27
180.152.241.32 - - [10/Jan/2024:07:13:05 +0800] "POST /xingrg/dwr/call/plaincall/AjaxCheckService.setItemNumber.dwr HTTP/1.1" 200 77
120.253.135.82 - - [10/Jan/2024:07:13:06 +0800] "GET /xingrg/all/function/internal_message.html?_=1704841806395&CODE_STATE=getMsg HTTP/1.1" 200 27
180.152.241.32 - - [10/Jan/2024:07:13:07 +0800] "GET /xingrg/all/function/internal_message.html?_=1704841987560&CODE_STATE=getMsg HTTP/1.1" 200 27
180.152.241.32 - - [10/Jan/2024:07:13:08 +0800] "POST /xingrg/dwr/call/plaincall/AjaxCheckService.setItemNumber.dwr HTTP/1.1" 200 77
180.152.241.32 - - [10/Jan/2024:07:13:09 +0800] "POST /xingrg/dwr/call/plaincall/AjaxCheckService.setItemNumber.dwr HTTP/1.1" 200 77
180.152.241.32 - - [10/Jan/2024:07:13:12 +0800] "POST /xingrg/dwr/call/plaincall/AjaxCheckService.setItemNumber.dwr HTTP/1.1" 200 77
180.152.241.32 - - [10/Jan/2024:07:13:12 +0800] "POST /xingrg/dwr/call/plaincall/AjaxCheckService.setItemNumber.dwr HTTP/1.1" 200 77
180.152.241.32 - - [10/Jan/2024:07:13:14 +0800] "POST /xingrg/dwr/call/plaincall/AjaxCheckService.setItemNumber.dwr HTTP/1.1" 200 77
124.78.68.102 - - [10/Jan/2024:07:13:15 +0800] "GET /xingrg/all/function/internal_message.html?_=1704841995128&CODE_STATE=getMsg HTTP/1.1" 200 27
180.152.241.32 - - [10/Jan/2024:07:13:15 +0800] "POST /xingrg/dwr/call/plaincall/AjaxCheckService.setItemNumber.dwr HTTP/1.1" 200 77
221.239.172.206 - - [10/Jan/2024:07:13:18 +0800] "GET /xingrg/all/function/internal_message.html?_=1704841998053&CODE_STATE=getMsg HTTP/1.1" 200 27
180.152.241.32 - - [10/Jan/2024:07:13:18 +0800] "POST /xingrg/dwr/call/plaincall/AjaxCheckService.setItemNumber.dwr HTTP/1.1" 200 77
180.152.241.32 - - [10/Jan/2024:07:13:20 +0800] "POST /xingrg/dwr/call/plaincall/AjaxCheckService.setItemNumber.dwr HTTP/1.1" 200 77
114.95.241.104 - - [10/Jan/2024:07:13:25 +0800] "GET /xingrg/all/function/internal_message.html?_=1704842005722&CODE_STATE=getMsg HTTP/1.1" 200 27
180.152.241.32 - - [10/Jan/2024:07:13:28 +0800] "POST /xingrg/dwr/call/plaincall/AjaxCheckService.setItemNumber.dwr HTTP/1.1" 200 77
180.152.241.32 - - [10/Jan/2024:07:13:30 +0800] "POST /xingrg/dwr/call/plaincall/AjaxCheckService.setItemNumber.dwr HTTP/1.1" 200 77
180.152.241.32 - - [10/Jan/2024:07:13:34 +0800] "POST /xingrg/dwr/call/plaincall/AjaxCheckService.setItemNumber.dwr HTTP/1.1" 200 77
180.171.56.87 - - [10/Jan/2024:07:13:34 +0800] "GET /xingrg/all/function/internal_message.html?_=1704842017354&CODE_STATE=getMsg HTTP/1.1" 200 27
180.152.241.32 - - [10/Jan/2024:07:13:35 +0800] "POST /xingrg/dwr/call/plaincall/AjaxCheckService.setItemNumber.dwr HTTP/1.1" 200 77
222.70.180.200 - - [10/Jan/2024:07:13:36 +0800] "GET /xingrg/all/function/internal_message.html?_=1704842072262&CODE_STATE=getMsg HTTP/1.1" 200 27
180.152.241.32 - - [10/Jan/2024:07:13:38 +0800] "POST /xingrg/dwr/call/plaincall/AjaxCheckService.setItemNumber.dwr HTTP/1.1" 200 77
180.169.147.146 - - [10/Jan/2024:07:13:42 +0800] "GET /xingrg/check_reg.html?_=1704842022148 HTTP/1.1" 200 22
180.152.241.32 - - [10/Jan/2024:07:13:42 +0800] "POST /xingrg/dwr/call/plaincall/AjaxCheckService.setItemNumber.dwr HTTP/1.1" 200 77
180.152.241.32 - - [10/Jan/2024:07:13:43 +0800] "POST /xingrg/dwr/call/plaincall/AjaxCheckService.setItemNumber.dwr HTTP/1.1" 200 77
180.169.147.146 - - [10/Jan/2024:07:13:44 +0800] "GET /xingrg/all/function/internal_message.html?_=1704842024314&CODE_STATE=getMsg HTTP/1.1" 200 27
180.169.147.146 - - [10/Jan/2024:07:13:44 +0800] "GET /xingrg/check_reg.html?_=1704842024320 HTTP/1.1" 200 22
180.152.241.32 - - [10/Jan/2024:07:13:44 +0800] "POST /xingrg/dwr/call/plaincall/AjaxCheckService.setItemNumber.dwr HTTP/1.1" 200 77
180.152.241.32 - - [10/Jan/2024:07:13:50 +0800] "POST /xingrg/dwr/call/plaincall/AjaxCheckService.setItemNumber.dwr HTTP/1.1" 200 77
180.169.147.146 - - [10/Jan/2024:07:13:52 +0800] "GET /xingrg/all/function/internal_message.html?_=1704842032216&CODE_STATE=getMsg HTTP/1.1" 200 27
180.169.147.146 - - [10/Jan/2024:07:13:52 +0800] "GET /xingrg/check_reg.html?_=1704842032212 HTTP/1.1" 200 22
180.152.241.32 - - [10/Jan/2024:07:13:52 +0800] "POST /xingrg/dwr/call/plaincall/AjaxCheckService.setItemNumber.dwr HTTP/1.1" 200 77
114.95.241.104 - - [10/Jan/2024:07:14:00 +0800] "GET /xingrg/all/function/internal_message.html?_=1704842039268&CODE_STATE=getMsg HTTP/1.1" 200 27
218.81.65.124 - - [10/Jan/2024:07:14:00 +0800] "GET /xingrg/all/function/internal_message.html?_=1704842044499&CODE_STATE=getMsg HTTP/1.1" 302 -
116.228.172.122 - - [10/Jan/2024:07:14:01 +0800] "GET /xingrg/all/function/internal_message.html?_=1704841949708&CODE_STATE=getMsg HTTP/1.1" 200 27
180.152.241.32 - - [10/Jan/2024:07:14:02 +0800] "POST /xingrg/dwr/call/plaincall/AjaxCheckService.setItemNumber.dwr HTTP/1.1" 200 77
180.152.241.32 - - [10/Jan/2024:07:14:03 +0800] "POST /xingrg/dwr/call/plaincall/AjaxCheckService.setItemNumber.dwr HTTP/1.1" 200 77
180.152.241.32 - - [10/Jan/2024:07:14:04 +0800] "POST /xingrg/dwr/call/plaincall/AjaxCheckService.setItemNumber.dwr HTTP/1.1" 200 77
180.152.241.32 - - [10/Jan/2024:07:14:06 +0800] "POST /xingrg/dwr/call/plaincall/AjaxCheckService.setItemNumber.dwr HTTP/1.1" 200 77
120.253.135.82 - - [10/Jan/2024:07:14:07 +0800] "GET /xingrg/all/function/internal_message.html?_=1704841866635&CODE_STATE=getMsg HTTP/1.1" 200 27
180.152.241.32 - - [10/Jan/2024:07:14:07 +0800] "GET /xingrg/all/function/internal_message.html?_=1704842047565&CODE_STATE=getMsg HTTP/1.1" 200 27
180.152.241.32 - - [10/Jan/2024:07:14:08 +0800] "POST /xingrg/dwr/call/plaincall/AjaxCheckService.setItemNumber.dwr HTTP/1.1" 200 78
180.152.241.32 - - [10/Jan/2024:07:14:12 +0800] "POST /xingrg/dwr/call/plaincall/AjaxCheckService.setItemNumber.dwr HTTP/1.1" 200 78
180.152.241.32 - - [10/Jan/2024:07:14:13 +0800] "POST /xingrg/dwr/call/plaincall/AjaxCheckService.setItemNumber.dwr HTTP/1.1" 200 78
180.152.241.32 - - [10/Jan/2024:07:14:14 +0800] "POST /xingrg/dwr/call/plaincall/AjaxCheckService.setItemNumber.dwr HTTP/1.1" 200 78
124.78.68.102 - - [10/Jan/2024:07:14:15 +0800] "GET /xingrg/all/function/internal_message.html?_=1704842055115&CODE_STATE=getMsg HTTP/1.1" 200 27
221.239.172.206 - - [10/Jan/2024:07:14:18 +0800] "GET /xingrg/all/function/internal_message.html?_=1704842058037&CODE_STATE=getMsg HTTP/1.1" 200 27
120.253.135.82 - - [10/Jan/2024:07:14:19 +0800] "POST /xingrg/dwr/call/plaincall/AjaxCgthService.checkOrder.dwr HTTP/1.1" 200 78
120.253.135.82 - - [10/Jan/2024:07:14:22 +0800] "GET /xingrg/kc/buy/cgth_order_info.html?code=232024011000019&part=buyck HTTP/1.1" 200 72132
120.253.135.82 - - [10/Jan/2024:07:14:22 +0800] "GET /xingrg/dwr/engine.js HTTP/1.1" 200 43631
120.253.135.82 - - [10/Jan/2024:07:14:22 +0800] "GET /xingrg/dwr/interface/AjaxComOrderService.js HTTP/1.1" 200 18264
120.253.135.82 - - [10/Jan/2024:07:14:22 +0800] "GET /xingrg/dwr/interface/AjaxCgthService.js HTTP/1.1" 200 14519
120.253.135.82 - - [10/Jan/2024:07:14:25 +0800] "POST /xingrg/all/common/load_tree.html?tree=supplier_tree_json&isDelete=1 HTTP/1.1" 200 77165
114.95.241.104 - - [10/Jan/2024:07:14:25 +0800] "GET /xingrg/check_reg.html?_=1704842065709 HTTP/1.1" 200 22
114.95.241.104 - - [10/Jan/2024:07:14:25 +0800] "GET /xingrg/all/function/internal_message.html?_=1704842065710&CODE_STATE=getMsg HTTP/1.1" 200 27
120.253.135.82 - - [10/Jan/2024:07:14:26 +0800] "POST /xingrg/dwr/call/plaincall/AjaxCgthService.loadMaterielItems.dwr HTTP/1.1" 200 795
120.253.135.82 - - [10/Jan/2024:07:14:30 +0800] "GET /xingrg/kc/buy/cgth_order_list.html?isBack=1 HTTP/1.1" 200 56515
120.253.135.82 - - [10/Jan/2024:07:14:32 +0800] "POST /xingrg/kc/buy/cgth_list_operate.html HTTP/1.1" 200 1035
180.171.56.87 - - [10/Jan/2024:07:14:34 +0800] "GET /xingrg/all/function/internal_message.html?_=1704842077356&CODE_STATE=getMsg HTTP/1.1" 200 27
120.253.135.82 - - [10/Jan/2024:07:14:34 +0800] "GET /xingrg/kc/buy/cgth_order_add.html HTTP/1.1" 200 74255
120.253.135.82 - - [10/Jan/2024:07:14:34 +0800] "GET /xingrg/dwr/interface/AjaxCgthService.js HTTP/1.1" 200 14519
120.253.135.82 - - [10/Jan/2024:07:14:34 +0800] "GET /xingrg/dwr/interface/AjaxComOrderService.js HTTP/1.1" 200 18264
120.253.135.82 - - [10/Jan/2024:07:14:34 +0800] "GET /xingrg/dwr/engine.js HTTP/1.1" 200 43631
120.253.135.82 - - [10/Jan/2024:07:14:35 +0800] "POST /xingrg/all/common/load_tree.html?tree=supplier_tree_json&isDelete=1 HTTP/1.1" 200 77165
222.70.180.200 - - [10/Jan/2024:07:14:36 +0800] "GET /xingrg/all/function/internal_message.html?_=1704842132240&CODE_STATE=getMsg HTTP/1.1" 200 27
180.169.147.146 - - [10/Jan/2024:07:14:44 +0800] "GET /xingrg/all/function/internal_message.html?_=1704842084292&CODE_STATE=getMsg HTTP/1.1" 200 27
180.169.147.146 - - [10/Jan/2024:07:14:52 +0800] "GET /xingrg/all/function/internal_message.html?_=1704842092218&CODE_STATE=getMsg HTTP/1.1" 200 27
120.253.135.82 - - [10/Jan/2024:07:14:53 +0800] "POST /xingrg/dwr/call/plaincall/AjaxCgthService.saveOrder.dwr HTTP/1.1" 200 78
120.253.135.82 - - [10/Jan/2024:07:14:54 +0800] "GET /xingrg/images/yd/bt.gif HTTP/1.1" 404 1040
120.253.135.82 - - [10/Jan/2024:07:14:58 +0800] "POST /xingrg/dwr/call/plaincall/AjaxComOrderService.getMaterielSearchList.dwr HTTP/1.1" 200 321215
120.253.135.82 - - [10/Jan/2024:07:14:59 +0800] "POST /xingrg/dwr/call/plaincall/AjaxComOrderService.getMaterielSearchList.dwr HTTP/1.1" 200 16483
114.95.241.104 - - [10/Jan/2024:07:15:00 +0800] "GET /xingrg/all/function/internal_message.html?_=1704842099261&CODE_STATE=getMsg HTTP/1.1" 200 27
120.253.135.82 - - [10/Jan/2024:07:15:00 +0800] "POST /xingrg/dwr/call/plaincall/AjaxComOrderService.getMaterielSearchList.dwr HTTP/1.1" 200 1498
