180.152.241.32 - - [10/Jan/2024:09:27:53 +0800] "POST /xingrg/kc/buy/cgsh_order_operate.html HTTP/1.1" 200 8245
180.152.241.32 - - [10/Jan/2024:09:27:53 +0800] "GET /xingrg/javascript/easyui/themes/default/validatebox.css HTTP/1.1" 404 1104
124.77.242.64 - - [10/Jan/2024:09:27:57 +0800] "GET /xingrg/kc/base/wldb_order_operate.html?command=get_materiel&rest_code=00146&base_code=0010063&code=00101019238 HTTP/1.1" 200 466
222.70.180.200 - - [10/Jan/2024:09:27:59 +0800] "POST /xingrg/kc/buy/cgsh_order_operate.html HTTP/1.1" 200 12
218.81.65.124 - - [10/Jan/2024:09:28:00 +0800] "GET /xingrg/all/function/internal_message.html?_=1704850084826&CODE_STATE=getMsg HTTP/1.1" 302 -
218.81.65.124 - - [10/Jan/2024:09:28:00 +0800] "GET /xingrg/check_reg.html?_=1704850084829 HTTP/1.1" 302 -
116.228.172.122 - - [10/Jan/2024:09:28:01 +0800] "GET /xingrg/all/function/internal_message.html?_=1704849989715&CODE_STATE=getMsg HTTP/1.1" 200 27
222.70.180.200 - - [10/Jan/2024:09:28:01 +0800] "GET /xingrg/kc/buy/cgsh_order_info.html?code=212024011003663 HTTP/1.1" 200 67759
222.70.180.200 - - [10/Jan/2024:09:28:02 +0800] "GET /xingrg/javascript/easyui/themes/default/validatebox.css HTTP/1.1" 404 1104
222.70.180.200 - - [10/Jan/2024:09:28:03 +0800] "POST /xingrg/kc/buy/cgsh_order_operate.html HTTP/1.1" 200 31896
124.77.242.64 - - [10/Jan/2024:09:28:08 +0800] "GET /xingrg/kc/base/wldb_order_operate.html?command=get_materiel&rest_code=00146&base_code=0010063&code=00101016094 HTTP/1.1" 200 469
222.70.180.200 - - [10/Jan/2024:09:28:09 +0800] "GET /xingrg/kc/print/load_data.html?order_code=212024011003663&kc_code=cgsh&condition= HTTP/1.1" 200 12537
124.77.242.64 - - [10/Jan/2024:09:28:10 +0800] "GET /xingrg/all/function/internal_message.html?_=1704850086527&CODE_STATE=getMsg HTTP/1.1" 200 27
114.95.241.104 - - [10/Jan/2024:09:28:11 +0800] "GET /xingrg/all/function/internal_message.html?_=1704850090657&CODE_STATE=getMsg HTTP/1.1" 200 27
124.78.68.102 - - [10/Jan/2024:09:28:12 +0800] "GET /xingrg/all/function/internal_message.html?_=1704850092631&CODE_STATE=getMsg HTTP/1.1" 200 27
124.78.68.102 - - [10/Jan/2024:09:28:14 +0800] "GET /xingrg/kc/buy/cgsh_order_operate.html?command=get_materiel&rest_code=00141&code=00101008131&supplier_code=00100007&order_time=2024-01-10 HTTP/1.1" 200 408
101.83.145.37 - - [10/Jan/2024:09:28:14 +0800] "GET /xingrg/all/function/internal_message.html?_=1704850094534&CODE_STATE=getMsg HTTP/1.1" 200 27
221.239.172.206 - - [10/Jan/2024:09:28:15 +0800] "GET /xingrg/all/function/internal_message.html?_=1704850095587&CODE_STATE=getMsg HTTP/1.1" 200 27
116.232.193.168 - - [10/Jan/2024:09:28:16 +0800] "GET /xingrg/all/function/internal_message.html?_=1704850042957&CODE_STATE=getMsg HTTP/1.1" 200 27
180.164.1.25 - - [10/Jan/2024:09:28:16 +0800] "GET /xingrg/all/function/internal_message.html?_=1704850096047&CODE_STATE=getMsg HTTP/1.1" 200 27
222.70.180.200 - - [10/Jan/2024:09:28:17 +0800] "GET /xingrg/kc/buy/cgsh_order_add.html HTTP/1.1" 200 72850
222.70.180.200 - - [10/Jan/2024:09:28:18 +0800] "POST /xingrg/kc/buy/cgsh_order_operate.html HTTP/1.1" 200 8245
222.70.180.200 - - [10/Jan/2024:09:28:18 +0800] "GET /xingrg/javascript/easyui/themes/default/validatebox.css HTTP/1.1" 404 1104
124.77.242.64 - - [10/Jan/2024:09:28:18 +0800] "GET /xingrg/kc/base/wldb_order_operate.html?command=get_materiel&rest_code=00146&base_code=0010063&code=00101019243 HTTP/1.1" 200 465
124.78.68.102 - - [10/Jan/2024:09:28:25 +0800] "GET /xingrg/kc/buy/cgsh_order_operate.html?command=get_materiel&rest_code=00141&code=00101008318&supplier_code=00100007&order_time=2024-01-10 HTTP/1.1" 200 408
124.77.242.64 - - [10/Jan/2024:09:28:26 +0800] "GET /xingrg/kc/base/wldb_order_operate.html?command=get_materiel&rest_code=00146&base_code=0010063&code=00101019527 HTTP/1.1" 200 474
222.69.132.210 - - [10/Jan/2024:09:28:29 +0800] "GET /xingrg/all/function/internal_message.html?_=1704850110329&CODE_STATE=getMsg HTTP/1.1" 200 27
222.70.180.200 - - [10/Jan/2024:09:28:31 +0800] "GET /xingrg/kc/buy/cgsh_order_operate.html?command=get_materiel&rest_code=00111&code=00101012029&supplier_code=00100037&order_time=2024-01-10 HTTP/1.1" 200 432
222.70.180.200 - - [10/Jan/2024:09:28:34 +0800] "GET /xingrg/all/function/internal_message.html?_=1704850169869&CODE_STATE=getMsg HTTP/1.1" 200 27
180.171.56.87 - - [10/Jan/2024:09:28:34 +0800] "GET /xingrg/all/function/internal_message.html?_=1704850117525&CODE_STATE=getMsg HTTP/1.1" 200 27
124.78.68.102 - - [10/Jan/2024:09:28:34 +0800] "GET /xingrg/kc/buy/cgsh_order_operate.html?command=get_materiel&rest_code=00141&code=00101008353&supplier_code=00100007&order_time=2024-01-10 HTTP/1.1" 200 429
124.77.242.64 - - [10/Jan/2024:09:28:36 +0800] "GET /xingrg/kc/base/wldb_order_operate.html?command=get_materiel&rest_code=00146&base_code=0010063&code=00101019108 HTTP/1.1" 200 477
101.83.145.37 - - [10/Jan/2024:09:28:38 +0800] "GET /xingrg/all/function/internal_message.html?_=1704849885282&CODE_STATE=getMsg HTTP/1.1" 200 27
101.83.145.37 - - [10/Jan/2024:09:28:38 +0800] "GET /xingrg/check_reg.html?_=1704849885364 HTTP/1.1" 200 22
120.253.135.82 - - [10/Jan/2024:09:28:40 +0800] "GET /xingrg/all/function/internal_message.html?_=1704849939728&CODE_STATE=getMsg HTTP/1.1" 200 27
114.95.241.104 - - [10/Jan/2024:09:28:42 +0800] "GET /xingrg/all/function/internal_message.html?_=1704850122356&CODE_STATE=getMsg HTTP/1.1" 200 27
222.70.180.200 - - [10/Jan/2024:09:28:44 +0800] "GET /xingrg/kc/buy/cgsh_order_operate.html?command=get_materiel&rest_code=00111&code=00101012051&supplier_code=00100037&order_time=2024-01-10 HTTP/1.1" 200 408
124.78.68.102 - - [10/Jan/2024:09:28:46 +0800] "GET /xingrg/kc/buy/cgsh_order_operate.html?command=get_materiel&rest_code=00141&code=00101008213&supplier_code=00100007&order_time=2024-01-10 HTTP/1.1" 200 412
124.77.242.64 - - [10/Jan/2024:09:28:49 +0800] "GET /xingrg/kc/base/wldb_order_operate.html?command=get_materiel&rest_code=00146&base_code=0010063&code=00101016001 HTTP/1.1" 200 458
222.70.115.1 - - [10/Jan/2024:09:28:50 +0800] "GET /xingrg/all/function/internal_message.html?_=1704850133928&CODE_STATE=getMsg HTTP/1.1" 200 27
222.70.115.1 - - [10/Jan/2024:09:28:50 +0800] "GET /xingrg/check_reg.html?_=1704850133930 HTTP/1.1" 200 22
114.83.220.79 - - [10/Jan/2024:09:28:50 +0800] "GET /xingrg/all/function/internal_message.html?_=1704850129527&CODE_STATE=getMsg HTTP/1.1" 200 27
222.70.180.200 - - [10/Jan/2024:09:28:52 +0800] "GET /xingrg/all/function/internal_message.html?_=1704850130842&CODE_STATE=getMsg HTTP/1.1" 200 27
124.78.68.102 - - [10/Jan/2024:09:28:57 +0800] "GET /xingrg/kc/buy/cgsh_order_operate.html?command=get_materiel&rest_code=00141&code=00101008078&supplier_code=00100007&order_time=2024-01-10 HTTP/1.1" 200 416
222.70.180.200 - - [10/Jan/2024:09:28:58 +0800] "GET /xingrg/kc/buy/cgsh_order_operate.html?command=get_materiel&rest_code=00111&code=00101020115&supplier_code=00100037&order_time=2024-01-10 HTTP/1.1" 200 409
218.81.65.124 - - [10/Jan/2024:09:29:00 +0800] "GET /xingrg/all/function/internal_message.html?_=1704850144814&CODE_STATE=getMsg HTTP/1.1" 302 -
116.228.172.122 - - [10/Jan/2024:09:29:01 +0800] "GET /xingrg/all/function/internal_message.html?_=1704850049717&CODE_STATE=getMsg HTTP/1.1" 200 27
180.152.241.32 - - [10/Jan/2024:09:29:03 +0800] "GET /xingrg/javascript/easyui/themes/default/tree.css HTTP/1.1" 404 1090
180.152.241.32 - - [10/Jan/2024:09:29:04 +0800] "POST /xingrg/all/common/load_tree.html?tree=supplier_tree_json&isDelete=1 HTTP/1.1" 200 77165
124.78.68.102 - - [10/Jan/2024:09:29:06 +0800] "GET /xingrg/kc/buy/cgsh_order_operate.html?command=get_materiel&rest_code=00141&code=00101008037&supplier_code=00100007&order_time=2024-01-10 HTTP/1.1" 200 413
124.77.242.64 - - [10/Jan/2024:09:29:07 +0800] "POST /xingrg/kc/base/wldb_order_operate.html HTTP/1.1" 200 37
124.78.68.102 - - [10/Jan/2024:09:29:08 +0800] "POST /xingrg/kc/buy/cgsh_order_operate.html HTTP/1.1" 200 2065
124.77.242.64 - - [10/Jan/2024:09:29:10 +0800] "GET /xingrg/all/function/internal_message.html?_=1704850150430&CODE_STATE=getMsg HTTP/1.1" 200 27
114.95.241.104 - - [10/Jan/2024:09:29:11 +0800] "GET /xingrg/all/function/internal_message.html?_=1704850150647&CODE_STATE=getMsg HTTP/1.1" 200 27
114.95.241.104 - - [10/Jan/2024:09:29:11 +0800] "GET /xingrg/check_reg.html?_=1704850150651 HTTP/1.1" 200 22
124.78.68.102 - - [10/Jan/2024:09:29:12 +0800] "GET /xingrg/all/function/internal_message.html?_=1704850152635&CODE_STATE=getMsg HTTP/1.1" 200 27
101.83.145.37 - - [10/Jan/2024:09:29:14 +0800] "GET /xingrg/all/function/internal_message.html?_=1704850154520&CODE_STATE=getMsg HTTP/1.1" 200 27
124.77.242.64 - - [10/Jan/2024:09:29:14 +0800] "POST /xingrg/kc/base/wldb_order_operate.html HTTP/1.1" 200 12
124.77.242.64 - - [10/Jan/2024:09:29:14 +0800] "POST /xingrg/kc/base/wldb_order_operate.html HTTP/1.1" 200 7711
221.239.172.206 - - [10/Jan/2024:09:29:15 +0800] "GET /xingrg/all/function/internal_message.html?_=1704850155571&CODE_STATE=getMsg HTTP/1.1" 200 27
124.78.68.102 - - [10/Jan/2024:09:29:16 +0800] "GET /xingrg/kc/buy/cgsh_order_operate.html?command=get_materiel&rest_code=00141&code=00101008091&supplier_code=00100007&order_time=2024-01-10 HTTP/1.1" 200 413
124.77.242.64 - - [10/Jan/2024:09:29:16 +0800] "GET /xingrg/kc/base/wldb_order_info.html?code=422024011000960 HTTP/1.1" 200 26270
116.232.193.168 - - [10/Jan/2024:09:29:16 +0800] "GET /xingrg/all/function/internal_message.html?_=1704850102953&CODE_STATE=getMsg HTTP/1.1" 200 27
124.77.242.64 - - [10/Jan/2024:09:29:16 +0800] "GET /xingrg/javascript/easyui/themes/default/validatebox.css HTTP/1.1" 404 1104
180.164.1.25 - - [10/Jan/2024:09:29:16 +0800] "GET /xingrg/all/function/internal_message.html?_=1704850156041&CODE_STATE=getMsg HTTP/1.1" 200 27
180.164.1.25 - - [10/Jan/2024:09:29:16 +0800] "GET /xingrg/check_reg.html?_=1704850156042 HTTP/1.1" 200 22
124.77.242.64 - - [10/Jan/2024:09:29:16 +0800] "POST /xingrg/kc/base/wldb_order_operate.html HTTP/1.1" 200 5882
124.77.242.64 - - [10/Jan/2024:09:29:24 +0800] "GET /xingrg/kc/base/wldb_order_add.html HTTP/1.1" 200 30391
124.77.242.64 - - [10/Jan/2024:09:29:24 +0800] "POST /xingrg/kc/base/wldb_order_operate.html HTTP/1.1" 200 6806
124.77.242.64 - - [10/Jan/2024:09:29:25 +0800] "GET /xingrg/javascript/easyui/themes/default/validatebox.css HTTP/1.1" 404 1104
124.78.68.102 - - [10/Jan/2024:09:29:27 +0800] "GET /xingrg/kc/buy/cgsh_order_operate.html?command=get_materiel&rest_code=00141&code=00101008275&supplier_code=00100007&order_time=2024-01-10 HTTP/1.1" 200 416
222.70.180.200 - - [10/Jan/2024:09:29:27 +0800] "GET /xingrg/kc/buy/cgsh_order_operate.html?command=get_materiel&rest_code=00111&code=00101007109&supplier_code=00100037&order_time=2024-01-10 HTTP/1.1" 200 429
222.69.132.210 - - [10/Jan/2024:09:29:29 +0800] "GET /xingrg/all/function/internal_message.html?_=1704850170329&CODE_STATE=getMsg HTTP/1.1" 200 27
222.70.180.200 - - [10/Jan/2024:09:29:34 +0800] "GET /xingrg/all/function/internal_message.html?_=1704850229853&CODE_STATE=getMsg HTTP/1.1" 200 27
180.171.56.87 - - [10/Jan/2024:09:29:34 +0800] "GET /xingrg/all/function/internal_message.html?_=1704850177512&CODE_STATE=getMsg HTTP/1.1" 200 27
124.78.68.102 - - [10/Jan/2024:09:29:37 +0800] "GET /xingrg/kc/buy/cgsh_order_operate.html?command=get_materiel&rest_code=00141&code=00101008368&supplier_code=00100007&order_time=2024-01-10 HTTP/1.1" 200 408
101.83.145.37 - - [10/Jan/2024:09:29:38 +0800] "GET /xingrg/all/function/internal_message.html?_=1704849945286&CODE_STATE=getMsg HTTP/1.1" 200 27
120.253.135.82 - - [10/Jan/2024:09:29:40 +0800] "GET /xingrg/all/function/internal_message.html?_=1704849999739&CODE_STATE=getMsg HTTP/1.1" 200 27
222.70.180.200 - - [10/Jan/2024:09:29:41 +0800] "GET /xingrg/kc/buy/cgsh_order_operate.html?command=get_materiel&rest_code=00111&code=00101040102&supplier_code=00100037&order_time=2024-01-10 HTTP/1.1" 200 412
114.95.241.104 - - [10/Jan/2024:09:29:42 +0800] "GET /xingrg/all/function/internal_message.html?_=1704850182352&CODE_STATE=getMsg HTTP/1.1" 200 27
124.78.68.102 - - [10/Jan/2024:09:29:48 +0800] "GET /xingrg/kc/buy/cgsh_order_operate.html?command=get_materiel&rest_code=00141&code=00101008350&supplier_code=00100007&order_time=2024-01-10 HTTP/1.1" 200 408
222.70.115.1 - - [10/Jan/2024:09:29:50 +0800] "GET /xingrg/all/function/internal_message.html?_=1704850193928&CODE_STATE=getMsg HTTP/1.1" 200 27
114.83.220.79 - - [10/Jan/2024:09:29:50 +0800] "GET /xingrg/all/function/internal_message.html?_=1704850189497&CODE_STATE=getMsg HTTP/1.1" 200 27
222.70.180.200 - - [10/Jan/2024:09:29:51 +0800] "GET /xingrg/all/function/internal_message.html?_=1704850190819&CODE_STATE=getMsg HTTP/1.1" 200 27
218.81.65.124 - - [10/Jan/2024:09:30:00 +0800] "GET /xingrg/all/function/internal_message.html?_=1704850204814&CODE_STATE=getMsg HTTP/1.1" 302 -
116.228.172.122 - - [10/Jan/2024:09:30:01 +0800] "GET /xingrg/check_reg.html?_=1704850109706 HTTP/1.1" 200 22
116.228.172.122 - - [10/Jan/2024:09:30:01 +0800] "GET /xingrg/all/function/internal_message.html?_=1704850109708&CODE_STATE=getMsg HTTP/1.1" 200 27
222.70.180.200 - - [10/Jan/2024:09:30:05 +0800] "GET /xingrg/kc/buy/cgsh_order_operate.html?command=get_materiel&rest_code=00111&code=00101012025&supplier_code=00100037&order_time=2024-01-10 HTTP/1.1" 200 412
180.152.241.32 - - [10/Jan/2024:09:30:10 +0800] "GET /xingrg/kc/buy/cgsh_order_operate.html?command=get_materiel&rest_code=00102&code=00101009062&supplier_code=00100022&order_time=2024-01-10 HTTP/1.1" 200 413
124.77.242.64 - - [10/Jan/2024:09:30:10 +0800] "GET /xingrg/check_reg.html?_=1704850210381 HTTP/1.1" 200 22
124.77.242.64 - - [10/Jan/2024:09:30:10 +0800] "GET /xingrg/all/function/internal_message.html?_=1704850210467&CODE_STATE=getMsg HTTP/1.1" 200 27
114.95.241.104 - - [10/Jan/2024:09:30:11 +0800] "GET /xingrg/all/function/internal_message.html?_=1704850210656&CODE_STATE=getMsg HTTP/1.1" 200 27
124.78.68.102 - - [10/Jan/2024:09:30:12 +0800] "GET /xingrg/all/function/internal_message.html?_=1704850212586&CODE_STATE=getMsg HTTP/1.1" 200 27
124.78.68.102 - - [10/Jan/2024:09:30:13 +0800] "POST /xingrg/kc/buy/cgsh_order_operate.html HTTP/1.1" 200 2065
101.83.145.37 - - [10/Jan/2024:09:30:14 +0800] "GET /xingrg/all/function/internal_message.html?_=1704850214521&CODE_STATE=getMsg HTTP/1.1" 200 27
221.239.172.206 - - [10/Jan/2024:09:30:15 +0800] "GET /xingrg/all/function/internal_message.html?_=1704850215542&CODE_STATE=getMsg HTTP/1.1" 200 27
116.232.193.168 - - [10/Jan/2024:09:30:16 +0800] "GET /xingrg/all/function/internal_message.html?_=1704850162946&CODE_STATE=getMsg HTTP/1.1" 200 27
180.164.1.25 - - [10/Jan/2024:09:30:16 +0800] "GET /xingrg/all/function/internal_message.html?_=1704850216044&CODE_STATE=getMsg HTTP/1.1" 200 27
180.152.241.32 - - [10/Jan/2024:09:30:24 +0800] "GET /xingrg/kc/buy/cgsh_order_operate.html?command=get_materiel&rest_code=00102&code=00101009011&supplier_code=00100022&order_time=2024-01-10 HTTP/1.1" 200 417
222.69.132.210 - - [10/Jan/2024:09:30:29 +0800] "GET /xingrg/check_reg.html?_=1704850230325 HTTP/1.1" 200 22
222.69.132.210 - - [10/Jan/2024:09:30:29 +0800] "GET /xingrg/all/function/internal_message.html?_=1704850230328&CODE_STATE=getMsg HTTP/1.1" 200 27
114.83.220.79 - - [10/Jan/2024:09:30:30 +0800] "POST /xingrg/services/DataTransmitService HTTP/1.1" 200 524
222.70.180.200 - - [10/Jan/2024:09:30:34 +0800] "GET /xingrg/all/function/internal_message.html?_=1704850289831&CODE_STATE=getMsg HTTP/1.1" 200 27
180.171.56.87 - - [10/Jan/2024:09:30:34 +0800] "GET /xingrg/all/function/internal_message.html?_=1704850237518&CODE_STATE=getMsg HTTP/1.1" 200 27
180.171.56.87 - - [10/Jan/2024:09:30:34 +0800] "GET /xingrg/check_reg.html?_=1704850237519 HTTP/1.1" 200 22
124.78.68.102 - - [10/Jan/2024:09:30:35 +0800] "GET /xingrg/kc/buy/cgsh_order_operate.html?command=get_materiel&rest_code=00141&code=00101008119&supplier_code=00100007&order_time=2024-01-10 HTTP/1.1" 200 412
222.70.180.200 - - [10/Jan/2024:09:30:35 +0800] "GET /xingrg/kc/buy/cgsh_order_operate.html?command=get_materiel&rest_code=00111&code=00101009113&supplier_code=00100037&order_time=2024-01-10 HTTP/1.1" 200 413
101.83.145.37 - - [10/Jan/2024:09:30:38 +0800] "GET /xingrg/all/function/internal_message.html?_=1704850005286&CODE_STATE=getMsg HTTP/1.1" 200 27
120.253.135.82 - - [10/Jan/2024:09:30:40 +0800] "GET /xingrg/all/function/internal_message.html?_=1704850059805&CODE_STATE=getMsg HTTP/1.1" 200 27
114.95.241.104 - - [10/Jan/2024:09:30:42 +0800] "GET /xingrg/all/function/internal_message.html?_=1704850242353&CODE_STATE=getMsg HTTP/1.1" 200 27
124.77.242.64 - - [10/Jan/2024:09:30:43 +0800] "POST /xingrg/kc/base/wldb_order_operate.html HTTP/1.1" 200 37
124.78.68.102 - - [10/Jan/2024:09:30:45 +0800] "GET /xingrg/kc/buy/cgsh_order_operate.html?command=get_materiel&rest_code=00141&code=00101008095&supplier_code=00100007&order_time=2024-01-10 HTTP/1.1" 200 412
114.83.220.79 - - [10/Jan/2024:09:30:49 +0800] "GET /xingrg/check_reg.html?_=1704850248286 HTTP/1.1" 200 22
222.70.180.200 - - [10/Jan/2024:09:30:49 +0800] "GET /xingrg/kc/buy/cgsh_order_operate.html?command=get_materiel&rest_code=00111&code=00101009079&supplier_code=00100037&order_time=2024-01-10 HTTP/1.1" 200 409
124.77.242.64 - - [10/Jan/2024:09:30:49 +0800] "POST /xingrg/kc/base/wldb_order_operate.html HTTP/1.1" 200 12
124.77.242.64 - - [10/Jan/2024:09:30:49 +0800] "POST /xingrg/kc/base/wldb_order_operate.html HTTP/1.1" 200 2213
222.70.115.1 - - [10/Jan/2024:09:30:50 +0800] "GET /xingrg/all/function/internal_message.html?_=1704850253929&CODE_STATE=getMsg HTTP/1.1" 200 27
114.83.220.79 - - [10/Jan/2024:09:30:50 +0800] "GET /xingrg/all/function/internal_message.html?_=1704850249475&CODE_STATE=getMsg HTTP/1.1" 200 27
124.77.242.64 - - [10/Jan/2024:09:30:51 +0800] "GET /xingrg/kc/base/wldb_order_info.html?code=422024011000961 HTTP/1.1" 200 26270
124.77.242.64 - - [10/Jan/2024:09:30:51 +0800] "GET /xingrg/javascript/easyui/themes/default/validatebox.css HTTP/1.1" 404 1104
124.77.242.64 - - [10/Jan/2024:09:30:51 +0800] "POST /xingrg/kc/base/wldb_order_operate.html HTTP/1.1" 200 508
222.70.180.200 - - [10/Jan/2024:09:30:51 +0800] "GET /xingrg/all/function/internal_message.html?_=1704850250797&CODE_STATE=getMsg HTTP/1.1" 200 27
124.78.68.102 - - [10/Jan/2024:09:30:54 +0800] "GET /xingrg/kc/buy/cgsh_order_operate.html?command=get_materiel&rest_code=00141&code=00101008038&supplier_code=00100007&order_time=2024-01-10 HTTP/1.1" 200 412
124.77.242.64 - - [10/Jan/2024:09:30:57 +0800] "GET /xingrg/kc/base/wldb_order_add.html HTTP/1.1" 200 30391
222.70.180.200 - - [10/Jan/2024:09:30:57 +0800] "GET /xingrg/kc/buy/cgsh_order_operate.html?command=get_materiel&rest_code=00111&code=00101008509&supplier_code=00100037&order_time=2024-01-10 HTTP/1.1" 200 409
124.77.242.64 - - [10/Jan/2024:09:30:58 +0800] "POST /xingrg/kc/base/wldb_order_operate.html HTTP/1.1" 200 6806
124.77.242.64 - - [10/Jan/2024:09:30:58 +0800] "GET /xingrg/javascript/easyui/themes/default/validatebox.css HTTP/1.1" 404 1104
218.81.65.124 - - [10/Jan/2024:09:31:00 +0800] "GET /xingrg/all/function/internal_message.html?_=1704850264814&CODE_STATE=getMsg HTTP/1.1" 302 -
116.228.172.122 - - [10/Jan/2024:09:31:01 +0800] "GET /xingrg/all/function/internal_message.html?_=1704850169700&CODE_STATE=getMsg HTTP/1.1" 200 27
180.152.241.32 - - [10/Jan/2024:09:31:03 +0800] "POST /xingrg/kc/buy/cgsh_order_operate.html HTTP/1.1" 200 37
124.78.68.102 - - [10/Jan/2024:09:31:06 +0800] "GET /xingrg/kc/buy/cgsh_order_operate.html?command=get_materiel&rest_code=00141&code=00101008223&supplier_code=00100007&order_time=2024-01-10 HTTP/1.1" 200 412
222.70.180.200 - - [10/Jan/2024:09:31:06 +0800] "GET /xingrg/kc/buy/cgsh_order_operate.html?command=get_materiel&rest_code=00111&code=00101008704&supplier_code=00100037&order_time=2024-01-10 HTTP/1.1" 200 409
124.77.242.64 - - [10/Jan/2024:09:31:10 +0800] "GET /xingrg/all/function/internal_message.html?_=1704850270473&CODE_STATE=getMsg HTTP/1.1" 200 27
180.152.241.32 - - [10/Jan/2024:09:31:10 +0800] "POST /xingrg/kc/buy/cgsh_order_operate.html HTTP/1.1" 200 12
124.78.68.102 - - [10/Jan/2024:09:31:10 +0800] "POST /xingrg/kc/buy/cgsh_order_operate.html HTTP/1.1" 200 2065
114.95.241.104 - - [10/Jan/2024:09:31:11 +0800] "GET /xingrg/all/function/internal_message.html?_=1704850270658&CODE_STATE=getMsg HTTP/1.1" 200 27
124.78.68.102 - - [10/Jan/2024:09:31:12 +0800] "GET /xingrg/all/function/internal_message.html?_=1704850272562&CODE_STATE=getMsg HTTP/1.1" 200 27
180.152.241.32 - - [10/Jan/2024:09:31:13 +0800] "GET /xingrg/kc/buy/cgsh_order_info.html?code=212024011003664 HTTP/1.1" 200 67834
180.152.241.32 - - [10/Jan/2024:09:31:14 +0800] "GET /xingrg/javascript/easyui/themes/default/validatebox.css HTTP/1.1" 404 1104
101.83.145.37 - - [10/Jan/2024:09:31:14 +0800] "GET /xingrg/all/function/internal_message.html?_=1704850274529&CODE_STATE=getMsg HTTP/1.1" 200 27
124.77.242.64 - - [10/Jan/2024:09:31:14 +0800] "GET /xingrg/kc/base/wldb_order_operate.html?command=get_materiel&rest_code=00146&base_code=0010064&code=00102001051 HTTP/1.1" 200 436
180.152.241.32 - - [10/Jan/2024:09:31:15 +0800] "POST /xingrg/kc/buy/cgsh_order_operate.html HTTP/1.1" 200 1204
221.239.172.206 - - [10/Jan/2024:09:31:15 +0800] "GET /xingrg/all/function/internal_message.html?_=1704850275525&CODE_STATE=getMsg HTTP/1.1" 200 27
116.232.193.168 - - [10/Jan/2024:09:31:16 +0800] "GET /xingrg/all/function/internal_message.html?_=1704850222956&CODE_STATE=getMsg HTTP/1.1" 200 27
116.232.193.168 - - [10/Jan/2024:09:31:16 +0800] "GET /xingrg/check_reg.html?_=1704850222959 HTTP/1.1" 200 22
180.164.1.25 - - [10/Jan/2024:09:31:16 +0800] "GET /xingrg/all/function/internal_message.html?_=1704850276041&CODE_STATE=getMsg HTTP/1.1" 200 27
222.70.180.200 - - [10/Jan/2024:09:31:17 +0800] "GET /xingrg/check_reg.html?_=1704850275972 HTTP/1.1" 200 22
124.78.68.102 - - [10/Jan/2024:09:31:17 +0800] "GET /xingrg/kc/buy/cgsh_order_operate.html?command=get_materiel&rest_code=00141&code=00101008168&supplier_code=00100007&order_time=2024-01-10 HTTP/1.1" 200 412
222.70.180.200 - - [10/Jan/2024:09:31:23 +0800] "GET /xingrg/kc/buy/cgsh_order_operate.html?command=get_materiel&rest_code=00111&code=00101019435&supplier_code=00100037&order_time=2024-01-10 HTTP/1.1" 200 417
180.152.241.32 - - [10/Jan/2024:09:31:26 +0800] "GET /xingrg/kc/print/load_data.html?order_code=212024011003664&kc_code=cgsh&condition= HTTP/1.1" 200 948
124.77.242.64 - - [10/Jan/2024:09:31:27 +0800] "POST /xingrg/kc/base/wldb_order_operate.html HTTP/1.1" 200 37
222.69.132.210 - - [10/Jan/2024:09:31:29 +0800] "GET /xingrg/all/function/internal_message.html?_=1704850290328&CODE_STATE=getMsg HTTP/1.1" 200 27
221.239.172.206 - - [10/Jan/2024:09:31:31 +0800] "GET /xingrg/check_reg.html?_=1704850291658 HTTP/1.1" 200 22
120.253.135.82 - - [10/Jan/2024:09:31:32 +0800] "GET /xingrg/check_reg.html?_=1704850112134 HTTP/1.1" 200 22
124.77.242.64 - - [10/Jan/2024:09:31:32 +0800] "POST /xingrg/kc/base/wldb_order_operate.html HTTP/1.1" 200 12
124.77.242.64 - - [10/Jan/2024:09:31:33 +0800] "POST /xingrg/kc/base/wldb_order_operate.html HTTP/1.1" 200 2183
222.70.180.200 - - [10/Jan/2024:09:31:34 +0800] "GET /xingrg/all/function/internal_message.html?_=1704850349809&CODE_STATE=getMsg HTTP/1.1" 200 27
180.171.56.87 - - [10/Jan/2024:09:31:34 +0800] "GET /xingrg/all/function/internal_message.html?_=1704850297520&CODE_STATE=getMsg HTTP/1.1" 200 27
124.78.68.102 - - [10/Jan/2024:09:31:34 +0800] "GET /xingrg/kc/buy/cgsh_order_operate.html?command=get_materiel&rest_code=00141&code=00101008558&supplier_code=00100007&order_time=2024-01-10 HTTP/1.1" 200 409
101.83.145.37 - - [10/Jan/2024:09:31:38 +0800] "GET /xingrg/all/function/internal_message.html?_=1704850065286&CODE_STATE=getMsg HTTP/1.1" 200 27
180.152.241.32 - - [10/Jan/2024:09:31:39 +0800] "GET /xingrg/check_reg.html?_=1704850299114 HTTP/1.1" 200 22
120.253.135.82 - - [10/Jan/2024:09:31:40 +0800] "GET /xingrg/all/function/internal_message.html?_=1704850119814&CODE_STATE=getMsg HTTP/1.1" 200 27
114.95.241.104 - - [10/Jan/2024:09:31:42 +0800] "GET /xingrg/all/function/internal_message.html?_=1704850302345&CODE_STATE=getMsg HTTP/1.1" 200 27
222.70.180.200 - - [10/Jan/2024:09:31:43 +0800] "GET /xingrg/kc/buy/cgsh_order_operate.html?command=get_materiel&rest_code=00111&code=00101008271&supplier_code=00100037&order_time=2024-01-10 HTTP/1.1" 200 408
222.70.180.200 - - [10/Jan/2024:09:31:47 +0800] "GET /xingrg/check_reg.html?_=1704850363066 HTTP/1.1" 200 22
124.78.68.102 - - [10/Jan/2024:09:31:49 +0800] "GET /xingrg/kc/buy/cgsh_order_operate.html?command=get_materiel&rest_code=00141&code=00101008283&supplier_code=00100007&order_time=2024-01-10 HTTP/1.1" 200 408
222.70.115.1 - - [10/Jan/2024:09:31:50 +0800] "GET /xingrg/all/function/internal_message.html?_=1704850313956&CODE_STATE=getMsg HTTP/1.1" 200 27
114.83.220.79 - - [10/Jan/2024:09:31:50 +0800] "GET /xingrg/all/function/internal_message.html?_=1704850309464&CODE_STATE=getMsg HTTP/1.1" 200 27
222.70.180.200 - - [10/Jan/2024:09:31:51 +0800] "GET /xingrg/all/function/internal_message.html?_=1704850310781&CODE_STATE=getMsg HTTP/1.1" 200 27
218.81.65.124 - - [10/Jan/2024:09:32:00 +0800] "GET /xingrg/all/function/internal_message.html?_=1704850324814&CODE_STATE=getMsg HTTP/1.1" 302 -
116.228.172.122 - - [10/Jan/2024:09:32:01 +0800] "GET /xingrg/all/function/internal_message.html?_=1704850229708&CODE_STATE=getMsg HTTP/1.1" 200 27
222.70.180.200 - - [10/Jan/2024:09:32:07 +0800] "GET /xingrg/kc/buy/cgsh_order_operate.html?command=get_materiel&rest_code=00111&code=00101016059&supplier_code=00100037&order_time=2024-01-10 HTTP/1.1" 200 408
124.78.68.102 - - [10/Jan/2024:09:32:08 +0800] "GET /xingrg/kc/buy/cgsh_order_operate.html?command=get_materiel&rest_code=00141&code=00101008370&supplier_code=00100007&order_time=2024-01-10 HTTP/1.1" 200 412
114.95.241.104 - - [10/Jan/2024:09:32:11 +0800] "GET /xingrg/all/function/internal_message.html?_=1704850330651&CODE_STATE=getMsg HTTP/1.1" 200 27
124.78.68.102 - - [10/Jan/2024:09:32:12 +0800] "GET /xingrg/all/function/internal_message.html?_=1704850332536&CODE_STATE=getMsg HTTP/1.1" 200 27
101.83.145.37 - - [10/Jan/2024:09:32:14 +0800] "GET /xingrg/all/function/internal_message.html?_=1704850334529&CODE_STATE=getMsg HTTP/1.1" 200 27
101.83.145.37 - - [10/Jan/2024:09:32:14 +0800] "GET /xingrg/check_reg.html?_=1704850334531 HTTP/1.1" 200 22
221.239.172.206 - - [10/Jan/2024:09:32:15 +0800] "GET /xingrg/all/function/internal_message.html?_=1704850335503&CODE_STATE=getMsg HTTP/1.1" 200 27
116.232.193.168 - - [10/Jan/2024:09:32:16 +0800] "GET /xingrg/all/function/internal_message.html?_=1704850282947&CODE_STATE=getMsg HTTP/1.1" 200 27
180.164.1.25 - - [10/Jan/2024:09:32:16 +0800] "GET /xingrg/all/function/internal_message.html?_=1704850336059&CODE_STATE=getMsg HTTP/1.1" 200 27
222.70.180.200 - - [10/Jan/2024:09:32:24 +0800] "POST /xingrg/kc/buy/cgsh_order_operate.html HTTP/1.1" 200 37
124.78.68.102 - - [10/Jan/2024:09:32:25 +0800] "GET /xingrg/kc/buy/cgsh_order_operate.html?command=get_materiel&rest_code=00141&code=00101008251&supplier_code=00100007&order_time=2024-01-10 HTTP/1.1" 200 408
124.78.68.102 - - [10/Jan/2024:09:32:28 +0800] "GET /xingrg/check_reg.html?_=1704850348546 HTTP/1.1" 200 22
222.69.132.210 - - [10/Jan/2024:09:32:29 +0800] "GET /xingrg/all/function/internal_message.html?_=1704850350338&CODE_STATE=getMsg HTTP/1.1" 200 27
124.78.68.102 - - [10/Jan/2024:09:32:32 +0800] "POST /xingrg/kc/buy/cgsh_order_operate.html HTTP/1.1" 200 2065
222.70.180.200 - - [10/Jan/2024:09:32:33 +0800] "POST /xingrg/kc/buy/cgsh_order_operate.html HTTP/1.1" 200 12
222.70.180.200 - - [10/Jan/2024:09:32:34 +0800] "GET /xingrg/all/function/internal_message.html?_=1704850409799&CODE_STATE=getMsg HTTP/1.1" 200 27
180.171.56.87 - - [10/Jan/2024:09:32:34 +0800] "GET /xingrg/all/function/internal_message.html?_=1704850357520&CODE_STATE=getMsg HTTP/1.1" 200 27
222.70.180.200 - - [10/Jan/2024:09:32:37 +0800] "GET /xingrg/kc/buy/cgsh_order_info.html?code=212024011003665 HTTP/1.1" 200 67761
222.70.180.200 - - [10/Jan/2024:09:32:37 +0800] "GET /xingrg/javascript/easyui/themes/default/validatebox.css HTTP/1.1" 404 1104
222.70.180.200 - - [10/Jan/2024:09:32:38 +0800] "POST /xingrg/kc/buy/cgsh_order_operate.html HTTP/1.1" 200 8877
101.83.145.37 - - [10/Jan/2024:09:32:38 +0800] "GET /xingrg/all/function/internal_message.html?_=1704850125287&CODE_STATE=getMsg HTTP/1.1" 200 27
120.253.135.82 - - [10/Jan/2024:09:32:40 +0800] "GET /xingrg/all/function/internal_message.html?_=1704850179826&CODE_STATE=getMsg HTTP/1.1" 200 27
114.95.241.104 - - [10/Jan/2024:09:32:42 +0800] "GET /xingrg/all/function/internal_message.html?_=1704850362354&CODE_STATE=getMsg HTTP/1.1" 200 27
114.95.241.104 - - [10/Jan/2024:09:32:42 +0800] "GET /xingrg/check_reg.html?_=1704850362357 HTTP/1.1" 200 22
124.79.241.187 - - [10/Jan/2024:09:32:42 +0800] "GET /xingrg/check_reg.html?_=1704850361239 HTTP/1.1" 302 -
222.70.115.1 - - [10/Jan/2024:09:32:50 +0800] "GET /xingrg/all/function/internal_message.html?_=1704850373957&CODE_STATE=getMsg HTTP/1.1" 200 27
114.83.220.79 - - [10/Jan/2024:09:32:50 +0800] "GET /xingrg/all/function/internal_message.html?_=1704850369435&CODE_STATE=getMsg HTTP/1.1" 200 27
222.70.180.200 - - [10/Jan/2024:09:32:51 +0800] "GET /xingrg/all/function/internal_message.html?_=1704850370763&CODE_STATE=getMsg HTTP/1.1" 200 27
218.81.65.124 - - [10/Jan/2024:09:33:00 +0800] "GET /xingrg/all/function/internal_message.html?_=1704850384814&CODE_STATE=getMsg HTTP/1.1" 302 -
218.81.65.124 - - [10/Jan/2024:09:33:00 +0800] "GET /xingrg/check_reg.html?_=1704850384817 HTTP/1.1" 302 -
116.228.172.122 - - [10/Jan/2024:09:33:01 +0800] "GET /xingrg/all/function/internal_message.html?_=1704850289700&CODE_STATE=getMsg HTTP/1.1" 200 27
124.78.68.102 - - [10/Jan/2024:09:33:01 +0800] "GET /xingrg/kc/buy/cgsh_order_operate.html?command=get_materiel&rest_code=00141&code=00101008005&supplier_code=00100007&order_time=2024-01-10 HTTP/1.1" 200 433
114.95.241.104 - - [10/Jan/2024:09:33:11 +0800] "GET /xingrg/all/function/internal_message.html?_=1704850390659&CODE_STATE=getMsg HTTP/1.1" 200 27
124.78.68.102 - - [10/Jan/2024:09:33:12 +0800] "GET /xingrg/all/function/internal_message.html?_=1704850392512&CODE_STATE=getMsg HTTP/1.1" 200 27
101.83.145.37 - - [10/Jan/2024:09:33:14 +0800] "GET /xingrg/all/function/internal_message.html?_=1704850394530&CODE_STATE=getMsg HTTP/1.1" 200 27
221.239.172.206 - - [10/Jan/2024:09:33:15 +0800] "GET /xingrg/all/function/internal_message.html?_=1704850395476&CODE_STATE=getMsg HTTP/1.1" 200 27
116.232.193.168 - - [10/Jan/2024:09:33:16 +0800] "GET /xingrg/all/function/internal_message.html?_=1704850342962&CODE_STATE=getMsg HTTP/1.1" 200 27
180.164.1.25 - - [10/Jan/2024:09:33:16 +0800] "GET /xingrg/all/function/internal_message.html?_=1704850396037&CODE_STATE=getMsg HTTP/1.1" 200 27
124.77.242.64 - - [10/Jan/2024:09:33:17 +0800] "GET /xingrg/kc/base/wldb_order_info.html?code=422024011000962 HTTP/1.1" 200 26267
124.77.242.64 - - [10/Jan/2024:09:33:18 +0800] "GET /xingrg/javascript/easyui/themes/default/validatebox.css HTTP/1.1" 404 1104
124.77.242.64 - - [10/Jan/2024:09:33:18 +0800] "POST /xingrg/kc/base/wldb_order_operate.html HTTP/1.1" 200 477
124.77.242.64 - - [10/Jan/2024:09:33:18 +0800] "GET /xingrg/all/function/internal_message.html?_=1704850398628&CODE_STATE=getMsg HTTP/1.1" 200 27
124.78.68.102 - - [10/Jan/2024:09:33:20 +0800] "GET /xingrg/kc/buy/cgsh_order_operate.html?command=get_materiel&rest_code=00141&code=00101008186&supplier_code=00100007&order_time=2024-01-10 HTTP/1.1" 200 408
124.78.68.102 - - [10/Jan/2024:09:33:25 +0800] "POST /xingrg/kc/buy/cgsh_order_operate.html HTTP/1.1" 200 2065
180.164.1.25 - - [10/Jan/2024:09:33:28 +0800] "GET /xingrg/kc/buy/cgsh_order_add.html HTTP/1.1" 200 72986
180.164.1.25 - - [10/Jan/2024:09:33:29 +0800] "GET /xingrg/css/base.css HTTP/1.1" 200 2811
180.164.1.25 - - [10/Jan/2024:09:33:29 +0800] "GET /xingrg/css/site.css HTTP/1.1" 200 7541
180.164.1.25 - - [10/Jan/2024:09:33:29 +0800] "GET /xingrg/javascript/jquery_tools/datebox.css HTTP/1.1" 200 2597
180.164.1.25 - - [10/Jan/2024:09:33:29 +0800] "GET /xingrg/javascript/jquery_tools/fix.css HTTP/1.1" 200 1702
180.164.1.25 - - [10/Jan/2024:09:33:29 +0800] "GET /xingrg/javascript/easyui/themes/default/easyui.css HTTP/1.1" 200 30432
180.164.1.25 - - [10/Jan/2024:09:33:29 +0800] "GET /xingrg/javascript/auto/jquery.autocomplete.css HTTP/1.1" 200 587
180.164.1.25 - - [10/Jan/2024:09:33:29 +0800] "GET /xingrg/javascript/easyui/themes/icon.css HTTP/1.1" 200 4483
180.164.1.25 - - [10/Jan/2024:09:33:29 +0800] "GET /xingrg/javascript/jquery_tools/table.css HTTP/1.1" 200 1032
180.164.1.25 - - [10/Jan/2024:09:33:29 +0800] "GET /xingrg/javascript/pic_change.js HTTP/1.1" 200 4739
180.164.1.25 - - [10/Jan/2024:09:33:29 +0800] "GET /xingrg/javascript/jquery_tools/jquery.tools.min.js HTTP/1.1" 200 138801
180.164.1.25 - - [10/Jan/2024:09:33:29 +0800] "GET /xingrg/javascript/jquery_tools/jquery.tools.extend.js HTTP/1.1" 200 15385
180.164.1.25 - - [10/Jan/2024:09:33:29 +0800] "GET /xingrg/javascript/jquery_tools/jquery.tools.hotkey.js HTTP/1.1" 200 3242
180.164.1.25 - - [10/Jan/2024:09:33:29 +0800] "GET /xingrg/javascript/jquery_tools/jquery.tools.table.js HTTP/1.1" 200 6994
180.164.1.25 - - [10/Jan/2024:09:33:29 +0800] "GET /xingrg/javascript/auto/jquery.autocomplete.js HTTP/1.1" 200 21624
180.164.1.25 - - [10/Jan/2024:09:33:29 +0800] "GET /xingrg/javascript/easyui/easyloader.js HTTP/1.1" 200 5975
180.164.1.25 - - [10/Jan/2024:09:33:29 +0800] "GET /xingrg/javascript/jquery.utils.js HTTP/1.1" 200 11805
180.164.1.25 - - [10/Jan/2024:09:33:29 +0800] "GET /xingrg/javascript/jquery_tools/order_manager.js HTTP/1.1" 200 11183
180.164.1.25 - - [10/Jan/2024:09:33:29 +0800] "GET /xingrg/javascript/convert.js HTTP/1.1" 200 1239
180.164.1.25 - - [10/Jan/2024:09:33:29 +0800] "GET /xingrg/javascript/json2.js HTTP/1.1" 200 11259
180.164.1.25 - - [10/Jan/2024:09:33:29 +0800] "GET /xingrg/javascript/jquery.cookie.js HTTP/1.1" 200 5513
180.164.1.25 - - [10/Jan/2024:09:33:29 +0800] "GET /xingrg/javascript/print/LodopFuncs.js HTTP/1.1" 200 5121
180.164.1.25 - - [10/Jan/2024:09:33:29 +0800] "GET /xingrg/javascript/print/kc_print.js HTTP/1.1" 200 11415
180.164.1.25 - - [10/Jan/2024:09:33:29 +0800] "GET /xingrg/words/20240109163317_words.js HTTP/1.1" 200 1007854
180.164.1.25 - - [10/Jan/2024:09:33:29 +0800] "GET /xingrg/javascript/easyui/plugins/jquery.parser.js HTTP/1.1" 200 1142
180.164.1.25 - - [10/Jan/2024:09:33:29 +0800] "POST /xingrg/kc/buy/cgsh_order_operate.html HTTP/1.1" 200 8245
180.164.1.25 - - [10/Jan/2024:09:33:29 +0800] "GET /xingrg/javascript/easyui/themes/default/validatebox.css HTTP/1.1" 404 1104
180.164.1.25 - - [10/Jan/2024:09:33:29 +0800] "GET /xingrg/javascript/easyui/plugins/jquery.validatebox.js HTTP/1.1" 200 6103
180.164.1.25 - - [10/Jan/2024:09:33:29 +0800] "GET /xingrg/all/common/auto_word.html?type=employee&rest_code=00108 HTTP/1.1" 200 101
180.164.1.25 - - [10/Jan/2024:09:33:29 +0800] "GET /xingrg/javascript/easyui/plugins/jquery.numberbox.js HTTP/1.1" 200 5213
180.164.1.25 - - [10/Jan/2024:09:33:29 +0800] "GET /xingrg/all/common/auto_word.html?type=employee&rest_code=00108 HTTP/1.1" 200 101
222.69.132.210 - - [10/Jan/2024:09:33:29 +0800] "GET /xingrg/all/function/internal_message.html?_=1704850410311&CODE_STATE=getMsg HTTP/1.1" 200 27
124.78.68.102 - - [10/Jan/2024:09:33:32 +0800] "GET /xingrg/kc/buy/cgsh_order_operate.html?command=get_materiel&rest_code=00141&code=00101008323&supplier_code=00100007&order_time=2024-01-10 HTTP/1.1" 200 408
222.70.180.200 - - [10/Jan/2024:09:33:33 +0800] "GET /xingrg/all/function/internal_message.html?_=1704850469785&CODE_STATE=getMsg HTTP/1.1" 200 27
180.171.56.87 - - [10/Jan/2024:09:33:34 +0800] "GET /xingrg/all/function/internal_message.html?_=1704850417525&CODE_STATE=getMsg HTTP/1.1" 200 27
180.164.1.25 - - [10/Jan/2024:09:33:34 +0800] "GET /xingrg/javascript/jquery_tools/images/next.gif HTTP/1.1" 404 1086
180.164.1.25 - - [10/Jan/2024:09:33:34 +0800] "GET /xingrg/javascript/jquery_tools/images/prev.gif HTTP/1.1" 404 1086
101.83.145.37 - - [10/Jan/2024:09:33:38 +0800] "GET /xingrg/all/function/internal_message.html?_=1704850185287&CODE_STATE=getMsg HTTP/1.1" 200 27
101.83.145.37 - - [10/Jan/2024:09:33:38 +0800] "GET /xingrg/check_reg.html?_=1704850185336 HTTP/1.1" 200 22
120.253.135.82 - - [10/Jan/2024:09:33:40 +0800] "GET /xingrg/all/function/internal_message.html?_=1704850239903&CODE_STATE=getMsg HTTP/1.1" 200 27
114.95.241.104 - - [10/Jan/2024:09:33:42 +0800] "GET /xingrg/all/function/internal_message.html?_=1704850422358&CODE_STATE=getMsg HTTP/1.1" 200 27
180.164.1.25 - - [10/Jan/2024:09:33:42 +0800] "GET /xingrg/kc/buy/cgsh_order_operate.html?command=get_materiel&rest_code=00108&code=00101008766&supplier_code=00100623&order_time=2024-01-10 HTTP/1.1" 200 405
124.78.68.102 - - [10/Jan/2024:09:33:44 +0800] "GET /xingrg/kc/buy/cgsh_order_operate.html?command=get_materiel&rest_code=00141&code=00101008261&supplier_code=00100007&order_time=2024-01-10 HTTP/1.1" 200 429
222.70.115.1 - - [10/Jan/2024:09:33:50 +0800] "GET /xingrg/check_reg.html?_=1704850433948 HTTP/1.1" 200 22
222.70.115.1 - - [10/Jan/2024:09:33:50 +0800] "GET /xingrg/all/function/internal_message.html?_=1704850433951&CODE_STATE=getMsg HTTP/1.1" 200 27
114.83.220.79 - - [10/Jan/2024:09:33:50 +0800] "GET /xingrg/all/function/internal_message.html?_=1704850429421&CODE_STATE=getMsg HTTP/1.1" 200 27
222.70.180.200 - - [10/Jan/2024:09:33:51 +0800] "GET /xingrg/all/function/internal_message.html?_=1704850430743&CODE_STATE=getMsg HTTP/1.1" 200 27
222.70.180.200 - - [10/Jan/2024:09:33:52 +0800] "GET /xingrg/kc/print/load_data.html?order_code=212024011003665&kc_code=cgsh&condition= HTTP/1.1" 200 3865
124.78.68.102 - - [10/Jan/2024:09:33:55 +0800] "GET /xingrg/kc/buy/cgsh_order_operate.html?command=get_materiel&rest_code=00141&code=00101008049&supplier_code=00100007&order_time=2024-01-10 HTTP/1.1" 200 429
218.81.65.124 - - [10/Jan/2024:09:34:00 +0800] "GET /xingrg/all/function/internal_message.html?_=1704850444822&CODE_STATE=getMsg HTTP/1.1" 302 -
116.228.172.122 - - [10/Jan/2024:09:34:01 +0800] "GET /xingrg/all/function/internal_message.html?_=1704850349709&CODE_STATE=getMsg HTTP/1.1" 200 27
114.95.241.104 - - [10/Jan/2024:09:34:11 +0800] "GET /xingrg/check_reg.html?_=1704850450648 HTTP/1.1" 200 22
114.95.241.104 - - [10/Jan/2024:09:34:11 +0800] "GET /xingrg/all/function/internal_message.html?_=1704850450652&CODE_STATE=getMsg HTTP/1.1" 200 27
124.78.68.102 - - [10/Jan/2024:09:34:12 +0800] "GET /xingrg/all/function/internal_message.html?_=1704850452490&CODE_STATE=getMsg HTTP/1.1" 200 27
101.83.145.37 - - [10/Jan/2024:09:34:14 +0800] "GET /xingrg/all/function/internal_message.html?_=1704850454532&CODE_STATE=getMsg HTTP/1.1" 200 27
221.239.172.206 - - [10/Jan/2024:09:34:15 +0800] "GET /xingrg/all/function/internal_message.html?_=1704850455461&CODE_STATE=getMsg HTTP/1.1" 200 27
116.232.193.168 - - [10/Jan/2024:09:34:16 +0800] "GET /xingrg/all/function/internal_message.html?_=1704850402953&CODE_STATE=getMsg HTTP/1.1" 200 27
180.164.1.25 - - [10/Jan/2024:09:34:16 +0800] "GET /xingrg/all/function/internal_message.html?_=1704850456068&CODE_STATE=getMsg HTTP/1.1" 200 27
180.164.1.25 - - [10/Jan/2024:09:34:16 +0800] "GET /xingrg/check_reg.html?_=1704850456069 HTTP/1.1" 200 22
124.77.242.64 - - [10/Jan/2024:09:34:18 +0800] "GET /xingrg/all/function/internal_message.html?_=1704850458641&CODE_STATE=getMsg HTTP/1.1" 200 27
124.78.68.102 - - [10/Jan/2024:09:34:18 +0800] "GET /xingrg/kc/buy/cgsh_order_operate.html?command=get_materiel&rest_code=00141&code=00101008072&supplier_code=00100007&order_time=2024-01-10 HTTP/1.1" 200 408
222.69.132.210 - - [10/Jan/2024:09:34:29 +0800] "GET /xingrg/all/function/internal_message.html?_=1704850470319&CODE_STATE=getMsg HTTP/1.1" 200 27
180.164.1.25 - - [10/Jan/2024:09:34:30 +0800] "GET /xingrg/kc/buy/cgsh_order_operate.html?command=get_materiel&rest_code=00108&code=00101013132&supplier_code=00100623&order_time=2024-01-10 HTTP/1.1" 200 412
222.70.180.200 - - [10/Jan/2024:09:34:33 +0800] "GET /xingrg/all/function/internal_message.html?_=1704850529757&CODE_STATE=getMsg HTTP/1.1" 200 27
180.171.56.87 - - [10/Jan/2024:09:34:34 +0800] "GET /xingrg/all/function/internal_message.html?_=1704850477527&CODE_STATE=getMsg HTTP/1.1" 200 27
101.83.145.37 - - [10/Jan/2024:09:34:38 +0800] "GET /xingrg/all/function/internal_message.html?_=1704850245289&CODE_STATE=getMsg HTTP/1.1" 200 27
180.152.241.32 - - [10/Jan/2024:09:34:40 +0800] "GET /xingrg/kc/buy/cgsh_order_add.html HTTP/1.1" 200 72929
180.152.241.32 - - [10/Jan/2024:09:34:40 +0800] "POST /xingrg/kc/buy/cgsh_order_operate.html HTTP/1.1" 200 8245
180.152.241.32 - - [10/Jan/2024:09:34:40 +0800] "GET /xingrg/javascript/easyui/themes/default/validatebox.css HTTP/1.1" 404 1104
120.253.135.82 - - [10/Jan/2024:09:34:40 +0800] "GET /xingrg/all/function/internal_message.html?_=1704850299922&CODE_STATE=getMsg HTTP/1.1" 200 27
114.95.241.104 - - [10/Jan/2024:09:34:42 +0800] "GET /xingrg/all/function/internal_message.html?_=1704850482354&CODE_STATE=getMsg HTTP/1.1" 200 27
180.164.1.25 - - [10/Jan/2024:09:34:43 +0800] "GET /xingrg/kc/buy/cgsh_order_operate.html?command=get_materiel&rest_code=00108&code=00101015111&supplier_code=00100623&order_time=2024-01-10 HTTP/1.1" 200 413
222.69.132.210 - - [10/Jan/2024:09:34:50 +0800] "POST /xingrg/kc/buy/cgsh_list_operate.html HTTP/1.1" 200 2813
114.83.220.79 - - [10/Jan/2024:09:34:50 +0800] "GET /xingrg/all/function/internal_message.html?_=1704850489396&CODE_STATE=getMsg HTTP/1.1" 200 27
222.70.115.1 - - [10/Jan/2024:09:34:50 +0800] "GET /xingrg/all/function/internal_message.html?_=1704850493949&CODE_STATE=getMsg HTTP/1.1" 200 27
124.78.68.102 - - [10/Jan/2024:09:34:51 +0800] "GET /xingrg/kc/buy/cgsh_order_operate.html?command=get_materiel&rest_code=00141&code=00101008199&supplier_code=00100007&order_time=2024-01-10 HTTP/1.1" 200 408
222.70.180.200 - - [10/Jan/2024:09:34:51 +0800] "GET /xingrg/all/function/internal_message.html?_=1704850490726&CODE_STATE=getMsg HTTP/1.1" 200 27
222.69.132.210 - - [10/Jan/2024:09:34:57 +0800] "POST /xingrg/kc/buy/cgsh_list_operate.html HTTP/1.1" 200 565
124.78.68.102 - - [10/Jan/2024:09:34:57 +0800] "POST /xingrg/kc/buy/cgsh_order_operate.html HTTP/1.1" 200 2065
180.152.241.32 - - [10/Jan/2024:09:34:58 +0800] "GET /xingrg/javascript/easyui/themes/default/tree.css HTTP/1.1" 404 1090
180.164.1.25 - - [10/Jan/2024:09:34:58 +0800] "GET /xingrg/kc/buy/cgsh_order_operate.html?command=get_materiel&rest_code=00108&code=00101015206&supplier_code=00100623&order_time=2024-01-10 HTTP/1.1" 200 421
180.152.241.32 - - [10/Jan/2024:09:34:59 +0800] "POST /xingrg/all/common/load_tree.html?tree=supplier_tree_json&isDelete=1 HTTP/1.1" 200 77165
222.69.132.210 - - [10/Jan/2024:09:34:59 +0800] "GET /xingrg/kc/buy/cgsh_order_info.html?code=212024011003660 HTTP/1.1" 200 67009
222.69.132.210 - - [10/Jan/2024:09:35:00 +0800] "GET /xingrg/javascript/easyui/themes/default/validatebox.css HTTP/1.1" 404 1104
218.81.65.124 - - [10/Jan/2024:09:35:00 +0800] "GET /xingrg/all/function/internal_message.html?_=1704850504823&CODE_STATE=getMsg HTTP/1.1" 302 -
116.228.172.122 - - [10/Jan/2024:09:35:01 +0800] "GET /xingrg/check_reg.html?_=1704850409712 HTTP/1.1" 200 22
116.228.172.122 - - [10/Jan/2024:09:35:01 +0800] "GET /xingrg/all/function/internal_message.html?_=1704850409718&CODE_STATE=getMsg HTTP/1.1" 200 27
222.69.132.210 - - [10/Jan/2024:09:35:01 +0800] "POST /xingrg/kc/buy/cgsh_order_operate.html HTTP/1.1" 200 8277
124.78.68.102 - - [10/Jan/2024:09:35:03 +0800] "GET /xingrg/kc/buy/cgsh_order_operate.html?command=get_materiel&rest_code=00141&code=00101008355&supplier_code=00100007&order_time=2024-01-10 HTTP/1.1" 200 429
222.69.132.210 - - [10/Jan/2024:09:35:05 +0800] "GET /xingrg/kc/print/load_config.html?kc_code=cgsh HTTP/1.1" 200 1927
222.69.132.210 - - [10/Jan/2024:09:35:06 +0800] "GET /xingrg/kc/print/load_data.html?order_code=212024011003660&kc_code=cgsh&condition= HTTP/1.1" 200 3584
180.164.1.25 - - [10/Jan/2024:09:35:09 +0800] "GET /xingrg/kc/buy/cgsh_order_operate.html?command=get_materiel&rest_code=00108&code=00101015022&supplier_code=00100623&order_time=2024-01-10 HTTP/1.1" 200 408
124.77.242.64 - - [10/Jan/2024:09:35:10 +0800] "GET /xingrg/check_reg.html?_=1704850510389 HTTP/1.1" 200 22
114.95.241.104 - - [10/Jan/2024:09:35:11 +0800] "GET /xingrg/all/function/internal_message.html?_=1704850510656&CODE_STATE=getMsg HTTP/1.1" 200 27
124.78.68.102 - - [10/Jan/2024:09:35:12 +0800] "GET /xingrg/all/function/internal_message.html?_=1704850512488&CODE_STATE=getMsg HTTP/1.1" 200 27
180.152.241.32 - - [10/Jan/2024:09:35:13 +0800] "GET /xingrg/kc/buy/cgsh_order_operate.html?command=get_materiel&rest_code=00102&code=00101002027&supplier_code=00100400&order_time=2024-01-10 HTTP/1.1" 200 413
101.83.145.37 - - [10/Jan/2024:09:35:14 +0800] "GET /xingrg/all/function/internal_message.html?_=1704850514533&CODE_STATE=getMsg HTTP/1.1" 200 27
221.239.172.206 - - [10/Jan/2024:09:35:15 +0800] "GET /xingrg/all/function/internal_message.html?_=1704850515446&CODE_STATE=getMsg HTTP/1.1" 200 27
116.232.193.168 - - [10/Jan/2024:09:35:16 +0800] "GET /xingrg/all/function/internal_message.html?_=1704850462951&CODE_STATE=getMsg HTTP/1.1" 200 27
180.164.1.25 - - [10/Jan/2024:09:35:16 +0800] "GET /xingrg/all/function/internal_message.html?_=1704850516052&CODE_STATE=getMsg HTTP/1.1" 200 27
222.69.132.210 - - [10/Jan/2024:09:35:17 +0800] "GET /xingrg/kc/buy/cgsh_order_add.html HTTP/1.1" 200 72098
222.69.132.210 - - [10/Jan/2024:09:35:18 +0800] "POST /xingrg/kc/buy/cgsh_order_operate.html HTTP/1.1" 200 8245
222.69.132.210 - - [10/Jan/2024:09:35:18 +0800] "GET /xingrg/javascript/easyui/themes/default/validatebox.css HTTP/1.1" 404 1104
222.69.132.210 - - [10/Jan/2024:09:35:18 +0800] "GET /xingrg/all/common/auto_word.html?type=employee&rest_code=00154 HTTP/1.1" 200 101
222.69.132.210 - - [10/Jan/2024:09:35:18 +0800] "GET /xingrg/all/common/auto_word.html?type=employee&rest_code=00154 HTTP/1.1" 200 101
124.77.242.64 - - [10/Jan/2024:09:35:18 +0800] "GET /xingrg/all/function/internal_message.html?_=1704850518654&CODE_STATE=getMsg HTTP/1.1" 200 27
180.164.1.25 - - [10/Jan/2024:09:35:21 +0800] "POST /xingrg/kc/buy/cgsh_order_operate.html HTTP/1.1" 200 37
124.78.68.102 - - [10/Jan/2024:09:35:23 +0800] "GET /xingrg/kc/buy/cgsh_order_operate.html?command=get_materiel&rest_code=00141&code=00101008321&supplier_code=00100007&order_time=2024-01-10 HTTP/1.1" 200 432
180.164.1.25 - - [10/Jan/2024:09:35:23 +0800] "POST /xingrg/kc/buy/cgsh_order_operate.html HTTP/1.1" 200 5020
180.164.1.25 - - [10/Jan/2024:09:35:26 +0800] "GET /xingrg/kc/print/load_data.html?order_code=212024011003666&kc_code=cgsh&condition= HTTP/1.1" 200 1589
222.69.132.210 - - [10/Jan/2024:09:35:29 +0800] "GET /xingrg/all/function/internal_message.html?_=1704850530318&CODE_STATE=getMsg HTTP/1.1" 200 27
222.69.132.210 - - [10/Jan/2024:09:35:29 +0800] "GET /xingrg/check_reg.html?_=1704850530320 HTTP/1.1" 200 22
222.69.132.210 - - [10/Jan/2024:09:35:30 +0800] "GET /xingrg/kc/buy/cgsh_order_info.html?code=212024011003660 HTTP/1.1" 200 67009
222.69.132.210 - - [10/Jan/2024:09:35:31 +0800] "GET /xingrg/javascript/easyui/themes/default/validatebox.css HTTP/1.1" 404 1104
222.69.132.210 - - [10/Jan/2024:09:35:32 +0800] "POST /xingrg/kc/buy/cgsh_order_operate.html HTTP/1.1" 200 8277
222.69.132.210 - - [10/Jan/2024:09:35:33 +0800] "POST /xingrg/kc/buy/cgsh_list_operate.html HTTP/1.1" 200 2813
124.78.68.102 - - [10/Jan/2024:09:35:33 +0800] "GET /xingrg/kc/buy/cgsh_order_operate.html?command=get_materiel&rest_code=00141&code=00101008059&supplier_code=00100007&order_time=2024-01-10 HTTP/1.1" 200 408
222.70.180.200 - - [10/Jan/2024:09:35:33 +0800] "GET /xingrg/all/function/internal_message.html?_=1704850589754&CODE_STATE=getMsg HTTP/1.1" 200 27
180.171.56.87 - - [10/Jan/2024:09:35:34 +0800] "GET /xingrg/check_reg.html?_=1704850537528 HTTP/1.1" 200 22
180.171.56.87 - - [10/Jan/2024:09:35:34 +0800] "GET /xingrg/all/function/internal_message.html?_=1704850537532&CODE_STATE=getMsg HTTP/1.1" 200 27
101.83.145.37 - - [10/Jan/2024:09:35:38 +0800] "GET /xingrg/all/function/internal_message.html?_=1704850305289&CODE_STATE=getMsg HTTP/1.1" 200 27
180.164.1.25 - - [10/Jan/2024:09:35:39 +0800] "GET /xingrg/kc/buy/cgsh_order_add.html HTTP/1.1" 200 72986
180.164.1.25 - - [10/Jan/2024:09:35:39 +0800] "POST /xingrg/kc/buy/cgsh_order_operate.html HTTP/1.1" 200 8245
180.164.1.25 - - [10/Jan/2024:09:35:39 +0800] "GET /xingrg/javascript/easyui/themes/default/validatebox.css HTTP/1.1" 404 1104
120.253.135.82 - - [10/Jan/2024:09:35:40 +0800] "GET /xingrg/all/function/internal_message.html?_=1704850359987&CODE_STATE=getMsg HTTP/1.1" 200 27
114.95.241.104 - - [10/Jan/2024:09:35:42 +0800] "GET /xingrg/all/function/internal_message.html?_=1704850542341&CODE_STATE=getMsg HTTP/1.1" 200 27
124.78.68.102 - - [10/Jan/2024:09:35:45 +0800] "GET /xingrg/kc/buy/cgsh_order_operate.html?command=get_materiel&rest_code=00141&code=00101008098&supplier_code=00100007&order_time=2024-01-10 HTTP/1.1" 200 412
114.83.220.79 - - [10/Jan/2024:09:35:49 +0800] "GET /xingrg/check_reg.html?_=1704850548291 HTTP/1.1" 200 22
114.83.220.79 - - [10/Jan/2024:09:35:50 +0800] "GET /xingrg/all/function/internal_message.html?_=1704850549374&CODE_STATE=getMsg HTTP/1.1" 200 27
222.70.115.1 - - [10/Jan/2024:09:35:50 +0800] "GET /xingrg/all/function/internal_message.html?_=1704850553948&CODE_STATE=getMsg HTTP/1.1" 200 27
222.70.180.200 - - [10/Jan/2024:09:35:51 +0800] "GET /xingrg/all/function/internal_message.html?_=1704850550709&CODE_STATE=getMsg HTTP/1.1" 200 27
218.81.65.124 - - [10/Jan/2024:09:36:00 +0800] "GET /xingrg/all/function/internal_message.html?_=1704850564827&CODE_STATE=getMsg HTTP/1.1" 302 -
