180.164.1.25 - - [09/Jan/2024:10:38:35 +0800] "GET /xingrg/javascript/jquery_easy_ui/themes/default/images/menu_rightarrow.png HTTP/1.1" 200 3617
180.164.1.25 - - [09/Jan/2024:10:38:35 +0800] "GET /xingrg/javascript/jquery_easy_ui/themes/default/images/menu.gif HTTP/1.1" 200 834
180.164.1.25 - - [09/Jan/2024:10:38:35 +0800] "GET /xingrg/javascript/jquery_easy_ui/themes/default/images/button_a_bg.gif HTTP/1.1" 200 1194
180.164.1.25 - - [09/Jan/2024:10:38:35 +0800] "GET /xingrg/javascript/jquery_easy_ui/themes/icons/print.png HTTP/1.1" 200 1057
180.164.1.25 - - [09/Jan/2024:10:38:35 +0800] "GET /xingrg/javascript/jquery_easy_ui/themes/default/images/menu_downarrow.png HTTP/1.1" 200 173
180.164.1.25 - - [09/Jan/2024:10:38:35 +0800] "POST /xingrg/dwr/call/plaincall/AjaxReportQueryService.getFixDate.dwr HTTP/1.1" 200 111
180.164.1.25 - - [09/Jan/2024:10:38:35 +0800] "GET /xingrg/javascript/jquery_easy_ui/themes/default/images/combo_arrow_dot.gif HTTP/1.1" 200 79
180.164.1.25 - - [09/Jan/2024:10:38:36 +0800] "POST /xingrg/dwr/call/plaincall/AjaxReportQueryService.getInitString.dwr HTTP/1.1" 200 1167
180.164.1.25 - - [09/Jan/2024:10:38:36 +0800] "POST /xingrg/all/common/load_tree.html?tree=materiel_sort_tree_json HTTP/1.1" 200 9617
180.164.1.25 - - [09/Jan/2024:10:38:36 +0800] "GET /xingrg/javascript/multi_select/dropdown.gif HTTP/1.1" 200 61
180.164.1.25 - - [09/Jan/2024:10:38:36 +0800] "POST /xingrg/all/common/load_tree.html?tree=supplier_tree_json&manage=1 HTTP/1.1" 200 79575
180.164.1.25 - - [09/Jan/2024:10:38:36 +0800] "GET /xingrg/javascript/jquery_easy_ui/themes/default/images/tree_checkbox_0.gif HTTP/1.1" 200 168
124.78.68.102 - - [09/Jan/2024:10:38:36 +0800] "GET /xingrg/all/function/internal_message.html?_=1704767916409&CODE_STATE=getMsg HTTP/1.1" 200 27
221.239.172.206 - - [09/Jan/2024:10:38:36 +0800] "GET /xingrg/check_reg.html?_=1704767916574 HTTP/1.1" 200 22
39.144.107.133 - - [09/Jan/2024:10:38:37 +0800] "GET /xingrg/all/function/internal_message.html?_=1704767917091&CODE_STATE=getMsg HTTP/1.1" 200 27
101.228.146.191 - - [09/Jan/2024:10:38:37 +0800] "GET /xingrg/all/function/internal_message.html?_=1704767916164&CODE_STATE=getMsg HTTP/1.1" 200 27
180.164.1.25 - - [09/Jan/2024:10:38:39 +0800] "POST /xingrg/dwr/call/plaincall/AjaxReportQueryService.getFixDate.dwr HTTP/1.1" 200 111
180.164.1.25 - - [09/Jan/2024:10:38:39 +0800] "GET /xingrg/javascript/multi_select/dropdown_hover.gif HTTP/1.1" 200 61
101.83.145.37 - - [09/Jan/2024:10:38:40 +0800] "GET /xingrg/all/function/internal_message.html?_=1704767922016&CODE_STATE=getMsg HTTP/1.1" 200 27
222.69.133.109 - - [09/Jan/2024:10:38:44 +0800] "GET /xingrg/all/function/internal_message.html?_=1704767926307&CODE_STATE=getMsg HTTP/1.1" 200 27
180.164.1.25 - - [09/Jan/2024:10:38:45 +0800] "GET /xingrg/all/function/internal_message.html?_=1704767924607&CODE_STATE=getMsg HTTP/1.1" 200 27
222.70.115.1 - - [09/Jan/2024:10:38:45 +0800] "GET /xingrg/all/function/internal_message.html?_=1704767927927&CODE_STATE=getMsg HTTP/1.1" 200 27
114.83.221.243 - - [09/Jan/2024:10:38:49 +0800] "GET /xingrg/all/function/internal_message.html?_=1704767929028&CODE_STATE=getMsg HTTP/1.1" 200 27
114.83.221.243 - - [09/Jan/2024:10:38:50 +0800] "GET /xingrg/check_reg.html?_=1704767930061 HTTP/1.1" 200 22
180.164.1.25 - - [09/Jan/2024:10:38:51 +0800] "GET /xingrg/javascript/jquery_easy_ui/themes/default/images/tree_checkbox_2.gif HTTP/1.1" 200 181
180.164.1.25 - - [09/Jan/2024:10:38:51 +0800] "GET /xingrg/javascript/jquery_easy_ui/themes/default/images/tree_checkbox_1.gif HTTP/1.1" 200 174
180.164.1.25 - - [09/Jan/2024:10:38:53 +0800] "POST /xingrg/dwr/call/plaincall/AjaxReportQueryService.refreshCache.dwr HTTP/1.1" 200 78
116.232.193.168 - - [09/Jan/2024:10:38:57 +0800] "GET /xingrg/all/function/internal_message.html?_=1704767885916&CODE_STATE=getMsg HTTP/1.1" 200 27
222.70.180.200 - - [09/Jan/2024:10:38:58 +0800] "GET /xingrg/check_reg.html?_=1704767937906 HTTP/1.1" 200 22
180.164.1.25 - - [09/Jan/2024:10:38:59 +0800] "POST /xingrg/all/report/load_report_page.html HTTP/1.1" 200 124311
180.164.1.25 - - [09/Jan/2024:10:38:59 +0800] "GET /xingrg/servlets/image?cache=0.17013271350281522&image=px HTTP/1.1" 200 807
124.77.240.111 - - [09/Jan/2024:10:39:00 +0800] "GET /xingrg/kc/buy/cgsh_order_operate.html?command=get_materiel&rest_code=00146&code=00101004030&supplier_code=00100199&order_time=2024-01-09 HTTP/1.1" 200 427
221.239.172.206 - - [09/Jan/2024:10:39:00 +0800] "GET /xingrg/all/function/internal_message.html?_=1704767940274&CODE_STATE=getMsg HTTP/1.1" 200 27
222.70.180.200 - - [09/Jan/2024:10:39:04 +0800] "GET /xingrg/all/function/internal_message.html?_=1704767943802&CODE_STATE=getMsg HTTP/1.1" 200 27
124.77.240.111 - - [09/Jan/2024:10:39:08 +0800] "GET /xingrg/all/function/internal_message.html?_=1704767956853&CODE_STATE=getMsg HTTP/1.1" 200 27
114.95.241.104 - - [09/Jan/2024:10:39:10 +0800] "GET /xingrg/all/function/internal_message.html?_=1704767950663&CODE_STATE=getMsg HTTP/1.1" 200 27
124.78.154.219 - - [09/Jan/2024:10:39:11 +0800] "GET /xingrg/all/function/internal_message.html?_=1704767950539&CODE_STATE=getMsg HTTP/1.1" 200 27
124.77.240.111 - - [09/Jan/2024:10:39:13 +0800] "GET /xingrg/kc/buy/cgsh_order_operate.html?command=get_materiel&rest_code=00146&code=00101004020&supplier_code=00100199&order_time=2024-01-09 HTTP/1.1" 200 409
81.71.5.172 - - [09/Jan/2024:10:39:18 +0800] "GET /xingrg/kc/buy/buy_main.html HTTP/1.1" 302 -
180.152.241.32 - - [09/Jan/2024:10:39:19 +0800] "GET /xingrg/all/function/internal_message.html?_=1704767959945&CODE_STATE=getMsg HTTP/1.1" 200 27
180.164.1.25 - - [09/Jan/2024:10:39:20 +0800] "GET /xingrg/javascript/jquery_easy_ui/themes/default/images/tabs_active.png HTTP/1.1" 200 2894
114.95.241.104 - - [09/Jan/2024:10:39:22 +0800] "GET /xingrg/all/function/internal_message.html?_=1704767962024&CODE_STATE=getMsg HTTP/1.1" 200 27
106.55.202.193 - - [09/Jan/2024:10:39:24 +0800] "GET /xingrg/login.html HTTP/1.1" 200 7641
116.232.193.168 - - [09/Jan/2024:10:39:27 +0800] "GET /xingrg/all/function/internal_message.html?_=1704767915494&CODE_STATE=getMsg HTTP/1.1" 200 27
120.253.135.82 - - [09/Jan/2024:10:39:27 +0800] "GET /xingrg/all/function/internal_message.html?_=1704768127750&CODE_STATE=getMsg HTTP/1.1" 200 27
101.83.145.37 - - [09/Jan/2024:10:39:33 +0800] "GET /xingrg/all/function/internal_message.html?_=1704767740513&CODE_STATE=getMsg HTTP/1.1" 200 27
180.171.56.87 - - [09/Jan/2024:10:39:34 +0800] "GET /xingrg/all/function/internal_message.html?_=1704767975793&CODE_STATE=getMsg HTTP/1.1" 200 27
124.78.68.102 - - [09/Jan/2024:10:39:36 +0800] "GET /xingrg/all/function/internal_message.html?_=1704767976387&CODE_STATE=getMsg HTTP/1.1" 200 27
39.144.107.133 - - [09/Jan/2024:10:39:37 +0800] "GET /xingrg/all/function/internal_message.html?_=1704767977098&CODE_STATE=getMsg HTTP/1.1" 200 27
101.228.146.191 - - [09/Jan/2024:10:39:37 +0800] "GET /xingrg/all/function/internal_message.html?_=1704767976164&CODE_STATE=getMsg HTTP/1.1" 200 27
101.83.145.37 - - [09/Jan/2024:10:39:40 +0800] "GET /xingrg/all/function/internal_message.html?_=1704767982018&CODE_STATE=getMsg HTTP/1.1" 200 27
180.164.1.25 - - [09/Jan/2024:10:39:42 +0800] "POST /xingrg/dwr/call/plaincall/AjaxReportQueryService.refreshCache.dwr HTTP/1.1" 200 78
222.69.133.109 - - [09/Jan/2024:10:39:44 +0800] "GET /xingrg/all/function/internal_message.html?_=1704767986309&CODE_STATE=getMsg HTTP/1.1" 200 27
180.164.1.25 - - [09/Jan/2024:10:39:45 +0800] "GET /xingrg/all/function/internal_message.html?_=1704767984582&CODE_STATE=getMsg HTTP/1.1" 200 27
222.70.115.1 - - [09/Jan/2024:10:39:45 +0800] "GET /xingrg/all/function/internal_message.html?_=1704767987932&CODE_STATE=getMsg HTTP/1.1" 200 27
180.164.1.25 - - [09/Jan/2024:10:39:47 +0800] "POST /xingrg/all/report/load_report_page.html HTTP/1.1" 200 27720
180.164.1.25 - - [09/Jan/2024:10:39:47 +0800] "GET /xingrg/servlets/image?cache=0.23897952600806982&image=px HTTP/1.1" 200 807
114.83.221.243 - - [09/Jan/2024:10:39:49 +0800] "GET /xingrg/all/function/internal_message.html?_=1704767989008&CODE_STATE=getMsg HTTP/1.1" 200 27
180.164.1.25 - - [09/Jan/2024:10:39:50 +0800] "GET /xingrg/all/report/report_query.html?isQuery=1&fileName=kc/buy/wlcg_cate_hz.xml&queryString=(CONVERT(char(10)%252Ca.order_time%252C%2520120)%253E%253D'2023-12-01')%2520and%2520(CONVERT(char(10)%252Ca.order_time%252C%2520120)%253C%253D'2023-12-31')%2520and%2520(a.supplier_code%2520in%2520('00100085'%252C'00100087'%252C'00100088'%252C'00100090'%252C'00100091'%252C'00100092'%252C'00100093'%252C'00100094'%252C'00100211'))%2520and%2520(a.number%253E0%2520and%2520a.supplier_code%253D'00100085')&queryText=%25E3%2580%2590%25E9%2587%2587%25E8%25B4%25AD%25E6%2597%25A5%25E6%259C%259F%253A2023-12-01%2520%25E8%2587%25B3%25202023-12-31%25E3%2580%2591%2520%25E5%25B9%25B6%25E4%25B8%2594%2520%2520%25E3%2580%2590%25E4%25BE%259B%25E5%25BA%2594%25E5%2595%2586%2520%253D%2520%25E5%25B0%258F%25E6%259D%258E%25E8%259A%258C%25EF%25BC%2588%25E6%259D%258E%25E6%2598%258E%25E6%2597%25BA%25EF%25BC%2589%252C%25E9%25BE%2599%25E8%2599%25BE%25EF%25BC%2588%25E9%2583%2591%25E6%25B5%25B7%25E6%25BB%25A8%25EF%25BC%2589%252C%25E6%25A2%25AD%25E5%25AD%2590%25E8%259F%25B9%25EF%25BC%2588%25E6%259D%258E%25E5%25AE%2589%25E6%25B9%2598%25EF%25BC%2589%252C%25E6%25B5%25B7%25E6%2599%25AF%25E6%25B0%25B4%25E4%25BA%25A7%25EF%25BC%2588%25E6%25A2%2581%25E5%25BB%25BA%25E9%2582%25A6%25EF%25BC%2589%252C%25E5%258D%2597%25E5%25AE%2589%25E6%25B0%25B4%25E4%25BA%25A7%25EF%25BC%2588%25E9%2599%2588%25E7%258E%2589%25E7%25A7%2580%25EF%25BC%2589%252C%25E9%259D%2592%25E8%2586%258F%25E8%259F%25B9%25EF%25BC%2588%25E8%25B0%25A2%25E7%259F%25B3%25E5%258D%258E%25EF%25BC%2589%252C%25E5%25B0%258F%25E5%25AE%2581%25E6%25B3%25A2%25EF%25BC%2588%25E4%25BD%2595%25E7%2588%25B1%25E4%25BC%259F%25EF%25BC%2589%252C%25E6%25B5%25B7%25E5%258D%2587%25EF%25BC%2588%25E9%2583%2591%25E5%25B0%258F%25E8%259D%25B6%25EF%25BC%2589%252C%25E5%25BE%25B7%25E7%25BC%2598%25E7%2587%2595%25E9%25B2%258D%25E7%25BF%2585%25E8%25A1%258C%25E3%2580%2591%2520%25E5%25B9%25B6%25E4%25B8%2594%2520%25E3%2580%2590%25E4%25BE%259B%25E5%25BA%2594%25E5%2595%2586%253D%25E5%25B0%258F%25E6%259D%258E%25E8%259A%258C%25EF%25BC%2588%25E6%259D%258E%25E6%2598%258E%25E6%2597%25BA%25EF%25BC%2589%25E3%2580%2591 HTTP/1.1" 200 54840
180.164.1.25 - - [09/Jan/2024:10:39:50 +0800] "GET /xingrg/dwr/interface/AjaxReportQueryService.js HTTP/1.1" 200 13203
180.164.1.25 - - [09/Jan/2024:10:39:50 +0800] "GET /xingrg/dwr/engine.js HTTP/1.1" 200 43631
124.77.240.111 - - [09/Jan/2024:10:39:55 +0800] "POST /xingrg/kc/buy/cgsh_order_operate.html HTTP/1.1" 200 37
180.164.1.25 - - [09/Jan/2024:10:39:55 +0800] "POST /xingrg/all/report/load_report_page.html HTTP/1.1" 200 8714
180.164.1.25 - - [09/Jan/2024:10:39:55 +0800] "GET /xingrg/servlets/image?cache=0.8323366626259384&image=px HTTP/1.1" 200 807
116.232.193.168 - - [09/Jan/2024:10:39:57 +0800] "GET /xingrg/all/function/internal_message.html?_=1704767945897&CODE_STATE=getMsg HTTP/1.1" 200 27
221.239.172.206 - - [09/Jan/2024:10:40:00 +0800] "GET /xingrg/all/function/internal_message.html?_=1704768000259&CODE_STATE=getMsg HTTP/1.1" 200 27
116.232.193.168 - - [09/Jan/2024:10:40:02 +0800] "GET /xingrg/check_reg.html?_=1704767950500 HTTP/1.1" 200 22
114.95.241.104 - - [09/Jan/2024:10:40:02 +0800] "GET /xingrg/kc/buy/cgsh_order_operate.html?command=get_materiel&rest_code=00151&code=00101011005&supplier_code=00100047&order_time=2024-01-09 HTTP/1.1" 200 428
222.70.180.200 - - [09/Jan/2024:10:40:04 +0800] "GET /xingrg/all/function/internal_message.html?_=1704768003780&CODE_STATE=getMsg HTTP/1.1" 200 27
114.95.241.104 - - [09/Jan/2024:10:40:10 +0800] "GET /xingrg/all/function/internal_message.html?_=1704768010646&CODE_STATE=getMsg HTTP/1.1" 200 27
124.78.154.219 - - [09/Jan/2024:10:40:11 +0800] "GET /xingrg/all/function/internal_message.html?_=1704768010532&CODE_STATE=getMsg HTTP/1.1" 200 27
114.95.241.104 - - [09/Jan/2024:10:40:16 +0800] "GET /xingrg/kc/buy/cgsh_order_operate.html?command=get_materiel&rest_code=00151&code=00101011001&supplier_code=00100047&order_time=2024-01-09 HTTP/1.1" 200 444
124.77.240.111 - - [09/Jan/2024:10:40:19 +0800] "POST /xingrg/kc/buy/cgsh_order_operate.html HTTP/1.1" 200 5020
180.152.241.32 - - [09/Jan/2024:10:40:19 +0800] "GET /xingrg/all/function/internal_message.html?_=1704768019920&CODE_STATE=getMsg HTTP/1.1" 200 27
114.95.241.104 - - [09/Jan/2024:10:40:22 +0800] "GET /xingrg/all/function/internal_message.html?_=1704768022015&CODE_STATE=getMsg HTTP/1.1" 200 27
114.95.241.104 - - [09/Jan/2024:10:40:22 +0800] "GET /xingrg/check_reg.html?_=1704768022018 HTTP/1.1" 200 22
124.77.240.111 - - [09/Jan/2024:10:40:24 +0800] "GET /xingrg/all/function/internal_message.html?_=1704768032263&CODE_STATE=getMsg HTTP/1.1" 200 27
114.95.241.104 - - [09/Jan/2024:10:40:25 +0800] "GET /xingrg/kc/buy/cgsh_order_operate.html?command=get_materiel&rest_code=00151&code=00101011010&supplier_code=00100047&order_time=2024-01-09 HTTP/1.1" 200 418
124.77.240.111 - - [09/Jan/2024:10:40:25 +0800] "GET /xingrg/kc/print/load_data.html?order_code=212024010903292&kc_code=cgsh&condition= HTTP/1.1" 200 1568
116.232.193.168 - - [09/Jan/2024:10:40:27 +0800] "GET /xingrg/all/function/internal_message.html?_=1704767975493&CODE_STATE=getMsg HTTP/1.1" 200 27
116.232.193.168 - - [09/Jan/2024:10:40:27 +0800] "GET /xingrg/check_reg.html?_=1704767975496 HTTP/1.1" 200 22
120.253.135.82 - - [09/Jan/2024:10:40:27 +0800] "GET /xingrg/all/function/internal_message.html?_=1704768187757&CODE_STATE=getMsg HTTP/1.1" 200 27
101.83.145.37 - - [09/Jan/2024:10:40:33 +0800] "GET /xingrg/all/function/internal_message.html?_=1704767800513&CODE_STATE=getMsg HTTP/1.1" 200 27
114.95.241.104 - - [09/Jan/2024:10:40:34 +0800] "POST /xingrg/kc/buy/cgsh_order_operate.html HTTP/1.1" 200 37
180.171.56.87 - - [09/Jan/2024:10:40:34 +0800] "GET /xingrg/all/function/internal_message.html?_=1704768035796&CODE_STATE=getMsg HTTP/1.1" 200 27
180.171.56.87 - - [09/Jan/2024:10:40:34 +0800] "GET /xingrg/check_reg.html?_=1704768035799 HTTP/1.1" 200 22
124.78.68.102 - - [09/Jan/2024:10:40:36 +0800] "GET /xingrg/all/function/internal_message.html?_=1704768036366&CODE_STATE=getMsg HTTP/1.1" 200 27
39.144.107.133 - - [09/Jan/2024:10:40:37 +0800] "GET /xingrg/all/function/internal_message.html?_=1704768037093&CODE_STATE=getMsg HTTP/1.1" 200 27
101.228.146.191 - - [09/Jan/2024:10:40:37 +0800] "GET /xingrg/all/function/internal_message.html?_=1704768036162&CODE_STATE=getMsg HTTP/1.1" 200 27
124.77.240.111 - - [09/Jan/2024:10:40:37 +0800] "GET /xingrg/kc/buy/cgsh_order_add.html HTTP/1.1" 200 72894
124.77.240.111 - - [09/Jan/2024:10:40:38 +0800] "POST /xingrg/kc/buy/cgsh_order_operate.html HTTP/1.1" 200 8245
124.77.240.111 - - [09/Jan/2024:10:40:38 +0800] "GET /xingrg/javascript/easyui/themes/default/validatebox.css HTTP/1.1" 404 1104
101.83.145.37 - - [09/Jan/2024:10:40:40 +0800] "GET /xingrg/all/function/internal_message.html?_=1704768042019&CODE_STATE=getMsg HTTP/1.1" 200 27
180.164.1.25 - - [09/Jan/2024:10:40:42 +0800] "GET /xingrg/check_reg.html?_=1704768041120 HTTP/1.1" 200 22
114.95.241.104 - - [09/Jan/2024:10:40:43 +0800] "POST /xingrg/kc/buy/cgsh_order_operate.html HTTP/1.1" 200 12
222.69.133.109 - - [09/Jan/2024:10:40:44 +0800] "GET /xingrg/all/function/internal_message.html?_=1704768046298&CODE_STATE=getMsg HTTP/1.1" 200 27
180.164.1.25 - - [09/Jan/2024:10:40:45 +0800] "GET /xingrg/all/function/internal_message.html?_=1704768044571&CODE_STATE=getMsg HTTP/1.1" 200 27
114.95.241.104 - - [09/Jan/2024:10:40:45 +0800] "GET /xingrg/kc/buy/cgsh_order_info.html?code=212024010903293 HTTP/1.1" 200 67401
222.70.115.1 - - [09/Jan/2024:10:40:45 +0800] "GET /xingrg/check_reg.html?_=1704768047938 HTTP/1.1" 200 22
222.70.115.1 - - [09/Jan/2024:10:40:45 +0800] "GET /xingrg/all/function/internal_message.html?_=1704768047946&CODE_STATE=getMsg HTTP/1.1" 200 27
114.95.241.104 - - [09/Jan/2024:10:40:45 +0800] "GET /xingrg/javascript/easyui/themes/default/validatebox.css HTTP/1.1" 404 1104
114.95.241.104 - - [09/Jan/2024:10:40:46 +0800] "POST /xingrg/kc/buy/cgsh_order_operate.html HTTP/1.1" 200 1828
114.95.241.104 - - [09/Jan/2024:10:40:48 +0800] "GET /xingrg/kc/print/load_data.html?order_code=212024010903293&kc_code=cgsh&condition= HTTP/1.1" 200 1244
114.83.221.243 - - [09/Jan/2024:10:40:49 +0800] "GET /xingrg/all/function/internal_message.html?_=1704768048993&CODE_STATE=getMsg HTTP/1.1" 200 27
114.95.241.104 - - [09/Jan/2024:10:40:53 +0800] "GET /xingrg/kc/base/yddb_order_list.html HTTP/1.1" 200 16663
114.95.241.104 - - [09/Jan/2024:10:40:54 +0800] "POST /xingrg/kc/base/yddb_list_operate.html HTTP/1.1" 200 636
114.95.241.104 - - [09/Jan/2024:10:40:55 +0800] "GET /xingrg/kc/base/yddb_order_add.html HTTP/1.1" 200 30041
114.95.241.104 - - [09/Jan/2024:10:40:55 +0800] "GET /xingrg/dwr/interface/AjaxComOrderService.js HTTP/1.1" 200 18264
114.95.241.104 - - [09/Jan/2024:10:40:55 +0800] "GET /xingrg/dwr/interface/AjaxYddbService.js HTTP/1.1" 200 13201
114.95.241.104 - - [09/Jan/2024:10:40:55 +0800] "GET /xingrg/dwr/engine.js HTTP/1.1" 200 43631
116.232.193.168 - - [09/Jan/2024:10:40:57 +0800] "GET /xingrg/all/function/internal_message.html?_=1704768005894&CODE_STATE=getMsg HTTP/1.1" 200 27
221.239.172.206 - - [09/Jan/2024:10:41:00 +0800] "GET /xingrg/all/function/internal_message.html?_=1704768060252&CODE_STATE=getMsg HTTP/1.1" 200 27
222.70.180.200 - - [09/Jan/2024:10:41:04 +0800] "GET /xingrg/all/function/internal_message.html?_=1704768063759&CODE_STATE=getMsg HTTP/1.1" 200 27
114.95.241.104 - - [09/Jan/2024:10:41:10 +0800] "GET /xingrg/all/function/internal_message.html?_=1704768070658&CODE_STATE=getMsg HTTP/1.1" 200 27
124.78.154.219 - - [09/Jan/2024:10:41:11 +0800] "GET /xingrg/all/function/internal_message.html?_=1704768070534&CODE_STATE=getMsg HTTP/1.1" 200 27
124.77.240.111 - - [09/Jan/2024:10:41:16 +0800] "GET /xingrg/check_reg.html?_=1704768084789 HTTP/1.1" 200 22
180.152.241.32 - - [09/Jan/2024:10:41:19 +0800] "GET /xingrg/all/function/internal_message.html?_=1704768079900&CODE_STATE=getMsg HTTP/1.1" 200 27
180.164.1.25 - - [09/Jan/2024:10:41:21 +0800] "GET /xingrg/kc/mdqp/qqps_order_list.html HTTP/1.1" 200 9222
180.164.1.25 - - [09/Jan/2024:10:41:21 +0800] "GET /xingrg/dwr/interface/AjaxQqpsService.js HTTP/1.1" 200 16326
180.164.1.25 - - [09/Jan/2024:10:41:21 +0800] "GET /xingrg/javascript/ToolTips.js HTTP/1.1" 200 5615
180.164.1.25 - - [09/Jan/2024:10:41:21 +0800] "GET /xingrg/dwr/engine.js HTTP/1.1" 200 43631
114.95.241.104 - - [09/Jan/2024:10:41:22 +0800] "GET /xingrg/all/function/internal_message.html?_=1704768082029&CODE_STATE=getMsg HTTP/1.1" 200 27
180.164.1.25 - - [09/Jan/2024:10:41:24 +0800] "GET /xingrg/dwr/interface/AjaxReportQueryService.js HTTP/1.1" 200 13203
124.77.240.111 - - [09/Jan/2024:10:41:24 +0800] "GET /xingrg/all/function/internal_message.html?_=1704768092276&CODE_STATE=getMsg HTTP/1.1" 200 27
180.164.1.25 - - [09/Jan/2024:10:41:24 +0800] "GET /xingrg/javascript/jquery_easy_ui/themes/icons/edit_add_new.png HTTP/1.1" 200 2997
180.164.1.25 - - [09/Jan/2024:10:41:24 +0800] "GET /xingrg/javascript/jquery_easy_ui/themes/icons/check_new.png HTTP/1.1" 200 3224
180.164.1.25 - - [09/Jan/2024:10:41:24 +0800] "GET /xingrg/javascript/jquery_easy_ui/themes/icons/uncheck_new.png HTTP/1.1" 200 3197
180.164.1.25 - - [09/Jan/2024:10:41:24 +0800] "GET /xingrg/javascript/jquery_easy_ui/themes/icons/cance_new.png HTTP/1.1" 200 3986
180.164.1.25 - - [09/Jan/2024:10:41:25 +0800] "GET /xingrg/javascript/jquery_easy_ui/themes/default/images/button_plain_hover.png HTTP/1.1" 200 252
180.164.1.25 - - [09/Jan/2024:10:41:26 +0800] "GET /xingrg/kc/mdqp/qqps_order_add.html HTTP/1.1" 200 28241
180.164.1.25 - - [09/Jan/2024:10:41:26 +0800] "GET /xingrg/javascript/tools/jquery.qtip-1.0.0-rc3.min.js HTTP/1.1" 200 38404
180.164.1.25 - - [09/Jan/2024:10:41:26 +0800] "GET /xingrg/dwr/interface/AjaxQqpsService.js HTTP/1.1" 200 16326
180.164.1.25 - - [09/Jan/2024:10:41:26 +0800] "GET /xingrg/dwr/interface/AjaxComOrderService.js HTTP/1.1" 200 18264
180.164.1.25 - - [09/Jan/2024:10:41:26 +0800] "GET /xingrg/dwr/engine.js HTTP/1.1" 200 43631
180.164.1.25 - - [09/Jan/2024:10:41:26 +0800] "GET /xingrg/javascript/AjaxInfoList.js HTTP/1.1" 200 3774
180.164.1.25 - - [09/Jan/2024:10:41:26 +0800] "GET /xingrg/javascript/Grid.js HTTP/1.1" 200 58908
116.232.193.168 - - [09/Jan/2024:10:41:27 +0800] "GET /xingrg/all/function/internal_message.html?_=1704768035489&CODE_STATE=getMsg HTTP/1.1" 200 27
120.253.135.82 - - [09/Jan/2024:10:41:27 +0800] "GET /xingrg/check_reg.html?_=1704768247757 HTTP/1.1" 200 22
120.253.135.82 - - [09/Jan/2024:10:41:27 +0800] "GET /xingrg/all/function/internal_message.html?_=1704768247755&CODE_STATE=getMsg HTTP/1.1" 200 27
180.164.1.25 - - [09/Jan/2024:10:41:27 +0800] "GET /xingrg/javascript/jquery_easy_ui/themes/icons/template_new.png HTTP/1.1" 200 3956
180.164.1.25 - - [09/Jan/2024:10:41:27 +0800] "GET /xingrg/javascript/jquery_easy_ui/themes/icons/ok.png HTTP/1.1" 200 883
180.164.1.25 - - [09/Jan/2024:10:41:27 +0800] "GET /xingrg/javascript/jquery_easy_ui/themes/icons/copy_new.png HTTP/1.1" 200 815
180.164.1.25 - - [09/Jan/2024:10:41:27 +0800] "GET /xingrg/images/blue/button/kc_tab_add.gif HTTP/1.1" 200 375
180.164.1.25 - - [09/Jan/2024:10:41:27 +0800] "GET /xingrg/images/blue/button/kc_tab_edit.gif HTTP/1.1" 200 551
180.164.1.25 - - [09/Jan/2024:10:41:27 +0800] "GET /xingrg/images/blue/button/kc_tab_del.gif HTTP/1.1" 200 383
180.164.1.25 - - [09/Jan/2024:10:41:27 +0800] "GET /xingrg/images/blue/button/kc_tab_save.gif HTTP/1.1" 200 777
180.164.1.25 - - [09/Jan/2024:10:41:27 +0800] "GET /xingrg/images/blue/kc_tab_left.gif HTTP/1.1" 200 188
180.164.1.25 - - [09/Jan/2024:10:41:27 +0800] "GET /xingrg/images/blue/kc_tab_mid.gif HTTP/1.1" 200 44
180.164.1.25 - - [09/Jan/2024:10:41:27 +0800] "GET /xingrg/images/blue/kc_tab2_left.gif HTTP/1.1" 200 625
180.164.1.25 - - [09/Jan/2024:10:41:27 +0800] "GET /xingrg/images/blue/kc_tab_right.gif HTTP/1.1" 200 643
180.164.1.25 - - [09/Jan/2024:10:41:27 +0800] "GET /xingrg/images/blue/kc_tab2_right.gif HTTP/1.1" 200 192
101.83.145.37 - - [09/Jan/2024:10:41:33 +0800] "GET /xingrg/all/function/internal_message.html?_=1704767860514&CODE_STATE=getMsg HTTP/1.1" 200 27
180.171.56.87 - - [09/Jan/2024:10:41:34 +0800] "GET /xingrg/all/function/internal_message.html?_=1704768095799&CODE_STATE=getMsg HTTP/1.1" 200 27
180.164.1.25 - - [09/Jan/2024:10:41:36 +0800] "GET /xingrg/images/blue/wait.gif HTTP/1.1" 200 1100
124.78.68.102 - - [09/Jan/2024:10:41:36 +0800] "GET /xingrg/all/function/internal_message.html?_=1704768096353&CODE_STATE=getMsg HTTP/1.1" 200 27
180.164.1.25 - - [09/Jan/2024:10:41:36 +0800] "POST /xingrg/dwr/call/plaincall/AjaxQqpsService.saveOrder.dwr HTTP/1.1" 200 78
39.144.107.133 - - [09/Jan/2024:10:41:37 +0800] "GET /xingrg/all/function/internal_message.html?_=1704768097092&CODE_STATE=getMsg HTTP/1.1" 200 27
101.228.146.191 - - [09/Jan/2024:10:41:37 +0800] "GET /xingrg/check_reg.html?_=1704768096162 HTTP/1.1" 200 22
101.228.146.191 - - [09/Jan/2024:10:41:37 +0800] "GET /xingrg/all/function/internal_message.html?_=1704768096161&CODE_STATE=getMsg HTTP/1.1" 200 27
101.83.145.37 - - [09/Jan/2024:10:41:40 +0800] "GET /xingrg/all/function/internal_message.html?_=1704768102020&CODE_STATE=getMsg HTTP/1.1" 200 27
180.164.1.25 - - [09/Jan/2024:10:41:40 +0800] "GET /xingrg/javascript/auto/indicator.gif HTTP/1.1" 404 1066
180.164.1.25 - - [09/Jan/2024:10:41:41 +0800] "POST /xingrg/dwr/call/plaincall/AjaxQqpsService.getMaterielByCode.dwr HTTP/1.1" 200 2954
222.69.133.109 - - [09/Jan/2024:10:41:44 +0800] "GET /xingrg/all/function/internal_message.html?_=1704768106299&CODE_STATE=getMsg HTTP/1.1" 200 27
222.69.133.109 - - [09/Jan/2024:10:41:44 +0800] "GET /xingrg/check_reg.html?_=1704768106302 HTTP/1.1" 200 22
180.164.1.25 - - [09/Jan/2024:10:41:45 +0800] "GET /xingrg/all/function/internal_message.html?_=1704768104555&CODE_STATE=getMsg HTTP/1.1" 200 27
222.70.115.1 - - [09/Jan/2024:10:41:45 +0800] "GET /xingrg/all/function/internal_message.html?_=1704768107959&CODE_STATE=getMsg HTTP/1.1" 200 27
114.83.221.243 - - [09/Jan/2024:10:41:49 +0800] "GET /xingrg/all/function/internal_message.html?_=1704768108982&CODE_STATE=getMsg HTTP/1.1" 200 27
180.164.1.25 - - [09/Jan/2024:10:41:52 +0800] "POST /xingrg/dwr/call/plaincall/AjaxQqpsService.saveMaterielItem.dwr HTTP/1.1" 200 78
116.232.193.168 - - [09/Jan/2024:10:41:57 +0800] "GET /xingrg/all/function/internal_message.html?_=1704768065878&CODE_STATE=getMsg HTTP/1.1" 200 27
221.239.172.206 - - [09/Jan/2024:10:42:00 +0800] "GET /xingrg/all/function/internal_message.html?_=1704768120236&CODE_STATE=getMsg HTTP/1.1" 200 27
124.77.240.111 - - [09/Jan/2024:10:42:01 +0800] "GET /xingrg/kc/buy/cgsh_order_operate.html?command=get_materiel&rest_code=00146&code=00101007059&supplier_code=00100002&order_time=2024-01-09 HTTP/1.1" 200 409
222.70.180.200 - - [09/Jan/2024:10:42:04 +0800] "GET /xingrg/all/function/internal_message.html?_=1704768123742&CODE_STATE=getMsg HTTP/1.1" 200 27
218.81.65.124 - - [09/Jan/2024:10:42:09 +0800] "GET /xingrg/index.html?sysBaseUrl=http%3A%2F%2F180.169.147.146%3A18081%2Fxingrg%2F&costTime=44×tamp=1622098168715 HTTP/1.1" 302 -
218.81.65.124 - - [09/Jan/2024:10:42:09 +0800] "GET /xingrg/login.html HTTP/1.1" 200 7641
218.81.65.124 - - [09/Jan/2024:10:42:09 +0800] "GET /favicon.ico HTTP/1.1" 404 -
114.95.241.104 - - [09/Jan/2024:10:42:10 +0800] "GET /xingrg/check_reg.html?_=1704768130651 HTTP/1.1" 200 22
114.95.241.104 - - [09/Jan/2024:10:42:10 +0800] "GET /xingrg/all/function/internal_message.html?_=1704768130653&CODE_STATE=getMsg HTTP/1.1" 200 27
124.78.154.219 - - [09/Jan/2024:10:42:11 +0800] "GET /xingrg/all/function/internal_message.html?_=1704768130533&CODE_STATE=getMsg HTTP/1.1" 200 27
218.81.65.124 - - [09/Jan/2024:10:42:14 +0800] "POST /xingrg/login.do HTTP/1.1" 302 -
218.81.65.124 - - [09/Jan/2024:10:42:14 +0800] "GET /xingrg/index.html?sysBaseUrl=http%3A%2F%2F180.169.147.146%3A18081%2Fxingrg%2F&costTime=823×tamp=1704768134105 HTTP/1.1" 200 17179
218.81.65.124 - - [09/Jan/2024:10:42:14 +0800] "GET /favicon.ico HTTP/1.1" 404 -
218.81.65.124 - - [09/Jan/2024:10:42:14 +0800] "GET /xingrg/all/function/internal_message.html?_=1704768138345&CODE_STATE=count HTTP/1.1" 200 11
218.81.65.124 - - [09/Jan/2024:10:42:14 +0800] "GET /xingrg/check_reg.html?_=1704768138345 HTTP/1.1" 200 22
218.81.65.124 - - [09/Jan/2024:10:42:14 +0800] "POST /xingrg/all/common/load_tree.html?tree=area_rest_tree_json&manage=1 HTTP/1.1" 200 351
218.81.65.124 - - [09/Jan/2024:10:42:14 +0800] "POST /xingrg/load_menu.html HTTP/1.1" 200 5138
180.152.241.32 - - [09/Jan/2024:10:42:19 +0800] "GET /xingrg/all/function/internal_message.html?_=1704768139870&CODE_STATE=getMsg HTTP/1.1" 200 27
114.95.241.104 - - [09/Jan/2024:10:42:22 +0800] "GET /xingrg/all/function/internal_message.html?_=1704768142033&CODE_STATE=getMsg HTTP/1.1" 200 27
218.81.65.124 - - [09/Jan/2024:10:42:22 +0800] "GET /xingrg/kc/buy/cgsh_order_list.html HTTP/1.1" 200 57118
124.77.240.111 - - [09/Jan/2024:10:42:24 +0800] "GET /xingrg/all/function/internal_message.html?_=1704768152291&CODE_STATE=getMsg HTTP/1.1" 200 27
218.81.65.124 - - [09/Jan/2024:10:42:25 +0800] "POST /xingrg/kc/buy/cgsh_list_operate.html HTTP/1.1" 200 986
116.232.193.168 - - [09/Jan/2024:10:42:27 +0800] "GET /xingrg/all/function/internal_message.html?_=1704768095481&CODE_STATE=getMsg HTTP/1.1" 200 27
120.253.135.82 - - [09/Jan/2024:10:42:27 +0800] "GET /xingrg/all/function/internal_message.html?_=1704768307761&CODE_STATE=getMsg HTTP/1.1" 200 27
101.83.145.37 - - [09/Jan/2024:10:42:33 +0800] "GET /xingrg/check_reg.html?_=1704767920514 HTTP/1.1" 200 22
101.83.145.37 - - [09/Jan/2024:10:42:33 +0800] "GET /xingrg/all/function/internal_message.html?_=1704767920517&CODE_STATE=getMsg HTTP/1.1" 200 27
180.171.56.87 - - [09/Jan/2024:10:42:34 +0800] "GET /xingrg/all/function/internal_message.html?_=1704768155803&CODE_STATE=getMsg HTTP/1.1" 200 27
124.78.68.102 - - [09/Jan/2024:10:42:36 +0800] "GET /xingrg/all/function/internal_message.html?_=1704768156337&CODE_STATE=getMsg HTTP/1.1" 200 27
222.70.180.200 - - [09/Jan/2024:10:42:37 +0800] "GET /xingrg/kc/buy/cgsh_order_list.html HTTP/1.1" 200 57112
39.144.107.133 - - [09/Jan/2024:10:42:37 +0800] "GET /xingrg/all/function/internal_message.html?_=1704768157110&CODE_STATE=getMsg HTTP/1.1" 200 27
39.144.107.133 - - [09/Jan/2024:10:42:37 +0800] "GET /xingrg/check_reg.html?_=1704768157118 HTTP/1.1" 200 22
101.228.146.191 - - [09/Jan/2024:10:42:37 +0800] "GET /xingrg/all/function/internal_message.html?_=1704768156160&CODE_STATE=getMsg HTTP/1.1" 200 27
222.70.180.200 - - [09/Jan/2024:10:42:39 +0800] "POST /xingrg/kc/buy/cgsh_list_operate.html HTTP/1.1" 200 986
101.83.145.37 - - [09/Jan/2024:10:42:40 +0800] "GET /xingrg/all/function/internal_message.html?_=1704768162021&CODE_STATE=getMsg HTTP/1.1" 200 27
101.83.145.37 - - [09/Jan/2024:10:42:40 +0800] "GET /xingrg/check_reg.html?_=1704768162025 HTTP/1.1" 200 22
180.164.1.25 - - [09/Jan/2024:10:42:43 +0800] "POST /xingrg/dwr/call/plaincall/AjaxQqpsService.checkOrder.dwr HTTP/1.1" 200 78
222.69.133.109 - - [09/Jan/2024:10:42:44 +0800] "GET /xingrg/all/function/internal_message.html?_=1704768166301&CODE_STATE=getMsg HTTP/1.1" 200 27
180.164.1.25 - - [09/Jan/2024:10:42:45 +0800] "GET /xingrg/all/function/internal_message.html?_=1704768164526&CODE_STATE=getMsg HTTP/1.1" 200 27
180.164.1.25 - - [09/Jan/2024:10:42:45 +0800] "GET /xingrg/kc/mdqp/qqps_order_info.html?code=302024010900152 HTTP/1.1" 200 26644
222.70.115.1 - - [09/Jan/2024:10:42:45 +0800] "GET /xingrg/all/function/internal_message.html?_=1704768167964&CODE_STATE=getMsg HTTP/1.1" 200 27
180.164.1.25 - - [09/Jan/2024:10:42:45 +0800] "GET /xingrg/dwr/interface/AjaxComOrderService.js HTTP/1.1" 200 18264
180.164.1.25 - - [09/Jan/2024:10:42:45 +0800] "GET /xingrg/dwr/interface/AjaxQqpsService.js HTTP/1.1" 200 16326
180.164.1.25 - - [09/Jan/2024:10:42:45 +0800] "GET /xingrg/dwr/engine.js HTTP/1.1" 200 43631
180.164.1.25 - - [09/Jan/2024:10:42:46 +0800] "POST /xingrg/dwr/call/plaincall/AjaxQqpsService.loadMaterielItems.dwr HTTP/1.1" 200 331
114.83.221.243 - - [09/Jan/2024:10:42:49 +0800] "GET /xingrg/all/function/internal_message.html?_=1704768168968&CODE_STATE=getMsg HTTP/1.1" 200 27
172.20.0.100 - - [09/Jan/2024:10:42:56 +0800] "GET /favicon.ico HTTP/1.1" 404 -
116.232.193.168 - - [09/Jan/2024:10:42:57 +0800] "GET /xingrg/all/function/internal_message.html?_=1704768125854&CODE_STATE=getMsg HTTP/1.1" 200 27
221.239.172.206 - - [09/Jan/2024:10:43:00 +0800] "GET /xingrg/all/function/internal_message.html?_=1704768180207&CODE_STATE=getMsg HTTP/1.1" 200 27
222.70.180.200 - - [09/Jan/2024:10:43:04 +0800] "GET /xingrg/all/function/internal_message.html?_=1704768183719&CODE_STATE=getMsg HTTP/1.1" 200 27
180.164.1.25 - - [09/Jan/2024:10:43:05 +0800] "GET /xingrg/images/yd/bt.gif HTTP/1.1" 404 1040
180.164.1.25 - - [09/Jan/2024:10:43:06 +0800] "GET /xingrg/kc/mdqp/qqps_order_list.html?isBack=1 HTTP/1.1" 200 9677
180.164.1.25 - - [09/Jan/2024:10:43:06 +0800] "GET /xingrg/dwr/interface/AjaxReportQueryService.js HTTP/1.1" 200 13203
180.164.1.25 - - [09/Jan/2024:10:43:06 +0800] "GET /xingrg/dwr/interface/AjaxQqpsService.js HTTP/1.1" 200 16326
180.164.1.25 - - [09/Jan/2024:10:43:06 +0800] "GET /xingrg/dwr/engine.js HTTP/1.1" 200 43631
114.95.241.104 - - [09/Jan/2024:10:43:10 +0800] "GET /xingrg/all/function/internal_message.html?_=1704768190666&CODE_STATE=getMsg HTTP/1.1" 200 27
124.78.154.219 - - [09/Jan/2024:10:43:11 +0800] "GET /xingrg/check_reg.html?_=1704768190545 HTTP/1.1" 200 22
124.78.154.219 - - [09/Jan/2024:10:43:11 +0800] "GET /xingrg/all/function/internal_message.html?_=1704768190543&CODE_STATE=getMsg HTTP/1.1" 200 27
218.81.65.124 - - [09/Jan/2024:10:43:14 +0800] "GET /xingrg/all/function/internal_message.html?_=1704768198351&CODE_STATE=getMsg HTTP/1.1" 200 27
180.152.241.32 - - [09/Jan/2024:10:43:19 +0800] "GET /xingrg/all/function/internal_message.html?_=1704768199850&CODE_STATE=getMsg HTTP/1.1" 200 27
124.77.240.111 - - [09/Jan/2024:10:43:20 +0800] "GET /xingrg/kc/buy/cgsh_order_operate.html?command=get_materiel&rest_code=00146&code=00101007061&supplier_code=00100002&order_time=2024-01-09 HTTP/1.1" 200 409
180.152.241.32 - - [09/Jan/2024:10:43:20 +0800] "GET /xingrg/check_reg.html?_=1704768201304 HTTP/1.1" 200 22
114.95.241.104 - - [09/Jan/2024:10:43:22 +0800] "GET /xingrg/all/function/internal_message.html?_=1704768202025&CODE_STATE=getMsg HTTP/1.1" 200 27
124.77.240.111 - - [09/Jan/2024:10:43:24 +0800] "GET /xingrg/all/function/internal_message.html?_=1704768212305&CODE_STATE=getMsg HTTP/1.1" 200 27
124.78.154.219 - - [09/Jan/2024:10:43:25 +0800] "POST /xingrg/kc/buy/cgsh_order_operate.html HTTP/1.1" 200 37
116.232.193.168 - - [09/Jan/2024:10:43:27 +0800] "GET /xingrg/all/function/internal_message.html?_=1704768155490&CODE_STATE=getMsg HTTP/1.1" 200 27
120.253.135.82 - - [09/Jan/2024:10:43:27 +0800] "GET /xingrg/all/function/internal_message.html?_=1704768367765&CODE_STATE=getMsg HTTP/1.1" 200 27
124.78.68.102 - - [09/Jan/2024:10:43:30 +0800] "GET /xingrg/check_reg.html?_=1704768210077 HTTP/1.1" 200 22
101.83.145.37 - - [09/Jan/2024:10:43:33 +0800] "GET /xingrg/all/function/internal_message.html?_=1704767980517&CODE_STATE=getMsg HTTP/1.1" 200 27
180.169.147.146 - - [09/Jan/2024:10:43:34 +0800] "GET /xingrg/check_reg.html?_=1704768214382 HTTP/1.1" 200 22
180.171.56.87 - - [09/Jan/2024:10:43:34 +0800] "GET /xingrg/all/function/internal_message.html?_=1704768215806&CODE_STATE=getMsg HTTP/1.1" 200 27
124.78.68.102 - - [09/Jan/2024:10:43:36 +0800] "GET /xingrg/all/function/internal_message.html?_=1704768216322&CODE_STATE=getMsg HTTP/1.1" 200 27
221.239.172.206 - - [09/Jan/2024:10:43:36 +0800] "GET /xingrg/check_reg.html?_=1704768216573 HTTP/1.1" 200 22
39.144.107.133 - - [09/Jan/2024:10:43:37 +0800] "GET /xingrg/all/function/internal_message.html?_=1704768217089&CODE_STATE=getMsg HTTP/1.1" 200 27
101.228.146.191 - - [09/Jan/2024:10:43:37 +0800] "GET /xingrg/all/function/internal_message.html?_=1704768216158&CODE_STATE=getMsg HTTP/1.1" 200 27
101.83.145.37 - - [09/Jan/2024:10:43:40 +0800] "GET /xingrg/all/function/internal_message.html?_=1704768222024&CODE_STATE=getMsg HTTP/1.1" 200 27
124.77.240.111 - - [09/Jan/2024:10:43:42 +0800] "GET /xingrg/kc/buy/cgsh_order_operate.html?command=get_materiel&rest_code=00146&code=00101007032&supplier_code=00100002&order_time=2024-01-09 HTTP/1.1" 200 413
222.69.133.109 - - [09/Jan/2024:10:43:44 +0800] "GET /xingrg/all/function/internal_message.html?_=1704768226293&CODE_STATE=getMsg HTTP/1.1" 200 27
180.164.1.25 - - [09/Jan/2024:10:43:45 +0800] "GET /xingrg/all/function/internal_message.html?_=1704768224521&CODE_STATE=getMsg HTTP/1.1" 200 27
222.70.115.1 - - [09/Jan/2024:10:43:45 +0800] "GET /xingrg/all/function/internal_message.html?_=1704768227956&CODE_STATE=getMsg HTTP/1.1" 200 27
114.83.221.243 - - [09/Jan/2024:10:43:49 +0800] "GET /xingrg/all/function/internal_message.html?_=1704768228953&CODE_STATE=getMsg HTTP/1.1" 200 27
114.83.221.243 - - [09/Jan/2024:10:43:50 +0800] "GET /xingrg/check_reg.html?_=1704768230048 HTTP/1.1" 200 22
124.78.154.219 - - [09/Jan/2024:10:43:53 +0800] "POST /xingrg/kc/buy/cgsh_order_operate.html HTTP/1.1" 200 16280
116.232.193.168 - - [09/Jan/2024:10:43:57 +0800] "GET /xingrg/all/function/internal_message.html?_=1704768185836&CODE_STATE=getMsg HTTP/1.1" 200 27
222.70.180.200 - - [09/Jan/2024:10:43:58 +0800] "GET /xingrg/check_reg.html?_=1704768237933 HTTP/1.1" 200 22
221.239.172.206 - - [09/Jan/2024:10:44:00 +0800] "GET /xingrg/all/function/internal_message.html?_=1704768240191&CODE_STATE=getMsg HTTP/1.1" 200 27
218.81.65.124 - - [09/Jan/2024:10:44:02 +0800] "GET /xingrg/kc/mdqp/pssh_order_list.html HTTP/1.1" 200 17848
218.81.65.124 - - [09/Jan/2024:10:44:03 +0800] "POST /xingrg/kc/mdqp/pssh_list_operate.html HTTP/1.1" 200 5339
222.70.180.200 - - [09/Jan/2024:10:44:04 +0800] "GET /xingrg/all/function/internal_message.html?_=1704768243691&CODE_STATE=getMsg HTTP/1.1" 200 27
218.81.65.124 - - [09/Jan/2024:10:44:04 +0800] "POST /xingrg/kc/mdqp/pssh_list_operate.html HTTP/1.1" 200 260
114.95.241.104 - - [09/Jan/2024:10:44:10 +0800] "GET /xingrg/all/function/internal_message.html?_=1704768250662&CODE_STATE=getMsg HTTP/1.1" 200 27
124.78.154.219 - - [09/Jan/2024:10:44:11 +0800] "GET /xingrg/all/function/internal_message.html?_=1704768250543&CODE_STATE=getMsg HTTP/1.1" 200 27
180.152.241.32 - - [09/Jan/2024:10:44:19 +0800] "GET /xingrg/all/function/internal_message.html?_=1704768259823&CODE_STATE=getMsg HTTP/1.1" 200 27
124.77.240.111 - - [09/Jan/2024:10:44:19 +0800] "GET /xingrg/kc/buy/cgsh_order_operate.html?command=get_materiel&rest_code=00146&code=00101007048&supplier_code=00100002&order_time=2024-01-09 HTTP/1.1" 200 408
114.95.241.104 - - [09/Jan/2024:10:44:22 +0800] "GET /xingrg/all/function/internal_message.html?_=1704768262040&CODE_STATE=getMsg HTTP/1.1" 200 27
124.77.240.111 - - [09/Jan/2024:10:44:24 +0800] "GET /xingrg/all/function/internal_message.html?_=1704768272319&CODE_STATE=getMsg HTTP/1.1" 200 27
180.152.241.32 - - [09/Jan/2024:10:44:24 +0800] "GET /xingrg/kc/base/wldb_order_list.html HTTP/1.1" 200 19054
180.152.241.32 - - [09/Jan/2024:10:44:25 +0800] "POST /xingrg/kc/base/wldb_list_operate.html HTTP/1.1" 200 928
180.152.241.32 - - [09/Jan/2024:10:44:26 +0800] "GET /xingrg/kc/base/wldb_order_add.html HTTP/1.1" 200 30381
180.152.241.32 - - [09/Jan/2024:10:44:26 +0800] "GET /xingrg/words/20240108150021_words.js HTTP/1.1" 304 -
116.232.193.168 - - [09/Jan/2024:10:44:27 +0800] "GET /xingrg/all/function/internal_message.html?_=1704768215481&CODE_STATE=getMsg HTTP/1.1" 200 27
120.253.135.82 - - [09/Jan/2024:10:44:27 +0800] "GET /xingrg/all/function/internal_message.html?_=1704768427771&CODE_STATE=getMsg HTTP/1.1" 200 27
180.152.241.32 - - [09/Jan/2024:10:44:27 +0800] "POST /xingrg/kc/base/wldb_order_operate.html HTTP/1.1" 200 6806
180.152.241.32 - - [09/Jan/2024:10:44:27 +0800] "GET /xingrg/javascript/easyui/themes/default/validatebox.css HTTP/1.1" 404 1104
124.78.154.219 - - [09/Jan/2024:10:44:27 +0800] "GET /xingrg/kc/buy/cgsh_order_operate.html?command=get_materiel&rest_code=00106&code=00101008283&supplier_code=00100007&order_time=2024-01-09 HTTP/1.1" 200 408
180.152.241.32 - - [09/Jan/2024:10:44:28 +0800] "POST /xingrg/all/common/load_combo.html?type=base HTTP/1.1" 200 3321
180.152.241.32 - - [09/Jan/2024:10:44:30 +0800] "POST /xingrg/all/common/load_combo.html?type=base HTTP/1.1" 200 3321
180.152.241.32 - - [09/Jan/2024:10:44:32 +0800] "POST /xingrg/services/DataTransmitService HTTP/1.1" 200 524
101.83.145.37 - - [09/Jan/2024:10:44:33 +0800] "GET /xingrg/all/function/internal_message.html?_=1704768040517&CODE_STATE=getMsg HTTP/1.1" 200 27
180.152.241.32 - - [09/Jan/2024:10:44:34 +0800] "POST /xingrg/services/DataTransmitService HTTP/1.1" 200 412
180.171.56.87 - - [09/Jan/2024:10:44:34 +0800] "GET /xingrg/all/function/internal_message.html?_=1704768275806&CODE_STATE=getMsg HTTP/1.1" 200 27
124.78.68.102 - - [09/Jan/2024:10:44:36 +0800] "GET /xingrg/all/function/internal_message.html?_=1704768276295&CODE_STATE=getMsg HTTP/1.1" 200 27
39.144.107.133 - - [09/Jan/2024:10:44:37 +0800] "GET /xingrg/all/function/internal_message.html?_=1704768277100&CODE_STATE=getMsg HTTP/1.1" 200 27
101.228.146.191 - - [09/Jan/2024:10:44:37 +0800] "GET /xingrg/all/function/internal_message.html?_=1704768276160&CODE_STATE=getMsg HTTP/1.1" 200 27
124.78.154.219 - - [09/Jan/2024:10:44:39 +0800] "GET /xingrg/kc/buy/cgsh_order_operate.html?command=get_materiel&rest_code=00106&code=00101008439&supplier_code=00100007&order_time=2024-01-09 HTTP/1.1" 200 413
101.83.145.37 - - [09/Jan/2024:10:44:40 +0800] "GET /xingrg/all/function/internal_message.html?_=1704768282030&CODE_STATE=getMsg HTTP/1.1" 200 27
180.164.1.25 - - [09/Jan/2024:10:44:40 +0800] "POST /xingrg/dwr/call/plaincall/AjaxReportQueryService.refreshCache.dwr HTTP/1.1" 200 78
180.152.241.32 - - [09/Jan/2024:10:44:41 +0800] "GET /xingrg/kc/base/wldb_order_operate.html?command=get_materiel&rest_code=00102&base_code=0010477&code=00102002610 HTTP/1.1" 200 444
124.77.240.111 - - [09/Jan/2024:10:44:43 +0800] "GET /xingrg/kc/buy/cgsh_order_operate.html?command=get_materiel&rest_code=00146&code=00101007081&supplier_code=00100002&order_time=2024-01-09 HTTP/1.1" 200 413
222.69.133.109 - - [09/Jan/2024:10:44:44 +0800] "GET /xingrg/all/function/internal_message.html?_=1704768286294&CODE_STATE=getMsg HTTP/1.1" 200 27
180.164.1.25 - - [09/Jan/2024:10:44:45 +0800] "GET /xingrg/all/function/internal_message.html?_=1704768284503&CODE_STATE=getMsg HTTP/1.1" 200 27
222.70.115.1 - - [09/Jan/2024:10:44:45 +0800] "GET /xingrg/all/function/internal_message.html?_=1704768287961&CODE_STATE=getMsg HTTP/1.1" 200 27
180.152.241.32 - - [09/Jan/2024:10:44:47 +0800] "GET /xingrg/kc/base/wldb_order_operate.html?command=get_materiel&rest_code=00102&base_code=0010477&code=00102015055 HTTP/1.1" 200 439
180.164.1.25 - - [09/Jan/2024:10:44:48 +0800] "POST /xingrg/all/report/load_report_page.html HTTP/1.1" 200 44270
180.164.1.25 - - [09/Jan/2024:10:44:48 +0800] "GET /xingrg/servlets/image?cache=0.031680177473549787&image=px HTTP/1.1" 200 807
114.83.221.243 - - [09/Jan/2024:10:44:49 +0800] "GET /xingrg/all/function/internal_message.html?_=1704768288924&CODE_STATE=getMsg HTTP/1.1" 200 27
124.78.154.219 - - [09/Jan/2024:10:44:49 +0800] "GET /xingrg/kc/buy/cgsh_order_operate.html?command=get_materiel&rest_code=00106&code=00101008359&supplier_code=00100007&order_time=2024-01-09 HTTP/1.1" 200 408
124.78.154.219 - - [09/Jan/2024:10:44:51 +0800] "POST /xingrg/kc/buy/cgsh_order_operate.html HTTP/1.1" 200 2065
116.232.193.168 - - [09/Jan/2024:10:44:57 +0800] "GET /xingrg/all/function/internal_message.html?_=1704768245812&CODE_STATE=getMsg HTTP/1.1" 200 27
124.78.154.219 - - [09/Jan/2024:10:44:58 +0800] "GET /xingrg/kc/buy/cgsh_order_operate.html?command=get_materiel&rest_code=00106&code=00101008095&supplier_code=00100007&order_time=2024-01-09 HTTP/1.1" 200 412
221.239.172.206 - - [09/Jan/2024:10:45:00 +0800] "GET /xingrg/all/function/internal_message.html?_=1704768300169&CODE_STATE=getMsg HTTP/1.1" 200 27
116.232.193.168 - - [09/Jan/2024:10:45:02 +0800] "GET /xingrg/check_reg.html?_=1704768250483 HTTP/1.1" 200 22
222.70.180.200 - - [09/Jan/2024:10:45:04 +0800] "GET /xingrg/all/function/internal_message.html?_=1704768303675&CODE_STATE=getMsg HTTP/1.1" 200 27
124.77.240.111 - - [09/Jan/2024:10:45:04 +0800] "POST /xingrg/kc/buy/cgsh_order_operate.html HTTP/1.1" 200 37
180.152.241.32 - - [09/Jan/2024:10:45:05 +0800] "GET /xingrg/kc/base/wldb_order_operate.html?command=get_materiel&rest_code=00102&base_code=0010477&code=00102015103 HTTP/1.1" 200 439
124.78.154.219 - - [09/Jan/2024:10:45:07 +0800] "GET /xingrg/kc/buy/cgsh_order_operate.html?command=get_materiel&rest_code=00106&code=00101008110&supplier_code=00100007&order_time=2024-01-09 HTTP/1.1" 200 408
114.95.241.104 - - [09/Jan/2024:10:45:10 +0800] "GET /xingrg/all/function/internal_message.html?_=1704768310656&CODE_STATE=getMsg HTTP/1.1" 200 27
124.78.154.219 - - [09/Jan/2024:10:45:11 +0800] "GET /xingrg/all/function/internal_message.html?_=1704768310545&CODE_STATE=getMsg HTTP/1.1" 200 27
124.77.240.111 - - [09/Jan/2024:10:45:11 +0800] "POST /xingrg/kc/buy/cgsh_order_operate.html HTTP/1.1" 200 5014
124.77.240.111 - - [09/Jan/2024:10:45:14 +0800] "GET /xingrg/kc/print/load_data.html?order_code=212024010903294&kc_code=cgsh&condition= HTTP/1.1" 200 1643
124.78.154.219 - - [09/Jan/2024:10:45:15 +0800] "GET /xingrg/kc/buy/cgsh_order_operate.html?command=get_materiel&rest_code=00106&code=00101008114&supplier_code=00100007&order_time=2024-01-09 HTTP/1.1" 200 412
180.152.241.32 - - [09/Jan/2024:10:45:19 +0800] "GET /xingrg/all/function/internal_message.html?_=1704768319836&CODE_STATE=getMsg HTTP/1.1" 200 27
180.152.241.32 - - [09/Jan/2024:10:45:20 +0800] "GET /xingrg/kc/base/wldb_order_operate.html?command=get_materiel&rest_code=00102&base_code=0010477&code=00102002562 HTTP/1.1" 200 461
114.95.241.104 - - [09/Jan/2024:10:45:22 +0800] "GET /xingrg/check_reg.html?_=1704768322037 HTTP/1.1" 200 22
114.95.241.104 - - [09/Jan/2024:10:45:22 +0800] "GET /xingrg/all/function/internal_message.html?_=1704768322040&CODE_STATE=getMsg HTTP/1.1" 200 27
124.77.240.111 - - [09/Jan/2024:10:45:24 +0800] "GET /xingrg/all/function/internal_message.html?_=1704768332331&CODE_STATE=getMsg HTTP/1.1" 200 27
124.78.154.219 - - [09/Jan/2024:10:45:25 +0800] "GET /xingrg/kc/buy/cgsh_order_operate.html?command=get_materiel&rest_code=00106&code=00101008061&supplier_code=00100007&order_time=2024-01-09 HTTP/1.1" 200 422
116.232.193.168 - - [09/Jan/2024:10:45:27 +0800] "GET /xingrg/all/function/internal_message.html?_=1704768275492&CODE_STATE=getMsg HTTP/1.1" 200 27
116.232.193.168 - - [09/Jan/2024:10:45:27 +0800] "GET /xingrg/check_reg.html?_=1704768275496 HTTP/1.1" 200 22
120.253.135.82 - - [09/Jan/2024:10:45:27 +0800] "GET /xingrg/all/function/internal_message.html?_=1704768487775&CODE_STATE=getMsg HTTP/1.1" 200 27
101.83.145.37 - - [09/Jan/2024:10:45:33 +0800] "GET /xingrg/all/function/internal_message.html?_=1704768100518&CODE_STATE=getMsg HTTP/1.1" 200 27
180.171.56.87 - - [09/Jan/2024:10:45:34 +0800] "GET /xingrg/check_reg.html?_=1704768335810 HTTP/1.1" 200 22
180.171.56.87 - - [09/Jan/2024:10:45:34 +0800] "GET /xingrg/all/function/internal_message.html?_=1704768335818&CODE_STATE=getMsg HTTP/1.1" 200 27
124.78.68.102 - - [09/Jan/2024:10:45:36 +0800] "GET /xingrg/all/function/internal_message.html?_=1704768336279&CODE_STATE=getMsg HTTP/1.1" 200 27
39.144.107.133 - - [09/Jan/2024:10:45:37 +0800] "GET /xingrg/all/function/internal_message.html?_=1704768337103&CODE_STATE=getMsg HTTP/1.1" 200 27
101.228.146.191 - - [09/Jan/2024:10:45:37 +0800] "GET /xingrg/all/function/internal_message.html?_=1704768336161&CODE_STATE=getMsg HTTP/1.1" 200 27
124.78.154.219 - - [09/Jan/2024:10:45:38 +0800] "POST /xingrg/kc/buy/cgsh_order_operate.html HTTP/1.1" 200 37
101.83.145.37 - - [09/Jan/2024:10:45:40 +0800] "GET /xingrg/all/function/internal_message.html?_=1704768342017&CODE_STATE=getMsg HTTP/1.1" 200 27
180.164.1.25 - - [09/Jan/2024:10:45:42 +0800] "GET /xingrg/check_reg.html?_=1704768341121 HTTP/1.1" 200 22
180.152.241.32 - - [09/Jan/2024:10:45:42 +0800] "GET /xingrg/kc/base/wldb_order_operate.html?command=get_materiel&rest_code=00102&base_code=0010477&code=00102002347 HTTP/1.1" 200 457
222.69.133.109 - - [09/Jan/2024:10:45:44 +0800] "GET /xingrg/all/function/internal_message.html?_=1704768346313&CODE_STATE=getMsg HTTP/1.1" 200 27
180.164.1.25 - - [09/Jan/2024:10:45:45 +0800] "GET /xingrg/all/function/internal_message.html?_=1704768344491&CODE_STATE=getMsg HTTP/1.1" 200 27
222.70.115.1 - - [09/Jan/2024:10:45:45 +0800] "GET /xingrg/all/function/internal_message.html?_=1704768347968&CODE_STATE=getMsg HTTP/1.1" 200 27
222.70.115.1 - - [09/Jan/2024:10:45:45 +0800] "GET /xingrg/check_reg.html?_=1704768347976 HTTP/1.1" 200 22
114.83.221.243 - - [09/Jan/2024:10:45:49 +0800] "GET /xingrg/all/function/internal_message.html?_=1704768348902&CODE_STATE=getMsg HTTP/1.1" 200 27
