124.77.240.111 - - [09/Jan/2024:10:13:34 +0800] "POST /xingrg/services/DataTransmitService HTTP/1.1" 200 501
180.169.147.146 - - [09/Jan/2024:10:13:34 +0800] "GET /xingrg/check_reg.html?_=1704766414454 HTTP/1.1" 200 22
180.171.56.87 - - [09/Jan/2024:10:13:34 +0800] "GET /xingrg/all/function/internal_message.html?_=1704766415768&CODE_STATE=getMsg HTTP/1.1" 200 27
124.77.240.111 - - [09/Jan/2024:10:13:34 +0800] "POST /xingrg/services/DataTransmitService HTTP/1.1" 200 501
221.239.172.206 - - [09/Jan/2024:10:13:36 +0800] "GET /xingrg/check_reg.html?_=1704766416544 HTTP/1.1" 200 22
124.78.68.102 - - [09/Jan/2024:10:13:36 +0800] "GET /xingrg/all/function/internal_message.html?_=1704766416875&CODE_STATE=getMsg HTTP/1.1" 200 27
101.228.146.191 - - [09/Jan/2024:10:13:37 +0800] "GET /xingrg/all/function/internal_message.html?_=1704766416145&CODE_STATE=getMsg HTTP/1.1" 200 27
114.95.241.104 - - [09/Jan/2024:10:13:38 +0800] "GET /xingrg/kc/base/wldb_order_add.html HTTP/1.1" 200 30399
114.95.241.104 - - [09/Jan/2024:10:13:38 +0800] "POST /xingrg/kc/base/wldb_order_operate.html HTTP/1.1" 200 6806
114.95.241.104 - - [09/Jan/2024:10:13:38 +0800] "GET /xingrg/all/common/auto_word.html?type=base&rest_code=00150 HTTP/1.1" 200 1853
114.95.241.104 - - [09/Jan/2024:10:13:38 +0800] "GET /xingrg/javascript/easyui/themes/default/validatebox.css HTTP/1.1" 404 1104
114.95.241.104 - - [09/Jan/2024:10:13:38 +0800] "GET /xingrg/all/common/auto_word.html?type=base&rest_code=00150 HTTP/1.1" 200 1853
124.77.240.111 - - [09/Jan/2024:10:13:41 +0800] "GET /xingrg/all/function/internal_message.html?_=1704766429478&CODE_STATE=getMsg HTTP/1.1" 200 27
124.77.240.111 - - [09/Jan/2024:10:13:42 +0800] "GET /xingrg/kc/buy/cgsh_order_operate.html?command=get_materiel&rest_code=00146&code=00101008005&supplier_code=00100005&order_time=2024-01-09 HTTP/1.1" 200 433
222.69.133.109 - - [09/Jan/2024:10:13:44 +0800] "GET /xingrg/all/function/internal_message.html?_=1704766426288&CODE_STATE=getMsg HTTP/1.1" 200 27
124.77.240.111 - - [09/Jan/2024:10:13:45 +0800] "POST /xingrg/services/DataTransmitService HTTP/1.1" 200 501
222.70.115.1 - - [09/Jan/2024:10:13:45 +0800] "GET /xingrg/all/function/internal_message.html?_=1704766427873&CODE_STATE=getMsg HTTP/1.1" 200 27
180.164.1.25 - - [09/Jan/2024:10:13:46 +0800] "GET /xingrg/all/function/internal_message.html?_=1704766425017&CODE_STATE=getMsg HTTP/1.1" 200 27
124.77.240.111 - - [09/Jan/2024:10:13:47 +0800] "POST /xingrg/services/DataTransmitService HTTP/1.1" 200 501
114.95.241.104 - - [09/Jan/2024:10:13:48 +0800] "GET /xingrg/all/function/internal_message.html?_=1704766428820&CODE_STATE=getMsg HTTP/1.1" 200 27
124.77.240.111 - - [09/Jan/2024:10:13:49 +0800] "POST /xingrg/services/DataTransmitService HTTP/1.1" 200 501
114.83.221.243 - - [09/Jan/2024:10:13:50 +0800] "GET /xingrg/all/function/internal_message.html?_=1704766429578&CODE_STATE=getMsg HTTP/1.1" 200 27
114.83.221.243 - - [09/Jan/2024:10:13:50 +0800] "GET /xingrg/check_reg.html?_=1704766430128 HTTP/1.1" 200 22
124.77.240.111 - - [09/Jan/2024:10:13:51 +0800] "POST /xingrg/services/DataTransmitService HTTP/1.1" 200 412
114.95.241.104 - - [09/Jan/2024:10:13:51 +0800] "POST /xingrg/all/common/load_combo.html?type=base HTTP/1.1" 200 3318
124.77.240.111 - - [09/Jan/2024:10:13:56 +0800] "GET /xingrg/kc/buy/cgsh_order_operate.html?command=get_materiel&rest_code=00146&code=00101008353&supplier_code=00100005&order_time=2024-01-09 HTTP/1.1" 200 429
116.232.193.168 - - [09/Jan/2024:10:13:57 +0800] "GET /xingrg/all/function/internal_message.html?_=1704766386380&CODE_STATE=getMsg HTTP/1.1" 200 27
222.70.180.200 - - [09/Jan/2024:10:13:58 +0800] "GET /xingrg/check_reg.html?_=1704766437884 HTTP/1.1" 200 22
221.239.172.206 - - [09/Jan/2024:10:14:00 +0800] "GET /xingrg/all/function/internal_message.html?_=1704766440743&CODE_STATE=getMsg HTTP/1.1" 200 27
114.95.241.104 - - [09/Jan/2024:10:14:01 +0800] "GET /xingrg/kc/base/wldb_order_operate.html?command=get_materiel&rest_code=00150&base_code=0010445&code=00101019185 HTTP/1.1" 200 469
222.70.180.200 - - [09/Jan/2024:10:14:04 +0800] "GET /xingrg/all/function/internal_message.html?_=1704766444142&CODE_STATE=getMsg HTTP/1.1" 200 27
124.77.240.111 - - [09/Jan/2024:10:14:07 +0800] "GET /xingrg/kc/buy/cgsh_order_operate.html?command=get_materiel&rest_code=00146&code=00101008010&supplier_code=00100005&order_time=2024-01-09 HTTP/1.1" 200 412
114.95.241.104 - - [09/Jan/2024:10:14:08 +0800] "GET /xingrg/kc/base/wldb_order_operate.html?command=get_materiel&rest_code=00150&base_code=0010445&code=00101019297 HTTP/1.1" 200 476
124.78.154.219 - - [09/Jan/2024:10:14:11 +0800] "GET /xingrg/all/function/internal_message.html?_=1704766450510&CODE_STATE=getMsg HTTP/1.1" 200 27
114.95.241.104 - - [09/Jan/2024:10:14:17 +0800] "GET /xingrg/kc/base/wldb_order_operate.html?command=get_materiel&rest_code=00150&base_code=0010445&code=00101016094 HTTP/1.1" 200 469
180.152.241.32 - - [09/Jan/2024:10:14:19 +0800] "GET /xingrg/all/function/internal_message.html?_=1704766460265&CODE_STATE=getMsg HTTP/1.1" 200 27
124.77.240.111 - - [09/Jan/2024:10:14:20 +0800] "GET /xingrg/kc/buy/cgsh_order_operate.html?command=get_materiel&rest_code=00146&code=00101008095&supplier_code=00100005&order_time=2024-01-09 HTTP/1.1" 200 412
114.95.241.104 - - [09/Jan/2024:10:14:22 +0800] "GET /xingrg/all/function/internal_message.html?_=1704766461971&CODE_STATE=getMsg HTTP/1.1" 200 27
124.77.240.111 - - [09/Jan/2024:10:14:22 +0800] "POST /xingrg/kc/buy/cgsh_order_operate.html HTTP/1.1" 200 2065
114.95.241.104 - - [09/Jan/2024:10:14:23 +0800] "GET /xingrg/kc/base/wldb_order_operate.html?command=get_materiel&rest_code=00150&base_code=0010445&code=00101016020 HTTP/1.1" 200 446
120.253.135.82 - - [09/Jan/2024:10:14:26 +0800] "GET /xingrg/all/function/internal_message.html?_=1704766627619&CODE_STATE=getMsg HTTP/1.1" 200 27
58.39.110.191 - - [09/Jan/2024:10:14:28 +0800] "GET /xingrg/check_reg.html?_=1704766472414 HTTP/1.1" 200 22
58.39.110.191 - - [09/Jan/2024:10:14:28 +0800] "GET /xingrg/all/function/internal_message.html?_=1704766472416&CODE_STATE=getMsg HTTP/1.1" 200 27
101.83.145.37 - - [09/Jan/2024:10:14:33 +0800] "GET /xingrg/all/function/internal_message.html?_=1704766240490&CODE_STATE=getMsg HTTP/1.1" 200 27
114.95.241.104 - - [09/Jan/2024:10:14:34 +0800] "GET /xingrg/kc/base/wldb_order_operate.html?command=get_materiel&rest_code=00150&base_code=0010445&code=00101019249 HTTP/1.1" 200 469
124.77.240.111 - - [09/Jan/2024:10:14:34 +0800] "GET /xingrg/kc/buy/cgsh_order_operate.html?command=get_materiel&rest_code=00146&code=00101008110&supplier_code=00100005&order_time=2024-01-09 HTTP/1.1" 200 408
180.171.56.87 - - [09/Jan/2024:10:14:34 +0800] "GET /xingrg/all/function/internal_message.html?_=1704766475769&CODE_STATE=getMsg HTTP/1.1" 200 27
124.78.68.102 - - [09/Jan/2024:10:14:36 +0800] "GET /xingrg/all/function/internal_message.html?_=1704766476850&CODE_STATE=getMsg HTTP/1.1" 200 27
101.228.146.191 - - [09/Jan/2024:10:14:37 +0800] "GET /xingrg/all/function/internal_message.html?_=1704766476145&CODE_STATE=getMsg HTTP/1.1" 200 27
124.77.240.111 - - [09/Jan/2024:10:14:41 +0800] "GET /xingrg/all/function/internal_message.html?_=1704766489491&CODE_STATE=getMsg HTTP/1.1" 200 27
222.69.133.109 - - [09/Jan/2024:10:14:44 +0800] "GET /xingrg/all/function/internal_message.html?_=1704766486302&CODE_STATE=getMsg HTTP/1.1" 200 27
222.70.115.1 - - [09/Jan/2024:10:14:45 +0800] "GET /xingrg/all/function/internal_message.html?_=1704766487873&CODE_STATE=getMsg HTTP/1.1" 200 27
180.164.1.25 - - [09/Jan/2024:10:14:46 +0800] "GET /xingrg/all/function/internal_message.html?_=1704766485003&CODE_STATE=getMsg HTTP/1.1" 200 27
114.95.241.104 - - [09/Jan/2024:10:14:48 +0800] "GET /xingrg/check_reg.html?_=1704766488815 HTTP/1.1" 200 22
114.95.241.104 - - [09/Jan/2024:10:14:48 +0800] "GET /xingrg/all/function/internal_message.html?_=1704766488816&CODE_STATE=getMsg HTTP/1.1" 200 27
114.83.221.243 - - [09/Jan/2024:10:14:50 +0800] "GET /xingrg/all/function/internal_message.html?_=1704766489554&CODE_STATE=getMsg HTTP/1.1" 200 27
124.77.240.111 - - [09/Jan/2024:10:14:51 +0800] "GET /xingrg/kc/buy/cgsh_order_operate.html?command=get_materiel&rest_code=00146&code=00101008114&supplier_code=00100005&order_time=2024-01-09 HTTP/1.1" 200 412
222.70.180.200 - - [09/Jan/2024:10:14:52 +0800] "POST /xingrg/services/DataTransmitService HTTP/1.1" 200 524
114.95.241.104 - - [09/Jan/2024:10:14:54 +0800] "GET /xingrg/kc/base/wldb_order_operate.html?command=get_materiel&rest_code=00150&base_code=0010445&code=00101013266 HTTP/1.1" 200 437
116.232.193.168 - - [09/Jan/2024:10:14:57 +0800] "GET /xingrg/all/function/internal_message.html?_=1704766446357&CODE_STATE=getMsg HTTP/1.1" 200 27
221.239.172.206 - - [09/Jan/2024:10:15:00 +0800] "GET /xingrg/all/function/internal_message.html?_=1704766500728&CODE_STATE=getMsg HTTP/1.1" 200 27
114.95.241.104 - - [09/Jan/2024:10:15:01 +0800] "GET /xingrg/kc/base/wldb_order_operate.html?command=get_materiel&rest_code=00150&base_code=0010445&code=00101019184 HTTP/1.1" 200 456
116.232.193.168 - - [09/Jan/2024:10:15:02 +0800] "GET /xingrg/check_reg.html?_=1704766450599 HTTP/1.1" 200 22
222.70.180.200 - - [09/Jan/2024:10:15:04 +0800] "GET /xingrg/all/function/internal_message.html?_=1704766504126&CODE_STATE=getMsg HTTP/1.1" 200 27
124.77.240.111 - - [09/Jan/2024:10:15:06 +0800] "GET /xingrg/kc/buy/cgsh_order_operate.html?command=get_materiel&rest_code=00146&code=00101008350&supplier_code=00100005&order_time=2024-01-09 HTTP/1.1" 200 408
114.95.241.104 - - [09/Jan/2024:10:15:09 +0800] "POST /xingrg/kc/base/wldb_order_operate.html HTTP/1.1" 200 37
114.95.241.104 - - [09/Jan/2024:10:15:10 +0800] "POST /xingrg/kc/base/wldb_order_operate.html HTTP/1.1" 200 5174
124.78.154.219 - - [09/Jan/2024:10:15:11 +0800] "GET /xingrg/all/function/internal_message.html?_=1704766510510&CODE_STATE=getMsg HTTP/1.1" 200 27
114.95.241.104 - - [09/Jan/2024:10:15:16 +0800] "POST /xingrg/kc/base/wldb_order_operate.html HTTP/1.1" 200 12
180.152.241.32 - - [09/Jan/2024:10:15:19 +0800] "GET /xingrg/all/function/internal_message.html?_=1704766520254&CODE_STATE=getMsg HTTP/1.1" 200 27
114.95.241.104 - - [09/Jan/2024:10:15:21 +0800] "GET /xingrg/kc/base/wldb_order_info.html?code=422024010900858 HTTP/1.1" 200 26284
114.95.241.104 - - [09/Jan/2024:10:15:21 +0800] "GET /xingrg/javascript/easyui/themes/default/validatebox.css HTTP/1.1" 404 1104
114.95.241.104 - - [09/Jan/2024:10:15:21 +0800] "POST /xingrg/kc/base/wldb_order_operate.html HTTP/1.1" 200 3402
114.95.241.104 - - [09/Jan/2024:10:15:22 +0800] "GET /xingrg/check_reg.html?_=1704766521970 HTTP/1.1" 200 22
114.95.241.104 - - [09/Jan/2024:10:15:22 +0800] "GET /xingrg/all/function/internal_message.html?_=1704766521972&CODE_STATE=getMsg HTTP/1.1" 200 27
116.232.193.168 - - [09/Jan/2024:10:15:26 +0800] "GET /xingrg/index.html?sysBaseUrl=http%3A%2F%2F180.169.147.146%3A18081%2Fxingrg%2F&costTime=1277×tamp=1606817596806 HTTP/1.1" 200 17179
120.253.135.82 - - [09/Jan/2024:10:15:26 +0800] "GET /xingrg/all/function/internal_message.html?_=1704766687629&CODE_STATE=getMsg HTTP/1.1" 200 27
116.232.193.168 - - [09/Jan/2024:10:15:26 +0800] "GET /xingrg/check_reg.html?_=1704766475471 HTTP/1.1" 200 22
116.232.193.168 - - [09/Jan/2024:10:15:26 +0800] "GET /xingrg/all/function/internal_message.html?_=1704766475469&CODE_STATE=count HTTP/1.1" 200 11
116.232.193.168 - - [09/Jan/2024:10:15:26 +0800] "GET /favicon.ico HTTP/1.1" 404 -
116.232.193.168 - - [09/Jan/2024:10:15:26 +0800] "POST /xingrg/all/common/load_tree.html?tree=area_rest_tree_json&manage=1 HTTP/1.1" 200 351
116.232.193.168 - - [09/Jan/2024:10:15:27 +0800] "POST /xingrg/load_menu.html HTTP/1.1" 200 5138
58.39.110.191 - - [09/Jan/2024:10:15:28 +0800] "GET /xingrg/all/function/internal_message.html?_=1704766532409&CODE_STATE=getMsg HTTP/1.1" 200 27
124.77.240.111 - - [09/Jan/2024:10:15:28 +0800] "GET /xingrg/kc/buy/cgsh_order_operate.html?command=get_materiel&rest_code=00146&code=00101020397&supplier_code=00100005&order_time=2024-01-09 HTTP/1.1" 200 432
101.83.145.37 - - [09/Jan/2024:10:15:33 +0800] "GET /xingrg/all/function/internal_message.html?_=1704766300490&CODE_STATE=getMsg HTTP/1.1" 200 27
180.171.56.87 - - [09/Jan/2024:10:15:34 +0800] "GET /xingrg/all/function/internal_message.html?_=1704766535775&CODE_STATE=getMsg HTTP/1.1" 200 27
180.171.56.87 - - [09/Jan/2024:10:15:34 +0800] "GET /xingrg/check_reg.html?_=1704766535769 HTTP/1.1" 200 22
116.232.193.168 - - [09/Jan/2024:10:15:35 +0800] "GET /xingrg/javascript/auto/indicator.gif HTTP/1.1" 404 1066
124.78.68.102 - - [09/Jan/2024:10:15:36 +0800] "GET /xingrg/all/function/internal_message.html?_=1704766536837&CODE_STATE=getMsg HTTP/1.1" 200 27
101.228.146.191 - - [09/Jan/2024:10:15:37 +0800] "GET /xingrg/all/function/internal_message.html?_=1704766536144&CODE_STATE=getMsg HTTP/1.1" 200 27
124.77.240.111 - - [09/Jan/2024:10:15:41 +0800] "GET /xingrg/all/function/internal_message.html?_=1704766549505&CODE_STATE=getMsg HTTP/1.1" 200 27
180.164.1.25 - - [09/Jan/2024:10:15:42 +0800] "GET /xingrg/check_reg.html?_=1704766541124 HTTP/1.1" 200 22
116.232.193.168 - - [09/Jan/2024:10:15:44 +0800] "POST /xingrg/kc/buy/cgsh_list_operate.html HTTP/1.1" 200 10929
222.69.133.109 - - [09/Jan/2024:10:15:44 +0800] "GET /xingrg/all/function/internal_message.html?_=1704766546299&CODE_STATE=getMsg HTTP/1.1" 200 27
222.70.115.1 - - [09/Jan/2024:10:15:45 +0800] "GET /xingrg/all/function/internal_message.html?_=1704766547875&CODE_STATE=getMsg HTTP/1.1" 200 27
222.70.115.1 - - [09/Jan/2024:10:15:45 +0800] "GET /xingrg/check_reg.html?_=1704766547881 HTTP/1.1" 200 22
180.164.1.25 - - [09/Jan/2024:10:15:46 +0800] "GET /xingrg/all/function/internal_message.html?_=1704766544987&CODE_STATE=getMsg HTTP/1.1" 200 27
124.77.240.111 - - [09/Jan/2024:10:15:48 +0800] "GET /xingrg/kc/buy/cgsh_order_operate.html?command=get_materiel&rest_code=00146&code=00101008223&supplier_code=00100005&order_time=2024-01-09 HTTP/1.1" 200 412
114.95.241.104 - - [09/Jan/2024:10:15:48 +0800] "GET /xingrg/all/function/internal_message.html?_=1704766548823&CODE_STATE=getMsg HTTP/1.1" 200 27
114.83.221.243 - - [09/Jan/2024:10:15:50 +0800] "GET /xingrg/all/function/internal_message.html?_=1704766549524&CODE_STATE=getMsg HTTP/1.1" 200 27
116.232.193.168 - - [09/Jan/2024:10:15:50 +0800] "POST /xingrg/kc/buy/cgsh_list_operate.html HTTP/1.1" 200 199
116.232.193.168 - - [09/Jan/2024:10:15:52 +0800] "POST /xingrg/kc/buy/cgsh_list_operate.html HTTP/1.1" 200 280
124.77.240.111 - - [09/Jan/2024:10:15:55 +0800] "POST /xingrg/kc/buy/cgsh_order_operate.html HTTP/1.1" 200 2065
116.232.193.168 - - [09/Jan/2024:10:15:55 +0800] "POST /xingrg/kc/buy/cgsh_list_operate.html HTTP/1.1" 200 205
116.232.193.168 - - [09/Jan/2024:10:15:57 +0800] "GET /xingrg/all/function/internal_message.html?_=1704766506328&CODE_STATE=getMsg HTTP/1.1" 200 27
116.232.193.168 - - [09/Jan/2024:10:15:59 +0800] "POST /xingrg/kc/buy/cgsh_list_operate.html HTTP/1.1" 200 278
221.239.172.206 - - [09/Jan/2024:10:16:00 +0800] "GET /xingrg/all/function/internal_message.html?_=1704766560713&CODE_STATE=getMsg HTTP/1.1" 200 27
222.70.180.200 - - [09/Jan/2024:10:16:01 +0800] "GET /xingrg/kc/buy/cgsh_order_add.html HTTP/1.1" 200 72850
222.70.180.200 - - [09/Jan/2024:10:16:01 +0800] "POST /xingrg/kc/buy/cgsh_order_operate.html HTTP/1.1" 200 8245
222.70.180.200 - - [09/Jan/2024:10:16:01 +0800] "GET /xingrg/javascript/easyui/themes/default/validatebox.css HTTP/1.1" 404 1104
116.232.193.168 - - [09/Jan/2024:10:16:03 +0800] "POST /xingrg/kc/buy/cgsh_list_operate.html HTTP/1.1" 200 286
222.70.180.200 - - [09/Jan/2024:10:16:04 +0800] "GET /xingrg/all/function/internal_message.html?_=1704766564118&CODE_STATE=getMsg HTTP/1.1" 200 27
124.77.240.111 - - [09/Jan/2024:10:16:06 +0800] "GET /xingrg/kc/buy/cgsh_order_operate.html?command=get_materiel&rest_code=00146&code=00101009004&supplier_code=00100005&order_time=2024-01-09 HTTP/1.1" 200 409
116.232.193.168 - - [09/Jan/2024:10:16:10 +0800] "POST /xingrg/kc/buy/cgsh_list_operate.html HTTP/1.1" 200 199
124.78.154.219 - - [09/Jan/2024:10:16:11 +0800] "GET /xingrg/all/function/internal_message.html?_=1704766570512&CODE_STATE=getMsg HTTP/1.1" 200 27
116.232.193.168 - - [09/Jan/2024:10:16:12 +0800] "POST /xingrg/kc/buy/cgsh_list_operate.html HTTP/1.1" 200 345
116.232.193.168 - - [09/Jan/2024:10:16:15 +0800] "POST /xingrg/kc/buy/cgsh_list_operate.html HTTP/1.1" 200 429
124.77.240.111 - - [09/Jan/2024:10:16:16 +0800] "GET /xingrg/check_reg.html?_=1704766584313 HTTP/1.1" 200 22
124.77.240.111 - - [09/Jan/2024:10:16:18 +0800] "GET /xingrg/kc/buy/cgsh_order_operate.html?command=get_materiel&rest_code=00146&code=00101009079&supplier_code=00100005&order_time=2024-01-09 HTTP/1.1" 200 409
180.152.241.32 - - [09/Jan/2024:10:16:19 +0800] "GET /xingrg/all/function/internal_message.html?_=1704766580239&CODE_STATE=getMsg HTTP/1.1" 200 27
114.95.241.104 - - [09/Jan/2024:10:16:22 +0800] "GET /xingrg/all/function/internal_message.html?_=1704766581983&CODE_STATE=getMsg HTTP/1.1" 200 27
222.70.180.200 - - [09/Jan/2024:10:16:25 +0800] "GET /xingrg/kc/buy/cgsh_order_operate.html?command=get_materiel&rest_code=00111&code=00101004030&supplier_code=00100199&order_time=2024-01-09 HTTP/1.1" 200 427
120.253.135.82 - - [09/Jan/2024:10:16:26 +0800] "GET /xingrg/all/function/internal_message.html?_=1704766747629&CODE_STATE=getMsg HTTP/1.1" 200 27
120.253.135.82 - - [09/Jan/2024:10:16:26 +0800] "GET /xingrg/check_reg.html?_=1704766747638 HTTP/1.1" 200 22
116.232.193.168 - - [09/Jan/2024:10:16:26 +0800] "GET /xingrg/all/function/internal_message.html?_=1704766535505&CODE_STATE=getMsg HTTP/1.1" 200 27
58.39.110.191 - - [09/Jan/2024:10:16:28 +0800] "GET /xingrg/all/function/internal_message.html?_=1704766592402&CODE_STATE=getMsg HTTP/1.1" 200 27
124.77.240.111 - - [09/Jan/2024:10:16:30 +0800] "GET /xingrg/kc/buy/cgsh_order_operate.html?command=get_materiel&rest_code=00146&code=00101013114&supplier_code=00100005&order_time=2024-01-09 HTTP/1.1" 200 409
116.232.193.168 - - [09/Jan/2024:10:16:30 +0800] "POST /xingrg/kc/buy/cgsh_list_operate.html HTTP/1.1" 200 610
101.93.221.250 - - [09/Jan/2024:10:16:31 +0800] "POST /xingrg/services/DataTransmitService HTTP/1.1" 200 524
101.93.221.250 - - [09/Jan/2024:10:16:32 +0800] "POST /xingrg/services/DataTransmitService HTTP/1.1" 200 501
101.83.145.37 - - [09/Jan/2024:10:16:33 +0800] "GET /xingrg/all/function/internal_message.html?_=1704766360491&CODE_STATE=getMsg HTTP/1.1" 200 27
180.171.56.87 - - [09/Jan/2024:10:16:34 +0800] "GET /xingrg/all/function/internal_message.html?_=1704766595775&CODE_STATE=getMsg HTTP/1.1" 200 27
222.70.180.200 - - [09/Jan/2024:10:16:36 +0800] "GET /xingrg/kc/buy/cgsh_order_operate.html?command=get_materiel&rest_code=00111&code=00101002027&supplier_code=00100199&order_time=2024-01-09 HTTP/1.1" 200 415
124.78.68.102 - - [09/Jan/2024:10:16:36 +0800] "GET /xingrg/all/function/internal_message.html?_=1704766596809&CODE_STATE=getMsg HTTP/1.1" 200 27
101.228.146.191 - - [09/Jan/2024:10:16:37 +0800] "GET /xingrg/check_reg.html?_=1704766596145 HTTP/1.1" 200 22
101.228.146.191 - - [09/Jan/2024:10:16:37 +0800] "GET /xingrg/all/function/internal_message.html?_=1704766596143&CODE_STATE=getMsg HTTP/1.1" 200 27
124.77.240.111 - - [09/Jan/2024:10:16:41 +0800] "GET /xingrg/all/function/internal_message.html?_=1704766609518&CODE_STATE=getMsg HTTP/1.1" 200 27
124.77.240.111 - - [09/Jan/2024:10:16:43 +0800] "GET /xingrg/kc/buy/cgsh_order_operate.html?command=get_materiel&rest_code=00146&code=00101008061&supplier_code=00100005&order_time=2024-01-09 HTTP/1.1" 200 422
222.69.133.109 - - [09/Jan/2024:10:16:44 +0800] "GET /xingrg/all/function/internal_message.html?_=1704766606300&CODE_STATE=getMsg HTTP/1.1" 200 27
222.69.133.109 - - [09/Jan/2024:10:16:44 +0800] "GET /xingrg/check_reg.html?_=1704766606304 HTTP/1.1" 200 22
222.70.115.1 - - [09/Jan/2024:10:16:45 +0800] "GET /xingrg/all/function/internal_message.html?_=1704766607880&CODE_STATE=getMsg HTTP/1.1" 200 27
180.164.1.25 - - [09/Jan/2024:10:16:45 +0800] "GET /xingrg/all/function/internal_message.html?_=1704766604966&CODE_STATE=getMsg HTTP/1.1" 200 27
114.95.241.104 - - [09/Jan/2024:10:16:48 +0800] "GET /xingrg/all/function/internal_message.html?_=1704766608811&CODE_STATE=getMsg HTTP/1.1" 200 27
114.83.221.243 - - [09/Jan/2024:10:16:50 +0800] "GET /xingrg/all/function/internal_message.html?_=1704766609508&CODE_STATE=getMsg HTTP/1.1" 200 27
116.232.193.168 - - [09/Jan/2024:10:16:57 +0800] "GET /xingrg/all/function/internal_message.html?_=1704766566314&CODE_STATE=getMsg HTTP/1.1" 200 27
221.239.172.206 - - [09/Jan/2024:10:17:00 +0800] "GET /xingrg/all/function/internal_message.html?_=1704766620710&CODE_STATE=getMsg HTTP/1.1" 200 27
222.70.180.200 - - [09/Jan/2024:10:17:01 +0800] "POST /xingrg/kc/buy/cgsh_order_operate.html HTTP/1.1" 200 37
124.77.240.111 - - [09/Jan/2024:10:17:04 +0800] "GET /xingrg/kc/buy/cgsh_order_operate.html?command=get_materiel&rest_code=00146&code=00101008763&supplier_code=00100005&order_time=2024-01-09 HTTP/1.1" 200 410
124.77.240.111 - - [09/Jan/2024:10:17:07 +0800] "POST /xingrg/kc/buy/cgsh_order_operate.html HTTP/1.1" 200 2065
124.78.154.219 - - [09/Jan/2024:10:17:11 +0800] "GET /xingrg/all/function/internal_message.html?_=1704766630516&CODE_STATE=getMsg HTTP/1.1" 200 27
222.70.180.200 - - [09/Jan/2024:10:17:19 +0800] "POST /xingrg/kc/buy/cgsh_order_operate.html HTTP/1.1" 200 12
116.232.193.168 - - [09/Jan/2024:10:17:19 +0800] "POST /xingrg/kc/buy/cgsh_list_operate.html HTTP/1.1" 200 203
180.152.241.32 - - [09/Jan/2024:10:17:19 +0800] "GET /xingrg/all/function/internal_message.html?_=1704766640225&CODE_STATE=getMsg HTTP/1.1" 200 27
114.95.241.104 - - [09/Jan/2024:10:17:22 +0800] "GET /xingrg/all/function/internal_message.html?_=1704766641983&CODE_STATE=getMsg HTTP/1.1" 200 27
116.232.193.168 - - [09/Jan/2024:10:17:24 +0800] "POST /xingrg/kc/buy/cgsh_list_operate.html HTTP/1.1" 200 199
120.253.135.82 - - [09/Jan/2024:10:17:26 +0800] "GET /xingrg/all/function/internal_message.html?_=1704766807634&CODE_STATE=getMsg HTTP/1.1" 200 27
116.232.193.168 - - [09/Jan/2024:10:17:26 +0800] "GET /xingrg/all/function/internal_message.html?_=1704766595489&CODE_STATE=getMsg HTTP/1.1" 200 27
222.70.180.200 - - [09/Jan/2024:10:17:27 +0800] "GET /xingrg/kc/buy/cgsh_order_info.html?code=212024010903280 HTTP/1.1" 200 67757
222.70.180.200 - - [09/Jan/2024:10:17:27 +0800] "GET /xingrg/javascript/easyui/themes/default/validatebox.css HTTP/1.1" 404 1104
58.39.110.191 - - [09/Jan/2024:10:17:28 +0800] "GET /xingrg/all/function/internal_message.html?_=1704766652409&CODE_STATE=getMsg HTTP/1.1" 200 27
116.232.193.168 - - [09/Jan/2024:10:17:28 +0800] "POST /xingrg/kc/buy/cgsh_list_operate.html HTTP/1.1" 200 205
222.70.180.200 - - [09/Jan/2024:10:17:29 +0800] "POST /xingrg/kc/buy/cgsh_order_operate.html HTTP/1.1" 200 1198
101.83.145.37 - - [09/Jan/2024:10:17:33 +0800] "GET /xingrg/check_reg.html?_=1704766420491 HTTP/1.1" 200 22
101.83.145.37 - - [09/Jan/2024:10:17:33 +0800] "GET /xingrg/all/function/internal_message.html?_=1704766420494&CODE_STATE=getMsg HTTP/1.1" 200 27
116.232.193.168 - - [09/Jan/2024:10:17:33 +0800] "POST /xingrg/kc/buy/cgsh_list_operate.html HTTP/1.1" 200 354
180.171.56.87 - - [09/Jan/2024:10:17:34 +0800] "GET /xingrg/all/function/internal_message.html?_=1704766655775&CODE_STATE=getMsg HTTP/1.1" 200 27
222.70.180.200 - - [09/Jan/2024:10:17:34 +0800] "GET /xingrg/kc/print/load_data.html?order_code=212024010903280&kc_code=cgsh&condition= HTTP/1.1" 200 918
124.78.68.102 - - [09/Jan/2024:10:17:36 +0800] "GET /xingrg/all/function/internal_message.html?_=1704766656792&CODE_STATE=getMsg HTTP/1.1" 200 27
101.228.146.191 - - [09/Jan/2024:10:17:37 +0800] "GET /xingrg/all/function/internal_message.html?_=1704766656151&CODE_STATE=getMsg HTTP/1.1" 200 27
116.232.193.168 - - [09/Jan/2024:10:17:40 +0800] "POST /xingrg/kc/buy/cgsh_list_operate.html HTTP/1.1" 200 273
124.77.240.111 - - [09/Jan/2024:10:17:41 +0800] "GET /xingrg/all/function/internal_message.html?_=1704766669532&CODE_STATE=getMsg HTTP/1.1" 200 27
222.70.180.200 - - [09/Jan/2024:10:17:42 +0800] "GET /xingrg/kc/report/report_main.html HTTP/1.1" 200 7340
222.69.133.109 - - [09/Jan/2024:10:17:44 +0800] "GET /xingrg/all/function/internal_message.html?_=1704766666305&CODE_STATE=getMsg HTTP/1.1" 200 27
222.70.180.200 - - [09/Jan/2024:10:17:45 +0800] "GET /xingrg/all/report/report_query.html?fileName=kc/buy/gys_amount.xml&rh=99999 HTTP/1.1" 200 52006
222.70.180.200 - - [09/Jan/2024:10:17:45 +0800] "GET /xingrg/dwr/interface/AjaxReportQueryService.js HTTP/1.1" 200 13203
222.70.180.200 - - [09/Jan/2024:10:17:45 +0800] "GET /xingrg/dwr/engine.js HTTP/1.1" 200 43631
222.70.180.200 - - [09/Jan/2024:10:17:45 +0800] "GET /xingrg/dwr/util.js HTTP/1.1" 304 -
222.70.115.1 - - [09/Jan/2024:10:17:45 +0800] "GET /xingrg/all/function/internal_message.html?_=1704766667883&CODE_STATE=getMsg HTTP/1.1" 200 27
180.164.1.25 - - [09/Jan/2024:10:17:45 +0800] "GET /xingrg/all/function/internal_message.html?_=1704766664951&CODE_STATE=getMsg HTTP/1.1" 200 27
222.70.180.200 - - [09/Jan/2024:10:17:46 +0800] "POST /xingrg/dwr/call/plaincall/AjaxReportQueryService.getFixDate.dwr HTTP/1.1" 200 111
222.70.180.200 - - [09/Jan/2024:10:17:47 +0800] "POST /xingrg/dwr/call/plaincall/AjaxReportQueryService.getInitString.dwr HTTP/1.1" 200 1002
222.70.180.200 - - [09/Jan/2024:10:17:47 +0800] "POST /xingrg/all/common/load_tree.html?tree=materiel_sort_tree_json HTTP/1.1" 200 9617
222.70.180.200 - - [09/Jan/2024:10:17:47 +0800] "POST /xingrg/all/common/load_tree.html?tree=supplier_tree_json&manage=1 HTTP/1.1" 200 79575
114.95.241.104 - - [09/Jan/2024:10:17:48 +0800] "GET /xingrg/all/function/internal_message.html?_=1704766668827&CODE_STATE=getMsg HTTP/1.1" 200 27
114.83.221.243 - - [09/Jan/2024:10:17:50 +0800] "GET /xingrg/all/function/internal_message.html?_=1704766669484&CODE_STATE=getMsg HTTP/1.1" 200 27
124.77.240.111 - - [09/Jan/2024:10:17:54 +0800] "GET /xingrg/kc/buy/cgsh_order_operate.html?command=get_materiel&rest_code=00146&code=00101009030&supplier_code=00100005&order_time=2024-01-09 HTTP/1.1" 200 412
116.232.193.168 - - [09/Jan/2024:10:17:57 +0800] "GET /xingrg/all/function/internal_message.html?_=1704766626290&CODE_STATE=getMsg HTTP/1.1" 200 27
221.239.172.206 - - [09/Jan/2024:10:18:00 +0800] "GET /xingrg/all/function/internal_message.html?_=1704766680694&CODE_STATE=getMsg HTTP/1.1" 200 27
222.70.180.200 - - [09/Jan/2024:10:18:04 +0800] "GET /xingrg/all/function/internal_message.html?_=1704766684232&CODE_STATE=getMsg HTTP/1.1" 200 27
222.70.180.200 - - [09/Jan/2024:10:18:06 +0800] "POST /xingrg/dwr/call/plaincall/AjaxReportQueryService.refreshCache.dwr HTTP/1.1" 200 78
222.70.180.200 - - [09/Jan/2024:10:18:07 +0800] "POST /xingrg/all/report/load_report_page.html HTTP/1.1" 200 8908
222.70.180.200 - - [09/Jan/2024:10:18:07 +0800] "GET /xingrg/servlets/image?cache=0.6465399287236478&image=px HTTP/1.1" 200 807
124.78.154.219 - - [09/Jan/2024:10:18:11 +0800] "GET /xingrg/check_reg.html?_=1704766690519 HTTP/1.1" 200 22
124.78.154.219 - - [09/Jan/2024:10:18:11 +0800] "GET /xingrg/all/function/internal_message.html?_=1704766690523&CODE_STATE=getMsg HTTP/1.1" 200 27
124.77.240.111 - - [09/Jan/2024:10:18:11 +0800] "GET /xingrg/kc/buy/cgsh_order_operate.html?command=get_materiel&rest_code=00146&code=00101015006&supplier_code=00100005&order_time=2024-01-09 HTTP/1.1" 200 413
180.152.241.32 - - [09/Jan/2024:10:18:19 +0800] "GET /xingrg/all/function/internal_message.html?_=1704766700212&CODE_STATE=getMsg HTTP/1.1" 200 27
180.152.241.32 - - [09/Jan/2024:10:18:20 +0800] "GET /xingrg/check_reg.html?_=1704766701303 HTTP/1.1" 200 22
114.95.241.104 - - [09/Jan/2024:10:18:22 +0800] "GET /xingrg/all/function/internal_message.html?_=1704766701979&CODE_STATE=getMsg HTTP/1.1" 200 27
120.253.135.82 - - [09/Jan/2024:10:18:26 +0800] "GET /xingrg/all/function/internal_message.html?_=1704766867638&CODE_STATE=getMsg HTTP/1.1" 200 27
116.232.193.168 - - [09/Jan/2024:10:18:26 +0800] "GET /xingrg/all/function/internal_message.html?_=1704766655492&CODE_STATE=getMsg HTTP/1.1" 200 27
58.39.110.191 - - [09/Jan/2024:10:18:28 +0800] "GET /xingrg/all/function/internal_message.html?_=1704766712408&CODE_STATE=getMsg HTTP/1.1" 200 27
124.78.68.102 - - [09/Jan/2024:10:18:30 +0800] "GET /xingrg/check_reg.html?_=1704766710189 HTTP/1.1" 200 22
101.83.145.37 - - [09/Jan/2024:10:18:33 +0800] "GET /xingrg/all/function/internal_message.html?_=1704766480494&CODE_STATE=getMsg HTTP/1.1" 200 27
180.169.147.146 - - [09/Jan/2024:10:18:34 +0800] "GET /xingrg/check_reg.html?_=1704766714444 HTTP/1.1" 200 22
180.171.56.87 - - [09/Jan/2024:10:18:34 +0800] "GET /xingrg/all/function/internal_message.html?_=1704766715776&CODE_STATE=getMsg HTTP/1.1" 200 27
124.78.68.102 - - [09/Jan/2024:10:18:36 +0800] "GET /xingrg/all/function/internal_message.html?_=1704766716778&CODE_STATE=getMsg HTTP/1.1" 200 27
221.239.172.206 - - [09/Jan/2024:10:18:36 +0800] "GET /xingrg/check_reg.html?_=1704766716546 HTTP/1.1" 200 22
101.228.146.191 - - [09/Jan/2024:10:18:37 +0800] "GET /xingrg/all/function/internal_message.html?_=1704766716139&CODE_STATE=getMsg HTTP/1.1" 200 27
124.77.240.111 - - [09/Jan/2024:10:18:41 +0800] "GET /xingrg/all/function/internal_message.html?_=1704766729546&CODE_STATE=getMsg HTTP/1.1" 200 27
222.69.133.109 - - [09/Jan/2024:10:18:44 +0800] "GET /xingrg/all/function/internal_message.html?_=1704766726295&CODE_STATE=getMsg HTTP/1.1" 200 27
222.70.115.1 - - [09/Jan/2024:10:18:45 +0800] "GET /xingrg/all/function/internal_message.html?_=1704766727873&CODE_STATE=getMsg HTTP/1.1" 200 27
180.164.1.25 - - [09/Jan/2024:10:18:45 +0800] "GET /xingrg/all/function/internal_message.html?_=1704766724938&CODE_STATE=getMsg HTTP/1.1" 200 27
114.95.241.104 - - [09/Jan/2024:10:18:48 +0800] "GET /xingrg/all/function/internal_message.html?_=1704766728819&CODE_STATE=getMsg HTTP/1.1" 200 27
114.83.221.243 - - [09/Jan/2024:10:18:50 +0800] "GET /xingrg/all/function/internal_message.html?_=1704766729470&CODE_STATE=getMsg HTTP/1.1" 200 27
114.83.221.243 - - [09/Jan/2024:10:18:50 +0800] "GET /xingrg/check_reg.html?_=1704766730122 HTTP/1.1" 200 22
116.232.193.168 - - [09/Jan/2024:10:18:57 +0800] "GET /xingrg/all/function/internal_message.html?_=1704766686277&CODE_STATE=getMsg HTTP/1.1" 200 27
222.70.180.200 - - [09/Jan/2024:10:18:58 +0800] "GET /xingrg/check_reg.html?_=1704766737908 HTTP/1.1" 200 22
221.239.172.206 - - [09/Jan/2024:10:19:00 +0800] "GET /xingrg/all/function/internal_message.html?_=1704766740681&CODE_STATE=getMsg HTTP/1.1" 200 27
124.77.240.111 - - [09/Jan/2024:10:19:01 +0800] "POST /xingrg/kc/buy/cgsh_order_operate.html HTTP/1.1" 200 37
124.77.240.111 - - [09/Jan/2024:10:19:04 +0800] "POST /xingrg/kc/buy/cgsh_order_operate.html HTTP/1.1" 200 24525
222.70.180.200 - - [09/Jan/2024:10:19:04 +0800] "GET /xingrg/all/function/internal_message.html?_=1704766744211&CODE_STATE=getMsg HTTP/1.1" 200 27
124.77.240.111 - - [09/Jan/2024:10:19:09 +0800] "GET /xingrg/kc/print/load_config.html?kc_code=cgsh HTTP/1.1" 200 1927
124.77.240.111 - - [09/Jan/2024:10:19:09 +0800] "GET /xingrg/kc/print/load_data.html?order_code=212024010903281&kc_code=cgsh&condition= HTTP/1.1" 200 8985
124.78.154.219 - - [09/Jan/2024:10:19:11 +0800] "GET /xingrg/all/function/internal_message.html?_=1704766750531&CODE_STATE=getMsg HTTP/1.1" 200 27
180.152.241.32 - - [09/Jan/2024:10:19:19 +0800] "GET /xingrg/all/function/internal_message.html?_=1704766760195&CODE_STATE=getMsg HTTP/1.1" 200 27
114.95.241.104 - - [09/Jan/2024:10:19:22 +0800] "GET /xingrg/all/function/internal_message.html?_=1704766761983&CODE_STATE=getMsg HTTP/1.1" 200 27
120.253.135.82 - - [09/Jan/2024:10:19:26 +0800] "GET /xingrg/all/function/internal_message.html?_=1704766927643&CODE_STATE=getMsg HTTP/1.1" 200 27
116.232.193.168 - - [09/Jan/2024:10:19:26 +0800] "GET /xingrg/all/function/internal_message.html?_=1704766715491&CODE_STATE=getMsg HTTP/1.1" 200 27
58.39.110.191 - - [09/Jan/2024:10:19:28 +0800] "GET /xingrg/all/function/internal_message.html?_=1704766772407&CODE_STATE=getMsg HTTP/1.1" 200 27
58.39.110.191 - - [09/Jan/2024:10:19:28 +0800] "GET /xingrg/check_reg.html?_=1704766772409 HTTP/1.1" 200 22
101.83.145.37 - - [09/Jan/2024:10:19:33 +0800] "GET /xingrg/all/function/internal_message.html?_=1704766540494&CODE_STATE=getMsg HTTP/1.1" 200 27
180.171.56.87 - - [09/Jan/2024:10:19:34 +0800] "GET /xingrg/all/function/internal_message.html?_=1704766775781&CODE_STATE=getMsg HTTP/1.1" 200 27
124.78.68.102 - - [09/Jan/2024:10:19:36 +0800] "GET /xingrg/all/function/internal_message.html?_=1704766776752&CODE_STATE=getMsg HTTP/1.1" 200 27
101.228.146.191 - - [09/Jan/2024:10:19:37 +0800] "GET /xingrg/all/function/internal_message.html?_=1704766776139&CODE_STATE=getMsg HTTP/1.1" 200 27
124.77.240.111 - - [09/Jan/2024:10:19:41 +0800] "GET /xingrg/all/function/internal_message.html?_=1704766789752&CODE_STATE=getMsg HTTP/1.1" 200 27
222.69.133.109 - - [09/Jan/2024:10:19:44 +0800] "GET /xingrg/all/function/internal_message.html?_=1704766786306&CODE_STATE=getMsg HTTP/1.1" 200 27
222.70.115.1 - - [09/Jan/2024:10:19:45 +0800] "GET /xingrg/all/function/internal_message.html?_=1704766787916&CODE_STATE=getMsg HTTP/1.1" 200 27
180.164.1.25 - - [09/Jan/2024:10:19:45 +0800] "GET /xingrg/all/function/internal_message.html?_=1704766784923&CODE_STATE=getMsg HTTP/1.1" 200 27
114.95.241.104 - - [09/Jan/2024:10:19:48 +0800] "GET /xingrg/check_reg.html?_=1704766788820 HTTP/1.1" 200 22
114.95.241.104 - - [09/Jan/2024:10:19:48 +0800] "GET /xingrg/all/function/internal_message.html?_=1704766788822&CODE_STATE=getMsg HTTP/1.1" 200 27
114.83.221.243 - - [09/Jan/2024:10:19:50 +0800] "GET /xingrg/all/function/internal_message.html?_=1704766789449&CODE_STATE=getMsg HTTP/1.1" 200 27
116.232.193.168 - - [09/Jan/2024:10:19:57 +0800] "GET /xingrg/all/function/internal_message.html?_=1704766746256&CODE_STATE=getMsg HTTP/1.1" 200 27
221.239.172.206 - - [09/Jan/2024:10:20:00 +0800] "GET /xingrg/all/function/internal_message.html?_=1704766800662&CODE_STATE=getMsg HTTP/1.1" 200 27
116.232.193.168 - - [09/Jan/2024:10:20:02 +0800] "GET /xingrg/check_reg.html?_=1704766750572 HTTP/1.1" 200 22
222.70.180.200 - - [09/Jan/2024:10:20:04 +0800] "GET /xingrg/all/function/internal_message.html?_=1704766804183&CODE_STATE=getMsg HTTP/1.1" 200 27
124.78.154.219 - - [09/Jan/2024:10:20:11 +0800] "GET /xingrg/all/function/internal_message.html?_=1704766810513&CODE_STATE=getMsg HTTP/1.1" 200 27
180.152.241.32 - - [09/Jan/2024:10:20:19 +0800] "GET /xingrg/all/function/internal_message.html?_=1704766820178&CODE_STATE=getMsg HTTP/1.1" 200 27
114.95.241.104 - - [09/Jan/2024:10:20:22 +0800] "GET /xingrg/check_reg.html?_=1704766821979 HTTP/1.1" 200 22
114.95.241.104 - - [09/Jan/2024:10:20:22 +0800] "GET /xingrg/all/function/internal_message.html?_=1704766821981&CODE_STATE=getMsg HTTP/1.1" 200 27
120.253.135.82 - - [09/Jan/2024:10:20:26 +0800] "GET /xingrg/all/function/internal_message.html?_=1704766987649&CODE_STATE=getMsg HTTP/1.1" 200 27
116.232.193.168 - - [09/Jan/2024:10:20:26 +0800] "GET /xingrg/check_reg.html?_=1704766775495 HTTP/1.1" 200 22
116.232.193.168 - - [09/Jan/2024:10:20:26 +0800] "GET /xingrg/all/function/internal_message.html?_=1704766775500&CODE_STATE=getMsg HTTP/1.1" 200 27
58.39.110.191 - - [09/Jan/2024:10:20:28 +0800] "GET /xingrg/all/function/internal_message.html?_=1704766832403&CODE_STATE=getMsg HTTP/1.1" 200 27
101.83.145.37 - - [09/Jan/2024:10:20:33 +0800] "GET /xingrg/all/function/internal_message.html?_=1704766600494&CODE_STATE=getMsg HTTP/1.1" 200 27
180.171.56.87 - - [09/Jan/2024:10:20:34 +0800] "GET /xingrg/check_reg.html?_=1704766835768 HTTP/1.1" 200 22
180.171.56.87 - - [09/Jan/2024:10:20:34 +0800] "GET /xingrg/all/function/internal_message.html?_=1704766835771&CODE_STATE=getMsg HTTP/1.1" 200 27
124.78.68.102 - - [09/Jan/2024:10:20:36 +0800] "GET /xingrg/all/function/internal_message.html?_=1704766836736&CODE_STATE=getMsg HTTP/1.1" 200 27
101.228.146.191 - - [09/Jan/2024:10:20:37 +0800] "GET /xingrg/all/function/internal_message.html?_=1704766836139&CODE_STATE=getMsg HTTP/1.1" 200 27
124.77.240.111 - - [09/Jan/2024:10:20:41 +0800] "GET /xingrg/all/function/internal_message.html?_=1704766849760&CODE_STATE=getMsg HTTP/1.1" 200 27
180.164.1.25 - - [09/Jan/2024:10:20:42 +0800] "GET /xingrg/check_reg.html?_=1704766841118 HTTP/1.1" 200 22
222.69.133.109 - - [09/Jan/2024:10:20:44 +0800] "GET /xingrg/all/function/internal_message.html?_=1704766846298&CODE_STATE=getMsg HTTP/1.1" 200 27
222.70.115.1 - - [09/Jan/2024:10:20:45 +0800] "GET /xingrg/check_reg.html?_=1704766847903 HTTP/1.1" 200 22
222.70.115.1 - - [09/Jan/2024:10:20:45 +0800] "GET /xingrg/all/function/internal_message.html?_=1704766847912&CODE_STATE=getMsg HTTP/1.1" 200 27
180.164.1.25 - - [09/Jan/2024:10:20:45 +0800] "GET /xingrg/all/function/internal_message.html?_=1704766844913&CODE_STATE=getMsg HTTP/1.1" 200 27
114.95.241.104 - - [09/Jan/2024:10:20:48 +0800] "GET /xingrg/all/function/internal_message.html?_=1704766848817&CODE_STATE=getMsg HTTP/1.1" 200 27
114.83.221.243 - - [09/Jan/2024:10:20:50 +0800] "GET /xingrg/all/function/internal_message.html?_=1704766849434&CODE_STATE=getMsg HTTP/1.1" 200 27
116.232.193.168 - - [09/Jan/2024:10:20:57 +0800] "GET /xingrg/all/function/internal_message.html?_=1704766806240&CODE_STATE=getMsg HTTP/1.1" 200 27
58.39.110.191 - - [09/Jan/2024:10:20:58 +0800] "POST /xingrg/kc/base/wldb_order_operate.html HTTP/1.1" 200 37
221.239.172.206 - - [09/Jan/2024:10:21:00 +0800] "GET /xingrg/all/function/internal_message.html?_=1704766860645&CODE_STATE=getMsg HTTP/1.1" 200 27
58.39.110.191 - - [09/Jan/2024:10:21:04 +0800] "POST /xingrg/kc/base/wldb_order_operate.html HTTP/1.1" 200 12
58.39.110.191 - - [09/Jan/2024:10:21:04 +0800] "POST /xingrg/kc/base/wldb_order_operate.html HTTP/1.1" 200 2179
222.70.180.200 - - [09/Jan/2024:10:21:04 +0800] "GET /xingrg/all/function/internal_message.html?_=1704766864160&CODE_STATE=getMsg HTTP/1.1" 200 27
58.39.110.191 - - [09/Jan/2024:10:21:06 +0800] "GET /xingrg/kc/base/wldb_order_info.html?code=422024010900857 HTTP/1.1" 200 26261
58.39.110.191 - - [09/Jan/2024:10:21:06 +0800] "GET /xingrg/javascript/easyui/themes/default/validatebox.css HTTP/1.1" 404 1104
58.39.110.191 - - [09/Jan/2024:10:21:07 +0800] "POST /xingrg/kc/base/wldb_order_operate.html HTTP/1.1" 200 473
124.78.154.219 - - [09/Jan/2024:10:21:11 +0800] "GET /xingrg/all/function/internal_message.html?_=1704766870512&CODE_STATE=getMsg HTTP/1.1" 200 27
124.77.240.111 - - [09/Jan/2024:10:21:16 +0800] "GET /xingrg/check_reg.html?_=1704766884313 HTTP/1.1" 200 22
180.152.241.32 - - [09/Jan/2024:10:21:19 +0800] "GET /xingrg/all/function/internal_message.html?_=1704766880163&CODE_STATE=getMsg HTTP/1.1" 200 27
114.95.241.104 - - [09/Jan/2024:10:21:22 +0800] "GET /xingrg/all/function/internal_message.html?_=1704766881978&CODE_STATE=getMsg HTTP/1.1" 200 27
114.83.221.243 - - [09/Jan/2024:10:21:24 +0800] "GET /xingrg/kc/buy/cgsh_order_operate.html?command=get_materiel&rest_code=00149&code=00101029011&supplier_code=00100019&order_time=2024-01-09 HTTP/1.1" 200 460
120.253.135.82 - - [09/Jan/2024:10:21:26 +0800] "GET /xingrg/all/function/internal_message.html?_=1704767047654&CODE_STATE=getMsg HTTP/1.1" 200 27
120.253.135.82 - - [09/Jan/2024:10:21:26 +0800] "GET /xingrg/check_reg.html?_=1704767047665 HTTP/1.1" 200 22
116.232.193.168 - - [09/Jan/2024:10:21:26 +0800] "GET /xingrg/all/function/internal_message.html?_=1704766835492&CODE_STATE=getMsg HTTP/1.1" 200 27
124.77.240.111 - - [09/Jan/2024:10:21:27 +0800] "GET /xingrg/kc/buy/cgsh_order_add.html HTTP/1.1" 200 72894
124.77.240.111 - - [09/Jan/2024:10:21:28 +0800] "POST /xingrg/kc/buy/cgsh_order_operate.html HTTP/1.1" 200 8245
124.77.240.111 - - [09/Jan/2024:10:21:28 +0800] "GET /xingrg/javascript/easyui/themes/default/validatebox.css HTTP/1.1" 404 1104
101.83.145.37 - - [09/Jan/2024:10:21:33 +0800] "GET /xingrg/all/function/internal_message.html?_=1704766660494&CODE_STATE=getMsg HTTP/1.1" 200 27
180.171.56.87 - - [09/Jan/2024:10:21:34 +0800] "GET /xingrg/all/function/internal_message.html?_=1704766895772&CODE_STATE=getMsg HTTP/1.1" 200 27
116.232.193.168 - - [09/Jan/2024:10:21:35 +0800] "POST /xingrg/kc/buy/cgsh_list_operate.html HTTP/1.1" 200 199
124.78.68.102 - - [09/Jan/2024:10:21:36 +0800] "GET /xingrg/all/function/internal_message.html?_=1704766896722&CODE_STATE=getMsg HTTP/1.1" 200 27
114.83.221.243 - - [09/Jan/2024:10:21:36 +0800] "GET /xingrg/kc/buy/cgsh_order_operate.html?command=get_materiel&rest_code=00149&code=00101029022&supplier_code=00100019&order_time=2024-01-09 HTTP/1.1" 200 474
101.228.146.191 - - [09/Jan/2024:10:21:37 +0800] "GET /xingrg/all/function/internal_message.html?_=1704766896134&CODE_STATE=getMsg HTTP/1.1" 200 27
101.228.146.191 - - [09/Jan/2024:10:21:37 +0800] "GET /xingrg/check_reg.html?_=1704766896137 HTTP/1.1" 200 22
124.77.240.111 - - [09/Jan/2024:10:21:41 +0800] "GET /xingrg/all/function/internal_message.html?_=1704766909774&CODE_STATE=getMsg HTTP/1.1" 200 27
222.69.133.109 - - [09/Jan/2024:10:21:44 +0800] "GET /xingrg/all/function/internal_message.html?_=1704766906314&CODE_STATE=getMsg HTTP/1.1" 200 27
222.69.133.109 - - [09/Jan/2024:10:21:44 +0800] "GET /xingrg/check_reg.html?_=1704766906318 HTTP/1.1" 200 22
222.70.115.1 - - [09/Jan/2024:10:21:45 +0800] "GET /xingrg/all/function/internal_message.html?_=1704766907911&CODE_STATE=getMsg HTTP/1.1" 200 27
180.164.1.25 - - [09/Jan/2024:10:21:45 +0800] "GET /xingrg/all/function/internal_message.html?_=1704766904900&CODE_STATE=getMsg HTTP/1.1" 200 27
114.95.241.104 - - [09/Jan/2024:10:21:48 +0800] "GET /xingrg/all/function/internal_message.html?_=1704766908815&CODE_STATE=getMsg HTTP/1.1" 200 27
114.83.221.243 - - [09/Jan/2024:10:21:50 +0800] "GET /xingrg/all/function/internal_message.html?_=1704766909420&CODE_STATE=getMsg HTTP/1.1" 200 27
116.232.193.168 - - [09/Jan/2024:10:21:57 +0800] "GET /xingrg/all/function/internal_message.html?_=1704766866223&CODE_STATE=getMsg HTTP/1.1" 200 27
221.239.172.206 - - [09/Jan/2024:10:22:00 +0800] "GET /xingrg/all/function/internal_message.html?_=1704766920624&CODE_STATE=getMsg HTTP/1.1" 200 27
222.70.180.200 - - [09/Jan/2024:10:22:04 +0800] "GET /xingrg/all/function/internal_message.html?_=1704766924135&CODE_STATE=getMsg HTTP/1.1" 200 27
124.78.154.219 - - [09/Jan/2024:10:22:11 +0800] "GET /xingrg/all/function/internal_message.html?_=1704766930513&CODE_STATE=getMsg HTTP/1.1" 200 27
114.83.221.243 - - [09/Jan/2024:10:22:18 +0800] "GET /xingrg/kc/buy/cgsh_order_operate.html?command=get_materiel&rest_code=00149&code=00101029005&supplier_code=00100019&order_time=2024-01-09 HTTP/1.1" 200 436
180.152.241.32 - - [09/Jan/2024:10:22:19 +0800] "GET /xingrg/all/function/internal_message.html?_=1704766940140&CODE_STATE=getMsg HTTP/1.1" 200 27
114.95.241.104 - - [09/Jan/2024:10:22:22 +0800] "GET /xingrg/all/function/internal_message.html?_=1704766941992&CODE_STATE=getMsg HTTP/1.1" 200 27
120.253.135.82 - - [09/Jan/2024:10:22:26 +0800] "GET /xingrg/all/function/internal_message.html?_=1704767107659&CODE_STATE=getMsg HTTP/1.1" 200 27
116.232.193.168 - - [09/Jan/2024:10:22:26 +0800] "GET /xingrg/all/function/internal_message.html?_=1704766895484&CODE_STATE=getMsg HTTP/1.1" 200 27
124.77.240.111 - - [09/Jan/2024:10:22:27 +0800] "GET /xingrg/kc/buy/cgsh_order_operate.html?command=get_materiel&rest_code=00146&code=00101006039&supplier_code=00100012&order_time=2024-01-09 HTTP/1.1" 200 413
39.144.107.133 - - [09/Jan/2024:10:22:31 +0800] "GET /xingrg/login.html HTTP/1.1" 200 7641
39.144.107.133 - - [09/Jan/2024:10:22:31 +0800] "GET /xingrg/images/blue/login_bg.png HTTP/1.1" 200 22101
39.144.107.133 - - [09/Jan/2024:10:22:31 +0800] "GET /xingrg/images/blue/hj.png HTTP/1.1" 200 1014
39.144.107.133 - - [09/Jan/2024:10:22:31 +0800] "GET /xingrg/images/blue/srbg.png HTTP/1.1" 200 138
39.144.107.133 - - [09/Jan/2024:10:22:31 +0800] "GET /favicon.ico HTTP/1.1" 404 -
114.83.221.243 - - [09/Jan/2024:10:22:32 +0800] "GET /xingrg/kc/buy/cgsh_order_operate.html?command=get_materiel&rest_code=00149&code=00101027017&supplier_code=00100019&order_time=2024-01-09 HTTP/1.1" 200 443
101.83.145.37 - - [09/Jan/2024:10:22:33 +0800] "GET /favicon.ico HTTP/1.1" 404 -
101.83.145.37 - - [09/Jan/2024:10:22:33 +0800] "GET /xingrg/check_reg.html?_=1704766720480 HTTP/1.1" 200 22
101.83.145.37 - - [09/Jan/2024:10:22:33 +0800] "GET /xingrg/all/function/internal_message.html?_=1704766720483&CODE_STATE=getMsg HTTP/1.1" 200 27
101.83.145.37 - - [09/Jan/2024:10:22:33 +0800] "GET /xingrg/index.html?sysBaseUrl=http%3A%2F%2F180.169.147.146%3A18081%2Fxingrg%2F&costTime=36×tamp=1585223203754 HTTP/1.1" 302 -
101.83.145.37 - - [09/Jan/2024:10:22:33 +0800] "GET /xingrg/login.html HTTP/1.1" 200 7641
101.83.145.37 - - [09/Jan/2024:10:22:34 +0800] "GET /favicon.ico HTTP/1.1" 404 -
180.171.56.87 - - [09/Jan/2024:10:22:34 +0800] "GET /xingrg/all/function/internal_message.html?_=1704766955772&CODE_STATE=getMsg HTTP/1.1" 200 27
124.78.68.102 - - [09/Jan/2024:10:22:36 +0800] "GET /xingrg/all/function/internal_message.html?_=1704766956697&CODE_STATE=getMsg HTTP/1.1" 200 27
39.144.107.133 - - [09/Jan/2024:10:22:36 +0800] "POST /xingrg/login.do HTTP/1.1" 302 -
39.144.107.133 - - [09/Jan/2024:10:22:36 +0800] "GET /xingrg/index.html?sysBaseUrl=http%3A%2F%2F180.169.147.146%3A18081%2Fxingrg%2F&costTime=820×tamp=1704766956846 HTTP/1.1" 200 17177
39.144.107.133 - - [09/Jan/2024:10:22:37 +0800] "GET /favicon.ico HTTP/1.1" 404 -
39.144.107.133 - - [09/Jan/2024:10:22:37 +0800] "GET /xingrg/all/function/internal_message.html?_=1704766957078&CODE_STATE=count HTTP/1.1" 200 11
39.144.107.133 - - [09/Jan/2024:10:22:37 +0800] "GET /xingrg/check_reg.html?_=1704766957080 HTTP/1.1" 200 22
39.144.107.133 - - [09/Jan/2024:10:22:37 +0800] "POST /xingrg/all/common/load_tree.html?tree=area_rest_tree_json&manage=1 HTTP/1.1" 200 601
39.144.107.133 - - [09/Jan/2024:10:22:37 +0800] "POST /xingrg/load_menu.html HTTP/1.1" 200 5138
101.228.146.191 - - [09/Jan/2024:10:22:37 +0800] "GET /xingrg/all/function/internal_message.html?_=1704766956135&CODE_STATE=getMsg HTTP/1.1" 200 27
39.144.107.133 - - [09/Jan/2024:10:22:38 +0800] "GET /xingrg/kc/mdqp/qp_main.html HTTP/1.1" 200 10633
39.144.107.133 - - [09/Jan/2024:10:22:38 +0800] "GET /xingrg/images/blue/button/qqpsd.gif HTTP/1.1" 200 2548
39.144.107.133 - - [09/Jan/2024:10:22:38 +0800] "GET /xingrg/images/blue/button/pszx.gif HTTP/1.1" 200 2648
39.144.107.133 - - [09/Jan/2024:10:22:38 +0800] "GET /xingrg/images/blue/button/psshd.gif HTTP/1.1" 200 2692
39.144.107.133 - - [09/Jan/2024:10:22:38 +0800] "GET /xingrg/images/yd/bt.gif HTTP/1.1" 404 1040
101.83.145.37 - - [09/Jan/2024:10:22:39 +0800] "POST /xingrg/login.do HTTP/1.1" 302 -
101.83.145.37 - - [09/Jan/2024:10:22:40 +0800] "GET /xingrg/index.html?sysBaseUrl=http%3A%2F%2F180.169.147.146%3A18081%2Fxingrg%2F&costTime=902×tamp=1704766959881 HTTP/1.1" 200 17173
39.144.107.133 - - [09/Jan/2024:10:22:40 +0800] "GET /xingrg/kc/mdqp/qqps_order_list.html HTTP/1.1" 200 9222
39.144.107.133 - - [09/Jan/2024:10:22:40 +0800] "GET /xingrg/dwr/interface/AjaxReportQueryService.js HTTP/1.1" 200 13203
39.144.107.133 - - [09/Jan/2024:10:22:40 +0800] "GET /xingrg/dwr/interface/AjaxQqpsService.js HTTP/1.1" 200 16326
39.144.107.133 - - [09/Jan/2024:10:22:40 +0800] "GET /xingrg/dwr/engine.js HTTP/1.1" 200 43631
39.144.107.133 - - [09/Jan/2024:10:22:40 +0800] "GET /xingrg/dwr/util.js HTTP/1.1" 200 35990
39.144.107.133 - - [09/Jan/2024:10:22:40 +0800] "GET /xingrg/javascript/Calendar.js HTTP/1.1" 200 31561
101.83.145.37 - - [09/Jan/2024:10:22:40 +0800] "GET /xingrg/all/function/internal_message.html?_=1704766962003&CODE_STATE=count HTTP/1.1" 200 11
101.83.145.37 - - [09/Jan/2024:10:22:40 +0800] "GET /xingrg/check_reg.html?_=1704766962003 HTTP/1.1" 200 22
101.83.145.37 - - [09/Jan/2024:10:22:40 +0800] "GET /favicon.ico HTTP/1.1" 404 -
101.83.145.37 - - [09/Jan/2024:10:22:40 +0800] "POST /xingrg/all/common/load_tree.html?tree=area_rest_tree_json&manage=1 HTTP/1.1" 200 3624
39.144.107.133 - - [09/Jan/2024:10:22:40 +0800] "GET /xingrg/javascript/jquery_easy_ui/themes/icons/cance_new.png HTTP/1.1" 200 3986
39.144.107.133 - - [09/Jan/2024:10:22:40 +0800] "GET /xingrg/javascript/jquery_easy_ui/themes/icons/edit_add_new.png HTTP/1.1" 200 2997
39.144.107.133 - - [09/Jan/2024:10:22:40 +0800] "GET /xingrg/javascript/jquery_easy_ui/themes/icons/check_new.png HTTP/1.1" 200 3224
39.144.107.133 - - [09/Jan/2024:10:22:40 +0800] "GET /xingrg/javascript/jquery_easy_ui/themes/icons/uncheck_new.png HTTP/1.1" 200 3197
101.83.145.37 - - [09/Jan/2024:10:22:40 +0800] "POST /xingrg/load_menu.html HTTP/1.1" 200 5138
39.144.107.133 - - [09/Jan/2024:10:22:41 +0800] "GET /xingrg/javascript/jquery_easy_ui/themes/default/images/button_plain_hover.png HTTP/1.1" 200 252
124.77.240.111 - - [09/Jan/2024:10:22:41 +0800] "GET /xingrg/all/function/internal_message.html?_=1704766969786&CODE_STATE=getMsg HTTP/1.1" 200 27
39.144.107.133 - - [09/Jan/2024:10:22:42 +0800] "GET /xingrg/kc/mdqp/qqps_order_add.html HTTP/1.1" 200 25758
39.144.107.133 - - [09/Jan/2024:10:22:42 +0800] "GET /xingrg/javascript/tools/jquery.qtip-1.0.0-rc3.min.js HTTP/1.1" 200 38404
39.144.107.133 - - [09/Jan/2024:10:22:42 +0800] "GET /xingrg/dwr/interface/AjaxQqpsService.js HTTP/1.1" 200 16326
39.144.107.133 - - [09/Jan/2024:10:22:42 +0800] "GET /xingrg/dwr/interface/AjaxComOrderService.js HTTP/1.1" 200 18264
39.144.107.133 - - [09/Jan/2024:10:22:42 +0800] "GET /xingrg/dwr/engine.js HTTP/1.1" 200 43631
39.144.107.133 - - [09/Jan/2024:10:22:42 +0800] "GET /xingrg/javascript/AjaxInfoList.js HTTP/1.1" 200 3774
39.144.107.133 - - [09/Jan/2024:10:22:42 +0800] "GET /xingrg/javascript/Grid.js HTTP/1.1" 200 58908
39.144.107.133 - - [09/Jan/2024:10:22:42 +0800] "GET /xingrg/words/20240108150021_words.js HTTP/1.1" 304 -
39.144.107.133 - - [09/Jan/2024:10:22:42 +0800] "GET /xingrg/javascript/jquery_easy_ui/themes/icons/copy_new.png HTTP/1.1" 200 815
