124.78.154.219 - - [09/Jan/2024:10:03:11 +0800] "GET /xingrg/kc/buy/cgsh_order_operate.html?command=get_materiel&rest_code=00106&code=00101008300&supplier_code=00100007&order_time=2024-01-09 HTTP/1.1" 200 432
120.253.135.82 - - [09/Jan/2024:10:03:19 +0800] "GET /xingrg/all/function/internal_message.html?_=1704765960568&CODE_STATE=getMsg HTTP/1.1" 200 27
180.152.241.32 - - [09/Jan/2024:10:03:19 +0800] "GET /xingrg/all/function/internal_message.html?_=1704765800424&CODE_STATE=getMsg HTTP/1.1" 200 27
180.152.241.32 - - [09/Jan/2024:10:03:20 +0800] "GET /xingrg/check_reg.html?_=1704765801295 HTTP/1.1" 200 22
114.95.241.104 - - [09/Jan/2024:10:03:22 +0800] "GET /xingrg/all/function/internal_message.html?_=1704765801955&CODE_STATE=getMsg HTTP/1.1" 200 27
124.78.154.219 - - [09/Jan/2024:10:03:28 +0800] "GET /xingrg/kc/buy/cgsh_order_operate.html?command=get_materiel&rest_code=00106&code=00101005094&supplier_code=00100007&order_time=2024-01-09 HTTP/1.1" 200 438
124.78.68.102 - - [09/Jan/2024:10:03:30 +0800] "GET /xingrg/check_reg.html?_=1704765810242 HTTP/1.1" 200 22
101.83.145.37 - - [09/Jan/2024:10:03:33 +0800] "GET /xingrg/all/function/internal_message.html?_=1704765580460&CODE_STATE=getMsg HTTP/1.1" 200 27
180.171.56.87 - - [09/Jan/2024:10:03:34 +0800] "GET /xingrg/all/function/internal_message.html?_=1704765815743&CODE_STATE=getMsg HTTP/1.1" 200 27
180.169.147.146 - - [09/Jan/2024:10:03:34 +0800] "GET /xingrg/check_reg.html?_=1704765814490 HTTP/1.1" 200 22
221.239.172.206 - - [09/Jan/2024:10:03:36 +0800] "GET /xingrg/check_reg.html?_=1704765816530 HTTP/1.1" 200 22
124.78.68.102 - - [09/Jan/2024:10:03:37 +0800] "GET /xingrg/all/function/internal_message.html?_=1704765817085&CODE_STATE=getMsg HTTP/1.1" 200 27
101.228.146.191 - - [09/Jan/2024:10:03:37 +0800] "GET /xingrg/all/function/internal_message.html?_=1704765816109&CODE_STATE=getMsg HTTP/1.1" 200 27
124.77.240.111 - - [09/Jan/2024:10:03:41 +0800] "GET /xingrg/all/function/internal_message.html?_=1704765829141&CODE_STATE=getMsg HTTP/1.1" 200 27
222.69.133.109 - - [09/Jan/2024:10:03:44 +0800] "GET /xingrg/all/function/internal_message.html?_=1704765826311&CODE_STATE=getMsg HTTP/1.1" 200 27
222.70.115.1 - - [09/Jan/2024:10:03:45 +0800] "GET /xingrg/all/function/internal_message.html?_=1704765827852&CODE_STATE=getMsg HTTP/1.1" 200 27
180.164.1.25 - - [09/Jan/2024:10:03:46 +0800] "GET /xingrg/all/function/internal_message.html?_=1704765825241&CODE_STATE=getMsg HTTP/1.1" 200 27
114.95.241.104 - - [09/Jan/2024:10:03:48 +0800] "GET /xingrg/all/function/internal_message.html?_=1704765828838&CODE_STATE=getMsg HTTP/1.1" 200 27
114.83.221.243 - - [09/Jan/2024:10:03:50 +0800] "GET /xingrg/all/function/internal_message.html?_=1704765829750&CODE_STATE=getMsg HTTP/1.1" 200 27
114.83.221.243 - - [09/Jan/2024:10:03:50 +0800] "GET /xingrg/check_reg.html?_=1704765830166 HTTP/1.1" 200 22
124.78.154.219 - - [09/Jan/2024:10:03:54 +0800] "GET /xingrg/kc/buy/cgsh_order_operate.html?command=get_materiel&rest_code=00106&code=00101008059&supplier_code=00100007&order_time=2024-01-09 HTTP/1.1" 200 408
116.232.193.168 - - [09/Jan/2024:10:03:58 +0800] "GET /xingrg/all/function/internal_message.html?_=1704765786543&CODE_STATE=getMsg HTTP/1.1" 200 27
222.70.180.200 - - [09/Jan/2024:10:03:58 +0800] "GET /xingrg/check_reg.html?_=1704765837878 HTTP/1.1" 200 22
221.239.172.206 - - [09/Jan/2024:10:04:01 +0800] "GET /xingrg/all/function/internal_message.html?_=1704765840914&CODE_STATE=getMsg HTTP/1.1" 200 27
222.70.180.200 - - [09/Jan/2024:10:04:04 +0800] "GET /xingrg/all/function/internal_message.html?_=1704765844321&CODE_STATE=getMsg HTTP/1.1" 200 27
124.78.154.219 - - [09/Jan/2024:10:04:11 +0800] "GET /xingrg/all/function/internal_message.html?_=1704765850498&CODE_STATE=getMsg HTTP/1.1" 200 27
180.152.241.32 - - [09/Jan/2024:10:04:19 +0800] "GET /xingrg/all/function/internal_message.html?_=1704765860408&CODE_STATE=getMsg HTTP/1.1" 200 27
120.253.135.82 - - [09/Jan/2024:10:04:20 +0800] "GET /xingrg/all/function/internal_message.html?_=1704766021573&CODE_STATE=getMsg HTTP/1.1" 200 27
114.95.241.104 - - [09/Jan/2024:10:04:22 +0800] "GET /xingrg/all/function/internal_message.html?_=1704765861955&CODE_STATE=getMsg HTTP/1.1" 200 27
124.78.154.219 - - [09/Jan/2024:10:04:32 +0800] "GET /xingrg/kc/buy/cgsh_order_operate.html?command=get_materiel&rest_code=00106&code=00101008100&supplier_code=00100007&order_time=2024-01-09 HTTP/1.1" 200 408
101.83.145.37 - - [09/Jan/2024:10:04:33 +0800] "GET /xingrg/all/function/internal_message.html?_=1704765640486&CODE_STATE=getMsg HTTP/1.1" 200 27
180.171.56.87 - - [09/Jan/2024:10:04:34 +0800] "GET /xingrg/all/function/internal_message.html?_=1704765875756&CODE_STATE=getMsg HTTP/1.1" 200 27
124.78.68.102 - - [09/Jan/2024:10:04:37 +0800] "GET /xingrg/all/function/internal_message.html?_=1704765877056&CODE_STATE=getMsg HTTP/1.1" 200 27
101.228.146.191 - - [09/Jan/2024:10:04:37 +0800] "GET /xingrg/all/function/internal_message.html?_=1704765876110&CODE_STATE=getMsg HTTP/1.1" 200 27
124.77.240.111 - - [09/Jan/2024:10:04:41 +0800] "GET /xingrg/all/function/internal_message.html?_=1704765889152&CODE_STATE=getMsg HTTP/1.1" 200 27
124.78.154.219 - - [09/Jan/2024:10:04:43 +0800] "POST /xingrg/kc/buy/cgsh_order_operate.html HTTP/1.1" 200 37
222.69.133.109 - - [09/Jan/2024:10:04:44 +0800] "GET /xingrg/all/function/internal_message.html?_=1704765886312&CODE_STATE=getMsg HTTP/1.1" 200 27
222.70.115.1 - - [09/Jan/2024:10:04:45 +0800] "GET /xingrg/all/function/internal_message.html?_=1704765887855&CODE_STATE=getMsg HTTP/1.1" 200 27
180.164.1.25 - - [09/Jan/2024:10:04:46 +0800] "GET /xingrg/all/function/internal_message.html?_=1704765885223&CODE_STATE=getMsg HTTP/1.1" 200 27
114.95.241.104 - - [09/Jan/2024:10:04:48 +0800] "GET /xingrg/check_reg.html?_=1704765888832 HTTP/1.1" 200 22
114.95.241.104 - - [09/Jan/2024:10:04:48 +0800] "GET /xingrg/all/function/internal_message.html?_=1704765888833&CODE_STATE=getMsg HTTP/1.1" 200 27
124.78.154.219 - - [09/Jan/2024:10:04:49 +0800] "POST /xingrg/kc/buy/cgsh_order_operate.html HTTP/1.1" 200 11547
114.83.221.243 - - [09/Jan/2024:10:04:50 +0800] "GET /xingrg/all/function/internal_message.html?_=1704765889727&CODE_STATE=getMsg HTTP/1.1" 200 27
116.232.193.168 - - [09/Jan/2024:10:04:58 +0800] "GET /xingrg/all/function/internal_message.html?_=1704765846529&CODE_STATE=getMsg HTTP/1.1" 200 27
221.239.172.206 - - [09/Jan/2024:10:05:01 +0800] "GET /xingrg/all/function/internal_message.html?_=1704765900890&CODE_STATE=getMsg HTTP/1.1" 200 27
116.232.193.168 - - [09/Jan/2024:10:05:02 +0800] "GET /xingrg/check_reg.html?_=1704765850626 HTTP/1.1" 200 22
222.70.180.200 - - [09/Jan/2024:10:05:04 +0800] "GET /xingrg/all/function/internal_message.html?_=1704765904304&CODE_STATE=getMsg HTTP/1.1" 200 27
124.78.154.219 - - [09/Jan/2024:10:05:05 +0800] "GET /xingrg/kc/buy/cgsh_order_operate.html?command=get_materiel&rest_code=00106&code=00101008037&supplier_code=00100007&order_time=2024-01-09 HTTP/1.1" 200 415
124.78.154.219 - - [09/Jan/2024:10:05:11 +0800] "GET /xingrg/all/function/internal_message.html?_=1704765910504&CODE_STATE=getMsg HTTP/1.1" 200 27
180.152.241.32 - - [09/Jan/2024:10:05:19 +0800] "GET /xingrg/all/function/internal_message.html?_=1704765920402&CODE_STATE=getMsg HTTP/1.1" 200 27
120.253.135.82 - - [09/Jan/2024:10:05:21 +0800] "GET /xingrg/all/function/internal_message.html?_=1704766082578&CODE_STATE=getMsg HTTP/1.1" 200 27
114.95.241.104 - - [09/Jan/2024:10:05:22 +0800] "GET /xingrg/all/function/internal_message.html?_=1704765921949&CODE_STATE=getMsg HTTP/1.1" 200 27
114.95.241.104 - - [09/Jan/2024:10:05:22 +0800] "GET /xingrg/check_reg.html?_=1704765921951 HTTP/1.1" 200 22
101.83.145.37 - - [09/Jan/2024:10:05:33 +0800] "GET /xingrg/all/function/internal_message.html?_=1704765700486&CODE_STATE=getMsg HTTP/1.1" 200 27
180.171.56.87 - - [09/Jan/2024:10:05:34 +0800] "GET /xingrg/all/function/internal_message.html?_=1704765935757&CODE_STATE=getMsg HTTP/1.1" 200 27
180.171.56.87 - - [09/Jan/2024:10:05:34 +0800] "GET /xingrg/check_reg.html?_=1704765935760 HTTP/1.1" 200 22
124.78.68.102 - - [09/Jan/2024:10:05:36 +0800] "GET /xingrg/all/function/internal_message.html?_=1704765937029&CODE_STATE=getMsg HTTP/1.1" 200 27
101.228.146.191 - - [09/Jan/2024:10:05:37 +0800] "GET /xingrg/all/function/internal_message.html?_=1704765936112&CODE_STATE=getMsg HTTP/1.1" 200 27
124.77.240.111 - - [09/Jan/2024:10:05:41 +0800] "GET /xingrg/all/function/internal_message.html?_=1704765949372&CODE_STATE=getMsg HTTP/1.1" 200 27
180.164.1.25 - - [09/Jan/2024:10:05:42 +0800] "GET /xingrg/check_reg.html?_=1704765941123 HTTP/1.1" 200 22
222.69.133.109 - - [09/Jan/2024:10:05:44 +0800] "GET /xingrg/all/function/internal_message.html?_=1704765946313&CODE_STATE=getMsg HTTP/1.1" 200 27
222.70.115.1 - - [09/Jan/2024:10:05:45 +0800] "GET /xingrg/all/function/internal_message.html?_=1704765947856&CODE_STATE=getMsg HTTP/1.1" 200 27
222.70.115.1 - - [09/Jan/2024:10:05:45 +0800] "GET /xingrg/check_reg.html?_=1704765947865 HTTP/1.1" 200 22
124.78.154.219 - - [09/Jan/2024:10:05:45 +0800] "GET /xingrg/kc/buy/cgsh_order_operate.html?command=get_materiel&rest_code=00106&code=00101008251&supplier_code=00100007&order_time=2024-01-09 HTTP/1.1" 200 408
180.164.1.25 - - [09/Jan/2024:10:05:46 +0800] "GET /xingrg/all/function/internal_message.html?_=1704765945208&CODE_STATE=getMsg HTTP/1.1" 200 27
114.95.241.104 - - [09/Jan/2024:10:05:48 +0800] "GET /xingrg/all/function/internal_message.html?_=1704765948818&CODE_STATE=getMsg HTTP/1.1" 200 27
114.83.221.243 - - [09/Jan/2024:10:05:50 +0800] "GET /xingrg/all/function/internal_message.html?_=1704765949712&CODE_STATE=getMsg HTTP/1.1" 200 27
116.232.193.168 - - [09/Jan/2024:10:05:57 +0800] "GET /xingrg/all/function/internal_message.html?_=1704765906521&CODE_STATE=getMsg HTTP/1.1" 200 27
221.239.172.206 - - [09/Jan/2024:10:06:01 +0800] "GET /xingrg/all/function/internal_message.html?_=1704765960881&CODE_STATE=getMsg HTTP/1.1" 200 27
222.70.180.200 - - [09/Jan/2024:10:06:04 +0800] "GET /xingrg/all/function/internal_message.html?_=1704765964287&CODE_STATE=getMsg HTTP/1.1" 200 27
124.78.154.219 - - [09/Jan/2024:10:06:11 +0800] "GET /xingrg/all/function/internal_message.html?_=1704765970496&CODE_STATE=getMsg HTTP/1.1" 200 27
124.77.240.111 - - [09/Jan/2024:10:06:16 +0800] "GET /xingrg/check_reg.html?_=1704765984299 HTTP/1.1" 200 22
124.78.154.219 - - [09/Jan/2024:10:06:18 +0800] "GET /xingrg/kc/buy/cgsh_order_operate.html?command=get_materiel&rest_code=00106&code=00101008286&supplier_code=00100007&order_time=2024-01-09 HTTP/1.1" 200 429
180.152.241.32 - - [09/Jan/2024:10:06:19 +0800] "GET /xingrg/all/function/internal_message.html?_=1704765980388&CODE_STATE=getMsg HTTP/1.1" 200 27
114.95.241.104 - - [09/Jan/2024:10:06:22 +0800] "GET /xingrg/all/function/internal_message.html?_=1704765981971&CODE_STATE=getMsg HTTP/1.1" 200 27
120.253.135.82 - - [09/Jan/2024:10:06:22 +0800] "GET /xingrg/all/function/internal_message.html?_=1704766143583&CODE_STATE=getMsg HTTP/1.1" 200 27
120.253.135.82 - - [09/Jan/2024:10:06:22 +0800] "GET /xingrg/check_reg.html?_=1704766143584 HTTP/1.1" 200 22
124.78.154.219 - - [09/Jan/2024:10:06:31 +0800] "GET /xingrg/kc/buy/cgsh_order_operate.html?command=get_materiel&rest_code=00106&code=00101008131&supplier_code=00100007&order_time=2024-01-09 HTTP/1.1" 200 408
101.83.145.37 - - [09/Jan/2024:10:06:33 +0800] "GET /xingrg/all/function/internal_message.html?_=1704765760486&CODE_STATE=getMsg HTTP/1.1" 200 27
180.171.56.87 - - [09/Jan/2024:10:06:34 +0800] "GET /xingrg/all/function/internal_message.html?_=1704765995762&CODE_STATE=getMsg HTTP/1.1" 200 27
124.78.154.219 - - [09/Jan/2024:10:06:35 +0800] "POST /xingrg/kc/buy/cgsh_order_operate.html HTTP/1.1" 200 2065
124.78.68.102 - - [09/Jan/2024:10:06:36 +0800] "GET /xingrg/all/function/internal_message.html?_=1704765997003&CODE_STATE=getMsg HTTP/1.1" 200 27
101.228.146.191 - - [09/Jan/2024:10:06:37 +0800] "GET /xingrg/all/function/internal_message.html?_=1704765996110&CODE_STATE=getMsg HTTP/1.1" 200 27
101.228.146.191 - - [09/Jan/2024:10:06:37 +0800] "GET /xingrg/check_reg.html?_=1704765996114 HTTP/1.1" 200 22
124.77.240.111 - - [09/Jan/2024:10:06:41 +0800] "GET /xingrg/all/function/internal_message.html?_=1704766009382&CODE_STATE=getMsg HTTP/1.1" 200 27
222.69.133.109 - - [09/Jan/2024:10:06:44 +0800] "GET /xingrg/check_reg.html?_=1704766006304 HTTP/1.1" 200 22
222.69.133.109 - - [09/Jan/2024:10:06:44 +0800] "GET /xingrg/all/function/internal_message.html?_=1704766006307&CODE_STATE=getMsg HTTP/1.1" 200 27
124.78.154.219 - - [09/Jan/2024:10:06:44 +0800] "GET /xingrg/kc/buy/cgsh_order_operate.html?command=get_materiel&rest_code=00106&code=00101008213&supplier_code=00100007&order_time=2024-01-09 HTTP/1.1" 200 412
222.70.115.1 - - [09/Jan/2024:10:06:45 +0800] "GET /xingrg/all/function/internal_message.html?_=1704766007848&CODE_STATE=getMsg HTTP/1.1" 200 27
180.164.1.25 - - [09/Jan/2024:10:06:46 +0800] "GET /xingrg/all/function/internal_message.html?_=1704766005189&CODE_STATE=getMsg HTTP/1.1" 200 27
124.77.240.111 - - [09/Jan/2024:10:06:46 +0800] "POST /xingrg/services/DataTransmitService HTTP/1.1" 200 524
124.77.240.111 - - [09/Jan/2024:10:06:47 +0800] "POST /xingrg/services/DataTransmitService HTTP/1.1" 200 2331
114.95.241.104 - - [09/Jan/2024:10:06:48 +0800] "GET /xingrg/all/function/internal_message.html?_=1704766008832&CODE_STATE=getMsg HTTP/1.1" 200 27
124.77.240.111 - - [09/Jan/2024:10:06:50 +0800] "POST /xingrg/services/DataTransmitService HTTP/1.1" 200 524
114.83.221.243 - - [09/Jan/2024:10:06:50 +0800] "GET /xingrg/all/function/internal_message.html?_=1704766009697&CODE_STATE=getMsg HTTP/1.1" 200 27
124.77.240.111 - - [09/Jan/2024:10:06:50 +0800] "POST /xingrg/services/DataTransmitService HTTP/1.1" 200 2331
124.77.240.111 - - [09/Jan/2024:10:06:53 +0800] "POST /xingrg/services/DataTransmitService HTTP/1.1" 200 524
124.77.240.111 - - [09/Jan/2024:10:06:54 +0800] "POST /xingrg/services/DataTransmitService HTTP/1.1" 200 2331
124.77.240.111 - - [09/Jan/2024:10:06:56 +0800] "POST /xingrg/services/DataTransmitService HTTP/1.1" 200 524
124.77.240.111 - - [09/Jan/2024:10:06:57 +0800] "POST /xingrg/services/DataTransmitService HTTP/1.1" 200 412
116.232.193.168 - - [09/Jan/2024:10:06:57 +0800] "GET /xingrg/all/function/internal_message.html?_=1704765966520&CODE_STATE=getMsg HTTP/1.1" 200 27
221.239.172.206 - - [09/Jan/2024:10:07:01 +0800] "GET /xingrg/all/function/internal_message.html?_=1704766020876&CODE_STATE=getMsg HTTP/1.1" 200 27
124.77.240.111 - - [09/Jan/2024:10:07:03 +0800] "POST /xingrg/services/DataTransmitService HTTP/1.1" 200 524
124.77.240.111 - - [09/Jan/2024:10:07:04 +0800] "POST /xingrg/services/DataTransmitService HTTP/1.1" 200 2331
222.70.180.200 - - [09/Jan/2024:10:07:04 +0800] "GET /xingrg/all/function/internal_message.html?_=1704766024271&CODE_STATE=getMsg HTTP/1.1" 200 27
124.77.240.111 - - [09/Jan/2024:10:07:05 +0800] "POST /xingrg/services/DataTransmitService HTTP/1.1" 200 524
124.77.240.111 - - [09/Jan/2024:10:07:06 +0800] "POST /xingrg/services/DataTransmitService HTTP/1.1" 200 2331
124.77.240.111 - - [09/Jan/2024:10:07:07 +0800] "POST /xingrg/services/DataTransmitService HTTP/1.1" 200 524
124.77.240.111 - - [09/Jan/2024:10:07:08 +0800] "POST /xingrg/services/DataTransmitService HTTP/1.1" 200 412
124.77.240.111 - - [09/Jan/2024:10:07:09 +0800] "POST /xingrg/services/DataTransmitService HTTP/1.1" 200 524
124.77.240.111 - - [09/Jan/2024:10:07:10 +0800] "POST /xingrg/services/DataTransmitService HTTP/1.1" 200 2331
124.78.154.219 - - [09/Jan/2024:10:07:11 +0800] "GET /xingrg/all/function/internal_message.html?_=1704766030518&CODE_STATE=getMsg HTTP/1.1" 200 27
124.77.240.111 - - [09/Jan/2024:10:07:11 +0800] "POST /xingrg/services/DataTransmitService HTTP/1.1" 200 524
124.77.240.111 - - [09/Jan/2024:10:07:12 +0800] "POST /xingrg/services/DataTransmitService HTTP/1.1" 200 412
124.77.240.111 - - [09/Jan/2024:10:07:13 +0800] "POST /xingrg/services/DataTransmitService HTTP/1.1" 200 524
124.77.240.111 - - [09/Jan/2024:10:07:14 +0800] "POST /xingrg/services/DataTransmitService HTTP/1.1" 200 2331
124.78.154.219 - - [09/Jan/2024:10:07:15 +0800] "GET /xingrg/kc/buy/cgsh_order_operate.html?command=get_materiel&rest_code=00106&code=00101011001&supplier_code=00100007&order_time=2024-01-09 HTTP/1.1" 200 444
124.77.240.111 - - [09/Jan/2024:10:07:15 +0800] "POST /xingrg/services/DataTransmitService HTTP/1.1" 200 524
124.77.240.111 - - [09/Jan/2024:10:07:16 +0800] "POST /xingrg/services/DataTransmitService HTTP/1.1" 200 2331
124.77.240.111 - - [09/Jan/2024:10:07:17 +0800] "POST /xingrg/services/DataTransmitService HTTP/1.1" 200 524
124.77.240.111 - - [09/Jan/2024:10:07:18 +0800] "POST /xingrg/services/DataTransmitService HTTP/1.1" 200 412
180.152.241.32 - - [09/Jan/2024:10:07:19 +0800] "GET /xingrg/all/function/internal_message.html?_=1704766040364&CODE_STATE=getMsg HTTP/1.1" 200 27
124.77.240.111 - - [09/Jan/2024:10:07:21 +0800] "GET /xingrg/kc/buy/cgsh_order_list.html HTTP/1.1" 200 57118
114.95.241.104 - - [09/Jan/2024:10:07:22 +0800] "GET /xingrg/all/function/internal_message.html?_=1704766041962&CODE_STATE=getMsg HTTP/1.1" 200 27
124.77.240.111 - - [09/Jan/2024:10:07:23 +0800] "POST /xingrg/kc/buy/cgsh_list_operate.html HTTP/1.1" 200 986
120.253.135.82 - - [09/Jan/2024:10:07:23 +0800] "GET /xingrg/all/function/internal_message.html?_=1704766204588&CODE_STATE=getMsg HTTP/1.1" 200 27
124.78.154.219 - - [09/Jan/2024:10:07:24 +0800] "GET /xingrg/kc/buy/cgsh_order_operate.html?command=get_materiel&rest_code=00106&code=00101008042&supplier_code=00100007&order_time=2024-01-09 HTTP/1.1" 200 416
124.77.240.111 - - [09/Jan/2024:10:07:28 +0800] "POST /xingrg/services/DataTransmitService HTTP/1.1" 200 524
124.77.240.111 - - [09/Jan/2024:10:07:29 +0800] "POST /xingrg/services/DataTransmitService HTTP/1.1" 200 2331
124.77.240.111 - - [09/Jan/2024:10:07:30 +0800] "POST /xingrg/services/DataTransmitService HTTP/1.1" 200 524
124.77.240.111 - - [09/Jan/2024:10:07:30 +0800] "POST /xingrg/services/DataTransmitService HTTP/1.1" 200 2331
101.83.145.37 - - [09/Jan/2024:10:07:33 +0800] "GET /xingrg/check_reg.html?_=1704765820486 HTTP/1.1" 200 22
101.83.145.37 - - [09/Jan/2024:10:07:33 +0800] "GET /xingrg/all/function/internal_message.html?_=1704765820489&CODE_STATE=getMsg HTTP/1.1" 200 27
124.77.240.111 - - [09/Jan/2024:10:07:34 +0800] "POST /xingrg/services/DataTransmitService HTTP/1.1" 200 524
180.171.56.87 - - [09/Jan/2024:10:07:34 +0800] "GET /xingrg/all/function/internal_message.html?_=1704766055762&CODE_STATE=getMsg HTTP/1.1" 200 27
124.77.240.111 - - [09/Jan/2024:10:07:34 +0800] "POST /xingrg/services/DataTransmitService HTTP/1.1" 200 2331
124.78.68.102 - - [09/Jan/2024:10:07:36 +0800] "GET /xingrg/all/function/internal_message.html?_=1704766056987&CODE_STATE=getMsg HTTP/1.1" 200 27
124.77.240.111 - - [09/Jan/2024:10:07:37 +0800] "POST /xingrg/services/DataTransmitService HTTP/1.1" 200 524
101.228.146.191 - - [09/Jan/2024:10:07:37 +0800] "GET /xingrg/all/function/internal_message.html?_=1704766056140&CODE_STATE=getMsg HTTP/1.1" 200 27
124.78.154.219 - - [09/Jan/2024:10:07:41 +0800] "POST /xingrg/kc/buy/cgsh_order_operate.html HTTP/1.1" 200 37
124.77.240.111 - - [09/Jan/2024:10:07:41 +0800] "GET /xingrg/all/function/internal_message.html?_=1704766069399&CODE_STATE=getMsg HTTP/1.1" 200 27
222.69.133.109 - - [09/Jan/2024:10:07:44 +0800] "GET /xingrg/all/function/internal_message.html?_=1704766066307&CODE_STATE=getMsg HTTP/1.1" 200 27
222.70.115.1 - - [09/Jan/2024:10:07:45 +0800] "GET /xingrg/all/function/internal_message.html?_=1704766067851&CODE_STATE=getMsg HTTP/1.1" 200 27
180.164.1.25 - - [09/Jan/2024:10:07:46 +0800] "GET /xingrg/all/function/internal_message.html?_=1704766065160&CODE_STATE=getMsg HTTP/1.1" 200 27
114.95.241.104 - - [09/Jan/2024:10:07:48 +0800] "GET /xingrg/all/function/internal_message.html?_=1704766068823&CODE_STATE=getMsg HTTP/1.1" 200 27
124.78.154.219 - - [09/Jan/2024:10:07:49 +0800] "POST /xingrg/kc/buy/cgsh_order_operate.html HTTP/1.1" 200 15693
114.83.221.243 - - [09/Jan/2024:10:07:50 +0800] "GET /xingrg/all/function/internal_message.html?_=1704766069681&CODE_STATE=getMsg HTTP/1.1" 200 27
124.77.240.111 - - [09/Jan/2024:10:07:52 +0800] "GET /xingrg/kc/buy/cgsh_order_add.html HTTP/1.1" 200 72894
124.77.240.111 - - [09/Jan/2024:10:07:52 +0800] "POST /xingrg/kc/buy/cgsh_order_operate.html HTTP/1.1" 200 8245
124.77.240.111 - - [09/Jan/2024:10:07:52 +0800] "GET /xingrg/javascript/easyui/themes/default/validatebox.css HTTP/1.1" 404 1104
124.77.240.111 - - [09/Jan/2024:10:07:52 +0800] "GET /xingrg/all/common/auto_word.html?type=employee&rest_code=00146 HTTP/1.1" 200 101
124.77.240.111 - - [09/Jan/2024:10:07:52 +0800] "GET /xingrg/all/common/auto_word.html?type=employee&rest_code=00146 HTTP/1.1" 200 101
101.83.145.37 - - [09/Jan/2024:10:07:54 +0800] "GET /xingrg/kc/buy/cgsh_order_add.html HTTP/1.1" 200 72976
101.83.145.37 - - [09/Jan/2024:10:07:55 +0800] "POST /xingrg/kc/buy/cgsh_order_operate.html HTTP/1.1" 200 8245
101.83.145.37 - - [09/Jan/2024:10:07:55 +0800] "GET /xingrg/javascript/easyui/themes/default/validatebox.css HTTP/1.1" 404 1104
116.232.193.168 - - [09/Jan/2024:10:07:57 +0800] "GET /xingrg/all/function/internal_message.html?_=1704766026493&CODE_STATE=getMsg HTTP/1.1" 200 27
221.239.172.206 - - [09/Jan/2024:10:08:01 +0800] "GET /xingrg/all/function/internal_message.html?_=1704766080860&CODE_STATE=getMsg HTTP/1.1" 200 27
124.77.240.111 - - [09/Jan/2024:10:08:04 +0800] "POST /xingrg/services/DataTransmitService HTTP/1.1" 200 501
222.70.180.200 - - [09/Jan/2024:10:08:04 +0800] "GET /xingrg/all/function/internal_message.html?_=1704766084254&CODE_STATE=getMsg HTTP/1.1" 200 27
124.77.240.111 - - [09/Jan/2024:10:08:06 +0800] "POST /xingrg/services/DataTransmitService HTTP/1.1" 200 524
124.77.240.111 - - [09/Jan/2024:10:08:07 +0800] "POST /xingrg/services/DataTransmitService HTTP/1.1" 200 412
124.77.240.111 - - [09/Jan/2024:10:08:08 +0800] "POST /xingrg/services/DataTransmitService HTTP/1.1" 200 524
124.77.240.111 - - [09/Jan/2024:10:08:09 +0800] "POST /xingrg/services/DataTransmitService HTTP/1.1" 200 2331
124.77.240.111 - - [09/Jan/2024:10:08:10 +0800] "POST /xingrg/services/DataTransmitService HTTP/1.1" 200 524
124.78.154.219 - - [09/Jan/2024:10:08:11 +0800] "GET /xingrg/check_reg.html?_=1704766090505 HTTP/1.1" 200 22
124.78.154.219 - - [09/Jan/2024:10:08:11 +0800] "GET /xingrg/all/function/internal_message.html?_=1704766090508&CODE_STATE=getMsg HTTP/1.1" 200 27
124.77.240.111 - - [09/Jan/2024:10:08:11 +0800] "POST /xingrg/services/DataTransmitService HTTP/1.1" 200 2331
124.77.240.111 - - [09/Jan/2024:10:08:13 +0800] "POST /xingrg/services/DataTransmitService HTTP/1.1" 200 524
124.77.240.111 - - [09/Jan/2024:10:08:14 +0800] "POST /xingrg/services/DataTransmitService HTTP/1.1" 200 412
124.77.240.111 - - [09/Jan/2024:10:08:15 +0800] "POST /xingrg/services/DataTransmitService HTTP/1.1" 200 524
124.77.240.111 - - [09/Jan/2024:10:08:16 +0800] "POST /xingrg/services/DataTransmitService HTTP/1.1" 200 412
124.77.240.111 - - [09/Jan/2024:10:08:17 +0800] "GET /xingrg/kc/buy/cgsh_order_operate.html?command=get_materiel&rest_code=00146&code=00101008175&supplier_code=00100005&order_time=2024-01-09 HTTP/1.1" 200 412
180.152.241.32 - - [09/Jan/2024:10:08:19 +0800] "GET /xingrg/all/function/internal_message.html?_=1704766100349&CODE_STATE=getMsg HTTP/1.1" 200 27
180.152.241.32 - - [09/Jan/2024:10:08:20 +0800] "GET /xingrg/check_reg.html?_=1704766101297 HTTP/1.1" 200 22
114.95.241.104 - - [09/Jan/2024:10:08:22 +0800] "GET /xingrg/all/function/internal_message.html?_=1704766101977&CODE_STATE=getMsg HTTP/1.1" 200 27
120.253.135.82 - - [09/Jan/2024:10:08:24 +0800] "GET /xingrg/all/function/internal_message.html?_=1704766265593&CODE_STATE=getMsg HTTP/1.1" 200 27
124.77.240.111 - - [09/Jan/2024:10:08:24 +0800] "POST /xingrg/services/DataTransmitService HTTP/1.1" 200 524
124.77.240.111 - - [09/Jan/2024:10:08:25 +0800] "POST /xingrg/services/DataTransmitService HTTP/1.1" 200 2331
101.83.145.37 - - [09/Jan/2024:10:08:26 +0800] "GET /xingrg/kc/buy/cgsh_order_operate.html?command=get_materiel&rest_code=00105&code=00101010394&supplier_code=00100012&order_time=2024-01-09 HTTP/1.1" 200 432
124.78.68.102 - - [09/Jan/2024:10:08:30 +0800] "GET /xingrg/check_reg.html?_=1704766110216 HTTP/1.1" 200 22
101.83.145.37 - - [09/Jan/2024:10:08:33 +0800] "GET /xingrg/all/function/internal_message.html?_=1704765880514&CODE_STATE=getMsg HTTP/1.1" 200 27
180.171.56.87 - - [09/Jan/2024:10:08:34 +0800] "GET /xingrg/all/function/internal_message.html?_=1704766115763&CODE_STATE=getMsg HTTP/1.1" 200 27
180.169.147.146 - - [09/Jan/2024:10:08:34 +0800] "GET /xingrg/check_reg.html?_=1704766114473 HTTP/1.1" 200 22
221.239.172.206 - - [09/Jan/2024:10:08:36 +0800] "GET /xingrg/check_reg.html?_=1704766116543 HTTP/1.1" 200 22
124.78.68.102 - - [09/Jan/2024:10:08:36 +0800] "GET /xingrg/all/function/internal_message.html?_=1704766116975&CODE_STATE=getMsg HTTP/1.1" 200 27
101.228.146.191 - - [09/Jan/2024:10:08:37 +0800] "GET /xingrg/all/function/internal_message.html?_=1704766116141&CODE_STATE=getMsg HTTP/1.1" 200 27
124.77.240.111 - - [09/Jan/2024:10:08:41 +0800] "GET /xingrg/kc/buy/cgsh_order_operate.html?command=get_materiel&rest_code=00146&code=00101008244&supplier_code=00100005&order_time=2024-01-09 HTTP/1.1" 200 408
124.77.240.111 - - [09/Jan/2024:10:08:41 +0800] "GET /xingrg/all/function/internal_message.html?_=1704766129410&CODE_STATE=getMsg HTTP/1.1" 200 27
222.69.133.109 - - [09/Jan/2024:10:08:44 +0800] "GET /xingrg/all/function/internal_message.html?_=1704766126307&CODE_STATE=getMsg HTTP/1.1" 200 27
222.70.115.1 - - [09/Jan/2024:10:08:45 +0800] "GET /xingrg/all/function/internal_message.html?_=1704766127879&CODE_STATE=getMsg HTTP/1.1" 200 27
180.164.1.25 - - [09/Jan/2024:10:08:46 +0800] "GET /xingrg/all/function/internal_message.html?_=1704766125135&CODE_STATE=getMsg HTTP/1.1" 200 27
114.95.241.104 - - [09/Jan/2024:10:08:48 +0800] "GET /xingrg/all/function/internal_message.html?_=1704766128812&CODE_STATE=getMsg HTTP/1.1" 200 27
114.83.221.243 - - [09/Jan/2024:10:08:50 +0800] "GET /xingrg/all/function/internal_message.html?_=1704766129666&CODE_STATE=getMsg HTTP/1.1" 200 27
114.83.221.243 - - [09/Jan/2024:10:08:50 +0800] "GET /xingrg/check_reg.html?_=1704766130136 HTTP/1.1" 200 22
101.83.145.37 - - [09/Jan/2024:10:08:53 +0800] "GET /xingrg/kc/buy/cgsh_order_operate.html?command=get_materiel&rest_code=00105&code=00101006252&supplier_code=00100012&order_time=2024-01-09 HTTP/1.1" 200 409
124.77.240.111 - - [09/Jan/2024:10:08:55 +0800] "GET /xingrg/kc/buy/cgsh_order_operate.html?command=get_materiel&rest_code=00146&code=00101008028&supplier_code=00100005&order_time=2024-01-09 HTTP/1.1" 200 412
116.232.193.168 - - [09/Jan/2024:10:08:57 +0800] "GET /xingrg/all/function/internal_message.html?_=1704766086476&CODE_STATE=getMsg HTTP/1.1" 200 27
222.70.180.200 - - [09/Jan/2024:10:08:58 +0800] "GET /xingrg/check_reg.html?_=1704766137888 HTTP/1.1" 200 22
58.39.110.191 - - [09/Jan/2024:10:08:59 +0800] "GET /xingrg/login.html HTTP/1.1" 200 7641
58.39.110.191 - - [09/Jan/2024:10:09:00 +0800] "GET /favicon.ico HTTP/1.1" 404 -
221.239.172.206 - - [09/Jan/2024:10:09:01 +0800] "GET /xingrg/all/function/internal_message.html?_=1704766140835&CODE_STATE=getMsg HTTP/1.1" 200 27
222.70.180.200 - - [09/Jan/2024:10:09:04 +0800] "GET /xingrg/all/function/internal_message.html?_=1704766144238&CODE_STATE=getMsg HTTP/1.1" 200 27
124.77.240.111 - - [09/Jan/2024:10:09:10 +0800] "GET /xingrg/kc/buy/cgsh_order_operate.html?command=get_materiel&rest_code=00146&code=00101008003&supplier_code=00100005&order_time=2024-01-09 HTTP/1.1" 200 408
124.78.154.219 - - [09/Jan/2024:10:09:11 +0800] "GET /xingrg/all/function/internal_message.html?_=1704766150511&CODE_STATE=getMsg HTTP/1.1" 200 27
124.77.240.111 - - [09/Jan/2024:10:09:13 +0800] "POST /xingrg/services/DataTransmitService HTTP/1.1" 200 524
180.152.241.32 - - [09/Jan/2024:10:09:19 +0800] "GET /xingrg/all/function/internal_message.html?_=1704766160329&CODE_STATE=getMsg HTTP/1.1" 200 27
58.39.110.191 - - [09/Jan/2024:10:09:20 +0800] "POST /xingrg/login.do HTTP/1.1" 200 2421
58.39.110.191 - - [09/Jan/2024:10:09:21 +0800] "GET /favicon.ico HTTP/1.1" 404 -
114.95.241.104 - - [09/Jan/2024:10:09:22 +0800] "GET /xingrg/all/function/internal_message.html?_=1704766161981&CODE_STATE=getMsg HTTP/1.1" 200 27
58.39.110.191 - - [09/Jan/2024:10:09:23 +0800] "GET /xingrg/login.html HTTP/1.1" 200 7641
58.39.110.191 - - [09/Jan/2024:10:09:23 +0800] "GET /favicon.ico HTTP/1.1" 404 -
120.253.135.82 - - [09/Jan/2024:10:09:25 +0800] "GET /xingrg/all/function/internal_message.html?_=1704766326598&CODE_STATE=getMsg HTTP/1.1" 200 27
124.77.240.111 - - [09/Jan/2024:10:09:26 +0800] "GET /xingrg/kc/buy/cgsh_order_operate.html?command=get_materiel&rest_code=00146&code=00101008067&supplier_code=00100005&order_time=2024-01-09 HTTP/1.1" 200 416
58.39.110.191 - - [09/Jan/2024:10:09:27 +0800] "POST /xingrg/login.do HTTP/1.1" 302 -
58.39.110.191 - - [09/Jan/2024:10:09:27 +0800] "GET /xingrg/index.html?sysBaseUrl=http%3A%2F%2F180.169.147.146%3A18081%2Fxingrg%2F&costTime=880×tamp=1704766167821 HTTP/1.1" 200 17177
58.39.110.191 - - [09/Jan/2024:10:09:27 +0800] "GET /favicon.ico HTTP/1.1" 404 -
58.39.110.191 - - [09/Jan/2024:10:09:28 +0800] "GET /xingrg/check_reg.html?_=1704766172392 HTTP/1.1" 200 22
58.39.110.191 - - [09/Jan/2024:10:09:28 +0800] "GET /xingrg/all/function/internal_message.html?_=1704766172391&CODE_STATE=count HTTP/1.1" 200 11
58.39.110.191 - - [09/Jan/2024:10:09:28 +0800] "POST /xingrg/all/common/load_tree.html?tree=area_rest_tree_json&manage=1 HTTP/1.1" 200 348
101.83.145.37 - - [09/Jan/2024:10:09:28 +0800] "GET /xingrg/kc/buy/cgsh_order_operate.html?command=get_materiel&rest_code=00105&code=00101006177&supplier_code=00100012&order_time=2024-01-09 HTTP/1.1" 200 408
58.39.110.191 - - [09/Jan/2024:10:09:28 +0800] "POST /xingrg/load_menu.html HTTP/1.1" 200 5138
58.39.110.191 - - [09/Jan/2024:10:09:29 +0800] "GET /xingrg/kc/base/base_main.html HTTP/1.1" 200 12142
58.39.110.191 - - [09/Jan/2024:10:09:30 +0800] "GET /xingrg/kc/base/wldb_order_list.html HTTP/1.1" 200 19058
58.39.110.191 - - [09/Jan/2024:10:09:31 +0800] "POST /xingrg/kc/base/wldb_list_operate.html HTTP/1.1" 200 928
101.83.145.37 - - [09/Jan/2024:10:09:33 +0800] "GET /xingrg/all/function/internal_message.html?_=1704765940499&CODE_STATE=getMsg HTTP/1.1" 200 27
180.171.56.87 - - [09/Jan/2024:10:09:34 +0800] "GET /xingrg/all/function/internal_message.html?_=1704766175769&CODE_STATE=getMsg HTTP/1.1" 200 27
58.39.110.191 - - [09/Jan/2024:10:09:34 +0800] "POST /xingrg/kc/base/wldb_list_operate.html HTTP/1.1" 200 5946
58.39.110.191 - - [09/Jan/2024:10:09:36 +0800] "GET /xingrg/kc/base/wldb_order_add.html HTTP/1.1" 200 30389
58.39.110.191 - - [09/Jan/2024:10:09:36 +0800] "GET /xingrg/words/20240108150021_words.js HTTP/1.1" 304 -
58.39.110.191 - - [09/Jan/2024:10:09:36 +0800] "POST /xingrg/kc/base/wldb_order_operate.html HTTP/1.1" 200 6806
58.39.110.191 - - [09/Jan/2024:10:09:36 +0800] "GET /xingrg/all/common/auto_word.html?type=base&rest_code=00157 HTTP/1.1" 200 781
58.39.110.191 - - [09/Jan/2024:10:09:36 +0800] "GET /xingrg/javascript/easyui/themes/default/validatebox.css HTTP/1.1" 404 1104
58.39.110.191 - - [09/Jan/2024:10:09:36 +0800] "GET /xingrg/all/common/auto_word.html?type=base&rest_code=00157 HTTP/1.1" 200 781
124.78.68.102 - - [09/Jan/2024:10:09:36 +0800] "GET /xingrg/all/function/internal_message.html?_=1704766176960&CODE_STATE=getMsg HTTP/1.1" 200 27
101.228.146.191 - - [09/Jan/2024:10:09:37 +0800] "GET /xingrg/all/function/internal_message.html?_=1704766176143&CODE_STATE=getMsg HTTP/1.1" 200 27
58.39.110.191 - - [09/Jan/2024:10:09:37 +0800] "POST /xingrg/all/common/load_combo.html?type=base HTTP/1.1" 200 1403
124.77.240.111 - - [09/Jan/2024:10:09:40 +0800] "GET /xingrg/kc/buy/cgsh_order_operate.html?command=get_materiel&rest_code=00146&code=00101008264&supplier_code=00100005&order_time=2024-01-09 HTTP/1.1" 200 433
124.77.240.111 - - [09/Jan/2024:10:09:41 +0800] "GET /xingrg/all/function/internal_message.html?_=1704766189426&CODE_STATE=getMsg HTTP/1.1" 200 27
124.78.154.219 - - [09/Jan/2024:10:09:42 +0800] "GET /xingrg/kc/buy/cgsh_order_operate.html?command=get_materiel&rest_code=00106&code=00101008368&supplier_code=00100007&order_time=2024-01-09 HTTP/1.1" 200 408
222.69.133.109 - - [09/Jan/2024:10:09:44 +0800] "GET /xingrg/all/function/internal_message.html?_=1704766186296&CODE_STATE=getMsg HTTP/1.1" 200 27
222.70.115.1 - - [09/Jan/2024:10:09:45 +0800] "GET /xingrg/all/function/internal_message.html?_=1704766187877&CODE_STATE=getMsg HTTP/1.1" 200 27
180.164.1.25 - - [09/Jan/2024:10:09:46 +0800] "GET /xingrg/all/function/internal_message.html?_=1704766185107&CODE_STATE=getMsg HTTP/1.1" 200 27
114.95.241.104 - - [09/Jan/2024:10:09:48 +0800] "GET /xingrg/all/function/internal_message.html?_=1704766188814&CODE_STATE=getMsg HTTP/1.1" 200 27
114.95.241.104 - - [09/Jan/2024:10:09:48 +0800] "GET /xingrg/check_reg.html?_=1704766188818 HTTP/1.1" 200 22
114.83.221.243 - - [09/Jan/2024:10:09:50 +0800] "GET /xingrg/all/function/internal_message.html?_=1704766189660&CODE_STATE=getMsg HTTP/1.1" 200 27
124.77.240.111 - - [09/Jan/2024:10:09:53 +0800] "GET /xingrg/kc/buy/cgsh_order_operate.html?command=get_materiel&rest_code=00146&code=00101008300&supplier_code=00100005&order_time=2024-01-09 HTTP/1.1" 200 432
58.39.110.191 - - [09/Jan/2024:10:09:54 +0800] "GET /xingrg/javascript/auto/indicator.gif HTTP/1.1" 404 1066
116.232.193.168 - - [09/Jan/2024:10:09:57 +0800] "GET /xingrg/all/function/internal_message.html?_=1704766146447&CODE_STATE=getMsg HTTP/1.1" 200 27
101.83.145.37 - - [09/Jan/2024:10:10:00 +0800] "GET /xingrg/kc/buy/cgsh_order_operate.html?command=get_materiel&rest_code=00105&code=00101006111&supplier_code=00100012&order_time=2024-01-09 HTTP/1.1" 200 409
221.239.172.206 - - [09/Jan/2024:10:10:01 +0800] "GET /xingrg/all/function/internal_message.html?_=1704766200817&CODE_STATE=getMsg HTTP/1.1" 200 27
116.232.193.168 - - [09/Jan/2024:10:10:02 +0800] "GET /xingrg/check_reg.html?_=1704766150614 HTTP/1.1" 200 22
58.39.110.191 - - [09/Jan/2024:10:10:04 +0800] "GET /xingrg/kc/base/wldb_order_operate.html?command=get_materiel&rest_code=00157&base_code=0010867&code=00101006198 HTTP/1.1" 200 432
222.70.180.200 - - [09/Jan/2024:10:10:04 +0800] "GET /xingrg/all/function/internal_message.html?_=1704766204222&CODE_STATE=getMsg HTTP/1.1" 200 27
124.78.154.219 - - [09/Jan/2024:10:10:11 +0800] "GET /xingrg/all/function/internal_message.html?_=1704766210499&CODE_STATE=getMsg HTTP/1.1" 200 27
58.39.110.191 - - [09/Jan/2024:10:10:12 +0800] "POST /xingrg/kc/base/wldb_order_operate.html HTTP/1.1" 200 37
58.39.110.191 - - [09/Jan/2024:10:10:13 +0800] "POST /xingrg/kc/base/wldb_order_operate.html HTTP/1.1" 200 2179
58.39.110.191 - - [09/Jan/2024:10:10:15 +0800] "GET /xingrg/kc/base/wldb_order_info.html?code=422024010900857 HTTP/1.1" 200 30397
58.39.110.191 - - [09/Jan/2024:10:10:15 +0800] "GET /xingrg/javascript/easyui/themes/default/validatebox.css HTTP/1.1" 404 1104
58.39.110.191 - - [09/Jan/2024:10:10:16 +0800] "POST /xingrg/kc/base/wldb_order_operate.html HTTP/1.1" 200 2179
101.83.145.37 - - [09/Jan/2024:10:10:16 +0800] "POST /xingrg/kc/buy/cgsh_order_operate.html HTTP/1.1" 200 37
58.39.110.191 - - [09/Jan/2024:10:10:16 +0800] "GET /xingrg/kc/print/load_config.html?kc_code=wldb HTTP/1.1" 200 2261
58.39.110.191 - - [09/Jan/2024:10:10:17 +0800] "GET /xingrg/kc/print/load_data.html?order_code=422024010900857&kc_code=wldb&condition= HTTP/1.1" 200 515
124.77.240.111 - - [09/Jan/2024:10:10:18 +0800] "GET /xingrg/kc/buy/cgsh_order_operate.html?command=get_materiel&rest_code=00146&code=00101008251&supplier_code=00100005&order_time=2024-01-09 HTTP/1.1" 200 408
180.152.241.32 - - [09/Jan/2024:10:10:19 +0800] "GET /xingrg/all/function/internal_message.html?_=1704766220312&CODE_STATE=getMsg HTTP/1.1" 200 27
114.95.241.104 - - [09/Jan/2024:10:10:22 +0800] "GET /xingrg/check_reg.html?_=1704766221983 HTTP/1.1" 200 22
114.95.241.104 - - [09/Jan/2024:10:10:22 +0800] "GET /xingrg/all/function/internal_message.html?_=1704766221986&CODE_STATE=getMsg HTTP/1.1" 200 27
120.253.135.82 - - [09/Jan/2024:10:10:26 +0800] "GET /xingrg/all/function/internal_message.html?_=1704766387604&CODE_STATE=getMsg HTTP/1.1" 200 27
58.39.110.191 - - [09/Jan/2024:10:10:28 +0800] "GET /xingrg/all/function/internal_message.html?_=1704766232403&CODE_STATE=getMsg HTTP/1.1" 200 27
124.78.154.219 - - [09/Jan/2024:10:10:30 +0800] "POST /xingrg/kc/buy/cgsh_order_operate.html HTTP/1.1" 200 37
101.83.145.37 - - [09/Jan/2024:10:10:32 +0800] "POST /xingrg/kc/buy/cgsh_order_operate.html HTTP/1.1" 200 4439
101.83.145.37 - - [09/Jan/2024:10:10:33 +0800] "GET /xingrg/all/function/internal_message.html?_=1704766000480&CODE_STATE=getMsg HTTP/1.1" 200 27
124.77.240.111 - - [09/Jan/2024:10:10:34 +0800] "GET /xingrg/kc/buy/cgsh_order_operate.html?command=get_materiel&rest_code=00146&code=00101008357&supplier_code=00100005&order_time=2024-01-09 HTTP/1.1" 200 408
180.171.56.87 - - [09/Jan/2024:10:10:34 +0800] "GET /xingrg/check_reg.html?_=1704766235756 HTTP/1.1" 200 22
180.171.56.87 - - [09/Jan/2024:10:10:34 +0800] "GET /xingrg/all/function/internal_message.html?_=1704766235759&CODE_STATE=getMsg HTTP/1.1" 200 27
124.78.68.102 - - [09/Jan/2024:10:10:36 +0800] "GET /xingrg/all/function/internal_message.html?_=1704766236932&CODE_STATE=getMsg HTTP/1.1" 200 27
101.228.146.191 - - [09/Jan/2024:10:10:37 +0800] "GET /xingrg/all/function/internal_message.html?_=1704766236143&CODE_STATE=getMsg HTTP/1.1" 200 27
124.78.154.219 - - [09/Jan/2024:10:10:38 +0800] "POST /xingrg/kc/buy/cgsh_order_operate.html HTTP/1.1" 200 16280
124.77.240.111 - - [09/Jan/2024:10:10:41 +0800] "GET /xingrg/all/function/internal_message.html?_=1704766249436&CODE_STATE=getMsg HTTP/1.1" 200 27
180.164.1.25 - - [09/Jan/2024:10:10:42 +0800] "GET /xingrg/check_reg.html?_=1704766241122 HTTP/1.1" 200 22
222.69.133.109 - - [09/Jan/2024:10:10:44 +0800] "GET /xingrg/all/function/internal_message.html?_=1704766246305&CODE_STATE=getMsg HTTP/1.1" 200 27
101.83.145.37 - - [09/Jan/2024:10:10:45 +0800] "GET /xingrg/kc/print/load_data.html?order_code=212024010903279&kc_code=cgsh&condition= HTTP/1.1" 200 1448
222.70.115.1 - - [09/Jan/2024:10:10:45 +0800] "GET /xingrg/all/function/internal_message.html?_=1704766247881&CODE_STATE=getMsg HTTP/1.1" 200 27
222.70.115.1 - - [09/Jan/2024:10:10:45 +0800] "GET /xingrg/check_reg.html?_=1704766247885 HTTP/1.1" 200 22
180.164.1.25 - - [09/Jan/2024:10:10:46 +0800] "GET /xingrg/all/function/internal_message.html?_=1704766245083&CODE_STATE=getMsg HTTP/1.1" 200 27
114.95.241.104 - - [09/Jan/2024:10:10:48 +0800] "GET /xingrg/all/function/internal_message.html?_=1704766248819&CODE_STATE=getMsg HTTP/1.1" 200 27
114.83.221.243 - - [09/Jan/2024:10:10:50 +0800] "GET /xingrg/all/function/internal_message.html?_=1704766249630&CODE_STATE=getMsg HTTP/1.1" 200 27
124.77.240.111 - - [09/Jan/2024:10:10:50 +0800] "GET /xingrg/kc/buy/cgsh_order_operate.html?command=get_materiel&rest_code=00146&code=00101008291&supplier_code=00100005&order_time=2024-01-09 HTTP/1.1" 200 410
116.232.193.168 - - [09/Jan/2024:10:10:57 +0800] "GET /xingrg/all/function/internal_message.html?_=1704766206437&CODE_STATE=getMsg HTTP/1.1" 200 27
221.239.172.206 - - [09/Jan/2024:10:11:01 +0800] "GET /xingrg/all/function/internal_message.html?_=1704766260793&CODE_STATE=getMsg HTTP/1.1" 200 27
222.70.180.200 - - [09/Jan/2024:10:11:04 +0800] "GET /xingrg/all/function/internal_message.html?_=1704766264205&CODE_STATE=getMsg HTTP/1.1" 200 27
124.78.154.219 - - [09/Jan/2024:10:11:11 +0800] "GET /xingrg/all/function/internal_message.html?_=1704766270504&CODE_STATE=getMsg HTTP/1.1" 200 27
124.77.240.111 - - [09/Jan/2024:10:11:16 +0800] "GET /xingrg/check_reg.html?_=1704766284303 HTTP/1.1" 200 22
124.77.240.111 - - [09/Jan/2024:10:11:17 +0800] "GET /xingrg/kc/buy/cgsh_order_operate.html?command=get_materiel&rest_code=00146&code=00101008225&supplier_code=00100005&order_time=2024-01-09 HTTP/1.1" 200 416
180.152.241.32 - - [09/Jan/2024:10:11:19 +0800] "GET /xingrg/all/function/internal_message.html?_=1704766280289&CODE_STATE=getMsg HTTP/1.1" 200 27
114.95.241.104 - - [09/Jan/2024:10:11:22 +0800] "GET /xingrg/all/function/internal_message.html?_=1704766281986&CODE_STATE=getMsg HTTP/1.1" 200 27
120.253.135.82 - - [09/Jan/2024:10:11:26 +0800] "GET /xingrg/all/function/internal_message.html?_=1704766447612&CODE_STATE=getMsg HTTP/1.1" 200 27
120.253.135.82 - - [09/Jan/2024:10:11:26 +0800] "GET /xingrg/check_reg.html?_=1704766447612 HTTP/1.1" 200 22
58.39.110.191 - - [09/Jan/2024:10:11:28 +0800] "GET /xingrg/all/function/internal_message.html?_=1704766292412&CODE_STATE=getMsg HTTP/1.1" 200 27
124.77.240.111 - - [09/Jan/2024:10:11:29 +0800] "GET /xingrg/kc/buy/cgsh_order_operate.html?command=get_materiel&rest_code=00146&code=00101008331&supplier_code=00100005&order_time=2024-01-09 HTTP/1.1" 200 416
101.83.145.37 - - [09/Jan/2024:10:11:33 +0800] "GET /xingrg/all/function/internal_message.html?_=1704766060486&CODE_STATE=getMsg HTTP/1.1" 200 27
180.171.56.87 - - [09/Jan/2024:10:11:34 +0800] "GET /xingrg/all/function/internal_message.html?_=1704766295763&CODE_STATE=getMsg HTTP/1.1" 200 27
124.78.68.102 - - [09/Jan/2024:10:11:36 +0800] "GET /xingrg/all/function/internal_message.html?_=1704766296916&CODE_STATE=getMsg HTTP/1.1" 200 27
101.228.146.191 - - [09/Jan/2024:10:11:37 +0800] "GET /xingrg/check_reg.html?_=1704766296145 HTTP/1.1" 200 22
101.228.146.191 - - [09/Jan/2024:10:11:37 +0800] "GET /xingrg/all/function/internal_message.html?_=1704766296147&CODE_STATE=getMsg HTTP/1.1" 200 27
124.77.240.111 - - [09/Jan/2024:10:11:41 +0800] "GET /xingrg/all/function/internal_message.html?_=1704766309451&CODE_STATE=getMsg HTTP/1.1" 200 27
124.77.240.111 - - [09/Jan/2024:10:11:43 +0800] "GET /xingrg/kc/buy/cgsh_order_operate.html?command=get_materiel&rest_code=00146&code=00101008096&supplier_code=00100005&order_time=2024-01-09 HTTP/1.1" 200 413
222.69.133.109 - - [09/Jan/2024:10:11:44 +0800] "GET /xingrg/check_reg.html?_=1704766306303 HTTP/1.1" 200 22
222.69.133.109 - - [09/Jan/2024:10:11:44 +0800] "GET /xingrg/all/function/internal_message.html?_=1704766306306&CODE_STATE=getMsg HTTP/1.1" 200 27
222.70.115.1 - - [09/Jan/2024:10:11:45 +0800] "GET /xingrg/all/function/internal_message.html?_=1704766307883&CODE_STATE=getMsg HTTP/1.1" 200 27
180.164.1.25 - - [09/Jan/2024:10:11:46 +0800] "GET /xingrg/all/function/internal_message.html?_=1704766305055&CODE_STATE=getMsg HTTP/1.1" 200 27
114.95.241.104 - - [09/Jan/2024:10:11:48 +0800] "GET /xingrg/all/function/internal_message.html?_=1704766308814&CODE_STATE=getMsg HTTP/1.1" 200 27
114.83.221.243 - - [09/Jan/2024:10:11:50 +0800] "GET /xingrg/all/function/internal_message.html?_=1704766309618&CODE_STATE=getMsg HTTP/1.1" 200 27
124.77.240.111 - - [09/Jan/2024:10:11:57 +0800] "GET /xingrg/kc/buy/cgsh_order_operate.html?command=get_materiel&rest_code=00146&code=00101008358&supplier_code=00100005&order_time=2024-01-09 HTTP/1.1" 200 412
116.232.193.168 - - [09/Jan/2024:10:11:57 +0800] "GET /xingrg/all/function/internal_message.html?_=1704766266422&CODE_STATE=getMsg HTTP/1.1" 200 27
221.239.172.206 - - [09/Jan/2024:10:12:00 +0800] "GET /xingrg/all/function/internal_message.html?_=1704766320778&CODE_STATE=getMsg HTTP/1.1" 200 27
222.70.180.200 - - [09/Jan/2024:10:12:04 +0800] "GET /xingrg/all/function/internal_message.html?_=1704766324188&CODE_STATE=getMsg HTTP/1.1" 200 27
124.78.154.219 - - [09/Jan/2024:10:12:11 +0800] "GET /xingrg/all/function/internal_message.html?_=1704766330509&CODE_STATE=getMsg HTTP/1.1" 200 27
124.77.240.111 - - [09/Jan/2024:10:12:14 +0800] "POST /xingrg/services/DataTransmitService HTTP/1.1" 200 501
124.77.240.111 - - [09/Jan/2024:10:12:17 +0800] "POST /xingrg/services/DataTransmitService HTTP/1.1" 200 501
124.77.240.111 - - [09/Jan/2024:10:12:19 +0800] "GET /xingrg/kc/buy/cgsh_order_operate.html?command=get_materiel&rest_code=00146&code=00101008196&supplier_code=00100005&order_time=2024-01-09 HTTP/1.1" 200 416
180.152.241.32 - - [09/Jan/2024:10:12:19 +0800] "GET /xingrg/all/function/internal_message.html?_=1704766340276&CODE_STATE=getMsg HTTP/1.1" 200 27
114.95.241.104 - - [09/Jan/2024:10:12:22 +0800] "GET /xingrg/all/function/internal_message.html?_=1704766341956&CODE_STATE=getMsg HTTP/1.1" 200 27
120.253.135.82 - - [09/Jan/2024:10:12:26 +0800] "GET /xingrg/all/function/internal_message.html?_=1704766507608&CODE_STATE=getMsg HTTP/1.1" 200 27
58.39.110.191 - - [09/Jan/2024:10:12:28 +0800] "GET /xingrg/all/function/internal_message.html?_=1704766352398&CODE_STATE=getMsg HTTP/1.1" 200 27
101.83.145.37 - - [09/Jan/2024:10:12:33 +0800] "GET /xingrg/all/function/internal_message.html?_=1704766120487&CODE_STATE=getMsg HTTP/1.1" 200 27
101.83.145.37 - - [09/Jan/2024:10:12:33 +0800] "GET /xingrg/check_reg.html?_=1704766120490 HTTP/1.1" 200 22
180.171.56.87 - - [09/Jan/2024:10:12:34 +0800] "GET /xingrg/all/function/internal_message.html?_=1704766355764&CODE_STATE=getMsg HTTP/1.1" 200 27
124.77.240.111 - - [09/Jan/2024:10:12:35 +0800] "GET /xingrg/kc/buy/cgsh_order_operate.html?command=get_materiel&rest_code=00146&code=00101008197&supplier_code=00100005&order_time=2024-01-09 HTTP/1.1" 200 416
124.78.68.102 - - [09/Jan/2024:10:12:36 +0800] "GET /xingrg/all/function/internal_message.html?_=1704766356893&CODE_STATE=getMsg HTTP/1.1" 200 27
101.228.146.191 - - [09/Jan/2024:10:12:37 +0800] "GET /xingrg/all/function/internal_message.html?_=1704766356130&CODE_STATE=getMsg HTTP/1.1" 200 27
124.77.240.111 - - [09/Jan/2024:10:12:41 +0800] "GET /xingrg/all/function/internal_message.html?_=1704766369464&CODE_STATE=getMsg HTTP/1.1" 200 27
222.69.133.109 - - [09/Jan/2024:10:12:44 +0800] "GET /xingrg/all/function/internal_message.html?_=1704766366299&CODE_STATE=getMsg HTTP/1.1" 200 27
222.70.115.1 - - [09/Jan/2024:10:12:45 +0800] "GET /xingrg/all/function/internal_message.html?_=1704766367886&CODE_STATE=getMsg HTTP/1.1" 200 27
180.164.1.25 - - [09/Jan/2024:10:12:46 +0800] "GET /xingrg/all/function/internal_message.html?_=1704766365039&CODE_STATE=getMsg HTTP/1.1" 200 27
114.95.241.104 - - [09/Jan/2024:10:12:48 +0800] "GET /xingrg/all/function/internal_message.html?_=1704766368829&CODE_STATE=getMsg HTTP/1.1" 200 27
124.77.240.111 - - [09/Jan/2024:10:12:49 +0800] "GET /xingrg/kc/buy/cgsh_order_operate.html?command=get_materiel&rest_code=00146&code=00101008069&supplier_code=00100005&order_time=2024-01-09 HTTP/1.1" 200 412
114.83.221.243 - - [09/Jan/2024:10:12:50 +0800] "GET /xingrg/all/function/internal_message.html?_=1704766369604&CODE_STATE=getMsg HTTP/1.1" 200 27
124.77.240.111 - - [09/Jan/2024:10:12:54 +0800] "POST /xingrg/services/DataTransmitService HTTP/1.1" 200 501
116.232.193.168 - - [09/Jan/2024:10:12:57 +0800] "GET /xingrg/all/function/internal_message.html?_=1704766326404&CODE_STATE=getMsg HTTP/1.1" 200 27
221.239.172.206 - - [09/Jan/2024:10:13:01 +0800] "GET /xingrg/all/function/internal_message.html?_=1704766380764&CODE_STATE=getMsg HTTP/1.1" 200 27
124.77.240.111 - - [09/Jan/2024:10:13:04 +0800] "GET /xingrg/kc/buy/cgsh_order_operate.html?command=get_materiel&rest_code=00146&code=00101008131&supplier_code=00100005&order_time=2024-01-09 HTTP/1.1" 200 408
222.70.180.200 - - [09/Jan/2024:10:13:04 +0800] "GET /xingrg/all/function/internal_message.html?_=1704766384171&CODE_STATE=getMsg HTTP/1.1" 200 27
114.95.241.104 - - [09/Jan/2024:10:13:07 +0800] "GET /xingrg/kc/base/wldb_order_list.html HTTP/1.1" 200 19060
114.95.241.104 - - [09/Jan/2024:10:13:08 +0800] "POST /xingrg/kc/base/wldb_list_operate.html HTTP/1.1" 200 928
116.232.193.168 - - [09/Jan/2024:10:13:10 +0800] "GET /xingrg/index.html?sysBaseUrl=http%3A%2F%2F180.169.147.146%3A18081%2Fxingrg%2F&costTime=1779×tamp=1684631389383 HTTP/1.1" 302 -
116.232.193.168 - - [09/Jan/2024:10:13:10 +0800] "GET /xingrg/login.html HTTP/1.1" 200 7641
116.232.193.168 - - [09/Jan/2024:10:13:11 +0800] "GET /favicon.ico HTTP/1.1" 404 -
124.78.154.219 - - [09/Jan/2024:10:13:11 +0800] "GET /xingrg/check_reg.html?_=1704766390510 HTTP/1.1" 200 22
124.78.154.219 - - [09/Jan/2024:10:13:11 +0800] "GET /xingrg/all/function/internal_message.html?_=1704766390512&CODE_STATE=getMsg HTTP/1.1" 200 27
124.77.240.111 - - [09/Jan/2024:10:13:16 +0800] "GET /xingrg/kc/buy/cgsh_order_operate.html?command=get_materiel&rest_code=00146&code=00101008318&supplier_code=00100005&order_time=2024-01-09 HTTP/1.1" 200 408
180.152.241.32 - - [09/Jan/2024:10:13:19 +0800] "GET /xingrg/all/function/internal_message.html?_=1704766400273&CODE_STATE=getMsg HTTP/1.1" 200 27
124.77.240.111 - - [09/Jan/2024:10:13:19 +0800] "POST /xingrg/kc/buy/cgsh_order_operate.html HTTP/1.1" 200 2065
180.152.241.32 - - [09/Jan/2024:10:13:20 +0800] "GET /xingrg/check_reg.html?_=1704766401300 HTTP/1.1" 200 22
114.95.241.104 - - [09/Jan/2024:10:13:22 +0800] "GET /xingrg/all/function/internal_message.html?_=1704766401962&CODE_STATE=getMsg HTTP/1.1" 200 27
120.253.135.82 - - [09/Jan/2024:10:13:26 +0800] "GET /xingrg/all/function/internal_message.html?_=1704766567614&CODE_STATE=getMsg HTTP/1.1" 200 27
58.39.110.191 - - [09/Jan/2024:10:13:28 +0800] "GET /xingrg/all/function/internal_message.html?_=1704766412401&CODE_STATE=getMsg HTTP/1.1" 200 27
124.77.240.111 - - [09/Jan/2024:10:13:29 +0800] "GET /xingrg/kc/buy/cgsh_order_operate.html?command=get_materiel&rest_code=00146&code=00101008352&supplier_code=00100005&order_time=2024-01-09 HTTP/1.1" 200 412
124.78.68.102 - - [09/Jan/2024:10:13:30 +0800] "GET /xingrg/check_reg.html?_=1704766410207 HTTP/1.1" 200 22
124.77.240.111 - - [09/Jan/2024:10:13:30 +0800] "POST /xingrg/services/DataTransmitService HTTP/1.1" 200 501
101.83.145.37 - - [09/Jan/2024:10:13:33 +0800] "GET /xingrg/all/function/internal_message.html?_=1704766180490&CODE_STATE=getMsg HTTP/1.1" 200 27
