180.171.56.87 - - [09/Jan/2024:08:01:34 +0800] "GET /xingrg/all/function/internal_message.html?_=1704758495604&CODE_STATE=getMsg HTTP/1.1" 200 27
124.78.68.102 - - [09/Jan/2024:08:01:39 +0800] "GET /xingrg/all/function/internal_message.html?_=1704758499366&CODE_STATE=getMsg HTTP/1.1" 200 27
116.232.193.168 - - [09/Jan/2024:08:01:59 +0800] "GET /xingrg/all/function/internal_message.html?_=1704758468626&CODE_STATE=getMsg HTTP/1.1" 200 27
221.239.172.206 - - [09/Jan/2024:08:02:03 +0800] "GET /xingrg/all/function/internal_message.html?_=1704758523339&CODE_STATE=getMsg HTTP/1.1" 200 27
114.95.241.104 - - [09/Jan/2024:08:02:25 +0800] "GET /xingrg/all/function/internal_message.html?_=1704758545944&CODE_STATE=getMsg HTTP/1.1" 200 27
124.77.240.111 - - [09/Jan/2024:08:02:33 +0800] "GET /xingrg/all/function/internal_message.html?_=1704758561255&CODE_STATE=getMsg HTTP/1.1" 200 27
180.171.56.87 - - [09/Jan/2024:08:02:34 +0800] "GET /xingrg/all/function/internal_message.html?_=1704758555605&CODE_STATE=getMsg HTTP/1.1" 200 27
124.78.68.102 - - [09/Jan/2024:08:02:39 +0800] "GET /xingrg/all/function/internal_message.html?_=1704758559345&CODE_STATE=getMsg HTTP/1.1" 200 27
116.232.193.168 - - [09/Jan/2024:08:02:59 +0800] "GET /xingrg/all/function/internal_message.html?_=1704758528610&CODE_STATE=getMsg HTTP/1.1" 200 27
221.239.172.206 - - [09/Jan/2024:08:03:03 +0800] "GET /xingrg/all/function/internal_message.html?_=1704758583312&CODE_STATE=getMsg HTTP/1.1" 200 27
114.95.241.104 - - [09/Jan/2024:08:03:25 +0800] "GET /xingrg/all/function/internal_message.html?_=1704758605961&CODE_STATE=getMsg HTTP/1.1" 200 27
124.78.68.102 - - [09/Jan/2024:08:03:29 +0800] "POST /xingrg/services/DataTransmitService HTTP/1.1" 200 524
124.78.68.102 - - [09/Jan/2024:08:03:30 +0800] "GET /xingrg/check_reg.html?_=1704758610499 HTTP/1.1" 200 22
124.77.240.111 - - [09/Jan/2024:08:03:33 +0800] "GET /xingrg/all/function/internal_message.html?_=1704758621378&CODE_STATE=getMsg HTTP/1.1" 200 27
180.171.56.87 - - [09/Jan/2024:08:03:34 +0800] "GET /xingrg/all/function/internal_message.html?_=1704758615594&CODE_STATE=getMsg HTTP/1.1" 200 27
221.239.172.206 - - [09/Jan/2024:08:03:36 +0800] "GET /xingrg/check_reg.html?_=1704758616409 HTTP/1.1" 200 22
124.78.68.102 - - [09/Jan/2024:08:03:39 +0800] "GET /xingrg/all/function/internal_message.html?_=1704758619323&CODE_STATE=getMsg HTTP/1.1" 200 27
124.78.154.219 - - [09/Jan/2024:08:03:51 +0800] "POST /xingrg/services/DataTransmitService HTTP/1.1" 200 524
116.232.193.168 - - [09/Jan/2024:08:03:59 +0800] "GET /xingrg/all/function/internal_message.html?_=1704758588594&CODE_STATE=getMsg HTTP/1.1" 200 27
221.239.172.206 - - [09/Jan/2024:08:04:03 +0800] "GET /xingrg/all/function/internal_message.html?_=1704758643289&CODE_STATE=getMsg HTTP/1.1" 200 27
114.95.241.104 - - [09/Jan/2024:08:04:25 +0800] "GET /xingrg/check_reg.html?_=1704758665956 HTTP/1.1" 200 22
114.95.241.104 - - [09/Jan/2024:08:04:25 +0800] "GET /xingrg/all/function/internal_message.html?_=1704758665959&CODE_STATE=getMsg HTTP/1.1" 200 27
124.77.240.111 - - [09/Jan/2024:08:04:33 +0800] "GET /xingrg/all/function/internal_message.html?_=1704758681393&CODE_STATE=getMsg HTTP/1.1" 200 27
180.171.56.87 - - [09/Jan/2024:08:04:34 +0800] "GET /xingrg/all/function/internal_message.html?_=1704758675594&CODE_STATE=getMsg HTTP/1.1" 200 27
124.78.68.102 - - [09/Jan/2024:08:04:39 +0800] "GET /xingrg/all/function/internal_message.html?_=1704758679302&CODE_STATE=getMsg HTTP/1.1" 200 27
116.232.193.168 - - [09/Jan/2024:08:04:59 +0800] "GET /xingrg/all/function/internal_message.html?_=1704758648570&CODE_STATE=getMsg HTTP/1.1" 200 27
116.232.193.168 - - [09/Jan/2024:08:05:02 +0800] "GET /xingrg/check_reg.html?_=1704758650950 HTTP/1.1" 200 22
221.239.172.206 - - [09/Jan/2024:08:05:03 +0800] "GET /xingrg/all/function/internal_message.html?_=1704758703273&CODE_STATE=getMsg HTTP/1.1" 200 27
114.95.241.104 - - [09/Jan/2024:08:05:25 +0800] "GET /xingrg/all/function/internal_message.html?_=1704758725957&CODE_STATE=getMsg HTTP/1.1" 200 27
124.77.240.111 - - [09/Jan/2024:08:05:34 +0800] "GET /xingrg/all/function/internal_message.html?_=1704758741535&CODE_STATE=getMsg HTTP/1.1" 200 27
180.171.56.87 - - [09/Jan/2024:08:05:34 +0800] "GET /xingrg/all/function/internal_message.html?_=1704758735595&CODE_STATE=getMsg HTTP/1.1" 200 27
180.171.56.87 - - [09/Jan/2024:08:05:34 +0800] "GET /xingrg/check_reg.html?_=1704758735605 HTTP/1.1" 200 22
124.78.68.102 - - [09/Jan/2024:08:05:39 +0800] "GET /xingrg/all/function/internal_message.html?_=1704758739273&CODE_STATE=getMsg HTTP/1.1" 200 27
222.70.115.1 - - [09/Jan/2024:08:05:57 +0800] "POST /xingrg/services/DataTransmitService HTTP/1.1" 200 524
116.232.193.168 - - [09/Jan/2024:08:05:59 +0800] "GET /xingrg/all/function/internal_message.html?_=1704758708546&CODE_STATE=getMsg HTTP/1.1" 200 27
221.239.172.206 - - [09/Jan/2024:08:06:03 +0800] "GET /xingrg/all/function/internal_message.html?_=1704758763258&CODE_STATE=getMsg HTTP/1.1" 200 27
124.77.240.111 - - [09/Jan/2024:08:06:16 +0800] "GET /xingrg/check_reg.html?_=1704758784164 HTTP/1.1" 200 22
114.95.241.104 - - [09/Jan/2024:08:06:25 +0800] "GET /xingrg/all/function/internal_message.html?_=1704758785958&CODE_STATE=getMsg HTTP/1.1" 200 27
124.77.240.111 - - [09/Jan/2024:08:06:34 +0800] "GET /xingrg/all/function/internal_message.html?_=1704758801544&CODE_STATE=getMsg HTTP/1.1" 200 27
180.171.56.87 - - [09/Jan/2024:08:06:34 +0800] "GET /xingrg/all/function/internal_message.html?_=1704758795606&CODE_STATE=getMsg HTTP/1.1" 200 27
124.78.68.102 - - [09/Jan/2024:08:06:39 +0800] "GET /xingrg/all/function/internal_message.html?_=1704758799258&CODE_STATE=getMsg HTTP/1.1" 200 27
218.81.65.124 - - [09/Jan/2024:08:06:43 +0800] "POST /xingrg/services/DataTransmitService HTTP/1.1" 200 524
116.232.193.168 - - [09/Jan/2024:08:06:59 +0800] "GET /xingrg/all/function/internal_message.html?_=1704758768519&CODE_STATE=getMsg HTTP/1.1" 200 27
221.239.172.206 - - [09/Jan/2024:08:07:03 +0800] "GET /xingrg/all/function/internal_message.html?_=1704758823240&CODE_STATE=getMsg HTTP/1.1" 200 27
114.95.241.104 - - [09/Jan/2024:08:07:25 +0800] "GET /xingrg/all/function/internal_message.html?_=1704758845954&CODE_STATE=getMsg HTTP/1.1" 200 27
124.77.240.111 - - [09/Jan/2024:08:07:34 +0800] "GET /xingrg/all/function/internal_message.html?_=1704758861556&CODE_STATE=getMsg HTTP/1.1" 200 27
180.171.56.87 - - [09/Jan/2024:08:07:34 +0800] "GET /xingrg/all/function/internal_message.html?_=1704758855607&CODE_STATE=getMsg HTTP/1.1" 200 27
124.78.68.102 - - [09/Jan/2024:08:07:39 +0800] "GET /xingrg/all/function/internal_message.html?_=1704758859240&CODE_STATE=getMsg HTTP/1.1" 200 27
116.232.193.168 - - [09/Jan/2024:08:07:59 +0800] "GET /xingrg/all/function/internal_message.html?_=1704758828501&CODE_STATE=getMsg HTTP/1.1" 200 27
221.239.172.206 - - [09/Jan/2024:08:08:03 +0800] "GET /xingrg/all/function/internal_message.html?_=1704758883230&CODE_STATE=getMsg HTTP/1.1" 200 27
114.95.241.104 - - [09/Jan/2024:08:08:25 +0800] "GET /xingrg/all/function/internal_message.html?_=1704758905952&CODE_STATE=getMsg HTTP/1.1" 200 27
124.78.68.102 - - [09/Jan/2024:08:08:30 +0800] "GET /xingrg/check_reg.html?_=1704758910489 HTTP/1.1" 200 22
124.77.240.111 - - [09/Jan/2024:08:08:34 +0800] "GET /xingrg/all/function/internal_message.html?_=1704758921696&CODE_STATE=getMsg HTTP/1.1" 200 27
180.171.56.87 - - [09/Jan/2024:08:08:34 +0800] "GET /xingrg/all/function/internal_message.html?_=1704758915612&CODE_STATE=getMsg HTTP/1.1" 200 27
221.239.172.206 - - [09/Jan/2024:08:08:36 +0800] "GET /xingrg/check_reg.html?_=1704758916422 HTTP/1.1" 200 22
124.78.68.102 - - [09/Jan/2024:08:08:39 +0800] "GET /xingrg/all/function/internal_message.html?_=1704758919212&CODE_STATE=getMsg HTTP/1.1" 200 27
116.232.193.168 - - [09/Jan/2024:08:08:59 +0800] "GET /xingrg/all/function/internal_message.html?_=1704758888501&CODE_STATE=getMsg HTTP/1.1" 200 27
221.239.172.206 - - [09/Jan/2024:08:09:03 +0800] "GET /xingrg/all/function/internal_message.html?_=1704758943213&CODE_STATE=getMsg HTTP/1.1" 200 27
114.95.241.104 - - [09/Jan/2024:08:09:25 +0800] "GET /xingrg/all/function/internal_message.html?_=1704758965948&CODE_STATE=getMsg HTTP/1.1" 200 27
114.95.241.104 - - [09/Jan/2024:08:09:25 +0800] "GET /xingrg/check_reg.html?_=1704758965950 HTTP/1.1" 200 22
124.77.240.111 - - [09/Jan/2024:08:09:34 +0800] "GET /xingrg/all/function/internal_message.html?_=1704758981709&CODE_STATE=getMsg HTTP/1.1" 200 27
180.171.56.87 - - [09/Jan/2024:08:09:34 +0800] "GET /xingrg/all/function/internal_message.html?_=1704758975613&CODE_STATE=getMsg HTTP/1.1" 200 27
124.78.68.102 - - [09/Jan/2024:08:09:39 +0800] "GET /xingrg/all/function/internal_message.html?_=1704758979187&CODE_STATE=getMsg HTTP/1.1" 200 27
116.232.193.168 - - [09/Jan/2024:08:09:59 +0800] "GET /xingrg/all/function/internal_message.html?_=1704758948478&CODE_STATE=getMsg HTTP/1.1" 200 27
116.232.193.168 - - [09/Jan/2024:08:10:02 +0800] "GET /xingrg/check_reg.html?_=1704758950948 HTTP/1.1" 200 22
221.239.172.206 - - [09/Jan/2024:08:10:03 +0800] "GET /xingrg/all/function/internal_message.html?_=1704759003190&CODE_STATE=getMsg HTTP/1.1" 200 27
114.95.241.104 - - [09/Jan/2024:08:10:25 +0800] "GET /xingrg/all/function/internal_message.html?_=1704759025943&CODE_STATE=getMsg HTTP/1.1" 200 27
124.77.240.111 - - [09/Jan/2024:08:10:34 +0800] "GET /xingrg/all/function/internal_message.html?_=1704759041853&CODE_STATE=getMsg HTTP/1.1" 200 27
180.171.56.87 - - [09/Jan/2024:08:10:34 +0800] "GET /xingrg/check_reg.html?_=1704759035614 HTTP/1.1" 200 22
180.171.56.87 - - [09/Jan/2024:08:10:34 +0800] "GET /xingrg/all/function/internal_message.html?_=1704759035618&CODE_STATE=getMsg HTTP/1.1" 200 27
124.78.68.102 - - [09/Jan/2024:08:10:39 +0800] "GET /xingrg/all/function/internal_message.html?_=1704759039169&CODE_STATE=getMsg HTTP/1.1" 200 27
116.232.193.168 - - [09/Jan/2024:08:10:59 +0800] "GET /xingrg/all/function/internal_message.html?_=1704759008466&CODE_STATE=getMsg HTTP/1.1" 200 27
221.239.172.206 - - [09/Jan/2024:08:11:03 +0800] "GET /xingrg/all/function/internal_message.html?_=1704759063180&CODE_STATE=getMsg HTTP/1.1" 200 27
124.77.240.111 - - [09/Jan/2024:08:11:16 +0800] "GET /xingrg/check_reg.html?_=1704759084175 HTTP/1.1" 200 22
114.95.241.104 - - [09/Jan/2024:08:11:22 +0800] "POST /xingrg/services/DataTransmitService HTTP/1.1" 200 524
114.95.241.104 - - [09/Jan/2024:08:11:25 +0800] "GET /xingrg/all/function/internal_message.html?_=1704759085960&CODE_STATE=getMsg HTTP/1.1" 200 27
124.77.240.111 - - [09/Jan/2024:08:11:34 +0800] "GET /xingrg/all/function/internal_message.html?_=1704759101861&CODE_STATE=getMsg HTTP/1.1" 200 27
180.171.56.87 - - [09/Jan/2024:08:11:34 +0800] "GET /xingrg/all/function/internal_message.html?_=1704759095619&CODE_STATE=getMsg HTTP/1.1" 200 27
124.78.68.102 - - [09/Jan/2024:08:11:39 +0800] "GET /xingrg/all/function/internal_message.html?_=1704759099141&CODE_STATE=getMsg HTTP/1.1" 200 27
114.95.241.104 - - [09/Jan/2024:08:11:46 +0800] "POST /xingrg/services/DataTransmitService HTTP/1.1" 200 501
114.95.241.104 - - [09/Jan/2024:08:11:47 +0800] "POST /xingrg/services/DataTransmitService HTTP/1.1" 200 501
116.232.193.168 - - [09/Jan/2024:08:11:59 +0800] "GET /xingrg/all/function/internal_message.html?_=1704759068444&CODE_STATE=getMsg HTTP/1.1" 200 27
221.239.172.206 - - [09/Jan/2024:08:12:03 +0800] "GET /xingrg/all/function/internal_message.html?_=1704759123154&CODE_STATE=getMsg HTTP/1.1" 200 27
114.95.241.104 - - [09/Jan/2024:08:12:05 +0800] "POST /xingrg/services/DataTransmitService HTTP/1.1" 200 501
114.95.241.104 - - [09/Jan/2024:08:12:23 +0800] "POST /xingrg/services/DataTransmitService HTTP/1.1" 200 501
114.95.241.104 - - [09/Jan/2024:08:12:24 +0800] "POST /xingrg/services/DataTransmitService HTTP/1.1" 200 501
114.95.241.104 - - [09/Jan/2024:08:12:25 +0800] "GET /xingrg/all/function/internal_message.html?_=1704759145951&CODE_STATE=getMsg HTTP/1.1" 200 27
114.95.241.104 - - [09/Jan/2024:08:12:26 +0800] "POST /xingrg/services/DataTransmitService HTTP/1.1" 200 501
114.95.241.104 - - [09/Jan/2024:08:12:32 +0800] "POST /xingrg/services/DataTransmitService HTTP/1.1" 200 501
114.95.241.104 - - [09/Jan/2024:08:12:33 +0800] "POST /xingrg/services/DataTransmitService HTTP/1.1" 200 501
114.95.241.104 - - [09/Jan/2024:08:12:33 +0800] "POST /xingrg/services/DataTransmitService HTTP/1.1" 200 501
124.77.240.111 - - [09/Jan/2024:08:12:34 +0800] "GET /xingrg/all/function/internal_message.html?_=1704759161875&CODE_STATE=getMsg HTTP/1.1" 200 27
180.171.56.87 - - [09/Jan/2024:08:12:34 +0800] "GET /xingrg/all/function/internal_message.html?_=1704759155605&CODE_STATE=getMsg HTTP/1.1" 200 27
114.95.241.104 - - [09/Jan/2024:08:12:35 +0800] "POST /xingrg/services/DataTransmitService HTTP/1.1" 200 412
124.78.68.102 - - [09/Jan/2024:08:12:39 +0800] "GET /xingrg/all/function/internal_message.html?_=1704759159112&CODE_STATE=getMsg HTTP/1.1" 200 27
116.232.193.168 - - [09/Jan/2024:08:12:59 +0800] "GET /xingrg/all/function/internal_message.html?_=1704759128419&CODE_STATE=getMsg HTTP/1.1" 200 27
221.239.172.206 - - [09/Jan/2024:08:13:03 +0800] "GET /xingrg/all/function/internal_message.html?_=1704759183141&CODE_STATE=getMsg HTTP/1.1" 200 27
114.95.241.104 - - [09/Jan/2024:08:13:25 +0800] "GET /xingrg/all/function/internal_message.html?_=1704759205936&CODE_STATE=getMsg HTTP/1.1" 200 27
124.78.68.102 - - [09/Jan/2024:08:13:30 +0800] "GET /xingrg/check_reg.html?_=1704759210472 HTTP/1.1" 200 22
124.77.240.111 - - [09/Jan/2024:08:13:34 +0800] "GET /xingrg/all/function/internal_message.html?_=1704759222016&CODE_STATE=getMsg HTTP/1.1" 200 27
180.171.56.87 - - [09/Jan/2024:08:13:34 +0800] "GET /xingrg/all/function/internal_message.html?_=1704759215606&CODE_STATE=getMsg HTTP/1.1" 200 27
221.239.172.206 - - [09/Jan/2024:08:13:36 +0800] "GET /xingrg/check_reg.html?_=1704759216421 HTTP/1.1" 200 22
124.78.68.102 - - [09/Jan/2024:08:13:39 +0800] "GET /xingrg/all/function/internal_message.html?_=1704759219090&CODE_STATE=getMsg HTTP/1.1" 200 27
116.232.193.168 - - [09/Jan/2024:08:13:59 +0800] "GET /xingrg/all/function/internal_message.html?_=1704759188396&CODE_STATE=getMsg HTTP/1.1" 200 27
221.239.172.206 - - [09/Jan/2024:08:14:03 +0800] "GET /xingrg/all/function/internal_message.html?_=1704759243132&CODE_STATE=getMsg HTTP/1.1" 200 27
114.95.241.104 - - [09/Jan/2024:08:14:25 +0800] "GET /xingrg/all/function/internal_message.html?_=1704759265948&CODE_STATE=getMsg HTTP/1.1" 200 27
114.95.241.104 - - [09/Jan/2024:08:14:25 +0800] "GET /xingrg/check_reg.html?_=1704759265952 HTTP/1.1" 200 22
124.77.240.111 - - [09/Jan/2024:08:14:34 +0800] "GET /xingrg/all/function/internal_message.html?_=1704759282026&CODE_STATE=getMsg HTTP/1.1" 200 27
180.171.56.87 - - [09/Jan/2024:08:14:34 +0800] "GET /xingrg/all/function/internal_message.html?_=1704759275608&CODE_STATE=getMsg HTTP/1.1" 200 27
124.78.68.102 - - [09/Jan/2024:08:14:39 +0800] "GET /xingrg/all/function/internal_message.html?_=1704759279075&CODE_STATE=getMsg HTTP/1.1" 200 27
116.232.193.168 - - [09/Jan/2024:08:14:59 +0800] "GET /xingrg/all/function/internal_message.html?_=1704759248377&CODE_STATE=getMsg HTTP/1.1" 200 27
116.232.193.168 - - [09/Jan/2024:08:15:02 +0800] "GET /xingrg/check_reg.html?_=1704759250937 HTTP/1.1" 200 22
221.239.172.206 - - [09/Jan/2024:08:15:03 +0800] "GET /xingrg/all/function/internal_message.html?_=1704759303105&CODE_STATE=getMsg HTTP/1.1" 200 27
114.95.241.104 - - [09/Jan/2024:08:15:14 +0800] "POST /xingrg/services/DataTransmitService HTTP/1.1" 200 524
114.95.241.104 - - [09/Jan/2024:08:15:19 +0800] "POST /xingrg/services/DataTransmitService HTTP/1.1" 200 501
114.95.241.104 - - [09/Jan/2024:08:15:25 +0800] "GET /xingrg/all/function/internal_message.html?_=1704759325947&CODE_STATE=getMsg HTTP/1.1" 200 27
180.171.56.87 - - [09/Jan/2024:08:15:34 +0800] "GET /xingrg/check_reg.html?_=1704759335618 HTTP/1.1" 200 22
180.171.56.87 - - [09/Jan/2024:08:15:34 +0800] "GET /xingrg/all/function/internal_message.html?_=1704759335616&CODE_STATE=getMsg HTTP/1.1" 200 27
124.77.240.111 - - [09/Jan/2024:08:15:34 +0800] "GET /xingrg/all/function/internal_message.html?_=1704759342159&CODE_STATE=getMsg HTTP/1.1" 200 27
124.78.68.102 - - [09/Jan/2024:08:15:39 +0800] "GET /xingrg/all/function/internal_message.html?_=1704759339051&CODE_STATE=getMsg HTTP/1.1" 200 27
116.232.193.168 - - [09/Jan/2024:08:15:59 +0800] "GET /xingrg/all/function/internal_message.html?_=1704759308375&CODE_STATE=getMsg HTTP/1.1" 200 27
221.239.172.206 - - [09/Jan/2024:08:16:03 +0800] "GET /xingrg/all/function/internal_message.html?_=1704759363090&CODE_STATE=getMsg HTTP/1.1" 200 27
124.77.240.111 - - [09/Jan/2024:08:16:16 +0800] "GET /xingrg/check_reg.html?_=1704759384177 HTTP/1.1" 200 22
114.95.241.104 - - [09/Jan/2024:08:16:25 +0800] "GET /xingrg/all/function/internal_message.html?_=1704759385948&CODE_STATE=getMsg HTTP/1.1" 200 27
180.171.56.87 - - [09/Jan/2024:08:16:34 +0800] "GET /xingrg/all/function/internal_message.html?_=1704759395617&CODE_STATE=getMsg HTTP/1.1" 200 27
124.77.240.111 - - [09/Jan/2024:08:16:34 +0800] "GET /xingrg/all/function/internal_message.html?_=1704759402162&CODE_STATE=getMsg HTTP/1.1" 200 27
124.78.68.102 - - [09/Jan/2024:08:16:39 +0800] "GET /xingrg/all/function/internal_message.html?_=1704759399025&CODE_STATE=getMsg HTTP/1.1" 200 27
116.232.193.168 - - [09/Jan/2024:08:16:59 +0800] "GET /xingrg/all/function/internal_message.html?_=1704759368358&CODE_STATE=getMsg HTTP/1.1" 200 27
221.239.172.206 - - [09/Jan/2024:08:17:03 +0800] "GET /xingrg/all/function/internal_message.html?_=1704759423072&CODE_STATE=getMsg HTTP/1.1" 200 27
114.95.241.104 - - [09/Jan/2024:08:17:25 +0800] "GET /xingrg/all/function/internal_message.html?_=1704759445950&CODE_STATE=getMsg HTTP/1.1" 200 27
180.171.56.87 - - [09/Jan/2024:08:17:34 +0800] "GET /xingrg/all/function/internal_message.html?_=1704759455617&CODE_STATE=getMsg HTTP/1.1" 200 27
124.77.240.111 - - [09/Jan/2024:08:17:34 +0800] "GET /xingrg/all/function/internal_message.html?_=1704759462177&CODE_STATE=getMsg HTTP/1.1" 200 27
124.78.68.102 - - [09/Jan/2024:08:17:38 +0800] "GET /xingrg/all/function/internal_message.html?_=1704759459006&CODE_STATE=getMsg HTTP/1.1" 200 27
120.253.135.82 - - [09/Jan/2024:08:17:40 +0800] "GET /xingrg/login.html HTTP/1.1" 200 7641
120.253.135.82 - - [09/Jan/2024:08:17:40 +0800] "GET /favicon.ico HTTP/1.1" 404 -
120.253.135.82 - - [09/Jan/2024:08:17:42 +0800] "POST /xingrg/login.do HTTP/1.1" 302 -
120.253.135.82 - - [09/Jan/2024:08:17:43 +0800] "GET /xingrg/index.html?sysBaseUrl=http%3A%2F%2F180.169.147.146%3A18081%2Fxingrg%2F&costTime=828×tamp=1704759462934 HTTP/1.1" 200 17173
120.253.135.82 - - [09/Jan/2024:08:17:43 +0800] "GET /xingrg/all/function/internal_message.html?_=1704759624198&CODE_STATE=count HTTP/1.1" 200 11
120.253.135.82 - - [09/Jan/2024:08:17:43 +0800] "GET /xingrg/check_reg.html?_=1704759624199 HTTP/1.1" 200 22
120.253.135.82 - - [09/Jan/2024:08:17:43 +0800] "POST /xingrg/all/common/load_tree.html?tree=area_rest_tree_json&manage=1 HTTP/1.1" 200 344
120.253.135.82 - - [09/Jan/2024:08:17:43 +0800] "POST /xingrg/load_menu.html HTTP/1.1" 200 6743
120.253.135.82 - - [09/Jan/2024:08:17:51 +0800] "GET /xingrg/kc/pszx/mdqp_order_list.html?state=10 HTTP/1.1" 200 11164
120.253.135.82 - - [09/Jan/2024:08:17:51 +0800] "GET /xingrg/dwr/interface/AjaxQqpsService.js HTTP/1.1" 200 16326
120.253.135.82 - - [09/Jan/2024:08:17:51 +0800] "GET /xingrg/dwr/interface/AjaxReportQueryService.js HTTP/1.1" 200 13203
120.253.135.82 - - [09/Jan/2024:08:17:51 +0800] "GET /xingrg/dwr/engine.js HTTP/1.1" 200 43631
120.253.135.82 - - [09/Jan/2024:08:17:51 +0800] "GET /xingrg/dwr/util.js HTTP/1.1" 304 -
120.253.135.82 - - [09/Jan/2024:08:17:55 +0800] "GET /xingrg/kc/pszx/ps_main.html?isBack=1 HTTP/1.1" 200 13401
120.253.135.82 - - [09/Jan/2024:08:17:55 +0800] "GET /xingrg/images/blue/button/fdqpd.gif HTTP/1.1" 200 2116
120.253.135.82 - - [09/Jan/2024:08:17:55 +0800] "GET /xingrg/images/blue/button/pszx.gif HTTP/1.1" 200 2648
120.253.135.82 - - [09/Jan/2024:08:17:55 +0800] "GET /xingrg/images/blue/button/ckpd.gif HTTP/1.1" 200 2051
120.253.135.82 - - [09/Jan/2024:08:17:55 +0800] "GET /xingrg/images/blue/button/yddb.gif HTTP/1.1" 200 2040
120.253.135.82 - - [09/Jan/2024:08:17:55 +0800] "GET /xingrg/images/blue/button/jzcgd.gif HTTP/1.1" 200 1976
120.253.135.82 - - [09/Jan/2024:08:17:55 +0800] "GET /xingrg/images/blue/button/cgydd.gif HTTP/1.1" 200 2712
120.253.135.82 - - [09/Jan/2024:08:17:55 +0800] "GET /xingrg/images/blue/button/fdps2.gif HTTP/1.1" 200 2548
120.253.135.82 - - [09/Jan/2024:08:17:55 +0800] "GET /xingrg/images/blue/button/right_down_ah.jpg HTTP/1.1" 200 1842
120.253.135.82 - - [09/Jan/2024:08:17:55 +0800] "GET /xingrg/images/blue/bg_dotted.jpg HTTP/1.1" 200 319
120.253.135.82 - - [09/Jan/2024:08:17:55 +0800] "GET /xingrg/images/blue/button/left_down_ah.jpg HTTP/1.1" 200 1848
120.253.135.82 - - [09/Jan/2024:08:17:55 +0800] "GET /xingrg/images/blue/pic_form2.gif HTTP/1.1" 200 1853
120.253.135.82 - - [09/Jan/2024:08:17:55 +0800] "GET /xingrg/images/blue/button/down_ah.jpg HTTP/1.1" 200 1732
120.253.135.82 - - [09/Jan/2024:08:17:55 +0800] "GET /xingrg/images/blue/button/line.jpg HTTP/1.1" 200 1397
120.253.135.82 - - [09/Jan/2024:08:17:58 +0800] "GET /xingrg/kc/pszx/mdps_order_list.html?orderType=0 HTTP/1.1" 200 21036
120.253.135.82 - - [09/Jan/2024:08:17:59 +0800] "POST /xingrg/kc/pszx/mdps_list_operate.html HTTP/1.1" 200 5310
116.232.193.168 - - [09/Jan/2024:08:17:59 +0800] "GET /xingrg/all/function/internal_message.html?_=1704759428332&CODE_STATE=getMsg HTTP/1.1" 200 27
221.239.172.206 - - [09/Jan/2024:08:18:03 +0800] "GET /xingrg/all/function/internal_message.html?_=1704759483065&CODE_STATE=getMsg HTTP/1.1" 200 27
120.253.135.82 - - [09/Jan/2024:08:18:11 +0800] "POST /xingrg/kc/pszx/mdps_list_operate.html HTTP/1.1" 200 205
120.253.135.82 - - [09/Jan/2024:08:18:12 +0800] "GET /xingrg/kc/pszx/mdps_order_info.html?code=312024010300080 HTTP/1.1" 200 23984
120.253.135.82 - - [09/Jan/2024:08:18:12 +0800] "GET /xingrg/words/20240108150021_words.js HTTP/1.1" 304 -
120.253.135.82 - - [09/Jan/2024:08:18:12 +0800] "GET /xingrg/javascript/easyui/themes/default/validatebox.css HTTP/1.1" 404 1104
120.253.135.82 - - [09/Jan/2024:08:18:12 +0800] "GET /xingrg/all/common/auto_word.html?type=base&rest_code=00101 HTTP/1.1" 200 671
120.253.135.82 - - [09/Jan/2024:08:18:12 +0800] "POST /xingrg/kc/pszx/mdps_order_operate.html HTTP/1.1" 200 2281
120.253.135.82 - - [09/Jan/2024:08:18:21 +0800] "POST /xingrg/kc/pszx/mdps_list_operate.html HTTP/1.1" 200 584
120.253.135.82 - - [09/Jan/2024:08:18:22 +0800] "GET /xingrg/kc/pszx/mdps_order_info.html?code=312024010800221 HTTP/1.1" 200 23978
120.253.135.82 - - [09/Jan/2024:08:18:22 +0800] "GET /xingrg/javascript/easyui/themes/default/validatebox.css HTTP/1.1" 404 1104
120.253.135.82 - - [09/Jan/2024:08:18:22 +0800] "GET /xingrg/all/common/auto_word.html?type=base&rest_code=00101 HTTP/1.1" 200 671
120.253.135.82 - - [09/Jan/2024:08:18:22 +0800] "POST /xingrg/kc/pszx/mdps_order_operate.html HTTP/1.1" 200 10300
114.95.241.104 - - [09/Jan/2024:08:18:25 +0800] "GET /xingrg/all/function/internal_message.html?_=1704759505940&CODE_STATE=getMsg HTTP/1.1" 200 27
124.78.68.102 - - [09/Jan/2024:08:18:30 +0800] "GET /xingrg/check_reg.html?_=1704759510447 HTTP/1.1" 200 22
180.171.56.87 - - [09/Jan/2024:08:18:34 +0800] "GET /xingrg/all/function/internal_message.html?_=1704759515620&CODE_STATE=getMsg HTTP/1.1" 200 27
124.77.240.111 - - [09/Jan/2024:08:18:34 +0800] "GET /xingrg/all/function/internal_message.html?_=1704759522317&CODE_STATE=getMsg HTTP/1.1" 200 27
221.239.172.206 - - [09/Jan/2024:08:18:36 +0800] "GET /xingrg/check_reg.html?_=1704759516420 HTTP/1.1" 200 22
124.78.68.102 - - [09/Jan/2024:08:18:38 +0800] "GET /xingrg/all/function/internal_message.html?_=1704759518994&CODE_STATE=getMsg HTTP/1.1" 200 27
120.253.135.82 - - [09/Jan/2024:08:18:43 +0800] "GET /xingrg/all/function/internal_message.html?_=1704759684210&CODE_STATE=getMsg HTTP/1.1" 200 27
116.232.193.168 - - [09/Jan/2024:08:18:59 +0800] "GET /xingrg/all/function/internal_message.html?_=1704759488308&CODE_STATE=getMsg HTTP/1.1" 200 27
221.239.172.206 - - [09/Jan/2024:08:19:03 +0800] "GET /xingrg/all/function/internal_message.html?_=1704759543038&CODE_STATE=getMsg HTTP/1.1" 200 27
114.95.241.104 - - [09/Jan/2024:08:19:25 +0800] "GET /xingrg/all/function/internal_message.html?_=1704759565954&CODE_STATE=getMsg HTTP/1.1" 200 27
120.253.135.82 - - [09/Jan/2024:08:19:25 +0800] "POST /xingrg/kc/pszx/mdps_list_operate.html HTTP/1.1" 200 5310
114.95.241.104 - - [09/Jan/2024:08:19:25 +0800] "GET /xingrg/check_reg.html?_=1704759565957 HTTP/1.1" 200 22
120.253.135.82 - - [09/Jan/2024:08:19:27 +0800] "POST /xingrg/kc/pszx/mdps_list_operate.html HTTP/1.1" 200 632
120.253.135.82 - - [09/Jan/2024:08:19:29 +0800] "GET /xingrg/kc/pszx/mdps_order_info.html?code=312024010800222 HTTP/1.1" 200 23978
120.253.135.82 - - [09/Jan/2024:08:19:29 +0800] "GET /xingrg/javascript/easyui/themes/default/validatebox.css HTTP/1.1" 404 1104
120.253.135.82 - - [09/Jan/2024:08:19:30 +0800] "GET /xingrg/all/common/auto_word.html?type=base&rest_code=00101 HTTP/1.1" 200 671
120.253.135.82 - - [09/Jan/2024:08:19:30 +0800] "POST /xingrg/kc/pszx/mdps_order_operate.html HTTP/1.1" 200 5918
180.171.56.87 - - [09/Jan/2024:08:19:34 +0800] "GET /xingrg/all/function/internal_message.html?_=1704759575621&CODE_STATE=getMsg HTTP/1.1" 200 27
124.77.240.111 - - [09/Jan/2024:08:19:34 +0800] "GET /xingrg/all/function/internal_message.html?_=1704759582328&CODE_STATE=getMsg HTTP/1.1" 200 27
124.79.241.187 - - [09/Jan/2024:08:19:36 +0800] "POST /xingrg/services/DataTransmitService HTTP/1.1" 200 524
124.78.68.102 - - [09/Jan/2024:08:19:38 +0800] "GET /xingrg/all/function/internal_message.html?_=1704759578973&CODE_STATE=getMsg HTTP/1.1" 200 27
120.253.135.82 - - [09/Jan/2024:08:19:43 +0800] "GET /xingrg/all/function/internal_message.html?_=1704759744215&CODE_STATE=getMsg HTTP/1.1" 200 27
116.232.193.168 - - [09/Jan/2024:08:19:59 +0800] "GET /xingrg/all/function/internal_message.html?_=1704759548281&CODE_STATE=getMsg HTTP/1.1" 200 27
116.232.193.168 - - [09/Jan/2024:08:20:02 +0800] "GET /xingrg/check_reg.html?_=1704759550917 HTTP/1.1" 200 22
221.239.172.206 - - [09/Jan/2024:08:20:03 +0800] "GET /xingrg/all/function/internal_message.html?_=1704759603014&CODE_STATE=getMsg HTTP/1.1" 200 27
114.95.241.104 - - [09/Jan/2024:08:20:25 +0800] "GET /xingrg/all/function/internal_message.html?_=1704759625944&CODE_STATE=getMsg HTTP/1.1" 200 27
180.171.56.87 - - [09/Jan/2024:08:20:34 +0800] "GET /xingrg/check_reg.html?_=1704759635629 HTTP/1.1" 200 22
180.171.56.87 - - [09/Jan/2024:08:20:34 +0800] "GET /xingrg/all/function/internal_message.html?_=1704759635632&CODE_STATE=getMsg HTTP/1.1" 200 27
124.77.240.111 - - [09/Jan/2024:08:20:34 +0800] "GET /xingrg/all/function/internal_message.html?_=1704759642460&CODE_STATE=getMsg HTTP/1.1" 200 27
124.78.68.102 - - [09/Jan/2024:08:20:38 +0800] "GET /xingrg/all/function/internal_message.html?_=1704759638947&CODE_STATE=getMsg HTTP/1.1" 200 27
120.253.135.82 - - [09/Jan/2024:08:20:42 +0800] "POST /xingrg/kc/pszx/mdps_list_operate.html HTTP/1.1" 200 5310
120.253.135.82 - - [09/Jan/2024:08:20:43 +0800] "GET /xingrg/all/function/internal_message.html?_=1704759804217&CODE_STATE=getMsg HTTP/1.1" 200 27
120.253.135.82 - - [09/Jan/2024:08:20:45 +0800] "POST /xingrg/kc/pszx/mdps_list_operate.html HTTP/1.1" 200 444
120.253.135.82 - - [09/Jan/2024:08:20:50 +0800] "GET /xingrg/kc/pszx/mdps_order_info.html?code=312024010800223 HTTP/1.1" 200 23978
120.253.135.82 - - [09/Jan/2024:08:20:51 +0800] "GET /xingrg/javascript/easyui/themes/default/validatebox.css HTTP/1.1" 404 1104
120.253.135.82 - - [09/Jan/2024:08:20:51 +0800] "GET /xingrg/all/common/auto_word.html?type=base&rest_code=00101 HTTP/1.1" 200 671
120.253.135.82 - - [09/Jan/2024:08:20:51 +0800] "POST /xingrg/kc/pszx/mdps_order_operate.html HTTP/1.1" 200 3783
120.253.135.82 - - [09/Jan/2024:08:20:55 +0800] "POST /xingrg/kc/pszx/mdps_list_operate.html HTTP/1.1" 200 5310
116.232.193.168 - - [09/Jan/2024:08:20:59 +0800] "GET /xingrg/all/function/internal_message.html?_=1704759608267&CODE_STATE=getMsg HTTP/1.1" 200 27
221.239.172.206 - - [09/Jan/2024:08:21:03 +0800] "GET /xingrg/all/function/internal_message.html?_=1704759663016&CODE_STATE=getMsg HTTP/1.1" 200 27
120.253.135.82 - - [09/Jan/2024:08:21:08 +0800] "POST /xingrg/kc/pszx/mdps_list_operate.html HTTP/1.1" 200 5433
124.77.240.111 - - [09/Jan/2024:08:21:16 +0800] "GET /xingrg/check_reg.html?_=1704759684183 HTTP/1.1" 200 22
114.95.241.104 - - [09/Jan/2024:08:21:25 +0800] "GET /xingrg/all/function/internal_message.html?_=1704759685932&CODE_STATE=getMsg HTTP/1.1" 200 27
180.171.56.87 - - [09/Jan/2024:08:21:34 +0800] "GET /xingrg/all/function/internal_message.html?_=1704759695631&CODE_STATE=getMsg HTTP/1.1" 200 27
124.77.240.111 - - [09/Jan/2024:08:21:34 +0800] "GET /xingrg/all/function/internal_message.html?_=1704759702464&CODE_STATE=getMsg HTTP/1.1" 200 27
124.78.68.102 - - [09/Jan/2024:08:21:38 +0800] "GET /xingrg/all/function/internal_message.html?_=1704759698920&CODE_STATE=getMsg HTTP/1.1" 200 27
120.253.135.82 - - [09/Jan/2024:08:21:41 +0800] "GET /xingrg/kc/pszx/mdqp_order_list.html?state=10 HTTP/1.1" 200 11164
120.253.135.82 - - [09/Jan/2024:08:21:41 +0800] "GET /xingrg/dwr/interface/AjaxQqpsService.js HTTP/1.1" 200 16326
120.253.135.82 - - [09/Jan/2024:08:21:41 +0800] "GET /xingrg/dwr/interface/AjaxReportQueryService.js HTTP/1.1" 200 13203
120.253.135.82 - - [09/Jan/2024:08:21:41 +0800] "GET /xingrg/dwr/engine.js HTTP/1.1" 200 43631
120.253.135.82 - - [09/Jan/2024:08:21:43 +0800] "GET /xingrg/all/function/internal_message.html?_=1704759864223&CODE_STATE=getMsg HTTP/1.1" 200 27
116.232.193.168 - - [09/Jan/2024:08:21:59 +0800] "GET /xingrg/all/function/internal_message.html?_=1704759668246&CODE_STATE=getMsg HTTP/1.1" 200 27
221.239.172.206 - - [09/Jan/2024:08:22:03 +0800] "GET /xingrg/all/function/internal_message.html?_=1704759723008&CODE_STATE=getMsg HTTP/1.1" 200 27
114.95.241.104 - - [09/Jan/2024:08:22:25 +0800] "GET /xingrg/all/function/internal_message.html?_=1704759745949&CODE_STATE=getMsg HTTP/1.1" 200 27
180.171.56.87 - - [09/Jan/2024:08:22:34 +0800] "GET /xingrg/all/function/internal_message.html?_=1704759755619&CODE_STATE=getMsg HTTP/1.1" 200 27
124.77.240.111 - - [09/Jan/2024:08:22:34 +0800] "GET /xingrg/all/function/internal_message.html?_=1704759762479&CODE_STATE=getMsg HTTP/1.1" 200 27
124.78.68.102 - - [09/Jan/2024:08:22:38 +0800] "GET /xingrg/all/function/internal_message.html?_=1704759758892&CODE_STATE=getMsg HTTP/1.1" 200 27
120.253.135.82 - - [09/Jan/2024:08:22:43 +0800] "GET /xingrg/check_reg.html?_=1704759924229 HTTP/1.1" 200 22
120.253.135.82 - - [09/Jan/2024:08:22:43 +0800] "GET /xingrg/all/function/internal_message.html?_=1704759924227&CODE_STATE=getMsg HTTP/1.1" 200 27
116.232.193.168 - - [09/Jan/2024:08:22:59 +0800] "GET /xingrg/all/function/internal_message.html?_=1704759728222&CODE_STATE=getMsg HTTP/1.1" 200 27
221.239.172.206 - - [09/Jan/2024:08:23:03 +0800] "GET /xingrg/all/function/internal_message.html?_=1704759782986&CODE_STATE=getMsg HTTP/1.1" 200 27
120.253.135.82 - - [09/Jan/2024:08:23:11 +0800] "GET /xingrg/all/function/internal_message.html?_=1704759602907&CODE_STATE=getMsg HTTP/1.1" 302 -
120.253.135.82 - - [09/Jan/2024:08:23:11 +0800] "GET /xingrg/check_reg.html?_=1704759605334 HTTP/1.1" 302 -
120.253.135.82 - - [09/Jan/2024:08:23:11 +0800] "GET /xingrg/login.html HTTP/1.1" 200 7641
120.253.135.82 - - [09/Jan/2024:08:23:11 +0800] "GET /xingrg/login.html HTTP/1.1" 200 7641
114.95.241.104 - - [09/Jan/2024:08:23:25 +0800] "GET /xingrg/all/function/internal_message.html?_=1704759805934&CODE_STATE=getMsg HTTP/1.1" 200 27
120.253.135.82 - - [09/Jan/2024:08:23:27 +0800] "GET /xingrg/kc/pszx/mdqp_order_list.html?state=10 HTTP/1.1" 302 -
120.253.135.82 - - [09/Jan/2024:08:23:27 +0800] "GET /xingrg/login.html HTTP/1.1" 200 7641
120.253.135.82 - - [09/Jan/2024:08:23:27 +0800] "GET /xingrg/login.html HTTP/1.1" 200 7641
120.253.135.82 - - [09/Jan/2024:08:23:27 +0800] "GET /xingrg/images/blue/login_bg.png HTTP/1.1" 304 -
120.253.135.82 - - [09/Jan/2024:08:23:27 +0800] "GET /xingrg/images/blue/jxLogo.png HTTP/1.1" 304 -
120.253.135.82 - - [09/Jan/2024:08:23:27 +0800] "GET /xingrg/images/blue/hj.png HTTP/1.1" 304 -
120.253.135.82 - - [09/Jan/2024:08:23:27 +0800] "GET /xingrg/images/blue/srbg.png HTTP/1.1" 304 -
120.253.135.82 - - [09/Jan/2024:08:23:27 +0800] "GET /favicon.ico HTTP/1.1" 404 -
120.253.135.82 - - [09/Jan/2024:08:23:29 +0800] "POST /xingrg/login.do HTTP/1.1" 302 -
120.253.135.82 - - [09/Jan/2024:08:23:29 +0800] "GET /xingrg/index.html?sysBaseUrl=http%3A%2F%2F180.169.147.146%3A18081%2Fxingrg%2F&costTime=812×tamp=1704759809605 HTTP/1.1" 200 17173
120.253.135.82 - - [09/Jan/2024:08:23:29 +0800] "GET /xingrg/css/form.css HTTP/1.1" 304 -
120.253.135.82 - - [09/Jan/2024:08:23:29 +0800] "GET /xingrg/javascript/jquery_easy_ui/themes/default/easyui.css HTTP/1.1" 304 -
120.253.135.82 - - [09/Jan/2024:08:23:29 +0800] "GET /xingrg/javascript/jquery_easy_ui/themes/icon.css HTTP/1.1" 304 -
120.253.135.82 - - [09/Jan/2024:08:23:29 +0800] "GET /xingrg/javascript/jquery_easy_ui/jquery.easyui.min.js HTTP/1.1" 304 -
120.253.135.82 - - [09/Jan/2024:08:23:29 +0800] "GET /xingrg/javascript/jquery.form.js HTTP/1.1" 304 -
120.253.135.82 - - [09/Jan/2024:08:23:29 +0800] "GET /xingrg/javascript/jquery.utils.js HTTP/1.1" 304 -
120.253.135.82 - - [09/Jan/2024:08:23:29 +0800] "GET /xingrg/javascript/jquery-1.4.2.min.js HTTP/1.1" 304 -
120.253.135.82 - - [09/Jan/2024:08:23:29 +0800] "GET /xingrg/javascript/jquery_easy_ui/easyui-lang-zh_CN.js HTTP/1.1" 304 -
120.253.135.82 - - [09/Jan/2024:08:23:29 +0800] "GET /xingrg/javascript/jquery.timers.js HTTP/1.1" 304 -
120.253.135.82 - - [09/Jan/2024:08:23:30 +0800] "GET /xingrg/images/blue/navBackgound.jpg HTTP/1.1" 304 -
120.253.135.82 - - [09/Jan/2024:08:23:30 +0800] "GET /xingrg/javascript/jquery_easy_ui/themes/default/images/tabs_leftarrow.png HTTP/1.1" 304 -
120.253.135.82 - - [09/Jan/2024:08:23:30 +0800] "GET /xingrg/javascript/jquery_easy_ui/themes/icons/settle_new.png HTTP/1.1" 304 -
120.253.135.82 - - [09/Jan/2024:08:23:30 +0800] "GET /xingrg/images/blue/pingpu.png HTTP/1.1" 304 -
120.253.135.82 - - [09/Jan/2024:08:23:30 +0800] "GET /xingrg/javascript/jquery_easy_ui/themes/default/images/tabs_rightarrow.png HTTP/1.1" 304 -
120.253.135.82 - - [09/Jan/2024:08:23:30 +0800] "GET /xingrg/javascript/jquery_easy_ui/themes/default/images/panel_tool_collapse.gif HTTP/1.1" 304 -
120.253.135.82 - - [09/Jan/2024:08:23:30 +0800] "GET /xingrg/all/function/internal_message.html?_=1704759629805&CODE_STATE=count HTTP/1.1" 200 11
120.253.135.82 - - [09/Jan/2024:08:23:30 +0800] "GET /xingrg/check_reg.html?_=1704759629806 HTTP/1.1" 200 22
120.253.135.82 - - [09/Jan/2024:08:23:30 +0800] "GET /favicon.ico HTTP/1.1" 404 -
120.253.135.82 - - [09/Jan/2024:08:23:30 +0800] "POST /xingrg/all/common/load_tree.html?tree=area_rest_tree_json&manage=1 HTTP/1.1" 200 344
120.253.135.82 - - [09/Jan/2024:08:23:30 +0800] "POST /xingrg/load_menu.html HTTP/1.1" 200 6743
124.78.68.102 - - [09/Jan/2024:08:23:30 +0800] "GET /xingrg/check_reg.html?_=1704759810433 HTTP/1.1" 200 22
120.253.135.82 - - [09/Jan/2024:08:23:30 +0800] "GET /xingrg/javascript/jquery_easy_ui/themes/default/images/tree_arrows.gif HTTP/1.1" 304 -
120.253.135.82 - - [09/Jan/2024:08:23:30 +0800] "GET /xingrg/javascript/jquery_easy_ui/themes/icons/search_new.png HTTP/1.1" 304 -
120.253.135.82 - - [09/Jan/2024:08:23:30 +0800] "GET /xingrg/javascript/jquery_easy_ui/themes/default/images/tree_folder_open.gif HTTP/1.1" 304 -
120.253.135.82 - - [09/Jan/2024:08:23:30 +0800] "GET /xingrg/javascript/jquery_easy_ui/themes/icons/delivery_new.png HTTP/1.1" 304 -
120.253.135.82 - - [09/Jan/2024:08:23:30 +0800] "GET /xingrg/javascript/jquery_easy_ui/themes/icons/storage_new.png HTTP/1.1" 304 -
120.253.135.82 - - [09/Jan/2024:08:23:30 +0800] "GET /xingrg/javascript/jquery_easy_ui/themes/icons/forms_new.png HTTP/1.1" 304 -
120.253.135.82 - - [09/Jan/2024:08:23:30 +0800] "GET /xingrg/javascript/jquery_easy_ui/themes/default/images/tree_file.gif HTTP/1.1" 304 -
120.253.135.82 - - [09/Jan/2024:08:23:30 +0800] "GET /xingrg/javascript/jquery_easy_ui/themes/default/images/tree_folder.gif HTTP/1.1" 304 -
180.171.56.87 - - [09/Jan/2024:08:23:34 +0800] "GET /xingrg/all/function/internal_message.html?_=1704759815622&CODE_STATE=getMsg HTTP/1.1" 200 27
124.77.240.111 - - [09/Jan/2024:08:23:35 +0800] "GET /xingrg/all/function/internal_message.html?_=1704759822610&CODE_STATE=getMsg HTTP/1.1" 200 27
120.253.135.82 - - [09/Jan/2024:08:23:35 +0800] "GET /xingrg/javascript/jquery_easy_ui/themes/default/images/tabs_close.gif HTTP/1.1" 304 -
120.253.135.82 - - [09/Jan/2024:08:23:35 +0800] "GET /xingrg/kc/pszx/mdqp_order_list.html?state=10 HTTP/1.1" 200 11164
120.253.135.82 - - [09/Jan/2024:08:23:35 +0800] "GET /xingrg/css/blue.css HTTP/1.1" 304 -
120.253.135.82 - - [09/Jan/2024:08:23:35 +0800] "GET /xingrg/javascript/Calendar.js HTTP/1.1" 304 -
120.253.135.82 - - [09/Jan/2024:08:23:35 +0800] "GET /xingrg/dwr/interface/AjaxReportQueryService.js HTTP/1.1" 200 13203
120.253.135.82 - - [09/Jan/2024:08:23:35 +0800] "GET /xingrg/dwr/util.js HTTP/1.1" 304 -
120.253.135.82 - - [09/Jan/2024:08:23:35 +0800] "GET /xingrg/javascript/myfunction.js HTTP/1.1" 304 -
120.253.135.82 - - [09/Jan/2024:08:23:35 +0800] "GET /xingrg/javascript/pic_change.js HTTP/1.1" 304 -
120.253.135.82 - - [09/Jan/2024:08:23:35 +0800] "GET /xingrg/dwr/interface/AjaxQqpsService.js HTTP/1.1" 200 16326
120.253.135.82 - - [09/Jan/2024:08:23:35 +0800] "GET /xingrg/dwr/engine.js HTTP/1.1" 200 43631
120.253.135.82 - - [09/Jan/2024:08:23:36 +0800] "GET /xingrg/javascript/jquery_easy_ui/themes/icons/uncheck_new.png HTTP/1.1" 304 -
120.253.135.82 - - [09/Jan/2024:08:23:36 +0800] "GET /xingrg/javascript/jquery_easy_ui/themes/icons/check_new.png HTTP/1.1" 304 -
120.253.135.82 - - [09/Jan/2024:08:23:36 +0800] "GET /xingrg/javascript/jquery_easy_ui/themes/icons/back_new.png HTTP/1.1" 304 -
221.239.172.206 - - [09/Jan/2024:08:23:36 +0800] "GET /xingrg/check_reg.html?_=1704759816435 HTTP/1.1" 200 22
124.78.68.102 - - [09/Jan/2024:08:23:38 +0800] "GET /xingrg/all/function/internal_message.html?_=1704759818884&CODE_STATE=getMsg HTTP/1.1" 200 27
120.253.135.82 - - [09/Jan/2024:08:23:38 +0800] "GET /xingrg/kc/pszx/mdqp_order_info.html?code=302024010800148 HTTP/1.1" 200 13350
120.253.135.82 - - [09/Jan/2024:08:23:38 +0800] "GET /xingrg/javascript/auto/jquery.autocomplete.js HTTP/1.1" 304 -
120.253.135.82 - - [09/Jan/2024:08:23:38 +0800] "GET /xingrg/javascript/tools/jquery.qtip-1.0.0-rc3.min.js HTTP/1.1" 304 -
120.253.135.82 - - [09/Jan/2024:08:23:38 +0800] "GET /xingrg/dwr/interface/AjaxComOrderService.js HTTP/1.1" 200 18264
120.253.135.82 - - [09/Jan/2024:08:23:38 +0800] "GET /xingrg/dwr/engine.js HTTP/1.1" 200 43631
120.253.135.82 - - [09/Jan/2024:08:23:39 +0800] "GET /xingrg/dwr/interface/AjaxQqpsService.js HTTP/1.1" 200 16326
120.253.135.82 - - [09/Jan/2024:08:23:39 +0800] "GET /xingrg/javascript/AjaxInfoList.js HTTP/1.1" 304 -
120.253.135.82 - - [09/Jan/2024:08:23:39 +0800] "GET /xingrg/javascript/Grid.js HTTP/1.1" 304 -
120.253.135.82 - - [09/Jan/2024:08:23:39 +0800] "GET /xingrg/javascript/checkform.js HTTP/1.1" 304 -
120.253.135.82 - - [09/Jan/2024:08:23:39 +0800] "GET /xingrg/javascript/ToolTips.js HTTP/1.1" 304 -
120.253.135.82 - - [09/Jan/2024:08:23:39 +0800] "GET /xingrg/javascript/print/LodopFuncs.js HTTP/1.1" 304 -
120.253.135.82 - - [09/Jan/2024:08:23:39 +0800] "GET /xingrg/javascript/print/kc_print.js HTTP/1.1" 304 -
120.253.135.82 - - [09/Jan/2024:08:23:39 +0800] "GET /xingrg/javascript/jquery_easy_ui/themes/icons/print.png HTTP/1.1" 304 -
120.253.135.82 - - [09/Jan/2024:08:23:39 +0800] "GET /xingrg/javascript/jquery_easy_ui/themes/default/images/menu_downarrow.png HTTP/1.1" 304 -
120.253.135.82 - - [09/Jan/2024:08:23:39 +0800] "GET /xingrg/images/blue/button/kc_tab_save.gif HTTP/1.1" 304 -
120.253.135.82 - - [09/Jan/2024:08:23:39 +0800] "GET /xingrg/images/blue/button/kc_tab_edit.gif HTTP/1.1" 304 -
120.253.135.82 - - [09/Jan/2024:08:23:39 +0800] "GET /xingrg/images/blue/kc_tab_mid.gif HTTP/1.1" 304 -
120.253.135.82 - - [09/Jan/2024:08:23:39 +0800] "GET /xingrg/images/blue/kc_tab_left.gif HTTP/1.1" 304 -
120.253.135.82 - - [09/Jan/2024:08:23:39 +0800] "GET /xingrg/images/blue/kc_tab2_right.gif HTTP/1.1" 304 -
120.253.135.82 - - [09/Jan/2024:08:23:39 +0800] "GET /xingrg/images/blue/kc_tab_right.gif HTTP/1.1" 304 -
120.253.135.82 - - [09/Jan/2024:08:23:39 +0800] "GET /xingrg/images/blue/kc_tab2_left.gif HTTP/1.1" 304 -
120.253.135.82 - - [09/Jan/2024:08:23:39 +0800] "GET /xingrg/images/blue/wait.gif HTTP/1.1" 304 -
120.253.135.82 - - [09/Jan/2024:08:23:39 +0800] "POST /xingrg/dwr/call/plaincall/AjaxQqpsService.loadMaterielItems.dwr HTTP/1.1" 200 2486
120.253.135.82 - - [09/Jan/2024:08:23:43 +0800] "GET /xingrg/all/function/internal_message.html?_=1704759984227&CODE_STATE=getMsg HTTP/1.1" 200 27
120.253.135.82 - - [09/Jan/2024:08:23:44 +0800] "GET /xingrg/javascript/jquery_easy_ui/themes/default/images/button_plain_hover.png HTTP/1.1" 304 -
120.253.135.82 - - [09/Jan/2024:08:23:44 +0800] "GET /xingrg/kc/pszx/mdqp_order_list.html?isBack=1 HTTP/1.1" 302 -
120.253.135.82 - - [09/Jan/2024:08:23:45 +0800] "GET /xingrg/kc/pszx/mdqp_order_list.html?state=10 HTTP/1.1" 200 11164
120.253.135.82 - - [09/Jan/2024:08:23:45 +0800] "GET /xingrg/dwr/interface/AjaxQqpsService.js HTTP/1.1" 200 16326
120.253.135.82 - - [09/Jan/2024:08:23:45 +0800] "GET /xingrg/dwr/interface/AjaxReportQueryService.js HTTP/1.1" 200 13203
120.253.135.82 - - [09/Jan/2024:08:23:45 +0800] "GET /xingrg/dwr/engine.js HTTP/1.1" 200 43631
120.253.135.82 - - [09/Jan/2024:08:23:45 +0800] "GET /xingrg/javascript/jquery_easy_ui/themes/icons/area.png HTTP/1.1" 304 -
120.253.135.82 - - [09/Jan/2024:08:23:45 +0800] "GET /xingrg/javascript/jquery_easy_ui/themes/icons/manage.png HTTP/1.1" 304 -
120.253.135.82 - - [09/Jan/2024:08:23:47 +0800] "GET /xingrg/kc/pszx/mdqp_order_info.html?code=302024010800149 HTTP/1.1" 200 13346
120.253.135.82 - - [09/Jan/2024:08:23:47 +0800] "GET /xingrg/dwr/interface/AjaxComOrderService.js HTTP/1.1" 200 18264
120.253.135.82 - - [09/Jan/2024:08:23:47 +0800] "GET /xingrg/dwr/interface/AjaxQqpsService.js HTTP/1.1" 200 16326
120.253.135.82 - - [09/Jan/2024:08:23:47 +0800] "GET /xingrg/dwr/engine.js HTTP/1.1" 200 43631
120.253.135.82 - - [09/Jan/2024:08:23:47 +0800] "POST /xingrg/dwr/call/plaincall/AjaxQqpsService.loadMaterielItems.dwr HTTP/1.1" 200 3423
116.232.193.168 - - [09/Jan/2024:08:23:59 +0800] "GET /xingrg/all/function/internal_message.html?_=1704759788208&CODE_STATE=getMsg HTTP/1.1" 200 27
221.239.172.206 - - [09/Jan/2024:08:24:03 +0800] "GET /xingrg/all/function/internal_message.html?_=1704759842959&CODE_STATE=getMsg HTTP/1.1" 200 27
114.95.241.104 - - [09/Jan/2024:08:24:25 +0800] "GET /xingrg/all/function/internal_message.html?_=1704759865956&CODE_STATE=getMsg HTTP/1.1" 200 27
114.95.241.104 - - [09/Jan/2024:08:24:25 +0800] "GET /xingrg/check_reg.html?_=1704759865960 HTTP/1.1" 200 22
120.253.135.82 - - [09/Jan/2024:08:24:30 +0800] "GET /xingrg/all/function/internal_message.html?_=1704759689809&CODE_STATE=getMsg HTTP/1.1" 200 27
180.171.56.87 - - [09/Jan/2024:08:24:34 +0800] "GET /xingrg/all/function/internal_message.html?_=1704759875624&CODE_STATE=getMsg HTTP/1.1" 200 27
124.77.240.111 - - [09/Jan/2024:08:24:35 +0800] "GET /xingrg/all/function/internal_message.html?_=1704759882614&CODE_STATE=getMsg HTTP/1.1" 200 27
114.95.241.104 - - [09/Jan/2024:08:24:36 +0800] "GET /xingrg/kc/buy/cgsh_order_operate.html?command=get_materiel&rest_code=00150&code=00101008337&supplier_code=00100008&order_time=2024-01-09 HTTP/1.1" 200 408
124.78.68.102 - - [09/Jan/2024:08:24:38 +0800] "GET /xingrg/all/function/internal_message.html?_=1704759878868&CODE_STATE=getMsg HTTP/1.1" 200 27
120.253.135.82 - - [09/Jan/2024:08:24:39 +0800] "GET /xingrg/kc/pszx/jzcl_ps.html HTTP/1.1" 200 7683
120.253.135.82 - - [09/Jan/2024:08:24:40 +0800] "POST /xingrg/all/common/load_tree.html?tree=area_rest_tree_json HTTP/1.1" 200 3624
120.253.135.82 - - [09/Jan/2024:08:24:40 +0800] "POST /xingrg/kc/pszx/jzcl_ps_operate.html HTTP/1.1" 200 975
120.253.135.82 - - [09/Jan/2024:08:24:40 +0800] "POST /xingrg/kc/pszx/jzcl_ps_operate.html HTTP/1.1" 200 975
120.253.135.82 - - [09/Jan/2024:08:24:43 +0800] "GET /xingrg/all/function/internal_message.html?_=1704760044536&CODE_STATE=getMsg HTTP/1.1" 200 27
120.253.135.82 - - [09/Jan/2024:08:24:47 +0800] "POST /xingrg/kc/pszx/jzcl_ps_operate.html HTTP/1.1" 200 4
114.95.241.104 - - [09/Jan/2024:08:24:47 +0800] "GET /xingrg/kc/buy/cgsh_order_operate.html?command=get_materiel&rest_code=00150&code=00101008210&supplier_code=00100008&order_time=2024-01-09 HTTP/1.1" 200 408
120.253.135.82 - - [09/Jan/2024:08:24:49 +0800] "POST /xingrg/kc/pszx/jzcl_ps_operate.html HTTP/1.1" 200 488
120.253.135.82 - - [09/Jan/2024:08:24:49 +0800] "GET /xingrg/kc/pszx/mdps_order_list.html HTTP/1.1" 200 21036
120.253.135.82 - - [09/Jan/2024:08:24:49 +0800] "POST /xingrg/kc/pszx/mdps_list_operate.html HTTP/1.1" 200 5308
120.253.135.82 - - [09/Jan/2024:08:24:53 +0800] "POST /xingrg/kc/pszx/mdps_list_operate.html HTTP/1.1" 200 649
120.253.135.82 - - [09/Jan/2024:08:24:53 +0800] "GET /xingrg/kc/pszx/mdps_order_info.html?code=312024010900231 HTTP/1.1" 200 23976
120.253.135.82 - - [09/Jan/2024:08:24:53 +0800] "GET /xingrg/javascript/easyui/themes/default/validatebox.css HTTP/1.1" 404 1104
120.253.135.82 - - [09/Jan/2024:08:24:54 +0800] "GET /xingrg/all/common/auto_word.html?type=base&rest_code=00101 HTTP/1.1" 200 671
120.253.135.82 - - [09/Jan/2024:08:24:54 +0800] "POST /xingrg/kc/pszx/mdps_order_operate.html HTTP/1.1" 200 5800
114.95.241.104 - - [09/Jan/2024:08:24:55 +0800] "GET /xingrg/kc/buy/cgsh_order_operate.html?command=get_materiel&rest_code=00150&code=00101008027&supplier_code=00100008&order_time=2024-01-09 HTTP/1.1" 200 408
120.253.135.82 - - [09/Jan/2024:08:24:57 +0800] "POST /xingrg/kc/pszx/mdps_order_operate.html HTTP/1.1" 200 37
116.232.193.168 - - [09/Jan/2024:08:24:59 +0800] "GET /xingrg/all/function/internal_message.html?_=1704759848184&CODE_STATE=getMsg HTTP/1.1" 200 27
116.232.193.168 - - [09/Jan/2024:08:25:02 +0800] "GET /xingrg/check_reg.html?_=1704759850891 HTTP/1.1" 200 22
221.239.172.206 - - [09/Jan/2024:08:25:03 +0800] "GET /xingrg/all/function/internal_message.html?_=1704759902932&CODE_STATE=getMsg HTTP/1.1" 200 27
114.95.241.104 - - [09/Jan/2024:08:25:05 +0800] "GET /xingrg/kc/buy/cgsh_order_operate.html?command=get_materiel&rest_code=00150&code=00101008037&supplier_code=00100008&order_time=2024-01-09 HTTP/1.1" 200 415
114.95.241.104 - - [09/Jan/2024:08:25:25 +0800] "GET /xingrg/all/function/internal_message.html?_=1704759925946&CODE_STATE=getMsg HTTP/1.1" 200 27
120.253.135.82 - - [09/Jan/2024:08:25:28 +0800] "GET /xingrg/kc/pszx/mdps_order_info.html?code=312024010900231 HTTP/1.1" 200 23976
120.253.135.82 - - [09/Jan/2024:08:25:28 +0800] "GET /xingrg/javascript/easyui/themes/default/validatebox.css HTTP/1.1" 404 1104
120.253.135.82 - - [09/Jan/2024:08:25:28 +0800] "GET /xingrg/all/common/auto_word.html?type=base&rest_code=00101 HTTP/1.1" 200 671
120.253.135.82 - - [09/Jan/2024:08:25:28 +0800] "POST /xingrg/kc/pszx/mdps_order_operate.html HTTP/1.1" 200 5864
120.253.135.82 - - [09/Jan/2024:08:25:30 +0800] "GET /xingrg/all/function/internal_message.html?_=1704759749825&CODE_STATE=getMsg HTTP/1.1" 200 27
114.95.241.104 - - [09/Jan/2024:08:25:33 +0800] "GET /xingrg/kc/buy/cgsh_order_operate.html?command=get_materiel&rest_code=00150&code=00101008331&supplier_code=00100008&order_time=2024-01-09 HTTP/1.1" 200 416
180.171.56.87 - - [09/Jan/2024:08:25:34 +0800] "GET /xingrg/check_reg.html?_=1704759935631 HTTP/1.1" 200 22
180.171.56.87 - - [09/Jan/2024:08:25:34 +0800] "GET /xingrg/all/function/internal_message.html?_=1704759935627&CODE_STATE=getMsg HTTP/1.1" 200 27
124.77.240.111 - - [09/Jan/2024:08:25:35 +0800] "GET /xingrg/all/function/internal_message.html?_=1704759942733&CODE_STATE=getMsg HTTP/1.1" 200 27
124.78.68.102 - - [09/Jan/2024:08:25:38 +0800] "GET /xingrg/all/function/internal_message.html?_=1704759938840&CODE_STATE=getMsg HTTP/1.1" 200 27
120.253.135.82 - - [09/Jan/2024:08:25:43 +0800] "GET /xingrg/all/function/internal_message.html?_=1704760104240&CODE_STATE=getMsg HTTP/1.1" 200 27
114.95.241.104 - - [09/Jan/2024:08:25:47 +0800] "GET /xingrg/kc/buy/cgsh_order_operate.html?command=get_materiel&rest_code=00150&code=00101008350&supplier_code=00100008&order_time=2024-01-09 HTTP/1.1" 200 408
120.253.135.82 - - [09/Jan/2024:08:25:51 +0800] "GET /xingrg/kc/pszx/jzcl_ps.html HTTP/1.1" 200 7683
120.253.135.82 - - [09/Jan/2024:08:25:51 +0800] "POST /xingrg/all/common/load_tree.html?tree=area_rest_tree_json HTTP/1.1" 200 3624
120.253.135.82 - - [09/Jan/2024:08:25:52 +0800] "POST /xingrg/kc/pszx/jzcl_ps_operate.html HTTP/1.1" 200 488
120.253.135.82 - - [09/Jan/2024:08:25:52 +0800] "POST /xingrg/kc/pszx/jzcl_ps_operate.html HTTP/1.1" 200 488
116.232.193.168 - - [09/Jan/2024:08:25:59 +0800] "GET /xingrg/all/function/internal_message.html?_=1704759908166&CODE_STATE=getMsg HTTP/1.1" 200 27
221.239.172.206 - - [09/Jan/2024:08:26:03 +0800] "GET /xingrg/all/function/internal_message.html?_=1704759962904&CODE_STATE=getMsg HTTP/1.1" 200 27
120.253.135.82 - - [09/Jan/2024:08:26:10 +0800] "POST /xingrg/kc/pszx/jzcl_ps_operate.html HTTP/1.1" 200 4
124.77.240.111 - - [09/Jan/2024:08:26:16 +0800] "GET /xingrg/check_reg.html?_=1704759984189 HTTP/1.1" 200 22
120.253.135.82 - - [09/Jan/2024:08:26:23 +0800] "POST /xingrg/kc/pszx/jzcl_ps_operate.html HTTP/1.1" 200 21
120.253.135.82 - - [09/Jan/2024:08:26:23 +0800] "GET /xingrg/kc/pszx/mdps_order_list.html HTTP/1.1" 200 21036
