180.152.241.32 - - [09/Jan/2024:09:34:28 +0800] "GET /xingrg/all/report/report_query.html?isQuery=1&fileName=kc/buy/wlcg_cate_hz.xml&queryString=(CONVERT(char(16)%2Ca.order_time%2C%20120)%3E%3D'2023-05-09%2009%3A33')%20and%20(CONVERT(char(10)%2Ca.order_time%2C%20120)%3C%3D'2024-01-31')%20and%20(a.base_code%20in%20('0010477'))%20and%20(a.supplier_code%20in%20('00100073'))%20and%20(a.supplier_code%3D'00100073')%20and%20(a.base_code%3D'0010477')&queryText=%E3%80%90%E9%87%87%E8%B4%AD%E6%97%A5%E6%9C%9F%3A2023-05-09%2009%3A33%20%E8%87%B3%202024-01-31%E3%80%91%20%E5%B9%B6%E4%B8%94%20%20%E3%80%90%E6%9F%A5%E8%AF%A2%E4%BB%93%E5%BA%93%20%3D%20%E7%89%A9%E6%96%99%E4%BB%93%E5%BA%93%E3%80%91%20%E5%B9%B6%E4%B8%94%20%20%E3%80%90%E4%BE%9B%E5%BA%94%E5%95%86%20%3D%20%E7%BA%A2%E8%9C%98%E8%9B%9B%EF%BC%88%E5%91%A8%E8%BE%89%E8%8B%B1%EF%BC%89%E3%80%91%20%E5%B9%B6%E4%B8%94%20%E3%80%90%E4%BE%9B%E5%BA%94%E5%95%86%3D%E7%BA%A2%E8%9C%98%E8%9B%9B%EF%BC%88%E5%91%A8%E8%BE%89%E8%8B%B1%EF%BC%89%E3%80%91%E5%B9%B6%E4%B8%94%E3%80%90%E4%BB%93%E5%BA%93%E5%90%8D%E7%A7%B0%20%3D%20%E7%89%A9%E6%96%99%E4%BB%93%E5%BA%93%E3%80%91&rand=0.35780685563082814 HTTP/1.1" 200 54666
180.152.241.32 - - [09/Jan/2024:09:34:28 +0800] "GET /xingrg/dwr/interface/AjaxReportQueryService.js HTTP/1.1" 200 13203
180.152.241.32 - - [09/Jan/2024:09:34:28 +0800] "GET /xingrg/dwr/engine.js HTTP/1.1" 200 43631
180.152.241.32 - - [09/Jan/2024:09:34:31 +0800] "POST /xingrg/all/report/load_report_page.html HTTP/1.1" 200 8720
180.152.241.32 - - [09/Jan/2024:09:34:31 +0800] "GET /xingrg/servlets/image?cache=0.46610881724857745&image=px HTTP/1.1" 200 807
180.152.241.32 - - [09/Jan/2024:09:34:31 +0800] "POST /xingrg/all/report/load_report_page.html HTTP/1.1" 200 36698
180.152.241.32 - - [09/Jan/2024:09:34:31 +0800] "GET /xingrg/servlets/image?cache=0.40295857194544005&image=px HTTP/1.1" 200 807
222.70.180.200 - - [09/Jan/2024:09:34:32 +0800] "GET /xingrg/kc/buy/cgsh_order_operate.html?command=get_materiel&rest_code=00111&code=00101006062&supplier_code=00100012&order_time=2024-01-09 HTTP/1.1" 200 409
101.83.145.37 - - [09/Jan/2024:09:34:33 +0800] "GET /xingrg/all/function/internal_message.html?_=1704763840423&CODE_STATE=getMsg HTTP/1.1" 200 27
218.81.65.124 - - [09/Jan/2024:09:34:34 +0800] "GET /favicon.ico HTTP/1.1" 404 -
180.171.56.87 - - [09/Jan/2024:09:34:34 +0800] "GET /xingrg/all/function/internal_message.html?_=1704764075712&CODE_STATE=getMsg HTTP/1.1" 200 27
114.83.221.243 - - [09/Jan/2024:09:34:36 +0800] "GET /xingrg/kc/buy/cgsh_order_operate.html?command=get_materiel&rest_code=00149&code=00101006057&supplier_code=00100096&order_time=2024-01-09 HTTP/1.1" 200 413
124.78.68.102 - - [09/Jan/2024:09:34:37 +0800] "GET /xingrg/all/function/internal_message.html?_=1704764077602&CODE_STATE=getMsg HTTP/1.1" 200 27
101.228.146.191 - - [09/Jan/2024:09:34:37 +0800] "GET /xingrg/all/function/internal_message.html?_=1704764076100&CODE_STATE=getMsg HTTP/1.1" 200 27
124.77.240.111 - - [09/Jan/2024:09:34:39 +0800] "GET /xingrg/all/function/internal_message.html?_=1704764087232&CODE_STATE=getMsg HTTP/1.1" 200 27
124.78.68.102 - - [09/Jan/2024:09:34:39 +0800] "GET /xingrg/kc/buy/cgsh_order_operate.html?command=get_materiel&rest_code=00141&code=00101008403&supplier_code=00100007&order_time=2024-01-09 HTTP/1.1" 200 412
222.69.133.109 - - [09/Jan/2024:09:34:44 +0800] "GET /xingrg/all/function/internal_message.html?_=1704764086294&CODE_STATE=getMsg HTTP/1.1" 200 27
114.95.241.104 - - [09/Jan/2024:09:34:45 +0800] "POST /xingrg/kc/buy/cgsh_order_operate.html HTTP/1.1" 200 37
222.70.115.1 - - [09/Jan/2024:09:34:45 +0800] "GET /xingrg/all/function/internal_message.html?_=1704764087783&CODE_STATE=getMsg HTTP/1.1" 200 27
180.164.1.25 - - [09/Jan/2024:09:34:46 +0800] "GET /xingrg/all/function/internal_message.html?_=1704764085718&CODE_STATE=getMsg HTTP/1.1" 200 27
114.95.241.104 - - [09/Jan/2024:09:34:48 +0800] "GET /xingrg/check_reg.html?_=1704764088839 HTTP/1.1" 200 22
114.95.241.104 - - [09/Jan/2024:09:34:48 +0800] "GET /xingrg/all/function/internal_message.html?_=1704764088843&CODE_STATE=getMsg HTTP/1.1" 200 27
124.78.68.102 - - [09/Jan/2024:09:34:49 +0800] "GET /xingrg/kc/buy/cgsh_order_operate.html?command=get_materiel&rest_code=00141&code=00101008210&supplier_code=00100007&order_time=2024-01-09 HTTP/1.1" 200 408
114.83.221.243 - - [09/Jan/2024:09:34:50 +0800] "GET /xingrg/all/function/internal_message.html?_=1704764090196&CODE_STATE=getMsg HTTP/1.1" 200 27
222.70.180.200 - - [09/Jan/2024:09:34:51 +0800] "GET /xingrg/kc/buy/cgsh_order_operate.html?command=get_materiel&rest_code=00111&code=00101006111&supplier_code=00100012&order_time=2024-01-09 HTTP/1.1" 200 409
120.253.135.82 - - [09/Jan/2024:09:34:51 +0800] "GET /xingrg/all/function/internal_message.html?_=1704764252423&CODE_STATE=getMsg HTTP/1.1" 200 27
114.83.221.243 - - [09/Jan/2024:09:34:52 +0800] "GET /xingrg/kc/buy/cgsh_order_operate.html?command=get_materiel&rest_code=00149&code=00101006062&supplier_code=00100096&order_time=2024-01-09 HTTP/1.1" 200 411
114.95.241.104 - - [09/Jan/2024:09:34:54 +0800] "POST /xingrg/kc/buy/cgsh_order_operate.html HTTP/1.1" 200 12
114.95.241.104 - - [09/Jan/2024:09:34:57 +0800] "GET /xingrg/kc/buy/cgsh_order_info.html?code=212024010903265 HTTP/1.1" 200 67861
114.95.241.104 - - [09/Jan/2024:09:34:57 +0800] "GET /xingrg/javascript/easyui/themes/default/validatebox.css HTTP/1.1" 404 1104
116.232.193.168 - - [09/Jan/2024:09:34:58 +0800] "GET /xingrg/all/function/internal_message.html?_=1704764047000&CODE_STATE=getMsg HTTP/1.1" 200 27
114.95.241.104 - - [09/Jan/2024:09:34:58 +0800] "POST /xingrg/kc/buy/cgsh_order_operate.html HTTP/1.1" 200 6536
114.95.241.104 - - [09/Jan/2024:09:35:01 +0800] "GET /xingrg/kc/print/load_data.html?order_code=212024010903265&kc_code=cgsh&condition= HTTP/1.1" 200 3034
221.239.172.206 - - [09/Jan/2024:09:35:01 +0800] "GET /xingrg/all/function/internal_message.html?_=1704764101497&CODE_STATE=getMsg HTTP/1.1" 200 27
116.232.193.168 - - [09/Jan/2024:09:35:02 +0800] "GET /xingrg/check_reg.html?_=1704764050732 HTTP/1.1" 200 22
222.70.180.200 - - [09/Jan/2024:09:35:03 +0800] "GET /xingrg/kc/buy/cgsh_order_operate.html?command=get_materiel&rest_code=00111&code=00101006057&supplier_code=00100012&order_time=2024-01-09 HTTP/1.1" 200 413
222.70.180.200 - - [09/Jan/2024:09:35:05 +0800] "GET /xingrg/all/function/internal_message.html?_=1704764104813&CODE_STATE=getMsg HTTP/1.1" 200 27
124.78.68.102 - - [09/Jan/2024:09:35:05 +0800] "POST /xingrg/kc/buy/cgsh_order_operate.html HTTP/1.1" 200 2065
124.78.154.219 - - [09/Jan/2024:09:35:11 +0800] "GET /xingrg/all/function/internal_message.html?_=1704764110470&CODE_STATE=getMsg HTTP/1.1" 200 27
222.70.180.200 - - [09/Jan/2024:09:35:15 +0800] "GET /xingrg/kc/buy/cgsh_order_operate.html?command=get_materiel&rest_code=00111&code=00101006087&supplier_code=00100012&order_time=2024-01-09 HTTP/1.1" 200 409
180.152.241.32 - - [09/Jan/2024:09:35:20 +0800] "GET /xingrg/all/function/internal_message.html?_=1704764120866&CODE_STATE=getMsg HTTP/1.1" 200 27
114.95.241.104 - - [09/Jan/2024:09:35:22 +0800] "GET /xingrg/check_reg.html?_=1704764121841 HTTP/1.1" 200 22
114.83.221.243 - - [09/Jan/2024:09:35:22 +0800] "GET /xingrg/kc/buy/cgsh_order_operate.html?command=get_materiel&rest_code=00149&code=00101007059&supplier_code=00100096&order_time=2024-01-09 HTTP/1.1" 200 411
114.95.241.104 - - [09/Jan/2024:09:35:22 +0800] "GET /xingrg/all/function/internal_message.html?_=1704764121843&CODE_STATE=getMsg HTTP/1.1" 200 27
180.152.241.32 - - [09/Jan/2024:09:35:22 +0800] "GET /xingrg/all/report/report_query.html?fileName=kc/buy/gys_amount_base.xml&rh=99999 HTTP/1.1" 200 51871
180.152.241.32 - - [09/Jan/2024:09:35:22 +0800] "GET /xingrg/dwr/interface/AjaxReportQueryService.js HTTP/1.1" 200 13203
180.152.241.32 - - [09/Jan/2024:09:35:22 +0800] "GET /xingrg/dwr/engine.js HTTP/1.1" 200 43631
180.152.241.32 - - [09/Jan/2024:09:35:22 +0800] "POST /xingrg/dwr/call/plaincall/AjaxReportQueryService.getFixDate.dwr HTTP/1.1" 200 111
180.152.241.32 - - [09/Jan/2024:09:35:22 +0800] "POST /xingrg/dwr/call/plaincall/AjaxReportQueryService.getInitString.dwr HTTP/1.1" 200 1035
180.152.241.32 - - [09/Jan/2024:09:35:23 +0800] "POST /xingrg/all/common/load_tree.html?tree=supplier_tree_json&manage=1 HTTP/1.1" 200 79575
180.152.241.32 - - [09/Jan/2024:09:35:23 +0800] "POST /xingrg/all/common/load_tree.html?tree=materiel_sort_tree_json HTTP/1.1" 200 9617
222.70.180.200 - - [09/Jan/2024:09:35:30 +0800] "POST /xingrg/kc/buy/cgsh_order_operate.html HTTP/1.1" 200 37
124.78.68.102 - - [09/Jan/2024:09:35:30 +0800] "GET /xingrg/kc/buy/cgsh_order_operate.html?command=get_materiel&rest_code=00141&code=00101008355&supplier_code=00100007&order_time=2024-01-09 HTTP/1.1" 200 429
101.83.145.37 - - [09/Jan/2024:09:35:33 +0800] "GET /xingrg/all/function/internal_message.html?_=1704763900423&CODE_STATE=getMsg HTTP/1.1" 200 27
180.171.56.87 - - [09/Jan/2024:09:35:34 +0800] "GET /xingrg/check_reg.html?_=1704764135717 HTTP/1.1" 200 22
180.171.56.87 - - [09/Jan/2024:09:35:34 +0800] "GET /xingrg/all/function/internal_message.html?_=1704764135713&CODE_STATE=getMsg HTTP/1.1" 200 27
124.78.68.102 - - [09/Jan/2024:09:35:37 +0800] "GET /xingrg/all/function/internal_message.html?_=1704764137567&CODE_STATE=getMsg HTTP/1.1" 200 27
101.228.146.191 - - [09/Jan/2024:09:35:37 +0800] "GET /xingrg/all/function/internal_message.html?_=1704764136103&CODE_STATE=getMsg HTTP/1.1" 200 27
124.77.240.111 - - [09/Jan/2024:09:35:39 +0800] "GET /xingrg/all/function/internal_message.html?_=1704764147365&CODE_STATE=getMsg HTTP/1.1" 200 27
124.78.68.102 - - [09/Jan/2024:09:35:40 +0800] "GET /xingrg/kc/buy/cgsh_order_operate.html?command=get_materiel&rest_code=00141&code=00101008024&supplier_code=00100007&order_time=2024-01-09 HTTP/1.1" 200 428
180.164.1.25 - - [09/Jan/2024:09:35:42 +0800] "GET /xingrg/check_reg.html?_=1704764141124 HTTP/1.1" 200 22
222.69.133.109 - - [09/Jan/2024:09:35:44 +0800] "GET /xingrg/all/function/internal_message.html?_=1704764146303&CODE_STATE=getMsg HTTP/1.1" 200 27
114.83.221.243 - - [09/Jan/2024:09:35:45 +0800] "POST /xingrg/kc/buy/cgsh_order_operate.html HTTP/1.1" 200 37
222.70.115.1 - - [09/Jan/2024:09:35:45 +0800] "GET /xingrg/check_reg.html?_=1704764147770 HTTP/1.1" 200 22
222.70.115.1 - - [09/Jan/2024:09:35:45 +0800] "GET /xingrg/all/function/internal_message.html?_=1704764147773&CODE_STATE=getMsg HTTP/1.1" 200 27
180.164.1.25 - - [09/Jan/2024:09:35:46 +0800] "GET /xingrg/all/function/internal_message.html?_=1704764145703&CODE_STATE=getMsg HTTP/1.1" 200 27
120.253.135.82 - - [09/Jan/2024:09:35:48 +0800] "GET /xingrg/check_reg.html?_=1704764309423 HTTP/1.1" 200 22
114.95.241.104 - - [09/Jan/2024:09:35:48 +0800] "GET /xingrg/all/function/internal_message.html?_=1704764148834&CODE_STATE=getMsg HTTP/1.1" 200 27
114.83.221.243 - - [09/Jan/2024:09:35:50 +0800] "GET /xingrg/all/function/internal_message.html?_=1704764150198&CODE_STATE=getMsg HTTP/1.1" 200 27
180.152.241.32 - - [09/Jan/2024:09:35:51 +0800] "POST /xingrg/dwr/call/plaincall/AjaxReportQueryService.refreshCache.dwr HTTP/1.1" 200 78
222.70.180.200 - - [09/Jan/2024:09:35:51 +0800] "POST /xingrg/kc/buy/cgsh_order_operate.html HTTP/1.1" 200 12
120.253.135.82 - - [09/Jan/2024:09:35:52 +0800] "GET /xingrg/all/function/internal_message.html?_=1704764313429&CODE_STATE=getMsg HTTP/1.1" 200 27
180.152.241.32 - - [09/Jan/2024:09:35:54 +0800] "POST /xingrg/all/report/load_report_page.html HTTP/1.1" 200 7303
180.152.241.32 - - [09/Jan/2024:09:35:54 +0800] "GET /xingrg/servlets/image?cache=0.8508756434813494&image=px HTTP/1.1" 200 807
114.83.221.243 - - [09/Jan/2024:09:35:56 +0800] "POST /xingrg/kc/buy/cgsh_order_operate.html HTTP/1.1" 200 12
222.70.115.1 - - [09/Jan/2024:09:35:57 +0800] "POST /xingrg/services/DataTransmitService HTTP/1.1" 200 524
222.70.180.200 - - [09/Jan/2024:09:35:57 +0800] "GET /xingrg/kc/buy/cgsh_order_info.html?code=212024010903267 HTTP/1.1" 200 67759
222.70.180.200 - - [09/Jan/2024:09:35:57 +0800] "GET /xingrg/javascript/easyui/themes/default/validatebox.css HTTP/1.1" 404 1104
116.232.193.168 - - [09/Jan/2024:09:35:58 +0800] "GET /xingrg/all/function/internal_message.html?_=1704764107000&CODE_STATE=getMsg HTTP/1.1" 200 27
222.70.180.200 - - [09/Jan/2024:09:35:58 +0800] "POST /xingrg/kc/buy/cgsh_order_operate.html HTTP/1.1" 200 4770
221.239.172.206 - - [09/Jan/2024:09:36:01 +0800] "GET /xingrg/all/function/internal_message.html?_=1704764161486&CODE_STATE=getMsg HTTP/1.1" 200 27
222.70.180.200 - - [09/Jan/2024:09:36:02 +0800] "GET /xingrg/kc/print/load_data.html?order_code=212024010903267&kc_code=cgsh&condition= HTTP/1.1" 200 2394
180.152.241.32 - - [09/Jan/2024:09:36:03 +0800] "GET /xingrg/all/report/report_query.html?isQuery=1&fileName=kc/buy/wlcg_cate_hz.xml&queryString=(CONVERT(char(16)%2Ca.order_time%2C%20120)%3E%3D'2023-06-09%2009%3A35')%20and%20(CONVERT(char(10)%2Ca.order_time%2C%20120)%3C%3D'2024-01-31')%20and%20(a.base_code%20in%20('0010492'))%20and%20(a.supplier_code%20in%20('00100073'))%20and%20(a.supplier_code%3D'00100073')%20and%20(a.base_code%3D'0010492')&queryText=%E3%80%90%E9%87%87%E8%B4%AD%E6%97%A5%E6%9C%9F%3A2023-06-09%2009%3A35%20%E8%87%B3%202024-01-31%E3%80%91%20%E5%B9%B6%E4%B8%94%20%20%E3%80%90%E6%9F%A5%E8%AF%A2%E4%BB%93%E5%BA%93%20%3D%20%E6%A5%BC%E9%9D%A2%E3%80%91%20%E5%B9%B6%E4%B8%94%20%20%E3%80%90%E4%BE%9B%E5%BA%94%E5%95%86%20%3D%20%E7%BA%A2%E8%9C%98%E8%9B%9B%EF%BC%88%E5%91%A8%E8%BE%89%E8%8B%B1%EF%BC%89%E3%80%91%20%E5%B9%B6%E4%B8%94%20%E3%80%90%E4%BE%9B%E5%BA%94%E5%95%86%3D%E7%BA%A2%E8%9C%98%E8%9B%9B%EF%BC%88%E5%91%A8%E8%BE%89%E8%8B%B1%EF%BC%89%E3%80%91%E5%B9%B6%E4%B8%94%E3%80%90%E4%BB%93%E5%BA%93%E5%90%8D%E7%A7%B0%20%3D%20%E6%A5%BC%E9%9D%A2%E3%80%91&rand=0.11623742992552821 HTTP/1.1" 200 54650
180.152.241.32 - - [09/Jan/2024:09:36:03 +0800] "GET /xingrg/all/report/report_query.html?isQuery=1&fileName=kc/buy/wlcg_cate_hz.xml&queryString=(CONVERT(char(16)%2Ca.order_time%2C%20120)%3E%3D'2023-06-09%2009%3A35')%20and%20(CONVERT(char(10)%2Ca.order_time%2C%20120)%3C%3D'2024-01-31')%20and%20(a.base_code%20in%20('0010492'))%20and%20(a.supplier_code%20in%20('00100073'))%20and%20(a.supplier_code%3D'00100073')%20and%20(a.base_code%3D'0010492')&queryText=%E3%80%90%E9%87%87%E8%B4%AD%E6%97%A5%E6%9C%9F%3A2023-06-09%2009%3A35%20%E8%87%B3%202024-01-31%E3%80%91%20%E5%B9%B6%E4%B8%94%20%20%E3%80%90%E6%9F%A5%E8%AF%A2%E4%BB%93%E5%BA%93%20%3D%20%E6%A5%BC%E9%9D%A2%E3%80%91%20%E5%B9%B6%E4%B8%94%20%20%E3%80%90%E4%BE%9B%E5%BA%94%E5%95%86%20%3D%20%E7%BA%A2%E8%9C%98%E8%9B%9B%EF%BC%88%E5%91%A8%E8%BE%89%E8%8B%B1%EF%BC%89%E3%80%91%20%E5%B9%B6%E4%B8%94%20%E3%80%90%E4%BE%9B%E5%BA%94%E5%95%86%3D%E7%BA%A2%E8%9C%98%E8%9B%9B%EF%BC%88%E5%91%A8%E8%BE%89%E8%8B%B1%EF%BC%89%E3%80%91%E5%B9%B6%E4%B8%94%E3%80%90%E4%BB%93%E5%BA%93%E5%90%8D%E7%A7%B0%20%3D%20%E6%A5%BC%E9%9D%A2%E3%80%91&rand=0.11623742992552821 HTTP/1.1" 200 54650
180.152.241.32 - - [09/Jan/2024:09:36:03 +0800] "GET /xingrg/dwr/interface/AjaxReportQueryService.js HTTP/1.1" 200 13203
180.152.241.32 - - [09/Jan/2024:09:36:03 +0800] "GET /xingrg/dwr/engine.js HTTP/1.1" 200 43631
114.83.221.243 - - [09/Jan/2024:09:36:04 +0800] "GET /xingrg/kc/buy/cgsh_order_info.html?code=212024010903268 HTTP/1.1" 200 67881
114.83.221.243 - - [09/Jan/2024:09:36:04 +0800] "GET /xingrg/javascript/easyui/themes/default/validatebox.css HTTP/1.1" 404 1104
180.152.241.32 - - [09/Jan/2024:09:36:05 +0800] "POST /xingrg/all/report/load_report_page.html HTTP/1.1" 200 8709
180.152.241.32 - - [09/Jan/2024:09:36:05 +0800] "GET /xingrg/servlets/image?cache=0.5755740478752411&image=px HTTP/1.1" 200 807
222.70.180.200 - - [09/Jan/2024:09:36:05 +0800] "GET /xingrg/all/function/internal_message.html?_=1704764164797&CODE_STATE=getMsg HTTP/1.1" 200 27
114.83.221.243 - - [09/Jan/2024:09:36:05 +0800] "POST /xingrg/kc/buy/cgsh_order_operate.html HTTP/1.1" 200 2971
180.152.241.32 - - [09/Jan/2024:09:36:06 +0800] "POST /xingrg/all/report/load_report_page.html HTTP/1.1" 200 13030
180.152.241.32 - - [09/Jan/2024:09:36:06 +0800] "GET /xingrg/servlets/image?cache=0.3660914372880405&image=px HTTP/1.1" 200 807
114.83.221.243 - - [09/Jan/2024:09:36:07 +0800] "GET /xingrg/kc/print/load_data.html?order_code=212024010903268&kc_code=cgsh&condition= HTTP/1.1" 200 1577
124.78.154.219 - - [09/Jan/2024:09:36:11 +0800] "GET /xingrg/all/function/internal_message.html?_=1704764170471&CODE_STATE=getMsg HTTP/1.1" 200 27
114.83.221.243 - - [09/Jan/2024:09:36:12 +0800] "GET /xingrg/kc/buy/cgsh_order_add.html HTTP/1.1" 200 72982
114.83.221.243 - - [09/Jan/2024:09:36:12 +0800] "POST /xingrg/kc/buy/cgsh_order_operate.html HTTP/1.1" 200 8245
114.83.221.243 - - [09/Jan/2024:09:36:12 +0800] "GET /xingrg/javascript/easyui/themes/default/validatebox.css HTTP/1.1" 404 1104
124.78.68.102 - - [09/Jan/2024:09:36:15 +0800] "POST /xingrg/kc/buy/cgsh_order_operate.html HTTP/1.1" 200 37
124.77.240.111 - - [09/Jan/2024:09:36:16 +0800] "GET /xingrg/check_reg.html?_=1704764184265 HTTP/1.1" 200 22
180.152.241.32 - - [09/Jan/2024:09:36:18 +0800] "GET /xingrg/kc/buy/cgsh_order_list.html HTTP/1.1" 200 57112
124.78.68.102 - - [09/Jan/2024:09:36:19 +0800] "POST /xingrg/kc/buy/cgsh_order_operate.html HTTP/1.1" 200 30445
180.152.241.32 - - [09/Jan/2024:09:36:20 +0800] "GET /xingrg/all/function/internal_message.html?_=1704764180849&CODE_STATE=getMsg HTTP/1.1" 200 27
180.152.241.32 - - [09/Jan/2024:09:36:21 +0800] "POST /xingrg/kc/buy/cgsh_list_operate.html HTTP/1.1" 200 986
114.95.241.104 - - [09/Jan/2024:09:36:22 +0800] "GET /xingrg/all/function/internal_message.html?_=1704764181842&CODE_STATE=getMsg HTTP/1.1" 200 27
114.83.221.243 - - [09/Jan/2024:09:36:22 +0800] "GET /xingrg/kc/buy/cgsh_order_operate.html?command=get_materiel&rest_code=00149&code=00101011003&supplier_code=00100051&order_time=2024-01-09 HTTP/1.1" 200 413
180.152.241.32 - - [09/Jan/2024:09:36:23 +0800] "GET /xingrg/kc/buy/cgsh_order_add.html HTTP/1.1" 200 72929
180.152.241.32 - - [09/Jan/2024:09:36:23 +0800] "POST /xingrg/kc/buy/cgsh_order_operate.html HTTP/1.1" 200 8245
180.152.241.32 - - [09/Jan/2024:09:36:23 +0800] "GET /xingrg/javascript/easyui/themes/default/validatebox.css HTTP/1.1" 404 1104
124.78.68.102 - - [09/Jan/2024:09:36:26 +0800] "POST /xingrg/kc/buy/cgsh_list_operate.html HTTP/1.1" 200 1869
124.78.68.102 - - [09/Jan/2024:09:36:26 +0800] "POST /xingrg/kc/buy/cgsh_list_operate.html HTTP/1.1" 200 1869
124.78.68.102 - - [09/Jan/2024:09:36:27 +0800] "POST /xingrg/kc/buy/cgsh_order_operate.html HTTP/1.1" 200 8245
124.78.68.102 - - [09/Jan/2024:09:36:27 +0800] "GET /xingrg/javascript/easyui/themes/default/validatebox.css HTTP/1.1" 404 1104
180.152.241.32 - - [09/Jan/2024:09:36:31 +0800] "GET /xingrg/javascript/easyui/themes/default/tree.css HTTP/1.1" 404 1090
180.152.241.32 - - [09/Jan/2024:09:36:31 +0800] "POST /xingrg/all/common/load_tree.html?tree=supplier_tree_json&isDelete=1 HTTP/1.1" 200 77165
101.83.145.37 - - [09/Jan/2024:09:36:33 +0800] "GET /xingrg/all/function/internal_message.html?_=1704763960423&CODE_STATE=getMsg HTTP/1.1" 200 27
180.171.56.87 - - [09/Jan/2024:09:36:34 +0800] "GET /xingrg/all/function/internal_message.html?_=1704764195724&CODE_STATE=getMsg HTTP/1.1" 200 27
124.78.68.102 - - [09/Jan/2024:09:36:37 +0800] "GET /xingrg/all/function/internal_message.html?_=1704764197527&CODE_STATE=getMsg HTTP/1.1" 200 27
101.228.146.191 - - [09/Jan/2024:09:36:37 +0800] "GET /xingrg/check_reg.html?_=1704764196088 HTTP/1.1" 200 22
101.228.146.191 - - [09/Jan/2024:09:36:37 +0800] "GET /xingrg/all/function/internal_message.html?_=1704764196092&CODE_STATE=getMsg HTTP/1.1" 200 27
124.77.240.111 - - [09/Jan/2024:09:36:39 +0800] "GET /xingrg/all/function/internal_message.html?_=1704764207367&CODE_STATE=getMsg HTTP/1.1" 200 27
124.78.68.102 - - [09/Jan/2024:09:36:40 +0800] "GET /xingrg/kc/buy/cgsh_order_operate.html?command=get_materiel&rest_code=00141&code=00101011001&supplier_code=00100036&order_time=2024-01-09 HTTP/1.1" 200 444
218.81.65.124 - - [09/Jan/2024:09:36:43 +0800] "POST /xingrg/services/DataTransmitService HTTP/1.1" 200 524
222.69.133.109 - - [09/Jan/2024:09:36:44 +0800] "GET /xingrg/all/function/internal_message.html?_=1704764206295&CODE_STATE=getMsg HTTP/1.1" 200 27
222.69.133.109 - - [09/Jan/2024:09:36:44 +0800] "GET /xingrg/check_reg.html?_=1704764206299 HTTP/1.1" 200 22
222.70.115.1 - - [09/Jan/2024:09:36:45 +0800] "GET /xingrg/all/function/internal_message.html?_=1704764207799&CODE_STATE=getMsg HTTP/1.1" 200 27
180.164.1.25 - - [09/Jan/2024:09:36:46 +0800] "GET /xingrg/all/function/internal_message.html?_=1704764205684&CODE_STATE=getMsg HTTP/1.1" 200 27
114.95.241.104 - - [09/Jan/2024:09:36:48 +0800] "GET /xingrg/all/function/internal_message.html?_=1704764208832&CODE_STATE=getMsg HTTP/1.1" 200 27
124.78.68.102 - - [09/Jan/2024:09:36:52 +0800] "GET /xingrg/kc/buy/cgsh_order_operate.html?command=get_materiel&rest_code=00141&code=00101010092&supplier_code=00100036&order_time=2024-01-09 HTTP/1.1" 200 450
120.253.135.82 - - [09/Jan/2024:09:36:53 +0800] "GET /xingrg/all/function/internal_message.html?_=1704764374434&CODE_STATE=getMsg HTTP/1.1" 200 27
180.152.241.32 - - [09/Jan/2024:09:36:54 +0800] "GET /xingrg/kc/buy/cgsh_order_operate.html?command=get_materiel&rest_code=00102&code=00102001151&supplier_code=00100073&order_time=2024-01-09 HTTP/1.1" 200 432
114.83.221.243 - - [09/Jan/2024:09:36:58 +0800] "POST /xingrg/kc/buy/cgsh_order_operate.html HTTP/1.1" 200 37
116.232.193.168 - - [09/Jan/2024:09:36:58 +0800] "GET /xingrg/all/function/internal_message.html?_=1704764166978&CODE_STATE=getMsg HTTP/1.1" 200 27
221.239.172.206 - - [09/Jan/2024:09:37:01 +0800] "GET /xingrg/all/function/internal_message.html?_=1704764221463&CODE_STATE=getMsg HTTP/1.1" 200 27
114.83.221.243 - - [09/Jan/2024:09:37:05 +0800] "POST /xingrg/kc/buy/cgsh_order_operate.html HTTP/1.1" 200 12
222.70.180.200 - - [09/Jan/2024:09:37:05 +0800] "GET /xingrg/all/function/internal_message.html?_=1704764224778&CODE_STATE=getMsg HTTP/1.1" 200 27
124.78.68.102 - - [09/Jan/2024:09:37:05 +0800] "GET /xingrg/kc/buy/cgsh_order_operate.html?command=get_materiel&rest_code=00141&code=00101012122&supplier_code=00100036&order_time=2024-01-09 HTTP/1.1" 200 417
180.152.241.32 - - [09/Jan/2024:09:37:07 +0800] "GET /xingrg/kc/buy/cgsh_order_operate.html?command=get_materiel&rest_code=00102&code=00102013013&supplier_code=00100073&order_time=2024-01-09 HTTP/1.1" 200 409
124.78.154.219 - - [09/Jan/2024:09:37:11 +0800] "GET /xingrg/all/function/internal_message.html?_=1704764230472&CODE_STATE=getMsg HTTP/1.1" 200 27
124.78.68.102 - - [09/Jan/2024:09:37:14 +0800] "GET /xingrg/kc/buy/cgsh_order_operate.html?command=get_materiel&rest_code=00141&code=00101012038&supplier_code=00100036&order_time=2024-01-09 HTTP/1.1" 200 412
114.83.221.243 - - [09/Jan/2024:09:37:17 +0800] "GET /xingrg/kc/buy/cgsh_order_info.html?code=212024010903270 HTTP/1.1" 200 67891
114.83.221.243 - - [09/Jan/2024:09:37:17 +0800] "GET /xingrg/javascript/easyui/themes/default/validatebox.css HTTP/1.1" 404 1104
114.83.221.243 - - [09/Jan/2024:09:37:18 +0800] "POST /xingrg/kc/buy/cgsh_order_operate.html HTTP/1.1" 200 606
114.83.221.243 - - [09/Jan/2024:09:37:21 +0800] "GET /xingrg/kc/print/load_data.html?order_code=212024010903270&kc_code=cgsh&condition= HTTP/1.1" 200 714
114.95.241.104 - - [09/Jan/2024:09:37:22 +0800] "GET /xingrg/all/function/internal_message.html?_=1704764241844&CODE_STATE=getMsg HTTP/1.1" 200 27
180.152.241.32 - - [09/Jan/2024:09:37:26 +0800] "POST /xingrg/kc/buy/cgsh_order_operate.html HTTP/1.1" 200 37
114.83.221.243 - - [09/Jan/2024:09:37:27 +0800] "GET /xingrg/kc/buy/cgsh_order_add.html HTTP/1.1" 200 72982
114.83.221.243 - - [09/Jan/2024:09:37:27 +0800] "POST /xingrg/kc/buy/cgsh_order_operate.html HTTP/1.1" 200 8245
114.83.221.243 - - [09/Jan/2024:09:37:27 +0800] "GET /xingrg/javascript/easyui/themes/default/validatebox.css HTTP/1.1" 404 1104
124.78.68.102 - - [09/Jan/2024:09:37:28 +0800] "GET /xingrg/kc/buy/cgsh_order_operate.html?command=get_materiel&rest_code=00141&code=00101020115&supplier_code=00100036&order_time=2024-01-09 HTTP/1.1" 200 409
180.152.241.32 - - [09/Jan/2024:09:37:28 +0800] "POST /xingrg/kc/buy/cgsh_order_operate.html HTTP/1.1" 200 3253
101.83.145.37 - - [09/Jan/2024:09:37:33 +0800] "GET /xingrg/all/function/internal_message.html?_=1704764020423&CODE_STATE=getMsg HTTP/1.1" 200 27
101.83.145.37 - - [09/Jan/2024:09:37:33 +0800] "GET /xingrg/check_reg.html?_=1704764020426 HTTP/1.1" 200 22
180.171.56.87 - - [09/Jan/2024:09:37:34 +0800] "GET /xingrg/all/function/internal_message.html?_=1704764255725&CODE_STATE=getMsg HTTP/1.1" 200 27
180.152.241.32 - - [09/Jan/2024:09:37:36 +0800] "POST /xingrg/kc/buy/cgsh_order_operate.html HTTP/1.1" 200 37
124.78.68.102 - - [09/Jan/2024:09:37:37 +0800] "GET /xingrg/all/function/internal_message.html?_=1704764257512&CODE_STATE=getMsg HTTP/1.1" 200 27
101.228.146.191 - - [09/Jan/2024:09:37:37 +0800] "GET /xingrg/all/function/internal_message.html?_=1704764256093&CODE_STATE=getMsg HTTP/1.1" 200 27
124.77.240.111 - - [09/Jan/2024:09:37:39 +0800] "GET /xingrg/all/function/internal_message.html?_=1704764267381&CODE_STATE=getMsg HTTP/1.1" 200 27
180.152.241.32 - - [09/Jan/2024:09:37:43 +0800] "POST /xingrg/kc/buy/cgsh_order_operate.html HTTP/1.1" 200 12
114.83.221.243 - - [09/Jan/2024:09:37:43 +0800] "GET /xingrg/kc/buy/cgsh_order_operate.html?command=get_materiel&rest_code=00149&code=00101009049&supplier_code=00100201&order_time=2024-01-09 HTTP/1.1" 200 416
222.69.133.109 - - [09/Jan/2024:09:37:44 +0800] "GET /xingrg/all/function/internal_message.html?_=1704764266302&CODE_STATE=getMsg HTTP/1.1" 200 27
222.70.115.1 - - [09/Jan/2024:09:37:45 +0800] "GET /xingrg/all/function/internal_message.html?_=1704764267800&CODE_STATE=getMsg HTTP/1.1" 200 27
180.164.1.25 - - [09/Jan/2024:09:37:46 +0800] "GET /xingrg/all/function/internal_message.html?_=1704764265668&CODE_STATE=getMsg HTTP/1.1" 200 27
114.95.241.104 - - [09/Jan/2024:09:37:48 +0800] "GET /xingrg/all/function/internal_message.html?_=1704764268820&CODE_STATE=getMsg HTTP/1.1" 200 27
124.78.68.102 - - [09/Jan/2024:09:37:48 +0800] "GET /xingrg/kc/buy/cgsh_order_operate.html?command=get_materiel&rest_code=00141&code=00101011004&supplier_code=00100036&order_time=2024-01-09 HTTP/1.1" 200 412
180.152.241.32 - - [09/Jan/2024:09:37:49 +0800] "GET /xingrg/kc/buy/cgsh_order_info.html?code=212024010903271 HTTP/1.1" 200 67838
180.152.241.32 - - [09/Jan/2024:09:37:49 +0800] "GET /xingrg/javascript/easyui/themes/default/validatebox.css HTTP/1.1" 404 1104
114.83.221.243 - - [09/Jan/2024:09:37:50 +0800] "GET /xingrg/all/function/internal_message.html?_=1704764270214&CODE_STATE=getMsg HTTP/1.1" 200 27
180.152.241.32 - - [09/Jan/2024:09:37:50 +0800] "POST /xingrg/kc/buy/cgsh_order_operate.html HTTP/1.1" 200 1203
180.152.241.32 - - [09/Jan/2024:09:37:54 +0800] "GET /xingrg/kc/print/load_data.html?order_code=212024010903271&kc_code=cgsh&condition= HTTP/1.1" 200 959
120.253.135.82 - - [09/Jan/2024:09:37:54 +0800] "GET /xingrg/all/function/internal_message.html?_=1704764435439&CODE_STATE=getMsg HTTP/1.1" 200 27
172.20.0.100 - - [09/Jan/2024:09:37:55 +0800] "GET /xingrg/index.html?sysBaseUrl=http%3A%2F%2F172.17.0.8%3A18081%2Fxingrg%2F&costTime=213×tamp=1585200360465 HTTP/1.1" 200 17452
172.20.0.100 - - [09/Jan/2024:09:37:57 +0800] "GET /xingrg/check_reg.html?_=1704764275671 HTTP/1.1" 200 22
172.20.0.100 - - [09/Jan/2024:09:37:57 +0800] "GET /xingrg/all/function/internal_message.html?_=1704764275669&CODE_STATE=count HTTP/1.1" 200 11
172.20.0.100 - - [09/Jan/2024:09:37:57 +0800] "GET /favicon.ico HTTP/1.1" 404 -
172.20.0.100 - - [09/Jan/2024:09:37:57 +0800] "POST /xingrg/all/common/load_tree.html?tree=area_rest_tree_json&manage=1 HTTP/1.1" 200 3624
172.20.0.100 - - [09/Jan/2024:09:37:57 +0800] "POST /xingrg/load_menu.html HTTP/1.1" 200 9924
116.232.193.168 - - [09/Jan/2024:09:37:58 +0800] "GET /xingrg/all/function/internal_message.html?_=1704764226973&CODE_STATE=getMsg HTTP/1.1" 200 27
114.83.221.243 - - [09/Jan/2024:09:38:01 +0800] "GET /xingrg/kc/buy/cgsh_order_operate.html?command=get_materiel&rest_code=00149&code=00101009062&supplier_code=00100201&order_time=2024-01-09 HTTP/1.1" 200 412
221.239.172.206 - - [09/Jan/2024:09:38:01 +0800] "GET /xingrg/all/function/internal_message.html?_=1704764281442&CODE_STATE=getMsg HTTP/1.1" 200 27
172.20.0.100 - - [09/Jan/2024:09:38:02 +0800] "POST /xingrg/all/user/operate.html HTTP/1.1" 200 36
172.20.0.100 - - [09/Jan/2024:09:38:02 +0800] "GET /xingrg/index.html?sysBaseUrl=http%3A%2F%2F172.17.0.8%3A18081%2Fxingrg%2F&costTime=213×tamp=1585200360465 HTTP/1.1" 200 17452
172.20.0.100 - - [09/Jan/2024:09:38:02 +0800] "GET /xingrg/javascript/jquery_easy_ui/themes/default/easyui.css HTTP/1.1" 304 -
172.20.0.100 - - [09/Jan/2024:09:38:02 +0800] "GET /xingrg/javascript/jquery_easy_ui/themes/icon.css HTTP/1.1" 304 -
172.20.0.100 - - [09/Jan/2024:09:38:02 +0800] "GET /xingrg/css/form.css HTTP/1.1" 304 -
172.20.0.100 - - [09/Jan/2024:09:38:02 +0800] "GET /xingrg/javascript/jquery-1.4.2.min.js HTTP/1.1" 304 -
172.20.0.100 - - [09/Jan/2024:09:38:02 +0800] "GET /xingrg/javascript/jquery_easy_ui/jquery.easyui.min.js HTTP/1.1" 304 -
172.20.0.100 - - [09/Jan/2024:09:38:02 +0800] "GET /xingrg/javascript/jquery_easy_ui/easyui-lang-zh_CN.js HTTP/1.1" 304 -
172.20.0.100 - - [09/Jan/2024:09:38:02 +0800] "GET /xingrg/javascript/jquery.form.js HTTP/1.1" 304 -
172.20.0.100 - - [09/Jan/2024:09:38:02 +0800] "GET /xingrg/javascript/jquery.utils.js HTTP/1.1" 304 -
172.20.0.100 - - [09/Jan/2024:09:38:02 +0800] "GET /xingrg/javascript/jquery.timers.js HTTP/1.1" 304 -
172.20.0.100 - - [09/Jan/2024:09:38:02 +0800] "GET /xingrg/images/blue/jxLogo.png HTTP/1.1" 304 -
172.20.0.100 - - [09/Jan/2024:09:38:02 +0800] "GET /xingrg/images/blue/navBackgound.jpg HTTP/1.1" 304 -
172.20.0.100 - - [09/Jan/2024:09:38:02 +0800] "GET /xingrg/javascript/jquery_easy_ui/themes/icons/settle_new.png HTTP/1.1" 304 -
172.20.0.100 - - [09/Jan/2024:09:38:02 +0800] "GET /xingrg/all/function/internal_message.html?_=1704764281465&CODE_STATE=count HTTP/1.1" 200 11
172.20.0.100 - - [09/Jan/2024:09:38:02 +0800] "GET /xingrg/check_reg.html?_=1704764281465 HTTP/1.1" 200 22
172.20.0.100 - - [09/Jan/2024:09:38:02 +0800] "GET /xingrg/javascript/jquery_easy_ui/themes/default/images/tabs_leftarrow.png HTTP/1.1" 304 -
172.20.0.100 - - [09/Jan/2024:09:38:02 +0800] "GET /xingrg/javascript/jquery_easy_ui/themes/default/images/panel_tool_expand.gif HTTP/1.1" 304 -
172.20.0.100 - - [09/Jan/2024:09:38:02 +0800] "GET /xingrg/javascript/jquery_easy_ui/themes/default/images/panel_tool_collapse.gif HTTP/1.1" 304 -
172.20.0.100 - - [09/Jan/2024:09:38:02 +0800] "GET /xingrg/javascript/jquery_easy_ui/themes/default/images/tabs_rightarrow.png HTTP/1.1" 304 -
172.20.0.100 - - [09/Jan/2024:09:38:02 +0800] "GET /xingrg/images/blue/pingpu.png HTTP/1.1" 304 -
172.20.0.100 - - [09/Jan/2024:09:38:03 +0800] "POST /xingrg/all/common/load_tree.html?tree=area_rest_tree_json&manage=1 HTTP/1.1" 200 3624
172.20.0.100 - - [09/Jan/2024:09:38:03 +0800] "POST /xingrg/load_menu.html HTTP/1.1" 200 9924
222.70.180.200 - - [09/Jan/2024:09:38:05 +0800] "GET /xingrg/all/function/internal_message.html?_=1704764284762&CODE_STATE=getMsg HTTP/1.1" 200 27
172.20.0.100 - - [09/Jan/2024:09:38:05 +0800] "GET /xingrg/kc/report/report_main.html HTTP/1.1" 200 7320
124.78.68.102 - - [09/Jan/2024:09:38:08 +0800] "POST /xingrg/kc/buy/cgsh_order_operate.html HTTP/1.1" 200 37
172.20.0.100 - - [09/Jan/2024:09:38:10 +0800] "GET /xingrg/kc/base/crk_hz.html HTTP/1.1" 200 11227
172.20.0.100 - - [09/Jan/2024:09:38:10 +0800] "POST /xingrg/kc/cost/cost_operate.html?command=get_base_tree HTTP/1.1" 200 1111
172.20.0.100 - - [09/Jan/2024:09:38:10 +0800] "POST /xingrg/all/common/load_tree.html?tree=materiel_sort_tree_json HTTP/1.1" 200 9617
124.78.154.219 - - [09/Jan/2024:09:38:11 +0800] "GET /xingrg/all/function/internal_message.html?_=1704764290476&CODE_STATE=getMsg HTTP/1.1" 200 27
124.78.154.219 - - [09/Jan/2024:09:38:11 +0800] "GET /xingrg/check_reg.html?_=1704764290473 HTTP/1.1" 200 22
172.20.0.100 - - [09/Jan/2024:09:38:13 +0800] "GET /xingrg/all/common/get_data_part.html?part=previousMonth&_=1704764292316 HTTP/1.1" 200 41
124.78.68.102 - - [09/Jan/2024:09:38:17 +0800] "POST /xingrg/kc/buy/cgsh_order_operate.html HTTP/1.1" 200 12
124.78.68.102 - - [09/Jan/2024:09:38:19 +0800] "GET /xingrg/kc/buy/cgsh_order_info.html?code=212024010903272 HTTP/1.1" 200 67805
124.78.68.102 - - [09/Jan/2024:09:38:19 +0800] "GET /xingrg/javascript/easyui/themes/default/validatebox.css HTTP/1.1" 404 1104
180.152.241.32 - - [09/Jan/2024:09:38:20 +0800] "GET /xingrg/all/function/internal_message.html?_=1704764300868&CODE_STATE=getMsg HTTP/1.1" 200 27
180.152.241.32 - - [09/Jan/2024:09:38:20 +0800] "GET /xingrg/check_reg.html?_=1704764301302 HTTP/1.1" 200 22
124.78.68.102 - - [09/Jan/2024:09:38:20 +0800] "POST /xingrg/kc/buy/cgsh_order_operate.html HTTP/1.1" 200 4182
114.95.241.104 - - [09/Jan/2024:09:38:22 +0800] "GET /xingrg/all/function/internal_message.html?_=1704764301851&CODE_STATE=getMsg HTTP/1.1" 200 27
124.78.68.102 - - [09/Jan/2024:09:38:22 +0800] "GET /xingrg/kc/print/load_data.html?order_code=212024010903272&kc_code=cgsh&condition= HTTP/1.1" 200 2160
124.78.68.102 - - [09/Jan/2024:09:38:26 +0800] "POST /xingrg/kc/buy/cgsh_order_operate.html HTTP/1.1" 200 8245
124.78.68.102 - - [09/Jan/2024:09:38:27 +0800] "GET /xingrg/javascript/easyui/themes/default/validatebox.css HTTP/1.1" 404 1104
172.20.0.100 - - [09/Jan/2024:09:38:28 +0800] "GET /xingrg/kc/base/crk_hz.html?_=1704764307160&command=get_cost_id&end_date=2023-12-31&start_date=2023-12-01 HTTP/1.1" 200 51
172.20.0.100 - - [09/Jan/2024:09:38:28 +0800] "GET /xingrg/all/report/report_query.html?isQuery=1&onlyBody=1&rh=999&rw=1800&varString=start:20231201,cost_id:4764,mid:20231201&fileName=kc/base/crk_hz_type_by_materiel.xml&queryString=%20a.base_code%20in%20('0010871')%20&queryText=ÈÕÆÚ£º2023-12-01ÖÁ2023-12-31%20²Ö¿â£º°Ę́&tableQueryString=materiel_table$sp1$$sp$before_table$sp1$$sp$crk_table$sp1$order_day%20between%2020231201%20and%2020231231 HTTP/1.1" 200 49343
172.20.0.100 - - [09/Jan/2024:09:38:28 +0800] "GET /xingrg/dwr/interface/AjaxReportQueryService.js HTTP/1.1" 200 13203
172.20.0.100 - - [09/Jan/2024:09:38:28 +0800] "GET /xingrg/dwr/engine.js HTTP/1.1" 200 43631
172.20.0.100 - - [09/Jan/2024:09:38:28 +0800] "GET /xingrg/dwr/util.js HTTP/1.1" 304 -
124.78.68.102 - - [09/Jan/2024:09:38:30 +0800] "GET /xingrg/check_reg.html?_=1704764310330 HTTP/1.1" 200 22
172.20.0.100 - - [09/Jan/2024:09:38:32 +0800] "POST /xingrg/all/report/load_report_page.html HTTP/1.1" 200 1263191
172.20.0.100 - - [09/Jan/2024:09:38:33 +0800] "GET /xingrg/servlets/image?cache=0.4130040098739034&image=px HTTP/1.1" 200 807
101.83.145.37 - - [09/Jan/2024:09:38:33 +0800] "GET /xingrg/all/function/internal_message.html?_=1704764080426&CODE_STATE=getMsg HTTP/1.1" 200 27
180.171.56.87 - - [09/Jan/2024:09:38:34 +0800] "GET /xingrg/all/function/internal_message.html?_=1704764315726&CODE_STATE=getMsg HTTP/1.1" 200 27
180.169.147.146 - - [09/Jan/2024:09:38:34 +0800] "GET /xingrg/check_reg.html?_=1704764314538 HTTP/1.1" 200 22
221.239.172.206 - - [09/Jan/2024:09:38:36 +0800] "GET /xingrg/check_reg.html?_=1704764316510 HTTP/1.1" 200 22
124.78.68.102 - - [09/Jan/2024:09:38:37 +0800] "GET /xingrg/all/function/internal_message.html?_=1704764317493&CODE_STATE=getMsg HTTP/1.1" 200 27
101.228.146.191 - - [09/Jan/2024:09:38:37 +0800] "GET /xingrg/all/function/internal_message.html?_=1704764316086&CODE_STATE=getMsg HTTP/1.1" 200 27
124.78.68.102 - - [09/Jan/2024:09:38:38 +0800] "GET /xingrg/kc/buy/cgsh_order_operate.html?command=get_materiel&rest_code=00141&code=00101006129&supplier_code=00100012&order_time=2024-01-09 HTTP/1.1" 200 439
124.77.240.111 - - [09/Jan/2024:09:38:39 +0800] "GET /xingrg/all/function/internal_message.html?_=1704764327518&CODE_STATE=getMsg HTTP/1.1" 200 27
222.69.133.109 - - [09/Jan/2024:09:38:44 +0800] "GET /xingrg/all/function/internal_message.html?_=1704764326292&CODE_STATE=getMsg HTTP/1.1" 200 27
222.70.115.1 - - [09/Jan/2024:09:38:45 +0800] "GET /xingrg/all/function/internal_message.html?_=1704764327800&CODE_STATE=getMsg HTTP/1.1" 200 27
172.20.0.100 - - [09/Jan/2024:09:38:46 +0800] "GET /xingrg/kc/base/crk_hz.html?_=1704764324997&command=get_cost_id&end_date=2023-12-31&start_date=2023-12-01 HTTP/1.1" 200 51
172.20.0.100 - - [09/Jan/2024:09:38:46 +0800] "GET /xingrg/all/report/report_query.html?isQuery=1&onlyBody=1&rh=999&rw=1800&varString=start:20231201,cost_id:4764,mid:20231201&fileName=kc/base/crk_hz_type_by_materiel.xml&queryString=%20a.base_code%20in%20('0010871')%20%20and%20m.sort_code%20in%20('00101001','00101002','00101003','00101004','00101005','00101006','00101007','00101008','00101009','00101010','00101011','00101012','00101013','00101014','00101015','00101016','00101017','00101018','00101019','00101020','00101021','00101022','00101023','00101024','00101025','00101026','00101027','00101028','00101029','00101030','00101031','00101032','00101033','00101034','00101036','00101037','00101038','00101039','00101040','00101041','00101042','00101043','00101044')%20&queryText=ÈÕÆÚ£º2023-12-01ÖÁ2023-12-31%20²Ö¿â£º°Ę́&tableQueryString=materiel_table$sp1$$sp$before_table$sp1$$sp$crk_table$sp1$order_day%20between%2020231201%20and%2020231231 HTTP/1.1" 200 49839
180.164.1.25 - - [09/Jan/2024:09:38:46 +0800] "GET /xingrg/all/function/internal_message.html?_=1704764325649&CODE_STATE=getMsg HTTP/1.1" 200 27
172.20.0.100 - - [09/Jan/2024:09:38:46 +0800] "GET /xingrg/dwr/interface/AjaxReportQueryService.js HTTP/1.1" 200 13203
172.20.0.100 - - [09/Jan/2024:09:38:46 +0800] "GET /xingrg/dwr/engine.js HTTP/1.1" 200 43631
114.95.241.104 - - [09/Jan/2024:09:38:48 +0800] "GET /xingrg/all/function/internal_message.html?_=1704764328825&CODE_STATE=getMsg HTTP/1.1" 200 27
124.78.68.102 - - [09/Jan/2024:09:38:49 +0800] "GET /xingrg/kc/buy/cgsh_order_operate.html?command=get_materiel&rest_code=00141&code=00101018011&supplier_code=00100012&order_time=2024-01-09 HTTP/1.1" 200 413
172.20.0.100 - - [09/Jan/2024:09:38:50 +0800] "POST /xingrg/all/report/load_report_page.html HTTP/1.1" 200 1263191
172.20.0.100 - - [09/Jan/2024:09:38:51 +0800] "GET /xingrg/servlets/image?cache=0.5985887334205195&image=px HTTP/1.1" 200 807
120.253.135.82 - - [09/Jan/2024:09:38:55 +0800] "GET /xingrg/all/function/internal_message.html?_=1704764496444&CODE_STATE=getMsg HTTP/1.1" 200 27
114.83.221.243 - - [09/Jan/2024:09:38:55 +0800] "POST /xingrg/kc/buy/cgsh_order_operate.html HTTP/1.1" 200 37
116.232.193.168 - - [09/Jan/2024:09:38:58 +0800] "GET /xingrg/all/function/internal_message.html?_=1704764286954&CODE_STATE=getMsg HTTP/1.1" 200 27
222.70.180.200 - - [09/Jan/2024:09:38:58 +0800] "GET /xingrg/check_reg.html?_=1704764337850 HTTP/1.1" 200 22
124.78.68.102 - - [09/Jan/2024:09:39:00 +0800] "GET /xingrg/kc/buy/cgsh_order_operate.html?command=get_materiel&rest_code=00141&code=00101006067&supplier_code=00100012&order_time=2024-01-09 HTTP/1.1" 200 430
221.239.172.206 - - [09/Jan/2024:09:39:01 +0800] "GET /xingrg/all/function/internal_message.html?_=1704764341415&CODE_STATE=getMsg HTTP/1.1" 200 27
172.20.0.100 - - [09/Jan/2024:09:39:02 +0800] "GET /xingrg/all/function/internal_message.html?_=1704764341470&CODE_STATE=getMsg HTTP/1.1" 200 27
222.70.180.200 - - [09/Jan/2024:09:39:05 +0800] "GET /xingrg/all/function/internal_message.html?_=1704764344746&CODE_STATE=getMsg HTTP/1.1" 200 27
114.83.221.243 - - [09/Jan/2024:09:39:06 +0800] "POST /xingrg/kc/buy/cgsh_order_operate.html HTTP/1.1" 200 12
124.78.68.102 - - [09/Jan/2024:09:39:10 +0800] "GET /xingrg/kc/buy/cgsh_order_operate.html?command=get_materiel&rest_code=00141&code=00101006177&supplier_code=00100012&order_time=2024-01-09 HTTP/1.1" 200 410
124.78.154.219 - - [09/Jan/2024:09:39:11 +0800] "GET /xingrg/all/function/internal_message.html?_=1704764350464&CODE_STATE=getMsg HTTP/1.1" 200 27
114.83.221.243 - - [09/Jan/2024:09:39:12 +0800] "GET /xingrg/kc/buy/cgsh_order_info.html?code=212024010903273 HTTP/1.1" 200 67891
114.83.221.243 - - [09/Jan/2024:09:39:12 +0800] "GET /xingrg/javascript/easyui/themes/default/validatebox.css HTTP/1.1" 404 1104
114.83.221.243 - - [09/Jan/2024:09:39:13 +0800] "POST /xingrg/kc/buy/cgsh_order_operate.html HTTP/1.1" 200 1203
114.83.221.243 - - [09/Jan/2024:09:39:18 +0800] "GET /xingrg/kc/print/load_data.html?order_code=212024010903273&kc_code=cgsh&condition= HTTP/1.1" 200 947
180.152.241.32 - - [09/Jan/2024:09:39:20 +0800] "GET /xingrg/all/function/internal_message.html?_=1704764360850&CODE_STATE=getMsg HTTP/1.1" 200 27
114.95.241.104 - - [09/Jan/2024:09:39:22 +0800] "GET /xingrg/all/function/internal_message.html?_=1704764361853&CODE_STATE=getMsg HTTP/1.1" 200 27
114.83.221.243 - - [09/Jan/2024:09:39:23 +0800] "GET /xingrg/kc/buy/cgsh_order_add.html HTTP/1.1" 200 72982
114.83.221.243 - - [09/Jan/2024:09:39:24 +0800] "POST /xingrg/kc/buy/cgsh_order_operate.html HTTP/1.1" 200 8245
114.83.221.243 - - [09/Jan/2024:09:39:24 +0800] "GET /xingrg/javascript/easyui/themes/default/validatebox.css HTTP/1.1" 404 1104
124.78.68.102 - - [09/Jan/2024:09:39:28 +0800] "GET /xingrg/kc/buy/cgsh_order_operate.html?command=get_materiel&rest_code=00141&code=00101006193&supplier_code=00100012&order_time=2024-01-09 HTTP/1.1" 200 409
101.83.145.37 - - [09/Jan/2024:09:39:33 +0800] "GET /xingrg/all/function/internal_message.html?_=1704764140427&CODE_STATE=getMsg HTTP/1.1" 200 27
180.171.56.87 - - [09/Jan/2024:09:39:34 +0800] "GET /xingrg/all/function/internal_message.html?_=1704764375730&CODE_STATE=getMsg HTTP/1.1" 200 27
124.78.68.102 - - [09/Jan/2024:09:39:37 +0800] "GET /xingrg/all/function/internal_message.html?_=1704764377477&CODE_STATE=getMsg HTTP/1.1" 200 27
101.228.146.191 - - [09/Jan/2024:09:39:37 +0800] "GET /xingrg/all/function/internal_message.html?_=1704764376084&CODE_STATE=getMsg HTTP/1.1" 200 27
124.78.68.102 - - [09/Jan/2024:09:39:39 +0800] "GET /xingrg/kc/buy/cgsh_order_operate.html?command=get_materiel&rest_code=00141&code=00101006109&supplier_code=00100012&order_time=2024-01-09 HTTP/1.1" 200 409
124.77.240.111 - - [09/Jan/2024:09:39:39 +0800] "GET /xingrg/all/function/internal_message.html?_=1704764387534&CODE_STATE=getMsg HTTP/1.1" 200 27
222.69.133.109 - - [09/Jan/2024:09:39:44 +0800] "GET /xingrg/all/function/internal_message.html?_=1704764386307&CODE_STATE=getMsg HTTP/1.1" 200 27
222.70.115.1 - - [09/Jan/2024:09:39:45 +0800] "GET /xingrg/all/function/internal_message.html?_=1704764387802&CODE_STATE=getMsg HTTP/1.1" 200 27
180.164.1.25 - - [09/Jan/2024:09:39:46 +0800] "GET /xingrg/all/function/internal_message.html?_=1704764385635&CODE_STATE=getMsg HTTP/1.1" 200 27
172.20.0.100 - - [09/Jan/2024:09:39:48 +0800] "GET /xingrg/all/report/report_query.html?isQuery=1&fileName=kc/base/crk_detail_by_list.xml&queryString=&queryText=%25E3%2580%2590%25E6%259D%2590%25E6%2596%2599%25E5%2590%258D%25E7%25A7%25B0%253A%25E9%259B%25AA%25E8%258A%25B1%25E7%25BA%25AF%25E7%2594%259F*500%25E6%25AF%25AB%25E5%258D%2587%25E3%2580%2591%25E3%2580%2590%25E4%25B8%259A%25E5%258A%25A1%25E7%25B1%25BB%25E5%259E%258B%25EF%25BC%259A%25E9%2587%2587%25E8%25B4%25AD%25E5%2585%25A5%25E5%25BA%2593%25E3%2580%2591%2520%253F%253F%253F%253F%253F2023-12-01%253F%253F2023-12-31%2520%253F%253F%253F%253F%253F%253F&tableQueryString=crk_table%2524sp1%2524order_day%2520between%252020231201%2520and%252020231231%2520and%2520(materiel_code%253D'00101028025')%2520and%2520(src_order_type%2520in%2520(21))%2520and%2520(is_rk%2520in%2520(1)) HTTP/1.1" 200 50936
114.95.241.104 - - [09/Jan/2024:09:39:48 +0800] "GET /xingrg/check_reg.html?_=1704764388846 HTTP/1.1" 200 22
114.95.241.104 - - [09/Jan/2024:09:39:48 +0800] "GET /xingrg/all/function/internal_message.html?_=1704764388843&CODE_STATE=getMsg HTTP/1.1" 200 27
124.78.68.102 - - [09/Jan/2024:09:39:49 +0800] "GET /xingrg/kc/buy/cgsh_order_operate.html?command=get_materiel&rest_code=00141&code=00101006112&supplier_code=00100012&order_time=2024-01-09 HTTP/1.1" 200 409
114.83.221.243 - - [09/Jan/2024:09:39:50 +0800] "GET /xingrg/all/function/internal_message.html?_=1704764390220&CODE_STATE=getMsg HTTP/1.1" 200 27
172.20.0.100 - - [09/Jan/2024:09:39:50 +0800] "GET /xingrg/dwr/interface/AjaxReportQueryService.js HTTP/1.1" 200 13203
172.20.0.100 - - [09/Jan/2024:09:39:50 +0800] "GET /xingrg/dwr/engine.js HTTP/1.1" 200 43631
172.20.0.100 - - [09/Jan/2024:09:39:52 +0800] "GET /xingrg/javascript/jquery_easy_ui/themes/default/images/menu_rightarrow.png HTTP/1.1" 200 3617
172.20.0.100 - - [09/Jan/2024:09:39:53 +0800] "POST /xingrg/all/report/load_report_page.html HTTP/1.1" 200 36953
172.20.0.100 - - [09/Jan/2024:09:39:53 +0800] "GET /xingrg/servlets/image?cache=0.7221743905105642&image=px HTTP/1.1" 200 807
120.253.135.82 - - [09/Jan/2024:09:39:56 +0800] "GET /xingrg/all/function/internal_message.html?_=1704764557449&CODE_STATE=getMsg HTTP/1.1" 200 27
116.232.193.168 - - [09/Jan/2024:09:39:58 +0800] "GET /xingrg/all/function/internal_message.html?_=1704764346926&CODE_STATE=getMsg HTTP/1.1" 200 27
221.239.172.206 - - [09/Jan/2024:09:40:01 +0800] "GET /xingrg/all/function/internal_message.html?_=1704764401385&CODE_STATE=getMsg HTTP/1.1" 200 27
116.232.193.168 - - [09/Jan/2024:09:40:02 +0800] "GET /xingrg/check_reg.html?_=1704764350712 HTTP/1.1" 200 22
124.78.68.102 - - [09/Jan/2024:09:40:02 +0800] "POST /xingrg/kc/buy/cgsh_order_operate.html HTTP/1.1" 200 37
172.20.0.100 - - [09/Jan/2024:09:40:03 +0800] "GET /xingrg/all/function/internal_message.html?_=1704764401488&CODE_STATE=getMsg HTTP/1.1" 200 27
222.70.180.200 - - [09/Jan/2024:09:40:05 +0800] "GET /xingrg/all/function/internal_message.html?_=1704764404730&CODE_STATE=getMsg HTTP/1.1" 200 27
124.78.68.102 - - [09/Jan/2024:09:40:10 +0800] "POST /xingrg/kc/buy/cgsh_order_operate.html HTTP/1.1" 200 12
124.78.154.219 - - [09/Jan/2024:09:40:11 +0800] "GET /xingrg/all/function/internal_message.html?_=1704764410466&CODE_STATE=getMsg HTTP/1.1" 200 27
124.78.68.102 - - [09/Jan/2024:09:40:12 +0800] "GET /xingrg/kc/buy/cgsh_order_info.html?code=212024010903274 HTTP/1.1" 200 67803
124.78.68.102 - - [09/Jan/2024:09:40:13 +0800] "GET /xingrg/javascript/easyui/themes/default/validatebox.css HTTP/1.1" 404 1104
124.78.68.102 - - [09/Jan/2024:09:40:14 +0800] "POST /xingrg/kc/buy/cgsh_order_operate.html HTTP/1.1" 200 4168
124.78.68.102 - - [09/Jan/2024:09:40:16 +0800] "GET /xingrg/kc/print/load_data.html?order_code=212024010903274&kc_code=cgsh&condition= HTTP/1.1" 200 2159
180.152.241.32 - - [09/Jan/2024:09:40:20 +0800] "GET /xingrg/all/function/internal_message.html?_=1704764420834&CODE_STATE=getMsg HTTP/1.1" 200 27
180.164.1.25 - - [09/Jan/2024:09:40:20 +0800] "GET /xingrg/kc/buy/cgsh_order_list.html HTTP/1.1" 200 57122
124.78.68.102 - - [09/Jan/2024:09:40:21 +0800] "POST /xingrg/kc/buy/cgsh_order_operate.html HTTP/1.1" 200 8245
124.78.68.102 - - [09/Jan/2024:09:40:21 +0800] "GET /xingrg/javascript/easyui/themes/default/validatebox.css HTTP/1.1" 404 1104
114.95.241.104 - - [09/Jan/2024:09:40:22 +0800] "GET /xingrg/all/function/internal_message.html?_=1704764421854&CODE_STATE=getMsg HTTP/1.1" 200 27
114.95.241.104 - - [09/Jan/2024:09:40:22 +0800] "GET /xingrg/check_reg.html?_=1704764421858 HTTP/1.1" 200 22
180.164.1.25 - - [09/Jan/2024:09:40:31 +0800] "POST /xingrg/kc/buy/cgsh_list_operate.html HTTP/1.1" 200 3620
101.83.145.37 - - [09/Jan/2024:09:40:33 +0800] "GET /xingrg/all/function/internal_message.html?_=1704764200428&CODE_STATE=getMsg HTTP/1.1" 200 27
180.171.56.87 - - [09/Jan/2024:09:40:34 +0800] "GET /xingrg/check_reg.html?_=1704764435732 HTTP/1.1" 200 22
180.171.56.87 - - [09/Jan/2024:09:40:34 +0800] "GET /xingrg/all/function/internal_message.html?_=1704764435737&CODE_STATE=getMsg HTTP/1.1" 200 27
124.78.68.102 - - [09/Jan/2024:09:40:37 +0800] "GET /xingrg/all/function/internal_message.html?_=1704764437459&CODE_STATE=getMsg HTTP/1.1" 200 27
101.228.146.191 - - [09/Jan/2024:09:40:37 +0800] "GET /xingrg/all/function/internal_message.html?_=1704764436083&CODE_STATE=getMsg HTTP/1.1" 200 27
124.78.68.102 - - [09/Jan/2024:09:40:39 +0800] "GET /xingrg/kc/buy/cgsh_order_operate.html?command=get_materiel&rest_code=00141&code=00101001069&supplier_code=00100040&order_time=2024-01-09 HTTP/1.1" 200 409
124.77.240.111 - - [09/Jan/2024:09:40:39 +0800] "GET /xingrg/all/function/internal_message.html?_=1704764447701&CODE_STATE=getMsg HTTP/1.1" 200 27
180.164.1.25 - - [09/Jan/2024:09:40:42 +0800] "GET /xingrg/check_reg.html?_=1704764441114 HTTP/1.1" 200 22
222.69.133.109 - - [09/Jan/2024:09:40:44 +0800] "GET /xingrg/all/function/internal_message.html?_=1704764446300&CODE_STATE=getMsg HTTP/1.1" 200 27
222.70.115.1 - - [09/Jan/2024:09:40:45 +0800] "GET /xingrg/check_reg.html?_=1704764447802 HTTP/1.1" 200 22
222.70.115.1 - - [09/Jan/2024:09:40:45 +0800] "GET /xingrg/all/function/internal_message.html?_=1704764447808&CODE_STATE=getMsg HTTP/1.1" 200 27
180.164.1.25 - - [09/Jan/2024:09:40:46 +0800] "GET /xingrg/all/function/internal_message.html?_=1704764445623&CODE_STATE=getMsg HTTP/1.1" 200 27
120.253.135.82 - - [09/Jan/2024:09:40:48 +0800] "GET /xingrg/check_reg.html?_=1704764609449 HTTP/1.1" 200 22
114.95.241.104 - - [09/Jan/2024:09:40:48 +0800] "GET /xingrg/all/function/internal_message.html?_=1704764448836&CODE_STATE=getMsg HTTP/1.1" 200 27
114.83.221.243 - - [09/Jan/2024:09:40:50 +0800] "GET /xingrg/all/function/internal_message.html?_=1704764450204&CODE_STATE=getMsg HTTP/1.1" 200 27
124.78.68.102 - - [09/Jan/2024:09:40:51 +0800] "GET /xingrg/kc/buy/cgsh_order_operate.html?command=get_materiel&rest_code=00141&code=00101005037&supplier_code=00100040&order_time=2024-01-09 HTTP/1.1" 200 409
120.253.135.82 - - [09/Jan/2024:09:40:57 +0800] "GET /xingrg/all/function/internal_message.html?_=1704764618454&CODE_STATE=getMsg HTTP/1.1" 200 27
116.232.193.168 - - [09/Jan/2024:09:40:58 +0800] "GET /xingrg/all/function/internal_message.html?_=1704764406909&CODE_STATE=getMsg HTTP/1.1" 200 27
