114.95.241.104 - - [08/Jan/2024:09:53:53 +0800] "GET /xingrg/all/function/internal_message.html?_=1704678833534&CODE_STATE=getMsg HTTP/1.1" 200 27
114.95.241.104 - - [08/Jan/2024:09:53:53 +0800] "GET /xingrg/check_reg.html?_=1704678833535 HTTP/1.1" 200 22
114.83.221.243 - - [08/Jan/2024:09:53:59 +0800] "GET /xingrg/all/function/internal_message.html?_=1704678838160&CODE_STATE=getMsg HTTP/1.1" 200 27
124.78.68.102 - - [08/Jan/2024:09:54:03 +0800] "GET /xingrg/all/function/internal_message.html?_=1704678843018&CODE_STATE=getMsg HTTP/1.1" 200 27
124.77.240.110 - - [08/Jan/2024:09:54:04 +0800] "GET /xingrg/all/function/internal_message.html?_=1704678847738&CODE_STATE=getMsg HTTP/1.1" 200 27
180.152.241.32 - - [08/Jan/2024:09:54:05 +0800] "GET /xingrg/all/function/internal_message.html?_=1704678845847&CODE_STATE=getMsg HTTP/1.1" 200 27
180.152.241.32 - - [08/Jan/2024:09:54:07 +0800] "GET /xingrg/check_reg.html?_=1704678847078 HTTP/1.1" 200 22
180.169.147.146 - - [08/Jan/2024:09:54:11 +0800] "GET /xingrg/all/function/internal_message.html?_=1704678851708&CODE_STATE=getMsg HTTP/1.1" 200 27
124.78.154.219 - - [08/Jan/2024:09:54:14 +0800] "GET /xingrg/kc/buy/cgsh_order_operate.html?command=get_materiel&rest_code=00106&code=00101008041&supplier_code=00100007&order_time=2024-01-08 HTTP/1.1" 200 408
222.70.115.1 - - [08/Jan/2024:09:54:15 +0800] "GET /xingrg/all/function/internal_message.html?_=1704678856068&CODE_STATE=getMsg HTTP/1.1" 200 27
222.70.180.200 - - [08/Jan/2024:09:54:22 +0800] "GET /xingrg/all/function/internal_message.html?_=1704678862594&CODE_STATE=getMsg HTTP/1.1" 200 27
180.164.1.25 - - [08/Jan/2024:09:54:22 +0800] "GET /xingrg/all/function/internal_message.html?_=1704678862223&CODE_STATE=getMsg HTTP/1.1" 200 27
222.70.180.200 - - [08/Jan/2024:09:54:23 +0800] "GET /xingrg/check_reg.html?_=1704678863204 HTTP/1.1" 200 22
124.78.154.219 - - [08/Jan/2024:09:54:23 +0800] "POST /xingrg/kc/buy/cgsh_order_operate.html HTTP/1.1" 200 2065
180.169.147.146 - - [08/Jan/2024:09:54:25 +0800] "GET /xingrg/all/function/internal_message.html?_=1704678865182&CODE_STATE=getMsg HTTP/1.1" 200 27
222.70.180.200 - - [08/Jan/2024:09:54:27 +0800] "GET /xingrg/all/function/internal_message.html?_=1704678867881&CODE_STATE=getMsg HTTP/1.1" 200 27
221.239.172.206 - - [08/Jan/2024:09:54:28 +0800] "GET /xingrg/all/function/internal_message.html?_=1704678868708&CODE_STATE=getMsg HTTP/1.1" 200 27
101.83.145.37 - - [08/Jan/2024:09:54:36 +0800] "GET /xingrg/all/function/internal_message.html?_=1704678643028&CODE_STATE=getMsg HTTP/1.1" 200 27
116.232.193.168 - - [08/Jan/2024:09:54:36 +0800] "GET /xingrg/all/function/internal_message.html?_=1704678827245&CODE_STATE=getMsg HTTP/1.1" 200 27
124.78.154.219 - - [08/Jan/2024:09:54:39 +0800] "GET /xingrg/kc/buy/cgsh_order_operate.html?command=get_materiel&rest_code=00106&code=00101008114&supplier_code=00100007&order_time=2024-01-08 HTTP/1.1" 200 412
180.169.147.146 - - [08/Jan/2024:09:54:43 +0800] "GET /xingrg/all/function/internal_message.html?_=1704678882978&CODE_STATE=getMsg HTTP/1.1" 302 -
116.232.193.168 - - [08/Jan/2024:09:54:45 +0800] "GET /xingrg/all/function/internal_message.html?_=1704678836029&CODE_STATE=getMsg HTTP/1.1" 200 27
101.83.145.37 - - [08/Jan/2024:09:54:46 +0800] "GET /xingrg/all/function/internal_message.html?_=1704678888260&CODE_STATE=getMsg HTTP/1.1" 200 27
124.78.154.219 - - [08/Jan/2024:09:54:48 +0800] "GET /xingrg/all/function/internal_message.html?_=1704678888059&CODE_STATE=getMsg HTTP/1.1" 200 27
124.78.154.219 - - [08/Jan/2024:09:54:48 +0800] "GET /xingrg/check_reg.html?_=1704678888484 HTTP/1.1" 200 22
124.78.154.219 - - [08/Jan/2024:09:54:51 +0800] "GET /xingrg/kc/buy/cgsh_order_operate.html?command=get_materiel&rest_code=00106&code=00101008125&supplier_code=00100007&order_time=2024-01-08 HTTP/1.1" 200 413
114.95.241.104 - - [08/Jan/2024:09:54:53 +0800] "GET /xingrg/all/function/internal_message.html?_=1704678893539&CODE_STATE=getMsg HTTP/1.1" 200 27
114.83.221.243 - - [08/Jan/2024:09:54:59 +0800] "GET /xingrg/all/function/internal_message.html?_=1704678898162&CODE_STATE=getMsg HTTP/1.1" 200 27
124.78.68.102 - - [08/Jan/2024:09:55:02 +0800] "GET /xingrg/all/function/internal_message.html?_=1704678903002&CODE_STATE=getMsg HTTP/1.1" 200 27
124.78.154.219 - - [08/Jan/2024:09:55:03 +0800] "GET /xingrg/kc/buy/cgsh_order_operate.html?command=get_materiel&rest_code=00106&code=00101008109&supplier_code=00100007&order_time=2024-01-08 HTTP/1.1" 200 413
124.77.240.110 - - [08/Jan/2024:09:55:04 +0800] "GET /xingrg/all/function/internal_message.html?_=1704678907753&CODE_STATE=getMsg HTTP/1.1" 200 27
180.169.147.146 - - [08/Jan/2024:09:55:11 +0800] "GET /xingrg/all/function/internal_message.html?_=1704678911701&CODE_STATE=getMsg HTTP/1.1" 200 27
222.70.115.1 - - [08/Jan/2024:09:55:15 +0800] "GET /xingrg/all/function/internal_message.html?_=1704678916074&CODE_STATE=getMsg HTTP/1.1" 200 27
222.70.180.200 - - [08/Jan/2024:09:55:22 +0800] "GET /xingrg/all/function/internal_message.html?_=1704678922571&CODE_STATE=getMsg HTTP/1.1" 200 27
180.164.1.25 - - [08/Jan/2024:09:55:22 +0800] "GET /xingrg/all/function/internal_message.html?_=1704678922197&CODE_STATE=getMsg HTTP/1.1" 200 27
180.164.1.25 - - [08/Jan/2024:09:55:22 +0800] "GET /xingrg/check_reg.html?_=1704678922386 HTTP/1.1" 200 22
180.169.147.146 - - [08/Jan/2024:09:55:25 +0800] "GET /xingrg/all/function/internal_message.html?_=1704678925152&CODE_STATE=getMsg HTTP/1.1" 200 27
222.70.180.200 - - [08/Jan/2024:09:55:27 +0800] "GET /xingrg/all/function/internal_message.html?_=1704678927880&CODE_STATE=getMsg HTTP/1.1" 200 27
221.239.172.206 - - [08/Jan/2024:09:55:28 +0800] "GET /xingrg/all/function/internal_message.html?_=1704678928692&CODE_STATE=getMsg HTTP/1.1" 200 27
101.83.145.37 - - [08/Jan/2024:09:55:36 +0800] "GET /xingrg/all/function/internal_message.html?_=1704678703009&CODE_STATE=getMsg HTTP/1.1" 200 27
116.232.193.168 - - [08/Jan/2024:09:55:36 +0800] "GET /xingrg/all/function/internal_message.html?_=1704678887242&CODE_STATE=getMsg HTTP/1.1" 200 27
101.83.145.37 - - [08/Jan/2024:09:55:37 +0800] "GET /xingrg/check_reg.html?_=1704678703853 HTTP/1.1" 200 22
180.169.147.146 - - [08/Jan/2024:09:55:43 +0800] "GET /xingrg/all/function/internal_message.html?_=1704678942972&CODE_STATE=getMsg HTTP/1.1" 302 -
116.232.193.168 - - [08/Jan/2024:09:55:45 +0800] "GET /xingrg/all/function/internal_message.html?_=1704678896001&CODE_STATE=getMsg HTTP/1.1" 200 27
101.83.145.37 - - [08/Jan/2024:09:55:46 +0800] "GET /xingrg/all/function/internal_message.html?_=1704678948260&CODE_STATE=getMsg HTTP/1.1" 200 27
116.232.193.168 - - [08/Jan/2024:09:55:47 +0800] "POST /xingrg/services/DataTransmitService HTTP/1.1" 200 524
124.78.154.219 - - [08/Jan/2024:09:55:48 +0800] "GET /xingrg/all/function/internal_message.html?_=1704678948043&CODE_STATE=getMsg HTTP/1.1" 200 27
114.95.241.104 - - [08/Jan/2024:09:55:53 +0800] "GET /xingrg/all/function/internal_message.html?_=1704678953525&CODE_STATE=getMsg HTTP/1.1" 200 27
114.83.221.243 - - [08/Jan/2024:09:55:59 +0800] "GET /xingrg/all/function/internal_message.html?_=1704678958164&CODE_STATE=getMsg HTTP/1.1" 200 27
124.78.68.102 - - [08/Jan/2024:09:56:02 +0800] "GET /xingrg/all/function/internal_message.html?_=1704678962972&CODE_STATE=getMsg HTTP/1.1" 200 27
124.77.240.110 - - [08/Jan/2024:09:56:03 +0800] "GET /xingrg/check_reg.html?_=1704678967623 HTTP/1.1" 200 22
124.77.240.110 - - [08/Jan/2024:09:56:04 +0800] "GET /xingrg/all/function/internal_message.html?_=1704678967766&CODE_STATE=getMsg HTTP/1.1" 200 27
124.78.154.219 - - [08/Jan/2024:09:56:09 +0800] "POST /xingrg/kc/buy/cgsh_order_operate.html HTTP/1.1" 200 37
180.169.147.146 - - [08/Jan/2024:09:56:11 +0800] "GET /xingrg/all/function/internal_message.html?_=1704678971706&CODE_STATE=getMsg HTTP/1.1" 200 27
222.70.115.1 - - [08/Jan/2024:09:56:15 +0800] "GET /xingrg/all/function/internal_message.html?_=1704678976080&CODE_STATE=getMsg HTTP/1.1" 200 27
222.70.180.200 - - [08/Jan/2024:09:56:22 +0800] "GET /xingrg/all/function/internal_message.html?_=1704678982551&CODE_STATE=getMsg HTTP/1.1" 200 27
180.164.1.25 - - [08/Jan/2024:09:56:22 +0800] "GET /xingrg/all/function/internal_message.html?_=1704678982183&CODE_STATE=getMsg HTTP/1.1" 200 27
124.78.154.219 - - [08/Jan/2024:09:56:23 +0800] "POST /xingrg/kc/buy/cgsh_order_operate.html HTTP/1.1" 200 12
180.169.147.146 - - [08/Jan/2024:09:56:25 +0800] "GET /xingrg/all/function/internal_message.html?_=1704678985137&CODE_STATE=getMsg HTTP/1.1" 200 27
124.78.154.219 - - [08/Jan/2024:09:56:25 +0800] "GET /xingrg/kc/buy/cgsh_order_info.html?code=212024010802815 HTTP/1.1" 200 67805
124.78.154.219 - - [08/Jan/2024:09:56:25 +0800] "GET /xingrg/javascript/easyui/themes/default/validatebox.css HTTP/1.1" 404 1104
124.78.154.219 - - [08/Jan/2024:09:56:26 +0800] "POST /xingrg/kc/buy/cgsh_order_operate.html HTTP/1.1" 200 24849
222.70.180.200 - - [08/Jan/2024:09:56:27 +0800] "GET /xingrg/all/function/internal_message.html?_=1704678987881&CODE_STATE=getMsg HTTP/1.1" 200 27
221.239.172.206 - - [08/Jan/2024:09:56:28 +0800] "GET /xingrg/all/function/internal_message.html?_=1704678988677&CODE_STATE=getMsg HTTP/1.1" 200 27
124.78.154.219 - - [08/Jan/2024:09:56:34 +0800] "GET /xingrg/kc/print/load_data.html?order_code=212024010802815&kc_code=cgsh&condition= HTTP/1.1" 200 9930
101.83.145.37 - - [08/Jan/2024:09:56:36 +0800] "GET /xingrg/all/function/internal_message.html?_=1704678762984&CODE_STATE=getMsg HTTP/1.1" 200 27
116.232.193.168 - - [08/Jan/2024:09:56:36 +0800] "GET /xingrg/all/function/internal_message.html?_=1704678947260&CODE_STATE=getMsg HTTP/1.1" 200 27
180.169.147.146 - - [08/Jan/2024:09:56:43 +0800] "GET /xingrg/all/function/internal_message.html?_=1704679002981&CODE_STATE=getMsg HTTP/1.1" 302 -
124.78.154.219 - - [08/Jan/2024:09:56:44 +0800] "GET /xingrg/kc/print/load_data.html?order_code=212024010802815&kc_code=cgsh HTTP/1.1" 200 9930
116.232.193.168 - - [08/Jan/2024:09:56:45 +0800] "GET /xingrg/all/function/internal_message.html?_=1704678955977&CODE_STATE=getMsg HTTP/1.1" 200 27
101.83.145.37 - - [08/Jan/2024:09:56:46 +0800] "GET /xingrg/all/function/internal_message.html?_=1704679008263&CODE_STATE=getMsg HTTP/1.1" 200 27
124.78.154.219 - - [08/Jan/2024:09:56:48 +0800] "GET /xingrg/all/function/internal_message.html?_=1704679008029&CODE_STATE=getMsg HTTP/1.1" 200 27
114.95.241.104 - - [08/Jan/2024:09:56:53 +0800] "GET /xingrg/all/function/internal_message.html?_=1704679013533&CODE_STATE=getMsg HTTP/1.1" 200 27
114.83.221.243 - - [08/Jan/2024:09:56:59 +0800] "GET /xingrg/all/function/internal_message.html?_=1704679018166&CODE_STATE=getMsg HTTP/1.1" 200 27
114.83.221.243 - - [08/Jan/2024:09:56:59 +0800] "GET /xingrg/check_reg.html?_=1704679018170 HTTP/1.1" 200 22
124.78.68.102 - - [08/Jan/2024:09:57:03 +0800] "GET /xingrg/all/function/internal_message.html?_=1704679022955&CODE_STATE=getMsg HTTP/1.1" 200 27
124.77.240.110 - - [08/Jan/2024:09:57:04 +0800] "GET /xingrg/all/function/internal_message.html?_=1704679027781&CODE_STATE=getMsg HTTP/1.1" 200 27
180.169.147.146 - - [08/Jan/2024:09:57:11 +0800] "GET /xingrg/all/function/internal_message.html?_=1704679031704&CODE_STATE=getMsg HTTP/1.1" 200 27
222.70.115.1 - - [08/Jan/2024:09:57:16 +0800] "GET /xingrg/all/function/internal_message.html?_=1704679036071&CODE_STATE=getMsg HTTP/1.1" 200 27
222.70.180.200 - - [08/Jan/2024:09:57:22 +0800] "GET /xingrg/all/function/internal_message.html?_=1704679042524&CODE_STATE=getMsg HTTP/1.1" 200 27
180.164.1.25 - - [08/Jan/2024:09:57:22 +0800] "GET /xingrg/all/function/internal_message.html?_=1704679042160&CODE_STATE=getMsg HTTP/1.1" 200 27
180.169.147.146 - - [08/Jan/2024:09:57:25 +0800] "GET /xingrg/all/function/internal_message.html?_=1704679045123&CODE_STATE=getMsg HTTP/1.1" 200 27
222.70.180.200 - - [08/Jan/2024:09:57:27 +0800] "GET /xingrg/all/function/internal_message.html?_=1704679047881&CODE_STATE=getMsg HTTP/1.1" 200 27
221.239.172.206 - - [08/Jan/2024:09:57:28 +0800] "GET /xingrg/all/function/internal_message.html?_=1704679048664&CODE_STATE=getMsg HTTP/1.1" 200 27
101.83.145.37 - - [08/Jan/2024:09:57:36 +0800] "GET /xingrg/all/function/internal_message.html?_=1704678822955&CODE_STATE=getMsg HTTP/1.1" 200 27
116.232.193.168 - - [08/Jan/2024:09:57:36 +0800] "GET /xingrg/all/function/internal_message.html?_=1704679007241&CODE_STATE=getMsg HTTP/1.1" 200 27
180.169.147.146 - - [08/Jan/2024:09:57:43 +0800] "GET /xingrg/all/function/internal_message.html?_=1704679062984&CODE_STATE=getMsg HTTP/1.1" 302 -
116.232.193.168 - - [08/Jan/2024:09:57:45 +0800] "GET /xingrg/all/function/internal_message.html?_=1704679015961&CODE_STATE=getMsg HTTP/1.1" 200 27
101.83.145.37 - - [08/Jan/2024:09:57:46 +0800] "GET /xingrg/check_reg.html?_=1704679068264 HTTP/1.1" 200 22
101.83.145.37 - - [08/Jan/2024:09:57:46 +0800] "GET /xingrg/all/function/internal_message.html?_=1704679068268&CODE_STATE=getMsg HTTP/1.1" 200 27
124.78.154.219 - - [08/Jan/2024:09:57:48 +0800] "GET /xingrg/all/function/internal_message.html?_=1704679068005&CODE_STATE=getMsg HTTP/1.1" 200 27
180.163.28.180 - - [08/Jan/2024:09:57:48 +0800] "GET /xingrg/all/function/internal_message.html?_=1704679008029&CODE_STATE=getMsg HTTP/1.1" 302 -
180.163.28.180 - - [08/Jan/2024:09:57:48 +0800] "GET /xingrg/login.html HTTP/1.1" 200 7641
114.95.241.104 - - [08/Jan/2024:09:57:53 +0800] "GET /xingrg/all/function/internal_message.html?_=1704679073545&CODE_STATE=getMsg HTTP/1.1" 200 27
114.83.221.243 - - [08/Jan/2024:09:57:59 +0800] "GET /xingrg/all/function/internal_message.html?_=1704679078171&CODE_STATE=getMsg HTTP/1.1" 200 27
124.78.68.102 - - [08/Jan/2024:09:58:02 +0800] "GET /xingrg/all/function/internal_message.html?_=1704679082928&CODE_STATE=getMsg HTTP/1.1" 200 27
124.77.240.110 - - [08/Jan/2024:09:58:04 +0800] "GET /xingrg/all/function/internal_message.html?_=1704679087795&CODE_STATE=getMsg HTTP/1.1" 200 27
180.169.147.146 - - [08/Jan/2024:09:58:11 +0800] "GET /xingrg/check_reg.html?_=1704679091751 HTTP/1.1" 200 22
180.169.147.146 - - [08/Jan/2024:09:58:11 +0800] "GET /xingrg/all/function/internal_message.html?_=1704679091757&CODE_STATE=getMsg HTTP/1.1" 200 27
180.169.147.146 - - [08/Jan/2024:09:58:12 +0800] "POST /xingrg/dwr/call/plaincall/AjaxReportQueryService.refreshCache.dwr HTTP/1.1" 200 78
180.169.147.146 - - [08/Jan/2024:09:58:14 +0800] "POST /xingrg/all/report/load_report_page.html HTTP/1.1" 200 52593
180.169.147.146 - - [08/Jan/2024:09:58:14 +0800] "GET /xingrg/servlets/image?cache=0.5162935118949119&image=px HTTP/1.1" 200 807
222.70.115.1 - - [08/Jan/2024:09:58:15 +0800] "GET /xingrg/all/function/internal_message.html?_=1704679096077&CODE_STATE=getMsg HTTP/1.1" 200 27
222.70.115.1 - - [08/Jan/2024:09:58:15 +0800] "GET /xingrg/check_reg.html?_=1704679096085 HTTP/1.1" 200 22
120.253.135.82 - - [08/Jan/2024:09:58:21 +0800] "GET /xingrg/check_reg.html?_=1704678915536 HTTP/1.1" 200 22
222.70.180.200 - - [08/Jan/2024:09:58:22 +0800] "GET /xingrg/all/function/internal_message.html?_=1704679102495&CODE_STATE=getMsg HTTP/1.1" 200 27
180.164.1.25 - - [08/Jan/2024:09:58:22 +0800] "GET /xingrg/all/function/internal_message.html?_=1704679102152&CODE_STATE=getMsg HTTP/1.1" 200 27
180.169.147.146 - - [08/Jan/2024:09:58:25 +0800] "GET /xingrg/check_reg.html?_=1704679105061 HTTP/1.1" 200 22
180.169.147.146 - - [08/Jan/2024:09:58:25 +0800] "GET /xingrg/all/function/internal_message.html?_=1704679105096&CODE_STATE=getMsg HTTP/1.1" 200 27
222.70.180.200 - - [08/Jan/2024:09:58:27 +0800] "GET /xingrg/check_reg.html?_=1704679107879 HTTP/1.1" 200 22
222.70.180.200 - - [08/Jan/2024:09:58:27 +0800] "GET /xingrg/all/function/internal_message.html?_=1704679107881&CODE_STATE=getMsg HTTP/1.1" 200 27
221.239.172.206 - - [08/Jan/2024:09:58:28 +0800] "GET /xingrg/all/function/internal_message.html?_=1704679108640&CODE_STATE=getMsg HTTP/1.1" 200 27
120.253.135.82 - - [08/Jan/2024:09:58:33 +0800] "GET /xingrg/kc/pszx/mdqp_order_list.html?state=10 HTTP/1.1" 200 10764
120.253.135.82 - - [08/Jan/2024:09:58:33 +0800] "GET /xingrg/dwr/interface/AjaxQqpsService.js HTTP/1.1" 200 16326
120.253.135.82 - - [08/Jan/2024:09:58:33 +0800] "GET /xingrg/dwr/interface/AjaxReportQueryService.js HTTP/1.1" 200 13203
120.253.135.82 - - [08/Jan/2024:09:58:33 +0800] "GET /xingrg/dwr/engine.js HTTP/1.1" 200 43631
124.78.68.102 - - [08/Jan/2024:09:58:34 +0800] "GET /xingrg/check_reg.html?_=1704679114875 HTTP/1.1" 200 22
221.239.172.206 - - [08/Jan/2024:09:58:35 +0800] "GET /xingrg/check_reg.html?_=1704679115024 HTTP/1.1" 200 22
101.83.145.37 - - [08/Jan/2024:09:58:36 +0800] "GET /xingrg/all/function/internal_message.html?_=1704678882925&CODE_STATE=getMsg HTTP/1.1" 200 27
116.232.193.168 - - [08/Jan/2024:09:58:36 +0800] "GET /xingrg/all/function/internal_message.html?_=1704679067240&CODE_STATE=getMsg HTTP/1.1" 200 27
116.232.193.168 - - [08/Jan/2024:09:58:36 +0800] "GET /xingrg/check_reg.html?_=1704679067242 HTTP/1.1" 200 22
180.169.147.146 - - [08/Jan/2024:09:58:43 +0800] "GET /xingrg/check_reg.html?_=1704679122977 HTTP/1.1" 302 -
180.169.147.146 - - [08/Jan/2024:09:58:43 +0800] "GET /xingrg/all/function/internal_message.html?_=1704679122979&CODE_STATE=getMsg HTTP/1.1" 302 -
116.232.193.168 - - [08/Jan/2024:09:58:45 +0800] "GET /xingrg/all/function/internal_message.html?_=1704679075934&CODE_STATE=getMsg HTTP/1.1" 200 27
116.232.193.168 - - [08/Jan/2024:09:58:46 +0800] "GET /xingrg/check_reg.html?_=1704679076850 HTTP/1.1" 200 22
101.83.145.37 - - [08/Jan/2024:09:58:46 +0800] "GET /xingrg/all/function/internal_message.html?_=1704679128268&CODE_STATE=getMsg HTTP/1.1" 200 27
124.78.154.219 - - [08/Jan/2024:09:58:48 +0800] "GET /xingrg/all/function/internal_message.html?_=1704679127976&CODE_STATE=getMsg HTTP/1.1" 200 27
180.169.147.146 - - [08/Jan/2024:09:58:51 +0800] "POST /xingrg/dwr/call/plaincall/AjaxReportQueryService.refreshCache.dwr HTTP/1.1" 200 78
114.95.241.104 - - [08/Jan/2024:09:58:53 +0800] "GET /xingrg/check_reg.html?_=1704679133540 HTTP/1.1" 200 22
114.95.241.104 - - [08/Jan/2024:09:58:53 +0800] "GET /xingrg/all/function/internal_message.html?_=1704679133542&CODE_STATE=getMsg HTTP/1.1" 200 27
180.169.147.146 - - [08/Jan/2024:09:58:53 +0800] "POST /xingrg/all/report/load_report_page.html HTTP/1.1" 200 52680
180.169.147.146 - - [08/Jan/2024:09:58:53 +0800] "GET /xingrg/servlets/image?cache=0.6119377901426248&image=px HTTP/1.1" 200 807
114.83.221.243 - - [08/Jan/2024:09:58:59 +0800] "GET /xingrg/all/function/internal_message.html?_=1704679138170&CODE_STATE=getMsg HTTP/1.1" 200 27
124.78.68.102 - - [08/Jan/2024:09:59:02 +0800] "GET /xingrg/all/function/internal_message.html?_=1704679142914&CODE_STATE=getMsg HTTP/1.1" 200 27
124.77.240.110 - - [08/Jan/2024:09:59:04 +0800] "GET /xingrg/all/function/internal_message.html?_=1704679147886&CODE_STATE=getMsg HTTP/1.1" 200 27
180.169.147.146 - - [08/Jan/2024:09:59:11 +0800] "GET /xingrg/all/function/internal_message.html?_=1704679151761&CODE_STATE=getMsg HTTP/1.1" 200 27
222.70.115.1 - - [08/Jan/2024:09:59:16 +0800] "GET /xingrg/all/function/internal_message.html?_=1704679156070&CODE_STATE=getMsg HTTP/1.1" 200 27
222.70.180.200 - - [08/Jan/2024:09:59:21 +0800] "GET /xingrg/kc/buy/cgsh_order_operate.html?command=get_materiel&rest_code=00111&code=00101006111&supplier_code=00100012&order_time=2024-01-08 HTTP/1.1" 200 409
180.169.147.146 - - [08/Jan/2024:09:59:22 +0800] "GET /xingrg/kc/buy/buy_main.html HTTP/1.1" 302 -
180.169.147.146 - - [08/Jan/2024:09:59:22 +0800] "GET /xingrg/login.html HTTP/1.1" 200 7641
222.70.180.200 - - [08/Jan/2024:09:59:22 +0800] "GET /xingrg/all/function/internal_message.html?_=1704679162475&CODE_STATE=getMsg HTTP/1.1" 200 27
180.164.1.25 - - [08/Jan/2024:09:59:22 +0800] "GET /xingrg/all/function/internal_message.html?_=1704679162128&CODE_STATE=getMsg HTTP/1.1" 200 27
222.70.180.200 - - [08/Jan/2024:09:59:23 +0800] "GET /xingrg/check_reg.html?_=1704679163174 HTTP/1.1" 200 22
180.169.147.146 - - [08/Jan/2024:09:59:23 +0800] "GET /xingrg/login.html HTTP/1.1" 200 7641
180.169.147.146 - - [08/Jan/2024:09:59:25 +0800] "GET /xingrg/all/function/internal_message.html?_=1704679165081&CODE_STATE=getMsg HTTP/1.1" 200 27
180.169.147.146 - - [08/Jan/2024:09:59:26 +0800] "GET /favicon.ico HTTP/1.1" 404 -
180.169.147.146 - - [08/Jan/2024:09:59:26 +0800] "GET /xingrg/login.html HTTP/1.1" 200 7641
180.169.147.146 - - [08/Jan/2024:09:59:27 +0800] "GET /favicon.ico HTTP/1.1" 404 -
222.70.180.200 - - [08/Jan/2024:09:59:27 +0800] "GET /xingrg/all/function/internal_message.html?_=1704679167881&CODE_STATE=getMsg HTTP/1.1" 200 27
221.239.172.206 - - [08/Jan/2024:09:59:28 +0800] "GET /xingrg/all/function/internal_message.html?_=1704679168611&CODE_STATE=getMsg HTTP/1.1" 200 27
180.169.147.146 - - [08/Jan/2024:09:59:29 +0800] "POST /xingrg/login.do HTTP/1.1" 302 -
180.169.147.146 - - [08/Jan/2024:09:59:29 +0800] "GET /xingrg/index.html?sysBaseUrl=http%3A%2F%2F180.169.147.146%3A18081%2Fxingrg%2F&costTime=805×tamp=1704679169330 HTTP/1.1" 200 17179
180.169.147.146 - - [08/Jan/2024:09:59:29 +0800] "GET /xingrg/all/function/internal_message.html?_=1704679133493&CODE_STATE=count HTTP/1.1" 200 11
180.169.147.146 - - [08/Jan/2024:09:59:29 +0800] "GET /xingrg/check_reg.html?_=1704679133494 HTTP/1.1" 200 22
180.169.147.146 - - [08/Jan/2024:09:59:29 +0800] "POST /xingrg/all/common/load_tree.html?tree=area_rest_tree_json&manage=1 HTTP/1.1" 200 351
180.169.147.146 - - [08/Jan/2024:09:59:29 +0800] "POST /xingrg/load_menu.html HTTP/1.1" 200 5138
180.169.147.146 - - [08/Jan/2024:09:59:29 +0800] "GET /favicon.ico HTTP/1.1" 404 -
222.70.180.200 - - [08/Jan/2024:09:59:34 +0800] "GET /xingrg/kc/buy/cgsh_order_operate.html?command=get_materiel&rest_code=00111&code=00101006193&supplier_code=00100012&order_time=2024-01-08 HTTP/1.1" 200 409
101.83.145.37 - - [08/Jan/2024:09:59:36 +0800] "GET /xingrg/all/function/internal_message.html?_=1704678942910&CODE_STATE=getMsg HTTP/1.1" 200 27
116.232.193.168 - - [08/Jan/2024:09:59:36 +0800] "GET /xingrg/all/function/internal_message.html?_=1704679127257&CODE_STATE=getMsg HTTP/1.1" 200 27
180.169.147.146 - - [08/Jan/2024:09:59:37 +0800] "GET /xingrg/kc/buy/buy_main.html HTTP/1.1" 200 12412
180.169.147.146 - - [08/Jan/2024:09:59:37 +0800] "GET /xingrg/css/new_ie.css HTTP/1.1" 404 1036
180.169.147.146 - - [08/Jan/2024:09:59:38 +0800] "GET /xingrg/images/yd/bt.gif HTTP/1.1" 404 1040
180.169.147.146 - - [08/Jan/2024:09:59:39 +0800] "GET /xingrg/kc/buy/cgsh_order_list.html HTTP/1.1" 200 57118
180.169.147.146 - - [08/Jan/2024:09:59:39 +0800] "GET /xingrg/kc/buy/cgsh_order_list.html HTTP/1.1" 200 57118
180.169.147.146 - - [08/Jan/2024:09:59:40 +0800] "GET /favicon.ico HTTP/1.1" 404 -
114.83.221.243 - - [08/Jan/2024:09:59:41 +0800] "POST /xingrg/services/DataTransmitService HTTP/1.1" 200 524
180.169.147.146 - - [08/Jan/2024:09:59:43 +0800] "GET /xingrg/all/function/internal_message.html?_=1704679182984&CODE_STATE=getMsg HTTP/1.1" 302 -
116.232.193.168 - - [08/Jan/2024:09:59:45 +0800] "GET /xingrg/all/function/internal_message.html?_=1704679135916&CODE_STATE=getMsg HTTP/1.1" 200 27
101.83.145.37 - - [08/Jan/2024:09:59:46 +0800] "GET /xingrg/all/function/internal_message.html?_=1704679188269&CODE_STATE=getMsg HTTP/1.1" 200 27
222.70.180.200 - - [08/Jan/2024:09:59:47 +0800] "POST /xingrg/kc/buy/cgsh_order_operate.html HTTP/1.1" 200 37
124.78.154.219 - - [08/Jan/2024:09:59:48 +0800] "GET /xingrg/all/function/internal_message.html?_=1704679187962&CODE_STATE=getMsg HTTP/1.1" 200 27
124.78.154.219 - - [08/Jan/2024:09:59:48 +0800] "GET /xingrg/check_reg.html?_=1704679188469 HTTP/1.1" 200 22
114.95.241.104 - - [08/Jan/2024:09:59:53 +0800] "GET /xingrg/all/function/internal_message.html?_=1704679193536&CODE_STATE=getMsg HTTP/1.1" 200 27
101.83.145.37 - - [08/Jan/2024:09:59:56 +0800] "GET /xingrg/kc/buy/cgsh_order_operate.html?command=get_materiel&rest_code=00105&code=00101009109&supplier_code=00100024&order_time=2024-01-08 HTTP/1.1" 200 413
114.83.221.243 - - [08/Jan/2024:09:59:59 +0800] "GET /xingrg/all/function/internal_message.html?_=1704679198171&CODE_STATE=getMsg HTTP/1.1" 200 27
222.70.180.200 - - [08/Jan/2024:10:00:01 +0800] "POST /xingrg/kc/buy/cgsh_order_operate.html HTTP/1.1" 200 12
124.78.68.102 - - [08/Jan/2024:10:00:02 +0800] "GET /xingrg/all/function/internal_message.html?_=1704679202886&CODE_STATE=getMsg HTTP/1.1" 200 27
124.77.240.110 - - [08/Jan/2024:10:00:04 +0800] "GET /xingrg/all/function/internal_message.html?_=1704679207899&CODE_STATE=getMsg HTTP/1.1" 200 27
222.70.180.200 - - [08/Jan/2024:10:00:05 +0800] "GET /xingrg/kc/buy/cgsh_order_info.html?code=212024010802830 HTTP/1.1" 200 67759
222.70.180.200 - - [08/Jan/2024:10:00:06 +0800] "GET /xingrg/javascript/easyui/themes/default/validatebox.css HTTP/1.1" 404 1104
222.70.180.200 - - [08/Jan/2024:10:00:07 +0800] "POST /xingrg/kc/buy/cgsh_order_operate.html HTTP/1.1" 200 1193
222.70.180.200 - - [08/Jan/2024:10:00:10 +0800] "GET /xingrg/kc/print/load_data.html?order_code=212024010802830&kc_code=cgsh&condition= HTTP/1.1" 200 1006
180.169.147.146 - - [08/Jan/2024:10:00:11 +0800] "GET /xingrg/all/function/internal_message.html?_=1704679211752&CODE_STATE=getMsg HTTP/1.1" 200 27
222.70.115.1 - - [08/Jan/2024:10:00:15 +0800] "GET /xingrg/all/function/internal_message.html?_=1704679216103&CODE_STATE=getMsg HTTP/1.1" 200 27
101.83.145.37 - - [08/Jan/2024:10:00:19 +0800] "GET /xingrg/kc/buy/cgsh_order_operate.html?command=get_materiel&rest_code=00105&code=00101009011&supplier_code=00100024&order_time=2024-01-08 HTTP/1.1" 200 416
222.70.180.200 - - [08/Jan/2024:10:00:22 +0800] "GET /xingrg/all/function/internal_message.html?_=1704679222472&CODE_STATE=getMsg HTTP/1.1" 200 27
180.164.1.25 - - [08/Jan/2024:10:00:22 +0800] "GET /xingrg/all/function/internal_message.html?_=1704679222112&CODE_STATE=getMsg HTTP/1.1" 200 27
180.164.1.25 - - [08/Jan/2024:10:00:22 +0800] "GET /xingrg/check_reg.html?_=1704679222365 HTTP/1.1" 200 22
180.169.147.146 - - [08/Jan/2024:10:00:25 +0800] "GET /xingrg/all/function/internal_message.html?_=1704679225067&CODE_STATE=getMsg HTTP/1.1" 200 27
222.70.180.200 - - [08/Jan/2024:10:00:27 +0800] "GET /xingrg/all/function/internal_message.html?_=1704679227881&CODE_STATE=getMsg HTTP/1.1" 200 27
221.239.172.206 - - [08/Jan/2024:10:00:28 +0800] "GET /xingrg/all/function/internal_message.html?_=1704679228596&CODE_STATE=getMsg HTTP/1.1" 200 27
180.169.147.146 - - [08/Jan/2024:10:00:29 +0800] "GET /xingrg/all/function/internal_message.html?_=1704679193497&CODE_STATE=getMsg HTTP/1.1" 200 27
180.169.147.146 - - [08/Jan/2024:10:00:34 +0800] "POST /xingrg/kc/buy/cgsh_list_operate.html HTTP/1.1" 200 5990
180.169.147.146 - - [08/Jan/2024:10:00:34 +0800] "POST /xingrg/kc/buy/cgsh_list_operate.html HTTP/1.1" 200 5990
101.83.145.37 - - [08/Jan/2024:10:00:36 +0800] "GET /xingrg/all/function/internal_message.html?_=1704679002890&CODE_STATE=getMsg HTTP/1.1" 200 27
116.232.193.168 - - [08/Jan/2024:10:00:36 +0800] "GET /xingrg/all/function/internal_message.html?_=1704679187238&CODE_STATE=getMsg HTTP/1.1" 200 27
101.83.145.37 - - [08/Jan/2024:10:00:37 +0800] "GET /xingrg/check_reg.html?_=1704679003829 HTTP/1.1" 200 22
180.169.147.146 - - [08/Jan/2024:10:00:43 +0800] "GET /xingrg/all/function/internal_message.html?_=1704679243004&CODE_STATE=getMsg HTTP/1.1" 302 -
116.232.193.168 - - [08/Jan/2024:10:00:45 +0800] "GET /xingrg/all/function/internal_message.html?_=1704679195898&CODE_STATE=getMsg HTTP/1.1" 200 27
101.83.145.37 - - [08/Jan/2024:10:00:46 +0800] "GET /xingrg/all/function/internal_message.html?_=1704679248255&CODE_STATE=getMsg HTTP/1.1" 200 27
124.78.154.219 - - [08/Jan/2024:10:00:48 +0800] "GET /xingrg/all/function/internal_message.html?_=1704679247939&CODE_STATE=getMsg HTTP/1.1" 200 27
114.95.241.104 - - [08/Jan/2024:10:00:53 +0800] "GET /xingrg/all/function/internal_message.html?_=1704679253524&CODE_STATE=getMsg HTTP/1.1" 200 27
114.83.221.243 - - [08/Jan/2024:10:00:59 +0800] "GET /xingrg/all/function/internal_message.html?_=1704679258181&CODE_STATE=getMsg HTTP/1.1" 200 27
124.78.68.102 - - [08/Jan/2024:10:01:02 +0800] "GET /xingrg/all/function/internal_message.html?_=1704679262861&CODE_STATE=getMsg HTTP/1.1" 200 27
124.77.240.110 - - [08/Jan/2024:10:01:03 +0800] "GET /xingrg/check_reg.html?_=1704679267615 HTTP/1.1" 200 22
124.77.240.110 - - [08/Jan/2024:10:01:04 +0800] "GET /xingrg/all/function/internal_message.html?_=1704679268042&CODE_STATE=getMsg HTTP/1.1" 200 27
180.169.147.146 - - [08/Jan/2024:10:01:11 +0800] "GET /xingrg/all/function/internal_message.html?_=1704679271728&CODE_STATE=getMsg HTTP/1.1" 200 27
101.83.145.37 - - [08/Jan/2024:10:01:11 +0800] "GET /xingrg/kc/buy/cgsh_order_operate.html?command=get_materiel&rest_code=00105&code=00101009021&supplier_code=00100024&order_time=2024-01-08 HTTP/1.1" 200 417
222.70.115.1 - - [08/Jan/2024:10:01:15 +0800] "GET /xingrg/all/function/internal_message.html?_=1704679276108&CODE_STATE=getMsg HTTP/1.1" 200 27
222.70.180.200 - - [08/Jan/2024:10:01:17 +0800] "GET /xingrg/kc/buy/cgsh_order_add.html HTTP/1.1" 200 72850
222.70.180.200 - - [08/Jan/2024:10:01:18 +0800] "POST /xingrg/kc/buy/cgsh_order_operate.html HTTP/1.1" 200 8245
222.70.180.200 - - [08/Jan/2024:10:01:18 +0800] "GET /xingrg/javascript/easyui/themes/default/validatebox.css HTTP/1.1" 404 1104
222.70.180.200 - - [08/Jan/2024:10:01:22 +0800] "GET /xingrg/all/function/internal_message.html?_=1704679282446&CODE_STATE=getMsg HTTP/1.1" 200 27
180.164.1.25 - - [08/Jan/2024:10:01:22 +0800] "GET /xingrg/all/function/internal_message.html?_=1704679282093&CODE_STATE=getMsg HTTP/1.1" 200 27
180.169.147.146 - - [08/Jan/2024:10:01:25 +0800] "GET /xingrg/all/function/internal_message.html?_=1704679285070&CODE_STATE=getMsg HTTP/1.1" 200 27
222.70.180.200 - - [08/Jan/2024:10:01:27 +0800] "GET /xingrg/all/function/internal_message.html?_=1704679287880&CODE_STATE=getMsg HTTP/1.1" 200 27
221.239.172.206 - - [08/Jan/2024:10:01:28 +0800] "GET /xingrg/all/function/internal_message.html?_=1704679288581&CODE_STATE=getMsg HTTP/1.1" 200 27
180.169.147.146 - - [08/Jan/2024:10:01:29 +0800] "GET /xingrg/all/function/internal_message.html?_=1704679253499&CODE_STATE=getMsg HTTP/1.1" 200 27
180.169.147.146 - - [08/Jan/2024:10:01:31 +0800] "POST /xingrg/kc/buy/cgsh_list_operate.html HTTP/1.1" 200 6178
101.83.145.37 - - [08/Jan/2024:10:01:36 +0800] "GET /xingrg/all/function/internal_message.html?_=1704679062886&CODE_STATE=getMsg HTTP/1.1" 200 27
116.232.193.168 - - [08/Jan/2024:10:01:36 +0800] "GET /xingrg/all/function/internal_message.html?_=1704679247257&CODE_STATE=getMsg HTTP/1.1" 200 27
180.169.147.146 - - [08/Jan/2024:10:01:43 +0800] "GET /xingrg/all/function/internal_message.html?_=1704679302984&CODE_STATE=getMsg HTTP/1.1" 302 -
116.232.193.168 - - [08/Jan/2024:10:01:45 +0800] "GET /xingrg/all/function/internal_message.html?_=1704679255875&CODE_STATE=getMsg HTTP/1.1" 200 27
222.70.180.200 - - [08/Jan/2024:10:01:46 +0800] "GET /xingrg/kc/buy/cgsh_order_operate.html?command=get_materiel&rest_code=00111&code=00101006002&supplier_code=00100139&order_time=2024-01-08 HTTP/1.1" 200 437
101.83.145.37 - - [08/Jan/2024:10:01:46 +0800] "GET /xingrg/all/function/internal_message.html?_=1704679308269&CODE_STATE=getMsg HTTP/1.1" 200 27
124.78.154.219 - - [08/Jan/2024:10:01:48 +0800] "GET /xingrg/all/function/internal_message.html?_=1704679307924&CODE_STATE=getMsg HTTP/1.1" 200 27
101.83.145.37 - - [08/Jan/2024:10:01:49 +0800] "GET /xingrg/kc/buy/cgsh_order_operate.html?command=get_materiel&rest_code=00105&code=00101009015&supplier_code=00100024&order_time=2024-01-08 HTTP/1.1" 200 416
114.95.241.104 - - [08/Jan/2024:10:01:53 +0800] "GET /xingrg/all/function/internal_message.html?_=1704679313533&CODE_STATE=getMsg HTTP/1.1" 200 27
222.70.180.200 - - [08/Jan/2024:10:01:59 +0800] "GET /xingrg/kc/buy/cgsh_order_operate.html?command=get_materiel&rest_code=00111&code=00102026001&supplier_code=00100139&order_time=2024-01-08 HTTP/1.1" 200 409
114.83.221.243 - - [08/Jan/2024:10:01:59 +0800] "GET /xingrg/check_reg.html?_=1704679318183 HTTP/1.1" 200 22
114.83.221.243 - - [08/Jan/2024:10:01:59 +0800] "GET /xingrg/all/function/internal_message.html?_=1704679318187&CODE_STATE=getMsg HTTP/1.1" 200 27
124.78.68.102 - - [08/Jan/2024:10:02:02 +0800] "GET /xingrg/all/function/internal_message.html?_=1704679322845&CODE_STATE=getMsg HTTP/1.1" 200 27
124.77.240.110 - - [08/Jan/2024:10:02:04 +0800] "GET /xingrg/all/function/internal_message.html?_=1704679328145&CODE_STATE=getMsg HTTP/1.1" 200 27
180.169.147.146 - - [08/Jan/2024:10:02:11 +0800] "GET /xingrg/all/function/internal_message.html?_=1704679331717&CODE_STATE=getMsg HTTP/1.1" 200 27
222.70.115.1 - - [08/Jan/2024:10:02:15 +0800] "GET /xingrg/all/function/internal_message.html?_=1704679336098&CODE_STATE=getMsg HTTP/1.1" 200 27
222.70.180.200 - - [08/Jan/2024:10:02:20 +0800] "POST /xingrg/kc/buy/cgsh_order_operate.html HTTP/1.1" 200 37
222.70.180.200 - - [08/Jan/2024:10:02:22 +0800] "GET /xingrg/all/function/internal_message.html?_=1704679342417&CODE_STATE=getMsg HTTP/1.1" 200 27
180.164.1.25 - - [08/Jan/2024:10:02:22 +0800] "GET /xingrg/all/function/internal_message.html?_=1704679342075&CODE_STATE=getMsg HTTP/1.1" 200 27
180.169.147.146 - - [08/Jan/2024:10:02:25 +0800] "GET /xingrg/all/function/internal_message.html?_=1704679345095&CODE_STATE=getMsg HTTP/1.1" 200 27
222.70.180.200 - - [08/Jan/2024:10:02:27 +0800] "GET /xingrg/all/function/internal_message.html?_=1704679347879&CODE_STATE=getMsg HTTP/1.1" 200 27
222.70.180.200 - - [08/Jan/2024:10:02:27 +0800] "POST /xingrg/kc/buy/cgsh_order_operate.html HTTP/1.1" 200 12
221.239.172.206 - - [08/Jan/2024:10:02:28 +0800] "GET /xingrg/all/function/internal_message.html?_=1704679348567&CODE_STATE=getMsg HTTP/1.1" 200 27
180.169.147.146 - - [08/Jan/2024:10:02:29 +0800] "GET /xingrg/all/function/internal_message.html?_=1704679313503&CODE_STATE=getMsg HTTP/1.1" 200 27
222.70.180.200 - - [08/Jan/2024:10:02:30 +0800] "GET /xingrg/kc/buy/cgsh_order_info.html?code=212024010802831 HTTP/1.1" 200 67759
222.70.180.200 - - [08/Jan/2024:10:02:31 +0800] "GET /xingrg/javascript/easyui/themes/default/validatebox.css HTTP/1.1" 404 1104
180.169.147.146 - - [08/Jan/2024:10:02:31 +0800] "POST /xingrg/kc/buy/cgsh_list_operate.html HTTP/1.1" 200 4294
222.70.180.200 - - [08/Jan/2024:10:02:32 +0800] "POST /xingrg/kc/buy/cgsh_order_operate.html HTTP/1.1" 200 1199
222.70.180.200 - - [08/Jan/2024:10:02:34 +0800] "GET /xingrg/kc/print/load_data.html?order_code=212024010802831&kc_code=cgsh&condition= HTTP/1.1" 200 973
101.83.145.37 - - [08/Jan/2024:10:02:36 +0800] "GET /xingrg/all/function/internal_message.html?_=1704679122849&CODE_STATE=getMsg HTTP/1.1" 200 27
116.232.193.168 - - [08/Jan/2024:10:02:36 +0800] "GET /xingrg/all/function/internal_message.html?_=1704679307254&CODE_STATE=getMsg HTTP/1.1" 200 27
101.83.145.37 - - [08/Jan/2024:10:02:37 +0800] "GET /xingrg/kc/buy/cgsh_order_operate.html?command=get_materiel&rest_code=00105&code=00101009079&supplier_code=00100024&order_time=2024-01-08 HTTP/1.1" 200 409
180.169.147.146 - - [08/Jan/2024:10:02:43 +0800] "GET /xingrg/all/function/internal_message.html?_=1704679363000&CODE_STATE=getMsg HTTP/1.1" 302 -
116.232.193.168 - - [08/Jan/2024:10:02:45 +0800] "GET /xingrg/all/function/internal_message.html?_=1704679315862&CODE_STATE=getMsg HTTP/1.1" 200 27
101.83.145.37 - - [08/Jan/2024:10:02:46 +0800] "GET /xingrg/check_reg.html?_=1704679368255 HTTP/1.1" 200 22
101.83.145.37 - - [08/Jan/2024:10:02:46 +0800] "GET /xingrg/all/function/internal_message.html?_=1704679368259&CODE_STATE=getMsg HTTP/1.1" 200 27
124.78.154.219 - - [08/Jan/2024:10:02:48 +0800] "GET /xingrg/all/function/internal_message.html?_=1704679367910&CODE_STATE=getMsg HTTP/1.1" 200 27
180.163.29.212 - - [08/Jan/2024:10:02:48 +0800] "GET /xingrg/all/function/internal_message.html?_=1704679307924&CODE_STATE=getMsg HTTP/1.1" 302 -
180.163.29.212 - - [08/Jan/2024:10:02:48 +0800] "GET /xingrg/login.html HTTP/1.1" 200 7641
180.169.147.146 - - [08/Jan/2024:10:02:49 +0800] "POST /xingrg/kc/buy/cgsh_list_operate.html HTTP/1.1" 200 515
180.169.147.146 - - [08/Jan/2024:10:02:50 +0800] "GET /xingrg/kc/buy/cgsh_order_info.html?code=212024010602423 HTTP/1.1" 200 72953
180.169.147.146 - - [08/Jan/2024:10:02:50 +0800] "GET /xingrg/words/20240106155121_words.js HTTP/1.1" 304 -
180.169.147.146 - - [08/Jan/2024:10:02:51 +0800] "GET /xingrg/javascript/easyui/themes/default/validatebox.css HTTP/1.1" 404 1104
180.169.147.146 - - [08/Jan/2024:10:02:51 +0800] "GET /xingrg/all/common/auto_word.html?type=employee&rest_code=00147 HTTP/1.1" 200 101
180.169.147.146 - - [08/Jan/2024:10:02:51 +0800] "GET /xingrg/all/common/auto_word.html?type=employee&rest_code=00147 HTTP/1.1" 200 101
180.169.147.146 - - [08/Jan/2024:10:02:52 +0800] "POST /xingrg/kc/buy/cgsh_order_operate.html HTTP/1.1" 200 5052
114.95.241.104 - - [08/Jan/2024:10:02:53 +0800] "GET /xingrg/all/function/internal_message.html?_=1704679373528&CODE_STATE=getMsg HTTP/1.1" 200 27
114.83.221.243 - - [08/Jan/2024:10:02:59 +0800] "GET /xingrg/all/function/internal_message.html?_=1704679378173&CODE_STATE=getMsg HTTP/1.1" 200 27
180.169.147.146 - - [08/Jan/2024:10:03:01 +0800] "GET /xingrg/javascript/auto/indicator.gif HTTP/1.1" 404 1066
124.78.68.102 - - [08/Jan/2024:10:03:02 +0800] "GET /xingrg/all/function/internal_message.html?_=1704679382829&CODE_STATE=getMsg HTTP/1.1" 200 27
124.77.240.110 - - [08/Jan/2024:10:03:04 +0800] "GET /xingrg/all/function/internal_message.html?_=1704679388163&CODE_STATE=getMsg HTTP/1.1" 200 27
180.169.147.146 - - [08/Jan/2024:10:03:10 +0800] "POST /xingrg/kc/buy/cgsh_order_operate.html HTTP/1.1" 200 37
180.169.147.146 - - [08/Jan/2024:10:03:11 +0800] "GET /xingrg/all/function/internal_message.html?_=1704679391697&CODE_STATE=getMsg HTTP/1.1" 200 27
180.169.147.146 - - [08/Jan/2024:10:03:11 +0800] "GET /xingrg/check_reg.html?_=1704679391738 HTTP/1.1" 200 22
222.70.115.1 - - [08/Jan/2024:10:03:15 +0800] "GET /xingrg/all/function/internal_message.html?_=1704679396104&CODE_STATE=getMsg HTTP/1.1" 200 27
222.70.115.1 - - [08/Jan/2024:10:03:15 +0800] "GET /xingrg/check_reg.html?_=1704679396112 HTTP/1.1" 200 22
180.169.147.146 - - [08/Jan/2024:10:03:16 +0800] "POST /xingrg/kc/buy/cgsh_order_operate.html HTTP/1.1" 200 5055
120.253.135.82 - - [08/Jan/2024:10:03:16 +0800] "GET /xingrg/check_reg.html?_=1704679215555 HTTP/1.1" 200 22
180.169.147.146 - - [08/Jan/2024:10:03:22 +0800] "POST /xingrg/kc/buy/cgsh_order_operate.html HTTP/1.1" 200 37
222.70.180.200 - - [08/Jan/2024:10:03:22 +0800] "GET /xingrg/all/function/internal_message.html?_=1704679402396&CODE_STATE=getMsg HTTP/1.1" 200 27
180.164.1.25 - - [08/Jan/2024:10:03:22 +0800] "GET /xingrg/all/function/internal_message.html?_=1704679402053&CODE_STATE=getMsg HTTP/1.1" 200 27
180.169.147.146 - - [08/Jan/2024:10:03:25 +0800] "GET /xingrg/check_reg.html?_=1704679405093 HTTP/1.1" 200 22
180.169.147.146 - - [08/Jan/2024:10:03:25 +0800] "GET /xingrg/all/function/internal_message.html?_=1704679405096&CODE_STATE=getMsg HTTP/1.1" 200 27
222.70.180.200 - - [08/Jan/2024:10:03:27 +0800] "GET /xingrg/check_reg.html?_=1704679407879 HTTP/1.1" 200 22
222.70.180.200 - - [08/Jan/2024:10:03:27 +0800] "GET /xingrg/all/function/internal_message.html?_=1704679407881&CODE_STATE=getMsg HTTP/1.1" 200 27
221.239.172.206 - - [08/Jan/2024:10:03:28 +0800] "GET /xingrg/all/function/internal_message.html?_=1704679408550&CODE_STATE=getMsg HTTP/1.1" 200 27
101.83.145.37 - - [08/Jan/2024:10:03:32 +0800] "POST /xingrg/kc/buy/cgsh_order_operate.html HTTP/1.1" 200 37
101.83.145.37 - - [08/Jan/2024:10:03:34 +0800] "POST /xingrg/kc/buy/cgsh_order_operate.html HTTP/1.1" 200 5622
124.78.68.102 - - [08/Jan/2024:10:03:34 +0800] "GET /xingrg/check_reg.html?_=1704679414861 HTTP/1.1" 200 22
221.239.172.206 - - [08/Jan/2024:10:03:35 +0800] "GET /xingrg/check_reg.html?_=1704679415029 HTTP/1.1" 200 22
101.83.145.37 - - [08/Jan/2024:10:03:36 +0800] "GET /xingrg/all/function/internal_message.html?_=1704679182819&CODE_STATE=getMsg HTTP/1.1" 200 27
116.232.193.168 - - [08/Jan/2024:10:03:36 +0800] "GET /xingrg/check_reg.html?_=1704679367256 HTTP/1.1" 200 22
116.232.193.168 - - [08/Jan/2024:10:03:36 +0800] "GET /xingrg/all/function/internal_message.html?_=1704679367262&CODE_STATE=getMsg HTTP/1.1" 200 27
101.83.145.37 - - [08/Jan/2024:10:03:37 +0800] "GET /xingrg/kc/print/load_data.html?order_code=212024010802832&kc_code=cgsh&condition= HTTP/1.1" 200 1818
180.169.147.146 - - [08/Jan/2024:10:03:37 +0800] "GET /xingrg/all/function/internal_message.html?_=1704679381772&CODE_STATE=getMsg HTTP/1.1" 200 27
180.169.147.146 - - [08/Jan/2024:10:03:38 +0800] "POST /xingrg/kc/buy/cgsh_order_operate.html HTTP/1.1" 200 5055
180.169.147.146 - - [08/Jan/2024:10:03:43 +0800] "GET /xingrg/check_reg.html?_=1704679422993 HTTP/1.1" 302 -
180.169.147.146 - - [08/Jan/2024:10:03:43 +0800] "GET /xingrg/all/function/internal_message.html?_=1704679422998&CODE_STATE=getMsg HTTP/1.1" 302 -
116.232.193.168 - - [08/Jan/2024:10:03:45 +0800] "GET /xingrg/all/function/internal_message.html?_=1704679375849&CODE_STATE=getMsg HTTP/1.1" 200 27
116.232.193.168 - - [08/Jan/2024:10:03:46 +0800] "GET /xingrg/check_reg.html?_=1704679376859 HTTP/1.1" 200 22
101.83.145.37 - - [08/Jan/2024:10:03:46 +0800] "GET /xingrg/all/function/internal_message.html?_=1704679428258&CODE_STATE=getMsg HTTP/1.1" 200 27
124.78.154.219 - - [08/Jan/2024:10:03:48 +0800] "GET /xingrg/all/function/internal_message.html?_=1704679427892&CODE_STATE=getMsg HTTP/1.1" 200 27
114.95.241.104 - - [08/Jan/2024:10:03:53 +0800] "GET /xingrg/all/function/internal_message.html?_=1704679433542&CODE_STATE=getMsg HTTP/1.1" 200 27
114.95.241.104 - - [08/Jan/2024:10:03:53 +0800] "GET /xingrg/check_reg.html?_=1704679433545 HTTP/1.1" 200 22
101.228.146.191 - - [08/Jan/2024:10:03:53 +0800] "GET /xingrg/login.html HTTP/1.1" 200 7641
101.228.146.191 - - [08/Jan/2024:10:03:54 +0800] "GET /favicon.ico HTTP/1.1" 404 -
114.83.221.243 - - [08/Jan/2024:10:03:59 +0800] "GET /xingrg/all/function/internal_message.html?_=1704679438178&CODE_STATE=getMsg HTTP/1.1" 200 27
124.78.68.102 - - [08/Jan/2024:10:04:02 +0800] "GET /xingrg/all/function/internal_message.html?_=1704679442801&CODE_STATE=getMsg HTTP/1.1" 200 27
124.77.240.110 - - [08/Jan/2024:10:04:04 +0800] "GET /xingrg/all/function/internal_message.html?_=1704679448279&CODE_STATE=getMsg HTTP/1.1" 200 27
180.169.147.146 - - [08/Jan/2024:10:04:11 +0800] "GET /xingrg/all/function/internal_message.html?_=1704679451708&CODE_STATE=getMsg HTTP/1.1" 200 27
222.70.115.1 - - [08/Jan/2024:10:04:15 +0800] "GET /xingrg/all/function/internal_message.html?_=1704679456097&CODE_STATE=getMsg HTTP/1.1" 200 27
180.169.147.146 - - [08/Jan/2024:10:04:19 +0800] "POST /xingrg/kc/buy/cgsh_list_operate.html HTTP/1.1" 200 4
222.70.180.200 - - [08/Jan/2024:10:04:22 +0800] "GET /xingrg/all/function/internal_message.html?_=1704679462375&CODE_STATE=getMsg HTTP/1.1" 200 27
180.164.1.25 - - [08/Jan/2024:10:04:22 +0800] "GET /xingrg/all/function/internal_message.html?_=1704679462038&CODE_STATE=getMsg HTTP/1.1" 200 27
222.70.180.200 - - [08/Jan/2024:10:04:23 +0800] "GET /xingrg/check_reg.html?_=1704679463170 HTTP/1.1" 200 22
180.169.147.146 - - [08/Jan/2024:10:04:25 +0800] "GET /xingrg/all/function/internal_message.html?_=1704679465084&CODE_STATE=getMsg HTTP/1.1" 200 27
101.83.145.37 - - [08/Jan/2024:10:04:25 +0800] "GET /xingrg/kc/buy/cgsh_order_add.html HTTP/1.1" 200 72976
101.83.145.37 - - [08/Jan/2024:10:04:25 +0800] "POST /xingrg/kc/buy/cgsh_order_operate.html HTTP/1.1" 200 8245
101.83.145.37 - - [08/Jan/2024:10:04:25 +0800] "GET /xingrg/javascript/easyui/themes/default/validatebox.css HTTP/1.1" 404 1104
222.70.180.200 - - [08/Jan/2024:10:04:27 +0800] "GET /xingrg/all/function/internal_message.html?_=1704679467880&CODE_STATE=getMsg HTTP/1.1" 200 27
221.239.172.206 - - [08/Jan/2024:10:04:28 +0800] "GET /xingrg/all/function/internal_message.html?_=1704679468523&CODE_STATE=getMsg HTTP/1.1" 200 27
222.70.180.200 - - [08/Jan/2024:10:04:30 +0800] "GET /xingrg/kc/buy/cgsh_order_add.html HTTP/1.1" 200 72850
222.70.180.200 - - [08/Jan/2024:10:04:31 +0800] "POST /xingrg/kc/buy/cgsh_order_operate.html HTTP/1.1" 200 8245
222.70.180.200 - - [08/Jan/2024:10:04:31 +0800] "GET /xingrg/javascript/easyui/themes/default/validatebox.css HTTP/1.1" 404 1104
180.169.147.146 - - [08/Jan/2024:10:04:32 +0800] "GET /xingrg/check_reg.html?_=1704679435970 HTTP/1.1" 200 22
101.83.145.37 - - [08/Jan/2024:10:04:36 +0800] "GET /xingrg/all/function/internal_message.html?_=1704679242800&CODE_STATE=getMsg HTTP/1.1" 200 27
116.232.193.168 - - [08/Jan/2024:10:04:36 +0800] "GET /xingrg/all/function/internal_message.html?_=1704679427235&CODE_STATE=getMsg HTTP/1.1" 200 27
180.169.147.146 - - [08/Jan/2024:10:04:37 +0800] "GET /xingrg/all/function/internal_message.html?_=1704679441745&CODE_STATE=getMsg HTTP/1.1" 200 27
180.169.147.146 - - [08/Jan/2024:10:04:43 +0800] "GET /xingrg/all/function/internal_message.html?_=1704679482998&CODE_STATE=getMsg HTTP/1.1" 302 -
116.232.193.168 - - [08/Jan/2024:10:04:45 +0800] "GET /xingrg/all/function/internal_message.html?_=1704679435833&CODE_STATE=getMsg HTTP/1.1" 200 27
101.83.145.37 - - [08/Jan/2024:10:04:46 +0800] "GET /xingrg/all/function/internal_message.html?_=1704679488260&CODE_STATE=getMsg HTTP/1.1" 200 27
222.70.180.200 - - [08/Jan/2024:10:04:47 +0800] "GET /xingrg/kc/buy/cgsh_order_operate.html?command=get_materiel&rest_code=00111&code=00102001049&supplier_code=00100073&order_time=2024-01-08 HTTP/1.1" 200 425
124.78.154.219 - - [08/Jan/2024:10:04:47 +0800] "GET /xingrg/all/function/internal_message.html?_=1704679487877&CODE_STATE=getMsg HTTP/1.1" 200 27
124.78.154.219 - - [08/Jan/2024:10:04:48 +0800] "GET /xingrg/check_reg.html?_=1704679488445 HTTP/1.1" 200 22
101.83.145.37 - - [08/Jan/2024:10:04:50 +0800] "GET /xingrg/kc/buy/cgsh_order_operate.html?command=get_materiel&rest_code=00105&code=00101006122&supplier_code=00100012&order_time=2024-01-08 HTTP/1.1" 200 408
114.95.241.104 - - [08/Jan/2024:10:04:53 +0800] "GET /xingrg/all/function/internal_message.html?_=1704679493544&CODE_STATE=getMsg HTTP/1.1" 200 27
114.83.221.243 - - [08/Jan/2024:10:04:59 +0800] "GET /xingrg/all/function/internal_message.html?_=1704679498180&CODE_STATE=getMsg HTTP/1.1" 200 27
124.78.68.102 - - [08/Jan/2024:10:05:02 +0800] "GET /xingrg/all/function/internal_message.html?_=1704679502778&CODE_STATE=getMsg HTTP/1.1" 200 27
124.77.240.110 - - [08/Jan/2024:10:05:04 +0800] "GET /xingrg/all/function/internal_message.html?_=1704679508294&CODE_STATE=getMsg HTTP/1.1" 200 27
180.169.147.146 - - [08/Jan/2024:10:05:08 +0800] "POST /xingrg/kc/buy/cgsh_list_operate.html HTTP/1.1" 200 5931
180.169.147.146 - - [08/Jan/2024:10:05:11 +0800] "GET /xingrg/all/function/internal_message.html?_=1704679511713&CODE_STATE=getMsg HTTP/1.1" 200 27
222.70.115.1 - - [08/Jan/2024:10:05:15 +0800] "GET /xingrg/all/function/internal_message.html?_=1704679516103&CODE_STATE=getMsg HTTP/1.1" 200 27
101.83.145.37 - - [08/Jan/2024:10:05:16 +0800] "GET /xingrg/kc/buy/cgsh_order_operate.html?command=get_materiel&rest_code=00105&code=00101006115&supplier_code=00100012&order_time=2024-01-08 HTTP/1.1" 200 409
222.70.180.200 - - [08/Jan/2024:10:05:22 +0800] "GET /xingrg/all/function/internal_message.html?_=1704679522356&CODE_STATE=getMsg HTTP/1.1" 200 27
180.164.1.25 - - [08/Jan/2024:10:05:22 +0800] "GET /xingrg/all/function/internal_message.html?_=1704679522014&CODE_STATE=getMsg HTTP/1.1" 200 27
180.164.1.25 - - [08/Jan/2024:10:05:22 +0800] "GET /xingrg/check_reg.html?_=1704679522371 HTTP/1.1" 200 22
180.169.147.146 - - [08/Jan/2024:10:05:25 +0800] "GET /xingrg/all/function/internal_message.html?_=1704679525084&CODE_STATE=getMsg HTTP/1.1" 200 27
222.70.180.200 - - [08/Jan/2024:10:05:27 +0800] "GET /xingrg/all/function/internal_message.html?_=1704679527880&CODE_STATE=getMsg HTTP/1.1" 200 27
222.70.180.200 - - [08/Jan/2024:10:05:28 +0800] "GET /xingrg/kc/buy/cgsh_order_operate.html?command=get_materiel&rest_code=00111&code=00102001130&supplier_code=00100073&order_time=2024-01-08 HTTP/1.1" 200 441
221.239.172.206 - - [08/Jan/2024:10:05:28 +0800] "GET /xingrg/all/function/internal_message.html?_=1704679528507&CODE_STATE=getMsg HTTP/1.1" 200 27
101.83.145.37 - - [08/Jan/2024:10:05:36 +0800] "GET /xingrg/all/function/internal_message.html?_=1704679302814&CODE_STATE=getMsg HTTP/1.1" 200 27
116.232.193.168 - - [08/Jan/2024:10:05:36 +0800] "GET /xingrg/all/function/internal_message.html?_=1704679487235&CODE_STATE=getMsg HTTP/1.1" 200 27
101.83.145.37 - - [08/Jan/2024:10:05:37 +0800] "GET /xingrg/check_reg.html?_=1704679303822 HTTP/1.1" 200 22
180.169.147.146 - - [08/Jan/2024:10:05:37 +0800] "GET /xingrg/all/function/internal_message.html?_=1704679501729&CODE_STATE=getMsg HTTP/1.1" 200 27
180.169.147.146 - - [08/Jan/2024:10:05:43 +0800] "GET /xingrg/all/function/internal_message.html?_=1704679542989&CODE_STATE=getMsg HTTP/1.1" 302 -
116.232.193.168 - - [08/Jan/2024:10:05:45 +0800] "GET /xingrg/all/function/internal_message.html?_=1704679495831&CODE_STATE=getMsg HTTP/1.1" 200 27
101.83.145.37 - - [08/Jan/2024:10:05:46 +0800] "GET /xingrg/all/function/internal_message.html?_=1704679548263&CODE_STATE=getMsg HTTP/1.1" 200 27
124.78.154.219 - - [08/Jan/2024:10:05:47 +0800] "GET /xingrg/all/function/internal_message.html?_=1704679547865&CODE_STATE=getMsg HTTP/1.1" 200 27
101.83.145.37 - - [08/Jan/2024:10:05:48 +0800] "GET /xingrg/kc/buy/cgsh_order_operate.html?command=get_materiel&rest_code=00105&code=00101006110&supplier_code=00100012&order_time=2024-01-08 HTTP/1.1" 200 408
114.95.241.104 - - [08/Jan/2024:10:05:53 +0800] "GET /xingrg/all/function/internal_message.html?_=1704679553539&CODE_STATE=getMsg HTTP/1.1" 200 27
114.83.221.243 - - [08/Jan/2024:10:05:59 +0800] "GET /xingrg/all/function/internal_message.html?_=1704679558180&CODE_STATE=getMsg HTTP/1.1" 200 27
124.78.68.102 - - [08/Jan/2024:10:06:02 +0800] "GET /xingrg/all/function/internal_message.html?_=1704679562752&CODE_STATE=getMsg HTTP/1.1" 200 27
