116.230.116.41 - - [08/Jan/2024:06:15:20 +0800] "GET /xingrg/javascript/easyui/themes/icon.css HTTP/1.1" 304 -
116.230.116.41 - - [08/Jan/2024:06:15:20 +0800] "GET /xingrg/javascript/auto/jquery.autocomplete.css HTTP/1.1" 304 -
116.230.116.41 - - [08/Jan/2024:06:15:20 +0800] "GET /xingrg/javascript/jquery_tools/jquery.tools.extend.js HTTP/1.1" 304 -
116.230.116.41 - - [08/Jan/2024:06:15:20 +0800] "GET /xingrg/javascript/jquery_tools/list_manager.js HTTP/1.1" 304 -
116.230.116.41 - - [08/Jan/2024:06:15:20 +0800] "GET /xingrg/javascript/auto/jquery.autocomplete.js HTTP/1.1" 304 -
116.230.116.41 - - [08/Jan/2024:06:15:20 +0800] "GET /xingrg/javascript/jquery_tools/table.css HTTP/1.1" 304 -
116.230.116.41 - - [08/Jan/2024:06:15:20 +0800] "GET /xingrg/javascript/jquery_tools/fix.css HTTP/1.1" 304 -
116.230.116.41 - - [08/Jan/2024:06:15:20 +0800] "GET /xingrg/javascript/easyui/easyloader.js HTTP/1.1" 304 -
116.230.116.41 - - [08/Jan/2024:06:15:20 +0800] "GET /xingrg/javascript/jquery_tools/jquery.tools.hotkey.js HTTP/1.1" 304 -
116.230.116.41 - - [08/Jan/2024:06:15:20 +0800] "GET /xingrg/javascript/jquery_tools/jquery.tools.table.js HTTP/1.1" 304 -
116.230.116.41 - - [08/Jan/2024:06:15:20 +0800] "GET /xingrg/javascript/jquery.cookie.js HTTP/1.1" 304 -
116.230.116.41 - - [08/Jan/2024:06:15:20 +0800] "GET /xingrg/javascript/jquery_tools/jquery.tools.min.js HTTP/1.1" 304 -
116.230.116.41 - - [08/Jan/2024:06:15:20 +0800] "GET /xingrg/javascript/print/LodopFuncs.js HTTP/1.1" 304 -
116.230.116.41 - - [08/Jan/2024:06:15:21 +0800] "GET /xingrg/javascript/easyui/themes/icons/import_new.png HTTP/1.1" 304 -
116.230.116.41 - - [08/Jan/2024:06:15:21 +0800] "GET /xingrg/javascript/easyui/plugins/jquery.parser.js HTTP/1.1" 304 -
120.253.135.82 - - [08/Jan/2024:06:15:21 +0800] "POST /xingrg/kc/pszx/mdps_list_operate.html HTTP/1.1" 200 2816
116.230.116.41 - - [08/Jan/2024:06:15:23 +0800] "POST /xingrg/kc/buy/cgsh_list_operate.html HTTP/1.1" 200 986
120.253.135.82 - - [08/Jan/2024:06:15:25 +0800] "POST /xingrg/kc/pszx/mdps_list_operate.html HTTP/1.1" 200 444
222.70.180.200 - - [08/Jan/2024:06:15:27 +0800] "GET /xingrg/all/function/internal_message.html?_=1704665727646&CODE_STATE=getMsg HTTP/1.1" 200 27
120.253.135.82 - - [08/Jan/2024:06:15:29 +0800] "POST /xingrg/kc/pszx/mdps_list_operate.html HTTP/1.1" 200 584
221.239.172.206 - - [08/Jan/2024:06:15:32 +0800] "GET /xingrg/all/function/internal_message.html?_=1704665732548&CODE_STATE=getMsg HTTP/1.1" 200 27
120.253.135.82 - - [08/Jan/2024:06:15:33 +0800] "GET /xingrg/kc/pszx/mdps_order_info.html?code=312024010800221 HTTP/1.1" 200 23978
120.253.135.82 - - [08/Jan/2024:06:15:33 +0800] "GET /xingrg/javascript/easyui/themes/default/validatebox.css HTTP/1.1" 404 1104
120.253.135.82 - - [08/Jan/2024:06:15:34 +0800] "POST /xingrg/kc/pszx/mdps_order_operate.html HTTP/1.1" 200 10299
114.95.241.104 - - [08/Jan/2024:06:15:38 +0800] "GET /xingrg/all/function/internal_message.html?_=1704665738369&CODE_STATE=getMsg HTTP/1.1" 200 27
120.253.135.82 - - [08/Jan/2024:06:15:40 +0800] "POST /xingrg/kc/pszx/mdps_list_operate.html HTTP/1.1" 200 2816
120.253.135.82 - - [08/Jan/2024:06:15:41 +0800] "POST /xingrg/kc/pszx/mdps_list_operate.html HTTP/1.1" 200 632
120.253.135.82 - - [08/Jan/2024:06:15:43 +0800] "GET /xingrg/kc/pszx/mdps_order_info.html?code=312024010800222 HTTP/1.1" 200 23978
120.253.135.82 - - [08/Jan/2024:06:15:43 +0800] "GET /xingrg/javascript/easyui/themes/default/validatebox.css HTTP/1.1" 404 1104
180.169.147.146 - - [08/Jan/2024:06:15:43 +0800] "GET /xingrg/all/function/internal_message.html?_=1704665743373&CODE_STATE=getMsg HTTP/1.1" 200 27
120.253.135.82 - - [08/Jan/2024:06:15:43 +0800] "POST /xingrg/kc/pszx/mdps_order_operate.html HTTP/1.1" 200 5854
116.232.193.168 - - [08/Jan/2024:06:15:44 +0800] "GET /xingrg/all/function/internal_message.html?_=1704665695371&CODE_STATE=getMsg HTTP/1.1" 200 27
120.253.135.82 - - [08/Jan/2024:06:15:46 +0800] "POST /xingrg/kc/pszx/mdps_order_operate.html HTTP/1.1" 200 37
180.169.147.146 - - [08/Jan/2024:06:15:47 +0800] "GET /xingrg/all/function/internal_message.html?_=1704665747606&CODE_STATE=getMsg HTTP/1.1" 200 27
120.253.135.82 - - [08/Jan/2024:06:15:47 +0800] "GET /xingrg/kc/pszx/mdps_order_info.html?code=312024010800222 HTTP/1.1" 200 23978
120.253.135.82 - - [08/Jan/2024:06:15:48 +0800] "GET /xingrg/javascript/easyui/themes/default/validatebox.css HTTP/1.1" 404 1104
120.253.135.82 - - [08/Jan/2024:06:15:48 +0800] "POST /xingrg/kc/pszx/mdps_order_operate.html HTTP/1.1" 200 5917
116.230.116.41 - - [08/Jan/2024:06:15:55 +0800] "GET /xingrg/kc/mdqp/qqps_order_list.html HTTP/1.1" 200 9222
116.230.116.41 - - [08/Jan/2024:06:15:55 +0800] "GET /xingrg/css/blue.css HTTP/1.1" 304 -
116.230.116.41 - - [08/Jan/2024:06:15:55 +0800] "GET /xingrg/dwr/interface/AjaxReportQueryService.js HTTP/1.1" 200 13203
116.230.116.41 - - [08/Jan/2024:06:15:55 +0800] "GET /xingrg/dwr/util.js HTTP/1.1" 304 -
116.230.116.41 - - [08/Jan/2024:06:15:55 +0800] "GET /xingrg/dwr/engine.js HTTP/1.1" 200 43631
116.230.116.41 - - [08/Jan/2024:06:15:55 +0800] "GET /xingrg/javascript/pic_change.js HTTP/1.1" 304 -
116.230.116.41 - - [08/Jan/2024:06:15:55 +0800] "GET /xingrg/dwr/interface/AjaxQqpsService.js HTTP/1.1" 200 16326
116.230.116.41 - - [08/Jan/2024:06:15:55 +0800] "GET /xingrg/javascript/myfunction.js HTTP/1.1" 304 -
116.230.116.41 - - [08/Jan/2024:06:15:55 +0800] "GET /xingrg/javascript/ToolTips.js HTTP/1.1" 304 -
116.230.116.41 - - [08/Jan/2024:06:15:55 +0800] "GET /xingrg/javascript/Calendar.js HTTP/1.1" 304 -
116.230.116.41 - - [08/Jan/2024:06:15:55 +0800] "GET /xingrg/javascript/jquery_easy_ui/themes/icons/uncheck_new.png HTTP/1.1" 304 -
222.70.180.200 - - [08/Jan/2024:06:16:03 +0800] "GET /xingrg/all/function/internal_message.html?_=1704665763250&CODE_STATE=getMsg HTTP/1.1" 200 27
116.230.116.41 - - [08/Jan/2024:06:16:05 +0800] "GET /xingrg/kc/base/wldb_order_list.html HTTP/1.1" 200 19060
116.230.116.41 - - [08/Jan/2024:06:16:06 +0800] "POST /xingrg/kc/base/wldb_list_operate.html HTTP/1.1" 200 928
124.78.68.102 - - [08/Jan/2024:06:16:06 +0800] "GET /xingrg/all/function/internal_message.html?_=1704665766843&CODE_STATE=getMsg HTTP/1.1" 200 27
116.230.116.41 - - [08/Jan/2024:06:16:08 +0800] "GET /xingrg/kc/base/wldb_order_add.html HTTP/1.1" 200 30391
116.230.116.41 - - [08/Jan/2024:06:16:08 +0800] "GET /xingrg/javascript/jquery_tools/order_manager.js HTTP/1.1" 304 -
116.230.116.41 - - [08/Jan/2024:06:16:08 +0800] "GET /xingrg/javascript/print/kc_print.js HTTP/1.1" 304 -
116.230.116.41 - - [08/Jan/2024:06:16:08 +0800] "GET /xingrg/javascript/convert.js HTTP/1.1" 304 -
116.230.116.41 - - [08/Jan/2024:06:16:08 +0800] "GET /xingrg/javascript/json2.js HTTP/1.1" 304 -
116.230.116.41 - - [08/Jan/2024:06:16:08 +0800] "GET /xingrg/words/20240106155121_words.js HTTP/1.1" 304 -
116.230.116.41 - - [08/Jan/2024:06:16:08 +0800] "GET /xingrg/javascript/easyui/themes/icons/template_new.png HTTP/1.1" 304 -
116.230.116.41 - - [08/Jan/2024:06:16:08 +0800] "GET /xingrg/javascript/easyui/themes/icons/ok.png HTTP/1.1" 304 -
116.230.116.41 - - [08/Jan/2024:06:16:08 +0800] "GET /xingrg/javascript/easyui/themes/icons/print.png HTTP/1.1" 304 -
116.230.116.41 - - [08/Jan/2024:06:16:08 +0800] "GET /xingrg/javascript/easyui/themes/default/images/menu_downarrow.png HTTP/1.1" 304 -
116.230.116.41 - - [08/Jan/2024:06:16:08 +0800] "GET /xingrg/javascript/easyui/themes/icons/cancel.png HTTP/1.1" 304 -
116.230.116.41 - - [08/Jan/2024:06:16:08 +0800] "POST /xingrg/kc/base/wldb_order_operate.html HTTP/1.1" 200 6806
116.230.116.41 - - [08/Jan/2024:06:16:08 +0800] "GET /xingrg/all/common/auto_word.html?type=base&rest_code=00146 HTTP/1.1" 200 1799
116.230.116.41 - - [08/Jan/2024:06:16:08 +0800] "GET /xingrg/all/common/auto_word.html?type=base&rest_code=00146 HTTP/1.1" 200 1799
116.230.116.41 - - [08/Jan/2024:06:16:08 +0800] "GET /xingrg/javascript/easyui/themes/default/validatebox.css HTTP/1.1" 404 1104
116.230.116.41 - - [08/Jan/2024:06:16:08 +0800] "GET /xingrg/javascript/easyui/plugins/jquery.validatebox.js HTTP/1.1" 304 -
116.230.116.41 - - [08/Jan/2024:06:16:08 +0800] "GET /xingrg/javascript/easyui/plugins/jquery.numberbox.js HTTP/1.1" 304 -
116.230.116.41 - - [08/Jan/2024:06:16:14 +0800] "GET /xingrg/all/function/internal_message.html?_=1704665777055&CODE_STATE=getMsg HTTP/1.1" 200 27
120.253.135.82 - - [08/Jan/2024:06:16:15 +0800] "GET /xingrg/all/function/internal_message.html?_=1704665595341&CODE_STATE=getMsg HTTP/1.1" 200 27
116.230.116.41 - - [08/Jan/2024:06:16:21 +0800] "GET /xingrg/javascript/auto/indicator.gif HTTP/1.1" 404 1066
222.70.180.200 - - [08/Jan/2024:06:16:27 +0800] "GET /xingrg/all/function/internal_message.html?_=1704665787646&CODE_STATE=getMsg HTTP/1.1" 200 27
116.230.116.41 - - [08/Jan/2024:06:16:28 +0800] "GET /xingrg/javascript/jquery_tools/images/prev.gif HTTP/1.1" 404 1086
116.230.116.41 - - [08/Jan/2024:06:16:28 +0800] "GET /xingrg/javascript/jquery_tools/images/next.gif HTTP/1.1" 404 1086
120.253.135.82 - - [08/Jan/2024:06:16:29 +0800] "POST /xingrg/kc/pszx/mdps_list_operate.html HTTP/1.1" 200 2816
120.253.135.82 - - [08/Jan/2024:06:16:31 +0800] "POST /xingrg/kc/pszx/mdps_list_operate.html HTTP/1.1" 200 444
221.239.172.206 - - [08/Jan/2024:06:16:32 +0800] "GET /xingrg/all/function/internal_message.html?_=1704665792534&CODE_STATE=getMsg HTTP/1.1" 200 27
120.253.135.82 - - [08/Jan/2024:06:16:33 +0800] "POST /xingrg/kc/pszx/mdps_list_operate.html HTTP/1.1" 200 632
120.253.135.82 - - [08/Jan/2024:06:16:34 +0800] "POST /xingrg/kc/pszx/mdps_list_operate.html HTTP/1.1" 200 584
120.253.135.82 - - [08/Jan/2024:06:16:36 +0800] "POST /xingrg/kc/pszx/mdps_list_operate.html HTTP/1.1" 200 205
114.95.241.104 - - [08/Jan/2024:06:16:38 +0800] "GET /xingrg/all/function/internal_message.html?_=1704665798357&CODE_STATE=getMsg HTTP/1.1" 200 27
116.230.116.41 - - [08/Jan/2024:06:16:38 +0800] "GET /xingrg/kc/base/wldb_order_operate.html?command=get_materiel&rest_code=00146&base_code=0010063&code=00101013003 HTTP/1.1" 200 430
120.253.135.82 - - [08/Jan/2024:06:16:39 +0800] "GET /xingrg/kc/pszx/mdps_order_info.html?code=312024010800223 HTTP/1.1" 200 23978
120.253.135.82 - - [08/Jan/2024:06:16:39 +0800] "GET /xingrg/javascript/easyui/themes/default/validatebox.css HTTP/1.1" 404 1104
120.253.135.82 - - [08/Jan/2024:06:16:40 +0800] "POST /xingrg/kc/pszx/mdps_order_operate.html HTTP/1.1" 200 3751
120.253.135.82 - - [08/Jan/2024:06:16:41 +0800] "POST /xingrg/all/common/load_combo.html?type=base HTTP/1.1" 200 1169
180.169.147.146 - - [08/Jan/2024:06:16:43 +0800] "GET /xingrg/all/function/internal_message.html?_=1704665803378&CODE_STATE=getMsg HTTP/1.1" 200 27
116.232.193.168 - - [08/Jan/2024:06:16:44 +0800] "GET /xingrg/all/function/internal_message.html?_=1704665755347&CODE_STATE=getMsg HTTP/1.1" 200 27
120.253.135.82 - - [08/Jan/2024:06:16:45 +0800] "POST /xingrg/kc/pszx/mdps_order_operate.html HTTP/1.1" 200 37
120.253.135.82 - - [08/Jan/2024:06:16:47 +0800] "GET /xingrg/kc/pszx/mdps_order_info.html?code=312024010800223 HTTP/1.1" 200 23978
120.253.135.82 - - [08/Jan/2024:06:16:47 +0800] "GET /xingrg/javascript/easyui/themes/default/validatebox.css HTTP/1.1" 404 1104
180.169.147.146 - - [08/Jan/2024:06:16:47 +0800] "GET /xingrg/all/function/internal_message.html?_=1704665807604&CODE_STATE=getMsg HTTP/1.1" 200 27
120.253.135.82 - - [08/Jan/2024:06:16:48 +0800] "POST /xingrg/kc/pszx/mdps_order_operate.html HTTP/1.1" 200 3782
116.230.116.41 - - [08/Jan/2024:06:16:51 +0800] "GET /xingrg/kc/base/wldb_order_operate.html?command=get_materiel&rest_code=00146&base_code=0010063&code=00101019133 HTTP/1.1" 200 480
116.230.116.41 - - [08/Jan/2024:06:17:02 +0800] "GET /xingrg/kc/base/wldb_order_operate.html?command=get_materiel&rest_code=00146&base_code=0010063&code=00101019127 HTTP/1.1" 200 480
222.70.180.200 - - [08/Jan/2024:06:17:03 +0800] "GET /xingrg/all/function/internal_message.html?_=1704665823234&CODE_STATE=getMsg HTTP/1.1" 200 27
124.78.68.102 - - [08/Jan/2024:06:17:06 +0800] "GET /xingrg/all/function/internal_message.html?_=1704665826828&CODE_STATE=getMsg HTTP/1.1" 200 27
120.253.135.82 - - [08/Jan/2024:06:17:08 +0800] "POST /xingrg/kc/pszx/mdps_list_operate.html HTTP/1.1" 200 2816
120.253.135.82 - - [08/Jan/2024:06:17:09 +0800] "POST /xingrg/kc/pszx/mdps_list_operate.html HTTP/1.1" 200 632
120.253.135.82 - - [08/Jan/2024:06:17:11 +0800] "POST /xingrg/kc/pszx/mdps_list_operate.html HTTP/1.1" 200 584
120.253.135.82 - - [08/Jan/2024:06:17:12 +0800] "POST /xingrg/kc/pszx/mdps_list_operate.html HTTP/1.1" 200 205
116.230.116.41 - - [08/Jan/2024:06:17:14 +0800] "GET /xingrg/all/function/internal_message.html?_=1704665837068&CODE_STATE=getMsg HTTP/1.1" 200 27
116.230.116.41 - - [08/Jan/2024:06:17:14 +0800] "GET /xingrg/kc/base/wldb_order_operate.html?command=get_materiel&rest_code=00146&base_code=0010063&code=00101019289 HTTP/1.1" 200 469
120.253.135.82 - - [08/Jan/2024:06:17:15 +0800] "GET /xingrg/all/function/internal_message.html?_=1704665655354&CODE_STATE=getMsg HTTP/1.1" 200 27
120.253.135.82 - - [08/Jan/2024:06:17:16 +0800] "GET /xingrg/kc/pszx/mdqp_order_list.html?state=10 HTTP/1.1" 200 11579
120.253.135.82 - - [08/Jan/2024:06:17:16 +0800] "GET /xingrg/dwr/interface/AjaxQqpsService.js HTTP/1.1" 200 16326
120.253.135.82 - - [08/Jan/2024:06:17:16 +0800] "GET /xingrg/dwr/engine.js HTTP/1.1" 200 43631
120.253.135.82 - - [08/Jan/2024:06:17:16 +0800] "GET /xingrg/dwr/interface/AjaxReportQueryService.js HTTP/1.1" 200 13203
120.253.135.82 - - [08/Jan/2024:06:17:21 +0800] "GET /xingrg/kc/pszx/mdqp_order_info.html?code=302024010700138 HTTP/1.1" 200 13354
120.253.135.82 - - [08/Jan/2024:06:17:21 +0800] "GET /xingrg/dwr/interface/AjaxQqpsService.js HTTP/1.1" 200 16326
120.253.135.82 - - [08/Jan/2024:06:17:21 +0800] "GET /xingrg/dwr/interface/AjaxComOrderService.js HTTP/1.1" 200 18264
120.253.135.82 - - [08/Jan/2024:06:17:21 +0800] "GET /xingrg/dwr/engine.js HTTP/1.1" 200 43631
120.253.135.82 - - [08/Jan/2024:06:17:21 +0800] "POST /xingrg/dwr/call/plaincall/AjaxQqpsService.loadMaterielItems.dwr HTTP/1.1" 200 356
120.253.135.82 - - [08/Jan/2024:06:17:24 +0800] "GET /xingrg/kc/pszx/mdqp_order_list.html?isBack=1 HTTP/1.1" 302 -
120.253.135.82 - - [08/Jan/2024:06:17:24 +0800] "GET /xingrg/kc/pszx/mdqp_order_list.html?state=10 HTTP/1.1" 200 11579
120.253.135.82 - - [08/Jan/2024:06:17:24 +0800] "GET /xingrg/dwr/interface/AjaxQqpsService.js HTTP/1.1" 200 16326
120.253.135.82 - - [08/Jan/2024:06:17:24 +0800] "GET /xingrg/dwr/engine.js HTTP/1.1" 200 43631
120.253.135.82 - - [08/Jan/2024:06:17:24 +0800] "GET /xingrg/dwr/interface/AjaxReportQueryService.js HTTP/1.1" 200 13203
116.230.116.41 - - [08/Jan/2024:06:17:26 +0800] "GET /xingrg/kc/base/wldb_order_operate.html?command=get_materiel&rest_code=00146&base_code=0010063&code=00101019359 HTTP/1.1" 200 461
222.70.180.200 - - [08/Jan/2024:06:17:27 +0800] "GET /xingrg/all/function/internal_message.html?_=1704665847646&CODE_STATE=getMsg HTTP/1.1" 200 27
120.253.135.82 - - [08/Jan/2024:06:17:28 +0800] "GET /xingrg/kc/pszx/jzcl_ps.html HTTP/1.1" 200 7683
120.253.135.82 - - [08/Jan/2024:06:17:28 +0800] "POST /xingrg/all/common/load_tree.html?tree=area_rest_tree_json HTTP/1.1" 200 3624
120.253.135.82 - - [08/Jan/2024:06:17:29 +0800] "POST /xingrg/kc/pszx/jzcl_ps_operate.html HTTP/1.1" 200 1336
120.253.135.82 - - [08/Jan/2024:06:17:29 +0800] "POST /xingrg/kc/pszx/jzcl_ps_operate.html HTTP/1.1" 200 1336
221.239.172.206 - - [08/Jan/2024:06:17:32 +0800] "GET /xingrg/all/function/internal_message.html?_=1704665852519&CODE_STATE=getMsg HTTP/1.1" 200 27
116.230.116.41 - - [08/Jan/2024:06:17:37 +0800] "GET /xingrg/kc/base/wldb_order_operate.html?command=get_materiel&rest_code=00146&base_code=0010063&code=00101019306 HTTP/1.1" 200 479
114.95.241.104 - - [08/Jan/2024:06:17:38 +0800] "GET /xingrg/all/function/internal_message.html?_=1704665858373&CODE_STATE=getMsg HTTP/1.1" 200 27
180.169.147.146 - - [08/Jan/2024:06:17:43 +0800] "GET /xingrg/check_reg.html?_=1704665863378 HTTP/1.1" 200 22
180.169.147.146 - - [08/Jan/2024:06:17:43 +0800] "GET /xingrg/all/function/internal_message.html?_=1704665863384&CODE_STATE=getMsg HTTP/1.1" 200 27
116.232.193.168 - - [08/Jan/2024:06:17:44 +0800] "GET /xingrg/all/function/internal_message.html?_=1704665815318&CODE_STATE=getMsg HTTP/1.1" 200 27
180.169.147.146 - - [08/Jan/2024:06:17:47 +0800] "GET /xingrg/all/function/internal_message.html?_=1704665867609&CODE_STATE=getMsg HTTP/1.1" 200 27
180.169.147.146 - - [08/Jan/2024:06:17:47 +0800] "GET /xingrg/check_reg.html?_=1704665867613 HTTP/1.1" 200 22
116.230.116.41 - - [08/Jan/2024:06:17:51 +0800] "GET /xingrg/kc/base/wldb_order_operate.html?command=get_materiel&rest_code=00146&base_code=0010063&code=00101016001 HTTP/1.1" 200 458
116.230.116.41 - - [08/Jan/2024:06:17:58 +0800] "GET /xingrg/kc/base/wldb_order_operate.html?command=get_materiel&rest_code=00146&base_code=0010063&code=00101019438 HTTP/1.1" 200 462
120.253.135.82 - - [08/Jan/2024:06:17:59 +0800] "POST /xingrg/kc/pszx/jzcl_ps_operate.html HTTP/1.1" 200 4
222.70.180.200 - - [08/Jan/2024:06:18:03 +0800] "GET /xingrg/all/function/internal_message.html?_=1704665883219&CODE_STATE=getMsg HTTP/1.1" 200 27
120.253.135.82 - - [08/Jan/2024:06:18:05 +0800] "GET /xingrg/kc/pszx/mdps_order_list.html HTTP/1.1" 200 21036
120.253.135.82 - - [08/Jan/2024:06:18:05 +0800] "POST /xingrg/kc/pszx/jzcl_ps_operate.html HTTP/1.1" 200 21
120.253.135.82 - - [08/Jan/2024:06:18:06 +0800] "POST /xingrg/kc/pszx/mdps_list_operate.html HTTP/1.1" 200 5451
124.78.68.102 - - [08/Jan/2024:06:18:06 +0800] "GET /xingrg/all/function/internal_message.html?_=1704665886809&CODE_STATE=getMsg HTTP/1.1" 200 27
116.230.116.41 - - [08/Jan/2024:06:18:08 +0800] "GET /xingrg/kc/base/wldb_order_operate.html?command=get_materiel&rest_code=00146&base_code=0010063&code=00101019164 HTTP/1.1" 200 466
120.253.135.82 - - [08/Jan/2024:06:18:12 +0800] "GET /xingrg/check_reg.html?_=1704665712575 HTTP/1.1" 200 22
116.230.116.41 - - [08/Jan/2024:06:18:14 +0800] "GET /xingrg/all/function/internal_message.html?_=1704665897082&CODE_STATE=getMsg HTTP/1.1" 200 27
120.253.135.82 - - [08/Jan/2024:06:18:15 +0800] "GET /xingrg/all/function/internal_message.html?_=1704665715368&CODE_STATE=getMsg HTTP/1.1" 200 27
120.253.135.82 - - [08/Jan/2024:06:18:21 +0800] "POST /xingrg/kc/pszx/mdps_list_operate.html HTTP/1.1" 200 2827
120.253.135.82 - - [08/Jan/2024:06:18:23 +0800] "POST /xingrg/kc/pszx/mdps_list_operate.html HTTP/1.1" 200 612
120.253.135.82 - - [08/Jan/2024:06:18:25 +0800] "POST /xingrg/kc/pszx/mdps_list_operate.html HTTP/1.1" 200 213
222.70.180.200 - - [08/Jan/2024:06:18:27 +0800] "GET /xingrg/all/function/internal_message.html?_=1704665907646&CODE_STATE=getMsg HTTP/1.1" 200 27
222.70.180.200 - - [08/Jan/2024:06:18:27 +0800] "GET /xingrg/check_reg.html?_=1704665907648 HTTP/1.1" 200 22
221.239.172.206 - - [08/Jan/2024:06:18:32 +0800] "GET /xingrg/all/function/internal_message.html?_=1704665912504&CODE_STATE=getMsg HTTP/1.1" 200 27
221.239.172.206 - - [08/Jan/2024:06:18:34 +0800] "GET /xingrg/check_reg.html?_=1704665914798 HTTP/1.1" 200 22
120.253.135.82 - - [08/Jan/2024:06:18:34 +0800] "GET /xingrg/kc/pszx/mdps_order_info.html?code=312024010500140 HTTP/1.1" 200 23976
120.253.135.82 - - [08/Jan/2024:06:18:35 +0800] "GET /xingrg/javascript/easyui/themes/default/validatebox.css HTTP/1.1" 404 1104
124.78.68.102 - - [08/Jan/2024:06:18:35 +0800] "GET /xingrg/check_reg.html?_=1704665915617 HTTP/1.1" 200 22
120.253.135.82 - - [08/Jan/2024:06:18:35 +0800] "POST /xingrg/kc/pszx/mdps_order_operate.html HTTP/1.1" 200 2299
116.230.116.41 - - [08/Jan/2024:06:18:37 +0800] "GET /xingrg/kc/base/wldb_order_operate.html?command=get_materiel&rest_code=00146&base_code=0010063&code=00101019391 HTTP/1.1" 200 485
114.95.241.104 - - [08/Jan/2024:06:18:38 +0800] "GET /xingrg/check_reg.html?_=1704665918365 HTTP/1.1" 200 22
114.95.241.104 - - [08/Jan/2024:06:18:38 +0800] "GET /xingrg/all/function/internal_message.html?_=1704665918367&CODE_STATE=getMsg HTTP/1.1" 200 27
120.253.135.82 - - [08/Jan/2024:06:18:42 +0800] "POST /xingrg/kc/pszx/mdps_order_operate.html HTTP/1.1" 200 37
120.253.135.82 - - [08/Jan/2024:06:18:43 +0800] "GET /xingrg/kc/pszx/mdps_order_info.html?code=312024010500140 HTTP/1.1" 200 23976
180.169.147.146 - - [08/Jan/2024:06:18:43 +0800] "GET /xingrg/all/function/internal_message.html?_=1704665923382&CODE_STATE=getMsg HTTP/1.1" 200 27
120.253.135.82 - - [08/Jan/2024:06:18:44 +0800] "GET /xingrg/javascript/easyui/themes/default/validatebox.css HTTP/1.1" 404 1104
116.232.193.168 - - [08/Jan/2024:06:18:44 +0800] "GET /xingrg/all/function/internal_message.html?_=1704665875305&CODE_STATE=getMsg HTTP/1.1" 200 27
120.253.135.82 - - [08/Jan/2024:06:18:44 +0800] "POST /xingrg/kc/pszx/mdps_order_operate.html HTTP/1.1" 200 2299
180.169.147.146 - - [08/Jan/2024:06:18:47 +0800] "GET /xingrg/all/function/internal_message.html?_=1704665927609&CODE_STATE=getMsg HTTP/1.1" 200 27
116.230.116.41 - - [08/Jan/2024:06:18:49 +0800] "GET /xingrg/kc/base/wldb_order_operate.html?command=get_materiel&rest_code=00146&base_code=0010063&code=00101019257 HTTP/1.1" 200 478
120.253.135.82 - - [08/Jan/2024:06:18:52 +0800] "GET /xingrg/kc/pszx/mdps_order_info.html?code=312024010500140 HTTP/1.1" 200 23976
120.253.135.82 - - [08/Jan/2024:06:18:52 +0800] "GET /xingrg/javascript/easyui/themes/default/validatebox.css HTTP/1.1" 404 1104
120.253.135.82 - - [08/Jan/2024:06:18:53 +0800] "POST /xingrg/kc/pszx/mdps_order_operate.html HTTP/1.1" 200 2299
120.253.135.82 - - [08/Jan/2024:06:18:54 +0800] "POST /xingrg/kc/pszx/mdps_list_operate.html HTTP/1.1" 200 2827
116.232.193.168 - - [08/Jan/2024:06:18:55 +0800] "GET /xingrg/check_reg.html?_=1704665886211 HTTP/1.1" 200 22
120.253.135.82 - - [08/Jan/2024:06:18:57 +0800] "POST /xingrg/kc/pszx/mdps_list_operate.html HTTP/1.1" 200 612
120.253.135.82 - - [08/Jan/2024:06:18:59 +0800] "GET /xingrg/kc/pszx/mdps_order_info.html?code=312024010800224 HTTP/1.1" 200 23982
120.253.135.82 - - [08/Jan/2024:06:18:59 +0800] "GET /xingrg/javascript/easyui/themes/default/validatebox.css HTTP/1.1" 404 1104
120.253.135.82 - - [08/Jan/2024:06:19:00 +0800] "POST /xingrg/kc/pszx/mdps_order_operate.html HTTP/1.1" 200 22823
120.253.135.82 - - [08/Jan/2024:06:19:02 +0800] "POST /xingrg/kc/pszx/mdps_order_operate.html HTTP/1.1" 200 37
222.70.180.200 - - [08/Jan/2024:06:19:03 +0800] "GET /xingrg/all/function/internal_message.html?_=1704665943203&CODE_STATE=getMsg HTTP/1.1" 200 27
120.253.135.82 - - [08/Jan/2024:06:19:04 +0800] "GET /xingrg/kc/pszx/mdps_order_info.html?code=312024010800224 HTTP/1.1" 200 23982
120.253.135.82 - - [08/Jan/2024:06:19:05 +0800] "GET /xingrg/javascript/easyui/themes/default/validatebox.css HTTP/1.1" 404 1104
120.253.135.82 - - [08/Jan/2024:06:19:05 +0800] "POST /xingrg/kc/pszx/mdps_order_operate.html HTTP/1.1" 200 23145
124.78.68.102 - - [08/Jan/2024:06:19:06 +0800] "GET /xingrg/all/function/internal_message.html?_=1704665946795&CODE_STATE=getMsg HTTP/1.1" 200 27
116.230.116.41 - - [08/Jan/2024:06:19:14 +0800] "GET /xingrg/all/function/internal_message.html?_=1704665957096&CODE_STATE=getMsg HTTP/1.1" 200 27
120.253.135.82 - - [08/Jan/2024:06:19:15 +0800] "GET /xingrg/all/function/internal_message.html?_=1704665775381&CODE_STATE=getMsg HTTP/1.1" 200 27
116.230.116.41 - - [08/Jan/2024:06:19:17 +0800] "GET /xingrg/kc/base/wldb_order_operate.html?command=get_materiel&rest_code=00146&base_code=0010063&code=00101016094 HTTP/1.1" 200 469
222.70.180.200 - - [08/Jan/2024:06:19:19 +0800] "GET /xingrg/check_reg.html?_=1704665959025 HTTP/1.1" 200 22
222.70.180.200 - - [08/Jan/2024:06:19:27 +0800] "GET /xingrg/all/function/internal_message.html?_=1704665967647&CODE_STATE=getMsg HTTP/1.1" 200 27
116.230.116.41 - - [08/Jan/2024:06:19:28 +0800] "POST /xingrg/kc/base/wldb_order_operate.html HTTP/1.1" 200 37
221.239.172.206 - - [08/Jan/2024:06:19:32 +0800] "GET /xingrg/all/function/internal_message.html?_=1704665972475&CODE_STATE=getMsg HTTP/1.1" 200 27
116.230.116.41 - - [08/Jan/2024:06:19:35 +0800] "POST /xingrg/kc/base/wldb_order_operate.html HTTP/1.1" 200 12
116.230.116.41 - - [08/Jan/2024:06:19:35 +0800] "POST /xingrg/kc/base/wldb_order_operate.html HTTP/1.1" 200 7728
116.230.116.41 - - [08/Jan/2024:06:19:38 +0800] "GET /xingrg/kc/base/wldb_order_info.html?code=422024010800731 HTTP/1.1" 200 26270
114.95.241.104 - - [08/Jan/2024:06:19:38 +0800] "GET /xingrg/all/function/internal_message.html?_=1704665978380&CODE_STATE=getMsg HTTP/1.1" 200 27
116.230.116.41 - - [08/Jan/2024:06:19:38 +0800] "GET /xingrg/javascript/easyui/themes/default/validatebox.css HTTP/1.1" 404 1104
116.230.116.41 - - [08/Jan/2024:06:19:38 +0800] "POST /xingrg/kc/base/wldb_order_operate.html HTTP/1.1" 200 5901
180.169.147.146 - - [08/Jan/2024:06:19:43 +0800] "GET /xingrg/all/function/internal_message.html?_=1704665983362&CODE_STATE=getMsg HTTP/1.1" 200 27
116.232.193.168 - - [08/Jan/2024:06:19:44 +0800] "GET /xingrg/all/function/internal_message.html?_=1704665935285&CODE_STATE=getMsg HTTP/1.1" 200 27
180.169.147.146 - - [08/Jan/2024:06:19:47 +0800] "GET /xingrg/all/function/internal_message.html?_=1704665987605&CODE_STATE=getMsg HTTP/1.1" 200 27
222.70.180.200 - - [08/Jan/2024:06:20:03 +0800] "GET /xingrg/all/function/internal_message.html?_=1704666003177&CODE_STATE=getMsg HTTP/1.1" 200 27
124.78.68.102 - - [08/Jan/2024:06:20:06 +0800] "GET /xingrg/all/function/internal_message.html?_=1704666006774&CODE_STATE=getMsg HTTP/1.1" 200 27
116.230.116.41 - - [08/Jan/2024:06:20:14 +0800] "GET /xingrg/check_reg.html?_=1704666017046 HTTP/1.1" 200 22
116.230.116.41 - - [08/Jan/2024:06:20:14 +0800] "GET /xingrg/all/function/internal_message.html?_=1704666017110&CODE_STATE=getMsg HTTP/1.1" 200 27
120.253.135.82 - - [08/Jan/2024:06:20:15 +0800] "GET /xingrg/all/function/internal_message.html?_=1704665835395&CODE_STATE=getMsg HTTP/1.1" 200 27
222.70.180.200 - - [08/Jan/2024:06:20:27 +0800] "GET /xingrg/all/function/internal_message.html?_=1704666027648&CODE_STATE=getMsg HTTP/1.1" 200 27
221.239.172.206 - - [08/Jan/2024:06:20:32 +0800] "GET /xingrg/all/function/internal_message.html?_=1704666032460&CODE_STATE=getMsg HTTP/1.1" 200 27
114.95.241.104 - - [08/Jan/2024:06:20:38 +0800] "GET /xingrg/all/function/internal_message.html?_=1704666038372&CODE_STATE=getMsg HTTP/1.1" 200 27
180.169.147.146 - - [08/Jan/2024:06:20:43 +0800] "GET /xingrg/all/function/internal_message.html?_=1704666043371&CODE_STATE=getMsg HTTP/1.1" 200 27
116.232.193.168 - - [08/Jan/2024:06:20:44 +0800] "GET /xingrg/all/function/internal_message.html?_=1704665995265&CODE_STATE=getMsg HTTP/1.1" 200 27
180.169.147.146 - - [08/Jan/2024:06:20:47 +0800] "GET /xingrg/all/function/internal_message.html?_=1704666047607&CODE_STATE=getMsg HTTP/1.1" 200 27
116.230.116.41 - - [08/Jan/2024:06:20:54 +0800] "GET /xingrg/kc/base/wldb_order_add.html HTTP/1.1" 200 30391
116.230.116.41 - - [08/Jan/2024:06:20:55 +0800] "POST /xingrg/kc/base/wldb_order_operate.html HTTP/1.1" 200 6806
116.230.116.41 - - [08/Jan/2024:06:20:55 +0800] "GET /xingrg/javascript/easyui/themes/default/validatebox.css HTTP/1.1" 404 1104
222.70.180.200 - - [08/Jan/2024:06:21:03 +0800] "GET /xingrg/all/function/internal_message.html?_=1704666063161&CODE_STATE=getMsg HTTP/1.1" 200 27
124.78.68.102 - - [08/Jan/2024:06:21:06 +0800] "GET /xingrg/all/function/internal_message.html?_=1704666066757&CODE_STATE=getMsg HTTP/1.1" 200 27
116.230.116.41 - - [08/Jan/2024:06:21:13 +0800] "GET /xingrg/kc/base/wldb_order_operate.html?command=get_materiel&rest_code=00146&base_code=0010063&code=00101019026 HTTP/1.1" 200 481
116.230.116.41 - - [08/Jan/2024:06:21:14 +0800] "GET /xingrg/all/function/internal_message.html?_=1704666077123&CODE_STATE=getMsg HTTP/1.1" 200 27
120.253.135.82 - - [08/Jan/2024:06:21:15 +0800] "GET /xingrg/all/function/internal_message.html?_=1704665895516&CODE_STATE=getMsg HTTP/1.1" 200 27
116.230.116.41 - - [08/Jan/2024:06:21:24 +0800] "GET /xingrg/kc/base/wldb_order_operate.html?command=get_materiel&rest_code=00146&base_code=0010063&code=00101019079 HTTP/1.1" 200 479
222.70.180.200 - - [08/Jan/2024:06:21:27 +0800] "GET /xingrg/all/function/internal_message.html?_=1704666087647&CODE_STATE=getMsg HTTP/1.1" 200 27
221.239.172.206 - - [08/Jan/2024:06:21:32 +0800] "GET /xingrg/all/function/internal_message.html?_=1704666092447&CODE_STATE=getMsg HTTP/1.1" 200 27
114.95.241.104 - - [08/Jan/2024:06:21:38 +0800] "GET /xingrg/all/function/internal_message.html?_=1704666098369&CODE_STATE=getMsg HTTP/1.1" 200 27
116.230.116.41 - - [08/Jan/2024:06:21:39 +0800] "GET /xingrg/kc/base/wldb_order_operate.html?command=get_materiel&rest_code=00146&base_code=0010063&code=00101019071 HTTP/1.1" 200 471
180.169.147.146 - - [08/Jan/2024:06:21:43 +0800] "GET /xingrg/all/function/internal_message.html?_=1704666103363&CODE_STATE=getMsg HTTP/1.1" 200 27
116.232.193.168 - - [08/Jan/2024:06:21:44 +0800] "GET /xingrg/all/function/internal_message.html?_=1704666055244&CODE_STATE=getMsg HTTP/1.1" 200 27
180.169.147.146 - - [08/Jan/2024:06:21:47 +0800] "GET /xingrg/all/function/internal_message.html?_=1704666107605&CODE_STATE=getMsg HTTP/1.1" 200 27
116.230.116.41 - - [08/Jan/2024:06:21:49 +0800] "GET /xingrg/kc/base/wldb_order_operate.html?command=get_materiel&rest_code=00146&base_code=0010063&code=00101019295 HTTP/1.1" 200 475
222.70.180.200 - - [08/Jan/2024:06:22:03 +0800] "GET /xingrg/all/function/internal_message.html?_=1704666123146&CODE_STATE=getMsg HTTP/1.1" 200 27
116.230.116.41 - - [08/Jan/2024:06:22:05 +0800] "POST /xingrg/kc/base/wldb_order_operate.html HTTP/1.1" 200 37
124.78.68.102 - - [08/Jan/2024:06:22:06 +0800] "GET /xingrg/all/function/internal_message.html?_=1704666126737&CODE_STATE=getMsg HTTP/1.1" 200 27
116.230.116.41 - - [08/Jan/2024:06:22:11 +0800] "POST /xingrg/kc/base/wldb_order_operate.html HTTP/1.1" 200 12
116.230.116.41 - - [08/Jan/2024:06:22:11 +0800] "POST /xingrg/kc/base/wldb_order_operate.html HTTP/1.1" 200 4236
116.230.116.41 - - [08/Jan/2024:06:22:13 +0800] "GET /xingrg/kc/base/wldb_order_info.html?code=422024010800732 HTTP/1.1" 200 26269
116.230.116.41 - - [08/Jan/2024:06:22:14 +0800] "GET /xingrg/all/function/internal_message.html?_=1704666137198&CODE_STATE=getMsg HTTP/1.1" 200 27
116.230.116.41 - - [08/Jan/2024:06:22:14 +0800] "GET /xingrg/javascript/easyui/themes/default/validatebox.css HTTP/1.1" 404 1104
116.230.116.41 - - [08/Jan/2024:06:22:14 +0800] "POST /xingrg/kc/base/wldb_order_operate.html HTTP/1.1" 200 2486
120.253.135.82 - - [08/Jan/2024:06:22:15 +0800] "GET /xingrg/all/function/internal_message.html?_=1704665955531&CODE_STATE=getMsg HTTP/1.1" 200 27
222.70.180.200 - - [08/Jan/2024:06:22:27 +0800] "GET /xingrg/all/function/internal_message.html?_=1704666147647&CODE_STATE=getMsg HTTP/1.1" 200 27
221.239.172.206 - - [08/Jan/2024:06:22:32 +0800] "GET /xingrg/all/function/internal_message.html?_=1704666152431&CODE_STATE=getMsg HTTP/1.1" 200 27
114.95.241.104 - - [08/Jan/2024:06:22:38 +0800] "GET /xingrg/all/function/internal_message.html?_=1704666158365&CODE_STATE=getMsg HTTP/1.1" 200 27
180.169.147.146 - - [08/Jan/2024:06:22:43 +0800] "GET /xingrg/all/function/internal_message.html?_=1704666163370&CODE_STATE=getMsg HTTP/1.1" 200 27
180.169.147.146 - - [08/Jan/2024:06:22:43 +0800] "GET /xingrg/check_reg.html?_=1704666163376 HTTP/1.1" 200 22
116.232.193.168 - - [08/Jan/2024:06:22:44 +0800] "GET /xingrg/all/function/internal_message.html?_=1704666115226&CODE_STATE=getMsg HTTP/1.1" 200 27
180.169.147.146 - - [08/Jan/2024:06:22:47 +0800] "GET /xingrg/all/function/internal_message.html?_=1704666167597&CODE_STATE=getMsg HTTP/1.1" 200 27
180.169.147.146 - - [08/Jan/2024:06:22:47 +0800] "GET /xingrg/check_reg.html?_=1704666167599 HTTP/1.1" 200 22
124.78.154.219 - - [08/Jan/2024:06:23:00 +0800] "POST /xingrg/services/DataTransmitService HTTP/1.1" 200 524
222.70.180.200 - - [08/Jan/2024:06:23:03 +0800] "GET /xingrg/all/function/internal_message.html?_=1704666183131&CODE_STATE=getMsg HTTP/1.1" 200 27
124.78.68.102 - - [08/Jan/2024:06:23:06 +0800] "GET /xingrg/all/function/internal_message.html?_=1704666186710&CODE_STATE=getMsg HTTP/1.1" 200 27
120.253.135.82 - - [08/Jan/2024:06:23:13 +0800] "GET /xingrg/check_reg.html?_=1704666012677 HTTP/1.1" 200 22
116.230.116.41 - - [08/Jan/2024:06:23:14 +0800] "GET /xingrg/all/function/internal_message.html?_=1704666197214&CODE_STATE=getMsg HTTP/1.1" 200 27
120.253.135.82 - - [08/Jan/2024:06:23:15 +0800] "GET /xingrg/all/function/internal_message.html?_=1704666015545&CODE_STATE=getMsg HTTP/1.1" 200 27
222.70.180.200 - - [08/Jan/2024:06:23:27 +0800] "GET /xingrg/all/function/internal_message.html?_=1704666207647&CODE_STATE=getMsg HTTP/1.1" 200 27
222.70.180.200 - - [08/Jan/2024:06:23:27 +0800] "GET /xingrg/check_reg.html?_=1704666207650 HTTP/1.1" 200 22
221.239.172.206 - - [08/Jan/2024:06:23:32 +0800] "GET /xingrg/all/function/internal_message.html?_=1704666212416&CODE_STATE=getMsg HTTP/1.1" 200 27
221.239.172.206 - - [08/Jan/2024:06:23:34 +0800] "GET /xingrg/check_reg.html?_=1704666214805 HTTP/1.1" 200 22
124.78.68.102 - - [08/Jan/2024:06:23:35 +0800] "GET /xingrg/check_reg.html?_=1704666215597 HTTP/1.1" 200 22
114.95.241.104 - - [08/Jan/2024:06:23:38 +0800] "GET /xingrg/check_reg.html?_=1704666218381 HTTP/1.1" 200 22
114.95.241.104 - - [08/Jan/2024:06:23:38 +0800] "GET /xingrg/all/function/internal_message.html?_=1704666218383&CODE_STATE=getMsg HTTP/1.1" 200 27
180.169.147.146 - - [08/Jan/2024:06:23:43 +0800] "GET /xingrg/all/function/internal_message.html?_=1704666223369&CODE_STATE=getMsg HTTP/1.1" 200 27
116.232.193.168 - - [08/Jan/2024:06:23:44 +0800] "GET /xingrg/all/function/internal_message.html?_=1704666175211&CODE_STATE=getMsg HTTP/1.1" 200 27
180.169.147.146 - - [08/Jan/2024:06:23:47 +0800] "GET /xingrg/all/function/internal_message.html?_=1704666227621&CODE_STATE=getMsg HTTP/1.1" 200 27
120.253.135.82 - - [08/Jan/2024:06:23:49 +0800] "POST /xingrg/all/common/load_select.html HTTP/1.1" 200 25
120.253.135.82 - - [08/Jan/2024:06:23:55 +0800] "GET /xingrg/kc/pszx/mdps_order_operate.html?command=get_materiel_price&pszx_code=00101&rest_code=00155&base_code=0010246&code=00101019222&unit_code=00100130&order_time=2024-01-09 HTTP/1.1" 200 34
116.232.193.168 - - [08/Jan/2024:06:23:55 +0800] "GET /xingrg/check_reg.html?_=1704666186189 HTTP/1.1" 200 22
222.70.180.200 - - [08/Jan/2024:06:24:03 +0800] "GET /xingrg/all/function/internal_message.html?_=1704666243116&CODE_STATE=getMsg HTTP/1.1" 200 27
124.78.68.102 - - [08/Jan/2024:06:24:06 +0800] "GET /xingrg/all/function/internal_message.html?_=1704666246707&CODE_STATE=getMsg HTTP/1.1" 200 27
120.253.135.82 - - [08/Jan/2024:06:24:09 +0800] "POST /xingrg/kc/pszx/mdps_order_operate.html HTTP/1.1" 200 37
120.253.135.82 - - [08/Jan/2024:06:24:11 +0800] "GET /xingrg/kc/pszx/mdps_order_info.html?code=312024010800224 HTTP/1.1" 200 23982
120.253.135.82 - - [08/Jan/2024:06:24:12 +0800] "GET /xingrg/javascript/easyui/themes/default/validatebox.css HTTP/1.1" 404 1104
120.253.135.82 - - [08/Jan/2024:06:24:12 +0800] "POST /xingrg/kc/pszx/mdps_order_operate.html HTTP/1.1" 200 23146
116.230.116.41 - - [08/Jan/2024:06:24:14 +0800] "GET /xingrg/all/function/internal_message.html?_=1704666257227&CODE_STATE=getMsg HTTP/1.1" 200 27
120.253.135.82 - - [08/Jan/2024:06:24:15 +0800] "GET /xingrg/all/function/internal_message.html?_=1704666075558&CODE_STATE=getMsg HTTP/1.1" 200 27
222.70.180.200 - - [08/Jan/2024:06:24:19 +0800] "GET /xingrg/check_reg.html?_=1704666259020 HTTP/1.1" 200 22
222.70.180.200 - - [08/Jan/2024:06:24:27 +0800] "GET /xingrg/all/function/internal_message.html?_=1704666267650&CODE_STATE=getMsg HTTP/1.1" 200 27
221.239.172.206 - - [08/Jan/2024:06:24:32 +0800] "GET /xingrg/all/function/internal_message.html?_=1704666272392&CODE_STATE=getMsg HTTP/1.1" 200 27
114.95.241.104 - - [08/Jan/2024:06:24:38 +0800] "GET /xingrg/all/function/internal_message.html?_=1704666278381&CODE_STATE=getMsg HTTP/1.1" 200 27
180.169.147.146 - - [08/Jan/2024:06:24:43 +0800] "GET /xingrg/all/function/internal_message.html?_=1704666283357&CODE_STATE=getMsg HTTP/1.1" 200 27
116.232.193.168 - - [08/Jan/2024:06:24:44 +0800] "GET /xingrg/all/function/internal_message.html?_=1704666235205&CODE_STATE=getMsg HTTP/1.1" 200 27
180.169.147.146 - - [08/Jan/2024:06:24:47 +0800] "GET /xingrg/all/function/internal_message.html?_=1704666287614&CODE_STATE=getMsg HTTP/1.1" 200 27
222.70.180.200 - - [08/Jan/2024:06:25:03 +0800] "GET /xingrg/all/function/internal_message.html?_=1704666303092&CODE_STATE=getMsg HTTP/1.1" 200 27
124.78.68.102 - - [08/Jan/2024:06:25:06 +0800] "GET /xingrg/all/function/internal_message.html?_=1704666306690&CODE_STATE=getMsg HTTP/1.1" 200 27
116.230.116.41 - - [08/Jan/2024:06:25:14 +0800] "GET /xingrg/check_reg.html?_=1704666317188 HTTP/1.1" 200 22
116.230.116.41 - - [08/Jan/2024:06:25:14 +0800] "GET /xingrg/all/function/internal_message.html?_=1704666317240&CODE_STATE=getMsg HTTP/1.1" 200 27
120.253.135.82 - - [08/Jan/2024:06:25:15 +0800] "GET /xingrg/all/function/internal_message.html?_=1704666135572&CODE_STATE=getMsg HTTP/1.1" 200 27
222.70.180.200 - - [08/Jan/2024:06:25:27 +0800] "GET /xingrg/all/function/internal_message.html?_=1704666327650&CODE_STATE=getMsg HTTP/1.1" 200 27
221.239.172.206 - - [08/Jan/2024:06:25:32 +0800] "GET /xingrg/all/function/internal_message.html?_=1704666332362&CODE_STATE=getMsg HTTP/1.1" 200 27
114.95.241.104 - - [08/Jan/2024:06:25:38 +0800] "GET /xingrg/all/function/internal_message.html?_=1704666338378&CODE_STATE=getMsg HTTP/1.1" 200 27
180.169.147.146 - - [08/Jan/2024:06:25:43 +0800] "GET /xingrg/all/function/internal_message.html?_=1704666343364&CODE_STATE=getMsg HTTP/1.1" 200 27
116.232.193.168 - - [08/Jan/2024:06:25:44 +0800] "GET /xingrg/all/function/internal_message.html?_=1704666295180&CODE_STATE=getMsg HTTP/1.1" 200 27
180.169.147.146 - - [08/Jan/2024:06:25:47 +0800] "GET /xingrg/all/function/internal_message.html?_=1704666347609&CODE_STATE=getMsg HTTP/1.1" 200 27
120.253.135.82 - - [08/Jan/2024:06:25:59 +0800] "POST /xingrg/kc/pszx/mdps_order_operate.html HTTP/1.1" 200 37
120.253.135.82 - - [08/Jan/2024:06:26:01 +0800] "GET /xingrg/kc/pszx/mdps_order_info.html?code=312024010800224 HTTP/1.1" 200 23982
120.253.135.82 - - [08/Jan/2024:06:26:02 +0800] "GET /xingrg/javascript/easyui/themes/default/validatebox.css HTTP/1.1" 404 1104
120.253.135.82 - - [08/Jan/2024:06:26:02 +0800] "POST /xingrg/kc/pszx/mdps_order_operate.html HTTP/1.1" 200 23146
222.70.180.200 - - [08/Jan/2024:06:26:03 +0800] "GET /xingrg/all/function/internal_message.html?_=1704666363067&CODE_STATE=getMsg HTTP/1.1" 200 27
124.78.68.102 - - [08/Jan/2024:06:26:06 +0800] "GET /xingrg/all/function/internal_message.html?_=1704666366671&CODE_STATE=getMsg HTTP/1.1" 200 27
116.230.116.41 - - [08/Jan/2024:06:26:14 +0800] "GET /xingrg/all/function/internal_message.html?_=1704666377254&CODE_STATE=getMsg HTTP/1.1" 200 27
120.253.135.82 - - [08/Jan/2024:06:26:15 +0800] "GET /xingrg/all/function/internal_message.html?_=1704666195585&CODE_STATE=getMsg HTTP/1.1" 200 27
222.70.180.200 - - [08/Jan/2024:06:26:27 +0800] "GET /xingrg/all/function/internal_message.html?_=1704666387650&CODE_STATE=getMsg HTTP/1.1" 200 27
221.239.172.206 - - [08/Jan/2024:06:26:32 +0800] "GET /xingrg/all/function/internal_message.html?_=1704666392347&CODE_STATE=getMsg HTTP/1.1" 200 27
114.95.241.104 - - [08/Jan/2024:06:26:38 +0800] "GET /xingrg/all/function/internal_message.html?_=1704666398378&CODE_STATE=getMsg HTTP/1.1" 200 27
180.169.147.146 - - [08/Jan/2024:06:26:43 +0800] "GET /xingrg/all/function/internal_message.html?_=1704666403369&CODE_STATE=getMsg HTTP/1.1" 200 27
116.232.193.168 - - [08/Jan/2024:06:26:44 +0800] "GET /xingrg/all/function/internal_message.html?_=1704666355157&CODE_STATE=getMsg HTTP/1.1" 200 27
180.169.147.146 - - [08/Jan/2024:06:26:47 +0800] "GET /xingrg/all/function/internal_message.html?_=1704666407609&CODE_STATE=getMsg HTTP/1.1" 200 27
222.70.180.200 - - [08/Jan/2024:06:27:03 +0800] "GET /xingrg/all/function/internal_message.html?_=1704666423042&CODE_STATE=getMsg HTTP/1.1" 200 27
124.78.68.102 - - [08/Jan/2024:06:27:06 +0800] "GET /xingrg/all/function/internal_message.html?_=1704666426653&CODE_STATE=getMsg HTTP/1.1" 200 27
116.230.116.41 - - [08/Jan/2024:06:27:14 +0800] "GET /xingrg/all/function/internal_message.html?_=1704666437266&CODE_STATE=getMsg HTTP/1.1" 200 27
120.253.135.82 - - [08/Jan/2024:06:27:15 +0800] "GET /xingrg/all/function/internal_message.html?_=1704666255599&CODE_STATE=getMsg HTTP/1.1" 200 27
222.70.180.200 - - [08/Jan/2024:06:27:27 +0800] "GET /xingrg/all/function/internal_message.html?_=1704666447649&CODE_STATE=getMsg HTTP/1.1" 200 27
221.239.172.206 - - [08/Jan/2024:06:27:32 +0800] "GET /xingrg/all/function/internal_message.html?_=1704666452333&CODE_STATE=getMsg HTTP/1.1" 200 27
114.95.241.104 - - [08/Jan/2024:06:27:38 +0800] "GET /xingrg/all/function/internal_message.html?_=1704666458374&CODE_STATE=getMsg HTTP/1.1" 200 27
180.169.147.146 - - [08/Jan/2024:06:27:43 +0800] "GET /xingrg/all/function/internal_message.html?_=1704666463360&CODE_STATE=getMsg HTTP/1.1" 200 27
180.169.147.146 - - [08/Jan/2024:06:27:43 +0800] "GET /xingrg/check_reg.html?_=1704666463362 HTTP/1.1" 200 22
116.232.193.168 - - [08/Jan/2024:06:27:44 +0800] "GET /xingrg/all/function/internal_message.html?_=1704666415136&CODE_STATE=getMsg HTTP/1.1" 200 27
180.169.147.146 - - [08/Jan/2024:06:27:47 +0800] "GET /xingrg/check_reg.html?_=1704666467599 HTTP/1.1" 200 22
180.169.147.146 - - [08/Jan/2024:06:27:47 +0800] "GET /xingrg/all/function/internal_message.html?_=1704666467601&CODE_STATE=getMsg HTTP/1.1" 200 27
222.70.180.200 - - [08/Jan/2024:06:28:03 +0800] "GET /xingrg/all/function/internal_message.html?_=1704666483027&CODE_STATE=getMsg HTTP/1.1" 200 27
124.78.68.102 - - [08/Jan/2024:06:28:06 +0800] "GET /xingrg/all/function/internal_message.html?_=1704666486625&CODE_STATE=getMsg HTTP/1.1" 200 27
120.253.135.82 - - [08/Jan/2024:06:28:13 +0800] "GET /xingrg/check_reg.html?_=1704666312795 HTTP/1.1" 200 22
116.230.116.41 - - [08/Jan/2024:06:28:14 +0800] "GET /xingrg/all/function/internal_message.html?_=1704666497343&CODE_STATE=getMsg HTTP/1.1" 200 27
120.253.135.82 - - [08/Jan/2024:06:28:15 +0800] "GET /xingrg/all/function/internal_message.html?_=1704666315613&CODE_STATE=getMsg HTTP/1.1" 200 27
120.253.135.82 - - [08/Jan/2024:06:28:26 +0800] "POST /xingrg/kc/pszx/mdps_order_operate.html HTTP/1.1" 200 37
120.253.135.82 - - [08/Jan/2024:06:28:27 +0800] "GET /xingrg/kc/pszx/mdps_order_info.html?code=312024010800224 HTTP/1.1" 200 23982
222.70.180.200 - - [08/Jan/2024:06:28:27 +0800] "GET /xingrg/all/function/internal_message.html?_=1704666507648&CODE_STATE=getMsg HTTP/1.1" 200 27
222.70.180.200 - - [08/Jan/2024:06:28:27 +0800] "GET /xingrg/check_reg.html?_=1704666507651 HTTP/1.1" 200 22
120.253.135.82 - - [08/Jan/2024:06:28:28 +0800] "GET /xingrg/javascript/easyui/themes/default/validatebox.css HTTP/1.1" 404 1104
120.253.135.82 - - [08/Jan/2024:06:28:28 +0800] "POST /xingrg/kc/pszx/mdps_order_operate.html HTTP/1.1" 200 23144
120.253.135.82 - - [08/Jan/2024:06:28:29 +0800] "POST /xingrg/kc/pszx/mdps_list_operate.html HTTP/1.1" 200 2826
221.239.172.206 - - [08/Jan/2024:06:28:32 +0800] "GET /xingrg/all/function/internal_message.html?_=1704666512317&CODE_STATE=getMsg HTTP/1.1" 200 27
120.253.135.82 - - [08/Jan/2024:06:28:33 +0800] "POST /xingrg/kc/pszx/mdps_list_operate.html HTTP/1.1" 200 632
221.239.172.206 - - [08/Jan/2024:06:28:34 +0800] "GET /xingrg/check_reg.html?_=1704666514800 HTTP/1.1" 200 22
124.78.68.102 - - [08/Jan/2024:06:28:35 +0800] "GET /xingrg/check_reg.html?_=1704666515579 HTTP/1.1" 200 22
120.253.135.82 - - [08/Jan/2024:06:28:35 +0800] "GET /xingrg/kc/pszx/mdps_order_info.html?code=312024010800225 HTTP/1.1" 200 23982
120.253.135.82 - - [08/Jan/2024:06:28:36 +0800] "GET /xingrg/javascript/easyui/themes/default/validatebox.css HTTP/1.1" 404 1104
120.253.135.82 - - [08/Jan/2024:06:28:36 +0800] "POST /xingrg/kc/pszx/mdps_order_operate.html HTTP/1.1" 200 11207
114.95.241.104 - - [08/Jan/2024:06:28:38 +0800] "GET /xingrg/all/function/internal_message.html?_=1704666518369&CODE_STATE=getMsg HTTP/1.1" 200 27
114.95.241.104 - - [08/Jan/2024:06:28:38 +0800] "GET /xingrg/check_reg.html?_=1704666518370 HTTP/1.1" 200 22
120.253.135.82 - - [08/Jan/2024:06:28:40 +0800] "POST /xingrg/all/common/load_combo.html?type=base HTTP/1.1" 200 1169
180.169.147.146 - - [08/Jan/2024:06:28:43 +0800] "GET /xingrg/all/function/internal_message.html?_=1704666523373&CODE_STATE=getMsg HTTP/1.1" 200 27
116.232.193.168 - - [08/Jan/2024:06:28:44 +0800] "GET /xingrg/all/function/internal_message.html?_=1704666475122&CODE_STATE=getMsg HTTP/1.1" 200 27
120.253.135.82 - - [08/Jan/2024:06:28:44 +0800] "POST /xingrg/kc/pszx/mdps_order_operate.html HTTP/1.1" 200 37
120.253.135.82 - - [08/Jan/2024:06:28:45 +0800] "GET /xingrg/kc/pszx/mdps_order_info.html?code=312024010800225 HTTP/1.1" 200 23982
120.253.135.82 - - [08/Jan/2024:06:28:46 +0800] "GET /xingrg/javascript/easyui/themes/default/validatebox.css HTTP/1.1" 404 1104
120.253.135.82 - - [08/Jan/2024:06:28:46 +0800] "POST /xingrg/kc/pszx/mdps_order_operate.html HTTP/1.1" 200 11364
180.169.147.146 - - [08/Jan/2024:06:28:47 +0800] "GET /xingrg/all/function/internal_message.html?_=1704666527615&CODE_STATE=getMsg HTTP/1.1" 200 27
116.232.193.168 - - [08/Jan/2024:06:28:55 +0800] "GET /xingrg/check_reg.html?_=1704666486183 HTTP/1.1" 200 22
124.78.154.219 - - [08/Jan/2024:06:29:00 +0800] "POST /xingrg/services/DataTransmitService HTTP/1.1" 200 524
222.70.180.200 - - [08/Jan/2024:06:29:03 +0800] "GET /xingrg/all/function/internal_message.html?_=1704666543011&CODE_STATE=getMsg HTTP/1.1" 200 27
124.78.68.102 - - [08/Jan/2024:06:29:06 +0800] "GET /xingrg/all/function/internal_message.html?_=1704666546604&CODE_STATE=getMsg HTTP/1.1" 200 27
116.230.116.41 - - [08/Jan/2024:06:29:14 +0800] "GET /xingrg/all/function/internal_message.html?_=1704666557356&CODE_STATE=getMsg HTTP/1.1" 200 27
120.253.135.82 - - [08/Jan/2024:06:29:16 +0800] "GET /xingrg/all/function/internal_message.html?_=1704666375626&CODE_STATE=getMsg HTTP/1.1" 200 27
116.230.116.41 - - [08/Jan/2024:06:29:16 +0800] "GET /xingrg/kc/base/wldb_order_add.html HTTP/1.1" 200 30391
116.230.116.41 - - [08/Jan/2024:06:29:17 +0800] "POST /xingrg/kc/base/wldb_order_operate.html HTTP/1.1" 200 6806
116.230.116.41 - - [08/Jan/2024:06:29:17 +0800] "GET /xingrg/javascript/easyui/themes/default/validatebox.css HTTP/1.1" 404 1104
222.70.180.200 - - [08/Jan/2024:06:29:19 +0800] "GET /xingrg/check_reg.html?_=1704666559018 HTTP/1.1" 200 22
120.253.135.82 - - [08/Jan/2024:06:29:20 +0800] "GET /xingrg/kc/pszx/mdps_order_operate.html?command=get_materiel&pszx_code=00101&rest_code=00155&base_code=0010250&code=00102002006 HTTP/1.1" 200 467
124.78.68.102 - - [08/Jan/2024:06:29:23 +0800] "POST /xingrg/services/DataTransmitService HTTP/1.1" 200 524
222.70.180.200 - - [08/Jan/2024:06:29:27 +0800] "GET /xingrg/all/function/internal_message.html?_=1704666567651&CODE_STATE=getMsg HTTP/1.1" 200 27
221.239.172.206 - - [08/Jan/2024:06:29:32 +0800] "GET /xingrg/all/function/internal_message.html?_=1704666572291&CODE_STATE=getMsg HTTP/1.1" 200 27
114.95.241.104 - - [08/Jan/2024:06:29:38 +0800] "GET /xingrg/all/function/internal_message.html?_=1704666578369&CODE_STATE=getMsg HTTP/1.1" 200 27
180.169.147.146 - - [08/Jan/2024:06:29:43 +0800] "GET /xingrg/all/function/internal_message.html?_=1704666583365&CODE_STATE=getMsg HTTP/1.1" 200 27
116.232.193.168 - - [08/Jan/2024:06:29:44 +0800] "GET /xingrg/all/function/internal_message.html?_=1704666535097&CODE_STATE=getMsg HTTP/1.1" 200 27
116.230.116.41 - - [08/Jan/2024:06:29:44 +0800] "GET /xingrg/kc/base/wldb_order_operate.html?command=get_materiel&rest_code=00146&base_code=0010063&code=00101019084 HTTP/1.1" 200 473
180.169.147.146 - - [08/Jan/2024:06:29:47 +0800] "GET /xingrg/all/function/internal_message.html?_=1704666587607&CODE_STATE=getMsg HTTP/1.1" 200 27
120.253.135.82 - - [08/Jan/2024:06:29:51 +0800] "POST /xingrg/kc/pszx/mdps_order_operate.html HTTP/1.1" 200 37
116.230.116.41 - - [08/Jan/2024:06:29:53 +0800] "GET /xingrg/kc/base/wldb_order_operate.html?command=get_materiel&rest_code=00146&base_code=0010063&code=00101019450 HTTP/1.1" 200 482
120.253.135.82 - - [08/Jan/2024:06:29:54 +0800] "GET /xingrg/kc/pszx/mdps_order_info.html?code=312024010800225 HTTP/1.1" 200 23982
120.253.135.82 - - [08/Jan/2024:06:29:55 +0800] "GET /xingrg/javascript/easyui/themes/default/validatebox.css HTTP/1.1" 404 1104
120.253.135.82 - - [08/Jan/2024:06:29:56 +0800] "POST /xingrg/kc/pszx/mdps_order_operate.html HTTP/1.1" 200 11387
116.230.116.41 - - [08/Jan/2024:06:30:01 +0800] "GET /xingrg/kc/base/wldb_order_operate.html?command=get_materiel&rest_code=00146&base_code=0010063&code=00101019313 HTTP/1.1" 200 457
222.70.180.200 - - [08/Jan/2024:06:30:03 +0800] "GET /xingrg/all/function/internal_message.html?_=1704666602981&CODE_STATE=getMsg HTTP/1.1" 200 27
124.78.68.102 - - [08/Jan/2024:06:30:06 +0800] "GET /xingrg/all/function/internal_message.html?_=1704666606575&CODE_STATE=getMsg HTTP/1.1" 200 27
120.253.135.82 - - [08/Jan/2024:06:30:12 +0800] "POST /xingrg/kc/pszx/mdps_order_operate.html HTTP/1.1" 200 37
116.230.116.41 - - [08/Jan/2024:06:30:14 +0800] "GET /xingrg/check_reg.html?_=1704666617189 HTTP/1.1" 200 22
116.230.116.41 - - [08/Jan/2024:06:30:14 +0800] "GET /xingrg/all/function/internal_message.html?_=1704666617370&CODE_STATE=getMsg HTTP/1.1" 200 27
120.253.135.82 - - [08/Jan/2024:06:30:15 +0800] "GET /xingrg/kc/pszx/mdps_order_info.html?code=312024010800225 HTTP/1.1" 200 23982
120.253.135.82 - - [08/Jan/2024:06:30:16 +0800] "GET /xingrg/javascript/easyui/themes/default/validatebox.css HTTP/1.1" 404 1104
120.253.135.82 - - [08/Jan/2024:06:30:16 +0800] "GET /xingrg/all/function/internal_message.html?_=1704666435640&CODE_STATE=getMsg HTTP/1.1" 200 27
120.253.135.82 - - [08/Jan/2024:06:30:16 +0800] "POST /xingrg/kc/pszx/mdps_order_operate.html HTTP/1.1" 200 11387
