116.224.122.193 - - [03/Jan/2024:09:10:02 +0800] "GET /xingrg/all/function/internal_message.html?_=1704244201847&CODE_STATE=getMsg HTTP/1.1" 200 27
124.78.154.219 - - [03/Jan/2024:09:10:02 +0800] "GET /xingrg/kc/buy/cgsh_order_operate.html?command=get_materiel&rest_code=00106&code=00101006240&supplier_code=00100096&order_time=2024-01-03 HTTP/1.1" 200 424
222.69.132.144 - - [03/Jan/2024:09:10:04 +0800] "GET /xingrg/kc/base/wldb_order_operate.html?command=get_materiel&rest_code=00154&base_code=0010724&code=00101012077 HTTP/1.1" 200 436
114.83.218.109 - - [03/Jan/2024:09:10:06 +0800] "GET /xingrg/kc/buy/cgsh_order_operate.html?command=get_materiel&rest_code=00149&code=00101015147&supplier_code=00100008&order_time=2024-01-03 HTTP/1.1" 200 410
116.232.193.168 - - [03/Jan/2024:09:10:08 +0800] "GET /xingrg/all/function/internal_message.html?_=1704244170222&CODE_STATE=getMsg HTTP/1.1" 200 27
114.95.241.104 - - [03/Jan/2024:09:10:10 +0800] "POST /xingrg/login.do HTTP/1.1" 302 -
114.95.241.104 - - [03/Jan/2024:09:10:10 +0800] "GET /xingrg/index.html?sysBaseUrl=http%3A%2F%2F180.169.147.146%3A18081%2Fxingrg%2F&costTime=859×tamp=1704244210119 HTTP/1.1" 200 17179
114.95.241.104 - - [03/Jan/2024:09:10:10 +0800] "GET /favicon.ico HTTP/1.1" 404 -
114.95.241.104 - - [03/Jan/2024:09:10:10 +0800] "GET /xingrg/all/function/internal_message.html?_=1704244210145&CODE_STATE=count HTTP/1.1" 200 11
114.95.241.104 - - [03/Jan/2024:09:10:10 +0800] "GET /xingrg/check_reg.html?_=1704244210146 HTTP/1.1" 200 22
114.95.241.104 - - [03/Jan/2024:09:10:10 +0800] "POST /xingrg/all/common/load_tree.html?tree=area_rest_tree_json&manage=1 HTTP/1.1" 200 476
114.95.241.104 - - [03/Jan/2024:09:10:10 +0800] "POST /xingrg/load_menu.html HTTP/1.1" 200 5138
222.69.132.144 - - [03/Jan/2024:09:10:11 +0800] "GET /xingrg/kc/base/wldb_order_operate.html?command=get_materiel&rest_code=00154&base_code=0010724&code=00101040002 HTTP/1.1" 200 461
101.80.228.56 - - [03/Jan/2024:09:10:13 +0800] "GET /xingrg/check_reg.html?_=1704244216367 HTTP/1.1" 200 22
101.80.228.56 - - [03/Jan/2024:09:10:13 +0800] "GET /xingrg/all/function/internal_message.html?_=1704244216369&CODE_STATE=getMsg HTTP/1.1" 200 27
114.95.241.104 - - [03/Jan/2024:09:10:14 +0800] "POST /xingrg/all/user/operate.html HTTP/1.1" 200 36
114.95.241.104 - - [03/Jan/2024:09:10:14 +0800] "GET /xingrg/index.html?sysBaseUrl=http%3A%2F%2F180.169.147.146%3A18081%2Fxingrg%2F&costTime=859×tamp=1704244210119 HTTP/1.1" 200 17177
114.95.241.104 - - [03/Jan/2024:09:10:14 +0800] "GET /xingrg/javascript/jquery_easy_ui/themes/default/easyui.css HTTP/1.1" 304 -
114.95.241.104 - - [03/Jan/2024:09:10:14 +0800] "GET /xingrg/javascript/jquery_easy_ui/themes/icon.css HTTP/1.1" 304 -
114.95.241.104 - - [03/Jan/2024:09:10:14 +0800] "GET /xingrg/css/form.css HTTP/1.1" 304 -
114.95.241.104 - - [03/Jan/2024:09:10:14 +0800] "GET /xingrg/javascript/jquery-1.4.2.min.js HTTP/1.1" 304 -
114.95.241.104 - - [03/Jan/2024:09:10:14 +0800] "GET /xingrg/javascript/jquery_easy_ui/jquery.easyui.min.js HTTP/1.1" 304 -
114.95.241.104 - - [03/Jan/2024:09:10:14 +0800] "GET /xingrg/javascript/jquery_easy_ui/easyui-lang-zh_CN.js HTTP/1.1" 304 -
114.95.241.104 - - [03/Jan/2024:09:10:14 +0800] "GET /xingrg/javascript/jquery.form.js HTTP/1.1" 304 -
114.95.241.104 - - [03/Jan/2024:09:10:14 +0800] "GET /xingrg/javascript/jquery.utils.js HTTP/1.1" 304 -
114.95.241.104 - - [03/Jan/2024:09:10:14 +0800] "GET /xingrg/javascript/jquery.timers.js HTTP/1.1" 304 -
114.95.241.104 - - [03/Jan/2024:09:10:14 +0800] "GET /xingrg/images/blue/jxLogo.png HTTP/1.1" 304 -
114.95.241.104 - - [03/Jan/2024:09:10:14 +0800] "GET /xingrg/images/blue/navBackgound.jpg HTTP/1.1" 304 -
114.95.241.104 - - [03/Jan/2024:09:10:14 +0800] "GET /xingrg/javascript/jquery_easy_ui/themes/icons/settle_new.png HTTP/1.1" 304 -
114.95.241.104 - - [03/Jan/2024:09:10:14 +0800] "GET /xingrg/all/function/internal_message.html?_=1704244214584&CODE_STATE=count HTTP/1.1" 200 11
114.95.241.104 - - [03/Jan/2024:09:10:14 +0800] "GET /xingrg/check_reg.html?_=1704244214584 HTTP/1.1" 200 22
114.95.241.104 - - [03/Jan/2024:09:10:14 +0800] "GET /xingrg/javascript/jquery_easy_ui/themes/default/images/panel_tool_collapse.gif HTTP/1.1" 304 -
114.95.241.104 - - [03/Jan/2024:09:10:14 +0800] "GET /xingrg/images/blue/pingpu.png HTTP/1.1" 304 -
114.95.241.104 - - [03/Jan/2024:09:10:14 +0800] "GET /xingrg/javascript/jquery_easy_ui/themes/default/images/tabs_leftarrow.png HTTP/1.1" 304 -
114.95.241.104 - - [03/Jan/2024:09:10:14 +0800] "GET /xingrg/javascript/jquery_easy_ui/themes/default/images/tabs_rightarrow.png HTTP/1.1" 304 -
114.95.241.104 - - [03/Jan/2024:09:10:14 +0800] "POST /xingrg/all/common/load_tree.html?tree=area_rest_tree_json&manage=1 HTTP/1.1" 200 476
114.95.241.104 - - [03/Jan/2024:09:10:15 +0800] "POST /xingrg/load_menu.html HTTP/1.1" 200 5138
222.69.132.144 - - [03/Jan/2024:09:10:16 +0800] "POST /xingrg/all/common/load_select.html HTTP/1.1" 200 25
114.95.241.104 - - [03/Jan/2024:09:10:17 +0800] "GET /xingrg/kc/buy/cgsh_order_list.html HTTP/1.1" 200 57116
222.69.132.144 - - [03/Jan/2024:09:10:18 +0800] "GET /xingrg/kc/base/wldb_order_operate.html?command=get_materiel_price&rest_code=00154&base_code=0010724&code=00101040002&unit_code=00100619 HTTP/1.1" 200 37
114.95.241.104 - - [03/Jan/2024:09:10:20 +0800] "POST /xingrg/kc/buy/cgsh_list_operate.html HTTP/1.1" 200 986
180.163.30.27 - - [03/Jan/2024:09:10:21 +0800] "GET /xingrg/kc/buy/cgsh_order_operate.html?command=get_materiel&rest_code=00106&code=00101012059&supplier_code=00100096&order_time=2024-01-03 HTTP/1.1" 302 -
180.163.30.27 - - [03/Jan/2024:09:10:21 +0800] "GET /xingrg/login.html HTTP/1.1" 200 7641
114.83.218.109 - - [03/Jan/2024:09:10:21 +0800] "GET /xingrg/kc/buy/cgsh_order_operate.html?command=get_materiel&rest_code=00149&code=00101008060&supplier_code=00100008&order_time=2024-01-03 HTTP/1.1" 200 416
114.95.241.104 - - [03/Jan/2024:09:10:22 +0800] "GET /xingrg/kc/buy/cgsh_order_add.html HTTP/1.1" 200 72504
114.95.241.104 - - [03/Jan/2024:09:10:22 +0800] "POST /xingrg/kc/buy/cgsh_order_operate.html HTTP/1.1" 200 8245
114.95.241.104 - - [03/Jan/2024:09:10:22 +0800] "GET /xingrg/javascript/easyui/themes/default/validatebox.css HTTP/1.1" 404 1104
114.95.241.104 - - [03/Jan/2024:09:10:22 +0800] "GET /xingrg/all/common/auto_word.html?type=employee&rest_code=00151 HTTP/1.1" 200 293
114.95.241.104 - - [03/Jan/2024:09:10:22 +0800] "GET /xingrg/all/common/auto_word.html?type=employee&rest_code=00151 HTTP/1.1" 200 293
222.69.132.144 - - [03/Jan/2024:09:10:23 +0800] "GET /xingrg/all/function/internal_message.html?_=1704244225881&CODE_STATE=getMsg HTTP/1.1" 200 27
222.67.232.215 - - [03/Jan/2024:09:10:23 +0800] "GET /xingrg/all/function/internal_message.html?_=1704244223777&CODE_STATE=getMsg HTTP/1.1" 200 27
222.69.132.144 - - [03/Jan/2024:09:10:26 +0800] "GET /xingrg/kc/base/wldb_order_operate.html?command=get_materiel&rest_code=00154&base_code=0010724&code=00101019509 HTTP/1.1" 200 463
116.230.116.41 - - [03/Jan/2024:09:10:26 +0800] "POST /xingrg/services/DataTransmitService HTTP/1.1" 200 524
180.169.147.146 - - [03/Jan/2024:09:10:26 +0800] "POST /xingrg/dwr/call/plaincall/AjaxCheckService.uncheckOrder.dwr HTTP/1.1" 200 78
114.95.241.104 - - [03/Jan/2024:09:10:26 +0800] "GET /xingrg/javascript/auto/indicator.gif HTTP/1.1" 404 1066
116.230.116.41 - - [03/Jan/2024:09:10:27 +0800] "POST /xingrg/services/DataTransmitService HTTP/1.1" 200 412
180.169.147.146 - - [03/Jan/2024:09:10:28 +0800] "GET /xingrg/kc/base/check_order_info.html?code=452023123100588 HTTP/1.1" 200 26560
180.169.147.146 - - [03/Jan/2024:09:10:28 +0800] "GET /xingrg/dwr/interface/AjaxComOrderService.js HTTP/1.1" 200 18264
180.169.147.146 - - [03/Jan/2024:09:10:28 +0800] "GET /xingrg/dwr/interface/AjaxCheckService.js HTTP/1.1" 200 14003
180.169.147.146 - - [03/Jan/2024:09:10:28 +0800] "GET /xingrg/dwr/engine.js HTTP/1.1" 200 43631
180.169.147.146 - - [03/Jan/2024:09:10:28 +0800] "POST /xingrg/dwr/call/plaincall/AjaxCheckService.loadOrderItems.dwr HTTP/1.1" 200 82899
222.70.180.200 - - [03/Jan/2024:09:10:29 +0800] "GET /xingrg/all/function/internal_message.html?_=1704244228767&CODE_STATE=getMsg HTTP/1.1" 200 27
124.78.154.219 - - [03/Jan/2024:09:10:31 +0800] "GET /xingrg/all/function/internal_message.html?_=1704244229324&CODE_STATE=getMsg HTTP/1.1" 200 27
124.79.241.187 - - [03/Jan/2024:09:10:33 +0800] "GET /xingrg/all/function/internal_message.html?_=1704244565235&CODE_STATE=getMsg HTTP/1.1" 200 27
114.95.241.104 - - [03/Jan/2024:09:10:34 +0800] "GET /xingrg/all/function/internal_message.html?_=1704244234050&CODE_STATE=getMsg HTTP/1.1" 200 27
222.69.132.144 - - [03/Jan/2024:09:10:34 +0800] "GET /xingrg/kc/base/wldb_order_operate.html?command=get_materiel&rest_code=00154&base_code=0010724&code=00101019179 HTTP/1.1" 200 450
180.169.147.146 - - [03/Jan/2024:09:10:35 +0800] "POST /xingrg/dwr/call/plaincall/AjaxCheckService.setItemNumber.dwr HTTP/1.1" 200 76
114.83.218.109 - - [03/Jan/2024:09:10:39 +0800] "GET /xingrg/kc/buy/cgsh_order_operate.html?command=get_materiel&rest_code=00149&code=00101008498&supplier_code=00100008&order_time=2024-01-03 HTTP/1.1" 200 424
222.70.180.200 - - [03/Jan/2024:09:10:41 +0800] "GET /xingrg/kc/buy/cgsh_order_operate.html?command=get_materiel&rest_code=00111&code=00101008131&supplier_code=00100005&order_time=2024-01-03 HTTP/1.1" 200 408
120.253.135.82 - - [03/Jan/2024:09:10:42 +0800] "GET /xingrg/all/function/internal_message.html?_=1704244060057&CODE_STATE=getMsg HTTP/1.1" 200 27
180.163.28.55 - - [03/Jan/2024:09:10:44 +0800] "GET /xingrg/kc/buy/cgsh_order_operate.html?command=get_materiel&rest_code=00106&code=00101006112&supplier_code=00100096&order_time=2024-01-03 HTTP/1.1" 302 -
180.163.28.55 - - [03/Jan/2024:09:10:44 +0800] "GET /xingrg/login.html HTTP/1.1" 200 7641
124.78.154.219 - - [03/Jan/2024:09:10:44 +0800] "GET /xingrg/kc/buy/cgsh_order_operate.html?command=get_materiel&rest_code=00106&code=00101006111&supplier_code=00100096&order_time=2024-01-03 HTTP/1.1" 200 411
124.78.154.219 - - [03/Jan/2024:09:10:46 +0800] "GET /xingrg/all/function/internal_message.html?_=1704244246692&CODE_STATE=getMsg HTTP/1.1" 200 27
114.95.241.104 - - [03/Jan/2024:09:10:47 +0800] "GET /xingrg/kc/buy/cgsh_order_operate.html?command=get_materiel&rest_code=00151&code=00101010992&supplier_code=00100644&order_time=2024-01-03 HTTP/1.1" 200 436
101.83.145.37 - - [03/Jan/2024:09:10:48 +0800] "GET /xingrg/all/function/internal_message.html?_=1704244015510&CODE_STATE=getMsg HTTP/1.1" 200 27
222.69.132.144 - - [03/Jan/2024:09:10:50 +0800] "POST /xingrg/all/common/load_select.html HTTP/1.1" 200 25
116.230.116.41 - - [03/Jan/2024:09:10:52 +0800] "GET /xingrg/all/function/internal_message.html?_=1704244262052&CODE_STATE=getMsg HTTP/1.1" 200 27
114.83.218.109 - - [03/Jan/2024:09:10:53 +0800] "GET /xingrg/check_reg.html?_=1704244252596 HTTP/1.1" 200 22
114.83.218.109 - - [03/Jan/2024:09:10:53 +0800] "GET /xingrg/all/function/internal_message.html?_=1704244252601&CODE_STATE=getMsg HTTP/1.1" 200 27
114.83.218.109 - - [03/Jan/2024:09:10:54 +0800] "POST /xingrg/kc/buy/cgsh_order_operate.html HTTP/1.1" 200 37
222.70.180.200 - - [03/Jan/2024:09:10:56 +0800] "GET /xingrg/kc/buy/cgsh_order_operate.html?command=get_materiel&rest_code=00111&code=00101008361&supplier_code=00100005&order_time=2024-01-03 HTTP/1.1" 200 408
116.232.193.168 - - [03/Jan/2024:09:10:57 +0800] "GET /xingrg/all/function/internal_message.html?_=1704244218704&CODE_STATE=getMsg HTTP/1.1" 200 27
180.169.147.146 - - [03/Jan/2024:09:10:58 +0800] "POST /xingrg/dwr/call/plaincall/AjaxCheckService.checkOrder.dwr HTTP/1.1" 200 78
124.78.154.219 - - [03/Jan/2024:09:10:59 +0800] "GET /xingrg/kc/buy/cgsh_order_operate.html?command=get_materiel&rest_code=00106&code=00101006063&supplier_code=00100096&order_time=2024-01-03 HTTP/1.1" 200 413
180.169.147.146 - - [03/Jan/2024:09:11:00 +0800] "GET /xingrg/kc/base/check_order_info.html?code=452023123100588 HTTP/1.1" 200 23128
180.169.147.146 - - [03/Jan/2024:09:11:01 +0800] "GET /xingrg/dwr/interface/AjaxCheckService.js HTTP/1.1" 200 14003
180.169.147.146 - - [03/Jan/2024:09:11:01 +0800] "GET /xingrg/dwr/interface/AjaxComOrderService.js HTTP/1.1" 200 18264
180.169.147.146 - - [03/Jan/2024:09:11:01 +0800] "GET /xingrg/dwr/engine.js HTTP/1.1" 200 43631
180.169.147.146 - - [03/Jan/2024:09:11:01 +0800] "POST /xingrg/dwr/call/plaincall/AjaxCheckService.loadOrderItems.dwr HTTP/1.1" 200 38353
116.224.122.193 - - [03/Jan/2024:09:11:02 +0800] "GET /xingrg/all/function/internal_message.html?_=1704244261837&CODE_STATE=getMsg HTTP/1.1" 200 27
222.69.132.144 - - [03/Jan/2024:09:11:03 +0800] "GET /xingrg/kc/base/wldb_order_operate.html?command=get_materiel&rest_code=00154&base_code=0010724&code=00101040040 HTTP/1.1" 200 459
180.169.147.146 - - [03/Jan/2024:09:11:05 +0800] "GET /xingrg/kc/base/check_order_info.html?code=452023123100589 HTTP/1.1" 200 23128
180.169.147.146 - - [03/Jan/2024:09:11:05 +0800] "GET /xingrg/dwr/interface/AjaxComOrderService.js HTTP/1.1" 200 18264
180.169.147.146 - - [03/Jan/2024:09:11:05 +0800] "GET /xingrg/dwr/interface/AjaxCheckService.js HTTP/1.1" 200 14003
180.169.147.146 - - [03/Jan/2024:09:11:05 +0800] "GET /xingrg/dwr/engine.js HTTP/1.1" 200 43631
114.95.241.104 - - [03/Jan/2024:09:11:05 +0800] "POST /xingrg/kc/buy/cgsh_order_operate.html HTTP/1.1" 200 37
180.169.147.146 - - [03/Jan/2024:09:11:05 +0800] "POST /xingrg/dwr/call/plaincall/AjaxCheckService.loadOrderItems.dwr HTTP/1.1" 200 34506
114.83.218.109 - - [03/Jan/2024:09:11:08 +0800] "POST /xingrg/kc/buy/cgsh_order_operate.html HTTP/1.1" 200 12
222.70.180.200 - - [03/Jan/2024:09:11:08 +0800] "GET /xingrg/kc/buy/cgsh_order_operate.html?command=get_materiel&rest_code=00111&code=00101008096&supplier_code=00100005&order_time=2024-01-03 HTTP/1.1" 200 413
116.232.193.168 - - [03/Jan/2024:09:11:08 +0800] "GET /xingrg/all/function/internal_message.html?_=1704244230215&CODE_STATE=getMsg HTTP/1.1" 200 27
114.95.241.104 - - [03/Jan/2024:09:11:13 +0800] "POST /xingrg/kc/buy/cgsh_order_operate.html HTTP/1.1" 200 12
222.69.132.144 - - [03/Jan/2024:09:11:13 +0800] "GET /xingrg/kc/base/wldb_order_operate.html?command=get_materiel&rest_code=00154&base_code=0010724&code=00101019164 HTTP/1.1" 200 466
101.80.228.56 - - [03/Jan/2024:09:11:13 +0800] "GET /xingrg/all/function/internal_message.html?_=1704244276367&CODE_STATE=getMsg HTTP/1.1" 200 27
114.95.241.104 - - [03/Jan/2024:09:11:14 +0800] "GET /xingrg/all/function/internal_message.html?_=1704244274589&CODE_STATE=getMsg HTTP/1.1" 200 27
114.95.241.104 - - [03/Jan/2024:09:11:15 +0800] "GET /xingrg/kc/buy/cgsh_order_info.html?code=212024010300838 HTTP/1.1" 200 67413
114.95.241.104 - - [03/Jan/2024:09:11:15 +0800] "GET /xingrg/javascript/easyui/themes/default/validatebox.css HTTP/1.1" 404 1104
114.95.241.104 - - [03/Jan/2024:09:11:16 +0800] "POST /xingrg/kc/buy/cgsh_order_operate.html HTTP/1.1" 200 631
180.169.147.146 - - [03/Jan/2024:09:11:17 +0800] "GET /xingrg/check_reg.html?_=1704244277296 HTTP/1.1" 200 22
114.95.241.104 - - [03/Jan/2024:09:11:18 +0800] "GET /xingrg/kc/print/load_config.html?kc_code=cgsh HTTP/1.1" 200 1927
180.169.147.146 - - [03/Jan/2024:09:11:18 +0800] "GET /xingrg/all/function/internal_message.html?_=1704244278290&CODE_STATE=getMsg HTTP/1.1" 200 27
114.95.241.104 - - [03/Jan/2024:09:11:18 +0800] "GET /xingrg/kc/print/load_data.html?order_code=212024010300838&kc_code=cgsh&condition= HTTP/1.1" 200 738
180.169.147.146 - - [03/Jan/2024:09:11:22 +0800] "GET /xingrg/kc/base/check_order_info.html?code=452024010100012 HTTP/1.1" 200 23124
180.169.147.146 - - [03/Jan/2024:09:11:22 +0800] "GET /xingrg/dwr/interface/AjaxComOrderService.js HTTP/1.1" 200 18264
180.169.147.146 - - [03/Jan/2024:09:11:22 +0800] "GET /xingrg/dwr/interface/AjaxCheckService.js HTTP/1.1" 200 14003
180.169.147.146 - - [03/Jan/2024:09:11:22 +0800] "GET /xingrg/dwr/engine.js HTTP/1.1" 200 43631
180.169.147.146 - - [03/Jan/2024:09:11:22 +0800] "POST /xingrg/dwr/call/plaincall/AjaxCheckService.loadOrderItems.dwr HTTP/1.1" 200 7075
222.69.132.144 - - [03/Jan/2024:09:11:23 +0800] "GET /xingrg/all/function/internal_message.html?_=1704244285862&CODE_STATE=getMsg HTTP/1.1" 200 27
222.67.232.215 - - [03/Jan/2024:09:11:23 +0800] "GET /xingrg/all/function/internal_message.html?_=1704244283755&CODE_STATE=getMsg HTTP/1.1" 200 27
222.70.180.200 - - [03/Jan/2024:09:11:25 +0800] "GET /xingrg/kc/buy/cgsh_order_operate.html?command=get_materiel&rest_code=00111&code=00101008261&supplier_code=00100005&order_time=2024-01-03 HTTP/1.1" 200 408
114.83.218.109 - - [03/Jan/2024:09:11:25 +0800] "GET /xingrg/kc/buy/cgsh_order_info.html?code=212024010300837 HTTP/1.1" 200 67891
114.83.218.109 - - [03/Jan/2024:09:11:25 +0800] "GET /xingrg/javascript/easyui/themes/default/validatebox.css HTTP/1.1" 404 1104
114.83.218.109 - - [03/Jan/2024:09:11:26 +0800] "POST /xingrg/kc/buy/cgsh_order_operate.html HTTP/1.1" 200 13014
180.169.147.146 - - [03/Jan/2024:09:11:26 +0800] "GET /xingrg/kc/base/check_order_info.html?code=452024010100010 HTTP/1.1" 200 23120
180.169.147.146 - - [03/Jan/2024:09:11:26 +0800] "GET /xingrg/dwr/interface/AjaxComOrderService.js HTTP/1.1" 200 18264
180.169.147.146 - - [03/Jan/2024:09:11:26 +0800] "GET /xingrg/dwr/interface/AjaxCheckService.js HTTP/1.1" 200 14003
180.169.147.146 - - [03/Jan/2024:09:11:26 +0800] "GET /xingrg/dwr/engine.js HTTP/1.1" 200 43631
180.169.147.146 - - [03/Jan/2024:09:11:27 +0800] "POST /xingrg/dwr/call/plaincall/AjaxCheckService.loadOrderItems.dwr HTTP/1.1" 200 6626
222.70.180.200 - - [03/Jan/2024:09:11:29 +0800] "GET /xingrg/all/function/internal_message.html?_=1704244288761&CODE_STATE=getMsg HTTP/1.1" 200 27
180.164.1.25 - - [03/Jan/2024:09:11:29 +0800] "GET /xingrg/login.html HTTP/1.1" 200 7641
180.164.1.25 - - [03/Jan/2024:09:11:29 +0800] "GET /xingrg/images/blue/jxLogo.png HTTP/1.1" 304 -
222.69.132.144 - - [03/Jan/2024:09:11:30 +0800] "GET /xingrg/kc/base/wldb_order_operate.html?command=get_materiel&rest_code=00154&base_code=0010724&code=00101019536 HTTP/1.1" 200 471
124.78.154.219 - - [03/Jan/2024:09:11:30 +0800] "GET /xingrg/check_reg.html?_=1704244288657 HTTP/1.1" 200 22
180.164.1.25 - - [03/Jan/2024:09:11:31 +0800] "GET /xingrg/images/blue/login_bg.png HTTP/1.1" 304 -
180.164.1.25 - - [03/Jan/2024:09:11:31 +0800] "GET /xingrg/images/blue/srbg.png HTTP/1.1" 304 -
180.164.1.25 - - [03/Jan/2024:09:11:31 +0800] "GET /xingrg/images/blue/hj.png HTTP/1.1" 304 -
180.164.1.25 - - [03/Jan/2024:09:11:31 +0800] "GET /favicon.ico HTTP/1.1" 404 -
124.78.154.219 - - [03/Jan/2024:09:11:31 +0800] "GET /xingrg/all/function/internal_message.html?_=1704244289301&CODE_STATE=getMsg HTTP/1.1" 200 27
180.169.147.146 - - [03/Jan/2024:09:11:31 +0800] "POST /xingrg/kc/base/check_list_operate.html HTTP/1.1" 200 5555
180.164.1.25 - - [03/Jan/2024:09:11:33 +0800] "POST /xingrg/login.do HTTP/1.1" 302 -
180.164.1.25 - - [03/Jan/2024:09:11:33 +0800] "GET /xingrg/index.html?sysBaseUrl=http%3A%2F%2F180.169.147.146%3A18081%2Fxingrg%2F&costTime=1027×tamp=1704244293006 HTTP/1.1" 200 17183
180.164.1.25 - - [03/Jan/2024:09:11:33 +0800] "GET /xingrg/javascript/jquery_easy_ui/themes/default/easyui.css HTTP/1.1" 304 -
180.164.1.25 - - [03/Jan/2024:09:11:33 +0800] "GET /xingrg/javascript/jquery_easy_ui/themes/icon.css HTTP/1.1" 304 -
180.164.1.25 - - [03/Jan/2024:09:11:33 +0800] "GET /xingrg/css/form.css HTTP/1.1" 304 -
180.164.1.25 - - [03/Jan/2024:09:11:33 +0800] "GET /xingrg/javascript/jquery-1.4.2.min.js HTTP/1.1" 304 -
180.164.1.25 - - [03/Jan/2024:09:11:33 +0800] "GET /xingrg/javascript/jquery_easy_ui/jquery.easyui.min.js HTTP/1.1" 304 -
124.79.241.187 - - [03/Jan/2024:09:11:33 +0800] "GET /xingrg/all/function/internal_message.html?_=1704244625234&CODE_STATE=getMsg HTTP/1.1" 200 27
180.164.1.25 - - [03/Jan/2024:09:11:33 +0800] "GET /xingrg/javascript/jquery_easy_ui/easyui-lang-zh_CN.js HTTP/1.1" 304 -
180.164.1.25 - - [03/Jan/2024:09:11:33 +0800] "GET /xingrg/javascript/jquery.form.js HTTP/1.1" 304 -
180.164.1.25 - - [03/Jan/2024:09:11:33 +0800] "GET /xingrg/javascript/jquery.utils.js HTTP/1.1" 304 -
180.164.1.25 - - [03/Jan/2024:09:11:33 +0800] "GET /xingrg/javascript/jquery.timers.js HTTP/1.1" 304 -
180.164.1.25 - - [03/Jan/2024:09:11:33 +0800] "GET /favicon.ico HTTP/1.1" 404 -
180.164.1.25 - - [03/Jan/2024:09:11:33 +0800] "GET /xingrg/javascript/jquery_easy_ui/themes/icons/settle_new.png HTTP/1.1" 304 -
180.164.1.25 - - [03/Jan/2024:09:11:33 +0800] "GET /xingrg/images/blue/navBackgound.jpg HTTP/1.1" 304 -
180.164.1.25 - - [03/Jan/2024:09:11:33 +0800] "GET /xingrg/check_reg.html?_=1704244292257 HTTP/1.1" 200 22
180.164.1.25 - - [03/Jan/2024:09:11:33 +0800] "GET /xingrg/all/function/internal_message.html?_=1704244292255&CODE_STATE=count HTTP/1.1" 200 11
180.164.1.25 - - [03/Jan/2024:09:11:33 +0800] "GET /xingrg/images/blue/pingpu.png HTTP/1.1" 304 -
180.164.1.25 - - [03/Jan/2024:09:11:33 +0800] "GET /xingrg/javascript/jquery_easy_ui/themes/default/images/tabs_rightarrow.png HTTP/1.1" 304 -
180.164.1.25 - - [03/Jan/2024:09:11:33 +0800] "GET /xingrg/javascript/jquery_easy_ui/themes/default/images/tabs_leftarrow.png HTTP/1.1" 304 -
180.164.1.25 - - [03/Jan/2024:09:11:33 +0800] "GET /xingrg/javascript/jquery_easy_ui/themes/default/images/panel_tool_collapse.gif HTTP/1.1" 304 -
180.164.1.25 - - [03/Jan/2024:09:11:33 +0800] "POST /xingrg/all/common/load_tree.html?tree=area_rest_tree_json&manage=1 HTTP/1.1" 200 357
180.164.1.25 - - [03/Jan/2024:09:11:33 +0800] "POST /xingrg/load_menu.html HTTP/1.1" 200 5138
180.164.1.25 - - [03/Jan/2024:09:11:34 +0800] "GET /xingrg/javascript/jquery_easy_ui/themes/default/images/tree_arrows.gif HTTP/1.1" 304 -
114.95.241.104 - - [03/Jan/2024:09:11:34 +0800] "GET /xingrg/all/function/internal_message.html?_=1704244294063&CODE_STATE=getMsg HTTP/1.1" 200 27
180.164.1.25 - - [03/Jan/2024:09:11:34 +0800] "GET /xingrg/javascript/jquery_easy_ui/themes/default/images/tree_folder_open.gif HTTP/1.1" 304 -
180.164.1.25 - - [03/Jan/2024:09:11:34 +0800] "GET /xingrg/javascript/jquery_easy_ui/themes/icons/search_new.png HTTP/1.1" 304 -
114.95.241.104 - - [03/Jan/2024:09:11:34 +0800] "GET /xingrg/check_reg.html?_=1704244294066 HTTP/1.1" 200 22
180.164.1.25 - - [03/Jan/2024:09:11:34 +0800] "GET /xingrg/javascript/jquery_easy_ui/themes/default/images/tree_folder.gif HTTP/1.1" 304 -
180.164.1.25 - - [03/Jan/2024:09:11:34 +0800] "GET /xingrg/javascript/jquery_easy_ui/themes/icons/storage_new.png HTTP/1.1" 304 -
180.164.1.25 - - [03/Jan/2024:09:11:34 +0800] "GET /xingrg/javascript/jquery_easy_ui/themes/icons/forms_new.png HTTP/1.1" 304 -
180.164.1.25 - - [03/Jan/2024:09:11:34 +0800] "GET /xingrg/javascript/jquery_easy_ui/themes/default/images/tree_file.gif HTTP/1.1" 304 -
180.169.147.146 - - [03/Jan/2024:09:11:34 +0800] "GET /xingrg/dwr/interface/AjaxComOrderService.js HTTP/1.1" 200 18264
180.169.147.146 - - [03/Jan/2024:09:11:34 +0800] "GET /xingrg/dwr/interface/AjaxCheckService.js HTTP/1.1" 200 14003
180.169.147.146 - - [03/Jan/2024:09:11:34 +0800] "GET /xingrg/dwr/engine.js HTTP/1.1" 200 43631
180.169.147.146 - - [03/Jan/2024:09:11:34 +0800] "GET /xingrg/kc/base/check_order_info.html?code=452024010100008 HTTP/1.1" 200 23124
180.169.147.146 - - [03/Jan/2024:09:11:34 +0800] "POST /xingrg/dwr/call/plaincall/AjaxCheckService.loadOrderItems.dwr HTTP/1.1" 200 3997
180.164.1.25 - - [03/Jan/2024:09:11:36 +0800] "GET /xingrg/javascript/jquery_easy_ui/themes/icons/area.png HTTP/1.1" 200 262
180.164.1.25 - - [03/Jan/2024:09:11:36 +0800] "GET /xingrg/javascript/jquery_easy_ui/themes/icons/rest.png HTTP/1.1" 200 695
180.164.1.25 - - [03/Jan/2024:09:11:38 +0800] "GET /xingrg/javascript/jquery_easy_ui/themes/default/images/tabs_close.gif HTTP/1.1" 304 -
180.164.1.25 - - [03/Jan/2024:09:11:39 +0800] "GET /xingrg/kc/buy/cgsh_order_list.html HTTP/1.1" 200 57122
180.169.147.146 - - [03/Jan/2024:09:11:39 +0800] "GET /xingrg/kc/base/check_order_info.html?code=452023123100525 HTTP/1.1" 200 23120
180.164.1.25 - - [03/Jan/2024:09:11:39 +0800] "GET /xingrg/css/base.css HTTP/1.1" 304 -
180.164.1.25 - - [03/Jan/2024:09:11:39 +0800] "GET /xingrg/css/site.css HTTP/1.1" 304 -
180.169.147.146 - - [03/Jan/2024:09:11:39 +0800] "GET /xingrg/dwr/interface/AjaxComOrderService.js HTTP/1.1" 200 18264
180.169.147.146 - - [03/Jan/2024:09:11:39 +0800] "GET /xingrg/dwr/interface/AjaxCheckService.js HTTP/1.1" 200 14003
180.164.1.25 - - [03/Jan/2024:09:11:39 +0800] "GET /xingrg/javascript/jquery_tools/datebox.css HTTP/1.1" 304 -
180.169.147.146 - - [03/Jan/2024:09:11:39 +0800] "GET /xingrg/dwr/engine.js HTTP/1.1" 200 43631
180.164.1.25 - - [03/Jan/2024:09:11:39 +0800] "GET /xingrg/javascript/easyui/themes/default/easyui.css HTTP/1.1" 304 -
180.164.1.25 - - [03/Jan/2024:09:11:39 +0800] "GET /xingrg/javascript/easyui/themes/icon.css HTTP/1.1" 304 -
180.164.1.25 - - [03/Jan/2024:09:11:39 +0800] "GET /xingrg/javascript/auto/jquery.autocomplete.css HTTP/1.1" 304 -
180.164.1.25 - - [03/Jan/2024:09:11:39 +0800] "GET /xingrg/javascript/jquery_tools/fix.css HTTP/1.1" 304 -
180.164.1.25 - - [03/Jan/2024:09:11:39 +0800] "GET /xingrg/javascript/jquery_tools/table.css HTTP/1.1" 304 -
180.164.1.25 - - [03/Jan/2024:09:11:39 +0800] "GET /xingrg/javascript/jquery_tools/jquery.tools.min.js HTTP/1.1" 304 -
180.164.1.25 - - [03/Jan/2024:09:11:39 +0800] "GET /xingrg/javascript/jquery_tools/jquery.tools.extend.js HTTP/1.1" 304 -
180.164.1.25 - - [03/Jan/2024:09:11:39 +0800] "GET /xingrg/javascript/jquery_tools/jquery.tools.hotkey.js HTTP/1.1" 304 -
180.164.1.25 - - [03/Jan/2024:09:11:39 +0800] "GET /xingrg/javascript/jquery_tools/jquery.tools.table.js HTTP/1.1" 304 -
180.164.1.25 - - [03/Jan/2024:09:11:39 +0800] "GET /xingrg/javascript/jquery_tools/list_manager.js HTTP/1.1" 304 -
180.164.1.25 - - [03/Jan/2024:09:11:39 +0800] "GET /xingrg/javascript/auto/jquery.autocomplete.js HTTP/1.1" 304 -
180.164.1.25 - - [03/Jan/2024:09:11:39 +0800] "GET /xingrg/javascript/easyui/easyloader.js HTTP/1.1" 304 -
222.70.180.200 - - [03/Jan/2024:09:11:39 +0800] "GET /xingrg/kc/buy/cgsh_order_operate.html?command=get_materiel&rest_code=00111&code=00101008358&supplier_code=00100005&order_time=2024-01-03 HTTP/1.1" 200 412
180.164.1.25 - - [03/Jan/2024:09:11:39 +0800] "GET /xingrg/javascript/jquery.cookie.js HTTP/1.1" 304 -
180.164.1.25 - - [03/Jan/2024:09:11:39 +0800] "GET /xingrg/javascript/print/LodopFuncs.js HTTP/1.1" 304 -
180.169.147.146 - - [03/Jan/2024:09:11:39 +0800] "POST /xingrg/dwr/call/plaincall/AjaxCheckService.loadOrderItems.dwr HTTP/1.1" 200 5892
222.69.132.144 - - [03/Jan/2024:09:11:39 +0800] "GET /xingrg/kc/base/wldb_order_operate.html?command=get_materiel&rest_code=00154&base_code=0010724&code=00101040003 HTTP/1.1" 200 461
180.164.1.25 - - [03/Jan/2024:09:11:40 +0800] "GET /xingrg/javascript/easyui/themes/icons/edit_add_new.png HTTP/1.1" 304 -
180.164.1.25 - - [03/Jan/2024:09:11:40 +0800] "GET /xingrg/javascript/easyui/themes/icons/cance_new.png HTTP/1.1" 304 -
180.164.1.25 - - [03/Jan/2024:09:11:40 +0800] "GET /xingrg/javascript/easyui/themes/icons/check_new.png HTTP/1.1" 304 -
180.164.1.25 - - [03/Jan/2024:09:11:40 +0800] "GET /xingrg/javascript/easyui/themes/icons/field_new.png HTTP/1.1" 304 -
180.164.1.25 - - [03/Jan/2024:09:11:40 +0800] "GET /xingrg/javascript/easyui/themes/icons/import_new.png HTTP/1.1" 304 -
180.164.1.25 - - [03/Jan/2024:09:11:40 +0800] "GET /xingrg/javascript/easyui/plugins/jquery.parser.js HTTP/1.1" 304 -
180.164.1.25 - - [03/Jan/2024:09:11:40 +0800] "GET /xingrg/images/control/ajaxLoader.gif HTTP/1.1" 304 -
180.163.30.76 - - [03/Jan/2024:09:11:41 +0800] "GET /xingrg/kc/buy/cgsh_order_operate.html?command=get_materiel&rest_code=00106&code=00101006111&supplier_code=00100096&order_time=2024-01-03 HTTP/1.1" 302 -
180.163.30.76 - - [03/Jan/2024:09:11:41 +0800] "GET /xingrg/login.html HTTP/1.1" 200 7641
120.253.135.82 - - [03/Jan/2024:09:11:42 +0800] "GET /xingrg/all/function/internal_message.html?_=1704244120273&CODE_STATE=getMsg HTTP/1.1" 200 27
180.169.147.146 - - [03/Jan/2024:09:11:43 +0800] "GET /xingrg/kc/base/check_order_info.html?code=452023123100577 HTTP/1.1" 200 23120
180.169.147.146 - - [03/Jan/2024:09:11:43 +0800] "GET /xingrg/dwr/interface/AjaxComOrderService.js HTTP/1.1" 200 18264
180.169.147.146 - - [03/Jan/2024:09:11:43 +0800] "GET /xingrg/dwr/interface/AjaxCheckService.js HTTP/1.1" 200 14003
180.169.147.146 - - [03/Jan/2024:09:11:43 +0800] "GET /xingrg/dwr/engine.js HTTP/1.1" 200 43631
180.169.147.146 - - [03/Jan/2024:09:11:44 +0800] "POST /xingrg/dwr/call/plaincall/AjaxCheckService.loadOrderItems.dwr HTTP/1.1" 200 23085
124.78.154.219 - - [03/Jan/2024:09:11:46 +0800] "GET /xingrg/check_reg.html?_=1704244306663 HTTP/1.1" 200 22
124.78.154.219 - - [03/Jan/2024:09:11:46 +0800] "GET /xingrg/all/function/internal_message.html?_=1704244306667&CODE_STATE=getMsg HTTP/1.1" 200 27
114.83.218.109 - - [03/Jan/2024:09:11:46 +0800] "GET /xingrg/kc/print/load_config.html?kc_code=cgsh HTTP/1.1" 200 1927
114.83.218.109 - - [03/Jan/2024:09:11:47 +0800] "GET /xingrg/kc/print/load_data.html?order_code=212024010300837&kc_code=cgsh&condition= HTTP/1.1" 200 5396
124.78.154.219 - - [03/Jan/2024:09:11:47 +0800] "GET /xingrg/kc/buy/cgsh_order_operate.html?command=get_materiel&rest_code=00106&code=00101006065&supplier_code=00100096&order_time=2024-01-03 HTTP/1.1" 200 411
101.83.145.37 - - [03/Jan/2024:09:11:48 +0800] "GET /xingrg/check_reg.html?_=1704244075511 HTTP/1.1" 200 22
101.83.145.37 - - [03/Jan/2024:09:11:48 +0800] "GET /xingrg/all/function/internal_message.html?_=1704244075514&CODE_STATE=getMsg HTTP/1.1" 200 27
180.169.147.146 - - [03/Jan/2024:09:11:50 +0800] "GET /xingrg/kc/base/check_order_info.html?code=452023123100527 HTTP/1.1" 200 23120
180.169.147.146 - - [03/Jan/2024:09:11:50 +0800] "GET /xingrg/dwr/interface/AjaxComOrderService.js HTTP/1.1" 200 18264
180.169.147.146 - - [03/Jan/2024:09:11:50 +0800] "GET /xingrg/dwr/interface/AjaxCheckService.js HTTP/1.1" 200 14003
180.169.147.146 - - [03/Jan/2024:09:11:50 +0800] "GET /xingrg/dwr/engine.js HTTP/1.1" 200 43631
222.70.180.200 - - [03/Jan/2024:09:11:50 +0800] "GET /xingrg/kc/buy/cgsh_order_operate.html?command=get_materiel&rest_code=00111&code=00101008355&supplier_code=00100005&order_time=2024-01-03 HTTP/1.1" 200 410
180.169.147.146 - - [03/Jan/2024:09:11:51 +0800] "POST /xingrg/dwr/call/plaincall/AjaxCheckService.loadOrderItems.dwr HTTP/1.1" 200 7888
116.230.116.41 - - [03/Jan/2024:09:11:52 +0800] "GET /xingrg/all/function/internal_message.html?_=1704244322075&CODE_STATE=getMsg HTTP/1.1" 200 27
114.83.218.109 - - [03/Jan/2024:09:11:53 +0800] "GET /xingrg/all/function/internal_message.html?_=1704244312599&CODE_STATE=getMsg HTTP/1.1" 200 27
116.232.193.168 - - [03/Jan/2024:09:11:57 +0800] "GET /xingrg/all/function/internal_message.html?_=1704244278680&CODE_STATE=getMsg HTTP/1.1" 200 27
180.169.147.146 - - [03/Jan/2024:09:11:57 +0800] "GET /xingrg/kc/base/check_order_info.html?code=452023123100531 HTTP/1.1" 200 23124
180.169.147.146 - - [03/Jan/2024:09:11:57 +0800] "GET /xingrg/dwr/interface/AjaxComOrderService.js HTTP/1.1" 200 18264
180.169.147.146 - - [03/Jan/2024:09:11:57 +0800] "GET /xingrg/dwr/engine.js HTTP/1.1" 200 43631
180.169.147.146 - - [03/Jan/2024:09:11:57 +0800] "GET /xingrg/dwr/interface/AjaxCheckService.js HTTP/1.1" 200 14003
180.169.147.146 - - [03/Jan/2024:09:11:58 +0800] "POST /xingrg/dwr/call/plaincall/AjaxCheckService.loadOrderItems.dwr HTTP/1.1" 200 20994
222.69.132.144 - - [03/Jan/2024:09:12:01 +0800] "GET /xingrg/kc/base/wldb_order_operate.html?command=get_materiel&rest_code=00154&base_code=0010724&code=00101019359 HTTP/1.1" 200 461
116.224.122.193 - - [03/Jan/2024:09:12:02 +0800] "GET /xingrg/all/function/internal_message.html?_=1704244321821&CODE_STATE=getMsg HTTP/1.1" 200 27
124.78.154.219 - - [03/Jan/2024:09:12:05 +0800] "GET /xingrg/kc/buy/cgsh_order_operate.html?command=get_materiel&rest_code=00106&code=00101006130&supplier_code=00100096&order_time=2024-01-03 HTTP/1.1" 200 437
116.232.193.168 - - [03/Jan/2024:09:12:06 +0800] "GET /xingrg/check_reg.html?_=1704244287908 HTTP/1.1" 200 22
116.232.193.168 - - [03/Jan/2024:09:12:08 +0800] "GET /xingrg/all/function/internal_message.html?_=1704244290232&CODE_STATE=getMsg HTTP/1.1" 200 27
180.169.147.146 - - [03/Jan/2024:09:12:11 +0800] "GET /xingrg/kc/base/check_order_info.html?code=452023123100530 HTTP/1.1" 200 23120
180.169.147.146 - - [03/Jan/2024:09:12:11 +0800] "GET /xingrg/dwr/interface/AjaxComOrderService.js HTTP/1.1" 200 18264
180.169.147.146 - - [03/Jan/2024:09:12:11 +0800] "GET /xingrg/dwr/interface/AjaxCheckService.js HTTP/1.1" 200 14003
180.169.147.146 - - [03/Jan/2024:09:12:11 +0800] "GET /xingrg/dwr/engine.js HTTP/1.1" 200 43631
180.169.147.146 - - [03/Jan/2024:09:12:11 +0800] "POST /xingrg/dwr/call/plaincall/AjaxCheckService.loadOrderItems.dwr HTTP/1.1" 200 18045
101.80.228.56 - - [03/Jan/2024:09:12:13 +0800] "GET /xingrg/all/function/internal_message.html?_=1704244336373&CODE_STATE=getMsg HTTP/1.1" 200 27
114.95.241.104 - - [03/Jan/2024:09:12:14 +0800] "GET /xingrg/all/function/internal_message.html?_=1704244334606&CODE_STATE=getMsg HTTP/1.1" 200 27
222.69.132.144 - - [03/Jan/2024:09:12:17 +0800] "POST /xingrg/kc/base/wldb_order_operate.html HTTP/1.1" 200 37
180.169.147.146 - - [03/Jan/2024:09:12:18 +0800] "GET /xingrg/all/function/internal_message.html?_=1704244338271&CODE_STATE=getMsg HTTP/1.1" 200 27
180.169.147.146 - - [03/Jan/2024:09:12:19 +0800] "GET /xingrg/kc/base/check_order_info.html?code=452023123100542 HTTP/1.1" 200 23124
180.169.147.146 - - [03/Jan/2024:09:12:19 +0800] "GET /xingrg/dwr/interface/AjaxComOrderService.js HTTP/1.1" 200 18264
180.169.147.146 - - [03/Jan/2024:09:12:19 +0800] "GET /xingrg/dwr/interface/AjaxCheckService.js HTTP/1.1" 200 14003
180.169.147.146 - - [03/Jan/2024:09:12:19 +0800] "GET /xingrg/dwr/engine.js HTTP/1.1" 200 43631
114.83.218.109 - - [03/Jan/2024:09:12:19 +0800] "GET /xingrg/kc/buy/cgsh_order_add.html HTTP/1.1" 200 72982
180.169.147.146 - - [03/Jan/2024:09:12:19 +0800] "POST /xingrg/dwr/call/plaincall/AjaxCheckService.loadOrderItems.dwr HTTP/1.1" 200 4507
114.83.218.109 - - [03/Jan/2024:09:12:20 +0800] "POST /xingrg/kc/buy/cgsh_order_operate.html HTTP/1.1" 200 8245
114.83.218.109 - - [03/Jan/2024:09:12:20 +0800] "GET /xingrg/javascript/easyui/themes/default/validatebox.css HTTP/1.1" 404 1104
222.70.180.200 - - [03/Jan/2024:09:12:22 +0800] "GET /xingrg/kc/buy/cgsh_order_operate.html?command=get_materiel&rest_code=00111&code=00101008372&supplier_code=00100005&order_time=2024-01-03 HTTP/1.1" 200 408
222.69.132.144 - - [03/Jan/2024:09:12:23 +0800] "GET /xingrg/all/function/internal_message.html?_=1704244345865&CODE_STATE=getMsg HTTP/1.1" 200 27
222.67.232.215 - - [03/Jan/2024:09:12:23 +0800] "GET /xingrg/all/function/internal_message.html?_=1704244343737&CODE_STATE=getMsg HTTP/1.1" 200 27
124.78.154.219 - - [03/Jan/2024:09:12:24 +0800] "GET /xingrg/kc/buy/cgsh_order_operate.html?command=get_materiel&rest_code=00106&code=00101006180&supplier_code=00100096&order_time=2024-01-03 HTTP/1.1" 200 423
222.69.132.144 - - [03/Jan/2024:09:12:25 +0800] "POST /xingrg/kc/base/wldb_order_operate.html HTTP/1.1" 200 12
222.69.132.144 - - [03/Jan/2024:09:12:26 +0800] "POST /xingrg/kc/base/wldb_order_operate.html HTTP/1.1" 200 7148
180.164.1.25 - - [03/Jan/2024:09:12:26 +0800] "POST /xingrg/kc/buy/cgsh_list_operate.html HTTP/1.1" 200 6051
222.69.132.144 - - [03/Jan/2024:09:12:28 +0800] "GET /xingrg/kc/base/wldb_order_info.html?code=422024010300230 HTTP/1.1" 200 26270
222.69.132.144 - - [03/Jan/2024:09:12:28 +0800] "GET /xingrg/javascript/easyui/themes/default/validatebox.css HTTP/1.1" 404 1104
222.69.132.144 - - [03/Jan/2024:09:12:28 +0800] "POST /xingrg/kc/base/wldb_order_operate.html HTTP/1.1" 200 5329
222.70.180.200 - - [03/Jan/2024:09:12:29 +0800] "GET /xingrg/all/function/internal_message.html?_=1704244348756&CODE_STATE=getMsg HTTP/1.1" 200 27
180.169.147.146 - - [03/Jan/2024:09:12:30 +0800] "POST /xingrg/kc/base/check_list_operate.html HTTP/1.1" 200 5442
180.163.28.180 - - [03/Jan/2024:09:12:30 +0800] "GET /xingrg/check_reg.html?_=1704244288657 HTTP/1.1" 302 -
180.163.28.180 - - [03/Jan/2024:09:12:30 +0800] "GET /xingrg/login.html HTTP/1.1" 200 7641
180.164.1.25 - - [03/Jan/2024:09:12:31 +0800] "POST /xingrg/kc/buy/cgsh_list_operate.html HTTP/1.1" 200 565
124.78.154.219 - - [03/Jan/2024:09:12:31 +0800] "GET /xingrg/all/function/internal_message.html?_=1704244349276&CODE_STATE=getMsg HTTP/1.1" 200 27
180.169.147.146 - - [03/Jan/2024:09:12:31 +0800] "GET /xingrg/kc/base/check_order_info.html?code=452024010100011 HTTP/1.1" 200 23124
180.169.147.146 - - [03/Jan/2024:09:12:31 +0800] "GET /xingrg/dwr/interface/AjaxComOrderService.js HTTP/1.1" 200 18264
180.169.147.146 - - [03/Jan/2024:09:12:31 +0800] "GET /xingrg/dwr/interface/AjaxCheckService.js HTTP/1.1" 200 14003
180.169.147.146 - - [03/Jan/2024:09:12:31 +0800] "GET /xingrg/dwr/engine.js HTTP/1.1" 200 43631
222.69.132.144 - - [03/Jan/2024:09:12:31 +0800] "GET /xingrg/kc/base/wldb_order_add.html HTTP/1.1" 200 30391
222.69.132.144 - - [03/Jan/2024:09:12:32 +0800] "POST /xingrg/kc/base/wldb_order_operate.html HTTP/1.1" 200 6806
222.69.132.144 - - [03/Jan/2024:09:12:32 +0800] "GET /xingrg/javascript/easyui/themes/default/validatebox.css HTTP/1.1" 404 1104
180.169.147.146 - - [03/Jan/2024:09:12:32 +0800] "POST /xingrg/dwr/call/plaincall/AjaxCheckService.loadOrderItems.dwr HTTP/1.1" 200 653
180.164.1.25 - - [03/Jan/2024:09:12:33 +0800] "GET /xingrg/kc/buy/cgsh_order_info.html?code=212024010200517 HTTP/1.1" 200 72995
180.164.1.25 - - [03/Jan/2024:09:12:33 +0800] "GET /xingrg/javascript/pic_change.js HTTP/1.1" 304 -
180.164.1.25 - - [03/Jan/2024:09:12:33 +0800] "GET /xingrg/javascript/jquery_tools/order_manager.js HTTP/1.1" 304 -
180.164.1.25 - - [03/Jan/2024:09:12:33 +0800] "GET /xingrg/javascript/convert.js HTTP/1.1" 304 -
180.164.1.25 - - [03/Jan/2024:09:12:33 +0800] "GET /xingrg/javascript/json2.js HTTP/1.1" 304 -
180.164.1.25 - - [03/Jan/2024:09:12:33 +0800] "GET /xingrg/javascript/print/kc_print.js HTTP/1.1" 304 -
180.164.1.25 - - [03/Jan/2024:09:12:33 +0800] "GET /xingrg/words/20240102141541_words.js HTTP/1.1" 200 1006268
180.164.1.25 - - [03/Jan/2024:09:12:33 +0800] "GET /xingrg/javascript/easyui/themes/icons/copy_new.png HTTP/1.1" 304 -
180.164.1.25 - - [03/Jan/2024:09:12:33 +0800] "GET /xingrg/javascript/easyui/themes/icons/template_new.png HTTP/1.1" 304 -
180.164.1.25 - - [03/Jan/2024:09:12:33 +0800] "GET /xingrg/javascript/easyui/themes/icons/ok.png HTTP/1.1" 304 -
180.164.1.25 - - [03/Jan/2024:09:12:33 +0800] "GET /xingrg/javascript/easyui/themes/icons/print.png HTTP/1.1" 304 -
180.164.1.25 - - [03/Jan/2024:09:12:33 +0800] "GET /xingrg/javascript/easyui/themes/default/images/menu_downarrow.png HTTP/1.1" 304 -
180.164.1.25 - - [03/Jan/2024:09:12:33 +0800] "GET /xingrg/javascript/easyui/themes/icons/cancel.png HTTP/1.1" 304 -
124.79.241.187 - - [03/Jan/2024:09:12:33 +0800] "GET /xingrg/all/function/internal_message.html?_=1704244685232&CODE_STATE=getMsg HTTP/1.1" 200 27
124.79.241.187 - - [03/Jan/2024:09:12:33 +0800] "GET /xingrg/check_reg.html?_=1704244685234 HTTP/1.1" 200 22
180.164.1.25 - - [03/Jan/2024:09:12:33 +0800] "GET /xingrg/all/function/internal_message.html?_=1704244352265&CODE_STATE=getMsg HTTP/1.1" 200 27
180.164.1.25 - - [03/Jan/2024:09:12:33 +0800] "GET /xingrg/javascript/easyui/themes/default/validatebox.css HTTP/1.1" 404 1104
180.164.1.25 - - [03/Jan/2024:09:12:33 +0800] "GET /xingrg/javascript/easyui/plugins/jquery.validatebox.js HTTP/1.1" 304 -
180.164.1.25 - - [03/Jan/2024:09:12:33 +0800] "GET /xingrg/javascript/easyui/plugins/jquery.numberbox.js HTTP/1.1" 304 -
180.164.1.25 - - [03/Jan/2024:09:12:33 +0800] "GET /xingrg/all/common/auto_word.html?type=employee&rest_code=00108 HTTP/1.1" 200 101
180.164.1.25 - - [03/Jan/2024:09:12:33 +0800] "GET /xingrg/all/common/auto_word.html?type=employee&rest_code=00108 HTTP/1.1" 200 101
114.95.241.104 - - [03/Jan/2024:09:12:34 +0800] "GET /xingrg/all/function/internal_message.html?_=1704244354068&CODE_STATE=getMsg HTTP/1.1" 200 27
222.69.132.144 - - [03/Jan/2024:09:12:34 +0800] "POST /xingrg/all/common/load_combo.html?type=base HTTP/1.1" 200 1491
180.164.1.25 - - [03/Jan/2024:09:12:34 +0800] "POST /xingrg/kc/buy/cgsh_order_operate.html HTTP/1.1" 200 28696
180.164.1.25 - - [03/Jan/2024:09:12:35 +0800] "GET /xingrg/javascript/easyui/themes/icons/edit_remove.png HTTP/1.1" 304 -
222.69.132.144 - - [03/Jan/2024:09:12:36 +0800] "POST /xingrg/all/common/load_combo.html?type=base HTTP/1.1" 200 1491
222.67.232.215 - - [03/Jan/2024:09:12:39 +0800] "GET /xingrg/check_reg.html?_=1704244359395 HTTP/1.1" 200 22
180.169.147.146 - - [03/Jan/2024:09:12:41 +0800] "POST /xingrg/dwr/call/plaincall/AjaxCheckService.uncheckOrder.dwr HTTP/1.1" 200 78
180.163.29.217 - - [03/Jan/2024:09:12:42 +0800] "GET /xingrg/kc/buy/cgsh_order_operate.html?command=get_materiel&rest_code=00106&code=00101006065&supplier_code=00100096&order_time=2024-01-03 HTTP/1.1" 302 -
180.163.29.217 - - [03/Jan/2024:09:12:42 +0800] "GET /xingrg/login.html HTTP/1.1" 200 7641
120.253.135.82 - - [03/Jan/2024:09:12:42 +0800] "GET /xingrg/all/function/internal_message.html?_=1704244180287&CODE_STATE=getMsg HTTP/1.1" 200 27
180.169.147.146 - - [03/Jan/2024:09:12:43 +0800] "GET /xingrg/kc/base/check_order_info.html?code=452024010100011 HTTP/1.1" 200 26560
180.169.147.146 - - [03/Jan/2024:09:12:43 +0800] "GET /xingrg/dwr/interface/AjaxComOrderService.js HTTP/1.1" 200 18264
180.169.147.146 - - [03/Jan/2024:09:12:43 +0800] "GET /xingrg/dwr/interface/AjaxCheckService.js HTTP/1.1" 200 14003
180.169.147.146 - - [03/Jan/2024:09:12:43 +0800] "GET /xingrg/dwr/engine.js HTTP/1.1" 200 43631
180.169.147.146 - - [03/Jan/2024:09:12:44 +0800] "POST /xingrg/dwr/call/plaincall/AjaxCheckService.loadOrderItems.dwr HTTP/1.1" 200 1009
180.164.1.25 - - [03/Jan/2024:09:12:45 +0800] "GET /xingrg/javascript/easyui/themes/default/images/button_plain_hover.png HTTP/1.1" 304 -
222.70.180.200 - - [03/Jan/2024:09:12:45 +0800] "GET /xingrg/kc/buy/cgsh_order_operate.html?command=get_materiel&rest_code=00111&code=00101008353&supplier_code=00100005&order_time=2024-01-03 HTTP/1.1" 200 408
124.78.154.219 - - [03/Jan/2024:09:12:46 +0800] "GET /xingrg/all/function/internal_message.html?_=1704244366665&CODE_STATE=getMsg HTTP/1.1" 200 27
222.69.132.144 - - [03/Jan/2024:09:12:46 +0800] "POST /xingrg/all/common/load_select.html HTTP/1.1" 200 25
180.169.147.146 - - [03/Jan/2024:09:12:47 +0800] "POST /xingrg/dwr/call/plaincall/AjaxCheckService.setItemNumber.dwr HTTP/1.1" 200 76
101.83.145.37 - - [03/Jan/2024:09:12:48 +0800] "GET /xingrg/all/function/internal_message.html?_=1704244135514&CODE_STATE=getMsg HTTP/1.1" 200 27
116.230.116.41 - - [03/Jan/2024:09:12:50 +0800] "GET /xingrg/check_reg.html?_=1704244380120 HTTP/1.1" 200 22
180.164.1.25 - - [03/Jan/2024:09:12:52 +0800] "POST /xingrg/kc/buy/cgsh_order_operate.html HTTP/1.1" 200 37
116.230.116.41 - - [03/Jan/2024:09:12:52 +0800] "GET /xingrg/all/function/internal_message.html?_=1704244382175&CODE_STATE=getMsg HTTP/1.1" 200 27
114.83.218.109 - - [03/Jan/2024:09:12:53 +0800] "GET /xingrg/all/function/internal_message.html?_=1704244372597&CODE_STATE=getMsg HTTP/1.1" 200 27
180.169.147.146 - - [03/Jan/2024:09:12:54 +0800] "POST /xingrg/dwr/call/plaincall/AjaxCheckService.checkOrder.dwr HTTP/1.1" 200 78
180.164.1.25 - - [03/Jan/2024:09:12:54 +0800] "POST /xingrg/kc/buy/cgsh_order_operate.html HTTP/1.1" 200 28696
180.169.147.146 - - [03/Jan/2024:09:12:55 +0800] "GET /xingrg/kc/base/check_order_info.html?code=452024010100011 HTTP/1.1" 200 23124
180.169.147.146 - - [03/Jan/2024:09:12:55 +0800] "GET /xingrg/dwr/interface/AjaxComOrderService.js HTTP/1.1" 200 18264
180.169.147.146 - - [03/Jan/2024:09:12:55 +0800] "GET /xingrg/dwr/interface/AjaxCheckService.js HTTP/1.1" 200 14003
180.169.147.146 - - [03/Jan/2024:09:12:55 +0800] "GET /xingrg/dwr/engine.js HTTP/1.1" 200 43631
180.169.147.146 - - [03/Jan/2024:09:12:56 +0800] "POST /xingrg/dwr/call/plaincall/AjaxCheckService.loadOrderItems.dwr HTTP/1.1" 200 654
116.232.193.168 - - [03/Jan/2024:09:12:57 +0800] "GET /xingrg/all/function/internal_message.html?_=1704244338675&CODE_STATE=getMsg HTTP/1.1" 200 27
124.78.154.219 - - [03/Jan/2024:09:12:57 +0800] "GET /xingrg/kc/buy/cgsh_order_operate.html?command=get_materiel&rest_code=00106&code=00101006184&supplier_code=00100096&order_time=2024-01-03 HTTP/1.1" 200 408
222.70.180.200 - - [03/Jan/2024:09:12:57 +0800] "GET /xingrg/kc/buy/cgsh_order_operate.html?command=get_materiel&rest_code=00111&code=00101008155&supplier_code=00100005&order_time=2024-01-03 HTTP/1.1" 200 408
222.69.132.144 - - [03/Jan/2024:09:13:00 +0800] "GET /xingrg/kc/base/wldb_order_operate.html?command=get_materiel&rest_code=00154&base_code=0010724&code=00101019184 HTTP/1.1" 200 456
116.224.122.193 - - [03/Jan/2024:09:13:02 +0800] "GET /xingrg/all/function/internal_message.html?_=1704244381844&CODE_STATE=getMsg HTTP/1.1" 200 27
58.39.110.191 - - [03/Jan/2024:09:13:03 +0800] "GET /xingrg/login.html HTTP/1.1" 200 7641
58.39.110.191 - - [03/Jan/2024:09:13:03 +0800] "GET /favicon.ico HTTP/1.1" 404 -
222.69.132.144 - - [03/Jan/2024:09:13:08 +0800] "GET /xingrg/kc/base/wldb_order_operate.html?command=get_materiel&rest_code=00154&base_code=0010724&code=00101019792 HTTP/1.1" 200 457
116.232.193.168 - - [03/Jan/2024:09:13:08 +0800] "GET /xingrg/all/function/internal_message.html?_=1704244350224&CODE_STATE=getMsg HTTP/1.1" 200 27
58.39.110.191 - - [03/Jan/2024:09:13:11 +0800] "POST /xingrg/login.do HTTP/1.1" 302 -
58.39.110.191 - - [03/Jan/2024:09:13:11 +0800] "GET /xingrg/index.html?sysBaseUrl=http%3A%2F%2F180.169.147.146%3A18081%2Fxingrg%2F&costTime=1488×tamp=1704244391253 HTTP/1.1" 200 17177
58.39.110.191 - - [03/Jan/2024:09:13:11 +0800] "GET /favicon.ico HTTP/1.1" 404 -
58.39.110.191 - - [03/Jan/2024:09:13:11 +0800] "GET /xingrg/all/function/internal_message.html?_=1704244392502&CODE_STATE=count HTTP/1.1" 200 11
58.39.110.191 - - [03/Jan/2024:09:13:11 +0800] "GET /xingrg/check_reg.html?_=1704244392503 HTTP/1.1" 200 22
58.39.110.191 - - [03/Jan/2024:09:13:11 +0800] "POST /xingrg/all/common/load_tree.html?tree=area_rest_tree_json&manage=1 HTTP/1.1" 200 348
58.39.110.191 - - [03/Jan/2024:09:13:11 +0800] "POST /xingrg/load_menu.html HTTP/1.1" 200 5138
101.80.228.56 - - [03/Jan/2024:09:13:13 +0800] "GET /xingrg/all/function/internal_message.html?_=1704244396367&CODE_STATE=getMsg HTTP/1.1" 200 27
58.39.110.191 - - [03/Jan/2024:09:13:14 +0800] "GET /xingrg/kc/base/base_main.html HTTP/1.1" 200 12142
114.95.241.104 - - [03/Jan/2024:09:13:14 +0800] "GET /xingrg/all/function/internal_message.html?_=1704244394603&CODE_STATE=getMsg HTTP/1.1" 200 27
222.70.180.200 - - [03/Jan/2024:09:13:15 +0800] "GET /xingrg/kc/buy/cgsh_order_operate.html?command=get_materiel&rest_code=00111&code=00101008291&supplier_code=00100005&order_time=2024-01-03 HTTP/1.1" 200 408
58.39.110.191 - - [03/Jan/2024:09:13:15 +0800] "GET /xingrg/kc/base/yddb_order_list.html HTTP/1.1" 200 16663
58.39.110.191 - - [03/Jan/2024:09:13:15 +0800] "POST /xingrg/kc/base/yddb_list_operate.html HTTP/1.1" 200 636
58.39.110.191 - - [03/Jan/2024:09:13:18 +0800] "GET /xingrg/kc/base/yddb_order_add.html HTTP/1.1" 200 30041
58.39.110.191 - - [03/Jan/2024:09:13:18 +0800] "GET /xingrg/dwr/interface/AjaxComOrderService.js HTTP/1.1" 200 18264
58.39.110.191 - - [03/Jan/2024:09:13:18 +0800] "GET /xingrg/dwr/interface/AjaxYddbService.js HTTP/1.1" 200 13201
58.39.110.191 - - [03/Jan/2024:09:13:18 +0800] "GET /xingrg/dwr/util.js HTTP/1.1" 200 35990
58.39.110.191 - - [03/Jan/2024:09:13:18 +0800] "GET /xingrg/dwr/engine.js HTTP/1.1" 200 43631
180.169.147.146 - - [03/Jan/2024:09:13:18 +0800] "GET /xingrg/all/function/internal_message.html?_=1704244398254&CODE_STATE=getMsg HTTP/1.1" 200 27
222.69.132.144 - - [03/Jan/2024:09:13:19 +0800] "GET /xingrg/kc/base/wldb_order_operate.html?command=get_materiel&rest_code=00154&base_code=0010724&code=00101020335 HTTP/1.1" 200 456
222.69.132.144 - - [03/Jan/2024:09:13:23 +0800] "GET /xingrg/all/function/internal_message.html?_=1704244405888&CODE_STATE=getMsg HTTP/1.1" 200 27
222.67.232.215 - - [03/Jan/2024:09:13:23 +0800] "GET /xingrg/all/function/internal_message.html?_=1704244403715&CODE_STATE=getMsg HTTP/1.1" 200 27
124.78.154.219 - - [03/Jan/2024:09:13:28 +0800] "POST /xingrg/kc/buy/cgsh_order_operate.html HTTP/1.1" 200 37
222.70.180.200 - - [03/Jan/2024:09:13:29 +0800] "GET /xingrg/all/function/internal_message.html?_=1704244408756&CODE_STATE=getMsg HTTP/1.1" 200 27
222.70.180.200 - - [03/Jan/2024:09:13:30 +0800] "GET /xingrg/kc/buy/cgsh_order_operate.html?command=get_materiel&rest_code=00111&code=00101008257&supplier_code=00100005&order_time=2024-01-03 HTTP/1.1" 200 416
222.69.132.144 - - [03/Jan/2024:09:13:30 +0800] "GET /xingrg/kc/base/wldb_order_operate.html?command=get_materiel&rest_code=00154&base_code=0010724&code=00101019811 HTTP/1.1" 200 441
124.79.241.187 - - [03/Jan/2024:09:13:33 +0800] "GET /xingrg/all/function/internal_message.html?_=1704244745231&CODE_STATE=getMsg HTTP/1.1" 200 27
180.164.1.25 - - [03/Jan/2024:09:13:33 +0800] "GET /xingrg/all/function/internal_message.html?_=1704244412262&CODE_STATE=getMsg HTTP/1.1" 200 27
124.78.154.219 - - [03/Jan/2024:09:13:33 +0800] "POST /xingrg/kc/buy/cgsh_order_operate.html HTTP/1.1" 200 9829
114.95.241.104 - - [03/Jan/2024:09:13:34 +0800] "GET /xingrg/all/function/internal_message.html?_=1704244414058&CODE_STATE=getMsg HTTP/1.1" 200 27
58.39.110.191 - - [03/Jan/2024:09:13:34 +0800] "POST /xingrg/dwr/call/plaincall/AjaxYddbService.getRestBases.dwr HTTP/1.1" 200 509
58.39.110.191 - - [03/Jan/2024:09:13:39 +0800] "POST /xingrg/dwr/call/plaincall/AjaxYddbService.saveOrder.dwr HTTP/1.1" 200 78
222.69.132.144 - - [03/Jan/2024:09:13:40 +0800] "GET /xingrg/kc/base/wldb_order_operate.html?command=get_materiel&rest_code=00154&base_code=0010724&code=00101019739 HTTP/1.1" 200 469
