116.224.122.193 - - [03/Jan/2024:10:51:08 +0800] "GET /xingrg/all/function/internal_message.html?_=1704250267751&CODE_STATE=getMsg HTTP/1.1" 200 27
101.228.146.191 - - [03/Jan/2024:10:51:09 +0800] "GET /xingrg/check_reg.html?_=1704250269843 HTTP/1.1" 200 22
101.228.146.191 - - [03/Jan/2024:10:51:09 +0800] "GET /xingrg/all/function/internal_message.html?_=1704250269844&CODE_STATE=getMsg HTTP/1.1" 200 27
120.253.135.82 - - [03/Jan/2024:10:51:12 +0800] "GET /xingrg/all/function/internal_message.html?_=1704250090401&CODE_STATE=getMsg HTTP/1.1" 200 27
101.80.228.56 - - [03/Jan/2024:10:51:13 +0800] "GET /xingrg/all/function/internal_message.html?_=1704250276616&CODE_STATE=getMsg HTTP/1.1" 200 27
58.39.110.191 - - [03/Jan/2024:10:51:13 +0800] "GET /xingrg/kc/base/wldb_order_operate.html?command=get_materiel&rest_code=00157&base_code=0010864&code=00101013052 HTTP/1.1" 200 440
120.253.135.82 - - [03/Jan/2024:10:51:18 +0800] "GET /xingrg/css/images/panel_loading.gif HTTP/1.1" 200 1737
120.253.135.82 - - [03/Jan/2024:10:51:18 +0800] "POST /xingrg/all/common/load_combo.html?type=employee HTTP/1.1" 200 1749
222.67.232.215 - - [03/Jan/2024:10:51:21 +0800] "GET /xingrg/all/function/internal_message.html?_=1704250281947&CODE_STATE=getMsg HTTP/1.1" 200 27
180.163.30.85 - - [03/Jan/2024:10:51:23 +0800] "GET /xingrg/all/function/internal_message.html?_=1704250221137&CODE_STATE=getMsg HTTP/1.1" 302 -
180.163.30.85 - - [03/Jan/2024:10:51:23 +0800] "GET /xingrg/login.html HTTP/1.1" 200 7641
124.78.154.219 - - [03/Jan/2024:10:51:23 +0800] "GET /xingrg/all/function/internal_message.html?_=1704250281117&CODE_STATE=getMsg HTTP/1.1" 200 27
180.169.147.146 - - [03/Jan/2024:10:51:23 +0800] "GET /xingrg/all/function/internal_message.html?_=1704250283290&CODE_STATE=getMsg HTTP/1.1" 200 27
180.169.147.146 - - [03/Jan/2024:10:51:23 +0800] "GET /xingrg/index.html?sysBaseUrl=http%3A%2F%2F180.169.147.146%3A18081%2Fxingrg%2F&costTime=39×tamp=1592034574635 HTTP/1.1" 302 -
180.169.147.146 - - [03/Jan/2024:10:51:23 +0800] "GET /xingrg/login.html HTTP/1.1" 200 7641
180.169.147.146 - - [03/Jan/2024:10:51:24 +0800] "GET /favicon.ico HTTP/1.1" 404 -
180.169.147.146 - - [03/Jan/2024:10:51:26 +0800] "POST /xingrg/login.do HTTP/1.1" 302 -
180.169.147.146 - - [03/Jan/2024:10:51:26 +0800] "GET /xingrg/index.html?sysBaseUrl=http%3A%2F%2F180.169.147.146%3A18081%2Fxingrg%2F&costTime=868×tamp=1704250286754 HTTP/1.1" 200 17503
180.169.147.146 - - [03/Jan/2024:10:51:26 +0800] "GET /favicon.ico HTTP/1.1" 404 -
180.169.147.146 - - [03/Jan/2024:10:51:27 +0800] "POST /xingrg/all/common/load_tree.html?tree=area_rest_tree_json&manage=1 HTTP/1.1" 200 3624
180.169.147.146 - - [03/Jan/2024:10:51:27 +0800] "GET /xingrg/all/function/internal_message.html?_=1704250288555&CODE_STATE=count HTTP/1.1" 200 11
180.169.147.146 - - [03/Jan/2024:10:51:27 +0800] "GET /xingrg/check_reg.html?_=1704250288557 HTTP/1.1" 200 22
180.169.147.146 - - [03/Jan/2024:10:51:27 +0800] "POST /xingrg/load_menu.html HTTP/1.1" 200 11564
180.169.147.146 - - [03/Jan/2024:10:51:28 +0800] "GET /xingrg/kc/report/report_main.html HTTP/1.1" 200 8599
180.169.147.146 - - [03/Jan/2024:10:51:29 +0800] "GET /xingrg/all/report/report_query.html?fileName=kc/buy/gys_amount_base_rest.xml HTTP/1.1" 200 51664
180.169.147.146 - - [03/Jan/2024:10:51:29 +0800] "GET /xingrg/dwr/interface/AjaxReportQueryService.js HTTP/1.1" 200 13203
180.169.147.146 - - [03/Jan/2024:10:51:29 +0800] "GET /xingrg/dwr/engine.js HTTP/1.1" 200 43631
180.169.147.146 - - [03/Jan/2024:10:51:29 +0800] "POST /xingrg/dwr/call/plaincall/AjaxReportQueryService.getFixDate.dwr HTTP/1.1" 200 111
222.70.180.200 - - [03/Jan/2024:10:51:29 +0800] "GET /xingrg/all/function/internal_message.html?_=1704250289369&CODE_STATE=getMsg HTTP/1.1" 200 27
180.169.147.146 - - [03/Jan/2024:10:51:29 +0800] "POST /xingrg/all/common/load_tree.html?tree=area_rest_tree_json&manage=1 HTTP/1.1" 200 3624
180.169.147.146 - - [03/Jan/2024:10:51:30 +0800] "POST /xingrg/all/common/load_tree.html?tree=supplier_tree_json&manage=1 HTTP/1.1" 200 79575
180.169.147.146 - - [03/Jan/2024:10:51:32 +0800] "POST /xingrg/dwr/call/plaincall/AjaxReportQueryService.getFixDate.dwr HTTP/1.1" 200 111
124.79.241.187 - - [03/Jan/2024:10:51:33 +0800] "GET /xingrg/all/function/internal_message.html?_=1704250625315&CODE_STATE=getMsg HTTP/1.1" 200 27
120.253.135.82 - - [03/Jan/2024:10:51:34 +0800] "GET /xingrg/kc/buy/cgsh_order_operate.html?command=get_materiel&rest_code=00101&code=00101010339&supplier_code=00100275&order_time=2024-01-03 HTTP/1.1" 200 441
114.95.241.104 - - [03/Jan/2024:10:51:34 +0800] "GET /xingrg/all/function/internal_message.html?_=1704250293957&CODE_STATE=getMsg HTTP/1.1" 200 27
116.224.122.193 - - [03/Jan/2024:10:51:34 +0800] "GET /xingrg/kc/base/wldb_order_list.html HTTP/1.1" 200 19054
116.224.122.193 - - [03/Jan/2024:10:51:35 +0800] "POST /xingrg/kc/base/wldb_list_operate.html HTTP/1.1" 200 1767
222.70.180.200 - - [03/Jan/2024:10:51:36 +0800] "GET /xingrg/all/function/internal_message.html?_=1704250296075&CODE_STATE=getMsg HTTP/1.1" 200 27
116.224.122.193 - - [03/Jan/2024:10:51:36 +0800] "GET /xingrg/kc/base/wldb_order_add.html HTTP/1.1" 200 30381
116.224.122.193 - - [03/Jan/2024:10:51:36 +0800] "POST /xingrg/kc/base/wldb_order_operate.html HTTP/1.1" 200 6806
116.224.122.193 - - [03/Jan/2024:10:51:36 +0800] "GET /xingrg/javascript/easyui/themes/default/validatebox.css HTTP/1.1" 404 1104
116.224.122.193 - - [03/Jan/2024:10:51:37 +0800] "POST /xingrg/all/common/load_combo.html?type=base HTTP/1.1" 200 3321
180.169.147.146 - - [03/Jan/2024:10:51:38 +0800] "POST /xingrg/dwr/call/plaincall/AjaxReportQueryService.refreshCache.dwr HTTP/1.1" 200 78
116.224.122.193 - - [03/Jan/2024:10:51:40 +0800] "GET /xingrg/javascript/auto/indicator.gif HTTP/1.1" 404 1066
58.39.110.191 - - [03/Jan/2024:10:51:40 +0800] "GET /xingrg/kc/base/wldb_order_operate.html?command=get_materiel&rest_code=00157&base_code=0010864&code=00101013092 HTTP/1.1" 200 435
124.78.154.219 - - [03/Jan/2024:10:51:42 +0800] "GET /xingrg/all/function/internal_message.html?_=1704250302315&CODE_STATE=getMsg HTTP/1.1" 200 27
124.78.154.219 - - [03/Jan/2024:10:51:42 +0800] "GET /xingrg/check_reg.html?_=1704250302318 HTTP/1.1" 200 22
116.224.122.193 - - [03/Jan/2024:10:51:43 +0800] "GET /xingrg/kc/base/wldb_order_operate.html?command=get_materiel&rest_code=00102&base_code=0010476&code=00102002347 HTTP/1.1" 200 456
180.169.147.146 - - [03/Jan/2024:10:51:44 +0800] "POST /xingrg/all/report/load_report_page.html HTTP/1.1" 200 326656
180.169.147.146 - - [03/Jan/2024:10:51:44 +0800] "GET /xingrg/servlets/image?cache=0.5932324318510281&image=px HTTP/1.1" 200 807
180.164.1.25 - - [03/Jan/2024:10:51:45 +0800] "GET /xingrg/all/function/internal_message.html?_=1704250304178&CODE_STATE=getMsg HTTP/1.1" 200 27
124.78.154.219 - - [03/Jan/2024:10:51:46 +0800] "GET /xingrg/all/function/internal_message.html?_=1704250306136&CODE_STATE=getMsg HTTP/1.1" 200 27
180.164.1.25 - - [03/Jan/2024:10:51:46 +0800] "GET /xingrg/check_reg.html?_=1704250305213 HTTP/1.1" 200 22
58.39.110.191 - - [03/Jan/2024:10:51:48 +0800] "POST /xingrg/kc/base/wldb_order_operate.html HTTP/1.1" 200 1710
101.83.145.37 - - [03/Jan/2024:10:51:48 +0800] "GET /xingrg/all/function/internal_message.html?_=1704250075591&CODE_STATE=getMsg HTTP/1.1" 200 27
101.83.145.37 - - [03/Jan/2024:10:51:48 +0800] "GET /xingrg/check_reg.html?_=1704250075633 HTTP/1.1" 200 22
116.224.122.193 - - [03/Jan/2024:10:51:50 +0800] "GET /xingrg/kc/base/wldb_order_operate.html?command=get_materiel&rest_code=00102&base_code=0010476&code=00102002150 HTTP/1.1" 200 446
101.83.145.37 - - [03/Jan/2024:10:51:50 +0800] "GET /xingrg/kc/buy/cgsh_order_operate.html?command=get_materiel&rest_code=00105&code=00101013046&supplier_code=00100337&order_time=2024-01-03 HTTP/1.1" 200 413
101.83.145.37 - - [03/Jan/2024:10:51:51 +0800] "GET /xingrg/all/function/internal_message.html?_=1704250311849&CODE_STATE=getMsg HTTP/1.1" 200 27
114.83.218.109 - - [03/Jan/2024:10:51:51 +0800] "GET /xingrg/all/function/internal_message.html?_=1704250310597&CODE_STATE=getMsg HTTP/1.1" 200 27
116.230.116.41 - - [03/Jan/2024:10:51:51 +0800] "GET /xingrg/all/function/internal_message.html?_=1704250321165&CODE_STATE=getMsg HTTP/1.1" 200 27
172.20.0.100 - - [03/Jan/2024:10:51:53 +0800] "GET /xingrg/check_reg.html?_=1704250312327 HTTP/1.1" 200 22
172.20.0.100 - - [03/Jan/2024:10:51:53 +0800] "GET /xingrg/all/function/internal_message.html?_=1704250312328&CODE_STATE=getMsg HTTP/1.1" 200 27
58.39.110.191 - - [03/Jan/2024:10:51:53 +0800] "GET /xingrg/kc/base/wldb_order_operate.html?command=get_materiel&rest_code=00157&base_code=0010864&code=00101013137 HTTP/1.1" 200 433
180.169.147.146 - - [03/Jan/2024:10:51:55 +0800] "POST /xingrg/all/report/report_print.html HTTP/1.1" 200 56381
116.232.193.168 - - [03/Jan/2024:10:51:55 +0800] "GET /xingrg/all/function/internal_message.html?_=1704250277015&CODE_STATE=getMsg HTTP/1.1" 200 27
222.69.132.144 - - [03/Jan/2024:10:51:56 +0800] "GET /xingrg/all/function/internal_message.html?_=1704250319385&CODE_STATE=getMsg HTTP/1.1" 200 27
116.224.122.193 - - [03/Jan/2024:10:51:56 +0800] "GET /xingrg/check_reg.html?_=1704250329502 HTTP/1.1" 200 22
114.95.241.104 - - [03/Jan/2024:10:52:00 +0800] "GET /xingrg/all/function/internal_message.html?_=1704250320047&CODE_STATE=getMsg HTTP/1.1" 200 27
116.224.122.193 - - [03/Jan/2024:10:52:01 +0800] "GET /xingrg/all/function/internal_message.html?_=1704250333917&CODE_STATE=getMsg HTTP/1.1" 200 27
58.39.110.191 - - [03/Jan/2024:10:52:02 +0800] "GET /xingrg/kc/base/wldb_order_operate.html?command=get_materiel&rest_code=00157&base_code=0010864&code=00101013139 HTTP/1.1" 200 450
58.39.110.191 - - [03/Jan/2024:10:52:04 +0800] "GET /xingrg/all/function/internal_message.html?_=1704250325482&CODE_STATE=getMsg HTTP/1.1" 200 27
116.224.122.193 - - [03/Jan/2024:10:52:04 +0800] "GET /xingrg/kc/base/wldb_order_add.html HTTP/1.1" 200 30381
116.224.122.193 - - [03/Jan/2024:10:52:05 +0800] "POST /xingrg/kc/base/wldb_order_operate.html HTTP/1.1" 200 6806
116.224.122.193 - - [03/Jan/2024:10:52:05 +0800] "GET /xingrg/javascript/easyui/themes/default/validatebox.css HTTP/1.1" 404 1104
180.169.147.146 - - [03/Jan/2024:10:52:06 +0800] "GET /xingrg/all/function/internal_message.html?_=1704250294100&CODE_STATE=getMsg HTTP/1.1" 200 27
116.224.122.193 - - [03/Jan/2024:10:52:06 +0800] "POST /xingrg/all/common/load_combo.html?type=base HTTP/1.1" 200 3321
116.232.193.168 - - [03/Jan/2024:10:52:06 +0800] "GET /xingrg/check_reg.html?_=1704250287660 HTTP/1.1" 200 22
116.224.122.193 - - [03/Jan/2024:10:52:08 +0800] "GET /xingrg/check_reg.html?_=1704250327723 HTTP/1.1" 200 22
116.224.122.193 - - [03/Jan/2024:10:52:08 +0800] "GET /xingrg/all/function/internal_message.html?_=1704250327723&CODE_STATE=getMsg HTTP/1.1" 200 27
101.228.146.191 - - [03/Jan/2024:10:52:09 +0800] "GET /xingrg/all/function/internal_message.html?_=1704250329845&CODE_STATE=getMsg HTTP/1.1" 200 27
58.39.110.191 - - [03/Jan/2024:10:52:11 +0800] "GET /xingrg/kc/base/wldb_order_operate.html?command=get_materiel&rest_code=00157&base_code=0010864&code=00101016019 HTTP/1.1" 200 450
120.253.135.82 - - [03/Jan/2024:10:52:12 +0800] "GET /xingrg/all/function/internal_message.html?_=1704250150414&CODE_STATE=getMsg HTTP/1.1" 200 27
101.80.228.56 - - [03/Jan/2024:10:52:13 +0800] "GET /xingrg/all/function/internal_message.html?_=1704250336606&CODE_STATE=getMsg HTTP/1.1" 200 27
116.224.122.193 - - [03/Jan/2024:10:52:13 +0800] "POST /xingrg/all/common/load_combo.html?type=base HTTP/1.1" 200 3321
180.169.147.146 - - [03/Jan/2024:10:52:17 +0800] "POST /xingrg/dwr/call/plaincall/AjaxReportQueryService.refreshCache.dwr HTTP/1.1" 200 78
222.67.232.215 - - [03/Jan/2024:10:52:21 +0800] "GET /xingrg/all/function/internal_message.html?_=1704250341926&CODE_STATE=getMsg HTTP/1.1" 200 27
124.78.154.219 - - [03/Jan/2024:10:52:23 +0800] "GET /xingrg/all/function/internal_message.html?_=1704250341088&CODE_STATE=getMsg HTTP/1.1" 200 27
180.169.147.146 - - [03/Jan/2024:10:52:23 +0800] "GET /xingrg/all/function/internal_message.html?_=1704250343282&CODE_STATE=getMsg HTTP/1.1" 200 27
180.163.28.180 - - [03/Jan/2024:10:52:24 +0800] "GET /xingrg/all/function/internal_message.html?_=1704250281117&CODE_STATE=getMsg HTTP/1.1" 302 -
180.163.28.180 - - [03/Jan/2024:10:52:24 +0800] "GET /xingrg/login.html HTTP/1.1" 200 7641
180.169.147.146 - - [03/Jan/2024:10:52:24 +0800] "POST /xingrg/all/report/load_report_page.html HTTP/1.1" 200 326144
180.169.147.146 - - [03/Jan/2024:10:52:24 +0800] "GET /xingrg/servlets/image?cache=0.8468847041322002&image=px HTTP/1.1" 200 807
180.169.147.146 - - [03/Jan/2024:10:52:27 +0800] "GET /xingrg/all/function/internal_message.html?_=1704250348578&CODE_STATE=getMsg HTTP/1.1" 200 27
222.70.180.200 - - [03/Jan/2024:10:52:29 +0800] "GET /xingrg/all/function/internal_message.html?_=1704250349354&CODE_STATE=getMsg HTTP/1.1" 200 27
58.39.110.191 - - [03/Jan/2024:10:52:32 +0800] "GET /xingrg/kc/base/wldb_order_operate.html?command=get_materiel&rest_code=00157&base_code=0010864&code=00101016044 HTTP/1.1" 200 464
116.224.122.193 - - [03/Jan/2024:10:52:32 +0800] "GET /xingrg/kc/base/wldb_order_operate.html?command=get_materiel&rest_code=00102&base_code=0010476&code=00101019295 HTTP/1.1" 200 474
124.79.241.187 - - [03/Jan/2024:10:52:33 +0800] "GET /xingrg/all/function/internal_message.html?_=1704250685314&CODE_STATE=getMsg HTTP/1.1" 200 27
124.79.241.187 - - [03/Jan/2024:10:52:33 +0800] "GET /xingrg/check_reg.html?_=1704250685315 HTTP/1.1" 200 22
114.95.241.104 - - [03/Jan/2024:10:52:34 +0800] "GET /xingrg/check_reg.html?_=1704250353951 HTTP/1.1" 200 22
114.95.241.104 - - [03/Jan/2024:10:52:34 +0800] "GET /xingrg/all/function/internal_message.html?_=1704250353954&CODE_STATE=getMsg HTTP/1.1" 200 27
180.169.147.146 - - [03/Jan/2024:10:52:35 +0800] "POST /xingrg/all/report/report_print.html HTTP/1.1" 200 53309
116.224.122.193 - - [03/Jan/2024:10:52:35 +0800] "GET /xingrg/kc/base/wldb_order_operate.html?command=get_materiel&rest_code=00102&base_code=0010476&code=00101013093 HTTP/1.1" 200 450
222.70.180.200 - - [03/Jan/2024:10:52:36 +0800] "GET /xingrg/all/function/internal_message.html?_=1704250356075&CODE_STATE=getMsg HTTP/1.1" 200 27
101.83.145.37 - - [03/Jan/2024:10:52:36 +0800] "GET /xingrg/kc/buy/cgsh_order_operate.html?command=get_materiel&rest_code=00105&code=00101020133&supplier_code=00100337&order_time=2024-01-03 HTTP/1.1" 200 419
222.67.232.215 - - [03/Jan/2024:10:52:39 +0800] "GET /xingrg/check_reg.html?_=1704250359345 HTTP/1.1" 200 22
116.224.122.193 - - [03/Jan/2024:10:52:39 +0800] "GET /xingrg/kc/base/wldb_order_operate.html?command=get_materiel&rest_code=00102&base_code=0010476&code=00101019358 HTTP/1.1" 200 459
124.78.154.219 - - [03/Jan/2024:10:52:42 +0800] "GET /xingrg/all/function/internal_message.html?_=1704250362317&CODE_STATE=getMsg HTTP/1.1" 200 27
180.164.1.25 - - [03/Jan/2024:10:52:45 +0800] "GET /xingrg/all/function/internal_message.html?_=1704250364163&CODE_STATE=getMsg HTTP/1.1" 200 27
101.83.145.37 - - [03/Jan/2024:10:52:45 +0800] "GET /xingrg/check_reg.html?_=1704250366685 HTTP/1.1" 200 22
124.78.154.219 - - [03/Jan/2024:10:52:46 +0800] "GET /xingrg/all/function/internal_message.html?_=1704250366130&CODE_STATE=getMsg HTTP/1.1" 200 27
180.169.147.146 - - [03/Jan/2024:10:52:48 +0800] "POST /xingrg/load_menu.html HTTP/1.1" 200 10483
101.83.145.37 - - [03/Jan/2024:10:52:48 +0800] "GET /xingrg/all/function/internal_message.html?_=1704250135576&CODE_STATE=getMsg HTTP/1.1" 200 27
101.83.145.37 - - [03/Jan/2024:10:52:51 +0800] "GET /xingrg/all/function/internal_message.html?_=1704250371820&CODE_STATE=getMsg HTTP/1.1" 200 27
114.83.218.109 - - [03/Jan/2024:10:52:51 +0800] "GET /xingrg/all/function/internal_message.html?_=1704250370583&CODE_STATE=getMsg HTTP/1.1" 200 27
116.230.116.41 - - [03/Jan/2024:10:52:51 +0800] "GET /xingrg/all/function/internal_message.html?_=1704250381178&CODE_STATE=getMsg HTTP/1.1" 200 27
172.20.0.100 - - [03/Jan/2024:10:52:53 +0800] "GET /xingrg/all/function/internal_message.html?_=1704250372329&CODE_STATE=getMsg HTTP/1.1" 200 27
101.83.145.37 - - [03/Jan/2024:10:52:55 +0800] "POST /xingrg/kc/buy/cgsh_order_operate.html HTTP/1.1" 200 37
116.232.193.168 - - [03/Jan/2024:10:52:55 +0800] "GET /xingrg/all/function/internal_message.html?_=1704250336991&CODE_STATE=getMsg HTTP/1.1" 200 27
222.69.132.144 - - [03/Jan/2024:10:52:56 +0800] "GET /xingrg/all/function/internal_message.html?_=1704250379394&CODE_STATE=getMsg HTTP/1.1" 200 27
58.39.110.191 - - [03/Jan/2024:10:52:57 +0800] "GET /xingrg/kc/base/wldb_order_operate.html?command=get_materiel&rest_code=00157&base_code=0010864&code=00101016094 HTTP/1.1" 200 469
101.83.145.37 - - [03/Jan/2024:10:52:57 +0800] "POST /xingrg/kc/buy/cgsh_order_operate.html HTTP/1.1" 200 3843
114.95.241.104 - - [03/Jan/2024:10:53:00 +0800] "GET /xingrg/all/function/internal_message.html?_=1704250380064&CODE_STATE=getMsg HTTP/1.1" 200 27
101.83.145.37 - - [03/Jan/2024:10:53:00 +0800] "GET /xingrg/kc/print/load_data.html?order_code=212024010300895&kc_code=cgsh&condition= HTTP/1.1" 200 1125
116.224.122.193 - - [03/Jan/2024:10:53:01 +0800] "GET /xingrg/all/function/internal_message.html?_=1704250393902&CODE_STATE=getMsg HTTP/1.1" 200 27
58.39.110.191 - - [03/Jan/2024:10:53:04 +0800] "GET /xingrg/all/function/internal_message.html?_=1704250385502&CODE_STATE=getMsg HTTP/1.1" 200 27
58.39.110.191 - - [03/Jan/2024:10:53:04 +0800] "POST /xingrg/kc/base/wldb_order_operate.html HTTP/1.1" 200 1710
180.169.147.146 - - [03/Jan/2024:10:53:06 +0800] "GET /xingrg/check_reg.html?_=1704250354098 HTTP/1.1" 200 22
180.169.147.146 - - [03/Jan/2024:10:53:06 +0800] "GET /xingrg/all/function/internal_message.html?_=1704250354099&CODE_STATE=getMsg HTTP/1.1" 200 27
116.224.122.193 - - [03/Jan/2024:10:53:08 +0800] "GET /xingrg/all/function/internal_message.html?_=1704250387737&CODE_STATE=getMsg HTTP/1.1" 200 27
116.232.193.168 - - [03/Jan/2024:10:53:09 +0800] "GET /xingrg/kc/buy/cgsh_order_add.html HTTP/1.1" 200 72941
101.228.146.191 - - [03/Jan/2024:10:53:09 +0800] "GET /xingrg/all/function/internal_message.html?_=1704250389845&CODE_STATE=getMsg HTTP/1.1" 200 27
116.232.193.168 - - [03/Jan/2024:10:53:10 +0800] "POST /xingrg/kc/buy/cgsh_order_operate.html HTTP/1.1" 200 8245
116.232.193.168 - - [03/Jan/2024:10:53:10 +0800] "GET /xingrg/javascript/easyui/themes/default/validatebox.css HTTP/1.1" 404 1104
120.253.135.82 - - [03/Jan/2024:10:53:13 +0800] "GET /xingrg/all/function/internal_message.html?_=1704250210570&CODE_STATE=getMsg HTTP/1.1" 200 27
101.80.228.56 - - [03/Jan/2024:10:53:13 +0800] "GET /xingrg/all/function/internal_message.html?_=1704250396608&CODE_STATE=getMsg HTTP/1.1" 200 27
222.67.232.215 - - [03/Jan/2024:10:53:21 +0800] "GET /xingrg/all/function/internal_message.html?_=1704250401915&CODE_STATE=getMsg HTTP/1.1" 200 27
120.253.135.82 - - [03/Jan/2024:10:53:22 +0800] "POST /xingrg/kc/buy/cgsh_order_operate.html HTTP/1.1" 200 37
180.169.147.146 - - [03/Jan/2024:10:53:23 +0800] "GET /xingrg/all/report/report_query.html?fileName=dma/new_5.0/menu/menu_category_hz.xml HTTP/1.1" 200 53064
124.78.154.219 - - [03/Jan/2024:10:53:23 +0800] "GET /xingrg/all/function/internal_message.html?_=1704250401061&CODE_STATE=getMsg HTTP/1.1" 200 27
180.169.147.146 - - [03/Jan/2024:10:53:23 +0800] "GET /xingrg/dwr/interface/AjaxReportQueryService.js HTTP/1.1" 200 13203
180.169.147.146 - - [03/Jan/2024:10:53:23 +0800] "GET /xingrg/dwr/engine.js HTTP/1.1" 200 43631
124.78.154.219 - - [03/Jan/2024:10:53:23 +0800] "GET /xingrg/check_reg.html?_=1704250401286 HTTP/1.1" 200 22
180.169.147.146 - - [03/Jan/2024:10:53:23 +0800] "POST /xingrg/dwr/call/plaincall/AjaxReportQueryService.getFixDate.dwr HTTP/1.1" 200 111
180.169.147.146 - - [03/Jan/2024:10:53:23 +0800] "GET /xingrg/all/function/internal_message.html?_=1704250403278&CODE_STATE=getMsg HTTP/1.1" 200 27
180.169.147.146 - - [03/Jan/2024:10:53:23 +0800] "POST /xingrg/all/common/load_tree.html?tree=area_station_tree_json&manage=1 HTTP/1.1" 200 2159
180.169.147.146 - - [03/Jan/2024:10:53:25 +0800] "GET /xingrg/all/report/report_query.html?fileName=dma/new_5.0/menu/menu_stca_hz.xml HTTP/1.1" 200 51418
180.169.147.146 - - [03/Jan/2024:10:53:25 +0800] "GET /xingrg/dwr/interface/AjaxReportQueryService.js HTTP/1.1" 200 13203
180.169.147.146 - - [03/Jan/2024:10:53:25 +0800] "GET /xingrg/dwr/engine.js HTTP/1.1" 200 43631
101.83.145.37 - - [03/Jan/2024:10:53:25 +0800] "GET /xingrg/kc/buy/cgsh_order_add.html HTTP/1.1" 200 72976
180.169.147.146 - - [03/Jan/2024:10:53:25 +0800] "POST /xingrg/dwr/call/plaincall/AjaxReportQueryService.getFixDate.dwr HTTP/1.1" 200 111
180.169.147.146 - - [03/Jan/2024:10:53:25 +0800] "POST /xingrg/all/common/load_tree.html?tree=area_station_tree_json&manage=1 HTTP/1.1" 200 2159
120.253.135.82 - - [03/Jan/2024:10:53:25 +0800] "POST /xingrg/kc/buy/cgsh_order_operate.html HTTP/1.1" 200 2685
101.83.145.37 - - [03/Jan/2024:10:53:25 +0800] "POST /xingrg/kc/buy/cgsh_order_operate.html HTTP/1.1" 200 8245
101.83.145.37 - - [03/Jan/2024:10:53:25 +0800] "GET /xingrg/javascript/easyui/themes/default/validatebox.css HTTP/1.1" 404 1104
180.169.147.146 - - [03/Jan/2024:10:53:27 +0800] "GET /xingrg/all/function/internal_message.html?_=1704250408595&CODE_STATE=getMsg HTTP/1.1" 200 27
116.224.122.193 - - [03/Jan/2024:10:53:28 +0800] "GET /xingrg/kc/base/wldb_order_operate.html?command=get_materiel&rest_code=00102&base_code=0010476&code=00101016094 HTTP/1.1" 200 469
120.253.135.82 - - [03/Jan/2024:10:53:28 +0800] "GET /xingrg/kc/print/load_config.html?kc_code=cgsh HTTP/1.1" 200 1927
120.253.135.82 - - [03/Jan/2024:10:53:29 +0800] "GET /xingrg/kc/print/load_data.html?order_code=212024010300896&kc_code=cgsh&condition= HTTP/1.1" 200 716
222.70.180.200 - - [03/Jan/2024:10:53:29 +0800] "GET /xingrg/all/function/internal_message.html?_=1704250409337&CODE_STATE=getMsg HTTP/1.1" 200 27
58.39.110.191 - - [03/Jan/2024:10:53:30 +0800] "GET /xingrg/kc/base/wldb_order_operate.html?command=get_materiel&rest_code=00157&base_code=0010864&code=00101016097 HTTP/1.1" 200 469
120.253.135.82 - - [03/Jan/2024:10:53:31 +0800] "GET /xingrg/login.html HTTP/1.1" 200 7641
120.253.135.82 - - [03/Jan/2024:10:53:32 +0800] "GET /favicon.ico HTTP/1.1" 404 -
124.79.241.187 - - [03/Jan/2024:10:53:33 +0800] "GET /xingrg/all/function/internal_message.html?_=1704250745313&CODE_STATE=getMsg HTTP/1.1" 200 27
114.95.241.104 - - [03/Jan/2024:10:53:34 +0800] "GET /xingrg/all/function/internal_message.html?_=1704250413943&CODE_STATE=getMsg HTTP/1.1" 200 27
180.169.147.146 - - [03/Jan/2024:10:53:35 +0800] "POST /xingrg/dwr/call/plaincall/AjaxReportQueryService.refreshCache.dwr HTTP/1.1" 200 78
120.253.135.82 - - [03/Jan/2024:10:53:36 +0800] "POST /xingrg/login.do HTTP/1.1" 302 -
180.169.147.146 - - [03/Jan/2024:10:53:36 +0800] "POST /xingrg/all/report/load_report_page.html HTTP/1.1" 200 66678
180.169.147.146 - - [03/Jan/2024:10:53:36 +0800] "GET /xingrg/servlets/image?cache=0.1181699920423781&image=px HTTP/1.1" 200 807
120.253.135.82 - - [03/Jan/2024:10:53:36 +0800] "GET /xingrg/index.html?sysBaseUrl=http%3A%2F%2F180.169.147.146%3A18081%2Fxingrg%2F&costTime=1592×tamp=1704250416189 HTTP/1.1" 200 17173
222.70.180.200 - - [03/Jan/2024:10:53:36 +0800] "GET /xingrg/check_reg.html?_=1704250416068 HTTP/1.1" 200 22
222.70.180.200 - - [03/Jan/2024:10:53:36 +0800] "GET /xingrg/all/function/internal_message.html?_=1704250416071&CODE_STATE=getMsg HTTP/1.1" 200 27
120.253.135.82 - - [03/Jan/2024:10:53:36 +0800] "GET /xingrg/check_reg.html?_=1704250575630 HTTP/1.1" 200 22
120.253.135.82 - - [03/Jan/2024:10:53:36 +0800] "GET /xingrg/all/function/internal_message.html?_=1704250575629&CODE_STATE=count HTTP/1.1" 200 11
120.253.135.82 - - [03/Jan/2024:10:53:36 +0800] "POST /xingrg/all/common/load_tree.html?tree=area_rest_tree_json&manage=1 HTTP/1.1" 200 344
120.253.135.82 - - [03/Jan/2024:10:53:36 +0800] "POST /xingrg/load_menu.html HTTP/1.1" 200 6743
124.78.154.219 - - [03/Jan/2024:10:53:42 +0800] "GET /xingrg/all/function/internal_message.html?_=1704250422315&CODE_STATE=getMsg HTTP/1.1" 200 27
180.169.147.146 - - [03/Jan/2024:10:53:43 +0800] "GET /xingrg/all/report/report_query.html?isQuery=1&fileName=dma/new_5.0/menu/menu_hz.xml&queryString=(a.sale_day%2520between%252020230901%2520and%252020240103)%2520and%2520(a.sid%2520in%2520(3))%2520and%2520(a.tj_code%253D14)&queryText=%25E3%2580%2590%25E8%2590%25A5%25E4%25B8%259A%25E6%2597%25A5%25E6%259C%259F%253A2023-09-01%2520%25E8%2587%25B3%25202024-01-03%25E3%2580%2591%2520%25E5%25B9%25B6%25E4%25B8%2594%2520%2520%25E3%2580%2590%25E9%2597%25A8%25E5%25BA%2597%25E5%2590%258D%25E7%25A7%25B0%2520%253D%2520%25E5%2598%2589%25E5%25AE%259A%25E6%25A6%2595%25E6%25B8%25AF%25E3%2580%2591%2520%25E5%25B9%25B6%25E4%25B8%2594%2520%25E3%2580%2590%25E7%25BB%259F%25E8%25AE%25A1%25E7%25B1%25BB%25E5%2588%25AB%2520%253D%2520%25E7%25A4%25BC%25E7%259B%2592%25E3%2580%2591 HTTP/1.1" 200 54103
180.169.147.146 - - [03/Jan/2024:10:53:43 +0800] "GET /xingrg/dwr/engine.js HTTP/1.1" 200 43631
180.169.147.146 - - [03/Jan/2024:10:53:43 +0800] "GET /favicon.ico HTTP/1.1" 404 -
180.169.147.146 - - [03/Jan/2024:10:53:44 +0800] "POST /xingrg/all/report/load_report_page.html HTTP/1.1" 200 78240
180.169.147.146 - - [03/Jan/2024:10:53:44 +0800] "GET /xingrg/servlets/image?cache=0.5558381939408226&image=px HTTP/1.1" 200 807
58.39.110.191 - - [03/Jan/2024:10:53:44 +0800] "GET /xingrg/kc/base/wldb_order_operate.html?command=get_materiel&rest_code=00157&base_code=0010864&code=00101019056 HTTP/1.1" 200 477
120.253.135.82 - - [03/Jan/2024:10:53:45 +0800] "GET /xingrg/kc/pszx/mdps_order_list.html?orderType=0 HTTP/1.1" 200 21036
180.164.1.25 - - [03/Jan/2024:10:53:45 +0800] "GET /xingrg/all/function/internal_message.html?_=1704250424156&CODE_STATE=getMsg HTTP/1.1" 200 27
120.253.135.82 - - [03/Jan/2024:10:53:45 +0800] "POST /xingrg/kc/pszx/mdps_list_operate.html HTTP/1.1" 200 5444
124.78.154.219 - - [03/Jan/2024:10:53:46 +0800] "GET /xingrg/all/function/internal_message.html?_=1704250426145&CODE_STATE=getMsg HTTP/1.1" 200 27
101.83.145.37 - - [03/Jan/2024:10:53:48 +0800] "GET /xingrg/all/function/internal_message.html?_=1704250195554&CODE_STATE=getMsg HTTP/1.1" 200 27
101.83.145.37 - - [03/Jan/2024:10:53:49 +0800] "GET /xingrg/kc/buy/cgsh_order_operate.html?command=get_materiel&rest_code=00105&code=00101010161&supplier_code=00100334&order_time=2024-01-03 HTTP/1.1" 200 408
101.83.145.37 - - [03/Jan/2024:10:53:51 +0800] "GET /xingrg/all/function/internal_message.html?_=1704250431790&CODE_STATE=getMsg HTTP/1.1" 200 27
114.83.218.109 - - [03/Jan/2024:10:53:51 +0800] "GET /xingrg/all/function/internal_message.html?_=1704250430569&CODE_STATE=getMsg HTTP/1.1" 200 27
116.230.116.41 - - [03/Jan/2024:10:53:51 +0800] "GET /xingrg/all/function/internal_message.html?_=1704250441240&CODE_STATE=getMsg HTTP/1.1" 200 27
120.253.135.82 - - [03/Jan/2024:10:53:52 +0800] "POST /xingrg/kc/pszx/mdps_list_operate.html HTTP/1.1" 200 608
172.20.0.100 - - [03/Jan/2024:10:53:53 +0800] "GET /xingrg/all/function/internal_message.html?_=1704250432332&CODE_STATE=getMsg HTTP/1.1" 200 27
120.253.135.82 - - [03/Jan/2024:10:53:54 +0800] "GET /xingrg/kc/pszx/mdps_order_info.html?code=312024010300076 HTTP/1.1" 200 23978
120.253.135.82 - - [03/Jan/2024:10:53:54 +0800] "GET /xingrg/words/20240102141541_words.js HTTP/1.1" 200 1006268
120.253.135.82 - - [03/Jan/2024:10:53:55 +0800] "GET /xingrg/javascript/easyui/themes/default/validatebox.css HTTP/1.1" 404 1104
120.253.135.82 - - [03/Jan/2024:10:53:55 +0800] "GET /xingrg/all/common/auto_word.html?type=base&rest_code=00101 HTTP/1.1" 200 671
116.232.193.168 - - [03/Jan/2024:10:53:55 +0800] "GET /xingrg/all/function/internal_message.html?_=1704250396967&CODE_STATE=getMsg HTTP/1.1" 200 27
120.253.135.82 - - [03/Jan/2024:10:53:56 +0800] "POST /xingrg/kc/pszx/mdps_order_operate.html HTTP/1.1" 200 14677
222.69.132.144 - - [03/Jan/2024:10:53:56 +0800] "GET /xingrg/all/function/internal_message.html?_=1704250439389&CODE_STATE=getMsg HTTP/1.1" 200 27
114.95.241.104 - - [03/Jan/2024:10:54:00 +0800] "GET /xingrg/check_reg.html?_=1704250440059 HTTP/1.1" 200 22
114.95.241.104 - - [03/Jan/2024:10:54:00 +0800] "GET /xingrg/all/function/internal_message.html?_=1704250440061&CODE_STATE=getMsg HTTP/1.1" 200 27
116.224.122.193 - - [03/Jan/2024:10:54:01 +0800] "GET /xingrg/all/function/internal_message.html?_=1704250453891&CODE_STATE=getMsg HTTP/1.1" 200 27
58.39.110.191 - - [03/Jan/2024:10:54:04 +0800] "GET /xingrg/all/function/internal_message.html?_=1704250445483&CODE_STATE=getMsg HTTP/1.1" 200 27
58.39.110.191 - - [03/Jan/2024:10:54:04 +0800] "GET /xingrg/kc/base/wldb_order_operate.html?command=get_materiel&rest_code=00157&base_code=0010864&code=00101019071 HTTP/1.1" 200 471
180.169.147.146 - - [03/Jan/2024:10:54:06 +0800] "GET /xingrg/all/function/internal_message.html?_=1704250414098&CODE_STATE=getMsg HTTP/1.1" 200 27
116.224.122.193 - - [03/Jan/2024:10:54:08 +0800] "GET /xingrg/all/function/internal_message.html?_=1704250447739&CODE_STATE=getMsg HTTP/1.1" 200 27
58.39.110.191 - - [03/Jan/2024:10:54:09 +0800] "GET /xingrg/kc/base/wldb_order_operate.html?command=get_materiel&rest_code=00157&base_code=0010864&code=00101019074 HTTP/1.1" 200 471
101.83.145.37 - - [03/Jan/2024:10:54:09 +0800] "GET /xingrg/kc/buy/cgsh_order_operate.html?command=get_materiel&rest_code=00105&code=00101005037&supplier_code=00100334&order_time=2024-01-03 HTTP/1.1" 200 409
101.228.146.191 - - [03/Jan/2024:10:54:09 +0800] "GET /xingrg/all/function/internal_message.html?_=1704250449852&CODE_STATE=getMsg HTTP/1.1" 200 27
120.253.135.82 - - [03/Jan/2024:10:54:13 +0800] "GET /xingrg/all/function/internal_message.html?_=1704250270611&CODE_STATE=getMsg HTTP/1.1" 200 27
101.80.228.56 - - [03/Jan/2024:10:54:13 +0800] "GET /xingrg/all/function/internal_message.html?_=1704250456630&CODE_STATE=getMsg HTTP/1.1" 200 27
116.224.122.193 - - [03/Jan/2024:10:54:18 +0800] "POST /xingrg/kc/base/wldb_order_operate.html HTTP/1.1" 200 37
58.39.110.191 - - [03/Jan/2024:10:54:21 +0800] "GET /xingrg/kc/base/wldb_order_operate.html?command=get_materiel&rest_code=00157&base_code=0010864&code=00101019127 HTTP/1.1" 200 480
222.67.232.215 - - [03/Jan/2024:10:54:21 +0800] "GET /xingrg/all/function/internal_message.html?_=1704250461914&CODE_STATE=getMsg HTTP/1.1" 200 27
124.78.154.219 - - [03/Jan/2024:10:54:23 +0800] "GET /xingrg/all/function/internal_message.html?_=1704250461045&CODE_STATE=getMsg HTTP/1.1" 200 27
180.169.147.146 - - [03/Jan/2024:10:54:23 +0800] "GET /xingrg/all/function/internal_message.html?_=1704250463291&CODE_STATE=getMsg HTTP/1.1" 200 27
180.169.147.146 - - [03/Jan/2024:10:54:23 +0800] "GET /xingrg/check_reg.html?_=1704250463293 HTTP/1.1" 200 22
116.224.122.193 - - [03/Jan/2024:10:54:24 +0800] "POST /xingrg/kc/base/wldb_order_operate.html HTTP/1.1" 200 12
116.224.122.193 - - [03/Jan/2024:10:54:24 +0800] "POST /xingrg/kc/base/wldb_order_operate.html HTTP/1.1" 200 4681
180.169.147.146 - - [03/Jan/2024:10:54:27 +0800] "GET /xingrg/all/function/internal_message.html?_=1704250468577&CODE_STATE=getMsg HTTP/1.1" 200 27
180.169.147.146 - - [03/Jan/2024:10:54:27 +0800] "GET /xingrg/all/report/report_query.html?isQuery=1&fileName=dma/new_5.0/menu/menu_day_hz.xml&queryString=(a.sale_day%2520between%252020230901%2520and%252020240103)%2520and%2520(a.sid%2520in%2520(3))%2520and%2520(a.tj_code%253D14)%2520and%2520(a.menu_name%253D'%255B%25E7%25A4%25BC%25E7%259B%2592%255D%25E7%2587%2595%25E7%25AA%259D%25E7%25B2%25A5%25E7%25A4%25BC%25E7%259B%2592'%2520and%2520a.menu_unit%253D'%25E7%259B%2592')&queryText=%25E3%2580%2590%25E8%2590%25A5%25E4%25B8%259A%25E6%2597%25A5%25E6%259C%259F%253A2023-09-01%2520%25E8%2587%25B3%25202024-01-03%25E3%2580%2591%2520%25E5%25B9%25B6%25E4%25B8%2594%2520%2520%25E3%2580%2590%25E9%2597%25A8%25E5%25BA%2597%25E5%2590%258D%25E7%25A7%25B0%2520%253D%2520%25E5%2598%2589%25E5%25AE%259A%25E6%25A6%2595%25E6%25B8%25AF%25E3%2580%2591%2520%25E5%25B9%25B6%25E4%25B8%2594%2520%25E3%2580%2590%25E7%25BB%259F%25E8%25AE%25A1%25E7%25B1%25BB%25E5%2588%25AB%2520%253D%2520%25E7%25A4%25BC%25E7%259B%2592%25E3%2580%2591%2520%25E5%25B9%25B6%25E4%25B8%2594%2520%25E3%2580%2590%25E8%258F%259C%25E5%2593%2581%25E5%2590%258D%25E7%25A7%25B0%2520%253D%2520%255B%25E7%25A4%25BC%25E7%259B%2592%255D%25E7%2587%2595%25E7%25AA%259D%25E7%25B2%25A5%25E7%25A4%25BC%25E7%259B%2592%25E3%2580%2591%2520%25E3%2580%2590%25E5%258D%2595%25E4%25BD%258D%2520%253D%2520%25E7%259B%2592%25E3%2580%2591 HTTP/1.1" 200 52404
180.169.147.146 - - [03/Jan/2024:10:54:27 +0800] "GET /xingrg/dwr/engine.js HTTP/1.1" 200 43631
180.169.147.146 - - [03/Jan/2024:10:54:27 +0800] "GET /favicon.ico HTTP/1.1" 404 -
180.169.147.146 - - [03/Jan/2024:10:54:28 +0800] "POST /xingrg/all/report/load_report_page.html HTTP/1.1" 200 29733
180.169.147.146 - - [03/Jan/2024:10:54:28 +0800] "GET /xingrg/servlets/image?cache=0.6498682688795977&image=px HTTP/1.1" 200 807
116.224.122.193 - - [03/Jan/2024:10:54:28 +0800] "GET /xingrg/kc/base/wldb_order_info.html?code=422024010300235 HTTP/1.1" 200 26258
116.224.122.193 - - [03/Jan/2024:10:54:29 +0800] "GET /xingrg/javascript/easyui/themes/default/validatebox.css HTTP/1.1" 404 1104
116.224.122.193 - - [03/Jan/2024:10:54:29 +0800] "POST /xingrg/kc/base/wldb_order_operate.html HTTP/1.1" 200 2920
222.70.180.200 - - [03/Jan/2024:10:54:29 +0800] "GET /xingrg/check_reg.html?_=1704250469290 HTTP/1.1" 200 22
222.70.180.200 - - [03/Jan/2024:10:54:29 +0800] "GET /xingrg/all/function/internal_message.html?_=1704250469309&CODE_STATE=getMsg HTTP/1.1" 200 27
58.39.110.191 - - [03/Jan/2024:10:54:33 +0800] "GET /xingrg/kc/base/wldb_order_operate.html?command=get_materiel&rest_code=00157&base_code=0010864&code=00101019133 HTTP/1.1" 200 480
124.79.241.187 - - [03/Jan/2024:10:54:33 +0800] "GET /xingrg/all/function/internal_message.html?_=1704250805313&CODE_STATE=getMsg HTTP/1.1" 200 27
116.224.122.193 - - [03/Jan/2024:10:54:33 +0800] "POST /xingrg/kc/base/wldb_list_operate.html HTTP/1.1" 200 633
114.95.241.104 - - [03/Jan/2024:10:54:34 +0800] "GET /xingrg/all/function/internal_message.html?_=1704250473954&CODE_STATE=getMsg HTTP/1.1" 200 27
222.70.180.200 - - [03/Jan/2024:10:54:36 +0800] "GET /xingrg/all/function/internal_message.html?_=1704250476064&CODE_STATE=getMsg HTTP/1.1" 200 27
120.253.135.82 - - [03/Jan/2024:10:54:36 +0800] "GET /xingrg/all/function/internal_message.html?_=1704250635639&CODE_STATE=getMsg HTTP/1.1" 200 27
58.39.110.191 - - [03/Jan/2024:10:54:41 +0800] "POST /xingrg/kc/base/wldb_order_operate.html HTTP/1.1" 200 1710
124.78.154.219 - - [03/Jan/2024:10:54:42 +0800] "GET /xingrg/all/function/internal_message.html?_=1704250482315&CODE_STATE=getMsg HTTP/1.1" 200 27
180.164.1.25 - - [03/Jan/2024:10:54:45 +0800] "GET /xingrg/all/function/internal_message.html?_=1704250484139&CODE_STATE=getMsg HTTP/1.1" 200 27
124.78.154.219 - - [03/Jan/2024:10:54:46 +0800] "GET /xingrg/check_reg.html?_=1704250486146 HTTP/1.1" 200 22
124.78.154.219 - - [03/Jan/2024:10:54:46 +0800] "GET /xingrg/all/function/internal_message.html?_=1704250486148&CODE_STATE=getMsg HTTP/1.1" 200 27
116.224.122.193 - - [03/Jan/2024:10:54:46 +0800] "GET /xingrg/kc/base/wldb_order_info.html?code=422024010300233 HTTP/1.1" 200 30396
116.224.122.193 - - [03/Jan/2024:10:54:46 +0800] "GET /xingrg/javascript/easyui/themes/default/validatebox.css HTTP/1.1" 404 1104
58.39.110.191 - - [03/Jan/2024:10:54:46 +0800] "GET /xingrg/kc/base/wldb_order_operate.html?command=get_materiel&rest_code=00157&base_code=0010864&code=00101019164 HTTP/1.1" 200 466
101.83.145.37 - - [03/Jan/2024:10:54:48 +0800] "GET /xingrg/all/function/internal_message.html?_=1704250255533&CODE_STATE=getMsg HTTP/1.1" 200 27
101.83.145.37 - - [03/Jan/2024:10:54:48 +0800] "POST /xingrg/kc/buy/cgsh_order_operate.html HTTP/1.1" 200 37
116.224.122.193 - - [03/Jan/2024:10:54:50 +0800] "POST /xingrg/kc/base/wldb_order_operate.html HTTP/1.1" 200 10770
101.83.145.37 - - [03/Jan/2024:10:54:51 +0800] "GET /xingrg/all/function/internal_message.html?_=1704250491771&CODE_STATE=getMsg HTTP/1.1" 200 27
114.83.218.109 - - [03/Jan/2024:10:54:51 +0800] "GET /xingrg/all/function/internal_message.html?_=1704250490542&CODE_STATE=getMsg HTTP/1.1" 200 27
116.230.116.41 - - [03/Jan/2024:10:54:51 +0800] "GET /xingrg/all/function/internal_message.html?_=1704250501252&CODE_STATE=getMsg HTTP/1.1" 200 27
101.83.145.37 - - [03/Jan/2024:10:54:52 +0800] "POST /xingrg/kc/buy/cgsh_order_operate.html HTTP/1.1" 200 3243
172.20.0.100 - - [03/Jan/2024:10:54:53 +0800] "GET /xingrg/all/function/internal_message.html?_=1704250492335&CODE_STATE=getMsg HTTP/1.1" 200 27
116.232.193.168 - - [03/Jan/2024:10:54:55 +0800] "GET /xingrg/all/function/internal_message.html?_=1704250456951&CODE_STATE=getMsg HTTP/1.1" 200 27
116.224.122.193 - - [03/Jan/2024:10:54:56 +0800] "POST /xingrg/kc/base/wldb_order_operate.html HTTP/1.1" 200 37
222.69.132.144 - - [03/Jan/2024:10:54:56 +0800] "GET /xingrg/all/function/internal_message.html?_=1704250499392&CODE_STATE=getMsg HTTP/1.1" 200 27
116.224.122.193 - - [03/Jan/2024:10:54:56 +0800] "POST /xingrg/kc/base/wldb_order_operate.html HTTP/1.1" 200 10770
101.83.145.37 - - [03/Jan/2024:10:54:59 +0800] "GET /xingrg/kc/print/load_data.html?order_code=212024010300897&kc_code=cgsh&condition= HTTP/1.1" 200 891
58.39.110.191 - - [03/Jan/2024:10:54:59 +0800] "GET /xingrg/kc/base/wldb_order_operate.html?command=get_materiel&rest_code=00157&base_code=0010864&code=00101019179 HTTP/1.1" 200 451
114.95.241.104 - - [03/Jan/2024:10:55:00 +0800] "GET /xingrg/all/function/internal_message.html?_=1704250500055&CODE_STATE=getMsg HTTP/1.1" 200 27
116.224.122.193 - - [03/Jan/2024:10:55:01 +0800] "GET /xingrg/all/function/internal_message.html?_=1704250513874&CODE_STATE=getMsg HTTP/1.1" 200 27
120.253.135.82 - - [03/Jan/2024:10:55:01 +0800] "POST /xingrg/kc/buy/cgsh_order_operate.html HTTP/1.1" 200 37
58.39.110.191 - - [03/Jan/2024:10:55:04 +0800] "GET /xingrg/check_reg.html?_=1704250505488 HTTP/1.1" 200 22
58.39.110.191 - - [03/Jan/2024:10:55:04 +0800] "GET /xingrg/all/function/internal_message.html?_=1704250505490&CODE_STATE=getMsg HTTP/1.1" 200 27
180.169.147.146 - - [03/Jan/2024:10:55:06 +0800] "GET /xingrg/all/function/internal_message.html?_=1704250474095&CODE_STATE=getMsg HTTP/1.1" 200 27
116.224.122.193 - - [03/Jan/2024:10:55:07 +0800] "POST /xingrg/kc/base/wldb_order_operate.html HTTP/1.1" 200 12
101.228.146.191 - - [03/Jan/2024:10:55:09 +0800] "GET /xingrg/all/function/internal_message.html?_=1704250509851&CODE_STATE=getMsg HTTP/1.1" 200 27
101.80.228.56 - - [03/Jan/2024:10:55:13 +0800] "GET /xingrg/all/function/internal_message.html?_=1704250516628&CODE_STATE=getMsg HTTP/1.1" 200 27
101.80.228.56 - - [03/Jan/2024:10:55:13 +0800] "GET /xingrg/check_reg.html?_=1704250516631 HTTP/1.1" 200 22
58.39.110.191 - - [03/Jan/2024:10:55:17 +0800] "GET /xingrg/kc/base/wldb_order_operate.html?command=get_materiel&rest_code=00157&base_code=0010864&code=00101019185 HTTP/1.1" 200 469
101.83.145.37 - - [03/Jan/2024:10:55:18 +0800] "GET /xingrg/kc/buy/cgsh_order_add.html HTTP/1.1" 200 72976
101.83.145.37 - - [03/Jan/2024:10:55:19 +0800] "POST /xingrg/kc/buy/cgsh_order_operate.html HTTP/1.1" 200 8245
101.83.145.37 - - [03/Jan/2024:10:55:19 +0800] "GET /xingrg/javascript/easyui/themes/default/validatebox.css HTTP/1.1" 404 1104
120.253.135.82 - - [03/Jan/2024:10:55:20 +0800] "POST /xingrg/kc/buy/cgsh_order_operate.html HTTP/1.1" 200 12
222.67.232.215 - - [03/Jan/2024:10:55:21 +0800] "GET /xingrg/all/function/internal_message.html?_=1704250521889&CODE_STATE=getMsg HTTP/1.1" 200 27
120.253.135.82 - - [03/Jan/2024:10:55:22 +0800] "GET /xingrg/check_reg.html?_=1704250340049 HTTP/1.1" 200 22
120.253.135.82 - - [03/Jan/2024:10:55:22 +0800] "GET /xingrg/all/function/internal_message.html?_=1704250340050&CODE_STATE=getMsg HTTP/1.1" 200 27
124.78.154.219 - - [03/Jan/2024:10:55:23 +0800] "GET /xingrg/all/function/internal_message.html?_=1704250521016&CODE_STATE=getMsg HTTP/1.1" 200 27
180.169.147.146 - - [03/Jan/2024:10:55:23 +0800] "GET /xingrg/all/function/internal_message.html?_=1704250523278&CODE_STATE=getMsg HTTP/1.1" 200 27
120.253.135.82 - - [03/Jan/2024:10:55:25 +0800] "GET /xingrg/kc/buy/cgsh_order_info.html?code=212024010300896 HTTP/1.1" 200 66861
120.253.135.82 - - [03/Jan/2024:10:55:27 +0800] "GET /xingrg/javascript/easyui/themes/default/validatebox.css HTTP/1.1" 404 1104
180.169.147.146 - - [03/Jan/2024:10:55:27 +0800] "GET /xingrg/all/function/internal_message.html?_=1704250528566&CODE_STATE=getMsg HTTP/1.1" 200 27
120.253.135.82 - - [03/Jan/2024:10:55:28 +0800] "POST /xingrg/kc/buy/cgsh_order_operate.html HTTP/1.1" 200 635
222.70.180.200 - - [03/Jan/2024:10:55:29 +0800] "GET /xingrg/all/function/internal_message.html?_=1704250529291&CODE_STATE=getMsg HTTP/1.1" 200 27
120.253.135.82 - - [03/Jan/2024:10:55:32 +0800] "GET /xingrg/kc/pszx/mdqp_order_list.html?state=10 HTTP/1.1" 200 10319
120.253.135.82 - - [03/Jan/2024:10:55:32 +0800] "GET /xingrg/dwr/interface/AjaxQqpsService.js HTTP/1.1" 200 16326
120.253.135.82 - - [03/Jan/2024:10:55:32 +0800] "GET /xingrg/dwr/interface/AjaxReportQueryService.js HTTP/1.1" 200 13203
120.253.135.82 - - [03/Jan/2024:10:55:32 +0800] "GET /xingrg/dwr/engine.js HTTP/1.1" 200 43631
124.79.241.187 - - [03/Jan/2024:10:55:33 +0800] "GET /xingrg/all/function/internal_message.html?_=1704250865312&CODE_STATE=getMsg HTTP/1.1" 200 27
114.95.241.104 - - [03/Jan/2024:10:55:34 +0800] "GET /xingrg/all/function/internal_message.html?_=1704250533950&CODE_STATE=getMsg HTTP/1.1" 200 27
58.39.110.191 - - [03/Jan/2024:10:55:34 +0800] "GET /xingrg/kc/base/wldb_order_operate.html?command=get_materiel&rest_code=00157&base_code=0010864&code=00101019222 HTTP/1.1" 200 451
222.70.180.200 - - [03/Jan/2024:10:55:36 +0800] "GET /xingrg/all/function/internal_message.html?_=1704250536074&CODE_STATE=getMsg HTTP/1.1" 200 27
120.253.135.82 - - [03/Jan/2024:10:55:36 +0800] "GET /xingrg/all/function/internal_message.html?_=1704250695641&CODE_STATE=getMsg HTTP/1.1" 200 27
124.78.154.219 - - [03/Jan/2024:10:55:42 +0800] "GET /xingrg/all/function/internal_message.html?_=1704250542314&CODE_STATE=getMsg HTTP/1.1" 200 27
180.164.1.25 - - [03/Jan/2024:10:55:45 +0800] "GET /xingrg/all/function/internal_message.html?_=1704250544117&CODE_STATE=getMsg HTTP/1.1" 200 27
124.78.154.219 - - [03/Jan/2024:10:55:46 +0800] "GET /xingrg/all/function/internal_message.html?_=1704250546142&CODE_STATE=getMsg HTTP/1.1" 200 27
101.83.145.37 - - [03/Jan/2024:10:55:48 +0800] "GET /xingrg/kc/buy/cgsh_order_operate.html?command=get_materiel&rest_code=00105&code=00101002007&supplier_code=00100442&order_time=2024-01-03 HTTP/1.1" 200 409
101.83.145.37 - - [03/Jan/2024:10:55:48 +0800] "GET /xingrg/all/function/internal_message.html?_=1704250315512&CODE_STATE=getMsg HTTP/1.1" 200 27
116.230.116.41 - - [03/Jan/2024:10:55:50 +0800] "GET /xingrg/check_reg.html?_=1704250560622 HTTP/1.1" 200 22
101.83.145.37 - - [03/Jan/2024:10:55:51 +0800] "GET /xingrg/all/function/internal_message.html?_=1704250551742&CODE_STATE=getMsg HTTP/1.1" 200 27
114.83.218.109 - - [03/Jan/2024:10:55:51 +0800] "GET /xingrg/all/function/internal_message.html?_=1704250550531&CODE_STATE=getMsg HTTP/1.1" 200 27
116.230.116.41 - - [03/Jan/2024:10:55:51 +0800] "GET /xingrg/all/function/internal_message.html?_=1704250561265&CODE_STATE=getMsg HTTP/1.1" 200 27
114.83.218.109 - - [03/Jan/2024:10:55:52 +0800] "GET /xingrg/check_reg.html?_=1704250552392 HTTP/1.1" 200 22
172.20.0.100 - - [03/Jan/2024:10:55:53 +0800] "GET /xingrg/all/function/internal_message.html?_=1704250552337&CODE_STATE=getMsg HTTP/1.1" 200 27
116.232.193.168 - - [03/Jan/2024:10:55:53 +0800] "POST /xingrg/kc/buy/cgsh_list_operate.html HTTP/1.1" 200 4
116.232.193.168 - - [03/Jan/2024:10:55:55 +0800] "GET /xingrg/all/function/internal_message.html?_=1704250516934&CODE_STATE=getMsg HTTP/1.1" 200 27
58.39.110.191 - - [03/Jan/2024:10:55:56 +0800] "GET /xingrg/kc/base/wldb_order_operate.html?command=get_materiel&rest_code=00157&base_code=0010864&code=00101019249 HTTP/1.1" 200 470
222.69.132.144 - - [03/Jan/2024:10:55:56 +0800] "GET /xingrg/all/function/internal_message.html?_=1704250559394&CODE_STATE=getMsg HTTP/1.1" 200 27
222.69.132.144 - - [03/Jan/2024:10:55:56 +0800] "GET /xingrg/check_reg.html?_=1704250559398 HTTP/1.1" 200 22
114.95.241.104 - - [03/Jan/2024:10:56:00 +0800] "GET /xingrg/all/function/internal_message.html?_=1704250560053&CODE_STATE=getMsg HTTP/1.1" 200 27
116.224.122.193 - - [03/Jan/2024:10:56:01 +0800] "GET /xingrg/all/function/internal_message.html?_=1704250573863&CODE_STATE=getMsg HTTP/1.1" 200 27
116.224.122.193 - - [03/Jan/2024:10:56:02 +0800] "GET /xingrg/all/function/internal_message.html?_=1704250562002&CODE_STATE=getMsg HTTP/1.1" 200 27
116.224.122.193 - - [03/Jan/2024:10:56:02 +0800] "GET /xingrg/kc/base/wldb_order_info.html?code=422024010300233 HTTP/1.1" 200 26258
116.224.122.193 - - [03/Jan/2024:10:56:02 +0800] "GET /xingrg/javascript/easyui/themes/default/validatebox.css HTTP/1.1" 404 1104
116.224.122.193 - - [03/Jan/2024:10:56:03 +0800] "POST /xingrg/kc/base/wldb_order_operate.html HTTP/1.1" 200 8876
58.39.110.191 - - [03/Jan/2024:10:56:04 +0800] "GET /xingrg/all/function/internal_message.html?_=1704250565494&CODE_STATE=getMsg HTTP/1.1" 200 27
116.232.193.168 - - [03/Jan/2024:10:56:04 +0800] "POST /xingrg/kc/buy/cgsh_list_operate.html HTTP/1.1" 200 3177
180.169.147.146 - - [03/Jan/2024:10:56:06 +0800] "GET /xingrg/all/function/internal_message.html?_=1704250534095&CODE_STATE=getMsg HTTP/1.1" 200 27
116.224.122.193 - - [03/Jan/2024:10:56:06 +0800] "GET /xingrg/kc/base/wldb_order_add.html HTTP/1.1" 200 30381
116.224.122.193 - - [03/Jan/2024:10:56:06 +0800] "POST /xingrg/kc/base/wldb_order_operate.html HTTP/1.1" 200 6806
116.224.122.193 - - [03/Jan/2024:10:56:07 +0800] "GET /xingrg/javascript/easyui/themes/default/validatebox.css HTTP/1.1" 404 1104
116.224.122.193 - - [03/Jan/2024:10:56:07 +0800] "POST /xingrg/all/common/load_combo.html?type=base HTTP/1.1" 200 3321
58.39.110.191 - - [03/Jan/2024:10:56:08 +0800] "POST /xingrg/kc/base/wldb_order_operate.html HTTP/1.1" 200 1710
101.228.146.191 - - [03/Jan/2024:10:56:09 +0800] "GET /xingrg/all/function/internal_message.html?_=1704250569881&CODE_STATE=getMsg HTTP/1.1" 200 27
101.228.146.191 - - [03/Jan/2024:10:56:09 +0800] "GET /xingrg/check_reg.html?_=1704250569878 HTTP/1.1" 200 22
101.83.145.37 - - [03/Jan/2024:10:56:12 +0800] "GET /xingrg/kc/buy/cgsh_order_operate.html?command=get_materiel&rest_code=00105&code=00101001060&supplier_code=00100442&order_time=2024-01-03 HTTP/1.1" 200 421
116.224.122.193 - - [03/Jan/2024:10:56:13 +0800] "POST /xingrg/all/common/load_combo.html?type=base HTTP/1.1" 200 3321
101.80.228.56 - - [03/Jan/2024:10:56:13 +0800] "GET /xingrg/all/function/internal_message.html?_=1704250576629&CODE_STATE=getMsg HTTP/1.1" 200 27
58.39.110.191 - - [03/Jan/2024:10:56:14 +0800] "GET /xingrg/kc/base/wldb_order_operate.html?command=get_materiel&rest_code=00157&base_code=0010864&code=00101019253 HTTP/1.1" 200 482
222.67.232.215 - - [03/Jan/2024:10:56:21 +0800] "GET /xingrg/all/function/internal_message.html?_=1704250581868&CODE_STATE=getMsg HTTP/1.1" 200 27
120.253.135.82 - - [03/Jan/2024:10:56:22 +0800] "GET /xingrg/all/function/internal_message.html?_=1704250400107&CODE_STATE=getMsg HTTP/1.1" 200 27
180.163.29.206 - - [03/Jan/2024:10:56:23 +0800] "GET /xingrg/all/function/internal_message.html?_=1704250521016&CODE_STATE=getMsg HTTP/1.1" 302 -
180.163.29.206 - - [03/Jan/2024:10:56:23 +0800] "GET /xingrg/login.html HTTP/1.1" 200 7641
124.78.154.219 - - [03/Jan/2024:10:56:23 +0800] "GET /xingrg/all/function/internal_message.html?_=1704250580992&CODE_STATE=getMsg HTTP/1.1" 200 27
180.169.147.146 - - [03/Jan/2024:10:56:23 +0800] "GET /xingrg/all/function/internal_message.html?_=1704250583294&CODE_STATE=getMsg HTTP/1.1" 200 27
180.169.147.146 - - [03/Jan/2024:10:56:27 +0800] "GET /xingrg/check_reg.html?_=1704250588573 HTTP/1.1" 200 22
180.169.147.146 - - [03/Jan/2024:10:56:27 +0800] "GET /xingrg/all/function/internal_message.html?_=1704250588575&CODE_STATE=getMsg HTTP/1.1" 200 27
116.224.122.193 - - [03/Jan/2024:10:56:28 +0800] "GET /xingrg/kc/base/wldb_order_operate.html?command=get_materiel&rest_code=00102&base_code=0010476&code=00101019079 HTTP/1.1" 200 479
222.70.180.200 - - [03/Jan/2024:10:56:29 +0800] "GET /xingrg/all/function/internal_message.html?_=1704250589276&CODE_STATE=getMsg HTTP/1.1" 200 27
218.81.65.124 - - [03/Jan/2024:10:56:31 +0800] "POST /xingrg/services/DataTransmitService HTTP/1.1" 200 524
218.81.65.124 - - [03/Jan/2024:10:56:32 +0800] "POST /xingrg/services/DataTransmitService HTTP/1.1" 200 412
124.79.241.187 - - [03/Jan/2024:10:56:33 +0800] "GET /xingrg/all/function/internal_message.html?_=1704250925310&CODE_STATE=getMsg HTTP/1.1" 200 27
114.95.241.104 - - [03/Jan/2024:10:56:34 +0800] "GET /xingrg/all/function/internal_message.html?_=1704250593937&CODE_STATE=getMsg HTTP/1.1" 200 27
222.70.180.200 - - [03/Jan/2024:10:56:36 +0800] "GET /xingrg/all/function/internal_message.html?_=1704250596077&CODE_STATE=getMsg HTTP/1.1" 200 27
120.253.135.82 - - [03/Jan/2024:10:56:36 +0800] "GET /xingrg/all/function/internal_message.html?_=1704250755645&CODE_STATE=getMsg HTTP/1.1" 200 27
116.224.122.193 - - [03/Jan/2024:10:56:37 +0800] "GET /xingrg/kc/base/wldb_order_operate.html?command=get_materiel&rest_code=00102&base_code=0010476&code=00101016029 HTTP/1.1" 200 461
114.95.241.104 - - [03/Jan/2024:10:56:39 +0800] "GET /xingrg/index.html?sysBaseUrl=http%3A%2F%2F180.169.147.146%3A18081%2Fxingrg%2F&costTime=14×tamp=1698040851670 HTTP/1.1" 302 -
114.95.241.104 - - [03/Jan/2024:10:56:40 +0800] "GET /xingrg/login.html HTTP/1.1" 200 7641
114.95.241.104 - - [03/Jan/2024:10:56:40 +0800] "GET /favicon.ico HTTP/1.1" 404 -
124.78.154.219 - - [03/Jan/2024:10:56:42 +0800] "GET /xingrg/all/function/internal_message.html?_=1704250602342&CODE_STATE=getMsg HTTP/1.1" 200 27
