114.95.241.104 - - [03/Jan/2024:11:01:11 +0800] "GET /xingrg/javascript/jquery_easy_ui/easyui-lang-zh_CN.js HTTP/1.1" 304 -
114.95.241.104 - - [03/Jan/2024:11:01:11 +0800] "GET /xingrg/javascript/jquery.form.js HTTP/1.1" 304 -
114.95.241.104 - - [03/Jan/2024:11:01:11 +0800] "GET /xingrg/javascript/jquery.utils.js HTTP/1.1" 304 -
114.95.241.104 - - [03/Jan/2024:11:01:11 +0800] "GET /xingrg/javascript/jquery.timers.js HTTP/1.1" 304 -
114.95.241.104 - - [03/Jan/2024:11:01:11 +0800] "GET /xingrg/images/blue/jxLogo.png HTTP/1.1" 304 -
114.95.241.104 - - [03/Jan/2024:11:01:11 +0800] "GET /xingrg/images/blue/navBackgound.jpg HTTP/1.1" 304 -
114.95.241.104 - - [03/Jan/2024:11:01:11 +0800] "GET /xingrg/javascript/jquery_easy_ui/themes/icons/settle_new.png HTTP/1.1" 304 -
114.95.241.104 - - [03/Jan/2024:11:01:11 +0800] "GET /xingrg/all/function/internal_message.html?_=1704250871175&CODE_STATE=count HTTP/1.1" 200 11
114.95.241.104 - - [03/Jan/2024:11:01:11 +0800] "GET /xingrg/images/blue/pingpu.png HTTP/1.1" 304 -
114.95.241.104 - - [03/Jan/2024:11:01:11 +0800] "GET /xingrg/javascript/jquery_easy_ui/themes/default/images/tabs_leftarrow.png HTTP/1.1" 304 -
114.95.241.104 - - [03/Jan/2024:11:01:11 +0800] "GET /xingrg/check_reg.html?_=1704250871176 HTTP/1.1" 200 22
114.95.241.104 - - [03/Jan/2024:11:01:11 +0800] "GET /xingrg/javascript/jquery_easy_ui/themes/default/images/tabs_rightarrow.png HTTP/1.1" 304 -
114.95.241.104 - - [03/Jan/2024:11:01:11 +0800] "GET /xingrg/javascript/jquery_easy_ui/themes/default/images/panel_tool_collapse.gif HTTP/1.1" 304 -
114.95.241.104 - - [03/Jan/2024:11:01:11 +0800] "POST /xingrg/all/common/load_tree.html?tree=area_rest_tree_json&manage=1 HTTP/1.1" 200 476
114.95.241.104 - - [03/Jan/2024:11:01:11 +0800] "POST /xingrg/load_menu.html HTTP/1.1" 200 5138
101.80.228.56 - - [03/Jan/2024:11:01:13 +0800] "GET /xingrg/all/function/internal_message.html?_=1704250876629&CODE_STATE=getMsg HTTP/1.1" 200 27
58.39.110.191 - - [03/Jan/2024:11:01:14 +0800] "GET /xingrg/kc/base/wldb_order_operate.html?command=get_materiel&rest_code=00157&base_code=0010864&code=00101019509 HTTP/1.1" 200 464
114.95.241.104 - - [03/Jan/2024:11:01:14 +0800] "GET /xingrg/kc/buy/cgsh_order_list.html HTTP/1.1" 200 57118
114.95.241.104 - - [03/Jan/2024:11:01:16 +0800] "POST /xingrg/kc/buy/cgsh_list_operate.html HTTP/1.1" 200 986
116.232.193.168 - - [03/Jan/2024:11:01:16 +0800] "GET /xingrg/kc/buy/cgsh_order_operate.html?command=get_materiel&rest_code=00155&code=00101002027&supplier_code=00100199&order_time=2024-01-03 HTTP/1.1" 200 413
114.95.241.104 - - [03/Jan/2024:11:01:18 +0800] "GET /xingrg/kc/buy/cgsh_order_add.html HTTP/1.1" 200 72938
114.95.241.104 - - [03/Jan/2024:11:01:18 +0800] "POST /xingrg/kc/buy/cgsh_order_operate.html HTTP/1.1" 200 8245
114.95.241.104 - - [03/Jan/2024:11:01:18 +0800] "GET /xingrg/javascript/easyui/themes/default/validatebox.css HTTP/1.1" 404 1104
114.95.241.104 - - [03/Jan/2024:11:01:18 +0800] "GET /xingrg/all/common/auto_word.html?type=employee&rest_code=00150 HTTP/1.1" 200 159
114.95.241.104 - - [03/Jan/2024:11:01:18 +0800] "GET /xingrg/all/common/auto_word.html?type=employee&rest_code=00150 HTTP/1.1" 200 159
222.67.232.215 - - [03/Jan/2024:11:01:21 +0800] "GET /xingrg/all/function/internal_message.html?_=1704250881754&CODE_STATE=getMsg HTTP/1.1" 200 27
114.95.241.104 - - [03/Jan/2024:11:01:22 +0800] "GET /xingrg/javascript/auto/indicator.gif HTTP/1.1" 404 1066
120.253.135.82 - - [03/Jan/2024:11:01:22 +0800] "GET /xingrg/all/function/internal_message.html?_=1704250700193&CODE_STATE=getMsg HTTP/1.1" 200 27
180.163.29.206 - - [03/Jan/2024:11:01:23 +0800] "GET /xingrg/all/function/internal_message.html?_=1704250820907&CODE_STATE=getMsg HTTP/1.1" 302 -
124.78.154.219 - - [03/Jan/2024:11:01:23 +0800] "GET /xingrg/all/function/internal_message.html?_=1704250880879&CODE_STATE=getMsg HTTP/1.1" 200 27
180.163.29.206 - - [03/Jan/2024:11:01:23 +0800] "GET /xingrg/login.html HTTP/1.1" 200 7641
116.224.122.193 - - [03/Jan/2024:11:01:25 +0800] "GET /xingrg/kc/buy/cgsh_order_operate.html?command=get_materiel&rest_code=00102&code=00101006130&supplier_code=00100151&order_time=2024-01-03 HTTP/1.1" 200 437
101.83.145.37 - - [03/Jan/2024:11:01:25 +0800] "GET /xingrg/kc/buy/cgsh_order_operate.html?command=get_materiel&rest_code=00105&code=00101012046&supplier_code=00100487&order_time=2024-01-03 HTTP/1.1" 200 417
180.169.147.146 - - [03/Jan/2024:11:01:27 +0800] "GET /xingrg/check_reg.html?_=1704250888569 HTTP/1.1" 200 22
180.169.147.146 - - [03/Jan/2024:11:01:27 +0800] "GET /xingrg/all/function/internal_message.html?_=1704250888573&CODE_STATE=getMsg HTTP/1.1" 200 27
222.70.180.200 - - [03/Jan/2024:11:01:29 +0800] "GET /xingrg/all/function/internal_message.html?_=1704250889208&CODE_STATE=getMsg HTTP/1.1" 200 27
124.79.241.187 - - [03/Jan/2024:11:01:33 +0800] "GET /xingrg/all/function/internal_message.html?_=1704251225303&CODE_STATE=getMsg HTTP/1.1" 200 27
58.39.110.191 - - [03/Jan/2024:11:01:33 +0800] "GET /xingrg/kc/base/wldb_order_operate.html?command=get_materiel&rest_code=00157&base_code=0010864&code=00101019529 HTTP/1.1" 200 475
114.95.241.104 - - [03/Jan/2024:11:01:34 +0800] "GET /xingrg/all/function/internal_message.html?_=1704250893947&CODE_STATE=getMsg HTTP/1.1" 200 27
116.232.193.168 - - [03/Jan/2024:11:01:34 +0800] "GET /xingrg/kc/buy/cgsh_order_operate.html?command=get_materiel&rest_code=00155&code=00101002016&supplier_code=00100199&order_time=2024-01-03 HTTP/1.1" 200 413
114.95.241.104 - - [03/Jan/2024:11:01:35 +0800] "GET /xingrg/kc/buy/cgsh_order_operate.html?command=get_materiel&rest_code=00150&code=00101008474&supplier_code=00100487&order_time=2024-01-03 HTTP/1.1" 200 409
58.39.110.191 - - [03/Jan/2024:11:01:35 +0800] "POST /xingrg/kc/base/wldb_order_operate.html HTTP/1.1" 200 1710
222.70.180.200 - - [03/Jan/2024:11:01:36 +0800] "GET /xingrg/all/function/internal_message.html?_=1704250896076&CODE_STATE=getMsg HTTP/1.1" 200 27
120.253.135.82 - - [03/Jan/2024:11:01:36 +0800] "GET /xingrg/all/function/internal_message.html?_=1704251055664&CODE_STATE=getMsg HTTP/1.1" 200 27
116.224.122.193 - - [03/Jan/2024:11:01:40 +0800] "GET /xingrg/kc/buy/cgsh_order_operate.html?command=get_materiel&rest_code=00102&code=00101007024&supplier_code=00100151&order_time=2024-01-03 HTTP/1.1" 200 417
124.78.154.219 - - [03/Jan/2024:11:01:42 +0800] "GET /xingrg/all/function/internal_message.html?_=1704250902339&CODE_STATE=getMsg HTTP/1.1" 200 27
124.78.154.219 - - [03/Jan/2024:11:01:42 +0800] "GET /xingrg/check_reg.html?_=1704250902341 HTTP/1.1" 200 22
180.164.1.25 - - [03/Jan/2024:11:01:45 +0800] "GET /xingrg/all/function/internal_message.html?_=1704250904037&CODE_STATE=getMsg HTTP/1.1" 200 27
58.39.110.191 - - [03/Jan/2024:11:01:45 +0800] "GET /xingrg/kc/base/wldb_order_operate.html?command=get_materiel&rest_code=00157&base_code=0010864&code=00101019536 HTTP/1.1" 200 472
124.78.154.219 - - [03/Jan/2024:11:01:46 +0800] "GET /xingrg/all/function/internal_message.html?_=1704250906125&CODE_STATE=getMsg HTTP/1.1" 200 27
180.164.1.25 - - [03/Jan/2024:11:01:46 +0800] "GET /xingrg/check_reg.html?_=1704250905172 HTTP/1.1" 200 22
101.83.145.37 - - [03/Jan/2024:11:01:48 +0800] "GET /xingrg/all/function/internal_message.html?_=1704250675421&CODE_STATE=getMsg HTTP/1.1" 200 27
101.83.145.37 - - [03/Jan/2024:11:01:48 +0800] "GET /xingrg/check_reg.html?_=1704250675644 HTTP/1.1" 200 22
101.83.145.37 - - [03/Jan/2024:11:01:50 +0800] "GET /xingrg/all/function/internal_message.html?_=1704250911661&CODE_STATE=getMsg HTTP/1.1" 200 27
114.83.218.109 - - [03/Jan/2024:11:01:50 +0800] "GET /xingrg/all/function/internal_message.html?_=1704250910411&CODE_STATE=getMsg HTTP/1.1" 200 27
116.230.116.41 - - [03/Jan/2024:11:01:51 +0800] "GET /xingrg/all/function/internal_message.html?_=1704250921394&CODE_STATE=getMsg HTTP/1.1" 200 27
172.20.0.100 - - [03/Jan/2024:11:01:53 +0800] "GET /xingrg/all/function/internal_message.html?_=1704250912333&CODE_STATE=getMsg HTTP/1.1" 200 27
172.20.0.100 - - [03/Jan/2024:11:01:53 +0800] "GET /xingrg/check_reg.html?_=1704250912334 HTTP/1.1" 200 22
114.95.241.104 - - [03/Jan/2024:11:01:53 +0800] "POST /xingrg/kc/buy/cgsh_order_operate.html HTTP/1.1" 200 37
116.232.193.168 - - [03/Jan/2024:11:01:55 +0800] "GET /xingrg/all/function/internal_message.html?_=1704250876867&CODE_STATE=getMsg HTTP/1.1" 200 27
222.69.132.144 - - [03/Jan/2024:11:01:56 +0800] "GET /xingrg/all/function/internal_message.html?_=1704250919376&CODE_STATE=getMsg HTTP/1.1" 200 27
116.224.122.193 - - [03/Jan/2024:11:01:56 +0800] "GET /xingrg/check_reg.html?_=1704250929510 HTTP/1.1" 200 22
101.83.145.37 - - [03/Jan/2024:11:01:58 +0800] "GET /xingrg/kc/buy/cgsh_order_operate.html?command=get_materiel&rest_code=00105&code=00101012101&supplier_code=00100487&order_time=2024-01-03 HTTP/1.1" 200 418
116.224.122.193 - - [03/Jan/2024:11:02:01 +0800] "GET /xingrg/all/function/internal_message.html?_=1704250933744&CODE_STATE=getMsg HTTP/1.1" 200 27
114.95.241.104 - - [03/Jan/2024:11:02:01 +0800] "POST /xingrg/kc/buy/cgsh_order_operate.html HTTP/1.1" 200 12
58.39.110.191 - - [03/Jan/2024:11:02:01 +0800] "GET /xingrg/kc/base/wldb_order_operate.html?command=get_materiel&rest_code=00157&base_code=0010864&code=00101019738 HTTP/1.1" 200 469
116.224.122.193 - - [03/Jan/2024:11:02:02 +0800] "GET /xingrg/all/function/internal_message.html?_=1704250921901&CODE_STATE=getMsg HTTP/1.1" 200 27
114.95.241.104 - - [03/Jan/2024:11:02:03 +0800] "GET /xingrg/kc/buy/cgsh_order_info.html?code=212024010300906 HTTP/1.1" 200 67857
114.95.241.104 - - [03/Jan/2024:11:02:03 +0800] "GET /xingrg/javascript/easyui/themes/default/validatebox.css HTTP/1.1" 404 1104
114.95.241.104 - - [03/Jan/2024:11:02:04 +0800] "POST /xingrg/kc/buy/cgsh_order_operate.html HTTP/1.1" 200 604
58.39.110.191 - - [03/Jan/2024:11:02:04 +0800] "GET /xingrg/all/function/internal_message.html?_=1704250925495&CODE_STATE=getMsg HTTP/1.1" 200 27
116.232.193.168 - - [03/Jan/2024:11:02:06 +0800] "GET /xingrg/check_reg.html?_=1704250887613 HTTP/1.1" 200 22
114.95.241.104 - - [03/Jan/2024:11:02:06 +0800] "GET /xingrg/kc/print/load_data.html?order_code=212024010300906&kc_code=cgsh&condition= HTTP/1.1" 200 711
116.224.122.193 - - [03/Jan/2024:11:02:08 +0800] "GET /xingrg/check_reg.html?_=1704250927739 HTTP/1.1" 200 22
180.169.147.146 - - [03/Jan/2024:11:02:08 +0800] "GET /xingrg/all/function/internal_message.html?_=1704250928443&CODE_STATE=getMsg HTTP/1.1" 200 27
101.228.146.191 - - [03/Jan/2024:11:02:09 +0800] "GET /xingrg/all/function/internal_message.html?_=1704250929884&CODE_STATE=getMsg HTTP/1.1" 200 27
114.95.241.104 - - [03/Jan/2024:11:02:11 +0800] "GET /xingrg/all/function/internal_message.html?_=1704250931182&CODE_STATE=getMsg HTTP/1.1" 200 27
101.80.228.56 - - [03/Jan/2024:11:02:13 +0800] "GET /xingrg/all/function/internal_message.html?_=1704250936635&CODE_STATE=getMsg HTTP/1.1" 200 27
114.95.241.104 - - [03/Jan/2024:11:02:13 +0800] "GET /xingrg/kc/buy/cgsh_order_add.html HTTP/1.1" 200 72938
114.95.241.104 - - [03/Jan/2024:11:02:14 +0800] "POST /xingrg/kc/buy/cgsh_order_operate.html HTTP/1.1" 200 8245
114.95.241.104 - - [03/Jan/2024:11:02:14 +0800] "GET /xingrg/javascript/easyui/themes/default/validatebox.css HTTP/1.1" 404 1104
101.83.145.37 - - [03/Jan/2024:11:02:18 +0800] "POST /xingrg/kc/buy/cgsh_order_operate.html HTTP/1.1" 200 37
116.224.122.193 - - [03/Jan/2024:11:02:20 +0800] "GET /xingrg/kc/buy/cgsh_order_operate.html?command=get_materiel&rest_code=00102&code=00101006184&supplier_code=00100151&order_time=2024-01-03 HTTP/1.1" 200 408
101.83.145.37 - - [03/Jan/2024:11:02:20 +0800] "POST /xingrg/kc/buy/cgsh_order_operate.html HTTP/1.1" 200 3256
58.39.110.191 - - [03/Jan/2024:11:02:20 +0800] "GET /xingrg/kc/base/wldb_order_operate.html?command=get_materiel&rest_code=00157&base_code=0010864&code=00101019739 HTTP/1.1" 200 470
222.67.232.215 - - [03/Jan/2024:11:02:21 +0800] "GET /xingrg/all/function/internal_message.html?_=1704250941728&CODE_STATE=getMsg HTTP/1.1" 200 27
120.253.135.82 - - [03/Jan/2024:11:02:22 +0800] "GET /xingrg/all/function/internal_message.html?_=1704250760269&CODE_STATE=getMsg HTTP/1.1" 200 27
101.83.145.37 - - [03/Jan/2024:11:02:22 +0800] "GET /xingrg/kc/print/load_data.html?order_code=212024010300907&kc_code=cgsh&condition= HTTP/1.1" 200 904
124.78.154.219 - - [03/Jan/2024:11:02:23 +0800] "GET /xingrg/all/function/internal_message.html?_=1704250940899&CODE_STATE=getMsg HTTP/1.1" 200 27
180.163.28.114 - - [03/Jan/2024:11:02:23 +0800] "GET /xingrg/all/function/internal_message.html?_=1704250880879&CODE_STATE=getMsg HTTP/1.1" 302 -
114.95.241.104 - - [03/Jan/2024:11:02:23 +0800] "GET /xingrg/kc/buy/cgsh_order_operate.html?command=get_materiel&rest_code=00150&code=00101004051&supplier_code=00100312&order_time=2024-01-03 HTTP/1.1" 200 408
180.163.28.114 - - [03/Jan/2024:11:02:23 +0800] "GET /xingrg/login.html HTTP/1.1" 200 7641
180.169.147.146 - - [03/Jan/2024:11:02:27 +0800] "GET /xingrg/all/function/internal_message.html?_=1704250948580&CODE_STATE=getMsg HTTP/1.1" 200 27
222.70.180.200 - - [03/Jan/2024:11:02:29 +0800] "GET /xingrg/all/function/internal_message.html?_=1704250949193&CODE_STATE=getMsg HTTP/1.1" 200 27
124.78.154.219 - - [03/Jan/2024:11:02:30 +0800] "POST /xingrg/kc/buy/cgsh_order_operate.html HTTP/1.1" 200 37
58.39.110.191 - - [03/Jan/2024:11:02:31 +0800] "GET /xingrg/kc/base/wldb_order_operate.html?command=get_materiel&rest_code=00157&base_code=0010864&code=00101019811 HTTP/1.1" 200 441
124.79.241.187 - - [03/Jan/2024:11:02:33 +0800] "GET /xingrg/all/function/internal_message.html?_=1704251285317&CODE_STATE=getMsg HTTP/1.1" 200 27
124.79.241.187 - - [03/Jan/2024:11:02:33 +0800] "GET /xingrg/check_reg.html?_=1704251285319 HTTP/1.1" 200 22
114.95.241.104 - - [03/Jan/2024:11:02:34 +0800] "GET /xingrg/check_reg.html?_=1704250953958 HTTP/1.1" 200 22
114.95.241.104 - - [03/Jan/2024:11:02:34 +0800] "GET /xingrg/all/function/internal_message.html?_=1704250953959&CODE_STATE=getMsg HTTP/1.1" 200 27
114.95.241.104 - - [03/Jan/2024:11:02:34 +0800] "POST /xingrg/kc/buy/cgsh_order_operate.html HTTP/1.1" 200 37
116.224.122.193 - - [03/Jan/2024:11:02:34 +0800] "GET /xingrg/kc/buy/cgsh_order_operate.html?command=get_materiel&rest_code=00102&code=00101020136&supplier_code=00100151&order_time=2024-01-03 HTTP/1.1" 200 408
222.70.180.200 - - [03/Jan/2024:11:02:36 +0800] "GET /xingrg/all/function/internal_message.html?_=1704250956073&CODE_STATE=getMsg HTTP/1.1" 200 27
124.78.154.219 - - [03/Jan/2024:11:02:36 +0800] "POST /xingrg/kc/buy/cgsh_order_operate.html HTTP/1.1" 200 16291
120.253.135.82 - - [03/Jan/2024:11:02:36 +0800] "GET /xingrg/all/function/internal_message.html?_=1704251115669&CODE_STATE=getMsg HTTP/1.1" 200 27
222.67.232.215 - - [03/Jan/2024:11:02:39 +0800] "GET /xingrg/check_reg.html?_=1704250959364 HTTP/1.1" 200 22
101.83.145.37 - - [03/Jan/2024:11:02:39 +0800] "GET /xingrg/kc/buy/cgsh_order_add.html HTTP/1.1" 200 72976
101.83.145.37 - - [03/Jan/2024:11:02:39 +0800] "POST /xingrg/kc/buy/cgsh_order_operate.html HTTP/1.1" 200 8245
101.83.145.37 - - [03/Jan/2024:11:02:40 +0800] "GET /xingrg/javascript/easyui/themes/default/validatebox.css HTTP/1.1" 404 1104
124.78.154.219 - - [03/Jan/2024:11:02:40 +0800] "GET /xingrg/kc/buy/cgsh_order_add.html HTTP/1.1" 200 72894
124.78.154.219 - - [03/Jan/2024:11:02:42 +0800] "GET /xingrg/all/function/internal_message.html?_=1704250962341&CODE_STATE=getMsg HTTP/1.1" 200 27
124.78.154.219 - - [03/Jan/2024:11:02:42 +0800] "GET /xingrg/words/20240102141541_words.js HTTP/1.1" 304 -
114.95.241.104 - - [03/Jan/2024:11:02:42 +0800] "POST /xingrg/kc/buy/cgsh_order_operate.html HTTP/1.1" 200 12
124.78.154.219 - - [03/Jan/2024:11:02:43 +0800] "GET /xingrg/javascript/easyui/themes/default/validatebox.css HTTP/1.1" 404 1104
124.78.154.219 - - [03/Jan/2024:11:02:43 +0800] "POST /xingrg/kc/buy/cgsh_order_operate.html HTTP/1.1" 200 8245
114.95.241.104 - - [03/Jan/2024:11:02:44 +0800] "GET /xingrg/kc/buy/cgsh_order_info.html?code=212024010300908 HTTP/1.1" 200 67851
114.95.241.104 - - [03/Jan/2024:11:02:45 +0800] "GET /xingrg/javascript/easyui/themes/default/validatebox.css HTTP/1.1" 404 1104
180.164.1.25 - - [03/Jan/2024:11:02:45 +0800] "GET /xingrg/all/function/internal_message.html?_=1704250964016&CODE_STATE=getMsg HTTP/1.1" 200 27
101.83.145.37 - - [03/Jan/2024:11:02:45 +0800] "GET /xingrg/check_reg.html?_=1704250966686 HTTP/1.1" 200 22
114.95.241.104 - - [03/Jan/2024:11:02:46 +0800] "POST /xingrg/kc/buy/cgsh_order_operate.html HTTP/1.1" 200 603
124.78.154.219 - - [03/Jan/2024:11:02:46 +0800] "GET /xingrg/all/function/internal_message.html?_=1704250966120&CODE_STATE=getMsg HTTP/1.1" 200 27
124.78.154.219 - - [03/Jan/2024:11:02:46 +0800] "GET /xingrg/javascript/easyui/themes/default/tree.css HTTP/1.1" 404 1090
124.78.154.219 - - [03/Jan/2024:11:02:47 +0800] "POST /xingrg/all/common/load_tree.html?tree=supplier_tree_json&isDelete=1 HTTP/1.1" 200 77165
101.83.145.37 - - [03/Jan/2024:11:02:48 +0800] "GET /xingrg/all/function/internal_message.html?_=1704250735400&CODE_STATE=getMsg HTTP/1.1" 200 27
114.95.241.104 - - [03/Jan/2024:11:02:49 +0800] "GET /xingrg/kc/print/load_data.html?order_code=212024010300908&kc_code=cgsh&condition= HTTP/1.1" 200 710
116.224.122.193 - - [03/Jan/2024:11:02:49 +0800] "GET /xingrg/kc/buy/cgsh_order_operate.html?command=get_materiel&rest_code=00102&code=00101006027&supplier_code=00100151&order_time=2024-01-03 HTTP/1.1" 200 410
114.83.218.109 - - [03/Jan/2024:11:02:50 +0800] "GET /xingrg/all/function/internal_message.html?_=1704250970383&CODE_STATE=getMsg HTTP/1.1" 200 27
101.83.145.37 - - [03/Jan/2024:11:02:50 +0800] "GET /xingrg/all/function/internal_message.html?_=1704250971639&CODE_STATE=getMsg HTTP/1.1" 200 27
116.230.116.41 - - [03/Jan/2024:11:02:51 +0800] "GET /xingrg/all/function/internal_message.html?_=1704250981408&CODE_STATE=getMsg HTTP/1.1" 200 27
222.70.180.200 - - [03/Jan/2024:11:02:52 +0800] "GET /xingrg/kc/report/report_main.html HTTP/1.1" 200 7340
172.20.0.100 - - [03/Jan/2024:11:02:53 +0800] "GET /xingrg/all/function/internal_message.html?_=1704250972335&CODE_STATE=getMsg HTTP/1.1" 200 27
222.70.180.200 - - [03/Jan/2024:11:02:54 +0800] "GET /xingrg/all/report/report_query.html?fileName=kc/buy/gys_amount.xml&rh=99999 HTTP/1.1" 200 52006
222.70.180.200 - - [03/Jan/2024:11:02:54 +0800] "GET /xingrg/dwr/interface/AjaxReportQueryService.js HTTP/1.1" 200 13203
222.70.180.200 - - [03/Jan/2024:11:02:54 +0800] "GET /xingrg/dwr/util.js HTTP/1.1" 200 35990
222.70.180.200 - - [03/Jan/2024:11:02:54 +0800] "GET /xingrg/dwr/engine.js HTTP/1.1" 200 43631
222.70.180.200 - - [03/Jan/2024:11:02:54 +0800] "POST /xingrg/dwr/call/plaincall/AjaxReportQueryService.getFixDate.dwr HTTP/1.1" 200 111
114.95.241.104 - - [03/Jan/2024:11:02:54 +0800] "GET /xingrg/kc/buy/cgsh_order_add.html HTTP/1.1" 200 72938
114.95.241.104 - - [03/Jan/2024:11:02:55 +0800] "POST /xingrg/kc/buy/cgsh_order_operate.html HTTP/1.1" 200 8245
114.95.241.104 - - [03/Jan/2024:11:02:55 +0800] "GET /xingrg/javascript/easyui/themes/default/validatebox.css HTTP/1.1" 404 1104
222.70.180.200 - - [03/Jan/2024:11:02:55 +0800] "POST /xingrg/dwr/call/plaincall/AjaxReportQueryService.getInitString.dwr HTTP/1.1" 200 1002
222.70.180.200 - - [03/Jan/2024:11:02:55 +0800] "POST /xingrg/all/common/load_tree.html?tree=materiel_sort_tree_json HTTP/1.1" 200 9617
222.70.180.200 - - [03/Jan/2024:11:02:55 +0800] "POST /xingrg/all/common/load_tree.html?tree=supplier_tree_json&manage=1 HTTP/1.1" 200 79575
116.232.193.168 - - [03/Jan/2024:11:02:55 +0800] "GET /xingrg/all/function/internal_message.html?_=1704250936848&CODE_STATE=getMsg HTTP/1.1" 200 27
222.69.132.144 - - [03/Jan/2024:11:02:56 +0800] "GET /xingrg/all/function/internal_message.html?_=1704250979387&CODE_STATE=getMsg HTTP/1.1" 200 27
101.83.145.37 - - [03/Jan/2024:11:02:58 +0800] "GET /xingrg/kc/buy/cgsh_order_operate.html?command=get_materiel&rest_code=00105&code=00101004067&supplier_code=00100312&order_time=2024-01-03 HTTP/1.1" 200 413
114.83.218.109 - - [03/Jan/2024:11:03:00 +0800] "GET /xingrg/kc/buy/cgsh_order_list.html HTTP/1.1" 200 57118
116.224.122.193 - - [03/Jan/2024:11:03:01 +0800] "GET /xingrg/all/function/internal_message.html?_=1704250993728&CODE_STATE=getMsg HTTP/1.1" 200 27
116.224.122.193 - - [03/Jan/2024:11:03:01 +0800] "GET /xingrg/kc/buy/cgsh_order_operate.html?command=get_materiel&rest_code=00102&code=00101016105&supplier_code=00100151&order_time=2024-01-03 HTTP/1.1" 200 409
58.39.110.191 - - [03/Jan/2024:11:03:01 +0800] "GET /xingrg/kc/base/wldb_order_operate.html?command=get_materiel&rest_code=00157&base_code=0010864&code=00101019828 HTTP/1.1" 200 471
116.224.122.193 - - [03/Jan/2024:11:03:02 +0800] "GET /xingrg/all/function/internal_message.html?_=1704250981888&CODE_STATE=getMsg HTTP/1.1" 200 27
114.83.218.109 - - [03/Jan/2024:11:03:02 +0800] "POST /xingrg/kc/buy/cgsh_list_operate.html HTTP/1.1" 200 986
58.39.110.191 - - [03/Jan/2024:11:03:04 +0800] "POST /xingrg/kc/base/wldb_order_operate.html HTTP/1.1" 200 1710
58.39.110.191 - - [03/Jan/2024:11:03:04 +0800] "GET /xingrg/all/function/internal_message.html?_=1704250985497&CODE_STATE=getMsg HTTP/1.1" 200 27
124.78.154.219 - - [03/Jan/2024:11:03:05 +0800] "GET /xingrg/kc/buy/cgsh_order_operate.html?command=get_materiel&rest_code=00106&code=00101005037&supplier_code=00100631&order_time=2024-01-03 HTTP/1.1" 200 409
58.39.110.191 - - [03/Jan/2024:11:03:06 +0800] "GET /xingrg/kc/base/wldb_order_operate.html?command=get_materiel&rest_code=00157&base_code=0010864&code=00101019829 HTTP/1.1" 200 471
180.169.147.146 - - [03/Jan/2024:11:03:08 +0800] "GET /xingrg/check_reg.html?_=1704250988446 HTTP/1.1" 200 22
180.169.147.146 - - [03/Jan/2024:11:03:08 +0800] "GET /xingrg/all/function/internal_message.html?_=1704250988448&CODE_STATE=getMsg HTTP/1.1" 200 27
101.228.146.191 - - [03/Jan/2024:11:03:09 +0800] "GET /xingrg/all/function/internal_message.html?_=1704250989869&CODE_STATE=getMsg HTTP/1.1" 200 27
114.95.241.104 - - [03/Jan/2024:11:03:11 +0800] "GET /xingrg/all/function/internal_message.html?_=1704250991188&CODE_STATE=getMsg HTTP/1.1" 200 27
58.39.110.191 - - [03/Jan/2024:11:03:13 +0800] "GET /xingrg/kc/base/wldb_order_operate.html?command=get_materiel&rest_code=00157&base_code=0010864&code=00101019416 HTTP/1.1" 200 462
101.80.228.56 - - [03/Jan/2024:11:03:13 +0800] "GET /xingrg/all/function/internal_message.html?_=1704250996640&CODE_STATE=getMsg HTTP/1.1" 200 27
101.83.145.37 - - [03/Jan/2024:11:03:17 +0800] "GET /xingrg/kc/buy/cgsh_order_operate.html?command=get_materiel&rest_code=00105&code=00101004023&supplier_code=00100312&order_time=2024-01-03 HTTP/1.1" 200 409
58.39.110.191 - - [03/Jan/2024:11:03:17 +0800] "GET /xingrg/kc/base/wldb_order_operate.html?command=get_materiel&rest_code=00157&base_code=0010864&code=00101019973 HTTP/1.1" 200 480
222.67.232.215 - - [03/Jan/2024:11:03:21 +0800] "GET /xingrg/all/function/internal_message.html?_=1704251001712&CODE_STATE=getMsg HTTP/1.1" 200 27
120.253.135.82 - - [03/Jan/2024:11:03:21 +0800] "POST /xingrg/kc/pszx/mdps_list_operate.html HTTP/1.1" 200 607
120.253.135.82 - - [03/Jan/2024:11:03:22 +0800] "GET /xingrg/kc/pszx/mdps_order_info.html?code=312024010300077 HTTP/1.1" 200 23978
120.253.135.82 - - [03/Jan/2024:11:03:22 +0800] "GET /xingrg/javascript/easyui/themes/default/validatebox.css HTTP/1.1" 404 1104
120.253.135.82 - - [03/Jan/2024:11:03:22 +0800] "GET /xingrg/all/function/internal_message.html?_=1704250820313&CODE_STATE=getMsg HTTP/1.1" 200 27
120.253.135.82 - - [03/Jan/2024:11:03:22 +0800] "GET /xingrg/all/common/auto_word.html?type=base&rest_code=00101 HTTP/1.1" 200 671
124.78.154.219 - - [03/Jan/2024:11:03:23 +0800] "POST /xingrg/kc/buy/cgsh_order_operate.html HTTP/1.1" 200 37
120.253.135.82 - - [03/Jan/2024:11:03:23 +0800] "POST /xingrg/kc/pszx/mdps_order_operate.html HTTP/1.1" 200 7678
124.78.154.219 - - [03/Jan/2024:11:03:23 +0800] "GET /xingrg/all/function/internal_message.html?_=1704251000887&CODE_STATE=getMsg HTTP/1.1" 200 27
180.163.30.76 - - [03/Jan/2024:11:03:23 +0800] "GET /xingrg/all/function/internal_message.html?_=1704250940899&CODE_STATE=getMsg HTTP/1.1" 302 -
180.163.30.76 - - [03/Jan/2024:11:03:23 +0800] "GET /xingrg/login.html HTTP/1.1" 200 7641
116.224.122.193 - - [03/Jan/2024:11:03:24 +0800] "GET /xingrg/kc/buy/cgsh_order_operate.html?command=get_materiel&rest_code=00102&code=00101006056&supplier_code=00100151&order_time=2024-01-03 HTTP/1.1" 200 413
116.232.193.168 - - [03/Jan/2024:11:03:24 +0800] "POST /xingrg/kc/buy/cgsh_list_operate.html HTTP/1.1" 200 2299
114.95.241.104 - - [03/Jan/2024:11:03:24 +0800] "GET /xingrg/kc/buy/cgsh_order_operate.html?command=get_materiel&rest_code=00150&code=00101014017&supplier_code=00100211&order_time=2024-01-03 HTTP/1.1" 200 419
222.70.180.200 - - [03/Jan/2024:11:03:24 +0800] "POST /xingrg/dwr/call/plaincall/AjaxReportQueryService.refreshCache.dwr HTTP/1.1" 200 78
116.232.193.168 - - [03/Jan/2024:11:03:24 +0800] "POST /xingrg/kc/buy/cgsh_list_operate.html HTTP/1.1" 200 2299
180.169.147.146 - - [03/Jan/2024:11:03:27 +0800] "GET /xingrg/all/function/internal_message.html?_=1704251008579&CODE_STATE=getMsg HTTP/1.1" 200 27
222.70.180.200 - - [03/Jan/2024:11:03:29 +0800] "GET /xingrg/all/function/internal_message.html?_=1704251009167&CODE_STATE=getMsg HTTP/1.1" 200 27
124.78.154.219 - - [03/Jan/2024:11:03:32 +0800] "POST /xingrg/kc/buy/cgsh_order_operate.html HTTP/1.1" 200 12
222.70.180.200 - - [03/Jan/2024:11:03:32 +0800] "POST /xingrg/all/report/load_report_page.html HTTP/1.1" 200 8924
222.70.180.200 - - [03/Jan/2024:11:03:32 +0800] "GET /xingrg/servlets/image?cache=0.7503959173255002&image=px HTTP/1.1" 200 807
124.79.241.187 - - [03/Jan/2024:11:03:33 +0800] "GET /xingrg/all/function/internal_message.html?_=1704251345318&CODE_STATE=getMsg HTTP/1.1" 200 27
120.253.135.82 - - [03/Jan/2024:11:03:33 +0800] "POST /xingrg/kc/pszx/mdps_order_operate.html HTTP/1.1" 200 37
114.95.241.104 - - [03/Jan/2024:11:03:34 +0800] "GET /xingrg/all/function/internal_message.html?_=1704251013945&CODE_STATE=getMsg HTTP/1.1" 200 27
58.39.110.191 - - [03/Jan/2024:11:03:35 +0800] "GET /xingrg/kc/base/wldb_order_operate.html?command=get_materiel&rest_code=00157&base_code=0010864&code=00101020144 HTTP/1.1" 200 448
124.78.154.219 - - [03/Jan/2024:11:03:35 +0800] "GET /xingrg/kc/buy/cgsh_order_info.html?code=212024010300909 HTTP/1.1" 200 67803
124.78.154.219 - - [03/Jan/2024:11:03:35 +0800] "GET /xingrg/javascript/easyui/themes/default/validatebox.css HTTP/1.1" 404 1104
120.253.135.82 - - [03/Jan/2024:11:03:36 +0800] "GET /xingrg/kc/pszx/mdps_order_info.html?code=312024010300077 HTTP/1.1" 200 23978
120.253.135.82 - - [03/Jan/2024:11:03:36 +0800] "GET /xingrg/javascript/easyui/themes/default/validatebox.css HTTP/1.1" 404 1104
222.70.180.200 - - [03/Jan/2024:11:03:36 +0800] "GET /xingrg/all/function/internal_message.html?_=1704251016069&CODE_STATE=getMsg HTTP/1.1" 200 27
222.70.180.200 - - [03/Jan/2024:11:03:36 +0800] "GET /xingrg/check_reg.html?_=1704251016071 HTTP/1.1" 200 22
120.253.135.82 - - [03/Jan/2024:11:03:36 +0800] "GET /xingrg/all/common/auto_word.html?type=base&rest_code=00101 HTTP/1.1" 200 671
120.253.135.82 - - [03/Jan/2024:11:03:36 +0800] "GET /xingrg/all/function/internal_message.html?_=1704251175675&CODE_STATE=getMsg HTTP/1.1" 200 27
120.253.135.82 - - [03/Jan/2024:11:03:36 +0800] "GET /xingrg/check_reg.html?_=1704251175678 HTTP/1.1" 200 22
120.253.135.82 - - [03/Jan/2024:11:03:36 +0800] "POST /xingrg/kc/pszx/mdps_order_operate.html HTTP/1.1" 200 7762
120.253.135.82 - - [03/Jan/2024:11:03:38 +0800] "POST /xingrg/all/common/load_combo.html?type=base HTTP/1.1" 200 1169
222.67.232.215 - - [03/Jan/2024:11:03:39 +0800] "POST /xingrg/kc/buy/cgsh_list_operate.html HTTP/1.1" 200 581
222.70.180.200 - - [03/Jan/2024:11:03:40 +0800] "GET /xingrg/all/report/report_query.html?isQuery=1&fileName=kc/buy/wlcg_cate_hz.xml&queryString=(CONVERT(char(10)%252Ca.order_time%252C%2520120)%253E%253D'2023-12-01')%2520and%2520(CONVERT(char(10)%252Ca.order_time%252C%2520120)%253C%253D'2023-12-31')%2520and%2520(a.supplier_code%2520in%2520('00100327'))%2520and%2520(a.supplier_code%253D'00100327')&queryText=%25E3%2580%2590%25E9%2587%2587%25E8%25B4%25AD%25E6%2597%25A5%25E6%259C%259F%253A2023-12-01%2520%25E8%2587%25B3%25202023-12-31%25E3%2580%2591%2520%25E5%25B9%25B6%25E4%25B8%2594%2520%2520%25E3%2580%2590%25E4%25BE%259B%25E5%25BA%2594%25E5%2595%2586%2520%253D%2520%25E5%258E%25A8%25E5%258D%259A%25E6%25B1%2587%25EF%25BC%2588%25E8%25A7%25A3%25E6%2595%258F%25EF%25BC%2589%25E3%2580%2591%2520%25E5%25B9%25B6%25E4%25B8%2594%2520%25E3%2580%2590%25E4%25BE%259B%25E5%25BA%2594%25E5%2595%2586%253D%25E5%258E%25A8%25E5%258D%259A%25E6%25B1%2587%25EF%25BC%2588%25E8%25A7%25A3%25E6%2595%258F%25EF%25BC%2589%25E3%2580%2591 HTTP/1.1" 200 54465
222.70.180.200 - - [03/Jan/2024:11:03:40 +0800] "GET /xingrg/dwr/interface/AjaxReportQueryService.js HTTP/1.1" 200 13203
222.70.180.200 - - [03/Jan/2024:11:03:40 +0800] "GET /xingrg/dwr/engine.js HTTP/1.1" 200 43631
124.78.154.219 - - [03/Jan/2024:11:03:41 +0800] "POST /xingrg/kc/buy/cgsh_order_operate.html HTTP/1.1" 200 15
222.67.232.215 - - [03/Jan/2024:11:03:42 +0800] "GET /xingrg/kc/buy/cgsh_order_info.html?code=212024010300858 HTTP/1.1" 200 72903
124.78.154.219 - - [03/Jan/2024:11:03:42 +0800] "GET /xingrg/all/function/internal_message.html?_=1704251022340&CODE_STATE=getMsg HTTP/1.1" 200 27
222.67.232.215 - - [03/Jan/2024:11:03:42 +0800] "GET /xingrg/javascript/easyui/themes/default/validatebox.css HTTP/1.1" 404 1104
120.253.135.82 - - [03/Jan/2024:11:03:43 +0800] "POST /xingrg/kc/pszx/mdps_order_operate.html HTTP/1.1" 200 37
124.78.154.219 - - [03/Jan/2024:11:03:44 +0800] "GET /xingrg/kc/print/load_config.html?kc_code=cgsh HTTP/1.1" 200 1927
58.39.110.191 - - [03/Jan/2024:11:03:44 +0800] "GET /xingrg/kc/base/wldb_order_operate.html?command=get_materiel&rest_code=00157&base_code=0010864&code=00101020335 HTTP/1.1" 200 456
180.164.1.25 - - [03/Jan/2024:11:03:45 +0800] "GET /xingrg/all/function/internal_message.html?_=1704251024008&CODE_STATE=getMsg HTTP/1.1" 200 27
124.78.154.219 - - [03/Jan/2024:11:03:46 +0800] "GET /xingrg/all/function/internal_message.html?_=1704251026112&CODE_STATE=getMsg HTTP/1.1" 200 27
114.95.241.104 - - [03/Jan/2024:11:03:46 +0800] "POST /xingrg/kc/buy/cgsh_order_operate.html HTTP/1.1" 200 37
222.67.232.215 - - [03/Jan/2024:11:03:46 +0800] "POST /xingrg/kc/buy/cgsh_order_operate.html HTTP/1.1" 200 26920
222.70.180.200 - - [03/Jan/2024:11:03:47 +0800] "POST /xingrg/all/report/load_report_page.html HTTP/1.1" 200 8715
222.70.180.200 - - [03/Jan/2024:11:03:47 +0800] "GET /xingrg/servlets/image?cache=0.3475535379496075&image=px HTTP/1.1" 200 807
101.83.145.37 - - [03/Jan/2024:11:03:48 +0800] "GET /xingrg/all/function/internal_message.html?_=1704250795376&CODE_STATE=getMsg HTTP/1.1" 200 27
124.78.154.219 - - [03/Jan/2024:11:03:48 +0800] "GET /xingrg/kc/print/load_data.html?order_code=212024010300909&kc_code=cgsh&condition= HTTP/1.1" 200 697
101.83.145.37 - - [03/Jan/2024:11:03:50 +0800] "GET /xingrg/all/function/internal_message.html?_=1704251031615&CODE_STATE=getMsg HTTP/1.1" 200 27
114.83.218.109 - - [03/Jan/2024:11:03:50 +0800] "GET /xingrg/all/function/internal_message.html?_=1704251030367&CODE_STATE=getMsg HTTP/1.1" 200 27
116.230.116.41 - - [03/Jan/2024:11:03:51 +0800] "GET /xingrg/all/function/internal_message.html?_=1704251041471&CODE_STATE=getMsg HTTP/1.1" 200 27
120.253.135.82 - - [03/Jan/2024:11:03:52 +0800] "GET /xingrg/kc/pszx/mdps_order_info.html?code=312024010300077 HTTP/1.1" 200 23978
116.224.122.193 - - [03/Jan/2024:11:03:52 +0800] "POST /xingrg/kc/buy/cgsh_order_operate.html HTTP/1.1" 200 88
120.253.135.82 - - [03/Jan/2024:11:03:52 +0800] "GET /xingrg/javascript/easyui/themes/default/validatebox.css HTTP/1.1" 404 1104
120.253.135.82 - - [03/Jan/2024:11:03:52 +0800] "GET /xingrg/all/common/auto_word.html?type=base&rest_code=00101 HTTP/1.1" 200 671
172.20.0.100 - - [03/Jan/2024:11:03:53 +0800] "GET /xingrg/all/function/internal_message.html?_=1704251032339&CODE_STATE=getMsg HTTP/1.1" 200 27
120.253.135.82 - - [03/Jan/2024:11:03:53 +0800] "POST /xingrg/kc/pszx/mdps_order_operate.html HTTP/1.1" 200 7780
180.169.147.146 - - [03/Jan/2024:11:03:54 +0800] "POST /xingrg/login.do HTTP/1.1" 302 -
180.169.147.146 - - [03/Jan/2024:11:03:54 +0800] "POST /xingrg/login.do HTTP/1.1" 302 -
180.169.147.146 - - [03/Jan/2024:11:03:54 +0800] "GET /xingrg/index.html?sysBaseUrl=http%3A%2F%2F180.169.147.146%3A18081%2Fxingrg%2F&costTime=1845×tamp=1704251034557 HTTP/1.1" 200 17503
116.232.193.168 - - [03/Jan/2024:11:03:55 +0800] "GET /xingrg/all/function/internal_message.html?_=1704250996815&CODE_STATE=getMsg HTTP/1.1" 200 27
101.83.145.37 - - [03/Jan/2024:11:03:56 +0800] "POST /xingrg/kc/buy/cgsh_order_operate.html HTTP/1.1" 200 37
180.169.147.146 - - [03/Jan/2024:11:03:56 +0800] "GET /xingrg/all/function/internal_message.html?_=1704251034376&CODE_STATE=count HTTP/1.1" 200 11
180.169.147.146 - - [03/Jan/2024:11:03:56 +0800] "GET /xingrg/check_reg.html?_=1704251034377 HTTP/1.1" 200 22
222.69.132.144 - - [03/Jan/2024:11:03:56 +0800] "GET /xingrg/all/function/internal_message.html?_=1704251039385&CODE_STATE=getMsg HTTP/1.1" 200 27
180.169.147.146 - - [03/Jan/2024:11:03:56 +0800] "POST /xingrg/all/common/load_tree.html?tree=area_rest_tree_json&manage=1 HTTP/1.1" 200 3624
180.169.147.146 - - [03/Jan/2024:11:03:56 +0800] "GET /favicon.ico HTTP/1.1" 404 -
180.169.147.146 - - [03/Jan/2024:11:03:57 +0800] "POST /xingrg/load_menu.html HTTP/1.1" 200 11443
116.224.122.193 - - [03/Jan/2024:11:04:01 +0800] "GET /xingrg/all/function/internal_message.html?_=1704251053713&CODE_STATE=getMsg HTTP/1.1" 200 27
180.163.29.206 - - [03/Jan/2024:11:04:01 +0800] "GET /xingrg/kc/buy/cgsh_order_operate.html?command=get_materiel&rest_code=00106&code=00101005037&supplier_code=00100631&order_time=2024-01-03 HTTP/1.1" 302 -
180.163.29.206 - - [03/Jan/2024:11:04:01 +0800] "GET /xingrg/login.html HTTP/1.1" 200 7641
116.224.122.193 - - [03/Jan/2024:11:04:02 +0800] "GET /xingrg/all/function/internal_message.html?_=1704251041871&CODE_STATE=getMsg HTTP/1.1" 200 27
116.224.122.193 - - [03/Jan/2024:11:04:03 +0800] "POST /xingrg/kc/buy/cgsh_order_operate.html HTTP/1.1" 200 37
101.83.145.37 - - [03/Jan/2024:11:04:03 +0800] "POST /xingrg/kc/buy/cgsh_order_operate.html HTTP/1.1" 200 3249
58.39.110.191 - - [03/Jan/2024:11:04:04 +0800] "GET /xingrg/all/function/internal_message.html?_=1704251045498&CODE_STATE=getMsg HTTP/1.1" 200 27
114.95.241.104 - - [03/Jan/2024:11:04:05 +0800] "POST /xingrg/kc/buy/cgsh_order_operate.html HTTP/1.1" 200 12
180.169.147.146 - - [03/Jan/2024:11:04:08 +0800] "GET /xingrg/all/function/internal_message.html?_=1704251048438&CODE_STATE=getMsg HTTP/1.1" 200 27
101.228.146.191 - - [03/Jan/2024:11:04:09 +0800] "GET /xingrg/all/function/internal_message.html?_=1704251049868&CODE_STATE=getMsg HTTP/1.1" 200 27
114.83.218.109 - - [03/Jan/2024:11:04:11 +0800] "GET /xingrg/kc/buy/cgsh_order_add.html HTTP/1.1" 200 72982
114.83.218.109 - - [03/Jan/2024:11:04:12 +0800] "GET /xingrg/words/20240102141541_words.js HTTP/1.1" 304 -
222.69.132.144 - - [03/Jan/2024:11:04:12 +0800] "POST /xingrg/kc/buy/cgsh_list_operate.html HTTP/1.1" 200 2794
101.83.145.37 - - [03/Jan/2024:11:04:12 +0800] "GET /xingrg/kc/print/load_data.html?order_code=212024010300912&kc_code=cgsh&condition= HTTP/1.1" 200 901
114.83.218.109 - - [03/Jan/2024:11:04:12 +0800] "POST /xingrg/kc/buy/cgsh_order_operate.html HTTP/1.1" 200 8245
114.83.218.109 - - [03/Jan/2024:11:04:12 +0800] "GET /xingrg/javascript/easyui/themes/default/validatebox.css HTTP/1.1" 404 1104
101.80.228.56 - - [03/Jan/2024:11:04:13 +0800] "GET /xingrg/all/function/internal_message.html?_=1704251056660&CODE_STATE=getMsg HTTP/1.1" 200 27
114.83.218.109 - - [03/Jan/2024:11:04:14 +0800] "GET /xingrg/javascript/auto/indicator.gif HTTP/1.1" 404 1066
120.253.135.82 - - [03/Jan/2024:11:04:14 +0800] "POST /xingrg/kc/pszx/mdps_list_operate.html HTTP/1.1" 200 5444
114.83.218.109 - - [03/Jan/2024:11:04:16 +0800] "GET /xingrg/javascript/jquery_tools/images/prev.gif HTTP/1.1" 404 1086
114.83.218.109 - - [03/Jan/2024:11:04:16 +0800] "GET /xingrg/javascript/jquery_tools/images/next.gif HTTP/1.1" 404 1086
222.69.132.144 - - [03/Jan/2024:11:04:16 +0800] "POST /xingrg/kc/buy/cgsh_list_operate.html HTTP/1.1" 200 604
120.253.135.82 - - [03/Jan/2024:11:04:17 +0800] "POST /xingrg/kc/pszx/mdps_list_operate.html HTTP/1.1" 200 630
120.253.135.82 - - [03/Jan/2024:11:04:18 +0800] "GET /xingrg/kc/pszx/mdps_order_info.html?code=312024010300078 HTTP/1.1" 200 23978
120.253.135.82 - - [03/Jan/2024:11:04:18 +0800] "GET /xingrg/javascript/easyui/themes/default/validatebox.css HTTP/1.1" 404 1104
120.253.135.82 - - [03/Jan/2024:11:04:19 +0800] "GET /xingrg/all/common/auto_word.html?type=base&rest_code=00101 HTTP/1.1" 200 671
120.253.135.82 - - [03/Jan/2024:11:04:19 +0800] "POST /xingrg/kc/pszx/mdps_order_operate.html HTTP/1.1" 200 12430
222.69.132.144 - - [03/Jan/2024:11:04:19 +0800] "GET /xingrg/kc/buy/cgsh_order_info.html?code=212024010200765 HTTP/1.1" 200 66997
222.69.132.144 - - [03/Jan/2024:11:04:19 +0800] "GET /xingrg/words/20240102141541_words.js HTTP/1.1" 304 -
222.69.132.144 - - [03/Jan/2024:11:04:20 +0800] "GET /xingrg/javascript/easyui/themes/default/validatebox.css HTTP/1.1" 404 1104
114.95.241.104 - - [03/Jan/2024:11:04:20 +0800] "GET /xingrg/kc/buy/cgsh_order_info.html?code=212024010300910 HTTP/1.1" 200 67845
114.95.241.104 - - [03/Jan/2024:11:04:20 +0800] "GET /xingrg/javascript/easyui/themes/default/validatebox.css HTTP/1.1" 404 1104
222.69.132.144 - - [03/Jan/2024:11:04:21 +0800] "POST /xingrg/kc/buy/cgsh_order_operate.html HTTP/1.1" 200 12205
222.67.232.215 - - [03/Jan/2024:11:04:21 +0800] "GET /xingrg/all/function/internal_message.html?_=1704251061690&CODE_STATE=getMsg HTTP/1.1" 200 27
114.95.241.104 - - [03/Jan/2024:11:04:22 +0800] "POST /xingrg/kc/buy/cgsh_order_operate.html HTTP/1.1" 200 615
120.253.135.82 - - [03/Jan/2024:11:04:22 +0800] "GET /xingrg/all/function/internal_message.html?_=1704250880327&CODE_STATE=getMsg HTTP/1.1" 200 27
124.78.154.219 - - [03/Jan/2024:11:04:23 +0800] "GET /xingrg/all/function/internal_message.html?_=1704251060868&CODE_STATE=getMsg HTTP/1.1" 200 27
120.253.135.82 - - [03/Jan/2024:11:04:25 +0800] "POST /xingrg/kc/pszx/mdps_order_operate.html HTTP/1.1" 200 37
114.95.241.104 - - [03/Jan/2024:11:04:26 +0800] "GET /xingrg/kc/print/load_data.html?order_code=212024010300910&kc_code=cgsh&condition= HTTP/1.1" 200 711
58.39.110.191 - - [03/Jan/2024:11:04:26 +0800] "GET /xingrg/kc/base/wldb_order_operate.html?command=get_materiel&rest_code=00157&base_code=0010864&code=00101040001 HTTP/1.1" 200 470
114.83.218.109 - - [03/Jan/2024:11:04:27 +0800] "GET /xingrg/kc/buy/cgsh_order_operate.html?command=get_materiel&rest_code=00149&code=00101020281&supplier_code=00100322&order_time=2024-01-03 HTTP/1.1" 200 442
180.169.147.146 - - [03/Jan/2024:11:04:27 +0800] "GET /xingrg/all/function/internal_message.html?_=1704251068573&CODE_STATE=getMsg HTTP/1.1" 200 27
116.224.122.193 - - [03/Jan/2024:11:04:27 +0800] "POST /xingrg/kc/buy/cgsh_order_operate.html HTTP/1.1" 200 7435
120.253.135.82 - - [03/Jan/2024:11:04:28 +0800] "GET /xingrg/kc/pszx/mdps_order_info.html?code=312024010300078 HTTP/1.1" 200 23978
120.253.135.82 - - [03/Jan/2024:11:04:28 +0800] "GET /xingrg/javascript/easyui/themes/default/validatebox.css HTTP/1.1" 404 1104
120.253.135.82 - - [03/Jan/2024:11:04:28 +0800] "GET /xingrg/all/common/auto_word.html?type=base&rest_code=00101 HTTP/1.1" 200 671
120.253.135.82 - - [03/Jan/2024:11:04:29 +0800] "POST /xingrg/kc/pszx/mdps_order_operate.html HTTP/1.1" 200 12597
222.70.180.200 - - [03/Jan/2024:11:04:29 +0800] "GET /xingrg/all/function/internal_message.html?_=1704251069145&CODE_STATE=getMsg HTTP/1.1" 200 27
222.70.180.200 - - [03/Jan/2024:11:04:29 +0800] "GET /xingrg/check_reg.html?_=1704251069271 HTTP/1.1" 200 22
124.79.241.187 - - [03/Jan/2024:11:04:33 +0800] "GET /xingrg/all/function/internal_message.html?_=1704251405316&CODE_STATE=getMsg HTTP/1.1" 200 27
114.95.241.104 - - [03/Jan/2024:11:04:34 +0800] "GET /xingrg/all/function/internal_message.html?_=1704251073962&CODE_STATE=getMsg HTTP/1.1" 200 27
101.83.145.37 - - [03/Jan/2024:11:04:34 +0800] "GET /xingrg/kc/buy/cgsh_order_add.html HTTP/1.1" 200 72976
101.83.145.37 - - [03/Jan/2024:11:04:35 +0800] "POST /xingrg/kc/buy/cgsh_order_operate.html HTTP/1.1" 200 8245
101.83.145.37 - - [03/Jan/2024:11:04:35 +0800] "GET /xingrg/javascript/easyui/themes/default/validatebox.css HTTP/1.1" 404 1104
222.70.180.200 - - [03/Jan/2024:11:04:36 +0800] "GET /xingrg/all/function/internal_message.html?_=1704251076074&CODE_STATE=getMsg HTTP/1.1" 200 27
120.253.135.82 - - [03/Jan/2024:11:04:36 +0800] "GET /xingrg/all/function/internal_message.html?_=1704251235678&CODE_STATE=getMsg HTTP/1.1" 200 27
114.95.241.104 - - [03/Jan/2024:11:04:36 +0800] "GET /xingrg/kc/buy/cgsh_order_add.html HTTP/1.1" 200 72938
114.95.241.104 - - [03/Jan/2024:11:04:37 +0800] "GET /xingrg/javascript/easyui/themes/default/validatebox.css HTTP/1.1" 404 1104
114.95.241.104 - - [03/Jan/2024:11:04:37 +0800] "POST /xingrg/kc/buy/cgsh_order_operate.html HTTP/1.1" 200 8245
114.83.218.109 - - [03/Jan/2024:11:04:39 +0800] "POST /xingrg/kc/buy/cgsh_order_operate.html HTTP/1.1" 200 37
116.224.122.193 - - [03/Jan/2024:11:04:40 +0800] "POST /xingrg/kc/buy/cgsh_order_operate.html HTTP/1.1" 200 37
222.67.232.215 - - [03/Jan/2024:11:04:42 +0800] "POST /xingrg/kc/buy/cgsh_order_operate.html HTTP/1.1" 200 37
124.78.154.219 - - [03/Jan/2024:11:04:42 +0800] "GET /xingrg/all/function/internal_message.html?_=1704251082341&CODE_STATE=getMsg HTTP/1.1" 200 27
116.224.122.193 - - [03/Jan/2024:11:04:44 +0800] "POST /xingrg/kc/buy/cgsh_order_operate.html HTTP/1.1" 200 7435
180.164.1.25 - - [03/Jan/2024:11:04:45 +0800] "GET /xingrg/all/function/internal_message.html?_=1704251084002&CODE_STATE=getMsg HTTP/1.1" 200 27
124.78.154.219 - - [03/Jan/2024:11:04:46 +0800] "GET /xingrg/all/function/internal_message.html?_=1704251086109&CODE_STATE=getMsg HTTP/1.1" 200 27
124.78.154.219 - - [03/Jan/2024:11:04:46 +0800] "GET /xingrg/check_reg.html?_=1704251086110 HTTP/1.1" 200 22
116.224.122.193 - - [03/Jan/2024:11:04:46 +0800] "GET /xingrg/kc/mdqp/qqps_order_list.html HTTP/1.1" 200 9640
116.224.122.193 - - [03/Jan/2024:11:04:46 +0800] "GET /xingrg/dwr/interface/AjaxQqpsService.js HTTP/1.1" 200 16326
116.224.122.193 - - [03/Jan/2024:11:04:46 +0800] "GET /xingrg/dwr/interface/AjaxReportQueryService.js HTTP/1.1" 200 13203
116.224.122.193 - - [03/Jan/2024:11:04:46 +0800] "GET /xingrg/dwr/engine.js HTTP/1.1" 200 43631
101.83.145.37 - - [03/Jan/2024:11:04:48 +0800] "GET /xingrg/all/function/internal_message.html?_=1704250855408&CODE_STATE=getMsg HTTP/1.1" 200 27
114.83.218.109 - - [03/Jan/2024:11:04:49 +0800] "POST /xingrg/kc/buy/cgsh_order_operate.html HTTP/1.1" 200 12
116.224.122.193 - - [03/Jan/2024:11:04:49 +0800] "GET /xingrg/kc/mdqp/qqps_order_info.html?code=302024010300047 HTTP/1.1" 200 28467
116.224.122.193 - - [03/Jan/2024:11:04:49 +0800] "GET /xingrg/dwr/interface/AjaxQqpsService.js HTTP/1.1" 200 16326
116.224.122.193 - - [03/Jan/2024:11:04:49 +0800] "GET /xingrg/dwr/interface/AjaxComOrderService.js HTTP/1.1" 200 18264
116.224.122.193 - - [03/Jan/2024:11:04:49 +0800] "GET /xingrg/dwr/engine.js HTTP/1.1" 200 43631
116.224.122.193 - - [03/Jan/2024:11:04:50 +0800] "POST /xingrg/dwr/call/plaincall/AjaxQqpsService.loadMaterielItems.dwr HTTP/1.1" 200 351
114.83.218.109 - - [03/Jan/2024:11:04:50 +0800] "GET /xingrg/all/function/internal_message.html?_=1704251090348&CODE_STATE=getMsg HTTP/1.1" 200 27
101.83.145.37 - - [03/Jan/2024:11:04:50 +0800] "GET /xingrg/all/function/internal_message.html?_=1704251091597&CODE_STATE=getMsg HTTP/1.1" 200 27
116.230.116.41 - - [03/Jan/2024:11:04:51 +0800] "GET /xingrg/all/function/internal_message.html?_=1704251101481&CODE_STATE=getMsg HTTP/1.1" 200 27
114.83.218.109 - - [03/Jan/2024:11:04:52 +0800] "GET /xingrg/kc/buy/cgsh_order_info.html?code=212024010300914 HTTP/1.1" 200 67885
114.83.218.109 - - [03/Jan/2024:11:04:52 +0800] "GET /xingrg/javascript/easyui/themes/default/validatebox.css HTTP/1.1" 404 1104
172.20.0.100 - - [03/Jan/2024:11:04:53 +0800] "GET /xingrg/all/function/internal_message.html?_=1704251092343&CODE_STATE=getMsg HTTP/1.1" 200 27
114.95.241.104 - - [03/Jan/2024:11:04:53 +0800] "GET /xingrg/kc/buy/cgsh_order_operate.html?command=get_materiel&rest_code=00150&code=00101019383&supplier_code=00100338&order_time=2024-01-03 HTTP/1.1" 200 438
114.83.218.109 - - [03/Jan/2024:11:04:54 +0800] "POST /xingrg/kc/buy/cgsh_order_operate.html HTTP/1.1" 200 632
101.83.145.37 - - [03/Jan/2024:11:04:54 +0800] "GET /xingrg/kc/buy/cgsh_order_operate.html?command=get_materiel&rest_code=00105&code=00101001045&supplier_code=00100439&order_time=2024-01-03 HTTP/1.1" 200 421
116.224.122.193 - - [03/Jan/2024:11:04:55 +0800] "POST /xingrg/dwr/call/plaincall/AjaxQqpsService.deleteOrder.dwr HTTP/1.1" 200 78
116.232.193.168 - - [03/Jan/2024:11:04:55 +0800] "GET /xingrg/all/function/internal_message.html?_=1704251056792&CODE_STATE=getMsg HTTP/1.1" 200 27
114.83.218.109 - - [03/Jan/2024:11:04:56 +0800] "GET /xingrg/kc/print/load_data.html?order_code=212024010300914&kc_code=cgsh&condition= HTTP/1.1" 200 724
180.169.147.146 - - [03/Jan/2024:11:04:56 +0800] "GET /xingrg/all/function/internal_message.html?_=1704251094378&CODE_STATE=getMsg HTTP/1.1" 200 27
116.224.122.193 - - [03/Jan/2024:11:04:57 +0800] "GET /xingrg/kc/mdqp/qqps_order_list.html HTTP/1.1" 200 9222
116.224.122.193 - - [03/Jan/2024:11:04:57 +0800] "GET /xingrg/dwr/interface/AjaxQqpsService.js HTTP/1.1" 200 16326
116.224.122.193 - - [03/Jan/2024:11:04:57 +0800] "GET /xingrg/dwr/interface/AjaxReportQueryService.js HTTP/1.1" 200 13203
116.224.122.193 - - [03/Jan/2024:11:04:57 +0800] "GET /xingrg/dwr/engine.js HTTP/1.1" 200 43631
114.83.218.109 - - [03/Jan/2024:11:05:00 +0800] "GET /xingrg/kc/buy/cgsh_order_add.html HTTP/1.1" 200 72982
116.224.122.193 - - [03/Jan/2024:11:05:01 +0800] "GET /xingrg/all/function/internal_message.html?_=1704251113687&CODE_STATE=getMsg HTTP/1.1" 200 27
114.83.218.109 - - [03/Jan/2024:11:05:01 +0800] "POST /xingrg/kc/buy/cgsh_order_operate.html HTTP/1.1" 200 8245
114.83.218.109 - - [03/Jan/2024:11:05:01 +0800] "GET /xingrg/javascript/easyui/themes/default/validatebox.css HTTP/1.1" 404 1104
116.224.122.193 - - [03/Jan/2024:11:05:02 +0800] "GET /xingrg/all/function/internal_message.html?_=1704251101853&CODE_STATE=getMsg HTTP/1.1" 200 27
116.224.122.193 - - [03/Jan/2024:11:05:03 +0800] "GET /xingrg/kc/mdqp/qqps_order_list.html?isQuery=1&timeSelect=1&orderTime=day&startTime=2023-12-31&endTime=2023-12-31&state=all&query=%C8%B7++%B6%A8 HTTP/1.1" 200 10579
116.224.122.193 - - [03/Jan/2024:11:05:03 +0800] "GET /xingrg/dwr/interface/AjaxReportQueryService.js HTTP/1.1" 200 13203
116.224.122.193 - - [03/Jan/2024:11:05:03 +0800] "GET /xingrg/dwr/interface/AjaxQqpsService.js HTTP/1.1" 200 16326
116.224.122.193 - - [03/Jan/2024:11:05:03 +0800] "GET /xingrg/dwr/engine.js HTTP/1.1" 200 43631
58.39.110.191 - - [03/Jan/2024:11:05:04 +0800] "GET /xingrg/check_reg.html?_=1704251105503 HTTP/1.1" 200 22
58.39.110.191 - - [03/Jan/2024:11:05:04 +0800] "GET /xingrg/all/function/internal_message.html?_=1704251105506&CODE_STATE=getMsg HTTP/1.1" 200 27
116.224.122.193 - - [03/Jan/2024:11:05:05 +0800] "GET /xingrg/kc/mdqp/qqps_order_info.html?code=302023123100589 HTTP/1.1" 200 8212
116.224.122.193 - - [03/Jan/2024:11:05:05 +0800] "GET /xingrg/kc/mdqp/qqps_order_info.html?code=302023123100589 HTTP/1.1" 200 26710
116.224.122.193 - - [03/Jan/2024:11:05:06 +0800] "GET /xingrg/kc/mdqp/qqps_order_info.html?code=302023123100589 HTTP/1.1" 200 26710
116.224.122.193 - - [03/Jan/2024:11:05:06 +0800] "GET /xingrg/dwr/interface/AjaxComOrderService.js HTTP/1.1" 200 18264
116.224.122.193 - - [03/Jan/2024:11:05:06 +0800] "GET /xingrg/dwr/engine.js HTTP/1.1" 200 43631
116.224.122.193 - - [03/Jan/2024:11:05:06 +0800] "GET /xingrg/dwr/interface/AjaxQqpsService.js HTTP/1.1" 200 16326
180.169.147.146 - - [03/Jan/2024:11:05:06 +0800] "POST /xingrg/all/user/operate.html HTTP/1.1" 200 36
180.169.147.146 - - [03/Jan/2024:11:05:06 +0800] "GET /xingrg/index.html?sysBaseUrl=http%3A%2F%2F180.169.147.146%3A18081%2Fxingrg%2F&costTime=1845×tamp=1704251034557 HTTP/1.1" 200 17509
180.169.147.146 - - [03/Jan/2024:11:05:06 +0800] "GET /xingrg/javascript/jquery_easy_ui/themes/default/easyui.css HTTP/1.1" 304 -
180.169.147.146 - - [03/Jan/2024:11:05:06 +0800] "GET /xingrg/javascript/jquery_easy_ui/themes/icon.css HTTP/1.1" 304 -
180.169.147.146 - - [03/Jan/2024:11:05:06 +0800] "GET /xingrg/css/form.css HTTP/1.1" 304 -
180.169.147.146 - - [03/Jan/2024:11:05:06 +0800] "GET /xingrg/javascript/jquery-1.4.2.min.js HTTP/1.1" 304 -
180.169.147.146 - - [03/Jan/2024:11:05:06 +0800] "GET /xingrg/javascript/jquery_easy_ui/jquery.easyui.min.js HTTP/1.1" 304 -
180.169.147.146 - - [03/Jan/2024:11:05:06 +0800] "GET /xingrg/javascript/jquery.utils.js HTTP/1.1" 304 -
180.169.147.146 - - [03/Jan/2024:11:05:06 +0800] "GET /xingrg/javascript/jquery_easy_ui/easyui-lang-zh_CN.js HTTP/1.1" 304 -
180.169.147.146 - - [03/Jan/2024:11:05:06 +0800] "GET /xingrg/javascript/jquery.form.js HTTP/1.1" 304 -
180.169.147.146 - - [03/Jan/2024:11:05:06 +0800] "GET /xingrg/javascript/jquery.timers.js HTTP/1.1" 304 -
180.169.147.146 - - [03/Jan/2024:11:05:06 +0800] "GET /xingrg/images/blue/jxLogo.png HTTP/1.1" 304 -
180.169.147.146 - - [03/Jan/2024:11:05:06 +0800] "GET /xingrg/images/blue/navBackgound.jpg HTTP/1.1" 304 -
180.169.147.146 - - [03/Jan/2024:11:05:06 +0800] "GET /xingrg/javascript/jquery_easy_ui/themes/icons/settle_new.png HTTP/1.1" 304 -
180.169.147.146 - - [03/Jan/2024:11:05:06 +0800] "GET /xingrg/all/function/internal_message.html?_=1704251104388&CODE_STATE=count HTTP/1.1" 200 11
180.169.147.146 - - [03/Jan/2024:11:05:06 +0800] "GET /xingrg/check_reg.html?_=1704251104389 HTTP/1.1" 200 22
