180.169.147.146 - - [03/Jan/2024:11:20:45 +0800] "GET /xingrg/javascript/easyui/themes/icons/accept_new.png HTTP/1.1" 200 722
124.78.154.219 - - [03/Jan/2024:11:20:45 +0800] "GET /xingrg/javascript/auto/indicator.gif HTTP/1.1" 404 1066
124.78.154.219 - - [03/Jan/2024:11:20:46 +0800] "GET /xingrg/all/function/internal_message.html?_=1704252046108&CODE_STATE=getMsg HTTP/1.1" 200 27
222.67.232.215 - - [03/Jan/2024:11:20:46 +0800] "GET /xingrg/kc/buy/cgsh_order_operate.html?command=get_materiel&rest_code=00141&code=00101013196&supplier_code=00100337&order_time=2024-01-03 HTTP/1.1" 200 410
222.70.180.200 - - [03/Jan/2024:11:20:47 +0800] "POST /xingrg/all/report/report_print.html HTTP/1.1" 302 -
222.70.180.200 - - [03/Jan/2024:11:20:47 +0800] "GET /xingrg/servlets/html?sysBaseUrl=http%3A%2F%2F180.169.147.146%3A18081%2Fxingrg%2F&costTime=928×tamp=1704252047544 HTTP/1.1" 200 24138
222.70.180.200 - - [03/Jan/2024:11:20:47 +0800] "GET /xingrg/servlets/image?image=px HTTP/1.1" 200 807
222.70.180.200 - - [03/Jan/2024:11:20:47 +0800] "GET /favicon.ico HTTP/1.1" 404 -
101.83.145.37 - - [03/Jan/2024:11:20:48 +0800] "GET /xingrg/all/function/internal_message.html?_=1704251815165&CODE_STATE=getMsg HTTP/1.1" 200 27
101.83.145.37 - - [03/Jan/2024:11:20:50 +0800] "GET /xingrg/all/function/internal_message.html?_=1704252051218&CODE_STATE=getMsg HTTP/1.1" 200 27
114.83.218.109 - - [03/Jan/2024:11:20:50 +0800] "GET /xingrg/all/function/internal_message.html?_=1704252050045&CODE_STATE=getMsg HTTP/1.1" 200 27
116.230.116.41 - - [03/Jan/2024:11:20:50 +0800] "GET /xingrg/check_reg.html?_=1704252060846 HTTP/1.1" 200 22
116.230.116.41 - - [03/Jan/2024:11:20:51 +0800] "GET /xingrg/all/function/internal_message.html?_=1704252061887&CODE_STATE=getMsg HTTP/1.1" 200 27
101.83.145.37 - - [03/Jan/2024:11:20:52 +0800] "GET /xingrg/kc/buy/cgsh_order_list.html HTTP/1.1" 200 57112
114.83.218.109 - - [03/Jan/2024:11:20:52 +0800] "GET /xingrg/check_reg.html?_=1704252052313 HTTP/1.1" 200 22
172.20.0.100 - - [03/Jan/2024:11:20:53 +0800] "GET /xingrg/all/function/internal_message.html?_=1704252052338&CODE_STATE=getMsg HTTP/1.1" 200 27
180.169.147.146 - - [03/Jan/2024:11:20:53 +0800] "POST /xingrg/kc/base/wlsy_order_operate.html HTTP/1.1" 200 37
180.169.147.146 - - [03/Jan/2024:11:20:54 +0800] "POST /xingrg/kc/base/wlsy_order_operate.html HTTP/1.1" 200 2184
116.232.193.168 - - [03/Jan/2024:11:20:54 +0800] "GET /xingrg/kc/buy/cgsh_order_operate.html?command=get_materiel&rest_code=00155&code=00101004020&supplier_code=00100312&order_time=2024-01-03 HTTP/1.1" 200 409
124.78.154.219 - - [03/Jan/2024:11:20:54 +0800] "GET /xingrg/kc/buy/cgsh_order_operate.html?command=get_materiel&rest_code=00106&code=00101001037&supplier_code=00100090&order_time=2024-01-03 HTTP/1.1" 200 417
116.232.193.168 - - [03/Jan/2024:11:20:55 +0800] "GET /xingrg/all/function/internal_message.html?_=1704252016595&CODE_STATE=getMsg HTTP/1.1" 200 27
58.39.110.191 - - [03/Jan/2024:11:20:55 +0800] "GET /xingrg/kc/base/wldb_order_operate.html?command=get_materiel&rest_code=00157&base_code=0010865&code=00102002391 HTTP/1.1" 200 435
180.169.147.146 - - [03/Jan/2024:11:20:56 +0800] "POST /xingrg/kc/base/wlsy_list_operate.html?syType=1 HTTP/1.1" 200 1670
222.67.232.215 - - [03/Jan/2024:11:21:00 +0800] "POST /xingrg/kc/buy/cgsh_order_operate.html HTTP/1.1" 200 37
116.224.122.193 - - [03/Jan/2024:11:21:00 +0800] "GET /xingrg/all/function/internal_message.html?_=1704252073383&CODE_STATE=getMsg HTTP/1.1" 200 27
116.224.122.193 - - [03/Jan/2024:11:21:02 +0800] "GET /xingrg/all/function/internal_message.html?_=1704252061550&CODE_STATE=getMsg HTTP/1.1" 200 27
180.169.147.146 - - [03/Jan/2024:11:21:02 +0800] "POST /xingrg/dwr/call/plaincall/AjaxYddbService.checkOrder.dwr HTTP/1.1" 200 323
58.39.110.191 - - [03/Jan/2024:11:21:04 +0800] "GET /xingrg/kc/base/wldb_order_operate.html?command=get_materiel&rest_code=00157&base_code=0010865&code=00102002543 HTTP/1.1" 200 441
180.169.147.146 - - [03/Jan/2024:11:21:06 +0800] "GET /xingrg/all/function/internal_message.html?_=1704252064402&CODE_STATE=getMsg HTTP/1.1" 200 27
116.232.193.168 - - [03/Jan/2024:11:21:08 +0800] "GET /xingrg/kc/buy/cgsh_order_operate.html?command=get_materiel&rest_code=00155&code=00101004093&supplier_code=00100312&order_time=2024-01-03 HTTP/1.1" 200 415
222.67.232.215 - - [03/Jan/2024:11:21:09 +0800] "POST /xingrg/kc/buy/cgsh_order_operate.html HTTP/1.1" 200 12
101.228.146.191 - - [03/Jan/2024:11:21:09 +0800] "GET /xingrg/all/function/internal_message.html?_=1704252069870&CODE_STATE=getMsg HTTP/1.1" 200 27
101.228.146.191 - - [03/Jan/2024:11:21:09 +0800] "GET /xingrg/check_reg.html?_=1704252069871 HTTP/1.1" 200 22
114.95.241.104 - - [03/Jan/2024:11:21:10 +0800] "GET /xingrg/all/function/internal_message.html?_=1704252070863&CODE_STATE=getMsg HTTP/1.1" 200 27
114.95.241.104 - - [03/Jan/2024:11:21:11 +0800] "GET /xingrg/check_reg.html?_=1704252071171 HTTP/1.1" 200 22
180.169.147.146 - - [03/Jan/2024:11:21:11 +0800] "POST /xingrg/kc/base/wlsy_list_operate.html?syType=1 HTTP/1.1" 200 225
58.39.110.191 - - [03/Jan/2024:11:21:11 +0800] "GET /xingrg/kc/base/wldb_order_operate.html?command=get_materiel&rest_code=00157&base_code=0010865&code=00102002610 HTTP/1.1" 200 443
101.80.228.56 - - [03/Jan/2024:11:21:13 +0800] "GET /xingrg/all/function/internal_message.html?_=1704252076694&CODE_STATE=getMsg HTTP/1.1" 200 27
180.169.147.146 - - [03/Jan/2024:11:21:16 +0800] "POST /xingrg/kc/base/wlsy_list_operate.html?syType=1 HTTP/1.1" 200 4
58.39.110.191 - - [03/Jan/2024:11:21:17 +0800] "GET /xingrg/all/function/internal_message.html?_=1704252078101&CODE_STATE=getMsg HTTP/1.1" 200 27
180.169.147.146 - - [03/Jan/2024:11:21:17 +0800] "POST /xingrg/kc/base/wlsy_list_operate.html?syType=1 HTTP/1.1" 200 862
58.39.110.191 - - [03/Jan/2024:11:21:17 +0800] "GET /xingrg/kc/base/wldb_order_operate.html?command=get_materiel&rest_code=00157&base_code=0010865&code=00102002611 HTTP/1.1" 200 432
221.239.172.206 - - [03/Jan/2024:11:21:17 +0800] "GET /xingrg/all/function/internal_message.html?_=1704252072433&CODE_STATE=getMsg HTTP/1.1" 200 27
222.67.232.215 - - [03/Jan/2024:11:21:18 +0800] "GET /xingrg/kc/buy/cgsh_order_info.html?code=212024010300940 HTTP/1.1" 200 67805
222.67.232.215 - - [03/Jan/2024:11:21:18 +0800] "GET /xingrg/javascript/easyui/themes/default/validatebox.css HTTP/1.1" 404 1104
222.67.232.215 - - [03/Jan/2024:11:21:19 +0800] "POST /xingrg/kc/buy/cgsh_order_operate.html HTTP/1.1" 200 2444
180.169.147.146 - - [03/Jan/2024:11:21:20 +0800] "GET /xingrg/kc/base/yddb_order_list.html HTTP/1.1" 200 16659
180.169.147.146 - - [03/Jan/2024:11:21:21 +0800] "POST /xingrg/kc/base/yddb_list_operate.html HTTP/1.1" 200 1335
222.67.232.215 - - [03/Jan/2024:11:21:21 +0800] "GET /xingrg/all/function/internal_message.html?_=1704252081431&CODE_STATE=getMsg HTTP/1.1" 200 27
222.70.180.200 - - [03/Jan/2024:11:21:22 +0800] "POST /xingrg/dwr/call/plaincall/AjaxReportQueryService.refreshCache.dwr HTTP/1.1" 200 78
180.163.29.103 - - [03/Jan/2024:11:21:22 +0800] "GET /xingrg/all/function/internal_message.html?_=1704252020516&CODE_STATE=getMsg HTTP/1.1" 302 -
180.163.29.103 - - [03/Jan/2024:11:21:22 +0800] "GET /xingrg/login.html HTTP/1.1" 200 7641
124.78.154.219 - - [03/Jan/2024:11:21:22 +0800] "GET /xingrg/all/function/internal_message.html?_=1704252080505&CODE_STATE=getMsg HTTP/1.1" 200 27
120.253.135.82 - - [03/Jan/2024:11:21:23 +0800] "GET /xingrg/all/function/internal_message.html?_=1704251900690&CODE_STATE=getMsg HTTP/1.1" 200 27
222.67.232.215 - - [03/Jan/2024:11:21:23 +0800] "GET /xingrg/kc/print/load_data.html?order_code=212024010300940&kc_code=cgsh&condition= HTTP/1.1" 200 1445
222.70.180.200 - - [03/Jan/2024:11:21:23 +0800] "POST /xingrg/all/report/load_report_page.html HTTP/1.1" 200 8936
222.70.180.200 - - [03/Jan/2024:11:21:24 +0800] "GET /xingrg/servlets/image?cache=0.4360498077318038&image=px HTTP/1.1" 200 807
116.232.193.168 - - [03/Jan/2024:11:21:24 +0800] "GET /xingrg/kc/buy/cgsh_order_operate.html?command=get_materiel&rest_code=00155&code=00101005015&supplier_code=00100312&order_time=2024-01-03 HTTP/1.1" 200 409
120.253.135.82 - - [03/Jan/2024:11:21:24 +0800] "POST /xingrg/kc/pszx/mdps_list_operate.html HTTP/1.1" 200 5447
124.78.154.219 - - [03/Jan/2024:11:21:25 +0800] "GET /xingrg/kc/buy/cgsh_order_operate.html?command=get_materiel&rest_code=00106&code=00101001169&supplier_code=00100090&order_time=2024-01-03 HTTP/1.1" 200 415
180.169.147.146 - - [03/Jan/2024:11:21:25 +0800] "GET /xingrg/kc/base/yddb_order_list.html HTTP/1.1" 200 16659
180.169.147.146 - - [03/Jan/2024:11:21:26 +0800] "GET /xingrg/all/function/internal_message.html?_=1704252085934&CODE_STATE=getMsg HTTP/1.1" 200 27
180.169.147.146 - - [03/Jan/2024:11:21:26 +0800] "POST /xingrg/kc/base/yddb_list_operate.html HTTP/1.1" 200 1335
222.70.180.200 - - [03/Jan/2024:11:21:27 +0800] "GET /xingrg/all/report/report_query.html?isQuery=1&fileName=kc/buy/wlcg_cate_hz.xml&queryString=(CONVERT(char(10)%252Ca.order_time%252C%2520120)%253E%253D'2023-12-01')%2520and%2520(CONVERT(char(10)%252Ca.order_time%252C%2520120)%253C%253D'2023-12-31')%2520and%2520(a.supplier_code%2520in%2520('00100085'))%2520and%2520(a.supplier_code%253D'00100085')&queryText=%25E3%2580%2590%25E9%2587%2587%25E8%25B4%25AD%25E6%2597%25A5%25E6%259C%259F%253A2023-12-01%2520%25E8%2587%25B3%25202023-12-31%25E3%2580%2591%2520%25E5%25B9%25B6%25E4%25B8%2594%2520%2520%25E3%2580%2590%25E4%25BE%259B%25E5%25BA%2594%25E5%2595%2586%2520%253D%2520%25E5%25B0%258F%25E6%259D%258E%25E8%259A%258C%25EF%25BC%2588%25E6%259D%258E%25E6%2598%258E%25E6%2597%25BA%25EF%25BC%2589%25E3%2580%2591%2520%25E5%25B9%25B6%25E4%25B8%2594%2520%25E3%2580%2590%25E4%25BE%259B%25E5%25BA%2594%25E5%2595%2586%253D%25E5%25B0%258F%25E6%259D%258E%25E8%259A%258C%25EF%25BC%2588%25E6%259D%258E%25E6%2598%258E%25E6%2597%25BA%25EF%25BC%2589%25E3%2580%2591 HTTP/1.1" 200 54473
222.70.180.200 - - [03/Jan/2024:11:21:27 +0800] "GET /xingrg/dwr/interface/AjaxReportQueryService.js HTTP/1.1" 200 13203
222.70.180.200 - - [03/Jan/2024:11:21:27 +0800] "GET /xingrg/dwr/engine.js HTTP/1.1" 200 43631
58.39.110.191 - - [03/Jan/2024:11:21:27 +0800] "GET /xingrg/kc/base/wldb_order_operate.html?command=get_materiel&rest_code=00157&base_code=0010865&code=00102002669 HTTP/1.1" 200 436
180.169.147.146 - - [03/Jan/2024:11:21:27 +0800] "GET /xingrg/check_reg.html?_=1704252088585 HTTP/1.1" 200 22
180.169.147.146 - - [03/Jan/2024:11:21:27 +0800] "GET /xingrg/all/function/internal_message.html?_=1704252088590&CODE_STATE=getMsg HTTP/1.1" 200 27
222.67.232.215 - - [03/Jan/2024:11:21:28 +0800] "POST /xingrg/kc/buy/cgsh_order_operate.html HTTP/1.1" 200 8245
222.67.232.215 - - [03/Jan/2024:11:21:28 +0800] "GET /xingrg/javascript/easyui/themes/default/validatebox.css HTTP/1.1" 404 1104
180.169.147.146 - - [03/Jan/2024:11:21:29 +0800] "GET /xingrg/kc/base/yddb_order_add.html HTTP/1.1" 200 30041
180.169.147.146 - - [03/Jan/2024:11:21:29 +0800] "GET /xingrg/dwr/interface/AjaxComOrderService.js HTTP/1.1" 200 18264
180.169.147.146 - - [03/Jan/2024:11:21:29 +0800] "GET /xingrg/dwr/interface/AjaxYddbService.js HTTP/1.1" 200 13201
180.169.147.146 - - [03/Jan/2024:11:21:29 +0800] "GET /xingrg/dwr/engine.js HTTP/1.1" 200 43631
222.70.180.200 - - [03/Jan/2024:11:21:29 +0800] "GET /xingrg/all/function/internal_message.html?_=1704252089309&CODE_STATE=getMsg HTTP/1.1" 200 27
222.70.180.200 - - [03/Jan/2024:11:21:30 +0800] "POST /xingrg/all/report/load_report_page.html HTTP/1.1" 200 8714
222.70.180.200 - - [03/Jan/2024:11:21:30 +0800] "GET /xingrg/servlets/image?cache=0.2045102293979998&image=px HTTP/1.1" 200 807
222.70.180.200 - - [03/Jan/2024:11:21:31 +0800] "POST /xingrg/all/report/load_report_page.html HTTP/1.1" 200 13058
222.70.180.200 - - [03/Jan/2024:11:21:31 +0800] "GET /xingrg/servlets/image?cache=0.21943320945558298&image=px HTTP/1.1" 200 807
180.169.147.146 - - [03/Jan/2024:11:21:31 +0800] "POST /xingrg/dwr/call/plaincall/AjaxYddbService.getRestBases.dwr HTTP/1.1" 200 1094
124.79.241.187 - - [03/Jan/2024:11:21:33 +0800] "GET /xingrg/all/function/internal_message.html?_=1704252425330&CODE_STATE=getMsg HTTP/1.1" 200 27
114.95.241.104 - - [03/Jan/2024:11:21:34 +0800] "GET /xingrg/all/function/internal_message.html?_=1704252093955&CODE_STATE=getMsg HTTP/1.1" 200 27
222.70.180.200 - - [03/Jan/2024:11:21:34 +0800] "POST /xingrg/all/report/report_print.html HTTP/1.1" 302 -
222.70.180.200 - - [03/Jan/2024:11:21:34 +0800] "GET /xingrg/servlets/html?sysBaseUrl=http%3A%2F%2F180.169.147.146%3A18081%2Fxingrg%2F&costTime=921×tamp=1704252094987 HTTP/1.1" 200 14741
222.70.180.200 - - [03/Jan/2024:11:21:35 +0800] "GET /xingrg/servlets/image?image=px HTTP/1.1" 200 807
222.70.180.200 - - [03/Jan/2024:11:21:35 +0800] "GET /favicon.ico HTTP/1.1" 404 -
222.70.180.200 - - [03/Jan/2024:11:21:36 +0800] "GET /xingrg/all/function/internal_message.html?_=1704252096073&CODE_STATE=getMsg HTTP/1.1" 200 27
124.78.154.219 - - [03/Jan/2024:11:21:37 +0800] "GET /xingrg/all/function/internal_message.html?_=1704252097294&CODE_STATE=getMsg HTTP/1.1" 200 27
101.83.145.37 - - [03/Jan/2024:11:21:39 +0800] "POST /xingrg/kc/buy/cgsh_list_operate.html HTTP/1.1" 200 5841
222.67.232.215 - - [03/Jan/2024:11:21:40 +0800] "GET /xingrg/kc/buy/cgsh_order_operate.html?command=get_materiel&rest_code=00141&code=00101002007&supplier_code=00100442&order_time=2024-01-03 HTTP/1.1" 200 409
124.78.154.219 - - [03/Jan/2024:11:21:42 +0800] "GET /xingrg/check_reg.html?_=1704252102399 HTTP/1.1" 200 22
124.78.154.219 - - [03/Jan/2024:11:21:42 +0800] "GET /xingrg/all/function/internal_message.html?_=1704252102402&CODE_STATE=getMsg HTTP/1.1" 200 27
180.169.147.146 - - [03/Jan/2024:11:21:42 +0800] "POST /xingrg/dwr/call/plaincall/AjaxYddbService.saveOrder.dwr HTTP/1.1" 200 78
101.83.145.37 - - [03/Jan/2024:11:21:42 +0800] "GET /xingrg/kc/buy/cgsh_order_add.html HTTP/1.1" 200 72976
180.169.147.146 - - [03/Jan/2024:11:21:42 +0800] "GET /xingrg/images/yd/bt.gif HTTP/1.1" 404 1040
101.83.145.37 - - [03/Jan/2024:11:21:42 +0800] "POST /xingrg/kc/buy/cgsh_order_operate.html HTTP/1.1" 200 8245
101.83.145.37 - - [03/Jan/2024:11:21:43 +0800] "GET /xingrg/javascript/easyui/themes/default/validatebox.css HTTP/1.1" 404 1104
180.169.147.146 - - [03/Jan/2024:11:21:44 +0800] "POST /xingrg/dwr/call/plaincall/AjaxComOrderService.getMaterielSearchList.dwr HTTP/1.1" 200 312
180.164.1.25 - - [03/Jan/2024:11:21:45 +0800] "GET /xingrg/all/function/internal_message.html?_=1704252103710&CODE_STATE=getMsg HTTP/1.1" 200 27
101.83.145.37 - - [03/Jan/2024:11:21:45 +0800] "GET /xingrg/javascript/auto/indicator.gif HTTP/1.1" 404 1066
180.169.147.146 - - [03/Jan/2024:11:21:45 +0800] "POST /xingrg/dwr/call/plaincall/AjaxComOrderService.getMaterielSearchList.dwr HTTP/1.1" 200 312
180.169.147.146 - - [03/Jan/2024:11:21:45 +0800] "POST /xingrg/dwr/call/plaincall/AjaxYddbService.getMaterielByMap.dwr HTTP/1.1" 200 2870
124.78.154.219 - - [03/Jan/2024:11:21:46 +0800] "GET /xingrg/all/function/internal_message.html?_=1704252106084&CODE_STATE=getMsg HTTP/1.1" 200 27
180.164.1.25 - - [03/Jan/2024:11:21:46 +0800] "GET /xingrg/check_reg.html?_=1704252105092 HTTP/1.1" 200 22
116.232.193.168 - - [03/Jan/2024:11:21:48 +0800] "POST /xingrg/kc/buy/cgsh_order_operate.html HTTP/1.1" 200 37
101.83.145.37 - - [03/Jan/2024:11:21:48 +0800] "GET /xingrg/all/function/internal_message.html?_=1704251875138&CODE_STATE=getMsg HTTP/1.1" 200 27
101.83.145.37 - - [03/Jan/2024:11:21:48 +0800] "GET /xingrg/check_reg.html?_=1704251875655 HTTP/1.1" 200 22
124.78.154.219 - - [03/Jan/2024:11:21:50 +0800] "GET /xingrg/kc/buy/cgsh_order_operate.html?command=get_materiel&rest_code=00106&code=00101001093&supplier_code=00100090&order_time=2024-01-03 HTTP/1.1" 200 411
101.83.145.37 - - [03/Jan/2024:11:21:50 +0800] "GET /xingrg/all/function/internal_message.html?_=1704252111202&CODE_STATE=getMsg HTTP/1.1" 200 27
114.83.218.109 - - [03/Jan/2024:11:21:50 +0800] "GET /xingrg/all/function/internal_message.html?_=1704252110021&CODE_STATE=getMsg HTTP/1.1" 200 27
116.230.116.41 - - [03/Jan/2024:11:21:51 +0800] "GET /xingrg/all/function/internal_message.html?_=1704252121900&CODE_STATE=getMsg HTTP/1.1" 200 27
116.232.193.168 - - [03/Jan/2024:11:21:52 +0800] "POST /xingrg/kc/buy/cgsh_order_operate.html HTTP/1.1" 200 5632
120.253.135.82 - - [03/Jan/2024:11:21:52 +0800] "GET /xingrg/kc/pszx/mdqp_order_list.html?state=10 HTTP/1.1" 200 10319
120.253.135.82 - - [03/Jan/2024:11:21:52 +0800] "GET /xingrg/dwr/engine.js HTTP/1.1" 200 43631
120.253.135.82 - - [03/Jan/2024:11:21:52 +0800] "GET /xingrg/dwr/interface/AjaxReportQueryService.js HTTP/1.1" 200 13203
120.253.135.82 - - [03/Jan/2024:11:21:52 +0800] "GET /xingrg/dwr/interface/AjaxQqpsService.js HTTP/1.1" 200 16326
222.67.232.215 - - [03/Jan/2024:11:21:52 +0800] "POST /xingrg/kc/buy/cgsh_order_operate.html HTTP/1.1" 200 88
101.83.145.37 - - [03/Jan/2024:11:21:52 +0800] "GET /xingrg/kc/buy/cgsh_order_operate.html?command=get_materiel&rest_code=00105&code=00101006012&supplier_code=&order_time=2024-01-03 HTTP/1.1" 200 419
120.253.135.82 - - [03/Jan/2024:11:21:53 +0800] "GET /xingrg/kc/pszx/mdqp_order_list.html?state=10 HTTP/1.1" 200 10319
120.253.135.82 - - [03/Jan/2024:11:21:53 +0800] "GET /xingrg/dwr/interface/AjaxQqpsService.js HTTP/1.1" 200 16326
120.253.135.82 - - [03/Jan/2024:11:21:53 +0800] "GET /xingrg/dwr/interface/AjaxReportQueryService.js HTTP/1.1" 200 13203
120.253.135.82 - - [03/Jan/2024:11:21:53 +0800] "GET /xingrg/dwr/engine.js HTTP/1.1" 200 43631
172.20.0.100 - - [03/Jan/2024:11:21:53 +0800] "GET /xingrg/check_reg.html?_=1704252112340 HTTP/1.1" 200 22
172.20.0.100 - - [03/Jan/2024:11:21:53 +0800] "GET /xingrg/all/function/internal_message.html?_=1704252112342&CODE_STATE=getMsg HTTP/1.1" 200 27
180.169.147.146 - - [03/Jan/2024:11:21:53 +0800] "POST /xingrg/dwr/call/plaincall/AjaxYddbService.saveMaterielItem.dwr HTTP/1.1" 200 78
116.232.193.168 - - [03/Jan/2024:11:21:54 +0800] "GET /xingrg/kc/print/load_data.html?order_code=212024010300941&kc_code=cgsh&condition= HTTP/1.1" 200 1825
116.232.193.168 - - [03/Jan/2024:11:21:55 +0800] "GET /xingrg/all/function/internal_message.html?_=1704252076594&CODE_STATE=getMsg HTTP/1.1" 200 27
120.253.135.82 - - [03/Jan/2024:11:21:55 +0800] "GET /xingrg/kc/pszx/jzcl_ps.html HTTP/1.1" 200 7683
120.253.135.82 - - [03/Jan/2024:11:21:55 +0800] "POST /xingrg/all/common/load_tree.html?tree=area_rest_tree_json HTTP/1.1" 200 3624
58.39.110.191 - - [03/Jan/2024:11:21:56 +0800] "GET /xingrg/kc/base/wldb_order_operate.html?command=get_materiel&rest_code=00157&base_code=0010865&code=00102002118 HTTP/1.1" 200 466
120.253.135.82 - - [03/Jan/2024:11:21:56 +0800] "POST /xingrg/kc/pszx/jzcl_ps_operate.html HTTP/1.1" 200 21
120.253.135.82 - - [03/Jan/2024:11:21:56 +0800] "POST /xingrg/kc/pszx/jzcl_ps_operate.html HTTP/1.1" 200 21
116.224.122.193 - - [03/Jan/2024:11:21:56 +0800] "GET /xingrg/check_reg.html?_=1704252129551 HTTP/1.1" 200 22
58.40.7.146 - - [03/Jan/2024:11:21:57 +0800] "GET /xingrg/login.html HTTP/1.1" 200 7641
120.253.135.82 - - [03/Jan/2024:11:21:58 +0800] "GET /xingrg/kc/pszx/mdps_order_list.html?orderType=0 HTTP/1.1" 200 21036
222.70.180.200 - - [03/Jan/2024:11:21:58 +0800] "POST /xingrg/dwr/call/plaincall/AjaxReportQueryService.refreshCache.dwr HTTP/1.1" 200 79
120.253.135.82 - - [03/Jan/2024:11:21:59 +0800] "POST /xingrg/kc/pszx/mdps_list_operate.html HTTP/1.1" 200 5444
180.169.147.146 - - [03/Jan/2024:11:21:59 +0800] "POST /xingrg/dwr/call/plaincall/AjaxYddbService.checkOrder.dwr HTTP/1.1" 200 78
116.224.122.193 - - [03/Jan/2024:11:22:00 +0800] "GET /xingrg/all/function/internal_message.html?_=1704252133359&CODE_STATE=getMsg HTTP/1.1" 200 27
180.169.147.146 - - [03/Jan/2024:11:22:01 +0800] "GET /xingrg/kc/base/yddb_order_info.html?code=482024010300016 HTTP/1.1" 200 30130
180.169.147.146 - - [03/Jan/2024:11:22:01 +0800] "GET /xingrg/dwr/interface/AjaxComOrderService.js HTTP/1.1" 200 18264
180.169.147.146 - - [03/Jan/2024:11:22:01 +0800] "GET /xingrg/dwr/interface/AjaxYddbService.js HTTP/1.1" 200 13201
180.169.147.146 - - [03/Jan/2024:11:22:01 +0800] "GET /xingrg/dwr/engine.js HTTP/1.1" 200 43631
116.224.122.193 - - [03/Jan/2024:11:22:01 +0800] "GET /xingrg/all/function/internal_message.html?_=1704252121528&CODE_STATE=getMsg HTTP/1.1" 200 27
180.169.147.146 - - [03/Jan/2024:11:22:02 +0800] "POST /xingrg/dwr/call/plaincall/AjaxYddbService.loadMaterielItems.dwr HTTP/1.1" 200 431
222.67.232.215 - - [03/Jan/2024:11:22:03 +0800] "POST /xingrg/kc/buy/cgsh_order_operate.html HTTP/1.1" 200 37
222.70.180.200 - - [03/Jan/2024:11:22:03 +0800] "POST /xingrg/all/report/load_report_page.html HTTP/1.1" 200 8936
222.70.180.200 - - [03/Jan/2024:11:22:04 +0800] "GET /xingrg/servlets/image?cache=0.4106011109344111&image=px HTTP/1.1" 200 807
58.39.110.191 - - [03/Jan/2024:11:22:05 +0800] "GET /xingrg/kc/base/wldb_order_operate.html?command=get_materiel&rest_code=00157&base_code=0010865&code=00102002685 HTTP/1.1" 200 453
222.70.180.200 - - [03/Jan/2024:11:22:06 +0800] "GET /xingrg/all/report/report_query.html?isQuery=1&fileName=kc/buy/wlcg_cate_hz.xml&queryString=(CONVERT(char(10)%252Ca.order_time%252C%2520120)%253E%253D'2023-12-01')%2520and%2520(CONVERT(char(10)%252Ca.order_time%252C%2520120)%253C%253D'2023-12-31')%2520and%2520(a.supplier_code%2520in%2520('00100093'))%2520and%2520(a.supplier_code%253D'00100093')&queryText=%25E3%2580%2590%25E9%2587%2587%25E8%25B4%25AD%25E6%2597%25A5%25E6%259C%259F%253A2023-12-01%2520%25E8%2587%25B3%25202023-12-31%25E3%2580%2591%2520%25E5%25B9%25B6%25E4%25B8%2594%2520%2520%25E3%2580%2590%25E4%25BE%259B%25E5%25BA%2594%25E5%2595%2586%2520%253D%2520%25E5%25B0%258F%25E5%25AE%2581%25E6%25B3%25A2%25EF%25BC%2588%25E4%25BD%2595%25E7%2588%25B1%25E4%25BC%259F%25EF%25BC%2589%25E3%2580%2591%2520%25E5%25B9%25B6%25E4%25B8%2594%2520%25E3%2580%2590%25E4%25BE%259B%25E5%25BA%2594%25E5%2595%2586%253D%25E5%25B0%258F%25E5%25AE%2581%25E6%25B3%25A2%25EF%25BC%2588%25E4%25BD%2595%25E7%2588%25B1%25E4%25BC%259F%25EF%25BC%2589%25E3%2580%2591 HTTP/1.1" 200 54473
222.70.180.200 - - [03/Jan/2024:11:22:06 +0800] "GET /xingrg/dwr/interface/AjaxReportQueryService.js HTTP/1.1" 200 13203
222.70.180.200 - - [03/Jan/2024:11:22:06 +0800] "GET /xingrg/dwr/engine.js HTTP/1.1" 200 43631
116.232.193.168 - - [03/Jan/2024:11:22:06 +0800] "GET /xingrg/check_reg.html?_=1704252087564 HTTP/1.1" 200 22
180.169.147.146 - - [03/Jan/2024:11:22:06 +0800] "GET /xingrg/all/function/internal_message.html?_=1704252124401&CODE_STATE=getMsg HTTP/1.1" 200 27
116.232.193.168 - - [03/Jan/2024:11:22:07 +0800] "GET /xingrg/kc/buy/cgsh_order_add.html HTTP/1.1" 200 72941
124.78.154.219 - - [03/Jan/2024:11:22:07 +0800] "POST /xingrg/kc/buy/cgsh_order_operate.html HTTP/1.1" 200 37
116.232.193.168 - - [03/Jan/2024:11:22:07 +0800] "POST /xingrg/kc/buy/cgsh_order_operate.html HTTP/1.1" 200 8245
116.232.193.168 - - [03/Jan/2024:11:22:07 +0800] "GET /xingrg/javascript/easyui/themes/default/validatebox.css HTTP/1.1" 404 1104
116.224.122.193 - - [03/Jan/2024:11:22:08 +0800] "GET /xingrg/check_reg.html?_=1704252127729 HTTP/1.1" 200 22
101.228.146.191 - - [03/Jan/2024:11:22:09 +0800] "GET /xingrg/all/function/internal_message.html?_=1704252129870&CODE_STATE=getMsg HTTP/1.1" 200 27
124.78.154.219 - - [03/Jan/2024:11:22:10 +0800] "POST /xingrg/kc/buy/cgsh_order_operate.html HTTP/1.1" 200 3856
114.95.241.104 - - [03/Jan/2024:11:22:10 +0800] "GET /xingrg/all/function/internal_message.html?_=1704252130850&CODE_STATE=getMsg HTTP/1.1" 200 27
58.40.7.146 - - [03/Jan/2024:11:22:11 +0800] "GET /xingrg/login.html HTTP/1.1" 200 7641
58.40.7.146 - - [03/Jan/2024:11:22:12 +0800] "GET /favicon.ico HTTP/1.1" 404 -
101.80.228.56 - - [03/Jan/2024:11:22:13 +0800] "GET /xingrg/all/function/internal_message.html?_=1704252136693&CODE_STATE=getMsg HTTP/1.1" 200 27
222.67.232.215 - - [03/Jan/2024:11:22:14 +0800] "POST /xingrg/kc/buy/cgsh_order_operate.html HTTP/1.1" 200 12
222.70.180.200 - - [03/Jan/2024:11:22:14 +0800] "POST /xingrg/all/report/load_report_page.html HTTP/1.1" 200 33351
222.70.180.200 - - [03/Jan/2024:11:22:14 +0800] "POST /xingrg/all/report/load_report_page.html HTTP/1.1" 200 10888
222.70.180.200 - - [03/Jan/2024:11:22:14 +0800] "GET /xingrg/servlets/image?cache=0.9482089354171677&image=px HTTP/1.1" 200 807
222.70.180.200 - - [03/Jan/2024:11:22:14 +0800] "GET /xingrg/servlets/image?cache=0.6832635251518023&image=px HTTP/1.1" 200 807
58.40.7.146 - - [03/Jan/2024:11:22:14 +0800] "POST /xingrg/login.do HTTP/1.1" 302 -
58.40.7.146 - - [03/Jan/2024:11:22:14 +0800] "GET /xingrg/index.html?sysBaseUrl=http%3A%2F%2F180.169.147.146%3A18081%2Fxingrg%2F&costTime=1286×tamp=1704252134816 HTTP/1.1" 200 17503
58.40.7.146 - - [03/Jan/2024:11:22:15 +0800] "GET /favicon.ico HTTP/1.1" 404 -
58.40.7.146 - - [03/Jan/2024:11:22:15 +0800] "GET /xingrg/check_reg.html?_=1704252147174 HTTP/1.1" 200 22
58.40.7.146 - - [03/Jan/2024:11:22:15 +0800] "GET /xingrg/all/function/internal_message.html?_=1704252147172&CODE_STATE=count HTTP/1.1" 200 11
58.40.7.146 - - [03/Jan/2024:11:22:15 +0800] "POST /xingrg/all/common/load_tree.html?tree=area_rest_tree_json&manage=1 HTTP/1.1" 200 3624
58.40.7.146 - - [03/Jan/2024:11:22:15 +0800] "POST /xingrg/load_menu.html HTTP/1.1" 200 11564
222.67.232.215 - - [03/Jan/2024:11:22:16 +0800] "GET /xingrg/kc/buy/cgsh_order_info.html?code=212024010300943 HTTP/1.1" 200 67805
222.67.232.215 - - [03/Jan/2024:11:22:16 +0800] "GET /xingrg/javascript/easyui/themes/default/validatebox.css HTTP/1.1" 404 1104
58.39.110.191 - - [03/Jan/2024:11:22:17 +0800] "GET /xingrg/all/function/internal_message.html?_=1704252138091&CODE_STATE=getMsg HTTP/1.1" 200 27
58.39.110.191 - - [03/Jan/2024:11:22:17 +0800] "GET /xingrg/check_reg.html?_=1704252138137 HTTP/1.1" 200 22
58.39.110.191 - - [03/Jan/2024:11:22:17 +0800] "GET /xingrg/kc/base/wldb_order_operate.html?command=get_materiel&rest_code=00157&base_code=0010865&code=00102002197 HTTP/1.1" 200 458
58.40.7.146 - - [03/Jan/2024:11:22:17 +0800] "GET /xingrg/kc/report/report_main.html HTTP/1.1" 200 8599
221.239.172.206 - - [03/Jan/2024:11:22:17 +0800] "GET /xingrg/all/function/internal_message.html?_=1704252132431&CODE_STATE=getMsg HTTP/1.1" 200 27
222.67.232.215 - - [03/Jan/2024:11:22:17 +0800] "POST /xingrg/kc/buy/cgsh_order_operate.html HTTP/1.1" 200 606
222.67.232.215 - - [03/Jan/2024:11:22:19 +0800] "GET /xingrg/kc/print/load_data.html?order_code=212024010300943&kc_code=cgsh&condition= HTTP/1.1" 200 713
120.253.135.82 - - [03/Jan/2024:11:22:19 +0800] "POST /xingrg/kc/pszx/mdps_list_operate.html HTTP/1.1" 200 2456
58.40.7.146 - - [03/Jan/2024:11:22:20 +0800] "GET /xingrg/all/report/report_query.html?fileName=kc/buy/gys_amount_base_rest.xml HTTP/1.1" 200 51664
58.40.7.146 - - [03/Jan/2024:11:22:20 +0800] "GET /xingrg/dwr/interface/AjaxReportQueryService.js HTTP/1.1" 200 13203
58.40.7.146 - - [03/Jan/2024:11:22:20 +0800] "GET /xingrg/dwr/util.js HTTP/1.1" 200 35990
58.40.7.146 - - [03/Jan/2024:11:22:20 +0800] "GET /xingrg/dwr/engine.js HTTP/1.1" 200 43631
58.40.7.146 - - [03/Jan/2024:11:22:20 +0800] "POST /xingrg/dwr/call/plaincall/AjaxReportQueryService.getFixDate.dwr HTTP/1.1" 200 111
180.163.30.100 - - [03/Jan/2024:11:22:20 +0800] "GET /xingrg/all/function/internal_message.html?_=1704251000887&CODE_STATE=getMsg HTTP/1.1" 302 -
180.163.30.100 - - [03/Jan/2024:11:22:20 +0800] "GET /xingrg/login.html HTTP/1.1" 200 7641
58.40.7.146 - - [03/Jan/2024:11:22:20 +0800] "POST /xingrg/all/common/load_tree.html?tree=area_rest_tree_json&manage=1 HTTP/1.1" 200 3624
120.253.135.82 - - [03/Jan/2024:11:22:20 +0800] "POST /xingrg/kc/pszx/mdps_list_operate.html HTTP/1.1" 200 654
222.67.232.215 - - [03/Jan/2024:11:22:21 +0800] "GET /xingrg/all/function/internal_message.html?_=1704252141412&CODE_STATE=getMsg HTTP/1.1" 200 27
58.40.7.146 - - [03/Jan/2024:11:22:21 +0800] "POST /xingrg/all/common/load_tree.html?tree=supplier_tree_json&manage=1 HTTP/1.1" 200 79575
180.163.29.206 - - [03/Jan/2024:11:22:22 +0800] "GET /xingrg/all/function/internal_message.html?_=1704252080505&CODE_STATE=getMsg HTTP/1.1" 302 -
180.163.29.206 - - [03/Jan/2024:11:22:22 +0800] "GET /xingrg/login.html HTTP/1.1" 200 7641
120.253.135.82 - - [03/Jan/2024:11:22:22 +0800] "GET /xingrg/kc/pszx/mdps_order_info.html?code=312024010300073 HTTP/1.1" 200 23982
124.78.154.219 - - [03/Jan/2024:11:22:22 +0800] "GET /xingrg/all/function/internal_message.html?_=1704252140478&CODE_STATE=getMsg HTTP/1.1" 200 27
58.40.7.146 - - [03/Jan/2024:11:22:23 +0800] "POST /xingrg/dwr/call/plaincall/AjaxReportQueryService.getFixDate.dwr HTTP/1.1" 200 111
222.67.232.215 - - [03/Jan/2024:11:22:23 +0800] "POST /xingrg/kc/buy/cgsh_order_operate.html HTTP/1.1" 200 8245
222.67.232.215 - - [03/Jan/2024:11:22:23 +0800] "GET /xingrg/javascript/easyui/themes/default/validatebox.css HTTP/1.1" 404 1104
120.253.135.82 - - [03/Jan/2024:11:22:23 +0800] "GET /xingrg/all/function/internal_message.html?_=1704251961179&CODE_STATE=getMsg HTTP/1.1" 200 27
120.253.135.82 - - [03/Jan/2024:11:22:23 +0800] "GET /xingrg/javascript/easyui/themes/default/validatebox.css HTTP/1.1" 404 1104
120.253.135.82 - - [03/Jan/2024:11:22:23 +0800] "POST /xingrg/kc/pszx/mdps_order_operate.html HTTP/1.1" 200 30749
116.232.193.168 - - [03/Jan/2024:11:22:25 +0800] "GET /xingrg/kc/buy/cgsh_order_operate.html?command=get_materiel&rest_code=00155&code=00101012046&supplier_code=00100487&order_time=2024-01-03 HTTP/1.1" 200 417
180.169.147.146 - - [03/Jan/2024:11:22:26 +0800] "GET /xingrg/all/function/internal_message.html?_=1704252145942&CODE_STATE=getMsg HTTP/1.1" 200 27
58.39.110.191 - - [03/Jan/2024:11:22:27 +0800] "GET /xingrg/kc/base/wldb_order_operate.html?command=get_materiel&rest_code=00157&base_code=0010865&code=00102002022 HTTP/1.1" 200 471
180.169.147.146 - - [03/Jan/2024:11:22:27 +0800] "GET /xingrg/all/function/internal_message.html?_=1704252148586&CODE_STATE=getMsg HTTP/1.1" 200 27
222.70.180.200 - - [03/Jan/2024:11:22:29 +0800] "GET /xingrg/all/function/internal_message.html?_=1704252149294&CODE_STATE=getMsg HTTP/1.1" 200 27
124.79.241.187 - - [03/Jan/2024:11:22:33 +0800] "GET /xingrg/all/function/internal_message.html?_=1704252485336&CODE_STATE=getMsg HTTP/1.1" 200 27
124.79.241.187 - - [03/Jan/2024:11:22:33 +0800] "GET /xingrg/check_reg.html?_=1704252485337 HTTP/1.1" 200 22
114.95.241.104 - - [03/Jan/2024:11:22:34 +0800] "GET /xingrg/check_reg.html?_=1704252153949 HTTP/1.1" 200 22
114.95.241.104 - - [03/Jan/2024:11:22:34 +0800] "GET /xingrg/all/function/internal_message.html?_=1704252153953&CODE_STATE=getMsg HTTP/1.1" 200 27
222.67.232.215 - - [03/Jan/2024:11:22:35 +0800] "GET /xingrg/kc/buy/cgsh_order_operate.html?command=get_materiel&rest_code=00141&code=00101002034&supplier_code=00100091&order_time=2024-01-03 HTTP/1.1" 200 409
222.70.180.200 - - [03/Jan/2024:11:22:36 +0800] "GET /xingrg/all/function/internal_message.html?_=1704252156075&CODE_STATE=getMsg HTTP/1.1" 200 27
124.78.154.219 - - [03/Jan/2024:11:22:37 +0800] "GET /xingrg/all/function/internal_message.html?_=1704252157297&CODE_STATE=getMsg HTTP/1.1" 200 27
222.67.232.215 - - [03/Jan/2024:11:22:39 +0800] "GET /xingrg/check_reg.html?_=1704252159346 HTTP/1.1" 200 22
180.163.29.103 - - [03/Jan/2024:11:22:40 +0800] "GET /xingrg/kc/print/load_data.html?order_code=212024010300909&kc_code=cgsh&condition= HTTP/1.1" 302 -
180.163.29.103 - - [03/Jan/2024:11:22:40 +0800] "GET /xingrg/login.html HTTP/1.1" 200 7641
58.39.110.191 - - [03/Jan/2024:11:22:41 +0800] "POST /xingrg/kc/base/wldb_order_operate.html HTTP/1.1" 200 37
58.39.110.191 - - [03/Jan/2024:11:22:42 +0800] "POST /xingrg/kc/base/wldb_order_operate.html HTTP/1.1" 200 9512
58.39.110.191 - - [03/Jan/2024:11:22:42 +0800] "GET /xingrg/kc/base/wldb_order_info.html?code=422024010300238 HTTP/1.1" 200 30406
124.78.154.219 - - [03/Jan/2024:11:22:42 +0800] "GET /xingrg/all/function/internal_message.html?_=1704252162414&CODE_STATE=getMsg HTTP/1.1" 200 27
58.39.110.191 - - [03/Jan/2024:11:22:42 +0800] "GET /xingrg/javascript/easyui/themes/default/validatebox.css HTTP/1.1" 404 1104
58.39.110.191 - - [03/Jan/2024:11:22:43 +0800] "POST /xingrg/kc/base/wldb_order_operate.html HTTP/1.1" 200 9512
222.70.180.200 - - [03/Jan/2024:11:22:44 +0800] "GET /xingrg/all/report/report_query.html?isQuery=1&fileName=kc/buy/wlcg_cate_hz.xml&queryString=(CONVERT(char(10)%252Ca.order_time%252C%2520120)%253E%253D'2023-12-01')%2520and%2520(CONVERT(char(10)%252Ca.order_time%252C%2520120)%253C%253D'2023-12-31')%2520and%2520(a.supplier_code%2520in%2520('00100093'))%2520and%2520(a.supplier_code%253D'00100093')&queryText=%25E3%2580%2590%25E9%2587%2587%25E8%25B4%25AD%25E6%2597%25A5%25E6%259C%259F%253A2023-12-01%2520%25E8%2587%25B3%25202023-12-31%25E3%2580%2591%2520%25E5%25B9%25B6%25E4%25B8%2594%2520%2520%25E3%2580%2590%25E4%25BE%259B%25E5%25BA%2594%25E5%2595%2586%2520%253D%2520%25E5%25B0%258F%25E5%25AE%2581%25E6%25B3%25A2%25EF%25BC%2588%25E4%25BD%2595%25E7%2588%25B1%25E4%25BC%259F%25EF%25BC%2589%25E3%2580%2591%2520%25E5%25B9%25B6%25E4%25B8%2594%2520%25E3%2580%2590%25E4%25BE%259B%25E5%25BA%2594%25E5%2595%2586%253D%25E5%25B0%258F%25E5%25AE%2581%25E6%25B3%25A2%25EF%25BC%2588%25E4%25BD%2595%25E7%2588%25B1%25E4%25BC%259F%25EF%25BC%2589%25E3%2580%2591 HTTP/1.1" 200 54473
222.70.180.200 - - [03/Jan/2024:11:22:44 +0800] "GET /xingrg/dwr/interface/AjaxReportQueryService.js HTTP/1.1" 200 13203
222.70.180.200 - - [03/Jan/2024:11:22:44 +0800] "GET /xingrg/dwr/engine.js HTTP/1.1" 200 43631
222.67.232.215 - - [03/Jan/2024:11:22:44 +0800] "GET /xingrg/kc/buy/cgsh_order_operate.html?command=get_materiel&rest_code=00141&code=00101003037&supplier_code=00100091&order_time=2024-01-03 HTTP/1.1" 200 417
180.164.1.25 - - [03/Jan/2024:11:22:45 +0800] "GET /xingrg/all/function/internal_message.html?_=1704252163695&CODE_STATE=getMsg HTTP/1.1" 200 27
222.70.180.200 - - [03/Jan/2024:11:22:45 +0800] "POST /xingrg/all/report/load_report_page.html HTTP/1.1" 200 10888
222.70.180.200 - - [03/Jan/2024:11:22:45 +0800] "GET /xingrg/servlets/image?cache=0.6614872440802775&image=px HTTP/1.1" 200 807
58.40.7.146 - - [03/Jan/2024:11:22:45 +0800] "POST /xingrg/dwr/call/plaincall/AjaxReportQueryService.refreshCache.dwr HTTP/1.1" 200 78
101.83.145.37 - - [03/Jan/2024:11:22:46 +0800] "GET /xingrg/check_reg.html?_=1704252166744 HTTP/1.1" 200 22
124.78.154.219 - - [03/Jan/2024:11:22:46 +0800] "GET /xingrg/all/function/internal_message.html?_=1704252166091&CODE_STATE=getMsg HTTP/1.1" 200 27
58.40.7.146 - - [03/Jan/2024:11:22:47 +0800] "POST /xingrg/all/report/load_report_page.html HTTP/1.1" 200 53153
58.40.7.146 - - [03/Jan/2024:11:22:47 +0800] "GET /xingrg/servlets/image?cache=0.31050246088367817&image=px HTTP/1.1" 200 807
101.83.145.37 - - [03/Jan/2024:11:22:48 +0800] "GET /xingrg/all/function/internal_message.html?_=1704251935110&CODE_STATE=getMsg HTTP/1.1" 200 27
222.70.180.200 - - [03/Jan/2024:11:22:48 +0800] "POST /xingrg/all/report/load_report_page.html HTTP/1.1" 200 33351
222.70.180.200 - - [03/Jan/2024:11:22:48 +0800] "GET /xingrg/servlets/image?cache=0.5348923333145569&image=px HTTP/1.1" 200 807
58.39.110.191 - - [03/Jan/2024:11:22:48 +0800] "GET /xingrg/kc/base/wldb_order_add.html HTTP/1.1" 200 30389
58.39.110.191 - - [03/Jan/2024:11:22:49 +0800] "GET /xingrg/javascript/easyui/themes/default/validatebox.css HTTP/1.1" 404 1104
58.39.110.191 - - [03/Jan/2024:11:22:49 +0800] "POST /xingrg/kc/base/wldb_order_operate.html HTTP/1.1" 200 6806
101.83.145.37 - - [03/Jan/2024:11:22:50 +0800] "GET /xingrg/all/function/internal_message.html?_=1704252171171&CODE_STATE=getMsg HTTP/1.1" 200 27
114.83.218.109 - - [03/Jan/2024:11:22:50 +0800] "GET /xingrg/all/function/internal_message.html?_=1704252169996&CODE_STATE=getMsg HTTP/1.1" 200 27
221.239.172.206 - - [03/Jan/2024:11:22:51 +0800] "GET /xingrg/kc/base/wldb_order_add.html HTTP/1.1" 200 30391
221.239.172.206 - - [03/Jan/2024:11:22:51 +0800] "POST /xingrg/kc/base/wldb_order_operate.html HTTP/1.1" 200 6806
221.239.172.206 - - [03/Jan/2024:11:22:51 +0800] "GET /xingrg/javascript/easyui/themes/default/validatebox.css HTTP/1.1" 404 1104
116.230.116.41 - - [03/Jan/2024:11:22:51 +0800] "GET /xingrg/all/function/internal_message.html?_=1704252181915&CODE_STATE=getMsg HTTP/1.1" 200 27
172.20.0.100 - - [03/Jan/2024:11:22:53 +0800] "GET /xingrg/all/function/internal_message.html?_=1704252172328&CODE_STATE=getMsg HTTP/1.1" 200 27
222.70.180.200 - - [03/Jan/2024:11:22:53 +0800] "POST /xingrg/all/report/report_print.html HTTP/1.1" 302 -
222.70.180.200 - - [03/Jan/2024:11:22:53 +0800] "GET /xingrg/servlets/html?sysBaseUrl=http%3A%2F%2F180.169.147.146%3A18081%2Fxingrg%2F&costTime=1030×tamp=1704252173980 HTTP/1.1" 200 33594
222.70.180.200 - - [03/Jan/2024:11:22:54 +0800] "GET /xingrg/servlets/image?image=px HTTP/1.1" 200 807
222.70.180.200 - - [03/Jan/2024:11:22:54 +0800] "GET /favicon.ico HTTP/1.1" 404 -
58.40.7.146 - - [03/Jan/2024:11:22:55 +0800] "POST /xingrg/all/report/report_print.html HTTP/1.1" 200 7680
116.232.193.168 - - [03/Jan/2024:11:22:55 +0800] "GET /xingrg/all/function/internal_message.html?_=1704252136563&CODE_STATE=getMsg HTTP/1.1" 200 27
222.67.232.215 - - [03/Jan/2024:11:22:59 +0800] "POST /xingrg/kc/buy/cgsh_order_operate.html HTTP/1.1" 200 37
116.224.122.193 - - [03/Jan/2024:11:23:00 +0800] "GET /xingrg/all/function/internal_message.html?_=1704252193343&CODE_STATE=getMsg HTTP/1.1" 200 27
116.232.193.168 - - [03/Jan/2024:11:23:01 +0800] "GET /xingrg/kc/buy/cgsh_order_operate.html?command=get_materiel&rest_code=00155&code=00101012102&supplier_code=00100487&order_time=2024-01-03 HTTP/1.1" 200 418
116.224.122.193 - - [03/Jan/2024:11:23:01 +0800] "GET /xingrg/all/function/internal_message.html?_=1704252181516&CODE_STATE=getMsg HTTP/1.1" 200 27
222.67.232.215 - - [03/Jan/2024:11:23:06 +0800] "POST /xingrg/kc/buy/cgsh_order_operate.html HTTP/1.1" 200 12
180.169.147.146 - - [03/Jan/2024:11:23:06 +0800] "GET /xingrg/all/function/internal_message.html?_=1704252184427&CODE_STATE=getMsg HTTP/1.1" 200 27
222.67.232.215 - - [03/Jan/2024:11:23:08 +0800] "GET /xingrg/kc/buy/cgsh_order_info.html?code=212024010300945 HTTP/1.1" 200 67807
222.67.232.215 - - [03/Jan/2024:11:23:08 +0800] "GET /xingrg/javascript/easyui/themes/default/validatebox.css HTTP/1.1" 404 1104
58.39.110.191 - - [03/Jan/2024:11:23:09 +0800] "GET /xingrg/kc/base/wldb_order_operate.html?command=get_materiel&rest_code=00157&base_code=0010865&code=00102002204 HTTP/1.1" 200 447
222.67.232.215 - - [03/Jan/2024:11:23:09 +0800] "POST /xingrg/kc/buy/cgsh_order_operate.html HTTP/1.1" 200 1205
101.228.146.191 - - [03/Jan/2024:11:23:09 +0800] "GET /xingrg/all/function/internal_message.html?_=1704252189869&CODE_STATE=getMsg HTTP/1.1" 200 27
114.95.241.104 - - [03/Jan/2024:11:23:10 +0800] "GET /xingrg/all/function/internal_message.html?_=1704252190829&CODE_STATE=getMsg HTTP/1.1" 200 27
222.67.232.215 - - [03/Jan/2024:11:23:12 +0800] "GET /xingrg/kc/print/load_data.html?order_code=212024010300945&kc_code=cgsh&condition= HTTP/1.1" 200 1003
101.80.228.56 - - [03/Jan/2024:11:23:13 +0800] "GET /xingrg/all/function/internal_message.html?_=1704252196693&CODE_STATE=getMsg HTTP/1.1" 200 27
58.40.7.146 - - [03/Jan/2024:11:23:15 +0800] "GET /xingrg/all/function/internal_message.html?_=1704252207203&CODE_STATE=getMsg HTTP/1.1" 200 27
222.67.232.215 - - [03/Jan/2024:11:23:15 +0800] "GET /xingrg/javascript/easyui/themes/default/validatebox.css HTTP/1.1" 404 1104
222.67.232.215 - - [03/Jan/2024:11:23:15 +0800] "POST /xingrg/kc/buy/cgsh_order_operate.html HTTP/1.1" 200 8245
58.39.110.191 - - [03/Jan/2024:11:23:17 +0800] "GET /xingrg/all/function/internal_message.html?_=1704252198062&CODE_STATE=getMsg HTTP/1.1" 200 27
221.239.172.206 - - [03/Jan/2024:11:23:17 +0800] "GET /xingrg/check_reg.html?_=1704252192448 HTTP/1.1" 200 22
221.239.172.206 - - [03/Jan/2024:11:23:17 +0800] "GET /xingrg/all/function/internal_message.html?_=1704252192451&CODE_STATE=getMsg HTTP/1.1" 200 27
116.232.193.168 - - [03/Jan/2024:11:23:18 +0800] "GET /xingrg/kc/buy/cgsh_order_operate.html?command=get_materiel&rest_code=00155&code=00101008564&supplier_code=00100487&order_time=2024-01-03 HTTP/1.1" 200 413
58.39.110.191 - - [03/Jan/2024:11:23:18 +0800] "GET /xingrg/kc/base/wldb_order_operate.html?command=get_materiel&rest_code=00157&base_code=0010865&code=00102002238 HTTP/1.1" 200 432
222.67.232.215 - - [03/Jan/2024:11:23:21 +0800] "GET /xingrg/all/function/internal_message.html?_=1704252201567&CODE_STATE=getMsg HTTP/1.1" 200 27
124.78.154.219 - - [03/Jan/2024:11:23:22 +0800] "GET /xingrg/all/function/internal_message.html?_=1704252200457&CODE_STATE=getMsg HTTP/1.1" 200 27
124.78.154.219 - - [03/Jan/2024:11:23:23 +0800] "GET /xingrg/check_reg.html?_=1704252201241 HTTP/1.1" 200 22
120.253.135.82 - - [03/Jan/2024:11:23:23 +0800] "GET /xingrg/all/function/internal_message.html?_=1704252021231&CODE_STATE=getMsg HTTP/1.1" 200 27
222.67.232.215 - - [03/Jan/2024:11:23:26 +0800] "GET /xingrg/kc/buy/cgsh_order_operate.html?command=get_materiel&rest_code=00141&code=00102002167&supplier_code=00100494&order_time=2024-01-03 HTTP/1.1" 200 409
180.169.147.146 - - [03/Jan/2024:11:23:26 +0800] "GET /xingrg/check_reg.html?_=1704252205940 HTTP/1.1" 200 22
180.169.147.146 - - [03/Jan/2024:11:23:26 +0800] "GET /xingrg/all/function/internal_message.html?_=1704252205942&CODE_STATE=getMsg HTTP/1.1" 200 27
58.39.110.191 - - [03/Jan/2024:11:23:26 +0800] "GET /xingrg/kc/base/wldb_order_operate.html?command=get_materiel&rest_code=00157&base_code=0010865&code=00102002258 HTTP/1.1" 200 447
180.169.147.146 - - [03/Jan/2024:11:23:27 +0800] "GET /xingrg/all/function/internal_message.html?_=1704252208590&CODE_STATE=getMsg HTTP/1.1" 200 27
222.70.180.200 - - [03/Jan/2024:11:23:29 +0800] "GET /xingrg/all/function/internal_message.html?_=1704252209278&CODE_STATE=getMsg HTTP/1.1" 200 27
116.232.193.168 - - [03/Jan/2024:11:23:30 +0800] "POST /xingrg/kc/buy/cgsh_order_operate.html HTTP/1.1" 200 37
116.232.193.168 - - [03/Jan/2024:11:23:33 +0800] "POST /xingrg/kc/buy/cgsh_order_operate.html HTTP/1.1" 200 3851
124.79.241.187 - - [03/Jan/2024:11:23:33 +0800] "GET /xingrg/all/function/internal_message.html?_=1704252545334&CODE_STATE=getMsg HTTP/1.1" 200 27
114.95.241.104 - - [03/Jan/2024:11:23:34 +0800] "GET /xingrg/all/function/internal_message.html?_=1704252213952&CODE_STATE=getMsg HTTP/1.1" 200 27
222.70.180.200 - - [03/Jan/2024:11:23:36 +0800] "GET /xingrg/check_reg.html?_=1704252216071 HTTP/1.1" 200 22
222.70.180.200 - - [03/Jan/2024:11:23:36 +0800] "GET /xingrg/all/function/internal_message.html?_=1704252216075&CODE_STATE=getMsg HTTP/1.1" 200 27
124.78.154.219 - - [03/Jan/2024:11:23:37 +0800] "GET /xingrg/all/function/internal_message.html?_=1704252217297&CODE_STATE=getMsg HTTP/1.1" 200 27
101.83.145.37 - - [03/Jan/2024:11:23:37 +0800] "GET /xingrg/kc/base/base_main.html HTTP/1.1" 200 12142
101.83.145.37 - - [03/Jan/2024:11:23:37 +0800] "GET /xingrg/images/blue/button/wlsy.gif HTTP/1.1" 304 -
101.83.145.37 - - [03/Jan/2024:11:23:37 +0800] "GET /xingrg/images/blue/button/ckpd.gif HTTP/1.1" 304 -
101.83.145.37 - - [03/Jan/2024:11:23:37 +0800] "GET /xingrg/images/blue/button/ckdb.gif HTTP/1.1" 304 -
101.83.145.37 - - [03/Jan/2024:11:23:37 +0800] "GET /xingrg/images/blue/button/yddb.gif HTTP/1.1" 304 -
101.83.145.37 - - [03/Jan/2024:11:23:37 +0800] "GET /xingrg/images/blue/button/bottom_left.jpg HTTP/1.1" 304 -
101.83.145.37 - - [03/Jan/2024:11:23:37 +0800] "GET /xingrg/images/blue/button/left_ah.jpg HTTP/1.1" 304 -
101.83.145.37 - - [03/Jan/2024:11:23:37 +0800] "GET /xingrg/images/blue/button/bottom_right.jpg HTTP/1.1" 304 -
101.83.145.37 - - [03/Jan/2024:11:23:37 +0800] "GET /xingrg/images/blue/button/top_right.jpg HTTP/1.1" 304 -
101.83.145.37 - - [03/Jan/2024:11:23:37 +0800] "GET /xingrg/images/blue/button/down.jpg HTTP/1.1" 304 -
101.83.145.37 - - [03/Jan/2024:11:23:37 +0800] "GET /xingrg/images/blue/button/top_left.jpg HTTP/1.1" 304 -
222.67.232.215 - - [03/Jan/2024:11:23:37 +0800] "POST /xingrg/kc/buy/cgsh_order_operate.html HTTP/1.1" 200 37
116.232.193.168 - - [03/Jan/2024:11:23:38 +0800] "GET /xingrg/kc/print/load_data.html?order_code=212024010300946&kc_code=cgsh&condition= HTTP/1.1" 200 1145
58.39.110.191 - - [03/Jan/2024:11:23:38 +0800] "GET /xingrg/kc/base/wldb_order_operate.html?command=get_materiel&rest_code=00157&base_code=0010865&code=00102002362 HTTP/1.1" 200 432
101.83.145.37 - - [03/Jan/2024:11:23:38 +0800] "GET /xingrg/kc/base/wldb_order_list.html HTTP/1.1" 200 19054
101.83.145.37 - - [03/Jan/2024:11:23:39 +0800] "POST /xingrg/kc/base/wldb_list_operate.html HTTP/1.1" 200 928
101.83.145.37 - - [03/Jan/2024:11:23:41 +0800] "POST /xingrg/kc/buy/cgsh_list_operate.html HTTP/1.1" 200 2337
124.78.154.219 - - [03/Jan/2024:11:23:42 +0800] "GET /xingrg/all/function/internal_message.html?_=1704252222413&CODE_STATE=getMsg HTTP/1.1" 200 27
101.83.145.37 - - [03/Jan/2024:11:23:42 +0800] "GET /xingrg/kc/base/wldb_order_add.html HTTP/1.1" 200 30385
101.83.145.37 - - [03/Jan/2024:11:23:43 +0800] "POST /xingrg/kc/base/wldb_order_operate.html HTTP/1.1" 200 6806
101.83.145.37 - - [03/Jan/2024:11:23:43 +0800] "GET /xingrg/javascript/easyui/themes/default/validatebox.css HTTP/1.1" 404 1104
101.83.145.37 - - [03/Jan/2024:11:23:43 +0800] "GET /xingrg/all/common/auto_word.html?type=base&rest_code=00105 HTTP/1.1" 200 1907
101.83.145.37 - - [03/Jan/2024:11:23:43 +0800] "GET /xingrg/all/common/auto_word.html?type=base&rest_code=00105 HTTP/1.1" 200 1907
180.164.1.25 - - [03/Jan/2024:11:23:45 +0800] "GET /xingrg/all/function/internal_message.html?_=1704252223675&CODE_STATE=getMsg HTTP/1.1" 200 27
124.78.154.219 - - [03/Jan/2024:11:23:46 +0800] "GET /xingrg/all/function/internal_message.html?_=1704252226105&CODE_STATE=getMsg HTTP/1.1" 200 27
101.83.145.37 - - [03/Jan/2024:11:23:47 +0800] "GET /xingrg/javascript/auto/indicator.gif HTTP/1.1" 404 1066
101.83.145.37 - - [03/Jan/2024:11:23:48 +0800] "GET /xingrg/all/function/internal_message.html?_=1704251995101&CODE_STATE=getMsg HTTP/1.1" 200 27
222.67.232.215 - - [03/Jan/2024:11:23:48 +0800] "POST /xingrg/kc/buy/cgsh_order_operate.html HTTP/1.1" 200 12
101.83.145.37 - - [03/Jan/2024:11:23:50 +0800] "GET /xingrg/all/function/internal_message.html?_=1704252231152&CODE_STATE=getMsg HTTP/1.1" 200 27
114.83.218.109 - - [03/Jan/2024:11:23:50 +0800] "GET /xingrg/all/function/internal_message.html?_=1704252229982&CODE_STATE=getMsg HTTP/1.1" 200 27
116.230.116.41 - - [03/Jan/2024:11:23:52 +0800] "GET /xingrg/all/function/internal_message.html?_=1704252241984&CODE_STATE=getMsg HTTP/1.1" 200 27
172.20.0.100 - - [03/Jan/2024:11:23:53 +0800] "GET /xingrg/all/function/internal_message.html?_=1704252232329&CODE_STATE=getMsg HTTP/1.1" 200 27
222.67.232.215 - - [03/Jan/2024:11:23:54 +0800] "GET /xingrg/kc/buy/cgsh_order_info.html?code=212024010300947 HTTP/1.1" 200 67803
101.83.145.37 - - [03/Jan/2024:11:23:54 +0800] "GET /xingrg/javascript/jquery_tools/images/prev.gif HTTP/1.1" 404 1086
101.83.145.37 - - [03/Jan/2024:11:23:54 +0800] "GET /xingrg/javascript/jquery_tools/images/next.gif HTTP/1.1" 404 1086
222.67.232.215 - - [03/Jan/2024:11:23:54 +0800] "GET /xingrg/javascript/easyui/themes/default/validatebox.css HTTP/1.1" 404 1104
116.232.193.168 - - [03/Jan/2024:11:23:55 +0800] "GET /xingrg/all/function/internal_message.html?_=1704252196542&CODE_STATE=getMsg HTTP/1.1" 200 27
222.67.232.215 - - [03/Jan/2024:11:23:55 +0800] "POST /xingrg/kc/buy/cgsh_order_operate.html HTTP/1.1" 200 602
222.67.232.215 - - [03/Jan/2024:11:23:57 +0800] "GET /xingrg/kc/print/load_data.html?order_code=212024010300947&kc_code=cgsh&condition= HTTP/1.1" 200 687
58.39.110.191 - - [03/Jan/2024:11:23:57 +0800] "GET /xingrg/kc/base/wldb_order_operate.html?command=get_materiel&rest_code=00157&base_code=0010865&code=00102002455 HTTP/1.1" 200 442
116.224.122.193 - - [03/Jan/2024:11:24:00 +0800] "GET /xingrg/all/function/internal_message.html?_=1704252253329&CODE_STATE=getMsg HTTP/1.1" 200 27
222.67.232.215 - - [03/Jan/2024:11:24:00 +0800] "POST /xingrg/kc/buy/cgsh_order_operate.html HTTP/1.1" 200 8245
222.67.232.215 - - [03/Jan/2024:11:24:00 +0800] "GET /xingrg/javascript/easyui/themes/default/validatebox.css HTTP/1.1" 404 1104
116.224.122.193 - - [03/Jan/2024:11:24:01 +0800] "GET /xingrg/all/function/internal_message.html?_=1704252241489&CODE_STATE=getMsg HTTP/1.1" 200 27
116.224.122.193 - - [03/Jan/2024:11:24:02 +0800] "GET /xingrg/kc/base/wldb_order_list.html HTTP/1.1" 200 19054
116.224.122.193 - - [03/Jan/2024:11:24:03 +0800] "POST /xingrg/kc/base/wldb_list_operate.html HTTP/1.1" 200 928
101.83.145.37 - - [03/Jan/2024:11:24:06 +0800] "GET /xingrg/kc/base/wldb_order_operate.html?command=get_materiel&rest_code=00105&base_code=0010508&code=00102002603 HTTP/1.1" 200 430
180.169.147.146 - - [03/Jan/2024:11:24:06 +0800] "GET /xingrg/all/function/internal_message.html?_=1704252244427&CODE_STATE=getMsg HTTP/1.1" 200 27
101.228.146.191 - - [03/Jan/2024:11:24:09 +0800] "GET /xingrg/all/function/internal_message.html?_=1704252249870&CODE_STATE=getMsg HTTP/1.1" 200 27
116.224.122.193 - - [03/Jan/2024:11:24:10 +0800] "GET /xingrg/kc/buy/cgsh_order_list.html HTTP/1.1" 200 57112
114.95.241.104 - - [03/Jan/2024:11:24:10 +0800] "GET /xingrg/all/function/internal_message.html?_=1704252250810&CODE_STATE=getMsg HTTP/1.1" 200 27
222.67.232.215 - - [03/Jan/2024:11:24:11 +0800] "GET /xingrg/kc/buy/cgsh_order_operate.html?command=get_materiel&rest_code=00141&code=00101006001&supplier_code=00100574&order_time=2024-01-03 HTTP/1.1" 200 426
222.70.180.200 - - [03/Jan/2024:11:24:12 +0800] "POST /xingrg/dwr/call/plaincall/AjaxReportQueryService.refreshCache.dwr HTTP/1.1" 200 79
101.80.228.56 - - [03/Jan/2024:11:24:13 +0800] "GET /xingrg/all/function/internal_message.html?_=1704252256693&CODE_STATE=getMsg HTTP/1.1" 200 27
222.70.180.200 - - [03/Jan/2024:11:24:13 +0800] "POST /xingrg/all/report/load_report_page.html HTTP/1.1" 200 8960
222.70.180.200 - - [03/Jan/2024:11:24:13 +0800] "GET /xingrg/servlets/image?cache=0.2113197023597141&image=px HTTP/1.1" 200 807
116.224.122.193 - - [03/Jan/2024:11:24:14 +0800] "POST /xingrg/kc/buy/cgsh_list_operate.html HTTP/1.1" 200 1836
