180.169.147.146 - - [03/Jan/2024:09:39:54 +0800] "GET /xingrg/dwr/engine.js HTTP/1.1" 200 43631
222.70.180.200 - - [03/Jan/2024:09:39:54 +0800] "GET /xingrg/javascript/easyui/themes/default/images/tree_arrows.gif HTTP/1.1" 200 617
222.70.180.200 - - [03/Jan/2024:09:39:54 +0800] "GET /xingrg/javascript/easyui/themes/icons/rest.png HTTP/1.1" 200 695
222.70.180.200 - - [03/Jan/2024:09:39:54 +0800] "GET /xingrg/javascript/easyui/themes/default/images/tree_folder_open.gif HTTP/1.1" 200 956
222.70.180.200 - - [03/Jan/2024:09:39:54 +0800] "GET /xingrg/javascript/easyui/themes/default/images/tree_checkbox_0.gif HTTP/1.1" 200 168
222.70.180.200 - - [03/Jan/2024:09:39:54 +0800] "GET /xingrg/javascript/easyui/themes/icons/area.png HTTP/1.1" 200 262
222.70.180.200 - - [03/Jan/2024:09:39:54 +0800] "GET /xingrg/javascript/easyui/themes/icons/manage.png HTTP/1.1" 200 696
180.169.147.146 - - [03/Jan/2024:09:39:55 +0800] "POST /xingrg/dwr/call/plaincall/AjaxCheckService.loadOrderItems.dwr HTTP/1.1" 200 43991
222.70.180.200 - - [03/Jan/2024:09:39:56 +0800] "GET /xingrg/javascript/easyui/themes/default/images/tree_checkbox_1.gif HTTP/1.1" 200 174
222.70.180.200 - - [03/Jan/2024:09:39:56 +0800] "GET /xingrg/javascript/easyui/themes/default/images/tree_checkbox_2.gif HTTP/1.1" 200 181
222.69.132.144 - - [03/Jan/2024:09:39:56 +0800] "GET /xingrg/all/function/internal_message.html?_=1704245999376&CODE_STATE=getMsg HTTP/1.1" 200 27
116.232.193.168 - - [03/Jan/2024:09:39:56 +0800] "GET /xingrg/all/function/internal_message.html?_=1704245958189&CODE_STATE=getMsg HTTP/1.1" 200 27
180.169.147.146 - - [03/Jan/2024:09:39:59 +0800] "POST /xingrg/kc/base/check_list_operate.html HTTP/1.1" 200 781
114.95.241.104 - - [03/Jan/2024:09:40:00 +0800] "GET /xingrg/all/function/internal_message.html?_=1704246000070&CODE_STATE=getMsg HTTP/1.1" 200 27
116.224.122.193 - - [03/Jan/2024:09:40:02 +0800] "GET /xingrg/all/function/internal_message.html?_=1704246001843&CODE_STATE=getMsg HTTP/1.1" 200 27
116.224.122.193 - - [03/Jan/2024:09:40:02 +0800] "GET /xingrg/check_reg.html?_=1704246001846 HTTP/1.1" 200 22
180.169.147.146 - - [03/Jan/2024:09:40:02 +0800] "POST /xingrg/kc/base/check_list_operate.html HTTP/1.1" 200 5529
180.169.147.146 - - [03/Jan/2024:09:40:05 +0800] "POST /xingrg/kc/base/check_list_operate.html HTTP/1.1" 200 5654
116.232.193.168 - - [03/Jan/2024:09:40:08 +0800] "GET /xingrg/all/function/internal_message.html?_=1704245970226&CODE_STATE=getMsg HTTP/1.1" 200 27
222.67.232.215 - - [03/Jan/2024:09:40:09 +0800] "GET /xingrg/kc/buy/cgsh_order_operate.html?command=get_materiel&rest_code=00141&code=00101008096&supplier_code=00100007&order_time=2024-01-03 HTTP/1.1" 200 413
180.169.147.146 - - [03/Jan/2024:09:40:09 +0800] "GET /xingrg/kc/base/check_order_info.html?code=452023123100396 HTTP/1.1" 200 23124
101.228.146.191 - - [03/Jan/2024:09:40:09 +0800] "GET /xingrg/all/function/internal_message.html?_=1704246009804&CODE_STATE=getMsg HTTP/1.1" 200 27
180.169.147.146 - - [03/Jan/2024:09:40:09 +0800] "GET /xingrg/dwr/interface/AjaxComOrderService.js HTTP/1.1" 200 18264
180.169.147.146 - - [03/Jan/2024:09:40:09 +0800] "GET /xingrg/dwr/interface/AjaxCheckService.js HTTP/1.1" 200 14003
180.169.147.146 - - [03/Jan/2024:09:40:09 +0800] "GET /xingrg/dwr/engine.js HTTP/1.1" 200 43631
180.169.147.146 - - [03/Jan/2024:09:40:10 +0800] "POST /xingrg/dwr/call/plaincall/AjaxCheckService.loadOrderItems.dwr HTTP/1.1" 200 2770
222.67.232.215 - - [03/Jan/2024:09:40:12 +0800] "POST /xingrg/kc/buy/cgsh_order_operate.html HTTP/1.1" 200 2065
101.80.228.56 - - [03/Jan/2024:09:40:13 +0800] "GET /xingrg/all/function/internal_message.html?_=1704246016446&CODE_STATE=getMsg HTTP/1.1" 200 27
101.80.228.56 - - [03/Jan/2024:09:40:13 +0800] "GET /xingrg/check_reg.html?_=1704246016447 HTTP/1.1" 200 22
116.230.116.41 - - [03/Jan/2024:09:40:13 +0800] "POST /xingrg/kc/buy/cgsh_list_operate.html HTTP/1.1" 200 6391
222.70.180.200 - - [03/Jan/2024:09:40:16 +0800] "POST /xingrg/kc/buy/cgsh_list_operate.html HTTP/1.1" 200 3214
222.67.232.215 - - [03/Jan/2024:09:40:18 +0800] "GET /xingrg/kc/buy/cgsh_order_operate.html?command=get_materiel&rest_code=00141&code=00101008199&supplier_code=00100007&order_time=2024-01-03 HTTP/1.1" 200 408
222.67.232.215 - - [03/Jan/2024:09:40:23 +0800] "GET /xingrg/all/function/internal_message.html?_=1704246023326&CODE_STATE=getMsg HTTP/1.1" 200 27
222.67.232.215 - - [03/Jan/2024:09:40:27 +0800] "GET /xingrg/kc/buy/cgsh_order_operate.html?command=get_materiel&rest_code=00141&code=00101008126&supplier_code=00100007&order_time=2024-01-03 HTTP/1.1" 200 412
222.70.180.200 - - [03/Jan/2024:09:40:29 +0800] "GET /xingrg/all/function/internal_message.html?_=1704246029247&CODE_STATE=getMsg HTTP/1.1" 200 27
116.230.116.41 - - [03/Jan/2024:09:40:30 +0800] "POST /xingrg/services/DataTransmitService HTTP/1.1" 200 524
116.230.116.41 - - [03/Jan/2024:09:40:31 +0800] "POST /xingrg/services/DataTransmitService HTTP/1.1" 200 412
124.78.154.219 - - [03/Jan/2024:09:40:31 +0800] "GET /xingrg/all/function/internal_message.html?_=1704246029183&CODE_STATE=getMsg HTTP/1.1" 200 27
124.79.241.187 - - [03/Jan/2024:09:40:33 +0800] "GET /xingrg/all/function/internal_message.html?_=1704246365231&CODE_STATE=getMsg HTTP/1.1" 200 27
114.95.241.104 - - [03/Jan/2024:09:40:34 +0800] "GET /xingrg/all/function/internal_message.html?_=1704246033845&CODE_STATE=getMsg HTTP/1.1" 200 27
222.67.232.215 - - [03/Jan/2024:09:40:35 +0800] "GET /xingrg/kc/buy/cgsh_order_operate.html?command=get_materiel&rest_code=00141&code=00101008087&supplier_code=00100007&order_time=2024-01-03 HTTP/1.1" 200 412
222.70.180.200 - - [03/Jan/2024:09:40:36 +0800] "GET /xingrg/all/function/internal_message.html?_=1704246036079&CODE_STATE=getMsg HTTP/1.1" 200 27
180.169.147.146 - - [03/Jan/2024:09:40:37 +0800] "GET /xingrg/all/function/internal_message.html?_=1704246037281&CODE_STATE=getMsg HTTP/1.1" 200 27
180.169.147.146 - - [03/Jan/2024:09:40:38 +0800] "GET /xingrg/all/function/internal_message.html?_=1704246039391&CODE_STATE=getMsg HTTP/1.1" 200 27
101.83.145.37 - - [03/Jan/2024:09:40:38 +0800] "GET /xingrg/all/function/internal_message.html?_=1704246039310&CODE_STATE=getMsg HTTP/1.1" 200 27
101.83.145.37 - - [03/Jan/2024:09:40:38 +0800] "GET /xingrg/check_reg.html?_=1704246039314 HTTP/1.1" 200 22
116.230.116.41 - - [03/Jan/2024:09:40:41 +0800] "POST /xingrg/kc/buy/cgsh_list_operate.html HTTP/1.1" 200 577
116.230.116.41 - - [03/Jan/2024:09:40:43 +0800] "GET /xingrg/kc/buy/cgsh_order_info.html?code=212023122007350 HTTP/1.1" 200 67805
116.230.116.41 - - [03/Jan/2024:09:40:44 +0800] "GET /xingrg/javascript/easyui/themes/default/validatebox.css HTTP/1.1" 404 1104
116.232.193.168 - - [03/Jan/2024:09:40:44 +0800] "GET /xingrg/all/function/internal_message.html?_=1704246006038&CODE_STATE=getMsg HTTP/1.1" 200 27
116.230.116.41 - - [03/Jan/2024:09:40:45 +0800] "POST /xingrg/kc/buy/cgsh_order_operate.html HTTP/1.1" 200 4154
120.253.135.82 - - [03/Jan/2024:09:40:45 +0800] "GET /xingrg/all/function/internal_message.html?_=1704245863491&CODE_STATE=getMsg HTTP/1.1" 200 27
124.78.154.219 - - [03/Jan/2024:09:40:46 +0800] "GET /xingrg/all/function/internal_message.html?_=1704246046421&CODE_STATE=getMsg HTTP/1.1" 200 27
180.164.1.25 - - [03/Jan/2024:09:40:46 +0800] "GET /xingrg/all/function/internal_message.html?_=1704246045338&CODE_STATE=getMsg HTTP/1.1" 200 27
101.83.145.37 - - [03/Jan/2024:09:40:48 +0800] "GET /xingrg/all/function/internal_message.html?_=1704245815720&CODE_STATE=getMsg HTTP/1.1" 200 27
222.67.232.215 - - [03/Jan/2024:09:40:50 +0800] "GET /xingrg/kc/buy/cgsh_order_operate.html?command=get_materiel&rest_code=00141&code=00101008355&supplier_code=00100007&order_time=2024-01-03 HTTP/1.1" 200 408
114.83.218.109 - - [03/Jan/2024:09:40:52 +0800] "GET /xingrg/all/function/internal_message.html?_=1704246052158&CODE_STATE=getMsg HTTP/1.1" 200 27
114.83.218.109 - - [03/Jan/2024:09:40:53 +0800] "GET /xingrg/check_reg.html?_=1704246052575 HTTP/1.1" 200 22
116.230.116.41 - - [03/Jan/2024:09:40:53 +0800] "GET /xingrg/all/function/internal_message.html?_=1704246063227&CODE_STATE=getMsg HTTP/1.1" 200 27
222.69.132.144 - - [03/Jan/2024:09:40:56 +0800] "GET /xingrg/all/function/internal_message.html?_=1704246059385&CODE_STATE=getMsg HTTP/1.1" 200 27
222.69.132.144 - - [03/Jan/2024:09:40:56 +0800] "GET /xingrg/check_reg.html?_=1704246059388 HTTP/1.1" 200 22
116.232.193.168 - - [03/Jan/2024:09:40:56 +0800] "GET /xingrg/all/function/internal_message.html?_=1704246018172&CODE_STATE=getMsg HTTP/1.1" 200 27
114.95.241.104 - - [03/Jan/2024:09:41:00 +0800] "GET /xingrg/all/function/internal_message.html?_=1704246060065&CODE_STATE=getMsg HTTP/1.1" 200 27
116.224.122.193 - - [03/Jan/2024:09:41:02 +0800] "GET /xingrg/all/function/internal_message.html?_=1704246061836&CODE_STATE=getMsg HTTP/1.1" 200 27
222.70.180.200 - - [03/Jan/2024:09:41:02 +0800] "POST /xingrg/kc/buy/cgsh_list_operate.html HTTP/1.1" 200 207
180.169.147.146 - - [03/Jan/2024:09:41:06 +0800] "GET /xingrg/kc/print/load_config.html?_=1704246066021&kc_code=check HTTP/1.1" 200 2488
180.169.147.146 - - [03/Jan/2024:09:41:06 +0800] "GET /xingrg/kc/print/load_data.html?_=1704246066086&order_code=452023123100396&kc_code=check HTTP/1.1" 200 1767
222.70.180.200 - - [03/Jan/2024:09:41:07 +0800] "POST /xingrg/kc/buy/cgsh_list_operate.html HTTP/1.1" 200 206
116.232.193.168 - - [03/Jan/2024:09:41:09 +0800] "GET /xingrg/all/function/internal_message.html?_=1704246030231&CODE_STATE=getMsg HTTP/1.1" 200 27
101.228.146.191 - - [03/Jan/2024:09:41:09 +0800] "GET /xingrg/check_reg.html?_=1704246069804 HTTP/1.1" 200 22
101.228.146.191 - - [03/Jan/2024:09:41:09 +0800] "GET /xingrg/all/function/internal_message.html?_=1704246069807&CODE_STATE=getMsg HTTP/1.1" 200 27
222.70.180.200 - - [03/Jan/2024:09:41:11 +0800] "POST /xingrg/kc/buy/cgsh_list_operate.html HTTP/1.1" 200 206
116.230.116.41 - - [03/Jan/2024:09:41:11 +0800] "POST /xingrg/kc/buy/cgsh_list_operate.html HTTP/1.1" 200 6391
180.164.1.25 - - [03/Jan/2024:09:41:12 +0800] "GET /xingrg/kc/buy/cgsh_order_operate.html?command=get_materiel&rest_code=00108&code=00101006111&supplier_code=00100012&order_time=2024-01-03 HTTP/1.1" 200 409
101.80.228.56 - - [03/Jan/2024:09:41:13 +0800] "GET /xingrg/all/function/internal_message.html?_=1704246076445&CODE_STATE=getMsg HTTP/1.1" 200 27
222.70.180.200 - - [03/Jan/2024:09:41:13 +0800] "POST /xingrg/kc/buy/cgsh_list_operate.html HTTP/1.1" 200 206
222.67.232.215 - - [03/Jan/2024:09:41:13 +0800] "GET /xingrg/kc/buy/cgsh_order_operate.html?command=get_materiel&rest_code=00141&code=00101008180&supplier_code=00100007&order_time=2024-01-03 HTTP/1.1" 200 412
222.67.232.215 - - [03/Jan/2024:09:41:17 +0800] "POST /xingrg/kc/buy/cgsh_order_operate.html HTTP/1.1" 200 2065
222.67.232.215 - - [03/Jan/2024:09:41:22 +0800] "GET /xingrg/kc/buy/cgsh_order_operate.html?command=get_materiel&rest_code=00141&code=00101008213&supplier_code=00100007&order_time=2024-01-03 HTTP/1.1" 200 412
222.67.232.215 - - [03/Jan/2024:09:41:23 +0800] "GET /xingrg/all/function/internal_message.html?_=1704246083297&CODE_STATE=getMsg HTTP/1.1" 200 27
180.164.1.25 - - [03/Jan/2024:09:41:29 +0800] "GET /xingrg/kc/buy/cgsh_order_operate.html?command=get_materiel&rest_code=00108&code=00101006177&supplier_code=00100012&order_time=2024-01-03 HTTP/1.1" 200 408
222.70.180.200 - - [03/Jan/2024:09:41:29 +0800] "GET /xingrg/all/function/internal_message.html?_=1704246089232&CODE_STATE=getMsg HTTP/1.1" 200 27
124.78.154.219 - - [03/Jan/2024:09:41:30 +0800] "GET /xingrg/check_reg.html?_=1704246088638 HTTP/1.1" 200 22
180.163.29.103 - - [03/Jan/2024:09:41:31 +0800] "GET /xingrg/all/function/internal_message.html?_=1704246029183&CODE_STATE=getMsg HTTP/1.1" 302 -
180.163.29.103 - - [03/Jan/2024:09:41:31 +0800] "GET /xingrg/login.html HTTP/1.1" 200 7641
124.78.154.219 - - [03/Jan/2024:09:41:31 +0800] "GET /xingrg/all/function/internal_message.html?_=1704246089160&CODE_STATE=getMsg HTTP/1.1" 200 27
180.169.147.146 - - [03/Jan/2024:09:41:31 +0800] "GET /xingrg/check_reg.html?_=1704246091139 HTTP/1.1" 200 22
222.67.232.215 - - [03/Jan/2024:09:41:31 +0800] "GET /xingrg/kc/buy/cgsh_order_operate.html?command=get_materiel&rest_code=00141&code=00101008283&supplier_code=00100007&order_time=2024-01-03 HTTP/1.1" 200 408
124.79.241.187 - - [03/Jan/2024:09:41:33 +0800] "GET /xingrg/all/function/internal_message.html?_=1704246425228&CODE_STATE=getMsg HTTP/1.1" 200 27
114.95.241.104 - - [03/Jan/2024:09:41:34 +0800] "GET /xingrg/all/function/internal_message.html?_=1704246093850&CODE_STATE=getMsg HTTP/1.1" 200 27
101.83.145.37 - - [03/Jan/2024:09:41:35 +0800] "POST /xingrg/kc/buy/cgsh_order_operate.html HTTP/1.1" 200 37
222.70.180.200 - - [03/Jan/2024:09:41:36 +0800] "GET /xingrg/all/function/internal_message.html?_=1704246096074&CODE_STATE=getMsg HTTP/1.1" 200 27
180.169.147.146 - - [03/Jan/2024:09:41:37 +0800] "GET /xingrg/all/function/internal_message.html?_=1704246097259&CODE_STATE=getMsg HTTP/1.1" 200 27
101.83.145.37 - - [03/Jan/2024:09:41:38 +0800] "POST /xingrg/kc/buy/cgsh_order_operate.html HTTP/1.1" 200 2661
180.169.147.146 - - [03/Jan/2024:09:41:38 +0800] "GET /xingrg/all/function/internal_message.html?_=1704246099400&CODE_STATE=getMsg HTTP/1.1" 200 27
101.83.145.37 - - [03/Jan/2024:09:41:38 +0800] "GET /xingrg/all/function/internal_message.html?_=1704246099302&CODE_STATE=getMsg HTTP/1.1" 200 27
101.83.145.37 - - [03/Jan/2024:09:41:39 +0800] "GET /xingrg/kc/print/load_data.html?order_code=212024010300857&kc_code=cgsh&condition= HTTP/1.1" 200 646
222.67.232.215 - - [03/Jan/2024:09:41:42 +0800] "GET /xingrg/kc/buy/cgsh_order_operate.html?command=get_materiel&rest_code=00141&code=00101008372&supplier_code=00100007&order_time=2024-01-03 HTTP/1.1" 200 408
116.232.193.168 - - [03/Jan/2024:09:41:44 +0800] "GET /xingrg/all/function/internal_message.html?_=1704246066030&CODE_STATE=getMsg HTTP/1.1" 200 27
124.78.154.219 - - [03/Jan/2024:09:41:46 +0800] "GET /xingrg/all/function/internal_message.html?_=1704246106420&CODE_STATE=getMsg HTTP/1.1" 200 27
124.78.154.219 - - [03/Jan/2024:09:41:46 +0800] "GET /xingrg/check_reg.html?_=1704246106422 HTTP/1.1" 200 22
120.253.135.82 - - [03/Jan/2024:09:41:46 +0800] "GET /xingrg/all/function/internal_message.html?_=1704245923711&CODE_STATE=getMsg HTTP/1.1" 200 27
180.164.1.25 - - [03/Jan/2024:09:41:46 +0800] "GET /xingrg/all/function/internal_message.html?_=1704246105332&CODE_STATE=getMsg HTTP/1.1" 200 27
180.164.1.25 - - [03/Jan/2024:09:41:46 +0800] "GET /xingrg/check_reg.html?_=1704246105440 HTTP/1.1" 200 22
222.70.180.200 - - [03/Jan/2024:09:41:46 +0800] "POST /xingrg/kc/buy/cgsh_list_operate.html HTTP/1.1" 200 5994
101.83.145.37 - - [03/Jan/2024:09:41:48 +0800] "GET /xingrg/check_reg.html?_=1704245875765 HTTP/1.1" 200 22
101.83.145.37 - - [03/Jan/2024:09:41:48 +0800] "GET /xingrg/all/function/internal_message.html?_=1704245875766&CODE_STATE=getMsg HTTP/1.1" 200 27
114.83.218.109 - - [03/Jan/2024:09:41:52 +0800] "GET /xingrg/all/function/internal_message.html?_=1704246112147&CODE_STATE=getMsg HTTP/1.1" 200 27
116.230.116.41 - - [03/Jan/2024:09:41:53 +0800] "GET /xingrg/all/function/internal_message.html?_=1704246123241&CODE_STATE=getMsg HTTP/1.1" 200 27
222.69.132.144 - - [03/Jan/2024:09:41:56 +0800] "GET /xingrg/all/function/internal_message.html?_=1704246119377&CODE_STATE=getMsg HTTP/1.1" 200 27
116.232.193.168 - - [03/Jan/2024:09:41:56 +0800] "GET /xingrg/all/function/internal_message.html?_=1704246078153&CODE_STATE=getMsg HTTP/1.1" 200 27
180.164.1.25 - - [03/Jan/2024:09:41:57 +0800] "GET /xingrg/kc/buy/cgsh_order_operate.html?command=get_materiel&rest_code=00108&code=00101001010&supplier_code=00100012&order_time=2024-01-03 HTTP/1.1" 200 409
114.95.241.104 - - [03/Jan/2024:09:42:00 +0800] "GET /xingrg/all/function/internal_message.html?_=1704246120079&CODE_STATE=getMsg HTTP/1.1" 200 27
116.224.122.193 - - [03/Jan/2024:09:42:02 +0800] "GET /xingrg/all/function/internal_message.html?_=1704246121825&CODE_STATE=getMsg HTTP/1.1" 200 27
116.232.193.168 - - [03/Jan/2024:09:42:06 +0800] "GET /xingrg/check_reg.html?_=1704246087811 HTTP/1.1" 200 22
116.232.193.168 - - [03/Jan/2024:09:42:08 +0800] "GET /xingrg/all/function/internal_message.html?_=1704246090221&CODE_STATE=getMsg HTTP/1.1" 200 27
101.228.146.191 - - [03/Jan/2024:09:42:09 +0800] "GET /xingrg/all/function/internal_message.html?_=1704246129820&CODE_STATE=getMsg HTTP/1.1" 200 27
222.67.232.215 - - [03/Jan/2024:09:42:10 +0800] "POST /xingrg/kc/buy/cgsh_order_operate.html HTTP/1.1" 200 37
180.164.1.25 - - [03/Jan/2024:09:42:13 +0800] "GET /xingrg/kc/buy/cgsh_order_operate.html?command=get_materiel&rest_code=00108&code=00101002027&supplier_code=00100012&order_time=2024-01-03 HTTP/1.1" 200 413
101.80.228.56 - - [03/Jan/2024:09:42:13 +0800] "GET /xingrg/all/function/internal_message.html?_=1704246136451&CODE_STATE=getMsg HTTP/1.1" 200 27
222.70.180.200 - - [03/Jan/2024:09:42:14 +0800] "POST /xingrg/all/common/load_tree.html?tree=supplier_tree_json&manage=1 HTTP/1.1" 200 79575
222.70.180.200 - - [03/Jan/2024:09:42:16 +0800] "GET /xingrg/javascript/easyui/themes/default/images/tree_folder.gif HTTP/1.1" 200 952
222.70.180.200 - - [03/Jan/2024:09:42:16 +0800] "GET /xingrg/javascript/easyui/themes/default/images/tree_file.gif HTTP/1.1" 200 118
180.164.1.25 - - [03/Jan/2024:09:42:29 +0800] "POST /xingrg/kc/buy/cgsh_order_operate.html HTTP/1.1" 200 37
222.70.180.200 - - [03/Jan/2024:09:42:29 +0800] "GET /xingrg/all/function/internal_message.html?_=1704246149215&CODE_STATE=getMsg HTTP/1.1" 200 27
180.164.1.25 - - [03/Jan/2024:09:42:30 +0800] "POST /xingrg/kc/buy/cgsh_order_operate.html HTTP/1.1" 200 5618
180.163.29.219 - - [03/Jan/2024:09:42:31 +0800] "GET /xingrg/check_reg.html?_=1704246088638 HTTP/1.1" 302 -
222.67.232.215 - - [03/Jan/2024:09:42:31 +0800] "POST /xingrg/kc/buy/cgsh_order_operate.html HTTP/1.1" 200 26920
124.78.154.219 - - [03/Jan/2024:09:42:31 +0800] "GET /xingrg/all/function/internal_message.html?_=1704246149146&CODE_STATE=getMsg HTTP/1.1" 200 27
180.163.29.219 - - [03/Jan/2024:09:42:31 +0800] "GET /xingrg/login.html HTTP/1.1" 200 7641
180.164.1.25 - - [03/Jan/2024:09:42:32 +0800] "GET /xingrg/kc/print/load_data.html?order_code=212024010300859&kc_code=cgsh&condition= HTTP/1.1" 200 1903
124.79.241.187 - - [03/Jan/2024:09:42:33 +0800] "GET /xingrg/all/function/internal_message.html?_=1704246485253&CODE_STATE=getMsg HTTP/1.1" 200 27
124.79.241.187 - - [03/Jan/2024:09:42:33 +0800] "GET /xingrg/check_reg.html?_=1704246485253 HTTP/1.1" 200 22
222.70.180.200 - - [03/Jan/2024:09:42:33 +0800] "POST /xingrg/kc/buy/cgsh_list_operate.html HTTP/1.1" 200 6086
114.95.241.104 - - [03/Jan/2024:09:42:34 +0800] "GET /xingrg/check_reg.html?_=1704246153847 HTTP/1.1" 200 22
114.95.241.104 - - [03/Jan/2024:09:42:34 +0800] "GET /xingrg/all/function/internal_message.html?_=1704246153850&CODE_STATE=getMsg HTTP/1.1" 200 27
222.67.232.215 - - [03/Jan/2024:09:42:35 +0800] "GET /xingrg/css/new_ie.css HTTP/1.1" 404 1036
180.164.1.25 - - [03/Jan/2024:09:42:36 +0800] "GET /xingrg/kc/buy/cgsh_order_add.html HTTP/1.1" 200 72986
222.67.232.215 - - [03/Jan/2024:09:42:36 +0800] "GET /xingrg/images/yd/bt.gif HTTP/1.1" 404 1040
222.70.180.200 - - [03/Jan/2024:09:42:36 +0800] "GET /xingrg/all/function/internal_message.html?_=1704246156072&CODE_STATE=getMsg HTTP/1.1" 200 27
180.164.1.25 - - [03/Jan/2024:09:42:36 +0800] "POST /xingrg/kc/buy/cgsh_order_operate.html HTTP/1.1" 200 8245
180.164.1.25 - - [03/Jan/2024:09:42:36 +0800] "GET /xingrg/javascript/easyui/themes/default/validatebox.css HTTP/1.1" 404 1104
180.169.147.146 - - [03/Jan/2024:09:42:37 +0800] "GET /xingrg/all/function/internal_message.html?_=1704246157235&CODE_STATE=getMsg HTTP/1.1" 200 27
180.169.147.146 - - [03/Jan/2024:09:42:38 +0800] "GET /xingrg/check_reg.html?_=1704246159713 HTTP/1.1" 200 22
180.169.147.146 - - [03/Jan/2024:09:42:38 +0800] "GET /xingrg/all/function/internal_message.html?_=1704246159711&CODE_STATE=getMsg HTTP/1.1" 200 27
101.83.145.37 - - [03/Jan/2024:09:42:38 +0800] "GET /xingrg/all/function/internal_message.html?_=1704246159303&CODE_STATE=getMsg HTTP/1.1" 200 27
222.67.232.215 - - [03/Jan/2024:09:42:39 +0800] "GET /xingrg/check_reg.html?_=1704246159378 HTTP/1.1" 200 22
222.67.232.215 - - [03/Jan/2024:09:42:40 +0800] "POST /xingrg/kc/buy/cgsh_list_operate.html HTTP/1.1" 200 1869
116.232.193.168 - - [03/Jan/2024:09:42:44 +0800] "GET /xingrg/check_reg.html?_=1704246126040 HTTP/1.1" 200 22
116.232.193.168 - - [03/Jan/2024:09:42:44 +0800] "GET /xingrg/all/function/internal_message.html?_=1704246126044&CODE_STATE=getMsg HTTP/1.1" 200 27
124.78.154.219 - - [03/Jan/2024:09:42:46 +0800] "GET /xingrg/all/function/internal_message.html?_=1704246166408&CODE_STATE=getMsg HTTP/1.1" 200 27
120.253.135.82 - - [03/Jan/2024:09:42:46 +0800] "GET /xingrg/all/function/internal_message.html?_=1704245983721&CODE_STATE=getMsg HTTP/1.1" 200 27
58.40.7.146 - - [03/Jan/2024:09:42:46 +0800] "POST /xingrg/services/DataTransmitService HTTP/1.1" 200 524
180.164.1.25 - - [03/Jan/2024:09:42:46 +0800] "GET /xingrg/kc/buy/cgsh_order_operate.html?command=get_materiel&rest_code=00108&code=00101007072&supplier_code=00100002&order_time=2024-01-03 HTTP/1.1" 200 419
180.164.1.25 - - [03/Jan/2024:09:42:46 +0800] "GET /xingrg/all/function/internal_message.html?_=1704246165317&CODE_STATE=getMsg HTTP/1.1" 200 27
101.83.145.37 - - [03/Jan/2024:09:42:49 +0800] "GET /xingrg/all/function/internal_message.html?_=1704245935831&CODE_STATE=getMsg HTTP/1.1" 200 27
116.232.193.168 - - [03/Jan/2024:09:42:49 +0800] "GET /xingrg/kc/buy/cgsh_order_add.html HTTP/1.1" 200 72941
116.232.193.168 - - [03/Jan/2024:09:42:50 +0800] "GET /xingrg/words/20240102141541_words.js HTTP/1.1" 304 -
116.232.193.168 - - [03/Jan/2024:09:42:50 +0800] "POST /xingrg/kc/buy/cgsh_order_operate.html HTTP/1.1" 200 8245
116.232.193.168 - - [03/Jan/2024:09:42:50 +0800] "GET /xingrg/javascript/easyui/themes/default/validatebox.css HTTP/1.1" 404 1104
116.232.193.168 - - [03/Jan/2024:09:42:50 +0800] "GET /xingrg/all/common/auto_word.html?type=employee&rest_code=00155 HTTP/1.1" 200 255
116.232.193.168 - - [03/Jan/2024:09:42:50 +0800] "GET /xingrg/all/common/auto_word.html?type=employee&rest_code=00155 HTTP/1.1" 200 255
116.230.116.41 - - [03/Jan/2024:09:42:50 +0800] "GET /xingrg/check_reg.html?_=1704246180566 HTTP/1.1" 200 22
114.83.218.109 - - [03/Jan/2024:09:42:52 +0800] "GET /xingrg/all/function/internal_message.html?_=1704246172124&CODE_STATE=getMsg HTTP/1.1" 200 27
116.230.116.41 - - [03/Jan/2024:09:42:53 +0800] "GET /xingrg/all/function/internal_message.html?_=1704246183253&CODE_STATE=getMsg HTTP/1.1" 200 27
180.164.1.25 - - [03/Jan/2024:09:42:56 +0800] "POST /xingrg/kc/buy/cgsh_order_operate.html HTTP/1.1" 200 37
222.69.132.144 - - [03/Jan/2024:09:42:56 +0800] "GET /xingrg/all/function/internal_message.html?_=1704246179391&CODE_STATE=getMsg HTTP/1.1" 200 27
116.232.193.168 - - [03/Jan/2024:09:42:56 +0800] "GET /xingrg/all/function/internal_message.html?_=1704246138134&CODE_STATE=getMsg HTTP/1.1" 200 27
180.164.1.25 - - [03/Jan/2024:09:42:58 +0800] "POST /xingrg/kc/buy/cgsh_order_operate.html HTTP/1.1" 200 2663
180.164.1.25 - - [03/Jan/2024:09:42:59 +0800] "GET /xingrg/kc/print/load_data.html?order_code=212024010300860&kc_code=cgsh&condition= HTTP/1.1" 200 764
114.95.241.104 - - [03/Jan/2024:09:43:00 +0800] "GET /xingrg/all/function/internal_message.html?_=1704246180077&CODE_STATE=getMsg HTTP/1.1" 200 27
116.230.116.41 - - [03/Jan/2024:09:43:01 +0800] "POST /xingrg/kc/buy/cgsh_list_operate.html HTTP/1.1" 200 6262
116.224.122.193 - - [03/Jan/2024:09:43:02 +0800] "GET /xingrg/all/function/internal_message.html?_=1704246181831&CODE_STATE=getMsg HTTP/1.1" 200 27
180.164.1.25 - - [03/Jan/2024:09:43:03 +0800] "GET /xingrg/kc/buy/cgsh_order_add.html HTTP/1.1" 200 72986
180.164.1.25 - - [03/Jan/2024:09:43:03 +0800] "POST /xingrg/kc/buy/cgsh_order_operate.html HTTP/1.1" 200 8245
180.164.1.25 - - [03/Jan/2024:09:43:03 +0800] "GET /xingrg/javascript/easyui/themes/default/validatebox.css HTTP/1.1" 404 1104
116.232.193.168 - - [03/Jan/2024:09:43:08 +0800] "GET /xingrg/all/function/internal_message.html?_=1704246150224&CODE_STATE=getMsg HTTP/1.1" 200 27
101.228.146.191 - - [03/Jan/2024:09:43:09 +0800] "GET /xingrg/all/function/internal_message.html?_=1704246189804&CODE_STATE=getMsg HTTP/1.1" 200 27
101.80.228.56 - - [03/Jan/2024:09:43:13 +0800] "GET /xingrg/all/function/internal_message.html?_=1704246196442&CODE_STATE=getMsg HTTP/1.1" 200 27
116.232.193.168 - - [03/Jan/2024:09:43:14 +0800] "POST /xingrg/services/DataTransmitService HTTP/1.1" 200 524
180.169.147.146 - - [03/Jan/2024:09:43:18 +0800] "POST /xingrg/dwr/call/plaincall/AjaxReportQueryService.refreshCache.dwr HTTP/1.1" 200 78
116.230.116.41 - - [03/Jan/2024:09:43:18 +0800] "POST /xingrg/kc/buy/cgsh_list_operate.html HTTP/1.1" 200 573
180.169.147.146 - - [03/Jan/2024:09:43:19 +0800] "POST /xingrg/all/report/load_report_page.html HTTP/1.1" 200 53031
180.169.147.146 - - [03/Jan/2024:09:43:20 +0800] "GET /xingrg/servlets/image?cache=0.8465140093186411&image=px HTTP/1.1" 200 807
180.164.1.25 - - [03/Jan/2024:09:43:20 +0800] "GET /xingrg/javascript/jquery_tools/images/prev.gif HTTP/1.1" 404 1086
180.164.1.25 - - [03/Jan/2024:09:43:20 +0800] "GET /xingrg/javascript/jquery_tools/images/next.gif HTTP/1.1" 404 1086
222.67.232.215 - - [03/Jan/2024:09:43:23 +0800] "GET /xingrg/all/function/internal_message.html?_=1704246203314&CODE_STATE=getMsg HTTP/1.1" 200 27
116.232.193.168 - - [03/Jan/2024:09:43:25 +0800] "GET /xingrg/javascript/auto/indicator.gif HTTP/1.1" 404 1066
116.232.193.168 - - [03/Jan/2024:09:43:28 +0800] "GET /xingrg/javascript/jquery_tools/images/prev.gif HTTP/1.1" 404 1086
116.232.193.168 - - [03/Jan/2024:09:43:28 +0800] "GET /xingrg/javascript/jquery_tools/images/next.gif HTTP/1.1" 404 1086
222.70.180.200 - - [03/Jan/2024:09:43:29 +0800] "GET /xingrg/all/function/internal_message.html?_=1704246209200&CODE_STATE=getMsg HTTP/1.1" 200 27
180.164.1.25 - - [03/Jan/2024:09:43:29 +0800] "GET /xingrg/kc/buy/cgsh_order_operate.html?command=get_materiel&rest_code=00108&code=00101002007&supplier_code=00100199&order_time=2024-01-03 HTTP/1.1" 200 409
124.78.154.219 - - [03/Jan/2024:09:43:31 +0800] "GET /xingrg/all/function/internal_message.html?_=1704246209137&CODE_STATE=getMsg HTTP/1.1" 200 27
180.163.30.76 - - [03/Jan/2024:09:43:31 +0800] "GET /xingrg/all/function/internal_message.html?_=1704246149146&CODE_STATE=getMsg HTTP/1.1" 302 -
180.163.30.76 - - [03/Jan/2024:09:43:31 +0800] "GET /xingrg/login.html HTTP/1.1" 200 7641
124.79.241.187 - - [03/Jan/2024:09:43:33 +0800] "GET /xingrg/all/function/internal_message.html?_=1704246545267&CODE_STATE=getMsg HTTP/1.1" 200 27
114.95.241.104 - - [03/Jan/2024:09:43:34 +0800] "GET /xingrg/all/function/internal_message.html?_=1704246213868&CODE_STATE=getMsg HTTP/1.1" 200 27
222.70.180.200 - - [03/Jan/2024:09:43:36 +0800] "GET /xingrg/check_reg.html?_=1704246216085 HTTP/1.1" 200 22
222.70.180.200 - - [03/Jan/2024:09:43:36 +0800] "GET /xingrg/all/function/internal_message.html?_=1704246216089&CODE_STATE=getMsg HTTP/1.1" 200 27
180.169.147.146 - - [03/Jan/2024:09:43:37 +0800] "GET /xingrg/all/function/internal_message.html?_=1704246217221&CODE_STATE=getMsg HTTP/1.1" 200 27
180.169.147.146 - - [03/Jan/2024:09:43:38 +0800] "GET /xingrg/all/function/internal_message.html?_=1704246219693&CODE_STATE=getMsg HTTP/1.1" 200 27
101.83.145.37 - - [03/Jan/2024:09:43:38 +0800] "GET /xingrg/all/function/internal_message.html?_=1704246219304&CODE_STATE=getMsg HTTP/1.1" 200 27
116.232.193.168 - - [03/Jan/2024:09:43:42 +0800] "GET /xingrg/kc/buy/cgsh_order_operate.html?command=get_materiel&rest_code=00155&code=00101008072&supplier_code=00100005&order_time=2024-01-03 HTTP/1.1" 200 408
116.232.193.168 - - [03/Jan/2024:09:43:44 +0800] "GET /xingrg/all/function/internal_message.html?_=1704246186050&CODE_STATE=getMsg HTTP/1.1" 200 27
124.78.154.219 - - [03/Jan/2024:09:43:46 +0800] "GET /xingrg/all/function/internal_message.html?_=1704246226390&CODE_STATE=getMsg HTTP/1.1" 200 27
120.253.135.82 - - [03/Jan/2024:09:43:46 +0800] "GET /xingrg/all/function/internal_message.html?_=1704246043968&CODE_STATE=getMsg HTTP/1.1" 200 27
180.164.1.25 - - [03/Jan/2024:09:43:46 +0800] "GET /xingrg/all/function/internal_message.html?_=1704246225299&CODE_STATE=getMsg HTTP/1.1" 200 27
114.83.218.109 - - [03/Jan/2024:09:43:48 +0800] "POST /xingrg/services/DataTransmitService HTTP/1.1" 200 524
180.169.147.146 - - [03/Jan/2024:09:43:48 +0800] "POST /xingrg/all/report/report_print.html HTTP/1.1" 200 7680
101.83.145.37 - - [03/Jan/2024:09:43:49 +0800] "GET /xingrg/all/function/internal_message.html?_=1704245995855&CODE_STATE=getMsg HTTP/1.1" 200 27
172.20.0.100 - - [03/Jan/2024:09:43:49 +0800] "GET /favicon.ico HTTP/1.1" 404 -
114.83.218.109 - - [03/Jan/2024:09:43:52 +0800] "GET /xingrg/all/function/internal_message.html?_=1704246232091&CODE_STATE=getMsg HTTP/1.1" 200 27
116.230.116.41 - - [03/Jan/2024:09:43:53 +0800] "GET /xingrg/all/function/internal_message.html?_=1704246243268&CODE_STATE=getMsg HTTP/1.1" 200 27
180.164.1.25 - - [03/Jan/2024:09:43:54 +0800] "GET /xingrg/kc/buy/cgsh_order_operate.html?command=get_materiel&rest_code=00108&code=00101002006&supplier_code=00100199&order_time=2024-01-03 HTTP/1.1" 200 414
116.230.116.41 - - [03/Jan/2024:09:43:55 +0800] "POST /xingrg/kc/buy/cgsh_list_operate.html HTTP/1.1" 200 571
222.69.132.144 - - [03/Jan/2024:09:43:56 +0800] "GET /xingrg/all/function/internal_message.html?_=1704246239391&CODE_STATE=getMsg HTTP/1.1" 200 27
116.232.193.168 - - [03/Jan/2024:09:43:56 +0800] "GET /xingrg/all/function/internal_message.html?_=1704246198112&CODE_STATE=getMsg HTTP/1.1" 200 27
116.230.116.41 - - [03/Jan/2024:09:43:57 +0800] "GET /xingrg/kc/buy/cgsh_order_info.html?code=212023120903207 HTTP/1.1" 200 67805
116.230.116.41 - - [03/Jan/2024:09:43:58 +0800] "GET /xingrg/javascript/easyui/themes/default/validatebox.css HTTP/1.1" 404 1104
116.230.116.41 - - [03/Jan/2024:09:43:59 +0800] "POST /xingrg/kc/buy/cgsh_order_operate.html HTTP/1.1" 200 5332
114.95.241.104 - - [03/Jan/2024:09:44:00 +0800] "GET /xingrg/check_reg.html?_=1704246240053 HTTP/1.1" 200 22
114.95.241.104 - - [03/Jan/2024:09:44:00 +0800] "GET /xingrg/all/function/internal_message.html?_=1704246240056&CODE_STATE=getMsg HTTP/1.1" 200 27
222.70.180.200 - - [03/Jan/2024:09:44:00 +0800] "POST /xingrg/kc/buy/cgsh_list_operate.html HTTP/1.1" 200 6296
116.224.122.193 - - [03/Jan/2024:09:44:02 +0800] "GET /xingrg/all/function/internal_message.html?_=1704246241830&CODE_STATE=getMsg HTTP/1.1" 200 27
180.164.1.25 - - [03/Jan/2024:09:44:04 +0800] "POST /xingrg/kc/buy/cgsh_order_operate.html HTTP/1.1" 200 37
114.95.241.104 - - [03/Jan/2024:09:44:06 +0800] "GET /xingrg/kc/buy/cgsh_order_operate.html?command=get_materiel&rest_code=00151&code=00102002610&supplier_code=00100151&order_time=2024-01-03 HTTP/1.1" 200 422
180.164.1.25 - - [03/Jan/2024:09:44:07 +0800] "POST /xingrg/kc/buy/cgsh_order_operate.html HTTP/1.1" 200 3252
116.232.193.168 - - [03/Jan/2024:09:44:08 +0800] "GET /xingrg/check_reg.html?_=1704246210213 HTTP/1.1" 200 22
116.232.193.168 - - [03/Jan/2024:09:44:09 +0800] "GET /xingrg/all/function/internal_message.html?_=1704246210215&CODE_STATE=getMsg HTTP/1.1" 200 27
101.228.146.191 - - [03/Jan/2024:09:44:09 +0800] "GET /xingrg/all/function/internal_message.html?_=1704246249804&CODE_STATE=getMsg HTTP/1.1" 200 27
180.164.1.25 - - [03/Jan/2024:09:44:09 +0800] "GET /xingrg/kc/print/load_data.html?order_code=212024010300861&kc_code=cgsh&condition= HTTP/1.1" 200 920
101.80.228.56 - - [03/Jan/2024:09:44:13 +0800] "GET /xingrg/all/function/internal_message.html?_=1704246256447&CODE_STATE=getMsg HTTP/1.1" 200 27
114.95.241.104 - - [03/Jan/2024:09:44:19 +0800] "GET /xingrg/kc/buy/cgsh_order_operate.html?command=get_materiel&rest_code=00151&code=00102015106&supplier_code=00100151&order_time=2024-01-03 HTTP/1.1" 200 418
116.232.193.168 - - [03/Jan/2024:09:44:20 +0800] "GET /xingrg/kc/buy/cgsh_order_operate.html?command=get_materiel&rest_code=00155&code=00101008238&supplier_code=00100005&order_time=2024-01-03 HTTP/1.1" 200 416
222.67.232.215 - - [03/Jan/2024:09:44:23 +0800] "GET /xingrg/all/function/internal_message.html?_=1704246263298&CODE_STATE=getMsg HTTP/1.1" 200 27
120.253.135.82 - - [03/Jan/2024:09:44:26 +0800] "GET /xingrg/check_reg.html?_=1704246083970 HTTP/1.1" 200 22
222.70.180.200 - - [03/Jan/2024:09:44:29 +0800] "GET /xingrg/all/function/internal_message.html?_=1704246269186&CODE_STATE=getMsg HTTP/1.1" 200 27
222.70.180.200 - - [03/Jan/2024:09:44:30 +0800] "GET /xingrg/check_reg.html?_=1704246269516 HTTP/1.1" 200 22
180.163.29.79 - - [03/Jan/2024:09:44:31 +0800] "GET /xingrg/all/function/internal_message.html?_=1704246209137&CODE_STATE=getMsg HTTP/1.1" 302 -
180.163.29.79 - - [03/Jan/2024:09:44:31 +0800] "GET /xingrg/login.html HTTP/1.1" 200 7641
124.78.154.219 - - [03/Jan/2024:09:44:31 +0800] "GET /xingrg/all/function/internal_message.html?_=1704246269107&CODE_STATE=getMsg HTTP/1.1" 200 27
116.230.116.41 - - [03/Jan/2024:09:44:31 +0800] "POST /xingrg/kc/buy/cgsh_list_operate.html HTTP/1.1" 200 6262
124.79.241.187 - - [03/Jan/2024:09:44:33 +0800] "GET /xingrg/all/function/internal_message.html?_=1704246605265&CODE_STATE=getMsg HTTP/1.1" 200 27
114.95.241.104 - - [03/Jan/2024:09:44:34 +0800] "GET /xingrg/all/function/internal_message.html?_=1704246273868&CODE_STATE=getMsg HTTP/1.1" 200 27
222.70.180.200 - - [03/Jan/2024:09:44:35 +0800] "POST /xingrg/kc/buy/cgsh_list_operate.html HTTP/1.1" 200 6147
222.70.180.200 - - [03/Jan/2024:09:44:36 +0800] "GET /xingrg/all/function/internal_message.html?_=1704246276067&CODE_STATE=getMsg HTTP/1.1" 200 27
180.169.147.146 - - [03/Jan/2024:09:44:37 +0800] "GET /xingrg/all/function/internal_message.html?_=1704246277212&CODE_STATE=getMsg HTTP/1.1" 200 27
180.169.147.146 - - [03/Jan/2024:09:44:38 +0800] "GET /xingrg/all/function/internal_message.html?_=1704246279672&CODE_STATE=getMsg HTTP/1.1" 200 27
101.83.145.37 - - [03/Jan/2024:09:44:38 +0800] "GET /xingrg/all/function/internal_message.html?_=1704246279302&CODE_STATE=getMsg HTTP/1.1" 200 27
116.232.193.168 - - [03/Jan/2024:09:44:41 +0800] "GET /xingrg/kc/buy/cgsh_order_operate.html?command=get_materiel&rest_code=00155&code=00101008321&supplier_code=00100005&order_time=2024-01-03 HTTP/1.1" 200 412
116.232.193.168 - - [03/Jan/2024:09:44:45 +0800] "GET /xingrg/all/function/internal_message.html?_=1704246246038&CODE_STATE=getMsg HTTP/1.1" 200 27
124.78.154.219 - - [03/Jan/2024:09:44:46 +0800] "GET /xingrg/all/function/internal_message.html?_=1704246286398&CODE_STATE=getMsg HTTP/1.1" 200 27
120.253.135.82 - - [03/Jan/2024:09:44:46 +0800] "GET /xingrg/all/function/internal_message.html?_=1704246104073&CODE_STATE=getMsg HTTP/1.1" 200 27
180.164.1.25 - - [03/Jan/2024:09:44:46 +0800] "GET /xingrg/all/function/internal_message.html?_=1704246285284&CODE_STATE=getMsg HTTP/1.1" 200 27
101.83.145.37 - - [03/Jan/2024:09:44:49 +0800] "GET /xingrg/all/function/internal_message.html?_=1704246055912&CODE_STATE=getMsg HTTP/1.1" 200 27
114.83.218.109 - - [03/Jan/2024:09:44:52 +0800] "GET /xingrg/all/function/internal_message.html?_=1704246292069&CODE_STATE=getMsg HTTP/1.1" 200 27
116.230.116.41 - - [03/Jan/2024:09:44:53 +0800] "GET /xingrg/all/function/internal_message.html?_=1704246303365&CODE_STATE=getMsg HTTP/1.1" 200 27
222.69.132.144 - - [03/Jan/2024:09:44:57 +0800] "GET /xingrg/all/function/internal_message.html?_=1704246299389&CODE_STATE=getMsg HTTP/1.1" 200 27
116.232.193.168 - - [03/Jan/2024:09:44:57 +0800] "GET /xingrg/all/function/internal_message.html?_=1704246258095&CODE_STATE=getMsg HTTP/1.1" 200 27
116.232.193.168 - - [03/Jan/2024:09:44:59 +0800] "GET /xingrg/kc/buy/cgsh_order_operate.html?command=get_materiel&rest_code=00155&code=00101008251&supplier_code=00100005&order_time=2024-01-03 HTTP/1.1" 200 408
114.95.241.104 - - [03/Jan/2024:09:45:00 +0800] "GET /xingrg/all/function/internal_message.html?_=1704246300082&CODE_STATE=getMsg HTTP/1.1" 200 27
116.224.122.193 - - [03/Jan/2024:09:45:02 +0800] "GET /xingrg/check_reg.html?_=1704246301845 HTTP/1.1" 200 22
116.224.122.193 - - [03/Jan/2024:09:45:02 +0800] "GET /xingrg/all/function/internal_message.html?_=1704246301842&CODE_STATE=getMsg HTTP/1.1" 200 27
116.232.193.168 - - [03/Jan/2024:09:45:09 +0800] "GET /xingrg/all/function/internal_message.html?_=1704246270225&CODE_STATE=getMsg HTTP/1.1" 200 27
101.228.146.191 - - [03/Jan/2024:09:45:10 +0800] "GET /xingrg/all/function/internal_message.html?_=1704246309804&CODE_STATE=getMsg HTTP/1.1" 200 27
101.80.228.56 - - [03/Jan/2024:09:45:13 +0800] "GET /xingrg/check_reg.html?_=1704246316453 HTTP/1.1" 200 22
101.80.228.56 - - [03/Jan/2024:09:45:13 +0800] "GET /xingrg/all/function/internal_message.html?_=1704246316461&CODE_STATE=getMsg HTTP/1.1" 200 27
222.67.232.215 - - [03/Jan/2024:09:45:23 +0800] "GET /xingrg/all/function/internal_message.html?_=1704246323279&CODE_STATE=getMsg HTTP/1.1" 200 27
116.232.193.168 - - [03/Jan/2024:09:45:23 +0800] "GET /xingrg/kc/buy/cgsh_order_operate.html?command=get_materiel&rest_code=00155&code=00101008352&supplier_code=00100005&order_time=2024-01-03 HTTP/1.1" 200 412
222.70.180.200 - - [03/Jan/2024:09:45:29 +0800] "GET /xingrg/all/function/internal_message.html?_=1704246329173&CODE_STATE=getMsg HTTP/1.1" 200 27
180.163.30.85 - - [03/Jan/2024:09:45:31 +0800] "GET /xingrg/all/function/internal_message.html?_=1704246269107&CODE_STATE=getMsg HTTP/1.1" 302 -
180.163.30.85 - - [03/Jan/2024:09:45:31 +0800] "GET /xingrg/login.html HTTP/1.1" 200 7641
124.78.154.219 - - [03/Jan/2024:09:45:31 +0800] "GET /xingrg/all/function/internal_message.html?_=1704246329078&CODE_STATE=getMsg HTTP/1.1" 200 27
124.79.241.187 - - [03/Jan/2024:09:45:33 +0800] "GET /xingrg/all/function/internal_message.html?_=1704246665264&CODE_STATE=getMsg HTTP/1.1" 200 27
114.95.241.104 - - [03/Jan/2024:09:45:34 +0800] "GET /xingrg/all/function/internal_message.html?_=1704246333861&CODE_STATE=getMsg HTTP/1.1" 200 27
222.70.180.200 - - [03/Jan/2024:09:45:36 +0800] "GET /xingrg/all/function/internal_message.html?_=1704246336065&CODE_STATE=getMsg HTTP/1.1" 200 27
180.169.147.146 - - [03/Jan/2024:09:45:37 +0800] "GET /xingrg/all/function/internal_message.html?_=1704246337202&CODE_STATE=getMsg HTTP/1.1" 200 27
180.169.147.146 - - [03/Jan/2024:09:45:38 +0800] "GET /xingrg/all/function/internal_message.html?_=1704246339657&CODE_STATE=getMsg HTTP/1.1" 200 27
101.83.145.37 - - [03/Jan/2024:09:45:38 +0800] "GET /xingrg/all/function/internal_message.html?_=1704246339307&CODE_STATE=getMsg HTTP/1.1" 200 27
101.83.145.37 - - [03/Jan/2024:09:45:38 +0800] "GET /xingrg/check_reg.html?_=1704246339310 HTTP/1.1" 200 22
116.224.122.193 - - [03/Jan/2024:09:45:41 +0800] "GET /xingrg/kc/buy/cgsh_order_list.html HTTP/1.1" 200 57112
116.224.122.193 - - [03/Jan/2024:09:45:44 +0800] "POST /xingrg/kc/buy/cgsh_list_operate.html HTTP/1.1" 200 986
116.232.193.168 - - [03/Jan/2024:09:45:44 +0800] "GET /xingrg/all/function/internal_message.html?_=1704246306042&CODE_STATE=getMsg HTTP/1.1" 200 27
116.224.122.193 - - [03/Jan/2024:09:45:45 +0800] "GET /xingrg/kc/buy/cgsh_order_add.html HTTP/1.1" 200 72929
116.224.122.193 - - [03/Jan/2024:09:45:46 +0800] "POST /xingrg/kc/buy/cgsh_order_operate.html HTTP/1.1" 200 8245
116.224.122.193 - - [03/Jan/2024:09:45:46 +0800] "GET /xingrg/javascript/easyui/themes/default/validatebox.css HTTP/1.1" 404 1104
124.78.154.219 - - [03/Jan/2024:09:45:46 +0800] "GET /xingrg/all/function/internal_message.html?_=1704246346393&CODE_STATE=getMsg HTTP/1.1" 200 27
180.164.1.25 - - [03/Jan/2024:09:45:46 +0800] "GET /xingrg/all/function/internal_message.html?_=1704246345256&CODE_STATE=getMsg HTTP/1.1" 200 27
120.253.135.82 - - [03/Jan/2024:09:45:46 +0800] "GET /xingrg/all/function/internal_message.html?_=1704246164074&CODE_STATE=getMsg HTTP/1.1" 200 27
116.224.122.193 - - [03/Jan/2024:09:45:47 +0800] "GET /xingrg/javascript/easyui/themes/default/tree.css HTTP/1.1" 404 1090
116.224.122.193 - - [03/Jan/2024:09:45:48 +0800] "POST /xingrg/all/common/load_tree.html?tree=supplier_tree_json&isDelete=1 HTTP/1.1" 200 77165
101.83.145.37 - - [03/Jan/2024:09:45:49 +0800] "GET /xingrg/all/function/internal_message.html?_=1704246115896&CODE_STATE=getMsg HTTP/1.1" 200 27
114.83.218.109 - - [03/Jan/2024:09:45:52 +0800] "GET /xingrg/all/function/internal_message.html?_=1704246352044&CODE_STATE=getMsg HTTP/1.1" 200 27
114.83.218.109 - - [03/Jan/2024:09:45:53 +0800] "GET /xingrg/check_reg.html?_=1704246352567 HTTP/1.1" 200 22
116.230.116.41 - - [03/Jan/2024:09:45:53 +0800] "GET /xingrg/all/function/internal_message.html?_=1704246363449&CODE_STATE=getMsg HTTP/1.1" 200 27
222.69.132.144 - - [03/Jan/2024:09:45:56 +0800] "GET /xingrg/check_reg.html?_=1704246359378 HTTP/1.1" 200 22
116.232.193.168 - - [03/Jan/2024:09:45:56 +0800] "GET /xingrg/all/function/internal_message.html?_=1704246318080&CODE_STATE=getMsg HTTP/1.1" 200 27
222.69.132.144 - - [03/Jan/2024:09:45:56 +0800] "GET /xingrg/all/function/internal_message.html?_=1704246359385&CODE_STATE=getMsg HTTP/1.1" 200 27
116.224.122.193 - - [03/Jan/2024:09:45:59 +0800] "GET /xingrg/javascript/auto/indicator.gif HTTP/1.1" 404 1066
114.95.241.104 - - [03/Jan/2024:09:45:59 +0800] "POST /xingrg/all/common/load_select.html HTTP/1.1" 200 25
114.95.241.104 - - [03/Jan/2024:09:46:00 +0800] "GET /xingrg/all/function/internal_message.html?_=1704246360062&CODE_STATE=getMsg HTTP/1.1" 200 27
116.224.122.193 - - [03/Jan/2024:09:46:02 +0800] "GET /xingrg/all/function/internal_message.html?_=1704246361831&CODE_STATE=getMsg HTTP/1.1" 200 27
116.224.122.193 - - [03/Jan/2024:09:46:05 +0800] "GET /xingrg/kc/buy/cgsh_order_operate.html?command=get_materiel&rest_code=00102&code=00101005037&supplier_code=00100400&order_time=2024-01-03 HTTP/1.1" 200 409
114.95.241.104 - - [03/Jan/2024:09:46:06 +0800] "GET /xingrg/kc/buy/cgsh_order_operate.html?command=get_materiel_price&rest_code=00151&code=00102015006&unit_code=00100345&supplier_code=00100151&order_time=2024-01-03 HTTP/1.1" 200 27
116.232.193.168 - - [03/Jan/2024:09:46:09 +0800] "GET /xingrg/all/function/internal_message.html?_=1704246330226&CODE_STATE=getMsg HTTP/1.1" 200 27
101.228.146.191 - - [03/Jan/2024:09:46:09 +0800] "GET /xingrg/check_reg.html?_=1704246369805 HTTP/1.1" 200 22
101.228.146.191 - - [03/Jan/2024:09:46:09 +0800] "GET /xingrg/all/function/internal_message.html?_=1704246369807&CODE_STATE=getMsg HTTP/1.1" 200 27
101.80.228.56 - - [03/Jan/2024:09:46:13 +0800] "GET /xingrg/all/function/internal_message.html?_=1704246376445&CODE_STATE=getMsg HTTP/1.1" 200 27
222.67.232.215 - - [03/Jan/2024:09:46:23 +0800] "GET /xingrg/all/function/internal_message.html?_=1704246383250&CODE_STATE=getMsg HTTP/1.1" 200 27
116.224.122.193 - - [03/Jan/2024:09:46:28 +0800] "GET /xingrg/kc/buy/cgsh_order_operate.html?command=get_materiel&rest_code=00102&code=00101010161&supplier_code=00100400&order_time=2024-01-03 HTTP/1.1" 200 408
222.70.180.200 - - [03/Jan/2024:09:46:29 +0800] "GET /xingrg/all/function/internal_message.html?_=1704246389157&CODE_STATE=getMsg HTTP/1.1" 200 27
124.78.154.219 - - [03/Jan/2024:09:46:30 +0800] "GET /xingrg/check_reg.html?_=1704246388631 HTTP/1.1" 200 22
124.78.154.219 - - [03/Jan/2024:09:46:31 +0800] "GET /xingrg/all/function/internal_message.html?_=1704246389057&CODE_STATE=getMsg HTTP/1.1" 200 27
180.169.147.146 - - [03/Jan/2024:09:46:31 +0800] "GET /xingrg/check_reg.html?_=1704246391151 HTTP/1.1" 200 22
180.163.29.212 - - [03/Jan/2024:09:46:32 +0800] "GET /xingrg/all/function/internal_message.html?_=1704246329078&CODE_STATE=getMsg HTTP/1.1" 302 -
180.163.29.212 - - [03/Jan/2024:09:46:32 +0800] "GET /xingrg/login.html HTTP/1.1" 200 7641
124.79.241.187 - - [03/Jan/2024:09:46:33 +0800] "GET /xingrg/all/function/internal_message.html?_=1704246725262&CODE_STATE=getMsg HTTP/1.1" 200 27
114.95.241.104 - - [03/Jan/2024:09:46:34 +0800] "GET /xingrg/all/function/internal_message.html?_=1704246393876&CODE_STATE=getMsg HTTP/1.1" 200 27
222.70.180.200 - - [03/Jan/2024:09:46:36 +0800] "GET /xingrg/all/function/internal_message.html?_=1704246396082&CODE_STATE=getMsg HTTP/1.1" 200 27
180.169.147.146 - - [03/Jan/2024:09:46:37 +0800] "GET /xingrg/all/function/internal_message.html?_=1704246397173&CODE_STATE=getMsg HTTP/1.1" 200 27
116.232.193.168 - - [03/Jan/2024:09:46:38 +0800] "GET /xingrg/kc/buy/cgsh_order_operate.html?command=get_materiel&rest_code=00155&code=00101008559&supplier_code=00100005&order_time=2024-01-03 HTTP/1.1" 200 413
180.169.147.146 - - [03/Jan/2024:09:46:38 +0800] "GET /xingrg/all/function/internal_message.html?_=1704246399633&CODE_STATE=getMsg HTTP/1.1" 200 27
101.83.145.37 - - [03/Jan/2024:09:46:38 +0800] "GET /xingrg/all/function/internal_message.html?_=1704246399309&CODE_STATE=getMsg HTTP/1.1" 200 27
114.95.241.104 - - [03/Jan/2024:09:46:40 +0800] "GET /xingrg/kc/buy/cgsh_order_operate.html?command=get_materiel&rest_code=00151&code=00102015120&supplier_code=00100151&order_time=2024-01-03 HTTP/1.1" 200 414
116.224.122.193 - - [03/Jan/2024:09:46:43 +0800] "GET /xingrg/kc/buy/cgsh_order_operate.html?command=get_materiel&rest_code=00102&code=00101002022&supplier_code=00100400&order_time=2024-01-03 HTTP/1.1" 200 410
116.232.193.168 - - [03/Jan/2024:09:46:44 +0800] "GET /xingrg/all/function/internal_message.html?_=1704246366056&CODE_STATE=getMsg HTTP/1.1" 200 27
124.78.154.219 - - [03/Jan/2024:09:46:46 +0800] "GET /xingrg/check_reg.html?_=1704246406377 HTTP/1.1" 200 22
124.78.154.219 - - [03/Jan/2024:09:46:46 +0800] "GET /xingrg/all/function/internal_message.html?_=1704246406379&CODE_STATE=getMsg HTTP/1.1" 200 27
180.164.1.25 - - [03/Jan/2024:09:46:46 +0800] "GET /xingrg/all/function/internal_message.html?_=1704246405246&CODE_STATE=getMsg HTTP/1.1" 200 27
180.164.1.25 - - [03/Jan/2024:09:46:46 +0800] "GET /xingrg/check_reg.html?_=1704246405423 HTTP/1.1" 200 22
120.253.135.82 - - [03/Jan/2024:09:46:47 +0800] "GET /xingrg/all/function/internal_message.html?_=1704246224087&CODE_STATE=getMsg HTTP/1.1" 200 27
101.83.145.37 - - [03/Jan/2024:09:46:48 +0800] "GET /xingrg/check_reg.html?_=1704246175740 HTTP/1.1" 200 22
101.83.145.37 - - [03/Jan/2024:09:46:49 +0800] "GET /xingrg/all/function/internal_message.html?_=1704246175867&CODE_STATE=getMsg HTTP/1.1" 200 27
114.83.218.109 - - [03/Jan/2024:09:46:52 +0800] "GET /xingrg/all/function/internal_message.html?_=1704246412042&CODE_STATE=getMsg HTTP/1.1" 200 27
116.230.116.41 - - [03/Jan/2024:09:46:53 +0800] "GET /xingrg/all/function/internal_message.html?_=1704246423547&CODE_STATE=getMsg HTTP/1.1" 200 27
222.70.180.200 - - [03/Jan/2024:09:46:54 +0800] "GET /xingrg/javascript/jquery_tools/images/prev.gif HTTP/1.1" 404 1086
222.70.180.200 - - [03/Jan/2024:09:46:54 +0800] "GET /xingrg/javascript/jquery_tools/images/next.gif HTTP/1.1" 404 1086
116.224.122.193 - - [03/Jan/2024:09:46:56 +0800] "POST /xingrg/kc/buy/cgsh_order_operate.html HTTP/1.1" 200 37
116.232.193.168 - - [03/Jan/2024:09:46:56 +0800] "GET /xingrg/kc/buy/cgsh_order_operate.html?command=get_materiel&rest_code=00155&code=00101008042&supplier_code=00100005&order_time=2024-01-03 HTTP/1.1" 200 416
116.232.193.168 - - [03/Jan/2024:09:46:56 +0800] "GET /xingrg/all/function/internal_message.html?_=1704246378064&CODE_STATE=getMsg HTTP/1.1" 200 27
222.69.132.144 - - [03/Jan/2024:09:46:56 +0800] "GET /xingrg/all/function/internal_message.html?_=1704246419371&CODE_STATE=getMsg HTTP/1.1" 200 27
180.164.1.25 - - [03/Jan/2024:09:46:58 +0800] "GET /xingrg/kc/buy/cgsh_order_add.html HTTP/1.1" 200 72986
180.164.1.25 - - [03/Jan/2024:09:46:59 +0800] "POST /xingrg/kc/buy/cgsh_order_operate.html HTTP/1.1" 200 8245
180.164.1.25 - - [03/Jan/2024:09:46:59 +0800] "GET /xingrg/javascript/easyui/themes/default/validatebox.css HTTP/1.1" 404 1104
114.95.241.104 - - [03/Jan/2024:09:47:00 +0800] "GET /xingrg/all/function/internal_message.html?_=1704246420068&CODE_STATE=getMsg HTTP/1.1" 200 27
116.232.193.168 - - [03/Jan/2024:09:47:06 +0800] "GET /xingrg/check_reg.html?_=1704246387799 HTTP/1.1" 200 22
116.232.193.168 - - [03/Jan/2024:09:47:08 +0800] "GET /xingrg/all/function/internal_message.html?_=1704246390217&CODE_STATE=getMsg HTTP/1.1" 200 27
101.228.146.191 - - [03/Jan/2024:09:47:09 +0800] "GET /xingrg/all/function/internal_message.html?_=1704246429807&CODE_STATE=getMsg HTTP/1.1" 200 27
116.224.122.193 - - [03/Jan/2024:09:47:10 +0800] "POST /xingrg/kc/buy/cgsh_order_operate.html HTTP/1.1" 200 12
222.70.180.200 - - [03/Jan/2024:09:47:10 +0800] "POST /xingrg/kc/buy/cgsh_list_operate.html HTTP/1.1" 200 6208
116.224.122.193 - - [03/Jan/2024:09:47:12 +0800] "GET /xingrg/kc/buy/cgsh_order_info.html?code=212024010300862 HTTP/1.1" 200 67834
116.224.122.193 - - [03/Jan/2024:09:47:12 +0800] "GET /xingrg/javascript/easyui/themes/default/validatebox.css HTTP/1.1" 404 1104
101.80.228.56 - - [03/Jan/2024:09:47:13 +0800] "GET /xingrg/all/function/internal_message.html?_=1704246436452&CODE_STATE=getMsg HTTP/1.1" 200 27
116.224.122.193 - - [03/Jan/2024:09:47:13 +0800] "POST /xingrg/kc/buy/cgsh_order_operate.html HTTP/1.1" 200 1786
116.224.122.193 - - [03/Jan/2024:09:47:16 +0800] "GET /xingrg/kc/print/load_data.html?order_code=212024010300862&kc_code=cgsh&condition= HTTP/1.1" 200 1121
222.67.232.215 - - [03/Jan/2024:09:47:23 +0800] "GET /xingrg/all/function/internal_message.html?_=1704246443229&CODE_STATE=getMsg HTTP/1.1" 200 27
116.224.122.193 - - [03/Jan/2024:09:47:29 +0800] "GET /xingrg/kc/buy/cgsh_order_add.html HTTP/1.1" 200 72929
116.224.122.193 - - [03/Jan/2024:09:47:29 +0800] "POST /xingrg/kc/buy/cgsh_order_operate.html HTTP/1.1" 200 8245
116.224.122.193 - - [03/Jan/2024:09:47:29 +0800] "GET /xingrg/javascript/easyui/themes/default/validatebox.css HTTP/1.1" 404 1104
222.70.180.200 - - [03/Jan/2024:09:47:29 +0800] "GET /xingrg/all/function/internal_message.html?_=1704246449127&CODE_STATE=getMsg HTTP/1.1" 200 27
