114.83.218.109 - - [02/Jan/2024:11:24:35 +0800] "GET /xingrg/javascript/jquery_easy_ui/themes/default/easyui.css HTTP/1.1" 304 -
114.83.218.109 - - [02/Jan/2024:11:24:35 +0800] "GET /xingrg/javascript/jquery_easy_ui/themes/icon.css HTTP/1.1" 304 -
114.83.218.109 - - [02/Jan/2024:11:24:35 +0800] "GET /xingrg/css/form.css HTTP/1.1" 304 -
114.83.218.109 - - [02/Jan/2024:11:24:35 +0800] "GET /xingrg/javascript/jquery-1.4.2.min.js HTTP/1.1" 304 -
114.83.218.109 - - [02/Jan/2024:11:24:35 +0800] "GET /xingrg/javascript/jquery_easy_ui/jquery.easyui.min.js HTTP/1.1" 304 -
114.83.218.109 - - [02/Jan/2024:11:24:35 +0800] "GET /xingrg/javascript/jquery_easy_ui/easyui-lang-zh_CN.js HTTP/1.1" 304 -
114.83.218.109 - - [02/Jan/2024:11:24:35 +0800] "GET /xingrg/javascript/jquery.form.js HTTP/1.1" 304 -
114.83.218.109 - - [02/Jan/2024:11:24:35 +0800] "GET /xingrg/javascript/jquery.utils.js HTTP/1.1" 304 -
114.83.218.109 - - [02/Jan/2024:11:24:35 +0800] "GET /xingrg/javascript/jquery.timers.js HTTP/1.1" 304 -
114.83.218.109 - - [02/Jan/2024:11:24:36 +0800] "GET /xingrg/index.html?sysBaseUrl=http%3A%2F%2F180.169.147.146%3A18081%2Fxingrg%2F&costTime=1353×tamp=1704165865426 HTTP/1.1" 200 17509
114.83.218.109 - - [02/Jan/2024:11:24:36 +0800] "GET /xingrg/images/blue/jxLogo.png HTTP/1.1" 304 -
114.83.218.109 - - [02/Jan/2024:11:24:36 +0800] "GET /xingrg/images/blue/navBackgound.jpg HTTP/1.1" 304 -
114.83.218.109 - - [02/Jan/2024:11:24:36 +0800] "GET /xingrg/javascript/jquery_easy_ui/themes/icons/settle_new.png HTTP/1.1" 304 -
114.83.218.109 - - [02/Jan/2024:11:24:36 +0800] "GET /xingrg/all/function/internal_message.html?_=1704165875929&CODE_STATE=count HTTP/1.1" 200 11
114.83.218.109 - - [02/Jan/2024:11:24:36 +0800] "GET /xingrg/check_reg.html?_=1704165875930 HTTP/1.1" 200 22
114.83.218.109 - - [02/Jan/2024:11:24:36 +0800] "GET /xingrg/javascript/jquery_easy_ui/themes/default/images/tabs_leftarrow.png HTTP/1.1" 304 -
114.83.218.109 - - [02/Jan/2024:11:24:36 +0800] "GET /xingrg/javascript/jquery_easy_ui/themes/default/images/tabs_rightarrow.png HTTP/1.1" 304 -
114.83.218.109 - - [02/Jan/2024:11:24:36 +0800] "GET /xingrg/javascript/jquery_easy_ui/themes/default/images/panel_tool_collapse.gif HTTP/1.1" 304 -
114.83.218.109 - - [02/Jan/2024:11:24:36 +0800] "GET /xingrg/javascript/jquery_easy_ui/themes/default/images/panel_tool_expand.gif HTTP/1.1" 304 -
114.83.218.109 - - [02/Jan/2024:11:24:36 +0800] "GET /xingrg/images/blue/pingpu.png HTTP/1.1" 304 -
114.83.218.109 - - [02/Jan/2024:11:24:36 +0800] "POST /xingrg/all/common/load_tree.html?tree=area_rest_tree_json&manage=1 HTTP/1.1" 200 3624
222.70.180.200 - - [02/Jan/2024:11:24:36 +0800] "GET /xingrg/all/function/internal_message.html?_=1704165876584&CODE_STATE=getMsg HTTP/1.1" 200 27
114.83.218.109 - - [02/Jan/2024:11:24:37 +0800] "POST /xingrg/load_menu.html HTTP/1.1" 200 9959
114.85.37.70 - - [02/Jan/2024:11:24:38 +0800] "GET /xingrg/all/function/internal_message.html?_=1704164404792&CODE_STATE=getMsg HTTP/1.1" 200 27
114.83.218.109 - - [02/Jan/2024:11:24:38 +0800] "GET /xingrg/kc/report/report_main.html HTTP/1.1" 200 7340
114.83.218.109 - - [02/Jan/2024:11:24:40 +0800] "GET /xingrg/all/report/report_query.html?fileName=kc/buy/gys_amount.xml&rh=99999 HTTP/1.1" 200 52006
114.83.218.109 - - [02/Jan/2024:11:24:40 +0800] "GET /xingrg/dwr/interface/AjaxReportQueryService.js HTTP/1.1" 200 13203
114.83.218.109 - - [02/Jan/2024:11:24:40 +0800] "GET /xingrg/dwr/engine.js HTTP/1.1" 200 43631
114.83.218.109 - - [02/Jan/2024:11:24:40 +0800] "POST /xingrg/dwr/call/plaincall/AjaxReportQueryService.getFixDate.dwr HTTP/1.1" 200 111
114.83.218.109 - - [02/Jan/2024:11:24:40 +0800] "POST /xingrg/all/common/load_tree.html?tree=materiel_sort_tree_json HTTP/1.1" 200 9617
180.169.147.146 - - [02/Jan/2024:11:24:41 +0800] "GET /xingrg/all/function/internal_message.html?_=1704165881044&CODE_STATE=getMsg HTTP/1.1" 200 27
124.79.241.187 - - [02/Jan/2024:11:24:41 +0800] "GET /xingrg/all/function/internal_message.html?_=1704166213336&CODE_STATE=getMsg HTTP/1.1" 200 27
114.83.218.109 - - [02/Jan/2024:11:24:41 +0800] "POST /xingrg/dwr/call/plaincall/AjaxReportQueryService.getInitString.dwr HTTP/1.1" 200 1062
114.83.218.109 - - [02/Jan/2024:11:24:42 +0800] "POST /xingrg/all/common/load_tree.html?tree=supplier_tree_json&manage=1 HTTP/1.1" 200 79575
114.85.37.70 - - [02/Jan/2024:11:24:42 +0800] "POST /xingrg/kc/buy/cgsh_order_operate.html HTTP/1.1" 200 5071
101.80.228.56 - - [02/Jan/2024:11:24:43 +0800] "GET /xingrg/all/function/internal_message.html?_=1704165883546&CODE_STATE=getMsg HTTP/1.1" 200 27
101.83.145.37 - - [02/Jan/2024:11:24:43 +0800] "GET /xingrg/all/function/internal_message.html?_=1704165650192&CODE_STATE=getMsg HTTP/1.1" 200 27
114.83.218.109 - - [02/Jan/2024:11:24:43 +0800] "POST /xingrg/dwr/call/plaincall/AjaxReportQueryService.getFixDate.dwr HTTP/1.1" 200 111
101.83.145.37 - - [02/Jan/2024:11:24:47 +0800] "GET /xingrg/kc/buy/cgsh_order_operate.html?command=get_materiel&rest_code=00105&code=00101009109&supplier_code=00100024&order_time=2024-01-02 HTTP/1.1" 200 413
222.67.232.215 - - [02/Jan/2024:11:24:53 +0800] "GET /xingrg/all/function/internal_message.html?_=1704165893649&CODE_STATE=getMsg HTTP/1.1" 200 27
180.152.241.252 - - [02/Jan/2024:11:24:57 +0800] "GET /xingrg/javascript/auto/indicator.gif HTTP/1.1" 404 1066
114.95.241.104 - - [02/Jan/2024:11:24:58 +0800] "GET /xingrg/all/function/internal_message.html?_=1704165898795&CODE_STATE=getMsg HTTP/1.1" 200 27
116.230.112.253 - - [02/Jan/2024:11:24:59 +0800] "GET /xingrg/all/function/internal_message.html?_=1704165905186&CODE_STATE=getMsg HTTP/1.1" 200 27
114.85.37.70 - - [02/Jan/2024:11:25:00 +0800] "POST /xingrg/kc/buy/cgsh_order_operate.html HTTP/1.1" 200 37
180.169.147.146 - - [02/Jan/2024:11:25:01 +0800] "GET /xingrg/all/function/internal_message.html?_=1704165901199&CODE_STATE=getMsg HTTP/1.1" 200 27
101.83.145.37 - - [02/Jan/2024:11:25:03 +0800] "GET /xingrg/kc/buy/cgsh_order_operate.html?command=get_materiel&rest_code=00105&code=00101009079&supplier_code=00100024&order_time=2024-01-02 HTTP/1.1" 200 409
222.69.134.55 - - [02/Jan/2024:11:25:03 +0800] "GET /xingrg/all/function/internal_message.html?_=1704165905209&CODE_STATE=getMsg HTTP/1.1" 200 27
180.152.241.252 - - [02/Jan/2024:11:25:04 +0800] "GET /xingrg/kc/base/wldb_order_operate.html?command=get_materiel&rest_code=00102&base_code=0010477&code=00102002204 HTTP/1.1" 200 447
116.232.193.168 - - [02/Jan/2024:11:25:09 +0800] "GET /xingrg/check_reg.html?_=1704165869332 HTTP/1.1" 200 22
124.78.154.219 - - [02/Jan/2024:11:25:12 +0800] "GET /xingrg/all/function/internal_message.html?_=1704165910603&CODE_STATE=getMsg HTTP/1.1" 200 27
114.85.37.70 - - [02/Jan/2024:11:25:13 +0800] "POST /xingrg/kc/buy/cgsh_order_operate.html HTTP/1.1" 200 12
180.152.241.252 - - [02/Jan/2024:11:25:16 +0800] "GET /xingrg/kc/base/wldb_order_operate.html?command=get_materiel&rest_code=00102&base_code=0010477&code=00102002315 HTTP/1.1" 200 461
114.83.218.109 - - [02/Jan/2024:11:25:16 +0800] "GET /xingrg/all/function/internal_message.html?_=1704165917346&CODE_STATE=getMsg HTTP/1.1" 200 27
58.39.110.191 - - [02/Jan/2024:11:25:17 +0800] "GET /xingrg/all/function/internal_message.html?_=1704165918229&CODE_STATE=getMsg HTTP/1.1" 200 27
58.39.110.191 - - [02/Jan/2024:11:25:17 +0800] "GET /xingrg/check_reg.html?_=1704165918231 HTTP/1.1" 200 22
101.83.145.37 - - [02/Jan/2024:11:25:18 +0800] "GET /xingrg/all/function/internal_message.html?_=1704165918594&CODE_STATE=getMsg HTTP/1.1" 200 27
101.83.145.37 - - [02/Jan/2024:11:25:20 +0800] "POST /xingrg/kc/buy/cgsh_order_operate.html HTTP/1.1" 200 37
114.85.37.70 - - [02/Jan/2024:11:25:21 +0800] "GET /xingrg/kc/buy/cgsh_order_info.html?code=212024010200522 HTTP/1.1" 200 66884
114.85.37.70 - - [02/Jan/2024:11:25:22 +0800] "GET /xingrg/javascript/easyui/themes/default/validatebox.css HTTP/1.1" 404 1104
120.253.135.82 - - [02/Jan/2024:11:25:22 +0800] "GET /xingrg/all/function/internal_message.html?_=1704165740405&CODE_STATE=getMsg HTTP/1.1" 200 27
114.85.37.70 - - [02/Jan/2024:11:25:23 +0800] "POST /xingrg/kc/buy/cgsh_order_operate.html HTTP/1.1" 200 3020
101.83.145.37 - - [02/Jan/2024:11:25:23 +0800] "POST /xingrg/kc/buy/cgsh_order_operate.html HTTP/1.1" 200 4430
180.152.241.252 - - [02/Jan/2024:11:25:23 +0800] "GET /xingrg/kc/base/wldb_order_operate.html?command=get_materiel&rest_code=00102&base_code=0010477&code=00102002138 HTTP/1.1" 200 434
180.152.241.252 - - [02/Jan/2024:11:25:24 +0800] "GET /xingrg/all/function/internal_message.html?_=1704165924216&CODE_STATE=getMsg HTTP/1.1" 200 27
101.83.145.37 - - [02/Jan/2024:11:25:26 +0800] "GET /xingrg/kc/print/load_data.html?order_code=212024010200523&kc_code=cgsh&condition= HTTP/1.1" 200 1365
180.164.1.25 - - [02/Jan/2024:11:25:28 +0800] "GET /xingrg/all/function/internal_message.html?_=1704165927890&CODE_STATE=getMsg HTTP/1.1" 200 27
116.232.193.168 - - [02/Jan/2024:11:25:28 +0800] "GET /xingrg/all/function/internal_message.html?_=1704165887882&CODE_STATE=getMsg HTTP/1.1" 200 27
114.85.37.70 - - [02/Jan/2024:11:25:31 +0800] "GET /xingrg/check_reg.html?_=1704164458136 HTTP/1.1" 200 22
114.83.218.109 - - [02/Jan/2024:11:25:36 +0800] "GET /xingrg/all/function/internal_message.html?_=1704165935943&CODE_STATE=getMsg HTTP/1.1" 200 27
222.70.180.200 - - [02/Jan/2024:11:25:36 +0800] "GET /xingrg/all/function/internal_message.html?_=1704165936569&CODE_STATE=getMsg HTTP/1.1" 200 27
114.85.37.70 - - [02/Jan/2024:11:25:38 +0800] "GET /xingrg/all/function/internal_message.html?_=1704164464773&CODE_STATE=getMsg HTTP/1.1" 200 27
180.169.147.146 - - [02/Jan/2024:11:25:41 +0800] "GET /xingrg/all/function/internal_message.html?_=1704165941044&CODE_STATE=getMsg HTTP/1.1" 200 27
124.79.241.187 - - [02/Jan/2024:11:25:41 +0800] "GET /xingrg/all/function/internal_message.html?_=1704166273334&CODE_STATE=getMsg HTTP/1.1" 200 27
101.83.145.37 - - [02/Jan/2024:11:25:41 +0800] "GET /xingrg/check_reg.html?_=1704165708769 HTTP/1.1" 200 22
101.80.228.56 - - [02/Jan/2024:11:25:43 +0800] "GET /xingrg/check_reg.html?_=1704165943531 HTTP/1.1" 200 22
101.80.228.56 - - [02/Jan/2024:11:25:43 +0800] "GET /xingrg/all/function/internal_message.html?_=1704165943532&CODE_STATE=getMsg HTTP/1.1" 200 27
101.83.145.37 - - [02/Jan/2024:11:25:43 +0800] "GET /xingrg/all/function/internal_message.html?_=1704165710177&CODE_STATE=getMsg HTTP/1.1" 200 27
222.67.232.215 - - [02/Jan/2024:11:25:53 +0800] "GET /xingrg/all/function/internal_message.html?_=1704165953630&CODE_STATE=getMsg HTTP/1.1" 200 27
114.95.241.104 - - [02/Jan/2024:11:25:58 +0800] "GET /xingrg/all/function/internal_message.html?_=1704165958780&CODE_STATE=getMsg HTTP/1.1" 200 27
116.230.112.253 - - [02/Jan/2024:11:25:59 +0800] "GET /xingrg/all/function/internal_message.html?_=1704165965620&CODE_STATE=getMsg HTTP/1.1" 200 27
114.95.241.104 - - [02/Jan/2024:11:26:00 +0800] "GET /xingrg/check_reg.html?_=1704165960303 HTTP/1.1" 200 22
180.169.147.146 - - [02/Jan/2024:11:26:01 +0800] "GET /xingrg/all/function/internal_message.html?_=1704165961198&CODE_STATE=getMsg HTTP/1.1" 200 27
222.69.134.55 - - [02/Jan/2024:11:26:03 +0800] "GET /xingrg/all/function/internal_message.html?_=1704165965224&CODE_STATE=getMsg HTTP/1.1" 200 27
180.152.241.252 - - [02/Jan/2024:11:26:11 +0800] "POST /xingrg/kc/base/wldb_order_operate.html HTTP/1.1" 200 37
124.78.154.219 - - [02/Jan/2024:11:26:12 +0800] "GET /xingrg/all/function/internal_message.html?_=1704165970596&CODE_STATE=getMsg HTTP/1.1" 200 27
101.83.145.37 - - [02/Jan/2024:11:26:16 +0800] "GET /xingrg/kc/base/base_main.html HTTP/1.1" 200 12142
114.83.218.109 - - [02/Jan/2024:11:26:16 +0800] "GET /xingrg/all/function/internal_message.html?_=1704165977356&CODE_STATE=getMsg HTTP/1.1" 200 27
180.152.241.252 - - [02/Jan/2024:11:26:17 +0800] "POST /xingrg/kc/base/wldb_order_operate.html HTTP/1.1" 200 12
101.83.145.37 - - [02/Jan/2024:11:26:17 +0800] "GET /xingrg/kc/base/wldb_order_list.html HTTP/1.1" 200 19054
180.152.241.252 - - [02/Jan/2024:11:26:17 +0800] "POST /xingrg/kc/base/wldb_order_operate.html HTTP/1.1" 200 3165
58.39.110.191 - - [02/Jan/2024:11:26:17 +0800] "GET /xingrg/all/function/internal_message.html?_=1704165978231&CODE_STATE=getMsg HTTP/1.1" 200 27
101.83.145.37 - - [02/Jan/2024:11:26:18 +0800] "POST /xingrg/kc/base/wldb_list_operate.html HTTP/1.1" 200 928
101.83.145.37 - - [02/Jan/2024:11:26:18 +0800] "GET /xingrg/all/function/internal_message.html?_=1704165978595&CODE_STATE=getMsg HTTP/1.1" 200 27
180.152.241.252 - - [02/Jan/2024:11:26:18 +0800] "GET /xingrg/kc/base/wldb_order_info.html?code=422024010200147 HTTP/1.1" 200 26257
180.152.241.252 - - [02/Jan/2024:11:26:18 +0800] "GET /xingrg/javascript/easyui/themes/default/validatebox.css HTTP/1.1" 404 1104
180.152.241.252 - - [02/Jan/2024:11:26:19 +0800] "POST /xingrg/kc/base/wldb_order_operate.html HTTP/1.1" 200 1439
101.83.145.37 - - [02/Jan/2024:11:26:22 +0800] "GET /xingrg/kc/base/wldb_order_add.html HTTP/1.1" 200 30385
120.253.135.82 - - [02/Jan/2024:11:26:22 +0800] "GET /xingrg/all/function/internal_message.html?_=1704165800409&CODE_STATE=getMsg HTTP/1.1" 200 27
101.83.145.37 - - [02/Jan/2024:11:26:23 +0800] "POST /xingrg/kc/base/wldb_order_operate.html HTTP/1.1" 200 6806
101.83.145.37 - - [02/Jan/2024:11:26:23 +0800] "GET /xingrg/all/common/auto_word.html?type=base&rest_code=00105 HTTP/1.1" 200 1907
101.83.145.37 - - [02/Jan/2024:11:26:23 +0800] "GET /xingrg/all/common/auto_word.html?type=base&rest_code=00105 HTTP/1.1" 200 1907
101.83.145.37 - - [02/Jan/2024:11:26:23 +0800] "GET /xingrg/javascript/easyui/themes/default/validatebox.css HTTP/1.1" 404 1104
180.152.241.252 - - [02/Jan/2024:11:26:24 +0800] "GET /xingrg/all/function/internal_message.html?_=1704165984219&CODE_STATE=getMsg HTTP/1.1" 200 27
116.230.112.253 - - [02/Jan/2024:11:26:26 +0800] "GET /xingrg/check_reg.html?_=1704165992804 HTTP/1.1" 200 22
101.83.145.37 - - [02/Jan/2024:11:26:27 +0800] "GET /xingrg/javascript/auto/indicator.gif HTTP/1.1" 404 1066
180.164.1.25 - - [02/Jan/2024:11:26:28 +0800] "GET /xingrg/all/function/internal_message.html?_=1704165987879&CODE_STATE=getMsg HTTP/1.1" 200 27
116.232.193.168 - - [02/Jan/2024:11:26:28 +0800] "GET /xingrg/all/function/internal_message.html?_=1704165947882&CODE_STATE=getMsg HTTP/1.1" 200 27
222.70.180.200 - - [02/Jan/2024:11:26:29 +0800] "GET /xingrg/check_reg.html?_=1704165989752 HTTP/1.1" 200 22
180.152.241.252 - - [02/Jan/2024:11:26:30 +0800] "GET /xingrg/kc/base/wldb_order_add.html HTTP/1.1" 200 30381
180.152.241.252 - - [02/Jan/2024:11:26:30 +0800] "POST /xingrg/kc/base/wldb_order_operate.html HTTP/1.1" 200 6806
180.152.241.252 - - [02/Jan/2024:11:26:30 +0800] "GET /xingrg/javascript/easyui/themes/default/validatebox.css HTTP/1.1" 404 1104
180.152.241.252 - - [02/Jan/2024:11:26:32 +0800] "POST /xingrg/all/common/load_combo.html?type=base HTTP/1.1" 200 3321
180.152.241.252 - - [02/Jan/2024:11:26:34 +0800] "POST /xingrg/all/common/load_combo.html?type=base HTTP/1.1" 200 3321
114.83.218.109 - - [02/Jan/2024:11:26:36 +0800] "GET /xingrg/all/function/internal_message.html?_=1704165995941&CODE_STATE=getMsg HTTP/1.1" 200 27
222.70.180.200 - - [02/Jan/2024:11:26:36 +0800] "GET /xingrg/all/function/internal_message.html?_=1704165996542&CODE_STATE=getMsg HTTP/1.1" 200 27
114.85.37.70 - - [02/Jan/2024:11:26:38 +0800] "GET /xingrg/all/function/internal_message.html?_=1704164524764&CODE_STATE=getMsg HTTP/1.1" 200 27
180.169.147.146 - - [02/Jan/2024:11:26:41 +0800] "GET /xingrg/all/function/internal_message.html?_=1704166001052&CODE_STATE=getMsg HTTP/1.1" 200 27
124.79.241.187 - - [02/Jan/2024:11:26:41 +0800] "GET /xingrg/all/function/internal_message.html?_=1704166333333&CODE_STATE=getMsg HTTP/1.1" 200 27
180.152.241.252 - - [02/Jan/2024:11:26:42 +0800] "GET /xingrg/javascript/auto/indicator.gif HTTP/1.1" 404 1066
101.80.228.56 - - [02/Jan/2024:11:26:43 +0800] "GET /xingrg/all/function/internal_message.html?_=1704166003546&CODE_STATE=getMsg HTTP/1.1" 200 27
101.83.145.37 - - [02/Jan/2024:11:26:43 +0800] "GET /xingrg/all/function/internal_message.html?_=1704165770147&CODE_STATE=getMsg HTTP/1.1" 200 27
222.67.232.215 - - [02/Jan/2024:11:26:53 +0800] "GET /xingrg/all/function/internal_message.html?_=1704166013611&CODE_STATE=getMsg HTTP/1.1" 200 27
222.67.232.215 - - [02/Jan/2024:11:26:54 +0800] "GET /xingrg/check_reg.html?_=1704166014986 HTTP/1.1" 200 22
114.95.241.104 - - [02/Jan/2024:11:26:58 +0800] "GET /xingrg/all/function/internal_message.html?_=1704166018760&CODE_STATE=getMsg HTTP/1.1" 200 27
116.230.112.253 - - [02/Jan/2024:11:26:59 +0800] "GET /xingrg/all/function/internal_message.html?_=1704166025634&CODE_STATE=getMsg HTTP/1.1" 200 27
101.83.145.37 - - [02/Jan/2024:11:26:59 +0800] "GET /xingrg/kc/base/wldb_order_operate.html?command=get_materiel&rest_code=00105&base_code=0010671&code=00101030013 HTTP/1.1" 200 433
180.169.147.146 - - [02/Jan/2024:11:27:01 +0800] "GET /xingrg/all/function/internal_message.html?_=1704166021188&CODE_STATE=getMsg HTTP/1.1" 200 27
222.69.134.55 - - [02/Jan/2024:11:27:03 +0800] "GET /xingrg/check_reg.html?_=1704166025220 HTTP/1.1" 200 22
222.69.134.55 - - [02/Jan/2024:11:27:03 +0800] "GET /xingrg/all/function/internal_message.html?_=1704166025224&CODE_STATE=getMsg HTTP/1.1" 200 27
180.152.241.252 - - [02/Jan/2024:11:27:05 +0800] "POST /xingrg/kc/base/wldb_order_operate.html HTTP/1.1" 200 37
180.152.241.252 - - [02/Jan/2024:11:27:11 +0800] "POST /xingrg/kc/base/wldb_order_operate.html HTTP/1.1" 200 12
180.152.241.252 - - [02/Jan/2024:11:27:11 +0800] "POST /xingrg/kc/base/wldb_order_operate.html HTTP/1.1" 200 2669
124.78.154.219 - - [02/Jan/2024:11:27:12 +0800] "GET /xingrg/all/function/internal_message.html?_=1704166030566&CODE_STATE=getMsg HTTP/1.1" 200 27
180.152.241.252 - - [02/Jan/2024:11:27:12 +0800] "GET /xingrg/kc/base/wldb_order_info.html?code=422024010200148 HTTP/1.1" 200 26257
180.152.241.252 - - [02/Jan/2024:11:27:13 +0800] "GET /xingrg/javascript/easyui/themes/default/validatebox.css HTTP/1.1" 404 1104
180.152.241.252 - - [02/Jan/2024:11:27:13 +0800] "POST /xingrg/kc/base/wldb_order_operate.html HTTP/1.1" 200 952
180.152.241.252 - - [02/Jan/2024:11:27:15 +0800] "GET /xingrg/kc/base/wldb_order_add.html HTTP/1.1" 200 30381
180.152.241.252 - - [02/Jan/2024:11:27:15 +0800] "POST /xingrg/kc/base/wldb_order_operate.html HTTP/1.1" 200 6806
180.152.241.252 - - [02/Jan/2024:11:27:15 +0800] "GET /xingrg/javascript/easyui/themes/default/validatebox.css HTTP/1.1" 404 1104
114.83.218.109 - - [02/Jan/2024:11:27:16 +0800] "GET /xingrg/all/function/internal_message.html?_=1704166037358&CODE_STATE=getMsg HTTP/1.1" 200 27
114.83.218.109 - - [02/Jan/2024:11:27:16 +0800] "GET /xingrg/check_reg.html?_=1704166037364 HTTP/1.1" 200 22
180.152.241.252 - - [02/Jan/2024:11:27:17 +0800] "POST /xingrg/all/common/load_combo.html?type=base HTTP/1.1" 200 3321
58.39.110.191 - - [02/Jan/2024:11:27:17 +0800] "GET /xingrg/all/function/internal_message.html?_=1704166038231&CODE_STATE=getMsg HTTP/1.1" 200 27
101.83.145.37 - - [02/Jan/2024:11:27:18 +0800] "GET /xingrg/all/function/internal_message.html?_=1704166038596&CODE_STATE=getMsg HTTP/1.1" 200 27
180.152.241.252 - - [02/Jan/2024:11:27:19 +0800] "POST /xingrg/all/common/load_combo.html?type=base HTTP/1.1" 200 3321
120.253.135.82 - - [02/Jan/2024:11:27:22 +0800] "GET /xingrg/all/function/internal_message.html?_=1704165860422&CODE_STATE=getMsg HTTP/1.1" 200 27
180.169.147.146 - - [02/Jan/2024:11:27:23 +0800] "GET /xingrg/check_reg.html?_=1704166011523 HTTP/1.1" 200 22
180.152.241.252 - - [02/Jan/2024:11:27:23 +0800] "GET /xingrg/javascript/auto/indicator.gif HTTP/1.1" 404 1066
180.152.241.252 - - [02/Jan/2024:11:27:24 +0800] "GET /xingrg/all/function/internal_message.html?_=1704166044220&CODE_STATE=getMsg HTTP/1.1" 200 27
114.85.37.70 - - [02/Jan/2024:11:27:25 +0800] "GET /xingrg/kc/print/load_config.html?kc_code=cgsh HTTP/1.1" 200 1927
114.85.37.70 - - [02/Jan/2024:11:27:26 +0800] "GET /xingrg/kc/print/load_data.html?order_code=212024010200522&kc_code=cgsh&condition= HTTP/1.1" 200 1667
180.164.1.25 - - [02/Jan/2024:11:27:28 +0800] "GET /xingrg/all/function/internal_message.html?_=1704166047891&CODE_STATE=getMsg HTTP/1.1" 200 27
116.232.193.168 - - [02/Jan/2024:11:27:28 +0800] "GET /xingrg/all/function/internal_message.html?_=1704166007880&CODE_STATE=getMsg HTTP/1.1" 200 27
114.83.218.109 - - [02/Jan/2024:11:27:36 +0800] "GET /xingrg/all/function/internal_message.html?_=1704166055956&CODE_STATE=getMsg HTTP/1.1" 200 27
222.70.180.200 - - [02/Jan/2024:11:27:36 +0800] "GET /xingrg/all/function/internal_message.html?_=1704166056526&CODE_STATE=getMsg HTTP/1.1" 200 27
114.85.37.70 - - [02/Jan/2024:11:27:38 +0800] "GET /xingrg/all/function/internal_message.html?_=1704164584763&CODE_STATE=getMsg HTTP/1.1" 200 27
180.169.147.146 - - [02/Jan/2024:11:27:41 +0800] "GET /xingrg/all/function/internal_message.html?_=1704166061052&CODE_STATE=getMsg HTTP/1.1" 200 27
124.79.241.187 - - [02/Jan/2024:11:27:41 +0800] "GET /xingrg/all/function/internal_message.html?_=1704166393332&CODE_STATE=getMsg HTTP/1.1" 200 27
124.79.241.187 - - [02/Jan/2024:11:27:41 +0800] "GET /xingrg/check_reg.html?_=1704166393333 HTTP/1.1" 200 22
101.80.228.56 - - [02/Jan/2024:11:27:43 +0800] "GET /xingrg/all/function/internal_message.html?_=1704166063545&CODE_STATE=getMsg HTTP/1.1" 200 27
101.83.145.37 - - [02/Jan/2024:11:27:43 +0800] "GET /xingrg/all/function/internal_message.html?_=1704165830122&CODE_STATE=getMsg HTTP/1.1" 200 27
180.152.241.252 - - [02/Jan/2024:11:27:52 +0800] "GET /xingrg/kc/base/wldb_order_operate.html?command=get_materiel&rest_code=00102&base_code=0010477&code=00102002511 HTTP/1.1" 200 434
101.83.145.37 - - [02/Jan/2024:11:27:52 +0800] "GET /xingrg/kc/base/wldb_order_operate.html?command=get_materiel&rest_code=00105&base_code=0010671&code=00101030030 HTTP/1.1" 200 437
222.67.232.215 - - [02/Jan/2024:11:27:53 +0800] "GET /xingrg/all/function/internal_message.html?_=1704166073591&CODE_STATE=getMsg HTTP/1.1" 200 27
218.79.29.24 - - [02/Jan/2024:11:27:56 +0800] "GET /xingrg/check_reg.html?_=1704166078748 HTTP/1.1" 302 -
114.95.241.104 - - [02/Jan/2024:11:27:58 +0800] "GET /xingrg/all/function/internal_message.html?_=1704166078743&CODE_STATE=getMsg HTTP/1.1" 200 27
116.230.112.253 - - [02/Jan/2024:11:27:59 +0800] "GET /xingrg/all/function/internal_message.html?_=1704166085648&CODE_STATE=getMsg HTTP/1.1" 200 27
180.169.147.146 - - [02/Jan/2024:11:28:01 +0800] "GET /xingrg/all/function/internal_message.html?_=1704166081200&CODE_STATE=getMsg HTTP/1.1" 200 27
222.69.134.55 - - [02/Jan/2024:11:28:03 +0800] "GET /xingrg/all/function/internal_message.html?_=1704166085210&CODE_STATE=getMsg HTTP/1.1" 200 27
101.83.145.37 - - [02/Jan/2024:11:28:04 +0800] "POST /xingrg/kc/base/wldb_order_operate.html HTTP/1.1" 200 37
101.83.145.37 - - [02/Jan/2024:11:28:05 +0800] "POST /xingrg/kc/base/wldb_order_operate.html HTTP/1.1" 200 2657
101.83.145.37 - - [02/Jan/2024:11:28:05 +0800] "GET /xingrg/kc/base/wldb_order_info.html?code=422024010200149 HTTP/1.1" 200 30397
101.83.145.37 - - [02/Jan/2024:11:28:06 +0800] "GET /xingrg/javascript/easyui/themes/default/validatebox.css HTTP/1.1" 404 1104
116.230.112.253 - - [02/Jan/2024:11:28:06 +0800] "POST /xingrg/services/DataTransmitService HTTP/1.1" 200 524
101.83.145.37 - - [02/Jan/2024:11:28:07 +0800] "POST /xingrg/kc/base/wldb_order_operate.html HTTP/1.1" 200 2657
116.230.112.253 - - [02/Jan/2024:11:28:07 +0800] "POST /xingrg/services/DataTransmitService HTTP/1.1" 200 412
120.253.135.82 - - [02/Jan/2024:11:28:08 +0800] "GET /xingrg/check_reg.html?_=1704165906099 HTTP/1.1" 200 22
124.78.154.219 - - [02/Jan/2024:11:28:10 +0800] "GET /xingrg/check_reg.html?_=1704166088836 HTTP/1.1" 200 22
180.152.241.252 - - [02/Jan/2024:11:28:11 +0800] "GET /xingrg/kc/base/wldb_order_operate.html?command=get_materiel&rest_code=00102&base_code=0010477&code=00102002568 HTTP/1.1" 200 446
124.78.154.219 - - [02/Jan/2024:11:28:12 +0800] "GET /xingrg/all/function/internal_message.html?_=1704166090540&CODE_STATE=getMsg HTTP/1.1" 200 27
114.83.218.109 - - [02/Jan/2024:11:28:16 +0800] "GET /xingrg/all/function/internal_message.html?_=1704166097364&CODE_STATE=getMsg HTTP/1.1" 200 27
58.39.110.191 - - [02/Jan/2024:11:28:17 +0800] "GET /xingrg/all/function/internal_message.html?_=1704166098229&CODE_STATE=getMsg HTTP/1.1" 200 27
101.83.145.37 - - [02/Jan/2024:11:28:18 +0800] "GET /xingrg/all/function/internal_message.html?_=1704166098598&CODE_STATE=getMsg HTTP/1.1" 200 27
120.253.135.82 - - [02/Jan/2024:11:28:22 +0800] "GET /xingrg/all/function/internal_message.html?_=1704165920466&CODE_STATE=getMsg HTTP/1.1" 200 27
180.152.241.252 - - [02/Jan/2024:11:28:24 +0800] "GET /xingrg/all/function/internal_message.html?_=1704166104202&CODE_STATE=getMsg HTTP/1.1" 200 27
180.152.241.252 - - [02/Jan/2024:11:28:24 +0800] "GET /xingrg/check_reg.html?_=1704166104207 HTTP/1.1" 200 22
116.232.193.168 - - [02/Jan/2024:11:28:28 +0800] "GET /xingrg/all/function/internal_message.html?_=1704166067858&CODE_STATE=getMsg HTTP/1.1" 200 27
180.164.1.25 - - [02/Jan/2024:11:28:28 +0800] "GET /xingrg/check_reg.html?_=1704166107880 HTTP/1.1" 200 22
180.164.1.25 - - [02/Jan/2024:11:28:28 +0800] "GET /xingrg/all/function/internal_message.html?_=1704166107883&CODE_STATE=getMsg HTTP/1.1" 200 27
101.83.145.37 - - [02/Jan/2024:11:28:31 +0800] "GET /xingrg/kc/base/wldb_order_add.html HTTP/1.1" 200 30385
101.83.145.37 - - [02/Jan/2024:11:28:31 +0800] "POST /xingrg/kc/base/wldb_order_operate.html HTTP/1.1" 200 6806
101.83.145.37 - - [02/Jan/2024:11:28:31 +0800] "GET /xingrg/javascript/easyui/themes/default/validatebox.css HTTP/1.1" 404 1104
180.152.241.252 - - [02/Jan/2024:11:28:33 +0800] "POST /xingrg/kc/base/wldb_order_operate.html HTTP/1.1" 200 37
114.83.218.109 - - [02/Jan/2024:11:28:36 +0800] "GET /xingrg/all/function/internal_message.html?_=1704166115952&CODE_STATE=getMsg HTTP/1.1" 200 27
222.70.180.200 - - [02/Jan/2024:11:28:36 +0800] "GET /xingrg/all/function/internal_message.html?_=1704166116511&CODE_STATE=getMsg HTTP/1.1" 200 27
114.85.37.70 - - [02/Jan/2024:11:28:38 +0800] "GET /xingrg/all/function/internal_message.html?_=1704164644749&CODE_STATE=getMsg HTTP/1.1" 200 27
180.152.241.252 - - [02/Jan/2024:11:28:40 +0800] "POST /xingrg/kc/base/wldb_order_operate.html HTTP/1.1" 200 12
180.152.241.252 - - [02/Jan/2024:11:28:41 +0800] "POST /xingrg/kc/base/wldb_order_operate.html HTTP/1.1" 200 4105
180.169.147.146 - - [02/Jan/2024:11:28:41 +0800] "GET /xingrg/check_reg.html?_=1704166121054 HTTP/1.1" 200 22
180.169.147.146 - - [02/Jan/2024:11:28:41 +0800] "GET /xingrg/all/function/internal_message.html?_=1704166121057&CODE_STATE=getMsg HTTP/1.1" 200 27
124.79.241.187 - - [02/Jan/2024:11:28:41 +0800] "GET /xingrg/all/function/internal_message.html?_=1704166453357&CODE_STATE=getMsg HTTP/1.1" 200 27
101.80.228.56 - - [02/Jan/2024:11:28:43 +0800] "GET /xingrg/all/function/internal_message.html?_=1704166123543&CODE_STATE=getMsg HTTP/1.1" 200 27
101.83.145.37 - - [02/Jan/2024:11:28:43 +0800] "GET /xingrg/all/function/internal_message.html?_=1704165890117&CODE_STATE=getMsg HTTP/1.1" 200 27
180.152.241.252 - - [02/Jan/2024:11:28:44 +0800] "GET /xingrg/kc/base/wldb_order_info.html?code=422024010200150 HTTP/1.1" 200 26257
180.152.241.252 - - [02/Jan/2024:11:28:44 +0800] "GET /xingrg/javascript/easyui/themes/default/validatebox.css HTTP/1.1" 404 1104
180.152.241.252 - - [02/Jan/2024:11:28:45 +0800] "POST /xingrg/kc/base/wldb_order_operate.html HTTP/1.1" 200 2358
101.83.145.37 - - [02/Jan/2024:11:28:45 +0800] "GET /xingrg/javascript/jquery_tools/images/prev.gif HTTP/1.1" 404 1086
101.83.145.37 - - [02/Jan/2024:11:28:45 +0800] "GET /xingrg/javascript/jquery_tools/images/next.gif HTTP/1.1" 404 1086
222.67.232.215 - - [02/Jan/2024:11:28:53 +0800] "GET /xingrg/all/function/internal_message.html?_=1704166133563&CODE_STATE=getMsg HTTP/1.1" 200 27
101.83.145.37 - - [02/Jan/2024:11:28:57 +0800] "GET /xingrg/kc/base/wldb_order_operate.html?command=get_materiel&rest_code=00105&base_code=0010513&code=00101018006 HTTP/1.1" 200 443
114.95.241.104 - - [02/Jan/2024:11:28:58 +0800] "GET /xingrg/all/function/internal_message.html?_=1704166138726&CODE_STATE=getMsg HTTP/1.1" 200 27
116.230.112.253 - - [02/Jan/2024:11:29:00 +0800] "GET /xingrg/all/function/internal_message.html?_=1704166146029&CODE_STATE=getMsg HTTP/1.1" 200 27
180.169.147.146 - - [02/Jan/2024:11:29:01 +0800] "GET /xingrg/all/function/internal_message.html?_=1704166141199&CODE_STATE=getMsg HTTP/1.1" 200 27
180.169.147.146 - - [02/Jan/2024:11:29:01 +0800] "GET /xingrg/check_reg.html?_=1704166141202 HTTP/1.1" 200 22
222.69.134.55 - - [02/Jan/2024:11:29:03 +0800] "GET /xingrg/all/function/internal_message.html?_=1704166145217&CODE_STATE=getMsg HTTP/1.1" 200 27
124.78.154.219 - - [02/Jan/2024:11:29:12 +0800] "GET /xingrg/all/function/internal_message.html?_=1704166150526&CODE_STATE=getMsg HTTP/1.1" 200 27
114.83.218.109 - - [02/Jan/2024:11:29:16 +0800] "GET /xingrg/all/function/internal_message.html?_=1704166157364&CODE_STATE=getMsg HTTP/1.1" 200 27
58.39.110.191 - - [02/Jan/2024:11:29:17 +0800] "GET /xingrg/all/function/internal_message.html?_=1704166158231&CODE_STATE=getMsg HTTP/1.1" 200 27
101.83.145.37 - - [02/Jan/2024:11:29:18 +0800] "GET /xingrg/check_reg.html?_=1704166158599 HTTP/1.1" 200 22
101.83.145.37 - - [02/Jan/2024:11:29:18 +0800] "GET /xingrg/all/function/internal_message.html?_=1704166158603&CODE_STATE=getMsg HTTP/1.1" 200 27
101.83.145.37 - - [02/Jan/2024:11:29:18 +0800] "GET /xingrg/kc/base/wldb_order_operate.html?command=get_materiel&rest_code=00105&base_code=0010513&code=00101018012 HTTP/1.1" 200 461
120.253.135.82 - - [02/Jan/2024:11:29:22 +0800] "GET /xingrg/all/function/internal_message.html?_=1704165980480&CODE_STATE=getMsg HTTP/1.1" 200 27
180.152.241.252 - - [02/Jan/2024:11:29:24 +0800] "GET /xingrg/all/function/internal_message.html?_=1704166164226&CODE_STATE=getMsg HTTP/1.1" 200 27
116.232.193.168 - - [02/Jan/2024:11:29:27 +0800] "GET /xingrg/all/function/internal_message.html?_=1704166127835&CODE_STATE=getMsg HTTP/1.1" 200 27
180.164.1.25 - - [02/Jan/2024:11:29:28 +0800] "GET /xingrg/all/function/internal_message.html?_=1704166167874&CODE_STATE=getMsg HTTP/1.1" 200 27
114.83.218.109 - - [02/Jan/2024:11:29:36 +0800] "GET /xingrg/check_reg.html?_=1704166175944 HTTP/1.1" 200 22
114.83.218.109 - - [02/Jan/2024:11:29:36 +0800] "GET /xingrg/all/function/internal_message.html?_=1704166175946&CODE_STATE=getMsg HTTP/1.1" 200 27
222.70.180.200 - - [02/Jan/2024:11:29:36 +0800] "GET /xingrg/all/function/internal_message.html?_=1704166176496&CODE_STATE=getMsg HTTP/1.1" 200 27
114.85.37.70 - - [02/Jan/2024:11:29:38 +0800] "GET /xingrg/all/function/internal_message.html?_=1704164704737&CODE_STATE=getMsg HTTP/1.1" 200 27
180.169.147.146 - - [02/Jan/2024:11:29:41 +0800] "GET /xingrg/all/function/internal_message.html?_=1704166181051&CODE_STATE=getMsg HTTP/1.1" 200 27
124.79.241.187 - - [02/Jan/2024:11:29:41 +0800] "GET /xingrg/all/function/internal_message.html?_=1704166513355&CODE_STATE=getMsg HTTP/1.1" 200 27
101.80.228.56 - - [02/Jan/2024:11:29:43 +0800] "GET /xingrg/all/function/internal_message.html?_=1704166183541&CODE_STATE=getMsg HTTP/1.1" 200 27
101.83.145.37 - - [02/Jan/2024:11:29:43 +0800] "GET /xingrg/all/function/internal_message.html?_=1704165950098&CODE_STATE=getMsg HTTP/1.1" 200 27
101.83.145.37 - - [02/Jan/2024:11:29:53 +0800] "GET /xingrg/kc/base/wldb_order_operate.html?command=get_materiel&rest_code=00105&base_code=0010513&code=00101018030 HTTP/1.1" 200 452
222.67.232.215 - - [02/Jan/2024:11:29:53 +0800] "GET /xingrg/all/function/internal_message.html?_=1704166193537&CODE_STATE=getMsg HTTP/1.1" 200 27
114.95.241.104 - - [02/Jan/2024:11:29:58 +0800] "GET /xingrg/all/function/internal_message.html?_=1704166198704&CODE_STATE=getMsg HTTP/1.1" 200 27
116.230.112.253 - - [02/Jan/2024:11:30:00 +0800] "GET /xingrg/all/function/internal_message.html?_=1704166206035&CODE_STATE=getMsg HTTP/1.1" 200 27
180.169.147.146 - - [02/Jan/2024:11:30:01 +0800] "GET /xingrg/all/function/internal_message.html?_=1704166201200&CODE_STATE=getMsg HTTP/1.1" 200 27
222.69.134.55 - - [02/Jan/2024:11:30:03 +0800] "GET /xingrg/all/function/internal_message.html?_=1704166205207&CODE_STATE=getMsg HTTP/1.1" 200 27
218.81.65.124 - - [02/Jan/2024:11:30:06 +0800] "POST /xingrg/login.do HTTP/1.1" 302 -
218.81.65.124 - - [02/Jan/2024:11:30:06 +0800] "GET /xingrg/index.html?sysBaseUrl=http%3A%2F%2F180.169.147.146%3A18081%2Fxingrg%2F&costTime=916×tamp=1704166206182 HTTP/1.1" 200 17503
218.81.65.124 - - [02/Jan/2024:11:30:06 +0800] "GET /favicon.ico HTTP/1.1" 404 -
218.81.65.124 - - [02/Jan/2024:11:30:06 +0800] "GET /xingrg/check_reg.html?_=1704166204970 HTTP/1.1" 200 22
218.81.65.124 - - [02/Jan/2024:11:30:06 +0800] "GET /xingrg/all/function/internal_message.html?_=1704166204969&CODE_STATE=count HTTP/1.1" 200 11
218.81.65.124 - - [02/Jan/2024:11:30:06 +0800] "POST /xingrg/all/common/load_tree.html?tree=area_rest_tree_json&manage=1 HTTP/1.1" 200 3624
218.81.65.124 - - [02/Jan/2024:11:30:06 +0800] "POST /xingrg/load_menu.html HTTP/1.1" 200 11564
116.232.193.168 - - [02/Jan/2024:11:30:09 +0800] "GET /xingrg/check_reg.html?_=1704166169329 HTTP/1.1" 200 22
124.78.154.219 - - [02/Jan/2024:11:30:12 +0800] "GET /xingrg/all/function/internal_message.html?_=1704166210509&CODE_STATE=getMsg HTTP/1.1" 200 27
114.83.218.109 - - [02/Jan/2024:11:30:16 +0800] "GET /xingrg/all/function/internal_message.html?_=1704166217363&CODE_STATE=getMsg HTTP/1.1" 200 27
101.83.145.37 - - [02/Jan/2024:11:30:17 +0800] "GET /xingrg/kc/base/wldb_order_operate.html?command=get_materiel&rest_code=00105&base_code=0010513&code=00101013092 HTTP/1.1" 200 434
58.39.110.191 - - [02/Jan/2024:11:30:17 +0800] "GET /xingrg/check_reg.html?_=1704166218217 HTTP/1.1" 200 22
58.39.110.191 - - [02/Jan/2024:11:30:17 +0800] "GET /xingrg/all/function/internal_message.html?_=1704166218218&CODE_STATE=getMsg HTTP/1.1" 200 27
101.83.145.37 - - [02/Jan/2024:11:30:18 +0800] "GET /xingrg/all/function/internal_message.html?_=1704166218588&CODE_STATE=getMsg HTTP/1.1" 200 27
218.81.65.124 - - [02/Jan/2024:11:30:19 +0800] "POST /xingrg/all/user/operate.html HTTP/1.1" 200 36
218.81.65.124 - - [02/Jan/2024:11:30:19 +0800] "GET /xingrg/javascript/jquery_easy_ui/themes/default/easyui.css HTTP/1.1" 304 -
218.81.65.124 - - [02/Jan/2024:11:30:19 +0800] "GET /xingrg/javascript/jquery_easy_ui/themes/icon.css HTTP/1.1" 304 -
218.81.65.124 - - [02/Jan/2024:11:30:19 +0800] "GET /xingrg/css/form.css HTTP/1.1" 304 -
218.81.65.124 - - [02/Jan/2024:11:30:19 +0800] "GET /xingrg/javascript/jquery-1.4.2.min.js HTTP/1.1" 304 -
218.81.65.124 - - [02/Jan/2024:11:30:19 +0800] "GET /xingrg/javascript/jquery_easy_ui/jquery.easyui.min.js HTTP/1.1" 304 -
218.81.65.124 - - [02/Jan/2024:11:30:19 +0800] "GET /xingrg/javascript/jquery_easy_ui/easyui-lang-zh_CN.js HTTP/1.1" 304 -
218.81.65.124 - - [02/Jan/2024:11:30:19 +0800] "GET /xingrg/javascript/jquery.form.js HTTP/1.1" 304 -
218.81.65.124 - - [02/Jan/2024:11:30:19 +0800] "GET /xingrg/javascript/jquery.utils.js HTTP/1.1" 304 -
218.81.65.124 - - [02/Jan/2024:11:30:19 +0800] "GET /xingrg/javascript/jquery.timers.js HTTP/1.1" 304 -
218.81.65.124 - - [02/Jan/2024:11:30:19 +0800] "GET /xingrg/index.html?sysBaseUrl=http%3A%2F%2F180.169.147.146%3A18081%2Fxingrg%2F&costTime=916×tamp=1704166206182 HTTP/1.1" 200 17509
218.81.65.124 - - [02/Jan/2024:11:30:19 +0800] "GET /xingrg/images/blue/jxLogo.png HTTP/1.1" 304 -
218.81.65.124 - - [02/Jan/2024:11:30:19 +0800] "GET /xingrg/images/blue/navBackgound.jpg HTTP/1.1" 304 -
218.81.65.124 - - [02/Jan/2024:11:30:19 +0800] "GET /xingrg/javascript/jquery_easy_ui/themes/icons/settle_new.png HTTP/1.1" 304 -
218.81.65.124 - - [02/Jan/2024:11:30:19 +0800] "GET /xingrg/check_reg.html?_=1704166218265 HTTP/1.1" 200 22
218.81.65.124 - - [02/Jan/2024:11:30:19 +0800] "GET /xingrg/all/function/internal_message.html?_=1704166218265&CODE_STATE=count HTTP/1.1" 200 11
218.81.65.124 - - [02/Jan/2024:11:30:19 +0800] "GET /xingrg/images/blue/pingpu.png HTTP/1.1" 304 -
218.81.65.124 - - [02/Jan/2024:11:30:19 +0800] "GET /xingrg/javascript/jquery_easy_ui/themes/default/images/tabs_leftarrow.png HTTP/1.1" 304 -
218.81.65.124 - - [02/Jan/2024:11:30:19 +0800] "GET /xingrg/javascript/jquery_easy_ui/themes/default/images/tabs_rightarrow.png HTTP/1.1" 304 -
218.81.65.124 - - [02/Jan/2024:11:30:19 +0800] "GET /xingrg/javascript/jquery_easy_ui/themes/default/images/panel_tool_collapse.gif HTTP/1.1" 304 -
218.81.65.124 - - [02/Jan/2024:11:30:19 +0800] "GET /xingrg/javascript/jquery_easy_ui/themes/default/images/panel_tool_expand.gif HTTP/1.1" 304 -
218.81.65.124 - - [02/Jan/2024:11:30:20 +0800] "POST /xingrg/all/common/load_tree.html?tree=area_rest_tree_json&manage=1 HTTP/1.1" 200 3624
218.81.65.124 - - [02/Jan/2024:11:30:20 +0800] "POST /xingrg/load_menu.html HTTP/1.1" 200 9959
218.81.65.124 - - [02/Jan/2024:11:30:21 +0800] "GET /xingrg/kc/report/report_main.html HTTP/1.1" 200 7340
218.81.65.124 - - [02/Jan/2024:11:30:22 +0800] "GET /xingrg/kc/base/crk_hz.html HTTP/1.1" 200 11247
218.81.65.124 - - [02/Jan/2024:11:30:22 +0800] "POST /xingrg/kc/cost/cost_operate.html?command=get_base_tree HTTP/1.1" 200 3643
218.81.65.124 - - [02/Jan/2024:11:30:23 +0800] "POST /xingrg/all/common/load_tree.html?tree=materiel_sort_tree_json HTTP/1.1" 200 9617
120.253.135.82 - - [02/Jan/2024:11:30:23 +0800] "GET /xingrg/all/function/internal_message.html?_=1704166040651&CODE_STATE=getMsg HTTP/1.1" 200 27
180.152.241.252 - - [02/Jan/2024:11:30:24 +0800] "GET /xingrg/all/function/internal_message.html?_=1704166224210&CODE_STATE=getMsg HTTP/1.1" 200 27
218.81.65.124 - - [02/Jan/2024:11:30:24 +0800] "GET /xingrg/all/common/get_data_part.html?part=previousMonth&_=1704166223086 HTTP/1.1" 200 41
116.232.193.168 - - [02/Jan/2024:11:30:27 +0800] "GET /xingrg/all/function/internal_message.html?_=1704166187822&CODE_STATE=getMsg HTTP/1.1" 200 27
180.164.1.25 - - [02/Jan/2024:11:30:28 +0800] "GET /xingrg/all/function/internal_message.html?_=1704166227880&CODE_STATE=getMsg HTTP/1.1" 200 27
116.232.39.252 - - [02/Jan/2024:11:30:28 +0800] "POST /xingrg/services/DataTransmitService HTTP/1.1" 200 524
116.232.39.252 - - [02/Jan/2024:11:30:29 +0800] "POST /xingrg/services/DataTransmitService HTTP/1.1" 200 412
114.85.37.70 - - [02/Jan/2024:11:30:31 +0800] "GET /xingrg/check_reg.html?_=1704164758122 HTTP/1.1" 200 22
114.83.218.109 - - [02/Jan/2024:11:30:36 +0800] "GET /xingrg/all/function/internal_message.html?_=1704166235958&CODE_STATE=getMsg HTTP/1.1" 200 27
222.70.180.200 - - [02/Jan/2024:11:30:36 +0800] "GET /xingrg/all/function/internal_message.html?_=1704166236481&CODE_STATE=getMsg HTTP/1.1" 200 27
114.85.37.70 - - [02/Jan/2024:11:30:38 +0800] "GET /xingrg/all/function/internal_message.html?_=1704164764715&CODE_STATE=getMsg HTTP/1.1" 200 27
218.81.65.124 - - [02/Jan/2024:11:30:40 +0800] "GET /xingrg/kc/base/crk_hz.html?_=1704166238449&command=get_cost_id&end_date=2023-12-31&start_date=2023-12-31 HTTP/1.1" 200 51
218.81.65.124 - - [02/Jan/2024:11:30:40 +0800] "GET /xingrg/all/report/report_query.html?isQuery=1&onlyBody=1&rh=99999&rw=1800&varString=start:20231231,cost_id:4757,mid:20231201&fileName=kc/base/crk_hz_type_by_base.xml&queryString=%20a.base_code%20in%20('0010463')%20&queryText=ÈÕÆÚ£º2023-12-31ÖÁ2023-12-31%20²Ö¿â£ºÊÕÒø&tableQueryString=materiel_table$sp1$$sp$before_table$sp1$$sp$crk_table$sp1$order_day%20between%2020231231%20and%2020231231 HTTP/1.1" 200 49399
218.81.65.124 - - [02/Jan/2024:11:30:40 +0800] "GET /xingrg/dwr/interface/AjaxReportQueryService.js HTTP/1.1" 200 13203
218.81.65.124 - - [02/Jan/2024:11:30:40 +0800] "GET /xingrg/dwr/engine.js HTTP/1.1" 200 43631
218.81.65.124 - - [02/Jan/2024:11:30:40 +0800] "GET /xingrg/dwr/util.js HTTP/1.1" 200 35990
180.169.147.146 - - [02/Jan/2024:11:30:41 +0800] "GET /xingrg/all/function/internal_message.html?_=1704166241041&CODE_STATE=getMsg HTTP/1.1" 200 27
124.79.241.187 - - [02/Jan/2024:11:30:41 +0800] "GET /xingrg/all/function/internal_message.html?_=1704166573353&CODE_STATE=getMsg HTTP/1.1" 200 27
101.83.145.37 - - [02/Jan/2024:11:30:41 +0800] "GET /xingrg/check_reg.html?_=1704166008747 HTTP/1.1" 200 22
101.80.228.56 - - [02/Jan/2024:11:30:43 +0800] "GET /xingrg/check_reg.html?_=1704166243539 HTTP/1.1" 200 22
101.80.228.56 - - [02/Jan/2024:11:30:43 +0800] "GET /xingrg/all/function/internal_message.html?_=1704166243541&CODE_STATE=getMsg HTTP/1.1" 200 27
101.83.145.37 - - [02/Jan/2024:11:30:43 +0800] "GET /xingrg/all/function/internal_message.html?_=1704166010079&CODE_STATE=getMsg HTTP/1.1" 200 27
218.81.65.124 - - [02/Jan/2024:11:30:43 +0800] "POST /xingrg/all/report/load_report_page.html HTTP/1.1" 200 91997
218.81.65.124 - - [02/Jan/2024:11:30:43 +0800] "GET /xingrg/servlets/image?cache=0.42994364182916744&image=px HTTP/1.1" 200 807
101.228.146.191 - - [02/Jan/2024:11:30:44 +0800] "POST /xingrg/login.do HTTP/1.1" 302 -
101.228.146.191 - - [02/Jan/2024:11:30:44 +0800] "GET /xingrg/index.html?sysBaseUrl=http%3A%2F%2F180.169.147.146%3A18081%2Fxingrg%2F&costTime=890×tamp=1704166244360 HTTP/1.1" 200 17179
101.228.146.191 - - [02/Jan/2024:11:30:44 +0800] "GET /xingrg/javascript/jquery_easy_ui/themes/default/easyui.css HTTP/1.1" 304 -
101.228.146.191 - - [02/Jan/2024:11:30:44 +0800] "GET /xingrg/javascript/jquery_easy_ui/themes/icon.css HTTP/1.1" 304 -
101.228.146.191 - - [02/Jan/2024:11:30:44 +0800] "GET /xingrg/javascript/jquery_easy_ui/easyui-lang-zh_CN.js HTTP/1.1" 304 -
101.228.146.191 - - [02/Jan/2024:11:30:44 +0800] "GET /xingrg/css/form.css HTTP/1.1" 304 -
101.228.146.191 - - [02/Jan/2024:11:30:44 +0800] "GET /xingrg/javascript/jquery_easy_ui/jquery.easyui.min.js HTTP/1.1" 304 -
101.228.146.191 - - [02/Jan/2024:11:30:44 +0800] "GET /xingrg/javascript/jquery-1.4.2.min.js HTTP/1.1" 304 -
101.228.146.191 - - [02/Jan/2024:11:30:44 +0800] "GET /xingrg/javascript/jquery.form.js HTTP/1.1" 304 -
101.228.146.191 - - [02/Jan/2024:11:30:44 +0800] "GET /xingrg/javascript/jquery.timers.js HTTP/1.1" 304 -
101.228.146.191 - - [02/Jan/2024:11:30:44 +0800] "GET /xingrg/javascript/jquery.utils.js HTTP/1.1" 304 -
101.228.146.191 - - [02/Jan/2024:11:30:44 +0800] "GET /favicon.ico HTTP/1.1" 404 -
101.228.146.191 - - [02/Jan/2024:11:30:44 +0800] "GET /xingrg/javascript/jquery_easy_ui/themes/icons/settle_new.png HTTP/1.1" 304 -
101.228.146.191 - - [02/Jan/2024:11:30:44 +0800] "GET /xingrg/images/blue/navBackgound.jpg HTTP/1.1" 304 -
101.228.146.191 - - [02/Jan/2024:11:30:44 +0800] "POST /xingrg/all/common/load_tree.html?tree=area_rest_tree_json&manage=1 HTTP/1.1" 200 351
101.228.146.191 - - [02/Jan/2024:11:30:44 +0800] "GET /xingrg/all/function/internal_message.html?_=1704166242938&CODE_STATE=count HTTP/1.1" 200 11
101.228.146.191 - - [02/Jan/2024:11:30:44 +0800] "GET /xingrg/check_reg.html?_=1704166242939 HTTP/1.1" 200 22
101.228.146.191 - - [02/Jan/2024:11:30:44 +0800] "GET /xingrg/javascript/jquery_easy_ui/themes/default/images/tabs_leftarrow.png HTTP/1.1" 304 -
101.228.146.191 - - [02/Jan/2024:11:30:44 +0800] "GET /xingrg/images/blue/pingpu.png HTTP/1.1" 304 -
101.228.146.191 - - [02/Jan/2024:11:30:44 +0800] "GET /xingrg/javascript/jquery_easy_ui/themes/default/images/tabs_rightarrow.png HTTP/1.1" 304 -
101.228.146.191 - - [02/Jan/2024:11:30:44 +0800] "GET /xingrg/javascript/jquery_easy_ui/themes/default/images/panel_tool_collapse.gif HTTP/1.1" 304 -
101.228.146.191 - - [02/Jan/2024:11:30:44 +0800] "POST /xingrg/load_menu.html HTTP/1.1" 200 5138
101.228.146.191 - - [02/Jan/2024:11:30:45 +0800] "GET /xingrg/javascript/jquery_easy_ui/themes/default/images/tree_arrows.gif HTTP/1.1" 304 -
101.228.146.191 - - [02/Jan/2024:11:30:45 +0800] "GET /xingrg/javascript/jquery_easy_ui/themes/default/images/tree_folder_open.gif HTTP/1.1" 304 -
101.228.146.191 - - [02/Jan/2024:11:30:45 +0800] "GET /xingrg/javascript/jquery_easy_ui/themes/default/images/tree_folder.gif HTTP/1.1" 304 -
101.228.146.191 - - [02/Jan/2024:11:30:45 +0800] "GET /xingrg/javascript/jquery_easy_ui/themes/icons/storage_new.png HTTP/1.1" 304 -
101.228.146.191 - - [02/Jan/2024:11:30:45 +0800] "GET /xingrg/javascript/jquery_easy_ui/themes/icons/forms_new.png HTTP/1.1" 304 -
101.228.146.191 - - [02/Jan/2024:11:30:45 +0800] "GET /xingrg/javascript/jquery_easy_ui/themes/icons/search_new.png HTTP/1.1" 304 -
101.228.146.191 - - [02/Jan/2024:11:30:45 +0800] "GET /xingrg/javascript/jquery_easy_ui/themes/default/images/tree_file.gif HTTP/1.1" 304 -
101.228.146.191 - - [02/Jan/2024:11:30:45 +0800] "GET /xingrg/javascript/jquery_easy_ui/themes/default/images/button_plain_hover.png HTTP/1.1" 200 252
101.228.146.191 - - [02/Jan/2024:11:30:46 +0800] "GET /xingrg/javascript/jquery_easy_ui/themes/icons/area.png HTTP/1.1" 304 -
101.228.146.191 - - [02/Jan/2024:11:30:46 +0800] "GET /xingrg/javascript/jquery_easy_ui/themes/icons/rest.png HTTP/1.1" 304 -
218.81.65.124 - - [02/Jan/2024:11:30:50 +0800] "GET /xingrg/kc/base/crk_hz.html?_=1704166248470&command=get_cost_id&end_date=2023-12-31&start_date=2023-12-01 HTTP/1.1" 200 51
218.81.65.124 - - [02/Jan/2024:11:30:50 +0800] "GET /xingrg/all/report/report_query.html?isQuery=1&onlyBody=1&rh=99999&rw=1800&varString=start:20231201,cost_id:4757,mid:20231201&fileName=kc/base/crk_hz_type_by_base.xml&queryString=%20a.base_code%20in%20('0010463')%20&queryText=ÈÕÆÚ£º2023-12-01ÖÁ2023-12-31%20²Ö¿â£ºÊÕÒø&tableQueryString=materiel_table$sp1$$sp$before_table$sp1$$sp$crk_table$sp1$order_day%20between%2020231201%20and%2020231231 HTTP/1.1" 200 49399
218.81.65.124 - - [02/Jan/2024:11:30:50 +0800] "GET /xingrg/dwr/interface/AjaxReportQueryService.js HTTP/1.1" 200 13203
218.81.65.124 - - [02/Jan/2024:11:30:50 +0800] "GET /xingrg/dwr/engine.js HTTP/1.1" 200 43631
101.83.145.37 - - [02/Jan/2024:11:30:53 +0800] "GET /xingrg/kc/base/wldb_order_operate.html?command=get_materiel&rest_code=00105&base_code=0010513&code=00101013078 HTTP/1.1" 200 440
222.67.232.215 - - [02/Jan/2024:11:30:53 +0800] "GET /xingrg/all/function/internal_message.html?_=1704166253530&CODE_STATE=getMsg HTTP/1.1" 200 27
218.81.65.124 - - [02/Jan/2024:11:30:53 +0800] "POST /xingrg/all/report/load_report_page.html HTTP/1.1" 200 94436
218.81.65.124 - - [02/Jan/2024:11:30:53 +0800] "GET /xingrg/servlets/image?cache=0.9304000900086085&image=px HTTP/1.1" 200 807
114.95.241.104 - - [02/Jan/2024:11:30:58 +0800] "GET /xingrg/all/function/internal_message.html?_=1704166258676&CODE_STATE=getMsg HTTP/1.1" 200 27
218.81.65.124 - - [02/Jan/2024:11:30:58 +0800] "GET /xingrg/all/report/report_query.html?isQuery=1&fileName=kc/base/crk_detail_by_small.xml&rh=99999&queryString=&queryText=%25E3%2580%2590%25E4%25BB%2593%25E5%25BA%2593%25E5%2590%258D%25E7%25A7%25B0%253A%25E6%2594%25B6%25E9%2593%25B6%25E3%2580%2591%25E3%2580%2590%25E4%25B8%259A%25E5%258A%25A1%25E7%25B1%25BB%25E5%259E%258B%25EF%25BC%259A%25E5%2586%2585%25E9%2583%25A8%25E8%25B0%2583%25E5%2585%25A5%25E3%2580%2591%2520%253F%253F%253F%253F%253F2023-12-01%253F%253F2023-12-31%2520%253F%253F%253F%253F%253F%253F%253F&tableQueryString=crk_table%2524sp1%2524order_day%2520between%252020231201%2520and%252020231231%2520and%2520(base_code%253D'0010463')%2520and%2520(src_order_type%2520in%2520(42))%2520and%2520(is_rk%2520in%2520(1)) HTTP/1.1" 200 53778
218.81.65.124 - - [02/Jan/2024:11:30:59 +0800] "GET /xingrg/dwr/interface/AjaxReportQueryService.js HTTP/1.1" 200 13203
218.81.65.124 - - [02/Jan/2024:11:30:59 +0800] "GET /xingrg/dwr/engine.js HTTP/1.1" 200 43631
218.81.65.124 - - [02/Jan/2024:11:30:59 +0800] "POST /xingrg/all/report/load_report_page.html HTTP/1.1" 200 28113
218.81.65.124 - - [02/Jan/2024:11:30:59 +0800] "GET /xingrg/servlets/image?cache=0.9175943767021528&image=px HTTP/1.1" 200 807
114.95.241.104 - - [02/Jan/2024:11:31:00 +0800] "GET /xingrg/check_reg.html?_=1704166260313 HTTP/1.1" 200 22
116.230.112.253 - - [02/Jan/2024:11:31:00 +0800] "GET /xingrg/all/function/internal_message.html?_=1704166266469&CODE_STATE=getMsg HTTP/1.1" 200 27
180.169.147.146 - - [02/Jan/2024:11:31:01 +0800] "GET /xingrg/all/function/internal_message.html?_=1704166261199&CODE_STATE=getMsg HTTP/1.1" 200 27
218.81.65.124 - - [02/Jan/2024:11:31:02 +0800] "GET /xingrg/all/report/report_query.html?isQuery=1&fileName=kc/base/crk_detail_by_materiel.xml&queryString=&queryText=%25E3%2580%2590%25E4%25BB%2593%25E5%25BA%2593%25E5%2590%258D%25E7%25A7%25B0%253A%25E6%2594%25B6%25E9%2593%25B6%25E3%2580%2591%25E3%2580%2590%25E4%25B8%259A%25E5%258A%25A1%25E7%25B1%25BB%25E5%259E%258B%25EF%25BC%259A%25E5%2586%2585%25E9%2583%25A8%25E8%25B0%2583%25E5%2585%25A5%25E3%2580%2591%2520%253F%253F%253F%253F%253F2023-12-01%253F%253F2023-12-31%2520%253F%253F%253F%253F%253F%253F%253F&tableQueryString=crk_table%2524sp1%2524order_day%2520between%252020231201%2520and%252020231231%2520and%2520(base_code%253D'0010463')%2520and%2520(src_order_type%2520in%2520(42))%2520and%2520(is_rk%2520in%2520(1))%2520and%2520(m.sort_code%253D'00101017') HTTP/1.1" 200 53805
218.81.65.124 - - [02/Jan/2024:11:31:02 +0800] "GET /xingrg/dwr/interface/AjaxReportQueryService.js HTTP/1.1" 200 13203
218.81.65.124 - - [02/Jan/2024:11:31:02 +0800] "GET /xingrg/dwr/engine.js HTTP/1.1" 200 43631
218.81.65.124 - - [02/Jan/2024:11:31:02 +0800] "POST /xingrg/all/report/load_report_page.html HTTP/1.1" 200 19049
218.81.65.124 - - [02/Jan/2024:11:31:03 +0800] "GET /xingrg/servlets/image?cache=0.513470873871905&image=px HTTP/1.1" 200 807
222.69.134.55 - - [02/Jan/2024:11:31:03 +0800] "GET /xingrg/all/function/internal_message.html?_=1704166265217&CODE_STATE=getMsg HTTP/1.1" 200 27
