180.152.241.252 - - [02/Jan/2024:09:20:35 +0800] "GET /xingrg/kc/buy/cgsh_order_operate.html?command=get_materiel&rest_code=00102&code=00101008163&supplier_code=00100008&order_time=2024-01-02 HTTP/1.1" 200 409
124.79.241.187 - - [02/Jan/2024:09:20:41 +0800] "GET /xingrg/all/function/internal_message.html?_=1704158773148&CODE_STATE=getMsg HTTP/1.1" 200 27
116.230.112.253 - - [02/Jan/2024:09:20:41 +0800] "GET /xingrg/all/function/internal_message.html?_=1704158447041&CODE_STATE=getMsg HTTP/1.1" 200 27
180.164.1.25 - - [02/Jan/2024:09:20:43 +0800] "GET /xingrg/all/function/internal_message.html?_=1704158443073&CODE_STATE=getMsg HTTP/1.1" 200 27
101.80.228.56 - - [02/Jan/2024:09:20:43 +0800] "GET /xingrg/all/function/internal_message.html?_=1704158443275&CODE_STATE=getMsg HTTP/1.1" 200 27
101.80.228.56 - - [02/Jan/2024:09:20:43 +0800] "GET /xingrg/check_reg.html?_=1704158443276 HTTP/1.1" 200 22
180.169.147.146 - - [02/Jan/2024:09:20:43 +0800] "GET /xingrg/all/function/internal_message.html?_=1704158443528&CODE_STATE=getMsg HTTP/1.1" 302 -
180.152.241.252 - - [02/Jan/2024:09:20:50 +0800] "GET /xingrg/kc/buy/cgsh_order_operate.html?command=get_materiel&rest_code=00102&code=00101008264&supplier_code=00100008&order_time=2024-01-02 HTTP/1.1" 200 412
180.164.1.25 - - [02/Jan/2024:09:20:50 +0800] "POST /xingrg/kc/buy/cgsh_list_operate.html HTTP/1.1" 200 212
124.78.154.219 - - [02/Jan/2024:09:20:52 +0800] "GET /xingrg/all/function/internal_message.html?_=1704158450807&CODE_STATE=getMsg HTTP/1.1" 200 27
180.152.241.252 - - [02/Jan/2024:09:20:52 +0800] "GET /xingrg/check_reg.html?_=1704158452285 HTTP/1.1" 200 22
180.152.241.252 - - [02/Jan/2024:09:20:52 +0800] "GET /xingrg/all/function/internal_message.html?_=1704158452303&CODE_STATE=getMsg HTTP/1.1" 200 27
222.70.180.200 - - [02/Jan/2024:09:20:54 +0800] "GET /xingrg/kc/buy/cgsh_order_info.html?code=212024010200469 HTTP/1.1" 200 67761
222.70.180.200 - - [02/Jan/2024:09:20:54 +0800] "GET /xingrg/words/20240102091845_words.js HTTP/1.1" 200 1005219
114.95.241.104 - - [02/Jan/2024:09:20:54 +0800] "POST /xingrg/kc/buy/cgsh_list_operate.html HTTP/1.1" 200 278
222.67.232.215 - - [02/Jan/2024:09:20:55 +0800] "GET /xingrg/all/function/internal_message.html?_=1704158455224&CODE_STATE=getMsg HTTP/1.1" 200 27
222.70.180.200 - - [02/Jan/2024:09:20:55 +0800] "GET /xingrg/javascript/easyui/themes/default/validatebox.css HTTP/1.1" 404 1104
222.70.180.200 - - [02/Jan/2024:09:20:56 +0800] "POST /xingrg/kc/buy/cgsh_order_operate.html HTTP/1.1" 200 4735
124.79.241.187 - - [02/Jan/2024:09:20:56 +0800] "GET /xingrg/kc/mdqp/qqps_order_list.html HTTP/1.1" 200 9642
124.79.241.187 - - [02/Jan/2024:09:20:56 +0800] "GET /xingrg/dwr/interface/AjaxQqpsService.js HTTP/1.1" 200 16326
124.79.241.187 - - [02/Jan/2024:09:20:56 +0800] "GET /xingrg/dwr/interface/AjaxReportQueryService.js HTTP/1.1" 200 13203
124.79.241.187 - - [02/Jan/2024:09:20:56 +0800] "GET /xingrg/dwr/util.js HTTP/1.1" 304 -
124.79.241.187 - - [02/Jan/2024:09:20:56 +0800] "GET /xingrg/dwr/engine.js HTTP/1.1" 200 43631
180.169.147.146 - - [02/Jan/2024:09:20:56 +0800] "GET /xingrg/all/report/report_query.html?fileName=dma/new_5.0/yingye/yy_hz.xml&rw=1600 HTTP/1.1" 200 56155
180.169.147.146 - - [02/Jan/2024:09:20:56 +0800] "GET /xingrg/dwr/interface/AjaxReportQueryService.js HTTP/1.1" 200 13203
180.169.147.146 - - [02/Jan/2024:09:20:56 +0800] "GET /xingrg/dwr/engine.js HTTP/1.1" 200 43631
180.169.147.146 - - [02/Jan/2024:09:20:57 +0800] "POST /xingrg/dwr/call/plaincall/AjaxReportQueryService.getFixDate.dwr HTTP/1.1" 200 111
180.169.147.146 - - [02/Jan/2024:09:20:57 +0800] "POST /xingrg/all/common/load_tree.html?tree=area_station_tree_json&manage=1 HTTP/1.1" 200 2159
114.95.241.104 - - [02/Jan/2024:09:20:58 +0800] "GET /xingrg/kc/buy/cgsh_order_info.html?code=212024010200462 HTTP/1.1" 200 72957
180.163.28.109 - - [02/Jan/2024:09:20:58 +0800] "GET /xingrg/kc/buy/cgsh_order_operate.html?command=get_materiel&rest_code=00106&code=00101011005&supplier_code=00100007&order_time=2024-01-02 HTTP/1.1" 302 -
180.163.28.109 - - [02/Jan/2024:09:20:58 +0800] "GET /xingrg/login.html HTTP/1.1" 200 7641
114.95.241.104 - - [02/Jan/2024:09:20:58 +0800] "GET /xingrg/words/20240102091845_words.js HTTP/1.1" 200 1005219
114.95.241.104 - - [02/Jan/2024:09:20:58 +0800] "GET /xingrg/javascript/easyui/themes/default/validatebox.css HTTP/1.1" 404 1104
114.95.241.104 - - [02/Jan/2024:09:20:58 +0800] "GET /xingrg/all/common/auto_word.html?type=employee&rest_code=00150 HTTP/1.1" 200 159
114.95.241.104 - - [02/Jan/2024:09:20:58 +0800] "GET /xingrg/all/common/auto_word.html?type=employee&rest_code=00150 HTTP/1.1" 200 159
124.79.241.187 - - [02/Jan/2024:09:20:58 +0800] "GET /xingrg/kc/mdqp/qqps_order_info.html?code=302024010100028 HTTP/1.1" 200 28548
124.79.241.187 - - [02/Jan/2024:09:20:58 +0800] "GET /xingrg/dwr/interface/AjaxComOrderService.js HTTP/1.1" 200 18264
124.79.241.187 - - [02/Jan/2024:09:20:58 +0800] "GET /xingrg/dwr/interface/AjaxQqpsService.js HTTP/1.1" 200 16326
124.79.241.187 - - [02/Jan/2024:09:20:58 +0800] "GET /xingrg/dwr/engine.js HTTP/1.1" 200 43631
124.78.154.219 - - [02/Jan/2024:09:20:59 +0800] "GET /xingrg/kc/buy/cgsh_order_operate.html?command=get_materiel&rest_code=00106&code=00101008321&supplier_code=00100007&order_time=2024-01-02 HTTP/1.1" 200 412
124.79.241.187 - - [02/Jan/2024:09:20:59 +0800] "GET /xingrg/words/20240102091845_words.js HTTP/1.1" 200 1005219
222.70.180.200 - - [02/Jan/2024:09:20:59 +0800] "GET /xingrg/kc/print/load_data.html?order_code=212024010200469&kc_code=cgsh&condition= HTTP/1.1" 200 2308
114.95.241.104 - - [02/Jan/2024:09:20:59 +0800] "POST /xingrg/kc/buy/cgsh_order_operate.html HTTP/1.1" 200 3251
101.83.145.37 - - [02/Jan/2024:09:21:00 +0800] "GET /xingrg/kc/buy/cgsh_order_operate.html?command=get_materiel&rest_code=00105&code=00101008044&supplier_code=00100005&order_time=2024-01-02 HTTP/1.1" 200 408
180.169.147.146 - - [02/Jan/2024:09:21:00 +0800] "POST /xingrg/dwr/call/plaincall/AjaxReportQueryService.getFixDate.dwr HTTP/1.1" 200 111
124.79.241.187 - - [02/Jan/2024:09:21:00 +0800] "POST /xingrg/dwr/call/plaincall/AjaxQqpsService.loadMaterielItems.dwr HTTP/1.1" 200 329
180.169.147.146 - - [02/Jan/2024:09:21:01 +0800] "GET /xingrg/all/function/internal_message.html?_=1704158461162&CODE_STATE=getMsg HTTP/1.1" 200 27
180.169.147.146 - - [02/Jan/2024:09:21:02 +0800] "POST /xingrg/dwr/call/plaincall/AjaxReportQueryService.refreshCache.dwr HTTP/1.1" 200 78
114.95.241.104 - - [02/Jan/2024:09:21:03 +0800] "GET /xingrg/javascript/auto/indicator.gif HTTP/1.1" 404 1066
180.169.147.146 - - [02/Jan/2024:09:21:03 +0800] "POST /xingrg/all/report/load_report_page.html HTTP/1.1" 200 145467
180.169.147.146 - - [02/Jan/2024:09:21:03 +0800] "GET /xingrg/servlets/image?cache=0.9112877872235466&image=px HTTP/1.1" 200 807
114.95.241.104 - - [02/Jan/2024:09:21:05 +0800] "GET /xingrg/all/function/internal_message.html?_=1704158464900&CODE_STATE=getMsg HTTP/1.1" 200 27
180.152.241.252 - - [02/Jan/2024:09:21:06 +0800] "GET /xingrg/kc/buy/cgsh_order_operate.html?command=get_materiel&rest_code=00102&code=00101008300&supplier_code=00100008&order_time=2024-01-02 HTTP/1.1" 200 412
222.70.180.200 - - [02/Jan/2024:09:21:07 +0800] "GET /xingrg/all/function/internal_message.html?_=1704158467538&CODE_STATE=getMsg HTTP/1.1" 200 27
114.95.241.104 - - [02/Jan/2024:09:21:08 +0800] "GET /xingrg/kc/buy/cgsh_order_operate.html?command=get_materiel&rest_code=00150&code=00102007147&supplier_code=00100082&order_time=2024-01-02 HTTP/1.1" 200 399
222.70.180.200 - - [02/Jan/2024:09:21:11 +0800] "GET /xingrg/kc/buy/cgsh_order_add.html HTTP/1.1" 200 72850
222.70.180.200 - - [02/Jan/2024:09:21:11 +0800] "POST /xingrg/kc/buy/cgsh_order_operate.html HTTP/1.1" 200 8245
222.70.180.200 - - [02/Jan/2024:09:21:11 +0800] "GET /xingrg/javascript/easyui/themes/default/validatebox.css HTTP/1.1" 404 1104
124.78.154.219 - - [02/Jan/2024:09:21:14 +0800] "GET /xingrg/kc/buy/cgsh_order_operate.html?command=get_materiel&rest_code=00106&code=00101008300&supplier_code=00100007&order_time=2024-01-02 HTTP/1.1" 200 412
180.152.241.252 - - [02/Jan/2024:09:21:16 +0800] "GET /xingrg/kc/buy/cgsh_order_operate.html?command=get_materiel&rest_code=00102&code=00101008077&supplier_code=00100008&order_time=2024-01-02 HTTP/1.1" 200 416
114.83.218.109 - - [02/Jan/2024:09:21:16 +0800] "GET /xingrg/all/function/internal_message.html?_=1704158477389&CODE_STATE=getMsg HTTP/1.1" 200 27
101.83.145.37 - - [02/Jan/2024:09:21:25 +0800] "GET /xingrg/all/function/internal_message.html?_=1704158252088&CODE_STATE=getMsg HTTP/1.1" 200 27
114.95.241.104 - - [02/Jan/2024:09:21:25 +0800] "POST /xingrg/kc/buy/cgsh_order_operate.html HTTP/1.1" 200 37
116.230.112.253 - - [02/Jan/2024:09:21:26 +0800] "GET /xingrg/check_reg.html?_=1704158492175 HTTP/1.1" 200 22
222.70.180.200 - - [02/Jan/2024:09:21:26 +0800] "GET /xingrg/kc/buy/cgsh_order_operate.html?command=get_materiel&rest_code=00111&code=00101002027&supplier_code=00100199&order_time=2024-01-02 HTTP/1.1" 200 413
180.152.241.252 - - [02/Jan/2024:09:21:28 +0800] "GET /xingrg/kc/buy/cgsh_order_operate.html?command=get_materiel&rest_code=00102&code=00101008238&supplier_code=00100008&order_time=2024-01-02 HTTP/1.1" 200 416
124.79.241.187 - - [02/Jan/2024:09:21:28 +0800] "POST /xingrg/dwr/call/plaincall/AjaxQqpsService.removeMaterielItem.dwr HTTP/1.1" 200 78
120.253.135.82 - - [02/Jan/2024:09:21:30 +0800] "GET /xingrg/all/function/internal_message.html?_=1704158307914&CODE_STATE=getMsg HTTP/1.1" 200 27
124.79.241.187 - - [02/Jan/2024:09:21:32 +0800] "POST /xingrg/dwr/call/plaincall/AjaxQqpsService.removeMaterielItem.dwr HTTP/1.1" 200 78
114.95.241.104 - - [02/Jan/2024:09:21:33 +0800] "POST /xingrg/kc/buy/cgsh_order_operate.html HTTP/1.1" 200 12
124.79.241.187 - - [02/Jan/2024:09:21:35 +0800] "GET /xingrg/javascript/auto/indicator.gif HTTP/1.1" 404 1066
114.95.241.104 - - [02/Jan/2024:09:21:36 +0800] "GET /xingrg/kc/buy/cgsh_order_info.html?code=212024010200462 HTTP/1.1" 200 67861
180.164.1.25 - - [02/Jan/2024:09:21:36 +0800] "GET /xingrg/kc/buy/cgsh_order_info.html?code=212024010100437 HTTP/1.1" 200 72995
114.95.241.104 - - [02/Jan/2024:09:21:36 +0800] "GET /xingrg/words/20240102091845_words.js HTTP/1.1" 304 -
180.164.1.25 - - [02/Jan/2024:09:21:36 +0800] "GET /xingrg/words/20240102091845_words.js HTTP/1.1" 200 1005219
114.95.241.104 - - [02/Jan/2024:09:21:36 +0800] "GET /xingrg/javascript/easyui/themes/default/validatebox.css HTTP/1.1" 404 1104
180.164.1.25 - - [02/Jan/2024:09:21:36 +0800] "GET /xingrg/javascript/easyui/themes/default/validatebox.css HTTP/1.1" 404 1104
180.164.1.25 - - [02/Jan/2024:09:21:36 +0800] "GET /xingrg/all/common/auto_word.html?type=employee&rest_code=00108 HTTP/1.1" 200 101
180.164.1.25 - - [02/Jan/2024:09:21:36 +0800] "GET /xingrg/all/common/auto_word.html?type=employee&rest_code=00108 HTTP/1.1" 200 101
114.95.241.104 - - [02/Jan/2024:09:21:37 +0800] "POST /xingrg/kc/buy/cgsh_order_operate.html HTTP/1.1" 200 1795
180.164.1.25 - - [02/Jan/2024:09:21:37 +0800] "POST /xingrg/kc/buy/cgsh_order_operate.html HTTP/1.1" 200 2672
180.152.241.252 - - [02/Jan/2024:09:21:38 +0800] "GET /xingrg/kc/buy/cgsh_order_operate.html?command=get_materiel&rest_code=00102&code=00101008336&supplier_code=00100008&order_time=2024-01-02 HTTP/1.1" 200 412
114.95.241.104 - - [02/Jan/2024:09:21:39 +0800] "GET /xingrg/kc/print/load_config.html?kc_code=cgsh HTTP/1.1" 200 1927
114.95.241.104 - - [02/Jan/2024:09:21:39 +0800] "GET /xingrg/kc/print/load_data.html?order_code=212024010200462&kc_code=cgsh&condition= HTTP/1.1" 200 1254
180.164.1.25 - - [02/Jan/2024:09:21:40 +0800] "GET /xingrg/javascript/auto/indicator.gif HTTP/1.1" 404 1066
180.152.241.252 - - [02/Jan/2024:09:21:40 +0800] "POST /xingrg/kc/buy/cgsh_order_operate.html HTTP/1.1" 200 2065
124.79.241.187 - - [02/Jan/2024:09:21:41 +0800] "GET /xingrg/all/function/internal_message.html?_=1704158833161&CODE_STATE=getMsg HTTP/1.1" 200 27
116.230.112.253 - - [02/Jan/2024:09:21:41 +0800] "GET /xingrg/all/function/internal_message.html?_=1704158507058&CODE_STATE=getMsg HTTP/1.1" 200 27
180.164.1.25 - - [02/Jan/2024:09:21:41 +0800] "GET /xingrg/javascript/jquery_tools/images/prev.gif HTTP/1.1" 404 1086
180.164.1.25 - - [02/Jan/2024:09:21:41 +0800] "GET /xingrg/javascript/jquery_tools/images/next.gif HTTP/1.1" 404 1086
222.70.180.200 - - [02/Jan/2024:09:21:42 +0800] "GET /xingrg/kc/buy/cgsh_order_operate.html?command=get_materiel&rest_code=00111&code=00101004030&supplier_code=00100199&order_time=2024-01-02 HTTP/1.1" 200 408
180.164.1.25 - - [02/Jan/2024:09:21:43 +0800] "GET /xingrg/all/function/internal_message.html?_=1704158503078&CODE_STATE=getMsg HTTP/1.1" 200 27
101.80.228.56 - - [02/Jan/2024:09:21:43 +0800] "GET /xingrg/all/function/internal_message.html?_=1704158503274&CODE_STATE=getMsg HTTP/1.1" 200 27
180.169.147.146 - - [02/Jan/2024:09:21:43 +0800] "GET /xingrg/all/function/internal_message.html?_=1704158503532&CODE_STATE=getMsg HTTP/1.1" 302 -
124.78.154.219 - - [02/Jan/2024:09:21:44 +0800] "POST /xingrg/kc/buy/cgsh_order_operate.html HTTP/1.1" 200 2065
101.83.145.37 - - [02/Jan/2024:09:21:45 +0800] "GET /xingrg/kc/buy/cgsh_order_operate.html?command=get_materiel&rest_code=00105&code=00101008045&supplier_code=00100005&order_time=2024-01-02 HTTP/1.1" 200 412
124.79.241.187 - - [02/Jan/2024:09:21:45 +0800] "POST /xingrg/dwr/call/plaincall/AjaxQqpsService.getMaterielByCode.dwr HTTP/1.1" 200 2729
180.164.1.25 - - [02/Jan/2024:09:21:48 +0800] "POST /xingrg/kc/buy/cgsh_order_operate.html HTTP/1.1" 200 37
124.79.241.187 - - [02/Jan/2024:09:21:49 +0800] "POST /xingrg/dwr/call/plaincall/AjaxQqpsService.saveMaterielItem.dwr HTTP/1.1" 200 78
114.95.241.104 - - [02/Jan/2024:09:21:50 +0800] "POST /xingrg/all/user/operate.html HTTP/1.1" 200 36
114.95.241.104 - - [02/Jan/2024:09:21:50 +0800] "GET /xingrg/index.html?sysBaseUrl=http%3A%2F%2F180.169.147.146%3A18081%2Fxingrg%2F&costTime=849×tamp=1704158405614 HTTP/1.1" 200 17177
114.95.241.104 - - [02/Jan/2024:09:21:50 +0800] "GET /xingrg/javascript/jquery_easy_ui/themes/default/easyui.css HTTP/1.1" 304 -
114.95.241.104 - - [02/Jan/2024:09:21:50 +0800] "GET /xingrg/javascript/jquery_easy_ui/themes/icon.css HTTP/1.1" 304 -
114.95.241.104 - - [02/Jan/2024:09:21:50 +0800] "GET /xingrg/css/form.css HTTP/1.1" 304 -
114.95.241.104 - - [02/Jan/2024:09:21:50 +0800] "GET /xingrg/javascript/jquery-1.4.2.min.js HTTP/1.1" 304 -
114.95.241.104 - - [02/Jan/2024:09:21:50 +0800] "GET /xingrg/javascript/jquery_easy_ui/jquery.easyui.min.js HTTP/1.1" 304 -
180.164.1.25 - - [02/Jan/2024:09:21:50 +0800] "POST /xingrg/kc/buy/cgsh_order_operate.html HTTP/1.1" 200 2672
114.95.241.104 - - [02/Jan/2024:09:21:50 +0800] "GET /xingrg/javascript/jquery_easy_ui/easyui-lang-zh_CN.js HTTP/1.1" 304 -
114.95.241.104 - - [02/Jan/2024:09:21:50 +0800] "GET /xingrg/javascript/jquery.form.js HTTP/1.1" 304 -
114.95.241.104 - - [02/Jan/2024:09:21:50 +0800] "GET /xingrg/javascript/jquery.utils.js HTTP/1.1" 304 -
114.95.241.104 - - [02/Jan/2024:09:21:50 +0800] "GET /xingrg/javascript/jquery.timers.js HTTP/1.1" 304 -
114.95.241.104 - - [02/Jan/2024:09:21:50 +0800] "GET /xingrg/images/blue/jxLogo.png HTTP/1.1" 304 -
114.95.241.104 - - [02/Jan/2024:09:21:50 +0800] "GET /xingrg/javascript/jquery_easy_ui/themes/icons/settle_new.png HTTP/1.1" 304 -
114.95.241.104 - - [02/Jan/2024:09:21:50 +0800] "GET /xingrg/images/blue/navBackgound.jpg HTTP/1.1" 304 -
114.95.241.104 - - [02/Jan/2024:09:21:50 +0800] "GET /xingrg/all/function/internal_message.html?_=1704158509615&CODE_STATE=count HTTP/1.1" 200 11
114.95.241.104 - - [02/Jan/2024:09:21:50 +0800] "GET /xingrg/images/blue/pingpu.png HTTP/1.1" 304 -
114.95.241.104 - - [02/Jan/2024:09:21:50 +0800] "GET /xingrg/check_reg.html?_=1704158509616 HTTP/1.1" 200 22
114.95.241.104 - - [02/Jan/2024:09:21:50 +0800] "GET /xingrg/javascript/jquery_easy_ui/themes/default/images/tabs_leftarrow.png HTTP/1.1" 304 -
114.95.241.104 - - [02/Jan/2024:09:21:50 +0800] "GET /xingrg/javascript/jquery_easy_ui/themes/default/images/tabs_rightarrow.png HTTP/1.1" 304 -
114.95.241.104 - - [02/Jan/2024:09:21:50 +0800] "GET /xingrg/javascript/jquery_easy_ui/themes/default/images/panel_tool_collapse.gif HTTP/1.1" 304 -
114.95.241.104 - - [02/Jan/2024:09:21:50 +0800] "POST /xingrg/all/common/load_tree.html?tree=area_rest_tree_json&manage=1 HTTP/1.1" 200 476
114.95.241.104 - - [02/Jan/2024:09:21:50 +0800] "POST /xingrg/load_menu.html HTTP/1.1" 200 5138
124.78.154.219 - - [02/Jan/2024:09:21:52 +0800] "GET /xingrg/all/function/internal_message.html?_=1704158510764&CODE_STATE=getMsg HTTP/1.1" 200 27
180.152.241.252 - - [02/Jan/2024:09:21:52 +0800] "GET /xingrg/all/function/internal_message.html?_=1704158512298&CODE_STATE=getMsg HTTP/1.1" 200 27
222.67.232.215 - - [02/Jan/2024:09:21:55 +0800] "GET /xingrg/all/function/internal_message.html?_=1704158515211&CODE_STATE=getMsg HTTP/1.1" 200 27
222.67.232.215 - - [02/Jan/2024:09:21:55 +0800] "GET /xingrg/check_reg.html?_=1704158515213 HTTP/1.1" 200 22
124.78.154.219 - - [02/Jan/2024:09:21:55 +0800] "GET /xingrg/kc/buy/cgsh_order_operate.html?command=get_materiel&rest_code=00106&code=00101020082&supplier_code=00100007&order_time=2024-01-02 HTTP/1.1" 200 409
114.95.241.104 - - [02/Jan/2024:09:21:55 +0800] "GET /xingrg/kc/buy/cgsh_order_list.html HTTP/1.1" 200 57116
124.79.241.187 - - [02/Jan/2024:09:21:56 +0800] "POST /xingrg/dwr/call/plaincall/AjaxQqpsService.getMaterielByCode.dwr HTTP/1.1" 200 2680
180.164.1.25 - - [02/Jan/2024:09:21:58 +0800] "GET /xingrg/kc/buy/cgsh_order_list.html HTTP/1.1" 200 57122
114.95.241.104 - - [02/Jan/2024:09:21:58 +0800] "POST /xingrg/kc/buy/cgsh_list_operate.html HTTP/1.1" 200 986
114.95.241.104 - - [02/Jan/2024:09:22:00 +0800] "GET /xingrg/kc/buy/cgsh_order_add.html HTTP/1.1" 200 72504
114.95.241.104 - - [02/Jan/2024:09:22:00 +0800] "GET /xingrg/words/20240102091845_words.js HTTP/1.1" 304 -
114.95.241.104 - - [02/Jan/2024:09:22:00 +0800] "POST /xingrg/kc/buy/cgsh_order_operate.html HTTP/1.1" 200 8245
114.95.241.104 - - [02/Jan/2024:09:22:00 +0800] "GET /xingrg/javascript/easyui/themes/default/validatebox.css HTTP/1.1" 404 1104
114.95.241.104 - - [02/Jan/2024:09:22:00 +0800] "GET /xingrg/all/common/auto_word.html?type=employee&rest_code=00151 HTTP/1.1" 200 293
114.95.241.104 - - [02/Jan/2024:09:22:00 +0800] "GET /xingrg/all/common/auto_word.html?type=employee&rest_code=00151 HTTP/1.1" 200 293
180.169.147.146 - - [02/Jan/2024:09:22:01 +0800] "GET /xingrg/all/function/internal_message.html?_=1704158521177&CODE_STATE=getMsg HTTP/1.1" 200 27
114.95.241.104 - - [02/Jan/2024:09:22:01 +0800] "GET /xingrg/javascript/auto/indicator.gif HTTP/1.1" 404 1066
180.152.241.252 - - [02/Jan/2024:09:22:04 +0800] "GET /xingrg/kc/buy/cgsh_order_operate.html?command=get_materiel&rest_code=00102&code=00101008131&supplier_code=00100008&order_time=2024-01-02 HTTP/1.1" 200 408
222.70.180.200 - - [02/Jan/2024:09:22:04 +0800] "GET /xingrg/kc/buy/cgsh_order_operate.html?command=get_materiel&rest_code=00111&code=00101001069&supplier_code=00100199&order_time=2024-01-02 HTTP/1.1" 200 411
124.79.241.187 - - [02/Jan/2024:09:22:05 +0800] "POST /xingrg/dwr/call/plaincall/AjaxQqpsService.saveMaterielItem.dwr HTTP/1.1" 200 78
222.70.180.200 - - [02/Jan/2024:09:22:07 +0800] "GET /xingrg/check_reg.html?_=1704158527535 HTTP/1.1" 200 22
222.70.180.200 - - [02/Jan/2024:09:22:07 +0800] "GET /xingrg/all/function/internal_message.html?_=1704158527536&CODE_STATE=getMsg HTTP/1.1" 200 27
101.83.145.37 - - [02/Jan/2024:09:22:11 +0800] "GET /xingrg/kc/buy/cgsh_order_operate.html?command=get_materiel&rest_code=00105&code=00101008155&supplier_code=00100005&order_time=2024-01-02 HTTP/1.1" 200 408
180.152.241.252 - - [02/Jan/2024:09:22:14 +0800] "GET /xingrg/kc/buy/cgsh_order_operate.html?command=get_materiel&rest_code=00102&code=00101008098&supplier_code=00100008&order_time=2024-01-02 HTTP/1.1" 200 412
114.83.218.109 - - [02/Jan/2024:09:22:16 +0800] "GET /xingrg/check_reg.html?_=1704158537157 HTTP/1.1" 200 22
114.83.218.109 - - [02/Jan/2024:09:22:16 +0800] "GET /xingrg/all/function/internal_message.html?_=1704158537378&CODE_STATE=getMsg HTTP/1.1" 200 27
101.83.145.37 - - [02/Jan/2024:09:22:25 +0800] "GET /xingrg/all/function/internal_message.html?_=1704158312062&CODE_STATE=getMsg HTTP/1.1" 200 27
120.253.135.82 - - [02/Jan/2024:09:22:30 +0800] "GET /xingrg/all/function/internal_message.html?_=1704158368202&CODE_STATE=getMsg HTTP/1.1" 200 27
222.70.180.200 - - [02/Jan/2024:09:22:32 +0800] "POST /xingrg/kc/buy/cgsh_order_operate.html HTTP/1.1" 200 64
124.78.154.219 - - [02/Jan/2024:09:22:32 +0800] "POST /xingrg/kc/buy/cgsh_order_operate.html HTTP/1.1" 200 37
180.152.241.252 - - [02/Jan/2024:09:22:33 +0800] "GET /xingrg/kc/buy/cgsh_order_operate.html?command=get_materiel&rest_code=00102&code=00101008005&supplier_code=00100008&order_time=2024-01-02 HTTP/1.1" 200 412
114.95.241.104 - - [02/Jan/2024:09:22:34 +0800] "GET /xingrg/kc/buy/cgsh_order_operate.html?command=get_materiel&rest_code=00151&code=00102009812&supplier_code=00100097&order_time=2024-01-02 HTTP/1.1" 200 422
101.83.145.37 - - [02/Jan/2024:09:22:36 +0800] "GET /xingrg/kc/buy/cgsh_order_operate.html?command=get_materiel&rest_code=00105&code=00101008096&supplier_code=00100005&order_time=2024-01-02 HTTP/1.1" 200 413
180.164.1.25 - - [02/Jan/2024:09:22:39 +0800] "POST /xingrg/kc/buy/cgsh_list_operate.html HTTP/1.1" 200 6013
124.79.241.187 - - [02/Jan/2024:09:22:41 +0800] "GET /xingrg/all/function/internal_message.html?_=1704158893164&CODE_STATE=getMsg HTTP/1.1" 200 27
124.79.241.187 - - [02/Jan/2024:09:22:41 +0800] "GET /xingrg/check_reg.html?_=1704158893165 HTTP/1.1" 200 22
116.230.112.253 - - [02/Jan/2024:09:22:41 +0800] "GET /xingrg/all/function/internal_message.html?_=1704158567071&CODE_STATE=getMsg HTTP/1.1" 200 27
180.164.1.25 - - [02/Jan/2024:09:22:43 +0800] "GET /xingrg/all/function/internal_message.html?_=1704158563074&CODE_STATE=getMsg HTTP/1.1" 200 27
101.80.228.56 - - [02/Jan/2024:09:22:43 +0800] "GET /xingrg/all/function/internal_message.html?_=1704158563272&CODE_STATE=getMsg HTTP/1.1" 200 27
180.169.147.146 - - [02/Jan/2024:09:22:43 +0800] "GET /xingrg/all/function/internal_message.html?_=1704158563526&CODE_STATE=getMsg HTTP/1.1" 302 -
114.95.241.104 - - [02/Jan/2024:09:22:50 +0800] "GET /xingrg/all/function/internal_message.html?_=1704158570656&CODE_STATE=getMsg HTTP/1.1" 200 27
180.152.241.252 - - [02/Jan/2024:09:22:51 +0800] "POST /xingrg/kc/buy/cgsh_order_operate.html HTTP/1.1" 200 37
180.163.29.212 - - [02/Jan/2024:09:22:52 +0800] "GET /xingrg/all/function/internal_message.html?_=1704158510764&CODE_STATE=getMsg HTTP/1.1" 302 -
180.163.29.212 - - [02/Jan/2024:09:22:52 +0800] "GET /xingrg/login.html HTTP/1.1" 200 7641
124.78.154.219 - - [02/Jan/2024:09:22:53 +0800] "GET /xingrg/check_reg.html?_=1704158571417 HTTP/1.1" 200 22
114.95.241.104 - - [02/Jan/2024:09:22:54 +0800] "POST /xingrg/kc/buy/cgsh_order_operate.html HTTP/1.1" 200 88
222.67.232.215 - - [02/Jan/2024:09:22:55 +0800] "GET /xingrg/all/function/internal_message.html?_=1704158575220&CODE_STATE=getMsg HTTP/1.1" 200 27
180.152.241.252 - - [02/Jan/2024:09:22:55 +0800] "GET /xingrg/all/function/internal_message.html?_=1704158575004&CODE_STATE=getMsg HTTP/1.1" 200 27
218.79.29.24 - - [02/Jan/2024:09:22:56 +0800] "GET /xingrg/check_reg.html?_=1704158579231 HTTP/1.1" 302 -
222.70.180.200 - - [02/Jan/2024:09:22:58 +0800] "POST /xingrg/kc/buy/cgsh_order_operate.html HTTP/1.1" 200 37
180.164.1.25 - - [02/Jan/2024:09:22:58 +0800] "POST /xingrg/kc/buy/cgsh_list_operate.html HTTP/1.1" 200 507
124.78.154.219 - - [02/Jan/2024:09:22:58 +0800] "POST /xingrg/kc/buy/cgsh_order_operate.html HTTP/1.1" 200 13883
180.152.241.252 - - [02/Jan/2024:09:22:58 +0800] "POST /xingrg/kc/buy/cgsh_order_operate.html HTTP/1.1" 200 16258
180.169.147.146 - - [02/Jan/2024:09:23:01 +0800] "GET /xingrg/all/function/internal_message.html?_=1704158581171&CODE_STATE=getMsg HTTP/1.1" 200 27
114.95.241.104 - - [02/Jan/2024:09:23:03 +0800] "POST /xingrg/kc/buy/cgsh_order_operate.html HTTP/1.1" 200 37
222.70.180.200 - - [02/Jan/2024:09:23:03 +0800] "POST /xingrg/kc/buy/cgsh_order_operate.html HTTP/1.1" 200 4431
101.83.145.37 - - [02/Jan/2024:09:23:04 +0800] "GET /xingrg/kc/buy/cgsh_order_operate.html?command=get_materiel&rest_code=00105&code=00101008283&supplier_code=00100005&order_time=2024-01-02 HTTP/1.1" 200 408
114.95.241.104 - - [02/Jan/2024:09:23:06 +0800] "POST /xingrg/kc/buy/cgsh_order_operate.html HTTP/1.1" 200 2669
222.70.180.200 - - [02/Jan/2024:09:23:07 +0800] "GET /xingrg/all/function/internal_message.html?_=1704158587514&CODE_STATE=getMsg HTTP/1.1" 200 27
114.95.241.104 - - [02/Jan/2024:09:23:13 +0800] "POST /xingrg/kc/buy/cgsh_order_operate.html HTTP/1.1" 200 37
180.152.241.252 - - [02/Jan/2024:09:23:14 +0800] "GET /xingrg/kc/buy/cgsh_order_operate.html?command=get_materiel&rest_code=00102&code=00101008213&supplier_code=00100008&order_time=2024-01-02 HTTP/1.1" 200 412
114.83.218.109 - - [02/Jan/2024:09:23:16 +0800] "GET /xingrg/all/function/internal_message.html?_=1704158597363&CODE_STATE=getMsg HTTP/1.1" 200 27
101.83.145.37 - - [02/Jan/2024:09:23:22 +0800] "GET /xingrg/kc/buy/cgsh_order_operate.html?command=get_materiel&rest_code=00105&code=00101008163&supplier_code=00100005&order_time=2024-01-02 HTTP/1.1" 200 409
101.83.145.37 - - [02/Jan/2024:09:23:25 +0800] "GET /xingrg/all/function/internal_message.html?_=1704158372097&CODE_STATE=getMsg HTTP/1.1" 200 27
180.152.241.252 - - [02/Jan/2024:09:23:25 +0800] "GET /xingrg/kc/buy/cgsh_order_operate.html?command=get_materiel&rest_code=00102&code=00101008375&supplier_code=00100008&order_time=2024-01-02 HTTP/1.1" 200 416
114.95.241.104 - - [02/Jan/2024:09:23:27 +0800] "POST /xingrg/kc/buy/cgsh_order_operate.html HTTP/1.1" 200 12
222.70.180.200 - - [02/Jan/2024:09:23:30 +0800] "POST /xingrg/kc/buy/cgsh_order_operate.html HTTP/1.1" 200 37
120.253.135.82 - - [02/Jan/2024:09:23:30 +0800] "GET /xingrg/all/function/internal_message.html?_=1704158428207&CODE_STATE=getMsg HTTP/1.1" 200 27
114.95.241.104 - - [02/Jan/2024:09:23:31 +0800] "GET /xingrg/kc/buy/cgsh_order_info.html?code=212024010200475 HTTP/1.1" 200 67409
114.95.241.104 - - [02/Jan/2024:09:23:31 +0800] "GET /xingrg/words/20240102091845_words.js HTTP/1.1" 304 -
114.95.241.104 - - [02/Jan/2024:09:23:32 +0800] "GET /xingrg/javascript/easyui/themes/default/validatebox.css HTTP/1.1" 404 1104
114.95.241.104 - - [02/Jan/2024:09:23:33 +0800] "POST /xingrg/kc/buy/cgsh_order_operate.html HTTP/1.1" 200 619
114.95.241.104 - - [02/Jan/2024:09:23:34 +0800] "GET /xingrg/kc/print/load_data.html?order_code=212024010200475&kc_code=cgsh&condition= HTTP/1.1" 200 720
180.152.241.252 - - [02/Jan/2024:09:23:35 +0800] "GET /xingrg/kc/buy/cgsh_order_operate.html?command=get_materiel&rest_code=00102&code=00101008242&supplier_code=00100008&order_time=2024-01-02 HTTP/1.1" 200 408
222.67.232.215 - - [02/Jan/2024:09:23:39 +0800] "GET /xingrg/css/new_ie.css HTTP/1.1" 404 1036
222.67.232.215 - - [02/Jan/2024:09:23:40 +0800] "GET /xingrg/images/yd/bt.gif HTTP/1.1" 404 1040
124.79.241.187 - - [02/Jan/2024:09:23:41 +0800] "GET /xingrg/all/function/internal_message.html?_=1704158953159&CODE_STATE=getMsg HTTP/1.1" 200 27
116.230.112.253 - - [02/Jan/2024:09:23:41 +0800] "GET /xingrg/all/function/internal_message.html?_=1704158627143&CODE_STATE=getMsg HTTP/1.1" 200 27
180.164.1.25 - - [02/Jan/2024:09:23:43 +0800] "GET /xingrg/check_reg.html?_=1704158623060 HTTP/1.1" 200 22
180.164.1.25 - - [02/Jan/2024:09:23:43 +0800] "GET /xingrg/all/function/internal_message.html?_=1704158623063&CODE_STATE=getMsg HTTP/1.1" 200 27
101.80.228.56 - - [02/Jan/2024:09:23:43 +0800] "GET /xingrg/all/function/internal_message.html?_=1704158623270&CODE_STATE=getMsg HTTP/1.1" 200 27
180.169.147.146 - - [02/Jan/2024:09:23:43 +0800] "GET /xingrg/all/function/internal_message.html?_=1704158623537&CODE_STATE=getMsg HTTP/1.1" 302 -
114.95.241.104 - - [02/Jan/2024:09:23:50 +0800] "GET /xingrg/all/function/internal_message.html?_=1704158630663&CODE_STATE=getMsg HTTP/1.1" 200 27
124.78.154.219 - - [02/Jan/2024:09:23:52 +0800] "GET /xingrg/all/function/internal_message.html?_=1704158630771&CODE_STATE=getMsg HTTP/1.1" 200 27
180.163.29.219 - - [02/Jan/2024:09:23:53 +0800] "GET /xingrg/check_reg.html?_=1704158571417 HTTP/1.1" 302 -
180.163.29.219 - - [02/Jan/2024:09:23:53 +0800] "GET /xingrg/login.html HTTP/1.1" 200 7641
222.67.232.215 - - [02/Jan/2024:09:23:55 +0800] "GET /xingrg/all/function/internal_message.html?_=1704158635214&CODE_STATE=getMsg HTTP/1.1" 200 27
180.152.241.252 - - [02/Jan/2024:09:23:55 +0800] "GET /xingrg/all/function/internal_message.html?_=1704158634972&CODE_STATE=getMsg HTTP/1.1" 200 27
180.152.241.252 - - [02/Jan/2024:09:23:57 +0800] "POST /xingrg/kc/buy/cgsh_order_operate.html HTTP/1.1" 200 205
120.253.135.82 - - [02/Jan/2024:09:24:01 +0800] "GET /xingrg/check_reg.html?_=1704158458724 HTTP/1.1" 200 22
180.169.147.146 - - [02/Jan/2024:09:24:01 +0800] "GET /xingrg/all/function/internal_message.html?_=1704158641166&CODE_STATE=getMsg HTTP/1.1" 200 27
180.169.147.146 - - [02/Jan/2024:09:24:01 +0800] "GET /xingrg/check_reg.html?_=1704158641172 HTTP/1.1" 200 22
114.95.241.104 - - [02/Jan/2024:09:24:06 +0800] "GET /xingrg/login.html HTTP/1.1" 200 7641
114.95.241.104 - - [02/Jan/2024:09:24:06 +0800] "GET /favicon.ico HTTP/1.1" 404 -
222.70.180.200 - - [02/Jan/2024:09:24:07 +0800] "GET /xingrg/all/function/internal_message.html?_=1704158647504&CODE_STATE=getMsg HTTP/1.1" 200 27
101.83.145.37 - - [02/Jan/2024:09:24:10 +0800] "GET /xingrg/check_reg.html?_=1704158417493 HTTP/1.1" 200 22
218.81.65.124 - - [02/Jan/2024:09:24:11 +0800] "POST /xingrg/services/DataTransmitService HTTP/1.1" 200 524
180.152.241.252 - - [02/Jan/2024:09:24:14 +0800] "POST /xingrg/kc/buy/cgsh_order_operate.html HTTP/1.1" 200 205
222.70.180.200 - - [02/Jan/2024:09:24:14 +0800] "POST /xingrg/kc/buy/cgsh_order_operate.html HTTP/1.1" 200 12
222.67.232.215 - - [02/Jan/2024:09:24:14 +0800] "POST /xingrg/kc/buy/cgsh_list_operate.html HTTP/1.1" 200 986
114.95.241.104 - - [02/Jan/2024:09:24:16 +0800] "POST /xingrg/login.do HTTP/1.1" 302 -
114.95.241.104 - - [02/Jan/2024:09:24:16 +0800] "GET /xingrg/index.html?sysBaseUrl=http%3A%2F%2F180.169.147.146%3A18081%2Fxingrg%2F&costTime=2599×tamp=1704158656018 HTTP/1.1" 200 17503
114.95.241.104 - - [02/Jan/2024:09:24:16 +0800] "GET /favicon.ico HTTP/1.1" 404 -
114.95.241.104 - - [02/Jan/2024:09:24:16 +0800] "GET /xingrg/all/function/internal_message.html?_=1704158656387&CODE_STATE=count HTTP/1.1" 200 11
114.95.241.104 - - [02/Jan/2024:09:24:16 +0800] "GET /xingrg/check_reg.html?_=1704158656387 HTTP/1.1" 200 22
114.95.241.104 - - [02/Jan/2024:09:24:16 +0800] "POST /xingrg/all/common/load_tree.html?tree=area_rest_tree_json&manage=1 HTTP/1.1" 200 3624
114.95.241.104 - - [02/Jan/2024:09:24:16 +0800] "POST /xingrg/load_menu.html HTTP/1.1" 200 11564
114.83.218.109 - - [02/Jan/2024:09:24:16 +0800] "GET /xingrg/all/function/internal_message.html?_=1704158657347&CODE_STATE=getMsg HTTP/1.1" 200 27
222.67.232.215 - - [02/Jan/2024:09:24:18 +0800] "POST /xingrg/kc/buy/cgsh_order_operate.html HTTP/1.1" 200 8245
222.67.232.215 - - [02/Jan/2024:09:24:18 +0800] "GET /xingrg/javascript/easyui/themes/default/validatebox.css HTTP/1.1" 404 1104
114.95.241.104 - - [02/Jan/2024:09:24:19 +0800] "GET /xingrg/system/info/materiel_manager.html HTTP/1.1" 200 19497
114.95.241.104 - - [02/Jan/2024:09:24:19 +0800] "GET /xingrg/dwr/interface/AjaxBaseInfoService.js HTTP/1.1" 200 21363
114.95.241.104 - - [02/Jan/2024:09:24:19 +0800] "GET /xingrg/dwr/interface/AjaxComOrderService.js HTTP/1.1" 200 18264
114.95.241.104 - - [02/Jan/2024:09:24:19 +0800] "GET /xingrg/dwr/engine.js HTTP/1.1" 200 43631
114.95.241.104 - - [02/Jan/2024:09:24:20 +0800] "POST /xingrg/dwr/call/plaincall/AjaxBaseInfoService.getSubMaterielSorts.dwr HTTP/1.1" 200 219
114.95.241.104 - - [02/Jan/2024:09:24:20 +0800] "POST /xingrg/dwr/call/plaincall/AjaxBaseInfoService.getMateriels.dwr HTTP/1.1" 200 2930
114.95.241.104 - - [02/Jan/2024:09:24:22 +0800] "POST /xingrg/dwr/call/plaincall/AjaxBaseInfoService.getSubMaterielSorts.dwr HTTP/1.1" 200 4143
114.95.241.104 - - [02/Jan/2024:09:24:22 +0800] "GET /xingrg/images/xtree/I.png HTTP/1.1" 200 148
114.95.241.104 - - [02/Jan/2024:09:24:22 +0800] "GET /xingrg/images/xtree/Tminus.png HTTP/1.1" 200 207
114.95.241.104 - - [02/Jan/2024:09:24:22 +0800] "POST /xingrg/dwr/call/plaincall/AjaxBaseInfoService.getMateriels.dwr HTTP/1.1" 200 2928
101.83.145.37 - - [02/Jan/2024:09:24:25 +0800] "GET /xingrg/all/function/internal_message.html?_=1704158432098&CODE_STATE=getMsg HTTP/1.1" 200 27
114.95.241.104 - - [02/Jan/2024:09:24:25 +0800] "POST /xingrg/dwr/call/plaincall/AjaxBaseInfoService.getMateriels.dwr HTTP/1.1" 200 3001
180.152.241.252 - - [02/Jan/2024:09:24:29 +0800] "POST /xingrg/kc/buy/cgsh_order_operate.html HTTP/1.1" 200 37
120.253.135.82 - - [02/Jan/2024:09:24:30 +0800] "GET /xingrg/all/function/internal_message.html?_=1704158488220&CODE_STATE=getMsg HTTP/1.1" 200 27
101.83.145.37 - - [02/Jan/2024:09:24:32 +0800] "GET /xingrg/kc/buy/cgsh_order_operate.html?command=get_materiel&rest_code=00105&code=00101008361&supplier_code=00100005&order_time=2024-01-02 HTTP/1.1" 200 23
180.152.241.252 - - [02/Jan/2024:09:24:34 +0800] "POST /xingrg/kc/buy/cgsh_order_operate.html HTTP/1.1" 200 18628
114.95.241.104 - - [02/Jan/2024:09:24:36 +0800] "GET /xingrg/system/info/materiel_info.html?code=00101020&isAdd=1 HTTP/1.1" 200 37725
114.95.241.104 - - [02/Jan/2024:09:24:36 +0800] "GET /xingrg/dwr/interface/AjaxGetFirstChart.js HTTP/1.1" 200 631
114.95.241.104 - - [02/Jan/2024:09:24:36 +0800] "GET /xingrg/dwr/engine.js HTTP/1.1" 200 43631
114.95.241.104 - - [02/Jan/2024:09:24:36 +0800] "GET /favicon.ico HTTP/1.1" 404 -
114.95.241.104 - - [02/Jan/2024:09:24:37 +0800] "POST /xingrg/all/common/load_tree.html?tree=area_rest_tree_json HTTP/1.1" 200 3624
114.95.241.104 - - [02/Jan/2024:09:24:37 +0800] "POST /xingrg/dwr/call/plaincall/AjaxBaseInfoService.getMaterielInfo.dwr HTTP/1.1" 200 210
114.95.241.104 - - [02/Jan/2024:09:24:37 +0800] "POST /xingrg/all/common/load_tree.html?tree=area_rest_tree_json&defaultRests=undefined HTTP/1.1" 200 3624
180.152.241.252 - - [02/Jan/2024:09:24:38 +0800] "GET /xingrg/kc/buy/cgsh_order_list.html HTTP/1.1" 200 57112
124.79.241.187 - - [02/Jan/2024:09:24:41 +0800] "GET /xingrg/all/function/internal_message.html?_=1704159013157&CODE_STATE=getMsg HTTP/1.1" 200 27
116.230.112.253 - - [02/Jan/2024:09:24:41 +0800] "GET /xingrg/all/function/internal_message.html?_=1704158687144&CODE_STATE=getMsg HTTP/1.1" 200 27
180.164.1.25 - - [02/Jan/2024:09:24:43 +0800] "GET /xingrg/all/function/internal_message.html?_=1704158683060&CODE_STATE=getMsg HTTP/1.1" 200 27
101.80.228.56 - - [02/Jan/2024:09:24:43 +0800] "GET /xingrg/all/function/internal_message.html?_=1704158683269&CODE_STATE=getMsg HTTP/1.1" 200 27
180.169.147.146 - - [02/Jan/2024:09:24:43 +0800] "GET /xingrg/check_reg.html?_=1704158683539 HTTP/1.1" 302 -
180.169.147.146 - - [02/Jan/2024:09:24:43 +0800] "GET /xingrg/all/function/internal_message.html?_=1704158683547&CODE_STATE=getMsg HTTP/1.1" 302 -
101.83.145.37 - - [02/Jan/2024:09:24:45 +0800] "POST /xingrg/kc/buy/cgsh_order_operate.html HTTP/1.1" 200 37
180.164.1.25 - - [02/Jan/2024:09:24:47 +0800] "POST /xingrg/kc/buy/cgsh_list_operate.html HTTP/1.1" 200 4
101.83.145.37 - - [02/Jan/2024:09:24:48 +0800] "POST /xingrg/kc/buy/cgsh_order_operate.html HTTP/1.1" 200 6785
114.95.241.104 - - [02/Jan/2024:09:24:52 +0800] "POST /xingrg/dwr/call/plaincall/AjaxGetFirstChart.getFirstChart.dwr HTTP/1.1" 200 79
180.152.241.252 - - [02/Jan/2024:09:24:52 +0800] "POST /xingrg/kc/buy/cgsh_list_operate.html HTTP/1.1" 200 2263
180.163.29.206 - - [02/Jan/2024:09:24:52 +0800] "GET /xingrg/all/function/internal_message.html?_=1704158630771&CODE_STATE=getMsg HTTP/1.1" 302 -
180.163.29.206 - - [02/Jan/2024:09:24:52 +0800] "GET /xingrg/login.html HTTP/1.1" 200 7641
124.78.154.219 - - [02/Jan/2024:09:24:52 +0800] "GET /xingrg/all/function/internal_message.html?_=1704158690743&CODE_STATE=getMsg HTTP/1.1" 200 27
222.70.180.200 - - [02/Jan/2024:09:24:53 +0800] "GET /xingrg/kc/buy/cgsh_order_info.html?code=212024010200474 HTTP/1.1" 200 67757
222.70.180.200 - - [02/Jan/2024:09:24:54 +0800] "GET /xingrg/javascript/easyui/themes/default/validatebox.css HTTP/1.1" 404 1104
101.83.145.37 - - [02/Jan/2024:09:24:54 +0800] "GET /xingrg/kc/buy/cgsh_order_add.html HTTP/1.1" 200 72976
101.83.145.37 - - [02/Jan/2024:09:24:55 +0800] "GET /xingrg/css/base.css HTTP/1.1" 304 -
101.83.145.37 - - [02/Jan/2024:09:24:55 +0800] "GET /xingrg/css/site.css HTTP/1.1" 304 -
101.83.145.37 - - [02/Jan/2024:09:24:55 +0800] "GET /xingrg/javascript/jquery_tools/datebox.css HTTP/1.1" 304 -
101.83.145.37 - - [02/Jan/2024:09:24:55 +0800] "GET /xingrg/javascript/easyui/themes/icon.css HTTP/1.1" 304 -
101.83.145.37 - - [02/Jan/2024:09:24:55 +0800] "GET /xingrg/javascript/auto/jquery.autocomplete.css HTTP/1.1" 304 -
101.83.145.37 - - [02/Jan/2024:09:24:55 +0800] "GET /xingrg/javascript/easyui/themes/default/easyui.css HTTP/1.1" 304 -
101.83.145.37 - - [02/Jan/2024:09:24:55 +0800] "GET /xingrg/javascript/pic_change.js HTTP/1.1" 304 -
101.83.145.37 - - [02/Jan/2024:09:24:55 +0800] "GET /xingrg/javascript/jquery_tools/jquery.tools.min.js HTTP/1.1" 304 -
101.83.145.37 - - [02/Jan/2024:09:24:55 +0800] "GET /xingrg/javascript/jquery_tools/fix.css HTTP/1.1" 304 -
101.83.145.37 - - [02/Jan/2024:09:24:55 +0800] "GET /xingrg/javascript/jquery_tools/jquery.tools.hotkey.js HTTP/1.1" 304 -
101.83.145.37 - - [02/Jan/2024:09:24:55 +0800] "GET /xingrg/javascript/jquery_tools/jquery.tools.extend.js HTTP/1.1" 304 -
101.83.145.37 - - [02/Jan/2024:09:24:55 +0800] "GET /xingrg/javascript/jquery_tools/table.css HTTP/1.1" 304 -
101.83.145.37 - - [02/Jan/2024:09:24:55 +0800] "GET /xingrg/javascript/jquery_tools/order_manager.js HTTP/1.1" 304 -
101.83.145.37 - - [02/Jan/2024:09:24:55 +0800] "GET /xingrg/javascript/jquery_tools/jquery.tools.table.js HTTP/1.1" 304 -
101.83.145.37 - - [02/Jan/2024:09:24:55 +0800] "GET /xingrg/javascript/auto/jquery.autocomplete.js HTTP/1.1" 304 -
101.83.145.37 - - [02/Jan/2024:09:24:55 +0800] "GET /xingrg/javascript/convert.js HTTP/1.1" 304 -
101.83.145.37 - - [02/Jan/2024:09:24:55 +0800] "GET /xingrg/javascript/jquery.utils.js HTTP/1.1" 304 -
101.83.145.37 - - [02/Jan/2024:09:24:55 +0800] "GET /xingrg/javascript/easyui/easyloader.js HTTP/1.1" 304 -
101.83.145.37 - - [02/Jan/2024:09:24:55 +0800] "GET /xingrg/javascript/json2.js HTTP/1.1" 304 -
101.83.145.37 - - [02/Jan/2024:09:24:55 +0800] "GET /xingrg/javascript/jquery.cookie.js HTTP/1.1" 304 -
101.83.145.37 - - [02/Jan/2024:09:24:55 +0800] "GET /xingrg/javascript/print/kc_print.js HTTP/1.1" 304 -
101.83.145.37 - - [02/Jan/2024:09:24:55 +0800] "GET /xingrg/javascript/print/LodopFuncs.js HTTP/1.1" 304 -
222.67.232.215 - - [02/Jan/2024:09:24:55 +0800] "GET /xingrg/all/function/internal_message.html?_=1704158695225&CODE_STATE=getMsg HTTP/1.1" 200 27
101.83.145.37 - - [02/Jan/2024:09:24:55 +0800] "GET /xingrg/words/20240102091845_words.js HTTP/1.1" 200 1005219
180.152.241.252 - - [02/Jan/2024:09:24:55 +0800] "GET /xingrg/all/function/internal_message.html?_=1704158694970&CODE_STATE=getMsg HTTP/1.1" 200 27
222.70.180.200 - - [02/Jan/2024:09:24:55 +0800] "POST /xingrg/kc/buy/cgsh_order_operate.html HTTP/1.1" 200 2381
101.83.145.37 - - [02/Jan/2024:09:24:55 +0800] "GET /xingrg/javascript/easyui/plugins/jquery.parser.js HTTP/1.1" 304 -
101.83.145.37 - - [02/Jan/2024:09:24:55 +0800] "GET /xingrg/images/control/ajaxLoader.gif HTTP/1.1" 304 -
101.83.145.37 - - [02/Jan/2024:09:24:55 +0800] "POST /xingrg/kc/buy/cgsh_order_operate.html HTTP/1.1" 200 8245
101.83.145.37 - - [02/Jan/2024:09:24:55 +0800] "GET /xingrg/javascript/easyui/themes/default/validatebox.css HTTP/1.1" 404 1104
114.95.241.104 - - [02/Jan/2024:09:24:58 +0800] "POST /xingrg/dwr/call/plaincall/AjaxBaseInfoService.changeUnitGroup.dwr HTTP/1.1" 200 243
180.169.147.146 - - [02/Jan/2024:09:25:01 +0800] "GET /xingrg/all/function/internal_message.html?_=1704158701166&CODE_STATE=getMsg HTTP/1.1" 200 27
180.164.1.25 - - [02/Jan/2024:09:25:03 +0800] "POST /xingrg/kc/buy/cgsh_list_operate.html HTTP/1.1" 200 4520
114.95.241.104 - - [02/Jan/2024:09:25:04 +0800] "POST /xingrg/dwr/call/plaincall/AjaxBaseInfoService.saveMateriel.dwr HTTP/1.1" 200 109
114.95.241.104 - - [02/Jan/2024:09:25:04 +0800] "POST /xingrg/dwr/call/plaincall/AjaxBaseInfoService.getMateriels.dwr HTTP/1.1" 200 3001
222.70.180.200 - - [02/Jan/2024:09:25:07 +0800] "GET /xingrg/all/function/internal_message.html?_=1704158707494&CODE_STATE=getMsg HTTP/1.1" 200 27
180.152.241.252 - - [02/Jan/2024:09:25:08 +0800] "POST /xingrg/kc/buy/cgsh_list_operate.html HTTP/1.1" 200 570
180.164.1.25 - - [02/Jan/2024:09:25:09 +0800] "POST /xingrg/kc/buy/cgsh_list_operate.html HTTP/1.1" 200 212
180.152.241.252 - - [02/Jan/2024:09:25:09 +0800] "GET /xingrg/kc/buy/cgsh_order_info.html?code=212024010200468 HTTP/1.1" 200 72938
180.152.241.252 - - [02/Jan/2024:09:25:09 +0800] "GET /xingrg/words/20240102092504_words.js HTTP/1.1" 200 1005273
180.152.241.252 - - [02/Jan/2024:09:25:10 +0800] "GET /xingrg/javascript/easyui/themes/default/validatebox.css HTTP/1.1" 404 1104
180.152.241.252 - - [02/Jan/2024:09:25:11 +0800] "POST /xingrg/kc/buy/cgsh_order_operate.html HTTP/1.1" 200 13290
114.95.241.104 - - [02/Jan/2024:09:25:16 +0800] "GET /xingrg/all/function/internal_message.html?_=1704158716403&CODE_STATE=getMsg HTTP/1.1" 200 27
114.83.218.109 - - [02/Jan/2024:09:25:16 +0800] "GET /xingrg/all/function/internal_message.html?_=1704158717316&CODE_STATE=getMsg HTTP/1.1" 200 27
222.70.180.200 - - [02/Jan/2024:09:25:17 +0800] "GET /xingrg/kc/print/load_data.html?order_code=212024010200474&kc_code=cgsh&condition= HTTP/1.1" 200 1367
101.83.145.37 - - [02/Jan/2024:09:25:18 +0800] "GET /xingrg/index.html?sysBaseUrl=http%3A%2F%2F180.169.147.146%3A18081%2Fxingrg%2F&costTime=32×tamp=1585224308505 HTTP/1.1" 302 -
101.83.145.37 - - [02/Jan/2024:09:25:18 +0800] "GET /xingrg/login.html HTTP/1.1" 200 7641
101.83.145.37 - - [02/Jan/2024:09:25:19 +0800] "GET /favicon.ico HTTP/1.1" 404 -
222.70.180.200 - - [02/Jan/2024:09:25:23 +0800] "GET /xingrg/kc/buy/cgsh_order_add.html HTTP/1.1" 200 72850
222.70.180.200 - - [02/Jan/2024:09:25:23 +0800] "GET /xingrg/words/20240102092504_words.js HTTP/1.1" 200 1005273
222.70.180.200 - - [02/Jan/2024:09:25:23 +0800] "POST /xingrg/kc/buy/cgsh_order_operate.html HTTP/1.1" 200 8245
222.70.180.200 - - [02/Jan/2024:09:25:23 +0800] "GET /xingrg/javascript/easyui/themes/default/validatebox.css HTTP/1.1" 404 1104
180.152.241.252 - - [02/Jan/2024:09:25:30 +0800] "POST /xingrg/kc/buy/cgsh_order_operate.html HTTP/1.1" 200 37
120.253.135.82 - - [02/Jan/2024:09:25:30 +0800] "GET /xingrg/all/function/internal_message.html?_=1704158548234&CODE_STATE=getMsg HTTP/1.1" 200 27
180.152.241.252 - - [02/Jan/2024:09:25:33 +0800] "POST /xingrg/kc/buy/cgsh_order_operate.html HTTP/1.1" 200 13292
101.83.145.37 - - [02/Jan/2024:09:25:37 +0800] "POST /xingrg/login.do HTTP/1.1" 302 -
101.83.145.37 - - [02/Jan/2024:09:25:37 +0800] "GET /xingrg/index.html?sysBaseUrl=http%3A%2F%2F180.169.147.146%3A18081%2Fxingrg%2F&costTime=877×tamp=1704158737873 HTTP/1.1" 200 17173
101.83.145.37 - - [02/Jan/2024:09:25:38 +0800] "GET /favicon.ico HTTP/1.1" 404 -
101.83.145.37 - - [02/Jan/2024:09:25:38 +0800] "POST /xingrg/all/common/load_tree.html?tree=area_rest_tree_json&manage=1 HTTP/1.1" 200 342
101.83.145.37 - - [02/Jan/2024:09:25:38 +0800] "GET /xingrg/all/function/internal_message.html?_=1704158505257&CODE_STATE=count HTTP/1.1" 200 11
101.83.145.37 - - [02/Jan/2024:09:25:38 +0800] "GET /xingrg/check_reg.html?_=1704158505258 HTTP/1.1" 200 22
101.83.145.37 - - [02/Jan/2024:09:25:38 +0800] "POST /xingrg/load_menu.html HTTP/1.1" 200 5138
222.70.180.200 - - [02/Jan/2024:09:25:38 +0800] "GET /xingrg/kc/buy/cgsh_order_operate.html?command=get_materiel&rest_code=00111&code=00101007184&supplier_code=00100004&order_time=2024-01-02 HTTP/1.1" 200 409
180.152.241.252 - - [02/Jan/2024:09:25:39 +0800] "POST /xingrg/kc/buy/cgsh_list_operate.html HTTP/1.1" 200 574
101.83.145.37 - - [02/Jan/2024:09:25:40 +0800] "GET /xingrg/kc/buy/buy_main.html HTTP/1.1" 200 12412
101.83.145.37 - - [02/Jan/2024:09:25:40 +0800] "GET /xingrg/css/new_ie.css HTTP/1.1" 404 1036
124.79.241.187 - - [02/Jan/2024:09:25:41 +0800] "GET /xingrg/all/function/internal_message.html?_=1704159073170&CODE_STATE=getMsg HTTP/1.1" 200 27
101.83.145.37 - - [02/Jan/2024:09:25:41 +0800] "GET /xingrg/images/yd/bt.gif HTTP/1.1" 404 1040
180.152.241.252 - - [02/Jan/2024:09:25:41 +0800] "GET /xingrg/kc/buy/cgsh_order_info.html?code=212024010200472 HTTP/1.1" 200 72938
180.152.241.252 - - [02/Jan/2024:09:25:41 +0800] "GET /xingrg/words/20240102092504_words.js HTTP/1.1" 304 -
180.152.241.252 - - [02/Jan/2024:09:25:41 +0800] "GET /xingrg/javascript/easyui/themes/default/validatebox.css HTTP/1.1" 404 1104
116.230.112.253 - - [02/Jan/2024:09:25:41 +0800] "GET /xingrg/all/function/internal_message.html?_=1704158747213&CODE_STATE=getMsg HTTP/1.1" 200 27
180.164.1.25 - - [02/Jan/2024:09:25:42 +0800] "POST /xingrg/kc/buy/cgsh_list_operate.html HTTP/1.1" 200 364
101.83.145.37 - - [02/Jan/2024:09:25:42 +0800] "GET /xingrg/kc/buy/cgsh_order_list.html HTTP/1.1" 200 57112
180.152.241.252 - - [02/Jan/2024:09:25:42 +0800] "POST /xingrg/kc/buy/cgsh_order_operate.html HTTP/1.1" 200 18628
180.164.1.25 - - [02/Jan/2024:09:25:43 +0800] "GET /xingrg/all/function/internal_message.html?_=1704158743078&CODE_STATE=getMsg HTTP/1.1" 200 27
101.80.228.56 - - [02/Jan/2024:09:25:43 +0800] "GET /xingrg/all/function/internal_message.html?_=1704158743274&CODE_STATE=getMsg HTTP/1.1" 200 27
101.80.228.56 - - [02/Jan/2024:09:25:43 +0800] "GET /xingrg/check_reg.html?_=1704158743275 HTTP/1.1" 200 22
180.169.147.146 - - [02/Jan/2024:09:25:43 +0800] "GET /xingrg/all/function/internal_message.html?_=1704158743547&CODE_STATE=getMsg HTTP/1.1" 302 -
180.164.1.25 - - [02/Jan/2024:09:25:44 +0800] "POST /xingrg/kc/buy/cgsh_list_operate.html HTTP/1.1" 200 352
101.83.145.37 - - [02/Jan/2024:09:25:46 +0800] "POST /xingrg/kc/buy/cgsh_list_operate.html HTTP/1.1" 200 1858
101.83.145.37 - - [02/Jan/2024:09:25:50 +0800] "POST /xingrg/kc/buy/cgsh_list_operate.html HTTP/1.1" 200 574
101.83.145.37 - - [02/Jan/2024:09:25:52 +0800] "GET /xingrg/kc/buy/cgsh_order_info.html?code=212024010200476 HTTP/1.1" 200 72985
124.78.154.219 - - [02/Jan/2024:09:25:52 +0800] "GET /xingrg/all/function/internal_message.html?_=1704158750725&CODE_STATE=getMsg HTTP/1.1" 200 27
180.152.241.252 - - [02/Jan/2024:09:25:52 +0800] "GET /xingrg/check_reg.html?_=1704158752284 HTTP/1.1" 200 22
101.83.145.37 - - [02/Jan/2024:09:25:52 +0800] "GET /xingrg/words/20240102092504_words.js HTTP/1.1" 200 1005273
101.83.145.37 - - [02/Jan/2024:09:25:52 +0800] "GET /xingrg/javascript/easyui/themes/default/validatebox.css HTTP/1.1" 404 1104
101.83.145.37 - - [02/Jan/2024:09:25:52 +0800] "GET /xingrg/all/common/auto_word.html?type=employee&rest_code=00105 HTTP/1.1" 200 193
101.83.145.37 - - [02/Jan/2024:09:25:52 +0800] "GET /xingrg/all/common/auto_word.html?type=employee&rest_code=00105 HTTP/1.1" 200 193
101.83.145.37 - - [02/Jan/2024:09:25:53 +0800] "POST /xingrg/kc/buy/cgsh_order_operate.html HTTP/1.1" 200 6785
222.67.232.215 - - [02/Jan/2024:09:25:55 +0800] "GET /xingrg/all/function/internal_message.html?_=1704158755222&CODE_STATE=getMsg HTTP/1.1" 200 27
180.152.241.252 - - [02/Jan/2024:09:25:55 +0800] "GET /xingrg/all/function/internal_message.html?_=1704158754938&CODE_STATE=getMsg HTTP/1.1" 200 27
101.83.145.37 - - [02/Jan/2024:09:25:58 +0800] "GET /xingrg/javascript/auto/indicator.gif HTTP/1.1" 404 1066
180.169.147.146 - - [02/Jan/2024:09:26:01 +0800] "GET /xingrg/all/function/internal_message.html?_=1704158761175&CODE_STATE=getMsg HTTP/1.1" 200 27
180.152.241.252 - - [02/Jan/2024:09:26:02 +0800] "POST /xingrg/kc/buy/cgsh_order_operate.html HTTP/1.1" 200 37
101.83.145.37 - - [02/Jan/2024:09:26:04 +0800] "GET /xingrg/kc/buy/cgsh_order_operate.html?command=get_materiel&rest_code=00105&code=00101008361&supplier_code=00100005&order_time=2024-01-02 HTTP/1.1" 200 408
222.70.180.200 - - [02/Jan/2024:09:26:04 +0800] "GET /xingrg/kc/buy/cgsh_order_operate.html?command=get_materiel&rest_code=00111&code=00101007061&supplier_code=00100004&order_time=2024-01-02 HTTP/1.1" 200 23
180.164.1.25 - - [02/Jan/2024:09:26:09 +0800] "POST /xingrg/kc/buy/cgsh_list_operate.html HTTP/1.1" 200 201
180.152.241.252 - - [02/Jan/2024:09:26:11 +0800] "POST /xingrg/kc/buy/cgsh_order_operate.html HTTP/1.1" 200 18628
114.95.241.104 - - [02/Jan/2024:09:26:16 +0800] "GET /xingrg/all/function/internal_message.html?_=1704158776403&CODE_STATE=getMsg HTTP/1.1" 200 27
114.83.218.109 - - [02/Jan/2024:09:26:16 +0800] "GET /xingrg/all/function/internal_message.html?_=1704158777308&CODE_STATE=getMsg HTTP/1.1" 200 27
180.164.1.25 - - [02/Jan/2024:09:26:17 +0800] "POST /xingrg/kc/buy/cgsh_list_operate.html HTTP/1.1" 200 200
222.70.180.200 - - [02/Jan/2024:09:26:18 +0800] "GET /xingrg/login.html HTTP/1.1" 200 7641
222.70.180.200 - - [02/Jan/2024:09:26:18 +0800] "GET /favicon.ico HTTP/1.1" 404 -
180.152.241.252 - - [02/Jan/2024:09:26:20 +0800] "POST /xingrg/kc/buy/cgsh_list_operate.html HTTP/1.1" 200 2263
180.164.1.25 - - [02/Jan/2024:09:26:22 +0800] "POST /xingrg/kc/buy/cgsh_list_operate.html HTTP/1.1" 200 203
116.230.112.253 - - [02/Jan/2024:09:26:26 +0800] "GET /xingrg/check_reg.html?_=1704158792184 HTTP/1.1" 200 22
180.164.1.25 - - [02/Jan/2024:09:26:27 +0800] "POST /xingrg/kc/buy/cgsh_list_operate.html HTTP/1.1" 200 457
222.70.180.200 - - [02/Jan/2024:09:26:29 +0800] "POST /xingrg/login.do HTTP/1.1" 302 -
222.70.180.200 - - [02/Jan/2024:09:26:29 +0800] "GET /xingrg/index.html?sysBaseUrl=http%3A%2F%2F180.169.147.146%3A18081%2Fxingrg%2F&costTime=899×tamp=1704158789190 HTTP/1.1" 200 17173
222.70.180.200 - - [02/Jan/2024:09:26:29 +0800] "GET /favicon.ico HTTP/1.1" 404 -
