116.232.193.168 - - [02/Jan/2024:11:06:28 +0800] "GET /xingrg/all/function/internal_message.html?_=1704164748142&CODE_STATE=getMsg HTTP/1.1" 200 27
180.164.1.25 - - [02/Jan/2024:11:06:28 +0800] "GET /xingrg/ HTTP/1.1" 200 292
180.164.1.25 - - [02/Jan/2024:11:06:29 +0800] "GET /favicon.ico HTTP/1.1" 404 -
180.164.1.25 - - [02/Jan/2024:11:06:29 +0800] "GET /xingrg/index.html HTTP/1.1" 200 17513
180.164.1.25 - - [02/Jan/2024:11:06:29 +0800] "GET /xingrg/check_reg.html?_=1704164789153 HTTP/1.1" 200 22
180.164.1.25 - - [02/Jan/2024:11:06:29 +0800] "GET /xingrg/all/function/internal_message.html?_=1704164789153&CODE_STATE=count HTTP/1.1" 200 11
180.164.1.25 - - [02/Jan/2024:11:06:29 +0800] "GET /favicon.ico HTTP/1.1" 404 -
180.164.1.25 - - [02/Jan/2024:11:06:29 +0800] "POST /xingrg/all/common/load_tree.html?tree=area_rest_tree_json&manage=1 HTTP/1.1" 200 3624
180.164.1.25 - - [02/Jan/2024:11:06:29 +0800] "POST /xingrg/load_menu.html HTTP/1.1" 200 9959
222.70.180.200 - - [02/Jan/2024:11:06:29 +0800] "GET /xingrg/check_reg.html?_=1704164789729 HTTP/1.1" 200 22
114.85.37.70 - - [02/Jan/2024:11:06:31 +0800] "GET /xingrg/all/function/internal_message.html?_=1704163318082&CODE_STATE=getMsg HTTP/1.1" 200 27
222.70.180.200 - - [02/Jan/2024:11:06:37 +0800] "GET /xingrg/all/function/internal_message.html?_=1704164797021&CODE_STATE=getMsg HTTP/1.1" 200 27
180.164.1.25 - - [02/Jan/2024:11:06:37 +0800] "GET /xingrg/javascript/auto/indicator.gif HTTP/1.1" 404 1066
180.152.241.252 - - [02/Jan/2024:11:06:41 +0800] "POST /xingrg/kc/base/wldb_order_operate.html HTTP/1.1" 200 37
180.169.147.146 - - [02/Jan/2024:11:06:41 +0800] "GET /xingrg/all/function/internal_message.html?_=1704164801048&CODE_STATE=getMsg HTTP/1.1" 200 27
124.79.241.187 - - [02/Jan/2024:11:06:41 +0800] "GET /xingrg/all/function/internal_message.html?_=1704165133310&CODE_STATE=getMsg HTTP/1.1" 200 27
116.230.112.253 - - [02/Jan/2024:11:06:43 +0800] "GET /xingrg/kc/buy/cgsh_order_operate.html?command=get_materiel&rest_code=00146&code=00101006112&supplier_code=00100012&order_time=2024-01-02 HTTP/1.1" 200 409
101.80.228.56 - - [02/Jan/2024:11:06:43 +0800] "GET /xingrg/all/function/internal_message.html?_=1704164803485&CODE_STATE=getMsg HTTP/1.1" 200 27
101.83.145.37 - - [02/Jan/2024:11:06:43 +0800] "GET /xingrg/all/function/internal_message.html?_=1704164570472&CODE_STATE=getMsg HTTP/1.1" 200 27
180.164.1.25 - - [02/Jan/2024:11:06:45 +0800] "POST /xingrg/kc/buy/cgsh_list_operate.html HTTP/1.1" 200 1900
116.230.112.253 - - [02/Jan/2024:11:06:45 +0800] "GET /xingrg/all/function/internal_message.html?_=1704164810871&CODE_STATE=getMsg HTTP/1.1" 200 27
180.164.1.25 - - [02/Jan/2024:11:06:48 +0800] "POST /xingrg/kc/buy/cgsh_list_operate.html HTTP/1.1" 200 574
180.152.241.252 - - [02/Jan/2024:11:06:49 +0800] "POST /xingrg/kc/base/wldb_order_operate.html HTTP/1.1" 200 12
180.152.241.252 - - [02/Jan/2024:11:06:49 +0800] "POST /xingrg/kc/base/wldb_order_operate.html HTTP/1.1" 200 10237
180.152.241.252 - - [02/Jan/2024:11:06:52 +0800] "GET /xingrg/kc/base/wldb_order_info.html?code=422024010200141 HTTP/1.1" 200 26258
180.152.241.252 - - [02/Jan/2024:11:06:52 +0800] "GET /xingrg/javascript/easyui/themes/default/validatebox.css HTTP/1.1" 404 1104
180.152.241.252 - - [02/Jan/2024:11:06:52 +0800] "POST /xingrg/kc/base/wldb_order_operate.html HTTP/1.1" 200 8353
222.67.232.215 - - [02/Jan/2024:11:06:54 +0800] "GET /xingrg/all/function/internal_message.html?_=1704164814035&CODE_STATE=getMsg HTTP/1.1" 200 27
222.67.232.215 - - [02/Jan/2024:11:06:55 +0800] "GET /xingrg/check_reg.html?_=1704164815069 HTTP/1.1" 200 22
180.152.241.252 - - [02/Jan/2024:11:06:56 +0800] "GET /xingrg/kc/base/wldb_order_add.html HTTP/1.1" 200 30381
180.152.241.252 - - [02/Jan/2024:11:06:56 +0800] "POST /xingrg/kc/base/wldb_order_operate.html HTTP/1.1" 200 6806
180.152.241.252 - - [02/Jan/2024:11:06:56 +0800] "GET /xingrg/javascript/easyui/themes/default/validatebox.css HTTP/1.1" 404 1104
180.164.1.25 - - [02/Jan/2024:11:06:57 +0800] "POST /xingrg/kc/buy/cgsh_list_operate.html HTTP/1.1" 200 4
116.230.112.253 - - [02/Jan/2024:11:06:58 +0800] "GET /xingrg/kc/buy/cgsh_order_operate.html?command=get_materiel&rest_code=00146&code=00101006184&supplier_code=00100012&order_time=2024-01-02 HTTP/1.1" 200 408
114.95.241.104 - - [02/Jan/2024:11:06:59 +0800] "GET /xingrg/all/function/internal_message.html?_=1704164819119&CODE_STATE=getMsg HTTP/1.1" 200 27
180.152.241.252 - - [02/Jan/2024:11:06:59 +0800] "POST /xingrg/all/common/load_combo.html?type=base HTTP/1.1" 200 3321
180.169.147.146 - - [02/Jan/2024:11:07:01 +0800] "GET /xingrg/all/function/internal_message.html?_=1704164821201&CODE_STATE=getMsg HTTP/1.1" 200 27
180.164.1.25 - - [02/Jan/2024:11:07:03 +0800] "POST /xingrg/kc/buy/cgsh_list_operate.html HTTP/1.1" 200 1875
222.69.134.55 - - [02/Jan/2024:11:07:03 +0800] "GET /xingrg/check_reg.html?_=1704164825221 HTTP/1.1" 200 22
222.69.134.55 - - [02/Jan/2024:11:07:03 +0800] "GET /xingrg/all/function/internal_message.html?_=1704164825225&CODE_STATE=getMsg HTTP/1.1" 200 27
180.164.1.25 - - [02/Jan/2024:11:07:05 +0800] "GET /xingrg/all/function/internal_message.html?_=1704164825448&CODE_STATE=getMsg HTTP/1.1" 200 27
180.164.1.25 - - [02/Jan/2024:11:07:07 +0800] "POST /xingrg/kc/buy/cgsh_list_operate.html HTTP/1.1" 200 574
180.164.1.25 - - [02/Jan/2024:11:07:09 +0800] "GET /xingrg/kc/buy/cgsh_order_info.html?code=212024010100022 HTTP/1.1" 200 72995
180.164.1.25 - - [02/Jan/2024:11:07:09 +0800] "GET /xingrg/words/20240102092504_words.js HTTP/1.1" 304 -
180.164.1.25 - - [02/Jan/2024:11:07:10 +0800] "GET /xingrg/javascript/easyui/themes/default/validatebox.css HTTP/1.1" 404 1104
180.164.1.25 - - [02/Jan/2024:11:07:10 +0800] "GET /xingrg/all/common/auto_word.html?type=employee&rest_code=00108 HTTP/1.1" 200 101
180.164.1.25 - - [02/Jan/2024:11:07:10 +0800] "GET /xingrg/all/common/auto_word.html?type=employee&rest_code=00108 HTTP/1.1" 200 101
180.164.1.25 - - [02/Jan/2024:11:07:11 +0800] "POST /xingrg/kc/buy/cgsh_order_operate.html HTTP/1.1" 200 37008
124.78.154.219 - - [02/Jan/2024:11:07:12 +0800] "GET /xingrg/all/function/internal_message.html?_=1704164831021&CODE_STATE=getMsg HTTP/1.1" 200 27
116.230.112.253 - - [02/Jan/2024:11:07:15 +0800] "GET /xingrg/kc/buy/cgsh_order_operate.html?command=get_materiel&rest_code=00146&code=00101006065&supplier_code=00100012&order_time=2024-01-02 HTTP/1.1" 200 410
114.83.218.109 - - [02/Jan/2024:11:07:16 +0800] "GET /xingrg/check_reg.html?_=1704164837327 HTTP/1.1" 200 22
114.83.218.109 - - [02/Jan/2024:11:07:16 +0800] "GET /xingrg/all/function/internal_message.html?_=1704164837331&CODE_STATE=getMsg HTTP/1.1" 200 27
58.39.110.191 - - [02/Jan/2024:11:07:17 +0800] "GET /xingrg/all/function/internal_message.html?_=1704164838237&CODE_STATE=getMsg HTTP/1.1" 200 27
101.83.145.37 - - [02/Jan/2024:11:07:18 +0800] "GET /xingrg/all/function/internal_message.html?_=1704164838565&CODE_STATE=getMsg HTTP/1.1" 200 27
120.253.135.82 - - [02/Jan/2024:11:07:21 +0800] "GET /xingrg/all/function/internal_message.html?_=1704164659416&CODE_STATE=getMsg HTTP/1.1" 200 27
180.152.241.252 - - [02/Jan/2024:11:07:24 +0800] "GET /xingrg/all/function/internal_message.html?_=1704164844217&CODE_STATE=getMsg HTTP/1.1" 200 27
116.232.193.168 - - [02/Jan/2024:11:07:28 +0800] "GET /xingrg/all/function/internal_message.html?_=1704164808129&CODE_STATE=getMsg HTTP/1.1" 200 27
180.164.1.25 - - [02/Jan/2024:11:07:31 +0800] "POST /xingrg/kc/buy/cgsh_order_operate.html HTTP/1.1" 200 37
114.85.37.70 - - [02/Jan/2024:11:07:31 +0800] "GET /xingrg/all/function/internal_message.html?_=1704163378086&CODE_STATE=getMsg HTTP/1.1" 200 27
180.164.1.25 - - [02/Jan/2024:11:07:34 +0800] "POST /xingrg/kc/buy/cgsh_order_operate.html HTTP/1.1" 200 37008
180.152.241.252 - - [02/Jan/2024:11:07:34 +0800] "POST /xingrg/all/common/load_combo.html?type=base HTTP/1.1" 200 3321
222.70.180.200 - - [02/Jan/2024:11:07:37 +0800] "GET /xingrg/all/function/internal_message.html?_=1704164856993&CODE_STATE=getMsg HTTP/1.1" 200 27
180.152.241.252 - - [02/Jan/2024:11:07:40 +0800] "GET /xingrg/javascript/auto/indicator.gif HTTP/1.1" 404 1066
180.169.147.146 - - [02/Jan/2024:11:07:41 +0800] "GET /xingrg/all/function/internal_message.html?_=1704164861053&CODE_STATE=getMsg HTTP/1.1" 200 27
124.79.241.187 - - [02/Jan/2024:11:07:41 +0800] "GET /xingrg/check_reg.html?_=1704165193308 HTTP/1.1" 200 22
124.79.241.187 - - [02/Jan/2024:11:07:41 +0800] "GET /xingrg/all/function/internal_message.html?_=1704165193307&CODE_STATE=getMsg HTTP/1.1" 200 27
180.152.241.252 - - [02/Jan/2024:11:07:42 +0800] "GET /xingrg/kc/base/wldb_order_operate.html?command=get_materiel&rest_code=00102&base_code=0010477&code=00102002448 HTTP/1.1" 200 440
101.80.228.56 - - [02/Jan/2024:11:07:43 +0800] "GET /xingrg/all/function/internal_message.html?_=1704164863484&CODE_STATE=getMsg HTTP/1.1" 200 27
101.83.145.37 - - [02/Jan/2024:11:07:43 +0800] "GET /xingrg/all/function/internal_message.html?_=1704164630457&CODE_STATE=getMsg HTTP/1.1" 200 27
116.230.112.253 - - [02/Jan/2024:11:07:44 +0800] "POST /xingrg/kc/buy/cgsh_order_operate.html HTTP/1.1" 200 37
180.164.1.25 - - [02/Jan/2024:11:07:46 +0800] "POST /xingrg/kc/buy/cgsh_order_operate.html HTTP/1.1" 200 37
222.67.232.215 - - [02/Jan/2024:11:07:53 +0800] "GET /xingrg/all/function/internal_message.html?_=1704164874015&CODE_STATE=getMsg HTTP/1.1" 200 27
116.230.112.253 - - [02/Jan/2024:11:07:54 +0800] "POST /xingrg/kc/buy/cgsh_order_operate.html HTTP/1.1" 200 6218
218.79.29.24 - - [02/Jan/2024:11:07:56 +0800] "GET /xingrg/check_reg.html?_=1704164878823 HTTP/1.1" 302 -
116.230.112.253 - - [02/Jan/2024:11:07:56 +0800] "GET /xingrg/all/function/internal_message.html?_=1704164882677&CODE_STATE=getMsg HTTP/1.1" 200 27
116.230.112.253 - - [02/Jan/2024:11:07:58 +0800] "GET /xingrg/kc/print/load_data.html?order_code=212024010200520&kc_code=cgsh&condition= HTTP/1.1" 200 2124
180.164.1.25 - - [02/Jan/2024:11:07:58 +0800] "POST /xingrg/kc/buy/cgsh_order_operate.html HTTP/1.1" 200 12
114.95.241.104 - - [02/Jan/2024:11:07:59 +0800] "GET /xingrg/all/function/internal_message.html?_=1704164879093&CODE_STATE=getMsg HTTP/1.1" 200 27
180.169.147.146 - - [02/Jan/2024:11:08:01 +0800] "GET /xingrg/all/function/internal_message.html?_=1704164881207&CODE_STATE=getMsg HTTP/1.1" 200 27
180.164.1.25 - - [02/Jan/2024:11:08:02 +0800] "GET /xingrg/kc/buy/cgsh_order_info.html?code=212024010100022 HTTP/1.1" 200 68150
180.164.1.25 - - [02/Jan/2024:11:08:02 +0800] "GET /xingrg/javascript/easyui/themes/default/validatebox.css HTTP/1.1" 404 1104
116.230.112.253 - - [02/Jan/2024:11:08:03 +0800] "POST /xingrg/services/DataTransmitService HTTP/1.1" 200 524
222.69.134.55 - - [02/Jan/2024:11:08:03 +0800] "GET /xingrg/all/function/internal_message.html?_=1704164885226&CODE_STATE=getMsg HTTP/1.1" 200 27
180.164.1.25 - - [02/Jan/2024:11:08:03 +0800] "POST /xingrg/kc/buy/cgsh_order_operate.html HTTP/1.1" 200 34952
116.230.112.253 - - [02/Jan/2024:11:08:05 +0800] "POST /xingrg/services/DataTransmitService HTTP/1.1" 200 412
116.230.112.253 - - [02/Jan/2024:11:08:05 +0800] "GET /xingrg/kc/buy/cgsh_order_add.html HTTP/1.1" 200 72894
180.164.1.25 - - [02/Jan/2024:11:08:05 +0800] "GET /xingrg/all/function/internal_message.html?_=1704164885445&CODE_STATE=getMsg HTTP/1.1" 200 27
116.230.112.253 - - [02/Jan/2024:11:08:06 +0800] "POST /xingrg/kc/buy/cgsh_order_operate.html HTTP/1.1" 200 8245
116.230.112.253 - - [02/Jan/2024:11:08:06 +0800] "GET /xingrg/javascript/easyui/themes/default/validatebox.css HTTP/1.1" 404 1104
120.253.135.82 - - [02/Jan/2024:11:08:08 +0800] "GET /xingrg/check_reg.html?_=1704164706080 HTTP/1.1" 200 22
124.78.154.219 - - [02/Jan/2024:11:08:10 +0800] "GET /xingrg/check_reg.html?_=1704164888804 HTTP/1.1" 200 22
124.78.154.219 - - [02/Jan/2024:11:08:12 +0800] "GET /xingrg/all/function/internal_message.html?_=1704164890994&CODE_STATE=getMsg HTTP/1.1" 200 27
114.83.218.109 - - [02/Jan/2024:11:08:16 +0800] "GET /xingrg/all/function/internal_message.html?_=1704164897320&CODE_STATE=getMsg HTTP/1.1" 200 27
58.39.110.191 - - [02/Jan/2024:11:08:17 +0800] "GET /xingrg/all/function/internal_message.html?_=1704164898227&CODE_STATE=getMsg HTTP/1.1" 200 27
101.83.145.37 - - [02/Jan/2024:11:08:18 +0800] "GET /xingrg/all/function/internal_message.html?_=1704164898566&CODE_STATE=getMsg HTTP/1.1" 200 27
120.253.135.82 - - [02/Jan/2024:11:08:21 +0800] "GET /xingrg/all/function/internal_message.html?_=1704164719431&CODE_STATE=getMsg HTTP/1.1" 200 27
116.230.112.253 - - [02/Jan/2024:11:08:22 +0800] "GET /xingrg/kc/buy/cgsh_order_operate.html?command=get_materiel&rest_code=00146&code=00101002027&supplier_code=00100199&order_time=2024-01-02 HTTP/1.1" 200 413
180.152.241.252 - - [02/Jan/2024:11:08:24 +0800] "GET /xingrg/check_reg.html?_=1704164904201 HTTP/1.1" 200 22
180.152.241.252 - - [02/Jan/2024:11:08:24 +0800] "GET /xingrg/all/function/internal_message.html?_=1704164904203&CODE_STATE=getMsg HTTP/1.1" 200 27
180.164.1.25 - - [02/Jan/2024:11:08:25 +0800] "GET /xingrg/login.html HTTP/1.1" 200 7641
180.164.1.25 - - [02/Jan/2024:11:08:25 +0800] "GET /favicon.ico HTTP/1.1" 404 -
180.152.241.252 - - [02/Jan/2024:11:08:26 +0800] "GET /xingrg/kc/base/wldb_order_operate.html?command=get_materiel&rest_code=00102&base_code=0010477&code=00102002992 HTTP/1.1" 200 437
180.164.1.25 - - [02/Jan/2024:11:08:27 +0800] "POST /xingrg/login.do HTTP/1.1" 302 -
180.164.1.25 - - [02/Jan/2024:11:08:27 +0800] "GET /xingrg/index.html?sysBaseUrl=http%3A%2F%2F180.169.147.146%3A18081%2Fxingrg%2F&costTime=920×tamp=1704164907784 HTTP/1.1" 200 17183
180.164.1.25 - - [02/Jan/2024:11:08:27 +0800] "GET /favicon.ico HTTP/1.1" 404 -
180.164.1.25 - - [02/Jan/2024:11:08:27 +0800] "GET /xingrg/all/function/internal_message.html?_=1704164907865&CODE_STATE=count HTTP/1.1" 200 11
180.164.1.25 - - [02/Jan/2024:11:08:27 +0800] "GET /xingrg/check_reg.html?_=1704164907866 HTTP/1.1" 200 22
180.164.1.25 - - [02/Jan/2024:11:08:28 +0800] "POST /xingrg/all/common/load_tree.html?tree=area_rest_tree_json&manage=1 HTTP/1.1" 200 357
180.164.1.25 - - [02/Jan/2024:11:08:28 +0800] "POST /xingrg/load_menu.html HTTP/1.1" 200 5138
116.232.193.168 - - [02/Jan/2024:11:08:28 +0800] "GET /xingrg/all/function/internal_message.html?_=1704164868113&CODE_STATE=getMsg HTTP/1.1" 200 27
180.164.1.25 - - [02/Jan/2024:11:08:31 +0800] "GET /xingrg/kc/buy/cgsh_order_list.html HTTP/1.1" 200 57122
114.85.37.70 - - [02/Jan/2024:11:08:31 +0800] "GET /xingrg/all/function/internal_message.html?_=1704163438072&CODE_STATE=getMsg HTTP/1.1" 200 27
222.70.180.200 - - [02/Jan/2024:11:08:37 +0800] "GET /xingrg/all/function/internal_message.html?_=1704164916972&CODE_STATE=getMsg HTTP/1.1" 200 27
180.169.147.146 - - [02/Jan/2024:11:08:41 +0800] "GET /xingrg/check_reg.html?_=1704164921034 HTTP/1.1" 200 22
180.169.147.146 - - [02/Jan/2024:11:08:41 +0800] "GET /xingrg/all/function/internal_message.html?_=1704164921037&CODE_STATE=getMsg HTTP/1.1" 200 27
124.79.241.187 - - [02/Jan/2024:11:08:41 +0800] "GET /xingrg/all/function/internal_message.html?_=1704165253307&CODE_STATE=getMsg HTTP/1.1" 200 27
116.230.112.253 - - [02/Jan/2024:11:08:42 +0800] "GET /xingrg/kc/buy/cgsh_order_operate.html?command=get_materiel&rest_code=00146&code=00101002028&supplier_code=00100199&order_time=2024-01-02 HTTP/1.1" 200 420
101.80.228.56 - - [02/Jan/2024:11:08:43 +0800] "GET /xingrg/all/function/internal_message.html?_=1704164923509&CODE_STATE=getMsg HTTP/1.1" 200 27
101.83.145.37 - - [02/Jan/2024:11:08:43 +0800] "GET /xingrg/all/function/internal_message.html?_=1704164690428&CODE_STATE=getMsg HTTP/1.1" 200 27
180.152.241.252 - - [02/Jan/2024:11:08:44 +0800] "GET /xingrg/kc/base/wldb_order_operate.html?command=get_materiel&rest_code=00102&base_code=0010477&code=00102002550 HTTP/1.1" 200 439
180.164.1.25 - - [02/Jan/2024:11:08:45 +0800] "POST /xingrg/kc/buy/cgsh_list_operate.html HTTP/1.1" 200 4041
180.152.241.252 - - [02/Jan/2024:11:08:51 +0800] "GET /xingrg/kc/base/wldb_order_operate.html?command=get_materiel&rest_code=00102&base_code=0010477&code=00102015055 HTTP/1.1" 200 438
222.67.232.215 - - [02/Jan/2024:11:08:53 +0800] "GET /xingrg/all/function/internal_message.html?_=1704164933988&CODE_STATE=getMsg HTTP/1.1" 200 27
116.230.112.253 - - [02/Jan/2024:11:08:56 +0800] "GET /xingrg/all/function/internal_message.html?_=1704164942806&CODE_STATE=getMsg HTTP/1.1" 200 27
116.230.112.253 - - [02/Jan/2024:11:08:58 +0800] "GET /xingrg/kc/buy/cgsh_order_operate.html?command=get_materiel&rest_code=00146&code=00101004020&supplier_code=00100199&order_time=2024-01-02 HTTP/1.1" 200 409
114.95.241.104 - - [02/Jan/2024:11:08:59 +0800] "GET /xingrg/all/function/internal_message.html?_=1704164939085&CODE_STATE=getMsg HTTP/1.1" 200 27
180.169.147.146 - - [02/Jan/2024:11:09:01 +0800] "GET /xingrg/all/function/internal_message.html?_=1704164941202&CODE_STATE=getMsg HTTP/1.1" 200 27
180.169.147.146 - - [02/Jan/2024:11:09:01 +0800] "GET /xingrg/check_reg.html?_=1704164941204 HTTP/1.1" 200 22
222.69.134.55 - - [02/Jan/2024:11:09:03 +0800] "GET /xingrg/all/function/internal_message.html?_=1704164945220&CODE_STATE=getMsg HTTP/1.1" 200 27
116.230.112.253 - - [02/Jan/2024:11:09:12 +0800] "POST /xingrg/kc/buy/cgsh_order_operate.html HTTP/1.1" 200 37
180.152.241.252 - - [02/Jan/2024:11:09:12 +0800] "GET /xingrg/kc/base/wldb_order_operate.html?command=get_materiel&rest_code=00102&base_code=0010477&code=00102002011 HTTP/1.1" 200 440
124.78.154.219 - - [02/Jan/2024:11:09:12 +0800] "GET /xingrg/all/function/internal_message.html?_=1704164950968&CODE_STATE=getMsg HTTP/1.1" 200 27
114.83.218.109 - - [02/Jan/2024:11:09:16 +0800] "GET /xingrg/all/function/internal_message.html?_=1704164957335&CODE_STATE=getMsg HTTP/1.1" 200 27
58.39.110.191 - - [02/Jan/2024:11:09:17 +0800] "GET /xingrg/all/function/internal_message.html?_=1704164958243&CODE_STATE=getMsg HTTP/1.1" 200 27
116.230.112.253 - - [02/Jan/2024:11:09:17 +0800] "POST /xingrg/kc/buy/cgsh_order_operate.html HTTP/1.1" 200 3854
101.83.145.37 - - [02/Jan/2024:11:09:18 +0800] "GET /xingrg/all/function/internal_message.html?_=1704164958567&CODE_STATE=getMsg HTTP/1.1" 200 27
101.83.145.37 - - [02/Jan/2024:11:09:18 +0800] "GET /xingrg/check_reg.html?_=1704164958569 HTTP/1.1" 200 22
180.152.241.252 - - [02/Jan/2024:11:09:19 +0800] "GET /xingrg/kc/base/wldb_order_operate.html?command=get_materiel&rest_code=00102&base_code=0010477&code=00102004006 HTTP/1.1" 200 442
116.230.112.253 - - [02/Jan/2024:11:09:21 +0800] "GET /xingrg/kc/print/load_data.html?order_code=212024010200521&kc_code=cgsh&condition= HTTP/1.1" 200 1135
120.253.135.82 - - [02/Jan/2024:11:09:21 +0800] "GET /xingrg/all/function/internal_message.html?_=1704164779444&CODE_STATE=getMsg HTTP/1.1" 200 27
180.152.241.252 - - [02/Jan/2024:11:09:24 +0800] "GET /xingrg/all/function/internal_message.html?_=1704164964217&CODE_STATE=getMsg HTTP/1.1" 200 27
180.164.1.25 - - [02/Jan/2024:11:09:28 +0800] "GET /xingrg/all/function/internal_message.html?_=1704164967878&CODE_STATE=getMsg HTTP/1.1" 200 27
116.232.193.168 - - [02/Jan/2024:11:09:28 +0800] "GET /xingrg/all/function/internal_message.html?_=1704164928100&CODE_STATE=getMsg HTTP/1.1" 200 27
114.85.37.70 - - [02/Jan/2024:11:09:31 +0800] "GET /xingrg/all/function/internal_message.html?_=1704163498080&CODE_STATE=getMsg HTTP/1.1" 200 27
222.70.180.200 - - [02/Jan/2024:11:09:37 +0800] "GET /xingrg/all/function/internal_message.html?_=1704164976945&CODE_STATE=getMsg HTTP/1.1" 200 27
180.169.147.146 - - [02/Jan/2024:11:09:41 +0800] "GET /xingrg/all/function/internal_message.html?_=1704164981030&CODE_STATE=getMsg HTTP/1.1" 200 27
124.79.241.187 - - [02/Jan/2024:11:09:41 +0800] "GET /xingrg/all/function/internal_message.html?_=1704165313305&CODE_STATE=getMsg HTTP/1.1" 200 27
101.80.228.56 - - [02/Jan/2024:11:09:43 +0800] "GET /xingrg/all/function/internal_message.html?_=1704164983507&CODE_STATE=getMsg HTTP/1.1" 200 27
101.83.145.37 - - [02/Jan/2024:11:09:43 +0800] "GET /xingrg/all/function/internal_message.html?_=1704164750413&CODE_STATE=getMsg HTTP/1.1" 200 27
116.232.193.168 - - [02/Jan/2024:11:09:49 +0800] "POST /xingrg/services/DataTransmitService HTTP/1.1" 200 524
116.232.193.168 - - [02/Jan/2024:11:09:50 +0800] "POST /xingrg/services/DataTransmitService HTTP/1.1" 200 412
222.67.232.215 - - [02/Jan/2024:11:09:53 +0800] "GET /xingrg/all/function/internal_message.html?_=1704164993961&CODE_STATE=getMsg HTTP/1.1" 200 27
116.230.112.253 - - [02/Jan/2024:11:09:57 +0800] "GET /xingrg/all/function/internal_message.html?_=1704165003105&CODE_STATE=getMsg HTTP/1.1" 200 27
114.95.241.104 - - [02/Jan/2024:11:09:59 +0800] "GET /xingrg/all/function/internal_message.html?_=1704164999077&CODE_STATE=getMsg HTTP/1.1" 200 27
180.169.147.146 - - [02/Jan/2024:11:10:01 +0800] "GET /xingrg/all/function/internal_message.html?_=1704165001203&CODE_STATE=getMsg HTTP/1.1" 200 27
222.70.180.200 - - [02/Jan/2024:11:10:03 +0800] "POST /xingrg/services/DataTransmitService HTTP/1.1" 200 524
222.69.134.55 - - [02/Jan/2024:11:10:03 +0800] "GET /xingrg/all/function/internal_message.html?_=1704165005212&CODE_STATE=getMsg HTTP/1.1" 200 27
116.232.193.168 - - [02/Jan/2024:11:10:09 +0800] "GET /xingrg/check_reg.html?_=1704164969330 HTTP/1.1" 200 22
124.78.154.219 - - [02/Jan/2024:11:10:12 +0800] "GET /xingrg/all/function/internal_message.html?_=1704165010938&CODE_STATE=getMsg HTTP/1.1" 200 27
222.70.180.200 - - [02/Jan/2024:11:10:12 +0800] "POST /xingrg/services/DataTransmitService HTTP/1.1" 200 501
180.152.241.252 - - [02/Jan/2024:11:10:15 +0800] "POST /xingrg/kc/base/wldb_order_operate.html HTTP/1.1" 200 37
114.83.218.109 - - [02/Jan/2024:11:10:16 +0800] "GET /xingrg/all/function/internal_message.html?_=1704165017335&CODE_STATE=getMsg HTTP/1.1" 200 27
58.39.110.191 - - [02/Jan/2024:11:10:17 +0800] "GET /xingrg/check_reg.html?_=1704165018243 HTTP/1.1" 200 22
58.39.110.191 - - [02/Jan/2024:11:10:17 +0800] "GET /xingrg/all/function/internal_message.html?_=1704165018245&CODE_STATE=getMsg HTTP/1.1" 200 27
101.83.145.37 - - [02/Jan/2024:11:10:18 +0800] "GET /xingrg/all/function/internal_message.html?_=1704165018567&CODE_STATE=getMsg HTTP/1.1" 200 27
120.253.135.82 - - [02/Jan/2024:11:10:21 +0800] "GET /xingrg/all/function/internal_message.html?_=1704164839565&CODE_STATE=getMsg HTTP/1.1" 200 27
180.152.241.252 - - [02/Jan/2024:11:10:24 +0800] "GET /xingrg/all/function/internal_message.html?_=1704165024217&CODE_STATE=getMsg HTTP/1.1" 200 27
180.152.241.252 - - [02/Jan/2024:11:10:25 +0800] "POST /xingrg/kc/base/wldb_order_operate.html HTTP/1.1" 200 12
180.169.147.146 - - [02/Jan/2024:11:10:25 +0800] "POST /xingrg/kc/buy/cgsh_list_operate.html HTTP/1.1" 200 3053
180.152.241.252 - - [02/Jan/2024:11:10:25 +0800] "POST /xingrg/kc/base/wldb_order_operate.html HTTP/1.1" 200 4570
180.152.241.252 - - [02/Jan/2024:11:10:27 +0800] "GET /xingrg/kc/base/wldb_order_info.html?code=422024010200142 HTTP/1.1" 200 26257
180.152.241.252 - - [02/Jan/2024:11:10:27 +0800] "GET /xingrg/words/20240102092504_words.js HTTP/1.1" 304 -
180.152.241.252 - - [02/Jan/2024:11:10:27 +0800] "GET /xingrg/javascript/easyui/themes/default/validatebox.css HTTP/1.1" 404 1104
180.152.241.252 - - [02/Jan/2024:11:10:27 +0800] "POST /xingrg/kc/base/wldb_order_operate.html HTTP/1.1" 200 2811
180.164.1.25 - - [02/Jan/2024:11:10:28 +0800] "GET /xingrg/all/function/internal_message.html?_=1704165027880&CODE_STATE=getMsg HTTP/1.1" 200 27
116.232.193.168 - - [02/Jan/2024:11:10:28 +0800] "GET /xingrg/all/function/internal_message.html?_=1704164988091&CODE_STATE=getMsg HTTP/1.1" 200 27
114.85.37.70 - - [02/Jan/2024:11:10:31 +0800] "GET /xingrg/all/function/internal_message.html?_=1704163558112&CODE_STATE=getMsg HTTP/1.1" 200 27
114.85.37.70 - - [02/Jan/2024:11:10:31 +0800] "GET /xingrg/check_reg.html?_=1704163558110 HTTP/1.1" 200 22
180.169.147.146 - - [02/Jan/2024:11:10:35 +0800] "POST /xingrg/kc/buy/cgsh_list_operate.html HTTP/1.1" 200 6278
222.70.180.200 - - [02/Jan/2024:11:10:37 +0800] "GET /xingrg/all/function/internal_message.html?_=1704165036915&CODE_STATE=getMsg HTTP/1.1" 200 27
180.169.147.146 - - [02/Jan/2024:11:10:41 +0800] "GET /xingrg/all/function/internal_message.html?_=1704165041050&CODE_STATE=getMsg HTTP/1.1" 200 27
124.79.241.187 - - [02/Jan/2024:11:10:41 +0800] "GET /xingrg/all/function/internal_message.html?_=1704165373304&CODE_STATE=getMsg HTTP/1.1" 200 27
101.83.145.37 - - [02/Jan/2024:11:10:41 +0800] "GET /xingrg/check_reg.html?_=1704164808807 HTTP/1.1" 200 22
101.80.228.56 - - [02/Jan/2024:11:10:43 +0800] "GET /xingrg/all/function/internal_message.html?_=1704165043521&CODE_STATE=getMsg HTTP/1.1" 200 27
101.80.228.56 - - [02/Jan/2024:11:10:43 +0800] "GET /xingrg/check_reg.html?_=1704165043525 HTTP/1.1" 200 22
101.83.145.37 - - [02/Jan/2024:11:10:43 +0800] "GET /xingrg/all/function/internal_message.html?_=1704164810385&CODE_STATE=getMsg HTTP/1.1" 200 27
218.81.65.124 - - [02/Jan/2024:11:10:51 +0800] "GET /favicon.ico HTTP/1.1" 404 -
222.67.232.215 - - [02/Jan/2024:11:10:53 +0800] "GET /xingrg/all/function/internal_message.html?_=1704165053940&CODE_STATE=getMsg HTTP/1.1" 200 27
116.230.112.253 - - [02/Jan/2024:11:10:57 +0800] "GET /xingrg/all/function/internal_message.html?_=1704165063108&CODE_STATE=getMsg HTTP/1.1" 200 27
114.95.241.104 - - [02/Jan/2024:11:10:59 +0800] "GET /xingrg/all/function/internal_message.html?_=1704165059055&CODE_STATE=getMsg HTTP/1.1" 200 27
114.95.241.104 - - [02/Jan/2024:11:11:00 +0800] "GET /xingrg/check_reg.html?_=1704165060319 HTTP/1.1" 200 22
180.169.147.146 - - [02/Jan/2024:11:11:01 +0800] "GET /xingrg/all/function/internal_message.html?_=1704165061187&CODE_STATE=getMsg HTTP/1.1" 200 27
222.69.134.55 - - [02/Jan/2024:11:11:03 +0800] "GET /xingrg/all/function/internal_message.html?_=1704165065218&CODE_STATE=getMsg HTTP/1.1" 200 27
180.152.241.252 - - [02/Jan/2024:11:11:07 +0800] "GET /xingrg/kc/base/wldb_order_add.html HTTP/1.1" 200 30381
180.152.241.252 - - [02/Jan/2024:11:11:07 +0800] "POST /xingrg/kc/base/wldb_order_operate.html HTTP/1.1" 200 6806
180.152.241.252 - - [02/Jan/2024:11:11:07 +0800] "GET /xingrg/javascript/easyui/themes/default/validatebox.css HTTP/1.1" 404 1104
180.152.241.252 - - [02/Jan/2024:11:11:09 +0800] "POST /xingrg/all/common/load_combo.html?type=base HTTP/1.1" 200 3321
180.152.241.252 - - [02/Jan/2024:11:11:12 +0800] "POST /xingrg/all/common/load_combo.html?type=base HTTP/1.1" 200 3321
124.78.154.219 - - [02/Jan/2024:11:11:12 +0800] "GET /xingrg/all/function/internal_message.html?_=1704165070909&CODE_STATE=getMsg HTTP/1.1" 200 27
101.83.145.37 - - [02/Jan/2024:11:11:15 +0800] "GET /xingrg/kc/mdqp/pssh_order_list.html?isBack=1 HTTP/1.1" 200 17932
101.83.145.37 - - [02/Jan/2024:11:11:15 +0800] "POST /xingrg/kc/mdqp/pssh_list_operate.html HTTP/1.1" 200 5417
114.83.218.109 - - [02/Jan/2024:11:11:16 +0800] "GET /xingrg/all/function/internal_message.html?_=1704165077335&CODE_STATE=getMsg HTTP/1.1" 200 27
58.39.110.191 - - [02/Jan/2024:11:11:17 +0800] "GET /xingrg/all/function/internal_message.html?_=1704165078245&CODE_STATE=getMsg HTTP/1.1" 200 27
101.83.145.37 - - [02/Jan/2024:11:11:18 +0800] "GET /xingrg/all/function/internal_message.html?_=1704165078569&CODE_STATE=getMsg HTTP/1.1" 200 27
120.253.135.82 - - [02/Jan/2024:11:11:21 +0800] "GET /xingrg/all/function/internal_message.html?_=1704164899565&CODE_STATE=getMsg HTTP/1.1" 200 27
180.152.241.252 - - [02/Jan/2024:11:11:23 +0800] "GET /xingrg/javascript/auto/indicator.gif HTTP/1.1" 404 1066
180.152.241.252 - - [02/Jan/2024:11:11:24 +0800] "GET /xingrg/all/function/internal_message.html?_=1704165084217&CODE_STATE=getMsg HTTP/1.1" 200 27
180.152.241.252 - - [02/Jan/2024:11:11:26 +0800] "GET /xingrg/kc/base/wldb_order_operate.html?command=get_materiel&rest_code=00102&base_code=0010477&code=00102002304 HTTP/1.1" 200 463
116.230.112.253 - - [02/Jan/2024:11:11:26 +0800] "GET /xingrg/check_reg.html?_=1704165092786 HTTP/1.1" 200 22
101.83.145.37 - - [02/Jan/2024:11:11:27 +0800] "POST /xingrg/kc/mdqp/pssh_list_operate.html HTTP/1.1" 200 256
101.83.145.37 - - [02/Jan/2024:11:11:27 +0800] "POST /xingrg/kc/mdqp/pssh_list_operate.html HTTP/1.1" 200 1574
180.164.1.25 - - [02/Jan/2024:11:11:28 +0800] "GET /xingrg/all/function/internal_message.html?_=1704165087870&CODE_STATE=getMsg HTTP/1.1" 200 27
116.232.193.168 - - [02/Jan/2024:11:11:28 +0800] "GET /xingrg/all/function/internal_message.html?_=1704165048077&CODE_STATE=getMsg HTTP/1.1" 200 27
101.83.145.37 - - [02/Jan/2024:11:11:28 +0800] "GET /xingrg/kc/mdqp/pssh_order_info.html?code=312024010100007 HTTP/1.1" 200 17306
101.83.145.37 - - [02/Jan/2024:11:11:28 +0800] "GET /xingrg/javascript/jquery_tools/jquery-1.4.2.min.js HTTP/1.1" 404 1094
101.83.145.37 - - [02/Jan/2024:11:11:28 +0800] "GET /xingrg/words/20240102092504_words.js HTTP/1.1" 304 -
101.83.145.37 - - [02/Jan/2024:11:11:28 +0800] "GET /xingrg/javascript/easyui/themes/default/validatebox.css HTTP/1.1" 404 1104
101.83.145.37 - - [02/Jan/2024:11:11:28 +0800] "POST /xingrg/kc/mdqp/pssh_order_operate.html HTTP/1.1" 200 526
222.70.180.200 - - [02/Jan/2024:11:11:29 +0800] "GET /xingrg/check_reg.html?_=1704165089725 HTTP/1.1" 200 22
114.85.37.70 - - [02/Jan/2024:11:11:31 +0800] "GET /xingrg/all/function/internal_message.html?_=1704163618099&CODE_STATE=getMsg HTTP/1.1" 200 27
180.164.1.25 - - [02/Jan/2024:11:11:32 +0800] "GET /favicon.ico HTTP/1.1" 404 -
101.83.145.37 - - [02/Jan/2024:11:11:35 +0800] "POST /xingrg/kc/mdqp/pssh_order_operate.html HTTP/1.1" 200 37
180.169.147.146 - - [02/Jan/2024:11:11:35 +0800] "POST /xingrg/kc/buy/cgsh_list_operate.html HTTP/1.1" 200 3512
222.70.180.200 - - [02/Jan/2024:11:11:36 +0800] "GET /xingrg/all/function/internal_message.html?_=1704165096890&CODE_STATE=getMsg HTTP/1.1" 200 27
101.83.145.37 - - [02/Jan/2024:11:11:38 +0800] "POST /xingrg/kc/mdqp/pssh_order_operate.html HTTP/1.1" 200 12
101.83.145.37 - - [02/Jan/2024:11:11:40 +0800] "GET /xingrg/kc/mdqp/pssh_order_info.html?code=312024010100007 HTTP/1.1" 200 14382
101.83.145.37 - - [02/Jan/2024:11:11:40 +0800] "GET /xingrg/javascript/jquery_tools/jquery-1.4.2.min.js HTTP/1.1" 404 1094
101.83.145.37 - - [02/Jan/2024:11:11:40 +0800] "GET /xingrg/javascript/easyui/themes/default/validatebox.css HTTP/1.1" 404 1104
101.83.145.37 - - [02/Jan/2024:11:11:40 +0800] "POST /xingrg/kc/mdqp/pssh_order_operate.html HTTP/1.1" 200 526
180.169.147.146 - - [02/Jan/2024:11:11:41 +0800] "GET /xingrg/all/function/internal_message.html?_=1704165101054&CODE_STATE=getMsg HTTP/1.1" 200 27
124.79.241.187 - - [02/Jan/2024:11:11:41 +0800] "GET /xingrg/all/function/internal_message.html?_=1704165433331&CODE_STATE=getMsg HTTP/1.1" 200 27
180.169.147.146 - - [02/Jan/2024:11:11:42 +0800] "POST /xingrg/kc/buy/cgsh_list_operate.html HTTP/1.1" 200 520
101.80.228.56 - - [02/Jan/2024:11:11:43 +0800] "GET /xingrg/all/function/internal_message.html?_=1704165103509&CODE_STATE=getMsg HTTP/1.1" 200 27
101.83.145.37 - - [02/Jan/2024:11:11:43 +0800] "GET /xingrg/all/function/internal_message.html?_=1704164870378&CODE_STATE=getMsg HTTP/1.1" 200 27
101.83.145.37 - - [02/Jan/2024:11:11:43 +0800] "GET /xingrg/kc/mdqp/pssh_order_list.html?isBack=1 HTTP/1.1" 200 17932
180.169.147.146 - - [02/Jan/2024:11:11:44 +0800] "GET /xingrg/kc/buy/cgsh_order_info.html?code=212023122509537 HTTP/1.1" 200 67848
180.169.147.146 - - [02/Jan/2024:11:11:44 +0800] "GET /xingrg/words/20240102092504_words.js HTTP/1.1" 304 -
101.83.145.37 - - [02/Jan/2024:11:11:44 +0800] "POST /xingrg/kc/mdqp/pssh_list_operate.html HTTP/1.1" 200 5433
180.169.147.146 - - [02/Jan/2024:11:11:44 +0800] "GET /xingrg/javascript/easyui/themes/default/validatebox.css HTTP/1.1" 404 1104
180.152.241.252 - - [02/Jan/2024:11:11:45 +0800] "GET /xingrg/kc/base/wldb_order_operate.html?command=get_materiel&rest_code=00102&base_code=0010477&code=00102002347 HTTP/1.1" 200 457
180.169.147.146 - - [02/Jan/2024:11:11:45 +0800] "POST /xingrg/kc/buy/cgsh_order_operate.html HTTP/1.1" 200 2990
180.169.147.146 - - [02/Jan/2024:11:11:47 +0800] "GET /xingrg/kc/print/load_data.html?order_code=212023122509537&kc_code=cgsh&condition= HTTP/1.1" 200 1624
101.83.145.37 - - [02/Jan/2024:11:11:49 +0800] "POST /xingrg/kc/mdqp/pssh_list_operate.html HTTP/1.1" 200 361
101.83.145.37 - - [02/Jan/2024:11:11:49 +0800] "POST /xingrg/kc/mdqp/pssh_list_operate.html HTTP/1.1" 200 1574
101.83.145.37 - - [02/Jan/2024:11:11:50 +0800] "GET /xingrg/kc/mdqp/pssh_order_info.html?code=312024010100033 HTTP/1.1" 200 17244
101.83.145.37 - - [02/Jan/2024:11:11:50 +0800] "GET /xingrg/javascript/jquery_tools/jquery-1.4.2.min.js HTTP/1.1" 404 1094
101.83.145.37 - - [02/Jan/2024:11:11:50 +0800] "GET /xingrg/javascript/easyui/themes/default/validatebox.css HTTP/1.1" 404 1104
101.83.145.37 - - [02/Jan/2024:11:11:50 +0800] "POST /xingrg/kc/mdqp/pssh_order_operate.html HTTP/1.1" 200 1063
222.67.232.215 - - [02/Jan/2024:11:11:53 +0800] "GET /xingrg/all/function/internal_message.html?_=1704165113921&CODE_STATE=getMsg HTTP/1.1" 200 27
222.67.232.215 - - [02/Jan/2024:11:11:55 +0800] "GET /xingrg/check_reg.html?_=1704165115053 HTTP/1.1" 200 22
180.152.241.252 - - [02/Jan/2024:11:11:56 +0800] "GET /xingrg/kc/base/wldb_order_operate.html?command=get_materiel&rest_code=00102&base_code=0010477&code=00102002376 HTTP/1.1" 200 431
116.230.112.253 - - [02/Jan/2024:11:11:57 +0800] "GET /xingrg/all/function/internal_message.html?_=1704165123121&CODE_STATE=getMsg HTTP/1.1" 200 27
114.95.241.104 - - [02/Jan/2024:11:11:59 +0800] "GET /xingrg/all/function/internal_message.html?_=1704165119038&CODE_STATE=getMsg HTTP/1.1" 200 27
180.169.147.146 - - [02/Jan/2024:11:12:01 +0800] "GET /xingrg/all/function/internal_message.html?_=1704165121207&CODE_STATE=getMsg HTTP/1.1" 200 27
180.152.241.252 - - [02/Jan/2024:11:12:03 +0800] "GET /xingrg/kc/base/wldb_order_operate.html?command=get_materiel&rest_code=00102&base_code=0010477&code=00102002150 HTTP/1.1" 200 447
222.69.134.55 - - [02/Jan/2024:11:12:03 +0800] "GET /xingrg/all/function/internal_message.html?_=1704165125213&CODE_STATE=getMsg HTTP/1.1" 200 27
222.69.134.55 - - [02/Jan/2024:11:12:03 +0800] "GET /xingrg/check_reg.html?_=1704165125216 HTTP/1.1" 200 22
101.83.145.37 - - [02/Jan/2024:11:12:12 +0800] "GET /xingrg/kc/mdqp/pssh_order_list.html?isBack=1 HTTP/1.1" 200 17932
124.78.154.219 - - [02/Jan/2024:11:12:12 +0800] "GET /xingrg/all/function/internal_message.html?_=1704165130880&CODE_STATE=getMsg HTTP/1.1" 200 27
101.83.145.37 - - [02/Jan/2024:11:12:13 +0800] "POST /xingrg/kc/mdqp/pssh_list_operate.html HTTP/1.1" 200 5433
114.83.218.109 - - [02/Jan/2024:11:12:16 +0800] "GET /xingrg/check_reg.html?_=1704165137338 HTTP/1.1" 200 22
114.83.218.109 - - [02/Jan/2024:11:12:16 +0800] "GET /xingrg/all/function/internal_message.html?_=1704165137342&CODE_STATE=getMsg HTTP/1.1" 200 27
58.39.110.191 - - [02/Jan/2024:11:12:17 +0800] "GET /xingrg/all/function/internal_message.html?_=1704165138232&CODE_STATE=getMsg HTTP/1.1" 200 27
101.83.145.37 - - [02/Jan/2024:11:12:18 +0800] "GET /xingrg/all/function/internal_message.html?_=1704165138570&CODE_STATE=getMsg HTTP/1.1" 200 27
114.83.218.109 - - [02/Jan/2024:11:12:19 +0800] "POST /xingrg/services/DataTransmitService HTTP/1.1" 200 524
114.83.218.109 - - [02/Jan/2024:11:12:19 +0800] "POST /xingrg/services/DataTransmitService HTTP/1.1" 200 501
120.253.135.82 - - [02/Jan/2024:11:12:22 +0800] "GET /xingrg/all/function/internal_message.html?_=1704164959689&CODE_STATE=getMsg HTTP/1.1" 200 27
180.169.147.146 - - [02/Jan/2024:11:12:23 +0800] "GET /xingrg/check_reg.html?_=1704165111587 HTTP/1.1" 200 22
180.152.241.252 - - [02/Jan/2024:11:12:24 +0800] "GET /xingrg/all/function/internal_message.html?_=1704165144207&CODE_STATE=getMsg HTTP/1.1" 200 27
101.83.145.37 - - [02/Jan/2024:11:12:27 +0800] "POST /xingrg/kc/mdqp/pssh_list_operate.html HTTP/1.1" 200 805
101.83.145.37 - - [02/Jan/2024:11:12:27 +0800] "POST /xingrg/kc/mdqp/pssh_list_operate.html HTTP/1.1" 200 1574
180.164.1.25 - - [02/Jan/2024:11:12:28 +0800] "GET /xingrg/all/function/internal_message.html?_=1704165147887&CODE_STATE=getMsg HTTP/1.1" 200 27
101.83.145.37 - - [02/Jan/2024:11:12:28 +0800] "GET /xingrg/kc/mdqp/pssh_order_info.html?code=312023122600565 HTTP/1.1" 200 14386
116.232.193.168 - - [02/Jan/2024:11:12:28 +0800] "GET /xingrg/all/function/internal_message.html?_=1704165108077&CODE_STATE=getMsg HTTP/1.1" 200 27
101.83.145.37 - - [02/Jan/2024:11:12:28 +0800] "GET /xingrg/javascript/jquery_tools/jquery-1.4.2.min.js HTTP/1.1" 404 1094
101.83.145.37 - - [02/Jan/2024:11:12:28 +0800] "GET /xingrg/javascript/easyui/themes/default/validatebox.css HTTP/1.1" 404 1104
101.83.145.37 - - [02/Jan/2024:11:12:28 +0800] "POST /xingrg/kc/mdqp/pssh_order_operate.html HTTP/1.1" 200 10114
180.152.241.252 - - [02/Jan/2024:11:12:31 +0800] "POST /xingrg/kc/base/wldb_order_operate.html HTTP/1.1" 200 37
114.85.37.70 - - [02/Jan/2024:11:12:31 +0800] "GET /xingrg/all/function/internal_message.html?_=1704163678104&CODE_STATE=getMsg HTTP/1.1" 200 27
222.70.180.200 - - [02/Jan/2024:11:12:36 +0800] "GET /xingrg/all/function/internal_message.html?_=1704165156861&CODE_STATE=getMsg HTTP/1.1" 200 27
180.152.241.252 - - [02/Jan/2024:11:12:37 +0800] "POST /xingrg/kc/base/wldb_order_operate.html HTTP/1.1" 200 12
180.152.241.252 - - [02/Jan/2024:11:12:37 +0800] "POST /xingrg/kc/base/wldb_order_operate.html HTTP/1.1" 200 2703
180.152.241.252 - - [02/Jan/2024:11:12:38 +0800] "GET /xingrg/kc/base/wldb_order_info.html?code=422024010200143 HTTP/1.1" 200 26257
180.152.241.252 - - [02/Jan/2024:11:12:39 +0800] "GET /xingrg/javascript/easyui/themes/default/validatebox.css HTTP/1.1" 404 1104
180.152.241.252 - - [02/Jan/2024:11:12:39 +0800] "POST /xingrg/kc/base/wldb_order_operate.html HTTP/1.1" 200 986
180.152.241.252 - - [02/Jan/2024:11:12:41 +0800] "GET /xingrg/kc/base/wldb_order_add.html HTTP/1.1" 200 30381
180.169.147.146 - - [02/Jan/2024:11:12:41 +0800] "GET /xingrg/all/function/internal_message.html?_=1704165161037&CODE_STATE=getMsg HTTP/1.1" 200 27
101.83.145.37 - - [02/Jan/2024:11:12:41 +0800] "GET /xingrg/kc/mdqp/pssh_order_list.html?isBack=1 HTTP/1.1" 200 17932
180.152.241.252 - - [02/Jan/2024:11:12:41 +0800] "POST /xingrg/kc/base/wldb_order_operate.html HTTP/1.1" 200 6806
180.152.241.252 - - [02/Jan/2024:11:12:41 +0800] "GET /xingrg/javascript/easyui/themes/default/validatebox.css HTTP/1.1" 404 1104
124.79.241.187 - - [02/Jan/2024:11:12:41 +0800] "GET /xingrg/all/function/internal_message.html?_=1704165493332&CODE_STATE=getMsg HTTP/1.1" 200 27
124.79.241.187 - - [02/Jan/2024:11:12:41 +0800] "GET /xingrg/check_reg.html?_=1704165493333 HTTP/1.1" 200 22
101.83.145.37 - - [02/Jan/2024:11:12:41 +0800] "POST /xingrg/kc/mdqp/pssh_list_operate.html HTTP/1.1" 200 5433
180.152.241.252 - - [02/Jan/2024:11:12:42 +0800] "POST /xingrg/all/common/load_combo.html?type=base HTTP/1.1" 200 3321
101.80.228.56 - - [02/Jan/2024:11:12:43 +0800] "GET /xingrg/all/function/internal_message.html?_=1704165163509&CODE_STATE=getMsg HTTP/1.1" 200 27
101.83.145.37 - - [02/Jan/2024:11:12:43 +0800] "GET /xingrg/all/function/internal_message.html?_=1704164930351&CODE_STATE=getMsg HTTP/1.1" 200 27
180.152.241.252 - - [02/Jan/2024:11:12:44 +0800] "POST /xingrg/all/common/load_combo.html?type=base HTTP/1.1" 200 3321
180.152.241.252 - - [02/Jan/2024:11:12:48 +0800] "GET /xingrg/javascript/auto/indicator.gif HTTP/1.1" 404 1066
222.67.232.215 - - [02/Jan/2024:11:12:53 +0800] "GET /xingrg/all/function/internal_message.html?_=1704165173901&CODE_STATE=getMsg HTTP/1.1" 200 27
218.79.29.24 - - [02/Jan/2024:11:12:56 +0800] "GET /xingrg/check_reg.html?_=1704165178806 HTTP/1.1" 302 -
116.230.112.253 - - [02/Jan/2024:11:12:57 +0800] "GET /xingrg/all/function/internal_message.html?_=1704165183135&CODE_STATE=getMsg HTTP/1.1" 200 27
114.95.241.104 - - [02/Jan/2024:11:12:59 +0800] "GET /xingrg/all/function/internal_message.html?_=1704165179019&CODE_STATE=getMsg HTTP/1.1" 200 27
180.169.147.146 - - [02/Jan/2024:11:13:01 +0800] "GET /xingrg/all/function/internal_message.html?_=1704165181185&CODE_STATE=getMsg HTTP/1.1" 200 27
180.152.241.252 - - [02/Jan/2024:11:13:02 +0800] "POST /xingrg/kc/base/wldb_order_operate.html HTTP/1.1" 200 37
222.69.134.55 - - [02/Jan/2024:11:13:03 +0800] "GET /xingrg/all/function/internal_message.html?_=1704165185217&CODE_STATE=getMsg HTTP/1.1" 200 27
120.253.135.82 - - [02/Jan/2024:11:13:08 +0800] "GET /xingrg/check_reg.html?_=1704165006082 HTTP/1.1" 200 22
180.152.241.252 - - [02/Jan/2024:11:13:09 +0800] "POST /xingrg/kc/base/wldb_order_operate.html HTTP/1.1" 200 12
180.152.241.252 - - [02/Jan/2024:11:13:09 +0800] "POST /xingrg/kc/base/wldb_order_operate.html HTTP/1.1" 200 2190
124.78.154.219 - - [02/Jan/2024:11:13:10 +0800] "GET /xingrg/check_reg.html?_=1704165188826 HTTP/1.1" 200 22
180.152.241.252 - - [02/Jan/2024:11:13:10 +0800] "GET /xingrg/kc/base/wldb_order_info.html?code=422024010200144 HTTP/1.1" 200 26256
180.152.241.252 - - [02/Jan/2024:11:13:11 +0800] "GET /xingrg/javascript/easyui/themes/default/validatebox.css HTTP/1.1" 404 1104
180.152.241.252 - - [02/Jan/2024:11:13:11 +0800] "POST /xingrg/kc/base/wldb_order_operate.html HTTP/1.1" 200 485
124.78.154.219 - - [02/Jan/2024:11:13:12 +0800] "GET /xingrg/all/function/internal_message.html?_=1704165190860&CODE_STATE=getMsg HTTP/1.1" 200 27
180.152.241.252 - - [02/Jan/2024:11:13:13 +0800] "GET /xingrg/kc/base/wldb_order_add.html HTTP/1.1" 200 30381
180.152.241.252 - - [02/Jan/2024:11:13:13 +0800] "POST /xingrg/kc/base/wldb_order_operate.html HTTP/1.1" 200 6806
180.152.241.252 - - [02/Jan/2024:11:13:13 +0800] "GET /xingrg/javascript/easyui/themes/default/validatebox.css HTTP/1.1" 404 1104
180.152.241.252 - - [02/Jan/2024:11:13:14 +0800] "POST /xingrg/all/common/load_combo.html?type=base HTTP/1.1" 200 3321
114.83.218.109 - - [02/Jan/2024:11:13:16 +0800] "GET /xingrg/all/function/internal_message.html?_=1704165197328&CODE_STATE=getMsg HTTP/1.1" 200 27
180.152.241.252 - - [02/Jan/2024:11:13:17 +0800] "POST /xingrg/all/common/load_combo.html?type=base HTTP/1.1" 200 3321
101.83.145.37 - - [02/Jan/2024:11:13:17 +0800] "POST /xingrg/kc/mdqp/pssh_list_operate.html HTTP/1.1" 200 766
58.39.110.191 - - [02/Jan/2024:11:13:17 +0800] "GET /xingrg/all/function/internal_message.html?_=1704165198223&CODE_STATE=getMsg HTTP/1.1" 200 27
101.83.145.37 - - [02/Jan/2024:11:13:18 +0800] "POST /xingrg/kc/mdqp/pssh_list_operate.html HTTP/1.1" 200 1574
101.83.145.37 - - [02/Jan/2024:11:13:18 +0800] "GET /xingrg/kc/mdqp/pssh_order_info.html?code=312023122600563 HTTP/1.1" 200 14382
101.83.145.37 - - [02/Jan/2024:11:13:18 +0800] "GET /xingrg/javascript/jquery_tools/jquery-1.4.2.min.js HTTP/1.1" 404 1094
101.83.145.37 - - [02/Jan/2024:11:13:18 +0800] "GET /xingrg/all/function/internal_message.html?_=1704165198571&CODE_STATE=getMsg HTTP/1.1" 200 27
101.83.145.37 - - [02/Jan/2024:11:13:18 +0800] "GET /xingrg/javascript/easyui/themes/default/validatebox.css HTTP/1.1" 404 1104
101.83.145.37 - - [02/Jan/2024:11:13:18 +0800] "POST /xingrg/kc/mdqp/pssh_order_operate.html HTTP/1.1" 200 10032
120.253.135.82 - - [02/Jan/2024:11:13:22 +0800] "GET /xingrg/all/function/internal_message.html?_=1704165019702&CODE_STATE=getMsg HTTP/1.1" 200 27
180.152.241.252 - - [02/Jan/2024:11:13:24 +0800] "GET /xingrg/check_reg.html?_=1704165204200 HTTP/1.1" 200 22
180.152.241.252 - - [02/Jan/2024:11:13:24 +0800] "GET /xingrg/all/function/internal_message.html?_=1704165204205&CODE_STATE=getMsg HTTP/1.1" 200 27
180.152.241.252 - - [02/Jan/2024:11:13:27 +0800] "GET /xingrg/javascript/auto/indicator.gif HTTP/1.1" 404 1066
180.164.1.25 - - [02/Jan/2024:11:13:28 +0800] "GET /xingrg/check_reg.html?_=1704165207878 HTTP/1.1" 200 22
180.164.1.25 - - [02/Jan/2024:11:13:28 +0800] "GET /xingrg/all/function/internal_message.html?_=1704165207883&CODE_STATE=getMsg HTTP/1.1" 200 27
116.232.193.168 - - [02/Jan/2024:11:13:28 +0800] "GET /xingrg/all/function/internal_message.html?_=1704165168058&CODE_STATE=getMsg HTTP/1.1" 200 27
180.152.241.252 - - [02/Jan/2024:11:13:31 +0800] "GET /xingrg/kc/base/wldb_order_operate.html?command=get_materiel&rest_code=00102&base_code=0010477&code=00101017003 HTTP/1.1" 200 448
114.85.37.70 - - [02/Jan/2024:11:13:31 +0800] "GET /xingrg/all/function/internal_message.html?_=1704163738113&CODE_STATE=getMsg HTTP/1.1" 200 27
222.70.180.200 - - [02/Jan/2024:11:13:36 +0800] "GET /xingrg/all/function/internal_message.html?_=1704165216837&CODE_STATE=getMsg HTTP/1.1" 200 27
180.169.147.146 - - [02/Jan/2024:11:13:41 +0800] "GET /xingrg/check_reg.html?_=1704165221028 HTTP/1.1" 200 22
180.169.147.146 - - [02/Jan/2024:11:13:41 +0800] "GET /xingrg/all/function/internal_message.html?_=1704165221031&CODE_STATE=getMsg HTTP/1.1" 200 27
124.79.241.187 - - [02/Jan/2024:11:13:41 +0800] "GET /xingrg/all/function/internal_message.html?_=1704165553331&CODE_STATE=getMsg HTTP/1.1" 200 27
101.83.145.37 - - [02/Jan/2024:11:13:42 +0800] "GET /xingrg/kc/mdqp/pssh_order_list.html?isBack=1 HTTP/1.1" 200 17932
101.80.228.56 - - [02/Jan/2024:11:13:43 +0800] "GET /xingrg/all/function/internal_message.html?_=1704165223509&CODE_STATE=getMsg HTTP/1.1" 200 27
101.83.145.37 - - [02/Jan/2024:11:13:43 +0800] "POST /xingrg/kc/mdqp/pssh_list_operate.html HTTP/1.1" 200 5433
101.83.145.37 - - [02/Jan/2024:11:13:43 +0800] "GET /xingrg/all/function/internal_message.html?_=1704164990404&CODE_STATE=getMsg HTTP/1.1" 200 27
180.152.241.252 - - [02/Jan/2024:11:13:46 +0800] "GET /xingrg/kc/base/wldb_order_operate.html?command=get_materiel&rest_code=00102&base_code=0010477&code=00102002041 HTTP/1.1" 200 435
180.152.241.252 - - [02/Jan/2024:11:13:50 +0800] "GET /xingrg/kc/base/wldb_order_operate.html?command=get_materiel&rest_code=00102&base_code=0010477&code=00102002543 HTTP/1.1" 200 443
222.67.232.215 - - [02/Jan/2024:11:13:53 +0800] "GET /xingrg/all/function/internal_message.html?_=1704165233883&CODE_STATE=getMsg HTTP/1.1" 200 27
116.230.112.253 - - [02/Jan/2024:11:13:57 +0800] "GET /xingrg/all/function/internal_message.html?_=1704165243459&CODE_STATE=getMsg HTTP/1.1" 200 27
101.83.145.37 - - [02/Jan/2024:11:13:57 +0800] "POST /xingrg/kc/mdqp/pssh_list_operate.html HTTP/1.1" 200 268
101.83.145.37 - - [02/Jan/2024:11:13:58 +0800] "POST /xingrg/kc/mdqp/pssh_list_operate.html HTTP/1.1" 200 1574
101.83.145.37 - - [02/Jan/2024:11:13:58 +0800] "GET /xingrg/kc/mdqp/pssh_order_info.html?code=312023122600596 HTTP/1.1" 200 14382
101.83.145.37 - - [02/Jan/2024:11:13:58 +0800] "GET /xingrg/javascript/jquery_tools/jquery-1.4.2.min.js HTTP/1.1" 404 1094
114.95.241.104 - - [02/Jan/2024:11:13:59 +0800] "GET /xingrg/all/function/internal_message.html?_=1704165239005&CODE_STATE=getMsg HTTP/1.1" 200 27
101.83.145.37 - - [02/Jan/2024:11:13:59 +0800] "GET /xingrg/javascript/easyui/themes/default/validatebox.css HTTP/1.1" 404 1104
101.83.145.37 - - [02/Jan/2024:11:13:59 +0800] "POST /xingrg/kc/mdqp/pssh_order_operate.html HTTP/1.1" 200 543
180.169.147.146 - - [02/Jan/2024:11:14:01 +0800] "GET /xingrg/all/function/internal_message.html?_=1704165241199&CODE_STATE=getMsg HTTP/1.1" 200 27
180.169.147.146 - - [02/Jan/2024:11:14:01 +0800] "GET /xingrg/check_reg.html?_=1704165241202 HTTP/1.1" 200 22
222.69.134.55 - - [02/Jan/2024:11:14:03 +0800] "GET /xingrg/all/function/internal_message.html?_=1704165245216&CODE_STATE=getMsg HTTP/1.1" 200 27
101.83.145.37 - - [02/Jan/2024:11:14:10 +0800] "GET /xingrg/kc/mdqp/pssh_order_list.html?isBack=1 HTTP/1.1" 200 17932
101.83.145.37 - - [02/Jan/2024:11:14:11 +0800] "POST /xingrg/kc/mdqp/pssh_list_operate.html HTTP/1.1" 200 5433
124.78.154.219 - - [02/Jan/2024:11:14:12 +0800] "GET /xingrg/all/function/internal_message.html?_=1704165250845&CODE_STATE=getMsg HTTP/1.1" 200 27
114.83.218.109 - - [02/Jan/2024:11:14:16 +0800] "GET /xingrg/all/function/internal_message.html?_=1704165257328&CODE_STATE=getMsg HTTP/1.1" 200 27
58.39.110.191 - - [02/Jan/2024:11:14:17 +0800] "GET /xingrg/all/function/internal_message.html?_=1704165258241&CODE_STATE=getMsg HTTP/1.1" 200 27
101.83.145.37 - - [02/Jan/2024:11:14:17 +0800] "POST /xingrg/kc/mdqp/pssh_list_operate.html HTTP/1.1" 200 766
101.83.145.37 - - [02/Jan/2024:11:14:18 +0800] "GET /xingrg/check_reg.html?_=1704165258572 HTTP/1.1" 200 22
101.83.145.37 - - [02/Jan/2024:11:14:18 +0800] "GET /xingrg/all/function/internal_message.html?_=1704165258601&CODE_STATE=getMsg HTTP/1.1" 200 27
101.83.145.37 - - [02/Jan/2024:11:14:18 +0800] "POST /xingrg/kc/mdqp/pssh_list_operate.html HTTP/1.1" 200 1574
101.83.145.37 - - [02/Jan/2024:11:14:18 +0800] "GET /xingrg/kc/mdqp/pssh_order_info.html?code=312023122600563 HTTP/1.1" 200 14382
101.83.145.37 - - [02/Jan/2024:11:14:18 +0800] "GET /xingrg/javascript/jquery_tools/jquery-1.4.2.min.js HTTP/1.1" 404 1094
101.83.145.37 - - [02/Jan/2024:11:14:19 +0800] "GET /xingrg/javascript/easyui/themes/default/validatebox.css HTTP/1.1" 404 1104
101.83.145.37 - - [02/Jan/2024:11:14:19 +0800] "POST /xingrg/kc/mdqp/pssh_order_operate.html HTTP/1.1" 200 10032
120.253.135.82 - - [02/Jan/2024:11:14:22 +0800] "GET /xingrg/all/function/internal_message.html?_=1704165079714&CODE_STATE=getMsg HTTP/1.1" 200 27
180.152.241.252 - - [02/Jan/2024:11:14:24 +0800] "GET /xingrg/all/function/internal_message.html?_=1704165264235&CODE_STATE=getMsg HTTP/1.1" 200 27
180.152.241.252 - - [02/Jan/2024:11:14:25 +0800] "GET /xingrg/kc/base/wldb_order_operate.html?command=get_materiel&rest_code=00102&base_code=0010477&code=00102012040 HTTP/1.1" 200 452
180.164.1.25 - - [02/Jan/2024:11:14:28 +0800] "GET /xingrg/all/function/internal_message.html?_=1704165267874&CODE_STATE=getMsg HTTP/1.1" 200 27
116.232.193.168 - - [02/Jan/2024:11:14:28 +0800] "GET /xingrg/all/function/internal_message.html?_=1704165228042&CODE_STATE=getMsg HTTP/1.1" 200 27
114.85.37.70 - - [02/Jan/2024:11:14:31 +0800] "GET /xingrg/all/function/internal_message.html?_=1704163798101&CODE_STATE=getMsg HTTP/1.1" 200 27
101.83.145.37 - - [02/Jan/2024:11:14:35 +0800] "GET /xingrg/kc/mdqp/pssh_order_list.html?isBack=1 HTTP/1.1" 200 17932
101.83.145.37 - - [02/Jan/2024:11:14:35 +0800] "POST /xingrg/kc/mdqp/pssh_list_operate.html HTTP/1.1" 200 5433
