120.253.135.82 - - [02/Jan/2024:06:26:49 +0800] "POST /xingrg/kc/pszx/mdps_order_operate.html HTTP/1.1" 200 2271
120.253.135.82 - - [02/Jan/2024:06:26:51 +0800] "POST /xingrg/kc/pszx/mdps_order_operate.html HTTP/1.1" 200 37
120.253.135.82 - - [02/Jan/2024:06:26:52 +0800] "GET /xingrg/kc/pszx/mdps_order_info.html?code=312024010200058 HTTP/1.1" 200 23978
120.253.135.82 - - [02/Jan/2024:06:26:53 +0800] "GET /xingrg/javascript/easyui/themes/default/validatebox.css HTTP/1.1" 404 1104
120.253.135.82 - - [02/Jan/2024:06:26:54 +0800] "POST /xingrg/kc/pszx/mdps_order_operate.html HTTP/1.1" 200 2279
222.67.232.215 - - [02/Jan/2024:06:26:55 +0800] "GET /xingrg/all/function/internal_message.html?_=1704148015326&CODE_STATE=getMsg HTTP/1.1" 200 27
222.67.232.215 - - [02/Jan/2024:06:26:55 +0800] "GET /xingrg/check_reg.html?_=1704148015328 HTTP/1.1" 200 22
120.253.135.82 - - [02/Jan/2024:06:26:57 +0800] "POST /xingrg/kc/pszx/mdps_list_operate.html HTTP/1.1" 200 5036
120.253.135.82 - - [02/Jan/2024:06:26:59 +0800] "POST /xingrg/kc/pszx/mdps_list_operate.html HTTP/1.1" 200 232
120.253.135.82 - - [02/Jan/2024:06:27:00 +0800] "GET /xingrg/kc/pszx/mdps_order_info.html?code=312024010200055 HTTP/1.1" 200 23978
120.253.135.82 - - [02/Jan/2024:06:27:00 +0800] "GET /xingrg/javascript/easyui/themes/default/validatebox.css HTTP/1.1" 404 1104
120.253.135.82 - - [02/Jan/2024:06:27:01 +0800] "POST /xingrg/kc/pszx/mdps_order_operate.html HTTP/1.1" 200 2329
222.70.180.200 - - [02/Jan/2024:06:27:03 +0800] "GET /xingrg/all/function/internal_message.html?_=1704148020652&CODE_STATE=getMsg HTTP/1.1" 302 -
120.253.135.82 - - [02/Jan/2024:06:27:06 +0800] "GET /xingrg/kc/pszx/mdps_order_operate.html?command=get_materiel&pszx_code=00101&rest_code=00147&base_code=0010246&code=00101023018 HTTP/1.1" 200 422
120.253.135.82 - - [02/Jan/2024:06:27:08 +0800] "GET /xingrg/all/function/internal_message.html?_=1704147846399&CODE_STATE=getMsg HTTP/1.1" 200 27
120.253.135.82 - - [02/Jan/2024:06:27:12 +0800] "POST /xingrg/kc/pszx/mdps_order_operate.html HTTP/1.1" 200 37
120.253.135.82 - - [02/Jan/2024:06:27:13 +0800] "GET /xingrg/kc/pszx/mdps_order_info.html?code=312024010200055 HTTP/1.1" 200 23978
120.253.135.82 - - [02/Jan/2024:06:27:14 +0800] "GET /xingrg/javascript/easyui/themes/default/validatebox.css HTTP/1.1" 404 1104
120.253.135.82 - - [02/Jan/2024:06:27:14 +0800] "POST /xingrg/kc/pszx/mdps_order_operate.html HTTP/1.1" 200 2815
120.253.135.82 - - [02/Jan/2024:06:27:16 +0800] "POST /xingrg/kc/pszx/mdps_list_operate.html HTTP/1.1" 200 5037
120.253.135.82 - - [02/Jan/2024:06:27:18 +0800] "POST /xingrg/kc/pszx/mdps_list_operate.html HTTP/1.1" 200 205
120.253.135.82 - - [02/Jan/2024:06:27:19 +0800] "GET /xingrg/kc/pszx/mdps_order_info.html?code=312024010200058 HTTP/1.1" 200 23978
120.253.135.82 - - [02/Jan/2024:06:27:19 +0800] "GET /xingrg/javascript/easyui/themes/default/validatebox.css HTTP/1.1" 404 1104
120.253.135.82 - - [02/Jan/2024:06:27:20 +0800] "POST /xingrg/kc/pszx/mdps_order_operate.html HTTP/1.1" 200 2279
120.253.135.82 - - [02/Jan/2024:06:27:22 +0800] "POST /xingrg/kc/pszx/mdps_order_operate.html HTTP/1.1" 200 12
120.253.135.82 - - [02/Jan/2024:06:27:23 +0800] "POST /xingrg/kc/pszx/mdps_list_operate.html HTTP/1.1" 200 4665
120.253.135.82 - - [02/Jan/2024:06:27:24 +0800] "POST /xingrg/kc/pszx/mdps_list_operate.html HTTP/1.1" 200 211
116.230.112.67 - - [02/Jan/2024:06:27:25 +0800] "GET /xingrg/login.html HTTP/1.1" 200 7641
116.230.112.67 - - [02/Jan/2024:06:27:25 +0800] "GET /favicon.ico HTTP/1.1" 404 -
116.230.112.67 - - [02/Jan/2024:06:27:26 +0800] "POST /xingrg/services/DataTransmitService HTTP/1.1" 200 524
116.230.112.67 - - [02/Jan/2024:06:27:27 +0800] "POST /xingrg/services/DataTransmitService HTTP/1.1" 200 412
116.230.112.67 - - [02/Jan/2024:06:27:28 +0800] "POST /xingrg/login.do HTTP/1.1" 302 -
116.230.112.67 - - [02/Jan/2024:06:27:28 +0800] "GET /xingrg/index.html?sysBaseUrl=http%3A%2F%2F180.169.147.146%3A18081%2Fxingrg%2F&costTime=902×tamp=1704148048696 HTTP/1.1" 200 17179
116.230.112.67 - - [02/Jan/2024:06:27:28 +0800] "GET /xingrg/javascript/jquery_easy_ui/themes/default/easyui.css HTTP/1.1" 304 -
116.230.112.67 - - [02/Jan/2024:06:27:28 +0800] "GET /xingrg/javascript/jquery_easy_ui/themes/icon.css HTTP/1.1" 304 -
116.230.112.67 - - [02/Jan/2024:06:27:28 +0800] "GET /xingrg/css/form.css HTTP/1.1" 304 -
116.230.112.67 - - [02/Jan/2024:06:27:28 +0800] "GET /xingrg/javascript/jquery-1.4.2.min.js HTTP/1.1" 304 -
116.230.112.67 - - [02/Jan/2024:06:27:28 +0800] "GET /xingrg/javascript/jquery_easy_ui/jquery.easyui.min.js HTTP/1.1" 304 -
116.230.112.67 - - [02/Jan/2024:06:27:28 +0800] "GET /xingrg/javascript/jquery.utils.js HTTP/1.1" 304 -
116.230.112.67 - - [02/Jan/2024:06:27:28 +0800] "GET /xingrg/javascript/jquery.form.js HTTP/1.1" 304 -
116.230.112.67 - - [02/Jan/2024:06:27:28 +0800] "GET /xingrg/javascript/jquery_easy_ui/easyui-lang-zh_CN.js HTTP/1.1" 304 -
116.230.112.67 - - [02/Jan/2024:06:27:28 +0800] "GET /xingrg/javascript/jquery.timers.js HTTP/1.1" 304 -
116.230.112.67 - - [02/Jan/2024:06:27:28 +0800] "POST /xingrg/all/common/load_tree.html?tree=area_rest_tree_json&manage=1 HTTP/1.1" 200 479
116.230.112.67 - - [02/Jan/2024:06:27:29 +0800] "GET /xingrg/check_reg.html?_=1704148054039 HTTP/1.1" 200 22
116.230.112.67 - - [02/Jan/2024:06:27:29 +0800] "GET /favicon.ico HTTP/1.1" 404 -
116.230.112.67 - - [02/Jan/2024:06:27:29 +0800] "GET /xingrg/all/function/internal_message.html?_=1704148054038&CODE_STATE=count HTTP/1.1" 200 11
116.230.112.67 - - [02/Jan/2024:06:27:29 +0800] "POST /xingrg/load_menu.html HTTP/1.1" 200 5138
101.80.228.56 - - [02/Jan/2024:06:27:30 +0800] "POST /xingrg/services/DataTransmitService HTTP/1.1" 200 524
120.253.135.82 - - [02/Jan/2024:06:27:32 +0800] "GET /xingrg/kc/pszx/mdqp_order_list.html?state=10 HTTP/1.1" 200 10319
120.253.135.82 - - [02/Jan/2024:06:27:32 +0800] "GET /xingrg/dwr/interface/AjaxQqpsService.js HTTP/1.1" 200 16326
120.253.135.82 - - [02/Jan/2024:06:27:32 +0800] "GET /xingrg/dwr/interface/AjaxReportQueryService.js HTTP/1.1" 200 13203
120.253.135.82 - - [02/Jan/2024:06:27:32 +0800] "GET /xingrg/dwr/engine.js HTTP/1.1" 200 43631
116.230.112.67 - - [02/Jan/2024:06:27:34 +0800] "GET /xingrg/kc/buy/cgsh_order_list.html HTTP/1.1" 200 57118
116.230.112.67 - - [02/Jan/2024:06:27:34 +0800] "GET /xingrg/css/base.css HTTP/1.1" 304 -
116.230.112.67 - - [02/Jan/2024:06:27:34 +0800] "GET /xingrg/css/site.css HTTP/1.1" 304 -
116.230.112.67 - - [02/Jan/2024:06:27:34 +0800] "GET /xingrg/javascript/jquery_tools/datebox.css HTTP/1.1" 304 -
116.230.112.67 - - [02/Jan/2024:06:27:34 +0800] "GET /xingrg/javascript/easyui/themes/default/easyui.css HTTP/1.1" 304 -
116.230.112.67 - - [02/Jan/2024:06:27:34 +0800] "GET /xingrg/javascript/easyui/themes/icon.css HTTP/1.1" 304 -
116.230.112.67 - - [02/Jan/2024:06:27:34 +0800] "GET /xingrg/javascript/auto/jquery.autocomplete.css HTTP/1.1" 304 -
116.230.112.67 - - [02/Jan/2024:06:27:34 +0800] "GET /xingrg/javascript/jquery_tools/fix.css HTTP/1.1" 304 -
116.230.112.67 - - [02/Jan/2024:06:27:34 +0800] "GET /xingrg/javascript/jquery_tools/jquery.tools.hotkey.js HTTP/1.1" 304 -
116.230.112.67 - - [02/Jan/2024:06:27:34 +0800] "GET /xingrg/javascript/jquery_tools/table.css HTTP/1.1" 304 -
116.230.112.67 - - [02/Jan/2024:06:27:34 +0800] "GET /xingrg/javascript/jquery_tools/jquery.tools.min.js HTTP/1.1" 304 -
116.230.112.67 - - [02/Jan/2024:06:27:34 +0800] "GET /xingrg/javascript/jquery_tools/jquery.tools.table.js HTTP/1.1" 304 -
116.230.112.67 - - [02/Jan/2024:06:27:34 +0800] "GET /xingrg/javascript/jquery_tools/jquery.tools.extend.js HTTP/1.1" 304 -
116.230.112.67 - - [02/Jan/2024:06:27:34 +0800] "GET /xingrg/javascript/jquery_tools/list_manager.js HTTP/1.1" 304 -
116.230.112.67 - - [02/Jan/2024:06:27:34 +0800] "GET /xingrg/javascript/auto/jquery.autocomplete.js HTTP/1.1" 304 -
116.230.112.67 - - [02/Jan/2024:06:27:34 +0800] "GET /xingrg/javascript/easyui/easyloader.js HTTP/1.1" 304 -
116.230.112.67 - - [02/Jan/2024:06:27:34 +0800] "GET /xingrg/javascript/jquery.cookie.js HTTP/1.1" 304 -
116.230.112.67 - - [02/Jan/2024:06:27:34 +0800] "GET /xingrg/javascript/print/LodopFuncs.js HTTP/1.1" 304 -
116.230.112.67 - - [02/Jan/2024:06:27:35 +0800] "GET /xingrg/javascript/easyui/plugins/jquery.parser.js HTTP/1.1" 304 -
180.169.147.146 - - [02/Jan/2024:06:27:43 +0800] "GET /xingrg/all/function/internal_message.html?_=1704148063391&CODE_STATE=getMsg HTTP/1.1" 302 -
180.164.1.25 - - [02/Jan/2024:06:27:46 +0800] "GET /xingrg/all/function/internal_message.html?_=1704148066340&CODE_STATE=getMsg HTTP/1.1" 302 -
222.67.232.215 - - [02/Jan/2024:06:27:55 +0800] "GET /xingrg/all/function/internal_message.html?_=1704148075341&CODE_STATE=getMsg HTTP/1.1" 200 27
218.79.29.24 - - [02/Jan/2024:06:27:57 +0800] "GET /xingrg/check_reg.html?_=1704148079921 HTTP/1.1" 302 -
222.70.180.200 - - [02/Jan/2024:06:28:03 +0800] "GET /xingrg/all/function/internal_message.html?_=1704148080635&CODE_STATE=getMsg HTTP/1.1" 302 -
120.253.135.82 - - [02/Jan/2024:06:28:08 +0800] "GET /xingrg/all/function/internal_message.html?_=1704147906408&CODE_STATE=getMsg HTTP/1.1" 200 27
116.230.112.67 - - [02/Jan/2024:06:28:09 +0800] "POST /xingrg/kc/buy/cgsh_list_operate.html HTTP/1.1" 200 5945
116.230.112.67 - - [02/Jan/2024:06:28:29 +0800] "GET /xingrg/all/function/internal_message.html?_=1704148114052&CODE_STATE=getMsg HTTP/1.1" 200 27
180.169.147.146 - - [02/Jan/2024:06:28:43 +0800] "GET /xingrg/all/function/internal_message.html?_=1704148123393&CODE_STATE=getMsg HTTP/1.1" 302 -
180.164.1.25 - - [02/Jan/2024:06:28:46 +0800] "GET /xingrg/all/function/internal_message.html?_=1704148126352&CODE_STATE=getMsg HTTP/1.1" 302 -
222.67.232.215 - - [02/Jan/2024:06:28:55 +0800] "GET /xingrg/all/function/internal_message.html?_=1704148135332&CODE_STATE=getMsg HTTP/1.1" 200 27
120.253.135.82 - - [02/Jan/2024:06:29:00 +0800] "GET /xingrg/check_reg.html?_=1704147958234 HTTP/1.1" 200 22
222.70.180.200 - - [02/Jan/2024:06:29:03 +0800] "GET /xingrg/all/function/internal_message.html?_=1704148140619&CODE_STATE=getMsg HTTP/1.1" 302 -
120.253.135.82 - - [02/Jan/2024:06:29:08 +0800] "GET /xingrg/all/function/internal_message.html?_=1704147966421&CODE_STATE=getMsg HTTP/1.1" 200 27
222.70.180.200 - - [02/Jan/2024:06:29:21 +0800] "GET /xingrg/check_reg.html?_=1704148158919 HTTP/1.1" 302 -
116.230.112.67 - - [02/Jan/2024:06:29:29 +0800] "GET /xingrg/all/function/internal_message.html?_=1704148174065&CODE_STATE=getMsg HTTP/1.1" 200 27
180.169.147.146 - - [02/Jan/2024:06:29:43 +0800] "GET /xingrg/check_reg.html?_=1704148183376 HTTP/1.1" 302 -
180.169.147.146 - - [02/Jan/2024:06:29:43 +0800] "GET /xingrg/all/function/internal_message.html?_=1704148183379&CODE_STATE=getMsg HTTP/1.1" 302 -
180.164.1.25 - - [02/Jan/2024:06:29:46 +0800] "GET /xingrg/all/function/internal_message.html?_=1704148186339&CODE_STATE=getMsg HTTP/1.1" 302 -
222.67.232.215 - - [02/Jan/2024:06:29:55 +0800] "GET /xingrg/all/function/internal_message.html?_=1704148195325&CODE_STATE=getMsg HTTP/1.1" 200 27
222.70.180.200 - - [02/Jan/2024:06:30:03 +0800] "GET /xingrg/all/function/internal_message.html?_=1704148200604&CODE_STATE=getMsg HTTP/1.1" 302 -
120.253.135.82 - - [02/Jan/2024:06:30:08 +0800] "GET /xingrg/all/function/internal_message.html?_=1704148026435&CODE_STATE=getMsg HTTP/1.1" 200 27
116.230.112.67 - - [02/Jan/2024:06:30:29 +0800] "GET /xingrg/all/function/internal_message.html?_=1704148234082&CODE_STATE=getMsg HTTP/1.1" 200 27
180.169.147.146 - - [02/Jan/2024:06:30:43 +0800] "GET /xingrg/all/function/internal_message.html?_=1704148243397&CODE_STATE=getMsg HTTP/1.1" 302 -
180.164.1.25 - - [02/Jan/2024:06:30:46 +0800] "GET /xingrg/check_reg.html?_=1704148246348 HTTP/1.1" 302 -
180.164.1.25 - - [02/Jan/2024:06:30:46 +0800] "GET /xingrg/all/function/internal_message.html?_=1704148246351&CODE_STATE=getMsg HTTP/1.1" 302 -
222.67.232.215 - - [02/Jan/2024:06:30:55 +0800] "GET /xingrg/all/function/internal_message.html?_=1704148255339&CODE_STATE=getMsg HTTP/1.1" 200 27
222.70.180.200 - - [02/Jan/2024:06:31:03 +0800] "GET /xingrg/all/function/internal_message.html?_=1704148260588&CODE_STATE=getMsg HTTP/1.1" 302 -
120.253.135.82 - - [02/Jan/2024:06:31:09 +0800] "GET /xingrg/all/function/internal_message.html?_=1704148086678&CODE_STATE=getMsg HTTP/1.1" 200 27
116.230.112.67 - - [02/Jan/2024:06:31:29 +0800] "GET /xingrg/all/function/internal_message.html?_=1704148294092&CODE_STATE=getMsg HTTP/1.1" 200 27
180.169.147.146 - - [02/Jan/2024:06:31:43 +0800] "GET /xingrg/all/function/internal_message.html?_=1704148303371&CODE_STATE=getMsg HTTP/1.1" 302 -
180.164.1.25 - - [02/Jan/2024:06:31:46 +0800] "GET /xingrg/all/function/internal_message.html?_=1704148306352&CODE_STATE=getMsg HTTP/1.1" 302 -
222.67.232.215 - - [02/Jan/2024:06:31:55 +0800] "GET /xingrg/check_reg.html?_=1704148315335 HTTP/1.1" 200 22
222.67.232.215 - - [02/Jan/2024:06:31:55 +0800] "GET /xingrg/all/function/internal_message.html?_=1704148315337&CODE_STATE=getMsg HTTP/1.1" 200 27
222.70.180.200 - - [02/Jan/2024:06:32:03 +0800] "GET /xingrg/all/function/internal_message.html?_=1704148320572&CODE_STATE=getMsg HTTP/1.1" 302 -
120.253.135.82 - - [02/Jan/2024:06:32:09 +0800] "GET /xingrg/all/function/internal_message.html?_=1704148146711&CODE_STATE=getMsg HTTP/1.1" 200 27
116.230.112.67 - - [02/Jan/2024:06:32:29 +0800] "GET /xingrg/check_reg.html?_=1704148354044 HTTP/1.1" 200 22
116.230.112.67 - - [02/Jan/2024:06:32:29 +0800] "GET /xingrg/all/function/internal_message.html?_=1704148354107&CODE_STATE=getMsg HTTP/1.1" 200 27
180.169.147.146 - - [02/Jan/2024:06:32:43 +0800] "GET /xingrg/all/function/internal_message.html?_=1704148363383&CODE_STATE=getMsg HTTP/1.1" 302 -
180.164.1.25 - - [02/Jan/2024:06:32:46 +0800] "GET /xingrg/all/function/internal_message.html?_=1704148366347&CODE_STATE=getMsg HTTP/1.1" 302 -
222.67.232.215 - - [02/Jan/2024:06:32:55 +0800] "GET /xingrg/all/function/internal_message.html?_=1704148375328&CODE_STATE=getMsg HTTP/1.1" 200 27
218.79.29.24 - - [02/Jan/2024:06:32:57 +0800] "GET /xingrg/check_reg.html?_=1704148379906 HTTP/1.1" 302 -
222.70.180.200 - - [02/Jan/2024:06:33:03 +0800] "GET /xingrg/all/function/internal_message.html?_=1704148380581&CODE_STATE=getMsg HTTP/1.1" 302 -
120.253.135.82 - - [02/Jan/2024:06:33:09 +0800] "GET /xingrg/all/function/internal_message.html?_=1704148206972&CODE_STATE=getMsg HTTP/1.1" 200 27
120.253.135.82 - - [02/Jan/2024:06:33:21 +0800] "GET /xingrg/kc/report/report_main.html HTTP/1.1" 200 8599
120.253.135.82 - - [02/Jan/2024:06:33:21 +0800] "GET /xingrg/javascript/jquery_ui/themes/humanity/humanity.css HTTP/1.1" 304 -
120.253.135.82 - - [02/Jan/2024:06:33:23 +0800] "GET /xingrg/kc/base/kc_stocks.html HTTP/1.1" 200 16554
120.253.135.82 - - [02/Jan/2024:06:33:23 +0800] "GET /xingrg/javascript/easyui/themes/sunny/easyui.css HTTP/1.1" 304 -
120.253.135.82 - - [02/Jan/2024:06:33:24 +0800] "GET /xingrg/javascript/easyui/plugins/jquery.draggable.js HTTP/1.1" 304 -
120.253.135.82 - - [02/Jan/2024:06:33:24 +0800] "GET /xingrg/javascript/easyui/plugins/jquery.droppable.js HTTP/1.1" 304 -
120.253.135.82 - - [02/Jan/2024:06:33:24 +0800] "GET /xingrg/javascript/easyui/themes/default/tree.css HTTP/1.1" 404 1090
120.253.135.82 - - [02/Jan/2024:06:33:24 +0800] "GET /xingrg/javascript/easyui/plugins/jquery.tree.js HTTP/1.1" 304 -
120.253.135.82 - - [02/Jan/2024:06:33:24 +0800] "POST /xingrg/all/common/load_tree.html?tree=materiel_sort_tree_json HTTP/1.1" 200 9617
120.253.135.82 - - [02/Jan/2024:06:33:25 +0800] "POST /xingrg/all/common/load_combo.html?type=base HTTP/1.1" 200 1169
116.230.112.67 - - [02/Jan/2024:06:33:29 +0800] "GET /xingrg/all/function/internal_message.html?_=1704148414120&CODE_STATE=getMsg HTTP/1.1" 200 27
120.253.135.82 - - [02/Jan/2024:06:33:36 +0800] "POST /xingrg/kc/base/stock_operate.html HTTP/1.1" 200 1481
120.253.135.82 - - [02/Jan/2024:06:33:36 +0800] "GET /xingrg/javascript/jquery_tools/fix_table.js HTTP/1.1" 304 -
180.169.147.146 - - [02/Jan/2024:06:33:43 +0800] "GET /xingrg/all/function/internal_message.html?_=1704148423384&CODE_STATE=getMsg HTTP/1.1" 302 -
180.164.1.25 - - [02/Jan/2024:06:33:46 +0800] "GET /xingrg/all/function/internal_message.html?_=1704148426344&CODE_STATE=getMsg HTTP/1.1" 302 -
222.67.232.215 - - [02/Jan/2024:06:33:55 +0800] "GET /xingrg/all/function/internal_message.html?_=1704148435328&CODE_STATE=getMsg HTTP/1.1" 200 27
120.253.135.82 - - [02/Jan/2024:06:34:00 +0800] "GET /xingrg/check_reg.html?_=1704148258240 HTTP/1.1" 200 22
222.70.180.200 - - [02/Jan/2024:06:34:03 +0800] "GET /xingrg/all/function/internal_message.html?_=1704148440565&CODE_STATE=getMsg HTTP/1.1" 302 -
120.253.135.82 - - [02/Jan/2024:06:34:09 +0800] "GET /xingrg/all/function/internal_message.html?_=1704148266972&CODE_STATE=getMsg HTTP/1.1" 200 27
222.70.180.200 - - [02/Jan/2024:06:34:21 +0800] "GET /xingrg/check_reg.html?_=1704148458942 HTTP/1.1" 302 -
116.230.112.67 - - [02/Jan/2024:06:34:28 +0800] "POST /xingrg/kc/buy/cgsh_list_operate.html HTTP/1.1" 200 4
180.169.147.146 - - [02/Jan/2024:06:34:43 +0800] "GET /xingrg/check_reg.html?_=1704148483383 HTTP/1.1" 302 -
180.169.147.146 - - [02/Jan/2024:06:34:43 +0800] "GET /xingrg/all/function/internal_message.html?_=1704148483386&CODE_STATE=getMsg HTTP/1.1" 302 -
180.164.1.25 - - [02/Jan/2024:06:34:46 +0800] "GET /xingrg/all/function/internal_message.html?_=1704148486343&CODE_STATE=getMsg HTTP/1.1" 302 -
222.67.232.215 - - [02/Jan/2024:06:34:55 +0800] "GET /xingrg/all/function/internal_message.html?_=1704148495320&CODE_STATE=getMsg HTTP/1.1" 200 27
222.70.180.200 - - [02/Jan/2024:06:35:03 +0800] "GET /xingrg/all/function/internal_message.html?_=1704148500549&CODE_STATE=getMsg HTTP/1.1" 302 -
120.253.135.82 - - [02/Jan/2024:06:35:09 +0800] "GET /xingrg/all/function/internal_message.html?_=1704148326986&CODE_STATE=getMsg HTTP/1.1" 200 27
180.169.147.146 - - [02/Jan/2024:06:35:43 +0800] "GET /xingrg/all/function/internal_message.html?_=1704148543380&CODE_STATE=getMsg HTTP/1.1" 302 -
218.81.65.124 - - [02/Jan/2024:06:35:46 +0800] "POST /xingrg/services/DataTransmitService HTTP/1.1" 200 524
180.164.1.25 - - [02/Jan/2024:06:35:46 +0800] "GET /xingrg/all/function/internal_message.html?_=1704148546337&CODE_STATE=getMsg HTTP/1.1" 302 -
180.164.1.25 - - [02/Jan/2024:06:35:46 +0800] "GET /xingrg/check_reg.html?_=1704148546339 HTTP/1.1" 302 -
222.67.232.215 - - [02/Jan/2024:06:35:55 +0800] "GET /xingrg/all/function/internal_message.html?_=1704148555330&CODE_STATE=getMsg HTTP/1.1" 200 27
222.70.180.200 - - [02/Jan/2024:06:36:03 +0800] "GET /xingrg/all/function/internal_message.html?_=1704148560532&CODE_STATE=getMsg HTTP/1.1" 302 -
120.253.135.82 - - [02/Jan/2024:06:36:09 +0800] "GET /xingrg/all/function/internal_message.html?_=1704148387231&CODE_STATE=getMsg HTTP/1.1" 200 27
180.169.147.146 - - [02/Jan/2024:06:36:43 +0800] "GET /xingrg/all/function/internal_message.html?_=1704148603385&CODE_STATE=getMsg HTTP/1.1" 302 -
180.164.1.25 - - [02/Jan/2024:06:36:46 +0800] "GET /xingrg/all/function/internal_message.html?_=1704148606354&CODE_STATE=getMsg HTTP/1.1" 302 -
222.67.232.215 - - [02/Jan/2024:06:36:55 +0800] "GET /xingrg/all/function/internal_message.html?_=1704148615319&CODE_STATE=getMsg HTTP/1.1" 200 27
222.67.232.215 - - [02/Jan/2024:06:36:55 +0800] "GET /xingrg/check_reg.html?_=1704148615321 HTTP/1.1" 200 22
222.70.180.200 - - [02/Jan/2024:06:37:03 +0800] "GET /xingrg/all/function/internal_message.html?_=1704148620516&CODE_STATE=getMsg HTTP/1.1" 302 -
120.253.135.82 - - [02/Jan/2024:06:37:09 +0800] "GET /xingrg/all/function/internal_message.html?_=1704148447231&CODE_STATE=getMsg HTTP/1.1" 200 27
116.230.112.67 - - [02/Jan/2024:06:37:28 +0800] "POST /xingrg/services/DataTransmitService HTTP/1.1" 200 524
116.230.112.67 - - [02/Jan/2024:06:37:29 +0800] "POST /xingrg/services/DataTransmitService HTTP/1.1" 200 412
180.169.147.146 - - [02/Jan/2024:06:37:43 +0800] "GET /xingrg/all/function/internal_message.html?_=1704148663373&CODE_STATE=getMsg HTTP/1.1" 302 -
180.164.1.25 - - [02/Jan/2024:06:37:46 +0800] "GET /xingrg/all/function/internal_message.html?_=1704148666354&CODE_STATE=getMsg HTTP/1.1" 302 -
222.67.232.215 - - [02/Jan/2024:06:37:55 +0800] "GET /xingrg/all/function/internal_message.html?_=1704148675324&CODE_STATE=getMsg HTTP/1.1" 200 27
218.79.29.24 - - [02/Jan/2024:06:37:57 +0800] "GET /xingrg/check_reg.html?_=1704148679879 HTTP/1.1" 302 -
222.70.180.200 - - [02/Jan/2024:06:38:03 +0800] "GET /xingrg/all/function/internal_message.html?_=1704148680499&CODE_STATE=getMsg HTTP/1.1" 302 -
120.253.135.82 - - [02/Jan/2024:06:38:09 +0800] "GET /xingrg/all/function/internal_message.html?_=1704148507475&CODE_STATE=getMsg HTTP/1.1" 200 27
180.169.147.146 - - [02/Jan/2024:06:38:43 +0800] "GET /xingrg/all/function/internal_message.html?_=1704148723399&CODE_STATE=getMsg HTTP/1.1" 302 -
180.164.1.25 - - [02/Jan/2024:06:38:46 +0800] "GET /xingrg/all/function/internal_message.html?_=1704148726355&CODE_STATE=getMsg HTTP/1.1" 302 -
222.67.232.215 - - [02/Jan/2024:06:38:55 +0800] "GET /xingrg/all/function/internal_message.html?_=1704148735314&CODE_STATE=getMsg HTTP/1.1" 200 27
120.253.135.82 - - [02/Jan/2024:06:39:00 +0800] "GET /xingrg/check_reg.html?_=1704148558241 HTTP/1.1" 200 22
222.70.180.200 - - [02/Jan/2024:06:39:03 +0800] "GET /xingrg/all/function/internal_message.html?_=1704148740484&CODE_STATE=getMsg HTTP/1.1" 302 -
120.253.135.82 - - [02/Jan/2024:06:39:09 +0800] "GET /xingrg/all/function/internal_message.html?_=1704148567477&CODE_STATE=getMsg HTTP/1.1" 200 27
222.70.180.200 - - [02/Jan/2024:06:39:21 +0800] "GET /xingrg/check_reg.html?_=1704148758940 HTTP/1.1" 302 -
116.230.112.67 - - [02/Jan/2024:06:39:29 +0800] "GET /xingrg/all/function/internal_message.html?_=1704148774201&CODE_STATE=getMsg HTTP/1.1" 200 27
116.230.112.67 - - [02/Jan/2024:06:39:40 +0800] "POST /xingrg/kc/buy/cgsh_list_operate.html HTTP/1.1" 200 5362
180.169.147.146 - - [02/Jan/2024:06:39:43 +0800] "GET /xingrg/check_reg.html?_=1704148783387 HTTP/1.1" 302 -
180.169.147.146 - - [02/Jan/2024:06:39:43 +0800] "GET /xingrg/all/function/internal_message.html?_=1704148783392&CODE_STATE=getMsg HTTP/1.1" 302 -
180.164.1.25 - - [02/Jan/2024:06:39:46 +0800] "GET /xingrg/all/function/internal_message.html?_=1704148786354&CODE_STATE=getMsg HTTP/1.1" 302 -
116.230.112.67 - - [02/Jan/2024:06:39:48 +0800] "GET /xingrg/check_reg.html?_=1704148793358 HTTP/1.1" 200 22
116.232.193.168 - - [02/Jan/2024:06:39:49 +0800] "POST /xingrg/services/DataTransmitService HTTP/1.1" 200 524
222.67.232.215 - - [02/Jan/2024:06:39:55 +0800] "GET /xingrg/all/function/internal_message.html?_=1704148795326&CODE_STATE=getMsg HTTP/1.1" 200 27
222.70.180.200 - - [02/Jan/2024:06:40:03 +0800] "GET /xingrg/all/function/internal_message.html?_=1704148800470&CODE_STATE=getMsg HTTP/1.1" 302 -
120.253.135.82 - - [02/Jan/2024:06:40:09 +0800] "GET /xingrg/all/function/internal_message.html?_=1704148627490&CODE_STATE=getMsg HTTP/1.1" 200 27
116.230.112.67 - - [02/Jan/2024:06:40:29 +0800] "GET /xingrg/all/function/internal_message.html?_=1704148834216&CODE_STATE=getMsg HTTP/1.1" 200 27
116.230.112.67 - - [02/Jan/2024:06:40:39 +0800] "POST /xingrg/kc/buy/cgsh_list_operate.html HTTP/1.1" 200 4
180.169.147.146 - - [02/Jan/2024:06:40:43 +0800] "GET /xingrg/all/function/internal_message.html?_=1704148843381&CODE_STATE=getMsg HTTP/1.1" 302 -
116.230.112.67 - - [02/Jan/2024:06:40:44 +0800] "POST /xingrg/kc/buy/cgsh_list_operate.html HTTP/1.1" 200 986
180.164.1.25 - - [02/Jan/2024:06:40:46 +0800] "GET /xingrg/check_reg.html?_=1704148846343 HTTP/1.1" 302 -
180.164.1.25 - - [02/Jan/2024:06:40:46 +0800] "GET /xingrg/all/function/internal_message.html?_=1704148846344&CODE_STATE=getMsg HTTP/1.1" 302 -
222.67.232.215 - - [02/Jan/2024:06:40:55 +0800] "GET /xingrg/all/function/internal_message.html?_=1704148855320&CODE_STATE=getMsg HTTP/1.1" 200 27
222.70.180.200 - - [02/Jan/2024:06:41:03 +0800] "GET /xingrg/all/function/internal_message.html?_=1704148860454&CODE_STATE=getMsg HTTP/1.1" 302 -
120.253.135.82 - - [02/Jan/2024:06:41:10 +0800] "GET /xingrg/all/function/internal_message.html?_=1704148687821&CODE_STATE=getMsg HTTP/1.1" 200 27
114.83.218.109 - - [02/Jan/2024:06:41:18 +0800] "POST /xingrg/services/DataTransmitService HTTP/1.1" 200 524
116.230.112.67 - - [02/Jan/2024:06:41:25 +0800] "GET /xingrg/kc/buy/cgsh_order_list.html HTTP/1.1" 200 57118
116.230.112.67 - - [02/Jan/2024:06:41:27 +0800] "POST /xingrg/kc/buy/cgsh_list_operate.html HTTP/1.1" 200 986
116.230.112.67 - - [02/Jan/2024:06:41:27 +0800] "GET /xingrg/kc/base/wldb_order_list.html HTTP/1.1" 200 19060
116.230.112.67 - - [02/Jan/2024:06:41:28 +0800] "POST /xingrg/kc/base/wldb_list_operate.html HTTP/1.1" 200 928
116.230.112.67 - - [02/Jan/2024:06:41:29 +0800] "GET /xingrg/all/function/internal_message.html?_=1704148894228&CODE_STATE=getMsg HTTP/1.1" 200 27
116.230.112.67 - - [02/Jan/2024:06:41:30 +0800] "GET /xingrg/kc/base/wldb_order_add.html HTTP/1.1" 200 30391
116.230.112.67 - - [02/Jan/2024:06:41:30 +0800] "GET /xingrg/javascript/pic_change.js HTTP/1.1" 304 -
116.230.112.67 - - [02/Jan/2024:06:41:30 +0800] "GET /xingrg/javascript/jquery_tools/order_manager.js HTTP/1.1" 304 -
116.230.112.67 - - [02/Jan/2024:06:41:30 +0800] "GET /xingrg/javascript/json2.js HTTP/1.1" 304 -
116.230.112.67 - - [02/Jan/2024:06:41:30 +0800] "GET /xingrg/javascript/convert.js HTTP/1.1" 304 -
116.230.112.67 - - [02/Jan/2024:06:41:30 +0800] "GET /xingrg/javascript/print/kc_print.js HTTP/1.1" 304 -
116.230.112.67 - - [02/Jan/2024:06:41:30 +0800] "GET /xingrg/words/20231231140250_words.js HTTP/1.1" 304 -
116.230.112.67 - - [02/Jan/2024:06:41:30 +0800] "POST /xingrg/kc/base/wldb_order_operate.html HTTP/1.1" 200 6806
116.230.112.67 - - [02/Jan/2024:06:41:31 +0800] "GET /xingrg/all/common/auto_word.html?type=base&rest_code=00146 HTTP/1.1" 200 1799
116.230.112.67 - - [02/Jan/2024:06:41:31 +0800] "GET /xingrg/all/common/auto_word.html?type=base&rest_code=00146 HTTP/1.1" 200 1799
116.230.112.67 - - [02/Jan/2024:06:41:31 +0800] "GET /xingrg/javascript/easyui/plugins/jquery.validatebox.js HTTP/1.1" 304 -
116.230.112.67 - - [02/Jan/2024:06:41:31 +0800] "GET /xingrg/javascript/easyui/themes/default/validatebox.css HTTP/1.1" 404 1104
116.230.112.67 - - [02/Jan/2024:06:41:31 +0800] "GET /xingrg/javascript/easyui/plugins/jquery.numberbox.js HTTP/1.1" 304 -
116.230.112.67 - - [02/Jan/2024:06:41:38 +0800] "GET /xingrg/javascript/auto/indicator.gif HTTP/1.1" 404 1066
180.169.147.146 - - [02/Jan/2024:06:41:43 +0800] "GET /xingrg/all/function/internal_message.html?_=1704148903395&CODE_STATE=getMsg HTTP/1.1" 302 -
116.230.112.67 - - [02/Jan/2024:06:41:43 +0800] "GET /xingrg/javascript/jquery_tools/images/prev.gif HTTP/1.1" 404 1086
116.230.112.67 - - [02/Jan/2024:06:41:43 +0800] "GET /xingrg/javascript/jquery_tools/images/next.gif HTTP/1.1" 404 1086
180.164.1.25 - - [02/Jan/2024:06:41:46 +0800] "GET /xingrg/all/function/internal_message.html?_=1704148906344&CODE_STATE=getMsg HTTP/1.1" 302 -
222.67.232.215 - - [02/Jan/2024:06:41:55 +0800] "GET /xingrg/check_reg.html?_=1704148915316 HTTP/1.1" 200 22
222.67.232.215 - - [02/Jan/2024:06:41:55 +0800] "GET /xingrg/all/function/internal_message.html?_=1704148915317&CODE_STATE=getMsg HTTP/1.1" 200 27
222.70.180.200 - - [02/Jan/2024:06:42:03 +0800] "GET /xingrg/all/function/internal_message.html?_=1704148920438&CODE_STATE=getMsg HTTP/1.1" 302 -
120.253.135.82 - - [02/Jan/2024:06:42:10 +0800] "GET /xingrg/all/function/internal_message.html?_=1704148747829&CODE_STATE=getMsg HTTP/1.1" 200 27
116.230.112.67 - - [02/Jan/2024:06:42:29 +0800] "GET /xingrg/all/function/internal_message.html?_=1704148954242&CODE_STATE=getMsg HTTP/1.1" 200 27
180.169.147.146 - - [02/Jan/2024:06:42:43 +0800] "GET /xingrg/all/function/internal_message.html?_=1704148963385&CODE_STATE=getMsg HTTP/1.1" 302 -
180.164.1.25 - - [02/Jan/2024:06:42:46 +0800] "GET /xingrg/all/function/internal_message.html?_=1704148966340&CODE_STATE=getMsg HTTP/1.1" 302 -
222.67.232.215 - - [02/Jan/2024:06:42:55 +0800] "GET /xingrg/all/function/internal_message.html?_=1704148975324&CODE_STATE=getMsg HTTP/1.1" 200 27
218.79.29.24 - - [02/Jan/2024:06:42:57 +0800] "GET /xingrg/check_reg.html?_=1704148979867 HTTP/1.1" 302 -
222.70.180.200 - - [02/Jan/2024:06:43:03 +0800] "GET /xingrg/all/function/internal_message.html?_=1704148980422&CODE_STATE=getMsg HTTP/1.1" 302 -
120.253.135.82 - - [02/Jan/2024:06:43:10 +0800] "GET /xingrg/all/function/internal_message.html?_=1704148808049&CODE_STATE=getMsg HTTP/1.1" 200 27
116.230.112.67 - - [02/Jan/2024:06:43:29 +0800] "GET /xingrg/all/function/internal_message.html?_=1704149014256&CODE_STATE=getMsg HTTP/1.1" 200 27
180.169.147.146 - - [02/Jan/2024:06:43:43 +0800] "GET /xingrg/all/function/internal_message.html?_=1704149023383&CODE_STATE=getMsg HTTP/1.1" 302 -
180.164.1.25 - - [02/Jan/2024:06:43:46 +0800] "GET /xingrg/all/function/internal_message.html?_=1704149026356&CODE_STATE=getMsg HTTP/1.1" 302 -
222.67.232.215 - - [02/Jan/2024:06:43:55 +0800] "GET /xingrg/all/function/internal_message.html?_=1704149035323&CODE_STATE=getMsg HTTP/1.1" 200 27
120.253.135.82 - - [02/Jan/2024:06:44:00 +0800] "GET /xingrg/check_reg.html?_=1704148858252 HTTP/1.1" 200 22
222.70.180.200 - - [02/Jan/2024:06:44:03 +0800] "GET /xingrg/all/function/internal_message.html?_=1704149040406&CODE_STATE=getMsg HTTP/1.1" 302 -
120.253.135.82 - - [02/Jan/2024:06:44:10 +0800] "GET /xingrg/all/function/internal_message.html?_=1704148868060&CODE_STATE=getMsg HTTP/1.1" 200 27
222.70.180.200 - - [02/Jan/2024:06:44:21 +0800] "GET /xingrg/check_reg.html?_=1704149058940 HTTP/1.1" 302 -
116.230.112.67 - - [02/Jan/2024:06:44:29 +0800] "GET /xingrg/all/function/internal_message.html?_=1704149074270&CODE_STATE=getMsg HTTP/1.1" 200 27
116.230.112.67 - - [02/Jan/2024:06:44:40 +0800] "GET /xingrg/kc/base/wldb_order_operate.html?command=get_materiel&rest_code=00146&base_code=0010064&code=00102002448 HTTP/1.1" 200 439
180.169.147.146 - - [02/Jan/2024:06:44:43 +0800] "GET /xingrg/all/function/internal_message.html?_=1704149083376&CODE_STATE=getMsg HTTP/1.1" 302 -
180.169.147.146 - - [02/Jan/2024:06:44:43 +0800] "GET /xingrg/check_reg.html?_=1704149083379 HTTP/1.1" 302 -
180.164.1.25 - - [02/Jan/2024:06:44:46 +0800] "GET /xingrg/all/function/internal_message.html?_=1704149086351&CODE_STATE=getMsg HTTP/1.1" 302 -
116.230.112.67 - - [02/Jan/2024:06:44:48 +0800] "GET /xingrg/check_reg.html?_=1704149093367 HTTP/1.1" 200 22
222.67.232.215 - - [02/Jan/2024:06:44:55 +0800] "GET /xingrg/all/function/internal_message.html?_=1704149095323&CODE_STATE=getMsg HTTP/1.1" 200 27
116.230.112.67 - - [02/Jan/2024:06:45:01 +0800] "GET /xingrg/kc/base/wldb_order_operate.html?command=get_materiel&rest_code=00146&base_code=0010064&code=00102002574 HTTP/1.1" 200 447
222.70.180.200 - - [02/Jan/2024:06:45:03 +0800] "GET /xingrg/all/function/internal_message.html?_=1704149100390&CODE_STATE=getMsg HTTP/1.1" 302 -
116.230.112.67 - - [02/Jan/2024:06:45:07 +0800] "GET /xingrg/kc/base/wldb_order_operate.html?command=get_materiel&rest_code=00146&base_code=0010064&code=00102002025 HTTP/1.1" 200 453
120.253.135.82 - - [02/Jan/2024:06:45:10 +0800] "GET /xingrg/all/function/internal_message.html?_=1704148928074&CODE_STATE=getMsg HTTP/1.1" 200 27
116.230.112.67 - - [02/Jan/2024:06:45:29 +0800] "GET /xingrg/all/function/internal_message.html?_=1704149134283&CODE_STATE=getMsg HTTP/1.1" 200 27
116.230.112.67 - - [02/Jan/2024:06:45:31 +0800] "GET /xingrg/kc/base/wldb_order_operate.html?command=get_materiel&rest_code=00146&base_code=0010064&code=00102002347 HTTP/1.1" 200 457
180.169.147.146 - - [02/Jan/2024:06:45:43 +0800] "GET /xingrg/all/function/internal_message.html?_=1704149143389&CODE_STATE=getMsg HTTP/1.1" 302 -
180.164.1.25 - - [02/Jan/2024:06:45:46 +0800] "GET /xingrg/check_reg.html?_=1704149146346 HTTP/1.1" 302 -
180.164.1.25 - - [02/Jan/2024:06:45:46 +0800] "GET /xingrg/all/function/internal_message.html?_=1704149146347&CODE_STATE=getMsg HTTP/1.1" 302 -
116.230.112.67 - - [02/Jan/2024:06:45:47 +0800] "GET /xingrg/kc/base/wldb_order_operate.html?command=get_materiel&rest_code=00146&base_code=0010064&code=00102004030 HTTP/1.1" 200 442
222.67.232.215 - - [02/Jan/2024:06:45:55 +0800] "GET /xingrg/all/function/internal_message.html?_=1704149155314&CODE_STATE=getMsg HTTP/1.1" 200 27
222.70.180.200 - - [02/Jan/2024:06:46:03 +0800] "GET /xingrg/all/function/internal_message.html?_=1704149160374&CODE_STATE=getMsg HTTP/1.1" 302 -
116.230.112.67 - - [02/Jan/2024:06:46:07 +0800] "GET /xingrg/kc/base/wldb_order_operate.html?command=get_materiel&rest_code=00146&base_code=0010064&code=00102004006 HTTP/1.1" 200 442
120.253.135.82 - - [02/Jan/2024:06:46:10 +0800] "GET /xingrg/all/function/internal_message.html?_=1704148988387&CODE_STATE=getMsg HTTP/1.1" 200 27
116.230.112.67 - - [02/Jan/2024:06:46:25 +0800] "GET /xingrg/kc/base/wldb_order_operate.html?command=get_materiel&rest_code=00146&base_code=0010064&code=00102002204 HTTP/1.1" 200 447
116.230.112.67 - - [02/Jan/2024:06:46:29 +0800] "GET /xingrg/all/function/internal_message.html?_=1704149194297&CODE_STATE=getMsg HTTP/1.1" 200 27
116.230.112.67 - - [02/Jan/2024:06:46:35 +0800] "GET /xingrg/kc/base/wldb_order_operate.html?command=get_materiel&rest_code=00146&base_code=0010064&code=00102002118 HTTP/1.1" 200 466
180.169.147.146 - - [02/Jan/2024:06:46:43 +0800] "GET /xingrg/all/function/internal_message.html?_=1704149203384&CODE_STATE=getMsg HTTP/1.1" 302 -
180.164.1.25 - - [02/Jan/2024:06:46:46 +0800] "GET /xingrg/all/function/internal_message.html?_=1704149206341&CODE_STATE=getMsg HTTP/1.1" 302 -
116.230.112.67 - - [02/Jan/2024:06:46:48 +0800] "POST /xingrg/kc/base/wldb_order_operate.html HTTP/1.1" 200 37
116.230.112.67 - - [02/Jan/2024:06:46:54 +0800] "POST /xingrg/kc/base/wldb_order_operate.html HTTP/1.1" 200 12
116.230.112.67 - - [02/Jan/2024:06:46:54 +0800] "POST /xingrg/kc/base/wldb_order_operate.html HTTP/1.1" 200 4649
222.67.232.215 - - [02/Jan/2024:06:46:55 +0800] "GET /xingrg/check_reg.html?_=1704149215326 HTTP/1.1" 200 22
222.67.232.215 - - [02/Jan/2024:06:46:55 +0800] "GET /xingrg/all/function/internal_message.html?_=1704149215328&CODE_STATE=getMsg HTTP/1.1" 200 27
222.70.180.200 - - [02/Jan/2024:06:47:03 +0800] "GET /xingrg/all/function/internal_message.html?_=1704149220359&CODE_STATE=getMsg HTTP/1.1" 302 -
120.253.135.82 - - [02/Jan/2024:06:47:10 +0800] "GET /xingrg/all/function/internal_message.html?_=1704149048396&CODE_STATE=getMsg HTTP/1.1" 200 27
116.230.112.67 - - [02/Jan/2024:06:47:29 +0800] "POST /xingrg/services/DataTransmitService HTTP/1.1" 200 524
116.230.112.67 - - [02/Jan/2024:06:47:30 +0800] "POST /xingrg/services/DataTransmitService HTTP/1.1" 200 412
180.169.147.146 - - [02/Jan/2024:06:47:43 +0800] "GET /xingrg/all/function/internal_message.html?_=1704149263380&CODE_STATE=getMsg HTTP/1.1" 302 -
116.230.112.67 - - [02/Jan/2024:06:47:45 +0800] "GET /xingrg/kc/base/wldb_order_info.html?code=422024010200123 HTTP/1.1" 200 26270
180.164.1.25 - - [02/Jan/2024:06:47:46 +0800] "GET /xingrg/all/function/internal_message.html?_=1704149266333&CODE_STATE=getMsg HTTP/1.1" 302 -
116.230.112.67 - - [02/Jan/2024:06:47:46 +0800] "GET /xingrg/javascript/easyui/themes/default/validatebox.css HTTP/1.1" 404 1104
116.230.112.67 - - [02/Jan/2024:06:47:46 +0800] "GET /xingrg/all/function/internal_message.html?_=1704149271670&CODE_STATE=getMsg HTTP/1.1" 200 27
116.230.112.67 - - [02/Jan/2024:06:47:46 +0800] "POST /xingrg/kc/base/wldb_order_operate.html HTTP/1.1" 200 2886
116.230.112.67 - - [02/Jan/2024:06:47:54 +0800] "GET /xingrg/kc/base/wldb_order_add.html HTTP/1.1" 200 30391
116.230.112.67 - - [02/Jan/2024:06:47:55 +0800] "POST /xingrg/kc/base/wldb_order_operate.html HTTP/1.1" 200 6806
222.67.232.215 - - [02/Jan/2024:06:47:55 +0800] "GET /xingrg/all/function/internal_message.html?_=1704149275329&CODE_STATE=getMsg HTTP/1.1" 200 27
116.230.112.67 - - [02/Jan/2024:06:47:55 +0800] "GET /xingrg/javascript/easyui/themes/default/validatebox.css HTTP/1.1" 404 1104
218.79.29.24 - - [02/Jan/2024:06:47:57 +0800] "GET /xingrg/check_reg.html?_=1704149279847 HTTP/1.1" 302 -
222.70.180.200 - - [02/Jan/2024:06:48:03 +0800] "GET /xingrg/all/function/internal_message.html?_=1704149280329&CODE_STATE=getMsg HTTP/1.1" 302 -
116.230.112.67 - - [02/Jan/2024:06:48:09 +0800] "GET /xingrg/kc/base/wldb_order_operate.html?command=get_materiel&rest_code=00146&base_code=0010063&code=00101019544 HTTP/1.1" 200 473
120.253.135.82 - - [02/Jan/2024:06:48:10 +0800] "GET /xingrg/all/function/internal_message.html?_=1704149108635&CODE_STATE=getMsg HTTP/1.1" 200 27
116.230.112.67 - - [02/Jan/2024:06:48:16 +0800] "GET /xingrg/kc/base/wldb_order_operate.html?command=get_materiel&rest_code=00146&base_code=0010063&code=00101019425 HTTP/1.1" 200 458
116.230.112.67 - - [02/Jan/2024:06:48:27 +0800] "GET /xingrg/kc/base/wldb_order_operate.html?command=get_materiel&rest_code=00146&base_code=0010063&code=00101016076 HTTP/1.1" 200 477
116.230.112.67 - - [02/Jan/2024:06:48:37 +0800] "GET /xingrg/kc/base/wldb_order_operate.html?command=get_materiel&rest_code=00146&base_code=0010063&code=00101016094 HTTP/1.1" 200 468
180.169.147.146 - - [02/Jan/2024:06:48:43 +0800] "GET /xingrg/all/function/internal_message.html?_=1704149323397&CODE_STATE=getMsg HTTP/1.1" 302 -
180.164.1.25 - - [02/Jan/2024:06:48:46 +0800] "GET /xingrg/all/function/internal_message.html?_=1704149326343&CODE_STATE=getMsg HTTP/1.1" 302 -
116.230.112.67 - - [02/Jan/2024:06:48:46 +0800] "GET /xingrg/all/function/internal_message.html?_=1704149331671&CODE_STATE=getMsg HTTP/1.1" 200 27
116.230.112.67 - - [02/Jan/2024:06:48:47 +0800] "GET /xingrg/kc/base/wldb_order_operate.html?command=get_materiel&rest_code=00146&base_code=0010063&code=00101019438 HTTP/1.1" 200 462
222.67.232.215 - - [02/Jan/2024:06:48:55 +0800] "GET /xingrg/all/function/internal_message.html?_=1704149335328&CODE_STATE=getMsg HTTP/1.1" 200 27
120.253.135.82 - - [02/Jan/2024:06:49:00 +0800] "GET /xingrg/check_reg.html?_=1704149158253 HTTP/1.1" 200 22
222.70.180.200 - - [02/Jan/2024:06:49:03 +0800] "GET /xingrg/all/function/internal_message.html?_=1704149340312&CODE_STATE=getMsg HTTP/1.1" 302 -
116.230.112.67 - - [02/Jan/2024:06:49:03 +0800] "GET /xingrg/kc/base/wldb_order_operate.html?command=get_materiel&rest_code=00146&base_code=0010063&code=00101019199 HTTP/1.1" 200 472
120.253.135.82 - - [02/Jan/2024:06:49:10 +0800] "GET /xingrg/all/function/internal_message.html?_=1704149168642&CODE_STATE=getMsg HTTP/1.1" 200 27
116.230.112.67 - - [02/Jan/2024:06:49:17 +0800] "POST /xingrg/kc/base/wldb_order_operate.html HTTP/1.1" 200 37
222.70.180.200 - - [02/Jan/2024:06:49:22 +0800] "GET /xingrg/check_reg.html?_=1704149358939 HTTP/1.1" 302 -
116.230.112.67 - - [02/Jan/2024:06:49:23 +0800] "POST /xingrg/kc/base/wldb_order_operate.html HTTP/1.1" 200 12
116.230.112.67 - - [02/Jan/2024:06:49:23 +0800] "POST /xingrg/kc/base/wldb_order_operate.html HTTP/1.1" 200 4712
180.169.147.146 - - [02/Jan/2024:06:49:43 +0800] "GET /xingrg/check_reg.html?_=1704149383402 HTTP/1.1" 302 -
180.169.147.146 - - [02/Jan/2024:06:49:43 +0800] "GET /xingrg/all/function/internal_message.html?_=1704149383405&CODE_STATE=getMsg HTTP/1.1" 302 -
180.164.1.25 - - [02/Jan/2024:06:49:46 +0800] "GET /xingrg/all/function/internal_message.html?_=1704149386336&CODE_STATE=getMsg HTTP/1.1" 302 -
222.67.232.215 - - [02/Jan/2024:06:49:55 +0800] "GET /xingrg/all/function/internal_message.html?_=1704149395324&CODE_STATE=getMsg HTTP/1.1" 200 27
116.230.112.67 - - [02/Jan/2024:06:50:02 +0800] "GET /xingrg/kc/base/wldb_order_info.html?code=422024010200124 HTTP/1.1" 200 26270
222.70.180.200 - - [02/Jan/2024:06:50:03 +0800] "GET /xingrg/all/function/internal_message.html?_=1704149400296&CODE_STATE=getMsg HTTP/1.1" 302 -
116.230.112.67 - - [02/Jan/2024:06:50:03 +0800] "GET /xingrg/javascript/easyui/themes/default/validatebox.css HTTP/1.1" 404 1104
116.230.112.67 - - [02/Jan/2024:06:50:03 +0800] "GET /xingrg/check_reg.html?_=1704149408534 HTTP/1.1" 200 22
116.230.112.67 - - [02/Jan/2024:06:50:03 +0800] "GET /xingrg/all/function/internal_message.html?_=1704149408533&CODE_STATE=getMsg HTTP/1.1" 200 27
116.230.112.67 - - [02/Jan/2024:06:50:03 +0800] "POST /xingrg/kc/base/wldb_order_operate.html HTTP/1.1" 200 2953
120.253.135.82 - - [02/Jan/2024:06:50:10 +0800] "GET /xingrg/all/function/internal_message.html?_=1704149228656&CODE_STATE=getMsg HTTP/1.1" 200 27
180.169.147.146 - - [02/Jan/2024:06:50:43 +0800] "GET /xingrg/all/function/internal_message.html?_=1704149443391&CODE_STATE=getMsg HTTP/1.1" 302 -
180.164.1.25 - - [02/Jan/2024:06:50:46 +0800] "GET /xingrg/all/function/internal_message.html?_=1704149446348&CODE_STATE=getMsg HTTP/1.1" 302 -
180.164.1.25 - - [02/Jan/2024:06:50:46 +0800] "GET /xingrg/check_reg.html?_=1704149446349 HTTP/1.1" 302 -
222.67.232.215 - - [02/Jan/2024:06:50:55 +0800] "GET /xingrg/all/function/internal_message.html?_=1704149455312&CODE_STATE=getMsg HTTP/1.1" 200 27
222.70.180.200 - - [02/Jan/2024:06:51:03 +0800] "GET /xingrg/all/function/internal_message.html?_=1704149460279&CODE_STATE=getMsg HTTP/1.1" 302 -
116.230.112.67 - - [02/Jan/2024:06:51:03 +0800] "GET /xingrg/all/function/internal_message.html?_=1704149468546&CODE_STATE=getMsg HTTP/1.1" 200 27
120.253.135.82 - - [02/Jan/2024:06:51:11 +0800] "GET /xingrg/all/function/internal_message.html?_=1704149288977&CODE_STATE=getMsg HTTP/1.1" 200 27
180.169.147.146 - - [02/Jan/2024:06:51:43 +0800] "GET /xingrg/all/function/internal_message.html?_=1704149503394&CODE_STATE=getMsg HTTP/1.1" 302 -
180.164.1.25 - - [02/Jan/2024:06:51:46 +0800] "GET /xingrg/all/function/internal_message.html?_=1704149506349&CODE_STATE=getMsg HTTP/1.1" 302 -
222.67.232.215 - - [02/Jan/2024:06:51:55 +0800] "GET /xingrg/all/function/internal_message.html?_=1704149515305&CODE_STATE=getMsg HTTP/1.1" 200 27
222.67.232.215 - - [02/Jan/2024:06:51:55 +0800] "GET /xingrg/check_reg.html?_=1704149515307 HTTP/1.1" 200 22
222.70.180.200 - - [02/Jan/2024:06:52:03 +0800] "GET /xingrg/all/function/internal_message.html?_=1704149520263&CODE_STATE=getMsg HTTP/1.1" 302 -
116.230.112.67 - - [02/Jan/2024:06:52:03 +0800] "GET /xingrg/all/function/internal_message.html?_=1704149528559&CODE_STATE=getMsg HTTP/1.1" 200 27
120.253.135.82 - - [02/Jan/2024:06:52:11 +0800] "GET /xingrg/all/function/internal_message.html?_=1704149348980&CODE_STATE=getMsg HTTP/1.1" 200 27
120.253.135.82 - - [02/Jan/2024:06:52:12 +0800] "GET /xingrg/kc/pszx/mdqp_order_list.html?state=10 HTTP/1.1" 200 10319
120.253.135.82 - - [02/Jan/2024:06:52:12 +0800] "GET /xingrg/dwr/interface/AjaxQqpsService.js HTTP/1.1" 200 16326
120.253.135.82 - - [02/Jan/2024:06:52:12 +0800] "GET /xingrg/dwr/interface/AjaxReportQueryService.js HTTP/1.1" 200 13203
120.253.135.82 - - [02/Jan/2024:06:52:12 +0800] "GET /xingrg/dwr/engine.js HTTP/1.1" 200 43631
120.253.135.82 - - [02/Jan/2024:06:52:14 +0800] "GET /xingrg/kc/pszx/mdps_order_list.html?orderType=0 HTTP/1.1" 200 21036
120.253.135.82 - - [02/Jan/2024:06:52:14 +0800] "POST /xingrg/kc/pszx/mdps_list_operate.html HTTP/1.1" 200 5464
114.95.241.104 - - [02/Jan/2024:06:52:34 +0800] "POST /xingrg/services/DataTransmitService HTTP/1.1" 200 524
180.169.147.146 - - [02/Jan/2024:06:52:43 +0800] "GET /xingrg/all/function/internal_message.html?_=1704149563382&CODE_STATE=getMsg HTTP/1.1" 302 -
180.164.1.25 - - [02/Jan/2024:06:52:46 +0800] "GET /xingrg/all/function/internal_message.html?_=1704149566339&CODE_STATE=getMsg HTTP/1.1" 302 -
222.67.232.215 - - [02/Jan/2024:06:52:55 +0800] "GET /xingrg/all/function/internal_message.html?_=1704149575319&CODE_STATE=getMsg HTTP/1.1" 200 27
218.79.29.24 - - [02/Jan/2024:06:52:57 +0800] "GET /xingrg/check_reg.html?_=1704149579822 HTTP/1.1" 302 -
222.70.180.200 - - [02/Jan/2024:06:53:03 +0800] "GET /xingrg/all/function/internal_message.html?_=1704149580247&CODE_STATE=getMsg HTTP/1.1" 302 -
116.230.112.67 - - [02/Jan/2024:06:53:03 +0800] "GET /xingrg/all/function/internal_message.html?_=1704149588628&CODE_STATE=getMsg HTTP/1.1" 200 27
120.253.135.82 - - [02/Jan/2024:06:53:11 +0800] "GET /xingrg/all/function/internal_message.html?_=1704149409426&CODE_STATE=getMsg HTTP/1.1" 200 27
180.169.147.146 - - [02/Jan/2024:06:53:43 +0800] "GET /xingrg/all/function/internal_message.html?_=1704149623395&CODE_STATE=getMsg HTTP/1.1" 302 -
180.164.1.25 - - [02/Jan/2024:06:53:46 +0800] "GET /xingrg/all/function/internal_message.html?_=1704149626344&CODE_STATE=getMsg HTTP/1.1" 302 -
222.67.232.215 - - [02/Jan/2024:06:53:55 +0800] "GET /xingrg/all/function/internal_message.html?_=1704149635315&CODE_STATE=getMsg HTTP/1.1" 200 27
120.253.135.82 - - [02/Jan/2024:06:54:00 +0800] "GET /xingrg/check_reg.html?_=1704149458258 HTTP/1.1" 200 22
222.70.180.200 - - [02/Jan/2024:06:54:03 +0800] "GET /xingrg/all/function/internal_message.html?_=1704149640231&CODE_STATE=getMsg HTTP/1.1" 302 -
116.230.112.67 - - [02/Jan/2024:06:54:03 +0800] "GET /xingrg/all/function/internal_message.html?_=1704149648634&CODE_STATE=getMsg HTTP/1.1" 200 27
120.253.135.82 - - [02/Jan/2024:06:54:11 +0800] "GET /xingrg/all/function/internal_message.html?_=1704149469428&CODE_STATE=getMsg HTTP/1.1" 200 27
222.70.180.200 - - [02/Jan/2024:06:54:22 +0800] "GET /xingrg/check_reg.html?_=1704149658952 HTTP/1.1" 302 -
180.169.147.146 - - [02/Jan/2024:06:54:43 +0800] "GET /xingrg/all/function/internal_message.html?_=1704149683394&CODE_STATE=getMsg HTTP/1.1" 302 -
180.169.147.146 - - [02/Jan/2024:06:54:43 +0800] "GET /xingrg/check_reg.html?_=1704149683398 HTTP/1.1" 302 -
180.164.1.25 - - [02/Jan/2024:06:54:46 +0800] "GET /xingrg/all/function/internal_message.html?_=1704149686341&CODE_STATE=getMsg HTTP/1.1" 302 -
222.67.232.215 - - [02/Jan/2024:06:54:55 +0800] "GET /xingrg/all/function/internal_message.html?_=1704149695312&CODE_STATE=getMsg HTTP/1.1" 200 27
222.70.180.200 - - [02/Jan/2024:06:55:03 +0800] "GET /xingrg/all/function/internal_message.html?_=1704149700227&CODE_STATE=getMsg HTTP/1.1" 302 -
116.230.112.67 - - [02/Jan/2024:06:55:03 +0800] "GET /xingrg/check_reg.html?_=1704149708596 HTTP/1.1" 200 22
116.230.112.67 - - [02/Jan/2024:06:55:03 +0800] "GET /xingrg/all/function/internal_message.html?_=1704149708648&CODE_STATE=getMsg HTTP/1.1" 200 27
120.253.135.82 - - [02/Jan/2024:06:55:11 +0800] "GET /xingrg/all/function/internal_message.html?_=1704149529443&CODE_STATE=getMsg HTTP/1.1" 200 27
180.169.147.146 - - [02/Jan/2024:06:55:43 +0800] "GET /xingrg/all/function/internal_message.html?_=1704149743399&CODE_STATE=getMsg HTTP/1.1" 302 -
180.164.1.25 - - [02/Jan/2024:06:55:46 +0800] "GET /xingrg/all/function/internal_message.html?_=1704149746355&CODE_STATE=getMsg HTTP/1.1" 302 -
180.164.1.25 - - [02/Jan/2024:06:55:46 +0800] "GET /xingrg/check_reg.html?_=1704149746356 HTTP/1.1" 302 -
116.230.112.67 - - [02/Jan/2024:06:55:47 +0800] "GET /xingrg/kc/base/wldb_order_add.html HTTP/1.1" 200 30391
116.230.112.67 - - [02/Jan/2024:06:55:47 +0800] "POST /xingrg/kc/base/wldb_order_operate.html HTTP/1.1" 200 6806
116.230.112.67 - - [02/Jan/2024:06:55:48 +0800] "GET /xingrg/javascript/easyui/themes/default/validatebox.css HTTP/1.1" 404 1104
222.67.232.215 - - [02/Jan/2024:06:55:55 +0800] "GET /xingrg/all/function/internal_message.html?_=1704149755311&CODE_STATE=getMsg HTTP/1.1" 200 27
222.70.180.200 - - [02/Jan/2024:06:56:03 +0800] "GET /xingrg/all/function/internal_message.html?_=1704149760211&CODE_STATE=getMsg HTTP/1.1" 302 -
116.230.112.67 - - [02/Jan/2024:06:56:03 +0800] "GET /xingrg/all/function/internal_message.html?_=1704149768661&CODE_STATE=getMsg HTTP/1.1" 200 27
116.230.112.67 - - [02/Jan/2024:06:56:06 +0800] "GET /xingrg/kc/base/wldb_order_operate.html?command=get_materiel&rest_code=00146&base_code=0010063&code=00101019015 HTTP/1.1" 200 450
120.253.135.82 - - [02/Jan/2024:06:56:11 +0800] "GET /xingrg/all/function/internal_message.html?_=1704149589664&CODE_STATE=getMsg HTTP/1.1" 200 27
116.230.112.67 - - [02/Jan/2024:06:56:22 +0800] "GET /xingrg/kc/base/wldb_order_operate.html?command=get_materiel&rest_code=00146&base_code=0010063&code=00101019391 HTTP/1.1" 200 485
180.169.147.146 - - [02/Jan/2024:06:56:43 +0800] "GET /xingrg/all/function/internal_message.html?_=1704149803395&CODE_STATE=getMsg HTTP/1.1" 302 -
116.230.112.67 - - [02/Jan/2024:06:56:44 +0800] "GET /xingrg/kc/base/wldb_order_operate.html?command=get_materiel&rest_code=00146&base_code=0010063&code=00101019243 HTTP/1.1" 200 465
180.164.1.25 - - [02/Jan/2024:06:56:46 +0800] "GET /xingrg/all/function/internal_message.html?_=1704149806341&CODE_STATE=getMsg HTTP/1.1" 302 -
116.230.112.67 - - [02/Jan/2024:06:56:51 +0800] "GET /xingrg/kc/base/wldb_order_operate.html?command=get_materiel&rest_code=00146&base_code=0010063&code=00101019184 HTTP/1.1" 200 456
222.67.232.215 - - [02/Jan/2024:06:56:55 +0800] "GET /xingrg/check_reg.html?_=1704149815336 HTTP/1.1" 200 22
222.67.232.215 - - [02/Jan/2024:06:56:55 +0800] "GET /xingrg/all/function/internal_message.html?_=1704149815338&CODE_STATE=getMsg HTTP/1.1" 200 27
116.230.112.67 - - [02/Jan/2024:06:57:02 +0800] "GET /xingrg/kc/base/wldb_order_operate.html?command=get_materiel&rest_code=00146&base_code=0010063&code=00101016044 HTTP/1.1" 200 466
222.70.180.200 - - [02/Jan/2024:06:57:03 +0800] "GET /xingrg/all/function/internal_message.html?_=1704149820195&CODE_STATE=getMsg HTTP/1.1" 302 -
116.230.112.67 - - [02/Jan/2024:06:57:03 +0800] "GET /xingrg/all/function/internal_message.html?_=1704149828674&CODE_STATE=getMsg HTTP/1.1" 200 27
120.253.135.82 - - [02/Jan/2024:06:57:11 +0800] "GET /xingrg/all/function/internal_message.html?_=1704149649687&CODE_STATE=getMsg HTTP/1.1" 200 27
116.230.112.67 - - [02/Jan/2024:06:57:15 +0800] "GET /xingrg/kc/base/wldb_order_operate.html?command=get_materiel&rest_code=00146&base_code=0010063&code=00101019108 HTTP/1.1" 200 477
116.230.112.67 - - [02/Jan/2024:06:57:25 +0800] "GET /xingrg/kc/base/wldb_order_operate.html?command=get_materiel&rest_code=00146&base_code=0010063&code=00101019238 HTTP/1.1" 200 466
