180.152.241.252 - - [02/Jan/2024:10:02:54 +0800] "GET /xingrg/all/function/internal_message.html?_=1704160974397&CODE_STATE=getMsg HTTP/1.1" 200 27
124.79.241.187 - - [02/Jan/2024:10:02:55 +0800] "GET /xingrg/css/images/panel_loading.gif HTTP/1.1" 200 1737
222.67.232.215 - - [02/Jan/2024:10:02:55 +0800] "GET /xingrg/all/function/internal_message.html?_=1704160975340&CODE_STATE=getMsg HTTP/1.1" 200 27
180.152.241.252 - - [02/Jan/2024:10:02:55 +0800] "POST /xingrg/kc/buy/cgsh_order_operate.html HTTP/1.1" 200 105
124.79.241.187 - - [02/Jan/2024:10:02:55 +0800] "POST /xingrg/all/common/load_combo.html?type=base HTTP/1.1" 200 3315
218.79.29.24 - - [02/Jan/2024:10:02:56 +0800] "GET /xingrg/check_reg.html?_=1704160979075 HTTP/1.1" 302 -
124.79.241.187 - - [02/Jan/2024:10:02:59 +0800] "GET /xingrg/javascript/auto/indicator.gif HTTP/1.1" 404 1066
114.95.241.104 - - [02/Jan/2024:10:03:00 +0800] "GET /xingrg/all/function/internal_message.html?_=1704160980303&CODE_STATE=getMsg HTTP/1.1" 200 27
180.169.147.146 - - [02/Jan/2024:10:03:01 +0800] "GET /xingrg/all/function/internal_message.html?_=1704160981176&CODE_STATE=getMsg HTTP/1.1" 200 27
124.79.241.187 - - [02/Jan/2024:10:03:03 +0800] "GET /xingrg/kc/base/wldb_order_operate.html?command=get_materiel&rest_code=00104&base_code=0010032&code=00101011005 HTTP/1.1" 200 430
180.152.241.252 - - [02/Jan/2024:10:03:03 +0800] "POST /xingrg/kc/buy/cgsh_order_operate.html HTTP/1.1" 200 105
124.79.241.187 - - [02/Jan/2024:10:03:06 +0800] "GET /xingrg/javascript/jquery_easy_ui/themes/icons/rest.png HTTP/1.1" 200 695
124.79.241.187 - - [02/Jan/2024:10:03:06 +0800] "GET /xingrg/javascript/jquery_easy_ui/themes/icons/area.png HTTP/1.1" 200 262
180.152.241.252 - - [02/Jan/2024:10:03:08 +0800] "POST /xingrg/kc/buy/cgsh_order_operate.html HTTP/1.1" 200 105
116.232.193.168 - - [02/Jan/2024:10:03:09 +0800] "GET /xingrg/all/function/internal_message.html?_=1704160949315&CODE_STATE=getMsg HTTP/1.1" 200 27
124.78.154.219 - - [02/Jan/2024:10:03:10 +0800] "GET /xingrg/check_reg.html?_=1704160988741 HTTP/1.1" 200 22
124.78.154.219 - - [02/Jan/2024:10:03:10 +0800] "GET /xingrg/all/function/internal_message.html?_=1704160988747&CODE_STATE=getMsg HTTP/1.1" 200 27
116.232.193.168 - - [02/Jan/2024:10:03:10 +0800] "GET /xingrg/kc/buy/cgsh_order_operate.html?command=get_materiel&rest_code=00155&code=00101008061&supplier_code=00100005&order_time=2024-01-02 HTTP/1.1" 200 422
114.83.218.109 - - [02/Jan/2024:10:03:16 +0800] "GET /xingrg/all/function/internal_message.html?_=1704160997223&CODE_STATE=getMsg HTTP/1.1" 200 27
58.39.110.191 - - [02/Jan/2024:10:03:17 +0800] "GET /xingrg/all/function/internal_message.html?_=1704160998227&CODE_STATE=getMsg HTTP/1.1" 200 27
180.152.241.252 - - [02/Jan/2024:10:03:17 +0800] "GET /xingrg/login.html HTTP/1.1" 200 7641
180.152.241.252 - - [02/Jan/2024:10:03:18 +0800] "GET /favicon.ico HTTP/1.1" 404 -
101.83.145.37 - - [02/Jan/2024:10:03:18 +0800] "GET /xingrg/all/function/internal_message.html?_=1704160998547&CODE_STATE=getMsg HTTP/1.1" 200 27
180.169.147.146 - - [02/Jan/2024:10:03:22 +0800] "GET /xingrg/all/function/internal_message.html?_=1704160971021&CODE_STATE=getMsg HTTP/1.1" 200 27
180.152.241.252 - - [02/Jan/2024:10:03:24 +0800] "POST /xingrg/login.do HTTP/1.1" 302 -
180.152.241.252 - - [02/Jan/2024:10:03:24 +0800] "GET /xingrg/index.html?sysBaseUrl=http%3A%2F%2F180.169.147.146%3A18081%2Fxingrg%2F&costTime=1499×tamp=1704161004115 HTTP/1.1" 200 17173
180.152.241.252 - - [02/Jan/2024:10:03:24 +0800] "GET /favicon.ico HTTP/1.1" 404 -
180.152.241.252 - - [02/Jan/2024:10:03:24 +0800] "GET /xingrg/check_reg.html?_=1704161004196 HTTP/1.1" 200 22
180.152.241.252 - - [02/Jan/2024:10:03:24 +0800] "GET /xingrg/all/function/internal_message.html?_=1704161004196&CODE_STATE=count HTTP/1.1" 200 11
180.152.241.252 - - [02/Jan/2024:10:03:24 +0800] "POST /xingrg/all/common/load_tree.html?tree=area_rest_tree_json&manage=1 HTTP/1.1" 200 342
180.152.241.252 - - [02/Jan/2024:10:03:24 +0800] "POST /xingrg/load_menu.html HTTP/1.1" 200 5138
101.83.145.37 - - [02/Jan/2024:10:03:25 +0800] "GET /xingrg/kc/buy/cgsh_order_operate.html?command=get_materiel&rest_code=00105&code=00101012025&supplier_code=00100151&order_time=2024-01-02 HTTP/1.1" 200 412
180.152.241.252 - - [02/Jan/2024:10:03:28 +0800] "GET /xingrg/kc/buy/cgsh_order_list.html HTTP/1.1" 200 57112
180.152.241.252 - - [02/Jan/2024:10:03:28 +0800] "GET /xingrg/kc/buy/cgsh_order_list.html HTTP/1.1" 200 57112
180.164.1.25 - - [02/Jan/2024:10:03:28 +0800] "GET /xingrg/all/function/internal_message.html?_=1704161008568&CODE_STATE=getMsg HTTP/1.1" 200 27
116.232.193.168 - - [02/Jan/2024:10:03:31 +0800] "GET /xingrg/kc/buy/cgsh_order_operate.html?command=get_materiel&rest_code=00155&code=00101009011&supplier_code=00100005&order_time=2024-01-02 HTTP/1.1" 200 416
180.152.241.252 - - [02/Jan/2024:10:03:31 +0800] "POST /xingrg/kc/buy/cgsh_list_operate.html HTTP/1.1" 200 986
116.232.193.168 - - [02/Jan/2024:10:03:36 +0800] "POST /xingrg/kc/buy/cgsh_order_operate.html HTTP/1.1" 200 2065
180.152.241.252 - - [02/Jan/2024:10:03:36 +0800] "POST /xingrg/kc/buy/cgsh_list_operate.html HTTP/1.1" 200 986
58.40.7.146 - - [02/Jan/2024:10:03:36 +0800] "GET /xingrg/all/function/internal_message.html?_=1704161016317&CODE_STATE=getMsg HTTP/1.1" 200 27
222.70.180.200 - - [02/Jan/2024:10:03:38 +0800] "GET /xingrg/all/function/internal_message.html?_=1704161018174&CODE_STATE=getMsg HTTP/1.1" 200 27
101.83.145.37 - - [02/Jan/2024:10:03:38 +0800] "GET /xingrg/all/function/internal_message.html?_=1704160785290&CODE_STATE=getMsg HTTP/1.1" 200 27
101.83.145.37 - - [02/Jan/2024:10:03:38 +0800] "POST /xingrg/services/DataTransmitService HTTP/1.1" 200 501
124.79.241.187 - - [02/Jan/2024:10:03:41 +0800] "GET /xingrg/all/function/internal_message.html?_=1704161353230&CODE_STATE=getMsg HTTP/1.1" 200 27
116.230.112.253 - - [02/Jan/2024:10:03:42 +0800] "GET /xingrg/all/function/internal_message.html?_=1704161028513&CODE_STATE=getMsg HTTP/1.1" 200 27
101.80.228.56 - - [02/Jan/2024:10:03:43 +0800] "GET /xingrg/all/function/internal_message.html?_=1704161023354&CODE_STATE=getMsg HTTP/1.1" 200 27
180.169.147.146 - - [02/Jan/2024:10:03:43 +0800] "GET /xingrg/all/function/internal_message.html?_=1704161023553&CODE_STATE=getMsg HTTP/1.1" 302 -
180.152.241.252 - - [02/Jan/2024:10:03:44 +0800] "POST /xingrg/kc/buy/cgsh_list_operate.html HTTP/1.1" 200 6444
120.253.135.82 - - [02/Jan/2024:10:03:44 +0800] "GET /xingrg/all/function/internal_message.html?_=1704160842159&CODE_STATE=getMsg HTTP/1.1" 200 27
180.152.241.252 - - [02/Jan/2024:10:03:52 +0800] "GET /xingrg/kc/buy/cgsh_order_add.html HTTP/1.1" 200 72929
180.152.241.252 - - [02/Jan/2024:10:03:52 +0800] "GET /xingrg/words/20240102092504_words.js HTTP/1.1" 304 -
180.152.241.252 - - [02/Jan/2024:10:03:53 +0800] "POST /xingrg/kc/buy/cgsh_order_operate.html HTTP/1.1" 200 8245
180.152.241.252 - - [02/Jan/2024:10:03:53 +0800] "GET /xingrg/javascript/easyui/themes/default/validatebox.css HTTP/1.1" 404 1104
180.152.241.252 - - [02/Jan/2024:10:03:53 +0800] "GET /xingrg/all/common/auto_word.html?type=employee&rest_code=00102 HTTP/1.1" 200 189
180.152.241.252 - - [02/Jan/2024:10:03:53 +0800] "GET /xingrg/all/common/auto_word.html?type=employee&rest_code=00102 HTTP/1.1" 200 189
180.152.241.252 - - [02/Jan/2024:10:03:53 +0800] "GET /xingrg/javascript/auto/indicator.gif HTTP/1.1" 404 1066
222.67.232.215 - - [02/Jan/2024:10:03:55 +0800] "GET /xingrg/all/function/internal_message.html?_=1704161035324&CODE_STATE=getMsg HTTP/1.1" 200 27
116.232.193.168 - - [02/Jan/2024:10:03:59 +0800] "GET /xingrg/kc/buy/cgsh_order_operate.html?command=get_materiel&rest_code=00155&code=00101009015&supplier_code=00100005&order_time=2024-01-02 HTTP/1.1" 200 416
114.95.241.104 - - [02/Jan/2024:10:04:00 +0800] "GET /xingrg/all/function/internal_message.html?_=1704161040281&CODE_STATE=getMsg HTTP/1.1" 200 27
101.83.145.37 - - [02/Jan/2024:10:04:00 +0800] "GET /xingrg/kc/buy/cgsh_order_operate.html?command=get_materiel&rest_code=00105&code=00101012003&supplier_code=00100151&order_time=2024-01-02 HTTP/1.1" 200 413
120.253.135.82 - - [02/Jan/2024:10:04:01 +0800] "GET /xingrg/check_reg.html?_=1704160858764 HTTP/1.1" 200 22
180.169.147.146 - - [02/Jan/2024:10:04:01 +0800] "GET /xingrg/check_reg.html?_=1704161041165 HTTP/1.1" 200 22
180.169.147.146 - - [02/Jan/2024:10:04:01 +0800] "GET /xingrg/all/function/internal_message.html?_=1704161041167&CODE_STATE=getMsg HTTP/1.1" 200 27
180.152.241.252 - - [02/Jan/2024:10:04:06 +0800] "GET /xingrg/kc/buy/cgsh_order_operate.html?command=get_materiel&rest_code=00102&code=00101006087&supplier_code=00100096&order_time=2024-01-02 HTTP/1.1" 200 411
116.232.193.168 - - [02/Jan/2024:10:04:09 +0800] "GET /xingrg/all/function/internal_message.html?_=1704161009338&CODE_STATE=getMsg HTTP/1.1" 200 27
124.78.154.219 - - [02/Jan/2024:10:04:10 +0800] "GET /xingrg/all/function/internal_message.html?_=1704161048746&CODE_STATE=getMsg HTTP/1.1" 200 27
114.83.218.109 - - [02/Jan/2024:10:04:16 +0800] "GET /xingrg/all/function/internal_message.html?_=1704161057227&CODE_STATE=getMsg HTTP/1.1" 200 27
101.83.145.37 - - [02/Jan/2024:10:04:16 +0800] "GET /xingrg/kc/buy/cgsh_order_operate.html?command=get_materiel&rest_code=00105&code=00102002453&supplier_code=00100151&order_time=2024-01-02 HTTP/1.1" 200 433
58.39.110.191 - - [02/Jan/2024:10:04:17 +0800] "GET /xingrg/all/function/internal_message.html?_=1704161058226&CODE_STATE=getMsg HTTP/1.1" 200 27
101.83.145.37 - - [02/Jan/2024:10:04:18 +0800] "GET /xingrg/check_reg.html?_=1704161058529 HTTP/1.1" 200 22
101.83.145.37 - - [02/Jan/2024:10:04:18 +0800] "GET /xingrg/all/function/internal_message.html?_=1704161058531&CODE_STATE=getMsg HTTP/1.1" 200 27
180.152.241.252 - - [02/Jan/2024:10:04:21 +0800] "GET /xingrg/kc/buy/cgsh_order_operate.html?command=get_materiel&rest_code=00102&code=00101006074&supplier_code=00100096&order_time=2024-01-02 HTTP/1.1" 200 420
180.169.147.146 - - [02/Jan/2024:10:04:22 +0800] "GET /xingrg/all/function/internal_message.html?_=1704161031005&CODE_STATE=getMsg HTTP/1.1" 200 27
180.152.241.252 - - [02/Jan/2024:10:04:24 +0800] "GET /xingrg/all/function/internal_message.html?_=1704161064205&CODE_STATE=getMsg HTTP/1.1" 200 27
116.232.193.168 - - [02/Jan/2024:10:04:28 +0800] "GET /xingrg/kc/buy/cgsh_order_operate.html?command=get_materiel&rest_code=00155&code=00101008223&supplier_code=00100005&order_time=2024-01-02 HTTP/1.1" 200 412
180.164.1.25 - - [02/Jan/2024:10:04:28 +0800] "GET /xingrg/all/function/internal_message.html?_=1704161068546&CODE_STATE=getMsg HTTP/1.1" 200 27
180.164.1.25 - - [02/Jan/2024:10:04:28 +0800] "GET /xingrg/check_reg.html?_=1704161068690 HTTP/1.1" 200 22
180.152.241.252 - - [02/Jan/2024:10:04:33 +0800] "GET /xingrg/kc/buy/cgsh_order_operate.html?command=get_materiel&rest_code=00102&code=00101016104&supplier_code=00100096&order_time=2024-01-02 HTTP/1.1" 200 408
58.40.7.146 - - [02/Jan/2024:10:04:36 +0800] "GET /xingrg/all/function/internal_message.html?_=1704161076319&CODE_STATE=getMsg HTTP/1.1" 200 27
222.70.180.200 - - [02/Jan/2024:10:04:38 +0800] "GET /xingrg/all/function/internal_message.html?_=1704161078159&CODE_STATE=getMsg HTTP/1.1" 200 27
101.83.145.37 - - [02/Jan/2024:10:04:38 +0800] "GET /xingrg/all/function/internal_message.html?_=1704160845290&CODE_STATE=getMsg HTTP/1.1" 200 27
124.79.241.187 - - [02/Jan/2024:10:04:41 +0800] "GET /xingrg/all/function/internal_message.html?_=1704161413230&CODE_STATE=getMsg HTTP/1.1" 200 27
116.230.112.253 - - [02/Jan/2024:10:04:42 +0800] "GET /xingrg/all/function/internal_message.html?_=1704161088519&CODE_STATE=getMsg HTTP/1.1" 200 27
101.80.228.56 - - [02/Jan/2024:10:04:43 +0800] "GET /xingrg/all/function/internal_message.html?_=1704161083379&CODE_STATE=getMsg HTTP/1.1" 200 27
180.169.147.146 - - [02/Jan/2024:10:04:43 +0800] "GET /xingrg/all/function/internal_message.html?_=1704161083555&CODE_STATE=getMsg HTTP/1.1" 302 -
180.169.147.146 - - [02/Jan/2024:10:04:43 +0800] "GET /xingrg/check_reg.html?_=1704161083552 HTTP/1.1" 302 -
180.152.241.252 - - [02/Jan/2024:10:04:44 +0800] "GET /xingrg/kc/buy/cgsh_order_operate.html?command=get_materiel&rest_code=00102&code=00101006133&supplier_code=00100096&order_time=2024-01-02 HTTP/1.1" 200 415
120.253.135.82 - - [02/Jan/2024:10:04:44 +0800] "GET /xingrg/all/function/internal_message.html?_=1704160902163&CODE_STATE=getMsg HTTP/1.1" 200 27
116.232.193.168 - - [02/Jan/2024:10:04:49 +0800] "GET /xingrg/kc/buy/cgsh_order_operate.html?command=get_materiel&rest_code=00155&code=00101008168&supplier_code=00100005&order_time=2024-01-02 HTTP/1.1" 200 412
222.67.232.215 - - [02/Jan/2024:10:04:55 +0800] "GET /xingrg/all/function/internal_message.html?_=1704161095304&CODE_STATE=getMsg HTTP/1.1" 200 27
180.152.241.252 - - [02/Jan/2024:10:04:59 +0800] "GET /xingrg/kc/buy/cgsh_order_operate.html?command=get_materiel&rest_code=00102&code=00101006111&supplier_code=00100096&order_time=2024-01-02 HTTP/1.1" 200 411
114.95.241.104 - - [02/Jan/2024:10:05:00 +0800] "GET /xingrg/all/function/internal_message.html?_=1704161100262&CODE_STATE=getMsg HTTP/1.1" 200 27
180.169.147.146 - - [02/Jan/2024:10:05:01 +0800] "GET /xingrg/all/function/internal_message.html?_=1704161101179&CODE_STATE=getMsg HTTP/1.1" 200 27
116.232.193.168 - - [02/Jan/2024:10:05:09 +0800] "GET /xingrg/all/function/internal_message.html?_=1704161069315&CODE_STATE=getMsg HTTP/1.1" 200 27
116.232.193.168 - - [02/Jan/2024:10:05:09 +0800] "GET /xingrg/check_reg.html?_=1704161069348 HTTP/1.1" 200 22
124.78.154.219 - - [02/Jan/2024:10:05:10 +0800] "GET /xingrg/all/function/internal_message.html?_=1704161108748&CODE_STATE=getMsg HTTP/1.1" 200 27
101.83.145.37 - - [02/Jan/2024:10:05:13 +0800] "POST /xingrg/kc/buy/cgsh_order_operate.html HTTP/1.1" 200 37
116.232.193.168 - - [02/Jan/2024:10:05:15 +0800] "GET /xingrg/kc/buy/cgsh_order_operate.html?command=get_materiel&rest_code=00155&code=00101015061&supplier_code=00100005&order_time=2024-01-02 HTTP/1.1" 200 412
101.83.145.37 - - [02/Jan/2024:10:05:15 +0800] "POST /xingrg/kc/buy/cgsh_order_operate.html HTTP/1.1" 200 9812
114.83.218.109 - - [02/Jan/2024:10:05:16 +0800] "GET /xingrg/all/function/internal_message.html?_=1704161117229&CODE_STATE=getMsg HTTP/1.1" 200 27
58.39.110.191 - - [02/Jan/2024:10:05:17 +0800] "GET /xingrg/check_reg.html?_=1704161118225 HTTP/1.1" 200 22
58.39.110.191 - - [02/Jan/2024:10:05:17 +0800] "GET /xingrg/all/function/internal_message.html?_=1704161118226&CODE_STATE=getMsg HTTP/1.1" 200 27
101.83.145.37 - - [02/Jan/2024:10:05:18 +0800] "GET /xingrg/all/function/internal_message.html?_=1704161118529&CODE_STATE=getMsg HTTP/1.1" 200 27
180.152.241.252 - - [02/Jan/2024:10:05:19 +0800] "GET /xingrg/kc/buy/cgsh_order_operate.html?command=get_materiel&rest_code=00102&code=00101007024&supplier_code=00100096&order_time=2024-01-02 HTTP/1.1" 200 417
116.232.193.168 - - [02/Jan/2024:10:05:21 +0800] "POST /xingrg/kc/buy/cgsh_order_operate.html HTTP/1.1" 200 2065
180.169.147.146 - - [02/Jan/2024:10:05:22 +0800] "GET /xingrg/all/function/internal_message.html?_=1704161090987&CODE_STATE=getMsg HTTP/1.1" 200 27
180.152.241.252 - - [02/Jan/2024:10:05:24 +0800] "GET /xingrg/all/function/internal_message.html?_=1704161124198&CODE_STATE=getMsg HTTP/1.1" 200 27
180.164.1.25 - - [02/Jan/2024:10:05:28 +0800] "GET /xingrg/all/function/internal_message.html?_=1704161128523&CODE_STATE=getMsg HTTP/1.1" 200 27
180.169.147.146 - - [02/Jan/2024:10:05:32 +0800] "GET /xingrg/javascript/jquery_tools/images/prev.gif HTTP/1.1" 404 1086
180.169.147.146 - - [02/Jan/2024:10:05:32 +0800] "GET /xingrg/javascript/jquery_tools/images/next.gif HTTP/1.1" 404 1086
180.152.241.252 - - [02/Jan/2024:10:05:33 +0800] "GET /xingrg/kc/buy/cgsh_order_operate.html?command=get_materiel&rest_code=00102&code=00101007049&supplier_code=00100096&order_time=2024-01-02 HTTP/1.1" 200 409
58.40.7.146 - - [02/Jan/2024:10:05:36 +0800] "GET /xingrg/all/function/internal_message.html?_=1704161136323&CODE_STATE=getMsg HTTP/1.1" 200 27
222.70.180.200 - - [02/Jan/2024:10:05:38 +0800] "GET /xingrg/all/function/internal_message.html?_=1704161138144&CODE_STATE=getMsg HTTP/1.1" 200 27
101.83.145.37 - - [02/Jan/2024:10:05:38 +0800] "GET /xingrg/check_reg.html?_=1704160905290 HTTP/1.1" 200 22
101.83.145.37 - - [02/Jan/2024:10:05:38 +0800] "GET /xingrg/all/function/internal_message.html?_=1704160905294&CODE_STATE=getMsg HTTP/1.1" 200 27
180.169.147.146 - - [02/Jan/2024:10:05:40 +0800] "POST /xingrg/kc/buy/cgsh_list_operate.html HTTP/1.1" 200 986
124.79.241.187 - - [02/Jan/2024:10:05:41 +0800] "GET /xingrg/all/function/internal_message.html?_=1704161473231&CODE_STATE=getMsg HTTP/1.1" 200 27
116.230.112.253 - - [02/Jan/2024:10:05:42 +0800] "GET /xingrg/all/function/internal_message.html?_=1704161148596&CODE_STATE=getMsg HTTP/1.1" 200 27
101.80.228.56 - - [02/Jan/2024:10:05:43 +0800] "GET /xingrg/all/function/internal_message.html?_=1704161143378&CODE_STATE=getMsg HTTP/1.1" 200 27
101.80.228.56 - - [02/Jan/2024:10:05:43 +0800] "GET /xingrg/check_reg.html?_=1704161143379 HTTP/1.1" 200 22
180.169.147.146 - - [02/Jan/2024:10:05:43 +0800] "GET /xingrg/all/function/internal_message.html?_=1704161143550&CODE_STATE=getMsg HTTP/1.1" 302 -
116.232.193.168 - - [02/Jan/2024:10:05:43 +0800] "GET /xingrg/kc/buy/cgsh_order_operate.html?command=get_materiel&rest_code=00155&code=00101015062&supplier_code=00100005&order_time=2024-01-02 HTTP/1.1" 200 412
120.253.135.82 - - [02/Jan/2024:10:05:44 +0800] "GET /xingrg/all/function/internal_message.html?_=1704160962181&CODE_STATE=getMsg HTTP/1.1" 200 27
180.169.147.146 - - [02/Jan/2024:10:05:51 +0800] "POST /xingrg/kc/buy/cgsh_list_operate.html HTTP/1.1" 200 6289
222.67.232.215 - - [02/Jan/2024:10:05:55 +0800] "GET /xingrg/all/function/internal_message.html?_=1704161155285&CODE_STATE=getMsg HTTP/1.1" 200 27
180.169.147.146 - - [02/Jan/2024:10:05:58 +0800] "POST /xingrg/kc/buy/cgsh_list_operate.html HTTP/1.1" 200 6372
172.20.0.100 - - [02/Jan/2024:10:05:59 +0800] "GET /xingrg/index.html?sysBaseUrl=http%3A%2F%2F172.17.0.8%3A18081%2Fxingrg%2F&costTime=213×tamp=1585200360465 HTTP/1.1" 302 -
172.20.0.100 - - [02/Jan/2024:10:05:59 +0800] "GET /xingrg/login.html HTTP/1.1" 200 7636
180.152.241.252 - - [02/Jan/2024:10:05:59 +0800] "GET /xingrg/kc/buy/cgsh_order_operate.html?command=get_materiel&rest_code=00102&code=00101006372&supplier_code=00100096&order_time=2024-01-02 HTTP/1.1" 200 423
114.95.241.104 - - [02/Jan/2024:10:06:00 +0800] "GET /xingrg/all/function/internal_message.html?_=1704161160244&CODE_STATE=getMsg HTTP/1.1" 200 27
114.95.241.104 - - [02/Jan/2024:10:06:00 +0800] "GET /xingrg/check_reg.html?_=1704161160321 HTTP/1.1" 200 22
172.20.0.100 - - [02/Jan/2024:10:06:00 +0800] "GET /favicon.ico HTTP/1.1" 404 -
180.169.147.146 - - [02/Jan/2024:10:06:01 +0800] "GET /xingrg/all/function/internal_message.html?_=1704161161179&CODE_STATE=getMsg HTTP/1.1" 200 27
172.20.0.100 - - [02/Jan/2024:10:06:03 +0800] "POST /xingrg/login.do HTTP/1.1" 302 -
172.20.0.100 - - [02/Jan/2024:10:06:03 +0800] "GET /xingrg/index.html?sysBaseUrl=http%3A%2F%2F172.20.0.8%3A18081%2Fxingrg%2F&costTime=1168×tamp=1704161163134 HTTP/1.1" 200 17448
172.20.0.100 - - [02/Jan/2024:10:06:03 +0800] "GET /favicon.ico HTTP/1.1" 404 -
172.20.0.100 - - [02/Jan/2024:10:06:03 +0800] "GET /xingrg/check_reg.html?_=1704161162706 HTTP/1.1" 200 22
172.20.0.100 - - [02/Jan/2024:10:06:03 +0800] "POST /xingrg/all/common/load_tree.html?tree=area_rest_tree_json&manage=1 HTTP/1.1" 200 3624
172.20.0.100 - - [02/Jan/2024:10:06:03 +0800] "GET /xingrg/all/function/internal_message.html?_=1704161162705&CODE_STATE=count HTTP/1.1" 200 11
172.20.0.100 - - [02/Jan/2024:10:06:03 +0800] "POST /xingrg/load_menu.html HTTP/1.1" 200 11529
180.169.147.146 - - [02/Jan/2024:10:06:04 +0800] "POST /xingrg/kc/buy/cgsh_list_operate.html HTTP/1.1" 200 6289
116.232.193.168 - - [02/Jan/2024:10:06:09 +0800] "GET /xingrg/all/function/internal_message.html?_=1704161129336&CODE_STATE=getMsg HTTP/1.1" 200 27
124.78.154.219 - - [02/Jan/2024:10:06:10 +0800] "GET /xingrg/all/function/internal_message.html?_=1704161168749&CODE_STATE=getMsg HTTP/1.1" 200 27
101.83.145.37 - - [02/Jan/2024:10:06:10 +0800] "GET /xingrg/kc/buy/cgsh_order_operate.html?command=get_materiel&rest_code=00105&code=00101009044&supplier_code=00100151&order_time=2024-01-02 HTTP/1.1" 200 414
180.169.147.146 - - [02/Jan/2024:10:06:11 +0800] "POST /xingrg/kc/buy/cgsh_list_operate.html HTTP/1.1" 200 6372
114.83.218.109 - - [02/Jan/2024:10:06:15 +0800] "GET /xingrg/kc/buy/cgsh_order_operate.html?command=get_materiel&rest_code=00149&code=00101016030&supplier_code=00100096&order_time=2024-01-02 HTTP/1.1" 200 412
114.83.218.109 - - [02/Jan/2024:10:06:16 +0800] "GET /xingrg/all/function/internal_message.html?_=1704161177220&CODE_STATE=getMsg HTTP/1.1" 200 27
180.152.241.252 - - [02/Jan/2024:10:06:17 +0800] "GET /xingrg/kc/buy/cgsh_order_operate.html?command=get_materiel&rest_code=00102&code=00101006177&supplier_code=00100096&order_time=2024-01-02 HTTP/1.1" 200 410
58.39.110.191 - - [02/Jan/2024:10:06:17 +0800] "GET /xingrg/all/function/internal_message.html?_=1704161178232&CODE_STATE=getMsg HTTP/1.1" 200 27
101.83.145.37 - - [02/Jan/2024:10:06:18 +0800] "GET /xingrg/all/function/internal_message.html?_=1704161178532&CODE_STATE=getMsg HTTP/1.1" 200 27
116.232.193.168 - - [02/Jan/2024:10:06:22 +0800] "POST /xingrg/kc/buy/cgsh_order_operate.html HTTP/1.1" 200 37
180.169.147.146 - - [02/Jan/2024:10:06:22 +0800] "GET /xingrg/all/function/internal_message.html?_=1704161150965&CODE_STATE=getMsg HTTP/1.1" 200 27
180.169.147.146 - - [02/Jan/2024:10:06:23 +0800] "POST /xingrg/kc/buy/cgsh_list_operate.html HTTP/1.1" 200 3053
180.152.241.252 - - [02/Jan/2024:10:06:24 +0800] "GET /xingrg/all/function/internal_message.html?_=1704161184212&CODE_STATE=getMsg HTTP/1.1" 200 27
116.232.193.168 - - [02/Jan/2024:10:06:25 +0800] "POST /xingrg/kc/buy/cgsh_order_operate.html HTTP/1.1" 200 23959
180.169.147.146 - - [02/Jan/2024:10:06:25 +0800] "POST /xingrg/kc/buy/cgsh_list_operate.html HTTP/1.1" 200 425
114.83.218.109 - - [02/Jan/2024:10:06:26 +0800] "GET /xingrg/kc/buy/cgsh_order_operate.html?command=get_materiel&rest_code=00149&code=00101016025&supplier_code=00100096&order_time=2024-01-02 HTTP/1.1" 200 410
116.230.112.253 - - [02/Jan/2024:10:06:26 +0800] "GET /xingrg/check_reg.html?_=1704161192228 HTTP/1.1" 200 22
180.169.147.146 - - [02/Jan/2024:10:06:27 +0800] "GET /xingrg/kc/buy/cgsh_order_info.html?code=212023123112077 HTTP/1.1" 200 67850
180.169.147.146 - - [02/Jan/2024:10:06:27 +0800] "GET /xingrg/words/20240102092504_words.js HTTP/1.1" 200 1005273
180.169.147.146 - - [02/Jan/2024:10:06:27 +0800] "GET /xingrg/javascript/easyui/themes/default/validatebox.css HTTP/1.1" 404 1104
180.164.1.25 - - [02/Jan/2024:10:06:28 +0800] "GET /xingrg/all/function/internal_message.html?_=1704161188504&CODE_STATE=getMsg HTTP/1.1" 200 27
180.169.147.146 - - [02/Jan/2024:10:06:28 +0800] "POST /xingrg/kc/buy/cgsh_order_operate.html HTTP/1.1" 200 2384
222.70.180.200 - - [02/Jan/2024:10:06:29 +0800] "GET /xingrg/check_reg.html?_=1704161189643 HTTP/1.1" 200 22
180.169.147.146 - - [02/Jan/2024:10:06:30 +0800] "GET /xingrg/kc/print/load_config.html?kc_code=cgsh HTTP/1.1" 200 1927
180.169.147.146 - - [02/Jan/2024:10:06:32 +0800] "GET /xingrg/check_reg.html?_=1704161160610 HTTP/1.1" 200 22
172.20.0.100 - - [02/Jan/2024:10:06:33 +0800] "POST /xingrg/all/user/operate.html HTTP/1.1" 200 36
180.152.241.252 - - [02/Jan/2024:10:06:33 +0800] "POST /xingrg/kc/buy/cgsh_order_operate.html HTTP/1.1" 200 37
172.20.0.100 - - [02/Jan/2024:10:06:33 +0800] "GET /xingrg/index.html?sysBaseUrl=http%3A%2F%2F172.20.0.8%3A18081%2Fxingrg%2F&costTime=1168×tamp=1704161163134 HTTP/1.1" 200 17454
172.20.0.100 - - [02/Jan/2024:10:06:33 +0800] "GET /xingrg/javascript/jquery_easy_ui/themes/default/easyui.css HTTP/1.1" 304 -
172.20.0.100 - - [02/Jan/2024:10:06:33 +0800] "GET /xingrg/javascript/jquery_easy_ui/themes/icon.css HTTP/1.1" 304 -
172.20.0.100 - - [02/Jan/2024:10:06:33 +0800] "GET /xingrg/css/form.css HTTP/1.1" 304 -
172.20.0.100 - - [02/Jan/2024:10:06:33 +0800] "GET /xingrg/javascript/jquery-1.4.2.min.js HTTP/1.1" 304 -
172.20.0.100 - - [02/Jan/2024:10:06:33 +0800] "GET /xingrg/javascript/jquery_easy_ui/jquery.easyui.min.js HTTP/1.1" 304 -
180.169.147.146 - - [02/Jan/2024:10:06:33 +0800] "GET /xingrg/kc/print/load_data.html?order_code=212023123112077&kc_code=cgsh&condition= HTTP/1.1" 200 1441
172.20.0.100 - - [02/Jan/2024:10:06:34 +0800] "GET /xingrg/javascript/jquery_easy_ui/easyui-lang-zh_CN.js HTTP/1.1" 304 -
172.20.0.100 - - [02/Jan/2024:10:06:34 +0800] "GET /xingrg/javascript/jquery.form.js HTTP/1.1" 304 -
172.20.0.100 - - [02/Jan/2024:10:06:34 +0800] "GET /xingrg/javascript/jquery.utils.js HTTP/1.1" 304 -
172.20.0.100 - - [02/Jan/2024:10:06:34 +0800] "GET /xingrg/javascript/jquery.timers.js HTTP/1.1" 304 -
172.20.0.100 - - [02/Jan/2024:10:06:34 +0800] "GET /xingrg/images/blue/jxLogo.png HTTP/1.1" 304 -
172.20.0.100 - - [02/Jan/2024:10:06:34 +0800] "GET /xingrg/images/blue/navBackgound.jpg HTTP/1.1" 304 -
172.20.0.100 - - [02/Jan/2024:10:06:34 +0800] "GET /xingrg/javascript/jquery_easy_ui/themes/icons/settle_new.png HTTP/1.1" 304 -
172.20.0.100 - - [02/Jan/2024:10:06:34 +0800] "GET /xingrg/all/function/internal_message.html?_=1704161193141&CODE_STATE=count HTTP/1.1" 200 11
172.20.0.100 - - [02/Jan/2024:10:06:34 +0800] "GET /xingrg/check_reg.html?_=1704161193141 HTTP/1.1" 200 22
172.20.0.100 - - [02/Jan/2024:10:06:34 +0800] "GET /xingrg/javascript/jquery_easy_ui/themes/default/images/panel_tool_collapse.gif HTTP/1.1" 304 -
172.20.0.100 - - [02/Jan/2024:10:06:34 +0800] "GET /xingrg/javascript/jquery_easy_ui/themes/default/images/tabs_rightarrow.png HTTP/1.1" 304 -
172.20.0.100 - - [02/Jan/2024:10:06:34 +0800] "GET /xingrg/javascript/jquery_easy_ui/themes/default/images/tabs_leftarrow.png HTTP/1.1" 304 -
172.20.0.100 - - [02/Jan/2024:10:06:34 +0800] "GET /xingrg/javascript/jquery_easy_ui/themes/default/images/panel_tool_expand.gif HTTP/1.1" 304 -
172.20.0.100 - - [02/Jan/2024:10:06:34 +0800] "GET /xingrg/images/blue/pingpu.png HTTP/1.1" 304 -
172.20.0.100 - - [02/Jan/2024:10:06:34 +0800] "POST /xingrg/all/common/load_tree.html?tree=area_rest_tree_json&manage=1 HTTP/1.1" 200 3624
172.20.0.100 - - [02/Jan/2024:10:06:34 +0800] "POST /xingrg/load_menu.html HTTP/1.1" 200 9924
172.20.0.100 - - [02/Jan/2024:10:06:35 +0800] "GET /xingrg/kc/report/report_main.html HTTP/1.1" 200 7320
58.40.7.146 - - [02/Jan/2024:10:06:36 +0800] "GET /xingrg/check_reg.html?_=1704161196325 HTTP/1.1" 200 22
58.40.7.146 - - [02/Jan/2024:10:06:36 +0800] "GET /xingrg/all/function/internal_message.html?_=1704161196326&CODE_STATE=getMsg HTTP/1.1" 200 27
222.70.180.200 - - [02/Jan/2024:10:06:38 +0800] "GET /xingrg/all/function/internal_message.html?_=1704161198117&CODE_STATE=getMsg HTTP/1.1" 200 27
101.83.145.37 - - [02/Jan/2024:10:06:38 +0800] "GET /xingrg/all/function/internal_message.html?_=1704160965294&CODE_STATE=getMsg HTTP/1.1" 200 27
172.20.0.100 - - [02/Jan/2024:10:06:39 +0800] "GET /xingrg/kc/base/check_order_list.html HTTP/1.1" 200 16419
172.20.0.100 - - [02/Jan/2024:10:06:39 +0800] "POST /xingrg/kc/base/check_list_operate.html HTTP/1.1" 200 781
124.79.241.187 - - [02/Jan/2024:10:06:41 +0800] "GET /xingrg/all/function/internal_message.html?_=1704161533224&CODE_STATE=getMsg HTTP/1.1" 200 27
180.152.241.252 - - [02/Jan/2024:10:06:41 +0800] "POST /xingrg/kc/buy/cgsh_order_operate.html HTTP/1.1" 200 12
172.20.0.100 - - [02/Jan/2024:10:06:41 +0800] "POST /xingrg/kc/base/check_list_operate.html HTTP/1.1" 200 5613
116.230.112.253 - - [02/Jan/2024:10:06:42 +0800] "GET /xingrg/all/function/internal_message.html?_=1704161208605&CODE_STATE=getMsg HTTP/1.1" 200 27
101.80.228.56 - - [02/Jan/2024:10:06:43 +0800] "GET /xingrg/all/function/internal_message.html?_=1704161203377&CODE_STATE=getMsg HTTP/1.1" 200 27
180.169.147.146 - - [02/Jan/2024:10:06:43 +0800] "GET /xingrg/all/function/internal_message.html?_=1704161203542&CODE_STATE=getMsg HTTP/1.1" 302 -
120.253.135.82 - - [02/Jan/2024:10:06:45 +0800] "GET /xingrg/all/function/internal_message.html?_=1704161022611&CODE_STATE=getMsg HTTP/1.1" 200 27
180.169.147.146 - - [02/Jan/2024:10:06:47 +0800] "GET /xingrg/kc/buy/cgsh_order_info.html?code=212023123112077 HTTP/1.1" 200 67850
180.169.147.146 - - [02/Jan/2024:10:06:48 +0800] "GET /xingrg/javascript/easyui/themes/default/validatebox.css HTTP/1.1" 404 1104
180.169.147.146 - - [02/Jan/2024:10:06:49 +0800] "POST /xingrg/kc/buy/cgsh_order_operate.html HTTP/1.1" 200 2384
180.152.241.252 - - [02/Jan/2024:10:06:53 +0800] "GET /xingrg/kc/buy/cgsh_order_info.html?code=212024010200498 HTTP/1.1" 200 67826
180.152.241.252 - - [02/Jan/2024:10:06:53 +0800] "GET /xingrg/javascript/easyui/themes/default/validatebox.css HTTP/1.1" 404 1104
172.20.0.100 - - [02/Jan/2024:10:06:54 +0800] "POST /xingrg/kc/base/check_list_operate.html HTTP/1.1" 200 4
180.152.241.252 - - [02/Jan/2024:10:06:54 +0800] "POST /xingrg/kc/buy/cgsh_order_operate.html HTTP/1.1" 200 5345
222.67.232.215 - - [02/Jan/2024:10:06:55 +0800] "GET /xingrg/all/function/internal_message.html?_=1704161215269&CODE_STATE=getMsg HTTP/1.1" 200 27
222.67.232.215 - - [02/Jan/2024:10:06:55 +0800] "GET /xingrg/check_reg.html?_=1704161215272 HTTP/1.1" 200 22
172.20.0.100 - - [02/Jan/2024:10:06:56 +0800] "POST /xingrg/kc/base/check_list_operate.html HTTP/1.1" 200 5616
114.83.218.109 - - [02/Jan/2024:10:06:59 +0800] "GET /xingrg/kc/buy/cgsh_order_operate.html?command=get_materiel&rest_code=00149&code=00101016010&supplier_code=00100096&order_time=2024-01-02 HTTP/1.1" 200 408
114.95.241.104 - - [02/Jan/2024:10:07:00 +0800] "GET /xingrg/all/function/internal_message.html?_=1704161220229&CODE_STATE=getMsg HTTP/1.1" 200 27
180.152.241.252 - - [02/Jan/2024:10:07:01 +0800] "GET /xingrg/kc/print/load_config.html?kc_code=cgsh HTTP/1.1" 200 1927
180.169.147.146 - - [02/Jan/2024:10:07:01 +0800] "GET /xingrg/all/function/internal_message.html?_=1704161221175&CODE_STATE=getMsg HTTP/1.1" 200 27
180.152.241.252 - - [02/Jan/2024:10:07:01 +0800] "GET /xingrg/kc/print/load_data.html?order_code=212024010200498&kc_code=cgsh&condition= HTTP/1.1" 200 2464
116.232.193.168 - - [02/Jan/2024:10:07:09 +0800] "GET /xingrg/all/function/internal_message.html?_=1704161189326&CODE_STATE=getMsg HTTP/1.1" 200 27
124.78.154.219 - - [02/Jan/2024:10:07:10 +0800] "GET /xingrg/all/function/internal_message.html?_=1704161228750&CODE_STATE=getMsg HTTP/1.1" 200 27
114.83.218.109 - - [02/Jan/2024:10:07:16 +0800] "GET /xingrg/all/function/internal_message.html?_=1704161237222&CODE_STATE=getMsg HTTP/1.1" 200 27
114.83.218.109 - - [02/Jan/2024:10:07:16 +0800] "GET /xingrg/check_reg.html?_=1704161237227 HTTP/1.1" 200 22
58.39.110.191 - - [02/Jan/2024:10:07:17 +0800] "GET /xingrg/all/function/internal_message.html?_=1704161238229&CODE_STATE=getMsg HTTP/1.1" 200 27
101.83.145.37 - - [02/Jan/2024:10:07:18 +0800] "GET /xingrg/all/function/internal_message.html?_=1704161238541&CODE_STATE=getMsg HTTP/1.1" 200 27
180.152.241.252 - - [02/Jan/2024:10:07:20 +0800] "GET /xingrg/kc/buy/cgsh_order_add.html HTTP/1.1" 200 72929
180.152.241.252 - - [02/Jan/2024:10:07:20 +0800] "POST /xingrg/kc/buy/cgsh_order_operate.html HTTP/1.1" 200 8245
180.152.241.252 - - [02/Jan/2024:10:07:20 +0800] "GET /xingrg/javascript/easyui/themes/default/validatebox.css HTTP/1.1" 404 1104
180.152.241.252 - - [02/Jan/2024:10:07:21 +0800] "GET /xingrg/javascript/easyui/themes/default/tree.css HTTP/1.1" 404 1090
180.152.241.252 - - [02/Jan/2024:10:07:21 +0800] "POST /xingrg/all/common/load_tree.html?tree=supplier_tree_json&isDelete=1 HTTP/1.1" 200 77165
180.169.147.146 - - [02/Jan/2024:10:07:22 +0800] "GET /xingrg/all/function/internal_message.html?_=1704161210973&CODE_STATE=getMsg HTTP/1.1" 200 27
180.152.241.252 - - [02/Jan/2024:10:07:24 +0800] "GET /xingrg/all/function/internal_message.html?_=1704161244208&CODE_STATE=getMsg HTTP/1.1" 200 27
114.83.218.109 - - [02/Jan/2024:10:07:26 +0800] "GET /xingrg/kc/buy/cgsh_order_operate.html?command=get_materiel&rest_code=00149&code=00101016105&supplier_code=00100096&order_time=2024-01-02 HTTP/1.1" 200 409
180.164.1.25 - - [02/Jan/2024:10:07:28 +0800] "GET /xingrg/all/function/internal_message.html?_=1704161248491&CODE_STATE=getMsg HTTP/1.1" 200 27
172.20.0.100 - - [02/Jan/2024:10:07:34 +0800] "GET /xingrg/all/function/internal_message.html?_=1704161253152&CODE_STATE=getMsg HTTP/1.1" 200 27
180.152.241.252 - - [02/Jan/2024:10:07:35 +0800] "GET /xingrg/kc/buy/cgsh_order_operate.html?command=get_materiel&rest_code=00102&code=00101002027&supplier_code=00100400&order_time=2024-01-02 HTTP/1.1" 200 413
58.40.7.146 - - [02/Jan/2024:10:07:36 +0800] "GET /xingrg/all/function/internal_message.html?_=1704161256312&CODE_STATE=getMsg HTTP/1.1" 200 27
222.70.180.200 - - [02/Jan/2024:10:07:38 +0800] "GET /xingrg/all/function/internal_message.html?_=1704161258097&CODE_STATE=getMsg HTTP/1.1" 200 27
101.83.145.37 - - [02/Jan/2024:10:07:38 +0800] "GET /xingrg/all/function/internal_message.html?_=1704161025295&CODE_STATE=getMsg HTTP/1.1" 200 27
114.83.218.109 - - [02/Jan/2024:10:07:39 +0800] "GET /xingrg/kc/buy/cgsh_order_operate.html?command=get_materiel&rest_code=00149&code=00101006240&supplier_code=00100096&order_time=2024-01-02 HTTP/1.1" 200 424
124.79.241.187 - - [02/Jan/2024:10:07:41 +0800] "GET /xingrg/check_reg.html?_=1704161593243 HTTP/1.1" 200 22
124.79.241.187 - - [02/Jan/2024:10:07:41 +0800] "GET /xingrg/all/function/internal_message.html?_=1704161593242&CODE_STATE=getMsg HTTP/1.1" 200 27
180.164.1.25 - - [02/Jan/2024:10:07:42 +0800] "POST /xingrg/services/DataTransmitService HTTP/1.1" 200 524
116.230.112.253 - - [02/Jan/2024:10:07:42 +0800] "GET /xingrg/all/function/internal_message.html?_=1704161268618&CODE_STATE=getMsg HTTP/1.1" 200 27
101.80.228.56 - - [02/Jan/2024:10:07:43 +0800] "GET /xingrg/all/function/internal_message.html?_=1704161263375&CODE_STATE=getMsg HTTP/1.1" 200 27
180.169.147.146 - - [02/Jan/2024:10:07:43 +0800] "GET /xingrg/all/function/internal_message.html?_=1704161263538&CODE_STATE=getMsg HTTP/1.1" 302 -
180.152.241.252 - - [02/Jan/2024:10:07:45 +0800] "GET /xingrg/kc/buy/cgsh_order_operate.html?command=get_materiel&rest_code=00102&code=00101010161&supplier_code=00100400&order_time=2024-01-02 HTTP/1.1" 200 408
120.253.135.82 - - [02/Jan/2024:10:07:46 +0800] "GET /xingrg/all/function/internal_message.html?_=1704161082626&CODE_STATE=getMsg HTTP/1.1" 200 27
116.232.193.168 - - [02/Jan/2024:10:07:50 +0800] "POST /xingrg/kc/buy/cgsh_order_operate.html HTTP/1.1" 200 37
116.230.112.253 - - [02/Jan/2024:10:07:53 +0800] "POST /xingrg/services/DataTransmitService HTTP/1.1" 200 524
116.232.193.168 - - [02/Jan/2024:10:07:53 +0800] "POST /xingrg/kc/buy/cgsh_order_operate.html HTTP/1.1" 200 23959
116.230.112.253 - - [02/Jan/2024:10:07:54 +0800] "POST /xingrg/services/DataTransmitService HTTP/1.1" 200 412
222.67.232.215 - - [02/Jan/2024:10:07:55 +0800] "GET /xingrg/all/function/internal_message.html?_=1704161275253&CODE_STATE=getMsg HTTP/1.1" 200 27
114.83.218.109 - - [02/Jan/2024:10:07:55 +0800] "GET /xingrg/check_reg.html?_=1704161275384 HTTP/1.1" 200 22
114.83.218.109 - - [02/Jan/2024:10:07:55 +0800] "GET /xingrg/all/function/internal_message.html?_=1704161275388&CODE_STATE=getMsg HTTP/1.1" 200 27
116.232.193.168 - - [02/Jan/2024:10:07:56 +0800] "GET /xingrg/kc/print/load_data.html?order_code=212024010200488&kc_code=cgsh&condition= HTTP/1.1" 200 8792
218.79.29.24 - - [02/Jan/2024:10:07:56 +0800] "GET /xingrg/check_reg.html?_=1704161279050 HTTP/1.1" 302 -
180.152.241.252 - - [02/Jan/2024:10:07:56 +0800] "GET /xingrg/kc/buy/cgsh_order_operate.html?command=get_materiel&rest_code=00102&code=00101001069&supplier_code=00100400&order_time=2024-01-02 HTTP/1.1" 200 409
114.95.241.104 - - [02/Jan/2024:10:08:00 +0800] "GET /xingrg/all/function/internal_message.html?_=1704161280200&CODE_STATE=getMsg HTTP/1.1" 200 27
114.83.218.109 - - [02/Jan/2024:10:08:00 +0800] "POST /xingrg/kc/buy/cgsh_list_operate.html HTTP/1.1" 200 10356
180.169.147.146 - - [02/Jan/2024:10:08:01 +0800] "GET /xingrg/all/function/internal_message.html?_=1704161281177&CODE_STATE=getMsg HTTP/1.1" 200 27
114.83.218.109 - - [02/Jan/2024:10:08:02 +0800] "GET /xingrg/kc/buy/cgsh_order_operate.html?command=get_materiel&rest_code=00149&code=00101006057&supplier_code=00100096&order_time=2024-01-02 HTTP/1.1" 200 413
180.152.241.252 - - [02/Jan/2024:10:08:08 +0800] "POST /xingrg/kc/buy/cgsh_order_operate.html HTTP/1.1" 200 37
116.232.193.168 - - [02/Jan/2024:10:08:09 +0800] "GET /xingrg/all/function/internal_message.html?_=1704161249317&CODE_STATE=getMsg HTTP/1.1" 200 27
124.78.154.219 - - [02/Jan/2024:10:08:10 +0800] "GET /xingrg/check_reg.html?_=1704161288753 HTTP/1.1" 200 22
124.78.154.219 - - [02/Jan/2024:10:08:10 +0800] "GET /xingrg/all/function/internal_message.html?_=1704161288754&CODE_STATE=getMsg HTTP/1.1" 200 27
114.83.218.109 - - [02/Jan/2024:10:08:16 +0800] "GET /xingrg/all/function/internal_message.html?_=1704161297233&CODE_STATE=getMsg HTTP/1.1" 200 27
58.39.110.191 - - [02/Jan/2024:10:08:17 +0800] "GET /xingrg/all/function/internal_message.html?_=1704161298231&CODE_STATE=getMsg HTTP/1.1" 200 27
101.83.145.37 - - [02/Jan/2024:10:08:18 +0800] "GET /xingrg/all/function/internal_message.html?_=1704161298526&CODE_STATE=getMsg HTTP/1.1" 200 27
114.83.218.109 - - [02/Jan/2024:10:08:18 +0800] "GET /xingrg/kc/buy/cgsh_order_operate.html?command=get_materiel&rest_code=00149&code=00101006175&supplier_code=00100096&order_time=2024-01-02 HTTP/1.1" 200 414
180.152.241.252 - - [02/Jan/2024:10:08:19 +0800] "POST /xingrg/kc/buy/cgsh_order_operate.html HTTP/1.1" 200 12
180.152.241.252 - - [02/Jan/2024:10:08:21 +0800] "GET /xingrg/kc/buy/cgsh_order_info.html?code=212024010200499 HTTP/1.1" 200 67834
180.152.241.252 - - [02/Jan/2024:10:08:21 +0800] "GET /xingrg/words/20240102092504_words.js HTTP/1.1" 304 -
180.152.241.252 - - [02/Jan/2024:10:08:21 +0800] "GET /xingrg/javascript/easyui/themes/default/validatebox.css HTTP/1.1" 404 1104
180.169.147.146 - - [02/Jan/2024:10:08:22 +0800] "GET /xingrg/all/function/internal_message.html?_=1704161270984&CODE_STATE=getMsg HTTP/1.1" 200 27
180.152.241.252 - - [02/Jan/2024:10:08:22 +0800] "POST /xingrg/kc/buy/cgsh_order_operate.html HTTP/1.1" 200 1782
180.152.241.252 - - [02/Jan/2024:10:08:24 +0800] "GET /xingrg/check_reg.html?_=1704161304206 HTTP/1.1" 200 22
180.152.241.252 - - [02/Jan/2024:10:08:24 +0800] "GET /xingrg/all/function/internal_message.html?_=1704161304208&CODE_STATE=getMsg HTTP/1.1" 200 27
180.152.241.252 - - [02/Jan/2024:10:08:24 +0800] "GET /xingrg/kc/print/load_data.html?order_code=212024010200499&kc_code=cgsh&condition= HTTP/1.1" 200 1119
180.164.1.25 - - [02/Jan/2024:10:08:28 +0800] "GET /xingrg/all/function/internal_message.html?_=1704161308467&CODE_STATE=getMsg HTTP/1.1" 200 27
180.152.241.252 - - [02/Jan/2024:10:08:28 +0800] "GET /xingrg/kc/buy/cgsh_order_add.html HTTP/1.1" 200 72929
180.152.241.252 - - [02/Jan/2024:10:08:29 +0800] "GET /xingrg/javascript/easyui/themes/default/validatebox.css HTTP/1.1" 404 1104
180.152.241.252 - - [02/Jan/2024:10:08:29 +0800] "POST /xingrg/kc/buy/cgsh_order_operate.html HTTP/1.1" 200 8245
114.83.218.109 - - [02/Jan/2024:10:08:33 +0800] "GET /xingrg/kc/buy/cgsh_order_operate.html?command=get_materiel&rest_code=00149&code=00101007043&supplier_code=00100096&order_time=2024-01-02 HTTP/1.1" 200 408
172.20.0.100 - - [02/Jan/2024:10:08:34 +0800] "GET /xingrg/all/function/internal_message.html?_=1704161313155&CODE_STATE=getMsg HTTP/1.1" 200 27
58.40.7.146 - - [02/Jan/2024:10:08:36 +0800] "GET /xingrg/all/function/internal_message.html?_=1704161316318&CODE_STATE=getMsg HTTP/1.1" 200 27
222.70.180.200 - - [02/Jan/2024:10:08:38 +0800] "GET /xingrg/all/function/internal_message.html?_=1704161318077&CODE_STATE=getMsg HTTP/1.1" 200 27
101.83.145.37 - - [02/Jan/2024:10:08:38 +0800] "GET /xingrg/all/function/internal_message.html?_=1704161085295&CODE_STATE=getMsg HTTP/1.1" 200 27
124.79.241.187 - - [02/Jan/2024:10:08:41 +0800] "GET /xingrg/all/function/internal_message.html?_=1704161653227&CODE_STATE=getMsg HTTP/1.1" 200 27
116.230.112.253 - - [02/Jan/2024:10:08:43 +0800] "GET /xingrg/all/function/internal_message.html?_=1704161328674&CODE_STATE=getMsg HTTP/1.1" 200 27
101.80.228.56 - - [02/Jan/2024:10:08:43 +0800] "GET /xingrg/all/function/internal_message.html?_=1704161323390&CODE_STATE=getMsg HTTP/1.1" 200 27
180.169.147.146 - - [02/Jan/2024:10:08:43 +0800] "GET /xingrg/all/function/internal_message.html?_=1704161323544&CODE_STATE=getMsg HTTP/1.1" 302 -
120.253.135.82 - - [02/Jan/2024:10:08:45 +0800] "GET /xingrg/all/function/internal_message.html?_=1704161142981&CODE_STATE=getMsg HTTP/1.1" 200 27
222.67.232.215 - - [02/Jan/2024:10:08:55 +0800] "GET /xingrg/all/function/internal_message.html?_=1704161335231&CODE_STATE=getMsg HTTP/1.1" 200 27
114.83.218.109 - - [02/Jan/2024:10:08:55 +0800] "GET /xingrg/all/function/internal_message.html?_=1704161335366&CODE_STATE=getMsg HTTP/1.1" 200 27
180.152.241.252 - - [02/Jan/2024:10:08:58 +0800] "GET /xingrg/javascript/easyui/themes/default/tree.css HTTP/1.1" 404 1090
180.152.241.252 - - [02/Jan/2024:10:08:59 +0800] "POST /xingrg/all/common/load_tree.html?tree=supplier_tree_json&isDelete=1 HTTP/1.1" 200 77165
114.83.218.109 - - [02/Jan/2024:10:08:59 +0800] "GET /xingrg/kc/buy/cgsh_order_operate.html?command=get_materiel&rest_code=00149&code=00101006056&supplier_code=00100096&order_time=2024-01-02 HTTP/1.1" 200 413
114.95.241.104 - - [02/Jan/2024:10:09:00 +0800] "GET /xingrg/all/function/internal_message.html?_=1704161340186&CODE_STATE=getMsg HTTP/1.1" 200 27
120.253.135.82 - - [02/Jan/2024:10:09:01 +0800] "GET /xingrg/check_reg.html?_=1704161158792 HTTP/1.1" 200 22
180.169.147.146 - - [02/Jan/2024:10:09:01 +0800] "GET /xingrg/check_reg.html?_=1704161341173 HTTP/1.1" 200 22
180.169.147.146 - - [02/Jan/2024:10:09:01 +0800] "GET /xingrg/all/function/internal_message.html?_=1704161341175&CODE_STATE=getMsg HTTP/1.1" 200 27
116.232.193.168 - - [02/Jan/2024:10:09:09 +0800] "GET /xingrg/all/function/internal_message.html?_=1704161309317&CODE_STATE=getMsg HTTP/1.1" 200 27
124.78.154.219 - - [02/Jan/2024:10:09:10 +0800] "GET /xingrg/all/function/internal_message.html?_=1704161348757&CODE_STATE=getMsg HTTP/1.1" 200 27
114.83.218.109 - - [02/Jan/2024:10:09:16 +0800] "GET /xingrg/all/function/internal_message.html?_=1704161357220&CODE_STATE=getMsg HTTP/1.1" 200 27
180.152.241.252 - - [02/Jan/2024:10:09:16 +0800] "GET /xingrg/kc/buy/cgsh_order_operate.html?command=get_materiel&rest_code=00102&code=00101009112&supplier_code=00100022&order_time=2024-01-02 HTTP/1.1" 200 425
58.39.110.191 - - [02/Jan/2024:10:09:17 +0800] "GET /xingrg/all/function/internal_message.html?_=1704161358230&CODE_STATE=getMsg HTTP/1.1" 200 27
101.83.145.37 - - [02/Jan/2024:10:09:18 +0800] "GET /xingrg/all/function/internal_message.html?_=1704161358525&CODE_STATE=getMsg HTTP/1.1" 200 27
101.83.145.37 - - [02/Jan/2024:10:09:18 +0800] "GET /xingrg/check_reg.html?_=1704161358529 HTTP/1.1" 200 22
180.169.147.146 - - [02/Jan/2024:10:09:22 +0800] "GET /xingrg/all/function/internal_message.html?_=1704161330996&CODE_STATE=getMsg HTTP/1.1" 200 27
180.152.241.252 - - [02/Jan/2024:10:09:24 +0800] "GET /xingrg/all/function/internal_message.html?_=1704161364206&CODE_STATE=getMsg HTTP/1.1" 200 27
114.83.218.109 - - [02/Jan/2024:10:09:28 +0800] "GET /xingrg/kc/buy/cgsh_order_operate.html?command=get_materiel&rest_code=00149&code=00101007047&supplier_code=00100096&order_time=2024-01-02 HTTP/1.1" 200 409
180.164.1.25 - - [02/Jan/2024:10:09:28 +0800] "GET /xingrg/all/function/internal_message.html?_=1704161368450&CODE_STATE=getMsg HTTP/1.1" 200 27
180.164.1.25 - - [02/Jan/2024:10:09:28 +0800] "GET /xingrg/check_reg.html?_=1704161368675 HTTP/1.1" 200 22
124.78.154.219 - - [02/Jan/2024:10:09:29 +0800] "POST /xingrg/services/DataTransmitService HTTP/1.1" 200 524
124.78.154.219 - - [02/Jan/2024:10:09:31 +0800] "POST /xingrg/services/DataTransmitService HTTP/1.1" 200 2655
124.78.154.219 - - [02/Jan/2024:10:09:32 +0800] "POST /xingrg/services/DataTransmitService HTTP/1.1" 200 178008
180.152.241.252 - - [02/Jan/2024:10:09:33 +0800] "GET /xingrg/kc/buy/cgsh_order_operate.html?command=get_materiel&rest_code=00102&code=00101009011&supplier_code=00100022&order_time=2024-01-02 HTTP/1.1" 200 418
172.20.0.100 - - [02/Jan/2024:10:09:34 +0800] "GET /xingrg/all/function/internal_message.html?_=1704161373156&CODE_STATE=getMsg HTTP/1.1" 200 27
58.40.7.146 - - [02/Jan/2024:10:09:36 +0800] "GET /xingrg/all/function/internal_message.html?_=1704161376323&CODE_STATE=getMsg HTTP/1.1" 200 27
222.70.180.200 - - [02/Jan/2024:10:09:38 +0800] "GET /xingrg/all/function/internal_message.html?_=1704161378049&CODE_STATE=getMsg HTTP/1.1" 200 27
101.83.145.37 - - [02/Jan/2024:10:09:38 +0800] "GET /xingrg/all/function/internal_message.html?_=1704161145296&CODE_STATE=getMsg HTTP/1.1" 200 27
124.79.241.187 - - [02/Jan/2024:10:09:41 +0800] "GET /xingrg/all/function/internal_message.html?_=1704161713226&CODE_STATE=getMsg HTTP/1.1" 200 27
116.230.112.253 - - [02/Jan/2024:10:09:43 +0800] "GET /xingrg/all/function/internal_message.html?_=1704161388677&CODE_STATE=getMsg HTTP/1.1" 200 27
101.80.228.56 - - [02/Jan/2024:10:09:43 +0800] "GET /xingrg/all/function/internal_message.html?_=1704161383388&CODE_STATE=getMsg HTTP/1.1" 200 27
180.169.147.146 - - [02/Jan/2024:10:09:43 +0800] "GET /xingrg/check_reg.html?_=1704161383562 HTTP/1.1" 302 -
180.169.147.146 - - [02/Jan/2024:10:09:43 +0800] "GET /xingrg/all/function/internal_message.html?_=1704161383556&CODE_STATE=getMsg HTTP/1.1" 302 -
120.253.135.82 - - [02/Jan/2024:10:09:45 +0800] "GET /xingrg/all/function/internal_message.html?_=1704161202998&CODE_STATE=getMsg HTTP/1.1" 200 27
180.152.241.252 - - [02/Jan/2024:10:09:46 +0800] "GET /xingrg/kc/buy/cgsh_order_operate.html?command=get_materiel&rest_code=00102&code=00101009062&supplier_code=00100022&order_time=2024-01-02 HTTP/1.1" 200 414
114.83.218.109 - - [02/Jan/2024:10:09:52 +0800] "POST /xingrg/kc/buy/cgsh_order_operate.html HTTP/1.1" 200 37
222.67.232.215 - - [02/Jan/2024:10:09:55 +0800] "GET /xingrg/all/function/internal_message.html?_=1704161395202&CODE_STATE=getMsg HTTP/1.1" 200 27
114.83.218.109 - - [02/Jan/2024:10:09:55 +0800] "GET /xingrg/all/function/internal_message.html?_=1704161395345&CODE_STATE=getMsg HTTP/1.1" 200 27
180.152.241.252 - - [02/Jan/2024:10:09:58 +0800] "POST /xingrg/kc/buy/cgsh_order_operate.html HTTP/1.1" 200 37
114.85.37.70 - - [02/Jan/2024:10:09:59 +0800] "GET /xingrg HTTP/1.1" 302 -
114.95.241.104 - - [02/Jan/2024:10:10:00 +0800] "GET /xingrg/all/function/internal_message.html?_=1704161400163&CODE_STATE=getMsg HTTP/1.1" 200 27
114.85.37.70 - - [02/Jan/2024:10:10:00 +0800] "GET /xingrg/ HTTP/1.1" 304 -
180.169.147.146 - - [02/Jan/2024:10:10:01 +0800] "GET /xingrg/all/function/internal_message.html?_=1704161401172&CODE_STATE=getMsg HTTP/1.1" 200 27
114.83.218.109 - - [02/Jan/2024:10:10:02 +0800] "POST /xingrg/kc/buy/cgsh_order_operate.html HTTP/1.1" 200 12
114.83.218.109 - - [02/Jan/2024:10:10:06 +0800] "GET /xingrg/kc/buy/cgsh_order_info.html?code=212024010200500 HTTP/1.1" 200 67881
114.83.218.109 - - [02/Jan/2024:10:10:06 +0800] "GET /xingrg/words/20240102092504_words.js HTTP/1.1" 304 -
114.83.218.109 - - [02/Jan/2024:10:10:07 +0800] "GET /xingrg/javascript/easyui/themes/default/validatebox.css HTTP/1.1" 404 1104
114.83.218.109 - - [02/Jan/2024:10:10:08 +0800] "POST /xingrg/kc/buy/cgsh_order_operate.html HTTP/1.1" 200 5939
116.232.193.168 - - [02/Jan/2024:10:10:09 +0800] "GET /xingrg/all/function/internal_message.html?_=1704161369330&CODE_STATE=getMsg HTTP/1.1" 200 27
116.232.193.168 - - [02/Jan/2024:10:10:09 +0800] "GET /xingrg/check_reg.html?_=1704161369332 HTTP/1.1" 200 22
114.83.218.109 - - [02/Jan/2024:10:10:10 +0800] "GET /xingrg/kc/print/load_data.html?order_code=212024010200500&kc_code=cgsh&condition= HTTP/1.1" 200 2713
124.78.154.219 - - [02/Jan/2024:10:10:10 +0800] "GET /xingrg/all/function/internal_message.html?_=1704161408758&CODE_STATE=getMsg HTTP/1.1" 200 27
180.152.241.252 - - [02/Jan/2024:10:10:13 +0800] "POST /xingrg/kc/buy/cgsh_order_operate.html HTTP/1.1" 200 12
114.83.218.109 - - [02/Jan/2024:10:10:16 +0800] "GET /xingrg/all/function/internal_message.html?_=1704161417235&CODE_STATE=getMsg HTTP/1.1" 200 27
58.39.110.191 - - [02/Jan/2024:10:10:17 +0800] "GET /xingrg/check_reg.html?_=1704161418220 HTTP/1.1" 200 22
58.39.110.191 - - [02/Jan/2024:10:10:17 +0800] "GET /xingrg/all/function/internal_message.html?_=1704161418222&CODE_STATE=getMsg HTTP/1.1" 200 27
180.152.241.252 - - [02/Jan/2024:10:10:17 +0800] "GET /xingrg/kc/buy/cgsh_order_info.html?code=212024010200501 HTTP/1.1" 200 67834
180.152.241.252 - - [02/Jan/2024:10:10:18 +0800] "GET /xingrg/javascript/easyui/themes/default/validatebox.css HTTP/1.1" 404 1104
101.83.145.37 - - [02/Jan/2024:10:10:18 +0800] "GET /xingrg/all/function/internal_message.html?_=1704161418532&CODE_STATE=getMsg HTTP/1.1" 200 27
180.152.241.252 - - [02/Jan/2024:10:10:19 +0800] "POST /xingrg/kc/buy/cgsh_order_operate.html HTTP/1.1" 200 1806
180.169.147.146 - - [02/Jan/2024:10:10:22 +0800] "GET /xingrg/all/function/internal_message.html?_=1704161391012&CODE_STATE=getMsg HTTP/1.1" 200 27
114.85.37.70 - - [02/Jan/2024:10:10:23 +0800] "GET /xingrg/index.html HTTP/1.1" 302 -
114.85.37.70 - - [02/Jan/2024:10:10:23 +0800] "GET /xingrg/login.html HTTP/1.1" 200 7641
114.83.218.109 - - [02/Jan/2024:10:10:23 +0800] "GET /xingrg/kc/buy/cgsh_order_add.html HTTP/1.1" 200 72982
114.85.37.70 - - [02/Jan/2024:10:10:23 +0800] "GET /favicon.ico HTTP/1.1" 404 -
114.85.37.70 - - [02/Jan/2024:10:10:24 +0800] "GET /xingrg/images/blue/jxLogo.png HTTP/1.1" 304 -
114.83.218.109 - - [02/Jan/2024:10:10:24 +0800] "POST /xingrg/kc/buy/cgsh_order_operate.html HTTP/1.1" 200 8245
114.83.218.109 - - [02/Jan/2024:10:10:24 +0800] "GET /xingrg/javascript/easyui/themes/default/validatebox.css HTTP/1.1" 404 1104
