180.169.147.146 - - [01/Jan/2024:07:14:45 +0800] "GET /xingrg/all/function/internal_message.html?_=1704064485069&CODE_STATE=getMsg HTTP/1.1" 302 -
180.169.147.146 - - [01/Jan/2024:07:14:45 +0800] "GET /xingrg/check_reg.html?_=1704064485071 HTTP/1.1" 302 -
120.253.135.82 - - [01/Jan/2024:07:15:00 +0800] "GET /xingrg/all/function/internal_message.html?_=1704064318461&CODE_STATE=getMsg HTTP/1.1" 200 27
124.78.154.219 - - [01/Jan/2024:07:15:08 +0800] "GET /xingrg/all/function/internal_message.html?_=1704064507170&CODE_STATE=getMsg HTTP/1.1" 200 27
221.239.172.206 - - [01/Jan/2024:07:15:08 +0800] "GET /xingrg/all/function/internal_message.html?_=1704064508471&CODE_STATE=getMsg HTTP/1.1" 302 -
101.83.145.37 - - [01/Jan/2024:07:15:14 +0800] "GET /xingrg/all/function/internal_message.html?_=1704064516382&CODE_STATE=getMsg HTTP/1.1" 302 -
101.83.145.37 - - [01/Jan/2024:07:15:14 +0800] "GET /xingrg/check_reg.html?_=1704064516386 HTTP/1.1" 302 -
58.40.7.146 - - [01/Jan/2024:07:15:16 +0800] "GET /xingrg/all/function/internal_message.html?_=1704064516243&CODE_STATE=getMsg HTTP/1.1" 302 -
120.253.135.82 - - [01/Jan/2024:07:15:19 +0800] "GET /xingrg/kc/buy/cgth_order_list.html HTTP/1.1" 200 56515
120.253.135.82 - - [01/Jan/2024:07:15:20 +0800] "POST /xingrg/kc/buy/cgth_list_operate.html HTTP/1.1" 200 1919
116.232.193.168 - - [01/Jan/2024:07:15:20 +0800] "GET /xingrg/all/function/internal_message.html?_=1704064482442&CODE_STATE=getMsg HTTP/1.1" 302 -
120.253.135.82 - - [01/Jan/2024:07:15:24 +0800] "POST /xingrg/kc/buy/cgth_list_operate.html HTTP/1.1" 200 207
222.67.232.215 - - [01/Jan/2024:07:15:27 +0800] "GET /xingrg/all/function/internal_message.html?_=1704064527205&CODE_STATE=getMsg HTTP/1.1" 200 27
114.95.241.104 - - [01/Jan/2024:07:15:30 +0800] "GET /xingrg/all/function/internal_message.html?_=1704064530849&CODE_STATE=getMsg HTTP/1.1" 302 -
58.40.7.146 - - [01/Jan/2024:07:15:32 +0800] "GET /xingrg/all/function/internal_message.html?_=1704064532885&CODE_STATE=getMsg HTTP/1.1" 302 -
116.230.112.67 - - [01/Jan/2024:07:15:43 +0800] "GET /xingrg/all/function/internal_message.html?_=1704064544307&CODE_STATE=getMsg HTTP/1.1" 302 -
180.169.147.146 - - [01/Jan/2024:07:15:45 +0800] "GET /xingrg/all/function/internal_message.html?_=1704064545083&CODE_STATE=getMsg HTTP/1.1" 302 -
218.81.65.124 - - [01/Jan/2024:07:15:57 +0800] "GET /xingrg/check_reg.html?_=1704064557818 HTTP/1.1" 302 -
120.253.135.82 - - [01/Jan/2024:07:16:00 +0800] "GET /xingrg/all/function/internal_message.html?_=1704064378471&CODE_STATE=getMsg HTTP/1.1" 200 27
124.78.154.219 - - [01/Jan/2024:07:16:08 +0800] "GET /xingrg/all/function/internal_message.html?_=1704064567171&CODE_STATE=getMsg HTTP/1.1" 200 27
124.78.154.219 - - [01/Jan/2024:07:16:08 +0800] "GET /xingrg/check_reg.html?_=1704064567175 HTTP/1.1" 200 22
221.239.172.206 - - [01/Jan/2024:07:16:08 +0800] "GET /xingrg/all/function/internal_message.html?_=1704064568443&CODE_STATE=getMsg HTTP/1.1" 302 -
101.83.145.37 - - [01/Jan/2024:07:16:14 +0800] "GET /xingrg/all/function/internal_message.html?_=1704064576385&CODE_STATE=getMsg HTTP/1.1" 302 -
120.253.135.82 - - [01/Jan/2024:07:16:15 +0800] "GET /xingrg/kc/buy/cgth_order_info.html?code=232023123100018 HTTP/1.1" 200 74393
120.253.135.82 - - [01/Jan/2024:07:16:15 +0800] "GET /xingrg/javascript/tools/jquery.qtip-1.0.0-rc3.min.js HTTP/1.1" 304 -
120.253.135.82 - - [01/Jan/2024:07:16:15 +0800] "GET /xingrg/dwr/interface/AjaxComOrderService.js HTTP/1.1" 200 18264
120.253.135.82 - - [01/Jan/2024:07:16:15 +0800] "GET /xingrg/dwr/interface/AjaxCgthService.js HTTP/1.1" 200 14519
120.253.135.82 - - [01/Jan/2024:07:16:15 +0800] "GET /xingrg/dwr/engine.js HTTP/1.1" 200 43631
120.253.135.82 - - [01/Jan/2024:07:16:15 +0800] "GET /xingrg/javascript/AjaxInfoList.js HTTP/1.1" 304 -
120.253.135.82 - - [01/Jan/2024:07:16:15 +0800] "GET /xingrg/javascript/Grid.js HTTP/1.1" 304 -
120.253.135.82 - - [01/Jan/2024:07:16:15 +0800] "GET /xingrg/javascript/ToolTips.js HTTP/1.1" 304 -
58.40.7.146 - - [01/Jan/2024:07:16:16 +0800] "GET /xingrg/all/function/internal_message.html?_=1704064576230&CODE_STATE=getMsg HTTP/1.1" 302 -
120.253.135.82 - - [01/Jan/2024:07:16:16 +0800] "POST /xingrg/all/common/load_tree.html?tree=supplier_tree_json&isDelete=1 HTTP/1.1" 200 77165
120.253.135.82 - - [01/Jan/2024:07:16:17 +0800] "POST /xingrg/dwr/call/plaincall/AjaxCgthService.loadMaterielItems.dwr HTTP/1.1" 200 902
116.232.193.168 - - [01/Jan/2024:07:16:20 +0800] "GET /xingrg/all/function/internal_message.html?_=1704064542447&CODE_STATE=getMsg HTTP/1.1" 302 -
222.67.232.215 - - [01/Jan/2024:07:16:27 +0800] "GET /xingrg/all/function/internal_message.html?_=1704064587187&CODE_STATE=getMsg HTTP/1.1" 200 27
114.95.241.104 - - [01/Jan/2024:07:16:30 +0800] "GET /xingrg/all/function/internal_message.html?_=1704064590858&CODE_STATE=getMsg HTTP/1.1" 302 -
58.40.7.146 - - [01/Jan/2024:07:16:32 +0800] "GET /xingrg/all/function/internal_message.html?_=1704064592858&CODE_STATE=getMsg HTTP/1.1" 302 -
120.253.135.82 - - [01/Jan/2024:07:16:39 +0800] "POST /xingrg/dwr/call/plaincall/AjaxCgthService.checkOrder.dwr HTTP/1.1" 200 78
120.253.135.82 - - [01/Jan/2024:07:16:40 +0800] "GET /xingrg/kc/buy/cgth_order_info.html?code=232023123100018&part=buyck HTTP/1.1" 200 72133
120.253.135.82 - - [01/Jan/2024:07:16:41 +0800] "GET /xingrg/dwr/interface/AjaxComOrderService.js HTTP/1.1" 200 18264
120.253.135.82 - - [01/Jan/2024:07:16:41 +0800] "GET /xingrg/dwr/interface/AjaxCgthService.js HTTP/1.1" 200 14519
120.253.135.82 - - [01/Jan/2024:07:16:41 +0800] "GET /xingrg/dwr/engine.js HTTP/1.1" 200 43631
120.253.135.82 - - [01/Jan/2024:07:16:42 +0800] "POST /xingrg/all/common/load_tree.html?tree=supplier_tree_json&isDelete=1 HTTP/1.1" 200 77165
116.230.112.67 - - [01/Jan/2024:07:16:43 +0800] "GET /xingrg/all/function/internal_message.html?_=1704064604315&CODE_STATE=getMsg HTTP/1.1" 302 -
120.253.135.82 - - [01/Jan/2024:07:16:43 +0800] "POST /xingrg/dwr/call/plaincall/AjaxCgthService.loadMaterielItems.dwr HTTP/1.1" 200 812
180.169.147.146 - - [01/Jan/2024:07:16:45 +0800] "GET /xingrg/all/function/internal_message.html?_=1704064605082&CODE_STATE=getMsg HTTP/1.1" 302 -
120.253.135.82 - - [01/Jan/2024:07:16:49 +0800] "GET /xingrg/kc/buy/cgth_order_list.html?isBack=1 HTTP/1.1" 200 56515
120.253.135.82 - - [01/Jan/2024:07:16:49 +0800] "POST /xingrg/kc/buy/cgth_list_operate.html HTTP/1.1" 200 1035
120.253.135.82 - - [01/Jan/2024:07:16:51 +0800] "GET /xingrg/kc/buy/cgsh_order_list.html HTTP/1.1" 200 57112
120.253.135.82 - - [01/Jan/2024:07:16:53 +0800] "POST /xingrg/kc/buy/cgsh_list_operate.html HTTP/1.1" 200 986
120.253.135.82 - - [01/Jan/2024:07:16:55 +0800] "GET /xingrg/kc/buy/cgsh_order_add.html HTTP/1.1" 200 71958
120.253.135.82 - - [01/Jan/2024:07:16:55 +0800] "POST /xingrg/kc/buy/cgsh_order_operate.html HTTP/1.1" 200 8245
120.253.135.82 - - [01/Jan/2024:07:16:55 +0800] "GET /xingrg/all/common/auto_word.html?type=employee&rest_code=00101 HTTP/1.1" 200 973
120.253.135.82 - - [01/Jan/2024:07:16:55 +0800] "GET /xingrg/all/common/auto_word.html?type=employee&rest_code=00101 HTTP/1.1" 200 973
120.253.135.82 - - [01/Jan/2024:07:16:55 +0800] "GET /xingrg/javascript/easyui/themes/default/validatebox.css HTTP/1.1" 404 1104
114.95.241.104 - - [01/Jan/2024:07:17:00 +0800] "POST /xingrg/services/DataTransmitService HTTP/1.1" 200 524
120.253.135.82 - - [01/Jan/2024:07:17:00 +0800] "GET /xingrg/all/function/internal_message.html?_=1704064438485&CODE_STATE=getMsg HTTP/1.1" 200 27
120.253.135.82 - - [01/Jan/2024:07:17:05 +0800] "POST /xingrg/all/common/load_combo.html?type=employee HTTP/1.1" 200 1749
124.78.154.219 - - [01/Jan/2024:07:17:08 +0800] "GET /xingrg/all/function/internal_message.html?_=1704064627178&CODE_STATE=getMsg HTTP/1.1" 200 27
221.239.172.206 - - [01/Jan/2024:07:17:08 +0800] "GET /xingrg/all/function/internal_message.html?_=1704064628427&CODE_STATE=getMsg HTTP/1.1" 302 -
101.83.145.37 - - [01/Jan/2024:07:17:14 +0800] "GET /xingrg/all/function/internal_message.html?_=1704064636383&CODE_STATE=getMsg HTTP/1.1" 302 -
58.40.7.146 - - [01/Jan/2024:07:17:16 +0800] "GET /xingrg/all/function/internal_message.html?_=1704064636202&CODE_STATE=getMsg HTTP/1.1" 302 -
116.232.193.168 - - [01/Jan/2024:07:17:20 +0800] "GET /xingrg/all/function/internal_message.html?_=1704064602440&CODE_STATE=getMsg HTTP/1.1" 302 -
120.253.135.82 - - [01/Jan/2024:07:17:20 +0800] "GET /xingrg/kc/buy/cgsh_order_operate.html?command=get_materiel&rest_code=00101&code=00101013067&supplier_code=00100231&order_time=2024-01-01 HTTP/1.1" 200 416
222.67.232.215 - - [01/Jan/2024:07:17:27 +0800] "GET /xingrg/all/function/internal_message.html?_=1704064647167&CODE_STATE=getMsg HTTP/1.1" 200 27
114.95.241.104 - - [01/Jan/2024:07:17:30 +0800] "GET /xingrg/all/function/internal_message.html?_=1704064650848&CODE_STATE=getMsg HTTP/1.1" 302 -
58.40.7.146 - - [01/Jan/2024:07:17:32 +0800] "GET /xingrg/all/function/internal_message.html?_=1704064652828&CODE_STATE=getMsg HTTP/1.1" 302 -
120.253.135.82 - - [01/Jan/2024:07:17:36 +0800] "POST /xingrg/kc/buy/cgsh_order_operate.html HTTP/1.1" 200 37
120.253.135.82 - - [01/Jan/2024:07:17:38 +0800] "POST /xingrg/kc/buy/cgsh_order_operate.html HTTP/1.1" 200 2663
120.253.135.82 - - [01/Jan/2024:07:17:42 +0800] "GET /xingrg/kc/print/load_config.html?kc_code=cgsh HTTP/1.1" 200 1927
120.253.135.82 - - [01/Jan/2024:07:17:42 +0800] "GET /xingrg/kc/print/load_data.html?order_code=212024010100001&kc_code=cgsh&condition= HTTP/1.1" 200 677
116.230.112.67 - - [01/Jan/2024:07:17:43 +0800] "GET /xingrg/all/function/internal_message.html?_=1704064664350&CODE_STATE=getMsg HTTP/1.1" 302 -
180.169.147.146 - - [01/Jan/2024:07:17:45 +0800] "GET /xingrg/all/function/internal_message.html?_=1704064665075&CODE_STATE=getMsg HTTP/1.1" 302 -
120.253.135.82 - - [01/Jan/2024:07:17:55 +0800] "GET /xingrg/check_reg.html?_=1704064493010 HTTP/1.1" 200 22
120.253.135.82 - - [01/Jan/2024:07:18:00 +0800] "GET /xingrg/all/function/internal_message.html?_=1704064498498&CODE_STATE=getMsg HTTP/1.1" 200 27
124.78.154.219 - - [01/Jan/2024:07:18:08 +0800] "GET /xingrg/all/function/internal_message.html?_=1704064687163&CODE_STATE=getMsg HTTP/1.1" 200 27
221.239.172.206 - - [01/Jan/2024:07:18:08 +0800] "GET /xingrg/all/function/internal_message.html?_=1704064688411&CODE_STATE=getMsg HTTP/1.1" 302 -
101.83.145.37 - - [01/Jan/2024:07:18:14 +0800] "GET /xingrg/all/function/internal_message.html?_=1704064696412&CODE_STATE=getMsg HTTP/1.1" 302 -
58.40.7.146 - - [01/Jan/2024:07:18:16 +0800] "GET /xingrg/all/function/internal_message.html?_=1704064696174&CODE_STATE=getMsg HTTP/1.1" 302 -
116.232.193.168 - - [01/Jan/2024:07:18:20 +0800] "GET /xingrg/all/function/internal_message.html?_=1704064662449&CODE_STATE=getMsg HTTP/1.1" 302 -
221.239.172.206 - - [01/Jan/2024:07:18:21 +0800] "GET /xingrg/check_reg.html?_=1704064701755 HTTP/1.1" 302 -
222.67.232.215 - - [01/Jan/2024:07:18:27 +0800] "GET /xingrg/all/function/internal_message.html?_=1704064707147&CODE_STATE=getMsg HTTP/1.1" 200 27
116.232.193.168 - - [01/Jan/2024:07:18:30 +0800] "POST /xingrg/services/DataTransmitService HTTP/1.1" 200 524
114.95.241.104 - - [01/Jan/2024:07:18:30 +0800] "GET /xingrg/all/function/internal_message.html?_=1704064710852&CODE_STATE=getMsg HTTP/1.1" 302 -
114.95.241.104 - - [01/Jan/2024:07:18:30 +0800] "GET /xingrg/check_reg.html?_=1704064710853 HTTP/1.1" 302 -
58.40.7.146 - - [01/Jan/2024:07:18:32 +0800] "GET /xingrg/all/function/internal_message.html?_=1704064712797&CODE_STATE=getMsg HTTP/1.1" 302 -
58.40.7.146 - - [01/Jan/2024:07:18:39 +0800] "GET /xingrg/check_reg.html?_=1704064719363 HTTP/1.1" 302 -
116.230.112.67 - - [01/Jan/2024:07:18:43 +0800] "GET /xingrg/all/function/internal_message.html?_=1704064724357&CODE_STATE=getMsg HTTP/1.1" 302 -
180.169.147.146 - - [01/Jan/2024:07:18:45 +0800] "GET /xingrg/all/function/internal_message.html?_=1704064725080&CODE_STATE=getMsg HTTP/1.1" 302 -
58.40.7.146 - - [01/Jan/2024:07:18:55 +0800] "GET /xingrg/check_reg.html?_=1704064735972 HTTP/1.1" 302 -
120.253.135.82 - - [01/Jan/2024:07:19:01 +0800] "GET /xingrg/all/function/internal_message.html?_=1704064558512&CODE_STATE=getMsg HTTP/1.1" 200 27
124.78.154.219 - - [01/Jan/2024:07:19:08 +0800] "GET /xingrg/all/function/internal_message.html?_=1704064747164&CODE_STATE=getMsg HTTP/1.1" 200 27
221.239.172.206 - - [01/Jan/2024:07:19:08 +0800] "GET /xingrg/all/function/internal_message.html?_=1704064748385&CODE_STATE=getMsg HTTP/1.1" 302 -
101.83.145.37 - - [01/Jan/2024:07:19:14 +0800] "GET /xingrg/all/function/internal_message.html?_=1704064756400&CODE_STATE=getMsg HTTP/1.1" 302 -
58.40.7.146 - - [01/Jan/2024:07:19:16 +0800] "GET /xingrg/all/function/internal_message.html?_=1704064756145&CODE_STATE=getMsg HTTP/1.1" 302 -
116.232.193.168 - - [01/Jan/2024:07:19:20 +0800] "GET /xingrg/all/function/internal_message.html?_=1704064722453&CODE_STATE=getMsg HTTP/1.1" 302 -
116.230.112.67 - - [01/Jan/2024:07:19:23 +0800] "GET /xingrg/check_reg.html?_=1704064764731 HTTP/1.1" 302 -
120.253.135.82 - - [01/Jan/2024:07:19:24 +0800] "POST /xingrg/kc/buy/cgsh_order_operate.html HTTP/1.1" 200 37
222.67.232.215 - - [01/Jan/2024:07:19:27 +0800] "GET /xingrg/all/function/internal_message.html?_=1704064767128&CODE_STATE=getMsg HTTP/1.1" 200 27
120.253.135.82 - - [01/Jan/2024:07:19:30 +0800] "POST /xingrg/kc/buy/cgsh_order_operate.html HTTP/1.1" 200 12
114.95.241.104 - - [01/Jan/2024:07:19:30 +0800] "GET /xingrg/all/function/internal_message.html?_=1704064770854&CODE_STATE=getMsg HTTP/1.1" 302 -
116.232.193.168 - - [01/Jan/2024:07:19:32 +0800] "GET /xingrg/check_reg.html?_=1704064734592 HTTP/1.1" 302 -
58.40.7.146 - - [01/Jan/2024:07:19:32 +0800] "GET /xingrg/all/function/internal_message.html?_=1704064772772&CODE_STATE=getMsg HTTP/1.1" 302 -
120.253.135.82 - - [01/Jan/2024:07:19:33 +0800] "GET /xingrg/kc/buy/cgsh_order_info.html?code=212024010100001 HTTP/1.1" 200 66877
120.253.135.82 - - [01/Jan/2024:07:19:34 +0800] "GET /xingrg/javascript/easyui/themes/default/validatebox.css HTTP/1.1" 404 1104
124.78.154.219 - - [01/Jan/2024:07:19:34 +0800] "POST /xingrg/services/DataTransmitService HTTP/1.1" 200 524
120.253.135.82 - - [01/Jan/2024:07:19:35 +0800] "POST /xingrg/kc/buy/cgsh_order_operate.html HTTP/1.1" 200 613
120.253.135.82 - - [01/Jan/2024:07:19:38 +0800] "GET /xingrg/kc/buy/cgsh_order_add.html HTTP/1.1" 200 71958
222.67.232.215 - - [01/Jan/2024:07:19:38 +0800] "GET /xingrg/check_reg.html?_=1704064778392 HTTP/1.1" 200 22
120.253.135.82 - - [01/Jan/2024:07:19:38 +0800] "POST /xingrg/kc/buy/cgsh_order_operate.html HTTP/1.1" 200 8245
120.253.135.82 - - [01/Jan/2024:07:19:39 +0800] "GET /xingrg/javascript/easyui/themes/default/validatebox.css HTTP/1.1" 404 1104
116.230.112.67 - - [01/Jan/2024:07:19:43 +0800] "GET /xingrg/all/function/internal_message.html?_=1704064784394&CODE_STATE=getMsg HTTP/1.1" 302 -
180.169.147.146 - - [01/Jan/2024:07:19:45 +0800] "GET /xingrg/check_reg.html?_=1704064785089 HTTP/1.1" 302 -
180.169.147.146 - - [01/Jan/2024:07:19:45 +0800] "GET /xingrg/all/function/internal_message.html?_=1704064785091&CODE_STATE=getMsg HTTP/1.1" 302 -
120.253.135.82 - - [01/Jan/2024:07:19:47 +0800] "GET /xingrg/javascript/jquery_tools/images/prev.gif HTTP/1.1" 404 1086
120.253.135.82 - - [01/Jan/2024:07:19:47 +0800] "GET /xingrg/javascript/jquery_tools/images/next.gif HTTP/1.1" 404 1086
120.253.135.82 - - [01/Jan/2024:07:19:50 +0800] "POST /xingrg/all/common/load_combo.html?type=employee HTTP/1.1" 200 1749
120.253.135.82 - - [01/Jan/2024:07:20:01 +0800] "GET /xingrg/all/function/internal_message.html?_=1704064618526&CODE_STATE=getMsg HTTP/1.1" 200 27
120.253.135.82 - - [01/Jan/2024:07:20:03 +0800] "GET /xingrg/kc/buy/cgsh_order_operate.html?command=get_materiel&rest_code=00101&code=00101012077&supplier_code=00100129&order_time=2024-01-01 HTTP/1.1" 200 417
124.78.154.219 - - [01/Jan/2024:07:20:08 +0800] "GET /xingrg/all/function/internal_message.html?_=1704064807166&CODE_STATE=getMsg HTTP/1.1" 200 27
221.239.172.206 - - [01/Jan/2024:07:20:08 +0800] "GET /xingrg/all/function/internal_message.html?_=1704064808371&CODE_STATE=getMsg HTTP/1.1" 302 -
222.67.232.215 - - [01/Jan/2024:07:20:12 +0800] "POST /xingrg/services/DataTransmitService HTTP/1.1" 200 524
101.83.145.37 - - [01/Jan/2024:07:20:14 +0800] "GET /xingrg/all/function/internal_message.html?_=1704064816401&CODE_STATE=getMsg HTTP/1.1" 302 -
101.83.145.37 - - [01/Jan/2024:07:20:14 +0800] "GET /xingrg/check_reg.html?_=1704064816402 HTTP/1.1" 302 -
58.40.7.146 - - [01/Jan/2024:07:20:16 +0800] "GET /xingrg/all/function/internal_message.html?_=1704064816116&CODE_STATE=getMsg HTTP/1.1" 302 -
116.232.193.168 - - [01/Jan/2024:07:20:20 +0800] "GET /xingrg/all/function/internal_message.html?_=1704064782438&CODE_STATE=getMsg HTTP/1.1" 302 -
120.253.135.82 - - [01/Jan/2024:07:20:20 +0800] "POST /xingrg/kc/buy/cgsh_order_operate.html HTTP/1.1" 200 37
120.253.135.82 - - [01/Jan/2024:07:20:22 +0800] "POST /xingrg/kc/buy/cgsh_order_operate.html HTTP/1.1" 200 2669
120.253.135.82 - - [01/Jan/2024:07:20:25 +0800] "GET /xingrg/kc/print/load_data.html?order_code=212024010100002&kc_code=cgsh&condition= HTTP/1.1" 200 719
222.67.232.215 - - [01/Jan/2024:07:20:27 +0800] "GET /xingrg/all/function/internal_message.html?_=1704064827127&CODE_STATE=getMsg HTTP/1.1" 200 27
114.95.241.104 - - [01/Jan/2024:07:20:30 +0800] "GET /xingrg/all/function/internal_message.html?_=1704064830845&CODE_STATE=getMsg HTTP/1.1" 302 -
58.40.7.146 - - [01/Jan/2024:07:20:32 +0800] "GET /xingrg/all/function/internal_message.html?_=1704064832742&CODE_STATE=getMsg HTTP/1.1" 302 -
116.230.112.67 - - [01/Jan/2024:07:20:43 +0800] "GET /xingrg/all/function/internal_message.html?_=1704064844399&CODE_STATE=getMsg HTTP/1.1" 302 -
180.169.147.146 - - [01/Jan/2024:07:20:45 +0800] "GET /xingrg/all/function/internal_message.html?_=1704064845086&CODE_STATE=getMsg HTTP/1.1" 302 -
218.81.65.124 - - [01/Jan/2024:07:20:57 +0800] "GET /xingrg/check_reg.html?_=1704064857824 HTTP/1.1" 302 -
120.253.135.82 - - [01/Jan/2024:07:21:01 +0800] "GET /xingrg/all/function/internal_message.html?_=1704064678539&CODE_STATE=getMsg HTTP/1.1" 200 27
124.78.154.219 - - [01/Jan/2024:07:21:08 +0800] "GET /xingrg/all/function/internal_message.html?_=1704064867172&CODE_STATE=getMsg HTTP/1.1" 200 27
124.78.154.219 - - [01/Jan/2024:07:21:08 +0800] "GET /xingrg/check_reg.html?_=1704064867176 HTTP/1.1" 200 22
221.239.172.206 - - [01/Jan/2024:07:21:08 +0800] "GET /xingrg/all/function/internal_message.html?_=1704064868355&CODE_STATE=getMsg HTTP/1.1" 302 -
101.83.145.37 - - [01/Jan/2024:07:21:14 +0800] "GET /xingrg/all/function/internal_message.html?_=1704064876401&CODE_STATE=getMsg HTTP/1.1" 302 -
58.40.7.146 - - [01/Jan/2024:07:21:16 +0800] "GET /xingrg/all/function/internal_message.html?_=1704064876087&CODE_STATE=getMsg HTTP/1.1" 302 -
116.230.112.67 - - [01/Jan/2024:07:21:19 +0800] "POST /xingrg/services/DataTransmitService HTTP/1.1" 200 524
116.230.112.67 - - [01/Jan/2024:07:21:20 +0800] "POST /xingrg/services/DataTransmitService HTTP/1.1" 200 412
116.232.193.168 - - [01/Jan/2024:07:21:20 +0800] "GET /xingrg/all/function/internal_message.html?_=1704064842446&CODE_STATE=getMsg HTTP/1.1" 302 -
222.67.232.215 - - [01/Jan/2024:07:21:27 +0800] "GET /xingrg/all/function/internal_message.html?_=1704064887103&CODE_STATE=getMsg HTTP/1.1" 200 27
114.95.241.104 - - [01/Jan/2024:07:21:30 +0800] "GET /xingrg/all/function/internal_message.html?_=1704064890855&CODE_STATE=getMsg HTTP/1.1" 302 -
58.40.7.146 - - [01/Jan/2024:07:21:32 +0800] "GET /xingrg/all/function/internal_message.html?_=1704064892713&CODE_STATE=getMsg HTTP/1.1" 302 -
116.230.112.67 - - [01/Jan/2024:07:21:43 +0800] "GET /xingrg/all/function/internal_message.html?_=1704064904436&CODE_STATE=getMsg HTTP/1.1" 302 -
180.169.147.146 - - [01/Jan/2024:07:21:45 +0800] "GET /xingrg/all/function/internal_message.html?_=1704064905074&CODE_STATE=getMsg HTTP/1.1" 302 -
120.253.135.82 - - [01/Jan/2024:07:22:01 +0800] "GET /xingrg/all/function/internal_message.html?_=1704064738694&CODE_STATE=getMsg HTTP/1.1" 200 27
120.253.135.82 - - [01/Jan/2024:07:22:02 +0800] "POST /xingrg/kc/buy/cgsh_order_operate.html HTTP/1.1" 200 37
120.253.135.82 - - [01/Jan/2024:07:22:06 +0800] "POST /xingrg/kc/buy/cgsh_order_operate.html HTTP/1.1" 200 12
124.78.154.219 - - [01/Jan/2024:07:22:08 +0800] "GET /xingrg/all/function/internal_message.html?_=1704064927177&CODE_STATE=getMsg HTTP/1.1" 200 27
221.239.172.206 - - [01/Jan/2024:07:22:08 +0800] "GET /xingrg/all/function/internal_message.html?_=1704064928339&CODE_STATE=getMsg HTTP/1.1" 302 -
120.253.135.82 - - [01/Jan/2024:07:22:09 +0800] "GET /xingrg/kc/buy/cgsh_order_info.html?code=212024010100002 HTTP/1.1" 200 66867
120.253.135.82 - - [01/Jan/2024:07:22:10 +0800] "GET /xingrg/javascript/easyui/themes/default/validatebox.css HTTP/1.1" 404 1104
120.253.135.82 - - [01/Jan/2024:07:22:11 +0800] "POST /xingrg/kc/buy/cgsh_order_operate.html HTTP/1.1" 200 619
120.253.135.82 - - [01/Jan/2024:07:22:13 +0800] "POST /xingrg/kc/buy/cgsh_list_operate.html HTTP/1.1" 200 986
101.83.145.37 - - [01/Jan/2024:07:22:14 +0800] "GET /xingrg/all/function/internal_message.html?_=1704064936402&CODE_STATE=getMsg HTTP/1.1" 302 -
120.253.135.82 - - [01/Jan/2024:07:22:15 +0800] "GET /xingrg/kc/pszx/mdqp_order_list.html?state=10 HTTP/1.1" 200 10319
120.253.135.82 - - [01/Jan/2024:07:22:15 +0800] "GET /xingrg/dwr/interface/AjaxQqpsService.js HTTP/1.1" 200 16326
120.253.135.82 - - [01/Jan/2024:07:22:15 +0800] "GET /xingrg/dwr/interface/AjaxReportQueryService.js HTTP/1.1" 200 13203
120.253.135.82 - - [01/Jan/2024:07:22:15 +0800] "GET /xingrg/dwr/engine.js HTTP/1.1" 200 43631
58.40.7.146 - - [01/Jan/2024:07:22:16 +0800] "GET /xingrg/all/function/internal_message.html?_=1704064936059&CODE_STATE=getMsg HTTP/1.1" 302 -
120.253.135.82 - - [01/Jan/2024:07:22:16 +0800] "POST /xingrg/kc/buy/cgsh_list_operate.html HTTP/1.1" 200 986
116.232.193.168 - - [01/Jan/2024:07:22:20 +0800] "GET /xingrg/all/function/internal_message.html?_=1704064902437&CODE_STATE=getMsg HTTP/1.1" 302 -
222.67.232.215 - - [01/Jan/2024:07:22:27 +0800] "GET /xingrg/all/function/internal_message.html?_=1704064947081&CODE_STATE=getMsg HTTP/1.1" 200 27
114.95.241.104 - - [01/Jan/2024:07:22:30 +0800] "GET /xingrg/all/function/internal_message.html?_=1704064950847&CODE_STATE=getMsg HTTP/1.1" 302 -
58.40.7.146 - - [01/Jan/2024:07:22:32 +0800] "GET /xingrg/all/function/internal_message.html?_=1704064952683&CODE_STATE=getMsg HTTP/1.1" 302 -
116.230.112.67 - - [01/Jan/2024:07:22:43 +0800] "GET /xingrg/all/function/internal_message.html?_=1704064964442&CODE_STATE=getMsg HTTP/1.1" 302 -
180.169.147.146 - - [01/Jan/2024:07:22:45 +0800] "GET /xingrg/all/function/internal_message.html?_=1704064965088&CODE_STATE=getMsg HTTP/1.1" 302 -
120.253.135.82 - - [01/Jan/2024:07:22:55 +0800] "GET /xingrg/check_reg.html?_=1704064793018 HTTP/1.1" 200 22
120.253.135.82 - - [01/Jan/2024:07:23:01 +0800] "GET /xingrg/all/function/internal_message.html?_=1704064798707&CODE_STATE=getMsg HTTP/1.1" 200 27
221.239.172.206 - - [01/Jan/2024:07:23:08 +0800] "GET /xingrg/all/function/internal_message.html?_=1704064988310&CODE_STATE=getMsg HTTP/1.1" 302 -
124.78.154.219 - - [01/Jan/2024:07:23:08 +0800] "GET /xingrg/all/function/internal_message.html?_=1704064987182&CODE_STATE=getMsg HTTP/1.1" 200 27
101.83.145.37 - - [01/Jan/2024:07:23:14 +0800] "GET /xingrg/all/function/internal_message.html?_=1704064996403&CODE_STATE=getMsg HTTP/1.1" 302 -
58.40.7.146 - - [01/Jan/2024:07:23:16 +0800] "GET /xingrg/all/function/internal_message.html?_=1704064996030&CODE_STATE=getMsg HTTP/1.1" 302 -
116.232.193.168 - - [01/Jan/2024:07:23:20 +0800] "GET /xingrg/all/function/internal_message.html?_=1704064962435&CODE_STATE=getMsg HTTP/1.1" 302 -
221.239.172.206 - - [01/Jan/2024:07:23:21 +0800] "GET /xingrg/check_reg.html?_=1704065001733 HTTP/1.1" 302 -
120.253.135.82 - - [01/Jan/2024:07:23:25 +0800] "GET /xingrg/kc/pszx/mdps_order_list.html?orderType=0 HTTP/1.1" 200 21036
120.253.135.82 - - [01/Jan/2024:07:23:26 +0800] "POST /xingrg/kc/pszx/mdps_list_operate.html HTTP/1.1" 200 5377
222.67.232.215 - - [01/Jan/2024:07:23:27 +0800] "GET /xingrg/all/function/internal_message.html?_=1704065007062&CODE_STATE=getMsg HTTP/1.1" 200 27
114.95.241.104 - - [01/Jan/2024:07:23:30 +0800] "GET /xingrg/all/function/internal_message.html?_=1704065010853&CODE_STATE=getMsg HTTP/1.1" 302 -
114.95.241.104 - - [01/Jan/2024:07:23:30 +0800] "GET /xingrg/check_reg.html?_=1704065010855 HTTP/1.1" 302 -
120.253.135.82 - - [01/Jan/2024:07:23:30 +0800] "POST /xingrg/kc/pszx/mdps_list_operate.html HTTP/1.1" 200 3496
58.40.7.146 - - [01/Jan/2024:07:23:32 +0800] "GET /xingrg/all/function/internal_message.html?_=1704065012654&CODE_STATE=getMsg HTTP/1.1" 302 -
58.40.7.146 - - [01/Jan/2024:07:23:39 +0800] "GET /xingrg/check_reg.html?_=1704065019345 HTTP/1.1" 302 -
116.230.112.67 - - [01/Jan/2024:07:23:43 +0800] "GET /xingrg/all/function/internal_message.html?_=1704065024484&CODE_STATE=getMsg HTTP/1.1" 302 -
180.169.147.146 - - [01/Jan/2024:07:23:45 +0800] "GET /xingrg/all/function/internal_message.html?_=1704065025078&CODE_STATE=getMsg HTTP/1.1" 302 -
58.40.7.146 - - [01/Jan/2024:07:23:55 +0800] "GET /xingrg/check_reg.html?_=1704065035955 HTTP/1.1" 302 -
120.253.135.82 - - [01/Jan/2024:07:24:01 +0800] "GET /xingrg/all/function/internal_message.html?_=1704064858874&CODE_STATE=getMsg HTTP/1.1" 200 27
221.239.172.206 - - [01/Jan/2024:07:24:08 +0800] "GET /xingrg/all/function/internal_message.html?_=1704065048284&CODE_STATE=getMsg HTTP/1.1" 302 -
124.78.154.219 - - [01/Jan/2024:07:24:08 +0800] "GET /xingrg/all/function/internal_message.html?_=1704065047183&CODE_STATE=getMsg HTTP/1.1" 200 27
101.83.145.37 - - [01/Jan/2024:07:24:14 +0800] "GET /xingrg/all/function/internal_message.html?_=1704065056405&CODE_STATE=getMsg HTTP/1.1" 302 -
58.40.7.146 - - [01/Jan/2024:07:24:15 +0800] "GET /xingrg/all/function/internal_message.html?_=1704065056009&CODE_STATE=getMsg HTTP/1.1" 302 -
116.232.193.168 - - [01/Jan/2024:07:24:20 +0800] "GET /xingrg/all/function/internal_message.html?_=1704065022435&CODE_STATE=getMsg HTTP/1.1" 302 -
116.230.112.67 - - [01/Jan/2024:07:24:23 +0800] "GET /xingrg/check_reg.html?_=1704065064736 HTTP/1.1" 302 -
222.67.232.215 - - [01/Jan/2024:07:24:27 +0800] "GET /xingrg/all/function/internal_message.html?_=1704065067036&CODE_STATE=getMsg HTTP/1.1" 200 27
114.89.202.115 - - [01/Jan/2024:07:24:29 +0800] "POST /xingrg/services/DataTransmitService HTTP/1.1" 200 524
114.95.241.104 - - [01/Jan/2024:07:24:30 +0800] "GET /xingrg/all/function/internal_message.html?_=1704065070853&CODE_STATE=getMsg HTTP/1.1" 302 -
116.232.193.168 - - [01/Jan/2024:07:24:32 +0800] "GET /xingrg/check_reg.html?_=1704065034596 HTTP/1.1" 302 -
58.40.7.146 - - [01/Jan/2024:07:24:32 +0800] "GET /xingrg/all/function/internal_message.html?_=1704065072630&CODE_STATE=getMsg HTTP/1.1" 302 -
222.67.232.215 - - [01/Jan/2024:07:24:38 +0800] "GET /xingrg/check_reg.html?_=1704065078377 HTTP/1.1" 200 22
116.230.112.67 - - [01/Jan/2024:07:24:43 +0800] "GET /xingrg/all/function/internal_message.html?_=1704065084486&CODE_STATE=getMsg HTTP/1.1" 302 -
180.169.147.146 - - [01/Jan/2024:07:24:45 +0800] "GET /xingrg/check_reg.html?_=1704065085085 HTTP/1.1" 302 -
180.169.147.146 - - [01/Jan/2024:07:24:45 +0800] "GET /xingrg/all/function/internal_message.html?_=1704065085083&CODE_STATE=getMsg HTTP/1.1" 302 -
120.253.135.82 - - [01/Jan/2024:07:25:01 +0800] "GET /xingrg/all/function/internal_message.html?_=1704064918874&CODE_STATE=getMsg HTTP/1.1" 200 27
221.239.172.206 - - [01/Jan/2024:07:25:08 +0800] "GET /xingrg/all/function/internal_message.html?_=1704065108267&CODE_STATE=getMsg HTTP/1.1" 302 -
124.78.154.219 - - [01/Jan/2024:07:25:08 +0800] "GET /xingrg/all/function/internal_message.html?_=1704065107171&CODE_STATE=getMsg HTTP/1.1" 200 27
101.83.145.37 - - [01/Jan/2024:07:25:14 +0800] "GET /xingrg/check_reg.html?_=1704065116407 HTTP/1.1" 302 -
101.83.145.37 - - [01/Jan/2024:07:25:14 +0800] "GET /xingrg/all/function/internal_message.html?_=1704065116411&CODE_STATE=getMsg HTTP/1.1" 302 -
58.40.7.146 - - [01/Jan/2024:07:25:15 +0800] "GET /xingrg/all/function/internal_message.html?_=1704065115979&CODE_STATE=getMsg HTTP/1.1" 302 -
116.232.193.168 - - [01/Jan/2024:07:25:20 +0800] "GET /xingrg/all/function/internal_message.html?_=1704065082436&CODE_STATE=getMsg HTTP/1.1" 302 -
222.67.232.215 - - [01/Jan/2024:07:25:27 +0800] "GET /xingrg/all/function/internal_message.html?_=1704065127028&CODE_STATE=getMsg HTTP/1.1" 200 27
114.95.241.104 - - [01/Jan/2024:07:25:30 +0800] "GET /xingrg/all/function/internal_message.html?_=1704065130845&CODE_STATE=getMsg HTTP/1.1" 302 -
58.40.7.146 - - [01/Jan/2024:07:25:32 +0800] "GET /xingrg/all/function/internal_message.html?_=1704065132614&CODE_STATE=getMsg HTTP/1.1" 302 -
116.230.112.67 - - [01/Jan/2024:07:25:43 +0800] "GET /xingrg/all/function/internal_message.html?_=1704065144543&CODE_STATE=getMsg HTTP/1.1" 302 -
180.169.147.146 - - [01/Jan/2024:07:25:45 +0800] "GET /xingrg/all/function/internal_message.html?_=1704065145074&CODE_STATE=getMsg HTTP/1.1" 302 -
218.81.65.124 - - [01/Jan/2024:07:25:57 +0800] "GET /xingrg/check_reg.html?_=1704065157802 HTTP/1.1" 302 -
120.253.135.82 - - [01/Jan/2024:07:26:01 +0800] "GET /xingrg/all/function/internal_message.html?_=1704064979047&CODE_STATE=getMsg HTTP/1.1" 200 27
221.239.172.206 - - [01/Jan/2024:07:26:08 +0800] "GET /xingrg/all/function/internal_message.html?_=1704065168253&CODE_STATE=getMsg HTTP/1.1" 302 -
124.78.154.219 - - [01/Jan/2024:07:26:08 +0800] "GET /xingrg/all/function/internal_message.html?_=1704065167176&CODE_STATE=getMsg HTTP/1.1" 200 27
124.78.154.219 - - [01/Jan/2024:07:26:08 +0800] "GET /xingrg/check_reg.html?_=1704065167200 HTTP/1.1" 200 22
101.83.145.37 - - [01/Jan/2024:07:26:14 +0800] "GET /xingrg/all/function/internal_message.html?_=1704065176412&CODE_STATE=getMsg HTTP/1.1" 302 -
58.40.7.146 - - [01/Jan/2024:07:26:15 +0800] "GET /xingrg/all/function/internal_message.html?_=1704065175950&CODE_STATE=getMsg HTTP/1.1" 302 -
116.232.193.168 - - [01/Jan/2024:07:26:20 +0800] "GET /xingrg/all/function/internal_message.html?_=1704065142446&CODE_STATE=getMsg HTTP/1.1" 302 -
222.67.232.215 - - [01/Jan/2024:07:26:27 +0800] "GET /xingrg/all/function/internal_message.html?_=1704065187007&CODE_STATE=getMsg HTTP/1.1" 200 27
114.95.241.104 - - [01/Jan/2024:07:26:30 +0800] "GET /xingrg/all/function/internal_message.html?_=1704065190853&CODE_STATE=getMsg HTTP/1.1" 302 -
58.40.7.146 - - [01/Jan/2024:07:26:32 +0800] "GET /xingrg/all/function/internal_message.html?_=1704065192584&CODE_STATE=getMsg HTTP/1.1" 302 -
116.230.112.67 - - [01/Jan/2024:07:26:43 +0800] "GET /xingrg/all/function/internal_message.html?_=1704065204559&CODE_STATE=getMsg HTTP/1.1" 302 -
114.83.218.109 - - [01/Jan/2024:07:26:44 +0800] "POST /xingrg/services/DataTransmitService HTTP/1.1" 200 524
180.169.147.146 - - [01/Jan/2024:07:26:45 +0800] "GET /xingrg/all/function/internal_message.html?_=1704065205090&CODE_STATE=getMsg HTTP/1.1" 302 -
120.253.135.82 - - [01/Jan/2024:07:27:01 +0800] "GET /xingrg/all/function/internal_message.html?_=1704065039057&CODE_STATE=getMsg HTTP/1.1" 200 27
221.239.172.206 - - [01/Jan/2024:07:27:08 +0800] "GET /xingrg/all/function/internal_message.html?_=1704065228237&CODE_STATE=getMsg HTTP/1.1" 302 -
124.78.154.219 - - [01/Jan/2024:07:27:08 +0800] "GET /xingrg/all/function/internal_message.html?_=1704065227187&CODE_STATE=getMsg HTTP/1.1" 200 27
101.83.145.37 - - [01/Jan/2024:07:27:14 +0800] "GET /xingrg/all/function/internal_message.html?_=1704065236400&CODE_STATE=getMsg HTTP/1.1" 302 -
58.40.7.146 - - [01/Jan/2024:07:27:15 +0800] "GET /xingrg/all/function/internal_message.html?_=1704065235921&CODE_STATE=getMsg HTTP/1.1" 302 -
116.232.193.168 - - [01/Jan/2024:07:27:20 +0800] "GET /xingrg/all/function/internal_message.html?_=1704065202438&CODE_STATE=getMsg HTTP/1.1" 302 -
222.67.232.215 - - [01/Jan/2024:07:27:27 +0800] "GET /xingrg/all/function/internal_message.html?_=1704065246996&CODE_STATE=getMsg HTTP/1.1" 200 27
114.95.241.104 - - [01/Jan/2024:07:27:30 +0800] "GET /xingrg/all/function/internal_message.html?_=1704065250842&CODE_STATE=getMsg HTTP/1.1" 302 -
58.40.7.146 - - [01/Jan/2024:07:27:32 +0800] "GET /xingrg/all/function/internal_message.html?_=1704065252571&CODE_STATE=getMsg HTTP/1.1" 302 -
116.230.112.67 - - [01/Jan/2024:07:27:43 +0800] "GET /xingrg/all/function/internal_message.html?_=1704065264602&CODE_STATE=getMsg HTTP/1.1" 302 -
180.169.147.146 - - [01/Jan/2024:07:27:45 +0800] "GET /xingrg/all/function/internal_message.html?_=1704065265079&CODE_STATE=getMsg HTTP/1.1" 302 -
120.253.135.82 - - [01/Jan/2024:07:27:55 +0800] "GET /xingrg/check_reg.html?_=1704065093184 HTTP/1.1" 200 22
120.253.135.82 - - [01/Jan/2024:07:28:01 +0800] "GET /xingrg/all/function/internal_message.html?_=1704065099071&CODE_STATE=getMsg HTTP/1.1" 200 27
221.239.172.206 - - [01/Jan/2024:07:28:08 +0800] "GET /xingrg/all/function/internal_message.html?_=1704065288217&CODE_STATE=getMsg HTTP/1.1" 302 -
124.78.154.219 - - [01/Jan/2024:07:28:08 +0800] "GET /xingrg/all/function/internal_message.html?_=1704065287188&CODE_STATE=getMsg HTTP/1.1" 200 27
101.83.145.37 - - [01/Jan/2024:07:28:14 +0800] "GET /xingrg/all/function/internal_message.html?_=1704065296400&CODE_STATE=getMsg HTTP/1.1" 302 -
58.40.7.146 - - [01/Jan/2024:07:28:15 +0800] "GET /xingrg/all/function/internal_message.html?_=1704065295894&CODE_STATE=getMsg HTTP/1.1" 302 -
116.232.193.168 - - [01/Jan/2024:07:28:20 +0800] "GET /xingrg/all/function/internal_message.html?_=1704065262431&CODE_STATE=getMsg HTTP/1.1" 302 -
221.239.172.206 - - [01/Jan/2024:07:28:21 +0800] "GET /xingrg/check_reg.html?_=1704065301714 HTTP/1.1" 302 -
222.67.232.215 - - [01/Jan/2024:07:28:26 +0800] "GET /xingrg/all/function/internal_message.html?_=1704065306960&CODE_STATE=getMsg HTTP/1.1" 200 27
114.95.241.104 - - [01/Jan/2024:07:28:30 +0800] "GET /xingrg/all/function/internal_message.html?_=1704065310850&CODE_STATE=getMsg HTTP/1.1" 302 -
114.95.241.104 - - [01/Jan/2024:07:28:30 +0800] "GET /xingrg/check_reg.html?_=1704065310851 HTTP/1.1" 302 -
58.40.7.146 - - [01/Jan/2024:07:28:32 +0800] "GET /xingrg/all/function/internal_message.html?_=1704065312541&CODE_STATE=getMsg HTTP/1.1" 302 -
58.40.7.146 - - [01/Jan/2024:07:28:39 +0800] "GET /xingrg/check_reg.html?_=1704065319321 HTTP/1.1" 302 -
116.230.112.67 - - [01/Jan/2024:07:28:43 +0800] "GET /xingrg/all/function/internal_message.html?_=1704065324617&CODE_STATE=getMsg HTTP/1.1" 302 -
180.169.147.146 - - [01/Jan/2024:07:28:45 +0800] "GET /xingrg/all/function/internal_message.html?_=1704065325096&CODE_STATE=getMsg HTTP/1.1" 302 -
116.230.112.67 - - [01/Jan/2024:07:28:48 +0800] "GET /xingrg/javascript/jquery_easy_ui/themes/default/images/tabs_active.png HTTP/1.1" 304 -
116.230.112.67 - - [01/Jan/2024:07:28:51 +0800] "GET /xingrg/kc/buy/cgsh_order_list.html HTTP/1.1" 302 -
116.230.112.67 - - [01/Jan/2024:07:28:51 +0800] "GET /xingrg/login.html HTTP/1.1" 200 7641
116.230.112.67 - - [01/Jan/2024:07:28:51 +0800] "GET /xingrg/login.html HTTP/1.1" 200 7641
116.230.112.67 - - [01/Jan/2024:07:28:52 +0800] "GET /favicon.ico HTTP/1.1" 404 -
116.230.112.67 - - [01/Jan/2024:07:28:54 +0800] "POST /xingrg/login.do HTTP/1.1" 302 -
116.230.112.67 - - [01/Jan/2024:07:28:54 +0800] "GET /xingrg/index.html?sysBaseUrl=http%3A%2F%2F180.169.147.146%3A18081%2Fxingrg%2F&costTime=13×tamp=1704065334391 HTTP/1.1" 200 17179
116.230.112.67 - - [01/Jan/2024:07:28:54 +0800] "GET /xingrg/javascript/jquery_easy_ui/themes/default/easyui.css HTTP/1.1" 304 -
116.230.112.67 - - [01/Jan/2024:07:28:54 +0800] "GET /xingrg/javascript/jquery-1.4.2.min.js HTTP/1.1" 304 -
116.230.112.67 - - [01/Jan/2024:07:28:54 +0800] "GET /xingrg/css/form.css HTTP/1.1" 304 -
116.230.112.67 - - [01/Jan/2024:07:28:54 +0800] "GET /xingrg/javascript/jquery.timers.js HTTP/1.1" 304 -
116.230.112.67 - - [01/Jan/2024:07:28:54 +0800] "GET /xingrg/javascript/jquery.form.js HTTP/1.1" 304 -
116.230.112.67 - - [01/Jan/2024:07:28:54 +0800] "GET /xingrg/javascript/jquery.utils.js HTTP/1.1" 304 -
116.230.112.67 - - [01/Jan/2024:07:28:54 +0800] "GET /xingrg/javascript/jquery_easy_ui/jquery.easyui.min.js HTTP/1.1" 304 -
116.230.112.67 - - [01/Jan/2024:07:28:54 +0800] "GET /xingrg/javascript/jquery_easy_ui/easyui-lang-zh_CN.js HTTP/1.1" 304 -
116.230.112.67 - - [01/Jan/2024:07:28:54 +0800] "GET /xingrg/javascript/jquery_easy_ui/themes/icon.css HTTP/1.1" 304 -
116.230.112.67 - - [01/Jan/2024:07:28:54 +0800] "GET /favicon.ico HTTP/1.1" 404 -
116.230.112.67 - - [01/Jan/2024:07:28:54 +0800] "POST /xingrg/all/common/load_tree.html?tree=area_rest_tree_json&manage=1 HTTP/1.1" 200 479
116.230.112.67 - - [01/Jan/2024:07:28:54 +0800] "GET /xingrg/all/function/internal_message.html?_=1704065335728&CODE_STATE=count HTTP/1.1" 200 11
116.230.112.67 - - [01/Jan/2024:07:28:54 +0800] "GET /xingrg/check_reg.html?_=1704065335729 HTTP/1.1" 200 22
116.230.112.67 - - [01/Jan/2024:07:28:54 +0800] "POST /xingrg/load_menu.html HTTP/1.1" 200 5138
58.40.7.146 - - [01/Jan/2024:07:28:55 +0800] "GET /xingrg/check_reg.html?_=1704065335934 HTTP/1.1" 302 -
116.230.112.67 - - [01/Jan/2024:07:28:57 +0800] "GET /xingrg/kc/buy/cgsh_order_list.html HTTP/1.1" 200 57118
116.230.112.67 - - [01/Jan/2024:07:28:57 +0800] "GET /xingrg/css/base.css HTTP/1.1" 304 -
116.230.112.67 - - [01/Jan/2024:07:28:57 +0800] "GET /xingrg/css/site.css HTTP/1.1" 304 -
116.230.112.67 - - [01/Jan/2024:07:28:57 +0800] "GET /xingrg/javascript/jquery_tools/datebox.css HTTP/1.1" 304 -
116.230.112.67 - - [01/Jan/2024:07:28:57 +0800] "GET /xingrg/javascript/easyui/themes/default/easyui.css HTTP/1.1" 304 -
116.230.112.67 - - [01/Jan/2024:07:28:57 +0800] "GET /xingrg/javascript/jquery_tools/fix.css HTTP/1.1" 304 -
116.230.112.67 - - [01/Jan/2024:07:28:57 +0800] "GET /xingrg/javascript/jquery_tools/jquery.tools.hotkey.js HTTP/1.1" 304 -
116.230.112.67 - - [01/Jan/2024:07:28:57 +0800] "GET /xingrg/javascript/jquery_tools/table.css HTTP/1.1" 304 -
116.230.112.67 - - [01/Jan/2024:07:28:57 +0800] "GET /xingrg/javascript/jquery_tools/jquery.tools.extend.js HTTP/1.1" 304 -
116.230.112.67 - - [01/Jan/2024:07:28:57 +0800] "GET /xingrg/javascript/jquery_tools/jquery.tools.min.js HTTP/1.1" 304 -
116.230.112.67 - - [01/Jan/2024:07:28:57 +0800] "GET /xingrg/javascript/auto/jquery.autocomplete.js HTTP/1.1" 304 -
116.230.112.67 - - [01/Jan/2024:07:28:57 +0800] "GET /xingrg/javascript/jquery_tools/list_manager.js HTTP/1.1" 304 -
116.230.112.67 - - [01/Jan/2024:07:28:57 +0800] "GET /xingrg/javascript/easyui/easyloader.js HTTP/1.1" 304 -
116.230.112.67 - - [01/Jan/2024:07:28:57 +0800] "GET /xingrg/javascript/jquery.cookie.js HTTP/1.1" 304 -
116.230.112.67 - - [01/Jan/2024:07:28:57 +0800] "GET /xingrg/javascript/jquery_tools/jquery.tools.table.js HTTP/1.1" 304 -
116.230.112.67 - - [01/Jan/2024:07:28:57 +0800] "GET /xingrg/javascript/print/LodopFuncs.js HTTP/1.1" 304 -
116.230.112.67 - - [01/Jan/2024:07:28:57 +0800] "GET /xingrg/javascript/easyui/themes/icon.css HTTP/1.1" 304 -
116.230.112.67 - - [01/Jan/2024:07:28:57 +0800] "GET /xingrg/javascript/auto/jquery.autocomplete.css HTTP/1.1" 304 -
116.230.112.67 - - [01/Jan/2024:07:28:58 +0800] "GET /xingrg/javascript/easyui/themes/icons/import_new.png HTTP/1.1" 304 -
116.230.112.67 - - [01/Jan/2024:07:28:58 +0800] "GET /xingrg/javascript/easyui/plugins/jquery.parser.js HTTP/1.1" 304 -
116.230.112.67 - - [01/Jan/2024:07:29:00 +0800] "POST /xingrg/kc/buy/cgsh_list_operate.html HTTP/1.1" 200 1853
120.253.135.82 - - [01/Jan/2024:07:29:01 +0800] "GET /xingrg/all/function/internal_message.html?_=1704065159085&CODE_STATE=getMsg HTTP/1.1" 200 27
116.230.112.67 - - [01/Jan/2024:07:29:06 +0800] "POST /xingrg/kc/buy/cgsh_list_operate.html HTTP/1.1" 200 562
221.239.172.206 - - [01/Jan/2024:07:29:08 +0800] "GET /xingrg/all/function/internal_message.html?_=1704065348189&CODE_STATE=getMsg HTTP/1.1" 302 -
124.78.154.219 - - [01/Jan/2024:07:29:08 +0800] "GET /xingrg/all/function/internal_message.html?_=1704065347173&CODE_STATE=getMsg HTTP/1.1" 200 27
116.230.112.67 - - [01/Jan/2024:07:29:08 +0800] "GET /xingrg/kc/buy/cgsh_order_info.html?code=212023123112093 HTTP/1.1" 200 72893
116.230.112.67 - - [01/Jan/2024:07:29:08 +0800] "GET /xingrg/javascript/pic_change.js HTTP/1.1" 304 -
116.230.112.67 - - [01/Jan/2024:07:29:08 +0800] "GET /xingrg/javascript/jquery_tools/order_manager.js HTTP/1.1" 304 -
116.230.112.67 - - [01/Jan/2024:07:29:08 +0800] "GET /xingrg/javascript/print/kc_print.js HTTP/1.1" 304 -
116.230.112.67 - - [01/Jan/2024:07:29:08 +0800] "GET /xingrg/javascript/json2.js HTTP/1.1" 304 -
116.230.112.67 - - [01/Jan/2024:07:29:08 +0800] "GET /xingrg/javascript/convert.js HTTP/1.1" 304 -
116.230.112.67 - - [01/Jan/2024:07:29:08 +0800] "GET /xingrg/words/20231231140250_words.js HTTP/1.1" 304 -
116.230.112.67 - - [01/Jan/2024:07:29:09 +0800] "GET /xingrg/javascript/easyui/themes/icons/copy_new.png HTTP/1.1" 304 -
116.230.112.67 - - [01/Jan/2024:07:29:09 +0800] "GET /xingrg/javascript/easyui/themes/icons/template_new.png HTTP/1.1" 304 -
116.230.112.67 - - [01/Jan/2024:07:29:09 +0800] "GET /xingrg/javascript/easyui/themes/icons/ok.png HTTP/1.1" 304 -
116.230.112.67 - - [01/Jan/2024:07:29:09 +0800] "GET /xingrg/javascript/easyui/themes/icons/print.png HTTP/1.1" 304 -
116.230.112.67 - - [01/Jan/2024:07:29:09 +0800] "GET /xingrg/javascript/easyui/themes/default/images/menu_downarrow.png HTTP/1.1" 304 -
116.230.112.67 - - [01/Jan/2024:07:29:09 +0800] "GET /xingrg/javascript/easyui/themes/icons/cancel.png HTTP/1.1" 304 -
116.230.112.67 - - [01/Jan/2024:07:29:09 +0800] "GET /xingrg/all/common/auto_word.html?type=employee&rest_code=00146 HTTP/1.1" 200 101
116.230.112.67 - - [01/Jan/2024:07:29:09 +0800] "GET /xingrg/all/common/auto_word.html?type=employee&rest_code=00146 HTTP/1.1" 200 101
116.230.112.67 - - [01/Jan/2024:07:29:09 +0800] "GET /xingrg/javascript/easyui/themes/default/validatebox.css HTTP/1.1" 404 1104
116.230.112.67 - - [01/Jan/2024:07:29:09 +0800] "GET /xingrg/javascript/easyui/plugins/jquery.validatebox.js HTTP/1.1" 304 -
116.230.112.67 - - [01/Jan/2024:07:29:09 +0800] "GET /xingrg/javascript/easyui/plugins/jquery.numberbox.js HTTP/1.1" 304 -
116.230.112.67 - - [01/Jan/2024:07:29:10 +0800] "POST /xingrg/kc/buy/cgsh_order_operate.html HTTP/1.1" 200 11016
116.230.112.67 - - [01/Jan/2024:07:29:10 +0800] "GET /xingrg/javascript/easyui/themes/icons/edit_remove.png HTTP/1.1" 304 -
101.83.145.37 - - [01/Jan/2024:07:29:14 +0800] "GET /xingrg/all/function/internal_message.html?_=1704065356401&CODE_STATE=getMsg HTTP/1.1" 302 -
58.40.7.146 - - [01/Jan/2024:07:29:15 +0800] "GET /xingrg/all/function/internal_message.html?_=1704065355869&CODE_STATE=getMsg HTTP/1.1" 302 -
116.232.193.168 - - [01/Jan/2024:07:29:20 +0800] "GET /xingrg/all/function/internal_message.html?_=1704065322441&CODE_STATE=getMsg HTTP/1.1" 302 -
222.67.232.215 - - [01/Jan/2024:07:29:26 +0800] "GET /xingrg/all/function/internal_message.html?_=1704065366935&CODE_STATE=getMsg HTTP/1.1" 200 27
114.95.241.104 - - [01/Jan/2024:07:29:30 +0800] "GET /xingrg/all/function/internal_message.html?_=1704065370860&CODE_STATE=getMsg HTTP/1.1" 302 -
58.40.7.146 - - [01/Jan/2024:07:29:32 +0800] "GET /xingrg/all/function/internal_message.html?_=1704065372515&CODE_STATE=getMsg HTTP/1.1" 302 -
116.232.193.168 - - [01/Jan/2024:07:29:32 +0800] "GET /xingrg/check_reg.html?_=1704065334587 HTTP/1.1" 302 -
222.67.232.215 - - [01/Jan/2024:07:29:38 +0800] "GET /xingrg/check_reg.html?_=1704065378375 HTTP/1.1" 200 22
180.169.147.146 - - [01/Jan/2024:07:29:45 +0800] "GET /xingrg/check_reg.html?_=1704065385086 HTTP/1.1" 302 -
180.169.147.146 - - [01/Jan/2024:07:29:45 +0800] "GET /xingrg/all/function/internal_message.html?_=1704065385087&CODE_STATE=getMsg HTTP/1.1" 302 -
116.230.112.67 - - [01/Jan/2024:07:29:54 +0800] "GET /xingrg/all/function/internal_message.html?_=1704065395738&CODE_STATE=getMsg HTTP/1.1" 200 27
120.253.135.82 - - [01/Jan/2024:07:30:01 +0800] "GET /xingrg/all/function/internal_message.html?_=1704065219256&CODE_STATE=getMsg HTTP/1.1" 200 27
222.70.180.200 - - [01/Jan/2024:07:30:07 +0800] "POST /xingrg/services/DataTransmitService HTTP/1.1" 200 524
221.239.172.206 - - [01/Jan/2024:07:30:08 +0800] "GET /xingrg/all/function/internal_message.html?_=1704065408198&CODE_STATE=getMsg HTTP/1.1" 302 -
124.78.154.219 - - [01/Jan/2024:07:30:08 +0800] "GET /xingrg/all/function/internal_message.html?_=1704065407174&CODE_STATE=getMsg HTTP/1.1" 200 27
101.83.145.37 - - [01/Jan/2024:07:30:14 +0800] "GET /xingrg/all/function/internal_message.html?_=1704065416402&CODE_STATE=getMsg HTTP/1.1" 302 -
101.83.145.37 - - [01/Jan/2024:07:30:14 +0800] "GET /xingrg/check_reg.html?_=1704065416406 HTTP/1.1" 302 -
58.40.7.146 - - [01/Jan/2024:07:30:15 +0800] "GET /xingrg/all/function/internal_message.html?_=1704065415839&CODE_STATE=getMsg HTTP/1.1" 302 -
116.232.193.168 - - [01/Jan/2024:07:30:20 +0800] "GET /xingrg/all/function/internal_message.html?_=1704065382434&CODE_STATE=getMsg HTTP/1.1" 302 -
222.67.232.215 - - [01/Jan/2024:07:30:26 +0800] "GET /xingrg/all/function/internal_message.html?_=1704065426913&CODE_STATE=getMsg HTTP/1.1" 200 27
114.95.241.104 - - [01/Jan/2024:07:30:30 +0800] "GET /xingrg/all/function/internal_message.html?_=1704065430858&CODE_STATE=getMsg HTTP/1.1" 302 -
58.40.7.146 - - [01/Jan/2024:07:30:32 +0800] "GET /xingrg/all/function/internal_message.html?_=1704065432486&CODE_STATE=getMsg HTTP/1.1" 302 -
180.169.147.146 - - [01/Jan/2024:07:30:45 +0800] "GET /xingrg/all/function/internal_message.html?_=1704065445074&CODE_STATE=getMsg HTTP/1.1" 302 -
116.230.112.67 - - [01/Jan/2024:07:30:54 +0800] "GET /xingrg/all/function/internal_message.html?_=1704065455753&CODE_STATE=getMsg HTTP/1.1" 200 27
218.81.65.124 - - [01/Jan/2024:07:30:57 +0800] "GET /xingrg/check_reg.html?_=1704065457813 HTTP/1.1" 302 -
120.253.135.82 - - [01/Jan/2024:07:31:01 +0800] "GET /xingrg/all/function/internal_message.html?_=1704065279268&CODE_STATE=getMsg HTTP/1.1" 200 27
221.239.172.206 - - [01/Jan/2024:07:31:08 +0800] "GET /xingrg/all/function/internal_message.html?_=1704065468181&CODE_STATE=getMsg HTTP/1.1" 302 -
124.78.154.219 - - [01/Jan/2024:07:31:08 +0800] "GET /xingrg/all/function/internal_message.html?_=1704065467180&CODE_STATE=getMsg HTTP/1.1" 200 27
124.78.154.219 - - [01/Jan/2024:07:31:08 +0800] "GET /xingrg/check_reg.html?_=1704065467185 HTTP/1.1" 200 22
101.83.145.37 - - [01/Jan/2024:07:31:14 +0800] "GET /xingrg/all/function/internal_message.html?_=1704065476406&CODE_STATE=getMsg HTTP/1.1" 302 -
58.40.7.146 - - [01/Jan/2024:07:31:15 +0800] "GET /xingrg/all/function/internal_message.html?_=1704065475827&CODE_STATE=getMsg HTTP/1.1" 302 -
116.230.112.67 - - [01/Jan/2024:07:31:20 +0800] "POST /xingrg/services/DataTransmitService HTTP/1.1" 200 524
116.232.193.168 - - [01/Jan/2024:07:31:20 +0800] "GET /xingrg/all/function/internal_message.html?_=1704065442445&CODE_STATE=getMsg HTTP/1.1" 302 -
116.230.112.67 - - [01/Jan/2024:07:31:21 +0800] "POST /xingrg/services/DataTransmitService HTTP/1.1" 200 412
222.67.232.215 - - [01/Jan/2024:07:31:26 +0800] "GET /xingrg/all/function/internal_message.html?_=1704065486889&CODE_STATE=getMsg HTTP/1.1" 200 27
114.95.241.104 - - [01/Jan/2024:07:31:30 +0800] "GET /xingrg/all/function/internal_message.html?_=1704065490844&CODE_STATE=getMsg HTTP/1.1" 302 -
58.40.7.146 - - [01/Jan/2024:07:31:32 +0800] "GET /xingrg/all/function/internal_message.html?_=1704065492458&CODE_STATE=getMsg HTTP/1.1" 302 -
180.169.147.146 - - [01/Jan/2024:07:31:45 +0800] "GET /xingrg/all/function/internal_message.html?_=1704065505081&CODE_STATE=getMsg HTTP/1.1" 302 -
116.230.112.67 - - [01/Jan/2024:07:31:54 +0800] "GET /xingrg/all/function/internal_message.html?_=1704065515771&CODE_STATE=getMsg HTTP/1.1" 200 27
120.253.135.82 - - [01/Jan/2024:07:32:01 +0800] "GET /xingrg/all/function/internal_message.html?_=1704065339445&CODE_STATE=getMsg HTTP/1.1" 200 27
221.239.172.206 - - [01/Jan/2024:07:32:08 +0800] "GET /xingrg/all/function/internal_message.html?_=1704065528165&CODE_STATE=getMsg HTTP/1.1" 302 -
124.78.154.219 - - [01/Jan/2024:07:32:08 +0800] "GET /xingrg/all/function/internal_message.html?_=1704065527185&CODE_STATE=getMsg HTTP/1.1" 200 27
101.83.145.37 - - [01/Jan/2024:07:32:14 +0800] "GET /xingrg/all/function/internal_message.html?_=1704065536408&CODE_STATE=getMsg HTTP/1.1" 302 -
58.40.7.146 - - [01/Jan/2024:07:32:15 +0800] "GET /xingrg/all/function/internal_message.html?_=1704065535797&CODE_STATE=getMsg HTTP/1.1" 302 -
116.232.193.168 - - [01/Jan/2024:07:32:20 +0800] "GET /xingrg/all/function/internal_message.html?_=1704065502455&CODE_STATE=getMsg HTTP/1.1" 302 -
222.67.232.215 - - [01/Jan/2024:07:32:26 +0800] "GET /xingrg/all/function/internal_message.html?_=1704065546872&CODE_STATE=getMsg HTTP/1.1" 200 27
114.95.241.104 - - [01/Jan/2024:07:32:30 +0800] "GET /xingrg/all/function/internal_message.html?_=1704065550853&CODE_STATE=getMsg HTTP/1.1" 302 -
58.40.7.146 - - [01/Jan/2024:07:32:32 +0800] "GET /xingrg/all/function/internal_message.html?_=1704065552447&CODE_STATE=getMsg HTTP/1.1" 302 -
180.169.147.146 - - [01/Jan/2024:07:32:45 +0800] "GET /xingrg/all/function/internal_message.html?_=1704065565079&CODE_STATE=getMsg HTTP/1.1" 302 -
116.230.112.67 - - [01/Jan/2024:07:32:54 +0800] "GET /xingrg/all/function/internal_message.html?_=1704065575780&CODE_STATE=getMsg HTTP/1.1" 200 27
120.253.135.82 - - [01/Jan/2024:07:32:55 +0800] "GET /xingrg/check_reg.html?_=1704065393324 HTTP/1.1" 200 22
120.253.135.82 - - [01/Jan/2024:07:33:00 +0800] "POST /xingrg/kc/pszx/mdps_list_operate.html HTTP/1.1" 200 303
120.253.135.82 - - [01/Jan/2024:07:33:01 +0800] "GET /xingrg/kc/pszx/mdps_order_info.html?code=312023123000659 HTTP/1.1" 200 23972
120.253.135.82 - - [01/Jan/2024:07:33:02 +0800] "GET /xingrg/all/function/internal_message.html?_=1704065399697&CODE_STATE=getMsg HTTP/1.1" 200 27
