180.169.147.146 - - [01/Jan/2024:06:37:45 +0800] "GET /xingrg/all/function/internal_message.html?_=1704062265078&CODE_STATE=getMsg HTTP/1.1" 302 -
116.232.193.168 - - [01/Jan/2024:06:37:51 +0800] "POST /xingrg/services/DataTransmitService HTTP/1.1" 200 524
120.253.135.82 - - [01/Jan/2024:06:37:55 +0800] "GET /xingrg/check_reg.html?_=1704062092947 HTTP/1.1" 200 22
120.253.135.82 - - [01/Jan/2024:06:37:57 +0800] "GET /xingrg/all/function/internal_message.html?_=1704062095100&CODE_STATE=getMsg HTTP/1.1" 200 27
124.78.154.219 - - [01/Jan/2024:06:38:08 +0800] "GET /xingrg/all/function/internal_message.html?_=1704062287136&CODE_STATE=getMsg HTTP/1.1" 200 27
221.239.172.206 - - [01/Jan/2024:06:38:09 +0800] "GET /xingrg/all/function/internal_message.html?_=1704062289153&CODE_STATE=getMsg HTTP/1.1" 302 -
101.83.145.37 - - [01/Jan/2024:06:38:14 +0800] "GET /xingrg/all/function/internal_message.html?_=1704062296335&CODE_STATE=getMsg HTTP/1.1" 302 -
58.40.7.146 - - [01/Jan/2024:06:38:17 +0800] "GET /xingrg/all/function/internal_message.html?_=1704062297166&CODE_STATE=getMsg HTTP/1.1" 302 -
116.232.193.168 - - [01/Jan/2024:06:38:20 +0800] "GET /xingrg/all/function/internal_message.html?_=1704062262443&CODE_STATE=getMsg HTTP/1.1" 302 -
221.239.172.206 - - [01/Jan/2024:06:38:22 +0800] "GET /xingrg/check_reg.html?_=1704062301873 HTTP/1.1" 302 -
222.67.232.215 - - [01/Jan/2024:06:38:28 +0800] "GET /xingrg/all/function/internal_message.html?_=1704062308024&CODE_STATE=getMsg HTTP/1.1" 200 27
114.95.241.104 - - [01/Jan/2024:06:38:30 +0800] "GET /xingrg/check_reg.html?_=1704062310879 HTTP/1.1" 302 -
114.95.241.104 - - [01/Jan/2024:06:38:30 +0800] "GET /xingrg/all/function/internal_message.html?_=1704062310882&CODE_STATE=getMsg HTTP/1.1" 302 -
58.40.7.146 - - [01/Jan/2024:06:38:33 +0800] "GET /xingrg/all/function/internal_message.html?_=1704062313790&CODE_STATE=getMsg HTTP/1.1" 302 -
58.40.7.146 - - [01/Jan/2024:06:38:39 +0800] "GET /xingrg/check_reg.html?_=1704062319512 HTTP/1.1" 302 -
116.230.112.67 - - [01/Jan/2024:06:38:42 +0800] "GET /xingrg/all/function/internal_message.html?_=1704062323283&CODE_STATE=getMsg HTTP/1.1" 302 -
180.169.147.146 - - [01/Jan/2024:06:38:45 +0800] "GET /xingrg/all/function/internal_message.html?_=1704062325090&CODE_STATE=getMsg HTTP/1.1" 302 -
58.40.7.146 - - [01/Jan/2024:06:38:56 +0800] "GET /xingrg/check_reg.html?_=1704062336121 HTTP/1.1" 302 -
120.253.135.82 - - [01/Jan/2024:06:38:57 +0800] "GET /xingrg/all/function/internal_message.html?_=1704062155114&CODE_STATE=getMsg HTTP/1.1" 200 27
124.78.154.219 - - [01/Jan/2024:06:39:08 +0800] "GET /xingrg/all/function/internal_message.html?_=1704062347138&CODE_STATE=getMsg HTTP/1.1" 200 27
221.239.172.206 - - [01/Jan/2024:06:39:09 +0800] "GET /xingrg/all/function/internal_message.html?_=1704062349127&CODE_STATE=getMsg HTTP/1.1" 302 -
101.83.145.37 - - [01/Jan/2024:06:39:14 +0800] "GET /xingrg/all/function/internal_message.html?_=1704062356324&CODE_STATE=getMsg HTTP/1.1" 302 -
58.40.7.146 - - [01/Jan/2024:06:39:17 +0800] "GET /xingrg/all/function/internal_message.html?_=1704062357147&CODE_STATE=getMsg HTTP/1.1" 302 -
116.232.193.168 - - [01/Jan/2024:06:39:20 +0800] "GET /xingrg/all/function/internal_message.html?_=1704062322442&CODE_STATE=getMsg HTTP/1.1" 302 -
116.230.112.67 - - [01/Jan/2024:06:39:23 +0800] "GET /xingrg/check_reg.html?_=1704062364565 HTTP/1.1" 302 -
222.67.232.215 - - [01/Jan/2024:06:39:28 +0800] "GET /xingrg/all/function/internal_message.html?_=1704062368003&CODE_STATE=getMsg HTTP/1.1" 200 27
114.95.241.104 - - [01/Jan/2024:06:39:30 +0800] "GET /xingrg/all/function/internal_message.html?_=1704062370881&CODE_STATE=getMsg HTTP/1.1" 302 -
116.232.193.168 - - [01/Jan/2024:06:39:32 +0800] "GET /xingrg/check_reg.html?_=1704062334592 HTTP/1.1" 302 -
58.40.7.146 - - [01/Jan/2024:06:39:33 +0800] "GET /xingrg/all/function/internal_message.html?_=1704062373766&CODE_STATE=getMsg HTTP/1.1" 302 -
222.67.232.215 - - [01/Jan/2024:06:39:38 +0800] "GET /xingrg/check_reg.html?_=1704062378413 HTTP/1.1" 200 22
116.230.112.67 - - [01/Jan/2024:06:39:42 +0800] "GET /xingrg/all/function/internal_message.html?_=1704062383333&CODE_STATE=getMsg HTTP/1.1" 302 -
180.169.147.146 - - [01/Jan/2024:06:39:45 +0800] "GET /xingrg/check_reg.html?_=1704062385084 HTTP/1.1" 302 -
180.169.147.146 - - [01/Jan/2024:06:39:45 +0800] "GET /xingrg/all/function/internal_message.html?_=1704062385086&CODE_STATE=getMsg HTTP/1.1" 302 -
120.253.135.82 - - [01/Jan/2024:06:39:57 +0800] "GET /xingrg/all/function/internal_message.html?_=1704062215127&CODE_STATE=getMsg HTTP/1.1" 200 27
124.78.154.219 - - [01/Jan/2024:06:40:08 +0800] "GET /xingrg/all/function/internal_message.html?_=1704062407142&CODE_STATE=getMsg HTTP/1.1" 200 27
221.239.172.206 - - [01/Jan/2024:06:40:09 +0800] "GET /xingrg/all/function/internal_message.html?_=1704062409111&CODE_STATE=getMsg HTTP/1.1" 302 -
101.83.145.37 - - [01/Jan/2024:06:40:14 +0800] "GET /xingrg/all/function/internal_message.html?_=1704062416325&CODE_STATE=getMsg HTTP/1.1" 302 -
101.83.145.37 - - [01/Jan/2024:06:40:14 +0800] "GET /xingrg/check_reg.html?_=1704062416330 HTTP/1.1" 302 -
58.40.7.146 - - [01/Jan/2024:06:40:17 +0800] "GET /xingrg/all/function/internal_message.html?_=1704062417117&CODE_STATE=getMsg HTTP/1.1" 302 -
116.232.193.168 - - [01/Jan/2024:06:40:20 +0800] "GET /xingrg/all/function/internal_message.html?_=1704062382436&CODE_STATE=getMsg HTTP/1.1" 302 -
222.67.232.215 - - [01/Jan/2024:06:40:27 +0800] "GET /xingrg/all/function/internal_message.html?_=1704062427987&CODE_STATE=getMsg HTTP/1.1" 200 27
114.95.241.104 - - [01/Jan/2024:06:40:30 +0800] "GET /xingrg/all/function/internal_message.html?_=1704062430871&CODE_STATE=getMsg HTTP/1.1" 302 -
58.40.7.146 - - [01/Jan/2024:06:40:33 +0800] "GET /xingrg/all/function/internal_message.html?_=1704062433738&CODE_STATE=getMsg HTTP/1.1" 302 -
116.230.112.67 - - [01/Jan/2024:06:40:42 +0800] "GET /xingrg/all/function/internal_message.html?_=1704062443341&CODE_STATE=getMsg HTTP/1.1" 302 -
180.169.147.146 - - [01/Jan/2024:06:40:45 +0800] "GET /xingrg/all/function/internal_message.html?_=1704062445073&CODE_STATE=getMsg HTTP/1.1" 302 -
218.81.65.124 - - [01/Jan/2024:06:40:57 +0800] "GET /xingrg/check_reg.html?_=1704062457887 HTTP/1.1" 302 -
120.253.135.82 - - [01/Jan/2024:06:40:57 +0800] "GET /xingrg/all/function/internal_message.html?_=1704062275141&CODE_STATE=getMsg HTTP/1.1" 200 27
124.78.154.219 - - [01/Jan/2024:06:41:08 +0800] "GET /xingrg/check_reg.html?_=1704062467127 HTTP/1.1" 200 22
124.78.154.219 - - [01/Jan/2024:06:41:08 +0800] "GET /xingrg/all/function/internal_message.html?_=1704062467132&CODE_STATE=getMsg HTTP/1.1" 200 27
221.239.172.206 - - [01/Jan/2024:06:41:09 +0800] "GET /xingrg/all/function/internal_message.html?_=1704062469096&CODE_STATE=getMsg HTTP/1.1" 302 -
101.83.145.37 - - [01/Jan/2024:06:41:14 +0800] "GET /xingrg/all/function/internal_message.html?_=1704062476356&CODE_STATE=getMsg HTTP/1.1" 302 -
116.230.112.67 - - [01/Jan/2024:06:41:14 +0800] "POST /xingrg/services/DataTransmitService HTTP/1.1" 200 524
116.230.112.67 - - [01/Jan/2024:06:41:15 +0800] "POST /xingrg/services/DataTransmitService HTTP/1.1" 200 412
58.40.7.146 - - [01/Jan/2024:06:41:17 +0800] "GET /xingrg/all/function/internal_message.html?_=1704062477089&CODE_STATE=getMsg HTTP/1.1" 302 -
116.232.193.168 - - [01/Jan/2024:06:41:20 +0800] "GET /xingrg/all/function/internal_message.html?_=1704062442454&CODE_STATE=getMsg HTTP/1.1" 302 -
222.67.232.215 - - [01/Jan/2024:06:41:27 +0800] "GET /xingrg/all/function/internal_message.html?_=1704062487957&CODE_STATE=getMsg HTTP/1.1" 200 27
114.95.241.104 - - [01/Jan/2024:06:41:30 +0800] "GET /xingrg/all/function/internal_message.html?_=1704062490868&CODE_STATE=getMsg HTTP/1.1" 302 -
58.40.7.146 - - [01/Jan/2024:06:41:33 +0800] "GET /xingrg/all/function/internal_message.html?_=1704062493724&CODE_STATE=getMsg HTTP/1.1" 302 -
116.230.112.67 - - [01/Jan/2024:06:41:42 +0800] "GET /xingrg/all/function/internal_message.html?_=1704062503383&CODE_STATE=getMsg HTTP/1.1" 302 -
180.169.147.146 - - [01/Jan/2024:06:41:45 +0800] "GET /xingrg/all/function/internal_message.html?_=1704062505089&CODE_STATE=getMsg HTTP/1.1" 302 -
120.253.135.82 - - [01/Jan/2024:06:41:57 +0800] "GET /xingrg/all/function/internal_message.html?_=1704062335154&CODE_STATE=getMsg HTTP/1.1" 200 27
124.78.154.219 - - [01/Jan/2024:06:42:08 +0800] "GET /xingrg/all/function/internal_message.html?_=1704062527134&CODE_STATE=getMsg HTTP/1.1" 200 27
221.239.172.206 - - [01/Jan/2024:06:42:09 +0800] "GET /xingrg/all/function/internal_message.html?_=1704062529073&CODE_STATE=getMsg HTTP/1.1" 302 -
120.253.135.82 - - [01/Jan/2024:06:42:12 +0800] "POST /xingrg/kc/pszx/mdps_list_operate.html HTTP/1.1" 200 5038
101.83.145.37 - - [01/Jan/2024:06:42:14 +0800] "GET /xingrg/all/function/internal_message.html?_=1704062536357&CODE_STATE=getMsg HTTP/1.1" 302 -
58.40.7.146 - - [01/Jan/2024:06:42:17 +0800] "GET /xingrg/all/function/internal_message.html?_=1704062537079&CODE_STATE=getMsg HTTP/1.1" 302 -
120.253.135.82 - - [01/Jan/2024:06:42:17 +0800] "POST /xingrg/kc/pszx/mdps_list_operate.html HTTP/1.1" 200 3863
120.253.135.82 - - [01/Jan/2024:06:42:19 +0800] "POST /xingrg/kc/pszx/mdps_list_operate.html HTTP/1.1" 200 602
116.232.193.168 - - [01/Jan/2024:06:42:20 +0800] "GET /xingrg/all/function/internal_message.html?_=1704062502451&CODE_STATE=getMsg HTTP/1.1" 302 -
120.253.135.82 - - [01/Jan/2024:06:42:20 +0800] "GET /xingrg/kc/pszx/mdps_order_info.html?code=312024010100008 HTTP/1.1" 200 23972
120.253.135.82 - - [01/Jan/2024:06:42:21 +0800] "GET /xingrg/javascript/easyui/themes/default/validatebox.css HTTP/1.1" 404 1104
120.253.135.82 - - [01/Jan/2024:06:42:21 +0800] "POST /xingrg/kc/pszx/mdps_order_operate.html HTTP/1.1" 200 5250
222.67.232.215 - - [01/Jan/2024:06:42:27 +0800] "GET /xingrg/all/function/internal_message.html?_=1704062547933&CODE_STATE=getMsg HTTP/1.1" 200 27
114.95.241.104 - - [01/Jan/2024:06:42:30 +0800] "GET /xingrg/all/function/internal_message.html?_=1704062550884&CODE_STATE=getMsg HTTP/1.1" 302 -
58.40.7.146 - - [01/Jan/2024:06:42:33 +0800] "GET /xingrg/all/function/internal_message.html?_=1704062553695&CODE_STATE=getMsg HTTP/1.1" 302 -
116.230.112.67 - - [01/Jan/2024:06:42:42 +0800] "GET /xingrg/all/function/internal_message.html?_=1704062563385&CODE_STATE=getMsg HTTP/1.1" 302 -
180.169.147.146 - - [01/Jan/2024:06:42:45 +0800] "GET /xingrg/all/function/internal_message.html?_=1704062565087&CODE_STATE=getMsg HTTP/1.1" 302 -
120.253.135.82 - - [01/Jan/2024:06:42:55 +0800] "GET /xingrg/check_reg.html?_=1704062392968 HTTP/1.1" 200 22
120.253.135.82 - - [01/Jan/2024:06:42:57 +0800] "GET /xingrg/all/function/internal_message.html?_=1704062395169&CODE_STATE=getMsg HTTP/1.1" 200 27
124.78.154.219 - - [01/Jan/2024:06:43:08 +0800] "GET /xingrg/all/function/internal_message.html?_=1704062587138&CODE_STATE=getMsg HTTP/1.1" 200 27
221.239.172.206 - - [01/Jan/2024:06:43:09 +0800] "GET /xingrg/all/function/internal_message.html?_=1704062589041&CODE_STATE=getMsg HTTP/1.1" 302 -
120.253.135.82 - - [01/Jan/2024:06:43:14 +0800] "POST /xingrg/kc/pszx/mdps_list_operate.html HTTP/1.1" 200 3863
101.83.145.37 - - [01/Jan/2024:06:43:14 +0800] "GET /xingrg/all/function/internal_message.html?_=1704062596360&CODE_STATE=getMsg HTTP/1.1" 302 -
120.253.135.82 - - [01/Jan/2024:06:43:15 +0800] "POST /xingrg/kc/pszx/mdps_list_operate.html HTTP/1.1" 200 602
120.253.135.82 - - [01/Jan/2024:06:43:16 +0800] "GET /xingrg/kc/pszx/mdps_order_info.html?code=312024010100008 HTTP/1.1" 200 23972
120.253.135.82 - - [01/Jan/2024:06:43:16 +0800] "GET /xingrg/javascript/easyui/themes/default/validatebox.css HTTP/1.1" 404 1104
120.253.135.82 - - [01/Jan/2024:06:43:16 +0800] "POST /xingrg/kc/pszx/mdps_order_operate.html HTTP/1.1" 200 5250
58.40.7.146 - - [01/Jan/2024:06:43:17 +0800] "GET /xingrg/all/function/internal_message.html?_=1704062597050&CODE_STATE=getMsg HTTP/1.1" 302 -
120.253.135.82 - - [01/Jan/2024:06:43:19 +0800] "POST /xingrg/kc/pszx/mdps_list_operate.html HTTP/1.1" 200 3863
120.253.135.82 - - [01/Jan/2024:06:43:20 +0800] "POST /xingrg/kc/pszx/mdps_list_operate.html HTTP/1.1" 200 614
116.232.193.168 - - [01/Jan/2024:06:43:20 +0800] "GET /xingrg/all/function/internal_message.html?_=1704062562450&CODE_STATE=getMsg HTTP/1.1" 302 -
120.253.135.82 - - [01/Jan/2024:06:43:21 +0800] "GET /xingrg/kc/pszx/mdps_order_info.html?code=312024010100009 HTTP/1.1" 200 23972
120.253.135.82 - - [01/Jan/2024:06:43:21 +0800] "GET /xingrg/javascript/easyui/themes/default/validatebox.css HTTP/1.1" 404 1104
120.253.135.82 - - [01/Jan/2024:06:43:21 +0800] "POST /xingrg/kc/pszx/mdps_order_operate.html HTTP/1.1" 200 6833
221.239.172.206 - - [01/Jan/2024:06:43:21 +0800] "GET /xingrg/check_reg.html?_=1704062601850 HTTP/1.1" 302 -
222.67.232.215 - - [01/Jan/2024:06:43:27 +0800] "GET /xingrg/all/function/internal_message.html?_=1704062607905&CODE_STATE=getMsg HTTP/1.1" 200 27
120.253.135.82 - - [01/Jan/2024:06:43:30 +0800] "POST /xingrg/kc/pszx/mdps_list_operate.html HTTP/1.1" 200 3863
114.95.241.104 - - [01/Jan/2024:06:43:30 +0800] "GET /xingrg/check_reg.html?_=1704062610877 HTTP/1.1" 302 -
114.95.241.104 - - [01/Jan/2024:06:43:30 +0800] "GET /xingrg/all/function/internal_message.html?_=1704062610878&CODE_STATE=getMsg HTTP/1.1" 302 -
120.253.135.82 - - [01/Jan/2024:06:43:31 +0800] "POST /xingrg/kc/pszx/mdps_list_operate.html HTTP/1.1" 200 669
120.253.135.82 - - [01/Jan/2024:06:43:33 +0800] "GET /xingrg/kc/pszx/mdps_order_info.html?code=312024010100010 HTTP/1.1" 200 23972
120.253.135.82 - - [01/Jan/2024:06:43:33 +0800] "GET /xingrg/javascript/easyui/themes/default/validatebox.css HTTP/1.1" 404 1104
120.253.135.82 - - [01/Jan/2024:06:43:33 +0800] "POST /xingrg/kc/pszx/mdps_order_operate.html HTTP/1.1" 200 14810
58.40.7.146 - - [01/Jan/2024:06:43:33 +0800] "GET /xingrg/all/function/internal_message.html?_=1704062613681&CODE_STATE=getMsg HTTP/1.1" 302 -
58.40.7.146 - - [01/Jan/2024:06:43:39 +0800] "GET /xingrg/check_reg.html?_=1704062619491 HTTP/1.1" 302 -
120.253.135.82 - - [01/Jan/2024:06:43:40 +0800] "POST /xingrg/kc/pszx/mdps_list_operate.html HTTP/1.1" 200 3863
120.253.135.82 - - [01/Jan/2024:06:43:42 +0800] "POST /xingrg/kc/pszx/mdps_list_operate.html HTTP/1.1" 200 669
116.230.112.67 - - [01/Jan/2024:06:43:42 +0800] "GET /xingrg/all/function/internal_message.html?_=1704062623433&CODE_STATE=getMsg HTTP/1.1" 302 -
120.253.135.82 - - [01/Jan/2024:06:43:44 +0800] "POST /xingrg/kc/pszx/mdps_list_operate.html HTTP/1.1" 200 610
180.169.147.146 - - [01/Jan/2024:06:43:45 +0800] "GET /xingrg/all/function/internal_message.html?_=1704062625080&CODE_STATE=getMsg HTTP/1.1" 302 -
120.253.135.82 - - [01/Jan/2024:06:43:45 +0800] "GET /xingrg/kc/pszx/mdps_order_info.html?code=312024010100011 HTTP/1.1" 200 23972
120.253.135.82 - - [01/Jan/2024:06:43:46 +0800] "GET /xingrg/javascript/easyui/themes/default/validatebox.css HTTP/1.1" 404 1104
120.253.135.82 - - [01/Jan/2024:06:43:46 +0800] "POST /xingrg/kc/pszx/mdps_order_operate.html HTTP/1.1" 200 5821
120.253.135.82 - - [01/Jan/2024:06:43:49 +0800] "POST /xingrg/kc/pszx/mdps_list_operate.html HTTP/1.1" 200 3863
120.253.135.82 - - [01/Jan/2024:06:43:51 +0800] "POST /xingrg/kc/pszx/mdps_list_operate.html HTTP/1.1" 200 378
120.253.135.82 - - [01/Jan/2024:06:43:52 +0800] "POST /xingrg/kc/pszx/mdps_list_operate.html HTTP/1.1" 200 595
120.253.135.82 - - [01/Jan/2024:06:43:54 +0800] "POST /xingrg/kc/pszx/mdps_list_operate.html HTTP/1.1" 200 202
58.40.7.146 - - [01/Jan/2024:06:43:56 +0800] "GET /xingrg/check_reg.html?_=1704062636104 HTTP/1.1" 302 -
120.253.135.82 - - [01/Jan/2024:06:43:57 +0800] "GET /xingrg/all/function/internal_message.html?_=1704062455182&CODE_STATE=getMsg HTTP/1.1" 200 27
120.253.135.82 - - [01/Jan/2024:06:43:58 +0800] "GET /xingrg/kc/pszx/mdqp_order_list.html?state=10 HTTP/1.1" 200 10319
120.253.135.82 - - [01/Jan/2024:06:43:58 +0800] "GET /xingrg/dwr/interface/AjaxQqpsService.js HTTP/1.1" 200 16326
120.253.135.82 - - [01/Jan/2024:06:43:58 +0800] "GET /xingrg/dwr/interface/AjaxReportQueryService.js HTTP/1.1" 200 13203
120.253.135.82 - - [01/Jan/2024:06:43:58 +0800] "GET /xingrg/dwr/engine.js HTTP/1.1" 200 43631
120.253.135.82 - - [01/Jan/2024:06:44:00 +0800] "GET /xingrg/kc/pszx/mdps_order_list.html?orderType=0 HTTP/1.1" 200 21036
120.253.135.82 - - [01/Jan/2024:06:44:00 +0800] "POST /xingrg/kc/pszx/mdps_list_operate.html HTTP/1.1" 200 5385
124.78.154.219 - - [01/Jan/2024:06:44:08 +0800] "GET /xingrg/all/function/internal_message.html?_=1704062647139&CODE_STATE=getMsg HTTP/1.1" 200 27
221.239.172.206 - - [01/Jan/2024:06:44:09 +0800] "GET /xingrg/all/function/internal_message.html?_=1704062649011&CODE_STATE=getMsg HTTP/1.1" 302 -
120.253.135.82 - - [01/Jan/2024:06:44:12 +0800] "POST /xingrg/kc/pszx/mdps_list_operate.html HTTP/1.1" 200 5038
101.83.145.37 - - [01/Jan/2024:06:44:14 +0800] "GET /xingrg/all/function/internal_message.html?_=1704062656361&CODE_STATE=getMsg HTTP/1.1" 302 -
58.40.7.146 - - [01/Jan/2024:06:44:17 +0800] "GET /xingrg/all/function/internal_message.html?_=1704062657024&CODE_STATE=getMsg HTTP/1.1" 302 -
116.232.193.168 - - [01/Jan/2024:06:44:20 +0800] "GET /xingrg/all/function/internal_message.html?_=1704062622441&CODE_STATE=getMsg HTTP/1.1" 302 -
116.230.112.67 - - [01/Jan/2024:06:44:23 +0800] "GET /xingrg/check_reg.html?_=1704062664570 HTTP/1.1" 302 -
222.67.232.215 - - [01/Jan/2024:06:44:27 +0800] "GET /xingrg/all/function/internal_message.html?_=1704062667882&CODE_STATE=getMsg HTTP/1.1" 200 27
120.253.135.82 - - [01/Jan/2024:06:44:29 +0800] "POST /xingrg/kc/pszx/mdps_list_operate.html HTTP/1.1" 200 201
120.253.135.82 - - [01/Jan/2024:06:44:30 +0800] "POST /xingrg/kc/pszx/mdps_list_operate.html HTTP/1.1" 200 619
114.95.241.104 - - [01/Jan/2024:06:44:30 +0800] "GET /xingrg/all/function/internal_message.html?_=1704062670864&CODE_STATE=getMsg HTTP/1.1" 302 -
120.253.135.82 - - [01/Jan/2024:06:44:31 +0800] "GET /xingrg/kc/pszx/mdps_order_info.html?code=312024010100024 HTTP/1.1" 200 23978
120.253.135.82 - - [01/Jan/2024:06:44:32 +0800] "GET /xingrg/javascript/easyui/themes/default/validatebox.css HTTP/1.1" 404 1104
116.232.193.168 - - [01/Jan/2024:06:44:32 +0800] "GET /xingrg/check_reg.html?_=1704062634594 HTTP/1.1" 302 -
120.253.135.82 - - [01/Jan/2024:06:44:32 +0800] "POST /xingrg/kc/pszx/mdps_order_operate.html HTTP/1.1" 200 19710
58.40.7.146 - - [01/Jan/2024:06:44:33 +0800] "GET /xingrg/all/function/internal_message.html?_=1704062673653&CODE_STATE=getMsg HTTP/1.1" 302 -
222.67.232.215 - - [01/Jan/2024:06:44:38 +0800] "GET /xingrg/check_reg.html?_=1704062678402 HTTP/1.1" 200 22
116.230.112.67 - - [01/Jan/2024:06:44:42 +0800] "GET /xingrg/all/function/internal_message.html?_=1704062683458&CODE_STATE=getMsg HTTP/1.1" 302 -
180.169.147.146 - - [01/Jan/2024:06:44:45 +0800] "GET /xingrg/all/function/internal_message.html?_=1704062685084&CODE_STATE=getMsg HTTP/1.1" 302 -
180.169.147.146 - - [01/Jan/2024:06:44:45 +0800] "GET /xingrg/check_reg.html?_=1704062685085 HTTP/1.1" 302 -
120.253.135.82 - - [01/Jan/2024:06:44:48 +0800] "POST /xingrg/kc/pszx/mdps_list_operate.html HTTP/1.1" 200 354
120.253.135.82 - - [01/Jan/2024:06:44:49 +0800] "GET /xingrg/kc/pszx/mdps_order_info.html?code=312024010100025 HTTP/1.1" 200 23978
120.253.135.82 - - [01/Jan/2024:06:44:49 +0800] "GET /xingrg/javascript/easyui/themes/default/validatebox.css HTTP/1.1" 404 1104
120.253.135.82 - - [01/Jan/2024:06:44:49 +0800] "POST /xingrg/kc/pszx/mdps_order_operate.html HTTP/1.1" 200 3250
120.253.135.82 - - [01/Jan/2024:06:44:53 +0800] "POST /xingrg/kc/pszx/mdps_order_operate.html HTTP/1.1" 200 37
120.253.135.82 - - [01/Jan/2024:06:44:54 +0800] "GET /xingrg/kc/pszx/mdps_order_info.html?code=312024010100025 HTTP/1.1" 200 23978
120.253.135.82 - - [01/Jan/2024:06:44:55 +0800] "GET /xingrg/javascript/easyui/themes/default/validatebox.css HTTP/1.1" 404 1104
120.253.135.82 - - [01/Jan/2024:06:44:55 +0800] "POST /xingrg/kc/pszx/mdps_order_operate.html HTTP/1.1" 200 3250
120.253.135.82 - - [01/Jan/2024:06:44:57 +0800] "GET /xingrg/all/function/internal_message.html?_=1704062515195&CODE_STATE=getMsg HTTP/1.1" 200 27
124.78.154.219 - - [01/Jan/2024:06:45:08 +0800] "GET /xingrg/all/function/internal_message.html?_=1704062707140&CODE_STATE=getMsg HTTP/1.1" 200 27
221.239.172.206 - - [01/Jan/2024:06:45:09 +0800] "GET /xingrg/all/function/internal_message.html?_=1704062708995&CODE_STATE=getMsg HTTP/1.1" 302 -
101.83.145.37 - - [01/Jan/2024:06:45:14 +0800] "GET /xingrg/check_reg.html?_=1704062716347 HTTP/1.1" 302 -
101.83.145.37 - - [01/Jan/2024:06:45:14 +0800] "GET /xingrg/all/function/internal_message.html?_=1704062716351&CODE_STATE=getMsg HTTP/1.1" 302 -
58.40.7.146 - - [01/Jan/2024:06:45:16 +0800] "GET /xingrg/all/function/internal_message.html?_=1704062716995&CODE_STATE=getMsg HTTP/1.1" 302 -
120.253.135.82 - - [01/Jan/2024:06:45:19 +0800] "POST /xingrg/kc/pszx/mdps_list_operate.html HTTP/1.1" 200 5038
116.232.193.168 - - [01/Jan/2024:06:45:20 +0800] "GET /xingrg/all/function/internal_message.html?_=1704062682438&CODE_STATE=getMsg HTTP/1.1" 302 -
120.253.135.82 - - [01/Jan/2024:06:45:21 +0800] "POST /xingrg/kc/pszx/mdps_list_operate.html HTTP/1.1" 200 432
120.253.135.82 - - [01/Jan/2024:06:45:22 +0800] "GET /xingrg/kc/pszx/mdps_order_info.html?code=312024010100026 HTTP/1.1" 200 23978
120.253.135.82 - - [01/Jan/2024:06:45:22 +0800] "POST /xingrg/kc/pszx/mdps_order_operate.html HTTP/1.1" 200 3721
120.253.135.82 - - [01/Jan/2024:06:45:22 +0800] "GET /xingrg/javascript/easyui/themes/default/validatebox.css HTTP/1.1" 404 1104
120.253.135.82 - - [01/Jan/2024:06:45:25 +0800] "POST /xingrg/kc/pszx/mdps_order_operate.html HTTP/1.1" 200 37
120.253.135.82 - - [01/Jan/2024:06:45:27 +0800] "GET /xingrg/kc/pszx/mdps_order_info.html?code=312024010100026 HTTP/1.1" 200 23978
120.253.135.82 - - [01/Jan/2024:06:45:27 +0800] "GET /xingrg/javascript/easyui/themes/default/validatebox.css HTTP/1.1" 404 1104
120.253.135.82 - - [01/Jan/2024:06:45:27 +0800] "POST /xingrg/kc/pszx/mdps_order_operate.html HTTP/1.1" 200 3752
222.67.232.215 - - [01/Jan/2024:06:45:27 +0800] "GET /xingrg/all/function/internal_message.html?_=1704062727860&CODE_STATE=getMsg HTTP/1.1" 200 27
114.95.241.104 - - [01/Jan/2024:06:45:30 +0800] "GET /xingrg/all/function/internal_message.html?_=1704062730876&CODE_STATE=getMsg HTTP/1.1" 302 -
58.40.7.146 - - [01/Jan/2024:06:45:33 +0800] "GET /xingrg/all/function/internal_message.html?_=1704062733639&CODE_STATE=getMsg HTTP/1.1" 302 -
116.230.112.67 - - [01/Jan/2024:06:45:42 +0800] "GET /xingrg/all/function/internal_message.html?_=1704062743502&CODE_STATE=getMsg HTTP/1.1" 302 -
180.169.147.146 - - [01/Jan/2024:06:45:45 +0800] "GET /xingrg/all/function/internal_message.html?_=1704062745073&CODE_STATE=getMsg HTTP/1.1" 302 -
218.81.65.124 - - [01/Jan/2024:06:45:57 +0800] "GET /xingrg/check_reg.html?_=1704062757863 HTTP/1.1" 302 -
120.253.135.82 - - [01/Jan/2024:06:45:57 +0800] "GET /xingrg/all/function/internal_message.html?_=1704062575209&CODE_STATE=getMsg HTTP/1.1" 200 27
120.253.135.82 - - [01/Jan/2024:06:46:07 +0800] "POST /xingrg/kc/pszx/mdps_list_operate.html HTTP/1.1" 200 5038
124.78.154.219 - - [01/Jan/2024:06:46:08 +0800] "GET /xingrg/check_reg.html?_=1704062767142 HTTP/1.1" 200 22
124.78.154.219 - - [01/Jan/2024:06:46:08 +0800] "GET /xingrg/all/function/internal_message.html?_=1704062767146&CODE_STATE=getMsg HTTP/1.1" 200 27
221.239.172.206 - - [01/Jan/2024:06:46:09 +0800] "GET /xingrg/all/function/internal_message.html?_=1704062768964&CODE_STATE=getMsg HTTP/1.1" 302 -
120.253.135.82 - - [01/Jan/2024:06:46:10 +0800] "POST /xingrg/kc/pszx/mdps_list_operate.html HTTP/1.1" 200 432
120.253.135.82 - - [01/Jan/2024:06:46:12 +0800] "POST /xingrg/kc/pszx/mdps_list_operate.html HTTP/1.1" 200 202
101.83.145.37 - - [01/Jan/2024:06:46:14 +0800] "GET /xingrg/all/function/internal_message.html?_=1704062776350&CODE_STATE=getMsg HTTP/1.1" 302 -
120.253.135.82 - - [01/Jan/2024:06:46:15 +0800] "GET /xingrg/kc/pszx/mdps_order_info.html?code=312024010100027 HTTP/1.1" 200 23978
120.253.135.82 - - [01/Jan/2024:06:46:15 +0800] "GET /xingrg/javascript/easyui/themes/default/validatebox.css HTTP/1.1" 404 1104
120.253.135.82 - - [01/Jan/2024:06:46:15 +0800] "POST /xingrg/kc/pszx/mdps_order_operate.html HTTP/1.1" 200 2271
58.40.7.146 - - [01/Jan/2024:06:46:16 +0800] "GET /xingrg/all/function/internal_message.html?_=1704062776965&CODE_STATE=getMsg HTTP/1.1" 302 -
120.253.135.82 - - [01/Jan/2024:06:46:19 +0800] "POST /xingrg/kc/pszx/mdps_order_operate.html HTTP/1.1" 200 37
120.253.135.82 - - [01/Jan/2024:06:46:19 +0800] "GET /xingrg/kc/pszx/mdps_order_info.html?code=312024010100027 HTTP/1.1" 200 23978
116.232.193.168 - - [01/Jan/2024:06:46:20 +0800] "GET /xingrg/all/function/internal_message.html?_=1704062742432&CODE_STATE=getMsg HTTP/1.1" 302 -
120.253.135.82 - - [01/Jan/2024:06:46:20 +0800] "GET /xingrg/javascript/easyui/themes/default/validatebox.css HTTP/1.1" 404 1104
120.253.135.82 - - [01/Jan/2024:06:46:20 +0800] "POST /xingrg/kc/pszx/mdps_order_operate.html HTTP/1.1" 200 2278
222.67.232.215 - - [01/Jan/2024:06:46:27 +0800] "GET /xingrg/all/function/internal_message.html?_=1704062787838&CODE_STATE=getMsg HTTP/1.1" 200 27
114.95.241.104 - - [01/Jan/2024:06:46:30 +0800] "GET /xingrg/all/function/internal_message.html?_=1704062790867&CODE_STATE=getMsg HTTP/1.1" 302 -
120.253.135.82 - - [01/Jan/2024:06:46:32 +0800] "POST /xingrg/kc/pszx/mdps_list_operate.html HTTP/1.1" 200 5038
58.40.7.146 - - [01/Jan/2024:06:46:33 +0800] "GET /xingrg/all/function/internal_message.html?_=1704062793610&CODE_STATE=getMsg HTTP/1.1" 302 -
120.253.135.82 - - [01/Jan/2024:06:46:34 +0800] "POST /xingrg/kc/pszx/mdps_list_operate.html HTTP/1.1" 200 360
120.253.135.82 - - [01/Jan/2024:06:46:35 +0800] "GET /xingrg/kc/pszx/mdps_order_info.html?code=312024010100028 HTTP/1.1" 200 23978
120.253.135.82 - - [01/Jan/2024:06:46:35 +0800] "GET /xingrg/javascript/easyui/themes/default/validatebox.css HTTP/1.1" 404 1104
120.253.135.82 - - [01/Jan/2024:06:46:35 +0800] "POST /xingrg/kc/pszx/mdps_order_operate.html HTTP/1.1" 200 3267
120.253.135.82 - - [01/Jan/2024:06:46:38 +0800] "POST /xingrg/kc/pszx/mdps_order_operate.html HTTP/1.1" 200 37
120.253.135.82 - - [01/Jan/2024:06:46:40 +0800] "GET /xingrg/kc/pszx/mdps_order_info.html?code=312024010100028 HTTP/1.1" 200 23978
120.253.135.82 - - [01/Jan/2024:06:46:40 +0800] "GET /xingrg/javascript/easyui/themes/default/validatebox.css HTTP/1.1" 404 1104
120.253.135.82 - - [01/Jan/2024:06:46:40 +0800] "POST /xingrg/kc/pszx/mdps_order_operate.html HTTP/1.1" 200 3290
116.230.112.67 - - [01/Jan/2024:06:46:42 +0800] "GET /xingrg/all/function/internal_message.html?_=1704062803518&CODE_STATE=getMsg HTTP/1.1" 302 -
180.169.147.146 - - [01/Jan/2024:06:46:45 +0800] "GET /xingrg/all/function/internal_message.html?_=1704062805089&CODE_STATE=getMsg HTTP/1.1" 302 -
120.253.135.82 - - [01/Jan/2024:06:46:57 +0800] "GET /xingrg/all/function/internal_message.html?_=1704062635222&CODE_STATE=getMsg HTTP/1.1" 200 27
120.253.135.82 - - [01/Jan/2024:06:46:57 +0800] "GET /xingrg/kc/pszx/mdps_order_operate.html?command=get_materiel&pszx_code=00101&rest_code=00146&base_code=0010246&code=00101019216 HTTP/1.1" 200 477
120.253.135.82 - - [01/Jan/2024:06:46:59 +0800] "POST /xingrg/all/common/load_select.html HTTP/1.1" 200 25
120.253.135.82 - - [01/Jan/2024:06:47:01 +0800] "GET /xingrg/kc/pszx/mdps_order_operate.html?command=get_materiel_price&pszx_code=00101&rest_code=00146&base_code=0010246&code=00101019216&unit_code=00100074&order_time=2024-01-02 HTTP/1.1" 200 34
124.78.154.219 - - [01/Jan/2024:06:47:08 +0800] "GET /xingrg/all/function/internal_message.html?_=1704062827132&CODE_STATE=getMsg HTTP/1.1" 200 27
120.253.135.82 - - [01/Jan/2024:06:47:08 +0800] "POST /xingrg/kc/pszx/mdps_order_operate.html HTTP/1.1" 200 37
221.239.172.206 - - [01/Jan/2024:06:47:09 +0800] "GET /xingrg/all/function/internal_message.html?_=1704062828948&CODE_STATE=getMsg HTTP/1.1" 302 -
120.253.135.82 - - [01/Jan/2024:06:47:09 +0800] "GET /xingrg/kc/pszx/mdps_order_info.html?code=312024010100028 HTTP/1.1" 200 23978
120.253.135.82 - - [01/Jan/2024:06:47:09 +0800] "GET /xingrg/javascript/easyui/themes/default/validatebox.css HTTP/1.1" 404 1104
120.253.135.82 - - [01/Jan/2024:06:47:10 +0800] "POST /xingrg/kc/pszx/mdps_order_operate.html HTTP/1.1" 200 3322
101.83.145.37 - - [01/Jan/2024:06:47:14 +0800] "GET /xingrg/all/function/internal_message.html?_=1704062836350&CODE_STATE=getMsg HTTP/1.1" 302 -
58.40.7.146 - - [01/Jan/2024:06:47:16 +0800] "GET /xingrg/all/function/internal_message.html?_=1704062836953&CODE_STATE=getMsg HTTP/1.1" 302 -
116.232.193.168 - - [01/Jan/2024:06:47:20 +0800] "GET /xingrg/all/function/internal_message.html?_=1704062802446&CODE_STATE=getMsg HTTP/1.1" 302 -
222.67.232.215 - - [01/Jan/2024:06:47:27 +0800] "GET /xingrg/all/function/internal_message.html?_=1704062847808&CODE_STATE=getMsg HTTP/1.1" 200 27
114.95.241.104 - - [01/Jan/2024:06:47:30 +0800] "GET /xingrg/all/function/internal_message.html?_=1704062850868&CODE_STATE=getMsg HTTP/1.1" 302 -
58.40.7.146 - - [01/Jan/2024:06:47:33 +0800] "GET /xingrg/all/function/internal_message.html?_=1704062853581&CODE_STATE=getMsg HTTP/1.1" 302 -
116.230.112.67 - - [01/Jan/2024:06:47:42 +0800] "GET /xingrg/all/function/internal_message.html?_=1704062863555&CODE_STATE=getMsg HTTP/1.1" 302 -
180.169.147.146 - - [01/Jan/2024:06:47:45 +0800] "GET /xingrg/all/function/internal_message.html?_=1704062865082&CODE_STATE=getMsg HTTP/1.1" 302 -
120.253.135.82 - - [01/Jan/2024:06:47:55 +0800] "GET /xingrg/check_reg.html?_=1704062692974 HTTP/1.1" 200 22
120.253.135.82 - - [01/Jan/2024:06:47:57 +0800] "GET /xingrg/all/function/internal_message.html?_=1704062695236&CODE_STATE=getMsg HTTP/1.1" 200 27
124.78.154.219 - - [01/Jan/2024:06:48:08 +0800] "GET /xingrg/all/function/internal_message.html?_=1704062887136&CODE_STATE=getMsg HTTP/1.1" 200 27
221.239.172.206 - - [01/Jan/2024:06:48:09 +0800] "GET /xingrg/all/function/internal_message.html?_=1704062888932&CODE_STATE=getMsg HTTP/1.1" 302 -
101.83.145.37 - - [01/Jan/2024:06:48:14 +0800] "GET /xingrg/all/function/internal_message.html?_=1704062896352&CODE_STATE=getMsg HTTP/1.1" 302 -
58.40.7.146 - - [01/Jan/2024:06:48:16 +0800] "GET /xingrg/all/function/internal_message.html?_=1704062896924&CODE_STATE=getMsg HTTP/1.1" 302 -
116.232.193.168 - - [01/Jan/2024:06:48:20 +0800] "GET /xingrg/all/function/internal_message.html?_=1704062862436&CODE_STATE=getMsg HTTP/1.1" 302 -
120.253.135.82 - - [01/Jan/2024:06:48:20 +0800] "POST /xingrg/kc/pszx/mdps_list_operate.html HTTP/1.1" 200 5038
221.239.172.206 - - [01/Jan/2024:06:48:21 +0800] "GET /xingrg/check_reg.html?_=1704062901836 HTTP/1.1" 302 -
120.253.135.82 - - [01/Jan/2024:06:48:22 +0800] "POST /xingrg/kc/pszx/mdps_list_operate.html HTTP/1.1" 200 376
120.253.135.82 - - [01/Jan/2024:06:48:24 +0800] "POST /xingrg/kc/pszx/mdps_list_operate.html HTTP/1.1" 200 583
120.253.135.82 - - [01/Jan/2024:06:48:25 +0800] "GET /xingrg/kc/pszx/mdps_order_info.html?code=312024010100029 HTTP/1.1" 200 23978
120.253.135.82 - - [01/Jan/2024:06:48:26 +0800] "GET /xingrg/javascript/easyui/themes/default/validatebox.css HTTP/1.1" 404 1104
120.253.135.82 - - [01/Jan/2024:06:48:26 +0800] "POST /xingrg/kc/pszx/mdps_order_operate.html HTTP/1.1" 200 6175
222.67.232.215 - - [01/Jan/2024:06:48:27 +0800] "GET /xingrg/all/function/internal_message.html?_=1704062907790&CODE_STATE=getMsg HTTP/1.1" 200 27
120.253.135.82 - - [01/Jan/2024:06:48:29 +0800] "POST /xingrg/all/common/load_combo.html?type=base HTTP/1.1" 200 1169
114.95.241.104 - - [01/Jan/2024:06:48:30 +0800] "GET /xingrg/all/function/internal_message.html?_=1704062910855&CODE_STATE=getMsg HTTP/1.1" 302 -
114.95.241.104 - - [01/Jan/2024:06:48:30 +0800] "GET /xingrg/check_reg.html?_=1704062910857 HTTP/1.1" 302 -
120.253.135.82 - - [01/Jan/2024:06:48:33 +0800] "POST /xingrg/kc/pszx/mdps_order_operate.html HTTP/1.1" 200 37
58.40.7.146 - - [01/Jan/2024:06:48:33 +0800] "GET /xingrg/all/function/internal_message.html?_=1704062913567&CODE_STATE=getMsg HTTP/1.1" 302 -
120.253.135.82 - - [01/Jan/2024:06:48:33 +0800] "GET /xingrg/kc/pszx/mdps_order_info.html?code=312024010100029 HTTP/1.1" 200 23978
120.253.135.82 - - [01/Jan/2024:06:48:34 +0800] "GET /xingrg/javascript/easyui/themes/default/validatebox.css HTTP/1.1" 404 1104
120.253.135.82 - - [01/Jan/2024:06:48:34 +0800] "POST /xingrg/kc/pszx/mdps_order_operate.html HTTP/1.1" 200 6250
58.40.7.146 - - [01/Jan/2024:06:48:39 +0800] "GET /xingrg/check_reg.html?_=1704062919474 HTTP/1.1" 302 -
116.230.112.67 - - [01/Jan/2024:06:48:42 +0800] "GET /xingrg/all/function/internal_message.html?_=1704062923566&CODE_STATE=getMsg HTTP/1.1" 302 -
180.169.147.146 - - [01/Jan/2024:06:48:45 +0800] "GET /xingrg/all/function/internal_message.html?_=1704062925082&CODE_STATE=getMsg HTTP/1.1" 302 -
58.40.7.146 - - [01/Jan/2024:06:48:56 +0800] "GET /xingrg/check_reg.html?_=1704062936084 HTTP/1.1" 302 -
120.253.135.82 - - [01/Jan/2024:06:48:57 +0800] "POST /xingrg/kc/pszx/mdps_order_operate.html HTTP/1.1" 200 37
120.253.135.82 - - [01/Jan/2024:06:48:58 +0800] "GET /xingrg/kc/pszx/mdps_order_info.html?code=312024010100029 HTTP/1.1" 200 23978
120.253.135.82 - - [01/Jan/2024:06:48:59 +0800] "GET /xingrg/javascript/easyui/themes/default/validatebox.css HTTP/1.1" 404 1104
120.253.135.82 - - [01/Jan/2024:06:48:59 +0800] "POST /xingrg/kc/pszx/mdps_order_operate.html HTTP/1.1" 200 6250
120.253.135.82 - - [01/Jan/2024:06:48:59 +0800] "GET /xingrg/all/function/internal_message.html?_=1704062757043&CODE_STATE=getMsg HTTP/1.1" 200 27
120.253.135.82 - - [01/Jan/2024:06:49:04 +0800] "POST /xingrg/kc/pszx/mdps_list_operate.html HTTP/1.1" 200 5038
120.253.135.82 - - [01/Jan/2024:06:49:07 +0800] "POST /xingrg/kc/pszx/mdps_list_operate.html HTTP/1.1" 200 280
120.253.135.82 - - [01/Jan/2024:06:49:08 +0800] "GET /xingrg/kc/pszx/mdps_order_info.html?code=312024010100030 HTTP/1.1" 200 23978
124.78.154.219 - - [01/Jan/2024:06:49:08 +0800] "GET /xingrg/all/function/internal_message.html?_=1704062947139&CODE_STATE=getMsg HTTP/1.1" 200 27
120.253.135.82 - - [01/Jan/2024:06:49:08 +0800] "GET /xingrg/javascript/easyui/themes/default/validatebox.css HTTP/1.1" 404 1104
120.253.135.82 - - [01/Jan/2024:06:49:08 +0800] "POST /xingrg/kc/pszx/mdps_order_operate.html HTTP/1.1" 200 2749
221.239.172.206 - - [01/Jan/2024:06:49:09 +0800] "GET /xingrg/all/function/internal_message.html?_=1704062948904&CODE_STATE=getMsg HTTP/1.1" 302 -
120.253.135.82 - - [01/Jan/2024:06:49:11 +0800] "POST /xingrg/kc/pszx/mdps_order_operate.html HTTP/1.1" 200 37
120.253.135.82 - - [01/Jan/2024:06:49:12 +0800] "GET /xingrg/kc/pszx/mdps_order_info.html?code=312024010100030 HTTP/1.1" 200 23978
120.253.135.82 - - [01/Jan/2024:06:49:12 +0800] "GET /xingrg/javascript/easyui/themes/default/validatebox.css HTTP/1.1" 404 1104
120.253.135.82 - - [01/Jan/2024:06:49:12 +0800] "POST /xingrg/kc/pszx/mdps_order_operate.html HTTP/1.1" 200 2764
101.83.145.37 - - [01/Jan/2024:06:49:14 +0800] "GET /xingrg/all/function/internal_message.html?_=1704062956358&CODE_STATE=getMsg HTTP/1.1" 302 -
58.40.7.146 - - [01/Jan/2024:06:49:16 +0800] "GET /xingrg/all/function/internal_message.html?_=1704062956897&CODE_STATE=getMsg HTTP/1.1" 302 -
116.232.193.168 - - [01/Jan/2024:06:49:20 +0800] "GET /xingrg/all/function/internal_message.html?_=1704062922446&CODE_STATE=getMsg HTTP/1.1" 302 -
116.232.193.168 - - [01/Jan/2024:06:49:20 +0800] "GET /xingrg/login.html HTTP/1.1" 200 7641
120.253.135.82 - - [01/Jan/2024:06:49:20 +0800] "GET /xingrg/kc/pszx/mdps_order_operate.html?command=get_materiel&pszx_code=00101&rest_code=00146&base_code=0010246&code=00101030030 HTTP/1.1" 200 425
116.230.112.67 - - [01/Jan/2024:06:49:23 +0800] "GET /xingrg/check_reg.html?_=1704062964616 HTTP/1.1" 302 -
120.253.135.82 - - [01/Jan/2024:06:49:26 +0800] "POST /xingrg/kc/pszx/mdps_order_operate.html HTTP/1.1" 200 37
120.253.135.82 - - [01/Jan/2024:06:49:27 +0800] "GET /xingrg/kc/pszx/mdps_order_info.html?code=312024010100030 HTTP/1.1" 200 23978
222.67.232.215 - - [01/Jan/2024:06:49:27 +0800] "GET /xingrg/all/function/internal_message.html?_=1704062967762&CODE_STATE=getMsg HTTP/1.1" 200 27
120.253.135.82 - - [01/Jan/2024:06:49:28 +0800] "GET /xingrg/javascript/easyui/themes/default/validatebox.css HTTP/1.1" 404 1104
120.253.135.82 - - [01/Jan/2024:06:49:28 +0800] "POST /xingrg/kc/pszx/mdps_order_operate.html HTTP/1.1" 200 2770
120.253.135.82 - - [01/Jan/2024:06:49:29 +0800] "POST /xingrg/kc/pszx/mdps_list_operate.html HTTP/1.1" 200 5038
114.95.241.104 - - [01/Jan/2024:06:49:30 +0800] "GET /xingrg/all/function/internal_message.html?_=1704062970863&CODE_STATE=getMsg HTTP/1.1" 302 -
120.253.135.82 - - [01/Jan/2024:06:49:31 +0800] "POST /xingrg/kc/pszx/mdps_list_operate.html HTTP/1.1" 200 286
116.232.193.168 - - [01/Jan/2024:06:49:32 +0800] "GET /xingrg/check_reg.html?_=1704062934592 HTTP/1.1" 302 -
120.253.135.82 - - [01/Jan/2024:06:49:33 +0800] "POST /xingrg/kc/pszx/mdps_list_operate.html HTTP/1.1" 200 288
58.40.7.146 - - [01/Jan/2024:06:49:33 +0800] "GET /xingrg/all/function/internal_message.html?_=1704062973539&CODE_STATE=getMsg HTTP/1.1" 302 -
222.67.232.215 - - [01/Jan/2024:06:49:38 +0800] "GET /xingrg/check_reg.html?_=1704062978413 HTTP/1.1" 200 22
120.253.135.82 - - [01/Jan/2024:06:49:38 +0800] "POST /xingrg/kc/pszx/mdps_list_operate.html HTTP/1.1" 200 295
116.230.112.67 - - [01/Jan/2024:06:49:42 +0800] "GET /xingrg/all/function/internal_message.html?_=1704062983606&CODE_STATE=getMsg HTTP/1.1" 302 -
180.169.147.146 - - [01/Jan/2024:06:49:45 +0800] "GET /xingrg/all/function/internal_message.html?_=1704062985075&CODE_STATE=getMsg HTTP/1.1" 302 -
180.169.147.146 - - [01/Jan/2024:06:49:45 +0800] "GET /xingrg/check_reg.html?_=1704062985077 HTTP/1.1" 302 -
120.253.135.82 - - [01/Jan/2024:06:49:47 +0800] "POST /xingrg/kc/pszx/mdps_list_operate.html HTTP/1.1" 200 583
120.253.135.82 - - [01/Jan/2024:06:49:49 +0800] "GET /xingrg/kc/pszx/mdps_order_info.html?code=312024010100029 HTTP/1.1" 200 23978
120.253.135.82 - - [01/Jan/2024:06:49:49 +0800] "GET /xingrg/javascript/easyui/themes/default/validatebox.css HTTP/1.1" 404 1104
120.253.135.82 - - [01/Jan/2024:06:49:49 +0800] "POST /xingrg/kc/pszx/mdps_order_operate.html HTTP/1.1" 200 6250
120.253.135.82 - - [01/Jan/2024:06:49:51 +0800] "POST /xingrg/kc/pszx/mdps_list_operate.html HTTP/1.1" 200 5038
120.253.135.82 - - [01/Jan/2024:06:49:53 +0800] "POST /xingrg/kc/pszx/mdps_list_operate.html HTTP/1.1" 200 295
120.253.135.82 - - [01/Jan/2024:06:49:54 +0800] "GET /xingrg/kc/pszx/mdps_order_info.html?code=312024010100032 HTTP/1.1" 200 23978
120.253.135.82 - - [01/Jan/2024:06:49:54 +0800] "GET /xingrg/javascript/easyui/themes/default/validatebox.css HTTP/1.1" 404 1104
120.253.135.82 - - [01/Jan/2024:06:49:55 +0800] "POST /xingrg/kc/pszx/mdps_order_operate.html HTTP/1.1" 200 2786
120.253.135.82 - - [01/Jan/2024:06:49:58 +0800] "POST /xingrg/all/common/load_combo.html?type=base HTTP/1.1" 200 1169
120.253.135.82 - - [01/Jan/2024:06:49:59 +0800] "GET /xingrg/all/function/internal_message.html?_=1704062817057&CODE_STATE=getMsg HTTP/1.1" 200 27
120.253.135.82 - - [01/Jan/2024:06:50:01 +0800] "POST /xingrg/kc/pszx/mdps_order_operate.html HTTP/1.1" 200 37
120.253.135.82 - - [01/Jan/2024:06:50:02 +0800] "GET /xingrg/kc/pszx/mdps_order_info.html?code=312024010100032 HTTP/1.1" 200 23978
120.253.135.82 - - [01/Jan/2024:06:50:02 +0800] "GET /xingrg/javascript/easyui/themes/default/validatebox.css HTTP/1.1" 404 1104
120.253.135.82 - - [01/Jan/2024:06:50:02 +0800] "POST /xingrg/kc/pszx/mdps_order_operate.html HTTP/1.1" 200 2805
120.253.135.82 - - [01/Jan/2024:06:50:06 +0800] "POST /xingrg/kc/pszx/mdps_list_operate.html HTTP/1.1" 200 5038
124.78.154.219 - - [01/Jan/2024:06:50:08 +0800] "GET /xingrg/all/function/internal_message.html?_=1704063007140&CODE_STATE=getMsg HTTP/1.1" 200 27
120.253.135.82 - - [01/Jan/2024:06:50:08 +0800] "POST /xingrg/kc/pszx/mdps_list_operate.html HTTP/1.1" 200 201
221.239.172.206 - - [01/Jan/2024:06:50:09 +0800] "GET /xingrg/all/function/internal_message.html?_=1704063008890&CODE_STATE=getMsg HTTP/1.1" 302 -
120.253.135.82 - - [01/Jan/2024:06:50:11 +0800] "POST /xingrg/kc/pszx/mdps_list_operate.html HTTP/1.1" 200 295
120.253.135.82 - - [01/Jan/2024:06:50:12 +0800] "GET /xingrg/kc/pszx/mdps_order_info.html?code=312024010100032 HTTP/1.1" 200 23978
120.253.135.82 - - [01/Jan/2024:06:50:12 +0800] "GET /xingrg/javascript/easyui/themes/default/validatebox.css HTTP/1.1" 404 1104
120.253.135.82 - - [01/Jan/2024:06:50:12 +0800] "POST /xingrg/kc/pszx/mdps_order_operate.html HTTP/1.1" 200 2805
101.83.145.37 - - [01/Jan/2024:06:50:14 +0800] "GET /xingrg/check_reg.html?_=1704063016346 HTTP/1.1" 302 -
101.83.145.37 - - [01/Jan/2024:06:50:14 +0800] "GET /xingrg/all/function/internal_message.html?_=1704063016350&CODE_STATE=getMsg HTTP/1.1" 302 -
58.40.7.146 - - [01/Jan/2024:06:50:16 +0800] "GET /xingrg/all/function/internal_message.html?_=1704063016868&CODE_STATE=getMsg HTTP/1.1" 302 -
120.253.135.82 - - [01/Jan/2024:06:50:20 +0800] "GET /xingrg/kc/pszx/mdps_order_operate.html?command=get_materiel&pszx_code=00101&rest_code=00146&base_code=0010250&code=00102002182 HTTP/1.1" 200 420
116.232.193.168 - - [01/Jan/2024:06:50:20 +0800] "GET /xingrg/all/function/internal_message.html?_=1704062982454&CODE_STATE=getMsg HTTP/1.1" 302 -
120.253.135.82 - - [01/Jan/2024:06:50:26 +0800] "POST /xingrg/kc/pszx/mdps_order_operate.html HTTP/1.1" 200 37
120.253.135.82 - - [01/Jan/2024:06:50:26 +0800] "GET /xingrg/kc/pszx/mdps_order_info.html?code=312024010100032 HTTP/1.1" 200 23978
120.253.135.82 - - [01/Jan/2024:06:50:27 +0800] "GET /xingrg/javascript/easyui/themes/default/validatebox.css HTTP/1.1" 404 1104
120.253.135.82 - - [01/Jan/2024:06:50:27 +0800] "POST /xingrg/kc/pszx/mdps_order_operate.html HTTP/1.1" 200 3290
222.67.232.215 - - [01/Jan/2024:06:50:27 +0800] "GET /xingrg/all/function/internal_message.html?_=1704063027757&CODE_STATE=getMsg HTTP/1.1" 200 27
120.253.135.82 - - [01/Jan/2024:06:50:29 +0800] "POST /xingrg/kc/pszx/mdps_list_operate.html HTTP/1.1" 200 5039
114.95.241.104 - - [01/Jan/2024:06:50:30 +0800] "GET /xingrg/all/function/internal_message.html?_=1704063030870&CODE_STATE=getMsg HTTP/1.1" 302 -
120.253.135.82 - - [01/Jan/2024:06:50:31 +0800] "POST /xingrg/kc/pszx/mdps_list_operate.html HTTP/1.1" 200 370
58.40.7.146 - - [01/Jan/2024:06:50:33 +0800] "GET /xingrg/all/function/internal_message.html?_=1704063033510&CODE_STATE=getMsg HTTP/1.1" 302 -
120.253.135.82 - - [01/Jan/2024:06:50:33 +0800] "POST /xingrg/kc/pszx/mdps_list_operate.html HTTP/1.1" 200 201
120.253.135.82 - - [01/Jan/2024:06:50:34 +0800] "GET /xingrg/kc/pszx/mdps_order_info.html?code=312023123000664 HTTP/1.1" 200 23978
120.253.135.82 - - [01/Jan/2024:06:50:34 +0800] "GET /xingrg/javascript/easyui/themes/default/validatebox.css HTTP/1.1" 404 1104
120.253.135.82 - - [01/Jan/2024:06:50:34 +0800] "POST /xingrg/kc/pszx/mdps_order_operate.html HTTP/1.1" 200 2275
120.253.135.82 - - [01/Jan/2024:06:50:37 +0800] "POST /xingrg/kc/pszx/mdps_order_operate.html HTTP/1.1" 200 12
120.253.135.82 - - [01/Jan/2024:06:50:38 +0800] "POST /xingrg/kc/pszx/mdps_list_operate.html HTTP/1.1" 200 4667
120.253.135.82 - - [01/Jan/2024:06:50:40 +0800] "POST /xingrg/kc/pszx/mdps_list_operate.html HTTP/1.1" 200 619
120.253.135.82 - - [01/Jan/2024:06:50:42 +0800] "POST /xingrg/kc/pszx/mdps_list_operate.html HTTP/1.1" 200 354
116.230.112.67 - - [01/Jan/2024:06:50:42 +0800] "GET /xingrg/all/function/internal_message.html?_=1704063043617&CODE_STATE=getMsg HTTP/1.1" 302 -
120.253.135.82 - - [01/Jan/2024:06:50:45 +0800] "POST /xingrg/kc/pszx/mdps_list_operate.html HTTP/1.1" 200 432
180.169.147.146 - - [01/Jan/2024:06:50:45 +0800] "GET /xingrg/all/function/internal_message.html?_=1704063045092&CODE_STATE=getMsg HTTP/1.1" 302 -
120.253.135.82 - - [01/Jan/2024:06:50:51 +0800] "POST /xingrg/kc/pszx/mdps_list_operate.html HTTP/1.1" 200 202
106.55.202.193 - - [01/Jan/2024:06:50:54 +0800] "GET /xingrg/check_reg.html?_=1704045366852 HTTP/1.1" 302 -
218.81.65.124 - - [01/Jan/2024:06:50:57 +0800] "GET /xingrg/check_reg.html?_=1704063057870 HTTP/1.1" 302 -
120.253.135.82 - - [01/Jan/2024:06:50:59 +0800] "GET /xingrg/all/function/internal_message.html?_=1704062877071&CODE_STATE=getMsg HTTP/1.1" 200 27
120.253.135.82 - - [01/Jan/2024:06:51:06 +0800] "GET /xingrg/kc/pszx/mdps_order_info.html?code=312024010100025 HTTP/1.1" 200 23978
120.253.135.82 - - [01/Jan/2024:06:51:07 +0800] "GET /xingrg/javascript/easyui/themes/default/validatebox.css HTTP/1.1" 404 1104
120.253.135.82 - - [01/Jan/2024:06:51:07 +0800] "POST /xingrg/kc/pszx/mdps_order_operate.html HTTP/1.1" 200 3250
124.78.154.219 - - [01/Jan/2024:06:51:08 +0800] "GET /xingrg/all/function/internal_message.html?_=1704063067149&CODE_STATE=getMsg HTTP/1.1" 200 27
124.78.154.219 - - [01/Jan/2024:06:51:08 +0800] "GET /xingrg/check_reg.html?_=1704063067152 HTTP/1.1" 200 22
221.239.172.206 - - [01/Jan/2024:06:51:09 +0800] "GET /xingrg/all/function/internal_message.html?_=1704063068875&CODE_STATE=getMsg HTTP/1.1" 302 -
120.253.135.82 - - [01/Jan/2024:06:51:13 +0800] "GET /xingrg/kc/pszx/mdps_order_operate.html?command=get_materiel&pszx_code=00101&rest_code=00146&base_code=0010246&code=00101008012 HTTP/1.1" 200 419
101.83.145.37 - - [01/Jan/2024:06:51:14 +0800] "GET /xingrg/all/function/internal_message.html?_=1704063076357&CODE_STATE=getMsg HTTP/1.1" 302 -
116.230.112.67 - - [01/Jan/2024:06:51:15 +0800] "POST /xingrg/services/DataTransmitService HTTP/1.1" 200 524
58.40.7.146 - - [01/Jan/2024:06:51:16 +0800] "GET /xingrg/all/function/internal_message.html?_=1704063076839&CODE_STATE=getMsg HTTP/1.1" 302 -
116.230.112.67 - - [01/Jan/2024:06:51:16 +0800] "POST /xingrg/services/DataTransmitService HTTP/1.1" 200 412
120.253.135.82 - - [01/Jan/2024:06:51:19 +0800] "POST /xingrg/kc/pszx/mdps_order_operate.html HTTP/1.1" 200 37
116.232.193.168 - - [01/Jan/2024:06:51:20 +0800] "GET /xingrg/all/function/internal_message.html?_=1704063042454&CODE_STATE=getMsg HTTP/1.1" 302 -
120.253.135.82 - - [01/Jan/2024:06:51:20 +0800] "GET /xingrg/kc/pszx/mdps_order_info.html?code=312024010100025 HTTP/1.1" 200 23978
120.253.135.82 - - [01/Jan/2024:06:51:21 +0800] "GET /xingrg/javascript/easyui/themes/default/validatebox.css HTTP/1.1" 404 1104
120.253.135.82 - - [01/Jan/2024:06:51:21 +0800] "POST /xingrg/kc/pszx/mdps_order_operate.html HTTP/1.1" 200 3734
120.253.135.82 - - [01/Jan/2024:06:51:24 +0800] "POST /xingrg/kc/pszx/mdps_list_operate.html HTTP/1.1" 200 4667
120.253.135.82 - - [01/Jan/2024:06:51:26 +0800] "POST /xingrg/kc/pszx/mdps_list_operate.html HTTP/1.1" 200 202
120.253.135.82 - - [01/Jan/2024:06:51:27 +0800] "GET /xingrg/kc/pszx/mdps_order_info.html?code=312024010100027 HTTP/1.1" 200 23978
120.253.135.82 - - [01/Jan/2024:06:51:27 +0800] "GET /xingrg/javascript/easyui/themes/default/validatebox.css HTTP/1.1" 404 1104
120.253.135.82 - - [01/Jan/2024:06:51:27 +0800] "POST /xingrg/kc/pszx/mdps_order_operate.html HTTP/1.1" 200 2278
222.67.232.215 - - [01/Jan/2024:06:51:27 +0800] "GET /xingrg/all/function/internal_message.html?_=1704063087741&CODE_STATE=getMsg HTTP/1.1" 200 27
120.253.135.82 - - [01/Jan/2024:06:51:30 +0800] "POST /xingrg/all/common/load_combo.html?type=base HTTP/1.1" 200 1169
114.95.241.104 - - [01/Jan/2024:06:51:30 +0800] "GET /xingrg/all/function/internal_message.html?_=1704063090871&CODE_STATE=getMsg HTTP/1.1" 302 -
58.40.7.146 - - [01/Jan/2024:06:51:33 +0800] "GET /xingrg/all/function/internal_message.html?_=1704063093480&CODE_STATE=getMsg HTTP/1.1" 302 -
120.253.135.82 - - [01/Jan/2024:06:51:37 +0800] "GET /xingrg/kc/pszx/mdps_order_operate.html?command=get_materiel&pszx_code=00101&rest_code=00146&base_code=0010252&code=00101014040 HTTP/1.1" 200 421
116.230.112.67 - - [01/Jan/2024:06:51:42 +0800] "GET /xingrg/all/function/internal_message.html?_=1704063103665&CODE_STATE=getMsg HTTP/1.1" 302 -
180.169.147.146 - - [01/Jan/2024:06:51:45 +0800] "GET /xingrg/all/function/internal_message.html?_=1704063105094&CODE_STATE=getMsg HTTP/1.1" 302 -
120.253.135.82 - - [01/Jan/2024:06:51:49 +0800] "POST /xingrg/kc/pszx/mdps_order_operate.html HTTP/1.1" 200 37
120.253.135.82 - - [01/Jan/2024:06:51:50 +0800] "GET /xingrg/kc/pszx/mdps_order_info.html?code=312024010100027 HTTP/1.1" 200 23978
120.253.135.82 - - [01/Jan/2024:06:51:50 +0800] "GET /xingrg/javascript/easyui/themes/default/validatebox.css HTTP/1.1" 404 1104
120.253.135.82 - - [01/Jan/2024:06:51:50 +0800] "POST /xingrg/kc/pszx/mdps_order_operate.html HTTP/1.1" 200 2276
120.253.135.82 - - [01/Jan/2024:06:51:52 +0800] "POST /xingrg/kc/pszx/mdps_list_operate.html HTTP/1.1" 200 4668
120.253.135.82 - - [01/Jan/2024:06:51:54 +0800] "POST /xingrg/kc/pszx/mdps_list_operate.html HTTP/1.1" 200 202
120.253.135.82 - - [01/Jan/2024:06:51:56 +0800] "POST /xingrg/kc/pszx/mdps_list_operate.html HTTP/1.1" 200 376
120.253.135.82 - - [01/Jan/2024:06:51:58 +0800] "POST /xingrg/kc/pszx/mdps_list_operate.html HTTP/1.1" 200 583
120.253.135.82 - - [01/Jan/2024:06:51:59 +0800] "GET /xingrg/all/function/internal_message.html?_=1704062937086&CODE_STATE=getMsg HTTP/1.1" 200 27
120.253.135.82 - - [01/Jan/2024:06:52:00 +0800] "POST /xingrg/kc/pszx/mdps_list_operate.html HTTP/1.1" 200 286
120.253.135.82 - - [01/Jan/2024:06:52:02 +0800] "POST /xingrg/kc/pszx/mdps_list_operate.html HTTP/1.1" 200 288
124.78.154.219 - - [01/Jan/2024:06:52:08 +0800] "GET /xingrg/all/function/internal_message.html?_=1704063127139&CODE_STATE=getMsg HTTP/1.1" 200 27
221.239.172.206 - - [01/Jan/2024:06:52:09 +0800] "GET /xingrg/all/function/internal_message.html?_=1704063128859&CODE_STATE=getMsg HTTP/1.1" 302 -
101.83.145.37 - - [01/Jan/2024:06:52:14 +0800] "GET /xingrg/all/function/internal_message.html?_=1704063136360&CODE_STATE=getMsg HTTP/1.1" 302 -
120.253.135.82 - - [01/Jan/2024:06:52:15 +0800] "GET /xingrg/kc/pszx/mdps_order_info.html?code=312024010100030 HTTP/1.1" 200 23978
