120.253.135.82 - - [01/Jan/2024:08:07:56 +0800] "GET /xingrg/check_reg.html?_=1704067493515 HTTP/1.1" 200 22
114.95.241.104 - - [01/Jan/2024:08:07:58 +0800] "POST /xingrg/dwr/call/plaincall/AjaxCheckService.setItemNumber.dwr HTTP/1.1" 200 76
114.95.241.104 - - [01/Jan/2024:08:08:01 +0800] "POST /xingrg/dwr/call/plaincall/AjaxCheckService.setItemNumber.dwr HTTP/1.1" 200 77
114.95.241.104 - - [01/Jan/2024:08:08:04 +0800] "POST /xingrg/dwr/call/plaincall/AjaxCheckService.setItemNumber.dwr HTTP/1.1" 200 77
221.239.172.206 - - [01/Jan/2024:08:08:07 +0800] "GET /xingrg/all/function/internal_message.html?_=1704067687566&CODE_STATE=getMsg HTTP/1.1" 302 -
124.78.154.219 - - [01/Jan/2024:08:08:08 +0800] "GET /xingrg/all/function/internal_message.html?_=1704067687217&CODE_STATE=getMsg HTTP/1.1" 200 27
114.95.241.104 - - [01/Jan/2024:08:08:09 +0800] "POST /xingrg/dwr/call/plaincall/AjaxCheckService.setItemNumber.dwr HTTP/1.1" 200 77
116.230.112.67 - - [01/Jan/2024:08:08:09 +0800] "GET /xingrg/all/function/internal_message.html?_=1704067690881&CODE_STATE=getMsg HTTP/1.1" 200 27
114.95.241.104 - - [01/Jan/2024:08:08:12 +0800] "POST /xingrg/dwr/call/plaincall/AjaxCheckService.setItemNumber.dwr HTTP/1.1" 200 77
101.83.145.37 - - [01/Jan/2024:08:08:14 +0800] "GET /xingrg/all/function/internal_message.html?_=1704067696450&CODE_STATE=getMsg HTTP/1.1" 302 -
58.40.7.146 - - [01/Jan/2024:08:08:14 +0800] "GET /xingrg/all/function/internal_message.html?_=1704067694947&CODE_STATE=getMsg HTTP/1.1" 302 -
114.95.241.104 - - [01/Jan/2024:08:08:16 +0800] "POST /xingrg/dwr/call/plaincall/AjaxCheckService.setItemNumber.dwr HTTP/1.1" 200 77
120.253.135.82 - - [01/Jan/2024:08:08:18 +0800] "GET /xingrg/all/function/internal_message.html?_=1704067515667&CODE_STATE=getMsg HTTP/1.1" 200 27
116.232.193.168 - - [01/Jan/2024:08:08:20 +0800] "GET /xingrg/all/function/internal_message.html?_=1704067662456&CODE_STATE=getMsg HTTP/1.1" 302 -
221.239.172.206 - - [01/Jan/2024:08:08:21 +0800] "GET /xingrg/check_reg.html?_=1704067701608 HTTP/1.1" 302 -
222.67.232.215 - - [01/Jan/2024:08:08:26 +0800] "GET /xingrg/all/function/internal_message.html?_=1704067706166&CODE_STATE=getMsg HTTP/1.1" 200 27
114.95.241.104 - - [01/Jan/2024:08:08:30 +0800] "GET /xingrg/all/function/internal_message.html?_=1704067710855&CODE_STATE=getMsg HTTP/1.1" 302 -
114.95.241.104 - - [01/Jan/2024:08:08:30 +0800] "GET /xingrg/check_reg.html?_=1704067710858 HTTP/1.1" 302 -
58.40.7.146 - - [01/Jan/2024:08:08:31 +0800] "GET /xingrg/all/function/internal_message.html?_=1704067711540&CODE_STATE=getMsg HTTP/1.1" 302 -
114.95.241.104 - - [01/Jan/2024:08:08:38 +0800] "GET /xingrg/all/function/internal_message.html?_=1704067717704&CODE_STATE=getMsg HTTP/1.1" 200 27
58.40.7.146 - - [01/Jan/2024:08:08:39 +0800] "GET /xingrg/check_reg.html?_=1704067719182 HTTP/1.1" 302 -
180.169.147.146 - - [01/Jan/2024:08:08:45 +0800] "GET /xingrg/all/function/internal_message.html?_=1704067725094&CODE_STATE=getMsg HTTP/1.1" 302 -
114.89.202.115 - - [01/Jan/2024:08:08:48 +0800] "GET /xingrg/all/function/internal_message.html?_=1704067730111&CODE_STATE=getMsg HTTP/1.1" 200 27
114.95.241.104 - - [01/Jan/2024:08:08:54 +0800] "POST /xingrg/dwr/call/plaincall/AjaxCheckService.setItemNumber.dwr HTTP/1.1" 200 77
116.230.112.67 - - [01/Jan/2024:08:08:54 +0800] "GET /xingrg/check_reg.html?_=1704067735769 HTTP/1.1" 200 22
58.40.7.146 - - [01/Jan/2024:08:08:55 +0800] "GET /xingrg/check_reg.html?_=1704067735791 HTTP/1.1" 302 -
114.95.241.104 - - [01/Jan/2024:08:08:56 +0800] "POST /xingrg/dwr/call/plaincall/AjaxCheckService.setItemNumber.dwr HTTP/1.1" 200 77
114.95.241.104 - - [01/Jan/2024:08:09:00 +0800] "POST /xingrg/dwr/call/plaincall/AjaxCheckService.setItemNumber.dwr HTTP/1.1" 200 77
114.95.241.104 - - [01/Jan/2024:08:09:02 +0800] "POST /xingrg/dwr/call/plaincall/AjaxCheckService.setItemNumber.dwr HTTP/1.1" 200 77
114.95.241.104 - - [01/Jan/2024:08:09:04 +0800] "POST /xingrg/dwr/call/plaincall/AjaxCheckService.setItemNumber.dwr HTTP/1.1" 200 77
221.239.172.206 - - [01/Jan/2024:08:09:07 +0800] "GET /xingrg/all/function/internal_message.html?_=1704067747537&CODE_STATE=getMsg HTTP/1.1" 302 -
124.78.154.219 - - [01/Jan/2024:08:09:08 +0800] "GET /xingrg/all/function/internal_message.html?_=1704067747222&CODE_STATE=getMsg HTTP/1.1" 200 27
116.230.112.67 - - [01/Jan/2024:08:09:09 +0800] "GET /xingrg/all/function/internal_message.html?_=1704067750885&CODE_STATE=getMsg HTTP/1.1" 200 27
114.95.241.104 - - [01/Jan/2024:08:09:11 +0800] "POST /xingrg/dwr/call/plaincall/AjaxCheckService.setItemNumber.dwr HTTP/1.1" 200 77
101.83.145.37 - - [01/Jan/2024:08:09:14 +0800] "GET /xingrg/all/function/internal_message.html?_=1704067756451&CODE_STATE=getMsg HTTP/1.1" 302 -
58.40.7.146 - - [01/Jan/2024:08:09:14 +0800] "GET /xingrg/all/function/internal_message.html?_=1704067754925&CODE_STATE=getMsg HTTP/1.1" 302 -
114.95.241.104 - - [01/Jan/2024:08:09:16 +0800] "POST /xingrg/dwr/call/plaincall/AjaxCheckService.setItemNumber.dwr HTTP/1.1" 200 77
114.95.241.104 - - [01/Jan/2024:08:09:17 +0800] "POST /xingrg/dwr/call/plaincall/AjaxCheckService.setItemNumber.dwr HTTP/1.1" 200 77
120.253.135.82 - - [01/Jan/2024:08:09:18 +0800] "GET /xingrg/all/function/internal_message.html?_=1704067575681&CODE_STATE=getMsg HTTP/1.1" 200 27
114.95.241.104 - - [01/Jan/2024:08:09:19 +0800] "POST /xingrg/dwr/call/plaincall/AjaxCheckService.setItemNumber.dwr HTTP/1.1" 200 77
114.95.241.104 - - [01/Jan/2024:08:09:20 +0800] "POST /xingrg/dwr/call/plaincall/AjaxCheckService.setItemNumber.dwr HTTP/1.1" 200 77
116.232.193.168 - - [01/Jan/2024:08:09:20 +0800] "GET /xingrg/all/function/internal_message.html?_=1704067722464&CODE_STATE=getMsg HTTP/1.1" 302 -
114.95.241.104 - - [01/Jan/2024:08:09:20 +0800] "POST /xingrg/dwr/call/plaincall/AjaxCheckService.setItemNumber.dwr HTTP/1.1" 200 77
114.95.241.104 - - [01/Jan/2024:08:09:22 +0800] "POST /xingrg/dwr/call/plaincall/AjaxCheckService.setItemNumber.dwr HTTP/1.1" 200 77
114.95.241.104 - - [01/Jan/2024:08:09:23 +0800] "POST /xingrg/dwr/call/plaincall/AjaxCheckService.setItemNumber.dwr HTTP/1.1" 200 77
222.67.232.215 - - [01/Jan/2024:08:09:26 +0800] "GET /xingrg/all/function/internal_message.html?_=1704067766151&CODE_STATE=getMsg HTTP/1.1" 200 27
114.95.241.104 - - [01/Jan/2024:08:09:30 +0800] "GET /xingrg/all/function/internal_message.html?_=1704067770862&CODE_STATE=getMsg HTTP/1.1" 302 -
58.40.7.146 - - [01/Jan/2024:08:09:31 +0800] "GET /xingrg/all/function/internal_message.html?_=1704067771510&CODE_STATE=getMsg HTTP/1.1" 302 -
116.232.193.168 - - [01/Jan/2024:08:09:32 +0800] "GET /xingrg/check_reg.html?_=1704067734603 HTTP/1.1" 302 -
114.95.241.104 - - [01/Jan/2024:08:09:38 +0800] "GET /xingrg/all/function/internal_message.html?_=1704067777711&CODE_STATE=getMsg HTTP/1.1" 200 27
222.67.232.215 - - [01/Jan/2024:08:09:38 +0800] "GET /xingrg/check_reg.html?_=1704067778374 HTTP/1.1" 200 22
180.169.147.146 - - [01/Jan/2024:08:09:45 +0800] "GET /xingrg/check_reg.html?_=1704067785084 HTTP/1.1" 302 -
180.169.147.146 - - [01/Jan/2024:08:09:45 +0800] "GET /xingrg/all/function/internal_message.html?_=1704067785086&CODE_STATE=getMsg HTTP/1.1" 302 -
114.89.202.115 - - [01/Jan/2024:08:09:48 +0800] "GET /xingrg/check_reg.html?_=1704067790110 HTTP/1.1" 200 22
114.89.202.115 - - [01/Jan/2024:08:09:48 +0800] "GET /xingrg/all/function/internal_message.html?_=1704067790113&CODE_STATE=getMsg HTTP/1.1" 200 27
114.95.241.104 - - [01/Jan/2024:08:09:54 +0800] "POST /xingrg/dwr/call/plaincall/AjaxCheckService.setItemNumber.dwr HTTP/1.1" 200 77
114.95.241.104 - - [01/Jan/2024:08:10:02 +0800] "POST /xingrg/dwr/call/plaincall/AjaxCheckService.setItemNumber.dwr HTTP/1.1" 200 77
81.71.5.172 - - [01/Jan/2024:08:10:06 +0800] "GET /xingrg/check_reg.html?_=1704033066644 HTTP/1.1" 302 -
106.55.202.186 - - [01/Jan/2024:08:10:07 +0800] "GET /xingrg/login.html HTTP/1.1" 200 7641
114.95.241.104 - - [01/Jan/2024:08:10:07 +0800] "POST /xingrg/dwr/call/plaincall/AjaxCheckService.setItemNumber.dwr HTTP/1.1" 200 77
221.239.172.206 - - [01/Jan/2024:08:10:07 +0800] "GET /xingrg/all/function/internal_message.html?_=1704067807513&CODE_STATE=getMsg HTTP/1.1" 302 -
124.78.154.219 - - [01/Jan/2024:08:10:08 +0800] "GET /xingrg/all/function/internal_message.html?_=1704067807228&CODE_STATE=getMsg HTTP/1.1" 200 27
116.230.112.67 - - [01/Jan/2024:08:10:09 +0800] "GET /xingrg/all/function/internal_message.html?_=1704067810900&CODE_STATE=getMsg HTTP/1.1" 200 27
114.95.241.104 - - [01/Jan/2024:08:10:11 +0800] "POST /xingrg/dwr/call/plaincall/AjaxCheckService.setItemNumber.dwr HTTP/1.1" 200 77
101.83.145.37 - - [01/Jan/2024:08:10:14 +0800] "GET /xingrg/all/function/internal_message.html?_=1704067816450&CODE_STATE=getMsg HTTP/1.1" 302 -
101.83.145.37 - - [01/Jan/2024:08:10:14 +0800] "GET /xingrg/check_reg.html?_=1704067816454 HTTP/1.1" 302 -
58.40.7.146 - - [01/Jan/2024:08:10:14 +0800] "GET /xingrg/all/function/internal_message.html?_=1704067814895&CODE_STATE=getMsg HTTP/1.1" 302 -
114.95.241.104 - - [01/Jan/2024:08:10:15 +0800] "POST /xingrg/dwr/call/plaincall/AjaxCheckService.setItemNumber.dwr HTTP/1.1" 200 77
114.95.241.104 - - [01/Jan/2024:08:10:18 +0800] "POST /xingrg/dwr/call/plaincall/AjaxCheckService.setItemNumber.dwr HTTP/1.1" 200 77
120.253.135.82 - - [01/Jan/2024:08:10:18 +0800] "GET /xingrg/all/function/internal_message.html?_=1704067635953&CODE_STATE=getMsg HTTP/1.1" 200 27
116.232.193.168 - - [01/Jan/2024:08:10:20 +0800] "GET /xingrg/all/function/internal_message.html?_=1704067782470&CODE_STATE=getMsg HTTP/1.1" 302 -
114.95.241.104 - - [01/Jan/2024:08:10:20 +0800] "POST /xingrg/dwr/call/plaincall/AjaxCheckService.setItemNumber.dwr HTTP/1.1" 200 77
222.67.232.215 - - [01/Jan/2024:08:10:26 +0800] "GET /xingrg/all/function/internal_message.html?_=1704067826133&CODE_STATE=getMsg HTTP/1.1" 200 27
114.95.241.104 - - [01/Jan/2024:08:10:27 +0800] "POST /xingrg/dwr/call/plaincall/AjaxCheckService.setItemNumber.dwr HTTP/1.1" 200 77
114.95.241.104 - - [01/Jan/2024:08:10:28 +0800] "POST /xingrg/dwr/call/plaincall/AjaxCheckService.setItemNumber.dwr HTTP/1.1" 200 77
114.95.241.104 - - [01/Jan/2024:08:10:30 +0800] "GET /xingrg/all/function/internal_message.html?_=1704067830856&CODE_STATE=getMsg HTTP/1.1" 302 -
58.40.7.146 - - [01/Jan/2024:08:10:31 +0800] "GET /xingrg/all/function/internal_message.html?_=1704067831496&CODE_STATE=getMsg HTTP/1.1" 302 -
114.95.241.104 - - [01/Jan/2024:08:10:35 +0800] "POST /xingrg/dwr/call/plaincall/AjaxCheckService.setItemNumber.dwr HTTP/1.1" 200 77
114.95.241.104 - - [01/Jan/2024:08:10:38 +0800] "GET /xingrg/all/function/internal_message.html?_=1704067837721&CODE_STATE=getMsg HTTP/1.1" 200 27
114.95.241.104 - - [01/Jan/2024:08:10:41 +0800] "POST /xingrg/dwr/call/plaincall/AjaxCheckService.setItemNumber.dwr HTTP/1.1" 200 77
114.95.241.104 - - [01/Jan/2024:08:10:44 +0800] "POST /xingrg/dwr/call/plaincall/AjaxCheckService.setItemNumber.dwr HTTP/1.1" 200 77
180.169.147.146 - - [01/Jan/2024:08:10:45 +0800] "GET /xingrg/all/function/internal_message.html?_=1704067845073&CODE_STATE=getMsg HTTP/1.1" 302 -
114.95.241.104 - - [01/Jan/2024:08:10:47 +0800] "POST /xingrg/dwr/call/plaincall/AjaxCheckService.setItemNumber.dwr HTTP/1.1" 200 77
114.89.202.115 - - [01/Jan/2024:08:10:48 +0800] "GET /xingrg/all/function/internal_message.html?_=1704067850108&CODE_STATE=getMsg HTTP/1.1" 200 27
114.95.241.104 - - [01/Jan/2024:08:10:49 +0800] "POST /xingrg/dwr/call/plaincall/AjaxCheckService.setItemNumber.dwr HTTP/1.1" 200 77
114.95.241.104 - - [01/Jan/2024:08:10:51 +0800] "POST /xingrg/dwr/call/plaincall/AjaxCheckService.setItemNumber.dwr HTTP/1.1" 200 77
114.95.241.104 - - [01/Jan/2024:08:10:54 +0800] "POST /xingrg/dwr/call/plaincall/AjaxCheckService.setItemNumber.dwr HTTP/1.1" 200 77
218.81.65.124 - - [01/Jan/2024:08:10:57 +0800] "GET /xingrg/check_reg.html?_=1704067857762 HTTP/1.1" 302 -
114.95.241.104 - - [01/Jan/2024:08:10:58 +0800] "POST /xingrg/dwr/call/plaincall/AjaxCheckService.setItemNumber.dwr HTTP/1.1" 200 77
114.95.241.104 - - [01/Jan/2024:08:10:58 +0800] "POST /xingrg/dwr/call/plaincall/AjaxCheckService.setItemNumber.dwr HTTP/1.1" 200 77
114.95.241.104 - - [01/Jan/2024:08:11:01 +0800] "POST /xingrg/dwr/call/plaincall/AjaxCheckService.setItemNumber.dwr HTTP/1.1" 200 77
114.95.241.104 - - [01/Jan/2024:08:11:02 +0800] "POST /xingrg/dwr/call/plaincall/AjaxCheckService.setItemNumber.dwr HTTP/1.1" 200 77
114.95.241.104 - - [01/Jan/2024:08:11:04 +0800] "POST /xingrg/dwr/call/plaincall/AjaxCheckService.setItemNumber.dwr HTTP/1.1" 200 77
114.95.241.104 - - [01/Jan/2024:08:11:06 +0800] "POST /xingrg/dwr/call/plaincall/AjaxCheckService.setItemNumber.dwr HTTP/1.1" 200 77
114.95.241.104 - - [01/Jan/2024:08:11:07 +0800] "POST /xingrg/dwr/call/plaincall/AjaxCheckService.setItemNumber.dwr HTTP/1.1" 200 77
221.239.172.206 - - [01/Jan/2024:08:11:07 +0800] "GET /xingrg/all/function/internal_message.html?_=1704067867481&CODE_STATE=getMsg HTTP/1.1" 302 -
114.95.241.104 - - [01/Jan/2024:08:11:08 +0800] "POST /xingrg/dwr/call/plaincall/AjaxCheckService.setItemNumber.dwr HTTP/1.1" 200 77
124.78.154.219 - - [01/Jan/2024:08:11:08 +0800] "GET /xingrg/all/function/internal_message.html?_=1704067867230&CODE_STATE=getMsg HTTP/1.1" 200 27
124.78.154.219 - - [01/Jan/2024:08:11:08 +0800] "GET /xingrg/check_reg.html?_=1704067867233 HTTP/1.1" 200 22
116.230.112.67 - - [01/Jan/2024:08:11:09 +0800] "GET /xingrg/all/function/internal_message.html?_=1704067870922&CODE_STATE=getMsg HTTP/1.1" 200 27
101.83.145.37 - - [01/Jan/2024:08:11:14 +0800] "GET /xingrg/all/function/internal_message.html?_=1704067876453&CODE_STATE=getMsg HTTP/1.1" 302 -
58.40.7.146 - - [01/Jan/2024:08:11:14 +0800] "GET /xingrg/all/function/internal_message.html?_=1704067874867&CODE_STATE=getMsg HTTP/1.1" 302 -
114.95.241.104 - - [01/Jan/2024:08:11:15 +0800] "POST /xingrg/dwr/call/plaincall/AjaxCheckService.setItemNumber.dwr HTTP/1.1" 200 77
114.95.241.104 - - [01/Jan/2024:08:11:16 +0800] "POST /xingrg/dwr/call/plaincall/AjaxCheckService.setItemNumber.dwr HTTP/1.1" 200 77
114.95.241.104 - - [01/Jan/2024:08:11:17 +0800] "POST /xingrg/dwr/call/plaincall/AjaxCheckService.setItemNumber.dwr HTTP/1.1" 200 77
120.253.135.82 - - [01/Jan/2024:08:11:18 +0800] "GET /xingrg/all/function/internal_message.html?_=1704067695957&CODE_STATE=getMsg HTTP/1.1" 200 27
114.95.241.104 - - [01/Jan/2024:08:11:20 +0800] "POST /xingrg/dwr/call/plaincall/AjaxCheckService.setItemNumber.dwr HTTP/1.1" 200 77
116.232.193.168 - - [01/Jan/2024:08:11:20 +0800] "GET /xingrg/all/function/internal_message.html?_=1704067842468&CODE_STATE=getMsg HTTP/1.1" 302 -
114.95.241.104 - - [01/Jan/2024:08:11:21 +0800] "POST /xingrg/dwr/call/plaincall/AjaxCheckService.setItemNumber.dwr HTTP/1.1" 200 77
114.95.241.104 - - [01/Jan/2024:08:11:22 +0800] "POST /xingrg/dwr/call/plaincall/AjaxCheckService.setItemNumber.dwr HTTP/1.1" 200 77
116.230.112.67 - - [01/Jan/2024:08:11:24 +0800] "POST /xingrg/services/DataTransmitService HTTP/1.1" 200 524
114.95.241.104 - - [01/Jan/2024:08:11:25 +0800] "POST /xingrg/dwr/call/plaincall/AjaxCheckService.setItemNumber.dwr HTTP/1.1" 200 77
116.230.112.67 - - [01/Jan/2024:08:11:25 +0800] "POST /xingrg/services/DataTransmitService HTTP/1.1" 200 412
222.67.232.215 - - [01/Jan/2024:08:11:26 +0800] "GET /xingrg/all/function/internal_message.html?_=1704067886111&CODE_STATE=getMsg HTTP/1.1" 200 27
114.95.241.104 - - [01/Jan/2024:08:11:26 +0800] "POST /xingrg/dwr/call/plaincall/AjaxCheckService.setItemNumber.dwr HTTP/1.1" 200 77
114.95.241.104 - - [01/Jan/2024:08:11:30 +0800] "GET /xingrg/all/function/internal_message.html?_=1704067890873&CODE_STATE=getMsg HTTP/1.1" 302 -
58.40.7.146 - - [01/Jan/2024:08:11:31 +0800] "GET /xingrg/all/function/internal_message.html?_=1704067891468&CODE_STATE=getMsg HTTP/1.1" 302 -
114.95.241.104 - - [01/Jan/2024:08:11:38 +0800] "GET /xingrg/check_reg.html?_=1704067897712 HTTP/1.1" 200 22
114.95.241.104 - - [01/Jan/2024:08:11:38 +0800] "GET /xingrg/all/function/internal_message.html?_=1704067897715&CODE_STATE=getMsg HTTP/1.1" 200 27
114.95.241.104 - - [01/Jan/2024:08:11:40 +0800] "POST /xingrg/dwr/call/plaincall/AjaxCheckService.setItemNumber.dwr HTTP/1.1" 200 77
180.169.147.146 - - [01/Jan/2024:08:11:45 +0800] "GET /xingrg/all/function/internal_message.html?_=1704067905079&CODE_STATE=getMsg HTTP/1.1" 302 -
114.95.241.104 - - [01/Jan/2024:08:11:46 +0800] "POST /xingrg/dwr/call/plaincall/AjaxCheckService.setItemNumber.dwr HTTP/1.1" 200 77
114.89.202.115 - - [01/Jan/2024:08:11:48 +0800] "GET /xingrg/all/function/internal_message.html?_=1704067910096&CODE_STATE=getMsg HTTP/1.1" 200 27
114.95.241.104 - - [01/Jan/2024:08:11:50 +0800] "POST /xingrg/dwr/call/plaincall/AjaxCheckService.setItemNumber.dwr HTTP/1.1" 200 77
106.55.201.50 - - [01/Jan/2024:08:11:51 +0800] "GET /xingrg/check_reg.html?_=1704040266759 HTTP/1.1" 302 -
114.95.241.104 - - [01/Jan/2024:08:11:51 +0800] "POST /xingrg/dwr/call/plaincall/AjaxCheckService.setItemNumber.dwr HTTP/1.1" 200 77
114.95.241.104 - - [01/Jan/2024:08:11:52 +0800] "POST /xingrg/dwr/call/plaincall/AjaxCheckService.setItemNumber.dwr HTTP/1.1" 200 77
114.95.241.104 - - [01/Jan/2024:08:11:52 +0800] "POST /xingrg/dwr/call/plaincall/AjaxCheckService.setItemNumber.dwr HTTP/1.1" 200 77
106.55.202.193 - - [01/Jan/2024:08:11:53 +0800] "GET /xingrg/login.html HTTP/1.1" 200 7641
114.95.241.104 - - [01/Jan/2024:08:11:53 +0800] "POST /xingrg/dwr/call/plaincall/AjaxCheckService.setItemNumber.dwr HTTP/1.1" 200 77
114.95.241.104 - - [01/Jan/2024:08:11:54 +0800] "POST /xingrg/dwr/call/plaincall/AjaxCheckService.setItemNumber.dwr HTTP/1.1" 200 77
114.95.241.104 - - [01/Jan/2024:08:11:55 +0800] "POST /xingrg/dwr/call/plaincall/AjaxCheckService.setItemNumber.dwr HTTP/1.1" 200 77
114.95.241.104 - - [01/Jan/2024:08:11:56 +0800] "POST /xingrg/dwr/call/plaincall/AjaxCheckService.setItemNumber.dwr HTTP/1.1" 200 77
114.95.241.104 - - [01/Jan/2024:08:12:01 +0800] "POST /xingrg/dwr/call/plaincall/AjaxCheckService.setItemNumber.dwr HTTP/1.1" 200 77
221.239.172.206 - - [01/Jan/2024:08:12:07 +0800] "GET /xingrg/all/function/internal_message.html?_=1704067927465&CODE_STATE=getMsg HTTP/1.1" 302 -
124.78.154.219 - - [01/Jan/2024:08:12:08 +0800] "GET /xingrg/all/function/internal_message.html?_=1704067927218&CODE_STATE=getMsg HTTP/1.1" 200 27
116.230.112.67 - - [01/Jan/2024:08:12:09 +0800] "GET /xingrg/all/function/internal_message.html?_=1704067930926&CODE_STATE=getMsg HTTP/1.1" 200 27
114.89.202.115 - - [01/Jan/2024:08:12:10 +0800] "GET /xingrg/check_reg.html?_=1704067931886 HTTP/1.1" 200 22
114.95.241.104 - - [01/Jan/2024:08:12:12 +0800] "POST /xingrg/dwr/call/plaincall/AjaxCheckService.setItemNumber.dwr HTTP/1.1" 200 77
101.83.145.37 - - [01/Jan/2024:08:12:14 +0800] "GET /xingrg/all/function/internal_message.html?_=1704067936454&CODE_STATE=getMsg HTTP/1.1" 302 -
58.40.7.146 - - [01/Jan/2024:08:12:14 +0800] "GET /xingrg/all/function/internal_message.html?_=1704067934836&CODE_STATE=getMsg HTTP/1.1" 302 -
114.95.241.104 - - [01/Jan/2024:08:12:17 +0800] "POST /xingrg/dwr/call/plaincall/AjaxCheckService.setItemNumber.dwr HTTP/1.1" 200 77
120.253.135.82 - - [01/Jan/2024:08:12:18 +0800] "GET /xingrg/all/function/internal_message.html?_=1704067756227&CODE_STATE=getMsg HTTP/1.1" 200 27
116.232.193.168 - - [01/Jan/2024:08:12:20 +0800] "GET /xingrg/all/function/internal_message.html?_=1704067902458&CODE_STATE=getMsg HTTP/1.1" 302 -
222.67.232.215 - - [01/Jan/2024:08:12:26 +0800] "GET /xingrg/all/function/internal_message.html?_=1704067946080&CODE_STATE=getMsg HTTP/1.1" 200 27
114.95.241.104 - - [01/Jan/2024:08:12:28 +0800] "POST /xingrg/dwr/call/plaincall/AjaxCheckService.checkOrder.dwr HTTP/1.1" 200 79
114.95.241.104 - - [01/Jan/2024:08:12:29 +0800] "GET /xingrg/kc/base/check_order_info.html?code=452023123100340 HTTP/1.1" 200 22876
114.95.241.104 - - [01/Jan/2024:08:12:29 +0800] "GET /xingrg/dwr/interface/AjaxComOrderService.js HTTP/1.1" 200 18264
114.95.241.104 - - [01/Jan/2024:08:12:29 +0800] "GET /xingrg/dwr/interface/AjaxCheckService.js HTTP/1.1" 200 14003
114.95.241.104 - - [01/Jan/2024:08:12:29 +0800] "GET /xingrg/dwr/engine.js HTTP/1.1" 200 43631
114.95.241.104 - - [01/Jan/2024:08:12:30 +0800] "POST /xingrg/dwr/call/plaincall/AjaxCheckService.loadOrderItems.dwr HTTP/1.1" 200 25353
114.95.241.104 - - [01/Jan/2024:08:12:30 +0800] "GET /xingrg/all/function/internal_message.html?_=1704067950860&CODE_STATE=getMsg HTTP/1.1" 302 -
106.55.200.45 - - [01/Jan/2024:08:12:31 +0800] "GET /xingrg/check_reg.html?_=1704052266976 HTTP/1.1" 302 -
58.40.7.146 - - [01/Jan/2024:08:12:31 +0800] "GET /xingrg/all/function/internal_message.html?_=1704067951438&CODE_STATE=getMsg HTTP/1.1" 302 -
114.95.241.104 - - [01/Jan/2024:08:12:31 +0800] "GET /xingrg/kc/base/check_order_list.html?isBack=1 HTTP/1.1" 200 16179
114.95.241.104 - - [01/Jan/2024:08:12:31 +0800] "POST /xingrg/kc/base/check_list_operate.html HTTP/1.1" 200 2973
106.55.200.246 - - [01/Jan/2024:08:12:32 +0800] "GET /xingrg/login.html HTTP/1.1" 200 7641
114.95.241.104 - - [01/Jan/2024:08:12:38 +0800] "GET /xingrg/all/function/internal_message.html?_=1704067957717&CODE_STATE=getMsg HTTP/1.1" 200 27
114.95.241.104 - - [01/Jan/2024:08:12:39 +0800] "GET /xingrg/kc/base/check_order_info.html?code=452023123100342 HTTP/1.1" 200 26490
114.95.241.104 - - [01/Jan/2024:08:12:39 +0800] "GET /xingrg/dwr/interface/AjaxComOrderService.js HTTP/1.1" 200 18264
114.95.241.104 - - [01/Jan/2024:08:12:39 +0800] "GET /xingrg/dwr/interface/AjaxCheckService.js HTTP/1.1" 200 14003
114.95.241.104 - - [01/Jan/2024:08:12:39 +0800] "GET /xingrg/dwr/engine.js HTTP/1.1" 200 43631
114.95.241.104 - - [01/Jan/2024:08:12:41 +0800] "POST /xingrg/dwr/call/plaincall/AjaxCheckService.loadOrderItems.dwr HTTP/1.1" 200 133232
180.169.147.146 - - [01/Jan/2024:08:12:45 +0800] "GET /xingrg/all/function/internal_message.html?_=1704067965095&CODE_STATE=getMsg HTTP/1.1" 302 -
114.89.202.115 - - [01/Jan/2024:08:12:48 +0800] "GET /xingrg/all/function/internal_message.html?_=1704067970110&CODE_STATE=getMsg HTTP/1.1" 200 27
106.55.200.246 - - [01/Jan/2024:08:12:50 +0800] "GET /xingrg/all/function/internal_message.html?_=1704045606843&CODE_STATE=getMsg HTTP/1.1" 302 -
81.71.5.172 - - [01/Jan/2024:08:12:52 +0800] "GET /xingrg/login.html HTTP/1.1" 200 7641
120.253.135.82 - - [01/Jan/2024:08:12:56 +0800] "GET /xingrg/check_reg.html?_=1704067793521 HTTP/1.1" 200 22
114.95.241.104 - - [01/Jan/2024:08:12:59 +0800] "POST /xingrg/dwr/call/plaincall/AjaxCheckService.setItemNumber.dwr HTTP/1.1" 200 76
114.95.241.104 - - [01/Jan/2024:08:13:01 +0800] "POST /xingrg/dwr/call/plaincall/AjaxCheckService.setItemNumber.dwr HTTP/1.1" 200 76
114.95.241.104 - - [01/Jan/2024:08:13:02 +0800] "POST /xingrg/dwr/call/plaincall/AjaxCheckService.setItemNumber.dwr HTTP/1.1" 200 76
114.95.241.104 - - [01/Jan/2024:08:13:03 +0800] "POST /xingrg/dwr/call/plaincall/AjaxCheckService.setItemNumber.dwr HTTP/1.1" 200 76
114.95.241.104 - - [01/Jan/2024:08:13:04 +0800] "POST /xingrg/dwr/call/plaincall/AjaxCheckService.setItemNumber.dwr HTTP/1.1" 200 76
114.95.241.104 - - [01/Jan/2024:08:13:07 +0800] "POST /xingrg/dwr/call/plaincall/AjaxCheckService.setItemNumber.dwr HTTP/1.1" 200 76
221.239.172.206 - - [01/Jan/2024:08:13:07 +0800] "GET /xingrg/all/function/internal_message.html?_=1704067987435&CODE_STATE=getMsg HTTP/1.1" 302 -
124.78.154.219 - - [01/Jan/2024:08:13:08 +0800] "GET /xingrg/all/function/internal_message.html?_=1704067987221&CODE_STATE=getMsg HTTP/1.1" 200 27
116.230.112.67 - - [01/Jan/2024:08:13:09 +0800] "GET /xingrg/all/function/internal_message.html?_=1704067990951&CODE_STATE=getMsg HTTP/1.1" 200 27
114.95.241.104 - - [01/Jan/2024:08:13:11 +0800] "POST /xingrg/dwr/call/plaincall/AjaxCheckService.setItemNumber.dwr HTTP/1.1" 200 76
114.95.241.104 - - [01/Jan/2024:08:13:11 +0800] "POST /xingrg/dwr/call/plaincall/AjaxCheckService.setItemNumber.dwr HTTP/1.1" 200 76
114.95.241.104 - - [01/Jan/2024:08:13:13 +0800] "POST /xingrg/dwr/call/plaincall/AjaxCheckService.setItemNumber.dwr HTTP/1.1" 200 76
101.83.145.37 - - [01/Jan/2024:08:13:14 +0800] "GET /xingrg/all/function/internal_message.html?_=1704067996456&CODE_STATE=getMsg HTTP/1.1" 302 -
114.95.241.104 - - [01/Jan/2024:08:13:14 +0800] "POST /xingrg/dwr/call/plaincall/AjaxCheckService.setItemNumber.dwr HTTP/1.1" 200 77
58.40.7.146 - - [01/Jan/2024:08:13:14 +0800] "GET /xingrg/all/function/internal_message.html?_=1704067994823&CODE_STATE=getMsg HTTP/1.1" 302 -
114.95.241.104 - - [01/Jan/2024:08:13:15 +0800] "POST /xingrg/dwr/call/plaincall/AjaxCheckService.setItemNumber.dwr HTTP/1.1" 200 77
114.95.241.104 - - [01/Jan/2024:08:13:16 +0800] "POST /xingrg/dwr/call/plaincall/AjaxCheckService.setItemNumber.dwr HTTP/1.1" 200 77
114.95.241.104 - - [01/Jan/2024:08:13:16 +0800] "POST /xingrg/dwr/call/plaincall/AjaxCheckService.setItemNumber.dwr HTTP/1.1" 200 77
120.253.135.82 - - [01/Jan/2024:08:13:18 +0800] "GET /xingrg/all/function/internal_message.html?_=1704067816235&CODE_STATE=getMsg HTTP/1.1" 200 27
116.232.193.168 - - [01/Jan/2024:08:13:20 +0800] "GET /xingrg/all/function/internal_message.html?_=1704067962454&CODE_STATE=getMsg HTTP/1.1" 302 -
221.239.172.206 - - [01/Jan/2024:08:13:21 +0800] "GET /xingrg/check_reg.html?_=1704068001586 HTTP/1.1" 302 -
222.67.232.215 - - [01/Jan/2024:08:13:26 +0800] "GET /xingrg/all/function/internal_message.html?_=1704068006064&CODE_STATE=getMsg HTTP/1.1" 200 27
114.95.241.104 - - [01/Jan/2024:08:13:28 +0800] "POST /xingrg/dwr/call/plaincall/AjaxCheckService.setItemNumber.dwr HTTP/1.1" 200 77
114.95.241.104 - - [01/Jan/2024:08:13:29 +0800] "POST /xingrg/dwr/call/plaincall/AjaxCheckService.setItemNumber.dwr HTTP/1.1" 200 77
114.95.241.104 - - [01/Jan/2024:08:13:30 +0800] "POST /xingrg/dwr/call/plaincall/AjaxCheckService.setItemNumber.dwr HTTP/1.1" 200 77
114.95.241.104 - - [01/Jan/2024:08:13:30 +0800] "GET /xingrg/check_reg.html?_=1704068010869 HTTP/1.1" 302 -
114.95.241.104 - - [01/Jan/2024:08:13:30 +0800] "GET /xingrg/all/function/internal_message.html?_=1704068010871&CODE_STATE=getMsg HTTP/1.1" 302 -
58.40.7.146 - - [01/Jan/2024:08:13:31 +0800] "GET /xingrg/all/function/internal_message.html?_=1704068011426&CODE_STATE=getMsg HTTP/1.1" 302 -
114.95.241.104 - - [01/Jan/2024:08:13:33 +0800] "POST /xingrg/dwr/call/plaincall/AjaxCheckService.setItemNumber.dwr HTTP/1.1" 200 77
114.95.241.104 - - [01/Jan/2024:08:13:38 +0800] "GET /xingrg/all/function/internal_message.html?_=1704068017702&CODE_STATE=getMsg HTTP/1.1" 200 27
114.95.241.104 - - [01/Jan/2024:08:13:38 +0800] "POST /xingrg/dwr/call/plaincall/AjaxCheckService.setItemNumber.dwr HTTP/1.1" 200 77
58.40.7.146 - - [01/Jan/2024:08:13:39 +0800] "GET /xingrg/check_reg.html?_=1704068019169 HTTP/1.1" 302 -
114.95.241.104 - - [01/Jan/2024:08:13:40 +0800] "POST /xingrg/dwr/call/plaincall/AjaxCheckService.setItemNumber.dwr HTTP/1.1" 200 77
180.169.147.146 - - [01/Jan/2024:08:13:45 +0800] "GET /xingrg/all/function/internal_message.html?_=1704068025092&CODE_STATE=getMsg HTTP/1.1" 302 -
114.95.241.104 - - [01/Jan/2024:08:13:46 +0800] "POST /xingrg/dwr/call/plaincall/AjaxCheckService.setItemNumber.dwr HTTP/1.1" 200 77
114.89.202.115 - - [01/Jan/2024:08:13:48 +0800] "GET /xingrg/all/function/internal_message.html?_=1704068030120&CODE_STATE=getMsg HTTP/1.1" 200 27
114.95.241.104 - - [01/Jan/2024:08:13:50 +0800] "POST /xingrg/dwr/call/plaincall/AjaxCheckService.setItemNumber.dwr HTTP/1.1" 200 77
114.95.241.104 - - [01/Jan/2024:08:13:53 +0800] "POST /xingrg/dwr/call/plaincall/AjaxCheckService.setItemNumber.dwr HTTP/1.1" 200 77
116.230.112.67 - - [01/Jan/2024:08:13:54 +0800] "GET /xingrg/check_reg.html?_=1704068035779 HTTP/1.1" 200 22
114.95.241.104 - - [01/Jan/2024:08:13:55 +0800] "POST /xingrg/dwr/call/plaincall/AjaxCheckService.setItemNumber.dwr HTTP/1.1" 200 77
58.40.7.146 - - [01/Jan/2024:08:13:55 +0800] "GET /xingrg/check_reg.html?_=1704068035772 HTTP/1.1" 302 -
114.95.241.104 - - [01/Jan/2024:08:13:56 +0800] "POST /xingrg/dwr/call/plaincall/AjaxCheckService.setItemNumber.dwr HTTP/1.1" 200 77
114.95.241.104 - - [01/Jan/2024:08:13:57 +0800] "POST /xingrg/dwr/call/plaincall/AjaxCheckService.setItemNumber.dwr HTTP/1.1" 200 77
114.95.241.104 - - [01/Jan/2024:08:14:00 +0800] "POST /xingrg/dwr/call/plaincall/AjaxCheckService.setItemNumber.dwr HTTP/1.1" 200 77
114.95.241.104 - - [01/Jan/2024:08:14:02 +0800] "POST /xingrg/dwr/call/plaincall/AjaxCheckService.setItemNumber.dwr HTTP/1.1" 200 77
114.95.241.104 - - [01/Jan/2024:08:14:03 +0800] "POST /xingrg/dwr/call/plaincall/AjaxCheckService.setItemNumber.dwr HTTP/1.1" 200 77
114.95.241.104 - - [01/Jan/2024:08:14:05 +0800] "POST /xingrg/dwr/call/plaincall/AjaxCheckService.setItemNumber.dwr HTTP/1.1" 200 77
221.239.172.206 - - [01/Jan/2024:08:14:07 +0800] "GET /xingrg/all/function/internal_message.html?_=1704068047405&CODE_STATE=getMsg HTTP/1.1" 302 -
116.230.112.67 - - [01/Jan/2024:08:14:09 +0800] "GET /xingrg/all/function/internal_message.html?_=1704068050954&CODE_STATE=getMsg HTTP/1.1" 200 27
114.95.241.104 - - [01/Jan/2024:08:14:10 +0800] "POST /xingrg/dwr/call/plaincall/AjaxCheckService.setItemNumber.dwr HTTP/1.1" 200 77
101.83.145.37 - - [01/Jan/2024:08:14:14 +0800] "GET /xingrg/all/function/internal_message.html?_=1704068056484&CODE_STATE=getMsg HTTP/1.1" 302 -
58.40.7.146 - - [01/Jan/2024:08:14:14 +0800] "GET /xingrg/all/function/internal_message.html?_=1704068054797&CODE_STATE=getMsg HTTP/1.1" 302 -
114.95.241.104 - - [01/Jan/2024:08:14:15 +0800] "POST /xingrg/dwr/call/plaincall/AjaxCheckService.setItemNumber.dwr HTTP/1.1" 200 77
120.253.135.82 - - [01/Jan/2024:08:14:18 +0800] "GET /xingrg/all/function/internal_message.html?_=1704067876248&CODE_STATE=getMsg HTTP/1.1" 200 27
114.95.241.104 - - [01/Jan/2024:08:14:19 +0800] "POST /xingrg/dwr/call/plaincall/AjaxCheckService.setItemNumber.dwr HTTP/1.1" 200 77
116.232.193.168 - - [01/Jan/2024:08:14:20 +0800] "GET /xingrg/all/function/internal_message.html?_=1704068022463&CODE_STATE=getMsg HTTP/1.1" 302 -
124.78.154.219 - - [01/Jan/2024:08:14:20 +0800] "GET /xingrg/all/function/internal_message.html?_=1704068047220&CODE_STATE=getMsg HTTP/1.1" 200 27
114.95.241.104 - - [01/Jan/2024:08:14:24 +0800] "POST /xingrg/dwr/call/plaincall/AjaxCheckService.setItemNumber.dwr HTTP/1.1" 200 77
114.95.241.104 - - [01/Jan/2024:08:14:25 +0800] "POST /xingrg/dwr/call/plaincall/AjaxCheckService.setItemNumber.dwr HTTP/1.1" 200 77
222.67.232.215 - - [01/Jan/2024:08:14:26 +0800] "GET /xingrg/all/function/internal_message.html?_=1704068066043&CODE_STATE=getMsg HTTP/1.1" 200 27
114.95.241.104 - - [01/Jan/2024:08:14:30 +0800] "POST /xingrg/dwr/call/plaincall/AjaxCheckService.setItemNumber.dwr HTTP/1.1" 200 77
114.95.241.104 - - [01/Jan/2024:08:14:30 +0800] "GET /xingrg/all/function/internal_message.html?_=1704068070856&CODE_STATE=getMsg HTTP/1.1" 302 -
58.40.7.146 - - [01/Jan/2024:08:14:31 +0800] "GET /xingrg/all/function/internal_message.html?_=1704068071401&CODE_STATE=getMsg HTTP/1.1" 302 -
114.95.241.104 - - [01/Jan/2024:08:14:31 +0800] "POST /xingrg/dwr/call/plaincall/AjaxCheckService.setItemNumber.dwr HTTP/1.1" 200 77
114.95.241.104 - - [01/Jan/2024:08:14:32 +0800] "POST /xingrg/dwr/call/plaincall/AjaxCheckService.setItemNumber.dwr HTTP/1.1" 200 77
116.232.193.168 - - [01/Jan/2024:08:14:32 +0800] "GET /xingrg/check_reg.html?_=1704068034595 HTTP/1.1" 302 -
114.95.241.104 - - [01/Jan/2024:08:14:32 +0800] "POST /xingrg/dwr/call/plaincall/AjaxCheckService.setItemNumber.dwr HTTP/1.1" 200 77
106.55.200.45 - - [01/Jan/2024:08:14:33 +0800] "GET /xingrg/all/function/internal_message.html?_=1704048726891&CODE_STATE=getMsg HTTP/1.1" 302 -
114.95.241.104 - - [01/Jan/2024:08:14:35 +0800] "POST /xingrg/dwr/call/plaincall/AjaxCheckService.setItemNumber.dwr HTTP/1.1" 200 77
114.95.241.104 - - [01/Jan/2024:08:14:35 +0800] "POST /xingrg/dwr/call/plaincall/AjaxCheckService.setItemNumber.dwr HTTP/1.1" 200 77
114.95.241.104 - - [01/Jan/2024:08:14:36 +0800] "POST /xingrg/dwr/call/plaincall/AjaxCheckService.setItemNumber.dwr HTTP/1.1" 200 77
106.55.202.186 - - [01/Jan/2024:08:14:36 +0800] "GET /xingrg/login.html HTTP/1.1" 200 7641
114.95.241.104 - - [01/Jan/2024:08:14:36 +0800] "POST /xingrg/dwr/call/plaincall/AjaxCheckService.setItemNumber.dwr HTTP/1.1" 200 77
114.95.241.104 - - [01/Jan/2024:08:14:37 +0800] "POST /xingrg/dwr/call/plaincall/AjaxCheckService.setItemNumber.dwr HTTP/1.1" 200 77
114.95.241.104 - - [01/Jan/2024:08:14:38 +0800] "GET /xingrg/all/function/internal_message.html?_=1704068077715&CODE_STATE=getMsg HTTP/1.1" 200 27
222.67.232.215 - - [01/Jan/2024:08:14:38 +0800] "GET /xingrg/check_reg.html?_=1704068078367 HTTP/1.1" 200 22
114.95.241.104 - - [01/Jan/2024:08:14:40 +0800] "POST /xingrg/dwr/call/plaincall/AjaxCheckService.setItemNumber.dwr HTTP/1.1" 200 77
114.95.241.104 - - [01/Jan/2024:08:14:42 +0800] "POST /xingrg/dwr/call/plaincall/AjaxCheckService.setItemNumber.dwr HTTP/1.1" 200 77
180.169.147.146 - - [01/Jan/2024:08:14:45 +0800] "GET /xingrg/check_reg.html?_=1704068085081 HTTP/1.1" 302 -
180.169.147.146 - - [01/Jan/2024:08:14:45 +0800] "GET /xingrg/all/function/internal_message.html?_=1704068085082&CODE_STATE=getMsg HTTP/1.1" 302 -
114.95.241.104 - - [01/Jan/2024:08:14:45 +0800] "POST /xingrg/dwr/call/plaincall/AjaxCheckService.setItemNumber.dwr HTTP/1.1" 200 77
114.95.241.104 - - [01/Jan/2024:08:14:47 +0800] "POST /xingrg/dwr/call/plaincall/AjaxCheckService.setItemNumber.dwr HTTP/1.1" 200 77
114.89.202.115 - - [01/Jan/2024:08:14:48 +0800] "GET /xingrg/check_reg.html?_=1704068090111 HTTP/1.1" 200 22
114.89.202.115 - - [01/Jan/2024:08:14:48 +0800] "GET /xingrg/all/function/internal_message.html?_=1704068090114&CODE_STATE=getMsg HTTP/1.1" 200 27
114.95.241.104 - - [01/Jan/2024:08:14:51 +0800] "POST /xingrg/dwr/call/plaincall/AjaxCheckService.setItemNumber.dwr HTTP/1.1" 200 77
114.95.241.104 - - [01/Jan/2024:08:14:52 +0800] "POST /xingrg/dwr/call/plaincall/AjaxCheckService.setItemNumber.dwr HTTP/1.1" 200 77
114.95.241.104 - - [01/Jan/2024:08:14:53 +0800] "POST /xingrg/dwr/call/plaincall/AjaxCheckService.setItemNumber.dwr HTTP/1.1" 200 77
114.95.241.104 - - [01/Jan/2024:08:14:54 +0800] "POST /xingrg/dwr/call/plaincall/AjaxCheckService.setItemNumber.dwr HTTP/1.1" 200 77
114.95.241.104 - - [01/Jan/2024:08:14:55 +0800] "POST /xingrg/dwr/call/plaincall/AjaxCheckService.setItemNumber.dwr HTTP/1.1" 200 77
114.95.241.104 - - [01/Jan/2024:08:14:56 +0800] "POST /xingrg/dwr/call/plaincall/AjaxCheckService.setItemNumber.dwr HTTP/1.1" 200 77
114.95.241.104 - - [01/Jan/2024:08:14:58 +0800] "POST /xingrg/dwr/call/plaincall/AjaxCheckService.setItemNumber.dwr HTTP/1.1" 200 77
114.95.241.104 - - [01/Jan/2024:08:14:59 +0800] "POST /xingrg/dwr/call/plaincall/AjaxCheckService.setItemNumber.dwr HTTP/1.1" 200 77
114.95.241.104 - - [01/Jan/2024:08:15:02 +0800] "POST /xingrg/dwr/call/plaincall/AjaxCheckService.setItemNumber.dwr HTTP/1.1" 200 77
114.95.241.104 - - [01/Jan/2024:08:15:04 +0800] "POST /xingrg/dwr/call/plaincall/AjaxCheckService.setItemNumber.dwr HTTP/1.1" 200 77
114.95.241.104 - - [01/Jan/2024:08:15:06 +0800] "POST /xingrg/dwr/call/plaincall/AjaxCheckService.setItemNumber.dwr HTTP/1.1" 200 77
221.239.172.206 - - [01/Jan/2024:08:15:07 +0800] "GET /xingrg/all/function/internal_message.html?_=1704068107390&CODE_STATE=getMsg HTTP/1.1" 302 -
114.95.241.104 - - [01/Jan/2024:08:15:08 +0800] "POST /xingrg/dwr/call/plaincall/AjaxCheckService.setItemNumber.dwr HTTP/1.1" 200 77
124.78.154.219 - - [01/Jan/2024:08:15:08 +0800] "GET /xingrg/all/function/internal_message.html?_=1704068107232&CODE_STATE=getMsg HTTP/1.1" 200 27
116.230.112.67 - - [01/Jan/2024:08:15:09 +0800] "GET /xingrg/all/function/internal_message.html?_=1704068110967&CODE_STATE=getMsg HTTP/1.1" 200 27
114.95.241.104 - - [01/Jan/2024:08:15:10 +0800] "POST /xingrg/dwr/call/plaincall/AjaxCheckService.setItemNumber.dwr HTTP/1.1" 200 77
114.95.241.104 - - [01/Jan/2024:08:15:11 +0800] "POST /xingrg/dwr/call/plaincall/AjaxCheckService.setItemNumber.dwr HTTP/1.1" 200 77
101.83.145.37 - - [01/Jan/2024:08:15:14 +0800] "GET /xingrg/check_reg.html?_=1704068116487 HTTP/1.1" 302 -
101.83.145.37 - - [01/Jan/2024:08:15:14 +0800] "GET /xingrg/all/function/internal_message.html?_=1704068116492&CODE_STATE=getMsg HTTP/1.1" 302 -
58.40.7.146 - - [01/Jan/2024:08:15:14 +0800] "GET /xingrg/all/function/internal_message.html?_=1704068114770&CODE_STATE=getMsg HTTP/1.1" 302 -
114.95.241.104 - - [01/Jan/2024:08:15:14 +0800] "POST /xingrg/dwr/call/plaincall/AjaxCheckService.setItemNumber.dwr HTTP/1.1" 200 77
106.55.202.186 - - [01/Jan/2024:08:15:19 +0800] "GET /xingrg/all/function/internal_message.html?_=1704043026807&CODE_STATE=getMsg HTTP/1.1" 302 -
120.253.135.82 - - [01/Jan/2024:08:15:19 +0800] "GET /xingrg/all/function/internal_message.html?_=1704067936533&CODE_STATE=getMsg HTTP/1.1" 200 27
116.232.193.168 - - [01/Jan/2024:08:15:20 +0800] "GET /xingrg/all/function/internal_message.html?_=1704068082450&CODE_STATE=getMsg HTTP/1.1" 302 -
106.55.200.246 - - [01/Jan/2024:08:15:21 +0800] "GET /xingrg/login.html HTTP/1.1" 200 7641
222.67.232.215 - - [01/Jan/2024:08:15:26 +0800] "GET /xingrg/all/function/internal_message.html?_=1704068126027&CODE_STATE=getMsg HTTP/1.1" 200 27
114.95.241.104 - - [01/Jan/2024:08:15:27 +0800] "POST /xingrg/dwr/call/plaincall/AjaxCheckService.setItemNumber.dwr HTTP/1.1" 200 77
114.95.241.104 - - [01/Jan/2024:08:15:29 +0800] "POST /xingrg/dwr/call/plaincall/AjaxCheckService.setItemNumber.dwr HTTP/1.1" 200 77
114.95.241.104 - - [01/Jan/2024:08:15:29 +0800] "POST /xingrg/dwr/call/plaincall/AjaxCheckService.setItemNumber.dwr HTTP/1.1" 200 77
114.95.241.104 - - [01/Jan/2024:08:15:30 +0800] "GET /xingrg/all/function/internal_message.html?_=1704068130865&CODE_STATE=getMsg HTTP/1.1" 302 -
58.40.7.146 - - [01/Jan/2024:08:15:31 +0800] "GET /xingrg/all/function/internal_message.html?_=1704068131385&CODE_STATE=getMsg HTTP/1.1" 302 -
114.95.241.104 - - [01/Jan/2024:08:15:32 +0800] "POST /xingrg/dwr/call/plaincall/AjaxCheckService.setItemNumber.dwr HTTP/1.1" 200 77
114.95.241.104 - - [01/Jan/2024:08:15:35 +0800] "POST /xingrg/dwr/call/plaincall/AjaxCheckService.setItemNumber.dwr HTTP/1.1" 200 77
114.95.241.104 - - [01/Jan/2024:08:15:35 +0800] "POST /xingrg/dwr/call/plaincall/AjaxCheckService.setItemNumber.dwr HTTP/1.1" 200 77
114.95.241.104 - - [01/Jan/2024:08:15:36 +0800] "POST /xingrg/dwr/call/plaincall/AjaxCheckService.setItemNumber.dwr HTTP/1.1" 200 77
114.95.241.104 - - [01/Jan/2024:08:15:38 +0800] "GET /xingrg/all/function/internal_message.html?_=1704068137711&CODE_STATE=getMsg HTTP/1.1" 200 27
114.95.241.104 - - [01/Jan/2024:08:15:38 +0800] "POST /xingrg/dwr/call/plaincall/AjaxCheckService.setItemNumber.dwr HTTP/1.1" 200 77
114.95.241.104 - - [01/Jan/2024:08:15:42 +0800] "POST /xingrg/dwr/call/plaincall/AjaxCheckService.setItemNumber.dwr HTTP/1.1" 200 77
114.95.241.104 - - [01/Jan/2024:08:15:44 +0800] "POST /xingrg/dwr/call/plaincall/AjaxCheckService.setItemNumber.dwr HTTP/1.1" 200 77
114.95.241.104 - - [01/Jan/2024:08:15:44 +0800] "POST /xingrg/dwr/call/plaincall/AjaxCheckService.setItemNumber.dwr HTTP/1.1" 200 77
114.95.241.104 - - [01/Jan/2024:08:15:45 +0800] "POST /xingrg/dwr/call/plaincall/AjaxCheckService.setItemNumber.dwr HTTP/1.1" 200 77
180.169.147.146 - - [01/Jan/2024:08:15:45 +0800] "GET /xingrg/all/function/internal_message.html?_=1704068145094&CODE_STATE=getMsg HTTP/1.1" 302 -
114.95.241.104 - - [01/Jan/2024:08:15:45 +0800] "POST /xingrg/dwr/call/plaincall/AjaxCheckService.setItemNumber.dwr HTTP/1.1" 200 77
114.95.241.104 - - [01/Jan/2024:08:15:47 +0800] "POST /xingrg/dwr/call/plaincall/AjaxCheckService.setItemNumber.dwr HTTP/1.1" 200 77
114.89.202.115 - - [01/Jan/2024:08:15:48 +0800] "GET /xingrg/all/function/internal_message.html?_=1704068150114&CODE_STATE=getMsg HTTP/1.1" 200 27
114.95.241.104 - - [01/Jan/2024:08:15:50 +0800] "POST /xingrg/dwr/call/plaincall/AjaxCheckService.setItemNumber.dwr HTTP/1.1" 200 77
114.95.241.104 - - [01/Jan/2024:08:15:50 +0800] "POST /xingrg/dwr/call/plaincall/AjaxCheckService.setItemNumber.dwr HTTP/1.1" 200 77
114.95.241.104 - - [01/Jan/2024:08:15:51 +0800] "POST /xingrg/dwr/call/plaincall/AjaxCheckService.setItemNumber.dwr HTTP/1.1" 200 77
114.95.241.104 - - [01/Jan/2024:08:15:52 +0800] "POST /xingrg/dwr/call/plaincall/AjaxCheckService.setItemNumber.dwr HTTP/1.1" 200 77
114.95.241.104 - - [01/Jan/2024:08:15:54 +0800] "POST /xingrg/dwr/call/plaincall/AjaxCheckService.setItemNumber.dwr HTTP/1.1" 200 77
114.95.241.104 - - [01/Jan/2024:08:15:56 +0800] "POST /xingrg/dwr/call/plaincall/AjaxCheckService.setItemNumber.dwr HTTP/1.1" 200 77
218.81.65.124 - - [01/Jan/2024:08:15:57 +0800] "GET /xingrg/check_reg.html?_=1704068157740 HTTP/1.1" 302 -
114.95.241.104 - - [01/Jan/2024:08:16:01 +0800] "POST /xingrg/dwr/call/plaincall/AjaxCheckService.setItemNumber.dwr HTTP/1.1" 200 77
114.95.241.104 - - [01/Jan/2024:08:16:02 +0800] "POST /xingrg/dwr/call/plaincall/AjaxCheckService.setItemNumber.dwr HTTP/1.1" 200 77
221.239.172.206 - - [01/Jan/2024:08:16:07 +0800] "GET /xingrg/all/function/internal_message.html?_=1704068167363&CODE_STATE=getMsg HTTP/1.1" 302 -
124.78.154.219 - - [01/Jan/2024:08:16:08 +0800] "GET /xingrg/all/function/internal_message.html?_=1704068167219&CODE_STATE=getMsg HTTP/1.1" 200 27
124.78.154.219 - - [01/Jan/2024:08:16:08 +0800] "GET /xingrg/check_reg.html?_=1704068167227 HTTP/1.1" 200 22
114.95.241.104 - - [01/Jan/2024:08:16:08 +0800] "POST /xingrg/dwr/call/plaincall/AjaxCheckService.setItemNumber.dwr HTTP/1.1" 200 77
114.95.241.104 - - [01/Jan/2024:08:16:09 +0800] "POST /xingrg/dwr/call/plaincall/AjaxCheckService.setItemNumber.dwr HTTP/1.1" 200 77
116.230.112.67 - - [01/Jan/2024:08:16:09 +0800] "GET /xingrg/all/function/internal_message.html?_=1704068170988&CODE_STATE=getMsg HTTP/1.1" 200 27
114.95.241.104 - - [01/Jan/2024:08:16:10 +0800] "POST /xingrg/dwr/call/plaincall/AjaxCheckService.setItemNumber.dwr HTTP/1.1" 200 77
114.95.241.104 - - [01/Jan/2024:08:16:11 +0800] "POST /xingrg/dwr/call/plaincall/AjaxCheckService.setItemNumber.dwr HTTP/1.1" 200 77
101.83.145.37 - - [01/Jan/2024:08:16:14 +0800] "GET /xingrg/all/function/internal_message.html?_=1704068176481&CODE_STATE=getMsg HTTP/1.1" 302 -
58.40.7.146 - - [01/Jan/2024:08:16:14 +0800] "GET /xingrg/all/function/internal_message.html?_=1704068174741&CODE_STATE=getMsg HTTP/1.1" 302 -
114.95.241.104 - - [01/Jan/2024:08:16:16 +0800] "POST /xingrg/dwr/call/plaincall/AjaxCheckService.setItemNumber.dwr HTTP/1.1" 200 77
114.95.241.104 - - [01/Jan/2024:08:16:17 +0800] "POST /xingrg/dwr/call/plaincall/AjaxCheckService.setItemNumber.dwr HTTP/1.1" 200 77
114.95.241.104 - - [01/Jan/2024:08:16:18 +0800] "POST /xingrg/dwr/call/plaincall/AjaxCheckService.setItemNumber.dwr HTTP/1.1" 200 77
114.95.241.104 - - [01/Jan/2024:08:16:18 +0800] "POST /xingrg/dwr/call/plaincall/AjaxCheckService.setItemNumber.dwr HTTP/1.1" 200 77
120.253.135.82 - - [01/Jan/2024:08:16:19 +0800] "GET /xingrg/all/function/internal_message.html?_=1704067996540&CODE_STATE=getMsg HTTP/1.1" 200 27
116.232.193.168 - - [01/Jan/2024:08:16:20 +0800] "GET /xingrg/all/function/internal_message.html?_=1704068142466&CODE_STATE=getMsg HTTP/1.1" 302 -
114.95.241.104 - - [01/Jan/2024:08:16:21 +0800] "POST /xingrg/dwr/call/plaincall/AjaxCheckService.setItemNumber.dwr HTTP/1.1" 200 77
114.95.241.104 - - [01/Jan/2024:08:16:25 +0800] "POST /xingrg/dwr/call/plaincall/AjaxCheckService.setItemNumber.dwr HTTP/1.1" 200 77
222.67.232.215 - - [01/Jan/2024:08:16:25 +0800] "GET /xingrg/all/function/internal_message.html?_=1704068185998&CODE_STATE=getMsg HTTP/1.1" 200 27
114.95.241.104 - - [01/Jan/2024:08:16:27 +0800] "POST /xingrg/dwr/call/plaincall/AjaxCheckService.setItemNumber.dwr HTTP/1.1" 200 77
114.95.241.104 - - [01/Jan/2024:08:16:27 +0800] "POST /xingrg/dwr/call/plaincall/AjaxCheckService.setItemNumber.dwr HTTP/1.1" 200 77
114.95.241.104 - - [01/Jan/2024:08:16:28 +0800] "POST /xingrg/dwr/call/plaincall/AjaxCheckService.setItemNumber.dwr HTTP/1.1" 200 77
114.95.241.104 - - [01/Jan/2024:08:16:30 +0800] "GET /xingrg/all/function/internal_message.html?_=1704068190860&CODE_STATE=getMsg HTTP/1.1" 302 -
58.40.7.146 - - [01/Jan/2024:08:16:31 +0800] "GET /xingrg/all/function/internal_message.html?_=1704068191372&CODE_STATE=getMsg HTTP/1.1" 302 -
114.95.241.104 - - [01/Jan/2024:08:16:34 +0800] "POST /xingrg/dwr/call/plaincall/AjaxCheckService.setItemNumber.dwr HTTP/1.1" 200 77
114.95.241.104 - - [01/Jan/2024:08:16:37 +0800] "POST /xingrg/dwr/call/plaincall/AjaxCheckService.setItemNumber.dwr HTTP/1.1" 200 77
114.95.241.104 - - [01/Jan/2024:08:16:38 +0800] "GET /xingrg/all/function/internal_message.html?_=1704068197733&CODE_STATE=getMsg HTTP/1.1" 200 27
114.95.241.104 - - [01/Jan/2024:08:16:38 +0800] "GET /xingrg/check_reg.html?_=1704068197735 HTTP/1.1" 200 22
114.95.241.104 - - [01/Jan/2024:08:16:38 +0800] "POST /xingrg/dwr/call/plaincall/AjaxCheckService.setItemNumber.dwr HTTP/1.1" 200 78
114.95.241.104 - - [01/Jan/2024:08:16:38 +0800] "POST /xingrg/dwr/call/plaincall/AjaxCheckService.setItemNumber.dwr HTTP/1.1" 200 78
114.95.241.104 - - [01/Jan/2024:08:16:40 +0800] "POST /xingrg/dwr/call/plaincall/AjaxCheckService.setItemNumber.dwr HTTP/1.1" 200 78
114.95.241.104 - - [01/Jan/2024:08:16:41 +0800] "POST /xingrg/dwr/call/plaincall/AjaxCheckService.setItemNumber.dwr HTTP/1.1" 200 78
114.95.241.104 - - [01/Jan/2024:08:16:42 +0800] "POST /xingrg/dwr/call/plaincall/AjaxCheckService.setItemNumber.dwr HTTP/1.1" 200 78
114.95.241.104 - - [01/Jan/2024:08:16:42 +0800] "POST /xingrg/dwr/call/plaincall/AjaxCheckService.setItemNumber.dwr HTTP/1.1" 200 78
114.95.241.104 - - [01/Jan/2024:08:16:44 +0800] "POST /xingrg/dwr/call/plaincall/AjaxCheckService.setItemNumber.dwr HTTP/1.1" 200 78
180.169.147.146 - - [01/Jan/2024:08:16:45 +0800] "GET /xingrg/all/function/internal_message.html?_=1704068205087&CODE_STATE=getMsg HTTP/1.1" 302 -
114.95.241.104 - - [01/Jan/2024:08:16:48 +0800] "POST /xingrg/dwr/call/plaincall/AjaxCheckService.setItemNumber.dwr HTTP/1.1" 200 78
114.89.202.115 - - [01/Jan/2024:08:16:48 +0800] "GET /xingrg/all/function/internal_message.html?_=1704068210100&CODE_STATE=getMsg HTTP/1.1" 200 27
114.95.241.104 - - [01/Jan/2024:08:16:50 +0800] "POST /xingrg/dwr/call/plaincall/AjaxCheckService.setItemNumber.dwr HTTP/1.1" 200 78
114.95.241.104 - - [01/Jan/2024:08:16:51 +0800] "POST /xingrg/dwr/call/plaincall/AjaxCheckService.setItemNumber.dwr HTTP/1.1" 200 78
114.95.241.104 - - [01/Jan/2024:08:16:52 +0800] "POST /xingrg/dwr/call/plaincall/AjaxCheckService.setItemNumber.dwr HTTP/1.1" 200 78
114.95.241.104 - - [01/Jan/2024:08:16:53 +0800] "POST /xingrg/dwr/call/plaincall/AjaxCheckService.setItemNumber.dwr HTTP/1.1" 200 78
114.95.241.104 - - [01/Jan/2024:08:16:54 +0800] "POST /xingrg/dwr/call/plaincall/AjaxCheckService.setItemNumber.dwr HTTP/1.1" 200 78
114.95.241.104 - - [01/Jan/2024:08:16:56 +0800] "POST /xingrg/dwr/call/plaincall/AjaxCheckService.setItemNumber.dwr HTTP/1.1" 200 78
114.95.241.104 - - [01/Jan/2024:08:16:57 +0800] "POST /xingrg/dwr/call/plaincall/AjaxCheckService.setItemNumber.dwr HTTP/1.1" 200 78
114.95.241.104 - - [01/Jan/2024:08:16:57 +0800] "POST /xingrg/dwr/call/plaincall/AjaxCheckService.setItemNumber.dwr HTTP/1.1" 200 78
114.95.241.104 - - [01/Jan/2024:08:16:59 +0800] "POST /xingrg/dwr/call/plaincall/AjaxCheckService.setItemNumber.dwr HTTP/1.1" 200 78
114.95.241.104 - - [01/Jan/2024:08:17:00 +0800] "POST /xingrg/dwr/call/plaincall/AjaxCheckService.setItemNumber.dwr HTTP/1.1" 200 78
114.95.241.104 - - [01/Jan/2024:08:17:01 +0800] "POST /xingrg/dwr/call/plaincall/AjaxCheckService.setItemNumber.dwr HTTP/1.1" 200 78
114.95.241.104 - - [01/Jan/2024:08:17:04 +0800] "POST /xingrg/dwr/call/plaincall/AjaxCheckService.setItemNumber.dwr HTTP/1.1" 200 78
114.95.241.104 - - [01/Jan/2024:08:17:05 +0800] "POST /xingrg/dwr/call/plaincall/AjaxCheckService.setItemNumber.dwr HTTP/1.1" 200 78
114.95.241.104 - - [01/Jan/2024:08:17:07 +0800] "POST /xingrg/dwr/call/plaincall/AjaxCheckService.setItemNumber.dwr HTTP/1.1" 200 78
221.239.172.206 - - [01/Jan/2024:08:17:07 +0800] "GET /xingrg/all/function/internal_message.html?_=1704068227347&CODE_STATE=getMsg HTTP/1.1" 302 -
114.95.241.104 - - [01/Jan/2024:08:17:07 +0800] "POST /xingrg/dwr/call/plaincall/AjaxCheckService.setItemNumber.dwr HTTP/1.1" 200 78
124.78.154.219 - - [01/Jan/2024:08:17:08 +0800] "GET /xingrg/all/function/internal_message.html?_=1704068227232&CODE_STATE=getMsg HTTP/1.1" 200 27
116.230.112.67 - - [01/Jan/2024:08:17:09 +0800] "GET /xingrg/all/function/internal_message.html?_=1704068230994&CODE_STATE=getMsg HTTP/1.1" 200 27
114.89.202.115 - - [01/Jan/2024:08:17:10 +0800] "GET /xingrg/check_reg.html?_=1704068231871 HTTP/1.1" 200 22
114.95.241.104 - - [01/Jan/2024:08:17:10 +0800] "POST /xingrg/dwr/call/plaincall/AjaxCheckService.setItemNumber.dwr HTTP/1.1" 200 78
114.95.241.104 - - [01/Jan/2024:08:17:13 +0800] "POST /xingrg/dwr/call/plaincall/AjaxCheckService.setItemNumber.dwr HTTP/1.1" 200 78
101.83.145.37 - - [01/Jan/2024:08:17:14 +0800] "GET /xingrg/all/function/internal_message.html?_=1704068236481&CODE_STATE=getMsg HTTP/1.1" 302 -
114.95.241.104 - - [01/Jan/2024:08:17:14 +0800] "POST /xingrg/dwr/call/plaincall/AjaxCheckService.setItemNumber.dwr HTTP/1.1" 200 78
58.40.7.146 - - [01/Jan/2024:08:17:14 +0800] "GET /xingrg/all/function/internal_message.html?_=1704068234713&CODE_STATE=getMsg HTTP/1.1" 302 -
114.95.241.104 - - [01/Jan/2024:08:17:18 +0800] "POST /xingrg/dwr/call/plaincall/AjaxCheckService.setItemNumber.dwr HTTP/1.1" 200 78
120.253.135.82 - - [01/Jan/2024:08:17:19 +0800] "GET /xingrg/all/function/internal_message.html?_=1704068056809&CODE_STATE=getMsg HTTP/1.1" 200 27
116.232.193.168 - - [01/Jan/2024:08:17:20 +0800] "GET /xingrg/all/function/internal_message.html?_=1704068202462&CODE_STATE=getMsg HTTP/1.1" 302 -
114.95.241.104 - - [01/Jan/2024:08:17:21 +0800] "POST /xingrg/dwr/call/plaincall/AjaxCheckService.setItemNumber.dwr HTTP/1.1" 200 78
114.95.241.104 - - [01/Jan/2024:08:17:22 +0800] "POST /xingrg/dwr/call/plaincall/AjaxCheckService.setItemNumber.dwr HTTP/1.1" 200 78
