58.40.7.146 - - [01/Jan/2024:06:24:17 +0800] "GET /xingrg/all/function/internal_message.html?_=1704061457455&CODE_STATE=getMsg HTTP/1.1" 302 -
116.232.193.168 - - [01/Jan/2024:06:24:20 +0800] "GET /xingrg/all/function/internal_message.html?_=1704061422441&CODE_STATE=getMsg HTTP/1.1" 302 -
116.230.112.67 - - [01/Jan/2024:06:24:23 +0800] "GET /xingrg/check_reg.html?_=1704061464487 HTTP/1.1" 302 -
222.67.232.215 - - [01/Jan/2024:06:24:28 +0800] "GET /xingrg/all/function/internal_message.html?_=1704061468341&CODE_STATE=getMsg HTTP/1.1" 200 27
120.253.135.82 - - [01/Jan/2024:06:24:30 +0800] "POST /xingrg/kc/pszx/mdps_order_operate.html HTTP/1.1" 200 37
114.95.241.104 - - [01/Jan/2024:06:24:30 +0800] "GET /xingrg/all/function/internal_message.html?_=1704061470878&CODE_STATE=getMsg HTTP/1.1" 302 -
120.253.135.82 - - [01/Jan/2024:06:24:31 +0800] "GET /xingrg/kc/pszx/mdps_order_info.html?code=312024010100017 HTTP/1.1" 200 23978
120.253.135.82 - - [01/Jan/2024:06:24:31 +0800] "GET /xingrg/javascript/easyui/themes/default/validatebox.css HTTP/1.1" 404 1104
120.253.135.82 - - [01/Jan/2024:06:24:31 +0800] "POST /xingrg/kc/pszx/mdps_order_operate.html HTTP/1.1" 200 6783
116.232.193.168 - - [01/Jan/2024:06:24:32 +0800] "GET /xingrg/check_reg.html?_=1704061434588 HTTP/1.1" 302 -
120.253.135.82 - - [01/Jan/2024:06:24:33 +0800] "POST /xingrg/kc/pszx/mdps_list_operate.html HTTP/1.1" 200 5039
58.40.7.146 - - [01/Jan/2024:06:24:34 +0800] "GET /xingrg/all/function/internal_message.html?_=1704061474066&CODE_STATE=getMsg HTTP/1.1" 302 -
120.253.135.82 - - [01/Jan/2024:06:24:36 +0800] "POST /xingrg/kc/pszx/mdps_list_operate.html HTTP/1.1" 200 442
120.253.135.82 - - [01/Jan/2024:06:24:38 +0800] "POST /xingrg/kc/pszx/mdps_list_operate.html HTTP/1.1" 200 614
222.67.232.215 - - [01/Jan/2024:06:24:38 +0800] "GET /xingrg/check_reg.html?_=1704061478434 HTTP/1.1" 200 22
120.253.135.82 - - [01/Jan/2024:06:24:41 +0800] "POST /xingrg/kc/pszx/mdps_list_operate.html HTTP/1.1" 200 536
116.230.112.67 - - [01/Jan/2024:06:24:41 +0800] "GET /xingrg/all/function/internal_message.html?_=1704061482921&CODE_STATE=getMsg HTTP/1.1" 302 -
120.253.135.82 - - [01/Jan/2024:06:24:42 +0800] "GET /xingrg/kc/pszx/mdps_order_info.html?code=312024010100018 HTTP/1.1" 200 23978
120.253.135.82 - - [01/Jan/2024:06:24:43 +0800] "GET /xingrg/javascript/easyui/themes/default/validatebox.css HTTP/1.1" 404 1104
120.253.135.82 - - [01/Jan/2024:06:24:43 +0800] "POST /xingrg/kc/pszx/mdps_order_operate.html HTTP/1.1" 200 4288
120.253.135.82 - - [01/Jan/2024:06:24:44 +0800] "GET /xingrg/check_reg.html?_=1704061301853 HTTP/1.1" 200 22
180.169.147.146 - - [01/Jan/2024:06:24:45 +0800] "GET /xingrg/check_reg.html?_=1704061485088 HTTP/1.1" 302 -
180.169.147.146 - - [01/Jan/2024:06:24:45 +0800] "GET /xingrg/all/function/internal_message.html?_=1704061485090&CODE_STATE=getMsg HTTP/1.1" 302 -
120.253.135.82 - - [01/Jan/2024:06:24:46 +0800] "POST /xingrg/kc/pszx/mdps_order_operate.html HTTP/1.1" 200 37
120.253.135.82 - - [01/Jan/2024:06:24:47 +0800] "GET /xingrg/kc/pszx/mdps_order_info.html?code=312024010100018 HTTP/1.1" 200 23978
120.253.135.82 - - [01/Jan/2024:06:24:48 +0800] "GET /xingrg/javascript/easyui/themes/default/validatebox.css HTTP/1.1" 404 1104
120.253.135.82 - - [01/Jan/2024:06:24:48 +0800] "POST /xingrg/kc/pszx/mdps_order_operate.html HTTP/1.1" 200 4325
120.253.135.82 - - [01/Jan/2024:06:24:48 +0800] "GET /xingrg/all/function/internal_message.html?_=1704061305844&CODE_STATE=getMsg HTTP/1.1" 200 27
120.253.135.82 - - [01/Jan/2024:06:24:58 +0800] "GET /xingrg/kc/pszx/mdps_order_operate.html?command=get_materiel&pszx_code=00101&rest_code=00141&base_code=0010246&code=00101020350 HTTP/1.1" 200 445
120.253.135.82 - - [01/Jan/2024:06:25:07 +0800] "POST /xingrg/kc/pszx/mdps_order_operate.html HTTP/1.1" 200 37
124.78.154.219 - - [01/Jan/2024:06:25:08 +0800] "GET /xingrg/all/function/internal_message.html?_=1704061507108&CODE_STATE=getMsg HTTP/1.1" 200 27
120.253.135.82 - - [01/Jan/2024:06:25:09 +0800] "GET /xingrg/kc/pszx/mdps_order_info.html?code=312024010100018 HTTP/1.1" 200 23978
221.239.172.206 - - [01/Jan/2024:06:25:09 +0800] "GET /xingrg/all/function/internal_message.html?_=1704061509339&CODE_STATE=getMsg HTTP/1.1" 302 -
120.253.135.82 - - [01/Jan/2024:06:25:10 +0800] "POST /xingrg/kc/pszx/mdps_order_operate.html HTTP/1.1" 200 4328
120.253.135.82 - - [01/Jan/2024:06:25:10 +0800] "GET /xingrg/javascript/easyui/themes/default/validatebox.css HTTP/1.1" 404 1104
120.253.135.82 - - [01/Jan/2024:06:25:12 +0800] "POST /xingrg/kc/pszx/mdps_list_operate.html HTTP/1.1" 200 5039
101.83.145.37 - - [01/Jan/2024:06:25:14 +0800] "GET /xingrg/check_reg.html?_=1704061516330 HTTP/1.1" 302 -
101.83.145.37 - - [01/Jan/2024:06:25:14 +0800] "GET /xingrg/all/function/internal_message.html?_=1704061516331&CODE_STATE=getMsg HTTP/1.1" 302 -
120.253.135.82 - - [01/Jan/2024:06:25:14 +0800] "POST /xingrg/kc/pszx/mdps_list_operate.html HTTP/1.1" 200 608
120.253.135.82 - - [01/Jan/2024:06:25:16 +0800] "GET /xingrg/kc/pszx/mdps_order_info.html?code=312024010100019 HTTP/1.1" 200 23978
120.253.135.82 - - [01/Jan/2024:06:25:16 +0800] "GET /xingrg/javascript/easyui/themes/default/validatebox.css HTTP/1.1" 404 1104
120.253.135.82 - - [01/Jan/2024:06:25:16 +0800] "POST /xingrg/kc/pszx/mdps_order_operate.html HTTP/1.1" 200 8730
58.40.7.146 - - [01/Jan/2024:06:25:17 +0800] "GET /xingrg/all/function/internal_message.html?_=1704061517440&CODE_STATE=getMsg HTTP/1.1" 302 -
120.253.135.82 - - [01/Jan/2024:06:25:20 +0800] "POST /xingrg/all/common/load_combo.html?type=base HTTP/1.1" 200 1169
116.232.193.168 - - [01/Jan/2024:06:25:20 +0800] "GET /xingrg/all/function/internal_message.html?_=1704061482440&CODE_STATE=getMsg HTTP/1.1" 302 -
120.253.135.82 - - [01/Jan/2024:06:25:23 +0800] "POST /xingrg/kc/pszx/mdps_order_operate.html HTTP/1.1" 200 37
120.253.135.82 - - [01/Jan/2024:06:25:24 +0800] "GET /xingrg/kc/pszx/mdps_order_info.html?code=312024010100019 HTTP/1.1" 200 23978
120.253.135.82 - - [01/Jan/2024:06:25:25 +0800] "GET /xingrg/javascript/easyui/themes/default/validatebox.css HTTP/1.1" 404 1104
120.253.135.82 - - [01/Jan/2024:06:25:25 +0800] "POST /xingrg/kc/pszx/mdps_order_operate.html HTTP/1.1" 200 8846
222.67.232.215 - - [01/Jan/2024:06:25:28 +0800] "GET /xingrg/all/function/internal_message.html?_=1704061528322&CODE_STATE=getMsg HTTP/1.1" 200 27
114.95.241.104 - - [01/Jan/2024:06:25:30 +0800] "GET /xingrg/all/function/internal_message.html?_=1704061530867&CODE_STATE=getMsg HTTP/1.1" 302 -
58.40.7.146 - - [01/Jan/2024:06:25:34 +0800] "GET /xingrg/all/function/internal_message.html?_=1704061534052&CODE_STATE=getMsg HTTP/1.1" 302 -
116.230.112.67 - - [01/Jan/2024:06:25:42 +0800] "GET /xingrg/all/function/internal_message.html?_=1704061542962&CODE_STATE=getMsg HTTP/1.1" 302 -
180.169.147.146 - - [01/Jan/2024:06:25:45 +0800] "GET /xingrg/all/function/internal_message.html?_=1704061545084&CODE_STATE=getMsg HTTP/1.1" 302 -
120.253.135.82 - - [01/Jan/2024:06:25:48 +0800] "GET /xingrg/all/function/internal_message.html?_=1704061365858&CODE_STATE=getMsg HTTP/1.1" 200 27
120.253.135.82 - - [01/Jan/2024:06:25:54 +0800] "POST /xingrg/kc/pszx/mdps_order_operate.html HTTP/1.1" 200 37
120.253.135.82 - - [01/Jan/2024:06:25:54 +0800] "GET /xingrg/kc/pszx/mdps_order_info.html?code=312024010100019 HTTP/1.1" 200 23978
120.253.135.82 - - [01/Jan/2024:06:25:55 +0800] "GET /xingrg/javascript/easyui/themes/default/validatebox.css HTTP/1.1" 404 1104
120.253.135.82 - - [01/Jan/2024:06:25:55 +0800] "POST /xingrg/kc/pszx/mdps_order_operate.html HTTP/1.1" 200 8845
218.81.65.124 - - [01/Jan/2024:06:25:57 +0800] "GET /xingrg/check_reg.html?_=1704061557896 HTTP/1.1" 302 -
120.253.135.82 - - [01/Jan/2024:06:25:58 +0800] "POST /xingrg/kc/pszx/mdps_list_operate.html HTTP/1.1" 200 5039
120.253.135.82 - - [01/Jan/2024:06:26:00 +0800] "POST /xingrg/kc/pszx/mdps_list_operate.html HTTP/1.1" 200 634
120.253.135.82 - - [01/Jan/2024:06:26:04 +0800] "GET /xingrg/kc/pszx/mdps_order_info.html?code=312024010100020 HTTP/1.1" 200 23978
120.253.135.82 - - [01/Jan/2024:06:26:05 +0800] "GET /xingrg/javascript/easyui/themes/default/validatebox.css HTTP/1.1" 404 1104
120.253.135.82 - - [01/Jan/2024:06:26:05 +0800] "POST /xingrg/kc/pszx/mdps_order_operate.html HTTP/1.1" 200 20073
120.253.135.82 - - [01/Jan/2024:06:26:08 +0800] "POST /xingrg/kc/pszx/mdps_order_operate.html HTTP/1.1" 200 37
124.78.154.219 - - [01/Jan/2024:06:26:08 +0800] "GET /xingrg/all/function/internal_message.html?_=1704061567109&CODE_STATE=getMsg HTTP/1.1" 200 27
124.78.154.219 - - [01/Jan/2024:06:26:08 +0800] "GET /xingrg/check_reg.html?_=1704061567113 HTTP/1.1" 200 22
120.253.135.82 - - [01/Jan/2024:06:26:09 +0800] "GET /xingrg/kc/pszx/mdps_order_info.html?code=312024010100020 HTTP/1.1" 200 23978
221.239.172.206 - - [01/Jan/2024:06:26:09 +0800] "GET /xingrg/all/function/internal_message.html?_=1704061569349&CODE_STATE=getMsg HTTP/1.1" 302 -
120.253.135.82 - - [01/Jan/2024:06:26:10 +0800] "GET /xingrg/javascript/easyui/themes/default/validatebox.css HTTP/1.1" 404 1104
120.253.135.82 - - [01/Jan/2024:06:26:10 +0800] "POST /xingrg/kc/pszx/mdps_order_operate.html HTTP/1.1" 200 20363
101.83.145.37 - - [01/Jan/2024:06:26:14 +0800] "GET /xingrg/all/function/internal_message.html?_=1704061576329&CODE_STATE=getMsg HTTP/1.1" 302 -
58.40.7.146 - - [01/Jan/2024:06:26:17 +0800] "GET /xingrg/all/function/internal_message.html?_=1704061577428&CODE_STATE=getMsg HTTP/1.1" 302 -
116.232.193.168 - - [01/Jan/2024:06:26:20 +0800] "GET /xingrg/all/function/internal_message.html?_=1704061542436&CODE_STATE=getMsg HTTP/1.1" 302 -
120.253.135.82 - - [01/Jan/2024:06:26:22 +0800] "POST /xingrg/all/common/load_select.html HTTP/1.1" 200 25
101.80.228.56 - - [01/Jan/2024:06:26:22 +0800] "POST /xingrg/services/DataTransmitService HTTP/1.1" 200 524
120.253.135.82 - - [01/Jan/2024:06:26:24 +0800] "GET /xingrg/kc/pszx/mdps_order_operate.html?command=get_materiel_price&pszx_code=00101&rest_code=00141&base_code=0010246&code=00101019346&unit_code=00100188&order_time=2024-01-02 HTTP/1.1" 200 37
222.67.232.215 - - [01/Jan/2024:06:26:28 +0800] "GET /xingrg/all/function/internal_message.html?_=1704061588305&CODE_STATE=getMsg HTTP/1.1" 200 27
114.95.241.104 - - [01/Jan/2024:06:26:30 +0800] "GET /xingrg/all/function/internal_message.html?_=1704061590875&CODE_STATE=getMsg HTTP/1.1" 302 -
58.40.7.146 - - [01/Jan/2024:06:26:34 +0800] "GET /xingrg/all/function/internal_message.html?_=1704061594037&CODE_STATE=getMsg HTTP/1.1" 302 -
120.253.135.82 - - [01/Jan/2024:06:26:34 +0800] "POST /xingrg/kc/pszx/mdps_order_operate.html HTTP/1.1" 200 37
120.253.135.82 - - [01/Jan/2024:06:26:35 +0800] "GET /xingrg/kc/pszx/mdps_order_info.html?code=312024010100020 HTTP/1.1" 200 23978
120.253.135.82 - - [01/Jan/2024:06:26:36 +0800] "GET /xingrg/javascript/easyui/themes/default/validatebox.css HTTP/1.1" 404 1104
120.253.135.82 - - [01/Jan/2024:06:26:36 +0800] "POST /xingrg/kc/pszx/mdps_order_operate.html HTTP/1.1" 200 20366
116.230.112.67 - - [01/Jan/2024:06:26:42 +0800] "GET /xingrg/all/function/internal_message.html?_=1704061602965&CODE_STATE=getMsg HTTP/1.1" 302 -
180.169.147.146 - - [01/Jan/2024:06:26:45 +0800] "GET /xingrg/all/function/internal_message.html?_=1704061605081&CODE_STATE=getMsg HTTP/1.1" 302 -
120.253.135.82 - - [01/Jan/2024:06:26:48 +0800] "GET /xingrg/all/function/internal_message.html?_=1704061425871&CODE_STATE=getMsg HTTP/1.1" 200 27
124.78.154.219 - - [01/Jan/2024:06:27:08 +0800] "GET /xingrg/all/function/internal_message.html?_=1704061627114&CODE_STATE=getMsg HTTP/1.1" 200 27
221.239.172.206 - - [01/Jan/2024:06:27:09 +0800] "GET /xingrg/all/function/internal_message.html?_=1704061629333&CODE_STATE=getMsg HTTP/1.1" 302 -
101.83.145.37 - - [01/Jan/2024:06:27:14 +0800] "GET /xingrg/all/function/internal_message.html?_=1704061636330&CODE_STATE=getMsg HTTP/1.1" 302 -
58.40.7.146 - - [01/Jan/2024:06:27:17 +0800] "GET /xingrg/all/function/internal_message.html?_=1704061637414&CODE_STATE=getMsg HTTP/1.1" 302 -
116.232.193.168 - - [01/Jan/2024:06:27:20 +0800] "GET /xingrg/all/function/internal_message.html?_=1704061602436&CODE_STATE=getMsg HTTP/1.1" 302 -
222.67.232.215 - - [01/Jan/2024:06:27:28 +0800] "GET /xingrg/all/function/internal_message.html?_=1704061648278&CODE_STATE=getMsg HTTP/1.1" 200 27
120.253.135.82 - - [01/Jan/2024:06:27:30 +0800] "POST /xingrg/all/common/load_select.html HTTP/1.1" 200 25
114.95.241.104 - - [01/Jan/2024:06:27:30 +0800] "GET /xingrg/all/function/internal_message.html?_=1704061650874&CODE_STATE=getMsg HTTP/1.1" 302 -
120.253.135.82 - - [01/Jan/2024:06:27:32 +0800] "GET /xingrg/kc/pszx/mdps_order_operate.html?command=get_materiel_price&pszx_code=00101&rest_code=00141&base_code=0010246&code=00101019133&unit_code=00100189&order_time=2024-01-02 HTTP/1.1" 200 35
58.40.7.146 - - [01/Jan/2024:06:27:34 +0800] "GET /xingrg/all/function/internal_message.html?_=1704061654027&CODE_STATE=getMsg HTTP/1.1" 302 -
116.230.112.67 - - [01/Jan/2024:06:27:42 +0800] "GET /xingrg/all/function/internal_message.html?_=1704061662999&CODE_STATE=getMsg HTTP/1.1" 302 -
120.253.135.82 - - [01/Jan/2024:06:27:43 +0800] "POST /xingrg/kc/pszx/mdps_order_operate.html HTTP/1.1" 200 37
120.253.135.82 - - [01/Jan/2024:06:27:44 +0800] "GET /xingrg/kc/pszx/mdps_order_info.html?code=312024010100020 HTTP/1.1" 200 23978
180.169.147.146 - - [01/Jan/2024:06:27:45 +0800] "GET /xingrg/all/function/internal_message.html?_=1704061665084&CODE_STATE=getMsg HTTP/1.1" 302 -
120.253.135.82 - - [01/Jan/2024:06:27:45 +0800] "GET /xingrg/javascript/easyui/themes/default/validatebox.css HTTP/1.1" 404 1104
120.253.135.82 - - [01/Jan/2024:06:27:45 +0800] "POST /xingrg/kc/pszx/mdps_order_operate.html HTTP/1.1" 200 20363
106.55.200.45 - - [01/Jan/2024:06:27:47 +0800] "GET /xingrg/all/function/internal_message.html?_=1704034506674&CODE_STATE=getMsg HTTP/1.1" 302 -
106.55.200.45 - - [01/Jan/2024:06:27:48 +0800] "GET /xingrg/login.html HTTP/1.1" 200 7641
120.253.135.82 - - [01/Jan/2024:06:27:48 +0800] "GET /xingrg/all/function/internal_message.html?_=1704061486160&CODE_STATE=getMsg HTTP/1.1" 200 27
120.253.135.82 - - [01/Jan/2024:06:27:55 +0800] "POST /xingrg/all/common/load_select.html HTTP/1.1" 200 25
120.253.135.82 - - [01/Jan/2024:06:27:56 +0800] "GET /xingrg/kc/pszx/mdps_order_operate.html?command=get_materiel_price&pszx_code=00101&rest_code=00141&base_code=0010246&code=00101019222&unit_code=00100130&order_time=2024-01-02 HTTP/1.1" 200 35
120.253.135.82 - - [01/Jan/2024:06:28:02 +0800] "POST /xingrg/all/common/load_select.html HTTP/1.1" 200 25
120.253.135.82 - - [01/Jan/2024:06:28:04 +0800] "GET /xingrg/kc/pszx/mdps_order_operate.html?command=get_materiel_price&pszx_code=00101&rest_code=00141&base_code=0010246&code=00101019400&unit_code=00100111&order_time=2024-01-02 HTTP/1.1" 200 35
124.78.154.219 - - [01/Jan/2024:06:28:08 +0800] "GET /xingrg/all/function/internal_message.html?_=1704061687122&CODE_STATE=getMsg HTTP/1.1" 200 27
221.239.172.206 - - [01/Jan/2024:06:28:09 +0800] "GET /xingrg/all/function/internal_message.html?_=1704061689306&CODE_STATE=getMsg HTTP/1.1" 302 -
120.253.135.82 - - [01/Jan/2024:06:28:12 +0800] "POST /xingrg/all/common/load_select.html HTTP/1.1" 200 25
120.253.135.82 - - [01/Jan/2024:06:28:13 +0800] "GET /xingrg/kc/pszx/mdps_order_operate.html?command=get_materiel_price&pszx_code=00101&rest_code=00141&base_code=0010246&code=00101016046&unit_code=00100138&order_time=2024-01-02 HTTP/1.1" 200 35
101.83.145.37 - - [01/Jan/2024:06:28:14 +0800] "GET /xingrg/all/function/internal_message.html?_=1704061696332&CODE_STATE=getMsg HTTP/1.1" 302 -
58.40.7.146 - - [01/Jan/2024:06:28:17 +0800] "GET /xingrg/all/function/internal_message.html?_=1704061697389&CODE_STATE=getMsg HTTP/1.1" 302 -
116.232.193.168 - - [01/Jan/2024:06:28:20 +0800] "GET /xingrg/all/function/internal_message.html?_=1704061662435&CODE_STATE=getMsg HTTP/1.1" 302 -
221.239.172.206 - - [01/Jan/2024:06:28:22 +0800] "GET /xingrg/check_reg.html?_=1704061701912 HTTP/1.1" 302 -
222.67.232.215 - - [01/Jan/2024:06:28:28 +0800] "GET /xingrg/all/function/internal_message.html?_=1704061708255&CODE_STATE=getMsg HTTP/1.1" 200 27
114.95.241.104 - - [01/Jan/2024:06:28:30 +0800] "GET /xingrg/check_reg.html?_=1704061710885 HTTP/1.1" 302 -
114.95.241.104 - - [01/Jan/2024:06:28:30 +0800] "GET /xingrg/all/function/internal_message.html?_=1704061710885&CODE_STATE=getMsg HTTP/1.1" 302 -
58.40.7.146 - - [01/Jan/2024:06:28:33 +0800] "GET /xingrg/all/function/internal_message.html?_=1704061714012&CODE_STATE=getMsg HTTP/1.1" 302 -
58.40.7.146 - - [01/Jan/2024:06:28:39 +0800] "GET /xingrg/check_reg.html?_=1704061719546 HTTP/1.1" 302 -
116.230.112.67 - - [01/Jan/2024:06:28:42 +0800] "GET /xingrg/all/function/internal_message.html?_=1704061723007&CODE_STATE=getMsg HTTP/1.1" 302 -
180.169.147.146 - - [01/Jan/2024:06:28:45 +0800] "GET /xingrg/all/function/internal_message.html?_=1704061725088&CODE_STATE=getMsg HTTP/1.1" 302 -
120.253.135.82 - - [01/Jan/2024:06:28:48 +0800] "GET /xingrg/all/function/internal_message.html?_=1704061546164&CODE_STATE=getMsg HTTP/1.1" 200 27
58.40.7.146 - - [01/Jan/2024:06:28:56 +0800] "GET /xingrg/check_reg.html?_=1704061736153 HTTP/1.1" 302 -
124.78.154.219 - - [01/Jan/2024:06:29:08 +0800] "GET /xingrg/all/function/internal_message.html?_=1704061747123&CODE_STATE=getMsg HTTP/1.1" 200 27
221.239.172.206 - - [01/Jan/2024:06:29:09 +0800] "GET /xingrg/all/function/internal_message.html?_=1704061749290&CODE_STATE=getMsg HTTP/1.1" 302 -
120.253.135.82 - - [01/Jan/2024:06:29:12 +0800] "POST /xingrg/kc/pszx/mdps_order_operate.html HTTP/1.1" 200 37
101.83.145.37 - - [01/Jan/2024:06:29:14 +0800] "GET /xingrg/all/function/internal_message.html?_=1704061756366&CODE_STATE=getMsg HTTP/1.1" 302 -
120.253.135.82 - - [01/Jan/2024:06:29:15 +0800] "GET /xingrg/kc/pszx/mdps_order_info.html?code=312024010100020 HTTP/1.1" 200 23978
120.253.135.82 - - [01/Jan/2024:06:29:16 +0800] "GET /xingrg/javascript/easyui/themes/default/validatebox.css HTTP/1.1" 404 1104
120.253.135.82 - - [01/Jan/2024:06:29:16 +0800] "POST /xingrg/kc/pszx/mdps_order_operate.html HTTP/1.1" 200 20358
58.40.7.146 - - [01/Jan/2024:06:29:17 +0800] "GET /xingrg/all/function/internal_message.html?_=1704061757362&CODE_STATE=getMsg HTTP/1.1" 302 -
120.253.135.82 - - [01/Jan/2024:06:29:18 +0800] "POST /xingrg/kc/pszx/mdps_list_operate.html HTTP/1.1" 200 5039
116.232.193.168 - - [01/Jan/2024:06:29:20 +0800] "GET /xingrg/all/function/internal_message.html?_=1704061722442&CODE_STATE=getMsg HTTP/1.1" 302 -
120.253.135.82 - - [01/Jan/2024:06:29:20 +0800] "POST /xingrg/kc/pszx/mdps_list_operate.html HTTP/1.1" 200 363
116.230.112.67 - - [01/Jan/2024:06:29:23 +0800] "GET /xingrg/check_reg.html?_=1704061764523 HTTP/1.1" 302 -
222.67.232.215 - - [01/Jan/2024:06:29:28 +0800] "GET /xingrg/all/function/internal_message.html?_=1704061768229&CODE_STATE=getMsg HTTP/1.1" 200 27
114.95.241.104 - - [01/Jan/2024:06:29:30 +0800] "GET /xingrg/all/function/internal_message.html?_=1704061770871&CODE_STATE=getMsg HTTP/1.1" 302 -
116.232.193.168 - - [01/Jan/2024:06:29:32 +0800] "GET /xingrg/check_reg.html?_=1704061734589 HTTP/1.1" 302 -
120.253.135.82 - - [01/Jan/2024:06:29:33 +0800] "GET /xingrg/kc/pszx/mdps_order_info.html?code=312024010100021 HTTP/1.1" 200 23978
58.40.7.146 - - [01/Jan/2024:06:29:33 +0800] "GET /xingrg/all/function/internal_message.html?_=1704061773983&CODE_STATE=getMsg HTTP/1.1" 302 -
120.253.135.82 - - [01/Jan/2024:06:29:33 +0800] "GET /xingrg/javascript/easyui/themes/default/validatebox.css HTTP/1.1" 404 1104
120.253.135.82 - - [01/Jan/2024:06:29:34 +0800] "POST /xingrg/kc/pszx/mdps_order_operate.html HTTP/1.1" 200 3239
120.253.135.82 - - [01/Jan/2024:06:29:36 +0800] "POST /xingrg/kc/pszx/mdps_order_operate.html HTTP/1.1" 200 37
120.253.135.82 - - [01/Jan/2024:06:29:37 +0800] "GET /xingrg/kc/pszx/mdps_order_info.html?code=312024010100021 HTTP/1.1" 200 23978
120.253.135.82 - - [01/Jan/2024:06:29:38 +0800] "GET /xingrg/javascript/easyui/themes/default/validatebox.css HTTP/1.1" 404 1104
120.253.135.82 - - [01/Jan/2024:06:29:38 +0800] "POST /xingrg/kc/pszx/mdps_order_operate.html HTTP/1.1" 200 3263
222.67.232.215 - - [01/Jan/2024:06:29:38 +0800] "GET /xingrg/check_reg.html?_=1704061778432 HTTP/1.1" 200 22
120.253.135.82 - - [01/Jan/2024:06:29:40 +0800] "POST /xingrg/kc/pszx/mdps_list_operate.html HTTP/1.1" 200 5039
116.230.112.67 - - [01/Jan/2024:06:29:42 +0800] "GET /xingrg/all/function/internal_message.html?_=1704061783055&CODE_STATE=getMsg HTTP/1.1" 302 -
120.253.135.82 - - [01/Jan/2024:06:29:42 +0800] "POST /xingrg/kc/pszx/mdps_list_operate.html HTTP/1.1" 200 390
120.253.135.82 - - [01/Jan/2024:06:29:44 +0800] "GET /xingrg/check_reg.html?_=1704061601856 HTTP/1.1" 200 22
180.169.147.146 - - [01/Jan/2024:06:29:45 +0800] "GET /xingrg/all/function/internal_message.html?_=1704061785078&CODE_STATE=getMsg HTTP/1.1" 302 -
180.169.147.146 - - [01/Jan/2024:06:29:45 +0800] "GET /xingrg/check_reg.html?_=1704061785080 HTTP/1.1" 302 -
120.253.135.82 - - [01/Jan/2024:06:29:46 +0800] "GET /xingrg/kc/pszx/mdps_order_info.html?code=312024010100022 HTTP/1.1" 200 23978
120.253.135.82 - - [01/Jan/2024:06:29:46 +0800] "GET /xingrg/javascript/easyui/themes/default/validatebox.css HTTP/1.1" 404 1104
120.253.135.82 - - [01/Jan/2024:06:29:47 +0800] "POST /xingrg/kc/pszx/mdps_order_operate.html HTTP/1.1" 200 3300
120.253.135.82 - - [01/Jan/2024:06:29:48 +0800] "GET /xingrg/all/function/internal_message.html?_=1704061606177&CODE_STATE=getMsg HTTP/1.1" 200 27
120.253.135.82 - - [01/Jan/2024:06:29:49 +0800] "POST /xingrg/kc/pszx/mdps_order_operate.html HTTP/1.1" 200 37
120.253.135.82 - - [01/Jan/2024:06:29:50 +0800] "GET /xingrg/kc/pszx/mdps_order_info.html?code=312024010100022 HTTP/1.1" 200 23978
120.253.135.82 - - [01/Jan/2024:06:29:51 +0800] "GET /xingrg/javascript/easyui/themes/default/validatebox.css HTTP/1.1" 404 1104
120.253.135.82 - - [01/Jan/2024:06:29:51 +0800] "POST /xingrg/kc/pszx/mdps_order_operate.html HTTP/1.1" 200 3321
120.253.135.82 - - [01/Jan/2024:06:29:59 +0800] "POST /xingrg/all/common/load_combo.html?type=base HTTP/1.1" 200 1169
120.253.135.82 - - [01/Jan/2024:06:30:02 +0800] "POST /xingrg/kc/pszx/mdps_order_operate.html HTTP/1.1" 200 37
120.253.135.82 - - [01/Jan/2024:06:30:03 +0800] "GET /xingrg/kc/pszx/mdps_order_info.html?code=312024010100022 HTTP/1.1" 200 23978
120.253.135.82 - - [01/Jan/2024:06:30:04 +0800] "GET /xingrg/javascript/easyui/themes/default/validatebox.css HTTP/1.1" 404 1104
120.253.135.82 - - [01/Jan/2024:06:30:04 +0800] "POST /xingrg/kc/pszx/mdps_order_operate.html HTTP/1.1" 200 3325
124.78.154.219 - - [01/Jan/2024:06:30:08 +0800] "GET /xingrg/all/function/internal_message.html?_=1704061807126&CODE_STATE=getMsg HTTP/1.1" 200 27
221.239.172.206 - - [01/Jan/2024:06:30:09 +0800] "GET /xingrg/all/function/internal_message.html?_=1704061809275&CODE_STATE=getMsg HTTP/1.1" 302 -
101.83.145.37 - - [01/Jan/2024:06:30:14 +0800] "GET /xingrg/all/function/internal_message.html?_=1704061816340&CODE_STATE=getMsg HTTP/1.1" 302 -
101.83.145.37 - - [01/Jan/2024:06:30:14 +0800] "GET /xingrg/check_reg.html?_=1704061816337 HTTP/1.1" 302 -
120.253.135.82 - - [01/Jan/2024:06:30:16 +0800] "POST /xingrg/kc/pszx/mdps_list_operate.html HTTP/1.1" 200 5039
58.40.7.146 - - [01/Jan/2024:06:30:17 +0800] "GET /xingrg/all/function/internal_message.html?_=1704061817347&CODE_STATE=getMsg HTTP/1.1" 302 -
120.253.135.82 - - [01/Jan/2024:06:30:18 +0800] "POST /xingrg/kc/pszx/mdps_list_operate.html HTTP/1.1" 200 205
116.232.193.168 - - [01/Jan/2024:06:30:20 +0800] "GET /xingrg/all/function/internal_message.html?_=1704061782445&CODE_STATE=getMsg HTTP/1.1" 302 -
120.253.135.82 - - [01/Jan/2024:06:30:20 +0800] "POST /xingrg/kc/pszx/mdps_list_operate.html HTTP/1.1" 200 390
120.253.135.82 - - [01/Jan/2024:06:30:23 +0800] "POST /xingrg/kc/pszx/mdps_list_operate.html HTTP/1.1" 200 204
222.67.232.215 - - [01/Jan/2024:06:30:28 +0800] "GET /xingrg/all/function/internal_message.html?_=1704061828207&CODE_STATE=getMsg HTTP/1.1" 200 27
114.95.241.104 - - [01/Jan/2024:06:30:30 +0800] "GET /xingrg/all/function/internal_message.html?_=1704061830875&CODE_STATE=getMsg HTTP/1.1" 302 -
120.253.135.82 - - [01/Jan/2024:06:30:30 +0800] "POST /xingrg/kc/pszx/mdps_list_operate.html HTTP/1.1" 200 608
120.253.135.82 - - [01/Jan/2024:06:30:32 +0800] "GET /xingrg/kc/pszx/mdps_order_info.html?code=312024010100019 HTTP/1.1" 200 23978
120.253.135.82 - - [01/Jan/2024:06:30:32 +0800] "GET /xingrg/javascript/easyui/themes/default/validatebox.css HTTP/1.1" 404 1104
120.253.135.82 - - [01/Jan/2024:06:30:32 +0800] "POST /xingrg/kc/pszx/mdps_order_operate.html HTTP/1.1" 200 8845
58.40.7.146 - - [01/Jan/2024:06:30:33 +0800] "GET /xingrg/all/function/internal_message.html?_=1704061833955&CODE_STATE=getMsg HTTP/1.1" 302 -
120.253.135.82 - - [01/Jan/2024:06:30:39 +0800] "GET /xingrg/kc/pszx/mdps_order_operate.html?command=get_materiel&pszx_code=00101&rest_code=00141&base_code=0010250&code=00102002180 HTTP/1.1" 200 423
116.230.112.67 - - [01/Jan/2024:06:30:42 +0800] "GET /xingrg/all/function/internal_message.html?_=1704061843066&CODE_STATE=getMsg HTTP/1.1" 302 -
180.169.147.146 - - [01/Jan/2024:06:30:45 +0800] "GET /xingrg/all/function/internal_message.html?_=1704061845085&CODE_STATE=getMsg HTTP/1.1" 302 -
120.253.135.82 - - [01/Jan/2024:06:30:48 +0800] "GET /xingrg/all/function/internal_message.html?_=1704061666237&CODE_STATE=getMsg HTTP/1.1" 200 27
120.253.135.82 - - [01/Jan/2024:06:30:48 +0800] "POST /xingrg/kc/pszx/mdps_order_operate.html HTTP/1.1" 200 37
120.253.135.82 - - [01/Jan/2024:06:30:49 +0800] "GET /xingrg/kc/pszx/mdps_order_info.html?code=312024010100019 HTTP/1.1" 200 23978
120.253.135.82 - - [01/Jan/2024:06:30:50 +0800] "GET /xingrg/javascript/easyui/themes/default/validatebox.css HTTP/1.1" 404 1104
120.253.135.82 - - [01/Jan/2024:06:30:50 +0800] "POST /xingrg/kc/pszx/mdps_order_operate.html HTTP/1.1" 200 9332
120.253.135.82 - - [01/Jan/2024:06:30:51 +0800] "POST /xingrg/kc/pszx/mdps_list_operate.html HTTP/1.1" 200 5039
120.253.135.82 - - [01/Jan/2024:06:30:53 +0800] "POST /xingrg/kc/pszx/mdps_list_operate.html HTTP/1.1" 200 204
120.253.135.82 - - [01/Jan/2024:06:30:54 +0800] "GET /xingrg/kc/pszx/mdps_order_info.html?code=312023122600600 HTTP/1.1" 200 23978
120.253.135.82 - - [01/Jan/2024:06:30:54 +0800] "GET /xingrg/javascript/easyui/themes/default/validatebox.css HTTP/1.1" 404 1104
120.253.135.82 - - [01/Jan/2024:06:30:54 +0800] "POST /xingrg/kc/pszx/mdps_order_operate.html HTTP/1.1" 200 2276
120.253.135.82 - - [01/Jan/2024:06:30:57 +0800] "POST /xingrg/kc/pszx/mdps_order_operate.html HTTP/1.1" 200 12
218.81.65.124 - - [01/Jan/2024:06:30:57 +0800] "GET /xingrg/check_reg.html?_=1704061857904 HTTP/1.1" 302 -
120.253.135.82 - - [01/Jan/2024:06:30:58 +0800] "POST /xingrg/kc/pszx/mdps_list_operate.html HTTP/1.1" 200 4668
120.253.135.82 - - [01/Jan/2024:06:31:02 +0800] "GET /xingrg/kc/pszx/mdqp_order_list.html?state=10 HTTP/1.1" 200 13992
120.253.135.82 - - [01/Jan/2024:06:31:02 +0800] "GET /xingrg/dwr/interface/AjaxQqpsService.js HTTP/1.1" 200 16326
120.253.135.82 - - [01/Jan/2024:06:31:02 +0800] "GET /xingrg/dwr/interface/AjaxReportQueryService.js HTTP/1.1" 200 13203
120.253.135.82 - - [01/Jan/2024:06:31:02 +0800] "GET /xingrg/dwr/engine.js HTTP/1.1" 200 43631
124.78.154.219 - - [01/Jan/2024:06:31:08 +0800] "GET /xingrg/check_reg.html?_=1704061867128 HTTP/1.1" 200 22
124.78.154.219 - - [01/Jan/2024:06:31:08 +0800] "GET /xingrg/all/function/internal_message.html?_=1704061867134&CODE_STATE=getMsg HTTP/1.1" 200 27
120.253.135.82 - - [01/Jan/2024:06:31:09 +0800] "GET /xingrg/kc/pszx/jzcl_ps.html HTTP/1.1" 200 7683
120.253.135.82 - - [01/Jan/2024:06:31:09 +0800] "POST /xingrg/all/common/load_tree.html?tree=area_rest_tree_json HTTP/1.1" 200 3624
221.239.172.206 - - [01/Jan/2024:06:31:09 +0800] "GET /xingrg/all/function/internal_message.html?_=1704061869258&CODE_STATE=getMsg HTTP/1.1" 302 -
120.253.135.82 - - [01/Jan/2024:06:31:09 +0800] "POST /xingrg/kc/pszx/jzcl_ps_operate.html HTTP/1.1" 200 3710
120.253.135.82 - - [01/Jan/2024:06:31:09 +0800] "POST /xingrg/kc/pszx/jzcl_ps_operate.html HTTP/1.1" 200 3710
116.230.112.67 - - [01/Jan/2024:06:31:13 +0800] "POST /xingrg/services/DataTransmitService HTTP/1.1" 200 524
101.83.145.37 - - [01/Jan/2024:06:31:14 +0800] "GET /xingrg/all/function/internal_message.html?_=1704061876326&CODE_STATE=getMsg HTTP/1.1" 302 -
116.230.112.67 - - [01/Jan/2024:06:31:14 +0800] "POST /xingrg/services/DataTransmitService HTTP/1.1" 200 412
58.40.7.146 - - [01/Jan/2024:06:31:17 +0800] "GET /xingrg/all/function/internal_message.html?_=1704061877317&CODE_STATE=getMsg HTTP/1.1" 302 -
116.232.193.168 - - [01/Jan/2024:06:31:20 +0800] "GET /xingrg/all/function/internal_message.html?_=1704061842450&CODE_STATE=getMsg HTTP/1.1" 302 -
222.67.232.215 - - [01/Jan/2024:06:31:28 +0800] "GET /xingrg/all/function/internal_message.html?_=1704061888178&CODE_STATE=getMsg HTTP/1.1" 200 27
120.253.135.82 - - [01/Jan/2024:06:31:29 +0800] "POST /xingrg/kc/pszx/jzcl_ps_operate.html HTTP/1.1" 200 4
114.95.241.104 - - [01/Jan/2024:06:31:30 +0800] "GET /xingrg/all/function/internal_message.html?_=1704061890872&CODE_STATE=getMsg HTTP/1.1" 302 -
58.40.7.146 - - [01/Jan/2024:06:31:33 +0800] "GET /xingrg/all/function/internal_message.html?_=1704061893939&CODE_STATE=getMsg HTTP/1.1" 302 -
116.230.112.67 - - [01/Jan/2024:06:31:42 +0800] "GET /xingrg/all/function/internal_message.html?_=1704061903111&CODE_STATE=getMsg HTTP/1.1" 302 -
180.169.147.146 - - [01/Jan/2024:06:31:45 +0800] "GET /xingrg/all/function/internal_message.html?_=1704061905073&CODE_STATE=getMsg HTTP/1.1" 302 -
120.253.135.82 - - [01/Jan/2024:06:31:52 +0800] "GET /xingrg/kc/pszx/mdps_order_list.html HTTP/1.1" 200 21036
120.253.135.82 - - [01/Jan/2024:06:31:53 +0800] "GET /xingrg/all/function/internal_message.html?_=1704061730734&CODE_STATE=getMsg HTTP/1.1" 200 27
120.253.135.82 - - [01/Jan/2024:06:31:53 +0800] "POST /xingrg/kc/pszx/mdps_list_operate.html HTTP/1.1" 200 5385
120.253.135.82 - - [01/Jan/2024:06:32:02 +0800] "POST /xingrg/kc/pszx/mdps_list_operate.html HTTP/1.1" 200 5038
120.253.135.82 - - [01/Jan/2024:06:32:04 +0800] "POST /xingrg/kc/pszx/mdps_list_operate.html HTTP/1.1" 200 295
120.253.135.82 - - [01/Jan/2024:06:32:07 +0800] "POST /xingrg/kc/pszx/mdps_list_operate.html HTTP/1.1" 200 201
124.78.154.219 - - [01/Jan/2024:06:32:08 +0800] "GET /xingrg/all/function/internal_message.html?_=1704061927117&CODE_STATE=getMsg HTTP/1.1" 200 27
221.239.172.206 - - [01/Jan/2024:06:32:09 +0800] "GET /xingrg/all/function/internal_message.html?_=1704061929242&CODE_STATE=getMsg HTTP/1.1" 302 -
120.253.135.82 - - [01/Jan/2024:06:32:12 +0800] "GET /xingrg/kc/pszx/mdps_order_info.html?code=312024010100032 HTTP/1.1" 200 23978
120.253.135.82 - - [01/Jan/2024:06:32:13 +0800] "GET /xingrg/javascript/easyui/themes/default/validatebox.css HTTP/1.1" 404 1104
120.253.135.82 - - [01/Jan/2024:06:32:13 +0800] "POST /xingrg/kc/pszx/mdps_order_operate.html HTTP/1.1" 200 2786
101.83.145.37 - - [01/Jan/2024:06:32:14 +0800] "GET /xingrg/all/function/internal_message.html?_=1704061936327&CODE_STATE=getMsg HTTP/1.1" 302 -
58.40.7.146 - - [01/Jan/2024:06:32:17 +0800] "GET /xingrg/all/function/internal_message.html?_=1704061937288&CODE_STATE=getMsg HTTP/1.1" 302 -
116.232.193.168 - - [01/Jan/2024:06:32:20 +0800] "GET /xingrg/all/function/internal_message.html?_=1704061902439&CODE_STATE=getMsg HTTP/1.1" 302 -
222.67.232.215 - - [01/Jan/2024:06:32:28 +0800] "GET /xingrg/all/function/internal_message.html?_=1704061948148&CODE_STATE=getMsg HTTP/1.1" 200 27
114.95.241.104 - - [01/Jan/2024:06:32:30 +0800] "GET /xingrg/all/function/internal_message.html?_=1704061950873&CODE_STATE=getMsg HTTP/1.1" 302 -
58.40.7.146 - - [01/Jan/2024:06:32:33 +0800] "GET /xingrg/all/function/internal_message.html?_=1704061953912&CODE_STATE=getMsg HTTP/1.1" 302 -
116.230.112.67 - - [01/Jan/2024:06:32:42 +0800] "GET /xingrg/all/function/internal_message.html?_=1704061963123&CODE_STATE=getMsg HTTP/1.1" 302 -
120.253.135.82 - - [01/Jan/2024:06:32:44 +0800] "GET /xingrg/login.html HTTP/1.1" 200 7641
180.169.147.146 - - [01/Jan/2024:06:32:45 +0800] "GET /xingrg/all/function/internal_message.html?_=1704061965077&CODE_STATE=getMsg HTTP/1.1" 302 -
120.253.135.82 - - [01/Jan/2024:06:32:47 +0800] "GET /favicon.ico HTTP/1.1" 404 -
120.253.135.82 - - [01/Jan/2024:06:32:54 +0800] "POST /xingrg/login.do HTTP/1.1" 302 -
120.253.135.82 - - [01/Jan/2024:06:32:54 +0800] "GET /xingrg/index.html?sysBaseUrl=http%3A%2F%2F180.169.147.146%3A18081%2Fxingrg%2F&costTime=14×tamp=1704061974172 HTTP/1.1" 200 17173
120.253.135.82 - - [01/Jan/2024:06:32:54 +0800] "GET /xingrg/javascript/jquery_easy_ui/themes/default/easyui.css HTTP/1.1" 304 -
120.253.135.82 - - [01/Jan/2024:06:32:54 +0800] "GET /xingrg/javascript/jquery_easy_ui/themes/icon.css HTTP/1.1" 304 -
120.253.135.82 - - [01/Jan/2024:06:32:54 +0800] "GET /xingrg/javascript/jquery-1.4.2.min.js HTTP/1.1" 304 -
120.253.135.82 - - [01/Jan/2024:06:32:54 +0800] "GET /xingrg/css/form.css HTTP/1.1" 304 -
120.253.135.82 - - [01/Jan/2024:06:32:54 +0800] "GET /xingrg/javascript/jquery.utils.js HTTP/1.1" 304 -
120.253.135.82 - - [01/Jan/2024:06:32:54 +0800] "GET /xingrg/javascript/jquery.form.js HTTP/1.1" 304 -
120.253.135.82 - - [01/Jan/2024:06:32:54 +0800] "GET /xingrg/javascript/jquery_easy_ui/jquery.easyui.min.js HTTP/1.1" 304 -
120.253.135.82 - - [01/Jan/2024:06:32:54 +0800] "GET /xingrg/javascript/jquery_easy_ui/easyui-lang-zh_CN.js HTTP/1.1" 304 -
120.253.135.82 - - [01/Jan/2024:06:32:54 +0800] "GET /xingrg/javascript/jquery.timers.js HTTP/1.1" 304 -
120.253.135.82 - - [01/Jan/2024:06:32:55 +0800] "POST /xingrg/all/common/load_tree.html?tree=area_rest_tree_json&manage=1 HTTP/1.1" 200 344
120.253.135.82 - - [01/Jan/2024:06:32:55 +0800] "GET /xingrg/all/function/internal_message.html?_=1704061792952&CODE_STATE=count HTTP/1.1" 200 11
120.253.135.82 - - [01/Jan/2024:06:32:55 +0800] "GET /xingrg/check_reg.html?_=1704061792952 HTTP/1.1" 200 22
120.253.135.82 - - [01/Jan/2024:06:32:55 +0800] "POST /xingrg/load_menu.html HTTP/1.1" 200 6743
120.253.135.82 - - [01/Jan/2024:06:32:55 +0800] "GET /favicon.ico HTTP/1.1" 404 -
120.253.135.82 - - [01/Jan/2024:06:32:58 +0800] "GET /xingrg/kc/pszx/mdqp_order_list.html?state=10 HTTP/1.1" 200 10319
120.253.135.82 - - [01/Jan/2024:06:32:58 +0800] "GET /xingrg/css/blue.css HTTP/1.1" 304 -
120.253.135.82 - - [01/Jan/2024:06:32:58 +0800] "GET /xingrg/dwr/interface/AjaxQqpsService.js HTTP/1.1" 200 16326
120.253.135.82 - - [01/Jan/2024:06:32:58 +0800] "GET /xingrg/javascript/myfunction.js HTTP/1.1" 304 -
120.253.135.82 - - [01/Jan/2024:06:32:58 +0800] "GET /xingrg/dwr/util.js HTTP/1.1" 304 -
120.253.135.82 - - [01/Jan/2024:06:32:58 +0800] "GET /xingrg/javascript/Calendar.js HTTP/1.1" 304 -
120.253.135.82 - - [01/Jan/2024:06:32:58 +0800] "GET /xingrg/javascript/pic_change.js HTTP/1.1" 304 -
120.253.135.82 - - [01/Jan/2024:06:32:58 +0800] "GET /xingrg/dwr/interface/AjaxReportQueryService.js HTTP/1.1" 200 13203
120.253.135.82 - - [01/Jan/2024:06:32:58 +0800] "GET /xingrg/dwr/engine.js HTTP/1.1" 200 43631
120.253.135.82 - - [01/Jan/2024:06:33:01 +0800] "GET /xingrg/kc/pszx/mdps_order_list.html?orderType=0 HTTP/1.1" 200 21036
120.253.135.82 - - [01/Jan/2024:06:33:01 +0800] "GET /xingrg/css/base.css HTTP/1.1" 304 -
120.253.135.82 - - [01/Jan/2024:06:33:01 +0800] "GET /xingrg/javascript/easyui/themes/icon.css HTTP/1.1" 304 -
120.253.135.82 - - [01/Jan/2024:06:33:01 +0800] "GET /xingrg/javascript/easyui/themes/default/easyui.css HTTP/1.1" 304 -
120.253.135.82 - - [01/Jan/2024:06:33:01 +0800] "GET /xingrg/css/site.css HTTP/1.1" 304 -
120.253.135.82 - - [01/Jan/2024:06:33:01 +0800] "GET /xingrg/javascript/auto/jquery.autocomplete.css HTTP/1.1" 304 -
120.253.135.82 - - [01/Jan/2024:06:33:01 +0800] "GET /xingrg/javascript/jquery_tools/datebox.css HTTP/1.1" 304 -
120.253.135.82 - - [01/Jan/2024:06:33:01 +0800] "GET /xingrg/javascript/jquery_tools/table.css HTTP/1.1" 304 -
120.253.135.82 - - [01/Jan/2024:06:33:01 +0800] "GET /xingrg/javascript/jquery_tools/jquery.tools.min.js HTTP/1.1" 304 -
120.253.135.82 - - [01/Jan/2024:06:33:01 +0800] "GET /xingrg/javascript/jquery_tools/fix.css HTTP/1.1" 304 -
120.253.135.82 - - [01/Jan/2024:06:33:01 +0800] "GET /xingrg/javascript/jquery_tools/jquery.tools.hotkey.js HTTP/1.1" 304 -
120.253.135.82 - - [01/Jan/2024:06:33:01 +0800] "GET /xingrg/javascript/jquery_tools/list_manager.js HTTP/1.1" 304 -
120.253.135.82 - - [01/Jan/2024:06:33:01 +0800] "GET /xingrg/javascript/easyui/easyloader.js HTTP/1.1" 304 -
120.253.135.82 - - [01/Jan/2024:06:33:01 +0800] "GET /xingrg/javascript/jquery_tools/jquery.tools.table.js HTTP/1.1" 304 -
120.253.135.82 - - [01/Jan/2024:06:33:01 +0800] "GET /xingrg/javascript/jquery_tools/jquery.tools.extend.js HTTP/1.1" 304 -
120.253.135.82 - - [01/Jan/2024:06:33:01 +0800] "GET /xingrg/javascript/auto/jquery.autocomplete.js HTTP/1.1" 304 -
120.253.135.82 - - [01/Jan/2024:06:33:01 +0800] "GET /xingrg/javascript/print/LodopFuncs.js HTTP/1.1" 304 -
120.253.135.82 - - [01/Jan/2024:06:33:01 +0800] "GET /xingrg/javascript/jquery.cookie.js HTTP/1.1" 304 -
120.253.135.82 - - [01/Jan/2024:06:33:02 +0800] "GET /xingrg/javascript/easyui/plugins/jquery.parser.js HTTP/1.1" 304 -
120.253.135.82 - - [01/Jan/2024:06:33:02 +0800] "POST /xingrg/kc/pszx/mdps_list_operate.html HTTP/1.1" 200 5385
120.253.135.82 - - [01/Jan/2024:06:33:04 +0800] "GET /xingrg/javascript/auto/indicator.gif HTTP/1.1" 404 1066
124.78.154.219 - - [01/Jan/2024:06:33:08 +0800] "GET /xingrg/all/function/internal_message.html?_=1704061987133&CODE_STATE=getMsg HTTP/1.1" 200 27
221.239.172.206 - - [01/Jan/2024:06:33:09 +0800] "GET /xingrg/all/function/internal_message.html?_=1704061989228&CODE_STATE=getMsg HTTP/1.1" 302 -
120.253.135.82 - - [01/Jan/2024:06:33:11 +0800] "POST /xingrg/kc/pszx/mdps_list_operate.html HTTP/1.1" 200 5038
120.253.135.82 - - [01/Jan/2024:06:33:13 +0800] "POST /xingrg/kc/pszx/mdps_list_operate.html HTTP/1.1" 200 619
101.83.145.37 - - [01/Jan/2024:06:33:14 +0800] "GET /xingrg/all/function/internal_message.html?_=1704061996328&CODE_STATE=getMsg HTTP/1.1" 302 -
120.253.135.82 - - [01/Jan/2024:06:33:14 +0800] "GET /xingrg/kc/pszx/mdps_order_info.html?code=312024010100024 HTTP/1.1" 200 23978
120.253.135.82 - - [01/Jan/2024:06:33:14 +0800] "GET /xingrg/javascript/jquery_tools/order_manager.js HTTP/1.1" 304 -
120.253.135.82 - - [01/Jan/2024:06:33:14 +0800] "GET /xingrg/javascript/convert.js HTTP/1.1" 304 -
120.253.135.82 - - [01/Jan/2024:06:33:14 +0800] "GET /xingrg/javascript/print/kc_print.js HTTP/1.1" 304 -
120.253.135.82 - - [01/Jan/2024:06:33:14 +0800] "GET /xingrg/javascript/json2.js HTTP/1.1" 304 -
120.253.135.82 - - [01/Jan/2024:06:33:14 +0800] "GET /xingrg/words/20231231140250_words.js HTTP/1.1" 304 -
120.253.135.82 - - [01/Jan/2024:06:33:15 +0800] "GET /xingrg/all/common/auto_word.html?type=base&rest_code=00101 HTTP/1.1" 200 671
120.253.135.82 - - [01/Jan/2024:06:33:15 +0800] "POST /xingrg/kc/pszx/mdps_order_operate.html HTTP/1.1" 200 19438
120.253.135.82 - - [01/Jan/2024:06:33:15 +0800] "GET /xingrg/javascript/easyui/themes/default/validatebox.css HTTP/1.1" 404 1104
120.253.135.82 - - [01/Jan/2024:06:33:15 +0800] "GET /xingrg/javascript/easyui/plugins/jquery.validatebox.js HTTP/1.1" 304 -
120.253.135.82 - - [01/Jan/2024:06:33:15 +0800] "GET /xingrg/javascript/easyui/plugins/jquery.numberbox.js HTTP/1.1" 304 -
58.40.7.146 - - [01/Jan/2024:06:33:17 +0800] "GET /xingrg/all/function/internal_message.html?_=1704061997273&CODE_STATE=getMsg HTTP/1.1" 302 -
120.253.135.82 - - [01/Jan/2024:06:33:17 +0800] "POST /xingrg/kc/pszx/mdps_order_operate.html HTTP/1.1" 200 37
120.253.135.82 - - [01/Jan/2024:06:33:18 +0800] "GET /xingrg/kc/pszx/mdps_order_info.html?code=312024010100024 HTTP/1.1" 200 23978
120.253.135.82 - - [01/Jan/2024:06:33:19 +0800] "GET /xingrg/javascript/easyui/themes/default/validatebox.css HTTP/1.1" 404 1104
120.253.135.82 - - [01/Jan/2024:06:33:19 +0800] "POST /xingrg/kc/pszx/mdps_order_operate.html HTTP/1.1" 200 19710
116.232.193.168 - - [01/Jan/2024:06:33:20 +0800] "GET /xingrg/all/function/internal_message.html?_=1704061962437&CODE_STATE=getMsg HTTP/1.1" 302 -
221.239.172.206 - - [01/Jan/2024:06:33:22 +0800] "GET /xingrg/check_reg.html?_=1704062001884 HTTP/1.1" 302 -
222.67.232.215 - - [01/Jan/2024:06:33:28 +0800] "GET /xingrg/all/function/internal_message.html?_=1704062008133&CODE_STATE=getMsg HTTP/1.1" 200 27
114.95.241.104 - - [01/Jan/2024:06:33:30 +0800] "GET /xingrg/all/function/internal_message.html?_=1704062010861&CODE_STATE=getMsg HTTP/1.1" 302 -
114.95.241.104 - - [01/Jan/2024:06:33:30 +0800] "GET /xingrg/check_reg.html?_=1704062010863 HTTP/1.1" 302 -
58.40.7.146 - - [01/Jan/2024:06:33:33 +0800] "GET /xingrg/all/function/internal_message.html?_=1704062013897&CODE_STATE=getMsg HTTP/1.1" 302 -
58.40.7.146 - - [01/Jan/2024:06:33:39 +0800] "GET /xingrg/check_reg.html?_=1704062019529 HTTP/1.1" 302 -
116.230.112.67 - - [01/Jan/2024:06:33:42 +0800] "GET /xingrg/all/function/internal_message.html?_=1704062023173&CODE_STATE=getMsg HTTP/1.1" 302 -
180.169.147.146 - - [01/Jan/2024:06:33:45 +0800] "GET /xingrg/all/function/internal_message.html?_=1704062025091&CODE_STATE=getMsg HTTP/1.1" 302 -
120.253.135.82 - - [01/Jan/2024:06:33:55 +0800] "GET /xingrg/all/function/internal_message.html?_=1704061852956&CODE_STATE=getMsg HTTP/1.1" 200 27
58.40.7.146 - - [01/Jan/2024:06:33:56 +0800] "GET /xingrg/check_reg.html?_=1704062036134 HTTP/1.1" 302 -
124.78.154.219 - - [01/Jan/2024:06:34:08 +0800] "GET /xingrg/all/function/internal_message.html?_=1704062047120&CODE_STATE=getMsg HTTP/1.1" 200 27
221.239.172.206 - - [01/Jan/2024:06:34:09 +0800] "GET /xingrg/all/function/internal_message.html?_=1704062049200&CODE_STATE=getMsg HTTP/1.1" 302 -
101.83.145.37 - - [01/Jan/2024:06:34:14 +0800] "GET /xingrg/all/function/internal_message.html?_=1704062056330&CODE_STATE=getMsg HTTP/1.1" 302 -
58.40.7.146 - - [01/Jan/2024:06:34:17 +0800] "GET /xingrg/all/function/internal_message.html?_=1704062057250&CODE_STATE=getMsg HTTP/1.1" 302 -
116.232.193.168 - - [01/Jan/2024:06:34:20 +0800] "GET /xingrg/all/function/internal_message.html?_=1704062022442&CODE_STATE=getMsg HTTP/1.1" 302 -
116.230.112.67 - - [01/Jan/2024:06:34:23 +0800] "GET /xingrg/check_reg.html?_=1704062064525 HTTP/1.1" 302 -
222.67.232.215 - - [01/Jan/2024:06:34:28 +0800] "GET /xingrg/all/function/internal_message.html?_=1704062068104&CODE_STATE=getMsg HTTP/1.1" 200 27
114.95.241.104 - - [01/Jan/2024:06:34:30 +0800] "GET /xingrg/all/function/internal_message.html?_=1704062070868&CODE_STATE=getMsg HTTP/1.1" 302 -
116.232.193.168 - - [01/Jan/2024:06:34:32 +0800] "GET /xingrg/check_reg.html?_=1704062034596 HTTP/1.1" 302 -
58.40.7.146 - - [01/Jan/2024:06:34:33 +0800] "GET /xingrg/all/function/internal_message.html?_=1704062073876&CODE_STATE=getMsg HTTP/1.1" 302 -
222.67.232.215 - - [01/Jan/2024:06:34:38 +0800] "GET /xingrg/check_reg.html?_=1704062078430 HTTP/1.1" 200 22
116.230.112.67 - - [01/Jan/2024:06:34:42 +0800] "GET /xingrg/all/function/internal_message.html?_=1704062083183&CODE_STATE=getMsg HTTP/1.1" 302 -
180.169.147.146 - - [01/Jan/2024:06:34:45 +0800] "GET /xingrg/check_reg.html?_=1704062085086 HTTP/1.1" 302 -
180.169.147.146 - - [01/Jan/2024:06:34:45 +0800] "GET /xingrg/all/function/internal_message.html?_=1704062085087&CODE_STATE=getMsg HTTP/1.1" 302 -
120.253.135.82 - - [01/Jan/2024:06:34:55 +0800] "GET /xingrg/all/function/internal_message.html?_=1704061912976&CODE_STATE=getMsg HTTP/1.1" 200 27
124.78.154.219 - - [01/Jan/2024:06:35:08 +0800] "GET /xingrg/all/function/internal_message.html?_=1704062107121&CODE_STATE=getMsg HTTP/1.1" 200 27
221.239.172.206 - - [01/Jan/2024:06:35:09 +0800] "GET /xingrg/all/function/internal_message.html?_=1704062109186&CODE_STATE=getMsg HTTP/1.1" 302 -
101.83.145.37 - - [01/Jan/2024:06:35:14 +0800] "GET /xingrg/all/function/internal_message.html?_=1704062116330&CODE_STATE=getMsg HTTP/1.1" 302 -
101.83.145.37 - - [01/Jan/2024:06:35:14 +0800] "GET /xingrg/check_reg.html?_=1704062116334 HTTP/1.1" 302 -
58.40.7.146 - - [01/Jan/2024:06:35:17 +0800] "GET /xingrg/all/function/internal_message.html?_=1704062117236&CODE_STATE=getMsg HTTP/1.1" 302 -
116.232.193.168 - - [01/Jan/2024:06:35:20 +0800] "GET /xingrg/all/function/internal_message.html?_=1704062082433&CODE_STATE=getMsg HTTP/1.1" 302 -
222.67.232.215 - - [01/Jan/2024:06:35:28 +0800] "GET /xingrg/all/function/internal_message.html?_=1704062128088&CODE_STATE=getMsg HTTP/1.1" 200 27
114.95.241.104 - - [01/Jan/2024:06:35:30 +0800] "GET /xingrg/all/function/internal_message.html?_=1704062130881&CODE_STATE=getMsg HTTP/1.1" 302 -
58.40.7.146 - - [01/Jan/2024:06:35:33 +0800] "GET /xingrg/all/function/internal_message.html?_=1704062133846&CODE_STATE=getMsg HTTP/1.1" 302 -
116.230.112.67 - - [01/Jan/2024:06:35:42 +0800] "GET /xingrg/all/function/internal_message.html?_=1704062143229&CODE_STATE=getMsg HTTP/1.1" 302 -
180.169.147.146 - - [01/Jan/2024:06:35:45 +0800] "GET /xingrg/all/function/internal_message.html?_=1704062145083&CODE_STATE=getMsg HTTP/1.1" 302 -
120.253.135.82 - - [01/Jan/2024:06:35:47 +0800] "POST /xingrg/kc/pszx/mdps_order_operate.html HTTP/1.1" 200 37
120.253.135.82 - - [01/Jan/2024:06:35:48 +0800] "GET /xingrg/kc/pszx/mdps_order_info.html?code=312024010100024 HTTP/1.1" 200 23978
120.253.135.82 - - [01/Jan/2024:06:35:49 +0800] "GET /xingrg/javascript/easyui/themes/default/validatebox.css HTTP/1.1" 404 1104
120.253.135.82 - - [01/Jan/2024:06:35:49 +0800] "POST /xingrg/kc/pszx/mdps_order_operate.html HTTP/1.1" 200 19710
120.253.135.82 - - [01/Jan/2024:06:35:51 +0800] "POST /xingrg/kc/pszx/mdps_list_operate.html HTTP/1.1" 200 354
120.253.135.82 - - [01/Jan/2024:06:35:52 +0800] "GET /xingrg/kc/pszx/mdps_order_info.html?code=312024010100025 HTTP/1.1" 200 23978
120.253.135.82 - - [01/Jan/2024:06:35:53 +0800] "GET /xingrg/javascript/easyui/themes/default/validatebox.css HTTP/1.1" 404 1104
120.253.135.82 - - [01/Jan/2024:06:35:53 +0800] "POST /xingrg/kc/pszx/mdps_order_operate.html HTTP/1.1" 200 3229
120.253.135.82 - - [01/Jan/2024:06:35:55 +0800] "POST /xingrg/kc/pszx/mdps_order_operate.html HTTP/1.1" 200 37
120.253.135.82 - - [01/Jan/2024:06:35:56 +0800] "GET /xingrg/kc/pszx/mdps_order_info.html?code=312024010100025 HTTP/1.1" 200 23978
120.253.135.82 - - [01/Jan/2024:06:35:56 +0800] "GET /xingrg/javascript/easyui/themes/default/validatebox.css HTTP/1.1" 404 1104
120.253.135.82 - - [01/Jan/2024:06:35:57 +0800] "POST /xingrg/kc/pszx/mdps_order_operate.html HTTP/1.1" 200 3250
120.253.135.82 - - [01/Jan/2024:06:35:57 +0800] "GET /xingrg/all/function/internal_message.html?_=1704061975074&CODE_STATE=getMsg HTTP/1.1" 200 27
218.81.65.124 - - [01/Jan/2024:06:35:57 +0800] "GET /xingrg/check_reg.html?_=1704062157879 HTTP/1.1" 302 -
124.78.154.219 - - [01/Jan/2024:06:36:08 +0800] "GET /xingrg/all/function/internal_message.html?_=1704062167126&CODE_STATE=getMsg HTTP/1.1" 200 27
124.78.154.219 - - [01/Jan/2024:06:36:08 +0800] "GET /xingrg/check_reg.html?_=1704062167129 HTTP/1.1" 200 22
221.239.172.206 - - [01/Jan/2024:06:36:09 +0800] "GET /xingrg/all/function/internal_message.html?_=1704062169183&CODE_STATE=getMsg HTTP/1.1" 302 -
101.83.145.37 - - [01/Jan/2024:06:36:14 +0800] "GET /xingrg/all/function/internal_message.html?_=1704062176333&CODE_STATE=getMsg HTTP/1.1" 302 -
58.40.7.146 - - [01/Jan/2024:06:36:17 +0800] "GET /xingrg/all/function/internal_message.html?_=1704062177207&CODE_STATE=getMsg HTTP/1.1" 302 -
116.232.193.168 - - [01/Jan/2024:06:36:20 +0800] "GET /xingrg/all/function/internal_message.html?_=1704062142448&CODE_STATE=getMsg HTTP/1.1" 302 -
222.67.232.215 - - [01/Jan/2024:06:36:28 +0800] "GET /xingrg/all/function/internal_message.html?_=1704062188070&CODE_STATE=getMsg HTTP/1.1" 200 27
114.95.241.104 - - [01/Jan/2024:06:36:30 +0800] "GET /xingrg/all/function/internal_message.html?_=1704062190877&CODE_STATE=getMsg HTTP/1.1" 302 -
58.40.7.146 - - [01/Jan/2024:06:36:33 +0800] "GET /xingrg/all/function/internal_message.html?_=1704062193831&CODE_STATE=getMsg HTTP/1.1" 302 -
116.230.112.67 - - [01/Jan/2024:06:36:42 +0800] "GET /xingrg/all/function/internal_message.html?_=1704062203241&CODE_STATE=getMsg HTTP/1.1" 302 -
180.169.147.146 - - [01/Jan/2024:06:36:45 +0800] "GET /xingrg/all/function/internal_message.html?_=1704062205072&CODE_STATE=getMsg HTTP/1.1" 302 -
114.83.218.109 - - [01/Jan/2024:06:36:50 +0800] "POST /xingrg/services/DataTransmitService HTTP/1.1" 200 524
120.253.135.82 - - [01/Jan/2024:06:36:57 +0800] "GET /xingrg/all/function/internal_message.html?_=1704062035087&CODE_STATE=getMsg HTTP/1.1" 200 27
124.78.154.219 - - [01/Jan/2024:06:37:08 +0800] "GET /xingrg/all/function/internal_message.html?_=1704062227132&CODE_STATE=getMsg HTTP/1.1" 200 27
221.239.172.206 - - [01/Jan/2024:06:37:09 +0800] "GET /xingrg/all/function/internal_message.html?_=1704062229168&CODE_STATE=getMsg HTTP/1.1" 302 -
101.83.145.37 - - [01/Jan/2024:06:37:14 +0800] "GET /xingrg/all/function/internal_message.html?_=1704062236334&CODE_STATE=getMsg HTTP/1.1" 302 -
58.40.7.146 - - [01/Jan/2024:06:37:17 +0800] "GET /xingrg/all/function/internal_message.html?_=1704062237193&CODE_STATE=getMsg HTTP/1.1" 302 -
116.232.193.168 - - [01/Jan/2024:06:37:20 +0800] "GET /xingrg/all/function/internal_message.html?_=1704062202447&CODE_STATE=getMsg HTTP/1.1" 302 -
222.67.232.215 - - [01/Jan/2024:06:37:28 +0800] "GET /xingrg/all/function/internal_message.html?_=1704062248050&CODE_STATE=getMsg HTTP/1.1" 200 27
114.95.241.104 - - [01/Jan/2024:06:37:30 +0800] "GET /xingrg/all/function/internal_message.html?_=1704062250869&CODE_STATE=getMsg HTTP/1.1" 302 -
58.40.7.146 - - [01/Jan/2024:06:37:33 +0800] "GET /xingrg/all/function/internal_message.html?_=1704062253819&CODE_STATE=getMsg HTTP/1.1" 302 -
116.230.112.67 - - [01/Jan/2024:06:37:42 +0800] "GET /xingrg/all/function/internal_message.html?_=1704062263283&CODE_STATE=getMsg HTTP/1.1" 302 -
