222.70.180.200 - - [01/Jan/2024:09:17:04 +0800] "POST /xingrg/dwr/call/plaincall/AjaxCheckService.setItemNumber.dwr HTTP/1.1" 200 78
116.230.112.67 - - [01/Jan/2024:09:17:04 +0800] "POST /xingrg/dwr/call/plaincall/AjaxCheckService.setItemNumber.dwr HTTP/1.1" 200 77
114.83.216.19 - - [01/Jan/2024:09:17:05 +0800] "POST /xingrg/dwr/call/plaincall/AjaxCheckService.setItemNumber.dwr HTTP/1.1" 200 77
222.70.180.200 - - [01/Jan/2024:09:17:06 +0800] "POST /xingrg/dwr/call/plaincall/AjaxCheckService.setItemNumber.dwr HTTP/1.1" 200 78
221.239.172.206 - - [01/Jan/2024:09:17:06 +0800] "GET /xingrg/all/function/internal_message.html?_=1704071826323&CODE_STATE=getMsg HTTP/1.1" 302 -
116.230.112.67 - - [01/Jan/2024:09:17:06 +0800] "POST /xingrg/dwr/call/plaincall/AjaxCheckService.setItemNumber.dwr HTTP/1.1" 200 77
116.230.112.67 - - [01/Jan/2024:09:17:08 +0800] "POST /xingrg/dwr/call/plaincall/AjaxCheckService.setItemNumber.dwr HTTP/1.1" 200 77
124.78.154.219 - - [01/Jan/2024:09:17:08 +0800] "GET /xingrg/all/function/internal_message.html?_=1704071827044&CODE_STATE=getMsg HTTP/1.1" 200 27
114.83.216.19 - - [01/Jan/2024:09:17:08 +0800] "POST /xingrg/dwr/call/plaincall/AjaxCheckService.setItemNumber.dwr HTTP/1.1" 200 77
101.83.145.37 - - [01/Jan/2024:09:17:08 +0800] "GET /xingrg/kc/buy/cgsh_order_operate.html?command=get_materiel&rest_code=00105&code=00101008230&supplier_code=00100005&order_time=2024-01-01 HTTP/1.1" 200 408
222.70.180.200 - - [01/Jan/2024:09:17:09 +0800] "POST /xingrg/dwr/call/plaincall/AjaxCheckService.setItemNumber.dwr HTTP/1.1" 200 78
116.230.112.67 - - [01/Jan/2024:09:17:09 +0800] "POST /xingrg/dwr/call/plaincall/AjaxCheckService.setItemNumber.dwr HTTP/1.1" 200 77
116.230.112.67 - - [01/Jan/2024:09:17:10 +0800] "POST /xingrg/dwr/call/plaincall/AjaxCheckService.setItemNumber.dwr HTTP/1.1" 200 77
222.70.180.200 - - [01/Jan/2024:09:17:10 +0800] "POST /xingrg/dwr/call/plaincall/AjaxCheckService.setItemNumber.dwr HTTP/1.1" 200 78
116.230.112.67 - - [01/Jan/2024:09:17:11 +0800] "POST /xingrg/dwr/call/plaincall/AjaxCheckService.setItemNumber.dwr HTTP/1.1" 200 77
116.230.112.67 - - [01/Jan/2024:09:17:11 +0800] "GET /xingrg/all/function/internal_message.html?_=1704071833151&CODE_STATE=getMsg HTTP/1.1" 200 27
222.70.180.200 - - [01/Jan/2024:09:17:12 +0800] "POST /xingrg/dwr/call/plaincall/AjaxCheckService.setItemNumber.dwr HTTP/1.1" 200 78
116.230.112.67 - - [01/Jan/2024:09:17:12 +0800] "POST /xingrg/dwr/call/plaincall/AjaxCheckService.setItemNumber.dwr HTTP/1.1" 200 77
114.83.216.19 - - [01/Jan/2024:09:17:13 +0800] "POST /xingrg/dwr/call/plaincall/AjaxCheckService.setItemNumber.dwr HTTP/1.1" 200 77
58.40.7.146 - - [01/Jan/2024:09:17:13 +0800] "GET /xingrg/all/function/internal_message.html?_=1704071833171&CODE_STATE=getMsg HTTP/1.1" 302 -
101.83.145.37 - - [01/Jan/2024:09:17:14 +0800] "GET /xingrg/all/function/internal_message.html?_=1704071836548&CODE_STATE=getMsg HTTP/1.1" 302 -
116.230.112.67 - - [01/Jan/2024:09:17:14 +0800] "POST /xingrg/dwr/call/plaincall/AjaxCheckService.setItemNumber.dwr HTTP/1.1" 200 77
114.83.216.19 - - [01/Jan/2024:09:17:15 +0800] "POST /xingrg/dwr/call/plaincall/AjaxCheckService.setItemNumber.dwr HTTP/1.1" 200 77
116.230.112.67 - - [01/Jan/2024:09:17:17 +0800] "POST /xingrg/dwr/call/plaincall/AjaxCheckService.setItemNumber.dwr HTTP/1.1" 200 77
222.70.180.200 - - [01/Jan/2024:09:17:17 +0800] "POST /xingrg/dwr/call/plaincall/AjaxCheckService.setItemNumber.dwr HTTP/1.1" 200 78
222.67.232.215 - - [01/Jan/2024:09:17:17 +0800] "GET /xingrg/login.html HTTP/1.1" 200 7641
114.83.216.19 - - [01/Jan/2024:09:17:18 +0800] "POST /xingrg/dwr/call/plaincall/AjaxCheckService.setItemNumber.dwr HTTP/1.1" 200 77
222.70.180.200 - - [01/Jan/2024:09:17:19 +0800] "POST /xingrg/dwr/call/plaincall/AjaxCheckService.setItemNumber.dwr HTTP/1.1" 200 78
114.83.216.19 - - [01/Jan/2024:09:17:19 +0800] "GET /xingrg/all/function/internal_message.html?_=1704071842635&CODE_STATE=getMsg HTTP/1.1" 200 27
222.67.232.215 - - [01/Jan/2024:09:17:19 +0800] "GET /favicon.ico HTTP/1.1" 404 -
114.83.216.19 - - [01/Jan/2024:09:17:20 +0800] "POST /xingrg/dwr/call/plaincall/AjaxCheckService.setItemNumber.dwr HTTP/1.1" 200 77
116.232.193.168 - - [01/Jan/2024:09:17:20 +0800] "GET /xingrg/all/function/internal_message.html?_=1704071802486&CODE_STATE=getMsg HTTP/1.1" 302 -
222.70.180.200 - - [01/Jan/2024:09:17:21 +0800] "POST /xingrg/dwr/call/plaincall/AjaxCheckService.setItemNumber.dwr HTTP/1.1" 200 78
114.83.216.19 - - [01/Jan/2024:09:17:22 +0800] "POST /xingrg/dwr/call/plaincall/AjaxCheckService.setItemNumber.dwr HTTP/1.1" 200 77
222.70.180.200 - - [01/Jan/2024:09:17:23 +0800] "POST /xingrg/dwr/call/plaincall/AjaxCheckService.setItemNumber.dwr HTTP/1.1" 200 78
222.70.180.200 - - [01/Jan/2024:09:17:24 +0800] "POST /xingrg/dwr/call/plaincall/AjaxCheckService.setItemNumber.dwr HTTP/1.1" 200 78
114.83.216.19 - - [01/Jan/2024:09:17:24 +0800] "POST /xingrg/dwr/call/plaincall/AjaxCheckService.setItemNumber.dwr HTTP/1.1" 200 77
222.67.232.215 - - [01/Jan/2024:09:17:24 +0800] "GET /xingrg/all/function/internal_message.html?_=1704071844785&CODE_STATE=getMsg HTTP/1.1" 200 27
222.70.180.200 - - [01/Jan/2024:09:17:25 +0800] "POST /xingrg/dwr/call/plaincall/AjaxCheckService.setItemNumber.dwr HTTP/1.1" 200 78
120.253.135.82 - - [01/Jan/2024:09:17:25 +0800] "GET /xingrg/all/function/internal_message.html?_=1704071662982&CODE_STATE=getMsg HTTP/1.1" 200 27
124.78.154.219 - - [01/Jan/2024:09:17:25 +0800] "GET /xingrg/all/function/internal_message.html?_=1704071846379&CODE_STATE=getMsg HTTP/1.1" 200 27
114.83.218.109 - - [01/Jan/2024:09:17:25 +0800] "GET /xingrg/all/function/internal_message.html?_=1704071846055&CODE_STATE=getMsg HTTP/1.1" 200 27
222.70.180.200 - - [01/Jan/2024:09:17:26 +0800] "POST /xingrg/dwr/call/plaincall/AjaxCheckService.setItemNumber.dwr HTTP/1.1" 200 78
222.70.180.200 - - [01/Jan/2024:09:17:26 +0800] "POST /xingrg/dwr/call/plaincall/AjaxCheckService.setItemNumber.dwr HTTP/1.1" 200 78
114.83.216.19 - - [01/Jan/2024:09:17:27 +0800] "POST /xingrg/dwr/call/plaincall/AjaxCheckService.setItemNumber.dwr HTTP/1.1" 200 77
222.70.180.200 - - [01/Jan/2024:09:17:28 +0800] "POST /xingrg/dwr/call/plaincall/AjaxCheckService.setItemNumber.dwr HTTP/1.1" 200 78
222.70.180.200 - - [01/Jan/2024:09:17:29 +0800] "POST /xingrg/dwr/call/plaincall/AjaxCheckService.setItemNumber.dwr HTTP/1.1" 200 78
114.83.216.19 - - [01/Jan/2024:09:17:29 +0800] "POST /xingrg/dwr/call/plaincall/AjaxCheckService.setItemNumber.dwr HTTP/1.1" 200 77
116.230.112.67 - - [01/Jan/2024:09:17:29 +0800] "POST /xingrg/dwr/call/plaincall/AjaxCheckService.setItemNumber.dwr HTTP/1.1" 200 77
58.40.7.146 - - [01/Jan/2024:09:17:29 +0800] "GET /xingrg/all/function/internal_message.html?_=1704071849787&CODE_STATE=getMsg HTTP/1.1" 302 -
222.70.180.200 - - [01/Jan/2024:09:17:30 +0800] "POST /xingrg/dwr/call/plaincall/AjaxCheckService.setItemNumber.dwr HTTP/1.1" 200 78
114.95.241.104 - - [01/Jan/2024:09:17:30 +0800] "GET /xingrg/all/function/internal_message.html?_=1704071850848&CODE_STATE=getMsg HTTP/1.1" 302 -
116.230.112.67 - - [01/Jan/2024:09:17:31 +0800] "POST /xingrg/dwr/call/plaincall/AjaxCheckService.setItemNumber.dwr HTTP/1.1" 200 77
222.70.180.200 - - [01/Jan/2024:09:17:31 +0800] "POST /xingrg/dwr/call/plaincall/AjaxCheckService.setItemNumber.dwr HTTP/1.1" 200 78
114.83.218.109 - - [01/Jan/2024:09:17:32 +0800] "GET /xingrg/kc/buy/cgsh_order_operate.html?command=get_materiel&rest_code=00149&code=00101008027&supplier_code=00100008&order_time=2024-01-01 HTTP/1.1" 200 409
222.70.180.200 - - [01/Jan/2024:09:17:32 +0800] "POST /xingrg/dwr/call/plaincall/AjaxCheckService.setItemNumber.dwr HTTP/1.1" 200 78
114.83.216.19 - - [01/Jan/2024:09:17:32 +0800] "POST /xingrg/dwr/call/plaincall/AjaxCheckService.setItemNumber.dwr HTTP/1.1" 200 77
222.70.180.200 - - [01/Jan/2024:09:17:33 +0800] "POST /xingrg/dwr/call/plaincall/AjaxCheckService.setItemNumber.dwr HTTP/1.1" 200 78
116.230.112.67 - - [01/Jan/2024:09:17:33 +0800] "POST /xingrg/dwr/call/plaincall/AjaxCheckService.setItemNumber.dwr HTTP/1.1" 200 77
116.230.112.67 - - [01/Jan/2024:09:17:34 +0800] "POST /xingrg/dwr/call/plaincall/AjaxCheckService.setItemNumber.dwr HTTP/1.1" 200 77
116.230.112.67 - - [01/Jan/2024:09:17:34 +0800] "POST /xingrg/dwr/call/plaincall/AjaxCheckService.setItemNumber.dwr HTTP/1.1" 200 77
222.70.180.200 - - [01/Jan/2024:09:17:35 +0800] "POST /xingrg/dwr/call/plaincall/AjaxCheckService.setItemNumber.dwr HTTP/1.1" 200 78
114.83.216.19 - - [01/Jan/2024:09:17:35 +0800] "POST /xingrg/dwr/call/plaincall/AjaxCheckService.setItemNumber.dwr HTTP/1.1" 200 77
116.230.112.67 - - [01/Jan/2024:09:17:36 +0800] "POST /xingrg/dwr/call/plaincall/AjaxCheckService.setItemNumber.dwr HTTP/1.1" 200 77
114.89.202.115 - - [01/Jan/2024:09:17:36 +0800] "GET /xingrg/all/function/internal_message.html?_=1704071858067&CODE_STATE=getMsg HTTP/1.1" 200 27
222.70.180.200 - - [01/Jan/2024:09:17:37 +0800] "POST /xingrg/dwr/call/plaincall/AjaxCheckService.setItemNumber.dwr HTTP/1.1" 200 78
222.70.180.200 - - [01/Jan/2024:09:17:38 +0800] "POST /xingrg/dwr/call/plaincall/AjaxCheckService.setItemNumber.dwr HTTP/1.1" 200 78
222.70.180.200 - - [01/Jan/2024:09:17:39 +0800] "POST /xingrg/dwr/call/plaincall/AjaxCheckService.setItemNumber.dwr HTTP/1.1" 200 78
114.95.241.104 - - [01/Jan/2024:09:17:40 +0800] "GET /xingrg/all/function/internal_message.html?_=1704071859718&CODE_STATE=getMsg HTTP/1.1" 200 27
124.78.154.219 - - [01/Jan/2024:09:17:40 +0800] "POST /xingrg/kc/base/yddb_list_operate.html HTTP/1.1" 200 206
124.78.154.219 - - [01/Jan/2024:09:17:40 +0800] "GET /xingrg/kc/base/yddb_order_info.html?code=482023123100207 HTTP/1.1" 200 31854
124.78.154.219 - - [01/Jan/2024:09:17:40 +0800] "GET /xingrg/dwr/interface/AjaxComOrderService.js HTTP/1.1" 200 18264
124.78.154.219 - - [01/Jan/2024:09:17:40 +0800] "GET /xingrg/dwr/interface/AjaxYddbService.js HTTP/1.1" 200 13201
124.78.154.219 - - [01/Jan/2024:09:17:40 +0800] "GET /xingrg/dwr/engine.js HTTP/1.1" 200 43631
124.78.154.219 - - [01/Jan/2024:09:17:40 +0800] "POST /xingrg/dwr/call/plaincall/AjaxYddbService.loadMaterielItems.dwr HTTP/1.1" 200 404
172.20.0.100 - - [01/Jan/2024:09:17:41 +0800] "GET /xingrg/index.html?sysBaseUrl=http%3A%2F%2F172.17.0.8%3A18081%2Fxingrg%2F&costTime=213×tamp=1585200360465 HTTP/1.1" 302 -
172.20.0.100 - - [01/Jan/2024:09:17:41 +0800] "GET /xingrg/login.html HTTP/1.1" 200 7636
222.70.180.200 - - [01/Jan/2024:09:17:41 +0800] "POST /xingrg/dwr/call/plaincall/AjaxCheckService.setItemNumber.dwr HTTP/1.1" 200 78
172.20.0.100 - - [01/Jan/2024:09:17:42 +0800] "GET /favicon.ico HTTP/1.1" 404 -
172.20.0.100 - - [01/Jan/2024:09:17:43 +0800] "POST /xingrg/login.do HTTP/1.1" 302 -
222.70.180.200 - - [01/Jan/2024:09:17:43 +0800] "POST /xingrg/dwr/call/plaincall/AjaxCheckService.setItemNumber.dwr HTTP/1.1" 200 78
172.20.0.100 - - [01/Jan/2024:09:17:43 +0800] "GET /xingrg/index.html?sysBaseUrl=http%3A%2F%2F172.20.0.8%3A18081%2Fxingrg%2F&costTime=15×tamp=1704071863753 HTTP/1.1" 200 17448
172.20.0.100 - - [01/Jan/2024:09:17:44 +0800] "POST /xingrg/all/common/load_tree.html?tree=area_rest_tree_json&manage=1 HTTP/1.1" 200 3624
172.20.0.100 - - [01/Jan/2024:09:17:44 +0800] "GET /xingrg/check_reg.html?_=1704071862829 HTTP/1.1" 200 22
172.20.0.100 - - [01/Jan/2024:09:17:44 +0800] "GET /xingrg/all/function/internal_message.html?_=1704071862828&CODE_STATE=count HTTP/1.1" 200 11
172.20.0.100 - - [01/Jan/2024:09:17:44 +0800] "GET /favicon.ico HTTP/1.1" 404 -
172.20.0.100 - - [01/Jan/2024:09:17:45 +0800] "POST /xingrg/load_menu.html HTTP/1.1" 200 11529
222.70.180.200 - - [01/Jan/2024:09:17:45 +0800] "POST /xingrg/dwr/call/plaincall/AjaxCheckService.setItemNumber.dwr HTTP/1.1" 200 78
180.169.147.146 - - [01/Jan/2024:09:17:45 +0800] "GET /xingrg/all/function/internal_message.html?_=1704071865089&CODE_STATE=getMsg HTTP/1.1" 302 -
116.230.112.67 - - [01/Jan/2024:09:17:45 +0800] "POST /xingrg/dwr/call/plaincall/AjaxCheckService.setItemNumber.dwr HTTP/1.1" 200 77
124.78.154.219 - - [01/Jan/2024:09:17:45 +0800] "POST /xingrg/dwr/call/plaincall/AjaxYddbService.objCheckOrder.dwr HTTP/1.1" 200 431
222.70.180.200 - - [01/Jan/2024:09:17:47 +0800] "POST /xingrg/dwr/call/plaincall/AjaxCheckService.setItemNumber.dwr HTTP/1.1" 200 78
124.78.154.219 - - [01/Jan/2024:09:17:48 +0800] "GET /xingrg/javascript/jquery_easy_ui/themes/default/images/tabs_active.png HTTP/1.1" 304 -
116.230.112.67 - - [01/Jan/2024:09:17:48 +0800] "POST /xingrg/dwr/call/plaincall/AjaxCheckService.setItemNumber.dwr HTTP/1.1" 200 77
222.70.180.200 - - [01/Jan/2024:09:17:50 +0800] "POST /xingrg/dwr/call/plaincall/AjaxCheckService.setItemNumber.dwr HTTP/1.1" 200 78
116.230.112.67 - - [01/Jan/2024:09:17:50 +0800] "POST /xingrg/dwr/call/plaincall/AjaxCheckService.setItemNumber.dwr HTTP/1.1" 200 77
222.70.180.200 - - [01/Jan/2024:09:17:53 +0800] "POST /xingrg/dwr/call/plaincall/AjaxCheckService.setItemNumber.dwr HTTP/1.1" 200 78
116.230.112.67 - - [01/Jan/2024:09:17:54 +0800] "POST /xingrg/dwr/call/plaincall/AjaxCheckService.setItemNumber.dwr HTTP/1.1" 200 77
172.20.0.100 - - [01/Jan/2024:09:17:56 +0800] "POST /xingrg/all/user/operate.html HTTP/1.1" 200 36
172.20.0.100 - - [01/Jan/2024:09:17:56 +0800] "GET /xingrg/javascript/jquery_easy_ui/themes/default/easyui.css HTTP/1.1" 304 -
172.20.0.100 - - [01/Jan/2024:09:17:56 +0800] "GET /xingrg/javascript/jquery_easy_ui/themes/icon.css HTTP/1.1" 304 -
172.20.0.100 - - [01/Jan/2024:09:17:56 +0800] "GET /xingrg/css/form.css HTTP/1.1" 304 -
172.20.0.100 - - [01/Jan/2024:09:17:56 +0800] "GET /xingrg/javascript/jquery-1.4.2.min.js HTTP/1.1" 304 -
172.20.0.100 - - [01/Jan/2024:09:17:56 +0800] "GET /xingrg/javascript/jquery_easy_ui/jquery.easyui.min.js HTTP/1.1" 304 -
172.20.0.100 - - [01/Jan/2024:09:17:56 +0800] "GET /xingrg/javascript/jquery_easy_ui/easyui-lang-zh_CN.js HTTP/1.1" 304 -
120.253.135.82 - - [01/Jan/2024:09:17:56 +0800] "GET /xingrg/check_reg.html?_=1704071693810 HTTP/1.1" 200 22
172.20.0.100 - - [01/Jan/2024:09:17:56 +0800] "GET /xingrg/javascript/jquery.form.js HTTP/1.1" 304 -
172.20.0.100 - - [01/Jan/2024:09:17:56 +0800] "GET /xingrg/javascript/jquery.utils.js HTTP/1.1" 304 -
172.20.0.100 - - [01/Jan/2024:09:17:56 +0800] "GET /xingrg/javascript/jquery.timers.js HTTP/1.1" 304 -
172.20.0.100 - - [01/Jan/2024:09:17:56 +0800] "GET /xingrg/index.html?sysBaseUrl=http%3A%2F%2F172.20.0.8%3A18081%2Fxingrg%2F&costTime=15×tamp=1704071863753 HTTP/1.1" 200 17454
172.20.0.100 - - [01/Jan/2024:09:17:56 +0800] "GET /xingrg/images/blue/jxLogo.png HTTP/1.1" 304 -
172.20.0.100 - - [01/Jan/2024:09:17:56 +0800] "GET /xingrg/images/blue/navBackgound.jpg HTTP/1.1" 304 -
172.20.0.100 - - [01/Jan/2024:09:17:56 +0800] "GET /xingrg/javascript/jquery_easy_ui/themes/icons/settle_new.png HTTP/1.1" 304 -
172.20.0.100 - - [01/Jan/2024:09:17:56 +0800] "POST /xingrg/all/common/load_tree.html?tree=area_rest_tree_json&manage=1 HTTP/1.1" 200 3624
172.20.0.100 - - [01/Jan/2024:09:17:56 +0800] "GET /xingrg/all/function/internal_message.html?_=1704071874719&CODE_STATE=count HTTP/1.1" 200 11
172.20.0.100 - - [01/Jan/2024:09:17:56 +0800] "GET /xingrg/check_reg.html?_=1704071874720 HTTP/1.1" 200 22
172.20.0.100 - - [01/Jan/2024:09:17:56 +0800] "GET /xingrg/javascript/jquery_easy_ui/themes/default/images/tabs_rightarrow.png HTTP/1.1" 304 -
172.20.0.100 - - [01/Jan/2024:09:17:56 +0800] "GET /xingrg/javascript/jquery_easy_ui/themes/default/images/tabs_leftarrow.png HTTP/1.1" 304 -
172.20.0.100 - - [01/Jan/2024:09:17:56 +0800] "GET /xingrg/images/blue/pingpu.png HTTP/1.1" 304 -
172.20.0.100 - - [01/Jan/2024:09:17:56 +0800] "GET /xingrg/javascript/jquery_easy_ui/themes/default/images/panel_tool_expand.gif HTTP/1.1" 304 -
172.20.0.100 - - [01/Jan/2024:09:17:56 +0800] "GET /xingrg/javascript/jquery_easy_ui/themes/default/images/panel_tool_collapse.gif HTTP/1.1" 304 -
116.230.112.67 - - [01/Jan/2024:09:17:56 +0800] "POST /xingrg/dwr/call/plaincall/AjaxCheckService.setItemNumber.dwr HTTP/1.1" 200 77
116.230.112.67 - - [01/Jan/2024:09:17:57 +0800] "POST /xingrg/dwr/call/plaincall/AjaxCheckService.setItemNumber.dwr HTTP/1.1" 200 77
222.70.180.200 - - [01/Jan/2024:09:17:57 +0800] "GET /xingrg/all/function/internal_message.html?_=1704071874593&CODE_STATE=getMsg HTTP/1.1" 200 27
116.230.112.67 - - [01/Jan/2024:09:17:57 +0800] "POST /xingrg/dwr/call/plaincall/AjaxCheckService.setItemNumber.dwr HTTP/1.1" 200 77
172.20.0.100 - - [01/Jan/2024:09:17:57 +0800] "POST /xingrg/load_menu.html HTTP/1.1" 200 9924
116.230.112.67 - - [01/Jan/2024:09:17:57 +0800] "POST /xingrg/dwr/call/plaincall/AjaxCheckService.setItemNumber.dwr HTTP/1.1" 200 77
222.67.232.215 - - [01/Jan/2024:09:17:58 +0800] "POST /xingrg/login.do HTTP/1.1" 302 -
222.67.232.215 - - [01/Jan/2024:09:17:58 +0800] "GET /xingrg/index.html?sysBaseUrl=http%3A%2F%2F180.169.147.146%3A18081%2Fxingrg%2F&costTime=15×tamp=1704071878214 HTTP/1.1" 200 17503
124.78.154.219 - - [01/Jan/2024:09:17:58 +0800] "GET /xingrg/kc/base/yddb_order_list.html HTTP/1.1" 200 16659
222.70.180.200 - - [01/Jan/2024:09:17:58 +0800] "POST /xingrg/dwr/call/plaincall/AjaxCheckService.setItemNumber.dwr HTTP/1.1" 200 78
124.78.154.219 - - [01/Jan/2024:09:17:58 +0800] "POST /xingrg/kc/base/yddb_list_operate.html HTTP/1.1" 200 636
222.67.232.215 - - [01/Jan/2024:09:17:58 +0800] "GET /favicon.ico HTTP/1.1" 404 -
116.230.112.67 - - [01/Jan/2024:09:17:58 +0800] "POST /xingrg/dwr/call/plaincall/AjaxCheckService.setItemNumber.dwr HTTP/1.1" 200 77
222.67.232.215 - - [01/Jan/2024:09:17:58 +0800] "POST /xingrg/all/common/load_tree.html?tree=area_rest_tree_json&manage=1 HTTP/1.1" 200 3624
222.67.232.215 - - [01/Jan/2024:09:17:58 +0800] "GET /xingrg/all/function/internal_message.html?_=1704071878796&CODE_STATE=count HTTP/1.1" 200 11
222.67.232.215 - - [01/Jan/2024:09:17:58 +0800] "GET /xingrg/check_reg.html?_=1704071878797 HTTP/1.1" 200 22
222.67.232.215 - - [01/Jan/2024:09:17:58 +0800] "POST /xingrg/load_menu.html HTTP/1.1" 200 11443
101.83.145.37 - - [01/Jan/2024:09:18:00 +0800] "GET /xingrg/kc/buy/cgsh_order_operate.html?command=get_materiel&rest_code=00105&code=00101008286&supplier_code=00100005&order_time=2024-01-01 HTTP/1.1" 200 408
172.20.0.100 - - [01/Jan/2024:09:18:00 +0800] "GET /xingrg/kc/report/report_main.html HTTP/1.1" 200 7320
114.83.218.109 - - [01/Jan/2024:09:18:00 +0800] "GET /xingrg/kc/buy/cgsh_order_operate.html?command=get_materiel&rest_code=00149&code=00101008132&supplier_code=00100008&order_time=2024-01-01 HTTP/1.1" 200 408
114.83.216.19 - - [01/Jan/2024:09:18:00 +0800] "POST /xingrg/dwr/call/plaincall/AjaxCheckService.checkOrder.dwr HTTP/1.1" 200 79
116.230.112.67 - - [01/Jan/2024:09:18:00 +0800] "POST /xingrg/dwr/call/plaincall/AjaxCheckService.setItemNumber.dwr HTTP/1.1" 200 77
222.70.180.200 - - [01/Jan/2024:09:18:00 +0800] "POST /xingrg/dwr/call/plaincall/AjaxCheckService.setItemNumber.dwr HTTP/1.1" 200 78
222.70.180.200 - - [01/Jan/2024:09:18:00 +0800] "POST /xingrg/dwr/call/plaincall/AjaxCheckService.setItemNumber.dwr HTTP/1.1" 200 78
101.83.145.37 - - [01/Jan/2024:09:18:01 +0800] "GET /xingrg/all/function/internal_message.html?_=1704071648917&CODE_STATE=getMsg HTTP/1.1" 200 27
172.20.0.100 - - [01/Jan/2024:09:18:01 +0800] "GET /xingrg/kc/base/kc_stocks.html HTTP/1.1" 200 16535
172.20.0.100 - - [01/Jan/2024:09:18:01 +0800] "GET /xingrg/javascript/easyui/themes/sunny/easyui.css HTTP/1.1" 200 34304
222.70.180.200 - - [01/Jan/2024:09:18:01 +0800] "POST /xingrg/dwr/call/plaincall/AjaxCheckService.setItemNumber.dwr HTTP/1.1" 200 78
114.83.216.19 - - [01/Jan/2024:09:18:02 +0800] "GET /xingrg/kc/base/check_order_info.html?code=452024010100002 HTTP/1.1" 200 22864
172.20.0.100 - - [01/Jan/2024:09:18:02 +0800] "GET /xingrg/javascript/easyui/themes/icons/refresh_new.png HTTP/1.1" 200 685
172.20.0.100 - - [01/Jan/2024:09:18:02 +0800] "GET /xingrg/javascript/easyui/themes/icons/print_new.png HTTP/1.1" 200 3580
114.83.216.19 - - [01/Jan/2024:09:18:02 +0800] "GET /xingrg/dwr/interface/AjaxComOrderService.js HTTP/1.1" 200 18264
172.20.0.100 - - [01/Jan/2024:09:18:02 +0800] "GET /xingrg/javascript/easyui/themes/icons/filter_new.png HTTP/1.1" 200 795
114.83.216.19 - - [01/Jan/2024:09:18:02 +0800] "GET /xingrg/dwr/interface/AjaxCheckService.js HTTP/1.1" 200 14003
114.83.216.19 - - [01/Jan/2024:09:18:02 +0800] "GET /xingrg/dwr/engine.js HTTP/1.1" 200 43631
172.20.0.100 - - [01/Jan/2024:09:18:02 +0800] "GET /xingrg/javascript/easyui/plugins/jquery.draggable.js HTTP/1.1" 200 6121
172.20.0.100 - - [01/Jan/2024:09:18:02 +0800] "GET /xingrg/all/common/auto_word.html?type=base&rest_code=00141 HTTP/1.1" 200 1799
172.20.0.100 - - [01/Jan/2024:09:18:02 +0800] "GET /xingrg/javascript/easyui/plugins/jquery.droppable.js HTTP/1.1" 200 1167
172.20.0.100 - - [01/Jan/2024:09:18:02 +0800] "GET /xingrg/javascript/easyui/themes/default/tree.css HTTP/1.1" 404 1090
172.20.0.100 - - [01/Jan/2024:09:18:02 +0800] "GET /xingrg/javascript/easyui/plugins/jquery.tree.js HTTP/1.1" 200 20874
172.20.0.100 - - [01/Jan/2024:09:18:02 +0800] "POST /xingrg/all/common/load_tree.html?tree=materiel_sort_tree_json HTTP/1.1" 200 9617
172.20.0.100 - - [01/Jan/2024:09:18:02 +0800] "GET /xingrg/javascript/easyui/themes/sunny/images/tree_arrows.gif HTTP/1.1" 200 617
172.20.0.100 - - [01/Jan/2024:09:18:02 +0800] "GET /xingrg/javascript/easyui/themes/sunny/images/tree_folder.gif HTTP/1.1" 200 952
172.20.0.100 - - [01/Jan/2024:09:18:02 +0800] "GET /xingrg/javascript/easyui/themes/sunny/images/tree_folder_open.gif HTTP/1.1" 200 956
172.20.0.100 - - [01/Jan/2024:09:18:02 +0800] "GET /xingrg/javascript/easyui/themes/sunny/images/tree_file.gif HTTP/1.1" 200 118
114.83.216.19 - - [01/Jan/2024:09:18:02 +0800] "POST /xingrg/dwr/call/plaincall/AjaxCheckService.loadOrderItems.dwr HTTP/1.1" 200 23606
222.70.180.200 - - [01/Jan/2024:09:18:03 +0800] "POST /xingrg/dwr/call/plaincall/AjaxCheckService.setItemNumber.dwr HTTP/1.1" 200 78
222.67.232.215 - - [01/Jan/2024:09:18:04 +0800] "POST /xingrg/all/user/operate.html HTTP/1.1" 200 36
222.67.232.215 - - [01/Jan/2024:09:18:04 +0800] "GET /xingrg/index.html?sysBaseUrl=http%3A%2F%2F180.169.147.146%3A18081%2Fxingrg%2F&costTime=15×tamp=1704071878214 HTTP/1.1" 200 17503
222.67.232.215 - - [01/Jan/2024:09:18:04 +0800] "GET /xingrg/javascript/jquery_easy_ui/themes/default/easyui.css HTTP/1.1" 304 -
222.67.232.215 - - [01/Jan/2024:09:18:04 +0800] "GET /xingrg/javascript/jquery_easy_ui/themes/icon.css HTTP/1.1" 304 -
222.67.232.215 - - [01/Jan/2024:09:18:04 +0800] "GET /xingrg/css/form.css HTTP/1.1" 304 -
222.67.232.215 - - [01/Jan/2024:09:18:04 +0800] "GET /xingrg/javascript/jquery-1.4.2.min.js HTTP/1.1" 304 -
222.67.232.215 - - [01/Jan/2024:09:18:04 +0800] "GET /xingrg/javascript/jquery_easy_ui/jquery.easyui.min.js HTTP/1.1" 304 -
222.67.232.215 - - [01/Jan/2024:09:18:04 +0800] "GET /xingrg/javascript/jquery_easy_ui/easyui-lang-zh_CN.js HTTP/1.1" 304 -
222.67.232.215 - - [01/Jan/2024:09:18:04 +0800] "GET /xingrg/javascript/jquery.form.js HTTP/1.1" 304 -
222.67.232.215 - - [01/Jan/2024:09:18:04 +0800] "GET /xingrg/javascript/jquery.utils.js HTTP/1.1" 304 -
222.67.232.215 - - [01/Jan/2024:09:18:04 +0800] "GET /xingrg/javascript/jquery.timers.js HTTP/1.1" 304 -
222.67.232.215 - - [01/Jan/2024:09:18:04 +0800] "GET /xingrg/images/blue/jxLogo.png HTTP/1.1" 304 -
222.67.232.215 - - [01/Jan/2024:09:18:04 +0800] "GET /xingrg/javascript/jquery_easy_ui/themes/icons/settle_new.png HTTP/1.1" 304 -
222.67.232.215 - - [01/Jan/2024:09:18:04 +0800] "GET /xingrg/images/blue/navBackgound.jpg HTTP/1.1" 304 -
222.67.232.215 - - [01/Jan/2024:09:18:04 +0800] "POST /xingrg/all/common/load_tree.html?tree=area_rest_tree_json&manage=1 HTTP/1.1" 200 3624
222.67.232.215 - - [01/Jan/2024:09:18:04 +0800] "GET /xingrg/all/function/internal_message.html?_=1704071884490&CODE_STATE=count HTTP/1.1" 200 11
222.67.232.215 - - [01/Jan/2024:09:18:04 +0800] "GET /xingrg/check_reg.html?_=1704071884491 HTTP/1.1" 200 22
222.67.232.215 - - [01/Jan/2024:09:18:04 +0800] "GET /xingrg/javascript/jquery_easy_ui/themes/default/images/tabs_rightarrow.png HTTP/1.1" 304 -
222.67.232.215 - - [01/Jan/2024:09:18:04 +0800] "GET /xingrg/images/blue/pingpu.png HTTP/1.1" 304 -
222.67.232.215 - - [01/Jan/2024:09:18:04 +0800] "GET /xingrg/javascript/jquery_easy_ui/themes/default/images/panel_tool_expand.gif HTTP/1.1" 304 -
222.67.232.215 - - [01/Jan/2024:09:18:04 +0800] "GET /xingrg/javascript/jquery_easy_ui/themes/default/images/panel_tool_collapse.gif HTTP/1.1" 304 -
222.67.232.215 - - [01/Jan/2024:09:18:04 +0800] "GET /xingrg/javascript/jquery_easy_ui/themes/default/images/tabs_leftarrow.png HTTP/1.1" 304 -
222.67.232.215 - - [01/Jan/2024:09:18:04 +0800] "POST /xingrg/load_menu.html HTTP/1.1" 200 9959
222.67.232.215 - - [01/Jan/2024:09:18:04 +0800] "GET /xingrg/javascript/jquery_easy_ui/themes/default/images/tree_arrows.gif HTTP/1.1" 304 -
124.78.154.219 - - [01/Jan/2024:09:18:04 +0800] "POST /xingrg/kc/base/yddb_list_operate.html HTTP/1.1" 200 4289
222.67.232.215 - - [01/Jan/2024:09:18:04 +0800] "GET /xingrg/javascript/jquery_easy_ui/themes/icons/systemset_new.png HTTP/1.1" 304 -
222.67.232.215 - - [01/Jan/2024:09:18:04 +0800] "GET /xingrg/javascript/jquery_easy_ui/themes/icons/setting_new.png HTTP/1.1" 304 -
222.67.232.215 - - [01/Jan/2024:09:18:04 +0800] "GET /xingrg/javascript/jquery_easy_ui/themes/icons/checkout_new.png HTTP/1.1" 304 -
222.67.232.215 - - [01/Jan/2024:09:18:04 +0800] "GET /xingrg/javascript/jquery_easy_ui/themes/default/images/tree_folder.gif HTTP/1.1" 304 -
222.67.232.215 - - [01/Jan/2024:09:18:04 +0800] "GET /xingrg/javascript/jquery_easy_ui/themes/icons/storage_new.png HTTP/1.1" 304 -
222.67.232.215 - - [01/Jan/2024:09:18:04 +0800] "GET /xingrg/javascript/jquery_easy_ui/themes/icons/forms_new.png HTTP/1.1" 304 -
222.67.232.215 - - [01/Jan/2024:09:18:04 +0800] "GET /xingrg/javascript/jquery_easy_ui/themes/default/images/tree_file.gif HTTP/1.1" 304 -
222.67.232.215 - - [01/Jan/2024:09:18:04 +0800] "GET /xingrg/javascript/jquery_easy_ui/themes/default/images/tree_folder_open.gif HTTP/1.1" 304 -
222.67.232.215 - - [01/Jan/2024:09:18:04 +0800] "GET /xingrg/javascript/jquery_easy_ui/themes/icons/search_new.png HTTP/1.1" 304 -
221.239.172.206 - - [01/Jan/2024:09:18:06 +0800] "GET /xingrg/all/function/internal_message.html?_=1704071886292&CODE_STATE=getMsg HTTP/1.1" 302 -
124.78.154.219 - - [01/Jan/2024:09:18:07 +0800] "POST /xingrg/kc/base/yddb_list_operate.html HTTP/1.1" 200 206
124.78.154.219 - - [01/Jan/2024:09:18:07 +0800] "GET /xingrg/kc/base/yddb_order_info.html?code=482023123100207 HTTP/1.1" 200 31854
124.78.154.219 - - [01/Jan/2024:09:18:07 +0800] "GET /xingrg/dwr/interface/AjaxComOrderService.js HTTP/1.1" 200 18264
124.78.154.219 - - [01/Jan/2024:09:18:07 +0800] "GET /xingrg/dwr/interface/AjaxYddbService.js HTTP/1.1" 200 13201
124.78.154.219 - - [01/Jan/2024:09:18:07 +0800] "GET /xingrg/dwr/engine.js HTTP/1.1" 200 43631
124.78.154.219 - - [01/Jan/2024:09:18:07 +0800] "POST /xingrg/dwr/call/plaincall/AjaxYddbService.loadMaterielItems.dwr HTTP/1.1" 200 404
124.78.154.219 - - [01/Jan/2024:09:18:08 +0800] "GET /xingrg/all/function/internal_message.html?_=1704071887018&CODE_STATE=getMsg HTTP/1.1" 200 27
172.20.0.100 - - [01/Jan/2024:09:18:08 +0800] "POST /xingrg/kc/base/stock_operate.html HTTP/1.1" 200 4045
172.20.0.100 - - [01/Jan/2024:09:18:08 +0800] "GET /xingrg/javascript/jquery_tools/fix_table.js HTTP/1.1" 200 6528
222.67.232.215 - - [01/Jan/2024:09:18:09 +0800] "GET /xingrg/kc/base/check_order_list.html HTTP/1.1" 200 16434
114.83.218.109 - - [01/Jan/2024:09:18:10 +0800] "GET /xingrg/kc/buy/cgsh_order_operate.html?command=get_materiel&rest_code=00149&code=00101008257&supplier_code=00100008&order_time=2024-01-01 HTTP/1.1" 200 416
116.230.112.67 - - [01/Jan/2024:09:18:12 +0800] "GET /xingrg/all/function/internal_message.html?_=1704071893681&CODE_STATE=getMsg HTTP/1.1" 200 27
114.83.216.19 - - [01/Jan/2024:09:18:12 +0800] "GET /xingrg/kc/base/check_order_list.html?isBack=1 HTTP/1.1" 200 16179
222.70.180.200 - - [01/Jan/2024:09:18:12 +0800] "POST /xingrg/dwr/call/plaincall/AjaxCheckService.checkOrder.dwr HTTP/1.1" 200 80
222.67.232.215 - - [01/Jan/2024:09:18:12 +0800] "POST /xingrg/kc/base/check_list_operate.html HTTP/1.1" 200 1557
114.83.216.19 - - [01/Jan/2024:09:18:12 +0800] "POST /xingrg/kc/base/check_list_operate.html HTTP/1.1" 200 1560
124.78.154.219 - - [01/Jan/2024:09:18:12 +0800] "POST /xingrg/dwr/call/plaincall/AjaxYddbService.objCheckOrder.dwr HTTP/1.1" 200 431
58.40.7.146 - - [01/Jan/2024:09:18:13 +0800] "GET /xingrg/all/function/internal_message.html?_=1704071893141&CODE_STATE=getMsg HTTP/1.1" 302 -
101.83.145.37 - - [01/Jan/2024:09:18:14 +0800] "GET /xingrg/all/function/internal_message.html?_=1704071896551&CODE_STATE=getMsg HTTP/1.1" 302 -
114.83.216.19 - - [01/Jan/2024:09:18:14 +0800] "GET /xingrg/kc/base/check_order_add.html HTTP/1.1" 200 25574
114.83.216.19 - - [01/Jan/2024:09:18:14 +0800] "GET /xingrg/dwr/interface/AjaxComOrderService.js HTTP/1.1" 200 18264
114.83.216.19 - - [01/Jan/2024:09:18:14 +0800] "GET /xingrg/dwr/interface/AjaxCheckService.js HTTP/1.1" 200 14003
114.83.216.19 - - [01/Jan/2024:09:18:14 +0800] "GET /xingrg/dwr/engine.js HTTP/1.1" 200 43631
116.230.112.67 - - [01/Jan/2024:09:18:14 +0800] "POST /xingrg/dwr/call/plaincall/AjaxCheckService.setItemNumber.dwr HTTP/1.1" 200 77
222.67.232.215 - - [01/Jan/2024:09:18:16 +0800] "GET /xingrg/javascript/jquery_tools/images/next.gif HTTP/1.1" 404 1086
222.67.232.215 - - [01/Jan/2024:09:18:16 +0800] "GET /xingrg/javascript/jquery_tools/images/prev.gif HTTP/1.1" 404 1086
114.83.216.19 - - [01/Jan/2024:09:18:19 +0800] "GET /xingrg/check_reg.html?_=1704071902658 HTTP/1.1" 200 22
114.83.216.19 - - [01/Jan/2024:09:18:19 +0800] "GET /xingrg/all/function/internal_message.html?_=1704071902663&CODE_STATE=getMsg HTTP/1.1" 200 27
172.20.0.100 - - [01/Jan/2024:09:18:19 +0800] "GET /xingrg/kc/base/stock_detail.html?m=00101026022 HTTP/1.1" 200 7351
172.20.0.100 - - [01/Jan/2024:09:18:20 +0800] "GET /xingrg/javascript/jquery_easy_ui/themes/icons/print.png HTTP/1.1" 200 1057
172.20.0.100 - - [01/Jan/2024:09:18:20 +0800] "GET /xingrg/javascript/jquery_easy_ui/themes/default/images/menu_downarrow.png HTTP/1.1" 200 173
172.20.0.100 - - [01/Jan/2024:09:18:20 +0800] "GET /xingrg/javascript/jquery_easy_ui/themes/icons/search.png HTTP/1.1" 200 813
172.20.0.100 - - [01/Jan/2024:09:18:20 +0800] "GET /xingrg/javascript/jquery_easy_ui/themes/default/images/calendar_prevmonth.gif HTTP/1.1" 200 66
172.20.0.100 - - [01/Jan/2024:09:18:20 +0800] "GET /xingrg/javascript/jquery_easy_ui/themes/default/images/menu.gif HTTP/1.1" 200 834
172.20.0.100 - - [01/Jan/2024:09:18:20 +0800] "GET /xingrg/javascript/jquery_easy_ui/themes/default/images/calendar_nextmonth.gif HTTP/1.1" 200 64
172.20.0.100 - - [01/Jan/2024:09:18:20 +0800] "GET /xingrg/javascript/jquery_easy_ui/themes/default/images/calendar_prevyear.gif HTTP/1.1" 200 76
172.20.0.100 - - [01/Jan/2024:09:18:20 +0800] "GET /xingrg/javascript/jquery_easy_ui/themes/default/images/calendar_nextyear.gif HTTP/1.1" 200 75
116.232.193.168 - - [01/Jan/2024:09:18:20 +0800] "GET /xingrg/all/function/internal_message.html?_=1704071862472&CODE_STATE=getMsg HTTP/1.1" 302 -
222.67.232.215 - - [01/Jan/2024:09:18:20 +0800] "POST /xingrg/kc/base/check_list_operate.html HTTP/1.1" 200 4941
221.239.172.206 - - [01/Jan/2024:09:18:21 +0800] "GET /xingrg/check_reg.html?_=1704071901387 HTTP/1.1" 302 -
114.83.218.109 - - [01/Jan/2024:09:18:21 +0800] "GET /xingrg/kc/buy/cgsh_order_operate.html?command=get_materiel&rest_code=00149&code=00101008155&supplier_code=00100008&order_time=2024-01-01 HTTP/1.1" 200 408
222.67.232.215 - - [01/Jan/2024:09:18:24 +0800] "GET /xingrg/all/function/internal_message.html?_=1704071904751&CODE_STATE=getMsg HTTP/1.1" 200 27
120.253.135.82 - - [01/Jan/2024:09:18:25 +0800] "GET /xingrg/all/function/internal_message.html?_=1704071722983&CODE_STATE=getMsg HTTP/1.1" 200 27
124.78.154.219 - - [01/Jan/2024:09:18:25 +0800] "GET /xingrg/all/function/internal_message.html?_=1704071906379&CODE_STATE=getMsg HTTP/1.1" 200 27
114.83.218.109 - - [01/Jan/2024:09:18:25 +0800] "GET /xingrg/all/function/internal_message.html?_=1704071906055&CODE_STATE=getMsg HTTP/1.1" 200 27
222.67.232.215 - - [01/Jan/2024:09:18:27 +0800] "POST /xingrg/kc/base/check_list_operate.html HTTP/1.1" 200 4
124.78.154.219 - - [01/Jan/2024:09:18:27 +0800] "POST /xingrg/dwr/call/plaincall/AjaxYddbService.objCheckOrder.dwr HTTP/1.1" 200 78
172.20.0.100 - - [01/Jan/2024:09:18:28 +0800] "GET /xingrg/kc/base/stock_operate.html?_=1704071906758&command=get_report_file&start_day=20231201 HTTP/1.1" 200 53
172.20.0.100 - - [01/Jan/2024:09:18:28 +0800] "GET /xingrg/all/report/report_query.html?isQuery=1&onlyBody=1&rh=2000&fileName=kc/base/kc_stock_detail_new.xml&queryString=(1=1)&queryText=&tableQueryString=init_table$sp1$$sp$crk_table$sp1$order_day%20between%2020231201%20and%2020231231&varString=start_day:20231201,materiel_code:00101026022,cost_id:4751,end_date:20231130 HTTP/1.1" 200 48626
172.20.0.100 - - [01/Jan/2024:09:18:28 +0800] "GET /xingrg/javascript/multi_select/jqueryMultiSelect.css HTTP/1.1" 200 951
172.20.0.100 - - [01/Jan/2024:09:18:28 +0800] "GET /xingrg/javascript/calendar/timePicker.css HTTP/1.1" 200 523
172.20.0.100 - - [01/Jan/2024:09:18:28 +0800] "GET /xingrg/javascript/bigrid/fix.css HTTP/1.1" 200 1702
172.20.0.100 - - [01/Jan/2024:09:18:28 +0800] "GET /xingrg/dwr/interface/AjaxReportQueryService.js HTTP/1.1" 200 13203
172.20.0.100 - - [01/Jan/2024:09:18:28 +0800] "GET /xingrg/dwr/engine.js HTTP/1.1" 200 43631
172.20.0.100 - - [01/Jan/2024:09:18:28 +0800] "GET /xingrg/dwr/util.js HTTP/1.1" 200 35990
172.20.0.100 - - [01/Jan/2024:09:18:28 +0800] "GET /xingrg/javascript/calendar/jquery.timePicker.min.js HTTP/1.1" 200 2997
172.20.0.100 - - [01/Jan/2024:09:18:28 +0800] "GET /xingrg/javascript/Calendar.js HTTP/1.1" 200 31561
172.20.0.100 - - [01/Jan/2024:09:18:28 +0800] "GET /xingrg/javascript/jqueryMultiSelect.js HTTP/1.1" 200 11866
172.20.0.100 - - [01/Jan/2024:09:18:28 +0800] "GET /xingrg/javascript/bigrid/fix.js HTTP/1.1" 200 6439
172.20.0.100 - - [01/Jan/2024:09:18:28 +0800] "GET /xingrg/images/control/loading.gif HTTP/1.1" 200 13463
172.20.0.100 - - [01/Jan/2024:09:18:28 +0800] "GET /xingrg/images/blue/button/advanceover.gif HTTP/1.1" 200 1347
172.20.0.100 - - [01/Jan/2024:09:18:28 +0800] "GET /xingrg/images/blue/button/advance2over.gif HTTP/1.1" 200 1336
172.20.0.100 - - [01/Jan/2024:09:18:28 +0800] "GET /xingrg/images/blue/button/back2over.gif HTTP/1.1" 200 1335
172.20.0.100 - - [01/Jan/2024:09:18:28 +0800] "GET /xingrg/images/blue/button/backover.gif HTTP/1.1" 200 1348
172.20.0.100 - - [01/Jan/2024:09:18:28 +0800] "GET /xingrg/javascript/jquery_easy_ui/themes/icons/help.png HTTP/1.1" 200 1187
124.78.154.219 - - [01/Jan/2024:09:18:28 +0800] "GET /xingrg/kc/base/yddb_order_info.html?code=482023123100207 HTTP/1.1" 200 31966
124.78.154.219 - - [01/Jan/2024:09:18:29 +0800] "GET /xingrg/dwr/interface/AjaxComOrderService.js HTTP/1.1" 200 18264
124.78.154.219 - - [01/Jan/2024:09:18:29 +0800] "GET /xingrg/dwr/interface/AjaxYddbService.js HTTP/1.1" 200 13201
124.78.154.219 - - [01/Jan/2024:09:18:29 +0800] "GET /xingrg/dwr/engine.js HTTP/1.1" 200 43631
124.78.154.219 - - [01/Jan/2024:09:18:29 +0800] "POST /xingrg/dwr/call/plaincall/AjaxYddbService.loadMaterielItems.dwr HTTP/1.1" 200 404
114.83.216.19 - - [01/Jan/2024:09:18:29 +0800] "POST /xingrg/dwr/call/plaincall/AjaxCheckService.saveOrder.dwr HTTP/1.1" 200 78
172.20.0.100 - - [01/Jan/2024:09:18:29 +0800] "POST /xingrg/all/report/load_report_page.html HTTP/1.1" 200 20236
172.20.0.100 - - [01/Jan/2024:09:18:29 +0800] "GET /xingrg/servlets/image?cache=0.7586313700794362&image=px HTTP/1.1" 200 807
58.40.7.146 - - [01/Jan/2024:09:18:29 +0800] "GET /xingrg/all/function/internal_message.html?_=1704071909757&CODE_STATE=getMsg HTTP/1.1" 302 -
114.83.216.19 - - [01/Jan/2024:09:18:30 +0800] "POST /xingrg/dwr/call/plaincall/AjaxCheckService.loadOrderItems.dwr HTTP/1.1" 200 367
114.95.241.104 - - [01/Jan/2024:09:18:30 +0800] "GET /xingrg/check_reg.html?_=1704071910847 HTTP/1.1" 302 -
114.95.241.104 - - [01/Jan/2024:09:18:30 +0800] "GET /xingrg/all/function/internal_message.html?_=1704071910848&CODE_STATE=getMsg HTTP/1.1" 302 -
116.230.112.67 - - [01/Jan/2024:09:18:32 +0800] "POST /xingrg/dwr/call/plaincall/AjaxCheckService.setItemNumber.dwr HTTP/1.1" 200 77
116.230.112.67 - - [01/Jan/2024:09:18:34 +0800] "POST /xingrg/dwr/call/plaincall/AjaxCheckService.setItemNumber.dwr HTTP/1.1" 200 77
116.230.112.67 - - [01/Jan/2024:09:18:35 +0800] "POST /xingrg/dwr/call/plaincall/AjaxCheckService.setItemNumber.dwr HTTP/1.1" 200 77
114.89.202.115 - - [01/Jan/2024:09:18:36 +0800] "GET /xingrg/all/function/internal_message.html?_=1704071918064&CODE_STATE=getMsg HTTP/1.1" 200 27
116.230.112.67 - - [01/Jan/2024:09:18:36 +0800] "POST /xingrg/dwr/call/plaincall/AjaxCheckService.setItemNumber.dwr HTTP/1.1" 200 77
114.89.202.115 - - [01/Jan/2024:09:18:37 +0800] "GET /xingrg/check_reg.html?_=1704071918452 HTTP/1.1" 200 22
124.78.154.219 - - [01/Jan/2024:09:18:37 +0800] "GET /xingrg/kc/base/yddb_order_list.html HTTP/1.1" 200 16659
124.78.154.219 - - [01/Jan/2024:09:18:37 +0800] "POST /xingrg/kc/base/yddb_list_operate.html HTTP/1.1" 200 636
114.83.218.109 - - [01/Jan/2024:09:18:37 +0800] "GET /xingrg/kc/buy/cgsh_order_operate.html?command=get_materiel&rest_code=00149&code=00101008080&supplier_code=00100008&order_time=2024-01-01 HTTP/1.1" 200 416
58.40.7.146 - - [01/Jan/2024:09:18:38 +0800] "GET /xingrg/check_reg.html?_=1704071918878 HTTP/1.1" 302 -
116.230.112.67 - - [01/Jan/2024:09:18:39 +0800] "POST /xingrg/dwr/call/plaincall/AjaxCheckService.setItemNumber.dwr HTTP/1.1" 200 77
114.83.216.19 - - [01/Jan/2024:09:18:39 +0800] "POST /xingrg/dwr/call/plaincall/AjaxCheckService.importOrderItems.dwr HTTP/1.1" 200 78
114.95.241.104 - - [01/Jan/2024:09:18:40 +0800] "GET /xingrg/all/function/internal_message.html?_=1704071919714&CODE_STATE=getMsg HTTP/1.1" 200 27
114.95.241.104 - - [01/Jan/2024:09:18:40 +0800] "GET /xingrg/check_reg.html?_=1704071919708 HTTP/1.1" 200 22
114.83.216.19 - - [01/Jan/2024:09:18:41 +0800] "POST /xingrg/dwr/call/plaincall/AjaxCheckService.loadOrderItems.dwr HTTP/1.1" 200 21649
124.78.154.219 - - [01/Jan/2024:09:18:43 +0800] "POST /xingrg/kc/base/yddb_list_operate.html HTTP/1.1" 200 4289
114.83.216.19 - - [01/Jan/2024:09:18:43 +0800] "GET /xingrg/kc/print/load_config.html?_=1704071926943&kc_code=check HTTP/1.1" 200 2488
114.83.216.19 - - [01/Jan/2024:09:18:44 +0800] "GET /xingrg/kc/print/load_data.html?_=1704071926975&order_code=452024010100003&kc_code=check&condition= HTTP/1.1" 200 5823
180.169.147.146 - - [01/Jan/2024:09:18:45 +0800] "GET /xingrg/all/function/internal_message.html?_=1704071925077&CODE_STATE=getMsg HTTP/1.1" 302 -
124.78.154.219 - - [01/Jan/2024:09:18:50 +0800] "GET /xingrg/kc/base/yddb_order_list.html HTTP/1.1" 200 16659
124.78.154.219 - - [01/Jan/2024:09:18:50 +0800] "POST /xingrg/kc/base/yddb_list_operate.html HTTP/1.1" 200 636
124.78.154.219 - - [01/Jan/2024:09:18:51 +0800] "GET /xingrg/kc/base/yddb_order_list.html HTTP/1.1" 200 16659
124.78.154.219 - - [01/Jan/2024:09:18:52 +0800] "POST /xingrg/kc/base/yddb_list_operate.html HTTP/1.1" 200 636
222.67.232.215 - - [01/Jan/2024:09:18:53 +0800] "POST /xingrg/kc/base/check_list_operate.html HTTP/1.1" 200 4947
116.230.112.67 - - [01/Jan/2024:09:18:54 +0800] "POST /xingrg/dwr/call/plaincall/AjaxCheckService.setItemNumber.dwr HTTP/1.1" 200 77
114.83.216.19 - - [01/Jan/2024:09:18:55 +0800] "GET /xingrg/kc/base/check_order_list.html?isBack=1 HTTP/1.1" 200 16179
116.230.112.67 - - [01/Jan/2024:09:18:55 +0800] "POST /xingrg/dwr/call/plaincall/AjaxCheckService.setItemNumber.dwr HTTP/1.1" 200 77
58.40.7.146 - - [01/Jan/2024:09:18:55 +0800] "GET /xingrg/check_reg.html?_=1704071935493 HTTP/1.1" 302 -
114.83.216.19 - - [01/Jan/2024:09:18:56 +0800] "POST /xingrg/kc/base/check_list_operate.html HTTP/1.1" 200 1887
172.20.0.100 - - [01/Jan/2024:09:18:56 +0800] "GET /xingrg/all/function/internal_message.html?_=1704071934735&CODE_STATE=getMsg HTTP/1.1" 200 27
124.78.154.219 - - [01/Jan/2024:09:18:56 +0800] "POST /xingrg/kc/base/yddb_list_operate.html HTTP/1.1" 200 4289
116.230.112.67 - - [01/Jan/2024:09:18:56 +0800] "POST /xingrg/dwr/call/plaincall/AjaxCheckService.setItemNumber.dwr HTTP/1.1" 200 77
116.230.112.67 - - [01/Jan/2024:09:18:57 +0800] "POST /xingrg/dwr/call/plaincall/AjaxCheckService.setItemNumber.dwr HTTP/1.1" 200 77
114.83.216.19 - - [01/Jan/2024:09:18:58 +0800] "GET /xingrg/kc/base/check_order_add.html HTTP/1.1" 200 25574
114.83.216.19 - - [01/Jan/2024:09:18:58 +0800] "GET /xingrg/dwr/interface/AjaxComOrderService.js HTTP/1.1" 200 18264
114.83.216.19 - - [01/Jan/2024:09:18:58 +0800] "GET /xingrg/dwr/interface/AjaxCheckService.js HTTP/1.1" 200 14003
114.83.216.19 - - [01/Jan/2024:09:18:59 +0800] "GET /xingrg/dwr/engine.js HTTP/1.1" 200 43631
124.78.154.219 - - [01/Jan/2024:09:18:59 +0800] "POST /xingrg/kc/base/yddb_list_operate.html HTTP/1.1" 200 206
124.78.154.219 - - [01/Jan/2024:09:19:00 +0800] "GET /xingrg/dwr/interface/AjaxComOrderService.js HTTP/1.1" 200 18264
124.78.154.219 - - [01/Jan/2024:09:19:00 +0800] "GET /xingrg/dwr/interface/AjaxYddbService.js HTTP/1.1" 200 13201
124.78.154.219 - - [01/Jan/2024:09:19:00 +0800] "GET /xingrg/dwr/engine.js HTTP/1.1" 200 43631
124.78.154.219 - - [01/Jan/2024:09:19:00 +0800] "GET /xingrg/kc/base/yddb_order_info.html?code=482023123100207 HTTP/1.1" 200 31966
124.78.154.219 - - [01/Jan/2024:09:19:00 +0800] "POST /xingrg/dwr/call/plaincall/AjaxYddbService.loadMaterielItems.dwr HTTP/1.1" 200 404
101.83.145.37 - - [01/Jan/2024:09:19:01 +0800] "GET /xingrg/all/function/internal_message.html?_=1704071708921&CODE_STATE=getMsg HTTP/1.1" 200 27
101.83.145.37 - - [01/Jan/2024:09:19:01 +0800] "GET /xingrg/check_reg.html?_=1704071708924 HTTP/1.1" 200 22
101.83.145.37 - - [01/Jan/2024:09:19:01 +0800] "GET /xingrg/kc/buy/cgsh_order_operate.html?command=get_materiel&rest_code=00105&code=00101008264&supplier_code=00100005&order_time=2024-01-01 HTTP/1.1" 200 412
114.83.218.109 - - [01/Jan/2024:09:19:02 +0800] "GET /xingrg/kc/buy/cgsh_order_operate.html?command=get_materiel&rest_code=00149&code=00101008331&supplier_code=00100008&order_time=2024-01-01 HTTP/1.1" 200 416
222.67.232.215 - - [01/Jan/2024:09:19:04 +0800] "GET /xingrg/all/function/internal_message.html?_=1704071944505&CODE_STATE=getMsg HTTP/1.1" 200 27
221.239.172.206 - - [01/Jan/2024:09:19:06 +0800] "GET /xingrg/all/function/internal_message.html?_=1704071946270&CODE_STATE=getMsg HTTP/1.1" 302 -
124.78.154.219 - - [01/Jan/2024:09:19:07 +0800] "GET /xingrg/kc/base/yddb_order_list.html?isBack=1 HTTP/1.1" 200 16659
124.78.154.219 - - [01/Jan/2024:09:19:07 +0800] "POST /xingrg/kc/base/yddb_list_operate.html HTTP/1.1" 200 636
124.78.154.219 - - [01/Jan/2024:09:19:08 +0800] "GET /xingrg/all/function/internal_message.html?_=1704071946997&CODE_STATE=getMsg HTTP/1.1" 200 27
116.230.112.67 - - [01/Jan/2024:09:19:10 +0800] "POST /xingrg/dwr/call/plaincall/AjaxCheckService.setItemNumber.dwr HTTP/1.1" 200 77
124.78.154.219 - - [01/Jan/2024:09:19:12 +0800] "POST /xingrg/kc/base/yddb_list_operate.html HTTP/1.1" 200 4289
116.230.112.67 - - [01/Jan/2024:09:19:12 +0800] "GET /xingrg/all/function/internal_message.html?_=1704071953693&CODE_STATE=getMsg HTTP/1.1" 200 27
124.78.154.219 - - [01/Jan/2024:09:19:12 +0800] "GET /xingrg/kc/buy/cgsh_order_operate.html?command=get_materiel&rest_code=00106&code=00101007061&supplier_code=00100096&order_time=2024-01-01 HTTP/1.1" 200 411
58.40.7.146 - - [01/Jan/2024:09:19:13 +0800] "GET /xingrg/all/function/internal_message.html?_=1704071953114&CODE_STATE=getMsg HTTP/1.1" 302 -
116.230.112.67 - - [01/Jan/2024:09:19:13 +0800] "POST /xingrg/dwr/call/plaincall/AjaxCheckService.setItemNumber.dwr HTTP/1.1" 200 77
101.83.145.37 - - [01/Jan/2024:09:19:14 +0800] "GET /xingrg/all/function/internal_message.html?_=1704071956551&CODE_STATE=getMsg HTTP/1.1" 302 -
116.230.112.67 - - [01/Jan/2024:09:19:15 +0800] "POST /xingrg/dwr/call/plaincall/AjaxCheckService.setItemNumber.dwr HTTP/1.1" 200 77
124.78.154.219 - - [01/Jan/2024:09:19:16 +0800] "POST /xingrg/kc/base/yddb_list_operate.html HTTP/1.1" 200 206
116.230.112.67 - - [01/Jan/2024:09:19:16 +0800] "POST /xingrg/dwr/call/plaincall/AjaxCheckService.setItemNumber.dwr HTTP/1.1" 200 77
124.78.154.219 - - [01/Jan/2024:09:19:16 +0800] "GET /xingrg/kc/base/yddb_order_info.html?code=482023123100207 HTTP/1.1" 200 31966
124.78.154.219 - - [01/Jan/2024:09:19:16 +0800] "GET /xingrg/dwr/interface/AjaxComOrderService.js HTTP/1.1" 200 18264
124.78.154.219 - - [01/Jan/2024:09:19:16 +0800] "GET /xingrg/dwr/interface/AjaxYddbService.js HTTP/1.1" 200 13201
124.78.154.219 - - [01/Jan/2024:09:19:16 +0800] "GET /xingrg/dwr/engine.js HTTP/1.1" 200 43631
124.78.154.219 - - [01/Jan/2024:09:19:16 +0800] "POST /xingrg/dwr/call/plaincall/AjaxYddbService.loadMaterielItems.dwr HTTP/1.1" 200 404
116.230.112.67 - - [01/Jan/2024:09:19:17 +0800] "POST /xingrg/dwr/call/plaincall/AjaxCheckService.setItemNumber.dwr HTTP/1.1" 200 77
116.230.112.67 - - [01/Jan/2024:09:19:17 +0800] "POST /xingrg/dwr/call/plaincall/AjaxCheckService.setItemNumber.dwr HTTP/1.1" 200 77
114.83.216.19 - - [01/Jan/2024:09:19:18 +0800] "POST /xingrg/dwr/call/plaincall/AjaxCheckService.saveOrder.dwr HTTP/1.1" 200 78
116.232.193.168 - - [01/Jan/2024:09:19:20 +0800] "GET /xingrg/all/function/internal_message.html?_=1704071922471&CODE_STATE=getMsg HTTP/1.1" 302 -
114.83.216.19 - - [01/Jan/2024:09:19:22 +0800] "POST /xingrg/dwr/call/plaincall/AjaxCheckService.loadOrderItems.dwr HTTP/1.1" 200 367
114.83.218.109 - - [01/Jan/2024:09:19:22 +0800] "GET /xingrg/kc/buy/cgsh_order_operate.html?command=get_materiel&rest_code=00149&code=00101008350&supplier_code=00100008&order_time=2024-01-01 HTTP/1.1" 200 408
116.230.112.67 - - [01/Jan/2024:09:19:23 +0800] "POST /xingrg/dwr/call/plaincall/AjaxCheckService.setItemNumber.dwr HTTP/1.1" 200 77
116.230.112.67 - - [01/Jan/2024:09:19:24 +0800] "POST /xingrg/dwr/call/plaincall/AjaxCheckService.setItemNumber.dwr HTTP/1.1" 200 77
222.67.232.215 - - [01/Jan/2024:09:19:24 +0800] "GET /xingrg/all/function/internal_message.html?_=1704071964746&CODE_STATE=getMsg HTTP/1.1" 200 27
124.78.154.219 - - [01/Jan/2024:09:19:25 +0800] "GET /xingrg/kc/buy/cgsh_order_operate.html?command=get_materiel&rest_code=00106&code=00101007090&supplier_code=00100096&order_time=2024-01-01 HTTP/1.1" 200 413
120.253.135.82 - - [01/Jan/2024:09:19:25 +0800] "GET /xingrg/all/function/internal_message.html?_=1704071782997&CODE_STATE=getMsg HTTP/1.1" 200 27
124.78.154.219 - - [01/Jan/2024:09:19:25 +0800] "GET /xingrg/all/function/internal_message.html?_=1704071966381&CODE_STATE=getMsg HTTP/1.1" 200 27
124.78.154.219 - - [01/Jan/2024:09:19:25 +0800] "GET /xingrg/check_reg.html?_=1704071966384 HTTP/1.1" 200 22
114.83.216.19 - - [01/Jan/2024:09:19:25 +0800] "POST /xingrg/kc/report/common_data.html?type=materiel_category_tree HTTP/1.1" 200 3969
116.230.112.67 - - [01/Jan/2024:09:19:25 +0800] "POST /xingrg/dwr/call/plaincall/AjaxCheckService.setItemNumber.dwr HTTP/1.1" 200 77
114.83.218.109 - - [01/Jan/2024:09:19:25 +0800] "GET /xingrg/all/function/internal_message.html?_=1704071966065&CODE_STATE=getMsg HTTP/1.1" 200 27
114.83.218.109 - - [01/Jan/2024:09:19:25 +0800] "GET /xingrg/check_reg.html?_=1704071966069 HTTP/1.1" 200 22
124.78.154.219 - - [01/Jan/2024:09:19:26 +0800] "GET /xingrg/kc/base/yddb_order_list.html HTTP/1.1" 200 16659
124.78.154.219 - - [01/Jan/2024:09:19:26 +0800] "POST /xingrg/kc/base/yddb_list_operate.html HTTP/1.1" 200 636
58.40.7.146 - - [01/Jan/2024:09:19:29 +0800] "GET /xingrg/all/function/internal_message.html?_=1704071969729&CODE_STATE=getMsg HTTP/1.1" 302 -
114.95.241.104 - - [01/Jan/2024:09:19:30 +0800] "GET /xingrg/all/function/internal_message.html?_=1704071970836&CODE_STATE=getMsg HTTP/1.1" 302 -
116.232.193.168 - - [01/Jan/2024:09:19:32 +0800] "GET /xingrg/check_reg.html?_=1704071934596 HTTP/1.1" 302 -
124.78.154.219 - - [01/Jan/2024:09:19:33 +0800] "POST /xingrg/kc/base/yddb_list_operate.html HTTP/1.1" 200 4289
101.83.145.37 - - [01/Jan/2024:09:19:34 +0800] "GET /xingrg/kc/buy/cgsh_order_operate.html?command=get_materiel&rest_code=00105&code=00101008137&supplier_code=00100005&order_time=2024-01-01 HTTP/1.1" 200 408
114.83.216.19 - - [01/Jan/2024:09:19:35 +0800] "POST /xingrg/dwr/call/plaincall/AjaxCheckService.importOrderItems.dwr HTTP/1.1" 200 78
114.89.202.115 - - [01/Jan/2024:09:19:36 +0800] "GET /xingrg/all/function/internal_message.html?_=1704071978038&CODE_STATE=getMsg HTTP/1.1" 200 27
114.83.216.19 - - [01/Jan/2024:09:19:36 +0800] "POST /xingrg/dwr/call/plaincall/AjaxCheckService.loadOrderItems.dwr HTTP/1.1" 200 140951
222.67.232.215 - - [01/Jan/2024:09:19:38 +0800] "GET /xingrg/check_reg.html?_=1704071978356 HTTP/1.1" 200 22
124.78.154.219 - - [01/Jan/2024:09:19:39 +0800] "GET /xingrg/kc/buy/cgsh_order_operate.html?command=get_materiel&rest_code=00106&code=00101007081&supplier_code=00100096&order_time=2024-01-01 HTTP/1.1" 200 415
114.95.241.104 - - [01/Jan/2024:09:19:40 +0800] "GET /xingrg/all/function/internal_message.html?_=1704071979707&CODE_STATE=getMsg HTTP/1.1" 200 27
180.164.1.25 - - [01/Jan/2024:09:19:41 +0800] "GET /favicon.ico HTTP/1.1" 404 -
124.78.154.219 - - [01/Jan/2024:09:19:42 +0800] "GET /xingrg/kc/base/yddb_order_list.html HTTP/1.1" 200 16659
124.78.154.219 - - [01/Jan/2024:09:19:42 +0800] "POST /xingrg/kc/base/yddb_list_operate.html HTTP/1.1" 200 636
114.83.216.19 - - [01/Jan/2024:09:19:43 +0800] "GET /xingrg/kc/base/check_order_list.html?isBack=1 HTTP/1.1" 200 16179
114.83.216.19 - - [01/Jan/2024:09:19:43 +0800] "POST /xingrg/kc/base/check_list_operate.html HTTP/1.1" 200 2214
124.78.154.219 - - [01/Jan/2024:09:19:45 +0800] "GET /xingrg/kc/base/base_main.html HTTP/1.1" 200 12142
180.169.147.146 - - [01/Jan/2024:09:19:45 +0800] "GET /xingrg/all/function/internal_message.html?_=1704071985093&CODE_STATE=getMsg HTTP/1.1" 302 -
