180.169.147.146 - - [01/Jan/2024:09:19:45 +0800] "GET /xingrg/check_reg.html?_=1704071985098 HTTP/1.1" 302 -
124.78.154.219 - - [01/Jan/2024:09:19:46 +0800] "GET /xingrg/kc/base/check_order_list.html HTTP/1.1" 200 16173
124.78.154.219 - - [01/Jan/2024:09:19:46 +0800] "POST /xingrg/kc/base/check_list_operate.html HTTP/1.1" 200 1881
124.78.154.219 - - [01/Jan/2024:09:19:53 +0800] "GET /xingrg/kc/base/check_order_info.html?code=452023123100508 HTTP/1.1" 200 26480
124.78.154.219 - - [01/Jan/2024:09:19:54 +0800] "GET /xingrg/dwr/interface/AjaxComOrderService.js HTTP/1.1" 200 18264
124.78.154.219 - - [01/Jan/2024:09:19:54 +0800] "GET /xingrg/dwr/interface/AjaxCheckService.js HTTP/1.1" 200 14003
124.78.154.219 - - [01/Jan/2024:09:19:54 +0800] "GET /xingrg/dwr/engine.js HTTP/1.1" 200 43631
124.78.154.219 - - [01/Jan/2024:09:19:54 +0800] "GET /xingrg/javascript/jquery_easy_ui/themes/icons/cance_new.png HTTP/1.1" 200 3986
124.78.154.219 - - [01/Jan/2024:09:19:54 +0800] "POST /xingrg/dwr/call/plaincall/AjaxCheckService.loadOrderItems.dwr HTTP/1.1" 200 6849
124.78.154.219 - - [01/Jan/2024:09:19:54 +0800] "GET /xingrg/javascript/jquery_easy_ui/themes/icons/no.png HTTP/1.1" 200 922
114.83.218.109 - - [01/Jan/2024:09:19:56 +0800] "GET /xingrg/kc/buy/cgsh_order_operate.html?command=get_materiel&rest_code=00149&code=00101008026&supplier_code=00100008&order_time=2024-01-01 HTTP/1.1" 200 409
172.20.0.100 - - [01/Jan/2024:09:19:56 +0800] "GET /xingrg/all/function/internal_message.html?_=1704071994721&CODE_STATE=getMsg HTTP/1.1" 200 27
101.83.145.37 - - [01/Jan/2024:09:20:01 +0800] "GET /xingrg/all/function/internal_message.html?_=1704071768911&CODE_STATE=getMsg HTTP/1.1" 200 27
101.83.145.37 - - [01/Jan/2024:09:20:03 +0800] "GET /xingrg/kc/buy/cgsh_order_operate.html?command=get_materiel&rest_code=00105&code=00101008196&supplier_code=00100005&order_time=2024-01-01 HTTP/1.1" 200 23
124.78.154.219 - - [01/Jan/2024:09:20:03 +0800] "POST /xingrg/kc/buy/cgsh_order_operate.html HTTP/1.1" 200 37
222.67.232.215 - - [01/Jan/2024:09:20:04 +0800] "GET /xingrg/all/function/internal_message.html?_=1704072004494&CODE_STATE=getMsg HTTP/1.1" 200 27
221.239.172.206 - - [01/Jan/2024:09:20:06 +0800] "GET /xingrg/all/function/internal_message.html?_=1704072006254&CODE_STATE=getMsg HTTP/1.1" 302 -
124.78.154.219 - - [01/Jan/2024:09:20:07 +0800] "POST /xingrg/dwr/call/plaincall/AjaxCheckService.checkOrder.dwr HTTP/1.1" 200 78
124.78.154.219 - - [01/Jan/2024:09:20:08 +0800] "GET /xingrg/all/function/internal_message.html?_=1704072006976&CODE_STATE=getMsg HTTP/1.1" 200 27
124.78.154.219 - - [01/Jan/2024:09:20:08 +0800] "GET /xingrg/kc/base/check_order_info.html?code=452023123100508 HTTP/1.1" 200 22858
124.78.154.219 - - [01/Jan/2024:09:20:08 +0800] "GET /xingrg/dwr/interface/AjaxComOrderService.js HTTP/1.1" 200 18264
124.78.154.219 - - [01/Jan/2024:09:20:08 +0800] "GET /xingrg/dwr/interface/AjaxCheckService.js HTTP/1.1" 200 14003
124.78.154.219 - - [01/Jan/2024:09:20:08 +0800] "GET /xingrg/dwr/engine.js HTTP/1.1" 200 43631
124.78.154.219 - - [01/Jan/2024:09:20:08 +0800] "POST /xingrg/dwr/call/plaincall/AjaxCheckService.loadOrderItems.dwr HTTP/1.1" 200 3289
116.230.112.67 - - [01/Jan/2024:09:20:09 +0800] "GET /xingrg/check_reg.html?_=1704072010903 HTTP/1.1" 200 22
124.78.154.219 - - [01/Jan/2024:09:20:10 +0800] "POST /xingrg/kc/buy/cgsh_order_operate.html HTTP/1.1" 200 12
124.78.154.219 - - [01/Jan/2024:09:20:11 +0800] "GET /xingrg/kc/base/base_main.html HTTP/1.1" 200 12142
116.230.112.67 - - [01/Jan/2024:09:20:12 +0800] "GET /xingrg/all/function/internal_message.html?_=1704072013707&CODE_STATE=getMsg HTTP/1.1" 200 27
58.40.7.146 - - [01/Jan/2024:09:20:13 +0800] "GET /xingrg/all/function/internal_message.html?_=1704072013100&CODE_STATE=getMsg HTTP/1.1" 302 -
124.78.154.219 - - [01/Jan/2024:09:20:13 +0800] "GET /xingrg/kc/base/check_order_list.html HTTP/1.1" 200 16173
124.78.154.219 - - [01/Jan/2024:09:20:13 +0800] "POST /xingrg/kc/base/check_list_operate.html HTTP/1.1" 200 1557
101.83.145.37 - - [01/Jan/2024:09:20:14 +0800] "GET /xingrg/all/function/internal_message.html?_=1704072016555&CODE_STATE=getMsg HTTP/1.1" 302 -
101.83.145.37 - - [01/Jan/2024:09:20:14 +0800] "GET /xingrg/check_reg.html?_=1704072016562 HTTP/1.1" 302 -
124.78.154.219 - - [01/Jan/2024:09:20:14 +0800] "GET /xingrg/kc/buy/cgsh_order_info.html?code=212024010100010 HTTP/1.1" 200 67795
124.78.154.219 - - [01/Jan/2024:09:20:15 +0800] "GET /xingrg/javascript/easyui/themes/default/validatebox.css HTTP/1.1" 404 1104
124.78.154.219 - - [01/Jan/2024:09:20:15 +0800] "POST /xingrg/kc/buy/cgsh_order_operate.html HTTP/1.1" 200 10140
124.78.154.219 - - [01/Jan/2024:09:20:17 +0800] "GET /xingrg/kc/print/load_data.html?order_code=212024010100010&kc_code=cgsh&condition= HTTP/1.1" 200 4320
124.78.154.219 - - [01/Jan/2024:09:20:17 +0800] "GET /xingrg/kc/base/base_main.html HTTP/1.1" 200 12142
124.78.154.219 - - [01/Jan/2024:09:20:18 +0800] "GET /xingrg/kc/base/check_order_list.html HTTP/1.1" 200 16173
124.78.154.219 - - [01/Jan/2024:09:20:18 +0800] "POST /xingrg/kc/base/check_list_operate.html HTTP/1.1" 200 1557
114.83.216.19 - - [01/Jan/2024:09:20:19 +0800] "GET /xingrg/all/function/internal_message.html?_=1704072022687&CODE_STATE=getMsg HTTP/1.1" 200 27
114.83.218.109 - - [01/Jan/2024:09:20:19 +0800] "GET /xingrg/kc/buy/cgsh_order_operate.html?command=get_materiel&rest_code=00149&code=00101008674&supplier_code=00100008&order_time=2024-01-01 HTTP/1.1" 200 412
116.232.193.168 - - [01/Jan/2024:09:20:20 +0800] "GET /xingrg/all/function/internal_message.html?_=1704071982466&CODE_STATE=getMsg HTTP/1.1" 302 -
124.78.154.219 - - [01/Jan/2024:09:20:21 +0800] "GET /xingrg/kc/base/base_main.html HTTP/1.1" 200 12142
124.78.154.219 - - [01/Jan/2024:09:20:22 +0800] "GET /xingrg/kc/print/load_data.html?order_code=212024010100010&kc_code=cgsh HTTP/1.1" 200 4320
124.78.154.219 - - [01/Jan/2024:09:20:23 +0800] "GET /xingrg/kc/base/check_order_list.html HTTP/1.1" 200 16173
124.78.154.219 - - [01/Jan/2024:09:20:23 +0800] "POST /xingrg/kc/base/check_list_operate.html HTTP/1.1" 200 1557
222.67.232.215 - - [01/Jan/2024:09:20:24 +0800] "GET /xingrg/all/function/internal_message.html?_=1704072024726&CODE_STATE=getMsg HTTP/1.1" 200 27
124.78.154.219 - - [01/Jan/2024:09:20:25 +0800] "GET /xingrg/all/function/internal_message.html?_=1704072026389&CODE_STATE=getMsg HTTP/1.1" 200 27
120.253.135.82 - - [01/Jan/2024:09:20:25 +0800] "GET /xingrg/all/function/internal_message.html?_=1704071843232&CODE_STATE=getMsg HTTP/1.1" 200 27
114.83.218.109 - - [01/Jan/2024:09:20:25 +0800] "GET /xingrg/all/function/internal_message.html?_=1704072026073&CODE_STATE=getMsg HTTP/1.1" 200 27
124.78.154.219 - - [01/Jan/2024:09:20:26 +0800] "GET /xingrg/kc/mdqp/qp_main.html HTTP/1.1" 200 10633
116.230.112.67 - - [01/Jan/2024:09:20:26 +0800] "GET /xingrg/login.html HTTP/1.1" 200 7641
116.230.112.67 - - [01/Jan/2024:09:20:26 +0800] "GET /favicon.ico HTTP/1.1" 404 -
101.83.145.37 - - [01/Jan/2024:09:20:27 +0800] "POST /xingrg/kc/buy/cgsh_order_operate.html HTTP/1.1" 200 37
124.78.154.219 - - [01/Jan/2024:09:20:28 +0800] "GET /xingrg/images/yd/bt.gif HTTP/1.1" 404 1040
124.78.154.219 - - [01/Jan/2024:09:20:28 +0800] "GET /xingrg/kc/mdqp/qqps_order_list.html HTTP/1.1" 200 9222
124.78.154.219 - - [01/Jan/2024:09:20:28 +0800] "GET /xingrg/dwr/interface/AjaxQqpsService.js HTTP/1.1" 200 16326
124.78.154.219 - - [01/Jan/2024:09:20:28 +0800] "GET /xingrg/dwr/interface/AjaxReportQueryService.js HTTP/1.1" 200 13203
124.78.154.219 - - [01/Jan/2024:09:20:28 +0800] "GET /xingrg/dwr/engine.js HTTP/1.1" 200 43631
124.78.154.219 - - [01/Jan/2024:09:20:28 +0800] "GET /xingrg/javascript/jquery_easy_ui/themes/icons/uncheck_new.png HTTP/1.1" 200 3197
58.40.7.146 - - [01/Jan/2024:09:20:29 +0800] "GET /xingrg/all/function/internal_message.html?_=1704072029715&CODE_STATE=getMsg HTTP/1.1" 302 -
114.89.202.115 - - [01/Jan/2024:09:20:29 +0800] "POST /xingrg/dwr/call/plaincall/AjaxCheckService.setItemNumber.dwr HTTP/1.1" 200 77
124.78.154.219 - - [01/Jan/2024:09:20:30 +0800] "GET /xingrg/kc/mdqp/qp_main.html HTTP/1.1" 200 10633
114.95.241.104 - - [01/Jan/2024:09:20:30 +0800] "GET /xingrg/all/function/internal_message.html?_=1704072030833&CODE_STATE=getMsg HTTP/1.1" 302 -
124.78.154.219 - - [01/Jan/2024:09:20:31 +0800] "GET /xingrg/images/yd/bt.gif HTTP/1.1" 404 1040
124.78.154.219 - - [01/Jan/2024:09:20:31 +0800] "GET /xingrg/kc/mdqp/pssh_order_list.html HTTP/1.1" 200 17848
101.83.145.37 - - [01/Jan/2024:09:20:31 +0800] "POST /xingrg/kc/buy/cgsh_order_operate.html HTTP/1.1" 200 4410
124.78.154.219 - - [01/Jan/2024:09:20:32 +0800] "POST /xingrg/kc/mdqp/pssh_list_operate.html HTTP/1.1" 200 5214
114.89.202.115 - - [01/Jan/2024:09:20:33 +0800] "POST /xingrg/dwr/call/plaincall/AjaxCheckService.setItemNumber.dwr HTTP/1.1" 200 77
180.164.1.25 - - [01/Jan/2024:09:20:34 +0800] "GET /xingrg/login.html HTTP/1.1" 200 7641
180.164.1.25 - - [01/Jan/2024:09:20:34 +0800] "GET /xingrg/images/blue/jxLogo.png HTTP/1.1" 304 -
124.78.154.219 - - [01/Jan/2024:09:20:34 +0800] "GET /xingrg/kc/buy/buy_main.html HTTP/1.1" 200 12412
124.78.154.219 - - [01/Jan/2024:09:20:34 +0800] "GET /xingrg/css/new_ie.css HTTP/1.1" 404 1036
180.164.1.25 - - [01/Jan/2024:09:20:34 +0800] "GET /xingrg/images/blue/login_bg.png HTTP/1.1" 304 -
180.164.1.25 - - [01/Jan/2024:09:20:35 +0800] "GET /xingrg/images/blue/srbg.png HTTP/1.1" 304 -
180.164.1.25 - - [01/Jan/2024:09:20:35 +0800] "GET /xingrg/images/blue/hj.png HTTP/1.1" 304 -
180.164.1.25 - - [01/Jan/2024:09:20:35 +0800] "GET /favicon.ico HTTP/1.1" 404 -
114.89.202.115 - - [01/Jan/2024:09:20:35 +0800] "POST /xingrg/dwr/call/plaincall/AjaxCheckService.setItemNumber.dwr HTTP/1.1" 200 77
124.78.154.219 - - [01/Jan/2024:09:20:35 +0800] "GET /xingrg/images/yd/bt.gif HTTP/1.1" 404 1040
124.78.154.219 - - [01/Jan/2024:09:20:36 +0800] "GET /xingrg/kc/buy/cgsh_order_list.html HTTP/1.1" 200 57112
114.89.202.115 - - [01/Jan/2024:09:20:36 +0800] "GET /xingrg/all/function/internal_message.html?_=1704072038022&CODE_STATE=getMsg HTTP/1.1" 200 27
116.230.112.67 - - [01/Jan/2024:09:20:36 +0800] "POST /xingrg/login.do HTTP/1.1" 302 -
116.230.112.67 - - [01/Jan/2024:09:20:36 +0800] "GET /xingrg/index.html?sysBaseUrl=http%3A%2F%2F180.169.147.146%3A18081%2Fxingrg%2F&costTime=13×tamp=1704072036970 HTTP/1.1" 200 17179
116.230.112.67 - - [01/Jan/2024:09:20:36 +0800] "GET /xingrg/javascript/jquery_easy_ui/themes/default/easyui.css HTTP/1.1" 304 -
116.230.112.67 - - [01/Jan/2024:09:20:37 +0800] "GET /xingrg/javascript/jquery_easy_ui/jquery.easyui.min.js HTTP/1.1" 304 -
116.230.112.67 - - [01/Jan/2024:09:20:37 +0800] "GET /xingrg/javascript/jquery_easy_ui/themes/icon.css HTTP/1.1" 304 -
116.230.112.67 - - [01/Jan/2024:09:20:37 +0800] "GET /xingrg/css/form.css HTTP/1.1" 304 -
116.230.112.67 - - [01/Jan/2024:09:20:37 +0800] "GET /xingrg/javascript/jquery_easy_ui/easyui-lang-zh_CN.js HTTP/1.1" 304 -
116.230.112.67 - - [01/Jan/2024:09:20:37 +0800] "GET /xingrg/javascript/jquery.utils.js HTTP/1.1" 304 -
116.230.112.67 - - [01/Jan/2024:09:20:37 +0800] "GET /xingrg/javascript/jquery-1.4.2.min.js HTTP/1.1" 304 -
116.230.112.67 - - [01/Jan/2024:09:20:37 +0800] "GET /xingrg/javascript/jquery.form.js HTTP/1.1" 304 -
116.230.112.67 - - [01/Jan/2024:09:20:37 +0800] "GET /xingrg/javascript/jquery.timers.js HTTP/1.1" 304 -
116.230.112.67 - - [01/Jan/2024:09:20:37 +0800] "POST /xingrg/all/common/load_tree.html?tree=area_rest_tree_json&manage=1 HTTP/1.1" 200 479
116.230.112.67 - - [01/Jan/2024:09:20:37 +0800] "GET /xingrg/all/function/internal_message.html?_=1704072075697&CODE_STATE=count HTTP/1.1" 200 11
116.230.112.67 - - [01/Jan/2024:09:20:37 +0800] "GET /xingrg/check_reg.html?_=1704072075697 HTTP/1.1" 200 22
116.230.112.67 - - [01/Jan/2024:09:20:37 +0800] "GET /favicon.ico HTTP/1.1" 404 -
116.230.112.67 - - [01/Jan/2024:09:20:37 +0800] "POST /xingrg/load_menu.html HTTP/1.1" 200 5138
124.78.154.219 - - [01/Jan/2024:09:20:37 +0800] "POST /xingrg/kc/buy/cgsh_list_operate.html HTTP/1.1" 200 986
124.78.154.219 - - [01/Jan/2024:09:20:39 +0800] "GET /xingrg/kc/base/base_main.html HTTP/1.1" 200 12142
114.89.202.115 - - [01/Jan/2024:09:20:39 +0800] "POST /xingrg/dwr/call/plaincall/AjaxCheckService.setItemNumber.dwr HTTP/1.1" 200 77
114.95.241.104 - - [01/Jan/2024:09:20:40 +0800] "GET /xingrg/all/function/internal_message.html?_=1704072039718&CODE_STATE=getMsg HTTP/1.1" 200 27
124.78.154.219 - - [01/Jan/2024:09:20:41 +0800] "GET /xingrg/kc/base/check_order_list.html HTTP/1.1" 200 16173
124.78.154.219 - - [01/Jan/2024:09:20:41 +0800] "POST /xingrg/kc/base/check_list_operate.html HTTP/1.1" 200 1557
114.83.218.109 - - [01/Jan/2024:09:20:41 +0800] "GET /xingrg/kc/buy/cgsh_order_operate.html?command=get_materiel&rest_code=00149&code=00101008096&supplier_code=00100008&order_time=2024-01-01 HTTP/1.1" 200 413
114.89.202.115 - - [01/Jan/2024:09:20:41 +0800] "POST /xingrg/dwr/call/plaincall/AjaxCheckService.setItemNumber.dwr HTTP/1.1" 200 77
124.78.154.219 - - [01/Jan/2024:09:20:43 +0800] "GET /xingrg/kc/base/base_main.html HTTP/1.1" 200 12142
114.89.202.115 - - [01/Jan/2024:09:20:44 +0800] "POST /xingrg/dwr/call/plaincall/AjaxCheckService.setItemNumber.dwr HTTP/1.1" 200 77
101.83.145.37 - - [01/Jan/2024:09:20:44 +0800] "GET /xingrg/kc/base/base_main.html HTTP/1.1" 200 12142
124.78.154.219 - - [01/Jan/2024:09:20:44 +0800] "GET /xingrg/kc/base/check_order_list.html HTTP/1.1" 200 16173
180.164.1.25 - - [01/Jan/2024:09:20:44 +0800] "POST /xingrg/login.do HTTP/1.1" 302 -
180.164.1.25 - - [01/Jan/2024:09:20:44 +0800] "GET /xingrg/index.html?sysBaseUrl=http%3A%2F%2F180.169.147.146%3A18081%2Fxingrg%2F&costTime=13×tamp=1704072044574 HTTP/1.1" 200 17183
180.164.1.25 - - [01/Jan/2024:09:20:44 +0800] "GET /xingrg/javascript/jquery_easy_ui/themes/default/easyui.css HTTP/1.1" 304 -
180.164.1.25 - - [01/Jan/2024:09:20:44 +0800] "GET /xingrg/javascript/jquery_easy_ui/themes/icon.css HTTP/1.1" 304 -
180.164.1.25 - - [01/Jan/2024:09:20:44 +0800] "GET /xingrg/css/form.css HTTP/1.1" 304 -
180.164.1.25 - - [01/Jan/2024:09:20:44 +0800] "GET /xingrg/javascript/jquery-1.4.2.min.js HTTP/1.1" 304 -
180.164.1.25 - - [01/Jan/2024:09:20:44 +0800] "GET /xingrg/javascript/jquery_easy_ui/jquery.easyui.min.js HTTP/1.1" 304 -
180.164.1.25 - - [01/Jan/2024:09:20:44 +0800] "GET /favicon.ico HTTP/1.1" 404 -
124.78.154.219 - - [01/Jan/2024:09:20:44 +0800] "POST /xingrg/kc/base/check_list_operate.html HTTP/1.1" 200 1557
180.164.1.25 - - [01/Jan/2024:09:20:44 +0800] "GET /xingrg/javascript/jquery_easy_ui/easyui-lang-zh_CN.js HTTP/1.1" 304 -
180.164.1.25 - - [01/Jan/2024:09:20:44 +0800] "GET /xingrg/javascript/jquery.form.js HTTP/1.1" 304 -
180.164.1.25 - - [01/Jan/2024:09:20:44 +0800] "GET /xingrg/javascript/jquery.utils.js HTTP/1.1" 304 -
180.164.1.25 - - [01/Jan/2024:09:20:44 +0800] "GET /xingrg/javascript/jquery.timers.js HTTP/1.1" 304 -
180.164.1.25 - - [01/Jan/2024:09:20:44 +0800] "GET /xingrg/javascript/jquery_easy_ui/themes/icons/settle_new.png HTTP/1.1" 304 -
180.164.1.25 - - [01/Jan/2024:09:20:44 +0800] "GET /xingrg/images/blue/navBackgound.jpg HTTP/1.1" 304 -
180.164.1.25 - - [01/Jan/2024:09:20:44 +0800] "POST /xingrg/all/common/load_tree.html?tree=area_rest_tree_json&manage=1 HTTP/1.1" 200 357
180.164.1.25 - - [01/Jan/2024:09:20:44 +0800] "GET /xingrg/all/function/internal_message.html?_=1704072044065&CODE_STATE=count HTTP/1.1" 200 11
180.164.1.25 - - [01/Jan/2024:09:20:45 +0800] "GET /xingrg/check_reg.html?_=1704072044066 HTTP/1.1" 200 22
180.164.1.25 - - [01/Jan/2024:09:20:45 +0800] "GET /xingrg/images/blue/pingpu.png HTTP/1.1" 304 -
180.164.1.25 - - [01/Jan/2024:09:20:45 +0800] "GET /xingrg/javascript/jquery_easy_ui/themes/default/images/tabs_leftarrow.png HTTP/1.1" 304 -
180.164.1.25 - - [01/Jan/2024:09:20:45 +0800] "GET /xingrg/javascript/jquery_easy_ui/themes/default/images/panel_tool_collapse.gif HTTP/1.1" 304 -
180.164.1.25 - - [01/Jan/2024:09:20:45 +0800] "GET /xingrg/javascript/jquery_easy_ui/themes/default/images/tabs_rightarrow.png HTTP/1.1" 304 -
180.164.1.25 - - [01/Jan/2024:09:20:45 +0800] "POST /xingrg/load_menu.html HTTP/1.1" 200 5138
180.164.1.25 - - [01/Jan/2024:09:20:45 +0800] "GET /xingrg/javascript/jquery_easy_ui/themes/default/images/tree_arrows.gif HTTP/1.1" 304 -
180.164.1.25 - - [01/Jan/2024:09:20:45 +0800] "GET /xingrg/javascript/jquery_easy_ui/themes/default/images/tree_folder_open.gif HTTP/1.1" 304 -
180.164.1.25 - - [01/Jan/2024:09:20:45 +0800] "GET /xingrg/javascript/jquery_easy_ui/themes/icons/search_new.png HTTP/1.1" 304 -
180.164.1.25 - - [01/Jan/2024:09:20:45 +0800] "GET /xingrg/javascript/jquery_easy_ui/themes/default/images/tree_folder.gif HTTP/1.1" 304 -
180.164.1.25 - - [01/Jan/2024:09:20:45 +0800] "GET /xingrg/javascript/jquery_easy_ui/themes/icons/storage_new.png HTTP/1.1" 304 -
180.164.1.25 - - [01/Jan/2024:09:20:45 +0800] "GET /xingrg/javascript/jquery_easy_ui/themes/icons/forms_new.png HTTP/1.1" 304 -
180.164.1.25 - - [01/Jan/2024:09:20:45 +0800] "GET /xingrg/javascript/jquery_easy_ui/themes/default/images/tree_file.gif HTTP/1.1" 304 -
180.169.147.146 - - [01/Jan/2024:09:20:45 +0800] "GET /xingrg/all/function/internal_message.html?_=1704072045078&CODE_STATE=getMsg HTTP/1.1" 302 -
114.89.202.115 - - [01/Jan/2024:09:20:46 +0800] "POST /xingrg/dwr/call/plaincall/AjaxCheckService.setItemNumber.dwr HTTP/1.1" 200 77
101.83.145.37 - - [01/Jan/2024:09:20:46 +0800] "GET /xingrg/kc/base/check_order_list.html HTTP/1.1" 200 16173
101.83.145.37 - - [01/Jan/2024:09:20:46 +0800] "POST /xingrg/kc/base/check_list_operate.html HTTP/1.1" 200 4188
124.78.154.219 - - [01/Jan/2024:09:20:46 +0800] "GET /xingrg/kc/base/base_main.html HTTP/1.1" 200 12142
124.78.154.219 - - [01/Jan/2024:09:20:48 +0800] "GET /xingrg/kc/base/wldb_order_list.html HTTP/1.1" 200 19054
124.78.154.219 - - [01/Jan/2024:09:20:49 +0800] "POST /xingrg/kc/base/wldb_list_operate.html HTTP/1.1" 200 928
180.164.1.25 - - [01/Jan/2024:09:20:49 +0800] "GET /xingrg/javascript/jquery_easy_ui/themes/default/images/tabs_close.gif HTTP/1.1" 304 -
180.164.1.25 - - [01/Jan/2024:09:20:49 +0800] "GET /xingrg/kc/buy/cgsh_order_list.html HTTP/1.1" 200 57122
180.164.1.25 - - [01/Jan/2024:09:20:49 +0800] "GET /xingrg/css/base.css HTTP/1.1" 304 -
180.164.1.25 - - [01/Jan/2024:09:20:49 +0800] "GET /xingrg/css/site.css HTTP/1.1" 304 -
180.164.1.25 - - [01/Jan/2024:09:20:49 +0800] "GET /xingrg/javascript/jquery_tools/datebox.css HTTP/1.1" 304 -
180.164.1.25 - - [01/Jan/2024:09:20:49 +0800] "GET /xingrg/javascript/easyui/themes/default/easyui.css HTTP/1.1" 304 -
180.164.1.25 - - [01/Jan/2024:09:20:49 +0800] "GET /xingrg/javascript/easyui/themes/icon.css HTTP/1.1" 304 -
180.164.1.25 - - [01/Jan/2024:09:20:49 +0800] "GET /xingrg/javascript/auto/jquery.autocomplete.css HTTP/1.1" 304 -
180.164.1.25 - - [01/Jan/2024:09:20:49 +0800] "GET /xingrg/javascript/jquery_tools/fix.css HTTP/1.1" 304 -
180.164.1.25 - - [01/Jan/2024:09:20:49 +0800] "GET /xingrg/javascript/jquery_tools/table.css HTTP/1.1" 304 -
180.164.1.25 - - [01/Jan/2024:09:20:49 +0800] "GET /xingrg/javascript/jquery_tools/jquery.tools.min.js HTTP/1.1" 304 -
180.164.1.25 - - [01/Jan/2024:09:20:49 +0800] "GET /xingrg/javascript/jquery_tools/jquery.tools.extend.js HTTP/1.1" 304 -
180.164.1.25 - - [01/Jan/2024:09:20:49 +0800] "GET /xingrg/javascript/jquery_tools/jquery.tools.hotkey.js HTTP/1.1" 304 -
180.164.1.25 - - [01/Jan/2024:09:20:49 +0800] "GET /xingrg/javascript/jquery_tools/jquery.tools.table.js HTTP/1.1" 304 -
180.164.1.25 - - [01/Jan/2024:09:20:49 +0800] "GET /xingrg/javascript/jquery_tools/list_manager.js HTTP/1.1" 304 -
180.164.1.25 - - [01/Jan/2024:09:20:49 +0800] "GET /xingrg/javascript/auto/jquery.autocomplete.js HTTP/1.1" 304 -
180.164.1.25 - - [01/Jan/2024:09:20:49 +0800] "GET /xingrg/javascript/easyui/easyloader.js HTTP/1.1" 304 -
180.164.1.25 - - [01/Jan/2024:09:20:49 +0800] "GET /xingrg/javascript/jquery.cookie.js HTTP/1.1" 304 -
180.164.1.25 - - [01/Jan/2024:09:20:49 +0800] "GET /xingrg/javascript/print/LodopFuncs.js HTTP/1.1" 304 -
116.230.112.67 - - [01/Jan/2024:09:20:50 +0800] "GET /xingrg/kc/base/check_order_list.html HTTP/1.1" 200 16179
116.230.112.67 - - [01/Jan/2024:09:20:50 +0800] "GET /xingrg/css/base.css HTTP/1.1" 304 -
116.230.112.67 - - [01/Jan/2024:09:20:50 +0800] "GET /xingrg/css/site.css HTTP/1.1" 304 -
116.230.112.67 - - [01/Jan/2024:09:20:50 +0800] "GET /xingrg/javascript/jquery_tools/datebox.css HTTP/1.1" 304 -
116.230.112.67 - - [01/Jan/2024:09:20:50 +0800] "GET /xingrg/javascript/easyui/themes/default/easyui.css HTTP/1.1" 304 -
116.230.112.67 - - [01/Jan/2024:09:20:50 +0800] "GET /xingrg/javascript/easyui/themes/icon.css HTTP/1.1" 304 -
116.230.112.67 - - [01/Jan/2024:09:20:50 +0800] "GET /xingrg/javascript/auto/jquery.autocomplete.css HTTP/1.1" 304 -
116.230.112.67 - - [01/Jan/2024:09:20:50 +0800] "GET /xingrg/javascript/jquery_tools/fix.css HTTP/1.1" 304 -
116.230.112.67 - - [01/Jan/2024:09:20:50 +0800] "GET /xingrg/javascript/jquery_tools/table.css HTTP/1.1" 304 -
116.230.112.67 - - [01/Jan/2024:09:20:50 +0800] "GET /xingrg/javascript/jquery_tools/jquery.tools.hotkey.js HTTP/1.1" 304 -
116.230.112.67 - - [01/Jan/2024:09:20:50 +0800] "GET /xingrg/javascript/auto/jquery.autocomplete.js HTTP/1.1" 304 -
116.230.112.67 - - [01/Jan/2024:09:20:50 +0800] "GET /xingrg/javascript/jquery_tools/jquery.tools.table.js HTTP/1.1" 304 -
116.230.112.67 - - [01/Jan/2024:09:20:50 +0800] "GET /xingrg/javascript/jquery_tools/list_manager.js HTTP/1.1" 304 -
116.230.112.67 - - [01/Jan/2024:09:20:50 +0800] "GET /xingrg/javascript/jquery.cookie.js HTTP/1.1" 304 -
116.230.112.67 - - [01/Jan/2024:09:20:50 +0800] "GET /xingrg/javascript/easyui/easyloader.js HTTP/1.1" 304 -
116.230.112.67 - - [01/Jan/2024:09:20:50 +0800] "GET /xingrg/javascript/jquery_tools/jquery.tools.min.js HTTP/1.1" 304 -
116.230.112.67 - - [01/Jan/2024:09:20:50 +0800] "GET /xingrg/javascript/jquery_tools/jquery.tools.extend.js HTTP/1.1" 304 -
116.230.112.67 - - [01/Jan/2024:09:20:50 +0800] "GET /xingrg/javascript/easyui/plugins/jquery.parser.js HTTP/1.1" 304 -
180.164.1.25 - - [01/Jan/2024:09:20:50 +0800] "GET /xingrg/javascript/easyui/themes/icons/edit_add_new.png HTTP/1.1" 304 -
116.230.112.67 - - [01/Jan/2024:09:20:50 +0800] "POST /xingrg/kc/base/check_list_operate.html HTTP/1.1" 200 2913
180.164.1.25 - - [01/Jan/2024:09:20:50 +0800] "GET /xingrg/javascript/easyui/themes/icons/cance_new.png HTTP/1.1" 304 -
180.164.1.25 - - [01/Jan/2024:09:20:50 +0800] "GET /xingrg/javascript/easyui/themes/icons/check_new.png HTTP/1.1" 304 -
180.164.1.25 - - [01/Jan/2024:09:20:50 +0800] "GET /xingrg/javascript/easyui/themes/icons/field_new.png HTTP/1.1" 304 -
180.164.1.25 - - [01/Jan/2024:09:20:50 +0800] "GET /xingrg/javascript/easyui/themes/icons/import_new.png HTTP/1.1" 304 -
180.164.1.25 - - [01/Jan/2024:09:20:50 +0800] "GET /xingrg/javascript/easyui/plugins/jquery.parser.js HTTP/1.1" 304 -
180.164.1.25 - - [01/Jan/2024:09:20:50 +0800] "GET /xingrg/images/control/ajaxLoader.gif HTTP/1.1" 304 -
124.78.154.219 - - [01/Jan/2024:09:20:50 +0800] "GET /xingrg/kc/buy/buy_main.html HTTP/1.1" 200 12412
124.78.154.219 - - [01/Jan/2024:09:20:50 +0800] "GET /xingrg/css/new_ie.css HTTP/1.1" 404 1036
124.78.154.219 - - [01/Jan/2024:09:20:51 +0800] "GET /xingrg/images/yd/bt.gif HTTP/1.1" 404 1040
180.164.1.25 - - [01/Jan/2024:09:20:52 +0800] "POST /xingrg/kc/buy/cgsh_list_operate.html HTTP/1.1" 200 986
124.78.154.219 - - [01/Jan/2024:09:20:52 +0800] "GET /xingrg/kc/buy/cgsh_order_list.html HTTP/1.1" 200 57112
116.230.112.67 - - [01/Jan/2024:09:20:53 +0800] "GET /xingrg/kc/base/check_order_info.html?code=452023123100449 HTTP/1.1" 200 26400
116.230.112.67 - - [01/Jan/2024:09:20:53 +0800] "GET /xingrg/css/blue.css HTTP/1.1" 304 -
116.230.112.67 - - [01/Jan/2024:09:20:53 +0800] "GET /xingrg/css/table.css HTTP/1.1" 304 -
116.230.112.67 - - [01/Jan/2024:09:20:53 +0800] "GET /xingrg/javascript/pic_change.js HTTP/1.1" 304 -
116.230.112.67 - - [01/Jan/2024:09:20:53 +0800] "GET /xingrg/dwr/interface/AjaxComOrderService.js HTTP/1.1" 200 18264
116.230.112.67 - - [01/Jan/2024:09:20:53 +0800] "GET /xingrg/dwr/interface/AjaxCheckService.js HTTP/1.1" 200 14003
116.230.112.67 - - [01/Jan/2024:09:20:53 +0800] "GET /xingrg/dwr/util.js HTTP/1.1" 200 35990
116.230.112.67 - - [01/Jan/2024:09:20:53 +0800] "GET /xingrg/javascript/myfunction.js HTTP/1.1" 304 -
116.230.112.67 - - [01/Jan/2024:09:20:53 +0800] "GET /xingrg/javascript/print/kc_print.js HTTP/1.1" 304 -
116.230.112.67 - - [01/Jan/2024:09:20:53 +0800] "GET /xingrg/javascript/convert.js HTTP/1.1" 304 -
116.230.112.67 - - [01/Jan/2024:09:20:53 +0800] "GET /xingrg/javascript/Calendar.js HTTP/1.1" 304 -
116.230.112.67 - - [01/Jan/2024:09:20:53 +0800] "GET /xingrg/javascript/AjaxInfoList.js HTTP/1.1" 304 -
116.230.112.67 - - [01/Jan/2024:09:20:53 +0800] "GET /xingrg/dwr/engine.js HTTP/1.1" 200 43631
116.230.112.67 - - [01/Jan/2024:09:20:53 +0800] "GET /xingrg/javascript/print/LodopFuncs.js HTTP/1.1" 304 -
124.78.154.219 - - [01/Jan/2024:09:20:53 +0800] "POST /xingrg/kc/buy/cgsh_list_operate.html HTTP/1.1" 200 986
116.230.112.67 - - [01/Jan/2024:09:20:53 +0800] "POST /xingrg/dwr/call/plaincall/AjaxCheckService.loadOrderItems.dwr HTTP/1.1" 200 51085
114.89.202.115 - - [01/Jan/2024:09:20:53 +0800] "POST /xingrg/dwr/call/plaincall/AjaxCheckService.setItemNumber.dwr HTTP/1.1" 200 77
114.83.218.109 - - [01/Jan/2024:09:20:55 +0800] "GET /xingrg/kc/buy/cgsh_order_operate.html?command=get_materiel&rest_code=00149&code=00101008038&supplier_code=00100008&order_time=2024-01-01 HTTP/1.1" 200 412
180.164.1.25 - - [01/Jan/2024:09:20:56 +0800] "POST /xingrg/kc/buy/cgsh_list_operate.html HTTP/1.1" 200 986
124.78.154.219 - - [01/Jan/2024:09:20:56 +0800] "GET /xingrg/kc/mdqp/qp_main.html HTTP/1.1" 200 10633
172.20.0.100 - - [01/Jan/2024:09:20:56 +0800] "GET /xingrg/all/function/internal_message.html?_=1704072054724&CODE_STATE=getMsg HTTP/1.1" 200 27
114.89.202.115 - - [01/Jan/2024:09:20:56 +0800] "POST /xingrg/dwr/call/plaincall/AjaxCheckService.setItemNumber.dwr HTTP/1.1" 200 77
218.81.65.124 - - [01/Jan/2024:09:20:57 +0800] "GET /xingrg/check_reg.html?_=1704072057636 HTTP/1.1" 302 -
124.78.154.219 - - [01/Jan/2024:09:20:57 +0800] "GET /xingrg/images/yd/bt.gif HTTP/1.1" 404 1040
222.67.232.215 - - [01/Jan/2024:09:20:58 +0800] "POST /xingrg/load_menu.html HTTP/1.1" 200 9695
124.78.154.219 - - [01/Jan/2024:09:20:58 +0800] "GET /xingrg/kc/mdqp/pssh_order_list.html HTTP/1.1" 200 17848
124.78.154.219 - - [01/Jan/2024:09:20:58 +0800] "POST /xingrg/kc/mdqp/pssh_list_operate.html HTTP/1.1" 200 5214
180.164.1.25 - - [01/Jan/2024:09:20:58 +0800] "GET /xingrg/kc/base/base_main.html HTTP/1.1" 200 12142
180.164.1.25 - - [01/Jan/2024:09:20:58 +0800] "GET /xingrg/css/blue.css HTTP/1.1" 304 -
180.164.1.25 - - [01/Jan/2024:09:20:58 +0800] "GET /xingrg/javascript/pic_change.js HTTP/1.1" 304 -
180.164.1.25 - - [01/Jan/2024:09:20:58 +0800] "GET /xingrg/javascript/myfunction.js HTTP/1.1" 304 -
180.164.1.25 - - [01/Jan/2024:09:20:58 +0800] "GET /xingrg/images/blue/button/wlsy.gif HTTP/1.1" 200 2536
180.164.1.25 - - [01/Jan/2024:09:20:58 +0800] "GET /xingrg/images/blue/button/ckpd.gif HTTP/1.1" 200 2051
180.164.1.25 - - [01/Jan/2024:09:20:58 +0800] "GET /xingrg/images/blue/button/ckdb.gif HTTP/1.1" 200 1950
180.164.1.25 - - [01/Jan/2024:09:20:58 +0800] "GET /xingrg/images/blue/button/yddb.gif HTTP/1.1" 200 2040
180.164.1.25 - - [01/Jan/2024:09:20:58 +0800] "GET /xingrg/images/blue/button/kc.gif HTTP/1.1" 200 2160
180.164.1.25 - - [01/Jan/2024:09:20:58 +0800] "GET /xingrg/images/blue/pic_form2.gif HTTP/1.1" 200 1853
180.164.1.25 - - [01/Jan/2024:09:20:58 +0800] "GET /xingrg/images/blue/button/right_ah.jpg HTTP/1.1" 200 1744
180.164.1.25 - - [01/Jan/2024:09:20:58 +0800] "GET /xingrg/images/blue/button/top_right.jpg HTTP/1.1" 200 1708
180.164.1.25 - - [01/Jan/2024:09:20:58 +0800] "GET /xingrg/images/blue/button/top_left.jpg HTTP/1.1" 200 1632
180.164.1.25 - - [01/Jan/2024:09:20:58 +0800] "GET /xingrg/images/blue/button/down.jpg HTTP/1.1" 200 1560
180.164.1.25 - - [01/Jan/2024:09:20:58 +0800] "GET /xingrg/images/blue/button/left_ah.jpg HTTP/1.1" 200 1643
180.164.1.25 - - [01/Jan/2024:09:20:58 +0800] "GET /xingrg/images/blue/bg_dotted.jpg HTTP/1.1" 200 319
180.164.1.25 - - [01/Jan/2024:09:20:58 +0800] "GET /xingrg/images/blue/button/bottom_left.jpg HTTP/1.1" 200 1524
180.164.1.25 - - [01/Jan/2024:09:20:58 +0800] "GET /xingrg/images/blue/button/bottom_right.jpg HTTP/1.1" 200 1436
222.67.232.215 - - [01/Jan/2024:09:20:59 +0800] "GET /xingrg/all/report/report_query.html?fileName=dma/new_5.0/menu/menu_category_hz.xml HTTP/1.1" 200 53064
222.67.232.215 - - [01/Jan/2024:09:20:59 +0800] "GET /xingrg/dwr/interface/AjaxReportQueryService.js HTTP/1.1" 200 13203
222.67.232.215 - - [01/Jan/2024:09:20:59 +0800] "GET /xingrg/dwr/util.js HTTP/1.1" 200 35990
222.67.232.215 - - [01/Jan/2024:09:20:59 +0800] "GET /xingrg/dwr/engine.js HTTP/1.1" 200 43631
114.89.202.115 - - [01/Jan/2024:09:20:59 +0800] "POST /xingrg/dwr/call/plaincall/AjaxCheckService.setItemNumber.dwr HTTP/1.1" 200 77
222.67.232.215 - - [01/Jan/2024:09:20:59 +0800] "POST /xingrg/dwr/call/plaincall/AjaxReportQueryService.getFixDate.dwr HTTP/1.1" 200 111
222.67.232.215 - - [01/Jan/2024:09:20:59 +0800] "POST /xingrg/all/common/load_tree.html?tree=area_station_tree_json&manage=1 HTTP/1.1" 200 3393
124.78.154.219 - - [01/Jan/2024:09:21:00 +0800] "GET /xingrg/kc/base/base_main.html HTTP/1.1" 200 12142
101.83.145.37 - - [01/Jan/2024:09:21:01 +0800] "GET /xingrg/all/function/internal_message.html?_=1704071828927&CODE_STATE=getMsg HTTP/1.1" 200 27
180.164.1.25 - - [01/Jan/2024:09:21:01 +0800] "GET /xingrg/kc/mdqp/qp_main.html HTTP/1.1" 200 10633
180.164.1.25 - - [01/Jan/2024:09:21:01 +0800] "GET /xingrg/javascript/jquery_ui/themes/humanity/humanity.css HTTP/1.1" 304 -
180.164.1.25 - - [01/Jan/2024:09:21:01 +0800] "GET /xingrg/javascript/ToolTips.js HTTP/1.1" 200 5615
180.164.1.25 - - [01/Jan/2024:09:21:01 +0800] "GET /xingrg/images/blue/button/qqpsd.gif HTTP/1.1" 200 2548
180.164.1.25 - - [01/Jan/2024:09:21:01 +0800] "GET /xingrg/javascript/jquery_ui/jquery-ui.min.js HTTP/1.1" 200 186181
180.164.1.25 - - [01/Jan/2024:09:21:01 +0800] "GET /xingrg/images/blue/button/pszx.gif HTTP/1.1" 200 2648
180.164.1.25 - - [01/Jan/2024:09:21:01 +0800] "GET /xingrg/images/blue/button/cgxqd.gif HTTP/1.1" 200 2619
180.164.1.25 - - [01/Jan/2024:09:21:01 +0800] "GET /xingrg/images/blue/button/psshd.gif HTTP/1.1" 200 2692
222.67.232.215 - - [01/Jan/2024:09:21:01 +0800] "GET /xingrg/all/report/report_query.html?fileName=dma/new_5.0/menu/menu_stca_hz.xml HTTP/1.1" 200 51418
222.67.232.215 - - [01/Jan/2024:09:21:01 +0800] "GET /xingrg/dwr/interface/AjaxReportQueryService.js HTTP/1.1" 200 13203
222.67.232.215 - - [01/Jan/2024:09:21:01 +0800] "GET /xingrg/dwr/engine.js HTTP/1.1" 200 43631
180.164.1.25 - - [01/Jan/2024:09:21:01 +0800] "GET /xingrg/images/blue/button/down_ah.jpg HTTP/1.1" 200 1732
180.164.1.25 - - [01/Jan/2024:09:21:01 +0800] "GET /xingrg/javascript/jquery_ui/themes/humanity/images/ui-bg_inset-soft_100_f4f0ec_1x100.png HTTP/1.1" 200 141
180.164.1.25 - - [01/Jan/2024:09:21:01 +0800] "GET /xingrg/javascript/jquery_ui/themes/humanity/images/ui-iconsnew.jpg HTTP/1.1" 200 337
180.164.1.25 - - [01/Jan/2024:09:21:01 +0800] "GET /xingrg/javascript/jquery_ui/themes/humanity/images/ui-icons_c47a23_256x240.png HTTP/1.1" 200 5355
180.164.1.25 - - [01/Jan/2024:09:21:01 +0800] "GET /xingrg/javascript/jquery_ui/themes/humanity/images/ui-icons_ffffff_256x240.png HTTP/1.1" 200 4369
180.164.1.25 - - [01/Jan/2024:09:21:01 +0800] "GET /xingrg/javascript/jquery_ui/themes/humanity/images/ui-bg_glass_70_ede4d4_1x400.png HTTP/1.1" 200 161
222.67.232.215 - - [01/Jan/2024:09:21:01 +0800] "POST /xingrg/dwr/call/plaincall/AjaxReportQueryService.getFixDate.dwr HTTP/1.1" 200 111
222.67.232.215 - - [01/Jan/2024:09:21:01 +0800] "POST /xingrg/all/common/load_tree.html?tree=area_station_tree_json&manage=1 HTTP/1.1" 200 3393
124.78.154.219 - - [01/Jan/2024:09:21:02 +0800] "GET /xingrg/kc/base/wldb_order_list.html HTTP/1.1" 200 19054
124.78.154.219 - - [01/Jan/2024:09:21:02 +0800] "POST /xingrg/kc/base/wldb_list_operate.html HTTP/1.1" 200 928
180.164.1.25 - - [01/Jan/2024:09:21:03 +0800] "GET /xingrg/kc/base/base_main.html HTTP/1.1" 200 12142
222.67.232.215 - - [01/Jan/2024:09:21:03 +0800] "POST /xingrg/dwr/call/plaincall/AjaxReportQueryService.getFixDate.dwr HTTP/1.1" 200 111
114.89.202.115 - - [01/Jan/2024:09:21:04 +0800] "POST /xingrg/dwr/call/plaincall/AjaxCheckService.setItemNumber.dwr HTTP/1.1" 200 77
222.67.232.215 - - [01/Jan/2024:09:21:04 +0800] "GET /xingrg/all/function/internal_message.html?_=1704072064504&CODE_STATE=getMsg HTTP/1.1" 200 27
124.78.154.219 - - [01/Jan/2024:09:21:05 +0800] "GET /xingrg/kc/mdqp/qp_main.html HTTP/1.1" 200 10633
114.83.218.109 - - [01/Jan/2024:09:21:05 +0800] "GET /xingrg/kc/buy/cgsh_order_operate.html?command=get_materiel&rest_code=00149&code=00101008283&supplier_code=00100008&order_time=2024-01-01 HTTP/1.1" 200 408
180.164.1.25 - - [01/Jan/2024:09:21:06 +0800] "GET /xingrg/kc/base/wldb_order_list.html HTTP/1.1" 200 19064
221.239.172.206 - - [01/Jan/2024:09:21:06 +0800] "GET /xingrg/all/function/internal_message.html?_=1704072066239&CODE_STATE=getMsg HTTP/1.1" 302 -
180.164.1.25 - - [01/Jan/2024:09:21:06 +0800] "POST /xingrg/kc/base/wldb_list_operate.html HTTP/1.1" 200 928
124.78.154.219 - - [01/Jan/2024:09:21:07 +0800] "GET /xingrg/kc/buy/buy_main.html HTTP/1.1" 200 12412
124.78.154.219 - - [01/Jan/2024:09:21:07 +0800] "GET /xingrg/css/new_ie.css HTTP/1.1" 404 1036
124.78.154.219 - - [01/Jan/2024:09:21:08 +0800] "GET /xingrg/all/function/internal_message.html?_=1704072066958&CODE_STATE=getMsg HTTP/1.1" 200 27
124.78.154.219 - - [01/Jan/2024:09:21:08 +0800] "GET /xingrg/images/yd/bt.gif HTTP/1.1" 404 1040
124.78.154.219 - - [01/Jan/2024:09:21:08 +0800] "GET /xingrg/check_reg.html?_=1704072067150 HTTP/1.1" 200 22
180.164.1.25 - - [01/Jan/2024:09:21:08 +0800] "POST /xingrg/kc/base/wldb_list_operate.html HTTP/1.1" 200 928
124.78.154.219 - - [01/Jan/2024:09:21:08 +0800] "GET /xingrg/kc/buy/cgsh_order_list.html HTTP/1.1" 200 57112
180.164.1.25 - - [01/Jan/2024:09:21:09 +0800] "GET /xingrg/javascript/jquery_easy_ui/themes/default/images/tabs_active.png HTTP/1.1" 304 -
222.67.232.215 - - [01/Jan/2024:09:21:09 +0800] "POST /xingrg/dwr/call/plaincall/AjaxReportQueryService.refreshCache.dwr HTTP/1.1" 200 78
124.78.154.219 - - [01/Jan/2024:09:21:10 +0800] "POST /xingrg/kc/buy/cgsh_list_operate.html HTTP/1.1" 200 986
114.89.202.115 - - [01/Jan/2024:09:21:10 +0800] "POST /xingrg/dwr/call/plaincall/AjaxCheckService.setItemNumber.dwr HTTP/1.1" 200 77
222.67.232.215 - - [01/Jan/2024:09:21:10 +0800] "POST /xingrg/all/report/load_report_page.html HTTP/1.1" 200 48724
180.164.1.25 - - [01/Jan/2024:09:21:10 +0800] "GET /xingrg/kc/buy/cgyd_order_list.html HTTP/1.1" 200 56589
222.67.232.215 - - [01/Jan/2024:09:21:10 +0800] "GET /xingrg/servlets/image?cache=0.18213679567563545&image=px HTTP/1.1" 200 807
180.164.1.25 - - [01/Jan/2024:09:21:10 +0800] "POST /xingrg/kc/buy/cgyd_list_operate.html HTTP/1.1" 200 976
116.230.112.67 - - [01/Jan/2024:09:21:12 +0800] "GET /xingrg/all/function/internal_message.html?_=1704072073720&CODE_STATE=getMsg HTTP/1.1" 200 27
58.40.7.146 - - [01/Jan/2024:09:21:13 +0800] "GET /xingrg/all/function/internal_message.html?_=1704072073070&CODE_STATE=getMsg HTTP/1.1" 302 -
101.83.145.37 - - [01/Jan/2024:09:21:14 +0800] "GET /xingrg/all/function/internal_message.html?_=1704072076562&CODE_STATE=getMsg HTTP/1.1" 302 -
114.83.218.109 - - [01/Jan/2024:09:21:15 +0800] "GET /xingrg/kc/buy/cgsh_order_operate.html?command=get_materiel&rest_code=00149&code=00101008113&supplier_code=00100008&order_time=2024-01-01 HTTP/1.1" 200 413
180.163.28.114 - - [01/Jan/2024:09:21:17 +0800] "GET /xingrg/kc/print/load_data.html?order_code=212024010100010&kc_code=cgsh&condition= HTTP/1.1" 302 -
114.89.202.115 - - [01/Jan/2024:09:21:17 +0800] "POST /xingrg/dwr/call/plaincall/AjaxCheckService.setItemNumber.dwr HTTP/1.1" 200 77
180.163.28.114 - - [01/Jan/2024:09:21:17 +0800] "GET /xingrg/login.html HTTP/1.1" 200 7641
114.83.216.19 - - [01/Jan/2024:09:21:19 +0800] "GET /xingrg/all/function/internal_message.html?_=1704072082671&CODE_STATE=getMsg HTTP/1.1" 200 27
222.67.232.215 - - [01/Jan/2024:09:21:19 +0800] "GET /xingrg/all/report/report_query.html?isQuery=1&fileName=dma/new_5.0/menu/menu_hz.xml&queryString=(a.sale_day%2520between%252020231231%2520and%252020231231)%2520and%2520(a.sid%2520in%2520(13))%2520and%2520(a.tj_code%253D14)&queryText=%25E3%2580%2590%25E8%2590%25A5%25E4%25B8%259A%25E6%2597%25A5%25E6%259C%259F%253A2023-12-31%2520%25E8%2587%25B3%25202023-12-31%25E3%2580%2591%2520%25E5%25B9%25B6%25E4%25B8%2594%2520%2520%25E3%2580%2590%25E9%2597%25A8%25E5%25BA%2597%25E5%2590%258D%25E7%25A7%25B0%2520%253D%2520%25E6%25A6%2595%25E6%25B8%25AF%25E5%2590%258D%25E8%25BD%25A9%25E5%2590%25B4%25E4%25B8%25AD%25E5%25BA%2597%25E3%2580%2591%2520%25E5%25B9%25B6%25E4%25B8%2594%2520%25E3%2580%2590%25E7%25BB%259F%25E8%25AE%25A1%25E7%25B1%25BB%25E5%2588%25AB%2520%253D%2520%25E7%25A4%25BC%25E7%259B%2592%25E3%2580%2591 HTTP/1.1" 200 54116
222.67.232.215 - - [01/Jan/2024:09:21:19 +0800] "GET /xingrg/dwr/engine.js HTTP/1.1" 200 43631
222.67.232.215 - - [01/Jan/2024:09:21:19 +0800] "GET /favicon.ico HTTP/1.1" 404 -
116.232.193.168 - - [01/Jan/2024:09:21:20 +0800] "GET /xingrg/all/function/internal_message.html?_=1704072042470&CODE_STATE=getMsg HTTP/1.1" 302 -
222.67.232.215 - - [01/Jan/2024:09:21:21 +0800] "POST /xingrg/all/report/load_report_page.html HTTP/1.1" 200 26943
222.67.232.215 - - [01/Jan/2024:09:21:21 +0800] "GET /xingrg/servlets/image?cache=0.35362913334072654&image=px HTTP/1.1" 200 807
114.89.202.115 - - [01/Jan/2024:09:21:23 +0800] "POST /xingrg/dwr/call/plaincall/AjaxCheckService.setItemNumber.dwr HTTP/1.1" 200 77
222.67.232.215 - - [01/Jan/2024:09:21:24 +0800] "GET /xingrg/all/function/internal_message.html?_=1704072084700&CODE_STATE=getMsg HTTP/1.1" 200 27
120.253.135.82 - - [01/Jan/2024:09:21:25 +0800] "GET /xingrg/all/function/internal_message.html?_=1704071903242&CODE_STATE=getMsg HTTP/1.1" 200 27
114.83.218.109 - - [01/Jan/2024:09:21:25 +0800] "GET /xingrg/all/function/internal_message.html?_=1704072086093&CODE_STATE=getMsg HTTP/1.1" 200 27
114.89.202.115 - - [01/Jan/2024:09:21:26 +0800] "POST /xingrg/dwr/call/plaincall/AjaxCheckService.setItemNumber.dwr HTTP/1.1" 200 77
114.89.202.115 - - [01/Jan/2024:09:21:27 +0800] "POST /xingrg/dwr/call/plaincall/AjaxCheckService.setItemNumber.dwr HTTP/1.1" 200 77
114.89.202.115 - - [01/Jan/2024:09:21:28 +0800] "POST /xingrg/dwr/call/plaincall/AjaxCheckService.setItemNumber.dwr HTTP/1.1" 200 77
114.83.218.109 - - [01/Jan/2024:09:21:28 +0800] "GET /xingrg/kc/buy/cgsh_order_operate.html?command=get_materiel&rest_code=00149&code=00101008163&supplier_code=00100008&order_time=2024-01-01 HTTP/1.1" 200 409
58.40.7.146 - - [01/Jan/2024:09:21:29 +0800] "GET /xingrg/all/function/internal_message.html?_=1704072089685&CODE_STATE=getMsg HTTP/1.1" 302 -
114.95.241.104 - - [01/Jan/2024:09:21:30 +0800] "GET /xingrg/all/function/internal_message.html?_=1704072090838&CODE_STATE=getMsg HTTP/1.1" 302 -
114.83.218.109 - - [01/Jan/2024:09:21:31 +0800] "POST /xingrg/kc/buy/cgsh_order_operate.html HTTP/1.1" 200 2065
116.230.112.67 - - [01/Jan/2024:09:21:31 +0800] "POST /xingrg/services/DataTransmitService HTTP/1.1" 200 524
180.164.1.25 - - [01/Jan/2024:09:21:32 +0800] "GET /xingrg/javascript/easyui/themes/default/images/button_plain_hover.png HTTP/1.1" 304 -
116.230.112.67 - - [01/Jan/2024:09:21:32 +0800] "POST /xingrg/services/DataTransmitService HTTP/1.1" 200 412
114.89.202.115 - - [01/Jan/2024:09:21:32 +0800] "POST /xingrg/dwr/call/plaincall/AjaxCheckService.setItemNumber.dwr HTTP/1.1" 200 77
180.164.1.25 - - [01/Jan/2024:09:21:33 +0800] "GET /xingrg/kc/buy/cgyd_order_add.html HTTP/1.1" 200 65472
180.164.1.25 - - [01/Jan/2024:09:21:33 +0800] "GET /xingrg/javascript/jquery_tools/order_manager.js HTTP/1.1" 304 -
180.164.1.25 - - [01/Jan/2024:09:21:33 +0800] "GET /xingrg/javascript/convert.js HTTP/1.1" 304 -
180.164.1.25 - - [01/Jan/2024:09:21:33 +0800] "GET /xingrg/javascript/json2.js HTTP/1.1" 304 -
180.164.1.25 - - [01/Jan/2024:09:21:33 +0800] "GET /xingrg/javascript/print/kc_print.js HTTP/1.1" 304 -
180.164.1.25 - - [01/Jan/2024:09:21:33 +0800] "GET /xingrg/words/20231231140250_words.js HTTP/1.1" 200 1005162
180.164.1.25 - - [01/Jan/2024:09:21:33 +0800] "GET /xingrg/javascript/easyui/themes/icons/email.png HTTP/1.1" 200 621
180.164.1.25 - - [01/Jan/2024:09:21:33 +0800] "GET /xingrg/javascript/easyui/themes/icons/cancel.png HTTP/1.1" 304 -
180.164.1.25 - - [01/Jan/2024:09:21:33 +0800] "GET /xingrg/javascript/easyui/themes/icons/ok.png HTTP/1.1" 304 -
180.164.1.25 - - [01/Jan/2024:09:21:33 +0800] "GET /xingrg/javascript/easyui/themes/default/images/menu_downarrow.png HTTP/1.1" 304 -
180.164.1.25 - - [01/Jan/2024:09:21:33 +0800] "GET /xingrg/javascript/easyui/themes/icons/print.png HTTP/1.1" 304 -
180.164.1.25 - - [01/Jan/2024:09:21:33 +0800] "GET /xingrg/javascript/easyui/themes/icons/template_new.png HTTP/1.1" 304 -
180.164.1.25 - - [01/Jan/2024:09:21:33 +0800] "POST /xingrg/kc/buy/cgyd_order_operate.html HTTP/1.1" 200 7066
180.164.1.25 - - [01/Jan/2024:09:21:33 +0800] "GET /xingrg/javascript/easyui/themes/default/validatebox.css HTTP/1.1" 404 1104
180.164.1.25 - - [01/Jan/2024:09:21:33 +0800] "GET /xingrg/all/common/auto_word.html?type=base&rest_code=00108 HTTP/1.1" 200 1907
180.164.1.25 - - [01/Jan/2024:09:21:33 +0800] "GET /xingrg/javascript/easyui/plugins/jquery.validatebox.js HTTP/1.1" 304 -
180.164.1.25 - - [01/Jan/2024:09:21:33 +0800] "GET /xingrg/javascript/easyui/themes/icons/edit_remove.png HTTP/1.1" 304 -
180.164.1.25 - - [01/Jan/2024:09:21:33 +0800] "GET /xingrg/javascript/easyui/plugins/jquery.numberbox.js HTTP/1.1" 304 -
114.89.202.115 - - [01/Jan/2024:09:21:36 +0800] "GET /xingrg/all/function/internal_message.html?_=1704072098007&CODE_STATE=getMsg HTTP/1.1" 200 27
116.230.112.67 - - [01/Jan/2024:09:21:36 +0800] "POST /xingrg/dwr/call/plaincall/AjaxCheckService.setItemRemark.dwr HTTP/1.1" 200 76
116.230.112.67 - - [01/Jan/2024:09:21:37 +0800] "GET /xingrg/all/function/internal_message.html?_=1704072135712&CODE_STATE=getMsg HTTP/1.1" 200 27
114.83.218.109 - - [01/Jan/2024:09:21:37 +0800] "GET /xingrg/kc/buy/cgsh_order_operate.html?command=get_materiel&rest_code=00149&code=00101008304&supplier_code=00100008&order_time=2024-01-01 HTTP/1.1" 200 412
114.95.241.104 - - [01/Jan/2024:09:21:40 +0800] "GET /xingrg/all/function/internal_message.html?_=1704072099714&CODE_STATE=getMsg HTTP/1.1" 200 27
114.89.202.115 - - [01/Jan/2024:09:21:41 +0800] "POST /xingrg/dwr/call/plaincall/AjaxCheckService.setItemNumber.dwr HTTP/1.1" 200 77
114.89.202.115 - - [01/Jan/2024:09:21:42 +0800] "POST /xingrg/dwr/call/plaincall/AjaxCheckService.setItemNumber.dwr HTTP/1.1" 200 77
114.89.202.115 - - [01/Jan/2024:09:21:43 +0800] "POST /xingrg/dwr/call/plaincall/AjaxCheckService.setItemNumber.dwr HTTP/1.1" 200 77
114.89.202.115 - - [01/Jan/2024:09:21:44 +0800] "POST /xingrg/dwr/call/plaincall/AjaxCheckService.setItemNumber.dwr HTTP/1.1" 200 77
180.164.1.25 - - [01/Jan/2024:09:21:45 +0800] "GET /xingrg/all/function/internal_message.html?_=1704072104077&CODE_STATE=getMsg HTTP/1.1" 200 27
180.169.147.146 - - [01/Jan/2024:09:21:45 +0800] "GET /xingrg/all/function/internal_message.html?_=1704072105093&CODE_STATE=getMsg HTTP/1.1" 302 -
114.83.218.109 - - [01/Jan/2024:09:21:45 +0800] "GET /xingrg/kc/buy/cgsh_order_operate.html?command=get_materiel&rest_code=00149&code=00101008010&supplier_code=00100008&order_time=2024-01-01 HTTP/1.1" 200 412
114.89.202.115 - - [01/Jan/2024:09:21:46 +0800] "POST /xingrg/dwr/call/plaincall/AjaxCheckService.setItemNumber.dwr HTTP/1.1" 200 77
218.81.65.124 - - [01/Jan/2024:09:21:52 +0800] "POST /xingrg/services/DataTransmitService HTTP/1.1" 200 524
180.164.1.25 - - [01/Jan/2024:09:21:52 +0800] "GET /xingrg/javascript/auto/indicator.gif HTTP/1.1" 404 1066
114.83.218.109 - - [01/Jan/2024:09:21:54 +0800] "GET /xingrg/kc/buy/cgsh_order_operate.html?command=get_materiel&rest_code=00149&code=00101008029&supplier_code=00100008&order_time=2024-01-01 HTTP/1.1" 200 417
172.20.0.100 - - [01/Jan/2024:09:21:56 +0800] "GET /xingrg/all/function/internal_message.html?_=1704072114730&CODE_STATE=getMsg HTTP/1.1" 200 27
116.230.112.67 - - [01/Jan/2024:09:21:59 +0800] "POST /xingrg/dwr/call/plaincall/AjaxCheckService.setItemRemark.dwr HTTP/1.1" 200 76
101.83.145.37 - - [01/Jan/2024:09:22:01 +0800] "GET /xingrg/all/function/internal_message.html?_=1704071888928&CODE_STATE=getMsg HTTP/1.1" 200 27
114.83.218.109 - - [01/Jan/2024:09:22:04 +0800] "GET /xingrg/kc/buy/cgsh_order_operate.html?command=get_materiel&rest_code=00149&code=00101008769&supplier_code=00100008&order_time=2024-01-01 HTTP/1.1" 200 402
222.67.232.215 - - [01/Jan/2024:09:22:04 +0800] "GET /xingrg/all/function/internal_message.html?_=1704072124514&CODE_STATE=getMsg HTTP/1.1" 200 27
221.239.172.206 - - [01/Jan/2024:09:22:06 +0800] "GET /xingrg/all/function/internal_message.html?_=1704072126214&CODE_STATE=getMsg HTTP/1.1" 302 -
124.78.154.219 - - [01/Jan/2024:09:22:08 +0800] "GET /xingrg/all/function/internal_message.html?_=1704072126932&CODE_STATE=getMsg HTTP/1.1" 200 27
116.230.112.67 - - [01/Jan/2024:09:22:12 +0800] "GET /xingrg/all/function/internal_message.html?_=1704072133734&CODE_STATE=getMsg HTTP/1.1" 200 27
58.40.7.146 - - [01/Jan/2024:09:22:13 +0800] "GET /xingrg/all/function/internal_message.html?_=1704072133042&CODE_STATE=getMsg HTTP/1.1" 302 -
101.83.145.37 - - [01/Jan/2024:09:22:14 +0800] "GET /xingrg/all/function/internal_message.html?_=1704072136548&CODE_STATE=getMsg HTTP/1.1" 302 -
114.83.218.109 - - [01/Jan/2024:09:22:15 +0800] "GET /xingrg/kc/buy/cgsh_order_operate.html?command=get_materiel&rest_code=00149&code=00101008740&supplier_code=00100008&order_time=2024-01-01 HTTP/1.1" 200 413
114.83.218.109 - - [01/Jan/2024:09:22:18 +0800] "POST /xingrg/kc/buy/cgsh_order_operate.html HTTP/1.1" 200 2065
116.230.112.67 - - [01/Jan/2024:09:22:18 +0800] "POST /xingrg/dwr/call/plaincall/AjaxCheckService.setItemRemark.dwr HTTP/1.1" 200 76
114.83.216.19 - - [01/Jan/2024:09:22:19 +0800] "GET /xingrg/all/function/internal_message.html?_=1704072142642&CODE_STATE=getMsg HTTP/1.1" 200 27
116.232.193.168 - - [01/Jan/2024:09:22:20 +0800] "GET /xingrg/all/function/internal_message.html?_=1704072102468&CODE_STATE=getMsg HTTP/1.1" 302 -
124.78.154.219 - - [01/Jan/2024:09:22:24 +0800] "GET /xingrg/kc/buy/cgsh_order_add.html HTTP/1.1" 200 72894
124.78.154.219 - - [01/Jan/2024:09:22:24 +0800] "POST /xingrg/kc/buy/cgsh_order_operate.html HTTP/1.1" 200 8245
222.67.232.215 - - [01/Jan/2024:09:22:24 +0800] "GET /xingrg/all/function/internal_message.html?_=1704072144688&CODE_STATE=getMsg HTTP/1.1" 200 27
124.78.154.219 - - [01/Jan/2024:09:22:24 +0800] "GET /xingrg/javascript/easyui/themes/default/validatebox.css HTTP/1.1" 404 1104
222.67.232.215 - - [01/Jan/2024:09:22:25 +0800] "POST /xingrg/dwr/call/plaincall/AjaxReportQueryService.getFixDate.dwr HTTP/1.1" 200 111
114.83.218.109 - - [01/Jan/2024:09:22:25 +0800] "GET /xingrg/all/function/internal_message.html?_=1704072146071&CODE_STATE=getMsg HTTP/1.1" 200 27
120.253.135.82 - - [01/Jan/2024:09:22:26 +0800] "GET /xingrg/all/function/internal_message.html?_=1704071963506&CODE_STATE=getMsg HTTP/1.1" 200 27
222.67.232.215 - - [01/Jan/2024:09:22:26 +0800] "GET /xingrg/all/report/report_query.html?fileName=dma/new_5.0/menu/menu_hz_all.xml HTTP/1.1" 200 51795
222.67.232.215 - - [01/Jan/2024:09:22:27 +0800] "GET /xingrg/dwr/engine.js HTTP/1.1" 200 43631
222.67.232.215 - - [01/Jan/2024:09:22:27 +0800] "GET /xingrg/dwr/interface/AjaxReportQueryService.js HTTP/1.1" 200 13203
222.67.232.215 - - [01/Jan/2024:09:22:27 +0800] "POST /xingrg/dwr/call/plaincall/AjaxReportQueryService.getFixDate.dwr HTTP/1.1" 200 111
222.67.232.215 - - [01/Jan/2024:09:22:27 +0800] "POST /xingrg/all/common/load_tree.html?tree=area_station_tree_json&manage=1 HTTP/1.1" 200 3393
124.78.154.219 - - [01/Jan/2024:09:22:27 +0800] "GET /xingrg/javascript/easyui/themes/default/tree.css HTTP/1.1" 404 1090
124.78.154.219 - - [01/Jan/2024:09:22:27 +0800] "POST /xingrg/all/common/load_tree.html?tree=supplier_tree_json&isDelete=1 HTTP/1.1" 200 77165
58.40.7.146 - - [01/Jan/2024:09:22:29 +0800] "GET /xingrg/all/function/internal_message.html?_=1704072149657&CODE_STATE=getMsg HTTP/1.1" 302 -
222.67.232.215 - - [01/Jan/2024:09:22:29 +0800] "POST /xingrg/dwr/call/plaincall/AjaxReportQueryService.getFixDate.dwr HTTP/1.1" 200 111
114.83.218.109 - - [01/Jan/2024:09:22:30 +0800] "GET /xingrg/kc/buy/cgsh_order_operate.html?command=get_materiel&rest_code=00149&code=00101008136&supplier_code=00100008&order_time=2024-01-01 HTTP/1.1" 200 413
114.95.241.104 - - [01/Jan/2024:09:22:30 +0800] "GET /xingrg/all/function/internal_message.html?_=1704072150828&CODE_STATE=getMsg HTTP/1.1" 302 -
101.83.145.37 - - [01/Jan/2024:09:22:35 +0800] "GET /xingrg/kc/base/check_order_info.html?code=452023123100531 HTTP/1.1" 200 26560
101.83.145.37 - - [01/Jan/2024:09:22:35 +0800] "GET /xingrg/dwr/interface/AjaxComOrderService.js HTTP/1.1" 200 18264
101.83.145.37 - - [01/Jan/2024:09:22:35 +0800] "GET /xingrg/dwr/interface/AjaxCheckService.js HTTP/1.1" 200 14003
101.83.145.37 - - [01/Jan/2024:09:22:35 +0800] "GET /xingrg/dwr/engine.js HTTP/1.1" 200 43631
101.83.145.37 - - [01/Jan/2024:09:22:36 +0800] "POST /xingrg/dwr/call/plaincall/AjaxCheckService.loadOrderItems.dwr HTTP/1.1" 200 47338
114.89.202.115 - - [01/Jan/2024:09:22:36 +0800] "GET /xingrg/all/function/internal_message.html?_=1704072157997&CODE_STATE=getMsg HTTP/1.1" 200 27
116.230.112.67 - - [01/Jan/2024:09:22:37 +0800] "GET /xingrg/all/function/internal_message.html?_=1704072195724&CODE_STATE=getMsg HTTP/1.1" 200 27
