120.253.135.82 - - [01/Jan/2024:06:08:57 +0800] "GET /xingrg/kc/pszx/mdps_order_info.html?code=312024010100008 HTTP/1.1" 200 23972
120.253.135.82 - - [01/Jan/2024:06:08:58 +0800] "GET /xingrg/javascript/easyui/themes/default/validatebox.css HTTP/1.1" 404 1104
120.253.135.82 - - [01/Jan/2024:06:08:58 +0800] "POST /xingrg/kc/pszx/mdps_order_operate.html HTTP/1.1" 200 5250
120.253.135.82 - - [01/Jan/2024:06:09:02 +0800] "POST /xingrg/kc/pszx/mdps_list_operate.html HTTP/1.1" 200 3863
120.253.135.82 - - [01/Jan/2024:06:09:03 +0800] "POST /xingrg/kc/pszx/mdps_list_operate.html HTTP/1.1" 200 615
120.253.135.82 - - [01/Jan/2024:06:09:04 +0800] "GET /xingrg/kc/pszx/mdps_order_info.html?code=312024010100009 HTTP/1.1" 200 23972
120.253.135.82 - - [01/Jan/2024:06:09:05 +0800] "GET /xingrg/javascript/easyui/themes/default/validatebox.css HTTP/1.1" 404 1104
120.253.135.82 - - [01/Jan/2024:06:09:05 +0800] "POST /xingrg/kc/pszx/mdps_order_operate.html HTTP/1.1" 200 6755
120.253.135.82 - - [01/Jan/2024:06:09:08 +0800] "POST /xingrg/kc/pszx/mdps_order_operate.html HTTP/1.1" 200 37
124.78.154.219 - - [01/Jan/2024:06:09:08 +0800] "GET /xingrg/all/function/internal_message.html?_=1704060547107&CODE_STATE=getMsg HTTP/1.1" 200 27
221.239.172.206 - - [01/Jan/2024:06:09:09 +0800] "GET /xingrg/all/function/internal_message.html?_=1704060549623&CODE_STATE=getMsg HTTP/1.1" 302 -
120.253.135.82 - - [01/Jan/2024:06:09:10 +0800] "GET /xingrg/kc/pszx/mdps_order_info.html?code=312024010100009 HTTP/1.1" 200 23972
120.253.135.82 - - [01/Jan/2024:06:09:10 +0800] "GET /xingrg/javascript/easyui/themes/default/validatebox.css HTTP/1.1" 404 1104
120.253.135.82 - - [01/Jan/2024:06:09:10 +0800] "POST /xingrg/kc/pszx/mdps_order_operate.html HTTP/1.1" 200 6834
101.83.145.37 - - [01/Jan/2024:06:09:14 +0800] "GET /xingrg/all/function/internal_message.html?_=1704060556307&CODE_STATE=getMsg HTTP/1.1" 302 -
58.40.7.146 - - [01/Jan/2024:06:09:17 +0800] "GET /xingrg/all/function/internal_message.html?_=1704060557835&CODE_STATE=getMsg HTTP/1.1" 302 -
116.232.193.168 - - [01/Jan/2024:06:09:20 +0800] "GET /xingrg/all/function/internal_message.html?_=1704060522673&CODE_STATE=getMsg HTTP/1.1" 302 -
120.253.135.82 - - [01/Jan/2024:06:09:23 +0800] "GET /xingrg/kc/pszx/mdps_order_operate.html?command=get_materiel&pszx_code=00101&rest_code=00106&base_code=0010246&code=00101018030 HTTP/1.1" 200 440
116.230.112.67 - - [01/Jan/2024:06:09:23 +0800] "GET /xingrg/check_reg.html?_=1704060564436 HTTP/1.1" 302 -
222.67.232.215 - - [01/Jan/2024:06:09:28 +0800] "GET /xingrg/all/function/internal_message.html?_=1704060568644&CODE_STATE=getMsg HTTP/1.1" 200 27
114.95.241.104 - - [01/Jan/2024:06:09:30 +0800] "GET /xingrg/all/function/internal_message.html?_=1704060570860&CODE_STATE=getMsg HTTP/1.1" 302 -
116.232.193.168 - - [01/Jan/2024:06:09:32 +0800] "GET /xingrg/check_reg.html?_=1704060534594 HTTP/1.1" 302 -
58.40.7.146 - - [01/Jan/2024:06:09:34 +0800] "GET /xingrg/all/function/internal_message.html?_=1704060574405&CODE_STATE=getMsg HTTP/1.1" 302 -
222.67.232.215 - - [01/Jan/2024:06:09:38 +0800] "GET /xingrg/check_reg.html?_=1704060578443 HTTP/1.1" 200 22
116.230.112.67 - - [01/Jan/2024:06:09:41 +0800] "GET /xingrg/all/function/internal_message.html?_=1704060582527&CODE_STATE=getMsg HTTP/1.1" 302 -
120.253.135.82 - - [01/Jan/2024:06:09:44 +0800] "GET /xingrg/check_reg.html?_=1704060401844 HTTP/1.1" 200 22
120.253.135.82 - - [01/Jan/2024:06:09:45 +0800] "GET /xingrg/all/function/internal_message.html?_=1704060402662&CODE_STATE=getMsg HTTP/1.1" 200 27
180.169.147.146 - - [01/Jan/2024:06:09:45 +0800] "GET /xingrg/all/function/internal_message.html?_=1704060585093&CODE_STATE=getMsg HTTP/1.1" 302 -
180.169.147.146 - - [01/Jan/2024:06:09:45 +0800] "GET /xingrg/check_reg.html?_=1704060585095 HTTP/1.1" 302 -
124.78.154.219 - - [01/Jan/2024:06:10:08 +0800] "GET /xingrg/all/function/internal_message.html?_=1704060607109&CODE_STATE=getMsg HTTP/1.1" 200 27
221.239.172.206 - - [01/Jan/2024:06:10:09 +0800] "GET /xingrg/all/function/internal_message.html?_=1704060609623&CODE_STATE=getMsg HTTP/1.1" 302 -
101.83.145.37 - - [01/Jan/2024:06:10:14 +0800] "GET /xingrg/all/function/internal_message.html?_=1704060616310&CODE_STATE=getMsg HTTP/1.1" 302 -
101.83.145.37 - - [01/Jan/2024:06:10:14 +0800] "GET /xingrg/check_reg.html?_=1704060616313 HTTP/1.1" 302 -
58.40.7.146 - - [01/Jan/2024:06:10:17 +0800] "GET /xingrg/all/function/internal_message.html?_=1704060617821&CODE_STATE=getMsg HTTP/1.1" 302 -
116.232.193.168 - - [01/Jan/2024:06:10:20 +0800] "GET /xingrg/all/function/internal_message.html?_=1704060582659&CODE_STATE=getMsg HTTP/1.1" 302 -
222.67.232.215 - - [01/Jan/2024:06:10:28 +0800] "GET /xingrg/all/function/internal_message.html?_=1704060628627&CODE_STATE=getMsg HTTP/1.1" 200 27
114.95.241.104 - - [01/Jan/2024:06:10:30 +0800] "GET /xingrg/all/function/internal_message.html?_=1704060630874&CODE_STATE=getMsg HTTP/1.1" 302 -
58.40.7.146 - - [01/Jan/2024:06:10:34 +0800] "GET /xingrg/all/function/internal_message.html?_=1704060634375&CODE_STATE=getMsg HTTP/1.1" 302 -
116.230.112.67 - - [01/Jan/2024:06:10:41 +0800] "GET /xingrg/all/function/internal_message.html?_=1704060642529&CODE_STATE=getMsg HTTP/1.1" 302 -
120.253.135.82 - - [01/Jan/2024:06:10:45 +0800] "GET /xingrg/all/function/internal_message.html?_=1704060462674&CODE_STATE=getMsg HTTP/1.1" 200 27
180.169.147.146 - - [01/Jan/2024:06:10:45 +0800] "GET /xingrg/all/function/internal_message.html?_=1704060645100&CODE_STATE=getMsg HTTP/1.1" 302 -
120.253.135.82 - - [01/Jan/2024:06:10:48 +0800] "POST /xingrg/kc/pszx/mdps_order_operate.html HTTP/1.1" 200 37
120.253.135.82 - - [01/Jan/2024:06:10:50 +0800] "GET /xingrg/kc/pszx/mdps_order_info.html?code=312024010100009 HTTP/1.1" 200 23972
120.253.135.82 - - [01/Jan/2024:06:10:50 +0800] "GET /xingrg/javascript/easyui/themes/default/validatebox.css HTTP/1.1" 404 1104
120.253.135.82 - - [01/Jan/2024:06:10:50 +0800] "POST /xingrg/kc/pszx/mdps_order_operate.html HTTP/1.1" 200 6833
120.253.135.82 - - [01/Jan/2024:06:10:57 +0800] "POST /xingrg/kc/pszx/mdps_list_operate.html HTTP/1.1" 200 3863
218.81.65.124 - - [01/Jan/2024:06:10:57 +0800] "GET /xingrg/check_reg.html?_=1704060657932 HTTP/1.1" 302 -
120.253.135.82 - - [01/Jan/2024:06:11:03 +0800] "POST /xingrg/kc/pszx/mdps_list_operate.html HTTP/1.1" 200 602
120.253.135.82 - - [01/Jan/2024:06:11:05 +0800] "POST /xingrg/kc/pszx/mdps_list_operate.html HTTP/1.1" 200 614
120.253.135.82 - - [01/Jan/2024:06:11:07 +0800] "GET /xingrg/kc/pszx/mdps_order_info.html?code=312024010100009 HTTP/1.1" 200 23972
120.253.135.82 - - [01/Jan/2024:06:11:07 +0800] "GET /xingrg/javascript/easyui/themes/default/validatebox.css HTTP/1.1" 404 1104
120.253.135.82 - - [01/Jan/2024:06:11:07 +0800] "POST /xingrg/kc/pszx/mdps_order_operate.html HTTP/1.1" 200 6833
124.78.154.219 - - [01/Jan/2024:06:11:08 +0800] "GET /xingrg/all/function/internal_message.html?_=1704060667096&CODE_STATE=getMsg HTTP/1.1" 200 27
124.78.154.219 - - [01/Jan/2024:06:11:08 +0800] "GET /xingrg/check_reg.html?_=1704060667131 HTTP/1.1" 200 22
221.239.172.206 - - [01/Jan/2024:06:11:09 +0800] "GET /xingrg/all/function/internal_message.html?_=1704060669607&CODE_STATE=getMsg HTTP/1.1" 302 -
116.230.112.67 - - [01/Jan/2024:06:11:11 +0800] "POST /xingrg/services/DataTransmitService HTTP/1.1" 200 524
116.230.112.67 - - [01/Jan/2024:06:11:12 +0800] "POST /xingrg/services/DataTransmitService HTTP/1.1" 200 412
101.83.145.37 - - [01/Jan/2024:06:11:14 +0800] "GET /xingrg/all/function/internal_message.html?_=1704060676298&CODE_STATE=getMsg HTTP/1.1" 302 -
120.253.135.82 - - [01/Jan/2024:06:11:15 +0800] "POST /xingrg/kc/pszx/mdps_list_operate.html HTTP/1.1" 200 3863
58.40.7.146 - - [01/Jan/2024:06:11:17 +0800] "GET /xingrg/all/function/internal_message.html?_=1704060677792&CODE_STATE=getMsg HTTP/1.1" 302 -
120.253.135.82 - - [01/Jan/2024:06:11:17 +0800] "POST /xingrg/kc/pszx/mdps_list_operate.html HTTP/1.1" 200 669
116.232.193.168 - - [01/Jan/2024:06:11:20 +0800] "GET /xingrg/all/function/internal_message.html?_=1704060642630&CODE_STATE=getMsg HTTP/1.1" 302 -
120.253.135.82 - - [01/Jan/2024:06:11:21 +0800] "GET /xingrg/kc/pszx/mdps_order_info.html?code=312024010100010 HTTP/1.1" 200 23972
120.253.135.82 - - [01/Jan/2024:06:11:21 +0800] "GET /xingrg/javascript/easyui/themes/default/validatebox.css HTTP/1.1" 404 1104
120.253.135.82 - - [01/Jan/2024:06:11:21 +0800] "POST /xingrg/kc/pszx/mdps_order_operate.html HTTP/1.1" 200 14614
120.253.135.82 - - [01/Jan/2024:06:11:25 +0800] "POST /xingrg/kc/pszx/mdps_order_operate.html HTTP/1.1" 200 37
120.253.135.82 - - [01/Jan/2024:06:11:26 +0800] "GET /xingrg/kc/pszx/mdps_order_info.html?code=312024010100010 HTTP/1.1" 200 23972
120.253.135.82 - - [01/Jan/2024:06:11:27 +0800] "GET /xingrg/javascript/easyui/themes/default/validatebox.css HTTP/1.1" 404 1104
120.253.135.82 - - [01/Jan/2024:06:11:27 +0800] "POST /xingrg/kc/pszx/mdps_order_operate.html HTTP/1.1" 200 14810
222.67.232.215 - - [01/Jan/2024:06:11:28 +0800] "GET /xingrg/all/function/internal_message.html?_=1704060688609&CODE_STATE=getMsg HTTP/1.1" 200 27
114.95.241.104 - - [01/Jan/2024:06:11:30 +0800] "GET /xingrg/all/function/internal_message.html?_=1704060690888&CODE_STATE=getMsg HTTP/1.1" 302 -
58.40.7.146 - - [01/Jan/2024:06:11:34 +0800] "GET /xingrg/all/function/internal_message.html?_=1704060694364&CODE_STATE=getMsg HTTP/1.1" 302 -
116.230.112.67 - - [01/Jan/2024:06:11:41 +0800] "GET /xingrg/all/function/internal_message.html?_=1704060702575&CODE_STATE=getMsg HTTP/1.1" 302 -
120.253.135.82 - - [01/Jan/2024:06:11:45 +0800] "GET /xingrg/all/function/internal_message.html?_=1704060522689&CODE_STATE=getMsg HTTP/1.1" 200 27
180.169.147.146 - - [01/Jan/2024:06:11:45 +0800] "GET /xingrg/all/function/internal_message.html?_=1704060705091&CODE_STATE=getMsg HTTP/1.1" 302 -
106.55.200.233 - - [01/Jan/2024:06:11:54 +0800] "GET /xingrg/all/function/internal_message.html?_=1704038766739&CODE_STATE=getMsg HTTP/1.1" 302 -
106.55.202.193 - - [01/Jan/2024:06:11:55 +0800] "GET /xingrg/login.html HTTP/1.1" 200 7641
124.78.154.219 - - [01/Jan/2024:06:12:08 +0800] "GET /xingrg/all/function/internal_message.html?_=1704060727104&CODE_STATE=getMsg HTTP/1.1" 200 27
221.239.172.206 - - [01/Jan/2024:06:12:09 +0800] "GET /xingrg/all/function/internal_message.html?_=1704060729591&CODE_STATE=getMsg HTTP/1.1" 302 -
101.83.145.37 - - [01/Jan/2024:06:12:14 +0800] "GET /xingrg/all/function/internal_message.html?_=1704060736299&CODE_STATE=getMsg HTTP/1.1" 302 -
58.40.7.146 - - [01/Jan/2024:06:12:17 +0800] "GET /xingrg/all/function/internal_message.html?_=1704060737762&CODE_STATE=getMsg HTTP/1.1" 302 -
116.232.193.168 - - [01/Jan/2024:06:12:20 +0800] "GET /xingrg/all/function/internal_message.html?_=1704060702613&CODE_STATE=getMsg HTTP/1.1" 302 -
222.67.232.215 - - [01/Jan/2024:06:12:28 +0800] "GET /xingrg/all/function/internal_message.html?_=1704060748591&CODE_STATE=getMsg HTTP/1.1" 200 27
114.95.241.104 - - [01/Jan/2024:06:12:30 +0800] "GET /xingrg/all/function/internal_message.html?_=1704060750883&CODE_STATE=getMsg HTTP/1.1" 302 -
58.40.7.146 - - [01/Jan/2024:06:12:34 +0800] "GET /xingrg/all/function/internal_message.html?_=1704060754354&CODE_STATE=getMsg HTTP/1.1" 302 -
116.230.112.67 - - [01/Jan/2024:06:12:41 +0800] "GET /xingrg/all/function/internal_message.html?_=1704060762587&CODE_STATE=getMsg HTTP/1.1" 302 -
180.169.147.146 - - [01/Jan/2024:06:12:45 +0800] "GET /xingrg/all/function/internal_message.html?_=1704060765088&CODE_STATE=getMsg HTTP/1.1" 302 -
120.253.135.82 - - [01/Jan/2024:06:12:45 +0800] "GET /xingrg/all/function/internal_message.html?_=1704060582857&CODE_STATE=getMsg HTTP/1.1" 200 27
120.253.135.82 - - [01/Jan/2024:06:13:07 +0800] "POST /xingrg/kc/pszx/mdps_order_operate.html HTTP/1.1" 200 37
120.253.135.82 - - [01/Jan/2024:06:13:08 +0800] "GET /xingrg/kc/pszx/mdps_order_info.html?code=312024010100010 HTTP/1.1" 200 23972
124.78.154.219 - - [01/Jan/2024:06:13:08 +0800] "GET /xingrg/all/function/internal_message.html?_=1704060787108&CODE_STATE=getMsg HTTP/1.1" 200 27
120.253.135.82 - - [01/Jan/2024:06:13:08 +0800] "GET /xingrg/javascript/easyui/themes/default/validatebox.css HTTP/1.1" 404 1104
120.253.135.82 - - [01/Jan/2024:06:13:09 +0800] "POST /xingrg/kc/pszx/mdps_order_operate.html HTTP/1.1" 200 14810
221.239.172.206 - - [01/Jan/2024:06:13:09 +0800] "GET /xingrg/all/function/internal_message.html?_=1704060789575&CODE_STATE=getMsg HTTP/1.1" 302 -
101.83.145.37 - - [01/Jan/2024:06:13:14 +0800] "GET /xingrg/all/function/internal_message.html?_=1704060796302&CODE_STATE=getMsg HTTP/1.1" 302 -
58.40.7.146 - - [01/Jan/2024:06:13:17 +0800] "GET /xingrg/all/function/internal_message.html?_=1704060797733&CODE_STATE=getMsg HTTP/1.1" 302 -
116.232.193.168 - - [01/Jan/2024:06:13:20 +0800] "GET /xingrg/all/function/internal_message.html?_=1704060762587&CODE_STATE=getMsg HTTP/1.1" 302 -
221.239.172.206 - - [01/Jan/2024:06:13:22 +0800] "GET /xingrg/check_reg.html?_=1704060801963 HTTP/1.1" 302 -
222.67.232.215 - - [01/Jan/2024:06:13:28 +0800] "GET /xingrg/all/function/internal_message.html?_=1704060808572&CODE_STATE=getMsg HTTP/1.1" 200 27
114.95.241.104 - - [01/Jan/2024:06:13:30 +0800] "GET /xingrg/all/function/internal_message.html?_=1704060810876&CODE_STATE=getMsg HTTP/1.1" 302 -
114.95.241.104 - - [01/Jan/2024:06:13:30 +0800] "GET /xingrg/check_reg.html?_=1704060810879 HTTP/1.1" 302 -
120.253.135.82 - - [01/Jan/2024:06:13:31 +0800] "POST /xingrg/kc/pszx/mdps_order_operate.html HTTP/1.1" 200 37
120.253.135.82 - - [01/Jan/2024:06:13:32 +0800] "GET /xingrg/kc/pszx/mdps_order_info.html?code=312024010100010 HTTP/1.1" 200 23972
120.253.135.82 - - [01/Jan/2024:06:13:33 +0800] "GET /xingrg/javascript/easyui/themes/default/validatebox.css HTTP/1.1" 404 1104
120.253.135.82 - - [01/Jan/2024:06:13:33 +0800] "POST /xingrg/kc/pszx/mdps_order_operate.html HTTP/1.1" 200 14810
120.253.135.82 - - [01/Jan/2024:06:13:34 +0800] "POST /xingrg/kc/pszx/mdps_list_operate.html HTTP/1.1" 200 3863
58.40.7.146 - - [01/Jan/2024:06:13:34 +0800] "GET /xingrg/all/function/internal_message.html?_=1704060814324&CODE_STATE=getMsg HTTP/1.1" 302 -
120.253.135.82 - - [01/Jan/2024:06:13:36 +0800] "POST /xingrg/kc/pszx/mdps_list_operate.html HTTP/1.1" 200 669
120.253.135.82 - - [01/Jan/2024:06:13:37 +0800] "POST /xingrg/kc/pszx/mdps_list_operate.html HTTP/1.1" 200 610
120.253.135.82 - - [01/Jan/2024:06:13:38 +0800] "GET /xingrg/kc/pszx/mdps_order_info.html?code=312024010100011 HTTP/1.1" 200 23972
120.253.135.82 - - [01/Jan/2024:06:13:39 +0800] "GET /xingrg/javascript/easyui/themes/default/validatebox.css HTTP/1.1" 404 1104
120.253.135.82 - - [01/Jan/2024:06:13:39 +0800] "POST /xingrg/kc/pszx/mdps_order_operate.html HTTP/1.1" 200 5759
58.40.7.146 - - [01/Jan/2024:06:13:39 +0800] "GET /xingrg/check_reg.html?_=1704060819594 HTTP/1.1" 302 -
116.230.112.67 - - [01/Jan/2024:06:13:41 +0800] "GET /xingrg/all/function/internal_message.html?_=1704060822638&CODE_STATE=getMsg HTTP/1.1" 302 -
120.253.135.82 - - [01/Jan/2024:06:13:43 +0800] "POST /xingrg/kc/pszx/mdps_order_operate.html HTTP/1.1" 200 37
120.253.135.82 - - [01/Jan/2024:06:13:44 +0800] "GET /xingrg/kc/pszx/mdps_order_info.html?code=312024010100011 HTTP/1.1" 200 23972
180.169.147.146 - - [01/Jan/2024:06:13:45 +0800] "GET /xingrg/all/function/internal_message.html?_=1704060825083&CODE_STATE=getMsg HTTP/1.1" 302 -
120.253.135.82 - - [01/Jan/2024:06:13:45 +0800] "GET /xingrg/javascript/easyui/themes/default/validatebox.css HTTP/1.1" 404 1104
120.253.135.82 - - [01/Jan/2024:06:13:45 +0800] "POST /xingrg/kc/pszx/mdps_order_operate.html HTTP/1.1" 200 5821
120.253.135.82 - - [01/Jan/2024:06:13:45 +0800] "GET /xingrg/all/function/internal_message.html?_=1704060642951&CODE_STATE=getMsg HTTP/1.1" 200 27
58.40.7.146 - - [01/Jan/2024:06:13:56 +0800] "GET /xingrg/check_reg.html?_=1704060836202 HTTP/1.1" 302 -
120.253.135.82 - - [01/Jan/2024:06:14:00 +0800] "POST /xingrg/kc/pszx/mdps_list_operate.html HTTP/1.1" 200 3863
120.253.135.82 - - [01/Jan/2024:06:14:02 +0800] "POST /xingrg/kc/pszx/mdps_list_operate.html HTTP/1.1" 200 378
120.253.135.82 - - [01/Jan/2024:06:14:03 +0800] "GET /xingrg/kc/pszx/mdps_order_info.html?code=312024010100012 HTTP/1.1" 200 23972
120.253.135.82 - - [01/Jan/2024:06:14:04 +0800] "GET /xingrg/javascript/easyui/themes/default/validatebox.css HTTP/1.1" 404 1104
120.253.135.82 - - [01/Jan/2024:06:14:04 +0800] "POST /xingrg/kc/pszx/mdps_order_operate.html HTTP/1.1" 200 3289
120.253.135.82 - - [01/Jan/2024:06:14:07 +0800] "POST /xingrg/kc/pszx/mdps_order_operate.html HTTP/1.1" 200 37
124.78.154.219 - - [01/Jan/2024:06:14:08 +0800] "GET /xingrg/all/function/internal_message.html?_=1704060847110&CODE_STATE=getMsg HTTP/1.1" 200 27
120.253.135.82 - - [01/Jan/2024:06:14:08 +0800] "GET /xingrg/kc/pszx/mdps_order_info.html?code=312024010100012 HTTP/1.1" 200 23972
120.253.135.82 - - [01/Jan/2024:06:14:09 +0800] "GET /xingrg/javascript/easyui/themes/default/validatebox.css HTTP/1.1" 404 1104
120.253.135.82 - - [01/Jan/2024:06:14:09 +0800] "POST /xingrg/kc/pszx/mdps_order_operate.html HTTP/1.1" 200 3311
221.239.172.206 - - [01/Jan/2024:06:14:09 +0800] "GET /xingrg/all/function/internal_message.html?_=1704060849547&CODE_STATE=getMsg HTTP/1.1" 302 -
124.79.241.187 - - [01/Jan/2024:06:14:11 +0800] "POST /xingrg/services/DataTransmitService HTTP/1.1" 200 524
120.253.135.82 - - [01/Jan/2024:06:14:13 +0800] "POST /xingrg/kc/pszx/mdps_list_operate.html HTTP/1.1" 200 3863
101.83.145.37 - - [01/Jan/2024:06:14:14 +0800] "GET /xingrg/all/function/internal_message.html?_=1704060856303&CODE_STATE=getMsg HTTP/1.1" 302 -
120.253.135.82 - - [01/Jan/2024:06:14:16 +0800] "POST /xingrg/kc/pszx/mdps_list_operate.html HTTP/1.1" 200 378
120.253.135.82 - - [01/Jan/2024:06:14:17 +0800] "POST /xingrg/kc/pszx/mdps_list_operate.html HTTP/1.1" 200 595
58.40.7.146 - - [01/Jan/2024:06:14:17 +0800] "GET /xingrg/all/function/internal_message.html?_=1704060857704&CODE_STATE=getMsg HTTP/1.1" 302 -
120.253.135.82 - - [01/Jan/2024:06:14:19 +0800] "GET /xingrg/kc/pszx/mdps_order_info.html?code=312024010100013 HTTP/1.1" 200 23972
120.253.135.82 - - [01/Jan/2024:06:14:20 +0800] "GET /xingrg/javascript/easyui/themes/default/validatebox.css HTTP/1.1" 404 1104
120.253.135.82 - - [01/Jan/2024:06:14:20 +0800] "POST /xingrg/kc/pszx/mdps_order_operate.html HTTP/1.1" 200 11707
116.232.193.168 - - [01/Jan/2024:06:14:20 +0800] "GET /xingrg/all/function/internal_message.html?_=1704060822572&CODE_STATE=getMsg HTTP/1.1" 302 -
120.253.135.82 - - [01/Jan/2024:06:14:21 +0800] "POST /xingrg/all/common/load_combo.html?type=base HTTP/1.1" 200 1169
116.230.112.67 - - [01/Jan/2024:06:14:23 +0800] "GET /xingrg/check_reg.html?_=1704060864451 HTTP/1.1" 302 -
120.253.135.82 - - [01/Jan/2024:06:14:25 +0800] "POST /xingrg/kc/pszx/mdps_order_operate.html HTTP/1.1" 200 37
120.253.135.82 - - [01/Jan/2024:06:14:26 +0800] "GET /xingrg/kc/pszx/mdps_order_info.html?code=312024010100013 HTTP/1.1" 200 23972
120.253.135.82 - - [01/Jan/2024:06:14:27 +0800] "GET /xingrg/javascript/easyui/themes/default/validatebox.css HTTP/1.1" 404 1104
120.253.135.82 - - [01/Jan/2024:06:14:27 +0800] "POST /xingrg/kc/pszx/mdps_order_operate.html HTTP/1.1" 200 11874
222.67.232.215 - - [01/Jan/2024:06:14:28 +0800] "GET /xingrg/all/function/internal_message.html?_=1704060868554&CODE_STATE=getMsg HTTP/1.1" 200 27
114.95.241.104 - - [01/Jan/2024:06:14:30 +0800] "GET /xingrg/all/function/internal_message.html?_=1704060870889&CODE_STATE=getMsg HTTP/1.1" 302 -
116.232.193.168 - - [01/Jan/2024:06:14:32 +0800] "GET /xingrg/check_reg.html?_=1704060834593 HTTP/1.1" 302 -
58.40.7.146 - - [01/Jan/2024:06:14:34 +0800] "GET /xingrg/all/function/internal_message.html?_=1704060874297&CODE_STATE=getMsg HTTP/1.1" 302 -
120.253.135.82 - - [01/Jan/2024:06:14:37 +0800] "POST /xingrg/kc/pszx/mdps_order_operate.html HTTP/1.1" 200 37
120.253.135.82 - - [01/Jan/2024:06:14:38 +0800] "GET /xingrg/kc/pszx/mdps_order_info.html?code=312024010100013 HTTP/1.1" 200 23972
222.67.232.215 - - [01/Jan/2024:06:14:38 +0800] "GET /xingrg/check_reg.html?_=1704060878436 HTTP/1.1" 200 22
120.253.135.82 - - [01/Jan/2024:06:14:39 +0800] "POST /xingrg/kc/pszx/mdps_order_operate.html HTTP/1.1" 200 11874
120.253.135.82 - - [01/Jan/2024:06:14:39 +0800] "GET /xingrg/javascript/easyui/themes/default/validatebox.css HTTP/1.1" 404 1104
116.230.112.67 - - [01/Jan/2024:06:14:41 +0800] "GET /xingrg/all/function/internal_message.html?_=1704060882645&CODE_STATE=getMsg HTTP/1.1" 302 -
120.253.135.82 - - [01/Jan/2024:06:14:44 +0800] "GET /xingrg/check_reg.html?_=1704060701840 HTTP/1.1" 200 22
180.169.147.146 - - [01/Jan/2024:06:14:45 +0800] "GET /xingrg/check_reg.html?_=1704060885078 HTTP/1.1" 302 -
180.169.147.146 - - [01/Jan/2024:06:14:45 +0800] "GET /xingrg/all/function/internal_message.html?_=1704060885079&CODE_STATE=getMsg HTTP/1.1" 302 -
120.253.135.82 - - [01/Jan/2024:06:14:45 +0800] "GET /xingrg/all/function/internal_message.html?_=1704060702963&CODE_STATE=getMsg HTTP/1.1" 200 27
120.253.135.82 - - [01/Jan/2024:06:14:57 +0800] "POST /xingrg/all/common/load_select.html HTTP/1.1" 200 25
120.253.135.82 - - [01/Jan/2024:06:15:01 +0800] "GET /xingrg/kc/pszx/mdps_order_operate.html?command=get_materiel_price&pszx_code=00101&rest_code=00106&base_code=0010250&code=00102002433&unit_code=00100104&order_time=2024-01-02 HTTP/1.1" 200 39
124.78.154.219 - - [01/Jan/2024:06:15:08 +0800] "GET /xingrg/all/function/internal_message.html?_=1704060907112&CODE_STATE=getMsg HTTP/1.1" 200 27
221.239.172.206 - - [01/Jan/2024:06:15:09 +0800] "GET /xingrg/all/function/internal_message.html?_=1704060909520&CODE_STATE=getMsg HTTP/1.1" 302 -
101.83.145.37 - - [01/Jan/2024:06:15:14 +0800] "GET /xingrg/all/function/internal_message.html?_=1704060916304&CODE_STATE=getMsg HTTP/1.1" 302 -
101.83.145.37 - - [01/Jan/2024:06:15:14 +0800] "GET /xingrg/check_reg.html?_=1704060916307 HTTP/1.1" 302 -
58.40.7.146 - - [01/Jan/2024:06:15:17 +0800] "GET /xingrg/all/function/internal_message.html?_=1704060917675&CODE_STATE=getMsg HTTP/1.1" 302 -
116.232.193.168 - - [01/Jan/2024:06:15:20 +0800] "GET /xingrg/all/function/internal_message.html?_=1704060882563&CODE_STATE=getMsg HTTP/1.1" 302 -
120.253.135.82 - - [01/Jan/2024:06:15:21 +0800] "POST /xingrg/kc/pszx/mdps_order_operate.html HTTP/1.1" 200 37
120.253.135.82 - - [01/Jan/2024:06:15:23 +0800] "GET /xingrg/kc/pszx/mdps_order_info.html?code=312024010100013 HTTP/1.1" 200 23972
120.253.135.82 - - [01/Jan/2024:06:15:24 +0800] "GET /xingrg/javascript/easyui/themes/default/validatebox.css HTTP/1.1" 404 1104
120.253.135.82 - - [01/Jan/2024:06:15:24 +0800] "POST /xingrg/kc/pszx/mdps_order_operate.html HTTP/1.1" 200 11876
222.67.232.215 - - [01/Jan/2024:06:15:28 +0800] "GET /xingrg/all/function/internal_message.html?_=1704060928538&CODE_STATE=getMsg HTTP/1.1" 200 27
114.95.241.104 - - [01/Jan/2024:06:15:30 +0800] "GET /xingrg/all/function/internal_message.html?_=1704060930877&CODE_STATE=getMsg HTTP/1.1" 302 -
58.40.7.146 - - [01/Jan/2024:06:15:34 +0800] "GET /xingrg/all/function/internal_message.html?_=1704060934267&CODE_STATE=getMsg HTTP/1.1" 302 -
116.230.112.67 - - [01/Jan/2024:06:15:41 +0800] "GET /xingrg/all/function/internal_message.html?_=1704060942694&CODE_STATE=getMsg HTTP/1.1" 302 -
180.169.147.146 - - [01/Jan/2024:06:15:45 +0800] "GET /xingrg/all/function/internal_message.html?_=1704060945095&CODE_STATE=getMsg HTTP/1.1" 302 -
120.253.135.82 - - [01/Jan/2024:06:15:45 +0800] "GET /xingrg/all/function/internal_message.html?_=1704060762976&CODE_STATE=getMsg HTTP/1.1" 200 27
120.253.135.82 - - [01/Jan/2024:06:15:50 +0800] "POST /xingrg/kc/pszx/mdps_list_operate.html HTTP/1.1" 200 3863
120.253.135.82 - - [01/Jan/2024:06:15:52 +0800] "POST /xingrg/kc/pszx/mdps_list_operate.html HTTP/1.1" 200 202
120.253.135.82 - - [01/Jan/2024:06:15:53 +0800] "POST /xingrg/kc/pszx/mdps_list_operate.html HTTP/1.1" 200 595
120.253.135.82 - - [01/Jan/2024:06:15:56 +0800] "POST /xingrg/kc/pszx/mdps_list_operate.html HTTP/1.1" 200 378
218.81.65.124 - - [01/Jan/2024:06:15:57 +0800] "GET /xingrg/check_reg.html?_=1704060957906 HTTP/1.1" 302 -
120.253.135.82 - - [01/Jan/2024:06:16:03 +0800] "GET /xingrg/kc/pszx/mdqp_order_list.html?state=10 HTTP/1.1" 200 16557
120.253.135.82 - - [01/Jan/2024:06:16:03 +0800] "GET /xingrg/dwr/interface/AjaxReportQueryService.js HTTP/1.1" 200 13203
120.253.135.82 - - [01/Jan/2024:06:16:03 +0800] "GET /xingrg/dwr/engine.js HTTP/1.1" 200 43631
120.253.135.82 - - [01/Jan/2024:06:16:03 +0800] "GET /xingrg/dwr/interface/AjaxQqpsService.js HTTP/1.1" 200 16326
124.78.154.219 - - [01/Jan/2024:06:16:08 +0800] "GET /xingrg/check_reg.html?_=1704060967116 HTTP/1.1" 200 22
124.78.154.219 - - [01/Jan/2024:06:16:08 +0800] "GET /xingrg/all/function/internal_message.html?_=1704060967113&CODE_STATE=getMsg HTTP/1.1" 200 27
120.253.135.82 - - [01/Jan/2024:06:16:09 +0800] "GET /xingrg/kc/pszx/jzcl_ps.html HTTP/1.1" 200 7683
120.253.135.82 - - [01/Jan/2024:06:16:09 +0800] "POST /xingrg/all/common/load_tree.html?tree=area_rest_tree_json HTTP/1.1" 200 3624
120.253.135.82 - - [01/Jan/2024:06:16:09 +0800] "POST /xingrg/kc/pszx/jzcl_ps_operate.html HTTP/1.1" 200 7188
120.253.135.82 - - [01/Jan/2024:06:16:09 +0800] "POST /xingrg/kc/pszx/jzcl_ps_operate.html HTTP/1.1" 200 7188
221.239.172.206 - - [01/Jan/2024:06:16:09 +0800] "GET /xingrg/all/function/internal_message.html?_=1704060969504&CODE_STATE=getMsg HTTP/1.1" 302 -
101.83.145.37 - - [01/Jan/2024:06:16:14 +0800] "GET /xingrg/all/function/internal_message.html?_=1704060976308&CODE_STATE=getMsg HTTP/1.1" 302 -
58.40.7.146 - - [01/Jan/2024:06:16:17 +0800] "GET /xingrg/all/function/internal_message.html?_=1704060977662&CODE_STATE=getMsg HTTP/1.1" 302 -
116.232.193.168 - - [01/Jan/2024:06:16:20 +0800] "GET /xingrg/all/function/internal_message.html?_=1704060942549&CODE_STATE=getMsg HTTP/1.1" 302 -
222.67.232.215 - - [01/Jan/2024:06:16:28 +0800] "GET /xingrg/all/function/internal_message.html?_=1704060988510&CODE_STATE=getMsg HTTP/1.1" 200 27
114.95.241.104 - - [01/Jan/2024:06:16:30 +0800] "GET /xingrg/all/function/internal_message.html?_=1704060990890&CODE_STATE=getMsg HTTP/1.1" 302 -
58.40.7.146 - - [01/Jan/2024:06:16:34 +0800] "GET /xingrg/all/function/internal_message.html?_=1704060994241&CODE_STATE=getMsg HTTP/1.1" 302 -
120.253.135.82 - - [01/Jan/2024:06:16:35 +0800] "POST /xingrg/kc/pszx/jzcl_ps_operate.html HTTP/1.1" 200 4
120.253.135.82 - - [01/Jan/2024:06:16:38 +0800] "GET /xingrg/kc/pszx/mdps_order_list.html HTTP/1.1" 200 21036
120.253.135.82 - - [01/Jan/2024:06:16:39 +0800] "POST /xingrg/kc/pszx/mdps_list_operate.html HTTP/1.1" 200 5326
116.230.112.67 - - [01/Jan/2024:06:16:41 +0800] "GET /xingrg/all/function/internal_message.html?_=1704061002703&CODE_STATE=getMsg HTTP/1.1" 302 -
180.169.147.146 - - [01/Jan/2024:06:16:45 +0800] "GET /xingrg/all/function/internal_message.html?_=1704061005081&CODE_STATE=getMsg HTTP/1.1" 302 -
120.253.135.82 - - [01/Jan/2024:06:16:45 +0800] "GET /xingrg/all/function/internal_message.html?_=1704060822992&CODE_STATE=getMsg HTTP/1.1" 200 27
120.253.135.82 - - [01/Jan/2024:06:16:52 +0800] "POST /xingrg/kc/pszx/mdps_list_operate.html HTTP/1.1" 200 4666
120.253.135.82 - - [01/Jan/2024:06:16:56 +0800] "POST /xingrg/kc/pszx/mdps_list_operate.html HTTP/1.1" 200 204
124.78.154.219 - - [01/Jan/2024:06:17:08 +0800] "GET /xingrg/all/function/internal_message.html?_=1704061027102&CODE_STATE=getMsg HTTP/1.1" 200 27
221.239.172.206 - - [01/Jan/2024:06:17:09 +0800] "GET /xingrg/all/function/internal_message.html?_=1704061029487&CODE_STATE=getMsg HTTP/1.1" 302 -
101.83.145.37 - - [01/Jan/2024:06:17:14 +0800] "GET /xingrg/all/function/internal_message.html?_=1704061036309&CODE_STATE=getMsg HTTP/1.1" 302 -
58.40.7.146 - - [01/Jan/2024:06:17:17 +0800] "GET /xingrg/all/function/internal_message.html?_=1704061037638&CODE_STATE=getMsg HTTP/1.1" 302 -
116.232.193.168 - - [01/Jan/2024:06:17:20 +0800] "GET /xingrg/all/function/internal_message.html?_=1704061002525&CODE_STATE=getMsg HTTP/1.1" 302 -
222.67.232.215 - - [01/Jan/2024:06:17:28 +0800] "GET /xingrg/all/function/internal_message.html?_=1704061048482&CODE_STATE=getMsg HTTP/1.1" 200 27
114.95.241.104 - - [01/Jan/2024:06:17:30 +0800] "GET /xingrg/all/function/internal_message.html?_=1704061050882&CODE_STATE=getMsg HTTP/1.1" 302 -
58.40.7.146 - - [01/Jan/2024:06:17:34 +0800] "GET /xingrg/all/function/internal_message.html?_=1704061054228&CODE_STATE=getMsg HTTP/1.1" 302 -
120.253.135.82 - - [01/Jan/2024:06:17:39 +0800] "POST /xingrg/kc/pszx/mdps_list_operate.html HTTP/1.1" 200 283
120.253.135.82 - - [01/Jan/2024:06:17:40 +0800] "GET /xingrg/kc/pszx/mdps_order_info.html?code=312024010100015 HTTP/1.1" 200 23978
120.253.135.82 - - [01/Jan/2024:06:17:41 +0800] "GET /xingrg/javascript/easyui/themes/default/validatebox.css HTTP/1.1" 404 1104
120.253.135.82 - - [01/Jan/2024:06:17:41 +0800] "POST /xingrg/kc/pszx/mdps_order_operate.html HTTP/1.1" 200 2763
116.230.112.67 - - [01/Jan/2024:06:17:41 +0800] "GET /xingrg/all/function/internal_message.html?_=1704061062751&CODE_STATE=getMsg HTTP/1.1" 302 -
120.253.135.82 - - [01/Jan/2024:06:17:44 +0800] "POST /xingrg/kc/pszx/mdps_order_operate.html HTTP/1.1" 200 37
120.253.135.82 - - [01/Jan/2024:06:17:44 +0800] "GET /xingrg/kc/pszx/mdps_order_info.html?code=312024010100015 HTTP/1.1" 200 23978
180.169.147.146 - - [01/Jan/2024:06:17:45 +0800] "GET /xingrg/all/function/internal_message.html?_=1704061065071&CODE_STATE=getMsg HTTP/1.1" 302 -
120.253.135.82 - - [01/Jan/2024:06:17:45 +0800] "GET /xingrg/all/function/internal_message.html?_=1704060883199&CODE_STATE=getMsg HTTP/1.1" 200 27
120.253.135.82 - - [01/Jan/2024:06:17:45 +0800] "GET /xingrg/javascript/easyui/themes/default/validatebox.css HTTP/1.1" 404 1104
120.253.135.82 - - [01/Jan/2024:06:17:45 +0800] "POST /xingrg/kc/pszx/mdps_order_operate.html HTTP/1.1" 200 2777
124.78.154.219 - - [01/Jan/2024:06:18:08 +0800] "GET /xingrg/all/function/internal_message.html?_=1704061087104&CODE_STATE=getMsg HTTP/1.1" 200 27
221.239.172.206 - - [01/Jan/2024:06:18:09 +0800] "GET /xingrg/all/function/internal_message.html?_=1704061089472&CODE_STATE=getMsg HTTP/1.1" 302 -
101.83.145.37 - - [01/Jan/2024:06:18:14 +0800] "GET /xingrg/all/function/internal_message.html?_=1704061096308&CODE_STATE=getMsg HTTP/1.1" 302 -
58.40.7.146 - - [01/Jan/2024:06:18:17 +0800] "GET /xingrg/all/function/internal_message.html?_=1704061097607&CODE_STATE=getMsg HTTP/1.1" 302 -
116.232.193.168 - - [01/Jan/2024:06:18:20 +0800] "GET /xingrg/all/function/internal_message.html?_=1704061062508&CODE_STATE=getMsg HTTP/1.1" 302 -
221.239.172.206 - - [01/Jan/2024:06:18:22 +0800] "GET /xingrg/check_reg.html?_=1704061101942 HTTP/1.1" 302 -
222.67.232.215 - - [01/Jan/2024:06:18:28 +0800] "GET /xingrg/all/function/internal_message.html?_=1704061108459&CODE_STATE=getMsg HTTP/1.1" 200 27
114.95.241.104 - - [01/Jan/2024:06:18:30 +0800] "GET /xingrg/check_reg.html?_=1704061110876 HTTP/1.1" 302 -
114.95.241.104 - - [01/Jan/2024:06:18:30 +0800] "GET /xingrg/all/function/internal_message.html?_=1704061110878&CODE_STATE=getMsg HTTP/1.1" 302 -
120.253.135.82 - - [01/Jan/2024:06:18:32 +0800] "POST /xingrg/kc/pszx/mdps_list_operate.html HTTP/1.1" 200 521
120.253.135.82 - - [01/Jan/2024:06:18:33 +0800] "GET /xingrg/kc/pszx/mdps_order_info.html?code=312024010100016 HTTP/1.1" 200 23978
120.253.135.82 - - [01/Jan/2024:06:18:33 +0800] "GET /xingrg/javascript/easyui/themes/default/validatebox.css HTTP/1.1" 404 1104
120.253.135.82 - - [01/Jan/2024:06:18:33 +0800] "POST /xingrg/kc/pszx/mdps_order_operate.html HTTP/1.1" 200 4242
58.40.7.146 - - [01/Jan/2024:06:18:34 +0800] "GET /xingrg/all/function/internal_message.html?_=1704061114200&CODE_STATE=getMsg HTTP/1.1" 302 -
120.253.135.82 - - [01/Jan/2024:06:18:36 +0800] "POST /xingrg/kc/pszx/mdps_order_operate.html HTTP/1.1" 200 37
120.253.135.82 - - [01/Jan/2024:06:18:38 +0800] "GET /xingrg/kc/pszx/mdps_order_info.html?code=312024010100016 HTTP/1.1" 200 23978
120.253.135.82 - - [01/Jan/2024:06:18:38 +0800] "GET /xingrg/javascript/easyui/themes/default/validatebox.css HTTP/1.1" 404 1104
120.253.135.82 - - [01/Jan/2024:06:18:38 +0800] "POST /xingrg/kc/pszx/mdps_order_operate.html HTTP/1.1" 200 4279
58.40.7.146 - - [01/Jan/2024:06:18:39 +0800] "GET /xingrg/check_reg.html?_=1704061119579 HTTP/1.1" 302 -
116.230.112.67 - - [01/Jan/2024:06:18:41 +0800] "GET /xingrg/all/function/internal_message.html?_=1704061122763&CODE_STATE=getMsg HTTP/1.1" 302 -
180.169.147.146 - - [01/Jan/2024:06:18:45 +0800] "GET /xingrg/all/function/internal_message.html?_=1704061125084&CODE_STATE=getMsg HTTP/1.1" 302 -
120.253.135.82 - - [01/Jan/2024:06:18:45 +0800] "GET /xingrg/all/function/internal_message.html?_=1704060943205&CODE_STATE=getMsg HTTP/1.1" 200 27
58.40.7.146 - - [01/Jan/2024:06:18:56 +0800] "GET /xingrg/check_reg.html?_=1704061136187 HTTP/1.1" 302 -
81.71.5.172 - - [01/Jan/2024:06:18:59 +0800] "GET /xingrg/check_reg.html?_=1704036066695 HTTP/1.1" 302 -
106.55.200.246 - - [01/Jan/2024:06:18:59 +0800] "GET /xingrg/login.html HTTP/1.1" 200 7641
124.78.154.219 - - [01/Jan/2024:06:19:08 +0800] "GET /xingrg/all/function/internal_message.html?_=1704061147105&CODE_STATE=getMsg HTTP/1.1" 200 27
221.239.172.206 - - [01/Jan/2024:06:19:09 +0800] "GET /xingrg/all/function/internal_message.html?_=1704061149458&CODE_STATE=getMsg HTTP/1.1" 302 -
101.83.145.37 - - [01/Jan/2024:06:19:14 +0800] "GET /xingrg/all/function/internal_message.html?_=1704061156309&CODE_STATE=getMsg HTTP/1.1" 302 -
58.40.7.146 - - [01/Jan/2024:06:19:17 +0800] "GET /xingrg/all/function/internal_message.html?_=1704061157580&CODE_STATE=getMsg HTTP/1.1" 302 -
116.232.193.168 - - [01/Jan/2024:06:19:20 +0800] "GET /xingrg/all/function/internal_message.html?_=1704061122507&CODE_STATE=getMsg HTTP/1.1" 302 -
116.230.112.67 - - [01/Jan/2024:06:19:23 +0800] "GET /xingrg/check_reg.html?_=1704061164475 HTTP/1.1" 302 -
120.253.135.82 - - [01/Jan/2024:06:19:25 +0800] "POST /xingrg/kc/pszx/mdps_order_operate.html HTTP/1.1" 200 37
120.253.135.82 - - [01/Jan/2024:06:19:26 +0800] "GET /xingrg/kc/pszx/mdps_order_info.html?code=312024010100016 HTTP/1.1" 200 23978
120.253.135.82 - - [01/Jan/2024:06:19:27 +0800] "GET /xingrg/javascript/easyui/themes/default/validatebox.css HTTP/1.1" 404 1104
120.253.135.82 - - [01/Jan/2024:06:19:27 +0800] "POST /xingrg/kc/pszx/mdps_order_operate.html HTTP/1.1" 200 4279
222.67.232.215 - - [01/Jan/2024:06:19:28 +0800] "GET /xingrg/all/function/internal_message.html?_=1704061168441&CODE_STATE=getMsg HTTP/1.1" 200 27
120.253.135.82 - - [01/Jan/2024:06:19:29 +0800] "POST /xingrg/kc/pszx/mdps_list_operate.html HTTP/1.1" 200 4666
114.95.241.104 - - [01/Jan/2024:06:19:30 +0800] "GET /xingrg/all/function/internal_message.html?_=1704061170867&CODE_STATE=getMsg HTTP/1.1" 302 -
120.253.135.82 - - [01/Jan/2024:06:19:32 +0800] "GET /xingrg/kc/pszx/mdps_order_add.html HTTP/1.1" 200 29105
116.232.193.168 - - [01/Jan/2024:06:19:32 +0800] "GET /xingrg/check_reg.html?_=1704061134589 HTTP/1.1" 302 -
120.253.135.82 - - [01/Jan/2024:06:19:32 +0800] "POST /xingrg/kc/pszx/mdps_order_operate.html HTTP/1.1" 200 7126
120.253.135.82 - - [01/Jan/2024:06:19:33 +0800] "GET /xingrg/javascript/easyui/themes/default/validatebox.css HTTP/1.1" 404 1104
58.40.7.146 - - [01/Jan/2024:06:19:34 +0800] "GET /xingrg/all/function/internal_message.html?_=1704061174173&CODE_STATE=getMsg HTTP/1.1" 302 -
222.67.232.215 - - [01/Jan/2024:06:19:38 +0800] "GET /xingrg/check_reg.html?_=1704061178437 HTTP/1.1" 200 22
116.230.112.67 - - [01/Jan/2024:06:19:41 +0800] "GET /xingrg/all/function/internal_message.html?_=1704061182805&CODE_STATE=getMsg HTTP/1.1" 302 -
106.55.202.193 - - [01/Jan/2024:06:19:42 +0800] "GET /xingrg/all/function/internal_message.html?_=1704035706691&CODE_STATE=getMsg HTTP/1.1" 302 -
120.253.135.82 - - [01/Jan/2024:06:19:44 +0800] "GET /xingrg/check_reg.html?_=1704061001847 HTTP/1.1" 200 22
180.169.147.146 - - [01/Jan/2024:06:19:45 +0800] "GET /xingrg/check_reg.html?_=1704061185079 HTTP/1.1" 302 -
180.169.147.146 - - [01/Jan/2024:06:19:45 +0800] "GET /xingrg/all/function/internal_message.html?_=1704061185080&CODE_STATE=getMsg HTTP/1.1" 302 -
120.253.135.82 - - [01/Jan/2024:06:19:45 +0800] "GET /xingrg/all/function/internal_message.html?_=1704061003403&CODE_STATE=getMsg HTTP/1.1" 200 27
120.253.135.82 - - [01/Jan/2024:06:20:01 +0800] "POST /xingrg/all/common/load_combo.html?type=base HTTP/1.1" 200 1169
124.78.154.219 - - [01/Jan/2024:06:20:08 +0800] "GET /xingrg/all/function/internal_message.html?_=1704061207106&CODE_STATE=getMsg HTTP/1.1" 200 27
120.253.135.82 - - [01/Jan/2024:06:20:09 +0800] "GET /xingrg/kc/pszx/mdps_order_operate.html?command=get_materiel&pszx_code=00101&rest_code=00141&base_code=0010246&code=00101006002 HTTP/1.1" 200 427
221.239.172.206 - - [01/Jan/2024:06:20:09 +0800] "GET /xingrg/all/function/internal_message.html?_=1704061209431&CODE_STATE=getMsg HTTP/1.1" 302 -
101.83.145.37 - - [01/Jan/2024:06:20:14 +0800] "GET /xingrg/check_reg.html?_=1704061216296 HTTP/1.1" 302 -
101.83.145.37 - - [01/Jan/2024:06:20:14 +0800] "GET /xingrg/all/function/internal_message.html?_=1704061216300&CODE_STATE=getMsg HTTP/1.1" 302 -
120.253.135.82 - - [01/Jan/2024:06:20:14 +0800] "POST /xingrg/kc/pszx/mdps_order_operate.html HTTP/1.1" 200 37
120.253.135.82 - - [01/Jan/2024:06:20:15 +0800] "GET /xingrg/kc/pszx/mdps_order_info.html?code=312024010100023 HTTP/1.1" 200 23978
120.253.135.82 - - [01/Jan/2024:06:20:16 +0800] "GET /xingrg/javascript/easyui/themes/default/validatebox.css HTTP/1.1" 404 1104
120.253.135.82 - - [01/Jan/2024:06:20:16 +0800] "POST /xingrg/kc/pszx/mdps_order_operate.html HTTP/1.1" 200 2282
120.253.135.82 - - [01/Jan/2024:06:20:17 +0800] "POST /xingrg/kc/pszx/mdps_list_operate.html HTTP/1.1" 200 5039
58.40.7.146 - - [01/Jan/2024:06:20:17 +0800] "GET /xingrg/all/function/internal_message.html?_=1704061217566&CODE_STATE=getMsg HTTP/1.1" 302 -
120.253.135.82 - - [01/Jan/2024:06:20:20 +0800] "POST /xingrg/kc/pszx/mdps_list_operate.html HTTP/1.1" 200 205
116.232.193.168 - - [01/Jan/2024:06:20:20 +0800] "GET /xingrg/all/function/internal_message.html?_=1704061182500&CODE_STATE=getMsg HTTP/1.1" 302 -
120.253.135.82 - - [01/Jan/2024:06:20:22 +0800] "POST /xingrg/kc/pszx/mdps_list_operate.html HTTP/1.1" 200 283
120.253.135.82 - - [01/Jan/2024:06:20:24 +0800] "POST /xingrg/kc/pszx/mdps_list_operate.html HTTP/1.1" 200 521
120.253.135.82 - - [01/Jan/2024:06:20:25 +0800] "GET /xingrg/kc/pszx/mdps_order_info.html?code=312024010100016 HTTP/1.1" 200 23978
120.253.135.82 - - [01/Jan/2024:06:20:26 +0800] "GET /xingrg/javascript/easyui/themes/default/validatebox.css HTTP/1.1" 404 1104
120.253.135.82 - - [01/Jan/2024:06:20:26 +0800] "POST /xingrg/kc/pszx/mdps_order_operate.html HTTP/1.1" 200 4279
222.67.232.215 - - [01/Jan/2024:06:20:28 +0800] "GET /xingrg/all/function/internal_message.html?_=1704061228437&CODE_STATE=getMsg HTTP/1.1" 200 27
114.95.241.104 - - [01/Jan/2024:06:20:30 +0800] "GET /xingrg/all/function/internal_message.html?_=1704061230882&CODE_STATE=getMsg HTTP/1.1" 302 -
120.253.135.82 - - [01/Jan/2024:06:20:31 +0800] "POST /xingrg/kc/pszx/mdps_order_operate.html HTTP/1.1" 200 37
120.253.135.82 - - [01/Jan/2024:06:20:32 +0800] "GET /xingrg/kc/pszx/mdps_order_info.html?code=312024010100016 HTTP/1.1" 200 23978
120.253.135.82 - - [01/Jan/2024:06:20:33 +0800] "GET /xingrg/javascript/easyui/themes/default/validatebox.css HTTP/1.1" 404 1104
120.253.135.82 - - [01/Jan/2024:06:20:33 +0800] "POST /xingrg/kc/pszx/mdps_order_operate.html HTTP/1.1" 200 3784
58.40.7.146 - - [01/Jan/2024:06:20:34 +0800] "GET /xingrg/all/function/internal_message.html?_=1704061234159&CODE_STATE=getMsg HTTP/1.1" 302 -
120.253.135.82 - - [01/Jan/2024:06:20:36 +0800] "POST /xingrg/kc/pszx/mdps_list_operate.html HTTP/1.1" 200 5039
120.253.135.82 - - [01/Jan/2024:06:20:39 +0800] "POST /xingrg/kc/pszx/mdps_list_operate.html HTTP/1.1" 200 615
120.253.135.82 - - [01/Jan/2024:06:20:40 +0800] "GET /xingrg/kc/pszx/mdps_order_info.html?code=312024010100017 HTTP/1.1" 200 23978
120.253.135.82 - - [01/Jan/2024:06:20:40 +0800] "GET /xingrg/javascript/easyui/themes/default/validatebox.css HTTP/1.1" 404 1104
120.253.135.82 - - [01/Jan/2024:06:20:40 +0800] "POST /xingrg/kc/pszx/mdps_order_operate.html HTTP/1.1" 200 6716
116.230.112.67 - - [01/Jan/2024:06:20:41 +0800] "GET /xingrg/all/function/internal_message.html?_=1704061242821&CODE_STATE=getMsg HTTP/1.1" 302 -
120.253.135.82 - - [01/Jan/2024:06:20:44 +0800] "POST /xingrg/kc/pszx/mdps_order_operate.html HTTP/1.1" 200 37
180.169.147.146 - - [01/Jan/2024:06:20:45 +0800] "GET /xingrg/all/function/internal_message.html?_=1704061245089&CODE_STATE=getMsg HTTP/1.1" 302 -
120.253.135.82 - - [01/Jan/2024:06:20:45 +0800] "GET /xingrg/kc/pszx/mdps_order_info.html?code=312024010100017 HTTP/1.1" 200 23978
120.253.135.82 - - [01/Jan/2024:06:20:46 +0800] "GET /xingrg/all/function/internal_message.html?_=1704061064004&CODE_STATE=getMsg HTTP/1.1" 200 27
120.253.135.82 - - [01/Jan/2024:06:20:46 +0800] "GET /xingrg/javascript/easyui/themes/default/validatebox.css HTTP/1.1" 404 1104
120.253.135.82 - - [01/Jan/2024:06:20:46 +0800] "POST /xingrg/kc/pszx/mdps_order_operate.html HTTP/1.1" 200 6790
218.81.65.124 - - [01/Jan/2024:06:20:57 +0800] "GET /xingrg/check_reg.html?_=1704061257913 HTTP/1.1" 302 -
120.253.135.82 - - [01/Jan/2024:06:20:59 +0800] "POST /xingrg/kc/pszx/mdps_order_operate.html HTTP/1.1" 200 37
120.253.135.82 - - [01/Jan/2024:06:21:00 +0800] "GET /xingrg/kc/pszx/mdps_order_info.html?code=312024010100017 HTTP/1.1" 200 23978
120.253.135.82 - - [01/Jan/2024:06:21:01 +0800] "GET /xingrg/javascript/easyui/themes/default/validatebox.css HTTP/1.1" 404 1104
120.253.135.82 - - [01/Jan/2024:06:21:01 +0800] "POST /xingrg/kc/pszx/mdps_order_operate.html HTTP/1.1" 200 6790
124.78.154.219 - - [01/Jan/2024:06:21:08 +0800] "GET /xingrg/all/function/internal_message.html?_=1704061267108&CODE_STATE=getMsg HTTP/1.1" 200 27
124.78.154.219 - - [01/Jan/2024:06:21:08 +0800] "GET /xingrg/check_reg.html?_=1704061267120 HTTP/1.1" 200 22
221.239.172.206 - - [01/Jan/2024:06:21:09 +0800] "GET /xingrg/all/function/internal_message.html?_=1704061269416&CODE_STATE=getMsg HTTP/1.1" 302 -
116.230.112.67 - - [01/Jan/2024:06:21:12 +0800] "POST /xingrg/services/DataTransmitService HTTP/1.1" 200 524
116.230.112.67 - - [01/Jan/2024:06:21:13 +0800] "POST /xingrg/services/DataTransmitService HTTP/1.1" 200 412
101.83.145.37 - - [01/Jan/2024:06:21:14 +0800] "GET /xingrg/all/function/internal_message.html?_=1704061276300&CODE_STATE=getMsg HTTP/1.1" 302 -
58.40.7.146 - - [01/Jan/2024:06:21:17 +0800] "GET /xingrg/all/function/internal_message.html?_=1704061277539&CODE_STATE=getMsg HTTP/1.1" 302 -
116.232.193.168 - - [01/Jan/2024:06:21:20 +0800] "GET /xingrg/all/function/internal_message.html?_=1704061242473&CODE_STATE=getMsg HTTP/1.1" 302 -
222.67.232.215 - - [01/Jan/2024:06:21:28 +0800] "GET /xingrg/all/function/internal_message.html?_=1704061288420&CODE_STATE=getMsg HTTP/1.1" 200 27
114.95.241.104 - - [01/Jan/2024:06:21:30 +0800] "GET /xingrg/all/function/internal_message.html?_=1704061290868&CODE_STATE=getMsg HTTP/1.1" 302 -
58.40.7.146 - - [01/Jan/2024:06:21:34 +0800] "GET /xingrg/all/function/internal_message.html?_=1704061294146&CODE_STATE=getMsg HTTP/1.1" 302 -
116.230.112.67 - - [01/Jan/2024:06:21:41 +0800] "GET /xingrg/all/function/internal_message.html?_=1704061302862&CODE_STATE=getMsg HTTP/1.1" 302 -
180.169.147.146 - - [01/Jan/2024:06:21:45 +0800] "GET /xingrg/all/function/internal_message.html?_=1704061305086&CODE_STATE=getMsg HTTP/1.1" 302 -
120.253.135.82 - - [01/Jan/2024:06:21:46 +0800] "GET /xingrg/all/function/internal_message.html?_=1704061124009&CODE_STATE=getMsg HTTP/1.1" 200 27
106.55.201.50 - - [01/Jan/2024:06:21:50 +0800] "GET /xingrg/check_reg.html?_=1704032766645 HTTP/1.1" 302 -
106.55.200.233 - - [01/Jan/2024:06:21:51 +0800] "GET /xingrg/login.html HTTP/1.1" 200 7641
218.81.65.124 - - [01/Jan/2024:06:21:51 +0800] "POST /xingrg/services/DataTransmitService HTTP/1.1" 200 524
124.78.154.219 - - [01/Jan/2024:06:22:08 +0800] "GET /xingrg/all/function/internal_message.html?_=1704061327120&CODE_STATE=getMsg HTTP/1.1" 200 27
221.239.172.206 - - [01/Jan/2024:06:22:09 +0800] "GET /xingrg/all/function/internal_message.html?_=1704061329399&CODE_STATE=getMsg HTTP/1.1" 302 -
120.253.135.82 - - [01/Jan/2024:06:22:09 +0800] "GET /xingrg/kc/pszx/mdps_order_operate.html?command=get_materiel&pszx_code=00101&rest_code=00141&base_code=0010246&code=00101018030 HTTP/1.1" 200 440
101.83.145.37 - - [01/Jan/2024:06:22:14 +0800] "GET /xingrg/all/function/internal_message.html?_=1704061336301&CODE_STATE=getMsg HTTP/1.1" 302 -
58.40.7.146 - - [01/Jan/2024:06:22:17 +0800] "GET /xingrg/all/function/internal_message.html?_=1704061337510&CODE_STATE=getMsg HTTP/1.1" 302 -
120.253.135.82 - - [01/Jan/2024:06:22:18 +0800] "POST /xingrg/kc/pszx/mdps_order_operate.html HTTP/1.1" 200 37
120.253.135.82 - - [01/Jan/2024:06:22:19 +0800] "GET /xingrg/kc/pszx/mdps_order_info.html?code=312024010100017 HTTP/1.1" 200 23978
116.232.193.168 - - [01/Jan/2024:06:22:20 +0800] "GET /xingrg/all/function/internal_message.html?_=1704061302451&CODE_STATE=getMsg HTTP/1.1" 302 -
120.253.135.82 - - [01/Jan/2024:06:22:20 +0800] "GET /xingrg/javascript/easyui/themes/default/validatebox.css HTTP/1.1" 404 1104
120.253.135.82 - - [01/Jan/2024:06:22:20 +0800] "POST /xingrg/kc/pszx/mdps_order_operate.html HTTP/1.1" 200 6789
222.67.232.215 - - [01/Jan/2024:06:22:28 +0800] "GET /xingrg/all/function/internal_message.html?_=1704061348391&CODE_STATE=getMsg HTTP/1.1" 200 27
120.253.135.82 - - [01/Jan/2024:06:22:28 +0800] "GET /xingrg/kc/pszx/mdps_order_operate.html?command=get_materiel&pszx_code=00101&rest_code=00141&base_code=0010246&code=00101013166 HTTP/1.1" 200 442
120.253.135.82 - - [01/Jan/2024:06:22:30 +0800] "POST /xingrg/all/common/load_select.html HTTP/1.1" 200 25
114.95.241.104 - - [01/Jan/2024:06:22:30 +0800] "GET /xingrg/all/function/internal_message.html?_=1704061350879&CODE_STATE=getMsg HTTP/1.1" 302 -
58.40.7.146 - - [01/Jan/2024:06:22:34 +0800] "GET /xingrg/all/function/internal_message.html?_=1704061354119&CODE_STATE=getMsg HTTP/1.1" 302 -
120.253.135.82 - - [01/Jan/2024:06:22:35 +0800] "GET /xingrg/kc/pszx/mdps_order_operate.html?command=get_materiel_price&pszx_code=00101&rest_code=00141&base_code=0010246&code=00101013166&unit_code=00100097&order_time=2024-01-02 HTTP/1.1" 200 33
116.230.112.67 - - [01/Jan/2024:06:22:41 +0800] "GET /xingrg/all/function/internal_message.html?_=1704061362863&CODE_STATE=getMsg HTTP/1.1" 302 -
120.253.135.82 - - [01/Jan/2024:06:22:44 +0800] "POST /xingrg/kc/pszx/mdps_order_operate.html HTTP/1.1" 200 37
180.169.147.146 - - [01/Jan/2024:06:22:45 +0800] "GET /xingrg/all/function/internal_message.html?_=1704061365077&CODE_STATE=getMsg HTTP/1.1" 302 -
120.253.135.82 - - [01/Jan/2024:06:22:45 +0800] "GET /xingrg/kc/pszx/mdps_order_info.html?code=312024010100017 HTTP/1.1" 200 23978
120.253.135.82 - - [01/Jan/2024:06:22:46 +0800] "GET /xingrg/javascript/easyui/themes/default/validatebox.css HTTP/1.1" 404 1104
120.253.135.82 - - [01/Jan/2024:06:22:46 +0800] "POST /xingrg/kc/pszx/mdps_order_operate.html HTTP/1.1" 200 6783
120.253.135.82 - - [01/Jan/2024:06:22:46 +0800] "GET /xingrg/all/function/internal_message.html?_=1704061184036&CODE_STATE=getMsg HTTP/1.1" 200 27
124.78.154.219 - - [01/Jan/2024:06:23:08 +0800] "GET /xingrg/all/function/internal_message.html?_=1704061387121&CODE_STATE=getMsg HTTP/1.1" 200 27
221.239.172.206 - - [01/Jan/2024:06:23:09 +0800] "GET /xingrg/all/function/internal_message.html?_=1704061389385&CODE_STATE=getMsg HTTP/1.1" 302 -
101.83.145.37 - - [01/Jan/2024:06:23:14 +0800] "GET /xingrg/all/function/internal_message.html?_=1704061396327&CODE_STATE=getMsg HTTP/1.1" 302 -
58.40.7.146 - - [01/Jan/2024:06:23:17 +0800] "GET /xingrg/all/function/internal_message.html?_=1704061397482&CODE_STATE=getMsg HTTP/1.1" 302 -
116.232.193.168 - - [01/Jan/2024:06:23:20 +0800] "GET /xingrg/all/function/internal_message.html?_=1704061362434&CODE_STATE=getMsg HTTP/1.1" 302 -
221.239.172.206 - - [01/Jan/2024:06:23:22 +0800] "GET /xingrg/check_reg.html?_=1704061401913 HTTP/1.1" 302 -
222.67.232.215 - - [01/Jan/2024:06:23:28 +0800] "GET /xingrg/all/function/internal_message.html?_=1704061408363&CODE_STATE=getMsg HTTP/1.1" 200 27
114.95.241.104 - - [01/Jan/2024:06:23:30 +0800] "GET /xingrg/check_reg.html?_=1704061410876 HTTP/1.1" 302 -
114.95.241.104 - - [01/Jan/2024:06:23:30 +0800] "GET /xingrg/all/function/internal_message.html?_=1704061410879&CODE_STATE=getMsg HTTP/1.1" 302 -
58.40.7.146 - - [01/Jan/2024:06:23:34 +0800] "GET /xingrg/all/function/internal_message.html?_=1704061414090&CODE_STATE=getMsg HTTP/1.1" 302 -
58.40.7.146 - - [01/Jan/2024:06:23:39 +0800] "GET /xingrg/check_reg.html?_=1704061419563 HTTP/1.1" 302 -
116.230.112.67 - - [01/Jan/2024:06:23:41 +0800] "GET /xingrg/all/function/internal_message.html?_=1704061422907&CODE_STATE=getMsg HTTP/1.1" 302 -
180.169.147.146 - - [01/Jan/2024:06:23:45 +0800] "GET /xingrg/all/function/internal_message.html?_=1704061425092&CODE_STATE=getMsg HTTP/1.1" 302 -
120.253.135.82 - - [01/Jan/2024:06:23:46 +0800] "GET /xingrg/all/function/internal_message.html?_=1704061244037&CODE_STATE=getMsg HTTP/1.1" 200 27
81.71.5.172 - - [01/Jan/2024:06:23:53 +0800] "GET /xingrg/check_reg.html?_=1704032166624 HTTP/1.1" 302 -
175.24.211.44 - - [01/Jan/2024:06:23:53 +0800] "GET /xingrg/login.html HTTP/1.1" 200 7641
58.40.7.146 - - [01/Jan/2024:06:23:56 +0800] "GET /xingrg/check_reg.html?_=1704061436170 HTTP/1.1" 302 -
124.78.154.219 - - [01/Jan/2024:06:24:08 +0800] "GET /xingrg/all/function/internal_message.html?_=1704061447123&CODE_STATE=getMsg HTTP/1.1" 200 27
221.239.172.206 - - [01/Jan/2024:06:24:09 +0800] "GET /xingrg/all/function/internal_message.html?_=1704061449356&CODE_STATE=getMsg HTTP/1.1" 302 -
101.83.145.37 - - [01/Jan/2024:06:24:14 +0800] "GET /xingrg/all/function/internal_message.html?_=1704061456327&CODE_STATE=getMsg HTTP/1.1" 302 -
