58.40.7.146 - - [31/Dec/2023:08:23:17 +0800] "GET /xingrg/all/function/internal_message.html?_=1703982197151&CODE_STATE=getMsg HTTP/1.1" 200 27
116.230.112.67 - - [31/Dec/2023:08:23:20 +0800] "GET /xingrg/all/function/internal_message.html?_=1703982225861&CODE_STATE=getMsg HTTP/1.1" 200 27
58.40.7.146 - - [31/Dec/2023:08:23:25 +0800] "GET /xingrg/all/function/internal_message.html?_=1703982205634&CODE_STATE=getMsg HTTP/1.1" 200 27
120.253.135.82 - - [31/Dec/2023:08:23:28 +0800] "GET /xingrg/kc/report/report_main.html HTTP/1.1" 200 8599
120.253.135.82 - - [31/Dec/2023:08:23:28 +0800] "GET /xingrg/css/blue.css HTTP/1.1" 304 -
120.253.135.82 - - [31/Dec/2023:08:23:28 +0800] "GET /xingrg/javascript/pic_change.js HTTP/1.1" 304 -
120.253.135.82 - - [31/Dec/2023:08:23:28 +0800] "GET /xingrg/javascript/jquery_easy_ui/themes/default/easyui.css HTTP/1.1" 304 -
120.253.135.82 - - [31/Dec/2023:08:23:28 +0800] "GET /xingrg/javascript/myfunction.js HTTP/1.1" 304 -
120.253.135.82 - - [31/Dec/2023:08:23:28 +0800] "GET /xingrg/javascript/jquery_easy_ui/themes/icon.css HTTP/1.1" 304 -
120.253.135.82 - - [31/Dec/2023:08:23:28 +0800] "GET /xingrg/javascript/json2.js HTTP/1.1" 304 -
120.253.135.82 - - [31/Dec/2023:08:23:28 +0800] "GET /xingrg/javascript/jquery-1.4.2.min.js HTTP/1.1" 304 -
120.253.135.82 - - [31/Dec/2023:08:23:28 +0800] "GET /xingrg/javascript/jquery_ui/themes/humanity/humanity.css HTTP/1.1" 304 -
120.253.135.82 - - [31/Dec/2023:08:23:28 +0800] "GET /favicon.ico HTTP/1.1" 404 -
120.253.135.82 - - [31/Dec/2023:08:23:33 +0800] "GET /xingrg/kc/report/report_main.html HTTP/1.1" 200 8599
120.253.135.82 - - [31/Dec/2023:08:23:33 +0800] "GET /xingrg/css/blue.css HTTP/1.1" 304 -
120.253.135.82 - - [31/Dec/2023:08:23:33 +0800] "GET /xingrg/javascript/jquery-1.4.2.min.js HTTP/1.1" 304 -
120.253.135.82 - - [31/Dec/2023:08:23:33 +0800] "GET /xingrg/javascript/json2.js HTTP/1.1" 304 -
120.253.135.82 - - [31/Dec/2023:08:23:33 +0800] "GET /xingrg/javascript/pic_change.js HTTP/1.1" 304 -
120.253.135.82 - - [31/Dec/2023:08:23:33 +0800] "GET /xingrg/javascript/jquery_ui/themes/humanity/humanity.css HTTP/1.1" 304 -
120.253.135.82 - - [31/Dec/2023:08:23:33 +0800] "GET /xingrg/javascript/jquery_easy_ui/themes/icon.css HTTP/1.1" 304 -
120.253.135.82 - - [31/Dec/2023:08:23:33 +0800] "GET /xingrg/javascript/jquery_easy_ui/themes/default/easyui.css HTTP/1.1" 304 -
120.253.135.82 - - [31/Dec/2023:08:23:33 +0800] "GET /xingrg/javascript/myfunction.js HTTP/1.1" 304 -
120.253.135.82 - - [31/Dec/2023:08:23:34 +0800] "GET /favicon.ico HTTP/1.1" 404 -
120.253.135.82 - - [31/Dec/2023:08:23:34 +0800] "GET /xingrg/kc/report/report_main.html HTTP/1.1" 200 8599
120.253.135.82 - - [31/Dec/2023:08:23:36 +0800] "GET /xingrg/kc/base/kc_stocks.html HTTP/1.1" 200 16554
116.232.193.168 - - [31/Dec/2023:08:23:36 +0800] "GET /xingrg/all/function/internal_message.html?_=1703982180486&CODE_STATE=getMsg HTTP/1.1" 200 27
120.253.135.82 - - [31/Dec/2023:08:23:36 +0800] "GET /xingrg/javascript/easyui/themes/default/tree.css HTTP/1.1" 404 1090
120.253.135.82 - - [31/Dec/2023:08:23:36 +0800] "POST /xingrg/all/common/load_tree.html?tree=materiel_sort_tree_json HTTP/1.1" 200 9617
120.253.135.82 - - [31/Dec/2023:08:23:38 +0800] "POST /xingrg/all/common/load_combo.html?type=base HTTP/1.1" 200 1169
120.253.135.82 - - [31/Dec/2023:08:23:42 +0800] "GET /xingrg/all/function/internal_message.html?_=1703982039381&CODE_STATE=getMsg HTTP/1.1" 200 27
222.67.232.215 - - [31/Dec/2023:08:23:42 +0800] "GET /xingrg/all/function/internal_message.html?_=1703982222308&CODE_STATE=getMsg HTTP/1.1" 200 27
180.169.147.146 - - [31/Dec/2023:08:23:44 +0800] "GET /xingrg/all/function/internal_message.html?_=1703982224204&CODE_STATE=getMsg HTTP/1.1" 302 -
120.253.135.82 - - [31/Dec/2023:08:23:47 +0800] "POST /xingrg/kc/base/stock_operate.html HTTP/1.1" 200 1480
116.232.193.168 - - [31/Dec/2023:08:23:55 +0800] "GET /xingrg/all/function/internal_message.html?_=1703982199547&CODE_STATE=getMsg HTTP/1.1" 200 27
116.232.193.168 - - [31/Dec/2023:08:23:55 +0800] "GET /xingrg/check_reg.html?_=1703982199549 HTTP/1.1" 200 22
221.239.172.206 - - [31/Dec/2023:08:23:55 +0800] "GET /xingrg/all/function/internal_message.html?_=1703982235720&CODE_STATE=getMsg HTTP/1.1" 200 27
120.253.135.82 - - [31/Dec/2023:08:23:57 +0800] "POST /xingrg/kc/base/stock_operate.html HTTP/1.1" 200 2288
114.95.241.104 - - [31/Dec/2023:08:24:05 +0800] "GET /xingrg/all/function/internal_message.html?_=1703982245024&CODE_STATE=getMsg HTTP/1.1" 200 27
120.253.135.82 - - [31/Dec/2023:08:24:11 +0800] "POST /xingrg/kc/base/stock_operate.html HTTP/1.1" 200 1713
58.40.7.146 - - [31/Dec/2023:08:24:17 +0800] "GET /xingrg/all/function/internal_message.html?_=1703982257153&CODE_STATE=getMsg HTTP/1.1" 200 27
120.253.135.82 - - [31/Dec/2023:08:24:19 +0800] "POST /xingrg/kc/base/stock_operate.html HTTP/1.1" 200 1465
116.230.112.67 - - [31/Dec/2023:08:24:20 +0800] "GET /xingrg/all/function/internal_message.html?_=1703982286054&CODE_STATE=getMsg HTTP/1.1" 200 27
120.253.135.82 - - [31/Dec/2023:08:24:24 +0800] "GET /xingrg/kc/pszx/mdqp_order_list.html?state=10 HTTP/1.1" 200 11567
120.253.135.82 - - [31/Dec/2023:08:24:25 +0800] "GET /xingrg/dwr/interface/AjaxQqpsService.js HTTP/1.1" 200 16326
120.253.135.82 - - [31/Dec/2023:08:24:25 +0800] "GET /xingrg/dwr/interface/AjaxReportQueryService.js HTTP/1.1" 200 13203
120.253.135.82 - - [31/Dec/2023:08:24:25 +0800] "GET /xingrg/dwr/engine.js HTTP/1.1" 200 43631
58.40.7.146 - - [31/Dec/2023:08:24:25 +0800] "GET /xingrg/all/function/internal_message.html?_=1703982265635&CODE_STATE=getMsg HTTP/1.1" 200 27
120.253.135.82 - - [31/Dec/2023:08:24:26 +0800] "GET /xingrg/check_reg.html?_=1703982083469 HTTP/1.1" 200 22
120.253.135.82 - - [31/Dec/2023:08:24:27 +0800] "GET /xingrg/kc/pszx/mdps_order_list.html?orderType=0 HTTP/1.1" 200 21036
120.253.135.82 - - [31/Dec/2023:08:24:28 +0800] "POST /xingrg/kc/pszx/mdps_list_operate.html HTTP/1.1" 200 5236
116.232.193.168 - - [31/Dec/2023:08:24:36 +0800] "GET /xingrg/all/function/internal_message.html?_=1703982240472&CODE_STATE=getMsg HTTP/1.1" 200 27
120.253.135.82 - - [31/Dec/2023:08:24:36 +0800] "POST /xingrg/kc/pszx/mdps_list_operate.html HTTP/1.1" 200 3499
120.253.135.82 - - [31/Dec/2023:08:24:38 +0800] "POST /xingrg/kc/pszx/mdps_list_operate.html HTTP/1.1" 200 368
120.253.135.82 - - [31/Dec/2023:08:24:40 +0800] "GET /xingrg/kc/pszx/mdps_order_info.html?code=312023123100669 HTTP/1.1" 200 23972
120.253.135.82 - - [31/Dec/2023:08:24:40 +0800] "GET /xingrg/javascript/easyui/themes/default/validatebox.css HTTP/1.1" 404 1104
120.253.135.82 - - [31/Dec/2023:08:24:41 +0800] "POST /xingrg/kc/pszx/mdps_order_operate.html HTTP/1.1" 200 3281
120.253.135.82 - - [31/Dec/2023:08:24:42 +0800] "GET /xingrg/all/function/internal_message.html?_=1703982099394&CODE_STATE=getMsg HTTP/1.1" 200 27
222.67.232.215 - - [31/Dec/2023:08:24:42 +0800] "GET /xingrg/all/function/internal_message.html?_=1703982282290&CODE_STATE=getMsg HTTP/1.1" 200 27
180.169.147.146 - - [31/Dec/2023:08:24:44 +0800] "GET /xingrg/check_reg.html?_=1703982284189 HTTP/1.1" 302 -
180.169.147.146 - - [31/Dec/2023:08:24:44 +0800] "GET /xingrg/all/function/internal_message.html?_=1703982284191&CODE_STATE=getMsg HTTP/1.1" 302 -
120.253.135.82 - - [31/Dec/2023:08:24:45 +0800] "POST /xingrg/kc/pszx/mdps_list_operate.html HTTP/1.1" 200 622
120.253.135.82 - - [31/Dec/2023:08:24:47 +0800] "GET /xingrg/kc/pszx/mdps_order_info.html?code=312023123100670 HTTP/1.1" 200 23972
120.253.135.82 - - [31/Dec/2023:08:24:47 +0800] "GET /xingrg/javascript/easyui/themes/default/validatebox.css HTTP/1.1" 404 1104
120.253.135.82 - - [31/Dec/2023:08:24:48 +0800] "POST /xingrg/kc/pszx/mdps_order_operate.html HTTP/1.1" 200 4833
116.232.193.168 - - [31/Dec/2023:08:24:55 +0800] "GET /xingrg/all/function/internal_message.html?_=1703982259554&CODE_STATE=getMsg HTTP/1.1" 200 27
221.239.172.206 - - [31/Dec/2023:08:24:55 +0800] "GET /xingrg/all/function/internal_message.html?_=1703982295704&CODE_STATE=getMsg HTTP/1.1" 200 27
120.253.135.82 - - [31/Dec/2023:08:24:55 +0800] "POST /xingrg/kc/pszx/mdps_list_operate.html HTTP/1.1" 200 3499
120.253.135.82 - - [31/Dec/2023:08:24:56 +0800] "POST /xingrg/kc/pszx/mdps_list_operate.html HTTP/1.1" 200 202
120.253.135.82 - - [31/Dec/2023:08:24:58 +0800] "GET /xingrg/kc/pszx/mdps_order_info.html?code=312023123100671 HTTP/1.1" 200 23972
120.253.135.82 - - [31/Dec/2023:08:24:58 +0800] "GET /xingrg/javascript/easyui/themes/default/validatebox.css HTTP/1.1" 404 1104
120.253.135.82 - - [31/Dec/2023:08:24:59 +0800] "POST /xingrg/kc/pszx/mdps_order_operate.html HTTP/1.1" 200 2279
120.253.135.82 - - [31/Dec/2023:08:25:01 +0800] "POST /xingrg/kc/pszx/mdps_list_operate.html HTTP/1.1" 200 3499
120.253.135.82 - - [31/Dec/2023:08:25:03 +0800] "POST /xingrg/kc/pszx/mdps_list_operate.html HTTP/1.1" 200 608
114.95.241.104 - - [31/Dec/2023:08:25:05 +0800] "GET /xingrg/all/function/internal_message.html?_=1703982305016&CODE_STATE=getMsg HTTP/1.1" 200 27
120.253.135.82 - - [31/Dec/2023:08:25:05 +0800] "GET /xingrg/kc/pszx/mdps_order_info.html?code=312023123100672 HTTP/1.1" 200 23972
120.253.135.82 - - [31/Dec/2023:08:25:05 +0800] "GET /xingrg/javascript/easyui/themes/default/validatebox.css HTTP/1.1" 404 1104
120.253.135.82 - - [31/Dec/2023:08:25:06 +0800] "POST /xingrg/kc/pszx/mdps_order_operate.html HTTP/1.1" 200 4788
221.239.172.206 - - [31/Dec/2023:08:25:16 +0800] "GET /xingrg/check_reg.html?_=1703982316301 HTTP/1.1" 200 22
58.40.7.146 - - [31/Dec/2023:08:25:17 +0800] "GET /xingrg/all/function/internal_message.html?_=1703982317160&CODE_STATE=getMsg HTTP/1.1" 200 27
120.253.135.82 - - [31/Dec/2023:08:25:17 +0800] "POST /xingrg/kc/pszx/mdps_list_operate.html HTTP/1.1" 200 3499
120.253.135.82 - - [31/Dec/2023:08:25:18 +0800] "POST /xingrg/kc/pszx/mdps_list_operate.html HTTP/1.1" 200 648
116.230.112.67 - - [31/Dec/2023:08:25:20 +0800] "GET /xingrg/all/function/internal_message.html?_=1703982346062&CODE_STATE=getMsg HTTP/1.1" 200 27
120.253.135.82 - - [31/Dec/2023:08:25:20 +0800] "GET /xingrg/kc/pszx/mdps_order_info.html?code=312023123100673 HTTP/1.1" 200 23972
120.253.135.82 - - [31/Dec/2023:08:25:21 +0800] "GET /xingrg/javascript/easyui/themes/default/validatebox.css HTTP/1.1" 404 1104
120.253.135.82 - - [31/Dec/2023:08:25:21 +0800] "POST /xingrg/kc/pszx/mdps_order_operate.html HTTP/1.1" 200 15210
58.40.7.146 - - [31/Dec/2023:08:25:25 +0800] "GET /xingrg/all/function/internal_message.html?_=1703982325622&CODE_STATE=getMsg HTTP/1.1" 200 27
116.232.193.168 - - [31/Dec/2023:08:25:36 +0800] "GET /xingrg/all/function/internal_message.html?_=1703982300479&CODE_STATE=getMsg HTTP/1.1" 200 27
222.67.232.215 - - [31/Dec/2023:08:25:42 +0800] "GET /xingrg/all/function/internal_message.html?_=1703982342276&CODE_STATE=getMsg HTTP/1.1" 200 27
120.253.135.82 - - [31/Dec/2023:08:25:42 +0800] "GET /xingrg/all/function/internal_message.html?_=1703982159592&CODE_STATE=getMsg HTTP/1.1" 200 27
180.169.147.146 - - [31/Dec/2023:08:25:44 +0800] "GET /xingrg/all/function/internal_message.html?_=1703982344201&CODE_STATE=getMsg HTTP/1.1" 302 -
120.253.135.82 - - [31/Dec/2023:08:25:51 +0800] "POST /xingrg/kc/pszx/mdps_list_operate.html HTTP/1.1" 200 3499
120.253.135.82 - - [31/Dec/2023:08:25:53 +0800] "POST /xingrg/kc/pszx/mdps_list_operate.html HTTP/1.1" 200 621
120.253.135.82 - - [31/Dec/2023:08:25:54 +0800] "GET /xingrg/kc/pszx/mdps_order_info.html?code=312023123100674 HTTP/1.1" 200 23972
120.253.135.82 - - [31/Dec/2023:08:25:55 +0800] "GET /xingrg/javascript/easyui/themes/default/validatebox.css HTTP/1.1" 404 1104
120.253.135.82 - - [31/Dec/2023:08:25:55 +0800] "POST /xingrg/kc/pszx/mdps_order_operate.html HTTP/1.1" 200 4821
116.232.193.168 - - [31/Dec/2023:08:25:55 +0800] "GET /xingrg/all/function/internal_message.html?_=1703982319559&CODE_STATE=getMsg HTTP/1.1" 200 27
221.239.172.206 - - [31/Dec/2023:08:25:55 +0800] "GET /xingrg/all/function/internal_message.html?_=1703982355679&CODE_STATE=getMsg HTTP/1.1" 200 27
114.95.241.104 - - [31/Dec/2023:08:26:05 +0800] "GET /xingrg/all/function/internal_message.html?_=1703982365021&CODE_STATE=getMsg HTTP/1.1" 200 27
120.253.135.82 - - [31/Dec/2023:08:26:12 +0800] "POST /xingrg/kc/pszx/mdps_list_operate.html HTTP/1.1" 200 3499
58.40.7.146 - - [31/Dec/2023:08:26:17 +0800] "GET /xingrg/all/function/internal_message.html?_=1703982377161&CODE_STATE=getMsg HTTP/1.1" 200 27
120.253.135.82 - - [31/Dec/2023:08:26:18 +0800] "POST /xingrg/kc/pszx/mdps_list_operate.html HTTP/1.1" 200 3499
120.253.135.82 - - [31/Dec/2023:08:26:18 +0800] "GET /xingrg/kc/pszx/mdqp_order_list.html?state=10 HTTP/1.1" 200 11567
120.253.135.82 - - [31/Dec/2023:08:26:18 +0800] "GET /xingrg/dwr/interface/AjaxQqpsService.js HTTP/1.1" 200 16326
120.253.135.82 - - [31/Dec/2023:08:26:18 +0800] "GET /xingrg/dwr/interface/AjaxReportQueryService.js HTTP/1.1" 200 13203
120.253.135.82 - - [31/Dec/2023:08:26:18 +0800] "GET /xingrg/dwr/engine.js HTTP/1.1" 200 43631
116.230.112.67 - - [31/Dec/2023:08:26:19 +0800] "GET /xingrg/check_reg.html?_=1703982405276 HTTP/1.1" 200 22
116.230.112.67 - - [31/Dec/2023:08:26:20 +0800] "GET /xingrg/all/function/internal_message.html?_=1703982406074&CODE_STATE=getMsg HTTP/1.1" 200 27
120.253.135.82 - - [31/Dec/2023:08:26:23 +0800] "GET /xingrg/kc/pszx/mdqp_order_list.html?state=10 HTTP/1.1" 200 11567
120.253.135.82 - - [31/Dec/2023:08:26:23 +0800] "GET /xingrg/dwr/interface/AjaxReportQueryService.js HTTP/1.1" 200 13203
120.253.135.82 - - [31/Dec/2023:08:26:23 +0800] "GET /xingrg/dwr/interface/AjaxQqpsService.js HTTP/1.1" 200 16326
120.253.135.82 - - [31/Dec/2023:08:26:23 +0800] "GET /xingrg/dwr/engine.js HTTP/1.1" 200 43631
58.40.7.146 - - [31/Dec/2023:08:26:25 +0800] "GET /xingrg/all/function/internal_message.html?_=1703982385625&CODE_STATE=getMsg HTTP/1.1" 200 27
120.253.135.82 - - [31/Dec/2023:08:26:27 +0800] "GET /xingrg/kc/pszx/mdth_order_list.html HTTP/1.1" 200 18460
120.253.135.82 - - [31/Dec/2023:08:26:27 +0800] "POST /xingrg/kc/pszx/mdth_order_new_list.html HTTP/1.1" 200 4737
120.253.135.82 - - [31/Dec/2023:08:26:31 +0800] "GET /xingrg/kc/pszx/mdqp_order_list.html?state=10 HTTP/1.1" 200 11567
120.253.135.82 - - [31/Dec/2023:08:26:31 +0800] "GET /xingrg/dwr/interface/AjaxQqpsService.js HTTP/1.1" 200 16326
120.253.135.82 - - [31/Dec/2023:08:26:31 +0800] "GET /xingrg/dwr/interface/AjaxReportQueryService.js HTTP/1.1" 200 13203
120.253.135.82 - - [31/Dec/2023:08:26:31 +0800] "GET /xingrg/dwr/engine.js HTTP/1.1" 200 43631
116.232.193.168 - - [31/Dec/2023:08:26:36 +0800] "GET /xingrg/all/function/internal_message.html?_=1703982360495&CODE_STATE=getMsg HTTP/1.1" 200 27
116.232.193.168 - - [31/Dec/2023:08:26:36 +0800] "GET /xingrg/check_reg.html?_=1703982360497 HTTP/1.1" 200 22
222.67.232.215 - - [31/Dec/2023:08:26:42 +0800] "GET /xingrg/all/function/internal_message.html?_=1703982402264&CODE_STATE=getMsg HTTP/1.1" 200 27
120.253.135.82 - - [31/Dec/2023:08:26:42 +0800] "GET /xingrg/all/function/internal_message.html?_=1703982219755&CODE_STATE=getMsg HTTP/1.1" 200 27
180.169.147.146 - - [31/Dec/2023:08:26:44 +0800] "GET /xingrg/all/function/internal_message.html?_=1703982404194&CODE_STATE=getMsg HTTP/1.1" 302 -
101.83.145.37 - - [31/Dec/2023:08:26:51 +0800] "POST /xingrg/services/DataTransmitService HTTP/1.1" 200 524
116.232.193.168 - - [31/Dec/2023:08:26:55 +0800] "GET /xingrg/all/function/internal_message.html?_=1703982379551&CODE_STATE=getMsg HTTP/1.1" 200 27
221.239.172.206 - - [31/Dec/2023:08:26:55 +0800] "GET /xingrg/all/function/internal_message.html?_=1703982415664&CODE_STATE=getMsg HTTP/1.1" 200 27
114.95.241.104 - - [31/Dec/2023:08:27:05 +0800] "GET /xingrg/all/function/internal_message.html?_=1703982425016&CODE_STATE=getMsg HTTP/1.1" 200 27
58.40.7.146 - - [31/Dec/2023:08:27:17 +0800] "GET /xingrg/all/function/internal_message.html?_=1703982437165&CODE_STATE=getMsg HTTP/1.1" 200 27
58.40.7.146 - - [31/Dec/2023:08:27:17 +0800] "GET /xingrg/check_reg.html?_=1703982437167 HTTP/1.1" 200 22
58.40.7.146 - - [31/Dec/2023:08:27:19 +0800] "GET /xingrg/check_reg.html?_=1703982439096 HTTP/1.1" 200 22
116.230.112.67 - - [31/Dec/2023:08:27:20 +0800] "GET /xingrg/all/function/internal_message.html?_=1703982466087&CODE_STATE=getMsg HTTP/1.1" 200 27
58.40.7.146 - - [31/Dec/2023:08:27:25 +0800] "GET /xingrg/all/function/internal_message.html?_=1703982445628&CODE_STATE=getMsg HTTP/1.1" 200 27
116.232.193.168 - - [31/Dec/2023:08:27:36 +0800] "GET /xingrg/all/function/internal_message.html?_=1703982420490&CODE_STATE=getMsg HTTP/1.1" 200 27
222.67.232.215 - - [31/Dec/2023:08:27:42 +0800] "GET /xingrg/all/function/internal_message.html?_=1703982462243&CODE_STATE=getMsg HTTP/1.1" 200 27
120.253.135.82 - - [31/Dec/2023:08:27:42 +0800] "GET /xingrg/all/function/internal_message.html?_=1703982279764&CODE_STATE=getMsg HTTP/1.1" 200 27
180.169.147.146 - - [31/Dec/2023:08:27:44 +0800] "GET /xingrg/all/function/internal_message.html?_=1703982464204&CODE_STATE=getMsg HTTP/1.1" 302 -
221.239.172.206 - - [31/Dec/2023:08:27:55 +0800] "GET /xingrg/all/function/internal_message.html?_=1703982475649&CODE_STATE=getMsg HTTP/1.1" 200 27
116.232.193.168 - - [31/Dec/2023:08:27:55 +0800] "GET /xingrg/all/function/internal_message.html?_=1703982439556&CODE_STATE=getMsg HTTP/1.1" 200 27
222.67.232.215 - - [31/Dec/2023:08:28:03 +0800] "GET /xingrg/check_reg.html?_=1703982483604 HTTP/1.1" 200 22
114.95.241.104 - - [31/Dec/2023:08:28:05 +0800] "GET /xingrg/all/function/internal_message.html?_=1703982485023&CODE_STATE=getMsg HTTP/1.1" 200 27
114.95.241.104 - - [31/Dec/2023:08:28:05 +0800] "GET /xingrg/check_reg.html?_=1703982485025 HTTP/1.1" 200 22
124.78.154.219 - - [31/Dec/2023:08:28:11 +0800] "GET /xingrg/login.html HTTP/1.1" 200 7641
124.78.154.219 - - [31/Dec/2023:08:28:15 +0800] "GET /favicon.ico HTTP/1.1" 404 -
58.40.7.146 - - [31/Dec/2023:08:28:17 +0800] "GET /xingrg/all/function/internal_message.html?_=1703982497168&CODE_STATE=getMsg HTTP/1.1" 200 27
116.230.112.67 - - [31/Dec/2023:08:28:18 +0800] "POST /xingrg/services/DataTransmitService HTTP/1.1" 200 524
116.230.112.67 - - [31/Dec/2023:08:28:20 +0800] "GET /xingrg/all/function/internal_message.html?_=1703982526101&CODE_STATE=getMsg HTTP/1.1" 200 27
101.83.145.37 - - [31/Dec/2023:08:28:25 +0800] "GET /xingrg/index.html?sysBaseUrl=http%3A%2F%2F180.169.147.146%3A18081%2Fxingrg%2F&costTime=32×tamp=1585224308505 HTTP/1.1" 302 -
58.40.7.146 - - [31/Dec/2023:08:28:25 +0800] "GET /xingrg/all/function/internal_message.html?_=1703982505632&CODE_STATE=getMsg HTTP/1.1" 200 27
101.83.145.37 - - [31/Dec/2023:08:28:25 +0800] "GET /xingrg/login.html HTTP/1.1" 200 7641
124.78.154.219 - - [31/Dec/2023:08:28:26 +0800] "POST /xingrg/login.do HTTP/1.1" 302 -
124.78.154.219 - - [31/Dec/2023:08:28:26 +0800] "GET /xingrg/index.html?sysBaseUrl=http%3A%2F%2F180.169.147.146%3A18081%2Fxingrg%2F&costTime=1149×tamp=1703982506631 HTTP/1.1" 200 17173
124.78.154.219 - - [31/Dec/2023:08:28:27 +0800] "GET /favicon.ico HTTP/1.1" 404 -
101.83.145.37 - - [31/Dec/2023:08:28:27 +0800] "GET /favicon.ico HTTP/1.1" 404 -
124.78.154.219 - - [31/Dec/2023:08:28:27 +0800] "POST /xingrg/all/common/load_tree.html?tree=area_rest_tree_json&manage=1 HTTP/1.1" 200 342
124.78.154.219 - - [31/Dec/2023:08:28:28 +0800] "GET /xingrg/all/function/internal_message.html?_=1703982507216&CODE_STATE=count HTTP/1.1" 200 11
124.78.154.219 - - [31/Dec/2023:08:28:28 +0800] "GET /xingrg/check_reg.html?_=1703982507218 HTTP/1.1" 200 22
124.78.154.219 - - [31/Dec/2023:08:28:28 +0800] "POST /xingrg/load_menu.html HTTP/1.1" 200 5138
124.78.154.219 - - [31/Dec/2023:08:28:29 +0800] "GET /xingrg/kc/buy/buy_main.html HTTP/1.1" 200 12412
124.78.154.219 - - [31/Dec/2023:08:28:29 +0800] "GET /xingrg/css/new_ie.css HTTP/1.1" 404 1036
124.78.154.219 - - [31/Dec/2023:08:28:30 +0800] "GET /xingrg/images/yd/bt.gif HTTP/1.1" 404 1040
124.78.154.219 - - [31/Dec/2023:08:28:31 +0800] "GET /xingrg/kc/buy/cgsh_order_list.html HTTP/1.1" 200 57112
116.232.193.168 - - [31/Dec/2023:08:28:36 +0800] "GET /xingrg/all/function/internal_message.html?_=1703982480480&CODE_STATE=getMsg HTTP/1.1" 200 27
124.78.154.219 - - [31/Dec/2023:08:28:36 +0800] "POST /xingrg/kc/buy/cgsh_list_operate.html HTTP/1.1" 200 986
124.78.154.219 - - [31/Dec/2023:08:28:38 +0800] "GET /xingrg/kc/buy/cgsh_order_add.html HTTP/1.1" 200 72894
124.78.154.219 - - [31/Dec/2023:08:28:38 +0800] "GET /xingrg/words/20231230171448_words.js HTTP/1.1" 304 -
124.78.154.219 - - [31/Dec/2023:08:28:39 +0800] "GET /xingrg/javascript/easyui/themes/default/validatebox.css HTTP/1.1" 404 1104
124.78.154.219 - - [31/Dec/2023:08:28:39 +0800] "GET /xingrg/all/common/auto_word.html?type=employee&rest_code=00106 HTTP/1.1" 200 205
124.78.154.219 - - [31/Dec/2023:08:28:39 +0800] "POST /xingrg/kc/buy/cgsh_order_operate.html HTTP/1.1" 200 8245
124.78.154.219 - - [31/Dec/2023:08:28:39 +0800] "GET /xingrg/all/common/auto_word.html?type=employee&rest_code=00106 HTTP/1.1" 200 205
124.78.154.219 - - [31/Dec/2023:08:28:41 +0800] "GET /xingrg/javascript/easyui/themes/default/tree.css HTTP/1.1" 404 1090
124.78.154.219 - - [31/Dec/2023:08:28:41 +0800] "POST /xingrg/all/common/load_tree.html?tree=supplier_tree_json&isDelete=1 HTTP/1.1" 200 77165
222.67.232.215 - - [31/Dec/2023:08:28:42 +0800] "GET /xingrg/all/function/internal_message.html?_=1703982522221&CODE_STATE=getMsg HTTP/1.1" 200 27
120.253.135.82 - - [31/Dec/2023:08:28:42 +0800] "GET /xingrg/all/function/internal_message.html?_=1703982339954&CODE_STATE=getMsg HTTP/1.1" 200 27
180.169.147.146 - - [31/Dec/2023:08:28:44 +0800] "GET /xingrg/all/function/internal_message.html?_=1703982524196&CODE_STATE=getMsg HTTP/1.1" 302 -
101.83.145.37 - - [31/Dec/2023:08:28:48 +0800] "POST /xingrg/login.do HTTP/1.1" 302 -
101.83.145.37 - - [31/Dec/2023:08:28:48 +0800] "GET /xingrg/index.html?sysBaseUrl=http%3A%2F%2F180.169.147.146%3A18081%2Fxingrg%2F&costTime=1241×tamp=1703982528039 HTTP/1.1" 200 17173
101.83.145.37 - - [31/Dec/2023:08:28:48 +0800] "GET /favicon.ico HTTP/1.1" 404 -
101.83.145.37 - - [31/Dec/2023:08:28:48 +0800] "GET /xingrg/all/function/internal_message.html?_=1703982294155&CODE_STATE=count HTTP/1.1" 200 11
101.83.145.37 - - [31/Dec/2023:08:28:48 +0800] "GET /xingrg/check_reg.html?_=1703982294156 HTTP/1.1" 200 22
101.83.145.37 - - [31/Dec/2023:08:28:48 +0800] "POST /xingrg/all/common/load_tree.html?tree=area_rest_tree_json&manage=1 HTTP/1.1" 200 342
101.83.145.37 - - [31/Dec/2023:08:28:48 +0800] "POST /xingrg/load_menu.html HTTP/1.1" 200 5138
101.83.145.37 - - [31/Dec/2023:08:28:53 +0800] "GET /xingrg/kc/report/report_main.html HTTP/1.1" 200 7340
221.239.172.206 - - [31/Dec/2023:08:28:55 +0800] "GET /xingrg/all/function/internal_message.html?_=1703982535633&CODE_STATE=getMsg HTTP/1.1" 200 27
116.232.193.168 - - [31/Dec/2023:08:28:55 +0800] "GET /xingrg/check_reg.html?_=1703982499545 HTTP/1.1" 200 22
116.232.193.168 - - [31/Dec/2023:08:28:55 +0800] "GET /xingrg/all/function/internal_message.html?_=1703982499547&CODE_STATE=getMsg HTTP/1.1" 200 27
116.238.97.123 - - [31/Dec/2023:08:28:56 +0800] "GET /xingrg/check_reg.html?_=1703982536764 HTTP/1.1" 302 -
116.238.97.123 - - [31/Dec/2023:08:28:56 +0800] "GET /xingrg/login.html HTTP/1.1" 200 7641
101.83.145.37 - - [31/Dec/2023:08:28:56 +0800] "GET /xingrg/kc/base/kc_stocks.html HTTP/1.1" 200 16554
101.83.145.37 - - [31/Dec/2023:08:28:57 +0800] "GET /xingrg/javascript/easyui/themes/default/tree.css HTTP/1.1" 404 1090
101.83.145.37 - - [31/Dec/2023:08:28:57 +0800] "GET /xingrg/all/common/auto_word.html?type=base&rest_code=00105 HTTP/1.1" 200 1907
101.83.145.37 - - [31/Dec/2023:08:28:57 +0800] "POST /xingrg/all/common/load_tree.html?tree=materiel_sort_tree_json HTTP/1.1" 200 9617
101.83.145.37 - - [31/Dec/2023:08:29:03 +0800] "POST /xingrg/kc/base/stock_operate.html HTTP/1.1" 200 4242
114.95.241.104 - - [31/Dec/2023:08:29:05 +0800] "GET /xingrg/all/function/internal_message.html?_=1703982545024&CODE_STATE=getMsg HTTP/1.1" 200 27
101.83.145.37 - - [31/Dec/2023:08:29:07 +0800] "GET /xingrg/css/images/panel_loading.gif HTTP/1.1" 304 -
101.83.145.37 - - [31/Dec/2023:08:29:07 +0800] "POST /xingrg/all/common/load_combo.html?type=base HTTP/1.1" 200 3409
101.83.145.37 - - [31/Dec/2023:08:29:14 +0800] "POST /xingrg/kc/base/stock_operate.html HTTP/1.1" 200 4340
124.78.154.219 - - [31/Dec/2023:08:29:15 +0800] "GET /xingrg/javascript/auto/indicator.gif HTTP/1.1" 404 1066
58.40.7.146 - - [31/Dec/2023:08:29:17 +0800] "GET /xingrg/all/function/internal_message.html?_=1703982557155&CODE_STATE=getMsg HTTP/1.1" 200 27
116.230.112.67 - - [31/Dec/2023:08:29:20 +0800] "GET /xingrg/all/function/internal_message.html?_=1703982586265&CODE_STATE=getMsg HTTP/1.1" 200 27
124.78.154.219 - - [31/Dec/2023:08:29:20 +0800] "GET /xingrg/kc/buy/cgsh_order_operate.html?command=get_materiel&rest_code=00106&code=00101010248&supplier_code=00100096&order_time=2023-12-31 HTTP/1.1" 200 432
101.83.145.37 - - [31/Dec/2023:08:29:24 +0800] "POST /xingrg/kc/base/stock_operate.html HTTP/1.1" 200 21551
58.40.7.146 - - [31/Dec/2023:08:29:25 +0800] "GET /xingrg/all/function/internal_message.html?_=1703982565634&CODE_STATE=getMsg HTTP/1.1" 200 27
120.253.135.82 - - [31/Dec/2023:08:29:26 +0800] "GET /xingrg/check_reg.html?_=1703982383477 HTTP/1.1" 200 22
180.163.28.114 - - [31/Dec/2023:08:29:28 +0800] "GET /xingrg/all/function/internal_message.html?_=1703982507216&CODE_STATE=count HTTP/1.1" 302 -
180.163.28.114 - - [31/Dec/2023:08:29:28 +0800] "GET /xingrg/login.html HTTP/1.1" 200 7641
124.78.154.219 - - [31/Dec/2023:08:29:28 +0800] "GET /xingrg/all/function/internal_message.html?_=1703982567235&CODE_STATE=getMsg HTTP/1.1" 200 27
180.163.29.212 - - [31/Dec/2023:08:29:28 +0800] "GET /xingrg/check_reg.html?_=1703982507218 HTTP/1.1" 302 -
180.163.28.180 - - [31/Dec/2023:08:29:29 +0800] "GET /xingrg/kc/buy/buy_main.html HTTP/1.1" 302 -
180.163.29.212 - - [31/Dec/2023:08:29:29 +0800] "GET /xingrg/login.html HTTP/1.1" 200 7641
180.163.30.85 - - [31/Dec/2023:08:29:30 +0800] "GET /xingrg/kc/buy/cgsh_order_list.html HTTP/1.1" 302 -
180.163.28.180 - - [31/Dec/2023:08:29:30 +0800] "GET /xingrg/login.html HTTP/1.1" 200 7641
180.163.30.85 - - [31/Dec/2023:08:29:30 +0800] "GET /xingrg/login.html HTTP/1.1" 200 7641
116.232.193.168 - - [31/Dec/2023:08:29:36 +0800] "GET /xingrg/all/function/internal_message.html?_=1703982540494&CODE_STATE=getMsg HTTP/1.1" 200 27
180.163.30.85 - - [31/Dec/2023:08:29:39 +0800] "GET /xingrg/all/common/auto_word.html?type=employee&rest_code=00106 HTTP/1.1" 302 -
180.163.30.85 - - [31/Dec/2023:08:29:39 +0800] "GET /xingrg/login.html HTTP/1.1" 200 7641
222.67.232.215 - - [31/Dec/2023:08:29:42 +0800] "GET /xingrg/all/function/internal_message.html?_=1703982582213&CODE_STATE=getMsg HTTP/1.1" 200 27
120.253.135.82 - - [31/Dec/2023:08:29:42 +0800] "GET /xingrg/all/function/internal_message.html?_=1703982399961&CODE_STATE=getMsg HTTP/1.1" 200 27
180.169.147.146 - - [31/Dec/2023:08:29:44 +0800] "GET /xingrg/check_reg.html?_=1703982584189 HTTP/1.1" 302 -
180.169.147.146 - - [31/Dec/2023:08:29:44 +0800] "GET /xingrg/all/function/internal_message.html?_=1703982584190&CODE_STATE=getMsg HTTP/1.1" 302 -
101.83.145.37 - - [31/Dec/2023:08:29:48 +0800] "GET /xingrg/all/function/internal_message.html?_=1703982354206&CODE_STATE=getMsg HTTP/1.1" 200 27
221.239.172.206 - - [31/Dec/2023:08:29:55 +0800] "GET /xingrg/all/function/internal_message.html?_=1703982595620&CODE_STATE=getMsg HTTP/1.1" 200 27
116.232.193.168 - - [31/Dec/2023:08:29:55 +0800] "GET /xingrg/all/function/internal_message.html?_=1703982559563&CODE_STATE=getMsg HTTP/1.1" 200 27
114.95.241.104 - - [31/Dec/2023:08:30:05 +0800] "GET /xingrg/all/function/internal_message.html?_=1703982605022&CODE_STATE=getMsg HTTP/1.1" 200 27
124.78.154.219 - - [31/Dec/2023:08:30:15 +0800] "GET /xingrg/kc/buy/cgsh_order_operate.html?command=get_materiel&rest_code=00106&code=00101016017&supplier_code=00100096&order_time=2023-12-31 HTTP/1.1" 200 408
221.239.172.206 - - [31/Dec/2023:08:30:16 +0800] "GET /xingrg/check_reg.html?_=1703982616318 HTTP/1.1" 200 22
58.40.7.146 - - [31/Dec/2023:08:30:17 +0800] "GET /xingrg/all/function/internal_message.html?_=1703982617157&CODE_STATE=getMsg HTTP/1.1" 200 27
180.163.29.79 - - [31/Dec/2023:08:30:17 +0800] "GET /xingrg/kc/buy/cgsh_order_operate.html?command=get_materiel&rest_code=00106&code=00101010248&supplier_code=00100096&order_time=2023-12-31 HTTP/1.1" 302 -
180.163.29.79 - - [31/Dec/2023:08:30:17 +0800] "GET /xingrg/login.html HTTP/1.1" 200 7641
116.230.112.67 - - [31/Dec/2023:08:30:20 +0800] "GET /xingrg/all/function/internal_message.html?_=1703982646270&CODE_STATE=getMsg HTTP/1.1" 200 27
58.40.7.146 - - [31/Dec/2023:08:30:25 +0800] "GET /xingrg/all/function/internal_message.html?_=1703982625637&CODE_STATE=getMsg HTTP/1.1" 200 27
124.78.154.219 - - [31/Dec/2023:08:30:28 +0800] "GET /xingrg/all/function/internal_message.html?_=1703982627278&CODE_STATE=getMsg HTTP/1.1" 200 27
116.232.193.168 - - [31/Dec/2023:08:30:36 +0800] "GET /xingrg/all/function/internal_message.html?_=1703982600489&CODE_STATE=getMsg HTTP/1.1" 200 27
124.78.154.219 - - [31/Dec/2023:08:30:38 +0800] "GET /xingrg/kc/buy/cgsh_order_operate.html?command=get_materiel&rest_code=00106&code=00101016030&supplier_code=00100096&order_time=2023-12-31 HTTP/1.1" 200 412
222.67.232.215 - - [31/Dec/2023:08:30:42 +0800] "GET /xingrg/all/function/internal_message.html?_=1703982642191&CODE_STATE=getMsg HTTP/1.1" 200 27
120.253.135.82 - - [31/Dec/2023:08:30:42 +0800] "GET /xingrg/all/function/internal_message.html?_=1703982459975&CODE_STATE=getMsg HTTP/1.1" 200 27
180.169.147.146 - - [31/Dec/2023:08:30:44 +0800] "GET /xingrg/all/function/internal_message.html?_=1703982644204&CODE_STATE=getMsg HTTP/1.1" 302 -
101.83.145.37 - - [31/Dec/2023:08:30:48 +0800] "GET /xingrg/all/function/internal_message.html?_=1703982414210&CODE_STATE=getMsg HTTP/1.1" 200 27
221.239.172.206 - - [31/Dec/2023:08:30:55 +0800] "GET /xingrg/all/function/internal_message.html?_=1703982655601&CODE_STATE=getMsg HTTP/1.1" 200 27
124.78.154.219 - - [31/Dec/2023:08:30:55 +0800] "GET /xingrg/kc/buy/cgsh_order_operate.html?command=get_materiel&rest_code=00106&code=00101012025&supplier_code=00100096&order_time=2023-12-31 HTTP/1.1" 200 413
116.232.193.168 - - [31/Dec/2023:08:30:55 +0800] "GET /xingrg/all/function/internal_message.html?_=1703982619562&CODE_STATE=getMsg HTTP/1.1" 200 27
114.95.241.104 - - [31/Dec/2023:08:31:05 +0800] "GET /xingrg/all/function/internal_message.html?_=1703982665021&CODE_STATE=getMsg HTTP/1.1" 200 27
180.163.28.109 - - [31/Dec/2023:08:31:11 +0800] "GET /xingrg/kc/buy/cgsh_order_operate.html?command=get_materiel&rest_code=00106&code=00101016017&supplier_code=00100096&order_time=2023-12-31 HTTP/1.1" 302 -
180.163.28.109 - - [31/Dec/2023:08:31:11 +0800] "GET /xingrg/login.html HTTP/1.1" 200 7641
58.40.7.146 - - [31/Dec/2023:08:31:17 +0800] "GET /xingrg/all/function/internal_message.html?_=1703982677163&CODE_STATE=getMsg HTTP/1.1" 200 27
116.230.112.67 - - [31/Dec/2023:08:31:19 +0800] "GET /xingrg/check_reg.html?_=1703982705474 HTTP/1.1" 200 22
116.230.112.67 - - [31/Dec/2023:08:31:20 +0800] "GET /xingrg/all/function/internal_message.html?_=1703982706282&CODE_STATE=getMsg HTTP/1.1" 200 27
58.40.7.146 - - [31/Dec/2023:08:31:25 +0800] "GET /xingrg/all/function/internal_message.html?_=1703982685640&CODE_STATE=getMsg HTTP/1.1" 200 27
120.253.135.82 - - [31/Dec/2023:08:31:25 +0800] "GET /xingrg/kc/pszx/mdps_order_list.html?orderType=0 HTTP/1.1" 200 21036
120.253.135.82 - - [31/Dec/2023:08:31:26 +0800] "POST /xingrg/kc/pszx/mdps_list_operate.html HTTP/1.1" 200 5236
124.78.154.219 - - [31/Dec/2023:08:31:28 +0800] "GET /xingrg/all/function/internal_message.html?_=1703982687271&CODE_STATE=getMsg HTTP/1.1" 200 27
180.163.29.206 - - [31/Dec/2023:08:31:34 +0800] "GET /xingrg/kc/buy/cgsh_order_operate.html?command=get_materiel&rest_code=00106&code=00101016030&supplier_code=00100096&order_time=2023-12-31 HTTP/1.1" 302 -
180.163.29.206 - - [31/Dec/2023:08:31:35 +0800] "GET /xingrg/login.html HTTP/1.1" 200 7641
120.253.135.82 - - [31/Dec/2023:08:31:36 +0800] "POST /xingrg/kc/pszx/mdps_list_operate.html HTTP/1.1" 200 2446
116.232.193.168 - - [31/Dec/2023:08:31:36 +0800] "GET /xingrg/all/function/internal_message.html?_=1703982660477&CODE_STATE=getMsg HTTP/1.1" 200 27
116.232.193.168 - - [31/Dec/2023:08:31:36 +0800] "GET /xingrg/check_reg.html?_=1703982660479 HTTP/1.1" 200 22
124.78.154.219 - - [31/Dec/2023:08:31:37 +0800] "GET /xingrg/kc/buy/cgsh_order_operate.html?command=get_materiel&rest_code=00106&code=00101016010&supplier_code=00100096&order_time=2023-12-31 HTTP/1.1" 200 408
120.253.135.82 - - [31/Dec/2023:08:31:38 +0800] "POST /xingrg/kc/pszx/mdps_list_operate.html HTTP/1.1" 200 585
120.253.135.82 - - [31/Dec/2023:08:31:40 +0800] "GET /xingrg/kc/pszx/mdps_order_info.html?code=312023123000666 HTTP/1.1" 200 23978
120.253.135.82 - - [31/Dec/2023:08:31:40 +0800] "GET /xingrg/javascript/easyui/themes/default/validatebox.css HTTP/1.1" 404 1104
120.253.135.82 - - [31/Dec/2023:08:31:41 +0800] "POST /xingrg/kc/pszx/mdps_order_operate.html HTTP/1.1" 200 8236
222.67.232.215 - - [31/Dec/2023:08:31:42 +0800] "GET /xingrg/all/function/internal_message.html?_=1703982702186&CODE_STATE=getMsg HTTP/1.1" 200 27
120.253.135.82 - - [31/Dec/2023:08:31:42 +0800] "GET /xingrg/all/function/internal_message.html?_=1703982519989&CODE_STATE=getMsg HTTP/1.1" 200 27
180.169.147.146 - - [31/Dec/2023:08:31:44 +0800] "GET /xingrg/all/function/internal_message.html?_=1703982704204&CODE_STATE=getMsg HTTP/1.1" 302 -
101.83.145.37 - - [31/Dec/2023:08:31:48 +0800] "GET /xingrg/all/function/internal_message.html?_=1703982474196&CODE_STATE=getMsg HTTP/1.1" 200 27
221.239.172.206 - - [31/Dec/2023:08:31:55 +0800] "GET /xingrg/all/function/internal_message.html?_=1703982715585&CODE_STATE=getMsg HTTP/1.1" 200 27
116.232.193.168 - - [31/Dec/2023:08:31:55 +0800] "GET /xingrg/all/function/internal_message.html?_=1703982679555&CODE_STATE=getMsg HTTP/1.1" 200 27
124.78.154.219 - - [31/Dec/2023:08:32:01 +0800] "GET /xingrg/kc/buy/cgsh_order_operate.html?command=get_materiel&rest_code=00106&code=00101012051&supplier_code=00100096&order_time=2023-12-31 HTTP/1.1" 200 408
114.95.241.104 - - [31/Dec/2023:08:32:05 +0800] "GET /xingrg/all/function/internal_message.html?_=1703982725012&CODE_STATE=getMsg HTTP/1.1" 200 27
180.164.1.25 - - [31/Dec/2023:08:32:09 +0800] "POST /xingrg/services/DataTransmitService HTTP/1.1" 200 524
58.40.7.146 - - [31/Dec/2023:08:32:17 +0800] "GET /xingrg/all/function/internal_message.html?_=1703982737167&CODE_STATE=getMsg HTTP/1.1" 200 27
58.40.7.146 - - [31/Dec/2023:08:32:17 +0800] "GET /xingrg/check_reg.html?_=1703982737168 HTTP/1.1" 200 22
124.78.154.219 - - [31/Dec/2023:08:32:17 +0800] "GET /xingrg/kc/buy/cgsh_order_operate.html?command=get_materiel&rest_code=00106&code=00101016025&supplier_code=00100096&order_time=2023-12-31 HTTP/1.1" 200 408
58.40.7.146 - - [31/Dec/2023:08:32:19 +0800] "GET /xingrg/check_reg.html?_=1703982739095 HTTP/1.1" 200 22
116.230.112.67 - - [31/Dec/2023:08:32:20 +0800] "GET /xingrg/all/function/internal_message.html?_=1703982766296&CODE_STATE=getMsg HTTP/1.1" 200 27
58.40.7.146 - - [31/Dec/2023:08:32:25 +0800] "GET /xingrg/all/function/internal_message.html?_=1703982745627&CODE_STATE=getMsg HTTP/1.1" 200 27
124.78.154.219 - - [31/Dec/2023:08:32:28 +0800] "GET /xingrg/all/function/internal_message.html?_=1703982747256&CODE_STATE=getMsg HTTP/1.1" 200 27
116.232.193.168 - - [31/Dec/2023:08:32:36 +0800] "GET /xingrg/all/function/internal_message.html?_=1703982720490&CODE_STATE=getMsg HTTP/1.1" 200 27
124.78.154.219 - - [31/Dec/2023:08:32:39 +0800] "POST /xingrg/kc/buy/cgsh_order_operate.html HTTP/1.1" 200 37
222.67.232.215 - - [31/Dec/2023:08:32:42 +0800] "GET /xingrg/all/function/internal_message.html?_=1703982762169&CODE_STATE=getMsg HTTP/1.1" 200 27
120.253.135.82 - - [31/Dec/2023:08:32:43 +0800] "GET /xingrg/all/function/internal_message.html?_=1703982580186&CODE_STATE=getMsg HTTP/1.1" 200 27
180.169.147.146 - - [31/Dec/2023:08:32:44 +0800] "GET /xingrg/all/function/internal_message.html?_=1703982764198&CODE_STATE=getMsg HTTP/1.1" 302 -
124.78.154.219 - - [31/Dec/2023:08:32:48 +0800] "POST /xingrg/kc/buy/cgsh_order_operate.html HTTP/1.1" 200 6206
101.83.145.37 - - [31/Dec/2023:08:32:48 +0800] "GET /xingrg/all/function/internal_message.html?_=1703982534203&CODE_STATE=getMsg HTTP/1.1" 200 27
221.239.172.206 - - [31/Dec/2023:08:32:55 +0800] "GET /xingrg/all/function/internal_message.html?_=1703982775572&CODE_STATE=getMsg HTTP/1.1" 200 27
116.232.193.168 - - [31/Dec/2023:08:32:55 +0800] "GET /xingrg/all/function/internal_message.html?_=1703982739548&CODE_STATE=getMsg HTTP/1.1" 200 27
124.78.154.219 - - [31/Dec/2023:08:33:00 +0800] "GET /xingrg/kc/buy/cgsh_order_operate.html?command=get_materiel&rest_code=00106&code=00101006109&supplier_code=00100096&order_time=2023-12-31 HTTP/1.1" 200 409
222.67.232.215 - - [31/Dec/2023:08:33:03 +0800] "GET /xingrg/check_reg.html?_=1703982783582 HTTP/1.1" 200 22
114.95.241.104 - - [31/Dec/2023:08:33:05 +0800] "GET /xingrg/check_reg.html?_=1703982785029 HTTP/1.1" 200 22
114.95.241.104 - - [31/Dec/2023:08:33:05 +0800] "GET /xingrg/all/function/internal_message.html?_=1703982785027&CODE_STATE=getMsg HTTP/1.1" 200 27
180.163.28.114 - - [31/Dec/2023:08:33:13 +0800] "GET /xingrg/kc/buy/cgsh_order_operate.html?command=get_materiel&rest_code=00106&code=00101016025&supplier_code=00100096&order_time=2023-12-31 HTTP/1.1" 302 -
180.163.28.114 - - [31/Dec/2023:08:33:14 +0800] "GET /xingrg/login.html HTTP/1.1" 200 7641
58.40.7.146 - - [31/Dec/2023:08:33:17 +0800] "GET /xingrg/all/function/internal_message.html?_=1703982797169&CODE_STATE=getMsg HTTP/1.1" 200 27
124.78.154.219 - - [31/Dec/2023:08:33:18 +0800] "GET /xingrg/kc/buy/cgsh_order_operate.html?command=get_materiel&rest_code=00106&code=00101006130&supplier_code=00100096&order_time=2023-12-31 HTTP/1.1" 200 437
116.230.112.67 - - [31/Dec/2023:08:33:20 +0800] "GET /xingrg/all/function/internal_message.html?_=1703982826308&CODE_STATE=getMsg HTTP/1.1" 200 27
58.40.7.146 - - [31/Dec/2023:08:33:25 +0800] "GET /xingrg/all/function/internal_message.html?_=1703982805632&CODE_STATE=getMsg HTTP/1.1" 200 27
124.78.154.219 - - [31/Dec/2023:08:33:28 +0800] "GET /xingrg/check_reg.html?_=1703982807224 HTTP/1.1" 200 22
124.78.154.219 - - [31/Dec/2023:08:33:28 +0800] "GET /xingrg/all/function/internal_message.html?_=1703982807274&CODE_STATE=getMsg HTTP/1.1" 200 27
116.232.193.168 - - [31/Dec/2023:08:33:36 +0800] "GET /xingrg/all/function/internal_message.html?_=1703982780484&CODE_STATE=getMsg HTTP/1.1" 200 27
222.67.232.215 - - [31/Dec/2023:08:33:42 +0800] "GET /xingrg/all/function/internal_message.html?_=1703982822146&CODE_STATE=getMsg HTTP/1.1" 200 27
120.253.135.82 - - [31/Dec/2023:08:33:43 +0800] "GET /xingrg/all/function/internal_message.html?_=1703982640188&CODE_STATE=getMsg HTTP/1.1" 200 27
180.169.147.146 - - [31/Dec/2023:08:33:44 +0800] "GET /xingrg/all/function/internal_message.html?_=1703982824193&CODE_STATE=getMsg HTTP/1.1" 302 -
101.83.145.37 - - [31/Dec/2023:08:33:48 +0800] "GET /xingrg/check_reg.html?_=1703982594191 HTTP/1.1" 200 22
101.83.145.37 - - [31/Dec/2023:08:33:48 +0800] "GET /xingrg/all/function/internal_message.html?_=1703982594194&CODE_STATE=getMsg HTTP/1.1" 200 27
180.163.29.234 - - [31/Dec/2023:08:33:55 +0800] "GET /xingrg/kc/buy/cgsh_order_operate.html?command=get_materiel&rest_code=00106&code=00101006109&supplier_code=00100096&order_time=2023-12-31 HTTP/1.1" 302 -
221.239.172.206 - - [31/Dec/2023:08:33:55 +0800] "GET /xingrg/all/function/internal_message.html?_=1703982835550&CODE_STATE=getMsg HTTP/1.1" 200 27
116.232.193.168 - - [31/Dec/2023:08:33:55 +0800] "GET /xingrg/check_reg.html?_=1703982799553 HTTP/1.1" 200 22
116.232.193.168 - - [31/Dec/2023:08:33:55 +0800] "GET /xingrg/all/function/internal_message.html?_=1703982799555&CODE_STATE=getMsg HTTP/1.1" 200 27
180.163.29.234 - - [31/Dec/2023:08:33:55 +0800] "GET /xingrg/login.html HTTP/1.1" 200 7641
116.238.97.123 - - [31/Dec/2023:08:33:56 +0800] "GET /xingrg/check_reg.html?_=1703982836754 HTTP/1.1" 302 -
114.95.241.104 - - [31/Dec/2023:08:34:05 +0800] "GET /xingrg/all/function/internal_message.html?_=1703982845023&CODE_STATE=getMsg HTTP/1.1" 200 27
58.40.7.146 - - [31/Dec/2023:08:34:17 +0800] "GET /xingrg/all/function/internal_message.html?_=1703982857156&CODE_STATE=getMsg HTTP/1.1" 200 27
116.230.112.67 - - [31/Dec/2023:08:34:20 +0800] "GET /xingrg/all/function/internal_message.html?_=1703982886530&CODE_STATE=getMsg HTTP/1.1" 200 27
58.40.7.146 - - [31/Dec/2023:08:34:25 +0800] "GET /xingrg/all/function/internal_message.html?_=1703982865634&CODE_STATE=getMsg HTTP/1.1" 200 27
120.253.135.82 - - [31/Dec/2023:08:34:26 +0800] "GET /xingrg/check_reg.html?_=1703982683680 HTTP/1.1" 200 22
124.78.154.219 - - [31/Dec/2023:08:34:28 +0800] "GET /xingrg/all/function/internal_message.html?_=1703982867255&CODE_STATE=getMsg HTTP/1.1" 200 27
116.232.193.168 - - [31/Dec/2023:08:34:36 +0800] "GET /xingrg/all/function/internal_message.html?_=1703982840478&CODE_STATE=getMsg HTTP/1.1" 200 27
124.78.154.219 - - [31/Dec/2023:08:34:39 +0800] "GET /xingrg/kc/buy/cgsh_order_operate.html?command=get_materiel&rest_code=00106&code=00101006123&supplier_code=00100096&order_time=2023-12-31 HTTP/1.1" 200 411
222.67.232.215 - - [31/Dec/2023:08:34:42 +0800] "GET /xingrg/all/function/internal_message.html?_=1703982882129&CODE_STATE=getMsg HTTP/1.1" 200 27
120.253.135.82 - - [31/Dec/2023:08:34:43 +0800] "GET /xingrg/all/function/internal_message.html?_=1703982700201&CODE_STATE=getMsg HTTP/1.1" 200 27
180.169.147.146 - - [31/Dec/2023:08:34:44 +0800] "GET /xingrg/check_reg.html?_=1703982884204 HTTP/1.1" 302 -
180.169.147.146 - - [31/Dec/2023:08:34:44 +0800] "GET /xingrg/all/function/internal_message.html?_=1703982884205&CODE_STATE=getMsg HTTP/1.1" 302 -
101.83.145.37 - - [31/Dec/2023:08:34:48 +0800] "GET /xingrg/all/function/internal_message.html?_=1703982654197&CODE_STATE=getMsg HTTP/1.1" 200 27
221.239.172.206 - - [31/Dec/2023:08:34:55 +0800] "GET /xingrg/all/function/internal_message.html?_=1703982895537&CODE_STATE=getMsg HTTP/1.1" 200 27
116.232.193.168 - - [31/Dec/2023:08:34:55 +0800] "GET /xingrg/all/function/internal_message.html?_=1703982859571&CODE_STATE=getMsg HTTP/1.1" 200 27
114.95.241.104 - - [31/Dec/2023:08:35:05 +0800] "GET /xingrg/all/function/internal_message.html?_=1703982905014&CODE_STATE=getMsg HTTP/1.1" 200 27
124.78.154.219 - - [31/Dec/2023:08:35:06 +0800] "GET /xingrg/kc/buy/cgsh_order_operate.html?command=get_materiel&rest_code=00106&code=00101006111&supplier_code=00100096&order_time=2023-12-31 HTTP/1.1" 200 411
124.78.154.219 - - [31/Dec/2023:08:35:10 +0800] "POST /xingrg/kc/buy/cgsh_order_operate.html HTTP/1.1" 200 2065
221.239.172.206 - - [31/Dec/2023:08:35:16 +0800] "GET /xingrg/check_reg.html?_=1703982916319 HTTP/1.1" 200 22
58.40.7.146 - - [31/Dec/2023:08:35:17 +0800] "GET /xingrg/all/function/internal_message.html?_=1703982917159&CODE_STATE=getMsg HTTP/1.1" 200 27
116.230.112.67 - - [31/Dec/2023:08:35:20 +0800] "GET /xingrg/all/function/internal_message.html?_=1703982946538&CODE_STATE=getMsg HTTP/1.1" 200 27
58.40.7.146 - - [31/Dec/2023:08:35:25 +0800] "GET /xingrg/all/function/internal_message.html?_=1703982925637&CODE_STATE=getMsg HTTP/1.1" 200 27
180.163.28.114 - - [31/Dec/2023:08:35:28 +0800] "GET /xingrg/all/function/internal_message.html?_=1703982867255&CODE_STATE=getMsg HTTP/1.1" 302 -
124.78.154.219 - - [31/Dec/2023:08:35:28 +0800] "GET /xingrg/all/function/internal_message.html?_=1703982927230&CODE_STATE=getMsg HTTP/1.1" 200 27
180.163.28.114 - - [31/Dec/2023:08:35:28 +0800] "GET /xingrg/login.html HTTP/1.1" 200 7641
114.95.241.104 - - [31/Dec/2023:08:35:30 +0800] "GET /xingrg/index.html?sysBaseUrl=http%3A%2F%2F180.169.147.146%3A18081%2Fxingrg%2F&costTime=14×tamp=1698040851670 HTTP/1.1" 302 -
114.95.241.104 - - [31/Dec/2023:08:35:30 +0800] "GET /xingrg/login.html HTTP/1.1" 200 7641
114.95.241.104 - - [31/Dec/2023:08:35:30 +0800] "GET /favicon.ico HTTP/1.1" 404 -
180.163.30.85 - - [31/Dec/2023:08:35:34 +0800] "GET /xingrg/kc/buy/cgsh_order_operate.html?command=get_materiel&rest_code=00106&code=00101006123&supplier_code=00100096&order_time=2023-12-31 HTTP/1.1" 302 -
180.163.30.85 - - [31/Dec/2023:08:35:35 +0800] "GET /xingrg/login.html HTTP/1.1" 200 7641
116.232.193.168 - - [31/Dec/2023:08:35:36 +0800] "GET /xingrg/all/function/internal_message.html?_=1703982900486&CODE_STATE=getMsg HTTP/1.1" 200 27
114.95.241.104 - - [31/Dec/2023:08:35:39 +0800] "POST /xingrg/login.do HTTP/1.1" 302 -
114.95.241.104 - - [31/Dec/2023:08:35:39 +0800] "GET /xingrg/index.html?sysBaseUrl=http%3A%2F%2F180.169.147.146%3A18081%2Fxingrg%2F&costTime=1077×tamp=1703982939158 HTTP/1.1" 200 17177
114.95.241.104 - - [31/Dec/2023:08:35:39 +0800] "GET /favicon.ico HTTP/1.1" 404 -
114.95.241.104 - - [31/Dec/2023:08:35:39 +0800] "POST /xingrg/all/common/load_tree.html?tree=area_rest_tree_json&manage=1 HTTP/1.1" 200 476
114.95.241.104 - - [31/Dec/2023:08:35:39 +0800] "GET /xingrg/all/function/internal_message.html?_=1703982939891&CODE_STATE=count HTTP/1.1" 200 11
114.95.241.104 - - [31/Dec/2023:08:35:39 +0800] "GET /xingrg/check_reg.html?_=1703982939892 HTTP/1.1" 200 22
114.95.241.104 - - [31/Dec/2023:08:35:40 +0800] "POST /xingrg/load_menu.html HTTP/1.1" 200 5138
222.67.232.215 - - [31/Dec/2023:08:35:42 +0800] "GET /xingrg/all/function/internal_message.html?_=1703982942117&CODE_STATE=getMsg HTTP/1.1" 200 27
120.253.135.82 - - [31/Dec/2023:08:35:43 +0800] "GET /xingrg/all/function/internal_message.html?_=1703982760215&CODE_STATE=getMsg HTTP/1.1" 200 27
114.95.241.104 - - [31/Dec/2023:08:35:43 +0800] "GET /xingrg/kc/buy/cgsh_order_list.html HTTP/1.1" 200 57116
180.169.147.146 - - [31/Dec/2023:08:35:44 +0800] "GET /xingrg/all/function/internal_message.html?_=1703982944192&CODE_STATE=getMsg HTTP/1.1" 302 -
114.95.241.104 - - [31/Dec/2023:08:35:47 +0800] "POST /xingrg/kc/buy/cgsh_list_operate.html HTTP/1.1" 200 986
101.83.145.37 - - [31/Dec/2023:08:35:48 +0800] "GET /xingrg/all/function/internal_message.html?_=1703982714184&CODE_STATE=getMsg HTTP/1.1" 200 27
114.95.241.104 - - [31/Dec/2023:08:35:50 +0800] "GET /xingrg/kc/buy/cgsh_order_add.html HTTP/1.1" 200 72492
114.95.241.104 - - [31/Dec/2023:08:35:50 +0800] "GET /xingrg/words/20231230171448_words.js HTTP/1.1" 304 -
114.95.241.104 - - [31/Dec/2023:08:35:50 +0800] "POST /xingrg/kc/buy/cgsh_order_operate.html HTTP/1.1" 200 8245
114.95.241.104 - - [31/Dec/2023:08:35:50 +0800] "GET /xingrg/javascript/easyui/themes/default/validatebox.css HTTP/1.1" 404 1104
114.95.241.104 - - [31/Dec/2023:08:35:50 +0800] "GET /xingrg/all/common/auto_word.html?type=employee&rest_code=00151 HTTP/1.1" 200 293
114.95.241.104 - - [31/Dec/2023:08:35:50 +0800] "GET /xingrg/all/common/auto_word.html?type=employee&rest_code=00151 HTTP/1.1" 200 293
221.239.172.206 - - [31/Dec/2023:08:35:55 +0800] "GET /xingrg/all/function/internal_message.html?_=1703982955508&CODE_STATE=getMsg HTTP/1.1" 200 27
116.232.193.168 - - [31/Dec/2023:08:35:55 +0800] "GET /xingrg/all/function/internal_message.html?_=1703982919544&CODE_STATE=getMsg HTTP/1.1" 200 27
114.95.241.104 - - [31/Dec/2023:08:35:56 +0800] "GET /xingrg/javascript/auto/indicator.gif HTTP/1.1" 404 1066
124.78.154.219 - - [31/Dec/2023:08:35:58 +0800] "GET /xingrg/kc/buy/cgsh_order_operate.html?command=get_materiel&rest_code=00106&code=00101007076&supplier_code=00100096&order_time=2023-12-31 HTTP/1.1" 200 410
114.95.241.104 - - [31/Dec/2023:08:36:14 +0800] "GET /xingrg/login.html HTTP/1.1" 200 7641
114.95.241.104 - - [31/Dec/2023:08:36:15 +0800] "GET /favicon.ico HTTP/1.1" 404 -
58.40.7.146 - - [31/Dec/2023:08:36:17 +0800] "GET /xingrg/all/function/internal_message.html?_=1703982977164&CODE_STATE=getMsg HTTP/1.1" 200 27
114.95.241.104 - - [31/Dec/2023:08:36:18 +0800] "POST /xingrg/login.do HTTP/1.1" 302 -
114.95.241.104 - - [31/Dec/2023:08:36:18 +0800] "GET /xingrg/index.html?sysBaseUrl=http%3A%2F%2F180.169.147.146%3A18081%2Fxingrg%2F&costTime=811×tamp=1703982978149 HTTP/1.1" 200 17179
114.95.241.104 - - [31/Dec/2023:08:36:18 +0800] "GET /favicon.ico HTTP/1.1" 404 -
114.95.241.104 - - [31/Dec/2023:08:36:18 +0800] "POST /xingrg/all/common/load_tree.html?tree=area_rest_tree_json&manage=1 HTTP/1.1" 200 476
114.95.241.104 - - [31/Dec/2023:08:36:18 +0800] "GET /xingrg/check_reg.html?_=1703982977826 HTTP/1.1" 200 22
114.95.241.104 - - [31/Dec/2023:08:36:18 +0800] "GET /xingrg/all/function/internal_message.html?_=1703982977825&CODE_STATE=count HTTP/1.1" 200 11
114.95.241.104 - - [31/Dec/2023:08:36:18 +0800] "POST /xingrg/load_menu.html HTTP/1.1" 200 5138
116.230.112.67 - - [31/Dec/2023:08:36:19 +0800] "GET /xingrg/check_reg.html?_=1703983005664 HTTP/1.1" 200 22
116.230.112.67 - - [31/Dec/2023:08:36:20 +0800] "GET /xingrg/all/function/internal_message.html?_=1703983006554&CODE_STATE=getMsg HTTP/1.1" 200 27
114.95.241.104 - - [31/Dec/2023:08:36:21 +0800] "GET /xingrg/kc/buy/cgsh_order_operate.html?command=get_materiel&rest_code=00151&code=00101008084&supplier_code=00100096&order_time=2023-12-31 HTTP/1.1" 200 412
114.95.241.104 - - [31/Dec/2023:08:36:24 +0800] "GET /xingrg/kc/buy/cgsh_order_list.html HTTP/1.1" 200 57118
58.40.7.146 - - [31/Dec/2023:08:36:25 +0800] "GET /xingrg/all/function/internal_message.html?_=1703982985639&CODE_STATE=getMsg HTTP/1.1" 200 27
114.95.241.104 - - [31/Dec/2023:08:36:27 +0800] "POST /xingrg/kc/buy/cgsh_list_operate.html HTTP/1.1" 200 986
124.78.154.219 - - [31/Dec/2023:08:36:28 +0800] "GET /xingrg/all/function/internal_message.html?_=1703982987243&CODE_STATE=getMsg HTTP/1.1" 200 27
114.95.241.104 - - [31/Dec/2023:08:36:28 +0800] "GET /xingrg/kc/buy/cgsh_order_add.html HTTP/1.1" 200 72950
114.95.241.104 - - [31/Dec/2023:08:36:28 +0800] "GET /xingrg/words/20231230171448_words.js HTTP/1.1" 200 1004934
114.95.241.104 - - [31/Dec/2023:08:36:29 +0800] "POST /xingrg/kc/buy/cgsh_order_operate.html HTTP/1.1" 200 8245
