114.83.218.109 - - [31/Dec/2023:08:53:09 +0800] "GET /xingrg/kc/buy/cgsh_order_operate.html?command=get_materiel&rest_code=00149&code=00101008356&supplier_code=00100008&order_time=2023-12-31 HTTP/1.1" 200 429
120.253.135.82 - - [31/Dec/2023:08:53:12 +0800] "GET /xingrg/kc/report/report_main.html HTTP/1.1" 200 8599
114.95.241.104 - - [31/Dec/2023:08:53:16 +0800] "GET /xingrg/all/function/internal_message.html?_=1703983996819&CODE_STATE=getMsg HTTP/1.1" 200 27
58.40.7.146 - - [31/Dec/2023:08:53:17 +0800] "GET /xingrg/all/function/internal_message.html?_=1703983997167&CODE_STATE=getMsg HTTP/1.1" 200 27
114.83.218.109 - - [31/Dec/2023:08:53:20 +0800] "GET /xingrg/all/function/internal_message.html?_=1703984000830&CODE_STATE=getMsg HTTP/1.1" 200 27
116.230.112.67 - - [31/Dec/2023:08:53:21 +0800] "GET /xingrg/all/function/internal_message.html?_=1703984027344&CODE_STATE=getMsg HTTP/1.1" 200 27
114.83.218.109 - - [31/Dec/2023:08:53:21 +0800] "GET /xingrg/kc/buy/cgsh_order_operate.html?command=get_materiel&rest_code=00149&code=00101008205&supplier_code=00100008&order_time=2023-12-31 HTTP/1.1" 200 432
58.40.7.146 - - [31/Dec/2023:08:53:25 +0800] "GET /xingrg/all/function/internal_message.html?_=1703984005645&CODE_STATE=getMsg HTTP/1.1" 200 27
124.78.154.219 - - [31/Dec/2023:08:53:28 +0800] "GET /xingrg/check_reg.html?_=1703984007251 HTTP/1.1" 200 22
114.83.218.109 - - [31/Dec/2023:08:53:32 +0800] "GET /xingrg/kc/buy/cgsh_order_operate.html?command=get_materiel&rest_code=00149&code=00101008251&supplier_code=00100008&order_time=2023-12-31 HTTP/1.1" 200 408
180.163.30.27 - - [31/Dec/2023:08:53:34 +0800] "GET /xingrg/all/function/internal_message.html?_=1703983954023&CODE_STATE=getMsg HTTP/1.1" 302 -
124.78.154.219 - - [31/Dec/2023:08:53:34 +0800] "GET /xingrg/all/function/internal_message.html?_=1703984014001&CODE_STATE=getMsg HTTP/1.1" 200 27
180.163.30.27 - - [31/Dec/2023:08:53:35 +0800] "GET /xingrg/login.html HTTP/1.1" 200 7641
116.232.193.168 - - [31/Dec/2023:08:53:36 +0800] "GET /xingrg/all/function/internal_message.html?_=1703983980480&CODE_STATE=getMsg HTTP/1.1" 200 27
222.67.232.215 - - [31/Dec/2023:08:53:41 +0800] "GET /xingrg/all/function/internal_message.html?_=1703984021834&CODE_STATE=getMsg HTTP/1.1" 200 27
180.169.147.146 - - [31/Dec/2023:08:53:44 +0800] "GET /xingrg/all/function/internal_message.html?_=1703984024204&CODE_STATE=getMsg HTTP/1.1" 302 -
101.83.145.37 - - [31/Dec/2023:08:53:48 +0800] "GET /xingrg/all/function/internal_message.html?_=1703983794189&CODE_STATE=getMsg HTTP/1.1" 200 27
101.83.145.37 - - [31/Dec/2023:08:53:48 +0800] "GET /xingrg/check_reg.html?_=1703983794193 HTTP/1.1" 200 22
124.78.154.219 - - [31/Dec/2023:08:53:49 +0800] "POST /xingrg/dwr/call/plaincall/AjaxQqpsService.getMaterielByCode.dwr HTTP/1.1" 200 2764
221.239.172.206 - - [31/Dec/2023:08:53:55 +0800] "GET /xingrg/all/function/internal_message.html?_=1703984035216&CODE_STATE=getMsg HTTP/1.1" 200 27
116.232.193.168 - - [31/Dec/2023:08:53:55 +0800] "GET /xingrg/all/function/internal_message.html?_=1703983999568&CODE_STATE=getMsg HTTP/1.1" 200 27
116.232.193.168 - - [31/Dec/2023:08:53:55 +0800] "GET /xingrg/check_reg.html?_=1703983999567 HTTP/1.1" 200 22
116.238.97.123 - - [31/Dec/2023:08:53:56 +0800] "GET /xingrg/check_reg.html?_=1703984036716 HTTP/1.1" 302 -
124.78.154.219 - - [31/Dec/2023:08:53:59 +0800] "POST /xingrg/dwr/call/plaincall/AjaxQqpsService.saveMaterielItem.dwr HTTP/1.1" 200 78
124.78.154.219 - - [31/Dec/2023:08:54:03 +0800] "POST /xingrg/dwr/call/plaincall/AjaxQqpsService.getMaterielByCode.dwr HTTP/1.1" 200 2723
124.78.154.219 - - [31/Dec/2023:08:54:05 +0800] "POST /xingrg/dwr/call/plaincall/AjaxQqpsService.saveMaterielItem.dwr HTTP/1.1" 200 78
124.78.154.219 - - [31/Dec/2023:08:54:08 +0800] "POST /xingrg/dwr/call/plaincall/AjaxQqpsService.getMaterielByCode.dwr HTTP/1.1" 200 2666
120.253.135.82 - - [31/Dec/2023:08:54:10 +0800] "GET /xingrg/login.html HTTP/1.1" 200 7641
120.253.135.82 - - [31/Dec/2023:08:54:11 +0800] "GET /favicon.ico HTTP/1.1" 404 -
114.83.218.109 - - [31/Dec/2023:08:54:11 +0800] "GET /xingrg/kc/buy/cgsh_order_operate.html?command=get_materiel&rest_code=00149&code=00101008059&supplier_code=00100008&order_time=2023-12-31 HTTP/1.1" 200 408
124.78.154.219 - - [31/Dec/2023:08:54:15 +0800] "POST /xingrg/dwr/call/plaincall/AjaxQqpsService.saveMaterielItem.dwr HTTP/1.1" 200 78
120.253.135.82 - - [31/Dec/2023:08:54:16 +0800] "POST /xingrg/login.do HTTP/1.1" 302 -
120.253.135.82 - - [31/Dec/2023:08:54:16 +0800] "GET /xingrg/index.html?sysBaseUrl=http%3A%2F%2F180.169.147.146%3A18081%2Fxingrg%2F&costTime=1135×tamp=1703984056019 HTTP/1.1" 200 17173
120.253.135.82 - - [31/Dec/2023:08:54:16 +0800] "GET /xingrg/javascript/jquery_easy_ui/themes/default/easyui.css HTTP/1.1" 304 -
120.253.135.82 - - [31/Dec/2023:08:54:16 +0800] "GET /xingrg/javascript/jquery_easy_ui/themes/icon.css HTTP/1.1" 304 -
120.253.135.82 - - [31/Dec/2023:08:54:16 +0800] "GET /xingrg/css/form.css HTTP/1.1" 304 -
120.253.135.82 - - [31/Dec/2023:08:54:16 +0800] "GET /xingrg/javascript/jquery.utils.js HTTP/1.1" 304 -
120.253.135.82 - - [31/Dec/2023:08:54:16 +0800] "GET /xingrg/javascript/jquery.timers.js HTTP/1.1" 304 -
120.253.135.82 - - [31/Dec/2023:08:54:16 +0800] "GET /xingrg/javascript/jquery_easy_ui/jquery.easyui.min.js HTTP/1.1" 304 -
120.253.135.82 - - [31/Dec/2023:08:54:16 +0800] "GET /xingrg/javascript/jquery-1.4.2.min.js HTTP/1.1" 304 -
120.253.135.82 - - [31/Dec/2023:08:54:16 +0800] "GET /xingrg/javascript/jquery_easy_ui/easyui-lang-zh_CN.js HTTP/1.1" 304 -
120.253.135.82 - - [31/Dec/2023:08:54:16 +0800] "GET /xingrg/javascript/jquery.form.js HTTP/1.1" 304 -
120.253.135.82 - - [31/Dec/2023:08:54:16 +0800] "GET /favicon.ico HTTP/1.1" 404 -
120.253.135.82 - - [31/Dec/2023:08:54:16 +0800] "POST /xingrg/all/common/load_tree.html?tree=area_rest_tree_json&manage=1 HTTP/1.1" 200 344
120.253.135.82 - - [31/Dec/2023:08:54:16 +0800] "GET /xingrg/check_reg.html?_=1703983873637 HTTP/1.1" 200 22
120.253.135.82 - - [31/Dec/2023:08:54:16 +0800] "GET /xingrg/all/function/internal_message.html?_=1703983873636&CODE_STATE=count HTTP/1.1" 200 11
120.253.135.82 - - [31/Dec/2023:08:54:16 +0800] "POST /xingrg/load_menu.html HTTP/1.1" 200 6743
114.95.241.104 - - [31/Dec/2023:08:54:16 +0800] "GET /xingrg/all/function/internal_message.html?_=1703984056811&CODE_STATE=getMsg HTTP/1.1" 200 27
58.40.7.146 - - [31/Dec/2023:08:54:17 +0800] "GET /xingrg/all/function/internal_message.html?_=1703984057173&CODE_STATE=getMsg HTTP/1.1" 200 27
114.83.218.109 - - [31/Dec/2023:08:54:20 +0800] "GET /xingrg/all/function/internal_message.html?_=1703984060827&CODE_STATE=getMsg HTTP/1.1" 200 27
116.230.112.67 - - [31/Dec/2023:08:54:21 +0800] "GET /xingrg/all/function/internal_message.html?_=1703984087550&CODE_STATE=getMsg HTTP/1.1" 200 27
120.253.135.82 - - [31/Dec/2023:08:54:22 +0800] "GET /xingrg/kc/pszx/mdqp_order_list.html?state=10 HTTP/1.1" 200 11567
120.253.135.82 - - [31/Dec/2023:08:54:22 +0800] "GET /xingrg/css/blue.css HTTP/1.1" 304 -
120.253.135.82 - - [31/Dec/2023:08:54:22 +0800] "GET /xingrg/javascript/Calendar.js HTTP/1.1" 304 -
120.253.135.82 - - [31/Dec/2023:08:54:22 +0800] "GET /xingrg/javascript/pic_change.js HTTP/1.1" 304 -
120.253.135.82 - - [31/Dec/2023:08:54:22 +0800] "GET /xingrg/dwr/interface/AjaxReportQueryService.js HTTP/1.1" 200 13203
120.253.135.82 - - [31/Dec/2023:08:54:22 +0800] "GET /xingrg/dwr/interface/AjaxQqpsService.js HTTP/1.1" 200 16326
120.253.135.82 - - [31/Dec/2023:08:54:22 +0800] "GET /xingrg/dwr/engine.js HTTP/1.1" 200 43631
120.253.135.82 - - [31/Dec/2023:08:54:22 +0800] "GET /xingrg/dwr/util.js HTTP/1.1" 304 -
114.83.218.109 - - [31/Dec/2023:08:54:22 +0800] "POST /xingrg/kc/buy/cgsh_order_operate.html HTTP/1.1" 200 2065
120.253.135.82 - - [31/Dec/2023:08:54:22 +0800] "GET /xingrg/javascript/myfunction.js HTTP/1.1" 304 -
120.253.135.82 - - [31/Dec/2023:08:54:25 +0800] "GET /xingrg/kc/pszx/mdps_order_list.html?orderType=0 HTTP/1.1" 200 21036
120.253.135.82 - - [31/Dec/2023:08:54:25 +0800] "GET /xingrg/css/site.css HTTP/1.1" 304 -
120.253.135.82 - - [31/Dec/2023:08:54:25 +0800] "GET /xingrg/javascript/jquery_tools/datebox.css HTTP/1.1" 304 -
120.253.135.82 - - [31/Dec/2023:08:54:25 +0800] "GET /xingrg/javascript/easyui/themes/icon.css HTTP/1.1" 304 -
120.253.135.82 - - [31/Dec/2023:08:54:25 +0800] "GET /xingrg/javascript/easyui/themes/default/easyui.css HTTP/1.1" 304 -
120.253.135.82 - - [31/Dec/2023:08:54:25 +0800] "GET /xingrg/javascript/auto/jquery.autocomplete.css HTTP/1.1" 304 -
120.253.135.82 - - [31/Dec/2023:08:54:25 +0800] "GET /xingrg/javascript/jquery_tools/table.css HTTP/1.1" 304 -
120.253.135.82 - - [31/Dec/2023:08:54:25 +0800] "GET /xingrg/javascript/jquery_tools/fix.css HTTP/1.1" 304 -
120.253.135.82 - - [31/Dec/2023:08:54:25 +0800] "GET /xingrg/css/base.css HTTP/1.1" 304 -
120.253.135.82 - - [31/Dec/2023:08:54:25 +0800] "GET /xingrg/javascript/jquery_tools/list_manager.js HTTP/1.1" 304 -
120.253.135.82 - - [31/Dec/2023:08:54:25 +0800] "GET /xingrg/javascript/jquery_tools/jquery.tools.table.js HTTP/1.1" 304 -
120.253.135.82 - - [31/Dec/2023:08:54:25 +0800] "GET /xingrg/javascript/jquery_tools/jquery.tools.min.js HTTP/1.1" 304 -
120.253.135.82 - - [31/Dec/2023:08:54:25 +0800] "GET /xingrg/javascript/jquery.cookie.js HTTP/1.1" 304 -
120.253.135.82 - - [31/Dec/2023:08:54:25 +0800] "GET /xingrg/javascript/jquery_tools/jquery.tools.extend.js HTTP/1.1" 304 -
120.253.135.82 - - [31/Dec/2023:08:54:25 +0800] "GET /xingrg/javascript/print/LodopFuncs.js HTTP/1.1" 304 -
120.253.135.82 - - [31/Dec/2023:08:54:25 +0800] "GET /xingrg/javascript/auto/jquery.autocomplete.js HTTP/1.1" 304 -
120.253.135.82 - - [31/Dec/2023:08:54:25 +0800] "GET /xingrg/javascript/jquery_tools/jquery.tools.hotkey.js HTTP/1.1" 304 -
120.253.135.82 - - [31/Dec/2023:08:54:25 +0800] "GET /xingrg/javascript/easyui/easyloader.js HTTP/1.1" 304 -
58.40.7.146 - - [31/Dec/2023:08:54:25 +0800] "GET /xingrg/all/function/internal_message.html?_=1703984065648&CODE_STATE=getMsg HTTP/1.1" 200 27
124.78.154.219 - - [31/Dec/2023:08:54:25 +0800] "POST /xingrg/dwr/call/plaincall/AjaxQqpsService.getMaterielByCode.dwr HTTP/1.1" 200 2706
120.253.135.82 - - [31/Dec/2023:08:54:25 +0800] "GET /xingrg/javascript/easyui/plugins/jquery.parser.js HTTP/1.1" 304 -
120.253.135.82 - - [31/Dec/2023:08:54:26 +0800] "POST /xingrg/kc/pszx/mdps_list_operate.html HTTP/1.1" 200 5236
114.83.218.109 - - [31/Dec/2023:08:54:27 +0800] "GET /xingrg/kc/buy/cgsh_order_operate.html?command=get_materiel&rest_code=00149&code=00101008077&supplier_code=00100008&order_time=2023-12-31 HTTP/1.1" 200 416
124.78.154.219 - - [31/Dec/2023:08:54:27 +0800] "POST /xingrg/dwr/call/plaincall/AjaxQqpsService.saveMaterielItem.dwr HTTP/1.1" 200 79
180.163.29.234 - - [31/Dec/2023:08:54:28 +0800] "GET /xingrg/check_reg.html?_=1703984007251 HTTP/1.1" 302 -
180.163.29.234 - - [31/Dec/2023:08:54:28 +0800] "GET /xingrg/login.html HTTP/1.1" 200 7641
120.253.135.82 - - [31/Dec/2023:08:54:28 +0800] "GET /xingrg/kc/pszx/mdqp_order_list.html?state=10 HTTP/1.1" 200 11567
120.253.135.82 - - [31/Dec/2023:08:54:28 +0800] "GET /xingrg/dwr/interface/AjaxReportQueryService.js HTTP/1.1" 200 13203
120.253.135.82 - - [31/Dec/2023:08:54:28 +0800] "GET /xingrg/dwr/engine.js HTTP/1.1" 200 43631
120.253.135.82 - - [31/Dec/2023:08:54:28 +0800] "GET /xingrg/dwr/interface/AjaxQqpsService.js HTTP/1.1" 200 16326
124.78.154.219 - - [31/Dec/2023:08:54:30 +0800] "POST /xingrg/dwr/call/plaincall/AjaxQqpsService.getMaterielByCode.dwr HTTP/1.1" 200 2717
124.78.154.219 - - [31/Dec/2023:08:54:34 +0800] "GET /xingrg/all/function/internal_message.html?_=1703984073988&CODE_STATE=getMsg HTTP/1.1" 200 27
124.78.154.219 - - [31/Dec/2023:08:54:36 +0800] "POST /xingrg/dwr/call/plaincall/AjaxQqpsService.saveMaterielItem.dwr HTTP/1.1" 200 79
116.232.193.168 - - [31/Dec/2023:08:54:36 +0800] "GET /xingrg/all/function/internal_message.html?_=1703984040495&CODE_STATE=getMsg HTTP/1.1" 200 27
124.78.154.219 - - [31/Dec/2023:08:54:40 +0800] "POST /xingrg/dwr/call/plaincall/AjaxQqpsService.getMaterielByCode.dwr HTTP/1.1" 200 2699
222.67.232.215 - - [31/Dec/2023:08:54:41 +0800] "GET /xingrg/all/function/internal_message.html?_=1703984081820&CODE_STATE=getMsg HTTP/1.1" 200 27
114.83.218.109 - - [31/Dec/2023:08:54:43 +0800] "GET /xingrg/kc/buy/cgsh_order_operate.html?command=get_materiel&rest_code=00149&code=00101008286&supplier_code=00100008&order_time=2023-12-31 HTTP/1.1" 200 408
180.169.147.146 - - [31/Dec/2023:08:54:44 +0800] "GET /xingrg/check_reg.html?_=1703984084227 HTTP/1.1" 302 -
180.169.147.146 - - [31/Dec/2023:08:54:44 +0800] "GET /xingrg/all/function/internal_message.html?_=1703984084228&CODE_STATE=getMsg HTTP/1.1" 302 -
124.78.154.219 - - [31/Dec/2023:08:54:47 +0800] "POST /xingrg/dwr/call/plaincall/AjaxQqpsService.saveMaterielItem.dwr HTTP/1.1" 200 79
101.83.145.37 - - [31/Dec/2023:08:54:48 +0800] "GET /xingrg/all/function/internal_message.html?_=1703983854193&CODE_STATE=getMsg HTTP/1.1" 200 27
124.78.154.219 - - [31/Dec/2023:08:54:53 +0800] "POST /xingrg/dwr/call/plaincall/AjaxQqpsService.getMaterielByCode.dwr HTTP/1.1" 200 2695
221.239.172.206 - - [31/Dec/2023:08:54:55 +0800] "GET /xingrg/all/function/internal_message.html?_=1703984095201&CODE_STATE=getMsg HTTP/1.1" 200 27
116.232.193.168 - - [31/Dec/2023:08:54:55 +0800] "GET /xingrg/all/function/internal_message.html?_=1703984059567&CODE_STATE=getMsg HTTP/1.1" 200 27
120.253.135.82 - - [31/Dec/2023:08:54:57 +0800] "GET /xingrg/kc/pszx/mdqp_order_list.html?state=10 HTTP/1.1" 200 11567
120.253.135.82 - - [31/Dec/2023:08:54:57 +0800] "GET /xingrg/dwr/interface/AjaxQqpsService.js HTTP/1.1" 200 16326
120.253.135.82 - - [31/Dec/2023:08:54:57 +0800] "GET /xingrg/dwr/interface/AjaxReportQueryService.js HTTP/1.1" 200 13203
120.253.135.82 - - [31/Dec/2023:08:54:57 +0800] "GET /xingrg/dwr/engine.js HTTP/1.1" 200 43631
114.95.241.104 - - [31/Dec/2023:08:54:57 +0800] "GET /xingrg/all/function/internal_message.html?_=1703984096363&CODE_STATE=getMsg HTTP/1.1" 200 27
124.78.154.219 - - [31/Dec/2023:08:54:58 +0800] "POST /xingrg/dwr/call/plaincall/AjaxQqpsService.saveMaterielItem.dwr HTTP/1.1" 200 79
114.95.241.104 - - [31/Dec/2023:08:54:58 +0800] "POST /xingrg/kc/buy/cgsh_order_operate.html HTTP/1.1" 200 38774
120.253.135.82 - - [31/Dec/2023:08:54:59 +0800] "GET /xingrg/kc/pszx/mdps_order_list.html?orderType=0 HTTP/1.1" 200 21036
120.253.135.82 - - [31/Dec/2023:08:55:00 +0800] "POST /xingrg/kc/pszx/mdps_list_operate.html HTTP/1.1" 200 5236
124.78.154.219 - - [31/Dec/2023:08:55:01 +0800] "POST /xingrg/dwr/call/plaincall/AjaxQqpsService.getMaterielByCode.dwr HTTP/1.1" 200 2688
120.253.135.82 - - [31/Dec/2023:08:55:02 +0800] "GET /xingrg/javascript/auto/indicator.gif HTTP/1.1" 404 1066
114.83.218.109 - - [31/Dec/2023:08:55:02 +0800] "GET /xingrg/kc/buy/cgsh_order_operate.html?command=get_materiel&rest_code=00149&code=00101008368&supplier_code=00100008&order_time=2023-12-31 HTTP/1.1" 200 408
120.253.135.82 - - [31/Dec/2023:08:55:07 +0800] "POST /xingrg/kc/pszx/mdps_list_operate.html HTTP/1.1" 200 5236
120.253.135.82 - - [31/Dec/2023:08:55:10 +0800] "GET /xingrg/kc/pszx/mdth_order_list.html HTTP/1.1" 200 18460
120.253.135.82 - - [31/Dec/2023:08:55:10 +0800] "POST /xingrg/kc/pszx/mdth_order_new_list.html HTTP/1.1" 200 4737
124.78.154.219 - - [31/Dec/2023:08:55:13 +0800] "POST /xingrg/dwr/call/plaincall/AjaxQqpsService.saveMaterielItem.dwr HTTP/1.1" 200 79
120.253.135.82 - - [31/Dec/2023:08:55:13 +0800] "POST /xingrg/kc/pszx/mdth_order_new_list.html HTTP/1.1" 200 213
114.83.218.109 - - [31/Dec/2023:08:55:14 +0800] "GET /xingrg/kc/buy/cgsh_order_operate.html?command=get_materiel&rest_code=00149&code=00101008131&supplier_code=00100008&order_time=2023-12-31 HTTP/1.1" 200 408
221.239.172.206 - - [31/Dec/2023:08:55:16 +0800] "GET /xingrg/check_reg.html?_=1703984116344 HTTP/1.1" 200 22
120.253.135.82 - - [31/Dec/2023:08:55:16 +0800] "GET /xingrg/all/function/internal_message.html?_=1703983933639&CODE_STATE=getMsg HTTP/1.1" 200 27
114.95.241.104 - - [31/Dec/2023:08:55:16 +0800] "GET /xingrg/all/function/internal_message.html?_=1703984116812&CODE_STATE=getMsg HTTP/1.1" 200 27
58.40.7.146 - - [31/Dec/2023:08:55:17 +0800] "GET /xingrg/all/function/internal_message.html?_=1703984117176&CODE_STATE=getMsg HTTP/1.1" 200 27
120.253.135.82 - - [31/Dec/2023:08:55:17 +0800] "GET /xingrg/kc/pszx/mdqp_order_list.html?state=10 HTTP/1.1" 200 11567
120.253.135.82 - - [31/Dec/2023:08:55:17 +0800] "GET /xingrg/dwr/interface/AjaxReportQueryService.js HTTP/1.1" 200 13203
120.253.135.82 - - [31/Dec/2023:08:55:17 +0800] "GET /xingrg/dwr/engine.js HTTP/1.1" 200 43631
120.253.135.82 - - [31/Dec/2023:08:55:17 +0800] "GET /xingrg/dwr/interface/AjaxQqpsService.js HTTP/1.1" 200 16326
124.78.154.219 - - [31/Dec/2023:08:55:17 +0800] "POST /xingrg/dwr/call/plaincall/AjaxQqpsService.getMaterielByCode.dwr HTTP/1.1" 200 2731
124.78.154.219 - - [31/Dec/2023:08:55:19 +0800] "POST /xingrg/dwr/call/plaincall/AjaxQqpsService.saveMaterielItem.dwr HTTP/1.1" 200 79
114.83.218.109 - - [31/Dec/2023:08:55:20 +0800] "POST /xingrg/kc/buy/cgsh_order_operate.html HTTP/1.1" 200 2065
114.83.218.109 - - [31/Dec/2023:08:55:20 +0800] "GET /xingrg/all/function/internal_message.html?_=1703984120826&CODE_STATE=getMsg HTTP/1.1" 200 27
116.230.112.67 - - [31/Dec/2023:08:55:21 +0800] "GET /xingrg/all/function/internal_message.html?_=1703984147559&CODE_STATE=getMsg HTTP/1.1" 200 27
124.78.154.219 - - [31/Dec/2023:08:55:22 +0800] "POST /xingrg/dwr/call/plaincall/AjaxQqpsService.getMaterielByCode.dwr HTTP/1.1" 200 2730
58.40.7.146 - - [31/Dec/2023:08:55:25 +0800] "GET /xingrg/all/function/internal_message.html?_=1703984125633&CODE_STATE=getMsg HTTP/1.1" 200 27
124.78.154.219 - - [31/Dec/2023:08:55:26 +0800] "POST /xingrg/dwr/call/plaincall/AjaxQqpsService.saveMaterielItem.dwr HTTP/1.1" 200 79
180.163.29.79 - - [31/Dec/2023:08:55:34 +0800] "GET /xingrg/all/function/internal_message.html?_=1703984073988&CODE_STATE=getMsg HTTP/1.1" 302 -
124.78.154.219 - - [31/Dec/2023:08:55:34 +0800] "GET /xingrg/all/function/internal_message.html?_=1703984133974&CODE_STATE=getMsg HTTP/1.1" 200 27
114.83.218.109 - - [31/Dec/2023:08:55:34 +0800] "GET /xingrg/kc/buy/cgsh_order_operate.html?command=get_materiel&rest_code=00149&code=00101008169&supplier_code=00100008&order_time=2023-12-31 HTTP/1.1" 200 412
180.163.29.79 - - [31/Dec/2023:08:55:35 +0800] "GET /xingrg/login.html HTTP/1.1" 200 7641
120.253.135.82 - - [31/Dec/2023:08:55:35 +0800] "GET /xingrg/login.html HTTP/1.1" 200 7641
120.253.135.82 - - [31/Dec/2023:08:55:36 +0800] "GET /favicon.ico HTTP/1.1" 404 -
116.232.193.168 - - [31/Dec/2023:08:55:36 +0800] "GET /xingrg/all/function/internal_message.html?_=1703984100497&CODE_STATE=getMsg HTTP/1.1" 200 27
120.253.135.82 - - [31/Dec/2023:08:55:41 +0800] "POST /xingrg/login.do HTTP/1.1" 302 -
120.253.135.82 - - [31/Dec/2023:08:55:41 +0800] "GET /xingrg/index.html?sysBaseUrl=http%3A%2F%2F180.169.147.146%3A18081%2Fxingrg%2F&costTime=793×tamp=1703984141104 HTTP/1.1" 200 17173
120.253.135.82 - - [31/Dec/2023:08:55:41 +0800] "GET /xingrg/javascript/jquery_easy_ui/themes/default/easyui.css HTTP/1.1" 304 -
120.253.135.82 - - [31/Dec/2023:08:55:41 +0800] "GET /xingrg/javascript/jquery_easy_ui/easyui-lang-zh_CN.js HTTP/1.1" 304 -
120.253.135.82 - - [31/Dec/2023:08:55:41 +0800] "GET /xingrg/javascript/jquery_easy_ui/themes/icon.css HTTP/1.1" 304 -
120.253.135.82 - - [31/Dec/2023:08:55:41 +0800] "GET /xingrg/javascript/jquery.form.js HTTP/1.1" 304 -
120.253.135.82 - - [31/Dec/2023:08:55:41 +0800] "GET /xingrg/javascript/jquery-1.4.2.min.js HTTP/1.1" 304 -
120.253.135.82 - - [31/Dec/2023:08:55:41 +0800] "GET /xingrg/javascript/jquery_easy_ui/jquery.easyui.min.js HTTP/1.1" 304 -
120.253.135.82 - - [31/Dec/2023:08:55:41 +0800] "GET /xingrg/css/form.css HTTP/1.1" 304 -
120.253.135.82 - - [31/Dec/2023:08:55:41 +0800] "GET /xingrg/javascript/jquery.utils.js HTTP/1.1" 304 -
120.253.135.82 - - [31/Dec/2023:08:55:41 +0800] "GET /xingrg/javascript/jquery.timers.js HTTP/1.1" 304 -
120.253.135.82 - - [31/Dec/2023:08:55:41 +0800] "GET /favicon.ico HTTP/1.1" 404 -
120.253.135.82 - - [31/Dec/2023:08:55:41 +0800] "POST /xingrg/all/common/load_tree.html?tree=area_rest_tree_json&manage=1 HTTP/1.1" 200 344
120.253.135.82 - - [31/Dec/2023:08:55:41 +0800] "GET /xingrg/all/function/internal_message.html?_=1703983958678&CODE_STATE=count HTTP/1.1" 200 11
120.253.135.82 - - [31/Dec/2023:08:55:41 +0800] "GET /xingrg/check_reg.html?_=1703983958678 HTTP/1.1" 200 22
120.253.135.82 - - [31/Dec/2023:08:55:41 +0800] "POST /xingrg/load_menu.html HTTP/1.1" 200 6743
222.67.232.215 - - [31/Dec/2023:08:55:41 +0800] "GET /xingrg/all/function/internal_message.html?_=1703984141794&CODE_STATE=getMsg HTTP/1.1" 200 27
180.169.147.146 - - [31/Dec/2023:08:55:44 +0800] "GET /xingrg/all/function/internal_message.html?_=1703984144221&CODE_STATE=getMsg HTTP/1.1" 302 -
120.253.135.82 - - [31/Dec/2023:08:55:46 +0800] "GET /xingrg/kc/pszx/mdqp_order_list.html?state=10 HTTP/1.1" 200 11567
120.253.135.82 - - [31/Dec/2023:08:55:46 +0800] "GET /xingrg/css/blue.css HTTP/1.1" 304 -
120.253.135.82 - - [31/Dec/2023:08:55:46 +0800] "GET /xingrg/dwr/interface/AjaxReportQueryService.js HTTP/1.1" 200 13203
120.253.135.82 - - [31/Dec/2023:08:55:46 +0800] "GET /xingrg/javascript/pic_change.js HTTP/1.1" 304 -
120.253.135.82 - - [31/Dec/2023:08:55:46 +0800] "GET /xingrg/dwr/interface/AjaxQqpsService.js HTTP/1.1" 200 16326
120.253.135.82 - - [31/Dec/2023:08:55:46 +0800] "GET /xingrg/dwr/engine.js HTTP/1.1" 200 43631
120.253.135.82 - - [31/Dec/2023:08:55:46 +0800] "GET /xingrg/dwr/util.js HTTP/1.1" 304 -
120.253.135.82 - - [31/Dec/2023:08:55:46 +0800] "GET /xingrg/javascript/Calendar.js HTTP/1.1" 304 -
120.253.135.82 - - [31/Dec/2023:08:55:46 +0800] "GET /xingrg/javascript/myfunction.js HTTP/1.1" 304 -
101.83.145.37 - - [31/Dec/2023:08:55:48 +0800] "GET /xingrg/all/function/internal_message.html?_=1703983914194&CODE_STATE=getMsg HTTP/1.1" 200 27
120.253.135.82 - - [31/Dec/2023:08:55:49 +0800] "GET /xingrg/kc/pszx/mdqp_order_list.html?state=10 HTTP/1.1" 200 11567
120.253.135.82 - - [31/Dec/2023:08:55:49 +0800] "GET /xingrg/dwr/interface/AjaxReportQueryService.js HTTP/1.1" 200 13203
120.253.135.82 - - [31/Dec/2023:08:55:49 +0800] "GET /xingrg/dwr/engine.js HTTP/1.1" 200 43631
120.253.135.82 - - [31/Dec/2023:08:55:49 +0800] "GET /xingrg/dwr/interface/AjaxQqpsService.js HTTP/1.1" 200 16326
221.239.172.206 - - [31/Dec/2023:08:55:55 +0800] "GET /xingrg/all/function/internal_message.html?_=1703984155174&CODE_STATE=getMsg HTTP/1.1" 200 27
116.232.193.168 - - [31/Dec/2023:08:55:55 +0800] "GET /xingrg/all/function/internal_message.html?_=1703984119561&CODE_STATE=getMsg HTTP/1.1" 200 27
114.95.241.104 - - [31/Dec/2023:08:55:57 +0800] "GET /xingrg/all/function/internal_message.html?_=1703984156340&CODE_STATE=getMsg HTTP/1.1" 200 27
120.253.135.82 - - [31/Dec/2023:08:55:58 +0800] "GET /xingrg/kc/pszx/mdqp_order_list.html?state=10 HTTP/1.1" 200 11567
120.253.135.82 - - [31/Dec/2023:08:55:58 +0800] "GET /xingrg/dwr/interface/AjaxReportQueryService.js HTTP/1.1" 200 13203
120.253.135.82 - - [31/Dec/2023:08:55:58 +0800] "GET /xingrg/dwr/interface/AjaxQqpsService.js HTTP/1.1" 200 16326
120.253.135.82 - - [31/Dec/2023:08:55:58 +0800] "GET /xingrg/dwr/engine.js HTTP/1.1" 200 43631
124.78.154.219 - - [31/Dec/2023:08:56:00 +0800] "POST /xingrg/dwr/call/plaincall/AjaxQqpsService.getMaterielByCode.dwr HTTP/1.1" 200 2723
114.83.218.109 - - [31/Dec/2023:08:56:01 +0800] "GET /xingrg/kc/buy/cgsh_order_operate.html?command=get_materiel&rest_code=00149&code=00101008318&supplier_code=00100008&order_time=2023-12-31 HTTP/1.1" 200 408
124.78.154.219 - - [31/Dec/2023:08:56:11 +0800] "POST /xingrg/dwr/call/plaincall/AjaxQqpsService.saveMaterielItem.dwr HTTP/1.1" 200 79
114.83.218.109 - - [31/Dec/2023:08:56:13 +0800] "GET /xingrg/kc/buy/cgsh_order_operate.html?command=get_materiel&rest_code=00149&code=00101008352&supplier_code=00100008&order_time=2023-12-31 HTTP/1.1" 200 432
114.95.241.104 - - [31/Dec/2023:08:56:16 +0800] "GET /xingrg/all/function/internal_message.html?_=1703984176808&CODE_STATE=getMsg HTTP/1.1" 200 27
114.95.241.104 - - [31/Dec/2023:08:56:16 +0800] "GET /xingrg/check_reg.html?_=1703984176811 HTTP/1.1" 200 22
58.40.7.146 - - [31/Dec/2023:08:56:17 +0800] "GET /xingrg/all/function/internal_message.html?_=1703984177178&CODE_STATE=getMsg HTTP/1.1" 200 27
114.95.241.104 - - [31/Dec/2023:08:56:18 +0800] "GET /xingrg/check_reg.html?_=1703984177844 HTTP/1.1" 200 22
116.230.112.67 - - [31/Dec/2023:08:56:20 +0800] "GET /xingrg/check_reg.html?_=1703984206383 HTTP/1.1" 200 22
114.83.218.109 - - [31/Dec/2023:08:56:20 +0800] "GET /xingrg/all/function/internal_message.html?_=1703984180836&CODE_STATE=getMsg HTTP/1.1" 200 27
116.230.112.67 - - [31/Dec/2023:08:56:21 +0800] "GET /xingrg/all/function/internal_message.html?_=1703984207573&CODE_STATE=getMsg HTTP/1.1" 200 27
114.83.218.109 - - [31/Dec/2023:08:56:24 +0800] "GET /xingrg/kc/buy/cgsh_order_operate.html?command=get_materiel&rest_code=00149&code=00101008098&supplier_code=00100008&order_time=2023-12-31 HTTP/1.1" 200 412
58.40.7.146 - - [31/Dec/2023:08:56:25 +0800] "GET /xingrg/all/function/internal_message.html?_=1703984185634&CODE_STATE=getMsg HTTP/1.1" 200 27
114.83.218.109 - - [31/Dec/2023:08:56:28 +0800] "POST /xingrg/kc/buy/cgsh_order_operate.html HTTP/1.1" 200 2065
114.83.218.109 - - [31/Dec/2023:08:56:33 +0800] "GET /xingrg/kc/buy/cgsh_order_operate.html?command=get_materiel&rest_code=00149&code=00101008005&supplier_code=00100008&order_time=2023-12-31 HTTP/1.1" 200 433
124.78.154.219 - - [31/Dec/2023:08:56:34 +0800] "GET /xingrg/all/function/internal_message.html?_=1703984193941&CODE_STATE=getMsg HTTP/1.1" 200 27
114.95.241.104 - - [31/Dec/2023:08:56:35 +0800] "POST /xingrg/all/report/report_print.html HTTP/1.1" 302 -
114.95.241.104 - - [31/Dec/2023:08:56:35 +0800] "GET /xingrg/servlets/html?sysBaseUrl=http%3A%2F%2F180.169.147.146%3A18081%2Fxingrg%2F&costTime=897×tamp=1703984195277 HTTP/1.1" 200 20980
114.95.241.104 - - [31/Dec/2023:08:56:35 +0800] "GET /xingrg/servlets/image?image=px HTTP/1.1" 200 807
114.95.241.104 - - [31/Dec/2023:08:56:35 +0800] "GET /favicon.ico HTTP/1.1" 404 -
116.232.193.168 - - [31/Dec/2023:08:56:36 +0800] "GET /xingrg/check_reg.html?_=1703984160483 HTTP/1.1" 200 22
116.232.193.168 - - [31/Dec/2023:08:56:36 +0800] "GET /xingrg/all/function/internal_message.html?_=1703984160487&CODE_STATE=getMsg HTTP/1.1" 200 27
120.253.135.82 - - [31/Dec/2023:08:56:41 +0800] "GET /xingrg/all/function/internal_message.html?_=1703984018692&CODE_STATE=getMsg HTTP/1.1" 200 27
222.67.232.215 - - [31/Dec/2023:08:56:41 +0800] "GET /xingrg/all/function/internal_message.html?_=1703984201777&CODE_STATE=getMsg HTTP/1.1" 200 27
114.83.218.109 - - [31/Dec/2023:08:56:44 +0800] "GET /xingrg/kc/buy/cgsh_order_operate.html?command=get_materiel&rest_code=00149&code=00101008213&supplier_code=00100008&order_time=2023-12-31 HTTP/1.1" 200 412
180.169.147.146 - - [31/Dec/2023:08:56:44 +0800] "GET /xingrg/all/function/internal_message.html?_=1703984204230&CODE_STATE=getMsg HTTP/1.1" 302 -
101.83.145.37 - - [31/Dec/2023:08:56:48 +0800] "GET /xingrg/all/function/internal_message.html?_=1703983974195&CODE_STATE=getMsg HTTP/1.1" 200 27
221.239.172.206 - - [31/Dec/2023:08:56:55 +0800] "GET /xingrg/all/function/internal_message.html?_=1703984215158&CODE_STATE=getMsg HTTP/1.1" 200 27
116.232.193.168 - - [31/Dec/2023:08:56:55 +0800] "GET /xingrg/all/function/internal_message.html?_=1703984179553&CODE_STATE=getMsg HTTP/1.1" 200 27
114.95.241.104 - - [31/Dec/2023:08:56:57 +0800] "GET /xingrg/all/function/internal_message.html?_=1703984216328&CODE_STATE=getMsg HTTP/1.1" 200 27
114.83.218.109 - - [31/Dec/2023:08:56:59 +0800] "GET /xingrg/kc/buy/cgsh_order_operate.html?command=get_materiel&rest_code=00149&code=00101008275&supplier_code=00100008&order_time=2023-12-31 HTTP/1.1" 200 416
114.83.218.109 - - [31/Dec/2023:08:57:08 +0800] "GET /xingrg/kc/buy/cgsh_order_operate.html?command=get_materiel&rest_code=00149&code=00101008224&supplier_code=00100008&order_time=2023-12-31 HTTP/1.1" 200 416
114.83.218.109 - - [31/Dec/2023:08:57:12 +0800] "POST /xingrg/kc/buy/cgsh_order_operate.html HTTP/1.1" 200 2065
114.95.241.104 - - [31/Dec/2023:08:57:16 +0800] "GET /xingrg/all/function/internal_message.html?_=1703984236814&CODE_STATE=getMsg HTTP/1.1" 200 27
58.40.7.146 - - [31/Dec/2023:08:57:17 +0800] "GET /xingrg/check_reg.html?_=1703984237165 HTTP/1.1" 200 22
58.40.7.146 - - [31/Dec/2023:08:57:17 +0800] "GET /xingrg/all/function/internal_message.html?_=1703984237166&CODE_STATE=getMsg HTTP/1.1" 200 27
114.83.218.109 - - [31/Dec/2023:08:57:19 +0800] "GET /xingrg/kc/buy/cgsh_order_operate.html?command=get_materiel&rest_code=00149&code=00101008330&supplier_code=00100008&order_time=2023-12-31 HTTP/1.1" 200 410
58.40.7.146 - - [31/Dec/2023:08:57:19 +0800] "GET /xingrg/check_reg.html?_=1703984239106 HTTP/1.1" 200 22
114.83.218.109 - - [31/Dec/2023:08:57:20 +0800] "GET /xingrg/check_reg.html?_=1703984240829 HTTP/1.1" 200 22
114.83.218.109 - - [31/Dec/2023:08:57:20 +0800] "GET /xingrg/all/function/internal_message.html?_=1703984240833&CODE_STATE=getMsg HTTP/1.1" 200 27
116.230.112.67 - - [31/Dec/2023:08:57:21 +0800] "GET /xingrg/all/function/internal_message.html?_=1703984267587&CODE_STATE=getMsg HTTP/1.1" 200 27
58.40.7.146 - - [31/Dec/2023:08:57:25 +0800] "GET /xingrg/all/function/internal_message.html?_=1703984245640&CODE_STATE=getMsg HTTP/1.1" 200 27
114.83.218.109 - - [31/Dec/2023:08:57:30 +0800] "GET /xingrg/kc/buy/cgsh_order_operate.html?command=get_materiel&rest_code=00149&code=00101008403&supplier_code=00100008&order_time=2023-12-31 HTTP/1.1" 200 412
114.95.241.104 - - [31/Dec/2023:08:57:34 +0800] "POST /xingrg/kc/buy/cgsh_order_operate.html HTTP/1.1" 200 37
180.163.30.85 - - [31/Dec/2023:08:57:34 +0800] "GET /xingrg/all/function/internal_message.html?_=1703984193941&CODE_STATE=getMsg HTTP/1.1" 302 -
124.78.154.219 - - [31/Dec/2023:08:57:34 +0800] "GET /xingrg/all/function/internal_message.html?_=1703984253912&CODE_STATE=getMsg HTTP/1.1" 200 27
180.163.30.85 - - [31/Dec/2023:08:57:34 +0800] "GET /xingrg/login.html HTTP/1.1" 200 7641
116.232.193.168 - - [31/Dec/2023:08:57:36 +0800] "GET /xingrg/all/function/internal_message.html?_=1703984220488&CODE_STATE=getMsg HTTP/1.1" 200 27
114.83.218.109 - - [31/Dec/2023:08:57:39 +0800] "GET /xingrg/kc/buy/cgsh_order_operate.html?command=get_materiel&rest_code=00149&code=00101008332&supplier_code=00100008&order_time=2023-12-31 HTTP/1.1" 200 412
120.253.135.82 - - [31/Dec/2023:08:57:41 +0800] "GET /xingrg/all/function/internal_message.html?_=1703984078704&CODE_STATE=getMsg HTTP/1.1" 200 27
222.67.232.215 - - [31/Dec/2023:08:57:41 +0800] "GET /xingrg/all/function/internal_message.html?_=1703984261763&CODE_STATE=getMsg HTTP/1.1" 200 27
124.78.154.219 - - [31/Dec/2023:08:57:44 +0800] "POST /xingrg/dwr/call/plaincall/AjaxQqpsService.getMaterielByCode.dwr HTTP/1.1" 200 2680
180.169.147.146 - - [31/Dec/2023:08:57:44 +0800] "GET /xingrg/all/function/internal_message.html?_=1703984264228&CODE_STATE=getMsg HTTP/1.1" 302 -
114.95.241.104 - - [31/Dec/2023:08:57:45 +0800] "POST /xingrg/kc/buy/cgsh_order_operate.html HTTP/1.1" 200 12
124.78.154.219 - - [31/Dec/2023:08:57:46 +0800] "POST /xingrg/dwr/call/plaincall/AjaxQqpsService.saveMaterielItem.dwr HTTP/1.1" 200 79
101.83.145.37 - - [31/Dec/2023:08:57:48 +0800] "GET /xingrg/all/function/internal_message.html?_=1703984034195&CODE_STATE=getMsg HTTP/1.1" 200 27
114.83.218.109 - - [31/Dec/2023:08:57:52 +0800] "GET /xingrg/kc/buy/cgsh_order_operate.html?command=get_materiel&rest_code=00149&code=00101008498&supplier_code=00100008&order_time=2023-12-31 HTTP/1.1" 200 424
114.95.241.104 - - [31/Dec/2023:08:57:55 +0800] "GET /xingrg/kc/buy/cgsh_order_info.html?code=212023123111681 HTTP/1.1" 200 67863
221.239.172.206 - - [31/Dec/2023:08:57:55 +0800] "GET /xingrg/all/function/internal_message.html?_=1703984275144&CODE_STATE=getMsg HTTP/1.1" 200 27
114.95.241.104 - - [31/Dec/2023:08:57:55 +0800] "GET /xingrg/javascript/easyui/themes/default/validatebox.css HTTP/1.1" 404 1104
116.232.193.168 - - [31/Dec/2023:08:57:55 +0800] "GET /xingrg/all/function/internal_message.html?_=1703984239557&CODE_STATE=getMsg HTTP/1.1" 200 27
114.95.241.104 - - [31/Dec/2023:08:57:56 +0800] "POST /xingrg/kc/buy/cgsh_order_operate.html HTTP/1.1" 200 36718
124.78.154.219 - - [31/Dec/2023:08:57:56 +0800] "POST /xingrg/dwr/call/plaincall/AjaxQqpsService.getMaterielByCode.dwr HTTP/1.1" 200 2721
114.95.241.104 - - [31/Dec/2023:08:57:57 +0800] "GET /xingrg/all/function/internal_message.html?_=1703984276315&CODE_STATE=getMsg HTTP/1.1" 200 27
114.95.241.104 - - [31/Dec/2023:08:58:00 +0800] "GET /xingrg/kc/print/load_config.html?kc_code=cgsh HTTP/1.1" 200 1927
114.95.241.104 - - [31/Dec/2023:08:58:01 +0800] "GET /xingrg/kc/print/load_data.html?order_code=212023123111681&kc_code=cgsh&condition= HTTP/1.1" 200 14411
222.67.232.215 - - [31/Dec/2023:08:58:03 +0800] "GET /xingrg/check_reg.html?_=1703984283565 HTTP/1.1" 200 22
114.83.218.109 - - [31/Dec/2023:08:58:03 +0800] "GET /xingrg/kc/buy/cgsh_order_operate.html?command=get_materiel&rest_code=00149&code=00101008509&supplier_code=00100008&order_time=2023-12-31 HTTP/1.1" 200 409
124.78.154.219 - - [31/Dec/2023:08:58:04 +0800] "POST /xingrg/dwr/call/plaincall/AjaxQqpsService.saveMaterielItem.dwr HTTP/1.1" 200 79
124.78.154.219 - - [31/Dec/2023:08:58:09 +0800] "POST /xingrg/dwr/call/plaincall/AjaxQqpsService.getMaterielByCode.dwr HTTP/1.1" 200 2710
114.95.241.104 - - [31/Dec/2023:08:58:10 +0800] "GET /xingrg/kc/buy/cgsh_order_add.html HTTP/1.1" 200 72950
114.95.241.104 - - [31/Dec/2023:08:58:11 +0800] "POST /xingrg/kc/buy/cgsh_order_operate.html HTTP/1.1" 200 8245
114.95.241.104 - - [31/Dec/2023:08:58:11 +0800] "GET /xingrg/javascript/easyui/themes/default/validatebox.css HTTP/1.1" 404 1104
124.78.154.219 - - [31/Dec/2023:08:58:12 +0800] "POST /xingrg/dwr/call/plaincall/AjaxQqpsService.saveMaterielItem.dwr HTTP/1.1" 200 79
124.78.154.219 - - [31/Dec/2023:08:58:14 +0800] "POST /xingrg/dwr/call/plaincall/AjaxQqpsService.getMaterielByCode.dwr HTTP/1.1" 200 2683
114.95.241.104 - - [31/Dec/2023:08:58:16 +0800] "POST /xingrg/all/user/operate.html HTTP/1.1" 200 36
114.95.241.104 - - [31/Dec/2023:08:58:16 +0800] "GET /xingrg/index.html?sysBaseUrl=http%3A%2F%2F180.169.147.146%3A18081%2Fxingrg%2F&costTime=811×tamp=1703982978149 HTTP/1.1" 200 17177
114.95.241.104 - - [31/Dec/2023:08:58:16 +0800] "GET /xingrg/javascript/jquery_easy_ui/themes/default/easyui.css HTTP/1.1" 304 -
114.95.241.104 - - [31/Dec/2023:08:58:16 +0800] "GET /xingrg/javascript/jquery_easy_ui/themes/icon.css HTTP/1.1" 304 -
114.95.241.104 - - [31/Dec/2023:08:58:16 +0800] "GET /xingrg/css/form.css HTTP/1.1" 304 -
114.95.241.104 - - [31/Dec/2023:08:58:16 +0800] "GET /xingrg/javascript/jquery-1.4.2.min.js HTTP/1.1" 304 -
114.95.241.104 - - [31/Dec/2023:08:58:16 +0800] "GET /xingrg/javascript/jquery_easy_ui/jquery.easyui.min.js HTTP/1.1" 304 -
114.95.241.104 - - [31/Dec/2023:08:58:16 +0800] "GET /xingrg/all/function/internal_message.html?_=1703984296803&CODE_STATE=getMsg HTTP/1.1" 200 27
114.95.241.104 - - [31/Dec/2023:08:58:16 +0800] "GET /xingrg/javascript/jquery_easy_ui/easyui-lang-zh_CN.js HTTP/1.1" 304 -
114.95.241.104 - - [31/Dec/2023:08:58:16 +0800] "GET /xingrg/javascript/jquery.form.js HTTP/1.1" 304 -
114.95.241.104 - - [31/Dec/2023:08:58:16 +0800] "GET /xingrg/javascript/jquery.utils.js HTTP/1.1" 304 -
114.95.241.104 - - [31/Dec/2023:08:58:16 +0800] "GET /xingrg/javascript/jquery.timers.js HTTP/1.1" 304 -
114.95.241.104 - - [31/Dec/2023:08:58:16 +0800] "GET /xingrg/images/blue/jxLogo.png HTTP/1.1" 304 -
114.95.241.104 - - [31/Dec/2023:08:58:16 +0800] "GET /xingrg/javascript/jquery_easy_ui/themes/icons/settle_new.png HTTP/1.1" 304 -
114.95.241.104 - - [31/Dec/2023:08:58:16 +0800] "GET /xingrg/images/blue/navBackgound.jpg HTTP/1.1" 304 -
114.95.241.104 - - [31/Dec/2023:08:58:16 +0800] "GET /xingrg/all/function/internal_message.html?_=1703984295920&CODE_STATE=count HTTP/1.1" 200 11
114.95.241.104 - - [31/Dec/2023:08:58:16 +0800] "GET /xingrg/check_reg.html?_=1703984295921 HTTP/1.1" 200 22
114.95.241.104 - - [31/Dec/2023:08:58:16 +0800] "GET /xingrg/images/blue/pingpu.png HTTP/1.1" 304 -
114.95.241.104 - - [31/Dec/2023:08:58:16 +0800] "GET /xingrg/javascript/jquery_easy_ui/themes/default/images/tabs_rightarrow.png HTTP/1.1" 304 -
58.40.7.146 - - [31/Dec/2023:08:58:17 +0800] "GET /xingrg/all/function/internal_message.html?_=1703984297168&CODE_STATE=getMsg HTTP/1.1" 200 27
114.95.241.104 - - [31/Dec/2023:08:58:17 +0800] "POST /xingrg/load_menu.html HTTP/1.1" 200 5138
114.95.241.104 - - [31/Dec/2023:08:58:17 +0800] "POST /xingrg/all/common/load_tree.html?tree=area_rest_tree_json&manage=1 HTTP/1.1" 200 476
114.95.241.104 - - [31/Dec/2023:08:58:17 +0800] "GET /xingrg/javascript/jquery_easy_ui/themes/default/images/panel_tool_collapse.gif HTTP/1.1" 304 -
114.95.241.104 - - [31/Dec/2023:08:58:17 +0800] "GET /xingrg/javascript/jquery_easy_ui/themes/default/images/tabs_leftarrow.png HTTP/1.1" 304 -
114.95.241.104 - - [31/Dec/2023:08:58:17 +0800] "GET /xingrg/javascript/jquery_easy_ui/themes/icons/search_new.png HTTP/1.1" 304 -
114.95.241.104 - - [31/Dec/2023:08:58:17 +0800] "GET /xingrg/javascript/jquery_easy_ui/themes/icons/forms_new.png HTTP/1.1" 304 -
114.95.241.104 - - [31/Dec/2023:08:58:17 +0800] "GET /xingrg/javascript/jquery_easy_ui/themes/default/images/tree_arrows.gif HTTP/1.1" 304 -
114.95.241.104 - - [31/Dec/2023:08:58:17 +0800] "GET /xingrg/javascript/jquery_easy_ui/themes/default/images/tree_folder_open.gif HTTP/1.1" 304 -
114.95.241.104 - - [31/Dec/2023:08:58:17 +0800] "GET /xingrg/javascript/jquery_easy_ui/themes/default/images/tree_folder.gif HTTP/1.1" 304 -
114.95.241.104 - - [31/Dec/2023:08:58:17 +0800] "GET /xingrg/javascript/jquery_easy_ui/themes/icons/storage_new.png HTTP/1.1" 304 -
124.78.154.219 - - [31/Dec/2023:08:58:17 +0800] "POST /xingrg/dwr/call/plaincall/AjaxQqpsService.saveMaterielItem.dwr HTTP/1.1" 200 79
114.95.241.104 - - [31/Dec/2023:08:58:17 +0800] "GET /xingrg/javascript/jquery_easy_ui/themes/default/images/tree_file.gif HTTP/1.1" 304 -
116.230.112.67 - - [31/Dec/2023:08:58:18 +0800] "POST /xingrg/services/DataTransmitService HTTP/1.1" 200 524
114.95.241.104 - - [31/Dec/2023:08:58:20 +0800] "GET /xingrg/kc/buy/cgsh_order_list.html HTTP/1.1" 200 57116
114.83.218.109 - - [31/Dec/2023:08:58:21 +0800] "GET /xingrg/all/function/internal_message.html?_=1703984301258&CODE_STATE=getMsg HTTP/1.1" 200 27
116.230.112.67 - - [31/Dec/2023:08:58:21 +0800] "GET /xingrg/all/function/internal_message.html?_=1703984327599&CODE_STATE=getMsg HTTP/1.1" 200 27
114.95.241.104 - - [31/Dec/2023:08:58:22 +0800] "POST /xingrg/kc/buy/cgsh_list_operate.html HTTP/1.1" 200 986
114.95.241.104 - - [31/Dec/2023:08:58:24 +0800] "GET /xingrg/kc/buy/cgsh_order_add.html HTTP/1.1" 200 72504
114.95.241.104 - - [31/Dec/2023:08:58:25 +0800] "POST /xingrg/kc/buy/cgsh_order_operate.html HTTP/1.1" 200 8245
114.95.241.104 - - [31/Dec/2023:08:58:25 +0800] "GET /xingrg/javascript/easyui/themes/default/validatebox.css HTTP/1.1" 404 1104
114.95.241.104 - - [31/Dec/2023:08:58:25 +0800] "GET /xingrg/all/common/auto_word.html?type=employee&rest_code=00151 HTTP/1.1" 200 293
114.95.241.104 - - [31/Dec/2023:08:58:25 +0800] "GET /xingrg/all/common/auto_word.html?type=employee&rest_code=00151 HTTP/1.1" 200 293
58.40.7.146 - - [31/Dec/2023:08:58:25 +0800] "GET /xingrg/all/function/internal_message.html?_=1703984305640&CODE_STATE=getMsg HTTP/1.1" 200 27
114.95.241.104 - - [31/Dec/2023:08:58:26 +0800] "GET /xingrg/javascript/auto/indicator.gif HTTP/1.1" 404 1066
124.78.154.219 - - [31/Dec/2023:08:58:28 +0800] "GET /xingrg/check_reg.html?_=1703984307263 HTTP/1.1" 200 22
114.83.218.109 - - [31/Dec/2023:08:58:29 +0800] "POST /xingrg/kc/buy/cgsh_order_operate.html HTTP/1.1" 200 37
124.78.154.219 - - [31/Dec/2023:08:58:34 +0800] "GET /xingrg/all/function/internal_message.html?_=1703984313892&CODE_STATE=getMsg HTTP/1.1" 200 27
114.95.241.104 - - [31/Dec/2023:08:58:36 +0800] "GET /xingrg/kc/buy/cgsh_order_operate.html?command=get_materiel&rest_code=00151&code=00101008368&supplier_code=00100008&order_time=2023-12-31 HTTP/1.1" 200 408
116.232.193.168 - - [31/Dec/2023:08:58:36 +0800] "GET /xingrg/all/function/internal_message.html?_=1703984280479&CODE_STATE=getMsg HTTP/1.1" 200 27
120.253.135.82 - - [31/Dec/2023:08:58:41 +0800] "GET /xingrg/all/function/internal_message.html?_=1703984138719&CODE_STATE=getMsg HTTP/1.1" 200 27
222.67.232.215 - - [31/Dec/2023:08:58:41 +0800] "GET /xingrg/all/function/internal_message.html?_=1703984321752&CODE_STATE=getMsg HTTP/1.1" 200 27
124.78.154.219 - - [31/Dec/2023:08:58:43 +0800] "POST /xingrg/dwr/call/plaincall/AjaxQqpsService.getMaterielByCode.dwr HTTP/1.1" 200 2724
180.169.147.146 - - [31/Dec/2023:08:58:44 +0800] "GET /xingrg/all/function/internal_message.html?_=1703984324240&CODE_STATE=getMsg HTTP/1.1" 302 -
124.78.154.219 - - [31/Dec/2023:08:58:46 +0800] "POST /xingrg/dwr/call/plaincall/AjaxQqpsService.saveMaterielItem.dwr HTTP/1.1" 200 79
114.95.241.104 - - [31/Dec/2023:08:58:48 +0800] "GET /xingrg/kc/buy/cgsh_order_operate.html?command=get_materiel&rest_code=00151&code=00101008353&supplier_code=00100008&order_time=2023-12-31 HTTP/1.1" 200 429
101.83.145.37 - - [31/Dec/2023:08:58:48 +0800] "GET /xingrg/check_reg.html?_=1703984094195 HTTP/1.1" 200 22
101.83.145.37 - - [31/Dec/2023:08:58:48 +0800] "GET /xingrg/all/function/internal_message.html?_=1703984094198&CODE_STATE=getMsg HTTP/1.1" 200 27
114.83.218.109 - - [31/Dec/2023:08:58:52 +0800] "POST /xingrg/kc/buy/cgsh_order_operate.html HTTP/1.1" 200 25764
221.239.172.206 - - [31/Dec/2023:08:58:55 +0800] "GET /xingrg/all/function/internal_message.html?_=1703984335128&CODE_STATE=getMsg HTTP/1.1" 200 27
116.232.193.168 - - [31/Dec/2023:08:58:55 +0800] "GET /xingrg/all/function/internal_message.html?_=1703984299558&CODE_STATE=getMsg HTTP/1.1" 200 27
116.232.193.168 - - [31/Dec/2023:08:58:55 +0800] "GET /xingrg/check_reg.html?_=1703984299559 HTTP/1.1" 200 22
116.238.97.123 - - [31/Dec/2023:08:58:56 +0800] "GET /xingrg/check_reg.html?_=1703984336701 HTTP/1.1" 302 -
114.95.241.104 - - [31/Dec/2023:08:58:57 +0800] "GET /xingrg/all/report/report_query.html?isQuery=1&fileName=kc/buy/wlcg_cate_hz.xml&queryString=(CONVERT(char(10)%252Ca.order_time%252C%2520120)%253E%253D'2023-12-01')%2520and%2520(CONVERT(char(10)%252Ca.order_time%252C%2520120)%253C%253D'2023-12-31')%2520and%2520(a.number%253E0%2520and%2520a.supplier_code%253D'00100075')&queryText=%25E3%2580%2590%25E9%2587%2587%25E8%25B4%25AD%25E6%2597%25A5%25E6%259C%259F%253A2023-12-01%2520%25E8%2587%25B3%25202023-12-31%25E3%2580%2591%2520%25E5%25B9%25B6%25E4%25B8%2594%2520%25E3%2580%2590%25E4%25BE%259B%25E5%25BA%2594%25E5%2595%2586%253D%25E8%2589%25BA%25E6%2589%25AC%25E5%25B9%25BF%25E5%2591%258A%25EF%25BC%2588%25E5%25BC%25A0%25E5%25B0%25A4%25E5%2582%25B2%25EF%25BC%2589%25E3%2580%2591 HTTP/1.1" 200 54382
114.95.241.104 - - [31/Dec/2023:08:58:57 +0800] "GET /xingrg/dwr/interface/AjaxReportQueryService.js HTTP/1.1" 200 13203
114.95.241.104 - - [31/Dec/2023:08:58:57 +0800] "GET /xingrg/dwr/engine.js HTTP/1.1" 200 43631
114.95.241.104 - - [31/Dec/2023:08:59:00 +0800] "POST /xingrg/all/report/load_report_page.html HTTP/1.1" 200 8706
114.95.241.104 - - [31/Dec/2023:08:59:00 +0800] "GET /xingrg/servlets/image?cache=0.8997132941386918&image=px HTTP/1.1" 200 807
114.95.241.104 - - [31/Dec/2023:08:59:03 +0800] "POST /xingrg/all/report/load_report_page.html HTTP/1.1" 200 13039
114.95.241.104 - - [31/Dec/2023:08:59:03 +0800] "GET /xingrg/servlets/image?cache=0.9820872544686086&image=px HTTP/1.1" 200 807
124.78.154.219 - - [31/Dec/2023:08:59:12 +0800] "POST /xingrg/dwr/call/plaincall/AjaxQqpsService.getMaterielByCode.dwr HTTP/1.1" 200 2755
124.78.154.219 - - [31/Dec/2023:08:59:14 +0800] "POST /xingrg/dwr/call/plaincall/AjaxQqpsService.saveMaterielItem.dwr HTTP/1.1" 200 79
114.95.241.104 - - [31/Dec/2023:08:59:16 +0800] "GET /xingrg/all/function/internal_message.html?_=1703984356793&CODE_STATE=getMsg HTTP/1.1" 200 27
114.95.241.104 - - [31/Dec/2023:08:59:16 +0800] "GET /xingrg/all/function/internal_message.html?_=1703984355939&CODE_STATE=getMsg HTTP/1.1" 200 27
58.40.7.146 - - [31/Dec/2023:08:59:17 +0800] "GET /xingrg/all/function/internal_message.html?_=1703984357174&CODE_STATE=getMsg HTTP/1.1" 200 27
114.95.241.104 - - [31/Dec/2023:08:59:19 +0800] "POST /xingrg/all/report/report_print.html HTTP/1.1" 302 -
114.95.241.104 - - [31/Dec/2023:08:59:19 +0800] "GET /xingrg/servlets/html?sysBaseUrl=http%3A%2F%2F180.169.147.146%3A18081%2Fxingrg%2F&costTime=878×tamp=1703984359221 HTTP/1.1" 200 14708
114.95.241.104 - - [31/Dec/2023:08:59:19 +0800] "GET /xingrg/servlets/image?image=px HTTP/1.1" 200 807
114.95.241.104 - - [31/Dec/2023:08:59:19 +0800] "GET /favicon.ico HTTP/1.1" 404 -
114.83.218.109 - - [31/Dec/2023:08:59:21 +0800] "GET /xingrg/all/function/internal_message.html?_=1703984361249&CODE_STATE=getMsg HTTP/1.1" 200 27
116.230.112.67 - - [31/Dec/2023:08:59:21 +0800] "GET /xingrg/all/function/internal_message.html?_=1703984387766&CODE_STATE=getMsg HTTP/1.1" 200 27
58.40.7.146 - - [31/Dec/2023:08:59:25 +0800] "GET /xingrg/all/function/internal_message.html?_=1703984365643&CODE_STATE=getMsg HTTP/1.1" 200 27
114.95.241.104 - - [31/Dec/2023:08:59:32 +0800] "GET /xingrg/kc/buy/cgsh_order_operate.html?command=get_materiel&rest_code=00151&code=00101015006&supplier_code=00100008&order_time=2023-12-31 HTTP/1.1" 200 413
114.83.218.109 - - [31/Dec/2023:08:59:32 +0800] "GET /xingrg/kc/buy/cgsh_order_operate.html?command=get_materiel&rest_code=00149&code=00101008353&supplier_code=00100008&order_time=2023-12-31 HTTP/1.1" 200 429
124.78.154.219 - - [31/Dec/2023:08:59:34 +0800] "GET /xingrg/all/function/internal_message.html?_=1703984373866&CODE_STATE=getMsg HTTP/1.1" 200 27
116.232.193.168 - - [31/Dec/2023:08:59:36 +0800] "GET /xingrg/all/function/internal_message.html?_=1703984340495&CODE_STATE=getMsg HTTP/1.1" 200 27
120.253.135.82 - - [31/Dec/2023:08:59:41 +0800] "GET /xingrg/all/function/internal_message.html?_=1703984198731&CODE_STATE=getMsg HTTP/1.1" 200 27
222.67.232.215 - - [31/Dec/2023:08:59:41 +0800] "GET /xingrg/all/function/internal_message.html?_=1703984381734&CODE_STATE=getMsg HTTP/1.1" 200 27
180.169.147.146 - - [31/Dec/2023:08:59:44 +0800] "GET /xingrg/check_reg.html?_=1703984384243 HTTP/1.1" 302 -
180.169.147.146 - - [31/Dec/2023:08:59:44 +0800] "GET /xingrg/all/function/internal_message.html?_=1703984384244&CODE_STATE=getMsg HTTP/1.1" 302 -
114.83.218.109 - - [31/Dec/2023:08:59:45 +0800] "POST /xingrg/kc/buy/cgsh_order_operate.html HTTP/1.1" 200 37
114.95.241.104 - - [31/Dec/2023:08:59:46 +0800] "GET /xingrg/kc/buy/cgsh_order_operate.html?command=get_materiel&rest_code=00151&code=00101008323&supplier_code=00100008&order_time=2023-12-31 HTTP/1.1" 200 408
101.83.145.37 - - [31/Dec/2023:08:59:48 +0800] "GET /xingrg/all/function/internal_message.html?_=1703984154198&CODE_STATE=getMsg HTTP/1.1" 200 27
221.239.172.206 - - [31/Dec/2023:08:59:55 +0800] "GET /xingrg/all/function/internal_message.html?_=1703984395112&CODE_STATE=getMsg HTTP/1.1" 200 27
116.232.193.168 - - [31/Dec/2023:08:59:55 +0800] "GET /xingrg/all/function/internal_message.html?_=1703984359552&CODE_STATE=getMsg HTTP/1.1" 200 27
114.95.241.104 - - [31/Dec/2023:08:59:59 +0800] "GET /xingrg/kc/buy/cgsh_order_operate.html?command=get_materiel&rest_code=00151&code=00101008370&supplier_code=00100008&order_time=2023-12-31 HTTP/1.1" 200 412
114.83.218.109 - - [31/Dec/2023:09:00:02 +0800] "POST /xingrg/kc/buy/cgsh_order_operate.html HTTP/1.1" 200 12
114.95.241.104 - - [31/Dec/2023:09:00:09 +0800] "GET /xingrg/kc/buy/cgsh_order_operate.html?command=get_materiel&rest_code=00151&code=00101008300&supplier_code=00100008&order_time=2023-12-31 HTTP/1.1" 200 412
221.239.172.206 - - [31/Dec/2023:09:00:16 +0800] "GET /xingrg/check_reg.html?_=1703984416354 HTTP/1.1" 200 22
114.95.241.104 - - [31/Dec/2023:09:00:16 +0800] "GET /xingrg/all/function/internal_message.html?_=1703984416795&CODE_STATE=getMsg HTTP/1.1" 200 27
114.95.241.104 - - [31/Dec/2023:09:00:16 +0800] "GET /xingrg/all/function/internal_message.html?_=1703984415927&CODE_STATE=getMsg HTTP/1.1" 200 27
58.40.7.146 - - [31/Dec/2023:09:00:17 +0800] "GET /xingrg/all/function/internal_message.html?_=1703984417176&CODE_STATE=getMsg HTTP/1.1" 200 27
114.95.241.104 - - [31/Dec/2023:09:00:18 +0800] "GET /xingrg/kc/buy/cgsh_order_operate.html?command=get_materiel&rest_code=00151&code=00101008137&supplier_code=00100008&order_time=2023-12-31 HTTP/1.1" 200 408
116.230.112.67 - - [31/Dec/2023:09:00:21 +0800] "GET /xingrg/all/function/internal_message.html?_=1703984447768&CODE_STATE=getMsg HTTP/1.1" 200 27
58.40.7.146 - - [31/Dec/2023:09:00:25 +0800] "GET /xingrg/all/function/internal_message.html?_=1703984425647&CODE_STATE=getMsg HTTP/1.1" 200 27
114.95.241.104 - - [31/Dec/2023:09:00:26 +0800] "GET /xingrg/kc/buy/cgsh_order_operate.html?command=get_materiel&rest_code=00151&code=00101008362&supplier_code=00100008&order_time=2023-12-31 HTTP/1.1" 200 408
120.253.135.82 - - [31/Dec/2023:09:00:28 +0800] "GET /xingrg/login.html HTTP/1.1" 200 7641
120.253.135.82 - - [31/Dec/2023:09:00:28 +0800] "GET /xingrg/images/blue/jxLogo.png HTTP/1.1" 200 6156
120.253.135.82 - - [31/Dec/2023:09:00:29 +0800] "GET /xingrg/images/blue/login_bg.png HTTP/1.1" 200 22101
120.253.135.82 - - [31/Dec/2023:09:00:29 +0800] "GET /xingrg/images/blue/hj.png HTTP/1.1" 200 1014
120.253.135.82 - - [31/Dec/2023:09:00:29 +0800] "GET /xingrg/images/blue/srbg.png HTTP/1.1" 200 138
120.253.135.82 - - [31/Dec/2023:09:00:30 +0800] "GET /favicon.ico HTTP/1.1" 404 -
120.253.135.82 - - [31/Dec/2023:09:00:33 +0800] "POST /xingrg/login.do HTTP/1.1" 302 -
