218.81.65.124 - - [31/Dec/2023:10:26:14 +0800] "GET /favicon.ico HTTP/1.1" 404 -
218.81.65.124 - - [31/Dec/2023:10:26:15 +0800] "GET /xingrg/all/function/internal_message.html?_=1703989575276&CODE_STATE=getMsg HTTP/1.1" 302 -
124.78.154.219 - - [31/Dec/2023:10:26:15 +0800] "POST /xingrg/dwr/call/plaincall/AjaxQqpsService.saveMaterielItem.dwr HTTP/1.1" 200 79
218.81.65.124 - - [31/Dec/2023:10:26:16 +0800] "GET /xingrg/login.html HTTP/1.1" 200 7641
218.81.65.124 - - [31/Dec/2023:10:26:16 +0800] "GET /favicon.ico HTTP/1.1" 404 -
101.83.145.37 - - [31/Dec/2023:10:26:16 +0800] "GET /xingrg/all/function/internal_message.html?_=1703989578139&CODE_STATE=getMsg HTTP/1.1" 200 27
58.40.7.146 - - [31/Dec/2023:10:26:17 +0800] "GET /xingrg/all/function/internal_message.html?_=1703989577199&CODE_STATE=getMsg HTTP/1.1" 200 27
222.69.132.236 - - [31/Dec/2023:10:26:17 +0800] "GET /xingrg/all/function/internal_message.html?_=1703989580040&CODE_STATE=getMsg HTTP/1.1" 200 27
222.67.232.215 - - [31/Dec/2023:10:26:18 +0800] "GET /xingrg/all/function/internal_message.html?_=1703989579005&CODE_STATE=getMsg HTTP/1.1" 200 27
222.67.232.215 - - [31/Dec/2023:10:26:18 +0800] "GET /xingrg/check_reg.html?_=1703989579007 HTTP/1.1" 200 22
180.163.29.79 - - [31/Dec/2023:10:26:19 +0800] "GET /xingrg/kc/buy/cgsh_order_operate.html?command=get_materiel&rest_code=00106&code=00101008257&supplier_code=00100007&order_time=2023-12-31 HTTP/1.1" 302 -
180.163.29.79 - - [31/Dec/2023:10:26:20 +0800] "GET /xingrg/login.html HTTP/1.1" 200 7641
116.230.112.67 - - [31/Dec/2023:10:26:21 +0800] "GET /xingrg/check_reg.html?_=1703989607333 HTTP/1.1" 200 22
58.40.7.146 - - [31/Dec/2023:10:26:25 +0800] "GET /xingrg/all/function/internal_message.html?_=1703989585670&CODE_STATE=getMsg HTTP/1.1" 200 27
180.164.1.25 - - [31/Dec/2023:10:26:25 +0800] "GET /xingrg/all/function/internal_message.html?_=1703989584771&CODE_STATE=getMsg HTTP/1.1" 200 27
218.81.65.124 - - [31/Dec/2023:10:26:25 +0800] "POST /xingrg/login.do HTTP/1.1" 302 -
101.80.228.56 - - [31/Dec/2023:10:26:26 +0800] "GET /xingrg/all/function/internal_message.html?_=1703989586874&CODE_STATE=getMsg HTTP/1.1" 200 27
124.78.154.219 - - [31/Dec/2023:10:26:27 +0800] "POST /xingrg/dwr/call/plaincall/AjaxQqpsService.getMaterielByCode.dwr HTTP/1.1" 200 2770
124.78.154.219 - - [31/Dec/2023:10:26:27 +0800] "POST /xingrg/kc/buy/cgsh_order_operate.html HTTP/1.1" 200 37
116.230.112.67 - - [31/Dec/2023:10:26:27 +0800] "GET /xingrg/all/function/internal_message.html?_=1703989613882&CODE_STATE=getMsg HTTP/1.1" 200 27
222.69.132.236 - - [31/Dec/2023:10:26:30 +0800] "GET /xingrg/kc/buy/cgsh_order_operate.html?command=get_materiel&rest_code=00154&code=00101028002&supplier_code=00100427&order_time=2023-12-31 HTTP/1.1" 200 23
218.81.65.124 - - [31/Dec/2023:10:26:31 +0800] "GET /xingrg/index.html?sysBaseUrl=http%3A%2F%2F180.169.147.146%3A18081%2Fxingrg%2F&costTime=3523×tamp=1703989585781 HTTP/1.1" 200 16418
222.69.132.236 - - [31/Dec/2023:10:26:34 +0800] "GET /xingrg/login.html HTTP/1.1" 200 7641
218.81.65.124 - - [31/Dec/2023:10:26:34 +0800] "POST /xingrg/login.do HTTP/1.1" 302 -
222.69.132.236 - - [31/Dec/2023:10:26:34 +0800] "GET /favicon.ico HTTP/1.1" 404 -
124.78.154.219 - - [31/Dec/2023:10:26:35 +0800] "POST /xingrg/dwr/call/plaincall/AjaxQqpsService.saveMaterielItem.dwr HTTP/1.1" 200 79
218.81.65.124 - - [31/Dec/2023:10:26:35 +0800] "POST /xingrg/login.do HTTP/1.1" 302 -
116.232.193.168 - - [31/Dec/2023:10:26:36 +0800] "GET /xingrg/all/function/internal_message.html?_=1703989560487&CODE_STATE=getMsg HTTP/1.1" 200 27
116.232.193.168 - - [31/Dec/2023:10:26:36 +0800] "GET /xingrg/check_reg.html?_=1703989560488 HTTP/1.1" 200 22
222.70.180.200 - - [31/Dec/2023:10:26:36 +0800] "GET /xingrg/all/function/internal_message.html?_=1703989594698&CODE_STATE=getMsg HTTP/1.1" 200 27
218.81.65.124 - - [31/Dec/2023:10:26:37 +0800] "GET /xingrg/all/function/internal_message.html?_=1703989597169&CODE_STATE=getMsg HTTP/1.1" 200 27
218.81.65.124 - - [31/Dec/2023:10:26:37 +0800] "POST /xingrg/login.do HTTP/1.1" 302 -
222.69.132.236 - - [31/Dec/2023:10:26:39 +0800] "POST /xingrg/login.do HTTP/1.1" 302 -
218.81.65.124 - - [31/Dec/2023:10:26:39 +0800] "POST /xingrg/login.do HTTP/1.1" 302 -
222.69.132.236 - - [31/Dec/2023:10:26:40 +0800] "GET /xingrg/index.html?sysBaseUrl=http%3A%2F%2F180.169.147.146%3A18081%2Fxingrg%2F&costTime=3572×tamp=1703989599335 HTTP/1.1" 200 16418
218.81.65.124 - - [31/Dec/2023:10:26:41 +0800] "POST /xingrg/login.do HTTP/1.1" 302 -
218.81.65.124 - - [31/Dec/2023:10:26:42 +0800] "POST /xingrg/login.do HTTP/1.1" 302 -
218.81.65.124 - - [31/Dec/2023:10:26:42 +0800] "GET /xingrg/index.html?sysBaseUrl=http%3A%2F%2F180.169.147.146%3A18081%2Fxingrg%2F&costTime=3625×tamp=1703989602374 HTTP/1.1" 200 17503
218.81.65.124 - - [31/Dec/2023:10:26:42 +0800] "GET /favicon.ico HTTP/1.1" 404 -
120.253.135.82 - - [31/Dec/2023:10:26:42 +0800] "GET /xingrg/all/function/internal_message.html?_=1703989419975&CODE_STATE=getMsg HTTP/1.1" 200 27
218.81.65.124 - - [31/Dec/2023:10:26:42 +0800] "GET /xingrg/all/function/internal_message.html?_=1703989602827&CODE_STATE=count HTTP/1.1" 200 11
218.81.65.124 - - [31/Dec/2023:10:26:42 +0800] "GET /xingrg/check_reg.html?_=1703989602827 HTTP/1.1" 200 22
218.81.65.124 - - [31/Dec/2023:10:26:42 +0800] "GET /xingrg/javascript/jquery_easy_ui/themes/default/images/panel_tool_expand.gif HTTP/1.1" 200 247
222.69.132.236 - - [31/Dec/2023:10:26:43 +0800] "POST /xingrg/login.do HTTP/1.1" 302 -
218.81.65.124 - - [31/Dec/2023:10:26:43 +0800] "POST /xingrg/load_menu.html HTTP/1.1" 200 11564
218.81.65.124 - - [31/Dec/2023:10:26:43 +0800] "POST /xingrg/all/common/load_tree.html?tree=area_rest_tree_json&manage=1 HTTP/1.1" 200 2231
218.81.65.124 - - [31/Dec/2023:10:26:43 +0800] "GET /xingrg/javascript/jquery_easy_ui/themes/icons/delivery_new.png HTTP/1.1" 200 700
218.81.65.124 - - [31/Dec/2023:10:26:43 +0800] "GET /xingrg/javascript/jquery_easy_ui/themes/icons/checkout_new.png HTTP/1.1" 200 744
218.81.65.124 - - [31/Dec/2023:10:26:43 +0800] "GET /xingrg/javascript/jquery_easy_ui/themes/icons/systemset_new.png HTTP/1.1" 200 606
218.81.65.124 - - [31/Dec/2023:10:26:43 +0800] "GET /xingrg/javascript/jquery_easy_ui/themes/icons/setting_new.png HTTP/1.1" 200 450
222.69.132.236 - - [31/Dec/2023:10:26:44 +0800] "POST /xingrg/login.do HTTP/1.1" 302 -
180.169.147.146 - - [31/Dec/2023:10:26:44 +0800] "GET /xingrg/all/function/internal_message.html?_=1703989604412&CODE_STATE=getMsg HTTP/1.1" 302 -
222.69.132.236 - - [31/Dec/2023:10:26:44 +0800] "GET /xingrg/index.html?sysBaseUrl=http%3A%2F%2F180.169.147.146%3A18081%2Fxingrg%2F&costTime=2157×tamp=1703989604652 HTTP/1.1" 200 17179
222.69.132.236 - - [31/Dec/2023:10:26:44 +0800] "GET /favicon.ico HTTP/1.1" 404 -
222.69.132.236 - - [31/Dec/2023:10:26:45 +0800] "GET /xingrg/all/function/internal_message.html?_=1703989607872&CODE_STATE=count HTTP/1.1" 200 11
222.69.132.236 - - [31/Dec/2023:10:26:45 +0800] "GET /xingrg/check_reg.html?_=1703989607873 HTTP/1.1" 200 22
222.69.132.236 - - [31/Dec/2023:10:26:45 +0800] "POST /xingrg/all/common/load_tree.html?tree=area_rest_tree_json&manage=1 HTTP/1.1" 200 351
222.69.132.236 - - [31/Dec/2023:10:26:45 +0800] "POST /xingrg/load_menu.html HTTP/1.1" 200 5138
218.81.65.124 - - [31/Dec/2023:10:26:45 +0800] "GET /xingrg/javascript/jquery_easy_ui/themes/icons/manage.png HTTP/1.1" 200 696
114.83.218.109 - - [31/Dec/2023:10:26:45 +0800] "GET /xingrg/all/function/internal_message.html?_=1703989605837&CODE_STATE=getMsg HTTP/1.1" 200 27
218.81.65.124 - - [31/Dec/2023:10:26:47 +0800] "POST /xingrg/all/user/operate.html HTTP/1.1" 200 36
218.81.65.124 - - [31/Dec/2023:10:26:47 +0800] "GET /xingrg/javascript/jquery_easy_ui/themes/default/easyui.css HTTP/1.1" 304 -
218.81.65.124 - - [31/Dec/2023:10:26:47 +0800] "GET /xingrg/css/form.css HTTP/1.1" 304 -
218.81.65.124 - - [31/Dec/2023:10:26:47 +0800] "GET /xingrg/javascript/jquery_easy_ui/themes/icon.css HTTP/1.1" 304 -
218.81.65.124 - - [31/Dec/2023:10:26:47 +0800] "GET /xingrg/javascript/jquery-1.4.2.min.js HTTP/1.1" 304 -
218.81.65.124 - - [31/Dec/2023:10:26:47 +0800] "GET /xingrg/javascript/jquery_easy_ui/jquery.easyui.min.js HTTP/1.1" 304 -
218.81.65.124 - - [31/Dec/2023:10:26:47 +0800] "GET /xingrg/javascript/jquery_easy_ui/easyui-lang-zh_CN.js HTTP/1.1" 304 -
218.81.65.124 - - [31/Dec/2023:10:26:47 +0800] "GET /xingrg/index.html?sysBaseUrl=http%3A%2F%2F180.169.147.146%3A18081%2Fxingrg%2F&costTime=3625×tamp=1703989602374 HTTP/1.1" 200 17509
218.81.65.124 - - [31/Dec/2023:10:26:47 +0800] "GET /xingrg/javascript/jquery.form.js HTTP/1.1" 304 -
218.81.65.124 - - [31/Dec/2023:10:26:47 +0800] "GET /xingrg/javascript/jquery.utils.js HTTP/1.1" 304 -
218.81.65.124 - - [31/Dec/2023:10:26:47 +0800] "GET /xingrg/javascript/jquery.timers.js HTTP/1.1" 304 -
218.81.65.124 - - [31/Dec/2023:10:26:47 +0800] "GET /xingrg/images/blue/jxLogo.png HTTP/1.1" 304 -
218.81.65.124 - - [31/Dec/2023:10:26:47 +0800] "GET /xingrg/images/blue/navBackgound.jpg HTTP/1.1" 304 -
218.81.65.124 - - [31/Dec/2023:10:26:47 +0800] "GET /xingrg/javascript/jquery_easy_ui/themes/icons/settle_new.png HTTP/1.1" 304 -
218.81.65.124 - - [31/Dec/2023:10:26:47 +0800] "GET /xingrg/check_reg.html?_=1703989607621 HTTP/1.1" 200 22
218.81.65.124 - - [31/Dec/2023:10:26:47 +0800] "GET /xingrg/javascript/jquery_easy_ui/themes/default/images/panel_tool_expand.gif HTTP/1.1" 304 -
218.81.65.124 - - [31/Dec/2023:10:26:47 +0800] "GET /xingrg/javascript/jquery_easy_ui/themes/default/images/tabs_leftarrow.png HTTP/1.1" 304 -
218.81.65.124 - - [31/Dec/2023:10:26:47 +0800] "GET /xingrg/images/blue/pingpu.png HTTP/1.1" 304 -
218.81.65.124 - - [31/Dec/2023:10:26:47 +0800] "GET /xingrg/javascript/jquery_easy_ui/themes/default/images/panel_tool_collapse.gif HTTP/1.1" 304 -
218.81.65.124 - - [31/Dec/2023:10:26:47 +0800] "GET /xingrg/all/function/internal_message.html?_=1703989607620&CODE_STATE=count HTTP/1.1" 200 11
218.81.65.124 - - [31/Dec/2023:10:26:47 +0800] "GET /xingrg/javascript/jquery_easy_ui/themes/default/images/tabs_rightarrow.png HTTP/1.1" 304 -
218.81.65.124 - - [31/Dec/2023:10:26:47 +0800] "POST /xingrg/load_menu.html HTTP/1.1" 200 9959
218.81.65.124 - - [31/Dec/2023:10:26:47 +0800] "POST /xingrg/all/common/load_tree.html?tree=area_rest_tree_json&manage=1 HTTP/1.1" 200 2231
101.83.145.37 - - [31/Dec/2023:10:26:48 +0800] "GET /xingrg/all/function/internal_message.html?_=1703989374325&CODE_STATE=getMsg HTTP/1.1" 200 27
218.81.65.124 - - [31/Dec/2023:10:26:50 +0800] "GET /xingrg/javascript/jquery_easy_ui/themes/default/images/tabs_active.png HTTP/1.1" 304 -
222.69.132.236 - - [31/Dec/2023:10:26:51 +0800] "GET /xingrg/kc/buy/cgsh_order_list.html HTTP/1.1" 200 57118
218.81.65.124 - - [31/Dec/2023:10:26:51 +0800] "GET /xingrg/kc/buy/cgsh_order_list.html HTTP/1.1" 200 57373
124.78.154.219 - - [31/Dec/2023:10:26:52 +0800] "POST /xingrg/dwr/call/plaincall/AjaxQqpsService.saveOrder.dwr HTTP/1.1" 200 79
221.239.172.206 - - [31/Dec/2023:10:26:53 +0800] "GET /xingrg/all/function/internal_message.html?_=1703989613510&CODE_STATE=getMsg HTTP/1.1" 200 27
222.69.132.236 - - [31/Dec/2023:10:26:54 +0800] "POST /xingrg/kc/buy/cgsh_list_operate.html HTTP/1.1" 200 986
116.232.193.168 - - [31/Dec/2023:10:26:55 +0800] "GET /xingrg/all/function/internal_message.html?_=1703989579560&CODE_STATE=getMsg HTTP/1.1" 200 27
116.238.97.123 - - [31/Dec/2023:10:26:56 +0800] "GET /xingrg/all/function/internal_message.html?_=1703989616587&CODE_STATE=getMsg HTTP/1.1" 200 27
222.69.132.236 - - [31/Dec/2023:10:26:56 +0800] "GET /xingrg/kc/buy/cgsh_order_add.html HTTP/1.1" 200 72098
222.69.132.236 - - [31/Dec/2023:10:26:57 +0800] "POST /xingrg/kc/buy/cgsh_order_operate.html HTTP/1.1" 200 8245
222.69.132.236 - - [31/Dec/2023:10:26:57 +0800] "GET /xingrg/javascript/easyui/themes/default/validatebox.css HTTP/1.1" 404 1104
222.69.132.236 - - [31/Dec/2023:10:26:57 +0800] "GET /xingrg/all/common/auto_word.html?type=employee&rest_code=00154 HTTP/1.1" 200 101
222.69.132.236 - - [31/Dec/2023:10:26:57 +0800] "GET /xingrg/all/common/auto_word.html?type=employee&rest_code=00154 HTTP/1.1" 200 101
124.78.154.219 - - [31/Dec/2023:10:27:00 +0800] "GET /xingrg/kc/base/base_main.html HTTP/1.1" 200 12142
124.78.154.219 - - [31/Dec/2023:10:27:01 +0800] "GET /xingrg/images/blue/button/wlsy.gif HTTP/1.1" 200 2536
124.78.154.219 - - [31/Dec/2023:10:27:01 +0800] "GET /xingrg/images/blue/button/ckpd.gif HTTP/1.1" 200 2051
124.78.154.219 - - [31/Dec/2023:10:27:01 +0800] "GET /xingrg/images/blue/button/ckdb.gif HTTP/1.1" 200 1950
124.78.154.219 - - [31/Dec/2023:10:27:01 +0800] "GET /xingrg/images/blue/button/kc.gif HTTP/1.1" 304 -
124.78.154.219 - - [31/Dec/2023:10:27:01 +0800] "GET /xingrg/images/blue/button/yddb.gif HTTP/1.1" 200 2040
124.78.154.219 - - [31/Dec/2023:10:27:01 +0800] "GET /xingrg/images/blue/button/top_left.jpg HTTP/1.1" 200 1632
124.78.154.219 - - [31/Dec/2023:10:27:01 +0800] "GET /xingrg/images/blue/button/down.jpg HTTP/1.1" 200 1560
124.78.154.219 - - [31/Dec/2023:10:27:01 +0800] "GET /xingrg/images/blue/button/top_right.jpg HTTP/1.1" 200 1708
124.78.154.219 - - [31/Dec/2023:10:27:01 +0800] "GET /xingrg/images/blue/button/bottom_left.jpg HTTP/1.1" 200 1524
124.78.154.219 - - [31/Dec/2023:10:27:01 +0800] "GET /xingrg/images/blue/button/left_ah.jpg HTTP/1.1" 200 1643
124.78.154.219 - - [31/Dec/2023:10:27:01 +0800] "GET /xingrg/images/blue/button/bottom_right.jpg HTTP/1.1" 200 1436
222.69.132.236 - - [31/Dec/2023:10:27:01 +0800] "GET /xingrg/javascript/auto/indicator.gif HTTP/1.1" 404 1066
218.81.65.124 - - [31/Dec/2023:10:27:02 +0800] "POST /xingrg/kc/base/stock_operate.html HTTP/1.1" 200 2971
124.78.154.219 - - [31/Dec/2023:10:27:02 +0800] "GET /xingrg/kc/base/wldb_order_list.html HTTP/1.1" 200 19054
124.78.154.219 - - [31/Dec/2023:10:27:02 +0800] "GET /xingrg/css/base.css HTTP/1.1" 304 -
124.78.154.219 - - [31/Dec/2023:10:27:02 +0800] "GET /xingrg/css/site.css HTTP/1.1" 304 -
124.78.154.219 - - [31/Dec/2023:10:27:02 +0800] "GET /xingrg/javascript/jquery_tools/datebox.css HTTP/1.1" 304 -
124.78.154.219 - - [31/Dec/2023:10:27:02 +0800] "GET /xingrg/javascript/easyui/themes/default/easyui.css HTTP/1.1" 304 -
124.78.154.219 - - [31/Dec/2023:10:27:02 +0800] "GET /xingrg/javascript/easyui/themes/icon.css HTTP/1.1" 304 -
124.78.154.219 - - [31/Dec/2023:10:27:02 +0800] "GET /xingrg/javascript/jquery_tools/fix.css HTTP/1.1" 304 -
124.78.154.219 - - [31/Dec/2023:10:27:02 +0800] "GET /xingrg/javascript/jquery_tools/table.css HTTP/1.1" 304 -
124.78.154.219 - - [31/Dec/2023:10:27:02 +0800] "GET /xingrg/javascript/jquery_tools/jquery.tools.min.js HTTP/1.1" 304 -
124.78.154.219 - - [31/Dec/2023:10:27:02 +0800] "GET /xingrg/javascript/jquery_tools/jquery.tools.extend.js HTTP/1.1" 304 -
124.78.154.219 - - [31/Dec/2023:10:27:02 +0800] "GET /xingrg/javascript/jquery_tools/jquery.tools.hotkey.js HTTP/1.1" 304 -
124.78.154.219 - - [31/Dec/2023:10:27:02 +0800] "GET /xingrg/javascript/jquery_tools/list_manager.js HTTP/1.1" 304 -
124.78.154.219 - - [31/Dec/2023:10:27:02 +0800] "GET /xingrg/javascript/jquery_tools/jquery.tools.table.js HTTP/1.1" 304 -
124.78.154.219 - - [31/Dec/2023:10:27:02 +0800] "GET /xingrg/javascript/jquery.cookie.js HTTP/1.1" 304 -
124.78.154.219 - - [31/Dec/2023:10:27:02 +0800] "GET /xingrg/javascript/easyui/easyloader.js HTTP/1.1" 304 -
124.78.154.219 - - [31/Dec/2023:10:27:02 +0800] "GET /xingrg/javascript/easyui/themes/icons/check_new.png HTTP/1.1" 304 -
124.78.154.219 - - [31/Dec/2023:10:27:02 +0800] "GET /xingrg/javascript/easyui/themes/icons/field_new.png HTTP/1.1" 304 -
124.78.154.219 - - [31/Dec/2023:10:27:02 +0800] "GET /xingrg/javascript/easyui/themes/icons/import_new.png HTTP/1.1" 304 -
124.78.154.219 - - [31/Dec/2023:10:27:02 +0800] "GET /xingrg/javascript/easyui/themes/icons/cance_new.png HTTP/1.1" 304 -
124.78.154.219 - - [31/Dec/2023:10:27:02 +0800] "GET /xingrg/javascript/easyui/themes/icons/edit_add_new.png HTTP/1.1" 304 -
124.78.154.219 - - [31/Dec/2023:10:27:02 +0800] "GET /xingrg/javascript/easyui/plugins/jquery.parser.js HTTP/1.1" 304 -
124.78.154.219 - - [31/Dec/2023:10:27:02 +0800] "GET /xingrg/images/control/ajaxLoader.gif HTTP/1.1" 304 -
124.78.154.219 - - [31/Dec/2023:10:27:03 +0800] "POST /xingrg/kc/base/wldb_list_operate.html HTTP/1.1" 200 928
124.78.154.219 - - [31/Dec/2023:10:27:04 +0800] "GET /xingrg/javascript/easyui/themes/default/images/button_plain_hover.png HTTP/1.1" 304 -
124.78.154.219 - - [31/Dec/2023:10:27:05 +0800] "GET /xingrg/kc/base/wldb_order_add.html HTTP/1.1" 200 30385
124.78.154.219 - - [31/Dec/2023:10:27:05 +0800] "GET /xingrg/javascript/jquery_tools/order_manager.js HTTP/1.1" 304 -
124.78.154.219 - - [31/Dec/2023:10:27:05 +0800] "GET /xingrg/javascript/convert.js HTTP/1.1" 304 -
124.78.154.219 - - [31/Dec/2023:10:27:05 +0800] "GET /xingrg/javascript/json2.js HTTP/1.1" 304 -
124.78.154.219 - - [31/Dec/2023:10:27:06 +0800] "GET /xingrg/javascript/easyui/themes/icons/ok.png HTTP/1.1" 200 883
124.78.154.219 - - [31/Dec/2023:10:27:06 +0800] "GET /xingrg/javascript/easyui/themes/icons/template_new.png HTTP/1.1" 200 3956
124.78.154.219 - - [31/Dec/2023:10:27:06 +0800] "GET /xingrg/javascript/easyui/themes/icons/cancel.png HTTP/1.1" 304 -
124.78.154.219 - - [31/Dec/2023:10:27:06 +0800] "GET /xingrg/javascript/easyui/themes/default/images/menu_downarrow.png HTTP/1.1" 304 -
124.78.154.219 - - [31/Dec/2023:10:27:06 +0800] "GET /xingrg/javascript/easyui/themes/icons/print.png HTTP/1.1" 304 -
124.78.154.219 - - [31/Dec/2023:10:27:06 +0800] "POST /xingrg/kc/base/wldb_order_operate.html HTTP/1.1" 200 6806
124.78.154.219 - - [31/Dec/2023:10:27:06 +0800] "GET /xingrg/javascript/easyui/themes/default/validatebox.css HTTP/1.1" 404 1104
124.78.154.219 - - [31/Dec/2023:10:27:06 +0800] "GET /xingrg/javascript/easyui/plugins/jquery.validatebox.js HTTP/1.1" 304 -
124.78.154.219 - - [31/Dec/2023:10:27:06 +0800] "GET /xingrg/javascript/easyui/plugins/jquery.numberbox.js HTTP/1.1" 304 -
124.78.154.219 - - [31/Dec/2023:10:27:06 +0800] "GET /xingrg/all/common/auto_word.html?type=base&rest_code=00106 HTTP/1.1" 200 1799
124.78.154.219 - - [31/Dec/2023:10:27:06 +0800] "GET /xingrg/all/common/auto_word.html?type=base&rest_code=00106 HTTP/1.1" 200 1799
124.78.154.219 - - [31/Dec/2023:10:27:06 +0800] "GET /xingrg/javascript/easyui/themes/icons/edit_remove.png HTTP/1.1" 304 -
124.78.154.219 - - [31/Dec/2023:10:27:07 +0800] "GET /xingrg/css/images/panel_loading.gif HTTP/1.1" 200 1737
124.78.154.219 - - [31/Dec/2023:10:27:08 +0800] "POST /xingrg/all/common/load_combo.html?type=base HTTP/1.1" 200 3227
218.81.65.124 - - [31/Dec/2023:10:27:08 +0800] "POST /xingrg/kc/buy/cgsh_list_operate.html HTTP/1.1" 200 3588
114.95.241.104 - - [31/Dec/2023:10:27:11 +0800] "GET /xingrg/all/function/internal_message.html?_=1703989631412&CODE_STATE=getMsg HTTP/1.1" 200 27
124.78.154.219 - - [31/Dec/2023:10:27:11 +0800] "GET /xingrg/all/function/internal_message.html?_=1703989632929&CODE_STATE=getMsg HTTP/1.1" 200 27
124.78.154.219 - - [31/Dec/2023:10:27:11 +0800] "POST /xingrg/all/common/load_combo.html?type=base HTTP/1.1" 200 3227
218.81.65.124 - - [31/Dec/2023:10:27:12 +0800] "GET /xingrg/kc/base/stock_detail.html?m=00101019185 HTTP/1.1" 200 7363
218.81.65.124 - - [31/Dec/2023:10:27:13 +0800] "GET /xingrg/kc/base/stock_operate.html?_=1703989633657&command=get_report_file&start_day=20231201 HTTP/1.1" 200 53
218.81.65.124 - - [31/Dec/2023:10:27:13 +0800] "GET /xingrg/all/report/report_query.html?isQuery=1&onlyBody=1&rh=2000&fileName=kc/base/kc_stock_detail_new.xml&queryString=(1=1)&queryText=&tableQueryString=init_table$sp1$$sp$crk_table$sp1$order_day%20between%2020231201%20and%2020231231&varString=start_day:20231201,materiel_code:00101019185,cost_id:4747,end_date:20231130 HTTP/1.1" 200 48701
218.81.65.124 - - [31/Dec/2023:10:27:13 +0800] "GET /xingrg/dwr/interface/AjaxReportQueryService.js HTTP/1.1" 200 13203
218.81.65.124 - - [31/Dec/2023:10:27:13 +0800] "GET /xingrg/dwr/engine.js HTTP/1.1" 200 43631
218.81.65.124 - - [31/Dec/2023:10:27:14 +0800] "GET /xingrg/javascript/auto/indicator.gif HTTP/1.1" 404 1066
218.81.65.124 - - [31/Dec/2023:10:27:15 +0800] "GET /xingrg/all/function/internal_message.html?_=1703989635261&CODE_STATE=getMsg HTTP/1.1" 200 27
222.69.132.236 - - [31/Dec/2023:10:27:15 +0800] "GET /xingrg/kc/buy/cgsh_order_operate.html?command=get_materiel&rest_code=00154&code=00101028002&supplier_code=00100427&order_time=2023-12-31 HTTP/1.1" 200 474
218.81.65.124 - - [31/Dec/2023:10:27:15 +0800] "POST /xingrg/all/report/load_report_page.html HTTP/1.1" 200 147458
218.81.65.124 - - [31/Dec/2023:10:27:16 +0800] "GET /xingrg/servlets/image?cache=0.6774790241570698&image=px HTTP/1.1" 200 807
101.83.145.37 - - [31/Dec/2023:10:27:16 +0800] "GET /xingrg/all/function/internal_message.html?_=1703989638140&CODE_STATE=getMsg HTTP/1.1" 200 27
222.69.132.236 - - [31/Dec/2023:10:27:16 +0800] "POST /xingrg/all/common/load_select.html HTTP/1.1" 200 25
58.40.7.146 - - [31/Dec/2023:10:27:17 +0800] "GET /xingrg/all/function/internal_message.html?_=1703989637204&CODE_STATE=getMsg HTTP/1.1" 200 27
58.40.7.146 - - [31/Dec/2023:10:27:17 +0800] "GET /xingrg/check_reg.html?_=1703989637208 HTTP/1.1" 200 22
116.230.112.67 - - [31/Dec/2023:10:27:18 +0800] "GET /xingrg/kc/buy/cgsh_order_operate.html?command=get_materiel&rest_code=00146&code=00101008176&supplier_code=00100151&order_time=2023-12-31 HTTP/1.1" 200 413
222.67.232.215 - - [31/Dec/2023:10:27:18 +0800] "GET /xingrg/all/function/internal_message.html?_=1703989639003&CODE_STATE=getMsg HTTP/1.1" 200 27
58.40.7.146 - - [31/Dec/2023:10:27:19 +0800] "GET /xingrg/check_reg.html?_=1703989639139 HTTP/1.1" 200 22
222.70.180.200 - - [31/Dec/2023:10:27:19 +0800] "POST /xingrg/services/DataTransmitService HTTP/1.1" 200 501
114.83.218.109 - - [31/Dec/2023:10:27:20 +0800] "GET /xingrg/check_reg.html?_=1703989640973 HTTP/1.1" 200 22
222.69.132.236 - - [31/Dec/2023:10:27:24 +0800] "GET /xingrg/kc/buy/cgsh_order_operate.html?command=get_materiel_price&rest_code=00154&code=00101028002&unit_code=00100157&supplier_code=00100427&order_time=2023-12-31 HTTP/1.1" 200 29
58.40.7.146 - - [31/Dec/2023:10:27:25 +0800] "GET /xingrg/all/function/internal_message.html?_=1703989645673&CODE_STATE=getMsg HTTP/1.1" 200 27
180.164.1.25 - - [31/Dec/2023:10:27:25 +0800] "GET /xingrg/all/function/internal_message.html?_=1703989644769&CODE_STATE=getMsg HTTP/1.1" 200 27
101.80.228.56 - - [31/Dec/2023:10:27:26 +0800] "GET /xingrg/all/function/internal_message.html?_=1703989646875&CODE_STATE=getMsg HTTP/1.1" 200 27
124.78.154.219 - - [31/Dec/2023:10:27:27 +0800] "GET /xingrg/javascript/auto/indicator.gif HTTP/1.1" 404 1066
116.230.112.67 - - [31/Dec/2023:10:27:27 +0800] "GET /xingrg/all/function/internal_message.html?_=1703989673895&CODE_STATE=getMsg HTTP/1.1" 200 27
218.81.65.124 - - [31/Dec/2023:10:27:29 +0800] "POST /xingrg/kc/buy/cgsh_list_operate.html HTTP/1.1" 200 6655
124.78.154.219 - - [31/Dec/2023:10:27:33 +0800] "GET /xingrg/kc/base/wldb_order_operate.html?command=get_materiel&rest_code=00106&base_code=0010396&code=00101019127 HTTP/1.1" 200 480
218.81.65.124 - - [31/Dec/2023:10:27:35 +0800] "POST /xingrg/kc/buy/cgsh_list_operate.html HTTP/1.1" 200 283
116.232.193.168 - - [31/Dec/2023:10:27:36 +0800] "GET /xingrg/all/function/internal_message.html?_=1703989620483&CODE_STATE=getMsg HTTP/1.1" 200 27
222.70.180.200 - - [31/Dec/2023:10:27:36 +0800] "GET /xingrg/check_reg.html?_=1703989654697 HTTP/1.1" 200 22
222.70.180.200 - - [31/Dec/2023:10:27:36 +0800] "GET /xingrg/all/function/internal_message.html?_=1703989654698&CODE_STATE=getMsg HTTP/1.1" 200 27
218.81.65.124 - - [31/Dec/2023:10:27:37 +0800] "GET /xingrg/all/function/internal_message.html?_=1703989657177&CODE_STATE=getMsg HTTP/1.1" 200 27
120.253.135.82 - - [31/Dec/2023:10:27:42 +0800] "GET /xingrg/all/function/internal_message.html?_=1703989479989&CODE_STATE=getMsg HTTP/1.1" 200 27
222.69.132.236 - - [31/Dec/2023:10:27:43 +0800] "GET /xingrg/kc/buy/cgsh_order_operate.html?command=get_materiel&rest_code=00154&code=00101027072&supplier_code=00100427&order_time=2023-12-31 HTTP/1.1" 200 454
222.69.132.236 - - [31/Dec/2023:10:27:44 +0800] "POST /xingrg/all/common/load_select.html HTTP/1.1" 200 25
180.169.147.146 - - [31/Dec/2023:10:27:44 +0800] "GET /xingrg/all/function/internal_message.html?_=1703989664428&CODE_STATE=getMsg HTTP/1.1" 302 -
218.81.65.124 - - [31/Dec/2023:10:27:44 +0800] "POST /xingrg/kc/buy/cgsh_list_operate.html HTTP/1.1" 200 4
222.69.132.236 - - [31/Dec/2023:10:27:45 +0800] "GET /xingrg/all/function/internal_message.html?_=1703989667884&CODE_STATE=getMsg HTTP/1.1" 200 27
114.83.218.109 - - [31/Dec/2023:10:27:45 +0800] "GET /xingrg/all/function/internal_message.html?_=1703989665814&CODE_STATE=getMsg HTTP/1.1" 200 27
101.83.145.37 - - [31/Dec/2023:10:27:48 +0800] "GET /xingrg/all/function/internal_message.html?_=1703989434324&CODE_STATE=getMsg HTTP/1.1" 200 27
124.78.154.219 - - [31/Dec/2023:10:27:51 +0800] "GET /xingrg/kc/base/wldb_order_operate.html?command=get_materiel&rest_code=00106&base_code=0010396&code=00101019492 HTTP/1.1" 200 455
222.69.132.236 - - [31/Dec/2023:10:27:51 +0800] "GET /xingrg/kc/buy/cgsh_order_operate.html?command=get_materiel_price&rest_code=00154&code=00101027072&unit_code=00100189&supplier_code=00100427&order_time=2023-12-31 HTTP/1.1" 200 28
221.239.172.206 - - [31/Dec/2023:10:27:53 +0800] "GET /xingrg/all/function/internal_message.html?_=1703989673495&CODE_STATE=getMsg HTTP/1.1" 200 27
116.232.193.168 - - [31/Dec/2023:10:27:55 +0800] "GET /xingrg/all/function/internal_message.html?_=1703989639555&CODE_STATE=getMsg HTTP/1.1" 200 27
116.238.97.123 - - [31/Dec/2023:10:27:56 +0800] "GET /xingrg/all/function/internal_message.html?_=1703989676568&CODE_STATE=getMsg HTTP/1.1" 200 27
124.78.154.219 - - [31/Dec/2023:10:28:05 +0800] "GET /xingrg/kc/base/wldb_order_operate.html?command=get_materiel&rest_code=00106&base_code=0010396&code=00101019405 HTTP/1.1" 200 482
218.81.65.124 - - [31/Dec/2023:10:28:06 +0800] "GET /xingrg/all/function/internal_message.html?_=1703989686807&CODE_STATE=getMsg HTTP/1.1" 200 27
222.69.132.236 - - [31/Dec/2023:10:28:08 +0800] "GET /xingrg/kc/buy/cgsh_order_operate.html?command=get_materiel&rest_code=00154&code=00101020383&supplier_code=00100427&order_time=2023-12-31 HTTP/1.1" 200 449
114.95.241.104 - - [31/Dec/2023:10:28:10 +0800] "GET /xingrg/login.html HTTP/1.1" 200 7641
114.95.241.104 - - [31/Dec/2023:10:28:11 +0800] "GET /favicon.ico HTTP/1.1" 404 -
114.95.241.104 - - [31/Dec/2023:10:28:11 +0800] "GET /xingrg/check_reg.html?_=1703989691421 HTTP/1.1" 200 22
114.95.241.104 - - [31/Dec/2023:10:28:11 +0800] "GET /xingrg/all/function/internal_message.html?_=1703989691422&CODE_STATE=getMsg HTTP/1.1" 200 27
124.78.154.219 - - [31/Dec/2023:10:28:11 +0800] "GET /xingrg/check_reg.html?_=1703989692837 HTTP/1.1" 200 22
124.78.154.219 - - [31/Dec/2023:10:28:11 +0800] "GET /xingrg/all/function/internal_message.html?_=1703989692910&CODE_STATE=getMsg HTTP/1.1" 200 27
218.81.65.124 - - [31/Dec/2023:10:28:13 +0800] "POST /xingrg/kc/buy/cgsh_list_operate.html HTTP/1.1" 200 6630
218.81.65.124 - - [31/Dec/2023:10:28:14 +0800] "GET /xingrg/check_reg.html?_=1703989694870 HTTP/1.1" 200 22
114.95.241.104 - - [31/Dec/2023:10:28:14 +0800] "POST /xingrg/login.do HTTP/1.1" 302 -
218.81.65.124 - - [31/Dec/2023:10:28:15 +0800] "GET /xingrg/all/function/internal_message.html?_=1703989695244&CODE_STATE=getMsg HTTP/1.1" 200 27
222.70.180.200 - - [31/Dec/2023:10:28:15 +0800] "POST /xingrg/services/DataTransmitService HTTP/1.1" 200 501
114.95.241.104 - - [31/Dec/2023:10:28:15 +0800] "POST /xingrg/login.do HTTP/1.1" 302 -
114.95.241.104 - - [31/Dec/2023:10:28:15 +0800] "GET /xingrg/index.html?sysBaseUrl=http%3A%2F%2F180.169.147.146%3A18081%2Fxingrg%2F&costTime=2047×tamp=1703989695869 HTTP/1.1" 200 17179
114.95.241.104 - - [31/Dec/2023:10:28:16 +0800] "GET /favicon.ico HTTP/1.1" 404 -
114.95.241.104 - - [31/Dec/2023:10:28:16 +0800] "GET /xingrg/check_reg.html?_=1703989696182 HTTP/1.1" 200 22
114.95.241.104 - - [31/Dec/2023:10:28:16 +0800] "GET /xingrg/all/function/internal_message.html?_=1703989696182&CODE_STATE=count HTTP/1.1" 200 11
101.83.145.37 - - [31/Dec/2023:10:28:16 +0800] "GET /xingrg/all/function/internal_message.html?_=1703989698140&CODE_STATE=getMsg HTTP/1.1" 200 27
114.95.241.104 - - [31/Dec/2023:10:28:16 +0800] "POST /xingrg/all/common/load_tree.html?tree=area_rest_tree_json&manage=1 HTTP/1.1" 200 476
101.83.145.37 - - [31/Dec/2023:10:28:16 +0800] "GET /xingrg/check_reg.html?_=1703989698144 HTTP/1.1" 200 22
114.95.241.104 - - [31/Dec/2023:10:28:16 +0800] "POST /xingrg/load_menu.html HTTP/1.1" 200 5138
58.40.7.146 - - [31/Dec/2023:10:28:17 +0800] "GET /xingrg/all/function/internal_message.html?_=1703989697210&CODE_STATE=getMsg HTTP/1.1" 200 27
222.70.180.200 - - [31/Dec/2023:10:28:18 +0800] "POST /xingrg/services/DataTransmitService HTTP/1.1" 200 412
222.67.232.215 - - [31/Dec/2023:10:28:18 +0800] "GET /xingrg/all/function/internal_message.html?_=1703989698989&CODE_STATE=getMsg HTTP/1.1" 200 27
114.95.241.104 - - [31/Dec/2023:10:28:19 +0800] "GET /xingrg/kc/base/wldb_order_list.html HTTP/1.1" 200 19060
116.230.112.67 - - [31/Dec/2023:10:28:19 +0800] "POST /xingrg/services/DataTransmitService HTTP/1.1" 200 524
116.230.112.67 - - [31/Dec/2023:10:28:20 +0800] "POST /xingrg/services/DataTransmitService HTTP/1.1" 200 501
114.95.241.104 - - [31/Dec/2023:10:28:20 +0800] "POST /xingrg/kc/base/wldb_list_operate.html HTTP/1.1" 200 928
218.81.65.124 - - [31/Dec/2023:10:28:22 +0800] "POST /xingrg/kc/base/stock_operate.html HTTP/1.1" 200 2450
114.95.241.104 - - [31/Dec/2023:10:28:23 +0800] "GET /xingrg/kc/base/wldb_order_add.html HTTP/1.1" 200 30399
114.95.241.104 - - [31/Dec/2023:10:28:24 +0800] "GET /xingrg/words/20231230171448_words.js HTTP/1.1" 304 -
114.95.241.104 - - [31/Dec/2023:10:28:24 +0800] "POST /xingrg/kc/base/wldb_order_operate.html HTTP/1.1" 200 6806
114.95.241.104 - - [31/Dec/2023:10:28:24 +0800] "GET /xingrg/all/common/auto_word.html?type=base&rest_code=00150 HTTP/1.1" 200 1853
114.95.241.104 - - [31/Dec/2023:10:28:24 +0800] "GET /xingrg/javascript/easyui/themes/default/validatebox.css HTTP/1.1" 404 1104
114.95.241.104 - - [31/Dec/2023:10:28:24 +0800] "GET /xingrg/all/common/auto_word.html?type=base&rest_code=00150 HTTP/1.1" 200 1853
218.81.65.124 - - [31/Dec/2023:10:28:24 +0800] "GET /xingrg/kc/base/stock_detail.html?m=00101019187 HTTP/1.1" 200 7367
58.40.7.146 - - [31/Dec/2023:10:28:25 +0800] "GET /xingrg/all/function/internal_message.html?_=1703989705677&CODE_STATE=getMsg HTTP/1.1" 200 27
180.164.1.25 - - [31/Dec/2023:10:28:25 +0800] "GET /xingrg/all/function/internal_message.html?_=1703989704770&CODE_STATE=getMsg HTTP/1.1" 200 27
101.80.228.56 - - [31/Dec/2023:10:28:26 +0800] "GET /xingrg/check_reg.html?_=1703989706876 HTTP/1.1" 200 22
101.80.228.56 - - [31/Dec/2023:10:28:26 +0800] "GET /xingrg/all/function/internal_message.html?_=1703989706879&CODE_STATE=getMsg HTTP/1.1" 200 27
218.81.65.124 - - [31/Dec/2023:10:28:27 +0800] "GET /xingrg/kc/base/stock_operate.html?_=1703989707143&command=get_report_file&start_day=20231201 HTTP/1.1" 200 53
218.81.65.124 - - [31/Dec/2023:10:28:27 +0800] "GET /xingrg/all/report/report_query.html?isQuery=1&onlyBody=1&rh=2000&fileName=kc/base/kc_stock_detail_new.xml&queryString=(1=1)&queryText=&tableQueryString=init_table$sp1$$sp$crk_table$sp1$order_day%20between%2020231201%20and%2020231231&varString=start_day:20231201,materiel_code:00101019187,cost_id:4747,end_date:20231130 HTTP/1.1" 200 48701
218.81.65.124 - - [31/Dec/2023:10:28:27 +0800] "GET /xingrg/dwr/interface/AjaxReportQueryService.js HTTP/1.1" 200 13203
218.81.65.124 - - [31/Dec/2023:10:28:27 +0800] "GET /xingrg/dwr/engine.js HTTP/1.1" 200 43631
124.78.154.219 - - [31/Dec/2023:10:28:27 +0800] "GET /xingrg/kc/base/wldb_order_operate.html?command=get_materiel&rest_code=00106&base_code=0010396&code=00101019243 HTTP/1.1" 200 465
116.230.112.67 - - [31/Dec/2023:10:28:27 +0800] "GET /xingrg/all/function/internal_message.html?_=1703989733908&CODE_STATE=getMsg HTTP/1.1" 200 27
218.81.65.124 - - [31/Dec/2023:10:28:29 +0800] "POST /xingrg/all/report/load_report_page.html HTTP/1.1" 200 74017
222.69.132.236 - - [31/Dec/2023:10:28:29 +0800] "POST /xingrg/kc/buy/cgsh_order_operate.html HTTP/1.1" 200 37
218.81.65.124 - - [31/Dec/2023:10:28:29 +0800] "GET /xingrg/servlets/image?cache=0.8231112467486642&image=px HTTP/1.1" 200 807
114.95.241.104 - - [31/Dec/2023:10:28:34 +0800] "POST /xingrg/all/common/load_combo.html?type=base HTTP/1.1" 200 3318
116.232.193.168 - - [31/Dec/2023:10:28:36 +0800] "GET /xingrg/all/function/internal_message.html?_=1703989680479&CODE_STATE=getMsg HTTP/1.1" 200 27
222.70.180.200 - - [31/Dec/2023:10:28:36 +0800] "GET /xingrg/all/function/internal_message.html?_=1703989714697&CODE_STATE=getMsg HTTP/1.1" 200 27
218.81.65.124 - - [31/Dec/2023:10:28:37 +0800] "GET /xingrg/all/function/internal_message.html?_=1703989717179&CODE_STATE=getMsg HTTP/1.1" 200 27
222.69.132.236 - - [31/Dec/2023:10:28:41 +0800] "POST /xingrg/kc/buy/cgsh_order_operate.html HTTP/1.1" 200 12
120.253.135.82 - - [31/Dec/2023:10:28:42 +0800] "GET /xingrg/all/function/internal_message.html?_=1703989540008&CODE_STATE=getMsg HTTP/1.1" 200 27
180.169.147.146 - - [31/Dec/2023:10:28:44 +0800] "GET /xingrg/all/function/internal_message.html?_=1703989724427&CODE_STATE=getMsg HTTP/1.1" 302 -
222.69.132.236 - - [31/Dec/2023:10:28:44 +0800] "GET /xingrg/kc/buy/cgsh_order_info.html?code=212023123111730 HTTP/1.1" 200 67013
222.69.132.236 - - [31/Dec/2023:10:28:45 +0800] "GET /xingrg/javascript/easyui/themes/default/validatebox.css HTTP/1.1" 404 1104
222.69.132.236 - - [31/Dec/2023:10:28:45 +0800] "GET /xingrg/all/function/internal_message.html?_=1703989727942&CODE_STATE=getMsg HTTP/1.1" 200 27
114.83.218.109 - - [31/Dec/2023:10:28:45 +0800] "GET /xingrg/all/function/internal_message.html?_=1703989725786&CODE_STATE=getMsg HTTP/1.1" 200 27
124.78.154.219 - - [31/Dec/2023:10:28:46 +0800] "GET /favicon.ico HTTP/1.1" 404 -
222.69.132.236 - - [31/Dec/2023:10:28:46 +0800] "POST /xingrg/kc/buy/cgsh_order_operate.html HTTP/1.1" 200 1882
114.95.241.104 - - [31/Dec/2023:10:28:47 +0800] "GET /xingrg/javascript/auto/indicator.gif HTTP/1.1" 404 1066
124.78.154.219 - - [31/Dec/2023:10:28:47 +0800] "GET /xingrg/kc/base/wldb_order_operate.html?command=get_materiel&rest_code=00106&base_code=0010396&code=00101019187 HTTP/1.1" 200 479
222.69.132.236 - - [31/Dec/2023:10:28:47 +0800] "GET /xingrg/kc/print/load_config.html?kc_code=cgsh HTTP/1.1" 200 1927
222.69.132.236 - - [31/Dec/2023:10:28:48 +0800] "GET /xingrg/kc/print/load_data.html?order_code=212023123111730&kc_code=cgsh&condition= HTTP/1.1" 200 1261
101.83.145.37 - - [31/Dec/2023:10:28:48 +0800] "GET /xingrg/all/function/internal_message.html?_=1703989494355&CODE_STATE=getMsg HTTP/1.1" 200 27
101.83.145.37 - - [31/Dec/2023:10:28:48 +0800] "GET /xingrg/check_reg.html?_=1703989494352 HTTP/1.1" 200 22
221.239.172.206 - - [31/Dec/2023:10:28:53 +0800] "GET /xingrg/all/function/internal_message.html?_=1703989733473&CODE_STATE=getMsg HTTP/1.1" 200 27
114.95.241.104 - - [31/Dec/2023:10:28:54 +0800] "GET /xingrg/kc/base/wldb_order_operate.html?command=get_materiel&rest_code=00150&base_code=0010445&code=00101016037 HTTP/1.1" 200 450
116.232.193.168 - - [31/Dec/2023:10:28:55 +0800] "GET /xingrg/check_reg.html?_=1703989699547 HTTP/1.1" 200 22
116.232.193.168 - - [31/Dec/2023:10:28:55 +0800] "GET /xingrg/all/function/internal_message.html?_=1703989699552&CODE_STATE=getMsg HTTP/1.1" 200 27
116.238.97.123 - - [31/Dec/2023:10:28:56 +0800] "GET /xingrg/all/function/internal_message.html?_=1703989736551&CODE_STATE=getMsg HTTP/1.1" 200 27
124.78.154.219 - - [31/Dec/2023:10:29:01 +0800] "GET /xingrg/kc/base/wldb_order_operate.html?command=get_materiel&rest_code=00106&base_code=0010396&code=00101019450 HTTP/1.1" 200 482
222.69.132.236 - - [31/Dec/2023:10:29:03 +0800] "GET /xingrg/kc/base/check_order_list.html HTTP/1.1" 200 16179
222.69.132.236 - - [31/Dec/2023:10:29:03 +0800] "POST /xingrg/kc/base/check_list_operate.html HTTP/1.1" 200 781
222.69.132.236 - - [31/Dec/2023:10:29:05 +0800] "GET /xingrg/kc/base/check_order_add.html HTTP/1.1" 200 25574
222.69.132.236 - - [31/Dec/2023:10:29:05 +0800] "GET /xingrg/dwr/interface/AjaxComOrderService.js HTTP/1.1" 200 18264
222.69.132.236 - - [31/Dec/2023:10:29:05 +0800] "GET /xingrg/dwr/interface/AjaxCheckService.js HTTP/1.1" 200 14003
222.69.132.236 - - [31/Dec/2023:10:29:05 +0800] "GET /xingrg/dwr/engine.js HTTP/1.1" 200 43631
218.81.65.124 - - [31/Dec/2023:10:29:10 +0800] "POST /xingrg/kc/base/stock_operate.html HTTP/1.1" 200 1722
114.95.241.104 - - [31/Dec/2023:10:29:11 +0800] "GET /xingrg/all/function/internal_message.html?_=1703989751419&CODE_STATE=getMsg HTTP/1.1" 200 27
124.78.154.219 - - [31/Dec/2023:10:29:12 +0800] "GET /xingrg/all/function/internal_message.html?_=1703989753503&CODE_STATE=getMsg HTTP/1.1" 200 27
114.95.241.104 - - [31/Dec/2023:10:29:13 +0800] "POST /xingrg/kc/base/wldb_order_operate.html HTTP/1.1" 200 37
218.81.65.124 - - [31/Dec/2023:10:29:14 +0800] "GET /xingrg/kc/base/stock_detail.html?m=00101019253 HTTP/1.1" 200 7367
222.69.132.236 - - [31/Dec/2023:10:29:14 +0800] "POST /xingrg/dwr/call/plaincall/AjaxCheckService.saveOrder.dwr HTTP/1.1" 200 78
114.95.241.104 - - [31/Dec/2023:10:29:16 +0800] "GET /xingrg/all/function/internal_message.html?_=1703989756199&CODE_STATE=getMsg HTTP/1.1" 200 27
101.83.145.37 - - [31/Dec/2023:10:29:16 +0800] "GET /xingrg/all/function/internal_message.html?_=1703989758145&CODE_STATE=getMsg HTTP/1.1" 200 27
218.81.65.124 - - [31/Dec/2023:10:29:16 +0800] "GET /xingrg/kc/base/stock_operate.html?_=1703989756253&command=get_report_file&start_day=20231201 HTTP/1.1" 200 53
218.81.65.124 - - [31/Dec/2023:10:29:16 +0800] "GET /xingrg/all/report/report_query.html?isQuery=1&onlyBody=1&rh=2000&fileName=kc/base/kc_stock_detail_new.xml&queryString=(1=1)&queryText=&tableQueryString=init_table$sp1$$sp$crk_table$sp1$order_day%20between%2020231201%20and%2020231231&varString=start_day:20231201,materiel_code:00101019253,cost_id:4747,end_date:20231130 HTTP/1.1" 200 48701
218.81.65.124 - - [31/Dec/2023:10:29:16 +0800] "GET /xingrg/dwr/interface/AjaxReportQueryService.js HTTP/1.1" 200 13203
218.81.65.124 - - [31/Dec/2023:10:29:16 +0800] "GET /xingrg/dwr/engine.js HTTP/1.1" 200 43631
222.69.132.236 - - [31/Dec/2023:10:29:17 +0800] "POST /xingrg/dwr/call/plaincall/AjaxCheckService.loadOrderItems.dwr HTTP/1.1" 200 367
58.40.7.146 - - [31/Dec/2023:10:29:17 +0800] "GET /xingrg/all/function/internal_message.html?_=1703989757212&CODE_STATE=getMsg HTTP/1.1" 200 27
124.78.154.219 - - [31/Dec/2023:10:29:18 +0800] "GET /xingrg/kc/base/wldb_order_operate.html?command=get_materiel&rest_code=00106&base_code=0010396&code=00101016094 HTTP/1.1" 200 469
218.81.65.124 - - [31/Dec/2023:10:29:18 +0800] "POST /xingrg/all/report/load_report_page.html HTTP/1.1" 200 44686
218.81.65.124 - - [31/Dec/2023:10:29:18 +0800] "GET /xingrg/servlets/image?cache=0.9145145048549153&image=px HTTP/1.1" 200 807
222.67.232.215 - - [31/Dec/2023:10:29:18 +0800] "GET /xingrg/all/function/internal_message.html?_=1703989759006&CODE_STATE=getMsg HTTP/1.1" 200 27
114.83.218.109 - - [31/Dec/2023:10:29:20 +0800] "GET /xingrg/kc/buy/cgsh_order_add.html HTTP/1.1" 200 72982
114.83.218.109 - - [31/Dec/2023:10:29:20 +0800] "GET /xingrg/words/20231230171448_words.js HTTP/1.1" 304 -
114.83.218.109 - - [31/Dec/2023:10:29:20 +0800] "POST /xingrg/kc/buy/cgsh_order_operate.html HTTP/1.1" 200 8245
114.83.218.109 - - [31/Dec/2023:10:29:20 +0800] "GET /xingrg/javascript/easyui/themes/default/validatebox.css HTTP/1.1" 404 1104
175.24.212.162 - - [31/Dec/2023:10:29:22 +0800] "GET /xingrg/check_reg.html?_=1703983707248 HTTP/1.1" 302 -
81.71.5.172 - - [31/Dec/2023:10:29:22 +0800] "GET /xingrg/login.html HTTP/1.1" 200 7641
58.40.7.146 - - [31/Dec/2023:10:29:25 +0800] "GET /xingrg/all/function/internal_message.html?_=1703989765678&CODE_STATE=getMsg HTTP/1.1" 200 27
180.164.1.25 - - [31/Dec/2023:10:29:25 +0800] "GET /xingrg/all/function/internal_message.html?_=1703989764765&CODE_STATE=getMsg HTTP/1.1" 200 27
114.83.218.109 - - [31/Dec/2023:10:29:25 +0800] "POST /xingrg/kc/buy/cgsh_list_operate.html HTTP/1.1" 200 2812
114.95.241.104 - - [31/Dec/2023:10:29:26 +0800] "POST /xingrg/kc/base/wldb_order_operate.html HTTP/1.1" 200 12
114.95.241.104 - - [31/Dec/2023:10:29:26 +0800] "POST /xingrg/kc/base/wldb_order_operate.html HTTP/1.1" 200 2194
101.80.228.56 - - [31/Dec/2023:10:29:26 +0800] "GET /xingrg/all/function/internal_message.html?_=1703989766877&CODE_STATE=getMsg HTTP/1.1" 200 27
116.230.112.67 - - [31/Dec/2023:10:29:27 +0800] "GET /xingrg/all/function/internal_message.html?_=1703989793922&CODE_STATE=getMsg HTTP/1.1" 200 27
114.95.241.104 - - [31/Dec/2023:10:29:28 +0800] "GET /xingrg/kc/base/wldb_order_info.html?code=422023123103135 HTTP/1.1" 200 26279
114.95.241.104 - - [31/Dec/2023:10:29:28 +0800] "GET /xingrg/javascript/easyui/themes/default/validatebox.css HTTP/1.1" 404 1104
114.95.241.104 - - [31/Dec/2023:10:29:28 +0800] "POST /xingrg/kc/base/wldb_order_operate.html HTTP/1.1" 200 487
222.69.132.236 - - [31/Dec/2023:10:29:30 +0800] "POST /xingrg/dwr/call/plaincall/AjaxCheckService.importOrderItems.dwr HTTP/1.1" 200 78
222.69.132.236 - - [31/Dec/2023:10:29:32 +0800] "POST /xingrg/dwr/call/plaincall/AjaxCheckService.loadOrderItems.dwr HTTP/1.1" 200 54914
114.95.241.104 - - [31/Dec/2023:10:29:33 +0800] "GET /xingrg/kc/base/wldb_order_add.html HTTP/1.1" 200 30399
114.95.241.104 - - [31/Dec/2023:10:29:33 +0800] "POST /xingrg/kc/base/wldb_order_operate.html HTTP/1.1" 200 6806
114.95.241.104 - - [31/Dec/2023:10:29:33 +0800] "GET /xingrg/javascript/easyui/themes/default/validatebox.css HTTP/1.1" 404 1104
218.81.65.124 - - [31/Dec/2023:10:29:35 +0800] "POST /xingrg/kc/base/stock_operate.html HTTP/1.1" 200 2662
222.69.132.236 - - [31/Dec/2023:10:29:35 +0800] "GET /xingrg/kc/print/load_config.html?_=1703989777917&kc_code=check HTTP/1.1" 200 2488
222.69.132.236 - - [31/Dec/2023:10:29:36 +0800] "GET /xingrg/kc/print/load_data.html?_=1703989778164&order_code=452023123100353&kc_code=check&condition= HTTP/1.1" 200 14959
116.232.193.168 - - [31/Dec/2023:10:29:36 +0800] "GET /xingrg/all/function/internal_message.html?_=1703989740494&CODE_STATE=getMsg HTTP/1.1" 200 27
222.70.180.200 - - [31/Dec/2023:10:29:36 +0800] "GET /xingrg/all/function/internal_message.html?_=1703989774696&CODE_STATE=getMsg HTTP/1.1" 200 27
218.81.65.124 - - [31/Dec/2023:10:29:37 +0800] "GET /xingrg/check_reg.html?_=1703989777180 HTTP/1.1" 200 22
218.81.65.124 - - [31/Dec/2023:10:29:37 +0800] "GET /xingrg/all/function/internal_message.html?_=1703989777184&CODE_STATE=getMsg HTTP/1.1" 200 27
218.81.65.124 - - [31/Dec/2023:10:29:38 +0800] "GET /xingrg/kc/base/stock_detail.html?m=00101019258 HTTP/1.1" 200 7369
114.83.218.109 - - [31/Dec/2023:10:29:38 +0800] "GET /xingrg/kc/buy/cgsh_order_operate.html?command=get_materiel&rest_code=00149&code=00101010161&supplier_code=00100039&order_time=2023-12-31 HTTP/1.1" 200 408
218.81.65.124 - - [31/Dec/2023:10:29:40 +0800] "GET /xingrg/kc/base/stock_operate.html?_=1703989780556&command=get_report_file&start_day=20231201 HTTP/1.1" 200 53
218.81.65.124 - - [31/Dec/2023:10:29:40 +0800] "GET /xingrg/all/report/report_query.html?isQuery=1&onlyBody=1&rh=2000&fileName=kc/base/kc_stock_detail_new.xml&queryString=(1=1)&queryText=&tableQueryString=init_table$sp1$$sp$crk_table$sp1$order_day%20between%2020231201%20and%2020231231&varString=start_day:20231201,materiel_code:00101019258,cost_id:4747,end_date:20231130 HTTP/1.1" 200 48701
218.81.65.124 - - [31/Dec/2023:10:29:40 +0800] "GET /xingrg/dwr/interface/AjaxReportQueryService.js HTTP/1.1" 200 13203
218.81.65.124 - - [31/Dec/2023:10:29:40 +0800] "GET /xingrg/dwr/engine.js HTTP/1.1" 200 43631
114.95.241.104 - - [31/Dec/2023:10:29:42 +0800] "POST /xingrg/all/common/load_combo.html?type=base HTTP/1.1" 200 3318
218.81.65.124 - - [31/Dec/2023:10:29:42 +0800] "POST /xingrg/all/report/load_report_page.html HTTP/1.1" 200 64200
218.81.65.124 - - [31/Dec/2023:10:29:42 +0800] "GET /xingrg/servlets/image?cache=0.572078750631631&image=px HTTP/1.1" 200 807
120.253.135.82 - - [31/Dec/2023:10:29:42 +0800] "GET /xingrg/all/function/internal_message.html?_=1703989600016&CODE_STATE=getMsg HTTP/1.1" 200 27
180.169.147.146 - - [31/Dec/2023:10:29:44 +0800] "GET /xingrg/check_reg.html?_=1703989784414 HTTP/1.1" 302 -
180.169.147.146 - - [31/Dec/2023:10:29:44 +0800] "GET /xingrg/all/function/internal_message.html?_=1703989784416&CODE_STATE=getMsg HTTP/1.1" 302 -
114.83.218.109 - - [31/Dec/2023:10:29:45 +0800] "GET /xingrg/all/function/internal_message.html?_=1703989785762&CODE_STATE=getMsg HTTP/1.1" 200 27
124.78.154.219 - - [31/Dec/2023:10:29:46 +0800] "POST /xingrg/kc/base/wldb_order_operate.html HTTP/1.1" 200 37
124.78.154.219 - - [31/Dec/2023:10:29:47 +0800] "GET /xingrg/kc/base/wldb_order_info.html?code=422023123103136 HTTP/1.1" 200 30400
124.78.154.219 - - [31/Dec/2023:10:29:47 +0800] "POST /xingrg/kc/base/wldb_order_operate.html HTTP/1.1" 200 5253
124.78.154.219 - - [31/Dec/2023:10:29:48 +0800] "POST /xingrg/kc/buy/cgsh_order_operate.html HTTP/1.1" 200 19784
124.78.154.219 - - [31/Dec/2023:10:29:48 +0800] "GET /xingrg/javascript/easyui/themes/default/validatebox.css HTTP/1.1" 404 1104
101.83.145.37 - - [31/Dec/2023:10:29:48 +0800] "GET /xingrg/all/function/internal_message.html?_=1703989554340&CODE_STATE=getMsg HTTP/1.1" 200 27
101.83.145.37 - - [31/Dec/2023:10:29:49 +0800] "GET /xingrg/kc/buy/cgsh_order_list.html HTTP/1.1" 200 57112
222.69.132.236 - - [31/Dec/2023:10:29:49 +0800] "POST /xingrg/dwr/call/plaincall/AjaxCheckService.deleteOrder.dwr HTTP/1.1" 200 78
124.78.154.219 - - [31/Dec/2023:10:29:49 +0800] "POST /xingrg/kc/base/wldb_order_operate.html HTTP/1.1" 200 5253
222.69.132.236 - - [31/Dec/2023:10:29:51 +0800] "GET /xingrg/kc/base/check_order_list.html HTTP/1.1" 200 16179
222.69.132.236 - - [31/Dec/2023:10:29:51 +0800] "POST /xingrg/kc/base/check_list_operate.html HTTP/1.1" 200 781
114.83.218.109 - - [31/Dec/2023:10:29:53 +0800] "GET /xingrg/kc/buy/cgsh_order_operate.html?command=get_materiel&rest_code=00149&code=00101001191&supplier_code=00100039&order_time=2023-12-31 HTTP/1.1" 200 415
222.69.132.236 - - [31/Dec/2023:10:29:53 +0800] "GET /xingrg/kc/base/check_order_add.html HTTP/1.1" 200 25574
222.69.132.236 - - [31/Dec/2023:10:29:53 +0800] "GET /xingrg/dwr/interface/AjaxComOrderService.js HTTP/1.1" 200 18264
222.69.132.236 - - [31/Dec/2023:10:29:53 +0800] "GET /xingrg/dwr/interface/AjaxCheckService.js HTTP/1.1" 200 14003
222.69.132.236 - - [31/Dec/2023:10:29:53 +0800] "GET /xingrg/dwr/engine.js HTTP/1.1" 200 43631
221.239.172.206 - - [31/Dec/2023:10:29:53 +0800] "GET /xingrg/all/function/internal_message.html?_=1703989793457&CODE_STATE=getMsg HTTP/1.1" 200 27
114.95.241.104 - - [31/Dec/2023:10:29:55 +0800] "GET /xingrg/kc/base/wldb_order_operate.html?command=get_materiel&rest_code=00150&base_code=0010445&code=00101016097 HTTP/1.1" 200 470
116.238.97.123 - - [31/Dec/2023:10:29:55 +0800] "GET /xingrg/check_reg.html?_=1703989796270 HTTP/1.1" 200 22
116.232.193.168 - - [31/Dec/2023:10:29:55 +0800] "GET /xingrg/all/function/internal_message.html?_=1703989759557&CODE_STATE=getMsg HTTP/1.1" 200 27
116.238.97.123 - - [31/Dec/2023:10:29:56 +0800] "GET /xingrg/all/function/internal_message.html?_=1703989796535&CODE_STATE=getMsg HTTP/1.1" 200 27
101.83.145.37 - - [31/Dec/2023:10:30:01 +0800] "POST /xingrg/kc/buy/cgsh_list_operate.html HTTP/1.1" 200 2673
222.69.132.236 - - [31/Dec/2023:10:30:04 +0800] "POST /xingrg/dwr/call/plaincall/AjaxCheckService.saveOrder.dwr HTTP/1.1" 200 78
222.69.132.236 - - [31/Dec/2023:10:30:06 +0800] "POST /xingrg/dwr/call/plaincall/AjaxCheckService.loadOrderItems.dwr HTTP/1.1" 200 367
114.83.218.109 - - [31/Dec/2023:10:30:10 +0800] "POST /xingrg/kc/buy/cgsh_order_operate.html HTTP/1.1" 200 37
114.95.241.104 - - [31/Dec/2023:10:30:11 +0800] "GET /xingrg/all/function/internal_message.html?_=1703989811416&CODE_STATE=getMsg HTTP/1.1" 200 27
114.95.241.104 - - [31/Dec/2023:10:30:11 +0800] "POST /xingrg/kc/base/wldb_order_operate.html HTTP/1.1" 200 37
124.78.154.219 - - [31/Dec/2023:10:30:12 +0800] "GET /xingrg/all/function/internal_message.html?_=1703989813494&CODE_STATE=getMsg HTTP/1.1" 200 27
222.69.132.236 - - [31/Dec/2023:10:30:15 +0800] "POST /xingrg/dwr/call/plaincall/AjaxCheckService.importOrderItems.dwr HTTP/1.1" 200 78
114.95.241.104 - - [31/Dec/2023:10:30:16 +0800] "GET /xingrg/all/function/internal_message.html?_=1703989816193&CODE_STATE=getMsg HTTP/1.1" 200 27
101.83.145.37 - - [31/Dec/2023:10:30:16 +0800] "GET /xingrg/all/function/internal_message.html?_=1703989818230&CODE_STATE=getMsg HTTP/1.1" 200 27
221.239.172.206 - - [31/Dec/2023:10:30:16 +0800] "GET /xingrg/check_reg.html?_=1703989816484 HTTP/1.1" 200 22
222.69.132.236 - - [31/Dec/2023:10:30:17 +0800] "POST /xingrg/dwr/call/plaincall/AjaxCheckService.loadOrderItems.dwr HTTP/1.1" 200 20984
58.40.7.146 - - [31/Dec/2023:10:30:17 +0800] "GET /xingrg/all/function/internal_message.html?_=1703989817214&CODE_STATE=getMsg HTTP/1.1" 200 27
222.67.232.215 - - [31/Dec/2023:10:30:18 +0800] "GET /xingrg/all/function/internal_message.html?_=1703989818995&CODE_STATE=getMsg HTTP/1.1" 200 27
222.69.132.236 - - [31/Dec/2023:10:30:19 +0800] "GET /xingrg/kc/print/load_config.html?_=1703989822042&kc_code=check HTTP/1.1" 200 2488
106.55.200.45 - - [31/Dec/2023:10:30:19 +0800] "GET /xingrg/kc/buy/cgsh_order_operate.html?command=get_materiel&rest_code=00106&code=00101007076&supplier_code=00100096&order_time=2023-12-31 HTTP/1.1" 302 -
106.55.200.45 - - [31/Dec/2023:10:30:19 +0800] "GET /xingrg/login.html HTTP/1.1" 200 7641
222.69.132.236 - - [31/Dec/2023:10:30:20 +0800] "GET /xingrg/kc/print/load_data.html?_=1703989822127&order_code=452023123100354&kc_code=check&condition= HTTP/1.1" 200 5611
114.95.241.104 - - [31/Dec/2023:10:30:24 +0800] "POST /xingrg/kc/base/wldb_order_operate.html HTTP/1.1" 200 12
