116.230.112.47 - - [29/Dec/2023:09:41:11 +0800] "POST /xingrg/kc/buy/cgsh_order_operate.html HTTP/1.1" 200 39926
116.230.112.47 - - [29/Dec/2023:09:41:11 +0800] "GET /xingrg/javascript/easyui/themes/icons/edit_remove.png HTTP/1.1" 304 -
222.70.180.200 - - [29/Dec/2023:09:41:11 +0800] "GET /xingrg/all/function/internal_message.html?_=1703814070767&CODE_STATE=getMsg HTTP/1.1" 200 27
222.70.180.200 - - [29/Dec/2023:09:41:12 +0800] "GET /xingrg/check_reg.html?_=1703814070988 HTTP/1.1" 200 22
114.83.219.137 - - [29/Dec/2023:09:41:13 +0800] "GET /xingrg/all/function/internal_message.html?_=1703814072010&CODE_STATE=getMsg HTTP/1.1" 200 27
114.95.241.104 - - [29/Dec/2023:09:41:15 +0800] "POST /xingrg/kc/buy/cgsh_order_operate.html HTTP/1.1" 200 12
180.164.1.25 - - [29/Dec/2023:09:41:16 +0800] "GET /xingrg/kc/buy/cgsh_order_operate.html?command=get_materiel&rest_code=00108&code=00101008168&supplier_code=00100007&order_time=2023-12-29 HTTP/1.1" 200 412
114.95.241.104 - - [29/Dec/2023:09:41:17 +0800] "GET /xingrg/kc/buy/cgsh_order_info.html?code=212023122910805 HTTP/1.1" 200 67782
114.95.241.104 - - [29/Dec/2023:09:41:17 +0800] "GET /xingrg/javascript/easyui/themes/default/validatebox.css HTTP/1.1" 404 1104
114.95.241.104 - - [29/Dec/2023:09:41:17 +0800] "GET /xingrg/all/function/internal_message.html?_=1703814077810&CODE_STATE=getMsg HTTP/1.1" 200 27
114.95.241.104 - - [29/Dec/2023:09:41:18 +0800] "POST /xingrg/kc/buy/cgsh_order_operate.html HTTP/1.1" 200 2976
114.95.241.104 - - [29/Dec/2023:09:41:19 +0800] "GET /xingrg/kc/print/load_config.html?kc_code=cgsh HTTP/1.1" 200 1927
222.69.132.22 - - [29/Dec/2023:09:41:19 +0800] "GET /xingrg/all/function/internal_message.html?_=1703814079680&CODE_STATE=getMsg HTTP/1.1" 200 27
114.95.241.104 - - [29/Dec/2023:09:41:20 +0800] "GET /xingrg/kc/print/load_data.html?order_code=212023122910805&kc_code=cgsh&condition= HTTP/1.1" 200 1647
116.230.112.47 - - [29/Dec/2023:09:41:21 +0800] "GET /xingrg/javascript/auto/indicator.gif HTTP/1.1" 404 1066
222.67.232.215 - - [29/Dec/2023:09:41:24 +0800] "GET /xingrg/css/new_ie.css HTTP/1.1" 404 1036
222.67.232.215 - - [29/Dec/2023:09:41:24 +0800] "POST /xingrg/kc/buy/cgsh_list_operate.html HTTP/1.1" 200 6275
222.67.232.215 - - [29/Dec/2023:09:41:24 +0800] "GET /xingrg/images/yd/bt.gif HTTP/1.1" 404 1040
114.95.241.104 - - [29/Dec/2023:09:41:25 +0800] "GET /xingrg/kc/buy/cgsh_order_add.html HTTP/1.1" 200 72875
180.164.1.25 - - [29/Dec/2023:09:41:25 +0800] "GET /xingrg/kc/buy/cgsh_order_operate.html?command=get_materiel&rest_code=00108&code=00101008356&supplier_code=00100007&order_time=2023-12-29 HTTP/1.1" 200 408
114.95.241.104 - - [29/Dec/2023:09:41:25 +0800] "POST /xingrg/kc/buy/cgsh_order_operate.html HTTP/1.1" 200 8245
114.95.241.104 - - [29/Dec/2023:09:41:25 +0800] "GET /xingrg/javascript/easyui/themes/default/validatebox.css HTTP/1.1" 404 1104
180.164.1.25 - - [29/Dec/2023:09:41:25 +0800] "GET /xingrg/all/function/internal_message.html?_=1703814083908&CODE_STATE=getMsg HTTP/1.1" 200 27
116.230.112.47 - - [29/Dec/2023:09:41:27 +0800] "GET /xingrg/kc/buy/cgsh_order_operate.html?command=get_materiel&rest_code=00146&code=00101015061&supplier_code=00100005&order_time=2023-12-29 HTTP/1.1" 200 412
180.164.1.25 - - [29/Dec/2023:09:41:28 +0800] "POST /xingrg/kc/buy/cgsh_order_operate.html HTTP/1.1" 200 2065
222.67.232.215 - - [29/Dec/2023:09:41:30 +0800] "POST /xingrg/kc/buy/cgsh_list_operate.html HTTP/1.1" 200 1869
222.67.232.215 - - [29/Dec/2023:09:41:32 +0800] "POST /xingrg/kc/buy/cgsh_order_operate.html HTTP/1.1" 200 8245
222.67.232.215 - - [29/Dec/2023:09:41:32 +0800] "GET /xingrg/javascript/easyui/themes/default/validatebox.css HTTP/1.1" 404 1104
222.67.232.215 - - [29/Dec/2023:09:41:34 +0800] "GET /xingrg/javascript/auto/indicator.gif HTTP/1.1" 404 1066
116.232.193.168 - - [29/Dec/2023:09:41:34 +0800] "GET /xingrg/kc/buy/cgsh_order_operate.html?command=get_materiel&rest_code=00155&code=00101006128&supplier_code=00100012&order_time=2023-12-29 HTTP/1.1" 200 435
180.164.1.25 - - [29/Dec/2023:09:41:34 +0800] "GET /xingrg/kc/buy/cgsh_order_operate.html?command=get_materiel&rest_code=00108&code=00101008674&supplier_code=00100007&order_time=2023-12-29 HTTP/1.1" 200 412
222.67.232.215 - - [29/Dec/2023:09:41:38 +0800] "GET /xingrg/javascript/jquery_tools/images/next.gif HTTP/1.1" 404 1086
222.67.232.215 - - [29/Dec/2023:09:41:39 +0800] "GET /xingrg/javascript/jquery_tools/images/prev.gif HTTP/1.1" 404 1086
116.230.112.47 - - [29/Dec/2023:09:41:40 +0800] "GET /xingrg/kc/buy/cgsh_order_operate.html?command=get_materiel&rest_code=00146&code=00101009030&supplier_code=00100005&order_time=2023-12-29 HTTP/1.1" 200 412
114.95.241.104 - - [29/Dec/2023:09:41:41 +0800] "GET /xingrg/kc/buy/cgsh_order_operate.html?command=get_materiel&rest_code=00150&code=00101002022&supplier_code=00100151&order_time=2023-12-29 HTTP/1.1" 200 409
180.164.1.25 - - [29/Dec/2023:09:41:43 +0800] "GET /xingrg/kc/buy/cgsh_order_operate.html?command=get_materiel&rest_code=00108&code=00101008095&supplier_code=00100007&order_time=2023-12-29 HTTP/1.1" 200 412
221.239.172.206 - - [29/Dec/2023:09:41:45 +0800] "GET /xingrg/all/function/internal_message.html?_=1703814104484&CODE_STATE=getMsg HTTP/1.1" 200 27
101.80.231.29 - - [29/Dec/2023:09:41:46 +0800] "GET /xingrg/all/function/internal_message.html?_=1703814128035&CODE_STATE=getMsg HTTP/1.1" 200 27
222.67.232.215 - - [29/Dec/2023:09:41:48 +0800] "GET /xingrg/kc/buy/cgsh_order_operate.html?command=get_materiel&rest_code=00141&code=00101006129&supplier_code=00100012&order_time=2023-12-29 HTTP/1.1" 200 439
101.83.145.37 - - [29/Dec/2023:09:41:49 +0800] "GET /xingrg/all/function/internal_message.html?_=1703814110347&CODE_STATE=getMsg HTTP/1.1" 200 27
180.164.1.25 - - [29/Dec/2023:09:41:51 +0800] "GET /xingrg/kc/buy/cgsh_order_operate.html?command=get_materiel&rest_code=00108&code=00101008182&supplier_code=00100007&order_time=2023-12-29 HTTP/1.1" 200 412
116.224.121.124 - - [29/Dec/2023:09:41:53 +0800] "GET /xingrg/all/function/internal_message.html?_=1703814115273&CODE_STATE=getMsg HTTP/1.1" 200 27
116.230.112.47 - - [29/Dec/2023:09:41:55 +0800] "GET /xingrg/kc/buy/cgsh_order_operate.html?command=get_materiel&rest_code=00146&code=00101008137&supplier_code=00100005&order_time=2023-12-29 HTTP/1.1" 200 408
116.230.112.47 - - [29/Dec/2023:09:41:56 +0800] "GET /xingrg/all/function/internal_message.html?_=1703814134284&CODE_STATE=getMsg HTTP/1.1" 200 27
222.67.232.215 - - [29/Dec/2023:09:42:00 +0800] "GET /xingrg/kc/buy/cgsh_order_operate.html?command=get_materiel&rest_code=00141&code=00101018011&supplier_code=00100012&order_time=2023-12-29 HTTP/1.1" 200 413
180.164.1.25 - - [29/Dec/2023:09:42:01 +0800] "GET /xingrg/kc/buy/cgsh_order_operate.html?command=get_materiel&rest_code=00108&code=00101008353&supplier_code=00100007&order_time=2023-12-29 HTTP/1.1" 200 408
116.232.193.168 - - [29/Dec/2023:09:42:06 +0800] "GET /xingrg/all/function/internal_message.html?_=1703814093837&CODE_STATE=getMsg HTTP/1.1" 200 27
116.230.112.47 - - [29/Dec/2023:09:42:07 +0800] "GET /xingrg/kc/buy/cgsh_order_operate.html?command=get_materiel&rest_code=00146&code=00101008166&supplier_code=00100005&order_time=2023-12-29 HTTP/1.1" 200 412
116.232.193.168 - - [29/Dec/2023:09:42:08 +0800] "GET /xingrg/kc/buy/cgsh_order_operate.html?command=get_materiel&rest_code=00155&code=00101006057&supplier_code=00100012&order_time=2023-12-29 HTTP/1.1" 200 413
218.79.29.24 - - [29/Dec/2023:09:42:09 +0800] "GET /xingrg/all/function/internal_message.html?_=1703814130432&CODE_STATE=getMsg HTTP/1.1" 200 27
180.164.1.25 - - [29/Dec/2023:09:42:10 +0800] "GET /xingrg/kc/buy/cgsh_order_operate.html?command=get_materiel&rest_code=00108&code=00101009044&supplier_code=00100007&order_time=2023-12-29 HTTP/1.1" 200 412
222.70.180.200 - - [29/Dec/2023:09:42:11 +0800] "GET /xingrg/all/function/internal_message.html?_=1703814130752&CODE_STATE=getMsg HTTP/1.1" 200 27
114.83.219.137 - - [29/Dec/2023:09:42:13 +0800] "GET /xingrg/all/function/internal_message.html?_=1703814132012&CODE_STATE=getMsg HTTP/1.1" 200 27
222.67.232.215 - - [29/Dec/2023:09:42:14 +0800] "GET /xingrg/kc/buy/cgsh_order_operate.html?command=get_materiel&rest_code=00141&code=00101006177&supplier_code=00100012&order_time=2023-12-29 HTTP/1.1" 200 410
180.164.1.25 - - [29/Dec/2023:09:42:15 +0800] "POST /xingrg/kc/buy/cgsh_order_operate.html HTTP/1.1" 200 2065
120.253.135.82 - - [29/Dec/2023:09:42:15 +0800] "GET /xingrg/check_reg.html?_=1703813952164 HTTP/1.1" 200 22
114.95.241.104 - - [29/Dec/2023:09:42:17 +0800] "GET /xingrg/all/function/internal_message.html?_=1703814137815&CODE_STATE=getMsg HTTP/1.1" 200 27
222.69.132.22 - - [29/Dec/2023:09:42:19 +0800] "GET /xingrg/all/function/internal_message.html?_=1703814139674&CODE_STATE=getMsg HTTP/1.1" 200 27
180.164.1.25 - - [29/Dec/2023:09:42:21 +0800] "GET /xingrg/kc/buy/cgsh_order_operate.html?command=get_materiel&rest_code=00108&code=00101009137&supplier_code=00100007&order_time=2023-12-29 HTTP/1.1" 200 410
116.230.112.47 - - [29/Dec/2023:09:42:23 +0800] "GET /xingrg/kc/buy/cgsh_order_operate.html?command=get_materiel&rest_code=00146&code=00101020138&supplier_code=00100005&order_time=2023-12-29 HTTP/1.1" 200 426
116.232.193.168 - - [29/Dec/2023:09:42:24 +0800] "GET /xingrg/kc/buy/cgsh_order_operate.html?command=get_materiel&rest_code=00155&code=00101011004&supplier_code=00100012&order_time=2023-12-29 HTTP/1.1" 200 412
222.67.232.215 - - [29/Dec/2023:09:42:25 +0800] "GET /xingrg/kc/buy/cgsh_order_operate.html?command=get_materiel&rest_code=00141&code=00101006193&supplier_code=00100012&order_time=2023-12-29 HTTP/1.1" 200 409
180.164.1.25 - - [29/Dec/2023:09:42:25 +0800] "GET /xingrg/all/function/internal_message.html?_=1703814143963&CODE_STATE=getMsg HTTP/1.1" 200 27
218.79.29.24 - - [29/Dec/2023:09:42:31 +0800] "GET /xingrg/check_reg.html?_=1703814152416 HTTP/1.1" 200 22
180.164.1.25 - - [29/Dec/2023:09:42:32 +0800] "GET /xingrg/kc/buy/cgsh_order_operate.html?command=get_materiel&rest_code=00108&code=00101009016&supplier_code=00100007&order_time=2023-12-29 HTTP/1.1" 200 420
222.67.232.215 - - [29/Dec/2023:09:42:35 +0800] "GET /xingrg/kc/buy/cgsh_order_operate.html?command=get_materiel&rest_code=00141&code=00101006065&supplier_code=00100012&order_time=2023-12-29 HTTP/1.1" 200 409
180.164.1.25 - - [29/Dec/2023:09:42:41 +0800] "GET /xingrg/kc/buy/cgsh_order_operate.html?command=get_materiel&rest_code=00108&code=00101009062&supplier_code=00100007&order_time=2023-12-29 HTTP/1.1" 200 412
221.239.172.206 - - [29/Dec/2023:09:42:45 +0800] "GET /xingrg/all/function/internal_message.html?_=1703814164488&CODE_STATE=getMsg HTTP/1.1" 200 27
101.80.231.29 - - [29/Dec/2023:09:42:46 +0800] "GET /xingrg/all/function/internal_message.html?_=1703814188041&CODE_STATE=getMsg HTTP/1.1" 200 27
114.95.241.104 - - [29/Dec/2023:09:42:48 +0800] "POST /xingrg/kc/buy/cgsh_order_operate.html HTTP/1.1" 200 37
222.67.232.215 - - [29/Dec/2023:09:42:48 +0800] "GET /xingrg/kc/buy/cgsh_order_operate.html?command=get_materiel&rest_code=00141&code=00101006055&supplier_code=00100012&order_time=2023-12-29 HTTP/1.1" 200 409
101.83.145.37 - - [29/Dec/2023:09:42:49 +0800] "GET /xingrg/all/function/internal_message.html?_=1703814170326&CODE_STATE=getMsg HTTP/1.1" 200 27
116.232.193.168 - - [29/Dec/2023:09:42:49 +0800] "GET /xingrg/kc/buy/cgsh_order_operate.html?command=get_materiel&rest_code=00155&code=00101011013&supplier_code=00100012&order_time=2023-12-29 HTTP/1.1" 200 413
124.78.154.219 - - [29/Dec/2023:09:42:50 +0800] "POST /xingrg/kc/buy/cgsh_order_operate.html HTTP/1.1" 200 28053
180.164.1.25 - - [29/Dec/2023:09:42:52 +0800] "GET /xingrg/kc/buy/cgsh_order_operate.html?command=get_materiel&rest_code=00108&code=00101008350&supplier_code=00100007&order_time=2023-12-29 HTTP/1.1" 200 408
116.224.121.124 - - [29/Dec/2023:09:42:53 +0800] "GET /xingrg/all/function/internal_message.html?_=1703814175261&CODE_STATE=getMsg HTTP/1.1" 200 27
116.224.121.124 - - [29/Dec/2023:09:42:53 +0800] "GET /xingrg/check_reg.html?_=1703814175264 HTTP/1.1" 200 22
114.95.241.104 - - [29/Dec/2023:09:42:54 +0800] "POST /xingrg/kc/buy/cgsh_order_operate.html HTTP/1.1" 200 12
222.67.232.215 - - [29/Dec/2023:09:42:55 +0800] "GET /xingrg/kc/buy/cgsh_order_operate.html?command=get_materiel&rest_code=00141&code=00101006109&supplier_code=00100012&order_time=2023-12-29 HTTP/1.1" 200 409
116.230.112.47 - - [29/Dec/2023:09:42:56 +0800] "GET /xingrg/all/function/internal_message.html?_=1703814194363&CODE_STATE=getMsg HTTP/1.1" 200 27
114.95.241.104 - - [29/Dec/2023:09:42:56 +0800] "GET /xingrg/kc/buy/cgsh_order_info.html?code=212023122910808 HTTP/1.1" 200 67774
114.95.241.104 - - [29/Dec/2023:09:42:57 +0800] "GET /xingrg/javascript/easyui/themes/default/validatebox.css HTTP/1.1" 404 1104
114.95.241.104 - - [29/Dec/2023:09:42:58 +0800] "POST /xingrg/kc/buy/cgsh_order_operate.html HTTP/1.1" 200 609
114.95.241.104 - - [29/Dec/2023:09:42:59 +0800] "GET /xingrg/kc/print/load_data.html?order_code=212023122910808&kc_code=cgsh&condition= HTTP/1.1" 200 683
124.78.154.219 - - [29/Dec/2023:09:43:00 +0800] "GET /xingrg/check_reg.html?_=1703814180884 HTTP/1.1" 200 22
58.40.7.146 - - [29/Dec/2023:09:43:01 +0800] "GET /xingrg/check_reg.html?_=1703814181255 HTTP/1.1" 200 22
180.164.1.25 - - [29/Dec/2023:09:43:02 +0800] "GET /xingrg/kc/buy/cgsh_order_operate.html?command=get_materiel&rest_code=00108&code=00101008368&supplier_code=00100007&order_time=2023-12-29 HTTP/1.1" 200 408
124.78.154.219 - - [29/Dec/2023:09:43:04 +0800] "GET /xingrg/kc/buy/cgsh_order_operate.html?command=get_materiel&rest_code=00106&code=00101008261&supplier_code=00100007&order_time=2023-12-29 HTTP/1.1" 200 429
222.67.232.215 - - [29/Dec/2023:09:43:04 +0800] "GET /xingrg/kc/buy/cgsh_order_operate.html?command=get_materiel&rest_code=00141&code=00101006057&supplier_code=00100012&order_time=2023-12-29 HTTP/1.1" 200 413
116.232.193.168 - - [29/Dec/2023:09:43:06 +0800] "GET /xingrg/all/function/internal_message.html?_=1703814153814&CODE_STATE=getMsg HTTP/1.1" 200 27
218.79.29.24 - - [29/Dec/2023:09:43:08 +0800] "GET /xingrg/all/function/internal_message.html?_=1703814190402&CODE_STATE=getMsg HTTP/1.1" 200 27
222.70.180.200 - - [29/Dec/2023:09:43:11 +0800] "GET /xingrg/all/function/internal_message.html?_=1703814190735&CODE_STATE=getMsg HTTP/1.1" 200 27
114.83.219.137 - - [29/Dec/2023:09:43:13 +0800] "GET /xingrg/all/function/internal_message.html?_=1703814191990&CODE_STATE=getMsg HTTP/1.1" 200 27
180.164.1.25 - - [29/Dec/2023:09:43:13 +0800] "POST /xingrg/kc/buy/cgsh_order_operate.html HTTP/1.1" 200 37
124.78.154.219 - - [29/Dec/2023:09:43:14 +0800] "GET /xingrg/all/function/internal_message.html?_=1703814194663&CODE_STATE=getMsg HTTP/1.1" 200 27
180.164.1.25 - - [29/Dec/2023:09:43:16 +0800] "POST /xingrg/kc/buy/cgsh_order_operate.html HTTP/1.1" 200 26902
114.95.241.104 - - [29/Dec/2023:09:43:17 +0800] "GET /xingrg/all/function/internal_message.html?_=1703814197810&CODE_STATE=getMsg HTTP/1.1" 200 27
222.69.132.22 - - [29/Dec/2023:09:43:19 +0800] "GET /xingrg/check_reg.html?_=1703814199685 HTTP/1.1" 200 22
222.69.132.22 - - [29/Dec/2023:09:43:19 +0800] "GET /xingrg/all/function/internal_message.html?_=1703814199688&CODE_STATE=getMsg HTTP/1.1" 200 27
222.67.232.215 - - [29/Dec/2023:09:43:20 +0800] "GET /xingrg/kc/buy/cgsh_order_operate.html?command=get_materiel&rest_code=00141&code=00101006111&supplier_code=00100012&order_time=2023-12-29 HTTP/1.1" 200 411
180.164.1.25 - - [29/Dec/2023:09:43:25 +0800] "GET /xingrg/all/function/internal_message.html?_=1703814203946&CODE_STATE=getMsg HTTP/1.1" 200 27
222.67.232.215 - - [29/Dec/2023:09:43:28 +0800] "GET /xingrg/check_reg.html?_=1703814208683 HTTP/1.1" 200 22
180.164.1.25 - - [29/Dec/2023:09:43:34 +0800] "GET /xingrg/kc/print/load_config.html?kc_code=cgsh HTTP/1.1" 200 1927
124.78.154.219 - - [29/Dec/2023:09:43:35 +0800] "GET /xingrg/kc/buy/cgsh_order_operate.html?command=get_materiel&rest_code=00106&code=00101008024&supplier_code=00100007&order_time=2023-12-29 HTTP/1.1" 200 408
180.164.1.25 - - [29/Dec/2023:09:43:35 +0800] "GET /xingrg/kc/print/load_data.html?order_code=212023122910800&kc_code=cgsh&condition= HTTP/1.1" 200 9904
120.253.135.82 - - [29/Dec/2023:09:43:38 +0800] "GET /xingrg/kc/pszx/mdps_order_list.html?orderType=0 HTTP/1.1" 200 21036
124.78.154.219 - - [29/Dec/2023:09:43:38 +0800] "POST /xingrg/kc/buy/cgsh_order_operate.html HTTP/1.1" 200 2065
120.253.135.82 - - [29/Dec/2023:09:43:38 +0800] "POST /xingrg/kc/pszx/mdps_list_operate.html HTTP/1.1" 200 5287
180.164.1.25 - - [29/Dec/2023:09:43:44 +0800] "GET /xingrg/kc/report/report_main.html HTTP/1.1" 200 7340
180.164.1.25 - - [29/Dec/2023:09:43:44 +0800] "GET /xingrg/css/blue.css HTTP/1.1" 304 -
180.164.1.25 - - [29/Dec/2023:09:43:44 +0800] "GET /xingrg/javascript/jquery_ui/themes/humanity/humanity.css HTTP/1.1" 304 -
180.164.1.25 - - [29/Dec/2023:09:43:44 +0800] "GET /xingrg/javascript/myfunction.js HTTP/1.1" 304 -
180.164.1.25 - - [29/Dec/2023:09:43:44 +0800] "GET /xingrg/javascript/jquery_easy_ui/themes/icons/back_new.png HTTP/1.1" 304 -
221.239.172.206 - - [29/Dec/2023:09:43:45 +0800] "GET /xingrg/all/function/internal_message.html?_=1703814224506&CODE_STATE=getMsg HTTP/1.1" 200 27
221.239.172.206 - - [29/Dec/2023:09:43:45 +0800] "GET /xingrg/check_reg.html?_=1703814224510 HTTP/1.1" 200 22
120.253.135.82 - - [29/Dec/2023:09:43:45 +0800] "POST /xingrg/kc/pszx/mdps_list_operate.html HTTP/1.1" 200 2081
180.164.1.25 - - [29/Dec/2023:09:43:45 +0800] "GET /xingrg/all/report/report_query.html?fileName=kc/buy/wlcg_price_compare.xml HTTP/1.1" 200 52419
180.164.1.25 - - [29/Dec/2023:09:43:46 +0800] "GET /xingrg/javascript/multi_select/jqueryMultiSelect.css HTTP/1.1" 304 -
180.164.1.25 - - [29/Dec/2023:09:43:46 +0800] "GET /xingrg/javascript/calendar/timePicker.css HTTP/1.1" 304 -
180.164.1.25 - - [29/Dec/2023:09:43:46 +0800] "GET /xingrg/javascript/bigrid/fix.css HTTP/1.1" 304 -
180.164.1.25 - - [29/Dec/2023:09:43:46 +0800] "GET /xingrg/dwr/interface/AjaxReportQueryService.js HTTP/1.1" 200 13203
180.164.1.25 - - [29/Dec/2023:09:43:46 +0800] "GET /xingrg/dwr/engine.js HTTP/1.1" 200 43631
180.164.1.25 - - [29/Dec/2023:09:43:46 +0800] "GET /xingrg/dwr/util.js HTTP/1.1" 200 35990
180.164.1.25 - - [29/Dec/2023:09:43:46 +0800] "GET /xingrg/javascript/jqueryMultiSelect.js HTTP/1.1" 304 -
180.164.1.25 - - [29/Dec/2023:09:43:46 +0800] "GET /xingrg/javascript/Calendar.js HTTP/1.1" 304 -
180.164.1.25 - - [29/Dec/2023:09:43:46 +0800] "GET /xingrg/javascript/calendar/jquery.timePicker.min.js HTTP/1.1" 304 -
180.164.1.25 - - [29/Dec/2023:09:43:46 +0800] "GET /xingrg/javascript/bigrid/fix.js HTTP/1.1" 304 -
180.164.1.25 - - [29/Dec/2023:09:43:46 +0800] "GET /xingrg/images/control/loading.gif HTTP/1.1" 304 -
180.164.1.25 - - [29/Dec/2023:09:43:46 +0800] "GET /xingrg/images/blue/button/advanceover.gif HTTP/1.1" 304 -
180.164.1.25 - - [29/Dec/2023:09:43:46 +0800] "GET /xingrg/images/blue/button/backover.gif HTTP/1.1" 304 -
180.164.1.25 - - [29/Dec/2023:09:43:46 +0800] "GET /xingrg/images/blue/button/advance2over.gif HTTP/1.1" 304 -
180.164.1.25 - - [29/Dec/2023:09:43:46 +0800] "GET /xingrg/images/blue/button/back2over.gif HTTP/1.1" 304 -
180.164.1.25 - - [29/Dec/2023:09:43:46 +0800] "GET /xingrg/javascript/jquery_easy_ui/themes/icons/help.png HTTP/1.1" 304 -
180.164.1.25 - - [29/Dec/2023:09:43:46 +0800] "GET /xingrg/javascript/jquery_easy_ui/themes/default/images/menu_rightarrow.png HTTP/1.1" 304 -
180.164.1.25 - - [29/Dec/2023:09:43:46 +0800] "GET /xingrg/javascript/jquery_easy_ui/themes/icons/print.png HTTP/1.1" 304 -
180.164.1.25 - - [29/Dec/2023:09:43:46 +0800] "GET /xingrg/javascript/jquery_easy_ui/themes/default/images/menu.gif HTTP/1.1" 304 -
180.164.1.25 - - [29/Dec/2023:09:43:46 +0800] "GET /xingrg/javascript/jquery_easy_ui/themes/icons/pencil.png HTTP/1.1" 304 -
180.164.1.25 - - [29/Dec/2023:09:43:46 +0800] "GET /xingrg/javascript/jquery_easy_ui/themes/default/images/button_a_bg.gif HTTP/1.1" 304 -
180.164.1.25 - - [29/Dec/2023:09:43:46 +0800] "POST /xingrg/dwr/call/plaincall/AjaxReportQueryService.getFixDate.dwr HTTP/1.1" 200 111
180.164.1.25 - - [29/Dec/2023:09:43:46 +0800] "GET /xingrg/javascript/jquery_easy_ui/themes/default/images/menu_downarrow.png HTTP/1.1" 304 -
180.164.1.25 - - [29/Dec/2023:09:43:46 +0800] "POST /xingrg/dwr/call/plaincall/AjaxReportQueryService.getFixDate.dwr HTTP/1.1" 200 111
180.164.1.25 - - [29/Dec/2023:09:43:46 +0800] "GET /xingrg/javascript/jquery_easy_ui/themes/default/images/combo_arrow_dot.gif HTTP/1.1" 304 -
180.164.1.25 - - [29/Dec/2023:09:43:46 +0800] "POST /xingrg/all/common/load_tree.html?tree=materiel_sort_tree_json HTTP/1.1" 200 9617
101.80.231.29 - - [29/Dec/2023:09:43:46 +0800] "GET /xingrg/all/function/internal_message.html?_=1703814248031&CODE_STATE=getMsg HTTP/1.1" 200 27
101.80.231.29 - - [29/Dec/2023:09:43:46 +0800] "GET /xingrg/check_reg.html?_=1703814248040 HTTP/1.1" 200 22
180.164.1.25 - - [29/Dec/2023:09:43:46 +0800] "GET /xingrg/javascript/jquery_easy_ui/themes/default/images/tree_checkbox_0.gif HTTP/1.1" 304 -
120.253.135.82 - - [29/Dec/2023:09:43:47 +0800] "POST /xingrg/kc/pszx/mdps_list_operate.html HTTP/1.1" 200 477
180.164.1.25 - - [29/Dec/2023:09:43:47 +0800] "POST /xingrg/all/common/load_tree.html?tree=supplier_tree_json&manage=1 HTTP/1.1" 200 79450
120.253.135.82 - - [29/Dec/2023:09:43:48 +0800] "GET /xingrg/kc/pszx/mdps_order_info.html?code=312023122800645 HTTP/1.1" 200 23994
120.253.135.82 - - [29/Dec/2023:09:43:48 +0800] "GET /xingrg/javascript/easyui/themes/default/validatebox.css HTTP/1.1" 404 1104
120.253.135.82 - - [29/Dec/2023:09:43:48 +0800] "POST /xingrg/kc/pszx/mdps_order_operate.html HTTP/1.1" 200 3864
222.67.232.215 - - [29/Dec/2023:09:43:49 +0800] "POST /xingrg/kc/buy/cgsh_order_operate.html HTTP/1.1" 200 37
101.83.145.37 - - [29/Dec/2023:09:43:49 +0800] "GET /xingrg/all/function/internal_message.html?_=1703814230296&CODE_STATE=getMsg HTTP/1.1" 200 27
124.78.154.219 - - [29/Dec/2023:09:43:51 +0800] "GET /xingrg/kc/buy/cgsh_order_operate.html?command=get_materiel&rest_code=00106&code=00101008118&supplier_code=00100007&order_time=2023-12-29 HTTP/1.1" 200 418
120.253.135.82 - - [29/Dec/2023:09:43:51 +0800] "GET /xingrg/kc/print/load_data.html?order_code=312023122800645&kc_code=mdps&condition= HTTP/1.1" 200 1502
116.224.121.124 - - [29/Dec/2023:09:43:53 +0800] "GET /xingrg/all/function/internal_message.html?_=1703814235266&CODE_STATE=getMsg HTTP/1.1" 200 27
116.230.112.47 - - [29/Dec/2023:09:43:56 +0800] "GET /xingrg/all/function/internal_message.html?_=1703814254374&CODE_STATE=getMsg HTTP/1.1" 200 27
180.163.29.206 - - [29/Dec/2023:09:44:00 +0800] "GET /xingrg/check_reg.html?_=1703814180884 HTTP/1.1" 302 -
180.163.29.206 - - [29/Dec/2023:09:44:00 +0800] "GET /xingrg/login.html HTTP/1.1" 200 7641
120.253.135.82 - - [29/Dec/2023:09:44:00 +0800] "POST /xingrg/kc/pszx/mdps_list_operate.html HTTP/1.1" 200 218
180.169.147.146 - - [29/Dec/2023:09:44:01 +0800] "GET /xingrg/check_reg.html?_=1703814241028 HTTP/1.1" 302 -
120.253.135.82 - - [29/Dec/2023:09:44:01 +0800] "GET /xingrg/kc/pszx/mdps_order_info.html?code=312023122800646 HTTP/1.1" 200 23974
120.253.135.82 - - [29/Dec/2023:09:44:02 +0800] "GET /xingrg/javascript/easyui/themes/default/validatebox.css HTTP/1.1" 404 1104
222.67.232.215 - - [29/Dec/2023:09:44:03 +0800] "POST /xingrg/kc/buy/cgsh_order_operate.html HTTP/1.1" 200 12
120.253.135.82 - - [29/Dec/2023:09:44:03 +0800] "POST /xingrg/kc/pszx/mdps_order_operate.html HTTP/1.1" 200 2303
180.164.1.25 - - [29/Dec/2023:09:44:03 +0800] "GET /xingrg/javascript/jquery_easy_ui/themes/default/images/tree_checkbox_2.gif HTTP/1.1" 304 -
180.164.1.25 - - [29/Dec/2023:09:44:03 +0800] "GET /xingrg/javascript/jquery_easy_ui/themes/default/images/tree_checkbox_1.gif HTTP/1.1" 304 -
180.164.1.25 - - [29/Dec/2023:09:44:05 +0800] "POST /xingrg/dwr/call/plaincall/AjaxReportQueryService.refreshCache.dwr HTTP/1.1" 200 78
116.232.193.168 - - [29/Dec/2023:09:44:06 +0800] "GET /xingrg/all/function/internal_message.html?_=1703814213814&CODE_STATE=getMsg HTTP/1.1" 200 27
222.67.232.215 - - [29/Dec/2023:09:44:07 +0800] "GET /xingrg/kc/buy/cgsh_order_info.html?code=212023122910809 HTTP/1.1" 200 67740
222.67.232.215 - - [29/Dec/2023:09:44:07 +0800] "GET /xingrg/javascript/easyui/themes/default/validatebox.css HTTP/1.1" 404 1104
180.164.1.25 - - [29/Dec/2023:09:44:08 +0800] "POST /xingrg/all/report/load_report_page.html HTTP/1.1" 200 126203
222.67.232.215 - - [29/Dec/2023:09:44:08 +0800] "POST /xingrg/kc/buy/cgsh_order_operate.html HTTP/1.1" 200 5941
180.164.1.25 - - [29/Dec/2023:09:44:08 +0800] "GET /xingrg/images/blue/button/back2.gif HTTP/1.1" 200 1339
180.164.1.25 - - [29/Dec/2023:09:44:08 +0800] "GET /xingrg/images/blue/button/back.gif HTTP/1.1" 200 1352
180.164.1.25 - - [29/Dec/2023:09:44:08 +0800] "GET /xingrg/servlets/image?cache=0.3571101996844932&image=px HTTP/1.1" 200 807
218.79.29.24 - - [29/Dec/2023:09:44:08 +0800] "GET /xingrg/all/function/internal_message.html?_=1703814250374&CODE_STATE=getMsg HTTP/1.1" 200 27
120.253.135.82 - - [29/Dec/2023:09:44:09 +0800] "GET /xingrg/kc/print/load_data.html?order_code=312023122800646&kc_code=mdps&condition= HTTP/1.1" 200 710
222.67.232.215 - - [29/Dec/2023:09:44:10 +0800] "GET /xingrg/kc/print/load_data.html?order_code=212023122910809&kc_code=cgsh&condition= HTTP/1.1" 200 2840
222.70.180.200 - - [29/Dec/2023:09:44:11 +0800] "GET /xingrg/all/function/internal_message.html?_=1703814250716&CODE_STATE=getMsg HTTP/1.1" 200 27
114.83.219.137 - - [29/Dec/2023:09:44:11 +0800] "GET /xingrg/check_reg.html?_=1703814250444 HTTP/1.1" 200 22
114.83.219.137 - - [29/Dec/2023:09:44:13 +0800] "GET /xingrg/all/function/internal_message.html?_=1703814251972&CODE_STATE=getMsg HTTP/1.1" 200 27
124.78.154.219 - - [29/Dec/2023:09:44:14 +0800] "GET /xingrg/all/function/internal_message.html?_=1703814254644&CODE_STATE=getMsg HTTP/1.1" 200 27
222.67.232.215 - - [29/Dec/2023:09:44:16 +0800] "POST /xingrg/kc/buy/cgsh_order_operate.html HTTP/1.1" 200 8245
222.67.232.215 - - [29/Dec/2023:09:44:16 +0800] "GET /xingrg/javascript/easyui/themes/default/validatebox.css HTTP/1.1" 404 1104
114.95.241.104 - - [29/Dec/2023:09:44:17 +0800] "GET /xingrg/all/function/internal_message.html?_=1703814257826&CODE_STATE=getMsg HTTP/1.1" 200 27
180.164.1.25 - - [29/Dec/2023:09:44:17 +0800] "GET /xingrg/javascript/jquery_easy_ui/themes/default/images/tabs_active.png HTTP/1.1" 304 -
222.69.132.22 - - [29/Dec/2023:09:44:19 +0800] "GET /xingrg/all/function/internal_message.html?_=1703814259680&CODE_STATE=getMsg HTTP/1.1" 200 27
180.164.1.25 - - [29/Dec/2023:09:44:19 +0800] "GET /xingrg/all/report/report_query.html?fileName=kc/buy/wlcg_price_by_month.xml HTTP/1.1" 200 52239
180.164.1.25 - - [29/Dec/2023:09:44:19 +0800] "GET /xingrg/dwr/interface/AjaxReportQueryService.js HTTP/1.1" 200 13203
180.164.1.25 - - [29/Dec/2023:09:44:19 +0800] "GET /xingrg/dwr/engine.js HTTP/1.1" 200 43631
180.164.1.25 - - [29/Dec/2023:09:44:20 +0800] "POST /xingrg/dwr/call/plaincall/AjaxReportQueryService.getFixDate.dwr HTTP/1.1" 200 111
180.164.1.25 - - [29/Dec/2023:09:44:20 +0800] "POST /xingrg/all/common/load_tree.html?tree=materiel_sort_tree_json HTTP/1.1" 200 9617
180.164.1.25 - - [29/Dec/2023:09:44:20 +0800] "POST /xingrg/all/common/load_tree.html?tree=supplier_tree_json&manage=1 HTTP/1.1" 200 79450
124.78.154.219 - - [29/Dec/2023:09:44:24 +0800] "POST /xingrg/kc/buy/cgsh_order_operate.html HTTP/1.1" 200 37
180.164.1.25 - - [29/Dec/2023:09:44:25 +0800] "GET /xingrg/all/function/internal_message.html?_=1703814264027&CODE_STATE=getMsg HTTP/1.1" 200 27
222.67.232.215 - - [29/Dec/2023:09:44:26 +0800] "GET /xingrg/kc/buy/cgsh_order_operate.html?command=get_materiel&rest_code=00141&code=00101001069&supplier_code=00100040&order_time=2023-12-29 HTTP/1.1" 200 409
180.164.1.25 - - [29/Dec/2023:09:44:29 +0800] "POST /xingrg/dwr/call/plaincall/AjaxReportQueryService.refreshCache.dwr HTTP/1.1" 200 78
124.78.154.219 - - [29/Dec/2023:09:44:30 +0800] "POST /xingrg/kc/buy/cgsh_order_operate.html HTTP/1.1" 200 31019
180.164.1.25 - - [29/Dec/2023:09:44:31 +0800] "POST /xingrg/all/report/load_report_page.html HTTP/1.1" 200 105443
180.164.1.25 - - [29/Dec/2023:09:44:31 +0800] "GET /xingrg/servlets/image?cache=0.3241587914848161&image=px HTTP/1.1" 200 807
180.163.30.27 - - [29/Dec/2023:09:44:32 +0800] "GET /xingrg/kc/buy/cgsh_order_operate.html?command=get_materiel&rest_code=00106&code=00101008024&supplier_code=00100007&order_time=2023-12-29 HTTP/1.1" 302 -
180.163.30.27 - - [29/Dec/2023:09:44:32 +0800] "GET /xingrg/login.html HTTP/1.1" 200 7641
222.67.232.215 - - [29/Dec/2023:09:44:38 +0800] "GET /xingrg/kc/buy/cgsh_order_operate.html?command=get_materiel&rest_code=00141&code=00101005037&supplier_code=00100040&order_time=2023-12-29 HTTP/1.1" 200 409
221.239.172.206 - - [29/Dec/2023:09:44:45 +0800] "GET /xingrg/all/function/internal_message.html?_=1703814284495&CODE_STATE=getMsg HTTP/1.1" 200 27
180.163.29.212 - - [29/Dec/2023:09:44:45 +0800] "GET /xingrg/kc/buy/cgsh_order_operate.html?command=get_materiel&rest_code=00106&code=00101008118&supplier_code=00100007&order_time=2023-12-29 HTTP/1.1" 302 -
180.163.29.212 - - [29/Dec/2023:09:44:45 +0800] "GET /xingrg/login.html HTTP/1.1" 200 7641
101.80.231.29 - - [29/Dec/2023:09:44:46 +0800] "GET /xingrg/all/function/internal_message.html?_=1703814308039&CODE_STATE=getMsg HTTP/1.1" 200 27
180.164.1.25 - - [29/Dec/2023:09:44:47 +0800] "GET /xingrg/kc/buy/cgsh_order_list.html HTTP/1.1" 200 57059
116.232.193.168 - - [29/Dec/2023:09:44:48 +0800] "GET /xingrg/check_reg.html?_=1703814255992 HTTP/1.1" 200 22
101.83.145.37 - - [29/Dec/2023:09:44:49 +0800] "GET /xingrg/all/function/internal_message.html?_=1703814290267&CODE_STATE=getMsg HTTP/1.1" 200 27
222.67.232.215 - - [29/Dec/2023:09:44:49 +0800] "GET /xingrg/kc/buy/cgsh_order_operate.html?command=get_materiel&rest_code=00141&code=00101001299&supplier_code=00100040&order_time=2023-12-29 HTTP/1.1" 200 413
101.83.145.37 - - [29/Dec/2023:09:44:50 +0800] "GET /xingrg/check_reg.html?_=1703814291037 HTTP/1.1" 200 22
180.164.1.25 - - [29/Dec/2023:09:44:51 +0800] "POST /xingrg/kc/buy/cgsh_list_operate.html HTTP/1.1" 200 1875
116.224.121.124 - - [29/Dec/2023:09:44:53 +0800] "GET /xingrg/all/function/internal_message.html?_=1703814295271&CODE_STATE=getMsg HTTP/1.1" 200 27
180.164.1.25 - - [29/Dec/2023:09:44:54 +0800] "GET /xingrg/kc/buy/cgsh_order_add.html HTTP/1.1" 200 72923
180.164.1.25 - - [29/Dec/2023:09:44:55 +0800] "POST /xingrg/kc/buy/cgsh_order_operate.html HTTP/1.1" 200 8245
180.164.1.25 - - [29/Dec/2023:09:44:55 +0800] "GET /xingrg/javascript/easyui/themes/default/validatebox.css HTTP/1.1" 404 1104
116.230.112.47 - - [29/Dec/2023:09:44:56 +0800] "GET /xingrg/all/function/internal_message.html?_=1703814314403&CODE_STATE=getMsg HTTP/1.1" 200 27
180.164.1.25 - - [29/Dec/2023:09:44:59 +0800] "GET /xingrg/javascript/auto/indicator.gif HTTP/1.1" 404 1066
116.232.193.168 - - [29/Dec/2023:09:45:06 +0800] "GET /xingrg/all/function/internal_message.html?_=1703814273799&CODE_STATE=getMsg HTTP/1.1" 200 27
180.164.1.25 - - [29/Dec/2023:09:45:07 +0800] "GET /xingrg/kc/buy/cgsh_order_operate.html?command=get_materiel&rest_code=00108&code=00101023022&supplier_code=00100036&order_time=2023-12-29 HTTP/1.1" 200 406
218.79.29.24 - - [29/Dec/2023:09:45:08 +0800] "GET /xingrg/all/function/internal_message.html?_=1703814310344&CODE_STATE=getMsg HTTP/1.1" 200 27
116.232.193.168 - - [29/Dec/2023:09:45:11 +0800] "GET /xingrg/kc/buy/cgsh_order_operate.html?command=get_materiel&rest_code=00155&code=00101011010&supplier_code=00100012&order_time=2023-12-29 HTTP/1.1" 200 418
222.70.180.200 - - [29/Dec/2023:09:45:11 +0800] "GET /xingrg/all/function/internal_message.html?_=1703814310697&CODE_STATE=getMsg HTTP/1.1" 200 27
114.83.219.137 - - [29/Dec/2023:09:45:13 +0800] "GET /xingrg/all/function/internal_message.html?_=1703814311956&CODE_STATE=getMsg HTTP/1.1" 200 27
124.78.154.219 - - [29/Dec/2023:09:45:14 +0800] "GET /xingrg/all/function/internal_message.html?_=1703814314622&CODE_STATE=getMsg HTTP/1.1" 200 27
222.67.232.215 - - [29/Dec/2023:09:45:17 +0800] "POST /xingrg/kc/buy/cgsh_order_operate.html HTTP/1.1" 200 37
114.95.241.104 - - [29/Dec/2023:09:45:17 +0800] "GET /xingrg/check_reg.html?_=1703814317819 HTTP/1.1" 200 22
114.95.241.104 - - [29/Dec/2023:09:45:17 +0800] "GET /xingrg/all/function/internal_message.html?_=1703814317822&CODE_STATE=getMsg HTTP/1.1" 200 27
180.164.1.25 - - [29/Dec/2023:09:45:19 +0800] "GET /xingrg/kc/buy/cgsh_order_operate.html?command=get_materiel&rest_code=00108&code=00101011005&supplier_code=00100036&order_time=2023-12-29 HTTP/1.1" 200 428
222.69.132.22 - - [29/Dec/2023:09:45:19 +0800] "GET /xingrg/all/function/internal_message.html?_=1703814319671&CODE_STATE=getMsg HTTP/1.1" 200 27
222.67.232.215 - - [29/Dec/2023:09:45:24 +0800] "POST /xingrg/kc/buy/cgsh_order_operate.html HTTP/1.1" 200 12
180.164.1.25 - - [29/Dec/2023:09:45:25 +0800] "GET /xingrg/check_reg.html?_=1703814323918 HTTP/1.1" 200 22
180.164.1.25 - - [29/Dec/2023:09:45:25 +0800] "GET /xingrg/all/function/internal_message.html?_=1703814324006&CODE_STATE=getMsg HTTP/1.1" 200 27
222.67.232.215 - - [29/Dec/2023:09:45:26 +0800] "GET /xingrg/kc/buy/cgsh_order_info.html?code=212023122910810 HTTP/1.1" 200 67740
222.67.232.215 - - [29/Dec/2023:09:45:27 +0800] "GET /xingrg/javascript/easyui/themes/default/validatebox.css HTTP/1.1" 404 1104
222.67.232.215 - - [29/Dec/2023:09:45:28 +0800] "POST /xingrg/kc/buy/cgsh_order_operate.html HTTP/1.1" 200 2376
222.67.232.215 - - [29/Dec/2023:09:45:30 +0800] "GET /xingrg/kc/print/load_data.html?order_code=212023122910810&kc_code=cgsh&condition= HTTP/1.1" 200 1456
180.164.1.25 - - [29/Dec/2023:09:45:32 +0800] "GET /xingrg/kc/buy/cgsh_order_operate.html?command=get_materiel&rest_code=00108&code=00101012003&supplier_code=00100036&order_time=2023-12-29 HTTP/1.1" 200 413
222.67.232.215 - - [29/Dec/2023:09:45:35 +0800] "POST /xingrg/kc/buy/cgsh_order_operate.html HTTP/1.1" 200 8245
222.67.232.215 - - [29/Dec/2023:09:45:35 +0800] "GET /xingrg/javascript/easyui/themes/default/validatebox.css HTTP/1.1" 404 1104
116.232.193.168 - - [29/Dec/2023:09:45:36 +0800] "GET /xingrg/kc/buy/cgsh_order_operate.html?command=get_materiel&rest_code=00155&code=00101011007&supplier_code=00100012&order_time=2023-12-29 HTTP/1.1" 200 414
221.239.172.206 - - [29/Dec/2023:09:45:45 +0800] "GET /xingrg/all/function/internal_message.html?_=1703814344488&CODE_STATE=getMsg HTTP/1.1" 200 27
101.80.231.29 - - [29/Dec/2023:09:45:46 +0800] "GET /xingrg/all/function/internal_message.html?_=1703814368030&CODE_STATE=getMsg HTTP/1.1" 200 27
222.67.232.215 - - [29/Dec/2023:09:45:47 +0800] "GET /xingrg/kc/buy/cgsh_order_operate.html?command=get_materiel&rest_code=00141&code=00101012002&supplier_code=00100036&order_time=2023-12-29 HTTP/1.1" 200 419
101.83.145.37 - - [29/Dec/2023:09:45:49 +0800] "GET /xingrg/all/function/internal_message.html?_=1703814350241&CODE_STATE=getMsg HTTP/1.1" 200 27
116.232.193.168 - - [29/Dec/2023:09:45:50 +0800] "GET /xingrg/kc/buy/cgsh_order_operate.html?command=get_materiel&rest_code=00155&code=00101010248&supplier_code=00100012&order_time=2023-12-29 HTTP/1.1" 200 430
180.164.1.25 - - [29/Dec/2023:09:45:51 +0800] "GET /xingrg/kc/buy/cgsh_order_operate.html?command=get_materiel&rest_code=00108&code=00101016030&supplier_code=00100036&order_time=2023-12-29 HTTP/1.1" 200 412
116.224.121.124 - - [29/Dec/2023:09:45:53 +0800] "GET /xingrg/all/function/internal_message.html?_=1703814355274&CODE_STATE=getMsg HTTP/1.1" 200 27
116.230.112.47 - - [29/Dec/2023:09:45:56 +0800] "GET /xingrg/check_reg.html?_=1703814374290 HTTP/1.1" 200 22
116.230.112.47 - - [29/Dec/2023:09:45:56 +0800] "GET /xingrg/all/function/internal_message.html?_=1703814374417&CODE_STATE=getMsg HTTP/1.1" 200 27
222.67.232.215 - - [29/Dec/2023:09:45:57 +0800] "GET /xingrg/kc/buy/cgsh_order_operate.html?command=get_materiel&rest_code=00141&code=00101016030&supplier_code=00100036&order_time=2023-12-29 HTTP/1.1" 200 412
180.164.1.25 - - [29/Dec/2023:09:46:01 +0800] "GET /xingrg/kc/buy/cgsh_order_operate.html?command=get_materiel&rest_code=00108&code=00101012032&supplier_code=00100036&order_time=2023-12-29 HTTP/1.1" 200 416
116.232.193.168 - - [29/Dec/2023:09:46:04 +0800] "GET /xingrg/kc/buy/cgsh_order_operate.html?command=get_materiel&rest_code=00155&code=00101011005&supplier_code=00100012&order_time=2023-12-29 HTTP/1.1" 200 428
222.67.232.215 - - [29/Dec/2023:09:46:05 +0800] "GET /xingrg/kc/buy/cgsh_order_operate.html?command=get_materiel&rest_code=00141&code=00101010063&supplier_code=00100036&order_time=2023-12-29 HTTP/1.1" 200 409
116.232.193.168 - - [29/Dec/2023:09:46:06 +0800] "GET /xingrg/all/function/internal_message.html?_=1703814333783&CODE_STATE=getMsg HTTP/1.1" 200 27
218.79.29.24 - - [29/Dec/2023:09:46:08 +0800] "GET /xingrg/all/function/internal_message.html?_=1703814370313&CODE_STATE=getMsg HTTP/1.1" 200 27
101.83.145.37 - - [29/Dec/2023:09:46:09 +0800] "GET /xingrg/kc/buy/cgsh_order_add.html HTTP/1.1" 200 72913
101.83.145.37 - - [29/Dec/2023:09:46:09 +0800] "POST /xingrg/kc/buy/cgsh_order_operate.html HTTP/1.1" 200 8245
101.83.145.37 - - [29/Dec/2023:09:46:09 +0800] "GET /xingrg/javascript/easyui/themes/default/validatebox.css HTTP/1.1" 404 1104
180.164.1.25 - - [29/Dec/2023:09:46:10 +0800] "POST /xingrg/kc/buy/cgsh_order_operate.html HTTP/1.1" 200 37
222.70.180.200 - - [29/Dec/2023:09:46:11 +0800] "GET /xingrg/all/function/internal_message.html?_=1703814370675&CODE_STATE=getMsg HTTP/1.1" 200 27
180.164.1.25 - - [29/Dec/2023:09:46:11 +0800] "POST /xingrg/kc/buy/cgsh_order_operate.html HTTP/1.1" 200 5022
222.70.180.200 - - [29/Dec/2023:09:46:12 +0800] "GET /xingrg/check_reg.html?_=1703814370973 HTTP/1.1" 200 22
180.164.1.25 - - [29/Dec/2023:09:46:13 +0800] "GET /xingrg/kc/print/load_data.html?order_code=212023122910811&kc_code=cgsh&condition= HTTP/1.1" 200 1666
114.83.219.137 - - [29/Dec/2023:09:46:13 +0800] "GET /xingrg/all/function/internal_message.html?_=1703814371936&CODE_STATE=getMsg HTTP/1.1" 200 27
222.67.232.215 - - [29/Dec/2023:09:46:13 +0800] "GET /xingrg/kc/buy/cgsh_order_operate.html?command=get_materiel&rest_code=00141&code=00101012010&supplier_code=00100036&order_time=2023-12-29 HTTP/1.1" 200 409
180.163.28.114 - - [29/Dec/2023:09:46:14 +0800] "GET /xingrg/all/function/internal_message.html?_=1703814314622&CODE_STATE=getMsg HTTP/1.1" 302 -
180.163.28.114 - - [29/Dec/2023:09:46:14 +0800] "GET /xingrg/login.html HTTP/1.1" 200 7641
124.78.154.219 - - [29/Dec/2023:09:46:14 +0800] "GET /xingrg/all/function/internal_message.html?_=1703814374608&CODE_STATE=getMsg HTTP/1.1" 200 27
114.95.241.104 - - [29/Dec/2023:09:46:17 +0800] "GET /xingrg/all/function/internal_message.html?_=1703814377822&CODE_STATE=getMsg HTTP/1.1" 200 27
180.164.1.25 - - [29/Dec/2023:09:46:17 +0800] "GET /xingrg/kc/buy/cgsh_order_add.html HTTP/1.1" 200 72923
180.164.1.25 - - [29/Dec/2023:09:46:18 +0800] "POST /xingrg/kc/buy/cgsh_order_operate.html HTTP/1.1" 200 8245
180.164.1.25 - - [29/Dec/2023:09:46:18 +0800] "GET /xingrg/javascript/easyui/themes/default/validatebox.css HTTP/1.1" 404 1104
222.69.132.22 - - [29/Dec/2023:09:46:19 +0800] "GET /xingrg/all/function/internal_message.html?_=1703814379689&CODE_STATE=getMsg HTTP/1.1" 200 27
222.67.232.215 - - [29/Dec/2023:09:46:22 +0800] "GET /xingrg/kc/buy/cgsh_order_operate.html?command=get_materiel&rest_code=00141&code=00101012122&supplier_code=00100036&order_time=2023-12-29 HTTP/1.1" 200 417
180.164.1.25 - - [29/Dec/2023:09:46:25 +0800] "GET /xingrg/all/function/internal_message.html?_=1703814383983&CODE_STATE=getMsg HTTP/1.1" 200 27
101.83.145.37 - - [29/Dec/2023:09:46:26 +0800] "GET /xingrg/kc/buy/cgsh_order_operate.html?command=get_materiel&rest_code=00105&code=00101006111&supplier_code=00100012&order_time=2023-12-29 HTTP/1.1" 200 409
180.164.1.25 - - [29/Dec/2023:09:46:28 +0800] "GET /xingrg/kc/buy/cgsh_order_operate.html?command=get_materiel&rest_code=00108&code=00101006057&supplier_code=00100012&order_time=2023-12-29 HTTP/1.1" 200 413
222.67.232.215 - - [29/Dec/2023:09:46:30 +0800] "GET /xingrg/kc/buy/cgsh_order_operate.html?command=get_materiel&rest_code=00141&code=00101010092&supplier_code=00100036&order_time=2023-12-29 HTTP/1.1" 200 449
116.232.193.168 - - [29/Dec/2023:09:46:34 +0800] "GET /xingrg/kc/buy/cgsh_order_operate.html?command=get_materiel&rest_code=00155&code=00101012051&supplier_code=00100012&order_time=2023-12-29 HTTP/1.1" 200 408
222.67.232.215 - - [29/Dec/2023:09:46:39 +0800] "GET /xingrg/kc/buy/cgsh_order_operate.html?command=get_materiel&rest_code=00141&code=00101011001&supplier_code=00100036&order_time=2023-12-29 HTTP/1.1" 200 423
180.164.1.25 - - [29/Dec/2023:09:46:39 +0800] "GET /xingrg/kc/buy/cgsh_order_operate.html?command=get_materiel&rest_code=00108&code=00101006240&supplier_code=00100012&order_time=2023-12-29 HTTP/1.1" 200 422
221.239.172.206 - - [29/Dec/2023:09:46:45 +0800] "GET /xingrg/all/function/internal_message.html?_=1703814404495&CODE_STATE=getMsg HTTP/1.1" 200 27
101.83.145.37 - - [29/Dec/2023:09:46:45 +0800] "GET /xingrg/kc/buy/cgsh_order_operate.html?command=get_materiel&rest_code=00105&code=00101006240&supplier_code=00100012&order_time=2023-12-29 HTTP/1.1" 200 422
101.80.231.29 - - [29/Dec/2023:09:46:46 +0800] "GET /xingrg/all/function/internal_message.html?_=1703814428035&CODE_STATE=getMsg HTTP/1.1" 200 27
222.67.232.215 - - [29/Dec/2023:09:46:47 +0800] "GET /xingrg/kc/buy/cgsh_order_operate.html?command=get_materiel&rest_code=00141&code=00101012038&supplier_code=00100036&order_time=2023-12-29 HTTP/1.1" 200 414
101.83.145.37 - - [29/Dec/2023:09:46:49 +0800] "GET /xingrg/all/function/internal_message.html?_=1703814410249&CODE_STATE=getMsg HTTP/1.1" 200 27
116.224.121.124 - - [29/Dec/2023:09:46:53 +0800] "GET /xingrg/all/function/internal_message.html?_=1703814415277&CODE_STATE=getMsg HTTP/1.1" 200 27
116.230.112.47 - - [29/Dec/2023:09:46:56 +0800] "GET /xingrg/all/function/internal_message.html?_=1703814434434&CODE_STATE=getMsg HTTP/1.1" 200 27
116.232.32.216 - - [29/Dec/2023:09:47:05 +0800] "POST /xingrg/services/DataTransmitService HTTP/1.1" 200 524
116.232.193.168 - - [29/Dec/2023:09:47:06 +0800] "GET /xingrg/all/function/internal_message.html?_=1703814393765&CODE_STATE=getMsg HTTP/1.1" 200 27
101.83.145.37 - - [29/Dec/2023:09:47:06 +0800] "GET /xingrg/kc/buy/cgsh_order_operate.html?command=get_materiel&rest_code=00105&code=00101006122&supplier_code=00100012&order_time=2023-12-29 HTTP/1.1" 200 408
222.67.232.215 - - [29/Dec/2023:09:47:06 +0800] "GET /xingrg/kc/buy/cgsh_order_operate.html?command=get_materiel&rest_code=00141&code=00101011005&supplier_code=00100036&order_time=2023-12-29 HTTP/1.1" 200 428
218.79.29.24 - - [29/Dec/2023:09:47:08 +0800] "GET /xingrg/all/function/internal_message.html?_=1703814430284&CODE_STATE=getMsg HTTP/1.1" 200 27
180.164.1.25 - - [29/Dec/2023:09:47:11 +0800] "GET /xingrg/kc/buy/cgsh_order_operate.html?command=get_materiel&rest_code=00108&code=00101006187&supplier_code=00100012&order_time=2023-12-29 HTTP/1.1" 200 415
222.70.180.200 - - [29/Dec/2023:09:47:11 +0800] "GET /xingrg/all/function/internal_message.html?_=1703814430655&CODE_STATE=getMsg HTTP/1.1" 200 27
114.83.219.137 - - [29/Dec/2023:09:47:13 +0800] "GET /xingrg/all/function/internal_message.html?_=1703814431918&CODE_STATE=getMsg HTTP/1.1" 200 27
180.163.29.219 - - [29/Dec/2023:09:47:14 +0800] "GET /xingrg/all/function/internal_message.html?_=1703814374608&CODE_STATE=getMsg HTTP/1.1" 302 -
180.163.29.219 - - [29/Dec/2023:09:47:14 +0800] "GET /xingrg/login.html HTTP/1.1" 200 7641
124.78.154.219 - - [29/Dec/2023:09:47:14 +0800] "GET /xingrg/all/function/internal_message.html?_=1703814434594&CODE_STATE=getMsg HTTP/1.1" 200 27
120.253.135.82 - - [29/Dec/2023:09:47:15 +0800] "GET /xingrg/check_reg.html?_=1703814252167 HTTP/1.1" 200 22
114.95.241.104 - - [29/Dec/2023:09:47:17 +0800] "GET /xingrg/all/function/internal_message.html?_=1703814437817&CODE_STATE=getMsg HTTP/1.1" 200 27
222.69.132.22 - - [29/Dec/2023:09:47:19 +0800] "GET /xingrg/all/function/internal_message.html?_=1703814439689&CODE_STATE=getMsg HTTP/1.1" 200 27
222.67.232.215 - - [29/Dec/2023:09:47:22 +0800] "POST /xingrg/kc/buy/cgsh_order_operate.html HTTP/1.1" 200 37
101.83.145.37 - - [29/Dec/2023:09:47:22 +0800] "GET /xingrg/kc/buy/cgsh_order_operate.html?command=get_materiel&rest_code=00105&code=00101006115&supplier_code=00100012&order_time=2023-12-29 HTTP/1.1" 200 409
180.164.1.25 - - [29/Dec/2023:09:47:25 +0800] "GET /xingrg/all/function/internal_message.html?_=1703814443968&CODE_STATE=getMsg HTTP/1.1" 200 27
180.164.1.25 - - [29/Dec/2023:09:47:25 +0800] "GET /xingrg/kc/buy/cgsh_order_operate.html?command=get_materiel&rest_code=00108&code=00101001311&supplier_code=00100012&order_time=2023-12-29 HTTP/1.1" 200 413
222.67.232.215 - - [29/Dec/2023:09:47:29 +0800] "POST /xingrg/kc/buy/cgsh_order_operate.html HTTP/1.1" 200 12
218.79.29.24 - - [29/Dec/2023:09:47:30 +0800] "GET /xingrg/check_reg.html?_=1703814452416 HTTP/1.1" 200 22
101.83.145.37 - - [29/Dec/2023:09:47:31 +0800] "GET /xingrg/kc/buy/cgsh_order_operate.html?command=get_materiel&rest_code=00105&code=00101006184&supplier_code=00100012&order_time=2023-12-29 HTTP/1.1" 200 408
222.67.232.215 - - [29/Dec/2023:09:47:32 +0800] "GET /xingrg/kc/buy/cgsh_order_info.html?code=212023122910812 HTTP/1.1" 200 67742
222.67.232.215 - - [29/Dec/2023:09:47:32 +0800] "GET /xingrg/javascript/easyui/themes/default/validatebox.css HTTP/1.1" 404 1104
222.67.232.215 - - [29/Dec/2023:09:47:33 +0800] "POST /xingrg/kc/buy/cgsh_order_operate.html HTTP/1.1" 200 5356
180.164.1.25 - - [29/Dec/2023:09:47:35 +0800] "GET /xingrg/kc/buy/cgsh_order_operate.html?command=get_materiel&rest_code=00108&code=00101001191&supplier_code=00100012&order_time=2023-12-29 HTTP/1.1" 200 413
222.67.232.215 - - [29/Dec/2023:09:47:37 +0800] "GET /xingrg/kc/print/load_data.html?order_code=212023122910812&kc_code=cgsh&condition= HTTP/1.1" 200 2594
221.239.172.206 - - [29/Dec/2023:09:47:45 +0800] "GET /xingrg/all/function/internal_message.html?_=1703814464491&CODE_STATE=getMsg HTTP/1.1" 200 27
101.83.145.37 - - [29/Dec/2023:09:47:45 +0800] "GET /xingrg/kc/buy/cgsh_order_operate.html?command=get_materiel&rest_code=00105&code=00101006055&supplier_code=00100012&order_time=2023-12-29 HTTP/1.1" 200 409
101.80.231.29 - - [29/Dec/2023:09:47:46 +0800] "GET /xingrg/all/function/internal_message.html?_=1703814488027&CODE_STATE=getMsg HTTP/1.1" 200 27
180.164.1.25 - - [29/Dec/2023:09:47:49 +0800] "POST /xingrg/kc/buy/cgsh_order_operate.html HTTP/1.1" 200 37
101.83.145.37 - - [29/Dec/2023:09:47:49 +0800] "GET /xingrg/all/function/internal_message.html?_=1703814470256&CODE_STATE=getMsg HTTP/1.1" 200 27
180.164.1.25 - - [29/Dec/2023:09:47:50 +0800] "POST /xingrg/kc/buy/cgsh_order_operate.html HTTP/1.1" 200 5046
180.164.1.25 - - [29/Dec/2023:09:47:52 +0800] "GET /xingrg/kc/print/load_data.html?order_code=212023122910813&kc_code=cgsh&condition= HTTP/1.1" 200 1705
116.224.121.124 - - [29/Dec/2023:09:47:53 +0800] "GET /xingrg/check_reg.html?_=1703814475262 HTTP/1.1" 200 22
116.224.121.124 - - [29/Dec/2023:09:47:53 +0800] "GET /xingrg/all/function/internal_message.html?_=1703814475265&CODE_STATE=getMsg HTTP/1.1" 200 27
180.164.1.25 - - [29/Dec/2023:09:47:56 +0800] "GET /xingrg/kc/buy/cgsh_order_add.html HTTP/1.1" 200 72923
116.230.112.47 - - [29/Dec/2023:09:47:56 +0800] "GET /xingrg/all/function/internal_message.html?_=1703814494444&CODE_STATE=getMsg HTTP/1.1" 200 27
180.164.1.25 - - [29/Dec/2023:09:47:56 +0800] "POST /xingrg/kc/buy/cgsh_order_operate.html HTTP/1.1" 200 8245
180.164.1.25 - - [29/Dec/2023:09:47:56 +0800] "GET /xingrg/javascript/easyui/themes/default/validatebox.css HTTP/1.1" 404 1104
180.163.29.103 - - [29/Dec/2023:09:47:57 +0800] "GET /xingrg/kc/buy/cgsh_order_operate.html?command=get_materiel&rest_code=00106&code=00101007022&supplier_code=00100096&order_time=2023-12-29 HTTP/1.1" 302 -
180.163.29.103 - - [29/Dec/2023:09:47:57 +0800] "GET /xingrg/login.html HTTP/1.1" 200 7641
180.164.1.25 - - [29/Dec/2023:09:47:58 +0800] "GET /xingrg/javascript/jquery_tools/images/prev.gif HTTP/1.1" 404 1086
180.164.1.25 - - [29/Dec/2023:09:47:58 +0800] "GET /xingrg/javascript/jquery_tools/images/next.gif HTTP/1.1" 404 1086
124.78.154.219 - - [29/Dec/2023:09:48:00 +0800] "GET /xingrg/check_reg.html?_=1703814480863 HTTP/1.1" 200 22
58.40.7.146 - - [29/Dec/2023:09:48:01 +0800] "GET /xingrg/check_reg.html?_=1703814481236 HTTP/1.1" 200 22
101.83.145.37 - - [29/Dec/2023:09:48:02 +0800] "GET /xingrg/kc/buy/cgsh_order_operate.html?command=get_materiel&rest_code=00105&code=00101010353&supplier_code=00100012&order_time=2023-12-29 HTTP/1.1" 200 417
116.232.193.168 - - [29/Dec/2023:09:48:06 +0800] "GET /xingrg/all/function/internal_message.html?_=1703814453751&CODE_STATE=getMsg HTTP/1.1" 200 27
218.79.29.24 - - [29/Dec/2023:09:48:08 +0800] "GET /xingrg/all/function/internal_message.html?_=1703814490266&CODE_STATE=getMsg HTTP/1.1" 200 27
180.164.1.25 - - [29/Dec/2023:09:48:09 +0800] "GET /xingrg/kc/buy/cgsh_order_operate.html?command=get_materiel&rest_code=00108&code=00101007072&supplier_code=00100002&order_time=2023-12-29 HTTP/1.1" 200 419
222.70.180.200 - - [29/Dec/2023:09:48:11 +0800] "GET /xingrg/all/function/internal_message.html?_=1703814490639&CODE_STATE=getMsg HTTP/1.1" 200 27
114.83.219.137 - - [29/Dec/2023:09:48:13 +0800] "GET /xingrg/all/function/internal_message.html?_=1703814491892&CODE_STATE=getMsg HTTP/1.1" 200 27
180.163.29.234 - - [29/Dec/2023:09:48:14 +0800] "GET /xingrg/all/function/internal_message.html?_=1703814434594&CODE_STATE=getMsg HTTP/1.1" 302 -
180.163.29.234 - - [29/Dec/2023:09:48:14 +0800] "GET /xingrg/login.html HTTP/1.1" 200 7641
124.78.154.219 - - [29/Dec/2023:09:48:14 +0800] "GET /xingrg/all/function/internal_message.html?_=1703814494589&CODE_STATE=getMsg HTTP/1.1" 200 27
