114.95.241.104 - - [29/Dec/2023:09:48:17 +0800] "GET /xingrg/all/function/internal_message.html?_=1703814497822&CODE_STATE=getMsg HTTP/1.1" 200 27
222.69.132.22 - - [29/Dec/2023:09:48:19 +0800] "GET /xingrg/check_reg.html?_=1703814499677 HTTP/1.1" 200 22
222.69.132.22 - - [29/Dec/2023:09:48:19 +0800] "GET /xingrg/all/function/internal_message.html?_=1703814499685&CODE_STATE=getMsg HTTP/1.1" 200 27
180.164.1.25 - - [29/Dec/2023:09:48:25 +0800] "GET /xingrg/all/function/internal_message.html?_=1703814503948&CODE_STATE=getMsg HTTP/1.1" 200 27
116.232.193.168 - - [29/Dec/2023:09:48:27 +0800] "POST /xingrg/kc/buy/cgsh_order_operate.html HTTP/1.1" 200 37
180.164.1.25 - - [29/Dec/2023:09:48:27 +0800] "POST /xingrg/kc/buy/cgsh_order_operate.html HTTP/1.1" 200 64
222.67.232.215 - - [29/Dec/2023:09:48:28 +0800] "GET /xingrg/check_reg.html?_=1703814508665 HTTP/1.1" 200 22
116.232.193.168 - - [29/Dec/2023:09:48:30 +0800] "POST /xingrg/kc/buy/cgsh_order_operate.html HTTP/1.1" 200 8637
180.164.1.25 - - [29/Dec/2023:09:48:34 +0800] "POST /xingrg/kc/buy/cgsh_order_operate.html HTTP/1.1" 200 37
116.232.193.168 - - [29/Dec/2023:09:48:35 +0800] "GET /xingrg/kc/print/load_data.html?order_code=212023122910815&kc_code=cgsh&condition= HTTP/1.1" 200 3059
180.164.1.25 - - [29/Dec/2023:09:48:37 +0800] "POST /xingrg/kc/buy/cgsh_order_operate.html HTTP/1.1" 200 2663
180.164.1.25 - - [29/Dec/2023:09:48:41 +0800] "GET /xingrg/kc/print/load_data.html?order_code=212023122910816&kc_code=cgsh&condition= HTTP/1.1" 200 767
221.239.172.206 - - [29/Dec/2023:09:48:45 +0800] "GET /xingrg/all/function/internal_message.html?_=1703814524494&CODE_STATE=getMsg HTTP/1.1" 200 27
221.239.172.206 - - [29/Dec/2023:09:48:45 +0800] "GET /xingrg/check_reg.html?_=1703814524497 HTTP/1.1" 200 22
101.80.231.29 - - [29/Dec/2023:09:48:46 +0800] "GET /xingrg/all/function/internal_message.html?_=1703814548034&CODE_STATE=getMsg HTTP/1.1" 200 27
101.80.231.29 - - [29/Dec/2023:09:48:46 +0800] "GET /xingrg/check_reg.html?_=1703814548043 HTTP/1.1" 200 22
101.83.145.37 - - [29/Dec/2023:09:48:49 +0800] "GET /xingrg/all/function/internal_message.html?_=1703814530224&CODE_STATE=getMsg HTTP/1.1" 200 27
116.232.193.168 - - [29/Dec/2023:09:48:50 +0800] "GET /xingrg/kc/buy/cgsh_order_add.html HTTP/1.1" 200 72878
116.232.193.168 - - [29/Dec/2023:09:48:50 +0800] "POST /xingrg/kc/buy/cgsh_order_operate.html HTTP/1.1" 200 8245
116.232.193.168 - - [29/Dec/2023:09:48:50 +0800] "GET /xingrg/javascript/easyui/themes/default/validatebox.css HTTP/1.1" 404 1104
116.224.121.124 - - [29/Dec/2023:09:48:53 +0800] "GET /xingrg/all/function/internal_message.html?_=1703814535271&CODE_STATE=getMsg HTTP/1.1" 200 27
116.230.112.47 - - [29/Dec/2023:09:48:56 +0800] "GET /xingrg/all/function/internal_message.html?_=1703814554475&CODE_STATE=getMsg HTTP/1.1" 200 27
180.163.30.100 - - [29/Dec/2023:09:49:00 +0800] "GET /xingrg/check_reg.html?_=1703814480863 HTTP/1.1" 302 -
180.163.30.100 - - [29/Dec/2023:09:49:00 +0800] "GET /xingrg/login.html HTTP/1.1" 200 7641
180.169.147.146 - - [29/Dec/2023:09:49:01 +0800] "GET /xingrg/check_reg.html?_=1703814541030 HTTP/1.1" 302 -
116.232.193.168 - - [29/Dec/2023:09:49:05 +0800] "GET /xingrg/kc/buy/cgsh_order_operate.html?command=get_materiel&rest_code=00155&code=00101007061&supplier_code=00100002&order_time=2023-12-29 HTTP/1.1" 200 409
116.232.193.168 - - [29/Dec/2023:09:49:06 +0800] "GET /xingrg/all/function/internal_message.html?_=1703814513730&CODE_STATE=getMsg HTTP/1.1" 200 27
218.79.29.24 - - [29/Dec/2023:09:49:08 +0800] "GET /xingrg/all/function/internal_message.html?_=1703814550251&CODE_STATE=getMsg HTTP/1.1" 200 27
222.70.180.200 - - [29/Dec/2023:09:49:11 +0800] "GET /xingrg/all/function/internal_message.html?_=1703814550624&CODE_STATE=getMsg HTTP/1.1" 200 27
114.83.219.137 - - [29/Dec/2023:09:49:11 +0800] "GET /xingrg/check_reg.html?_=1703814550439 HTTP/1.1" 200 22
114.83.219.137 - - [29/Dec/2023:09:49:13 +0800] "GET /xingrg/all/function/internal_message.html?_=1703814551878&CODE_STATE=getMsg HTTP/1.1" 200 27
124.78.154.219 - - [29/Dec/2023:09:49:14 +0800] "GET /xingrg/all/function/internal_message.html?_=1703814554559&CODE_STATE=getMsg HTTP/1.1" 200 27
101.83.145.37 - - [29/Dec/2023:09:49:16 +0800] "GET /xingrg/kc/buy/cgsh_order_operate.html?command=get_materiel&rest_code=00105&code=00101010761&supplier_code=00100012&order_time=2023-12-29 HTTP/1.1" 200 460
114.95.241.104 - - [29/Dec/2023:09:49:17 +0800] "GET /xingrg/all/function/internal_message.html?_=1703814557810&CODE_STATE=getMsg HTTP/1.1" 200 27
124.78.154.219 - - [29/Dec/2023:09:49:19 +0800] "GET /xingrg/kc/buy/cgsh_order_operate.html?command=get_materiel&rest_code=00106&code=00101008175&supplier_code=00100007&order_time=2023-12-29 HTTP/1.1" 200 412
222.69.132.22 - - [29/Dec/2023:09:49:19 +0800] "GET /xingrg/all/function/internal_message.html?_=1703814559682&CODE_STATE=getMsg HTTP/1.1" 200 27
180.164.1.25 - - [29/Dec/2023:09:49:24 +0800] "GET /xingrg/kc/buy/cgsh_order_add.html HTTP/1.1" 200 72923
180.164.1.25 - - [29/Dec/2023:09:49:24 +0800] "POST /xingrg/kc/buy/cgsh_order_operate.html HTTP/1.1" 200 8245
180.164.1.25 - - [29/Dec/2023:09:49:24 +0800] "GET /xingrg/javascript/easyui/themes/default/validatebox.css HTTP/1.1" 404 1104
180.164.1.25 - - [29/Dec/2023:09:49:25 +0800] "GET /xingrg/all/function/internal_message.html?_=1703814563932&CODE_STATE=getMsg HTTP/1.1" 200 27
116.232.193.168 - - [29/Dec/2023:09:49:33 +0800] "GET /xingrg/kc/buy/cgsh_order_operate.html?command=get_materiel&rest_code=00155&code=00101007064&supplier_code=00100002&order_time=2023-12-29 HTTP/1.1" 200 427
101.83.145.37 - - [29/Dec/2023:09:49:36 +0800] "GET /xingrg/kc/buy/cgsh_order_operate.html?command=get_materiel&rest_code=00105&code=00101006056&supplier_code=00100012&order_time=2023-12-29 HTTP/1.1" 200 413
221.239.172.206 - - [29/Dec/2023:09:49:45 +0800] "GET /xingrg/all/function/internal_message.html?_=1703814584501&CODE_STATE=getMsg HTTP/1.1" 200 27
124.78.154.219 - - [29/Dec/2023:09:49:46 +0800] "GET /xingrg/kc/buy/cgsh_order_operate.html?command=get_materiel&rest_code=00106&code=00101008229&supplier_code=00100007&order_time=2023-12-29 HTTP/1.1" 200 420
101.80.231.29 - - [29/Dec/2023:09:49:46 +0800] "GET /xingrg/all/function/internal_message.html?_=1703814608027&CODE_STATE=getMsg HTTP/1.1" 200 27
116.232.193.168 - - [29/Dec/2023:09:49:48 +0800] "GET /xingrg/check_reg.html?_=1703814555992 HTTP/1.1" 200 22
101.83.145.37 - - [29/Dec/2023:09:49:49 +0800] "GET /xingrg/all/function/internal_message.html?_=1703814590163&CODE_STATE=getMsg HTTP/1.1" 200 27
101.83.145.37 - - [29/Dec/2023:09:49:50 +0800] "GET /xingrg/check_reg.html?_=1703814591037 HTTP/1.1" 200 22
101.83.145.37 - - [29/Dec/2023:09:49:50 +0800] "POST /xingrg/services/DataTransmitService HTTP/1.1" 200 524
114.83.219.137 - - [29/Dec/2023:09:49:51 +0800] "GET /xingrg/kc/report/report_main.html HTTP/1.1" 200 7340
101.83.145.37 - - [29/Dec/2023:09:49:52 +0800] "POST /xingrg/kc/buy/cgsh_order_operate.html HTTP/1.1" 200 37
114.83.219.137 - - [29/Dec/2023:09:49:53 +0800] "GET /xingrg/all/report/report_query.html?fileName=kc/buy/wlcg_cate_hz.xml HTTP/1.1" 200 53941
116.224.121.124 - - [29/Dec/2023:09:49:53 +0800] "GET /xingrg/all/function/internal_message.html?_=1703814595276&CODE_STATE=getMsg HTTP/1.1" 200 27
101.83.145.37 - - [29/Dec/2023:09:49:54 +0800] "POST /xingrg/kc/buy/cgsh_order_operate.html HTTP/1.1" 200 6842
114.83.219.137 - - [29/Dec/2023:09:49:54 +0800] "GET /xingrg/dwr/interface/AjaxReportQueryService.js HTTP/1.1" 200 13203
114.83.219.137 - - [29/Dec/2023:09:49:54 +0800] "GET /xingrg/dwr/engine.js HTTP/1.1" 200 43631
114.83.219.137 - - [29/Dec/2023:09:49:55 +0800] "GET /xingrg/dwr/util.js HTTP/1.1" 304 -
101.83.145.37 - - [29/Dec/2023:09:49:56 +0800] "GET /xingrg/kc/print/load_data.html?order_code=212023122910817&kc_code=cgsh&condition= HTTP/1.1" 200 2376
114.83.219.137 - - [29/Dec/2023:09:49:56 +0800] "POST /xingrg/dwr/call/plaincall/AjaxReportQueryService.getFixDate.dwr HTTP/1.1" 200 111
116.230.112.47 - - [29/Dec/2023:09:49:56 +0800] "GET /xingrg/all/function/internal_message.html?_=1703814614487&CODE_STATE=getMsg HTTP/1.1" 200 27
124.78.154.219 - - [29/Dec/2023:09:49:56 +0800] "GET /xingrg/kc/buy/cgsh_order_operate.html?command=get_materiel&rest_code=00106&code=00101008096&supplier_code=00100007&order_time=2023-12-29 HTTP/1.1" 200 413
114.83.219.137 - - [29/Dec/2023:09:49:56 +0800] "POST /xingrg/all/common/load_tree.html?tree=supplier_tree_json&manage=1 HTTP/1.1" 200 79450
114.83.219.137 - - [29/Dec/2023:09:49:56 +0800] "POST /xingrg/all/common/load_tree.html?tree=base_tree_json HTTP/1.1" 200 3966
114.83.219.137 - - [29/Dec/2023:09:49:57 +0800] "POST /xingrg/all/common/load_tree.html?tree=materiel_sort_tree_json HTTP/1.1" 200 9617
124.78.154.219 - - [29/Dec/2023:09:49:59 +0800] "POST /xingrg/kc/buy/cgsh_order_operate.html HTTP/1.1" 200 2065
101.83.145.37 - - [29/Dec/2023:09:50:01 +0800] "GET /xingrg/kc/buy/cgsh_order_add.html HTTP/1.1" 200 72913
101.83.145.37 - - [29/Dec/2023:09:50:02 +0800] "POST /xingrg/kc/buy/cgsh_order_operate.html HTTP/1.1" 200 8245
101.83.145.37 - - [29/Dec/2023:09:50:02 +0800] "GET /xingrg/javascript/easyui/themes/default/validatebox.css HTTP/1.1" 404 1104
124.78.154.219 - - [29/Dec/2023:09:50:05 +0800] "GET /xingrg/kc/buy/cgsh_order_operate.html?command=get_materiel&rest_code=00106&code=00101008358&supplier_code=00100007&order_time=2023-12-29 HTTP/1.1" 200 412
116.232.193.168 - - [29/Dec/2023:09:50:06 +0800] "GET /xingrg/all/function/internal_message.html?_=1703814573718&CODE_STATE=getMsg HTTP/1.1" 200 27
218.79.29.24 - - [29/Dec/2023:09:50:08 +0800] "GET /xingrg/all/function/internal_message.html?_=1703814610222&CODE_STATE=getMsg HTTP/1.1" 200 27
116.232.193.168 - - [29/Dec/2023:09:50:09 +0800] "GET /xingrg/kc/buy/cgsh_order_operate.html?command=get_materiel&rest_code=00155&code=00101007072&supplier_code=00100002&order_time=2023-12-29 HTTP/1.1" 200 419
114.83.219.137 - - [29/Dec/2023:09:50:09 +0800] "POST /xingrg/dwr/call/plaincall/AjaxReportQueryService.refreshCache.dwr HTTP/1.1" 200 78
222.70.180.200 - - [29/Dec/2023:09:50:11 +0800] "GET /xingrg/all/function/internal_message.html?_=1703814610608&CODE_STATE=getMsg HTTP/1.1" 200 27
114.83.219.137 - - [29/Dec/2023:09:50:13 +0800] "POST /xingrg/all/report/load_report_page.html HTTP/1.1" 200 10894
114.83.219.137 - - [29/Dec/2023:09:50:13 +0800] "GET /xingrg/servlets/image?cache=0.8921170111521394&image=px HTTP/1.1" 200 807
114.83.219.137 - - [29/Dec/2023:09:50:13 +0800] "GET /xingrg/all/function/internal_message.html?_=1703814611846&CODE_STATE=getMsg HTTP/1.1" 200 27
114.83.219.137 - - [29/Dec/2023:09:50:13 +0800] "POST /xingrg/all/report/load_report_page.html HTTP/1.1" 200 117166
114.83.219.137 - - [29/Dec/2023:09:50:14 +0800] "GET /xingrg/servlets/image?cache=0.46616686190996315&image=px HTTP/1.1" 200 807
180.163.30.85 - - [29/Dec/2023:09:50:14 +0800] "GET /xingrg/all/function/internal_message.html?_=1703814554559&CODE_STATE=getMsg HTTP/1.1" 302 -
180.163.30.85 - - [29/Dec/2023:09:50:14 +0800] "GET /xingrg/login.html HTTP/1.1" 200 7641
124.78.154.219 - - [29/Dec/2023:09:50:14 +0800] "GET /xingrg/all/function/internal_message.html?_=1703814614544&CODE_STATE=getMsg HTTP/1.1" 200 27
124.78.154.219 - - [29/Dec/2023:09:50:15 +0800] "GET /xingrg/kc/buy/cgsh_order_operate.html?command=get_materiel&rest_code=00106&code=00101008224&supplier_code=00100007&order_time=2023-12-29 HTTP/1.1" 200 416
180.163.29.234 - - [29/Dec/2023:09:50:16 +0800] "GET /xingrg/kc/buy/cgsh_order_operate.html?command=get_materiel&rest_code=00106&code=00101008175&supplier_code=00100007&order_time=2023-12-29 HTTP/1.1" 302 -
180.163.29.234 - - [29/Dec/2023:09:50:16 +0800] "GET /xingrg/login.html HTTP/1.1" 200 7641
114.95.241.104 - - [29/Dec/2023:09:50:17 +0800] "GET /xingrg/all/function/internal_message.html?_=1703814617824&CODE_STATE=getMsg HTTP/1.1" 200 27
114.95.241.104 - - [29/Dec/2023:09:50:17 +0800] "GET /xingrg/check_reg.html?_=1703814617827 HTTP/1.1" 200 22
222.69.132.22 - - [29/Dec/2023:09:50:19 +0800] "GET /xingrg/all/function/internal_message.html?_=1703814619679&CODE_STATE=getMsg HTTP/1.1" 200 27
101.83.145.37 - - [29/Dec/2023:09:50:23 +0800] "GET /xingrg/kc/buy/cgsh_order_operate.html?command=get_materiel&rest_code=00105&code=00101009109&supplier_code=00100024&order_time=2023-12-29 HTTP/1.1" 200 413
180.164.1.25 - - [29/Dec/2023:09:50:25 +0800] "GET /xingrg/check_reg.html?_=1703814623905 HTTP/1.1" 200 22
180.164.1.25 - - [29/Dec/2023:09:50:25 +0800] "GET /xingrg/all/function/internal_message.html?_=1703814623910&CODE_STATE=getMsg HTTP/1.1" 200 27
124.78.154.219 - - [29/Dec/2023:09:50:29 +0800] "GET /xingrg/kc/buy/cgsh_order_operate.html?command=get_materiel&rest_code=00106&code=00101008356&supplier_code=00100007&order_time=2023-12-29 HTTP/1.1" 200 408
116.232.193.168 - - [29/Dec/2023:09:50:32 +0800] "GET /xingrg/kc/buy/cgsh_order_operate.html?command=get_materiel&rest_code=00155&code=00101007022&supplier_code=00100002&order_time=2023-12-29 HTTP/1.1" 200 413
101.83.145.37 - - [29/Dec/2023:09:50:38 +0800] "GET /xingrg/kc/buy/cgsh_order_operate.html?command=get_materiel&rest_code=00105&code=00101009011&supplier_code=00100024&order_time=2023-12-29 HTTP/1.1" 200 416
124.78.154.219 - - [29/Dec/2023:09:50:39 +0800] "GET /xingrg/kc/buy/cgsh_order_operate.html?command=get_materiel&rest_code=00106&code=00101008223&supplier_code=00100007&order_time=2023-12-29 HTTP/1.1" 200 412
221.239.172.206 - - [29/Dec/2023:09:50:45 +0800] "GET /xingrg/all/function/internal_message.html?_=1703814644494&CODE_STATE=getMsg HTTP/1.1" 200 27
101.80.231.29 - - [29/Dec/2023:09:50:46 +0800] "GET /xingrg/all/function/internal_message.html?_=1703814668060&CODE_STATE=getMsg HTTP/1.1" 200 27
101.83.145.37 - - [29/Dec/2023:09:50:49 +0800] "GET /xingrg/all/function/internal_message.html?_=1703814650134&CODE_STATE=getMsg HTTP/1.1" 200 27
116.224.121.124 - - [29/Dec/2023:09:50:53 +0800] "GET /xingrg/all/function/internal_message.html?_=1703814655274&CODE_STATE=getMsg HTTP/1.1" 200 27
116.230.112.47 - - [29/Dec/2023:09:50:56 +0800] "GET /xingrg/check_reg.html?_=1703814674316 HTTP/1.1" 200 22
116.230.112.47 - - [29/Dec/2023:09:50:56 +0800] "GET /xingrg/all/function/internal_message.html?_=1703814674500&CODE_STATE=getMsg HTTP/1.1" 200 27
116.232.193.168 - - [29/Dec/2023:09:50:57 +0800] "POST /xingrg/kc/buy/cgsh_order_operate.html HTTP/1.1" 200 37
124.78.154.219 - - [29/Dec/2023:09:50:59 +0800] "POST /xingrg/kc/buy/cgsh_order_operate.html HTTP/1.1" 200 2065
116.232.193.168 - - [29/Dec/2023:09:51:01 +0800] "POST /xingrg/kc/buy/cgsh_order_operate.html HTTP/1.1" 200 4445
116.232.193.168 - - [29/Dec/2023:09:51:06 +0800] "GET /xingrg/all/function/internal_message.html?_=1703814633704&CODE_STATE=getMsg HTTP/1.1" 200 27
218.79.29.24 - - [29/Dec/2023:09:51:08 +0800] "GET /xingrg/all/function/internal_message.html?_=1703814670192&CODE_STATE=getMsg HTTP/1.1" 200 27
222.70.180.200 - - [29/Dec/2023:09:51:11 +0800] "GET /xingrg/all/function/internal_message.html?_=1703814670593&CODE_STATE=getMsg HTTP/1.1" 200 27
222.70.180.200 - - [29/Dec/2023:09:51:11 +0800] "GET /xingrg/check_reg.html?_=1703814670953 HTTP/1.1" 200 22
114.83.219.137 - - [29/Dec/2023:09:51:13 +0800] "GET /xingrg/all/function/internal_message.html?_=1703814671828&CODE_STATE=getMsg HTTP/1.1" 200 27
124.78.154.219 - - [29/Dec/2023:09:51:14 +0800] "POST /xingrg/kc/buy/cgsh_order_operate.html HTTP/1.1" 200 37
180.163.28.109 - - [29/Dec/2023:09:51:14 +0800] "GET /xingrg/all/function/internal_message.html?_=1703814614544&CODE_STATE=getMsg HTTP/1.1" 302 -
180.163.28.109 - - [29/Dec/2023:09:51:14 +0800] "GET /xingrg/login.html HTTP/1.1" 200 7641
124.78.154.219 - - [29/Dec/2023:09:51:17 +0800] "POST /xingrg/kc/buy/cgsh_order_operate.html HTTP/1.1" 200 36932
114.95.241.104 - - [29/Dec/2023:09:51:17 +0800] "GET /xingrg/all/function/internal_message.html?_=1703814677822&CODE_STATE=getMsg HTTP/1.1" 200 27
222.69.132.22 - - [29/Dec/2023:09:51:19 +0800] "GET /xingrg/all/function/internal_message.html?_=1703814679697&CODE_STATE=getMsg HTTP/1.1" 200 27
101.83.145.37 - - [29/Dec/2023:09:51:21 +0800] "GET /xingrg/kc/buy/cgsh_order_operate.html?command=get_materiel&rest_code=00105&code=00101009057&supplier_code=00100024&order_time=2023-12-29 HTTP/1.1" 200 408
180.164.1.25 - - [29/Dec/2023:09:51:25 +0800] "GET /xingrg/all/function/internal_message.html?_=1703814683905&CODE_STATE=getMsg HTTP/1.1" 200 27
116.232.193.168 - - [29/Dec/2023:09:51:39 +0800] "POST /xingrg/kc/buy/cgsh_order_operate.html HTTP/1.1" 200 37
101.83.145.37 - - [29/Dec/2023:09:51:41 +0800] "GET /xingrg/kc/buy/cgsh_order_operate.html?command=get_materiel&rest_code=00105&code=00101009021&supplier_code=00100024&order_time=2023-12-29 HTTP/1.1" 200 417
116.232.193.168 - - [29/Dec/2023:09:51:42 +0800] "POST /xingrg/kc/buy/cgsh_order_operate.html HTTP/1.1" 200 4445
221.239.172.206 - - [29/Dec/2023:09:51:45 +0800] "GET /xingrg/all/function/internal_message.html?_=1703814704497&CODE_STATE=getMsg HTTP/1.1" 200 27
101.80.231.29 - - [29/Dec/2023:09:51:46 +0800] "GET /xingrg/all/function/internal_message.html?_=1703814728059&CODE_STATE=getMsg HTTP/1.1" 200 27
101.83.145.37 - - [29/Dec/2023:09:51:49 +0800] "GET /xingrg/all/function/internal_message.html?_=1703814710102&CODE_STATE=getMsg HTTP/1.1" 200 27
101.83.145.37 - - [29/Dec/2023:09:51:51 +0800] "POST /xingrg/kc/buy/cgsh_order_operate.html HTTP/1.1" 200 37
116.224.121.124 - - [29/Dec/2023:09:51:53 +0800] "GET /xingrg/all/function/internal_message.html?_=1703814715272&CODE_STATE=getMsg HTTP/1.1" 200 27
101.83.145.37 - - [29/Dec/2023:09:51:54 +0800] "POST /xingrg/kc/buy/cgsh_order_operate.html HTTP/1.1" 200 5029
116.230.112.47 - - [29/Dec/2023:09:51:56 +0800] "GET /xingrg/all/function/internal_message.html?_=1703814734513&CODE_STATE=getMsg HTTP/1.1" 200 27
101.83.145.37 - - [29/Dec/2023:09:51:57 +0800] "GET /xingrg/kc/print/load_data.html?order_code=212023122910819&kc_code=cgsh&condition= HTTP/1.1" 200 1591
116.232.193.168 - - [29/Dec/2023:09:52:01 +0800] "GET /xingrg/kc/print/load_data.html?order_code=212023122910818&kc_code=cgsh&condition= HTTP/1.1" 200 1442
101.83.145.37 - - [29/Dec/2023:09:52:01 +0800] "GET /xingrg/kc/buy/cgsh_order_add.html HTTP/1.1" 200 72913
101.83.145.37 - - [29/Dec/2023:09:52:01 +0800] "POST /xingrg/kc/buy/cgsh_order_operate.html HTTP/1.1" 200 8245
101.83.145.37 - - [29/Dec/2023:09:52:01 +0800] "GET /xingrg/javascript/easyui/themes/default/validatebox.css HTTP/1.1" 404 1104
116.232.193.168 - - [29/Dec/2023:09:52:06 +0800] "GET /xingrg/all/function/internal_message.html?_=1703814693694&CODE_STATE=getMsg HTTP/1.1" 200 27
218.79.29.24 - - [29/Dec/2023:09:52:08 +0800] "GET /xingrg/all/function/internal_message.html?_=1703814730181&CODE_STATE=getMsg HTTP/1.1" 200 27
222.70.180.200 - - [29/Dec/2023:09:52:11 +0800] "GET /xingrg/all/function/internal_message.html?_=1703814730564&CODE_STATE=getMsg HTTP/1.1" 200 27
101.83.145.37 - - [29/Dec/2023:09:52:12 +0800] "GET /xingrg/kc/buy/cgsh_order_operate.html?command=get_materiel&rest_code=00105&code=00101007061&supplier_code=00100002&order_time=2023-12-29 HTTP/1.1" 200 409
114.83.219.137 - - [29/Dec/2023:09:52:13 +0800] "GET /xingrg/all/function/internal_message.html?_=1703814731821&CODE_STATE=getMsg HTTP/1.1" 200 27
124.78.154.219 - - [29/Dec/2023:09:52:14 +0800] "GET /xingrg/all/function/internal_message.html?_=1703814734555&CODE_STATE=getMsg HTTP/1.1" 200 27
120.253.135.82 - - [29/Dec/2023:09:52:15 +0800] "GET /xingrg/check_reg.html?_=1703814552183 HTTP/1.1" 200 22
114.95.241.104 - - [29/Dec/2023:09:52:17 +0800] "GET /xingrg/all/function/internal_message.html?_=1703814737814&CODE_STATE=getMsg HTTP/1.1" 200 27
222.69.132.22 - - [29/Dec/2023:09:52:19 +0800] "GET /xingrg/all/function/internal_message.html?_=1703814739672&CODE_STATE=getMsg HTTP/1.1" 200 27
180.164.1.25 - - [29/Dec/2023:09:52:25 +0800] "GET /xingrg/all/function/internal_message.html?_=1703814743917&CODE_STATE=getMsg HTTP/1.1" 200 27
218.79.29.24 - - [29/Dec/2023:09:52:30 +0800] "GET /xingrg/check_reg.html?_=1703814752430 HTTP/1.1" 200 22
221.239.172.206 - - [29/Dec/2023:09:52:45 +0800] "GET /xingrg/all/function/internal_message.html?_=1703814764494&CODE_STATE=getMsg HTTP/1.1" 200 27
101.80.231.29 - - [29/Dec/2023:09:52:46 +0800] "GET /xingrg/all/function/internal_message.html?_=1703814788065&CODE_STATE=getMsg HTTP/1.1" 200 27
101.83.145.37 - - [29/Dec/2023:09:52:49 +0800] "GET /xingrg/kc/buy/cgsh_order_operate.html?command=get_materiel&rest_code=00105&code=00101007049&supplier_code=00100002&order_time=2023-12-29 HTTP/1.1" 200 409
101.83.145.37 - - [29/Dec/2023:09:52:49 +0800] "GET /xingrg/all/function/internal_message.html?_=1703814770076&CODE_STATE=getMsg HTTP/1.1" 200 27
116.224.121.124 - - [29/Dec/2023:09:52:53 +0800] "GET /xingrg/check_reg.html?_=1703814775251 HTTP/1.1" 200 22
116.224.121.124 - - [29/Dec/2023:09:52:53 +0800] "GET /xingrg/all/function/internal_message.html?_=1703814775257&CODE_STATE=getMsg HTTP/1.1" 200 27
101.83.145.37 - - [29/Dec/2023:09:52:56 +0800] "GET /xingrg/kc/buy/cgsh_order_operate.html?command=get_materiel&rest_code=00105&code=00101007048&supplier_code=00100002&order_time=2023-12-29 HTTP/1.1" 200 408
116.230.112.47 - - [29/Dec/2023:09:52:56 +0800] "GET /xingrg/all/function/internal_message.html?_=1703814794529&CODE_STATE=getMsg HTTP/1.1" 200 27
116.232.193.168 - - [29/Dec/2023:09:53:00 +0800] "GET /xingrg/kc/buy/cgsh_order_add.html HTTP/1.1" 200 72878
116.232.193.168 - - [29/Dec/2023:09:53:00 +0800] "POST /xingrg/kc/buy/cgsh_order_operate.html HTTP/1.1" 200 8245
116.232.193.168 - - [29/Dec/2023:09:53:00 +0800] "GET /xingrg/javascript/easyui/themes/default/validatebox.css HTTP/1.1" 404 1104
124.78.154.219 - - [29/Dec/2023:09:53:00 +0800] "GET /xingrg/check_reg.html?_=1703814780847 HTTP/1.1" 200 22
58.40.7.146 - - [29/Dec/2023:09:53:01 +0800] "GET /xingrg/check_reg.html?_=1703814781210 HTTP/1.1" 200 22
101.83.145.37 - - [29/Dec/2023:09:53:04 +0800] "GET /xingrg/kc/buy/cgsh_order_operate.html?command=get_materiel&rest_code=00105&code=00101007125&supplier_code=00100002&order_time=2023-12-29 HTTP/1.1" 200 406
116.232.193.168 - - [29/Dec/2023:09:53:06 +0800] "GET /xingrg/all/function/internal_message.html?_=1703814753667&CODE_STATE=getMsg HTTP/1.1" 200 27
218.79.29.24 - - [29/Dec/2023:09:53:08 +0800] "GET /xingrg/all/function/internal_message.html?_=1703814790155&CODE_STATE=getMsg HTTP/1.1" 200 27
222.70.180.200 - - [29/Dec/2023:09:53:11 +0800] "GET /xingrg/all/function/internal_message.html?_=1703814790545&CODE_STATE=getMsg HTTP/1.1" 200 27
114.83.219.137 - - [29/Dec/2023:09:53:13 +0800] "GET /xingrg/all/function/internal_message.html?_=1703814791793&CODE_STATE=getMsg HTTP/1.1" 200 27
124.78.154.219 - - [29/Dec/2023:09:53:14 +0800] "GET /xingrg/all/function/internal_message.html?_=1703814794515&CODE_STATE=getMsg HTTP/1.1" 200 27
114.95.241.104 - - [29/Dec/2023:09:53:17 +0800] "GET /xingrg/all/function/internal_message.html?_=1703814797830&CODE_STATE=getMsg HTTP/1.1" 200 27
222.69.132.22 - - [29/Dec/2023:09:53:19 +0800] "GET /xingrg/all/function/internal_message.html?_=1703814799683&CODE_STATE=getMsg HTTP/1.1" 200 27
222.69.132.22 - - [29/Dec/2023:09:53:19 +0800] "GET /xingrg/check_reg.html?_=1703814799687 HTTP/1.1" 200 22
101.83.145.37 - - [29/Dec/2023:09:53:19 +0800] "GET /xingrg/kc/buy/cgsh_order_operate.html?command=get_materiel&rest_code=00105&code=00101007022&supplier_code=00100002&order_time=2023-12-29 HTTP/1.1" 200 413
180.164.1.25 - - [29/Dec/2023:09:53:25 +0800] "GET /xingrg/all/function/internal_message.html?_=1703814803905&CODE_STATE=getMsg HTTP/1.1" 200 27
222.67.232.215 - - [29/Dec/2023:09:53:28 +0800] "GET /xingrg/check_reg.html?_=1703814808641 HTTP/1.1" 200 22
221.239.172.206 - - [29/Dec/2023:09:53:45 +0800] "GET /xingrg/all/function/internal_message.html?_=1703814824503&CODE_STATE=getMsg HTTP/1.1" 200 27
221.239.172.206 - - [29/Dec/2023:09:53:45 +0800] "GET /xingrg/check_reg.html?_=1703814824525 HTTP/1.1" 200 22
101.80.231.29 - - [29/Dec/2023:09:53:46 +0800] "GET /xingrg/all/function/internal_message.html?_=1703814848056&CODE_STATE=getMsg HTTP/1.1" 200 27
101.80.231.29 - - [29/Dec/2023:09:53:46 +0800] "GET /xingrg/check_reg.html?_=1703814848064 HTTP/1.1" 200 22
116.232.193.168 - - [29/Dec/2023:09:53:50 +0800] "GET /xingrg/kc/buy/cgsh_order_operate.html?command=get_materiel&rest_code=00155&code=00101002027&supplier_code=00100199&order_time=2023-12-29 HTTP/1.1" 200 413
116.224.121.124 - - [29/Dec/2023:09:53:53 +0800] "GET /xingrg/all/function/internal_message.html?_=1703814835267&CODE_STATE=getMsg HTTP/1.1" 200 27
101.83.145.37 - - [29/Dec/2023:09:53:54 +0800] "POST /xingrg/kc/buy/cgsh_order_operate.html HTTP/1.1" 200 37
101.83.145.37 - - [29/Dec/2023:09:53:56 +0800] "POST /xingrg/kc/buy/cgsh_order_operate.html HTTP/1.1" 200 5008
116.230.112.47 - - [29/Dec/2023:09:53:56 +0800] "GET /xingrg/all/function/internal_message.html?_=1703814854540&CODE_STATE=getMsg HTTP/1.1" 200 27
101.83.145.37 - - [29/Dec/2023:09:53:57 +0800] "GET /xingrg/kc/print/load_data.html?order_code=212023122910820&kc_code=cgsh&condition= HTTP/1.1" 200 1635
180.163.28.114 - - [29/Dec/2023:09:54:00 +0800] "GET /xingrg/check_reg.html?_=1703814780847 HTTP/1.1" 302 -
180.163.28.114 - - [29/Dec/2023:09:54:00 +0800] "GET /xingrg/login.html HTTP/1.1" 200 7641
180.169.147.146 - - [29/Dec/2023:09:54:01 +0800] "GET /xingrg/check_reg.html?_=1703814841025 HTTP/1.1" 302 -
116.232.193.168 - - [29/Dec/2023:09:54:01 +0800] "GET /xingrg/kc/buy/cgsh_order_operate.html?command=get_materiel&rest_code=00155&code=00101002016&supplier_code=00100199&order_time=2023-12-29 HTTP/1.1" 200 413
124.78.154.219 - - [29/Dec/2023:09:54:04 +0800] "POST /xingrg/services/DataTransmitService HTTP/1.1" 200 524
116.232.193.168 - - [29/Dec/2023:09:54:06 +0800] "GET /xingrg/all/function/internal_message.html?_=1703814813647&CODE_STATE=getMsg HTTP/1.1" 200 27
218.79.29.24 - - [29/Dec/2023:09:54:08 +0800] "GET /xingrg/all/function/internal_message.html?_=1703814850127&CODE_STATE=getMsg HTTP/1.1" 200 27
222.70.180.200 - - [29/Dec/2023:09:54:11 +0800] "GET /xingrg/all/function/internal_message.html?_=1703814850528&CODE_STATE=getMsg HTTP/1.1" 200 27
114.83.219.137 - - [29/Dec/2023:09:54:11 +0800] "GET /xingrg/check_reg.html?_=1703814850467 HTTP/1.1" 200 22
114.83.219.137 - - [29/Dec/2023:09:54:13 +0800] "GET /xingrg/all/function/internal_message.html?_=1703814851767&CODE_STATE=getMsg HTTP/1.1" 200 27
116.232.193.168 - - [29/Dec/2023:09:54:14 +0800] "GET /xingrg/kc/buy/cgsh_order_operate.html?command=get_materiel&rest_code=00155&code=00101002064&supplier_code=00100199&order_time=2023-12-29 HTTP/1.1" 200 415
124.78.154.219 - - [29/Dec/2023:09:54:14 +0800] "GET /xingrg/all/function/internal_message.html?_=1703814854502&CODE_STATE=getMsg HTTP/1.1" 200 27
114.95.241.104 - - [29/Dec/2023:09:54:17 +0800] "GET /xingrg/all/function/internal_message.html?_=1703814857822&CODE_STATE=getMsg HTTP/1.1" 200 27
222.69.132.22 - - [29/Dec/2023:09:54:19 +0800] "GET /xingrg/all/function/internal_message.html?_=1703814859687&CODE_STATE=getMsg HTTP/1.1" 200 27
180.164.1.25 - - [29/Dec/2023:09:54:25 +0800] "GET /xingrg/all/function/internal_message.html?_=1703814865748&CODE_STATE=getMsg HTTP/1.1" 200 27
116.232.193.168 - - [29/Dec/2023:09:54:41 +0800] "GET /xingrg/kc/buy/cgsh_order_operate.html?command=get_materiel&rest_code=00155&code=00101001052&supplier_code=00100199&order_time=2023-12-29 HTTP/1.1" 200 411
221.239.172.206 - - [29/Dec/2023:09:54:45 +0800] "GET /xingrg/all/function/internal_message.html?_=1703814884503&CODE_STATE=getMsg HTTP/1.1" 200 27
101.80.231.29 - - [29/Dec/2023:09:54:46 +0800] "GET /xingrg/all/function/internal_message.html?_=1703814908063&CODE_STATE=getMsg HTTP/1.1" 200 27
116.232.193.168 - - [29/Dec/2023:09:54:48 +0800] "GET /xingrg/check_reg.html?_=1703814855986 HTTP/1.1" 200 22
101.83.145.37 - - [29/Dec/2023:09:54:49 +0800] "GET /xingrg/all/function/internal_message.html?_=1703814890091&CODE_STATE=getMsg HTTP/1.1" 200 27
101.83.145.37 - - [29/Dec/2023:09:54:50 +0800] "GET /xingrg/check_reg.html?_=1703814891054 HTTP/1.1" 200 22
116.224.121.124 - - [29/Dec/2023:09:54:53 +0800] "GET /xingrg/all/function/internal_message.html?_=1703814895272&CODE_STATE=getMsg HTTP/1.1" 200 27
180.164.1.25 - - [29/Dec/2023:09:54:54 +0800] "POST /xingrg/services/DataTransmitService HTTP/1.1" 200 524
116.230.112.47 - - [29/Dec/2023:09:54:56 +0800] "GET /xingrg/all/function/internal_message.html?_=1703814914554&CODE_STATE=getMsg HTTP/1.1" 200 27
116.232.193.168 - - [29/Dec/2023:09:54:57 +0800] "GET /xingrg/kc/buy/cgsh_order_operate.html?command=get_materiel&rest_code=00155&code=00101001016&supplier_code=00100199&order_time=2023-12-29 HTTP/1.1" 200 415
116.232.193.168 - - [29/Dec/2023:09:55:06 +0800] "GET /xingrg/all/function/internal_message.html?_=1703814873633&CODE_STATE=getMsg HTTP/1.1" 200 27
218.79.29.24 - - [29/Dec/2023:09:55:08 +0800] "GET /xingrg/all/function/internal_message.html?_=1703814910097&CODE_STATE=getMsg HTTP/1.1" 200 27
124.78.154.219 - - [29/Dec/2023:09:55:11 +0800] "GET /xingrg/kc/buy/cgsh_order_operate.html?command=get_materiel&rest_code=00106&code=00101008095&supplier_code=00100007&order_time=2023-12-29 HTTP/1.1" 200 412
222.70.180.200 - - [29/Dec/2023:09:55:11 +0800] "GET /xingrg/all/function/internal_message.html?_=1703814910511&CODE_STATE=getMsg HTTP/1.1" 200 27
114.83.219.137 - - [29/Dec/2023:09:55:13 +0800] "GET /xingrg/all/function/internal_message.html?_=1703814911751&CODE_STATE=getMsg HTTP/1.1" 200 27
180.163.28.143 - - [29/Dec/2023:09:55:14 +0800] "GET /xingrg/all/function/internal_message.html?_=1703814854502&CODE_STATE=getMsg HTTP/1.1" 302 -
180.163.28.143 - - [29/Dec/2023:09:55:14 +0800] "GET /xingrg/login.html HTTP/1.1" 200 7641
124.78.154.219 - - [29/Dec/2023:09:55:14 +0800] "GET /xingrg/all/function/internal_message.html?_=1703814914477&CODE_STATE=getMsg HTTP/1.1" 200 27
116.232.193.168 - - [29/Dec/2023:09:55:17 +0800] "GET /xingrg/kc/buy/cgsh_order_operate.html?command=get_materiel&rest_code=00155&code=00101001191&supplier_code=00100199&order_time=2023-12-29 HTTP/1.1" 200 414
114.95.241.104 - - [29/Dec/2023:09:55:17 +0800] "GET /xingrg/all/function/internal_message.html?_=1703814917820&CODE_STATE=getMsg HTTP/1.1" 200 27
114.95.241.104 - - [29/Dec/2023:09:55:17 +0800] "GET /xingrg/check_reg.html?_=1703814917823 HTTP/1.1" 200 22
222.69.132.22 - - [29/Dec/2023:09:55:19 +0800] "GET /xingrg/all/function/internal_message.html?_=1703814919688&CODE_STATE=getMsg HTTP/1.1" 200 27
180.163.29.234 - - [29/Dec/2023:09:55:24 +0800] "GET /xingrg/kc/print/load_data.html?order_code=212023122910789&kc_code=cgsh&condition= HTTP/1.1" 302 -
180.163.29.234 - - [29/Dec/2023:09:55:24 +0800] "GET /xingrg/login.html HTTP/1.1" 200 7641
180.164.1.25 - - [29/Dec/2023:09:55:25 +0800] "GET /xingrg/check_reg.html?_=1703814925745 HTTP/1.1" 200 22
180.164.1.25 - - [29/Dec/2023:09:55:25 +0800] "GET /xingrg/all/function/internal_message.html?_=1703814925748&CODE_STATE=getMsg HTTP/1.1" 200 27
124.78.154.219 - - [29/Dec/2023:09:55:34 +0800] "GET /xingrg/kc/buy/cgsh_order_operate.html?command=get_materiel&rest_code=00106&code=00101013179&supplier_code=00100007&order_time=2023-12-29 HTTP/1.1" 200 412
221.239.172.206 - - [29/Dec/2023:09:55:45 +0800] "GET /xingrg/all/function/internal_message.html?_=1703814944511&CODE_STATE=getMsg HTTP/1.1" 200 27
101.80.231.29 - - [29/Dec/2023:09:55:46 +0800] "GET /xingrg/all/function/internal_message.html?_=1703814968054&CODE_STATE=getMsg HTTP/1.1" 200 27
101.83.145.37 - - [29/Dec/2023:09:55:49 +0800] "GET /xingrg/all/function/internal_message.html?_=1703814950066&CODE_STATE=getMsg HTTP/1.1" 200 27
116.224.121.124 - - [29/Dec/2023:09:55:53 +0800] "GET /xingrg/all/function/internal_message.html?_=1703814955256&CODE_STATE=getMsg HTTP/1.1" 200 27
116.230.112.47 - - [29/Dec/2023:09:55:56 +0800] "GET /xingrg/check_reg.html?_=1703814974339 HTTP/1.1" 200 22
116.230.112.47 - - [29/Dec/2023:09:55:56 +0800] "GET /xingrg/all/function/internal_message.html?_=1703814974568&CODE_STATE=getMsg HTTP/1.1" 200 27
116.232.193.168 - - [29/Dec/2023:09:56:03 +0800] "POST /xingrg/kc/buy/cgsh_order_operate.html HTTP/1.1" 200 37
180.169.147.146 - - [29/Dec/2023:09:56:05 +0800] "GET /xingrg/kc/buy/buy_main.html HTTP/1.1" 302 -
180.169.147.146 - - [29/Dec/2023:09:56:05 +0800] "GET /xingrg/login.html HTTP/1.1" 200 7641
180.169.147.146 - - [29/Dec/2023:09:56:05 +0800] "GET /xingrg/login.html HTTP/1.1" 200 7641
180.169.147.146 - - [29/Dec/2023:09:56:05 +0800] "GET /favicon.ico HTTP/1.1" 404 -
116.232.193.168 - - [29/Dec/2023:09:56:06 +0800] "GET /xingrg/all/function/internal_message.html?_=1703814933663&CODE_STATE=getMsg HTTP/1.1" 200 27
116.232.193.168 - - [29/Dec/2023:09:56:07 +0800] "POST /xingrg/kc/buy/cgsh_order_operate.html HTTP/1.1" 200 6227
180.169.147.146 - - [29/Dec/2023:09:56:07 +0800] "POST /xingrg/login.do HTTP/1.1" 302 -
180.169.147.146 - - [29/Dec/2023:09:56:07 +0800] "GET /xingrg/index.html?sysBaseUrl=http%3A%2F%2F180.169.147.146%3A18081%2Fxingrg%2F&costTime=803×tamp=1703814967465 HTTP/1.1" 200 17179
180.169.147.146 - - [29/Dec/2023:09:56:07 +0800] "GET /favicon.ico HTTP/1.1" 404 -
180.169.147.146 - - [29/Dec/2023:09:56:07 +0800] "GET /xingrg/check_reg.html?_=1703814939030 HTTP/1.1" 200 22
180.169.147.146 - - [29/Dec/2023:09:56:07 +0800] "GET /xingrg/all/function/internal_message.html?_=1703814939028&CODE_STATE=count HTTP/1.1" 200 11
180.169.147.146 - - [29/Dec/2023:09:56:07 +0800] "POST /xingrg/all/common/load_tree.html?tree=area_rest_tree_json&manage=1 HTTP/1.1" 200 351
180.169.147.146 - - [29/Dec/2023:09:56:07 +0800] "POST /xingrg/load_menu.html HTTP/1.1" 200 5138
218.79.29.24 - - [29/Dec/2023:09:56:08 +0800] "GET /xingrg/all/function/internal_message.html?_=1703814970068&CODE_STATE=getMsg HTTP/1.1" 200 27
180.169.147.146 - - [29/Dec/2023:09:56:08 +0800] "GET /xingrg/kc/buy/buy_main.html HTTP/1.1" 200 12412
180.169.147.146 - - [29/Dec/2023:09:56:08 +0800] "GET /xingrg/css/new_ie.css HTTP/1.1" 404 1036
116.232.193.168 - - [29/Dec/2023:09:56:09 +0800] "GET /xingrg/kc/print/load_data.html?order_code=212023122910821&kc_code=cgsh&condition= HTTP/1.1" 200 2041
180.169.147.146 - - [29/Dec/2023:09:56:09 +0800] "GET /xingrg/images/yd/bt.gif HTTP/1.1" 404 1040
180.169.147.146 - - [29/Dec/2023:09:56:10 +0800] "GET /xingrg/kc/buy/cgsh_order_list.html HTTP/1.1" 200 8212
180.169.147.146 - - [29/Dec/2023:09:56:10 +0800] "GET /xingrg/kc/buy/cgsh_order_list.html HTTP/1.1" 200 57055
222.70.180.200 - - [29/Dec/2023:09:56:11 +0800] "GET /xingrg/all/function/internal_message.html?_=1703814970496&CODE_STATE=getMsg HTTP/1.1" 200 27
222.70.180.200 - - [29/Dec/2023:09:56:11 +0800] "GET /xingrg/check_reg.html?_=1703814970936 HTTP/1.1" 200 22
114.83.219.137 - - [29/Dec/2023:09:56:13 +0800] "GET /xingrg/all/function/internal_message.html?_=1703814971735&CODE_STATE=getMsg HTTP/1.1" 200 27
124.78.154.219 - - [29/Dec/2023:09:56:14 +0800] "GET /xingrg/all/function/internal_message.html?_=1703814974485&CODE_STATE=getMsg HTTP/1.1" 200 27
124.78.154.219 - - [29/Dec/2023:09:56:17 +0800] "POST /xingrg/kc/buy/cgsh_order_operate.html HTTP/1.1" 200 2065
114.95.241.104 - - [29/Dec/2023:09:56:17 +0800] "GET /xingrg/all/function/internal_message.html?_=1703814977816&CODE_STATE=getMsg HTTP/1.1" 200 27
222.69.132.22 - - [29/Dec/2023:09:56:19 +0800] "GET /xingrg/all/function/internal_message.html?_=1703814979678&CODE_STATE=getMsg HTTP/1.1" 200 27
124.78.154.219 - - [29/Dec/2023:09:56:24 +0800] "GET /xingrg/kc/buy/cgsh_order_operate.html?command=get_materiel&rest_code=00106&code=00101008168&supplier_code=00100007&order_time=2023-12-29 HTTP/1.1" 200 412
180.164.1.25 - - [29/Dec/2023:09:56:25 +0800] "GET /xingrg/all/function/internal_message.html?_=1703814985743&CODE_STATE=getMsg HTTP/1.1" 200 27
180.163.29.206 - - [29/Dec/2023:09:56:31 +0800] "GET /xingrg/kc/buy/cgsh_order_operate.html?command=get_materiel&rest_code=00106&code=00101013179&supplier_code=00100007&order_time=2023-12-29 HTTP/1.1" 302 -
180.163.29.206 - - [29/Dec/2023:09:56:31 +0800] "GET /xingrg/login.html HTTP/1.1" 200 7641
124.78.154.219 - - [29/Dec/2023:09:56:37 +0800] "GET /xingrg/kc/buy/cgsh_order_operate.html?command=get_materiel&rest_code=00106&code=00101008298&supplier_code=00100007&order_time=2023-12-29 HTTP/1.1" 200 412
116.232.193.168 - - [29/Dec/2023:09:56:43 +0800] "GET /xingrg/kc/print/load_data.html?order_code=212023122910821&kc_code=cgsh HTTP/1.1" 200 2041
221.239.172.206 - - [29/Dec/2023:09:56:45 +0800] "GET /xingrg/all/function/internal_message.html?_=1703815004497&CODE_STATE=getMsg HTTP/1.1" 200 27
101.80.231.29 - - [29/Dec/2023:09:56:46 +0800] "GET /xingrg/all/function/internal_message.html?_=1703815028060&CODE_STATE=getMsg HTTP/1.1" 200 27
101.83.145.37 - - [29/Dec/2023:09:56:49 +0800] "GET /xingrg/all/function/internal_message.html?_=1703815010042&CODE_STATE=getMsg HTTP/1.1" 200 27
124.78.154.219 - - [29/Dec/2023:09:56:49 +0800] "GET /xingrg/kc/buy/cgsh_order_operate.html?command=get_materiel&rest_code=00106&code=00101008061&supplier_code=00100007&order_time=2023-12-29 HTTP/1.1" 200 422
116.224.121.124 - - [29/Dec/2023:09:56:53 +0800] "GET /xingrg/all/function/internal_message.html?_=1703815015269&CODE_STATE=getMsg HTTP/1.1" 200 27
116.230.112.47 - - [29/Dec/2023:09:56:56 +0800] "GET /xingrg/all/function/internal_message.html?_=1703815034581&CODE_STATE=getMsg HTTP/1.1" 200 27
124.78.154.219 - - [29/Dec/2023:09:57:05 +0800] "GET /xingrg/kc/buy/cgsh_order_operate.html?command=get_materiel&rest_code=00106&code=00101008041&supplier_code=00100007&order_time=2023-12-29 HTTP/1.1" 200 408
116.232.193.168 - - [29/Dec/2023:09:57:06 +0800] "GET /xingrg/all/function/internal_message.html?_=1703814993655&CODE_STATE=getMsg HTTP/1.1" 200 27
180.169.147.146 - - [29/Dec/2023:09:57:07 +0800] "GET /xingrg/all/function/internal_message.html?_=1703814999042&CODE_STATE=getMsg HTTP/1.1" 200 27
218.79.29.24 - - [29/Dec/2023:09:57:08 +0800] "GET /xingrg/all/function/internal_message.html?_=1703815030038&CODE_STATE=getMsg HTTP/1.1" 200 27
222.70.180.200 - - [29/Dec/2023:09:57:11 +0800] "GET /xingrg/all/function/internal_message.html?_=1703815030466&CODE_STATE=getMsg HTTP/1.1" 200 27
114.83.219.137 - - [29/Dec/2023:09:57:13 +0800] "GET /xingrg/all/function/internal_message.html?_=1703815031709&CODE_STATE=getMsg HTTP/1.1" 200 27
124.78.154.219 - - [29/Dec/2023:09:57:14 +0800] "GET /xingrg/all/function/internal_message.html?_=1703815034481&CODE_STATE=getMsg HTTP/1.1" 200 27
120.253.135.82 - - [29/Dec/2023:09:57:15 +0800] "GET /xingrg/check_reg.html?_=1703814852191 HTTP/1.1" 200 22
114.95.241.104 - - [29/Dec/2023:09:57:17 +0800] "GET /xingrg/all/function/internal_message.html?_=1703815037831&CODE_STATE=getMsg HTTP/1.1" 200 27
124.78.154.219 - - [29/Dec/2023:09:57:18 +0800] "GET /xingrg/kc/buy/cgsh_order_operate.html?command=get_materiel&rest_code=00106&code=00101015026&supplier_code=00100007&order_time=2023-12-29 HTTP/1.1" 200 412
222.69.132.22 - - [29/Dec/2023:09:57:19 +0800] "GET /xingrg/all/function/internal_message.html?_=1703815039676&CODE_STATE=getMsg HTTP/1.1" 200 27
180.163.28.55 - - [29/Dec/2023:09:57:21 +0800] "GET /xingrg/kc/buy/cgsh_order_operate.html?command=get_materiel&rest_code=00106&code=00101008168&supplier_code=00100007&order_time=2023-12-29 HTTP/1.1" 302 -
180.163.28.55 - - [29/Dec/2023:09:57:21 +0800] "GET /xingrg/login.html HTTP/1.1" 200 7641
124.78.154.219 - - [29/Dec/2023:09:57:22 +0800] "POST /xingrg/kc/buy/cgsh_order_operate.html HTTP/1.1" 200 2065
180.164.1.25 - - [29/Dec/2023:09:57:25 +0800] "GET /xingrg/all/function/internal_message.html?_=1703815045747&CODE_STATE=getMsg HTTP/1.1" 200 27
218.79.29.24 - - [29/Dec/2023:09:57:30 +0800] "GET /xingrg/check_reg.html?_=1703815052427 HTTP/1.1" 200 22
180.169.147.146 - - [29/Dec/2023:09:57:34 +0800] "POST /xingrg/kc/buy/cgsh_list_operate.html HTTP/1.1" 200 6085
124.78.154.219 - - [29/Dec/2023:09:57:35 +0800] "POST /xingrg/kc/buy/cgsh_order_operate.html HTTP/1.1" 200 37
221.239.172.206 - - [29/Dec/2023:09:57:45 +0800] "GET /xingrg/all/function/internal_message.html?_=1703815064506&CODE_STATE=getMsg HTTP/1.1" 200 27
101.80.231.29 - - [29/Dec/2023:09:57:46 +0800] "GET /xingrg/all/function/internal_message.html?_=1703815088066&CODE_STATE=getMsg HTTP/1.1" 200 27
124.78.154.219 - - [29/Dec/2023:09:57:48 +0800] "POST /xingrg/kc/buy/cgsh_order_operate.html HTTP/1.1" 200 42261
101.83.145.37 - - [29/Dec/2023:09:57:49 +0800] "GET /xingrg/all/function/internal_message.html?_=1703815070014&CODE_STATE=getMsg HTTP/1.1" 200 27
116.224.121.124 - - [29/Dec/2023:09:57:53 +0800] "GET /xingrg/check_reg.html?_=1703815075262 HTTP/1.1" 200 22
116.224.121.124 - - [29/Dec/2023:09:57:53 +0800] "GET /xingrg/all/function/internal_message.html?_=1703815075266&CODE_STATE=getMsg HTTP/1.1" 200 27
116.230.112.47 - - [29/Dec/2023:09:57:56 +0800] "GET /xingrg/all/function/internal_message.html?_=1703815094596&CODE_STATE=getMsg HTTP/1.1" 200 27
180.169.147.146 - - [29/Dec/2023:09:58:00 +0800] "GET /xingrg/kc/buy/cgsh_order_add.html HTTP/1.1" 200 72878
180.169.147.146 - - [29/Dec/2023:09:58:00 +0800] "GET /xingrg/words/20231228173300_words.js HTTP/1.1" 304 -
180.169.147.146 - - [29/Dec/2023:09:58:00 +0800] "POST /xingrg/kc/buy/cgsh_order_operate.html HTTP/1.1" 200 8245
124.78.154.219 - - [29/Dec/2023:09:58:00 +0800] "GET /xingrg/check_reg.html?_=1703815080840 HTTP/1.1" 200 22
180.169.147.146 - - [29/Dec/2023:09:58:00 +0800] "GET /xingrg/javascript/easyui/themes/default/validatebox.css HTTP/1.1" 404 1104
180.169.147.146 - - [29/Dec/2023:09:58:00 +0800] "GET /xingrg/all/common/auto_word.html?type=employee&rest_code=00147 HTTP/1.1" 200 101
180.169.147.146 - - [29/Dec/2023:09:58:00 +0800] "GET /xingrg/all/common/auto_word.html?type=employee&rest_code=00147 HTTP/1.1" 200 101
58.40.7.146 - - [29/Dec/2023:09:58:01 +0800] "GET /xingrg/check_reg.html?_=1703815081183 HTTP/1.1" 200 22
180.169.147.146 - - [29/Dec/2023:09:58:04 +0800] "GET /xingrg/javascript/auto/indicator.gif HTTP/1.1" 404 1066
180.169.147.146 - - [29/Dec/2023:09:58:04 +0800] "GET /xingrg/javascript/jquery_tools/images/prev.gif HTTP/1.1" 404 1086
180.169.147.146 - - [29/Dec/2023:09:58:04 +0800] "GET /xingrg/javascript/jquery_tools/images/next.gif HTTP/1.1" 404 1086
116.232.193.168 - - [29/Dec/2023:09:58:06 +0800] "GET /xingrg/all/function/internal_message.html?_=1703815053650&CODE_STATE=getMsg HTTP/1.1" 200 27
180.169.147.146 - - [29/Dec/2023:09:58:07 +0800] "GET /xingrg/all/function/internal_message.html?_=1703815059044&CODE_STATE=getMsg HTTP/1.1" 200 27
218.79.29.24 - - [29/Dec/2023:09:58:08 +0800] "GET /xingrg/all/function/internal_message.html?_=1703815090012&CODE_STATE=getMsg HTTP/1.1" 200 27
222.70.180.200 - - [29/Dec/2023:09:58:11 +0800] "GET /xingrg/all/function/internal_message.html?_=1703815090476&CODE_STATE=getMsg HTTP/1.1" 200 27
114.83.219.137 - - [29/Dec/2023:09:58:13 +0800] "GET /xingrg/all/function/internal_message.html?_=1703815091699&CODE_STATE=getMsg HTTP/1.1" 200 27
180.163.30.27 - - [29/Dec/2023:09:58:14 +0800] "GET /xingrg/all/function/internal_message.html?_=1703815034481&CODE_STATE=getMsg HTTP/1.1" 302 -
180.163.30.27 - - [29/Dec/2023:09:58:14 +0800] "GET /xingrg/login.html HTTP/1.1" 200 7641
124.78.154.219 - - [29/Dec/2023:09:58:14 +0800] "GET /xingrg/all/function/internal_message.html?_=1703815094447&CODE_STATE=getMsg HTTP/1.1" 200 27
114.95.241.104 - - [29/Dec/2023:09:58:17 +0800] "GET /xingrg/all/function/internal_message.html?_=1703815097831&CODE_STATE=getMsg HTTP/1.1" 200 27
222.69.132.22 - - [29/Dec/2023:09:58:19 +0800] "GET /xingrg/all/function/internal_message.html?_=1703815099683&CODE_STATE=getMsg HTTP/1.1" 200 27
222.69.132.22 - - [29/Dec/2023:09:58:19 +0800] "GET /xingrg/check_reg.html?_=1703815099686 HTTP/1.1" 200 22
180.164.1.25 - - [29/Dec/2023:09:58:25 +0800] "GET /xingrg/all/function/internal_message.html?_=1703815105741&CODE_STATE=getMsg HTTP/1.1" 200 27
222.67.232.215 - - [29/Dec/2023:09:58:28 +0800] "GET /xingrg/check_reg.html?_=1703815108619 HTTP/1.1" 200 22
221.239.172.206 - - [29/Dec/2023:09:58:45 +0800] "GET /xingrg/all/function/internal_message.html?_=1703815124507&CODE_STATE=getMsg HTTP/1.1" 200 27
221.239.172.206 - - [29/Dec/2023:09:58:45 +0800] "GET /xingrg/check_reg.html?_=1703815124510 HTTP/1.1" 200 22
101.80.231.29 - - [29/Dec/2023:09:58:46 +0800] "GET /xingrg/check_reg.html?_=1703815148056 HTTP/1.1" 200 22
101.80.231.29 - - [29/Dec/2023:09:58:46 +0800] "GET /xingrg/all/function/internal_message.html?_=1703815148065&CODE_STATE=getMsg HTTP/1.1" 200 27
180.169.147.146 - - [29/Dec/2023:09:58:48 +0800] "GET /xingrg/kc/buy/cgsh_order_operate.html?command=get_materiel&rest_code=00147&code=00102007025&supplier_code=00100082&order_time=2023-12-29 HTTP/1.1" 200 413
101.83.145.37 - - [29/Dec/2023:09:58:49 +0800] "GET /xingrg/all/function/internal_message.html?_=1703815129994&CODE_STATE=getMsg HTTP/1.1" 200 27
116.224.121.124 - - [29/Dec/2023:09:58:53 +0800] "GET /xingrg/all/function/internal_message.html?_=1703815135275&CODE_STATE=getMsg HTTP/1.1" 200 27
124.78.154.219 - - [29/Dec/2023:09:58:54 +0800] "GET /xingrg/kc/print/load_data.html?order_code=212023122910792&kc_code=cgsh HTTP/1.1" 200 15671
116.230.112.47 - - [29/Dec/2023:09:58:56 +0800] "GET /xingrg/all/function/internal_message.html?_=1703815154627&CODE_STATE=getMsg HTTP/1.1" 200 27
180.169.147.146 - - [29/Dec/2023:09:58:58 +0800] "POST /xingrg/kc/buy/cgsh_order_operate.html HTTP/1.1" 200 37
180.169.147.146 - - [29/Dec/2023:09:59:00 +0800] "POST /xingrg/kc/buy/cgsh_order_operate.html HTTP/1.1" 200 2658
180.169.147.146 - - [29/Dec/2023:09:59:00 +0800] "GET /xingrg/kc/print/load_config.html?kc_code=cgsh HTTP/1.1" 200 1927
180.169.147.146 - - [29/Dec/2023:09:59:01 +0800] "GET /xingrg/check_reg.html?_=1703815141013 HTTP/1.1" 302 -
180.169.147.146 - - [29/Dec/2023:09:59:01 +0800] "GET /xingrg/kc/print/load_data.html?order_code=212023122910822&kc_code=cgsh&condition= HTTP/1.1" 200 735
116.232.193.168 - - [29/Dec/2023:09:59:06 +0800] "GET /xingrg/all/function/internal_message.html?_=1703815113628&CODE_STATE=getMsg HTTP/1.1" 200 27
180.169.147.146 - - [29/Dec/2023:09:59:07 +0800] "GET /xingrg/all/function/internal_message.html?_=1703815119040&CODE_STATE=getMsg HTTP/1.1" 200 27
218.79.29.24 - - [29/Dec/2023:09:59:08 +0800] "GET /xingrg/all/function/internal_message.html?_=1703815150003&CODE_STATE=getMsg HTTP/1.1" 200 27
222.70.180.200 - - [29/Dec/2023:09:59:11 +0800] "GET /xingrg/all/function/internal_message.html?_=1703815150460&CODE_STATE=getMsg HTTP/1.1" 200 27
114.83.219.137 - - [29/Dec/2023:09:59:11 +0800] "GET /xingrg/check_reg.html?_=1703815150468 HTTP/1.1" 200 22
114.83.219.137 - - [29/Dec/2023:09:59:13 +0800] "GET /xingrg/all/function/internal_message.html?_=1703815151674&CODE_STATE=getMsg HTTP/1.1" 200 27
180.163.28.180 - - [29/Dec/2023:09:59:14 +0800] "GET /xingrg/all/function/internal_message.html?_=1703815094447&CODE_STATE=getMsg HTTP/1.1" 302 -
180.163.28.180 - - [29/Dec/2023:09:59:14 +0800] "GET /xingrg/login.html HTTP/1.1" 200 7641
114.95.241.104 - - [29/Dec/2023:09:59:17 +0800] "GET /xingrg/all/function/internal_message.html?_=1703815157823&CODE_STATE=getMsg HTTP/1.1" 200 27
222.69.132.22 - - [29/Dec/2023:09:59:19 +0800] "GET /xingrg/all/function/internal_message.html?_=1703815159676&CODE_STATE=getMsg HTTP/1.1" 200 27
180.164.1.25 - - [29/Dec/2023:09:59:25 +0800] "GET /xingrg/all/function/internal_message.html?_=1703815165746&CODE_STATE=getMsg HTTP/1.1" 200 27
124.78.154.219 - - [29/Dec/2023:09:59:29 +0800] "GET /xingrg/all/function/internal_message.html?_=1703815169980&CODE_STATE=getMsg HTTP/1.1" 200 27
221.239.172.206 - - [29/Dec/2023:09:59:45 +0800] "GET /xingrg/all/function/internal_message.html?_=1703815184510&CODE_STATE=getMsg HTTP/1.1" 200 27
101.80.231.29 - - [29/Dec/2023:09:59:46 +0800] "GET /xingrg/all/function/internal_message.html?_=1703815208065&CODE_STATE=getMsg HTTP/1.1" 200 27
116.232.193.168 - - [29/Dec/2023:09:59:48 +0800] "GET /xingrg/check_reg.html?_=1703815155991 HTTP/1.1" 200 22
101.83.145.37 - - [29/Dec/2023:09:59:49 +0800] "GET /xingrg/all/function/internal_message.html?_=1703815189974&CODE_STATE=getMsg HTTP/1.1" 200 27
101.83.145.37 - - [29/Dec/2023:09:59:50 +0800] "GET /xingrg/check_reg.html?_=1703815191047 HTTP/1.1" 200 22
116.224.121.124 - - [29/Dec/2023:09:59:53 +0800] "GET /xingrg/all/function/internal_message.html?_=1703815195265&CODE_STATE=getMsg HTTP/1.1" 200 27
180.163.30.27 - - [29/Dec/2023:09:59:54 +0800] "GET /xingrg/kc/print/load_data.html?order_code=212023122910792&kc_code=cgsh HTTP/1.1" 302 -
180.163.30.27 - - [29/Dec/2023:09:59:54 +0800] "GET /xingrg/login.html HTTP/1.1" 200 7641
116.230.112.47 - - [29/Dec/2023:09:59:56 +0800] "GET /xingrg/all/function/internal_message.html?_=1703815214637&CODE_STATE=getMsg HTTP/1.1" 200 27
116.232.193.168 - - [29/Dec/2023:10:00:06 +0800] "GET /xingrg/all/function/internal_message.html?_=1703815173608&CODE_STATE=getMsg HTTP/1.1" 200 27
180.169.147.146 - - [29/Dec/2023:10:00:07 +0800] "GET /xingrg/all/function/internal_message.html?_=1703815179045&CODE_STATE=getMsg HTTP/1.1" 200 27
218.79.29.24 - - [29/Dec/2023:10:00:08 +0800] "GET /xingrg/all/function/internal_message.html?_=1703815209974&CODE_STATE=getMsg HTTP/1.1" 200 27
222.70.180.200 - - [29/Dec/2023:10:00:11 +0800] "GET /xingrg/all/function/internal_message.html?_=1703815210444&CODE_STATE=getMsg HTTP/1.1" 200 27
114.83.219.137 - - [29/Dec/2023:10:00:13 +0800] "GET /xingrg/all/function/internal_message.html?_=1703815211646&CODE_STATE=getMsg HTTP/1.1" 200 27
114.95.241.104 - - [29/Dec/2023:10:00:17 +0800] "GET /xingrg/check_reg.html?_=1703815217828 HTTP/1.1" 200 22
114.95.241.104 - - [29/Dec/2023:10:00:17 +0800] "GET /xingrg/all/function/internal_message.html?_=1703815217832&CODE_STATE=getMsg HTTP/1.1" 200 27
222.69.132.22 - - [29/Dec/2023:10:00:19 +0800] "GET /xingrg/all/function/internal_message.html?_=1703815219685&CODE_STATE=getMsg HTTP/1.1" 200 27
180.164.1.25 - - [29/Dec/2023:10:00:25 +0800] "GET /xingrg/check_reg.html?_=1703815225748 HTTP/1.1" 200 22
