114.95.241.104 - - [29/Dec/2023:09:06:32 +0800] "GET /xingrg/all/function/internal_message.html?_=1703811993050&CODE_STATE=getMsg HTTP/1.1" 200 27
114.95.241.104 - - [29/Dec/2023:09:06:32 +0800] "GET /xingrg/check_reg.html?_=1703811993051 HTTP/1.1" 200 22
124.78.154.219 - - [29/Dec/2023:09:06:35 +0800] "GET /xingrg/javascript/auto/indicator.gif HTTP/1.1" 404 1066
114.95.241.104 - - [29/Dec/2023:09:06:40 +0800] "POST /xingrg/kc/buy/cgsh_order_operate.html HTTP/1.1" 200 12
124.78.154.219 - - [29/Dec/2023:09:06:40 +0800] "GET /xingrg/kc/base/wldb_order_operate.html?command=get_materiel&rest_code=00106&base_code=0010397&code=00102002610 HTTP/1.1" 200 443
114.83.219.137 - - [29/Dec/2023:09:06:41 +0800] "GET /xingrg/kc/buy/cgsh_order_operate.html?command=get_materiel&rest_code=00149&code=00101008502&supplier_code=00100008&order_time=2023-12-29 HTTP/1.1" 200 412
114.95.241.104 - - [29/Dec/2023:09:06:42 +0800] "GET /xingrg/kc/buy/cgsh_order_info.html?code=212023122910783 HTTP/1.1" 200 67800
114.95.241.104 - - [29/Dec/2023:09:06:43 +0800] "GET /xingrg/javascript/easyui/themes/default/validatebox.css HTTP/1.1" 404 1104
116.224.121.124 - - [29/Dec/2023:09:06:43 +0800] "GET /xingrg/all/function/internal_message.html?_=1703812005374&CODE_STATE=getMsg HTTP/1.1" 302 -
116.224.121.124 - - [29/Dec/2023:09:06:44 +0800] "GET /xingrg/check_reg.html?_=1703812005559 HTTP/1.1" 302 -
114.95.241.104 - - [29/Dec/2023:09:06:44 +0800] "POST /xingrg/kc/buy/cgsh_order_operate.html HTTP/1.1" 200 26059
124.78.154.219 - - [29/Dec/2023:09:06:44 +0800] "GET /xingrg/javascript/jquery_easy_ui/themes/icons/rest.png HTTP/1.1" 304 -
124.78.154.219 - - [29/Dec/2023:09:06:44 +0800] "GET /xingrg/javascript/jquery_easy_ui/themes/icons/area.png HTTP/1.1" 304 -
221.239.172.206 - - [29/Dec/2023:09:06:45 +0800] "GET /xingrg/all/function/internal_message.html?_=1703812004446&CODE_STATE=getMsg HTTP/1.1" 200 27
114.95.241.104 - - [29/Dec/2023:09:06:45 +0800] "GET /xingrg/kc/print/load_config.html?kc_code=cgsh HTTP/1.1" 200 1927
114.95.241.104 - - [29/Dec/2023:09:06:46 +0800] "GET /xingrg/kc/print/load_data.html?order_code=212023122910783&kc_code=cgsh&condition= HTTP/1.1" 200 10383
101.80.231.29 - - [29/Dec/2023:09:06:46 +0800] "GET /xingrg/all/function/internal_message.html?_=1703812027950&CODE_STATE=getMsg HTTP/1.1" 200 27
114.95.241.104 - - [29/Dec/2023:09:06:47 +0800] "GET /xingrg/all/function/internal_message.html?_=1703812007703&CODE_STATE=getMsg HTTP/1.1" 200 27
101.83.145.37 - - [29/Dec/2023:09:06:50 +0800] "GET /xingrg/all/function/internal_message.html?_=1703812011045&CODE_STATE=getMsg HTTP/1.1" 200 27
114.83.219.137 - - [29/Dec/2023:09:06:53 +0800] "GET /xingrg/kc/buy/cgsh_order_operate.html?command=get_materiel&rest_code=00149&code=00101008298&supplier_code=00100008&order_time=2023-12-29 HTTP/1.1" 200 413
222.70.180.200 - - [29/Dec/2023:09:06:53 +0800] "GET /xingrg/kc/buy/cgsh_order_operate.html?command=get_materiel&rest_code=00111&code=00101008261&supplier_code=00100005&order_time=2023-12-29 HTTP/1.1" 200 408
101.83.145.37 - - [29/Dec/2023:09:06:56 +0800] "GET /xingrg/kc/buy/cgsh_order_operate.html?command=get_materiel&rest_code=00105&code=00101016100&supplier_code=00100151&order_time=2023-12-29 HTTP/1.1" 200 412
124.79.241.187 - - [29/Dec/2023:09:06:56 +0800] "POST /xingrg/services/DataTransmitService HTTP/1.1" 200 524
124.78.154.219 - - [29/Dec/2023:09:07:02 +0800] "GET /xingrg/all/function/internal_message.html?_=1703812022416&CODE_STATE=getMsg HTTP/1.1" 200 27
116.230.112.47 - - [29/Dec/2023:09:07:03 +0800] "GET /xingrg/all/function/internal_message.html?_=1703812040781&CODE_STATE=getMsg HTTP/1.1" 200 27
114.83.219.137 - - [29/Dec/2023:09:07:03 +0800] "GET /xingrg/kc/buy/cgsh_order_operate.html?command=get_materiel&rest_code=00149&code=00101008330&supplier_code=00100008&order_time=2023-12-29 HTTP/1.1" 200 408
114.83.219.137 - - [29/Dec/2023:09:07:05 +0800] "POST /xingrg/kc/buy/cgsh_order_operate.html HTTP/1.1" 200 2065
116.232.193.168 - - [29/Dec/2023:09:07:05 +0800] "GET /xingrg/all/function/internal_message.html?_=1703811993524&CODE_STATE=getMsg HTTP/1.1" 200 27
218.79.29.24 - - [29/Dec/2023:09:07:09 +0800] "GET /xingrg/all/function/internal_message.html?_=1703812031249&CODE_STATE=getMsg HTTP/1.1" 200 27
222.70.180.200 - - [29/Dec/2023:09:07:11 +0800] "GET /xingrg/all/function/internal_message.html?_=1703812030554&CODE_STATE=getMsg HTTP/1.1" 200 27
114.83.219.137 - - [29/Dec/2023:09:07:11 +0800] "GET /xingrg/all/function/internal_message.html?_=1703812030415&CODE_STATE=getMsg HTTP/1.1" 200 27
114.83.219.137 - - [29/Dec/2023:09:07:12 +0800] "GET /xingrg/kc/buy/cgsh_order_operate.html?command=get_materiel&rest_code=00149&code=00101008646&supplier_code=00100008&order_time=2023-12-29 HTTP/1.1" 200 413
120.253.135.82 - - [29/Dec/2023:09:07:15 +0800] "GET /xingrg/check_reg.html?_=1703811852089 HTTP/1.1" 200 22
114.83.219.137 - - [29/Dec/2023:09:07:22 +0800] "GET /xingrg/kc/buy/cgsh_order_operate.html?command=get_materiel&rest_code=00149&code=00101008357&supplier_code=00100008&order_time=2023-12-29 HTTP/1.1" 200 408
218.79.29.24 - - [29/Dec/2023:09:07:30 +0800] "GET /xingrg/check_reg.html?_=1703812052375 HTTP/1.1" 200 22
114.83.219.137 - - [29/Dec/2023:09:07:32 +0800] "GET /xingrg/kc/buy/cgsh_order_operate.html?command=get_materiel&rest_code=00149&code=00101008069&supplier_code=00100008&order_time=2023-12-29 HTTP/1.1" 200 412
114.95.241.104 - - [29/Dec/2023:09:07:32 +0800] "GET /xingrg/all/function/internal_message.html?_=1703812053051&CODE_STATE=getMsg HTTP/1.1" 200 27
222.70.180.200 - - [29/Dec/2023:09:07:39 +0800] "GET /xingrg/kc/buy/cgsh_order_operate.html?command=get_materiel&rest_code=00111&code=00101008089&supplier_code=00100005&order_time=2023-12-29 HTTP/1.1" 200 408
116.224.121.124 - - [29/Dec/2023:09:07:43 +0800] "GET /xingrg/all/function/internal_message.html?_=1703812065356&CODE_STATE=getMsg HTTP/1.1" 302 -
222.70.180.200 - - [29/Dec/2023:09:07:44 +0800] "POST /xingrg/kc/buy/cgsh_order_operate.html HTTP/1.1" 200 2065
221.239.172.206 - - [29/Dec/2023:09:07:45 +0800] "GET /xingrg/all/function/internal_message.html?_=1703812064451&CODE_STATE=getMsg HTTP/1.1" 200 27
114.83.219.137 - - [29/Dec/2023:09:07:45 +0800] "GET /xingrg/kc/buy/cgsh_order_operate.html?command=get_materiel&rest_code=00149&code=00101008286&supplier_code=00100008&order_time=2023-12-29 HTTP/1.1" 200 408
101.80.231.29 - - [29/Dec/2023:09:07:46 +0800] "GET /xingrg/all/function/internal_message.html?_=1703812087950&CODE_STATE=getMsg HTTP/1.1" 200 27
101.83.145.37 - - [29/Dec/2023:09:07:47 +0800] "GET /xingrg/kc/buy/cgsh_order_operate.html?command=get_materiel&rest_code=00105&code=00101016105&supplier_code=00100151&order_time=2023-12-29 HTTP/1.1" 200 411
114.95.241.104 - - [29/Dec/2023:09:07:47 +0800] "GET /xingrg/all/function/internal_message.html?_=1703812067688&CODE_STATE=getMsg HTTP/1.1" 200 27
222.70.180.200 - - [29/Dec/2023:09:07:56 +0800] "GET /xingrg/kc/buy/cgsh_order_operate.html?command=get_materiel&rest_code=00111&code=00101008186&supplier_code=00100005&order_time=2023-12-29 HTTP/1.1" 200 408
114.83.219.137 - - [29/Dec/2023:09:07:56 +0800] "POST /xingrg/kc/buy/cgsh_order_operate.html HTTP/1.1" 200 2065
58.40.7.146 - - [29/Dec/2023:09:07:56 +0800] "GET /xingrg/check_reg.html?_=1703812076710 HTTP/1.1" 200 22
124.78.154.219 - - [29/Dec/2023:09:08:00 +0800] "GET /xingrg/check_reg.html?_=1703812080771 HTTP/1.1" 200 22
124.78.154.219 - - [29/Dec/2023:09:08:02 +0800] "GET /xingrg/all/function/internal_message.html?_=1703812082401&CODE_STATE=getMsg HTTP/1.1" 200 27
116.230.112.47 - - [29/Dec/2023:09:08:03 +0800] "GET /xingrg/all/function/internal_message.html?_=1703812100796&CODE_STATE=getMsg HTTP/1.1" 200 27
120.253.135.82 - - [29/Dec/2023:09:08:05 +0800] "POST /xingrg/kc/buy/cgsh_order_operate.html HTTP/1.1" 200 37
116.232.193.168 - - [29/Dec/2023:09:08:05 +0800] "GET /xingrg/all/function/internal_message.html?_=1703812053500&CODE_STATE=getMsg HTTP/1.1" 200 27
101.83.145.37 - - [29/Dec/2023:09:08:09 +0800] "GET /xingrg/kc/buy/cgsh_order_operate.html?command=get_materiel&rest_code=00105&code=00101016030&supplier_code=00100151&order_time=2023-12-29 HTTP/1.1" 200 412
218.79.29.24 - - [29/Dec/2023:09:08:09 +0800] "GET /xingrg/all/function/internal_message.html?_=1703812091223&CODE_STATE=getMsg HTTP/1.1" 200 27
222.70.180.200 - - [29/Dec/2023:09:08:10 +0800] "GET /xingrg/kc/buy/cgsh_order_operate.html?command=get_materiel&rest_code=00111&code=00101008096&supplier_code=00100005&order_time=2023-12-29 HTTP/1.1" 200 413
222.70.180.200 - - [29/Dec/2023:09:08:11 +0800] "GET /xingrg/all/function/internal_message.html?_=1703812090534&CODE_STATE=getMsg HTTP/1.1" 200 27
114.83.219.137 - - [29/Dec/2023:09:08:11 +0800] "GET /xingrg/all/function/internal_message.html?_=1703812090389&CODE_STATE=getMsg HTTP/1.1" 200 27
114.83.219.137 - - [29/Dec/2023:09:08:16 +0800] "GET /xingrg/kc/buy/cgsh_order_operate.html?command=get_materiel&rest_code=00149&code=00101008368&supplier_code=00100008&order_time=2023-12-29 HTTP/1.1" 200 408
120.253.135.82 - - [29/Dec/2023:09:08:16 +0800] "POST /xingrg/kc/buy/cgsh_order_operate.html HTTP/1.1" 200 12
101.83.145.37 - - [29/Dec/2023:09:08:23 +0800] "GET /xingrg/kc/buy/cgsh_order_operate.html?command=get_materiel&rest_code=00105&code=00101012025&supplier_code=00100151&order_time=2023-12-29 HTTP/1.1" 200 412
120.253.135.82 - - [29/Dec/2023:09:08:23 +0800] "GET /xingrg/kc/buy/cgsh_order_info.html?code=212023122910786 HTTP/1.1" 200 66801
120.253.135.82 - - [29/Dec/2023:09:08:24 +0800] "GET /xingrg/javascript/easyui/themes/default/validatebox.css HTTP/1.1" 404 1104
222.70.180.200 - - [29/Dec/2023:09:08:24 +0800] "GET /xingrg/kc/buy/cgsh_order_operate.html?command=get_materiel&rest_code=00111&code=00101008051&supplier_code=00100005&order_time=2023-12-29 HTTP/1.1" 200 409
120.253.135.82 - - [29/Dec/2023:09:08:25 +0800] "POST /xingrg/kc/buy/cgsh_order_operate.html HTTP/1.1" 200 3658
114.83.219.137 - - [29/Dec/2023:09:08:25 +0800] "GET /xingrg/kc/buy/cgsh_order_operate.html?command=get_materiel&rest_code=00149&code=00101008131&supplier_code=00100008&order_time=2023-12-29 HTTP/1.1" 200 408
222.67.232.215 - - [29/Dec/2023:09:08:28 +0800] "GET /xingrg/check_reg.html?_=1703812108686 HTTP/1.1" 200 22
120.253.135.82 - - [29/Dec/2023:09:08:31 +0800] "GET /xingrg/kc/pszx/mdqp_order_list.html?state=10 HTTP/1.1" 200 10319
120.253.135.82 - - [29/Dec/2023:09:08:31 +0800] "GET /xingrg/dwr/interface/AjaxReportQueryService.js HTTP/1.1" 200 13203
120.253.135.82 - - [29/Dec/2023:09:08:31 +0800] "GET /xingrg/dwr/engine.js HTTP/1.1" 200 43631
120.253.135.82 - - [29/Dec/2023:09:08:31 +0800] "GET /xingrg/dwr/interface/AjaxQqpsService.js HTTP/1.1" 200 16326
101.83.145.37 - - [29/Dec/2023:09:08:32 +0800] "GET /xingrg/kc/buy/cgsh_order_operate.html?command=get_materiel&rest_code=00105&code=00101010248&supplier_code=00100151&order_time=2023-12-29 HTTP/1.1" 200 430
120.253.135.82 - - [29/Dec/2023:09:08:32 +0800] "POST /xingrg/kc/buy/cgsh_list_operate.html HTTP/1.1" 200 986
114.95.241.104 - - [29/Dec/2023:09:08:32 +0800] "GET /xingrg/all/function/internal_message.html?_=1703812113051&CODE_STATE=getMsg HTTP/1.1" 200 27
120.253.135.82 - - [29/Dec/2023:09:08:33 +0800] "GET /xingrg/kc/pszx/mdps_order_list.html?orderType=0 HTTP/1.1" 200 21036
120.253.135.82 - - [29/Dec/2023:09:08:33 +0800] "POST /xingrg/kc/pszx/mdps_list_operate.html HTTP/1.1" 200 5246
222.70.180.200 - - [29/Dec/2023:09:08:37 +0800] "GET /xingrg/kc/buy/cgsh_order_operate.html?command=get_materiel&rest_code=00111&code=00101008370&supplier_code=00100005&order_time=2023-12-29 HTTP/1.1" 200 412
101.83.145.37 - - [29/Dec/2023:09:08:41 +0800] "GET /xingrg/kc/buy/cgsh_order_operate.html?command=get_materiel&rest_code=00105&code=00101012051&supplier_code=00100151&order_time=2023-12-29 HTTP/1.1" 200 408
120.253.135.82 - - [29/Dec/2023:09:08:42 +0800] "POST /xingrg/kc/pszx/mdps_list_operate.html HTTP/1.1" 200 3175
116.224.121.124 - - [29/Dec/2023:09:08:43 +0800] "GET /xingrg/all/function/internal_message.html?_=1703812125329&CODE_STATE=getMsg HTTP/1.1" 302 -
221.239.172.206 - - [29/Dec/2023:09:08:45 +0800] "GET /xingrg/all/function/internal_message.html?_=1703812124450&CODE_STATE=getMsg HTTP/1.1" 200 27
221.239.172.206 - - [29/Dec/2023:09:08:45 +0800] "GET /xingrg/check_reg.html?_=1703812124455 HTTP/1.1" 200 22
101.80.231.29 - - [29/Dec/2023:09:08:46 +0800] "GET /xingrg/check_reg.html?_=1703812147950 HTTP/1.1" 200 22
101.80.231.29 - - [29/Dec/2023:09:08:46 +0800] "GET /xingrg/all/function/internal_message.html?_=1703812147953&CODE_STATE=getMsg HTTP/1.1" 200 27
114.95.241.104 - - [29/Dec/2023:09:08:47 +0800] "GET /xingrg/all/function/internal_message.html?_=1703812127685&CODE_STATE=getMsg HTTP/1.1" 200 27
120.253.135.82 - - [29/Dec/2023:09:08:48 +0800] "POST /xingrg/kc/pszx/mdps_list_operate.html HTTP/1.1" 200 208
101.83.145.37 - - [29/Dec/2023:09:08:48 +0800] "GET /xingrg/kc/buy/cgsh_order_operate.html?command=get_materiel&rest_code=00105&code=00101012029&supplier_code=00100151&order_time=2023-12-29 HTTP/1.1" 200 412
120.253.135.82 - - [29/Dec/2023:09:08:49 +0800] "GET /xingrg/kc/pszx/mdps_order_info.html?code=312023122800640 HTTP/1.1" 200 23976
120.253.135.82 - - [29/Dec/2023:09:08:50 +0800] "GET /xingrg/javascript/easyui/themes/default/validatebox.css HTTP/1.1" 404 1104
101.83.145.37 - - [29/Dec/2023:09:08:50 +0800] "GET /xingrg/all/function/internal_message.html?_=1703812131025&CODE_STATE=getMsg HTTP/1.1" 200 27
120.253.135.82 - - [29/Dec/2023:09:08:50 +0800] "POST /xingrg/kc/pszx/mdps_order_operate.html HTTP/1.1" 200 2303
116.232.193.168 - - [29/Dec/2023:09:08:51 +0800] "GET /xingrg/kc/buy/cgsh_order_add.html HTTP/1.1" 200 72878
116.232.193.168 - - [29/Dec/2023:09:08:51 +0800] "GET /xingrg/words/20231228173300_words.js HTTP/1.1" 200 1004407
116.232.193.168 - - [29/Dec/2023:09:08:51 +0800] "POST /xingrg/kc/buy/cgsh_order_operate.html HTTP/1.1" 200 8245
116.232.193.168 - - [29/Dec/2023:09:08:51 +0800] "GET /xingrg/javascript/easyui/themes/default/validatebox.css HTTP/1.1" 404 1104
116.232.193.168 - - [29/Dec/2023:09:08:51 +0800] "GET /xingrg/all/common/auto_word.html?type=employee&rest_code=00155 HTTP/1.1" 200 255
116.232.193.168 - - [29/Dec/2023:09:08:51 +0800] "GET /xingrg/all/common/auto_word.html?type=employee&rest_code=00155 HTTP/1.1" 200 255
116.232.193.168 - - [29/Dec/2023:09:08:54 +0800] "GET /xingrg/kc/mdqp/qp_main.html HTTP/1.1" 200 10633
120.253.135.82 - - [29/Dec/2023:09:08:54 +0800] "POST /xingrg/kc/pszx/mdps_order_operate.html HTTP/1.1" 200 37
116.232.193.168 - - [29/Dec/2023:09:08:55 +0800] "GET /xingrg/images/yd/bt.gif HTTP/1.1" 404 1040
116.232.193.168 - - [29/Dec/2023:09:08:57 +0800] "GET /xingrg/kc/buy/buy_main.html HTTP/1.1" 200 12412
116.232.193.168 - - [29/Dec/2023:09:08:57 +0800] "GET /xingrg/css/new_ie.css HTTP/1.1" 404 1036
222.70.180.200 - - [29/Dec/2023:09:08:59 +0800] "GET /xingrg/kc/buy/cgsh_order_operate.html?command=get_materiel&rest_code=00111&code=00101008372&supplier_code=00100005&order_time=2023-12-29 HTTP/1.1" 200 408
116.232.193.168 - - [29/Dec/2023:09:08:59 +0800] "GET /xingrg/kc/buy/cgsh_order_list.html HTTP/1.1" 200 57055
120.253.135.82 - - [29/Dec/2023:09:08:59 +0800] "POST /xingrg/kc/pszx/mdps_order_operate.html HTTP/1.1" 200 12
116.230.112.47 - - [29/Dec/2023:09:09:00 +0800] "GET /xingrg/check_reg.html?_=1703812157869 HTTP/1.1" 200 22
180.169.147.146 - - [29/Dec/2023:09:09:01 +0800] "GET /xingrg/check_reg.html?_=1703812141057 HTTP/1.1" 302 -
101.83.145.37 - - [29/Dec/2023:09:09:01 +0800] "GET /xingrg/kc/buy/cgsh_order_operate.html?command=get_materiel&rest_code=00105&code=00101006177&supplier_code=00100151&order_time=2023-12-29 HTTP/1.1" 200 408
222.70.180.200 - - [29/Dec/2023:09:09:01 +0800] "POST /xingrg/kc/buy/cgsh_order_operate.html HTTP/1.1" 200 2065
116.232.193.168 - - [29/Dec/2023:09:09:01 +0800] "POST /xingrg/kc/buy/cgsh_list_operate.html HTTP/1.1" 200 986
124.78.154.219 - - [29/Dec/2023:09:09:02 +0800] "GET /xingrg/all/function/internal_message.html?_=1703812142374&CODE_STATE=getMsg HTTP/1.1" 200 27
116.230.112.47 - - [29/Dec/2023:09:09:03 +0800] "GET /xingrg/all/function/internal_message.html?_=1703812160810&CODE_STATE=getMsg HTTP/1.1" 200 27
116.232.193.168 - - [29/Dec/2023:09:09:05 +0800] "GET /xingrg/all/function/internal_message.html?_=1703812113485&CODE_STATE=getMsg HTTP/1.1" 200 27
218.79.29.24 - - [29/Dec/2023:09:09:09 +0800] "GET /xingrg/all/function/internal_message.html?_=1703812151209&CODE_STATE=getMsg HTTP/1.1" 200 27
222.70.180.200 - - [29/Dec/2023:09:09:10 +0800] "GET /xingrg/kc/buy/cgsh_order_operate.html?command=get_materiel&rest_code=00111&code=00101008356&supplier_code=00100005&order_time=2023-12-29 HTTP/1.1" 200 408
120.253.135.82 - - [29/Dec/2023:09:09:10 +0800] "GET /xingrg/kc/pszx/mdps_order_info.html?code=312023122800640 HTTP/1.1" 200 19636
120.253.135.82 - - [29/Dec/2023:09:09:11 +0800] "GET /xingrg/javascript/easyui/themes/default/validatebox.css HTTP/1.1" 404 1104
222.70.180.200 - - [29/Dec/2023:09:09:11 +0800] "GET /xingrg/all/function/internal_message.html?_=1703812150519&CODE_STATE=getMsg HTTP/1.1" 200 27
120.253.135.82 - - [29/Dec/2023:09:09:11 +0800] "POST /xingrg/kc/pszx/mdps_order_operate.html HTTP/1.1" 200 524
114.83.219.137 - - [29/Dec/2023:09:09:11 +0800] "GET /xingrg/check_reg.html?_=1703812150402 HTTP/1.1" 200 22
114.83.219.137 - - [29/Dec/2023:09:09:11 +0800] "GET /xingrg/all/function/internal_message.html?_=1703812150403&CODE_STATE=getMsg HTTP/1.1" 200 27
120.253.135.82 - - [29/Dec/2023:09:09:17 +0800] "POST /xingrg/kc/pszx/mdps_list_operate.html HTTP/1.1" 200 213
120.253.135.82 - - [29/Dec/2023:09:09:18 +0800] "GET /xingrg/kc/pszx/mdps_order_info.html?code=312023122600607 HTTP/1.1" 200 23976
120.253.135.82 - - [29/Dec/2023:09:09:18 +0800] "GET /xingrg/javascript/easyui/themes/default/validatebox.css HTTP/1.1" 404 1104
120.253.135.82 - - [29/Dec/2023:09:09:19 +0800] "POST /xingrg/kc/pszx/mdps_order_operate.html HTTP/1.1" 200 2298
101.83.145.37 - - [29/Dec/2023:09:09:19 +0800] "GET /xingrg/kc/buy/cgsh_order_operate.html?command=get_materiel&rest_code=00105&code=00101012033&supplier_code=00100151&order_time=2023-12-29 HTTP/1.1" 200 426
222.70.180.200 - - [29/Dec/2023:09:09:21 +0800] "GET /xingrg/kc/buy/cgsh_order_operate.html?command=get_materiel&rest_code=00111&code=00101008251&supplier_code=00100005&order_time=2023-12-29 HTTP/1.1" 200 408
120.253.135.82 - - [29/Dec/2023:09:09:23 +0800] "POST /xingrg/kc/pszx/mdps_order_operate.html HTTP/1.1" 200 37
114.83.219.137 - - [29/Dec/2023:09:09:25 +0800] "GET /xingrg/kc/buy/cgsh_order_operate.html?command=get_materiel&rest_code=00149&code=00101008296&supplier_code=00100008&order_time=2023-12-29 HTTP/1.1" 200 416
120.253.135.82 - - [29/Dec/2023:09:09:27 +0800] "POST /xingrg/kc/pszx/mdps_order_operate.html HTTP/1.1" 200 12
114.83.219.137 - - [29/Dec/2023:09:09:31 +0800] "POST /xingrg/kc/buy/cgsh_order_operate.html HTTP/1.1" 200 2065
222.70.180.200 - - [29/Dec/2023:09:09:32 +0800] "GET /xingrg/kc/buy/cgsh_order_operate.html?command=get_materiel&rest_code=00111&code=00101008108&supplier_code=00100005&order_time=2023-12-29 HTTP/1.1" 200 412
114.95.241.104 - - [29/Dec/2023:09:09:32 +0800] "GET /xingrg/all/function/internal_message.html?_=1703812173054&CODE_STATE=getMsg HTTP/1.1" 200 27
120.253.135.82 - - [29/Dec/2023:09:09:33 +0800] "GET /xingrg/kc/pszx/mdps_order_info.html?code=312023122600607 HTTP/1.1" 200 19636
120.253.135.82 - - [29/Dec/2023:09:09:33 +0800] "GET /xingrg/javascript/easyui/themes/default/validatebox.css HTTP/1.1" 404 1104
120.253.135.82 - - [29/Dec/2023:09:09:33 +0800] "POST /xingrg/kc/pszx/mdps_order_operate.html HTTP/1.1" 200 519
114.83.219.137 - - [29/Dec/2023:09:09:37 +0800] "GET /xingrg/kc/buy/cgsh_order_operate.html?command=get_materiel&rest_code=00149&code=00101008318&supplier_code=00100008&order_time=2023-12-29 HTTP/1.1" 200 408
120.253.135.82 - - [29/Dec/2023:09:09:40 +0800] "POST /xingrg/kc/pszx/mdps_list_operate.html HTTP/1.1" 200 2436
116.224.121.124 - - [29/Dec/2023:09:09:43 +0800] "GET /xingrg/all/function/internal_message.html?_=1703812185305&CODE_STATE=getMsg HTTP/1.1" 302 -
120.253.135.82 - - [29/Dec/2023:09:09:44 +0800] "POST /xingrg/kc/pszx/mdps_list_operate.html HTTP/1.1" 200 588
221.239.172.206 - - [29/Dec/2023:09:09:45 +0800] "GET /xingrg/all/function/internal_message.html?_=1703812184456&CODE_STATE=getMsg HTTP/1.1" 200 27
120.253.135.82 - - [29/Dec/2023:09:09:45 +0800] "GET /xingrg/kc/pszx/mdps_order_info.html?code=312023122800637 HTTP/1.1" 200 23978
120.253.135.82 - - [29/Dec/2023:09:09:46 +0800] "GET /xingrg/javascript/easyui/themes/default/validatebox.css HTTP/1.1" 404 1104
120.253.135.82 - - [29/Dec/2023:09:09:46 +0800] "POST /xingrg/kc/pszx/mdps_order_operate.html HTTP/1.1" 200 10178
101.80.231.29 - - [29/Dec/2023:09:09:46 +0800] "GET /xingrg/all/function/internal_message.html?_=1703812207952&CODE_STATE=getMsg HTTP/1.1" 200 27
114.95.241.104 - - [29/Dec/2023:09:09:47 +0800] "GET /xingrg/check_reg.html?_=1703812187613 HTTP/1.1" 200 22
114.95.241.104 - - [29/Dec/2023:09:09:47 +0800] "GET /xingrg/all/function/internal_message.html?_=1703812187664&CODE_STATE=getMsg HTTP/1.1" 200 27
116.232.193.168 - - [29/Dec/2023:09:09:48 +0800] "GET /xingrg/check_reg.html?_=1703812155987 HTTP/1.1" 200 22
101.83.145.37 - - [29/Dec/2023:09:09:48 +0800] "GET /xingrg/kc/buy/cgsh_order_operate.html?command=get_materiel&rest_code=00105&code=00101002027&supplier_code=00100151&order_time=2023-12-29 HTTP/1.1" 200 413
101.83.145.37 - - [29/Dec/2023:09:09:50 +0800] "GET /xingrg/check_reg.html?_=1703812191033 HTTP/1.1" 200 22
101.83.145.37 - - [29/Dec/2023:09:09:50 +0800] "GET /xingrg/all/function/internal_message.html?_=1703812191034&CODE_STATE=getMsg HTTP/1.1" 200 27
120.253.135.82 - - [29/Dec/2023:09:09:50 +0800] "POST /xingrg/kc/pszx/mdps_order_operate.html HTTP/1.1" 200 37
120.253.135.82 - - [29/Dec/2023:09:09:55 +0800] "POST /xingrg/kc/pszx/mdps_order_operate.html HTTP/1.1" 200 12
222.70.180.200 - - [29/Dec/2023:09:09:57 +0800] "POST /xingrg/kc/buy/cgsh_order_operate.html HTTP/1.1" 200 2065
114.83.219.137 - - [29/Dec/2023:09:09:58 +0800] "GET /xingrg/kc/buy/cgsh_order_operate.html?command=get_materiel&rest_code=00149&code=00101008098&supplier_code=00100008&order_time=2023-12-29 HTTP/1.1" 200 412
120.253.135.82 - - [29/Dec/2023:09:09:59 +0800] "GET /xingrg/kc/pszx/mdps_order_info.html?code=312023122800637 HTTP/1.1" 200 19638
120.253.135.82 - - [29/Dec/2023:09:10:00 +0800] "GET /xingrg/javascript/easyui/themes/default/validatebox.css HTTP/1.1" 404 1104
120.253.135.82 - - [29/Dec/2023:09:10:00 +0800] "POST /xingrg/kc/pszx/mdps_order_operate.html HTTP/1.1" 200 8338
120.253.135.82 - - [29/Dec/2023:09:10:01 +0800] "POST /xingrg/kc/pszx/mdps_list_operate.html HTTP/1.1" 200 2064
124.78.154.219 - - [29/Dec/2023:09:10:02 +0800] "GET /xingrg/all/function/internal_message.html?_=1703812202358&CODE_STATE=getMsg HTTP/1.1" 200 27
180.163.30.76 - - [29/Dec/2023:09:10:02 +0800] "GET /xingrg/all/function/internal_message.html?_=1703812142374&CODE_STATE=getMsg HTTP/1.1" 302 -
180.163.30.76 - - [29/Dec/2023:09:10:02 +0800] "GET /xingrg/login.html HTTP/1.1" 200 7641
116.230.112.47 - - [29/Dec/2023:09:10:03 +0800] "GET /xingrg/all/function/internal_message.html?_=1703812220823&CODE_STATE=getMsg HTTP/1.1" 200 27
101.83.145.37 - - [29/Dec/2023:09:10:04 +0800] "POST /xingrg/kc/buy/cgsh_order_operate.html HTTP/1.1" 200 37
120.253.135.82 - - [29/Dec/2023:09:10:05 +0800] "POST /xingrg/kc/pszx/mdps_list_operate.html HTTP/1.1" 200 645
116.232.193.168 - - [29/Dec/2023:09:10:05 +0800] "GET /xingrg/all/function/internal_message.html?_=1703812173467&CODE_STATE=getMsg HTTP/1.1" 200 27
120.253.135.82 - - [29/Dec/2023:09:10:08 +0800] "GET /xingrg/kc/pszx/mdps_order_info.html?code=312023122800639 HTTP/1.1" 200 23978
120.253.135.82 - - [29/Dec/2023:09:10:08 +0800] "GET /xingrg/javascript/easyui/themes/default/validatebox.css HTTP/1.1" 404 1104
120.253.135.82 - - [29/Dec/2023:09:10:09 +0800] "POST /xingrg/kc/pszx/mdps_order_operate.html HTTP/1.1" 200 5384
218.79.29.24 - - [29/Dec/2023:09:10:09 +0800] "GET /xingrg/all/function/internal_message.html?_=1703812211181&CODE_STATE=getMsg HTTP/1.1" 200 27
222.70.180.200 - - [29/Dec/2023:09:10:09 +0800] "GET /xingrg/kc/buy/cgsh_order_operate.html?command=get_materiel&rest_code=00111&code=00101008283&supplier_code=00100005&order_time=2023-12-29 HTTP/1.1" 200 408
101.83.145.37 - - [29/Dec/2023:09:10:11 +0800] "POST /xingrg/kc/buy/cgsh_order_operate.html HTTP/1.1" 200 7400
114.83.219.137 - - [29/Dec/2023:09:10:11 +0800] "GET /xingrg/kc/buy/cgsh_order_operate.html?command=get_materiel&rest_code=00149&code=00101008005&supplier_code=00100008&order_time=2023-12-29 HTTP/1.1" 200 412
222.70.180.200 - - [29/Dec/2023:09:10:11 +0800] "GET /xingrg/all/function/internal_message.html?_=1703812210500&CODE_STATE=getMsg HTTP/1.1" 200 27
114.83.219.137 - - [29/Dec/2023:09:10:11 +0800] "GET /xingrg/all/function/internal_message.html?_=1703812210386&CODE_STATE=getMsg HTTP/1.1" 200 27
120.253.135.82 - - [29/Dec/2023:09:10:14 +0800] "POST /xingrg/kc/pszx/mdps_order_operate.html HTTP/1.1" 200 37
120.253.135.82 - - [29/Dec/2023:09:10:18 +0800] "POST /xingrg/kc/pszx/mdps_order_operate.html HTTP/1.1" 200 12
101.83.145.37 - - [29/Dec/2023:09:10:22 +0800] "GET /xingrg/kc/print/load_data.html?order_code=212023122910787&kc_code=cgsh&condition= HTTP/1.1" 200 2448
114.83.219.137 - - [29/Dec/2023:09:10:24 +0800] "GET /xingrg/kc/buy/cgsh_order_operate.html?command=get_materiel&rest_code=00149&code=00101008353&supplier_code=00100008&order_time=2023-12-29 HTTP/1.1" 200 408
114.83.219.137 - - [29/Dec/2023:09:10:26 +0800] "POST /xingrg/kc/buy/cgsh_order_operate.html HTTP/1.1" 200 2065
120.253.135.82 - - [29/Dec/2023:09:10:27 +0800] "GET /xingrg/kc/pszx/mdps_order_info.html?code=312023122800639 HTTP/1.1" 200 19638
120.253.135.82 - - [29/Dec/2023:09:10:27 +0800] "GET /xingrg/javascript/easyui/themes/default/validatebox.css HTTP/1.1" 404 1104
120.253.135.82 - - [29/Dec/2023:09:10:28 +0800] "POST /xingrg/kc/pszx/mdps_order_operate.html HTTP/1.1" 200 3579
120.253.135.82 - - [29/Dec/2023:09:10:28 +0800] "POST /xingrg/kc/pszx/mdps_list_operate.html HTTP/1.1" 200 1692
120.253.135.82 - - [29/Dec/2023:09:10:30 +0800] "POST /xingrg/kc/pszx/mdps_list_operate.html HTTP/1.1" 200 590
120.253.135.82 - - [29/Dec/2023:09:10:31 +0800] "GET /xingrg/kc/pszx/mdps_order_info.html?code=312023122800638 HTTP/1.1" 200 23978
120.253.135.82 - - [29/Dec/2023:09:10:31 +0800] "GET /xingrg/javascript/easyui/themes/default/validatebox.css HTTP/1.1" 404 1104
120.253.135.82 - - [29/Dec/2023:09:10:32 +0800] "POST /xingrg/kc/pszx/mdps_order_operate.html HTTP/1.1" 200 7298
114.95.241.104 - - [29/Dec/2023:09:10:32 +0800] "GET /xingrg/all/function/internal_message.html?_=1703812233039&CODE_STATE=getMsg HTTP/1.1" 200 27
120.253.135.82 - - [29/Dec/2023:09:10:40 +0800] "POST /xingrg/kc/pszx/mdps_order_operate.html HTTP/1.1" 200 37
116.224.121.124 - - [29/Dec/2023:09:10:43 +0800] "GET /xingrg/all/function/internal_message.html?_=1703812245279&CODE_STATE=getMsg HTTP/1.1" 302 -
221.239.172.206 - - [29/Dec/2023:09:10:45 +0800] "GET /xingrg/all/function/internal_message.html?_=1703812244456&CODE_STATE=getMsg HTTP/1.1" 200 27
120.253.135.82 - - [29/Dec/2023:09:10:45 +0800] "POST /xingrg/kc/pszx/mdps_order_operate.html HTTP/1.1" 200 12
101.80.231.29 - - [29/Dec/2023:09:10:46 +0800] "GET /xingrg/all/function/internal_message.html?_=1703812267952&CODE_STATE=getMsg HTTP/1.1" 200 27
114.95.241.104 - - [29/Dec/2023:09:10:47 +0800] "GET /xingrg/all/function/internal_message.html?_=1703812247643&CODE_STATE=getMsg HTTP/1.1" 200 27
101.83.145.37 - - [29/Dec/2023:09:10:50 +0800] "GET /xingrg/all/function/internal_message.html?_=1703812251007&CODE_STATE=getMsg HTTP/1.1" 200 27
114.83.219.137 - - [29/Dec/2023:09:10:52 +0800] "GET /xingrg/kc/buy/cgsh_order_operate.html?command=get_materiel&rest_code=00149&code=00101008213&supplier_code=00100008&order_time=2023-12-29 HTTP/1.1" 200 412
124.78.154.219 - - [29/Dec/2023:09:11:02 +0800] "GET /xingrg/all/function/internal_message.html?_=1703812262345&CODE_STATE=getMsg HTTP/1.1" 200 27
180.163.28.180 - - [29/Dec/2023:09:11:02 +0800] "GET /xingrg/all/function/internal_message.html?_=1703812202358&CODE_STATE=getMsg HTTP/1.1" 302 -
180.163.28.180 - - [29/Dec/2023:09:11:02 +0800] "GET /xingrg/login.html HTTP/1.1" 200 7641
116.230.112.47 - - [29/Dec/2023:09:11:03 +0800] "GET /xingrg/all/function/internal_message.html?_=1703812280836&CODE_STATE=getMsg HTTP/1.1" 200 27
114.83.219.137 - - [29/Dec/2023:09:11:03 +0800] "GET /xingrg/kc/buy/cgsh_order_operate.html?command=get_materiel&rest_code=00149&code=00101008095&supplier_code=00100008&order_time=2023-12-29 HTTP/1.1" 200 412
116.232.193.168 - - [29/Dec/2023:09:11:05 +0800] "GET /xingrg/all/function/internal_message.html?_=1703812233453&CODE_STATE=getMsg HTTP/1.1" 200 27
218.79.29.24 - - [29/Dec/2023:09:11:09 +0800] "GET /xingrg/all/function/internal_message.html?_=1703812271155&CODE_STATE=getMsg HTTP/1.1" 200 27
222.70.180.200 - - [29/Dec/2023:09:11:11 +0800] "GET /xingrg/check_reg.html?_=1703812270318 HTTP/1.1" 200 22
222.70.180.200 - - [29/Dec/2023:09:11:11 +0800] "GET /xingrg/all/function/internal_message.html?_=1703812270508&CODE_STATE=getMsg HTTP/1.1" 200 27
120.253.135.82 - - [29/Dec/2023:09:11:11 +0800] "GET /xingrg/kc/pszx/mdps_order_info.html?code=312023122800638 HTTP/1.1" 200 19638
114.83.219.137 - - [29/Dec/2023:09:11:11 +0800] "GET /xingrg/all/function/internal_message.html?_=1703812270392&CODE_STATE=getMsg HTTP/1.1" 200 27
120.253.135.82 - - [29/Dec/2023:09:11:12 +0800] "GET /xingrg/javascript/easyui/themes/default/validatebox.css HTTP/1.1" 404 1104
120.253.135.82 - - [29/Dec/2023:09:11:12 +0800] "POST /xingrg/kc/pszx/mdps_order_operate.html HTTP/1.1" 200 5474
120.253.135.82 - - [29/Dec/2023:09:11:14 +0800] "POST /xingrg/kc/pszx/mdps_list_operate.html HTTP/1.1" 200 868
114.83.219.137 - - [29/Dec/2023:09:11:14 +0800] "GET /xingrg/kc/buy/cgsh_order_operate.html?command=get_materiel&rest_code=00149&code=00101015026&supplier_code=00100008&order_time=2023-12-29 HTTP/1.1" 200 412
120.253.135.82 - - [29/Dec/2023:09:11:16 +0800] "POST /xingrg/kc/pszx/mdps_list_operate.html HTTP/1.1" 200 868
120.253.135.82 - - [29/Dec/2023:09:11:16 +0800] "GET /xingrg/kc/pszx/mdqp_order_list.html?state=10 HTTP/1.1" 200 10319
120.253.135.82 - - [29/Dec/2023:09:11:16 +0800] "GET /xingrg/dwr/interface/AjaxQqpsService.js HTTP/1.1" 200 16326
120.253.135.82 - - [29/Dec/2023:09:11:16 +0800] "GET /xingrg/dwr/interface/AjaxReportQueryService.js HTTP/1.1" 200 13203
120.253.135.82 - - [29/Dec/2023:09:11:16 +0800] "GET /xingrg/dwr/engine.js HTTP/1.1" 200 43631
114.83.219.137 - - [29/Dec/2023:09:11:18 +0800] "POST /xingrg/kc/buy/cgsh_order_operate.html HTTP/1.1" 200 2065
114.83.219.137 - - [29/Dec/2023:09:11:25 +0800] "GET /xingrg/kc/buy/cgsh_order_operate.html?command=get_materiel&rest_code=00149&code=00101019236&supplier_code=00100008&order_time=2023-12-29 HTTP/1.1" 200 465
114.95.241.104 - - [29/Dec/2023:09:11:32 +0800] "GET /xingrg/all/function/internal_message.html?_=1703812293050&CODE_STATE=getMsg HTTP/1.1" 200 27
114.95.241.104 - - [29/Dec/2023:09:11:32 +0800] "GET /xingrg/check_reg.html?_=1703812293052 HTTP/1.1" 200 22
120.253.135.82 - - [29/Dec/2023:09:11:35 +0800] "GET /xingrg/kc/pszx/mdqp_order_list.html?state=10 HTTP/1.1" 200 10319
120.253.135.82 - - [29/Dec/2023:09:11:35 +0800] "GET /xingrg/dwr/interface/AjaxQqpsService.js HTTP/1.1" 200 16326
120.253.135.82 - - [29/Dec/2023:09:11:35 +0800] "GET /xingrg/dwr/interface/AjaxReportQueryService.js HTTP/1.1" 200 13203
120.253.135.82 - - [29/Dec/2023:09:11:35 +0800] "GET /xingrg/dwr/engine.js HTTP/1.1" 200 43631
114.83.219.137 - - [29/Dec/2023:09:11:38 +0800] "GET /xingrg/kc/buy/cgsh_order_operate.html?command=get_materiel&rest_code=00149&code=00101009079&supplier_code=00100008&order_time=2023-12-29 HTTP/1.1" 200 409
116.224.121.124 - - [29/Dec/2023:09:11:43 +0800] "GET /xingrg/all/function/internal_message.html?_=1703812305250&CODE_STATE=getMsg HTTP/1.1" 302 -
116.224.121.124 - - [29/Dec/2023:09:11:44 +0800] "GET /xingrg/check_reg.html?_=1703812305544 HTTP/1.1" 302 -
221.239.172.206 - - [29/Dec/2023:09:11:45 +0800] "GET /xingrg/all/function/internal_message.html?_=1703812304455&CODE_STATE=getMsg HTTP/1.1" 200 27
222.70.180.200 - - [29/Dec/2023:09:11:45 +0800] "GET /xingrg/kc/buy/cgsh_order_operate.html?command=get_materiel&rest_code=00111&code=00101008005&supplier_code=00100005&order_time=2023-12-29 HTTP/1.1" 200 412
101.80.231.29 - - [29/Dec/2023:09:11:46 +0800] "GET /xingrg/all/function/internal_message.html?_=1703812327952&CODE_STATE=getMsg HTTP/1.1" 200 27
114.95.241.104 - - [29/Dec/2023:09:11:47 +0800] "GET /xingrg/all/function/internal_message.html?_=1703812307633&CODE_STATE=getMsg HTTP/1.1" 200 27
101.83.145.37 - - [29/Dec/2023:09:11:50 +0800] "GET /xingrg/all/function/internal_message.html?_=1703812310989&CODE_STATE=getMsg HTTP/1.1" 200 27
114.83.219.137 - - [29/Dec/2023:09:11:51 +0800] "GET /xingrg/kc/buy/cgsh_order_operate.html?command=get_materiel&rest_code=00149&code=00101008167&supplier_code=00100008&order_time=2023-12-29 HTTP/1.1" 200 412
120.253.135.82 - - [29/Dec/2023:09:11:57 +0800] "GET /xingrg/kc/pszx/mdqp_order_list.html?state=10 HTTP/1.1" 200 10319
120.253.135.82 - - [29/Dec/2023:09:11:57 +0800] "GET /xingrg/dwr/interface/AjaxQqpsService.js HTTP/1.1" 200 16326
120.253.135.82 - - [29/Dec/2023:09:11:57 +0800] "GET /xingrg/dwr/engine.js HTTP/1.1" 200 43631
120.253.135.82 - - [29/Dec/2023:09:11:57 +0800] "GET /xingrg/dwr/interface/AjaxReportQueryService.js HTTP/1.1" 200 13203
114.83.219.137 - - [29/Dec/2023:09:12:01 +0800] "GET /xingrg/kc/buy/cgsh_order_operate.html?command=get_materiel&rest_code=00149&code=00101008150&supplier_code=00100008&order_time=2023-12-29 HTTP/1.1" 200 409
120.253.135.82 - - [29/Dec/2023:09:12:02 +0800] "GET /xingrg/kc/pszx/mdqp_order_list.html?state=10 HTTP/1.1" 200 10319
120.253.135.82 - - [29/Dec/2023:09:12:02 +0800] "GET /xingrg/dwr/interface/AjaxReportQueryService.js HTTP/1.1" 200 13203
120.253.135.82 - - [29/Dec/2023:09:12:02 +0800] "GET /xingrg/dwr/interface/AjaxQqpsService.js HTTP/1.1" 200 16326
120.253.135.82 - - [29/Dec/2023:09:12:02 +0800] "GET /xingrg/dwr/engine.js HTTP/1.1" 200 43631
124.78.154.219 - - [29/Dec/2023:09:12:02 +0800] "GET /xingrg/all/function/internal_message.html?_=1703812322315&CODE_STATE=getMsg HTTP/1.1" 200 27
180.163.28.55 - - [29/Dec/2023:09:12:02 +0800] "GET /xingrg/all/function/internal_message.html?_=1703812262345&CODE_STATE=getMsg HTTP/1.1" 302 -
180.163.28.55 - - [29/Dec/2023:09:12:02 +0800] "GET /xingrg/login.html HTTP/1.1" 200 7641
116.230.112.47 - - [29/Dec/2023:09:12:03 +0800] "GET /xingrg/all/function/internal_message.html?_=1703812341037&CODE_STATE=getMsg HTTP/1.1" 200 27
116.232.193.168 - - [29/Dec/2023:09:12:05 +0800] "GET /xingrg/all/function/internal_message.html?_=1703812293440&CODE_STATE=getMsg HTTP/1.1" 200 27
222.70.180.200 - - [29/Dec/2023:09:12:07 +0800] "GET /xingrg/kc/buy/cgsh_order_operate.html?command=get_materiel&rest_code=00111&code=00101008114&supplier_code=00100005&order_time=2023-12-29 HTTP/1.1" 200 412
218.79.29.24 - - [29/Dec/2023:09:12:09 +0800] "GET /xingrg/all/function/internal_message.html?_=1703812331124&CODE_STATE=getMsg HTTP/1.1" 200 27
114.83.219.137 - - [29/Dec/2023:09:12:11 +0800] "GET /xingrg/kc/buy/cgsh_order_operate.html?command=get_materiel&rest_code=00149&code=00101009113&supplier_code=00100008&order_time=2023-12-29 HTTP/1.1" 200 413
222.70.180.200 - - [29/Dec/2023:09:12:11 +0800] "GET /xingrg/all/function/internal_message.html?_=1703812330480&CODE_STATE=getMsg HTTP/1.1" 200 27
114.83.219.137 - - [29/Dec/2023:09:12:11 +0800] "GET /xingrg/all/function/internal_message.html?_=1703812330476&CODE_STATE=getMsg HTTP/1.1" 200 27
114.83.219.137 - - [29/Dec/2023:09:12:14 +0800] "POST /xingrg/kc/buy/cgsh_order_operate.html HTTP/1.1" 200 2065
120.253.135.82 - - [29/Dec/2023:09:12:15 +0800] "GET /xingrg/check_reg.html?_=1703812152091 HTTP/1.1" 200 22
114.83.219.137 - - [29/Dec/2023:09:12:21 +0800] "GET /xingrg/kc/buy/cgsh_order_operate.html?command=get_materiel&rest_code=00149&code=00101008060&supplier_code=00100008&order_time=2023-12-29 HTTP/1.1" 200 416
222.70.180.200 - - [29/Dec/2023:09:12:27 +0800] "POST /xingrg/kc/buy/cgsh_order_operate.html HTTP/1.1" 200 2065
218.79.29.24 - - [29/Dec/2023:09:12:30 +0800] "GET /xingrg/check_reg.html?_=1703812352377 HTTP/1.1" 200 22
114.95.241.104 - - [29/Dec/2023:09:12:32 +0800] "GET /xingrg/all/function/internal_message.html?_=1703812353050&CODE_STATE=getMsg HTTP/1.1" 200 27
222.70.180.200 - - [29/Dec/2023:09:12:35 +0800] "GET /xingrg/kc/buy/cgsh_order_operate.html?command=get_materiel&rest_code=00111&code=00101008060&supplier_code=00100005&order_time=2023-12-29 HTTP/1.1" 200 416
114.83.219.137 - - [29/Dec/2023:09:12:42 +0800] "GET /xingrg/kc/buy/cgsh_order_operate.html?command=get_materiel&rest_code=00149&code=00101008498&supplier_code=00100008&order_time=2023-12-29 HTTP/1.1" 200 424
116.224.121.124 - - [29/Dec/2023:09:12:43 +0800] "GET /xingrg/all/function/internal_message.html?_=1703812365239&CODE_STATE=getMsg HTTP/1.1" 302 -
180.164.1.25 - - [29/Dec/2023:09:12:44 +0800] "GET /favicon.ico HTTP/1.1" 404 -
221.239.172.206 - - [29/Dec/2023:09:12:45 +0800] "GET /xingrg/all/function/internal_message.html?_=1703812364455&CODE_STATE=getMsg HTTP/1.1" 200 27
101.80.231.29 - - [29/Dec/2023:09:12:46 +0800] "GET /xingrg/all/function/internal_message.html?_=1703812387952&CODE_STATE=getMsg HTTP/1.1" 200 27
101.83.145.37 - - [29/Dec/2023:09:12:50 +0800] "GET /xingrg/all/function/internal_message.html?_=1703812370961&CODE_STATE=getMsg HTTP/1.1" 200 27
222.70.180.200 - - [29/Dec/2023:09:12:51 +0800] "GET /xingrg/kc/buy/cgsh_order_operate.html?command=get_materiel&rest_code=00111&code=00101008766&supplier_code=00100005&order_time=2023-12-29 HTTP/1.1" 200 405
58.40.7.146 - - [29/Dec/2023:09:12:56 +0800] "GET /xingrg/check_reg.html?_=1703812376682 HTTP/1.1" 200 22
114.83.219.137 - - [29/Dec/2023:09:12:59 +0800] "POST /xingrg/kc/buy/cgsh_order_operate.html HTTP/1.1" 200 37
124.78.154.219 - - [29/Dec/2023:09:13:00 +0800] "GET /xingrg/check_reg.html?_=1703812380768 HTTP/1.1" 200 22
101.83.145.37 - - [29/Dec/2023:09:13:01 +0800] "GET /xingrg/kc/buy/cgsh_order_add.html HTTP/1.1" 200 72913
101.83.145.37 - - [29/Dec/2023:09:13:01 +0800] "POST /xingrg/kc/buy/cgsh_order_operate.html HTTP/1.1" 200 8245
222.70.180.200 - - [29/Dec/2023:09:13:01 +0800] "GET /xingrg/kc/buy/cgsh_order_operate.html?command=get_materiel&rest_code=00111&code=00101008350&supplier_code=00100005&order_time=2023-12-29 HTTP/1.1" 200 408
101.83.145.37 - - [29/Dec/2023:09:13:01 +0800] "GET /xingrg/javascript/easyui/themes/default/validatebox.css HTTP/1.1" 404 1104
180.163.29.212 - - [29/Dec/2023:09:13:02 +0800] "GET /xingrg/all/function/internal_message.html?_=1703812322315&CODE_STATE=getMsg HTTP/1.1" 302 -
180.163.29.212 - - [29/Dec/2023:09:13:02 +0800] "GET /xingrg/login.html HTTP/1.1" 200 7641
124.78.154.219 - - [29/Dec/2023:09:13:02 +0800] "GET /xingrg/all/function/internal_message.html?_=1703812382287&CODE_STATE=getMsg HTTP/1.1" 200 27
116.230.112.47 - - [29/Dec/2023:09:13:03 +0800] "GET /xingrg/all/function/internal_message.html?_=1703812401053&CODE_STATE=getMsg HTTP/1.1" 200 27
124.78.154.219 - - [29/Dec/2023:09:13:04 +0800] "GET /xingrg/kc/buy/cgsh_order_add.html HTTP/1.1" 200 72831
116.232.193.168 - - [29/Dec/2023:09:13:05 +0800] "GET /xingrg/all/function/internal_message.html?_=1703812353419&CODE_STATE=getMsg HTTP/1.1" 200 27
124.78.154.219 - - [29/Dec/2023:09:13:08 +0800] "GET /xingrg/javascript/easyui/themes/default/validatebox.css HTTP/1.1" 404 1104
124.78.154.219 - - [29/Dec/2023:09:13:09 +0800] "POST /xingrg/kc/buy/cgsh_order_operate.html HTTP/1.1" 200 8245
218.79.29.24 - - [29/Dec/2023:09:13:09 +0800] "GET /xingrg/all/function/internal_message.html?_=1703812391099&CODE_STATE=getMsg HTTP/1.1" 200 27
222.70.180.200 - - [29/Dec/2023:09:13:11 +0800] "GET /xingrg/all/function/internal_message.html?_=1703812390462&CODE_STATE=getMsg HTTP/1.1" 200 27
114.83.219.137 - - [29/Dec/2023:09:13:11 +0800] "POST /xingrg/kc/buy/cgsh_order_operate.html HTTP/1.1" 200 12
101.83.145.37 - - [29/Dec/2023:09:13:12 +0800] "GET /xingrg/kc/buy/cgsh_order_operate.html?command=get_materiel&rest_code=00105&code=00101008161&supplier_code=00100151&order_time=2023-12-29 HTTP/1.1" 200 409
114.83.219.137 - - [29/Dec/2023:09:13:14 +0800] "GET /xingrg/all/function/internal_message.html?_=1703812392558&CODE_STATE=getMsg HTTP/1.1" 200 27
114.83.219.137 - - [29/Dec/2023:09:13:15 +0800] "GET /xingrg/kc/buy/cgsh_order_info.html?code=212023122910784 HTTP/1.1" 200 67828
222.69.132.22 - - [29/Dec/2023:09:13:15 +0800] "GET /xingrg/login.html HTTP/1.1" 200 7641
114.83.219.137 - - [29/Dec/2023:09:13:15 +0800] "GET /xingrg/javascript/easyui/themes/default/validatebox.css HTTP/1.1" 404 1104
222.69.132.22 - - [29/Dec/2023:09:13:16 +0800] "GET /favicon.ico HTTP/1.1" 404 -
114.83.219.137 - - [29/Dec/2023:09:13:16 +0800] "POST /xingrg/kc/buy/cgsh_order_operate.html HTTP/1.1" 200 39066
222.69.132.22 - - [29/Dec/2023:09:13:18 +0800] "POST /xingrg/login.do HTTP/1.1" 302 -
222.69.132.22 - - [29/Dec/2023:09:13:19 +0800] "GET /xingrg/index.html?sysBaseUrl=http%3A%2F%2F180.169.147.146%3A18081%2Fxingrg%2F&costTime=1044×tamp=1703812398907 HTTP/1.1" 200 17179
116.232.193.168 - - [29/Dec/2023:09:13:19 +0800] "POST /xingrg/kc/buy/cgsh_list_operate.html HTTP/1.1" 200 986
222.69.132.22 - - [29/Dec/2023:09:13:19 +0800] "GET /favicon.ico HTTP/1.1" 404 -
114.83.219.137 - - [29/Dec/2023:09:13:19 +0800] "GET /xingrg/kc/print/load_config.html?kc_code=cgsh HTTP/1.1" 200 1927
222.69.132.22 - - [29/Dec/2023:09:13:19 +0800] "GET /xingrg/check_reg.html?_=1703812399653 HTTP/1.1" 200 22
222.69.132.22 - - [29/Dec/2023:09:13:19 +0800] "GET /xingrg/all/function/internal_message.html?_=1703812399651&CODE_STATE=count HTTP/1.1" 200 11
222.69.132.22 - - [29/Dec/2023:09:13:19 +0800] "POST /xingrg/load_menu.html HTTP/1.1" 200 5138
222.69.132.22 - - [29/Dec/2023:09:13:19 +0800] "POST /xingrg/all/common/load_tree.html?tree=area_rest_tree_json&manage=1 HTTP/1.1" 200 351
114.83.219.137 - - [29/Dec/2023:09:13:20 +0800] "GET /xingrg/kc/print/load_data.html?order_code=212023122910784&kc_code=cgsh&condition= HTTP/1.1" 200 15255
222.70.180.200 - - [29/Dec/2023:09:13:20 +0800] "GET /xingrg/kc/buy/cgsh_order_operate.html?command=get_materiel&rest_code=00111&code=00101008150&supplier_code=00100005&order_time=2023-12-29 HTTP/1.1" 200 409
116.232.193.168 - - [29/Dec/2023:09:13:21 +0800] "GET /xingrg/kc/buy/cgsh_order_add.html HTTP/1.1" 200 72878
116.232.193.168 - - [29/Dec/2023:09:13:21 +0800] "POST /xingrg/kc/buy/cgsh_order_operate.html HTTP/1.1" 200 8245
116.232.193.168 - - [29/Dec/2023:09:13:21 +0800] "GET /xingrg/javascript/easyui/themes/default/validatebox.css HTTP/1.1" 404 1104
116.232.193.168 - - [29/Dec/2023:09:13:22 +0800] "GET /xingrg/javascript/auto/indicator.gif HTTP/1.1" 404 1066
222.70.180.200 - - [29/Dec/2023:09:13:25 +0800] "GET /xingrg/kc/buy/cgsh_order_operate.html?command=get_materiel&rest_code=00111&code=00101016113&supplier_code=00100005&order_time=2023-12-29 HTTP/1.1" 200 403
222.67.232.215 - - [29/Dec/2023:09:13:28 +0800] "GET /xingrg/check_reg.html?_=1703812408660 HTTP/1.1" 200 22
114.95.241.104 - - [29/Dec/2023:09:13:32 +0800] "GET /xingrg/all/function/internal_message.html?_=1703812413047&CODE_STATE=getMsg HTTP/1.1" 200 27
116.224.121.124 - - [29/Dec/2023:09:13:43 +0800] "GET /xingrg/all/function/internal_message.html?_=1703812425218&CODE_STATE=getMsg HTTP/1.1" 302 -
221.239.172.206 - - [29/Dec/2023:09:13:45 +0800] "GET /xingrg/check_reg.html?_=1703812424460 HTTP/1.1" 200 22
221.239.172.206 - - [29/Dec/2023:09:13:45 +0800] "GET /xingrg/all/function/internal_message.html?_=1703812424461&CODE_STATE=getMsg HTTP/1.1" 200 27
101.80.231.29 - - [29/Dec/2023:09:13:46 +0800] "GET /xingrg/check_reg.html?_=1703812447950 HTTP/1.1" 200 22
101.80.231.29 - - [29/Dec/2023:09:13:46 +0800] "GET /xingrg/all/function/internal_message.html?_=1703812447953&CODE_STATE=getMsg HTTP/1.1" 200 27
114.83.219.137 - - [29/Dec/2023:09:13:47 +0800] "GET /xingrg/kc/buy/cgsh_order_add.html HTTP/1.1" 200 72919
114.83.219.137 - - [29/Dec/2023:09:13:48 +0800] "POST /xingrg/kc/buy/cgsh_order_operate.html HTTP/1.1" 200 8245
114.83.219.137 - - [29/Dec/2023:09:13:48 +0800] "GET /xingrg/javascript/easyui/themes/default/validatebox.css HTTP/1.1" 404 1104
101.83.145.37 - - [29/Dec/2023:09:13:50 +0800] "GET /xingrg/all/function/internal_message.html?_=1703812430940&CODE_STATE=getMsg HTTP/1.1" 200 27
124.78.154.219 - - [29/Dec/2023:09:13:51 +0800] "GET /xingrg/javascript/easyui/themes/default/tree.css HTTP/1.1" 404 1090
124.78.154.219 - - [29/Dec/2023:09:13:52 +0800] "POST /xingrg/all/common/load_tree.html?tree=supplier_tree_json&isDelete=1 HTTP/1.1" 200 77040
222.70.180.200 - - [29/Dec/2023:09:13:53 +0800] "POST /xingrg/kc/buy/cgsh_order_operate.html HTTP/1.1" 200 37
116.230.112.47 - - [29/Dec/2023:09:14:00 +0800] "GET /xingrg/check_reg.html?_=1703812458081 HTTP/1.1" 200 22
180.163.29.206 - - [29/Dec/2023:09:14:00 +0800] "GET /xingrg/check_reg.html?_=1703812380768 HTTP/1.1" 302 -
180.163.29.206 - - [29/Dec/2023:09:14:00 +0800] "GET /xingrg/login.html HTTP/1.1" 200 7641
180.169.147.146 - - [29/Dec/2023:09:14:01 +0800] "GET /xingrg/check_reg.html?_=1703812441055 HTTP/1.1" 302 -
124.78.154.219 - - [29/Dec/2023:09:14:02 +0800] "GET /xingrg/all/function/internal_message.html?_=1703812442327&CODE_STATE=getMsg HTTP/1.1" 200 27
116.230.112.47 - - [29/Dec/2023:09:14:03 +0800] "GET /xingrg/all/function/internal_message.html?_=1703812461065&CODE_STATE=getMsg HTTP/1.1" 200 27
222.70.180.200 - - [29/Dec/2023:09:14:04 +0800] "POST /xingrg/kc/buy/cgsh_order_operate.html HTTP/1.1" 200 12
116.232.193.168 - - [29/Dec/2023:09:14:05 +0800] "GET /xingrg/all/function/internal_message.html?_=1703812413416&CODE_STATE=getMsg HTTP/1.1" 200 27
222.70.180.200 - - [29/Dec/2023:09:14:06 +0800] "GET /xingrg/kc/buy/cgsh_order_info.html?code=212023122910788 HTTP/1.1" 200 67696
116.232.193.168 - - [29/Dec/2023:09:14:07 +0800] "GET /xingrg/javascript/jquery_tools/images/prev.gif HTTP/1.1" 404 1086
116.232.193.168 - - [29/Dec/2023:09:14:07 +0800] "GET /xingrg/javascript/jquery_tools/images/next.gif HTTP/1.1" 404 1086
222.70.180.200 - - [29/Dec/2023:09:14:07 +0800] "GET /xingrg/javascript/easyui/themes/default/validatebox.css HTTP/1.1" 404 1104
222.70.180.200 - - [29/Dec/2023:09:14:08 +0800] "POST /xingrg/kc/buy/cgsh_order_operate.html HTTP/1.1" 200 24810
218.79.29.24 - - [29/Dec/2023:09:14:09 +0800] "GET /xingrg/all/function/internal_message.html?_=1703812451070&CODE_STATE=getMsg HTTP/1.1" 200 27
222.70.180.200 - - [29/Dec/2023:09:14:11 +0800] "GET /xingrg/all/function/internal_message.html?_=1703812450452&CODE_STATE=getMsg HTTP/1.1" 200 27
114.83.219.137 - - [29/Dec/2023:09:14:11 +0800] "GET /xingrg/check_reg.html?_=1703812450405 HTTP/1.1" 200 22
114.83.219.137 - - [29/Dec/2023:09:14:14 +0800] "GET /xingrg/all/function/internal_message.html?_=1703812452554&CODE_STATE=getMsg HTTP/1.1" 200 27
101.83.145.37 - - [29/Dec/2023:09:14:16 +0800] "GET /xingrg/kc/buy/cgsh_order_operate.html?command=get_materiel&rest_code=00105&code=00101019512&supplier_code=00100151&order_time=2023-12-29 HTTP/1.1" 200 417
222.69.132.22 - - [29/Dec/2023:09:14:19 +0800] "GET /xingrg/all/function/internal_message.html?_=1703812459683&CODE_STATE=getMsg HTTP/1.1" 200 27
116.232.193.168 - - [29/Dec/2023:09:14:20 +0800] "GET /xingrg/kc/buy/cgsh_order_operate.html?command=get_materiel&rest_code=00155&code=00101008358&supplier_code=00100005&order_time=2023-12-29 HTTP/1.1" 200 412
222.70.180.200 - - [29/Dec/2023:09:14:29 +0800] "GET /xingrg/kc/print/load_data.html?order_code=212023122910788&kc_code=cgsh&condition= HTTP/1.1" 200 9871
114.95.241.104 - - [29/Dec/2023:09:14:32 +0800] "GET /xingrg/all/function/internal_message.html?_=1703812473033&CODE_STATE=getMsg HTTP/1.1" 200 27
124.78.154.219 - - [29/Dec/2023:09:14:34 +0800] "GET /xingrg/kc/buy/cgsh_order_operate.html?command=get_materiel&rest_code=00106&code=00101016017&supplier_code=00100096&order_time=2023-12-29 HTTP/1.1" 200 408
222.70.180.200 - - [29/Dec/2023:09:14:34 +0800] "GET /xingrg/kc/buy/cgsh_order_add.html HTTP/1.1" 200 72787
222.70.180.200 - - [29/Dec/2023:09:14:35 +0800] "POST /xingrg/kc/buy/cgsh_order_operate.html HTTP/1.1" 200 8245
222.70.180.200 - - [29/Dec/2023:09:14:35 +0800] "GET /xingrg/javascript/easyui/themes/default/validatebox.css HTTP/1.1" 404 1104
116.224.121.124 - - [29/Dec/2023:09:14:43 +0800] "GET /xingrg/all/function/internal_message.html?_=1703812485201&CODE_STATE=getMsg HTTP/1.1" 302 -
116.232.193.168 - - [29/Dec/2023:09:14:43 +0800] "GET /xingrg/kc/buy/cgsh_order_operate.html?command=get_materiel&rest_code=00155&code=00101008321&supplier_code=00100005&order_time=2023-12-29 HTTP/1.1" 200 412
221.239.172.206 - - [29/Dec/2023:09:14:45 +0800] "GET /xingrg/all/function/internal_message.html?_=1703812484466&CODE_STATE=getMsg HTTP/1.1" 200 27
124.78.154.219 - - [29/Dec/2023:09:14:45 +0800] "GET /xingrg/kc/buy/cgsh_order_operate.html?command=get_materiel&rest_code=00106&code=00101016030&supplier_code=00100096&order_time=2023-12-29 HTTP/1.1" 200 412
101.80.231.29 - - [29/Dec/2023:09:14:46 +0800] "GET /xingrg/all/function/internal_message.html?_=1703812507978&CODE_STATE=getMsg HTTP/1.1" 200 27
116.232.193.168 - - [29/Dec/2023:09:14:48 +0800] "GET /xingrg/check_reg.html?_=1703812455999 HTTP/1.1" 200 22
101.83.145.37 - - [29/Dec/2023:09:14:50 +0800] "GET /xingrg/all/function/internal_message.html?_=1703812490919&CODE_STATE=getMsg HTTP/1.1" 200 27
101.83.145.37 - - [29/Dec/2023:09:14:50 +0800] "GET /xingrg/check_reg.html?_=1703812491012 HTTP/1.1" 200 22
222.70.180.200 - - [29/Dec/2023:09:14:51 +0800] "GET /xingrg/kc/buy/cgsh_order_operate.html?command=get_materiel&rest_code=00111&code=00101007109&supplier_code=00100037&order_time=2023-12-29 HTTP/1.1" 200 408
